92.205.31.137 - - [21/Jan/2024:20:43:59 +0100] "GET /login.php HTTP/1.0" 200 26511 "http://www.reflexpro.fr/login.php" "Mozilla/5.0 (Windows NT 10.0; Win64; x64) AppleWebKit/537.36 (KHTML, like Gecko) Chrome/103.0.5060.66 Safari/537.36"
92.205.31.137 - - [21/Jan/2024:20:44:01 +0100] "GET /blog/new-page.php HTTP/1.0" 404 1306 "http://www.reflexpro.fr/blog/new-page.php" "Mozilla/5.0 (Windows NT 10.0; Win64; x64) AppleWebKit/537.36 (KHTML, like Gecko) Chrome/103.0.5060.66 Safari/537.36"
92.205.31.137 - - [21/Jan/2024:20:44:02 +0100] "GET /new-page.php HTTP/1.0" 404 1306 "http://www.reflexpro.fr/new-page.php" "Mozilla/5.0 (Windows NT 10.0; Win64; x64) AppleWebKit/537.36 (KHTML, like Gecko) Chrome/103.0.5060.66 Safari/537.36"
92.205.31.137 - - [21/Jan/2024:20:44:03 +0100] "GET /blog/new-page/nouvelle-page.php HTTP/1.0" 404 1306 "http://www.reflexpro.fr/blog/new-page/nouvelle-page.php" "Mozilla/5.0 (Windows NT 10.0; Win64; x64) AppleWebKit/537.36 (KHTML, like Gecko) Chrome/103.0.5060.66 Safari/537.36"
185.244.192.175 - - [21/Jan/2024:20:44:06 +0100] "GET /new-page/nouvelle-page.php HTTP/1.0" 404 1306 "http://www.reflexpro.fr/new-page/nouvelle-page.php" "Mozilla/5.0 (Windows NT 10.0; Win64; x64) AppleWebKit/537.36 (KHTML, like Gecko) Chrome/103.0.5060.66 Safari/537.36"
185.244.192.175 - - [21/Jan/2024:20:44:08 +0100] "GET /blog/new-page/nouvelle-page-2.php HTTP/1.0" 404 1306 "http://www.reflexpro.fr/blog/new-page/nouvelle-page-2.php" "Mozilla/5.0 (Windows NT 10.0; Win64; x64) AppleWebKit/537.36 (KHTML, like Gecko) Chrome/103.0.5060.66 Safari/537.36"
185.244.192.175 - - [21/Jan/2024:20:44:10 +0100] "GET /new-page/nouvelle-page-2.php HTTP/1.0" 404 1306 "http://www.reflexpro.fr/new-page/nouvelle-page-2.php" "Mozilla/5.0 (Windows NT 10.0; Win64; x64) AppleWebKit/537.36 (KHTML, like Gecko) Chrome/103.0.5060.66 Safari/537.36"
185.244.192.175 - - [21/Jan/2024:20:44:11 +0100] "GET /blog/new-page/nouvelle-page-3.php HTTP/1.0" 404 1306 "http://www.reflexpro.fr/blog/new-page/nouvelle-page-3.php" "Mozilla/5.0 (Windows NT 10.0; Win64; x64) AppleWebKit/537.36 (KHTML, like Gecko) Chrome/103.0.5060.66 Safari/537.36"
185.244.192.175 - - [21/Jan/2024:20:44:13 +0100] "GET /new-page/nouvelle-page-3.php HTTP/1.0" 404 1306 "http://www.reflexpro.fr/new-page/nouvelle-page-3.php" "Mozilla/5.0 (Windows NT 10.0; Win64; x64) AppleWebKit/537.36 (KHTML, like Gecko) Chrome/103.0.5060.66 Safari/537.36"
185.244.192.175 - - [21/Jan/2024:20:44:14 +0100] "GET /blog/new-page-2.php HTTP/1.0" 404 1306 "http://www.reflexpro.fr/blog/new-page-2.php" "Mozilla/5.0 (Windows NT 10.0; Win64; x64) AppleWebKit/537.36 (KHTML, like Gecko) Chrome/103.0.5060.66 Safari/537.36"
185.244.192.175 - - [21/Jan/2024:20:44:15 +0100] "GET /new-page-2.php HTTP/1.0" 404 1306 "http://www.reflexpro.fr/new-page-2.php" "Mozilla/5.0 (Windows NT 10.0; Win64; x64) AppleWebKit/537.36 (KHTML, like Gecko) Chrome/103.0.5060.66 Safari/537.36"
185.244.192.175 - - [21/Jan/2024:20:44:16 +0100] "GET /blog/new-page-2/nouvelle-page.php HTTP/1.0" 404 1306 "http://www.reflexpro.fr/blog/new-page-2/nouvelle-page.php" "Mozilla/5.0 (Windows NT 10.0; Win64; x64) AppleWebKit/537.36 (KHTML, like Gecko) Chrome/103.0.5060.66 Safari/537.36"
185.220.100.247 - - [21/Jan/2024:20:44:19 +0100] "GET /new-page-2/nouvelle-page.php HTTP/1.0" 404 1306 "http://www.reflexpro.fr/new-page-2/nouvelle-page.php" "Mozilla/5.0 (Windows NT 10.0; Win64; x64) AppleWebKit/537.36 (KHTML, like Gecko) Chrome/103.0.5060.66 Safari/537.36"
185.220.100.247 - - [21/Jan/2024:20:44:19 +0100] "GET /blog/new-page-2/nouvelle-page-2.php HTTP/1.0" 404 1306 "http://www.reflexpro.fr/blog/new-page-2/nouvelle-page-2.php" "Mozilla/5.0 (Windows NT 10.0; Win64; x64) AppleWebKit/537.36 (KHTML, like Gecko) Chrome/103.0.5060.66 Safari/537.36"
185.220.100.247 - - [21/Jan/2024:20:44:21 +0100] "GET /new-page-2/nouvelle-page-2.php HTTP/1.0" 404 1306 "http://www.reflexpro.fr/new-page-2/nouvelle-page-2.php" "Mozilla/5.0 (Windows NT 10.0; Win64; x64) AppleWebKit/537.36 (KHTML, like Gecko) Chrome/103.0.5060.66 Safari/537.36"
185.220.100.247 - - [21/Jan/2024:20:44:22 +0100] "GET /blog/new-page-2/nouvelle-page-3.php HTTP/1.0" 404 1306 "http://www.reflexpro.fr/blog/new-page-2/nouvelle-page-3.php" "Mozilla/5.0 (Windows NT 10.0; Win64; x64) AppleWebKit/537.36 (KHTML, like Gecko) Chrome/103.0.5060.66 Safari/537.36"
185.220.100.247 - - [21/Jan/2024:20:44:23 +0100] "GET /new-page-2/nouvelle-page-3.php HTTP/1.0" 404 1306 "http://www.reflexpro.fr/new-page-2/nouvelle-page-3.php" "Mozilla/5.0 (Windows NT 10.0; Win64; x64) AppleWebKit/537.36 (KHTML, like Gecko) Chrome/103.0.5060.66 Safari/537.36"
69.162.124.230 - - [21/Jan/2024:20:45:08 +0100] "HEAD / HTTP/1.0" 200 383 "http://www.reflexpro.fr" "Mozilla/5.0+(compatible; UptimeRobot/2.0; http://www.uptimerobot.com/)"
69.63.189.7 - - [21/Jan/2024:20:48:07 +0100] "GET /%20images/i7.jpg HTTP/1.0" 404 1306 "-" "facebookexternalhit/1.1 (+http://www.facebook.com/externalhit_uatext.php)"
69.162.124.230 - - [21/Jan/2024:20:50:08 +0100] "HEAD / HTTP/1.0" 200 383 "http://www.reflexpro.fr" "Mozilla/5.0+(compatible; UptimeRobot/2.0; http://www.uptimerobot.com/)"
92.184.102.108 - - [21/Jan/2024:20:50:55 +0100] "GET /nikon-wu-1a-p-1665.html HTTP/1.0" 200 31293 "-" "Mozilla/5.0 (iPhone; CPU iPhone OS 17_2_1 like Mac OS X) AppleWebKit/605.1.15 (KHTML, like Gecko) Version/17.2 Mobile/15E148 Safari/604.1"
92.184.102.108 - - [21/Jan/2024:20:50:55 +0100] "GET /style.css HTTP/1.0" 200 242 "http://www.reflexpro.fr/nikon-wu-1a-p-1665.html" "Mozilla/5.0 (iPhone; CPU iPhone OS 17_2_1 like Mac OS X) AppleWebKit/605.1.15 (KHTML, like Gecko) Version/17.2 Mobile/15E148 Safari/604.1"
92.184.102.108 - - [21/Jan/2024:20:50:55 +0100] "GET /cookieconsentbar/cookieconsentbar.js HTTP/1.0" 200 276 "http://www.reflexpro.fr/nikon-wu-1a-p-1665.html" "Mozilla/5.0 (iPhone; CPU iPhone OS 17_2_1 like Mac OS X) AppleWebKit/605.1.15 (KHTML, like Gecko) Version/17.2 Mobile/15E148 Safari/604.1"
92.184.102.108 - - [21/Jan/2024:20:50:55 +0100] "GET /highslide/highslide.js HTTP/1.0" 200 262 "http://www.reflexpro.fr/nikon-wu-1a-p-1665.html" "Mozilla/5.0 (iPhone; CPU iPhone OS 17_2_1 like Mac OS X) AppleWebKit/605.1.15 (KHTML, like Gecko) Version/17.2 Mobile/15E148 Safari/604.1"
92.184.102.108 - - [21/Jan/2024:20:50:55 +0100] "GET /script.responsive.js HTTP/1.0" 200 260 "http://www.reflexpro.fr/nikon-wu-1a-p-1665.html" "Mozilla/5.0 (iPhone; CPU iPhone OS 17_2_1 like Mac OS X) AppleWebKit/605.1.15 (KHTML, like Gecko) Version/17.2 Mobile/15E148 Safari/604.1"
92.184.102.108 - - [21/Jan/2024:20:50:55 +0100] "GET /themes-nivo/default/default.css HTTP/1.0" 200 264 "http://www.reflexpro.fr/nikon-wu-1a-p-1665.html" "Mozilla/5.0 (iPhone; CPU iPhone OS 17_2_1 like Mac OS X) AppleWebKit/605.1.15 (KHTML, like Gecko) Version/17.2 Mobile/15E148 Safari/604.1"
92.184.102.108 - - [21/Jan/2024:20:50:55 +0100] "GET /themes-nivo/dark/dark.css HTTP/1.0" 200 258 "http://www.reflexpro.fr/nikon-wu-1a-p-1665.html" "Mozilla/5.0 (iPhone; CPU iPhone OS 17_2_1 like Mac OS X) AppleWebKit/605.1.15 (KHTML, like Gecko) Version/17.2 Mobile/15E148 Safari/604.1"
216.244.66.233 - - [21/Jan/2024:20:52:07 +0100] "GET /robots.txt HTTP/1.0" 200 245 "-" "Mozilla/5.0 (compatible; DotBot/1.2; +https://opensiteexplorer.org/dotbot; help@moz.com)"
85.54.112.186 - - [21/Jan/2024:20:53:18 +0100] "GET / HTTP/1.0" 200 35969 "-" "Mozilla/5.0 (Macintosh; Intel Mac OS X 10_11_5) AppleWebKit/537.36                     (KHTML, like Gecko) Chrome/50.0.2661.102 Safari/537.36"
40.77.167.62 - - [21/Jan/2024:20:53:20 +0100] "GET /cotton-carrier-cc-635-pro-harnais-pour-boitier-poignee-pr-1708.html HTTP/1.0" 200 26202 "-" "Mozilla/5.0 AppleWebKit/537.36 (KHTML, like Gecko; compatible; bingbot/2.0; +http://www.bing.com/bingbot.htm) Chrome/116.0.1938.76 Safari/537.36"
69.162.124.230 - - [21/Jan/2024:20:55:20 +0100] "HEAD / HTTP/1.0" 200 383 "http://www.reflexpro.fr" "Mozilla/5.0+(compatible; UptimeRobot/2.0; http://www.uptimerobot.com/)"
54.36.148.24 - - [21/Jan/2024:20:56:42 +0100] "GET /enceinte-outdoor-by-sonance-sonos-paire-p-2997.html HTTP/1.0" 200 28679 "-" "Mozilla/5.0 (compatible; AhrefsBot/7.0; +http://ahrefs.com/robot/)"
66.249.66.21 - - [21/Jan/2024:20:57:18 +0100] "GET /vanguard-trepied-nivelo-204-bk-noir-p-1608.html HTTP/1.0" 200 28508 "-" "Mozilla/5.0 (compatible; Googlebot/2.1; +http://www.google.com/bot.html)"
66.249.93.138 - - [21/Jan/2024:20:57:45 +0100] "GET /images/50-500.jpg HTTP/1.0" 200 252 "-" "Mozilla/5.0 (Windows NT 5.1; rv:11.0) Gecko Firefox/11.0 (via ggpht.com GoogleImageProxy)"
69.162.124.230 - - [21/Jan/2024:21:00:07 +0100] "HEAD / HTTP/1.0" 200 383 "http://www.reflexpro.fr" "Mozilla/5.0+(compatible; UptimeRobot/2.0; http://www.uptimerobot.com/)"
52.167.144.181 - - [21/Jan/2024:21:03:25 +0100] "GET /laowa-65mm-f28-2x-ultra-macro-monture-sony-pr-2934.html HTTP/1.0" 302 464 "-" "Mozilla/5.0 AppleWebKit/537.36 (KHTML, like Gecko; compatible; bingbot/2.0; +http://www.bing.com/bingbot.htm) Chrome/116.0.1938.76 Safari/537.36"
69.162.124.230 - - [21/Jan/2024:21:05:07 +0100] "HEAD / HTTP/1.0" 200 383 "http://www.reflexpro.fr" "Mozilla/5.0+(compatible; UptimeRobot/2.0; http://www.uptimerobot.com/)"
69.162.124.230 - - [21/Jan/2024:21:10:07 +0100] "HEAD / HTTP/1.0" 200 383 "http://www.reflexpro.fr" "Mozilla/5.0+(compatible; UptimeRobot/2.0; http://www.uptimerobot.com/)"
69.162.124.230 - - [21/Jan/2024:21:15:07 +0100] "HEAD / HTTP/1.0" 200 383 "http://www.reflexpro.fr" "Mozilla/5.0+(compatible; UptimeRobot/2.0; http://www.uptimerobot.com/)"
69.162.124.230 - - [21/Jan/2024:21:20:07 +0100] "HEAD / HTTP/1.0" 200 383 "http://www.reflexpro.fr" "Mozilla/5.0+(compatible; UptimeRobot/2.0; http://www.uptimerobot.com/)"
40.77.167.136 - - [21/Jan/2024:21:20:54 +0100] "GET /fuji-xt20silver-xf-15-55-p-2573.html HTTP/1.0" 301 22046 "-" "Mozilla/5.0 AppleWebKit/537.36 (KHTML, like Gecko; compatible; bingbot/2.0; +http://www.bing.com/bingbot.htm) Chrome/116.0.1938.76 Safari/537.36"
69.63.189.3 - - [21/Jan/2024:21:23:59 +0100] "GET /%20images/laowa100mmf2.8.jpg HTTP/1.0" 404 1306 "-" "facebookexternalhit/1.1 (+http://www.facebook.com/externalhit_uatext.php)"
173.212.248.200 - - [21/Jan/2024:21:24:36 +0100] "GET / HTTP/1.0" 301 502 "-" "Mozilla/5.0 (Windows NT 10.0; Win64; x64) AppleWebKit/537.36 (KHTML, like Gecko) Chrome/78.0.3904.108 Safari/537.36"
173.212.248.200 - - [21/Jan/2024:21:24:37 +0100] "GET / HTTP/1.0" 200 35969 "-" "Mozilla/5.0 (Windows NT 10.0; Win64; x64) AppleWebKit/537.36 (KHTML, like Gecko) Chrome/78.0.3904.108 Safari/537.36"
173.212.248.200 - - [21/Jan/2024:21:24:40 +0100] "GET //wp-includes/wlwmanifest.xml HTTP/1.0" 404 1306 "-" "Mozilla/5.0 (Windows NT 10.0; Win64; x64) AppleWebKit/537.36 (KHTML, like Gecko) Chrome/78.0.3904.108 Safari/537.36"
173.212.248.200 - - [21/Jan/2024:21:24:40 +0100] "GET //xmlrpc.php?rsd HTTP/1.0" 404 1306 "-" "Mozilla/5.0 (Windows NT 10.0; Win64; x64) AppleWebKit/537.36 (KHTML, like Gecko) Chrome/78.0.3904.108 Safari/537.36"
173.212.248.200 - - [21/Jan/2024:21:24:40 +0100] "GET / HTTP/1.0" 200 35969 "-" "Mozilla/5.0 (Windows NT 10.0; Win64; x64) AppleWebKit/537.36 (KHTML, like Gecko) Chrome/78.0.3904.108 Safari/537.36"
173.212.248.200 - - [21/Jan/2024:21:24:42 +0100] "GET //blog/wp-includes/wlwmanifest.xml HTTP/1.0" 404 1306 "-" "Mozilla/5.0 (Windows NT 10.0; Win64; x64) AppleWebKit/537.36 (KHTML, like Gecko) Chrome/78.0.3904.108 Safari/537.36"
173.212.248.200 - - [21/Jan/2024:21:24:42 +0100] "GET //web/wp-includes/wlwmanifest.xml HTTP/1.0" 404 1306 "-" "Mozilla/5.0 (Windows NT 10.0; Win64; x64) AppleWebKit/537.36 (KHTML, like Gecko) Chrome/78.0.3904.108 Safari/537.36"
173.212.248.200 - - [21/Jan/2024:21:24:42 +0100] "GET //wordpress/wp-includes/wlwmanifest.xml HTTP/1.0" 404 1306 "-" "Mozilla/5.0 (Windows NT 10.0; Win64; x64) AppleWebKit/537.36 (KHTML, like Gecko) Chrome/78.0.3904.108 Safari/537.36"
173.212.248.200 - - [21/Jan/2024:21:24:42 +0100] "GET //website/wp-includes/wlwmanifest.xml HTTP/1.0" 404 1306 "-" "Mozilla/5.0 (Windows NT 10.0; Win64; x64) AppleWebKit/537.36 (KHTML, like Gecko) Chrome/78.0.3904.108 Safari/537.36"
173.212.248.200 - - [21/Jan/2024:21:24:42 +0100] "GET //wp/wp-includes/wlwmanifest.xml HTTP/1.0" 404 1306 "-" "Mozilla/5.0 (Windows NT 10.0; Win64; x64) AppleWebKit/537.36 (KHTML, like Gecko) Chrome/78.0.3904.108 Safari/537.36"
173.212.248.200 - - [21/Jan/2024:21:24:43 +0100] "GET //news/wp-includes/wlwmanifest.xml HTTP/1.0" 404 1306 "-" "Mozilla/5.0 (Windows NT 10.0; Win64; x64) AppleWebKit/537.36 (KHTML, like Gecko) Chrome/78.0.3904.108 Safari/537.36"
173.212.248.200 - - [21/Jan/2024:21:24:43 +0100] "GET //2018/wp-includes/wlwmanifest.xml HTTP/1.0" 404 1306 "-" "Mozilla/5.0 (Windows NT 10.0; Win64; x64) AppleWebKit/537.36 (KHTML, like Gecko) Chrome/78.0.3904.108 Safari/537.36"
173.212.248.200 - - [21/Jan/2024:21:24:43 +0100] "GET //2019/wp-includes/wlwmanifest.xml HTTP/1.0" 404 1306 "-" "Mozilla/5.0 (Windows NT 10.0; Win64; x64) AppleWebKit/537.36 (KHTML, like Gecko) Chrome/78.0.3904.108 Safari/537.36"
173.212.248.200 - - [21/Jan/2024:21:24:43 +0100] "GET //shop/wp-includes/wlwmanifest.xml HTTP/1.0" 404 1306 "-" "Mozilla/5.0 (Windows NT 10.0; Win64; x64) AppleWebKit/537.36 (KHTML, like Gecko) Chrome/78.0.3904.108 Safari/537.36"
173.212.248.200 - - [21/Jan/2024:21:24:43 +0100] "GET //wp1/wp-includes/wlwmanifest.xml HTTP/1.0" 404 1306 "-" "Mozilla/5.0 (Windows NT 10.0; Win64; x64) AppleWebKit/537.36 (KHTML, like Gecko) Chrome/78.0.3904.108 Safari/537.36"
173.212.248.200 - - [21/Jan/2024:21:24:43 +0100] "GET //test/wp-includes/wlwmanifest.xml HTTP/1.0" 404 1306 "-" "Mozilla/5.0 (Windows NT 10.0; Win64; x64) AppleWebKit/537.36 (KHTML, like Gecko) Chrome/78.0.3904.108 Safari/537.36"
173.212.248.200 - - [21/Jan/2024:21:24:43 +0100] "GET //media/wp-includes/wlwmanifest.xml HTTP/1.0" 404 1306 "-" "Mozilla/5.0 (Windows NT 10.0; Win64; x64) AppleWebKit/537.36 (KHTML, like Gecko) Chrome/78.0.3904.108 Safari/537.36"
173.212.248.200 - - [21/Jan/2024:21:24:43 +0100] "GET //wp2/wp-includes/wlwmanifest.xml HTTP/1.0" 404 1306 "-" "Mozilla/5.0 (Windows NT 10.0; Win64; x64) AppleWebKit/537.36 (KHTML, like Gecko) Chrome/78.0.3904.108 Safari/537.36"
173.212.248.200 - - [21/Jan/2024:21:24:43 +0100] "GET //site/wp-includes/wlwmanifest.xml HTTP/1.0" 404 1306 "-" "Mozilla/5.0 (Windows NT 10.0; Win64; x64) AppleWebKit/537.36 (KHTML, like Gecko) Chrome/78.0.3904.108 Safari/537.36"
173.212.248.200 - - [21/Jan/2024:21:24:44 +0100] "GET //cms/wp-includes/wlwmanifest.xml HTTP/1.0" 404 1306 "-" "Mozilla/5.0 (Windows NT 10.0; Win64; x64) AppleWebKit/537.36 (KHTML, like Gecko) Chrome/78.0.3904.108 Safari/537.36"
173.212.248.200 - - [21/Jan/2024:21:24:44 +0100] "GET //sito/wp-includes/wlwmanifest.xml HTTP/1.0" 404 1306 "-" "Mozilla/5.0 (Windows NT 10.0; Win64; x64) AppleWebKit/537.36 (KHTML, like Gecko) Chrome/78.0.3904.108 Safari/537.36"
69.162.124.230 - - [21/Jan/2024:21:25:08 +0100] "HEAD / HTTP/1.0" 200 383 "http://www.reflexpro.fr" "Mozilla/5.0+(compatible; UptimeRobot/2.0; http://www.uptimerobot.com/)"
66.249.66.22 - - [21/Jan/2024:21:25:48 +0100] "GET / HTTP/1.0" 200 35969 "-" "Mozilla/5.0 (Linux; Android 6.0.1; Nexus 5X Build/MMB29P) AppleWebKit/537.36 (KHTML, like Gecko) Chrome/120.0.6099.224 Mobile Safari/537.36 (compatible; Googlebot/2.1; +http://www.google.com/bot.html)"
69.162.124.230 - - [21/Jan/2024:21:30:08 +0100] "HEAD / HTTP/1.0" 200 383 "http://www.reflexpro.fr" "Mozilla/5.0+(compatible; UptimeRobot/2.0; http://www.uptimerobot.com/)"
66.249.66.23 - - [21/Jan/2024:21:33:02 +0100] "GET /style.responsive.css HTTP/1.0" 200 253 "http://www.reflexpro.fr/" "Mozilla/5.0 (Linux; Android 6.0.1; Nexus 5X Build/MMB29P) AppleWebKit/537.36 (KHTML, like Gecko) Chrome/120.0.6099.199 Mobile Safari/537.36 (compatible; Googlebot/2.1; +http://www.google.com/bot.html)"
69.63.189.9 - - [21/Jan/2024:21:33:16 +0100] "GET /%20images/DMW-MS2.jpg HTTP/1.0" 404 1306 "-" "facebookexternalhit/1.1 (+http://www.facebook.com/externalhit_uatext.php)"
69.63.189.5 - - [21/Jan/2024:21:33:18 +0100] "GET /%20images/dji-mavic-mini.jpg HTTP/1.0" 404 1306 "-" "facebookexternalhit/1.1 (+http://www.facebook.com/externalhit_uatext.php)"
69.162.124.230 - - [21/Jan/2024:21:35:08 +0100] "HEAD / HTTP/1.0" 200 383 "http://www.reflexpro.fr" "Mozilla/5.0+(compatible; UptimeRobot/2.0; http://www.uptimerobot.com/)"
69.162.124.230 - - [21/Jan/2024:21:40:08 +0100] "HEAD / HTTP/1.0" 200 383 "http://www.reflexpro.fr" "Mozilla/5.0+(compatible; UptimeRobot/2.0; http://www.uptimerobot.com/)"
69.162.124.230 - - [21/Jan/2024:21:45:08 +0100] "HEAD / HTTP/1.0" 200 383 "http://www.reflexpro.fr" "Mozilla/5.0+(compatible; UptimeRobot/2.0; http://www.uptimerobot.com/)"
216.244.66.233 - - [21/Jan/2024:21:45:59 +0100] "GET /robots.txt HTTP/1.0" 200 245 "-" "Mozilla/5.0 (compatible; DotBot/1.2; +https://opensiteexplorer.org/dotbot; help@moz.com)"
17.241.219.72 - - [21/Jan/2024:21:46:24 +0100] "GET / HTTP/1.0" 301 502 "-" "Mozilla/5.0 (Macintosh; Intel Mac OS X 10_15_5) AppleWebKit/605.1.15 (KHTML, like Gecko) Version/13.1.1 Safari/605.1.15 (Applebot/0.1; +http://www.apple.com/go/applebot)"
17.241.227.69 - - [21/Jan/2024:21:46:24 +0100] "GET / HTTP/1.0" 200 35969 "-" "Mozilla/5.0 (Macintosh; Intel Mac OS X 10_15_5) AppleWebKit/605.1.15 (KHTML, like Gecko) Version/13.1.1 Safari/605.1.15 (Applebot/0.1; +http://www.apple.com/go/applebot)"
69.162.124.230 - - [21/Jan/2024:21:50:18 +0100] "HEAD / HTTP/1.0" 200 383 "http://www.reflexpro.fr" "Mozilla/5.0+(compatible; UptimeRobot/2.0; http://www.uptimerobot.com/)"
66.249.66.22 - - [21/Jan/2024:21:54:02 +0100] "GET /canon-eos-90d-18-135mm-f35-56-is-usm-p-2674.html HTTP/1.0" 200 61017 "-" "Mozilla/5.0 (Linux; Android 6.0.1; Nexus 5X Build/MMB29P) AppleWebKit/537.36 (KHTML, like Gecko) Chrome/120.0.6099.224 Mobile Safari/537.36 (compatible; Googlebot/2.1; +http://www.google.com/bot.html)"
69.162.124.230 - - [21/Jan/2024:21:55:22 +0100] "HEAD / HTTP/1.0" 200 383 "http://www.reflexpro.fr" "Mozilla/5.0+(compatible; UptimeRobot/2.0; http://www.uptimerobot.com/)"
66.249.66.21 - - [21/Jan/2024:21:55:31 +0100] "GET /highslide/highslide.js HTTP/1.0" 200 262 "http://www.reflexpro.fr/" "Mozilla/5.0 (Linux; Android 6.0.1; Nexus 5X Build/MMB29P) AppleWebKit/537.36 (KHTML, like Gecko) Chrome/120.0.6099.199 Mobile Safari/537.36 (compatible; Googlebot/2.1; +http://www.google.com/bot.html)"
66.249.66.21 - - [21/Jan/2024:21:55:31 +0100] "GET /cookieconsentbar/cookieconsentbar.js HTTP/1.0" 200 276 "http://www.reflexpro.fr/" "Mozilla/5.0 (Linux; Android 6.0.1; Nexus 5X Build/MMB29P) AppleWebKit/537.36 (KHTML, like Gecko) Chrome/120.0.6099.199 Mobile Safari/537.36 (compatible; Googlebot/2.1; +http://www.google.com/bot.html)"
52.167.144.219 - - [21/Jan/2024:21:58:48 +0100] "GET /all_prodmanf.php HTTP/1.0" 200 159427 "-" "Mozilla/5.0 AppleWebKit/537.36 (KHTML, like Gecko; compatible; bingbot/2.0; +http://www.bing.com/bingbot.htm) Chrome/116.0.1938.76 Safari/537.36"
51.222.253.6 - - [21/Jan/2024:21:59:59 +0100] "GET /robots.txt HTTP/1.0" 200 245 "-" "Mozilla/5.0 (compatible; AhrefsBot/7.0; +http://ahrefs.com/robot/)"
54.36.148.80 - - [21/Jan/2024:22:00:00 +0100] "GET /cartes-memoire-c-271_282_285.html HTTP/1.0" 200 29689 "-" "Mozilla/5.0 (compatible; AhrefsBot/7.0; +http://ahrefs.com/robot/)"
69.162.124.230 - - [21/Jan/2024:22:00:11 +0100] "HEAD / HTTP/1.0" 200 383 "http://www.reflexpro.fr" "Mozilla/5.0+(compatible; UptimeRobot/2.0; http://www.uptimerobot.com/)"
165.154.224.222 - - [21/Jan/2024:22:00:45 +0100] "GET / HTTP/1.0" 301 502 "-" "Mozilla/5.0 (Macintosh; Intel Mac OS X 11_1) AppleWebKit/537.36 (KHTML, like Gecko) Chrome/87.0.4280.88 Safari/537.36"
165.154.224.222 - - [21/Jan/2024:22:00:46 +0100] "GET / HTTP/1.0" 200 35969 "-" "Mozilla/5.0 (Macintosh; Intel Mac OS X 11_1) AppleWebKit/537.36 (KHTML, like Gecko) Chrome/87.0.4280.88 Safari/537.36"
165.154.225.36 - - [21/Jan/2024:22:00:51 +0100] "GET /favicon.ico HTTP/1.0" 200 260 "-" "Mozilla/5.0 (Macintosh; Intel Mac OS X 10_7_0) AppleWebKit/535.11 (KHTML, like Gecko) Chrome/17.0.963.56 Safari/535.11"
66.249.66.22 - - [21/Jan/2024:22:04:44 +0100] "GET /audioquest-sydney-rca-rca-2m-p-3049.html HTTP/1.0" 200 37529 "-" "Mozilla/5.0 (Linux; Android 6.0.1; Nexus 5X Build/MMB29P) AppleWebKit/537.36 (KHTML, like Gecko) Chrome/120.0.6099.224 Mobile Safari/537.36 (compatible; Googlebot/2.1; +http://www.google.com/bot.html)"
69.162.124.230 - - [21/Jan/2024:22:05:08 +0100] "HEAD / HTTP/1.0" 200 383 "http://www.reflexpro.fr" "Mozilla/5.0+(compatible; UptimeRobot/2.0; http://www.uptimerobot.com/)"
69.171.249.5 - - [21/Jan/2024:22:07:52 +0100] "GET / HTTP/1.0" 200 35969 "-" "facebookexternalhit/1.1 (+http://www.facebook.com/externalhit_uatext.php)"
69.162.124.230 - - [21/Jan/2024:22:10:08 +0100] "HEAD / HTTP/1.0" 200 383 "http://www.reflexpro.fr" "Mozilla/5.0+(compatible; UptimeRobot/2.0; http://www.uptimerobot.com/)"
66.249.66.21 - - [21/Jan/2024:22:10:48 +0100] "GET /olympus-om-m10-mark-iv-14-150mm-f4-56-ii-noir-p-2905.html HTTP/1.0" 200 40963 "-" "Mozilla/5.0 (Linux; Android 6.0.1; Nexus 5X Build/MMB29P) AppleWebKit/537.36 (KHTML, like Gecko) Chrome/120.0.6099.224 Mobile Safari/537.36 (compatible; Googlebot/2.1; +http://www.google.com/bot.html)"
69.162.124.230 - - [21/Jan/2024:22:15:17 +0100] "HEAD / HTTP/1.0" 200 383 "http://www.reflexpro.fr" "Mozilla/5.0+(compatible; UptimeRobot/2.0; http://www.uptimerobot.com/)"
66.249.66.22 - - [21/Jan/2024:22:15:18 +0100] "GET /sigma-teleconvertisseur-2x-monture-nikon-p-1348.html HTTP/1.0" 200 28472 "-" "Mozilla/5.0 (compatible; Googlebot/2.1; +http://www.google.com/bot.html)"
66.249.66.22 - - [21/Jan/2024:22:15:58 +0100] "GET /images/can282.8.jpg HTTP/1.0" 200 254 "-" "Googlebot-Image/1.0"
66.249.66.23 - - [21/Jan/2024:22:16:31 +0100] "GET /sigma-teleconvertisseur-2x-monture-nikon-p-1348.html HTTP/1.0" 200 28472 "-" "Mozilla/5.0 (Linux; Android 6.0.1; Nexus 5X Build/MMB29P) AppleWebKit/537.36 (KHTML, like Gecko) Chrome/120.0.6099.224 Mobile Safari/537.36 (compatible; Googlebot/2.1; +http://www.google.com/bot.html)"
69.162.124.230 - - [21/Jan/2024:22:20:16 +0100] "HEAD / HTTP/1.0" 200 383 "http://www.reflexpro.fr" "Mozilla/5.0+(compatible; UptimeRobot/2.0; http://www.uptimerobot.com/)"
66.249.93.137 - - [21/Jan/2024:22:20:34 +0100] "GET /images/slingshot102aw.jpg HTTP/1.0" 200 260 "-" "Mozilla/5.0 (Windows NT 5.1; rv:11.0) Gecko Firefox/11.0 (via ggpht.com GoogleImageProxy)"
66.249.66.22 - - [21/Jan/2024:22:24:26 +0100] "GET /lens-pen-laptoppro-p-1817.html HTTP/1.0" 200 28768 "-" "Mozilla/5.0 (Linux; Android 6.0.1; Nexus 5X Build/MMB29P) AppleWebKit/537.36 (KHTML, like Gecko) Chrome/120.0.6099.224 Mobile Safari/537.36 (compatible; Googlebot/2.1; +http://www.google.com/bot.html)"
66.249.66.21 - - [21/Jan/2024:22:24:47 +0100] "GET /jquery-1.9.0.min.js HTTP/1.0" 200 259 "http://www.reflexpro.fr/lens-pen-laptoppro-p-1817.html" "Mozilla/5.0 (Linux; Android 6.0.1; Nexus 5X Build/MMB29P) AppleWebKit/537.36 (KHTML, like Gecko) Chrome/120.0.6099.199 Mobile Safari/537.36 (compatible; Googlebot/2.1; +http://www.google.com/bot.html)"
69.162.124.230 - - [21/Jan/2024:22:25:08 +0100] "HEAD / HTTP/1.0" 200 383 "http://www.reflexpro.fr" "Mozilla/5.0+(compatible; UptimeRobot/2.0; http://www.uptimerobot.com/)"
52.167.144.167 - - [21/Jan/2024:22:26:28 +0100] "GET /leica-m10-noir-boitier-sans-objectif-pr-2542.html HTTP/1.0" 302 464 "-" "Mozilla/5.0 AppleWebKit/537.36 (KHTML, like Gecko; compatible; bingbot/2.0; +http://www.bing.com/bingbot.htm) Chrome/116.0.1938.76 Safari/537.36"
69.162.124.230 - - [21/Jan/2024:22:30:08 +0100] "HEAD / HTTP/1.0" 200 383 "http://www.reflexpro.fr" "Mozilla/5.0+(compatible; UptimeRobot/2.0; http://www.uptimerobot.com/)"
69.162.124.230 - - [21/Jan/2024:22:35:08 +0100] "HEAD / HTTP/1.0" 200 383 "http://www.reflexpro.fr" "Mozilla/5.0+(compatible; UptimeRobot/2.0; http://www.uptimerobot.com/)"
69.162.124.230 - - [21/Jan/2024:22:40:08 +0100] "HEAD / HTTP/1.0" 200 383 "http://www.reflexpro.fr" "Mozilla/5.0+(compatible; UptimeRobot/2.0; http://www.uptimerobot.com/)"
69.162.124.230 - - [21/Jan/2024:22:45:08 +0100] "HEAD / HTTP/1.0" 200 383 "http://www.reflexpro.fr" "Mozilla/5.0+(compatible; UptimeRobot/2.0; http://www.uptimerobot.com/)"
52.167.144.142 - - [21/Jan/2024:22:46:13 +0100] "GET /panasonic-lumix-dc-gh5-14-140-pr-2424.html HTTP/1.0" 302 464 "-" "Mozilla/5.0 AppleWebKit/537.36 (KHTML, like Gecko; compatible; bingbot/2.0; +http://www.bing.com/bingbot.htm) Chrome/116.0.1938.76 Safari/537.36"
69.162.124.230 - - [21/Jan/2024:22:50:08 +0100] "HEAD / HTTP/1.0" 200 383 "http://www.reflexpro.fr" "Mozilla/5.0+(compatible; UptimeRobot/2.0; http://www.uptimerobot.com/)"
69.162.124.230 - - [21/Jan/2024:22:55:27 +0100] "HEAD / HTTP/1.0" 200 383 "http://www.reflexpro.fr" "Mozilla/5.0+(compatible; UptimeRobot/2.0; http://www.uptimerobot.com/)"
66.249.66.22 - - [21/Jan/2024:22:55:48 +0100] "GET /canon-eos-r10-rf-18-150mm-f35-63-is-stm-noir-p-3024.html HTTP/1.0" 200 65521 "-" "Mozilla/5.0 (Linux; Android 6.0.1; Nexus 5X Build/MMB29P) AppleWebKit/537.36 (KHTML, like Gecko) Chrome/120.0.6099.224 Mobile Safari/537.36 (compatible; Googlebot/2.1; +http://www.google.com/bot.html)"
69.162.124.230 - - [21/Jan/2024:23:00:11 +0100] "HEAD / HTTP/1.0" 200 383 "http://www.reflexpro.fr" "Mozilla/5.0+(compatible; UptimeRobot/2.0; http://www.uptimerobot.com/)"
82.125.174.183 - - [21/Jan/2024:23:03:52 +0100] "GET /sigma-800-f56-dg-ex-hsm-monture-canon-p-1338.html HTTP/1.0" 200 31958 "https://www.google.fr/" "Mozilla/5.0 (iPhone; CPU iPhone OS 16_6_1 like Mac OS X) AppleWebKit/605.1.15 (KHTML, like Gecko) Version/16.6 Mobile/15E148 Safari/604.1"
82.125.174.183 - - [21/Jan/2024:23:03:52 +0100] "GET /highslide/highslide.js HTTP/1.0" 200 262 "http://www.reflexpro.fr/sigma-800-f56-dg-ex-hsm-monture-canon-p-1338.html" "Mozilla/5.0 (iPhone; CPU iPhone OS 16_6_1 like Mac OS X) AppleWebKit/605.1.15 (KHTML, like Gecko) Version/16.6 Mobile/15E148 Safari/604.1"
82.125.174.183 - - [21/Jan/2024:23:03:52 +0100] "GET /style.css HTTP/1.0" 200 242 "http://www.reflexpro.fr/sigma-800-f56-dg-ex-hsm-monture-canon-p-1338.html" "Mozilla/5.0 (iPhone; CPU iPhone OS 16_6_1 like Mac OS X) AppleWebKit/605.1.15 (KHTML, like Gecko) Version/16.6 Mobile/15E148 Safari/604.1"
82.125.174.183 - - [21/Jan/2024:23:03:52 +0100] "GET /templates/Pixame_v1/stylesheet.css HTTP/1.0" 200 267 "http://www.reflexpro.fr/sigma-800-f56-dg-ex-hsm-monture-canon-p-1338.html" "Mozilla/5.0 (iPhone; CPU iPhone OS 16_6_1 like Mac OS X) AppleWebKit/605.1.15 (KHTML, like Gecko) Version/16.6 Mobile/15E148 Safari/604.1"
82.125.174.183 - - [21/Jan/2024:23:03:52 +0100] "GET /font-awesome-4.0.3/css/font-awesome.css HTTP/1.0" 200 272 "http://www.reflexpro.fr/sigma-800-f56-dg-ex-hsm-monture-canon-p-1338.html" "Mozilla/5.0 (iPhone; CPU iPhone OS 16_6_1 like Mac OS X) AppleWebKit/605.1.15 (KHTML, like Gecko) Version/16.6 Mobile/15E148 Safari/604.1"
82.125.174.183 - - [21/Jan/2024:23:03:52 +0100] "GET /style.responsive.css HTTP/1.0" 200 253 "http://www.reflexpro.fr/sigma-800-f56-dg-ex-hsm-monture-canon-p-1338.html" "Mozilla/5.0 (iPhone; CPU iPhone OS 16_6_1 like Mac OS X) AppleWebKit/605.1.15 (KHTML, like Gecko) Version/16.6 Mobile/15E148 Safari/604.1"
82.125.174.183 - - [21/Jan/2024:23:03:52 +0100] "GET /jquery.js HTTP/1.0" 200 249 "http://www.reflexpro.fr/sigma-800-f56-dg-ex-hsm-monture-canon-p-1338.html" "Mozilla/5.0 (iPhone; CPU iPhone OS 16_6_1 like Mac OS X) AppleWebKit/605.1.15 (KHTML, like Gecko) Version/16.6 Mobile/15E148 Safari/604.1"
82.125.174.183 - - [21/Jan/2024:23:03:52 +0100] "GET /script.js HTTP/1.0" 200 249 "http://www.reflexpro.fr/sigma-800-f56-dg-ex-hsm-monture-canon-p-1338.html" "Mozilla/5.0 (iPhone; CPU iPhone OS 16_6_1 like Mac OS X) AppleWebKit/605.1.15 (KHTML, like Gecko) Version/16.6 Mobile/15E148 Safari/604.1"
82.125.174.183 - - [21/Jan/2024:23:03:52 +0100] "GET /script.responsive.js HTTP/1.0" 200 260 "http://www.reflexpro.fr/sigma-800-f56-dg-ex-hsm-monture-canon-p-1338.html" "Mozilla/5.0 (iPhone; CPU iPhone OS 16_6_1 like Mac OS X) AppleWebKit/605.1.15 (KHTML, like Gecko) Version/16.6 Mobile/15E148 Safari/604.1"
82.125.174.183 - - [21/Jan/2024:23:03:52 +0100] "GET /themes-nivo/default/default.css HTTP/1.0" 200 264 "http://www.reflexpro.fr/sigma-800-f56-dg-ex-hsm-monture-canon-p-1338.html" "Mozilla/5.0 (iPhone; CPU iPhone OS 16_6_1 like Mac OS X) AppleWebKit/605.1.15 (KHTML, like Gecko) Version/16.6 Mobile/15E148 Safari/604.1"
82.125.174.183 - - [21/Jan/2024:23:03:52 +0100] "GET /themes-nivo/light/light.css HTTP/1.0" 200 260 "http://www.reflexpro.fr/sigma-800-f56-dg-ex-hsm-monture-canon-p-1338.html" "Mozilla/5.0 (iPhone; CPU iPhone OS 16_6_1 like Mac OS X) AppleWebKit/605.1.15 (KHTML, like Gecko) Version/16.6 Mobile/15E148 Safari/604.1"
82.125.174.183 - - [21/Jan/2024:23:03:52 +0100] "GET /themes-nivo/dark/dark.css HTTP/1.0" 200 258 "http://www.reflexpro.fr/sigma-800-f56-dg-ex-hsm-monture-canon-p-1338.html" "Mozilla/5.0 (iPhone; CPU iPhone OS 16_6_1 like Mac OS X) AppleWebKit/605.1.15 (KHTML, like Gecko) Version/16.6 Mobile/15E148 Safari/604.1"
82.125.174.183 - - [21/Jan/2024:23:03:52 +0100] "GET /themes-nivo/bar/bar.css HTTP/1.0" 200 256 "http://www.reflexpro.fr/sigma-800-f56-dg-ex-hsm-monture-canon-p-1338.html" "Mozilla/5.0 (iPhone; CPU iPhone OS 16_6_1 like Mac OS X) AppleWebKit/605.1.15 (KHTML, like Gecko) Version/16.6 Mobile/15E148 Safari/604.1"
82.125.174.183 - - [21/Jan/2024:23:03:52 +0100] "GET /nivo-slider.css HTTP/1.0" 200 248 "http://www.reflexpro.fr/sigma-800-f56-dg-ex-hsm-monture-canon-p-1338.html" "Mozilla/5.0 (iPhone; CPU iPhone OS 16_6_1 like Mac OS X) AppleWebKit/605.1.15 (KHTML, like Gecko) Version/16.6 Mobile/15E148 Safari/604.1"
82.125.174.183 - - [21/Jan/2024:23:03:52 +0100] "GET /jquery-1.9.0.min.js HTTP/1.0" 200 259 "http://www.reflexpro.fr/sigma-800-f56-dg-ex-hsm-monture-canon-p-1338.html" "Mozilla/5.0 (iPhone; CPU iPhone OS 16_6_1 like Mac OS X) AppleWebKit/605.1.15 (KHTML, like Gecko) Version/16.6 Mobile/15E148 Safari/604.1"
82.125.174.183 - - [21/Jan/2024:23:03:52 +0100] "GET /jquery.nivo.slider.js HTTP/1.0" 200 261 "http://www.reflexpro.fr/sigma-800-f56-dg-ex-hsm-monture-canon-p-1338.html" "Mozilla/5.0 (iPhone; CPU iPhone OS 16_6_1 like Mac OS X) AppleWebKit/605.1.15 (KHTML, like Gecko) Version/16.6 Mobile/15E148 Safari/604.1"
82.125.174.183 - - [21/Jan/2024:23:03:52 +0100] "GET /cookieconsentbar/cookieconsentbar.css HTTP/1.0" 200 270 "http://www.reflexpro.fr/sigma-800-f56-dg-ex-hsm-monture-canon-p-1338.html" "Mozilla/5.0 (iPhone; CPU iPhone OS 16_6_1 like Mac OS X) AppleWebKit/605.1.15 (KHTML, like Gecko) Version/16.6 Mobile/15E148 Safari/604.1"
82.125.174.183 - - [21/Jan/2024:23:03:52 +0100] "GET /cookieconsentbar/cookieconsentbar.js HTTP/1.0" 200 276 "http://www.reflexpro.fr/sigma-800-f56-dg-ex-hsm-monture-canon-p-1338.html" "Mozilla/5.0 (iPhone; CPU iPhone OS 16_6_1 like Mac OS X) AppleWebKit/605.1.15 (KHTML, like Gecko) Version/16.6 Mobile/15E148 Safari/604.1"
82.125.174.183 - - [21/Jan/2024:23:03:52 +0100] "GET /images/logo-2130545471.png HTTP/1.0" 200 260 "http://www.reflexpro.fr/sigma-800-f56-dg-ex-hsm-monture-canon-p-1338.html" "Mozilla/5.0 (iPhone; CPU iPhone OS 16_6_1 like Mac OS X) AppleWebKit/605.1.15 (KHTML, like Gecko) Version/16.6 Mobile/15E148 Safari/604.1"
82.125.174.183 - - [21/Jan/2024:23:03:52 +0100] "GET /img-site/home3.png HTTP/1.0" 200 252 "http://www.reflexpro.fr/sigma-800-f56-dg-ex-hsm-monture-canon-p-1338.html" "Mozilla/5.0 (iPhone; CPU iPhone OS 16_6_1 like Mac OS X) AppleWebKit/605.1.15 (KHTML, like Gecko) Version/16.6 Mobile/15E148 Safari/604.1"
82.125.174.183 - - [21/Jan/2024:23:03:52 +0100] "GET /images/800.jpg HTTP/1.0" 200 249 "http://www.reflexpro.fr/sigma-800-f56-dg-ex-hsm-monture-canon-p-1338.html" "Mozilla/5.0 (iPhone; CPU iPhone OS 16_6_1 like Mac OS X) AppleWebKit/605.1.15 (KHTML, like Gecko) Version/16.6 Mobile/15E148 Safari/604.1"
82.125.174.183 - - [21/Jan/2024:23:03:52 +0100] "GET /images/ecotaxe_on.jpg HTTP/1.0" 200 256 "http://www.reflexpro.fr/sigma-800-f56-dg-ex-hsm-monture-canon-p-1338.html" "Mozilla/5.0 (iPhone; CPU iPhone OS 16_6_1 like Mac OS X) AppleWebKit/605.1.15 (KHTML, like Gecko) Version/16.6 Mobile/15E148 Safari/604.1"
82.125.174.183 - - [21/Jan/2024:23:03:52 +0100] "GET /images/pixel_trans.gif HTTP/1.0" 200 328 "http://www.reflexpro.fr/sigma-800-f56-dg-ex-hsm-monture-canon-p-1338.html" "Mozilla/5.0 (iPhone; CPU iPhone OS 16_6_1 like Mac OS X) AppleWebKit/605.1.15 (KHTML, like Gecko) Version/16.6 Mobile/15E148 Safari/604.1"
82.125.174.183 - - [21/Jan/2024:23:03:52 +0100] "GET /images/pixel_orange.gif HTTP/1.0" 200 328 "http://www.reflexpro.fr/sigma-800-f56-dg-ex-hsm-monture-canon-p-1338.html" "Mozilla/5.0 (iPhone; CPU iPhone OS 16_6_1 like Mac OS X) AppleWebKit/605.1.15 (KHTML, like Gecko) Version/16.6 Mobile/15E148 Safari/604.1"
82.125.174.183 - - [21/Jan/2024:23:03:52 +0100] "GET /font-awesome-4.0.3/fonts/fontawesome-webfont.woff?v=4.0.3 HTTP/1.0" 200 284 "http://www.reflexpro.fr/sigma-800-f56-dg-ex-hsm-monture-canon-p-1338.html" "Mozilla/5.0 (iPhone; CPU iPhone OS 16_6_1 like Mac OS X) AppleWebKit/605.1.15 (KHTML, like Gecko) Version/16.6 Mobile/15E148 Safari/604.1"
82.125.174.183 - - [21/Jan/2024:23:03:52 +0100] "GET /images/header.png HTTP/1.0" 200 251 "http://www.reflexpro.fr/sigma-800-f56-dg-ex-hsm-monture-canon-p-1338.html" "Mozilla/5.0 (iPhone; CPU iPhone OS 16_6_1 like Mac OS X) AppleWebKit/605.1.15 (KHTML, like Gecko) Version/16.6 Mobile/15E148 Safari/604.1"
82.125.174.183 - - [21/Jan/2024:23:03:52 +0100] "GET /images/page.jpeg HTTP/1.0" 200 251 "http://www.reflexpro.fr/sigma-800-f56-dg-ex-hsm-monture-canon-p-1338.html" "Mozilla/5.0 (iPhone; CPU iPhone OS 16_6_1 like Mac OS X) AppleWebKit/605.1.15 (KHTML, like Gecko) Version/16.6 Mobile/15E148 Safari/604.1"
82.125.174.183 - - [21/Jan/2024:23:03:52 +0100] "GET /images/menuseparator.png HTTP/1.0" 200 487 "http://www.reflexpro.fr/sigma-800-f56-dg-ex-hsm-monture-canon-p-1338.html" "Mozilla/5.0 (iPhone; CPU iPhone OS 16_6_1 like Mac OS X) AppleWebKit/605.1.15 (KHTML, like Gecko) Version/16.6 Mobile/15E148 Safari/604.1"
82.125.174.183 - - [21/Jan/2024:23:03:52 +0100] "GET /images/icon_paiement.jpg HTTP/1.0" 200 259 "http://www.reflexpro.fr/sigma-800-f56-dg-ex-hsm-monture-canon-p-1338.html" "Mozilla/5.0 (iPhone; CPU iPhone OS 16_6_1 like Mac OS X) AppleWebKit/605.1.15 (KHTML, like Gecko) Version/16.6 Mobile/15E148 Safari/604.1"
82.125.174.183 - - [21/Jan/2024:23:03:52 +0100] "GET /images/icon_tel.jpg HTTP/1.0" 200 254 "http://www.reflexpro.fr/sigma-800-f56-dg-ex-hsm-monture-canon-p-1338.html" "Mozilla/5.0 (iPhone; CPU iPhone OS 16_6_1 like Mac OS X) AppleWebKit/605.1.15 (KHTML, like Gecko) Version/16.6 Mobile/15E148 Safari/604.1"
82.125.174.183 - - [21/Jan/2024:23:03:52 +0100] "GET /images/qui-sommes-nous.jpg HTTP/1.0" 200 261 "http://www.reflexpro.fr/sigma-800-f56-dg-ex-hsm-monture-canon-p-1338.html" "Mozilla/5.0 (iPhone; CPU iPhone OS 16_6_1 like Mac OS X) AppleWebKit/605.1.15 (KHTML, like Gecko) Version/16.6 Mobile/15E148 Safari/604.1"
82.125.174.183 - - [21/Jan/2024:23:03:53 +0100] "GET /images/icone_contacter.jpg HTTP/1.0" 200 261 "http://www.reflexpro.fr/sigma-800-f56-dg-ex-hsm-monture-canon-p-1338.html" "Mozilla/5.0 (iPhone; CPU iPhone OS 16_6_1 like Mac OS X) AppleWebKit/605.1.15 (KHTML, like Gecko) Version/16.6 Mobile/15E148 Safari/604.1"
82.125.174.183 - - [21/Jan/2024:23:03:53 +0100] "GET /images/object227400126.png HTTP/1.0" 200 515 "http://www.reflexpro.fr/sigma-800-f56-dg-ex-hsm-monture-canon-p-1338.html" "Mozilla/5.0 (iPhone; CPU iPhone OS 16_6_1 like Mac OS X) AppleWebKit/605.1.15 (KHTML, like Gecko) Version/16.6 Mobile/15E148 Safari/604.1"
82.125.174.183 - - [21/Jan/2024:23:03:53 +0100] "GET /images/searchicon.png HTTP/1.0" 200 664 "http://www.reflexpro.fr/sigma-800-f56-dg-ex-hsm-monture-canon-p-1338.html" "Mozilla/5.0 (iPhone; CPU iPhone OS 16_6_1 like Mac OS X) AppleWebKit/605.1.15 (KHTML, like Gecko) Version/16.6 Mobile/15E148 Safari/604.1"
82.125.174.183 - - [21/Jan/2024:23:03:53 +0100] "GET /images/spacer.gif HTTP/1.0" 200 328 "http://www.reflexpro.fr/sigma-800-f56-dg-ex-hsm-monture-canon-p-1338.html" "Mozilla/5.0 (iPhone; CPU iPhone OS 16_6_1 like Mac OS X) AppleWebKit/605.1.15 (KHTML, like Gecko) Version/16.6 Mobile/15E148 Safari/604.1"
82.125.174.183 - - [21/Jan/2024:23:03:53 +0100] "GET /images/footerbullets.png HTTP/1.0" 200 503 "http://www.reflexpro.fr/sigma-800-f56-dg-ex-hsm-monture-canon-p-1338.html" "Mozilla/5.0 (iPhone; CPU iPhone OS 16_6_1 like Mac OS X) AppleWebKit/605.1.15 (KHTML, like Gecko) Version/16.6 Mobile/15E148 Safari/604.1"
82.125.174.183 - - [21/Jan/2024:23:03:53 +0100] "GET /highslide/graphics/outlines/drop-shadow.png HTTP/1.0" 200 277 "http://www.reflexpro.fr/sigma-800-f56-dg-ex-hsm-monture-canon-p-1338.html" "Mozilla/5.0 (iPhone; CPU iPhone OS 16_6_1 like Mac OS X) AppleWebKit/605.1.15 (KHTML, like Gecko) Version/16.6 Mobile/15E148 Safari/604.1"
82.125.174.183 - - [21/Jan/2024:23:03:53 +0100] "GET /highslide/graphics/zoomout.cur HTTP/1.0" 200 614 "http://www.reflexpro.fr/sigma-800-f56-dg-ex-hsm-monture-canon-p-1338.html" "Mozilla/5.0 (iPhone; CPU iPhone OS 16_6_1 like Mac OS X) AppleWebKit/605.1.15 (KHTML, like Gecko) Version/16.6 Mobile/15E148 Safari/604.1"
82.125.174.183 - - [21/Jan/2024:23:03:53 +0100] "GET /highslide/graphics/loader.white.gif HTTP/1.0" 200 960 "http://www.reflexpro.fr/sigma-800-f56-dg-ex-hsm-monture-canon-p-1338.html" "Mozilla/5.0 (iPhone; CPU iPhone OS 16_6_1 like Mac OS X) AppleWebKit/605.1.15 (KHTML, like Gecko) Version/16.6 Mobile/15E148 Safari/604.1"
82.125.174.183 - - [21/Jan/2024:23:03:53 +0100] "GET /favicon.ico HTTP/1.0" 200 260 "http://www.reflexpro.fr/sigma-800-f56-dg-ex-hsm-monture-canon-p-1338.html" "Mozilla/5.0 (iPhone; CPU iPhone OS 16_6_1 like Mac OS X) AppleWebKit/605.1.15 (KHTML, like Gecko) Version/16.6 Mobile/15E148 Safari/604.1"
82.125.174.183 - - [21/Jan/2024:23:03:59 +0100] "GET /images/800-large.jpg HTTP/1.0" 404 1306 "http://www.reflexpro.fr/sigma-800-f56-dg-ex-hsm-monture-canon-p-1338.html" "Mozilla/5.0 (iPhone; CPU iPhone OS 16_6_1 like Mac OS X) AppleWebKit/605.1.15 (KHTML, like Gecko) Version/16.6 Mobile/15E148 Safari/604.1"
82.125.174.183 - - [21/Jan/2024:23:03:59 +0100] "GET /images/preloader-01.gif HTTP/1.0" 200 257 "http://www.reflexpro.fr/sigma-800-f56-dg-ex-hsm-monture-canon-p-1338.html" "Mozilla/5.0 (iPhone; CPU iPhone OS 16_6_1 like Mac OS X) AppleWebKit/605.1.15 (KHTML, like Gecko) Version/16.6 Mobile/15E148 Safari/604.1"
69.162.124.230 - - [21/Jan/2024:23:05:12 +0100] "HEAD / HTTP/1.0" 200 383 "http://www.reflexpro.fr" "Mozilla/5.0+(compatible; UptimeRobot/2.0; http://www.uptimerobot.com/)"
69.162.124.230 - - [21/Jan/2024:23:10:09 +0100] "HEAD / HTTP/1.0" 200 383 "http://www.reflexpro.fr" "Mozilla/5.0+(compatible; UptimeRobot/2.0; http://www.uptimerobot.com/)"
69.162.124.230 - - [21/Jan/2024:23:15:10 +0100] "HEAD / HTTP/1.0" 200 383 "http://www.reflexpro.fr" "Mozilla/5.0+(compatible; UptimeRobot/2.0; http://www.uptimerobot.com/)"
165.227.83.148 - - [21/Jan/2024:23:22:24 +0100] "GET / HTTP/1.0" 200 35969 "http://www.reflexpro.fr" "Mozilla/5.0+(compatible; UptimeRobot/2.0; http://www.uptimerobot.com/)"
159.203.30.41 - - [21/Jan/2024:23:22:25 +0100] "GET / HTTP/1.0" 200 35969 "http://www.reflexpro.fr" "Mozilla/5.0+(compatible; UptimeRobot/2.0; http://www.uptimerobot.com/)"
54.36.149.60 - - [21/Jan/2024:23:25:00 +0100] "GET /nuprime-sta-silver-bloc-de-puissance-stereo-bridgeable-p-2365.html HTTP/1.0" 200 31690 "-" "Mozilla/5.0 (compatible; AhrefsBot/7.0; +http://ahrefs.com/robot/)"
69.162.124.230 - - [21/Jan/2024:23:26:01 +0100] "HEAD / HTTP/1.0" 200 383 "http://www.reflexpro.fr" "Mozilla/5.0+(compatible; UptimeRobot/2.0; http://www.uptimerobot.com/)"
37.166.200.152 - - [21/Jan/2024:23:27:09 +0100] "GET /sigma-800-f56-dg-ex-hsm-monture-canon-p-1338.html HTTP/1.0" 200 31958 "-" "Mozilla/5.0 (Linux; Android 10; K) AppleWebKit/537.36 (KHTML, like Gecko) Chrome/120.0.0.0 Mobile Safari/537.36 EdgA/120.0.0.0"
69.162.124.230 - - [21/Jan/2024:23:31:01 +0100] "HEAD / HTTP/1.0" 200 383 "http://www.reflexpro.fr" "Mozilla/5.0+(compatible; UptimeRobot/2.0; http://www.uptimerobot.com/)"
216.244.66.233 - - [21/Jan/2024:23:34:38 +0100] "GET /robots.txt HTTP/1.0" 200 245 "-" "Mozilla/5.0 (compatible; DotBot/1.2; +https://opensiteexplorer.org/dotbot; help@moz.com)"
66.249.66.21 - - [21/Jan/2024:23:34:44 +0100] "GET /sonos-move-noir-p-3056.html HTTP/1.0" 200 28732 "-" "Mozilla/5.0 (Linux; Android 6.0.1; Nexus 5X Build/MMB29P) AppleWebKit/537.36 (KHTML, like Gecko) Chrome/120.0.6099.224 Mobile Safari/537.36 (compatible; Googlebot/2.1; +http://www.google.com/bot.html)"
69.162.124.230 - - [21/Jan/2024:23:36:01 +0100] "HEAD / HTTP/1.0" 200 383 "http://www.reflexpro.fr" "Mozilla/5.0+(compatible; UptimeRobot/2.0; http://www.uptimerobot.com/)"
52.167.144.212 - - [21/Jan/2024:23:39:58 +0100] "GET /sigma-17-70-f28-dc-os-hsm-macro-comtemporary-monture-canon-pr-948.html HTTP/1.0" 200 26236 "-" "Mozilla/5.0 AppleWebKit/537.36 (KHTML, like Gecko; compatible; bingbot/2.0; +http://www.bing.com/bingbot.htm) Chrome/116.0.1938.76 Safari/537.36"
66.249.66.22 - - [21/Jan/2024:23:40:48 +0100] "GET /leica-typ-240-chrome-noir-finish-ref-10773-p-1644.html HTTP/1.0" 200 22110 "-" "Mozilla/5.0 (Linux; Android 6.0.1; Nexus 5X Build/MMB29P) AppleWebKit/537.36 (KHTML, like Gecko) Chrome/120.0.6099.224 Mobile Safari/537.36 (compatible; Googlebot/2.1; +http://www.google.com/bot.html)"
69.162.124.230 - - [21/Jan/2024:23:41:01 +0100] "HEAD / HTTP/1.0" 200 383 "http://www.reflexpro.fr" "Mozilla/5.0+(compatible; UptimeRobot/2.0; http://www.uptimerobot.com/)"
109.31.195.216 - - [21/Jan/2024:23:43:41 +0100] "GET /sigma-70-f28-dg-ex-macro-monture-nikon-p-1333.html HTTP/1.0" 200 30658 "https://www.google.fr/" "Mozilla/5.0 (iPhone; CPU iPhone OS 15_7_1 like Mac OS X) AppleWebKit/605.1.15 (KHTML, like Gecko) Version/15.6.3 Mobile/15E148 Safari/604.1"
109.31.195.216 - - [21/Jan/2024:23:43:41 +0100] "GET /style.css HTTP/1.0" 200 242 "http://www.reflexpro.fr/sigma-70-f28-dg-ex-macro-monture-nikon-p-1333.html" "Mozilla/5.0 (iPhone; CPU iPhone OS 15_7_1 like Mac OS X) AppleWebKit/605.1.15 (KHTML, like Gecko) Version/15.6.3 Mobile/15E148 Safari/604.1"
109.31.195.216 - - [21/Jan/2024:23:43:41 +0100] "GET /style.responsive.css HTTP/1.0" 200 253 "http://www.reflexpro.fr/sigma-70-f28-dg-ex-macro-monture-nikon-p-1333.html" "Mozilla/5.0 (iPhone; CPU iPhone OS 15_7_1 like Mac OS X) AppleWebKit/605.1.15 (KHTML, like Gecko) Version/15.6.3 Mobile/15E148 Safari/604.1"
109.31.195.216 - - [21/Jan/2024:23:43:41 +0100] "GET /templates/Pixame_v1/stylesheet.css HTTP/1.0" 200 267 "http://www.reflexpro.fr/sigma-70-f28-dg-ex-macro-monture-nikon-p-1333.html" "Mozilla/5.0 (iPhone; CPU iPhone OS 15_7_1 like Mac OS X) AppleWebKit/605.1.15 (KHTML, like Gecko) Version/15.6.3 Mobile/15E148 Safari/604.1"
109.31.195.216 - - [21/Jan/2024:23:43:41 +0100] "GET /font-awesome-4.0.3/css/font-awesome.css HTTP/1.0" 200 272 "http://www.reflexpro.fr/sigma-70-f28-dg-ex-macro-monture-nikon-p-1333.html" "Mozilla/5.0 (iPhone; CPU iPhone OS 15_7_1 like Mac OS X) AppleWebKit/605.1.15 (KHTML, like Gecko) Version/15.6.3 Mobile/15E148 Safari/604.1"
109.31.195.216 - - [21/Jan/2024:23:43:41 +0100] "GET /jquery.js HTTP/1.0" 200 249 "http://www.reflexpro.fr/sigma-70-f28-dg-ex-macro-monture-nikon-p-1333.html" "Mozilla/5.0 (iPhone; CPU iPhone OS 15_7_1 like Mac OS X) AppleWebKit/605.1.15 (KHTML, like Gecko) Version/15.6.3 Mobile/15E148 Safari/604.1"
109.31.195.216 - - [21/Jan/2024:23:43:41 +0100] "GET /highslide/highslide.js HTTP/1.0" 200 262 "http://www.reflexpro.fr/sigma-70-f28-dg-ex-macro-monture-nikon-p-1333.html" "Mozilla/5.0 (iPhone; CPU iPhone OS 15_7_1 like Mac OS X) AppleWebKit/605.1.15 (KHTML, like Gecko) Version/15.6.3 Mobile/15E148 Safari/604.1"
109.31.195.216 - - [21/Jan/2024:23:43:41 +0100] "GET /script.js HTTP/1.0" 200 249 "http://www.reflexpro.fr/sigma-70-f28-dg-ex-macro-monture-nikon-p-1333.html" "Mozilla/5.0 (iPhone; CPU iPhone OS 15_7_1 like Mac OS X) AppleWebKit/605.1.15 (KHTML, like Gecko) Version/15.6.3 Mobile/15E148 Safari/604.1"
109.31.195.216 - - [21/Jan/2024:23:43:41 +0100] "GET /script.responsive.js HTTP/1.0" 200 260 "http://www.reflexpro.fr/sigma-70-f28-dg-ex-macro-monture-nikon-p-1333.html" "Mozilla/5.0 (iPhone; CPU iPhone OS 15_7_1 like Mac OS X) AppleWebKit/605.1.15 (KHTML, like Gecko) Version/15.6.3 Mobile/15E148 Safari/604.1"
109.31.195.216 - - [21/Jan/2024:23:43:42 +0100] "GET /themes-nivo/default/default.css HTTP/1.0" 200 264 "http://www.reflexpro.fr/sigma-70-f28-dg-ex-macro-monture-nikon-p-1333.html" "Mozilla/5.0 (iPhone; CPU iPhone OS 15_7_1 like Mac OS X) AppleWebKit/605.1.15 (KHTML, like Gecko) Version/15.6.3 Mobile/15E148 Safari/604.1"
109.31.195.216 - - [21/Jan/2024:23:43:42 +0100] "GET /themes-nivo/light/light.css HTTP/1.0" 200 260 "http://www.reflexpro.fr/sigma-70-f28-dg-ex-macro-monture-nikon-p-1333.html" "Mozilla/5.0 (iPhone; CPU iPhone OS 15_7_1 like Mac OS X) AppleWebKit/605.1.15 (KHTML, like Gecko) Version/15.6.3 Mobile/15E148 Safari/604.1"
109.31.195.216 - - [21/Jan/2024:23:43:42 +0100] "GET /themes-nivo/dark/dark.css HTTP/1.0" 200 258 "http://www.reflexpro.fr/sigma-70-f28-dg-ex-macro-monture-nikon-p-1333.html" "Mozilla/5.0 (iPhone; CPU iPhone OS 15_7_1 like Mac OS X) AppleWebKit/605.1.15 (KHTML, like Gecko) Version/15.6.3 Mobile/15E148 Safari/604.1"
109.31.195.216 - - [21/Jan/2024:23:43:42 +0100] "GET /themes-nivo/bar/bar.css HTTP/1.0" 200 256 "http://www.reflexpro.fr/sigma-70-f28-dg-ex-macro-monture-nikon-p-1333.html" "Mozilla/5.0 (iPhone; CPU iPhone OS 15_7_1 like Mac OS X) AppleWebKit/605.1.15 (KHTML, like Gecko) Version/15.6.3 Mobile/15E148 Safari/604.1"
109.31.195.216 - - [21/Jan/2024:23:43:42 +0100] "GET /nivo-slider.css HTTP/1.0" 200 248 "http://www.reflexpro.fr/sigma-70-f28-dg-ex-macro-monture-nikon-p-1333.html" "Mozilla/5.0 (iPhone; CPU iPhone OS 15_7_1 like Mac OS X) AppleWebKit/605.1.15 (KHTML, like Gecko) Version/15.6.3 Mobile/15E148 Safari/604.1"
109.31.195.216 - - [21/Jan/2024:23:43:42 +0100] "GET /jquery-1.9.0.min.js HTTP/1.0" 200 259 "http://www.reflexpro.fr/sigma-70-f28-dg-ex-macro-monture-nikon-p-1333.html" "Mozilla/5.0 (iPhone; CPU iPhone OS 15_7_1 like Mac OS X) AppleWebKit/605.1.15 (KHTML, like Gecko) Version/15.6.3 Mobile/15E148 Safari/604.1"
109.31.195.216 - - [21/Jan/2024:23:43:42 +0100] "GET /jquery.nivo.slider.js HTTP/1.0" 200 261 "http://www.reflexpro.fr/sigma-70-f28-dg-ex-macro-monture-nikon-p-1333.html" "Mozilla/5.0 (iPhone; CPU iPhone OS 15_7_1 like Mac OS X) AppleWebKit/605.1.15 (KHTML, like Gecko) Version/15.6.3 Mobile/15E148 Safari/604.1"
109.31.195.216 - - [21/Jan/2024:23:43:42 +0100] "GET /cookieconsentbar/cookieconsentbar.css HTTP/1.0" 200 270 "http://www.reflexpro.fr/sigma-70-f28-dg-ex-macro-monture-nikon-p-1333.html" "Mozilla/5.0 (iPhone; CPU iPhone OS 15_7_1 like Mac OS X) AppleWebKit/605.1.15 (KHTML, like Gecko) Version/15.6.3 Mobile/15E148 Safari/604.1"
109.31.195.216 - - [21/Jan/2024:23:43:42 +0100] "GET /cookieconsentbar/cookieconsentbar.js HTTP/1.0" 200 276 "http://www.reflexpro.fr/sigma-70-f28-dg-ex-macro-monture-nikon-p-1333.html" "Mozilla/5.0 (iPhone; CPU iPhone OS 15_7_1 like Mac OS X) AppleWebKit/605.1.15 (KHTML, like Gecko) Version/15.6.3 Mobile/15E148 Safari/604.1"
109.31.195.216 - - [21/Jan/2024:23:43:42 +0100] "GET /images/logo-2130545471.png HTTP/1.0" 200 260 "http://www.reflexpro.fr/sigma-70-f28-dg-ex-macro-monture-nikon-p-1333.html" "Mozilla/5.0 (iPhone; CPU iPhone OS 15_7_1 like Mac OS X) AppleWebKit/605.1.15 (KHTML, like Gecko) Version/15.6.3 Mobile/15E148 Safari/604.1"
109.31.195.216 - - [21/Jan/2024:23:43:42 +0100] "GET /img-site/home3.png HTTP/1.0" 200 252 "http://www.reflexpro.fr/sigma-70-f28-dg-ex-macro-monture-nikon-p-1333.html" "Mozilla/5.0 (iPhone; CPU iPhone OS 15_7_1 like Mac OS X) AppleWebKit/605.1.15 (KHTML, like Gecko) Version/15.6.3 Mobile/15E148 Safari/604.1"
109.31.195.216 - - [21/Jan/2024:23:43:42 +0100] "GET /images/7028.jpg HTTP/1.0" 200 250 "http://www.reflexpro.fr/sigma-70-f28-dg-ex-macro-monture-nikon-p-1333.html" "Mozilla/5.0 (iPhone; CPU iPhone OS 15_7_1 like Mac OS X) AppleWebKit/605.1.15 (KHTML, like Gecko) Version/15.6.3 Mobile/15E148 Safari/604.1"
109.31.195.216 - - [21/Jan/2024:23:43:42 +0100] "GET /images/ecotaxe_on.jpg HTTP/1.0" 200 256 "http://www.reflexpro.fr/sigma-70-f28-dg-ex-macro-monture-nikon-p-1333.html" "Mozilla/5.0 (iPhone; CPU iPhone OS 15_7_1 like Mac OS X) AppleWebKit/605.1.15 (KHTML, like Gecko) Version/15.6.3 Mobile/15E148 Safari/604.1"
109.31.195.216 - - [21/Jan/2024:23:43:42 +0100] "GET /images/pixel_trans.gif HTTP/1.0" 200 328 "http://www.reflexpro.fr/sigma-70-f28-dg-ex-macro-monture-nikon-p-1333.html" "Mozilla/5.0 (iPhone; CPU iPhone OS 15_7_1 like Mac OS X) AppleWebKit/605.1.15 (KHTML, like Gecko) Version/15.6.3 Mobile/15E148 Safari/604.1"
109.31.195.216 - - [21/Jan/2024:23:43:42 +0100] "GET /images/pixel_orange.gif HTTP/1.0" 200 328 "http://www.reflexpro.fr/sigma-70-f28-dg-ex-macro-monture-nikon-p-1333.html" "Mozilla/5.0 (iPhone; CPU iPhone OS 15_7_1 like Mac OS X) AppleWebKit/605.1.15 (KHTML, like Gecko) Version/15.6.3 Mobile/15E148 Safari/604.1"
109.31.195.216 - - [21/Jan/2024:23:43:42 +0100] "GET /images/icon_paiement.jpg HTTP/1.0" 200 259 "http://www.reflexpro.fr/sigma-70-f28-dg-ex-macro-monture-nikon-p-1333.html" "Mozilla/5.0 (iPhone; CPU iPhone OS 15_7_1 like Mac OS X) AppleWebKit/605.1.15 (KHTML, like Gecko) Version/15.6.3 Mobile/15E148 Safari/604.1"
109.31.195.216 - - [21/Jan/2024:23:43:42 +0100] "GET /images/icon_tel.jpg HTTP/1.0" 200 254 "http://www.reflexpro.fr/sigma-70-f28-dg-ex-macro-monture-nikon-p-1333.html" "Mozilla/5.0 (iPhone; CPU iPhone OS 15_7_1 like Mac OS X) AppleWebKit/605.1.15 (KHTML, like Gecko) Version/15.6.3 Mobile/15E148 Safari/604.1"
