109.31.195.216 - - [21/Jan/2024:23:43:42 +0100] "GET /font-awesome-4.0.3/fonts/fontawesome-webfont.woff?v=4.0.3 HTTP/1.0" 200 284 "http://www.reflexpro.fr/sigma-70-f28-dg-ex-macro-monture-nikon-p-1333.html" "Mozilla/5.0 (iPhone; CPU iPhone OS 15_7_1 like Mac OS X) AppleWebKit/605.1.15 (KHTML, like Gecko) Version/15.6.3 Mobile/15E148 Safari/604.1"
109.31.195.216 - - [21/Jan/2024:23:43:42 +0100] "GET /images/qui-sommes-nous.jpg HTTP/1.0" 200 261 "http://www.reflexpro.fr/sigma-70-f28-dg-ex-macro-monture-nikon-p-1333.html" "Mozilla/5.0 (iPhone; CPU iPhone OS 15_7_1 like Mac OS X) AppleWebKit/605.1.15 (KHTML, like Gecko) Version/15.6.3 Mobile/15E148 Safari/604.1"
109.31.195.216 - - [21/Jan/2024:23:43:42 +0100] "GET /images/header.png HTTP/1.0" 200 251 "http://www.reflexpro.fr/sigma-70-f28-dg-ex-macro-monture-nikon-p-1333.html" "Mozilla/5.0 (iPhone; CPU iPhone OS 15_7_1 like Mac OS X) AppleWebKit/605.1.15 (KHTML, like Gecko) Version/15.6.3 Mobile/15E148 Safari/604.1"
109.31.195.216 - - [21/Jan/2024:23:43:42 +0100] "GET /images/page.jpeg HTTP/1.0" 200 251 "http://www.reflexpro.fr/sigma-70-f28-dg-ex-macro-monture-nikon-p-1333.html" "Mozilla/5.0 (iPhone; CPU iPhone OS 15_7_1 like Mac OS X) AppleWebKit/605.1.15 (KHTML, like Gecko) Version/15.6.3 Mobile/15E148 Safari/604.1"
109.31.195.216 - - [21/Jan/2024:23:43:42 +0100] "GET /images/menuseparator.png HTTP/1.0" 200 487 "http://www.reflexpro.fr/sigma-70-f28-dg-ex-macro-monture-nikon-p-1333.html" "Mozilla/5.0 (iPhone; CPU iPhone OS 15_7_1 like Mac OS X) AppleWebKit/605.1.15 (KHTML, like Gecko) Version/15.6.3 Mobile/15E148 Safari/604.1"
109.31.195.216 - - [21/Jan/2024:23:43:42 +0100] "GET /images/icone_contacter.jpg HTTP/1.0" 200 261 "http://www.reflexpro.fr/sigma-70-f28-dg-ex-macro-monture-nikon-p-1333.html" "Mozilla/5.0 (iPhone; CPU iPhone OS 15_7_1 like Mac OS X) AppleWebKit/605.1.15 (KHTML, like Gecko) Version/15.6.3 Mobile/15E148 Safari/604.1"
109.31.195.216 - - [21/Jan/2024:23:43:42 +0100] "GET /images/object227400126.png HTTP/1.0" 200 515 "http://www.reflexpro.fr/sigma-70-f28-dg-ex-macro-monture-nikon-p-1333.html" "Mozilla/5.0 (iPhone; CPU iPhone OS 15_7_1 like Mac OS X) AppleWebKit/605.1.15 (KHTML, like Gecko) Version/15.6.3 Mobile/15E148 Safari/604.1"
109.31.195.216 - - [21/Jan/2024:23:43:42 +0100] "GET /images/searchicon.png HTTP/1.0" 200 664 "http://www.reflexpro.fr/sigma-70-f28-dg-ex-macro-monture-nikon-p-1333.html" "Mozilla/5.0 (iPhone; CPU iPhone OS 15_7_1 like Mac OS X) AppleWebKit/605.1.15 (KHTML, like Gecko) Version/15.6.3 Mobile/15E148 Safari/604.1"
109.31.195.216 - - [21/Jan/2024:23:43:42 +0100] "GET /images/spacer.gif HTTP/1.0" 200 328 "http://www.reflexpro.fr/sigma-70-f28-dg-ex-macro-monture-nikon-p-1333.html" "Mozilla/5.0 (iPhone; CPU iPhone OS 15_7_1 like Mac OS X) AppleWebKit/605.1.15 (KHTML, like Gecko) Version/15.6.3 Mobile/15E148 Safari/604.1"
109.31.195.216 - - [21/Jan/2024:23:43:42 +0100] "GET /images/footerbullets.png HTTP/1.0" 200 503 "http://www.reflexpro.fr/sigma-70-f28-dg-ex-macro-monture-nikon-p-1333.html" "Mozilla/5.0 (iPhone; CPU iPhone OS 15_7_1 like Mac OS X) AppleWebKit/605.1.15 (KHTML, like Gecko) Version/15.6.3 Mobile/15E148 Safari/604.1"
109.31.195.216 - - [21/Jan/2024:23:43:43 +0100] "GET /highslide/graphics/outlines/drop-shadow.png HTTP/1.0" 200 277 "http://www.reflexpro.fr/sigma-70-f28-dg-ex-macro-monture-nikon-p-1333.html" "Mozilla/5.0 (iPhone; CPU iPhone OS 15_7_1 like Mac OS X) AppleWebKit/605.1.15 (KHTML, like Gecko) Version/15.6.3 Mobile/15E148 Safari/604.1"
109.31.195.216 - - [21/Jan/2024:23:43:43 +0100] "GET /highslide/graphics/zoomout.cur HTTP/1.0" 200 614 "http://www.reflexpro.fr/sigma-70-f28-dg-ex-macro-monture-nikon-p-1333.html" "Mozilla/5.0 (iPhone; CPU iPhone OS 15_7_1 like Mac OS X) AppleWebKit/605.1.15 (KHTML, like Gecko) Version/15.6.3 Mobile/15E148 Safari/604.1"
109.31.195.216 - - [21/Jan/2024:23:43:43 +0100] "GET /highslide/graphics/loader.white.gif HTTP/1.0" 200 960 "http://www.reflexpro.fr/sigma-70-f28-dg-ex-macro-monture-nikon-p-1333.html" "Mozilla/5.0 (iPhone; CPU iPhone OS 15_7_1 like Mac OS X) AppleWebKit/605.1.15 (KHTML, like Gecko) Version/15.6.3 Mobile/15E148 Safari/604.1"
109.31.195.216 - - [21/Jan/2024:23:43:44 +0100] "GET /favicon.ico HTTP/1.0" 200 260 "http://www.reflexpro.fr/sigma-70-f28-dg-ex-macro-monture-nikon-p-1333.html" "Mozilla/5.0 (iPhone; CPU iPhone OS 15_7_1 like Mac OS X) AppleWebKit/605.1.15 (KHTML, like Gecko) Version/15.6.3 Mobile/15E148 Safari/604.1"
69.162.124.230 - - [21/Jan/2024:23:46:01 +0100] "HEAD / HTTP/1.0" 200 383 "http://www.reflexpro.fr" "Mozilla/5.0+(compatible; UptimeRobot/2.0; http://www.uptimerobot.com/)"
66.249.66.23 - - [21/Jan/2024:23:49:44 +0100] "GET /panasonic-14-140mm-f35-56-hfsa-ii-tropicalise-dekite-p-2667.html HTTP/1.0" 200 30609 "-" "Mozilla/5.0 (Linux; Android 6.0.1; Nexus 5X Build/MMB29P) AppleWebKit/537.36 (KHTML, like Gecko) Chrome/120.0.6099.224 Mobile Safari/537.36 (compatible; Googlebot/2.1; +http://www.google.com/bot.html)"
66.249.66.21 - - [21/Jan/2024:23:49:45 +0100] "GET /panasonic-14-140mm-f35-56-hfsa-ii-tropicalise-dekite-p-2667.html HTTP/1.0" 200 30609 "-" "Mozilla/5.0 (compatible; Googlebot/2.1; +http://www.google.com/bot.html)"
69.162.124.230 - - [21/Jan/2024:23:50:59 +0100] "HEAD / HTTP/1.0" 200 383 "http://www.reflexpro.fr" "Mozilla/5.0+(compatible; UptimeRobot/2.0; http://www.uptimerobot.com/)"
69.63.189.8 - - [21/Jan/2024:23:54:52 +0100] "GET /images/mini_prod/laowa100mmf2.8.jpg HTTP/1.0" 200 270 "-" "facebookexternalhit/1.1 (+http://www.facebook.com/externalhit_uatext.php)"
69.162.124.230 - - [21/Jan/2024:23:55:59 +0100] "HEAD / HTTP/1.0" 200 383 "http://www.reflexpro.fr" "Mozilla/5.0+(compatible; UptimeRobot/2.0; http://www.uptimerobot.com/)"
69.162.124.230 - - [22/Jan/2024:00:00:59 +0100] "HEAD / HTTP/1.0" 200 383 "http://www.reflexpro.fr" "Mozilla/5.0+(compatible; UptimeRobot/2.0; http://www.uptimerobot.com/)"
66.249.66.21 - - [22/Jan/2024:00:03:46 +0100] "GET /laowa-9mm-f28-zero-monture-fuji-p-2752.html HTTP/1.0" 200 30778 "-" "Mozilla/5.0 (Linux; Android 6.0.1; Nexus 5X Build/MMB29P) AppleWebKit/537.36 (KHTML, like Gecko) Chrome/120.0.6099.224 Mobile Safari/537.36 (compatible; Googlebot/2.1; +http://www.google.com/bot.html)"
69.162.124.230 - - [22/Jan/2024:00:06:04 +0100] "HEAD / HTTP/1.0" 200 383 "http://www.reflexpro.fr" "Mozilla/5.0+(compatible; UptimeRobot/2.0; http://www.uptimerobot.com/)"
69.162.124.230 - - [22/Jan/2024:00:11:21 +0100] "HEAD / HTTP/1.0" 200 383 "http://www.reflexpro.fr" "Mozilla/5.0+(compatible; UptimeRobot/2.0; http://www.uptimerobot.com/)"
69.162.124.230 - - [22/Jan/2024:00:15:59 +0100] "HEAD / HTTP/1.0" 200 383 "http://www.reflexpro.fr" "Mozilla/5.0+(compatible; UptimeRobot/2.0; http://www.uptimerobot.com/)"
69.63.189.8 - - [22/Jan/2024:00:17:26 +0100] "GET /%20images/tamrom150-500.jpg HTTP/1.0" 404 1306 "-" "facebookexternalhit/1.1 (+http://www.facebook.com/externalhit_uatext.php)"
69.162.124.230 - - [22/Jan/2024:00:21:03 +0100] "HEAD / HTTP/1.0" 200 383 "http://www.reflexpro.fr" "Mozilla/5.0+(compatible; UptimeRobot/2.0; http://www.uptimerobot.com/)"
69.162.124.230 - - [22/Jan/2024:00:26:00 +0100] "HEAD / HTTP/1.0" 200 383 "http://www.reflexpro.fr" "Mozilla/5.0+(compatible; UptimeRobot/2.0; http://www.uptimerobot.com/)"
66.249.66.21 - - [22/Jan/2024:00:30:54 +0100] "GET /sony-sel-24-105-fe-f4-sel24105g-p-2476.html HTTP/1.0" 200 30989 "-" "Mozilla/5.0 (compatible; Googlebot/2.1; +http://www.google.com/bot.html)"
66.249.66.21 - - [22/Jan/2024:00:31:11 +0100] "GET /images/mini_prod/SAL55200.jpg HTTP/1.0" 200 264 "-" "Googlebot-Image/1.0"
69.162.124.230 - - [22/Jan/2024:00:31:19 +0100] "HEAD / HTTP/1.0" 200 383 "http://www.reflexpro.fr" "Mozilla/5.0+(compatible; UptimeRobot/2.0; http://www.uptimerobot.com/)"
69.162.124.230 - - [22/Jan/2024:00:36:09 +0100] "HEAD / HTTP/1.0" 200 383 "http://www.reflexpro.fr" "Mozilla/5.0+(compatible; UptimeRobot/2.0; http://www.uptimerobot.com/)"
66.249.66.21 - - [22/Jan/2024:00:39:46 +0100] "GET /?yandex-source=touch-maps HTTP/1.0" 200 34941 "-" "Mozilla/5.0 (Linux; Android 6.0.1; Nexus 5X Build/MMB29P) AppleWebKit/537.36 (KHTML, like Gecko) Chrome/120.0.6099.224 Mobile Safari/537.36 (compatible; Googlebot/2.1; +http://www.google.com/bot.html)"
66.249.66.22 - - [22/Jan/2024:00:39:47 +0100] "GET /photo-camescope/imprimantes-c-271_320.html HTTP/1.0" 301 24617 "-" "Mozilla/5.0 (Linux; Android 6.0.1; Nexus 5X Build/MMB29P) AppleWebKit/537.36 (KHTML, like Gecko) Chrome/120.0.6099.224 Mobile Safari/537.36 (compatible; Googlebot/2.1; +http://www.google.com/bot.html)"
66.249.66.23 - - [22/Jan/2024:00:39:48 +0100] "GET /imprimantes-c-320.html HTTP/1.0" 301 24518 "-" "Mozilla/5.0 (Linux; Android 6.0.1; Nexus 5X Build/MMB29P) AppleWebKit/537.36 (KHTML, like Gecko) Chrome/120.0.6099.224 Mobile Safari/537.36 (compatible; Googlebot/2.1; +http://www.google.com/bot.html)"
66.249.66.22 - - [22/Jan/2024:00:39:48 +0100] "GET /nivo-slider.css HTTP/1.0" 200 248 "http://www.reflexpro.fr/?yandex-source=touch-maps" "Mozilla/5.0 (Linux; Android 6.0.1; Nexus 5X Build/MMB29P) AppleWebKit/537.36 (KHTML, like Gecko) Chrome/120.0.6099.199 Mobile Safari/537.36 (compatible; Googlebot/2.1; +http://www.google.com/bot.html)"
66.249.66.22 - - [22/Jan/2024:00:39:48 +0100] "GET /imprimantes-c-271_320.html HTTP/1.0" 200 24544 "-" "Mozilla/5.0 (Linux; Android 6.0.1; Nexus 5X Build/MMB29P) AppleWebKit/537.36 (KHTML, like Gecko) Chrome/120.0.6099.224 Mobile Safari/537.36 (compatible; Googlebot/2.1; +http://www.google.com/bot.html)"
66.249.66.21 - - [22/Jan/2024:00:39:49 +0100] "GET /sennheiser-ambeo-sub-p-3041.html HTTP/1.0" 200 38830 "-" "Mozilla/5.0 (Linux; Android 6.0.1; Nexus 5X Build/MMB29P) AppleWebKit/537.36 (KHTML, like Gecko) Chrome/120.0.6099.224 Mobile Safari/537.36 (compatible; Googlebot/2.1; +http://www.google.com/bot.html)"
69.162.124.230 - - [22/Jan/2024:00:41:14 +0100] "HEAD / HTTP/1.0" 200 383 "http://www.reflexpro.fr" "Mozilla/5.0+(compatible; UptimeRobot/2.0; http://www.uptimerobot.com/)"
66.249.66.23 - - [22/Jan/2024:00:45:51 +0100] "GET /cotton-carrier-cc-635-pro-harnais-pour-boitier-poignee-p-1708.html HTTP/1.0" 200 29962 "-" "Mozilla/5.0 (compatible; Googlebot/2.1; +http://www.google.com/bot.html)"
69.162.124.230 - - [22/Jan/2024:00:45:59 +0100] "HEAD / HTTP/1.0" 200 383 "http://www.reflexpro.fr" "Mozilla/5.0+(compatible; UptimeRobot/2.0; http://www.uptimerobot.com/)"
40.77.167.44 - - [22/Jan/2024:00:48:26 +0100] "GET /lowepro-sf-laptop-utility-backpack-100-aw-sac-photo-ordinateur-portable-pr-1337.html HTTP/1.0" 302 464 "-" "Mozilla/5.0 AppleWebKit/537.36 (KHTML, like Gecko; compatible; bingbot/2.0; +http://www.bing.com/bingbot.htm) Chrome/116.0.1938.76 Safari/537.36"
69.162.124.230 - - [22/Jan/2024:00:51:13 +0100] "HEAD / HTTP/1.0" 200 383 "http://www.reflexpro.fr" "Mozilla/5.0+(compatible; UptimeRobot/2.0; http://www.uptimerobot.com/)"
40.77.167.26 - - [22/Jan/2024:00:52:04 +0100] "GET /sonos-boost-pr-920.html HTTP/1.0" 302 464 "-" "Mozilla/5.0 AppleWebKit/537.36 (KHTML, like Gecko; compatible; bingbot/2.0; +http://www.bing.com/bingbot.htm) Chrome/116.0.1938.76 Safari/537.36"
69.63.189.118 - - [22/Jan/2024:00:55:09 +0100] "GET /images/mini_prod/tamrom150-500.jpg HTTP/1.0" 200 269 "-" "facebookexternalhit/1.1 (+http://www.facebook.com/externalhit_uatext.php)"
69.162.124.230 - - [22/Jan/2024:00:56:00 +0100] "HEAD / HTTP/1.0" 200 383 "http://www.reflexpro.fr" "Mozilla/5.0+(compatible; UptimeRobot/2.0; http://www.uptimerobot.com/)"
69.162.124.230 - - [22/Jan/2024:01:00:59 +0100] "HEAD / HTTP/1.0" 200 383 "http://www.reflexpro.fr" "Mozilla/5.0+(compatible; UptimeRobot/2.0; http://www.uptimerobot.com/)"
54.36.149.8 - - [22/Jan/2024:01:04:57 +0100] "GET /hybrides-c-271_273.html?page=3 HTTP/1.0" 200 44100 "-" "Mozilla/5.0 (compatible; AhrefsBot/7.0; +http://ahrefs.com/robot/)"
69.162.124.230 - - [22/Jan/2024:01:05:59 +0100] "HEAD / HTTP/1.0" 200 383 "http://www.reflexpro.fr" "Mozilla/5.0+(compatible; UptimeRobot/2.0; http://www.uptimerobot.com/)"
69.162.124.230 - - [22/Jan/2024:01:10:59 +0100] "HEAD / HTTP/1.0" 200 383 "http://www.reflexpro.fr" "Mozilla/5.0+(compatible; UptimeRobot/2.0; http://www.uptimerobot.com/)"
69.162.124.230 - - [22/Jan/2024:01:15:59 +0100] "HEAD / HTTP/1.0" 200 383 "http://www.reflexpro.fr" "Mozilla/5.0+(compatible; UptimeRobot/2.0; http://www.uptimerobot.com/)"
69.162.124.230 - - [22/Jan/2024:01:20:59 +0100] "HEAD / HTTP/1.0" 200 383 "http://www.reflexpro.fr" "Mozilla/5.0+(compatible; UptimeRobot/2.0; http://www.uptimerobot.com/)"
216.244.66.233 - - [22/Jan/2024:01:24:24 +0100] "GET /robots.txt HTTP/1.0" 200 245 "-" "Mozilla/5.0 (compatible; DotBot/1.2; +https://opensiteexplorer.org/dotbot; help@moz.com)"
69.162.124.230 - - [22/Jan/2024:01:25:59 +0100] "HEAD / HTTP/1.0" 200 383 "http://www.reflexpro.fr" "Mozilla/5.0+(compatible; UptimeRobot/2.0; http://www.uptimerobot.com/)"
66.249.66.21 - - [22/Jan/2024:01:26:32 +0100] "GET / HTTP/1.0" 200 35969 "-" "Mozilla/5.0 (compatible; Googlebot/2.1; +http://www.google.com/bot.html)"
69.162.124.230 - - [22/Jan/2024:01:30:59 +0100] "HEAD / HTTP/1.0" 200 383 "http://www.reflexpro.fr" "Mozilla/5.0+(compatible; UptimeRobot/2.0; http://www.uptimerobot.com/)"
66.249.66.22 - - [22/Jan/2024:01:32:39 +0100] "GET /index.php HTTP/1.0" 200 35969 "-" "Mozilla/5.0 (Linux; Android 6.0.1; Nexus 5X Build/MMB29P) AppleWebKit/537.36 (KHTML, like Gecko) Chrome/120.0.6099.224 Mobile Safari/537.36 (compatible; Googlebot/2.1; +http://www.google.com/bot.html)"
69.63.189.1 - - [22/Jan/2024:01:33:28 +0100] "GET /%20images/LAOWA33MMF0.95.jpg HTTP/1.0" 404 1306 "-" "facebookexternalhit/1.1 (+http://www.facebook.com/externalhit_uatext.php)"
69.162.124.230 - - [22/Jan/2024:01:35:59 +0100] "HEAD / HTTP/1.0" 200 383 "http://www.reflexpro.fr" "Mozilla/5.0+(compatible; UptimeRobot/2.0; http://www.uptimerobot.com/)"
54.36.149.88 - - [22/Jan/2024:01:40:49 +0100] "GET /xsw-portable-lav-mobile-kit-p-2971.html HTTP/1.0" 200 29781 "-" "Mozilla/5.0 (compatible; AhrefsBot/7.0; +http://ahrefs.com/robot/)"
54.36.148.1 - - [22/Jan/2024:01:40:50 +0100] "GET /images/SENNHEISER+509258.jpg HTTP/1.0" 200 263 "-" "Mozilla/5.0 (compatible; AhrefsBot/7.0; +http://ahrefs.com/robot/)"
69.162.124.230 - - [22/Jan/2024:01:40:59 +0100] "HEAD / HTTP/1.0" 200 383 "http://www.reflexpro.fr" "Mozilla/5.0+(compatible; UptimeRobot/2.0; http://www.uptimerobot.com/)"
69.162.124.230 - - [22/Jan/2024:01:45:59 +0100] "HEAD / HTTP/1.0" 200 383 "http://www.reflexpro.fr" "Mozilla/5.0+(compatible; UptimeRobot/2.0; http://www.uptimerobot.com/)"
86.247.184.220 - - [22/Jan/2024:01:50:11 +0100] "GET /nikon-wu-1a-p-1665.html HTTP/1.0" 200 31293 "https://www.google.fr/" "Mozilla/5.0 (Macintosh; Intel Mac OS X 10_15_7) AppleWebKit/605.1.15 (KHTML, like Gecko) Version/16.6 Safari/605.1.15"
86.247.184.220 - - [22/Jan/2024:01:50:11 +0100] "GET /highslide/highslide.js HTTP/1.0" 200 262 "http://www.reflexpro.fr/nikon-wu-1a-p-1665.html" "Mozilla/5.0 (Macintosh; Intel Mac OS X 10_15_7) AppleWebKit/605.1.15 (KHTML, like Gecko) Version/16.6 Safari/605.1.15"
86.247.184.220 - - [22/Jan/2024:01:50:11 +0100] "GET /style.css HTTP/1.0" 200 242 "http://www.reflexpro.fr/nikon-wu-1a-p-1665.html" "Mozilla/5.0 (Macintosh; Intel Mac OS X 10_15_7) AppleWebKit/605.1.15 (KHTML, like Gecko) Version/16.6 Safari/605.1.15"
86.247.184.220 - - [22/Jan/2024:01:50:11 +0100] "GET /style.responsive.css HTTP/1.0" 200 253 "http://www.reflexpro.fr/nikon-wu-1a-p-1665.html" "Mozilla/5.0 (Macintosh; Intel Mac OS X 10_15_7) AppleWebKit/605.1.15 (KHTML, like Gecko) Version/16.6 Safari/605.1.15"
86.247.184.220 - - [22/Jan/2024:01:50:11 +0100] "GET /font-awesome-4.0.3/css/font-awesome.css HTTP/1.0" 200 272 "http://www.reflexpro.fr/nikon-wu-1a-p-1665.html" "Mozilla/5.0 (Macintosh; Intel Mac OS X 10_15_7) AppleWebKit/605.1.15 (KHTML, like Gecko) Version/16.6 Safari/605.1.15"
86.247.184.220 - - [22/Jan/2024:01:50:11 +0100] "GET /templates/Pixame_v1/stylesheet.css HTTP/1.0" 200 267 "http://www.reflexpro.fr/nikon-wu-1a-p-1665.html" "Mozilla/5.0 (Macintosh; Intel Mac OS X 10_15_7) AppleWebKit/605.1.15 (KHTML, like Gecko) Version/16.6 Safari/605.1.15"
86.247.184.220 - - [22/Jan/2024:01:50:11 +0100] "GET /jquery.js HTTP/1.0" 200 249 "http://www.reflexpro.fr/nikon-wu-1a-p-1665.html" "Mozilla/5.0 (Macintosh; Intel Mac OS X 10_15_7) AppleWebKit/605.1.15 (KHTML, like Gecko) Version/16.6 Safari/605.1.15"
86.247.184.220 - - [22/Jan/2024:01:50:11 +0100] "GET /script.js HTTP/1.0" 200 249 "http://www.reflexpro.fr/nikon-wu-1a-p-1665.html" "Mozilla/5.0 (Macintosh; Intel Mac OS X 10_15_7) AppleWebKit/605.1.15 (KHTML, like Gecko) Version/16.6 Safari/605.1.15"
86.247.184.220 - - [22/Jan/2024:01:50:11 +0100] "GET /script.responsive.js HTTP/1.0" 200 260 "http://www.reflexpro.fr/nikon-wu-1a-p-1665.html" "Mozilla/5.0 (Macintosh; Intel Mac OS X 10_15_7) AppleWebKit/605.1.15 (KHTML, like Gecko) Version/16.6 Safari/605.1.15"
86.247.184.220 - - [22/Jan/2024:01:50:11 +0100] "GET /themes-nivo/default/default.css HTTP/1.0" 200 264 "http://www.reflexpro.fr/nikon-wu-1a-p-1665.html" "Mozilla/5.0 (Macintosh; Intel Mac OS X 10_15_7) AppleWebKit/605.1.15 (KHTML, like Gecko) Version/16.6 Safari/605.1.15"
86.247.184.220 - - [22/Jan/2024:01:50:11 +0100] "GET /themes-nivo/light/light.css HTTP/1.0" 200 260 "http://www.reflexpro.fr/nikon-wu-1a-p-1665.html" "Mozilla/5.0 (Macintosh; Intel Mac OS X 10_15_7) AppleWebKit/605.1.15 (KHTML, like Gecko) Version/16.6 Safari/605.1.15"
86.247.184.220 - - [22/Jan/2024:01:50:11 +0100] "GET /themes-nivo/dark/dark.css HTTP/1.0" 200 258 "http://www.reflexpro.fr/nikon-wu-1a-p-1665.html" "Mozilla/5.0 (Macintosh; Intel Mac OS X 10_15_7) AppleWebKit/605.1.15 (KHTML, like Gecko) Version/16.6 Safari/605.1.15"
86.247.184.220 - - [22/Jan/2024:01:50:11 +0100] "GET /themes-nivo/bar/bar.css HTTP/1.0" 200 256 "http://www.reflexpro.fr/nikon-wu-1a-p-1665.html" "Mozilla/5.0 (Macintosh; Intel Mac OS X 10_15_7) AppleWebKit/605.1.15 (KHTML, like Gecko) Version/16.6 Safari/605.1.15"
86.247.184.220 - - [22/Jan/2024:01:50:11 +0100] "GET /nivo-slider.css HTTP/1.0" 200 248 "http://www.reflexpro.fr/nikon-wu-1a-p-1665.html" "Mozilla/5.0 (Macintosh; Intel Mac OS X 10_15_7) AppleWebKit/605.1.15 (KHTML, like Gecko) Version/16.6 Safari/605.1.15"
86.247.184.220 - - [22/Jan/2024:01:50:11 +0100] "GET /jquery-1.9.0.min.js HTTP/1.0" 200 259 "http://www.reflexpro.fr/nikon-wu-1a-p-1665.html" "Mozilla/5.0 (Macintosh; Intel Mac OS X 10_15_7) AppleWebKit/605.1.15 (KHTML, like Gecko) Version/16.6 Safari/605.1.15"
86.247.184.220 - - [22/Jan/2024:01:50:11 +0100] "GET /jquery.nivo.slider.js HTTP/1.0" 200 261 "http://www.reflexpro.fr/nikon-wu-1a-p-1665.html" "Mozilla/5.0 (Macintosh; Intel Mac OS X 10_15_7) AppleWebKit/605.1.15 (KHTML, like Gecko) Version/16.6 Safari/605.1.15"
86.247.184.220 - - [22/Jan/2024:01:50:11 +0100] "GET /cookieconsentbar/cookieconsentbar.css HTTP/1.0" 200 270 "http://www.reflexpro.fr/nikon-wu-1a-p-1665.html" "Mozilla/5.0 (Macintosh; Intel Mac OS X 10_15_7) AppleWebKit/605.1.15 (KHTML, like Gecko) Version/16.6 Safari/605.1.15"
86.247.184.220 - - [22/Jan/2024:01:50:11 +0100] "GET /images/logo-2130545471.png HTTP/1.0" 200 260 "http://www.reflexpro.fr/nikon-wu-1a-p-1665.html" "Mozilla/5.0 (Macintosh; Intel Mac OS X 10_15_7) AppleWebKit/605.1.15 (KHTML, like Gecko) Version/16.6 Safari/605.1.15"
86.247.184.220 - - [22/Jan/2024:01:50:11 +0100] "GET /img-site/home3.png HTTP/1.0" 200 252 "http://www.reflexpro.fr/nikon-wu-1a-p-1665.html" "Mozilla/5.0 (Macintosh; Intel Mac OS X 10_15_7) AppleWebKit/605.1.15 (KHTML, like Gecko) Version/16.6 Safari/605.1.15"
86.247.184.220 - - [22/Jan/2024:01:50:11 +0100] "GET /images/wu1a.jpg HTTP/1.0" 200 250 "http://www.reflexpro.fr/nikon-wu-1a-p-1665.html" "Mozilla/5.0 (Macintosh; Intel Mac OS X 10_15_7) AppleWebKit/605.1.15 (KHTML, like Gecko) Version/16.6 Safari/605.1.15"
86.247.184.220 - - [22/Jan/2024:01:50:11 +0100] "GET /images/ecotaxe_on.jpg HTTP/1.0" 200 256 "http://www.reflexpro.fr/nikon-wu-1a-p-1665.html" "Mozilla/5.0 (Macintosh; Intel Mac OS X 10_15_7) AppleWebKit/605.1.15 (KHTML, like Gecko) Version/16.6 Safari/605.1.15"
86.247.184.220 - - [22/Jan/2024:01:50:11 +0100] "GET /images/pixel_trans.gif HTTP/1.0" 200 328 "http://www.reflexpro.fr/nikon-wu-1a-p-1665.html" "Mozilla/5.0 (Macintosh; Intel Mac OS X 10_15_7) AppleWebKit/605.1.15 (KHTML, like Gecko) Version/16.6 Safari/605.1.15"
86.247.184.220 - - [22/Jan/2024:01:50:11 +0100] "GET /font-awesome-4.0.3/fonts/fontawesome-webfont.woff?v=4.0.3 HTTP/1.0" 200 284 "http://www.reflexpro.fr/nikon-wu-1a-p-1665.html" "Mozilla/5.0 (Macintosh; Intel Mac OS X 10_15_7) AppleWebKit/605.1.15 (KHTML, like Gecko) Version/16.6 Safari/605.1.15"
86.247.184.220 - - [22/Jan/2024:01:50:11 +0100] "GET /images/pixel_orange.gif HTTP/1.0" 200 328 "http://www.reflexpro.fr/nikon-wu-1a-p-1665.html" "Mozilla/5.0 (Macintosh; Intel Mac OS X 10_15_7) AppleWebKit/605.1.15 (KHTML, like Gecko) Version/16.6 Safari/605.1.15"
86.247.184.220 - - [22/Jan/2024:01:50:11 +0100] "GET /images/searchicon.png HTTP/1.0" 200 664 "http://www.reflexpro.fr/nikon-wu-1a-p-1665.html" "Mozilla/5.0 (Macintosh; Intel Mac OS X 10_15_7) AppleWebKit/605.1.15 (KHTML, like Gecko) Version/16.6 Safari/605.1.15"
86.247.184.220 - - [22/Jan/2024:01:50:11 +0100] "GET /images/page.jpeg HTTP/1.0" 200 251 "http://www.reflexpro.fr/nikon-wu-1a-p-1665.html" "Mozilla/5.0 (Macintosh; Intel Mac OS X 10_15_7) AppleWebKit/605.1.15 (KHTML, like Gecko) Version/16.6 Safari/605.1.15"
86.247.184.220 - - [22/Jan/2024:01:50:11 +0100] "GET /images/object227400126.png HTTP/1.0" 200 515 "http://www.reflexpro.fr/nikon-wu-1a-p-1665.html" "Mozilla/5.0 (Macintosh; Intel Mac OS X 10_15_7) AppleWebKit/605.1.15 (KHTML, like Gecko) Version/16.6 Safari/605.1.15"
86.247.184.220 - - [22/Jan/2024:01:50:11 +0100] "GET /images/menuseparator.png HTTP/1.0" 200 487 "http://www.reflexpro.fr/nikon-wu-1a-p-1665.html" "Mozilla/5.0 (Macintosh; Intel Mac OS X 10_15_7) AppleWebKit/605.1.15 (KHTML, like Gecko) Version/16.6 Safari/605.1.15"
86.247.184.220 - - [22/Jan/2024:01:50:11 +0100] "GET /images/icon_paiement.jpg HTTP/1.0" 200 259 "http://www.reflexpro.fr/nikon-wu-1a-p-1665.html" "Mozilla/5.0 (Macintosh; Intel Mac OS X 10_15_7) AppleWebKit/605.1.15 (KHTML, like Gecko) Version/16.6 Safari/605.1.15"
86.247.184.220 - - [22/Jan/2024:01:50:11 +0100] "GET /images/icon_tel.jpg HTTP/1.0" 200 254 "http://www.reflexpro.fr/nikon-wu-1a-p-1665.html" "Mozilla/5.0 (Macintosh; Intel Mac OS X 10_15_7) AppleWebKit/605.1.15 (KHTML, like Gecko) Version/16.6 Safari/605.1.15"
86.247.184.220 - - [22/Jan/2024:01:50:11 +0100] "GET /images/qui-sommes-nous.jpg HTTP/1.0" 200 261 "http://www.reflexpro.fr/nikon-wu-1a-p-1665.html" "Mozilla/5.0 (Macintosh; Intel Mac OS X 10_15_7) AppleWebKit/605.1.15 (KHTML, like Gecko) Version/16.6 Safari/605.1.15"
86.247.184.220 - - [22/Jan/2024:01:50:11 +0100] "GET /images/icone_contacter.jpg HTTP/1.0" 200 261 "http://www.reflexpro.fr/nikon-wu-1a-p-1665.html" "Mozilla/5.0 (Macintosh; Intel Mac OS X 10_15_7) AppleWebKit/605.1.15 (KHTML, like Gecko) Version/16.6 Safari/605.1.15"
86.247.184.220 - - [22/Jan/2024:01:50:11 +0100] "GET /images/spacer.gif HTTP/1.0" 200 328 "http://www.reflexpro.fr/nikon-wu-1a-p-1665.html" "Mozilla/5.0 (Macintosh; Intel Mac OS X 10_15_7) AppleWebKit/605.1.15 (KHTML, like Gecko) Version/16.6 Safari/605.1.15"
86.247.184.220 - - [22/Jan/2024:01:50:11 +0100] "GET /images/footerbullets.png HTTP/1.0" 200 503 "http://www.reflexpro.fr/nikon-wu-1a-p-1665.html" "Mozilla/5.0 (Macintosh; Intel Mac OS X 10_15_7) AppleWebKit/605.1.15 (KHTML, like Gecko) Version/16.6 Safari/605.1.15"
86.247.184.220 - - [22/Jan/2024:01:50:11 +0100] "GET /highslide/graphics/outlines/drop-shadow.png HTTP/1.0" 200 277 "http://www.reflexpro.fr/nikon-wu-1a-p-1665.html" "Mozilla/5.0 (Macintosh; Intel Mac OS X 10_15_7) AppleWebKit/605.1.15 (KHTML, like Gecko) Version/16.6 Safari/605.1.15"
86.247.184.220 - - [22/Jan/2024:01:50:11 +0100] "GET /highslide/graphics/zoomout.cur HTTP/1.0" 200 614 "http://www.reflexpro.fr/nikon-wu-1a-p-1665.html" "Mozilla/5.0 (Macintosh; Intel Mac OS X 10_15_7) AppleWebKit/605.1.15 (KHTML, like Gecko) Version/16.6 Safari/605.1.15"
86.247.184.220 - - [22/Jan/2024:01:50:11 +0100] "GET /highslide/graphics/loader.white.gif HTTP/1.0" 200 960 "http://www.reflexpro.fr/nikon-wu-1a-p-1665.html" "Mozilla/5.0 (Macintosh; Intel Mac OS X 10_15_7) AppleWebKit/605.1.15 (KHTML, like Gecko) Version/16.6 Safari/605.1.15"
52.167.144.216 - - [22/Jan/2024:01:50:36 +0100] "GET /rubyteck-adaptateur-usb-p-1775.html HTTP/1.0" 200 21948 "-" "Mozilla/5.0 AppleWebKit/537.36 (KHTML, like Gecko; compatible; bingbot/2.0; +http://www.bing.com/bingbot.htm) Chrome/116.0.1938.76 Safari/537.36"
69.162.124.230 - - [22/Jan/2024:01:51:14 +0100] "HEAD / HTTP/1.0" 200 383 "http://www.reflexpro.fr" "Mozilla/5.0+(compatible; UptimeRobot/2.0; http://www.uptimerobot.com/)"
66.249.66.22 - - [22/Jan/2024:01:54:34 +0100] "GET /sigma-70-f28-dg-ex-macro-monture-canon-p-1332.html HTTP/1.0" 200 30658 "-" "Mozilla/5.0 (Linux; Android 6.0.1; Nexus 5X Build/MMB29P) AppleWebKit/537.36 (KHTML, like Gecko) Chrome/120.0.6099.224 Mobile Safari/537.36 (compatible; Googlebot/2.1; +http://www.google.com/bot.html)"
66.249.66.22 - - [22/Jan/2024:01:54:35 +0100] "GET /sigma-70-f28-dg-ex-macro-monture-canon-p-1332.html HTTP/1.0" 200 30658 "-" "Mozilla/5.0 (compatible; Googlebot/2.1; +http://www.google.com/bot.html)"
66.249.66.21 - - [22/Jan/2024:01:54:39 +0100] "GET /sigma-70-f28-dg-ex-macro-monture-canon-p-1332.html HTTP/1.0" 200 30658 "-" "Mozilla/5.0 (compatible; Googlebot/2.1; +http://www.google.com/bot.html)"
66.249.66.21 - - [22/Jan/2024:01:54:39 +0100] "GET /style.responsive.css HTTP/1.0" 200 253 "http://www.reflexpro.fr/sigma-70-f28-dg-ex-macro-monture-canon-p-1332.html" "Mozilla/5.0 (compatible; Googlebot/2.1; +http://www.google.com/bot.html)"
66.249.66.22 - - [22/Jan/2024:01:54:39 +0100] "GET /style.css HTTP/1.0" 200 242 "http://www.reflexpro.fr/sigma-70-f28-dg-ex-macro-monture-canon-p-1332.html" "Mozilla/5.0 (compatible; Googlebot/2.1; +http://www.google.com/bot.html)"
66.249.66.21 - - [22/Jan/2024:01:54:40 +0100] "GET /font-awesome-4.0.3/css/font-awesome.css HTTP/1.0" 200 272 "http://www.reflexpro.fr/sigma-70-f28-dg-ex-macro-monture-canon-p-1332.html" "Mozilla/5.0 (compatible; Googlebot/2.1; +http://www.google.com/bot.html)"
66.249.66.21 - - [22/Jan/2024:01:54:40 +0100] "GET /script.js HTTP/1.0" 200 249 "http://www.reflexpro.fr/sigma-70-f28-dg-ex-macro-monture-canon-p-1332.html" "Mozilla/5.0 (compatible; Googlebot/2.1; +http://www.google.com/bot.html)"
66.249.66.22 - - [22/Jan/2024:01:54:41 +0100] "GET /script.responsive.js HTTP/1.0" 200 260 "http://www.reflexpro.fr/sigma-70-f28-dg-ex-macro-monture-canon-p-1332.html" "Mozilla/5.0 (compatible; Googlebot/2.1; +http://www.google.com/bot.html)"
66.249.66.22 - - [22/Jan/2024:01:54:41 +0100] "GET /themes-nivo/dark/dark.css HTTP/1.0" 200 258 "http://www.reflexpro.fr/sigma-70-f28-dg-ex-macro-monture-canon-p-1332.html" "Mozilla/5.0 (compatible; Googlebot/2.1; +http://www.google.com/bot.html)"
66.249.66.21 - - [22/Jan/2024:01:54:42 +0100] "GET /themes-nivo/bar/bar.css HTTP/1.0" 200 256 "http://www.reflexpro.fr/sigma-70-f28-dg-ex-macro-monture-canon-p-1332.html" "Mozilla/5.0 (compatible; Googlebot/2.1; +http://www.google.com/bot.html)"
66.249.66.22 - - [22/Jan/2024:01:54:42 +0100] "GET /jquery.nivo.slider.js HTTP/1.0" 200 261 "http://www.reflexpro.fr/sigma-70-f28-dg-ex-macro-monture-canon-p-1332.html" "Mozilla/5.0 (compatible; Googlebot/2.1; +http://www.google.com/bot.html)"
66.249.66.21 - - [22/Jan/2024:01:54:42 +0100] "GET /jquery.js HTTP/1.0" 200 249 "http://www.reflexpro.fr/sigma-70-f28-dg-ex-macro-monture-canon-p-1332.html" "Mozilla/5.0 (compatible; Googlebot/2.1; +http://www.google.com/bot.html)"
66.249.66.21 - - [22/Jan/2024:01:54:43 +0100] "GET /themes-nivo/default/default.css HTTP/1.0" 200 264 "http://www.reflexpro.fr/sigma-70-f28-dg-ex-macro-monture-canon-p-1332.html" "Mozilla/5.0 (compatible; Googlebot/2.1; +http://www.google.com/bot.html)"
66.249.66.21 - - [22/Jan/2024:01:54:43 +0100] "GET /themes-nivo/light/light.css HTTP/1.0" 200 260 "http://www.reflexpro.fr/sigma-70-f28-dg-ex-macro-monture-canon-p-1332.html" "Mozilla/5.0 (compatible; Googlebot/2.1; +http://www.google.com/bot.html)"
66.249.66.21 - - [22/Jan/2024:01:54:44 +0100] "GET /jquery-1.9.0.min.js HTTP/1.0" 200 259 "http://www.reflexpro.fr/sigma-70-f28-dg-ex-macro-monture-canon-p-1332.html" "Mozilla/5.0 (compatible; Googlebot/2.1; +http://www.google.com/bot.html)"
66.249.66.21 - - [22/Jan/2024:01:54:44 +0100] "GET /nivo-slider.css HTTP/1.0" 200 248 "http://www.reflexpro.fr/sigma-70-f28-dg-ex-macro-monture-canon-p-1332.html" "Mozilla/5.0 (compatible; Googlebot/2.1; +http://www.google.com/bot.html)"
66.249.66.21 - - [22/Jan/2024:01:54:45 +0100] "GET /highslide/highslide.js HTTP/1.0" 200 262 "http://www.reflexpro.fr/sigma-70-f28-dg-ex-macro-monture-canon-p-1332.html" "Mozilla/5.0 (compatible; Googlebot/2.1; +http://www.google.com/bot.html)"
66.249.66.21 - - [22/Jan/2024:01:54:45 +0100] "GET /cookieconsentbar/cookieconsentbar.css HTTP/1.0" 200 270 "http://www.reflexpro.fr/sigma-70-f28-dg-ex-macro-monture-canon-p-1332.html" "Mozilla/5.0 (compatible; Googlebot/2.1; +http://www.google.com/bot.html)"
66.249.66.21 - - [22/Jan/2024:01:54:46 +0100] "GET /cookieconsentbar/cookieconsentbar.js HTTP/1.0" 200 276 "http://www.reflexpro.fr/sigma-70-f28-dg-ex-macro-monture-canon-p-1332.html" "Mozilla/5.0 (compatible; Googlebot/2.1; +http://www.google.com/bot.html)"
66.249.66.21 - - [22/Jan/2024:01:54:46 +0100] "GET /font-awesome-4.0.3/fonts/fontawesome-webfont.woff?v=4.0.3 HTTP/1.0" 200 284 "http://www.reflexpro.fr/font-awesome-4.0.3/css/font-awesome.css" "Mozilla/5.0 (compatible; Googlebot/2.1; +http://www.google.com/bot.html)"
69.162.124.230 - - [22/Jan/2024:01:56:01 +0100] "HEAD / HTTP/1.0" 200 383 "http://www.reflexpro.fr" "Mozilla/5.0+(compatible; UptimeRobot/2.0; http://www.uptimerobot.com/)"
66.249.66.199 - - [22/Jan/2024:01:57:01 +0100] "GET /robots.txt HTTP/1.0" 301 522 "-" "Mozilla/5.0 (compatible; Googlebot/2.1; +http://www.google.com/bot.html)"
66.249.66.21 - - [22/Jan/2024:01:57:01 +0100] "GET /robots.txt HTTP/1.0" 200 245 "-" "Mozilla/5.0 (compatible; Googlebot/2.1; +http://www.google.com/bot.html)"
66.249.66.198 - - [22/Jan/2024:01:57:01 +0100] "GET / HTTP/1.0" 301 502 "-" "Mozilla/5.0 (compatible; Googlebot/2.1; +http://www.google.com/bot.html)"
66.249.66.22 - - [22/Jan/2024:01:57:02 +0100] "GET / HTTP/1.0" 200 35969 "-" "Mozilla/5.0 (compatible; Googlebot/2.1; +http://www.google.com/bot.html)"
69.162.124.230 - - [22/Jan/2024:02:01:27 +0100] "HEAD / HTTP/1.0" 200 383 "http://www.reflexpro.fr" "Mozilla/5.0+(compatible; UptimeRobot/2.0; http://www.uptimerobot.com/)"
69.162.124.230 - - [22/Jan/2024:02:06:03 +0100] "HEAD / HTTP/1.0" 200 383 "http://www.reflexpro.fr" "Mozilla/5.0+(compatible; UptimeRobot/2.0; http://www.uptimerobot.com/)"
66.249.66.199 - - [22/Jan/2024:02:09:04 +0100] "GET / HTTP/1.0" 301 502 "-" "Mozilla/5.0 (compatible; Googlebot/2.1; +http://www.google.com/bot.html)"
66.249.66.21 - - [22/Jan/2024:02:09:05 +0100] "GET / HTTP/1.0" 200 35969 "-" "Mozilla/5.0 (compatible; Googlebot/2.1; +http://www.google.com/bot.html)"
66.249.66.21 - - [22/Jan/2024:02:09:51 +0100] "GET /photo-camescope/imprimantes-c-271_320.html HTTP/1.0" 301 24617 "-" "Mozilla/5.0 (Linux; Android 6.0.1; Nexus 5X Build/MMB29P) AppleWebKit/537.36 (KHTML, like Gecko) Chrome/120.0.6099.224 Mobile Safari/537.36 (compatible; Googlebot/2.1; +http://www.google.com/bot.html)"
66.249.66.21 - - [22/Jan/2024:02:09:52 +0100] "GET /imprimantes-c-320.html HTTP/1.0" 301 24518 "-" "Mozilla/5.0 (Linux; Android 6.0.1; Nexus 5X Build/MMB29P) AppleWebKit/537.36 (KHTML, like Gecko) Chrome/120.0.6099.224 Mobile Safari/537.36 (compatible; Googlebot/2.1; +http://www.google.com/bot.html)"
66.249.66.21 - - [22/Jan/2024:02:09:52 +0100] "GET /imprimantes-c-271_320.html HTTP/1.0" 200 24544 "-" "Mozilla/5.0 (Linux; Android 6.0.1; Nexus 5X Build/MMB29P) AppleWebKit/537.36 (KHTML, like Gecko) Chrome/120.0.6099.224 Mobile Safari/537.36 (compatible; Googlebot/2.1; +http://www.google.com/bot.html)"
69.162.124.230 - - [22/Jan/2024:02:10:59 +0100] "HEAD / HTTP/1.0" 200 383 "http://www.reflexpro.fr" "Mozilla/5.0+(compatible; UptimeRobot/2.0; http://www.uptimerobot.com/)"
54.36.148.222 - - [22/Jan/2024:02:14:38 +0100] "GET /sony-a77-ii-nu-p-989.html HTTP/1.0" 200 33051 "-" "Mozilla/5.0 (compatible; AhrefsBot/7.0; +http://ahrefs.com/robot/)"
69.162.124.230 - - [22/Jan/2024:02:16:03 +0100] "HEAD / HTTP/1.0" 200 383 "http://www.reflexpro.fr" "Mozilla/5.0+(compatible; UptimeRobot/2.0; http://www.uptimerobot.com/)"
66.249.66.23 - - [22/Jan/2024:02:19:19 +0100] "GET /googleSitemapProducts.php HTTP/1.0" 200 116385 "-" "Mozilla/5.0 (compatible; Googlebot/2.1; +http://www.google.com/bot.html)"
52.167.144.194 - - [22/Jan/2024:02:20:23 +0100] "GET /array-m-1.html?page=4 HTTP/1.0" 200 41925 "-" "Mozilla/5.0 AppleWebKit/537.36 (KHTML, like Gecko; compatible; bingbot/2.0; +http://www.bing.com/bingbot.htm) Chrome/116.0.1938.76 Safari/537.36"
69.162.124.230 - - [22/Jan/2024:02:20:59 +0100] "HEAD / HTTP/1.0" 200 383 "http://www.reflexpro.fr" "Mozilla/5.0+(compatible; UptimeRobot/2.0; http://www.uptimerobot.com/)"
52.167.144.142 - - [22/Jan/2024:02:22:12 +0100] "GET /nikon-d5300-18-140-vr-p-1242.html HTTP/1.0" 200 21991 "-" "Mozilla/5.0 AppleWebKit/537.36 (KHTML, like Gecko; compatible; bingbot/2.0; +http://www.bing.com/bingbot.htm) Chrome/116.0.1938.76 Safari/537.36"
66.249.66.23 - - [22/Jan/2024:02:25:00 +0100] "GET / HTTP/1.0" 200 35969 "-" "Mozilla/5.0 (compatible; Googlebot/2.1; +http://www.google.com/bot.html)"
69.162.124.230 - - [22/Jan/2024:02:25:59 +0100] "HEAD / HTTP/1.0" 200 383 "http://www.reflexpro.fr" "Mozilla/5.0+(compatible; UptimeRobot/2.0; http://www.uptimerobot.com/)"
90.118.196.74 - - [22/Jan/2024:02:27:11 +0100] "GET /nikon-wu-1a-p-1665.html HTTP/1.0" 200 31293 "https://www.google.com/" "Mozilla/5.0 (Macintosh; Intel Mac OS X 10_12_6) AppleWebKit/605.1.15 (KHTML, like Gecko) Version/12.1.2 Safari/605.1.15"
90.118.196.74 - - [22/Jan/2024:02:27:11 +0100] "GET /highslide/highslide.js HTTP/1.0" 200 262 "http://www.reflexpro.fr/nikon-wu-1a-p-1665.html" "Mozilla/5.0 (Macintosh; Intel Mac OS X 10_12_6) AppleWebKit/605.1.15 (KHTML, like Gecko) Version/12.1.2 Safari/605.1.15"
90.118.196.74 - - [22/Jan/2024:02:27:11 +0100] "GET /style.responsive.css HTTP/1.0" 200 253 "http://www.reflexpro.fr/nikon-wu-1a-p-1665.html" "Mozilla/5.0 (Macintosh; Intel Mac OS X 10_12_6) AppleWebKit/605.1.15 (KHTML, like Gecko) Version/12.1.2 Safari/605.1.15"
90.118.196.74 - - [22/Jan/2024:02:27:11 +0100] "GET /templates/Pixame_v1/stylesheet.css HTTP/1.0" 200 267 "http://www.reflexpro.fr/nikon-wu-1a-p-1665.html" "Mozilla/5.0 (Macintosh; Intel Mac OS X 10_12_6) AppleWebKit/605.1.15 (KHTML, like Gecko) Version/12.1.2 Safari/605.1.15"
90.118.196.74 - - [22/Jan/2024:02:27:11 +0100] "GET /jquery.js HTTP/1.0" 200 249 "http://www.reflexpro.fr/nikon-wu-1a-p-1665.html" "Mozilla/5.0 (Macintosh; Intel Mac OS X 10_12_6) AppleWebKit/605.1.15 (KHTML, like Gecko) Version/12.1.2 Safari/605.1.15"
90.118.196.74 - - [22/Jan/2024:02:27:11 +0100] "GET /style.css HTTP/1.0" 200 242 "http://www.reflexpro.fr/nikon-wu-1a-p-1665.html" "Mozilla/5.0 (Macintosh; Intel Mac OS X 10_12_6) AppleWebKit/605.1.15 (KHTML, like Gecko) Version/12.1.2 Safari/605.1.15"
90.118.196.74 - - [22/Jan/2024:02:27:11 +0100] "GET /font-awesome-4.0.3/css/font-awesome.css HTTP/1.0" 200 272 "http://www.reflexpro.fr/nikon-wu-1a-p-1665.html" "Mozilla/5.0 (Macintosh; Intel Mac OS X 10_12_6) AppleWebKit/605.1.15 (KHTML, like Gecko) Version/12.1.2 Safari/605.1.15"
90.118.196.74 - - [22/Jan/2024:02:27:11 +0100] "GET /script.js HTTP/1.0" 200 249 "http://www.reflexpro.fr/nikon-wu-1a-p-1665.html" "Mozilla/5.0 (Macintosh; Intel Mac OS X 10_12_6) AppleWebKit/605.1.15 (KHTML, like Gecko) Version/12.1.2 Safari/605.1.15"
90.118.196.74 - - [22/Jan/2024:02:27:11 +0100] "GET /script.responsive.js HTTP/1.0" 200 260 "http://www.reflexpro.fr/nikon-wu-1a-p-1665.html" "Mozilla/5.0 (Macintosh; Intel Mac OS X 10_12_6) AppleWebKit/605.1.15 (KHTML, like Gecko) Version/12.1.2 Safari/605.1.15"
90.118.196.74 - - [22/Jan/2024:02:27:11 +0100] "GET /themes-nivo/default/default.css HTTP/1.0" 200 264 "http://www.reflexpro.fr/nikon-wu-1a-p-1665.html" "Mozilla/5.0 (Macintosh; Intel Mac OS X 10_12_6) AppleWebKit/605.1.15 (KHTML, like Gecko) Version/12.1.2 Safari/605.1.15"
90.118.196.74 - - [22/Jan/2024:02:27:11 +0100] "GET /themes-nivo/light/light.css HTTP/1.0" 200 260 "http://www.reflexpro.fr/nikon-wu-1a-p-1665.html" "Mozilla/5.0 (Macintosh; Intel Mac OS X 10_12_6) AppleWebKit/605.1.15 (KHTML, like Gecko) Version/12.1.2 Safari/605.1.15"
90.118.196.74 - - [22/Jan/2024:02:27:11 +0100] "GET /themes-nivo/dark/dark.css HTTP/1.0" 200 258 "http://www.reflexpro.fr/nikon-wu-1a-p-1665.html" "Mozilla/5.0 (Macintosh; Intel Mac OS X 10_12_6) AppleWebKit/605.1.15 (KHTML, like Gecko) Version/12.1.2 Safari/605.1.15"
90.118.196.74 - - [22/Jan/2024:02:27:11 +0100] "GET /themes-nivo/bar/bar.css HTTP/1.0" 200 256 "http://www.reflexpro.fr/nikon-wu-1a-p-1665.html" "Mozilla/5.0 (Macintosh; Intel Mac OS X 10_12_6) AppleWebKit/605.1.15 (KHTML, like Gecko) Version/12.1.2 Safari/605.1.15"
90.118.196.74 - - [22/Jan/2024:02:27:11 +0100] "GET /nivo-slider.css HTTP/1.0" 200 248 "http://www.reflexpro.fr/nikon-wu-1a-p-1665.html" "Mozilla/5.0 (Macintosh; Intel Mac OS X 10_12_6) AppleWebKit/605.1.15 (KHTML, like Gecko) Version/12.1.2 Safari/605.1.15"
90.118.196.74 - - [22/Jan/2024:02:27:11 +0100] "GET /jquery-1.9.0.min.js HTTP/1.0" 200 259 "http://www.reflexpro.fr/nikon-wu-1a-p-1665.html" "Mozilla/5.0 (Macintosh; Intel Mac OS X 10_12_6) AppleWebKit/605.1.15 (KHTML, like Gecko) Version/12.1.2 Safari/605.1.15"
90.118.196.74 - - [22/Jan/2024:02:27:11 +0100] "GET /jquery.nivo.slider.js HTTP/1.0" 200 261 "http://www.reflexpro.fr/nikon-wu-1a-p-1665.html" "Mozilla/5.0 (Macintosh; Intel Mac OS X 10_12_6) AppleWebKit/605.1.15 (KHTML, like Gecko) Version/12.1.2 Safari/605.1.15"
90.118.196.74 - - [22/Jan/2024:02:27:11 +0100] "GET /cookieconsentbar/cookieconsentbar.css HTTP/1.0" 200 270 "http://www.reflexpro.fr/nikon-wu-1a-p-1665.html" "Mozilla/5.0 (Macintosh; Intel Mac OS X 10_12_6) AppleWebKit/605.1.15 (KHTML, like Gecko) Version/12.1.2 Safari/605.1.15"
90.118.196.74 - - [22/Jan/2024:02:27:11 +0100] "GET /cookieconsentbar/cookieconsentbar.js HTTP/1.0" 200 276 "http://www.reflexpro.fr/nikon-wu-1a-p-1665.html" "Mozilla/5.0 (Macintosh; Intel Mac OS X 10_12_6) AppleWebKit/605.1.15 (KHTML, like Gecko) Version/12.1.2 Safari/605.1.15"
90.118.196.74 - - [22/Jan/2024:02:27:11 +0100] "GET /images/logo-2130545471.png HTTP/1.0" 200 260 "http://www.reflexpro.fr/nikon-wu-1a-p-1665.html" "Mozilla/5.0 (Macintosh; Intel Mac OS X 10_12_6) AppleWebKit/605.1.15 (KHTML, like Gecko) Version/12.1.2 Safari/605.1.15"
90.118.196.74 - - [22/Jan/2024:02:27:11 +0100] "GET /img-site/home3.png HTTP/1.0" 200 252 "http://www.reflexpro.fr/nikon-wu-1a-p-1665.html" "Mozilla/5.0 (Macintosh; Intel Mac OS X 10_12_6) AppleWebKit/605.1.15 (KHTML, like Gecko) Version/12.1.2 Safari/605.1.15"
90.118.196.74 - - [22/Jan/2024:02:27:11 +0100] "GET /images/wu1a.jpg HTTP/1.0" 200 250 "http://www.reflexpro.fr/nikon-wu-1a-p-1665.html" "Mozilla/5.0 (Macintosh; Intel Mac OS X 10_12_6) AppleWebKit/605.1.15 (KHTML, like Gecko) Version/12.1.2 Safari/605.1.15"
90.118.196.74 - - [22/Jan/2024:02:27:11 +0100] "GET /images/ecotaxe_on.jpg HTTP/1.0" 200 256 "http://www.reflexpro.fr/nikon-wu-1a-p-1665.html" "Mozilla/5.0 (Macintosh; Intel Mac OS X 10_12_6) AppleWebKit/605.1.15 (KHTML, like Gecko) Version/12.1.2 Safari/605.1.15"
90.118.196.74 - - [22/Jan/2024:02:27:11 +0100] "GET /images/pixel_trans.gif HTTP/1.0" 200 328 "http://www.reflexpro.fr/nikon-wu-1a-p-1665.html" "Mozilla/5.0 (Macintosh; Intel Mac OS X 10_12_6) AppleWebKit/605.1.15 (KHTML, like Gecko) Version/12.1.2 Safari/605.1.15"
90.118.196.74 - - [22/Jan/2024:02:27:11 +0100] "GET /images/pixel_orange.gif HTTP/1.0" 200 328 "http://www.reflexpro.fr/nikon-wu-1a-p-1665.html" "Mozilla/5.0 (Macintosh; Intel Mac OS X 10_12_6) AppleWebKit/605.1.15 (KHTML, like Gecko) Version/12.1.2 Safari/605.1.15"
90.118.196.74 - - [22/Jan/2024:02:27:11 +0100] "GET /images/icon_paiement.jpg HTTP/1.0" 200 259 "http://www.reflexpro.fr/nikon-wu-1a-p-1665.html" "Mozilla/5.0 (Macintosh; Intel Mac OS X 10_12_6) AppleWebKit/605.1.15 (KHTML, like Gecko) Version/12.1.2 Safari/605.1.15"
90.118.196.74 - - [22/Jan/2024:02:27:11 +0100] "GET /images/icon_tel.jpg HTTP/1.0" 200 254 "http://www.reflexpro.fr/nikon-wu-1a-p-1665.html" "Mozilla/5.0 (Macintosh; Intel Mac OS X 10_12_6) AppleWebKit/605.1.15 (KHTML, like Gecko) Version/12.1.2 Safari/605.1.15"
90.118.196.74 - - [22/Jan/2024:02:27:12 +0100] "GET /images/qui-sommes-nous.jpg HTTP/1.0" 200 261 "http://www.reflexpro.fr/nikon-wu-1a-p-1665.html" "Mozilla/5.0 (Macintosh; Intel Mac OS X 10_12_6) AppleWebKit/605.1.15 (KHTML, like Gecko) Version/12.1.2 Safari/605.1.15"
90.118.196.74 - - [22/Jan/2024:02:27:12 +0100] "GET /images/icone_contacter.jpg HTTP/1.0" 200 261 "http://www.reflexpro.fr/nikon-wu-1a-p-1665.html" "Mozilla/5.0 (Macintosh; Intel Mac OS X 10_12_6) AppleWebKit/605.1.15 (KHTML, like Gecko) Version/12.1.2 Safari/605.1.15"
90.118.196.74 - - [22/Jan/2024:02:27:12 +0100] "GET /images/page.jpeg HTTP/1.0" 200 251 "http://www.reflexpro.fr/nikon-wu-1a-p-1665.html" "Mozilla/5.0 (Macintosh; Intel Mac OS X 10_12_6) AppleWebKit/605.1.15 (KHTML, like Gecko) Version/12.1.2 Safari/605.1.15"
90.118.196.74 - - [22/Jan/2024:02:27:12 +0100] "GET /images/header.png HTTP/1.0" 200 251 "http://www.reflexpro.fr/nikon-wu-1a-p-1665.html" "Mozilla/5.0 (Macintosh; Intel Mac OS X 10_12_6) AppleWebKit/605.1.15 (KHTML, like Gecko) Version/12.1.2 Safari/605.1.15"
90.118.196.74 - - [22/Jan/2024:02:27:12 +0100] "GET /images/object227400126.png HTTP/1.0" 200 515 "http://www.reflexpro.fr/nikon-wu-1a-p-1665.html" "Mozilla/5.0 (Macintosh; Intel Mac OS X 10_12_6) AppleWebKit/605.1.15 (KHTML, like Gecko) Version/12.1.2 Safari/605.1.15"
90.118.196.74 - - [22/Jan/2024:02:27:12 +0100] "GET /images/searchicon.png HTTP/1.0" 200 664 "http://www.reflexpro.fr/nikon-wu-1a-p-1665.html" "Mozilla/5.0 (Macintosh; Intel Mac OS X 10_12_6) AppleWebKit/605.1.15 (KHTML, like Gecko) Version/12.1.2 Safari/605.1.15"
90.118.196.74 - - [22/Jan/2024:02:27:12 +0100] "GET /images/menuseparator.png HTTP/1.0" 200 487 "http://www.reflexpro.fr/nikon-wu-1a-p-1665.html" "Mozilla/5.0 (Macintosh; Intel Mac OS X 10_12_6) AppleWebKit/605.1.15 (KHTML, like Gecko) Version/12.1.2 Safari/605.1.15"
90.118.196.74 - - [22/Jan/2024:02:27:12 +0100] "GET /images/spacer.gif HTTP/1.0" 200 328 "http://www.reflexpro.fr/nikon-wu-1a-p-1665.html" "Mozilla/5.0 (Macintosh; Intel Mac OS X 10_12_6) AppleWebKit/605.1.15 (KHTML, like Gecko) Version/12.1.2 Safari/605.1.15"
90.118.196.74 - - [22/Jan/2024:02:27:12 +0100] "GET /images/footerbullets.png HTTP/1.0" 200 503 "http://www.reflexpro.fr/nikon-wu-1a-p-1665.html" "Mozilla/5.0 (Macintosh; Intel Mac OS X 10_12_6) AppleWebKit/605.1.15 (KHTML, like Gecko) Version/12.1.2 Safari/605.1.15"
90.118.196.74 - - [22/Jan/2024:02:27:12 +0100] "GET /font-awesome-4.0.3/fonts/fontawesome-webfont.woff?v=4.0.3 HTTP/1.0" 200 284 "http://www.reflexpro.fr/nikon-wu-1a-p-1665.html" "Mozilla/5.0 (Macintosh; Intel Mac OS X 10_12_6) AppleWebKit/605.1.15 (KHTML, like Gecko) Version/12.1.2 Safari/605.1.15"
90.118.196.74 - - [22/Jan/2024:02:27:13 +0100] "GET /highslide/graphics/outlines/drop-shadow.png HTTP/1.0" 200 277 "http://www.reflexpro.fr/nikon-wu-1a-p-1665.html" "Mozilla/5.0 (Macintosh; Intel Mac OS X 10_12_6) AppleWebKit/605.1.15 (KHTML, like Gecko) Version/12.1.2 Safari/605.1.15"
90.118.196.74 - - [22/Jan/2024:02:27:13 +0100] "GET /highslide/graphics/zoomout.cur HTTP/1.0" 200 614 "http://www.reflexpro.fr/nikon-wu-1a-p-1665.html" "Mozilla/5.0 (Macintosh; Intel Mac OS X 10_12_6) AppleWebKit/605.1.15 (KHTML, like Gecko) Version/12.1.2 Safari/605.1.15"
90.118.196.74 - - [22/Jan/2024:02:27:13 +0100] "GET /highslide/graphics/loader.white.gif HTTP/1.0" 200 960 "http://www.reflexpro.fr/nikon-wu-1a-p-1665.html" "Mozilla/5.0 (Macintosh; Intel Mac OS X 10_12_6) AppleWebKit/605.1.15 (KHTML, like Gecko) Version/12.1.2 Safari/605.1.15"
90.118.196.74 - - [22/Jan/2024:02:27:13 +0100] "GET /favicon.ico HTTP/1.0" 200 260 "http://www.reflexpro.fr/nikon-wu-1a-p-1665.html" "Mozilla/5.0 (Macintosh; Intel Mac OS X 10_12_6) AppleWebKit/605.1.15 (KHTML, like Gecko) Version/12.1.2 Safari/605.1.15"
