77.132.56.24 - - [21/Jan/2024:12:21:51 +0100] "GET /images/icone_contacter.jpg HTTP/1.0" 200 261 "http://www.reflexpro.fr/sony-la-ea4-bague-adaptation-autofocus-p-2682.html" "Mozilla/5.0 (iPhone; CPU iPhone OS 17_2_1 like Mac OS X) AppleWebKit/605.1.15 (KHTML, like Gecko) Version/17.2 Mobile/15E148 Safari/604.1"
77.132.56.24 - - [21/Jan/2024:12:21:51 +0100] "GET /images/qui-sommes-nous.jpg HTTP/1.0" 200 261 "http://www.reflexpro.fr/sony-la-ea4-bague-adaptation-autofocus-p-2682.html" "Mozilla/5.0 (iPhone; CPU iPhone OS 17_2_1 like Mac OS X) AppleWebKit/605.1.15 (KHTML, like Gecko) Version/17.2 Mobile/15E148 Safari/604.1"
77.132.56.24 - - [21/Jan/2024:12:21:51 +0100] "GET /images/header.png HTTP/1.0" 200 251 "http://www.reflexpro.fr/sony-la-ea4-bague-adaptation-autofocus-p-2682.html" "Mozilla/5.0 (iPhone; CPU iPhone OS 17_2_1 like Mac OS X) AppleWebKit/605.1.15 (KHTML, like Gecko) Version/17.2 Mobile/15E148 Safari/604.1"
77.132.56.24 - - [21/Jan/2024:12:21:51 +0100] "GET /images/object227400126.png HTTP/1.0" 200 515 "http://www.reflexpro.fr/sony-la-ea4-bague-adaptation-autofocus-p-2682.html" "Mozilla/5.0 (iPhone; CPU iPhone OS 17_2_1 like Mac OS X) AppleWebKit/605.1.15 (KHTML, like Gecko) Version/17.2 Mobile/15E148 Safari/604.1"
77.132.56.24 - - [21/Jan/2024:12:21:51 +0100] "GET /images/footerbullets.png HTTP/1.0" 200 503 "http://www.reflexpro.fr/sony-la-ea4-bague-adaptation-autofocus-p-2682.html" "Mozilla/5.0 (iPhone; CPU iPhone OS 17_2_1 like Mac OS X) AppleWebKit/605.1.15 (KHTML, like Gecko) Version/17.2 Mobile/15E148 Safari/604.1"
88.121.215.247 - - [21/Jan/2024:12:22:09 +0100] "GET /advanced_search_result.php?keywords=Devialet+&search= HTTP/1.0" 200 35648 "http://www.reflexpro.fr/advanced_search_result.php?keywords=Phantom+1&search=" "Mozilla/5.0 (iPhone; CPU iPhone OS 17_2_1 like Mac OS X) AppleWebKit/605.1.15 (KHTML, like Gecko) Version/17.2 Mobile/15E148 Safari/604.1"
88.121.215.247 - - [21/Jan/2024:12:22:25 +0100] "GET /phantom-matte-black-devialet-new2021-p-2870.html HTTP/1.0" 200 29025 "http://www.reflexpro.fr/advanced_search_result.php?keywords=Devialet+&search=" "Mozilla/5.0 (iPhone; CPU iPhone OS 17_2_1 like Mac OS X) AppleWebKit/605.1.15 (KHTML, like Gecko) Version/17.2 Mobile/15E148 Safari/604.1"
88.121.215.247 - - [21/Jan/2024:12:22:26 +0100] "GET /images/ecotaxe_on.jpg HTTP/1.0" 200 256 "http://www.reflexpro.fr/phantom-matte-black-devialet-new2021-p-2870.html" "Mozilla/5.0 (iPhone; CPU iPhone OS 17_2_1 like Mac OS X) AppleWebKit/605.1.15 (KHTML, like Gecko) Version/17.2 Mobile/15E148 Safari/604.1"
88.121.215.247 - - [21/Jan/2024:12:22:26 +0100] "GET /images/classicIIblackb.jpg HTTP/1.0" 200 261 "http://www.reflexpro.fr/phantom-matte-black-devialet-new2021-p-2870.html" "Mozilla/5.0 (iPhone; CPU iPhone OS 17_2_1 like Mac OS X) AppleWebKit/605.1.15 (KHTML, like Gecko) Version/17.2 Mobile/15E148 Safari/604.1"
88.121.215.247 - - [21/Jan/2024:12:22:26 +0100] "GET /images/pixel_orange.gif HTTP/1.0" 200 328 "http://www.reflexpro.fr/phantom-matte-black-devialet-new2021-p-2870.html" "Mozilla/5.0 (iPhone; CPU iPhone OS 17_2_1 like Mac OS X) AppleWebKit/605.1.15 (KHTML, like Gecko) Version/17.2 Mobile/15E148 Safari/604.1"
88.121.215.247 - - [21/Jan/2024:12:22:29 +0100] "POST /phantom-matte-black-devialet-new2021-p-2870.html?action=add_product HTTP/1.0" 302 470 "http://www.reflexpro.fr/phantom-matte-black-devialet-new2021-p-2870.html" "Mozilla/5.0 (iPhone; CPU iPhone OS 17_2_1 like Mac OS X) AppleWebKit/605.1.15 (KHTML, like Gecko) Version/17.2 Mobile/15E148 Safari/604.1"
88.121.215.247 - - [21/Jan/2024:12:22:29 +0100] "GET /shopping_cart.php HTTP/1.0" 200 34026 "http://www.reflexpro.fr/phantom-matte-black-devialet-new2021-p-2870.html" "Mozilla/5.0 (iPhone; CPU iPhone OS 17_2_1 like Mac OS X) AppleWebKit/605.1.15 (KHTML, like Gecko) Version/17.2 Mobile/15E148 Safari/604.1"
88.121.215.247 - - [21/Jan/2024:12:22:29 +0100] "GET /images/table_background_cart.gif HTTP/1.0" 200 1094 "http://www.reflexpro.fr/shopping_cart.php" "Mozilla/5.0 (iPhone; CPU iPhone OS 17_2_1 like Mac OS X) AppleWebKit/605.1.15 (KHTML, like Gecko) Version/17.2 Mobile/15E148 Safari/604.1"
88.121.215.247 - - [21/Jan/2024:12:22:29 +0100] "GET /images/icons/warning.gif HTTP/1.0" 200 478 "http://www.reflexpro.fr/shopping_cart.php" "Mozilla/5.0 (iPhone; CPU iPhone OS 17_2_1 like Mac OS X) AppleWebKit/605.1.15 (KHTML, like Gecko) Version/17.2 Mobile/15E148 Safari/604.1"
88.121.215.247 - - [21/Jan/2024:12:22:29 +0100] "GET /images/pixel_black.gif HTTP/1.0" 200 320 "http://www.reflexpro.fr/shopping_cart.php" "Mozilla/5.0 (iPhone; CPU iPhone OS 17_2_1 like Mac OS X) AppleWebKit/605.1.15 (KHTML, like Gecko) Version/17.2 Mobile/15E148 Safari/604.1"
88.121.215.247 - - [21/Jan/2024:12:22:29 +0100] "GET /images/icons/shipping_chronopost.gif HTTP/1.0" 200 270 "http://www.reflexpro.fr/shopping_cart.php" "Mozilla/5.0 (iPhone; CPU iPhone OS 17_2_1 like Mac OS X) AppleWebKit/605.1.15 (KHTML, like Gecko) Version/17.2 Mobile/15E148 Safari/604.1"
88.121.215.247 - - [21/Jan/2024:12:22:29 +0100] "GET /images/icons/chrono_13.gif HTTP/1.0" 200 260 "http://www.reflexpro.fr/shopping_cart.php" "Mozilla/5.0 (iPhone; CPU iPhone OS 17_2_1 like Mac OS X) AppleWebKit/605.1.15 (KHTML, like Gecko) Version/17.2 Mobile/15E148 Safari/604.1"
69.162.124.230 - - [21/Jan/2024:12:24:12 +0100] "HEAD / HTTP/1.0" 200 383 "http://www.reflexpro.fr" "Mozilla/5.0+(compatible; UptimeRobot/2.0; http://www.uptimerobot.com/)"
52.167.144.217 - - [21/Jan/2024:12:27:01 +0100] "GET /panasonic-425-f17-ois-noir-pr-2093.html HTTP/1.0" 302 464 "-" "Mozilla/5.0 AppleWebKit/537.36 (KHTML, like Gecko; compatible; bingbot/2.0; +http://www.bing.com/bingbot.htm) Chrome/116.0.1938.76 Safari/537.36"
69.162.124.230 - - [21/Jan/2024:12:29:13 +0100] "HEAD / HTTP/1.0" 200 383 "http://www.reflexpro.fr" "Mozilla/5.0+(compatible; UptimeRobot/2.0; http://www.uptimerobot.com/)"
66.249.66.22 - - [21/Jan/2024:12:29:25 +0100] "GET / HTTP/1.0" 200 35969 "-" "Mozilla/5.0 (compatible; Googlebot/2.1; +http://www.google.com/bot.html)"
66.249.66.23 - - [21/Jan/2024:12:29:29 +0100] "GET /style.responsive.css HTTP/1.0" 200 253 "http://www.reflexpro.fr/" "Mozilla/5.0 AppleWebKit/537.36 (KHTML, like Gecko; compatible; Googlebot/2.1; +http://www.google.com/bot.html) Chrome/120.0.6099.216 Safari/537.36"
66.249.66.22 - - [21/Jan/2024:12:29:29 +0100] "GET /jquery.js HTTP/1.0" 200 249 "http://www.reflexpro.fr/" "Mozilla/5.0 AppleWebKit/537.36 (KHTML, like Gecko; compatible; Googlebot/2.1; +http://www.google.com/bot.html) Chrome/120.0.6099.216 Safari/537.36"
66.249.66.21 - - [21/Jan/2024:12:29:30 +0100] "GET /highslide/highslide.js HTTP/1.0" 200 262 "http://www.reflexpro.fr/" "Mozilla/5.0 AppleWebKit/537.36 (KHTML, like Gecko; compatible; Googlebot/2.1; +http://www.google.com/bot.html) Chrome/120.0.6099.216 Safari/537.36"
66.249.66.22 - - [21/Jan/2024:12:29:30 +0100] "GET /script.responsive.js HTTP/1.0" 200 260 "http://www.reflexpro.fr/" "Mozilla/5.0 AppleWebKit/537.36 (KHTML, like Gecko; compatible; Googlebot/2.1; +http://www.google.com/bot.html) Chrome/120.0.6099.216 Safari/537.36"
66.249.66.21 - - [21/Jan/2024:12:29:31 +0100] "GET /jquery-1.9.0.min.js HTTP/1.0" 200 259 "http://www.reflexpro.fr/" "Mozilla/5.0 AppleWebKit/537.36 (KHTML, like Gecko; compatible; Googlebot/2.1; +http://www.google.com/bot.html) Chrome/120.0.6099.216 Safari/537.36"
66.249.66.22 - - [21/Jan/2024:12:29:31 +0100] "GET /themes-nivo/default/default.css HTTP/1.0" 200 264 "http://www.reflexpro.fr/" "Mozilla/5.0 AppleWebKit/537.36 (KHTML, like Gecko; compatible; Googlebot/2.1; +http://www.google.com/bot.html) Chrome/120.0.6099.216 Safari/537.36"
66.249.66.21 - - [21/Jan/2024:12:29:32 +0100] "GET /themes-nivo/bar/bar.css HTTP/1.0" 200 256 "http://www.reflexpro.fr/" "Mozilla/5.0 AppleWebKit/537.36 (KHTML, like Gecko; compatible; Googlebot/2.1; +http://www.google.com/bot.html) Chrome/120.0.6099.216 Safari/537.36"
66.249.66.21 - - [21/Jan/2024:12:29:32 +0100] "GET /nivo-slider.css HTTP/1.0" 200 248 "http://www.reflexpro.fr/" "Mozilla/5.0 AppleWebKit/537.36 (KHTML, like Gecko; compatible; Googlebot/2.1; +http://www.google.com/bot.html) Chrome/120.0.6099.216 Safari/537.36"
66.249.66.21 - - [21/Jan/2024:12:29:33 +0100] "GET /themes-nivo/dark/dark.css HTTP/1.0" 200 258 "http://www.reflexpro.fr/" "Mozilla/5.0 AppleWebKit/537.36 (KHTML, like Gecko; compatible; Googlebot/2.1; +http://www.google.com/bot.html) Chrome/120.0.6099.216 Safari/537.36"
66.249.66.21 - - [21/Jan/2024:12:29:33 +0100] "GET /jquery.nivo.slider.js HTTP/1.0" 200 261 "http://www.reflexpro.fr/" "Mozilla/5.0 AppleWebKit/537.36 (KHTML, like Gecko; compatible; Googlebot/2.1; +http://www.google.com/bot.html) Chrome/120.0.6099.216 Safari/537.36"
66.249.66.21 - - [21/Jan/2024:12:29:33 +0100] "GET /themes-nivo/light/light.css HTTP/1.0" 200 260 "http://www.reflexpro.fr/" "Mozilla/5.0 AppleWebKit/537.36 (KHTML, like Gecko; compatible; Googlebot/2.1; +http://www.google.com/bot.html) Chrome/120.0.6099.216 Safari/537.36"
66.249.66.21 - - [21/Jan/2024:12:29:34 +0100] "GET /cookieconsentbar/cookieconsentbar.js HTTP/1.0" 200 276 "http://www.reflexpro.fr/" "Mozilla/5.0 AppleWebKit/537.36 (KHTML, like Gecko; compatible; Googlebot/2.1; +http://www.google.com/bot.html) Chrome/120.0.6099.216 Safari/537.36"
66.249.66.21 - - [21/Jan/2024:12:29:34 +0100] "GET /cookieconsentbar/cookieconsentbar.css HTTP/1.0" 200 270 "http://www.reflexpro.fr/" "Mozilla/5.0 AppleWebKit/537.36 (KHTML, like Gecko; compatible; Googlebot/2.1; +http://www.google.com/bot.html) Chrome/120.0.6099.216 Safari/537.36"
66.249.66.21 - - [21/Jan/2024:12:29:35 +0100] "GET /script.js HTTP/1.0" 200 249 "http://www.reflexpro.fr/" "Mozilla/5.0 AppleWebKit/537.36 (KHTML, like Gecko; compatible; Googlebot/2.1; +http://www.google.com/bot.html) Chrome/120.0.6099.216 Safari/537.36"
66.249.66.21 - - [21/Jan/2024:12:29:35 +0100] "GET /font-awesome-4.0.3/css/font-awesome.css HTTP/1.0" 200 272 "http://www.reflexpro.fr/" "Mozilla/5.0 AppleWebKit/537.36 (KHTML, like Gecko; compatible; Googlebot/2.1; +http://www.google.com/bot.html) Chrome/120.0.6099.216 Safari/537.36"
66.249.66.21 - - [21/Jan/2024:12:29:36 +0100] "GET /style.css HTTP/1.0" 200 242 "http://www.reflexpro.fr/" "Mozilla/5.0 AppleWebKit/537.36 (KHTML, like Gecko; compatible; Googlebot/2.1; +http://www.google.com/bot.html) Chrome/120.0.6099.216 Safari/537.36"
69.162.124.230 - - [21/Jan/2024:12:34:12 +0100] "HEAD / HTTP/1.0" 200 383 "http://www.reflexpro.fr" "Mozilla/5.0+(compatible; UptimeRobot/2.0; http://www.uptimerobot.com/)"
216.244.66.233 - - [21/Jan/2024:12:35:27 +0100] "GET /robots.txt HTTP/1.0" 200 245 "-" "Mozilla/5.0 (compatible; DotBot/1.2; +https://opensiteexplorer.org/dotbot; help@moz.com)"
69.162.124.230 - - [21/Jan/2024:12:39:11 +0100] "HEAD / HTTP/1.0" 200 383 "http://www.reflexpro.fr" "Mozilla/5.0+(compatible; UptimeRobot/2.0; http://www.uptimerobot.com/)"
52.167.144.140 - - [21/Jan/2024:12:43:15 +0100] "GET /images/yQ7FChSgZbU.jpeg HTTP/1.0" 200 258 "-" "Mozilla/5.0 AppleWebKit/537.36 (KHTML, like Gecko; compatible; bingbot/2.0; +http://www.bing.com/bingbot.htm) Chrome/116.0.1938.76 Safari/537.36"
69.162.124.230 - - [21/Jan/2024:12:44:12 +0100] "HEAD / HTTP/1.0" 200 383 "http://www.reflexpro.fr" "Mozilla/5.0+(compatible; UptimeRobot/2.0; http://www.uptimerobot.com/)"
66.249.66.197 - - [21/Jan/2024:12:46:38 +0100] "GET / HTTP/1.0" 301 502 "-" "Mozilla/5.0 (compatible; Googlebot/2.1; +http://www.google.com/bot.html)"
66.249.66.22 - - [21/Jan/2024:12:46:39 +0100] "GET / HTTP/1.0" 200 35969 "-" "Mozilla/5.0 (compatible; Googlebot/2.1; +http://www.google.com/bot.html)"
54.36.148.241 - - [21/Jan/2024:12:48:12 +0100] "GET /nikon-30-110-vr-noir-p-2106.html HTTP/1.0" 200 28466 "-" "Mozilla/5.0 (compatible; AhrefsBot/7.0; +http://ahrefs.com/robot/)"
69.162.124.230 - - [21/Jan/2024:12:49:12 +0100] "HEAD / HTTP/1.0" 200 383 "http://www.reflexpro.fr" "Mozilla/5.0+(compatible; UptimeRobot/2.0; http://www.uptimerobot.com/)"
66.249.66.22 - - [21/Jan/2024:12:51:34 +0100] "GET /lowepro-passport-sling-sac-epaule-p-1557.html HTTP/1.0" 200 29560 "-" "Mozilla/5.0 (compatible; Googlebot/2.1; +http://www.google.com/bot.html)"
69.162.124.230 - - [21/Jan/2024:12:54:12 +0100] "HEAD / HTTP/1.0" 200 383 "http://www.reflexpro.fr" "Mozilla/5.0+(compatible; UptimeRobot/2.0; http://www.uptimerobot.com/)"
82.64.171.7 - - [21/Jan/2024:12:58:25 +0100] "GET /sigma-70-300-f4-56-dg-apo-macro-monture-nikon-p-1327.html HTTP/1.0" 200 30113 "https://www.google.com/" "Mozilla/5.0 (iPhone; CPU iPhone OS 17_2_1 like Mac OS X) AppleWebKit/605.1.15 (KHTML, like Gecko) Version/17.2 Mobile/15E148 Safari/604.1"
82.64.171.7 - - [21/Jan/2024:12:58:25 +0100] "GET /style.css HTTP/1.0" 200 242 "http://www.reflexpro.fr/sigma-70-300-f4-56-dg-apo-macro-monture-nikon-p-1327.html" "Mozilla/5.0 (iPhone; CPU iPhone OS 17_2_1 like Mac OS X) AppleWebKit/605.1.15 (KHTML, like Gecko) Version/17.2 Mobile/15E148 Safari/604.1"
82.64.171.7 - - [21/Jan/2024:12:58:25 +0100] "GET /style.responsive.css HTTP/1.0" 200 253 "http://www.reflexpro.fr/sigma-70-300-f4-56-dg-apo-macro-monture-nikon-p-1327.html" "Mozilla/5.0 (iPhone; CPU iPhone OS 17_2_1 like Mac OS X) AppleWebKit/605.1.15 (KHTML, like Gecko) Version/17.2 Mobile/15E148 Safari/604.1"
82.64.171.7 - - [21/Jan/2024:12:58:25 +0100] "GET /font-awesome-4.0.3/css/font-awesome.css HTTP/1.0" 200 272 "http://www.reflexpro.fr/sigma-70-300-f4-56-dg-apo-macro-monture-nikon-p-1327.html" "Mozilla/5.0 (iPhone; CPU iPhone OS 17_2_1 like Mac OS X) AppleWebKit/605.1.15 (KHTML, like Gecko) Version/17.2 Mobile/15E148 Safari/604.1"
82.64.171.7 - - [21/Jan/2024:12:58:25 +0100] "GET /jquery.js HTTP/1.0" 200 249 "http://www.reflexpro.fr/sigma-70-300-f4-56-dg-apo-macro-monture-nikon-p-1327.html" "Mozilla/5.0 (iPhone; CPU iPhone OS 17_2_1 like Mac OS X) AppleWebKit/605.1.15 (KHTML, like Gecko) Version/17.2 Mobile/15E148 Safari/604.1"
82.64.171.7 - - [21/Jan/2024:12:58:25 +0100] "GET /templates/Pixame_v1/stylesheet.css HTTP/1.0" 200 267 "http://www.reflexpro.fr/sigma-70-300-f4-56-dg-apo-macro-monture-nikon-p-1327.html" "Mozilla/5.0 (iPhone; CPU iPhone OS 17_2_1 like Mac OS X) AppleWebKit/605.1.15 (KHTML, like Gecko) Version/17.2 Mobile/15E148 Safari/604.1"
82.64.171.7 - - [21/Jan/2024:12:58:25 +0100] "GET /highslide/highslide.js HTTP/1.0" 200 262 "http://www.reflexpro.fr/sigma-70-300-f4-56-dg-apo-macro-monture-nikon-p-1327.html" "Mozilla/5.0 (iPhone; CPU iPhone OS 17_2_1 like Mac OS X) AppleWebKit/605.1.15 (KHTML, like Gecko) Version/17.2 Mobile/15E148 Safari/604.1"
82.64.171.7 - - [21/Jan/2024:12:58:25 +0100] "GET /script.js HTTP/1.0" 200 249 "http://www.reflexpro.fr/sigma-70-300-f4-56-dg-apo-macro-monture-nikon-p-1327.html" "Mozilla/5.0 (iPhone; CPU iPhone OS 17_2_1 like Mac OS X) AppleWebKit/605.1.15 (KHTML, like Gecko) Version/17.2 Mobile/15E148 Safari/604.1"
82.64.171.7 - - [21/Jan/2024:12:58:25 +0100] "GET /script.responsive.js HTTP/1.0" 200 260 "http://www.reflexpro.fr/sigma-70-300-f4-56-dg-apo-macro-monture-nikon-p-1327.html" "Mozilla/5.0 (iPhone; CPU iPhone OS 17_2_1 like Mac OS X) AppleWebKit/605.1.15 (KHTML, like Gecko) Version/17.2 Mobile/15E148 Safari/604.1"
82.64.171.7 - - [21/Jan/2024:12:58:25 +0100] "GET /themes-nivo/default/default.css HTTP/1.0" 200 264 "http://www.reflexpro.fr/sigma-70-300-f4-56-dg-apo-macro-monture-nikon-p-1327.html" "Mozilla/5.0 (iPhone; CPU iPhone OS 17_2_1 like Mac OS X) AppleWebKit/605.1.15 (KHTML, like Gecko) Version/17.2 Mobile/15E148 Safari/604.1"
82.64.171.7 - - [21/Jan/2024:12:58:25 +0100] "GET /themes-nivo/light/light.css HTTP/1.0" 200 260 "http://www.reflexpro.fr/sigma-70-300-f4-56-dg-apo-macro-monture-nikon-p-1327.html" "Mozilla/5.0 (iPhone; CPU iPhone OS 17_2_1 like Mac OS X) AppleWebKit/605.1.15 (KHTML, like Gecko) Version/17.2 Mobile/15E148 Safari/604.1"
82.64.171.7 - - [21/Jan/2024:12:58:25 +0100] "GET /themes-nivo/bar/bar.css HTTP/1.0" 200 256 "http://www.reflexpro.fr/sigma-70-300-f4-56-dg-apo-macro-monture-nikon-p-1327.html" "Mozilla/5.0 (iPhone; CPU iPhone OS 17_2_1 like Mac OS X) AppleWebKit/605.1.15 (KHTML, like Gecko) Version/17.2 Mobile/15E148 Safari/604.1"
82.64.171.7 - - [21/Jan/2024:12:58:25 +0100] "GET /themes-nivo/dark/dark.css HTTP/1.0" 200 258 "http://www.reflexpro.fr/sigma-70-300-f4-56-dg-apo-macro-monture-nikon-p-1327.html" "Mozilla/5.0 (iPhone; CPU iPhone OS 17_2_1 like Mac OS X) AppleWebKit/605.1.15 (KHTML, like Gecko) Version/17.2 Mobile/15E148 Safari/604.1"
82.64.171.7 - - [21/Jan/2024:12:58:25 +0100] "GET /jquery-1.9.0.min.js HTTP/1.0" 200 259 "http://www.reflexpro.fr/sigma-70-300-f4-56-dg-apo-macro-monture-nikon-p-1327.html" "Mozilla/5.0 (iPhone; CPU iPhone OS 17_2_1 like Mac OS X) AppleWebKit/605.1.15 (KHTML, like Gecko) Version/17.2 Mobile/15E148 Safari/604.1"
82.64.171.7 - - [21/Jan/2024:12:58:25 +0100] "GET /nivo-slider.css HTTP/1.0" 200 248 "http://www.reflexpro.fr/sigma-70-300-f4-56-dg-apo-macro-monture-nikon-p-1327.html" "Mozilla/5.0 (iPhone; CPU iPhone OS 17_2_1 like Mac OS X) AppleWebKit/605.1.15 (KHTML, like Gecko) Version/17.2 Mobile/15E148 Safari/604.1"
82.64.171.7 - - [21/Jan/2024:12:58:25 +0100] "GET /jquery.nivo.slider.js HTTP/1.0" 200 261 "http://www.reflexpro.fr/sigma-70-300-f4-56-dg-apo-macro-monture-nikon-p-1327.html" "Mozilla/5.0 (iPhone; CPU iPhone OS 17_2_1 like Mac OS X) AppleWebKit/605.1.15 (KHTML, like Gecko) Version/17.2 Mobile/15E148 Safari/604.1"
82.64.171.7 - - [21/Jan/2024:12:58:25 +0100] "GET /cookieconsentbar/cookieconsentbar.css HTTP/1.0" 200 270 "http://www.reflexpro.fr/sigma-70-300-f4-56-dg-apo-macro-monture-nikon-p-1327.html" "Mozilla/5.0 (iPhone; CPU iPhone OS 17_2_1 like Mac OS X) AppleWebKit/605.1.15 (KHTML, like Gecko) Version/17.2 Mobile/15E148 Safari/604.1"
82.64.171.7 - - [21/Jan/2024:12:58:25 +0100] "GET /cookieconsentbar/cookieconsentbar.js HTTP/1.0" 200 276 "http://www.reflexpro.fr/sigma-70-300-f4-56-dg-apo-macro-monture-nikon-p-1327.html" "Mozilla/5.0 (iPhone; CPU iPhone OS 17_2_1 like Mac OS X) AppleWebKit/605.1.15 (KHTML, like Gecko) Version/17.2 Mobile/15E148 Safari/604.1"
82.64.171.7 - - [21/Jan/2024:12:58:25 +0100] "GET /images/logo-2130545471.png HTTP/1.0" 200 260 "http://www.reflexpro.fr/sigma-70-300-f4-56-dg-apo-macro-monture-nikon-p-1327.html" "Mozilla/5.0 (iPhone; CPU iPhone OS 17_2_1 like Mac OS X) AppleWebKit/605.1.15 (KHTML, like Gecko) Version/17.2 Mobile/15E148 Safari/604.1"
82.64.171.7 - - [21/Jan/2024:12:58:25 +0100] "GET /img-site/home3.png HTTP/1.0" 200 252 "http://www.reflexpro.fr/sigma-70-300-f4-56-dg-apo-macro-monture-nikon-p-1327.html" "Mozilla/5.0 (iPhone; CPU iPhone OS 17_2_1 like Mac OS X) AppleWebKit/605.1.15 (KHTML, like Gecko) Version/17.2 Mobile/15E148 Safari/604.1"
82.64.171.7 - - [21/Jan/2024:12:58:25 +0100] "GET /images/70-300apo.jpg HTTP/1.0" 200 255 "http://www.reflexpro.fr/sigma-70-300-f4-56-dg-apo-macro-monture-nikon-p-1327.html" "Mozilla/5.0 (iPhone; CPU iPhone OS 17_2_1 like Mac OS X) AppleWebKit/605.1.15 (KHTML, like Gecko) Version/17.2 Mobile/15E148 Safari/604.1"
82.64.171.7 - - [21/Jan/2024:12:58:25 +0100] "GET /images/ecotaxe_on.jpg HTTP/1.0" 200 256 "http://www.reflexpro.fr/sigma-70-300-f4-56-dg-apo-macro-monture-nikon-p-1327.html" "Mozilla/5.0 (iPhone; CPU iPhone OS 17_2_1 like Mac OS X) AppleWebKit/605.1.15 (KHTML, like Gecko) Version/17.2 Mobile/15E148 Safari/604.1"
82.64.171.7 - - [21/Jan/2024:12:58:25 +0100] "GET /images/pixel_trans.gif HTTP/1.0" 200 328 "http://www.reflexpro.fr/sigma-70-300-f4-56-dg-apo-macro-monture-nikon-p-1327.html" "Mozilla/5.0 (iPhone; CPU iPhone OS 17_2_1 like Mac OS X) AppleWebKit/605.1.15 (KHTML, like Gecko) Version/17.2 Mobile/15E148 Safari/604.1"
82.64.171.7 - - [21/Jan/2024:12:58:25 +0100] "GET /font-awesome-4.0.3/fonts/fontawesome-webfont.woff?v=4.0.3 HTTP/1.0" 200 284 "http://www.reflexpro.fr/sigma-70-300-f4-56-dg-apo-macro-monture-nikon-p-1327.html" "Mozilla/5.0 (iPhone; CPU iPhone OS 17_2_1 like Mac OS X) AppleWebKit/605.1.15 (KHTML, like Gecko) Version/17.2 Mobile/15E148 Safari/604.1"
82.64.171.7 - - [21/Jan/2024:12:58:25 +0100] "GET /images/header.png HTTP/1.0" 200 251 "http://www.reflexpro.fr/sigma-70-300-f4-56-dg-apo-macro-monture-nikon-p-1327.html" "Mozilla/5.0 (iPhone; CPU iPhone OS 17_2_1 like Mac OS X) AppleWebKit/605.1.15 (KHTML, like Gecko) Version/17.2 Mobile/15E148 Safari/604.1"
82.64.171.7 - - [21/Jan/2024:12:58:25 +0100] "GET /images/page.jpeg HTTP/1.0" 200 251 "http://www.reflexpro.fr/sigma-70-300-f4-56-dg-apo-macro-monture-nikon-p-1327.html" "Mozilla/5.0 (iPhone; CPU iPhone OS 17_2_1 like Mac OS X) AppleWebKit/605.1.15 (KHTML, like Gecko) Version/17.2 Mobile/15E148 Safari/604.1"
82.64.171.7 - - [21/Jan/2024:12:58:25 +0100] "GET /images/menuseparator.png HTTP/1.0" 200 487 "http://www.reflexpro.fr/sigma-70-300-f4-56-dg-apo-macro-monture-nikon-p-1327.html" "Mozilla/5.0 (iPhone; CPU iPhone OS 17_2_1 like Mac OS X) AppleWebKit/605.1.15 (KHTML, like Gecko) Version/17.2 Mobile/15E148 Safari/604.1"
82.64.171.7 - - [21/Jan/2024:12:58:25 +0100] "GET /images/pixel_orange.gif HTTP/1.0" 200 328 "http://www.reflexpro.fr/sigma-70-300-f4-56-dg-apo-macro-monture-nikon-p-1327.html" "Mozilla/5.0 (iPhone; CPU iPhone OS 17_2_1 like Mac OS X) AppleWebKit/605.1.15 (KHTML, like Gecko) Version/17.2 Mobile/15E148 Safari/604.1"
82.64.171.7 - - [21/Jan/2024:12:58:25 +0100] "GET /images/icon_paiement.jpg HTTP/1.0" 200 259 "http://www.reflexpro.fr/sigma-70-300-f4-56-dg-apo-macro-monture-nikon-p-1327.html" "Mozilla/5.0 (iPhone; CPU iPhone OS 17_2_1 like Mac OS X) AppleWebKit/605.1.15 (KHTML, like Gecko) Version/17.2 Mobile/15E148 Safari/604.1"
82.64.171.7 - - [21/Jan/2024:12:58:25 +0100] "GET /images/icon_tel.jpg HTTP/1.0" 200 254 "http://www.reflexpro.fr/sigma-70-300-f4-56-dg-apo-macro-monture-nikon-p-1327.html" "Mozilla/5.0 (iPhone; CPU iPhone OS 17_2_1 like Mac OS X) AppleWebKit/605.1.15 (KHTML, like Gecko) Version/17.2 Mobile/15E148 Safari/604.1"
82.64.171.7 - - [21/Jan/2024:12:58:25 +0100] "GET /images/qui-sommes-nous.jpg HTTP/1.0" 200 261 "http://www.reflexpro.fr/sigma-70-300-f4-56-dg-apo-macro-monture-nikon-p-1327.html" "Mozilla/5.0 (iPhone; CPU iPhone OS 17_2_1 like Mac OS X) AppleWebKit/605.1.15 (KHTML, like Gecko) Version/17.2 Mobile/15E148 Safari/604.1"
82.64.171.7 - - [21/Jan/2024:12:58:25 +0100] "GET /images/icone_contacter.jpg HTTP/1.0" 200 261 "http://www.reflexpro.fr/sigma-70-300-f4-56-dg-apo-macro-monture-nikon-p-1327.html" "Mozilla/5.0 (iPhone; CPU iPhone OS 17_2_1 like Mac OS X) AppleWebKit/605.1.15 (KHTML, like Gecko) Version/17.2 Mobile/15E148 Safari/604.1"
82.64.171.7 - - [21/Jan/2024:12:58:25 +0100] "GET /images/object227400126.png HTTP/1.0" 200 515 "http://www.reflexpro.fr/sigma-70-300-f4-56-dg-apo-macro-monture-nikon-p-1327.html" "Mozilla/5.0 (iPhone; CPU iPhone OS 17_2_1 like Mac OS X) AppleWebKit/605.1.15 (KHTML, like Gecko) Version/17.2 Mobile/15E148 Safari/604.1"
82.64.171.7 - - [21/Jan/2024:12:58:25 +0100] "GET /images/searchicon.png HTTP/1.0" 200 664 "http://www.reflexpro.fr/sigma-70-300-f4-56-dg-apo-macro-monture-nikon-p-1327.html" "Mozilla/5.0 (iPhone; CPU iPhone OS 17_2_1 like Mac OS X) AppleWebKit/605.1.15 (KHTML, like Gecko) Version/17.2 Mobile/15E148 Safari/604.1"
82.64.171.7 - - [21/Jan/2024:12:58:25 +0100] "GET /images/spacer.gif HTTP/1.0" 200 328 "http://www.reflexpro.fr/sigma-70-300-f4-56-dg-apo-macro-monture-nikon-p-1327.html" "Mozilla/5.0 (iPhone; CPU iPhone OS 17_2_1 like Mac OS X) AppleWebKit/605.1.15 (KHTML, like Gecko) Version/17.2 Mobile/15E148 Safari/604.1"
82.64.171.7 - - [21/Jan/2024:12:58:25 +0100] "GET /images/footerbullets.png HTTP/1.0" 200 503 "http://www.reflexpro.fr/sigma-70-300-f4-56-dg-apo-macro-monture-nikon-p-1327.html" "Mozilla/5.0 (iPhone; CPU iPhone OS 17_2_1 like Mac OS X) AppleWebKit/605.1.15 (KHTML, like Gecko) Version/17.2 Mobile/15E148 Safari/604.1"
82.64.171.7 - - [21/Jan/2024:12:58:28 +0100] "GET /highslide/graphics/zoomout.cur HTTP/1.0" 200 614 "http://www.reflexpro.fr/sigma-70-300-f4-56-dg-apo-macro-monture-nikon-p-1327.html" "Mozilla/5.0 (iPhone; CPU iPhone OS 17_2_1 like Mac OS X) AppleWebKit/605.1.15 (KHTML, like Gecko) Version/17.2 Mobile/15E148 Safari/604.1"
82.64.171.7 - - [21/Jan/2024:12:58:28 +0100] "GET /highslide/graphics/outlines/drop-shadow.png HTTP/1.0" 200 277 "http://www.reflexpro.fr/sigma-70-300-f4-56-dg-apo-macro-monture-nikon-p-1327.html" "Mozilla/5.0 (iPhone; CPU iPhone OS 17_2_1 like Mac OS X) AppleWebKit/605.1.15 (KHTML, like Gecko) Version/17.2 Mobile/15E148 Safari/604.1"
82.64.171.7 - - [21/Jan/2024:12:58:28 +0100] "GET /highslide/graphics/loader.white.gif HTTP/1.0" 200 960 "http://www.reflexpro.fr/sigma-70-300-f4-56-dg-apo-macro-monture-nikon-p-1327.html" "Mozilla/5.0 (iPhone; CPU iPhone OS 17_2_1 like Mac OS X) AppleWebKit/605.1.15 (KHTML, like Gecko) Version/17.2 Mobile/15E148 Safari/604.1"
82.64.171.7 - - [21/Jan/2024:12:58:28 +0100] "GET /favicon.ico HTTP/1.0" 200 260 "http://www.reflexpro.fr/sigma-70-300-f4-56-dg-apo-macro-monture-nikon-p-1327.html" "Mozilla/5.0 (iPhone; CPU iPhone OS 17_2_1 like Mac OS X) AppleWebKit/605.1.15 (KHTML, like Gecko) Version/17.2 Mobile/15E148 Safari/604.1"
69.162.124.230 - - [21/Jan/2024:12:59:11 +0100] "HEAD / HTTP/1.0" 200 383 "http://www.reflexpro.fr" "Mozilla/5.0+(compatible; UptimeRobot/2.0; http://www.uptimerobot.com/)"
38.170.215.65 - - [21/Jan/2024:13:00:08 +0100] "GET /contact_us.php HTTP/1.0" 200 32516 "-" "Mozilla/5.0 (X11; Linux x86_64) AppleWebKit/537.36 (KHTML, like Gecko) Chrome/114.0.0.0 Safari/537.36"
38.170.215.65 - - [21/Jan/2024:13:00:09 +0100] "GET /images/pixel_trans.gif HTTP/1.0" 200 328 "http://www.reflexpro.fr/contact_us.php?action=send" "Mozilla/5.0 (X11; Linux x86_64) AppleWebKit/537.36 (KHTML, like Gecko) Chrome/114.0.0.0 Safari/537.36"
38.170.215.65 - - [21/Jan/2024:13:00:11 +0100] "POST /contact_us.php?action=send HTTP/1.0" 302 482 "http://www.reflexpro.fr/contact_us.php" "Mozilla/5.0 (X11; Linux x86_64) AppleWebKit/537.36 (KHTML, like Gecko) Chrome/114.0.0.0 Safari/537.36"
38.170.215.65 - - [21/Jan/2024:13:00:12 +0100] "GET /contact_us.php?action=success HTTP/1.0" 200 19766 "http://www.reflexpro.fr/contact_us.php?action=send" "Mozilla/5.0 (X11; Linux x86_64) AppleWebKit/537.36 (KHTML, like Gecko) Chrome/114.0.0.0 Safari/537.36"
69.162.124.230 - - [21/Jan/2024:13:04:12 +0100] "HEAD / HTTP/1.0" 200 383 "http://www.reflexpro.fr" "Mozilla/5.0+(compatible; UptimeRobot/2.0; http://www.uptimerobot.com/)"
85.208.96.207 - - [21/Jan/2024:13:06:11 +0100] "GET /robots.txt HTTP/1.0" 200 245 "-" "Mozilla/5.0 (compatible; SemrushBot/7~bl; +http://www.semrush.com/bot.html)"
85.208.96.208 - - [21/Jan/2024:13:06:11 +0100] "GET /canon-ef-10-18-f45-56-is-stm-p-1498.html HTTP/1.0" 200 31650 "-" "Mozilla/5.0 (compatible; SemrushBot/7~bl; +http://www.semrush.com/bot.html)"
69.63.189.7 - - [21/Jan/2024:13:06:54 +0100] "GET /images/mini_prod/mavicair2.jpg HTTP/1.0" 200 265 "-" "facebookexternalhit/1.1 (+http://www.facebook.com/externalhit_uatext.php)"
69.162.124.230 - - [21/Jan/2024:13:09:12 +0100] "HEAD / HTTP/1.0" 200 383 "http://www.reflexpro.fr" "Mozilla/5.0+(compatible; UptimeRobot/2.0; http://www.uptimerobot.com/)"
66.249.66.23 - - [21/Jan/2024:13:13:42 +0100] "GET /manfrotto-befree-vert-rotule-496rc2-p-1928.html HTTP/1.0" 200 29543 "-" "Mozilla/5.0 (Linux; Android 6.0.1; Nexus 5X Build/MMB29P) AppleWebKit/537.36 (KHTML, like Gecko) Chrome/120.0.6099.224 Mobile Safari/537.36 (compatible; Googlebot/2.1; +http://www.google.com/bot.html)"
69.162.124.230 - - [21/Jan/2024:13:14:11 +0100] "HEAD / HTTP/1.0" 200 383 "http://www.reflexpro.fr" "Mozilla/5.0+(compatible; UptimeRobot/2.0; http://www.uptimerobot.com/)"
69.162.124.230 - - [21/Jan/2024:13:19:11 +0100] "HEAD / HTTP/1.0" 200 383 "http://www.reflexpro.fr" "Mozilla/5.0+(compatible; UptimeRobot/2.0; http://www.uptimerobot.com/)"
54.36.149.17 - - [21/Jan/2024:13:21:30 +0100] "GET /sigma-tc-2001-monture-canon-p-2247.html HTTP/1.0" 200 28019 "-" "Mozilla/5.0 (compatible; AhrefsBot/7.0; +http://ahrefs.com/robot/)"
69.162.124.230 - - [21/Jan/2024:13:24:11 +0100] "HEAD / HTTP/1.0" 200 383 "http://www.reflexpro.fr" "Mozilla/5.0+(compatible; UptimeRobot/2.0; http://www.uptimerobot.com/)"
85.208.96.209 - - [21/Jan/2024:13:26:51 +0100] "GET /fujifilm-e2-silver-18-55-35mm-p-994.html?action=add_product HTTP/1.0" 302 470 "-" "Mozilla/5.0 (compatible; SemrushBot/7~bl; +http://www.semrush.com/bot.html)"
66.249.66.23 - - [21/Jan/2024:13:28:32 +0100] "GET / HTTP/1.0" 200 35969 "-" "Mozilla/5.0 (compatible; Googlebot/2.1; +http://www.google.com/bot.html)"
69.162.124.230 - - [21/Jan/2024:13:29:12 +0100] "HEAD / HTTP/1.0" 200 383 "http://www.reflexpro.fr" "Mozilla/5.0+(compatible; UptimeRobot/2.0; http://www.uptimerobot.com/)"
216.244.66.233 - - [21/Jan/2024:13:33:18 +0100] "GET /robots.txt HTTP/1.0" 200 245 "-" "Mozilla/5.0 (compatible; DotBot/1.2; +https://opensiteexplorer.org/dotbot; help@moz.com)"
69.162.124.230 - - [21/Jan/2024:13:34:12 +0100] "HEAD / HTTP/1.0" 200 383 "http://www.reflexpro.fr" "Mozilla/5.0+(compatible; UptimeRobot/2.0; http://www.uptimerobot.com/)"
85.208.96.212 - - [21/Jan/2024:13:38:40 +0100] "GET /manfrotto-sac-dos-tribackpacks-p-1837.html HTTP/1.0" 200 30303 "-" "Mozilla/5.0 (compatible; SemrushBot/7~bl; +http://www.semrush.com/bot.html)"
216.244.66.233 - - [21/Jan/2024:13:39:09 +0100] "GET /nikon-nc-72-filtre-protecteur-neutre-pr-1789.html HTTP/1.0" 302 464 "-" "Mozilla/5.0 (compatible; DotBot/1.2; +https://opensiteexplorer.org/dotbot; help@moz.com)"
69.162.124.230 - - [21/Jan/2024:13:39:17 +0100] "HEAD / HTTP/1.0" 200 383 "http://www.reflexpro.fr" "Mozilla/5.0+(compatible; UptimeRobot/2.0; http://www.uptimerobot.com/)"
69.162.124.230 - - [21/Jan/2024:13:44:12 +0100] "HEAD / HTTP/1.0" 200 383 "http://www.reflexpro.fr" "Mozilla/5.0+(compatible; UptimeRobot/2.0; http://www.uptimerobot.com/)"
66.249.66.197 - - [21/Jan/2024:13:46:32 +0100] "GET / HTTP/1.0" 301 502 "-" "Mozilla/5.0 (compatible; Googlebot/2.1; +http://www.google.com/bot.html)"
66.249.66.21 - - [21/Jan/2024:13:46:33 +0100] "GET / HTTP/1.0" 200 35969 "-" "Mozilla/5.0 (compatible; Googlebot/2.1; +http://www.google.com/bot.html)"
69.162.124.230 - - [21/Jan/2024:13:49:12 +0100] "HEAD / HTTP/1.0" 200 383 "http://www.reflexpro.fr" "Mozilla/5.0+(compatible; UptimeRobot/2.0; http://www.uptimerobot.com/)"
69.162.124.230 - - [21/Jan/2024:13:54:12 +0100] "HEAD / HTTP/1.0" 200 383 "http://www.reflexpro.fr" "Mozilla/5.0+(compatible; UptimeRobot/2.0; http://www.uptimerobot.com/)"
69.162.124.230 - - [21/Jan/2024:13:59:12 +0100] "HEAD / HTTP/1.0" 200 383 "http://www.reflexpro.fr" "Mozilla/5.0+(compatible; UptimeRobot/2.0; http://www.uptimerobot.com/)"
66.249.66.21 - - [21/Jan/2024:14:02:04 +0100] "GET /panasonic-dmw-blc12e-dmc-fz200des-dmc-g5-dmc-gh2-p-1655.html HTTP/1.0" 200 27790 "-" "Mozilla/5.0 (Linux; Android 6.0.1; Nexus 5X Build/MMB29P) AppleWebKit/537.36 (KHTML, like Gecko) Chrome/120.0.6099.224 Mobile Safari/537.36 (compatible; Googlebot/2.1; +http://www.google.com/bot.html)"
66.249.66.197 - - [21/Jan/2024:14:04:02 +0100] "GET / HTTP/1.0" 301 502 "-" "Mozilla/5.0 (compatible; Googlebot/2.1; +http://www.google.com/bot.html)"
66.249.66.22 - - [21/Jan/2024:14:04:03 +0100] "GET / HTTP/1.0" 200 35969 "-" "Mozilla/5.0 (compatible; Googlebot/2.1; +http://www.google.com/bot.html)"
69.162.124.230 - - [21/Jan/2024:14:04:12 +0100] "HEAD / HTTP/1.0" 200 383 "http://www.reflexpro.fr" "Mozilla/5.0+(compatible; UptimeRobot/2.0; http://www.uptimerobot.com/)"
66.249.66.22 - - [21/Jan/2024:14:04:37 +0100] "GET /nikon-w300-orange-compact-etanche-antichoc-p-2472.html HTTP/1.0" 200 42731 "-" "Mozilla/5.0 (Linux; Android 6.0.1; Nexus 5X Build/MMB29P) AppleWebKit/537.36 (KHTML, like Gecko) Chrome/120.0.6099.224 Mobile Safari/537.36 (compatible; Googlebot/2.1; +http://www.google.com/bot.html)"
69.162.124.230 - - [21/Jan/2024:14:09:12 +0100] "HEAD / HTTP/1.0" 200 383 "http://www.reflexpro.fr" "Mozilla/5.0+(compatible; UptimeRobot/2.0; http://www.uptimerobot.com/)"
176.147.151.189 - - [21/Jan/2024:14:09:20 +0100] "GET /leica-lux-p-2681.html HTTP/1.0" 200 36142 "https://www.google.com/" "Mozilla/5.0 (Linux; Android 10; K) AppleWebKit/537.36 (KHTML, like Gecko) Chrome/121.0.0.0 Mobile Safari/537.36"
176.147.151.189 - - [21/Jan/2024:14:09:20 +0100] "GET /style.css HTTP/1.0" 200 242 "http://www.reflexpro.fr/leica-lux-p-2681.html" "Mozilla/5.0 (Linux; Android 10; K) AppleWebKit/537.36 (KHTML, like Gecko) Chrome/121.0.0.0 Mobile Safari/537.36"
176.147.151.189 - - [21/Jan/2024:14:09:20 +0100] "GET /style.responsive.css HTTP/1.0" 200 253 "http://www.reflexpro.fr/leica-lux-p-2681.html" "Mozilla/5.0 (Linux; Android 10; K) AppleWebKit/537.36 (KHTML, like Gecko) Chrome/121.0.0.0 Mobile Safari/537.36"
176.147.151.189 - - [21/Jan/2024:14:09:20 +0100] "GET /templates/Pixame_v1/stylesheet.css HTTP/1.0" 200 267 "http://www.reflexpro.fr/leica-lux-p-2681.html" "Mozilla/5.0 (Linux; Android 10; K) AppleWebKit/537.36 (KHTML, like Gecko) Chrome/121.0.0.0 Mobile Safari/537.36"
176.147.151.189 - - [21/Jan/2024:14:09:20 +0100] "GET /font-awesome-4.0.3/css/font-awesome.css HTTP/1.0" 200 272 "http://www.reflexpro.fr/leica-lux-p-2681.html" "Mozilla/5.0 (Linux; Android 10; K) AppleWebKit/537.36 (KHTML, like Gecko) Chrome/121.0.0.0 Mobile Safari/537.36"
176.147.151.189 - - [21/Jan/2024:14:09:20 +0100] "GET /themes-nivo/default/default.css HTTP/1.0" 200 264 "http://www.reflexpro.fr/leica-lux-p-2681.html" "Mozilla/5.0 (Linux; Android 10; K) AppleWebKit/537.36 (KHTML, like Gecko) Chrome/121.0.0.0 Mobile Safari/537.36"
176.147.151.189 - - [21/Jan/2024:14:09:20 +0100] "GET /themes-nivo/light/light.css HTTP/1.0" 200 260 "http://www.reflexpro.fr/leica-lux-p-2681.html" "Mozilla/5.0 (Linux; Android 10; K) AppleWebKit/537.36 (KHTML, like Gecko) Chrome/121.0.0.0 Mobile Safari/537.36"
176.147.151.189 - - [21/Jan/2024:14:09:20 +0100] "GET /themes-nivo/dark/dark.css HTTP/1.0" 200 258 "http://www.reflexpro.fr/leica-lux-p-2681.html" "Mozilla/5.0 (Linux; Android 10; K) AppleWebKit/537.36 (KHTML, like Gecko) Chrome/121.0.0.0 Mobile Safari/537.36"
176.147.151.189 - - [21/Jan/2024:14:09:20 +0100] "GET /themes-nivo/bar/bar.css HTTP/1.0" 200 256 "http://www.reflexpro.fr/leica-lux-p-2681.html" "Mozilla/5.0 (Linux; Android 10; K) AppleWebKit/537.36 (KHTML, like Gecko) Chrome/121.0.0.0 Mobile Safari/537.36"
176.147.151.189 - - [21/Jan/2024:14:09:20 +0100] "GET /nivo-slider.css HTTP/1.0" 200 248 "http://www.reflexpro.fr/leica-lux-p-2681.html" "Mozilla/5.0 (Linux; Android 10; K) AppleWebKit/537.36 (KHTML, like Gecko) Chrome/121.0.0.0 Mobile Safari/537.36"
176.147.151.189 - - [21/Jan/2024:14:09:20 +0100] "GET /cookieconsentbar/cookieconsentbar.css HTTP/1.0" 200 270 "http://www.reflexpro.fr/leica-lux-p-2681.html" "Mozilla/5.0 (Linux; Android 10; K) AppleWebKit/537.36 (KHTML, like Gecko) Chrome/121.0.0.0 Mobile Safari/537.36"
176.147.151.189 - - [21/Jan/2024:14:09:20 +0100] "GET /jquery.js HTTP/1.0" 200 249 "http://www.reflexpro.fr/leica-lux-p-2681.html" "Mozilla/5.0 (Linux; Android 10; K) AppleWebKit/537.36 (KHTML, like Gecko) Chrome/121.0.0.0 Mobile Safari/537.36"
176.147.151.189 - - [21/Jan/2024:14:09:20 +0100] "GET /highslide/highslide.js HTTP/1.0" 200 262 "http://www.reflexpro.fr/leica-lux-p-2681.html" "Mozilla/5.0 (Linux; Android 10; K) AppleWebKit/537.36 (KHTML, like Gecko) Chrome/121.0.0.0 Mobile Safari/537.36"
176.147.151.189 - - [21/Jan/2024:14:09:20 +0100] "GET /script.js HTTP/1.0" 200 249 "http://www.reflexpro.fr/leica-lux-p-2681.html" "Mozilla/5.0 (Linux; Android 10; K) AppleWebKit/537.36 (KHTML, like Gecko) Chrome/121.0.0.0 Mobile Safari/537.36"
176.147.151.189 - - [21/Jan/2024:14:09:20 +0100] "GET /script.responsive.js HTTP/1.0" 200 260 "http://www.reflexpro.fr/leica-lux-p-2681.html" "Mozilla/5.0 (Linux; Android 10; K) AppleWebKit/537.36 (KHTML, like Gecko) Chrome/121.0.0.0 Mobile Safari/537.36"
176.147.151.189 - - [21/Jan/2024:14:09:20 +0100] "GET /jquery-1.9.0.min.js HTTP/1.0" 200 259 "http://www.reflexpro.fr/leica-lux-p-2681.html" "Mozilla/5.0 (Linux; Android 10; K) AppleWebKit/537.36 (KHTML, like Gecko) Chrome/121.0.0.0 Mobile Safari/537.36"
176.147.151.189 - - [21/Jan/2024:14:09:20 +0100] "GET /jquery.nivo.slider.js HTTP/1.0" 200 261 "http://www.reflexpro.fr/leica-lux-p-2681.html" "Mozilla/5.0 (Linux; Android 10; K) AppleWebKit/537.36 (KHTML, like Gecko) Chrome/121.0.0.0 Mobile Safari/537.36"
176.147.151.189 - - [21/Jan/2024:14:09:20 +0100] "GET /cookieconsentbar/cookieconsentbar.js HTTP/1.0" 200 276 "http://www.reflexpro.fr/leica-lux-p-2681.html" "Mozilla/5.0 (Linux; Android 10; K) AppleWebKit/537.36 (KHTML, like Gecko) Chrome/121.0.0.0 Mobile Safari/537.36"
176.147.151.189 - - [21/Jan/2024:14:09:20 +0100] "GET /images/logo-2130545471.png HTTP/1.0" 200 260 "http://www.reflexpro.fr/leica-lux-p-2681.html" "Mozilla/5.0 (Linux; Android 10; K) AppleWebKit/537.36 (KHTML, like Gecko) Chrome/121.0.0.0 Mobile Safari/537.36"
176.147.151.189 - - [21/Jan/2024:14:09:20 +0100] "GET /img-site/home3.png HTTP/1.0" 200 252 "http://www.reflexpro.fr/leica-lux-p-2681.html" "Mozilla/5.0 (Linux; Android 10; K) AppleWebKit/537.36 (KHTML, like Gecko) Chrome/121.0.0.0 Mobile Safari/537.36"
176.147.151.189 - - [21/Jan/2024:14:09:20 +0100] "GET /images/leica-v-lux-5-face-50.jpg HTTP/1.0" 200 267 "http://www.reflexpro.fr/leica-lux-p-2681.html" "Mozilla/5.0 (Linux; Android 10; K) AppleWebKit/537.36 (KHTML, like Gecko) Chrome/121.0.0.0 Mobile Safari/537.36"
176.147.151.189 - - [21/Jan/2024:14:09:20 +0100] "GET /images/ecotaxe_on.jpg HTTP/1.0" 200 256 "http://www.reflexpro.fr/leica-lux-p-2681.html" "Mozilla/5.0 (Linux; Android 10; K) AppleWebKit/537.36 (KHTML, like Gecko) Chrome/121.0.0.0 Mobile Safari/537.36"
176.147.151.189 - - [21/Jan/2024:14:09:20 +0100] "GET /images/pixel_trans.gif HTTP/1.0" 200 328 "http://www.reflexpro.fr/leica-lux-p-2681.html" "Mozilla/5.0 (Linux; Android 10; K) AppleWebKit/537.36 (KHTML, like Gecko) Chrome/121.0.0.0 Mobile Safari/537.36"
176.147.151.189 - - [21/Jan/2024:14:09:20 +0100] "GET /images/pixel_orange.gif HTTP/1.0" 200 328 "http://www.reflexpro.fr/leica-lux-p-2681.html" "Mozilla/5.0 (Linux; Android 10; K) AppleWebKit/537.36 (KHTML, like Gecko) Chrome/121.0.0.0 Mobile Safari/537.36"
176.147.151.189 - - [21/Jan/2024:14:09:20 +0100] "GET /images/icon_paiement.jpg HTTP/1.0" 200 259 "http://www.reflexpro.fr/leica-lux-p-2681.html" "Mozilla/5.0 (Linux; Android 10; K) AppleWebKit/537.36 (KHTML, like Gecko) Chrome/121.0.0.0 Mobile Safari/537.36"
176.147.151.189 - - [21/Jan/2024:14:09:20 +0100] "GET /images/icon_tel.jpg HTTP/1.0" 200 254 "http://www.reflexpro.fr/leica-lux-p-2681.html" "Mozilla/5.0 (Linux; Android 10; K) AppleWebKit/537.36 (KHTML, like Gecko) Chrome/121.0.0.0 Mobile Safari/537.36"
176.147.151.189 - - [21/Jan/2024:14:09:20 +0100] "GET /images/icone_contacter.jpg HTTP/1.0" 200 261 "http://www.reflexpro.fr/leica-lux-p-2681.html" "Mozilla/5.0 (Linux; Android 10; K) AppleWebKit/537.36 (KHTML, like Gecko) Chrome/121.0.0.0 Mobile Safari/537.36"
176.147.151.189 - - [21/Jan/2024:14:09:20 +0100] "GET /images/qui-sommes-nous.jpg HTTP/1.0" 200 261 "http://www.reflexpro.fr/leica-lux-p-2681.html" "Mozilla/5.0 (Linux; Android 10; K) AppleWebKit/537.36 (KHTML, like Gecko) Chrome/121.0.0.0 Mobile Safari/537.36"
176.147.151.189 - - [21/Jan/2024:14:09:20 +0100] "GET /images/page.jpeg HTTP/1.0" 200 251 "http://www.reflexpro.fr/style.css" "Mozilla/5.0 (Linux; Android 10; K) AppleWebKit/537.36 (KHTML, like Gecko) Chrome/121.0.0.0 Mobile Safari/537.36"
176.147.151.189 - - [21/Jan/2024:14:09:20 +0100] "GET /images/header.png HTTP/1.0" 200 251 "http://www.reflexpro.fr/style.css" "Mozilla/5.0 (Linux; Android 10; K) AppleWebKit/537.36 (KHTML, like Gecko) Chrome/121.0.0.0 Mobile Safari/537.36"
176.147.151.189 - - [21/Jan/2024:14:09:21 +0100] "GET /images/object227400126.png HTTP/1.0" 200 515 "http://www.reflexpro.fr/style.css" "Mozilla/5.0 (Linux; Android 10; K) AppleWebKit/537.36 (KHTML, like Gecko) Chrome/121.0.0.0 Mobile Safari/537.36"
176.147.151.189 - - [21/Jan/2024:14:09:21 +0100] "GET /images/searchicon.png HTTP/1.0" 200 664 "http://www.reflexpro.fr/style.css" "Mozilla/5.0 (Linux; Android 10; K) AppleWebKit/537.36 (KHTML, like Gecko) Chrome/121.0.0.0 Mobile Safari/537.36"
176.147.151.189 - - [21/Jan/2024:14:09:21 +0100] "GET /images/menuseparator.png HTTP/1.0" 200 487 "http://www.reflexpro.fr/style.css" "Mozilla/5.0 (Linux; Android 10; K) AppleWebKit/537.36 (KHTML, like Gecko) Chrome/121.0.0.0 Mobile Safari/537.36"
176.147.151.189 - - [21/Jan/2024:14:09:21 +0100] "GET /images/spacer.gif HTTP/1.0" 200 328 "http://www.reflexpro.fr/style.css" "Mozilla/5.0 (Linux; Android 10; K) AppleWebKit/537.36 (KHTML, like Gecko) Chrome/121.0.0.0 Mobile Safari/537.36"
176.147.151.189 - - [21/Jan/2024:14:09:21 +0100] "GET /images/footerbullets.png HTTP/1.0" 200 503 "http://www.reflexpro.fr/style.css" "Mozilla/5.0 (Linux; Android 10; K) AppleWebKit/537.36 (KHTML, like Gecko) Chrome/121.0.0.0 Mobile Safari/537.36"
176.147.151.189 - - [21/Jan/2024:14:09:21 +0100] "GET /highslide/graphics/outlines/drop-shadow.png HTTP/1.0" 200 277 "http://www.reflexpro.fr/leica-lux-p-2681.html" "Mozilla/5.0 (Linux; Android 10; K) AppleWebKit/537.36 (KHTML, like Gecko) Chrome/121.0.0.0 Mobile Safari/537.36"
176.147.151.189 - - [21/Jan/2024:14:09:21 +0100] "GET /highslide/graphics/zoomout.cur HTTP/1.0" 200 614 "http://www.reflexpro.fr/leica-lux-p-2681.html" "Mozilla/5.0 (Linux; Android 10; K) AppleWebKit/537.36 (KHTML, like Gecko) Chrome/121.0.0.0 Mobile Safari/537.36"
176.147.151.189 - - [21/Jan/2024:14:09:21 +0100] "GET /highslide/graphics/loader.white.gif HTTP/1.0" 200 960 "http://www.reflexpro.fr/templates/Pixame_v1/stylesheet.css" "Mozilla/5.0 (Linux; Android 10; K) AppleWebKit/537.36 (KHTML, like Gecko) Chrome/121.0.0.0 Mobile Safari/537.36"
176.147.151.189 - - [21/Jan/2024:14:09:22 +0100] "GET /favicon.ico HTTP/1.0" 200 260 "http://www.reflexpro.fr/leica-lux-p-2681.html" "Mozilla/5.0 (Linux; Android 10; K) AppleWebKit/537.36 (KHTML, like Gecko) Chrome/121.0.0.0 Mobile Safari/537.36"
176.147.151.189 - - [21/Jan/2024:14:09:57 +0100] "POST /leica-lux-p-2681.html?action=add_product HTTP/1.0" 302 470 "http://www.reflexpro.fr/leica-lux-p-2681.html" "Mozilla/5.0 (Linux; Android 10; K) AppleWebKit/537.36 (KHTML, like Gecko) Chrome/121.0.0.0 Mobile Safari/537.36"
176.147.151.189 - - [21/Jan/2024:14:09:57 +0100] "GET /shopping_cart.php HTTP/1.0" 200 34231 "http://www.reflexpro.fr/leica-lux-p-2681.html" "Mozilla/5.0 (Linux; Android 10; K) AppleWebKit/537.36 (KHTML, like Gecko) Chrome/121.0.0.0 Mobile Safari/537.36"
176.147.151.189 - - [21/Jan/2024:14:09:57 +0100] "GET /images/table_background_cart.gif HTTP/1.0" 200 1094 "http://www.reflexpro.fr/shopping_cart.php" "Mozilla/5.0 (Linux; Android 10; K) AppleWebKit/537.36 (KHTML, like Gecko) Chrome/121.0.0.0 Mobile Safari/537.36"
176.147.151.189 - - [21/Jan/2024:14:09:57 +0100] "GET /images/mini_prod/leica-v-lux-5-face-50.jpg HTTP/1.0" 200 277 "http://www.reflexpro.fr/shopping_cart.php" "Mozilla/5.0 (Linux; Android 10; K) AppleWebKit/537.36 (KHTML, like Gecko) Chrome/121.0.0.0 Mobile Safari/537.36"
176.147.151.189 - - [21/Jan/2024:14:09:57 +0100] "GET /images/icons/warning.gif HTTP/1.0" 200 478 "http://www.reflexpro.fr/shopping_cart.php" "Mozilla/5.0 (Linux; Android 10; K) AppleWebKit/537.36 (KHTML, like Gecko) Chrome/121.0.0.0 Mobile Safari/537.36"
176.147.151.189 - - [21/Jan/2024:14:09:57 +0100] "GET /images/pixel_black.gif HTTP/1.0" 200 320 "http://www.reflexpro.fr/shopping_cart.php" "Mozilla/5.0 (Linux; Android 10; K) AppleWebKit/537.36 (KHTML, like Gecko) Chrome/121.0.0.0 Mobile Safari/537.36"
176.147.151.189 - - [21/Jan/2024:14:09:57 +0100] "GET /images/icons/shipping_chronopost.gif HTTP/1.0" 200 270 "http://www.reflexpro.fr/shopping_cart.php" "Mozilla/5.0 (Linux; Android 10; K) AppleWebKit/537.36 (KHTML, like Gecko) Chrome/121.0.0.0 Mobile Safari/537.36"
176.147.151.189 - - [21/Jan/2024:14:09:57 +0100] "GET /images/icons/chrono_13.gif HTTP/1.0" 200 260 "http://www.reflexpro.fr/shopping_cart.php" "Mozilla/5.0 (Linux; Android 10; K) AppleWebKit/537.36 (KHTML, like Gecko) Chrome/121.0.0.0 Mobile Safari/537.36"
176.147.151.189 - - [21/Jan/2024:14:10:00 +0100] "GET /leica-lux-p-2681.html HTTP/1.0" 200 36142 "https://www.google.com/" "Mozilla/5.0 (Linux; Android 10; K) AppleWebKit/537.36 (KHTML, like Gecko) Chrome/121.0.0.0 Mobile Safari/537.36"
69.162.124.230 - - [21/Jan/2024:14:14:12 +0100] "HEAD / HTTP/1.0" 200 383 "http://www.reflexpro.fr" "Mozilla/5.0+(compatible; UptimeRobot/2.0; http://www.uptimerobot.com/)"
69.162.124.230 - - [21/Jan/2024:14:19:12 +0100] "HEAD / HTTP/1.0" 200 383 "http://www.reflexpro.fr" "Mozilla/5.0+(compatible; UptimeRobot/2.0; http://www.uptimerobot.com/)"
40.77.167.132 - - [21/Jan/2024:14:19:40 +0100] "GET /canon-ef-28-300-f35-56-is-usm-pr-1436.html HTTP/1.0" 302 464 "-" "Mozilla/5.0 AppleWebKit/537.36 (KHTML, like Gecko; compatible; bingbot/2.0; +http://www.bing.com/bingbot.htm) Chrome/116.0.1938.76 Safari/537.36"
40.77.167.132 - - [21/Jan/2024:14:19:41 +0100] "GET /kef-r11-noyer-clair-la-paire-pr-2657.html HTTP/1.0" 302 464 "-" "Mozilla/5.0 AppleWebKit/537.36 (KHTML, like Gecko; compatible; bingbot/2.0; +http://www.bing.com/bingbot.htm) Chrome/116.0.1938.76 Safari/537.36"
54.36.148.76 - - [21/Jan/2024:14:19:52 +0100] "GET /joby-gorillapod-focus-gp-p-1607.html HTTP/1.0" 200 28741 "-" "Mozilla/5.0 (compatible; AhrefsBot/7.0; +http://ahrefs.com/robot/)"
69.162.124.230 - - [21/Jan/2024:14:24:12 +0100] "HEAD / HTTP/1.0" 200 383 "http://www.reflexpro.fr" "Mozilla/5.0+(compatible; UptimeRobot/2.0; http://www.uptimerobot.com/)"
85.208.96.193 - - [21/Jan/2024:14:25:00 +0100] "GET /robots.txt HTTP/1.0" 200 245 "-" "Mozilla/5.0 (compatible; SemrushBot/7~bl; +http://www.semrush.com/bot.html)"
85.208.96.208 - - [21/Jan/2024:14:25:00 +0100] "GET /fujifilm-pochette-cuir-marron-x100-p-1560.html HTTP/1.0" 200 27833 "-" "Mozilla/5.0 (compatible; SemrushBot/7~bl; +http://www.semrush.com/bot.html)"
37.65.68.164 - - [21/Jan/2024:14:25:28 +0100] "GET /sony-a6000-noir-16-50mm-ilce-6000lb-p-2109.html HTTP/1.0" 200 42043 "https://www.google.fr/" "Mozilla/5.0 (iPhone; CPU iPhone OS 16_3_1 like Mac OS X) AppleWebKit/605.1.15 (KHTML, like Gecko) Version/16.3 Mobile/15E148 Safari/604.1"
37.65.68.164 - - [21/Jan/2024:14:25:28 +0100] "GET /style.css HTTP/1.0" 200 242 "http://www.reflexpro.fr/sony-a6000-noir-16-50mm-ilce-6000lb-p-2109.html" "Mozilla/5.0 (iPhone; CPU iPhone OS 16_3_1 like Mac OS X) AppleWebKit/605.1.15 (KHTML, like Gecko) Version/16.3 Mobile/15E148 Safari/604.1"
37.65.68.164 - - [21/Jan/2024:14:25:28 +0100] "GET /highslide/highslide.js HTTP/1.0" 200 262 "http://www.reflexpro.fr/sony-a6000-noir-16-50mm-ilce-6000lb-p-2109.html" "Mozilla/5.0 (iPhone; CPU iPhone OS 16_3_1 like Mac OS X) AppleWebKit/605.1.15 (KHTML, like Gecko) Version/16.3 Mobile/15E148 Safari/604.1"
37.65.68.164 - - [21/Jan/2024:14:25:28 +0100] "GET /style.responsive.css HTTP/1.0" 200 253 "http://www.reflexpro.fr/sony-a6000-noir-16-50mm-ilce-6000lb-p-2109.html" "Mozilla/5.0 (iPhone; CPU iPhone OS 16_3_1 like Mac OS X) AppleWebKit/605.1.15 (KHTML, like Gecko) Version/16.3 Mobile/15E148 Safari/604.1"
37.65.68.164 - - [21/Jan/2024:14:25:28 +0100] "GET /font-awesome-4.0.3/css/font-awesome.css HTTP/1.0" 200 272 "http://www.reflexpro.fr/sony-a6000-noir-16-50mm-ilce-6000lb-p-2109.html" "Mozilla/5.0 (iPhone; CPU iPhone OS 16_3_1 like Mac OS X) AppleWebKit/605.1.15 (KHTML, like Gecko) Version/16.3 Mobile/15E148 Safari/604.1"
37.65.68.164 - - [21/Jan/2024:14:25:28 +0100] "GET /templates/Pixame_v1/stylesheet.css HTTP/1.0" 200 267 "http://www.reflexpro.fr/sony-a6000-noir-16-50mm-ilce-6000lb-p-2109.html" "Mozilla/5.0 (iPhone; CPU iPhone OS 16_3_1 like Mac OS X) AppleWebKit/605.1.15 (KHTML, like Gecko) Version/16.3 Mobile/15E148 Safari/604.1"
37.65.68.164 - - [21/Jan/2024:14:25:28 +0100] "GET /jquery.js HTTP/1.0" 200 249 "http://www.reflexpro.fr/sony-a6000-noir-16-50mm-ilce-6000lb-p-2109.html" "Mozilla/5.0 (iPhone; CPU iPhone OS 16_3_1 like Mac OS X) AppleWebKit/605.1.15 (KHTML, like Gecko) Version/16.3 Mobile/15E148 Safari/604.1"
37.65.68.164 - - [21/Jan/2024:14:25:28 +0100] "GET /script.js HTTP/1.0" 200 249 "http://www.reflexpro.fr/sony-a6000-noir-16-50mm-ilce-6000lb-p-2109.html" "Mozilla/5.0 (iPhone; CPU iPhone OS 16_3_1 like Mac OS X) AppleWebKit/605.1.15 (KHTML, like Gecko) Version/16.3 Mobile/15E148 Safari/604.1"
37.65.68.164 - - [21/Jan/2024:14:25:28 +0100] "GET /script.responsive.js HTTP/1.0" 200 260 "http://www.reflexpro.fr/sony-a6000-noir-16-50mm-ilce-6000lb-p-2109.html" "Mozilla/5.0 (iPhone; CPU iPhone OS 16_3_1 like Mac OS X) AppleWebKit/605.1.15 (KHTML, like Gecko) Version/16.3 Mobile/15E148 Safari/604.1"
37.65.68.164 - - [21/Jan/2024:14:25:28 +0100] "GET /themes-nivo/default/default.css HTTP/1.0" 200 264 "http://www.reflexpro.fr/sony-a6000-noir-16-50mm-ilce-6000lb-p-2109.html" "Mozilla/5.0 (iPhone; CPU iPhone OS 16_3_1 like Mac OS X) AppleWebKit/605.1.15 (KHTML, like Gecko) Version/16.3 Mobile/15E148 Safari/604.1"
37.65.68.164 - - [21/Jan/2024:14:25:28 +0100] "GET /themes-nivo/light/light.css HTTP/1.0" 200 260 "http://www.reflexpro.fr/sony-a6000-noir-16-50mm-ilce-6000lb-p-2109.html" "Mozilla/5.0 (iPhone; CPU iPhone OS 16_3_1 like Mac OS X) AppleWebKit/605.1.15 (KHTML, like Gecko) Version/16.3 Mobile/15E148 Safari/604.1"
37.65.68.164 - - [21/Jan/2024:14:25:28 +0100] "GET /themes-nivo/dark/dark.css HTTP/1.0" 200 258 "http://www.reflexpro.fr/sony-a6000-noir-16-50mm-ilce-6000lb-p-2109.html" "Mozilla/5.0 (iPhone; CPU iPhone OS 16_3_1 like Mac OS X) AppleWebKit/605.1.15 (KHTML, like Gecko) Version/16.3 Mobile/15E148 Safari/604.1"
37.65.68.164 - - [21/Jan/2024:14:25:28 +0100] "GET /themes-nivo/bar/bar.css HTTP/1.0" 200 256 "http://www.reflexpro.fr/sony-a6000-noir-16-50mm-ilce-6000lb-p-2109.html" "Mozilla/5.0 (iPhone; CPU iPhone OS 16_3_1 like Mac OS X) AppleWebKit/605.1.15 (KHTML, like Gecko) Version/16.3 Mobile/15E148 Safari/604.1"
