69.162.124.230 - - [21/Jan/2024:03:43:21 +0100] "HEAD / HTTP/1.0" 200 383 "http://www.reflexpro.fr" "Mozilla/5.0+(compatible; UptimeRobot/2.0; http://www.uptimerobot.com/)"
66.249.66.22 - - [21/Jan/2024:03:44:44 +0100] "GET /images/ambeo-soundbar_5d2f1578a58ce_900_10_11zon.jpg HTTP/1.0" 200 287 "-" "Googlebot-Image/1.0"
69.162.124.230 - - [21/Jan/2024:03:48:21 +0100] "HEAD / HTTP/1.0" 200 383 "http://www.reflexpro.fr" "Mozilla/5.0+(compatible; UptimeRobot/2.0; http://www.uptimerobot.com/)"
185.36.25.56 - - [21/Jan/2024:03:50:11 +0100] "GET /objectifs-reflex-c-271_272_281.html?filter_id=5 HTTP/1.0" 200 41344 "-" "Mozilla/5.0 (Windows NT 6.2; Win64; x64; Trident/7.0; rv:11.0) like Gecko"
185.36.25.56 - - [21/Jan/2024:03:50:11 +0100] "GET /appareils-photo-c-302_303.html HTTP/1.0" 301 24383 "-" "Mozilla/5.0 (Windows NT 6.2; Win64; x64; Trident/7.0; rv:11.0) like Gecko"
185.36.25.56 - - [21/Jan/2024:03:50:13 +0100] "GET /-c-303.html HTTP/1.0" 200 24321 "-" "Mozilla/5.0 (Windows NT 6.2; Win64; x64; Trident/7.0; rv:11.0) like Gecko"
185.36.25.56 - - [21/Jan/2024:03:50:24 +0100] "GET /objectifs-c-302_304.html HTTP/1.0" 301 24383 "-" "Mozilla/5.0 (Windows NT 6.2; Win64; x64; Trident/7.0; rv:11.0) like Gecko"
185.36.25.56 - - [21/Jan/2024:03:50:24 +0100] "GET /-c-304.html HTTP/1.0" 200 24321 "-" "Mozilla/5.0 (Windows NT 6.2; Win64; x64; Trident/7.0; rv:11.0) like Gecko"
185.36.25.56 - - [21/Jan/2024:03:50:34 +0100] "GET /hybrides-c-271_273.html HTTP/1.0" 200 42999 "-" "Mozilla/5.0 (Windows NT 6.2; Win64; x64; Trident/7.0; rv:11.0) like Gecko"
185.36.25.56 - - [21/Jan/2024:03:50:46 +0100] "GET /compacts-et-bridges-c-271_274.html HTTP/1.0" 200 41029 "-" "Mozilla/5.0 (Windows NT 6.2; Win64; x64; Trident/7.0; rv:11.0) like Gecko"
185.36.25.56 - - [21/Jan/2024:03:50:58 +0100] "GET /camescopes-et-cameras-c-271_279.html HTTP/1.0" 200 31987 "-" "Mozilla/5.0 (Windows NT 6.2; Win64; x64; Trident/7.0; rv:11.0) like Gecko"
185.36.25.56 - - [21/Jan/2024:03:51:11 +0100] "GET /flashs-c-271_283.html HTTP/1.0" 200 40024 "-" "Mozilla/5.0 (Windows NT 6.2; Win64; x64; Trident/7.0; rv:11.0) like Gecko"
185.36.25.56 - - [21/Jan/2024:03:51:27 +0100] "GET /television-c-275_277.html HTTP/1.0" 301 24516 "-" "Mozilla/5.0 (Windows NT 6.2; Win64; x64; Trident/7.0; rv:11.0) like Gecko"
185.36.25.56 - - [21/Jan/2024:03:51:27 +0100] "GET /-c-277.html HTTP/1.0" 200 24321 "-" "Mozilla/5.0 (Windows NT 6.2; Win64; x64; Trident/7.0; rv:11.0) like Gecko"
185.36.25.56 - - [21/Jan/2024:03:51:39 +0100] "GET /boitiers-reflex-c-271_272_280.html HTTP/1.0" 200 40902 "-" "Mozilla/5.0 (Windows NT 6.2; Win64; x64; Trident/7.0; rv:11.0) like Gecko"
185.36.25.56 - - [21/Jan/2024:03:51:53 +0100] "GET /objectifs-reflex-c-271_272_281.html?page=2&filter_id=5 HTTP/1.0" 200 32229 "-" "Mozilla/5.0 (Windows NT 6.2; Win64; x64; Trident/7.0; rv:11.0) like Gecko"
185.36.25.56 - - [21/Jan/2024:03:52:07 +0100] "GET /objectifs-reflex-c-271_272_281.html?page=2&filter_id=5 HTTP/1.0" 200 32229 "-" "Mozilla/5.0 (Windows NT 6.2; Win64; x64; Trident/7.0; rv:11.0) like Gecko"
185.36.25.56 - - [21/Jan/2024:03:52:15 +0100] "GET /appareils-photo-c-302_303.html HTTP/1.0" 301 24383 "-" "Mozilla/5.0 (Windows NT 6.2; Win64; x64; Trident/7.0; rv:11.0) like Gecko"
185.36.25.56 - - [21/Jan/2024:03:52:15 +0100] "GET /-c-303.html HTTP/1.0" 200 24321 "-" "Mozilla/5.0 (Windows NT 6.2; Win64; x64; Trident/7.0; rv:11.0) like Gecko"
185.36.25.56 - - [21/Jan/2024:03:52:21 +0100] "GET /hybrides-c-271_273.html?page=2 HTTP/1.0" 200 44050 "-" "Mozilla/5.0 (Windows NT 6.2; Win64; x64; Trident/7.0; rv:11.0) like Gecko"
185.36.25.56 - - [21/Jan/2024:03:52:29 +0100] "GET /hybrides-c-271_273.html?page=3 HTTP/1.0" 200 44100 "-" "Mozilla/5.0 (Windows NT 6.2; Win64; x64; Trident/7.0; rv:11.0) like Gecko"
69.162.124.230 - - [21/Jan/2024:03:53:21 +0100] "HEAD / HTTP/1.0" 200 383 "http://www.reflexpro.fr" "Mozilla/5.0+(compatible; UptimeRobot/2.0; http://www.uptimerobot.com/)"
185.36.25.56 - - [21/Jan/2024:03:54:31 +0100] "GET /hybrides-c-271_273.html?page=2 HTTP/1.0" 200 44050 "-" "Mozilla/5.0 (Windows NT 6.2; Win64; x64; Trident/7.0; rv:11.0) like Gecko"
185.36.25.56 - - [21/Jan/2024:03:54:34 +0100] "GET /hybrides-c-271_273.html?page=3 HTTP/1.0" 200 44100 "-" "Mozilla/5.0 (Windows NT 6.2; Win64; x64; Trident/7.0; rv:11.0) like Gecko"
185.36.25.56 - - [21/Jan/2024:03:54:43 +0100] "GET /hybrides-c-271_273.html?page=4 HTTP/1.0" 200 44191 "-" "Mozilla/5.0 (Windows NT 6.2; Win64; x64; Trident/7.0; rv:11.0) like Gecko"
185.36.25.56 - - [21/Jan/2024:03:54:49 +0100] "GET /hybrides-c-271_273.html?page=5 HTTP/1.0" 200 44067 "-" "Mozilla/5.0 (Windows NT 6.2; Win64; x64; Trident/7.0; rv:11.0) like Gecko"
185.36.25.56 - - [21/Jan/2024:03:54:59 +0100] "GET /hybrides-c-271_273.html?page=6 HTTP/1.0" 200 42606 "-" "Mozilla/5.0 (Windows NT 6.2; Win64; x64; Trident/7.0; rv:11.0) like Gecko"
185.36.25.56 - - [21/Jan/2024:03:55:00 +0100] "GET /hybrides-c-271_273.html?page=2 HTTP/1.0" 200 44050 "-" "Mozilla/5.0 (Windows NT 6.2; Win64; x64; Trident/7.0; rv:11.0) like Gecko"
185.36.25.56 - - [21/Jan/2024:03:55:13 +0100] "GET /compacts-et-bridges-c-271_274.html?page=2 HTTP/1.0" 200 41589 "-" "Mozilla/5.0 (Windows NT 6.2; Win64; x64; Trident/7.0; rv:11.0) like Gecko"
185.36.25.56 - - [21/Jan/2024:03:55:22 +0100] "GET /compacts-et-bridges-c-271_274.html?page=3 HTTP/1.0" 200 34535 "-" "Mozilla/5.0 (Windows NT 6.2; Win64; x64; Trident/7.0; rv:11.0) like Gecko"
185.36.25.56 - - [21/Jan/2024:03:55:37 +0100] "GET /compacts-et-bridges-c-271_274.html?page=2 HTTP/1.0" 200 41589 "-" "Mozilla/5.0 (Windows NT 6.2; Win64; x64; Trident/7.0; rv:11.0) like Gecko"
185.36.25.56 - - [21/Jan/2024:03:56:40 +0100] "GET /flashs-c-271_283.html?page=2 HTTP/1.0" 200 29094 "-" "Mozilla/5.0 (Windows NT 6.2; Win64; x64; Trident/7.0; rv:11.0) like Gecko"
185.36.25.56 - - [21/Jan/2024:03:56:57 +0100] "GET /flashs-c-271_283.html?page=2 HTTP/1.0" 200 29094 "-" "Mozilla/5.0 (Windows NT 6.2; Win64; x64; Trident/7.0; rv:11.0) like Gecko"
185.36.25.56 - - [21/Jan/2024:03:57:16 +0100] "GET /boitiers-reflex-c-271_272_280.html?page=2 HTTP/1.0" 200 39919 "-" "Mozilla/5.0 (Windows NT 6.2; Win64; x64; Trident/7.0; rv:11.0) like Gecko"
185.36.25.56 - - [21/Jan/2024:03:57:18 +0100] "GET /compacts-et-bridges-c-271_274.html?page=2 HTTP/1.0" 200 41589 "-" "Mozilla/5.0 (Windows NT 6.2; Win64; x64; Trident/7.0; rv:11.0) like Gecko"
185.36.25.56 - - [21/Jan/2024:03:57:23 +0100] "GET /boitiers-reflex-c-271_272_280.html?page=2 HTTP/1.0" 200 39919 "-" "Mozilla/5.0 (Windows NT 6.2; Win64; x64; Trident/7.0; rv:11.0) like Gecko"
69.162.124.230 - - [21/Jan/2024:03:58:21 +0100] "HEAD / HTTP/1.0" 200 383 "http://www.reflexpro.fr" "Mozilla/5.0+(compatible; UptimeRobot/2.0; http://www.uptimerobot.com/)"
185.36.25.56 - - [21/Jan/2024:03:59:29 +0100] "GET /boitiers-reflex-c-271_272_280.html?page=2 HTTP/1.0" 200 39919 "-" "Mozilla/5.0 (Windows NT 6.2; Win64; x64; Trident/7.0; rv:11.0) like Gecko"
52.167.144.176 - - [21/Jan/2024:04:01:03 +0100] "GET /canon-ef100-f28-usm-macro-pr-1359.html HTTP/1.0" 200 26134 "-" "Mozilla/5.0 AppleWebKit/537.36 (KHTML, like Gecko; compatible; bingbot/2.0; +http://www.bing.com/bingbot.htm) Chrome/116.0.1938.76 Safari/537.36"
54.36.148.158 - - [21/Jan/2024:04:03:04 +0100] "GET /audioquest-sydney-rca-rca-1m-p-3050.html HTTP/1.0" 200 37529 "-" "Mozilla/5.0 (compatible; AhrefsBot/7.0; +http://ahrefs.com/robot/)"
69.162.124.230 - - [21/Jan/2024:04:03:22 +0100] "HEAD / HTTP/1.0" 200 383 "http://www.reflexpro.fr" "Mozilla/5.0+(compatible; UptimeRobot/2.0; http://www.uptimerobot.com/)"
69.162.124.230 - - [21/Jan/2024:04:08:21 +0100] "HEAD / HTTP/1.0" 200 383 "http://www.reflexpro.fr" "Mozilla/5.0+(compatible; UptimeRobot/2.0; http://www.uptimerobot.com/)"
66.249.66.22 - - [21/Jan/2024:04:13:18 +0100] "GET /nikon-d7200-boitier-nu-p-2530.html HTTP/1.0" 200 63141 "-" "Mozilla/5.0 (Linux; Android 6.0.1; Nexus 5X Build/MMB29P) AppleWebKit/537.36 (KHTML, like Gecko) Chrome/120.0.6099.224 Mobile Safari/537.36 (compatible; Googlebot/2.1; +http://www.google.com/bot.html)"
66.249.66.23 - - [21/Jan/2024:04:13:19 +0100] "GET /olympus-om-m10-mark-iii-silver-nu-p-2708.html HTTP/1.0" 200 49383 "-" "Mozilla/5.0 (Linux; Android 6.0.1; Nexus 5X Build/MMB29P) AppleWebKit/537.36 (KHTML, like Gecko) Chrome/120.0.6099.224 Mobile Safari/537.36 (compatible; Googlebot/2.1; +http://www.google.com/bot.html)"
66.249.66.21 - - [21/Jan/2024:04:13:20 +0100] "GET /reflex-numeriques/objectifs-reflex/tamron-70300-f456-monture-sony-p-1921.html HTTP/1.0" 301 33217 "-" "Mozilla/5.0 (Linux; Android 6.0.1; Nexus 5X Build/MMB29P) AppleWebKit/537.36 (KHTML, like Gecko) Chrome/120.0.6099.224 Mobile Safari/537.36 (compatible; Googlebot/2.1; +http://www.google.com/bot.html)"
66.249.66.22 - - [21/Jan/2024:04:13:20 +0100] "GET /treprieds-c-294.html HTTP/1.0" 301 40733 "-" "Mozilla/5.0 (Linux; Android 6.0.1; Nexus 5X Build/MMB29P) AppleWebKit/537.36 (KHTML, like Gecko) Chrome/120.0.6099.224 Mobile Safari/537.36 (compatible; Googlebot/2.1; +http://www.google.com/bot.html)"
66.249.66.21 - - [21/Jan/2024:04:13:21 +0100] "GET /tamron-70-300-f4-56-di-vc-sp-monture-sony-p-1921.html HTTP/1.0" 200 33113 "-" "Mozilla/5.0 (Linux; Android 6.0.1; Nexus 5X Build/MMB29P) AppleWebKit/537.36 (KHTML, like Gecko) Chrome/120.0.6099.224 Mobile Safari/537.36 (compatible; Googlebot/2.1; +http://www.google.com/bot.html)"
66.249.66.23 - - [21/Jan/2024:04:13:21 +0100] "GET /treprieds-c-271_282_294.html HTTP/1.0" 200 40874 "-" "Mozilla/5.0 (Linux; Android 6.0.1; Nexus 5X Build/MMB29P) AppleWebKit/537.36 (KHTML, like Gecko) Chrome/120.0.6099.224 Mobile Safari/537.36 (compatible; Googlebot/2.1; +http://www.google.com/bot.html)"
69.162.124.230 - - [21/Jan/2024:04:13:34 +0100] "HEAD / HTTP/1.0" 200 383 "http://www.reflexpro.fr" "Mozilla/5.0+(compatible; UptimeRobot/2.0; http://www.uptimerobot.com/)"
185.191.171.4 - - [21/Jan/2024:04:14:45 +0100] "GET /robots.txt HTTP/1.0" 200 245 "-" "Mozilla/5.0 (compatible; SemrushBot/7~bl; +http://www.semrush.com/bot.html)"
85.208.96.212 - - [21/Jan/2024:04:14:45 +0100] "GET /-p-718.html?action=add_product HTTP/1.0" 302 470 "-" "Mozilla/5.0 (compatible; SemrushBot/7~bl; +http://www.semrush.com/bot.html)"
69.162.124.230 - - [21/Jan/2024:04:18:26 +0100] "HEAD / HTTP/1.0" 200 383 "http://www.reflexpro.fr" "Mozilla/5.0+(compatible; UptimeRobot/2.0; http://www.uptimerobot.com/)"
216.244.66.233 - - [21/Jan/2024:04:19:27 +0100] "GET /robots.txt HTTP/1.0" 200 245 "-" "Mozilla/5.0 (compatible; DotBot/1.2; +https://opensiteexplorer.org/dotbot; help@moz.com)"
66.249.66.21 - - [21/Jan/2024:04:22:19 +0100] "GET /sigma-800-f56-dg-ex-hsm-monture-canon-p-1338.html HTTP/1.0" 200 31958 "-" "Mozilla/5.0 (Linux; Android 6.0.1; Nexus 5X Build/MMB29P) AppleWebKit/537.36 (KHTML, like Gecko) Chrome/120.0.6099.224 Mobile Safari/537.36 (compatible; Googlebot/2.1; +http://www.google.com/bot.html)"
169.233.1.32 - - [21/Jan/2024:04:22:59 +0100] "GET /images/mini_prod/panadcg1001232.jpg HTTP/1.0" 200 270 "-" "Mozilla/5.0 (X11; Ubuntu; Linux x86_64; rv:72.0) Gecko/20100101 Firefox/72.0"
69.162.124.230 - - [21/Jan/2024:04:23:47 +0100] "HEAD / HTTP/1.0" 200 383 "http://www.reflexpro.fr" "Mozilla/5.0+(compatible; UptimeRobot/2.0; http://www.uptimerobot.com/)"
69.162.124.230 - - [21/Jan/2024:04:28:21 +0100] "HEAD / HTTP/1.0" 200 383 "http://www.reflexpro.fr" "Mozilla/5.0+(compatible; UptimeRobot/2.0; http://www.uptimerobot.com/)"
66.249.66.22 - - [21/Jan/2024:04:31:19 +0100] "GET /index.php HTTP/1.0" 200 35969 "-" "Mozilla/5.0 (Linux; Android 6.0.1; Nexus 5X Build/MMB29P) AppleWebKit/537.36 (KHTML, like Gecko) Chrome/120.0.6099.224 Mobile Safari/537.36 (compatible; Googlebot/2.1; +http://www.google.com/bot.html)"
185.191.171.6 - - [21/Jan/2024:04:32:43 +0100] "GET /fujifilm-h1-boitier-nu-noir-p-2591.html HTTP/1.0" 200 21952 "-" "Mozilla/5.0 (compatible; SemrushBot/7~bl; +http://www.semrush.com/bot.html)"
69.162.124.230 - - [21/Jan/2024:04:33:24 +0100] "HEAD / HTTP/1.0" 200 383 "http://www.reflexpro.fr" "Mozilla/5.0+(compatible; UptimeRobot/2.0; http://www.uptimerobot.com/)"
66.249.66.22 - - [21/Jan/2024:04:35:49 +0100] "GET /canon-77d-boitier-nu-p-2408.html HTTP/1.0" 200 47420 "-" "Mozilla/5.0 (Linux; Android 6.0.1; Nexus 5X Build/MMB29P) AppleWebKit/537.36 (KHTML, like Gecko) Chrome/120.0.6099.224 Mobile Safari/537.36 (compatible; Googlebot/2.1; +http://www.google.com/bot.html)"
69.162.124.230 - - [21/Jan/2024:04:38:22 +0100] "HEAD / HTTP/1.0" 200 383 "http://www.reflexpro.fr" "Mozilla/5.0+(compatible; UptimeRobot/2.0; http://www.uptimerobot.com/)"
54.36.148.40 - - [21/Jan/2024:04:39:53 +0100] "GET /audioquest-monsoon-iec13-3m-p-3047.html HTTP/1.0" 200 30327 "-" "Mozilla/5.0 (compatible; AhrefsBot/7.0; +http://ahrefs.com/robot/)"
54.36.148.29 - - [21/Jan/2024:04:39:54 +0100] "GET /images/monsoon.jpg HTTP/1.0" 200 253 "-" "Mozilla/5.0 (compatible; AhrefsBot/7.0; +http://ahrefs.com/robot/)"
69.162.124.230 - - [21/Jan/2024:04:43:22 +0100] "HEAD / HTTP/1.0" 200 383 "http://www.reflexpro.fr" "Mozilla/5.0+(compatible; UptimeRobot/2.0; http://www.uptimerobot.com/)"
40.77.167.22 - - [21/Jan/2024:04:45:49 +0100] "GET /hybride-sony-alpha-a7-iii-boitier-nu-garantie-ans-pr-2486.html HTTP/1.0" 302 464 "-" "Mozilla/5.0 AppleWebKit/537.36 (KHTML, like Gecko; compatible; bingbot/2.0; +http://www.bing.com/bingbot.htm) Chrome/116.0.1938.76 Safari/537.36"
69.162.124.230 - - [21/Jan/2024:04:48:46 +0100] "HEAD / HTTP/1.0" 200 383 "http://www.reflexpro.fr" "Mozilla/5.0+(compatible; UptimeRobot/2.0; http://www.uptimerobot.com/)"
66.249.66.21 - - [21/Jan/2024:04:49:19 +0100] "GET /index.php HTTP/1.0" 200 35969 "-" "Mozilla/5.0 (Linux; Android 6.0.1; Nexus 5X Build/MMB29P) AppleWebKit/537.36 (KHTML, like Gecko) Chrome/120.0.6099.224 Mobile Safari/537.36 (compatible; Googlebot/2.1; +http://www.google.com/bot.html)"
66.249.66.22 - - [21/Jan/2024:04:50:26 +0100] "GET /nuprime-dac-silver-convertisseur-numerique-analogique-preampli-p-2364.html HTTP/1.0" 200 32048 "-" "Mozilla/5.0 (Linux; Android 6.0.1; Nexus 5X Build/MMB29P) AppleWebKit/537.36 (KHTML, like Gecko) Chrome/120.0.6099.224 Mobile Safari/537.36 (compatible; Googlebot/2.1; +http://www.google.com/bot.html)"
69.162.124.230 - - [21/Jan/2024:04:54:29 +0100] "GET / HTTP/1.0" 200 35969 "http://www.reflexpro.fr" "Mozilla/5.0+(compatible; UptimeRobot/2.0; http://www.uptimerobot.com/)"
66.249.66.22 - - [21/Jan/2024:04:58:18 +0100] "GET /photo-camescope/flashs-c-271_283.html HTTP/1.0" 301 40092 "-" "Mozilla/5.0 (Linux; Android 6.0.1; Nexus 5X Build/MMB29P) AppleWebKit/537.36 (KHTML, like Gecko) Chrome/120.0.6099.224 Mobile Safari/537.36 (compatible; Googlebot/2.1; +http://www.google.com/bot.html)"
66.249.66.22 - - [21/Jan/2024:04:58:19 +0100] "GET /accessoires/%C3%82%C5%92illetons-apn-c-271_282_312.html HTTP/1.0" 301 24720 "-" "Mozilla/5.0 (Linux; Android 6.0.1; Nexus 5X Build/MMB29P) AppleWebKit/537.36 (KHTML, like Gecko) Chrome/120.0.6099.224 Mobile Safari/537.36 (compatible; Googlebot/2.1; +http://www.google.com/bot.html)"
66.249.66.23 - - [21/Jan/2024:04:58:20 +0100] "GET /flashs-c-283.html HTTP/1.0" 301 39989 "-" "Mozilla/5.0 (Linux; Android 6.0.1; Nexus 5X Build/MMB29P) AppleWebKit/537.36 (KHTML, like Gecko) Chrome/120.0.6099.224 Mobile Safari/537.36 (compatible; Googlebot/2.1; +http://www.google.com/bot.html)"
66.249.66.22 - - [21/Jan/2024:04:58:21 +0100] "GET /illetons-apn-c-312.html HTTP/1.0" 301 24516 "-" "Mozilla/5.0 (Linux; Android 6.0.1; Nexus 5X Build/MMB29P) AppleWebKit/537.36 (KHTML, like Gecko) Chrome/120.0.6099.224 Mobile Safari/537.36 (compatible; Googlebot/2.1; +http://www.google.com/bot.html)"
66.249.66.23 - - [21/Jan/2024:04:58:21 +0100] "GET /flashs-c-271_283.html HTTP/1.0" 200 40024 "-" "Mozilla/5.0 (Linux; Android 6.0.1; Nexus 5X Build/MMB29P) AppleWebKit/537.36 (KHTML, like Gecko) Chrome/120.0.6099.224 Mobile Safari/537.36 (compatible; Googlebot/2.1; +http://www.google.com/bot.html)"
66.249.66.21 - - [21/Jan/2024:04:58:22 +0100] "GET /illetons-apn-c-271_282_312.html HTTP/1.0" 200 24646 "-" "Mozilla/5.0 (Linux; Android 6.0.1; Nexus 5X Build/MMB29P) AppleWebKit/537.36 (KHTML, like Gecko) Chrome/120.0.6099.224 Mobile Safari/537.36 (compatible; Googlebot/2.1; +http://www.google.com/bot.html)"
69.162.124.230 - - [21/Jan/2024:04:59:11 +0100] "HEAD / HTTP/1.0" 200 383 "http://www.reflexpro.fr" "Mozilla/5.0+(compatible; UptimeRobot/2.0; http://www.uptimerobot.com/)"
205.210.31.139 - - [21/Jan/2024:05:01:53 +0100] "GET / HTTP/1.0" 301 502 "-" "-"
205.210.31.139 - - [21/Jan/2024:05:01:54 +0100] "GET / HTTP/1.0" 200 35969 "http://178.32.28.212:80/" "-"
69.162.124.230 - - [21/Jan/2024:05:04:11 +0100] "HEAD / HTTP/1.0" 200 383 "http://www.reflexpro.fr" "Mozilla/5.0+(compatible; UptimeRobot/2.0; http://www.uptimerobot.com/)"
69.162.124.230 - - [21/Jan/2024:05:09:11 +0100] "HEAD / HTTP/1.0" 200 383 "http://www.reflexpro.fr" "Mozilla/5.0+(compatible; UptimeRobot/2.0; http://www.uptimerobot.com/)"
185.191.171.4 - - [21/Jan/2024:05:13:23 +0100] "GET /olympus-mzuiko-14-42-f35-56-ii-noir-p-1479.html HTTP/1.0" 200 28563 "-" "Mozilla/5.0 (compatible; SemrushBot/7~bl; +http://www.semrush.com/bot.html)"
69.162.124.230 - - [21/Jan/2024:05:14:11 +0100] "HEAD / HTTP/1.0" 200 383 "http://www.reflexpro.fr" "Mozilla/5.0+(compatible; UptimeRobot/2.0; http://www.uptimerobot.com/)"
66.249.66.21 - - [21/Jan/2024:05:14:51 +0100] "GET /images/sel24105gf4.jpg HTTP/1.0" 200 257 "-" "Googlebot-Image/1.0"
54.36.148.121 - - [21/Jan/2024:05:15:51 +0100] "GET /filtres-uv-c-271_282_286_299.html HTTP/1.0" 200 39748 "-" "Mozilla/5.0 (compatible; AhrefsBot/7.0; +http://ahrefs.com/robot/)"
69.162.124.230 - - [21/Jan/2024:05:19:11 +0100] "HEAD / HTTP/1.0" 200 383 "http://www.reflexpro.fr" "Mozilla/5.0+(compatible; UptimeRobot/2.0; http://www.uptimerobot.com/)"
85.208.96.209 - - [21/Jan/2024:05:20:29 +0100] "GET /robots.txt HTTP/1.0" 200 245 "-" "Mozilla/5.0 (compatible; SemrushBot/7~bl; +http://www.semrush.com/bot.html)"
185.191.171.1 - - [21/Jan/2024:05:20:29 +0100] "GET /leica-holster-cuir-stone-grey-p-1070.html HTTP/1.0" 200 27606 "-" "Mozilla/5.0 (compatible; SemrushBot/7~bl; +http://www.semrush.com/bot.html)"
66.249.66.22 - - [21/Jan/2024:05:20:49 +0100] "GET /fdr-ax53-camescope-sony-4k-p-2210.html HTTP/1.0" 200 29371 "-" "Mozilla/5.0 (Linux; Android 6.0.1; Nexus 5X Build/MMB29P) AppleWebKit/537.36 (KHTML, like Gecko) Chrome/120.0.6099.224 Mobile Safari/537.36 (compatible; Googlebot/2.1; +http://www.google.com/bot.html)"
69.162.124.230 - - [21/Jan/2024:05:24:11 +0100] "HEAD / HTTP/1.0" 200 383 "http://www.reflexpro.fr" "Mozilla/5.0+(compatible; UptimeRobot/2.0; http://www.uptimerobot.com/)"
66.249.66.21 - - [21/Jan/2024:05:25:19 +0100] "GET /index.php HTTP/1.0" 200 35969 "-" "Mozilla/5.0 (Linux; Android 6.0.1; Nexus 5X Build/MMB29P) AppleWebKit/537.36 (KHTML, like Gecko) Chrome/120.0.6099.224 Mobile Safari/537.36 (compatible; Googlebot/2.1; +http://www.google.com/bot.html)"
40.77.167.78 - - [21/Jan/2024:05:26:58 +0100] "GET /nvidia-rtx-3060-c-335_338_350_367.html HTTP/1.0" 301 24383 "-" "Mozilla/5.0 AppleWebKit/537.36 (KHTML, like Gecko; compatible; bingbot/2.0; +http://www.bing.com/bingbot.htm) Chrome/116.0.1938.76 Safari/537.36"
85.208.96.202 - - [21/Jan/2024:05:28:04 +0100] "GET /manfrotto-sac-photo-pro-light-3ni-25l-p-1875.html HTTP/1.0" 200 28346 "-" "Mozilla/5.0 (compatible; SemrushBot/7~bl; +http://www.semrush.com/bot.html)"
69.162.124.230 - - [21/Jan/2024:05:29:11 +0100] "HEAD / HTTP/1.0" 200 383 "http://www.reflexpro.fr" "Mozilla/5.0+(compatible; UptimeRobot/2.0; http://www.uptimerobot.com/)"
185.191.171.15 - - [21/Jan/2024:05:32:23 +0100] "GET /sigma-mc-11-monture-sony-pour-canon-p-2227.html HTTP/1.0" 200 28254 "-" "Mozilla/5.0 (compatible; SemrushBot/7~bl; +http://www.semrush.com/bot.html)"
69.162.124.230 - - [21/Jan/2024:05:34:11 +0100] "HEAD / HTTP/1.0" 200 383 "http://www.reflexpro.fr" "Mozilla/5.0+(compatible; UptimeRobot/2.0; http://www.uptimerobot.com/)"
85.208.96.197 - - [21/Jan/2024:05:37:13 +0100] "GET /sony-la-ea4-bague-adaptation-autofocus-p-2682.html HTTP/1.0" 200 30128 "-" "Mozilla/5.0 (compatible; SemrushBot/7~bl; +http://www.semrush.com/bot.html)"
69.162.124.230 - - [21/Jan/2024:05:39:11 +0100] "HEAD / HTTP/1.0" 200 383 "http://www.reflexpro.fr" "Mozilla/5.0+(compatible; UptimeRobot/2.0; http://www.uptimerobot.com/)"
66.249.66.23 - - [21/Jan/2024:05:43:18 +0100] "GET /pentax-sd-16go-flucard-wifi-p-1943.html HTTP/1.0" 200 29953 "-" "Mozilla/5.0 (Linux; Android 6.0.1; Nexus 5X Build/MMB29P) AppleWebKit/537.36 (KHTML, like Gecko) Chrome/120.0.6099.224 Mobile Safari/537.36 (compatible; Googlebot/2.1; +http://www.google.com/bot.html)"
66.249.66.21 - - [21/Jan/2024:05:43:19 +0100] "GET /reflex-numeriques/objectifs-reflex/sigma-50500-f456-hsm-monture-canon-p-1307.html HTTP/1.0" 301 30057 "-" "Mozilla/5.0 (Linux; Android 6.0.1; Nexus 5X Build/MMB29P) AppleWebKit/537.36 (KHTML, like Gecko) Chrome/120.0.6099.224 Mobile Safari/537.36 (compatible; Googlebot/2.1; +http://www.google.com/bot.html)"
66.249.66.22 - - [21/Jan/2024:05:43:20 +0100] "GET /viseurs-electroniques-c-301.html HTTP/1.0" 301 28258 "-" "Mozilla/5.0 (Linux; Android 6.0.1; Nexus 5X Build/MMB29P) AppleWebKit/537.36 (KHTML, like Gecko) Chrome/120.0.6099.224 Mobile Safari/537.36 (compatible; Googlebot/2.1; +http://www.google.com/bot.html)"
66.249.66.21 - - [21/Jan/2024:05:43:20 +0100] "GET / HTTP/1.0" 200 35969 "-" "Mozilla/5.0 (Linux; Android 6.0.1; Nexus 5X Build/MMB29P) AppleWebKit/537.36 (KHTML, like Gecko) Chrome/120.0.6099.224 Mobile Safari/537.36 (compatible; Googlebot/2.1; +http://www.google.com/bot.html)"
66.249.66.21 - - [21/Jan/2024:05:43:21 +0100] "GET /sigma-50-500-f4-56-dg-os-hsm-monture-canon-p-1307.html HTTP/1.0" 200 29952 "-" "Mozilla/5.0 (Linux; Android 6.0.1; Nexus 5X Build/MMB29P) AppleWebKit/537.36 (KHTML, like Gecko) Chrome/120.0.6099.224 Mobile Safari/537.36 (compatible; Googlebot/2.1; +http://www.google.com/bot.html)"
66.249.66.21 - - [21/Jan/2024:05:43:21 +0100] "GET /viseurs-electroniques-c-271_282_301.html HTTP/1.0" 200 28387 "-" "Mozilla/5.0 (Linux; Android 6.0.1; Nexus 5X Build/MMB29P) AppleWebKit/537.36 (KHTML, like Gecko) Chrome/120.0.6099.224 Mobile Safari/537.36 (compatible; Googlebot/2.1; +http://www.google.com/bot.html)"
69.162.124.230 - - [21/Jan/2024:05:44:11 +0100] "HEAD / HTTP/1.0" 200 383 "http://www.reflexpro.fr" "Mozilla/5.0+(compatible; UptimeRobot/2.0; http://www.uptimerobot.com/)"
54.36.149.49 - - [21/Jan/2024:05:44:34 +0100] "GET /leica-elmarit-tl-18-mm-f28-asph-dekite-p-2690.html HTTP/1.0" 200 28839 "-" "Mozilla/5.0 (compatible; AhrefsBot/7.0; +http://ahrefs.com/robot/)"
69.162.124.230 - - [21/Jan/2024:05:49:11 +0100] "HEAD / HTTP/1.0" 200 383 "http://www.reflexpro.fr" "Mozilla/5.0+(compatible; UptimeRobot/2.0; http://www.uptimerobot.com/)"
69.162.124.230 - - [21/Jan/2024:05:54:12 +0100] "HEAD / HTTP/1.0" 200 383 "http://www.reflexpro.fr" "Mozilla/5.0+(compatible; UptimeRobot/2.0; http://www.uptimerobot.com/)"
85.208.96.199 - - [21/Jan/2024:05:55:45 +0100] "GET /leica-q2-p-2680.html HTTP/1.0" 200 33735 "-" "Mozilla/5.0 (compatible; SemrushBot/7~bl; +http://www.semrush.com/bot.html)"
69.162.124.230 - - [21/Jan/2024:05:59:12 +0100] "HEAD / HTTP/1.0" 200 383 "http://www.reflexpro.fr" "Mozilla/5.0+(compatible; UptimeRobot/2.0; http://www.uptimerobot.com/)"
66.249.66.23 - - [21/Jan/2024:06:01:15 +0100] "GET / HTTP/1.0" 200 35969 "-" "Mozilla/5.0 (compatible; Googlebot/2.1; +http://www.google.com/bot.html)"
66.249.66.22 - - [21/Jan/2024:06:01:16 +0100] "GET /themes-nivo/light/light.css HTTP/1.0" 200 260 "http://www.reflexpro.fr/" "Mozilla/5.0 AppleWebKit/537.36 (KHTML, like Gecko; compatible; Googlebot/2.1; +http://www.google.com/bot.html) Chrome/120.0.6099.199 Safari/537.36"
66.249.66.22 - - [21/Jan/2024:06:01:19 +0100] "GET / HTTP/1.0" 200 35969 "-" "Mozilla/5.0 (Linux; Android 6.0.1; Nexus 5X Build/MMB29P) AppleWebKit/537.36 (KHTML, like Gecko) Chrome/120.0.6099.224 Mobile Safari/537.36 (compatible; Googlebot/2.1; +http://www.google.com/bot.html)"
66.249.66.21 - - [21/Jan/2024:06:03:31 +0100] "GET /images/sp3518.jpg HTTP/1.0" 200 252 "-" "Googlebot-Image/1.0"
185.181.103.244 - - [21/Jan/2024:06:04:12 +0100] "GET / HTTP/1.0" 200 35969 "-" "Mozilla/5.0 (Windows NT 10.0; Win64; x64) AppleWebKit/537.36 (KHTML, like Gecko) Chrome/108.0.0.0 Safari/537.36"
69.162.124.230 - - [21/Jan/2024:06:04:30 +0100] "HEAD / HTTP/1.0" 200 383 "http://www.reflexpro.fr" "Mozilla/5.0+(compatible; UptimeRobot/2.0; http://www.uptimerobot.com/)"
17.241.227.189 - - [21/Jan/2024:06:05:43 +0100] "GET /images/mini_prod/lenspensensorkit.jpg HTTP/1.0" 200 272 "-" "Mozilla/5.0 (Macintosh; Intel Mac OS X 10_15_5) AppleWebKit/605.1.15 (KHTML, like Gecko) Version/13.1.1 Safari/605.1.15 (Applebot/0.1; +http://www.apple.com/go/applebot)"
66.249.66.23 - - [21/Jan/2024:06:05:49 +0100] "GET /fujifilm-xe3-boitier-nu-silver-p-2584.html HTTP/1.0" 200 47113 "-" "Mozilla/5.0 (Linux; Android 6.0.1; Nexus 5X Build/MMB29P) AppleWebKit/537.36 (KHTML, like Gecko) Chrome/120.0.6099.224 Mobile Safari/537.36 (compatible; Googlebot/2.1; +http://www.google.com/bot.html)"
69.63.189.3 - - [21/Jan/2024:06:05:55 +0100] "GET /images/mini_prod/sigma150600.jpg HTTP/1.0" 200 267 "-" "facebookexternalhit/1.1 (+http://www.facebook.com/externalhit_uatext.php)"
66.249.66.197 - - [21/Jan/2024:06:06:12 +0100] "GET / HTTP/1.0" 301 502 "-" "Mozilla/5.0 (compatible; Googlebot/2.1; +http://www.google.com/bot.html)"
66.249.66.23 - - [21/Jan/2024:06:06:12 +0100] "GET / HTTP/1.0" 200 35969 "-" "Mozilla/5.0 (compatible; Googlebot/2.1; +http://www.google.com/bot.html)"
69.162.124.230 - - [21/Jan/2024:06:09:11 +0100] "HEAD / HTTP/1.0" 200 383 "http://www.reflexpro.fr" "Mozilla/5.0+(compatible; UptimeRobot/2.0; http://www.uptimerobot.com/)"
103.131.71.28 - - [21/Jan/2024:06:09:24 +0100] "GET /robots.txt HTTP/1.0" 301 522 "-" "Mozilla/5.0 (compatible; coccocbot-image/1.0; +http://help.coccoc.com/searchengine)"
103.131.71.28 - - [21/Jan/2024:06:09:26 +0100] "GET /robots.txt HTTP/1.0" 200 245 "-" "Mozilla/5.0 (compatible; coccocbot-image/1.0; +http://help.coccoc.com/searchengine)"
54.36.148.142 - - [21/Jan/2024:06:11:47 +0100] "GET /micro-photo-video-c-271_282_308.html HTTP/1.0" 200 28383 "-" "Mozilla/5.0 (compatible; AhrefsBot/7.0; +http://ahrefs.com/robot/)"
69.162.124.230 - - [21/Jan/2024:06:14:13 +0100] "HEAD / HTTP/1.0" 200 383 "http://www.reflexpro.fr" "Mozilla/5.0+(compatible; UptimeRobot/2.0; http://www.uptimerobot.com/)"
66.249.66.21 - - [21/Jan/2024:06:19:19 +0100] "GET /leica-typ-240-chrome-noir-finish-ref-10773-p-1644.html HTTP/1.0" 200 22110 "-" "Mozilla/5.0 (Linux; Android 6.0.1; Nexus 5X Build/MMB29P) AppleWebKit/537.36 (KHTML, like Gecko) Chrome/120.0.6099.224 Mobile Safari/537.36 (compatible; Googlebot/2.1; +http://www.google.com/bot.html)"
69.162.124.230 - - [21/Jan/2024:06:19:25 +0100] "HEAD / HTTP/1.0" 200 383 "http://www.reflexpro.fr" "Mozilla/5.0+(compatible; UptimeRobot/2.0; http://www.uptimerobot.com/)"
69.63.189.2 - - [21/Jan/2024:06:20:36 +0100] "GET /images/mini_prod/sub-g3-front-black.jpg HTTP/1.0" 200 274 "-" "facebookexternalhit/1.1 (+http://www.facebook.com/externalhit_uatext.php)"
69.162.124.230 - - [21/Jan/2024:06:24:12 +0100] "HEAD / HTTP/1.0" 200 383 "http://www.reflexpro.fr" "Mozilla/5.0+(compatible; UptimeRobot/2.0; http://www.uptimerobot.com/)"
66.249.66.18 - - [21/Jan/2024:06:28:19 +0100] "GET /reflex-numeriques/objectifs-reflex-c-271_272_281.html HTTP/1.0" 301 44884 "-" "Mozilla/5.0 (Linux; Android 6.0.1; Nexus 5X Build/MMB29P) AppleWebKit/537.36 (KHTML, like Gecko) Chrome/120.0.6099.224 Mobile Safari/537.36 (compatible; Googlebot/2.1; +http://www.google.com/bot.html)"
66.249.66.23 - - [21/Jan/2024:06:28:20 +0100] "GET /panasonic-dg-elmarit-200mm-f28-power-ois-conv-x14-500e-p-2485.html HTTP/1.0" 301 22086 "-" "Mozilla/5.0 (Linux; Android 6.0.1; Nexus 5X Build/MMB29P) AppleWebKit/537.36 (KHTML, like Gecko) Chrome/120.0.6099.224 Mobile Safari/537.36 (compatible; Googlebot/2.1; +http://www.google.com/bot.html)"
66.249.66.23 - - [21/Jan/2024:06:28:20 +0100] "GET /objectifs-reflex-c-281.html HTTP/1.0" 301 44660 "-" "Mozilla/5.0 (Linux; Android 6.0.1; Nexus 5X Build/MMB29P) AppleWebKit/537.36 (KHTML, like Gecko) Chrome/120.0.6099.224 Mobile Safari/537.36 (compatible; Googlebot/2.1; +http://www.google.com/bot.html)"
66.249.66.21 - - [21/Jan/2024:06:28:20 +0100] "GET /panasonic-dg-elmarit-200mm-f28-power-ois-conv-x14-p-2485.html HTTP/1.0" 200 21974 "-" "Mozilla/5.0 (Linux; Android 6.0.1; Nexus 5X Build/MMB29P) AppleWebKit/537.36 (KHTML, like Gecko) Chrome/120.0.6099.224 Mobile Safari/537.36 (compatible; Googlebot/2.1; +http://www.google.com/bot.html)"
66.249.66.22 - - [21/Jan/2024:06:28:21 +0100] "GET /objectifs-reflex-c-271_272_281.html HTTP/1.0" 200 44806 "-" "Mozilla/5.0 (Linux; Android 6.0.1; Nexus 5X Build/MMB29P) AppleWebKit/537.36 (KHTML, like Gecko) Chrome/120.0.6099.224 Mobile Safari/537.36 (compatible; Googlebot/2.1; +http://www.google.com/bot.html)"
40.77.167.32 - - [21/Jan/2024:06:29:10 +0100] "GET /sigma-150-f28-dg-os-ex-apo-hsm-monture-nikon-pr-940.html HTTP/1.0" 200 26164 "-" "Mozilla/5.0 AppleWebKit/537.36 (KHTML, like Gecko; compatible; bingbot/2.0; +http://www.bing.com/bingbot.htm) Chrome/116.0.1938.76 Safari/537.36"
69.162.124.230 - - [21/Jan/2024:06:29:12 +0100] "HEAD / HTTP/1.0" 200 383 "http://www.reflexpro.fr" "Mozilla/5.0+(compatible; UptimeRobot/2.0; http://www.uptimerobot.com/)"
185.191.171.13 - - [21/Jan/2024:06:30:14 +0100] "GET /robots.txt HTTP/1.0" 200 245 "-" "Mozilla/5.0 (compatible; SemrushBot/7~bl; +http://www.semrush.com/bot.html)"
85.208.96.207 - - [21/Jan/2024:06:30:14 +0100] "GET /fujifilm-xe3-boitier-nu-noir-p-2583.html HTTP/1.0" 200 47100 "-" "Mozilla/5.0 (compatible; SemrushBot/7~bl; +http://www.semrush.com/bot.html)"
69.162.124.230 - - [21/Jan/2024:06:34:11 +0100] "HEAD / HTTP/1.0" 200 383 "http://www.reflexpro.fr" "Mozilla/5.0+(compatible; UptimeRobot/2.0; http://www.uptimerobot.com/)"
66.249.66.22 - - [21/Jan/2024:06:34:26 +0100] "GET /panasonic-lumix-dc-gh5-14-140-p-2424.html HTTP/1.0" 200 21954 "-" "Mozilla/5.0 (compatible; Googlebot/2.1; +http://www.google.com/bot.html)"
66.249.66.21 - - [21/Jan/2024:06:37:18 +0100] "GET /index.php HTTP/1.0" 200 35969 "-" "Mozilla/5.0 (Linux; Android 6.0.1; Nexus 5X Build/MMB29P) AppleWebKit/537.36 (KHTML, like Gecko) Chrome/120.0.6099.224 Mobile Safari/537.36 (compatible; Googlebot/2.1; +http://www.google.com/bot.html)"
69.162.124.230 - - [21/Jan/2024:06:39:11 +0100] "HEAD / HTTP/1.0" 200 383 "http://www.reflexpro.fr" "Mozilla/5.0+(compatible; UptimeRobot/2.0; http://www.uptimerobot.com/)"
54.36.148.178 - - [21/Jan/2024:06:39:19 +0100] "GET /jumelles-c-271_282_293.html HTTP/1.0" 200 32124 "-" "Mozilla/5.0 (compatible; AhrefsBot/7.0; +http://ahrefs.com/robot/)"
40.77.167.38 - - [21/Jan/2024:06:42:21 +0100] "GET /nikon-d5600-18-55-af-70-300-vr-nikon-p-2353.html HTTP/1.0" 200 54616 "-" "Mozilla/5.0 AppleWebKit/537.36 (KHTML, like Gecko; compatible; bingbot/2.0; +http://www.bing.com/bingbot.htm) Chrome/116.0.1938.76 Safari/537.36"
69.162.124.230 - - [21/Jan/2024:06:44:11 +0100] "HEAD / HTTP/1.0" 200 383 "http://www.reflexpro.fr" "Mozilla/5.0+(compatible; UptimeRobot/2.0; http://www.uptimerobot.com/)"
69.162.124.230 - - [21/Jan/2024:06:49:11 +0100] "HEAD / HTTP/1.0" 200 383 "http://www.reflexpro.fr" "Mozilla/5.0+(compatible; UptimeRobot/2.0; http://www.uptimerobot.com/)"
69.162.124.230 - - [21/Jan/2024:06:54:12 +0100] "HEAD / HTTP/1.0" 200 383 "http://www.reflexpro.fr" "Mozilla/5.0+(compatible; UptimeRobot/2.0; http://www.uptimerobot.com/)"
69.162.124.230 - - [21/Jan/2024:06:59:22 +0100] "HEAD / HTTP/1.0" 200 383 "http://www.reflexpro.fr" "Mozilla/5.0+(compatible; UptimeRobot/2.0; http://www.uptimerobot.com/)"
66.249.66.21 - - [21/Jan/2024:06:59:40 +0100] "GET / HTTP/1.0" 200 35969 "-" "Mozilla/5.0 (compatible; Googlebot/2.1; +http://www.google.com/bot.html)"
66.249.66.23 - - [21/Jan/2024:06:59:44 +0100] "GET /themes-nivo/light/light.css HTTP/1.0" 200 260 "http://www.reflexpro.fr/" "Mozilla/5.0 AppleWebKit/537.36 (KHTML, like Gecko; compatible; Googlebot/2.1; +http://www.google.com/bot.html) Chrome/120.0.6099.199 Safari/537.36"
85.208.96.193 - - [21/Jan/2024:07:00:04 +0100] "GET /support-mural-flexson-pour-play-noir-p-2136.html HTTP/1.0" 200 27775 "-" "Mozilla/5.0 (compatible; SemrushBot/7~bl; +http://www.semrush.com/bot.html)"
195.191.219.131 - - [21/Jan/2024:07:00:07 +0100] "GET /robots.txt HTTP/1.0" 200 245 "-" "Mozilla/5.0 (compatible; MJ12bot/v1.4.8; http://mj12bot.com/)"
195.191.219.131 - - [21/Jan/2024:07:00:09 +0100] "GET / HTTP/1.0" 200 35969 "-" "Mozilla/5.0 (compatible; MJ12bot/v1.4.8; http://mj12bot.com/)"
69.162.124.230 - - [21/Jan/2024:07:04:11 +0100] "HEAD / HTTP/1.0" 200 383 "http://www.reflexpro.fr" "Mozilla/5.0+(compatible; UptimeRobot/2.0; http://www.uptimerobot.com/)"
54.36.148.184 - - [21/Jan/2024:07:06:21 +0100] "GET /sennheiser-avx-835-set-p-3045.html HTTP/1.0" 200 33320 "-" "Mozilla/5.0 (compatible; AhrefsBot/7.0; +http://ahrefs.com/robot/)"
66.249.66.199 - - [21/Jan/2024:07:07:24 +0100] "GET / HTTP/1.0" 301 502 "-" "Mozilla/5.0 (compatible; Googlebot/2.1; +http://www.google.com/bot.html)"
66.249.66.23 - - [21/Jan/2024:07:07:25 +0100] "GET / HTTP/1.0" 200 35969 "-" "Mozilla/5.0 (compatible; Googlebot/2.1; +http://www.google.com/bot.html)"
52.167.144.210 - - [21/Jan/2024:07:08:28 +0100] "GET /panasonic-12-32-f35-56-asph-ois-noir-dekite-pr-2866.html HTTP/1.0" 302 464 "-" "Mozilla/5.0 AppleWebKit/537.36 (KHTML, like Gecko; compatible; bingbot/2.0; +http://www.bing.com/bingbot.htm) Chrome/116.0.1938.76 Safari/537.36"
69.162.124.230 - - [21/Jan/2024:07:09:26 +0100] "HEAD / HTTP/1.0" 200 383 "http://www.reflexpro.fr" "Mozilla/5.0+(compatible; UptimeRobot/2.0; http://www.uptimerobot.com/)"
66.249.66.22 - - [21/Jan/2024:07:10:25 +0100] "GET /sony-70-200-f28-ssm-ii-p-1405.html HTTP/1.0" 200 28246 "-" "Mozilla/5.0 (compatible; Googlebot/2.1; +http://www.google.com/bot.html)"
66.249.66.21 - - [21/Jan/2024:07:12:16 +0100] "GET /leica-ultravid-10x25-br-aquadura-40253-p-1536.html HTTP/1.0" 200 29541 "-" "Mozilla/5.0 (compatible; Googlebot/2.1; +http://www.google.com/bot.html)"
66.249.66.23 - - [21/Jan/2024:07:13:18 +0100] "GET /illetons-apn-c-271_282_312.html HTTP/1.0" 200 24646 "-" "Mozilla/5.0 (Linux; Android 6.0.1; Nexus 5X Build/MMB29P) AppleWebKit/537.36 (KHTML, like Gecko) Chrome/120.0.6099.224 Mobile Safari/537.36 (compatible; Googlebot/2.1; +http://www.google.com/bot.html)"
69.162.124.230 - - [21/Jan/2024:07:14:39 +0100] "HEAD / HTTP/1.0" 200 383 "http://www.reflexpro.fr" "Mozilla/5.0+(compatible; UptimeRobot/2.0; http://www.uptimerobot.com/)"
69.162.124.230 - - [21/Jan/2024:07:19:16 +0100] "HEAD / HTTP/1.0" 200 383 "http://www.reflexpro.fr" "Mozilla/5.0+(compatible; UptimeRobot/2.0; http://www.uptimerobot.com/)"
66.249.66.21 - - [21/Jan/2024:07:22:18 +0100] "GET /audioquest-sydney-rca-rca-2m-p-3049.html HTTP/1.0" 200 37529 "-" "Mozilla/5.0 (Linux; Android 6.0.1; Nexus 5X Build/MMB29P) AppleWebKit/537.36 (KHTML, like Gecko) Chrome/120.0.6099.224 Mobile Safari/537.36 (compatible; Googlebot/2.1; +http://www.google.com/bot.html)"
69.162.124.230 - - [21/Jan/2024:07:24:11 +0100] "HEAD / HTTP/1.0" 200 383 "http://www.reflexpro.fr" "Mozilla/5.0+(compatible; UptimeRobot/2.0; http://www.uptimerobot.com/)"
69.63.189.10 - - [21/Jan/2024:07:24:55 +0100] "GET /images/mini_prod/orbi850addon.jpg HTTP/1.0" 404 1306 "-" "facebookexternalhit/1.1 (+http://www.facebook.com/externalhit_uatext.php)"
69.162.124.230 - - [21/Jan/2024:07:29:11 +0100] "HEAD / HTTP/1.0" 200 383 "http://www.reflexpro.fr" "Mozilla/5.0+(compatible; UptimeRobot/2.0; http://www.uptimerobot.com/)"
54.36.148.191 - - [21/Jan/2024:07:33:21 +0100] "GET /viseurs-electroniques-c-271_282_301.html HTTP/1.0" 200 28387 "-" "Mozilla/5.0 (compatible; AhrefsBot/7.0; +http://ahrefs.com/robot/)"
216.244.66.233 - - [21/Jan/2024:07:33:41 +0100] "GET /robots.txt HTTP/1.0" 200 245 "-" "Mozilla/5.0 (compatible; DotBot/1.2; +https://opensiteexplorer.org/dotbot; help@moz.com)"
69.162.124.230 - - [21/Jan/2024:07:34:11 +0100] "HEAD / HTTP/1.0" 200 383 "http://www.reflexpro.fr" "Mozilla/5.0+(compatible; UptimeRobot/2.0; http://www.uptimerobot.com/)"
31.13.103.1 - - [21/Jan/2024:07:37:44 +0100] "GET /config-blackheroes-tv-by-reflexpro-c-335_357.html HTTP/1.0" 301 24383 "-" "facebookexternalhit/1.1 (+http://www.facebook.com/externalhit_uatext.php)"
31.13.103.1 - - [21/Jan/2024:07:37:44 +0100] "GET /-c-357.html HTTP/1.0" 200 24321 "-" "facebookexternalhit/1.1 (+http://www.facebook.com/externalhit_uatext.php)"
31.13.103.119 - - [21/Jan/2024:07:37:46 +0100] "GET /images/logo-2130545471.png HTTP/1.0" 200 260 "-" "facebookexternalhit/1.1 (+http://www.facebook.com/externalhit_uatext.php)"
69.162.124.230 - - [21/Jan/2024:07:39:11 +0100] "HEAD / HTTP/1.0" 200 383 "http://www.reflexpro.fr" "Mozilla/5.0+(compatible; UptimeRobot/2.0; http://www.uptimerobot.com/)"
216.244.66.233 - - [21/Jan/2024:07:40:12 +0100] "GET /laowa-60mm-f28-ultra-macro-2x-nikon-pr-2932.html HTTP/1.0" 302 464 "-" "Mozilla/5.0 (compatible; DotBot/1.2; +https://opensiteexplorer.org/dotbot; help@moz.com)"
69.162.124.230 - - [21/Jan/2024:07:44:11 +0100] "HEAD / HTTP/1.0" 200 383 "http://www.reflexpro.fr" "Mozilla/5.0+(compatible; UptimeRobot/2.0; http://www.uptimerobot.com/)"
69.162.124.230 - - [21/Jan/2024:07:49:11 +0100] "HEAD / HTTP/1.0" 200 383 "http://www.reflexpro.fr" "Mozilla/5.0+(compatible; UptimeRobot/2.0; http://www.uptimerobot.com/)"
183.7.125.143 - - [21/Jan/2024:07:50:59 +0100] "GET /images/mini_prod/tamron10-24canonf3.5-4.5.jpg HTTP/1.0" 404 1306 "-" "Mozilla/5.0 (Macintosh; Intel Mac OS X 10_13_5) AppleWebKit/537.36 (KHTML, like Gecko) Chrome/69.0.3497.100 Safari/537.36"
216.244.66.233 - - [21/Jan/2024:07:52:43 +0100] "GET /laowa-100mm-f28-2x-ultra-macro-apo-nikon-p-2935.html HTTP/1.0" 200 21965 "-" "Mozilla/5.0 (compatible; DotBot/1.2; +https://opensiteexplorer.org/dotbot; help@moz.com)"
82.222.127.141 - - [21/Jan/2024:07:53:23 +0100] "GET /sony-a6000-noir-16-50mm-ilce-6000lb-p-2109.html HTTP/1.0" 200 42043 "https://www.google.fr/" "Mozilla/5.0 (Windows NT 10.0; Win64; x64) AppleWebKit/537.36 (KHTML, like Gecko) Chrome/115.0.0.0 Safari/537.36"
82.222.127.141 - - [21/Jan/2024:07:53:24 +0100] "GET /style.css HTTP/1.0" 200 242 "http://www.reflexpro.fr/sony-a6000-noir-16-50mm-ilce-6000lb-p-2109.html" "Mozilla/5.0 (Windows NT 10.0; Win64; x64) AppleWebKit/537.36 (KHTML, like Gecko) Chrome/115.0.0.0 Safari/537.36"
82.222.127.141 - - [21/Jan/2024:07:53:24 +0100] "GET /style.responsive.css HTTP/1.0" 200 253 "http://www.reflexpro.fr/sony-a6000-noir-16-50mm-ilce-6000lb-p-2109.html" "Mozilla/5.0 (Windows NT 10.0; Win64; x64) AppleWebKit/537.36 (KHTML, like Gecko) Chrome/115.0.0.0 Safari/537.36"
82.222.127.141 - - [21/Jan/2024:07:53:24 +0100] "GET /templates/Pixame_v1/stylesheet.css HTTP/1.0" 200 267 "http://www.reflexpro.fr/sony-a6000-noir-16-50mm-ilce-6000lb-p-2109.html" "Mozilla/5.0 (Windows NT 10.0; Win64; x64) AppleWebKit/537.36 (KHTML, like Gecko) Chrome/115.0.0.0 Safari/537.36"
82.222.127.141 - - [21/Jan/2024:07:53:24 +0100] "GET /font-awesome-4.0.3/css/font-awesome.css HTTP/1.0" 200 272 "http://www.reflexpro.fr/sony-a6000-noir-16-50mm-ilce-6000lb-p-2109.html" "Mozilla/5.0 (Windows NT 10.0; Win64; x64) AppleWebKit/537.36 (KHTML, like Gecko) Chrome/115.0.0.0 Safari/537.36"
82.222.127.141 - - [21/Jan/2024:07:53:24 +0100] "GET /themes-nivo/default/default.css HTTP/1.0" 200 264 "http://www.reflexpro.fr/sony-a6000-noir-16-50mm-ilce-6000lb-p-2109.html" "Mozilla/5.0 (Windows NT 10.0; Win64; x64) AppleWebKit/537.36 (KHTML, like Gecko) Chrome/115.0.0.0 Safari/537.36"
82.222.127.141 - - [21/Jan/2024:07:53:24 +0100] "GET /themes-nivo/light/light.css HTTP/1.0" 200 260 "http://www.reflexpro.fr/sony-a6000-noir-16-50mm-ilce-6000lb-p-2109.html" "Mozilla/5.0 (Windows NT 10.0; Win64; x64) AppleWebKit/537.36 (KHTML, like Gecko) Chrome/115.0.0.0 Safari/537.36"
82.222.127.141 - - [21/Jan/2024:07:53:24 +0100] "GET /themes-nivo/dark/dark.css HTTP/1.0" 200 258 "http://www.reflexpro.fr/sony-a6000-noir-16-50mm-ilce-6000lb-p-2109.html" "Mozilla/5.0 (Windows NT 10.0; Win64; x64) AppleWebKit/537.36 (KHTML, like Gecko) Chrome/115.0.0.0 Safari/537.36"
82.222.127.141 - - [21/Jan/2024:07:53:24 +0100] "GET /themes-nivo/bar/bar.css HTTP/1.0" 200 256 "http://www.reflexpro.fr/sony-a6000-noir-16-50mm-ilce-6000lb-p-2109.html" "Mozilla/5.0 (Windows NT 10.0; Win64; x64) AppleWebKit/537.36 (KHTML, like Gecko) Chrome/115.0.0.0 Safari/537.36"
82.222.127.141 - - [21/Jan/2024:07:53:24 +0100] "GET /nivo-slider.css HTTP/1.0" 200 248 "http://www.reflexpro.fr/sony-a6000-noir-16-50mm-ilce-6000lb-p-2109.html" "Mozilla/5.0 (Windows NT 10.0; Win64; x64) AppleWebKit/537.36 (KHTML, like Gecko) Chrome/115.0.0.0 Safari/537.36"
82.222.127.141 - - [21/Jan/2024:07:53:24 +0100] "GET /cookieconsentbar/cookieconsentbar.css HTTP/1.0" 200 270 "http://www.reflexpro.fr/sony-a6000-noir-16-50mm-ilce-6000lb-p-2109.html" "Mozilla/5.0 (Windows NT 10.0; Win64; x64) AppleWebKit/537.36 (KHTML, like Gecko) Chrome/115.0.0.0 Safari/537.36"
82.222.127.141 - - [21/Jan/2024:07:53:24 +0100] "GET /jquery.js HTTP/1.0" 200 249 "http://www.reflexpro.fr/sony-a6000-noir-16-50mm-ilce-6000lb-p-2109.html" "Mozilla/5.0 (Windows NT 10.0; Win64; x64) AppleWebKit/537.36 (KHTML, like Gecko) Chrome/115.0.0.0 Safari/537.36"
82.222.127.141 - - [21/Jan/2024:07:53:24 +0100] "GET /script.js HTTP/1.0" 200 249 "http://www.reflexpro.fr/sony-a6000-noir-16-50mm-ilce-6000lb-p-2109.html" "Mozilla/5.0 (Windows NT 10.0; Win64; x64) AppleWebKit/537.36 (KHTML, like Gecko) Chrome/115.0.0.0 Safari/537.36"
82.222.127.141 - - [21/Jan/2024:07:53:24 +0100] "GET /highslide/highslide.js HTTP/1.0" 200 262 "http://www.reflexpro.fr/sony-a6000-noir-16-50mm-ilce-6000lb-p-2109.html" "Mozilla/5.0 (Windows NT 10.0; Win64; x64) AppleWebKit/537.36 (KHTML, like Gecko) Chrome/115.0.0.0 Safari/537.36"
82.222.127.141 - - [21/Jan/2024:07:53:24 +0100] "GET /script.responsive.js HTTP/1.0" 200 260 "http://www.reflexpro.fr/sony-a6000-noir-16-50mm-ilce-6000lb-p-2109.html" "Mozilla/5.0 (Windows NT 10.0; Win64; x64) AppleWebKit/537.36 (KHTML, like Gecko) Chrome/115.0.0.0 Safari/537.36"
82.222.127.141 - - [21/Jan/2024:07:53:24 +0100] "GET /jquery-1.9.0.min.js HTTP/1.0" 200 259 "http://www.reflexpro.fr/sony-a6000-noir-16-50mm-ilce-6000lb-p-2109.html" "Mozilla/5.0 (Windows NT 10.0; Win64; x64) AppleWebKit/537.36 (KHTML, like Gecko) Chrome/115.0.0.0 Safari/537.36"
82.222.127.141 - - [21/Jan/2024:07:53:24 +0100] "GET /jquery.nivo.slider.js HTTP/1.0" 200 261 "http://www.reflexpro.fr/sony-a6000-noir-16-50mm-ilce-6000lb-p-2109.html" "Mozilla/5.0 (Windows NT 10.0; Win64; x64) AppleWebKit/537.36 (KHTML, like Gecko) Chrome/115.0.0.0 Safari/537.36"
82.222.127.141 - - [21/Jan/2024:07:53:24 +0100] "GET /cookieconsentbar/cookieconsentbar.js HTTP/1.0" 200 276 "http://www.reflexpro.fr/sony-a6000-noir-16-50mm-ilce-6000lb-p-2109.html" "Mozilla/5.0 (Windows NT 10.0; Win64; x64) AppleWebKit/537.36 (KHTML, like Gecko) Chrome/115.0.0.0 Safari/537.36"
82.222.127.141 - - [21/Jan/2024:07:53:24 +0100] "GET /images/logo-2130545471.png HTTP/1.0" 200 260 "http://www.reflexpro.fr/sony-a6000-noir-16-50mm-ilce-6000lb-p-2109.html" "Mozilla/5.0 (Windows NT 10.0; Win64; x64) AppleWebKit/537.36 (KHTML, like Gecko) Chrome/115.0.0.0 Safari/537.36"
82.222.127.141 - - [21/Jan/2024:07:53:24 +0100] "GET /images/a6000-16-50.jpg HTTP/1.0" 200 257 "http://www.reflexpro.fr/sony-a6000-noir-16-50mm-ilce-6000lb-p-2109.html" "Mozilla/5.0 (Windows NT 10.0; Win64; x64) AppleWebKit/537.36 (KHTML, like Gecko) Chrome/115.0.0.0 Safari/537.36"
82.222.127.141 - - [21/Jan/2024:07:53:24 +0100] "GET /img-site/home3.png HTTP/1.0" 200 252 "http://www.reflexpro.fr/sony-a6000-noir-16-50mm-ilce-6000lb-p-2109.html" "Mozilla/5.0 (Windows NT 10.0; Win64; x64) AppleWebKit/537.36 (KHTML, like Gecko) Chrome/115.0.0.0 Safari/537.36"
82.222.127.141 - - [21/Jan/2024:07:53:24 +0100] "GET /images/ecotaxe_on.jpg HTTP/1.0" 200 256 "http://www.reflexpro.fr/sony-a6000-noir-16-50mm-ilce-6000lb-p-2109.html" "Mozilla/5.0 (Windows NT 10.0; Win64; x64) AppleWebKit/537.36 (KHTML, like Gecko) Chrome/115.0.0.0 Safari/537.36"
82.222.127.141 - - [21/Jan/2024:07:53:24 +0100] "GET /images/pixel_trans.gif HTTP/1.0" 200 328 "http://www.reflexpro.fr/sony-a6000-noir-16-50mm-ilce-6000lb-p-2109.html" "Mozilla/5.0 (Windows NT 10.0; Win64; x64) AppleWebKit/537.36 (KHTML, like Gecko) Chrome/115.0.0.0 Safari/537.36"
82.222.127.141 - - [21/Jan/2024:07:53:24 +0100] "GET /images/pixel_orange.gif HTTP/1.0" 200 328 "http://www.reflexpro.fr/sony-a6000-noir-16-50mm-ilce-6000lb-p-2109.html" "Mozilla/5.0 (Windows NT 10.0; Win64; x64) AppleWebKit/537.36 (KHTML, like Gecko) Chrome/115.0.0.0 Safari/537.36"
82.222.127.141 - - [21/Jan/2024:07:53:24 +0100] "GET /images/object227400126.png HTTP/1.0" 200 515 "http://www.reflexpro.fr/style.css" "Mozilla/5.0 (Windows NT 10.0; Win64; x64) AppleWebKit/537.36 (KHTML, like Gecko) Chrome/115.0.0.0 Safari/537.36"
82.222.127.141 - - [21/Jan/2024:07:53:24 +0100] "GET /images/page.jpeg HTTP/1.0" 200 251 "http://www.reflexpro.fr/style.css" "Mozilla/5.0 (Windows NT 10.0; Win64; x64) AppleWebKit/537.36 (KHTML, like Gecko) Chrome/115.0.0.0 Safari/537.36"
82.222.127.141 - - [21/Jan/2024:07:53:24 +0100] "GET /images/header.png HTTP/1.0" 200 251 "http://www.reflexpro.fr/style.css" "Mozilla/5.0 (Windows NT 10.0; Win64; x64) AppleWebKit/537.36 (KHTML, like Gecko) Chrome/115.0.0.0 Safari/537.36"
82.222.127.141 - - [21/Jan/2024:07:53:24 +0100] "GET /images/spacer.gif HTTP/1.0" 200 328 "http://www.reflexpro.fr/style.css" "Mozilla/5.0 (Windows NT 10.0; Win64; x64) AppleWebKit/537.36 (KHTML, like Gecko) Chrome/115.0.0.0 Safari/537.36"
82.222.127.141 - - [21/Jan/2024:07:53:24 +0100] "GET /images/searchicon.png HTTP/1.0" 200 664 "http://www.reflexpro.fr/style.css" "Mozilla/5.0 (Windows NT 10.0; Win64; x64) AppleWebKit/537.36 (KHTML, like Gecko) Chrome/115.0.0.0 Safari/537.36"
82.222.127.141 - - [21/Jan/2024:07:53:24 +0100] "GET /images/menuseparator.png HTTP/1.0" 200 487 "http://www.reflexpro.fr/style.css" "Mozilla/5.0 (Windows NT 10.0; Win64; x64) AppleWebKit/537.36 (KHTML, like Gecko) Chrome/115.0.0.0 Safari/537.36"
82.222.127.141 - - [21/Jan/2024:07:53:24 +0100] "GET /font-awesome-4.0.3/fonts/fontawesome-webfont.woff?v=4.0.3 HTTP/1.0" 200 284 "http://www.reflexpro.fr/font-awesome-4.0.3/css/font-awesome.css" "Mozilla/5.0 (Windows NT 10.0; Win64; x64) AppleWebKit/537.36 (KHTML, like Gecko) Chrome/115.0.0.0 Safari/537.36"
82.222.127.141 - - [21/Jan/2024:07:53:24 +0100] "GET /images/icon_paiement.jpg HTTP/1.0" 200 259 "http://www.reflexpro.fr/sony-a6000-noir-16-50mm-ilce-6000lb-p-2109.html" "Mozilla/5.0 (Windows NT 10.0; Win64; x64) AppleWebKit/537.36 (KHTML, like Gecko) Chrome/115.0.0.0 Safari/537.36"
82.222.127.141 - - [21/Jan/2024:07:53:24 +0100] "GET /images/icon_tel.jpg HTTP/1.0" 200 254 "http://www.reflexpro.fr/sony-a6000-noir-16-50mm-ilce-6000lb-p-2109.html" "Mozilla/5.0 (Windows NT 10.0; Win64; x64) AppleWebKit/537.36 (KHTML, like Gecko) Chrome/115.0.0.0 Safari/537.36"
82.222.127.141 - - [21/Jan/2024:07:53:24 +0100] "GET /images/qui-sommes-nous.jpg HTTP/1.0" 200 261 "http://www.reflexpro.fr/sony-a6000-noir-16-50mm-ilce-6000lb-p-2109.html" "Mozilla/5.0 (Windows NT 10.0; Win64; x64) AppleWebKit/537.36 (KHTML, like Gecko) Chrome/115.0.0.0 Safari/537.36"
82.222.127.141 - - [21/Jan/2024:07:53:25 +0100] "GET /images/icone_contacter.jpg HTTP/1.0" 200 261 "http://www.reflexpro.fr/sony-a6000-noir-16-50mm-ilce-6000lb-p-2109.html" "Mozilla/5.0 (Windows NT 10.0; Win64; x64) AppleWebKit/537.36 (KHTML, like Gecko) Chrome/115.0.0.0 Safari/537.36"
82.222.127.141 - - [21/Jan/2024:07:53:25 +0100] "GET /images/footerbullets.png HTTP/1.0" 200 503 "http://www.reflexpro.fr/style.css" "Mozilla/5.0 (Windows NT 10.0; Win64; x64) AppleWebKit/537.36 (KHTML, like Gecko) Chrome/115.0.0.0 Safari/537.36"
82.222.127.141 - - [21/Jan/2024:07:53:25 +0100] "GET /highslide/graphics/outlines/drop-shadow.png HTTP/1.0" 200 277 "http://www.reflexpro.fr/sony-a6000-noir-16-50mm-ilce-6000lb-p-2109.html" "Mozilla/5.0 (Windows NT 10.0; Win64; x64) AppleWebKit/537.36 (KHTML, like Gecko) Chrome/115.0.0.0 Safari/537.36"
82.222.127.141 - - [21/Jan/2024:07:53:25 +0100] "GET /highslide/graphics/zoomout.cur HTTP/1.0" 200 614 "http://www.reflexpro.fr/sony-a6000-noir-16-50mm-ilce-6000lb-p-2109.html" "Mozilla/5.0 (Windows NT 10.0; Win64; x64) AppleWebKit/537.36 (KHTML, like Gecko) Chrome/115.0.0.0 Safari/537.36"
82.222.127.141 - - [21/Jan/2024:07:53:25 +0100] "GET /highslide/graphics/loader.white.gif HTTP/1.0" 200 960 "http://www.reflexpro.fr/templates/Pixame_v1/stylesheet.css" "Mozilla/5.0 (Windows NT 10.0; Win64; x64) AppleWebKit/537.36 (KHTML, like Gecko) Chrome/115.0.0.0 Safari/537.36"
82.222.127.141 - - [21/Jan/2024:07:53:25 +0100] "GET /favicon.ico HTTP/1.0" 200 260 "http://www.reflexpro.fr/sony-a6000-noir-16-50mm-ilce-6000lb-p-2109.html" "Mozilla/5.0 (Windows NT 10.0; Win64; x64) AppleWebKit/537.36 (KHTML, like Gecko) Chrome/115.0.0.0 Safari/537.36"
69.162.124.230 - - [21/Jan/2024:07:54:11 +0100] "HEAD / HTTP/1.0" 200 383 "http://www.reflexpro.fr" "Mozilla/5.0+(compatible; UptimeRobot/2.0; http://www.uptimerobot.com/)"
52.167.144.217 - - [21/Jan/2024:07:54:29 +0100] "GET /panasonic-dc-g9-12-60-f28-dc-g9leb-p-2478.html HTTP/1.0" 301 21988 "-" "Mozilla/5.0 AppleWebKit/537.36 (KHTML, like Gecko; compatible; bingbot/2.0; +http://www.bing.com/bingbot.htm) Chrome/116.0.1938.76 Safari/537.36"
52.167.144.212 - - [21/Jan/2024:07:54:46 +0100] "GET /sonos-beam-noire-p-2777.html HTTP/1.0" 301 21988 "-" "Mozilla/5.0 AppleWebKit/537.36 (KHTML, like Gecko; compatible; bingbot/2.0; +http://www.bing.com/bingbot.htm) Chrome/116.0.1938.76 Safari/537.36"
216.244.66.233 - - [21/Jan/2024:07:56:37 +0100] "GET /canon-eos-90d-18-135mm-f35-56-is-usm-pr-2674.html HTTP/1.0" 200 26130 "-" "Mozilla/5.0 (compatible; DotBot/1.2; +https://opensiteexplorer.org/dotbot; help@moz.com)"
