81.250.246.158 - - [30/Jan/2024:15:47:19 +0100] "GET /themes-nivo/default/default.css HTTP/1.0" 200 264 "http://www.reflexpro.fr/sigma-70-300-f4-56-dg-apo-macro-monture-nikon-p-1327.html" "Mozilla/5.0 (Macintosh; Intel Mac OS X 10_15_7) AppleWebKit/537.36 (KHTML, like Gecko) Chrome/120.0.0.0 Safari/537.36"
81.250.246.158 - - [30/Jan/2024:15:47:19 +0100] "GET /themes-nivo/light/light.css HTTP/1.0" 200 260 "http://www.reflexpro.fr/sigma-70-300-f4-56-dg-apo-macro-monture-nikon-p-1327.html" "Mozilla/5.0 (Macintosh; Intel Mac OS X 10_15_7) AppleWebKit/537.36 (KHTML, like Gecko) Chrome/120.0.0.0 Safari/537.36"
84.14.210.178 - - [30/Jan/2024:15:47:19 +0100] "GET /themes-nivo/bar/bar.css HTTP/1.0" 200 256 "http://www.reflexpro.fr/sigma-70-300-f4-56-dg-apo-macro-monture-nikon-p-1327.html" "Mozilla/5.0 (Macintosh; Intel Mac OS X 10_15_7) AppleWebKit/537.36 (KHTML, like Gecko) Chrome/120.0.0.0 Safari/537.36"
81.250.246.158 - - [30/Jan/2024:15:47:19 +0100] "GET /themes-nivo/dark/dark.css HTTP/1.0" 200 258 "http://www.reflexpro.fr/sigma-70-300-f4-56-dg-apo-macro-monture-nikon-p-1327.html" "Mozilla/5.0 (Macintosh; Intel Mac OS X 10_15_7) AppleWebKit/537.36 (KHTML, like Gecko) Chrome/120.0.0.0 Safari/537.36"
78.198.177.175 - - [30/Jan/2024:15:47:19 +0100] "GET /nivo-slider.css HTTP/1.0" 200 248 "http://www.reflexpro.fr/sigma-70-300-f4-56-dg-apo-macro-monture-nikon-p-1327.html" "Mozilla/5.0 (Macintosh; Intel Mac OS X 10_15_7) AppleWebKit/537.36 (KHTML, like Gecko) Chrome/120.0.0.0 Safari/537.36"
81.250.246.158 - - [30/Jan/2024:15:47:19 +0100] "GET /cookieconsentbar/cookieconsentbar.css HTTP/1.0" 200 270 "http://www.reflexpro.fr/sigma-70-300-f4-56-dg-apo-macro-monture-nikon-p-1327.html" "Mozilla/5.0 (Macintosh; Intel Mac OS X 10_15_7) AppleWebKit/537.36 (KHTML, like Gecko) Chrome/120.0.0.0 Safari/537.36"
84.14.210.178 - - [30/Jan/2024:15:47:19 +0100] "GET /jquery.js HTTP/1.0" 200 249 "http://www.reflexpro.fr/sigma-70-300-f4-56-dg-apo-macro-monture-nikon-p-1327.html" "Mozilla/5.0 (Macintosh; Intel Mac OS X 10_15_7) AppleWebKit/537.36 (KHTML, like Gecko) Chrome/120.0.0.0 Safari/537.36"
84.14.210.178 - - [30/Jan/2024:15:47:19 +0100] "GET /highslide/highslide.js HTTP/1.0" 200 262 "http://www.reflexpro.fr/sigma-70-300-f4-56-dg-apo-macro-monture-nikon-p-1327.html" "Mozilla/5.0 (Macintosh; Intel Mac OS X 10_15_7) AppleWebKit/537.36 (KHTML, like Gecko) Chrome/120.0.0.0 Safari/537.36"
81.250.246.158 - - [30/Jan/2024:15:47:19 +0100] "GET /script.responsive.js HTTP/1.0" 200 260 "http://www.reflexpro.fr/sigma-70-300-f4-56-dg-apo-macro-monture-nikon-p-1327.html" "Mozilla/5.0 (Macintosh; Intel Mac OS X 10_15_7) AppleWebKit/537.36 (KHTML, like Gecko) Chrome/120.0.0.0 Safari/537.36"
84.14.210.178 - - [30/Jan/2024:15:47:19 +0100] "GET /script.js HTTP/1.0" 200 249 "http://www.reflexpro.fr/sigma-70-300-f4-56-dg-apo-macro-monture-nikon-p-1327.html" "Mozilla/5.0 (Macintosh; Intel Mac OS X 10_15_7) AppleWebKit/537.36 (KHTML, like Gecko) Chrome/120.0.0.0 Safari/537.36"
78.198.177.175 - - [30/Jan/2024:15:47:19 +0100] "GET /jquery-1.9.0.min.js HTTP/1.0" 200 259 "http://www.reflexpro.fr/sigma-70-300-f4-56-dg-apo-macro-monture-nikon-p-1327.html" "Mozilla/5.0 (Macintosh; Intel Mac OS X 10_15_7) AppleWebKit/537.36 (KHTML, like Gecko) Chrome/120.0.0.0 Safari/537.36"
81.250.246.158 - - [30/Jan/2024:15:47:19 +0100] "GET /jquery.nivo.slider.js HTTP/1.0" 200 261 "http://www.reflexpro.fr/sigma-70-300-f4-56-dg-apo-macro-monture-nikon-p-1327.html" "Mozilla/5.0 (Macintosh; Intel Mac OS X 10_15_7) AppleWebKit/537.36 (KHTML, like Gecko) Chrome/120.0.0.0 Safari/537.36"
84.14.210.178 - - [30/Jan/2024:15:47:19 +0100] "GET /cookieconsentbar/cookieconsentbar.js HTTP/1.0" 200 276 "http://www.reflexpro.fr/sigma-70-300-f4-56-dg-apo-macro-monture-nikon-p-1327.html" "Mozilla/5.0 (Macintosh; Intel Mac OS X 10_15_7) AppleWebKit/537.36 (KHTML, like Gecko) Chrome/120.0.0.0 Safari/537.36"
84.14.210.178 - - [30/Jan/2024:15:47:19 +0100] "GET /images/logo-2130545471.png HTTP/1.0" 200 260 "http://www.reflexpro.fr/sigma-70-300-f4-56-dg-apo-macro-monture-nikon-p-1327.html" "Mozilla/5.0 (Macintosh; Intel Mac OS X 10_15_7) AppleWebKit/537.36 (KHTML, like Gecko) Chrome/120.0.0.0 Safari/537.36"
81.250.246.158 - - [30/Jan/2024:15:47:19 +0100] "GET /img-site/home3.png HTTP/1.0" 200 252 "http://www.reflexpro.fr/sigma-70-300-f4-56-dg-apo-macro-monture-nikon-p-1327.html" "Mozilla/5.0 (Macintosh; Intel Mac OS X 10_15_7) AppleWebKit/537.36 (KHTML, like Gecko) Chrome/120.0.0.0 Safari/537.36"
84.14.210.178 - - [30/Jan/2024:15:47:19 +0100] "GET /images/70-300apo.jpg HTTP/1.0" 200 255 "http://www.reflexpro.fr/sigma-70-300-f4-56-dg-apo-macro-monture-nikon-p-1327.html" "Mozilla/5.0 (Macintosh; Intel Mac OS X 10_15_7) AppleWebKit/537.36 (KHTML, like Gecko) Chrome/120.0.0.0 Safari/537.36"
81.250.246.158 - - [30/Jan/2024:15:47:19 +0100] "GET /images/ecotaxe_on.jpg HTTP/1.0" 200 256 "http://www.reflexpro.fr/sigma-70-300-f4-56-dg-apo-macro-monture-nikon-p-1327.html" "Mozilla/5.0 (Macintosh; Intel Mac OS X 10_15_7) AppleWebKit/537.36 (KHTML, like Gecko) Chrome/120.0.0.0 Safari/537.36"
78.198.177.175 - - [30/Jan/2024:15:47:19 +0100] "GET /images/pixel_orange.gif HTTP/1.0" 200 328 "http://www.reflexpro.fr/sigma-70-300-f4-56-dg-apo-macro-monture-nikon-p-1327.html" "Mozilla/5.0 (Macintosh; Intel Mac OS X 10_15_7) AppleWebKit/537.36 (KHTML, like Gecko) Chrome/120.0.0.0 Safari/537.36"
84.14.210.178 - - [30/Jan/2024:15:47:19 +0100] "GET /images/pixel_trans.gif HTTP/1.0" 200 328 "http://www.reflexpro.fr/sigma-70-300-f4-56-dg-apo-macro-monture-nikon-p-1327.html" "Mozilla/5.0 (Macintosh; Intel Mac OS X 10_15_7) AppleWebKit/537.36 (KHTML, like Gecko) Chrome/120.0.0.0 Safari/537.36"
84.14.210.178 - - [30/Jan/2024:15:47:19 +0100] "GET /images/icon_paiement.jpg HTTP/1.0" 200 259 "http://www.reflexpro.fr/sigma-70-300-f4-56-dg-apo-macro-monture-nikon-p-1327.html" "Mozilla/5.0 (Macintosh; Intel Mac OS X 10_15_7) AppleWebKit/537.36 (KHTML, like Gecko) Chrome/120.0.0.0 Safari/537.36"
81.250.246.158 - - [30/Jan/2024:15:47:19 +0100] "GET /images/icon_tel.jpg HTTP/1.0" 200 254 "http://www.reflexpro.fr/sigma-70-300-f4-56-dg-apo-macro-monture-nikon-p-1327.html" "Mozilla/5.0 (Macintosh; Intel Mac OS X 10_15_7) AppleWebKit/537.36 (KHTML, like Gecko) Chrome/120.0.0.0 Safari/537.36"
84.14.210.178 - - [30/Jan/2024:15:47:19 +0100] "GET /font-awesome-4.0.3/fonts/fontawesome-webfont.woff?v=4.0.3 HTTP/1.0" 200 284 "http://www.reflexpro.fr/font-awesome-4.0.3/css/font-awesome.css" "Mozilla/5.0 (Macintosh; Intel Mac OS X 10_15_7) AppleWebKit/537.36 (KHTML, like Gecko) Chrome/120.0.0.0 Safari/537.36"
78.198.177.175 - - [30/Jan/2024:15:47:19 +0100] "GET /images/page.jpeg HTTP/1.0" 200 251 "http://www.reflexpro.fr/style.css" "Mozilla/5.0 (Macintosh; Intel Mac OS X 10_15_7) AppleWebKit/537.36 (KHTML, like Gecko) Chrome/120.0.0.0 Safari/537.36"
84.14.210.178 - - [30/Jan/2024:15:47:19 +0100] "GET /images/object227400126.png HTTP/1.0" 200 515 "http://www.reflexpro.fr/style.css" "Mozilla/5.0 (Macintosh; Intel Mac OS X 10_15_7) AppleWebKit/537.36 (KHTML, like Gecko) Chrome/120.0.0.0 Safari/537.36"
81.250.246.158 - - [30/Jan/2024:15:47:19 +0100] "GET /images/header.png HTTP/1.0" 200 251 "http://www.reflexpro.fr/style.css" "Mozilla/5.0 (Macintosh; Intel Mac OS X 10_15_7) AppleWebKit/537.36 (KHTML, like Gecko) Chrome/120.0.0.0 Safari/537.36"
84.14.210.178 - - [30/Jan/2024:15:47:19 +0100] "GET /images/searchicon.png HTTP/1.0" 200 664 "http://www.reflexpro.fr/style.css" "Mozilla/5.0 (Macintosh; Intel Mac OS X 10_15_7) AppleWebKit/537.36 (KHTML, like Gecko) Chrome/120.0.0.0 Safari/537.36"
81.250.246.158 - - [30/Jan/2024:15:47:19 +0100] "GET /images/menuseparator.png HTTP/1.0" 200 487 "http://www.reflexpro.fr/style.css" "Mozilla/5.0 (Macintosh; Intel Mac OS X 10_15_7) AppleWebKit/537.36 (KHTML, like Gecko) Chrome/120.0.0.0 Safari/537.36"
84.14.210.178 - - [30/Jan/2024:15:47:19 +0100] "GET /images/spacer.gif HTTP/1.0" 200 328 "http://www.reflexpro.fr/style.css" "Mozilla/5.0 (Macintosh; Intel Mac OS X 10_15_7) AppleWebKit/537.36 (KHTML, like Gecko) Chrome/120.0.0.0 Safari/537.36"
81.250.246.158 - - [30/Jan/2024:15:47:19 +0100] "GET /images/qui-sommes-nous.jpg HTTP/1.0" 200 261 "http://www.reflexpro.fr/sigma-70-300-f4-56-dg-apo-macro-monture-nikon-p-1327.html" "Mozilla/5.0 (Macintosh; Intel Mac OS X 10_15_7) AppleWebKit/537.36 (KHTML, like Gecko) Chrome/120.0.0.0 Safari/537.36"
84.14.210.178 - - [30/Jan/2024:15:47:19 +0100] "GET /images/icone_contacter.jpg HTTP/1.0" 200 261 "http://www.reflexpro.fr/sigma-70-300-f4-56-dg-apo-macro-monture-nikon-p-1327.html" "Mozilla/5.0 (Macintosh; Intel Mac OS X 10_15_7) AppleWebKit/537.36 (KHTML, like Gecko) Chrome/120.0.0.0 Safari/537.36"
81.250.246.158 - - [30/Jan/2024:15:47:19 +0100] "GET /images/footerbullets.png HTTP/1.0" 200 503 "http://www.reflexpro.fr/style.css" "Mozilla/5.0 (Macintosh; Intel Mac OS X 10_15_7) AppleWebKit/537.36 (KHTML, like Gecko) Chrome/120.0.0.0 Safari/537.36"
81.250.246.158 - - [30/Jan/2024:15:47:19 +0100] "GET /highslide/graphics/outlines/drop-shadow.png HTTP/1.0" 200 277 "http://www.reflexpro.fr/sigma-70-300-f4-56-dg-apo-macro-monture-nikon-p-1327.html" "Mozilla/5.0 (Macintosh; Intel Mac OS X 10_15_7) AppleWebKit/537.36 (KHTML, like Gecko) Chrome/120.0.0.0 Safari/537.36"
78.198.177.175 - - [30/Jan/2024:15:47:19 +0100] "GET /highslide/graphics/loader.white.gif HTTP/1.0" 200 960 "http://www.reflexpro.fr/templates/Pixame_v1/stylesheet.css" "Mozilla/5.0 (Macintosh; Intel Mac OS X 10_15_7) AppleWebKit/537.36 (KHTML, like Gecko) Chrome/120.0.0.0 Safari/537.36"
84.14.210.178 - - [30/Jan/2024:15:47:19 +0100] "GET /highslide/graphics/zoomout.cur HTTP/1.0" 200 614 "http://www.reflexpro.fr/sigma-70-300-f4-56-dg-apo-macro-monture-nikon-p-1327.html" "Mozilla/5.0 (Macintosh; Intel Mac OS X 10_15_7) AppleWebKit/537.36 (KHTML, like Gecko) Chrome/120.0.0.0 Safari/537.36"
81.250.246.158 - - [30/Jan/2024:15:47:19 +0100] "GET /favicon.ico HTTP/1.0" 200 260 "http://www.reflexpro.fr/sigma-70-300-f4-56-dg-apo-macro-monture-nikon-p-1327.html" "Mozilla/5.0 (Macintosh; Intel Mac OS X 10_15_7) AppleWebKit/537.36 (KHTML, like Gecko) Chrome/120.0.0.0 Safari/537.36"
54.36.148.254 - - [30/Jan/2024:15:48:17 +0100] "GET /monopods-c-271_282_295.html HTTP/1.0" 200 34281 "-" "Mozilla/5.0 (compatible; AhrefsBot/7.0; +http://ahrefs.com/robot/)"
52.167.144.215 - - [30/Jan/2024:15:48:52 +0100] "GET /-i-8.html HTTP/1.0" 301 520 "-" "Mozilla/5.0 AppleWebKit/537.36 (KHTML, like Gecko; compatible; bingbot/2.0; +http://www.bing.com/bingbot.htm) Chrome/116.0.1938.76 Safari/537.36"
216.244.66.233 - - [30/Jan/2024:15:48:56 +0100] "GET /robots.txt HTTP/1.0" 200 245 "-" "Mozilla/5.0 (compatible; DotBot/1.2; +https://opensiteexplorer.org/dotbot; help@moz.com)"
52.167.144.187 - - [30/Jan/2024:15:49:03 +0100] "GET /-i-8.html HTTP/1.0" 200 27564 "-" "Mozilla/5.0 AppleWebKit/537.36 (KHTML, like Gecko; compatible; bingbot/2.0; +http://www.bing.com/bingbot.htm) Chrome/116.0.1938.76 Safari/537.36"
35.246.246.181 - - [30/Jan/2024:15:51:11 +0100] "GET /robots.txt HTTP/1.0" 301 522 "-" "Mozilla/5.0 (Macintosh; Intel Mac OS X 11_2_2) AppleWebKit/537.36 (KHTML, like Gecko) Chrome/88.0.4324.192 Safari/537.36"
35.246.246.181 - - [30/Jan/2024:15:51:11 +0100] "GET /sitemap.xml HTTP/1.0" 301 524 "-" "Mozilla/5.0 (Macintosh; Intel Mac OS X 11_2_2) AppleWebKit/537.36 (KHTML, like Gecko) Chrome/88.0.4324.192 Safari/537.36"
35.246.246.181 - - [30/Jan/2024:15:51:11 +0100] "GET /sitemap_index.xml HTTP/1.0" 301 536 "-" "Mozilla/5.0 (Macintosh; Intel Mac OS X 11_2_2) AppleWebKit/537.36 (KHTML, like Gecko) Chrome/88.0.4324.192 Safari/537.36"
35.246.246.181 - - [30/Jan/2024:15:51:12 +0100] "GET /sitemap HTTP/1.0" 301 516 "-" "Mozilla/5.0 (Macintosh; Intel Mac OS X 11_2_2) AppleWebKit/537.36 (KHTML, like Gecko) Chrome/88.0.4324.192 Safari/537.36"
35.246.246.181 - - [30/Jan/2024:15:51:12 +0100] "GET /robots.txt HTTP/1.0" 200 245 "-" "Mozilla/5.0 (Macintosh; Intel Mac OS X 11_2_2) AppleWebKit/537.36 (KHTML, like Gecko) Chrome/88.0.4324.192 Safari/537.36"
35.246.246.181 - - [30/Jan/2024:15:51:12 +0100] "GET /sitemap HTTP/1.0" 404 1306 "-" "Mozilla/5.0 (Macintosh; Intel Mac OS X 11_2_2) AppleWebKit/537.36 (KHTML, like Gecko) Chrome/88.0.4324.192 Safari/537.36"
35.246.246.181 - - [30/Jan/2024:15:51:12 +0100] "GET /sitemap_index.xml HTTP/1.0" 404 1306 "-" "Mozilla/5.0 (Macintosh; Intel Mac OS X 11_2_2) AppleWebKit/537.36 (KHTML, like Gecko) Chrome/88.0.4324.192 Safari/537.36"
35.246.246.181 - - [30/Jan/2024:15:51:12 +0100] "GET /sitemap.xml HTTP/1.0" 404 1306 "-" "Mozilla/5.0 (Macintosh; Intel Mac OS X 11_2_2) AppleWebKit/537.36 (KHTML, like Gecko) Chrome/88.0.4324.192 Safari/537.36"
34.107.10.42 - - [30/Jan/2024:15:51:22 +0100] "GET / HTTP/1.0" 200 35969 "-" "python-requests/2.31.0"
34.107.10.42 - - [30/Jan/2024:15:51:23 +0100] "GET / HTTP/1.0" 301 502 "-" "Mozilla/5.0 (Windows NT 10.0; Win64; x64)                    AppleWebKit/537.36 (KHTML, like Gecko)                    Chrome/88.0.4324.150 Safari/537.36"
34.107.10.42 - - [30/Jan/2024:15:51:23 +0100] "GET / HTTP/1.0" 200 35969 "-" "Mozilla/5.0 (Windows NT 10.0; Win64; x64)                    AppleWebKit/537.36 (KHTML, like Gecko)                    Chrome/88.0.4324.150 Safari/537.36"
34.107.10.42 - - [30/Jan/2024:15:51:23 +0100] "GET / HTTP/1.0" 200 35969 "-" "Mozilla/5.0 (Windows NT 10.0; Win64; x64)                    AppleWebKit/537.36 (KHTML, like Gecko)                    Chrome/88.0.4324.150 Safari/537.36"
34.107.10.42 - - [30/Jan/2024:15:51:24 +0100] "GET /contact_us.php HTTP/1.0" 200 32516 "-" "Mozilla/5.0 (Windows NT 10.0; Win64; x64)                    AppleWebKit/537.36 (KHTML, like Gecko)                    Chrome/88.0.4324.150 Safari/537.36"
34.107.10.42 - - [30/Jan/2024:15:51:24 +0100] "GET /-i-8.html HTTP/1.0" 200 27564 "-" "Mozilla/5.0 (Windows NT 10.0; Win64; x64)                    AppleWebKit/537.36 (KHTML, like Gecko)                    Chrome/88.0.4324.150 Safari/537.36"
69.162.124.230 - - [30/Jan/2024:15:51:50 +0100] "HEAD / HTTP/1.0" 200 383 "http://www.reflexpro.fr" "Mozilla/5.0+(compatible; UptimeRobot/2.0; http://www.uptimerobot.com/)"
69.162.124.230 - - [30/Jan/2024:15:56:58 +0100] "HEAD / HTTP/1.0" 200 383 "http://www.reflexpro.fr" "Mozilla/5.0+(compatible; UptimeRobot/2.0; http://www.uptimerobot.com/)"
66.249.66.22 - - [30/Jan/2024:15:57:34 +0100] "GET / HTTP/1.0" 200 35969 "-" "Mozilla/5.0 (Linux; Android 6.0.1; Nexus 5X Build/MMB29P) AppleWebKit/537.36 (KHTML, like Gecko) Chrome/121.0.6167.85 Mobile Safari/537.36 (compatible; Googlebot/2.1; +http://www.google.com/bot.html)"
66.249.66.21 - - [30/Jan/2024:15:57:40 +0100] "GET /script.responsive.js HTTP/1.0" 200 260 "http://www.reflexpro.fr/" "Mozilla/5.0 (Linux; Android 6.0.1; Nexus 5X Build/MMB29P) AppleWebKit/537.36 (KHTML, like Gecko) Chrome/120.0.6099.224 Mobile Safari/537.36 (compatible; Googlebot/2.1; +http://www.google.com/bot.html)"
47.128.45.124 - - [30/Jan/2024:15:58:53 +0100] "GET /robots.txt HTTP/1.0" 200 245 "-" "Mozilla/5.0 (Linux; Android 5.0) AppleWebKit/537.36 (KHTML, like Gecko) Mobile Safari/537.36 (compatible; Bytespider; spider-feedback@bytedance.com)"
69.162.124.230 - - [30/Jan/2024:16:01:50 +0100] "HEAD / HTTP/1.0" 200 383 "http://www.reflexpro.fr" "Mozilla/5.0+(compatible; UptimeRobot/2.0; http://www.uptimerobot.com/)"
87.251.84.146 - - [30/Jan/2024:16:02:34 +0100] "GET /composere.php HTTP/1.0" 301 528 "http://reflexpro.fr/composere.php" "Mozilla/4.0 (compatible; MSIE 6.0; Windows NT 5.1; SV1)"
87.251.84.146 - - [30/Jan/2024:16:02:40 +0100] "GET /composere.php HTTP/1.0" 404 1306 "http://www.reflexpro.fr/composere.php" "Mozilla/4.0 (compatible; MSIE 6.0; Windows NT 5.1; SV1)"
216.244.66.233 - - [30/Jan/2024:16:04:25 +0100] "GET /pied-branch-chene-clair-pour-phantom-gold-silver-white-expo-p-2180.html HTTP/1.0" 301 21988 "-" "Mozilla/5.0 (compatible; DotBot/1.2; +https://opensiteexplorer.org/dotbot; help@moz.com)"
69.162.124.230 - - [30/Jan/2024:16:06:52 +0100] "HEAD / HTTP/1.0" 200 383 "http://www.reflexpro.fr" "Mozilla/5.0+(compatible; UptimeRobot/2.0; http://www.uptimerobot.com/)"
66.249.66.23 - - [30/Jan/2024:16:10:26 +0100] "GET /leica-typ-240-chrome-noir-finish-ref-10773-p-1644.html HTTP/1.0" 200 22110 "-" "Mozilla/5.0 (Linux; Android 6.0.1; Nexus 5X Build/MMB29P) AppleWebKit/537.36 (KHTML, like Gecko) Chrome/121.0.6167.85 Mobile Safari/537.36 (compatible; Googlebot/2.1; +http://www.google.com/bot.html)"
66.249.66.22 - - [30/Jan/2024:16:11:18 +0100] "GET /ads.txt HTTP/1.0" 404 1306 "-" "Mozilla/5.0 (compatible; Googlebot/2.1; +http://www.google.com/bot.html)"
69.162.124.230 - - [30/Jan/2024:16:11:50 +0100] "HEAD / HTTP/1.0" 200 383 "http://www.reflexpro.fr" "Mozilla/5.0+(compatible; UptimeRobot/2.0; http://www.uptimerobot.com/)"
17.241.75.115 - - [30/Jan/2024:16:12:06 +0100] "GET / HTTP/1.0" 301 502 "-" "Mozilla/5.0 (Macintosh; Intel Mac OS X 10_15_5) AppleWebKit/605.1.15 (KHTML, like Gecko) Version/13.1.1 Safari/605.1.15 (Applebot/0.1; +http://www.apple.com/go/applebot)"
17.241.227.213 - - [30/Jan/2024:16:12:06 +0100] "GET / HTTP/1.0" 200 35969 "-" "Mozilla/5.0 (Macintosh; Intel Mac OS X 10_15_5) AppleWebKit/605.1.15 (KHTML, like Gecko) Version/13.1.1 Safari/605.1.15 (Applebot/0.1; +http://www.apple.com/go/applebot)"
40.77.167.27 - - [30/Jan/2024:16:13:33 +0100] "GET /-p-2860.html HTTP/1.0" 200 21925 "-" "Mozilla/5.0 AppleWebKit/537.36 (KHTML, like Gecko; compatible; bingbot/2.0; +http://www.bing.com/bingbot.htm) Chrome/116.0.1938.76 Safari/537.36"
40.77.167.143 - - [30/Jan/2024:16:13:47 +0100] "GET /cookieconsentbar/cookieconsentbar.css HTTP/1.0" 200 270 "-" "Mozilla/5.0 AppleWebKit/537.36 (KHTML, like Gecko; compatible; bingbot/2.0; +http://www.bing.com/bingbot.htm) Chrome/116.0.1938.76 Safari/537.36"
40.77.167.143 - - [30/Jan/2024:16:13:47 +0100] "GET /highslide/graphics/zoomout.cur HTTP/1.0" 200 614 "-" "Mozilla/5.0 AppleWebKit/537.36 (KHTML, like Gecko; compatible; bingbot/2.0; +http://www.bing.com/bingbot.htm) Chrome/116.0.1938.76 Safari/537.36"
40.77.167.143 - - [30/Jan/2024:16:13:47 +0100] "GET /jquery-1.9.0.min.js HTTP/1.0" 200 259 "-" "Mozilla/5.0 AppleWebKit/537.36 (KHTML, like Gecko; compatible; bingbot/2.0; +http://www.bing.com/bingbot.htm) Chrome/116.0.1938.76 Safari/537.36"
40.77.167.143 - - [30/Jan/2024:16:13:47 +0100] "GET /style.css HTTP/1.0" 200 242 "-" "Mozilla/5.0 AppleWebKit/537.36 (KHTML, like Gecko; compatible; bingbot/2.0; +http://www.bing.com/bingbot.htm) Chrome/116.0.1938.76 Safari/537.36"
40.77.167.143 - - [30/Jan/2024:16:13:48 +0100] "GET /themes-nivo/default/default.css HTTP/1.0" 200 264 "-" "Mozilla/5.0 AppleWebKit/537.36 (KHTML, like Gecko; compatible; bingbot/2.0; +http://www.bing.com/bingbot.htm) Chrome/116.0.1938.76 Safari/537.36"
40.77.167.27 - - [30/Jan/2024:16:13:52 +0100] "GET /nivo-slider.css HTTP/1.0" 200 248 "-" "Mozilla/5.0 AppleWebKit/537.36 (KHTML, like Gecko; compatible; bingbot/2.0; +http://www.bing.com/bingbot.htm) Chrome/116.0.1938.76 Safari/537.36"
40.77.167.27 - - [30/Jan/2024:16:13:52 +0100] "GET /script.js HTTP/1.0" 200 249 "-" "Mozilla/5.0 AppleWebKit/537.36 (KHTML, like Gecko; compatible; bingbot/2.0; +http://www.bing.com/bingbot.htm) Chrome/116.0.1938.76 Safari/537.36"
40.77.167.27 - - [30/Jan/2024:16:13:52 +0100] "GET /themes-nivo/bar/bar.css HTTP/1.0" 200 256 "-" "Mozilla/5.0 AppleWebKit/537.36 (KHTML, like Gecko; compatible; bingbot/2.0; +http://www.bing.com/bingbot.htm) Chrome/116.0.1938.76 Safari/537.36"
40.77.167.27 - - [30/Jan/2024:16:13:52 +0100] "GET /style.responsive.css HTTP/1.0" 200 253 "-" "Mozilla/5.0 AppleWebKit/537.36 (KHTML, like Gecko; compatible; bingbot/2.0; +http://www.bing.com/bingbot.htm) Chrome/116.0.1938.76 Safari/537.36"
40.77.167.27 - - [30/Jan/2024:16:13:53 +0100] "GET /themes-nivo/dark/dark.css HTTP/1.0" 200 258 "-" "Mozilla/5.0 AppleWebKit/537.36 (KHTML, like Gecko; compatible; bingbot/2.0; +http://www.bing.com/bingbot.htm) Chrome/116.0.1938.76 Safari/537.36"
52.167.144.216 - - [30/Jan/2024:16:13:56 +0100] "GET /cookieconsentbar/cookieconsentbar.js HTTP/1.0" 200 276 "-" "Mozilla/5.0 AppleWebKit/537.36 (KHTML, like Gecko; compatible; bingbot/2.0; +http://www.bing.com/bingbot.htm) Chrome/116.0.1938.76 Safari/537.36"
52.167.144.216 - - [30/Jan/2024:16:13:56 +0100] "GET /font-awesome-4.0.3/css/font-awesome.css HTTP/1.0" 200 272 "-" "Mozilla/5.0 AppleWebKit/537.36 (KHTML, like Gecko; compatible; bingbot/2.0; +http://www.bing.com/bingbot.htm) Chrome/116.0.1938.76 Safari/537.36"
52.167.144.216 - - [30/Jan/2024:16:13:57 +0100] "GET /script.responsive.js HTTP/1.0" 200 260 "-" "Mozilla/5.0 AppleWebKit/537.36 (KHTML, like Gecko; compatible; bingbot/2.0; +http://www.bing.com/bingbot.htm) Chrome/116.0.1938.76 Safari/537.36"
52.167.144.216 - - [30/Jan/2024:16:13:57 +0100] "GET /themes-nivo/light/light.css HTTP/1.0" 200 260 "-" "Mozilla/5.0 AppleWebKit/537.36 (KHTML, like Gecko; compatible; bingbot/2.0; +http://www.bing.com/bingbot.htm) Chrome/116.0.1938.76 Safari/537.36"
69.162.124.230 - - [30/Jan/2024:16:16:50 +0100] "HEAD / HTTP/1.0" 200 383 "http://www.reflexpro.fr" "Mozilla/5.0+(compatible; UptimeRobot/2.0; http://www.uptimerobot.com/)"
90.108.208.79 - - [30/Jan/2024:16:18:00 +0100] "GET /starblitz-ts90-p-1605.html HTTP/1.0" 200 28201 "https://www.google.com/" "Mozilla/5.0 (Macintosh; Intel Mac OS X 10_15_7) AppleWebKit/537.36 (KHTML, like Gecko) Chrome/120.0.0.0 Safari/537.36"
90.108.208.79 - - [30/Jan/2024:16:18:01 +0100] "GET /style.css HTTP/1.0" 200 242 "http://www.reflexpro.fr/starblitz-ts90-p-1605.html" "Mozilla/5.0 (Macintosh; Intel Mac OS X 10_15_7) AppleWebKit/537.36 (KHTML, like Gecko) Chrome/120.0.0.0 Safari/537.36"
90.108.208.79 - - [30/Jan/2024:16:18:01 +0100] "GET /style.responsive.css HTTP/1.0" 200 253 "http://www.reflexpro.fr/starblitz-ts90-p-1605.html" "Mozilla/5.0 (Macintosh; Intel Mac OS X 10_15_7) AppleWebKit/537.36 (KHTML, like Gecko) Chrome/120.0.0.0 Safari/537.36"
90.108.208.79 - - [30/Jan/2024:16:18:01 +0100] "GET /templates/Pixame_v1/stylesheet.css HTTP/1.0" 200 267 "http://www.reflexpro.fr/starblitz-ts90-p-1605.html" "Mozilla/5.0 (Macintosh; Intel Mac OS X 10_15_7) AppleWebKit/537.36 (KHTML, like Gecko) Chrome/120.0.0.0 Safari/537.36"
90.108.208.79 - - [30/Jan/2024:16:18:01 +0100] "GET /font-awesome-4.0.3/css/font-awesome.css HTTP/1.0" 200 272 "http://www.reflexpro.fr/starblitz-ts90-p-1605.html" "Mozilla/5.0 (Macintosh; Intel Mac OS X 10_15_7) AppleWebKit/537.36 (KHTML, like Gecko) Chrome/120.0.0.0 Safari/537.36"
90.108.208.79 - - [30/Jan/2024:16:18:01 +0100] "GET /themes-nivo/default/default.css HTTP/1.0" 200 264 "http://www.reflexpro.fr/starblitz-ts90-p-1605.html" "Mozilla/5.0 (Macintosh; Intel Mac OS X 10_15_7) AppleWebKit/537.36 (KHTML, like Gecko) Chrome/120.0.0.0 Safari/537.36"
90.108.208.79 - - [30/Jan/2024:16:18:01 +0100] "GET /themes-nivo/light/light.css HTTP/1.0" 200 260 "http://www.reflexpro.fr/starblitz-ts90-p-1605.html" "Mozilla/5.0 (Macintosh; Intel Mac OS X 10_15_7) AppleWebKit/537.36 (KHTML, like Gecko) Chrome/120.0.0.0 Safari/537.36"
90.108.208.79 - - [30/Jan/2024:16:18:01 +0100] "GET /themes-nivo/dark/dark.css HTTP/1.0" 200 258 "http://www.reflexpro.fr/starblitz-ts90-p-1605.html" "Mozilla/5.0 (Macintosh; Intel Mac OS X 10_15_7) AppleWebKit/537.36 (KHTML, like Gecko) Chrome/120.0.0.0 Safari/537.36"
90.108.208.79 - - [30/Jan/2024:16:18:01 +0100] "GET /themes-nivo/bar/bar.css HTTP/1.0" 200 256 "http://www.reflexpro.fr/starblitz-ts90-p-1605.html" "Mozilla/5.0 (Macintosh; Intel Mac OS X 10_15_7) AppleWebKit/537.36 (KHTML, like Gecko) Chrome/120.0.0.0 Safari/537.36"
90.108.208.79 - - [30/Jan/2024:16:18:01 +0100] "GET /nivo-slider.css HTTP/1.0" 200 248 "http://www.reflexpro.fr/starblitz-ts90-p-1605.html" "Mozilla/5.0 (Macintosh; Intel Mac OS X 10_15_7) AppleWebKit/537.36 (KHTML, like Gecko) Chrome/120.0.0.0 Safari/537.36"
90.108.208.79 - - [30/Jan/2024:16:18:01 +0100] "GET /cookieconsentbar/cookieconsentbar.css HTTP/1.0" 200 270 "http://www.reflexpro.fr/starblitz-ts90-p-1605.html" "Mozilla/5.0 (Macintosh; Intel Mac OS X 10_15_7) AppleWebKit/537.36 (KHTML, like Gecko) Chrome/120.0.0.0 Safari/537.36"
90.108.208.79 - - [30/Jan/2024:16:18:01 +0100] "GET /highslide/highslide.js HTTP/1.0" 200 262 "http://www.reflexpro.fr/starblitz-ts90-p-1605.html" "Mozilla/5.0 (Macintosh; Intel Mac OS X 10_15_7) AppleWebKit/537.36 (KHTML, like Gecko) Chrome/120.0.0.0 Safari/537.36"
90.108.208.79 - - [30/Jan/2024:16:18:01 +0100] "GET /jquery.js HTTP/1.0" 200 249 "http://www.reflexpro.fr/starblitz-ts90-p-1605.html" "Mozilla/5.0 (Macintosh; Intel Mac OS X 10_15_7) AppleWebKit/537.36 (KHTML, like Gecko) Chrome/120.0.0.0 Safari/537.36"
90.108.208.79 - - [30/Jan/2024:16:18:01 +0100] "GET /script.js HTTP/1.0" 200 249 "http://www.reflexpro.fr/starblitz-ts90-p-1605.html" "Mozilla/5.0 (Macintosh; Intel Mac OS X 10_15_7) AppleWebKit/537.36 (KHTML, like Gecko) Chrome/120.0.0.0 Safari/537.36"
90.108.208.79 - - [30/Jan/2024:16:18:01 +0100] "GET /jquery-1.9.0.min.js HTTP/1.0" 200 259 "http://www.reflexpro.fr/starblitz-ts90-p-1605.html" "Mozilla/5.0 (Macintosh; Intel Mac OS X 10_15_7) AppleWebKit/537.36 (KHTML, like Gecko) Chrome/120.0.0.0 Safari/537.36"
90.108.208.79 - - [30/Jan/2024:16:18:01 +0100] "GET /script.responsive.js HTTP/1.0" 200 260 "http://www.reflexpro.fr/starblitz-ts90-p-1605.html" "Mozilla/5.0 (Macintosh; Intel Mac OS X 10_15_7) AppleWebKit/537.36 (KHTML, like Gecko) Chrome/120.0.0.0 Safari/537.36"
90.108.208.79 - - [30/Jan/2024:16:18:01 +0100] "GET /jquery.nivo.slider.js HTTP/1.0" 200 261 "http://www.reflexpro.fr/starblitz-ts90-p-1605.html" "Mozilla/5.0 (Macintosh; Intel Mac OS X 10_15_7) AppleWebKit/537.36 (KHTML, like Gecko) Chrome/120.0.0.0 Safari/537.36"
90.108.208.79 - - [30/Jan/2024:16:18:01 +0100] "GET /cookieconsentbar/cookieconsentbar.js HTTP/1.0" 200 276 "http://www.reflexpro.fr/starblitz-ts90-p-1605.html" "Mozilla/5.0 (Macintosh; Intel Mac OS X 10_15_7) AppleWebKit/537.36 (KHTML, like Gecko) Chrome/120.0.0.0 Safari/537.36"
90.108.208.79 - - [30/Jan/2024:16:18:01 +0100] "GET /images/logo-2130545471.png HTTP/1.0" 200 260 "http://www.reflexpro.fr/starblitz-ts90-p-1605.html" "Mozilla/5.0 (Macintosh; Intel Mac OS X 10_15_7) AppleWebKit/537.36 (KHTML, like Gecko) Chrome/120.0.0.0 Safari/537.36"
90.108.208.79 - - [30/Jan/2024:16:18:01 +0100] "GET /img-site/home3.png HTTP/1.0" 200 252 "http://www.reflexpro.fr/starblitz-ts90-p-1605.html" "Mozilla/5.0 (Macintosh; Intel Mac OS X 10_15_7) AppleWebKit/537.36 (KHTML, like Gecko) Chrome/120.0.0.0 Safari/537.36"
90.108.208.79 - - [30/Jan/2024:16:18:01 +0100] "GET /images/starblitz%20ts90.jpg HTTP/1.0" 200 260 "http://www.reflexpro.fr/starblitz-ts90-p-1605.html" "Mozilla/5.0 (Macintosh; Intel Mac OS X 10_15_7) AppleWebKit/537.36 (KHTML, like Gecko) Chrome/120.0.0.0 Safari/537.36"
90.108.208.79 - - [30/Jan/2024:16:18:01 +0100] "GET /images/ecotaxe_on.jpg HTTP/1.0" 200 256 "http://www.reflexpro.fr/starblitz-ts90-p-1605.html" "Mozilla/5.0 (Macintosh; Intel Mac OS X 10_15_7) AppleWebKit/537.36 (KHTML, like Gecko) Chrome/120.0.0.0 Safari/537.36"
90.108.208.79 - - [30/Jan/2024:16:18:01 +0100] "GET /images/pixel_trans.gif HTTP/1.0" 200 328 "http://www.reflexpro.fr/starblitz-ts90-p-1605.html" "Mozilla/5.0 (Macintosh; Intel Mac OS X 10_15_7) AppleWebKit/537.36 (KHTML, like Gecko) Chrome/120.0.0.0 Safari/537.36"
90.108.208.79 - - [30/Jan/2024:16:18:01 +0100] "GET /images/pixel_orange.gif HTTP/1.0" 200 328 "http://www.reflexpro.fr/starblitz-ts90-p-1605.html" "Mozilla/5.0 (Macintosh; Intel Mac OS X 10_15_7) AppleWebKit/537.36 (KHTML, like Gecko) Chrome/120.0.0.0 Safari/537.36"
90.108.208.79 - - [30/Jan/2024:16:18:01 +0100] "GET /images/icon_paiement.jpg HTTP/1.0" 200 259 "http://www.reflexpro.fr/starblitz-ts90-p-1605.html" "Mozilla/5.0 (Macintosh; Intel Mac OS X 10_15_7) AppleWebKit/537.36 (KHTML, like Gecko) Chrome/120.0.0.0 Safari/537.36"
90.108.208.79 - - [30/Jan/2024:16:18:01 +0100] "GET /images/icon_tel.jpg HTTP/1.0" 200 254 "http://www.reflexpro.fr/starblitz-ts90-p-1605.html" "Mozilla/5.0 (Macintosh; Intel Mac OS X 10_15_7) AppleWebKit/537.36 (KHTML, like Gecko) Chrome/120.0.0.0 Safari/537.36"
90.108.208.79 - - [30/Jan/2024:16:18:01 +0100] "GET /images/qui-sommes-nous.jpg HTTP/1.0" 200 261 "http://www.reflexpro.fr/starblitz-ts90-p-1605.html" "Mozilla/5.0 (Macintosh; Intel Mac OS X 10_15_7) AppleWebKit/537.36 (KHTML, like Gecko) Chrome/120.0.0.0 Safari/537.36"
90.108.208.79 - - [30/Jan/2024:16:18:01 +0100] "GET /images/icone_contacter.jpg HTTP/1.0" 200 261 "http://www.reflexpro.fr/starblitz-ts90-p-1605.html" "Mozilla/5.0 (Macintosh; Intel Mac OS X 10_15_7) AppleWebKit/537.36 (KHTML, like Gecko) Chrome/120.0.0.0 Safari/537.36"
90.108.208.79 - - [30/Jan/2024:16:18:01 +0100] "GET /images/page.jpeg HTTP/1.0" 200 251 "http://www.reflexpro.fr/style.css" "Mozilla/5.0 (Macintosh; Intel Mac OS X 10_15_7) AppleWebKit/537.36 (KHTML, like Gecko) Chrome/120.0.0.0 Safari/537.36"
90.108.208.79 - - [30/Jan/2024:16:18:01 +0100] "GET /images/header.png HTTP/1.0" 200 251 "http://www.reflexpro.fr/style.css" "Mozilla/5.0 (Macintosh; Intel Mac OS X 10_15_7) AppleWebKit/537.36 (KHTML, like Gecko) Chrome/120.0.0.0 Safari/537.36"
90.108.208.79 - - [30/Jan/2024:16:18:01 +0100] "GET /images/object227400126.png HTTP/1.0" 200 515 "http://www.reflexpro.fr/style.css" "Mozilla/5.0 (Macintosh; Intel Mac OS X 10_15_7) AppleWebKit/537.36 (KHTML, like Gecko) Chrome/120.0.0.0 Safari/537.36"
90.108.208.79 - - [30/Jan/2024:16:18:01 +0100] "GET /images/searchicon.png HTTP/1.0" 200 664 "http://www.reflexpro.fr/style.css" "Mozilla/5.0 (Macintosh; Intel Mac OS X 10_15_7) AppleWebKit/537.36 (KHTML, like Gecko) Chrome/120.0.0.0 Safari/537.36"
90.108.208.79 - - [30/Jan/2024:16:18:01 +0100] "GET /images/spacer.gif HTTP/1.0" 200 328 "http://www.reflexpro.fr/style.css" "Mozilla/5.0 (Macintosh; Intel Mac OS X 10_15_7) AppleWebKit/537.36 (KHTML, like Gecko) Chrome/120.0.0.0 Safari/537.36"
90.108.208.79 - - [30/Jan/2024:16:18:01 +0100] "GET /images/menuseparator.png HTTP/1.0" 200 487 "http://www.reflexpro.fr/style.css" "Mozilla/5.0 (Macintosh; Intel Mac OS X 10_15_7) AppleWebKit/537.36 (KHTML, like Gecko) Chrome/120.0.0.0 Safari/537.36"
90.108.208.79 - - [30/Jan/2024:16:18:01 +0100] "GET /images/footerbullets.png HTTP/1.0" 200 503 "http://www.reflexpro.fr/style.css" "Mozilla/5.0 (Macintosh; Intel Mac OS X 10_15_7) AppleWebKit/537.36 (KHTML, like Gecko) Chrome/120.0.0.0 Safari/537.36"
90.108.208.79 - - [30/Jan/2024:16:18:02 +0100] "GET /highslide/graphics/outlines/drop-shadow.png HTTP/1.0" 200 277 "http://www.reflexpro.fr/starblitz-ts90-p-1605.html" "Mozilla/5.0 (Macintosh; Intel Mac OS X 10_15_7) AppleWebKit/537.36 (KHTML, like Gecko) Chrome/120.0.0.0 Safari/537.36"
90.108.208.79 - - [30/Jan/2024:16:18:02 +0100] "GET /highslide/graphics/zoomout.cur HTTP/1.0" 200 614 "http://www.reflexpro.fr/starblitz-ts90-p-1605.html" "Mozilla/5.0 (Macintosh; Intel Mac OS X 10_15_7) AppleWebKit/537.36 (KHTML, like Gecko) Chrome/120.0.0.0 Safari/537.36"
90.108.208.79 - - [30/Jan/2024:16:18:02 +0100] "GET /highslide/graphics/loader.white.gif HTTP/1.0" 200 960 "http://www.reflexpro.fr/templates/Pixame_v1/stylesheet.css" "Mozilla/5.0 (Macintosh; Intel Mac OS X 10_15_7) AppleWebKit/537.36 (KHTML, like Gecko) Chrome/120.0.0.0 Safari/537.36"
90.108.208.79 - - [30/Jan/2024:16:18:02 +0100] "GET /favicon.ico HTTP/1.0" 200 260 "http://www.reflexpro.fr/starblitz-ts90-p-1605.html" "Mozilla/5.0 (Macintosh; Intel Mac OS X 10_15_7) AppleWebKit/537.36 (KHTML, like Gecko) Chrome/120.0.0.0 Safari/537.36"
69.162.124.230 - - [30/Jan/2024:16:21:50 +0100] "HEAD / HTTP/1.0" 200 383 "http://www.reflexpro.fr" "Mozilla/5.0+(compatible; UptimeRobot/2.0; http://www.uptimerobot.com/)"
66.249.66.22 - - [30/Jan/2024:16:23:17 +0100] "GET /accessoires/logiciels/nikon-capture-logiciel-dedition-dimages-p-1786.html HTTP/1.0" 301 29476 "-" "Mozilla/5.0 (Linux; Android 6.0.1; Nexus 5X Build/MMB29P) AppleWebKit/537.36 (KHTML, like Gecko) Chrome/121.0.6167.85 Mobile Safari/537.36 (compatible; Googlebot/2.1; +http://www.google.com/bot.html)"
66.249.66.23 - - [30/Jan/2024:16:23:18 +0100] "GET /leica-q2-p-2680.html HTTP/1.0" 200 33735 "-" "Mozilla/5.0 (Linux; Android 6.0.1; Nexus 5X Build/MMB29P) AppleWebKit/537.36 (KHTML, like Gecko) Chrome/121.0.6167.85 Mobile Safari/537.36 (compatible; Googlebot/2.1; +http://www.google.com/bot.html)"
66.249.66.23 - - [30/Jan/2024:16:23:19 +0100] "GET /nikon-capture-nx-logiciel-edition-images-p-1786.html HTTP/1.0" 200 29373 "-" "Mozilla/5.0 (Linux; Android 6.0.1; Nexus 5X Build/MMB29P) AppleWebKit/537.36 (KHTML, like Gecko) Chrome/121.0.6167.85 Mobile Safari/537.36 (compatible; Googlebot/2.1; +http://www.google.com/bot.html)"
66.249.66.22 - - [30/Jan/2024:16:25:49 +0100] "GET / HTTP/1.0" 200 35969 "-" "Mozilla/5.0 (compatible; Googlebot/2.1; +http://www.google.com/bot.html)"
69.162.124.230 - - [30/Jan/2024:16:26:50 +0100] "HEAD / HTTP/1.0" 200 383 "http://www.reflexpro.fr" "Mozilla/5.0+(compatible; UptimeRobot/2.0; http://www.uptimerobot.com/)"
52.70.240.171 - - [30/Jan/2024:16:28:37 +0100] "GET /robots.txt HTTP/1.0" 200 245 "-" "Mozilla/5.0 (Macintosh; Intel Mac OS X 10_10_1) AppleWebKit/600.2.5 (KHTML, like Gecko) Version/8.0.2 Safari/600.2.5 (Amazonbot/0.1; +https://developer.amazon.com/support/amazonbot)"
23.22.35.162 - - [30/Jan/2024:16:28:39 +0100] "GET /images/canon-eos-r10-18-45.jpg HTTP/1.0" 200 265 "-" "Mozilla/5.0 (Macintosh; Intel Mac OS X 10_10_1) AppleWebKit/600.2.5 (KHTML, like Gecko) Version/8.0.2 Safari/600.2.5 (Amazonbot/0.1; +https://developer.amazon.com/support/amazonbot)"
54.36.148.243 - - [30/Jan/2024:16:29:34 +0100] "GET /enceintes-haute-fidelite-c-291.html?page=3 HTTP/1.0" 301 24390 "-" "Mozilla/5.0 (compatible; AhrefsBot/7.0; +http://ahrefs.com/robot/)"
69.162.124.230 - - [30/Jan/2024:16:31:50 +0100] "HEAD / HTTP/1.0" 200 383 "http://www.reflexpro.fr" "Mozilla/5.0+(compatible; UptimeRobot/2.0; http://www.uptimerobot.com/)"
66.249.66.22 - - [30/Jan/2024:16:32:14 +0100] "GET /leica-cl-boitier-noir-zoom-18-56-19305-p-2484.html HTTP/1.0" 200 34051 "-" "Mozilla/5.0 (Linux; Android 6.0.1; Nexus 5X Build/MMB29P) AppleWebKit/537.36 (KHTML, like Gecko) Chrome/121.0.6167.85 Mobile Safari/537.36 (compatible; Googlebot/2.1; +http://www.google.com/bot.html)"
66.249.66.21 - - [30/Jan/2024:16:32:37 +0100] "GET /leica-cl-boitier-noir-zoom-18-56-19305-p-2484.html HTTP/1.0" 200 34051 "-" "Mozilla/5.0 (compatible; Googlebot/2.1; +http://www.google.com/bot.html)"
66.249.66.22 - - [30/Jan/2024:16:36:09 +0100] "GET /pied-branch-blanc-pour-phantom-gold-silver-white-devialet-p-2179.html HTTP/1.0" 200 32198 "-" "Mozilla/5.0 (Linux; Android 6.0.1; Nexus 5X Build/MMB29P) AppleWebKit/537.36 (KHTML, like Gecko) Chrome/121.0.6167.85 Mobile Safari/537.36 (compatible; Googlebot/2.1; +http://www.google.com/bot.html)"
69.162.124.230 - - [30/Jan/2024:16:36:50 +0100] "HEAD / HTTP/1.0" 200 383 "http://www.reflexpro.fr" "Mozilla/5.0+(compatible; UptimeRobot/2.0; http://www.uptimerobot.com/)"
92.184.117.119 - - [30/Jan/2024:16:38:59 +0100] "GET /manfrotto-trepied-video-535-aq-rotule-mvh500-p-1702.html HTTP/1.0" 200 30648 "https://www.google.com/" "Mozilla/5.0 (Linux; Android 10; K) AppleWebKit/537.36 (KHTML, like Gecko) Chrome/120.0.0.0 Mobile Safari/537.36"
92.184.117.119 - - [30/Jan/2024:16:38:59 +0100] "GET /style.css HTTP/1.0" 200 242 "http://www.reflexpro.fr/manfrotto-trepied-video-535-aq-rotule-mvh500-p-1702.html" "Mozilla/5.0 (Linux; Android 10; K) AppleWebKit/537.36 (KHTML, like Gecko) Chrome/120.0.0.0 Mobile Safari/537.36"
92.184.117.119 - - [30/Jan/2024:16:38:59 +0100] "GET /style.responsive.css HTTP/1.0" 200 253 "http://www.reflexpro.fr/manfrotto-trepied-video-535-aq-rotule-mvh500-p-1702.html" "Mozilla/5.0 (Linux; Android 10; K) AppleWebKit/537.36 (KHTML, like Gecko) Chrome/120.0.0.0 Mobile Safari/537.36"
92.184.117.119 - - [30/Jan/2024:16:38:59 +0100] "GET /templates/Pixame_v1/stylesheet.css HTTP/1.0" 200 267 "http://www.reflexpro.fr/manfrotto-trepied-video-535-aq-rotule-mvh500-p-1702.html" "Mozilla/5.0 (Linux; Android 10; K) AppleWebKit/537.36 (KHTML, like Gecko) Chrome/120.0.0.0 Mobile Safari/537.36"
92.184.117.119 - - [30/Jan/2024:16:38:59 +0100] "GET /font-awesome-4.0.3/css/font-awesome.css HTTP/1.0" 200 272 "http://www.reflexpro.fr/manfrotto-trepied-video-535-aq-rotule-mvh500-p-1702.html" "Mozilla/5.0 (Linux; Android 10; K) AppleWebKit/537.36 (KHTML, like Gecko) Chrome/120.0.0.0 Mobile Safari/537.36"
92.184.117.119 - - [30/Jan/2024:16:38:59 +0100] "GET /themes-nivo/light/light.css HTTP/1.0" 200 260 "http://www.reflexpro.fr/manfrotto-trepied-video-535-aq-rotule-mvh500-p-1702.html" "Mozilla/5.0 (Linux; Android 10; K) AppleWebKit/537.36 (KHTML, like Gecko) Chrome/120.0.0.0 Mobile Safari/537.36"
92.184.117.119 - - [30/Jan/2024:16:38:59 +0100] "GET /themes-nivo/default/default.css HTTP/1.0" 200 264 "http://www.reflexpro.fr/manfrotto-trepied-video-535-aq-rotule-mvh500-p-1702.html" "Mozilla/5.0 (Linux; Android 10; K) AppleWebKit/537.36 (KHTML, like Gecko) Chrome/120.0.0.0 Mobile Safari/537.36"
92.184.117.119 - - [30/Jan/2024:16:38:59 +0100] "GET /themes-nivo/bar/bar.css HTTP/1.0" 200 256 "http://www.reflexpro.fr/manfrotto-trepied-video-535-aq-rotule-mvh500-p-1702.html" "Mozilla/5.0 (Linux; Android 10; K) AppleWebKit/537.36 (KHTML, like Gecko) Chrome/120.0.0.0 Mobile Safari/537.36"
92.184.117.119 - - [30/Jan/2024:16:38:59 +0100] "GET /themes-nivo/dark/dark.css HTTP/1.0" 200 258 "http://www.reflexpro.fr/manfrotto-trepied-video-535-aq-rotule-mvh500-p-1702.html" "Mozilla/5.0 (Linux; Android 10; K) AppleWebKit/537.36 (KHTML, like Gecko) Chrome/120.0.0.0 Mobile Safari/537.36"
92.184.117.119 - - [30/Jan/2024:16:38:59 +0100] "GET /nivo-slider.css HTTP/1.0" 200 248 "http://www.reflexpro.fr/manfrotto-trepied-video-535-aq-rotule-mvh500-p-1702.html" "Mozilla/5.0 (Linux; Android 10; K) AppleWebKit/537.36 (KHTML, like Gecko) Chrome/120.0.0.0 Mobile Safari/537.36"
92.184.117.119 - - [30/Jan/2024:16:38:59 +0100] "GET /cookieconsentbar/cookieconsentbar.css HTTP/1.0" 200 270 "http://www.reflexpro.fr/manfrotto-trepied-video-535-aq-rotule-mvh500-p-1702.html" "Mozilla/5.0 (Linux; Android 10; K) AppleWebKit/537.36 (KHTML, like Gecko) Chrome/120.0.0.0 Mobile Safari/537.36"
92.184.117.119 - - [30/Jan/2024:16:38:59 +0100] "GET /jquery.js HTTP/1.0" 200 249 "http://www.reflexpro.fr/manfrotto-trepied-video-535-aq-rotule-mvh500-p-1702.html" "Mozilla/5.0 (Linux; Android 10; K) AppleWebKit/537.36 (KHTML, like Gecko) Chrome/120.0.0.0 Mobile Safari/537.36"
92.184.117.119 - - [30/Jan/2024:16:38:59 +0100] "GET /highslide/highslide.js HTTP/1.0" 200 262 "http://www.reflexpro.fr/manfrotto-trepied-video-535-aq-rotule-mvh500-p-1702.html" "Mozilla/5.0 (Linux; Android 10; K) AppleWebKit/537.36 (KHTML, like Gecko) Chrome/120.0.0.0 Mobile Safari/537.36"
92.184.117.119 - - [30/Jan/2024:16:38:59 +0100] "GET /script.js HTTP/1.0" 200 249 "http://www.reflexpro.fr/manfrotto-trepied-video-535-aq-rotule-mvh500-p-1702.html" "Mozilla/5.0 (Linux; Android 10; K) AppleWebKit/537.36 (KHTML, like Gecko) Chrome/120.0.0.0 Mobile Safari/537.36"
92.184.117.119 - - [30/Jan/2024:16:38:59 +0100] "GET /script.responsive.js HTTP/1.0" 200 260 "http://www.reflexpro.fr/manfrotto-trepied-video-535-aq-rotule-mvh500-p-1702.html" "Mozilla/5.0 (Linux; Android 10; K) AppleWebKit/537.36 (KHTML, like Gecko) Chrome/120.0.0.0 Mobile Safari/537.36"
92.184.117.119 - - [30/Jan/2024:16:38:59 +0100] "GET /jquery.nivo.slider.js HTTP/1.0" 200 261 "http://www.reflexpro.fr/manfrotto-trepied-video-535-aq-rotule-mvh500-p-1702.html" "Mozilla/5.0 (Linux; Android 10; K) AppleWebKit/537.36 (KHTML, like Gecko) Chrome/120.0.0.0 Mobile Safari/537.36"
92.184.117.119 - - [30/Jan/2024:16:38:59 +0100] "GET /jquery-1.9.0.min.js HTTP/1.0" 200 259 "http://www.reflexpro.fr/manfrotto-trepied-video-535-aq-rotule-mvh500-p-1702.html" "Mozilla/5.0 (Linux; Android 10; K) AppleWebKit/537.36 (KHTML, like Gecko) Chrome/120.0.0.0 Mobile Safari/537.36"
92.184.117.119 - - [30/Jan/2024:16:39:00 +0100] "GET /cookieconsentbar/cookieconsentbar.js HTTP/1.0" 200 276 "http://www.reflexpro.fr/manfrotto-trepied-video-535-aq-rotule-mvh500-p-1702.html" "Mozilla/5.0 (Linux; Android 10; K) AppleWebKit/537.36 (KHTML, like Gecko) Chrome/120.0.0.0 Mobile Safari/537.36"
92.184.117.119 - - [30/Jan/2024:16:39:00 +0100] "GET /images/logo-2130545471.png HTTP/1.0" 200 260 "http://www.reflexpro.fr/manfrotto-trepied-video-535-aq-rotule-mvh500-p-1702.html" "Mozilla/5.0 (Linux; Android 10; K) AppleWebKit/537.36 (KHTML, like Gecko) Chrome/120.0.0.0 Mobile Safari/537.36"
92.184.117.119 - - [30/Jan/2024:16:39:00 +0100] "GET /img-site/home3.png HTTP/1.0" 200 252 "http://www.reflexpro.fr/manfrotto-trepied-video-535-aq-rotule-mvh500-p-1702.html" "Mozilla/5.0 (Linux; Android 10; K) AppleWebKit/537.36 (KHTML, like Gecko) Chrome/120.0.0.0 Mobile Safari/537.36"
92.184.117.119 - - [30/Jan/2024:16:39:00 +0100] "GET /images/Manfrotto500aq.jpg HTTP/1.0" 200 260 "http://www.reflexpro.fr/manfrotto-trepied-video-535-aq-rotule-mvh500-p-1702.html" "Mozilla/5.0 (Linux; Android 10; K) AppleWebKit/537.36 (KHTML, like Gecko) Chrome/120.0.0.0 Mobile Safari/537.36"
92.184.117.119 - - [30/Jan/2024:16:39:00 +0100] "GET /images/ecotaxe_on.jpg HTTP/1.0" 200 256 "http://www.reflexpro.fr/manfrotto-trepied-video-535-aq-rotule-mvh500-p-1702.html" "Mozilla/5.0 (Linux; Android 10; K) AppleWebKit/537.36 (KHTML, like Gecko) Chrome/120.0.0.0 Mobile Safari/537.36"
92.184.117.119 - - [30/Jan/2024:16:39:00 +0100] "GET /images/pixel_trans.gif HTTP/1.0" 200 328 "http://www.reflexpro.fr/manfrotto-trepied-video-535-aq-rotule-mvh500-p-1702.html" "Mozilla/5.0 (Linux; Android 10; K) AppleWebKit/537.36 (KHTML, like Gecko) Chrome/120.0.0.0 Mobile Safari/537.36"
92.184.117.119 - - [30/Jan/2024:16:39:00 +0100] "GET /images/icon_tel.jpg HTTP/1.0" 200 254 "http://www.reflexpro.fr/manfrotto-trepied-video-535-aq-rotule-mvh500-p-1702.html" "Mozilla/5.0 (Linux; Android 10; K) AppleWebKit/537.36 (KHTML, like Gecko) Chrome/120.0.0.0 Mobile Safari/537.36"
92.184.117.119 - - [30/Jan/2024:16:39:00 +0100] "GET /images/pixel_orange.gif HTTP/1.0" 200 328 "http://www.reflexpro.fr/manfrotto-trepied-video-535-aq-rotule-mvh500-p-1702.html" "Mozilla/5.0 (Linux; Android 10; K) AppleWebKit/537.36 (KHTML, like Gecko) Chrome/120.0.0.0 Mobile Safari/537.36"
92.184.117.119 - - [30/Jan/2024:16:39:00 +0100] "GET /images/icon_paiement.jpg HTTP/1.0" 200 259 "http://www.reflexpro.fr/manfrotto-trepied-video-535-aq-rotule-mvh500-p-1702.html" "Mozilla/5.0 (Linux; Android 10; K) AppleWebKit/537.36 (KHTML, like Gecko) Chrome/120.0.0.0 Mobile Safari/537.36"
92.184.117.119 - - [30/Jan/2024:16:39:00 +0100] "GET /images/qui-sommes-nous.jpg HTTP/1.0" 200 261 "http://www.reflexpro.fr/manfrotto-trepied-video-535-aq-rotule-mvh500-p-1702.html" "Mozilla/5.0 (Linux; Android 10; K) AppleWebKit/537.36 (KHTML, like Gecko) Chrome/120.0.0.0 Mobile Safari/537.36"
92.184.117.119 - - [30/Jan/2024:16:39:00 +0100] "GET /images/icone_contacter.jpg HTTP/1.0" 200 261 "http://www.reflexpro.fr/manfrotto-trepied-video-535-aq-rotule-mvh500-p-1702.html" "Mozilla/5.0 (Linux; Android 10; K) AppleWebKit/537.36 (KHTML, like Gecko) Chrome/120.0.0.0 Mobile Safari/537.36"
92.184.117.119 - - [30/Jan/2024:16:39:00 +0100] "GET /images/page.jpeg HTTP/1.0" 200 251 "http://www.reflexpro.fr/style.css" "Mozilla/5.0 (Linux; Android 10; K) AppleWebKit/537.36 (KHTML, like Gecko) Chrome/120.0.0.0 Mobile Safari/537.36"
92.184.117.119 - - [30/Jan/2024:16:39:00 +0100] "GET /font-awesome-4.0.3/fonts/fontawesome-webfont.woff?v=4.0.3 HTTP/1.0" 200 284 "http://www.reflexpro.fr/font-awesome-4.0.3/css/font-awesome.css" "Mozilla/5.0 (Linux; Android 10; K) AppleWebKit/537.36 (KHTML, like Gecko) Chrome/120.0.0.0 Mobile Safari/537.36"
92.184.117.119 - - [30/Jan/2024:16:39:00 +0100] "GET /images/header.png HTTP/1.0" 200 251 "http://www.reflexpro.fr/style.css" "Mozilla/5.0 (Linux; Android 10; K) AppleWebKit/537.36 (KHTML, like Gecko) Chrome/120.0.0.0 Mobile Safari/537.36"
92.184.117.119 - - [30/Jan/2024:16:39:00 +0100] "GET /images/object227400126.png HTTP/1.0" 200 515 "http://www.reflexpro.fr/style.css" "Mozilla/5.0 (Linux; Android 10; K) AppleWebKit/537.36 (KHTML, like Gecko) Chrome/120.0.0.0 Mobile Safari/537.36"
92.184.117.119 - - [30/Jan/2024:16:39:00 +0100] "GET /images/searchicon.png HTTP/1.0" 200 664 "http://www.reflexpro.fr/style.css" "Mozilla/5.0 (Linux; Android 10; K) AppleWebKit/537.36 (KHTML, like Gecko) Chrome/120.0.0.0 Mobile Safari/537.36"
92.184.117.119 - - [30/Jan/2024:16:39:00 +0100] "GET /images/menuseparator.png HTTP/1.0" 200 487 "http://www.reflexpro.fr/style.css" "Mozilla/5.0 (Linux; Android 10; K) AppleWebKit/537.36 (KHTML, like Gecko) Chrome/120.0.0.0 Mobile Safari/537.36"
92.184.117.119 - - [30/Jan/2024:16:39:00 +0100] "GET /images/spacer.gif HTTP/1.0" 200 328 "http://www.reflexpro.fr/style.css" "Mozilla/5.0 (Linux; Android 10; K) AppleWebKit/537.36 (KHTML, like Gecko) Chrome/120.0.0.0 Mobile Safari/537.36"
92.184.117.119 - - [30/Jan/2024:16:39:00 +0100] "GET /images/footerbullets.png HTTP/1.0" 200 503 "http://www.reflexpro.fr/style.css" "Mozilla/5.0 (Linux; Android 10; K) AppleWebKit/537.36 (KHTML, like Gecko) Chrome/120.0.0.0 Mobile Safari/537.36"
92.184.117.119 - - [30/Jan/2024:16:39:00 +0100] "GET /highslide/graphics/outlines/drop-shadow.png HTTP/1.0" 200 277 "http://www.reflexpro.fr/manfrotto-trepied-video-535-aq-rotule-mvh500-p-1702.html" "Mozilla/5.0 (Linux; Android 10; K) AppleWebKit/537.36 (KHTML, like Gecko) Chrome/120.0.0.0 Mobile Safari/537.36"
92.184.117.119 - - [30/Jan/2024:16:39:00 +0100] "GET /highslide/graphics/zoomout.cur HTTP/1.0" 200 614 "http://www.reflexpro.fr/manfrotto-trepied-video-535-aq-rotule-mvh500-p-1702.html" "Mozilla/5.0 (Linux; Android 10; K) AppleWebKit/537.36 (KHTML, like Gecko) Chrome/120.0.0.0 Mobile Safari/537.36"
92.184.117.119 - - [30/Jan/2024:16:39:00 +0100] "GET /highslide/graphics/loader.white.gif HTTP/1.0" 200 960 "http://www.reflexpro.fr/templates/Pixame_v1/stylesheet.css" "Mozilla/5.0 (Linux; Android 10; K) AppleWebKit/537.36 (KHTML, like Gecko) Chrome/120.0.0.0 Mobile Safari/537.36"
92.184.117.119 - - [30/Jan/2024:16:39:00 +0100] "GET /favicon.ico HTTP/1.0" 200 260 "http://www.reflexpro.fr/manfrotto-trepied-video-535-aq-rotule-mvh500-p-1702.html" "Mozilla/5.0 (Linux; Android 10; K) AppleWebKit/537.36 (KHTML, like Gecko) Chrome/120.0.0.0 Mobile Safari/537.36"
69.162.124.230 - - [30/Jan/2024:16:41:50 +0100] "HEAD / HTTP/1.0" 200 383 "http://www.reflexpro.fr" "Mozilla/5.0+(compatible; UptimeRobot/2.0; http://www.uptimerobot.com/)"
66.249.66.21 - - [30/Jan/2024:16:43:52 +0100] "GET /manfrotto-trepied-video-535-aq-rotule-mvh500-p-1702.html HTTP/1.0" 200 30648 "-" "Mozilla/5.0 (Linux; Android 6.0.1; Nexus 5X Build/MMB29P) AppleWebKit/537.36 (KHTML, like Gecko) Chrome/121.0.6167.85 Mobile Safari/537.36 (compatible; Googlebot/2.1; +http://www.google.com/bot.html)"
216.244.66.233 - - [30/Jan/2024:16:45:42 +0100] "GET /robots.txt HTTP/1.0" 200 245 "-" "Mozilla/5.0 (compatible; DotBot/1.2; +https://opensiteexplorer.org/dotbot; help@moz.com)"
52.167.144.194 - - [30/Jan/2024:16:46:12 +0100] "GET /all_prodmanf.php HTTP/1.0" 200 159255 "-" "Mozilla/5.0 AppleWebKit/537.36 (KHTML, like Gecko; compatible; bingbot/2.0; +http://www.bing.com/bingbot.htm) Chrome/116.0.1938.76 Safari/537.36"
69.162.124.230 - - [30/Jan/2024:16:46:50 +0100] "HEAD / HTTP/1.0" 200 383 "http://www.reflexpro.fr" "Mozilla/5.0+(compatible; UptimeRobot/2.0; http://www.uptimerobot.com/)"
66.249.66.198 - - [30/Jan/2024:16:47:35 +0100] "GET / HTTP/1.0" 301 502 "-" "Mozilla/5.0 (compatible; Googlebot/2.1; +http://www.google.com/bot.html)"
66.249.66.22 - - [30/Jan/2024:16:47:36 +0100] "GET / HTTP/1.0" 200 35969 "-" "Mozilla/5.0 (compatible; Googlebot/2.1; +http://www.google.com/bot.html)"
66.249.66.21 - - [30/Jan/2024:16:49:00 +0100] "GET /ecran-iphone-noir-qualite-aaa-p-2441.html HTTP/1.0" 301 21988 "-" "Mozilla/5.0 (Linux; Android 6.0.1; Nexus 5X Build/MMB29P) AppleWebKit/537.36 (KHTML, like Gecko) Chrome/121.0.6167.85 Mobile Safari/537.36 (compatible; Googlebot/2.1; +http://www.google.com/bot.html)"
66.249.66.23 - - [30/Jan/2024:16:49:01 +0100] "GET /-p-2441.html HTTP/1.0" 200 21925 "-" "Mozilla/5.0 (Linux; Android 6.0.1; Nexus 5X Build/MMB29P) AppleWebKit/537.36 (KHTML, like Gecko) Chrome/121.0.6167.85 Mobile Safari/537.36 (compatible; Googlebot/2.1; +http://www.google.com/bot.html)"
92.184.117.247 - - [30/Jan/2024:16:52:58 +0100] "GET /manfrotto-trepied-video-535-aq-rotule-mvh500-p-1702.html HTTP/1.0" 200 30648 "https://www.google.com/" "Mozilla/5.0 (Linux; Android 10; K) AppleWebKit/537.36 (KHTML, like Gecko) Chrome/120.0.0.0 Mobile Safari/537.36"
52.167.144.24 - - [30/Jan/2024:16:53:13 +0100] "GET /sigma-50500-f456-hsm-monture-nikon-pr-1308.html HTTP/1.0" 302 464 "-" "Mozilla/5.0 AppleWebKit/537.36 (KHTML, like Gecko; compatible; bingbot/2.0; +http://www.bing.com/bingbot.htm) Chrome/116.0.1938.76 Safari/537.36"
66.249.66.21 - - [30/Jan/2024:16:54:48 +0100] "GET /sigma-300-800-f56-dg-apo-hsm-monture-nikon-p-1029.html HTTP/1.0" 200 29065 "-" "Mozilla/5.0 (Linux; Android 6.0.1; Nexus 5X Build/MMB29P) AppleWebKit/537.36 (KHTML, like Gecko) Chrome/121.0.6167.85 Mobile Safari/537.36 (compatible; Googlebot/2.1; +http://www.google.com/bot.html)"
66.249.66.22 - - [30/Jan/2024:16:54:49 +0100] "GET /sigma-300-800-f56-dg-apo-hsm-monture-nikon-p-1029.html HTTP/1.0" 200 29065 "-" "Mozilla/5.0 (compatible; Googlebot/2.1; +http://www.google.com/bot.html)"
54.36.148.27 - - [30/Jan/2024:16:57:17 +0100] "GET /fujifilm-t10-silver-xf-18-55-100e-de-remboursement-p-2035.html HTTP/1.0" 301 22060 "-" "Mozilla/5.0 (compatible; AhrefsBot/7.0; +http://ahrefs.com/robot/)"
90.52.149.78 - - [30/Jan/2024:16:59:14 +0100] "GET /olympus-omd-m5-mark-ii-noir-nu-p-2692.html HTTP/1.0" 200 36756 "https://www.google.fr/" "Mozilla/5.0 (Windows NT 10.0; Win64; x64) AppleWebKit/537.36 (KHTML, like Gecko) Chrome/121.0.0.0 Safari/537.36"
