92.184.98.97 - - [30/Jan/2024:11:04:05 +0100] "GET /themes-nivo/bar/bar.css HTTP/1.0" 200 256 "http://www.reflexpro.fr/sigma-800-f56-dg-ex-hsm-monture-canon-p-1338.html" "Mozilla/5.0 (Linux; Android 10; K) AppleWebKit/537.36 (KHTML, like Gecko) Chrome/121.0.0.0 Mobile Safari/537.36"
92.184.98.97 - - [30/Jan/2024:11:04:05 +0100] "GET /nivo-slider.css HTTP/1.0" 200 248 "http://www.reflexpro.fr/sigma-800-f56-dg-ex-hsm-monture-canon-p-1338.html" "Mozilla/5.0 (Linux; Android 10; K) AppleWebKit/537.36 (KHTML, like Gecko) Chrome/121.0.0.0 Mobile Safari/537.36"
92.184.98.97 - - [30/Jan/2024:11:04:05 +0100] "GET /cookieconsentbar/cookieconsentbar.css HTTP/1.0" 200 270 "http://www.reflexpro.fr/sigma-800-f56-dg-ex-hsm-monture-canon-p-1338.html" "Mozilla/5.0 (Linux; Android 10; K) AppleWebKit/537.36 (KHTML, like Gecko) Chrome/121.0.0.0 Mobile Safari/537.36"
92.184.98.97 - - [30/Jan/2024:11:04:05 +0100] "GET /jquery-1.9.0.min.js HTTP/1.0" 200 259 "http://www.reflexpro.fr/sigma-800-f56-dg-ex-hsm-monture-canon-p-1338.html" "Mozilla/5.0 (Linux; Android 10; K) AppleWebKit/537.36 (KHTML, like Gecko) Chrome/121.0.0.0 Mobile Safari/537.36"
92.184.98.97 - - [30/Jan/2024:11:04:05 +0100] "GET /jquery.nivo.slider.js HTTP/1.0" 200 261 "http://www.reflexpro.fr/sigma-800-f56-dg-ex-hsm-monture-canon-p-1338.html" "Mozilla/5.0 (Linux; Android 10; K) AppleWebKit/537.36 (KHTML, like Gecko) Chrome/121.0.0.0 Mobile Safari/537.36"
92.184.98.97 - - [30/Jan/2024:11:04:05 +0100] "GET /img-site/home3.png HTTP/1.0" 200 252 "http://www.reflexpro.fr/sigma-800-f56-dg-ex-hsm-monture-canon-p-1338.html" "Mozilla/5.0 (Linux; Android 10; K) AppleWebKit/537.36 (KHTML, like Gecko) Chrome/121.0.0.0 Mobile Safari/537.36"
92.184.98.97 - - [30/Jan/2024:11:04:05 +0100] "GET /images/logo-2130545471.png HTTP/1.0" 200 260 "http://www.reflexpro.fr/sigma-800-f56-dg-ex-hsm-monture-canon-p-1338.html" "Mozilla/5.0 (Linux; Android 10; K) AppleWebKit/537.36 (KHTML, like Gecko) Chrome/121.0.0.0 Mobile Safari/537.36"
92.184.98.97 - - [30/Jan/2024:11:04:05 +0100] "GET /cookieconsentbar/cookieconsentbar.js HTTP/1.0" 200 276 "http://www.reflexpro.fr/sigma-800-f56-dg-ex-hsm-monture-canon-p-1338.html" "Mozilla/5.0 (Linux; Android 10; K) AppleWebKit/537.36 (KHTML, like Gecko) Chrome/121.0.0.0 Mobile Safari/537.36"
92.184.98.97 - - [30/Jan/2024:11:04:05 +0100] "GET /images/800.jpg HTTP/1.0" 200 249 "http://www.reflexpro.fr/sigma-800-f56-dg-ex-hsm-monture-canon-p-1338.html" "Mozilla/5.0 (Linux; Android 10; K) AppleWebKit/537.36 (KHTML, like Gecko) Chrome/121.0.0.0 Mobile Safari/537.36"
92.184.98.97 - - [30/Jan/2024:11:04:05 +0100] "GET /images/ecotaxe_on.jpg HTTP/1.0" 200 256 "http://www.reflexpro.fr/sigma-800-f56-dg-ex-hsm-monture-canon-p-1338.html" "Mozilla/5.0 (Linux; Android 10; K) AppleWebKit/537.36 (KHTML, like Gecko) Chrome/121.0.0.0 Mobile Safari/537.36"
92.184.98.97 - - [30/Jan/2024:11:04:05 +0100] "GET /images/pixel_trans.gif HTTP/1.0" 200 328 "http://www.reflexpro.fr/sigma-800-f56-dg-ex-hsm-monture-canon-p-1338.html" "Mozilla/5.0 (Linux; Android 10; K) AppleWebKit/537.36 (KHTML, like Gecko) Chrome/121.0.0.0 Mobile Safari/537.36"
92.184.98.97 - - [30/Jan/2024:11:04:05 +0100] "GET /images/pixel_orange.gif HTTP/1.0" 200 328 "http://www.reflexpro.fr/sigma-800-f56-dg-ex-hsm-monture-canon-p-1338.html" "Mozilla/5.0 (Linux; Android 10; K) AppleWebKit/537.36 (KHTML, like Gecko) Chrome/121.0.0.0 Mobile Safari/537.36"
92.184.98.97 - - [30/Jan/2024:11:04:05 +0100] "GET /images/icon_paiement.jpg HTTP/1.0" 200 259 "http://www.reflexpro.fr/sigma-800-f56-dg-ex-hsm-monture-canon-p-1338.html" "Mozilla/5.0 (Linux; Android 10; K) AppleWebKit/537.36 (KHTML, like Gecko) Chrome/121.0.0.0 Mobile Safari/537.36"
92.184.98.97 - - [30/Jan/2024:11:04:05 +0100] "GET /images/icone_contacter.jpg HTTP/1.0" 200 261 "http://www.reflexpro.fr/sigma-800-f56-dg-ex-hsm-monture-canon-p-1338.html" "Mozilla/5.0 (Linux; Android 10; K) AppleWebKit/537.36 (KHTML, like Gecko) Chrome/121.0.0.0 Mobile Safari/537.36"
92.184.98.97 - - [30/Jan/2024:11:04:05 +0100] "GET /images/icon_tel.jpg HTTP/1.0" 200 254 "http://www.reflexpro.fr/sigma-800-f56-dg-ex-hsm-monture-canon-p-1338.html" "Mozilla/5.0 (Linux; Android 10; K) AppleWebKit/537.36 (KHTML, like Gecko) Chrome/121.0.0.0 Mobile Safari/537.36"
92.184.98.97 - - [30/Jan/2024:11:04:05 +0100] "GET /images/qui-sommes-nous.jpg HTTP/1.0" 200 261 "http://www.reflexpro.fr/sigma-800-f56-dg-ex-hsm-monture-canon-p-1338.html" "Mozilla/5.0 (Linux; Android 10; K) AppleWebKit/537.36 (KHTML, like Gecko) Chrome/121.0.0.0 Mobile Safari/537.36"
92.184.98.97 - - [30/Jan/2024:11:04:05 +0100] "GET /images/page.jpeg HTTP/1.0" 200 251 "http://www.reflexpro.fr/style.css" "Mozilla/5.0 (Linux; Android 10; K) AppleWebKit/537.36 (KHTML, like Gecko) Chrome/121.0.0.0 Mobile Safari/537.36"
92.184.98.97 - - [30/Jan/2024:11:04:05 +0100] "GET /images/header.png HTTP/1.0" 200 251 "http://www.reflexpro.fr/style.css" "Mozilla/5.0 (Linux; Android 10; K) AppleWebKit/537.36 (KHTML, like Gecko) Chrome/121.0.0.0 Mobile Safari/537.36"
92.184.98.97 - - [30/Jan/2024:11:04:05 +0100] "GET /font-awesome-4.0.3/fonts/fontawesome-webfont.woff?v=4.0.3 HTTP/1.0" 200 284 "http://www.reflexpro.fr/font-awesome-4.0.3/css/font-awesome.css" "Mozilla/5.0 (Linux; Android 10; K) AppleWebKit/537.36 (KHTML, like Gecko) Chrome/121.0.0.0 Mobile Safari/537.36"
92.184.98.97 - - [30/Jan/2024:11:04:05 +0100] "GET /images/spacer.gif HTTP/1.0" 200 328 "http://www.reflexpro.fr/style.css" "Mozilla/5.0 (Linux; Android 10; K) AppleWebKit/537.36 (KHTML, like Gecko) Chrome/121.0.0.0 Mobile Safari/537.36"
92.184.98.97 - - [30/Jan/2024:11:04:05 +0100] "GET /images/object227400126.png HTTP/1.0" 200 515 "http://www.reflexpro.fr/style.css" "Mozilla/5.0 (Linux; Android 10; K) AppleWebKit/537.36 (KHTML, like Gecko) Chrome/121.0.0.0 Mobile Safari/537.36"
92.184.98.97 - - [30/Jan/2024:11:04:05 +0100] "GET /images/menuseparator.png HTTP/1.0" 200 487 "http://www.reflexpro.fr/style.css" "Mozilla/5.0 (Linux; Android 10; K) AppleWebKit/537.36 (KHTML, like Gecko) Chrome/121.0.0.0 Mobile Safari/537.36"
92.184.98.97 - - [30/Jan/2024:11:04:06 +0100] "GET /images/searchicon.png HTTP/1.0" 200 664 "http://www.reflexpro.fr/style.css" "Mozilla/5.0 (Linux; Android 10; K) AppleWebKit/537.36 (KHTML, like Gecko) Chrome/121.0.0.0 Mobile Safari/537.36"
92.184.98.97 - - [30/Jan/2024:11:04:06 +0100] "GET /images/footerbullets.png HTTP/1.0" 200 503 "http://www.reflexpro.fr/style.css" "Mozilla/5.0 (Linux; Android 10; K) AppleWebKit/537.36 (KHTML, like Gecko) Chrome/121.0.0.0 Mobile Safari/537.36"
92.184.98.97 - - [30/Jan/2024:11:04:06 +0100] "GET /highslide/graphics/outlines/drop-shadow.png HTTP/1.0" 200 277 "http://www.reflexpro.fr/sigma-800-f56-dg-ex-hsm-monture-canon-p-1338.html" "Mozilla/5.0 (Linux; Android 10; K) AppleWebKit/537.36 (KHTML, like Gecko) Chrome/121.0.0.0 Mobile Safari/537.36"
92.184.98.97 - - [30/Jan/2024:11:04:06 +0100] "GET /highslide/graphics/zoomout.cur HTTP/1.0" 200 614 "http://www.reflexpro.fr/sigma-800-f56-dg-ex-hsm-monture-canon-p-1338.html" "Mozilla/5.0 (Linux; Android 10; K) AppleWebKit/537.36 (KHTML, like Gecko) Chrome/121.0.0.0 Mobile Safari/537.36"
92.184.98.97 - - [30/Jan/2024:11:04:06 +0100] "GET /highslide/graphics/loader.white.gif HTTP/1.0" 200 960 "http://www.reflexpro.fr/templates/Pixame_v1/stylesheet.css" "Mozilla/5.0 (Linux; Android 10; K) AppleWebKit/537.36 (KHTML, like Gecko) Chrome/121.0.0.0 Mobile Safari/537.36"
92.184.98.97 - - [30/Jan/2024:11:04:06 +0100] "GET /favicon.ico HTTP/1.0" 200 260 "http://www.reflexpro.fr/sigma-800-f56-dg-ex-hsm-monture-canon-p-1338.html" "Mozilla/5.0 (Linux; Android 10; K) AppleWebKit/537.36 (KHTML, like Gecko) Chrome/121.0.0.0 Mobile Safari/537.36"
66.249.79.232 - - [30/Jan/2024:11:07:01 +0100] "GET /sigma-500-f45-dg-apo-ex-hsm-monture-pentax-p-1312.html HTTP/1.0" 200 31208 "-" "Mozilla/5.0 (Linux; Android 6.0.1; Nexus 5X Build/MMB29P) AppleWebKit/537.36 (KHTML, like Gecko) Chrome/121.0.6167.85 Mobile Safari/537.36 (compatible; Googlebot/2.1; +http://www.google.com/bot.html)"
69.162.124.230 - - [30/Jan/2024:11:07:02 +0100] "HEAD / HTTP/1.0" 200 383 "http://www.reflexpro.fr" "Mozilla/5.0+(compatible; UptimeRobot/2.0; http://www.uptimerobot.com/)"
66.249.79.231 - - [30/Jan/2024:11:07:11 +0100] "GET /sigma-500-f45-dg-apo-ex-hsm-monture-pentax-p-1312.html HTTP/1.0" 200 31208 "-" "Mozilla/5.0 (Linux; Android 6.0.1; Nexus 5X Build/MMB29P) AppleWebKit/537.36 (KHTML, like Gecko) Chrome/121.0.6167.85 Mobile Safari/537.36 (compatible; Googlebot/2.1; +http://www.google.com/bot.html)"
69.162.124.230 - - [30/Jan/2024:11:11:56 +0100] "HEAD / HTTP/1.0" 200 383 "http://www.reflexpro.fr" "Mozilla/5.0+(compatible; UptimeRobot/2.0; http://www.uptimerobot.com/)"
212.114.23.73 - - [30/Jan/2024:11:13:22 +0100] "GET /adminweb/orders.php?page=2&oID=10498&action=edit HTTP/1.0" 200 36533 "-" "Mozilla/5.0 (Windows NT 10.0; Win64; x64) AppleWebKit/537.36 (KHTML, like Gecko) Chrome/120.0.0.0 Safari/537.36"
212.114.23.73 - - [30/Jan/2024:11:13:24 +0100] "GET /adminweb/orders.php HTTP/1.0" 200 155984 "http://www.reflexpro.fr/adminweb/orders.php?page=2&oID=10498&action=edit" "Mozilla/5.0 (Windows NT 10.0; Win64; x64) AppleWebKit/537.36 (KHTML, like Gecko) Chrome/120.0.0.0 Safari/537.36"
212.114.23.73 - - [30/Jan/2024:11:15:31 +0100] "GET /adminweb/orders.php?page=2&oID=10498&action=edit HTTP/1.0" 200 36533 "-" "Mozilla/5.0 (Windows NT 10.0; Win64; x64) AppleWebKit/537.36 (KHTML, like Gecko) Chrome/120.0.0.0 Safari/537.36"
212.114.23.73 - - [30/Jan/2024:11:15:35 +0100] "GET /adminweb/orders.php HTTP/1.0" 200 155984 "http://www.reflexpro.fr/adminweb/orders.php?page=2&oID=10498&action=edit" "Mozilla/5.0 (Windows NT 10.0; Win64; x64) AppleWebKit/537.36 (KHTML, like Gecko) Chrome/120.0.0.0 Safari/537.36"
212.114.23.73 - - [30/Jan/2024:11:15:37 +0100] "GET /adminweb/orders.php?page=1&oID=17449&action=edit HTTP/1.0" 200 35219 "http://www.reflexpro.fr/adminweb/orders.php" "Mozilla/5.0 (Windows NT 10.0; Win64; x64) AppleWebKit/537.36 (KHTML, like Gecko) Chrome/120.0.0.0 Safari/537.36"
212.114.23.73 - - [30/Jan/2024:11:15:38 +0100] "GET /images/ HTTP/1.0" 403 1305 "http://www.reflexpro.fr/adminweb/orders.php?page=1&oID=17449&action=edit" "Mozilla/5.0 (Windows NT 10.0; Win64; x64) AppleWebKit/537.36 (KHTML, like Gecko) Chrome/120.0.0.0 Safari/537.36"
52.167.144.189 - - [30/Jan/2024:11:15:37 +0100] "GET /lunettes-panasonic-3d-tyep3d10eb-20122013-passives-pr-1740.html HTTP/1.0" 200 26027 "-" "Mozilla/5.0 AppleWebKit/537.36 (KHTML, like Gecko; compatible; bingbot/2.0; +http://www.bing.com/bingbot.htm) Chrome/116.0.1938.76 Safari/537.36"
212.114.23.73 - - [30/Jan/2024:11:15:51 +0100] "POST /adminweb/orders.php?page=1&oID=17449&action=update_order HTTP/1.0" 302 513 "http://www.reflexpro.fr/adminweb/orders.php?page=1&oID=17449&action=edit" "Mozilla/5.0 (Windows NT 10.0; Win64; x64) AppleWebKit/537.36 (KHTML, like Gecko) Chrome/120.0.0.0 Safari/537.36"
212.114.23.73 - - [30/Jan/2024:11:15:51 +0100] "GET /adminweb/orders.php?status=&page=1&oID=17449&action=edit HTTP/1.0" 200 35666 "http://www.reflexpro.fr/adminweb/orders.php?page=1&oID=17449&action=edit" "Mozilla/5.0 (Windows NT 10.0; Win64; x64) AppleWebKit/537.36 (KHTML, like Gecko) Chrome/120.0.0.0 Safari/537.36"
212.114.23.73 - - [30/Jan/2024:11:15:51 +0100] "GET /images/ HTTP/1.0" 403 1305 "http://www.reflexpro.fr/adminweb/orders.php?status=&page=1&oID=17449&action=edit" "Mozilla/5.0 (Windows NT 10.0; Win64; x64) AppleWebKit/537.36 (KHTML, like Gecko) Chrome/120.0.0.0 Safari/537.36"
212.114.23.73 - - [30/Jan/2024:11:15:53 +0100] "GET /adminweb/invoice.php?status=&page=1&action=edit&oID=17449 HTTP/1.0" 200 8611 "http://www.reflexpro.fr/adminweb/orders.php?status=&page=1&oID=17449&action=edit" "Mozilla/5.0 (Windows NT 10.0; Win64; x64) AppleWebKit/537.36 (KHTML, like Gecko) Chrome/120.0.0.0 Safari/537.36"
69.162.124.230 - - [30/Jan/2024:11:16:52 +0100] "HEAD / HTTP/1.0" 200 383 "http://www.reflexpro.fr" "Mozilla/5.0+(compatible; UptimeRobot/2.0; http://www.uptimerobot.com/)"
66.249.79.231 - - [30/Jan/2024:11:18:12 +0100] "GET / HTTP/1.0" 200 35969 "-" "Mozilla/5.0 (compatible; Googlebot/2.1; +http://www.google.com/bot.html)"
212.114.23.73 - - [30/Jan/2024:11:18:57 +0100] "POST /adminweb/orders.php?status=&page=1&oID=17449&action=update_order HTTP/1.0" 302 513 "http://www.reflexpro.fr/adminweb/orders.php?status=&page=1&oID=17449&action=edit" "Mozilla/5.0 (Windows NT 10.0; Win64; x64) AppleWebKit/537.36 (KHTML, like Gecko) Chrome/120.0.0.0 Safari/537.36"
212.114.23.73 - - [30/Jan/2024:11:18:58 +0100] "GET /adminweb/orders.php?status=&page=1&oID=17449&action=edit HTTP/1.0" 200 36171 "http://www.reflexpro.fr/adminweb/orders.php?status=&page=1&oID=17449&action=edit" "Mozilla/5.0 (Windows NT 10.0; Win64; x64) AppleWebKit/537.36 (KHTML, like Gecko) Chrome/120.0.0.0 Safari/537.36"
212.114.23.73 - - [30/Jan/2024:11:18:58 +0100] "GET /images/ HTTP/1.0" 403 1305 "http://www.reflexpro.fr/adminweb/orders.php?status=&page=1&oID=17449&action=edit" "Mozilla/5.0 (Windows NT 10.0; Win64; x64) AppleWebKit/537.36 (KHTML, like Gecko) Chrome/120.0.0.0 Safari/537.36"
69.162.124.230 - - [30/Jan/2024:11:22:01 +0100] "HEAD / HTTP/1.0" 200 383 "http://www.reflexpro.fr" "Mozilla/5.0+(compatible; UptimeRobot/2.0; http://www.uptimerobot.com/)"
66.249.79.33 - - [30/Jan/2024:11:22:13 +0100] "GET / HTTP/1.0" 301 502 "-" "Mozilla/5.0 (compatible; Googlebot/2.1; +http://www.google.com/bot.html)"
66.249.79.233 - - [30/Jan/2024:11:22:14 +0100] "GET / HTTP/1.0" 200 35969 "-" "Mozilla/5.0 (compatible; Googlebot/2.1; +http://www.google.com/bot.html)"
212.114.23.73 - - [30/Jan/2024:11:22:56 +0100] "GET /adminweb/orders.php?page=2&oID=10498&action=edit HTTP/1.0" 200 36533 "-" "Mozilla/5.0 (Windows NT 10.0; Win64; x64) AppleWebKit/537.36 (KHTML, like Gecko) Chrome/120.0.0.0 Safari/537.36"
212.114.23.73 - - [30/Jan/2024:11:22:59 +0100] "GET /adminweb/orders.php HTTP/1.0" 200 156051 "http://www.reflexpro.fr/adminweb/orders.php?page=2&oID=10498&action=edit" "Mozilla/5.0 (Windows NT 10.0; Win64; x64) AppleWebKit/537.36 (KHTML, like Gecko) Chrome/120.0.0.0 Safari/537.36"
212.114.23.73 - - [30/Jan/2024:11:23:01 +0100] "GET /adminweb/orders.php?page=1&oID=17449&action=edit HTTP/1.0" 200 36201 "http://www.reflexpro.fr/adminweb/orders.php" "Mozilla/5.0 (Windows NT 10.0; Win64; x64) AppleWebKit/537.36 (KHTML, like Gecko) Chrome/120.0.0.0 Safari/537.36"
212.114.23.73 - - [30/Jan/2024:11:23:01 +0100] "GET /images/ HTTP/1.0" 403 1305 "http://www.reflexpro.fr/adminweb/orders.php?page=1&oID=17449&action=edit" "Mozilla/5.0 (Windows NT 10.0; Win64; x64) AppleWebKit/537.36 (KHTML, like Gecko) Chrome/120.0.0.0 Safari/537.36"
52.167.144.238 - - [30/Jan/2024:11:25:32 +0100] "GET /-c-134.html HTTP/1.0" 200 24321 "-" "Mozilla/5.0 AppleWebKit/537.36 (KHTML, like Gecko; compatible; bingbot/2.0; +http://www.bing.com/bingbot.htm) Chrome/116.0.1938.76 Safari/537.36"
69.162.124.230 - - [30/Jan/2024:11:27:05 +0100] "HEAD / HTTP/1.0" 200 383 "http://www.reflexpro.fr" "Mozilla/5.0+(compatible; UptimeRobot/2.0; http://www.uptimerobot.com/)"
17.241.219.200 - - [30/Jan/2024:11:28:20 +0100] "GET /sigma-24-105-f4-dg-os-hsm-art-monture-nikon-p-1015.html HTTP/1.0" 200 28704 "-" "Mozilla/5.0 (Macintosh; Intel Mac OS X 10_15_5) AppleWebKit/605.1.15 (KHTML, like Gecko) Version/13.1.1 Safari/605.1.15 (Applebot/0.1; +http://www.apple.com/go/applebot)"
69.162.124.230 - - [30/Jan/2024:11:32:00 +0100] "HEAD / HTTP/1.0" 200 383 "http://www.reflexpro.fr" "Mozilla/5.0+(compatible; UptimeRobot/2.0; http://www.uptimerobot.com/)"
69.162.124.230 - - [30/Jan/2024:11:36:55 +0100] "HEAD / HTTP/1.0" 200 383 "http://www.reflexpro.fr" "Mozilla/5.0+(compatible; UptimeRobot/2.0; http://www.uptimerobot.com/)"
69.162.124.230 - - [30/Jan/2024:11:42:01 +0100] "HEAD / HTTP/1.0" 200 383 "http://www.reflexpro.fr" "Mozilla/5.0+(compatible; UptimeRobot/2.0; http://www.uptimerobot.com/)"
104.28.42.22 - - [30/Jan/2024:11:43:08 +0100] "GET / HTTP/1.0" 200 35969 "-" "Mozilla/5.0 (iPhone; CPU iPhone OS 17_2_1 like Mac OS X) AppleWebKit/605.1.15 (KHTML, like Gecko) Version/17.2 Mobile/15E148 Safari/604.1"
104.28.42.22 - - [30/Jan/2024:11:43:08 +0100] "GET /style.css HTTP/1.0" 200 242 "http://www.reflexpro.fr/" "Mozilla/5.0 (iPhone; CPU iPhone OS 17_2_1 like Mac OS X) AppleWebKit/605.1.15 (KHTML, like Gecko) Version/17.2 Mobile/15E148 Safari/604.1"
104.28.42.22 - - [30/Jan/2024:11:43:08 +0100] "GET /highslide/highslide.js HTTP/1.0" 200 262 "http://www.reflexpro.fr/" "Mozilla/5.0 (iPhone; CPU iPhone OS 17_2_1 like Mac OS X) AppleWebKit/605.1.15 (KHTML, like Gecko) Version/17.2 Mobile/15E148 Safari/604.1"
104.28.42.22 - - [30/Jan/2024:11:43:08 +0100] "GET /jquery.js HTTP/1.0" 200 249 "http://www.reflexpro.fr/" "Mozilla/5.0 (iPhone; CPU iPhone OS 17_2_1 like Mac OS X) AppleWebKit/605.1.15 (KHTML, like Gecko) Version/17.2 Mobile/15E148 Safari/604.1"
104.28.42.22 - - [30/Jan/2024:11:43:08 +0100] "GET /templates/Pixame_v1/stylesheet.css HTTP/1.0" 200 267 "http://www.reflexpro.fr/" "Mozilla/5.0 (iPhone; CPU iPhone OS 17_2_1 like Mac OS X) AppleWebKit/605.1.15 (KHTML, like Gecko) Version/17.2 Mobile/15E148 Safari/604.1"
104.28.42.22 - - [30/Jan/2024:11:43:08 +0100] "GET /style.responsive.css HTTP/1.0" 200 253 "http://www.reflexpro.fr/" "Mozilla/5.0 (iPhone; CPU iPhone OS 17_2_1 like Mac OS X) AppleWebKit/605.1.15 (KHTML, like Gecko) Version/17.2 Mobile/15E148 Safari/604.1"
104.28.42.22 - - [30/Jan/2024:11:43:08 +0100] "GET /font-awesome-4.0.3/css/font-awesome.css HTTP/1.0" 200 272 "http://www.reflexpro.fr/" "Mozilla/5.0 (iPhone; CPU iPhone OS 17_2_1 like Mac OS X) AppleWebKit/605.1.15 (KHTML, like Gecko) Version/17.2 Mobile/15E148 Safari/604.1"
104.28.42.22 - - [30/Jan/2024:11:43:08 +0100] "GET /script.js HTTP/1.0" 200 249 "http://www.reflexpro.fr/" "Mozilla/5.0 (iPhone; CPU iPhone OS 17_2_1 like Mac OS X) AppleWebKit/605.1.15 (KHTML, like Gecko) Version/17.2 Mobile/15E148 Safari/604.1"
104.28.42.22 - - [30/Jan/2024:11:43:08 +0100] "GET /script.responsive.js HTTP/1.0" 200 260 "http://www.reflexpro.fr/" "Mozilla/5.0 (iPhone; CPU iPhone OS 17_2_1 like Mac OS X) AppleWebKit/605.1.15 (KHTML, like Gecko) Version/17.2 Mobile/15E148 Safari/604.1"
104.28.42.22 - - [30/Jan/2024:11:43:08 +0100] "GET /themes-nivo/default/default.css HTTP/1.0" 200 264 "http://www.reflexpro.fr/" "Mozilla/5.0 (iPhone; CPU iPhone OS 17_2_1 like Mac OS X) AppleWebKit/605.1.15 (KHTML, like Gecko) Version/17.2 Mobile/15E148 Safari/604.1"
104.28.42.22 - - [30/Jan/2024:11:43:08 +0100] "GET /themes-nivo/light/light.css HTTP/1.0" 200 260 "http://www.reflexpro.fr/" "Mozilla/5.0 (iPhone; CPU iPhone OS 17_2_1 like Mac OS X) AppleWebKit/605.1.15 (KHTML, like Gecko) Version/17.2 Mobile/15E148 Safari/604.1"
104.28.42.22 - - [30/Jan/2024:11:43:08 +0100] "GET /themes-nivo/dark/dark.css HTTP/1.0" 200 258 "http://www.reflexpro.fr/" "Mozilla/5.0 (iPhone; CPU iPhone OS 17_2_1 like Mac OS X) AppleWebKit/605.1.15 (KHTML, like Gecko) Version/17.2 Mobile/15E148 Safari/604.1"
104.28.42.22 - - [30/Jan/2024:11:43:08 +0100] "GET /themes-nivo/bar/bar.css HTTP/1.0" 200 256 "http://www.reflexpro.fr/" "Mozilla/5.0 (iPhone; CPU iPhone OS 17_2_1 like Mac OS X) AppleWebKit/605.1.15 (KHTML, like Gecko) Version/17.2 Mobile/15E148 Safari/604.1"
104.28.42.22 - - [30/Jan/2024:11:43:08 +0100] "GET /nivo-slider.css HTTP/1.0" 200 248 "http://www.reflexpro.fr/" "Mozilla/5.0 (iPhone; CPU iPhone OS 17_2_1 like Mac OS X) AppleWebKit/605.1.15 (KHTML, like Gecko) Version/17.2 Mobile/15E148 Safari/604.1"
104.28.42.22 - - [30/Jan/2024:11:43:08 +0100] "GET /jquery-1.9.0.min.js HTTP/1.0" 200 259 "http://www.reflexpro.fr/" "Mozilla/5.0 (iPhone; CPU iPhone OS 17_2_1 like Mac OS X) AppleWebKit/605.1.15 (KHTML, like Gecko) Version/17.2 Mobile/15E148 Safari/604.1"
104.28.42.22 - - [30/Jan/2024:11:43:08 +0100] "GET /jquery.nivo.slider.js HTTP/1.0" 200 261 "http://www.reflexpro.fr/" "Mozilla/5.0 (iPhone; CPU iPhone OS 17_2_1 like Mac OS X) AppleWebKit/605.1.15 (KHTML, like Gecko) Version/17.2 Mobile/15E148 Safari/604.1"
104.28.42.22 - - [30/Jan/2024:11:43:08 +0100] "GET /cookieconsentbar/cookieconsentbar.css HTTP/1.0" 200 270 "http://www.reflexpro.fr/" "Mozilla/5.0 (iPhone; CPU iPhone OS 17_2_1 like Mac OS X) AppleWebKit/605.1.15 (KHTML, like Gecko) Version/17.2 Mobile/15E148 Safari/604.1"
104.28.42.22 - - [30/Jan/2024:11:43:08 +0100] "GET /cookieconsentbar/cookieconsentbar.js HTTP/1.0" 200 276 "http://www.reflexpro.fr/" "Mozilla/5.0 (iPhone; CPU iPhone OS 17_2_1 like Mac OS X) AppleWebKit/605.1.15 (KHTML, like Gecko) Version/17.2 Mobile/15E148 Safari/604.1"
104.28.42.22 - - [30/Jan/2024:11:43:09 +0100] "GET /images/logo-2130545471.png HTTP/1.0" 200 260 "http://www.reflexpro.fr/" "Mozilla/5.0 (iPhone; CPU iPhone OS 17_2_1 like Mac OS X) AppleWebKit/605.1.15 (KHTML, like Gecko) Version/17.2 Mobile/15E148 Safari/604.1"
104.28.42.22 - - [30/Jan/2024:11:43:09 +0100] "GET /img-site/home3.png HTTP/1.0" 200 252 "http://www.reflexpro.fr/" "Mozilla/5.0 (iPhone; CPU iPhone OS 17_2_1 like Mac OS X) AppleWebKit/605.1.15 (KHTML, like Gecko) Version/17.2 Mobile/15E148 Safari/604.1"
104.28.42.22 - - [30/Jan/2024:11:43:09 +0100] "GET /images/mini_prod/avx-835-set1.jpg HTTP/1.0" 200 268 "http://www.reflexpro.fr/" "Mozilla/5.0 (iPhone; CPU iPhone OS 17_2_1 like Mac OS X) AppleWebKit/605.1.15 (KHTML, like Gecko) Version/17.2 Mobile/15E148 Safari/604.1"
104.28.42.22 - - [30/Jan/2024:11:43:09 +0100] "GET /images/header.png HTTP/1.0" 200 251 "http://www.reflexpro.fr/" "Mozilla/5.0 (iPhone; CPU iPhone OS 17_2_1 like Mac OS X) AppleWebKit/605.1.15 (KHTML, like Gecko) Version/17.2 Mobile/15E148 Safari/604.1"
104.28.42.22 - - [30/Jan/2024:11:43:09 +0100] "GET /images/mini_prod/monsoon.jpg HTTP/1.0" 200 263 "http://www.reflexpro.fr/" "Mozilla/5.0 (iPhone; CPU iPhone OS 17_2_1 like Mac OS X) AppleWebKit/605.1.15 (KHTML, like Gecko) Version/17.2 Mobile/15E148 Safari/604.1"
104.28.42.22 - - [30/Jan/2024:11:43:09 +0100] "GET /images/mini_prod/yQ7FChSgZbU.jpeg HTTP/1.0" 200 268 "http://www.reflexpro.fr/" "Mozilla/5.0 (iPhone; CPU iPhone OS 17_2_1 like Mac OS X) AppleWebKit/605.1.15 (KHTML, like Gecko) Version/17.2 Mobile/15E148 Safari/604.1"
104.28.42.22 - - [30/Jan/2024:11:43:09 +0100] "GET /img-site/bandeau-droit2.png HTTP/1.0" 200 261 "http://www.reflexpro.fr/" "Mozilla/5.0 (iPhone; CPU iPhone OS 17_2_1 like Mac OS X) AppleWebKit/605.1.15 (KHTML, like Gecko) Version/17.2 Mobile/15E148 Safari/604.1"
104.28.42.22 - - [30/Jan/2024:11:43:09 +0100] "GET /images/mini_prod/audioquest-nrg-z3.jpg HTTP/1.0" 200 273 "http://www.reflexpro.fr/" "Mozilla/5.0 (iPhone; CPU iPhone OS 17_2_1 like Mac OS X) AppleWebKit/605.1.15 (KHTML, like Gecko) Version/17.2 Mobile/15E148 Safari/604.1"
104.28.42.22 - - [30/Jan/2024:11:43:09 +0100] "GET /images/mini_prod/move%202%20blanc.jpg HTTP/1.0" 200 268 "http://www.reflexpro.fr/" "Mozilla/5.0 (iPhone; CPU iPhone OS 17_2_1 like Mac OS X) AppleWebKit/605.1.15 (KHTML, like Gecko) Version/17.2 Mobile/15E148 Safari/604.1"
104.28.42.22 - - [30/Jan/2024:11:43:09 +0100] "GET /images/mini_prod/audioquest-sydney.jpg HTTP/1.0" 200 273 "http://www.reflexpro.fr/" "Mozilla/5.0 (iPhone; CPU iPhone OS 17_2_1 like Mac OS X) AppleWebKit/605.1.15 (KHTML, like Gecko) Version/17.2 Mobile/15E148 Safari/604.1"
104.28.42.22 - - [30/Jan/2024:11:43:09 +0100] "GET /images/pixel_trans.gif HTTP/1.0" 200 328 "http://www.reflexpro.fr/" "Mozilla/5.0 (iPhone; CPU iPhone OS 17_2_1 like Mac OS X) AppleWebKit/605.1.15 (KHTML, like Gecko) Version/17.2 Mobile/15E148 Safari/604.1"
104.28.42.22 - - [30/Jan/2024:11:43:09 +0100] "GET /images/page.jpeg HTTP/1.0" 200 251 "http://www.reflexpro.fr/" "Mozilla/5.0 (iPhone; CPU iPhone OS 17_2_1 like Mac OS X) AppleWebKit/605.1.15 (KHTML, like Gecko) Version/17.2 Mobile/15E148 Safari/604.1"
104.28.42.22 - - [30/Jan/2024:11:43:09 +0100] "GET /images/mini_prod/audioquest-pearl-hdmi-48.jpg HTTP/1.0" 200 280 "http://www.reflexpro.fr/" "Mozilla/5.0 (iPhone; CPU iPhone OS 17_2_1 like Mac OS X) AppleWebKit/605.1.15 (KHTML, like Gecko) Version/17.2 Mobile/15E148 Safari/604.1"
104.28.42.22 - - [30/Jan/2024:11:43:09 +0100] "GET /images/mini_prod/SON_OUTDRWW1BLK_01.jpeg HTTP/1.0" 200 275 "http://www.reflexpro.fr/" "Mozilla/5.0 (iPhone; CPU iPhone OS 17_2_1 like Mac OS X) AppleWebKit/605.1.15 (KHTML, like Gecko) Version/17.2 Mobile/15E148 Safari/604.1"
104.28.42.22 - - [30/Jan/2024:11:43:09 +0100] "GET /images/menuseparator.png HTTP/1.0" 200 487 "http://www.reflexpro.fr/" "Mozilla/5.0 (iPhone; CPU iPhone OS 17_2_1 like Mac OS X) AppleWebKit/605.1.15 (KHTML, like Gecko) Version/17.2 Mobile/15E148 Safari/604.1"
104.28.42.22 - - [30/Jan/2024:11:43:09 +0100] "GET /img-site/bandeau-droit1.png HTTP/1.0" 200 261 "http://www.reflexpro.fr/" "Mozilla/5.0 (iPhone; CPU iPhone OS 17_2_1 like Mac OS X) AppleWebKit/605.1.15 (KHTML, like Gecko) Version/17.2 Mobile/15E148 Safari/604.1"
104.28.42.22 - - [30/Jan/2024:11:43:09 +0100] "GET /themes-nivo/default/loading.gif HTTP/1.0" 200 265 "http://www.reflexpro.fr/" "Mozilla/5.0 (iPhone; CPU iPhone OS 17_2_1 like Mac OS X) AppleWebKit/605.1.15 (KHTML, like Gecko) Version/17.2 Mobile/15E148 Safari/604.1"
104.28.42.22 - - [30/Jan/2024:11:43:09 +0100] "GET /images/mini_prod/move2%20black.jpg HTTP/1.0" 200 267 "http://www.reflexpro.fr/" "Mozilla/5.0 (iPhone; CPU iPhone OS 17_2_1 like Mac OS X) AppleWebKit/605.1.15 (KHTML, like Gecko) Version/17.2 Mobile/15E148 Safari/604.1"
104.28.42.22 - - [30/Jan/2024:11:43:09 +0100] "GET /images/searchicon.png HTTP/1.0" 200 664 "http://www.reflexpro.fr/" "Mozilla/5.0 (iPhone; CPU iPhone OS 17_2_1 like Mac OS X) AppleWebKit/605.1.15 (KHTML, like Gecko) Version/17.2 Mobile/15E148 Safari/604.1"
104.28.42.22 - - [30/Jan/2024:11:43:09 +0100] "GET /images/mini_prod/audioquest-nrg-y3.jpg HTTP/1.0" 200 273 "http://www.reflexpro.fr/" "Mozilla/5.0 (iPhone; CPU iPhone OS 17_2_1 like Mac OS X) AppleWebKit/605.1.15 (KHTML, like Gecko) Version/17.2 Mobile/15E148 Safari/604.1"
104.28.42.22 - - [30/Jan/2024:11:43:09 +0100] "GET /images/AMBEO_Soundbar_Mini_Banner_FR_1920x300_2.jpg HTTP/1.0" 200 286 "http://www.reflexpro.fr/" "Mozilla/5.0 (iPhone; CPU iPhone OS 17_2_1 like Mac OS X) AppleWebKit/605.1.15 (KHTML, like Gecko) Version/17.2 Mobile/15E148 Safari/604.1"
104.28.42.22 - - [30/Jan/2024:11:43:09 +0100] "GET /images/AMBEO_Soundbar_Mini_Banner_FR_1920x300_1.jpg HTTP/1.0" 200 286 "http://www.reflexpro.fr/" "Mozilla/5.0 (iPhone; CPU iPhone OS 17_2_1 like Mac OS X) AppleWebKit/605.1.15 (KHTML, like Gecko) Version/17.2 Mobile/15E148 Safari/604.1"
104.28.42.22 - - [30/Jan/2024:11:43:09 +0100] "GET /images/bannieregolddevialet.jpg HTTP/1.0" 200 266 "http://www.reflexpro.fr/" "Mozilla/5.0 (iPhone; CPU iPhone OS 17_2_1 like Mac OS X) AppleWebKit/605.1.15 (KHTML, like Gecko) Version/17.2 Mobile/15E148 Safari/604.1"
104.28.42.22 - - [30/Jan/2024:11:43:09 +0100] "GET /images/banniereimplosivedevialet.jpg HTTP/1.0" 200 271 "http://www.reflexpro.fr/" "Mozilla/5.0 (iPhone; CPU iPhone OS 17_2_1 like Mac OS X) AppleWebKit/605.1.15 (KHTML, like Gecko) Version/17.2 Mobile/15E148 Safari/604.1"
104.28.42.22 - - [30/Jan/2024:11:43:09 +0100] "GET /images/icon_tel.jpg HTTP/1.0" 200 254 "http://www.reflexpro.fr/" "Mozilla/5.0 (iPhone; CPU iPhone OS 17_2_1 like Mac OS X) AppleWebKit/605.1.15 (KHTML, like Gecko) Version/17.2 Mobile/15E148 Safari/604.1"
104.28.42.22 - - [30/Jan/2024:11:43:09 +0100] "GET /images/icon_paiement.jpg HTTP/1.0" 200 259 "http://www.reflexpro.fr/" "Mozilla/5.0 (iPhone; CPU iPhone OS 17_2_1 like Mac OS X) AppleWebKit/605.1.15 (KHTML, like Gecko) Version/17.2 Mobile/15E148 Safari/604.1"
104.28.42.22 - - [30/Jan/2024:11:43:09 +0100] "GET /images/qui-sommes-nous.jpg HTTP/1.0" 200 261 "http://www.reflexpro.fr/" "Mozilla/5.0 (iPhone; CPU iPhone OS 17_2_1 like Mac OS X) AppleWebKit/605.1.15 (KHTML, like Gecko) Version/17.2 Mobile/15E148 Safari/604.1"
104.28.42.22 - - [30/Jan/2024:11:43:09 +0100] "GET /images/icone_contacter.jpg HTTP/1.0" 200 261 "http://www.reflexpro.fr/" "Mozilla/5.0 (iPhone; CPU iPhone OS 17_2_1 like Mac OS X) AppleWebKit/605.1.15 (KHTML, like Gecko) Version/17.2 Mobile/15E148 Safari/604.1"
104.28.42.22 - - [30/Jan/2024:11:43:09 +0100] "GET /images/object227400126.png HTTP/1.0" 200 515 "http://www.reflexpro.fr/" "Mozilla/5.0 (iPhone; CPU iPhone OS 17_2_1 like Mac OS X) AppleWebKit/605.1.15 (KHTML, like Gecko) Version/17.2 Mobile/15E148 Safari/604.1"
104.28.42.22 - - [30/Jan/2024:11:43:09 +0100] "GET /images/spacer.gif HTTP/1.0" 200 328 "http://www.reflexpro.fr/" "Mozilla/5.0 (iPhone; CPU iPhone OS 17_2_1 like Mac OS X) AppleWebKit/605.1.15 (KHTML, like Gecko) Version/17.2 Mobile/15E148 Safari/604.1"
104.28.42.22 - - [30/Jan/2024:11:43:09 +0100] "GET /templates/Pixame_v1/images/infobox/box_bg_l.gif HTTP/1.0" 200 333 "http://www.reflexpro.fr/" "Mozilla/5.0 (iPhone; CPU iPhone OS 17_2_1 like Mac OS X) AppleWebKit/605.1.15 (KHTML, like Gecko) Version/17.2 Mobile/15E148 Safari/604.1"
104.28.42.22 - - [30/Jan/2024:11:43:10 +0100] "GET /templates/Pixame_v1/images/infobox/box_bg_r.gif HTTP/1.0" 200 336 "http://www.reflexpro.fr/" "Mozilla/5.0 (iPhone; CPU iPhone OS 17_2_1 like Mac OS X) AppleWebKit/605.1.15 (KHTML, like Gecko) Version/17.2 Mobile/15E148 Safari/604.1"
104.28.42.22 - - [30/Jan/2024:11:43:10 +0100] "GET /images/footerbullets.png HTTP/1.0" 200 503 "http://www.reflexpro.fr/" "Mozilla/5.0 (iPhone; CPU iPhone OS 17_2_1 like Mac OS X) AppleWebKit/605.1.15 (KHTML, like Gecko) Version/17.2 Mobile/15E148 Safari/604.1"
104.28.42.22 - - [30/Jan/2024:11:43:10 +0100] "GET /highslide/graphics/outlines/drop-shadow.png HTTP/1.0" 200 277 "http://www.reflexpro.fr/" "Mozilla/5.0 (iPhone; CPU iPhone OS 17_2_1 like Mac OS X) AppleWebKit/605.1.15 (KHTML, like Gecko) Version/17.2 Mobile/15E148 Safari/604.1"
104.28.42.22 - - [30/Jan/2024:11:43:10 +0100] "GET /highslide/graphics/zoomout.cur HTTP/1.0" 200 614 "http://www.reflexpro.fr/" "Mozilla/5.0 (iPhone; CPU iPhone OS 17_2_1 like Mac OS X) AppleWebKit/605.1.15 (KHTML, like Gecko) Version/17.2 Mobile/15E148 Safari/604.1"
104.28.42.22 - - [30/Jan/2024:11:43:10 +0100] "GET /highslide/graphics/loader.white.gif HTTP/1.0" 200 960 "http://www.reflexpro.fr/" "Mozilla/5.0 (iPhone; CPU iPhone OS 17_2_1 like Mac OS X) AppleWebKit/605.1.15 (KHTML, like Gecko) Version/17.2 Mobile/15E148 Safari/604.1"
104.28.42.22 - - [30/Jan/2024:11:43:10 +0100] "GET /themes-nivo/default/bullets.png HTTP/1.0" 200 265 "http://www.reflexpro.fr/" "Mozilla/5.0 (iPhone; CPU iPhone OS 17_2_1 like Mac OS X) AppleWebKit/605.1.15 (KHTML, like Gecko) Version/17.2 Mobile/15E148 Safari/604.1"
104.28.42.22 - - [30/Jan/2024:11:43:10 +0100] "GET /favicon.ico HTTP/1.0" 200 260 "http://www.reflexpro.fr/" "Mozilla/5.0 (iPhone; CPU iPhone OS 17_2_1 like Mac OS X) AppleWebKit/605.1.15 (KHTML, like Gecko) Version/17.2 Mobile/15E148 Safari/604.1"
104.28.42.22 - - [30/Jan/2024:11:43:10 +0100] "GET /themes-nivo/default/arrows.png HTTP/1.0" 200 1111 "http://www.reflexpro.fr/" "Mozilla/5.0 (iPhone; CPU iPhone OS 17_2_1 like Mac OS X) AppleWebKit/605.1.15 (KHTML, like Gecko) Version/17.2 Mobile/15E148 Safari/604.1"
40.77.167.5 - - [30/Jan/2024:11:44:58 +0100] "GET /zotac-geforce-rtx-3060-amp-white-edition-p-2898.html HTTP/1.0" 301 21988 "-" "Mozilla/5.0 AppleWebKit/537.36 (KHTML, like Gecko; compatible; bingbot/2.0; +http://www.bing.com/bingbot.htm) Chrome/116.0.1938.76 Safari/537.36"
69.162.124.230 - - [30/Jan/2024:11:46:52 +0100] "HEAD / HTTP/1.0" 200 383 "http://www.reflexpro.fr" "Mozilla/5.0+(compatible; UptimeRobot/2.0; http://www.uptimerobot.com/)"
52.167.144.216 - - [30/Jan/2024:11:48:43 +0100] "GET /enceintes-haute-fidelite-c-276_291.html HTTP/1.0" 301 24492 "-" "Mozilla/5.0 AppleWebKit/537.36 (KHTML, like Gecko; compatible; bingbot/2.0; +http://www.bing.com/bingbot.htm) Chrome/116.0.1938.76 Safari/537.36"
69.162.124.230 - - [30/Jan/2024:11:51:51 +0100] "HEAD / HTTP/1.0" 200 383 "http://www.reflexpro.fr" "Mozilla/5.0+(compatible; UptimeRobot/2.0; http://www.uptimerobot.com/)"
69.162.124.230 - - [30/Jan/2024:11:56:49 +0100] "HEAD / HTTP/1.0" 200 383 "http://www.reflexpro.fr" "Mozilla/5.0+(compatible; UptimeRobot/2.0; http://www.uptimerobot.com/)"
69.162.124.230 - - [30/Jan/2024:12:01:49 +0100] "HEAD / HTTP/1.0" 200 383 "http://www.reflexpro.fr" "Mozilla/5.0+(compatible; UptimeRobot/2.0; http://www.uptimerobot.com/)"
216.244.66.233 - - [30/Jan/2024:12:03:58 +0100] "GET /robots.txt HTTP/1.0" 200 245 "-" "Mozilla/5.0 (compatible; DotBot/1.2; +https://opensiteexplorer.org/dotbot; help@moz.com)"
69.162.124.230 - - [30/Jan/2024:12:06:49 +0100] "HEAD / HTTP/1.0" 200 383 "http://www.reflexpro.fr" "Mozilla/5.0+(compatible; UptimeRobot/2.0; http://www.uptimerobot.com/)"
54.36.148.36 - - [30/Jan/2024:12:10:17 +0100] "GET /sacs-c-271_282_284.html?page=1 HTTP/1.0" 200 40938 "-" "Mozilla/5.0 (compatible; AhrefsBot/7.0; +http://ahrefs.com/robot/)"
52.167.144.138 - - [30/Jan/2024:12:10:33 +0100] "GET /fuji-pro3-xf-16mm-f28-pr-2782.html HTTP/1.0" 302 464 "-" "Mozilla/5.0 AppleWebKit/537.36 (KHTML, like Gecko; compatible; bingbot/2.0; +http://www.bing.com/bingbot.htm) Chrome/116.0.1938.76 Safari/537.36"
69.162.124.230 - - [30/Jan/2024:12:11:49 +0100] "HEAD / HTTP/1.0" 200 383 "http://www.reflexpro.fr" "Mozilla/5.0+(compatible; UptimeRobot/2.0; http://www.uptimerobot.com/)"
82.125.219.24 - - [30/Jan/2024:12:13:47 +0100] "HEAD /apple-touch-icon.png HTTP/1.0" 404 272 "-" "-"
82.125.219.24 - - [30/Jan/2024:12:13:47 +0100] "HEAD /manifest.json HTTP/1.0" 404 272 "-" "-"
82.125.219.24 - - [30/Jan/2024:12:13:47 +0100] "GET / HTTP/1.0" 200 35969 "-" "Mozilla/5.0 (Windows; U; Windows NT 5.1; en-US; rv:x.x.x) Gecko/20041107 Firefox/x.x"
82.125.219.24 - - [30/Jan/2024:12:13:48 +0100] "GET / HTTP/1.0" 200 35969 "-" "Mozilla/5.0 (Windows; U; Windows NT 5.1; en-US; rv:x.x.x) Gecko/20041107 Firefox/x.x"
82.125.219.24 - - [30/Jan/2024:12:13:48 +0100] "GET /favicon.ico HTTP/1.0" 200 260 "-" "-"
129.146.55.253 - - [30/Jan/2024:12:15:28 +0100] "GET /images/mini_prod/panag912-60f35-56.jpg HTTP/1.0" 200 273 "-" "python-requests/2.28.1"
69.162.124.230 - - [30/Jan/2024:12:16:49 +0100] "HEAD / HTTP/1.0" 200 383 "http://www.reflexpro.fr" "Mozilla/5.0+(compatible; UptimeRobot/2.0; http://www.uptimerobot.com/)"
40.77.167.14 - - [30/Jan/2024:12:17:48 +0100] "GET /adaptateur-et-convertisseur-objectif-c-271_282_323.html HTTP/1.0" 200 30570 "-" "Mozilla/5.0 AppleWebKit/537.36 (KHTML, like Gecko; compatible; bingbot/2.0; +http://www.bing.com/bingbot.htm) Chrome/116.0.1938.76 Safari/537.36"
52.167.144.176 - - [30/Jan/2024:12:18:12 +0100] "GET /script.js HTTP/1.0" 200 249 "-" "Mozilla/5.0 AppleWebKit/537.36 (KHTML, like Gecko; compatible; bingbot/2.0; +http://www.bing.com/bingbot.htm) Chrome/116.0.1938.76 Safari/537.36"
52.167.144.176 - - [30/Jan/2024:12:18:13 +0100] "GET /themes-nivo/dark/dark.css HTTP/1.0" 200 258 "-" "Mozilla/5.0 AppleWebKit/537.36 (KHTML, like Gecko; compatible; bingbot/2.0; +http://www.bing.com/bingbot.htm) Chrome/116.0.1938.76 Safari/537.36"
52.167.144.176 - - [30/Jan/2024:12:18:13 +0100] "GET /themes-nivo/bar/bar.css HTTP/1.0" 200 256 "-" "Mozilla/5.0 AppleWebKit/537.36 (KHTML, like Gecko; compatible; bingbot/2.0; +http://www.bing.com/bingbot.htm) Chrome/116.0.1938.76 Safari/537.36"
40.77.167.68 - - [30/Jan/2024:12:18:15 +0100] "GET /cookieconsentbar/cookieconsentbar.css HTTP/1.0" 200 270 "-" "Mozilla/5.0 AppleWebKit/537.36 (KHTML, like Gecko; compatible; bingbot/2.0; +http://www.bing.com/bingbot.htm) Chrome/116.0.1938.76 Safari/537.36"
40.77.167.14 - - [30/Jan/2024:12:18:17 +0100] "GET /font-awesome-4.0.3/css/font-awesome.css HTTP/1.0" 200 272 "-" "Mozilla/5.0 AppleWebKit/537.36 (KHTML, like Gecko; compatible; bingbot/2.0; +http://www.bing.com/bingbot.htm) Chrome/116.0.1938.76 Safari/537.36"
40.77.167.14 - - [30/Jan/2024:12:18:18 +0100] "GET /script.responsive.js HTTP/1.0" 200 260 "-" "Mozilla/5.0 AppleWebKit/537.36 (KHTML, like Gecko; compatible; bingbot/2.0; +http://www.bing.com/bingbot.htm) Chrome/116.0.1938.76 Safari/537.36"
40.77.167.14 - - [30/Jan/2024:12:18:18 +0100] "GET /themes-nivo/light/light.css HTTP/1.0" 200 260 "-" "Mozilla/5.0 AppleWebKit/537.36 (KHTML, like Gecko; compatible; bingbot/2.0; +http://www.bing.com/bingbot.htm) Chrome/116.0.1938.76 Safari/537.36"
40.77.167.68 - - [30/Jan/2024:12:18:24 +0100] "GET /highslide/highslide.js HTTP/1.0" 200 262 "-" "Mozilla/5.0 AppleWebKit/537.36 (KHTML, like Gecko; compatible; bingbot/2.0; +http://www.bing.com/bingbot.htm) Chrome/116.0.1938.76 Safari/537.36"
40.77.167.68 - - [30/Jan/2024:12:18:24 +0100] "GET /jquery.js HTTP/1.0" 200 249 "-" "Mozilla/5.0 AppleWebKit/537.36 (KHTML, like Gecko; compatible; bingbot/2.0; +http://www.bing.com/bingbot.htm) Chrome/116.0.1938.76 Safari/537.36"
40.77.167.68 - - [30/Jan/2024:12:18:24 +0100] "GET /style.css HTTP/1.0" 200 242 "-" "Mozilla/5.0 AppleWebKit/537.36 (KHTML, like Gecko; compatible; bingbot/2.0; +http://www.bing.com/bingbot.htm) Chrome/116.0.1938.76 Safari/537.36"
40.77.167.68 - - [30/Jan/2024:12:18:25 +0100] "GET /themes-nivo/default/default.css HTTP/1.0" 200 264 "-" "Mozilla/5.0 AppleWebKit/537.36 (KHTML, like Gecko; compatible; bingbot/2.0; +http://www.bing.com/bingbot.htm) Chrome/116.0.1938.76 Safari/537.36"
69.162.124.230 - - [30/Jan/2024:12:21:49 +0100] "HEAD / HTTP/1.0" 200 383 "http://www.reflexpro.fr" "Mozilla/5.0+(compatible; UptimeRobot/2.0; http://www.uptimerobot.com/)"
54.36.148.7 - - [30/Jan/2024:12:22:04 +0100] "GET /pentax-50-200-f4-56-al-wr-p-1896.html HTTP/1.0" 200 27982 "-" "Mozilla/5.0 (compatible; AhrefsBot/7.0; +http://ahrefs.com/robot/)"
17.241.75.82 - - [30/Jan/2024:12:22:42 +0100] "GET /-c-351.html HTTP/1.0" 200 24321 "-" "Mozilla/5.0 (Macintosh; Intel Mac OS X 10_15_5) AppleWebKit/605.1.15 (KHTML, like Gecko) Version/13.1.1 Safari/605.1.15 (Applebot/0.1; +http://www.apple.com/go/applebot)"
66.249.93.137 - - [30/Jan/2024:12:24:52 +0100] "GET /images/Leica-CL.jpg HTTP/1.0" 200 254 "-" "Mozilla/5.0 (Windows NT 5.1; rv:11.0) Gecko Firefox/11.0 (via ggpht.com GoogleImageProxy)"
69.162.124.230 - - [30/Jan/2024:12:26:57 +0100] "HEAD / HTTP/1.0" 200 383 "http://www.reflexpro.fr" "Mozilla/5.0+(compatible; UptimeRobot/2.0; http://www.uptimerobot.com/)"
66.249.66.21 - - [30/Jan/2024:12:27:39 +0100] "GET /images/SONOS-Enceintes-exterieures-Outdoor-Black-by-Sonance.jpg HTTP/1.0" 200 298 "-" "Googlebot-Image/1.0"
69.162.124.230 - - [30/Jan/2024:12:31:49 +0100] "HEAD / HTTP/1.0" 200 383 "http://www.reflexpro.fr" "Mozilla/5.0+(compatible; UptimeRobot/2.0; http://www.uptimerobot.com/)"
40.77.190.17 - - [30/Jan/2024:12:34:05 +0100] "GET /highslide/graphics/zoomout.cur HTTP/1.0" 200 614 "-" "Mozilla/5.0 AppleWebKit/537.36 (KHTML, like Gecko; compatible; bingbot/2.0; +http://www.bing.com/bingbot.htm) Chrome/100.0.4896.127 Safari/537.36"
69.162.124.230 - - [30/Jan/2024:12:36:51 +0100] "HEAD / HTTP/1.0" 200 383 "http://www.reflexpro.fr" "Mozilla/5.0+(compatible; UptimeRobot/2.0; http://www.uptimerobot.com/)"
40.77.167.16 - - [30/Jan/2024:12:36:56 +0100] "GET /kef-lsx-wireless-rouge-bordeaux-la-paire-p-2767.html HTTP/1.0" 301 22090 "-" "Mozilla/5.0 AppleWebKit/537.36 (KHTML, like Gecko; compatible; bingbot/2.0; +http://www.bing.com/bingbot.htm) Chrome/116.0.1938.76 Safari/537.36"
66.249.66.23 - - [30/Jan/2024:12:37:01 +0100] "GET /amplificateurs-stro-c-276_288.html HTTP/1.0" 301 32611 "-" "Mozilla/5.0 (Linux; Android 6.0.1; Nexus 5X Build/MMB29P) AppleWebKit/537.36 (KHTML, like Gecko) Chrome/121.0.6167.85 Mobile Safari/537.36 (compatible; Googlebot/2.1; +http://www.google.com/bot.html)"
66.249.66.22 - - [30/Jan/2024:12:37:02 +0100] "GET /amplificateurs-stereo-c-288.html HTTP/1.0" 301 32518 "-" "Mozilla/5.0 (Linux; Android 6.0.1; Nexus 5X Build/MMB29P) AppleWebKit/537.36 (KHTML, like Gecko) Chrome/121.0.6167.85 Mobile Safari/537.36 (compatible; Googlebot/2.1; +http://www.google.com/bot.html)"
66.249.66.22 - - [30/Jan/2024:12:37:02 +0100] "GET /amplificateurs-stereo-c-276_288.html HTTP/1.0" 200 32528 "-" "Mozilla/5.0 (Linux; Android 6.0.1; Nexus 5X Build/MMB29P) AppleWebKit/537.36 (KHTML, like Gecko) Chrome/121.0.6167.85 Mobile Safari/537.36 (compatible; Googlebot/2.1; +http://www.google.com/bot.html)"
66.249.66.22 - - [30/Jan/2024:12:37:04 +0100] "GET /style.responsive.css HTTP/1.0" 200 253 "http://www.reflexpro.fr/amplificateurs-stereo-c-276_288.html" "Mozilla/5.0 (Linux; Android 6.0.1; Nexus 5X Build/MMB29P) AppleWebKit/537.36 (KHTML, like Gecko) Chrome/120.0.6099.224 Mobile Safari/537.36 (compatible; Googlebot/2.1; +http://www.google.com/bot.html)"
40.77.167.70 - - [30/Jan/2024:12:38:19 +0100] "GET /silicon-power-sdhc-go-class-10-pr-1163.html HTTP/1.0" 200 26225 "-" "Mozilla/5.0 AppleWebKit/537.36 (KHTML, like Gecko; compatible; bingbot/2.0; +http://www.bing.com/bingbot.htm) Chrome/116.0.1938.76 Safari/537.36"
52.167.144.194 - - [30/Jan/2024:12:38:47 +0100] "GET /kef-ls50-blanche-pr-2299.html HTTP/1.0" 302 464 "-" "Mozilla/5.0 AppleWebKit/537.36 (KHTML, like Gecko; compatible; bingbot/2.0; +http://www.bing.com/bingbot.htm) Chrome/116.0.1938.76 Safari/537.36"
17.241.219.15 - - [30/Jan/2024:12:39:49 +0100] "GET /images/JP85ibI47tg.jpeg HTTP/1.0" 200 258 "-" "Mozilla/5.0 (Macintosh; Intel Mac OS X 10_15_5) AppleWebKit/605.1.15 (KHTML, like Gecko) Version/13.1.1 Safari/605.1.15 (Applebot/0.1; +http://www.apple.com/go/applebot)"
69.162.124.230 - - [30/Jan/2024:12:41:51 +0100] "HEAD / HTTP/1.0" 200 383 "http://www.reflexpro.fr" "Mozilla/5.0+(compatible; UptimeRobot/2.0; http://www.uptimerobot.com/)"
120.33.231.203 - - [30/Jan/2024:12:43:58 +0100] "GET / HTTP/1.0" 200 35969 "http://www.abaiak.com/" "Mozilla/5.0 (Windows NT 10.0; Win64; x64) AppleWebKit/537.36 (KHTML, like Gecko) Chrome/120.0.0.0 Safari/537.36"
66.249.66.22 - - [30/Jan/2024:12:44:05 +0100] "GET /array-m-18.html?page=2 HTTP/1.0" 200 41568 "-" "Mozilla/5.0 (Linux; Android 6.0.1; Nexus 5X Build/MMB29P) AppleWebKit/537.36 (KHTML, like Gecko) Chrome/121.0.6167.85 Mobile Safari/537.36 (compatible; GoogleOther)"
66.249.66.22 - - [30/Jan/2024:12:44:11 +0100] "GET /images/mini_prod/tamron28-200sony.jpg HTTP/1.0" 200 272 "-" "Googlebot-Image/1.0"
66.249.66.21 - - [30/Jan/2024:12:44:11 +0100] "GET /images/mini_prod/tamron17-28%20sony%20FE.jpg HTTP/1.0" 200 275 "-" "Googlebot-Image/1.0"
66.249.66.21 - - [30/Jan/2024:12:44:11 +0100] "GET /images/mini_prod/TAMRON-Objectif-11-20mm-f-2-8-Di-III-A-VC-RXD-compatible-avec-Sony-E.jpg HTTP/1.0" 200 324 "-" "Googlebot-Image/1.0"
66.249.66.21 - - [30/Jan/2024:12:44:15 +0100] "GET /images/icone_contacter.jpg HTTP/1.0" 200 261 "-" "Googlebot-Image/1.0"
205.210.31.68 - - [30/Jan/2024:12:46:12 +0100] "GET / HTTP/1.0" 200 35969 "-" "Expanse, a Palo Alto Networks company, searches across the global IPv4 space multiple times per day to identify customers&#39; presences on the Internet. If you would like to be excluded from our scans, please send IP addresses/domains to: scaninfo@paloaltonetworks.com"
69.162.124.230 - - [30/Jan/2024:12:46:50 +0100] "HEAD / HTTP/1.0" 200 383 "http://www.reflexpro.fr" "Mozilla/5.0+(compatible; UptimeRobot/2.0; http://www.uptimerobot.com/)"
69.162.124.230 - - [30/Jan/2024:12:51:50 +0100] "HEAD / HTTP/1.0" 200 383 "http://www.reflexpro.fr" "Mozilla/5.0+(compatible; UptimeRobot/2.0; http://www.uptimerobot.com/)"
66.249.66.23 - - [30/Jan/2024:12:53:56 +0100] "GET /sigma-800-f56-dg-ex-hsm-monture-canon-p-1338.html HTTP/1.0" 200 31958 "-" "Mozilla/5.0 (compatible; Googlebot/2.1; +http://www.google.com/bot.html)"
69.162.124.230 - - [30/Jan/2024:12:57:05 +0100] "HEAD / HTTP/1.0" 200 383 "http://www.reflexpro.fr" "Mozilla/5.0+(compatible; UptimeRobot/2.0; http://www.uptimerobot.com/)"
216.244.66.233 - - [30/Jan/2024:13:01:26 +0100] "GET /robots.txt HTTP/1.0" 200 245 "-" "Mozilla/5.0 (compatible; DotBot/1.2; +https://opensiteexplorer.org/dotbot; help@moz.com)"
69.162.124.230 - - [30/Jan/2024:13:01:59 +0100] "HEAD / HTTP/1.0" 200 383 "http://www.reflexpro.fr" "Mozilla/5.0+(compatible; UptimeRobot/2.0; http://www.uptimerobot.com/)"
69.162.124.230 - - [30/Jan/2024:13:06:50 +0100] "HEAD / HTTP/1.0" 200 383 "http://www.reflexpro.fr" "Mozilla/5.0+(compatible; UptimeRobot/2.0; http://www.uptimerobot.com/)"
69.162.124.230 - - [30/Jan/2024:13:11:50 +0100] "HEAD / HTTP/1.0" 200 383 "http://www.reflexpro.fr" "Mozilla/5.0+(compatible; UptimeRobot/2.0; http://www.uptimerobot.com/)"
66.249.66.23 - - [30/Jan/2024:13:13:13 +0100] "GET /array-m-1.html?page=3 HTTP/1.0" 200 41837 "-" "Mozilla/5.0 (Linux; Android 6.0.1; Nexus 5X Build/MMB29P) AppleWebKit/537.36 (KHTML, like Gecko) Chrome/121.0.6167.85 Mobile Safari/537.36 (compatible; GoogleOther)"
66.249.66.21 - - [30/Jan/2024:13:13:21 +0100] "GET /images/mini_prod/son%201650%20f2.8.jpg HTTP/1.0" 200 269 "-" "Googlebot-Image/1.0"
69.162.124.230 - - [30/Jan/2024:13:16:50 +0100] "HEAD / HTTP/1.0" 200 383 "http://www.reflexpro.fr" "Mozilla/5.0+(compatible; UptimeRobot/2.0; http://www.uptimerobot.com/)"
216.244.66.233 - - [30/Jan/2024:13:17:23 +0100] "GET /images/fivewhitemaison.jpg HTTP/1.0" 200 261 "-" "Mozilla/5.0 (compatible; DotBot/1.2; +https://opensiteexplorer.org/dotbot; help@moz.com)"
66.249.66.22 - - [30/Jan/2024:13:20:15 +0100] "GET /tamron-70-300-f4-56-di-vc-sp-monture-sony-p-1921.html HTTP/1.0" 200 33113 "-" "Mozilla/5.0 (Linux; Android 6.0.1; Nexus 5X Build/MMB29P) AppleWebKit/537.36 (KHTML, like Gecko) Chrome/121.0.6167.85 Mobile Safari/537.36 (compatible; Googlebot/2.1; +http://www.google.com/bot.html)"
66.249.66.22 - - [30/Jan/2024:13:20:57 +0100] "GET /tamron-70-300-f4-56-di-vc-sp-monture-sony-p-1921.html HTTP/1.0" 200 33113 "-" "Mozilla/5.0 (compatible; Googlebot/2.1; +http://www.google.com/bot.html)"
69.162.124.230 - - [30/Jan/2024:13:21:50 +0100] "HEAD / HTTP/1.0" 200 383 "http://www.reflexpro.fr" "Mozilla/5.0+(compatible; UptimeRobot/2.0; http://www.uptimerobot.com/)"
69.162.124.230 - - [30/Jan/2024:13:26:50 +0100] "HEAD / HTTP/1.0" 200 383 "http://www.reflexpro.fr" "Mozilla/5.0+(compatible; UptimeRobot/2.0; http://www.uptimerobot.com/)"
69.162.124.230 - - [30/Jan/2024:13:31:50 +0100] "HEAD / HTTP/1.0" 200 383 "http://www.reflexpro.fr" "Mozilla/5.0+(compatible; UptimeRobot/2.0; http://www.uptimerobot.com/)"
66.249.66.21 - - [30/Jan/2024:13:35:43 +0100] "GET /sigma-70-200mm-f28-dg-os-hsm-sport-canon-p-2605.html HTTP/1.0" 200 32282 "-" "Mozilla/5.0 (Linux; Android 6.0.1; Nexus 5X Build/MMB29P) AppleWebKit/537.36 (KHTML, like Gecko) Chrome/121.0.6167.85 Mobile Safari/537.36 (compatible; GoogleOther)"
66.249.66.21 - - [30/Jan/2024:13:35:47 +0100] "GET /images/SIGMA-70-200mm-f-2-8-OS-Sport-CANON.jpg HTTP/1.0" 200 281 "-" "Googlebot-Image/1.0"
66.249.66.22 - - [30/Jan/2024:13:35:48 +0100] "GET /images/mini_prod/SIGMA-70-200mm-f-2-8-OS-Sport-CANON.jpg HTTP/1.0" 200 291 "-" "Googlebot-Image/1.0"
69.162.124.230 - - [30/Jan/2024:13:36:49 +0100] "HEAD / HTTP/1.0" 200 383 "http://www.reflexpro.fr" "Mozilla/5.0+(compatible; UptimeRobot/2.0; http://www.uptimerobot.com/)"
69.162.124.230 - - [30/Jan/2024:13:41:50 +0100] "HEAD / HTTP/1.0" 200 383 "http://www.reflexpro.fr" "Mozilla/5.0+(compatible; UptimeRobot/2.0; http://www.uptimerobot.com/)"
69.162.124.230 - - [30/Jan/2024:13:46:50 +0100] "HEAD / HTTP/1.0" 200 383 "http://www.reflexpro.fr" "Mozilla/5.0+(compatible; UptimeRobot/2.0; http://www.uptimerobot.com/)"
69.162.124.230 - - [30/Jan/2024:13:51:50 +0100] "HEAD / HTTP/1.0" 200 383 "http://www.reflexpro.fr" "Mozilla/5.0+(compatible; UptimeRobot/2.0; http://www.uptimerobot.com/)"
69.162.124.230 - - [30/Jan/2024:13:56:50 +0100] "HEAD / HTTP/1.0" 200 383 "http://www.reflexpro.fr" "Mozilla/5.0+(compatible; UptimeRobot/2.0; http://www.uptimerobot.com/)"
216.244.66.233 - - [30/Jan/2024:13:57:34 +0100] "GET /robots.txt HTTP/1.0" 200 245 "-" "Mozilla/5.0 (compatible; DotBot/1.2; +https://opensiteexplorer.org/dotbot; help@moz.com)"
40.83.38.140 - - [30/Jan/2024:13:57:57 +0100] "GET / HTTP/1.0" 200 35969 "-" "Mozilla/5.0 (Windows NT 10.0; Win64; x64) AppleWebKit/537.36 (KHTML, like Gecko) Chrome/102.0.5005.63 Safari/537.36"
40.83.38.140 - - [30/Jan/2024:13:58:02 +0100] "GET /style.css HTTP/1.0" 200 242 "http://www.reflexpro.fr/" "Mozilla/5.0 (Windows NT 10.0; Win64; x64) AppleWebKit/537.36 (KHTML, like Gecko) Chrome/102.0.5005.63 Safari/537.36"
40.83.38.140 - - [30/Jan/2024:13:58:03 +0100] "GET /style.responsive.css HTTP/1.0" 200 253 "http://www.reflexpro.fr/" "Mozilla/5.0 (Windows NT 10.0; Win64; x64) AppleWebKit/537.36 (KHTML, like Gecko) Chrome/102.0.5005.63 Safari/537.36"
40.83.38.140 - - [30/Jan/2024:13:58:03 +0100] "GET /font-awesome-4.0.3/css/font-awesome.css HTTP/1.0" 200 272 "http://www.reflexpro.fr/" "Mozilla/5.0 (Windows NT 10.0; Win64; x64) AppleWebKit/537.36 (KHTML, like Gecko) Chrome/102.0.5005.63 Safari/537.36"
40.83.38.140 - - [30/Jan/2024:13:58:03 +0100] "GET /templates/Pixame_v1/stylesheet.css HTTP/1.0" 200 267 "http://www.reflexpro.fr/" "Mozilla/5.0 (Windows NT 10.0; Win64; x64) AppleWebKit/537.36 (KHTML, like Gecko) Chrome/102.0.5005.63 Safari/537.36"
40.83.38.140 - - [30/Jan/2024:13:58:03 +0100] "GET /themes-nivo/light/light.css HTTP/1.0" 200 260 "http://www.reflexpro.fr/" "Mozilla/5.0 (Windows NT 10.0; Win64; x64) AppleWebKit/537.36 (KHTML, like Gecko) Chrome/102.0.5005.63 Safari/537.36"
40.83.38.140 - - [30/Jan/2024:13:58:03 +0100] "GET /themes-nivo/default/default.css HTTP/1.0" 200 264 "http://www.reflexpro.fr/" "Mozilla/5.0 (Windows NT 10.0; Win64; x64) AppleWebKit/537.36 (KHTML, like Gecko) Chrome/102.0.5005.63 Safari/537.36"
40.83.38.140 - - [30/Jan/2024:13:58:03 +0100] "GET /themes-nivo/dark/dark.css HTTP/1.0" 200 258 "http://www.reflexpro.fr/" "Mozilla/5.0 (Windows NT 10.0; Win64; x64) AppleWebKit/537.36 (KHTML, like Gecko) Chrome/102.0.5005.63 Safari/537.36"
40.83.38.140 - - [30/Jan/2024:13:58:05 +0100] "GET /themes-nivo/bar/bar.css HTTP/1.0" 200 256 "http://www.reflexpro.fr/" "Mozilla/5.0 (Windows NT 10.0; Win64; x64) AppleWebKit/537.36 (KHTML, like Gecko) Chrome/102.0.5005.63 Safari/537.36"
