109.31.195.216 - - [30/Jan/2024:21:02:18 +0100] "GET /images/logo-2130545471.png HTTP/1.0" 200 260 "http://www.reflexpro.fr/sigma-70-f28-dg-ex-macro-monture-nikon-p-1333.html" "Mozilla/5.0 (iPhone; CPU iPhone OS 15_7_1 like Mac OS X) AppleWebKit/605.1.15 (KHTML, like Gecko) Version/15.6.3 Mobile/15E148 Safari/604.1"
109.31.195.216 - - [30/Jan/2024:21:02:18 +0100] "GET /images/7028.jpg HTTP/1.0" 200 250 "http://www.reflexpro.fr/sigma-70-f28-dg-ex-macro-monture-nikon-p-1333.html" "Mozilla/5.0 (iPhone; CPU iPhone OS 15_7_1 like Mac OS X) AppleWebKit/605.1.15 (KHTML, like Gecko) Version/15.6.3 Mobile/15E148 Safari/604.1"
109.31.195.216 - - [30/Jan/2024:21:02:18 +0100] "GET /images/icon_paiement.jpg HTTP/1.0" 200 259 "http://www.reflexpro.fr/sigma-70-f28-dg-ex-macro-monture-nikon-p-1333.html" "Mozilla/5.0 (iPhone; CPU iPhone OS 15_7_1 like Mac OS X) AppleWebKit/605.1.15 (KHTML, like Gecko) Version/15.6.3 Mobile/15E148 Safari/604.1"
109.31.195.216 - - [30/Jan/2024:21:02:18 +0100] "GET /images/qui-sommes-nous.jpg HTTP/1.0" 200 261 "http://www.reflexpro.fr/sigma-70-f28-dg-ex-macro-monture-nikon-p-1333.html" "Mozilla/5.0 (iPhone; CPU iPhone OS 15_7_1 like Mac OS X) AppleWebKit/605.1.15 (KHTML, like Gecko) Version/15.6.3 Mobile/15E148 Safari/604.1"
109.31.195.216 - - [30/Jan/2024:21:02:18 +0100] "GET /images/page.jpeg HTTP/1.0" 200 251 "http://www.reflexpro.fr/sigma-70-f28-dg-ex-macro-monture-nikon-p-1333.html" "Mozilla/5.0 (iPhone; CPU iPhone OS 15_7_1 like Mac OS X) AppleWebKit/605.1.15 (KHTML, like Gecko) Version/15.6.3 Mobile/15E148 Safari/604.1"
109.31.195.216 - - [30/Jan/2024:21:02:18 +0100] "GET /images/header.png HTTP/1.0" 200 251 "http://www.reflexpro.fr/sigma-70-f28-dg-ex-macro-monture-nikon-p-1333.html" "Mozilla/5.0 (iPhone; CPU iPhone OS 15_7_1 like Mac OS X) AppleWebKit/605.1.15 (KHTML, like Gecko) Version/15.6.3 Mobile/15E148 Safari/604.1"
109.31.195.216 - - [30/Jan/2024:21:02:18 +0100] "GET /images/object227400126.png HTTP/1.0" 200 515 "http://www.reflexpro.fr/sigma-70-f28-dg-ex-macro-monture-nikon-p-1333.html" "Mozilla/5.0 (iPhone; CPU iPhone OS 15_7_1 like Mac OS X) AppleWebKit/605.1.15 (KHTML, like Gecko) Version/15.6.3 Mobile/15E148 Safari/604.1"
109.31.195.216 - - [30/Jan/2024:21:02:18 +0100] "GET /images/searchicon.png HTTP/1.0" 200 664 "http://www.reflexpro.fr/sigma-70-f28-dg-ex-macro-monture-nikon-p-1333.html" "Mozilla/5.0 (iPhone; CPU iPhone OS 15_7_1 like Mac OS X) AppleWebKit/605.1.15 (KHTML, like Gecko) Version/15.6.3 Mobile/15E148 Safari/604.1"
109.31.195.216 - - [30/Jan/2024:21:02:18 +0100] "GET /images/footerbullets.png HTTP/1.0" 200 503 "http://www.reflexpro.fr/sigma-70-f28-dg-ex-macro-monture-nikon-p-1333.html" "Mozilla/5.0 (iPhone; CPU iPhone OS 15_7_1 like Mac OS X) AppleWebKit/605.1.15 (KHTML, like Gecko) Version/15.6.3 Mobile/15E148 Safari/604.1"
109.31.195.216 - - [30/Jan/2024:21:02:20 +0100] "GET /highslide/graphics/zoomout.cur HTTP/1.0" 200 614 "http://www.reflexpro.fr/sigma-70-f28-dg-ex-macro-monture-nikon-p-1333.html" "Mozilla/5.0 (iPhone; CPU iPhone OS 15_7_1 like Mac OS X) AppleWebKit/605.1.15 (KHTML, like Gecko) Version/15.6.3 Mobile/15E148 Safari/604.1"
40.77.167.48 - - [30/Jan/2024:21:06:49 +0100] "GET /sonos-play-blanche-pr-2141.html HTTP/1.0" 302 464 "-" "Mozilla/5.0 AppleWebKit/537.36 (KHTML, like Gecko; compatible; bingbot/2.0; +http://www.bing.com/bingbot.htm) Chrome/116.0.1938.76 Safari/537.36"
69.162.124.230 - - [30/Jan/2024:21:09:29 +0100] "HEAD / HTTP/1.0" 200 383 "http://www.reflexpro.fr" "Mozilla/5.0+(compatible; UptimeRobot/2.0; http://www.uptimerobot.com/)"
109.122.190.154 - - [30/Jan/2024:21:10:39 +0100] "GET / HTTP/1.0" 200 35969 "-" "Mozilla/5.0 (Linux; Android 10; K) AppleWebKit/537.36 (KHTML, like Gecko) Chrome/120.0.0.0 Mobile Safari/537.36"
109.122.190.154 - - [30/Jan/2024:21:10:40 +0100] "GET /images/logo-2130545471.png HTTP/1.0" 200 260 "http://www.reflexpro.fr/" "Mozilla/5.0 (Linux; Android 10; K) AppleWebKit/537.36 (KHTML, like Gecko) Chrome/120.0.0.0 Mobile Safari/537.36"
109.122.190.154 - - [30/Jan/2024:21:10:40 +0100] "GET /images/banniereimplosivedevialet.jpg HTTP/1.0" 200 271 "http://www.reflexpro.fr/" "Mozilla/5.0 (Linux; Android 10; K) AppleWebKit/537.36 (KHTML, like Gecko) Chrome/120.0.0.0 Mobile Safari/537.36"
109.122.190.154 - - [30/Jan/2024:21:10:40 +0100] "GET /images/page.jpeg HTTP/1.0" 200 251 "http://www.reflexpro.fr/style.css" "Mozilla/5.0 (Linux; Android 10; K) AppleWebKit/537.36 (KHTML, like Gecko) Chrome/120.0.0.0 Mobile Safari/537.36"
109.122.190.154 - - [30/Jan/2024:21:10:40 +0100] "GET /images/mini_prod/audioquest-pearl-hdmi-48.jpg HTTP/1.0" 200 280 "http://www.reflexpro.fr/" "Mozilla/5.0 (Linux; Android 10; K) AppleWebKit/537.36 (KHTML, like Gecko) Chrome/120.0.0.0 Mobile Safari/537.36"
109.122.190.154 - - [30/Jan/2024:21:10:41 +0100] "GET /images/mini_prod/audioquest-nrg-y3.jpg HTTP/1.0" 200 273 "http://www.reflexpro.fr/" "Mozilla/5.0 (Linux; Android 10; K) AppleWebKit/537.36 (KHTML, like Gecko) Chrome/120.0.0.0 Mobile Safari/537.36"
109.122.190.154 - - [30/Jan/2024:21:10:41 +0100] "GET /images/mini_prod/monsoon.jpg HTTP/1.0" 200 263 "http://www.reflexpro.fr/" "Mozilla/5.0 (Linux; Android 10; K) AppleWebKit/537.36 (KHTML, like Gecko) Chrome/120.0.0.0 Mobile Safari/537.36"
109.122.190.154 - - [30/Jan/2024:21:10:41 +0100] "GET /images/bannieregolddevialet.jpg HTTP/1.0" 200 266 "http://www.reflexpro.fr/" "Mozilla/5.0 (Linux; Android 10; K) AppleWebKit/537.36 (KHTML, like Gecko) Chrome/120.0.0.0 Mobile Safari/537.36"
109.122.190.154 - - [30/Jan/2024:21:10:41 +0100] "GET /images/mini_prod/audioquest-sydney.jpg HTTP/1.0" 200 273 "http://www.reflexpro.fr/" "Mozilla/5.0 (Linux; Android 10; K) AppleWebKit/537.36 (KHTML, like Gecko) Chrome/120.0.0.0 Mobile Safari/537.36"
66.249.66.22 - - [30/Jan/2024:21:10:45 +0100] "GET /sigma-70-f28-dg-ex-macro-monture-pentax-p-1334.html HTTP/1.0" 200 30664 "-" "Mozilla/5.0 (Linux; Android 6.0.1; Nexus 5X Build/MMB29P) AppleWebKit/537.36 (KHTML, like Gecko) Chrome/121.0.6167.85 Mobile Safari/537.36 (compatible; Googlebot/2.1; +http://www.google.com/bot.html)"
66.249.66.22 - - [30/Jan/2024:21:10:46 +0100] "GET /sigma-70-f28-dg-ex-macro-monture-nikon-p-1333.html HTTP/1.0" 200 30658 "-" "Mozilla/5.0 (compatible; Googlebot/2.1; +http://www.google.com/bot.html)"
109.122.190.154 - - [30/Jan/2024:21:10:56 +0100] "GET /hybrides-c-271_273.html HTTP/1.0" 200 42999 "http://www.reflexpro.fr/" "Mozilla/5.0 (Linux; Android 10; K) AppleWebKit/537.36 (KHTML, like Gecko) Chrome/120.0.0.0 Mobile Safari/537.36"
109.122.190.154 - - [30/Jan/2024:21:10:57 +0100] "GET /images/mini_prod/a5000noir.jpg HTTP/1.0" 200 265 "http://www.reflexpro.fr/hybrides-c-271_273.html" "Mozilla/5.0 (Linux; Android 10; K) AppleWebKit/537.36 (KHTML, like Gecko) Chrome/120.0.0.0 Mobile Safari/537.36"
109.122.190.154 - - [30/Jan/2024:21:10:57 +0100] "GET /images/mini_prod/nikj51030sil.jpg HTTP/1.0" 200 268 "http://www.reflexpro.fr/hybrides-c-271_273.html" "Mozilla/5.0 (Linux; Android 10; K) AppleWebKit/537.36 (KHTML, like Gecko) Chrome/120.0.0.0 Mobile Safari/537.36"
109.122.190.154 - - [30/Jan/2024:21:10:57 +0100] "GET /images/mini_prod/fujixe3nusilver.jpg HTTP/1.0" 200 271 "http://www.reflexpro.fr/hybrides-c-271_273.html" "Mozilla/5.0 (Linux; Android 10; K) AppleWebKit/537.36 (KHTML, like Gecko) Chrome/120.0.0.0 Mobile Safari/537.36"
109.122.190.154 - - [30/Jan/2024:21:10:57 +0100] "GET /images/mini_prod/1%20(9).jpg HTTP/1.0" 200 261 "http://www.reflexpro.fr/hybrides-c-271_273.html" "Mozilla/5.0 (Linux; Android 10; K) AppleWebKit/537.36 (KHTML, like Gecko) Chrome/120.0.0.0 Mobile Safari/537.36"
109.122.190.154 - - [30/Jan/2024:21:10:57 +0100] "GET /images/mini_prod/a6000-16-50.jpg HTTP/1.0" 200 267 "http://www.reflexpro.fr/hybrides-c-271_273.html" "Mozilla/5.0 (Linux; Android 10; K) AppleWebKit/537.36 (KHTML, like Gecko) Chrome/120.0.0.0 Mobile Safari/537.36"
109.122.190.154 - - [30/Jan/2024:21:11:33 +0100] "GET /hybrides-c-271_273.html?page=2 HTTP/1.0" 200 44050 "http://www.reflexpro.fr/hybrides-c-271_273.html" "Mozilla/5.0 (Linux; Android 10; K) AppleWebKit/537.36 (KHTML, like Gecko) Chrome/120.0.0.0 Mobile Safari/537.36"
109.122.190.154 - - [30/Jan/2024:21:11:34 +0100] "GET /images/mini_prod/a6000sil.jpg HTTP/1.0" 200 264 "http://www.reflexpro.fr/hybrides-c-271_273.html?page=2" "Mozilla/5.0 (Linux; Android 10; K) AppleWebKit/537.36 (KHTML, like Gecko) Chrome/120.0.0.0 Mobile Safari/537.36"
109.122.190.154 - - [30/Jan/2024:21:11:34 +0100] "GET /images/mini_prod/1%20(10).jpg HTTP/1.0" 200 262 "http://www.reflexpro.fr/hybrides-c-271_273.html?page=2" "Mozilla/5.0 (Linux; Android 10; K) AppleWebKit/537.36 (KHTML, like Gecko) Chrome/120.0.0.0 Mobile Safari/537.36"
109.122.190.154 - - [30/Jan/2024:21:11:34 +0100] "GET /images/mini_prod/OLYMPUS-OM-D-E-M10-III-SILVER-14-150-NOIR.jpg HTTP/1.0" 200 297 "http://www.reflexpro.fr/hybrides-c-271_273.html?page=2" "Mozilla/5.0 (Linux; Android 10; K) AppleWebKit/537.36 (KHTML, like Gecko) Chrome/120.0.0.0 Mobile Safari/537.36"
109.122.190.154 - - [30/Jan/2024:21:11:34 +0100] "GET /images/mini_prod/olympusomdem10blacknu.jpg HTTP/1.0" 200 277 "http://www.reflexpro.fr/hybrides-c-271_273.html?page=2" "Mozilla/5.0 (Linux; Android 10; K) AppleWebKit/537.36 (KHTML, like Gecko) Chrome/120.0.0.0 Mobile Safari/537.36"
109.122.190.154 - - [30/Jan/2024:21:11:34 +0100] "GET /images/mini_prod/olympusOMDE-10.jpg HTTP/1.0" 200 270 "http://www.reflexpro.fr/hybrides-c-271_273.html?page=2" "Mozilla/5.0 (Linux; Android 10; K) AppleWebKit/537.36 (KHTML, like Gecko) Chrome/120.0.0.0 Mobile Safari/537.36"
109.122.190.154 - - [30/Jan/2024:21:11:34 +0100] "GET /images/mini_prod/EOSm50blanc1545.png HTTP/1.0" 200 270 "http://www.reflexpro.fr/hybrides-c-271_273.html?page=2" "Mozilla/5.0 (Linux; Android 10; K) AppleWebKit/537.36 (KHTML, like Gecko) Chrome/120.0.0.0 Mobile Safari/537.36"
109.122.190.154 - - [30/Jan/2024:21:11:34 +0100] "GET /images/mini_prod/EOSm50noir1545.png HTTP/1.0" 200 269 "http://www.reflexpro.fr/hybrides-c-271_273.html?page=2" "Mozilla/5.0 (Linux; Android 10; K) AppleWebKit/537.36 (KHTML, like Gecko) Chrome/120.0.0.0 Mobile Safari/537.36"
109.122.190.154 - - [30/Jan/2024:21:11:34 +0100] "GET /images/mini_prod/1%20(12).jpg HTTP/1.0" 200 262 "http://www.reflexpro.fr/hybrides-c-271_273.html?page=2" "Mozilla/5.0 (Linux; Android 10; K) AppleWebKit/537.36 (KHTML, like Gecko) Chrome/120.0.0.0 Mobile Safari/537.36"
109.122.190.154 - - [30/Jan/2024:21:11:34 +0100] "GET /images/mini_prod/1%20(11).jpg HTTP/1.0" 200 262 "http://www.reflexpro.fr/hybrides-c-271_273.html?page=2" "Mozilla/5.0 (Linux; Android 10; K) AppleWebKit/537.36 (KHTML, like Gecko) Chrome/120.0.0.0 Mobile Safari/537.36"
109.122.190.154 - - [30/Jan/2024:21:11:34 +0100] "GET /images/mini_prod/panasonic12_60mmf2.84.jpg HTTP/1.0" 200 277 "http://www.reflexpro.fr/hybrides-c-271_273.html?page=2" "Mozilla/5.0 (Linux; Android 10; K) AppleWebKit/537.36 (KHTML, like Gecko) Chrome/120.0.0.0 Mobile Safari/537.36"
109.122.190.154 - - [30/Jan/2024:21:11:51 +0100] "GET /hybrides-c-271_273.html?page=3 HTTP/1.0" 200 44100 "http://www.reflexpro.fr/hybrides-c-271_273.html?page=2" "Mozilla/5.0 (Linux; Android 10; K) AppleWebKit/537.36 (KHTML, like Gecko) Chrome/120.0.0.0 Mobile Safari/537.36"
109.122.190.154 - - [30/Jan/2024:21:11:52 +0100] "GET /images/mini_prod/olympomdm10m4.jpg HTTP/1.0" 200 269 "http://www.reflexpro.fr/hybrides-c-271_273.html?page=3" "Mozilla/5.0 (Linux; Android 10; K) AppleWebKit/537.36 (KHTML, like Gecko) Chrome/120.0.0.0 Mobile Safari/537.36"
109.122.190.154 - - [30/Jan/2024:21:11:52 +0100] "GET /images/mini_prod/omd_e_m10_mark_ii_14-4240-150.jpg HTTP/1.0" 200 285 "http://www.reflexpro.fr/hybrides-c-271_273.html?page=3" "Mozilla/5.0 (Linux; Android 10; K) AppleWebKit/537.36 (KHTML, like Gecko) Chrome/120.0.0.0 Mobile Safari/537.36"
109.122.190.154 - - [30/Jan/2024:21:11:52 +0100] "GET /images/mini_prod/olympuxomdf-m10.jpg HTTP/1.0" 200 271 "http://www.reflexpro.fr/hybrides-c-271_273.html?page=3" "Mozilla/5.0 (Linux; Android 10; K) AppleWebKit/537.36 (KHTML, like Gecko) Chrome/120.0.0.0 Mobile Safari/537.36"
109.122.190.154 - - [30/Jan/2024:21:11:52 +0100] "GET /images/mini_prod/DC-G9nu.jpg HTTP/1.0" 200 263 "http://www.reflexpro.fr/hybrides-c-271_273.html?page=3" "Mozilla/5.0 (Linux; Android 10; K) AppleWebKit/537.36 (KHTML, like Gecko) Chrome/120.0.0.0 Mobile Safari/537.36"
109.122.190.154 - - [30/Jan/2024:21:11:52 +0100] "GET /images/mini_prod/omd214150noir.jpg HTTP/1.0" 200 269 "http://www.reflexpro.fr/hybrides-c-271_273.html?page=3" "Mozilla/5.0 (Linux; Android 10; K) AppleWebKit/537.36 (KHTML, like Gecko) Chrome/120.0.0.0 Mobile Safari/537.36"
109.122.190.154 - - [30/Jan/2024:21:11:52 +0100] "GET /images/mini_prod/a7-2870.jpg HTTP/1.0" 200 263 "http://www.reflexpro.fr/hybrides-c-271_273.html?page=3" "Mozilla/5.0 (Linux; Android 10; K) AppleWebKit/537.36 (KHTML, like Gecko) Chrome/120.0.0.0 Mobile Safari/537.36"
109.122.190.154 - - [30/Jan/2024:21:11:52 +0100] "GET /images/mini_prod/canon%20m6.jpg HTTP/1.0" 200 264 "http://www.reflexpro.fr/hybrides-c-271_273.html?page=3" "Mozilla/5.0 (Linux; Android 10; K) AppleWebKit/537.36 (KHTML, like Gecko) Chrome/120.0.0.0 Mobile Safari/537.36"
109.122.190.154 - - [30/Jan/2024:21:12:20 +0100] "GET /index.php?manufacturers_id=5 HTTP/1.0" 301 41132 "http://www.reflexpro.fr/hybrides-c-271_273.html?page=3" "Mozilla/5.0 (Linux; Android 10; K) AppleWebKit/537.36 (KHTML, like Gecko) Chrome/120.0.0.0 Mobile Safari/537.36"
109.122.190.154 - - [30/Jan/2024:21:12:20 +0100] "GET /array-m-5.html HTTP/1.0" 200 41067 "http://www.reflexpro.fr/hybrides-c-271_273.html?page=3" "Mozilla/5.0 (Linux; Android 10; K) AppleWebKit/537.36 (KHTML, like Gecko) Chrome/120.0.0.0 Mobile Safari/537.36"
109.122.190.154 - - [30/Jan/2024:21:12:21 +0100] "GET /images/mini_prod/filtre58protect.jpg HTTP/1.0" 200 271 "http://www.reflexpro.fr/array-m-5.html" "Mozilla/5.0 (Linux; Android 10; K) AppleWebKit/537.36 (KHTML, like Gecko) Chrome/120.0.0.0 Mobile Safari/537.36"
109.122.190.154 - - [30/Jan/2024:21:12:21 +0100] "GET /images/mini_prod/filtre77.jpg HTTP/1.0" 200 264 "http://www.reflexpro.fr/array-m-5.html" "Mozilla/5.0 (Linux; Android 10; K) AppleWebKit/537.36 (KHTML, like Gecko) Chrome/120.0.0.0 Mobile Safari/537.36"
109.122.190.154 - - [30/Jan/2024:21:12:21 +0100] "GET /images/mini_prod/EF-EOS_MOUNT_ADAPTER_FRT_Default_tcm79-948469.jpg HTTP/1.0" 200 301 "http://www.reflexpro.fr/array-m-5.html" "Mozilla/5.0 (Linux; Android 10; K) AppleWebKit/537.36 (KHTML, like Gecko) Chrome/120.0.0.0 Mobile Safari/537.36"
109.122.190.154 - - [30/Jan/2024:21:12:21 +0100] "GET /images/mini_prod/1855stm.jpg HTTP/1.0" 200 263 "http://www.reflexpro.fr/array-m-5.html" "Mozilla/5.0 (Linux; Android 10; K) AppleWebKit/537.36 (KHTML, like Gecko) Chrome/120.0.0.0 Mobile Safari/537.36"
109.122.190.154 - - [30/Jan/2024:21:12:21 +0100] "GET /images/mini_prod/270EX.jpg HTTP/1.0" 200 261 "http://www.reflexpro.fr/array-m-5.html" "Mozilla/5.0 (Linux; Android 10; K) AppleWebKit/537.36 (KHTML, like Gecko) Chrome/120.0.0.0 Mobile Safari/537.36"
109.122.190.154 - - [30/Jan/2024:21:12:21 +0100] "GET /images/mini_prod/can10-18.jpg HTTP/1.0" 200 264 "http://www.reflexpro.fr/array-m-5.html" "Mozilla/5.0 (Linux; Android 10; K) AppleWebKit/537.36 (KHTML, like Gecko) Chrome/120.0.0.0 Mobile Safari/537.36"
109.122.190.154 - - [30/Jan/2024:21:12:21 +0100] "GET /images/mini_prod/EX430.jpg HTTP/1.0" 200 261 "http://www.reflexpro.fr/array-m-5.html" "Mozilla/5.0 (Linux; Android 10; K) AppleWebKit/537.36 (KHTML, like Gecko) Chrome/120.0.0.0 Mobile Safari/537.36"
109.122.190.154 - - [30/Jan/2024:21:12:21 +0100] "GET /images/mini_prod/can55250is.jpg HTTP/1.0" 200 266 "http://www.reflexpro.fr/array-m-5.html" "Mozilla/5.0 (Linux; Android 10; K) AppleWebKit/537.36 (KHTML, like Gecko) Chrome/120.0.0.0 Mobile Safari/537.36"
109.122.190.154 - - [30/Jan/2024:21:12:21 +0100] "GET /images/mini_prod/can5014.jpg HTTP/1.0" 200 263 "http://www.reflexpro.fr/array-m-5.html" "Mozilla/5.0 (Linux; Android 10; K) AppleWebKit/537.36 (KHTML, like Gecko) Chrome/120.0.0.0 Mobile Safari/537.36"
109.122.190.154 - - [30/Jan/2024:21:12:22 +0100] "GET /images/mini_prod/can18135stm.jpg HTTP/1.0" 200 267 "http://www.reflexpro.fr/array-m-5.html" "Mozilla/5.0 (Linux; Android 10; K) AppleWebKit/537.36 (KHTML, like Gecko) Chrome/120.0.0.0 Mobile Safari/537.36"
109.122.190.154 - - [30/Jan/2024:21:12:22 +0100] "GET /images/mini_prod/EF_100mm_f2.8_Macro_USM_Default_tcm79-939626.jpg HTTP/1.0" 200 300 "http://www.reflexpro.fr/array-m-5.html" "Mozilla/5.0 (Linux; Android 10; K) AppleWebKit/537.36 (KHTML, like Gecko) Chrome/120.0.0.0 Mobile Safari/537.36"
109.122.190.154 - - [30/Jan/2024:21:12:22 +0100] "GET /images/mini_prod/can6028.jpg HTTP/1.0" 200 263 "http://www.reflexpro.fr/array-m-5.html" "Mozilla/5.0 (Linux; Android 10; K) AppleWebKit/537.36 (KHTML, like Gecko) Chrome/120.0.0.0 Mobile Safari/537.36"
109.122.190.154 - - [30/Jan/2024:21:12:35 +0100] "GET /index.php?manufacturers_id=4 HTTP/1.0" 301 41408 "http://www.reflexpro.fr/array-m-5.html" "Mozilla/5.0 (Linux; Android 10; K) AppleWebKit/537.36 (KHTML, like Gecko) Chrome/120.0.0.0 Mobile Safari/537.36"
109.122.190.154 - - [30/Jan/2024:21:12:35 +0100] "GET /array-m-4.html HTTP/1.0" 200 41343 "http://www.reflexpro.fr/array-m-5.html" "Mozilla/5.0 (Linux; Android 10; K) AppleWebKit/537.36 (KHTML, like Gecko) Chrome/120.0.0.0 Mobile Safari/537.36"
109.122.190.154 - - [30/Jan/2024:21:12:59 +0100] "GET /array-m-4.html?page=2 HTTP/1.0" 200 41327 "http://www.reflexpro.fr/array-m-4.html" "Mozilla/5.0 (Linux; Android 10; K) AppleWebKit/537.36 (KHTML, like Gecko) Chrome/120.0.0.0 Mobile Safari/537.36"
109.122.190.154 - - [30/Jan/2024:21:13:35 +0100] "GET /nikon-10-20mm-f45-56-vr-p-2531.html HTTP/1.0" 200 32438 "http://www.reflexpro.fr/array-m-4.html?page=2" "Mozilla/5.0 (Linux; Android 10; K) AppleWebKit/537.36 (KHTML, like Gecko) Chrome/120.0.0.0 Mobile Safari/537.36"
109.122.190.154 - - [30/Jan/2024:21:13:35 +0100] "GET /images/nikon1020.png HTTP/1.0" 200 254 "http://www.reflexpro.fr/nikon-10-20mm-f45-56-vr-p-2531.html" "Mozilla/5.0 (Linux; Android 10; K) AppleWebKit/537.36 (KHTML, like Gecko) Chrome/120.0.0.0 Mobile Safari/537.36"
109.122.190.154 - - [30/Jan/2024:21:13:35 +0100] "GET /images/ecotaxe_on.jpg HTTP/1.0" 200 256 "http://www.reflexpro.fr/nikon-10-20mm-f45-56-vr-p-2531.html" "Mozilla/5.0 (Linux; Android 10; K) AppleWebKit/537.36 (KHTML, like Gecko) Chrome/120.0.0.0 Mobile Safari/537.36"
109.122.190.154 - - [30/Jan/2024:21:13:36 +0100] "GET /images/pixel_orange.gif HTTP/1.0" 200 328 "http://www.reflexpro.fr/nikon-10-20mm-f45-56-vr-p-2531.html" "Mozilla/5.0 (Linux; Android 10; K) AppleWebKit/537.36 (KHTML, like Gecko) Chrome/120.0.0.0 Mobile Safari/537.36"
109.122.190.154 - - [30/Jan/2024:21:13:36 +0100] "GET /images/postbullets.png HTTP/1.0" 200 394 "http://www.reflexpro.fr/style.css" "Mozilla/5.0 (Linux; Android 10; K) AppleWebKit/537.36 (KHTML, like Gecko) Chrome/120.0.0.0 Mobile Safari/537.36"
109.122.190.154 - - [30/Jan/2024:21:15:34 +0100] "GET /array-m-4.html?page=2 HTTP/1.0" 200 41327 "http://www.reflexpro.fr/array-m-4.html" "Mozilla/5.0 (Linux; Android 10; K) AppleWebKit/537.36 (KHTML, like Gecko) Chrome/120.0.0.0 Mobile Safari/537.36"
109.122.190.154 - - [30/Jan/2024:21:15:35 +0100] "GET /array-m-4.html HTTP/1.0" 200 41343 "http://www.reflexpro.fr/array-m-5.html" "Mozilla/5.0 (Linux; Android 10; K) AppleWebKit/537.36 (KHTML, like Gecko) Chrome/120.0.0.0 Mobile Safari/537.36"
109.122.190.154 - - [30/Jan/2024:21:15:35 +0100] "GET /array-m-5.html HTTP/1.0" 200 41067 "http://www.reflexpro.fr/hybrides-c-271_273.html?page=3" "Mozilla/5.0 (Linux; Android 10; K) AppleWebKit/537.36 (KHTML, like Gecko) Chrome/120.0.0.0 Mobile Safari/537.36"
109.122.190.154 - - [30/Jan/2024:21:15:36 +0100] "GET /hybrides-c-271_273.html?page=2 HTTP/1.0" 200 44050 "http://www.reflexpro.fr/hybrides-c-271_273.html" "Mozilla/5.0 (Linux; Android 10; K) AppleWebKit/537.36 (KHTML, like Gecko) Chrome/120.0.0.0 Mobile Safari/537.36"
109.122.190.154 - - [30/Jan/2024:21:15:36 +0100] "GET /hybrides-c-271_273.html HTTP/1.0" 200 42999 "http://www.reflexpro.fr/" "Mozilla/5.0 (Linux; Android 10; K) AppleWebKit/537.36 (KHTML, like Gecko) Chrome/120.0.0.0 Mobile Safari/537.36"
109.122.190.154 - - [30/Jan/2024:21:15:36 +0100] "GET / HTTP/1.0" 200 35969 "-" "Mozilla/5.0 (Linux; Android 10; K) AppleWebKit/537.36 (KHTML, like Gecko) Chrome/120.0.0.0 Mobile Safari/537.36"
47.128.52.38 - - [30/Jan/2024:21:18:21 +0100] "GET /sony-a5000-noir-16-50mm-sacoche-lcs-emc-8go-p-1383.html HTTP/1.0" 301 612 "-" "Mozilla/5.0 (Linux; Android 5.0) AppleWebKit/537.36 (KHTML, like Gecko) Mobile Safari/537.36 (compatible; Bytespider; spider-feedback@bytedance.com)"
47.128.52.38 - - [30/Jan/2024:21:18:22 +0100] "GET /sony-a5000-noir-16-50mm-sacoche-lcs-emc-8go-p-1383.html HTTP/1.0" 200 29876 "-" "Mozilla/5.0 (Linux; Android 5.0) AppleWebKit/537.36 (KHTML, like Gecko) Mobile Safari/537.36 (compatible; Bytespider; spider-feedback@bytedance.com)"
47.128.52.38 - - [30/Jan/2024:21:18:23 +0100] "GET /images/logo-2130545471.png HTTP/1.0" 200 260 "http://www.reflexpro.fr/sony-a5000-noir-16-50mm-sacoche-lcs-emc-8go-p-1383.html" "Mozilla/5.0 (Linux; Android 5.0) AppleWebKit/537.36 (KHTML, like Gecko) Mobile Safari/537.36 (compatible; Bytespider; spider-feedback@bytedance.com)"
47.128.52.38 - - [30/Jan/2024:21:18:23 +0100] "GET /img-site/home3.png HTTP/1.0" 200 252 "http://www.reflexpro.fr/sony-a5000-noir-16-50mm-sacoche-lcs-emc-8go-p-1383.html" "Mozilla/5.0 (Linux; Android 5.0) AppleWebKit/537.36 (KHTML, like Gecko) Mobile Safari/537.36 (compatible; Bytespider; spider-feedback@bytedance.com)"
47.128.52.38 - - [30/Jan/2024:21:18:24 +0100] "GET /images/ecotaxe_on.jpg HTTP/1.0" 200 256 "http://www.reflexpro.fr/sony-a5000-noir-16-50mm-sacoche-lcs-emc-8go-p-1383.html" "Mozilla/5.0 (Linux; Android 5.0) AppleWebKit/537.36 (KHTML, like Gecko) Mobile Safari/537.36 (compatible; Bytespider; spider-feedback@bytedance.com)"
47.128.52.38 - - [30/Jan/2024:21:18:24 +0100] "GET /images/a5000noir.jpg HTTP/1.0" 200 255 "http://www.reflexpro.fr/sony-a5000-noir-16-50mm-sacoche-lcs-emc-8go-p-1383.html" "Mozilla/5.0 (Linux; Android 5.0) AppleWebKit/537.36 (KHTML, like Gecko) Mobile Safari/537.36 (compatible; Bytespider; spider-feedback@bytedance.com)"
47.128.52.38 - - [30/Jan/2024:21:18:24 +0100] "GET /images/footerbullets.png HTTP/1.0" 200 503 "http://www.reflexpro.fr/style.css" "Mozilla/5.0 (Linux; Android 5.0) AppleWebKit/537.36 (KHTML, like Gecko) Mobile Safari/537.36 (compatible; Bytespider; spider-feedback@bytedance.com)"
47.128.52.38 - - [30/Jan/2024:21:18:25 +0100] "GET /highslide/graphics/outlines/drop-shadow.png HTTP/1.0" 200 277 "http://www.reflexpro.fr/sony-a5000-noir-16-50mm-sacoche-lcs-emc-8go-p-1383.html" "Mozilla/5.0 (Linux; Android 5.0) AppleWebKit/537.36 (KHTML, like Gecko) Mobile Safari/537.36 (compatible; Bytespider; spider-feedback@bytedance.com)"
47.128.52.38 - - [30/Jan/2024:21:18:25 +0100] "GET /highslide/graphics/zoomout.cur HTTP/1.0" 200 614 "http://www.reflexpro.fr/sony-a5000-noir-16-50mm-sacoche-lcs-emc-8go-p-1383.html" "Mozilla/5.0 (Linux; Android 5.0) AppleWebKit/537.36 (KHTML, like Gecko) Mobile Safari/537.36 (compatible; Bytespider; spider-feedback@bytedance.com)"
40.77.167.30 - - [30/Jan/2024:21:22:45 +0100] "GET /panasonic-lumix-85mm-f18-pr-2926.html HTTP/1.0" 302 464 "-" "Mozilla/5.0 AppleWebKit/537.36 (KHTML, like Gecko; compatible; bingbot/2.0; +http://www.bing.com/bingbot.htm) Chrome/116.0.1938.76 Safari/537.36"
213.109.202.67 - - [30/Jan/2024:21:22:52 +0100] "GET /manfrotto-compact-light-rotule-ball-sections-noir-p-1832.html?action=add_product HTTP/1.0" 302 470 "-" "firefox"
213.109.202.67 - - [30/Jan/2024:21:22:52 +0100] "GET /shopping_cart.php HTTP/1.0" 200 19604 "-" "firefox"
213.109.202.67 - - [30/Jan/2024:21:22:52 +0100] "POST /manfrotto-compact-light-rotule-ball-sections-noir-p-1832.html?action=add_product HTTP/1.0" 302 470 "-" "Mozilla/5.0 (Macintosh; Intel Mac OS X 12) AppleWebKit/601.3.9 (KHTML, like Gecko) Version/9.0.2 Firefox/99.0"
213.109.202.67 - - [30/Jan/2024:21:22:52 +0100] "POST /manfrotto-compact-light-rotule-ball-sections-noir-p-1832.html?action=add_product HTTP/1.0" 302 470 "-" "Mozilla/5.0 (Macintosh; Intel Mac OS X 12) AppleWebKit/601.3.9 (KHTML, like Gecko) Version/9.0.2 Firefox/99.0"
213.109.202.67 - - [30/Jan/2024:21:22:52 +0100] "POST /manfrotto-compact-light-rotule-ball-sections-noir-p-1832.html?action=add_product HTTP/1.0" 302 470 "-" "Mozilla/5.0 (Macintosh; Intel Mac OS X 12) AppleWebKit/601.3.9 (KHTML, like Gecko) Version/9.0.2 Firefox/99.0"
213.109.202.67 - - [30/Jan/2024:21:22:53 +0100] "POST /manfrotto-compact-light-rotule-ball-sections-noir-p-1832.html?action=add_product HTTP/1.0" 302 470 "-" "Mozilla/5.0 (Macintosh; Intel Mac OS X 12) AppleWebKit/601.3.9 (KHTML, like Gecko) Version/9.0.2 Firefox/99.0"
213.109.202.67 - - [30/Jan/2024:21:22:53 +0100] "POST /manfrotto-compact-light-rotule-ball-sections-noir-p-1832.html?action=add_product HTTP/1.0" 302 470 "-" "Mozilla/5.0 (Macintosh; Intel Mac OS X 12) AppleWebKit/601.3.9 (KHTML, like Gecko) Version/9.0.2 Firefox/99.0"
213.109.202.67 - - [30/Jan/2024:21:22:53 +0100] "POST /manfrotto-compact-light-rotule-ball-sections-noir-p-1832.html?action=add_product HTTP/1.0" 302 470 "-" "Mozilla/5.0 (Macintosh; Intel Mac OS X 12) AppleWebKit/601.3.9 (KHTML, like Gecko) Version/9.0.2 Firefox/99.0"
213.109.202.67 - - [30/Jan/2024:21:22:53 +0100] "POST /manfrotto-compact-light-rotule-ball-sections-noir-p-1832.html?action=add_product HTTP/1.0" 302 470 "-" "Mozilla/5.0 (Macintosh; Intel Mac OS X 12) AppleWebKit/601.3.9 (KHTML, like Gecko) Version/9.0.2 Firefox/99.0"
213.109.202.67 - - [30/Jan/2024:21:22:54 +0100] "POST /manfrotto-compact-light-rotule-ball-sections-noir-p-1832.html?action=add_product HTTP/1.0" 302 470 "-" "Mozilla/5.0 (Macintosh; Intel Mac OS X 12) AppleWebKit/601.3.9 (KHTML, like Gecko) Version/9.0.2 Firefox/99.0"
213.109.202.67 - - [30/Jan/2024:21:22:54 +0100] "POST /manfrotto-compact-light-rotule-ball-sections-noir-p-1832.html?action=add_product HTTP/1.0" 302 470 "-" "Mozilla/5.0 (Macintosh; Intel Mac OS X 12) AppleWebKit/601.3.9 (KHTML, like Gecko) Version/9.0.2 Firefox/99.0"
213.109.202.67 - - [30/Jan/2024:21:22:54 +0100] "POST /manfrotto-compact-light-rotule-ball-sections-noir-p-1832.html?action=add_product HTTP/1.0" 302 470 "-" "Mozilla/5.0 (Macintosh; Intel Mac OS X 12) AppleWebKit/601.3.9 (KHTML, like Gecko) Version/9.0.2 Firefox/99.0"
213.109.202.67 - - [30/Jan/2024:21:22:54 +0100] "POST /manfrotto-compact-light-rotule-ball-sections-noir-p-1832.html?action=add_product HTTP/1.0" 302 470 "-" "Mozilla/5.0 (Macintosh; Intel Mac OS X 12) AppleWebKit/601.3.9 (KHTML, like Gecko) Version/9.0.2 Firefox/99.0"
213.109.202.67 - - [30/Jan/2024:21:22:54 +0100] "POST /manfrotto-compact-light-rotule-ball-sections-noir-p-1832.html?action=add_product HTTP/1.0" 302 470 "-" "Mozilla/5.0 (Macintosh; Intel Mac OS X 12) AppleWebKit/601.3.9 (KHTML, like Gecko) Version/9.0.2 Firefox/99.0"
213.109.202.67 - - [30/Jan/2024:21:22:54 +0100] "POST /manfrotto-compact-light-rotule-ball-sections-noir-p-1832.html?action=add_product HTTP/1.0" 302 470 "-" "Mozilla/5.0 (Macintosh; Intel Mac OS X 12) AppleWebKit/601.3.9 (KHTML, like Gecko) Version/9.0.2 Firefox/99.0"
69.162.124.230 - - [30/Jan/2024:21:24:43 +0100] "HEAD / HTTP/1.0" 200 383 "http://www.reflexpro.fr" "Mozilla/5.0+(compatible; UptimeRobot/2.0; http://www.uptimerobot.com/)"
216.244.66.233 - - [30/Jan/2024:21:25:03 +0100] "GET /robots.txt HTTP/1.0" 200 245 "-" "Mozilla/5.0 (compatible; DotBot/1.2; +https://opensiteexplorer.org/dotbot; help@moz.com)"
66.249.66.21 - - [30/Jan/2024:21:26:25 +0100] "GET /manfrotto-compact-monopod-rouge-sections-p-1828.html HTTP/1.0" 200 29868 "-" "Mozilla/5.0 (Linux; Android 6.0.1; Nexus 5X Build/MMB29P) AppleWebKit/537.36 (KHTML, like Gecko) Chrome/121.0.6167.85 Mobile Safari/537.36 (compatible; Googlebot/2.1; +http://www.google.com/bot.html)"
216.244.66.233 - - [30/Jan/2024:21:32:25 +0100] "GET /orbi-rbk-353-p-2977.html HTTP/1.0" 301 21988 "-" "Mozilla/5.0 (compatible; DotBot/1.2; +https://opensiteexplorer.org/dotbot; help@moz.com)"
69.162.124.230 - - [30/Jan/2024:21:39:30 +0100] "HEAD / HTTP/1.0" 200 383 "http://www.reflexpro.fr" "Mozilla/5.0+(compatible; UptimeRobot/2.0; http://www.uptimerobot.com/)"
69.162.124.230 - - [30/Jan/2024:21:44:30 +0100] "HEAD / HTTP/1.0" 200 383 "http://www.reflexpro.fr" "Mozilla/5.0+(compatible; UptimeRobot/2.0; http://www.uptimerobot.com/)"
3.248.65.84 - - [30/Jan/2024:21:45:57 +0100] "GET /bonnettes-macro-c-271_282_321.html HTTP/1.0" 200 27062 "http://www.reflexpro.fr/" "Mozilla/5.0 (Macintosh; Intel Mac OS X 10_15_5) AppleWebKit/537.36 (KHTML, like Gecko) Chrome/83.0.4103.61 Safari/537.36"
40.77.167.73 - - [30/Jan/2024:21:58:30 +0100] "GET /sigma-70-f28-dg-ex-macro-monture-nikon-p-1333.html HTTP/1.0" 200 30658 "-" "Mozilla/5.0 AppleWebKit/537.36 (KHTML, like Gecko; compatible; bingbot/2.0; +http://www.bing.com/bingbot.htm) Chrome/116.0.1938.76 Safari/537.36"
69.162.124.230 - - [30/Jan/2024:21:59:29 +0100] "HEAD / HTTP/1.0" 200 383 "http://www.reflexpro.fr" "Mozilla/5.0+(compatible; UptimeRobot/2.0; http://www.uptimerobot.com/)"
40.77.167.77 - - [30/Jan/2024:22:07:20 +0100] "GET /sonos-beam-blanche-pr-2776.html HTTP/1.0" 302 464 "-" "Mozilla/5.0 AppleWebKit/537.36 (KHTML, like Gecko; compatible; bingbot/2.0; +http://www.bing.com/bingbot.htm) Chrome/116.0.1938.76 Safari/537.36"
196.242.178.142 - - [30/Jan/2024:22:12:17 +0100] "GET /contact_us.php HTTP/1.0" 200 32516 "-" "Mozilla/5.0 (Macintosh; Intel Mac OS X 12_5) AppleWebKit/537.36 (KHTML, like Gecko) Chrome/114.0.0.0 Safari/537.36 OPR/89.0.4447.51"
196.242.178.142 - - [30/Jan/2024:22:12:19 +0100] "GET /images/pixel_trans.gif HTTP/1.0" 200 328 "http://www.reflexpro.fr/contact_us.php?action=send" "Mozilla/5.0 (Macintosh; Intel Mac OS X 12_5) AppleWebKit/537.36 (KHTML, like Gecko) Chrome/114.0.0.0 Safari/537.36 OPR/89.0.4447.51"
92.184.117.12 - - [30/Jan/2024:22:12:46 +0100] "GET /manfrotto-trepied-video-535-aq-rotule-mvh500-p-1702.html HTTP/1.0" 200 30648 "https://www.google.com/" "Mozilla/5.0 (Linux; Android 10; K) AppleWebKit/537.36 (KHTML, like Gecko) Chrome/120.0.0.0 Mobile Safari/537.36"
92.184.117.12 - - [30/Jan/2024:22:12:54 +0100] "GET /manfrotto-trepied-video-535-aq-rotule-mvh500-p-1702.html HTTP/1.0" 200 30648 "https://www.google.com/" "Mozilla/5.0 (Linux; Android 10; K) AppleWebKit/537.36 (KHTML, like Gecko) Chrome/120.0.0.0 Mobile Safari/537.36"
69.162.124.230 - - [30/Jan/2024:22:14:29 +0100] "HEAD / HTTP/1.0" 200 383 "http://www.reflexpro.fr" "Mozilla/5.0+(compatible; UptimeRobot/2.0; http://www.uptimerobot.com/)"
196.242.178.142 - - [30/Jan/2024:22:15:16 +0100] "GET /images/pixel_trans.gif HTTP/1.0" 200 328 "http://www.reflexpro.fr/contact_us.php?action=send" "Mozilla/5.0 (Macintosh; Intel Mac OS X 12_5) AppleWebKit/537.36 (KHTML, like Gecko) Chrome/114.0.0.0 Safari/537.36 OPR/89.0.4447.51"
47.128.114.96 - - [30/Jan/2024:22:17:06 +0100] "GET /ricoh-pentax-wg-noir-pr-2656.html HTTP/1.0" 302 464 "-" "Mozilla/5.0 (Linux; Android 5.0) AppleWebKit/537.36 (KHTML, like Gecko) Mobile Safari/537.36 (compatible; Bytespider; spider-feedback@bytedance.com)"
216.244.66.233 - - [30/Jan/2024:22:18:07 +0100] "GET /robots.txt HTTP/1.0" 200 245 "-" "Mozilla/5.0 (compatible; DotBot/1.2; +https://opensiteexplorer.org/dotbot; help@moz.com)"
66.249.66.22 - - [30/Jan/2024:22:20:42 +0100] "GET /tamron-sp-45-f18-vc-di-monture-nikon-p-2101.html HTTP/1.0" 200 28568 "-" "Mozilla/5.0 (compatible; Googlebot/2.1; +http://www.google.com/bot.html)"
88.163.162.192 - - [30/Jan/2024:22:29:06 +0100] "GET /leica-lux-p-2681.html HTTP/1.0" 200 36142 "https://www.google.com/" "Mozilla/5.0 (iPhone; CPU iPhone OS 17_2_1 like Mac OS X) AppleWebKit/605.1.15 (KHTML, like Gecko) Version/17.2 Mobile/15E148 Safari/604.1"
88.163.162.192 - - [30/Jan/2024:22:29:06 +0100] "GET /style.css HTTP/1.0" 200 242 "http://www.reflexpro.fr/leica-lux-p-2681.html" "Mozilla/5.0 (iPhone; CPU iPhone OS 17_2_1 like Mac OS X) AppleWebKit/605.1.15 (KHTML, like Gecko) Version/17.2 Mobile/15E148 Safari/604.1"
88.163.162.192 - - [30/Jan/2024:22:29:06 +0100] "GET /highslide/highslide.js HTTP/1.0" 200 262 "http://www.reflexpro.fr/leica-lux-p-2681.html" "Mozilla/5.0 (iPhone; CPU iPhone OS 17_2_1 like Mac OS X) AppleWebKit/605.1.15 (KHTML, like Gecko) Version/17.2 Mobile/15E148 Safari/604.1"
88.163.162.192 - - [30/Jan/2024:22:29:07 +0100] "GET /style.responsive.css HTTP/1.0" 200 253 "http://www.reflexpro.fr/leica-lux-p-2681.html" "Mozilla/5.0 (iPhone; CPU iPhone OS 17_2_1 like Mac OS X) AppleWebKit/605.1.15 (KHTML, like Gecko) Version/17.2 Mobile/15E148 Safari/604.1"
88.163.162.192 - - [30/Jan/2024:22:29:07 +0100] "GET /templates/Pixame_v1/stylesheet.css HTTP/1.0" 200 267 "http://www.reflexpro.fr/leica-lux-p-2681.html" "Mozilla/5.0 (iPhone; CPU iPhone OS 17_2_1 like Mac OS X) AppleWebKit/605.1.15 (KHTML, like Gecko) Version/17.2 Mobile/15E148 Safari/604.1"
88.163.162.192 - - [30/Jan/2024:22:29:07 +0100] "GET /font-awesome-4.0.3/css/font-awesome.css HTTP/1.0" 200 272 "http://www.reflexpro.fr/leica-lux-p-2681.html" "Mozilla/5.0 (iPhone; CPU iPhone OS 17_2_1 like Mac OS X) AppleWebKit/605.1.15 (KHTML, like Gecko) Version/17.2 Mobile/15E148 Safari/604.1"
88.163.162.192 - - [30/Jan/2024:22:29:07 +0100] "GET /jquery.js HTTP/1.0" 200 249 "http://www.reflexpro.fr/leica-lux-p-2681.html" "Mozilla/5.0 (iPhone; CPU iPhone OS 17_2_1 like Mac OS X) AppleWebKit/605.1.15 (KHTML, like Gecko) Version/17.2 Mobile/15E148 Safari/604.1"
88.163.162.192 - - [30/Jan/2024:22:29:07 +0100] "GET /script.js HTTP/1.0" 200 249 "http://www.reflexpro.fr/leica-lux-p-2681.html" "Mozilla/5.0 (iPhone; CPU iPhone OS 17_2_1 like Mac OS X) AppleWebKit/605.1.15 (KHTML, like Gecko) Version/17.2 Mobile/15E148 Safari/604.1"
196.242.178.141 - - [30/Jan/2024:22:29:07 +0100] "GET /contact_us.php HTTP/1.0" 200 32516 "-" "Mozilla/5.0 (Macintosh; Intel Mac OS X 12_5) AppleWebKit/537.36 (KHTML, like Gecko) Chrome/114.0.0.0 Safari/537.36 OPR/89.0.4447.51"
88.163.162.192 - - [30/Jan/2024:22:29:07 +0100] "GET /script.responsive.js HTTP/1.0" 200 260 "http://www.reflexpro.fr/leica-lux-p-2681.html" "Mozilla/5.0 (iPhone; CPU iPhone OS 17_2_1 like Mac OS X) AppleWebKit/605.1.15 (KHTML, like Gecko) Version/17.2 Mobile/15E148 Safari/604.1"
88.163.162.192 - - [30/Jan/2024:22:29:07 +0100] "GET /themes-nivo/default/default.css HTTP/1.0" 200 264 "http://www.reflexpro.fr/leica-lux-p-2681.html" "Mozilla/5.0 (iPhone; CPU iPhone OS 17_2_1 like Mac OS X) AppleWebKit/605.1.15 (KHTML, like Gecko) Version/17.2 Mobile/15E148 Safari/604.1"
88.163.162.192 - - [30/Jan/2024:22:29:07 +0100] "GET /themes-nivo/light/light.css HTTP/1.0" 200 260 "http://www.reflexpro.fr/leica-lux-p-2681.html" "Mozilla/5.0 (iPhone; CPU iPhone OS 17_2_1 like Mac OS X) AppleWebKit/605.1.15 (KHTML, like Gecko) Version/17.2 Mobile/15E148 Safari/604.1"
88.163.162.192 - - [30/Jan/2024:22:29:07 +0100] "GET /themes-nivo/dark/dark.css HTTP/1.0" 200 258 "http://www.reflexpro.fr/leica-lux-p-2681.html" "Mozilla/5.0 (iPhone; CPU iPhone OS 17_2_1 like Mac OS X) AppleWebKit/605.1.15 (KHTML, like Gecko) Version/17.2 Mobile/15E148 Safari/604.1"
88.163.162.192 - - [30/Jan/2024:22:29:07 +0100] "GET /nivo-slider.css HTTP/1.0" 200 248 "http://www.reflexpro.fr/leica-lux-p-2681.html" "Mozilla/5.0 (iPhone; CPU iPhone OS 17_2_1 like Mac OS X) AppleWebKit/605.1.15 (KHTML, like Gecko) Version/17.2 Mobile/15E148 Safari/604.1"
88.163.162.192 - - [30/Jan/2024:22:29:07 +0100] "GET /themes-nivo/bar/bar.css HTTP/1.0" 200 256 "http://www.reflexpro.fr/leica-lux-p-2681.html" "Mozilla/5.0 (iPhone; CPU iPhone OS 17_2_1 like Mac OS X) AppleWebKit/605.1.15 (KHTML, like Gecko) Version/17.2 Mobile/15E148 Safari/604.1"
88.163.162.192 - - [30/Jan/2024:22:29:07 +0100] "GET /jquery-1.9.0.min.js HTTP/1.0" 200 259 "http://www.reflexpro.fr/leica-lux-p-2681.html" "Mozilla/5.0 (iPhone; CPU iPhone OS 17_2_1 like Mac OS X) AppleWebKit/605.1.15 (KHTML, like Gecko) Version/17.2 Mobile/15E148 Safari/604.1"
88.163.162.192 - - [30/Jan/2024:22:29:07 +0100] "GET /jquery.nivo.slider.js HTTP/1.0" 200 261 "http://www.reflexpro.fr/leica-lux-p-2681.html" "Mozilla/5.0 (iPhone; CPU iPhone OS 17_2_1 like Mac OS X) AppleWebKit/605.1.15 (KHTML, like Gecko) Version/17.2 Mobile/15E148 Safari/604.1"
88.163.162.192 - - [30/Jan/2024:22:29:07 +0100] "GET /cookieconsentbar/cookieconsentbar.css HTTP/1.0" 200 270 "http://www.reflexpro.fr/leica-lux-p-2681.html" "Mozilla/5.0 (iPhone; CPU iPhone OS 17_2_1 like Mac OS X) AppleWebKit/605.1.15 (KHTML, like Gecko) Version/17.2 Mobile/15E148 Safari/604.1"
88.163.162.192 - - [30/Jan/2024:22:29:07 +0100] "GET /cookieconsentbar/cookieconsentbar.js HTTP/1.0" 200 276 "http://www.reflexpro.fr/leica-lux-p-2681.html" "Mozilla/5.0 (iPhone; CPU iPhone OS 17_2_1 like Mac OS X) AppleWebKit/605.1.15 (KHTML, like Gecko) Version/17.2 Mobile/15E148 Safari/604.1"
88.163.162.192 - - [30/Jan/2024:22:29:07 +0100] "GET /images/logo-2130545471.png HTTP/1.0" 200 260 "http://www.reflexpro.fr/leica-lux-p-2681.html" "Mozilla/5.0 (iPhone; CPU iPhone OS 17_2_1 like Mac OS X) AppleWebKit/605.1.15 (KHTML, like Gecko) Version/17.2 Mobile/15E148 Safari/604.1"
88.163.162.192 - - [30/Jan/2024:22:29:07 +0100] "GET /img-site/home3.png HTTP/1.0" 200 252 "http://www.reflexpro.fr/leica-lux-p-2681.html" "Mozilla/5.0 (iPhone; CPU iPhone OS 17_2_1 like Mac OS X) AppleWebKit/605.1.15 (KHTML, like Gecko) Version/17.2 Mobile/15E148 Safari/604.1"
88.163.162.192 - - [30/Jan/2024:22:29:07 +0100] "GET /images/leica-v-lux-5-face-50.jpg HTTP/1.0" 200 267 "http://www.reflexpro.fr/leica-lux-p-2681.html" "Mozilla/5.0 (iPhone; CPU iPhone OS 17_2_1 like Mac OS X) AppleWebKit/605.1.15 (KHTML, like Gecko) Version/17.2 Mobile/15E148 Safari/604.1"
88.163.162.192 - - [30/Jan/2024:22:29:07 +0100] "GET /images/ecotaxe_on.jpg HTTP/1.0" 200 256 "http://www.reflexpro.fr/leica-lux-p-2681.html" "Mozilla/5.0 (iPhone; CPU iPhone OS 17_2_1 like Mac OS X) AppleWebKit/605.1.15 (KHTML, like Gecko) Version/17.2 Mobile/15E148 Safari/604.1"
88.163.162.192 - - [30/Jan/2024:22:29:07 +0100] "GET /images/header.png HTTP/1.0" 200 251 "http://www.reflexpro.fr/leica-lux-p-2681.html" "Mozilla/5.0 (iPhone; CPU iPhone OS 17_2_1 like Mac OS X) AppleWebKit/605.1.15 (KHTML, like Gecko) Version/17.2 Mobile/15E148 Safari/604.1"
88.163.162.192 - - [30/Jan/2024:22:29:07 +0100] "GET /images/pixel_trans.gif HTTP/1.0" 200 328 "http://www.reflexpro.fr/leica-lux-p-2681.html" "Mozilla/5.0 (iPhone; CPU iPhone OS 17_2_1 like Mac OS X) AppleWebKit/605.1.15 (KHTML, like Gecko) Version/17.2 Mobile/15E148 Safari/604.1"
88.163.162.192 - - [30/Jan/2024:22:29:07 +0100] "GET /images/page.jpeg HTTP/1.0" 200 251 "http://www.reflexpro.fr/leica-lux-p-2681.html" "Mozilla/5.0 (iPhone; CPU iPhone OS 17_2_1 like Mac OS X) AppleWebKit/605.1.15 (KHTML, like Gecko) Version/17.2 Mobile/15E148 Safari/604.1"
88.163.162.192 - - [30/Jan/2024:22:29:07 +0100] "GET /images/menuseparator.png HTTP/1.0" 200 487 "http://www.reflexpro.fr/leica-lux-p-2681.html" "Mozilla/5.0 (iPhone; CPU iPhone OS 17_2_1 like Mac OS X) AppleWebKit/605.1.15 (KHTML, like Gecko) Version/17.2 Mobile/15E148 Safari/604.1"
88.163.162.192 - - [30/Jan/2024:22:29:07 +0100] "GET /images/searchicon.png HTTP/1.0" 200 664 "http://www.reflexpro.fr/leica-lux-p-2681.html" "Mozilla/5.0 (iPhone; CPU iPhone OS 17_2_1 like Mac OS X) AppleWebKit/605.1.15 (KHTML, like Gecko) Version/17.2 Mobile/15E148 Safari/604.1"
88.163.162.192 - - [30/Jan/2024:22:29:07 +0100] "GET /images/pixel_orange.gif HTTP/1.0" 200 328 "http://www.reflexpro.fr/leica-lux-p-2681.html" "Mozilla/5.0 (iPhone; CPU iPhone OS 17_2_1 like Mac OS X) AppleWebKit/605.1.15 (KHTML, like Gecko) Version/17.2 Mobile/15E148 Safari/604.1"
196.242.178.141 - - [30/Jan/2024:22:29:07 +0100] "GET /images/pixel_trans.gif HTTP/1.0" 200 328 "http://www.reflexpro.fr/contact_us.php?action=send" "Mozilla/5.0 (Macintosh; Intel Mac OS X 12_5) AppleWebKit/537.36 (KHTML, like Gecko) Chrome/114.0.0.0 Safari/537.36 OPR/89.0.4447.51"
88.163.162.192 - - [30/Jan/2024:22:29:07 +0100] "GET /images/icon_paiement.jpg HTTP/1.0" 200 259 "http://www.reflexpro.fr/leica-lux-p-2681.html" "Mozilla/5.0 (iPhone; CPU iPhone OS 17_2_1 like Mac OS X) AppleWebKit/605.1.15 (KHTML, like Gecko) Version/17.2 Mobile/15E148 Safari/604.1"
88.163.162.192 - - [30/Jan/2024:22:29:07 +0100] "GET /images/icon_tel.jpg HTTP/1.0" 200 254 "http://www.reflexpro.fr/leica-lux-p-2681.html" "Mozilla/5.0 (iPhone; CPU iPhone OS 17_2_1 like Mac OS X) AppleWebKit/605.1.15 (KHTML, like Gecko) Version/17.2 Mobile/15E148 Safari/604.1"
88.163.162.192 - - [30/Jan/2024:22:29:08 +0100] "GET /images/qui-sommes-nous.jpg HTTP/1.0" 200 261 "http://www.reflexpro.fr/leica-lux-p-2681.html" "Mozilla/5.0 (iPhone; CPU iPhone OS 17_2_1 like Mac OS X) AppleWebKit/605.1.15 (KHTML, like Gecko) Version/17.2 Mobile/15E148 Safari/604.1"
88.163.162.192 - - [30/Jan/2024:22:29:08 +0100] "GET /images/icone_contacter.jpg HTTP/1.0" 200 261 "http://www.reflexpro.fr/leica-lux-p-2681.html" "Mozilla/5.0 (iPhone; CPU iPhone OS 17_2_1 like Mac OS X) AppleWebKit/605.1.15 (KHTML, like Gecko) Version/17.2 Mobile/15E148 Safari/604.1"
88.163.162.192 - - [30/Jan/2024:22:29:08 +0100] "GET /images/object227400126.png HTTP/1.0" 200 515 "http://www.reflexpro.fr/leica-lux-p-2681.html" "Mozilla/5.0 (iPhone; CPU iPhone OS 17_2_1 like Mac OS X) AppleWebKit/605.1.15 (KHTML, like Gecko) Version/17.2 Mobile/15E148 Safari/604.1"
88.163.162.192 - - [30/Jan/2024:22:29:08 +0100] "GET /images/spacer.gif HTTP/1.0" 200 328 "http://www.reflexpro.fr/leica-lux-p-2681.html" "Mozilla/5.0 (iPhone; CPU iPhone OS 17_2_1 like Mac OS X) AppleWebKit/605.1.15 (KHTML, like Gecko) Version/17.2 Mobile/15E148 Safari/604.1"
88.163.162.192 - - [30/Jan/2024:22:29:08 +0100] "GET /images/footerbullets.png HTTP/1.0" 200 503 "http://www.reflexpro.fr/leica-lux-p-2681.html" "Mozilla/5.0 (iPhone; CPU iPhone OS 17_2_1 like Mac OS X) AppleWebKit/605.1.15 (KHTML, like Gecko) Version/17.2 Mobile/15E148 Safari/604.1"
88.163.162.192 - - [30/Jan/2024:22:29:08 +0100] "GET /highslide/graphics/outlines/drop-shadow.png HTTP/1.0" 200 277 "http://www.reflexpro.fr/leica-lux-p-2681.html" "Mozilla/5.0 (iPhone; CPU iPhone OS 17_2_1 like Mac OS X) AppleWebKit/605.1.15 (KHTML, like Gecko) Version/17.2 Mobile/15E148 Safari/604.1"
88.163.162.192 - - [30/Jan/2024:22:29:08 +0100] "GET /highslide/graphics/zoomout.cur HTTP/1.0" 200 614 "http://www.reflexpro.fr/leica-lux-p-2681.html" "Mozilla/5.0 (iPhone; CPU iPhone OS 17_2_1 like Mac OS X) AppleWebKit/605.1.15 (KHTML, like Gecko) Version/17.2 Mobile/15E148 Safari/604.1"
88.163.162.192 - - [30/Jan/2024:22:29:08 +0100] "GET /highslide/graphics/loader.white.gif HTTP/1.0" 200 960 "http://www.reflexpro.fr/leica-lux-p-2681.html" "Mozilla/5.0 (iPhone; CPU iPhone OS 17_2_1 like Mac OS X) AppleWebKit/605.1.15 (KHTML, like Gecko) Version/17.2 Mobile/15E148 Safari/604.1"
88.163.162.192 - - [30/Jan/2024:22:29:08 +0100] "GET /favicon.ico HTTP/1.0" 200 260 "http://www.reflexpro.fr/leica-lux-p-2681.html" "Mozilla/5.0 (iPhone; CPU iPhone OS 17_2_1 like Mac OS X) AppleWebKit/605.1.15 (KHTML, like Gecko) Version/17.2 Mobile/15E148 Safari/604.1"
69.162.124.230 - - [30/Jan/2024:22:29:52 +0100] "HEAD / HTTP/1.0" 200 383 "http://www.reflexpro.fr" "Mozilla/5.0+(compatible; UptimeRobot/2.0; http://www.uptimerobot.com/)"
196.242.178.141 - - [30/Jan/2024:22:30:53 +0100] "GET /images/pixel_trans.gif HTTP/1.0" 200 328 "http://www.reflexpro.fr/contact_us.php?action=send" "Mozilla/5.0 (Macintosh; Intel Mac OS X 12_5) AppleWebKit/537.36 (KHTML, like Gecko) Chrome/114.0.0.0 Safari/537.36 OPR/89.0.4447.51"
213.109.202.67 - - [30/Jan/2024:22:32:22 +0100] "GET /advanced_search_result.php HTTP/1.0" 302 472 "-" "firefox"
213.109.202.67 - - [30/Jan/2024:22:32:22 +0100] "GET /advanced_search.php HTTP/1.0" 200 39277 "-" "firefox"
213.109.202.67 - - [30/Jan/2024:22:32:22 +0100] "POST /advanced_search_result.php HTTP/1.0" 302 472 "-" "Mozilla/5.0 (Macintosh; Intel Mac OS X 12) AppleWebKit/601.3.9 (KHTML, like Gecko) Version/9.0.2 Firefox/99.0"
213.109.202.67 - - [30/Jan/2024:22:32:22 +0100] "POST /advanced_search_result.php HTTP/1.0" 302 472 "-" "Mozilla/5.0 (Macintosh; Intel Mac OS X 12) AppleWebKit/601.3.9 (KHTML, like Gecko) Version/9.0.2 Firefox/99.0"
213.109.202.67 - - [30/Jan/2024:22:32:23 +0100] "POST /advanced_search_result.php HTTP/1.0" 302 472 "-" "Mozilla/5.0 (Macintosh; Intel Mac OS X 12) AppleWebKit/601.3.9 (KHTML, like Gecko) Version/9.0.2 Firefox/99.0"
213.109.202.67 - - [30/Jan/2024:22:32:23 +0100] "POST /advanced_search_result.php HTTP/1.0" 302 472 "-" "Mozilla/5.0 (Macintosh; Intel Mac OS X 12) AppleWebKit/601.3.9 (KHTML, like Gecko) Version/9.0.2 Firefox/99.0"
213.109.202.67 - - [30/Jan/2024:22:32:23 +0100] "POST /advanced_search_result.php HTTP/1.0" 302 472 "-" "Mozilla/5.0 (Macintosh; Intel Mac OS X 12) AppleWebKit/601.3.9 (KHTML, like Gecko) Version/9.0.2 Firefox/99.0"
213.109.202.67 - - [30/Jan/2024:22:32:23 +0100] "POST /advanced_search_result.php HTTP/1.0" 302 472 "-" "Mozilla/5.0 (Macintosh; Intel Mac OS X 12) AppleWebKit/601.3.9 (KHTML, like Gecko) Version/9.0.2 Firefox/99.0"
213.109.202.67 - - [30/Jan/2024:22:32:24 +0100] "POST /advanced_search_result.php HTTP/1.0" 302 472 "-" "Mozilla/5.0 (Macintosh; Intel Mac OS X 12) AppleWebKit/601.3.9 (KHTML, like Gecko) Version/9.0.2 Firefox/99.0"
213.109.202.67 - - [30/Jan/2024:22:32:24 +0100] "POST /advanced_search_result.php HTTP/1.0" 302 472 "-" "Mozilla/5.0 (Macintosh; Intel Mac OS X 12) AppleWebKit/601.3.9 (KHTML, like Gecko) Version/9.0.2 Firefox/99.0"
213.109.202.67 - - [30/Jan/2024:22:32:24 +0100] "POST /advanced_search_result.php HTTP/1.0" 302 472 "-" "Mozilla/5.0 (Macintosh; Intel Mac OS X 12) AppleWebKit/601.3.9 (KHTML, like Gecko) Version/9.0.2 Firefox/99.0"
213.109.202.67 - - [30/Jan/2024:22:32:24 +0100] "POST /advanced_search_result.php HTTP/1.0" 302 472 "-" "Mozilla/5.0 (Macintosh; Intel Mac OS X 12) AppleWebKit/601.3.9 (KHTML, like Gecko) Version/9.0.2 Firefox/99.0"
213.109.202.67 - - [30/Jan/2024:22:32:25 +0100] "POST /advanced_search_result.php HTTP/1.0" 302 472 "-" "Mozilla/5.0 (Macintosh; Intel Mac OS X 12) AppleWebKit/601.3.9 (KHTML, like Gecko) Version/9.0.2 Firefox/99.0"
213.109.202.67 - - [30/Jan/2024:22:32:25 +0100] "POST /advanced_search_result.php HTTP/1.0" 302 472 "-" "Mozilla/5.0 (Macintosh; Intel Mac OS X 12) AppleWebKit/601.3.9 (KHTML, like Gecko) Version/9.0.2 Firefox/99.0"
213.109.202.67 - - [30/Jan/2024:22:32:25 +0100] "POST /advanced_search_result.php HTTP/1.0" 302 472 "-" "Mozilla/5.0 (Macintosh; Intel Mac OS X 12) AppleWebKit/601.3.9 (KHTML, like Gecko) Version/9.0.2 Firefox/99.0"
69.162.124.230 - - [30/Jan/2024:22:34:43 +0100] "HEAD / HTTP/1.0" 200 383 "http://www.reflexpro.fr" "Mozilla/5.0+(compatible; UptimeRobot/2.0; http://www.uptimerobot.com/)"
69.162.124.230 - - [30/Jan/2024:22:39:30 +0100] "HEAD / HTTP/1.0" 200 383 "http://www.reflexpro.fr" "Mozilla/5.0+(compatible; UptimeRobot/2.0; http://www.uptimerobot.com/)"
69.63.189.120 - - [30/Jan/2024:22:40:26 +0100] "GET /%20images/panasonic-s5-filmmaker-85.jpg HTTP/1.0" 404 1306 "-" "facebookexternalhit/1.1 (+http://www.facebook.com/externalhit_uatext.php)"
69.63.189.120 - - [30/Jan/2024:22:40:53 +0100] "GET /%20images/gigabyteb550gamingx.jpg HTTP/1.0" 404 1306 "-" "facebookexternalhit/1.1 (+http://www.facebook.com/externalhit_uatext.php)"
66.249.66.22 - - [30/Jan/2024:22:41:28 +0100] "GET /tamron-sp-45-f18-vc-di-monture-nikon-p-2101.html HTTP/1.0" 200 28568 "-" "Mozilla/5.0 (compatible; Googlebot/2.1; +http://www.google.com/bot.html)"
69.162.124.230 - - [30/Jan/2024:22:44:30 +0100] "HEAD / HTTP/1.0" 200 383 "http://www.reflexpro.fr" "Mozilla/5.0+(compatible; UptimeRobot/2.0; http://www.uptimerobot.com/)"
54.36.149.37 - - [30/Jan/2024:22:45:57 +0100] "GET /objectifs-reflex-c-271_272_281.html?page=18 HTTP/1.0" 200 46908 "-" "Mozilla/5.0 (compatible; AhrefsBot/7.0; +http://ahrefs.com/robot/)"
54.36.149.20 - - [30/Jan/2024:22:53:13 +0100] "GET /sony-a7ii-sony-fe-24-240-f35-63-p-2133.html HTTP/1.0" 200 30756 "-" "Mozilla/5.0 (compatible; AhrefsBot/7.0; +http://ahrefs.com/robot/)"
69.63.189.117 - - [30/Jan/2024:22:53:45 +0100] "GET /%20images/laowa25mmf2.8.jpg HTTP/1.0" 404 1306 "-" "facebookexternalhit/1.1 (+http://www.facebook.com/externalhit_uatext.php)"
69.162.124.230 - - [30/Jan/2024:22:59:30 +0100] "HEAD / HTTP/1.0" 200 383 "http://www.reflexpro.fr" "Mozilla/5.0+(compatible; UptimeRobot/2.0; http://www.uptimerobot.com/)"
54.36.149.64 - - [30/Jan/2024:23:00:20 +0100] "GET /sigma-10-f28-dc-ex-hsm-fish-eye-monture-sony-p-926.html HTTP/1.0" 200 28643 "-" "Mozilla/5.0 (compatible; AhrefsBot/7.0; +http://ahrefs.com/robot/)"
54.36.149.65 - - [30/Jan/2024:23:00:23 +0100] "GET /images/10f28.jpg HTTP/1.0" 200 251 "-" "Mozilla/5.0 (compatible; AhrefsBot/7.0; +http://ahrefs.com/robot/)"
54.36.148.184 - - [30/Jan/2024:23:02:33 +0100] "GET /olympus-omd-em10-mark-ii-noir-14-42-ez-p-2167.html HTTP/1.0" 301 22100 "-" "Mozilla/5.0 (compatible; AhrefsBot/7.0; +http://ahrefs.com/robot/)"
69.162.124.230 - - [30/Jan/2024:23:04:30 +0100] "HEAD / HTTP/1.0" 200 383 "http://www.reflexpro.fr" "Mozilla/5.0+(compatible; UptimeRobot/2.0; http://www.uptimerobot.com/)"
54.36.148.102 - - [30/Jan/2024:23:07:07 +0100] "GET /kef-c-276_334.html HTTP/1.0" 200 26785 "-" "Mozilla/5.0 (compatible; AhrefsBot/7.0; +http://ahrefs.com/robot/)"
69.162.124.230 - - [30/Jan/2024:23:09:30 +0100] "HEAD / HTTP/1.0" 200 383 "http://www.reflexpro.fr" "Mozilla/5.0+(compatible; UptimeRobot/2.0; http://www.uptimerobot.com/)"
216.244.66.233 - - [30/Jan/2024:23:12:02 +0100] "GET /robots.txt HTTP/1.0" 200 245 "-" "Mozilla/5.0 (compatible; DotBot/1.2; +https://opensiteexplorer.org/dotbot; help@moz.com)"
54.36.149.74 - - [30/Jan/2024:23:13:39 +0100] "GET /nikon-flash-sb-n7-pour-nikon-p-1527.html HTTP/1.0" 200 28625 "-" "Mozilla/5.0 (compatible; AhrefsBot/7.0; +http://ahrefs.com/robot/)"
