69.162.124.230 - - [30/Jan/2024:03:45:45 +0100] "HEAD / HTTP/1.0" 200 383 "http://www.reflexpro.fr" "Mozilla/5.0+(compatible; UptimeRobot/2.0; http://www.uptimerobot.com/)"
185.36.25.56 - - [30/Jan/2024:03:50:11 +0100] "GET /objectifs-reflex-c-271_272_281.html?filter_id=5 HTTP/1.0" 200 41344 "-" "Mozilla/5.0 (Windows NT 6.2; Win64; x64; Trident/7.0; rv:11.0) like Gecko"
185.36.25.56 - - [30/Jan/2024:03:50:11 +0100] "GET /appareils-photo-c-302_303.html HTTP/1.0" 301 24383 "-" "Mozilla/5.0 (Windows NT 6.2; Win64; x64; Trident/7.0; rv:11.0) like Gecko"
185.36.25.56 - - [30/Jan/2024:03:50:12 +0100] "GET /-c-303.html HTTP/1.0" 200 24321 "-" "Mozilla/5.0 (Windows NT 6.2; Win64; x64; Trident/7.0; rv:11.0) like Gecko"
185.36.25.56 - - [30/Jan/2024:03:50:19 +0100] "GET /objectifs-c-302_304.html HTTP/1.0" 301 24383 "-" "Mozilla/5.0 (Windows NT 6.2; Win64; x64; Trident/7.0; rv:11.0) like Gecko"
185.36.25.56 - - [30/Jan/2024:03:50:19 +0100] "GET /-c-304.html HTTP/1.0" 200 24321 "-" "Mozilla/5.0 (Windows NT 6.2; Win64; x64; Trident/7.0; rv:11.0) like Gecko"
185.36.25.56 - - [30/Jan/2024:03:50:21 +0100] "GET /hybrides-c-271_273.html HTTP/1.0" 200 42999 "-" "Mozilla/5.0 (Windows NT 6.2; Win64; x64; Trident/7.0; rv:11.0) like Gecko"
185.36.25.56 - - [30/Jan/2024:03:50:27 +0100] "GET /compacts-et-bridges-c-271_274.html HTTP/1.0" 200 41029 "-" "Mozilla/5.0 (Windows NT 6.2; Win64; x64; Trident/7.0; rv:11.0) like Gecko"
185.36.25.56 - - [30/Jan/2024:03:50:29 +0100] "GET /camescopes-et-cameras-c-271_279.html HTTP/1.0" 200 31987 "-" "Mozilla/5.0 (Windows NT 6.2; Win64; x64; Trident/7.0; rv:11.0) like Gecko"
185.36.25.56 - - [30/Jan/2024:03:50:35 +0100] "GET /flashs-c-271_283.html HTTP/1.0" 200 40024 "-" "Mozilla/5.0 (Windows NT 6.2; Win64; x64; Trident/7.0; rv:11.0) like Gecko"
185.36.25.56 - - [30/Jan/2024:03:50:37 +0100] "GET /television-c-275_277.html HTTP/1.0" 301 24516 "-" "Mozilla/5.0 (Windows NT 6.2; Win64; x64; Trident/7.0; rv:11.0) like Gecko"
185.36.25.56 - - [30/Jan/2024:03:50:37 +0100] "GET /-c-277.html HTTP/1.0" 200 24321 "-" "Mozilla/5.0 (Windows NT 6.2; Win64; x64; Trident/7.0; rv:11.0) like Gecko"
185.36.25.56 - - [30/Jan/2024:03:50:43 +0100] "GET /boitiers-reflex-c-271_272_280.html HTTP/1.0" 200 40902 "-" "Mozilla/5.0 (Windows NT 6.2; Win64; x64; Trident/7.0; rv:11.0) like Gecko"
185.36.25.56 - - [30/Jan/2024:03:50:45 +0100] "GET /objectifs-reflex-c-271_272_281.html?page=2&filter_id=5 HTTP/1.0" 200 32229 "-" "Mozilla/5.0 (Windows NT 6.2; Win64; x64; Trident/7.0; rv:11.0) like Gecko"
69.162.124.230 - - [30/Jan/2024:03:50:50 +0100] "HEAD / HTTP/1.0" 200 383 "http://www.reflexpro.fr" "Mozilla/5.0+(compatible; UptimeRobot/2.0; http://www.uptimerobot.com/)"
185.36.25.56 - - [30/Jan/2024:03:50:51 +0100] "GET /objectifs-reflex-c-271_272_281.html?page=2&filter_id=5 HTTP/1.0" 200 32229 "-" "Mozilla/5.0 (Windows NT 6.2; Win64; x64; Trident/7.0; rv:11.0) like Gecko"
185.36.25.56 - - [30/Jan/2024:03:50:53 +0100] "GET /hybrides-c-271_273.html?page=2 HTTP/1.0" 200 44050 "-" "Mozilla/5.0 (Windows NT 6.2; Win64; x64; Trident/7.0; rv:11.0) like Gecko"
185.36.25.56 - - [30/Jan/2024:03:50:59 +0100] "GET /hybrides-c-271_273.html?page=3 HTTP/1.0" 200 44100 "-" "Mozilla/5.0 (Windows NT 6.2; Win64; x64; Trident/7.0; rv:11.0) like Gecko"
185.36.25.56 - - [30/Jan/2024:03:51:01 +0100] "GET /hybrides-c-271_273.html?page=4 HTTP/1.0" 200 44191 "-" "Mozilla/5.0 (Windows NT 6.2; Win64; x64; Trident/7.0; rv:11.0) like Gecko"
185.36.25.56 - - [30/Jan/2024:03:51:07 +0100] "GET /hybrides-c-271_273.html?page=5 HTTP/1.0" 200 44067 "-" "Mozilla/5.0 (Windows NT 6.2; Win64; x64; Trident/7.0; rv:11.0) like Gecko"
185.36.25.56 - - [30/Jan/2024:03:51:10 +0100] "GET /hybrides-c-271_273.html?page=6 HTTP/1.0" 200 42606 "-" "Mozilla/5.0 (Windows NT 6.2; Win64; x64; Trident/7.0; rv:11.0) like Gecko"
185.36.25.56 - - [30/Jan/2024:03:51:15 +0100] "GET /hybrides-c-271_273.html?page=2 HTTP/1.0" 200 44050 "-" "Mozilla/5.0 (Windows NT 6.2; Win64; x64; Trident/7.0; rv:11.0) like Gecko"
216.244.66.233 - - [30/Jan/2024:03:51:21 +0100] "GET /robots.txt HTTP/1.0" 200 245 "-" "Mozilla/5.0 (compatible; DotBot/1.2; +https://opensiteexplorer.org/dotbot; help@moz.com)"
185.36.25.56 - - [30/Jan/2024:03:51:23 +0100] "GET /compacts-et-bridges-c-271_274.html?page=2 HTTP/1.0" 200 41589 "-" "Mozilla/5.0 (Windows NT 6.2; Win64; x64; Trident/7.0; rv:11.0) like Gecko"
185.36.25.56 - - [30/Jan/2024:03:51:27 +0100] "GET /compacts-et-bridges-c-271_274.html?page=3 HTTP/1.0" 200 34535 "-" "Mozilla/5.0 (Windows NT 6.2; Win64; x64; Trident/7.0; rv:11.0) like Gecko"
185.36.25.56 - - [30/Jan/2024:03:51:31 +0100] "GET /compacts-et-bridges-c-271_274.html?page=2 HTTP/1.0" 200 41589 "-" "Mozilla/5.0 (Windows NT 6.2; Win64; x64; Trident/7.0; rv:11.0) like Gecko"
185.36.25.56 - - [30/Jan/2024:03:51:39 +0100] "GET /flashs-c-271_283.html?page=2 HTTP/1.0" 200 29094 "-" "Mozilla/5.0 (Windows NT 6.2; Win64; x64; Trident/7.0; rv:11.0) like Gecko"
185.36.25.56 - - [30/Jan/2024:03:51:47 +0100] "GET /flashs-c-271_283.html?page=2 HTTP/1.0" 200 29094 "-" "Mozilla/5.0 (Windows NT 6.2; Win64; x64; Trident/7.0; rv:11.0) like Gecko"
185.36.25.56 - - [30/Jan/2024:03:51:49 +0100] "GET /boitiers-reflex-c-271_272_280.html?page=2 HTTP/1.0" 200 39919 "-" "Mozilla/5.0 (Windows NT 6.2; Win64; x64; Trident/7.0; rv:11.0) like Gecko"
185.36.25.56 - - [30/Jan/2024:03:51:58 +0100] "GET /boitiers-reflex-c-271_272_280.html?page=2 HTTP/1.0" 200 39919 "-" "Mozilla/5.0 (Windows NT 6.2; Win64; x64; Trident/7.0; rv:11.0) like Gecko"
66.249.79.232 - - [30/Jan/2024:03:53:01 +0100] "GET / HTTP/1.0" 200 35969 "-" "Mozilla/5.0 (compatible; Googlebot/2.1; +http://www.google.com/bot.html)"
69.162.124.230 - - [30/Jan/2024:03:55:44 +0100] "HEAD / HTTP/1.0" 200 383 "http://www.reflexpro.fr" "Mozilla/5.0+(compatible; UptimeRobot/2.0; http://www.uptimerobot.com/)"
69.162.124.230 - - [30/Jan/2024:04:00:44 +0100] "HEAD / HTTP/1.0" 200 383 "http://www.reflexpro.fr" "Mozilla/5.0+(compatible; UptimeRobot/2.0; http://www.uptimerobot.com/)"
66.249.79.37 - - [30/Jan/2024:04:01:01 +0100] "GET / HTTP/1.0" 301 502 "-" "Mozilla/5.0 (compatible; Googlebot/2.1; +http://www.google.com/bot.html)"
66.249.79.232 - - [30/Jan/2024:04:01:02 +0100] "GET / HTTP/1.0" 200 35969 "-" "Mozilla/5.0 (compatible; Googlebot/2.1; +http://www.google.com/bot.html)"
69.162.124.230 - - [30/Jan/2024:04:05:44 +0100] "HEAD / HTTP/1.0" 200 383 "http://www.reflexpro.fr" "Mozilla/5.0+(compatible; UptimeRobot/2.0; http://www.uptimerobot.com/)"
69.162.124.230 - - [30/Jan/2024:04:10:44 +0100] "HEAD / HTTP/1.0" 200 383 "http://www.reflexpro.fr" "Mozilla/5.0+(compatible; UptimeRobot/2.0; http://www.uptimerobot.com/)"
66.249.79.231 - - [30/Jan/2024:04:13:59 +0100] "GET /images/AMBEO_Soundbar_Mini_Banner_FR_1920x300_2.jpg HTTP/1.0" 200 286 "-" "Googlebot-Image/1.0"
69.162.124.230 - - [30/Jan/2024:04:15:44 +0100] "HEAD / HTTP/1.0" 200 383 "http://www.reflexpro.fr" "Mozilla/5.0+(compatible; UptimeRobot/2.0; http://www.uptimerobot.com/)"
220.181.108.165 - - [30/Jan/2024:04:20:32 +0100] "GET / HTTP/1.0" 200 35969 "-" "Mozilla/5.0 (Linux;u;Android 4.2.2;zh-cn;) AppleWebKit/534.46 (KHTML,like Gecko) Version/5.1 Mobile Safari/10600.6.3 (compatible; Baiduspider/2.0; +http://www.baidu.com/search/spider.html)"
116.179.37.233 - - [30/Jan/2024:04:20:33 +0100] "GET /jquery-1.9.0.min.js HTTP/1.0" 200 259 "http://www.reflexpro.fr/" "Mozilla/5.0 (iPhone; CPU iPhone OS 9_1 like Mac OS X) AppleWebKit/601.1.46 (KHTML, like Gecko) Version/9.0 Mobile/13B143 Safari/601.1 (compatible; Baiduspider-render/2.0; +http://www.baidu.com/search/spider.html)"
116.179.37.238 - - [30/Jan/2024:04:20:33 +0100] "GET /jquery.nivo.slider.js HTTP/1.0" 200 261 "http://www.reflexpro.fr/" "Mozilla/5.0 (iPhone; CPU iPhone OS 9_1 like Mac OS X) AppleWebKit/601.1.46 (KHTML, like Gecko) Version/9.0 Mobile/13B143 Safari/601.1 (compatible; Baiduspider-render/2.0; +http://www.baidu.com/search/spider.html)"
116.179.37.184 - - [30/Jan/2024:04:20:33 +0100] "GET /cookieconsentbar/cookieconsentbar.js HTTP/1.0" 200 276 "http://www.reflexpro.fr/" "Mozilla/5.0 (iPhone; CPU iPhone OS 9_1 like Mac OS X) AppleWebKit/601.1.46 (KHTML, like Gecko) Version/9.0 Mobile/13B143 Safari/601.1 (compatible; Baiduspider-render/2.0; +http://www.baidu.com/search/spider.html)"
116.179.37.56 - - [30/Jan/2024:04:20:33 +0100] "GET /script.responsive.js HTTP/1.0" 200 260 "http://www.reflexpro.fr/" "Mozilla/5.0 (iPhone; CPU iPhone OS 9_1 like Mac OS X) AppleWebKit/601.1.46 (KHTML, like Gecko) Version/9.0 Mobile/13B143 Safari/601.1 (compatible; Baiduspider-render/2.0; +http://www.baidu.com/search/spider.html)"
116.179.37.83 - - [30/Jan/2024:04:20:33 +0100] "GET /highslide/highslide.js HTTP/1.0" 200 262 "http://www.reflexpro.fr/" "Mozilla/5.0 (iPhone; CPU iPhone OS 9_1 like Mac OS X) AppleWebKit/601.1.46 (KHTML, like Gecko) Version/9.0 Mobile/13B143 Safari/601.1 (compatible; Baiduspider-render/2.0; +http://www.baidu.com/search/spider.html)"
116.179.37.70 - - [30/Jan/2024:04:20:34 +0100] "GET /jquery.js HTTP/1.0" 200 249 "http://www.reflexpro.fr/" "Mozilla/5.0 (iPhone; CPU iPhone OS 9_1 like Mac OS X) AppleWebKit/601.1.46 (KHTML, like Gecko) Version/9.0 Mobile/13B143 Safari/601.1 (compatible; Baiduspider-render/2.0; +http://www.baidu.com/search/spider.html)"
116.179.37.180 - - [30/Jan/2024:04:20:34 +0100] "GET /nivo-slider.css HTTP/1.0" 200 248 "http://www.reflexpro.fr/" "Mozilla/5.0 (iPhone; CPU iPhone OS 9_1 like Mac OS X) AppleWebKit/601.1.46 (KHTML, like Gecko) Version/9.0 Mobile/13B143 Safari/601.1 (compatible; Baiduspider-render/2.0; +http://www.baidu.com/search/spider.html)"
116.179.37.252 - - [30/Jan/2024:04:20:35 +0100] "GET /images/mini_prod/audioquest-nrg-y3.jpg HTTP/1.0" 200 273 "http://www.reflexpro.fr/" "Mozilla/5.0 (iPhone; CPU iPhone OS 9_1 like Mac OS X) AppleWebKit/601.1.46 (KHTML, like Gecko) Version/9.0 Mobile/13B143 Safari/601.1 (compatible; Baiduspider-render/2.0; +http://www.baidu.com/search/spider.html)"
69.162.124.230 - - [30/Jan/2024:04:20:44 +0100] "HEAD / HTTP/1.0" 200 383 "http://www.reflexpro.fr" "Mozilla/5.0+(compatible; UptimeRobot/2.0; http://www.uptimerobot.com/)"
116.179.33.207 - - [30/Jan/2024:04:20:50 +0100] "GET /robots.txt HTTP/1.0" 200 245 "-" "Mozilla/5.0 (Windows NT 10.0; WOW64) AppleWebKit/537.36 (KHTML, like Gecko) Chrome/48.0.2564.116 Safari/537.36"
66.249.79.232 - - [30/Jan/2024:04:26:34 +0100] "GET /amplificateur-expert-d220-pro-devialet-p-2285.html HTTP/1.0" 200 37761 "-" "Mozilla/5.0 (Linux; Android 6.0.1; Nexus 5X Build/MMB29P) AppleWebKit/537.36 (KHTML, like Gecko) Chrome/121.0.6167.85 Mobile Safari/537.36 (compatible; Googlebot/2.1; +http://www.google.com/bot.html)"
69.162.124.230 - - [30/Jan/2024:04:27:03 +0100] "GET / HTTP/1.0" 200 35969 "http://www.reflexpro.fr" "Mozilla/5.0+(compatible; UptimeRobot/2.0; http://www.uptimerobot.com/)"
52.167.144.205 - - [30/Jan/2024:04:29:41 +0100] "GET /all_prodmanf.php HTTP/1.0" 200 159255 "-" "Mozilla/5.0 AppleWebKit/537.36 (KHTML, like Gecko; compatible; bingbot/2.0; +http://www.bing.com/bingbot.htm) Chrome/116.0.1938.76 Safari/537.36"
69.162.124.230 - - [30/Jan/2024:04:31:50 +0100] "HEAD / HTTP/1.0" 200 383 "http://www.reflexpro.fr" "Mozilla/5.0+(compatible; UptimeRobot/2.0; http://www.uptimerobot.com/)"
69.162.124.230 - - [30/Jan/2024:04:36:51 +0100] "HEAD / HTTP/1.0" 200 383 "http://www.reflexpro.fr" "Mozilla/5.0+(compatible; UptimeRobot/2.0; http://www.uptimerobot.com/)"
66.249.79.231 - - [30/Jan/2024:04:38:37 +0100] "GET /olympus-omd-m5-mark-ii-silver-nu-p-2693.html HTTP/1.0" 200 36771 "-" "Mozilla/5.0 (Linux; Android 6.0.1; Nexus 5X Build/MMB29P) AppleWebKit/537.36 (KHTML, like Gecko) Chrome/121.0.6167.85 Mobile Safari/537.36 (compatible; Googlebot/2.1; +http://www.google.com/bot.html)"
69.162.124.230 - - [30/Jan/2024:04:41:59 +0100] "HEAD / HTTP/1.0" 200 383 "http://www.reflexpro.fr" "Mozilla/5.0+(compatible; UptimeRobot/2.0; http://www.uptimerobot.com/)"
216.244.66.233 - - [30/Jan/2024:04:45:57 +0100] "GET /robots.txt HTTP/1.0" 200 245 "-" "Mozilla/5.0 (compatible; DotBot/1.2; +https://opensiteexplorer.org/dotbot; help@moz.com)"
69.162.124.230 - - [30/Jan/2024:04:46:52 +0100] "HEAD / HTTP/1.0" 200 383 "http://www.reflexpro.fr" "Mozilla/5.0+(compatible; UptimeRobot/2.0; http://www.uptimerobot.com/)"
54.36.148.65 - - [30/Jan/2024:04:51:18 +0100] "GET /olympus-om-m5-mark-iii-noir-12-200-p-2703.html HTTP/1.0" 200 38294 "-" "Mozilla/5.0 (compatible; AhrefsBot/7.0; +http://ahrefs.com/robot/)"
54.36.148.122 - - [30/Jan/2024:04:51:18 +0100] "GET /images/olympus%20m3+12-200.jpg HTTP/1.0" 200 263 "-" "Mozilla/5.0 (compatible; AhrefsBot/7.0; +http://ahrefs.com/robot/)"
69.162.124.230 - - [30/Jan/2024:04:51:54 +0100] "HEAD / HTTP/1.0" 200 383 "http://www.reflexpro.fr" "Mozilla/5.0+(compatible; UptimeRobot/2.0; http://www.uptimerobot.com/)"
66.249.79.232 - - [30/Jan/2024:04:52:12 +0100] "GET / HTTP/1.0" 200 35969 "-" "Mozilla/5.0 (compatible; Googlebot/2.1; +http://www.google.com/bot.html)"
66.249.79.232 - - [30/Jan/2024:04:56:59 +0100] "GET / HTTP/1.0" 200 35969 "-" "Mozilla/5.0 (Linux; Android 6.0.1; Nexus 5X Build/MMB29P) AppleWebKit/537.36 (KHTML, like Gecko) Chrome/121.0.6167.85 Mobile Safari/537.36 (compatible; Googlebot/2.1; +http://www.google.com/bot.html)"
69.162.124.230 - - [30/Jan/2024:04:57:00 +0100] "HEAD / HTTP/1.0" 200 383 "http://www.reflexpro.fr" "Mozilla/5.0+(compatible; UptimeRobot/2.0; http://www.uptimerobot.com/)"
66.249.79.232 - - [30/Jan/2024:04:57:01 +0100] "GET /pnj-drone-discovery-p-1974.html HTTP/1.0" 200 29322 "-" "Mozilla/5.0 (Linux; Android 6.0.1; Nexus 5X Build/MMB29P) AppleWebKit/537.36 (KHTML, like Gecko) Chrome/121.0.6167.85 Mobile Safari/537.36 (compatible; Googlebot/2.1; +http://www.google.com/bot.html)"
66.249.79.233 - - [30/Jan/2024:04:58:59 +0100] "GET /images/mini_prod/roamslblack.jpg HTTP/1.0" 200 267 "-" "Googlebot-Image/1.0"
66.249.79.32 - - [30/Jan/2024:05:00:19 +0100] "GET / HTTP/1.0" 301 502 "-" "Mozilla/5.0 (compatible; Googlebot/2.1; +http://www.google.com/bot.html)"
66.249.79.232 - - [30/Jan/2024:05:00:20 +0100] "GET / HTTP/1.0" 200 35969 "-" "Mozilla/5.0 (compatible; Googlebot/2.1; +http://www.google.com/bot.html)"
69.162.124.230 - - [30/Jan/2024:05:01:49 +0100] "HEAD / HTTP/1.0" 200 383 "http://www.reflexpro.fr" "Mozilla/5.0+(compatible; UptimeRobot/2.0; http://www.uptimerobot.com/)"
69.162.124.230 - - [30/Jan/2024:05:07:00 +0100] "HEAD / HTTP/1.0" 200 383 "http://www.reflexpro.fr" "Mozilla/5.0+(compatible; UptimeRobot/2.0; http://www.uptimerobot.com/)"
69.162.124.230 - - [30/Jan/2024:05:11:57 +0100] "HEAD / HTTP/1.0" 200 383 "http://www.reflexpro.fr" "Mozilla/5.0+(compatible; UptimeRobot/2.0; http://www.uptimerobot.com/)"
23.22.35.162 - - [30/Jan/2024:05:12:31 +0100] "GET /images/d7200.png HTTP/1.0" 200 250 "-" "Mozilla/5.0 (Macintosh; Intel Mac OS X 10_10_1) AppleWebKit/600.2.5 (KHTML, like Gecko) Version/8.0.2 Safari/600.2.5 (Amazonbot/0.1; +https://developer.amazon.com/support/amazonbot)"
54.36.149.77 - - [30/Jan/2024:05:15:22 +0100] "GET /sony-a7-mark-ii-nu-p-1894.html HTTP/1.0" 200 46041 "-" "Mozilla/5.0 (compatible; AhrefsBot/7.0; +http://ahrefs.com/robot/)"
69.162.124.230 - - [30/Jan/2024:05:16:49 +0100] "HEAD / HTTP/1.0" 200 383 "http://www.reflexpro.fr" "Mozilla/5.0+(compatible; UptimeRobot/2.0; http://www.uptimerobot.com/)"
40.77.167.7 - - [30/Jan/2024:05:17:08 +0100] "GET /panasonic-lumix-dmc-g80m-12-60-f35-56-ois-pr-2375.html HTTP/1.0" 302 464 "-" "Mozilla/5.0 AppleWebKit/537.36 (KHTML, like Gecko; compatible; bingbot/2.0; +http://www.bing.com/bingbot.htm) Chrome/116.0.1938.76 Safari/537.36"
40.77.167.136 - - [30/Jan/2024:05:17:53 +0100] "GET /panasonic-dmc-gx80h-14-140-noir-pr-2272.html HTTP/1.0" 302 464 "-" "Mozilla/5.0 AppleWebKit/537.36 (KHTML, like Gecko; compatible; bingbot/2.0; +http://www.bing.com/bingbot.htm) Chrome/116.0.1938.76 Safari/537.36"
66.249.79.232 - - [30/Jan/2024:05:19:37 +0100] "GET /sigma-24-35-f2-art-dg-hsm-monture-canon-p-2111.html HTTP/1.0" 200 28775 "-" "Mozilla/5.0 (Linux; Android 6.0.1; Nexus 5X Build/MMB29P) AppleWebKit/537.36 (KHTML, like Gecko) Chrome/121.0.6167.85 Mobile Safari/537.36 (compatible; Googlebot/2.1; +http://www.google.com/bot.html)"
69.162.124.230 - - [30/Jan/2024:05:21:49 +0100] "HEAD / HTTP/1.0" 200 383 "http://www.reflexpro.fr" "Mozilla/5.0+(compatible; UptimeRobot/2.0; http://www.uptimerobot.com/)"
69.162.124.230 - - [30/Jan/2024:05:26:49 +0100] "HEAD / HTTP/1.0" 200 383 "http://www.reflexpro.fr" "Mozilla/5.0+(compatible; UptimeRobot/2.0; http://www.uptimerobot.com/)"
69.162.124.230 - - [30/Jan/2024:05:31:49 +0100] "HEAD / HTTP/1.0" 200 383 "http://www.reflexpro.fr" "Mozilla/5.0+(compatible; UptimeRobot/2.0; http://www.uptimerobot.com/)"
69.162.124.230 - - [30/Jan/2024:05:36:49 +0100] "HEAD / HTTP/1.0" 200 383 "http://www.reflexpro.fr" "Mozilla/5.0+(compatible; UptimeRobot/2.0; http://www.uptimerobot.com/)"
88.99.136.18 - - [30/Jan/2024:05:40:12 +0100] "GET / HTTP/1.0" 301 502 "-" "Mozilla/5.0 (Windows NT 10.0; Win64; x64) AppleWebKit/537.36 (KHTML, like Gecko) Chrome/105.0.0.0 Safari/537.36"
88.99.136.18 - - [30/Jan/2024:05:40:12 +0100] "GET / HTTP/1.0" 200 35969 "-" "Mozilla/5.0 (Windows NT 10.0; Win64; x64) AppleWebKit/537.36 (KHTML, like Gecko) Chrome/105.0.0.0 Safari/537.36"
88.99.136.18 - - [30/Jan/2024:05:40:16 +0100] "GET /canon-eos-r10-rf-18-150mm-f35-63-is-stm-noir-p-3024.html HTTP/1.0" 200 65521 "-" "Mozilla/5.0 (Windows NT 10.0; Win64; x64) AppleWebKit/537.36 (KHTML, like Gecko) Chrome/105.0.0.0 Safari/537.36"
88.99.136.18 - - [30/Jan/2024:05:40:18 +0100] "GET /login.php HTTP/1.0" 200 26511 "-" "Mozilla/5.0 (Windows NT 10.0; Win64; x64) AppleWebKit/537.36 (KHTML, like Gecko) Chrome/105.0.0.0 Safari/537.36"
88.99.136.18 - - [30/Jan/2024:05:40:21 +0100] "GET /-i-18.html HTTP/1.0" 200 27706 "-" "Mozilla/5.0 (Windows NT 10.0; Win64; x64) AppleWebKit/537.36 (KHTML, like Gecko) Chrome/105.0.0.0 Safari/537.36"
69.162.124.230 - - [30/Jan/2024:05:41:49 +0100] "HEAD / HTTP/1.0" 200 383 "http://www.reflexpro.fr" "Mozilla/5.0+(compatible; UptimeRobot/2.0; http://www.uptimerobot.com/)"
66.249.79.231 - - [30/Jan/2024:05:43:59 +0100] "GET /images/16-300.jpg HTTP/1.0" 200 252 "-" "Googlebot-Image/1.0"
69.162.124.230 - - [30/Jan/2024:05:46:49 +0100] "HEAD / HTTP/1.0" 200 383 "http://www.reflexpro.fr" "Mozilla/5.0+(compatible; UptimeRobot/2.0; http://www.uptimerobot.com/)"
52.167.144.216 - - [30/Jan/2024:05:47:28 +0100] "GET /kef-lsx-wireless-blanc-givre-la-paire-pr-2763.html HTTP/1.0" 302 464 "-" "Mozilla/5.0 AppleWebKit/537.36 (KHTML, like Gecko; compatible; bingbot/2.0; +http://www.bing.com/bingbot.htm) Chrome/116.0.1938.76 Safari/537.36"
69.162.124.230 - - [30/Jan/2024:05:52:07 +0100] "HEAD / HTTP/1.0" 200 383 "http://www.reflexpro.fr" "Mozilla/5.0+(compatible; UptimeRobot/2.0; http://www.uptimerobot.com/)"
66.249.79.231 - - [30/Jan/2024:05:53:07 +0100] "GET /-i-18.html HTTP/1.0" 200 27706 "-" "Mozilla/5.0 (Linux; Android 6.0.1; Nexus 5X Build/MMB29P) AppleWebKit/537.36 (KHTML, like Gecko) Chrome/121.0.6167.85 Mobile Safari/537.36 (compatible; Googlebot/2.1; +http://www.google.com/bot.html)"
69.162.124.230 - - [30/Jan/2024:05:56:50 +0100] "HEAD / HTTP/1.0" 200 383 "http://www.reflexpro.fr" "Mozilla/5.0+(compatible; UptimeRobot/2.0; http://www.uptimerobot.com/)"
103.131.71.51 - - [30/Jan/2024:05:57:18 +0100] "GET /robots.txt HTTP/1.0" 301 522 "-" "Mozilla/5.0 (compatible; coccocbot-image/1.0; +http://help.coccoc.com/searchengine)"
103.131.71.51 - - [30/Jan/2024:05:57:21 +0100] "GET /robots.txt HTTP/1.0" 200 245 "-" "Mozilla/5.0 (compatible; coccocbot-image/1.0; +http://help.coccoc.com/searchengine)"
185.181.103.244 - - [30/Jan/2024:06:01:52 +0100] "GET / HTTP/1.0" 200 35969 "-" "Mozilla/5.0 (Windows NT 10.0; Win64; x64) AppleWebKit/537.36 (KHTML, like Gecko) Chrome/108.0.0.0 Safari/537.36"
69.162.124.230 - - [30/Jan/2024:06:01:56 +0100] "HEAD / HTTP/1.0" 200 383 "http://www.reflexpro.fr" "Mozilla/5.0+(compatible; UptimeRobot/2.0; http://www.uptimerobot.com/)"
69.162.124.230 - - [30/Jan/2024:06:06:50 +0100] "HEAD / HTTP/1.0" 200 383 "http://www.reflexpro.fr" "Mozilla/5.0+(compatible; UptimeRobot/2.0; http://www.uptimerobot.com/)"
69.162.124.230 - - [30/Jan/2024:06:11:50 +0100] "HEAD / HTTP/1.0" 200 383 "http://www.reflexpro.fr" "Mozilla/5.0+(compatible; UptimeRobot/2.0; http://www.uptimerobot.com/)"
69.162.124.230 - - [30/Jan/2024:06:16:56 +0100] "HEAD / HTTP/1.0" 200 383 "http://www.reflexpro.fr" "Mozilla/5.0+(compatible; UptimeRobot/2.0; http://www.uptimerobot.com/)"
69.162.124.230 - - [30/Jan/2024:06:22:02 +0100] "HEAD / HTTP/1.0" 200 383 "http://www.reflexpro.fr" "Mozilla/5.0+(compatible; UptimeRobot/2.0; http://www.uptimerobot.com/)"
40.77.167.136 - - [30/Jan/2024:06:23:03 +0100] "GET /array-m-4.html?filter_id=281 HTTP/1.0" 200 35312 "-" "Mozilla/5.0 AppleWebKit/537.36 (KHTML, like Gecko; compatible; bingbot/2.0; +http://www.bing.com/bingbot.htm) Chrome/116.0.1938.76 Safari/537.36"
51.222.253.8 - - [30/Jan/2024:06:25:32 +0100] "GET /robots.txt HTTP/1.0" 200 245 "-" "Mozilla/5.0 (compatible; AhrefsBot/7.0; +http://ahrefs.com/robot/)"
54.36.148.80 - - [30/Jan/2024:06:25:34 +0100] "GET / HTTP/1.0" 200 35969 "-" "Mozilla/5.0 (compatible; AhrefsBot/7.0; +http://ahrefs.com/robot/)"
69.162.124.230 - - [30/Jan/2024:06:26:50 +0100] "HEAD / HTTP/1.0" 200 383 "http://www.reflexpro.fr" "Mozilla/5.0+(compatible; UptimeRobot/2.0; http://www.uptimerobot.com/)"
69.162.124.230 - - [30/Jan/2024:06:31:50 +0100] "HEAD / HTTP/1.0" 200 383 "http://www.reflexpro.fr" "Mozilla/5.0+(compatible; UptimeRobot/2.0; http://www.uptimerobot.com/)"
69.162.124.230 - - [30/Jan/2024:06:36:49 +0100] "HEAD / HTTP/1.0" 200 383 "http://www.reflexpro.fr" "Mozilla/5.0+(compatible; UptimeRobot/2.0; http://www.uptimerobot.com/)"
54.36.148.12 - - [30/Jan/2024:06:41:01 +0100] "GET /cokin-harmonie-lot-filtres-uv-cpl-55mm-pr-1673.html HTTP/1.0" 302 464 "-" "Mozilla/5.0 (compatible; AhrefsBot/7.0; +http://ahrefs.com/robot/)"
169.50.76.94 - - [30/Jan/2024:06:41:10 +0100] "GET /nikon-d3300-af-18-55-vr-55-200-vr-ii-p-2158.html HTTP/1.0" 200 44476 "-" "Mozilla/5.0 (Windows NT 6.1; WOW64; rv:41.0) Gecko/20100101 Firefox/41.0"
69.162.124.230 - - [30/Jan/2024:06:41:49 +0100] "HEAD / HTTP/1.0" 200 383 "http://www.reflexpro.fr" "Mozilla/5.0+(compatible; UptimeRobot/2.0; http://www.uptimerobot.com/)"
8.219.220.169 - - [30/Jan/2024:06:44:04 +0100] "GET /images/mini_prod/aw130orange.jpg HTTP/1.0" 200 267 "-" "Mozilla/5.0 (X11; Ubuntu; Linux x86_64; rv:72.0) Gecko/20100101 Firefox/72.0"
69.162.124.230 - - [30/Jan/2024:06:46:49 +0100] "HEAD / HTTP/1.0" 200 383 "http://www.reflexpro.fr" "Mozilla/5.0+(compatible; UptimeRobot/2.0; http://www.uptimerobot.com/)"
52.167.144.236 - - [30/Jan/2024:06:48:44 +0100] "GET /panasonic-lumix-dmc-gx80h-noir-14-140-pr-2272.html HTTP/1.0" 302 464 "-" "Mozilla/5.0 AppleWebKit/537.36 (KHTML, like Gecko; compatible; bingbot/2.0; +http://www.bing.com/bingbot.htm) Chrome/116.0.1938.76 Safari/537.36"
69.162.124.230 - - [30/Jan/2024:06:51:49 +0100] "HEAD / HTTP/1.0" 200 383 "http://www.reflexpro.fr" "Mozilla/5.0+(compatible; UptimeRobot/2.0; http://www.uptimerobot.com/)"
66.249.79.231 - - [30/Jan/2024:06:54:59 +0100] "GET /images/AMBEO_Soundbar_Mini_Banner_FR_1920x300_1.jpg HTTP/1.0" 200 286 "-" "Googlebot-Image/1.0"
54.36.149.27 - - [30/Jan/2024:06:56:03 +0100] "GET /sony-flash-hvl-rl1-p-1630.html HTTP/1.0" 200 29767 "-" "Mozilla/5.0 (compatible; AhrefsBot/7.0; +http://ahrefs.com/robot/)"
66.249.79.231 - - [30/Jan/2024:06:56:41 +0100] "GET /olympus-om-m10-mark-iii-silver-12-200mm-p-2714.html HTTP/1.0" 200 49460 "-" "Mozilla/5.0 (compatible; Googlebot/2.1; +http://www.google.com/bot.html)"
69.162.124.230 - - [30/Jan/2024:06:56:49 +0100] "HEAD / HTTP/1.0" 200 383 "http://www.reflexpro.fr" "Mozilla/5.0+(compatible; UptimeRobot/2.0; http://www.uptimerobot.com/)"
17.241.219.74 - - [30/Jan/2024:07:00:07 +0100] "GET /gopro-hero-white-p-2555.html HTTP/1.0" 301 21988 "-" "Mozilla/5.0 (Macintosh; Intel Mac OS X 10_15_5) AppleWebKit/605.1.15 (KHTML, like Gecko) Version/13.1.1 Safari/605.1.15 (Applebot/0.1; +http://www.apple.com/go/applebot)"
17.241.219.74 - - [30/Jan/2024:07:00:07 +0100] "GET /-p-2555.html HTTP/1.0" 200 21925 "-" "Mozilla/5.0 (Macintosh; Intel Mac OS X 10_15_5) AppleWebKit/605.1.15 (KHTML, like Gecko) Version/13.1.1 Safari/605.1.15 (Applebot/0.1; +http://www.apple.com/go/applebot)"
66.249.79.231 - - [30/Jan/2024:07:01:02 +0100] "GET /lowepro-adventura-160-noir-p-1555.html HTTP/1.0" 200 30067 "-" "Mozilla/5.0 (Linux; Android 6.0.1; Nexus 5X Build/MMB29P) AppleWebKit/537.36 (KHTML, like Gecko) Chrome/121.0.6167.85 Mobile Safari/537.36 (compatible; Googlebot/2.1; +http://www.google.com/bot.html)"
66.249.79.233 - - [30/Jan/2024:07:01:03 +0100] "GET /nikon-d7000-nu-garantie-ans-nikon-rembourse-100-euros-p-930.html HTTP/1.0" 301 22087 "-" "Mozilla/5.0 (Linux; Android 6.0.1; Nexus 5X Build/MMB29P) AppleWebKit/537.36 (KHTML, like Gecko) Chrome/121.0.6167.85 Mobile Safari/537.36 (compatible; Googlebot/2.1; +http://www.google.com/bot.html)"
66.249.79.232 - - [30/Jan/2024:07:01:03 +0100] "GET /phantom-matte-black-devialet-new2021-p-2870.html HTTP/1.0" 200 29025 "-" "Mozilla/5.0 (Linux; Android 6.0.1; Nexus 5X Build/MMB29P) AppleWebKit/537.36 (KHTML, like Gecko) Chrome/121.0.6167.85 Mobile Safari/537.36 (compatible; Googlebot/2.1; +http://www.google.com/bot.html)"
66.249.79.231 - - [30/Jan/2024:07:01:04 +0100] "GET /sigma-12-24-f45-56-ii-dg-hsm-monture-nikon-p-930.html HTTP/1.0" 200 21983 "-" "Mozilla/5.0 (Linux; Android 6.0.1; Nexus 5X Build/MMB29P) AppleWebKit/537.36 (KHTML, like Gecko) Chrome/121.0.6167.85 Mobile Safari/537.36 (compatible; Googlebot/2.1; +http://www.google.com/bot.html)"
66.249.79.231 - - [30/Jan/2024:07:01:11 +0100] "GET /images/eos200dsilver1855stm.png HTTP/1.0" 200 265 "-" "Googlebot-Image/1.0"
69.162.124.230 - - [30/Jan/2024:07:01:49 +0100] "HEAD / HTTP/1.0" 200 383 "http://www.reflexpro.fr" "Mozilla/5.0+(compatible; UptimeRobot/2.0; http://www.uptimerobot.com/)"
95.108.213.89 - - [30/Jan/2024:07:01:57 +0100] "GET /robots.txt HTTP/1.0" 200 245 "-" "Mozilla/5.0 (compatible; YandexBot/3.0; +http://yandex.com/bots)"
5.255.231.154 - - [30/Jan/2024:07:01:58 +0100] "GET /canon-77d-boitier-nu-p-2408.html HTTP/1.0" 200 47420 "-" "Mozilla/5.0 (compatible; YandexBot/3.0; +http://yandex.com/bots)"
69.162.124.230 - - [30/Jan/2024:07:07:04 +0100] "HEAD / HTTP/1.0" 200 383 "http://www.reflexpro.fr" "Mozilla/5.0+(compatible; UptimeRobot/2.0; http://www.uptimerobot.com/)"
66.249.79.231 - - [30/Jan/2024:07:09:30 +0100] "GET /images/ambeo%20plus%20+%20sub.jpg HTTP/1.0" 200 262 "-" "Googlebot-Image/1.0"
69.162.124.230 - - [30/Jan/2024:07:11:51 +0100] "HEAD / HTTP/1.0" 200 383 "http://www.reflexpro.fr" "Mozilla/5.0+(compatible; UptimeRobot/2.0; http://www.uptimerobot.com/)"
69.162.124.230 - - [30/Jan/2024:07:16:55 +0100] "HEAD / HTTP/1.0" 200 383 "http://www.reflexpro.fr" "Mozilla/5.0+(compatible; UptimeRobot/2.0; http://www.uptimerobot.com/)"
52.167.144.212 - - [30/Jan/2024:07:20:26 +0100] "GET /objectifs-reflex-c-271_272_281.html?page=1&filter_id=3 HTTP/1.0" 200 31290 "-" "Mozilla/5.0 AppleWebKit/537.36 (KHTML, like Gecko; compatible; bingbot/2.0; +http://www.bing.com/bingbot.htm) Chrome/116.0.1938.76 Safari/537.36"
40.77.167.75 - - [30/Jan/2024:07:20:40 +0100] "GET /script.js HTTP/1.0" 200 249 "-" "Mozilla/5.0 AppleWebKit/537.36 (KHTML, like Gecko; compatible; bingbot/2.0; +http://www.bing.com/bingbot.htm) Chrome/116.0.1938.76 Safari/537.36"
52.167.144.212 - - [30/Jan/2024:07:20:45 +0100] "GET /cookieconsentbar/cookieconsentbar.js HTTP/1.0" 200 276 "-" "Mozilla/5.0 AppleWebKit/537.36 (KHTML, like Gecko; compatible; bingbot/2.0; +http://www.bing.com/bingbot.htm) Chrome/116.0.1938.76 Safari/537.36"
52.167.144.212 - - [30/Jan/2024:07:20:45 +0100] "GET /script.responsive.js HTTP/1.0" 200 260 "-" "Mozilla/5.0 AppleWebKit/537.36 (KHTML, like Gecko; compatible; bingbot/2.0; +http://www.bing.com/bingbot.htm) Chrome/116.0.1938.76 Safari/537.36"
52.167.144.19 - - [30/Jan/2024:07:20:50 +0100] "GET /jquery-1.9.0.min.js HTTP/1.0" 200 259 "-" "Mozilla/5.0 AppleWebKit/537.36 (KHTML, like Gecko; compatible; bingbot/2.0; +http://www.bing.com/bingbot.htm) Chrome/116.0.1938.76 Safari/537.36"
54.36.148.84 - - [30/Jan/2024:07:21:02 +0100] "GET /sennheiser-ambeo-soundbar-mini-p-3055.html HTTP/1.0" 200 42418 "-" "Mozilla/5.0 (compatible; AhrefsBot/7.0; +http://ahrefs.com/robot/)"
69.162.124.230 - - [30/Jan/2024:07:21:55 +0100] "HEAD / HTTP/1.0" 200 383 "http://www.reflexpro.fr" "Mozilla/5.0+(compatible; UptimeRobot/2.0; http://www.uptimerobot.com/)"
66.249.79.231 - - [30/Jan/2024:07:23:06 +0100] "GET /canon-ef-70-300-f45-56-do-is-usm-p-1463.html HTTP/1.0" 200 21982 "-" "Mozilla/5.0 (Linux; Android 6.0.1; Nexus 5X Build/MMB29P) AppleWebKit/537.36 (KHTML, like Gecko) Chrome/121.0.6167.85 Mobile Safari/537.36 (compatible; Googlebot/2.1; +http://www.google.com/bot.html)"
66.249.79.231 - - [30/Jan/2024:07:23:32 +0100] "GET /?yandex-source=touch-maps HTTP/1.0" 200 34941 "-" "Mozilla/5.0 (Linux; Android 6.0.1; Nexus 5X Build/MMB29P) AppleWebKit/537.36 (KHTML, like Gecko) Chrome/121.0.6167.85 Mobile Safari/537.36 (compatible; Googlebot/2.1; +http://www.google.com/bot.html)"
66.249.79.231 - - [30/Jan/2024:07:24:01 +0100] "GET /images/ambeo%20sub2.jpg HTTP/1.0" 200 256 "-" "Googlebot-Image/1.0"
213.109.202.67 - - [30/Jan/2024:07:24:05 +0100] "GET /manfrotto-compact-light-rotule-ball-sections-noir-p-1832.html HTTP/1.0" 200 30918 "-" "firefox"
213.109.202.67 - - [30/Jan/2024:07:24:06 +0100] "GET /manfrotto-compact-light-rotule-ball-sections-noir-p-1832.html HTTP/1.0" 200 30918 "-" "firefox"
213.109.202.67 - - [30/Jan/2024:07:24:06 +0100] "GET /manfrotto-compact-light-rotule-ball-sections-noir-p-1832.html HTTP/1.0" 200 30918 "-" "firefox"
213.109.202.67 - - [30/Jan/2024:07:24:08 +0100] "GET /manfrotto-compact-light-rotule-ball-sections-noir-p-1832.html HTTP/1.0" 200 30918 "-" "Mozilla/5.0 (X11; U; Linux i686; pl-PL; rv:1.9.0.7) Gecko/2009030422 Kubuntu/8.10 (intrepid) Firefox/3.0.9"
213.109.202.67 - - [30/Jan/2024:07:24:08 +0100] "GET /manfrotto-compact-light-rotule-ball-sections-noir-p-1832.html HTTP/1.0" 200 30918 "-" "Mozilla/5.0 (X11; U; Linux i686; pl-PL; rv:1.9.0.7) Gecko/2009030422 Kubuntu/8.10 (intrepid) Firefox/3.0.9"
213.109.202.67 - - [30/Jan/2024:07:24:09 +0100] "POST /manfrotto-compact-light-rotule-ball-sections-noir-p-1832.html?action=add_product HTTP/1.0" 302 470 "-" "Mozilla/5.0 (X11; U; Linux i686; pl-PL; rv:1.9.0.7) Gecko/2009030422 Kubuntu/8.10 (intrepid) Firefox/3.0.9"
213.109.202.67 - - [30/Jan/2024:07:24:10 +0100] "POST /shopping_cart.php HTTP/1.0" 200 33791 "-" "Mozilla/5.0 (X11; U; Linux i686; pl-PL; rv:1.9.0.7) Gecko/2009030422 Kubuntu/8.10 (intrepid) Firefox/3.0.9"
213.109.202.67 - - [30/Jan/2024:07:24:10 +0100] "POST /manfrotto-compact-light-rotule-ball-sections-noir-p-1832.html?action=add_product HTTP/1.0" 302 470 "-" "Mozilla/5.0 (X11; U; Linux i686; pl-PL; rv:1.9.0.7) Gecko/2009030422 Kubuntu/8.10 (intrepid) Firefox/3.0.9"
213.109.202.67 - - [30/Jan/2024:07:24:11 +0100] "POST /shopping_cart.php HTTP/1.0" 200 33796 "-" "Mozilla/5.0 (X11; U; Linux i686; pl-PL; rv:1.9.0.7) Gecko/2009030422 Kubuntu/8.10 (intrepid) Firefox/3.0.9"
213.109.202.67 - - [30/Jan/2024:07:24:12 +0100] "GET /advanced_search_result.php?keywords=AIpA&search=Search HTTP/1.0" 200 25031 "-" "Mozilla/5.0 (X11; U; Linux i686; pl-PL; rv:1.9.0.7) Gecko/2009030422 Kubuntu/8.10 (intrepid) Firefox/3.0.9"
213.109.202.67 - - [30/Jan/2024:07:24:12 +0100] "GET /advanced_search_result.php?keywords=AIpA&search=Search&SDso=9544%20AND%201%3D1%20UNION%20ALL%20SELECT%201%2CNULL%2C%27%3Cscript%3Ealert%28%22XSS%22%29%3C%2Fscript%3E%27%2Ctable_name%20FROM%20information_schema.tables%20WHERE%202%3E1--%2F%2A%2A%2F%3B%20EXEC%20xp_cmdshell%28%27cat%20..%2F..%2F..%2Fetc%2Fpasswd%27%29%23 HTTP/1.0" 200 25567 "-" "Mozilla/5.0 (X11; U; Linux i686; pl-PL; rv:1.9.0.7) Gecko/2009030422 Kubuntu/8.10 (intrepid) Firefox/3.0.9"
213.109.202.67 - - [30/Jan/2024:07:24:13 +0100] "GET /advanced_search_result.php?keywords=AIpA&search=Search HTTP/1.0" 200 25031 "-" "Mozilla/5.0 (X11; U; Linux i686; pl-PL; rv:1.9.0.7) Gecko/2009030422 Kubuntu/8.10 (intrepid) Firefox/3.0.9"
213.109.202.67 - - [30/Jan/2024:07:24:13 +0100] "GET /advanced_search_result.php?keywords=6131&search=Search HTTP/1.0" 200 25031 "-" "Mozilla/5.0 (X11; U; Linux i686; pl-PL; rv:1.9.0.7) Gecko/2009030422 Kubuntu/8.10 (intrepid) Firefox/3.0.9"
213.109.202.67 - - [30/Jan/2024:07:24:14 +0100] "GET /advanced_search_result.php?keywords=AIpA&search=2001 HTTP/1.0" 200 25027 "-" "Mozilla/5.0 (X11; U; Linux i686; pl-PL; rv:1.9.0.7) Gecko/2009030422 Kubuntu/8.10 (intrepid) Firefox/3.0.9"
17.241.75.245 - - [30/Jan/2024:07:26:15 +0100] "GET /robots.txt HTTP/1.0" 200 245 "-" "Mozilla/5.0 (Macintosh; Intel Mac OS X 10_15_5) AppleWebKit/605.1.15 (KHTML, like Gecko) Version/13.1.1 Safari/605.1.15 (Applebot/0.1; +http://www.apple.com/go/applebot)"
17.241.75.245 - - [30/Jan/2024:07:26:15 +0100] "GET /cx-plus-true-wireless-blanc-p-3019.html HTTP/1.0" 200 39484 "-" "Mozilla/5.0 (Macintosh; Intel Mac OS X 10_15_5) AppleWebKit/605.1.15 (KHTML, like Gecko) Version/13.1.1 Safari/605.1.15 (Applebot/0.1; +http://www.apple.com/go/applebot)"
69.162.124.230 - - [30/Jan/2024:07:26:49 +0100] "HEAD / HTTP/1.0" 200 383 "http://www.reflexpro.fr" "Mozilla/5.0+(compatible; UptimeRobot/2.0; http://www.uptimerobot.com/)"
216.244.66.233 - - [30/Jan/2024:07:27:29 +0100] "GET /robots.txt HTTP/1.0" 200 245 "-" "Mozilla/5.0 (compatible; DotBot/1.2; +https://opensiteexplorer.org/dotbot; help@moz.com)"
217.182.175.146 - - [30/Jan/2024:07:28:31 +0100] "GET /robots.txt HTTP/1.0" 200 245 "-" "Mozilla/5.0 (compatible; MJ12bot/v1.4.8; http://mj12bot.com/)"
217.182.175.146 - - [30/Jan/2024:07:28:41 +0100] "GET /-p-1120.html HTTP/1.0" 200 21925 "-" "Mozilla/5.0 (compatible; MJ12bot/v1.4.8; http://mj12bot.com/)"
217.182.175.146 - - [30/Jan/2024:07:28:52 +0100] "GET /-p-1400.html HTTP/1.0" 200 21925 "-" "Mozilla/5.0 (compatible; MJ12bot/v1.4.8; http://mj12bot.com/)"
217.182.175.146 - - [30/Jan/2024:07:29:02 +0100] "GET /-p-2769.html HTTP/1.0" 200 21925 "-" "Mozilla/5.0 (compatible; MJ12bot/v1.4.8; http://mj12bot.com/)"
217.182.175.146 - - [30/Jan/2024:07:29:10 +0100] "GET /-p-2841.html HTTP/1.0" 200 21925 "-" "Mozilla/5.0 (compatible; MJ12bot/v1.4.8; http://mj12bot.com/)"
217.182.175.146 - - [30/Jan/2024:07:29:20 +0100] "GET /-p-400.html HTTP/1.0" 200 21924 "-" "Mozilla/5.0 (compatible; MJ12bot/v1.4.8; http://mj12bot.com/)"
217.182.175.146 - - [30/Jan/2024:07:29:31 +0100] "GET /-p-400.html?manufacturers_id=65 HTTP/1.0" 200 22001 "-" "Mozilla/5.0 (compatible; MJ12bot/v1.4.8; http://mj12bot.com/)"
69.162.124.230 - - [30/Jan/2024:07:31:55 +0100] "HEAD / HTTP/1.0" 200 383 "http://www.reflexpro.fr" "Mozilla/5.0+(compatible; UptimeRobot/2.0; http://www.uptimerobot.com/)"
66.249.79.231 - - [30/Jan/2024:07:35:25 +0100] "GET /images/NAD-C-3050-LE-vue-oblique.jpg HTTP/1.0" 200 271 "-" "Googlebot-Image/1.0"
69.162.124.230 - - [30/Jan/2024:07:36:54 +0100] "HEAD / HTTP/1.0" 200 383 "http://www.reflexpro.fr" "Mozilla/5.0+(compatible; UptimeRobot/2.0; http://www.uptimerobot.com/)"
66.249.79.233 - - [30/Jan/2024:07:38:32 +0100] "GET /images/ambeo%20sub1.jpg HTTP/1.0" 200 256 "-" "Googlebot-Image/1.0"
69.162.124.230 - - [30/Jan/2024:07:41:49 +0100] "HEAD / HTTP/1.0" 200 383 "http://www.reflexpro.fr" "Mozilla/5.0+(compatible; UptimeRobot/2.0; http://www.uptimerobot.com/)"
66.249.79.233 - - [30/Jan/2024:07:46:02 +0100] "GET /pied-branch-blanc-pour-phantom-gold-silver-white-devialet-p-2179.html HTTP/1.0" 200 32198 "-" "Mozilla/5.0 (Linux; Android 6.0.1; Nexus 5X Build/MMB29P) AppleWebKit/537.36 (KHTML, like Gecko) Chrome/121.0.6167.85 Mobile Safari/537.36 (compatible; Googlebot/2.1; +http://www.google.com/bot.html)"
69.162.124.230 - - [30/Jan/2024:07:46:59 +0100] "HEAD / HTTP/1.0" 200 383 "http://www.reflexpro.fr" "Mozilla/5.0+(compatible; UptimeRobot/2.0; http://www.uptimerobot.com/)"
69.162.124.230 - - [30/Jan/2024:07:51:49 +0100] "HEAD / HTTP/1.0" 200 383 "http://www.reflexpro.fr" "Mozilla/5.0+(compatible; UptimeRobot/2.0; http://www.uptimerobot.com/)"
66.249.79.232 - - [30/Jan/2024:07:55:07 +0100] "GET /photo-et-camescope-c-271.html HTTP/1.0" 200 51037 "-" "Mozilla/5.0 (Linux; Android 6.0.1; Nexus 5X Build/MMB29P) AppleWebKit/537.36 (KHTML, like Gecko) Chrome/121.0.6167.85 Mobile Safari/537.36 (compatible; Googlebot/2.1; +http://www.google.com/bot.html)"
69.162.124.230 - - [30/Jan/2024:07:56:49 +0100] "HEAD / HTTP/1.0" 200 383 "http://www.reflexpro.fr" "Mozilla/5.0+(compatible; UptimeRobot/2.0; http://www.uptimerobot.com/)"
54.36.149.77 - - [30/Jan/2024:08:00:19 +0100] "GET /sony-sam-28-75-f28-p-1523.html HTTP/1.0" 200 29051 "-" "Mozilla/5.0 (compatible; AhrefsBot/7.0; +http://ahrefs.com/robot/)"
54.36.148.203 - - [30/Jan/2024:08:00:21 +0100] "GET /images/son2875.jpg HTTP/1.0" 200 253 "-" "Mozilla/5.0 (compatible; AhrefsBot/7.0; +http://ahrefs.com/robot/)"
69.162.124.230 - - [30/Jan/2024:08:01:49 +0100] "HEAD / HTTP/1.0" 200 383 "http://www.reflexpro.fr" "Mozilla/5.0+(compatible; UptimeRobot/2.0; http://www.uptimerobot.com/)"
69.162.124.230 - - [30/Jan/2024:08:06:49 +0100] "HEAD / HTTP/1.0" 200 383 "http://www.reflexpro.fr" "Mozilla/5.0+(compatible; UptimeRobot/2.0; http://www.uptimerobot.com/)"
66.249.79.231 - - [30/Jan/2024:08:07:34 +0100] "GET /images/eos200dsilver1855stm.png HTTP/1.0" 200 265 "-" "Googlebot-Image/1.0"
66.249.79.231 - - [30/Jan/2024:08:08:32 +0100] "GET /sonos-move-noir-p-3056.html HTTP/1.0" 200 28732 "-" "Mozilla/5.0 (Linux; Android 6.0.1; Nexus 5X Build/MMB29P) AppleWebKit/537.36 (KHTML, like Gecko) Chrome/121.0.6167.85 Mobile Safari/537.36 (compatible; Googlebot/2.1; +http://www.google.com/bot.html)"
69.162.124.230 - - [30/Jan/2024:08:11:49 +0100] "HEAD / HTTP/1.0" 200 383 "http://www.reflexpro.fr" "Mozilla/5.0+(compatible; UptimeRobot/2.0; http://www.uptimerobot.com/)"
146.70.170.3 - - [30/Jan/2024:08:13:10 +0100] "GET /occasions-photo-c-302.html HTTP/1.0" 301 554 "http://reflexpro.fr/occasions-photo-c-302.html" "Mozilla/5.0 (Windows NT 6.3; Win64; x64) AppleWebKit/537.36 (KHTML, like Gecko) Chrome/103.0.5060.53 Safari/537.36"
146.70.170.3 - - [30/Jan/2024:08:13:10 +0100] "GET /occasions-photo-c-302.html HTTP/1.0" 301 24383 "http://www.reflexpro.fr/occasions-photo-c-302.html" "Mozilla/5.0 (Windows NT 6.3; Win64; x64) AppleWebKit/537.36 (KHTML, like Gecko) Chrome/103.0.5060.53 Safari/537.36"
146.70.170.3 - - [30/Jan/2024:08:13:10 +0100] "GET /-c-302.html HTTP/1.0" 200 24321 "http://www.reflexpro.fr/-c-302.html" "Mozilla/5.0 (Windows NT 6.3; Win64; x64) AppleWebKit/537.36 (KHTML, like Gecko) Chrome/103.0.5060.53 Safari/537.36"
146.70.170.3 - - [30/Jan/2024:08:13:11 +0100] "GET /blog/new-page.php HTTP/1.0" 404 1306 "http://www.reflexpro.fr/blog/new-page.php" "Mozilla/5.0 (Windows NT 6.3; Win64; x64) AppleWebKit/537.36 (KHTML, like Gecko) Chrome/103.0.5060.53 Safari/537.36"
66.249.79.231 - - [30/Jan/2024:08:13:11 +0100] "GET /images/135mm-f1-8-2-72.jpg HTTP/1.0" 200 261 "-" "Googlebot-Image/1.0"
146.70.170.3 - - [30/Jan/2024:08:13:11 +0100] "GET /new-page.php HTTP/1.0" 404 1306 "http://www.reflexpro.fr/new-page.php" "Mozilla/5.0 (Windows NT 6.3; Win64; x64) AppleWebKit/537.36 (KHTML, like Gecko) Chrome/103.0.5060.53 Safari/537.36"
146.70.170.3 - - [30/Jan/2024:08:13:11 +0100] "GET /blog/new-page/nouvelle-page.php HTTP/1.0" 404 1306 "http://www.reflexpro.fr/blog/new-page/nouvelle-page.php" "Mozilla/5.0 (Windows NT 6.3; Win64; x64) AppleWebKit/537.36 (KHTML, like Gecko) Chrome/103.0.5060.53 Safari/537.36"
146.70.170.3 - - [30/Jan/2024:08:13:11 +0100] "GET /new-page/nouvelle-page.php HTTP/1.0" 404 1306 "http://www.reflexpro.fr/new-page/nouvelle-page.php" "Mozilla/5.0 (Windows NT 6.3; Win64; x64) AppleWebKit/537.36 (KHTML, like Gecko) Chrome/103.0.5060.53 Safari/537.36"
146.70.170.3 - - [30/Jan/2024:08:13:12 +0100] "GET /blog/new-page/nouvelle-page-2.php HTTP/1.0" 404 1306 "http://www.reflexpro.fr/blog/new-page/nouvelle-page-2.php" "Mozilla/5.0 (Windows NT 6.3; Win64; x64) AppleWebKit/537.36 (KHTML, like Gecko) Chrome/103.0.5060.53 Safari/537.36"
146.70.170.3 - - [30/Jan/2024:08:13:12 +0100] "GET /new-page/nouvelle-page-2.php HTTP/1.0" 404 1306 "http://www.reflexpro.fr/new-page/nouvelle-page-2.php" "Mozilla/5.0 (Windows NT 6.3; Win64; x64) AppleWebKit/537.36 (KHTML, like Gecko) Chrome/103.0.5060.53 Safari/537.36"
146.70.170.3 - - [30/Jan/2024:08:13:12 +0100] "GET /blog/new-page/nouvelle-page-3.php HTTP/1.0" 404 1306 "http://www.reflexpro.fr/blog/new-page/nouvelle-page-3.php" "Mozilla/5.0 (Windows NT 6.3; Win64; x64) AppleWebKit/537.36 (KHTML, like Gecko) Chrome/103.0.5060.53 Safari/537.36"
146.70.170.3 - - [30/Jan/2024:08:13:12 +0100] "GET /new-page/nouvelle-page-3.php HTTP/1.0" 404 1306 "http://www.reflexpro.fr/new-page/nouvelle-page-3.php" "Mozilla/5.0 (Windows NT 6.3; Win64; x64) AppleWebKit/537.36 (KHTML, like Gecko) Chrome/103.0.5060.53 Safari/537.36"
146.70.170.3 - - [30/Jan/2024:08:13:12 +0100] "GET /blog/new-page-2.php HTTP/1.0" 404 1306 "http://www.reflexpro.fr/blog/new-page-2.php" "Mozilla/5.0 (Windows NT 6.3; Win64; x64) AppleWebKit/537.36 (KHTML, like Gecko) Chrome/103.0.5060.53 Safari/537.36"
146.70.170.3 - - [30/Jan/2024:08:13:12 +0100] "GET /new-page-2.php HTTP/1.0" 404 1306 "http://www.reflexpro.fr/new-page-2.php" "Mozilla/5.0 (Windows NT 6.3; Win64; x64) AppleWebKit/537.36 (KHTML, like Gecko) Chrome/103.0.5060.53 Safari/537.36"
146.70.170.3 - - [30/Jan/2024:08:13:12 +0100] "GET /checkout_shipping.php HTTP/1.0" 302 462 "http://www.reflexpro.fr/checkout_shipping.php" "Mozilla/5.0 (Windows NT 6.3; Win64; x64) AppleWebKit/537.36 (KHTML, like Gecko) Chrome/103.0.5060.53 Safari/537.36"
146.70.170.3 - - [30/Jan/2024:08:13:12 +0100] "GET /login.php HTTP/1.0" 200 26511 "http://www.reflexpro.fr/login.php" "Mozilla/5.0 (Windows NT 6.3; Win64; x64) AppleWebKit/537.36 (KHTML, like Gecko) Chrome/103.0.5060.53 Safari/537.36"
146.70.170.3 - - [30/Jan/2024:08:13:13 +0100] "GET /blog/new-page-2/nouvelle-page-2.php HTTP/1.0" 404 1306 "http://www.reflexpro.fr/blog/new-page-2/nouvelle-page-2.php" "Mozilla/5.0 (Windows NT 6.3; Win64; x64) AppleWebKit/537.36 (KHTML, like Gecko) Chrome/103.0.5060.53 Safari/537.36"
146.70.170.3 - - [30/Jan/2024:08:13:13 +0100] "GET /new-page-2/nouvelle-page-2.php HTTP/1.0" 404 1306 "http://www.reflexpro.fr/new-page-2/nouvelle-page-2.php" "Mozilla/5.0 (Windows NT 6.3; Win64; x64) AppleWebKit/537.36 (KHTML, like Gecko) Chrome/103.0.5060.53 Safari/537.36"
146.70.170.3 - - [30/Jan/2024:08:13:13 +0100] "GET /blog/new-page-2/nouvelle-page-3.php HTTP/1.0" 404 1306 "http://www.reflexpro.fr/blog/new-page-2/nouvelle-page-3.php" "Mozilla/5.0 (Windows NT 6.3; Win64; x64) AppleWebKit/537.36 (KHTML, like Gecko) Chrome/103.0.5060.53 Safari/537.36"
146.70.170.3 - - [30/Jan/2024:08:13:13 +0100] "GET /new-page-2/nouvelle-page-3.php HTTP/1.0" 404 1306 "http://www.reflexpro.fr/new-page-2/nouvelle-page-3.php" "Mozilla/5.0 (Windows NT 6.3; Win64; x64) AppleWebKit/537.36 (KHTML, like Gecko) Chrome/103.0.5060.53 Safari/537.36"
146.70.170.3 - - [30/Jan/2024:08:13:13 +0100] "GET /blog/new-page-3.php HTTP/1.0" 404 1306 "http://www.reflexpro.fr/blog/new-page-3.php" "Mozilla/5.0 (Windows NT 6.3; Win64; x64) AppleWebKit/537.36 (KHTML, like Gecko) Chrome/103.0.5060.53 Safari/537.36"
146.70.170.3 - - [30/Jan/2024:08:13:13 +0100] "GET /new-page-3.php HTTP/1.0" 404 1306 "http://www.reflexpro.fr/new-page-3.php" "Mozilla/5.0 (Windows NT 6.3; Win64; x64) AppleWebKit/537.36 (KHTML, like Gecko) Chrome/103.0.5060.53 Safari/537.36"
146.70.170.3 - - [30/Jan/2024:08:13:13 +0100] "GET /blog/subpage-4.php HTTP/1.0" 404 1306 "http://www.reflexpro.fr/blog/subpage-4.php" "Mozilla/5.0 (Windows NT 6.3; Win64; x64) AppleWebKit/537.36 (KHTML, like Gecko) Chrome/103.0.5060.53 Safari/537.36"
146.70.170.3 - - [30/Jan/2024:08:13:13 +0100] "GET /subpage-4.php HTTP/1.0" 404 1306 "http://www.reflexpro.fr/subpage-4.php" "Mozilla/5.0 (Windows NT 6.3; Win64; x64) AppleWebKit/537.36 (KHTML, like Gecko) Chrome/103.0.5060.53 Safari/537.36"
69.162.124.230 - - [30/Jan/2024:08:16:49 +0100] "HEAD / HTTP/1.0" 200 383 "http://www.reflexpro.fr" "Mozilla/5.0+(compatible; UptimeRobot/2.0; http://www.uptimerobot.com/)"
40.77.167.23 - - [30/Jan/2024:08:17:10 +0100] "GET /panasonic-lumix-dc-gx800-noir-12-32mm-f35-56-noir-pr-2445.html HTTP/1.0" 302 464 "-" "Mozilla/5.0 AppleWebKit/537.36 (KHTML, like Gecko; compatible; bingbot/2.0; +http://www.bing.com/bingbot.htm) Chrome/116.0.1938.76 Safari/537.36"
216.244.66.233 - - [30/Jan/2024:08:21:04 +0100] "GET /robots.txt HTTP/1.0" 200 245 "-" "Mozilla/5.0 (compatible; DotBot/1.2; +https://opensiteexplorer.org/dotbot; help@moz.com)"
69.162.124.230 - - [30/Jan/2024:08:21:49 +0100] "HEAD / HTTP/1.0" 200 383 "http://www.reflexpro.fr" "Mozilla/5.0+(compatible; UptimeRobot/2.0; http://www.uptimerobot.com/)"
52.167.144.217 - - [30/Jan/2024:08:22:00 +0100] "GET /occasion-canon-ts-e24-f35-p-1864.html HTTP/1.0" 200 21971 "-" "Mozilla/5.0 AppleWebKit/537.36 (KHTML, like Gecko; compatible; bingbot/2.0; +http://www.bing.com/bingbot.htm) Chrome/116.0.1938.76 Safari/537.36"
66.249.79.232 - - [30/Jan/2024:08:22:06 +0100] "GET /images/mini_prod/Enceinte-connectee-WiFi-Sonos-Move-Blanc.jpg HTTP/1.0" 200 296 "-" "Googlebot-Image/1.0"
54.36.148.222 - - [30/Jan/2024:08:24:08 +0100] "GET /sonos-c-276_292.html?page=3 HTTP/1.0" 200 32419 "-" "Mozilla/5.0 (compatible; AhrefsBot/7.0; +http://ahrefs.com/robot/)"
69.162.124.230 - - [30/Jan/2024:08:27:03 +0100] "HEAD / HTTP/1.0" 200 383 "http://www.reflexpro.fr" "Mozilla/5.0+(compatible; UptimeRobot/2.0; http://www.uptimerobot.com/)"
66.249.79.231 - - [30/Jan/2024:08:27:32 +0100] "GET /images/pandmwbm9e.jpg HTTP/1.0" 200 256 "-" "Googlebot-Image/1.0"
66.249.79.231 - - [30/Jan/2024:08:31:02 +0100] "GET /audioquest-nrg-z3-1m-p-3054.html HTTP/1.0" 200 36911 "-" "Mozilla/5.0 (Linux; Android 6.0.1; Nexus 5X Build/MMB29P) AppleWebKit/537.36 (KHTML, like Gecko) Chrome/121.0.6167.85 Mobile Safari/537.36 (compatible; Googlebot/2.1; +http://www.google.com/bot.html)"
66.249.79.231 - - [30/Jan/2024:08:31:03 +0100] "GET /canon-eos-200d-silver-18-55-is-stm-p-2515.html HTTP/1.0" 200 45379 "-" "Mozilla/5.0 (Linux; Android 6.0.1; Nexus 5X Build/MMB29P) AppleWebKit/537.36 (KHTML, like Gecko) Chrome/121.0.6167.85 Mobile Safari/537.36 (compatible; Googlebot/2.1; +http://www.google.com/bot.html)"
69.162.124.230 - - [30/Jan/2024:08:31:50 +0100] "HEAD / HTTP/1.0" 200 383 "http://www.reflexpro.fr" "Mozilla/5.0+(compatible; UptimeRobot/2.0; http://www.uptimerobot.com/)"
69.162.124.230 - - [30/Jan/2024:08:36:56 +0100] "HEAD / HTTP/1.0" 200 383 "http://www.reflexpro.fr" "Mozilla/5.0+(compatible; UptimeRobot/2.0; http://www.uptimerobot.com/)"
195.191.219.133 - - [30/Jan/2024:08:38:16 +0100] "GET /robots.txt HTTP/1.0" 200 245 "-" "Mozilla/5.0 (compatible; MJ12bot/v1.4.8; http://mj12bot.com/)"
195.191.219.133 - - [30/Jan/2024:08:38:19 +0100] "GET / HTTP/1.0" 200 35969 "-" "Mozilla/5.0 (compatible; MJ12bot/v1.4.8; http://mj12bot.com/)"
66.249.79.231 - - [30/Jan/2024:08:40:07 +0100] "GET /panasonic-batterie-dmw-blf19-pour-gh3-gh4gh5-p-3036.html HTTP/1.0" 200 27745 "-" "Mozilla/5.0 (Linux; Android 6.0.1; Nexus 5X Build/MMB29P) AppleWebKit/537.36 (KHTML, like Gecko) Chrome/121.0.6167.85 Mobile Safari/537.36 (compatible; Googlebot/2.1; +http://www.google.com/bot.html)"
66.249.79.233 - - [30/Jan/2024:08:40:08 +0100] "GET /audioquest-sydney-rca-rca-2m-p-3049.html HTTP/1.0" 200 37529 "-" "Mozilla/5.0 (Linux; Android 6.0.1; Nexus 5X Build/MMB29P) AppleWebKit/537.36 (KHTML, like Gecko) Chrome/121.0.6167.85 Mobile Safari/537.36 (compatible; Googlebot/2.1; +http://www.google.com/bot.html)"
66.249.79.232 - - [30/Jan/2024:08:40:09 +0100] "GET /panasonic-dmc-gx80-12-32-silver-p-2260.html HTTP/1.0" 200 21974 "-" "Mozilla/5.0 (Linux; Android 6.0.1; Nexus 5X Build/MMB29P) AppleWebKit/537.36 (KHTML, like Gecko) Chrome/121.0.6167.85 Mobile Safari/537.36 (compatible; Googlebot/2.1; +http://www.google.com/bot.html)"
54.36.148.191 - - [30/Jan/2024:08:41:31 +0100] "GET /cotton-carrier-cc-635-pro-harnais-pour-boitier-poignee-p-1708.html HTTP/1.0" 200 29962 "-" "Mozilla/5.0 (compatible; AhrefsBot/7.0; +http://ahrefs.com/robot/)"
69.162.124.230 - - [30/Jan/2024:08:41:49 +0100] "HEAD / HTTP/1.0" 200 383 "http://www.reflexpro.fr" "Mozilla/5.0+(compatible; UptimeRobot/2.0; http://www.uptimerobot.com/)"
66.249.79.231 - - [30/Jan/2024:08:41:59 +0100] "GET /audioquest-sydney-rca-rca-1m-p-3050.html HTTP/1.0" 200 37529 "-" "Mozilla/5.0 (Linux; Android 6.0.1; Nexus 5X Build/MMB29P) AppleWebKit/537.36 (KHTML, like Gecko) Chrome/121.0.6167.85 Mobile Safari/537.36 (compatible; Googlebot/2.1; +http://www.google.com/bot.html)"
69.162.124.230 - - [30/Jan/2024:08:46:59 +0100] "HEAD / HTTP/1.0" 200 383 "http://www.reflexpro.fr" "Mozilla/5.0+(compatible; UptimeRobot/2.0; http://www.uptimerobot.com/)"
66.249.79.233 - - [30/Jan/2024:08:51:08 +0100] "GET /images/darkchromeb.jpg HTTP/1.0" 200 257 "-" "Googlebot-Image/1.0"
69.162.124.230 - - [30/Jan/2024:08:51:50 +0100] "HEAD / HTTP/1.0" 200 383 "http://www.reflexpro.fr" "Mozilla/5.0+(compatible; UptimeRobot/2.0; http://www.uptimerobot.com/)"
66.249.79.231 - - [30/Jan/2024:08:53:06 +0100] "GET /lsx-ii-kef-cobalt-blue-p-3005.html HTTP/1.0" 200 33421 "-" "Mozilla/5.0 (Linux; Android 6.0.1; Nexus 5X Build/MMB29P) AppleWebKit/537.36 (KHTML, like Gecko) Chrome/121.0.6167.85 Mobile Safari/537.36 (compatible; Googlebot/2.1; +http://www.google.com/bot.html)"
54.36.149.100 - - [30/Jan/2024:08:53:22 +0100] "GET /sonos-ray-blanc-p-2999.html HTTP/1.0" 200 27349 "-" "Mozilla/5.0 (compatible; AhrefsBot/7.0; +http://ahrefs.com/robot/)"
54.36.148.189 - - [30/Jan/2024:08:53:23 +0100] "GET /images/rayblanc.jpg HTTP/1.0" 200 254 "-" "Mozilla/5.0 (compatible; AhrefsBot/7.0; +http://ahrefs.com/robot/)"
