54.36.148.149 - - [30/Jan/2024:23:13:43 +0100] "GET /images/sb-n7.jpg HTTP/1.0" 200 251 "-" "Mozilla/5.0 (compatible; AhrefsBot/7.0; +http://ahrefs.com/robot/)"
69.162.124.230 - - [30/Jan/2024:23:14:30 +0100] "HEAD / HTTP/1.0" 200 383 "http://www.reflexpro.fr" "Mozilla/5.0+(compatible; UptimeRobot/2.0; http://www.uptimerobot.com/)"
66.249.66.23 - - [30/Jan/2024:23:16:01 +0100] "GET / HTTP/1.0" 200 35969 "-" "Mozilla/5.0 (compatible; Googlebot/2.1; +http://www.google.com/bot.html)"
66.249.66.21 - - [30/Jan/2024:23:16:32 +0100] "GET /images/MAN055CXPRO4.jpg HTTP/1.0" 200 258 "-" "Googlebot-Image/1.0"
216.244.66.233 - - [30/Jan/2024:23:17:36 +0100] "GET /sonos-sub-mini-blanc-p-3013.html HTTP/1.0" 200 33746 "-" "Mozilla/5.0 (compatible; DotBot/1.2; +https://opensiteexplorer.org/dotbot; help@moz.com)"
69.63.189.117 - - [30/Jan/2024:23:17:57 +0100] "GET /%20images/ssdaorusgen4500g.jpg HTTP/1.0" 404 1306 "-" "facebookexternalhit/1.1 (+http://www.facebook.com/externalhit_uatext.php)"
5.161.230.8 - - [30/Jan/2024:23:18:39 +0100] "GET /manfrotto-mk057c3-m0q5-trepied-carbone-gris-et-boule-rotule-p-1643.html HTTP/1.0" 200 28827 "-" "Mozilla/5.0 (Windows NT 10.0; Win64; x64) AppleWebKit/537.36 (KHTML, like Gecko) Chrome/84.0.4147.105 Safari/537.36"
54.36.149.2 - - [30/Jan/2024:23:21:45 +0100] "GET /sigma-ef-610-dg-st-monture-canon-p-1240.html HTTP/1.0" 200 28870 "-" "Mozilla/5.0 (compatible; AhrefsBot/7.0; +http://ahrefs.com/robot/)"
88.178.61.225 - - [30/Jan/2024:23:23:43 +0100] "GET /audioquest-nrg-y3-p-3052.html HTTP/1.0" 200 36812 "https://www.google.com/" "Mozilla/5.0 (Macintosh; Intel Mac OS X 10_15_7) AppleWebKit/605.1.15 (KHTML, like Gecko) Version/17.2 Safari/605.1.15"
88.178.61.225 - - [30/Jan/2024:23:23:43 +0100] "GET /highslide/highslide.js HTTP/1.0" 200 262 "http://www.reflexpro.fr/audioquest-nrg-y3-p-3052.html" "Mozilla/5.0 (Macintosh; Intel Mac OS X 10_15_7) AppleWebKit/605.1.15 (KHTML, like Gecko) Version/17.2 Safari/605.1.15"
88.178.61.225 - - [30/Jan/2024:23:23:43 +0100] "GET /templates/Pixame_v1/stylesheet.css HTTP/1.0" 200 267 "http://www.reflexpro.fr/audioquest-nrg-y3-p-3052.html" "Mozilla/5.0 (Macintosh; Intel Mac OS X 10_15_7) AppleWebKit/605.1.15 (KHTML, like Gecko) Version/17.2 Safari/605.1.15"
88.178.61.225 - - [30/Jan/2024:23:23:43 +0100] "GET /font-awesome-4.0.3/css/font-awesome.css HTTP/1.0" 200 272 "http://www.reflexpro.fr/audioquest-nrg-y3-p-3052.html" "Mozilla/5.0 (Macintosh; Intel Mac OS X 10_15_7) AppleWebKit/605.1.15 (KHTML, like Gecko) Version/17.2 Safari/605.1.15"
88.178.61.225 - - [30/Jan/2024:23:23:43 +0100] "GET /style.css HTTP/1.0" 200 242 "http://www.reflexpro.fr/audioquest-nrg-y3-p-3052.html" "Mozilla/5.0 (Macintosh; Intel Mac OS X 10_15_7) AppleWebKit/605.1.15 (KHTML, like Gecko) Version/17.2 Safari/605.1.15"
88.178.61.225 - - [30/Jan/2024:23:23:43 +0100] "GET /jquery.js HTTP/1.0" 200 249 "http://www.reflexpro.fr/audioquest-nrg-y3-p-3052.html" "Mozilla/5.0 (Macintosh; Intel Mac OS X 10_15_7) AppleWebKit/605.1.15 (KHTML, like Gecko) Version/17.2 Safari/605.1.15"
88.178.61.225 - - [30/Jan/2024:23:23:43 +0100] "GET /style.responsive.css HTTP/1.0" 200 253 "http://www.reflexpro.fr/audioquest-nrg-y3-p-3052.html" "Mozilla/5.0 (Macintosh; Intel Mac OS X 10_15_7) AppleWebKit/605.1.15 (KHTML, like Gecko) Version/17.2 Safari/605.1.15"
88.178.61.225 - - [30/Jan/2024:23:23:43 +0100] "GET /script.js HTTP/1.0" 200 249 "http://www.reflexpro.fr/audioquest-nrg-y3-p-3052.html" "Mozilla/5.0 (Macintosh; Intel Mac OS X 10_15_7) AppleWebKit/605.1.15 (KHTML, like Gecko) Version/17.2 Safari/605.1.15"
88.178.61.225 - - [30/Jan/2024:23:23:43 +0100] "GET /script.responsive.js HTTP/1.0" 200 260 "http://www.reflexpro.fr/audioquest-nrg-y3-p-3052.html" "Mozilla/5.0 (Macintosh; Intel Mac OS X 10_15_7) AppleWebKit/605.1.15 (KHTML, like Gecko) Version/17.2 Safari/605.1.15"
88.178.61.225 - - [30/Jan/2024:23:23:43 +0100] "GET /themes-nivo/default/default.css HTTP/1.0" 200 264 "http://www.reflexpro.fr/audioquest-nrg-y3-p-3052.html" "Mozilla/5.0 (Macintosh; Intel Mac OS X 10_15_7) AppleWebKit/605.1.15 (KHTML, like Gecko) Version/17.2 Safari/605.1.15"
88.178.61.225 - - [30/Jan/2024:23:23:43 +0100] "GET /themes-nivo/dark/dark.css HTTP/1.0" 200 258 "http://www.reflexpro.fr/audioquest-nrg-y3-p-3052.html" "Mozilla/5.0 (Macintosh; Intel Mac OS X 10_15_7) AppleWebKit/605.1.15 (KHTML, like Gecko) Version/17.2 Safari/605.1.15"
88.178.61.225 - - [30/Jan/2024:23:23:43 +0100] "GET /themes-nivo/bar/bar.css HTTP/1.0" 200 256 "http://www.reflexpro.fr/audioquest-nrg-y3-p-3052.html" "Mozilla/5.0 (Macintosh; Intel Mac OS X 10_15_7) AppleWebKit/605.1.15 (KHTML, like Gecko) Version/17.2 Safari/605.1.15"
88.178.61.225 - - [30/Jan/2024:23:23:43 +0100] "GET /nivo-slider.css HTTP/1.0" 200 248 "http://www.reflexpro.fr/audioquest-nrg-y3-p-3052.html" "Mozilla/5.0 (Macintosh; Intel Mac OS X 10_15_7) AppleWebKit/605.1.15 (KHTML, like Gecko) Version/17.2 Safari/605.1.15"
88.178.61.225 - - [30/Jan/2024:23:23:43 +0100] "GET /jquery-1.9.0.min.js HTTP/1.0" 200 259 "http://www.reflexpro.fr/audioquest-nrg-y3-p-3052.html" "Mozilla/5.0 (Macintosh; Intel Mac OS X 10_15_7) AppleWebKit/605.1.15 (KHTML, like Gecko) Version/17.2 Safari/605.1.15"
88.178.61.225 - - [30/Jan/2024:23:23:43 +0100] "GET /jquery.nivo.slider.js HTTP/1.0" 200 261 "http://www.reflexpro.fr/audioquest-nrg-y3-p-3052.html" "Mozilla/5.0 (Macintosh; Intel Mac OS X 10_15_7) AppleWebKit/605.1.15 (KHTML, like Gecko) Version/17.2 Safari/605.1.15"
88.178.61.225 - - [30/Jan/2024:23:23:43 +0100] "GET /cookieconsentbar/cookieconsentbar.css HTTP/1.0" 200 270 "http://www.reflexpro.fr/audioquest-nrg-y3-p-3052.html" "Mozilla/5.0 (Macintosh; Intel Mac OS X 10_15_7) AppleWebKit/605.1.15 (KHTML, like Gecko) Version/17.2 Safari/605.1.15"
88.178.61.225 - - [30/Jan/2024:23:23:43 +0100] "GET /cookieconsentbar/cookieconsentbar.js HTTP/1.0" 200 276 "http://www.reflexpro.fr/audioquest-nrg-y3-p-3052.html" "Mozilla/5.0 (Macintosh; Intel Mac OS X 10_15_7) AppleWebKit/605.1.15 (KHTML, like Gecko) Version/17.2 Safari/605.1.15"
88.178.61.225 - - [30/Jan/2024:23:23:43 +0100] "GET /themes-nivo/light/light.css HTTP/1.0" 200 260 "http://www.reflexpro.fr/audioquest-nrg-y3-p-3052.html" "Mozilla/5.0 (Macintosh; Intel Mac OS X 10_15_7) AppleWebKit/605.1.15 (KHTML, like Gecko) Version/17.2 Safari/605.1.15"
88.178.61.225 - - [30/Jan/2024:23:23:43 +0100] "GET /images/logo-2130545471.png HTTP/1.0" 200 260 "http://www.reflexpro.fr/audioquest-nrg-y3-p-3052.html" "Mozilla/5.0 (Macintosh; Intel Mac OS X 10_15_7) AppleWebKit/605.1.15 (KHTML, like Gecko) Version/17.2 Safari/605.1.15"
88.178.61.225 - - [30/Jan/2024:23:23:43 +0100] "GET /img-site/home3.png HTTP/1.0" 200 252 "http://www.reflexpro.fr/audioquest-nrg-y3-p-3052.html" "Mozilla/5.0 (Macintosh; Intel Mac OS X 10_15_7) AppleWebKit/605.1.15 (KHTML, like Gecko) Version/17.2 Safari/605.1.15"
88.178.61.225 - - [30/Jan/2024:23:23:43 +0100] "GET /images/audioquest-nrg-y3.jpg HTTP/1.0" 200 263 "http://www.reflexpro.fr/audioquest-nrg-y3-p-3052.html" "Mozilla/5.0 (Macintosh; Intel Mac OS X 10_15_7) AppleWebKit/605.1.15 (KHTML, like Gecko) Version/17.2 Safari/605.1.15"
88.178.61.225 - - [30/Jan/2024:23:23:43 +0100] "GET /images/pixel_trans.gif HTTP/1.0" 200 328 "http://www.reflexpro.fr/audioquest-nrg-y3-p-3052.html" "Mozilla/5.0 (Macintosh; Intel Mac OS X 10_15_7) AppleWebKit/605.1.15 (KHTML, like Gecko) Version/17.2 Safari/605.1.15"
88.178.61.225 - - [30/Jan/2024:23:23:44 +0100] "GET /images/pixel_orange.gif HTTP/1.0" 200 328 "http://www.reflexpro.fr/audioquest-nrg-y3-p-3052.html" "Mozilla/5.0 (Macintosh; Intel Mac OS X 10_15_7) AppleWebKit/605.1.15 (KHTML, like Gecko) Version/17.2 Safari/605.1.15"
88.178.61.225 - - [30/Jan/2024:23:23:44 +0100] "GET /font-awesome-4.0.3/fonts/fontawesome-webfont.woff?v=4.0.3 HTTP/1.0" 200 284 "http://www.reflexpro.fr/audioquest-nrg-y3-p-3052.html" "Mozilla/5.0 (Macintosh; Intel Mac OS X 10_15_7) AppleWebKit/605.1.15 (KHTML, like Gecko) Version/17.2 Safari/605.1.15"
88.178.61.225 - - [30/Jan/2024:23:23:44 +0100] "GET /images/searchicon.png HTTP/1.0" 200 664 "http://www.reflexpro.fr/audioquest-nrg-y3-p-3052.html" "Mozilla/5.0 (Macintosh; Intel Mac OS X 10_15_7) AppleWebKit/605.1.15 (KHTML, like Gecko) Version/17.2 Safari/605.1.15"
88.178.61.225 - - [30/Jan/2024:23:23:44 +0100] "GET /images/header.png HTTP/1.0" 200 251 "http://www.reflexpro.fr/audioquest-nrg-y3-p-3052.html" "Mozilla/5.0 (Macintosh; Intel Mac OS X 10_15_7) AppleWebKit/605.1.15 (KHTML, like Gecko) Version/17.2 Safari/605.1.15"
88.178.61.225 - - [30/Jan/2024:23:23:44 +0100] "GET /images/page.jpeg HTTP/1.0" 200 251 "http://www.reflexpro.fr/audioquest-nrg-y3-p-3052.html" "Mozilla/5.0 (Macintosh; Intel Mac OS X 10_15_7) AppleWebKit/605.1.15 (KHTML, like Gecko) Version/17.2 Safari/605.1.15"
88.178.61.225 - - [30/Jan/2024:23:23:44 +0100] "GET /images/object227400126.png HTTP/1.0" 200 515 "http://www.reflexpro.fr/audioquest-nrg-y3-p-3052.html" "Mozilla/5.0 (Macintosh; Intel Mac OS X 10_15_7) AppleWebKit/605.1.15 (KHTML, like Gecko) Version/17.2 Safari/605.1.15"
88.178.61.225 - - [30/Jan/2024:23:23:44 +0100] "GET /images/menuseparator.png HTTP/1.0" 200 487 "http://www.reflexpro.fr/audioquest-nrg-y3-p-3052.html" "Mozilla/5.0 (Macintosh; Intel Mac OS X 10_15_7) AppleWebKit/605.1.15 (KHTML, like Gecko) Version/17.2 Safari/605.1.15"
88.178.61.225 - - [30/Jan/2024:23:23:44 +0100] "GET /images/icon_paiement.jpg HTTP/1.0" 200 259 "http://www.reflexpro.fr/audioquest-nrg-y3-p-3052.html" "Mozilla/5.0 (Macintosh; Intel Mac OS X 10_15_7) AppleWebKit/605.1.15 (KHTML, like Gecko) Version/17.2 Safari/605.1.15"
88.178.61.225 - - [30/Jan/2024:23:23:44 +0100] "GET /images/icon_tel.jpg HTTP/1.0" 200 254 "http://www.reflexpro.fr/audioquest-nrg-y3-p-3052.html" "Mozilla/5.0 (Macintosh; Intel Mac OS X 10_15_7) AppleWebKit/605.1.15 (KHTML, like Gecko) Version/17.2 Safari/605.1.15"
88.178.61.225 - - [30/Jan/2024:23:23:44 +0100] "GET /images/qui-sommes-nous.jpg HTTP/1.0" 200 261 "http://www.reflexpro.fr/audioquest-nrg-y3-p-3052.html" "Mozilla/5.0 (Macintosh; Intel Mac OS X 10_15_7) AppleWebKit/605.1.15 (KHTML, like Gecko) Version/17.2 Safari/605.1.15"
88.178.61.225 - - [30/Jan/2024:23:23:44 +0100] "GET /images/icone_contacter.jpg HTTP/1.0" 200 261 "http://www.reflexpro.fr/audioquest-nrg-y3-p-3052.html" "Mozilla/5.0 (Macintosh; Intel Mac OS X 10_15_7) AppleWebKit/605.1.15 (KHTML, like Gecko) Version/17.2 Safari/605.1.15"
88.178.61.225 - - [30/Jan/2024:23:23:44 +0100] "GET /images/spacer.gif HTTP/1.0" 200 328 "http://www.reflexpro.fr/audioquest-nrg-y3-p-3052.html" "Mozilla/5.0 (Macintosh; Intel Mac OS X 10_15_7) AppleWebKit/605.1.15 (KHTML, like Gecko) Version/17.2 Safari/605.1.15"
88.178.61.225 - - [30/Jan/2024:23:23:44 +0100] "GET /images/footerbullets.png HTTP/1.0" 200 503 "http://www.reflexpro.fr/audioquest-nrg-y3-p-3052.html" "Mozilla/5.0 (Macintosh; Intel Mac OS X 10_15_7) AppleWebKit/605.1.15 (KHTML, like Gecko) Version/17.2 Safari/605.1.15"
88.178.61.225 - - [30/Jan/2024:23:23:44 +0100] "GET /highslide/graphics/outlines/drop-shadow.png HTTP/1.0" 200 277 "http://www.reflexpro.fr/audioquest-nrg-y3-p-3052.html" "Mozilla/5.0 (Macintosh; Intel Mac OS X 10_15_7) AppleWebKit/605.1.15 (KHTML, like Gecko) Version/17.2 Safari/605.1.15"
88.178.61.225 - - [30/Jan/2024:23:23:44 +0100] "GET /highslide/graphics/zoomout.cur HTTP/1.0" 200 614 "http://www.reflexpro.fr/audioquest-nrg-y3-p-3052.html" "Mozilla/5.0 (Macintosh; Intel Mac OS X 10_15_7) AppleWebKit/605.1.15 (KHTML, like Gecko) Version/17.2 Safari/605.1.15"
88.178.61.225 - - [30/Jan/2024:23:23:44 +0100] "GET /highslide/graphics/loader.white.gif HTTP/1.0" 200 960 "http://www.reflexpro.fr/audioquest-nrg-y3-p-3052.html" "Mozilla/5.0 (Macintosh; Intel Mac OS X 10_15_7) AppleWebKit/605.1.15 (KHTML, like Gecko) Version/17.2 Safari/605.1.15"
88.178.61.225 - - [30/Jan/2024:23:23:44 +0100] "GET /favicon.ico HTTP/1.0" 200 260 "http://www.reflexpro.fr/audioquest-nrg-y3-p-3052.html" "Mozilla/5.0 (Macintosh; Intel Mac OS X 10_15_7) AppleWebKit/605.1.15 (KHTML, like Gecko) Version/17.2 Safari/605.1.15"
47.128.52.255 - - [30/Jan/2024:23:24:26 +0100] "GET /dji-ronin-essential-kit-pr-2637.html HTTP/1.0" 302 464 "-" "Mozilla/5.0 (Linux; Android 5.0) AppleWebKit/537.36 (KHTML, like Gecko) Mobile Safari/537.36 (compatible; Bytespider; spider-feedback@bytedance.com)"
66.249.66.198 - - [30/Jan/2024:23:26:11 +0100] "GET /robots.txt HTTP/1.0" 301 522 "-" "Mozilla/5.0 (compatible; Googlebot/2.1; +http://www.google.com/bot.html)"
66.249.66.21 - - [30/Jan/2024:23:26:12 +0100] "GET /robots.txt HTTP/1.0" 200 245 "-" "Mozilla/5.0 (compatible; Googlebot/2.1; +http://www.google.com/bot.html)"
66.249.66.198 - - [30/Jan/2024:23:26:12 +0100] "GET / HTTP/1.0" 301 502 "-" "Mozilla/5.0 (compatible; Googlebot/2.1; +http://www.google.com/bot.html)"
66.249.66.22 - - [30/Jan/2024:23:26:13 +0100] "GET / HTTP/1.0" 200 35969 "-" "Mozilla/5.0 (compatible; Googlebot/2.1; +http://www.google.com/bot.html)"
54.36.148.53 - - [30/Jan/2024:23:28:38 +0100] "GET /tamron-20mm-f28-di-iii-osd-sony-efe-p-2742.html HTTP/1.0" 200 29716 "-" "Mozilla/5.0 (compatible; AhrefsBot/7.0; +http://ahrefs.com/robot/)"
69.162.124.230 - - [30/Jan/2024:23:29:44 +0100] "HEAD / HTTP/1.0" 200 383 "http://www.reflexpro.fr" "Mozilla/5.0+(compatible; UptimeRobot/2.0; http://www.uptimerobot.com/)"
146.70.174.211 - - [30/Jan/2024:23:32:34 +0100] "GET / HTTP/1.0" 301 502 "-" "Mozilla/5.0 (Macintosh; Intel Mac OS X 12_5) AppleWebKit/537.36 (KHTML, like Gecko) Chrome/114.0.0.0 Safari/537.36 OPR/89.0.4447.51"
146.70.174.211 - - [30/Jan/2024:23:32:35 +0100] "GET / HTTP/1.0" 200 35969 "-" "Mozilla/5.0 (Macintosh; Intel Mac OS X 12_5) AppleWebKit/537.36 (KHTML, like Gecko) Chrome/114.0.0.0 Safari/537.36 OPR/89.0.4447.51"
146.70.174.211 - - [30/Jan/2024:23:32:35 +0100] "GET /contact_us.php HTTP/1.0" 200 32516 "http://reflexpro.fr" "Mozilla/5.0 (Macintosh; Intel Mac OS X 12_5) AppleWebKit/537.36 (KHTML, like Gecko) Chrome/114.0.0.0 Safari/537.36 OPR/89.0.4447.51"
146.70.174.211 - - [30/Jan/2024:23:32:36 +0100] "GET / HTTP/1.0" 301 502 "http://reflexpro.fr" "Mozilla/5.0 (Macintosh; Intel Mac OS X 12_5) AppleWebKit/537.36 (KHTML, like Gecko) Chrome/114.0.0.0 Safari/537.36 OPR/89.0.4447.51"
146.70.174.211 - - [30/Jan/2024:23:32:36 +0100] "GET / HTTP/1.0" 200 35969 "http://reflexpro.fr" "Mozilla/5.0 (Macintosh; Intel Mac OS X 12_5) AppleWebKit/537.36 (KHTML, like Gecko) Chrome/114.0.0.0 Safari/537.36 OPR/89.0.4447.51"
146.70.174.211 - - [30/Jan/2024:23:32:36 +0100] "GET /imprimantes-c-271_320.html HTTP/1.0" 200 24544 "http://reflexpro.fr" "Mozilla/5.0 (Macintosh; Intel Mac OS X 12_5) AppleWebKit/537.36 (KHTML, like Gecko) Chrome/114.0.0.0 Safari/537.36 OPR/89.0.4447.51"
54.36.149.92 - - [30/Jan/2024:23:35:44 +0100] "GET /objectifs-reflex-c-271_272_281.html?page=7 HTTP/1.0" 200 45983 "-" "Mozilla/5.0 (compatible; AhrefsBot/7.0; +http://ahrefs.com/robot/)"
54.36.148.104 - - [30/Jan/2024:23:35:46 +0100] "GET /images/mini_prod/can6028.jpg HTTP/1.0" 200 263 "-" "Mozilla/5.0 (compatible; AhrefsBot/7.0; +http://ahrefs.com/robot/)"
66.249.66.198 - - [30/Jan/2024:23:36:05 +0100] "GET / HTTP/1.0" 301 502 "-" "Mozilla/5.0 (compatible; Googlebot/2.1; +http://www.google.com/bot.html)"
66.249.66.21 - - [30/Jan/2024:23:36:06 +0100] "GET / HTTP/1.0" 200 35969 "-" "Mozilla/5.0 (compatible; Googlebot/2.1; +http://www.google.com/bot.html)"
54.36.149.36 - - [30/Jan/2024:23:42:45 +0100] "GET /objectifs-reflex-c-271_272_281.html?page=17 HTTP/1.0" 200 47014 "-" "Mozilla/5.0 (compatible; AhrefsBot/7.0; +http://ahrefs.com/robot/)"
69.162.124.230 - - [30/Jan/2024:23:44:32 +0100] "HEAD / HTTP/1.0" 200 383 "http://www.reflexpro.fr" "Mozilla/5.0+(compatible; UptimeRobot/2.0; http://www.uptimerobot.com/)"
89.158.32.237 - - [30/Jan/2024:23:44:52 +0100] "GET /sigma-70-300-f4-56-dg-apo-macro-monture-sony-p-1329.html HTTP/1.0" 200 30703 "https://www.google.com/" "Mozilla/5.0 (Windows NT 10.0; Win64; x64; rv:122.0) Gecko/20100101 Firefox/122.0"
89.158.32.237 - - [30/Jan/2024:23:44:52 +0100] "GET /style.css HTTP/1.0" 200 242 "http://www.reflexpro.fr/sigma-70-300-f4-56-dg-apo-macro-monture-sony-p-1329.html" "Mozilla/5.0 (Windows NT 10.0; Win64; x64; rv:122.0) Gecko/20100101 Firefox/122.0"
89.158.32.237 - - [30/Jan/2024:23:44:52 +0100] "GET /img-site/home3.png HTTP/1.0" 200 252 "http://www.reflexpro.fr/sigma-70-300-f4-56-dg-apo-macro-monture-sony-p-1329.html" "Mozilla/5.0 (Windows NT 10.0; Win64; x64; rv:122.0) Gecko/20100101 Firefox/122.0"
89.158.32.237 - - [30/Jan/2024:23:44:52 +0100] "GET /images/logo-2130545471.png HTTP/1.0" 200 260 "http://www.reflexpro.fr/sigma-70-300-f4-56-dg-apo-macro-monture-sony-p-1329.html" "Mozilla/5.0 (Windows NT 10.0; Win64; x64; rv:122.0) Gecko/20100101 Firefox/122.0"
89.158.32.237 - - [30/Jan/2024:23:44:52 +0100] "GET /images/70-300apo.jpg HTTP/1.0" 200 255 "http://www.reflexpro.fr/sigma-70-300-f4-56-dg-apo-macro-monture-sony-p-1329.html" "Mozilla/5.0 (Windows NT 10.0; Win64; x64; rv:122.0) Gecko/20100101 Firefox/122.0"
89.158.32.237 - - [30/Jan/2024:23:44:52 +0100] "GET /images/ecotaxe_on.jpg HTTP/1.0" 200 256 "http://www.reflexpro.fr/sigma-70-300-f4-56-dg-apo-macro-monture-sony-p-1329.html" "Mozilla/5.0 (Windows NT 10.0; Win64; x64; rv:122.0) Gecko/20100101 Firefox/122.0"
89.158.32.237 - - [30/Jan/2024:23:44:52 +0100] "GET /images/pixel_trans.gif HTTP/1.0" 200 328 "http://www.reflexpro.fr/sigma-70-300-f4-56-dg-apo-macro-monture-sony-p-1329.html" "Mozilla/5.0 (Windows NT 10.0; Win64; x64; rv:122.0) Gecko/20100101 Firefox/122.0"
89.158.32.237 - - [30/Jan/2024:23:44:52 +0100] "GET /images/pixel_orange.gif HTTP/1.0" 200 328 "http://www.reflexpro.fr/sigma-70-300-f4-56-dg-apo-macro-monture-sony-p-1329.html" "Mozilla/5.0 (Windows NT 10.0; Win64; x64; rv:122.0) Gecko/20100101 Firefox/122.0"
89.158.32.237 - - [30/Jan/2024:23:44:52 +0100] "GET /images/icon_tel.jpg HTTP/1.0" 200 254 "http://www.reflexpro.fr/sigma-70-300-f4-56-dg-apo-macro-monture-sony-p-1329.html" "Mozilla/5.0 (Windows NT 10.0; Win64; x64; rv:122.0) Gecko/20100101 Firefox/122.0"
89.158.32.237 - - [30/Jan/2024:23:44:52 +0100] "GET /images/icon_paiement.jpg HTTP/1.0" 200 259 "http://www.reflexpro.fr/sigma-70-300-f4-56-dg-apo-macro-monture-sony-p-1329.html" "Mozilla/5.0 (Windows NT 10.0; Win64; x64; rv:122.0) Gecko/20100101 Firefox/122.0"
89.158.32.237 - - [30/Jan/2024:23:44:52 +0100] "GET /images/qui-sommes-nous.jpg HTTP/1.0" 200 261 "http://www.reflexpro.fr/sigma-70-300-f4-56-dg-apo-macro-monture-sony-p-1329.html" "Mozilla/5.0 (Windows NT 10.0; Win64; x64; rv:122.0) Gecko/20100101 Firefox/122.0"
89.158.32.237 - - [30/Jan/2024:23:44:52 +0100] "GET /images/icone_contacter.jpg HTTP/1.0" 200 261 "http://www.reflexpro.fr/sigma-70-300-f4-56-dg-apo-macro-monture-sony-p-1329.html" "Mozilla/5.0 (Windows NT 10.0; Win64; x64; rv:122.0) Gecko/20100101 Firefox/122.0"
89.158.32.237 - - [30/Jan/2024:23:44:52 +0100] "GET /images/page.jpeg HTTP/1.0" 200 251 "http://www.reflexpro.fr/style.css" "Mozilla/5.0 (Windows NT 10.0; Win64; x64; rv:122.0) Gecko/20100101 Firefox/122.0"
89.158.32.237 - - [30/Jan/2024:23:44:52 +0100] "GET /images/header.png HTTP/1.0" 200 251 "http://www.reflexpro.fr/style.css" "Mozilla/5.0 (Windows NT 10.0; Win64; x64; rv:122.0) Gecko/20100101 Firefox/122.0"
89.158.32.237 - - [30/Jan/2024:23:44:52 +0100] "GET /images/object227400126.png HTTP/1.0" 200 515 "http://www.reflexpro.fr/style.css" "Mozilla/5.0 (Windows NT 10.0; Win64; x64; rv:122.0) Gecko/20100101 Firefox/122.0"
89.158.32.237 - - [30/Jan/2024:23:44:52 +0100] "GET /images/searchicon.png HTTP/1.0" 200 664 "http://www.reflexpro.fr/style.css" "Mozilla/5.0 (Windows NT 10.0; Win64; x64; rv:122.0) Gecko/20100101 Firefox/122.0"
89.158.32.237 - - [30/Jan/2024:23:44:52 +0100] "GET /images/menuseparator.png HTTP/1.0" 200 487 "http://www.reflexpro.fr/style.css" "Mozilla/5.0 (Windows NT 10.0; Win64; x64; rv:122.0) Gecko/20100101 Firefox/122.0"
89.158.32.237 - - [30/Jan/2024:23:44:52 +0100] "GET /images/spacer.gif HTTP/1.0" 200 328 "http://www.reflexpro.fr/style.css" "Mozilla/5.0 (Windows NT 10.0; Win64; x64; rv:122.0) Gecko/20100101 Firefox/122.0"
89.158.32.237 - - [30/Jan/2024:23:44:52 +0100] "GET /images/footerbullets.png HTTP/1.0" 200 503 "http://www.reflexpro.fr/style.css" "Mozilla/5.0 (Windows NT 10.0; Win64; x64; rv:122.0) Gecko/20100101 Firefox/122.0"
89.158.32.237 - - [30/Jan/2024:23:44:53 +0100] "GET /highslide/graphics/outlines/drop-shadow.png HTTP/1.0" 200 277 "http://www.reflexpro.fr/sigma-70-300-f4-56-dg-apo-macro-monture-sony-p-1329.html" "Mozilla/5.0 (Windows NT 10.0; Win64; x64; rv:122.0) Gecko/20100101 Firefox/122.0"
89.158.32.237 - - [30/Jan/2024:23:44:53 +0100] "GET /highslide/graphics/zoomout.cur HTTP/1.0" 200 614 "http://www.reflexpro.fr/sigma-70-300-f4-56-dg-apo-macro-monture-sony-p-1329.html" "Mozilla/5.0 (Windows NT 10.0; Win64; x64; rv:122.0) Gecko/20100101 Firefox/122.0"
89.158.32.237 - - [30/Jan/2024:23:44:53 +0100] "GET /highslide/graphics/loader.white.gif HTTP/1.0" 200 960 "http://www.reflexpro.fr/templates/Pixame_v1/stylesheet.css" "Mozilla/5.0 (Windows NT 10.0; Win64; x64; rv:122.0) Gecko/20100101 Firefox/122.0"
3.224.220.101 - - [30/Jan/2024:23:47:23 +0100] "GET /robots.txt HTTP/1.0" 200 245 "-" "Mozilla/5.0 (Macintosh; Intel Mac OS X 10_10_1) AppleWebKit/600.2.5 (KHTML, like Gecko) Version/8.0.2 Safari/600.2.5 (Amazonbot/0.1; +https://developer.amazon.com/support/amazonbot)"
52.70.240.171 - - [30/Jan/2024:23:47:28 +0100] "GET /robots.txt HTTP/1.0" 301 522 "-" "Mozilla/5.0 (Macintosh; Intel Mac OS X 10_10_1) AppleWebKit/600.2.5 (KHTML, like Gecko) Version/8.0.2 Safari/600.2.5 (Amazonbot/0.1; +https://developer.amazon.com/support/amazonbot)"
52.70.240.171 - - [30/Jan/2024:23:47:28 +0100] "GET /robots.txt HTTP/1.0" 200 245 "-" "Mozilla/5.0 (Macintosh; Intel Mac OS X 10_10_1) AppleWebKit/600.2.5 (KHTML, like Gecko) Version/8.0.2 Safari/600.2.5 (Amazonbot/0.1; +https://developer.amazon.com/support/amazonbot)"
52.70.240.171 - - [30/Jan/2024:23:47:28 +0100] "GET /robots.txt HTTP/1.0" 301 522 "-" "Mozilla/5.0 (Macintosh; Intel Mac OS X 10_10_1) AppleWebKit/600.2.5 (KHTML, like Gecko) Version/8.0.2 Safari/600.2.5 (Amazonbot/0.1; +https://developer.amazon.com/support/amazonbot)"
52.70.240.171 - - [30/Jan/2024:23:47:39 +0100] "GET / HTTP/1.0" 301 502 "-" "Mozilla/5.0 (Macintosh; Intel Mac OS X 10_10_1) AppleWebKit/600.2.5 (KHTML, like Gecko) Version/8.0.2 Safari/600.2.5 (Amazonbot/0.1; +https://developer.amazon.com/support/amazonbot)"
52.70.240.171 - - [30/Jan/2024:23:47:52 +0100] "GET / HTTP/1.0" 200 35969 "-" "Mozilla/5.0 (Macintosh; Intel Mac OS X 10_10_1) AppleWebKit/600.2.5 (KHTML, like Gecko) Version/8.0.2 Safari/600.2.5 (Amazonbot/0.1; +https://developer.amazon.com/support/amazonbot)"
54.36.149.107 - - [30/Jan/2024:23:49:58 +0100] "GET /olympus-fl-600r-p-1489.html HTTP/1.0" 200 27634 "-" "Mozilla/5.0 (compatible; AhrefsBot/7.0; +http://ahrefs.com/robot/)"
54.36.149.45 - - [30/Jan/2024:23:53:02 +0100] "GET /asus-geforce-tuf-rtx3060-o12g-gaming-p-2894.html HTTP/1.0" 301 21988 "-" "Mozilla/5.0 (compatible; AhrefsBot/7.0; +http://ahrefs.com/robot/)"
69.63.189.4 - - [30/Jan/2024:23:56:13 +0100] "GET /images/mini_prod/laowa60mmf2.8.jpg HTTP/1.0" 200 269 "-" "facebookexternalhit/1.1 (+http://www.facebook.com/externalhit_uatext.php)"
54.36.149.17 - - [30/Jan/2024:23:57:20 +0100] "GET /mke-400-p-2983.html HTTP/1.0" 200 27417 "-" "Mozilla/5.0 (compatible; AhrefsBot/7.0; +http://ahrefs.com/robot/)"
69.63.189.10 - - [30/Jan/2024:23:58:49 +0100] "GET /images/mini_prod/AT8022.jpg HTTP/1.0" 200 262 "-" "facebookexternalhit/1.1 (+http://www.facebook.com/externalhit_uatext.php)"
69.162.124.230 - - [30/Jan/2024:23:59:38 +0100] "HEAD / HTTP/1.0" 200 383 "http://www.reflexpro.fr" "Mozilla/5.0+(compatible; UptimeRobot/2.0; http://www.uptimerobot.com/)"
47.128.52.157 - - [31/Jan/2024:00:04:30 +0100] "GET /sonos-play-blanche-pr-2141.html HTTP/1.0" 302 464 "-" "Mozilla/5.0 (Linux; Android 5.0) AppleWebKit/537.36 (KHTML, like Gecko) Mobile Safari/537.36 (compatible; Bytespider; spider-feedback@bytedance.com)"
54.36.149.74 - - [31/Jan/2024:00:05:04 +0100] "GET /objectifs-reflex-c-271_272_281.html?page=16 HTTP/1.0" 200 47330 "-" "Mozilla/5.0 (compatible; AhrefsBot/7.0; +http://ahrefs.com/robot/)"
216.244.66.233 - - [31/Jan/2024:00:05:55 +0100] "GET /robots.txt HTTP/1.0" 200 245 "-" "Mozilla/5.0 (compatible; DotBot/1.2; +https://opensiteexplorer.org/dotbot; help@moz.com)"
69.63.189.117 - - [31/Jan/2024:00:07:36 +0100] "GET /images/mini_prod/lsx-wireless-blanc-laque_5be591fac7ae9_1200.jpg HTTP/1.0" 200 299 "-" "facebookexternalhit/1.1 (+http://www.facebook.com/externalhit_uatext.php)"
47.128.112.62 - - [31/Jan/2024:00:08:29 +0100] "GET /panasonic-25-50mm-f17-dg-leica-vario-summilux-pr-2927.html HTTP/1.0" 302 464 "-" "Mozilla/5.0 (Linux; Android 5.0) AppleWebKit/537.36 (KHTML, like Gecko) Mobile Safari/537.36 (compatible; Bytespider; spider-feedback@bytedance.com)"
54.36.148.91 - - [31/Jan/2024:00:12:11 +0100] "GET /canon-eos-r10-rf-18-45mm-f45-63-is-stm-noir-p-3025.html HTTP/1.0" 200 65503 "-" "Mozilla/5.0 (compatible; AhrefsBot/7.0; +http://ahrefs.com/robot/)"
69.162.124.230 - - [31/Jan/2024:00:14:28 +0100] "HEAD / HTTP/1.0" 200 383 "http://www.reflexpro.fr" "Mozilla/5.0+(compatible; UptimeRobot/2.0; http://www.uptimerobot.com/)"
66.249.66.23 - - [31/Jan/2024:00:15:01 +0100] "GET / HTTP/1.0" 200 35969 "-" "Mozilla/5.0 (compatible; Googlebot/2.1; +http://www.google.com/bot.html)"
54.36.148.94 - - [31/Jan/2024:00:18:54 +0100] "GET /sigma-70-300-f4-56-dg-apo-macro-monture-pentax-p-1328.html HTTP/1.0" 200 30119 "-" "Mozilla/5.0 (compatible; AhrefsBot/7.0; +http://ahrefs.com/robot/)"
69.162.124.230 - - [31/Jan/2024:00:19:28 +0100] "HEAD / HTTP/1.0" 200 383 "http://www.reflexpro.fr" "Mozilla/5.0+(compatible; UptimeRobot/2.0; http://www.uptimerobot.com/)"
216.244.66.233 - - [31/Jan/2024:00:21:13 +0100] "GET /images/Submini.jpg HTTP/1.0" 200 253 "-" "Mozilla/5.0 (compatible; DotBot/1.2; +https://opensiteexplorer.org/dotbot; help@moz.com)"
69.63.189.3 - - [31/Jan/2024:00:24:32 +0100] "GET /images/mini_prod/dmcg7doublekit.jpg HTTP/1.0" 200 270 "-" "facebookexternalhit/1.1 (+http://www.facebook.com/externalhit_uatext.php)"
54.36.148.217 - - [31/Jan/2024:00:25:19 +0100] "GET /objectifs-reflex-c-271_272_281.html?page=4 HTTP/1.0" 200 45852 "-" "Mozilla/5.0 (compatible; AhrefsBot/7.0; +http://ahrefs.com/robot/)"
54.36.148.171 - - [31/Jan/2024:00:32:15 +0100] "GET /sigma-10-f28-dc-ex-hsm-fish-eye-monture-nikon-p-924.html HTTP/1.0" 200 28651 "-" "Mozilla/5.0 (compatible; AhrefsBot/7.0; +http://ahrefs.com/robot/)"
35.188.92.99 - - [31/Jan/2024:00:33:19 +0100] "GET / HTTP/1.0" 301 502 "-" "Mozilla/5.0 (X11; Linux x86_64) AppleWebKit/537.36 (KHTML, like Gecko) Chrome/123.0.0.0 Safari/537.36"
66.249.66.23 - - [31/Jan/2024:00:33:20 +0100] "GET /sigma-35-f14-dg-hsm-art-monture-nikon-p-1300.html HTTP/1.0" 200 29486 "-" "Mozilla/5.0 (Linux; Android 6.0.1; Nexus 5X Build/MMB29P) AppleWebKit/537.36 (KHTML, like Gecko) Chrome/121.0.6167.85 Mobile Safari/537.36 (compatible; Googlebot/2.1; +http://www.google.com/bot.html)"
35.188.92.99 - - [31/Jan/2024:00:33:21 +0100] "GET / HTTP/1.0" 200 35969 "-" "Mozilla/5.0 (X11; Linux x86_64) AppleWebKit/537.36 (KHTML, like Gecko) Chrome/123.0.0.0 Safari/537.36"
35.188.92.99 - - [31/Jan/2024:00:33:22 +0100] "GET /style.css HTTP/1.0" 200 242 "http://www.reflexpro.fr/" "Mozilla/5.0 (X11; Linux x86_64) AppleWebKit/537.36 (KHTML, like Gecko) Chrome/123.0.0.0 Safari/537.36"
35.188.92.99 - - [31/Jan/2024:00:33:23 +0100] "GET /style.responsive.css HTTP/1.0" 200 253 "http://www.reflexpro.fr/" "Mozilla/5.0 (X11; Linux x86_64) AppleWebKit/537.36 (KHTML, like Gecko) Chrome/123.0.0.0 Safari/537.36"
35.188.92.99 - - [31/Jan/2024:00:33:23 +0100] "GET /templates/Pixame_v1/stylesheet.css HTTP/1.0" 200 267 "http://www.reflexpro.fr/" "Mozilla/5.0 (X11; Linux x86_64) AppleWebKit/537.36 (KHTML, like Gecko) Chrome/123.0.0.0 Safari/537.36"
35.188.92.99 - - [31/Jan/2024:00:33:23 +0100] "GET /font-awesome-4.0.3/css/font-awesome.css HTTP/1.0" 200 272 "http://www.reflexpro.fr/" "Mozilla/5.0 (X11; Linux x86_64) AppleWebKit/537.36 (KHTML, like Gecko) Chrome/123.0.0.0 Safari/537.36"
35.188.92.99 - - [31/Jan/2024:00:33:23 +0100] "GET /themes-nivo/default/default.css HTTP/1.0" 200 264 "http://www.reflexpro.fr/" "Mozilla/5.0 (X11; Linux x86_64) AppleWebKit/537.36 (KHTML, like Gecko) Chrome/123.0.0.0 Safari/537.36"
35.188.92.99 - - [31/Jan/2024:00:33:23 +0100] "GET /themes-nivo/light/light.css HTTP/1.0" 200 260 "http://www.reflexpro.fr/" "Mozilla/5.0 (X11; Linux x86_64) AppleWebKit/537.36 (KHTML, like Gecko) Chrome/123.0.0.0 Safari/537.36"
35.188.92.99 - - [31/Jan/2024:00:33:23 +0100] "GET /themes-nivo/dark/dark.css HTTP/1.0" 200 258 "http://www.reflexpro.fr/" "Mozilla/5.0 (X11; Linux x86_64) AppleWebKit/537.36 (KHTML, like Gecko) Chrome/123.0.0.0 Safari/537.36"
35.188.92.99 - - [31/Jan/2024:00:33:23 +0100] "GET /themes-nivo/bar/bar.css HTTP/1.0" 200 256 "http://www.reflexpro.fr/" "Mozilla/5.0 (X11; Linux x86_64) AppleWebKit/537.36 (KHTML, like Gecko) Chrome/123.0.0.0 Safari/537.36"
35.188.92.99 - - [31/Jan/2024:00:33:23 +0100] "GET /nivo-slider.css HTTP/1.0" 200 248 "http://www.reflexpro.fr/" "Mozilla/5.0 (X11; Linux x86_64) AppleWebKit/537.36 (KHTML, like Gecko) Chrome/123.0.0.0 Safari/537.36"
35.188.92.99 - - [31/Jan/2024:00:33:23 +0100] "GET /cookieconsentbar/cookieconsentbar.css HTTP/1.0" 200 270 "http://www.reflexpro.fr/" "Mozilla/5.0 (X11; Linux x86_64) AppleWebKit/537.36 (KHTML, like Gecko) Chrome/123.0.0.0 Safari/537.36"
35.188.92.99 - - [31/Jan/2024:00:33:23 +0100] "GET /jquery.js HTTP/1.0" 200 249 "http://www.reflexpro.fr/" "Mozilla/5.0 (X11; Linux x86_64) AppleWebKit/537.36 (KHTML, like Gecko) Chrome/123.0.0.0 Safari/537.36"
35.188.92.99 - - [31/Jan/2024:00:33:23 +0100] "GET /highslide/highslide.js HTTP/1.0" 200 262 "http://www.reflexpro.fr/" "Mozilla/5.0 (X11; Linux x86_64) AppleWebKit/537.36 (KHTML, like Gecko) Chrome/123.0.0.0 Safari/537.36"
35.188.92.99 - - [31/Jan/2024:00:33:23 +0100] "GET /script.js HTTP/1.0" 200 249 "http://www.reflexpro.fr/" "Mozilla/5.0 (X11; Linux x86_64) AppleWebKit/537.36 (KHTML, like Gecko) Chrome/123.0.0.0 Safari/537.36"
35.188.92.99 - - [31/Jan/2024:00:33:23 +0100] "GET /script.responsive.js HTTP/1.0" 200 260 "http://www.reflexpro.fr/" "Mozilla/5.0 (X11; Linux x86_64) AppleWebKit/537.36 (KHTML, like Gecko) Chrome/123.0.0.0 Safari/537.36"
35.188.92.99 - - [31/Jan/2024:00:33:23 +0100] "GET /jquery-1.9.0.min.js HTTP/1.0" 200 259 "http://www.reflexpro.fr/" "Mozilla/5.0 (X11; Linux x86_64) AppleWebKit/537.36 (KHTML, like Gecko) Chrome/123.0.0.0 Safari/537.36"
35.188.92.99 - - [31/Jan/2024:00:33:23 +0100] "GET /jquery.nivo.slider.js HTTP/1.0" 200 261 "http://www.reflexpro.fr/" "Mozilla/5.0 (X11; Linux x86_64) AppleWebKit/537.36 (KHTML, like Gecko) Chrome/123.0.0.0 Safari/537.36"
35.188.92.99 - - [31/Jan/2024:00:33:23 +0100] "GET /cookieconsentbar/cookieconsentbar.js HTTP/1.0" 200 276 "http://www.reflexpro.fr/" "Mozilla/5.0 (X11; Linux x86_64) AppleWebKit/537.36 (KHTML, like Gecko) Chrome/123.0.0.0 Safari/537.36"
35.188.92.99 - - [31/Jan/2024:00:33:23 +0100] "GET /images/logo-2130545471.png HTTP/1.0" 200 260 "http://www.reflexpro.fr/" "Mozilla/5.0 (X11; Linux x86_64) AppleWebKit/537.36 (KHTML, like Gecko) Chrome/123.0.0.0 Safari/537.36"
35.188.92.99 - - [31/Jan/2024:00:33:23 +0100] "GET /img-site/home3.png HTTP/1.0" 200 252 "http://www.reflexpro.fr/" "Mozilla/5.0 (X11; Linux x86_64) AppleWebKit/537.36 (KHTML, like Gecko) Chrome/123.0.0.0 Safari/537.36"
35.188.92.99 - - [31/Jan/2024:00:33:24 +0100] "GET /images/bannieregolddevialet.jpg HTTP/1.0" 200 266 "http://www.reflexpro.fr/" "Mozilla/5.0 (X11; Linux x86_64) AppleWebKit/537.36 (KHTML, like Gecko) Chrome/123.0.0.0 Safari/537.36"
35.188.92.99 - - [31/Jan/2024:00:33:24 +0100] "GET /images/AMBEO_Soundbar_Mini_Banner_FR_1920x300_1.jpg HTTP/1.0" 200 286 "http://www.reflexpro.fr/" "Mozilla/5.0 (X11; Linux x86_64) AppleWebKit/537.36 (KHTML, like Gecko) Chrome/123.0.0.0 Safari/537.36"
35.188.92.99 - - [31/Jan/2024:00:33:24 +0100] "GET /images/AMBEO_Soundbar_Mini_Banner_FR_1920x300_2.jpg HTTP/1.0" 200 286 "http://www.reflexpro.fr/" "Mozilla/5.0 (X11; Linux x86_64) AppleWebKit/537.36 (KHTML, like Gecko) Chrome/123.0.0.0 Safari/537.36"
35.188.92.99 - - [31/Jan/2024:00:33:25 +0100] "GET /images/banniereimplosivedevialet.jpg HTTP/1.0" 200 271 "http://www.reflexpro.fr/" "Mozilla/5.0 (X11; Linux x86_64) AppleWebKit/537.36 (KHTML, like Gecko) Chrome/123.0.0.0 Safari/537.36"
35.188.92.99 - - [31/Jan/2024:00:33:25 +0100] "GET /images/pixel_trans.gif HTTP/1.0" 200 328 "http://www.reflexpro.fr/" "Mozilla/5.0 (X11; Linux x86_64) AppleWebKit/537.36 (KHTML, like Gecko) Chrome/123.0.0.0 Safari/537.36"
35.188.92.99 - - [31/Jan/2024:00:33:25 +0100] "GET /images/mini_prod/move%202%20blanc.jpg HTTP/1.0" 200 268 "http://www.reflexpro.fr/" "Mozilla/5.0 (X11; Linux x86_64) AppleWebKit/537.36 (KHTML, like Gecko) Chrome/123.0.0.0 Safari/537.36"
35.188.92.99 - - [31/Jan/2024:00:33:25 +0100] "GET /images/mini_prod/move2%20black.jpg HTTP/1.0" 200 267 "http://www.reflexpro.fr/" "Mozilla/5.0 (X11; Linux x86_64) AppleWebKit/537.36 (KHTML, like Gecko) Chrome/123.0.0.0 Safari/537.36"
35.188.92.99 - - [31/Jan/2024:00:33:25 +0100] "GET /images/mini_prod/yQ7FChSgZbU.jpeg HTTP/1.0" 200 268 "http://www.reflexpro.fr/" "Mozilla/5.0 (X11; Linux x86_64) AppleWebKit/537.36 (KHTML, like Gecko) Chrome/123.0.0.0 Safari/537.36"
35.188.92.99 - - [31/Jan/2024:00:33:25 +0100] "GET /images/mini_prod/audioquest-nrg-z3.jpg HTTP/1.0" 200 273 "http://www.reflexpro.fr/" "Mozilla/5.0 (X11; Linux x86_64) AppleWebKit/537.36 (KHTML, like Gecko) Chrome/123.0.0.0 Safari/537.36"
35.188.92.99 - - [31/Jan/2024:00:33:25 +0100] "GET /images/mini_prod/audioquest-nrg-y3.jpg HTTP/1.0" 200 273 "http://www.reflexpro.fr/" "Mozilla/5.0 (X11; Linux x86_64) AppleWebKit/537.36 (KHTML, like Gecko) Chrome/123.0.0.0 Safari/537.36"
35.188.92.99 - - [31/Jan/2024:00:33:25 +0100] "GET /images/mini_prod/audioquest-pearl-hdmi-48.jpg HTTP/1.0" 200 280 "http://www.reflexpro.fr/" "Mozilla/5.0 (X11; Linux x86_64) AppleWebKit/537.36 (KHTML, like Gecko) Chrome/123.0.0.0 Safari/537.36"
35.188.92.99 - - [31/Jan/2024:00:33:26 +0100] "GET /images/mini_prod/audioquest-sydney.jpg HTTP/1.0" 200 273 "http://www.reflexpro.fr/" "Mozilla/5.0 (X11; Linux x86_64) AppleWebKit/537.36 (KHTML, like Gecko) Chrome/123.0.0.0 Safari/537.36"
35.188.92.99 - - [31/Jan/2024:00:33:26 +0100] "GET /images/mini_prod/monsoon.jpg HTTP/1.0" 200 263 "http://www.reflexpro.fr/" "Mozilla/5.0 (X11; Linux x86_64) AppleWebKit/537.36 (KHTML, like Gecko) Chrome/123.0.0.0 Safari/537.36"
35.188.92.99 - - [31/Jan/2024:00:33:26 +0100] "GET /images/mini_prod/SON_OUTDRWW1BLK_01.jpeg HTTP/1.0" 200 275 "http://www.reflexpro.fr/" "Mozilla/5.0 (X11; Linux x86_64) AppleWebKit/537.36 (KHTML, like Gecko) Chrome/123.0.0.0 Safari/537.36"
35.188.92.99 - - [31/Jan/2024:00:33:26 +0100] "GET /images/page.jpeg HTTP/1.0" 200 251 "http://www.reflexpro.fr/style.css" "Mozilla/5.0 (X11; Linux x86_64) AppleWebKit/537.36 (KHTML, like Gecko) Chrome/123.0.0.0 Safari/537.36"
35.188.92.99 - - [31/Jan/2024:00:33:26 +0100] "GET /images/header.png HTTP/1.0" 200 251 "http://www.reflexpro.fr/style.css" "Mozilla/5.0 (X11; Linux x86_64) AppleWebKit/537.36 (KHTML, like Gecko) Chrome/123.0.0.0 Safari/537.36"
35.188.92.99 - - [31/Jan/2024:00:33:26 +0100] "GET /images/mini_prod/avx-835-set1.jpg HTTP/1.0" 200 268 "http://www.reflexpro.fr/" "Mozilla/5.0 (X11; Linux x86_64) AppleWebKit/537.36 (KHTML, like Gecko) Chrome/123.0.0.0 Safari/537.36"
35.188.92.99 - - [31/Jan/2024:00:33:26 +0100] "GET /img-site/bandeau-droit1.png HTTP/1.0" 200 261 "http://www.reflexpro.fr/" "Mozilla/5.0 (X11; Linux x86_64) AppleWebKit/537.36 (KHTML, like Gecko) Chrome/123.0.0.0 Safari/537.36"
35.188.92.99 - - [31/Jan/2024:00:33:26 +0100] "GET /img-site/bandeau-droit2.png HTTP/1.0" 200 261 "http://www.reflexpro.fr/" "Mozilla/5.0 (X11; Linux x86_64) AppleWebKit/537.36 (KHTML, like Gecko) Chrome/123.0.0.0 Safari/537.36"
35.188.92.99 - - [31/Jan/2024:00:33:26 +0100] "GET /images/icon_paiement.jpg HTTP/1.0" 200 259 "http://www.reflexpro.fr/" "Mozilla/5.0 (X11; Linux x86_64) AppleWebKit/537.36 (KHTML, like Gecko) Chrome/123.0.0.0 Safari/537.36"
35.188.92.99 - - [31/Jan/2024:00:33:26 +0100] "GET /images/icon_tel.jpg HTTP/1.0" 200 254 "http://www.reflexpro.fr/" "Mozilla/5.0 (X11; Linux x86_64) AppleWebKit/537.36 (KHTML, like Gecko) Chrome/123.0.0.0 Safari/537.36"
35.188.92.99 - - [31/Jan/2024:00:33:26 +0100] "GET /images/qui-sommes-nous.jpg HTTP/1.0" 200 261 "http://www.reflexpro.fr/" "Mozilla/5.0 (X11; Linux x86_64) AppleWebKit/537.36 (KHTML, like Gecko) Chrome/123.0.0.0 Safari/537.36"
35.188.92.99 - - [31/Jan/2024:00:33:26 +0100] "GET /images/icone_contacter.jpg HTTP/1.0" 200 261 "http://www.reflexpro.fr/" "Mozilla/5.0 (X11; Linux x86_64) AppleWebKit/537.36 (KHTML, like Gecko) Chrome/123.0.0.0 Safari/537.36"
35.188.92.99 - - [31/Jan/2024:00:33:30 +0100] "GET /images/object227400126.png HTTP/1.0" 200 515 "http://www.reflexpro.fr/style.css" "Mozilla/5.0 (X11; Linux x86_64) AppleWebKit/537.36 (KHTML, like Gecko) Chrome/123.0.0.0 Safari/537.36"
35.188.92.99 - - [31/Jan/2024:00:33:30 +0100] "GET /images/searchicon.png HTTP/1.0" 200 664 "http://www.reflexpro.fr/style.css" "Mozilla/5.0 (X11; Linux x86_64) AppleWebKit/537.36 (KHTML, like Gecko) Chrome/123.0.0.0 Safari/537.36"
35.188.92.99 - - [31/Jan/2024:00:33:30 +0100] "GET /images/menuseparator.png HTTP/1.0" 200 487 "http://www.reflexpro.fr/style.css" "Mozilla/5.0 (X11; Linux x86_64) AppleWebKit/537.36 (KHTML, like Gecko) Chrome/123.0.0.0 Safari/537.36"
35.188.92.99 - - [31/Jan/2024:00:33:30 +0100] "GET /images/spacer.gif HTTP/1.0" 200 328 "http://www.reflexpro.fr/style.css" "Mozilla/5.0 (X11; Linux x86_64) AppleWebKit/537.36 (KHTML, like Gecko) Chrome/123.0.0.0 Safari/537.36"
35.188.92.99 - - [31/Jan/2024:00:33:30 +0100] "GET /themes-nivo/default/loading.gif HTTP/1.0" 200 265 "http://www.reflexpro.fr/themes-nivo/default/default.css" "Mozilla/5.0 (X11; Linux x86_64) AppleWebKit/537.36 (KHTML, like Gecko) Chrome/123.0.0.0 Safari/537.36"
35.188.92.99 - - [31/Jan/2024:00:33:30 +0100] "GET /templates/Pixame_v1/images/infobox/box_bg_l.gif HTTP/1.0" 200 333 "http://www.reflexpro.fr/" "Mozilla/5.0 (X11; Linux x86_64) AppleWebKit/537.36 (KHTML, like Gecko) Chrome/123.0.0.0 Safari/537.36"
69.162.124.230 - - [31/Jan/2024:00:34:28 +0100] "HEAD / HTTP/1.0" 200 383 "http://www.reflexpro.fr" "Mozilla/5.0+(compatible; UptimeRobot/2.0; http://www.uptimerobot.com/)"
66.249.66.197 - - [31/Jan/2024:00:35:05 +0100] "GET / HTTP/1.0" 301 502 "-" "Mozilla/5.0 (compatible; Googlebot/2.1; +http://www.google.com/bot.html)"
66.249.66.23 - - [31/Jan/2024:00:35:06 +0100] "GET / HTTP/1.0" 200 35969 "-" "Mozilla/5.0 (compatible; Googlebot/2.1; +http://www.google.com/bot.html)"
69.162.124.230 - - [31/Jan/2024:00:41:25 +0100] "HEAD / HTTP/1.0" 200 383 "http://www.reflexpro.fr" "Mozilla/5.0+(compatible; UptimeRobot/2.0; http://www.uptimerobot.com/)"
40.77.167.70 - - [31/Jan/2024:00:44:40 +0100] "GET /precommande-panasonic-x50e-objectif-photo-50mm-f14-pr-2596.html HTTP/1.0" 302 464 "-" "Mozilla/5.0 AppleWebKit/537.36 (KHTML, like Gecko; compatible; bingbot/2.0; +http://www.bing.com/bingbot.htm) Chrome/116.0.1938.76 Safari/537.36"
69.162.124.230 - - [31/Jan/2024:00:46:24 +0100] "HEAD / HTTP/1.0" 200 383 "http://www.reflexpro.fr" "Mozilla/5.0+(compatible; UptimeRobot/2.0; http://www.uptimerobot.com/)"
69.162.124.230 - - [31/Jan/2024:00:51:31 +0100] "HEAD / HTTP/1.0" 200 383 "http://www.reflexpro.fr" "Mozilla/5.0+(compatible; UptimeRobot/2.0; http://www.uptimerobot.com/)"
69.162.124.230 - - [31/Jan/2024:00:56:24 +0100] "HEAD / HTTP/1.0" 200 383 "http://www.reflexpro.fr" "Mozilla/5.0+(compatible; UptimeRobot/2.0; http://www.uptimerobot.com/)"
69.63.184.118 - - [31/Jan/2024:00:57:39 +0100] "GET /images/mini_prod/panadc880wef.jpg HTTP/1.0" 200 268 "-" "facebookexternalhit/1.1 (+http://www.facebook.com/externalhit_uatext.php)"
216.244.66.233 - - [31/Jan/2024:01:00:03 +0100] "GET /robots.txt HTTP/1.0" 200 245 "-" "Mozilla/5.0 (compatible; DotBot/1.2; +https://opensiteexplorer.org/dotbot; help@moz.com)"
69.162.124.230 - - [31/Jan/2024:01:01:26 +0100] "HEAD / HTTP/1.0" 200 383 "http://www.reflexpro.fr" "Mozilla/5.0+(compatible; UptimeRobot/2.0; http://www.uptimerobot.com/)"
216.244.66.233 - - [31/Jan/2024:01:04:08 +0100] "GET /sonos-play-sub-pr-912.html HTTP/1.0" 302 464 "-" "Mozilla/5.0 (compatible; DotBot/1.2; +https://opensiteexplorer.org/dotbot; help@moz.com)"
216.244.66.233 - - [31/Jan/2024:01:09:34 +0100] "GET /zotac-geforce-rtx-3090-trinity-oc-p-2964.html HTTP/1.0" 301 21988 "-" "Mozilla/5.0 (compatible; DotBot/1.2; +https://opensiteexplorer.org/dotbot; help@moz.com)"
69.162.124.230 - - [31/Jan/2024:01:12:59 +0100] "HEAD / HTTP/1.0" 200 383 "http://www.reflexpro.fr" "Mozilla/5.0+(compatible; UptimeRobot/2.0; http://www.uptimerobot.com/)"
65.154.226.167 - - [31/Jan/2024:01:13:11 +0100] "GET / HTTP/1.0" 301 502 "-" "Mozilla/5.0 (Windows NT 10.0) AppleWebKit/537.36 (KHTML, like Gecko) Chrome/106.0.0.0 Safari/537.36"
65.154.226.167 - - [31/Jan/2024:01:13:12 +0100] "GET / HTTP/1.0" 200 35969 "http://reflexpro.fr" "Mozilla/5.0 (Windows NT 10.0) AppleWebKit/537.36 (KHTML, like Gecko) Chrome/106.0.0.0 Safari/537.36"
66.249.66.21 - - [31/Jan/2024:01:17:23 +0100] "GET /panasonic-35-100-f4-56-ois-noir-dekite-p-1912.html HTTP/1.0" 200 29084 "-" "Mozilla/5.0 (Linux; Android 6.0.1; Nexus 5X Build/MMB29P) AppleWebKit/537.36 (KHTML, like Gecko) Chrome/121.0.6167.85 Mobile Safari/537.36 (compatible; Googlebot/2.1; +http://www.google.com/bot.html)"
69.162.124.230 - - [31/Jan/2024:01:17:59 +0100] "HEAD / HTTP/1.0" 200 383 "http://www.reflexpro.fr" "Mozilla/5.0+(compatible; UptimeRobot/2.0; http://www.uptimerobot.com/)"
52.167.144.235 - - [31/Jan/2024:01:20:00 +0100] "GET /asus-tuf-gaming-z590-plus-wifi-p-2882.html HTTP/1.0" 301 21988 "-" "Mozilla/5.0 AppleWebKit/537.36 (KHTML, like Gecko; compatible; bingbot/2.0; +http://www.bing.com/bingbot.htm) Chrome/116.0.1938.76 Safari/537.36"
47.128.47.242 - - [31/Jan/2024:01:21:24 +0100] "GET /kef-r11-blanc-laque-la-paire-pr-2659.html HTTP/1.0" 302 464 "-" "Mozilla/5.0 (Linux; Android 5.0) AppleWebKit/537.36 (KHTML, like Gecko) Mobile Safari/537.36 (compatible; Bytespider; spider-feedback@bytedance.com)"
85.208.96.211 - - [31/Jan/2024:01:25:28 +0100] "GET /robots.txt HTTP/1.0" 301 522 "-" "Mozilla/5.0 (compatible; SemrushBot/7~bl; +http://www.semrush.com/bot.html)"
85.208.96.202 - - [31/Jan/2024:01:25:29 +0100] "GET /robots.txt HTTP/1.0" 200 245 "-" "Mozilla/5.0 (compatible; SemrushBot/7~bl; +http://www.semrush.com/bot.html)"
85.208.96.204 - - [31/Jan/2024:01:25:29 +0100] "GET / HTTP/1.0" 301 502 "-" "Mozilla/5.0 (compatible; SemrushBot/7~bl; +http://www.semrush.com/bot.html)"
85.208.96.211 - - [31/Jan/2024:01:25:30 +0100] "GET /robots.txt HTTP/1.0" 200 245 "-" "Mozilla/5.0 (compatible; SemrushBot/7~bl; +http://www.semrush.com/bot.html)"
185.191.171.7 - - [31/Jan/2024:01:25:31 +0100] "GET / HTTP/1.0" 200 35969 "-" "Mozilla/5.0 (compatible; SemrushBot/7~bl; +http://www.semrush.com/bot.html)"
17.241.219.187 - - [31/Jan/2024:01:26:14 +0100] "GET /images/mini_prod/lenspenlaptoppro.jpg HTTP/1.0" 200 272 "-" "Mozilla/5.0 (Macintosh; Intel Mac OS X 10_15_5) AppleWebKit/605.1.15 (KHTML, like Gecko) Version/13.1.1 Safari/605.1.15 (Applebot/0.1; +http://www.apple.com/go/applebot)"
69.162.124.230 - - [31/Jan/2024:01:29:37 +0100] "HEAD / HTTP/1.0" 200 383 "http://www.reflexpro.fr" "Mozilla/5.0+(compatible; UptimeRobot/2.0; http://www.uptimerobot.com/)"
69.162.124.230 - - [31/Jan/2024:01:34:36 +0100] "HEAD / HTTP/1.0" 200 383 "http://www.reflexpro.fr" "Mozilla/5.0+(compatible; UptimeRobot/2.0; http://www.uptimerobot.com/)"
52.167.144.21 - - [31/Jan/2024:01:39:03 +0100] "GET /viseurs-electroniques-c-271_282_301.html HTTP/1.0" 301 582 "-" "Mozilla/5.0 AppleWebKit/537.36 (KHTML, like Gecko; compatible; bingbot/2.0; +http://www.bing.com/bingbot.htm) Chrome/116.0.1938.76 Safari/537.36"
40.77.167.70 - - [31/Jan/2024:01:39:13 +0100] "GET /viseurs-electroniques-c-271_282_301.html HTTP/1.0" 200 28387 "-" "Mozilla/5.0 AppleWebKit/537.36 (KHTML, like Gecko; compatible; bingbot/2.0; +http://www.bing.com/bingbot.htm) Chrome/116.0.1938.76 Safari/537.36"
69.162.124.230 - - [31/Jan/2024:01:39:36 +0100] "HEAD / HTTP/1.0" 200 383 "http://www.reflexpro.fr" "Mozilla/5.0+(compatible; UptimeRobot/2.0; http://www.uptimerobot.com/)"
85.208.96.209 - - [31/Jan/2024:01:42:35 +0100] "GET /fujifilm-pochette-cuir-marron-x100-p-1560.html?action=add_product HTTP/1.0" 302 470 "-" "Mozilla/5.0 (compatible; SemrushBot/7~bl; +http://www.semrush.com/bot.html)"
69.162.124.230 - - [31/Jan/2024:01:44:37 +0100] "HEAD / HTTP/1.0" 200 383 "http://www.reflexpro.fr" "Mozilla/5.0+(compatible; UptimeRobot/2.0; http://www.uptimerobot.com/)"
66.249.66.22 - - [31/Jan/2024:01:47:38 +0100] "GET /manfrotto-trepied-video-535-aq-rotule-mvh500-p-1702.html HTTP/1.0" 200 30648 "-" "Mozilla/5.0 (Linux; Android 6.0.1; Nexus 5X Build/MMB29P) AppleWebKit/537.36 (KHTML, like Gecko) Chrome/121.0.6167.85 Mobile Safari/537.36 (compatible; Googlebot/2.1; +http://www.google.com/bot.html)"
66.249.66.21 - - [31/Jan/2024:01:47:39 +0100] "GET /manfrotto-trepied-video-535-aq-rotule-mvh500-p-1702.html HTTP/1.0" 200 30648 "-" "Mozilla/5.0 (Linux; Android 6.0.1; Nexus 5X Build/MMB29P) AppleWebKit/537.36 (KHTML, like Gecko) Chrome/121.0.6167.85 Mobile Safari/537.36 (compatible; Googlebot/2.1; +http://www.google.com/bot.html)"
69.162.124.230 - - [31/Jan/2024:01:49:59 +0100] "HEAD / HTTP/1.0" 200 383 "http://www.reflexpro.fr" "Mozilla/5.0+(compatible; UptimeRobot/2.0; http://www.uptimerobot.com/)"
216.244.66.233 - - [31/Jan/2024:01:54:51 +0100] "GET /robots.txt HTTP/1.0" 200 245 "-" "Mozilla/5.0 (compatible; DotBot/1.2; +https://opensiteexplorer.org/dotbot; help@moz.com)"
69.162.124.230 - - [31/Jan/2024:02:04:36 +0100] "HEAD / HTTP/1.0" 200 383 "http://www.reflexpro.fr" "Mozilla/5.0+(compatible; UptimeRobot/2.0; http://www.uptimerobot.com/)"
69.162.124.230 - - [31/Jan/2024:02:19:36 +0100] "HEAD / HTTP/1.0" 200 383 "http://www.reflexpro.fr" "Mozilla/5.0+(compatible; UptimeRobot/2.0; http://www.uptimerobot.com/)"
54.164.99.185 - - [31/Jan/2024:02:20:52 +0100] "GET / HTTP/1.0" 301 502 "-" "Mozilla/5.0 (Linux; Android 7.0; SM-J327T1) AppleWebKit/537.36 (KHTML, like Gecko) Chrome/71.0.3578.99 Mobile Safari/537.36"
17.241.75.23 - - [31/Jan/2024:02:22:13 +0100] "GET /-i-8.html HTTP/1.0" 200 27564 "-" "Mozilla/5.0 (Macintosh; Intel Mac OS X 10_15_5) AppleWebKit/605.1.15 (KHTML, like Gecko) Version/13.1.1 Safari/605.1.15 (Applebot/0.1; +http://www.apple.com/go/applebot)"
185.191.171.6 - - [31/Jan/2024:02:23:27 +0100] "GET /ew-122p-g4-p-2967.html?action=add_product HTTP/1.0" 302 470 "-" "Mozilla/5.0 (compatible; SemrushBot/7~bl; +http://www.semrush.com/bot.html)"
17.241.219.50 - - [31/Jan/2024:02:24:25 +0100] "GET / HTTP/1.0" 200 35969 "-" "Mozilla/5.0 (Macintosh; Intel Mac OS X 10_15_5) AppleWebKit/605.1.15 (KHTML, like Gecko) Version/13.1.1 Safari/605.1.15 (Applebot/0.1; +http://www.apple.com/go/applebot)"
51.254.199.11 - - [31/Jan/2024:02:24:56 +0100] "GET / HTTP/1.0" 301 502 "-" "Mozilla/5.0 (Windows NT 10.0; Win64; x64; rv:118.0) Gecko/20100101 Firefox/118.0"
51.254.199.11 - - [31/Jan/2024:02:25:00 +0100] "GET / HTTP/1.0" 200 35969 "-" "Mozilla/5.0 (Windows NT 10.0; Win64; x64; rv:118.0) Gecko/20100101 Firefox/118.0"
66.249.66.21 - - [31/Jan/2024:02:25:28 +0100] "GET /?yandex-source=touch-maps HTTP/1.0" 200 34941 "-" "Mozilla/5.0 (Linux; Android 6.0.1; Nexus 5X Build/MMB29P) AppleWebKit/537.36 (KHTML, like Gecko) Chrome/121.0.6167.85 Mobile Safari/537.36 (compatible; Googlebot/2.1; +http://www.google.com/bot.html)"
85.208.96.207 - - [31/Jan/2024:02:26:24 +0100] "GET /robots.txt HTTP/1.0" 200 245 "-" "Mozilla/5.0 (compatible; SemrushBot/7~bl; +http://www.semrush.com/bot.html)"
85.208.96.195 - - [31/Jan/2024:02:26:25 +0100] "GET /sigma-70-300-f4-56-dg-apo-macro-monture-sony-p-1329.html HTTP/1.0" 200 30703 "-" "Mozilla/5.0 (compatible; SemrushBot/7~bl; +http://www.semrush.com/bot.html)"
