69.162.124.230 - - [30/Jan/2024:08:56:50 +0100] "HEAD / HTTP/1.0" 200 383 "http://www.reflexpro.fr" "Mozilla/5.0+(compatible; UptimeRobot/2.0; http://www.uptimerobot.com/)"
69.162.124.230 - - [30/Jan/2024:09:01:58 +0100] "HEAD / HTTP/1.0" 200 383 "http://www.reflexpro.fr" "Mozilla/5.0+(compatible; UptimeRobot/2.0; http://www.uptimerobot.com/)"
54.36.148.204 - - [30/Jan/2024:09:04:32 +0100] "GET /sacs-c-271_282_284.html?page=2 HTTP/1.0" 200 41757 "-" "Mozilla/5.0 (compatible; AhrefsBot/7.0; +http://ahrefs.com/robot/)"
54.36.148.34 - - [30/Jan/2024:09:04:33 +0100] "GET /images/mini_prod/mantripackm.jpg HTTP/1.0" 200 267 "-" "Mozilla/5.0 (compatible; AhrefsBot/7.0; +http://ahrefs.com/robot/)"
54.36.148.28 - - [30/Jan/2024:09:04:33 +0100] "GET /images/mini_prod/lowproprotactic450aw.jpg HTTP/1.0" 200 276 "-" "Mozilla/5.0 (compatible; AhrefsBot/7.0; +http://ahrefs.com/robot/)"
69.162.124.230 - - [30/Jan/2024:09:07:10 +0100] "HEAD / HTTP/1.0" 200 383 "http://www.reflexpro.fr" "Mozilla/5.0+(compatible; UptimeRobot/2.0; http://www.uptimerobot.com/)"
66.249.79.232 - - [30/Jan/2024:09:10:08 +0100] "GET /index.php HTTP/1.0" 200 35969 "-" "Mozilla/5.0 (Linux; Android 6.0.1; Nexus 5X Build/MMB29P) AppleWebKit/537.36 (KHTML, like Gecko) Chrome/121.0.6167.85 Mobile Safari/537.36 (compatible; Googlebot/2.1; +http://www.google.com/bot.html)"
69.162.124.230 - - [30/Jan/2024:09:11:49 +0100] "HEAD / HTTP/1.0" 200 383 "http://www.reflexpro.fr" "Mozilla/5.0+(compatible; UptimeRobot/2.0; http://www.uptimerobot.com/)"
66.249.79.231 - - [30/Jan/2024:09:11:59 +0100] "GET /audioquest-monsoon-iec13-2m-p-3048.html HTTP/1.0" 200 30327 "-" "Mozilla/5.0 (Linux; Android 6.0.1; Nexus 5X Build/MMB29P) AppleWebKit/537.36 (KHTML, like Gecko) Chrome/121.0.6167.85 Mobile Safari/537.36 (compatible; Googlebot/2.1; +http://www.google.com/bot.html)"
66.249.79.233 - - [30/Jan/2024:09:12:35 +0100] "GET /sony-a6000-noir-16-50mm-ilce-6000lb-p-2109.html HTTP/1.0" 200 42043 "-" "Mozilla/5.0 (compatible; Googlebot/2.1; +http://www.google.com/bot.html)"
66.249.79.231 - - [30/Jan/2024:09:12:54 +0100] "GET /sony-a6000-noir-16-50mm-ilce-6000lb-p-2109.html HTTP/1.0" 200 42043 "-" "Mozilla/5.0 (Linux; Android 6.0.1; Nexus 5X Build/MMB29P) AppleWebKit/537.36 (KHTML, like Gecko) Chrome/121.0.6167.85 Mobile Safari/537.36 (compatible; Googlebot/2.1; +http://www.google.com/bot.html)"
216.244.66.233 - - [30/Jan/2024:09:15:25 +0100] "GET /robots.txt HTTP/1.0" 200 245 "-" "Mozilla/5.0 (compatible; DotBot/1.2; +https://opensiteexplorer.org/dotbot; help@moz.com)"
69.162.124.230 - - [30/Jan/2024:09:16:49 +0100] "HEAD / HTTP/1.0" 200 383 "http://www.reflexpro.fr" "Mozilla/5.0+(compatible; UptimeRobot/2.0; http://www.uptimerobot.com/)"
69.162.124.230 - - [30/Jan/2024:09:21:49 +0100] "HEAD / HTTP/1.0" 200 383 "http://www.reflexpro.fr" "Mozilla/5.0+(compatible; UptimeRobot/2.0; http://www.uptimerobot.com/)"
91.169.188.133 - - [30/Jan/2024:09:23:51 +0100] "GET /lowepro-transit-sling-250-aw-gris-p-1543.html HTTP/1.0" 200 28714 "https://www.google.com/" "Mozilla/5.0 (Macintosh; Intel Mac OS X 10.15; rv:122.0) Gecko/20100101 Firefox/122.0"
91.169.188.133 - - [30/Jan/2024:09:23:51 +0100] "GET /style.css HTTP/1.0" 200 242 "http://www.reflexpro.fr/lowepro-transit-sling-250-aw-gris-p-1543.html" "Mozilla/5.0 (Macintosh; Intel Mac OS X 10.15; rv:122.0) Gecko/20100101 Firefox/122.0"
91.169.188.133 - - [30/Jan/2024:09:23:51 +0100] "GET /style.responsive.css HTTP/1.0" 200 253 "http://www.reflexpro.fr/lowepro-transit-sling-250-aw-gris-p-1543.html" "Mozilla/5.0 (Macintosh; Intel Mac OS X 10.15; rv:122.0) Gecko/20100101 Firefox/122.0"
91.169.188.133 - - [30/Jan/2024:09:23:51 +0100] "GET /highslide/highslide.js HTTP/1.0" 200 262 "http://www.reflexpro.fr/lowepro-transit-sling-250-aw-gris-p-1543.html" "Mozilla/5.0 (Macintosh; Intel Mac OS X 10.15; rv:122.0) Gecko/20100101 Firefox/122.0"
91.169.188.133 - - [30/Jan/2024:09:23:51 +0100] "GET /font-awesome-4.0.3/css/font-awesome.css HTTP/1.0" 200 272 "http://www.reflexpro.fr/lowepro-transit-sling-250-aw-gris-p-1543.html" "Mozilla/5.0 (Macintosh; Intel Mac OS X 10.15; rv:122.0) Gecko/20100101 Firefox/122.0"
91.169.188.133 - - [30/Jan/2024:09:23:51 +0100] "GET /templates/Pixame_v1/stylesheet.css HTTP/1.0" 200 267 "http://www.reflexpro.fr/lowepro-transit-sling-250-aw-gris-p-1543.html" "Mozilla/5.0 (Macintosh; Intel Mac OS X 10.15; rv:122.0) Gecko/20100101 Firefox/122.0"
91.169.188.133 - - [30/Jan/2024:09:23:51 +0100] "GET /jquery.js HTTP/1.0" 200 249 "http://www.reflexpro.fr/lowepro-transit-sling-250-aw-gris-p-1543.html" "Mozilla/5.0 (Macintosh; Intel Mac OS X 10.15; rv:122.0) Gecko/20100101 Firefox/122.0"
91.169.188.133 - - [30/Jan/2024:09:23:51 +0100] "GET /script.js HTTP/1.0" 200 249 "http://www.reflexpro.fr/lowepro-transit-sling-250-aw-gris-p-1543.html" "Mozilla/5.0 (Macintosh; Intel Mac OS X 10.15; rv:122.0) Gecko/20100101 Firefox/122.0"
91.169.188.133 - - [30/Jan/2024:09:23:51 +0100] "GET /script.responsive.js HTTP/1.0" 200 260 "http://www.reflexpro.fr/lowepro-transit-sling-250-aw-gris-p-1543.html" "Mozilla/5.0 (Macintosh; Intel Mac OS X 10.15; rv:122.0) Gecko/20100101 Firefox/122.0"
91.169.188.133 - - [30/Jan/2024:09:23:51 +0100] "GET /themes-nivo/default/default.css HTTP/1.0" 200 264 "http://www.reflexpro.fr/lowepro-transit-sling-250-aw-gris-p-1543.html" "Mozilla/5.0 (Macintosh; Intel Mac OS X 10.15; rv:122.0) Gecko/20100101 Firefox/122.0"
91.169.188.133 - - [30/Jan/2024:09:23:51 +0100] "GET /themes-nivo/light/light.css HTTP/1.0" 200 260 "http://www.reflexpro.fr/lowepro-transit-sling-250-aw-gris-p-1543.html" "Mozilla/5.0 (Macintosh; Intel Mac OS X 10.15; rv:122.0) Gecko/20100101 Firefox/122.0"
91.169.188.133 - - [30/Jan/2024:09:23:51 +0100] "GET /themes-nivo/dark/dark.css HTTP/1.0" 200 258 "http://www.reflexpro.fr/lowepro-transit-sling-250-aw-gris-p-1543.html" "Mozilla/5.0 (Macintosh; Intel Mac OS X 10.15; rv:122.0) Gecko/20100101 Firefox/122.0"
91.169.188.133 - - [30/Jan/2024:09:23:51 +0100] "GET /themes-nivo/bar/bar.css HTTP/1.0" 200 256 "http://www.reflexpro.fr/lowepro-transit-sling-250-aw-gris-p-1543.html" "Mozilla/5.0 (Macintosh; Intel Mac OS X 10.15; rv:122.0) Gecko/20100101 Firefox/122.0"
91.169.188.133 - - [30/Jan/2024:09:23:51 +0100] "GET /nivo-slider.css HTTP/1.0" 200 248 "http://www.reflexpro.fr/lowepro-transit-sling-250-aw-gris-p-1543.html" "Mozilla/5.0 (Macintosh; Intel Mac OS X 10.15; rv:122.0) Gecko/20100101 Firefox/122.0"
91.169.188.133 - - [30/Jan/2024:09:23:51 +0100] "GET /jquery-1.9.0.min.js HTTP/1.0" 200 259 "http://www.reflexpro.fr/lowepro-transit-sling-250-aw-gris-p-1543.html" "Mozilla/5.0 (Macintosh; Intel Mac OS X 10.15; rv:122.0) Gecko/20100101 Firefox/122.0"
91.169.188.133 - - [30/Jan/2024:09:23:51 +0100] "GET /cookieconsentbar/cookieconsentbar.css HTTP/1.0" 200 270 "http://www.reflexpro.fr/lowepro-transit-sling-250-aw-gris-p-1543.html" "Mozilla/5.0 (Macintosh; Intel Mac OS X 10.15; rv:122.0) Gecko/20100101 Firefox/122.0"
91.169.188.133 - - [30/Jan/2024:09:23:51 +0100] "GET /jquery.nivo.slider.js HTTP/1.0" 200 261 "http://www.reflexpro.fr/lowepro-transit-sling-250-aw-gris-p-1543.html" "Mozilla/5.0 (Macintosh; Intel Mac OS X 10.15; rv:122.0) Gecko/20100101 Firefox/122.0"
91.169.188.133 - - [30/Jan/2024:09:23:51 +0100] "GET /cookieconsentbar/cookieconsentbar.js HTTP/1.0" 200 276 "http://www.reflexpro.fr/lowepro-transit-sling-250-aw-gris-p-1543.html" "Mozilla/5.0 (Macintosh; Intel Mac OS X 10.15; rv:122.0) Gecko/20100101 Firefox/122.0"
91.169.188.133 - - [30/Jan/2024:09:23:51 +0100] "GET /images/icon_tel.jpg HTTP/1.0" 200 254 "http://www.reflexpro.fr/lowepro-transit-sling-250-aw-gris-p-1543.html" "Mozilla/5.0 (Macintosh; Intel Mac OS X 10.15; rv:122.0) Gecko/20100101 Firefox/122.0"
91.169.188.133 - - [30/Jan/2024:09:23:51 +0100] "GET /img-site/home3.png HTTP/1.0" 200 252 "http://www.reflexpro.fr/lowepro-transit-sling-250-aw-gris-p-1543.html" "Mozilla/5.0 (Macintosh; Intel Mac OS X 10.15; rv:122.0) Gecko/20100101 Firefox/122.0"
91.169.188.133 - - [30/Jan/2024:09:23:51 +0100] "GET /images/ecotaxe_on.jpg HTTP/1.0" 200 256 "http://www.reflexpro.fr/lowepro-transit-sling-250-aw-gris-p-1543.html" "Mozilla/5.0 (Macintosh; Intel Mac OS X 10.15; rv:122.0) Gecko/20100101 Firefox/122.0"
91.169.188.133 - - [30/Jan/2024:09:23:51 +0100] "GET /images/Transit-Sling-250-AW.jpg HTTP/1.0" 200 266 "http://www.reflexpro.fr/lowepro-transit-sling-250-aw-gris-p-1543.html" "Mozilla/5.0 (Macintosh; Intel Mac OS X 10.15; rv:122.0) Gecko/20100101 Firefox/122.0"
91.169.188.133 - - [30/Jan/2024:09:23:51 +0100] "GET /images/pixel_trans.gif HTTP/1.0" 200 328 "http://www.reflexpro.fr/lowepro-transit-sling-250-aw-gris-p-1543.html" "Mozilla/5.0 (Macintosh; Intel Mac OS X 10.15; rv:122.0) Gecko/20100101 Firefox/122.0"
91.169.188.133 - - [30/Jan/2024:09:23:51 +0100] "GET /images/icone_contacter.jpg HTTP/1.0" 200 261 "http://www.reflexpro.fr/lowepro-transit-sling-250-aw-gris-p-1543.html" "Mozilla/5.0 (Macintosh; Intel Mac OS X 10.15; rv:122.0) Gecko/20100101 Firefox/122.0"
91.169.188.133 - - [30/Jan/2024:09:23:51 +0100] "GET /images/icon_paiement.jpg HTTP/1.0" 200 259 "http://www.reflexpro.fr/lowepro-transit-sling-250-aw-gris-p-1543.html" "Mozilla/5.0 (Macintosh; Intel Mac OS X 10.15; rv:122.0) Gecko/20100101 Firefox/122.0"
91.169.188.133 - - [30/Jan/2024:09:23:51 +0100] "GET /images/logo-2130545471.png HTTP/1.0" 200 260 "http://www.reflexpro.fr/lowepro-transit-sling-250-aw-gris-p-1543.html" "Mozilla/5.0 (Macintosh; Intel Mac OS X 10.15; rv:122.0) Gecko/20100101 Firefox/122.0"
91.169.188.133 - - [30/Jan/2024:09:23:51 +0100] "GET /images/qui-sommes-nous.jpg HTTP/1.0" 200 261 "http://www.reflexpro.fr/lowepro-transit-sling-250-aw-gris-p-1543.html" "Mozilla/5.0 (Macintosh; Intel Mac OS X 10.15; rv:122.0) Gecko/20100101 Firefox/122.0"
91.169.188.133 - - [30/Jan/2024:09:23:51 +0100] "GET /images/pixel_orange.gif HTTP/1.0" 200 328 "http://www.reflexpro.fr/lowepro-transit-sling-250-aw-gris-p-1543.html" "Mozilla/5.0 (Macintosh; Intel Mac OS X 10.15; rv:122.0) Gecko/20100101 Firefox/122.0"
91.169.188.133 - - [30/Jan/2024:09:23:51 +0100] "GET /images/page.jpeg HTTP/1.0" 200 251 "http://www.reflexpro.fr/style.css" "Mozilla/5.0 (Macintosh; Intel Mac OS X 10.15; rv:122.0) Gecko/20100101 Firefox/122.0"
91.169.188.133 - - [30/Jan/2024:09:23:51 +0100] "GET /images/footerbullets.png HTTP/1.0" 200 503 "http://www.reflexpro.fr/style.css" "Mozilla/5.0 (Macintosh; Intel Mac OS X 10.15; rv:122.0) Gecko/20100101 Firefox/122.0"
91.169.188.133 - - [30/Jan/2024:09:23:51 +0100] "GET /images/header.png HTTP/1.0" 200 251 "http://www.reflexpro.fr/style.css" "Mozilla/5.0 (Macintosh; Intel Mac OS X 10.15; rv:122.0) Gecko/20100101 Firefox/122.0"
91.169.188.133 - - [30/Jan/2024:09:23:51 +0100] "GET /images/object227400126.png HTTP/1.0" 200 515 "http://www.reflexpro.fr/style.css" "Mozilla/5.0 (Macintosh; Intel Mac OS X 10.15; rv:122.0) Gecko/20100101 Firefox/122.0"
91.169.188.133 - - [30/Jan/2024:09:23:51 +0100] "GET /images/searchicon.png HTTP/1.0" 200 664 "http://www.reflexpro.fr/style.css" "Mozilla/5.0 (Macintosh; Intel Mac OS X 10.15; rv:122.0) Gecko/20100101 Firefox/122.0"
91.169.188.133 - - [30/Jan/2024:09:23:51 +0100] "GET /images/menuseparator.png HTTP/1.0" 200 487 "http://www.reflexpro.fr/style.css" "Mozilla/5.0 (Macintosh; Intel Mac OS X 10.15; rv:122.0) Gecko/20100101 Firefox/122.0"
91.169.188.133 - - [30/Jan/2024:09:23:52 +0100] "GET /images/spacer.gif HTTP/1.0" 200 328 "http://www.reflexpro.fr/style.css" "Mozilla/5.0 (Macintosh; Intel Mac OS X 10.15; rv:122.0) Gecko/20100101 Firefox/122.0"
91.169.188.133 - - [30/Jan/2024:09:23:52 +0100] "GET /favicon.ico HTTP/1.0" 200 260 "http://www.reflexpro.fr/lowepro-transit-sling-250-aw-gris-p-1543.html" "Mozilla/5.0 (Macintosh; Intel Mac OS X 10.15; rv:122.0) Gecko/20100101 Firefox/122.0"
91.169.188.133 - - [30/Jan/2024:09:23:52 +0100] "GET /highslide/graphics/outlines/drop-shadow.png HTTP/1.0" 200 277 "http://www.reflexpro.fr/lowepro-transit-sling-250-aw-gris-p-1543.html" "Mozilla/5.0 (Macintosh; Intel Mac OS X 10.15; rv:122.0) Gecko/20100101 Firefox/122.0"
91.169.188.133 - - [30/Jan/2024:09:23:52 +0100] "GET /highslide/graphics/zoomout.cur HTTP/1.0" 200 614 "http://www.reflexpro.fr/lowepro-transit-sling-250-aw-gris-p-1543.html" "Mozilla/5.0 (Macintosh; Intel Mac OS X 10.15; rv:122.0) Gecko/20100101 Firefox/122.0"
91.169.188.133 - - [30/Jan/2024:09:23:52 +0100] "GET /highslide/graphics/loader.white.gif HTTP/1.0" 200 960 "http://www.reflexpro.fr/templates/Pixame_v1/stylesheet.css" "Mozilla/5.0 (Macintosh; Intel Mac OS X 10.15; rv:122.0) Gecko/20100101 Firefox/122.0"
91.169.188.133 - - [30/Jan/2024:09:24:00 +0100] "GET /images/Transit-Sling-250-AW-large.jpg HTTP/1.0" 404 1306 "http://www.reflexpro.fr/lowepro-transit-sling-250-aw-gris-p-1543.html" "Mozilla/5.0 (Macintosh; Intel Mac OS X 10.15; rv:122.0) Gecko/20100101 Firefox/122.0"
91.169.188.133 - - [30/Jan/2024:09:24:00 +0100] "GET /images/preloader-01.gif HTTP/1.0" 200 257 "http://www.reflexpro.fr/style.css" "Mozilla/5.0 (Macintosh; Intel Mac OS X 10.15; rv:122.0) Gecko/20100101 Firefox/122.0"
54.36.148.208 - - [30/Jan/2024:09:24:05 +0100] "GET /compacts-et-bridges-c-271_274.html HTTP/1.0" 200 41029 "-" "Mozilla/5.0 (compatible; AhrefsBot/7.0; +http://ahrefs.com/robot/)"
69.162.124.230 - - [30/Jan/2024:09:26:49 +0100] "HEAD / HTTP/1.0" 200 383 "http://www.reflexpro.fr" "Mozilla/5.0+(compatible; UptimeRobot/2.0; http://www.uptimerobot.com/)"
69.162.124.230 - - [30/Jan/2024:09:31:49 +0100] "HEAD / HTTP/1.0" 200 383 "http://www.reflexpro.fr" "Mozilla/5.0+(compatible; UptimeRobot/2.0; http://www.uptimerobot.com/)"
54.36.148.119 - - [30/Jan/2024:09:34:36 +0100] "GET /leica-type-701-nu-argent-p-1065.html HTTP/1.0" 200 30456 "-" "Mozilla/5.0 (compatible; AhrefsBot/7.0; +http://ahrefs.com/robot/)"
54.36.148.241 - - [30/Jan/2024:09:34:37 +0100] "GET /images/syttargentnu.jpg HTTP/1.0" 200 258 "-" "Mozilla/5.0 (compatible; AhrefsBot/7.0; +http://ahrefs.com/robot/)"
69.162.124.230 - - [30/Jan/2024:09:36:49 +0100] "HEAD / HTTP/1.0" 200 383 "http://www.reflexpro.fr" "Mozilla/5.0+(compatible; UptimeRobot/2.0; http://www.uptimerobot.com/)"
66.249.79.231 - - [30/Jan/2024:09:41:11 +0100] "GET /sigma-ef-610-dg-st-nikon-p-1241.html HTTP/1.0" 200 28825 "-" "Mozilla/5.0 (compatible; Googlebot/2.1; +http://www.google.com/bot.html)"
66.249.79.231 - - [30/Jan/2024:09:41:12 +0100] "GET /sigma-ef-610-dg-st-nikon-p-1241.html HTTP/1.0" 200 28825 "-" "Mozilla/5.0 (Linux; Android 6.0.1; Nexus 5X Build/MMB29P) AppleWebKit/537.36 (KHTML, like Gecko) Chrome/99.0.4844.84 Mobile Safari/537.36 (compatible; Googlebot/2.1; +http://www.google.com/bot.html)"
69.162.124.230 - - [30/Jan/2024:09:41:49 +0100] "HEAD / HTTP/1.0" 200 383 "http://www.reflexpro.fr" "Mozilla/5.0+(compatible; UptimeRobot/2.0; http://www.uptimerobot.com/)"
66.249.79.231 - - [30/Jan/2024:09:41:59 +0100] "GET /sonos-move-enceinte-wifi-et-bluetooth-p-2683.html HTTP/1.0" 301 34058 "-" "Mozilla/5.0 (Linux; Android 6.0.1; Nexus 5X Build/MMB29P) AppleWebKit/537.36 (KHTML, like Gecko) Chrome/121.0.6167.85 Mobile Safari/537.36 (compatible; Googlebot/2.1; +http://www.google.com/bot.html)"
66.249.79.231 - - [30/Jan/2024:09:42:01 +0100] "GET /sonos-move-noir-enceinte-wifi-et-bluetooth-p-2683.html HTTP/1.0" 200 33953 "-" "Mozilla/5.0 (Linux; Android 6.0.1; Nexus 5X Build/MMB29P) AppleWebKit/537.36 (KHTML, like Gecko) Chrome/121.0.6167.85 Mobile Safari/537.36 (compatible; Googlebot/2.1; +http://www.google.com/bot.html)"
3.248.65.84 - - [30/Jan/2024:09:43:29 +0100] "GET /objectifs-reflex-c-271_272_281.html HTTP/1.0" 200 44806 "http://www.reflexpro.fr/" "Mozilla/5.0 (Macintosh; Intel Mac OS X 10_15_5) AppleWebKit/537.36 (KHTML, like Gecko) Chrome/83.0.4103.61 Safari/537.36"
3.248.65.84 - - [30/Jan/2024:09:43:33 +0100] "GET /hybrides-c-271_273.html HTTP/1.0" 200 42999 "http://www.reflexpro.fr/" "Mozilla/5.0 (Macintosh; Intel Mac OS X 10_15_5) AppleWebKit/537.36 (KHTML, like Gecko) Chrome/83.0.4103.61 Safari/537.36"
3.248.65.84 - - [30/Jan/2024:09:43:37 +0100] "GET /compacts-et-bridges-c-271_274.html HTTP/1.0" 200 41029 "http://www.reflexpro.fr/" "Mozilla/5.0 (Macintosh; Intel Mac OS X 10_15_5) AppleWebKit/537.36 (KHTML, like Gecko) Chrome/83.0.4103.61 Safari/537.36"
3.248.65.84 - - [30/Jan/2024:09:43:41 +0100] "GET /camescopes-et-cameras-c-271_279.html HTTP/1.0" 200 31987 "http://www.reflexpro.fr/" "Mozilla/5.0 (Macintosh; Intel Mac OS X 10_15_5) AppleWebKit/537.36 (KHTML, like Gecko) Chrome/83.0.4103.61 Safari/537.36"
3.248.65.84 - - [30/Jan/2024:09:43:45 +0100] "GET /accessoires-c-271_282.html HTTP/1.0" 200 75487 "http://www.reflexpro.fr/" "Mozilla/5.0 (Macintosh; Intel Mac OS X 10_15_5) AppleWebKit/537.36 (KHTML, like Gecko) Chrome/83.0.4103.61 Safari/537.36"
3.248.65.84 - - [30/Jan/2024:09:43:49 +0100] "GET /accessoires-flash-c-271_282_311.html HTTP/1.0" 200 27079 "http://www.reflexpro.fr/" "Mozilla/5.0 (Macintosh; Intel Mac OS X 10_15_5) AppleWebKit/537.36 (KHTML, like Gecko) Chrome/83.0.4103.61 Safari/537.36"
3.248.65.84 - - [30/Jan/2024:09:43:53 +0100] "GET /adaptateur-et-convertisseur-objectif-c-271_282_323.html HTTP/1.0" 200 30570 "http://www.reflexpro.fr/" "Mozilla/5.0 (Macintosh; Intel Mac OS X 10_15_5) AppleWebKit/537.36 (KHTML, like Gecko) Chrome/83.0.4103.61 Safari/537.36"
3.248.65.84 - - [30/Jan/2024:09:43:57 +0100] "GET /batteries-c-271_282_287.html HTTP/1.0" 200 37169 "http://www.reflexpro.fr/" "Mozilla/5.0 (Macintosh; Intel Mac OS X 10_15_5) AppleWebKit/537.36 (KHTML, like Gecko) Chrome/83.0.4103.61 Safari/537.36"
54.36.148.9 - - [30/Jan/2024:09:45:10 +0100] "GET /olympus-tg-rouge-p-2723.html HTTP/1.0" 200 49929 "-" "Mozilla/5.0 (compatible; AhrefsBot/7.0; +http://ahrefs.com/robot/)"
54.36.148.125 - - [30/Jan/2024:09:45:11 +0100] "GET /images/tg6%20red.jpg HTTP/1.0" 200 253 "-" "Mozilla/5.0 (compatible; AhrefsBot/7.0; +http://ahrefs.com/robot/)"
69.162.124.230 - - [30/Jan/2024:09:46:58 +0100] "HEAD / HTTP/1.0" 200 383 "http://www.reflexpro.fr" "Mozilla/5.0+(compatible; UptimeRobot/2.0; http://www.uptimerobot.com/)"
80.15.181.50 - - [30/Jan/2024:09:51:41 +0100] "GET /sigma-70-300-f4-56-dg-apo-macro-monture-sony-p-1329.html HTTP/1.0" 200 30703 "-" "Mozilla/5.0 (Linux; Android 10; K) AppleWebKit/537.36 (KHTML, like Gecko) Chrome/121.0.0.0 Mobile Safari/537.36"
80.15.181.50 - - [30/Jan/2024:09:51:41 +0100] "GET /images/page.jpeg HTTP/1.0" 200 251 "http://www.reflexpro.fr/style.css" "Mozilla/5.0 (Linux; Android 10; K) AppleWebKit/537.36 (KHTML, like Gecko) Chrome/121.0.0.0 Mobile Safari/537.36"
80.15.181.50 - - [30/Jan/2024:09:51:41 +0100] "GET /images/70-300apo.jpg HTTP/1.0" 200 255 "http://www.reflexpro.fr/sigma-70-300-f4-56-dg-apo-macro-monture-sony-p-1329.html" "Mozilla/5.0 (Linux; Android 10; K) AppleWebKit/537.36 (KHTML, like Gecko) Chrome/121.0.0.0 Mobile Safari/537.36"
80.15.181.50 - - [30/Jan/2024:09:51:41 +0100] "GET /font-awesome-4.0.3/fonts/fontawesome-webfont.woff?v=4.0.3 HTTP/1.0" 200 284 "http://www.reflexpro.fr/font-awesome-4.0.3/css/font-awesome.css" "Mozilla/5.0 (Linux; Android 10; K) AppleWebKit/537.36 (KHTML, like Gecko) Chrome/121.0.0.0 Mobile Safari/537.36"
69.162.124.230 - - [30/Jan/2024:09:51:52 +0100] "HEAD / HTTP/1.0" 200 383 "http://www.reflexpro.fr" "Mozilla/5.0+(compatible; UptimeRobot/2.0; http://www.uptimerobot.com/)"
212.114.23.73 - - [30/Jan/2024:09:52:29 +0100] "GET /adminweb/orders.php?page=2&oID=10498&action=edit HTTP/1.0" 302 475 "-" "Mozilla/5.0 (Windows NT 10.0; Win64; x64) AppleWebKit/537.36 (KHTML, like Gecko) Chrome/120.0.0.0 Safari/537.36"
212.114.23.73 - - [30/Jan/2024:09:52:29 +0100] "GET /adminweb/login.php HTTP/1.0" 200 4265 "-" "Mozilla/5.0 (Windows NT 10.0; Win64; x64) AppleWebKit/537.36 (KHTML, like Gecko) Chrome/120.0.0.0 Safari/537.36"
212.114.23.73 - - [30/Jan/2024:09:52:32 +0100] "POST /adminweb/login.php?action=process HTTP/1.0" 302 483 "http://www.reflexpro.fr/adminweb/login.php" "Mozilla/5.0 (Windows NT 10.0; Win64; x64) AppleWebKit/537.36 (KHTML, like Gecko) Chrome/120.0.0.0 Safari/537.36"
212.114.23.73 - - [30/Jan/2024:09:52:32 +0100] "GET /adminweb/admin_account.php HTTP/1.0" 200 21621 "http://www.reflexpro.fr/adminweb/login.php" "Mozilla/5.0 (Windows NT 10.0; Win64; x64) AppleWebKit/537.36 (KHTML, like Gecko) Chrome/120.0.0.0 Safari/537.36"
212.114.23.73 - - [30/Jan/2024:09:52:34 +0100] "GET /adminweb/orders.php HTTP/1.0" 200 156205 "http://www.reflexpro.fr/adminweb/admin_account.php" "Mozilla/5.0 (Windows NT 10.0; Win64; x64) AppleWebKit/537.36 (KHTML, like Gecko) Chrome/120.0.0.0 Safari/537.36"
212.114.23.73 - - [30/Jan/2024:09:52:39 +0100] "GET /adminweb/orders.php?page=1&oID=17448&action=edit HTTP/1.0" 200 34190 "http://www.reflexpro.fr/adminweb/orders.php" "Mozilla/5.0 (Windows NT 10.0; Win64; x64) AppleWebKit/537.36 (KHTML, like Gecko) Chrome/120.0.0.0 Safari/537.36"
212.114.23.73 - - [30/Jan/2024:09:53:53 +0100] "POST /adminweb/orders.php?page=1&oID=17448&action=update_order HTTP/1.0" 302 513 "http://www.reflexpro.fr/adminweb/orders.php?page=1&oID=17448&action=edit" "Mozilla/5.0 (Windows NT 10.0; Win64; x64) AppleWebKit/537.36 (KHTML, like Gecko) Chrome/120.0.0.0 Safari/537.36"
212.114.23.73 - - [30/Jan/2024:09:53:54 +0100] "GET /adminweb/orders.php?status=&page=1&oID=17448&action=edit HTTP/1.0" 200 34963 "http://www.reflexpro.fr/adminweb/orders.php?page=1&oID=17448&action=edit" "Mozilla/5.0 (Windows NT 10.0; Win64; x64) AppleWebKit/537.36 (KHTML, like Gecko) Chrome/120.0.0.0 Safari/537.36"
54.36.148.185 - - [30/Jan/2024:09:55:12 +0100] "GET /objectifs-reflex-c-271_272_281.html HTTP/1.0" 200 44806 "-" "Mozilla/5.0 (compatible; AhrefsBot/7.0; +http://ahrefs.com/robot/)"
93.158.90.151 - - [30/Jan/2024:09:55:12 +0100] "GET /robots.txt HTTP/1.0" 301 522 "-" "Mozilla/5.0 (Windows NT 10.0; Win64; x64) AppleWebKit/537.36 (KHTML, like Gecko) Teams/1.5.00.17656 Chrome/85.0.4183.121 Electron/10.4.7 Safari/537.36"
93.158.90.143 - - [30/Jan/2024:09:55:13 +0100] "GET /robots.txt HTTP/1.0" 200 245 "http://reflexpro.fr/robots.txt" "Mozilla/5.0 (Windows NT 10.0; Win64; x64) AppleWebKit/537.36 (KHTML, like Gecko) Teams/1.5.00.17656 Chrome/85.0.4183.121 Electron/10.4.7 Safari/537.36"
93.158.90.168 - - [30/Jan/2024:09:55:13 +0100] "GET /humans.txt HTTP/1.0" 301 522 "-" "Mozilla/5.0 (Windows NT 10.0; Win64; x64) AppleWebKit/537.36 (KHTML, like Gecko) Teams/1.5.00.17656 Chrome/85.0.4183.121 Electron/10.4.7 Safari/537.36"
93.158.90.135 - - [30/Jan/2024:09:55:13 +0100] "GET /humans.txt HTTP/1.0" 404 1306 "http://reflexpro.fr/humans.txt" "Mozilla/5.0 (Windows NT 10.0; Win64; x64) AppleWebKit/537.36 (KHTML, like Gecko) Teams/1.5.00.17656 Chrome/85.0.4183.121 Electron/10.4.7 Safari/537.36"
93.158.90.169 - - [30/Jan/2024:09:55:13 +0100] "GET /ads.txt HTTP/1.0" 301 516 "-" "Mozilla/5.0 (Windows NT 10.0; Win64; x64) AppleWebKit/537.36 (KHTML, like Gecko) Teams/1.5.00.17656 Chrome/85.0.4183.121 Electron/10.4.7 Safari/537.36"
93.158.90.152 - - [30/Jan/2024:09:55:13 +0100] "GET /ads.txt HTTP/1.0" 404 1306 "http://reflexpro.fr/ads.txt" "Mozilla/5.0 (Windows NT 10.0; Win64; x64) AppleWebKit/537.36 (KHTML, like Gecko) Teams/1.5.00.17656 Chrome/85.0.4183.121 Electron/10.4.7 Safari/537.36"
93.158.90.152 - - [30/Jan/2024:09:55:13 +0100] "GET / HTTP/1.0" 301 502 "-" "Mozilla/5.0 (Windows NT 10.0; Win64; x64) AppleWebKit/537.36 (KHTML, like Gecko) Teams/1.5.00.17656 Chrome/85.0.4183.121 Electron/10.4.7 Safari/537.36"
93.158.90.135 - - [30/Jan/2024:09:55:13 +0100] "GET / HTTP/1.0" 200 35969 "http://reflexpro.fr/" "Mozilla/5.0 (Windows NT 10.0; Win64; x64) AppleWebKit/537.36 (KHTML, like Gecko) Teams/1.5.00.17656 Chrome/85.0.4183.121 Electron/10.4.7 Safari/537.36"
69.162.124.230 - - [30/Jan/2024:09:57:03 +0100] "HEAD / HTTP/1.0" 200 383 "http://www.reflexpro.fr" "Mozilla/5.0+(compatible; UptimeRobot/2.0; http://www.uptimerobot.com/)"
66.249.79.231 - - [30/Jan/2024:09:59:14 +0100] "GET /sigma-500-f45-dg-apo-ex-hsm-monture-pentax-p-1312.html HTTP/1.0" 200 31208 "-" "Mozilla/5.0 (Linux; Android 6.0.1; Nexus 5X Build/MMB29P) AppleWebKit/537.36 (KHTML, like Gecko) Chrome/121.0.6167.85 Mobile Safari/537.36 (compatible; Googlebot/2.1; +http://www.google.com/bot.html)"
69.162.124.230 - - [30/Jan/2024:10:02:06 +0100] "HEAD / HTTP/1.0" 200 383 "http://www.reflexpro.fr" "Mozilla/5.0+(compatible; UptimeRobot/2.0; http://www.uptimerobot.com/)"
69.162.124.230 - - [30/Jan/2024:10:06:51 +0100] "HEAD / HTTP/1.0" 200 383 "http://www.reflexpro.fr" "Mozilla/5.0+(compatible; UptimeRobot/2.0; http://www.uptimerobot.com/)"
216.244.66.233 - - [30/Jan/2024:10:10:57 +0100] "GET /robots.txt HTTP/1.0" 200 245 "-" "Mozilla/5.0 (compatible; DotBot/1.2; +https://opensiteexplorer.org/dotbot; help@moz.com)"
17.241.75.78 - - [30/Jan/2024:10:11:39 +0100] "GET /nvidia-rtx-3070-c-335_338_350_362.html HTTP/1.0" 301 24383 "-" "Mozilla/5.0 (Macintosh; Intel Mac OS X 10_15_5) AppleWebKit/605.1.15 (KHTML, like Gecko) Version/13.1.1 Safari/605.1.15 (Applebot/0.1; +http://www.apple.com/go/applebot)"
17.241.75.78 - - [30/Jan/2024:10:11:39 +0100] "GET /-c-362.html HTTP/1.0" 200 24321 "-" "Mozilla/5.0 (Macintosh; Intel Mac OS X 10_15_5) AppleWebKit/605.1.15 (KHTML, like Gecko) Version/13.1.1 Safari/605.1.15 (Applebot/0.1; +http://www.apple.com/go/applebot)"
69.162.124.230 - - [30/Jan/2024:10:11:55 +0100] "HEAD / HTTP/1.0" 200 383 "http://www.reflexpro.fr" "Mozilla/5.0+(compatible; UptimeRobot/2.0; http://www.uptimerobot.com/)"
66.249.79.233 - - [30/Jan/2024:10:11:59 +0100] "GET /olympus-om-m10-mark-iv-14-150mm-f4-56-ii-noir-p-2905.html HTTP/1.0" 200 40963 "-" "Mozilla/5.0 (Linux; Android 6.0.1; Nexus 5X Build/MMB29P) AppleWebKit/537.36 (KHTML, like Gecko) Chrome/121.0.6167.85 Mobile Safari/537.36 (compatible; Googlebot/2.1; +http://www.google.com/bot.html)"
212.114.23.73 - - [30/Jan/2024:10:12:29 +0100] "GET /adminweb/orders.php HTTP/1.0" 200 156198 "http://www.reflexpro.fr/adminweb/orders.php?status=&page=1&oID=17448&action=edit" "Mozilla/5.0 (Windows NT 10.0; Win64; x64) AppleWebKit/537.36 (KHTML, like Gecko) Chrome/120.0.0.0 Safari/537.36"
69.162.124.230 - - [30/Jan/2024:10:16:49 +0100] "HEAD / HTTP/1.0" 200 383 "http://www.reflexpro.fr" "Mozilla/5.0+(compatible; UptimeRobot/2.0; http://www.uptimerobot.com/)"
66.249.79.232 - - [30/Jan/2024:10:19:20 +0100] "GET / HTTP/1.0" 200 35969 "-" "Mozilla/5.0 (compatible; Googlebot/2.1; +http://www.google.com/bot.html)"
69.162.124.230 - - [30/Jan/2024:10:22:01 +0100] "HEAD / HTTP/1.0" 200 383 "http://www.reflexpro.fr" "Mozilla/5.0+(compatible; UptimeRobot/2.0; http://www.uptimerobot.com/)"
66.249.79.33 - - [30/Jan/2024:10:23:22 +0100] "GET / HTTP/1.0" 301 502 "-" "Mozilla/5.0 (compatible; Googlebot/2.1; +http://www.google.com/bot.html)"
66.249.79.233 - - [30/Jan/2024:10:23:23 +0100] "GET / HTTP/1.0" 200 35969 "-" "Mozilla/5.0 (compatible; Googlebot/2.1; +http://www.google.com/bot.html)"
90.63.240.240 - - [30/Jan/2024:10:24:06 +0100] "GET /pentax-50-f18-smc-da-p-1451.html HTTP/1.0" 200 31702 "https://www.google.com/" "Mozilla/5.0 (Windows NT 10.0; Win64; x64) AppleWebKit/537.36 (KHTML, like Gecko) Chrome/121.0.0.0 Safari/537.36"
90.63.240.240 - - [30/Jan/2024:10:24:06 +0100] "GET /style.css HTTP/1.0" 200 242 "http://www.reflexpro.fr/pentax-50-f18-smc-da-p-1451.html" "Mozilla/5.0 (Windows NT 10.0; Win64; x64) AppleWebKit/537.36 (KHTML, like Gecko) Chrome/121.0.0.0 Safari/537.36"
90.63.240.240 - - [30/Jan/2024:10:24:06 +0100] "GET /style.responsive.css HTTP/1.0" 200 253 "http://www.reflexpro.fr/pentax-50-f18-smc-da-p-1451.html" "Mozilla/5.0 (Windows NT 10.0; Win64; x64) AppleWebKit/537.36 (KHTML, like Gecko) Chrome/121.0.0.0 Safari/537.36"
90.63.240.240 - - [30/Jan/2024:10:24:06 +0100] "GET /font-awesome-4.0.3/css/font-awesome.css HTTP/1.0" 200 272 "http://www.reflexpro.fr/pentax-50-f18-smc-da-p-1451.html" "Mozilla/5.0 (Windows NT 10.0; Win64; x64) AppleWebKit/537.36 (KHTML, like Gecko) Chrome/121.0.0.0 Safari/537.36"
90.63.240.240 - - [30/Jan/2024:10:24:06 +0100] "GET /themes-nivo/default/default.css HTTP/1.0" 200 264 "http://www.reflexpro.fr/pentax-50-f18-smc-da-p-1451.html" "Mozilla/5.0 (Windows NT 10.0; Win64; x64) AppleWebKit/537.36 (KHTML, like Gecko) Chrome/121.0.0.0 Safari/537.36"
90.63.240.240 - - [30/Jan/2024:10:24:06 +0100] "GET /templates/Pixame_v1/stylesheet.css HTTP/1.0" 200 267 "http://www.reflexpro.fr/pentax-50-f18-smc-da-p-1451.html" "Mozilla/5.0 (Windows NT 10.0; Win64; x64) AppleWebKit/537.36 (KHTML, like Gecko) Chrome/121.0.0.0 Safari/537.36"
90.63.240.240 - - [30/Jan/2024:10:24:06 +0100] "GET /themes-nivo/light/light.css HTTP/1.0" 200 260 "http://www.reflexpro.fr/pentax-50-f18-smc-da-p-1451.html" "Mozilla/5.0 (Windows NT 10.0; Win64; x64) AppleWebKit/537.36 (KHTML, like Gecko) Chrome/121.0.0.0 Safari/537.36"
90.63.240.240 - - [30/Jan/2024:10:24:06 +0100] "GET /themes-nivo/dark/dark.css HTTP/1.0" 200 258 "http://www.reflexpro.fr/pentax-50-f18-smc-da-p-1451.html" "Mozilla/5.0 (Windows NT 10.0; Win64; x64) AppleWebKit/537.36 (KHTML, like Gecko) Chrome/121.0.0.0 Safari/537.36"
90.63.240.240 - - [30/Jan/2024:10:24:06 +0100] "GET /themes-nivo/bar/bar.css HTTP/1.0" 200 256 "http://www.reflexpro.fr/pentax-50-f18-smc-da-p-1451.html" "Mozilla/5.0 (Windows NT 10.0; Win64; x64) AppleWebKit/537.36 (KHTML, like Gecko) Chrome/121.0.0.0 Safari/537.36"
90.63.240.240 - - [30/Jan/2024:10:24:06 +0100] "GET /nivo-slider.css HTTP/1.0" 200 248 "http://www.reflexpro.fr/pentax-50-f18-smc-da-p-1451.html" "Mozilla/5.0 (Windows NT 10.0; Win64; x64) AppleWebKit/537.36 (KHTML, like Gecko) Chrome/121.0.0.0 Safari/537.36"
90.63.240.240 - - [30/Jan/2024:10:24:06 +0100] "GET /cookieconsentbar/cookieconsentbar.css HTTP/1.0" 200 270 "http://www.reflexpro.fr/pentax-50-f18-smc-da-p-1451.html" "Mozilla/5.0 (Windows NT 10.0; Win64; x64) AppleWebKit/537.36 (KHTML, like Gecko) Chrome/121.0.0.0 Safari/537.36"
90.63.240.240 - - [30/Jan/2024:10:24:06 +0100] "GET /jquery.js HTTP/1.0" 200 249 "http://www.reflexpro.fr/pentax-50-f18-smc-da-p-1451.html" "Mozilla/5.0 (Windows NT 10.0; Win64; x64) AppleWebKit/537.36 (KHTML, like Gecko) Chrome/121.0.0.0 Safari/537.36"
90.63.240.240 - - [30/Jan/2024:10:24:06 +0100] "GET /highslide/highslide.js HTTP/1.0" 200 262 "http://www.reflexpro.fr/pentax-50-f18-smc-da-p-1451.html" "Mozilla/5.0 (Windows NT 10.0; Win64; x64) AppleWebKit/537.36 (KHTML, like Gecko) Chrome/121.0.0.0 Safari/537.36"
90.63.240.240 - - [30/Jan/2024:10:24:06 +0100] "GET /script.js HTTP/1.0" 200 249 "http://www.reflexpro.fr/pentax-50-f18-smc-da-p-1451.html" "Mozilla/5.0 (Windows NT 10.0; Win64; x64) AppleWebKit/537.36 (KHTML, like Gecko) Chrome/121.0.0.0 Safari/537.36"
90.63.240.240 - - [30/Jan/2024:10:24:06 +0100] "GET /script.responsive.js HTTP/1.0" 200 260 "http://www.reflexpro.fr/pentax-50-f18-smc-da-p-1451.html" "Mozilla/5.0 (Windows NT 10.0; Win64; x64) AppleWebKit/537.36 (KHTML, like Gecko) Chrome/121.0.0.0 Safari/537.36"
90.63.240.240 - - [30/Jan/2024:10:24:06 +0100] "GET /jquery-1.9.0.min.js HTTP/1.0" 200 259 "http://www.reflexpro.fr/pentax-50-f18-smc-da-p-1451.html" "Mozilla/5.0 (Windows NT 10.0; Win64; x64) AppleWebKit/537.36 (KHTML, like Gecko) Chrome/121.0.0.0 Safari/537.36"
90.63.240.240 - - [30/Jan/2024:10:24:06 +0100] "GET /jquery.nivo.slider.js HTTP/1.0" 200 261 "http://www.reflexpro.fr/pentax-50-f18-smc-da-p-1451.html" "Mozilla/5.0 (Windows NT 10.0; Win64; x64) AppleWebKit/537.36 (KHTML, like Gecko) Chrome/121.0.0.0 Safari/537.36"
90.63.240.240 - - [30/Jan/2024:10:24:06 +0100] "GET /cookieconsentbar/cookieconsentbar.js HTTP/1.0" 200 276 "http://www.reflexpro.fr/pentax-50-f18-smc-da-p-1451.html" "Mozilla/5.0 (Windows NT 10.0; Win64; x64) AppleWebKit/537.36 (KHTML, like Gecko) Chrome/121.0.0.0 Safari/537.36"
90.63.240.240 - - [30/Jan/2024:10:24:06 +0100] "GET /images/logo-2130545471.png HTTP/1.0" 200 260 "http://www.reflexpro.fr/pentax-50-f18-smc-da-p-1451.html" "Mozilla/5.0 (Windows NT 10.0; Win64; x64) AppleWebKit/537.36 (KHTML, like Gecko) Chrome/121.0.0.0 Safari/537.36"
90.63.240.240 - - [30/Jan/2024:10:24:06 +0100] "GET /img-site/home3.png HTTP/1.0" 200 252 "http://www.reflexpro.fr/pentax-50-f18-smc-da-p-1451.html" "Mozilla/5.0 (Windows NT 10.0; Win64; x64) AppleWebKit/537.36 (KHTML, like Gecko) Chrome/121.0.0.0 Safari/537.36"
90.63.240.240 - - [30/Jan/2024:10:24:06 +0100] "GET /images/pen501.8.jpg HTTP/1.0" 200 254 "http://www.reflexpro.fr/pentax-50-f18-smc-da-p-1451.html" "Mozilla/5.0 (Windows NT 10.0; Win64; x64) AppleWebKit/537.36 (KHTML, like Gecko) Chrome/121.0.0.0 Safari/537.36"
90.63.240.240 - - [30/Jan/2024:10:24:06 +0100] "GET /images/ecotaxe_on.jpg HTTP/1.0" 200 256 "http://www.reflexpro.fr/pentax-50-f18-smc-da-p-1451.html" "Mozilla/5.0 (Windows NT 10.0; Win64; x64) AppleWebKit/537.36 (KHTML, like Gecko) Chrome/121.0.0.0 Safari/537.36"
90.63.240.240 - - [30/Jan/2024:10:24:06 +0100] "GET /images/pixel_trans.gif HTTP/1.0" 200 328 "http://www.reflexpro.fr/pentax-50-f18-smc-da-p-1451.html" "Mozilla/5.0 (Windows NT 10.0; Win64; x64) AppleWebKit/537.36 (KHTML, like Gecko) Chrome/121.0.0.0 Safari/537.36"
90.63.240.240 - - [30/Jan/2024:10:24:06 +0100] "GET /images/mini_prod/pen50-300hd.jpg HTTP/1.0" 200 267 "http://www.reflexpro.fr/pentax-50-f18-smc-da-p-1451.html" "Mozilla/5.0 (Windows NT 10.0; Win64; x64) AppleWebKit/537.36 (KHTML, like Gecko) Chrome/121.0.0.0 Safari/537.36"
90.63.240.240 - - [30/Jan/2024:10:24:06 +0100] "GET /images/pixel_orange.gif HTTP/1.0" 200 328 "http://www.reflexpro.fr/pentax-50-f18-smc-da-p-1451.html" "Mozilla/5.0 (Windows NT 10.0; Win64; x64) AppleWebKit/537.36 (KHTML, like Gecko) Chrome/121.0.0.0 Safari/537.36"
90.63.240.240 - - [30/Jan/2024:10:24:06 +0100] "GET /images/icon_paiement.jpg HTTP/1.0" 200 259 "http://www.reflexpro.fr/pentax-50-f18-smc-da-p-1451.html" "Mozilla/5.0 (Windows NT 10.0; Win64; x64) AppleWebKit/537.36 (KHTML, like Gecko) Chrome/121.0.0.0 Safari/537.36"
90.63.240.240 - - [30/Jan/2024:10:24:06 +0100] "GET /images/icon_tel.jpg HTTP/1.0" 200 254 "http://www.reflexpro.fr/pentax-50-f18-smc-da-p-1451.html" "Mozilla/5.0 (Windows NT 10.0; Win64; x64) AppleWebKit/537.36 (KHTML, like Gecko) Chrome/121.0.0.0 Safari/537.36"
90.63.240.240 - - [30/Jan/2024:10:24:06 +0100] "GET /images/icone_contacter.jpg HTTP/1.0" 200 261 "http://www.reflexpro.fr/pentax-50-f18-smc-da-p-1451.html" "Mozilla/5.0 (Windows NT 10.0; Win64; x64) AppleWebKit/537.36 (KHTML, like Gecko) Chrome/121.0.0.0 Safari/537.36"
90.63.240.240 - - [30/Jan/2024:10:24:06 +0100] "GET /images/qui-sommes-nous.jpg HTTP/1.0" 200 261 "http://www.reflexpro.fr/pentax-50-f18-smc-da-p-1451.html" "Mozilla/5.0 (Windows NT 10.0; Win64; x64) AppleWebKit/537.36 (KHTML, like Gecko) Chrome/121.0.0.0 Safari/537.36"
90.63.240.240 - - [30/Jan/2024:10:24:06 +0100] "GET /images/page.jpeg HTTP/1.0" 200 251 "http://www.reflexpro.fr/style.css" "Mozilla/5.0 (Windows NT 10.0; Win64; x64) AppleWebKit/537.36 (KHTML, like Gecko) Chrome/121.0.0.0 Safari/537.36"
90.63.240.240 - - [30/Jan/2024:10:24:06 +0100] "GET /images/header.png HTTP/1.0" 200 251 "http://www.reflexpro.fr/style.css" "Mozilla/5.0 (Windows NT 10.0; Win64; x64) AppleWebKit/537.36 (KHTML, like Gecko) Chrome/121.0.0.0 Safari/537.36"
90.63.240.240 - - [30/Jan/2024:10:24:06 +0100] "GET /images/object227400126.png HTTP/1.0" 200 515 "http://www.reflexpro.fr/style.css" "Mozilla/5.0 (Windows NT 10.0; Win64; x64) AppleWebKit/537.36 (KHTML, like Gecko) Chrome/121.0.0.0 Safari/537.36"
90.63.240.240 - - [30/Jan/2024:10:24:06 +0100] "GET /images/searchicon.png HTTP/1.0" 200 664 "http://www.reflexpro.fr/style.css" "Mozilla/5.0 (Windows NT 10.0; Win64; x64) AppleWebKit/537.36 (KHTML, like Gecko) Chrome/121.0.0.0 Safari/537.36"
90.63.240.240 - - [30/Jan/2024:10:24:06 +0100] "GET /images/spacer.gif HTTP/1.0" 200 328 "http://www.reflexpro.fr/style.css" "Mozilla/5.0 (Windows NT 10.0; Win64; x64) AppleWebKit/537.36 (KHTML, like Gecko) Chrome/121.0.0.0 Safari/537.36"
90.63.240.240 - - [30/Jan/2024:10:24:06 +0100] "GET /images/menuseparator.png HTTP/1.0" 200 487 "http://www.reflexpro.fr/style.css" "Mozilla/5.0 (Windows NT 10.0; Win64; x64) AppleWebKit/537.36 (KHTML, like Gecko) Chrome/121.0.0.0 Safari/537.36"
90.63.240.240 - - [30/Jan/2024:10:24:06 +0100] "GET /images/footerbullets.png HTTP/1.0" 200 503 "http://www.reflexpro.fr/style.css" "Mozilla/5.0 (Windows NT 10.0; Win64; x64) AppleWebKit/537.36 (KHTML, like Gecko) Chrome/121.0.0.0 Safari/537.36"
90.63.240.240 - - [30/Jan/2024:10:24:06 +0100] "GET /font-awesome-4.0.3/fonts/fontawesome-webfont.woff?v=4.0.3 HTTP/1.0" 200 284 "http://www.reflexpro.fr/font-awesome-4.0.3/css/font-awesome.css" "Mozilla/5.0 (Windows NT 10.0; Win64; x64) AppleWebKit/537.36 (KHTML, like Gecko) Chrome/121.0.0.0 Safari/537.36"
90.63.240.240 - - [30/Jan/2024:10:24:06 +0100] "GET /highslide/graphics/outlines/drop-shadow.png HTTP/1.0" 200 277 "http://www.reflexpro.fr/pentax-50-f18-smc-da-p-1451.html" "Mozilla/5.0 (Windows NT 10.0; Win64; x64) AppleWebKit/537.36 (KHTML, like Gecko) Chrome/121.0.0.0 Safari/537.36"
90.63.240.240 - - [30/Jan/2024:10:24:06 +0100] "GET /highslide/graphics/zoomout.cur HTTP/1.0" 200 614 "http://www.reflexpro.fr/pentax-50-f18-smc-da-p-1451.html" "Mozilla/5.0 (Windows NT 10.0; Win64; x64) AppleWebKit/537.36 (KHTML, like Gecko) Chrome/121.0.0.0 Safari/537.36"
90.63.240.240 - - [30/Jan/2024:10:24:06 +0100] "GET /highslide/graphics/loader.white.gif HTTP/1.0" 200 960 "http://www.reflexpro.fr/templates/Pixame_v1/stylesheet.css" "Mozilla/5.0 (Windows NT 10.0; Win64; x64) AppleWebKit/537.36 (KHTML, like Gecko) Chrome/121.0.0.0 Safari/537.36"
90.63.240.240 - - [30/Jan/2024:10:24:06 +0100] "GET /favicon.ico HTTP/1.0" 200 260 "http://www.reflexpro.fr/pentax-50-f18-smc-da-p-1451.html" "Mozilla/5.0 (Windows NT 10.0; Win64; x64) AppleWebKit/537.36 (KHTML, like Gecko) Chrome/121.0.0.0 Safari/537.36"
69.162.124.230 - - [30/Jan/2024:10:26:50 +0100] "HEAD / HTTP/1.0" 200 383 "http://www.reflexpro.fr" "Mozilla/5.0+(compatible; UptimeRobot/2.0; http://www.uptimerobot.com/)"
109.18.115.201 - - [30/Jan/2024:10:27:52 +0100] "GET /manfrotto-compact-monopod-noir-sections-p-1830.html HTTP/1.0" 200 31110 "https://www.google.com/" "Mozilla/5.0 (Windows NT 10.0; Win64; x64) AppleWebKit/537.36 (KHTML, like Gecko) Chrome/121.0.0.0 Safari/537.36"
109.18.115.201 - - [30/Jan/2024:10:27:52 +0100] "GET /style.css HTTP/1.0" 200 242 "http://www.reflexpro.fr/manfrotto-compact-monopod-noir-sections-p-1830.html" "Mozilla/5.0 (Windows NT 10.0; Win64; x64) AppleWebKit/537.36 (KHTML, like Gecko) Chrome/121.0.0.0 Safari/537.36"
109.18.115.201 - - [30/Jan/2024:10:27:52 +0100] "GET /style.responsive.css HTTP/1.0" 200 253 "http://www.reflexpro.fr/manfrotto-compact-monopod-noir-sections-p-1830.html" "Mozilla/5.0 (Windows NT 10.0; Win64; x64) AppleWebKit/537.36 (KHTML, like Gecko) Chrome/121.0.0.0 Safari/537.36"
109.18.115.201 - - [30/Jan/2024:10:27:52 +0100] "GET /templates/Pixame_v1/stylesheet.css HTTP/1.0" 200 267 "http://www.reflexpro.fr/manfrotto-compact-monopod-noir-sections-p-1830.html" "Mozilla/5.0 (Windows NT 10.0; Win64; x64) AppleWebKit/537.36 (KHTML, like Gecko) Chrome/121.0.0.0 Safari/537.36"
109.18.115.201 - - [30/Jan/2024:10:27:52 +0100] "GET /font-awesome-4.0.3/css/font-awesome.css HTTP/1.0" 200 272 "http://www.reflexpro.fr/manfrotto-compact-monopod-noir-sections-p-1830.html" "Mozilla/5.0 (Windows NT 10.0; Win64; x64) AppleWebKit/537.36 (KHTML, like Gecko) Chrome/121.0.0.0 Safari/537.36"
109.18.115.201 - - [30/Jan/2024:10:27:52 +0100] "GET /themes-nivo/default/default.css HTTP/1.0" 200 264 "http://www.reflexpro.fr/manfrotto-compact-monopod-noir-sections-p-1830.html" "Mozilla/5.0 (Windows NT 10.0; Win64; x64) AppleWebKit/537.36 (KHTML, like Gecko) Chrome/121.0.0.0 Safari/537.36"
109.18.115.201 - - [30/Jan/2024:10:27:52 +0100] "GET /themes-nivo/light/light.css HTTP/1.0" 200 260 "http://www.reflexpro.fr/manfrotto-compact-monopod-noir-sections-p-1830.html" "Mozilla/5.0 (Windows NT 10.0; Win64; x64) AppleWebKit/537.36 (KHTML, like Gecko) Chrome/121.0.0.0 Safari/537.36"
109.18.115.201 - - [30/Jan/2024:10:27:52 +0100] "GET /themes-nivo/dark/dark.css HTTP/1.0" 200 258 "http://www.reflexpro.fr/manfrotto-compact-monopod-noir-sections-p-1830.html" "Mozilla/5.0 (Windows NT 10.0; Win64; x64) AppleWebKit/537.36 (KHTML, like Gecko) Chrome/121.0.0.0 Safari/537.36"
109.18.115.201 - - [30/Jan/2024:10:27:52 +0100] "GET /themes-nivo/bar/bar.css HTTP/1.0" 200 256 "http://www.reflexpro.fr/manfrotto-compact-monopod-noir-sections-p-1830.html" "Mozilla/5.0 (Windows NT 10.0; Win64; x64) AppleWebKit/537.36 (KHTML, like Gecko) Chrome/121.0.0.0 Safari/537.36"
109.18.115.201 - - [30/Jan/2024:10:27:52 +0100] "GET /nivo-slider.css HTTP/1.0" 200 248 "http://www.reflexpro.fr/manfrotto-compact-monopod-noir-sections-p-1830.html" "Mozilla/5.0 (Windows NT 10.0; Win64; x64) AppleWebKit/537.36 (KHTML, like Gecko) Chrome/121.0.0.0 Safari/537.36"
109.18.115.201 - - [30/Jan/2024:10:27:52 +0100] "GET /cookieconsentbar/cookieconsentbar.css HTTP/1.0" 200 270 "http://www.reflexpro.fr/manfrotto-compact-monopod-noir-sections-p-1830.html" "Mozilla/5.0 (Windows NT 10.0; Win64; x64) AppleWebKit/537.36 (KHTML, like Gecko) Chrome/121.0.0.0 Safari/537.36"
109.18.115.201 - - [30/Jan/2024:10:27:52 +0100] "GET /jquery.js HTTP/1.0" 200 249 "http://www.reflexpro.fr/manfrotto-compact-monopod-noir-sections-p-1830.html" "Mozilla/5.0 (Windows NT 10.0; Win64; x64) AppleWebKit/537.36 (KHTML, like Gecko) Chrome/121.0.0.0 Safari/537.36"
109.18.115.201 - - [30/Jan/2024:10:27:52 +0100] "GET /highslide/highslide.js HTTP/1.0" 200 262 "http://www.reflexpro.fr/manfrotto-compact-monopod-noir-sections-p-1830.html" "Mozilla/5.0 (Windows NT 10.0; Win64; x64) AppleWebKit/537.36 (KHTML, like Gecko) Chrome/121.0.0.0 Safari/537.36"
109.18.115.201 - - [30/Jan/2024:10:27:52 +0100] "GET /script.js HTTP/1.0" 200 249 "http://www.reflexpro.fr/manfrotto-compact-monopod-noir-sections-p-1830.html" "Mozilla/5.0 (Windows NT 10.0; Win64; x64) AppleWebKit/537.36 (KHTML, like Gecko) Chrome/121.0.0.0 Safari/537.36"
109.18.115.201 - - [30/Jan/2024:10:27:52 +0100] "GET /script.responsive.js HTTP/1.0" 200 260 "http://www.reflexpro.fr/manfrotto-compact-monopod-noir-sections-p-1830.html" "Mozilla/5.0 (Windows NT 10.0; Win64; x64) AppleWebKit/537.36 (KHTML, like Gecko) Chrome/121.0.0.0 Safari/537.36"
109.18.115.201 - - [30/Jan/2024:10:27:52 +0100] "GET /jquery-1.9.0.min.js HTTP/1.0" 200 259 "http://www.reflexpro.fr/manfrotto-compact-monopod-noir-sections-p-1830.html" "Mozilla/5.0 (Windows NT 10.0; Win64; x64) AppleWebKit/537.36 (KHTML, like Gecko) Chrome/121.0.0.0 Safari/537.36"
109.18.115.201 - - [30/Jan/2024:10:27:52 +0100] "GET /jquery.nivo.slider.js HTTP/1.0" 200 261 "http://www.reflexpro.fr/manfrotto-compact-monopod-noir-sections-p-1830.html" "Mozilla/5.0 (Windows NT 10.0; Win64; x64) AppleWebKit/537.36 (KHTML, like Gecko) Chrome/121.0.0.0 Safari/537.36"
109.18.115.201 - - [30/Jan/2024:10:27:52 +0100] "GET /cookieconsentbar/cookieconsentbar.js HTTP/1.0" 200 276 "http://www.reflexpro.fr/manfrotto-compact-monopod-noir-sections-p-1830.html" "Mozilla/5.0 (Windows NT 10.0; Win64; x64) AppleWebKit/537.36 (KHTML, like Gecko) Chrome/121.0.0.0 Safari/537.36"
109.18.115.201 - - [30/Jan/2024:10:27:52 +0100] "GET /images/logo-2130545471.png HTTP/1.0" 200 260 "http://www.reflexpro.fr/manfrotto-compact-monopod-noir-sections-p-1830.html" "Mozilla/5.0 (Windows NT 10.0; Win64; x64) AppleWebKit/537.36 (KHTML, like Gecko) Chrome/121.0.0.0 Safari/537.36"
109.18.115.201 - - [30/Jan/2024:10:27:53 +0100] "GET /img-site/home3.png HTTP/1.0" 200 252 "http://www.reflexpro.fr/manfrotto-compact-monopod-noir-sections-p-1830.html" "Mozilla/5.0 (Windows NT 10.0; Win64; x64) AppleWebKit/537.36 (KHTML, like Gecko) Chrome/121.0.0.0 Safari/537.36"
109.18.115.201 - - [30/Jan/2024:10:27:53 +0100] "GET /images/manfottocompactbk.jpg HTTP/1.0" 200 263 "http://www.reflexpro.fr/manfrotto-compact-monopod-noir-sections-p-1830.html" "Mozilla/5.0 (Windows NT 10.0; Win64; x64) AppleWebKit/537.36 (KHTML, like Gecko) Chrome/121.0.0.0 Safari/537.36"
109.18.115.201 - - [30/Jan/2024:10:27:53 +0100] "GET /images/pixel_trans.gif HTTP/1.0" 200 328 "http://www.reflexpro.fr/manfrotto-compact-monopod-noir-sections-p-1830.html" "Mozilla/5.0 (Windows NT 10.0; Win64; x64) AppleWebKit/537.36 (KHTML, like Gecko) Chrome/121.0.0.0 Safari/537.36"
109.18.115.201 - - [30/Jan/2024:10:27:53 +0100] "GET /images/pixel_orange.gif HTTP/1.0" 200 328 "http://www.reflexpro.fr/manfrotto-compact-monopod-noir-sections-p-1830.html" "Mozilla/5.0 (Windows NT 10.0; Win64; x64) AppleWebKit/537.36 (KHTML, like Gecko) Chrome/121.0.0.0 Safari/537.36"
109.18.115.201 - - [30/Jan/2024:10:27:53 +0100] "GET /images/mini_prod/14-175.jpg HTTP/1.0" 200 262 "http://www.reflexpro.fr/manfrotto-compact-monopod-noir-sections-p-1830.html" "Mozilla/5.0 (Windows NT 10.0; Win64; x64) AppleWebKit/537.36 (KHTML, like Gecko) Chrome/121.0.0.0 Safari/537.36"
109.18.115.201 - - [30/Jan/2024:10:27:53 +0100] "GET /images/icon_paiement.jpg HTTP/1.0" 200 259 "http://www.reflexpro.fr/manfrotto-compact-monopod-noir-sections-p-1830.html" "Mozilla/5.0 (Windows NT 10.0; Win64; x64) AppleWebKit/537.36 (KHTML, like Gecko) Chrome/121.0.0.0 Safari/537.36"
109.18.115.201 - - [30/Jan/2024:10:27:53 +0100] "GET /images/icon_tel.jpg HTTP/1.0" 200 254 "http://www.reflexpro.fr/manfrotto-compact-monopod-noir-sections-p-1830.html" "Mozilla/5.0 (Windows NT 10.0; Win64; x64) AppleWebKit/537.36 (KHTML, like Gecko) Chrome/121.0.0.0 Safari/537.36"
109.18.115.201 - - [30/Jan/2024:10:27:53 +0100] "GET /images/qui-sommes-nous.jpg HTTP/1.0" 200 261 "http://www.reflexpro.fr/manfrotto-compact-monopod-noir-sections-p-1830.html" "Mozilla/5.0 (Windows NT 10.0; Win64; x64) AppleWebKit/537.36 (KHTML, like Gecko) Chrome/121.0.0.0 Safari/537.36"
109.18.115.201 - - [30/Jan/2024:10:27:53 +0100] "GET /images/icone_contacter.jpg HTTP/1.0" 200 261 "http://www.reflexpro.fr/manfrotto-compact-monopod-noir-sections-p-1830.html" "Mozilla/5.0 (Windows NT 10.0; Win64; x64) AppleWebKit/537.36 (KHTML, like Gecko) Chrome/121.0.0.0 Safari/537.36"
109.18.115.201 - - [30/Jan/2024:10:27:53 +0100] "GET /images/page.jpeg HTTP/1.0" 200 251 "http://www.reflexpro.fr/style.css" "Mozilla/5.0 (Windows NT 10.0; Win64; x64) AppleWebKit/537.36 (KHTML, like Gecko) Chrome/121.0.0.0 Safari/537.36"
109.18.115.201 - - [30/Jan/2024:10:27:53 +0100] "GET /images/header.png HTTP/1.0" 200 251 "http://www.reflexpro.fr/style.css" "Mozilla/5.0 (Windows NT 10.0; Win64; x64) AppleWebKit/537.36 (KHTML, like Gecko) Chrome/121.0.0.0 Safari/537.36"
109.18.115.201 - - [30/Jan/2024:10:27:53 +0100] "GET /images/menuseparator.png HTTP/1.0" 200 487 "http://www.reflexpro.fr/style.css" "Mozilla/5.0 (Windows NT 10.0; Win64; x64) AppleWebKit/537.36 (KHTML, like Gecko) Chrome/121.0.0.0 Safari/537.36"
109.18.115.201 - - [30/Jan/2024:10:27:53 +0100] "GET /images/spacer.gif HTTP/1.0" 200 328 "http://www.reflexpro.fr/style.css" "Mozilla/5.0 (Windows NT 10.0; Win64; x64) AppleWebKit/537.36 (KHTML, like Gecko) Chrome/121.0.0.0 Safari/537.36"
109.18.115.201 - - [30/Jan/2024:10:27:53 +0100] "GET /images/object227400126.png HTTP/1.0" 200 515 "http://www.reflexpro.fr/style.css" "Mozilla/5.0 (Windows NT 10.0; Win64; x64) AppleWebKit/537.36 (KHTML, like Gecko) Chrome/121.0.0.0 Safari/537.36"
109.18.115.201 - - [30/Jan/2024:10:27:53 +0100] "GET /images/searchicon.png HTTP/1.0" 200 664 "http://www.reflexpro.fr/style.css" "Mozilla/5.0 (Windows NT 10.0; Win64; x64) AppleWebKit/537.36 (KHTML, like Gecko) Chrome/121.0.0.0 Safari/537.36"
109.18.115.201 - - [30/Jan/2024:10:27:53 +0100] "GET /images/footerbullets.png HTTP/1.0" 200 503 "http://www.reflexpro.fr/style.css" "Mozilla/5.0 (Windows NT 10.0; Win64; x64) AppleWebKit/537.36 (KHTML, like Gecko) Chrome/121.0.0.0 Safari/537.36"
109.18.115.201 - - [30/Jan/2024:10:27:53 +0100] "GET /font-awesome-4.0.3/fonts/fontawesome-webfont.woff?v=4.0.3 HTTP/1.0" 200 284 "http://www.reflexpro.fr/font-awesome-4.0.3/css/font-awesome.css" "Mozilla/5.0 (Windows NT 10.0; Win64; x64) AppleWebKit/537.36 (KHTML, like Gecko) Chrome/121.0.0.0 Safari/537.36"
109.18.115.201 - - [30/Jan/2024:10:27:53 +0100] "GET /highslide/graphics/outlines/drop-shadow.png HTTP/1.0" 200 277 "http://www.reflexpro.fr/manfrotto-compact-monopod-noir-sections-p-1830.html" "Mozilla/5.0 (Windows NT 10.0; Win64; x64) AppleWebKit/537.36 (KHTML, like Gecko) Chrome/121.0.0.0 Safari/537.36"
109.18.115.201 - - [30/Jan/2024:10:27:53 +0100] "GET /highslide/graphics/zoomout.cur HTTP/1.0" 200 614 "http://www.reflexpro.fr/manfrotto-compact-monopod-noir-sections-p-1830.html" "Mozilla/5.0 (Windows NT 10.0; Win64; x64) AppleWebKit/537.36 (KHTML, like Gecko) Chrome/121.0.0.0 Safari/537.36"
109.18.115.201 - - [30/Jan/2024:10:27:53 +0100] "GET /highslide/graphics/loader.white.gif HTTP/1.0" 200 960 "http://www.reflexpro.fr/templates/Pixame_v1/stylesheet.css" "Mozilla/5.0 (Windows NT 10.0; Win64; x64) AppleWebKit/537.36 (KHTML, like Gecko) Chrome/121.0.0.0 Safari/537.36"
109.18.115.201 - - [30/Jan/2024:10:27:53 +0100] "GET /favicon.ico HTTP/1.0" 200 260 "http://www.reflexpro.fr/manfrotto-compact-monopod-noir-sections-p-1830.html" "Mozilla/5.0 (Windows NT 10.0; Win64; x64) AppleWebKit/537.36 (KHTML, like Gecko) Chrome/121.0.0.0 Safari/537.36"
109.18.115.201 - - [30/Jan/2024:10:28:21 +0100] "GET /monopods-c-271_282_295.html HTTP/1.0" 200 34281 "http://www.reflexpro.fr/manfrotto-compact-monopod-noir-sections-p-1830.html" "Mozilla/5.0 (Windows NT 10.0; Win64; x64) AppleWebKit/537.36 (KHTML, like Gecko) Chrome/121.0.0.0 Safari/537.36"
109.18.115.201 - - [30/Jan/2024:10:28:21 +0100] "GET /images/mini_prod/starblitz%20ts90.jpg HTTP/1.0" 200 270 "http://www.reflexpro.fr/monopods-c-271_282_295.html" "Mozilla/5.0 (Windows NT 10.0; Win64; x64) AppleWebKit/537.36 (KHTML, like Gecko) Chrome/121.0.0.0 Safari/537.36"
109.18.115.201 - - [30/Jan/2024:10:28:21 +0100] "GET /images/mini_prod/mancompactblanc.jpg HTTP/1.0" 200 271 "http://www.reflexpro.fr/monopods-c-271_282_295.html" "Mozilla/5.0 (Windows NT 10.0; Win64; x64) AppleWebKit/537.36 (KHTML, like Gecko) Chrome/121.0.0.0 Safari/537.36"
