69.162.124.230 - - [30/Jan/2024:14:36:50 +0100] "HEAD / HTTP/1.0" 200 383 "http://www.reflexpro.fr" "Mozilla/5.0+(compatible; UptimeRobot/2.0; http://www.uptimerobot.com/)"
52.167.144.206 - - [30/Jan/2024:14:41:03 +0100] "GET /gigabyte-geforce-rtx-3070-aorus-8g-p-2859.html HTTP/1.0" 301 21988 "-" "Mozilla/5.0 AppleWebKit/537.36 (KHTML, like Gecko; compatible; bingbot/2.0; +http://www.bing.com/bingbot.htm) Chrome/116.0.1938.76 Safari/537.36"
69.162.124.230 - - [30/Jan/2024:14:41:50 +0100] "HEAD / HTTP/1.0" 200 383 "http://www.reflexpro.fr" "Mozilla/5.0+(compatible; UptimeRobot/2.0; http://www.uptimerobot.com/)"
54.36.149.23 - - [30/Jan/2024:14:42:09 +0100] "GET /olympus-mzuiko-14-150-f4-56-ii-ed-noir-p-2466.html HTTP/1.0" 200 29498 "-" "Mozilla/5.0 (compatible; AhrefsBot/7.0; +http://ahrefs.com/robot/)"
54.36.149.30 - - [30/Jan/2024:14:42:10 +0100] "GET /images/14-150olympII.jpg HTTP/1.0" 200 259 "-" "Mozilla/5.0 (compatible; AhrefsBot/7.0; +http://ahrefs.com/robot/)"
138.197.34.210 - - [30/Jan/2024:14:43:01 +0100] "GET / HTTP/1.0" 301 502 "-" "Mozilla/5.0 (X11; Linux x86_64) AppleWebKit/537.36 (KHTML, like Gecko) Chrome/108.0.0.0 Safari/537.36"
103.131.71.44 - - [30/Jan/2024:14:44:29 +0100] "GET /robots.txt HTTP/1.0" 301 522 "-" "Mozilla/5.0 (compatible; coccocbot-image/1.0; +http://help.coccoc.com/searchengine)"
103.131.71.44 - - [30/Jan/2024:14:44:31 +0100] "GET /robots.txt HTTP/1.0" 200 245 "-" "Mozilla/5.0 (compatible; coccocbot-image/1.0; +http://help.coccoc.com/searchengine)"
193.250.227.92 - - [30/Jan/2024:14:44:38 +0100] "GET / HTTP/1.0" 200 35969 "-" "Mozilla/5.0 (iPhone; CPU iPhone OS 16_3_1 like Mac OS X) AppleWebKit/605.1.15 (KHTML, like Gecko) Version/16.3 Mobile/15E148 Safari/604.1"
193.250.227.92 - - [30/Jan/2024:14:44:39 +0100] "GET /style.css HTTP/1.0" 200 242 "http://www.reflexpro.fr/" "Mozilla/5.0 (iPhone; CPU iPhone OS 16_3_1 like Mac OS X) AppleWebKit/605.1.15 (KHTML, like Gecko) Version/16.3 Mobile/15E148 Safari/604.1"
193.250.227.92 - - [30/Jan/2024:14:44:39 +0100] "GET /style.responsive.css HTTP/1.0" 200 253 "http://www.reflexpro.fr/" "Mozilla/5.0 (iPhone; CPU iPhone OS 16_3_1 like Mac OS X) AppleWebKit/605.1.15 (KHTML, like Gecko) Version/16.3 Mobile/15E148 Safari/604.1"
193.250.227.92 - - [30/Jan/2024:14:44:39 +0100] "GET /templates/Pixame_v1/stylesheet.css HTTP/1.0" 200 267 "http://www.reflexpro.fr/" "Mozilla/5.0 (iPhone; CPU iPhone OS 16_3_1 like Mac OS X) AppleWebKit/605.1.15 (KHTML, like Gecko) Version/16.3 Mobile/15E148 Safari/604.1"
193.250.227.92 - - [30/Jan/2024:14:44:39 +0100] "GET /font-awesome-4.0.3/css/font-awesome.css HTTP/1.0" 200 272 "http://www.reflexpro.fr/" "Mozilla/5.0 (iPhone; CPU iPhone OS 16_3_1 like Mac OS X) AppleWebKit/605.1.15 (KHTML, like Gecko) Version/16.3 Mobile/15E148 Safari/604.1"
193.250.227.92 - - [30/Jan/2024:14:44:39 +0100] "GET /jquery.js HTTP/1.0" 200 249 "http://www.reflexpro.fr/" "Mozilla/5.0 (iPhone; CPU iPhone OS 16_3_1 like Mac OS X) AppleWebKit/605.1.15 (KHTML, like Gecko) Version/16.3 Mobile/15E148 Safari/604.1"
193.250.227.92 - - [30/Jan/2024:14:44:39 +0100] "GET /highslide/highslide.js HTTP/1.0" 200 262 "http://www.reflexpro.fr/" "Mozilla/5.0 (iPhone; CPU iPhone OS 16_3_1 like Mac OS X) AppleWebKit/605.1.15 (KHTML, like Gecko) Version/16.3 Mobile/15E148 Safari/604.1"
69.162.124.230 - - [30/Jan/2024:14:46:50 +0100] "HEAD / HTTP/1.0" 200 383 "http://www.reflexpro.fr" "Mozilla/5.0+(compatible; UptimeRobot/2.0; http://www.uptimerobot.com/)"
66.249.66.21 - - [30/Jan/2024:14:47:39 +0100] "GET /sigma-24-35-f2-art-dg-hsm-monture-canon-p-2111.html HTTP/1.0" 200 28775 "-" "Mozilla/5.0 (Linux; Android 6.0.1; Nexus 5X Build/MMB29P) AppleWebKit/537.36 (KHTML, like Gecko) Chrome/121.0.6167.85 Mobile Safari/537.36 (compatible; Googlebot/2.1; +http://www.google.com/bot.html)"
66.249.66.21 - - [30/Jan/2024:14:48:23 +0100] "GET / HTTP/1.0" 200 35969 "-" "Mozilla/5.0 (Linux; Android 6.0.1; Nexus 5X Build/MMB29P) AppleWebKit/537.36 (KHTML, like Gecko) Chrome/121.0.6167.85 Mobile Safari/537.36 (compatible; Googlebot/2.1; +http://www.google.com/bot.html)"
17.241.227.74 - - [30/Jan/2024:14:48:56 +0100] "GET / HTTP/1.0" 200 35969 "-" "Mozilla/5.0 (Macintosh; Intel Mac OS X 10_15_5) AppleWebKit/605.1.15 (KHTML, like Gecko) Version/13.1.1 Safari/605.1.15 (Applebot/0.1; +http://www.apple.com/go/applebot)"
182.22.30.7 - - [30/Jan/2024:14:51:32 +0100] "GET /robots.txt HTTP/1.0" 200 245 "-" "Mozilla/5.0 (compatible; Y!J-WSC/1.0; +https://yahoo.jp/3BSZgF)"
202.239.5.40 - - [30/Jan/2024:14:51:35 +0100] "GET / HTTP/1.0" 200 35969 "-" "Mozilla/5.0 (compatible; Y!J-WSC/1.0; +https://yahoo.jp/3BSZgF)"
182.22.30.60 - - [30/Jan/2024:14:51:37 +0100] "GET /style.responsive.css HTTP/1.0" 200 253 "http://www.reflexpro.fr/" "Mozilla/5.0 (Windows NT 10.0; Win64; x64) AppleWebKit/537.36 (KHTML, like Gecko; compatible; Y!J-WSC/1.0; +https://yahoo.jp/3BSZgF) Chrome/120.0.0.0 Safari/537.36"
202.239.5.182 - - [30/Jan/2024:14:51:37 +0100] "GET /highslide/highslide.js HTTP/1.0" 200 262 "http://www.reflexpro.fr/" "Mozilla/5.0 (Windows NT 10.0; Win64; x64) AppleWebKit/537.36 (KHTML, like Gecko; compatible; Y!J-WSC/1.0; +https://yahoo.jp/3BSZgF) Chrome/120.0.0.0 Safari/537.36"
202.239.4.239 - - [30/Jan/2024:14:51:37 +0100] "GET /font-awesome-4.0.3/css/font-awesome.css HTTP/1.0" 200 272 "http://www.reflexpro.fr/" "Mozilla/5.0 (Windows NT 10.0; Win64; x64) AppleWebKit/537.36 (KHTML, like Gecko; compatible; Y!J-WSC/1.0; +https://yahoo.jp/3BSZgF) Chrome/120.0.0.0 Safari/537.36"
202.239.5.102 - - [30/Jan/2024:14:51:37 +0100] "GET /themes-nivo/default/default.css HTTP/1.0" 200 264 "http://www.reflexpro.fr/" "Mozilla/5.0 (Windows NT 10.0; Win64; x64) AppleWebKit/537.36 (KHTML, like Gecko; compatible; Y!J-WSC/1.0; +https://yahoo.jp/3BSZgF) Chrome/120.0.0.0 Safari/537.36"
202.239.5.201 - - [30/Jan/2024:14:51:37 +0100] "GET /style.css HTTP/1.0" 200 242 "http://www.reflexpro.fr/" "Mozilla/5.0 (Windows NT 10.0; Win64; x64) AppleWebKit/537.36 (KHTML, like Gecko; compatible; Y!J-WSC/1.0; +https://yahoo.jp/3BSZgF) Chrome/120.0.0.0 Safari/537.36"
202.239.4.211 - - [30/Jan/2024:14:51:37 +0100] "GET /themes-nivo/light/light.css HTTP/1.0" 200 260 "http://www.reflexpro.fr/" "Mozilla/5.0 (Windows NT 10.0; Win64; x64) AppleWebKit/537.36 (KHTML, like Gecko; compatible; Y!J-WSC/1.0; +https://yahoo.jp/3BSZgF) Chrome/120.0.0.0 Safari/537.36"
202.239.4.154 - - [30/Jan/2024:14:51:38 +0100] "GET /themes-nivo/dark/dark.css HTTP/1.0" 200 258 "http://www.reflexpro.fr/" "Mozilla/5.0 (Windows NT 10.0; Win64; x64) AppleWebKit/537.36 (KHTML, like Gecko; compatible; Y!J-WSC/1.0; +https://yahoo.jp/3BSZgF) Chrome/120.0.0.0 Safari/537.36"
202.239.4.154 - - [30/Jan/2024:14:51:38 +0100] "GET /jquery.js HTTP/1.0" 200 249 "http://www.reflexpro.fr/" "Mozilla/5.0 (Windows NT 10.0; Win64; x64) AppleWebKit/537.36 (KHTML, like Gecko; compatible; Y!J-WSC/1.0; +https://yahoo.jp/3BSZgF) Chrome/120.0.0.0 Safari/537.36"
202.239.5.192 - - [30/Jan/2024:14:51:38 +0100] "GET /themes-nivo/bar/bar.css HTTP/1.0" 200 256 "http://www.reflexpro.fr/" "Mozilla/5.0 (Windows NT 10.0; Win64; x64) AppleWebKit/537.36 (KHTML, like Gecko; compatible; Y!J-WSC/1.0; +https://yahoo.jp/3BSZgF) Chrome/120.0.0.0 Safari/537.36"
202.239.5.61 - - [30/Jan/2024:14:51:38 +0100] "GET /nivo-slider.css HTTP/1.0" 200 248 "http://www.reflexpro.fr/" "Mozilla/5.0 (Windows NT 10.0; Win64; x64) AppleWebKit/537.36 (KHTML, like Gecko; compatible; Y!J-WSC/1.0; +https://yahoo.jp/3BSZgF) Chrome/120.0.0.0 Safari/537.36"
202.239.4.239 - - [30/Jan/2024:14:51:38 +0100] "GET /script.responsive.js HTTP/1.0" 200 260 "http://www.reflexpro.fr/" "Mozilla/5.0 (Windows NT 10.0; Win64; x64) AppleWebKit/537.36 (KHTML, like Gecko; compatible; Y!J-WSC/1.0; +https://yahoo.jp/3BSZgF) Chrome/120.0.0.0 Safari/537.36"
202.239.5.87 - - [30/Jan/2024:14:51:38 +0100] "GET /cookieconsentbar/cookieconsentbar.css HTTP/1.0" 200 270 "http://www.reflexpro.fr/" "Mozilla/5.0 (Windows NT 10.0; Win64; x64) AppleWebKit/537.36 (KHTML, like Gecko; compatible; Y!J-WSC/1.0; +https://yahoo.jp/3BSZgF) Chrome/120.0.0.0 Safari/537.36"
182.22.30.60 - - [30/Jan/2024:14:51:38 +0100] "GET /script.js HTTP/1.0" 200 249 "http://www.reflexpro.fr/" "Mozilla/5.0 (Windows NT 10.0; Win64; x64) AppleWebKit/537.36 (KHTML, like Gecko; compatible; Y!J-WSC/1.0; +https://yahoo.jp/3BSZgF) Chrome/120.0.0.0 Safari/537.36"
202.239.5.50 - - [30/Jan/2024:14:51:38 +0100] "GET /jquery-1.9.0.min.js HTTP/1.0" 200 259 "http://www.reflexpro.fr/" "Mozilla/5.0 (Windows NT 10.0; Win64; x64) AppleWebKit/537.36 (KHTML, like Gecko; compatible; Y!J-WSC/1.0; +https://yahoo.jp/3BSZgF) Chrome/120.0.0.0 Safari/537.36"
202.239.5.163 - - [30/Jan/2024:14:51:38 +0100] "GET /jquery.nivo.slider.js HTTP/1.0" 200 261 "http://www.reflexpro.fr/" "Mozilla/5.0 (Windows NT 10.0; Win64; x64) AppleWebKit/537.36 (KHTML, like Gecko; compatible; Y!J-WSC/1.0; +https://yahoo.jp/3BSZgF) Chrome/120.0.0.0 Safari/537.36"
182.22.30.108 - - [30/Jan/2024:14:51:39 +0100] "GET /cookieconsentbar/cookieconsentbar.js HTTP/1.0" 200 276 "http://www.reflexpro.fr/" "Mozilla/5.0 (Windows NT 10.0; Win64; x64) AppleWebKit/537.36 (KHTML, like Gecko; compatible; Y!J-WSC/1.0; +https://yahoo.jp/3BSZgF) Chrome/120.0.0.0 Safari/537.36"
69.162.124.230 - - [30/Jan/2024:14:51:50 +0100] "HEAD / HTTP/1.0" 200 383 "http://www.reflexpro.fr" "Mozilla/5.0+(compatible; UptimeRobot/2.0; http://www.uptimerobot.com/)"
216.244.66.233 - - [30/Jan/2024:14:53:02 +0100] "GET /robots.txt HTTP/1.0" 200 245 "-" "Mozilla/5.0 (compatible; DotBot/1.2; +https://opensiteexplorer.org/dotbot; help@moz.com)"
66.249.66.21 - - [30/Jan/2024:14:53:17 +0100] "GET /tamron-70-180mm-f28-di-iii-vxd-sony-fe-p-2884.html HTTP/1.0" 200 30617 "-" "Mozilla/5.0 (Linux; Android 6.0.1; Nexus 5X Build/MMB29P) AppleWebKit/537.36 (KHTML, like Gecko) Chrome/121.0.6167.85 Mobile Safari/537.36 (compatible; Googlebot/2.1; +http://www.google.com/bot.html)"
66.249.66.23 - - [30/Jan/2024:14:53:18 +0100] "GET /nikon-d5100-18105-vr-garantie-ans-p-1329.html HTTP/1.0" 301 30810 "-" "Mozilla/5.0 (Linux; Android 6.0.1; Nexus 5X Build/MMB29P) AppleWebKit/537.36 (KHTML, like Gecko) Chrome/121.0.6167.85 Mobile Safari/537.36 (compatible; Googlebot/2.1; +http://www.google.com/bot.html)"
66.249.66.21 - - [30/Jan/2024:14:53:18 +0100] "GET /sony-35-f14-sal-p-1524.html HTTP/1.0" 200 28785 "-" "Mozilla/5.0 (Linux; Android 6.0.1; Nexus 5X Build/MMB29P) AppleWebKit/537.36 (KHTML, like Gecko) Chrome/121.0.6167.85 Mobile Safari/537.36 (compatible; Googlebot/2.1; +http://www.google.com/bot.html)"
66.249.66.21 - - [30/Jan/2024:14:53:19 +0100] "GET /-p-2441.html HTTP/1.0" 200 21925 "-" "Mozilla/5.0 (Linux; Android 6.0.1; Nexus 5X Build/MMB29P) AppleWebKit/537.36 (KHTML, like Gecko) Chrome/121.0.6167.85 Mobile Safari/537.36 (compatible; Googlebot/2.1; +http://www.google.com/bot.html)"
66.249.66.23 - - [30/Jan/2024:14:53:19 +0100] "GET /sigma-70-300-f4-56-dg-apo-macro-monture-sony-p-1329.html HTTP/1.0" 200 30703 "-" "Mozilla/5.0 (Linux; Android 6.0.1; Nexus 5X Build/MMB29P) AppleWebKit/537.36 (KHTML, like Gecko) Chrome/121.0.6167.85 Mobile Safari/537.36 (compatible; Googlebot/2.1; +http://www.google.com/bot.html)"
66.249.66.22 - - [30/Jan/2024:14:53:20 +0100] "GET /sigma-30-f14-dc-hsm-art-monture-nikon-p-1295.html HTTP/1.0" 200 29006 "-" "Mozilla/5.0 (Linux; Android 6.0.1; Nexus 5X Build/MMB29P) AppleWebKit/537.36 (KHTML, like Gecko) Chrome/121.0.6167.85 Mobile Safari/537.36 (compatible; Googlebot/2.1; +http://www.google.com/bot.html)"
66.249.66.22 - - [30/Jan/2024:14:53:24 +0100] "GET /script.responsive.js HTTP/1.0" 200 260 "http://www.reflexpro.fr/tamron-70-180mm-f28-di-iii-vxd-sony-fe-p-2884.html" "Mozilla/5.0 (Linux; Android 6.0.1; Nexus 5X Build/MMB29P) AppleWebKit/537.36 (KHTML, like Gecko) Chrome/120.0.6099.224 Mobile Safari/537.36 (compatible; Googlebot/2.1; +http://www.google.com/bot.html)"
66.249.66.21 - - [30/Jan/2024:14:53:25 +0100] "GET /script.responsive.js HTTP/1.0" 200 260 "http://www.reflexpro.fr/-p-2441.html" "Mozilla/5.0 (Linux; Android 6.0.1; Nexus 5X Build/MMB29P) AppleWebKit/537.36 (KHTML, like Gecko) Chrome/120.0.6099.224 Mobile Safari/537.36 (compatible; Googlebot/2.1; +http://www.google.com/bot.html)"
66.249.66.22 - - [30/Jan/2024:14:53:25 +0100] "GET /script.responsive.js HTTP/1.0" 200 260 "http://www.reflexpro.fr/sony-35-f14-sal-p-1524.html" "Mozilla/5.0 (Linux; Android 6.0.1; Nexus 5X Build/MMB29P) AppleWebKit/537.36 (KHTML, like Gecko) Chrome/120.0.6099.224 Mobile Safari/537.36 (compatible; Googlebot/2.1; +http://www.google.com/bot.html)"
66.249.66.21 - - [30/Jan/2024:14:53:26 +0100] "GET /script.responsive.js HTTP/1.0" 200 260 "http://www.reflexpro.fr/sigma-30-f14-dc-hsm-art-monture-nikon-p-1295.html" "Mozilla/5.0 (Linux; Android 6.0.1; Nexus 5X Build/MMB29P) AppleWebKit/537.36 (KHTML, like Gecko) Chrome/120.0.6099.224 Mobile Safari/537.36 (compatible; Googlebot/2.1; +http://www.google.com/bot.html)"
199.244.88.229 - - [30/Jan/2024:14:54:13 +0100] "GET / HTTP/1.0" 301 502 "-" "Mozilla/5.0 (X11; Linux x86_64) AppleWebKit/537.36 (KHTML, like Gecko) Chrome/105.0.0.0 Safari/537.36"
199.244.88.228 - - [30/Jan/2024:14:54:14 +0100] "GET / HTTP/1.0" 200 35969 "http://reflexpro.fr" "Mozilla/5.0 (X11; Linux x86_64) AppleWebKit/537.36 (KHTML, like Gecko) Chrome/105.0.0.0 Safari/537.36"
69.162.124.230 - - [30/Jan/2024:14:56:55 +0100] "HEAD / HTTP/1.0" 200 383 "http://www.reflexpro.fr" "Mozilla/5.0+(compatible; UptimeRobot/2.0; http://www.uptimerobot.com/)"
40.77.167.76 - - [30/Jan/2024:14:57:21 +0100] "GET /rs700-amplificateur-2x100w-pr-1162.html HTTP/1.0" 200 26225 "-" "Mozilla/5.0 AppleWebKit/537.36 (KHTML, like Gecko; compatible; bingbot/2.0; +http://www.bing.com/bingbot.htm) Chrome/116.0.1938.76 Safari/537.36"
66.249.66.21 - - [30/Jan/2024:14:59:38 +0100] "GET /sonos-move-noir-p-3056.html HTTP/1.0" 200 28732 "-" "Mozilla/5.0 (Linux; Android 6.0.1; Nexus 5X Build/MMB29P) AppleWebKit/537.36 (KHTML, like Gecko) Chrome/121.0.6167.85 Mobile Safari/537.36 (compatible; Googlebot/2.1; +http://www.google.com/bot.html)"
66.249.66.21 - - [30/Jan/2024:14:59:43 +0100] "GET /panasonic-gx9-nu-silver-p-2495.html HTTP/1.0" 200 21948 "-" "Mozilla/5.0 (Linux; Android 6.0.1; Nexus 5X Build/MMB29P) AppleWebKit/537.36 (KHTML, like Gecko) Chrome/121.0.6167.85 Mobile Safari/537.36 (compatible; Googlebot/2.1; +http://www.google.com/bot.html)"
216.244.66.233 - - [30/Jan/2024:15:00:35 +0100] "GET /panasonic-14-140-f35-56-asph-noir-bote-blanche-p-1190.html HTTP/1.0" 200 28595 "-" "Mozilla/5.0 (compatible; DotBot/1.2; +https://opensiteexplorer.org/dotbot; help@moz.com)"
69.162.124.230 - - [30/Jan/2024:15:01:51 +0100] "HEAD / HTTP/1.0" 200 383 "http://www.reflexpro.fr" "Mozilla/5.0+(compatible; UptimeRobot/2.0; http://www.uptimerobot.com/)"
66.249.66.21 - - [30/Jan/2024:15:06:09 +0100] "GET /olympus-fl-600r-p-1489.html HTTP/1.0" 200 27634 "-" "Mozilla/5.0 (Linux; Android 6.0.1; Nexus 5X Build/MMB29P) AppleWebKit/537.36 (KHTML, like Gecko) Chrome/121.0.6167.85 Mobile Safari/537.36 (compatible; Googlebot/2.1; +http://www.google.com/bot.html)"
69.162.124.230 - - [30/Jan/2024:15:06:50 +0100] "HEAD / HTTP/1.0" 200 383 "http://www.reflexpro.fr" "Mozilla/5.0+(compatible; UptimeRobot/2.0; http://www.uptimerobot.com/)"
66.249.66.23 - - [30/Jan/2024:15:07:19 +0100] "GET /script.responsive.js HTTP/1.0" 200 260 "http://www.reflexpro.fr/olympus-fl-600r-p-1489.html" "Mozilla/5.0 (Linux; Android 6.0.1; Nexus 5X Build/MMB29P) AppleWebKit/537.36 (KHTML, like Gecko) Chrome/120.0.6099.224 Mobile Safari/537.36 (compatible; Googlebot/2.1; +http://www.google.com/bot.html)"
52.167.144.238 - - [30/Jan/2024:15:07:20 +0100] "GET /t305-systeme-51-pr-1189.html HTTP/1.0" 302 464 "-" "Mozilla/5.0 AppleWebKit/537.36 (KHTML, like Gecko; compatible; bingbot/2.0; +http://www.bing.com/bingbot.htm) Chrome/116.0.1938.76 Safari/537.36"
92.152.60.193 - - [30/Jan/2024:15:08:20 +0100] "GET /occasion-sigma-18-50-f28-dc-os-monture-sigma-p-1857.html HTTP/1.0" 200 29908 "https://www.google.com/" "Mozilla/5.0 (Windows NT 10.0; Win64; x64) AppleWebKit/537.36 (KHTML, like Gecko) Chrome/121.0.0.0 Safari/537.36"
92.152.60.193 - - [30/Jan/2024:15:08:20 +0100] "GET /style.css HTTP/1.0" 200 242 "http://www.reflexpro.fr/occasion-sigma-18-50-f28-dc-os-monture-sigma-p-1857.html" "Mozilla/5.0 (Windows NT 10.0; Win64; x64) AppleWebKit/537.36 (KHTML, like Gecko) Chrome/121.0.0.0 Safari/537.36"
92.152.60.193 - - [30/Jan/2024:15:08:20 +0100] "GET /style.responsive.css HTTP/1.0" 200 253 "http://www.reflexpro.fr/occasion-sigma-18-50-f28-dc-os-monture-sigma-p-1857.html" "Mozilla/5.0 (Windows NT 10.0; Win64; x64) AppleWebKit/537.36 (KHTML, like Gecko) Chrome/121.0.0.0 Safari/537.36"
92.152.60.193 - - [30/Jan/2024:15:08:20 +0100] "GET /templates/Pixame_v1/stylesheet.css HTTP/1.0" 200 267 "http://www.reflexpro.fr/occasion-sigma-18-50-f28-dc-os-monture-sigma-p-1857.html" "Mozilla/5.0 (Windows NT 10.0; Win64; x64) AppleWebKit/537.36 (KHTML, like Gecko) Chrome/121.0.0.0 Safari/537.36"
92.152.60.193 - - [30/Jan/2024:15:08:20 +0100] "GET /font-awesome-4.0.3/css/font-awesome.css HTTP/1.0" 200 272 "http://www.reflexpro.fr/occasion-sigma-18-50-f28-dc-os-monture-sigma-p-1857.html" "Mozilla/5.0 (Windows NT 10.0; Win64; x64) AppleWebKit/537.36 (KHTML, like Gecko) Chrome/121.0.0.0 Safari/537.36"
92.152.60.193 - - [30/Jan/2024:15:08:20 +0100] "GET /themes-nivo/light/light.css HTTP/1.0" 200 260 "http://www.reflexpro.fr/occasion-sigma-18-50-f28-dc-os-monture-sigma-p-1857.html" "Mozilla/5.0 (Windows NT 10.0; Win64; x64) AppleWebKit/537.36 (KHTML, like Gecko) Chrome/121.0.0.0 Safari/537.36"
92.152.60.193 - - [30/Jan/2024:15:08:20 +0100] "GET /themes-nivo/default/default.css HTTP/1.0" 200 264 "http://www.reflexpro.fr/occasion-sigma-18-50-f28-dc-os-monture-sigma-p-1857.html" "Mozilla/5.0 (Windows NT 10.0; Win64; x64) AppleWebKit/537.36 (KHTML, like Gecko) Chrome/121.0.0.0 Safari/537.36"
92.152.60.193 - - [30/Jan/2024:15:08:20 +0100] "GET /themes-nivo/dark/dark.css HTTP/1.0" 200 258 "http://www.reflexpro.fr/occasion-sigma-18-50-f28-dc-os-monture-sigma-p-1857.html" "Mozilla/5.0 (Windows NT 10.0; Win64; x64) AppleWebKit/537.36 (KHTML, like Gecko) Chrome/121.0.0.0 Safari/537.36"
92.152.60.193 - - [30/Jan/2024:15:08:20 +0100] "GET /themes-nivo/bar/bar.css HTTP/1.0" 200 256 "http://www.reflexpro.fr/occasion-sigma-18-50-f28-dc-os-monture-sigma-p-1857.html" "Mozilla/5.0 (Windows NT 10.0; Win64; x64) AppleWebKit/537.36 (KHTML, like Gecko) Chrome/121.0.0.0 Safari/537.36"
92.152.60.193 - - [30/Jan/2024:15:08:20 +0100] "GET /nivo-slider.css HTTP/1.0" 200 248 "http://www.reflexpro.fr/occasion-sigma-18-50-f28-dc-os-monture-sigma-p-1857.html" "Mozilla/5.0 (Windows NT 10.0; Win64; x64) AppleWebKit/537.36 (KHTML, like Gecko) Chrome/121.0.0.0 Safari/537.36"
92.152.60.193 - - [30/Jan/2024:15:08:20 +0100] "GET /jquery.js HTTP/1.0" 200 249 "http://www.reflexpro.fr/occasion-sigma-18-50-f28-dc-os-monture-sigma-p-1857.html" "Mozilla/5.0 (Windows NT 10.0; Win64; x64) AppleWebKit/537.36 (KHTML, like Gecko) Chrome/121.0.0.0 Safari/537.36"
92.152.60.193 - - [30/Jan/2024:15:08:20 +0100] "GET /cookieconsentbar/cookieconsentbar.css HTTP/1.0" 200 270 "http://www.reflexpro.fr/occasion-sigma-18-50-f28-dc-os-monture-sigma-p-1857.html" "Mozilla/5.0 (Windows NT 10.0; Win64; x64) AppleWebKit/537.36 (KHTML, like Gecko) Chrome/121.0.0.0 Safari/537.36"
92.152.60.193 - - [30/Jan/2024:15:08:20 +0100] "GET /script.js HTTP/1.0" 200 249 "http://www.reflexpro.fr/occasion-sigma-18-50-f28-dc-os-monture-sigma-p-1857.html" "Mozilla/5.0 (Windows NT 10.0; Win64; x64) AppleWebKit/537.36 (KHTML, like Gecko) Chrome/121.0.0.0 Safari/537.36"
92.152.60.193 - - [30/Jan/2024:15:08:20 +0100] "GET /highslide/highslide.js HTTP/1.0" 200 262 "http://www.reflexpro.fr/occasion-sigma-18-50-f28-dc-os-monture-sigma-p-1857.html" "Mozilla/5.0 (Windows NT 10.0; Win64; x64) AppleWebKit/537.36 (KHTML, like Gecko) Chrome/121.0.0.0 Safari/537.36"
92.152.60.193 - - [30/Jan/2024:15:08:20 +0100] "GET /script.responsive.js HTTP/1.0" 200 260 "http://www.reflexpro.fr/occasion-sigma-18-50-f28-dc-os-monture-sigma-p-1857.html" "Mozilla/5.0 (Windows NT 10.0; Win64; x64) AppleWebKit/537.36 (KHTML, like Gecko) Chrome/121.0.0.0 Safari/537.36"
92.152.60.193 - - [30/Jan/2024:15:08:20 +0100] "GET /jquery-1.9.0.min.js HTTP/1.0" 200 259 "http://www.reflexpro.fr/occasion-sigma-18-50-f28-dc-os-monture-sigma-p-1857.html" "Mozilla/5.0 (Windows NT 10.0; Win64; x64) AppleWebKit/537.36 (KHTML, like Gecko) Chrome/121.0.0.0 Safari/537.36"
92.152.60.193 - - [30/Jan/2024:15:08:20 +0100] "GET /jquery.nivo.slider.js HTTP/1.0" 200 261 "http://www.reflexpro.fr/occasion-sigma-18-50-f28-dc-os-monture-sigma-p-1857.html" "Mozilla/5.0 (Windows NT 10.0; Win64; x64) AppleWebKit/537.36 (KHTML, like Gecko) Chrome/121.0.0.0 Safari/537.36"
92.152.60.193 - - [30/Jan/2024:15:08:20 +0100] "GET /cookieconsentbar/cookieconsentbar.js HTTP/1.0" 200 276 "http://www.reflexpro.fr/occasion-sigma-18-50-f28-dc-os-monture-sigma-p-1857.html" "Mozilla/5.0 (Windows NT 10.0; Win64; x64) AppleWebKit/537.36 (KHTML, like Gecko) Chrome/121.0.0.0 Safari/537.36"
92.152.60.193 - - [30/Jan/2024:15:08:20 +0100] "GET /images/logo-2130545471.png HTTP/1.0" 200 260 "http://www.reflexpro.fr/occasion-sigma-18-50-f28-dc-os-monture-sigma-p-1857.html" "Mozilla/5.0 (Windows NT 10.0; Win64; x64) AppleWebKit/537.36 (KHTML, like Gecko) Chrome/121.0.0.0 Safari/537.36"
92.152.60.193 - - [30/Jan/2024:15:08:20 +0100] "GET /img-site/home3.png HTTP/1.0" 200 252 "http://www.reflexpro.fr/occasion-sigma-18-50-f28-dc-os-monture-sigma-p-1857.html" "Mozilla/5.0 (Windows NT 10.0; Win64; x64) AppleWebKit/537.36 (KHTML, like Gecko) Chrome/121.0.0.0 Safari/537.36"
92.152.60.193 - - [30/Jan/2024:15:08:20 +0100] "GET /images/sig1850f2.8-4.5.jpg HTTP/1.0" 200 261 "http://www.reflexpro.fr/occasion-sigma-18-50-f28-dc-os-monture-sigma-p-1857.html" "Mozilla/5.0 (Windows NT 10.0; Win64; x64) AppleWebKit/537.36 (KHTML, like Gecko) Chrome/121.0.0.0 Safari/537.36"
92.152.60.193 - - [30/Jan/2024:15:08:20 +0100] "GET /images/ecotaxe_on.jpg HTTP/1.0" 200 256 "http://www.reflexpro.fr/occasion-sigma-18-50-f28-dc-os-monture-sigma-p-1857.html" "Mozilla/5.0 (Windows NT 10.0; Win64; x64) AppleWebKit/537.36 (KHTML, like Gecko) Chrome/121.0.0.0 Safari/537.36"
92.152.60.193 - - [30/Jan/2024:15:08:20 +0100] "GET /images/pixel_trans.gif HTTP/1.0" 200 328 "http://www.reflexpro.fr/occasion-sigma-18-50-f28-dc-os-monture-sigma-p-1857.html" "Mozilla/5.0 (Windows NT 10.0; Win64; x64) AppleWebKit/537.36 (KHTML, like Gecko) Chrome/121.0.0.0 Safari/537.36"
92.152.60.193 - - [30/Jan/2024:15:08:20 +0100] "GET /images/stars_3.gif HTTP/1.0" 200 433 "http://www.reflexpro.fr/occasion-sigma-18-50-f28-dc-os-monture-sigma-p-1857.html" "Mozilla/5.0 (Windows NT 10.0; Win64; x64) AppleWebKit/537.36 (KHTML, like Gecko) Chrome/121.0.0.0 Safari/537.36"
92.152.60.193 - - [30/Jan/2024:15:08:20 +0100] "GET /images/pixel_orange.gif HTTP/1.0" 200 328 "http://www.reflexpro.fr/occasion-sigma-18-50-f28-dc-os-monture-sigma-p-1857.html" "Mozilla/5.0 (Windows NT 10.0; Win64; x64) AppleWebKit/537.36 (KHTML, like Gecko) Chrome/121.0.0.0 Safari/537.36"
92.152.60.193 - - [30/Jan/2024:15:08:20 +0100] "GET /images/icone_contacter.jpg HTTP/1.0" 200 261 "http://www.reflexpro.fr/occasion-sigma-18-50-f28-dc-os-monture-sigma-p-1857.html" "Mozilla/5.0 (Windows NT 10.0; Win64; x64) AppleWebKit/537.36 (KHTML, like Gecko) Chrome/121.0.0.0 Safari/537.36"
92.152.60.193 - - [30/Jan/2024:15:08:20 +0100] "GET /images/icon_tel.jpg HTTP/1.0" 200 254 "http://www.reflexpro.fr/occasion-sigma-18-50-f28-dc-os-monture-sigma-p-1857.html" "Mozilla/5.0 (Windows NT 10.0; Win64; x64) AppleWebKit/537.36 (KHTML, like Gecko) Chrome/121.0.0.0 Safari/537.36"
92.152.60.193 - - [30/Jan/2024:15:08:20 +0100] "GET /images/qui-sommes-nous.jpg HTTP/1.0" 200 261 "http://www.reflexpro.fr/occasion-sigma-18-50-f28-dc-os-monture-sigma-p-1857.html" "Mozilla/5.0 (Windows NT 10.0; Win64; x64) AppleWebKit/537.36 (KHTML, like Gecko) Chrome/121.0.0.0 Safari/537.36"
92.152.60.193 - - [30/Jan/2024:15:08:20 +0100] "GET /images/icon_paiement.jpg HTTP/1.0" 200 259 "http://www.reflexpro.fr/occasion-sigma-18-50-f28-dc-os-monture-sigma-p-1857.html" "Mozilla/5.0 (Windows NT 10.0; Win64; x64) AppleWebKit/537.36 (KHTML, like Gecko) Chrome/121.0.0.0 Safari/537.36"
92.152.60.193 - - [30/Jan/2024:15:08:20 +0100] "GET /images/header.png HTTP/1.0" 200 251 "http://www.reflexpro.fr/style.css" "Mozilla/5.0 (Windows NT 10.0; Win64; x64) AppleWebKit/537.36 (KHTML, like Gecko) Chrome/121.0.0.0 Safari/537.36"
92.152.60.193 - - [30/Jan/2024:15:08:20 +0100] "GET /images/page.jpeg HTTP/1.0" 200 251 "http://www.reflexpro.fr/style.css" "Mozilla/5.0 (Windows NT 10.0; Win64; x64) AppleWebKit/537.36 (KHTML, like Gecko) Chrome/121.0.0.0 Safari/537.36"
92.152.60.193 - - [30/Jan/2024:15:08:20 +0100] "GET /images/searchicon.png HTTP/1.0" 200 664 "http://www.reflexpro.fr/style.css" "Mozilla/5.0 (Windows NT 10.0; Win64; x64) AppleWebKit/537.36 (KHTML, like Gecko) Chrome/121.0.0.0 Safari/537.36"
92.152.60.193 - - [30/Jan/2024:15:08:20 +0100] "GET /images/spacer.gif HTTP/1.0" 200 328 "http://www.reflexpro.fr/style.css" "Mozilla/5.0 (Windows NT 10.0; Win64; x64) AppleWebKit/537.36 (KHTML, like Gecko) Chrome/121.0.0.0 Safari/537.36"
92.152.60.193 - - [30/Jan/2024:15:08:20 +0100] "GET /images/object227400126.png HTTP/1.0" 200 515 "http://www.reflexpro.fr/style.css" "Mozilla/5.0 (Windows NT 10.0; Win64; x64) AppleWebKit/537.36 (KHTML, like Gecko) Chrome/121.0.0.0 Safari/537.36"
92.152.60.193 - - [30/Jan/2024:15:08:20 +0100] "GET /images/menuseparator.png HTTP/1.0" 200 487 "http://www.reflexpro.fr/style.css" "Mozilla/5.0 (Windows NT 10.0; Win64; x64) AppleWebKit/537.36 (KHTML, like Gecko) Chrome/121.0.0.0 Safari/537.36"
92.152.60.193 - - [30/Jan/2024:15:08:20 +0100] "GET /images/footerbullets.png HTTP/1.0" 200 503 "http://www.reflexpro.fr/style.css" "Mozilla/5.0 (Windows NT 10.0; Win64; x64) AppleWebKit/537.36 (KHTML, like Gecko) Chrome/121.0.0.0 Safari/537.36"
92.152.60.193 - - [30/Jan/2024:15:08:21 +0100] "GET /font-awesome-4.0.3/fonts/fontawesome-webfont.woff?v=4.0.3 HTTP/1.0" 200 284 "http://www.reflexpro.fr/font-awesome-4.0.3/css/font-awesome.css" "Mozilla/5.0 (Windows NT 10.0; Win64; x64) AppleWebKit/537.36 (KHTML, like Gecko) Chrome/121.0.0.0 Safari/537.36"
92.152.60.193 - - [30/Jan/2024:15:08:21 +0100] "GET /highslide/graphics/loader.white.gif HTTP/1.0" 200 960 "http://www.reflexpro.fr/templates/Pixame_v1/stylesheet.css" "Mozilla/5.0 (Windows NT 10.0; Win64; x64) AppleWebKit/537.36 (KHTML, like Gecko) Chrome/121.0.0.0 Safari/537.36"
92.152.60.193 - - [30/Jan/2024:15:08:21 +0100] "GET /highslide/graphics/outlines/drop-shadow.png HTTP/1.0" 200 277 "http://www.reflexpro.fr/occasion-sigma-18-50-f28-dc-os-monture-sigma-p-1857.html" "Mozilla/5.0 (Windows NT 10.0; Win64; x64) AppleWebKit/537.36 (KHTML, like Gecko) Chrome/121.0.0.0 Safari/537.36"
92.152.60.193 - - [30/Jan/2024:15:08:21 +0100] "GET /highslide/graphics/zoomout.cur HTTP/1.0" 200 614 "http://www.reflexpro.fr/occasion-sigma-18-50-f28-dc-os-monture-sigma-p-1857.html" "Mozilla/5.0 (Windows NT 10.0; Win64; x64) AppleWebKit/537.36 (KHTML, like Gecko) Chrome/121.0.0.0 Safari/537.36"
92.152.60.193 - - [30/Jan/2024:15:08:21 +0100] "GET /favicon.ico HTTP/1.0" 200 260 "http://www.reflexpro.fr/occasion-sigma-18-50-f28-dc-os-monture-sigma-p-1857.html" "Mozilla/5.0 (Windows NT 10.0; Win64; x64) AppleWebKit/537.36 (KHTML, like Gecko) Chrome/121.0.0.0 Safari/537.36"
66.249.66.23 - - [30/Jan/2024:15:10:53 +0100] "GET /reflex-numeriques-c-271_272.html HTTP/1.0" 200 24670 "-" "Mozilla/5.0 (Linux; Android 6.0.1; Nexus 5X Build/MMB29P) AppleWebKit/537.36 (KHTML, like Gecko) Chrome/121.0.6167.85 Mobile Safari/537.36 (compatible; Googlebot/2.1; +http://www.google.com/bot.html)"
69.162.124.230 - - [30/Jan/2024:15:11:50 +0100] "HEAD / HTTP/1.0" 200 383 "http://www.reflexpro.fr" "Mozilla/5.0+(compatible; UptimeRobot/2.0; http://www.uptimerobot.com/)"
66.249.66.21 - - [30/Jan/2024:15:12:34 +0100] "GET /-i-11.html HTTP/1.0" 200 45669 "-" "Mozilla/5.0 (Linux; Android 6.0.1; Nexus 5X Build/MMB29P) AppleWebKit/537.36 (KHTML, like Gecko) Chrome/121.0.6167.85 Mobile Safari/537.36 (compatible; Googlebot/2.1; +http://www.google.com/bot.html)"
69.162.124.230 - - [30/Jan/2024:15:16:50 +0100] "HEAD / HTTP/1.0" 200 383 "http://www.reflexpro.fr" "Mozilla/5.0+(compatible; UptimeRobot/2.0; http://www.uptimerobot.com/)"
52.167.144.189 - - [30/Jan/2024:15:18:28 +0100] "GET /sony-20-f28-sel-pr-1370.html HTTP/1.0" 200 26083 "-" "Mozilla/5.0 AppleWebKit/537.36 (KHTML, like Gecko; compatible; bingbot/2.0; +http://www.bing.com/bingbot.htm) Chrome/116.0.1938.76 Safari/537.36"
69.162.124.230 - - [30/Jan/2024:15:21:50 +0100] "HEAD / HTTP/1.0" 200 383 "http://www.reflexpro.fr" "Mozilla/5.0+(compatible; UptimeRobot/2.0; http://www.uptimerobot.com/)"
66.249.66.23 - - [30/Jan/2024:15:22:24 +0100] "GET /reflex-numeriques-c-271_272.html HTTP/1.0" 200 24670 "-" "Mozilla/5.0 (compatible; Googlebot/2.1; +http://www.google.com/bot.html)"
66.249.66.21 - - [30/Jan/2024:15:25:26 +0100] "GET /accessoires-c-271_282.html HTTP/1.0" 200 75487 "-" "Mozilla/5.0 (Linux; Android 6.0.1; Nexus 5X Build/MMB29P) AppleWebKit/537.36 (KHTML, like Gecko) Chrome/121.0.6167.85 Mobile Safari/537.36 (compatible; Googlebot/2.1; +http://www.google.com/bot.html)"
66.249.66.21 - - [30/Jan/2024:15:25:29 +0100] "GET /script.responsive.js HTTP/1.0" 200 260 "http://www.reflexpro.fr/accessoires-c-271_282.html" "Mozilla/5.0 (Linux; Android 6.0.1; Nexus 5X Build/MMB29P) AppleWebKit/537.36 (KHTML, like Gecko) Chrome/120.0.6099.224 Mobile Safari/537.36 (compatible; Googlebot/2.1; +http://www.google.com/bot.html)"
51.255.64.58 - - [30/Jan/2024:15:26:38 +0100] "GET /wp-login.php HTTP/1.0" 301 526 "-" "Mozilla/5.0 (X11; Fedora; Linux x86_64; rv:94.0) Gecko/20100101 Firefox/95.0"
51.255.64.58 - - [30/Jan/2024:15:26:43 +0100] "GET /wp-login.php HTTP/1.0" 404 1306 "http://reflexpro.fr/wp-login.php" "Mozilla/5.0 (X11; Fedora; Linux x86_64; rv:94.0) Gecko/20100101 Firefox/95.0"
5.255.231.14 - - [30/Jan/2024:15:26:47 +0100] "GET /robots.txt HTTP/1.0" 200 245 "-" "Mozilla/5.0 (compatible; YandexBot/3.0; +http://yandex.com/bots)"
213.180.203.151 - - [30/Jan/2024:15:26:47 +0100] "GET /sigma-200-500-f28-dg-apo-ex-monture-nikon-p-1009.html HTTP/1.0" 200 21987 "-" "Mozilla/5.0 (compatible; YandexBot/3.0; +http://yandex.com/bots)"
69.162.124.230 - - [30/Jan/2024:15:26:50 +0100] "HEAD / HTTP/1.0" 200 383 "http://www.reflexpro.fr" "Mozilla/5.0+(compatible; UptimeRobot/2.0; http://www.uptimerobot.com/)"
69.162.124.230 - - [30/Jan/2024:15:31:50 +0100] "HEAD / HTTP/1.0" 200 383 "http://www.reflexpro.fr" "Mozilla/5.0+(compatible; UptimeRobot/2.0; http://www.uptimerobot.com/)"
66.249.66.21 - - [30/Jan/2024:15:31:52 +0100] "GET /blackheroes-tv-setup-p-2771.html HTTP/1.0" 301 21988 "-" "Mozilla/5.0 (Linux; Android 6.0.1; Nexus 5X Build/MMB29P) AppleWebKit/537.36 (KHTML, like Gecko) Chrome/121.0.6167.85 Mobile Safari/537.36 (compatible; Googlebot/2.1; +http://www.google.com/bot.html)"
66.249.66.23 - - [30/Jan/2024:15:31:53 +0100] "GET /-p-2771.html HTTP/1.0" 200 21925 "-" "Mozilla/5.0 (Linux; Android 6.0.1; Nexus 5X Build/MMB29P) AppleWebKit/537.36 (KHTML, like Gecko) Chrome/121.0.6167.85 Mobile Safari/537.36 (compatible; Googlebot/2.1; +http://www.google.com/bot.html)"
69.162.124.230 - - [30/Jan/2024:15:37:15 +0100] "HEAD / HTTP/1.0" 200 383 "http://www.reflexpro.fr" "Mozilla/5.0+(compatible; UptimeRobot/2.0; http://www.uptimerobot.com/)"
54.36.148.65 - - [30/Jan/2024:15:37:22 +0100] "GET /neumann-c-276_375.html HTTP/1.0" 200 26590 "-" "Mozilla/5.0 (compatible; AhrefsBot/7.0; +http://ahrefs.com/robot/)"
66.249.66.22 - - [30/Jan/2024:15:38:17 +0100] "GET /panasonic-dg-elmarit-200mm-f28-power-ois-conv-x14-500e-p-2485.html HTTP/1.0" 301 22086 "-" "Mozilla/5.0 (Linux; Android 6.0.1; Nexus 5X Build/MMB29P) AppleWebKit/537.36 (KHTML, like Gecko) Chrome/121.0.6167.85 Mobile Safari/537.36 (compatible; Googlebot/2.1; +http://www.google.com/bot.html)"
66.249.66.22 - - [30/Jan/2024:15:38:18 +0100] "GET /panasonic-dg-elmarit-200mm-f28-power-ois-conv-x14-p-2485.html HTTP/1.0" 200 21974 "-" "Mozilla/5.0 (Linux; Android 6.0.1; Nexus 5X Build/MMB29P) AppleWebKit/537.36 (KHTML, like Gecko) Chrome/121.0.6167.85 Mobile Safari/537.36 (compatible; Googlebot/2.1; +http://www.google.com/bot.html)"
66.249.66.21 - - [30/Jan/2024:15:38:19 +0100] "GET /audio-hifi-c-276.html HTTP/1.0" 301 54273 "-" "Mozilla/5.0 (Linux; Android 6.0.1; Nexus 5X Build/MMB29P) AppleWebKit/537.36 (KHTML, like Gecko) Chrome/121.0.6167.85 Mobile Safari/537.36 (compatible; Googlebot/2.1; +http://www.google.com/bot.html)"
66.249.66.21 - - [30/Jan/2024:15:38:19 +0100] "GET /audio-et-hifi-c-276.html HTTP/1.0" 200 54198 "-" "Mozilla/5.0 (Linux; Android 6.0.1; Nexus 5X Build/MMB29P) AppleWebKit/537.36 (KHTML, like Gecko) Chrome/121.0.6167.85 Mobile Safari/537.36 (compatible; Googlebot/2.1; +http://www.google.com/bot.html)"
66.249.66.21 - - [30/Jan/2024:15:38:22 +0100] "GET /script.responsive.js HTTP/1.0" 200 260 "http://www.reflexpro.fr/panasonic-dg-elmarit-200mm-f28-power-ois-conv-x14-p-2485.html" "Mozilla/5.0 (Linux; Android 6.0.1; Nexus 5X Build/MMB29P) AppleWebKit/537.36 (KHTML, like Gecko) Chrome/120.0.6099.224 Mobile Safari/537.36 (compatible; Googlebot/2.1; +http://www.google.com/bot.html)"
66.249.66.21 - - [30/Jan/2024:15:38:23 +0100] "GET /script.responsive.js HTTP/1.0" 200 260 "http://www.reflexpro.fr/audio-et-hifi-c-276.html" "Mozilla/5.0 (Linux; Android 6.0.1; Nexus 5X Build/MMB29P) AppleWebKit/537.36 (KHTML, like Gecko) Chrome/120.0.6099.224 Mobile Safari/537.36 (compatible; Googlebot/2.1; +http://www.google.com/bot.html)"
5.255.231.28 - - [30/Jan/2024:15:38:57 +0100] "GET /robots.txt HTTP/1.0" 200 245 "-" "Mozilla/5.0 (compatible; YandexBot/3.0; +http://yandex.com/bots)"
87.250.224.72 - - [30/Jan/2024:15:38:57 +0100] "GET /photo-et-camescope-c-271.html HTTP/1.0" 200 51037 "-" "Mozilla/5.0 (compatible; YandexBot/3.0; +http://yandex.com/bots)"
5.255.231.167 - - [30/Jan/2024:15:38:57 +0100] "GET /audio-et-hifi-c-276.html HTTP/1.0" 200 54198 "-" "Mozilla/5.0 (compatible; YandexBot/3.0; +http://yandex.com/bots)"
5.255.231.249 - - [30/Jan/2024:15:38:57 +0100] "GET /accessoires-c-271_282.html HTTP/1.0" 200 75487 "-" "Mozilla/5.0 (compatible; YandexBot/3.0; +http://yandex.com/bots)"
5.255.231.129 - - [30/Jan/2024:15:39:00 +0100] "GET /objectifs-reflex-c-271_272_281.html HTTP/1.0" 200 44806 "-" "Mozilla/5.0 (compatible; YandexBot/3.0; +http://yandex.com/bots)"
213.180.203.56 - - [30/Jan/2024:15:39:00 +0100] "GET /reflex-numeriques-c-271_272.html HTTP/1.0" 200 24670 "-" "Mozilla/5.0 (compatible; YandexBot/3.0; +http://yandex.com/bots)"
5.255.231.126 - - [30/Jan/2024:15:39:00 +0100] "GET /index.php HTTP/1.0" 200 35969 "-" "Mozilla/5.0 (compatible; YandexBot/3.0; +http://yandex.com/bots)"
69.162.124.230 - - [30/Jan/2024:15:41:54 +0100] "HEAD / HTTP/1.0" 200 383 "http://www.reflexpro.fr" "Mozilla/5.0+(compatible; UptimeRobot/2.0; http://www.uptimerobot.com/)"
3.248.65.84 - - [30/Jan/2024:15:43:57 +0100] "GET /robots.txt HTTP/1.0" 200 245 "-" "Mozilla/5.0 (Macintosh; Intel Mac OS X 10_15_5) AppleWebKit/537.36 (KHTML, like Gecko) Chrome/83.0.4103.61 Safari/537.36"
114.69.189.8 - - [30/Jan/2024:15:46:34 +0100] "GET /lowepro-adventura-160-noir-p-1555.html HTTP/1.0" 200 30067 "https://www.google.com/" "Mozilla/5.0 (Windows NT 10.0; Win64; x64) AppleWebKit/537.36 (KHTML, like Gecko) Chrome/121.0.0.0 Safari/537.36"
114.69.189.8 - - [30/Jan/2024:15:46:34 +0100] "GET /style.css HTTP/1.0" 200 242 "http://www.reflexpro.fr/lowepro-adventura-160-noir-p-1555.html" "Mozilla/5.0 (Windows NT 10.0; Win64; x64) AppleWebKit/537.36 (KHTML, like Gecko) Chrome/121.0.0.0 Safari/537.36"
114.69.189.8 - - [30/Jan/2024:15:46:35 +0100] "GET /style.responsive.css HTTP/1.0" 200 253 "http://www.reflexpro.fr/lowepro-adventura-160-noir-p-1555.html" "Mozilla/5.0 (Windows NT 10.0; Win64; x64) AppleWebKit/537.36 (KHTML, like Gecko) Chrome/121.0.0.0 Safari/537.36"
114.69.189.8 - - [30/Jan/2024:15:46:35 +0100] "GET /templates/Pixame_v1/stylesheet.css HTTP/1.0" 200 267 "http://www.reflexpro.fr/lowepro-adventura-160-noir-p-1555.html" "Mozilla/5.0 (Windows NT 10.0; Win64; x64) AppleWebKit/537.36 (KHTML, like Gecko) Chrome/121.0.0.0 Safari/537.36"
114.69.189.8 - - [30/Jan/2024:15:46:35 +0100] "GET /font-awesome-4.0.3/css/font-awesome.css HTTP/1.0" 200 272 "http://www.reflexpro.fr/lowepro-adventura-160-noir-p-1555.html" "Mozilla/5.0 (Windows NT 10.0; Win64; x64) AppleWebKit/537.36 (KHTML, like Gecko) Chrome/121.0.0.0 Safari/537.36"
114.69.189.8 - - [30/Jan/2024:15:46:35 +0100] "GET /themes-nivo/light/light.css HTTP/1.0" 200 260 "http://www.reflexpro.fr/lowepro-adventura-160-noir-p-1555.html" "Mozilla/5.0 (Windows NT 10.0; Win64; x64) AppleWebKit/537.36 (KHTML, like Gecko) Chrome/121.0.0.0 Safari/537.36"
114.69.189.8 - - [30/Jan/2024:15:46:35 +0100] "GET /themes-nivo/default/default.css HTTP/1.0" 200 264 "http://www.reflexpro.fr/lowepro-adventura-160-noir-p-1555.html" "Mozilla/5.0 (Windows NT 10.0; Win64; x64) AppleWebKit/537.36 (KHTML, like Gecko) Chrome/121.0.0.0 Safari/537.36"
114.69.189.8 - - [30/Jan/2024:15:46:35 +0100] "GET /themes-nivo/dark/dark.css HTTP/1.0" 200 258 "http://www.reflexpro.fr/lowepro-adventura-160-noir-p-1555.html" "Mozilla/5.0 (Windows NT 10.0; Win64; x64) AppleWebKit/537.36 (KHTML, like Gecko) Chrome/121.0.0.0 Safari/537.36"
114.69.189.8 - - [30/Jan/2024:15:46:35 +0100] "GET /themes-nivo/bar/bar.css HTTP/1.0" 200 256 "http://www.reflexpro.fr/lowepro-adventura-160-noir-p-1555.html" "Mozilla/5.0 (Windows NT 10.0; Win64; x64) AppleWebKit/537.36 (KHTML, like Gecko) Chrome/121.0.0.0 Safari/537.36"
114.69.189.8 - - [30/Jan/2024:15:46:35 +0100] "GET /nivo-slider.css HTTP/1.0" 200 248 "http://www.reflexpro.fr/lowepro-adventura-160-noir-p-1555.html" "Mozilla/5.0 (Windows NT 10.0; Win64; x64) AppleWebKit/537.36 (KHTML, like Gecko) Chrome/121.0.0.0 Safari/537.36"
114.69.189.8 - - [30/Jan/2024:15:46:36 +0100] "GET /cookieconsentbar/cookieconsentbar.css HTTP/1.0" 200 270 "http://www.reflexpro.fr/lowepro-adventura-160-noir-p-1555.html" "Mozilla/5.0 (Windows NT 10.0; Win64; x64) AppleWebKit/537.36 (KHTML, like Gecko) Chrome/121.0.0.0 Safari/537.36"
114.69.189.8 - - [30/Jan/2024:15:46:36 +0100] "GET /jquery.js HTTP/1.0" 200 249 "http://www.reflexpro.fr/lowepro-adventura-160-noir-p-1555.html" "Mozilla/5.0 (Windows NT 10.0; Win64; x64) AppleWebKit/537.36 (KHTML, like Gecko) Chrome/121.0.0.0 Safari/537.36"
114.69.189.8 - - [30/Jan/2024:15:46:36 +0100] "GET /highslide/highslide.js HTTP/1.0" 200 262 "http://www.reflexpro.fr/lowepro-adventura-160-noir-p-1555.html" "Mozilla/5.0 (Windows NT 10.0; Win64; x64) AppleWebKit/537.36 (KHTML, like Gecko) Chrome/121.0.0.0 Safari/537.36"
114.69.189.8 - - [30/Jan/2024:15:46:36 +0100] "GET /script.responsive.js HTTP/1.0" 200 260 "http://www.reflexpro.fr/lowepro-adventura-160-noir-p-1555.html" "Mozilla/5.0 (Windows NT 10.0; Win64; x64) AppleWebKit/537.36 (KHTML, like Gecko) Chrome/121.0.0.0 Safari/537.36"
114.69.189.8 - - [30/Jan/2024:15:46:36 +0100] "GET /script.js HTTP/1.0" 200 249 "http://www.reflexpro.fr/lowepro-adventura-160-noir-p-1555.html" "Mozilla/5.0 (Windows NT 10.0; Win64; x64) AppleWebKit/537.36 (KHTML, like Gecko) Chrome/121.0.0.0 Safari/537.36"
114.69.189.8 - - [30/Jan/2024:15:46:36 +0100] "GET /jquery-1.9.0.min.js HTTP/1.0" 200 259 "http://www.reflexpro.fr/lowepro-adventura-160-noir-p-1555.html" "Mozilla/5.0 (Windows NT 10.0; Win64; x64) AppleWebKit/537.36 (KHTML, like Gecko) Chrome/121.0.0.0 Safari/537.36"
114.69.189.8 - - [30/Jan/2024:15:46:36 +0100] "GET /jquery.nivo.slider.js HTTP/1.0" 200 261 "http://www.reflexpro.fr/lowepro-adventura-160-noir-p-1555.html" "Mozilla/5.0 (Windows NT 10.0; Win64; x64) AppleWebKit/537.36 (KHTML, like Gecko) Chrome/121.0.0.0 Safari/537.36"
114.69.189.8 - - [30/Jan/2024:15:46:37 +0100] "GET /cookieconsentbar/cookieconsentbar.js HTTP/1.0" 200 276 "http://www.reflexpro.fr/lowepro-adventura-160-noir-p-1555.html" "Mozilla/5.0 (Windows NT 10.0; Win64; x64) AppleWebKit/537.36 (KHTML, like Gecko) Chrome/121.0.0.0 Safari/537.36"
114.69.189.8 - - [30/Jan/2024:15:46:37 +0100] "GET /images/logo-2130545471.png HTTP/1.0" 200 260 "http://www.reflexpro.fr/lowepro-adventura-160-noir-p-1555.html" "Mozilla/5.0 (Windows NT 10.0; Win64; x64) AppleWebKit/537.36 (KHTML, like Gecko) Chrome/121.0.0.0 Safari/537.36"
114.69.189.8 - - [30/Jan/2024:15:46:37 +0100] "GET /img-site/home3.png HTTP/1.0" 200 252 "http://www.reflexpro.fr/lowepro-adventura-160-noir-p-1555.html" "Mozilla/5.0 (Windows NT 10.0; Win64; x64) AppleWebKit/537.36 (KHTML, like Gecko) Chrome/121.0.0.0 Safari/537.36"
114.69.189.8 - - [30/Jan/2024:15:46:37 +0100] "GET /images/lowadventura160.jpg HTTP/1.0" 200 261 "http://www.reflexpro.fr/lowepro-adventura-160-noir-p-1555.html" "Mozilla/5.0 (Windows NT 10.0; Win64; x64) AppleWebKit/537.36 (KHTML, like Gecko) Chrome/121.0.0.0 Safari/537.36"
114.69.189.8 - - [30/Jan/2024:15:46:37 +0100] "GET /images/ecotaxe_on.jpg HTTP/1.0" 200 256 "http://www.reflexpro.fr/lowepro-adventura-160-noir-p-1555.html" "Mozilla/5.0 (Windows NT 10.0; Win64; x64) AppleWebKit/537.36 (KHTML, like Gecko) Chrome/121.0.0.0 Safari/537.36"
114.69.189.8 - - [30/Jan/2024:15:46:37 +0100] "GET /images/pixel_trans.gif HTTP/1.0" 200 328 "http://www.reflexpro.fr/lowepro-adventura-160-noir-p-1555.html" "Mozilla/5.0 (Windows NT 10.0; Win64; x64) AppleWebKit/537.36 (KHTML, like Gecko) Chrome/121.0.0.0 Safari/537.36"
114.69.189.8 - - [30/Jan/2024:15:46:37 +0100] "GET /images/pixel_orange.gif HTTP/1.0" 200 328 "http://www.reflexpro.fr/lowepro-adventura-160-noir-p-1555.html" "Mozilla/5.0 (Windows NT 10.0; Win64; x64) AppleWebKit/537.36 (KHTML, like Gecko) Chrome/121.0.0.0 Safari/537.36"
114.69.189.8 - - [30/Jan/2024:15:46:37 +0100] "GET /images/icon_paiement.jpg HTTP/1.0" 200 259 "http://www.reflexpro.fr/lowepro-adventura-160-noir-p-1555.html" "Mozilla/5.0 (Windows NT 10.0; Win64; x64) AppleWebKit/537.36 (KHTML, like Gecko) Chrome/121.0.0.0 Safari/537.36"
114.69.189.8 - - [30/Jan/2024:15:46:37 +0100] "GET /images/mini_prod/SONA7MARKII2870.jpg HTTP/1.0" 200 271 "http://www.reflexpro.fr/lowepro-adventura-160-noir-p-1555.html" "Mozilla/5.0 (Windows NT 10.0; Win64; x64) AppleWebKit/537.36 (KHTML, like Gecko) Chrome/121.0.0.0 Safari/537.36"
114.69.189.8 - - [30/Jan/2024:15:46:38 +0100] "GET /images/searchicon.png HTTP/1.0" 200 664 "http://www.reflexpro.fr/style.css" "Mozilla/5.0 (Windows NT 10.0; Win64; x64) AppleWebKit/537.36 (KHTML, like Gecko) Chrome/121.0.0.0 Safari/537.36"
114.69.189.8 - - [30/Jan/2024:15:46:38 +0100] "GET /images/header.png HTTP/1.0" 200 251 "http://www.reflexpro.fr/style.css" "Mozilla/5.0 (Windows NT 10.0; Win64; x64) AppleWebKit/537.36 (KHTML, like Gecko) Chrome/121.0.0.0 Safari/537.36"
114.69.189.8 - - [30/Jan/2024:15:46:38 +0100] "GET /images/page.jpeg HTTP/1.0" 200 251 "http://www.reflexpro.fr/style.css" "Mozilla/5.0 (Windows NT 10.0; Win64; x64) AppleWebKit/537.36 (KHTML, like Gecko) Chrome/121.0.0.0 Safari/537.36"
114.69.189.8 - - [30/Jan/2024:15:46:38 +0100] "GET /images/spacer.gif HTTP/1.0" 200 328 "http://www.reflexpro.fr/style.css" "Mozilla/5.0 (Windows NT 10.0; Win64; x64) AppleWebKit/537.36 (KHTML, like Gecko) Chrome/121.0.0.0 Safari/537.36"
114.69.189.8 - - [30/Jan/2024:15:46:38 +0100] "GET /images/object227400126.png HTTP/1.0" 200 515 "http://www.reflexpro.fr/style.css" "Mozilla/5.0 (Windows NT 10.0; Win64; x64) AppleWebKit/537.36 (KHTML, like Gecko) Chrome/121.0.0.0 Safari/537.36"
114.69.189.8 - - [30/Jan/2024:15:46:38 +0100] "GET /images/menuseparator.png HTTP/1.0" 200 487 "http://www.reflexpro.fr/style.css" "Mozilla/5.0 (Windows NT 10.0; Win64; x64) AppleWebKit/537.36 (KHTML, like Gecko) Chrome/121.0.0.0 Safari/537.36"
114.69.189.8 - - [30/Jan/2024:15:46:38 +0100] "GET /images/icon_tel.jpg HTTP/1.0" 200 254 "http://www.reflexpro.fr/lowepro-adventura-160-noir-p-1555.html" "Mozilla/5.0 (Windows NT 10.0; Win64; x64) AppleWebKit/537.36 (KHTML, like Gecko) Chrome/121.0.0.0 Safari/537.36"
114.69.189.8 - - [30/Jan/2024:15:46:38 +0100] "GET /images/icone_contacter.jpg HTTP/1.0" 200 261 "http://www.reflexpro.fr/lowepro-adventura-160-noir-p-1555.html" "Mozilla/5.0 (Windows NT 10.0; Win64; x64) AppleWebKit/537.36 (KHTML, like Gecko) Chrome/121.0.0.0 Safari/537.36"
114.69.189.8 - - [30/Jan/2024:15:46:38 +0100] "GET /images/qui-sommes-nous.jpg HTTP/1.0" 200 261 "http://www.reflexpro.fr/lowepro-adventura-160-noir-p-1555.html" "Mozilla/5.0 (Windows NT 10.0; Win64; x64) AppleWebKit/537.36 (KHTML, like Gecko) Chrome/121.0.0.0 Safari/537.36"
114.69.189.8 - - [30/Jan/2024:15:46:38 +0100] "GET /images/footerbullets.png HTTP/1.0" 200 503 "http://www.reflexpro.fr/style.css" "Mozilla/5.0 (Windows NT 10.0; Win64; x64) AppleWebKit/537.36 (KHTML, like Gecko) Chrome/121.0.0.0 Safari/537.36"
114.69.189.8 - - [30/Jan/2024:15:46:39 +0100] "GET /highslide/graphics/loader.white.gif HTTP/1.0" 200 960 "http://www.reflexpro.fr/templates/Pixame_v1/stylesheet.css" "Mozilla/5.0 (Windows NT 10.0; Win64; x64) AppleWebKit/537.36 (KHTML, like Gecko) Chrome/121.0.0.0 Safari/537.36"
114.69.189.8 - - [30/Jan/2024:15:46:39 +0100] "GET /highslide/graphics/zoomout.cur HTTP/1.0" 200 614 "http://www.reflexpro.fr/lowepro-adventura-160-noir-p-1555.html" "Mozilla/5.0 (Windows NT 10.0; Win64; x64) AppleWebKit/537.36 (KHTML, like Gecko) Chrome/121.0.0.0 Safari/537.36"
114.69.189.8 - - [30/Jan/2024:15:46:39 +0100] "GET /highslide/graphics/outlines/drop-shadow.png HTTP/1.0" 200 277 "http://www.reflexpro.fr/lowepro-adventura-160-noir-p-1555.html" "Mozilla/5.0 (Windows NT 10.0; Win64; x64) AppleWebKit/537.36 (KHTML, like Gecko) Chrome/121.0.0.0 Safari/537.36"
114.69.189.8 - - [30/Jan/2024:15:46:41 +0100] "GET /favicon.ico HTTP/1.0" 200 260 "http://www.reflexpro.fr/lowepro-adventura-160-noir-p-1555.html" "Mozilla/5.0 (Windows NT 10.0; Win64; x64) AppleWebKit/537.36 (KHTML, like Gecko) Chrome/121.0.0.0 Safari/537.36"
69.162.124.230 - - [30/Jan/2024:15:46:52 +0100] "HEAD / HTTP/1.0" 200 383 "http://www.reflexpro.fr" "Mozilla/5.0+(compatible; UptimeRobot/2.0; http://www.uptimerobot.com/)"
114.69.189.8 - - [30/Jan/2024:15:47:08 +0100] "GET /advanced_search_result.php?keywords=sac+case+logic&search= HTTP/1.0" 200 27384 "http://www.reflexpro.fr/lowepro-adventura-160-noir-p-1555.html" "Mozilla/5.0 (Windows NT 10.0; Win64; x64) AppleWebKit/537.36 (KHTML, like Gecko) Chrome/121.0.0.0 Safari/537.36"
114.69.189.8 - - [30/Jan/2024:15:47:09 +0100] "GET /images/table_background_browse.gif HTTP/1.0" 200 1094 "http://www.reflexpro.fr/advanced_search_result.php?keywords=sac+case+logic&search=" "Mozilla/5.0 (Windows NT 10.0; Win64; x64) AppleWebKit/537.36 (KHTML, like Gecko) Chrome/121.0.0.0 Safari/537.36"
114.69.189.8 - - [30/Jan/2024:15:47:09 +0100] "GET /images/mini_prod/NIKON%20CAPTURE%20NX.jpg HTTP/1.0" 200 272 "http://www.reflexpro.fr/advanced_search_result.php?keywords=sac+case+logic&search=" "Mozilla/5.0 (Windows NT 10.0; Win64; x64) AppleWebKit/537.36 (KHTML, like Gecko) Chrome/121.0.0.0 Safari/537.36"
114.69.189.8 - - [30/Jan/2024:15:47:09 +0100] "GET /img-site/bandeau-droit1.png HTTP/1.0" 200 261 "http://www.reflexpro.fr/advanced_search_result.php?keywords=sac+case+logic&search=" "Mozilla/5.0 (Windows NT 10.0; Win64; x64) AppleWebKit/537.36 (KHTML, like Gecko) Chrome/121.0.0.0 Safari/537.36"
114.69.189.8 - - [30/Jan/2024:15:47:10 +0100] "GET /templates/Pixame_v1/images/infobox/box_bg_l.gif HTTP/1.0" 200 333 "http://www.reflexpro.fr/advanced_search_result.php?keywords=sac+case+logic&search=" "Mozilla/5.0 (Windows NT 10.0; Win64; x64) AppleWebKit/537.36 (KHTML, like Gecko) Chrome/121.0.0.0 Safari/537.36"
114.69.189.8 - - [30/Jan/2024:15:47:10 +0100] "GET /img-site/bandeau-droit2.png HTTP/1.0" 200 261 "http://www.reflexpro.fr/advanced_search_result.php?keywords=sac+case+logic&search=" "Mozilla/5.0 (Windows NT 10.0; Win64; x64) AppleWebKit/537.36 (KHTML, like Gecko) Chrome/121.0.0.0 Safari/537.36"
114.69.189.8 - - [30/Jan/2024:15:47:10 +0100] "GET /templates/Pixame_v1/images/infobox/box_bg_r.gif HTTP/1.0" 200 336 "http://www.reflexpro.fr/advanced_search_result.php?keywords=sac+case+logic&search=" "Mozilla/5.0 (Windows NT 10.0; Win64; x64) AppleWebKit/537.36 (KHTML, like Gecko) Chrome/121.0.0.0 Safari/537.36"
84.14.210.178 - - [30/Jan/2024:15:47:19 +0100] "GET /sigma-70-300-f4-56-dg-apo-macro-monture-nikon-p-1327.html HTTP/1.0" 200 30113 "https://www.google.com/" "Mozilla/5.0 (Macintosh; Intel Mac OS X 10_15_7) AppleWebKit/537.36 (KHTML, like Gecko) Chrome/120.0.0.0 Safari/537.36"
78.198.177.175 - - [30/Jan/2024:15:47:19 +0100] "GET /font-awesome-4.0.3/css/font-awesome.css HTTP/1.0" 200 272 "http://www.reflexpro.fr/sigma-70-300-f4-56-dg-apo-macro-monture-nikon-p-1327.html" "Mozilla/5.0 (Macintosh; Intel Mac OS X 10_15_7) AppleWebKit/537.36 (KHTML, like Gecko) Chrome/120.0.0.0 Safari/537.36"
84.14.210.178 - - [30/Jan/2024:15:47:19 +0100] "GET /style.css HTTP/1.0" 200 242 "http://www.reflexpro.fr/sigma-70-300-f4-56-dg-apo-macro-monture-nikon-p-1327.html" "Mozilla/5.0 (Macintosh; Intel Mac OS X 10_15_7) AppleWebKit/537.36 (KHTML, like Gecko) Chrome/120.0.0.0 Safari/537.36"
84.14.210.178 - - [30/Jan/2024:15:47:19 +0100] "GET /style.responsive.css HTTP/1.0" 200 253 "http://www.reflexpro.fr/sigma-70-300-f4-56-dg-apo-macro-monture-nikon-p-1327.html" "Mozilla/5.0 (Macintosh; Intel Mac OS X 10_15_7) AppleWebKit/537.36 (KHTML, like Gecko) Chrome/120.0.0.0 Safari/537.36"
84.14.210.178 - - [30/Jan/2024:15:47:19 +0100] "GET /templates/Pixame_v1/stylesheet.css HTTP/1.0" 200 267 "http://www.reflexpro.fr/sigma-70-300-f4-56-dg-apo-macro-monture-nikon-p-1327.html" "Mozilla/5.0 (Macintosh; Intel Mac OS X 10_15_7) AppleWebKit/537.36 (KHTML, like Gecko) Chrome/120.0.0.0 Safari/537.36"
