111.206.198.93 - - [01/Dec/2020:11:27:18 +0100] "GET /images/mini_prod/045544444750.jpg HTTP/1.1" 200 7021 "http://www.wonder-geek.com/" "Mozilla/5.0 (compatible; Baiduspider-render/2.0; +http://www.baidu.com/search/spider.html)"
111.206.198.96 - - [01/Dec/2020:11:27:18 +0100] "GET /images/mini_prod/9316188086615.jpg HTTP/1.1" 200 4879 "http://www.wonder-geek.com/" "Mozilla/5.0 (compatible; Baiduspider-render/2.0; +http://www.baidu.com/search/spider.html)"
111.206.198.37 - - [01/Dec/2020:11:27:18 +0100] "GET /images/mini_prod/3442440244069.jpg HTTP/1.1" 200 6407 "http://www.wonder-geek.com/" "Mozilla/5.0 (compatible; Baiduspider-render/2.0; +http://www.baidu.com/search/spider.html)"
111.206.221.6 - - [01/Dec/2020:11:27:18 +0100] "GET /images/mini_prod/5051276388519.jpg HTTP/1.1" 200 5630 "http://www.wonder-geek.com/" "Mozilla/5.0 (compatible; Baiduspider-render/2.0; +http://www.baidu.com/search/spider.html)"
111.206.198.19 - - [01/Dec/2020:11:27:18 +0100] "GET /images/mini_prod/3700344890714.jpg HTTP/1.1" 200 4056 "http://www.wonder-geek.com/" "Mozilla/5.0 (compatible; Baiduspider-render/2.0; +http://www.baidu.com/search/spider.html)"
111.206.198.105 - - [01/Dec/2020:11:27:18 +0100] "GET /images/mini_prod/INDUS.jpg HTTP/1.1" 200 4784 "http://www.wonder-geek.com/" "Mozilla/5.0 (compatible; Baiduspider-render/2.0; +http://www.baidu.com/search/spider.html)"
111.206.198.43 - - [01/Dec/2020:11:27:18 +0100] "GET /images/mini_prod/9316188086776.jpg HTTP/1.1" 200 4304 "http://www.wonder-geek.com/" "Mozilla/5.0 (compatible; Baiduspider-render/2.0; +http://www.baidu.com/search/spider.html)"
111.206.198.79 - - [01/Dec/2020:11:27:18 +0100] "GET /images/mini_prod/3453131155144.jpg HTTP/1.1" 200 7080 "http://www.wonder-geek.com/" "Mozilla/5.0 (compatible; Baiduspider-render/2.0; +http://www.baidu.com/search/spider.html)"
111.206.221.33 - - [01/Dec/2020:11:27:18 +0100] "GET /images/mini_prod/3520071689241.jpg HTTP/1.1" 200 7329 "http://www.wonder-geek.com/" "Mozilla/5.0 (compatible; Baiduspider-render/2.0; +http://www.baidu.com/search/spider.html)"
111.206.221.19 - - [01/Dec/2020:11:27:18 +0100] "GET /images/mini_prod/8422014754106.jpg HTTP/1.1" 200 5344 "http://www.wonder-geek.com/" "Mozilla/5.0 (compatible; Baiduspider-render/2.0; +http://www.baidu.com/search/spider.html)"
111.206.198.20 - - [01/Dec/2020:11:27:18 +0100] "GET /images/mini_prod/3609810096738.jpg HTTP/1.1" 200 5223 "http://www.wonder-geek.com/" "Mozilla/5.0 (compatible; Baiduspider-render/2.0; +http://www.baidu.com/search/spider.html)"
111.206.198.4 - - [01/Dec/2020:11:27:18 +0100] "GET /images/mini_prod/3609810048751.jpg HTTP/1.1" 200 7220 "http://www.wonder-geek.com/" "Mozilla/5.0 (compatible; Baiduspider-render/2.0; +http://www.baidu.com/search/spider.html)"
111.206.221.95 - - [01/Dec/2020:11:27:19 +0100] "GET /highslide/graphics/outlines/drop-shadow.png HTTP/1.1" 200 2022 "http://www.wonder-geek.com/" "Mozilla/5.0 (compatible; Baiduspider-render/2.0; +http://www.baidu.com/search/spider.html)"
13.66.139.161 - - [01/Dec/2020:11:27:26 +0100] "GET /images/med_prod/5013138643839.jpg HTTP/1.1" 200 97209 "-" "Mozilla/5.0 (compatible; bingbot/2.0; +http://www.bing.com/bingbot.htm)"
13.66.139.161 - - [01/Dec/2020:11:28:15 +0100] "GET /images/big_prod/8718969178655.jpg HTTP/1.1" 200 87048 "-" "Mozilla/5.0 (compatible; bingbot/2.0; +http://www.bing.com/bingbot.htm)"
111.206.221.75 - - [01/Dec/2020:11:28:20 +0100] "GET /images/mini_prod/9316188086622.jpg HTTP/1.1" 200 5050 "http://www.wonder-geek.com/" "Mozilla/5.0 (compatible; Baiduspider-render/2.0; +http://www.baidu.com/search/spider.html)"
111.206.198.97 - - [01/Dec/2020:11:28:21 +0100] "GET /images/mini_prod/3609810096707.jpg HTTP/1.1" 200 5729 "http://www.wonder-geek.com/" "Mozilla/5.0 (compatible; Baiduspider-render/2.0; +http://www.baidu.com/search/spider.html)"
111.206.221.108 - - [01/Dec/2020:11:28:21 +0100] "GET /images/mini_prod/5051276388564.jpg HTTP/1.1" 200 5789 "http://www.wonder-geek.com/" "Mozilla/5.0 (compatible; Baiduspider-render/2.0; +http://www.baidu.com/search/spider.html)"
111.206.198.35 - - [01/Dec/2020:11:28:21 +0100] "GET /images/mini_prod/8422014991617.jpg HTTP/1.1" 200 6006 "http://www.wonder-geek.com/" "Mozilla/5.0 (compatible; Baiduspider-render/2.0; +http://www.baidu.com/search/spider.html)"
111.206.198.103 - - [01/Dec/2020:11:28:21 +0100] "GET /images/mini_prod/5018997752913.jpg HTTP/1.1" 200 6202 "http://www.wonder-geek.com/" "Mozilla/5.0 (compatible; Baiduspider-render/2.0; +http://www.baidu.com/search/spider.html)"
111.206.198.68 - - [01/Dec/2020:11:28:21 +0100] "GET /images/mini_prod/3612872110458.jpg HTTP/1.1" 200 8085 "http://www.wonder-geek.com/" "Mozilla/5.0 (compatible; Baiduspider-render/2.0; +http://www.baidu.com/search/spider.html)"
111.206.221.115 - - [01/Dec/2020:11:28:22 +0100] "GET /images/mini_prod/3700344876640.jpg HTTP/1.1" 200 3968 "http://www.wonder-geek.com/" "Mozilla/5.0 (compatible; Baiduspider-render/2.0; +http://www.baidu.com/search/spider.html)"
111.206.221.8 - - [01/Dec/2020:11:28:22 +0100] "GET /images/mini_prod/3560600301800.jpg HTTP/1.1" 200 8717 "http://www.wonder-geek.com/" "Mozilla/5.0 (compatible; Baiduspider-render/2.0; +http://www.baidu.com/search/spider.html)"
111.206.221.47 - - [01/Dec/2020:11:28:22 +0100] "GET /images/mini_prod/8717202559671.jpg HTTP/1.1" 200 7623 "http://www.wonder-geek.com/" "Mozilla/5.0 (compatible; Baiduspider-render/2.0; +http://www.baidu.com/search/spider.html)"
111.206.221.7 - - [01/Dec/2020:11:28:22 +0100] "GET /images/mini_prod/5051276388649.jpg HTTP/1.1" 200 6095 "http://www.wonder-geek.com/" "Mozilla/5.0 (compatible; Baiduspider-render/2.0; +http://www.baidu.com/search/spider.html)"
40.77.167.15 - - [01/Dec/2020:11:29:36 +0100] "GET /images/3521320605425.jpg HTTP/1.1" 200 20957 "-" "Mozilla/5.0 (compatible; bingbot/2.0; +http://www.bing.com/bingbot.htm)"
13.66.139.11 - - [01/Dec/2020:11:29:42 +0100] "GET /images/big_prod/boudha1384010190999.jpg HTTP/1.1" 200 101127 "-" "Mozilla/5.0 (compatible; bingbot/2.0; +http://www.bing.com/bingbot.htm)"
13.66.139.11 - - [01/Dec/2020:11:30:01 +0100] "GET /images/5411329062290.jpg HTTP/1.1" 200 52846 "-" "Mozilla/5.0 (compatible; bingbot/2.0; +http://www.bing.com/bingbot.htm)"
13.66.139.11 - - [01/Dec/2020:11:30:52 +0100] "GET /images/med_prod/0039897677330ej.jpg HTTP/1.1" 200 53935 "-" "Mozilla/5.0 (compatible; bingbot/2.0; +http://www.bing.com/bingbot.htm)"
216.244.66.242 - - [01/Dec/2020:11:31:27 +0100] "GET /robots.txt HTTP/1.1" 200 2438 "-" "Mozilla/5.0 (compatible; DotBot/1.1; http://www.opensiteexplorer.org/dotbot, help@moz.com)"
13.66.139.11 - - [01/Dec/2020:11:33:02 +0100] "GET /images/big_prod/8422099381099.jpg HTTP/1.1" 200 75882 "-" "Mozilla/5.0 (compatible; bingbot/2.0; +http://www.bing.com/bingbot.htm)"
13.66.139.161 - - [01/Dec/2020:11:33:07 +0100] "GET /images/3298060221382.b.jpg HTTP/1.1" 200 17084 "-" "Mozilla/5.0 (compatible; bingbot/2.0; +http://www.bing.com/bingbot.htm)"
13.66.139.11 - - [01/Dec/2020:11:34:12 +0100] "GET /images/big_prod/5018997618455.jpg HTTP/1.1" 200 144112 "-" "Mozilla/5.0 (compatible; bingbot/2.0; +http://www.bing.com/bingbot.htm)"
13.66.139.136 - - [01/Dec/2020:11:34:54 +0100] "GET /images/big_prod/3700307294733.jpg HTTP/1.1" 200 114335 "-" "Mozilla/5.0 (compatible; bingbot/2.0; +http://www.bing.com/bingbot.htm)"
13.66.139.11 - - [01/Dec/2020:11:35:33 +0100] "GET /images/big_prod/8433933588765.jpg HTTP/1.1" 200 90613 "-" "Mozilla/5.0 (compatible; bingbot/2.0; +http://www.bing.com/bingbot.htm)"
13.66.139.161 - - [01/Dec/2020:11:36:25 +0100] "GET /images/B102902.jpg HTTP/1.1" 200 34680 "-" "Mozilla/5.0 (compatible; bingbot/2.0; +http://www.bing.com/bingbot.htm)"
13.66.139.11 - - [01/Dec/2020:11:37:42 +0100] "GET /images/8435306215780.jpg HTTP/1.1" 200 33688 "-" "Mozilla/5.0 (compatible; bingbot/2.0; +http://www.bing.com/bingbot.htm)"
13.66.139.161 - - [01/Dec/2020:11:38:25 +0100] "GET /images/big_prod/8906022930499.jpg HTTP/1.1" 200 78440 "-" "Mozilla/5.0 (compatible; bingbot/2.0; +http://www.bing.com/bingbot.htm)"
13.66.139.161 - - [01/Dec/2020:11:39:27 +0100] "GET /images/med_prod/1384010178775.jpg HTTP/1.1" 200 101098 "-" "Mozilla/5.0 (compatible; bingbot/2.0; +http://www.bing.com/bingbot.htm)"
13.66.139.136 - - [01/Dec/2020:11:43:05 +0100] "GET /images/med_prod/3661977002793.jpg HTTP/1.1" 200 141272 "-" "Mozilla/5.0 (compatible; bingbot/2.0; +http://www.bing.com/bingbot.htm)"
40.77.167.15 - - [01/Dec/2020:11:43:39 +0100] "GET /images/big_prod/8718657460741.jpg HTTP/1.1" 200 53834 "-" "Mozilla/5.0 (compatible; bingbot/2.0; +http://www.bing.com/bingbot.htm)"
13.66.139.11 - - [01/Dec/2020:11:44:23 +0100] "GET /images/big_prod_1/5018997621714a.jpg HTTP/1.1" 200 131885 "-" "Mozilla/5.0 (compatible; bingbot/2.0; +http://www.bing.com/bingbot.htm)"
13.66.139.136 - - [01/Dec/2020:11:45:25 +0100] "GET /images/1399984264294.jpg HTTP/1.1" 200 61876 "-" "Mozilla/5.0 (compatible; bingbot/2.0; +http://www.bing.com/bingbot.htm)"
207.46.13.89 - - [01/Dec/2020:11:46:23 +0100] "GET /mondial_relay/js/jquery-1.3.2.min.js HTTP/1.1" 200 57254 "-" "Mozilla/5.0 (compatible; bingbot/2.0; +http://www.bing.com/bingbot.htm)"
13.66.139.11 - - [01/Dec/2020:11:47:54 +0100] "GET /images/med_prod/00039897677330.jpg HTTP/1.1" 200 73307 "-" "Mozilla/5.0 (compatible; bingbot/2.0; +http://www.bing.com/bingbot.htm)"
157.55.39.77 - - [01/Dec/2020:11:48:49 +0100] "GET /js/jquery.js HTTP/1.1" 200 54075 "-" "Mozilla/5.0 (compatible; bingbot/2.0; +http://www.bing.com/bingbot.htm)"
157.55.39.164 - - [01/Dec/2020:11:48:53 +0100] "GET /js/jquery.jqzoom.js HTTP/1.1" 200 4761 "-" "Mozilla/5.0 (compatible; bingbot/2.0; +http://www.bing.com/bingbot.htm)"
13.66.139.136 - - [01/Dec/2020:11:48:59 +0100] "GET /images/med_prod/3014627769278.jpg HTTP/1.1" 200 185053 "-" "Mozilla/5.0 (compatible; bingbot/2.0; +http://www.bing.com/bingbot.htm)"
207.46.13.89 - - [01/Dec/2020:11:49:04 +0100] "GET /mondial_relay/js/jquery-1.3.2.min.js HTTP/1.1" 200 57254 "-" "Mozilla/5.0 (compatible; bingbot/2.0; +http://www.bing.com/bingbot.htm)"
40.77.167.15 - - [01/Dec/2020:11:49:21 +0100] "GET /images/med_prod/3760226372530.jpg HTTP/1.1" 200 97032 "-" "Mozilla/5.0 (compatible; bingbot/2.0; +http://www.bing.com/bingbot.htm)"
13.66.139.136 - - [01/Dec/2020:11:49:25 +0100] "GET /images/1345544565615.jpg HTTP/1.1" 200 78324 "-" "Mozilla/5.0 (compatible; bingbot/2.0; +http://www.bing.com/bingbot.htm)"
13.66.139.11 - - [01/Dec/2020:11:49:34 +0100] "GET /images/3760049594485.jpg HTTP/1.1" 200 93822 "-" "Mozilla/5.0 (compatible; bingbot/2.0; +http://www.bing.com/bingbot.htm)"
13.66.139.136 - - [01/Dec/2020:11:50:55 +0100] "GET /images/3438100323267.jpg HTTP/1.1" 200 26111 "-" "Mozilla/5.0 (compatible; bingbot/2.0; +http://www.bing.com/bingbot.htm)"
13.66.139.136 - - [01/Dec/2020:11:52:15 +0100] "GET /images/1399984253618.jpg HTTP/1.1" 200 40432 "-" "Mozilla/5.0 (compatible; bingbot/2.0; +http://www.bing.com/bingbot.htm)"
13.66.139.136 - - [01/Dec/2020:11:52:16 +0100] "GET /images/big_prod_1/8433978414319N.jpg HTTP/1.1" 200 132518 "-" "Mozilla/5.0 (compatible; bingbot/2.0; +http://www.bing.com/bingbot.htm)"
13.66.139.161 - - [01/Dec/2020:11:52:46 +0100] "GET /images/3281640393609.jpg HTTP/1.1" 200 44927 "-" "Mozilla/5.0 (compatible; bingbot/2.0; +http://www.bing.com/bingbot.htm)"
13.66.139.161 - - [01/Dec/2020:11:54:19 +0100] "GET /images/med_prod/3661977000560.jpg HTTP/1.1" 200 94638 "-" "Mozilla/5.0 (compatible; bingbot/2.0; +http://www.bing.com/bingbot.htm)"
13.66.139.161 - - [01/Dec/2020:11:54:49 +0100] "GET /images/big_prod/3565750054309.jpg HTTP/1.1" 200 66843 "-" "Mozilla/5.0 (compatible; bingbot/2.0; +http://www.bing.com/bingbot.htm)"
13.66.139.11 - - [01/Dec/2020:11:54:55 +0100] "GET /images/3279392708697.jpg HTTP/1.1" 200 139776 "-" "Mozilla/5.0 (compatible; bingbot/2.0; +http://www.bing.com/bingbot.htm)"
13.66.139.161 - - [01/Dec/2020:11:54:59 +0100] "GET /images/3521320605050.jpg HTTP/1.1" 200 25284 "-" "Mozilla/5.0 (compatible; bingbot/2.0; +http://www.bing.com/bingbot.htm)"
13.66.139.11 - - [01/Dec/2020:11:56:15 +0100] "GET /images/med_prod/3457010951216.jpg HTTP/1.1" 200 120401 "-" "Mozilla/5.0 (compatible; bingbot/2.0; +http://www.bing.com/bingbot.htm)"
13.66.139.161 - - [01/Dec/2020:11:56:20 +0100] "GET /images/med_prod/5036278051203.jpg HTTP/1.1" 200 131994 "-" "Mozilla/5.0 (compatible; bingbot/2.0; +http://www.bing.com/bingbot.htm)"
66.249.70.62 - - [01/Dec/2020:11:57:13 +0100] "GET /images/med_prod/3609810033863.jpg HTTP/1.1" 200 68324 "-" "Googlebot-Image/1.0"
13.66.139.161 - - [01/Dec/2020:11:58:07 +0100] "GET /images/4012390358643.jpg HTTP/1.1" 200 17803 "-" "Mozilla/5.0 (compatible; bingbot/2.0; +http://www.bing.com/bingbot.htm)"
176.160.136.251 - - [01/Dec/2020:11:59:48 +0100] "GET /templates/Pixame_v1/stylesheet.css HTTP/1.1" 200 56057 "http://www.wonder-geek.com/set-of-stade-toulousain-water-glasses-p-52738.html" "Mozilla/5.0 (Windows NT 10.0; Win64; x64) AppleWebKit/537.36 (KHTML, like Gecko) Chrome/86.0.4240.198 Safari/537.36"
176.160.136.251 - - [01/Dec/2020:11:59:48 +0100] "GET /js/jquery.jqzoom.js HTTP/1.1" 200 4761 "http://www.wonder-geek.com/set-of-stade-toulousain-water-glasses-p-52738.html" "Mozilla/5.0 (Windows NT 10.0; Win64; x64) AppleWebKit/537.36 (KHTML, like Gecko) Chrome/86.0.4240.198 Safari/537.36"
176.160.136.251 - - [01/Dec/2020:11:59:48 +0100] "GET /highslide/highslide.js HTTP/1.1" 200 42909 "http://www.wonder-geek.com/set-of-stade-toulousain-water-glasses-p-52738.html" "Mozilla/5.0 (Windows NT 10.0; Win64; x64) AppleWebKit/537.36 (KHTML, like Gecko) Chrome/86.0.4240.198 Safari/537.36"
176.160.136.251 - - [01/Dec/2020:11:59:48 +0100] "GET /js/jquery.js HTTP/1.1" 200 54075 "http://www.wonder-geek.com/set-of-stade-toulousain-water-glasses-p-52738.html" "Mozilla/5.0 (Windows NT 10.0; Win64; x64) AppleWebKit/537.36 (KHTML, like Gecko) Chrome/86.0.4240.198 Safari/537.36"
176.160.136.251 - - [01/Dec/2020:11:59:48 +0100] "GET /mondial_relay/js/jquery-1.3.2.min.js HTTP/1.1" 200 57254 "http://www.wonder-geek.com/set-of-stade-toulousain-water-glasses-p-52738.html" "Mozilla/5.0 (Windows NT 10.0; Win64; x64) AppleWebKit/537.36 (KHTML, like Gecko) Chrome/86.0.4240.198 Safari/537.36"
176.160.136.251 - - [01/Dec/2020:11:59:48 +0100] "GET /templates/Pixame_v1/images/icon_accueil2.png HTTP/1.1" 200 1137 "http://www.wonder-geek.com/set-of-stade-toulousain-water-glasses-p-52738.html" "Mozilla/5.0 (Windows NT 10.0; Win64; x64) AppleWebKit/537.36 (KHTML, like Gecko) Chrome/86.0.4240.198 Safari/537.36"
176.160.136.251 - - [01/Dec/2020:11:59:48 +0100] "GET /templates/Pixame_v1/images/buttons/english/button_in_cart.gif HTTP/1.1" 200 1212 "http://www.wonder-geek.com/set-of-stade-toulousain-water-glasses-p-52738.html" "Mozilla/5.0 (Windows NT 10.0; Win64; x64) AppleWebKit/537.36 (KHTML, like Gecko) Chrome/86.0.4240.198 Safari/537.36"
176.160.136.251 - - [01/Dec/2020:11:59:48 +0100] "GET /templates/Pixame_v1/images/nav.png HTTP/1.1" 200 1283 "http://www.wonder-geek.com/templates/Pixame_v1/stylesheet.css" "Mozilla/5.0 (Windows NT 10.0; Win64; x64) AppleWebKit/537.36 (KHTML, like Gecko) Chrome/86.0.4240.198 Safari/537.36"
176.160.136.251 - - [01/Dec/2020:11:59:48 +0100] "GET /templates/Pixame_v1/images/Bottom_texture.jpg HTTP/1.1" 200 56290 "http://www.wonder-geek.com/templates/Pixame_v1/stylesheet.css" "Mozilla/5.0 (Windows NT 10.0; Win64; x64) AppleWebKit/537.36 (KHTML, like Gecko) Chrome/86.0.4240.198 Safari/537.36"
176.160.136.251 - - [01/Dec/2020:11:59:48 +0100] "GET /images/big_prod/3700516270832.jpg HTTP/1.1" 200 120976 "http://www.wonder-geek.com/set-of-stade-toulousain-water-glasses-p-52738.html" "Mozilla/5.0 (Windows NT 10.0; Win64; x64) AppleWebKit/537.36 (KHTML, like Gecko) Chrome/86.0.4240.198 Safari/537.36"
176.160.136.251 - - [01/Dec/2020:11:59:48 +0100] "GET /templates/Pixame_v1/images/header.png HTTP/1.1" 200 70245 "http://www.wonder-geek.com/templates/Pixame_v1/stylesheet.css" "Mozilla/5.0 (Windows NT 10.0; Win64; x64) AppleWebKit/537.36 (KHTML, like Gecko) Chrome/86.0.4240.198 Safari/537.36"
176.160.136.251 - - [01/Dec/2020:11:59:48 +0100] "GET /design/productsenstock.png HTTP/1.1" 200 4743 "http://www.wonder-geek.com/templates/Pixame_v1/stylesheet.css" "Mozilla/5.0 (Windows NT 10.0; Win64; x64) AppleWebKit/537.36 (KHTML, like Gecko) Chrome/86.0.4240.198 Safari/537.36"
176.160.136.251 - - [01/Dec/2020:11:59:48 +0100] "GET /templates/Pixame_v1/images/header-object.png HTTP/1.1" 200 106050 "http://www.wonder-geek.com/templates/Pixame_v1/stylesheet.css" "Mozilla/5.0 (Windows NT 10.0; Win64; x64) AppleWebKit/537.36 (KHTML, like Gecko) Chrome/86.0.4240.198 Safari/537.36"
176.160.136.251 - - [01/Dec/2020:11:59:48 +0100] "GET /templates/Pixame_v1/images/Middle_texture.jpg HTTP/1.1" 200 249620 "http://www.wonder-geek.com/templates/Pixame_v1/stylesheet.css" "Mozilla/5.0 (Windows NT 10.0; Win64; x64) AppleWebKit/537.36 (KHTML, like Gecko) Chrome/86.0.4240.198 Safari/537.36"
176.160.136.251 - - [01/Dec/2020:11:59:48 +0100] "GET /highslide/graphics/outlines/drop-shadow.png HTTP/1.1" 200 2022 "http://www.wonder-geek.com/set-of-stade-toulousain-water-glasses-p-52738.html" "Mozilla/5.0 (Windows NT 10.0; Win64; x64) AppleWebKit/537.36 (KHTML, like Gecko) Chrome/86.0.4240.198 Safari/537.36"
176.160.136.251 - - [01/Dec/2020:11:59:48 +0100] "GET /favicon.ico HTTP/1.1" 200 1591 "http://www.wonder-geek.com/set-of-stade-toulousain-water-glasses-p-52738.html" "Mozilla/5.0 (Windows NT 10.0; Win64; x64) AppleWebKit/537.36 (KHTML, like Gecko) Chrome/86.0.4240.198 Safari/537.36"
40.77.167.15 - - [01/Dec/2020:12:00:51 +0100] "GET /images/big_prod/8435333820483.jpg HTTP/1.1" 200 113923 "-" "Mozilla/5.0 (compatible; bingbot/2.0; +http://www.bing.com/bingbot.htm)"
157.55.39.77 - - [01/Dec/2020:12:01:25 +0100] "GET /images/big_prod_4/242BFd.jpg HTTP/1.1" 200 219785 "-" "Mozilla/5.0 (compatible; bingbot/2.0; +http://www.bing.com/bingbot.htm)"
192.0.112.18 - - [01/Dec/2020:12:01:52 +0100] "GET /images/med_prod/5060275045248.jpg HTTP/1.1" 200 120972 "-" "Photon/1.0"
13.66.139.11 - - [01/Dec/2020:12:02:05 +0100] "GET /images/big_prod_2/3700230606146b.jpg HTTP/1.1" 200 84410 "-" "Mozilla/5.0 (compatible; bingbot/2.0; +http://www.bing.com/bingbot.htm)"
13.66.139.136 - - [01/Dec/2020:12:02:16 +0100] "GET /images/big_prod/1310000010169.jpg HTTP/1.1" 200 57042 "-" "Mozilla/5.0 (compatible; bingbot/2.0; +http://www.bing.com/bingbot.htm)"
13.66.139.136 - - [01/Dec/2020:12:02:47 +0100] "GET /images/big_prod_1/5018997621721a.jpg HTTP/1.1" 200 108500 "-" "Mozilla/5.0 (compatible; bingbot/2.0; +http://www.bing.com/bingbot.htm)"
40.77.167.15 - - [01/Dec/2020:12:03:00 +0100] "GET /images/big_prod/5027148842205.jpg HTTP/1.1" 200 93973 "-" "Mozilla/5.0 (compatible; bingbot/2.0; +http://www.bing.com/bingbot.htm)"
13.66.139.136 - - [01/Dec/2020:12:04:17 +0100] "GET /images/big_prod/8422015826574.jpg HTTP/1.1" 200 167677 "-" "Mozilla/5.0 (compatible; bingbot/2.0; +http://www.bing.com/bingbot.htm)"
13.66.139.136 - - [01/Dec/2020:12:04:17 +0100] "GET /images/big_prod/1384220462459.jpg HTTP/1.1" 200 100585 "-" "Mozilla/5.0 (compatible; bingbot/2.0; +http://www.bing.com/bingbot.htm)"
13.66.139.161 - - [01/Dec/2020:12:04:21 +0100] "GET /images/big_prod/4025055987645.jpg HTTP/1.1" 200 151374 "-" "Mozilla/5.0 (compatible; bingbot/2.0; +http://www.bing.com/bingbot.htm)"
157.55.39.77 - - [01/Dec/2020:12:04:34 +0100] "GET /images/big_prod_2/b5018997628232.jpg HTTP/1.1" 200 82236 "-" "Mozilla/5.0 (compatible; bingbot/2.0; +http://www.bing.com/bingbot.htm)"
13.66.139.11 - - [01/Dec/2020:12:04:44 +0100] "GET /images/3453131075145.jpg HTTP/1.1" 200 17514 "-" "Mozilla/5.0 (compatible; bingbot/2.0; +http://www.bing.com/bingbot.htm)"
157.55.39.130 - - [01/Dec/2020:12:04:49 +0100] "GET /images/3438100312261.jpg HTTP/1.1" 200 32524 "-" "Mozilla/5.0 (compatible; bingbot/2.0; +http://www.bing.com/bingbot.htm)"
13.66.139.11 - - [01/Dec/2020:12:06:05 +0100] "GET /images/big_prod/3503420051951.jpg HTTP/1.1" 200 113810 "-" "Mozilla/5.0 (compatible; bingbot/2.0; +http://www.bing.com/bingbot.htm)"
157.55.39.77 - - [01/Dec/2020:12:06:10 +0100] "GET /images/1300010237335.jpg HTTP/1.1" 200 53948 "-" "Mozilla/5.0 (compatible; bingbot/2.0; +http://www.bing.com/bingbot.htm)"
213.127.156.2 - - [01/Dec/2020:12:06:23 +0100] "GET /images/big_prod/3574642563072.jpg HTTP/1.1" 200 44795 "https://www.bing.com/" "Mozilla/5.0 (Windows NT 10.0; Win64; x64) AppleWebKit/537.36 (KHTML, like Gecko) Chrome/87.0.4280.67 Safari/537.36 Edg/87.0.664.47"
13.66.139.161 - - [01/Dec/2020:12:07:31 +0100] "GET /images/big_prod/8433331671342.jpg HTTP/1.1" 200 123167 "-" "Mozilla/5.0 (compatible; bingbot/2.0; +http://www.bing.com/bingbot.htm)"
13.66.139.161 - - [01/Dec/2020:12:07:31 +0100] "GET /images/big_prod_3/1328399144136c.jpg HTTP/1.1" 200 58791 "-" "Mozilla/5.0 (compatible; bingbot/2.0; +http://www.bing.com/bingbot.htm)"
40.77.167.15 - - [01/Dec/2020:12:08:02 +0100] "GET /images/7316191480150.jpg HTTP/1.1" 200 31193 "-" "Mozilla/5.0 (compatible; bingbot/2.0; +http://www.bing.com/bingbot.htm)"
13.66.139.136 - - [01/Dec/2020:12:08:07 +0100] "GET /images/big_prod/3609810037755.jpg HTTP/1.1" 200 53176 "-" "Mozilla/5.0 (compatible; bingbot/2.0; +http://www.bing.com/bingbot.htm)"
13.66.139.11 - - [01/Dec/2020:12:11:46 +0100] "GET /images/big_prod/8433933003121.jpg HTTP/1.1" 200 79223 "-" "Mozilla/5.0 (compatible; bingbot/2.0; +http://www.bing.com/bingbot.htm)"
157.55.39.130 - - [01/Dec/2020:12:14:10 +0100] "GET /images/big_prod/5018997628225.jpg HTTP/1.1" 200 118444 "-" "Mozilla/5.0 (compatible; bingbot/2.0; +http://www.bing.com/bingbot.htm)"
157.55.39.77 - - [01/Dec/2020:12:14:45 +0100] "GET /images/B3662468001189B.jpg HTTP/1.1" 200 35823 "-" "Mozilla/5.0 (compatible; bingbot/2.0; +http://www.bing.com/bingbot.htm)"
13.66.139.161 - - [01/Dec/2020:12:15:09 +0100] "GET /images/big_prod/1384010190753.jpg HTTP/1.1" 200 91330 "-" "Mozilla/5.0 (compatible; bingbot/2.0; +http://www.bing.com/bingbot.htm)"
13.66.139.161 - - [01/Dec/2020:12:15:10 +0100] "GET /images/7316191480112.jpg HTTP/1.1" 200 26706 "-" "Mozilla/5.0 (compatible; bingbot/2.0; +http://www.bing.com/bingbot.htm)"
13.66.139.11 - - [01/Dec/2020:12:15:27 +0100] "GET /images/3662468002063.jpg HTTP/1.1" 200 116187 "-" "Mozilla/5.0 (compatible; bingbot/2.0; +http://www.bing.com/bingbot.htm)"
13.66.139.11 - - [01/Dec/2020:12:16:17 +0100] "GET /images/big_prod/3609810072077.jpg HTTP/1.1" 200 193007 "-" "Mozilla/5.0 (compatible; bingbot/2.0; +http://www.bing.com/bingbot.htm)"
13.66.139.136 - - [01/Dec/2020:12:16:20 +0100] "GET /images/big_prod/8424001278909.jpg HTTP/1.1" 200 61215 "-" "Mozilla/5.0 (compatible; bingbot/2.0; +http://www.bing.com/bingbot.htm)"
13.66.139.11 - - [01/Dec/2020:12:17:27 +0100] "GET /images/med_prod/1399984281451.jpg HTTP/1.1" 200 95461 "-" "Mozilla/5.0 (compatible; bingbot/2.0; +http://www.bing.com/bingbot.htm)"
13.66.139.161 - - [01/Dec/2020:12:20:21 +0100] "GET /images/med_prod/3681643111307.jpg HTTP/1.1" 200 105674 "-" "Mozilla/5.0 (compatible; bingbot/2.0; +http://www.bing.com/bingbot.htm)"
13.66.139.11 - - [01/Dec/2020:12:21:27 +0100] "GET /images/4025055094251.jpg HTTP/1.1" 200 39110 "-" "Mozilla/5.0 (compatible; bingbot/2.0; +http://www.bing.com/bingbot.htm)"
13.66.139.11 - - [01/Dec/2020:12:21:28 +0100] "GET /images/C112471.jpg HTTP/1.1" 200 49642 "-" "Mozilla/5.0 (compatible; bingbot/2.0; +http://www.bing.com/bingbot.htm)"
13.66.139.136 - - [01/Dec/2020:12:21:31 +0100] "GET /images/PM01W.jpg HTTP/1.1" 200 49120 "-" "Mozilla/5.0 (compatible; bingbot/2.0; +http://www.bing.com/bingbot.htm)"
13.66.139.161 - - [01/Dec/2020:12:22:14 +0100] "GET /images/1399984264614.jpg HTTP/1.1" 200 77137 "-" "Mozilla/5.0 (compatible; bingbot/2.0; +http://www.bing.com/bingbot.htm)"
13.66.139.136 - - [01/Dec/2020:12:22:20 +0100] "GET /images/8718375531020.jpg HTTP/1.1" 200 47043 "-" "Mozilla/5.0 (compatible; bingbot/2.0; +http://www.bing.com/bingbot.htm)"
13.66.139.161 - - [01/Dec/2020:12:22:25 +0100] "GET /images/big_prod/3453131127882.jpg HTTP/1.1" 200 86047 "-" "Mozilla/5.0 (compatible; bingbot/2.0; +http://www.bing.com/bingbot.htm)"
13.66.139.161 - - [01/Dec/2020:12:23:02 +0100] "GET /images/big_prod_1/045544960052.jpg HTTP/1.1" 200 106871 "-" "Mozilla/5.0 (compatible; bingbot/2.0; +http://www.bing.com/bingbot.htm)"
13.66.139.136 - - [01/Dec/2020:12:23:30 +0100] "GET /images/big_prod/3453281117856.jpg HTTP/1.1" 200 117044 "-" "Mozilla/5.0 (compatible; bingbot/2.0; +http://www.bing.com/bingbot.htm)"
13.66.139.161 - - [01/Dec/2020:12:23:41 +0100] "GET /images/big_prod/sweatcccpnoir.jpg HTTP/1.1" 200 64327 "-" "Mozilla/5.0 (compatible; bingbot/2.0; +http://www.bing.com/bingbot.htm)"
13.66.139.136 - - [01/Dec/2020:12:24:09 +0100] "GET /images/med_prod/1399984280539.jpg HTTP/1.1" 200 111182 "-" "Mozilla/5.0 (compatible; bingbot/2.0; +http://www.bing.com/bingbot.htm)"
157.55.39.77 - - [01/Dec/2020:12:24:24 +0100] "GET /images/DSCN06743284371919612.jpg HTTP/1.1" 200 27918 "-" "Mozilla/5.0 (compatible; bingbot/2.0; +http://www.bing.com/bingbot.htm)"
66.249.70.33 - - [01/Dec/2020:12:25:00 +0100] "GET /images/mini_prod/3612875122755.jpg HTTP/1.1" 200 7141 "-" "Googlebot-Image/1.0"
66.249.70.36 - - [01/Dec/2020:12:25:01 +0100] "GET /robots.txt HTTP/1.1" 200 2438 "-" "Mozilla/5.0 (compatible; Googlebot/2.1; +http://www.google.com/bot.html)"
13.66.139.161 - - [01/Dec/2020:12:25:41 +0100] "GET /images/big_prod/3665269026443.jpg HTTP/1.1" 200 147064 "-" "Mozilla/5.0 (compatible; bingbot/2.0; +http://www.bing.com/bingbot.htm)"
13.66.139.136 - - [01/Dec/2020:12:25:59 +0100] "GET /images/big_prod/1345544769716.jpg HTTP/1.1" 200 143359 "-" "Mozilla/5.0 (compatible; bingbot/2.0; +http://www.bing.com/bingbot.htm)"
13.66.139.11 - - [01/Dec/2020:12:27:57 +0100] "GET /images/med_prod/8422535842405.jpg HTTP/1.1" 200 94074 "-" "Mozilla/5.0 (compatible; bingbot/2.0; +http://www.bing.com/bingbot.htm)"
13.66.139.161 - - [01/Dec/2020:12:28:11 +0100] "GET /images/big_prod/8718657466118a.jpg HTTP/1.1" 200 92761 "-" "Mozilla/5.0 (compatible; bingbot/2.0; +http://www.bing.com/bingbot.htm)"
13.66.139.11 - - [01/Dec/2020:12:28:17 +0100] "GET /images/071662311025.jpg HTTP/1.1" 200 51599 "-" "Mozilla/5.0 (compatible; bingbot/2.0; +http://www.bing.com/bingbot.htm)"
185.191.171.6 - - [01/Dec/2020:12:28:43 +0100] "GET /robots.txt HTTP/1.1" 200 2438 "-" "Mozilla/5.0 (compatible; SemrushBot/7~bl; +http://www.semrush.com/bot.html)"
13.66.139.161 - - [01/Dec/2020:12:28:51 +0100] "GET /images/3700235419345.jpg HTTP/1.1" 200 18327 "-" "Mozilla/5.0 (compatible; bingbot/2.0; +http://www.bing.com/bingbot.htm)"
40.77.167.15 - - [01/Dec/2020:12:28:55 +0100] "GET /images/4010070115104.jpg HTTP/1.1" 200 39017 "-" "Mozilla/5.0 (compatible; bingbot/2.0; +http://www.bing.com/bingbot.htm)"
13.66.139.161 - - [01/Dec/2020:12:29:13 +0100] "GET /images/big_prod/10609a.jpg HTTP/1.1" 200 39722 "-" "Mozilla/5.0 (compatible; bingbot/2.0; +http://www.bing.com/bingbot.htm)"
13.66.139.161 - - [01/Dec/2020:12:29:21 +0100] "GET /images/big_prod_1/b1098890726284.jpg HTTP/1.1" 200 83100 "-" "Mozilla/5.0 (compatible; bingbot/2.0; +http://www.bing.com/bingbot.htm)"
13.66.139.11 - - [01/Dec/2020:12:29:38 +0100] "GET /images/big_prod/3453131126885.jpg HTTP/1.1" 200 86741 "-" "Mozilla/5.0 (compatible; bingbot/2.0; +http://www.bing.com/bingbot.htm)"
13.66.139.161 - - [01/Dec/2020:12:30:52 +0100] "GET /images/big_prod/3453131151764.jpg HTTP/1.1" 200 89792 "-" "Mozilla/5.0 (compatible; bingbot/2.0; +http://www.bing.com/bingbot.htm)"
13.66.139.136 - - [01/Dec/2020:12:31:30 +0100] "GET /images/885561160499.jpg HTTP/1.1" 200 19049 "-" "Mozilla/5.0 (compatible; bingbot/2.0; +http://www.bing.com/bingbot.htm)"
13.66.139.11 - - [01/Dec/2020:12:32:58 +0100] "GET /images/5010994658106.jpg HTTP/1.1" 200 181737 "-" "Mozilla/5.0 (compatible; bingbot/2.0; +http://www.bing.com/bingbot.htm)"
13.66.139.161 - - [01/Dec/2020:12:33:03 +0100] "GET /images/3521320605098.jpg HTTP/1.1" 200 35289 "-" "Mozilla/5.0 (compatible; bingbot/2.0; +http://www.bing.com/bingbot.htm)"
24.231.77.88 - - [01/Dec/2020:12:33:43 +0100] "GET /images/big_prod/1304038301153.jpg HTTP/1.1" 200 60673 "-" "Dalvik/2.1.0 (Linux; U; Android 8.0.0; SM-A520W Build/R16NW)"
13.66.139.11 - - [01/Dec/2020:12:34:59 +0100] "GET /images/big_prod/3612875119793.jpg HTTP/1.1" 200 89510 "-" "Mozilla/5.0 (compatible; bingbot/2.0; +http://www.bing.com/bingbot.htm)"
157.55.39.77 - - [01/Dec/2020:12:35:28 +0100] "GET /images/big_prod/1491693113433.jpg HTTP/1.1" 200 89281 "-" "Mozilla/5.0 (compatible; bingbot/2.0; +http://www.bing.com/bingbot.htm)"
13.66.139.161 - - [01/Dec/2020:12:35:51 +0100] "GET /images/big_prod/5415203446985.jpg HTTP/1.1" 200 46025 "-" "Mozilla/5.0 (compatible; bingbot/2.0; +http://www.bing.com/bingbot.htm)"
216.244.66.242 - - [01/Dec/2020:12:36:38 +0100] "GET /robots.txt HTTP/1.1" 200 2438 "-" "Mozilla/5.0 (compatible; DotBot/1.1; http://www.opensiteexplorer.org/dotbot, help@moz.com)"
13.66.139.136 - - [01/Dec/2020:12:39:32 +0100] "GET /images/big_prod/5400924027261.jpg HTTP/1.1" 200 79517 "-" "Mozilla/5.0 (compatible; bingbot/2.0; +http://www.bing.com/bingbot.htm)"
13.66.139.161 - - [01/Dec/2020:12:39:52 +0100] "GET /images/big_prod/3612875117645.jpg HTTP/1.1" 200 133018 "-" "Mozilla/5.0 (compatible; bingbot/2.0; +http://www.bing.com/bingbot.htm)"
13.66.139.161 - - [01/Dec/2020:12:40:22 +0100] "GET /images/big_prod_1/5415203937889B.jpg HTTP/1.1" 200 50403 "-" "Mozilla/5.0 (compatible; bingbot/2.0; +http://www.bing.com/bingbot.htm)"
91.183.33.32 - - [01/Dec/2020:12:40:37 +0100] "GET /images/big_prod/1384010190777.jpg HTTP/1.1" 200 106864 "https://www.bing.com/" "Mozilla/5.0 (Windows NT 10.0; Win64; x64) AppleWebKit/537.36 (KHTML, like Gecko) Chrome/87.0.4280.67 Safari/537.36 Edg/87.0.664.47"
13.66.139.136 - - [01/Dec/2020:12:40:50 +0100] "GET /images/8003990631287.jpg HTTP/1.1" 200 65691 "-" "Mozilla/5.0 (compatible; bingbot/2.0; +http://www.bing.com/bingbot.htm)"
13.66.139.161 - - [01/Dec/2020:12:41:34 +0100] "GET /images/4012390324303.jpg HTTP/1.1" 200 27411 "-" "Mozilla/5.0 (compatible; bingbot/2.0; +http://www.bing.com/bingbot.htm)"
40.77.167.30 - - [01/Dec/2020:12:42:50 +0100] "GET /images/mini_prod/5400924022280.jpg HTTP/1.1" 200 5516 "-" "Mozilla/5.0 (compatible; bingbot/2.0; +http://www.bing.com/bingbot.htm)"
66.249.70.33 - - [01/Dec/2020:12:44:50 +0100] "GET /images/big_prod/3609810096356.jpg HTTP/1.1" 200 100622 "-" "Googlebot-Image/1.0"
13.66.139.161 - - [01/Dec/2020:12:44:53 +0100] "GET /images/med_prod/3609810033979.jpg HTTP/1.1" 200 58196 "-" "Mozilla/5.0 (compatible; bingbot/2.0; +http://www.bing.com/bingbot.htm)"
13.66.139.11 - - [01/Dec/2020:12:45:30 +0100] "GET /images/med_prod/1399984288740.jpg HTTP/1.1" 200 82022 "-" "Mozilla/5.0 (compatible; bingbot/2.0; +http://www.bing.com/bingbot.htm)"
13.66.139.136 - - [01/Dec/2020:12:46:10 +0100] "GET /images/mini_prod/3609810070929.jpg HTTP/1.1" 200 7853 "-" "Mozilla/5.0 (compatible; bingbot/2.0; +http://www.bing.com/bingbot.htm)"
13.66.139.11 - - [01/Dec/2020:12:46:50 +0100] "GET /images/1399984280188.jpg HTTP/1.1" 200 112421 "-" "Mozilla/5.0 (compatible; bingbot/2.0; +http://www.bing.com/bingbot.htm)"
13.66.139.136 - - [01/Dec/2020:12:47:21 +0100] "GET /images/big_prod/5051276247519.jpg HTTP/1.1" 200 126852 "-" "Mozilla/5.0 (compatible; bingbot/2.0; +http://www.bing.com/bingbot.htm)"
73.251.105.210 - - [01/Dec/2020:12:47:34 +0100] "GET /images/5010065083448.jpg HTTP/1.1" 200 56378 "https://www.bing.com/" "Mozilla/5.0 (Windows NT 10.0; Win64; x64) AppleWebKit/537.36 (KHTML, like Gecko) Chrome/87.0.4280.67 Safari/537.36 Edg/87.0.664.47"
13.66.139.136 - - [01/Dec/2020:12:47:51 +0100] "GET /images/big_prod/4029811349234.jpg HTTP/1.1" 200 101587 "-" "Mozilla/5.0 (compatible; bingbot/2.0; +http://www.bing.com/bingbot.htm)"
13.66.139.161 - - [01/Dec/2020:12:48:33 +0100] "GET /images/3188801003165.jpg HTTP/1.1" 200 25130 "-" "Mozilla/5.0 (compatible; bingbot/2.0; +http://www.bing.com/bingbot.htm)"
40.77.167.15 - - [01/Dec/2020:12:49:37 +0100] "GET /images/36DSCN8194.jpg HTTP/1.1" 200 34728 "-" "Mozilla/5.0 (compatible; bingbot/2.0; +http://www.bing.com/bingbot.htm)"
67.195.177.86 - - [01/Dec/2020:12:49:51 +0100] "GET /images/4036113261355.jpg HTTP/1.1" 200 77669 "https://nl.search.yahoo.com/" "YahooCacheSystem; YahooWebServiceClient"
13.66.139.136 - - [01/Dec/2020:12:51:21 +0100] "GET /images/8718531320949.jpg HTTP/1.1" 200 58923 "-" "Mozilla/5.0 (compatible; bingbot/2.0; +http://www.bing.com/bingbot.htm)"
13.66.139.11 - - [01/Dec/2020:12:51:30 +0100] "GET /images/med_prod/1384010183144.jpg HTTP/1.1" 200 125853 "-" "Mozilla/5.0 (compatible; bingbot/2.0; +http://www.bing.com/bingbot.htm)"
13.66.139.11 - - [01/Dec/2020:12:51:31 +0100] "GET /images/C11028.jpg HTTP/1.1" 200 18983 "-" "Mozilla/5.0 (compatible; bingbot/2.0; +http://www.bing.com/bingbot.htm)"
13.66.139.136 - - [01/Dec/2020:12:53:33 +0100] "GET /images/med_prod/5051276185941.jpg HTTP/1.1" 200 100476 "-" "Mozilla/5.0 (compatible; bingbot/2.0; +http://www.bing.com/bingbot.htm)"
40.77.167.30 - - [01/Dec/2020:12:53:53 +0100] "GET /images/4007176434529.jpg HTTP/1.1" 200 17737 "-" "Mozilla/5.0 (compatible; bingbot/2.0; +http://www.bing.com/bingbot.htm)"
40.77.167.15 - - [01/Dec/2020:12:53:58 +0100] "GET /images/1399984254189.jpg HTTP/1.1" 200 217816 "-" "Mozilla/5.0 (compatible; bingbot/2.0; +http://www.bing.com/bingbot.htm)"
40.77.167.30 - - [01/Dec/2020:12:54:13 +0100] "GET /images/1399984241592.jpg HTTP/1.1" 200 87755 "-" "Mozilla/5.0 (compatible; bingbot/2.0; +http://www.bing.com/bingbot.htm)"
207.46.13.89 - - [01/Dec/2020:12:54:49 +0100] "GET /images/7316191713234.jpg HTTP/1.1" 200 150227 "-" "Mozilla/5.0 (compatible; bingbot/2.0; +http://www.bing.com/bingbot.htm)"
109.148.204.145 - - [01/Dec/2020:12:56:55 +0100] "GET /images/med_prod/1384010176917.jpg HTTP/1.1" 200 136375 "https://www.bing.com/" "Mozilla/5.0 (Windows NT 10.0; Win64; x64) AppleWebKit/537.36 (KHTML, like Gecko) Chrome/87.0.4280.67 Safari/537.36 Edg/87.0.664.47"
79.173.82.82 - - [01/Dec/2020:12:57:21 +0100] "GET /images/big_prod/WU74134.jpg HTTP/1.1" 200 111748 "-" "Mozilla/5.0 (Windows NT 6.1; Win64; x64; rv:83.0) Gecko/20100101 Firefox/83.0"
13.66.139.161 - - [01/Dec/2020:12:57:35 +0100] "GET /images/big_prod/3503420148903N.jpg HTTP/1.1" 200 67544 "-" "Mozilla/5.0 (compatible; bingbot/2.0; +http://www.bing.com/bingbot.htm)"
13.66.139.11 - - [01/Dec/2020:12:58:00 +0100] "GET /images/3298060218917.jpg HTTP/1.1" 200 21899 "-" "Mozilla/5.0 (compatible; bingbot/2.0; +http://www.bing.com/bingbot.htm)"
13.66.139.161 - - [01/Dec/2020:12:58:05 +0100] "GET /images/B8412497371747B.jpg HTTP/1.1" 200 64604 "-" "Mozilla/5.0 (compatible; bingbot/2.0; +http://www.bing.com/bingbot.htm)"
13.66.139.11 - - [01/Dec/2020:12:59:10 +0100] "GET /images/Photo-0302.jpg HTTP/1.1" 200 19241 "-" "Mozilla/5.0 (compatible; bingbot/2.0; +http://www.bing.com/bingbot.htm)"
13.66.139.11 - - [01/Dec/2020:12:59:31 +0100] "GET /images/big_prod/8718375753729.jpg HTTP/1.1" 200 128184 "-" "Mozilla/5.0 (compatible; bingbot/2.0; +http://www.bing.com/bingbot.htm)"
13.66.139.161 - - [01/Dec/2020:13:00:33 +0100] "GET /images/big_prod/3453131146814B.jpg HTTP/1.1" 200 90794 "-" "Mozilla/5.0 (compatible; bingbot/2.0; +http://www.bing.com/bingbot.htm)"
13.66.139.161 - - [01/Dec/2020:13:01:06 +0100] "GET /images/DSCN7550.jpg HTTP/1.1" 200 25835 "-" "Mozilla/5.0 (compatible; bingbot/2.0; +http://www.bing.com/bingbot.htm)"
157.55.39.164 - - [01/Dec/2020:13:02:18 +0100] "GET /images/big_prod/1399985000174.jpg HTTP/1.1" 200 190606 "-" "Mozilla/5.0 (compatible; bingbot/2.0; +http://www.bing.com/bingbot.htm)"
157.55.39.164 - - [01/Dec/2020:13:03:37 +0100] "GET /images/TROUS3083.jpg HTTP/1.1" 200 23001 "-" "Mozilla/5.0 (compatible; bingbot/2.0; +http://www.bing.com/bingbot.htm)"
13.66.139.136 - - [01/Dec/2020:13:04:25 +0100] "GET /images/1300010236901.jpg HTTP/1.1" 200 125683 "-" "Mozilla/5.0 (compatible; bingbot/2.0; +http://www.bing.com/bingbot.htm)"
13.66.139.161 - - [01/Dec/2020:13:05:06 +0100] "GET /images/med_prod/3609810007895.jpg HTTP/1.1" 200 189712 "-" "Mozilla/5.0 (compatible; bingbot/2.0; +http://www.bing.com/bingbot.htm)"
13.66.139.136 - - [01/Dec/2020:13:07:39 +0100] "GET /images/big_prod/8901319003121.jpg HTTP/1.1" 200 107148 "-" "Mozilla/5.0 (compatible; bingbot/2.0; +http://www.bing.com/bingbot.htm)"
13.66.139.11 - - [01/Dec/2020:13:07:44 +0100] "GET /images/big_prod/5018997622070.jpg HTTP/1.1" 200 252675 "-" "Mozilla/5.0 (compatible; bingbot/2.0; +http://www.bing.com/bingbot.htm)"
13.66.139.136 - - [01/Dec/2020:13:11:34 +0100] "GET /images/mini_prod/3520071714202.jpg HTTP/1.1" 200 5646 "-" "Mozilla/5.0 (compatible; bingbot/2.0; +http://www.bing.com/bingbot.htm)"
157.55.39.164 - - [01/Dec/2020:13:16:18 +0100] "GET /images/9316188036085.jpg HTTP/1.1" 200 27821 "-" "Mozilla/5.0 (compatible; bingbot/2.0; +http://www.bing.com/bingbot.htm)"
40.77.167.30 - - [01/Dec/2020:13:17:36 +0100] "GET /images/med_prod/3662468004678.jpg HTTP/1.1" 200 73082 "-" "Mozilla/5.0 (compatible; bingbot/2.0; +http://www.bing.com/bingbot.htm)"
151.99.169.202 - - [01/Dec/2020:13:21:36 +0100] "GET /templates/Pixame_v1/stylesheet.css HTTP/1.1" 200 56057 "http://www.wonder-geek.com/cotton-floor-cushion-45-cm-p-52451.html" "Mozilla/5.0 (Windows NT 6.1; Win64; x64) AppleWebKit/537.36 (KHTML, like Gecko) Chrome/87.0.4280.66 Safari/537.36"
151.99.169.202 - - [01/Dec/2020:13:21:36 +0100] "GET /js/jquery.jqzoom.js HTTP/1.1" 200 4761 "http://www.wonder-geek.com/cotton-floor-cushion-45-cm-p-52451.html" "Mozilla/5.0 (Windows NT 6.1; Win64; x64) AppleWebKit/537.36 (KHTML, like Gecko) Chrome/87.0.4280.66 Safari/537.36"
151.99.169.202 - - [01/Dec/2020:13:21:36 +0100] "GET /highslide/highslide.js HTTP/1.1" 200 42909 "http://www.wonder-geek.com/cotton-floor-cushion-45-cm-p-52451.html" "Mozilla/5.0 (Windows NT 6.1; Win64; x64) AppleWebKit/537.36 (KHTML, like Gecko) Chrome/87.0.4280.66 Safari/537.36"
151.99.169.202 - - [01/Dec/2020:13:21:36 +0100] "GET /js/jquery.js HTTP/1.1" 200 54075 "http://www.wonder-geek.com/cotton-floor-cushion-45-cm-p-52451.html" "Mozilla/5.0 (Windows NT 6.1; Win64; x64) AppleWebKit/537.36 (KHTML, like Gecko) Chrome/87.0.4280.66 Safari/537.36"
151.99.169.202 - - [01/Dec/2020:13:21:36 +0100] "GET /mondial_relay/js/jquery-1.3.2.min.js HTTP/1.1" 200 57254 "http://www.wonder-geek.com/cotton-floor-cushion-45-cm-p-52451.html" "Mozilla/5.0 (Windows NT 6.1; Win64; x64) AppleWebKit/537.36 (KHTML, like Gecko) Chrome/87.0.4280.66 Safari/537.36"
151.99.169.202 - - [01/Dec/2020:13:21:36 +0100] "GET /templates/Pixame_v1/images/icon_accueil2.png HTTP/1.1" 200 1137 "http://www.wonder-geek.com/cotton-floor-cushion-45-cm-p-52451.html" "Mozilla/5.0 (Windows NT 6.1; Win64; x64) AppleWebKit/537.36 (KHTML, like Gecko) Chrome/87.0.4280.66 Safari/537.36"
151.99.169.202 - - [01/Dec/2020:13:21:36 +0100] "GET /images/big_prod/3665269087581.jpg HTTP/1.1" 200 99987 "http://www.wonder-geek.com/cotton-floor-cushion-45-cm-p-52451.html" "Mozilla/5.0 (Windows NT 6.1; Win64; x64) AppleWebKit/537.36 (KHTML, like Gecko) Chrome/87.0.4280.66 Safari/537.36"
151.99.169.202 - - [01/Dec/2020:13:21:36 +0100] "GET /templates/Pixame_v1/images/buttons/english/button_in_cart.gif HTTP/1.1" 200 1212 "http://www.wonder-geek.com/cotton-floor-cushion-45-cm-p-52451.html" "Mozilla/5.0 (Windows NT 6.1; Win64; x64) AppleWebKit/537.36 (KHTML, like Gecko) Chrome/87.0.4280.66 Safari/537.36"
151.99.169.202 - - [01/Dec/2020:13:21:36 +0100] "GET /templates/Pixame_v1/images/Bottom_texture.jpg HTTP/1.1" 200 56290 "http://www.wonder-geek.com/templates/Pixame_v1/stylesheet.css" "Mozilla/5.0 (Windows NT 6.1; Win64; x64) AppleWebKit/537.36 (KHTML, like Gecko) Chrome/87.0.4280.66 Safari/537.36"
151.99.169.202 - - [01/Dec/2020:13:21:36 +0100] "GET /templates/Pixame_v1/images/nav.png HTTP/1.1" 200 1283 "http://www.wonder-geek.com/templates/Pixame_v1/stylesheet.css" "Mozilla/5.0 (Windows NT 6.1; Win64; x64) AppleWebKit/537.36 (KHTML, like Gecko) Chrome/87.0.4280.66 Safari/537.36"
151.99.169.202 - - [01/Dec/2020:13:21:37 +0100] "GET /images/big_prod_1/3665269087581a.jpg HTTP/1.1" 200 214438 "http://www.wonder-geek.com/cotton-floor-cushion-45-cm-p-52451.html" "Mozilla/5.0 (Windows NT 6.1; Win64; x64) AppleWebKit/537.36 (KHTML, like Gecko) Chrome/87.0.4280.66 Safari/537.36"
151.99.169.202 - - [01/Dec/2020:13:21:37 +0100] "GET /design/productsenstock.png HTTP/1.1" 200 4743 "http://www.wonder-geek.com/templates/Pixame_v1/stylesheet.css" "Mozilla/5.0 (Windows NT 6.1; Win64; x64) AppleWebKit/537.36 (KHTML, like Gecko) Chrome/87.0.4280.66 Safari/537.36"
151.99.169.202 - - [01/Dec/2020:13:21:37 +0100] "GET /images/big_prod_2/3665269087581b.jpg HTTP/1.1" 200 184550 "http://www.wonder-geek.com/cotton-floor-cushion-45-cm-p-52451.html" "Mozilla/5.0 (Windows NT 6.1; Win64; x64) AppleWebKit/537.36 (KHTML, like Gecko) Chrome/87.0.4280.66 Safari/537.36"
151.99.169.202 - - [01/Dec/2020:13:21:37 +0100] "GET /templates/Pixame_v1/images/header-object.png HTTP/1.1" 200 106050 "http://www.wonder-geek.com/templates/Pixame_v1/stylesheet.css" "Mozilla/5.0 (Windows NT 6.1; Win64; x64) AppleWebKit/537.36 (KHTML, like Gecko) Chrome/87.0.4280.66 Safari/537.36"
151.99.169.202 - - [01/Dec/2020:13:21:37 +0100] "GET /templates/Pixame_v1/images/Middle_texture.jpg HTTP/1.1" 200 249620 "http://www.wonder-geek.com/templates/Pixame_v1/stylesheet.css" "Mozilla/5.0 (Windows NT 6.1; Win64; x64) AppleWebKit/537.36 (KHTML, like Gecko) Chrome/87.0.4280.66 Safari/537.36"
151.99.169.202 - - [01/Dec/2020:13:21:37 +0100] "GET /templates/Pixame_v1/images/header.png HTTP/1.1" 200 70245 "http://www.wonder-geek.com/templates/Pixame_v1/stylesheet.css" "Mozilla/5.0 (Windows NT 6.1; Win64; x64) AppleWebKit/537.36 (KHTML, like Gecko) Chrome/87.0.4280.66 Safari/537.36"
151.99.169.202 - - [01/Dec/2020:13:21:37 +0100] "GET /highslide/graphics/outlines/drop-shadow.png HTTP/1.1" 200 2022 "http://www.wonder-geek.com/cotton-floor-cushion-45-cm-p-52451.html" "Mozilla/5.0 (Windows NT 6.1; Win64; x64) AppleWebKit/537.36 (KHTML, like Gecko) Chrome/87.0.4280.66 Safari/537.36"
151.99.169.202 - - [01/Dec/2020:13:21:37 +0100] "GET /favicon.ico HTTP/1.1" 200 1591 "http://www.wonder-geek.com/cotton-floor-cushion-45-cm-p-52451.html" "Mozilla/5.0 (Windows NT 6.1; Win64; x64) AppleWebKit/537.36 (KHTML, like Gecko) Chrome/87.0.4280.66 Safari/537.36"
40.77.167.30 - - [01/Dec/2020:13:22:00 +0100] "GET /images/B1300010238103.jpg HTTP/1.1" 200 104858 "-" "Mozilla/5.0 (compatible; bingbot/2.0; +http://www.bing.com/bingbot.htm)"
207.46.13.89 - - [01/Dec/2020:13:25:06 +0100] "GET /images/3700276265567.jpg HTTP/1.1" 200 48648 "-" "Mozilla/5.0 (compatible; bingbot/2.0; +http://www.bing.com/bingbot.htm)"
13.66.139.161 - - [01/Dec/2020:13:25:10 +0100] "GET /images/big_prod/4029811409365.jpg HTTP/1.1" 200 119363 "-" "Mozilla/5.0 (compatible; bingbot/2.0; +http://www.bing.com/bingbot.htm)"
185.191.171.26 - - [01/Dec/2020:13:30:31 +0100] "GET /robots.txt HTTP/1.1" 200 2438 "-" "Mozilla/5.0 (compatible; SemrushBot/7~bl; +http://www.semrush.com/bot.html)"
40.77.167.30 - - [01/Dec/2020:13:31:13 +0100] "GET /images/mini_prod/5409240219244.jpg HTTP/1.1" 200 5231 "-" "Mozilla/5.0 (compatible; bingbot/2.0; +http://www.bing.com/bingbot.htm)"
157.55.39.164 - - [01/Dec/2020:13:32:51 +0100] "GET /images/big_prod/1384220059376.jpg HTTP/1.1" 200 142813 "-" "Mozilla/5.0 (compatible; bingbot/2.0; +http://www.bing.com/bingbot.htm)"
40.77.167.15 - - [01/Dec/2020:13:33:10 +0100] "GET /images/big_prod/8422001573390.jpg HTTP/1.1" 200 48933 "-" "Mozilla/5.0 (compatible; bingbot/2.0; +http://www.bing.com/bingbot.htm)"
40.77.167.15 - - [01/Dec/2020:13:33:41 +0100] "GET /images/big_prod/8435306270062.jpg HTTP/1.1" 200 92313 "-" "Mozilla/5.0 (compatible; bingbot/2.0; +http://www.bing.com/bingbot.htm)"
177.138.177.49 - - [01/Dec/2020:13:36:00 +0100] "GET /images/med_prod/3700653593177.jpg HTTP/1.1" 200 123066 "https://www.bing.com/" "Mozilla/5.0 (Windows NT 10.0; Win64; x64) AppleWebKit/537.36 (KHTML, like Gecko) Chrome/64.0.3282.140 Safari/537.36 Edge/17.17134"
13.66.139.136 - - [01/Dec/2020:13:38:57 +0100] "GET /images/med_prod/9316188042826.jpg HTTP/1.1" 200 87724 "-" "Mozilla/5.0 (compatible; bingbot/2.0; +http://www.bing.com/bingbot.htm)"
185.222.26.242 - - [01/Dec/2020:13:39:18 +0100] "GET /images/big_prod/1384010190838.jpg HTTP/1.1" 200 173006 "https://www.bing.com/" "Mozilla/5.0 (Windows NT 10.0; Win64; x64) AppleWebKit/537.36 (KHTML, like Gecko) Chrome/87.0.4280.67 Safari/537.36 Edg/87.0.664.47"
207.46.13.81 - - [01/Dec/2020:13:42:08 +0100] "GET /highslide/graphics/outlines/drop-shadow.png HTTP/1.1" 200 2022 "-" "Mozilla/5.0 (compatible; bingbot/2.0; +http://www.bing.com/bingbot.htm)"
216.244.66.242 - - [01/Dec/2020:13:42:14 +0100] "GET /robots.txt HTTP/1.1" 200 2438 "-" "Mozilla/5.0 (compatible; DotBot/1.1; http://www.opensiteexplorer.org/dotbot, help@moz.com)"
147.92.153.13 - - [01/Dec/2020:13:43:33 +0100] "GET /images/big_prod_3/8424345981794c.jpg HTTP/1.1" 200 74639 "-" "Mozilla/5.0 (compatible; Linespider/1.1; +https://lin.ee/4dwXkTH)"
147.92.153.20 - - [01/Dec/2020:13:43:52 +0100] "GET /images/big_prod_2/8424345981794b.jpg HTTP/1.1" 200 78254 "-" "Mozilla/5.0 (compatible; Linespider/1.1; +https://lin.ee/4dwXkTH)"
147.92.153.1 - - [01/Dec/2020:13:44:12 +0100] "GET /images/big_prod_1/8424345981794a.jpg HTTP/1.1" 200 43734 "-" "Mozilla/5.0 (compatible; Linespider/1.1; +https://lin.ee/4dwXkTH)"
157.55.39.77 - - [01/Dec/2020:13:49:46 +0100] "GET /images/big_prod/1384010204870.jpg HTTP/1.1" 200 94707 "-" "Mozilla/5.0 (compatible; bingbot/2.0; +http://www.bing.com/bingbot.htm)"
157.55.39.130 - - [01/Dec/2020:13:53:31 +0100] "GET /images/100_1885.jpg HTTP/1.1" 200 13622 "-" "Mozilla/5.0 (compatible; bingbot/2.0; +http://www.bing.com/bingbot.htm)"
13.66.139.161 - - [01/Dec/2020:13:55:10 +0100] "GET /images/big_prod/3565750277418.jpg HTTP/1.1" 200 63860 "-" "Mozilla/5.0 (compatible; bingbot/2.0; +http://www.bing.com/bingbot.htm)"
13.66.139.161 - - [01/Dec/2020:13:55:10 +0100] "GET /images/mini_prod/9316188086660.jpg HTTP/1.1" 200 5264 "-" "Mozilla/5.0 (compatible; bingbot/2.0; +http://www.bing.com/bingbot.htm)"
157.55.39.164 - - [01/Dec/2020:13:56:33 +0100] "GET /images/1020322242437.jpg HTTP/1.1" 200 62638 "-" "Mozilla/5.0 (compatible; bingbot/2.0; +http://www.bing.com/bingbot.htm)"
157.55.39.77 - - [01/Dec/2020:14:00:43 +0100] "GET /images/big_prod/3665269081459.jpg HTTP/1.1" 200 75856 "-" "Mozilla/5.0 (compatible; bingbot/2.0; +http://www.bing.com/bingbot.htm)"
175.100.139.111 - - [01/Dec/2020:14:01:41 +0100] "GET /images/8432699066869.jpg HTTP/1.1" 200 49120 "https://www.bing.com/" "Mozilla/5.0 (Windows NT 10.0; Win64; x64) AppleWebKit/537.36 (KHTML, like Gecko) Chrome/87.0.4280.67 Safari/537.36 Edg/87.0.664.47"
40.77.167.30 - - [01/Dec/2020:14:02:12 +0100] "GET /highslide/highslide.js HTTP/1.1" 200 42909 "-" "Mozilla/5.0 (compatible; bingbot/2.0; +http://www.bing.com/bingbot.htm)"
157.55.39.164 - - [01/Dec/2020:14:02:17 +0100] "GET /js/jquery.jqzoom.js HTTP/1.1" 200 4761 "-" "Mozilla/5.0 (compatible; bingbot/2.0; +http://www.bing.com/bingbot.htm)"
207.46.13.89 - - [01/Dec/2020:14:02:22 +0100] "GET /mondial_relay/js/jquery-1.3.2.min.js HTTP/1.1" 200 57254 "-" "Mozilla/5.0 (compatible; bingbot/2.0; +http://www.bing.com/bingbot.htm)"
157.55.39.77 - - [01/Dec/2020:14:02:33 +0100] "GET /js/jquery.js HTTP/1.1" 200 54075 "-" "Mozilla/5.0 (compatible; bingbot/2.0; +http://www.bing.com/bingbot.htm)"
95.163.255.140 - - [01/Dec/2020:14:02:46 +0100] "GET /robots.txt HTTP/1.0" 200 2438 "-" "Mozilla/5.0 (compatible; Linux x86_64; Mail.RU_Bot/Img/2.0; +http://go.mail.ru/help/robots)"
95.163.255.131 - - [01/Dec/2020:14:02:47 +0100] "GET /images/big_prod/robocarpoli18366.jpg HTTP/1.1" 200 66675 "http://wonder-geek.com/images/big_prod/robocarpoli18366.jpg" "Mozilla/5.0 (compatible; Linux x86_64; Mail.RU_Bot/Img/2.0; +http://go.mail.ru/help/robots)"
40.77.167.15 - - [01/Dec/2020:14:02:56 +0100] "GET /images/big_prod_1/5055071702884b.jpg HTTP/1.1" 200 67236 "-" "Mozilla/5.0 (compatible; bingbot/2.0; +http://www.bing.com/bingbot.htm)"
212.42.186.61 - - [01/Dec/2020:14:04:41 +0100] "GET /images/magnet70041.jpg HTTP/1.1" 200 24036 "https://www.bing.com/" "Mozilla/5.0 (Windows NT 10.0; Win64; x64) AppleWebKit/537.36 (KHTML, like Gecko) Chrome/87.0.4280.67 Safari/537.36 Edg/87.0.664.47"
216.244.66.242 - - [01/Dec/2020:14:04:44 +0100] "GET /images/big_prod/1384010204481.jpg HTTP/1.1" 200 222260 "-" "Mozilla/5.0 (compatible; DotBot/1.1; http://www.opensiteexplorer.org/dotbot, help@moz.com)"
207.46.13.124 - - [01/Dec/2020:14:05:26 +0100] "GET /images/big_prod/1304038301153.jpg HTTP/1.1" 200 60673 "-" "Mozilla/5.0 (compatible; bingbot/2.0; +http://www.bing.com/bingbot.htm)"
207.46.13.81 - - [01/Dec/2020:14:06:28 +0100] "GET /images/1399984257678.jpg HTTP/1.1" 200 136857 "-" "Mozilla/5.0 (compatible; bingbot/2.0; +http://www.bing.com/bingbot.htm)"
66.249.81.168 - - [01/Dec/2020:14:09:31 +0100] "GET /images/3281640390066.jpg HTTP/1.1" 200 25485 "-" "Mozilla/5.0 (Windows NT 5.1; rv:11.0) Gecko Firefox/11.0 (via ggpht.com GoogleImageProxy)"
157.55.39.164 - - [01/Dec/2020:14:13:15 +0100] "GET /images/med_prod/00000000corsica.jpg HTTP/1.1" 200 58456 "-" "Mozilla/5.0 (compatible; bingbot/2.0; +http://www.bing.com/bingbot.htm)"
185.191.171.25 - - [01/Dec/2020:14:13:18 +0100] "GET /robots.txt HTTP/1.1" 200 2438 "-" "Mozilla/5.0 (compatible; SemrushBot/7~bl; +http://www.semrush.com/bot.html)"
108.59.8.70 - - [01/Dec/2020:14:13:37 +0100] "GET /robots.txt HTTP/1.1" 200 2438 "-" "Mozilla/5.0 (compatible; MJ12bot/v1.4.8; http://mj12bot.com/)"
157.55.39.130 - - [01/Dec/2020:14:18:54 +0100] "GET /images/big_prod/8718317626753.jpg HTTP/1.1" 200 72406 "-" "Mozilla/5.0 (compatible; bingbot/2.0; +http://www.bing.com/bingbot.htm)"
157.55.39.77 - - [01/Dec/2020:14:19:19 +0100] "GET /images/5013138635872.jpg HTTP/1.1" 200 28312 "-" "Mozilla/5.0 (compatible; bingbot/2.0; +http://www.bing.com/bingbot.htm)"
