13.66.139.11 - - [01/Dec/2020:06:14:02 +0100] "GET /images/8028501269568.jpg HTTP/1.1" 200 95626 "-" "Mozilla/5.0 (compatible; bingbot/2.0; +http://www.bing.com/bingbot.htm)"
40.77.167.30 - - [01/Dec/2020:06:14:35 +0100] "GET /images/3298060221382.b.jpg HTTP/1.1" 200 17084 "-" "Mozilla/5.0 (compatible; bingbot/2.0; +http://www.bing.com/bingbot.htm)"
13.66.139.11 - - [01/Dec/2020:06:15:51 +0100] "GET /images/8028501669139.jpg HTTP/1.1" 200 56587 "-" "Mozilla/5.0 (compatible; bingbot/2.0; +http://www.bing.com/bingbot.htm)"
13.66.139.136 - - [01/Dec/2020:06:15:56 +0100] "GET /images/big_prod/720322284512.jpg HTTP/1.1" 200 122084 "-" "Mozilla/5.0 (compatible; bingbot/2.0; +http://www.bing.com/bingbot.htm)"
207.46.13.124 - - [01/Dec/2020:06:16:48 +0100] "GET /images/big_prod/3609810097872.jpg HTTP/1.1" 200 163997 "-" "Mozilla/5.0 (compatible; bingbot/2.0; +http://www.bing.com/bingbot.htm)"
13.66.139.136 - - [01/Dec/2020:06:17:51 +0100] "GET /images/5701359690458.jpg HTTP/1.1" 200 19485 "-" "Mozilla/5.0 (compatible; bingbot/2.0; +http://www.bing.com/bingbot.htm)"
40.77.167.30 - - [01/Dec/2020:06:18:06 +0100] "GET /images/big_prod/8422020139447.jpg HTTP/1.1" 200 42361 "-" "Mozilla/5.0 (compatible; bingbot/2.0; +http://www.bing.com/bingbot.htm)"
13.66.139.11 - - [01/Dec/2020:06:19:01 +0100] "GET /images/big_prod/3560600291705.jpg HTTP/1.1" 200 83464 "-" "Mozilla/5.0 (compatible; bingbot/2.0; +http://www.bing.com/bingbot.htm)"
13.66.139.161 - - [01/Dec/2020:06:19:25 +0100] "GET /images/big_prod/3014627846351NN.jpg HTTP/1.1" 200 46176 "-" "Mozilla/5.0 (compatible; bingbot/2.0; +http://www.bing.com/bingbot.htm)"
13.66.139.136 - - [01/Dec/2020:06:20:03 +0100] "GET /images/big_prod/3700516221759.jpg HTTP/1.1" 200 127465 "-" "Mozilla/5.0 (compatible; bingbot/2.0; +http://www.bing.com/bingbot.htm)"
13.66.139.161 - - [01/Dec/2020:06:20:26 +0100] "GET /images/1345544316118.jpg HTTP/1.1" 200 135401 "-" "Mozilla/5.0 (compatible; bingbot/2.0; +http://www.bing.com/bingbot.htm)"
207.46.13.124 - - [01/Dec/2020:06:20:58 +0100] "GET /images/PM01W.jpg HTTP/1.1" 200 49120 "-" "Mozilla/5.0 (compatible; bingbot/2.0; +http://www.bing.com/bingbot.htm)"
13.66.139.11 - - [01/Dec/2020:06:21:12 +0100] "GET /images/4012390320404.jpg HTTP/1.1" 200 29829 "-" "Mozilla/5.0 (compatible; bingbot/2.0; +http://www.bing.com/bingbot.htm)"
13.66.139.161 - - [01/Dec/2020:06:22:06 +0100] "GET /images/big_prod/8718657460703.jpg HTTP/1.1" 200 63073 "-" "Mozilla/5.0 (compatible; bingbot/2.0; +http://www.bing.com/bingbot.htm)"
185.191.171.20 - - [01/Dec/2020:06:22:24 +0100] "GET /robots.txt HTTP/1.1" 200 2438 "-" "Mozilla/5.0 (compatible; SemrushBot/7~bl; +http://www.semrush.com/bot.html)"
66.249.70.33 - - [01/Dec/2020:06:22:57 +0100] "GET /images/big_prod/3609810025448B.jpg HTTP/1.1" 200 131419 "-" "Googlebot-Image/1.0"
13.66.139.161 - - [01/Dec/2020:06:25:46 +0100] "GET /images/big_prod/8422011476100.jpg HTTP/1.1" 200 60528 "-" "Mozilla/5.0 (compatible; bingbot/2.0; +http://www.bing.com/bingbot.htm)"
13.66.139.136 - - [01/Dec/2020:06:26:03 +0100] "GET /images/big_prod/1020322280286.jpg HTTP/1.1" 200 118615 "-" "Mozilla/5.0 (compatible; bingbot/2.0; +http://www.bing.com/bingbot.htm)"
13.66.139.136 - - [01/Dec/2020:06:26:04 +0100] "GET /images/big_prod/7601020000433.jpg HTTP/1.1" 200 108220 "-" "Mozilla/5.0 (compatible; bingbot/2.0; +http://www.bing.com/bingbot.htm)"
13.66.139.161 - - [01/Dec/2020:06:26:07 +0100] "GET /images/big_prod/8717318172405.jpg HTTP/1.1" 200 109030 "-" "Mozilla/5.0 (compatible; bingbot/2.0; +http://www.bing.com/bingbot.htm)"
207.46.13.89 - - [01/Dec/2020:06:26:59 +0100] "GET /images/3272760369599.jpg HTTP/1.1" 200 25508 "-" "Mozilla/5.0 (compatible; bingbot/2.0; +http://www.bing.com/bingbot.htm)"
13.66.139.161 - - [01/Dec/2020:06:27:35 +0100] "GET /images/DSCN4025n.jpg HTTP/1.1" 200 26476 "-" "Mozilla/5.0 (compatible; bingbot/2.0; +http://www.bing.com/bingbot.htm)"
13.66.139.136 - - [01/Dec/2020:06:27:44 +0100] "GET /images/med_prod/8435107822583.jpg HTTP/1.1" 200 122678 "-" "Mozilla/5.0 (compatible; bingbot/2.0; +http://www.bing.com/bingbot.htm)"
13.66.139.136 - - [01/Dec/2020:06:27:53 +0100] "GET /images/mini_prod/9316188082167.jpg HTTP/1.1" 200 4084 "-" "Mozilla/5.0 (compatible; bingbot/2.0; +http://www.bing.com/bingbot.htm)"
13.66.139.161 - - [01/Dec/2020:06:28:06 +0100] "GET /images/big_prod/8422011475752.jpg HTTP/1.1" 200 42258 "-" "Mozilla/5.0 (compatible; bingbot/2.0; +http://www.bing.com/bingbot.htm)"
13.66.139.136 - - [01/Dec/2020:06:28:54 +0100] "GET /images/big_prod/5400924034504.jpg HTTP/1.1" 200 116316 "-" "Mozilla/5.0 (compatible; bingbot/2.0; +http://www.bing.com/bingbot.htm)"
13.66.139.11 - - [01/Dec/2020:06:29:43 +0100] "GET /images/1399984254387.jpg HTTP/1.1" 200 99803 "-" "Mozilla/5.0 (compatible; bingbot/2.0; +http://www.bing.com/bingbot.htm)"
13.66.139.161 - - [01/Dec/2020:06:29:49 +0100] "GET /images/big_prod/8422033187480.jpg HTTP/1.1" 200 172528 "-" "Mozilla/5.0 (compatible; bingbot/2.0; +http://www.bing.com/bingbot.htm)"
13.66.139.11 - - [01/Dec/2020:06:30:53 +0100] "GET /images/4007176127926.jpg HTTP/1.1" 200 23896 "-" "Mozilla/5.0 (compatible; bingbot/2.0; +http://www.bing.com/bingbot.htm)"
13.66.139.11 - - [01/Dec/2020:06:30:53 +0100] "GET /images/mini_prod/3457019600498.jpg HTTP/1.1" 200 5189 "-" "Mozilla/5.0 (compatible; bingbot/2.0; +http://www.bing.com/bingbot.htm)"
13.66.139.11 - - [01/Dec/2020:06:33:33 +0100] "GET /images/big_prod/8422188078589.jpg HTTP/1.1" 200 75477 "-" "Mozilla/5.0 (compatible; bingbot/2.0; +http://www.bing.com/bingbot.htm)"
13.66.139.161 - - [01/Dec/2020:06:33:47 +0100] "GET /images/big_prod/1384000000062BB.jpg HTTP/1.1" 200 119554 "-" "Mozilla/5.0 (compatible; bingbot/2.0; +http://www.bing.com/bingbot.htm)"
5.255.231.71 - - [01/Dec/2020:06:33:47 +0100] "GET /robots.txt HTTP/1.1" 200 2438 "-" "Mozilla/5.0 (compatible; YandexBot/3.0; +http://yandex.com/bots)"
13.66.139.136 - - [01/Dec/2020:06:34:23 +0100] "GET /images/big_prod/3665269006292.jpg HTTP/1.1" 200 77247 "-" "Mozilla/5.0 (compatible; bingbot/2.0; +http://www.bing.com/bingbot.htm)"
207.46.13.68 - - [01/Dec/2020:06:34:49 +0100] "GET /images/big_prod/720322264866.jpg HTTP/1.1" 200 124417 "-" "Mozilla/5.0 (compatible; bingbot/2.0; +http://www.bing.com/bingbot.htm)"
13.66.139.136 - - [01/Dec/2020:06:35:54 +0100] "GET /images/med_prod/3560600290340.jpg HTTP/1.1" 200 128263 "-" "Mozilla/5.0 (compatible; bingbot/2.0; +http://www.bing.com/bingbot.htm)"
13.66.139.11 - - [01/Dec/2020:06:36:34 +0100] "GET /images/big_prod/1384010204061.jpg HTTP/1.1" 200 99733 "-" "Mozilla/5.0 (compatible; bingbot/2.0; +http://www.bing.com/bingbot.htm)"
216.244.66.242 - - [01/Dec/2020:06:36:43 +0100] "GET /images/med_prod/3453601118174.jpg HTTP/1.1" 200 80478 "-" "Mozilla/5.0 (compatible; DotBot/1.1; http://www.opensiteexplorer.org/dotbot, help@moz.com)"
13.66.139.11 - - [01/Dec/2020:06:36:54 +0100] "GET /images/med_prod/b8422535846281.jpg HTTP/1.1" 200 142057 "-" "Mozilla/5.0 (compatible; bingbot/2.0; +http://www.bing.com/bingbot.htm)"
13.66.139.136 - - [01/Dec/2020:06:36:57 +0100] "GET /images/DSCN0894b.jpg HTTP/1.1" 200 21854 "-" "Mozilla/5.0 (compatible; bingbot/2.0; +http://www.bing.com/bingbot.htm)"
13.66.139.11 - - [01/Dec/2020:06:38:04 +0100] "GET /images/big_prod/8718317691980.jpg HTTP/1.1" 200 222317 "-" "Mozilla/5.0 (compatible; bingbot/2.0; +http://www.bing.com/bingbot.htm)"
13.66.139.11 - - [01/Dec/2020:06:38:05 +0100] "GET /images/big_prod/5051276219677.jpg HTTP/1.1" 200 67186 "-" "Mozilla/5.0 (compatible; bingbot/2.0; +http://www.bing.com/bingbot.htm)"
13.66.139.161 - - [01/Dec/2020:06:38:08 +0100] "GET /images/5425016105863.jpg HTTP/1.1" 200 28434 "-" "Mozilla/5.0 (compatible; bingbot/2.0; +http://www.bing.com/bingbot.htm)"
13.66.139.136 - - [01/Dec/2020:06:38:25 +0100] "GET /images/big_prod/3307215588154.jpg HTTP/1.1" 200 133481 "-" "Mozilla/5.0 (compatible; bingbot/2.0; +http://www.bing.com/bingbot.htm)"
13.66.139.161 - - [01/Dec/2020:06:38:30 +0100] "GET /images/big_prod/4542202653838.jpg HTTP/1.1" 200 62005 "-" "Mozilla/5.0 (compatible; bingbot/2.0; +http://www.bing.com/bingbot.htm)"
216.244.66.242 - - [01/Dec/2020:06:38:44 +0100] "GET /images/3457010433019.jpg HTTP/1.1" 200 33890 "-" "Mozilla/5.0 (compatible; DotBot/1.1; http://www.opensiteexplorer.org/dotbot, help@moz.com)"
13.66.139.11 - - [01/Dec/2020:06:39:34 +0100] "GET /images/big_prod/1384010205914.jpg HTTP/1.1" 200 182233 "-" "Mozilla/5.0 (compatible; bingbot/2.0; +http://www.bing.com/bingbot.htm)"
13.66.139.11 - - [01/Dec/2020:06:40:43 +0100] "GET /images/med_prod/1020322275145.jpg HTTP/1.1" 200 44961 "-" "Mozilla/5.0 (compatible; bingbot/2.0; +http://www.bing.com/bingbot.htm)"
216.244.66.242 - - [01/Dec/2020:06:42:18 +0100] "GET /images/3438100341247.jpg HTTP/1.1" 200 18831 "-" "Mozilla/5.0 (compatible; DotBot/1.1; http://www.opensiteexplorer.org/dotbot, help@moz.com)"
13.66.139.136 - - [01/Dec/2020:06:43:03 +0100] "GET /images/mini_prod/100_4191.gif HTTP/1.1" 200 10260 "-" "Mozilla/5.0 (compatible; bingbot/2.0; +http://www.bing.com/bingbot.htm)"
13.66.139.11 - - [01/Dec/2020:06:44:04 +0100] "GET /images/big_prod/3608860230260.jpg HTTP/1.1" 200 81318 "-" "Mozilla/5.0 (compatible; bingbot/2.0; +http://www.bing.com/bingbot.htm)"
13.66.139.136 - - [01/Dec/2020:06:44:09 +0100] "GET /images/med_prod/00lucky.jpg HTTP/1.1" 200 45372 "-" "Mozilla/5.0 (compatible; bingbot/2.0; +http://www.bing.com/bingbot.htm)"
13.66.139.11 - - [01/Dec/2020:06:44:54 +0100] "GET /images/big_prod/3660173233116.jpg HTTP/1.1" 200 43856 "-" "Mozilla/5.0 (compatible; bingbot/2.0; +http://www.bing.com/bingbot.htm)"
13.66.139.161 - - [01/Dec/2020:06:45:09 +0100] "GET /images/med_prod/3609810027510.jpg HTTP/1.1" 200 73870 "-" "Mozilla/5.0 (compatible; bingbot/2.0; +http://www.bing.com/bingbot.htm)"
13.66.139.136 - - [01/Dec/2020:06:45:14 +0100] "GET /images/3700235425650.jpg HTTP/1.1" 200 30102 "-" "Mozilla/5.0 (compatible; bingbot/2.0; +http://www.bing.com/bingbot.htm)"
13.66.139.11 - - [01/Dec/2020:06:45:19 +0100] "GET /images/4895029694646.jpg HTTP/1.1" 200 47726 "-" "Mozilla/5.0 (compatible; bingbot/2.0; +http://www.bing.com/bingbot.htm)"
13.66.139.161 - - [01/Dec/2020:06:45:27 +0100] "GET /images/big_prod/1384010192337.jpg HTTP/1.1" 200 69751 "-" "Mozilla/5.0 (compatible; bingbot/2.0; +http://www.bing.com/bingbot.htm)"
13.66.139.161 - - [01/Dec/2020:06:45:58 +0100] "GET /images/3661443602021.jpg HTTP/1.1" 200 20873 "-" "Mozilla/5.0 (compatible; bingbot/2.0; +http://www.bing.com/bingbot.htm)"
123.185.102.70 - - [01/Dec/2020:06:46:38 +0100] "GET /images/big_prod_1/b8718657460604.jpg HTTP/1.1" 200 85496 "https://cn.bing.com/" "Mozilla/5.0 (Windows NT 10.0; WOW64) AppleWebKit/537.36 (KHTML, like Gecko) Chrome/70.0.3538.25 Safari/537.36 Core/1.70.3823.400 QQBrowser/10.7.4307.400"
13.66.139.136 - - [01/Dec/2020:06:46:56 +0100] "GET /images/big_prod_1/251GJS12a.jpg HTTP/1.1" 200 119552 "-" "Mozilla/5.0 (compatible; bingbot/2.0; +http://www.bing.com/bingbot.htm)"
13.66.139.136 - - [01/Dec/2020:06:48:06 +0100] "GET /images/big_prod/720322284062.jpg HTTP/1.1" 200 95723 "-" "Mozilla/5.0 (compatible; bingbot/2.0; +http://www.bing.com/bingbot.htm)"
13.66.139.161 - - [01/Dec/2020:06:48:11 +0100] "GET /images/big_prod/3014627935703.jpg HTTP/1.1" 200 283728 "-" "Mozilla/5.0 (compatible; bingbot/2.0; +http://www.bing.com/bingbot.htm)"
13.66.139.11 - - [01/Dec/2020:06:48:56 +0100] "GET /images/big_prod/3700276215982.jpg HTTP/1.1" 200 77065 "-" "Mozilla/5.0 (compatible; bingbot/2.0; +http://www.bing.com/bingbot.htm)"
13.66.139.161 - - [01/Dec/2020:06:49:00 +0100] "GET /images/big_prod/9316188082167.jpg HTTP/1.1" 200 52176 "-" "Mozilla/5.0 (compatible; bingbot/2.0; +http://www.bing.com/bingbot.htm)"
13.66.139.161 - - [01/Dec/2020:06:50:09 +0100] "GET /images/big_prod_1/a5018997632116.jpg HTTP/1.1" 200 63431 "-" "Mozilla/5.0 (compatible; bingbot/2.0; +http://www.bing.com/bingbot.htm)"
13.66.139.11 - - [01/Dec/2020:06:50:55 +0100] "GET /images/big_prod/8433933104583.jpg HTTP/1.1" 200 54993 "-" "Mozilla/5.0 (compatible; bingbot/2.0; +http://www.bing.com/bingbot.htm)"
67.195.161.244 - - [01/Dec/2020:06:52:00 +0100] "GET /images/8435306246456bis.jpg HTTP/1.1" 200 99768 "https://images.search.yahoo.com/" "YahooCacheSystem; YahooWebServiceClient"
13.66.139.11 - - [01/Dec/2020:06:52:05 +0100] "GET /images/med_prod/1345544751797.jpg HTTP/1.1" 200 81050 "-" "Mozilla/5.0 (compatible; bingbot/2.0; +http://www.bing.com/bingbot.htm)"
13.66.139.11 - - [01/Dec/2020:06:52:25 +0100] "GET /images/med_prod/1384010178843.jpg HTTP/1.1" 200 113823 "-" "Mozilla/5.0 (compatible; bingbot/2.0; +http://www.bing.com/bingbot.htm)"
13.66.139.161 - - [01/Dec/2020:06:52:40 +0100] "GET /images/big_prod/3503420987847.jpg HTTP/1.1" 200 142863 "-" "Mozilla/5.0 (compatible; bingbot/2.0; +http://www.bing.com/bingbot.htm)"
13.66.139.11 - - [01/Dec/2020:06:52:55 +0100] "GET /images/3524550049205.jpg HTTP/1.1" 200 118827 "-" "Mozilla/5.0 (compatible; bingbot/2.0; +http://www.bing.com/bingbot.htm)"
13.66.139.11 - - [01/Dec/2020:06:53:25 +0100] "GET /images/med_prod/3453131045421.jpg HTTP/1.1" 200 51790 "-" "Mozilla/5.0 (compatible; bingbot/2.0; +http://www.bing.com/bingbot.htm)"
13.66.139.11 - - [01/Dec/2020:06:53:35 +0100] "GET /images/big_prod/3700230606399.jpg HTTP/1.1" 200 79835 "-" "Mozilla/5.0 (compatible; bingbot/2.0; +http://www.bing.com/bingbot.htm)"
185.191.171.21 - - [01/Dec/2020:06:55:01 +0100] "GET /robots.txt HTTP/1.1" 200 2438 "-" "Mozilla/5.0 (compatible; SemrushBot/7~bl; +http://www.semrush.com/bot.html)"
13.66.139.161 - - [01/Dec/2020:06:55:08 +0100] "GET /images/big_prod/8720088291122.jpg HTTP/1.1" 200 35953 "-" "Mozilla/5.0 (compatible; bingbot/2.0; +http://www.bing.com/bingbot.htm)"
13.66.139.136 - - [01/Dec/2020:06:55:16 +0100] "GET /images/med_prod/8435306276309.jpg HTTP/1.1" 200 119002 "-" "Mozilla/5.0 (compatible; bingbot/2.0; +http://www.bing.com/bingbot.htm)"
157.55.39.77 - - [01/Dec/2020:06:55:52 +0100] "GET /images/med_prod/1399984288757.jpg HTTP/1.1" 200 127404 "-" "Mozilla/5.0 (compatible; bingbot/2.0; +http://www.bing.com/bingbot.htm)"
13.66.139.11 - - [01/Dec/2020:06:57:45 +0100] "GET /images/med_prod/3453131119771.jpg HTTP/1.1" 200 52320 "-" "Mozilla/5.0 (compatible; bingbot/2.0; +http://www.bing.com/bingbot.htm)"
13.66.139.161 - - [01/Dec/2020:06:57:59 +0100] "GET /images/med_prod/1384010178683.jpg HTTP/1.1" 200 52216 "-" "Mozilla/5.0 (compatible; bingbot/2.0; +http://www.bing.com/bingbot.htm)"
13.66.139.136 - - [01/Dec/2020:06:58:06 +0100] "GET /images/1341689109295.jpg HTTP/1.1" 200 54848 "-" "Mozilla/5.0 (compatible; bingbot/2.0; +http://www.bing.com/bingbot.htm)"
13.66.139.136 - - [01/Dec/2020:06:59:36 +0100] "GET /images/3700057117405.jpg HTTP/1.1" 200 27798 "-" "Mozilla/5.0 (compatible; bingbot/2.0; +http://www.bing.com/bingbot.htm)"
13.66.139.136 - - [01/Dec/2020:07:00:07 +0100] "GET /images/TASSE-A-CAFE-POLAROID.jpg HTTP/1.1" 200 24200 "-" "Mozilla/5.0 (compatible; bingbot/2.0; +http://www.bing.com/bingbot.htm)"
13.66.139.161 - - [01/Dec/2020:07:01:00 +0100] "GET /images/DSCN0893.jpg HTTP/1.1" 200 30551 "-" "Mozilla/5.0 (compatible; bingbot/2.0; +http://www.bing.com/bingbot.htm)"
13.66.139.136 - - [01/Dec/2020:07:01:36 +0100] "GET /images/big_prod_2/6000971c.jpg HTTP/1.1" 200 79718 "-" "Mozilla/5.0 (compatible; bingbot/2.0; +http://www.bing.com/bingbot.htm)"
66.249.70.62 - - [01/Dec/2020:07:01:51 +0100] "GET /images/big_prod/3453131138970.jpg HTTP/1.1" 200 84449 "-" "Googlebot-Image/1.0"
66.249.70.62 - - [01/Dec/2020:07:01:53 +0100] "GET /images/big_prod_2/3453131138970b.jpg HTTP/1.1" 200 115824 "-" "Googlebot-Image/1.0"
13.66.139.11 - - [01/Dec/2020:07:01:56 +0100] "GET /images/1399984243862.jpg HTTP/1.1" 200 23103 "-" "Mozilla/5.0 (compatible; bingbot/2.0; +http://www.bing.com/bingbot.htm)"
13.66.139.161 - - [01/Dec/2020:07:02:40 +0100] "GET /images/med_prod/1399984272152.jpg HTTP/1.1" 200 78436 "-" "Mozilla/5.0 (compatible; bingbot/2.0; +http://www.bing.com/bingbot.htm)"
40.77.167.15 - - [01/Dec/2020:07:03:20 +0100] "GET /images/8435333807699.jpg HTTP/1.1" 200 100833 "-" "Mozilla/5.0 (compatible; bingbot/2.0; +http://www.bing.com/bingbot.htm)"
66.249.70.36 - - [01/Dec/2020:07:03:26 +0100] "GET /images/mini_prod/3442440298192.jpg HTTP/1.1" 200 8070 "-" "Googlebot-Image/1.0"
13.66.139.136 - - [01/Dec/2020:07:03:36 +0100] "GET /images/med_prod/3438100361511.jpg HTTP/1.1" 200 71022 "-" "Mozilla/5.0 (compatible; bingbot/2.0; +http://www.bing.com/bingbot.htm)"
13.66.139.161 - - [01/Dec/2020:07:04:49 +0100] "GET /images/4010070230418.jpg HTTP/1.1" 200 28781 "-" "Mozilla/5.0 (compatible; bingbot/2.0; +http://www.bing.com/bingbot.htm)"
13.66.139.11 - - [01/Dec/2020:07:05:06 +0100] "GET /images/1399984254417.jpg HTTP/1.1" 200 95005 "-" "Mozilla/5.0 (compatible; bingbot/2.0; +http://www.bing.com/bingbot.htm)"
13.66.139.161 - - [01/Dec/2020:07:05:11 +0100] "GET /images/1000000341003B.jpg HTTP/1.1" 200 51222 "-" "Mozilla/5.0 (compatible; bingbot/2.0; +http://www.bing.com/bingbot.htm)"
198.27.70.196 - - [01/Dec/2020:07:05:23 +0100] "GET /robots.txt HTTP/1.1" 200 2438 "-" "Mozilla/5.0 (compatible; MJ12bot/v1.4.8; http://mj12bot.com/)"
13.66.139.11 - - [01/Dec/2020:07:06:06 +0100] "GET /images/big_prod/3453131147712.jpg HTTP/1.1" 200 139871 "-" "Mozilla/5.0 (compatible; bingbot/2.0; +http://www.bing.com/bingbot.htm)"
13.66.139.136 - - [01/Dec/2020:07:06:37 +0100] "GET /images/big_prod/842218807859.jpg HTTP/1.1" 200 87472 "-" "Mozilla/5.0 (compatible; bingbot/2.0; +http://www.bing.com/bingbot.htm)"
13.66.139.11 - - [01/Dec/2020:07:06:57 +0100] "GET /images/big_prod/5051276207148.jpg HTTP/1.1" 200 102491 "-" "Mozilla/5.0 (compatible; bingbot/2.0; +http://www.bing.com/bingbot.htm)"
13.66.139.11 - - [01/Dec/2020:07:06:57 +0100] "GET /images/big_prod/1384010187005b.jpg HTTP/1.1" 200 51382 "-" "Mozilla/5.0 (compatible; bingbot/2.0; +http://www.bing.com/bingbot.htm)"
13.66.139.11 - - [01/Dec/2020:07:06:57 +0100] "GET /images/1399984231289.jpg HTTP/1.1" 200 49547 "-" "Mozilla/5.0 (compatible; bingbot/2.0; +http://www.bing.com/bingbot.htm)"
13.66.139.161 - - [01/Dec/2020:07:08:01 +0100] "GET /images/big_prod/3609810072046.jpg HTTP/1.1" 200 207372 "-" "Mozilla/5.0 (compatible; bingbot/2.0; +http://www.bing.com/bingbot.htm)"
13.66.139.161 - - [01/Dec/2020:07:08:02 +0100] "GET /images/big_prod_1/b8717202555635.jpg HTTP/1.1" 200 60241 "-" "Mozilla/5.0 (compatible; bingbot/2.0; +http://www.bing.com/bingbot.htm)"
13.66.139.136 - - [01/Dec/2020:07:08:07 +0100] "GET /images/big_prod/5024693142538.jpg HTTP/1.1" 200 97021 "-" "Mozilla/5.0 (compatible; bingbot/2.0; +http://www.bing.com/bingbot.htm)"
40.77.167.30 - - [01/Dec/2020:07:08:11 +0100] "GET /images/med_prod/1384010183373.jpg HTTP/1.1" 200 175183 "-" "Mozilla/5.0 (compatible; bingbot/2.0; +http://www.bing.com/bingbot.htm)"
13.66.139.136 - - [01/Dec/2020:07:08:37 +0100] "GET /images/big_prod/3014627954421x.jpg HTTP/1.1" 200 108297 "-" "Mozilla/5.0 (compatible; bingbot/2.0; +http://www.bing.com/bingbot.htm)"
13.66.139.11 - - [01/Dec/2020:07:08:56 +0100] "GET /images/9316188031042.jpg HTTP/1.1" 200 22935 "-" "Mozilla/5.0 (compatible; bingbot/2.0; +http://www.bing.com/bingbot.htm)"
13.66.139.11 - - [01/Dec/2020:07:08:57 +0100] "GET /images/big_prod_1/b720322285434.jpg HTTP/1.1" 200 68798 "-" "Mozilla/5.0 (compatible; bingbot/2.0; +http://www.bing.com/bingbot.htm)"
13.66.139.136 - - [01/Dec/2020:07:09:01 +0100] "GET /images/big_prod_2/8422099001102BC.jpg HTTP/1.1" 200 132284 "-" "Mozilla/5.0 (compatible; bingbot/2.0; +http://www.bing.com/bingbot.htm)"
13.66.139.161 - - [01/Dec/2020:07:09:05 +0100] "GET /images/big_prod/4025055017786.jpg HTTP/1.1" 200 55226 "-" "Mozilla/5.0 (compatible; bingbot/2.0; +http://www.bing.com/bingbot.htm)"
157.55.39.130 - - [01/Dec/2020:07:09:29 +0100] "GET /images/3609810010697.jpg HTTP/1.1" 200 56848 "-" "Mozilla/5.0 (compatible; bingbot/2.0; +http://www.bing.com/bingbot.htm)"
13.66.139.136 - - [01/Dec/2020:07:09:57 +0100] "GET /images/1399984255896.jpg HTTP/1.1" 200 106756 "-" "Mozilla/5.0 (compatible; bingbot/2.0; +http://www.bing.com/bingbot.htm)"
13.66.139.161 - - [01/Dec/2020:07:10:02 +0100] "GET /images/big_prod/8422042330778.jpg HTTP/1.1" 200 66376 "-" "Mozilla/5.0 (compatible; bingbot/2.0; +http://www.bing.com/bingbot.htm)"
13.66.139.11 - - [01/Dec/2020:07:11:37 +0100] "GET /images/big_prod/3014627889358.jpg HTTP/1.1" 200 88583 "-" "Mozilla/5.0 (compatible; bingbot/2.0; +http://www.bing.com/bingbot.htm)"
13.66.139.11 - - [01/Dec/2020:07:11:57 +0100] "GET /images/3048700060198.jpg HTTP/1.1" 200 29943 "-" "Mozilla/5.0 (compatible; bingbot/2.0; +http://www.bing.com/bingbot.htm)"
13.66.139.161 - - [01/Dec/2020:07:12:02 +0100] "GET /images/big_prod/1384010203583.jpg HTTP/1.1" 200 137631 "-" "Mozilla/5.0 (compatible; bingbot/2.0; +http://www.bing.com/bingbot.htm)"
66.249.70.33 - - [01/Dec/2020:07:13:21 +0100] "GET /images/mini_prod/8717202559770.jpg HTTP/1.1" 200 6066 "-" "Googlebot-Image/1.0"
13.66.139.161 - - [01/Dec/2020:07:13:40 +0100] "GET /images/big_prod/886767070681.jpg HTTP/1.1" 200 60313 "-" "Mozilla/5.0 (compatible; bingbot/2.0; +http://www.bing.com/bingbot.htm)"
13.66.139.161 - - [01/Dec/2020:07:13:41 +0100] "GET /images/med_prod/3453131112710.jpg HTTP/1.1" 200 116959 "-" "Mozilla/5.0 (compatible; bingbot/2.0; +http://www.bing.com/bingbot.htm)"
13.66.139.136 - - [01/Dec/2020:07:16:08 +0100] "GET /images/med_prod/1384010181485.jpg HTTP/1.1" 200 148279 "-" "Mozilla/5.0 (compatible; bingbot/2.0; +http://www.bing.com/bingbot.htm)"
157.55.39.77 - - [01/Dec/2020:07:16:23 +0100] "GET /images/tableaublancHK.jpg HTTP/1.1" 200 30779 "-" "Mozilla/5.0 (compatible; bingbot/2.0; +http://www.bing.com/bingbot.htm)"
13.66.139.136 - - [01/Dec/2020:07:16:58 +0100] "GET /images/med_prod/4012390389579.jpg HTTP/1.1" 200 94981 "-" "Mozilla/5.0 (compatible; bingbot/2.0; +http://www.bing.com/bingbot.htm)"
13.66.139.161 - - [01/Dec/2020:07:17:02 +0100] "GET /images/big_prod/5415203418777N.jpg HTTP/1.1" 200 64629 "-" "Mozilla/5.0 (compatible; bingbot/2.0; +http://www.bing.com/bingbot.htm)"
103.131.71.26 - - [01/Dec/2020:07:17:09 +0100] "GET /robots.txt HTTP/1.1" 200 2438 "-" "Mozilla/5.0 (compatible; coccocbot-image/1.0; +http://help.coccoc.com/searchengine)"
103.131.71.20 - - [01/Dec/2020:07:17:11 +0100] "GET /robots.txt HTTP/1.1" 200 2438 "-" "Mozilla/5.0 (compatible; coccocbot-image/1.0; +http://help.coccoc.com/searchengine)"
103.131.71.29 - - [01/Dec/2020:07:17:13 +0100] "GET /images/big_prod/3014627944958.jpg HTTP/1.1" 304 0 "-" "Mozilla/5.0 (compatible; coccocbot-image/1.0; +http://help.coccoc.com/searchengine)"
216.244.66.242 - - [01/Dec/2020:07:17:16 +0100] "GET /robots.txt HTTP/1.1" 200 2438 "-" "Mozilla/5.0 (compatible; DotBot/1.1; http://www.opensiteexplorer.org/dotbot, help@moz.com)"
13.66.139.136 - - [01/Dec/2020:07:18:28 +0100] "GET /images/3438100317129.jpg HTTP/1.1" 200 26740 "-" "Mozilla/5.0 (compatible; bingbot/2.0; +http://www.bing.com/bingbot.htm)"
13.66.139.161 - - [01/Dec/2020:07:21:02 +0100] "GET /images/med_prod/1399984286142.jpg HTTP/1.1" 200 187958 "-" "Mozilla/5.0 (compatible; bingbot/2.0; +http://www.bing.com/bingbot.htm)"
13.66.139.136 - - [01/Dec/2020:07:21:08 +0100] "GET /images/big_prod/3560600293624.jpg HTTP/1.1" 200 90357 "-" "Mozilla/5.0 (compatible; bingbot/2.0; +http://www.bing.com/bingbot.htm)"
13.66.139.161 - - [01/Dec/2020:07:22:02 +0100] "GET /images/big_prod/3609810072107.jpg HTTP/1.1" 200 116137 "-" "Mozilla/5.0 (compatible; bingbot/2.0; +http://www.bing.com/bingbot.htm)"
13.66.139.136 - - [01/Dec/2020:07:24:39 +0100] "GET /images/med_prod/1384010182819.jpg HTTP/1.1" 200 200333 "-" "Mozilla/5.0 (compatible; bingbot/2.0; +http://www.bing.com/bingbot.htm)"
185.191.171.2 - - [01/Dec/2020:07:24:41 +0100] "GET /robots.txt HTTP/1.1" 200 2438 "-" "Mozilla/5.0 (compatible; SemrushBot/7~bl; +http://www.semrush.com/bot.html)"
207.46.13.124 - - [01/Dec/2020:07:25:47 +0100] "GET /images/1399984230060.jpg HTTP/1.1" 200 19662 "-" "Mozilla/5.0 (compatible; bingbot/2.0; +http://www.bing.com/bingbot.htm)"
207.46.13.124 - - [01/Dec/2020:07:27:28 +0100] "GET /images/8435306241260.jpg HTTP/1.1" 200 42575 "-" "Mozilla/5.0 (compatible; bingbot/2.0; +http://www.bing.com/bingbot.htm)"
40.77.167.30 - - [01/Dec/2020:07:28:12 +0100] "GET /images/magnet70041.jpg HTTP/1.1" 200 24036 "-" "Mozilla/5.0 (compatible; bingbot/2.0; +http://www.bing.com/bingbot.htm)"
13.66.139.11 - - [01/Dec/2020:07:29:59 +0100] "GET /images/8432699037265.jpg HTTP/1.1" 200 30771 "-" "Mozilla/5.0 (compatible; bingbot/2.0; +http://www.bing.com/bingbot.htm)"
13.66.139.11 - - [01/Dec/2020:07:30:59 +0100] "GET /images/med_prod/3014627829996.jpg HTTP/1.1" 200 31975 "-" "Mozilla/5.0 (compatible; bingbot/2.0; +http://www.bing.com/bingbot.htm)"
157.55.39.164 - - [01/Dec/2020:07:31:14 +0100] "GET /images/3609810010642.jpg HTTP/1.1" 200 58548 "-" "Mozilla/5.0 (compatible; bingbot/2.0; +http://www.bing.com/bingbot.htm)"
13.66.139.136 - - [01/Dec/2020:07:31:50 +0100] "GET /images/big_prod_2/8424001712205C.jpg HTTP/1.1" 200 172839 "-" "Mozilla/5.0 (compatible; bingbot/2.0; +http://www.bing.com/bingbot.htm)"
157.55.39.77 - - [01/Dec/2020:07:32:34 +0100] "GET /images/big_prod_2/8424346247431C.jpg HTTP/1.1" 200 106533 "-" "Mozilla/5.0 (compatible; bingbot/2.0; +http://www.bing.com/bingbot.htm)"
13.66.139.161 - - [01/Dec/2020:07:34:53 +0100] "GET /images/big_prod_1/3442440105858B.jpg HTTP/1.1" 200 214354 "-" "Mozilla/5.0 (compatible; bingbot/2.0; +http://www.bing.com/bingbot.htm)"
13.66.139.11 - - [01/Dec/2020:07:35:19 +0100] "GET /images/med_prod/N5055071707735.jpg HTTP/1.1" 200 52206 "-" "Mozilla/5.0 (compatible; bingbot/2.0; +http://www.bing.com/bingbot.htm)"
13.66.139.161 - - [01/Dec/2020:07:35:23 +0100] "GET /images/mini_prod/3453131155151.jpg HTTP/1.1" 200 7820 "-" "Mozilla/5.0 (compatible; bingbot/2.0; +http://www.bing.com/bingbot.htm)"
13.66.139.11 - - [01/Dec/2020:07:35:50 +0100] "GET /images/big_prod_1/b4542202653814.jpg HTTP/1.1" 200 116127 "-" "Mozilla/5.0 (compatible; bingbot/2.0; +http://www.bing.com/bingbot.htm)"
13.66.139.11 - - [01/Dec/2020:07:35:59 +0100] "GET /images/885561160017.jpg HTTP/1.1" 200 21209 "-" "Mozilla/5.0 (compatible; bingbot/2.0; +http://www.bing.com/bingbot.htm)"
40.77.167.15 - - [01/Dec/2020:07:38:14 +0100] "GET /images/med_prod/00039897677330.jpg HTTP/1.1" 200 73307 "-" "Mozilla/5.0 (compatible; bingbot/2.0; +http://www.bing.com/bingbot.htm)"
72.192.71.243 - - [01/Dec/2020:07:38:36 +0100] "GET /images/3700235425650.jpg HTTP/1.1" 200 30102 "https://www.bing.com/" "Mozilla/5.0 (iPod touch; CPU iPhone OS 12_4_9 like Mac OS X) AppleWebKit/605.1.15 (KHTML, like Gecko) Version/12.1.2 Mobile/15E148 Safari/604.1"
13.66.139.136 - - [01/Dec/2020:07:39:13 +0100] "GET /images/med_prod/3662468004678.jpg HTTP/1.1" 200 73082 "-" "Mozilla/5.0 (compatible; bingbot/2.0; +http://www.bing.com/bingbot.htm)"
13.66.139.161 - - [01/Dec/2020:07:39:17 +0100] "GET /images/big_prod/3503424504569.jpg HTTP/1.1" 200 150283 "-" "Mozilla/5.0 (compatible; bingbot/2.0; +http://www.bing.com/bingbot.htm)"
13.66.139.11 - - [01/Dec/2020:07:39:29 +0100] "GET /images/DSCN458419072013.jpg HTTP/1.1" 200 24915 "-" "Mozilla/5.0 (compatible; bingbot/2.0; +http://www.bing.com/bingbot.htm)"
13.66.139.11 - - [01/Dec/2020:07:39:40 +0100] "GET /images/med_prod/8435306290596.jpg HTTP/1.1" 200 154361 "-" "Mozilla/5.0 (compatible; bingbot/2.0; +http://www.bing.com/bingbot.htm)"
40.77.167.30 - - [01/Dec/2020:07:40:14 +0100] "GET /images/big_prod/3589362850098.jpg HTTP/1.1" 200 93611 "-" "Mozilla/5.0 (compatible; bingbot/2.0; +http://www.bing.com/bingbot.htm)"
157.55.39.164 - - [01/Dec/2020:07:40:18 +0100] "GET /images/3521320605487.jpg HTTP/1.1" 200 65766 "-" "Mozilla/5.0 (compatible; bingbot/2.0; +http://www.bing.com/bingbot.htm)"
40.77.167.30 - - [01/Dec/2020:07:40:35 +0100] "GET /images/med_prod/5013138655641.jpg HTTP/1.1" 200 72160 "-" "Mozilla/5.0 (compatible; bingbot/2.0; +http://www.bing.com/bingbot.htm)"
13.66.139.136 - - [01/Dec/2020:07:41:10 +0100] "GET /images/big_prod_3/d5018997612996.jpg HTTP/1.1" 200 151358 "-" "Mozilla/5.0 (compatible; bingbot/2.0; +http://www.bing.com/bingbot.htm)"
13.66.139.161 - - [01/Dec/2020:07:41:32 +0100] "GET /images/8714274565036.jpg HTTP/1.1" 200 65224 "-" "Mozilla/5.0 (compatible; bingbot/2.0; +http://www.bing.com/bingbot.htm)"
13.66.139.161 - - [01/Dec/2020:07:41:44 +0100] "GET /images/8714274565036.jpg HTTP/1.1" 200 65224 "-" "Mozilla/5.0 (compatible; bingbot/2.0; +http://www.bing.com/bingbot.htm)"
216.244.66.242 - - [01/Dec/2020:07:41:52 +0100] "GET /images/3521320003320.jpg HTTP/1.1" 200 44404 "-" "Mozilla/5.0 (compatible; DotBot/1.1; http://www.opensiteexplorer.org/dotbot, help@moz.com)"
13.66.139.161 - - [01/Dec/2020:07:42:03 +0100] "GET /images/med_prod/3520071392981.jpg HTTP/1.1" 200 70996 "-" "Mozilla/5.0 (compatible; bingbot/2.0; +http://www.bing.com/bingbot.htm)"
13.66.139.161 - - [01/Dec/2020:07:42:35 +0100] "GET /images/big_prod/720322264866.jpg HTTP/1.1" 200 124417 "-" "Mozilla/5.0 (compatible; bingbot/2.0; +http://www.bing.com/bingbot.htm)"
13.66.139.161 - - [01/Dec/2020:07:42:43 +0100] "GET /images/big_prod/4012390387414.jpg HTTP/1.1" 200 46365 "-" "Mozilla/5.0 (compatible; bingbot/2.0; +http://www.bing.com/bingbot.htm)"
13.66.139.11 - - [01/Dec/2020:07:43:39 +0100] "GET /images/3585190576223.jpg HTTP/1.1" 200 36480 "-" "Mozilla/5.0 (compatible; bingbot/2.0; +http://www.bing.com/bingbot.htm)"
13.66.139.136 - - [01/Dec/2020:07:44:00 +0100] "GET /images/big_prod/8422088078573.jpg HTTP/1.1" 200 79576 "-" "Mozilla/5.0 (compatible; bingbot/2.0; +http://www.bing.com/bingbot.htm)"
13.66.139.161 - - [01/Dec/2020:07:44:05 +0100] "GET /images/big_prod/3700230605972.jpg HTTP/1.1" 200 83633 "-" "Mozilla/5.0 (compatible; bingbot/2.0; +http://www.bing.com/bingbot.htm)"
13.66.139.161 - - [01/Dec/2020:07:44:05 +0100] "GET /images/3845653503020.jpg HTTP/1.1" 200 21082 "-" "Mozilla/5.0 (compatible; bingbot/2.0; +http://www.bing.com/bingbot.htm)"
13.66.139.161 - - [01/Dec/2020:07:44:45 +0100] "GET /images/big_prod/8720088292501.jpg HTTP/1.1" 200 83174 "-" "Mozilla/5.0 (compatible; bingbot/2.0; +http://www.bing.com/bingbot.htm)"
13.66.139.136 - - [01/Dec/2020:07:46:11 +0100] "GET /images/big_prod/8422089456714B.jpg HTTP/1.1" 200 167410 "-" "Mozilla/5.0 (compatible; bingbot/2.0; +http://www.bing.com/bingbot.htm)"
66.249.70.62 - - [01/Dec/2020:07:46:11 +0100] "GET /robots.txt HTTP/1.1" 200 2438 "-" "Mozilla/5.0 (compatible; Googlebot/2.1; +http://www.google.com/bot.html)"
13.66.139.161 - - [01/Dec/2020:07:46:44 +0100] "GET /images/MISES-EN-SITUATION-03.jpg HTTP/1.1" 200 38835 "-" "Mozilla/5.0 (compatible; bingbot/2.0; +http://www.bing.com/bingbot.htm)"
13.66.139.11 - - [01/Dec/2020:07:47:50 +0100] "GET /images/big_prod/1384010204412NN.jpg HTTP/1.1" 200 54039 "-" "Mozilla/5.0 (compatible; bingbot/2.0; +http://www.bing.com/bingbot.htm)"
157.55.39.164 - - [01/Dec/2020:07:49:56 +0100] "GET /images/big_prod/1384010207802.jpg HTTP/1.1" 200 82110 "-" "Mozilla/5.0 (compatible; bingbot/2.0; +http://www.bing.com/bingbot.htm)"
13.66.139.11 - - [01/Dec/2020:07:50:00 +0100] "GET /images/4036113165592.jpg HTTP/1.1" 200 39941 "-" "Mozilla/5.0 (compatible; bingbot/2.0; +http://www.bing.com/bingbot.htm)"
13.66.139.161 - - [01/Dec/2020:07:50:05 +0100] "GET /images/7601019993036.jpg HTTP/1.1" 200 23271 "-" "Mozilla/5.0 (compatible; bingbot/2.0; +http://www.bing.com/bingbot.htm)"
13.66.139.136 - - [01/Dec/2020:07:50:41 +0100] "GET /images/big_prod_1/a4542202653807.jpg HTTP/1.1" 200 115811 "-" "Mozilla/5.0 (compatible; bingbot/2.0; +http://www.bing.com/bingbot.htm)"
40.77.167.30 - - [01/Dec/2020:07:50:56 +0100] "GET /images/med_prod/3609810017849.jpg HTTP/1.1" 200 125555 "-" "Mozilla/5.0 (compatible; bingbot/2.0; +http://www.bing.com/bingbot.htm)"
13.66.139.161 - - [01/Dec/2020:07:51:17 +0100] "GET /images/med_prod/3700789213239.jpg HTTP/1.1" 200 96094 "-" "Mozilla/5.0 (compatible; bingbot/2.0; +http://www.bing.com/bingbot.htm)"
13.66.139.136 - - [01/Dec/2020:07:51:41 +0100] "GET /images/big_prod/8424346227204.jpg HTTP/1.1" 200 87338 "-" "Mozilla/5.0 (compatible; bingbot/2.0; +http://www.bing.com/bingbot.htm)"
13.66.139.11 - - [01/Dec/2020:07:52:01 +0100] "GET /images/big_prod/4260082934655B.jpg HTTP/1.1" 200 94572 "-" "Mozilla/5.0 (compatible; bingbot/2.0; +http://www.bing.com/bingbot.htm)"
13.66.139.161 - - [01/Dec/2020:07:52:14 +0100] "GET /images/big_prod/8436565220751.jpg HTTP/1.1" 200 149147 "-" "Mozilla/5.0 (compatible; bingbot/2.0; +http://www.bing.com/bingbot.htm)"
66.249.70.62 - - [01/Dec/2020:07:53:31 +0100] "GET /images/3700653591838.jpg HTTP/1.1" 200 118307 "-" "Googlebot-Image/1.0"
66.249.70.36 - - [01/Dec/2020:07:53:32 +0100] "GET /images/9316188030755.jpg HTTP/1.1" 200 27220 "-" "Googlebot-Image/1.0"
13.66.139.11 - - [01/Dec/2020:07:54:02 +0100] "GET /images/med_prod/720322240013.jpg HTTP/1.1" 200 87343 "-" "Mozilla/5.0 (compatible; bingbot/2.0; +http://www.bing.com/bingbot.htm)"
13.66.139.11 - - [01/Dec/2020:07:55:11 +0100] "GET /images/5013138635872.jpg HTTP/1.1" 200 28312 "-" "Mozilla/5.0 (compatible; bingbot/2.0; +http://www.bing.com/bingbot.htm)"
13.66.139.136 - - [01/Dec/2020:07:55:15 +0100] "GET /images/3700276215906.jpg HTTP/1.1" 200 51034 "-" "Mozilla/5.0 (compatible; bingbot/2.0; +http://www.bing.com/bingbot.htm)"
66.249.70.33 - - [01/Dec/2020:07:56:22 +0100] "GET /images/med_prod/9316188060677.jpg HTTP/1.1" 200 80658 "-" "Googlebot-Image/1.0"
13.66.139.11 - - [01/Dec/2020:07:57:21 +0100] "GET /images/med_prod/00000000000lyon.jpg HTTP/1.1" 200 59347 "-" "Mozilla/5.0 (compatible; bingbot/2.0; +http://www.bing.com/bingbot.htm)"
37.9.102.230 - - [01/Dec/2020:07:58:27 +0100] "GET /images/1399984251270.jpg HTTP/1.1" 200 85703 "-" "Mozilla/5.0 (compatible; YandexImageResizer/2.0; +http://yandex.com/bots)"
13.66.139.136 - - [01/Dec/2020:07:58:42 +0100] "GET /images/med_prod/5060275044296.jpg HTTP/1.1" 200 96864 "-" "Mozilla/5.0 (compatible; bingbot/2.0; +http://www.bing.com/bingbot.htm)"
13.66.139.161 - - [01/Dec/2020:07:59:17 +0100] "GET /images/big_prod_2/1328399219629b.jpg HTTP/1.1" 200 54033 "-" "Mozilla/5.0 (compatible; bingbot/2.0; +http://www.bing.com/bingbot.htm)"
13.66.139.11 - - [01/Dec/2020:07:59:41 +0100] "GET /images/3700276874486.jpg HTTP/1.1" 200 46281 "-" "Mozilla/5.0 (compatible; bingbot/2.0; +http://www.bing.com/bingbot.htm)"
13.66.139.11 - - [01/Dec/2020:07:59:52 +0100] "GET /images/9316188050197.jpg HTTP/1.1" 200 109470 "-" "Mozilla/5.0 (compatible; bingbot/2.0; +http://www.bing.com/bingbot.htm)"
13.66.139.136 - - [01/Dec/2020:08:01:22 +0100] "GET /images/DSCN0912b.jpg HTTP/1.1" 200 28662 "-" "Mozilla/5.0 (compatible; bingbot/2.0; +http://www.bing.com/bingbot.htm)"
66.249.70.33 - - [01/Dec/2020:08:01:28 +0100] "GET /images/big_prod/3609810061866.jpg HTTP/1.1" 200 98643 "-" "Googlebot-Image/1.0"
66.249.70.36 - - [01/Dec/2020:08:03:40 +0100] "GET /images/TRODZ3070.jpg HTTP/1.1" 200 52505 "-" "Googlebot-Image/1.0"
13.66.139.11 - - [01/Dec/2020:08:03:52 +0100] "GET /images/big_prod/3453131139571.jpg HTTP/1.1" 200 70043 "-" "Mozilla/5.0 (compatible; bingbot/2.0; +http://www.bing.com/bingbot.htm)"
13.66.139.136 - - [01/Dec/2020:08:04:42 +0100] "GET /images/3272760369599.jpg HTTP/1.1" 200 25508 "-" "Mozilla/5.0 (compatible; bingbot/2.0; +http://www.bing.com/bingbot.htm)"
13.66.139.11 - - [01/Dec/2020:08:04:47 +0100] "GET /images/big_prod/1004038301145.jpg HTTP/1.1" 200 92058 "-" "Mozilla/5.0 (compatible; bingbot/2.0; +http://www.bing.com/bingbot.htm)"
13.66.139.136 - - [01/Dec/2020:08:05:23 +0100] "GET /images/med_prod/6942138911381.jpg HTTP/1.1" 200 105851 "-" "Mozilla/5.0 (compatible; bingbot/2.0; +http://www.bing.com/bingbot.htm)"
66.249.70.36 - - [01/Dec/2020:08:05:41 +0100] "GET /images/3540943109332.jpg HTTP/1.1" 200 45841 "-" "Googlebot-Image/1.0"
13.66.139.11 - - [01/Dec/2020:08:05:42 +0100] "GET /images/med_prod/1399984286425.jpg HTTP/1.1" 200 48560 "-" "Mozilla/5.0 (compatible; bingbot/2.0; +http://www.bing.com/bingbot.htm)"
13.66.139.136 - - [01/Dec/2020:08:05:52 +0100] "GET /images/big_prod/3665269058949.jpg HTTP/1.1" 200 100739 "-" "Mozilla/5.0 (compatible; bingbot/2.0; +http://www.bing.com/bingbot.htm)"
66.249.70.62 - - [01/Dec/2020:08:06:34 +0100] "GET /images/3135258902503.jpg HTTP/1.1" 200 20554 "-" "Googlebot-Image/1.0"
13.66.139.11 - - [01/Dec/2020:08:08:03 +0100] "GET /images/beatlesgris.jpg HTTP/1.1" 200 127529 "-" "Mozilla/5.0 (compatible; bingbot/2.0; +http://www.bing.com/bingbot.htm)"
13.66.139.136 - - [01/Dec/2020:08:09:15 +0100] "GET /images/big_prod_1/3520010418505N.jpg HTTP/1.1" 200 266857 "-" "Mozilla/5.0 (compatible; bingbot/2.0; +http://www.bing.com/bingbot.htm)"
13.66.139.11 - - [01/Dec/2020:08:09:43 +0100] "GET /images/4036113222240.jpg HTTP/1.1" 200 154173 "-" "Mozilla/5.0 (compatible; bingbot/2.0; +http://www.bing.com/bingbot.htm)"
13.66.139.11 - - [01/Dec/2020:08:11:12 +0100] "GET /images/mini_prod/191693137538.jpg HTTP/1.1" 200 7130 "-" "Mozilla/5.0 (compatible; bingbot/2.0; +http://www.bing.com/bingbot.htm)"
13.66.139.136 - - [01/Dec/2020:08:11:16 +0100] "GET /images/med_prod/5036278058394.jpg HTTP/1.1" 200 105963 "-" "Mozilla/5.0 (compatible; bingbot/2.0; +http://www.bing.com/bingbot.htm)"
13.66.139.11 - - [01/Dec/2020:08:12:53 +0100] "GET /images/big_prod/3609810027572.jpg HTTP/1.1" 200 90764 "-" "Mozilla/5.0 (compatible; bingbot/2.0; +http://www.bing.com/bingbot.htm)"
13.66.139.136 - - [01/Dec/2020:08:13:13 +0100] "GET /images/big_prod_4/6971640206074d.jpg HTTP/1.1" 200 181054 "-" "Mozilla/5.0 (compatible; bingbot/2.0; +http://www.bing.com/bingbot.htm)"
13.66.139.11 - - [01/Dec/2020:08:13:52 +0100] "GET /images/4025055094121.jpg HTTP/1.1" 200 34617 "-" "Mozilla/5.0 (compatible; bingbot/2.0; +http://www.bing.com/bingbot.htm)"
66.249.70.62 - - [01/Dec/2020:08:13:53 +0100] "GET /images/med_prod/1341689805791.jpg HTTP/1.1" 200 122634 "-" "Googlebot-Image/1.0"
66.249.70.62 - - [01/Dec/2020:08:13:53 +0100] "GET /images/3438100340806.jpg HTTP/1.1" 200 28986 "-" "Googlebot-Image/1.0"
13.66.139.161 - - [01/Dec/2020:08:13:58 +0100] "GET /images/1399984254189.jpg HTTP/1.1" 200 217816 "-" "Mozilla/5.0 (compatible; bingbot/2.0; +http://www.bing.com/bingbot.htm)"
13.66.139.136 - - [01/Dec/2020:08:14:04 +0100] "GET /images/med_prod/5051276183015.jpg HTTP/1.1" 200 99218 "-" "Mozilla/5.0 (compatible; bingbot/2.0; +http://www.bing.com/bingbot.htm)"
13.66.139.11 - - [01/Dec/2020:08:16:02 +0100] "GET /images/mini_prod/img11174.gif HTTP/1.1" 200 7084 "-" "Mozilla/5.0 (compatible; bingbot/2.0; +http://www.bing.com/bingbot.htm)"
13.66.139.161 - - [01/Dec/2020:08:16:47 +0100] "GET /images/big_prod/8719497611157.jpg HTTP/1.1" 200 92980 "-" "Mozilla/5.0 (compatible; bingbot/2.0; +http://www.bing.com/bingbot.htm)"
13.66.139.161 - - [01/Dec/2020:08:17:18 +0100] "GET /images/7316191713234.jpg HTTP/1.1" 200 150227 "-" "Mozilla/5.0 (compatible; bingbot/2.0; +http://www.bing.com/bingbot.htm)"
157.55.39.77 - - [01/Dec/2020:08:18:19 +0100] "GET /images/med_prod/1399984286425.jpg HTTP/1.1" 200 48560 "-" "Mozilla/5.0 (compatible; bingbot/2.0; +http://www.bing.com/bingbot.htm)"
17.58.101.142 - - [01/Dec/2020:08:18:28 +0100] "GET /images/med_prod/4029811331451.jpg HTTP/1.1" 200 77704 "-" "Mozilla/5.0 (Macintosh; Intel Mac OS X 10_15_5) AppleWebKit/605.1.15 (KHTML, like Gecko) Version/13.1.1 Safari/605.1.15 (Applebot/0.1; +http://www.apple.com/go/applebot)"
216.244.66.242 - - [01/Dec/2020:08:18:40 +0100] "GET /robots.txt HTTP/1.1" 200 2438 "-" "Mozilla/5.0 (compatible; DotBot/1.1; http://www.opensiteexplorer.org/dotbot, help@moz.com)"
13.66.139.161 - - [01/Dec/2020:08:19:19 +0100] "GET /images/1399984256633.jpg HTTP/1.1" 200 137375 "-" "Mozilla/5.0 (compatible; bingbot/2.0; +http://www.bing.com/bingbot.htm)"
13.66.139.11 - - [01/Dec/2020:08:20:04 +0100] "GET /images/big_prod/3453131151474.jpg HTTP/1.1" 200 199740 "-" "Mozilla/5.0 (compatible; bingbot/2.0; +http://www.bing.com/bingbot.htm)"
13.66.139.11 - - [01/Dec/2020:08:20:43 +0100] "GET /images/big_prod/8433933226438.jpg HTTP/1.1" 200 123556 "-" "Mozilla/5.0 (compatible; bingbot/2.0; +http://www.bing.com/bingbot.htm)"
13.66.139.161 - - [01/Dec/2020:08:23:06 +0100] "GET /images/102_4711.jpg HTTP/1.1" 200 15625 "-" "Mozilla/5.0 (compatible; bingbot/2.0; +http://www.bing.com/bingbot.htm)"
13.66.139.11 - - [01/Dec/2020:08:23:13 +0100] "GET /images/big_prod/1399984289341.jpg HTTP/1.1" 200 50875 "-" "Mozilla/5.0 (compatible; bingbot/2.0; +http://www.bing.com/bingbot.htm)"
13.66.139.136 - - [01/Dec/2020:08:23:17 +0100] "GET /images/1399984237038.jpg HTTP/1.1" 200 31532 "-" "Mozilla/5.0 (compatible; bingbot/2.0; +http://www.bing.com/bingbot.htm)"
66.249.70.33 - - [01/Dec/2020:08:23:54 +0100] "GET /images/mini_prod/8717202559642.jpg HTTP/1.1" 200 6612 "-" "Googlebot-Image/1.0"
66.249.70.62 - - [01/Dec/2020:08:23:55 +0100] "GET /images/big_prod/5018997752913.jpg HTTP/1.1" 200 117957 "-" "Googlebot-Image/1.0"
66.249.70.33 - - [01/Dec/2020:08:23:56 +0100] "GET /images/med_prod/1020322274148.jpg HTTP/1.1" 200 80173 "-" "Googlebot-Image/1.0"
103.131.71.163 - - [01/Dec/2020:08:24:17 +0100] "GET /robots.txt HTTP/1.1" 200 2438 "-" "Mozilla/5.0 (compatible; coccocbot-web/1.0; +http://help.coccoc.com/searchengine)"
185.191.171.12 - - [01/Dec/2020:08:24:53 +0100] "GET /robots.txt HTTP/1.1" 200 2438 "-" "Mozilla/5.0 (compatible; SemrushBot/7~bl; +http://www.semrush.com/bot.html)"
13.66.139.11 - - [01/Dec/2020:08:25:14 +0100] "GET /images/8432193231985.jpg HTTP/1.1" 200 34219 "-" "Mozilla/5.0 (compatible; bingbot/2.0; +http://www.bing.com/bingbot.htm)"
13.66.139.136 - - [01/Dec/2020:08:25:19 +0100] "GET /images/big_prod/NN1399980107892NN.jpg HTTP/1.1" 200 96615 "-" "Mozilla/5.0 (compatible; bingbot/2.0; +http://www.bing.com/bingbot.htm)"
13.66.139.161 - - [01/Dec/2020:08:25:47 +0100] "GET /images/med_prod/1399984284520.jpg HTTP/1.1" 200 106912 "-" "Mozilla/5.0 (compatible; bingbot/2.0; +http://www.bing.com/bingbot.htm)"
13.66.139.11 - - [01/Dec/2020:08:25:54 +0100] "GET /images/5055071657603.jpg HTTP/1.1" 200 109087 "-" "Mozilla/5.0 (compatible; bingbot/2.0; +http://www.bing.com/bingbot.htm)"
13.66.139.136 - - [01/Dec/2020:08:25:58 +0100] "GET /images/big_prod/3014627880096.jpg HTTP/1.1" 200 63040 "-" "Mozilla/5.0 (compatible; bingbot/2.0; +http://www.bing.com/bingbot.htm)"
157.55.39.130 - - [01/Dec/2020:08:26:06 +0100] "GET /images/5018997519806.jpg HTTP/1.1" 200 107047 "-" "Mozilla/5.0 (compatible; bingbot/2.0; +http://www.bing.com/bingbot.htm)"
13.66.139.136 - - [01/Dec/2020:08:26:24 +0100] "GET /images/big_prod/3503420107740.jpg HTTP/1.1" 200 80919 "-" "Mozilla/5.0 (compatible; bingbot/2.0; +http://www.bing.com/bingbot.htm)"
13.66.139.161 - - [01/Dec/2020:08:26:29 +0100] "GET /images/big_prod/8433933220627.jpg HTTP/1.1" 200 140738 "-" "Mozilla/5.0 (compatible; bingbot/2.0; +http://www.bing.com/bingbot.htm)"
13.66.139.136 - - [01/Dec/2020:08:27:55 +0100] "GET /images/big_prod/3014627880102.jpg HTTP/1.1" 200 74795 "-" "Mozilla/5.0 (compatible; bingbot/2.0; +http://www.bing.com/bingbot.htm)"
13.66.139.161 - - [01/Dec/2020:08:28:07 +0100] "GET /images/big_prod/3574642017070.jpg HTTP/1.1" 200 42832 "-" "Mozilla/5.0 (compatible; bingbot/2.0; +http://www.bing.com/bingbot.htm)"
40.77.167.15 - - [01/Dec/2020:08:28:49 +0100] "GET /images/big_prod/5051276219677.jpg HTTP/1.1" 200 67186 "-" "Mozilla/5.0 (compatible; bingbot/2.0; +http://www.bing.com/bingbot.htm)"
13.66.139.161 - - [01/Dec/2020:08:29:18 +0100] "GET /images/med_prod/1384010184271.jpg HTTP/1.1" 200 93088 "-" "Mozilla/5.0 (compatible; bingbot/2.0; +http://www.bing.com/bingbot.htm)"
13.66.139.11 - - [01/Dec/2020:08:30:04 +0100] "GET /images/med_prod/039897677330dj.jpg HTTP/1.1" 200 45294 "-" "Mozilla/5.0 (compatible; bingbot/2.0; +http://www.bing.com/bingbot.htm)"
13.66.139.161 - - [01/Dec/2020:08:31:18 +0100] "GET /images/med_prod/4542202652176.jpg HTTP/1.1" 200 43817 "-" "Mozilla/5.0 (compatible; bingbot/2.0; +http://www.bing.com/bingbot.htm)"
79.140.18.250 - - [01/Dec/2020:08:31:21 +0100] "GET /images/med_prod/1384010178423.jpg HTTP/1.1" 200 76130 "-" "Mozilla/5.0 (Windows NT 6.3; Win64; x64; rv:83.0) Gecko/20100101 Firefox/83.0"
13.66.139.11 - - [01/Dec/2020:08:31:34 +0100] "GET /images/big_prod/1384220059376.jpg HTTP/1.1" 200 142813 "-" "Mozilla/5.0 (compatible; bingbot/2.0; +http://www.bing.com/bingbot.htm)"
13.66.139.11 - - [01/Dec/2020:08:33:15 +0100] "GET /images/big_prod/13028399219407.jpg HTTP/1.1" 200 95243 "-" "Mozilla/5.0 (compatible; bingbot/2.0; +http://www.bing.com/bingbot.htm)"
66.249.70.36 - - [01/Dec/2020:08:33:59 +0100] "GET /images/9316188037440.jpg HTTP/1.1" 200 23907 "-" "Googlebot-Image/1.0"
13.66.139.11 - - [01/Dec/2020:08:35:15 +0100] "GET /images/8741502132395.jpg HTTP/1.1" 200 37974 "-" "Mozilla/5.0 (compatible; bingbot/2.0; +http://www.bing.com/bingbot.htm)"
66.249.70.62 - - [01/Dec/2020:08:35:49 +0100] "GET /images/3700766321445.jpg HTTP/1.1" 200 94751 "-" "Googlebot-Image/1.0"
13.66.139.161 - - [01/Dec/2020:08:36:08 +0100] "GET /images/big_prod/8422020085508.jpg HTTP/1.1" 200 98567 "-" "Mozilla/5.0 (compatible; bingbot/2.0; +http://www.bing.com/bingbot.htm)"
13.66.139.161 - - [01/Dec/2020:08:38:18 +0100] "GET /images/3521320605173.jpg HTTP/1.1" 200 33768 "-" "Mozilla/5.0 (compatible; bingbot/2.0; +http://www.bing.com/bingbot.htm)"
13.66.139.161 - - [01/Dec/2020:08:38:49 +0100] "GET /images/big_prod/1384010207383.jpg HTTP/1.1" 200 169471 "-" "Mozilla/5.0 (compatible; bingbot/2.0; +http://www.bing.com/bingbot.htm)"
13.66.139.11 - - [01/Dec/2020:08:40:05 +0100] "GET /images/big_prod/1384010191767.jpg HTTP/1.1" 200 50582 "-" "Mozilla/5.0 (compatible; bingbot/2.0; +http://www.bing.com/bingbot.htm)"
207.46.13.89 - - [01/Dec/2020:08:41:24 +0100] "GET /images/med_prod/8435107823979.jpg HTTP/1.1" 200 166533 "-" "Mozilla/5.0 (compatible; bingbot/2.0; +http://www.bing.com/bingbot.htm)"
13.66.139.11 - - [01/Dec/2020:08:41:45 +0100] "GET /images/3760194999883.jpg HTTP/1.1" 200 22022 "-" "Mozilla/5.0 (compatible; bingbot/2.0; +http://www.bing.com/bingbot.htm)"
13.66.139.161 - - [01/Dec/2020:08:41:50 +0100] "GET /images/big_prod_1/9316188077514N.jpg HTTP/1.1" 200 52486 "-" "Mozilla/5.0 (compatible; bingbot/2.0; +http://www.bing.com/bingbot.htm)"
157.55.39.77 - - [01/Dec/2020:08:43:13 +0100] "GET /images/big_prod_1/wunzees.jpg HTTP/1.1" 200 230201 "-" "Mozilla/5.0 (compatible; bingbot/2.0; +http://www.bing.com/bingbot.htm)"
13.66.139.161 - - [01/Dec/2020:08:43:40 +0100] "GET /images/1399984251201.jpg HTTP/1.1" 200 118470 "-" "Mozilla/5.0 (compatible; bingbot/2.0; +http://www.bing.com/bingbot.htm)"
13.66.139.11 - - [01/Dec/2020:08:43:45 +0100] "GET /images/EL916N.jpg HTTP/1.1" 200 61562 "-" "Mozilla/5.0 (compatible; bingbot/2.0; +http://www.bing.com/bingbot.htm)"
13.66.139.11 - - [01/Dec/2020:08:43:56 +0100] "GET /images/big_prod/4260082935706.jpg HTTP/1.1" 200 150038 "-" "Mozilla/5.0 (compatible; bingbot/2.0; +http://www.bing.com/bingbot.htm)"
13.66.139.11 - - [01/Dec/2020:08:44:05 +0100] "GET /images/mini_prod/191693137538.jpg HTTP/1.1" 200 7130 "-" "Mozilla/5.0 (compatible; bingbot/2.0; +http://www.bing.com/bingbot.htm)"
207.46.13.68 - - [01/Dec/2020:08:44:10 +0100] "GET /images/big_prod/3349600105690.jpg HTTP/1.1" 200 48526 "-" "Mozilla/5.0 (compatible; bingbot/2.0; +http://www.bing.com/bingbot.htm)"
13.66.139.161 - - [01/Dec/2020:08:44:19 +0100] "GET /images/big_prod/8422001017702.jpg HTTP/1.1" 200 52161 "-" "Mozilla/5.0 (compatible; bingbot/2.0; +http://www.bing.com/bingbot.htm)"
13.66.139.11 - - [01/Dec/2020:08:45:16 +0100] "GET /images/med_prod/5013138655641.jpg HTTP/1.1" 200 72160 "-" "Mozilla/5.0 (compatible; bingbot/2.0; +http://www.bing.com/bingbot.htm)"
13.66.139.11 - - [01/Dec/2020:08:45:16 +0100] "GET /images/8029759059925.jpg HTTP/1.1" 200 46498 "-" "Mozilla/5.0 (compatible; bingbot/2.0; +http://www.bing.com/bingbot.htm)"
13.66.139.161 - - [01/Dec/2020:08:45:21 +0100] "GET /images/med_prod/8431031049010.jpg HTTP/1.1" 200 94963 "-" "Mozilla/5.0 (compatible; bingbot/2.0; +http://www.bing.com/bingbot.htm)"
13.66.139.11 - - [01/Dec/2020:08:45:26 +0100] "GET /images/big_prod/4012390387773.jpg HTTP/1.1" 200 73803 "-" "Mozilla/5.0 (compatible; bingbot/2.0; +http://www.bing.com/bingbot.htm)"
13.66.139.161 - - [01/Dec/2020:08:45:59 +0100] "GET /images/big_prod/1300000020008.jpg HTTP/1.1" 200 59870 "-" "Mozilla/5.0 (compatible; bingbot/2.0; +http://www.bing.com/bingbot.htm)"
40.77.167.30 - - [01/Dec/2020:08:47:11 +0100] "GET /images/1300010240564.jpg HTTP/1.1" 200 156381 "-" "Mozilla/5.0 (compatible; bingbot/2.0; +http://www.bing.com/bingbot.htm)"
13.66.139.136 - - [01/Dec/2020:08:48:07 +0100] "GET /images/med_prod/1384010179147.jpg HTTP/1.1" 200 99300 "-" "Mozilla/5.0 (compatible; bingbot/2.0; +http://www.bing.com/bingbot.htm)"
13.66.139.161 - - [01/Dec/2020:08:48:50 +0100] "GET /images/med_prod/8412497597796.jpg HTTP/1.1" 200 87222 "-" "Mozilla/5.0 (compatible; bingbot/2.0; +http://www.bing.com/bingbot.htm)"
13.66.139.11 - - [01/Dec/2020:08:50:17 +0100] "GET /images/5055071657603.jpg HTTP/1.1" 200 109087 "-" "Mozilla/5.0 (compatible; bingbot/2.0; +http://www.bing.com/bingbot.htm)"
40.77.167.15 - - [01/Dec/2020:08:50:41 +0100] "GET /images/1308421410057.jpg HTTP/1.1" 200 103632 "-" "Mozilla/5.0 (compatible; bingbot/2.0; +http://www.bing.com/bingbot.htm)"
114.119.154.252 - - [01/Dec/2020:08:51:35 +0100] "GET /robots.txt HTTP/1.1" 200 2438 "-" "(compatible;PetalBot;+https://aspiegel.com/petalbot)"
13.66.139.136 - - [01/Dec/2020:08:52:07 +0100] "GET /images/big_prod_1/b3574642016219.jpg HTTP/1.1" 200 65268 "-" "Mozilla/5.0 (compatible; bingbot/2.0; +http://www.bing.com/bingbot.htm)"
13.66.139.136 - - [01/Dec/2020:08:53:27 +0100] "GET /images/3609810000193.jpg HTTP/1.1" 200 29778 "-" "Mozilla/5.0 (compatible; bingbot/2.0; +http://www.bing.com/bingbot.htm)"
13.66.139.11 - - [01/Dec/2020:08:53:36 +0100] "GET /images/big_prod/8433331621965.jpg HTTP/1.1" 200 61896 "-" "Mozilla/5.0 (compatible; bingbot/2.0; +http://www.bing.com/bingbot.htm)"
