114.119.147.45 - - [01/Dec/2020:03:51:00 +0100] "GET /images/mini_prod/4250255859175.jpg HTTP/1.1" 200 3124 "-" "Mozilla/5.0 (Linux; Android 7.0;) AppleWebKit/537.36 (KHTML, like Gecko) Mobile Safari/537.36 (compatible; PetalBot;+https://aspiegel.com/petalbot)"
192.162.227.222 - - [01/Dec/2020:03:52:34 +0100] "GET /robots.txt HTTP/1.1" 200 2438 "-" "Mozilla/5.0 (compatible; MJ12bot/v1.4.8; http://mj12bot.com/)"
13.66.139.11 - - [01/Dec/2020:03:52:48 +0100] "GET /images/big_prod/1384010207369.jpg HTTP/1.1" 200 247089 "-" "Mozilla/5.0 (compatible; bingbot/2.0; +http://www.bing.com/bingbot.htm)"
13.66.139.11 - - [01/Dec/2020:03:53:47 +0100] "GET /images/DSCN0109.jpg HTTP/1.1" 200 16026 "-" "Mozilla/5.0 (compatible; bingbot/2.0; +http://www.bing.com/bingbot.htm)"
13.66.139.136 - - [01/Dec/2020:03:54:28 +0100] "GET /images/4007176127520b.jpg HTTP/1.1" 200 21322 "-" "Mozilla/5.0 (compatible; bingbot/2.0; +http://www.bing.com/bingbot.htm)"
13.66.139.161 - - [01/Dec/2020:03:54:41 +0100] "GET /images/big_prod/3609810061958.jpg HTTP/1.1" 200 64836 "-" "Mozilla/5.0 (compatible; bingbot/2.0; +http://www.bing.com/bingbot.htm)"
114.119.158.196 - - [01/Dec/2020:03:55:07 +0100] "GET /images/big_prod/9316188079242.jpg HTTP/1.1" 200 57645 "-" "Mozilla/5.0 (Linux; Android 7.0;) AppleWebKit/537.36 (KHTML, like Gecko) Mobile Safari/537.36 (compatible; PetalBot;+https://aspiegel.com/petalbot)"
13.66.139.161 - - [01/Dec/2020:03:55:32 +0100] "GET /images/big_prod/1345544930512.jpg HTTP/1.1" 200 101829 "-" "Mozilla/5.0 (compatible; bingbot/2.0; +http://www.bing.com/bingbot.htm)"
13.66.139.136 - - [01/Dec/2020:03:55:48 +0100] "GET /images/big_prod_1/8422035310008a.jpg HTTP/1.1" 200 142525 "-" "Mozilla/5.0 (compatible; bingbot/2.0; +http://www.bing.com/bingbot.htm)"
13.66.139.136 - - [01/Dec/2020:03:56:48 +0100] "GET /images/big_prod/8714872293126.jpg HTTP/1.1" 200 107740 "-" "Mozilla/5.0 (compatible; bingbot/2.0; +http://www.bing.com/bingbot.htm)"
64.62.252.163 - - [01/Dec/2020:03:56:52 +0100] "GET /robots.txt HTTP/1.1" 200 2438 "-" "The Knowledge AI"
13.66.139.161 - - [01/Dec/2020:03:57:42 +0100] "GET /images/big_prod/3503420203237.jpg HTTP/1.1" 200 68119 "-" "Mozilla/5.0 (compatible; bingbot/2.0; +http://www.bing.com/bingbot.htm)"
13.66.139.11 - - [01/Dec/2020:03:57:47 +0100] "GET /images/8422111018095b2.jpg HTTP/1.1" 200 29259 "-" "Mozilla/5.0 (compatible; bingbot/2.0; +http://www.bing.com/bingbot.htm)"
13.66.139.161 - - [01/Dec/2020:03:58:42 +0100] "GET /images/med_prod/8435306281419.jpg HTTP/1.1" 200 91925 "-" "Mozilla/5.0 (compatible; bingbot/2.0; +http://www.bing.com/bingbot.htm)"
157.55.39.164 - - [01/Dec/2020:03:58:52 +0100] "GET /images/8435306225574.jpg HTTP/1.1" 200 42444 "-" "Mozilla/5.0 (compatible; bingbot/2.0; +http://www.bing.com/bingbot.htm)"
13.66.139.11 - - [01/Dec/2020:03:58:58 +0100] "GET /images/6953270925242.jpg HTTP/1.1" 200 20056 "-" "Mozilla/5.0 (compatible; bingbot/2.0; +http://www.bing.com/bingbot.htm)"
13.66.139.136 - - [01/Dec/2020:03:59:49 +0100] "GET /images/big_prod/4029811343591.jpg HTTP/1.1" 200 99734 "-" "Mozilla/5.0 (compatible; bingbot/2.0; +http://www.bing.com/bingbot.htm)"
13.66.139.136 - - [01/Dec/2020:03:59:50 +0100] "GET /images/big_prod/3503420115929.jpg HTTP/1.1" 200 174651 "-" "Mozilla/5.0 (compatible; bingbot/2.0; +http://www.bing.com/bingbot.htm)"
114.119.147.45 - - [01/Dec/2020:04:00:54 +0100] "GET /images/mini_prod/8422060206000.jpg HTTP/1.1" 200 7077 "-" "Mozilla/5.0 (Linux; Android 7.0;) AppleWebKit/537.36 (KHTML, like Gecko) Mobile Safari/537.36 (compatible; PetalBot;+https://aspiegel.com/petalbot)"
13.66.139.136 - - [01/Dec/2020:04:01:48 +0100] "GET /images/DSCN0947b.jpg HTTP/1.1" 200 29177 "-" "Mozilla/5.0 (compatible; bingbot/2.0; +http://www.bing.com/bingbot.htm)"
13.66.139.136 - - [01/Dec/2020:04:01:49 +0100] "GET /images/big_prod/627DUDE.jpg HTTP/1.1" 200 84070 "-" "Mozilla/5.0 (compatible; bingbot/2.0; +http://www.bing.com/bingbot.htm)"
13.66.139.136 - - [01/Dec/2020:04:02:48 +0100] "GET /images/mini_prod/3014627932689.jpg HTTP/1.1" 200 4051 "-" "Mozilla/5.0 (compatible; bingbot/2.0; +http://www.bing.com/bingbot.htm)"
13.66.139.136 - - [01/Dec/2020:04:02:49 +0100] "GET /images/3298060226240.jpg HTTP/1.1" 200 95795 "-" "Mozilla/5.0 (compatible; bingbot/2.0; +http://www.bing.com/bingbot.htm)"
216.244.66.242 - - [01/Dec/2020:04:03:24 +0100] "GET /robots.txt HTTP/1.1" 200 2438 "-" "Mozilla/5.0 (compatible; DotBot/1.1; http://www.opensiteexplorer.org/dotbot, help@moz.com)"
13.66.139.11 - - [01/Dec/2020:04:03:49 +0100] "GET /images/med_prod/3574642017018.jpg HTTP/1.1" 200 30970 "-" "Mozilla/5.0 (compatible; bingbot/2.0; +http://www.bing.com/bingbot.htm)"
13.66.139.161 - - [01/Dec/2020:04:04:53 +0100] "GET /images/big_prod/8422039530013.jpg HTTP/1.1" 200 124876 "-" "Mozilla/5.0 (compatible; bingbot/2.0; +http://www.bing.com/bingbot.htm)"
13.66.139.161 - - [01/Dec/2020:04:07:43 +0100] "GET /images/5060021931467.jpg HTTP/1.1" 200 29245 "-" "Mozilla/5.0 (compatible; bingbot/2.0; +http://www.bing.com/bingbot.htm)"
13.66.139.11 - - [01/Dec/2020:04:08:40 +0100] "GET /images/big_prod_1/1345544960069b.jpg HTTP/1.1" 200 63675 "-" "Mozilla/5.0 (compatible; bingbot/2.0; +http://www.bing.com/bingbot.htm)"
207.46.13.124 - - [01/Dec/2020:04:10:11 +0100] "GET /images/1300010240366.jpg HTTP/1.1" 200 165051 "-" "Mozilla/5.0 (compatible; bingbot/2.0; +http://www.bing.com/bingbot.htm)"
13.66.139.161 - - [01/Dec/2020:04:10:22 +0100] "GET /images/1300010239872.jpg HTTP/1.1" 200 70656 "-" "Mozilla/5.0 (compatible; bingbot/2.0; +http://www.bing.com/bingbot.htm)"
13.66.139.11 - - [01/Dec/2020:04:10:40 +0100] "GET /images/8029759039125.jpg HTTP/1.1" 200 13159 "-" "Mozilla/5.0 (compatible; bingbot/2.0; +http://www.bing.com/bingbot.htm)"
13.66.139.161 - - [01/Dec/2020:04:10:45 +0100] "GET /images/1399984232330.jpg HTTP/1.1" 200 28123 "-" "Mozilla/5.0 (compatible; bingbot/2.0; +http://www.bing.com/bingbot.htm)"
13.66.139.11 - - [01/Dec/2020:04:11:50 +0100] "GET /images/big_prod/3503420100185.jpg HTTP/1.1" 200 108299 "-" "Mozilla/5.0 (compatible; bingbot/2.0; +http://www.bing.com/bingbot.htm)"
114.119.145.117 - - [01/Dec/2020:04:12:31 +0100] "GET /images/big_prod/206GJ07.jpg HTTP/1.1" 200 145182 "-" "Mozilla/5.0 (Linux; Android 7.0;) AppleWebKit/537.36 (KHTML, like Gecko) Mobile Safari/537.36 (compatible; PetalBot;+https://aspiegel.com/petalbot)"
13.66.139.136 - - [01/Dec/2020:04:13:50 +0100] "GET /images/1399984221303.jpg HTTP/1.1" 200 40308 "-" "Mozilla/5.0 (compatible; bingbot/2.0; +http://www.bing.com/bingbot.htm)"
13.66.139.161 - - [01/Dec/2020:04:15:44 +0100] "GET /images/big_prod/5051276225654.jpg HTTP/1.1" 200 96936 "-" "Mozilla/5.0 (compatible; bingbot/2.0; +http://www.bing.com/bingbot.htm)"
13.66.139.161 - - [01/Dec/2020:04:15:45 +0100] "GET /images/big_prod/3609810076303.jpg HTTP/1.1" 200 104842 "-" "Mozilla/5.0 (compatible; bingbot/2.0; +http://www.bing.com/bingbot.htm)"
13.66.139.136 - - [01/Dec/2020:04:15:50 +0100] "GET /images/3661443439375.jpg HTTP/1.1" 200 54812 "-" "Mozilla/5.0 (compatible; bingbot/2.0; +http://www.bing.com/bingbot.htm)"
13.66.139.11 - - [01/Dec/2020:04:15:54 +0100] "GET /images/big_prod/1328399219384.jpg HTTP/1.1" 200 71987 "-" "Mozilla/5.0 (compatible; bingbot/2.0; +http://www.bing.com/bingbot.htm)"
13.66.139.11 - - [01/Dec/2020:04:16:20 +0100] "GET /images/big_prod/1384010185018.jpg HTTP/1.1" 200 91712 "-" "Mozilla/5.0 (compatible; bingbot/2.0; +http://www.bing.com/bingbot.htm)"
13.66.139.136 - - [01/Dec/2020:04:16:50 +0100] "GET /images/med_prod/3565750027204.jpg HTTP/1.1" 200 55988 "-" "Mozilla/5.0 (compatible; bingbot/2.0; +http://www.bing.com/bingbot.htm)"
114.119.154.200 - - [01/Dec/2020:04:18:10 +0100] "GET /images/mini_prod/8433933113752.jpg HTTP/1.1" 200 4258 "-" "Mozilla/5.0 (Linux; Android 7.0;) AppleWebKit/537.36 (KHTML, like Gecko) Mobile Safari/537.36 (compatible; PetalBot;+https://aspiegel.com/petalbot)"
13.66.139.11 - - [01/Dec/2020:04:18:40 +0100] "GET /images/med_prod/1399984286401.jpg HTTP/1.1" 200 60704 "-" "Mozilla/5.0 (compatible; bingbot/2.0; +http://www.bing.com/bingbot.htm)"
13.66.139.11 - - [01/Dec/2020:04:18:41 +0100] "GET /images/big_prod_1/8435306240584.jpg HTTP/1.1" 200 85725 "-" "Mozilla/5.0 (compatible; bingbot/2.0; +http://www.bing.com/bingbot.htm)"
13.66.139.161 - - [01/Dec/2020:04:18:45 +0100] "GET /images/big_prod/3612875117652.jpg HTTP/1.1" 200 100491 "-" "Mozilla/5.0 (compatible; bingbot/2.0; +http://www.bing.com/bingbot.htm)"
13.66.139.11 - - [01/Dec/2020:04:19:14 +0100] "GET /images/big_prod_1/b8718657460567.jpg HTTP/1.1" 200 53852 "-" "Mozilla/5.0 (compatible; bingbot/2.0; +http://www.bing.com/bingbot.htm)"
13.66.139.136 - - [01/Dec/2020:04:19:41 +0100] "GET /images/big_prod/3014627890989.jpg HTTP/1.1" 200 160397 "-" "Mozilla/5.0 (compatible; bingbot/2.0; +http://www.bing.com/bingbot.htm)"
13.66.139.161 - - [01/Dec/2020:04:19:46 +0100] "GET /images/1399984248966.jpg HTTP/1.1" 200 147843 "-" "Mozilla/5.0 (compatible; bingbot/2.0; +http://www.bing.com/bingbot.htm)"
13.66.139.136 - - [01/Dec/2020:04:20:11 +0100] "GET /images/big_prod/3560600312158.jpg HTTP/1.1" 200 73295 "-" "Mozilla/5.0 (compatible; bingbot/2.0; +http://www.bing.com/bingbot.htm)"
185.191.171.3 - - [01/Dec/2020:04:21:13 +0100] "GET /robots.txt HTTP/1.1" 200 2438 "-" "Mozilla/5.0 (compatible; SemrushBot/7~bl; +http://www.semrush.com/bot.html)"
13.66.139.11 - - [01/Dec/2020:04:22:41 +0100] "GET /images/big_prod_2/b5018997629734.jpg HTTP/1.1" 200 137365 "-" "Mozilla/5.0 (compatible; bingbot/2.0; +http://www.bing.com/bingbot.htm)"
13.66.139.136 - - [01/Dec/2020:04:23:52 +0100] "GET /images/big_prod_1/b3014627874392.jpg HTTP/1.1" 200 127194 "-" "Mozilla/5.0 (compatible; bingbot/2.0; +http://www.bing.com/bingbot.htm)"
162.225.87.29 - - [01/Dec/2020:04:25:03 +0100] "GET /images/big_prod/4029811354597.jpg HTTP/1.1" 200 161364 "-" "Dalvik/2.1.0 (Linux; U; Android 9; SM-G950U Build/PPR1.180610.011)"
13.66.139.161 - - [01/Dec/2020:04:25:24 +0100] "GET /images/3438100354049.jpg HTTP/1.1" 200 51292 "-" "Mozilla/5.0 (compatible; bingbot/2.0; +http://www.bing.com/bingbot.htm)"
13.66.139.136 - - [01/Dec/2020:04:25:41 +0100] "GET /images/1300010238158.jpg HTTP/1.1" 200 94690 "-" "Mozilla/5.0 (compatible; bingbot/2.0; +http://www.bing.com/bingbot.htm)"
13.66.139.136 - - [01/Dec/2020:04:26:21 +0100] "GET /images/big_prod/1304038301078.jpg HTTP/1.1" 200 98928 "-" "Mozilla/5.0 (compatible; bingbot/2.0; +http://www.bing.com/bingbot.htm)"
157.55.39.130 - - [01/Dec/2020:04:27:03 +0100] "GET /images/1300010240403.jpg HTTP/1.1" 200 146523 "-" "Mozilla/5.0 (compatible; bingbot/2.0; +http://www.bing.com/bingbot.htm)"
13.66.139.161 - - [01/Dec/2020:04:27:07 +0100] "GET /images/med_prod/3520071345581.jpg HTTP/1.1" 200 135255 "-" "Mozilla/5.0 (compatible; bingbot/2.0; +http://www.bing.com/bingbot.htm)"
13.66.139.136 - - [01/Dec/2020:04:27:21 +0100] "GET /images/3700653502216.jpg HTTP/1.1" 200 38854 "-" "Mozilla/5.0 (compatible; bingbot/2.0; +http://www.bing.com/bingbot.htm)"
13.66.139.11 - - [01/Dec/2020:04:27:51 +0100] "GET /images/med_prod/3032164202010.jpg HTTP/1.1" 200 69305 "-" "Mozilla/5.0 (compatible; bingbot/2.0; +http://www.bing.com/bingbot.htm)"
13.66.139.161 - - [01/Dec/2020:04:28:48 +0100] "GET /images/big_prod/3700407620128.jpg HTTP/1.1" 200 56366 "-" "Mozilla/5.0 (compatible; bingbot/2.0; +http://www.bing.com/bingbot.htm)"
13.66.139.161 - - [01/Dec/2020:04:29:44 +0100] "GET /images/big_prod/1384015888082.jpg HTTP/1.1" 200 73119 "-" "Mozilla/5.0 (compatible; bingbot/2.0; +http://www.bing.com/bingbot.htm)"
13.66.139.136 - - [01/Dec/2020:04:30:43 +0100] "GET /images/big_prod_2/3665269069792b.jpg HTTP/1.1" 200 218563 "-" "Mozilla/5.0 (compatible; bingbot/2.0; +http://www.bing.com/bingbot.htm)"
13.66.139.136 - - [01/Dec/2020:04:31:32 +0100] "GET /images/big_prod_1/8422014032808B.jpg HTTP/1.1" 200 114286 "-" "Mozilla/5.0 (compatible; bingbot/2.0; +http://www.bing.com/bingbot.htm)"
13.66.139.161 - - [01/Dec/2020:04:32:46 +0100] "GET /images/big_prod_2/c8435465009886.jpg HTTP/1.1" 200 97891 "-" "Mozilla/5.0 (compatible; bingbot/2.0; +http://www.bing.com/bingbot.htm)"
13.66.139.11 - - [01/Dec/2020:04:33:32 +0100] "GET /images/big_prod/3503420153532.jpg HTTP/1.1" 200 64030 "-" "Mozilla/5.0 (compatible; bingbot/2.0; +http://www.bing.com/bingbot.htm)"
13.66.139.11 - - [01/Dec/2020:04:34:01 +0100] "GET /images/med_prod/5701359740399.jpg HTTP/1.1" 200 87912 "-" "Mozilla/5.0 (compatible; bingbot/2.0; +http://www.bing.com/bingbot.htm)"
13.66.139.161 - - [01/Dec/2020:04:34:46 +0100] "GET /images/big_prod/3453131150286.jpg HTTP/1.1" 200 100685 "-" "Mozilla/5.0 (compatible; bingbot/2.0; +http://www.bing.com/bingbot.htm)"
216.244.66.242 - - [01/Dec/2020:04:36:49 +0100] "GET /images/6953270925921.jpg HTTP/1.1" 200 33896 "-" "Mozilla/5.0 (compatible; DotBot/1.1; http://www.opensiteexplorer.org/dotbot, help@moz.com)"
13.66.139.136 - - [01/Dec/2020:04:38:02 +0100] "GET /images/big_prod/8422011475318.jpg HTTP/1.1" 200 48384 "-" "Mozilla/5.0 (compatible; bingbot/2.0; +http://www.bing.com/bingbot.htm)"
13.66.139.11 - - [01/Dec/2020:04:38:43 +0100] "GET /images/big_prod/3503420093463.jpg HTTP/1.1" 200 58428 "-" "Mozilla/5.0 (compatible; bingbot/2.0; +http://www.bing.com/bingbot.htm)"
13.66.139.161 - - [01/Dec/2020:04:38:48 +0100] "GET /images/big_prod/3442440234039.jpg HTTP/1.1" 200 80286 "-" "Mozilla/5.0 (compatible; bingbot/2.0; +http://www.bing.com/bingbot.htm)"
13.66.139.136 - - [01/Dec/2020:04:39:13 +0100] "GET /images/big_prod_1/3609810065161a.jpg HTTP/1.1" 200 158109 "-" "Mozilla/5.0 (compatible; bingbot/2.0; +http://www.bing.com/bingbot.htm)"
13.66.139.161 - - [01/Dec/2020:04:39:46 +0100] "GET /images/big_prod/3014627932689.jpg HTTP/1.1" 200 65348 "-" "Mozilla/5.0 (compatible; bingbot/2.0; +http://www.bing.com/bingbot.htm)"
13.66.139.136 - - [01/Dec/2020:04:40:44 +0100] "GET /images/big_prod/8718317683381.jpg HTTP/1.1" 200 83426 "-" "Mozilla/5.0 (compatible; bingbot/2.0; +http://www.bing.com/bingbot.htm)"
13.66.139.11 - - [01/Dec/2020:04:42:32 +0100] "GET /images/beatlesnoir.jpg HTTP/1.1" 200 128057 "-" "Mozilla/5.0 (compatible; bingbot/2.0; +http://www.bing.com/bingbot.htm)"
13.66.139.161 - - [01/Dec/2020:04:42:48 +0100] "GET /images/big_prod/3574642576591.jpg HTTP/1.1" 200 53918 "-" "Mozilla/5.0 (compatible; bingbot/2.0; +http://www.bing.com/bingbot.htm)"
13.66.139.136 - - [01/Dec/2020:04:43:43 +0100] "GET /images/big_prod/3453131151504.jpg HTTP/1.1" 200 72745 "-" "Mozilla/5.0 (compatible; bingbot/2.0; +http://www.bing.com/bingbot.htm)"
13.66.139.11 - - [01/Dec/2020:04:43:52 +0100] "GET /images/5013138634622.jpg HTTP/1.1" 200 39843 "-" "Mozilla/5.0 (compatible; bingbot/2.0; +http://www.bing.com/bingbot.htm)"
13.66.139.11 - - [01/Dec/2020:04:43:52 +0100] "GET /images/mini_prod/8433933201497.jpg HTTP/1.1" 200 8679 "-" "Mozilla/5.0 (compatible; bingbot/2.0; +http://www.bing.com/bingbot.htm)"
13.66.139.136 - - [01/Dec/2020:04:43:57 +0100] "GET /images/big_prod_1/3608860225297B.jpg HTTP/1.1" 200 57232 "-" "Mozilla/5.0 (compatible; bingbot/2.0; +http://www.bing.com/bingbot.htm)"
66.249.70.36 - - [01/Dec/2020:04:44:03 +0100] "GET /images/big_prod/3700516267122.jpg HTTP/1.1" 200 53658 "-" "Googlebot-Image/1.0"
13.66.139.161 - - [01/Dec/2020:04:46:46 +0100] "GET /images/pyjama2009dbzbleu.jpg HTTP/1.1" 200 18566 "-" "Mozilla/5.0 (compatible; bingbot/2.0; +http://www.bing.com/bingbot.htm)"
13.66.139.161 - - [01/Dec/2020:04:48:06 +0100] "GET /images/med_prod/4012390376609.jpg HTTP/1.1" 200 63278 "-" "Mozilla/5.0 (compatible; bingbot/2.0; +http://www.bing.com/bingbot.htm)"
111.45.1.71 - - [01/Dec/2020:04:48:13 +0100] "GET /images/big_prod/20620BL.jpg HTTP/1.1" 200 115150 "https://image.baidu.com/search/detail?ct=503316480&z=0&ipn=d&word=Gorjuss&step_word=&hs=0&pn=22&spn=0&di=1320&pi=0&rn=1&tn=baiduimagedetail&is=0,0&istype=0&ie=utf-8&oe=utf-8&in=&cl=2&lm=-1&st=undefined&cs=3465083867,1752988321&os=4231293553,3297031840&sim" "Mozilla/5.0 (Windows NT 5.1; rv:8.0.1) Gecko/20100101 Firefox/8.0.1"
111.45.1.71 - - [01/Dec/2020:04:48:18 +0100] "GET /images/big_prod/20620BL.jpg HTTP/1.1" 200 115150 "https://image.baidu.com/search/detail?ct=503316480&z=0&ipn=d&word=Gorjuss&step_word=&hs=0&pn=22&spn=0&di=1320&pi=0&rn=1&tn=baiduimagedetail&is=0,0&istype=0&ie=utf-8&oe=utf-8&in=&cl=2&lm=-1&st=undefined&cs=3465083867,1752988321&os=4231293553,3297031840&sim" "Mozilla/5.0 (Windows NT 5.1; rv:8.0.1) Gecko/20100101 Firefox/8.0.1"
13.66.139.11 - - [01/Dec/2020:04:48:37 +0100] "GET /images/big_prod/9316188080187.jpg HTTP/1.1" 200 77404 "-" "Mozilla/5.0 (compatible; bingbot/2.0; +http://www.bing.com/bingbot.htm)"
13.66.139.136 - - [01/Dec/2020:04:48:54 +0100] "GET /images/big_prod/8436048153217.jpg HTTP/1.1" 200 83635 "-" "Mozilla/5.0 (compatible; bingbot/2.0; +http://www.bing.com/bingbot.htm)"
13.66.139.11 - - [01/Dec/2020:04:50:44 +0100] "GET /images/big_prod_2/8422013606109c.jpg HTTP/1.1" 200 82722 "-" "Mozilla/5.0 (compatible; bingbot/2.0; +http://www.bing.com/bingbot.htm)"
13.66.139.136 - - [01/Dec/2020:04:52:44 +0100] "GET /images/090907_095738_PEEL_euA5nb.jpg HTTP/1.1" 200 55970 "-" "Mozilla/5.0 (compatible; bingbot/2.0; +http://www.bing.com/bingbot.htm)"
13.66.139.161 - - [01/Dec/2020:04:54:48 +0100] "GET /images/minniedebout.jpg HTTP/1.1" 200 17049 "-" "Mozilla/5.0 (compatible; bingbot/2.0; +http://www.bing.com/bingbot.htm)"
13.66.139.11 - - [01/Dec/2020:04:55:04 +0100] "GET /images/big_prod/8435306245008.jpg HTTP/1.1" 200 88377 "-" "Mozilla/5.0 (compatible; bingbot/2.0; +http://www.bing.com/bingbot.htm)"
13.66.139.161 - - [01/Dec/2020:04:55:48 +0100] "GET /images/med_prod/1384010177785.jpg HTTP/1.1" 200 117796 "-" "Mozilla/5.0 (compatible; bingbot/2.0; +http://www.bing.com/bingbot.htm)"
40.77.167.15 - - [01/Dec/2020:04:56:21 +0100] "GET /images/7316191504764.jpg HTTP/1.1" 200 43007 "-" "Mozilla/5.0 (compatible; bingbot/2.0; +http://www.bing.com/bingbot.htm)"
157.55.39.77 - - [01/Dec/2020:04:56:32 +0100] "GET /images/3298060226363.jpg HTTP/1.1" 200 118008 "-" "Mozilla/5.0 (compatible; bingbot/2.0; +http://www.bing.com/bingbot.htm)"
13.66.139.11 - - [01/Dec/2020:04:58:03 +0100] "GET /images/med_prod/5055071694615.jpg HTTP/1.1" 200 45940 "-" "Mozilla/5.0 (compatible; bingbot/2.0; +http://www.bing.com/bingbot.htm)"
13.66.139.136 - - [01/Dec/2020:04:58:25 +0100] "GET /images/big_prod/3453131150507.jpg HTTP/1.1" 200 121006 "-" "Mozilla/5.0 (compatible; bingbot/2.0; +http://www.bing.com/bingbot.htm)"
13.66.139.136 - - [01/Dec/2020:04:58:35 +0100] "GET /images/4895028509224.jpg HTTP/1.1" 200 143778 "-" "Mozilla/5.0 (compatible; bingbot/2.0; +http://www.bing.com/bingbot.htm)"
13.66.139.161 - - [01/Dec/2020:04:58:50 +0100] "GET /images/big_prod/3503420100871.jpg HTTP/1.1" 200 97255 "-" "Mozilla/5.0 (compatible; bingbot/2.0; +http://www.bing.com/bingbot.htm)"
13.66.139.161 - - [01/Dec/2020:04:59:28 +0100] "GET /images/3701276289683.jpg HTTP/1.1" 200 38885 "-" "Mozilla/5.0 (compatible; bingbot/2.0; +http://www.bing.com/bingbot.htm)"
13.66.139.161 - - [01/Dec/2020:05:00:50 +0100] "GET /images/big_prod/5051276373041.jpg HTTP/1.1" 200 83354 "-" "Mozilla/5.0 (compatible; bingbot/2.0; +http://www.bing.com/bingbot.htm)"
13.66.139.161 - - [01/Dec/2020:05:00:51 +0100] "GET /images/3700469613014.jpg HTTP/1.1" 200 76691 "-" "Mozilla/5.0 (compatible; bingbot/2.0; +http://www.bing.com/bingbot.htm)"
117.185.18.145 - - [01/Dec/2020:05:01:40 +0100] "GET /images/big_prod/20620BL.jpg HTTP/1.1" 200 51100 "http://www.baidu.com/" "Mozilla/5.0 (Windows NT 5.1; rv:8.0.1) Gecko/20100101 Firefox/8.0.1"
111.45.1.6 - - [01/Dec/2020:05:01:41 +0100] "GET /images/big_prod/20620BL.jpg HTTP/1.1" 200 115150 "http://www.baidu.com/" "Mozilla/5.0 (Windows NT 5.1; rv:8.0.1) Gecko/20100101 Firefox/8.0.1"
117.185.18.10 - - [01/Dec/2020:05:01:43 +0100] "GET /images/big_prod/20620BL.jpg HTTP/1.1" 200 36500 "http://www.baidu.com/" "Mozilla/5.0 (Windows NT 5.1; rv:8.0.1) Gecko/20100101 Firefox/8.0.1"
117.185.18.15 - - [01/Dec/2020:05:02:01 +0100] "GET /images/big_prod/20620BL.jpg HTTP/1.1" 200 46720 "http://www.baidu.com/" "Mozilla/5.0 (Windows NT 5.1; rv:8.0.1) Gecko/20100101 Firefox/8.0.1"
64.62.252.163 - - [01/Dec/2020:05:02:23 +0100] "GET /robots.txt HTTP/1.1" 200 2438 "-" "The Knowledge AI"
13.66.139.161 - - [01/Dec/2020:05:02:48 +0100] "GET /images/med_prod/8435306284311.jpg HTTP/1.1" 200 76571 "-" "Mozilla/5.0 (compatible; bingbot/2.0; +http://www.bing.com/bingbot.htm)"
13.66.139.161 - - [01/Dec/2020:05:04:18 +0100] "GET /images/8033667513738.jpg HTTP/1.1" 200 25840 "-" "Mozilla/5.0 (compatible; bingbot/2.0; +http://www.bing.com/bingbot.htm)"
207.46.13.89 - - [01/Dec/2020:05:04:29 +0100] "GET /images/9316188050197.jpg HTTP/1.1" 200 109470 "-" "Mozilla/5.0 (compatible; bingbot/2.0; +http://www.bing.com/bingbot.htm)"
13.66.139.11 - - [01/Dec/2020:05:04:45 +0100] "GET /images/1399984253519.jpg HTTP/1.1" 200 17172 "-" "Mozilla/5.0 (compatible; bingbot/2.0; +http://www.bing.com/bingbot.htm)"
40.77.167.15 - - [01/Dec/2020:05:05:21 +0100] "GET /images/big_prod/mickey1384010188521.jpg HTTP/1.1" 200 109918 "-" "Mozilla/5.0 (compatible; bingbot/2.0; +http://www.bing.com/bingbot.htm)"
13.66.139.161 - - [01/Dec/2020:05:05:38 +0100] "GET /images/med_prod/4012390389722.jpg HTTP/1.1" 200 114956 "-" "Mozilla/5.0 (compatible; bingbot/2.0; +http://www.bing.com/bingbot.htm)"
13.66.139.161 - - [01/Dec/2020:05:05:39 +0100] "GET /images/big_prod_3/1328399219629c.jpg HTTP/1.1" 200 56975 "-" "Mozilla/5.0 (compatible; bingbot/2.0; +http://www.bing.com/bingbot.htm)"
13.66.139.11 - - [01/Dec/2020:05:05:55 +0100] "GET /images/big_prod_1/3014627746132NN.jpg HTTP/1.1" 200 151240 "-" "Mozilla/5.0 (compatible; bingbot/2.0; +http://www.bing.com/bingbot.htm)"
207.46.13.89 - - [01/Dec/2020:05:07:40 +0100] "GET /images/3760194799926.jpg HTTP/1.1" 200 28437 "-" "Mozilla/5.0 (compatible; bingbot/2.0; +http://www.bing.com/bingbot.htm)"
148.251.195.14 - - [01/Dec/2020:05:08:29 +0100] "GET /robots.txt HTTP/1.1" 200 2438 "-" "Mozilla/5.0 (compatible; MJ12bot/v1.4.8; http://mj12bot.com/)"
216.244.66.242 - - [01/Dec/2020:05:09:09 +0100] "GET /robots.txt HTTP/1.1" 200 2438 "-" "Mozilla/5.0 (compatible; DotBot/1.1; http://www.opensiteexplorer.org/dotbot, help@moz.com)"
13.66.139.161 - - [01/Dec/2020:05:10:00 +0100] "GET /images/1399984241356.jpg HTTP/1.1" 200 165618 "-" "Mozilla/5.0 (compatible; bingbot/2.0; +http://www.bing.com/bingbot.htm)"
13.66.139.161 - - [01/Dec/2020:05:12:52 +0100] "GET /images/big_prod/5027148842205.jpg HTTP/1.1" 200 93973 "-" "Mozilla/5.0 (compatible; bingbot/2.0; +http://www.bing.com/bingbot.htm)"
40.77.189.198 - - [01/Dec/2020:05:13:25 +0100] "GET /templates/Pixame_v1/stylesheet.css HTTP/1.1" 200 56057 "-" "Mozilla/5.0 (Windows NT 6.1; WOW64) AppleWebKit/534+ (KHTML, like Gecko) BingPreview/1.0b"
13.66.139.136 - - [01/Dec/2020:05:13:35 +0100] "GET /images/4220.jpg HTTP/1.1" 200 22892 "-" "Mozilla/5.0 (compatible; bingbot/2.0; +http://www.bing.com/bingbot.htm)"
157.55.39.180 - - [01/Dec/2020:05:14:39 +0100] "GET /images/TRODZ3070.jpg HTTP/1.1" 200 52505 "-" "Mozilla/5.0 (compatible; bingbot/2.0; +http://www.bing.com/bingbot.htm)"
13.66.139.11 - - [01/Dec/2020:05:14:47 +0100] "GET /images/big_prod/1399985100027.jpg HTTP/1.1" 200 118347 "-" "Mozilla/5.0 (compatible; bingbot/2.0; +http://www.bing.com/bingbot.htm)"
13.66.139.136 - - [01/Dec/2020:05:16:47 +0100] "GET /images/8435306246500bis.jpg HTTP/1.1" 200 111310 "-" "Mozilla/5.0 (compatible; bingbot/2.0; +http://www.bing.com/bingbot.htm)"
13.66.139.11 - - [01/Dec/2020:05:17:46 +0100] "GET /images/med_prod/1384010178782.jpg HTTP/1.1" 200 97477 "-" "Mozilla/5.0 (compatible; bingbot/2.0; +http://www.bing.com/bingbot.htm)"
13.66.139.136 - - [01/Dec/2020:05:18:37 +0100] "GET /images/big_prod_1/3609810063181a.jpg HTTP/1.1" 200 181495 "-" "Mozilla/5.0 (compatible; bingbot/2.0; +http://www.bing.com/bingbot.htm)"
13.66.139.136 - - [01/Dec/2020:05:18:46 +0100] "GET /images/big_prod/8422020065852B.jpg HTTP/1.1" 200 38817 "-" "Mozilla/5.0 (compatible; bingbot/2.0; +http://www.bing.com/bingbot.htm)"
13.66.139.136 - - [01/Dec/2020:05:18:47 +0100] "GET /images/3524550007120.jpg HTTP/1.1" 200 56510 "-" "Mozilla/5.0 (compatible; bingbot/2.0; +http://www.bing.com/bingbot.htm)"
13.66.139.136 - - [01/Dec/2020:05:19:36 +0100] "GET /images/4895029694677.jpg HTTP/1.1" 200 42067 "-" "Mozilla/5.0 (compatible; bingbot/2.0; +http://www.bing.com/bingbot.htm)"
13.66.139.161 - - [01/Dec/2020:05:19:40 +0100] "GET /images/big_prod/800399057833909072012.jpg HTTP/1.1" 200 59958 "-" "Mozilla/5.0 (compatible; bingbot/2.0; +http://www.bing.com/bingbot.htm)"
13.66.139.11 - - [01/Dec/2020:05:19:46 +0100] "GET /images/med_prod/4012390330076.jpg HTTP/1.1" 200 36756 "-" "Mozilla/5.0 (compatible; bingbot/2.0; +http://www.bing.com/bingbot.htm)"
13.66.139.136 - - [01/Dec/2020:05:21:07 +0100] "GET /images/big_prod/4045233023880.jpg HTTP/1.1" 200 194982 "-" "Mozilla/5.0 (compatible; bingbot/2.0; +http://www.bing.com/bingbot.htm)"
185.191.171.2 - - [01/Dec/2020:05:22:15 +0100] "GET /robots.txt HTTP/1.1" 200 2438 "-" "Mozilla/5.0 (compatible; SemrushBot/7~bl; +http://www.semrush.com/bot.html)"
13.66.139.161 - - [01/Dec/2020:05:23:50 +0100] "GET /images/big_prod/8409810063823.jpg HTTP/1.1" 200 84040 "-" "Mozilla/5.0 (compatible; bingbot/2.0; +http://www.bing.com/bingbot.htm)"
13.66.139.11 - - [01/Dec/2020:05:24:47 +0100] "GET /images/4036113261744.jpg HTTP/1.1" 200 201562 "-" "Mozilla/5.0 (compatible; bingbot/2.0; +http://www.bing.com/bingbot.htm)"
13.66.139.161 - - [01/Dec/2020:05:24:53 +0100] "GET /images/med_prod/4582497091533.jpg HTTP/1.1" 200 91675 "-" "Mozilla/5.0 (compatible; bingbot/2.0; +http://www.bing.com/bingbot.htm)"
13.66.139.136 - - [01/Dec/2020:05:25:18 +0100] "GET /images/med_prod/3520071345673.jpg HTTP/1.1" 200 201434 "-" "Mozilla/5.0 (compatible; bingbot/2.0; +http://www.bing.com/bingbot.htm)"
203.173.39.171 - - [01/Dec/2020:05:25:39 +0100] "GET /images/med_prod/4036113301310N.jpg HTTP/1.1" 200 122812 "https://www.bing.com/" "Mozilla/5.0 (Windows NT 10.0; Win64; x64) AppleWebKit/537.36 (KHTML, like Gecko) Chrome/87.0.4280.67 Safari/537.36 Edg/87.0.664.47"
13.66.139.11 - - [01/Dec/2020:05:28:07 +0100] "GET /images/med_prod/1399984285091.jpg HTTP/1.1" 200 108763 "-" "Mozilla/5.0 (compatible; bingbot/2.0; +http://www.bing.com/bingbot.htm)"
13.66.139.161 - - [01/Dec/2020:05:28:51 +0100] "GET /images/C11253B.jpg HTTP/1.1" 200 69224 "-" "Mozilla/5.0 (compatible; bingbot/2.0; +http://www.bing.com/bingbot.htm)"
13.66.139.136 - - [01/Dec/2020:05:28:57 +0100] "GET /images/5110994699472.jpg HTTP/1.1" 200 31785 "-" "Mozilla/5.0 (compatible; bingbot/2.0; +http://www.bing.com/bingbot.htm)"
13.66.139.11 - - [01/Dec/2020:05:30:07 +0100] "GET /images/big_prod/1384010203170.jpg HTTP/1.1" 200 120009 "-" "Mozilla/5.0 (compatible; bingbot/2.0; +http://www.bing.com/bingbot.htm)"
216.244.66.242 - - [01/Dec/2020:05:31:50 +0100] "GET /images/3521320619071.jpg HTTP/1.1" 200 58246 "-" "Mozilla/5.0 (compatible; DotBot/1.1; http://www.opensiteexplorer.org/dotbot, help@moz.com)"
13.66.139.11 - - [01/Dec/2020:05:31:57 +0100] "GET /images/big_prod/8433933684863.jpg HTTP/1.1" 200 81668 "-" "Mozilla/5.0 (compatible; bingbot/2.0; +http://www.bing.com/bingbot.htm)"
13.66.139.161 - - [01/Dec/2020:05:33:51 +0100] "GET /images/med_prod/TEO625HERO.jpg HTTP/1.1" 200 122256 "-" "Mozilla/5.0 (compatible; bingbot/2.0; +http://www.bing.com/bingbot.htm)"
13.66.139.11 - - [01/Dec/2020:05:34:37 +0100] "GET /images/big_prod_2/c627DUDE.jpg HTTP/1.1" 200 87375 "-" "Mozilla/5.0 (compatible; bingbot/2.0; +http://www.bing.com/bingbot.htm)"
157.55.39.77 - - [01/Dec/2020:05:35:33 +0100] "GET /images/3700057117672.jpg HTTP/1.1" 200 91296 "-" "Mozilla/5.0 (compatible; bingbot/2.0; +http://www.bing.com/bingbot.htm)"
13.66.139.11 - - [01/Dec/2020:05:36:28 +0100] "GET /images/big_prod/8718375753712.jpg HTTP/1.1" 200 89972 "-" "Mozilla/5.0 (compatible; bingbot/2.0; +http://www.bing.com/bingbot.htm)"
207.46.13.89 - - [01/Dec/2020:05:37:31 +0100] "GET /images/3619810008679.jpg HTTP/1.1" 200 40582 "-" "Mozilla/5.0 (compatible; bingbot/2.0; +http://www.bing.com/bingbot.htm)"
13.66.139.161 - - [01/Dec/2020:05:37:42 +0100] "GET /images/big_prod/8422035312002.jpg HTTP/1.1" 200 84736 "-" "Mozilla/5.0 (compatible; bingbot/2.0; +http://www.bing.com/bingbot.htm)"
13.66.139.136 - - [01/Dec/2020:05:38:18 +0100] "GET /images/big_prod/3349600105690.jpg HTTP/1.1" 200 48526 "-" "Mozilla/5.0 (compatible; bingbot/2.0; +http://www.bing.com/bingbot.htm)"
157.55.39.180 - - [01/Dec/2020:05:39:05 +0100] "GET /images/1300010236703.jpg HTTP/1.1" 200 101730 "-" "Mozilla/5.0 (compatible; bingbot/2.0; +http://www.bing.com/bingbot.htm)"
13.66.139.161 - - [01/Dec/2020:05:40:53 +0100] "GET /images/big_prod/1384010201169.jpg HTTP/1.1" 200 77141 "-" "Mozilla/5.0 (compatible; bingbot/2.0; +http://www.bing.com/bingbot.htm)"
157.55.39.180 - - [01/Dec/2020:05:42:06 +0100] "GET /images/big_prod/8422014754427.jpg HTTP/1.1" 200 38467 "-" "Mozilla/5.0 (compatible; bingbot/2.0; +http://www.bing.com/bingbot.htm)"
13.66.139.136 - - [01/Dec/2020:05:43:59 +0100] "GET /images/med_prod/4012390389623.jpg HTTP/1.1" 200 62876 "-" "Mozilla/5.0 (compatible; bingbot/2.0; +http://www.bing.com/bingbot.htm)"
13.66.139.136 - - [01/Dec/2020:05:43:59 +0100] "GET /images/75258bis.jpg HTTP/1.1" 200 34182 "-" "Mozilla/5.0 (compatible; bingbot/2.0; +http://www.bing.com/bingbot.htm)"
13.66.139.11 - - [01/Dec/2020:05:44:29 +0100] "GET /images/big_prod_1/4036113430577A.jpg HTTP/1.1" 200 73468 "-" "Mozilla/5.0 (compatible; bingbot/2.0; +http://www.bing.com/bingbot.htm)"
13.66.139.136 - - [01/Dec/2020:05:44:49 +0100] "GET /images/big_prod/3565750194098.jpg HTTP/1.1" 200 86158 "-" "Mozilla/5.0 (compatible; bingbot/2.0; +http://www.bing.com/bingbot.htm)"
13.66.139.161 - - [01/Dec/2020:05:48:13 +0100] "GET /images/big_prod/6970204135645.jpg HTTP/1.1" 200 203559 "-" "Mozilla/5.0 (compatible; bingbot/2.0; +http://www.bing.com/bingbot.htm)"
13.66.139.136 - - [01/Dec/2020:05:48:49 +0100] "GET /images/big_prod_1/3014627953745a.jpg HTTP/1.1" 200 58280 "-" "Mozilla/5.0 (compatible; bingbot/2.0; +http://www.bing.com/bingbot.htm)"
13.66.139.136 - - [01/Dec/2020:05:50:29 +0100] "GET /images/6953270921336.jpg HTTP/1.1" 200 21788 "-" "Mozilla/5.0 (compatible; bingbot/2.0; +http://www.bing.com/bingbot.htm)"
13.66.139.11 - - [01/Dec/2020:05:50:39 +0100] "GET /images/med_prod/4036113830186.jpg HTTP/1.1" 200 189024 "-" "Mozilla/5.0 (compatible; bingbot/2.0; +http://www.bing.com/bingbot.htm)"
13.66.139.136 - - [01/Dec/2020:05:50:59 +0100] "GET /images/big_prod_1/b1300000021944.jpg HTTP/1.1" 200 52409 "-" "Mozilla/5.0 (compatible; bingbot/2.0; +http://www.bing.com/bingbot.htm)"
13.66.139.136 - - [01/Dec/2020:05:51:49 +0100] "GET /images/big_prod/3503420076114.jpg HTTP/1.1" 200 53702 "-" "Mozilla/5.0 (compatible; bingbot/2.0; +http://www.bing.com/bingbot.htm)"
13.66.139.161 - - [01/Dec/2020:05:52:23 +0100] "GET /images/3700516205032.jpg HTTP/1.1" 200 100494 "-" "Mozilla/5.0 (compatible; bingbot/2.0; +http://www.bing.com/bingbot.htm)"
13.66.139.136 - - [01/Dec/2020:05:52:29 +0100] "GET /images/big_prod/3608860230284.jpg HTTP/1.1" 200 104485 "-" "Mozilla/5.0 (compatible; bingbot/2.0; +http://www.bing.com/bingbot.htm)"
13.66.139.161 - - [01/Dec/2020:05:53:13 +0100] "GET /images/big_prod/8409810063762.jpg HTTP/1.1" 200 122915 "-" "Mozilla/5.0 (compatible; bingbot/2.0; +http://www.bing.com/bingbot.htm)"
13.66.139.161 - - [01/Dec/2020:05:53:14 +0100] "GET /images/big_prod/3453131131070.jpg HTTP/1.1" 200 109306 "-" "Mozilla/5.0 (compatible; bingbot/2.0; +http://www.bing.com/bingbot.htm)"
13.66.139.11 - - [01/Dec/2020:05:53:29 +0100] "GET /images/9316188025492.jpg HTTP/1.1" 200 18328 "-" "Mozilla/5.0 (compatible; bingbot/2.0; +http://www.bing.com/bingbot.htm)"
13.66.139.11 - - [01/Dec/2020:05:53:30 +0100] "GET /images/med_prod/3520071345758.jpg HTTP/1.1" 200 149740 "-" "Mozilla/5.0 (compatible; bingbot/2.0; +http://www.bing.com/bingbot.htm)"
13.66.139.11 - - [01/Dec/2020:05:53:59 +0100] "GET /images/8033667001143.jpg HTTP/1.1" 200 38796 "-" "Mozilla/5.0 (compatible; bingbot/2.0; +http://www.bing.com/bingbot.htm)"
13.66.139.161 - - [01/Dec/2020:05:54:03 +0100] "GET /images/DSCN4025n.jpg HTTP/1.1" 200 26476 "-" "Mozilla/5.0 (compatible; bingbot/2.0; +http://www.bing.com/bingbot.htm)"
117.89.215.51 - - [01/Dec/2020:05:54:47 +0100] "GET /templates/Pixame_v1/stylesheet.css HTTP/1.1" 200 56057 "http://www.wonder-geek.com/" "Mozilla/5.0 (Windows NT 10.0; Win64; x64) AppleWebKit/537.36 (KHTML, like Gecko) Chrome/69.0.3497.100 Safari/537.36"
117.89.215.51 - - [01/Dec/2020:05:54:47 +0100] "GET /js/jquery.jqzoom.js HTTP/1.1" 200 4761 "http://www.wonder-geek.com/" "Mozilla/5.0 (Windows NT 10.0; Win64; x64) AppleWebKit/537.36 (KHTML, like Gecko) Chrome/69.0.3497.100 Safari/537.36"
117.89.215.51 - - [01/Dec/2020:05:54:49 +0100] "GET /js/jquery.js HTTP/1.1" 200 54075 "http://www.wonder-geek.com/" "Mozilla/5.0 (Windows NT 10.0; Win64; x64) AppleWebKit/537.36 (KHTML, like Gecko) Chrome/69.0.3497.100 Safari/537.36"
13.66.139.11 - - [01/Dec/2020:05:54:49 +0100] "GET /images/010808_075507_PEEL_uKnb4V.jpg HTTP/1.1" 200 26771 "-" "Mozilla/5.0 (compatible; bingbot/2.0; +http://www.bing.com/bingbot.htm)"
117.89.215.51 - - [01/Dec/2020:05:54:51 +0100] "GET /mondial_relay/js/jquery-1.3.2.min.js HTTP/1.1" 200 57254 "http://www.wonder-geek.com/" "Mozilla/5.0 (Windows NT 10.0; Win64; x64) AppleWebKit/537.36 (KHTML, like Gecko) Chrome/69.0.3497.100 Safari/537.36"
117.89.215.51 - - [01/Dec/2020:05:54:54 +0100] "GET /js/jquery.masonry.min.js HTTP/1.1" 200 5392 "http://www.wonder-geek.com/" "Mozilla/5.0 (Windows NT 10.0; Win64; x64) AppleWebKit/537.36 (KHTML, like Gecko) Chrome/69.0.3497.100 Safari/537.36"
117.89.215.51 - - [01/Dec/2020:05:54:55 +0100] "GET /js/modernizr-transitions.js HTTP/1.1" 200 2026 "http://www.wonder-geek.com/" "Mozilla/5.0 (Windows NT 10.0; Win64; x64) AppleWebKit/537.36 (KHTML, like Gecko) Chrome/69.0.3497.100 Safari/537.36"
117.89.215.51 - - [01/Dec/2020:05:54:56 +0100] "GET /templates/Pixame_v1/images/icon_accueil2.png HTTP/1.1" 200 1137 "http://www.wonder-geek.com/" "Mozilla/5.0 (Windows NT 10.0; Win64; x64) AppleWebKit/537.36 (KHTML, like Gecko) Chrome/69.0.3497.100 Safari/537.36"
117.89.215.51 - - [01/Dec/2020:05:54:58 +0100] "GET /images/mini_prod/3520071688268.jpg HTTP/1.1" 200 4723 "http://www.wonder-geek.com/" "Mozilla/5.0 (Windows NT 10.0; Win64; x64) AppleWebKit/537.36 (KHTML, like Gecko) Chrome/69.0.3497.100 Safari/537.36"
117.89.215.51 - - [01/Dec/2020:05:54:59 +0100] "GET /images/mini_prod/1328399097289.jpg HTTP/1.1" 200 6434 "http://www.wonder-geek.com/" "Mozilla/5.0 (Windows NT 10.0; Win64; x64) AppleWebKit/537.36 (KHTML, like Gecko) Chrome/69.0.3497.100 Safari/537.36"
117.89.215.51 - - [01/Dec/2020:05:55:00 +0100] "GET /images/mini_prod/3612872110458.jpg HTTP/1.1" 200 8085 "http://www.wonder-geek.com/" "Mozilla/5.0 (Windows NT 10.0; Win64; x64) AppleWebKit/537.36 (KHTML, like Gecko) Chrome/69.0.3497.100 Safari/537.36"
117.89.215.51 - - [01/Dec/2020:05:55:01 +0100] "GET /images/mini_prod/3609810099616.jpg HTTP/1.1" 200 6369 "http://www.wonder-geek.com/" "Mozilla/5.0 (Windows NT 10.0; Win64; x64) AppleWebKit/537.36 (KHTML, like Gecko) Chrome/69.0.3497.100 Safari/537.36"
117.89.215.51 - - [01/Dec/2020:05:55:02 +0100] "GET /images/mini_prod/3503420113482.jpg HTTP/1.1" 200 5283 "http://www.wonder-geek.com/" "Mozilla/5.0 (Windows NT 10.0; Win64; x64) AppleWebKit/537.36 (KHTML, like Gecko) Chrome/69.0.3497.100 Safari/537.36"
117.89.215.51 - - [01/Dec/2020:05:55:03 +0100] "GET /images/mini_prod/028399252831.jpg HTTP/1.1" 200 5322 "http://www.wonder-geek.com/" "Mozilla/5.0 (Windows NT 10.0; Win64; x64) AppleWebKit/537.36 (KHTML, like Gecko) Chrome/69.0.3497.100 Safari/537.36"
117.89.215.51 - - [01/Dec/2020:05:55:04 +0100] "GET /images/mini_prod/5051276388663.jpg HTTP/1.1" 200 6755 "http://www.wonder-geek.com/" "Mozilla/5.0 (Windows NT 10.0; Win64; x64) AppleWebKit/537.36 (KHTML, like Gecko) Chrome/69.0.3497.100 Safari/537.36"
117.89.215.51 - - [01/Dec/2020:05:55:07 +0100] "GET /images/mini_prod/9316188086707.jpg HTTP/1.1" 200 3364 "http://www.wonder-geek.com/" "Mozilla/5.0 (Windows NT 10.0; Win64; x64) AppleWebKit/537.36 (KHTML, like Gecko) Chrome/69.0.3497.100 Safari/537.36"
117.89.215.51 - - [01/Dec/2020:05:55:07 +0100] "GET /images/mini_prod/a8422048810410.jpg HTTP/1.1" 200 7479 "http://www.wonder-geek.com/" "Mozilla/5.0 (Windows NT 10.0; Win64; x64) AppleWebKit/537.36 (KHTML, like Gecko) Chrome/69.0.3497.100 Safari/537.36"
117.89.215.51 - - [01/Dec/2020:05:55:08 +0100] "GET /images/mini_prod/3609810048782.jpg HTTP/1.1" 200 6728 "http://www.wonder-geek.com/" "Mozilla/5.0 (Windows NT 10.0; Win64; x64) AppleWebKit/537.36 (KHTML, like Gecko) Chrome/69.0.3497.100 Safari/537.36"
117.89.215.51 - - [01/Dec/2020:05:55:09 +0100] "GET /images/mini_prod/3612872110472.jpg HTTP/1.1" 200 7120 "http://www.wonder-geek.com/" "Mozilla/5.0 (Windows NT 10.0; Win64; x64) AppleWebKit/537.36 (KHTML, like Gecko) Chrome/69.0.3497.100 Safari/537.36"
117.89.215.51 - - [01/Dec/2020:05:55:12 +0100] "GET /images/mini_prod/3453131155144.jpg HTTP/1.1" 200 7080 "http://www.wonder-geek.com/" "Mozilla/5.0 (Windows NT 10.0; Win64; x64) AppleWebKit/537.36 (KHTML, like Gecko) Chrome/69.0.3497.100 Safari/537.36"
117.89.215.51 - - [01/Dec/2020:05:55:13 +0100] "GET /images/mini_prod/3453131145060.jpg HTTP/1.1" 200 6947 "http://www.wonder-geek.com/" "Mozilla/5.0 (Windows NT 10.0; Win64; x64) AppleWebKit/537.36 (KHTML, like Gecko) Chrome/69.0.3497.100 Safari/537.36"
117.89.215.51 - - [01/Dec/2020:05:55:14 +0100] "GET /images/mini_prod/3520071686561.jpg HTTP/1.1" 200 4983 "http://www.wonder-geek.com/" "Mozilla/5.0 (Windows NT 10.0; Win64; x64) AppleWebKit/537.36 (KHTML, like Gecko) Chrome/69.0.3497.100 Safari/537.36"
117.89.215.51 - - [01/Dec/2020:05:55:15 +0100] "GET /images/mini_prod/3453131155168.jpg HTTP/1.1" 200 7567 "http://www.wonder-geek.com/" "Mozilla/5.0 (Windows NT 10.0; Win64; x64) AppleWebKit/537.36 (KHTML, like Gecko) Chrome/69.0.3497.100 Safari/537.36"
117.89.215.51 - - [01/Dec/2020:05:55:19 +0100] "GET /images/mini_prod/3609810048768.jpg HTTP/1.1" 200 7495 "http://www.wonder-geek.com/" "Mozilla/5.0 (Windows NT 10.0; Win64; x64) AppleWebKit/537.36 (KHTML, like Gecko) Chrome/69.0.3497.100 Safari/537.36"
117.89.215.51 - - [01/Dec/2020:05:55:20 +0100] "GET /images/mini_prod/138399271467.jpg HTTP/1.1" 200 6090 "http://www.wonder-geek.com/" "Mozilla/5.0 (Windows NT 10.0; Win64; x64) AppleWebKit/537.36 (KHTML, like Gecko) Chrome/69.0.3497.100 Safari/537.36"
117.89.215.51 - - [01/Dec/2020:05:55:23 +0100] "GET /images/mini_prod/3453131150644a.jpg HTTP/1.1" 200 4570 "http://www.wonder-geek.com/" "Mozilla/5.0 (Windows NT 10.0; Win64; x64) AppleWebKit/537.36 (KHTML, like Gecko) Chrome/69.0.3497.100 Safari/537.36"
117.89.215.51 - - [01/Dec/2020:05:55:24 +0100] "GET /images/mini_prod/5051276388632.jpg HTTP/1.1" 200 7235 "http://www.wonder-geek.com/" "Mozilla/5.0 (Windows NT 10.0; Win64; x64) AppleWebKit/537.36 (KHTML, like Gecko) Chrome/69.0.3497.100 Safari/537.36"
117.89.215.51 - - [01/Dec/2020:05:55:29 +0100] "GET /images/mini_prod/9316188086806.jpg HTTP/1.1" 200 4519 "http://www.wonder-geek.com/" "Mozilla/5.0 (Windows NT 10.0; Win64; x64) AppleWebKit/537.36 (KHTML, like Gecko) Chrome/69.0.3497.100 Safari/537.36"
117.89.215.51 - - [01/Dec/2020:05:55:29 +0100] "GET /highslide/highslide.js HTTP/1.1" 200 23800 "http://www.wonder-geek.com/" "Mozilla/5.0 (Windows NT 10.0; Win64; x64) AppleWebKit/537.36 (KHTML, like Gecko) Chrome/69.0.3497.100 Safari/537.36"
13.66.139.11 - - [01/Dec/2020:05:55:59 +0100] "GET /images/1399984257678.jpg HTTP/1.1" 200 136857 "-" "Mozilla/5.0 (compatible; bingbot/2.0; +http://www.bing.com/bingbot.htm)"
66.249.80.8 - - [01/Dec/2020:05:56:53 +0100] "GET /templates/Pixame_v1/images/icon_accueil2.png HTTP/1.1" 200 1137 "-" "Mozilla/5.0 (X11; Linux x86_64) AppleWebKit/537.36 (KHTML, like Gecko) Chrome/56.0.2924.87 Safari/537.36 Google (+https://developers.google.com/+/web/snippet/)"
13.66.139.161 - - [01/Dec/2020:05:56:53 +0100] "GET /images/3661275057884.jpg HTTP/1.1" 200 41443 "-" "Mozilla/5.0 (compatible; bingbot/2.0; +http://www.bing.com/bingbot.htm)"
13.66.139.161 - - [01/Dec/2020:05:56:54 +0100] "GET /images/big_prod_1/3665269059434a.jpg HTTP/1.1" 200 126505 "-" "Mozilla/5.0 (compatible; bingbot/2.0; +http://www.bing.com/bingbot.htm)"
13.66.139.11 - - [01/Dec/2020:05:57:39 +0100] "GET /images/med_prod/3700653511539.jpg HTTP/1.1" 200 66666 "-" "Mozilla/5.0 (compatible; bingbot/2.0; +http://www.bing.com/bingbot.htm)"
13.66.139.136 - - [01/Dec/2020:05:57:43 +0100] "GET /images/12485-strega-biancaneve.jpg HTTP/1.1" 200 28011 "-" "Mozilla/5.0 (compatible; bingbot/2.0; +http://www.bing.com/bingbot.htm)"
13.66.139.136 - - [01/Dec/2020:05:57:44 +0100] "GET /images/big_prod_3/a3660173224114.jpg HTTP/1.1" 200 114519 "-" "Mozilla/5.0 (compatible; bingbot/2.0; +http://www.bing.com/bingbot.htm)"
13.66.139.11 - - [01/Dec/2020:05:58:00 +0100] "GET /images/5701359690298.jpg HTTP/1.1" 200 30267 "-" "Mozilla/5.0 (compatible; bingbot/2.0; +http://www.bing.com/bingbot.htm)"
13.66.139.161 - - [01/Dec/2020:05:58:05 +0100] "GET /images/big_prod/3700230606092.jpg HTTP/1.1" 200 165864 "-" "Mozilla/5.0 (compatible; bingbot/2.0; +http://www.bing.com/bingbot.htm)"
13.66.139.161 - - [01/Dec/2020:05:58:54 +0100] "GET /images/big_prod/9316188068246.jpg HTTP/1.1" 200 69715 "-" "Mozilla/5.0 (compatible; bingbot/2.0; +http://www.bing.com/bingbot.htm)"
13.66.139.136 - - [01/Dec/2020:05:59:39 +0100] "GET /images/big_prod/3565750158571.jpg HTTP/1.1" 200 74760 "-" "Mozilla/5.0 (compatible; bingbot/2.0; +http://www.bing.com/bingbot.htm)"
207.46.13.89 - - [01/Dec/2020:06:00:08 +0100] "GET /images/1399984234846.jpg HTTP/1.1" 200 170240 "-" "Mozilla/5.0 (compatible; bingbot/2.0; +http://www.bing.com/bingbot.htm)"
157.55.39.130 - - [01/Dec/2020:06:00:12 +0100] "GET /images/med_prod/8435306288548.jpg HTTP/1.1" 200 62514 "-" "Mozilla/5.0 (compatible; bingbot/2.0; +http://www.bing.com/bingbot.htm)"
85.233.213.126 - - [01/Dec/2020:06:00:24 +0100] "GET /js/jquery.jqzoom.js HTTP/1.1" 200 4761 "http://www.wonder-geek.com/-p-51114.html" "Mozilla/5.0 (Windows NT 6.3; Win64; x64) AppleWebKit/537.36 (KHTML, like Gecko) Chrome/87.0.4280.66 Safari/537.36"
85.233.213.126 - - [01/Dec/2020:06:00:24 +0100] "GET /js/jquery.js HTTP/1.1" 200 54075 "http://www.wonder-geek.com/-p-51114.html" "Mozilla/5.0 (Windows NT 6.3; Win64; x64) AppleWebKit/537.36 (KHTML, like Gecko) Chrome/87.0.4280.66 Safari/537.36"
85.233.213.126 - - [01/Dec/2020:06:00:24 +0100] "GET /highslide/highslide.js HTTP/1.1" 200 42909 "http://www.wonder-geek.com/-p-51114.html" "Mozilla/5.0 (Windows NT 6.3; Win64; x64) AppleWebKit/537.36 (KHTML, like Gecko) Chrome/87.0.4280.66 Safari/537.36"
85.233.213.126 - - [01/Dec/2020:06:00:24 +0100] "GET /templates/Pixame_v1/stylesheet.css HTTP/1.1" 200 56057 "http://www.wonder-geek.com/-p-51114.html" "Mozilla/5.0 (Windows NT 6.3; Win64; x64) AppleWebKit/537.36 (KHTML, like Gecko) Chrome/87.0.4280.66 Safari/537.36"
85.233.213.126 - - [01/Dec/2020:06:00:24 +0100] "GET /mondial_relay/js/jquery-1.3.2.min.js HTTP/1.1" 200 57254 "http://www.wonder-geek.com/-p-51114.html" "Mozilla/5.0 (Windows NT 6.3; Win64; x64) AppleWebKit/537.36 (KHTML, like Gecko) Chrome/87.0.4280.66 Safari/537.36"
85.233.213.126 - - [01/Dec/2020:06:00:24 +0100] "GET /templates/Pixame_v1/images/icon_accueil2.png HTTP/1.1" 200 1137 "http://www.wonder-geek.com/-p-51114.html" "Mozilla/5.0 (Windows NT 6.3; Win64; x64) AppleWebKit/537.36 (KHTML, like Gecko) Chrome/87.0.4280.66 Safari/537.36"
85.233.213.126 - - [01/Dec/2020:06:00:25 +0100] "GET /templates/Pixame_v1/images/nav.png HTTP/1.1" 200 1283 "http://www.wonder-geek.com/templates/Pixame_v1/stylesheet.css" "Mozilla/5.0 (Windows NT 6.3; Win64; x64) AppleWebKit/537.36 (KHTML, like Gecko) Chrome/87.0.4280.66 Safari/537.36"
85.233.213.126 - - [01/Dec/2020:06:00:25 +0100] "GET /design/productsenstock.png HTTP/1.1" 200 4743 "http://www.wonder-geek.com/templates/Pixame_v1/stylesheet.css" "Mozilla/5.0 (Windows NT 6.3; Win64; x64) AppleWebKit/537.36 (KHTML, like Gecko) Chrome/87.0.4280.66 Safari/537.36"
85.233.213.126 - - [01/Dec/2020:06:00:25 +0100] "GET /templates/Pixame_v1/images/Bottom_texture.jpg HTTP/1.1" 200 56290 "http://www.wonder-geek.com/templates/Pixame_v1/stylesheet.css" "Mozilla/5.0 (Windows NT 6.3; Win64; x64) AppleWebKit/537.36 (KHTML, like Gecko) Chrome/87.0.4280.66 Safari/537.36"
85.233.213.126 - - [01/Dec/2020:06:00:25 +0100] "GET /templates/Pixame_v1/images/header.png HTTP/1.1" 200 70245 "http://www.wonder-geek.com/templates/Pixame_v1/stylesheet.css" "Mozilla/5.0 (Windows NT 6.3; Win64; x64) AppleWebKit/537.36 (KHTML, like Gecko) Chrome/87.0.4280.66 Safari/537.36"
85.233.213.126 - - [01/Dec/2020:06:00:26 +0100] "GET /templates/Pixame_v1/images/Middle_texture.jpg HTTP/1.1" 200 249620 "http://www.wonder-geek.com/templates/Pixame_v1/stylesheet.css" "Mozilla/5.0 (Windows NT 6.3; Win64; x64) AppleWebKit/537.36 (KHTML, like Gecko) Chrome/87.0.4280.66 Safari/537.36"
85.233.213.126 - - [01/Dec/2020:06:00:27 +0100] "GET /templates/Pixame_v1/images/header-object.png HTTP/1.1" 200 106050 "http://www.wonder-geek.com/templates/Pixame_v1/stylesheet.css" "Mozilla/5.0 (Windows NT 6.3; Win64; x64) AppleWebKit/537.36 (KHTML, like Gecko) Chrome/87.0.4280.66 Safari/537.36"
85.233.213.126 - - [01/Dec/2020:06:00:28 +0100] "GET /highslide/graphics/outlines/drop-shadow.png HTTP/1.1" 200 2022 "http://www.wonder-geek.com/-p-51114.html" "Mozilla/5.0 (Windows NT 6.3; Win64; x64) AppleWebKit/537.36 (KHTML, like Gecko) Chrome/87.0.4280.66 Safari/537.36"
85.233.213.126 - - [01/Dec/2020:06:00:28 +0100] "GET /favicon.ico HTTP/1.1" 200 1591 "http://www.wonder-geek.com/-p-51114.html" "Mozilla/5.0 (Windows NT 6.3; Win64; x64) AppleWebKit/537.36 (KHTML, like Gecko) Chrome/87.0.4280.66 Safari/537.36"
13.66.139.136 - - [01/Dec/2020:06:02:10 +0100] "GET /images/med_prod/3560600290340.jpg HTTP/1.1" 200 128263 "-" "Mozilla/5.0 (compatible; bingbot/2.0; +http://www.bing.com/bingbot.htm)"
13.66.139.11 - - [01/Dec/2020:06:02:40 +0100] "GET /images/med_prod/1384010181324.jpg HTTP/1.1" 200 167834 "-" "Mozilla/5.0 (compatible; bingbot/2.0; +http://www.bing.com/bingbot.htm)"
13.66.139.11 - - [01/Dec/2020:06:02:50 +0100] "GET /images/65459.jpg HTTP/1.1" 200 57630 "-" "Mozilla/5.0 (compatible; bingbot/2.0; +http://www.bing.com/bingbot.htm)"
157.55.39.77 - - [01/Dec/2020:06:03:29 +0100] "GET /images/big_prod/8718657461069.jpg HTTP/1.1" 200 102104 "-" "Mozilla/5.0 (compatible; bingbot/2.0; +http://www.bing.com/bingbot.htm)"
13.66.139.136 - - [01/Dec/2020:06:03:41 +0100] "GET /images/3574645761604.jpg HTTP/1.1" 200 96228 "-" "Mozilla/5.0 (compatible; bingbot/2.0; +http://www.bing.com/bingbot.htm)"
13.66.139.161 - - [01/Dec/2020:06:04:04 +0100] "GET /images/big_prod_2/1328399219384b.jpg HTTP/1.1" 200 42869 "-" "Mozilla/5.0 (compatible; bingbot/2.0; +http://www.bing.com/bingbot.htm)"
13.66.139.161 - - [01/Dec/2020:06:04:44 +0100] "GET /images/big_prod/3453131147866.jpg HTTP/1.1" 200 82672 "-" "Mozilla/5.0 (compatible; bingbot/2.0; +http://www.bing.com/bingbot.htm)"
13.66.139.11 - - [01/Dec/2020:06:04:51 +0100] "GET /images/big_prod/35444.jpg HTTP/1.1" 200 77684 "-" "Mozilla/5.0 (compatible; bingbot/2.0; +http://www.bing.com/bingbot.htm)"
13.66.139.161 - - [01/Dec/2020:06:04:55 +0100] "GET /images/big_prod/4542202653838.jpg HTTP/1.1" 200 62005 "-" "Mozilla/5.0 (compatible; bingbot/2.0; +http://www.bing.com/bingbot.htm)"
157.55.39.77 - - [01/Dec/2020:06:06:08 +0100] "GET /images/big_prod/8435465002016.jpg HTTP/1.1" 200 124911 "-" "Mozilla/5.0 (compatible; bingbot/2.0; +http://www.bing.com/bingbot.htm)"
13.66.139.161 - - [01/Dec/2020:06:07:34 +0100] "GET /images/big_prod_1/1399980107731N.jpg HTTP/1.1" 200 140967 "-" "Mozilla/5.0 (compatible; bingbot/2.0; +http://www.bing.com/bingbot.htm)"
13.66.139.136 - - [01/Dec/2020:06:08:01 +0100] "GET /images/big_prod/8422088074483.jpg HTTP/1.1" 200 51732 "-" "Mozilla/5.0 (compatible; bingbot/2.0; +http://www.bing.com/bingbot.htm)"
207.46.13.124 - - [01/Dec/2020:06:08:55 +0100] "GET /images/med_prod/8435107811716.jpg HTTP/1.1" 200 114227 "-" "Mozilla/5.0 (compatible; bingbot/2.0; +http://www.bing.com/bingbot.htm)"
157.55.39.77 - - [01/Dec/2020:06:09:57 +0100] "GET /images/1341689524654.jpg HTTP/1.1" 200 50129 "-" "Mozilla/5.0 (compatible; bingbot/2.0; +http://www.bing.com/bingbot.htm)"
13.66.139.136 - - [01/Dec/2020:06:10:41 +0100] "GET /images/big_prod/8422001017733.jpg HTTP/1.1" 200 68048 "-" "Mozilla/5.0 (compatible; bingbot/2.0; +http://www.bing.com/bingbot.htm)"
207.46.13.124 - - [01/Dec/2020:06:10:45 +0100] "GET /images/big_prod_1/1345544960069b.jpg HTTP/1.1" 200 63675 "-" "Mozilla/5.0 (compatible; bingbot/2.0; +http://www.bing.com/bingbot.htm)"
13.66.139.161 - - [01/Dec/2020:06:12:45 +0100] "GET /images/DSCN0923b.jpg HTTP/1.1" 200 32957 "-" "Mozilla/5.0 (compatible; bingbot/2.0; +http://www.bing.com/bingbot.htm)"
13.66.139.11 - - [01/Dec/2020:06:12:51 +0100] "GET /images/3700276281826050720122.jpg HTTP/1.1" 200 52198 "-" "Mozilla/5.0 (compatible; bingbot/2.0; +http://www.bing.com/bingbot.htm)"
13.66.139.136 - - [01/Dec/2020:06:12:56 +0100] "GET /images/med_prod/00lucky.jpg HTTP/1.1" 200 45372 "-" "Mozilla/5.0 (compatible; bingbot/2.0; +http://www.bing.com/bingbot.htm)"
216.244.66.242 - - [01/Dec/2020:06:13:09 +0100] "GET /robots.txt HTTP/1.1" 200 2438 "-" "Mozilla/5.0 (compatible; DotBot/1.1; http://www.opensiteexplorer.org/dotbot, help@moz.com)"
13.66.139.161 - - [01/Dec/2020:06:13:55 +0100] "GET /images/3661443602021.jpg HTTP/1.1" 200 20873 "-" "Mozilla/5.0 (compatible; bingbot/2.0; +http://www.bing.com/bingbot.htm)"
13.66.139.11 - - [01/Dec/2020:06:14:02 +0100] "GET /images/big_prod/3453131151030.jpg HTTP/1.1" 200 110706 "-" "Mozilla/5.0 (compatible; bingbot/2.0; +http://www.bing.com/bingbot.htm)"
