40.77.167.30 - - [01/Dec/2020:14:25:51 +0100] "GET /images/041689560010.jpg HTTP/1.1" 200 99116 "-" "Mozilla/5.0 (compatible; bingbot/2.0; +http://www.bing.com/bingbot.htm)"
66.249.70.33 - - [01/Dec/2020:14:26:27 +0100] "GET /images/mini_prod/3660173201535.jpg HTTP/1.1" 200 2987 "-" "Googlebot-Image/1.0"
66.249.70.62 - - [01/Dec/2020:14:26:28 +0100] "GET /images/mini_prod/3612872110991.jpg HTTP/1.1" 200 7799 "-" "Googlebot-Image/1.0"
66.249.70.62 - - [01/Dec/2020:14:26:29 +0100] "GET /images/mini_prod/8424001278886.jpg HTTP/1.1" 200 5892 "-" "Googlebot-Image/1.0"
66.249.70.33 - - [01/Dec/2020:14:29:11 +0100] "GET /images/mini_prod/8424001278909.jpg HTTP/1.1" 200 5619 "-" "Googlebot-Image/1.0"
185.191.171.6 - - [01/Dec/2020:14:31:19 +0100] "GET /robots.txt HTTP/1.1" 200 2438 "-" "Mozilla/5.0 (compatible; SemrushBot/7~bl; +http://www.semrush.com/bot.html)"
66.249.70.36 - - [01/Dec/2020:14:31:35 +0100] "GET /images/mini_prod/3612875123288.jpg HTTP/1.1" 200 5229 "-" "Googlebot-Image/1.0"
66.249.70.62 - - [01/Dec/2020:14:34:36 +0100] "GET /images/mini_prod/1384000000321.jpg HTTP/1.1" 200 7003 "-" "Googlebot-Image/1.0"
157.55.39.77 - - [01/Dec/2020:14:41:05 +0100] "GET /images/1300010240267.jpg HTTP/1.1" 200 120645 "-" "Mozilla/5.0 (compatible; bingbot/2.0; +http://www.bing.com/bingbot.htm)"
157.55.39.164 - - [01/Dec/2020:14:41:08 +0100] "GET /images/med_prod/5414451289627.jpg HTTP/1.1" 200 70477 "-" "Mozilla/5.0 (compatible; bingbot/2.0; +http://www.bing.com/bingbot.htm)"
5.255.231.71 - - [01/Dec/2020:14:42:07 +0100] "GET /robots.txt HTTP/1.1" 200 2438 "-" "Mozilla/5.0 (compatible; YandexBot/3.0; +http://yandex.com/bots)"
216.244.66.242 - - [01/Dec/2020:14:43:09 +0100] "GET /robots.txt HTTP/1.1" 200 2438 "-" "Mozilla/5.0 (compatible; DotBot/1.1; http://www.opensiteexplorer.org/dotbot, help@moz.com)"
40.77.167.30 - - [01/Dec/2020:14:43:26 +0100] "GET /images/med_prod/1399984284643.jpg HTTP/1.1" 200 104596 "-" "Mozilla/5.0 (compatible; bingbot/2.0; +http://www.bing.com/bingbot.htm)"
66.249.81.163 - - [01/Dec/2020:14:45:24 +0100] "GET /images/big_prod/8433933100738.jpg HTTP/1.1" 200 55653 "-" "Mozilla/5.0 (Windows NT 5.1; rv:11.0) Gecko Firefox/11.0 (via ggpht.com GoogleImageProxy)"
207.46.13.89 - - [01/Dec/2020:14:45:28 +0100] "GET /images/1399984253281.jpg HTTP/1.1" 200 72024 "-" "Mozilla/5.0 (compatible; bingbot/2.0; +http://www.bing.com/bingbot.htm)"
66.249.70.33 - - [01/Dec/2020:14:46:37 +0100] "GET /images/mini_prod/3438100342503.jpg HTTP/1.1" 200 4786 "-" "Googlebot-Image/1.0"
173.54.164.67 - - [01/Dec/2020:14:51:55 +0100] "GET /images/med_prod/8435306276187.jpg HTTP/1.1" 200 97404 "-" "Mozilla/5.0 (Windows NT 10.0; Win64; x64) AppleWebKit/537.36 (KHTML, like Gecko) Chrome/87.0.4280.67 Safari/537.36 Edg/87.0.664.47"
173.54.164.67 - - [01/Dec/2020:14:51:56 +0100] "GET /images/med_prod/8435306288838.jpg HTTP/1.1" 200 155144 "-" "Mozilla/5.0 (Windows NT 10.0; Win64; x64) AppleWebKit/537.36 (KHTML, like Gecko) Chrome/87.0.4280.67 Safari/537.36 Edg/87.0.664.47"
46.20.161.181 - - [01/Dec/2020:14:56:33 +0100] "GET /images/1399984253175b.jpg HTTP/1.1" 200 71722 "https://www.bing.com/" "Mozilla/5.0 (Windows NT 10.0; Win64; x64) AppleWebKit/537.36 (KHTML, like Gecko) Chrome/87.0.4280.67 Safari/537.36 Edg/87.0.664.52"
157.55.39.77 - - [01/Dec/2020:15:02:00 +0100] "GET /images/big_prod/3665269081459.jpg HTTP/1.1" 200 75856 "-" "Mozilla/5.0 (compatible; bingbot/2.0; +http://www.bing.com/bingbot.htm)"
40.77.167.30 - - [01/Dec/2020:15:04:16 +0100] "GET /images/big_prod/1384010208373.jpg HTTP/1.1" 200 75166 "-" "Mozilla/5.0 (compatible; bingbot/2.0; +http://www.bing.com/bingbot.htm)"
37.113.168.35 - - [01/Dec/2020:15:04:17 +0100] "GET /images/4012390362688.jpg HTTP/1.1" 200 64213 "-" "Mozilla/5.0 (Windows NT 6.1; Win64; x64) AppleWebKit/537.36 (KHTML, like Gecko) Chrome/86.0.4240.185 YaBrowser/20.11.2.78 Yowser/2.5 Safari/537.36"
207.46.13.124 - - [01/Dec/2020:15:05:54 +0100] "GET /images/5018997610855.jpg HTTP/1.1" 200 107656 "-" "Mozilla/5.0 (compatible; bingbot/2.0; +http://www.bing.com/bingbot.htm)"
193.191.219.80 - - [01/Dec/2020:15:10:23 +0100] "GET /images/big_prod/1384010206294.jpg HTTP/1.1" 200 39153 "-" "Mozilla/5.0 (Windows NT 10.0; WOW64; Trident/7.0; rv:11.0) like Gecko"
64.233.172.163 - - [01/Dec/2020:15:17:35 +0100] "GET /images/big_prod/3457019600511b.jpg HTTP/1.1" 200 107104 "-" "Mozilla/5.0 (Windows NT 5.1; rv:11.0) Gecko Firefox/11.0 (via ggpht.com GoogleImageProxy)"
40.77.167.15 - - [01/Dec/2020:15:26:22 +0100] "GET /images/7316191464822.jpg HTTP/1.1" 200 25147 "-" "Mozilla/5.0 (compatible; bingbot/2.0; +http://www.bing.com/bingbot.htm)"
185.191.171.45 - - [01/Dec/2020:15:32:22 +0100] "GET /robots.txt HTTP/1.1" 200 2438 "-" "Mozilla/5.0 (compatible; SemrushBot/7~bl; +http://www.semrush.com/bot.html)"
157.55.39.130 - - [01/Dec/2020:15:33:00 +0100] "GET /images/3524550007120.jpg HTTP/1.1" 200 56510 "-" "Mozilla/5.0 (compatible; bingbot/2.0; +http://www.bing.com/bingbot.htm)"
157.55.39.180 - - [01/Dec/2020:15:42:25 +0100] "GET /images/1399984253779.jpg HTTP/1.1" 200 17199 "-" "Mozilla/5.0 (compatible; bingbot/2.0; +http://www.bing.com/bingbot.htm)"
40.77.167.15 - - [01/Dec/2020:15:46:35 +0100] "GET /images/big_prod/3609810083325b.jpg HTTP/1.1" 200 75561 "-" "Mozilla/5.0 (compatible; bingbot/2.0; +http://www.bing.com/bingbot.htm)"
216.244.66.242 - - [01/Dec/2020:15:46:50 +0100] "GET /robots.txt HTTP/1.1" 200 2438 "-" "Mozilla/5.0 (compatible; DotBot/1.1; http://www.opensiteexplorer.org/dotbot, help@moz.com)"
207.46.13.247 - - [01/Dec/2020:15:46:54 +0100] "GET /images/med_prod/5012128424182.jpg HTTP/1.1" 200 153199 "-" "Mozilla/5.0 (compatible; bingbot/2.0; +http://www.bing.com/bingbot.htm)"
157.55.39.180 - - [01/Dec/2020:15:49:50 +0100] "GET /images/8028501260640.jpg HTTP/1.1" 200 77779 "-" "Mozilla/5.0 (compatible; bingbot/2.0; +http://www.bing.com/bingbot.htm)"
157.55.39.130 - - [01/Dec/2020:15:57:14 +0100] "GET /images/4010070244156.jpg HTTP/1.1" 200 139588 "-" "Mozilla/5.0 (compatible; bingbot/2.0; +http://www.bing.com/bingbot.htm)"
40.77.167.15 - - [01/Dec/2020:15:57:36 +0100] "GET /images/big_prod/720322285434.jpg HTTP/1.1" 200 74897 "-" "Mozilla/5.0 (compatible; bingbot/2.0; +http://www.bing.com/bingbot.htm)"
40.77.167.30 - - [01/Dec/2020:16:06:49 +0100] "GET /images/80285016691151.jpg HTTP/1.1" 200 29148 "-" "Mozilla/5.0 (compatible; bingbot/2.0; +http://www.bing.com/bingbot.htm)"
173.169.96.105 - - [01/Dec/2020:16:06:50 +0100] "GET /images/med_prod/3457010954057.jpg HTTP/1.1" 200 124679 "https://www.bing.com/" "Mozilla/5.0 (Windows NT 10.0; Win64; x64) AppleWebKit/537.36 (KHTML, like Gecko) Chrome/87.0.4280.67 Safari/537.36 Edg/87.0.664.47"
66.249.93.48 - - [01/Dec/2020:16:07:09 +0100] "GET /images/med_prod/1341689419929.jpg HTTP/1.1" 200 154632 "-" "Mozilla/5.0 (Windows NT 5.1; rv:11.0) Gecko Firefox/11.0 (via ggpht.com GoogleImageProxy)"
66.249.93.50 - - [01/Dec/2020:16:07:09 +0100] "GET /images/med_prod/1341689801502.jpg HTTP/1.1" 200 129026 "-" "Mozilla/5.0 (Windows NT 5.1; rv:11.0) Gecko Firefox/11.0 (via ggpht.com GoogleImageProxy)"
41.254.70.231 - - [01/Dec/2020:16:07:55 +0100] "GET /images/8421440081169.jpg HTTP/1.1" 200 42182 "-" "com.google.android.apps.searchlite/265926 (Linux; U; Android 8.1.0; ar_AE; SM-J260F; Build/M1AJB; Cronet/85.0.4183.127)"
81.251.198.154 - - [01/Dec/2020:16:07:56 +0100] "GET /images/B2807201314024.jpg HTTP/1.1" 200 26606 "-" "Mozilla/5.0 (Windows NT 10.0; WOW64; Trident/7.0; rv:11.0) like Gecko"
173.169.96.105 - - [01/Dec/2020:16:09:37 +0100] "GET /js/jquery.jqzoom.js HTTP/1.1" 200 4761 "http://www.wonder-geek.com/frozen-musical-jewelry-box-p-33685.html" "Mozilla/5.0 (Windows NT 10.0; Win64; x64) AppleWebKit/537.36 (KHTML, like Gecko) Chrome/87.0.4280.67 Safari/537.36 Edg/87.0.664.47"
173.169.96.105 - - [01/Dec/2020:16:09:37 +0100] "GET /templates/Pixame_v1/stylesheet.css HTTP/1.1" 200 56057 "http://www.wonder-geek.com/frozen-musical-jewelry-box-p-33685.html" "Mozilla/5.0 (Windows NT 10.0; Win64; x64) AppleWebKit/537.36 (KHTML, like Gecko) Chrome/87.0.4280.67 Safari/537.36 Edg/87.0.664.47"
173.169.96.105 - - [01/Dec/2020:16:09:37 +0100] "GET /highslide/highslide.js HTTP/1.1" 200 42909 "http://www.wonder-geek.com/frozen-musical-jewelry-box-p-33685.html" "Mozilla/5.0 (Windows NT 10.0; Win64; x64) AppleWebKit/537.36 (KHTML, like Gecko) Chrome/87.0.4280.67 Safari/537.36 Edg/87.0.664.47"
173.169.96.105 - - [01/Dec/2020:16:09:37 +0100] "GET /js/jquery.js HTTP/1.1" 200 54075 "http://www.wonder-geek.com/frozen-musical-jewelry-box-p-33685.html" "Mozilla/5.0 (Windows NT 10.0; Win64; x64) AppleWebKit/537.36 (KHTML, like Gecko) Chrome/87.0.4280.67 Safari/537.36 Edg/87.0.664.47"
173.169.96.105 - - [01/Dec/2020:16:09:37 +0100] "GET /mondial_relay/js/jquery-1.3.2.min.js HTTP/1.1" 200 57254 "http://www.wonder-geek.com/frozen-musical-jewelry-box-p-33685.html" "Mozilla/5.0 (Windows NT 10.0; Win64; x64) AppleWebKit/537.36 (KHTML, like Gecko) Chrome/87.0.4280.67 Safari/537.36 Edg/87.0.664.47"
173.169.96.105 - - [01/Dec/2020:16:09:37 +0100] "GET /templates/Pixame_v1/images/icon_accueil2.png HTTP/1.1" 200 1137 "http://www.wonder-geek.com/frozen-musical-jewelry-box-p-33685.html" "Mozilla/5.0 (Windows NT 10.0; Win64; x64) AppleWebKit/537.36 (KHTML, like Gecko) Chrome/87.0.4280.67 Safari/537.36 Edg/87.0.664.47"
173.169.96.105 - - [01/Dec/2020:16:09:37 +0100] "GET /templates/Pixame_v1/images/nav.png HTTP/1.1" 200 1283 "http://www.wonder-geek.com/templates/Pixame_v1/stylesheet.css" "Mozilla/5.0 (Windows NT 10.0; Win64; x64) AppleWebKit/537.36 (KHTML, like Gecko) Chrome/87.0.4280.67 Safari/537.36 Edg/87.0.664.47"
173.169.96.105 - - [01/Dec/2020:16:09:37 +0100] "GET /design/productsenstock.png HTTP/1.1" 200 4743 "http://www.wonder-geek.com/templates/Pixame_v1/stylesheet.css" "Mozilla/5.0 (Windows NT 10.0; Win64; x64) AppleWebKit/537.36 (KHTML, like Gecko) Chrome/87.0.4280.67 Safari/537.36 Edg/87.0.664.47"
173.169.96.105 - - [01/Dec/2020:16:09:37 +0100] "GET /templates/Pixame_v1/images/Bottom_texture.jpg HTTP/1.1" 200 56290 "http://www.wonder-geek.com/templates/Pixame_v1/stylesheet.css" "Mozilla/5.0 (Windows NT 10.0; Win64; x64) AppleWebKit/537.36 (KHTML, like Gecko) Chrome/87.0.4280.67 Safari/537.36 Edg/87.0.664.47"
173.169.96.105 - - [01/Dec/2020:16:09:37 +0100] "GET /templates/Pixame_v1/images/header.png HTTP/1.1" 200 70245 "http://www.wonder-geek.com/templates/Pixame_v1/stylesheet.css" "Mozilla/5.0 (Windows NT 10.0; Win64; x64) AppleWebKit/537.36 (KHTML, like Gecko) Chrome/87.0.4280.67 Safari/537.36 Edg/87.0.664.47"
173.169.96.105 - - [01/Dec/2020:16:09:38 +0100] "GET /templates/Pixame_v1/images/header-object.png HTTP/1.1" 200 106050 "http://www.wonder-geek.com/templates/Pixame_v1/stylesheet.css" "Mozilla/5.0 (Windows NT 10.0; Win64; x64) AppleWebKit/537.36 (KHTML, like Gecko) Chrome/87.0.4280.67 Safari/537.36 Edg/87.0.664.47"
173.169.96.105 - - [01/Dec/2020:16:09:38 +0100] "GET /templates/Pixame_v1/images/Middle_texture.jpg HTTP/1.1" 200 249620 "http://www.wonder-geek.com/templates/Pixame_v1/stylesheet.css" "Mozilla/5.0 (Windows NT 10.0; Win64; x64) AppleWebKit/537.36 (KHTML, like Gecko) Chrome/87.0.4280.67 Safari/537.36 Edg/87.0.664.47"
173.169.96.105 - - [01/Dec/2020:16:09:38 +0100] "GET /highslide/graphics/outlines/drop-shadow.png HTTP/1.1" 200 2022 "http://www.wonder-geek.com/frozen-musical-jewelry-box-p-33685.html" "Mozilla/5.0 (Windows NT 10.0; Win64; x64) AppleWebKit/537.36 (KHTML, like Gecko) Chrome/87.0.4280.67 Safari/537.36 Edg/87.0.664.47"
173.169.96.105 - - [01/Dec/2020:16:09:38 +0100] "GET /favicon.ico HTTP/1.1" 200 1591 "http://www.wonder-geek.com/frozen-musical-jewelry-box-p-33685.html" "Mozilla/5.0 (Windows NT 10.0; Win64; x64) AppleWebKit/537.36 (KHTML, like Gecko) Chrome/87.0.4280.67 Safari/537.36 Edg/87.0.664.47"
207.46.13.89 - - [01/Dec/2020:16:14:20 +0100] "GET /images/big_prod/8433933100516.jpg HTTP/1.1" 200 83559 "-" "Mozilla/5.0 (compatible; bingbot/2.0; +http://www.bing.com/bingbot.htm)"
40.77.167.30 - - [01/Dec/2020:16:21:19 +0100] "GET /images/8028501269933.jpg HTTP/1.1" 200 91358 "-" "Mozilla/5.0 (compatible; bingbot/2.0; +http://www.bing.com/bingbot.htm)"
40.77.167.30 - - [01/Dec/2020:16:23:40 +0100] "GET /images/big_prod/8419810093386.jpg HTTP/1.1" 200 37352 "-" "Mozilla/5.0 (compatible; bingbot/2.0; +http://www.bing.com/bingbot.htm)"
157.55.39.180 - - [01/Dec/2020:16:23:54 +0100] "GET /images/big_prod/3609810046528.jpg HTTP/1.1" 200 173888 "-" "Mozilla/5.0 (compatible; bingbot/2.0; +http://www.bing.com/bingbot.htm)"
157.55.39.164 - - [01/Dec/2020:16:26:29 +0100] "GET /images/med_prod/00000000000000000lion.jpg HTTP/1.1" 200 101768 "-" "Mozilla/5.0 (compatible; bingbot/2.0; +http://www.bing.com/bingbot.htm)"
66.249.70.33 - - [01/Dec/2020:16:26:43 +0100] "GET /images/mini_prod/3520071598680.jpg HTTP/1.1" 200 3921 "-" "Googlebot-Image/1.0"
66.249.70.62 - - [01/Dec/2020:16:26:45 +0100] "GET /images/mini_prod/3520071598673.jpg HTTP/1.1" 200 3485 "-" "Googlebot-Image/1.0"
114.119.154.200 - - [01/Dec/2020:16:27:22 +0100] "GET /images/mini_prod/1300010237809.jpg HTTP/1.1" 200 6723 "-" "Mozilla/5.0 (Linux; Android 7.0;) AppleWebKit/537.36 (KHTML, like Gecko) Mobile Safari/537.36 (compatible; PetalBot;+https://aspiegel.com/petalbot)"
173.31.117.231 - - [01/Dec/2020:16:28:33 +0100] "GET /images/8029759023926.jpg HTTP/1.1" 200 34355 "https://www.bing.com/" "Mozilla/5.0 (Linux; Android 5.1.1; KFSUWI) AppleWebKit/537.36 (KHTML, like Gecko) Silk/86.2.31 like Chrome/86.0.4240.185 Safari/537.36"
40.77.167.15 - - [01/Dec/2020:16:33:51 +0100] "GET /images/3563561711374.jpg HTTP/1.1" 200 28079 "-" "Mozilla/5.0 (compatible; bingbot/2.0; +http://www.bing.com/bingbot.htm)"
185.191.171.43 - - [01/Dec/2020:16:33:57 +0100] "GET /robots.txt HTTP/1.1" 200 2438 "-" "Mozilla/5.0 (compatible; SemrushBot/7~bl; +http://www.semrush.com/bot.html)"
207.46.13.247 - - [01/Dec/2020:16:35:48 +0100] "GET /images/3701276289683.jpg HTTP/1.1" 200 38885 "-" "Mozilla/5.0 (compatible; bingbot/2.0; +http://www.bing.com/bingbot.htm)"
77.107.239.14 - - [01/Dec/2020:16:43:02 +0100] "GET /templates/Pixame_v1/stylesheet.css HTTP/1.1" 200 56057 "http://www.wonder-geek.com/gorjuss-lockable-journal-with-heart-shaped-lock-little-wings-p-50951.html" "Mozilla/5.0 (Windows NT 6.1; Win64; x64) AppleWebKit/537.36 (KHTML, like Gecko) Chrome/86.0.4240.198 Safari/537.36"
77.107.239.14 - - [01/Dec/2020:16:43:02 +0100] "GET /highslide/highslide.js HTTP/1.1" 200 42909 "http://www.wonder-geek.com/gorjuss-lockable-journal-with-heart-shaped-lock-little-wings-p-50951.html" "Mozilla/5.0 (Windows NT 6.1; Win64; x64) AppleWebKit/537.36 (KHTML, like Gecko) Chrome/86.0.4240.198 Safari/537.36"
77.107.239.14 - - [01/Dec/2020:16:43:02 +0100] "GET /js/jquery.jqzoom.js HTTP/1.1" 200 4761 "http://www.wonder-geek.com/gorjuss-lockable-journal-with-heart-shaped-lock-little-wings-p-50951.html" "Mozilla/5.0 (Windows NT 6.1; Win64; x64) AppleWebKit/537.36 (KHTML, like Gecko) Chrome/86.0.4240.198 Safari/537.36"
77.107.239.14 - - [01/Dec/2020:16:43:03 +0100] "GET /js/jquery.js HTTP/1.1" 200 54075 "http://www.wonder-geek.com/gorjuss-lockable-journal-with-heart-shaped-lock-little-wings-p-50951.html" "Mozilla/5.0 (Windows NT 6.1; Win64; x64) AppleWebKit/537.36 (KHTML, like Gecko) Chrome/86.0.4240.198 Safari/537.36"
77.107.239.14 - - [01/Dec/2020:16:43:03 +0100] "GET /mondial_relay/js/jquery-1.3.2.min.js HTTP/1.1" 200 57254 "http://www.wonder-geek.com/gorjuss-lockable-journal-with-heart-shaped-lock-little-wings-p-50951.html" "Mozilla/5.0 (Windows NT 6.1; Win64; x64) AppleWebKit/537.36 (KHTML, like Gecko) Chrome/86.0.4240.198 Safari/537.36"
77.107.239.14 - - [01/Dec/2020:16:43:03 +0100] "GET /templates/Pixame_v1/images/icon_accueil2.png HTTP/1.1" 200 1137 "http://www.wonder-geek.com/gorjuss-lockable-journal-with-heart-shaped-lock-little-wings-p-50951.html" "Mozilla/5.0 (Windows NT 6.1; Win64; x64) AppleWebKit/537.36 (KHTML, like Gecko) Chrome/86.0.4240.198 Safari/537.36"
77.107.239.14 - - [01/Dec/2020:16:43:03 +0100] "GET /templates/Pixame_v1/images/nav.png HTTP/1.1" 200 1283 "http://www.wonder-geek.com/templates/Pixame_v1/stylesheet.css" "Mozilla/5.0 (Windows NT 6.1; Win64; x64) AppleWebKit/537.36 (KHTML, like Gecko) Chrome/86.0.4240.198 Safari/537.36"
77.107.239.14 - - [01/Dec/2020:16:43:03 +0100] "GET /templates/Pixame_v1/images/header.png HTTP/1.1" 200 70245 "http://www.wonder-geek.com/templates/Pixame_v1/stylesheet.css" "Mozilla/5.0 (Windows NT 6.1; Win64; x64) AppleWebKit/537.36 (KHTML, like Gecko) Chrome/86.0.4240.198 Safari/537.36"
77.107.239.14 - - [01/Dec/2020:16:43:03 +0100] "GET /design/productsenstock.png HTTP/1.1" 200 4743 "http://www.wonder-geek.com/templates/Pixame_v1/stylesheet.css" "Mozilla/5.0 (Windows NT 6.1; Win64; x64) AppleWebKit/537.36 (KHTML, like Gecko) Chrome/86.0.4240.198 Safari/537.36"
77.107.239.14 - - [01/Dec/2020:16:43:03 +0100] "GET /templates/Pixame_v1/images/Bottom_texture.jpg HTTP/1.1" 200 56290 "http://www.wonder-geek.com/templates/Pixame_v1/stylesheet.css" "Mozilla/5.0 (Windows NT 6.1; Win64; x64) AppleWebKit/537.36 (KHTML, like Gecko) Chrome/86.0.4240.198 Safari/537.36"
77.107.239.14 - - [01/Dec/2020:16:43:03 +0100] "GET /templates/Pixame_v1/images/buttons/english/button_in_cart.gif HTTP/1.1" 200 1212 "http://www.wonder-geek.com/gorjuss-lockable-journal-with-heart-shaped-lock-little-wings-p-50951.html" "Mozilla/5.0 (Windows NT 6.1; Win64; x64) AppleWebKit/537.36 (KHTML, like Gecko) Chrome/86.0.4240.198 Safari/537.36"
77.107.239.14 - - [01/Dec/2020:16:43:03 +0100] "GET /templates/Pixame_v1/images/header-object.png HTTP/1.1" 200 106050 "http://www.wonder-geek.com/templates/Pixame_v1/stylesheet.css" "Mozilla/5.0 (Windows NT 6.1; Win64; x64) AppleWebKit/537.36 (KHTML, like Gecko) Chrome/86.0.4240.198 Safari/537.36"
77.107.239.14 - - [01/Dec/2020:16:43:03 +0100] "GET /images/big_prod/5018997627778.jpg HTTP/1.1" 200 130077 "http://www.wonder-geek.com/gorjuss-lockable-journal-with-heart-shaped-lock-little-wings-p-50951.html" "Mozilla/5.0 (Windows NT 6.1; Win64; x64) AppleWebKit/537.36 (KHTML, like Gecko) Chrome/86.0.4240.198 Safari/537.36"
77.107.239.14 - - [01/Dec/2020:16:43:03 +0100] "GET /images/big_prod_2/b5018997627778.jpg HTTP/1.1" 200 67930 "http://www.wonder-geek.com/gorjuss-lockable-journal-with-heart-shaped-lock-little-wings-p-50951.html" "Mozilla/5.0 (Windows NT 6.1; Win64; x64) AppleWebKit/537.36 (KHTML, like Gecko) Chrome/86.0.4240.198 Safari/537.36"
77.107.239.14 - - [01/Dec/2020:16:43:03 +0100] "GET /images/big_prod_1/a5018997627778.jpg HTTP/1.1" 200 136458 "http://www.wonder-geek.com/gorjuss-lockable-journal-with-heart-shaped-lock-little-wings-p-50951.html" "Mozilla/5.0 (Windows NT 6.1; Win64; x64) AppleWebKit/537.36 (KHTML, like Gecko) Chrome/86.0.4240.198 Safari/537.36"
77.107.239.14 - - [01/Dec/2020:16:43:03 +0100] "GET /templates/Pixame_v1/images/Middle_texture.jpg HTTP/1.1" 200 249620 "http://www.wonder-geek.com/templates/Pixame_v1/stylesheet.css" "Mozilla/5.0 (Windows NT 6.1; Win64; x64) AppleWebKit/537.36 (KHTML, like Gecko) Chrome/86.0.4240.198 Safari/537.36"
77.107.239.14 - - [01/Dec/2020:16:43:03 +0100] "GET /highslide/graphics/outlines/drop-shadow.png HTTP/1.1" 200 2022 "http://www.wonder-geek.com/gorjuss-lockable-journal-with-heart-shaped-lock-little-wings-p-50951.html" "Mozilla/5.0 (Windows NT 6.1; Win64; x64) AppleWebKit/537.36 (KHTML, like Gecko) Chrome/86.0.4240.198 Safari/537.36"
77.107.239.14 - - [01/Dec/2020:16:43:03 +0100] "GET /favicon.ico HTTP/1.1" 200 1591 "http://www.wonder-geek.com/gorjuss-lockable-journal-with-heart-shaped-lock-little-wings-p-50951.html" "Mozilla/5.0 (Windows NT 6.1; Win64; x64) AppleWebKit/537.36 (KHTML, like Gecko) Chrome/86.0.4240.198 Safari/537.36"
40.77.167.30 - - [01/Dec/2020:16:43:29 +0100] "GET /images/1399984263600.jpg HTTP/1.1" 200 113077 "-" "Mozilla/5.0 (compatible; bingbot/2.0; +http://www.bing.com/bingbot.htm)"
157.55.39.180 - - [01/Dec/2020:16:48:20 +0100] "GET /images/8435333804506.jpg HTTP/1.1" 200 128518 "-" "Mozilla/5.0 (compatible; bingbot/2.0; +http://www.bing.com/bingbot.htm)"
157.55.39.130 - - [01/Dec/2020:16:49:09 +0100] "GET /images/big_prod/5415203976215.jpg HTTP/1.1" 200 51627 "-" "Mozilla/5.0 (compatible; bingbot/2.0; +http://www.bing.com/bingbot.htm)"
216.244.66.242 - - [01/Dec/2020:16:55:30 +0100] "GET /robots.txt HTTP/1.1" 200 2438 "-" "Mozilla/5.0 (compatible; DotBot/1.1; http://www.opensiteexplorer.org/dotbot, help@moz.com)"
40.77.167.15 - - [01/Dec/2020:16:56:31 +0100] "GET /images/3438100351949.jpg HTTP/1.1" 200 64484 "-" "Mozilla/5.0 (compatible; bingbot/2.0; +http://www.bing.com/bingbot.htm)"
40.77.167.15 - - [01/Dec/2020:17:05:13 +0100] "GET /images/big_prod_2/76001110TFa.jpg HTTP/1.1" 200 64066 "-" "Mozilla/5.0 (compatible; bingbot/2.0; +http://www.bing.com/bingbot.htm)"
40.77.167.15 - - [01/Dec/2020:17:07:33 +0100] "GET /images/med_prod/3609810042148.jpg HTTP/1.1" 200 82920 "-" "Mozilla/5.0 (compatible; bingbot/2.0; +http://www.bing.com/bingbot.htm)"
40.77.167.15 - - [01/Dec/2020:17:09:04 +0100] "GET /images/5018997519745.jpg HTTP/1.1" 200 109811 "-" "Mozilla/5.0 (compatible; bingbot/2.0; +http://www.bing.com/bingbot.htm)"
147.92.153.3 - - [01/Dec/2020:17:12:02 +0100] "GET /robots.txt HTTP/1.1" 200 2438 "-" "Mozilla/5.0 (compatible; Linespider/1.1; +https://lin.ee/4dwXkTH)"
5.255.231.71 - - [01/Dec/2020:17:12:29 +0100] "GET /robots.txt HTTP/1.1" 200 2438 "-" "Mozilla/5.0 (compatible; YandexBot/3.0; +http://yandex.com/bots)"
147.92.153.1 - - [01/Dec/2020:17:13:04 +0100] "GET /images/big_prod/8422669061185.jpg HTTP/1.1" 200 178900 "-" "Mozilla/5.0 (compatible; Linespider/1.1; +https://lin.ee/4dwXkTH)"
147.92.153.4 - - [01/Dec/2020:17:13:23 +0100] "GET /images/big_prod/8719497610259.jpg HTTP/1.1" 200 108318 "-" "Mozilla/5.0 (compatible; Linespider/1.1; +https://lin.ee/4dwXkTH)"
216.244.66.242 - - [01/Dec/2020:17:16:00 +0100] "GET /images/med_prod/8435306278730.jpg HTTP/1.1" 200 153055 "-" "Mozilla/5.0 (compatible; DotBot/1.1; http://www.opensiteexplorer.org/dotbot, help@moz.com)"
207.46.13.247 - - [01/Dec/2020:17:16:44 +0100] "GET /images/med_prod/1384010184271.jpg HTTP/1.1" 200 93088 "-" "Mozilla/5.0 (compatible; bingbot/2.0; +http://www.bing.com/bingbot.htm)"
92.41.44.74 - - [01/Dec/2020:17:17:44 +0100] "GET /images/045544554374.jpg HTTP/1.1" 200 31212 "https://www.bing.com/" "Mozilla/5.0 (Windows NT 6.0) AppleWebKit/537.36 (KHTML, like Gecko) Chrome/49.0.2623.112 Safari/537.36"
216.244.66.242 - - [01/Dec/2020:17:20:48 +0100] "GET /images/35DSCN8195.jpg HTTP/1.1" 200 30416 "-" "Mozilla/5.0 (compatible; DotBot/1.1; http://www.opensiteexplorer.org/dotbot, help@moz.com)"
62.210.188.222 - - [01/Dec/2020:17:23:22 +0100] "GET /robots.txt HTTP/1.1" 200 2438 "-" "Mozilla/5.0 (compatible; Barkrowler/0.9; +https://babbar.tech/crawler)"
147.92.153.6 - - [01/Dec/2020:17:25:43 +0100] "GET /images/big_prod/3700344876640.jpg HTTP/1.1" 200 62035 "-" "Mozilla/5.0 (compatible; Linespider/1.1; +https://lin.ee/4dwXkTH)"
207.46.13.247 - - [01/Dec/2020:17:26:37 +0100] "GET /images/big_prod/3307215588154.jpg HTTP/1.1" 200 133481 "-" "Mozilla/5.0 (compatible; bingbot/2.0; +http://www.bing.com/bingbot.htm)"
54.36.148.96 - - [01/Dec/2020:17:27:03 +0100] "GET /robots.txt HTTP/1.1" 200 2438 "-" "Mozilla/5.0 (compatible; AhrefsBot/6.1; +http://ahrefs.com/robot/)"
40.77.167.30 - - [01/Dec/2020:17:27:46 +0100] "GET /images/big_prod_1/1491693094695B.jpg HTTP/1.1" 200 129884 "-" "Mozilla/5.0 (compatible; adidxbot/2.0; +http://www.bing.com/bingbot.htm)"
83.39.214.247 - - [01/Dec/2020:17:32:13 +0100] "GET /images/1300010240281.jpg HTTP/1.1" 200 104017 "https://www.bing.com/" "Mozilla/5.0 (Windows NT 10.0; Win64; x64) AppleWebKit/537.36 (KHTML, like Gecko) Chrome/87.0.4280.67 Safari/537.36 Edg/87.0.664.47"
40.77.167.30 - - [01/Dec/2020:17:32:33 +0100] "GET /images/big_prod/1399984283264N.jpg HTTP/1.1" 200 92320 "-" "Mozilla/5.0 (compatible; bingbot/2.0; +http://www.bing.com/bingbot.htm)"
110.249.201.45 - - [01/Dec/2020:17:33:53 +0100] "GET /js/jquery.jqzoom.js HTTP/1.1" 200 4761 "http://www.wonder-geek.com/le-provencal-soap-dispenser-p-53459.html" "Mozilla/5.0 (Linux; Android 5.0) AppleWebKit/537.36 (KHTML, like Gecko) Mobile Safari/537.36 (compatible; Bytespider; https://zhanzhang.toutiao.com/)"
110.249.201.47 - - [01/Dec/2020:17:33:54 +0100] "GET /js/jquery.js HTTP/1.1" 200 54075 "http://www.wonder-geek.com/le-provencal-soap-dispenser-p-53459.html" "Mozilla/5.0 (Linux; Android 5.0) AppleWebKit/537.36 (KHTML, like Gecko) Mobile Safari/537.36 (compatible; Bytespider; https://zhanzhang.toutiao.com/)"
40.77.167.15 - - [01/Dec/2020:17:34:19 +0100] "GET /images/4036113142265.jpg HTTP/1.1" 200 51835 "-" "Mozilla/5.0 (compatible; bingbot/2.0; +http://www.bing.com/bingbot.htm)"
185.191.171.26 - - [01/Dec/2020:17:36:30 +0100] "GET /robots.txt HTTP/1.1" 200 2438 "-" "Mozilla/5.0 (compatible; SemrushBot/7~bl; +http://www.semrush.com/bot.html)"
157.55.39.130 - - [01/Dec/2020:17:39:21 +0100] "GET /images/DSCN2422.jpg HTTP/1.1" 200 28954 "-" "Mozilla/5.0 (compatible; bingbot/2.0; +http://www.bing.com/bingbot.htm)"
157.55.39.180 - - [01/Dec/2020:17:39:46 +0100] "GET /images/8036281601133.jpg HTTP/1.1" 200 43067 "-" "Mozilla/5.0 (compatible; bingbot/2.0; +http://www.bing.com/bingbot.htm)"
84.127.188.82 - - [01/Dec/2020:17:40:24 +0100] "GET /images/3760194799926.jpg HTTP/1.1" 200 28437 "https://www.bing.com/" "Mozilla/5.0 (Windows NT 10.0; Win64; x64) AppleWebKit/537.36 (KHTML, like Gecko) Chrome/87.0.4280.67 Safari/537.36 Edg/87.0.664.47"
40.77.167.30 - - [01/Dec/2020:17:41:57 +0100] "GET /images/med_prod/5013138655641.jpg HTTP/1.1" 200 72160 "-" "Mozilla/5.0 (compatible; adidxbot/2.0; +http://www.bing.com/bingbot.htm)"
111.225.149.159 - - [01/Dec/2020:17:43:51 +0100] "GET /highslide/highslide.js HTTP/1.1" 200 42909 "http://www.wonder-geek.com/" "Mozilla/5.0 (Linux; Android 5.0) AppleWebKit/537.36 (KHTML, like Gecko) Mobile Safari/537.36 (compatible; Bytespider; https://zhanzhang.toutiao.com/)"
111.225.149.154 - - [01/Dec/2020:17:43:52 +0100] "GET /mondial_relay/js/jquery-1.3.2.min.js HTTP/1.1" 200 57254 "http://www.wonder-geek.com/" "Mozilla/5.0 (Linux; Android 5.0) AppleWebKit/537.36 (KHTML, like Gecko) Mobile Safari/537.36 (compatible; Bytespider; https://zhanzhang.toutiao.com/)"
111.225.149.165 - - [01/Dec/2020:17:43:54 +0100] "GET /js/modernizr-transitions.js HTTP/1.1" 200 2026 "http://www.wonder-geek.com/" "Mozilla/5.0 (Linux; Android 5.0) AppleWebKit/537.36 (KHTML, like Gecko) Mobile Safari/537.36 (compatible; Bytespider; https://zhanzhang.toutiao.com/)"
111.225.149.167 - - [01/Dec/2020:17:43:54 +0100] "GET /js/jquery.masonry.min.js HTTP/1.1" 200 5392 "http://www.wonder-geek.com/" "Mozilla/5.0 (Linux; Android 5.0) AppleWebKit/537.36 (KHTML, like Gecko) Mobile Safari/537.36 (compatible; Bytespider; https://zhanzhang.toutiao.com/)"
40.77.167.30 - - [01/Dec/2020:17:44:30 +0100] "GET /images/1399984263600.jpg HTTP/1.1" 200 113077 "-" "Mozilla/5.0 (compatible; bingbot/2.0; +http://www.bing.com/bingbot.htm)"
40.77.167.15 - - [01/Dec/2020:17:47:16 +0100] "GET /images/big_prod/1341689464257.jpg HTTP/1.1" 200 202048 "-" "Mozilla/5.0 (compatible; bingbot/2.0; +http://www.bing.com/bingbot.htm)"
185.191.171.5 - - [01/Dec/2020:17:48:03 +0100] "GET /robots.txt HTTP/1.1" 200 2438 "-" "Mozilla/5.0 (compatible; SemrushBot/7~bl; +http://www.semrush.com/bot.html)"
60.8.123.204 - - [01/Dec/2020:17:53:58 +0100] "GET /images/big_prod/3612872110458.jpg HTTP/1.1" 200 15928 "http://www.wonder-geek.com/bodega-toothpick-display-p-53465.html" "Mozilla/5.0 (Linux; Android 5.0) AppleWebKit/537.36 (KHTML, like Gecko) Mobile Safari/537.36 (compatible; Bytespider; https://zhanzhang.toutiao.com/)"
216.244.66.242 - - [01/Dec/2020:18:04:56 +0100] "GET /robots.txt HTTP/1.1" 200 2438 "-" "Mozilla/5.0 (compatible; DotBot/1.1; http://www.opensiteexplorer.org/dotbot, help@moz.com)"
157.55.39.164 - - [01/Dec/2020:18:05:49 +0100] "GET /images/med_prod/8435306290558.jpg HTTP/1.1" 200 133936 "-" "Mozilla/5.0 (compatible; bingbot/2.0; +http://www.bing.com/bingbot.htm)"
176.147.172.40 - - [01/Dec/2020:18:09:28 +0100] "GET /images/big_prod/4010070293130.jpg HTTP/1.1" 200 96474 "https://www.bing.com/" "Mozilla/5.0 (Windows NT 10.0; Win64; x64) AppleWebKit/537.36 (KHTML, like Gecko) Chrome/87.0.4280.67 Safari/537.36 Edg/87.0.664.47"
60.8.123.10 - - [01/Dec/2020:18:13:54 +0100] "GET /images/big_prod/4036113510828.jpg HTTP/1.1" 200 15928 "http://www.wonder-geek.com/harley-davidson-genuine-clock-30-cm-p-53462.html" "Mozilla/5.0 (Linux; Android 5.0) AppleWebKit/537.36 (KHTML, like Gecko) Mobile Safari/537.36 (compatible; Bytespider; https://zhanzhang.toutiao.com/)"
5.255.241.247 - - [01/Dec/2020:18:17:15 +0100] "GET /images/4895028509248.jpg HTTP/1.1" 200 109651 "-" "Mozilla/5.0 (compatible; YandexImageResizer/2.0; +http://yandex.com/bots)"
107.145.181.197 - - [01/Dec/2020:18:18:34 +0100] "GET /images/4027950.jpg HTTP/1.1" 200 39594 "-" "Siri/1 CFNetwork/1128.0.1 Darwin/19.6.0"
60.8.123.218 - - [01/Dec/2020:18:23:55 +0100] "GET /images/big_prod/3700344871799.jpg HTTP/1.1" 200 15928 "http://www.wonder-geek.com/20-miraculous-virgin-aromatika-incense-sticks-p-53448.html" "Mozilla/5.0 (Linux; Android 5.0) AppleWebKit/537.36 (KHTML, like Gecko) Mobile Safari/537.36 (compatible; Bytespider; https://zhanzhang.toutiao.com/)"
216.244.66.242 - - [01/Dec/2020:18:26:42 +0100] "GET /images/3700235419345.jpg HTTP/1.1" 200 18327 "-" "Mozilla/5.0 (compatible; DotBot/1.1; http://www.opensiteexplorer.org/dotbot, help@moz.com)"
216.244.66.242 - - [01/Dec/2020:18:26:47 +0100] "GET /images/5425016105863.jpg HTTP/1.1" 200 28434 "-" "Mozilla/5.0 (compatible; DotBot/1.1; http://www.opensiteexplorer.org/dotbot, help@moz.com)"
207.46.13.247 - - [01/Dec/2020:18:27:18 +0100] "GET /images/5018997517215.jpg HTTP/1.1" 200 116643 "-" "Mozilla/5.0 (compatible; bingbot/2.0; +http://www.bing.com/bingbot.htm)"
40.77.167.15 - - [01/Dec/2020:18:31:39 +0100] "GET /images/8422111018095b2.jpg HTTP/1.1" 200 29259 "-" "Mozilla/5.0 (compatible; bingbot/2.0; +http://www.bing.com/bingbot.htm)"
110.249.201.170 - - [01/Dec/2020:18:33:48 +0100] "GET /robots.txt HTTP/1.1" 200 2438 "-" "Mozilla/5.0 (Linux; Android 5.0) AppleWebKit/537.36 (KHTML, like Gecko) Mobile Safari/537.36 (compatible; Bytespider; https://zhanzhang.toutiao.com/)"
207.46.13.124 - - [01/Dec/2020:18:37:16 +0100] "GET /images/1328399029723.jpg HTTP/1.1" 200 80776 "-" "Mozilla/5.0 (compatible; bingbot/2.0; +http://www.bing.com/bingbot.htm)"
185.191.171.8 - - [01/Dec/2020:18:37:22 +0100] "GET /robots.txt HTTP/1.1" 200 2438 "-" "Mozilla/5.0 (compatible; SemrushBot/7~bl; +http://www.semrush.com/bot.html)"
207.46.13.124 - - [01/Dec/2020:18:38:26 +0100] "GET /images/big_prod/3609810036260.jpg HTTP/1.1" 200 86868 "-" "Mozilla/5.0 (compatible; bingbot/2.0; +http://www.bing.com/bingbot.htm)"
110.249.202.212 - - [01/Dec/2020:18:43:59 +0100] "GET /images/3384256585083.jpg HTTP/1.1" 200 15928 "http://www.wonder-geek.com/little-yellow-moustache-ring-p-53467.html" "Mozilla/5.0 (Linux; Android 5.0) AppleWebKit/537.36 (KHTML, like Gecko) Mobile Safari/537.36 (compatible; Bytespider; https://zhanzhang.toutiao.com/)"
114.119.130.202 - - [01/Dec/2020:18:47:46 +0100] "GET /images/mini_prod/3014627829941.jpg HTTP/1.1" 200 3778 "-" "Mozilla/5.0 (Linux; Android 7.0;) AppleWebKit/537.36 (KHTML, like Gecko) Mobile Safari/537.36 (compatible; PetalBot;+https://aspiegel.com/petalbot)"
207.46.13.89 - - [01/Dec/2020:18:50:22 +0100] "GET /images/big_prod/3660173200033.jpg HTTP/1.1" 200 98444 "-" "Mozilla/5.0 (compatible; bingbot/2.0; +http://www.bing.com/bingbot.htm)"
31.50.111.63 - - [01/Dec/2020:18:51:06 +0100] "GET /images/1300010240311.jpg HTTP/1.1" 200 165252 "https://www.bing.com/" "Mozilla/5.0 (Windows NT 10.0; Win64; x64) AppleWebKit/537.36 (KHTML, like Gecko) Chrome/87.0.4280.67 Safari/537.36 Edg/87.0.664.47"
89.82.145.9 - - [01/Dec/2020:18:52:04 +0100] "GET /images/big_prod/3453131144940.jpg HTTP/1.1" 200 153664 "https://www.bing.com/" "Mozilla/5.0 (Windows NT 10.0; Win64; x64) AppleWebKit/537.36 (KHTML, like Gecko) Chrome/87.0.4280.67 Safari/537.36 Edg/87.0.664.47"
157.55.39.180 - - [01/Dec/2020:18:52:42 +0100] "GET /images/big_prod/1384010204054.jpg HTTP/1.1" 200 92080 "-" "Mozilla/5.0 (compatible; bingbot/2.0; +http://www.bing.com/bingbot.htm)"
103.124.143.33 - - [01/Dec/2020:18:52:52 +0100] "GET /images/B5010994722616B.jpg HTTP/1.1" 200 171149 "https://www.bing.com/" "Mozilla/5.0 (Windows NT 10.0; Win64; x64) AppleWebKit/537.36 (KHTML, like Gecko) Chrome/87.0.4280.67 Safari/537.36 Edg/87.0.664.47"
157.55.39.180 - - [01/Dec/2020:18:54:12 +0100] "GET /images/1000000810004.jpg HTTP/1.1" 200 43317 "-" "Mozilla/5.0 (compatible; bingbot/2.0; +http://www.bing.com/bingbot.htm)"
40.77.167.30 - - [01/Dec/2020:18:55:56 +0100] "GET /images/big_prod/8435333824245.jpg HTTP/1.1" 200 127041 "-" "Mozilla/5.0 (compatible; bingbot/2.0; +http://www.bing.com/bingbot.htm)"
114.119.158.196 - - [01/Dec/2020:18:56:38 +0100] "GET /images/mini_prod/1300010240663.jpg HTTP/1.1" 200 10420 "-" "Mozilla/5.0 (Linux; Android 7.0;) AppleWebKit/537.36 (KHTML, like Gecko) Mobile Safari/537.36 (compatible; PetalBot;+https://aspiegel.com/petalbot)"
40.77.167.30 - - [01/Dec/2020:18:57:46 +0100] "GET /images/big_prod_1/b8435333824245.jpg HTTP/1.1" 200 75433 "-" "Mozilla/5.0 (compatible; bingbot/2.0; +http://www.bing.com/bingbot.htm)"
40.77.167.30 - - [01/Dec/2020:18:59:37 +0100] "GET /images/3760194750347.jpg HTTP/1.1" 200 15116 "-" "Mozilla/5.0 (compatible; bingbot/2.0; +http://www.bing.com/bingbot.htm)"
207.46.13.124 - - [01/Dec/2020:19:00:53 +0100] "GET /images/big_prod/1300010239742.jpg HTTP/1.1" 200 119622 "-" "Mozilla/5.0 (compatible; bingbot/2.0; +http://www.bing.com/bingbot.htm)"
114.119.156.172 - - [01/Dec/2020:19:01:04 +0100] "GET /images/big_prod/8422002252270.jpg HTTP/1.1" 200 164558 "-" "Mozilla/5.0 (Linux; Android 7.0;) AppleWebKit/537.36 (KHTML, like Gecko) Mobile Safari/537.36 (compatible; PetalBot;+https://aspiegel.com/petalbot)"
195.242.213.172 - - [01/Dec/2020:19:04:01 +0100] "GET /images/big_prod/1384220059376.jpg HTTP/1.1" 200 142813 "https://www.bing.com/" "Mozilla/5.0 (Windows NT 10.0; Win64; x64) AppleWebKit/537.36 (KHTML, like Gecko) Chrome/86.0.4240.111 Safari/537.36 Edg/86.0.622.51"
40.77.167.15 - - [01/Dec/2020:19:04:44 +0100] "GET /images/med_prod/1384010176696.jpg HTTP/1.1" 200 46201 "-" "Mozilla/5.0 (compatible; bingbot/2.0; +http://www.bing.com/bingbot.htm)"
114.119.132.105 - - [01/Dec/2020:19:05:32 +0100] "GET /images/mini_prod/3609810096172.jpg HTTP/1.1" 200 5558 "-" "Mozilla/5.0 (Linux; Android 7.0;) AppleWebKit/537.36 (KHTML, like Gecko) Mobile Safari/537.36 (compatible; PetalBot;+https://aspiegel.com/petalbot)"
114.119.144.233 - - [01/Dec/2020:19:09:58 +0100] "GET /images/mini_prod/5018997621738.jpg HTTP/1.1" 200 7210 "-" "Mozilla/5.0 (Linux; Android 7.0;) AppleWebKit/537.36 (KHTML, like Gecko) Mobile Safari/537.36 (compatible; PetalBot;+https://aspiegel.com/petalbot)"
71.199.232.18 - - [01/Dec/2020:19:10:14 +0100] "GET /images/3700276265567.jpg HTTP/1.1" 200 48648 "https://www.bing.com/" "Mozilla/5.0 (Windows NT 10.0; Win64; x64) AppleWebKit/537.36 (KHTML, like Gecko) Chrome/87.0.4280.67 Safari/537.36 Edg/87.0.664.47"
40.77.167.15 - - [01/Dec/2020:19:11:16 +0100] "GET /images/8012052100456b.jpg HTTP/1.1" 200 60360 "-" "Mozilla/5.0 (compatible; bingbot/2.0; +http://www.bing.com/bingbot.htm)"
220.161.99.104 - - [01/Dec/2020:19:14:20 +0100] "GET /images/big_prod/1341689654566.jpg HTTP/1.1" 200 100741 "https://cn.bing.com/" "Mozilla/5.0 (Windows NT 6.1; WOW64) AppleWebKit/537.36 (KHTML, like Gecko) Chrome/70.0.3538.25 Safari/537.36 Core/1.70.3823.400 QQBrowser/10.7.4307.400"
114.119.132.105 - - [01/Dec/2020:19:14:24 +0100] "GET /images/big_prod/5701359747039.jpg HTTP/1.1" 200 167977 "-" "Mozilla/5.0 (Linux; Android 7.0;) AppleWebKit/537.36 (KHTML, like Gecko) Mobile Safari/537.36 (compatible; PetalBot;+https://aspiegel.com/petalbot)"
216.244.66.242 - - [01/Dec/2020:19:14:32 +0100] "GET /robots.txt HTTP/1.1" 200 2438 "-" "Mozilla/5.0 (compatible; DotBot/1.1; http://www.opensiteexplorer.org/dotbot, help@moz.com)"
66.249.70.62 - - [01/Dec/2020:19:18:25 +0100] "GET /images/big_prod/3520071689265.jpg HTTP/1.1" 200 474280 "-" "Googlebot-Image/1.0"
207.46.13.124 - - [01/Dec/2020:19:20:39 +0100] "GET /images/med_prod/1399984261651.jpg HTTP/1.1" 200 122727 "-" "Mozilla/5.0 (compatible; adidxbot/2.0; +http://www.bing.com/bingbot.htm)"
84.197.93.12 - - [01/Dec/2020:19:21:09 +0100] "GET /js/jquery.jqzoom.js HTTP/1.1" 200 4761 "http://www.wonder-geek.com/" "Mozilla/5.0 (Macintosh; Intel Mac OS X 10_15_7) AppleWebKit/605.1.15 (KHTML, like Gecko) Version/14.0 Safari/605.1.15"
84.197.93.12 - - [01/Dec/2020:19:21:09 +0100] "GET /templates/Pixame_v1/stylesheet.css HTTP/1.1" 200 56057 "http://www.wonder-geek.com/" "Mozilla/5.0 (Macintosh; Intel Mac OS X 10_15_7) AppleWebKit/605.1.15 (KHTML, like Gecko) Version/14.0 Safari/605.1.15"
84.197.93.12 - - [01/Dec/2020:19:21:09 +0100] "GET /highslide/highslide.js HTTP/1.1" 200 42909 "http://www.wonder-geek.com/" "Mozilla/5.0 (Macintosh; Intel Mac OS X 10_15_7) AppleWebKit/605.1.15 (KHTML, like Gecko) Version/14.0 Safari/605.1.15"
84.197.93.12 - - [01/Dec/2020:19:21:09 +0100] "GET /js/jquery.js HTTP/1.1" 200 54075 "http://www.wonder-geek.com/" "Mozilla/5.0 (Macintosh; Intel Mac OS X 10_15_7) AppleWebKit/605.1.15 (KHTML, like Gecko) Version/14.0 Safari/605.1.15"
84.197.93.12 - - [01/Dec/2020:19:21:09 +0100] "GET /mondial_relay/js/jquery-1.3.2.min.js HTTP/1.1" 200 57254 "http://www.wonder-geek.com/" "Mozilla/5.0 (Macintosh; Intel Mac OS X 10_15_7) AppleWebKit/605.1.15 (KHTML, like Gecko) Version/14.0 Safari/605.1.15"
84.197.93.12 - - [01/Dec/2020:19:21:09 +0100] "GET /js/jquery.masonry.min.js HTTP/1.1" 200 5392 "http://www.wonder-geek.com/" "Mozilla/5.0 (Macintosh; Intel Mac OS X 10_15_7) AppleWebKit/605.1.15 (KHTML, like Gecko) Version/14.0 Safari/605.1.15"
84.197.93.12 - - [01/Dec/2020:19:21:09 +0100] "GET /js/modernizr-transitions.js HTTP/1.1" 200 2026 "http://www.wonder-geek.com/" "Mozilla/5.0 (Macintosh; Intel Mac OS X 10_15_7) AppleWebKit/605.1.15 (KHTML, like Gecko) Version/14.0 Safari/605.1.15"
84.197.93.12 - - [01/Dec/2020:19:21:09 +0100] "GET /templates/Pixame_v1/images/icon_accueil2.png HTTP/1.1" 200 1137 "http://www.wonder-geek.com/" "Mozilla/5.0 (Macintosh; Intel Mac OS X 10_15_7) AppleWebKit/605.1.15 (KHTML, like Gecko) Version/14.0 Safari/605.1.15"
84.197.93.12 - - [01/Dec/2020:19:21:09 +0100] "GET /images/mini_prod/9316188086868a.jpg HTTP/1.1" 200 6240 "http://www.wonder-geek.com/" "Mozilla/5.0 (Macintosh; Intel Mac OS X 10_15_7) AppleWebKit/605.1.15 (KHTML, like Gecko) Version/14.0 Safari/605.1.15"
84.197.93.12 - - [01/Dec/2020:19:21:09 +0100] "GET /images/mini_prod/3520071686561.jpg HTTP/1.1" 200 4983 "http://www.wonder-geek.com/" "Mozilla/5.0 (Macintosh; Intel Mac OS X 10_15_7) AppleWebKit/605.1.15 (KHTML, like Gecko) Version/14.0 Safari/605.1.15"
84.197.93.12 - - [01/Dec/2020:19:21:09 +0100] "GET /images/mini_prod/8422830606153.jpg HTTP/1.1" 200 7335 "http://www.wonder-geek.com/" "Mozilla/5.0 (Macintosh; Intel Mac OS X 10_15_7) AppleWebKit/605.1.15 (KHTML, like Gecko) Version/14.0 Safari/605.1.15"
84.197.93.12 - - [01/Dec/2020:19:21:09 +0100] "GET /images/mini_prod/3520071688244.jpg HTTP/1.1" 200 5704 "http://www.wonder-geek.com/" "Mozilla/5.0 (Macintosh; Intel Mac OS X 10_15_7) AppleWebKit/605.1.15 (KHTML, like Gecko) Version/14.0 Safari/605.1.15"
84.197.93.12 - - [01/Dec/2020:19:21:09 +0100] "GET /images/mini_prod/3609810048713.jpg HTTP/1.1" 200 7371 "http://www.wonder-geek.com/" "Mozilla/5.0 (Macintosh; Intel Mac OS X 10_15_7) AppleWebKit/605.1.15 (KHTML, like Gecko) Version/14.0 Safari/605.1.15"
84.197.93.12 - - [01/Dec/2020:19:21:09 +0100] "GET /images/mini_prod/3609810099616.jpg HTTP/1.1" 200 6369 "http://www.wonder-geek.com/" "Mozilla/5.0 (Macintosh; Intel Mac OS X 10_15_7) AppleWebKit/605.1.15 (KHTML, like Gecko) Version/14.0 Safari/605.1.15"
84.197.93.12 - - [01/Dec/2020:19:21:09 +0100] "GET /images/mini_prod/9316188086745.jpg HTTP/1.1" 200 3821 "http://www.wonder-geek.com/" "Mozilla/5.0 (Macintosh; Intel Mac OS X 10_15_7) AppleWebKit/605.1.15 (KHTML, like Gecko) Version/14.0 Safari/605.1.15"
84.197.93.12 - - [01/Dec/2020:19:21:09 +0100] "GET /images/mini_prod/8424346356607.jpg HTTP/1.1" 200 3274 "http://www.wonder-geek.com/" "Mozilla/5.0 (Macintosh; Intel Mac OS X 10_15_7) AppleWebKit/605.1.15 (KHTML, like Gecko) Version/14.0 Safari/605.1.15"
84.197.93.12 - - [01/Dec/2020:19:21:09 +0100] "GET /images/mini_prod/3700344872109.jpg HTTP/1.1" 200 4004 "http://www.wonder-geek.com/" "Mozilla/5.0 (Macintosh; Intel Mac OS X 10_15_7) AppleWebKit/605.1.15 (KHTML, like Gecko) Version/14.0 Safari/605.1.15"
84.197.93.12 - - [01/Dec/2020:19:21:09 +0100] "GET /images/mini_prod/3609810048720.jpg HTTP/1.1" 200 4899 "http://www.wonder-geek.com/" "Mozilla/5.0 (Macintosh; Intel Mac OS X 10_15_7) AppleWebKit/605.1.15 (KHTML, like Gecko) Version/14.0 Safari/605.1.15"
84.197.93.12 - - [01/Dec/2020:19:21:09 +0100] "GET /images/mini_prod/3700344871690.jpg HTTP/1.1" 200 5452 "http://www.wonder-geek.com/" "Mozilla/5.0 (Macintosh; Intel Mac OS X 10_15_7) AppleWebKit/605.1.15 (KHTML, like Gecko) Version/14.0 Safari/605.1.15"
84.197.93.12 - - [01/Dec/2020:19:21:09 +0100] "GET /images/mini_prod/8422014991204B.jpg HTTP/1.1" 200 6261 "http://www.wonder-geek.com/" "Mozilla/5.0 (Macintosh; Intel Mac OS X 10_15_7) AppleWebKit/605.1.15 (KHTML, like Gecko) Version/14.0 Safari/605.1.15"
84.197.93.12 - - [01/Dec/2020:19:21:09 +0100] "GET /images/mini_prod/3560600292184.jpg HTTP/1.1" 200 5764 "http://www.wonder-geek.com/" "Mozilla/5.0 (Macintosh; Intel Mac OS X 10_15_7) AppleWebKit/605.1.15 (KHTML, like Gecko) Version/14.0 Safari/605.1.15"
84.197.93.12 - - [01/Dec/2020:19:21:09 +0100] "GET /images/mini_prod/5051276388502.jpg HTTP/1.1" 200 7463 "http://www.wonder-geek.com/" "Mozilla/5.0 (Macintosh; Intel Mac OS X 10_15_7) AppleWebKit/605.1.15 (KHTML, like Gecko) Version/14.0 Safari/605.1.15"
84.197.93.12 - - [01/Dec/2020:19:21:09 +0100] "GET /images/mini_prod/3520071693750.jpg HTTP/1.1" 200 8509 "http://www.wonder-geek.com/" "Mozilla/5.0 (Macintosh; Intel Mac OS X 10_15_7) AppleWebKit/605.1.15 (KHTML, like Gecko) Version/14.0 Safari/605.1.15"
84.197.93.12 - - [01/Dec/2020:19:21:09 +0100] "GET /images/mini_prod/5051276388540.jpg HTTP/1.1" 200 5409 "http://www.wonder-geek.com/" "Mozilla/5.0 (Macintosh; Intel Mac OS X 10_15_7) AppleWebKit/605.1.15 (KHTML, like Gecko) Version/14.0 Safari/605.1.15"
84.197.93.12 - - [01/Dec/2020:19:21:09 +0100] "GET /images/mini_prod/8717202559800.jpg HTTP/1.1" 200 4319 "http://www.wonder-geek.com/" "Mozilla/5.0 (Macintosh; Intel Mac OS X 10_15_7) AppleWebKit/605.1.15 (KHTML, like Gecko) Version/14.0 Safari/605.1.15"
84.197.93.12 - - [01/Dec/2020:19:21:09 +0100] "GET /images/mini_prod/9316188086646.jpg HTTP/1.1" 200 5032 "http://www.wonder-geek.com/" "Mozilla/5.0 (Macintosh; Intel Mac OS X 10_15_7) AppleWebKit/605.1.15 (KHTML, like Gecko) Version/14.0 Safari/605.1.15"
84.197.93.12 - - [01/Dec/2020:19:21:09 +0100] "GET /images/mini_prod/9316188086776.jpg HTTP/1.1" 200 4304 "http://www.wonder-geek.com/" "Mozilla/5.0 (Macintosh; Intel Mac OS X 10_15_7) AppleWebKit/605.1.15 (KHTML, like Gecko) Version/14.0 Safari/605.1.15"
84.197.93.12 - - [01/Dec/2020:19:21:09 +0100] "GET /images/mini_prod/8424346356577.jpg HTTP/1.1" 200 4261 "http://www.wonder-geek.com/" "Mozilla/5.0 (Macintosh; Intel Mac OS X 10_15_7) AppleWebKit/605.1.15 (KHTML, like Gecko) Version/14.0 Safari/605.1.15"
84.197.93.12 - - [01/Dec/2020:19:21:09 +0100] "GET /images/mini_prod/3503420113482.jpg HTTP/1.1" 200 5283 "http://www.wonder-geek.com/" "Mozilla/5.0 (Macintosh; Intel Mac OS X 10_15_7) AppleWebKit/605.1.15 (KHTML, like Gecko) Version/14.0 Safari/605.1.15"
84.197.93.12 - - [01/Dec/2020:19:21:09 +0100] "GET /images/mini_prod/5051276388526.jpg HTTP/1.1" 200 6201 "http://www.wonder-geek.com/" "Mozilla/5.0 (Macintosh; Intel Mac OS X 10_15_7) AppleWebKit/605.1.15 (KHTML, like Gecko) Version/14.0 Safari/605.1.15"
84.197.93.12 - - [01/Dec/2020:19:21:09 +0100] "GET /images/mini_prod/9316188086660.jpg HTTP/1.1" 200 5264 "http://www.wonder-geek.com/" "Mozilla/5.0 (Macintosh; Intel Mac OS X 10_15_7) AppleWebKit/605.1.15 (KHTML, like Gecko) Version/14.0 Safari/605.1.15"
84.197.93.12 - - [01/Dec/2020:19:21:09 +0100] "GET /images/mini_prod/5051276388465.jpg HTTP/1.1" 200 6201 "http://www.wonder-geek.com/" "Mozilla/5.0 (Macintosh; Intel Mac OS X 10_15_7) AppleWebKit/605.1.15 (KHTML, like Gecko) Version/14.0 Safari/605.1.15"
84.197.93.12 - - [01/Dec/2020:19:21:09 +0100] "GET /images/mini_prod/045544444750.jpg HTTP/1.1" 200 7021 "http://www.wonder-geek.com/" "Mozilla/5.0 (Macintosh; Intel Mac OS X 10_15_7) AppleWebKit/605.1.15 (KHTML, like Gecko) Version/14.0 Safari/605.1.15"
84.197.93.12 - - [01/Dec/2020:19:21:09 +0100] "GET /images/mini_prod/8422014991617.jpg HTTP/1.1" 200 6006 "http://www.wonder-geek.com/" "Mozilla/5.0 (Macintosh; Intel Mac OS X 10_15_7) AppleWebKit/605.1.15 (KHTML, like Gecko) Version/14.0 Safari/605.1.15"
84.197.93.12 - - [01/Dec/2020:19:21:09 +0100] "GET /images/mini_prod/3609810096738.jpg HTTP/1.1" 200 5223 "http://www.wonder-geek.com/" "Mozilla/5.0 (Macintosh; Intel Mac OS X 10_15_7) AppleWebKit/605.1.15 (KHTML, like Gecko) Version/14.0 Safari/605.1.15"
84.197.93.12 - - [01/Dec/2020:19:21:09 +0100] "GET /images/mini_prod/5051276388410.jpg HTTP/1.1" 200 6028 "http://www.wonder-geek.com/" "Mozilla/5.0 (Macintosh; Intel Mac OS X 10_15_7) AppleWebKit/605.1.15 (KHTML, like Gecko) Version/14.0 Safari/605.1.15"
84.197.93.12 - - [01/Dec/2020:19:21:09 +0100] "GET /images/mini_prod/8717202559770.jpg HTTP/1.1" 200 6066 "http://www.wonder-geek.com/" "Mozilla/5.0 (Macintosh; Intel Mac OS X 10_15_7) AppleWebKit/605.1.15 (KHTML, like Gecko) Version/14.0 Safari/605.1.15"
84.197.93.12 - - [01/Dec/2020:19:21:09 +0100] "GET /images/mini_prod/5051276388564.jpg HTTP/1.1" 200 5789 "http://www.wonder-geek.com/" "Mozilla/5.0 (Macintosh; Intel Mac OS X 10_15_7) AppleWebKit/605.1.15 (KHTML, like Gecko) Version/14.0 Safari/605.1.15"
84.197.93.12 - - [01/Dec/2020:19:21:09 +0100] "GET /images/mini_prod/5051276388472.jpg HTTP/1.1" 200 6656 "http://www.wonder-geek.com/" "Mozilla/5.0 (Macintosh; Intel Mac OS X 10_15_7) AppleWebKit/605.1.15 (KHTML, like Gecko) Version/14.0 Safari/605.1.15"
84.197.93.12 - - [01/Dec/2020:19:21:09 +0100] "GET /images/mini_prod/9316188087353.jpg HTTP/1.1" 200 5608 "http://www.wonder-geek.com/" "Mozilla/5.0 (Macintosh; Intel Mac OS X 10_15_7) AppleWebKit/605.1.15 (KHTML, like Gecko) Version/14.0 Safari/605.1.15"
84.197.93.12 - - [01/Dec/2020:19:21:09 +0100] "GET /images/mini_prod/3609810048751.jpg HTTP/1.1" 200 7220 "http://www.wonder-geek.com/" "Mozilla/5.0 (Macintosh; Intel Mac OS X 10_15_7) AppleWebKit/605.1.15 (KHTML, like Gecko) Version/14.0 Safari/605.1.15"
84.197.93.12 - - [01/Dec/2020:19:21:09 +0100] "GET /images/mini_prod/3700344876718.jpg HTTP/1.1" 200 3865 "http://www.wonder-geek.com/" "Mozilla/5.0 (Macintosh; Intel Mac OS X 10_15_7) AppleWebKit/605.1.15 (KHTML, like Gecko) Version/14.0 Safari/605.1.15"
84.197.93.12 - - [01/Dec/2020:19:21:09 +0100] "GET /images/mini_prod/9316188086837a.jpg HTTP/1.1" 200 6901 "http://www.wonder-geek.com/" "Mozilla/5.0 (Macintosh; Intel Mac OS X 10_15_7) AppleWebKit/605.1.15 (KHTML, like Gecko) Version/14.0 Safari/605.1.15"
84.197.93.12 - - [01/Dec/2020:19:21:09 +0100] "GET /images/mini_prod/5051276388663.jpg HTTP/1.1" 200 6755 "http://www.wonder-geek.com/" "Mozilla/5.0 (Macintosh; Intel Mac OS X 10_15_7) AppleWebKit/605.1.15 (KHTML, like Gecko) Version/14.0 Safari/605.1.15"
84.197.93.12 - - [01/Dec/2020:19:21:09 +0100] "GET /images/mini_prod/8433933191552.jpg HTTP/1.1" 200 7304 "http://www.wonder-geek.com/" "Mozilla/5.0 (Macintosh; Intel Mac OS X 10_15_7) AppleWebKit/605.1.15 (KHTML, like Gecko) Version/14.0 Safari/605.1.15"
84.197.93.12 - - [01/Dec/2020:19:21:09 +0100] "GET /images/mini_prod/9316188087254.jpg HTTP/1.1" 200 4637 "http://www.wonder-geek.com/" "Mozilla/5.0 (Macintosh; Intel Mac OS X 10_15_7) AppleWebKit/605.1.15 (KHTML, like Gecko) Version/14.0 Safari/605.1.15"
84.197.93.12 - - [01/Dec/2020:19:21:09 +0100] "GET /images/mini_prod/3609810048768.jpg HTTP/1.1" 200 7495 "http://www.wonder-geek.com/" "Mozilla/5.0 (Macintosh; Intel Mac OS X 10_15_7) AppleWebKit/605.1.15 (KHTML, like Gecko) Version/14.0 Safari/605.1.15"
84.197.93.12 - - [01/Dec/2020:19:21:09 +0100] "GET /images/mini_prod/1020322302575.jpg HTTP/1.1" 200 4223 "http://www.wonder-geek.com/" "Mozilla/5.0 (Macintosh; Intel Mac OS X 10_15_7) AppleWebKit/605.1.15 (KHTML, like Gecko) Version/14.0 Safari/605.1.15"
84.197.93.12 - - [01/Dec/2020:19:21:09 +0100] "GET /images/mini_prod/8719497610259.jpg HTTP/1.1" 200 4564 "http://www.wonder-geek.com/" "Mozilla/5.0 (Macintosh; Intel Mac OS X 10_15_7) AppleWebKit/605.1.15 (KHTML, like Gecko) Version/14.0 Safari/605.1.15"
84.197.93.12 - - [01/Dec/2020:19:21:09 +0100] "GET /images/mini_prod/3700344871805.jpg HTTP/1.1" 200 4049 "http://www.wonder-geek.com/" "Mozilla/5.0 (Macintosh; Intel Mac OS X 10_15_7) AppleWebKit/605.1.15 (KHTML, like Gecko) Version/14.0 Safari/605.1.15"
84.197.93.12 - - [01/Dec/2020:19:21:09 +0100] "GET /images/mini_prod/5051276388632.jpg HTTP/1.1" 200 7235 "http://www.wonder-geek.com/" "Mozilla/5.0 (Macintosh; Intel Mac OS X 10_15_7) AppleWebKit/605.1.15 (KHTML, like Gecko) Version/14.0 Safari/605.1.15"
84.197.93.12 - - [01/Dec/2020:19:21:09 +0100] "GET /images/mini_prod/9316188087377.jpg HTTP/1.1" 200 5425 "http://www.wonder-geek.com/" "Mozilla/5.0 (Macintosh; Intel Mac OS X 10_15_7) AppleWebKit/605.1.15 (KHTML, like Gecko) Version/14.0 Safari/605.1.15"
84.197.93.12 - - [01/Dec/2020:19:21:09 +0100] "GET /images/mini_prod/3612875115634.jpg HTTP/1.1" 200 7170 "http://www.wonder-geek.com/" "Mozilla/5.0 (Macintosh; Intel Mac OS X 10_15_7) AppleWebKit/605.1.15 (KHTML, like Gecko) Version/14.0 Safari/605.1.15"
