114.119.144.233 - - [15/Dec/2020:00:25:32 +0100] "GET /-p-43076.html HTTP/1.0" 200 69192 "-" "Mozilla/5.0 (Linux; Android 7.0;) AppleWebKit/537.36 (KHTML, like Gecko) Mobile Safari/537.36 (compatible; PetalBot;+https://aspiegel.com/petalbot)"
13.66.139.65 - - [15/Dec/2020:00:25:33 +0100] "GET /images/big_prod_2/3665269065923z.jpg HTTP/1.0" 200 271 "-" "Mozilla/5.0 (compatible; bingbot/2.0; +http://www.bing.com/bingbot.htm)"
166.255.77.78 - - [15/Dec/2020:00:26:17 +0100] "GET /images/big_prod/8904245400477.jpg HTTP/1.0" 200 268 "http://pos.kit-systems.com/" "Mozilla/5.0 (Windows NT 6.2) AppleWebKit/537.36 (KHTML, like Gecko) (KioWare Client Platform r2345) Chrome/62.0.3202.62 Safari/537.36"
51.68.224.127 - - [15/Dec/2020:00:26:28 +0100] "GET /adminweb/export_orders_xml.php?token=256de2z6edz6ed2z6DFSFsed2zed6zeDSFDSGdzedezfzf&maxorders=10&orderstart=1&status=14&start_date=2018-10-01 HTTP/1.0" 200 285 "-" "GesCom CharlotteBoutik Serveur"
51.68.224.127 - - [15/Dec/2020:00:26:28 +0100] "GET /adminweb/export_orders_xml.php?token=256de2z6edz6ed2z6DFSFsed2zed6zeDSFDSGdzedezfzf&maxorders=10&orderstart=1&status=6&start_date=2018-10-01 HTTP/1.0" 200 30026 "-" "GesCom CharlotteBoutik Serveur"
13.66.139.65 - - [15/Dec/2020:00:26:53 +0100] "GET /alarms-clocks-c-13_65.html HTTP/1.0" 200 90175 "-" "Mozilla/5.0 (compatible; bingbot/2.0; +http://www.bing.com/bingbot.htm)"
13.66.139.26 - - [15/Dec/2020:00:26:57 +0100] "GET /images/8422001018068b.jpg HTTP/1.0" 200 260 "-" "Mozilla/5.0 (compatible; bingbot/2.0; +http://www.bing.com/bingbot.htm)"
216.244.66.242 - - [15/Dec/2020:00:27:39 +0100] "GET /raving-rabbids-magnetic-clock-p-17394.html HTTP/1.0" 200 71952 "-" "Mozilla/5.0 (compatible; DotBot/1.1; http://www.opensiteexplorer.org/dotbot, help@moz.com)"
13.66.139.26 - - [15/Dec/2020:00:28:02 +0100] "GET /adults-c-53.html HTTP/1.0" 200 91946 "-" "Mozilla/5.0 (compatible; bingbot/2.0; +http://www.bing.com/bingbot.htm)"
13.66.139.26 - - [15/Dec/2020:00:28:03 +0100] "GET /images/big_prod/5051276388199.jpg HTTP/1.0" 200 268 "-" "Mozilla/5.0 (compatible; bingbot/2.0; +http://www.bing.com/bingbot.htm)"
216.244.66.242 - - [15/Dec/2020:00:28:06 +0100] "GET /finn-miniature-character-p-32473.html HTTP/1.0" 200 72031 "-" "Mozilla/5.0 (compatible; DotBot/1.1; http://www.opensiteexplorer.org/dotbot, help@moz.com)"
13.66.139.65 - - [15/Dec/2020:00:28:07 +0100] "GET /home-and-decoration-c-13.html HTTP/1.0" 200 91145 "-" "Mozilla/5.0 (compatible; bingbot/2.0; +http://www.bing.com/bingbot.htm)"
216.244.66.242 - - [15/Dec/2020:00:28:24 +0100] "GET /vanity-beauty-bags-c-31_78.html?page=11 HTTP/1.0" 200 79237 "-" "Mozilla/5.0 (compatible; DotBot/1.1; http://www.opensiteexplorer.org/dotbot, help@moz.com)"
54.36.149.69 - - [15/Dec/2020:00:28:25 +0100] "GET /the-little-prince-of-saint-exupery-wall-decoration-17-12-cm-p-51867.html HTTP/1.0" 200 72160 "-" "Mozilla/5.0 (compatible; AhrefsBot/7.0; +http://ahrefs.com/robot/)"
13.66.139.26 - - [15/Dec/2020:00:28:32 +0100] "GET /-p-23703.html HTTP/1.0" 200 69192 "-" "Mozilla/5.0 (compatible; bingbot/2.0; +http://www.bing.com/bingbot.htm)"
13.66.139.26 - - [15/Dec/2020:00:28:33 +0100] "GET /-p-18794.html HTTP/1.0" 200 69192 "-" "Mozilla/5.0 (compatible; bingbot/2.0; +http://www.bing.com/bingbot.htm)"
216.244.66.242 - - [15/Dec/2020:00:28:44 +0100] "GET /dog-bowl-dog-p-31702.html HTTP/1.0" 200 71754 "-" "Mozilla/5.0 (compatible; DotBot/1.1; http://www.opensiteexplorer.org/dotbot, help@moz.com)"
13.66.139.73 - - [15/Dec/2020:00:28:53 +0100] "GET /-p-22636.html HTTP/1.0" 200 69192 "-" "Mozilla/5.0 (compatible; bingbot/2.0; +http://www.bing.com/bingbot.htm)"
13.66.139.73 - - [15/Dec/2020:00:28:53 +0100] "GET /-p-17334.html HTTP/1.0" 200 69192 "-" "Mozilla/5.0 (compatible; bingbot/2.0; +http://www.bing.com/bingbot.htm)"
13.66.139.26 - - [15/Dec/2020:00:28:56 +0100] "GET /images/big_prod_3/1328399219599c.jpg HTTP/1.0" 200 271 "-" "Mozilla/5.0 (compatible; bingbot/2.0; +http://www.bing.com/bingbot.htm)"
216.244.66.242 - - [15/Dec/2020:00:29:04 +0100] "GET /beach-blue-metal-plate-deco-p-40369.html HTTP/1.0" 200 71904 "-" "Mozilla/5.0 (compatible; DotBot/1.1; http://www.opensiteexplorer.org/dotbot, help@moz.com)"
207.46.13.175 - - [15/Dec/2020:00:29:06 +0100] "GET /games-and-toys/soft-toys-security-blanket/nici-bear-plush-p-23193.html HTTP/1.0" 301 651 "-" "Mozilla/5.0 (compatible; bingbot/2.0; +http://www.bing.com/bingbot.htm)"
207.46.13.49 - - [15/Dec/2020:00:29:11 +0100] "GET /images/big_prod_1/3453131119771BBB.jpg HTTP/1.0" 200 273 "-" "Mozilla/5.0 (compatible; bingbot/2.0; +http://www.bing.com/bingbot.htm)"
207.46.13.175 - - [15/Dec/2020:00:29:24 +0100] "GET /images/big_prod/1345544904513.jpg HTTP/1.0" 200 268 "-" "Mozilla/5.0 (compatible; bingbot/2.0; +http://www.bing.com/bingbot.htm)"
157.55.39.82 - - [15/Dec/2020:00:29:40 +0100] "GET /charmmy-kitty-in-paris-swimsuit-p-30305.html HTTP/1.0" 200 69338 "-" "Mozilla/5.0 (compatible; bingbot/2.0; +http://www.bing.com/bingbot.htm)"
114.119.158.196 - - [15/Dec/2020:00:29:50 +0100] "GET /small-jar-candle-oud-bloom-p-49928.html HTTP/1.0" 200 72387 "-" "Mozilla/5.0 (Linux; Android 7.0;) AppleWebKit/537.36 (KHTML, like Gecko) Mobile Safari/537.36 (compatible; PetalBot;+https://aspiegel.com/petalbot)"
13.66.139.65 - - [15/Dec/2020:00:30:04 +0100] "GET /images/3700057121686.jpg HTTP/1.0" 200 259 "-" "Mozilla/5.0 (compatible; bingbot/2.0; +http://www.bing.com/bingbot.htm)"
207.46.13.175 - - [15/Dec/2020:00:30:09 +0100] "GET /je-prefere-boire-avec-mes-amis-stickers-20-70-cm-p-39327.html HTTP/1.0" 200 72129 "-" "Mozilla/5.0 (compatible; bingbot/2.0; +http://www.bing.com/bingbot.htm)"
207.46.13.175 - - [15/Dec/2020:00:30:10 +0100] "GET /images/3660173175256.jpg HTTP/1.0" 200 259 "-" "Mozilla/5.0 (compatible; bingbot/2.0; +http://www.bing.com/bingbot.htm)"
13.66.139.26 - - [15/Dec/2020:00:30:13 +0100] "GET /placemats-c-12_156.html HTTP/1.0" 200 90986 "-" "Mozilla/5.0 (compatible; bingbot/2.0; +http://www.bing.com/bingbot.htm)"
157.55.39.82 - - [15/Dec/2020:00:30:30 +0100] "GET /images/big_prod/8422945482703.jpg HTTP/1.0" 200 268 "-" "Mozilla/5.0 (compatible; bingbot/2.0; +http://www.bing.com/bingbot.htm)"
13.66.139.73 - - [15/Dec/2020:00:30:40 +0100] "GET /-p-21568.html HTTP/1.0" 200 69192 "-" "Mozilla/5.0 (compatible; bingbot/2.0; +http://www.bing.com/bingbot.htm)"
13.66.139.73 - - [15/Dec/2020:00:30:41 +0100] "GET /images/big_prod/3520010418505.jpg HTTP/1.0" 200 268 "-" "Mozilla/5.0 (compatible; bingbot/2.0; +http://www.bing.com/bingbot.htm)"
13.66.139.65 - - [15/Dec/2020:00:30:45 +0100] "GET /water-and-outdoor-games-c-4_143.html HTTP/1.0" 200 91300 "-" "Mozilla/5.0 (compatible; bingbot/2.0; +http://www.bing.com/bingbot.htm)"
13.66.139.65 - - [15/Dec/2020:00:30:56 +0100] "GET /images/big_prod/3453131131452.jpg HTTP/1.0" 200 268 "-" "Mozilla/5.0 (compatible; bingbot/2.0; +http://www.bing.com/bingbot.htm)"
157.55.39.172 - - [15/Dec/2020:00:32:06 +0100] "GET /images/med_prod/1341689418304.jpg HTTP/1.0" 200 268 "-" "Mozilla/5.0 (compatible; bingbot/2.0; +http://www.bing.com/bingbot.htm)"
207.46.13.46 - - [15/Dec/2020:00:32:38 +0100] "GET /images/3585190554016.jpg HTTP/1.0" 200 259 "-" "Mozilla/5.0 (compatible; bingbot/2.0; +http://www.bing.com/bingbot.htm)"
13.66.139.73 - - [15/Dec/2020:00:32:49 +0100] "GET /-p-24515.html HTTP/1.0" 200 69192 "-" "Mozilla/5.0 (compatible; bingbot/2.0; +http://www.bing.com/bingbot.htm)"
13.66.139.73 - - [15/Dec/2020:00:32:50 +0100] "GET /-p-27352.html HTTP/1.0" 200 69192 "-" "Mozilla/5.0 (compatible; bingbot/2.0; +http://www.bing.com/bingbot.htm)"
13.66.139.73 - - [15/Dec/2020:00:32:51 +0100] "GET /images/big_prod_1/4250255880056a.jpg HTTP/1.0" 200 271 "-" "Mozilla/5.0 (compatible; bingbot/2.0; +http://www.bing.com/bingbot.htm)"
13.66.139.73 - - [15/Dec/2020:00:32:51 +0100] "GET /images/med_prod/1399984288726.jpg HTTP/1.0" 200 268 "-" "Mozilla/5.0 (compatible; bingbot/2.0; +http://www.bing.com/bingbot.htm)"
13.66.139.73 - - [15/Dec/2020:00:32:51 +0100] "GET /images/big_prod/1399986102891.jpg HTTP/1.0" 200 268 "-" "Mozilla/5.0 (compatible; bingbot/2.0; +http://www.bing.com/bingbot.htm)"
54.36.149.43 - - [15/Dec/2020:00:33:07 +0100] "GET /cushions-c-11_71.html?page=4 HTTP/1.0" 200 91907 "-" "Mozilla/5.0 (compatible; AhrefsBot/7.0; +http://ahrefs.com/robot/)"
40.77.167.36 - - [15/Dec/2020:00:33:57 +0100] "GET /images/mini_prod/1384010205952.jpg HTTP/1.0" 200 269 "-" "Mozilla/5.0 (compatible; bingbot/2.0; +http://www.bing.com/bingbot.htm)"
13.66.139.65 - - [15/Dec/2020:00:34:01 +0100] "GET /images/big_prod/10609a.jpg HTTP/1.0" 200 261 "-" "Mozilla/5.0 (compatible; bingbot/2.0; +http://www.bing.com/bingbot.htm)"
207.46.13.19 - - [15/Dec/2020:00:34:10 +0100] "GET /no-phone-zone-metal-plate-deco-405-215-cm-p-50981.html HTTP/1.0" 200 72015 "-" "Mozilla/5.0 (compatible; bingbot/2.0; +http://www.bing.com/bingbot.htm)"
207.46.13.19 - - [15/Dec/2020:00:34:11 +0100] "GET /16-decorative-stickers-3d-butterflies-white-p-48982.html HTTP/1.0" 200 71998 "-" "Mozilla/5.0 (compatible; bingbot/2.0; +http://www.bing.com/bingbot.htm)"
207.46.13.46 - - [15/Dec/2020:00:34:15 +0100] "GET /liquid-soap-made-in-france-cherry-p-39454.html HTTP/1.0" 200 72198 "-" "Mozilla/5.0 (compatible; bingbot/2.0; +http://www.bing.com/bingbot.htm)"
13.66.139.26 - - [15/Dec/2020:00:34:33 +0100] "GET /images/big_prod/5018997618455.jpg HTTP/1.0" 200 268 "-" "Mozilla/5.0 (compatible; bingbot/2.0; +http://www.bing.com/bingbot.htm)"
157.55.39.172 - - [15/Dec/2020:00:34:37 +0100] "GET /images/big_prod/8719172838244.jpg HTTP/1.0" 200 268 "-" "Mozilla/5.0 (compatible; bingbot/2.0; +http://www.bing.com/bingbot.htm)"
13.66.139.65 - - [15/Dec/2020:00:35:05 +0100] "GET /images/8427787039368.jpg HTTP/1.0" 200 259 "-" "Mozilla/5.0 (compatible; bingbot/2.0; +http://www.bing.com/bingbot.htm)"
207.46.13.46 - - [15/Dec/2020:00:35:28 +0100] "GET /images/070209_191201_PEEL_gnVzFs.jpg HTTP/1.0" 200 271 "-" "Mozilla/5.0 (compatible; bingbot/2.0; +http://www.bing.com/bingbot.htm)"
5.8.51.231 - - [15/Dec/2020:00:35:39 +0100] "GET /contact_us.php HTTP/1.0" 301 539 "http://wonder-geek.com/contact_us.php" "Mozilla/5.0 (Windows NT 6.1; Win64; x64) AppleWebKit/537.36 (KHTML, like Gecko) Chrome/83.0.4103.24 Safari/537.36 Edg/83.0.478.18"
5.8.51.231 - - [15/Dec/2020:00:35:39 +0100] "GET /contact_us.php HTTP/1.0" 200 26241 "http://www.wonder-geek.com/contact_us.php" "Mozilla/5.0 (Windows NT 6.1; Win64; x64) AppleWebKit/537.36 (KHTML, like Gecko) Chrome/83.0.4103.24 Safari/537.36 Edg/83.0.478.18"
5.8.51.231 - - [15/Dec/2020:00:35:40 +0100] "POST /contact_us.php?action=send HTTP/1.0" 200 26489 "http://www.wonder-geek.com/contact_us.php" "Mozilla/5.0 (Windows NT 6.1; Win64; x64) AppleWebKit/537.36 (KHTML, like Gecko) Chrome/83.0.4103.24 Safari/537.36 Edg/83.0.478.18"
5.8.51.231 - - [15/Dec/2020:00:35:40 +0100] "GET /contact_us.php HTTP/1.0" 200 26241 "http://www.wonder-geek.com/contact_us.php" "Mozilla/5.0 (Windows NT 6.1; Win64; x64) AppleWebKit/537.36 (KHTML, like Gecko) Chrome/83.0.4103.24 Safari/537.36 Edg/83.0.478.18"
13.66.139.73 - - [15/Dec/2020:00:36:35 +0100] "GET /images/med_prod/1399984285008.jpg HTTP/1.0" 200 268 "-" "Mozilla/5.0 (compatible; bingbot/2.0; +http://www.bing.com/bingbot.htm)"
207.46.13.19 - - [15/Dec/2020:00:36:47 +0100] "GET /images/big_prod/3014627950911.jpg HTTP/1.0" 200 268 "-" "Mozilla/5.0 (compatible; bingbot/2.0; +http://www.bing.com/bingbot.htm)"
114.119.147.45 - - [15/Dec/2020:00:37:09 +0100] "GET /adults-c-53.html?page=4 HTTP/1.0" 200 91158 "-" "Mozilla/5.0 (Linux; Android 7.0;) AppleWebKit/537.36 (KHTML, like Gecko) Mobile Safari/537.36 (compatible; PetalBot;+https://aspiegel.com/petalbot)"
207.46.13.46 - - [15/Dec/2020:00:37:17 +0100] "GET /images/big_prod_1/4542202656297.jpg HTTP/1.0" 200 270 "-" "Mozilla/5.0 (compatible; bingbot/2.0; +http://www.bing.com/bingbot.htm)"
13.66.139.65 - - [15/Dec/2020:00:37:38 +0100] "GET /images/big_prod/8422013606109a.jpg HTTP/1.0" 200 269 "-" "Mozilla/5.0 (compatible; bingbot/2.0; +http://www.bing.com/bingbot.htm)"
54.36.148.15 - - [15/Dec/2020:00:37:47 +0100] "GET /mickey-wastebasket-p-31189.html HTTP/1.0" 200 71829 "-" "Mozilla/5.0 (compatible; AhrefsBot/7.0; +http://ahrefs.com/robot/)"
157.55.39.172 - - [15/Dec/2020:00:37:47 +0100] "GET /images/1345544394314.jpg HTTP/1.0" 200 259 "-" "Mozilla/5.0 (compatible; bingbot/2.0; +http://www.bing.com/bingbot.htm)"
13.66.139.65 - - [15/Dec/2020:00:38:35 +0100] "GET /images/big_prod_1/3665269050639a.jpg HTTP/1.0" 200 271 "-" "Mozilla/5.0 (compatible; bingbot/2.0; +http://www.bing.com/bingbot.htm)"
13.66.139.26 - - [15/Dec/2020:00:38:44 +0100] "GET /images/big_prod_1/78-4153b.jpg HTTP/1.0" 200 265 "-" "Mozilla/5.0 (compatible; bingbot/2.0; +http://www.bing.com/bingbot.htm)"
13.66.139.26 - - [15/Dec/2020:00:38:45 +0100] "GET /images/big_prod/8424345932369.jpg HTTP/1.0" 200 268 "-" "Mozilla/5.0 (compatible; bingbot/2.0; +http://www.bing.com/bingbot.htm)"
114.119.158.196 - - [15/Dec/2020:00:39:19 +0100] "GET /guns-roses-phone-cover-for-iphone-p-11511.html HTTP/1.0" 200 72112 "-" "Mozilla/5.0 (Linux; Android 7.0;) AppleWebKit/537.36 (KHTML, like Gecko) Mobile Safari/537.36 (compatible; PetalBot;+https://aspiegel.com/petalbot)"
13.66.139.65 - - [15/Dec/2020:00:39:25 +0100] "GET /-p-20345.html HTTP/1.0" 200 69192 "-" "Mozilla/5.0 (compatible; bingbot/2.0; +http://www.bing.com/bingbot.htm)"
207.46.13.90 - - [15/Dec/2020:00:39:56 +0100] "GET /specials.php?page=29 HTTP/1.0" 200 130422 "-" "Mozilla/5.0 (compatible; bingbot/2.0; +http://www.bing.com/bingbot.htm)"
13.66.139.65 - - [15/Dec/2020:00:41:38 +0100] "GET /images/med_prod/8435306269776.jpg HTTP/1.0" 200 268 "-" "Mozilla/5.0 (compatible; bingbot/2.0; +http://www.bing.com/bingbot.htm)"
13.66.139.26 - - [15/Dec/2020:00:41:44 +0100] "GET /travel-trunk-lie-de-vin-45-cm-p-49060.html HTTP/1.0" 200 69298 "-" "Mozilla/5.0 (compatible; bingbot/2.0; +http://www.bing.com/bingbot.htm)"
157.55.39.172 - - [15/Dec/2020:00:41:56 +0100] "GET /images/big_prod/3609810072053.jpg HTTP/1.0" 200 268 "-" "Mozilla/5.0 (compatible; bingbot/2.0; +http://www.bing.com/bingbot.htm)"
207.46.13.175 - - [15/Dec/2020:00:42:16 +0100] "GET /js/jquery.js HTTP/1.0" 200 252 "-" "Mozilla/5.0 (compatible; bingbot/2.0; +http://www.bing.com/bingbot.htm)"
54.36.148.83 - - [15/Dec/2020:00:42:26 +0100] "GET /retro-wooden-motorcycle-frame-to-hang-latter-dude-p-46393.html HTTP/1.0" 200 72156 "-" "Mozilla/5.0 (compatible; AhrefsBot/7.0; +http://ahrefs.com/robot/)"
51.68.224.127 - - [15/Dec/2020:00:42:26 +0100] "GET /adminweb/export_orders_xml.php?token=256de2z6edz6ed2z6DFSFsed2zed6zeDSFDSGdzedezfzf&maxorders=10&orderstart=1&status=14&start_date=2018-10-01 HTTP/1.0" 200 285 "-" "GesCom CharlotteBoutik Serveur"
51.68.224.127 - - [15/Dec/2020:00:42:27 +0100] "GET /adminweb/export_orders_xml.php?token=256de2z6edz6ed2z6DFSFsed2zed6zeDSFDSGdzedezfzf&maxorders=10&orderstart=1&status=6&start_date=2018-10-01 HTTP/1.0" 200 30026 "-" "GesCom CharlotteBoutik Serveur"
13.66.139.65 - - [15/Dec/2020:00:42:35 +0100] "GET /calendar-workbook-organizer-c-129_189.html HTTP/1.0" 200 90141 "-" "Mozilla/5.0 (compatible; bingbot/2.0; +http://www.bing.com/bingbot.htm)"
13.66.139.65 - - [15/Dec/2020:00:42:36 +0100] "GET /hats-and-caps-c-1_44.html HTTP/1.0" 200 90721 "-" "Mozilla/5.0 (compatible; bingbot/2.0; +http://www.bing.com/bingbot.htm)"
207.46.13.49 - - [15/Dec/2020:00:42:39 +0100] "GET /fitted-sheet-in-cotton-percale-80-threads-140-190-30-cm-p-48199.html HTTP/1.0" 200 72187 "-" "Mozilla/5.0 (compatible; bingbot/2.0; +http://www.bing.com/bingbot.htm)"
13.66.139.73 - - [15/Dec/2020:00:42:58 +0100] "GET /images/big_prod/verity1186747042981.jpg HTTP/1.0" 200 274 "-" "Mozilla/5.0 (compatible; bingbot/2.0; +http://www.bing.com/bingbot.htm)"
13.66.139.73 - - [15/Dec/2020:00:42:58 +0100] "GET /images/big_prod/9316188079518.jpg HTTP/1.0" 200 268 "-" "Mozilla/5.0 (compatible; bingbot/2.0; +http://www.bing.com/bingbot.htm)"
114.119.158.196 - - [15/Dec/2020:00:43:00 +0100] "GET /bookend-c-13_202.html HTTP/1.0" 200 87940 "-" "Mozilla/5.0 (Linux; Android 7.0;) AppleWebKit/537.36 (KHTML, like Gecko) Mobile Safari/537.36 (compatible; PetalBot;+https://aspiegel.com/petalbot)"
54.36.148.235 - - [15/Dec/2020:00:43:26 +0100] "GET /frozen-disney-wastebasket-p-29931.html HTTP/1.0" 301 69259 "-" "Mozilla/5.0 (compatible; AhrefsBot/7.0; +http://ahrefs.com/robot/)"
13.66.139.65 - - [15/Dec/2020:00:43:46 +0100] "GET /images/big_prod/3503420029196.jpg HTTP/1.0" 200 268 "-" "Mozilla/5.0 (compatible; bingbot/2.0; +http://www.bing.com/bingbot.htm)"
13.66.139.26 - - [15/Dec/2020:00:44:04 +0100] "GET /accessories-mobiles-c-3_17.html HTTP/1.0" 200 93504 "-" "Mozilla/5.0 (compatible; bingbot/2.0; +http://www.bing.com/bingbot.htm)"
13.66.139.26 - - [15/Dec/2020:00:44:14 +0100] "GET /images/big_prod/8424346355587.jpg HTTP/1.0" 200 268 "-" "Mozilla/5.0 (compatible; bingbot/2.0; +http://www.bing.com/bingbot.htm)"
157.55.39.82 - - [15/Dec/2020:00:45:22 +0100] "GET /images/3524550045153.jpg HTTP/1.0" 200 259 "-" "Mozilla/5.0 (compatible; bingbot/2.0; +http://www.bing.com/bingbot.htm)"
13.66.139.65 - - [15/Dec/2020:00:45:37 +0100] "GET /chairs-cushion-c-11_165.html?page=3 HTTP/1.0" 200 90543 "-" "Mozilla/5.0 (compatible; bingbot/2.0; +http://www.bing.com/bingbot.htm)"
13.66.139.65 - - [15/Dec/2020:00:45:38 +0100] "GET /images/big_prod/3608860230680.jpg HTTP/1.0" 200 268 "-" "Mozilla/5.0 (compatible; bingbot/2.0; +http://www.bing.com/bingbot.htm)"
157.55.39.82 - - [15/Dec/2020:00:46:12 +0100] "GET /images/big_prod_2/b5018997612989.jpg HTTP/1.0" 200 271 "-" "Mozilla/5.0 (compatible; bingbot/2.0; +http://www.bing.com/bingbot.htm)"
157.55.39.82 - - [15/Dec/2020:00:46:13 +0100] "GET /images/big_prod/5018997618455.jpg HTTP/1.0" 200 268 "-" "Mozilla/5.0 (compatible; bingbot/2.0; +http://www.bing.com/bingbot.htm)"
13.66.139.73 - - [15/Dec/2020:00:46:43 +0100] "GET /shirts-and-sweatshirts-women-c-53_55.html HTTP/1.0" 200 93149 "-" "Mozilla/5.0 (compatible; bingbot/2.0; +http://www.bing.com/bingbot.htm)"
13.66.139.73 - - [15/Dec/2020:00:46:44 +0100] "GET /bob-marley-m-166.html HTTP/1.0" 200 87772 "-" "Mozilla/5.0 (compatible; bingbot/2.0; +http://www.bing.com/bingbot.htm)"
54.36.148.37 - - [15/Dec/2020:00:47:09 +0100] "GET /retro-wooden-motorcycle-frame-to-hard-game-p-46417.html HTTP/1.0" 200 69350 "-" "Mozilla/5.0 (compatible; AhrefsBot/7.0; +http://ahrefs.com/robot/)"
114.119.154.200 - - [15/Dec/2020:00:47:24 +0100] "GET /paul-frank-backpack-p-15109.html HTTP/1.0" 200 72689 "-" "Mozilla/5.0 (Linux; Android 7.0;) AppleWebKit/537.36 (KHTML, like Gecko) Mobile Safari/537.36 (compatible; PetalBot;+https://aspiegel.com/petalbot)"
207.46.13.175 - - [15/Dec/2020:00:47:29 +0100] "GET /children-coat-hooks-p-52561.html HTTP/1.0" 200 71984 "-" "Mozilla/5.0 (compatible; bingbot/2.0; +http://www.bing.com/bingbot.htm)"
207.46.13.19 - - [15/Dec/2020:00:47:34 +0100] "GET /images/big_prod_1/b1300000021944.jpg HTTP/1.0" 200 271 "-" "Mozilla/5.0 (compatible; bingbot/2.0; +http://www.bing.com/bingbot.htm)"
13.66.139.26 - - [15/Dec/2020:00:47:55 +0100] "GET /-p-15798.html HTTP/1.0" 200 69192 "-" "Mozilla/5.0 (compatible; bingbot/2.0; +http://www.bing.com/bingbot.htm)"
207.46.13.152 - - [15/Dec/2020:00:48:16 +0100] "GET /hanging-plants-wall-sticker-p-51530.html HTTP/1.0" 301 69259 "-" "Mozilla/5.0 (compatible; bingbot/2.0; +http://www.bing.com/bingbot.htm)"
157.55.39.172 - - [15/Dec/2020:00:48:29 +0100] "GET /images/big_prod_1/1328399219353a.jpg HTTP/1.0" 200 271 "-" "Mozilla/5.0 (compatible; bingbot/2.0; +http://www.bing.com/bingbot.htm)"
13.66.139.65 - - [15/Dec/2020:00:49:07 +0100] "GET /images/big_prod/1328399219544.jpg HTTP/1.0" 200 268 "-" "Mozilla/5.0 (compatible; bingbot/2.0; +http://www.bing.com/bingbot.htm)"
13.66.139.65 - - [15/Dec/2020:00:49:28 +0100] "GET /images/big_prod/1384010207796.jpg HTTP/1.0" 200 268 "-" "Mozilla/5.0 (compatible; bingbot/2.0; +http://www.bing.com/bingbot.htm)"
13.66.139.26 - - [15/Dec/2020:00:49:55 +0100] "GET /images/big_prod_1/b3608860230246.jpg HTTP/1.0" 200 271 "-" "Mozilla/5.0 (compatible; bingbot/2.0; +http://www.bing.com/bingbot.htm)"
17.58.101.145 - - [15/Dec/2020:00:51:30 +0100] "GET /cotton-floor-cushion-blue-45-cm-p-43510.html HTTP/1.0" 200 71879 "-" "Mozilla/5.0 (Macintosh; Intel Mac OS X 10_15_5) AppleWebKit/605.1.15 (KHTML, like Gecko) Version/13.1.1 Safari/605.1.15 (Applebot/0.1; +http://www.apple.com/go/applebot)"
54.36.148.83 - - [15/Dec/2020:00:51:43 +0100] "GET /frog-by-michelle-allen-teapot-and-cup-p-49208.html HTTP/1.0" 200 72012 "-" "Mozilla/5.0 (compatible; AhrefsBot/7.0; +http://ahrefs.com/robot/)"
114.119.132.105 - - [15/Dec/2020:00:51:52 +0100] "GET /tea-towels-napkins-c-11_177.html?page=4 HTTP/1.0" 200 91480 "-" "Mozilla/5.0 (Linux; Android 7.0;) AppleWebKit/537.36 (KHTML, like Gecko) Mobile Safari/537.36 (compatible; PetalBot;+https://aspiegel.com/petalbot)"
54.36.148.172 - - [15/Dec/2020:00:52:30 +0100] "GET /plus-plus-480-pieces-dinosaurs-p-35040.html HTTP/1.0" 301 69259 "-" "Mozilla/5.0 (compatible; AhrefsBot/7.0; +http://ahrefs.com/robot/)"
207.46.13.90 - - [15/Dec/2020:00:52:41 +0100] "GET /images/6953270928366.jpg HTTP/1.0" 200 259 "-" "Mozilla/5.0 (compatible; bingbot/2.0; +http://www.bing.com/bingbot.htm)"
157.55.39.172 - - [15/Dec/2020:00:52:58 +0100] "GET /images/big_prod/3660173212647.jpg HTTP/1.0" 200 268 "-" "Mozilla/5.0 (compatible; bingbot/2.0; +http://www.bing.com/bingbot.htm)"
13.66.139.65 - - [15/Dec/2020:00:53:09 +0100] "GET /disney-m-20.html HTTP/1.0" 200 88554 "-" "Mozilla/5.0 (compatible; bingbot/2.0; +http://www.bing.com/bingbot.htm)"
13.66.139.26 - - [15/Dec/2020:00:53:25 +0100] "GET /-p-12916.html HTTP/1.0" 200 69192 "-" "Mozilla/5.0 (compatible; bingbot/2.0; +http://www.bing.com/bingbot.htm)"
207.46.13.175 - - [15/Dec/2020:00:53:30 +0100] "GET /images/3700276295427.jpg HTTP/1.0" 200 259 "-" "Mozilla/5.0 (compatible; bingbot/2.0; +http://www.bing.com/bingbot.htm)"
207.46.13.152 - - [15/Dec/2020:00:54:25 +0100] "GET /images/8003990631294.jpg HTTP/1.0" 200 259 "-" "Mozilla/5.0 (compatible; bingbot/2.0; +http://www.bing.com/bingbot.htm)"
157.55.39.172 - - [15/Dec/2020:00:54:30 +0100] "GET /images/5010994698270.jpg HTTP/1.0" 200 259 "-" "Mozilla/5.0 (compatible; bingbot/2.0; +http://www.bing.com/bingbot.htm)"
13.66.139.26 - - [15/Dec/2020:00:55:15 +0100] "GET /swimwear-c-2_35.html HTTP/1.0" 200 89676 "-" "Mozilla/5.0 (compatible; bingbot/2.0; +http://www.bing.com/bingbot.htm)"
114.119.132.105 - - [15/Dec/2020:00:56:11 +0100] "GET /images/mini_prod/3665269098556.jpg HTTP/1.0" 200 269 "-" "Mozilla/5.0 (Linux; Android 7.0;) AppleWebKit/537.36 (KHTML, like Gecko) Mobile Safari/537.36 (compatible; PetalBot;+https://aspiegel.com/petalbot)"
54.36.148.5 - - [15/Dec/2020:00:56:11 +0100] "GET /retro-wooden-motorcycle-riders-frame-to-hang-p-46409.html HTTP/1.0" 200 72122 "-" "Mozilla/5.0 (compatible; AhrefsBot/7.0; +http://ahrefs.com/robot/)"
13.66.139.65 - - [15/Dec/2020:00:56:38 +0100] "GET /figures-c-4_15.html HTTP/1.0" 200 91319 "-" "Mozilla/5.0 (compatible; bingbot/2.0; +http://www.bing.com/bingbot.htm)"
13.66.139.73 - - [15/Dec/2020:00:56:43 +0100] "GET /trays-c-12_159.html HTTP/1.0" 200 91193 "-" "Mozilla/5.0 (compatible; bingbot/2.0; +http://www.bing.com/bingbot.htm)"
13.66.139.73 - - [15/Dec/2020:00:56:44 +0100] "GET /images/big_prod/8433933110829.jpg HTTP/1.0" 200 268 "-" "Mozilla/5.0 (compatible; bingbot/2.0; +http://www.bing.com/bingbot.htm)"
13.66.139.73 - - [15/Dec/2020:00:56:45 +0100] "GET /magnets-c-13_134.html HTTP/1.0" 200 89984 "-" "Mozilla/5.0 (compatible; bingbot/2.0; +http://www.bing.com/bingbot.htm)"
13.66.139.73 - - [15/Dec/2020:00:56:45 +0100] "GET /images/big_prod/8718375755389.jpg HTTP/1.0" 200 268 "-" "Mozilla/5.0 (compatible; bingbot/2.0; +http://www.bing.com/bingbot.htm)"
13.66.139.73 - - [15/Dec/2020:00:56:46 +0100] "GET /images/5018997517574.jpg HTTP/1.0" 200 259 "-" "Mozilla/5.0 (compatible; bingbot/2.0; +http://www.bing.com/bingbot.htm)"
207.46.13.175 - - [15/Dec/2020:00:57:25 +0100] "GET /js/jquery.js HTTP/1.0" 200 252 "-" "Mozilla/5.0 (compatible; bingbot/2.0; +http://www.bing.com/bingbot.htm)"
13.66.139.26 - - [15/Dec/2020:00:57:39 +0100] "GET /images/big_prod_1/630JASPLA2.jpg HTTP/1.0" 200 267 "-" "Mozilla/5.0 (compatible; bingbot/2.0; +http://www.bing.com/bingbot.htm)"
13.66.139.26 - - [15/Dec/2020:00:57:47 +0100] "GET /images/big_prod/1384010205327.jpg HTTP/1.0" 200 268 "-" "Mozilla/5.0 (compatible; bingbot/2.0; +http://www.bing.com/bingbot.htm)"
40.77.167.36 - - [15/Dec/2020:00:58:09 +0100] "GET /images/mini_prod/3681643306130.jpg HTTP/1.0" 200 269 "-" "Mozilla/5.0 (compatible; bingbot/2.0; +http://www.bing.com/bingbot.htm)"
51.68.224.127 - - [15/Dec/2020:00:58:24 +0100] "GET /adminweb/export_orders_xml.php?token=256de2z6edz6ed2z6DFSFsed2zed6zeDSFDSGdzedezfzf&maxorders=10&orderstart=1&status=14&start_date=2018-10-01 HTTP/1.0" 200 285 "-" "GesCom CharlotteBoutik Serveur"
51.68.224.127 - - [15/Dec/2020:00:58:24 +0100] "GET /adminweb/export_orders_xml.php?token=256de2z6edz6ed2z6DFSFsed2zed6zeDSFDSGdzedezfzf&maxorders=10&orderstart=1&status=6&start_date=2018-10-01 HTTP/1.0" 200 30026 "-" "GesCom CharlotteBoutik Serveur"
13.66.139.26 - - [15/Dec/2020:00:59:07 +0100] "GET /images/big_prod/8719075391426.jpg HTTP/1.0" 200 268 "-" "Mozilla/5.0 (compatible; bingbot/2.0; +http://www.bing.com/bingbot.htm)"
40.77.167.36 - - [15/Dec/2020:00:59:11 +0100] "GET /images/big_prod/5018997621721.jpg HTTP/1.0" 200 268 "-" "Mozilla/5.0 (compatible; bingbot/2.0; +http://www.bing.com/bingbot.htm)"
13.66.139.65 - - [15/Dec/2020:00:59:40 +0100] "GET /images/big_prod/1300000022668.jpg HTTP/1.0" 200 268 "-" "Mozilla/5.0 (compatible; bingbot/2.0; +http://www.bing.com/bingbot.htm)"
114.119.132.105 - - [15/Dec/2020:01:00:33 +0100] "GET /images/big_prod/1399986100644.jpg HTTP/1.0" 200 268 "-" "Mozilla/5.0 (Linux; Android 7.0;) AppleWebKit/537.36 (KHTML, like Gecko) Mobile Safari/537.36 (compatible; PetalBot;+https://aspiegel.com/petalbot)"
13.66.139.65 - - [15/Dec/2020:01:01:01 +0100] "GET /images/big_prod_1/3520071657868b.jpg HTTP/1.0" 200 271 "-" "Mozilla/5.0 (compatible; bingbot/2.0; +http://www.bing.com/bingbot.htm)"
54.36.149.17 - - [15/Dec/2020:01:01:04 +0100] "GET /mugs-and-mazagrans-c-12_57.html?page=4 HTTP/1.0" 200 95484 "-" "Mozilla/5.0 (compatible; AhrefsBot/7.0; +http://ahrefs.com/robot/)"
13.66.139.73 - - [15/Dec/2020:01:01:05 +0100] "GET /images/big_prod/3014627846467.jpg HTTP/1.0" 200 268 "-" "Mozilla/5.0 (compatible; bingbot/2.0; +http://www.bing.com/bingbot.htm)"
13.66.139.73 - - [15/Dec/2020:01:01:06 +0100] "GET /images/big_prod/3700516225696.jpg HTTP/1.0" 200 268 "-" "Mozilla/5.0 (compatible; bingbot/2.0; +http://www.bing.com/bingbot.htm)"
13.66.139.73 - - [15/Dec/2020:01:01:07 +0100] "GET /images/big_prod_2/c028399219209.jpg HTTP/1.0" 200 270 "-" "Mozilla/5.0 (compatible; bingbot/2.0; +http://www.bing.com/bingbot.htm)"
207.46.13.90 - - [15/Dec/2020:01:01:28 +0100] "GET /js/jquery.jqzoom.js HTTP/1.0" 200 259 "-" "Mozilla/5.0 (compatible; bingbot/2.0; +http://www.bing.com/bingbot.htm)"
207.46.13.46 - - [15/Dec/2020:01:01:42 +0100] "GET /pink-polyester-round-chair-cushion-p-47034.html HTTP/1.0" 200 71937 "-" "Mozilla/5.0 (compatible; bingbot/2.0; +http://www.bing.com/bingbot.htm)"
13.66.139.26 - - [15/Dec/2020:01:01:47 +0100] "GET /images/big_prod_1/5018997621714a.jpg HTTP/1.0" 200 271 "-" "Mozilla/5.0 (compatible; bingbot/2.0; +http://www.bing.com/bingbot.htm)"
13.66.139.26 - - [15/Dec/2020:01:01:48 +0100] "GET /images/3521320612508.jpg HTTP/1.0" 200 259 "-" "Mozilla/5.0 (compatible; bingbot/2.0; +http://www.bing.com/bingbot.htm)"
207.46.13.175 - - [15/Dec/2020:01:01:57 +0100] "GET /images/big_prod/8433933220627.jpg HTTP/1.0" 200 268 "-" "Mozilla/5.0 (compatible; bingbot/2.0; +http://www.bing.com/bingbot.htm)"
207.46.13.90 - - [15/Dec/2020:01:02:32 +0100] "GET /avengers-stickers-p-31212.html HTTP/1.0" 200 71847 "-" "Mozilla/5.0 (compatible; bingbot/2.0; +http://www.bing.com/bingbot.htm)"
216.244.66.242 - - [15/Dec/2020:01:03:01 +0100] "GET /robots.txt HTTP/1.0" 200 245 "-" "Mozilla/5.0 (compatible; DotBot/1.1; http://www.opensiteexplorer.org/dotbot, help@moz.com)"
13.66.139.65 - - [15/Dec/2020:01:03:02 +0100] "GET /images/med_prod/3609810033979.jpg HTTP/1.0" 200 268 "-" "Mozilla/5.0 (compatible; bingbot/2.0; +http://www.bing.com/bingbot.htm)"
13.66.139.65 - - [15/Dec/2020:01:03:30 +0100] "GET /images/med_prod/3520071379234.jpg HTTP/1.0" 200 268 "-" "Mozilla/5.0 (compatible; bingbot/2.0; +http://www.bing.com/bingbot.htm)"
207.46.13.152 - - [15/Dec/2020:01:03:47 +0100] "GET /images/1328399065851.jpg HTTP/1.0" 200 259 "-" "Mozilla/5.0 (compatible; bingbot/2.0; +http://www.bing.com/bingbot.htm)"
13.66.139.65 - - [15/Dec/2020:01:04:01 +0100] "GET /images/big_prod/4036113830537.jpg HTTP/1.0" 200 268 "-" "Mozilla/5.0 (compatible; bingbot/2.0; +http://www.bing.com/bingbot.htm)"
114.119.150.15 - - [15/Dec/2020:01:04:56 +0100] "GET /images/mini_prod/6000972a.jpg HTTP/1.0" 200 264 "-" "Mozilla/5.0 (Linux; Android 7.0;) AppleWebKit/537.36 (KHTML, like Gecko) Mobile Safari/537.36 (compatible; PetalBot;+https://aspiegel.com/petalbot)"
54.36.149.56 - - [15/Dec/2020:01:05:37 +0100] "GET /embroidered-rectangular-tablecloth-kolam-140-140-cm-p-46464.html HTTP/1.0" 200 72721 "-" "Mozilla/5.0 (compatible; AhrefsBot/7.0; +http://ahrefs.com/robot/)"
13.66.139.73 - - [15/Dec/2020:01:05:57 +0100] "GET /images/big_prod/8902276506717.jpg HTTP/1.0" 200 268 "-" "Mozilla/5.0 (compatible; bingbot/2.0; +http://www.bing.com/bingbot.htm)"
13.66.139.73 - - [15/Dec/2020:01:05:57 +0100] "GET /images/big_prod_1/b3609810072039.jpg HTTP/1.0" 200 271 "-" "Mozilla/5.0 (compatible; bingbot/2.0; +http://www.bing.com/bingbot.htm)"
207.46.13.19 - - [15/Dec/2020:01:06:02 +0100] "GET /images/045544349383.jpg HTTP/1.0" 200 258 "-" "Mozilla/5.0 (compatible; bingbot/2.0; +http://www.bing.com/bingbot.htm)"
207.46.13.46 - - [15/Dec/2020:01:07:11 +0100] "GET /images/big_prod_2/1328399219599b.jpg HTTP/1.0" 200 271 "-" "Mozilla/5.0 (compatible; bingbot/2.0; +http://www.bing.com/bingbot.htm)"
207.46.13.152 - - [15/Dec/2020:01:08:17 +0100] "GET /images/big_prod/8422099381099.jpg HTTP/1.0" 200 268 "-" "Mozilla/5.0 (compatible; bingbot/2.0; +http://www.bing.com/bingbot.htm)"
13.66.139.65 - - [15/Dec/2020:01:08:22 +0100] "GET /-p-24800.html HTTP/1.0" 200 69192 "-" "Mozilla/5.0 (compatible; bingbot/2.0; +http://www.bing.com/bingbot.htm)"
13.66.139.26 - - [15/Dec/2020:01:08:27 +0100] "GET /images/8036281601133.jpg HTTP/1.0" 200 259 "-" "Mozilla/5.0 (compatible; bingbot/2.0; +http://www.bing.com/bingbot.htm)"
157.55.39.82 - - [15/Dec/2020:01:08:34 +0100] "GET /images/big_prod/3612875115658.jpg HTTP/1.0" 200 268 "-" "Mozilla/5.0 (compatible; bingbot/2.0; +http://www.bing.com/bingbot.htm)"
13.66.139.65 - - [15/Dec/2020:01:08:51 +0100] "GET /long-sleeves-shirts-c-1_21.html HTTP/1.0" 200 77468 "-" "Mozilla/5.0 (compatible; bingbot/2.0; +http://www.bing.com/bingbot.htm)"
66.249.70.62 - - [15/Dec/2020:01:09:04 +0100] "GET /cardmaking-c-129_128.html HTTP/1.0" 200 90903 "-" "Mozilla/5.0 (compatible; Googlebot/2.1; +http://www.google.com/bot.html)"
114.119.147.45 - - [15/Dec/2020:01:09:19 +0100] "GET /%20images/big_prod/8422020065845B.jpg HTTP/1.0" 404 1308 "-" "Mozilla/5.0 (Linux; Android 7.0;) AppleWebKit/537.36 (KHTML, like Gecko) Mobile Safari/537.36 (compatible; PetalBot;+https://aspiegel.com/petalbot)"
178.159.37.69 - - [15/Dec/2020:01:09:51 +0100] "GET /contact_us.php HTTP/1.0" 200 26241 "-" "Mozilla/5.0 (Windows NT 6.3; Win64; x64) AppleWebKit/537.36 (KHTML, like Gecko) Chrome/75.0.3770.100 Safari/537.36"
207.46.13.90 - - [15/Dec/2020:01:09:53 +0100] "GET /images/big_prod/3520071702285.jpg HTTP/1.0" 200 268 "-" "Mozilla/5.0 (compatible; bingbot/2.0; +http://www.bing.com/bingbot.htm)"
207.46.13.152 - - [15/Dec/2020:01:09:57 +0100] "GET /images/1399984254912.jpg HTTP/1.0" 200 259 "-" "Mozilla/5.0 (compatible; bingbot/2.0; +http://www.bing.com/bingbot.htm)"
13.66.139.73 - - [15/Dec/2020:01:10:02 +0100] "GET /images/med_prod/00000000000000000marsei.jpg HTTP/1.0" 200 278 "-" "Mozilla/5.0 (compatible; bingbot/2.0; +http://www.bing.com/bingbot.htm)"
13.66.139.73 - - [15/Dec/2020:01:10:03 +0100] "GET /images/med_prod/3609810034013.jpg HTTP/1.0" 200 268 "-" "Mozilla/5.0 (compatible; bingbot/2.0; +http://www.bing.com/bingbot.htm)"
13.66.139.73 - - [15/Dec/2020:01:10:03 +0100] "GET /images/DSCN0896b.jpg HTTP/1.0" 200 255 "-" "Mozilla/5.0 (compatible; bingbot/2.0; +http://www.bing.com/bingbot.htm)"
13.66.139.73 - - [15/Dec/2020:01:10:04 +0100] "GET /-p-33098.html HTTP/1.0" 200 69192 "-" "Mozilla/5.0 (compatible; bingbot/2.0; +http://www.bing.com/bingbot.htm)"
13.66.139.26 - - [15/Dec/2020:01:10:07 +0100] "GET /images/big_prod/4029811410279.jpg HTTP/1.0" 200 268 "-" "Mozilla/5.0 (compatible; bingbot/2.0; +http://www.bing.com/bingbot.htm)"
54.36.148.83 - - [15/Dec/2020:01:10:09 +0100] "GET /small-box-for-baby-teeth-the-parma-small-mouse-p-44659.html HTTP/1.0" 200 72134 "-" "Mozilla/5.0 (compatible; AhrefsBot/7.0; +http://ahrefs.com/robot/)"
40.77.167.29 - - [15/Dec/2020:01:11:08 +0100] "GET /burlap-round-table-set-p-50962.html HTTP/1.0" 301 69259 "-" "Mozilla/5.0 (compatible; bingbot/2.0; +http://www.bing.com/bingbot.htm)"
17.58.101.145 - - [15/Dec/2020:01:11:10 +0100] "GET /retro-style-bread-box-p-39496.html HTTP/1.0" 200 71966 "-" "Mozilla/5.0 (Macintosh; Intel Mac OS X 10_15_5) AppleWebKit/605.1.15 (KHTML, like Gecko) Version/13.1.1 Safari/605.1.15 (Applebot/0.1; +http://www.apple.com/go/applebot)"
17.58.101.145 - - [15/Dec/2020:01:12:04 +0100] "GET /kimmi-junior-best-friend-necklaces-p-8754.html HTTP/1.0" 200 71945 "-" "Mozilla/5.0 (Macintosh; Intel Mac OS X 10_15_5) AppleWebKit/605.1.15 (KHTML, like Gecko) Version/13.1.1 Safari/605.1.15 (Applebot/0.1; +http://www.apple.com/go/applebot)"
13.66.139.26 - - [15/Dec/2020:01:12:17 +0100] "GET /images/big_prod_1/b8435333853276.jpg HTTP/1.0" 200 271 "-" "Mozilla/5.0 (compatible; bingbot/2.0; +http://www.bing.com/bingbot.htm)"
13.66.139.26 - - [15/Dec/2020:01:12:37 +0100] "GET /images/big_prod/5415203926425.jpg HTTP/1.0" 200 268 "-" "Mozilla/5.0 (compatible; bingbot/2.0; +http://www.bing.com/bingbot.htm)"
216.244.66.242 - - [15/Dec/2020:01:12:51 +0100] "GET /mani-the-lucky-cat-keychain-p-44117.html HTTP/1.0" 200 69318 "-" "Mozilla/5.0 (compatible; DotBot/1.1; http://www.opensiteexplorer.org/dotbot, help@moz.com)"
13.66.139.73 - - [15/Dec/2020:01:13:13 +0100] "GET /images/big_prod/3503420219726SC001.jpg HTTP/1.0" 200 273 "-" "Mozilla/5.0 (compatible; bingbot/2.0; +http://www.bing.com/bingbot.htm)"
13.66.139.65 - - [15/Dec/2020:01:13:23 +0100] "GET /images/big_prod/5018997260081.jpg HTTP/1.0" 200 268 "-" "Mozilla/5.0 (compatible; bingbot/2.0; +http://www.bing.com/bingbot.htm)"
157.55.39.172 - - [15/Dec/2020:01:14:12 +0100] "GET /images/big_prod_1/b3608860093322.jpg HTTP/1.0" 200 271 "-" "Mozilla/5.0 (compatible; bingbot/2.0; +http://www.bing.com/bingbot.htm)"
51.68.224.127 - - [15/Dec/2020:01:14:21 +0100] "GET /adminweb/export_orders_xml.php?token=256de2z6edz6ed2z6DFSFsed2zed6zeDSFDSGdzedezfzf&maxorders=10&orderstart=1&status=14&start_date=2018-10-01 HTTP/1.0" 200 285 "-" "GesCom CharlotteBoutik Serveur"
51.68.224.127 - - [15/Dec/2020:01:14:22 +0100] "GET /adminweb/export_orders_xml.php?token=256de2z6edz6ed2z6DFSFsed2zed6zeDSFDSGdzedezfzf&maxorders=10&orderstart=1&status=6&start_date=2018-10-01 HTTP/1.0" 200 30026 "-" "GesCom CharlotteBoutik Serveur"
54.36.149.58 - - [15/Dec/2020:01:14:22 +0100] "GET /retro-wooden-motorcycleroad-cowboy-frame-to-hang-p-46413.html HTTP/1.0" 200 72154 "-" "Mozilla/5.0 (compatible; AhrefsBot/7.0; +http://ahrefs.com/robot/)"
54.36.149.3 - - [15/Dec/2020:01:14:36 +0100] "GET /small-notebook-shadoks-love-shadoks-p-19278.html HTTP/1.0" 301 69259 "-" "Mozilla/5.0 (compatible; AhrefsBot/7.0; +http://ahrefs.com/robot/)"
216.244.66.242 - - [15/Dec/2020:01:14:48 +0100] "GET /images/8435333808078.jpg HTTP/1.0" 200 259 "-" "Mozilla/5.0 (compatible; DotBot/1.1; http://www.opensiteexplorer.org/dotbot, help@moz.com)"
13.66.139.65 - - [15/Dec/2020:01:15:53 +0100] "GET /computer-bag-and-briefcase-c-31_82.html HTTP/1.0" 200 83210 "-" "Mozilla/5.0 (compatible; bingbot/2.0; +http://www.bing.com/bingbot.htm)"
13.66.139.26 - - [15/Dec/2020:01:16:01 +0100] "GET /images/big_prod/9783960135036.jpg HTTP/1.0" 200 268 "-" "Mozilla/5.0 (compatible; bingbot/2.0; +http://www.bing.com/bingbot.htm)"
207.46.13.175 - - [15/Dec/2020:01:16:19 +0100] "GET /images/med_prod/1399984286203.jpg HTTP/1.0" 200 268 "-" "Mozilla/5.0 (compatible; bingbot/2.0; +http://www.bing.com/bingbot.htm)"
216.244.66.242 - - [15/Dec/2020:01:16:31 +0100] "GET /johnny-hallyday-mouse-pad-p-6835.html HTTP/1.0" 200 71834 "-" "Mozilla/5.0 (compatible; DotBot/1.1; http://www.opensiteexplorer.org/dotbot, help@moz.com)"
216.244.66.242 - - [15/Dec/2020:01:17:31 +0100] "GET /star-wars-hassk-thug-figure-p-34609.html HTTP/1.0" 200 72060 "-" "Mozilla/5.0 (compatible; DotBot/1.1; http://www.opensiteexplorer.org/dotbot, help@moz.com)"
13.66.139.65 - - [15/Dec/2020:01:17:44 +0100] "GET /images/big_prod/8422017821218.jpg HTTP/1.0" 200 268 "-" "Mozilla/5.0 (compatible; bingbot/2.0; +http://www.bing.com/bingbot.htm)"
17.58.101.146 - - [15/Dec/2020:01:17:47 +0100] "GET /school-trolley-c-31_169.html HTTP/1.0" 200 81543 "-" "Mozilla/5.0 (Macintosh; Intel Mac OS X 10_15_5) AppleWebKit/605.1.15 (KHTML, like Gecko) Version/13.1.1 Safari/605.1.15 (Applebot/0.1; +http://www.apple.com/go/applebot)"
216.244.66.242 - - [15/Dec/2020:01:18:13 +0100] "GET /cotton-floor-cushion-longbeach-blue-40-cm-p-51662.html HTTP/1.0" 200 72795 "-" "Mozilla/5.0 (compatible; DotBot/1.1; http://www.opensiteexplorer.org/dotbot, help@moz.com)"
216.244.66.242 - - [15/Dec/2020:01:18:26 +0100] "GET /buddha-canvas-frame-40-40-cm-p-39964.html HTTP/1.0" 200 71949 "-" "Mozilla/5.0 (compatible; DotBot/1.1; http://www.opensiteexplorer.org/dotbot, help@moz.com)"
216.244.66.242 - - [15/Dec/2020:01:18:32 +0100] "GET /-c-124.html HTTP/1.0" 200 67879 "-" "Mozilla/5.0 (compatible; DotBot/1.1; http://www.opensiteexplorer.org/dotbot, help@moz.com)"
216.244.66.242 - - [15/Dec/2020:01:18:34 +0100] "GET /playboy-bunny-black-zippo-lighter-p-32564.html HTTP/1.0" 200 72419 "-" "Mozilla/5.0 (compatible; DotBot/1.1; http://www.opensiteexplorer.org/dotbot, help@moz.com)"
54.36.149.18 - - [15/Dec/2020:01:18:46 +0100] "GET /fitted-sheet-c-11_193.html?page=3 HTTP/1.0" 200 90422 "-" "Mozilla/5.0 (compatible; AhrefsBot/7.0; +http://ahrefs.com/robot/)"
216.244.66.242 - - [15/Dec/2020:01:19:00 +0100] "GET /nici-debbie-giraffe-plush-15-cm-p-35188.html HTTP/1.0" 200 69306 "-" "Mozilla/5.0 (compatible; DotBot/1.1; http://www.opensiteexplorer.org/dotbot, help@moz.com)"
216.244.66.242 - - [15/Dec/2020:01:19:03 +0100] "GET /pusheen-detective-ornament-p-41643.html HTTP/1.0" 200 72855 "-" "Mozilla/5.0 (compatible; DotBot/1.1; http://www.opensiteexplorer.org/dotbot, help@moz.com)"
66.249.70.62 - - [15/Dec/2020:01:19:04 +0100] "GET /clocks-c-13_67.html HTTP/1.0" 200 92384 "-" "Mozilla/5.0 (Linux; Android 6.0.1; Nexus 5X Build/MMB29P) AppleWebKit/537.36 (KHTML, like Gecko) Chrome/87.0.4280.90 Mobile Safari/537.36 (compatible; Googlebot/2.1; +http://www.google.com/bot.html)"
13.66.139.65 - - [15/Dec/2020:01:19:06 +0100] "GET /images/big_prod/8433933115787.jpg HTTP/1.0" 200 268 "-" "Mozilla/5.0 (compatible; bingbot/2.0; +http://www.bing.com/bingbot.htm)"
114.119.147.45 - - [15/Dec/2020:01:19:13 +0100] "GET /kitchen-mat-60-45-cm-p-51895.html HTTP/1.0" 200 71930 "-" "Mozilla/5.0 (Linux; Android 7.0;) AppleWebKit/537.36 (KHTML, like Gecko) Mobile Safari/537.36 (compatible; PetalBot;+https://aspiegel.com/petalbot)"
13.66.139.65 - - [15/Dec/2020:01:19:24 +0100] "GET /pencil-cooco-ylvi-and-the-minimoomis-p-33973.html HTTP/1.0" 200 73834 "-" "Mozilla/5.0 (compatible; bingbot/2.0; +http://www.bing.com/bingbot.htm)"
207.46.13.19 - - [15/Dec/2020:01:19:28 +0100] "GET /mondial_relay/js/jquery-1.3.2.min.js HTTP/1.0" 200 276 "-" "Mozilla/5.0 (compatible; bingbot/2.0; +http://www.bing.com/bingbot.htm)"
207.46.13.19 - - [15/Dec/2020:01:19:48 +0100] "GET /images/big_prod/3503420088599.jpg HTTP/1.0" 200 268 "-" "Mozilla/5.0 (compatible; bingbot/2.0; +http://www.bing.com/bingbot.htm)"
40.77.167.36 - - [15/Dec/2020:01:20:22 +0100] "GET /zodiac-black-women-tee-shirt-p-30812.html HTTP/1.0" 200 73832 "-" "Mozilla/5.0 (compatible; bingbot/2.0; +http://www.bing.com/bingbot.htm)"
13.66.139.73 - - [15/Dec/2020:01:20:26 +0100] "GET /tealight-holders-and-candle-holders-c-231_230.html?page=4 HTTP/1.0" 200 91394 "-" "Mozilla/5.0 (compatible; bingbot/2.0; +http://www.bing.com/bingbot.htm)"
13.66.139.73 - - [15/Dec/2020:01:20:27 +0100] "GET /images/3700057121839.jpg HTTP/1.0" 200 259 "-" "Mozilla/5.0 (compatible; bingbot/2.0; +http://www.bing.com/bingbot.htm)"
13.66.139.73 - - [15/Dec/2020:01:20:27 +0100] "GET /images/big_prod_2/8424346039234C.jpg HTTP/1.0" 200 271 "-" "Mozilla/5.0 (compatible; bingbot/2.0; +http://www.bing.com/bingbot.htm)"
13.66.139.73 - - [15/Dec/2020:01:20:28 +0100] "GET /-m-79.html HTTP/1.0" 200 90751 "-" "Mozilla/5.0 (compatible; bingbot/2.0; +http://www.bing.com/bingbot.htm)"
13.66.139.73 - - [15/Dec/2020:01:20:29 +0100] "GET /clocks-c-13_67.html?page=5 HTTP/1.0" 200 93016 "-" "Mozilla/5.0 (compatible; bingbot/2.0; +http://www.bing.com/bingbot.htm)"
207.46.13.46 - - [15/Dec/2020:01:20:33 +0100] "GET /images/8435333804506.jpg HTTP/1.0" 200 259 "-" "Mozilla/5.0 (compatible; bingbot/2.0; +http://www.bing.com/bingbot.htm)"
157.55.39.82 - - [15/Dec/2020:01:20:56 +0100] "GET /images/big_prod/8720088292501.jpg HTTP/1.0" 200 268 "-" "Mozilla/5.0 (compatible; bingbot/2.0; +http://www.bing.com/bingbot.htm)"
13.66.139.65 - - [15/Dec/2020:01:21:35 +0100] "GET /images/big_prod/3565750277722.jpg HTTP/1.0" 200 268 "-" "Mozilla/5.0 (compatible; bingbot/2.0; +http://www.bing.com/bingbot.htm)"
157.55.39.172 - - [15/Dec/2020:01:21:42 +0100] "GET /images/big_prod/3453131127486.jpg HTTP/1.0" 200 268 "-" "Mozilla/5.0 (compatible; bingbot/2.0; +http://www.bing.com/bingbot.htm)"
157.55.39.172 - - [15/Dec/2020:01:21:43 +0100] "GET /cat-bowls-table-p-31428.html HTTP/1.0" 200 71864 "-" "Mozilla/5.0 (compatible; bingbot/2.0; +http://www.bing.com/bingbot.htm)"
207.46.13.152 - - [15/Dec/2020:01:21:46 +0100] "GET /swfobject.js HTTP/1.0" 404 1308 "-" "Mozilla/5.0 (compatible; bingbot/2.0; +http://www.bing.com/bingbot.htm)"
40.77.167.29 - - [15/Dec/2020:01:22:04 +0100] "GET /js/jquery.min.js HTTP/1.0" 404 1308 "-" "Mozilla/5.0 (compatible; bingbot/2.0; +http://www.bing.com/bingbot.htm)"
40.77.167.29 - - [15/Dec/2020:01:22:04 +0100] "GET /images/big_prod/10609a.jpg HTTP/1.0" 200 261 "-" "Mozilla/5.0 (compatible; bingbot/2.0; +http://www.bing.com/bingbot.htm)"
207.46.13.19 - - [15/Dec/2020:01:22:05 +0100] "GET /home-and-decoration/clocks/figc-clock-p-23049.html HTTP/1.0" 301 611 "-" "Mozilla/5.0 (compatible; bingbot/2.0; +http://www.bing.com/bingbot.htm)"
114.119.151.113 - - [15/Dec/2020:01:22:28 +0100] "GET /images/1399984263624.jpg HTTP/1.0" 200 259 "-" "Mozilla/5.0 (Linux; Android 7.0;) AppleWebKit/537.36 (KHTML, like Gecko) Mobile Safari/537.36 (compatible; PetalBot;+https://aspiegel.com/petalbot)"
54.36.148.83 - - [15/Dec/2020:01:23:20 +0100] "GET /vintage-motorcycle-key-box-p-49610.html HTTP/1.0" 200 72110 "-" "Mozilla/5.0 (compatible; AhrefsBot/7.0; +http://ahrefs.com/robot/)"
13.66.139.26 - - [15/Dec/2020:01:23:27 +0100] "GET /images/4007176123942.jpg HTTP/1.0" 200 259 "-" "Mozilla/5.0 (compatible; bingbot/2.0; +http://www.bing.com/bingbot.htm)"
13.66.139.65 - - [15/Dec/2020:01:23:39 +0100] "GET /images/big_prod/3453131151276.jpg HTTP/1.0" 200 268 "-" "Mozilla/5.0 (compatible; bingbot/2.0; +http://www.bing.com/bingbot.htm)"
17.58.101.146 - - [15/Dec/2020:01:23:55 +0100] "GET /made-usa-eyelets-curtain-p-31459.html HTTP/1.0" 200 74009 "-" "Mozilla/5.0 (Macintosh; Intel Mac OS X 10_15_5) AppleWebKit/605.1.15 (KHTML, like Gecko) Version/13.1.1 Safari/605.1.15 (Applebot/0.1; +http://www.apple.com/go/applebot)"
13.66.139.26 - - [15/Dec/2020:01:24:28 +0100] "GET /-p-24843.html HTTP/1.0" 200 69192 "-" "Mozilla/5.0 (compatible; bingbot/2.0; +http://www.bing.com/bingbot.htm)"
13.66.139.26 - - [15/Dec/2020:01:24:29 +0100] "GET /inside-out-disney-suitcase-48-cm-p-33306.html HTTP/1.0" 200 69343 "-" "Mozilla/5.0 (compatible; bingbot/2.0; +http://www.bing.com/bingbot.htm)"
13.66.139.26 - - [15/Dec/2020:01:24:30 +0100] "GET /frozen-bowl-p-31749.html HTTP/1.0" 200 69226 "-" "Mozilla/5.0 (compatible; bingbot/2.0; +http://www.bing.com/bingbot.htm)"
13.66.139.26 - - [15/Dec/2020:01:24:30 +0100] "GET /-p-24121.html HTTP/1.0" 200 69192 "-" "Mozilla/5.0 (compatible; bingbot/2.0; +http://www.bing.com/bingbot.htm)"
13.66.139.26 - - [15/Dec/2020:01:24:31 +0100] "GET /-p-23351.html HTTP/1.0" 200 69192 "-" "Mozilla/5.0 (compatible; bingbot/2.0; +http://www.bing.com/bingbot.htm)"
13.66.139.26 - - [15/Dec/2020:01:24:32 +0100] "GET /-p-14711.html HTTP/1.0" 200 69192 "-" "Mozilla/5.0 (compatible; bingbot/2.0; +http://www.bing.com/bingbot.htm)"
13.66.139.26 - - [15/Dec/2020:01:24:33 +0100] "GET /-p-13915.html HTTP/1.0" 200 69192 "-" "Mozilla/5.0 (compatible; bingbot/2.0; +http://www.bing.com/bingbot.htm)"
13.66.139.26 - - [15/Dec/2020:01:24:34 +0100] "GET /-p-22634.html HTTP/1.0" 200 69192 "-" "Mozilla/5.0 (compatible; bingbot/2.0; +http://www.bing.com/bingbot.htm)"
13.66.139.26 - - [15/Dec/2020:01:24:35 +0100] "GET /cats-by-dubout-magnet-cutie-p-33334.html HTTP/1.0" 200 69324 "-" "Mozilla/5.0 (compatible; bingbot/2.0; +http://www.bing.com/bingbot.htm)"
13.66.139.26 - - [15/Dec/2020:01:24:36 +0100] "GET /-p-20575.html HTTP/1.0" 200 69192 "-" "Mozilla/5.0 (compatible; bingbot/2.0; +http://www.bing.com/bingbot.htm)"
13.66.139.26 - - [15/Dec/2020:01:24:37 +0100] "GET /beautiful-babushka-by-kimmidoll-yellow-decorative-figurine-p-33240.html HTTP/1.0" 200 69473 "-" "Mozilla/5.0 (compatible; bingbot/2.0; +http://www.bing.com/bingbot.htm)"
13.66.139.26 - - [15/Dec/2020:01:24:37 +0100] "GET /atlantic-surf-spot-wooden-wall-decoration-to-hang-p-39693.html HTTP/1.0" 200 69378 "-" "Mozilla/5.0 (compatible; bingbot/2.0; +http://www.bing.com/bingbot.htm)"
13.66.139.26 - - [15/Dec/2020:01:24:38 +0100] "GET /gorjuss-cardboard-toadstools-pencil-box-p-34721.html HTTP/1.0" 200 69378 "-" "Mozilla/5.0 (compatible; bingbot/2.0; +http://www.bing.com/bingbot.htm)"
13.66.139.26 - - [15/Dec/2020:01:24:39 +0100] "GET /-p-22194.html HTTP/1.0" 200 69192 "-" "Mozilla/5.0 (compatible; bingbot/2.0; +http://www.bing.com/bingbot.htm)"
13.66.139.26 - - [15/Dec/2020:01:24:40 +0100] "GET /mini-magnetic-plate-retro-cant-cook-who-cares-p-34414.html HTTP/1.0" 200 69423 "-" "Mozilla/5.0 (compatible; bingbot/2.0; +http://www.bing.com/bingbot.htm)"
13.66.139.26 - - [15/Dec/2020:01:24:41 +0100] "GET /-p-41801.html HTTP/1.0" 200 69192 "-" "Mozilla/5.0 (compatible; bingbot/2.0; +http://www.bing.com/bingbot.htm)"
13.66.139.26 - - [15/Dec/2020:01:24:42 +0100] "GET /tony-parker-nba-polar-blanket-p-31999.html HTTP/1.0" 200 69328 "-" "Mozilla/5.0 (compatible; bingbot/2.0; +http://www.bing.com/bingbot.htm)"
13.66.139.26 - - [15/Dec/2020:01:24:43 +0100] "GET /-p-19674.html HTTP/1.0" 200 69192 "-" "Mozilla/5.0 (compatible; bingbot/2.0; +http://www.bing.com/bingbot.htm)"
13.66.139.26 - - [15/Dec/2020:01:24:43 +0100] "GET /disney-princess-large-shopping-bag-p-10760.html HTTP/1.0" 200 69318 "-" "Mozilla/5.0 (compatible; bingbot/2.0; +http://www.bing.com/bingbot.htm)"
13.66.139.26 - - [15/Dec/2020:01:24:44 +0100] "GET /retro-phone-box-mirror-p-35680.html HTTP/1.0" 200 69293 "-" "Mozilla/5.0 (compatible; bingbot/2.0; +http://www.bing.com/bingbot.htm)"
13.66.139.26 - - [15/Dec/2020:01:24:45 +0100] "GET /-p-12929.html HTTP/1.0" 200 69192 "-" "Mozilla/5.0 (compatible; bingbot/2.0; +http://www.bing.com/bingbot.htm)"
13.66.139.26 - - [15/Dec/2020:01:24:46 +0100] "GET /mini-led-flashlight-light-blue-spiderman-p-35783.html HTTP/1.0" 200 69342 "-" "Mozilla/5.0 (compatible; bingbot/2.0; +http://www.bing.com/bingbot.htm)"
13.66.139.26 - - [15/Dec/2020:01:24:47 +0100] "GET /-p-34583.html HTTP/1.0" 200 69192 "-" "Mozilla/5.0 (compatible; bingbot/2.0; +http://www.bing.com/bingbot.htm)"
13.66.139.26 - - [15/Dec/2020:01:24:48 +0100] "GET /tablecloth-washed-linen-170-250-cm-paon-p-48125.html HTTP/1.0" 301 69259 "-" "Mozilla/5.0 (compatible; bingbot/2.0; +http://www.bing.com/bingbot.htm)"
13.66.139.26 - - [15/Dec/2020:01:24:48 +0100] "GET /-p-17776.html HTTP/1.0" 200 69192 "-" "Mozilla/5.0 (compatible; bingbot/2.0; +http://www.bing.com/bingbot.htm)"
13.66.139.26 - - [15/Dec/2020:01:24:49 +0100] "GET /-p-12106.html HTTP/1.0" 200 69192 "-" "Mozilla/5.0 (compatible; bingbot/2.0; +http://www.bing.com/bingbot.htm)"
13.66.139.65 - - [15/Dec/2020:01:24:54 +0100] "GET /-p-12087.html HTTP/1.0" 200 69192 "-" "Mozilla/5.0 (compatible; bingbot/2.0; +http://www.bing.com/bingbot.htm)"
13.66.139.65 - - [15/Dec/2020:01:24:55 +0100] "GET /-p-24011.html HTTP/1.0" 200 69192 "-" "Mozilla/5.0 (compatible; bingbot/2.0; +http://www.bing.com/bingbot.htm)"
13.66.139.65 - - [15/Dec/2020:01:24:55 +0100] "GET /-p-26950.html HTTP/1.0" 200 69192 "-" "Mozilla/5.0 (compatible; bingbot/2.0; +http://www.bing.com/bingbot.htm)"
13.66.139.65 - - [15/Dec/2020:01:24:56 +0100] "GET /-m-5.html HTTP/1.0" 200 67980 "-" "Mozilla/5.0 (compatible; bingbot/2.0; +http://www.bing.com/bingbot.htm)"
13.66.139.65 - - [15/Dec/2020:01:24:57 +0100] "GET /-p-33959.html HTTP/1.0" 200 69192 "-" "Mozilla/5.0 (compatible; bingbot/2.0; +http://www.bing.com/bingbot.htm)"
13.66.139.65 - - [15/Dec/2020:01:24:58 +0100] "GET /-p-24509.html HTTP/1.0" 200 69192 "-" "Mozilla/5.0 (compatible; bingbot/2.0; +http://www.bing.com/bingbot.htm)"
13.66.139.65 - - [15/Dec/2020:01:24:59 +0100] "GET /maisy-little-bowling-bag-oilcloth-p-15248.html HTTP/1.0" 200 69316 "-" "Mozilla/5.0 (compatible; bingbot/2.0; +http://www.bing.com/bingbot.htm)"
