5.9.66.153 - - [14/Dec/2020:05:53:32 +0100] "GET /dolce-vita-scooter-placemat-p-25770.html HTTP/1.0" 301 69259 "-" "Mozilla/5.0 (compatible; MJ12bot/v1.4.8; http://mj12bot.com/)"
5.9.66.153 - - [14/Dec/2020:05:53:34 +0100] "GET /-p-25770.html HTTP/1.0" 200 69192 "-" "Mozilla/5.0 (compatible; MJ12bot/v1.4.8; http://mj12bot.com/)"
5.9.66.153 - - [14/Dec/2020:05:53:36 +0100] "GET /dolls-chica-vampiro-p-36998.html HTTP/1.0" 301 69259 "-" "Mozilla/5.0 (compatible; MJ12bot/v1.4.8; http://mj12bot.com/)"
5.9.66.153 - - [14/Dec/2020:05:53:38 +0100] "GET /-p-36998.html HTTP/1.0" 200 69192 "-" "Mozilla/5.0 (compatible; MJ12bot/v1.4.8; http://mj12bot.com/)"
69.30.198.242 - - [14/Dec/2020:05:53:39 +0100] "GET /-p-27134.html HTTP/1.0" 200 69192 "-" "Mozilla/5.0 (compatible; MJ12bot/v1.4.8; http://mj12bot.com/)"
5.9.66.153 - - [14/Dec/2020:05:53:39 +0100] "GET /dome-clock-with-factices-gears-blue-p-35859.html HTTP/1.0" 301 69259 "-" "Mozilla/5.0 (compatible; MJ12bot/v1.4.8; http://mj12bot.com/)"
5.9.66.153 - - [14/Dec/2020:05:53:41 +0100] "GET /-p-35859.html HTTP/1.0" 200 69192 "-" "Mozilla/5.0 (compatible; MJ12bot/v1.4.8; http://mj12bot.com/)"
5.9.66.153 - - [14/Dec/2020:05:53:43 +0100] "GET /doormat-love-cats-60-cm-p-52765.html HTTP/1.0" 200 72923 "-" "Mozilla/5.0 (compatible; MJ12bot/v1.4.8; http://mj12bot.com/)"
5.9.66.153 - - [14/Dec/2020:05:53:45 +0100] "GET /dubout-cats-mug-p-28592.html HTTP/1.0" 301 69259 "-" "Mozilla/5.0 (compatible; MJ12bot/v1.4.8; http://mj12bot.com/)"
5.9.66.153 - - [14/Dec/2020:05:53:47 +0100] "GET /-p-28592.html HTTP/1.0" 200 69192 "-" "Mozilla/5.0 (compatible; MJ12bot/v1.4.8; http://mj12bot.com/)"
5.9.66.153 - - [14/Dec/2020:05:53:48 +0100] "GET /dubout-cats-mug-p-28593.html HTTP/1.0" 301 69259 "-" "Mozilla/5.0 (compatible; MJ12bot/v1.4.8; http://mj12bot.com/)"
5.9.66.153 - - [14/Dec/2020:05:53:50 +0100] "GET /-p-28593.html HTTP/1.0" 200 69192 "-" "Mozilla/5.0 (compatible; MJ12bot/v1.4.8; http://mj12bot.com/)"
69.30.198.242 - - [14/Dec/2020:05:53:52 +0100] "GET /-p-27142.html HTTP/1.0" 200 69192 "-" "Mozilla/5.0 (compatible; MJ12bot/v1.4.8; http://mj12bot.com/)"
5.9.66.153 - - [14/Dec/2020:05:53:52 +0100] "GET /dubout-cats-mug-p-28595.html HTTP/1.0" 301 69259 "-" "Mozilla/5.0 (compatible; MJ12bot/v1.4.8; http://mj12bot.com/)"
54.36.149.88 - - [14/Dec/2020:05:53:53 +0100] "GET /brasil-passeport-set-p-19070.html HTTP/1.0" 200 71900 "-" "Mozilla/5.0 (compatible; AhrefsBot/7.0; +http://ahrefs.com/robot/)"
5.9.66.153 - - [14/Dec/2020:05:53:55 +0100] "GET /-p-28595.html HTTP/1.0" 200 69192 "-" "Mozilla/5.0 (compatible; MJ12bot/v1.4.8; http://mj12bot.com/)"
13.66.139.79 - - [14/Dec/2020:05:53:56 +0100] "GET /-p-28205.html HTTP/1.0" 200 69192 "-" "Mozilla/5.0 (compatible; bingbot/2.0; +http://www.bing.com/bingbot.htm)"
5.9.66.153 - - [14/Dec/2020:05:53:57 +0100] "GET /duck-frame-canvas-p-31823.html HTTP/1.0" 301 69259 "-" "Mozilla/5.0 (compatible; MJ12bot/v1.4.8; http://mj12bot.com/)"
5.9.66.153 - - [14/Dec/2020:05:53:58 +0100] "GET /-p-31823.html HTTP/1.0" 200 69192 "-" "Mozilla/5.0 (compatible; MJ12bot/v1.4.8; http://mj12bot.com/)"
5.9.66.153 - - [14/Dec/2020:05:54:00 +0100] "GET /el-piquillo-frame-memo-p-37458.html HTTP/1.0" 301 72046 "-" "Mozilla/5.0 (compatible; MJ12bot/v1.4.8; http://mj12bot.com/)"
13.66.139.26 - - [14/Dec/2020:05:54:01 +0100] "GET /images/big_prod/4029811262847.jpg HTTP/1.0" 200 268 "-" "Mozilla/5.0 (compatible; bingbot/2.0; +http://www.bing.com/bingbot.htm)"
13.66.139.26 - - [14/Dec/2020:05:54:02 +0100] "GET /images/big_prod_1/b720322285434.jpg HTTP/1.0" 200 270 "-" "Mozilla/5.0 (compatible; bingbot/2.0; +http://www.bing.com/bingbot.htm)"
5.9.66.153 - - [14/Dec/2020:05:54:02 +0100] "GET /wall-decoration-flamingo-p-37458.html HTTP/1.0" 200 71955 "-" "Mozilla/5.0 (compatible; MJ12bot/v1.4.8; http://mj12bot.com/)"
5.9.66.153 - - [14/Dec/2020:05:54:04 +0100] "GET /english-tray-p-28854.html HTTP/1.0" 301 69259 "-" "Mozilla/5.0 (compatible; MJ12bot/v1.4.8; http://mj12bot.com/)"
69.30.198.242 - - [14/Dec/2020:05:54:04 +0100] "GET /-p-27147.html HTTP/1.0" 200 69192 "-" "Mozilla/5.0 (compatible; MJ12bot/v1.4.8; http://mj12bot.com/)"
5.9.66.153 - - [14/Dec/2020:05:54:05 +0100] "GET /-p-28854.html HTTP/1.0" 200 69192 "-" "Mozilla/5.0 (compatible; MJ12bot/v1.4.8; http://mj12bot.com/)"
5.9.66.153 - - [14/Dec/2020:05:54:07 +0100] "GET /enjoy-is-funny-bedclothes-220-cm-p-31141.html HTTP/1.0" 301 69259 "-" "Mozilla/5.0 (compatible; MJ12bot/v1.4.8; http://mj12bot.com/)"
5.9.66.153 - - [14/Dec/2020:05:54:09 +0100] "GET /-p-31141.html HTTP/1.0" 200 69192 "-" "Mozilla/5.0 (compatible; MJ12bot/v1.4.8; http://mj12bot.com/)"
5.9.66.153 - - [14/Dec/2020:05:54:11 +0100] "GET /fantasia-75th-anniversary-by-romero-britto-p-32579.html HTTP/1.0" 301 69259 "-" "Mozilla/5.0 (compatible; MJ12bot/v1.4.8; http://mj12bot.com/)"
5.9.66.153 - - [14/Dec/2020:05:54:13 +0100] "GET /-p-32579.html HTTP/1.0" 200 69192 "-" "Mozilla/5.0 (compatible; MJ12bot/v1.4.8; http://mj12bot.com/)"
5.9.66.153 - - [14/Dec/2020:05:54:15 +0100] "GET /fcb-pencil-case-p-36276.html HTTP/1.0" 200 69258 "-" "Mozilla/5.0 (compatible; MJ12bot/v1.4.8; http://mj12bot.com/)"
69.30.198.242 - - [14/Dec/2020:05:54:17 +0100] "GET /-p-27150.html HTTP/1.0" 200 69192 "-" "Mozilla/5.0 (compatible; MJ12bot/v1.4.8; http://mj12bot.com/)"
5.9.66.153 - - [14/Dec/2020:05:54:18 +0100] "GET /ferrari-250-gto-large-metal-plate-deco-p-26454.html HTTP/1.0" 200 69373 "-" "Mozilla/5.0 (compatible; MJ12bot/v1.4.8; http://mj12bot.com/)"
5.9.66.153 - - [14/Dec/2020:05:54:20 +0100] "GET /ferrari-towel-p-14862.html HTTP/1.0" 301 69259 "-" "Mozilla/5.0 (compatible; MJ12bot/v1.4.8; http://mj12bot.com/)"
5.9.66.153 - - [14/Dec/2020:05:54:21 +0100] "GET /-p-14862.html HTTP/1.0" 200 69192 "-" "Mozilla/5.0 (compatible; MJ12bot/v1.4.8; http://mj12bot.com/)"
5.9.66.153 - - [14/Dec/2020:05:54:23 +0100] "GET /fff-hobo-bag-p-30625.html HTTP/1.0" 200 72091 "-" "Mozilla/5.0 (compatible; MJ12bot/v1.4.8; http://mj12bot.com/)"
5.9.66.153 - - [14/Dec/2020:05:54:25 +0100] "GET /fff-number-10-mug-p-52130.html HTTP/1.0" 200 71778 "-" "Mozilla/5.0 (compatible; MJ12bot/v1.4.8; http://mj12bot.com/)"
5.9.66.153 - - [14/Dec/2020:05:54:27 +0100] "GET /fff-red-mug-p-16514.html HTTP/1.0" 200 69238 "-" "Mozilla/5.0 (compatible; MJ12bot/v1.4.8; http://mj12bot.com/)"
69.30.198.242 - - [14/Dec/2020:05:54:28 +0100] "GET /-p-27202.html HTTP/1.0" 200 69192 "-" "Mozilla/5.0 (compatible; MJ12bot/v1.4.8; http://mj12bot.com/)"
5.9.66.153 - - [14/Dec/2020:05:54:29 +0100] "GET /fff-sport-bag-p-30649.html HTTP/1.0" 200 69248 "-" "Mozilla/5.0 (compatible; MJ12bot/v1.4.8; http://mj12bot.com/)"
5.9.66.153 - - [14/Dec/2020:05:54:31 +0100] "GET /fff-white-mug-p-16512.html HTTP/1.0" 200 69248 "-" "Mozilla/5.0 (compatible; MJ12bot/v1.4.8; http://mj12bot.com/)"
13.66.139.26 - - [14/Dec/2020:05:54:32 +0100] "GET /images/big_prod/CD3960b.jpg HTTP/1.0" 200 262 "-" "Mozilla/5.0 (compatible; bingbot/2.0; +http://www.bing.com/bingbot.htm)"
5.9.66.153 - - [14/Dec/2020:05:54:32 +0100] "GET /fiat-500-blue-shirt-p-30049.html HTTP/1.0" 200 73399 "-" "Mozilla/5.0 (compatible; MJ12bot/v1.4.8; http://mj12bot.com/)"
13.66.139.26 - - [14/Dec/2020:05:54:33 +0100] "GET /images/big_prod/1341689140878.jpg HTTP/1.0" 200 268 "-" "Mozilla/5.0 (compatible; bingbot/2.0; +http://www.bing.com/bingbot.htm)"
5.9.66.153 - - [14/Dec/2020:05:54:34 +0100] "GET /fiat-500-brown-shoulder-bag-p-11814.html HTTP/1.0" 200 69318 "-" "Mozilla/5.0 (compatible; MJ12bot/v1.4.8; http://mj12bot.com/)"
5.9.66.153 - - [14/Dec/2020:05:54:36 +0100] "GET /fiat-500-clock-p-11809.html HTTP/1.0" 200 69253 "-" "Mozilla/5.0 (compatible; MJ12bot/v1.4.8; http://mj12bot.com/)"
69.30.198.242 - - [14/Dec/2020:05:54:37 +0100] "GET /-p-27315.html HTTP/1.0" 200 69192 "-" "Mozilla/5.0 (compatible; MJ12bot/v1.4.8; http://mj12bot.com/)"
5.9.66.153 - - [14/Dec/2020:05:54:38 +0100] "GET /fiat-500-gran-premio-metal-plate-postcard-p-15608.html HTTP/1.0" 200 72044 "-" "Mozilla/5.0 (compatible; MJ12bot/v1.4.8; http://mj12bot.com/)"
5.9.66.153 - - [14/Dec/2020:05:54:39 +0100] "GET /fiat-500-large-metal-plate-p-15601.html HTTP/1.0" 200 69313 "-" "Mozilla/5.0 (compatible; MJ12bot/v1.4.8; http://mj12bot.com/)"
5.9.66.153 - - [14/Dec/2020:05:54:41 +0100] "GET /fiat-500-metal-plate-postcard-p-11782.html HTTP/1.0" 200 69328 "-" "Mozilla/5.0 (compatible; MJ12bot/v1.4.8; http://mj12bot.com/)"
5.9.66.153 - - [14/Dec/2020:05:54:43 +0100] "GET /fiat-500-pen-and-keyring-box-p-24916.html HTTP/1.0" 200 69323 "-" "Mozilla/5.0 (compatible; MJ12bot/v1.4.8; http://mj12bot.com/)"
5.9.66.153 - - [14/Dec/2020:05:54:45 +0100] "GET /fiat-500-shoulder-bag-p-12452.html HTTP/1.0" 200 69288 "-" "Mozilla/5.0 (compatible; MJ12bot/v1.4.8; http://mj12bot.com/)"
5.9.66.153 - - [14/Dec/2020:05:54:46 +0100] "GET /fiers-etre-marseillais-flag-p-14924.html HTTP/1.0" 301 69259 "-" "Mozilla/5.0 (compatible; MJ12bot/v1.4.8; http://mj12bot.com/)"
69.30.198.242 - - [14/Dec/2020:05:54:48 +0100] "GET /-p-27352.html HTTP/1.0" 200 69192 "-" "Mozilla/5.0 (compatible; MJ12bot/v1.4.8; http://mj12bot.com/)"
5.9.66.153 - - [14/Dec/2020:05:54:48 +0100] "GET /-p-14924.html HTTP/1.0" 200 69192 "-" "Mozilla/5.0 (compatible; MJ12bot/v1.4.8; http://mj12bot.com/)"
5.9.66.153 - - [14/Dec/2020:05:54:51 +0100] "GET /fiers-etre-marseillais-towel-p-13152.html HTTP/1.0" 301 69259 "-" "Mozilla/5.0 (compatible; MJ12bot/v1.4.8; http://mj12bot.com/)"
5.9.66.153 - - [14/Dec/2020:05:54:53 +0100] "GET /-p-13152.html HTTP/1.0" 200 69192 "-" "Mozilla/5.0 (compatible; MJ12bot/v1.4.8; http://mj12bot.com/)"
5.9.66.153 - - [14/Dec/2020:05:54:54 +0100] "GET /figc-beige-shopping-bag-p-26007.html HTTP/1.0" 200 69274 "-" "Mozilla/5.0 (compatible; MJ12bot/v1.4.8; http://mj12bot.com/)"
5.9.66.153 - - [14/Dec/2020:05:54:58 +0100] "GET /figc-blue-shopping-bag-p-26006.html HTTP/1.0" 200 72070 "-" "Mozilla/5.0 (compatible; MJ12bot/v1.4.8; http://mj12bot.com/)"
207.46.13.48 - - [14/Dec/2020:05:54:59 +0100] "GET /images/4008789051752.jpg HTTP/1.0" 200 259 "-" "Mozilla/5.0 (compatible; bingbot/2.0; +http://www.bing.com/bingbot.htm)"
69.30.198.242 - - [14/Dec/2020:05:54:58 +0100] "GET /-p-27367.html HTTP/1.0" 200 69192 "-" "Mozilla/5.0 (compatible; MJ12bot/v1.4.8; http://mj12bot.com/)"
5.9.66.153 - - [14/Dec/2020:05:55:02 +0100] "GET /figure-little-thunder-p-27315.html HTTP/1.0" 301 69259 "-" "Mozilla/5.0 (compatible; MJ12bot/v1.4.8; http://mj12bot.com/)"
5.9.66.153 - - [14/Dec/2020:05:55:05 +0100] "GET /-p-27315.html HTTP/1.0" 200 69192 "-" "Mozilla/5.0 (compatible; MJ12bot/v1.4.8; http://mj12bot.com/)"
5.9.66.153 - - [14/Dec/2020:05:55:09 +0100] "GET /figure-my-little-ponyp-collectible-surprise-p-29829.html HTTP/1.0" 301 69259 "-" "Mozilla/5.0 (compatible; MJ12bot/v1.4.8; http://mj12bot.com/)"
5.9.66.153 - - [14/Dec/2020:05:55:12 +0100] "GET /-p-29829.html HTTP/1.0" 200 69192 "-" "Mozilla/5.0 (compatible; MJ12bot/v1.4.8; http://mj12bot.com/)"
69.30.198.242 - - [14/Dec/2020:05:55:12 +0100] "GET /-p-27399.html HTTP/1.0" 200 69192 "-" "Mozilla/5.0 (compatible; MJ12bot/v1.4.8; http://mj12bot.com/)"
5.9.66.153 - - [14/Dec/2020:05:55:13 +0100] "GET /figures-c-4_15.html?page=1 HTTP/1.0" 200 91330 "-" "Mozilla/5.0 (compatible; MJ12bot/v1.4.8; http://mj12bot.com/)"
13.66.139.79 - - [14/Dec/2020:05:55:15 +0100] "GET /images/big_prod/3281640422996.jpg HTTP/1.0" 200 268 "-" "Mozilla/5.0 (compatible; bingbot/2.0; +http://www.bing.com/bingbot.htm)"
5.9.66.153 - - [14/Dec/2020:05:55:15 +0100] "GET /figurine-buddhist-little-monk-hear-nothing-13-cm-p-46671.html HTTP/1.0" 200 69378 "-" "Mozilla/5.0 (compatible; MJ12bot/v1.4.8; http://mj12bot.com/)"
5.9.66.153 - - [14/Dec/2020:05:55:17 +0100] "GET /figurine-caricature-in-polyresine-145-cm-the-chef-p-49397.html HTTP/1.0" 200 69384 "-" "Mozilla/5.0 (compatible; MJ12bot/v1.4.8; http://mj12bot.com/)"
5.9.66.153 - - [14/Dec/2020:05:55:19 +0100] "GET /figurine-deco-cats-mom-and-her-kitten-devotion-p-35435.html HTTP/1.0" 301 69259 "-" "Mozilla/5.0 (compatible; MJ12bot/v1.4.8; http://mj12bot.com/)"
5.9.66.153 - - [14/Dec/2020:05:55:21 +0100] "GET /-p-35435.html HTTP/1.0" 200 69192 "-" "Mozilla/5.0 (compatible; MJ12bot/v1.4.8; http://mj12bot.com/)"
5.9.66.153 - - [14/Dec/2020:05:55:23 +0100] "GET /figurine-power-rangers-dino-charge-ranger-blue-30-cm-p-35288.html HTTP/1.0" 301 69259 "-" "Mozilla/5.0 (compatible; MJ12bot/v1.4.8; http://mj12bot.com/)"
5.9.66.153 - - [14/Dec/2020:05:55:25 +0100] "GET /-p-35288.html HTTP/1.0" 200 69192 "-" "Mozilla/5.0 (compatible; MJ12bot/v1.4.8; http://mj12bot.com/)"
5.9.66.153 - - [14/Dec/2020:05:55:27 +0100] "GET /finding-dory-bath-squirters-p-35298.html HTTP/1.0" 301 69259 "-" "Mozilla/5.0 (compatible; MJ12bot/v1.4.8; http://mj12bot.com/)"
69.30.198.242 - - [14/Dec/2020:05:55:27 +0100] "GET /-p-27400.html HTTP/1.0" 200 69192 "-" "Mozilla/5.0 (compatible; MJ12bot/v1.4.8; http://mj12bot.com/)"
5.9.66.153 - - [14/Dec/2020:05:55:28 +0100] "GET /-p-35298.html HTTP/1.0" 200 69192 "-" "Mozilla/5.0 (compatible; MJ12bot/v1.4.8; http://mj12bot.com/)"
5.9.66.153 - - [14/Dec/2020:05:55:30 +0100] "GET /fireman-sam-45-pieces-puzzle-p-27680.html HTTP/1.0" 301 69259 "-" "Mozilla/5.0 (compatible; MJ12bot/v1.4.8; http://mj12bot.com/)"
5.9.66.153 - - [14/Dec/2020:05:55:32 +0100] "GET /-p-27680.html HTTP/1.0" 200 69192 "-" "Mozilla/5.0 (compatible; MJ12bot/v1.4.8; http://mj12bot.com/)"
5.9.66.153 - - [14/Dec/2020:05:55:34 +0100] "GET /fireman-sam-trolley-p-29768.html HTTP/1.0" 301 69259 "-" "Mozilla/5.0 (compatible; MJ12bot/v1.4.8; http://mj12bot.com/)"
5.9.66.153 - - [14/Dec/2020:05:55:36 +0100] "GET /-p-29768.html HTTP/1.0" 200 69192 "-" "Mozilla/5.0 (compatible; MJ12bot/v1.4.8; http://mj12bot.com/)"
5.9.66.153 - - [14/Dec/2020:05:55:38 +0100] "GET /fitted-sheet-160-200-cm-color-light-brown-p-39690.html HTTP/1.0" 200 72051 "-" "Mozilla/5.0 (compatible; MJ12bot/v1.4.8; http://mj12bot.com/)"
5.9.66.153 - - [14/Dec/2020:05:55:40 +0100] "GET /fitted-sheet-in-cotton-percale-80-threads-140-190-30-cm-p-52134.html HTTP/1.0" 200 72198 "-" "Mozilla/5.0 (compatible; MJ12bot/v1.4.8; http://mj12bot.com/)"
69.30.198.242 - - [14/Dec/2020:05:55:40 +0100] "GET /-p-27417.html HTTP/1.0" 200 69192 "-" "Mozilla/5.0 (compatible; MJ12bot/v1.4.8; http://mj12bot.com/)"
5.9.66.153 - - [14/Dec/2020:05:55:42 +0100] "GET /fitted-sheet-in-cotton-percale-80-threads-140-190-30-cm-p-52135.html HTTP/1.0" 200 72198 "-" "Mozilla/5.0 (compatible; MJ12bot/v1.4.8; http://mj12bot.com/)"
5.9.66.153 - - [14/Dec/2020:05:55:44 +0100] "GET /fitted-sheet-in-cotton-percale-80-threads-140-190-30-cm-p-52137.html HTTP/1.0" 200 72198 "-" "Mozilla/5.0 (compatible; MJ12bot/v1.4.8; http://mj12bot.com/)"
5.9.66.153 - - [14/Dec/2020:05:55:46 +0100] "GET /fitted-sheet-in-cotton-percale-80-threads-160-200-30-cm-p-52138.html HTTP/1.0" 200 72192 "-" "Mozilla/5.0 (compatible; MJ12bot/v1.4.8; http://mj12bot.com/)"
5.9.66.153 - - [14/Dec/2020:05:55:47 +0100] "GET /fitted-sheet-in-cotton-percale-80-threads-180-200-30-cm-p-52143.html HTTP/1.0" 200 72204 "-" "Mozilla/5.0 (compatible; MJ12bot/v1.4.8; http://mj12bot.com/)"
5.9.66.153 - - [14/Dec/2020:05:55:49 +0100] "GET /fitted-sheet-in-cotton-percale-80-threads-90-190-30-cm-p-52131.html HTTP/1.0" 200 72201 "-" "Mozilla/5.0 (compatible; MJ12bot/v1.4.8; http://mj12bot.com/)"
5.9.66.153 - - [14/Dec/2020:05:55:51 +0100] "GET /fitted-sheet-in-cotton-percale-80-threads-90-190-30-cm-p-52132.html HTTP/1.0" 200 72205 "-" "Mozilla/5.0 (compatible; MJ12bot/v1.4.8; http://mj12bot.com/)"
5.9.66.153 - - [14/Dec/2020:05:55:53 +0100] "GET /fitted-sheet-red-p-24467.html HTTP/1.0" 200 73010 "-" "Mozilla/5.0 (compatible; MJ12bot/v1.4.8; http://mj12bot.com/)"
69.30.198.242 - - [14/Dec/2020:05:55:55 +0100] "GET /-p-2743.html HTTP/1.0" 200 69190 "-" "Mozilla/5.0 (compatible; MJ12bot/v1.4.8; http://mj12bot.com/)"
5.9.66.153 - - [14/Dec/2020:05:55:56 +0100] "GET /fitted-sheet-red-p-27507.html HTTP/1.0" 301 71820 "-" "Mozilla/5.0 (compatible; MJ12bot/v1.4.8; http://mj12bot.com/)"
5.9.66.153 - - [14/Dec/2020:05:55:58 +0100] "GET /red-fitted-sheet-p-27507.html HTTP/1.0" 200 71737 "-" "Mozilla/5.0 (compatible; MJ12bot/v1.4.8; http://mj12bot.com/)"
5.9.66.153 - - [14/Dec/2020:05:56:01 +0100] "GET /fitted-sheet-white-p-27506.html HTTP/1.0" 301 71838 "-" "Mozilla/5.0 (compatible; MJ12bot/v1.4.8; http://mj12bot.com/)"
5.9.66.153 - - [14/Dec/2020:05:56:04 +0100] "GET /white-fitted-sheet-p-27506.html HTTP/1.0" 200 71753 "-" "Mozilla/5.0 (compatible; MJ12bot/v1.4.8; http://mj12bot.com/)"
5.9.66.153 - - [14/Dec/2020:05:56:06 +0100] "GET /flag-of-england-messenger-bag-p-9417.html HTTP/1.0" 200 69326 "-" "Mozilla/5.0 (compatible; MJ12bot/v1.4.8; http://mj12bot.com/)"
54.36.148.83 - - [14/Dec/2020:05:56:07 +0100] "GET /planes-sports-bottle-p-25060.html HTTP/1.0" 200 71814 "-" "Mozilla/5.0 (compatible; AhrefsBot/7.0; +http://ahrefs.com/robot/)"
5.9.66.153 - - [14/Dec/2020:05:56:07 +0100] "GET /flamingo-metal-tray-33-cm-light-green-p-40183.html HTTP/1.0" 200 71984 "-" "Mozilla/5.0 (compatible; MJ12bot/v1.4.8; http://mj12bot.com/)"
69.30.198.242 - - [14/Dec/2020:05:56:09 +0100] "GET /-p-27463.html HTTP/1.0" 200 69192 "-" "Mozilla/5.0 (compatible; MJ12bot/v1.4.8; http://mj12bot.com/)"
5.9.66.153 - - [14/Dec/2020:05:56:10 +0100] "GET /flamingo-metal-tray-33-cm-white-p-40181.html HTTP/1.0" 200 71954 "-" "Mozilla/5.0 (compatible; MJ12bot/v1.4.8; http://mj12bot.com/)"
5.9.66.153 - - [14/Dec/2020:05:56:12 +0100] "GET /flamingo-tisaniere-p-42272.html HTTP/1.0" 200 71856 "-" "Mozilla/5.0 (compatible; MJ12bot/v1.4.8; http://mj12bot.com/)"
5.9.66.153 - - [14/Dec/2020:05:56:14 +0100] "GET /flamingo-training-bottle-by-cbkreation-p-43339.html HTTP/1.0" 200 72226 "-" "Mozilla/5.0 (compatible; MJ12bot/v1.4.8; http://mj12bot.com/)"
5.9.66.153 - - [14/Dec/2020:05:56:16 +0100] "GET /flask-jerrican-20-cl-p-39700.html HTTP/1.0" 301 69259 "-" "Mozilla/5.0 (compatible; MJ12bot/v1.4.8; http://mj12bot.com/)"
13.66.139.79 - - [14/Dec/2020:05:56:16 +0100] "GET /images/big_prod/3457019600023.jpg HTTP/1.0" 200 268 "-" "Mozilla/5.0 (compatible; bingbot/2.0; +http://www.bing.com/bingbot.htm)"
13.66.139.79 - - [14/Dec/2020:05:56:17 +0100] "GET /images/3681643301715.jpg HTTP/1.0" 200 259 "-" "Mozilla/5.0 (compatible; bingbot/2.0; +http://www.bing.com/bingbot.htm)"
5.9.66.153 - - [14/Dec/2020:05:56:17 +0100] "GET /-p-39700.html HTTP/1.0" 200 69192 "-" "Mozilla/5.0 (compatible; MJ12bot/v1.4.8; http://mj12bot.com/)"
5.9.66.153 - - [14/Dec/2020:05:56:19 +0100] "GET /flees-eyelets-sheer-curtain-p-41796.html HTTP/1.0" 200 74035 "-" "Mozilla/5.0 (compatible; MJ12bot/v1.4.8; http://mj12bot.com/)"
5.9.66.153 - - [14/Dec/2020:05:56:21 +0100] "GET /flower-pot-blue-on-stand-p-49410.html HTTP/1.0" 301 69259 "-" "Mozilla/5.0 (compatible; MJ12bot/v1.4.8; http://mj12bot.com/)"
13.66.139.55 - - [14/Dec/2020:05:56:22 +0100] "GET /images/big_prod/3560600312158.jpg HTTP/1.0" 200 268 "-" "Mozilla/5.0 (compatible; bingbot/2.0; +http://www.bing.com/bingbot.htm)"
13.66.139.55 - - [14/Dec/2020:05:56:22 +0100] "GET /images/big_prod_2/8424346357864b.jpg HTTP/1.0" 200 271 "-" "Mozilla/5.0 (compatible; bingbot/2.0; +http://www.bing.com/bingbot.htm)"
13.66.139.55 - - [14/Dec/2020:05:56:22 +0100] "GET /images/4895029694639.jpg HTTP/1.0" 200 259 "-" "Mozilla/5.0 (compatible; bingbot/2.0; +http://www.bing.com/bingbot.htm)"
13.66.139.55 - - [14/Dec/2020:05:56:23 +0100] "GET /adaptable-decorative-caps-c-12_249.html HTTP/1.0" 200 79878 "-" "Mozilla/5.0 (compatible; bingbot/2.0; +http://www.bing.com/bingbot.htm)"
13.66.139.55 - - [14/Dec/2020:05:56:24 +0100] "GET /images/big_prod/8422089456714B.jpg HTTP/1.0" 200 269 "-" "Mozilla/5.0 (compatible; bingbot/2.0; +http://www.bing.com/bingbot.htm)"
5.9.66.153 - - [14/Dec/2020:05:56:24 +0100] "GET /-p-49410.html HTTP/1.0" 200 69192 "-" "Mozilla/5.0 (compatible; MJ12bot/v1.4.8; http://mj12bot.com/)"
69.30.198.242 - - [14/Dec/2020:05:56:25 +0100] "GET /-p-27494.html HTTP/1.0" 200 69192 "-" "Mozilla/5.0 (compatible; MJ12bot/v1.4.8; http://mj12bot.com/)"
5.9.66.153 - - [14/Dec/2020:05:56:27 +0100] "GET /flower-pot-summer-collection-gray-cat-p-52692.html HTTP/1.0" 200 72007 "-" "Mozilla/5.0 (compatible; MJ12bot/v1.4.8; http://mj12bot.com/)"
51.68.224.127 - - [14/Dec/2020:05:56:29 +0100] "GET /adminweb/export_orders_xml.php?token=256de2z6edz6ed2z6DFSFsed2zed6zeDSFDSGdzedezfzf&maxorders=10&orderstart=1&status=14&start_date=2018-10-01 HTTP/1.0" 200 285 "-" "GesCom CharlotteBoutik Serveur"
51.68.224.127 - - [14/Dec/2020:05:56:29 +0100] "GET /adminweb/export_orders_xml.php?token=256de2z6edz6ed2z6DFSFsed2zed6zeDSFDSGdzedezfzf&maxorders=10&orderstart=1&status=6&start_date=2018-10-01 HTTP/1.0" 200 30026 "-" "GesCom CharlotteBoutik Serveur"
5.9.66.153 - - [14/Dec/2020:05:56:29 +0100] "GET /flynn-rider-figure-p-8561.html HTTP/1.0" 200 69271 "-" "Mozilla/5.0 (compatible; MJ12bot/v1.4.8; http://mj12bot.com/)"
5.9.66.153 - - [14/Dec/2020:05:56:32 +0100] "GET /football-100-paris-stickers-p-35385.html HTTP/1.0" 200 71890 "-" "Mozilla/5.0 (compatible; MJ12bot/v1.4.8; http://mj12bot.com/)"
5.9.66.153 - - [14/Dec/2020:05:56:34 +0100] "GET /football-stickers-p-35385.html HTTP/1.0" 301 71984 "-" "Mozilla/5.0 (compatible; MJ12bot/v1.4.8; http://mj12bot.com/)"
5.9.66.153 - - [14/Dec/2020:05:56:36 +0100] "GET /football-100-paris-stickers-p-35385.html HTTP/1.0" 200 71890 "-" "Mozilla/5.0 (compatible; MJ12bot/v1.4.8; http://mj12bot.com/)"
5.9.66.153 - - [14/Dec/2020:05:56:38 +0100] "GET /football-stickers-p-35772.html HTTP/1.0" 301 69259 "-" "Mozilla/5.0 (compatible; MJ12bot/v1.4.8; http://mj12bot.com/)"
5.9.66.153 - - [14/Dec/2020:05:56:40 +0100] "GET /-p-35772.html HTTP/1.0" 200 69192 "-" "Mozilla/5.0 (compatible; MJ12bot/v1.4.8; http://mj12bot.com/)"
69.30.198.242 - - [14/Dec/2020:05:56:41 +0100] "GET /-p-27565.html HTTP/1.0" 200 69192 "-" "Mozilla/5.0 (compatible; MJ12bot/v1.4.8; http://mj12bot.com/)"
5.9.66.153 - - [14/Dec/2020:05:56:42 +0100] "GET /fox-moneybox-p-37435.html HTTP/1.0" 200 69243 "-" "Mozilla/5.0 (compatible; MJ12bot/v1.4.8; http://mj12bot.com/)"
5.9.66.153 - - [14/Dec/2020:05:56:44 +0100] "GET /frankie-stein-figure-p-22565.html HTTP/1.0" 200 71893 "-" "Mozilla/5.0 (compatible; MJ12bot/v1.4.8; http://mj12bot.com/)"
5.9.66.153 - - [14/Dec/2020:05:56:46 +0100] "GET /freegun-bedclothes-220-240-cm-p-28559.html HTTP/1.0" 301 69259 "-" "Mozilla/5.0 (compatible; MJ12bot/v1.4.8; http://mj12bot.com/)"
5.9.66.153 - - [14/Dec/2020:05:56:47 +0100] "GET /-p-28559.html HTTP/1.0" 200 69192 "-" "Mozilla/5.0 (compatible; MJ12bot/v1.4.8; http://mj12bot.com/)"
5.9.66.153 - - [14/Dec/2020:05:56:49 +0100] "GET /freegun-blue-small-towel-p-33326.html HTTP/1.0" 301 69259 "-" "Mozilla/5.0 (compatible; MJ12bot/v1.4.8; http://mj12bot.com/)"
5.9.66.153 - - [14/Dec/2020:05:56:51 +0100] "GET /-p-33326.html HTTP/1.0" 200 69192 "-" "Mozilla/5.0 (compatible; MJ12bot/v1.4.8; http://mj12bot.com/)"
5.9.66.153 - - [14/Dec/2020:05:56:53 +0100] "GET /freegun-steel-watch-for-men-p-35083.html HTTP/1.0" 200 72410 "-" "Mozilla/5.0 (compatible; MJ12bot/v1.4.8; http://mj12bot.com/)"
5.9.66.153 - - [14/Dec/2020:05:56:54 +0100] "GET /french-bulldog-and-chihuahua-mug-p-34850.html HTTP/1.0" 200 71933 "-" "Mozilla/5.0 (compatible; MJ12bot/v1.4.8; http://mj12bot.com/)"
69.30.198.242 - - [14/Dec/2020:05:56:56 +0100] "GET /-p-27651.html HTTP/1.0" 200 69192 "-" "Mozilla/5.0 (compatible; MJ12bot/v1.4.8; http://mj12bot.com/)"
5.9.66.153 - - [14/Dec/2020:05:56:56 +0100] "GET /french-bulldog-little-tray-p-34394.html HTTP/1.0" 301 69259 "-" "Mozilla/5.0 (compatible; MJ12bot/v1.4.8; http://mj12bot.com/)"
5.9.66.153 - - [14/Dec/2020:05:56:58 +0100] "GET /-p-34394.html HTTP/1.0" 200 69192 "-" "Mozilla/5.0 (compatible; MJ12bot/v1.4.8; http://mj12bot.com/)"
5.9.66.153 - - [14/Dec/2020:05:57:00 +0100] "GET /french-kiss-paris-cat-mug-p-39708.html HTTP/1.0" 200 71865 "-" "Mozilla/5.0 (compatible; MJ12bot/v1.4.8; http://mj12bot.com/)"
5.9.66.153 - - [14/Dec/2020:05:57:02 +0100] "GET /frosted-glass-betty-boop-eighteen-p-15440.html HTTP/1.0" 301 69259 "-" "Mozilla/5.0 (compatible; MJ12bot/v1.4.8; http://mj12bot.com/)"
5.9.66.153 - - [14/Dec/2020:05:57:04 +0100] "GET /-p-15440.html HTTP/1.0" 200 69192 "-" "Mozilla/5.0 (compatible; MJ12bot/v1.4.8; http://mj12bot.com/)"
5.9.66.153 - - [14/Dec/2020:05:57:06 +0100] "GET /frosted-glass-betty-boop-quarantine-p-15441.html HTTP/1.0" 200 71693 "-" "Mozilla/5.0 (compatible; MJ12bot/v1.4.8; http://mj12bot.com/)"
69.30.198.242 - - [14/Dec/2020:05:57:06 +0100] "GET /-p-27680.html HTTP/1.0" 200 69192 "-" "Mozilla/5.0 (compatible; MJ12bot/v1.4.8; http://mj12bot.com/)"
5.9.66.153 - - [14/Dec/2020:05:57:07 +0100] "GET /frozen-blue-flat-pocket-p-34135.html HTTP/1.0" 301 69259 "-" "Mozilla/5.0 (compatible; MJ12bot/v1.4.8; http://mj12bot.com/)"
5.9.66.153 - - [14/Dec/2020:05:57:09 +0100] "GET /-p-34135.html HTTP/1.0" 200 69192 "-" "Mozilla/5.0 (compatible; MJ12bot/v1.4.8; http://mj12bot.com/)"
5.9.66.153 - - [14/Dec/2020:05:57:11 +0100] "GET /frozen-blue-vanity-p-34114.html HTTP/1.0" 200 71927 "-" "Mozilla/5.0 (compatible; MJ12bot/v1.4.8; http://mj12bot.com/)"
5.9.66.153 - - [14/Dec/2020:05:57:13 +0100] "GET /frozen-musical-jewelry-box-p-33685.html HTTP/1.0" 200 69286 "-" "Mozilla/5.0 (compatible; MJ12bot/v1.4.8; http://mj12bot.com/)"
54.36.148.76 - - [14/Dec/2020:05:57:14 +0100] "GET /playmobil-helicopter-p-26798.html HTTP/1.0" 301 69259 "-" "Mozilla/5.0 (compatible; AhrefsBot/7.0; +http://ahrefs.com/robot/)"
5.9.66.153 - - [14/Dec/2020:05:57:15 +0100] "GET /frozen-olaf-training-bottle-p-33179.html HTTP/1.0" 200 71934 "-" "Mozilla/5.0 (compatible; MJ12bot/v1.4.8; http://mj12bot.com/)"
69.30.198.242 - - [14/Dec/2020:05:57:16 +0100] "GET /-p-27739.html HTTP/1.0" 200 69192 "-" "Mozilla/5.0 (compatible; MJ12bot/v1.4.8; http://mj12bot.com/)"
5.9.66.153 - - [14/Dec/2020:05:57:17 +0100] "GET /frozen-pink-pencil-case-p-35843.html HTTP/1.0" 200 71894 "-" "Mozilla/5.0 (compatible; MJ12bot/v1.4.8; http://mj12bot.com/)"
5.9.66.153 - - [14/Dec/2020:05:57:19 +0100] "GET /frozen-pink-training-bottle-p-33181.html HTTP/1.0" 200 69318 "-" "Mozilla/5.0 (compatible; MJ12bot/v1.4.8; http://mj12bot.com/)"
207.46.13.48 - - [14/Dec/2020:05:57:21 +0100] "GET /images/big_prod/1318600329995.jpg HTTP/1.0" 200 268 "-" "Mozilla/5.0 (compatible; bingbot/2.0; +http://www.bing.com/bingbot.htm)"
5.9.66.153 - - [14/Dec/2020:05:57:20 +0100] "GET /frozen-poster-p-27257.html HTTP/1.0" 200 69248 "-" "Mozilla/5.0 (compatible; MJ12bot/v1.4.8; http://mj12bot.com/)"
5.9.66.153 - - [14/Dec/2020:05:57:22 +0100] "GET /frozen-poster-p-27258.html HTTP/1.0" 200 69248 "-" "Mozilla/5.0 (compatible; MJ12bot/v1.4.8; http://mj12bot.com/)"
5.9.66.153 - - [14/Dec/2020:05:57:24 +0100] "GET /frozen-storage-stool-p-27531.html HTTP/1.0" 200 69283 "-" "Mozilla/5.0 (compatible; MJ12bot/v1.4.8; http://mj12bot.com/)"
5.9.66.153 - - [14/Dec/2020:05:57:26 +0100] "GET /frozen-triptych-frames-frames-20-20-cm-p-31058.html HTTP/1.0" 301 69259 "-" "Mozilla/5.0 (compatible; MJ12bot/v1.4.8; http://mj12bot.com/)"
5.9.66.153 - - [14/Dec/2020:05:57:27 +0100] "GET /-p-31058.html HTTP/1.0" 200 69192 "-" "Mozilla/5.0 (compatible; MJ12bot/v1.4.8; http://mj12bot.com/)"
5.9.66.153 - - [14/Dec/2020:05:57:29 +0100] "GET /frozen-trolley-p-28811.html HTTP/1.0" 301 69259 "-" "Mozilla/5.0 (compatible; MJ12bot/v1.4.8; http://mj12bot.com/)"
69.30.198.242 - - [14/Dec/2020:05:57:30 +0100] "GET /-p-27741.html HTTP/1.0" 200 69192 "-" "Mozilla/5.0 (compatible; MJ12bot/v1.4.8; http://mj12bot.com/)"
5.9.66.153 - - [14/Dec/2020:05:57:31 +0100] "GET /-p-28811.html HTTP/1.0" 200 69192 "-" "Mozilla/5.0 (compatible; MJ12bot/v1.4.8; http://mj12bot.com/)"
5.9.66.153 - - [14/Dec/2020:05:57:33 +0100] "GET /frozen-weed-toybox-p-32617.html HTTP/1.0" 200 69273 "-" "Mozilla/5.0 (compatible; MJ12bot/v1.4.8; http://mj12bot.com/)"
5.9.66.153 - - [14/Dec/2020:05:57:35 +0100] "GET /funky-dolls-cosmetic-bag-p-18875.html HTTP/1.0" 200 71884 "-" "Mozilla/5.0 (compatible; MJ12bot/v1.4.8; http://mj12bot.com/)"
5.9.66.153 - - [14/Dec/2020:05:57:37 +0100] "GET /funny-little-bugs-pairs-of-socks-size-19-22-p-25326.html HTTP/1.0" 200 71857 "-" "Mozilla/5.0 (compatible; MJ12bot/v1.4.8; http://mj12bot.com/)"
5.9.66.153 - - [14/Dec/2020:05:57:38 +0100] "GET /funny-pets-mug-by-cbkreation-p-43387.html HTTP/1.0" 200 71917 "-" "Mozilla/5.0 (compatible; MJ12bot/v1.4.8; http://mj12bot.com/)"
5.9.66.153 - - [14/Dec/2020:05:57:40 +0100] "GET /furby-pencil-case-p-20237.html HTTP/1.0" 200 72002 "-" "Mozilla/5.0 (compatible; MJ12bot/v1.4.8; http://mj12bot.com/)"
69.30.198.242 - - [14/Dec/2020:05:57:41 +0100] "GET /-p-27748.html HTTP/1.0" 200 69192 "-" "Mozilla/5.0 (compatible; MJ12bot/v1.4.8; http://mj12bot.com/)"
5.9.66.153 - - [14/Dec/2020:05:57:42 +0100] "GET /furnishings-c-13_87.html?page=1 HTTP/1.0" 200 89989 "-" "Mozilla/5.0 (compatible; MJ12bot/v1.4.8; http://mj12bot.com/)"
5.9.66.153 - - [14/Dec/2020:05:57:44 +0100] "GET /futa-om-80-160-cm-p-21858.html HTTP/1.0" 200 69274 "-" "Mozilla/5.0 (compatible; MJ12bot/v1.4.8; http://mj12bot.com/)"
5.9.66.153 - - [14/Dec/2020:05:57:46 +0100] "GET /games-and-toys/jigsaws/barbapapa-musical-puzzle-p-27748.html HTTP/1.0" 301 69259 "-" "Mozilla/5.0 (compatible; MJ12bot/v1.4.8; http://mj12bot.com/)"
5.9.66.153 - - [14/Dec/2020:05:57:47 +0100] "GET /-p-27748.html HTTP/1.0" 200 69192 "-" "Mozilla/5.0 (compatible; MJ12bot/v1.4.8; http://mj12bot.com/)"
114.119.158.196 - - [14/Dec/2020:05:57:48 +0100] "GET /images/mini_prod/8424345293026.jpg HTTP/1.0" 200 269 "-" "Mozilla/5.0 (Linux; Android 7.0;) AppleWebKit/537.36 (KHTML, like Gecko) Mobile Safari/537.36 (compatible; PetalBot;+https://aspiegel.com/petalbot)"
5.9.66.153 - - [14/Dec/2020:05:57:49 +0100] "GET /games-and-toys/jigsaws/despicable-puzzle-pieces-p-27684.html HTTP/1.0" 301 72148 "-" "Mozilla/5.0 (compatible; MJ12bot/v1.4.8; http://mj12bot.com/)"
5.9.66.153 - - [14/Dec/2020:05:57:51 +0100] "GET /despicable-me-puzzle-45-pieces-p-27684.html HTTP/1.0" 200 72051 "-" "Mozilla/5.0 (compatible; MJ12bot/v1.4.8; http://mj12bot.com/)"
5.9.66.153 - - [14/Dec/2020:05:57:53 +0100] "GET /games-and-toys/jigsaws/despicable-puzzle-pieces-p-27685.html HTTP/1.0" 301 69399 "-" "Mozilla/5.0 (compatible; MJ12bot/v1.4.8; http://mj12bot.com/)"
5.9.66.153 - - [14/Dec/2020:05:57:55 +0100] "GET /despicable-me-puzzle-45-pieces-p-27685.html HTTP/1.0" 200 69302 "-" "Mozilla/5.0 (compatible; MJ12bot/v1.4.8; http://mj12bot.com/)"
69.30.198.242 - - [14/Dec/2020:05:57:55 +0100] "GET /-p-27763.html HTTP/1.0" 200 69192 "-" "Mozilla/5.0 (compatible; MJ12bot/v1.4.8; http://mj12bot.com/)"
13.66.139.79 - - [14/Dec/2020:05:57:56 +0100] "GET /images/big_prod_1/b5051276225647.jpg HTTP/1.0" 200 271 "-" "Mozilla/5.0 (compatible; bingbot/2.0; +http://www.bing.com/bingbot.htm)"
5.9.66.153 - - [14/Dec/2020:05:57:56 +0100] "GET /games-and-toys/jigsaws/fireman-sam-pieces-puzzle-p-27680.html HTTP/1.0" 301 69259 "-" "Mozilla/5.0 (compatible; MJ12bot/v1.4.8; http://mj12bot.com/)"
5.9.66.153 - - [14/Dec/2020:05:57:58 +0100] "GET /-p-27680.html HTTP/1.0" 200 69192 "-" "Mozilla/5.0 (compatible; MJ12bot/v1.4.8; http://mj12bot.com/)"
5.9.66.153 - - [14/Dec/2020:05:58:00 +0100] "GET /games-and-toys/jigsaws/london-puzzles-nathalie-lete-p-27751.html HTTP/1.0" 301 72251 "-" "Mozilla/5.0 (compatible; MJ12bot/v1.4.8; http://mj12bot.com/)"
5.9.66.153 - - [14/Dec/2020:05:58:02 +0100] "GET /london-puzzles-by-nathalie-lete-p-27751.html HTTP/1.0" 200 72153 "-" "Mozilla/5.0 (compatible; MJ12bot/v1.4.8; http://mj12bot.com/)"
5.9.66.153 - - [14/Dec/2020:05:58:04 +0100] "GET /games-and-toys/jigsaws/new-york-puzzles-nathalie-lete-p-27750.html HTTP/1.0" 301 69380 "-" "Mozilla/5.0 (compatible; MJ12bot/v1.4.8; http://mj12bot.com/)"
5.9.66.153 - - [14/Dec/2020:05:58:06 +0100] "GET /new-york-puzzles-by-nathalie-lete-p-27750.html HTTP/1.0" 200 69280 "-" "Mozilla/5.0 (compatible; MJ12bot/v1.4.8; http://mj12bot.com/)"
5.9.66.153 - - [14/Dec/2020:05:58:08 +0100] "GET /games-and-toys/jigsaws/spiderman-100-pieces-puzzle-p-27695.html HTTP/1.0" 301 69259 "-" "Mozilla/5.0 (compatible; MJ12bot/v1.4.8; http://mj12bot.com/)"
69.30.198.242 - - [14/Dec/2020:05:58:08 +0100] "GET /-p-27805.html HTTP/1.0" 200 69192 "-" "Mozilla/5.0 (compatible; MJ12bot/v1.4.8; http://mj12bot.com/)"
5.9.66.153 - - [14/Dec/2020:05:58:09 +0100] "GET /-p-27695.html HTTP/1.0" 200 69192 "-" "Mozilla/5.0 (compatible; MJ12bot/v1.4.8; http://mj12bot.com/)"
5.9.66.153 - - [14/Dec/2020:05:58:11 +0100] "GET /games-and-toys/jigsaws/transformers-100-pieces-puzzle-p-27701.html HTTP/1.0" 301 69259 "-" "Mozilla/5.0 (compatible; MJ12bot/v1.4.8; http://mj12bot.com/)"
5.9.66.153 - - [14/Dec/2020:05:58:13 +0100] "GET /-p-27701.html HTTP/1.0" 200 69192 "-" "Mozilla/5.0 (compatible; MJ12bot/v1.4.8; http://mj12bot.com/)"
5.9.66.153 - - [14/Dec/2020:05:58:14 +0100] "GET /games-and-toys/soft-toys-security-blanket/gund-boo-reindeer-plush-p-27739.html HTTP/1.0" 301 69259 "-" "Mozilla/5.0 (compatible; MJ12bot/v1.4.8; http://mj12bot.com/)"
5.9.66.153 - - [14/Dec/2020:05:58:16 +0100] "GET /-p-27739.html HTTP/1.0" 200 69192 "-" "Mozilla/5.0 (compatible; MJ12bot/v1.4.8; http://mj12bot.com/)"
5.9.66.153 - - [14/Dec/2020:05:58:18 +0100] "GET /games-and-toys/soft-toys-security-blanket/gund-first-teddy-bear-beige-p-27741.html HTTP/1.0" 301 69259 "-" "Mozilla/5.0 (compatible; MJ12bot/v1.4.8; http://mj12bot.com/)"
5.9.66.153 - - [14/Dec/2020:05:58:20 +0100] "GET /-p-27741.html HTTP/1.0" 200 69192 "-" "Mozilla/5.0 (compatible; MJ12bot/v1.4.8; http://mj12bot.com/)"
5.9.66.153 - - [14/Dec/2020:05:58:21 +0100] "GET /games-and-toys/toys/boba-fett-figure-p-27763.html HTTP/1.0" 301 69259 "-" "Mozilla/5.0 (compatible; MJ12bot/v1.4.8; http://mj12bot.com/)"
69.30.198.242 - - [14/Dec/2020:05:58:23 +0100] "GET /-p-27825.html HTTP/1.0" 200 69192 "-" "Mozilla/5.0 (compatible; MJ12bot/v1.4.8; http://mj12bot.com/)"
5.9.66.153 - - [14/Dec/2020:05:58:23 +0100] "GET /-p-27763.html HTTP/1.0" 200 69192 "-" "Mozilla/5.0 (compatible; MJ12bot/v1.4.8; http://mj12bot.com/)"
5.9.66.153 - - [14/Dec/2020:05:58:26 +0100] "GET /games-and-toys/toys/doh-vinci-photo-tour-p-27709.html HTTP/1.0" 301 72397 "-" "Mozilla/5.0 (compatible; MJ12bot/v1.4.8; http://mj12bot.com/)"
5.9.66.153 - - [14/Dec/2020:05:58:28 +0100] "GET /doh-vinci-photo-tour-p-27709.html HTTP/1.0" 200 72310 "-" "Mozilla/5.0 (compatible; MJ12bot/v1.4.8; http://mj12bot.com/)"
5.9.66.153 - - [14/Dec/2020:05:58:30 +0100] "GET /games-and-toys/toys/grendizer-figure-p-27767.html HTTP/1.0" 301 69346 "-" "Mozilla/5.0 (compatible; MJ12bot/v1.4.8; http://mj12bot.com/)"
5.9.66.153 - - [14/Dec/2020:05:58:31 +0100] "GET /grendizer-figure-p-27767.html HTTP/1.0" 200 69263 "-" "Mozilla/5.0 (compatible; MJ12bot/v1.4.8; http://mj12bot.com/)"
5.9.66.153 - - [14/Dec/2020:05:58:33 +0100] "GET /games-and-toys/toys/marsupilami-bath-toys-set-n%C3%82%C2%B01-p-7303.html HTTP/1.0" 301 72085 "-" "Mozilla/5.0 (compatible; MJ12bot/v1.4.8; http://mj12bot.com/)"
54.36.148.83 - - [14/Dec/2020:05:58:34 +0100] "GET /candy-cloud-notepad-daisy-p-49836.html HTTP/1.0" 200 71877 "-" "Mozilla/5.0 (compatible; AhrefsBot/7.0; +http://ahrefs.com/robot/)"
5.9.66.153 - - [14/Dec/2020:05:58:35 +0100] "GET /marsupilami-bath-toys-p-7303.html HTTP/1.0" 200 71998 "-" "Mozilla/5.0 (compatible; MJ12bot/v1.4.8; http://mj12bot.com/)"
5.9.66.153 - - [14/Dec/2020:05:58:37 +0100] "GET /games-and-toys/toys/marsupilami-bath-toys-set-n%C3%82%C2%B02-p-7299.html HTTP/1.0" 301 69373 "-" "Mozilla/5.0 (compatible; MJ12bot/v1.4.8; http://mj12bot.com/)"
5.9.66.153 - - [14/Dec/2020:05:58:39 +0100] "GET /marsupilami-bath-toys-p-7299.html HTTP/1.0" 200 69286 "-" "Mozilla/5.0 (compatible; MJ12bot/v1.4.8; http://mj12bot.com/)"
69.30.198.242 - - [14/Dec/2020:05:58:40 +0100] "GET /-p-27826.html HTTP/1.0" 200 69192 "-" "Mozilla/5.0 (compatible; MJ12bot/v1.4.8; http://mj12bot.com/)"
5.9.66.153 - - [14/Dec/2020:05:58:42 +0100] "GET /games-and-toys/toys/max-and-jojo-max-the-pig-vehicle-friction-p-21901.html HTTP/1.0" 301 69496 "-" "Mozilla/5.0 (compatible; MJ12bot/v1.4.8; http://mj12bot.com/)"
5.9.66.153 - - [14/Dec/2020:05:58:44 +0100] "GET /max-and-jojo-max-the-pig-vehicle-friction-p-21901.html HTTP/1.0" 200 69388 "-" "Mozilla/5.0 (compatible; MJ12bot/v1.4.8; http://mj12bot.com/)"
5.9.66.153 - - [14/Dec/2020:05:58:47 +0100] "GET /games-and-toys/toys/micky-miniature-vehicle-p-27987.html HTTP/1.0" 301 69259 "-" "Mozilla/5.0 (compatible; MJ12bot/v1.4.8; http://mj12bot.com/)"
5.9.66.153 - - [14/Dec/2020:05:58:52 +0100] "GET /-p-27987.html HTTP/1.0" 200 69192 "-" "Mozilla/5.0 (compatible; MJ12bot/v1.4.8; http://mj12bot.com/)"
5.9.66.153 - - [14/Dec/2020:05:58:54 +0100] "GET /games-and-toys/toys/mini-cooper-union-jack-figurine-p-28503.html HTTP/1.0" 301 72091 "-" "Mozilla/5.0 (compatible; MJ12bot/v1.4.8; http://mj12bot.com/)"
69.30.198.242 - - [14/Dec/2020:05:58:55 +0100] "GET /-p-27874.html HTTP/1.0" 200 69192 "-" "Mozilla/5.0 (compatible; MJ12bot/v1.4.8; http://mj12bot.com/)"
5.9.66.153 - - [14/Dec/2020:05:58:57 +0100] "GET /mini-cooper-union-jack-figurine-p-28503.html HTTP/1.0" 200 71993 "-" "Mozilla/5.0 (compatible; MJ12bot/v1.4.8; http://mj12bot.com/)"
5.9.66.153 - - [14/Dec/2020:05:59:00 +0100] "GET /games-and-toys/toys/mini-cooper-union-jack-figurine-p-28504.html HTTP/1.0" 301 72097 "-" "Mozilla/5.0 (compatible; MJ12bot/v1.4.8; http://mj12bot.com/)"
5.9.66.153 - - [14/Dec/2020:05:59:02 +0100] "GET /mini-cooper-union-jack-figurine-p-28504.html HTTP/1.0" 200 71999 "-" "Mozilla/5.0 (compatible; MJ12bot/v1.4.8; http://mj12bot.com/)"
5.9.66.153 - - [14/Dec/2020:05:59:04 +0100] "GET /games-and-toys/toys/mini-established-tool-set-barbapapa-p-17766.html HTTP/1.0" 301 69259 "-" "Mozilla/5.0 (compatible; MJ12bot/v1.4.8; http://mj12bot.com/)"
5.9.66.153 - - [14/Dec/2020:05:59:06 +0100] "GET /-p-17766.html HTTP/1.0" 200 69192 "-" "Mozilla/5.0 (compatible; MJ12bot/v1.4.8; http://mj12bot.com/)"
5.9.66.153 - - [14/Dec/2020:05:59:07 +0100] "GET /games-and-toys/toys/mini-miniature-vehicle-p-27999.html HTTP/1.0" 301 69259 "-" "Mozilla/5.0 (compatible; MJ12bot/v1.4.8; http://mj12bot.com/)"
5.9.66.153 - - [14/Dec/2020:05:59:09 +0100] "GET /-p-27999.html HTTP/1.0" 200 69192 "-" "Mozilla/5.0 (compatible; MJ12bot/v1.4.8; http://mj12bot.com/)"
5.9.66.153 - - [14/Dec/2020:05:59:12 +0100] "GET /games-and-toys/toys/minnie-mouse-swimming-armband-p-19979.html HTTP/1.0" 301 72023 "-" "Mozilla/5.0 (compatible; MJ12bot/v1.4.8; http://mj12bot.com/)"
5.9.66.153 - - [14/Dec/2020:05:59:13 +0100] "GET /minnie-mouse-swimming-armband-p-19979.html HTTP/1.0" 200 71927 "-" "Mozilla/5.0 (compatible; MJ12bot/v1.4.8; http://mj12bot.com/)"
5.9.66.153 - - [14/Dec/2020:05:59:15 +0100] "GET /games-and-toys/toys/nemo-swimming-armband-p-19977.html HTTP/1.0" 301 69259 "-" "Mozilla/5.0 (compatible; MJ12bot/v1.4.8; http://mj12bot.com/)"
5.9.66.153 - - [14/Dec/2020:05:59:17 +0100] "GET /-p-19977.html HTTP/1.0" 200 69192 "-" "Mozilla/5.0 (compatible; MJ12bot/v1.4.8; http://mj12bot.com/)"
5.9.66.153 - - [14/Dec/2020:05:59:19 +0100] "GET /games-and-toys/toys/nerf-supersoaker-shotwave-p-20337.html HTTP/1.0" 301 69259 "-" "Mozilla/5.0 (compatible; MJ12bot/v1.4.8; http://mj12bot.com/)"
5.9.66.153 - - [14/Dec/2020:05:59:21 +0100] "GET /-p-20337.html HTTP/1.0" 200 69192 "-" "Mozilla/5.0 (compatible; MJ12bot/v1.4.8; http://mj12bot.com/)"
5.9.66.153 - - [14/Dec/2020:05:59:23 +0100] "GET /games-and-toys/toys/ninja-accessories-p-27846.html HTTP/1.0" 301 69352 "-" "Mozilla/5.0 (compatible; MJ12bot/v1.4.8; http://mj12bot.com/)"
5.9.66.153 - - [14/Dec/2020:05:59:25 +0100] "GET /ninja-accessories-p-27846.html HTTP/1.0" 200 69268 "-" "Mozilla/5.0 (compatible; MJ12bot/v1.4.8; http://mj12bot.com/)"
5.9.66.153 - - [14/Dec/2020:05:59:26 +0100] "GET /games-and-toys/toys/noddy-wooden-yoyo-p-6658.html HTTP/1.0" 301 69256 "-" "Mozilla/5.0 (compatible; MJ12bot/v1.4.8; http://mj12bot.com/)"
5.9.66.153 - - [14/Dec/2020:05:59:28 +0100] "GET /-p-6658.html HTTP/1.0" 200 69190 "-" "Mozilla/5.0 (compatible; MJ12bot/v1.4.8; http://mj12bot.com/)"
5.9.66.153 - - [14/Dec/2020:05:59:30 +0100] "GET /games-and-toys/toys/package-cards-pokemon-etincelles-p-27874.html HTTP/1.0" 301 69259 "-" "Mozilla/5.0 (compatible; MJ12bot/v1.4.8; http://mj12bot.com/)"
5.9.66.153 - - [14/Dec/2020:05:59:32 +0100] "GET /-p-27874.html HTTP/1.0" 200 69192 "-" "Mozilla/5.0 (compatible; MJ12bot/v1.4.8; http://mj12bot.com/)"
5.9.66.153 - - [14/Dec/2020:05:59:34 +0100] "GET /games-and-toys/toys/package-cards-pokemon-poings-furieux-p-27875.html HTTP/1.0" 301 69259 "-" "Mozilla/5.0 (compatible; MJ12bot/v1.4.8; http://mj12bot.com/)"
5.9.66.153 - - [14/Dec/2020:05:59:36 +0100] "GET /-p-27875.html HTTP/1.0" 200 69192 "-" "Mozilla/5.0 (compatible; MJ12bot/v1.4.8; http://mj12bot.com/)"
5.9.66.153 - - [14/Dec/2020:05:59:37 +0100] "GET /games-and-toys/toys/peter-quill-gardians-the-galaxy-figure-p-27713.html HTTP/1.0" 301 69259 "-" "Mozilla/5.0 (compatible; MJ12bot/v1.4.8; http://mj12bot.com/)"
5.9.66.153 - - [14/Dec/2020:05:59:39 +0100] "GET /-p-27713.html HTTP/1.0" 200 69192 "-" "Mozilla/5.0 (compatible; MJ12bot/v1.4.8; http://mj12bot.com/)"
5.9.66.153 - - [14/Dec/2020:05:59:41 +0100] "GET /games-and-toys/toys/playmobil-astronaut-p-21360.html HTTP/1.0" 301 69259 "-" "Mozilla/5.0 (compatible; MJ12bot/v1.4.8; http://mj12bot.com/)"
5.9.66.153 - - [14/Dec/2020:05:59:43 +0100] "GET /-p-21360.html HTTP/1.0" 200 69192 "-" "Mozilla/5.0 (compatible; MJ12bot/v1.4.8; http://mj12bot.com/)"
5.9.66.153 - - [14/Dec/2020:05:59:45 +0100] "GET /games-and-toys/toys/playmobil-child-with-pony-p-27826.html HTTP/1.0" 301 69259 "-" "Mozilla/5.0 (compatible; MJ12bot/v1.4.8; http://mj12bot.com/)"
13.66.139.79 - - [14/Dec/2020:05:59:46 +0100] "GET /images/8003990623886BB.jpg HTTP/1.0" 200 261 "-" "Mozilla/5.0 (compatible; bingbot/2.0; +http://www.bing.com/bingbot.htm)"
5.9.66.153 - - [14/Dec/2020:05:59:46 +0100] "GET /-p-27826.html HTTP/1.0" 200 69192 "-" "Mozilla/5.0 (compatible; MJ12bot/v1.4.8; http://mj12bot.com/)"
5.9.66.153 - - [14/Dec/2020:05:59:48 +0100] "GET /games-and-toys/toys/playmobil-fire-truck-p-22698.html HTTP/1.0" 301 69259 "-" "Mozilla/5.0 (compatible; MJ12bot/v1.4.8; http://mj12bot.com/)"
5.9.66.153 - - [14/Dec/2020:05:59:50 +0100] "GET /-p-22698.html HTTP/1.0" 200 69192 "-" "Mozilla/5.0 (compatible; MJ12bot/v1.4.8; http://mj12bot.com/)"
5.9.66.153 - - [14/Dec/2020:05:59:52 +0100] "GET /games-and-toys/toys/playmobil-mother-with-her-baby-p-21342.html HTTP/1.0" 301 69259 "-" "Mozilla/5.0 (compatible; MJ12bot/v1.4.8; http://mj12bot.com/)"
5.9.66.153 - - [14/Dec/2020:05:59:54 +0100] "GET /-p-21342.html HTTP/1.0" 200 69192 "-" "Mozilla/5.0 (compatible; MJ12bot/v1.4.8; http://mj12bot.com/)"
5.9.66.153 - - [14/Dec/2020:05:59:56 +0100] "GET /games-and-toys/toys/playmobil-pirates-gunner-p-27825.html HTTP/1.0" 301 69259 "-" "Mozilla/5.0 (compatible; MJ12bot/v1.4.8; http://mj12bot.com/)"
5.9.66.153 - - [14/Dec/2020:05:59:57 +0100] "GET /-p-27825.html HTTP/1.0" 200 69192 "-" "Mozilla/5.0 (compatible; MJ12bot/v1.4.8; http://mj12bot.com/)"
5.9.66.153 - - [14/Dec/2020:05:59:59 +0100] "GET /games-and-toys/toys/robocar-poli-amber-mini-vehicle-p-17882.html HTTP/1.0" 301 69259 "-" "Mozilla/5.0 (compatible; MJ12bot/v1.4.8; http://mj12bot.com/)"
5.9.66.153 - - [14/Dec/2020:06:00:01 +0100] "GET /-p-17882.html HTTP/1.0" 200 69192 "-" "Mozilla/5.0 (compatible; MJ12bot/v1.4.8; http://mj12bot.com/)"
5.9.66.153 - - [14/Dec/2020:06:00:03 +0100] "GET /games-and-toys/toys/robocar-poli-cleani-mini-vehicle-p-17877.html HTTP/1.0" 301 69259 "-" "Mozilla/5.0 (compatible; MJ12bot/v1.4.8; http://mj12bot.com/)"
5.9.66.153 - - [14/Dec/2020:06:00:06 +0100] "GET /-p-17877.html HTTP/1.0" 200 69192 "-" "Mozilla/5.0 (compatible; MJ12bot/v1.4.8; http://mj12bot.com/)"
54.36.149.63 - - [14/Dec/2020:06:01:29 +0100] "GET /red-hawk-passeport-set-p-22671.html HTTP/1.0" 200 71914 "-" "Mozilla/5.0 (compatible; AhrefsBot/7.0; +http://ahrefs.com/robot/)"
13.66.139.26 - - [14/Dec/2020:06:01:38 +0100] "GET / HTTP/1.0" 200 149564 "-" "Mozilla/5.0 (compatible; bingbot/2.0; +http://www.bing.com/bingbot.htm)"
13.66.139.79 - - [14/Dec/2020:06:02:06 +0100] "GET /images/big_prod_1/3453131145022N.jpg HTTP/1.0" 200 271 "-" "Mozilla/5.0 (compatible; bingbot/2.0; +http://www.bing.com/bingbot.htm)"
114.119.147.45 - - [14/Dec/2020:06:02:10 +0100] "GET /images/100_4189.jpg HTTP/1.0" 200 254 "-" "Mozilla/5.0 (Linux; Android 7.0;) AppleWebKit/537.36 (KHTML, like Gecko) Mobile Safari/537.36 (compatible; PetalBot;+https://aspiegel.com/petalbot)"
5.9.66.153 - - [14/Dec/2020:06:02:47 +0100] "GET /games-and-toys/toys/robocar-poli-moustache-mini-vehicle-p-18347.html HTTP/1.0" 301 69259 "-" "Mozilla/5.0 (compatible; MJ12bot/v1.4.8; http://mj12bot.com/)"
5.9.66.153 - - [14/Dec/2020:06:02:49 +0100] "GET /-p-18347.html HTTP/1.0" 200 69192 "-" "Mozilla/5.0 (compatible; MJ12bot/v1.4.8; http://mj12bot.com/)"
5.9.66.153 - - [14/Dec/2020:06:02:50 +0100] "GET /games-and-toys/toys/robocar-poli-pelto-mini-vehicle-p-18343.html HTTP/1.0" 301 69259 "-" "Mozilla/5.0 (compatible; MJ12bot/v1.4.8; http://mj12bot.com/)"
5.9.66.153 - - [14/Dec/2020:06:02:52 +0100] "GET /-p-18343.html HTTP/1.0" 200 69192 "-" "Mozilla/5.0 (compatible; MJ12bot/v1.4.8; http://mj12bot.com/)"
5.9.66.153 - - [14/Dec/2020:06:02:54 +0100] "GET /games-and-toys/toys/robocar-poli-poli-mini-vehicle-p-17884.html HTTP/1.0" 301 69259 "-" "Mozilla/5.0 (compatible; MJ12bot/v1.4.8; http://mj12bot.com/)"
5.9.66.153 - - [14/Dec/2020:06:02:56 +0100] "GET /-p-17884.html HTTP/1.0" 200 69192 "-" "Mozilla/5.0 (compatible; MJ12bot/v1.4.8; http://mj12bot.com/)"
5.9.66.153 - - [14/Dec/2020:06:02:57 +0100] "GET /games-and-toys/toys/robocar-poli-poli-radio-control-and-convertible-vehicle-p-17888.html HTTP/1.0" 301 69259 "-" "Mozilla/5.0 (compatible; MJ12bot/v1.4.8; http://mj12bot.com/)"
5.9.66.153 - - [14/Dec/2020:06:02:59 +0100] "GET /-p-17888.html HTTP/1.0" 200 69192 "-" "Mozilla/5.0 (compatible; MJ12bot/v1.4.8; http://mj12bot.com/)"
5.9.66.153 - - [14/Dec/2020:06:03:01 +0100] "GET /games-and-toys/toys/robocar-poli-posty-mini-vehicle-p-18346.html HTTP/1.0" 301 69259 "-" "Mozilla/5.0 (compatible; MJ12bot/v1.4.8; http://mj12bot.com/)"
5.9.66.153 - - [14/Dec/2020:06:03:03 +0100] "GET /-p-18346.html HTTP/1.0" 200 69192 "-" "Mozilla/5.0 (compatible; MJ12bot/v1.4.8; http://mj12bot.com/)"
5.9.66.153 - - [14/Dec/2020:06:03:04 +0100] "GET /games-and-toys/toys/robocar-poli-roy-mini-vehicle-p-17880.html HTTP/1.0" 301 69259 "-" "Mozilla/5.0 (compatible; MJ12bot/v1.4.8; http://mj12bot.com/)"
5.9.66.153 - - [14/Dec/2020:06:03:06 +0100] "GET /-p-17880.html HTTP/1.0" 200 69192 "-" "Mozilla/5.0 (compatible; MJ12bot/v1.4.8; http://mj12bot.com/)"
5.9.66.153 - - [14/Dec/2020:06:03:08 +0100] "GET /games-and-toys/toys/rocket-roccoon-gardians-the-galaxy-figure-p-27717.html HTTP/1.0" 301 69259 "-" "Mozilla/5.0 (compatible; MJ12bot/v1.4.8; http://mj12bot.com/)"
5.9.66.153 - - [14/Dec/2020:06:03:10 +0100] "GET /-p-27717.html HTTP/1.0" 200 69192 "-" "Mozilla/5.0 (compatible; MJ12bot/v1.4.8; http://mj12bot.com/)"
5.9.66.153 - - [14/Dec/2020:06:03:11 +0100] "GET /games-and-toys/toys/sam-fireman-and-nicolas-figurine-p-18383.html HTTP/1.0" 301 69259 "-" "Mozilla/5.0 (compatible; MJ12bot/v1.4.8; http://mj12bot.com/)"
5.9.66.153 - - [14/Dec/2020:06:03:13 +0100] "GET /-p-18383.html HTTP/1.0" 200 69192 "-" "Mozilla/5.0 (compatible; MJ12bot/v1.4.8; http://mj12bot.com/)"
5.9.66.153 - - [14/Dec/2020:06:03:15 +0100] "GET /games-and-toys/toys/sarah-kay-cooker-wood-p-2838.html HTTP/1.0" 301 69256 "-" "Mozilla/5.0 (compatible; MJ12bot/v1.4.8; http://mj12bot.com/)"
5.9.66.153 - - [14/Dec/2020:06:03:16 +0100] "GET /-p-2838.html HTTP/1.0" 200 69190 "-" "Mozilla/5.0 (compatible; MJ12bot/v1.4.8; http://mj12bot.com/)"
13.66.139.79 - - [14/Dec/2020:06:03:17 +0100] "GET /images/1300010237342.jpg HTTP/1.0" 200 259 "-" "Mozilla/5.0 (compatible; bingbot/2.0; +http://www.bing.com/bingbot.htm)"
5.9.66.153 - - [14/Dec/2020:06:03:18 +0100] "GET /games-and-toys/toys/set-activity-baby-bag-mom-lelly-p-17725.html HTTP/1.0" 301 69259 "-" "Mozilla/5.0 (compatible; MJ12bot/v1.4.8; http://mj12bot.com/)"
5.9.66.153 - - [14/Dec/2020:06:03:20 +0100] "GET /-p-17725.html HTTP/1.0" 200 69192 "-" "Mozilla/5.0 (compatible; MJ12bot/v1.4.8; http://mj12bot.com/)"
5.9.66.153 - - [14/Dec/2020:06:03:21 +0100] "GET /games-and-toys/toys/set-gardening-for-children-faro-p-17809.html HTTP/1.0" 301 69259 "-" "Mozilla/5.0 (compatible; MJ12bot/v1.4.8; http://mj12bot.com/)"
5.9.66.153 - - [14/Dec/2020:06:03:23 +0100] "GET /-p-17809.html HTTP/1.0" 200 69192 "-" "Mozilla/5.0 (compatible; MJ12bot/v1.4.8; http://mj12bot.com/)"
5.9.66.153 - - [14/Dec/2020:06:03:25 +0100] "GET /games-and-toys/toys/spiderman-bike-helmet-p-8329.html HTTP/1.0" 301 69256 "-" "Mozilla/5.0 (compatible; MJ12bot/v1.4.8; http://mj12bot.com/)"
5.9.66.153 - - [14/Dec/2020:06:03:27 +0100] "GET /-p-8329.html HTTP/1.0" 200 69190 "-" "Mozilla/5.0 (compatible; MJ12bot/v1.4.8; http://mj12bot.com/)"
5.9.66.153 - - [14/Dec/2020:06:03:29 +0100] "GET /games-and-toys/toys/spiderman-strike-vehicle-p-24865.html HTTP/1.0" 301 69259 "-" "Mozilla/5.0 (compatible; MJ12bot/v1.4.8; http://mj12bot.com/)"
5.9.66.153 - - [14/Dec/2020:06:03:30 +0100] "GET /-p-24865.html HTTP/1.0" 200 69192 "-" "Mozilla/5.0 (compatible; MJ12bot/v1.4.8; http://mj12bot.com/)"
5.9.66.153 - - [14/Dec/2020:06:03:33 +0100] "GET /games-and-toys/toys/spiderman-swim-vest-p-14350.html HTTP/1.0" 301 69364 "-" "Mozilla/5.0 (compatible; MJ12bot/v1.4.8; http://mj12bot.com/)"
5.9.66.153 - - [14/Dec/2020:06:03:35 +0100] "GET /spiderman-swim-vest-p-14350.html HTTP/1.0" 200 69278 "-" "Mozilla/5.0 (compatible; MJ12bot/v1.4.8; http://mj12bot.com/)"
5.9.66.153 - - [14/Dec/2020:06:03:37 +0100] "GET /games-and-toys/toys/spongebob-marbles-p-4966.html HTTP/1.0" 301 69256 "-" "Mozilla/5.0 (compatible; MJ12bot/v1.4.8; http://mj12bot.com/)"
5.9.66.153 - - [14/Dec/2020:06:03:39 +0100] "GET /-p-4966.html HTTP/1.0" 200 69190 "-" "Mozilla/5.0 (compatible; MJ12bot/v1.4.8; http://mj12bot.com/)"
