114.119.145.117 - - [14/Dec/2020:11:59:56 +0100] "GET /images/mini_prod/5051276388113.jpg HTTP/1.0" 200 269 "-" "Mozilla/5.0 (Linux; Android 7.0;) AppleWebKit/537.36 (KHTML, like Gecko) Mobile Safari/537.36 (compatible; PetalBot;+https://aspiegel.com/petalbot)"
207.46.13.175 - - [14/Dec/2020:12:00:23 +0100] "GET /images/med_prod/8435306281037.jpg HTTP/1.0" 200 268 "-" "Mozilla/5.0 (compatible; bingbot/2.0; +http://www.bing.com/bingbot.htm)"
54.36.148.83 - - [14/Dec/2020:12:01:55 +0100] "GET /small-brass-bell-p-46616.html HTTP/1.0" 200 71806 "-" "Mozilla/5.0 (compatible; AhrefsBot/7.0; +http://ahrefs.com/robot/)"
207.46.13.152 - - [14/Dec/2020:12:01:58 +0100] "GET /-p-17239.html HTTP/1.0" 200 69192 "-" "Mozilla/5.0 (compatible; bingbot/2.0; +http://www.bing.com/bingbot.htm)"
207.46.13.191 - - [14/Dec/2020:12:02:41 +0100] "GET /cat-beauty-nail-kit-p-34824.html HTTP/1.0" 200 71902 "-" "Mozilla/5.0 (compatible; bingbot/2.0; +http://www.bing.com/bingbot.htm)"
114.119.151.113 - - [14/Dec/2020:12:04:13 +0100] "GET /images/big_prod_2/8424346352968C.jpg HTTP/1.0" 200 271 "-" "Mozilla/5.0 (Linux; Android 7.0;) AppleWebKit/537.36 (KHTML, like Gecko) Mobile Safari/537.36 (compatible; PetalBot;+https://aspiegel.com/petalbot)"
54.36.148.83 - - [14/Dec/2020:12:04:24 +0100] "GET /espresso-set-eccentric-dog-p-39754.html HTTP/1.0" 200 71971 "-" "Mozilla/5.0 (compatible; AhrefsBot/7.0; +http://ahrefs.com/robot/)"
54.36.149.91 - - [14/Dec/2020:12:04:26 +0100] "GET /mustache-and-bowler-hat-bowtie-mug-p-21402.html HTTP/1.0" 301 69259 "-" "Mozilla/5.0 (compatible; AhrefsBot/7.0; +http://ahrefs.com/robot/)"
13.66.139.26 - - [14/Dec/2020:12:04:54 +0100] "GET /images/big_prod/1341689379131.jpg HTTP/1.0" 200 268 "-" "Mozilla/5.0 (compatible; bingbot/2.0; +http://www.bing.com/bingbot.htm)"
13.66.139.65 - - [14/Dec/2020:12:06:34 +0100] "GET /-p-11992.html HTTP/1.0" 200 69192 "-" "Mozilla/5.0 (compatible; bingbot/2.0; +http://www.bing.com/bingbot.htm)"
54.36.148.55 - - [14/Dec/2020:12:06:58 +0100] "GET /star-wars-blue-training-bottle-p-29945.html HTTP/1.0" 200 71983 "-" "Mozilla/5.0 (compatible; AhrefsBot/7.0; +http://ahrefs.com/robot/)"
54.36.148.200 - - [14/Dec/2020:12:07:05 +0100] "GET /teo-jasmin-companion-portfolio-p-29420.html HTTP/1.0" 301 69466 "-" "Mozilla/5.0 (compatible; AhrefsBot/7.0; +http://ahrefs.com/robot/)"
114.119.151.113 - - [14/Dec/2020:12:08:35 +0100] "GET /the-little-prince-eyeglass-case-p-45822.html HTTP/1.0" 200 71941 "-" "Mozilla/5.0 (Linux; Android 7.0;) AppleWebKit/537.36 (KHTML, like Gecko) Mobile Safari/537.36 (compatible; PetalBot;+https://aspiegel.com/petalbot)"
51.68.224.127 - - [14/Dec/2020:12:09:07 +0100] "GET /adminweb/export_orders_xml.php?token=256de2z6edz6ed2z6DFSFsed2zed6zeDSFDSGdzedezfzf&maxorders=10&orderstart=1&status=14&start_date=2018-10-01 HTTP/1.0" 200 285 "-" "GesCom CharlotteBoutik Serveur"
51.68.224.127 - - [14/Dec/2020:12:09:07 +0100] "GET /adminweb/export_orders_xml.php?token=256de2z6edz6ed2z6DFSFsed2zed6zeDSFDSGdzedezfzf&maxorders=10&orderstart=1&status=6&start_date=2018-10-01 HTTP/1.0" 200 30026 "-" "GesCom CharlotteBoutik Serveur"
13.66.139.26 - - [14/Dec/2020:12:09:24 +0100] "GET /-p-31848.html HTTP/1.0" 200 69192 "-" "Mozilla/5.0 (compatible; bingbot/2.0; +http://www.bing.com/bingbot.htm)"
54.36.148.83 - - [14/Dec/2020:12:09:35 +0100] "GET /cow-ceramic-pie-dish-p-45516.html HTTP/1.0" 200 71796 "-" "Mozilla/5.0 (compatible; AhrefsBot/7.0; +http://ahrefs.com/robot/)"
13.66.139.26 - - [14/Dec/2020:12:10:14 +0100] "GET /-p-16762.html HTTP/1.0" 200 69192 "-" "Mozilla/5.0 (compatible; bingbot/2.0; +http://www.bing.com/bingbot.htm)"
77.75.79.36 - - [14/Dec/2020:12:10:21 +0100] "GET /robots.txt HTTP/1.0" 200 245 "-" "Mozilla/5.0 (compatible; SeznamBot/3.2; +http://napoveda.seznam.cz/en/seznambot-intro/)"
77.75.79.36 - - [14/Dec/2020:12:10:21 +0100] "GET /gorjuss-trinket-tin-box-the-hatter-p-49469.html HTTP/1.0" 200 72983 "-" "Mozilla/5.0 (compatible; SeznamBot/3.2; +http://napoveda.seznam.cz/en/seznambot-intro/)"
54.36.148.46 - - [14/Dec/2020:12:12:04 +0100] "GET /bagshandbags-shoulder-bags-c-31_81.html?page=12 HTTP/1.0" 200 94653 "-" "Mozilla/5.0 (compatible; AhrefsBot/7.0; +http://ahrefs.com/robot/)"
114.119.150.15 - - [14/Dec/2020:12:12:57 +0100] "GET /burgundy-ceramic-flower-pot-p-49407.html HTTP/1.0" 200 71906 "-" "Mozilla/5.0 (Linux; Android 7.0;) AppleWebKit/537.36 (KHTML, like Gecko) Mobile Safari/537.36 (compatible; PetalBot;+https://aspiegel.com/petalbot)"
66.249.70.62 - - [14/Dec/2020:12:14:33 +0100] "GET /images/big_prod/4036113222264.jpg HTTP/1.0" 200 268 "-" "Googlebot-Image/1.0"
54.36.149.25 - - [14/Dec/2020:12:14:40 +0100] "GET /espresso-set-cups-marseille-p-51374.html HTTP/1.0" 200 71870 "-" "Mozilla/5.0 (compatible; AhrefsBot/7.0; +http://ahrefs.com/robot/)"
157.55.39.217 - - [14/Dec/2020:12:15:36 +0100] "GET /pour-toi-card-p-20034.html HTTP/1.0" 200 71825 "-" "Mozilla/5.0 (compatible; bingbot/2.0; +http://www.bing.com/bingbot.htm)"
157.55.39.179 - - [14/Dec/2020:12:17:04 +0100] "GET /cats-melamine-tray-50-38-cm-p-45133.html HTTP/1.0" 200 71966 "-" "Mozilla/5.0 (compatible; bingbot/2.0; +http://www.bing.com/bingbot.htm)"
54.36.148.83 - - [14/Dec/2020:12:17:19 +0100] "GET /espresso-set-eccentric-cat-p-39753.html HTTP/1.0" 200 71965 "-" "Mozilla/5.0 (compatible; AhrefsBot/7.0; +http://ahrefs.com/robot/)"
114.119.132.105 - - [14/Dec/2020:12:17:21 +0100] "GET /skull-sailor-moneybox-grey-p-32590.html HTTP/1.0" 200 71850 "-" "Mozilla/5.0 (Linux; Android 7.0;) AppleWebKit/537.36 (KHTML, like Gecko) Mobile Safari/537.36 (compatible; PetalBot;+https://aspiegel.com/petalbot)"
54.36.148.78 - - [14/Dec/2020:12:17:23 +0100] "GET /ceramic-salt-box-with-spoon-nautilus-p-47868.html HTTP/1.0" 301 69259 "-" "Mozilla/5.0 (compatible; AhrefsBot/7.0; +http://ahrefs.com/robot/)"
17.58.101.145 - - [14/Dec/2020:12:18:06 +0100] "GET /mugs-and-mazagrans-c-12_57.html?page=10 HTTP/1.0" 200 96078 "-" "Mozilla/5.0 (Macintosh; Intel Mac OS X 10_15_5) AppleWebKit/605.1.15 (KHTML, like Gecko) Version/13.1.1 Safari/605.1.15 (Applebot/0.1; +http://www.apple.com/go/applebot)"
31.145.64.250 - - [14/Dec/2020:12:18:10 +0100] "GET /miracle-tattoos-augmented-reality-p-30664.html HTTP/1.0" 200 72798 "-" "Mozilla/5.0 (Macintosh; Intel Mac OS X 10_12_6) AppleWebKit/537.36 (KHTML, like Gecko) Chrome/87.0.4280.67 Safari/537.36"
31.145.64.250 - - [14/Dec/2020:12:18:11 +0100] "GET /templates/Pixame_v1/stylesheet.css HTTP/1.0" 200 267 "http://www.wonder-geek.com/miracle-tattoos-augmented-reality-p-30664.html" "Mozilla/5.0 (Macintosh; Intel Mac OS X 10_12_6) AppleWebKit/537.36 (KHTML, like Gecko) Chrome/87.0.4280.67 Safari/537.36"
31.145.64.250 - - [14/Dec/2020:12:18:11 +0100] "GET /highslide/highslide.js HTTP/1.0" 200 262 "http://www.wonder-geek.com/miracle-tattoos-augmented-reality-p-30664.html" "Mozilla/5.0 (Macintosh; Intel Mac OS X 10_12_6) AppleWebKit/537.36 (KHTML, like Gecko) Chrome/87.0.4280.67 Safari/537.36"
31.145.64.250 - - [14/Dec/2020:12:18:11 +0100] "GET /js/jquery.js HTTP/1.0" 200 252 "http://www.wonder-geek.com/miracle-tattoos-augmented-reality-p-30664.html" "Mozilla/5.0 (Macintosh; Intel Mac OS X 10_12_6) AppleWebKit/537.36 (KHTML, like Gecko) Chrome/87.0.4280.67 Safari/537.36"
31.145.64.250 - - [14/Dec/2020:12:18:11 +0100] "GET /js/jquery.jqzoom.js HTTP/1.0" 200 259 "http://www.wonder-geek.com/miracle-tattoos-augmented-reality-p-30664.html" "Mozilla/5.0 (Macintosh; Intel Mac OS X 10_12_6) AppleWebKit/537.36 (KHTML, like Gecko) Chrome/87.0.4280.67 Safari/537.36"
31.145.64.250 - - [14/Dec/2020:12:18:11 +0100] "GET /mondial_relay/js/jquery-1.3.2.min.js HTTP/1.0" 200 276 "http://www.wonder-geek.com/miracle-tattoos-augmented-reality-p-30664.html" "Mozilla/5.0 (Macintosh; Intel Mac OS X 10_12_6) AppleWebKit/537.36 (KHTML, like Gecko) Chrome/87.0.4280.67 Safari/537.36"
31.145.64.250 - - [14/Dec/2020:12:18:11 +0100] "GET /swfobject.js HTTP/1.0" 404 1308 "http://www.wonder-geek.com/miracle-tattoos-augmented-reality-p-30664.html" "Mozilla/5.0 (Macintosh; Intel Mac OS X 10_12_6) AppleWebKit/537.36 (KHTML, like Gecko) Chrome/87.0.4280.67 Safari/537.36"
31.145.64.250 - - [14/Dec/2020:12:18:11 +0100] "GET /templates/Pixame_v1/images/icon_accueil2.png HTTP/1.0" 200 278 "http://www.wonder-geek.com/miracle-tattoos-augmented-reality-p-30664.html" "Mozilla/5.0 (Macintosh; Intel Mac OS X 10_12_6) AppleWebKit/537.36 (KHTML, like Gecko) Chrome/87.0.4280.67 Safari/537.36"
31.145.64.250 - - [14/Dec/2020:12:18:11 +0100] "GET /templates/Pixame_v1/images/infobox/pixel_trans.gif HTTP/1.0" 200 328 "http://www.wonder-geek.com/miracle-tattoos-augmented-reality-p-30664.html" "Mozilla/5.0 (Macintosh; Intel Mac OS X 10_12_6) AppleWebKit/537.36 (KHTML, like Gecko) Chrome/87.0.4280.67 Safari/537.36"
31.145.64.250 - - [14/Dec/2020:12:18:11 +0100] "GET /images/pixel_trans.gif HTTP/1.0" 200 328 "http://www.wonder-geek.com/miracle-tattoos-augmented-reality-p-30664.html" "Mozilla/5.0 (Macintosh; Intel Mac OS X 10_12_6) AppleWebKit/537.36 (KHTML, like Gecko) Chrome/87.0.4280.67 Safari/537.36"
31.145.64.250 - - [14/Dec/2020:12:18:11 +0100] "GET /templates/Pixame_v1/images/pixel_trans.gif HTTP/1.0" 200 328 "http://www.wonder-geek.com/miracle-tattoos-augmented-reality-p-30664.html" "Mozilla/5.0 (Macintosh; Intel Mac OS X 10_12_6) AppleWebKit/537.36 (KHTML, like Gecko) Chrome/87.0.4280.67 Safari/537.36"
31.145.64.250 - - [14/Dec/2020:12:18:11 +0100] "GET /images/med_prod/5060275045255.jpg HTTP/1.0" 200 268 "http://www.wonder-geek.com/miracle-tattoos-augmented-reality-p-30664.html" "Mozilla/5.0 (Macintosh; Intel Mac OS X 10_12_6) AppleWebKit/537.36 (KHTML, like Gecko) Chrome/87.0.4280.67 Safari/537.36"
31.145.64.250 - - [14/Dec/2020:12:18:11 +0100] "GET /templates/Pixame_v1/images/buttons/english/button_in_cart.gif HTTP/1.0" 200 295 "http://www.wonder-geek.com/miracle-tattoos-augmented-reality-p-30664.html" "Mozilla/5.0 (Macintosh; Intel Mac OS X 10_12_6) AppleWebKit/537.36 (KHTML, like Gecko) Chrome/87.0.4280.67 Safari/537.36"
31.145.64.250 - - [14/Dec/2020:12:18:11 +0100] "GET /templates/Pixame_v1/images/Bottom_texture.jpg HTTP/1.0" 200 280 "http://www.wonder-geek.com/templates/Pixame_v1/stylesheet.css" "Mozilla/5.0 (Macintosh; Intel Mac OS X 10_12_6) AppleWebKit/537.36 (KHTML, like Gecko) Chrome/87.0.4280.67 Safari/537.36"
31.145.64.250 - - [14/Dec/2020:12:18:11 +0100] "GET /templates/Pixame_v1/images/Middle_texture.jpg HTTP/1.0" 200 280 "http://www.wonder-geek.com/templates/Pixame_v1/stylesheet.css" "Mozilla/5.0 (Macintosh; Intel Mac OS X 10_12_6) AppleWebKit/537.36 (KHTML, like Gecko) Chrome/87.0.4280.67 Safari/537.36"
31.145.64.250 - - [14/Dec/2020:12:18:11 +0100] "GET /templates/Pixame_v1/images/nav.png HTTP/1.0" 200 268 "http://www.wonder-geek.com/templates/Pixame_v1/stylesheet.css" "Mozilla/5.0 (Macintosh; Intel Mac OS X 10_12_6) AppleWebKit/537.36 (KHTML, like Gecko) Chrome/87.0.4280.67 Safari/537.36"
31.145.64.250 - - [14/Dec/2020:12:18:11 +0100] "GET /templates/Pixame_v1/images/header.png HTTP/1.0" 200 271 "http://www.wonder-geek.com/templates/Pixame_v1/stylesheet.css" "Mozilla/5.0 (Macintosh; Intel Mac OS X 10_12_6) AppleWebKit/537.36 (KHTML, like Gecko) Chrome/87.0.4280.67 Safari/537.36"
31.145.64.250 - - [14/Dec/2020:12:18:11 +0100] "GET /templates/Pixame_v1/images/header-object.png HTTP/1.0" 200 278 "http://www.wonder-geek.com/templates/Pixame_v1/stylesheet.css" "Mozilla/5.0 (Macintosh; Intel Mac OS X 10_12_6) AppleWebKit/537.36 (KHTML, like Gecko) Chrome/87.0.4280.67 Safari/537.36"
31.145.64.250 - - [14/Dec/2020:12:18:11 +0100] "GET /design/productsenstock.png HTTP/1.0" 200 260 "http://www.wonder-geek.com/templates/Pixame_v1/stylesheet.css" "Mozilla/5.0 (Macintosh; Intel Mac OS X 10_12_6) AppleWebKit/537.36 (KHTML, like Gecko) Chrome/87.0.4280.67 Safari/537.36"
31.145.64.250 - - [14/Dec/2020:12:18:11 +0100] "GET /highslide/graphics/zoomin.cur HTTP/1.0" 200 614 "http://www.wonder-geek.com/templates/Pixame_v1/stylesheet.css" "Mozilla/5.0 (Macintosh; Intel Mac OS X 10_12_6) AppleWebKit/537.36 (KHTML, like Gecko) Chrome/87.0.4280.67 Safari/537.36"
31.145.64.250 - - [14/Dec/2020:12:18:11 +0100] "GET /templates/Pixame_v1/images/infobox/infobox_footer_middle.gif HTTP/1.0" 200 357 "http://www.wonder-geek.com/" "Mozilla/5.0 (Macintosh; Intel Mac OS X 10_12_6) AppleWebKit/537.36 (KHTML, like Gecko) Chrome/87.0.4280.67 Safari/537.36"
31.145.64.250 - - [14/Dec/2020:12:18:12 +0100] "GET /highslide/graphics/outlines/drop-shadow.png HTTP/1.0" 200 277 "http://www.wonder-geek.com/miracle-tattoos-augmented-reality-p-30664.html" "Mozilla/5.0 (Macintosh; Intel Mac OS X 10_12_6) AppleWebKit/537.36 (KHTML, like Gecko) Chrome/87.0.4280.67 Safari/537.36"
31.145.64.250 - - [14/Dec/2020:12:18:12 +0100] "GET /highslide/graphics/zoomout.cur HTTP/1.0" 200 614 "http://www.wonder-geek.com/miracle-tattoos-augmented-reality-p-30664.html" "Mozilla/5.0 (Macintosh; Intel Mac OS X 10_12_6) AppleWebKit/537.36 (KHTML, like Gecko) Chrome/87.0.4280.67 Safari/537.36"
31.145.64.250 - - [14/Dec/2020:12:18:12 +0100] "GET /highslide/graphics/loader.white.gif HTTP/1.0" 200 960 "http://www.wonder-geek.com/templates/Pixame_v1/stylesheet.css" "Mozilla/5.0 (Macintosh; Intel Mac OS X 10_12_6) AppleWebKit/537.36 (KHTML, like Gecko) Chrome/87.0.4280.67 Safari/537.36"
31.145.64.250 - - [14/Dec/2020:12:18:12 +0100] "GET /favicon.ico HTTP/1.0" 200 260 "http://www.wonder-geek.com/miracle-tattoos-augmented-reality-p-30664.html" "Mozilla/5.0 (Macintosh; Intel Mac OS X 10_12_6) AppleWebKit/537.36 (KHTML, like Gecko) Chrome/87.0.4280.67 Safari/537.36"
207.46.13.90 - - [14/Dec/2020:12:19:19 +0100] "GET /images/big_prod/3609810037779.jpg HTTP/1.0" 200 268 "-" "Mozilla/5.0 (compatible; bingbot/2.0; +http://www.bing.com/bingbot.htm)"
207.46.13.152 - - [14/Dec/2020:12:19:28 +0100] "GET /images/3453131117418.jpg HTTP/1.0" 200 259 "-" "Mozilla/5.0 (compatible; bingbot/2.0; +http://www.bing.com/bingbot.htm)"
207.46.13.152 - - [14/Dec/2020:12:19:29 +0100] "GET /images/big_prod/5018997632130.jpg HTTP/1.0" 200 268 "-" "Mozilla/5.0 (compatible; bingbot/2.0; +http://www.bing.com/bingbot.htm)"
54.36.148.230 - - [14/Dec/2020:12:19:47 +0100] "GET /happy-colors-kitchen-scale-p-24656.html HTTP/1.0" 200 72090 "-" "Mozilla/5.0 (compatible; AhrefsBot/7.0; +http://ahrefs.com/robot/)"
207.46.13.152 - - [14/Dec/2020:12:19:54 +0100] "GET /images/big_prod/8422096017618.jpg HTTP/1.0" 200 268 "-" "Mozilla/5.0 (compatible; bingbot/2.0; +http://www.bing.com/bingbot.htm)"
216.244.66.242 - - [14/Dec/2020:12:20:39 +0100] "GET /robots.txt HTTP/1.0" 200 245 "-" "Mozilla/5.0 (compatible; DotBot/1.1; http://www.opensiteexplorer.org/dotbot, help@moz.com)"
157.55.39.179 - - [14/Dec/2020:12:21:03 +0100] "GET /images/TBOB51SHNOIRb.jpg HTTP/1.0" 200 259 "-" "Mozilla/5.0 (compatible; bingbot/2.0; +http://www.bing.com/bingbot.htm)"
54.36.149.35 - - [14/Dec/2020:12:21:42 +0100] "GET /gund-greary-musical-owl-plush-p-29061.html HTTP/1.0" 301 69259 "-" "Mozilla/5.0 (compatible; AhrefsBot/7.0; +http://ahrefs.com/robot/)"
114.119.144.233 - - [14/Dec/2020:12:21:44 +0100] "GET /et-merde-video-game-shirt-p-29574.html HTTP/1.0" 200 73059 "-" "Mozilla/5.0 (Linux; Android 7.0;) AppleWebKit/537.36 (KHTML, like Gecko) Mobile Safari/537.36 (compatible; PetalBot;+https://aspiegel.com/petalbot)"
54.36.148.237 - - [14/Dec/2020:12:22:20 +0100] "GET /stone-septarian-60-70-grams-p-46597.html HTTP/1.0" 200 73170 "-" "Mozilla/5.0 (compatible; AhrefsBot/7.0; +http://ahrefs.com/robot/)"
207.46.13.90 - - [14/Dec/2020:12:22:28 +0100] "GET /images/med_prod/1300010240663.jpg HTTP/1.0" 200 268 "-" "Mozilla/5.0 (compatible; bingbot/2.0; +http://www.bing.com/bingbot.htm)"
207.46.13.90 - - [14/Dec/2020:12:22:29 +0100] "GET /-m-76.html HTTP/1.0" 200 78231 "-" "Mozilla/5.0 (compatible; bingbot/2.0; +http://www.bing.com/bingbot.htm)"
52.137.90.252 - - [14/Dec/2020:12:24:02 +0100] "GET /-p-24515.html HTTP/1.0" 200 69192 "-" "Mozilla/5.0 (compatible; bingbot/2.0; +http://www.bing.com/bingbot.htm)"
66.249.70.33 - - [14/Dec/2020:12:24:07 +0100] "GET /images/mini_prod/3660173151403.jpg HTTP/1.0" 200 269 "-" "Googlebot-Image/1.0"
52.137.90.252 - - [14/Dec/2020:12:24:41 +0100] "GET /-p-22602.html HTTP/1.0" 200 69192 "-" "Mozilla/5.0 (compatible; bingbot/2.0; +http://www.bing.com/bingbot.htm)"
54.36.148.181 - - [14/Dec/2020:12:25:02 +0100] "GET /despicable-me-weed-toybox-p-32605.html HTTP/1.0" 200 71915 "-" "Mozilla/5.0 (compatible; AhrefsBot/7.0; +http://ahrefs.com/robot/)"
51.68.224.127 - - [14/Dec/2020:12:25:23 +0100] "GET /adminweb/export_orders_xml.php?token=256de2z6edz6ed2z6DFSFsed2zed6zeDSFDSGdzedezfzf&maxorders=10&orderstart=1&status=14&start_date=2018-10-01 HTTP/1.0" 200 285 "-" "GesCom CharlotteBoutik Serveur"
51.68.224.127 - - [14/Dec/2020:12:25:23 +0100] "GET /adminweb/export_orders_xml.php?token=256de2z6edz6ed2z6DFSFsed2zed6zeDSFDSGdzedezfzf&maxorders=10&orderstart=1&status=6&start_date=2018-10-01 HTTP/1.0" 200 30026 "-" "GesCom CharlotteBoutik Serveur"
114.119.129.36 - - [14/Dec/2020:12:26:07 +0100] "GET /kimmidoll-mizuyo-vanity-collection-p-28689.html HTTP/1.0" 200 69318 "-" "Mozilla/5.0 (Linux; Android 7.0;) AppleWebKit/537.36 (KHTML, like Gecko) Mobile Safari/537.36 (compatible; PetalBot;+https://aspiegel.com/petalbot)"
13.66.139.65 - - [14/Dec/2020:12:26:09 +0100] "GET /-p-17746.html HTTP/1.0" 200 69192 "-" "Mozilla/5.0 (compatible; bingbot/2.0; +http://www.bing.com/bingbot.htm)"
216.244.66.242 - - [14/Dec/2020:12:27:11 +0100] "GET /pitchers-and-drink-dispensers-c-12_243.html HTTP/1.0" 200 88843 "-" "Mozilla/5.0 (compatible; DotBot/1.1; http://www.opensiteexplorer.org/dotbot, help@moz.com)"
54.36.149.70 - - [14/Dec/2020:12:27:39 +0100] "GET /retro-beach-and-surf-box-55-cm-p-40333.html HTTP/1.0" 200 72534 "-" "Mozilla/5.0 (compatible; AhrefsBot/7.0; +http://ahrefs.com/robot/)"
13.66.139.65 - - [14/Dec/2020:12:28:09 +0100] "GET /-p-17888.html HTTP/1.0" 200 69192 "-" "Mozilla/5.0 (compatible; bingbot/2.0; +http://www.bing.com/bingbot.htm)"
157.55.39.217 - - [14/Dec/2020:12:29:07 +0100] "GET /images/big_prod/1300000022569.jpg HTTP/1.0" 200 268 "-" "Mozilla/5.0 (compatible; bingbot/2.0; +http://www.bing.com/bingbot.htm)"
54.36.148.169 - - [14/Dec/2020:12:30:11 +0100] "GET /laissez-lucie-faire-butter-dish-p-32037.html HTTP/1.0" 200 71872 "-" "Mozilla/5.0 (compatible; AhrefsBot/7.0; +http://ahrefs.com/robot/)"
157.55.39.184 - - [14/Dec/2020:12:30:16 +0100] "GET /images/big_prod/3453131129695.jpg HTTP/1.0" 200 268 "-" "Mozilla/5.0 (compatible; bingbot/2.0; +http://www.bing.com/bingbot.htm)"
114.119.132.105 - - [14/Dec/2020:12:30:32 +0100] "GET /images/mini_prod/3612872115071.jpg HTTP/1.0" 200 269 "-" "Mozilla/5.0 (Linux; Android 7.0;) AppleWebKit/537.36 (KHTML, like Gecko) Mobile Safari/537.36 (compatible; PetalBot;+https://aspiegel.com/petalbot)"
207.46.13.90 - - [14/Dec/2020:12:31:42 +0100] "GET /zebra-clock-by-allen-p-31431.html HTTP/1.0" 200 71819 "-" "Mozilla/5.0 (compatible; bingbot/2.0; +http://www.bing.com/bingbot.htm)"
144.76.200.68 - - [14/Dec/2020:12:32:16 +0100] "GET /robots.txt HTTP/1.0" 200 245 "-" "Mozilla/5.0 (compatible; MJ12bot/v1.4.8; http://mj12bot.com/)"
144.76.200.68 - - [14/Dec/2020:12:32:19 +0100] "GET /apache-cushion-35-35-cm-p-43011.html HTTP/1.0" 200 71828 "-" "Mozilla/5.0 (compatible; MJ12bot/v1.4.8; http://mj12bot.com/)"
144.76.200.68 - - [14/Dec/2020:12:32:25 +0100] "GET /barbazoo-birth-barbabib-p-16321.html HTTP/1.0" 200 72062 "-" "Mozilla/5.0 (compatible; MJ12bot/v1.4.8; http://mj12bot.com/)"
144.76.200.68 - - [14/Dec/2020:12:32:29 +0100] "GET /ben-10-towel-p-5735.html HTTP/1.0" 200 71876 "-" "Mozilla/5.0 (compatible; MJ12bot/v1.4.8; http://mj12bot.com/)"
144.76.200.68 - - [14/Dec/2020:12:32:33 +0100] "GET /ben-10-towel-p-6174.html HTTP/1.0" 200 71887 "-" "Mozilla/5.0 (compatible; MJ12bot/v1.4.8; http://mj12bot.com/)"
144.76.200.68 - - [14/Dec/2020:12:32:38 +0100] "GET /bienvenue-la-maison-door-mat-coconut-fiber-p-42024.html HTTP/1.0" 200 72177 "-" "Mozilla/5.0 (compatible; MJ12bot/v1.4.8; http://mj12bot.com/)"
144.76.200.68 - - [14/Dec/2020:12:32:44 +0100] "GET /bodega-set-of-coasters-p-19958.html HTTP/1.0" 200 71807 "-" "Mozilla/5.0 (compatible; MJ12bot/v1.4.8; http://mj12bot.com/)"
144.76.200.68 - - [14/Dec/2020:12:32:48 +0100] "GET /bowl-laughing-lavender-inside-made-in-germany-p-50707.html HTTP/1.0" 200 72889 "-" "Mozilla/5.0 (compatible; MJ12bot/v1.4.8; http://mj12bot.com/)"
54.36.148.187 - - [14/Dec/2020:12:32:52 +0100] "GET /retro-beach-and-surf-box-65-cm-p-40331.html HTTP/1.0" 200 72535 "-" "Mozilla/5.0 (compatible; AhrefsBot/7.0; +http://ahrefs.com/robot/)"
157.55.39.179 - - [14/Dec/2020:12:32:55 +0100] "GET /images/4027950.jpg HTTP/1.0" 200 253 "-" "Mozilla/5.0 (compatible; bingbot/2.0; +http://www.bing.com/bingbot.htm)"
144.76.200.68 - - [14/Dec/2020:12:32:55 +0100] "GET /box-of-coasters-p-45665.html HTTP/1.0" 200 71769 "-" "Mozilla/5.0 (compatible; MJ12bot/v1.4.8; http://mj12bot.com/)"
144.76.200.68 - - [14/Dec/2020:12:33:00 +0100] "GET /brown-horse-mouse-pad-p-24682.html HTTP/1.0" 200 71783 "-" "Mozilla/5.0 (compatible; MJ12bot/v1.4.8; http://mj12bot.com/)"
144.76.200.68 - - [14/Dec/2020:12:33:04 +0100] "GET /brown-horse-mouse-pad-p-24683.html HTTP/1.0" 200 71783 "-" "Mozilla/5.0 (compatible; MJ12bot/v1.4.8; http://mj12bot.com/)"
144.76.200.68 - - [14/Dec/2020:12:33:09 +0100] "GET /cacao-large-bowl-p-50613.html HTTP/1.0" 200 71754 "-" "Mozilla/5.0 (compatible; MJ12bot/v1.4.8; http://mj12bot.com/)"
144.76.200.68 - - [14/Dec/2020:12:33:13 +0100] "GET /ceramic-bowl-in-relief-du-piquant-p-45506.html HTTP/1.0" 200 71874 "-" "Mozilla/5.0 (compatible; MJ12bot/v1.4.8; http://mj12bot.com/)"
144.76.200.68 - - [14/Dec/2020:12:33:18 +0100] "GET /charmmy-kitty-dress-p-31105.html HTTP/1.0" 200 72943 "-" "Mozilla/5.0 (compatible; MJ12bot/v1.4.8; http://mj12bot.com/)"
144.76.200.68 - - [14/Dec/2020:12:33:24 +0100] "GET /charmmy-kitty-swimming-ring-p-5988.html HTTP/1.0" 200 71774 "-" "Mozilla/5.0 (compatible; MJ12bot/v1.4.8; http://mj12bot.com/)"
144.76.200.68 - - [14/Dec/2020:12:33:30 +0100] "GET /christmas-tree-ornament-christmas-balls-c-13_271.html?page=1 HTTP/1.0" 200 89608 "-" "Mozilla/5.0 (compatible; MJ12bot/v1.4.8; http://mj12bot.com/)"
144.76.200.68 - - [14/Dec/2020:12:33:37 +0100] "GET /cotton-bath-mat-50-80-cm-grey-p-48776.html HTTP/1.0" 200 72810 "-" "Mozilla/5.0 (compatible; MJ12bot/v1.4.8; http://mj12bot.com/)"
144.76.200.68 - - [14/Dec/2020:12:33:40 +0100] "GET /cotton-bath-mat-50-80-cm-zinc-color-p-48774.html HTTP/1.0" 200 72864 "-" "Mozilla/5.0 (compatible; MJ12bot/v1.4.8; http://mj12bot.com/)"
144.76.200.68 - - [14/Dec/2020:12:33:44 +0100] "GET /cotton-towel-bodega-retro-style-p-40739.html HTTP/1.0" 200 71910 "-" "Mozilla/5.0 (compatible; MJ12bot/v1.4.8; http://mj12bot.com/)"
216.244.66.242 - - [14/Dec/2020:12:33:46 +0100] "GET /high-school-musical-photo-frame-p-4289.html HTTP/1.0" 200 71895 "-" "Mozilla/5.0 (compatible; DotBot/1.1; http://www.opensiteexplorer.org/dotbot, help@moz.com)"
144.76.200.68 - - [14/Dec/2020:12:33:50 +0100] "GET /cotton-towel-retro-style-p-40735.html HTTP/1.0" 200 71854 "-" "Mozilla/5.0 (compatible; MJ12bot/v1.4.8; http://mj12bot.com/)"
216.244.66.242 - - [14/Dec/2020:12:33:52 +0100] "GET /tin-and-metal-signs-c-13_130.html?page=12 HTTP/1.0" 200 94555 "-" "Mozilla/5.0 (compatible; DotBot/1.1; http://www.opensiteexplorer.org/dotbot, help@moz.com)"
144.76.200.68 - - [14/Dec/2020:12:33:53 +0100] "GET /diamond-carpet-80-50-cm-p-50745.html HTTP/1.0" 200 72784 "-" "Mozilla/5.0 (compatible; MJ12bot/v1.4.8; http://mj12bot.com/)"
144.76.200.68 - - [14/Dec/2020:12:33:59 +0100] "GET /doormat-tribal-60-cm-p-50710.html HTTP/1.0" 200 72713 "-" "Mozilla/5.0 (compatible; MJ12bot/v1.4.8; http://mj12bot.com/)"
13.66.139.26 - - [14/Dec/2020:12:34:46 +0100] "GET /snow-and-glitter-ball-c-13_259.html HTTP/1.0" 200 89077 "-" "Mozilla/5.0 (compatible; bingbot/2.0; +http://www.bing.com/bingbot.htm)"
114.119.151.113 - - [14/Dec/2020:12:34:48 +0100] "GET /minnie-mouse-figure-collection-by-romero-britto-p-51459.html HTTP/1.0" 200 73465 "-" "Mozilla/5.0 (Linux; Android 7.0;) AppleWebKit/537.36 (KHTML, like Gecko) Mobile Safari/537.36 (compatible; PetalBot;+https://aspiegel.com/petalbot)"
13.66.139.65 - - [14/Dec/2020:12:34:52 +0100] "GET /christmas-tree-ornament-christmas-balls-c-13_271.html HTTP/1.0" 200 89597 "-" "Mozilla/5.0 (compatible; bingbot/2.0; +http://www.bing.com/bingbot.htm)"
13.66.139.65 - - [14/Dec/2020:12:34:53 +0100] "GET /pitchers-and-drink-dispensers-c-12_243.html HTTP/1.0" 200 88843 "-" "Mozilla/5.0 (compatible; bingbot/2.0; +http://www.bing.com/bingbot.htm)"
54.36.148.83 - - [14/Dec/2020:12:35:22 +0100] "GET /hens-ceramic-pie-dish-gray-model-only-p-44495.html HTTP/1.0" 200 71932 "-" "Mozilla/5.0 (compatible; AhrefsBot/7.0; +http://ahrefs.com/robot/)"
144.76.200.68 - - [14/Dec/2020:12:37:31 +0100] "GET /dora-the-explorer-poncho-towels-p-12642.html HTTP/1.0" 200 72072 "-" "Mozilla/5.0 (compatible; MJ12bot/v1.4.8; http://mj12bot.com/)"
144.76.200.68 - - [14/Dec/2020:12:37:34 +0100] "GET /eurielle-large-bowl-p-50611.html HTTP/1.0" 200 71778 "-" "Mozilla/5.0 (compatible; MJ12bot/v1.4.8; http://mj12bot.com/)"
144.76.200.68 - - [14/Dec/2020:12:37:38 +0100] "GET /fitted-sheet-red-p-31982.html HTTP/1.0" 200 71753 "-" "Mozilla/5.0 (compatible; MJ12bot/v1.4.8; http://mj12bot.com/)"
62.210.188.222 - - [14/Dec/2020:12:37:40 +0100] "GET /robots.txt HTTP/1.0" 200 245 "-" "Mozilla/5.0 (compatible; Barkrowler/0.9; +https://babbar.tech/crawler)"
144.76.200.68 - - [14/Dec/2020:12:37:41 +0100] "GET /fuel-pump-clock-p-35148.html HTTP/1.0" 200 71894 "-" "Mozilla/5.0 (compatible; MJ12bot/v1.4.8; http://mj12bot.com/)"
66.249.70.33 - - [14/Dec/2020:12:37:46 +0100] "GET /personalized-products-c-97.html HTTP/1.0" 200 89504 "-" "Mozilla/5.0 (Linux; Android 6.0.1; Nexus 5X Build/MMB29P) AppleWebKit/537.36 (KHTML, like Gecko) Chrome/87.0.4280.90 Mobile Safari/537.36 (compatible; Googlebot/2.1; +http://www.google.com/bot.html)"
144.76.200.68 - - [14/Dec/2020:12:37:47 +0100] "GET /household-linen-c-13_11.html?page=10 HTTP/1.0" 200 91982 "-" "Mozilla/5.0 (compatible; MJ12bot/v1.4.8; http://mj12bot.com/)"
62.210.188.222 - - [14/Dec/2020:12:37:49 +0100] "GET /index.php HTTP/1.0" 200 149952 "-" "Mozilla/5.0 (compatible; Barkrowler/0.9; +https://babbar.tech/crawler)"
144.76.200.68 - - [14/Dec/2020:12:37:50 +0100] "GET /household-linen-c-13_11.html?page=11 HTTP/1.0" 200 92600 "-" "Mozilla/5.0 (compatible; MJ12bot/v1.4.8; http://mj12bot.com/)"
144.76.200.68 - - [14/Dec/2020:12:37:55 +0100] "GET /household-linen-c-13_11.html?page=2 HTTP/1.0" 200 91362 "-" "Mozilla/5.0 (compatible; MJ12bot/v1.4.8; http://mj12bot.com/)"
144.76.200.68 - - [14/Dec/2020:12:37:58 +0100] "GET /household-linen-c-13_11.html?page=3 HTTP/1.0" 200 91916 "-" "Mozilla/5.0 (compatible; MJ12bot/v1.4.8; http://mj12bot.com/)"
62.210.188.222 - - [14/Dec/2020:12:37:58 +0100] "GET /-p-30816.html HTTP/1.0" 200 69192 "-" "Mozilla/5.0 (compatible; Barkrowler/0.9; +https://babbar.tech/crawler)"
54.36.148.99 - - [14/Dec/2020:12:38:00 +0100] "GET /cars-lunch-bag-p-10147.html HTTP/1.0" 200 71897 "-" "Mozilla/5.0 (compatible; AhrefsBot/7.0; +http://ahrefs.com/robot/)"
144.76.200.68 - - [14/Dec/2020:12:38:04 +0100] "GET /household-linen-c-13_11.html?page=32 HTTP/1.0" 200 91912 "-" "Mozilla/5.0 (compatible; MJ12bot/v1.4.8; http://mj12bot.com/)"
62.210.188.222 - - [14/Dec/2020:12:38:08 +0100] "GET /specials.php?page=23 HTTP/1.0" 200 130038 "-" "Mozilla/5.0 (compatible; Barkrowler/0.9; +https://babbar.tech/crawler)"
144.76.200.68 - - [14/Dec/2020:12:38:10 +0100] "GET /household-linen-c-13_11.html?page=33 HTTP/1.0" 200 92911 "-" "Mozilla/5.0 (compatible; MJ12bot/v1.4.8; http://mj12bot.com/)"
54.36.149.81 - - [14/Dec/2020:12:38:12 +0100] "GET /decorative-carpets-c-167.html?page=1 HTTP/1.0" 301 89545 "-" "Mozilla/5.0 (compatible; AhrefsBot/7.0; +http://ahrefs.com/robot/)"
144.76.200.68 - - [14/Dec/2020:12:38:15 +0100] "GET /household-linen-c-13_11.html?page=34 HTTP/1.0" 200 91940 "-" "Mozilla/5.0 (compatible; MJ12bot/v1.4.8; http://mj12bot.com/)"
207.46.13.175 - - [14/Dec/2020:12:38:17 +0100] "GET /bookmark-lenticular-happy-birthday-p-19152.html HTTP/1.0" 200 72094 "-" "Mozilla/5.0 (compatible; bingbot/2.0; +http://www.bing.com/bingbot.htm)"
62.210.188.222 - - [14/Dec/2020:12:38:18 +0100] "GET /specials.php?page=24 HTTP/1.0" 200 129712 "-" "Mozilla/5.0 (compatible; Barkrowler/0.9; +https://babbar.tech/crawler)"
207.46.13.90 - - [14/Dec/2020:12:38:21 +0100] "GET /images/med_prod/4007176130506.jpg HTTP/1.0" 200 268 "-" "Mozilla/5.0 (compatible; bingbot/2.0; +http://www.bing.com/bingbot.htm)"
144.76.200.68 - - [14/Dec/2020:12:38:23 +0100] "GET /household-linen-c-13_11.html?page=35 HTTP/1.0" 200 92877 "-" "Mozilla/5.0 (compatible; MJ12bot/v1.4.8; http://mj12bot.com/)"
144.76.200.68 - - [14/Dec/2020:12:38:28 +0100] "GET /household-linen-c-13_11.html?page=36 HTTP/1.0" 200 91687 "-" "Mozilla/5.0 (compatible; MJ12bot/v1.4.8; http://mj12bot.com/)"
144.76.200.68 - - [14/Dec/2020:12:38:34 +0100] "GET /household-linen-c-13_11.html?page=37 HTTP/1.0" 200 91959 "-" "Mozilla/5.0 (compatible; MJ12bot/v1.4.8; http://mj12bot.com/)"
144.76.200.68 - - [14/Dec/2020:12:38:39 +0100] "GET /household-linen-c-13_11.html?page=38 HTTP/1.0" 200 91705 "-" "Mozilla/5.0 (compatible; MJ12bot/v1.4.8; http://mj12bot.com/)"
62.210.188.222 - - [14/Dec/2020:12:38:41 +0100] "GET /products_new.php?page=2 HTTP/1.0" 200 91848 "-" "Mozilla/5.0 (compatible; Barkrowler/0.9; +https://babbar.tech/crawler)"
144.76.200.68 - - [14/Dec/2020:12:38:45 +0100] "GET /household-linen-c-13_11.html?page=39 HTTP/1.0" 200 92165 "-" "Mozilla/5.0 (compatible; MJ12bot/v1.4.8; http://mj12bot.com/)"
62.210.188.222 - - [14/Dec/2020:12:38:51 +0100] "GET /bulldog-cushion-p-32918.html HTTP/1.0" 200 71769 "-" "Mozilla/5.0 (compatible; Barkrowler/0.9; +https://babbar.tech/crawler)"
144.76.200.68 - - [14/Dec/2020:12:38:52 +0100] "GET /household-linen-c-13_11.html?page=4 HTTP/1.0" 200 91250 "-" "Mozilla/5.0 (compatible; MJ12bot/v1.4.8; http://mj12bot.com/)"
144.76.200.68 - - [14/Dec/2020:12:39:00 +0100] "GET /household-linen-c-13_11.html?page=40 HTTP/1.0" 200 92632 "-" "Mozilla/5.0 (compatible; MJ12bot/v1.4.8; http://mj12bot.com/)"
62.210.188.222 - - [14/Dec/2020:12:39:03 +0100] "GET /household-linen-c-11.html?page=14 HTTP/1.0" 200 92803 "-" "Mozilla/5.0 (compatible; Barkrowler/0.9; +https://babbar.tech/crawler)"
144.76.200.68 - - [14/Dec/2020:12:39:04 +0100] "GET /household-linen-c-13_11.html?page=41 HTTP/1.0" 200 91753 "-" "Mozilla/5.0 (compatible; MJ12bot/v1.4.8; http://mj12bot.com/)"
144.76.200.68 - - [14/Dec/2020:12:39:10 +0100] "GET /household-linen-c-13_11.html?page=5 HTTP/1.0" 200 91048 "-" "Mozilla/5.0 (compatible; MJ12bot/v1.4.8; http://mj12bot.com/)"
114.119.154.200 - - [14/Dec/2020:12:39:10 +0100] "GET /bonne-franquette-coasters-p-50291.html HTTP/1.0" 200 71834 "-" "Mozilla/5.0 (Linux; Android 7.0;) AppleWebKit/537.36 (KHTML, like Gecko) Mobile Safari/537.36 (compatible; PetalBot;+https://aspiegel.com/petalbot)"
62.210.188.222 - - [14/Dec/2020:12:39:13 +0100] "GET /support-metal-bottle-bar-p-47885.html HTTP/1.0" 200 71878 "-" "Mozilla/5.0 (compatible; Barkrowler/0.9; +https://babbar.tech/crawler)"
144.76.200.68 - - [14/Dec/2020:12:39:16 +0100] "GET /household-linen-c-13_11.html?page=6 HTTP/1.0" 200 92030 "-" "Mozilla/5.0 (compatible; MJ12bot/v1.4.8; http://mj12bot.com/)"
144.76.200.68 - - [14/Dec/2020:12:39:21 +0100] "GET /household-linen-c-13_11.html?page=7 HTTP/1.0" 200 91092 "-" "Mozilla/5.0 (compatible; MJ12bot/v1.4.8; http://mj12bot.com/)"
62.210.188.222 - - [14/Dec/2020:12:39:22 +0100] "GET /kitchen-mat-120-45-cm-p-51616.html HTTP/1.0" 200 71941 "-" "Mozilla/5.0 (compatible; Barkrowler/0.9; +https://babbar.tech/crawler)"
144.76.200.68 - - [14/Dec/2020:12:39:26 +0100] "GET /household-linen-c-13_11.html?page=8 HTTP/1.0" 200 91259 "-" "Mozilla/5.0 (compatible; MJ12bot/v1.4.8; http://mj12bot.com/)"
62.210.188.222 - - [14/Dec/2020:12:39:31 +0100] "GET /skull-steampunk-moneybox-p-42869.html HTTP/1.0" 200 71881 "-" "Mozilla/5.0 (compatible; Barkrowler/0.9; +https://babbar.tech/crawler)"
144.76.200.68 - - [14/Dec/2020:12:39:32 +0100] "GET /household-linen-c-13_11.html?page=9 HTTP/1.0" 200 92154 "-" "Mozilla/5.0 (compatible; MJ12bot/v1.4.8; http://mj12bot.com/)"
144.76.200.68 - - [14/Dec/2020:12:39:35 +0100] "GET /miaou-large-bowl-p-50610.html HTTP/1.0" 200 71754 "-" "Mozilla/5.0 (compatible; MJ12bot/v1.4.8; http://mj12bot.com/)"
144.76.200.68 - - [14/Dec/2020:12:39:40 +0100] "GET /minions-poster-p-30941.html HTTP/1.0" 200 71769 "-" "Mozilla/5.0 (compatible; MJ12bot/v1.4.8; http://mj12bot.com/)"
62.210.188.222 - - [14/Dec/2020:12:39:41 +0100] "GET /elephants-ceramic-bathroom-set-p-44792.html HTTP/1.0" 200 72002 "-" "Mozilla/5.0 (compatible; Barkrowler/0.9; +https://babbar.tech/crawler)"
207.46.13.152 - - [14/Dec/2020:12:39:41 +0100] "GET /glitter-adhesive-roll-45-150-cm-red-p-51413.html HTTP/1.0" 200 72162 "-" "Mozilla/5.0 (compatible; bingbot/2.0; +http://www.bing.com/bingbot.htm)"
144.76.200.68 - - [14/Dec/2020:12:39:42 +0100] "GET /nici-jolly-mh-cushion-p-7195.html HTTP/1.0" 200 71942 "-" "Mozilla/5.0 (compatible; MJ12bot/v1.4.8; http://mj12bot.com/)"
144.76.200.68 - - [14/Dec/2020:12:39:47 +0100] "GET /notebook-a6-new-york-yankees-gray-p-37641.html HTTP/1.0" 200 72010 "-" "Mozilla/5.0 (compatible; MJ12bot/v1.4.8; http://mj12bot.com/)"
62.210.188.222 - - [14/Dec/2020:12:39:50 +0100] "GET /game-of-thrones-episodes-poster-p-32309.html HTTP/1.0" 200 71933 "-" "Mozilla/5.0 (compatible; Barkrowler/0.9; +https://babbar.tech/crawler)"
144.76.200.68 - - [14/Dec/2020:12:39:53 +0100] "GET /panda-ground-sheet-45-75-cm-p-45411.html HTTP/1.0" 200 72612 "-" "Mozilla/5.0 (compatible; MJ12bot/v1.4.8; http://mj12bot.com/)"
144.76.200.68 - - [14/Dec/2020:12:39:56 +0100] "GET /rectangular-clock-indian-spirit-70-cm-p-42949.html HTTP/1.0" 200 71979 "-" "Mozilla/5.0 (compatible; MJ12bot/v1.4.8; http://mj12bot.com/)"
62.210.188.222 - - [14/Dec/2020:12:39:59 +0100] "GET /green-owl-beauty-nail-kit-p-28907.html HTTP/1.0" 200 71956 "-" "Mozilla/5.0 (compatible; Barkrowler/0.9; +https://babbar.tech/crawler)"
144.76.200.68 - - [14/Dec/2020:12:40:00 +0100] "GET /red-fitted-sheet-p-27507.html HTTP/1.0" 200 71737 "-" "Mozilla/5.0 (compatible; MJ12bot/v1.4.8; http://mj12bot.com/)"
144.76.200.68 - - [14/Dec/2020:12:40:04 +0100] "GET /retro-tea-box-p-40723.html HTTP/1.0" 200 71894 "-" "Mozilla/5.0 (compatible; MJ12bot/v1.4.8; http://mj12bot.com/)"
144.76.200.68 - - [14/Dec/2020:12:40:08 +0100] "GET /strawberries-oilcloth-240-160-cm-p-48559.html HTTP/1.0" 200 71944 "-" "Mozilla/5.0 (compatible; MJ12bot/v1.4.8; http://mj12bot.com/)"
17.58.101.145 - - [14/Dec/2020:12:40:09 +0100] "GET /hello-kitty-capri-pants-p-30238.html HTTP/1.0" 200 72981 "-" "Mozilla/5.0 (Macintosh; Intel Mac OS X 10_15_5) AppleWebKit/605.1.15 (KHTML, like Gecko) Version/13.1.1 Safari/605.1.15 (Applebot/0.1; +http://www.apple.com/go/applebot)"
62.210.188.222 - - [14/Dec/2020:12:40:09 +0100] "GET /flower-pot-terracotta-turtle-p-52700.html HTTP/1.0" 200 71971 "-" "Mozilla/5.0 (compatible; Barkrowler/0.9; +https://babbar.tech/crawler)"
144.76.200.68 - - [14/Dec/2020:12:40:12 +0100] "GET /summer-wooden-wall-decoration-to-hang-p-34314.html HTTP/1.0" 200 72067 "-" "Mozilla/5.0 (compatible; MJ12bot/v1.4.8; http://mj12bot.com/)"
144.76.200.68 - - [14/Dec/2020:12:40:15 +0100] "GET /vent-du-sud-bathrobe-size-sm-p-45898.html HTTP/1.0" 200 71906 "-" "Mozilla/5.0 (compatible; MJ12bot/v1.4.8; http://mj12bot.com/)"
144.76.200.68 - - [14/Dec/2020:12:40:20 +0100] "GET /white-fitted-sheet-p-27506.html HTTP/1.0" 200 71753 "-" "Mozilla/5.0 (compatible; MJ12bot/v1.4.8; http://mj12bot.com/)"
62.210.188.222 - - [14/Dec/2020:12:40:21 +0100] "GET /support-metal-bottle-the-skier-p-38255.html HTTP/1.0" 200 71969 "-" "Mozilla/5.0 (compatible; Barkrowler/0.9; +https://babbar.tech/crawler)"
62.210.188.222 - - [14/Dec/2020:12:40:31 +0100] "GET /miracle-tattoos-augmented-reality-p-30661.html HTTP/1.0" 200 72685 "-" "Mozilla/5.0 (compatible; Barkrowler/0.9; +https://babbar.tech/crawler)"
54.36.148.232 - - [14/Dec/2020:12:40:36 +0100] "GET /accessories-c-3.html?page=2 HTTP/1.0" 200 92242 "-" "Mozilla/5.0 (compatible; AhrefsBot/7.0; +http://ahrefs.com/robot/)"
185.191.171.9 - - [14/Dec/2020:12:40:42 +0100] "GET /robots.txt HTTP/1.0" 200 245 "-" "Mozilla/5.0 (compatible; SemrushBot/7~bl; +http://www.semrush.com/bot.html)"
185.191.171.11 - - [14/Dec/2020:12:40:43 +0100] "GET /backpacks-c-31_77.html?page=6 HTTP/1.0" 200 87488 "-" "Mozilla/5.0 (compatible; SemrushBot/7~bl; +http://www.semrush.com/bot.html)"
62.210.188.222 - - [14/Dec/2020:12:40:43 +0100] "GET /cushion-cover-beige-60-60-cm-p-34645.html HTTP/1.0" 200 72504 "-" "Mozilla/5.0 (compatible; Barkrowler/0.9; +https://babbar.tech/crawler)"
62.210.188.222 - - [14/Dec/2020:12:40:52 +0100] "GET /kitchen-towel-holder-hooks-p-52708.html HTTP/1.0" 200 72479 "-" "Mozilla/5.0 (compatible; Barkrowler/0.9; +https://babbar.tech/crawler)"
62.210.188.222 - - [14/Dec/2020:12:41:02 +0100] "GET /happy-colours-love-vinyl-beauty-bag-p-19009.html HTTP/1.0" 200 71845 "-" "Mozilla/5.0 (compatible; Barkrowler/0.9; +https://babbar.tech/crawler)"
62.210.188.222 - - [14/Dec/2020:12:41:11 +0100] "GET /dancing-music-box-the-little-prince-p-53240.html HTTP/1.0" 200 72754 "-" "Mozilla/5.0 (compatible; Barkrowler/0.9; +https://babbar.tech/crawler)"
51.68.224.127 - - [14/Dec/2020:12:41:15 +0100] "GET /adminweb/export_orders_xml.php?token=256de2z6edz6ed2z6DFSFsed2zed6zeDSFDSGdzedezfzf&maxorders=10&orderstart=1&status=14&start_date=2018-10-01 HTTP/1.0" 200 285 "-" "GesCom CharlotteBoutik Serveur"
51.68.224.127 - - [14/Dec/2020:12:41:15 +0100] "GET /adminweb/export_orders_xml.php?token=256de2z6edz6ed2z6DFSFsed2zed6zeDSFDSGdzedezfzf&maxorders=10&orderstart=1&status=6&start_date=2018-10-01 HTTP/1.0" 200 30026 "-" "GesCom CharlotteBoutik Serveur"
62.210.188.222 - - [14/Dec/2020:12:41:21 +0100] "GET /ethnic-style-burlap-table-p-48449.html HTTP/1.0" 200 71815 "-" "Mozilla/5.0 (compatible; Barkrowler/0.9; +https://babbar.tech/crawler)"
157.55.39.217 - - [14/Dec/2020:12:42:00 +0100] "GET /images/3521320703589.jpg HTTP/1.0" 200 259 "-" "Mozilla/5.0 (compatible; bingbot/2.0; +http://www.bing.com/bingbot.htm)"
177.39.96.180 - - [14/Dec/2020:12:42:08 +0100] "GET /account.php HTTP/1.0" 302 468 "-" "Mozilla/5.0 (Windows NT 10.0; Win64; x64) AppleWebKit/537.36 (KHTML, like Gecko) Chrome/87.0.4280.88 Safari/537.36"
177.39.96.180 - - [14/Dec/2020:12:42:10 +0100] "GET /login.php HTTP/1.0" 200 17155 "-" "Mozilla/5.0 (Windows NT 10.0; Win64; x64) AppleWebKit/537.36 (KHTML, like Gecko) Chrome/87.0.4280.88 Safari/537.36"
177.39.96.180 - - [14/Dec/2020:12:42:10 +0100] "GET /templates/Pixame_v1/stylesheet.css HTTP/1.0" 200 267 "http://www.wonder-geek.com/login.php" "Mozilla/5.0 (Windows NT 10.0; Win64; x64) AppleWebKit/537.36 (KHTML, like Gecko) Chrome/87.0.4280.88 Safari/537.36"
177.39.96.180 - - [14/Dec/2020:12:42:11 +0100] "GET /mondial_relay/js/jquery-1.3.2.min.js HTTP/1.0" 200 276 "http://www.wonder-geek.com/login.php" "Mozilla/5.0 (Windows NT 10.0; Win64; x64) AppleWebKit/537.36 (KHTML, like Gecko) Chrome/87.0.4280.88 Safari/537.36"
177.39.96.180 - - [14/Dec/2020:12:42:11 +0100] "GET /js/jquery.jqzoom.js HTTP/1.0" 200 259 "http://www.wonder-geek.com/login.php" "Mozilla/5.0 (Windows NT 10.0; Win64; x64) AppleWebKit/537.36 (KHTML, like Gecko) Chrome/87.0.4280.88 Safari/537.36"
177.39.96.180 - - [14/Dec/2020:12:42:11 +0100] "GET /highslide/highslide.js HTTP/1.0" 200 262 "http://www.wonder-geek.com/login.php" "Mozilla/5.0 (Windows NT 10.0; Win64; x64) AppleWebKit/537.36 (KHTML, like Gecko) Chrome/87.0.4280.88 Safari/537.36"
177.39.96.180 - - [14/Dec/2020:12:42:12 +0100] "GET /swfobject.js HTTP/1.0" 404 1308 "http://www.wonder-geek.com/login.php" "Mozilla/5.0 (Windows NT 10.0; Win64; x64) AppleWebKit/537.36 (KHTML, like Gecko) Chrome/87.0.4280.88 Safari/537.36"
177.39.96.180 - - [14/Dec/2020:12:42:12 +0100] "GET /js/jquery.js HTTP/1.0" 200 252 "http://www.wonder-geek.com/login.php" "Mozilla/5.0 (Windows NT 10.0; Win64; x64) AppleWebKit/537.36 (KHTML, like Gecko) Chrome/87.0.4280.88 Safari/537.36"
177.39.96.180 - - [14/Dec/2020:12:42:12 +0100] "GET /templates/Pixame_v1/images/icon_accueil2.png HTTP/1.0" 200 278 "http://www.wonder-geek.com/login.php" "Mozilla/5.0 (Windows NT 10.0; Win64; x64) AppleWebKit/537.36 (KHTML, like Gecko) Chrome/87.0.4280.88 Safari/537.36"
177.39.96.180 - - [14/Dec/2020:12:42:13 +0100] "GET /templates/Pixame_v1/images/infobox/pixel_trans.gif HTTP/1.0" 200 328 "http://www.wonder-geek.com/login.php" "Mozilla/5.0 (Windows NT 10.0; Win64; x64) AppleWebKit/537.36 (KHTML, like Gecko) Chrome/87.0.4280.88 Safari/537.36"
177.39.96.180 - - [14/Dec/2020:12:42:13 +0100] "GET /images/pixel_trans.gif HTTP/1.0" 200 328 "http://www.wonder-geek.com/login.php" "Mozilla/5.0 (Windows NT 10.0; Win64; x64) AppleWebKit/537.36 (KHTML, like Gecko) Chrome/87.0.4280.88 Safari/537.36"
177.39.96.180 - - [14/Dec/2020:12:42:13 +0100] "GET /templates/Pixame_v1/images/buttons/english/button_create_account.gif HTTP/1.0" 200 302 "http://www.wonder-geek.com/login.php" "Mozilla/5.0 (Windows NT 10.0; Win64; x64) AppleWebKit/537.36 (KHTML, like Gecko) Chrome/87.0.4280.88 Safari/537.36"
177.39.96.180 - - [14/Dec/2020:12:42:13 +0100] "GET /templates/Pixame_v1/images/pixel_trans.gif HTTP/1.0" 200 328 "http://www.wonder-geek.com/login.php" "Mozilla/5.0 (Windows NT 10.0; Win64; x64) AppleWebKit/537.36 (KHTML, like Gecko) Chrome/87.0.4280.88 Safari/537.36"
177.39.96.180 - - [14/Dec/2020:12:42:13 +0100] "GET /templates/Pixame_v1/images/buttons/english/button_login.gif HTTP/1.0" 200 1197 "http://www.wonder-geek.com/login.php" "Mozilla/5.0 (Windows NT 10.0; Win64; x64) AppleWebKit/537.36 (KHTML, like Gecko) Chrome/87.0.4280.88 Safari/537.36"
62.210.188.222 - - [14/Dec/2020:12:42:13 +0100] "GET /little-buddha-happy-statue-10-cm-p-37709.html HTTP/1.0" 200 71947 "-" "Mozilla/5.0 (compatible; Barkrowler/0.9; +https://babbar.tech/crawler)"
177.39.96.180 - - [14/Dec/2020:12:42:13 +0100] "GET /templates/Pixame_v1/images/Bottom_texture.jpg HTTP/1.0" 200 280 "http://www.wonder-geek.com/templates/Pixame_v1/stylesheet.css" "Mozilla/5.0 (Windows NT 10.0; Win64; x64) AppleWebKit/537.36 (KHTML, like Gecko) Chrome/87.0.4280.88 Safari/537.36"
177.39.96.180 - - [14/Dec/2020:12:42:13 +0100] "GET /templates/Pixame_v1/images/Middle_texture.jpg HTTP/1.0" 200 280 "http://www.wonder-geek.com/templates/Pixame_v1/stylesheet.css" "Mozilla/5.0 (Windows NT 10.0; Win64; x64) AppleWebKit/537.36 (KHTML, like Gecko) Chrome/87.0.4280.88 Safari/537.36"
177.39.96.180 - - [14/Dec/2020:12:42:13 +0100] "GET /templates/Pixame_v1/images/nav.png HTTP/1.0" 200 268 "http://www.wonder-geek.com/templates/Pixame_v1/stylesheet.css" "Mozilla/5.0 (Windows NT 10.0; Win64; x64) AppleWebKit/537.36 (KHTML, like Gecko) Chrome/87.0.4280.88 Safari/537.36"
177.39.96.180 - - [14/Dec/2020:12:42:13 +0100] "GET /templates/Pixame_v1/images/header.png HTTP/1.0" 200 271 "http://www.wonder-geek.com/templates/Pixame_v1/stylesheet.css" "Mozilla/5.0 (Windows NT 10.0; Win64; x64) AppleWebKit/537.36 (KHTML, like Gecko) Chrome/87.0.4280.88 Safari/537.36"
177.39.96.180 - - [14/Dec/2020:12:42:13 +0100] "GET /templates/Pixame_v1/images/header-object.png HTTP/1.0" 200 278 "http://www.wonder-geek.com/templates/Pixame_v1/stylesheet.css" "Mozilla/5.0 (Windows NT 10.0; Win64; x64) AppleWebKit/537.36 (KHTML, like Gecko) Chrome/87.0.4280.88 Safari/537.36"
177.39.96.180 - - [14/Dec/2020:12:42:13 +0100] "GET /swfobject.js HTTP/1.0" 404 1308 "http://www.wonder-geek.com/login.php" "Mozilla/5.0 (Windows NT 10.0; Win64; x64) AppleWebKit/537.36 (KHTML, like Gecko) Chrome/87.0.4280.88 Safari/537.36"
177.39.96.180 - - [14/Dec/2020:12:42:14 +0100] "GET /templates/Pixame_v1/images/infobox/infobox_footer_middle.gif HTTP/1.0" 200 357 "http://www.wonder-geek.com/" "Mozilla/5.0 (Windows NT 10.0; Win64; x64) AppleWebKit/537.36 (KHTML, like Gecko) Chrome/87.0.4280.88 Safari/537.36"
13.66.139.65 - - [14/Dec/2020:12:42:14 +0100] "GET /-p-30214.html HTTP/1.0" 200 69192 "-" "Mozilla/5.0 (compatible; bingbot/2.0; +http://www.bing.com/bingbot.htm)"
177.39.96.180 - - [14/Dec/2020:12:42:16 +0100] "GET /highslide/graphics/outlines/drop-shadow.png HTTP/1.0" 200 277 "http://www.wonder-geek.com/login.php" "Mozilla/5.0 (Windows NT 10.0; Win64; x64) AppleWebKit/537.36 (KHTML, like Gecko) Chrome/87.0.4280.88 Safari/537.36"
177.39.96.180 - - [14/Dec/2020:12:42:16 +0100] "GET /highslide/graphics/zoomout.cur HTTP/1.0" 200 614 "http://www.wonder-geek.com/login.php" "Mozilla/5.0 (Windows NT 10.0; Win64; x64) AppleWebKit/537.36 (KHTML, like Gecko) Chrome/87.0.4280.88 Safari/537.36"
177.39.96.180 - - [14/Dec/2020:12:42:16 +0100] "GET /highslide/graphics/loader.white.gif HTTP/1.0" 200 960 "http://www.wonder-geek.com/templates/Pixame_v1/stylesheet.css" "Mozilla/5.0 (Windows NT 10.0; Win64; x64) AppleWebKit/537.36 (KHTML, like Gecko) Chrome/87.0.4280.88 Safari/537.36"
62.210.188.222 - - [14/Dec/2020:12:42:22 +0100] "GET /gilt-mug-with-personalized-picture-p-16639.html HTTP/1.0" 200 72365 "-" "Mozilla/5.0 (compatible; Barkrowler/0.9; +https://babbar.tech/crawler)"
177.39.96.180 - - [14/Dec/2020:12:42:31 +0100] "POST /login.php?action=process HTTP/1.0" 302 470 "http://www.wonder-geek.com/login.php" "Mozilla/5.0 (Windows NT 10.0; Win64; x64) AppleWebKit/537.36 (KHTML, like Gecko) Chrome/87.0.4280.88 Safari/537.36"
62.210.188.222 - - [14/Dec/2020:12:42:31 +0100] "GET /photo-frames-and-memo-clips-c-13_132.html?page=2 HTTP/1.0" 200 90934 "-" "Mozilla/5.0 (compatible; Barkrowler/0.9; +https://babbar.tech/crawler)"
177.39.96.180 - - [14/Dec/2020:12:42:32 +0100] "GET /account.php HTTP/1.0" 200 75108 "http://www.wonder-geek.com/login.php" "Mozilla/5.0 (Windows NT 10.0; Win64; x64) AppleWebKit/537.36 (KHTML, like Gecko) Chrome/87.0.4280.88 Safari/537.36"
177.39.96.180 - - [14/Dec/2020:12:42:34 +0100] "GET /swfobject.js HTTP/1.0" 404 1308 "http://www.wonder-geek.com/account.php" "Mozilla/5.0 (Windows NT 10.0; Win64; x64) AppleWebKit/537.36 (KHTML, like Gecko) Chrome/87.0.4280.88 Safari/537.36"
177.39.96.180 - - [14/Dec/2020:12:42:34 +0100] "GET /images/table_background_account.gif HTTP/1.0" 200 1094 "http://www.wonder-geek.com/account.php" "Mozilla/5.0 (Windows NT 10.0; Win64; x64) AppleWebKit/537.36 (KHTML, like Gecko) Chrome/87.0.4280.88 Safari/537.36"
177.39.96.180 - - [14/Dec/2020:12:42:34 +0100] "GET /images/arrow_south_east.gif HTTP/1.0" 200 261 "http://www.wonder-geek.com/account.php" "Mozilla/5.0 (Windows NT 10.0; Win64; x64) AppleWebKit/537.36 (KHTML, like Gecko) Chrome/87.0.4280.88 Safari/537.36"
177.39.96.180 - - [14/Dec/2020:12:42:34 +0100] "GET /images/account_personal.gif HTTP/1.0" 200 261 "http://www.wonder-geek.com/account.php" "Mozilla/5.0 (Windows NT 10.0; Win64; x64) AppleWebKit/537.36 (KHTML, like Gecko) Chrome/87.0.4280.88 Safari/537.36"
177.39.96.180 - - [14/Dec/2020:12:42:34 +0100] "GET /images/account_orders.gif HTTP/1.0" 200 259 "http://www.wonder-geek.com/account.php" "Mozilla/5.0 (Windows NT 10.0; Win64; x64) AppleWebKit/537.36 (KHTML, like Gecko) Chrome/87.0.4280.88 Safari/537.36"
177.39.96.180 - - [14/Dec/2020:12:42:34 +0100] "GET /images/account_notifications.gif HTTP/1.0" 200 266 "http://www.wonder-geek.com/account.php" "Mozilla/5.0 (Windows NT 10.0; Win64; x64) AppleWebKit/537.36 (KHTML, like Gecko) Chrome/87.0.4280.88 Safari/537.36"
177.39.96.180 - - [14/Dec/2020:12:42:34 +0100] "GET /design/productsenstock.png HTTP/1.0" 200 260 "http://www.wonder-geek.com/templates/Pixame_v1/stylesheet.css" "Mozilla/5.0 (Windows NT 10.0; Win64; x64) AppleWebKit/537.36 (KHTML, like Gecko) Chrome/87.0.4280.88 Safari/537.36"
177.39.96.180 - - [14/Dec/2020:12:42:35 +0100] "GET /templates/Pixame_v1/images/buttons/english/small_view.gif HTTP/1.0" 200 1195 "http://www.wonder-geek.com/account.php" "Mozilla/5.0 (Windows NT 10.0; Win64; x64) AppleWebKit/537.36 (KHTML, like Gecko) Chrome/87.0.4280.88 Safari/537.36"
177.39.96.180 - - [14/Dec/2020:12:42:35 +0100] "GET /images/arrow_green.gif HTTP/1.0" 200 354 "http://www.wonder-geek.com/account.php" "Mozilla/5.0 (Windows NT 10.0; Win64; x64) AppleWebKit/537.36 (KHTML, like Gecko) Chrome/87.0.4280.88 Safari/537.36"
177.39.96.180 - - [14/Dec/2020:12:42:39 +0100] "GET /account_history_info.php?order_id=670 HTTP/1.0" 200 74839 "http://www.wonder-geek.com/account.php" "Mozilla/5.0 (Windows NT 10.0; Win64; x64) AppleWebKit/537.36 (KHTML, like Gecko) Chrome/87.0.4280.88 Safari/537.36"
177.39.96.180 - - [14/Dec/2020:12:42:40 +0100] "GET /swfobject.js HTTP/1.0" 404 1308 "http://www.wonder-geek.com/account_history_info.php?order_id=670" "Mozilla/5.0 (Windows NT 10.0; Win64; x64) AppleWebKit/537.36 (KHTML, like Gecko) Chrome/87.0.4280.88 Safari/537.36"
177.39.96.180 - - [14/Dec/2020:12:42:40 +0100] "GET /images/table_background_history.gif HTTP/1.0" 200 1094 "http://www.wonder-geek.com/account_history_info.php?order_id=670" "Mozilla/5.0 (Windows NT 10.0; Win64; x64) AppleWebKit/537.36 (KHTML, like Gecko) Chrome/87.0.4280.88 Safari/537.36"
177.39.96.180 - - [14/Dec/2020:12:42:40 +0100] "GET /templates/Pixame_v1/images/buttons/english/button_printorder.gif HTTP/1.0" 200 298 "http://www.wonder-geek.com/account_history_info.php?order_id=670" "Mozilla/5.0 (Windows NT 10.0; Win64; x64) AppleWebKit/537.36 (KHTML, like Gecko) Chrome/87.0.4280.88 Safari/537.36"
177.39.96.180 - - [14/Dec/2020:12:42:40 +0100] "GET /templates/Pixame_v1/images/buttons/english/button_back.gif HTTP/1.0" 200 1152 "http://www.wonder-geek.com/account_history_info.php?order_id=670" "Mozilla/5.0 (Windows NT 10.0; Win64; x64) AppleWebKit/537.36 (KHTML, like Gecko) Chrome/87.0.4280.88 Safari/537.36"
62.210.188.222 - - [14/Dec/2020:12:42:48 +0100] "GET /vintage-clock-metal-and-wood-49-cm-p-49265.html HTTP/1.0" 200 71998 "-" "Mozilla/5.0 (compatible; Barkrowler/0.9; +https://babbar.tech/crawler)"
