85.10.199.185 - - [14/Dec/2020:06:45:56 +0100] "GET /-p-28575.html HTTP/1.0" 200 69192 "-" "Mozilla/5.0 (compatible; MJ12bot/v1.4.8; http://mj12bot.com/)"
85.10.199.185 - - [14/Dec/2020:06:46:04 +0100] "GET /-p-28592.html HTTP/1.0" 200 69192 "-" "Mozilla/5.0 (compatible; MJ12bot/v1.4.8; http://mj12bot.com/)"
54.36.148.83 - - [14/Dec/2020:06:46:06 +0100] "GET /charmmy-kitty-red-snack-bag-p-14538.html HTTP/1.0" 200 72820 "-" "Mozilla/5.0 (compatible; AhrefsBot/7.0; +http://ahrefs.com/robot/)"
17.58.101.145 - - [14/Dec/2020:06:46:08 +0100] "GET /gorjuss-tartan-suitcase-boxes-set-p-48415.html HTTP/1.0" 200 74125 "-" "Mozilla/5.0 (Macintosh; Intel Mac OS X 10_15_5) AppleWebKit/605.1.15 (KHTML, like Gecko) Version/13.1.1 Safari/605.1.15 (Applebot/0.1; +http://www.apple.com/go/applebot)"
85.10.199.185 - - [14/Dec/2020:06:46:10 +0100] "GET /-p-28593.html HTTP/1.0" 200 69192 "-" "Mozilla/5.0 (compatible; MJ12bot/v1.4.8; http://mj12bot.com/)"
85.10.199.185 - - [14/Dec/2020:06:46:18 +0100] "GET /-p-28595.html HTTP/1.0" 200 69192 "-" "Mozilla/5.0 (compatible; MJ12bot/v1.4.8; http://mj12bot.com/)"
103.218.216.113 - - [14/Dec/2020:06:46:22 +0100] "GET /images/DSCN168930082012.jpg HTTP/1.0" 200 262 "-" "Mozilla/5.0 (Windows NT 6.1; Win64; x64) AppleWebKit/537.36 (KHTML, like Gecko) Chrome/74.0.3729.157 Safari/537.36"
13.66.139.79 - - [14/Dec/2020:06:46:28 +0100] "GET /images/3453131117418.jpg HTTP/1.0" 200 259 "-" "Mozilla/5.0 (compatible; bingbot/2.0; +http://www.bing.com/bingbot.htm)"
85.10.199.185 - - [14/Dec/2020:06:46:30 +0100] "GET /-p-28784.html HTTP/1.0" 200 69192 "-" "Mozilla/5.0 (compatible; MJ12bot/v1.4.8; http://mj12bot.com/)"
77.75.78.169 - - [14/Dec/2020:06:46:36 +0100] "GET /robots.txt HTTP/1.0" 200 245 "-" "Mozilla/5.0 (compatible; SeznamBot/3.2; +http://napoveda.seznam.cz/en/seznambot-intro/)"
77.75.78.169 - - [14/Dec/2020:06:46:37 +0100] "GET /barbabelle-and-francois-car-p-15686.html HTTP/1.0" 200 72038 "-" "Mozilla/5.0 (compatible; SeznamBot/3.2; +http://napoveda.seznam.cz/en/seznambot-intro/)"
77.75.78.169 - - [14/Dec/2020:06:46:40 +0100] "GET /images/mini_prod/a8422048810410.jpg HTTP/1.0" 200 270 "-" "Mozilla/5.0 (compatible; SeznamBot/3.2; +http://napoveda.seznam.cz/en/seznambot-intro/)"
85.10.199.185 - - [14/Dec/2020:06:46:46 +0100] "GET /-p-28806.html HTTP/1.0" 200 69192 "-" "Mozilla/5.0 (compatible; MJ12bot/v1.4.8; http://mj12bot.com/)"
149.202.82.11 - - [14/Dec/2020:06:46:51 +0100] "GET /robots.txt HTTP/1.0" 200 245 "-" "Mozilla/5.0 (compatible; MJ12bot/v1.4.8; http://mj12bot.com/)"
85.10.199.185 - - [14/Dec/2020:06:46:55 +0100] "GET /-p-28810.html HTTP/1.0" 200 69192 "-" "Mozilla/5.0 (compatible; MJ12bot/v1.4.8; http://mj12bot.com/)"
85.10.199.185 - - [14/Dec/2020:06:47:04 +0100] "GET /-p-28818.html HTTP/1.0" 200 69192 "-" "Mozilla/5.0 (compatible; MJ12bot/v1.4.8; http://mj12bot.com/)"
85.10.199.185 - - [14/Dec/2020:06:47:11 +0100] "GET /-p-28854.html HTTP/1.0" 200 69192 "-" "Mozilla/5.0 (compatible; MJ12bot/v1.4.8; http://mj12bot.com/)"
85.10.199.185 - - [14/Dec/2020:06:47:22 +0100] "GET /-p-28864.html HTTP/1.0" 200 69192 "-" "Mozilla/5.0 (compatible; MJ12bot/v1.4.8; http://mj12bot.com/)"
85.10.199.185 - - [14/Dec/2020:06:47:33 +0100] "GET /-p-28914.html HTTP/1.0" 200 69192 "-" "Mozilla/5.0 (compatible; MJ12bot/v1.4.8; http://mj12bot.com/)"
149.202.82.11 - - [14/Dec/2020:06:47:34 +0100] "GET /towel-bath-towels-c-11_70.html?page=1 HTTP/1.0" 200 91335 "-" "Mozilla/5.0 (compatible; MJ12bot/v1.4.8; http://mj12bot.com/)"
85.10.199.185 - - [14/Dec/2020:06:47:43 +0100] "GET /-p-28952.html HTTP/1.0" 200 69192 "-" "Mozilla/5.0 (compatible; MJ12bot/v1.4.8; http://mj12bot.com/)"
85.10.199.185 - - [14/Dec/2020:06:47:54 +0100] "GET /-p-29022.html HTTP/1.0" 200 69192 "-" "Mozilla/5.0 (compatible; MJ12bot/v1.4.8; http://mj12bot.com/)"
85.10.199.185 - - [14/Dec/2020:06:48:04 +0100] "GET /-p-29363.html HTTP/1.0" 200 69192 "-" "Mozilla/5.0 (compatible; MJ12bot/v1.4.8; http://mj12bot.com/)"
149.202.82.11 - - [14/Dec/2020:06:48:05 +0100] "GET /towel-bath-towels-c-11_70.html?page=5 HTTP/1.0" 200 83183 "-" "Mozilla/5.0 (compatible; MJ12bot/v1.4.8; http://mj12bot.com/)"
85.10.199.185 - - [14/Dec/2020:06:48:15 +0100] "GET /-p-29481.html HTTP/1.0" 200 69192 "-" "Mozilla/5.0 (compatible; MJ12bot/v1.4.8; http://mj12bot.com/)"
149.202.82.11 - - [14/Dec/2020:06:48:18 +0100] "GET /towel-bath-towels-c-11_70.html?page=6 HTTP/1.0" 200 83183 "-" "Mozilla/5.0 (compatible; MJ12bot/v1.4.8; http://mj12bot.com/)"
85.10.199.185 - - [14/Dec/2020:06:48:26 +0100] "GET /-p-29490.html HTTP/1.0" 200 69192 "-" "Mozilla/5.0 (compatible; MJ12bot/v1.4.8; http://mj12bot.com/)"
13.66.139.26 - - [14/Dec/2020:06:48:33 +0100] "GET /images/big_prod/3503420151002.jpg HTTP/1.0" 200 268 "-" "Mozilla/5.0 (compatible; bingbot/2.0; +http://www.bing.com/bingbot.htm)"
54.36.148.83 - - [14/Dec/2020:06:48:34 +0100] "GET /fdm-fiers-etre-marseillais-blue-track-jacket-p-29914.html HTTP/1.0" 200 73294 "-" "Mozilla/5.0 (compatible; AhrefsBot/7.0; +http://ahrefs.com/robot/)"
85.10.199.185 - - [14/Dec/2020:06:48:36 +0100] "GET /-p-29492.html HTTP/1.0" 200 69192 "-" "Mozilla/5.0 (compatible; MJ12bot/v1.4.8; http://mj12bot.com/)"
149.202.82.11 - - [14/Dec/2020:06:48:45 +0100] "GET /towel-bath-towels-c-11_70.html?page=7 HTTP/1.0" 200 83183 "-" "Mozilla/5.0 (compatible; MJ12bot/v1.4.8; http://mj12bot.com/)"
85.10.199.185 - - [14/Dec/2020:06:48:47 +0100] "GET /-p-29496.html HTTP/1.0" 200 69192 "-" "Mozilla/5.0 (compatible; MJ12bot/v1.4.8; http://mj12bot.com/)"
85.10.199.185 - - [14/Dec/2020:06:48:59 +0100] "GET /-p-29497.html HTTP/1.0" 200 69192 "-" "Mozilla/5.0 (compatible; MJ12bot/v1.4.8; http://mj12bot.com/)"
149.202.82.11 - - [14/Dec/2020:06:49:06 +0100] "GET /towel-bath-towels-c-11_70.html?page=9 HTTP/1.0" 200 83183 "-" "Mozilla/5.0 (compatible; MJ12bot/v1.4.8; http://mj12bot.com/)"
85.10.199.185 - - [14/Dec/2020:06:49:14 +0100] "GET /-p-29503.html HTTP/1.0" 200 69192 "-" "Mozilla/5.0 (compatible; MJ12bot/v1.4.8; http://mj12bot.com/)"
149.202.82.11 - - [14/Dec/2020:06:49:23 +0100] "GET /towel-xxl-top-model-p-17814.html HTTP/1.0" 200 69278 "-" "Mozilla/5.0 (compatible; MJ12bot/v1.4.8; http://mj12bot.com/)"
85.10.199.185 - - [14/Dec/2020:06:49:24 +0100] "GET /-p-29768.html HTTP/1.0" 200 69192 "-" "Mozilla/5.0 (compatible; MJ12bot/v1.4.8; http://mj12bot.com/)"
85.10.199.185 - - [14/Dec/2020:06:49:39 +0100] "GET /-p-29829.html HTTP/1.0" 200 69192 "-" "Mozilla/5.0 (compatible; MJ12bot/v1.4.8; http://mj12bot.com/)"
85.10.199.185 - - [14/Dec/2020:06:49:52 +0100] "GET /-p-29839.html HTTP/1.0" 200 69192 "-" "Mozilla/5.0 (compatible; MJ12bot/v1.4.8; http://mj12bot.com/)"
85.10.199.185 - - [14/Dec/2020:06:49:58 +0100] "GET /-p-29872.html HTTP/1.0" 200 69192 "-" "Mozilla/5.0 (compatible; MJ12bot/v1.4.8; http://mj12bot.com/)"
85.10.199.185 - - [14/Dec/2020:06:50:04 +0100] "GET /-p-29881.html HTTP/1.0" 200 69192 "-" "Mozilla/5.0 (compatible; MJ12bot/v1.4.8; http://mj12bot.com/)"
149.202.82.11 - - [14/Dec/2020:06:50:01 +0100] "GET /toys-c-4_45.html HTTP/1.0" 200 90370 "-" "Mozilla/5.0 (compatible; MJ12bot/v1.4.8; http://mj12bot.com/)"
114.119.154.200 - - [14/Dec/2020:06:50:08 +0100] "GET /fragrances-of-ambiance-c-231.html HTTP/1.0" 200 91663 "-" "Mozilla/5.0 (Linux; Android 7.0;) AppleWebKit/537.36 (KHTML, like Gecko) Mobile Safari/537.36 (compatible; PetalBot;+https://aspiegel.com/petalbot)"
85.10.199.185 - - [14/Dec/2020:06:50:16 +0100] "GET /-p-30005.html HTTP/1.0" 200 69192 "-" "Mozilla/5.0 (compatible; MJ12bot/v1.4.8; http://mj12bot.com/)"
85.10.199.185 - - [14/Dec/2020:06:50:23 +0100] "GET /-p-30041.html HTTP/1.0" 200 69192 "-" "Mozilla/5.0 (compatible; MJ12bot/v1.4.8; http://mj12bot.com/)"
54.36.148.5 - - [14/Dec/2020:06:50:32 +0100] "GET /cow-ceramic-dish-p-45703.html HTTP/1.0" 200 71773 "-" "Mozilla/5.0 (compatible; AhrefsBot/7.0; +http://ahrefs.com/robot/)"
85.10.199.185 - - [14/Dec/2020:06:50:40 +0100] "GET /-p-30043.html HTTP/1.0" 200 69192 "-" "Mozilla/5.0 (compatible; MJ12bot/v1.4.8; http://mj12bot.com/)"
149.202.82.11 - - [14/Dec/2020:06:50:45 +0100] "GET /training-bottle-by-cbkreation-p-43436.html HTTP/1.0" 200 72178 "-" "Mozilla/5.0 (compatible; MJ12bot/v1.4.8; http://mj12bot.com/)"
85.10.199.185 - - [14/Dec/2020:06:50:46 +0100] "GET /-p-30044.html HTTP/1.0" 200 69192 "-" "Mozilla/5.0 (compatible; MJ12bot/v1.4.8; http://mj12bot.com/)"
85.10.199.185 - - [14/Dec/2020:06:50:56 +0100] "GET /-p-30051.html HTTP/1.0" 200 69192 "-" "Mozilla/5.0 (compatible; MJ12bot/v1.4.8; http://mj12bot.com/)"
85.10.199.185 - - [14/Dec/2020:06:51:06 +0100] "GET /-p-30055.html HTTP/1.0" 200 69192 "-" "Mozilla/5.0 (compatible; MJ12bot/v1.4.8; http://mj12bot.com/)"
195.123.209.118 - - [14/Dec/2020:06:51:11 +0100] "GET /snowman-solar-powered-dancing-p-34143.html]Test HTTP/1.0" 301 609 "https://apteka-online.biz/" "Mozilla/4.0 (compatible; MSIE 5.0; Windows 2000) Opera 6.0 [en]"
195.123.209.118 - - [14/Dec/2020:06:51:12 +0100] "GET /snowman-solar-powered-dancing-p-34143.html]Test HTTP/1.0" 301 609 "https://apteka-online.biz/" "Mozilla/4.0 (compatible; MSIE 5.0; Windows 2000) Opera 6.0 [en]"
195.123.209.118 - - [14/Dec/2020:06:51:12 +0100] "GET /snowman-solar-powered-dancing-p-34143.html]Test HTTP/1.0" 301 609 "https://apteka-online.biz/" "Mozilla/4.0 (compatible; MSIE 5.0; Windows 2000) Opera 6.0 [en]"
13.66.139.26 - - [14/Dec/2020:06:51:13 +0100] "GET /images/4010070115104.jpg HTTP/1.0" 200 259 "-" "Mozilla/5.0 (compatible; bingbot/2.0; +http://www.bing.com/bingbot.htm)"
149.202.82.11 - - [14/Dec/2020:06:51:12 +0100] "GET /transparent-rectangular-plastic-tablecloth-140-200-cm-p-52774.html HTTP/1.0" 200 72086 "-" "Mozilla/5.0 (compatible; MJ12bot/v1.4.8; http://mj12bot.com/)"
85.10.199.185 - - [14/Dec/2020:06:51:19 +0100] "GET /-p-30056.html HTTP/1.0" 200 69192 "-" "Mozilla/5.0 (compatible; MJ12bot/v1.4.8; http://mj12bot.com/)"
149.202.82.11 - - [14/Dec/2020:06:51:31 +0100] "GET /transportable-and-rechargeable-radio-p-52633.html HTTP/1.0" 200 72839 "-" "Mozilla/5.0 (compatible; MJ12bot/v1.4.8; http://mj12bot.com/)"
85.10.199.185 - - [14/Dec/2020:06:51:33 +0100] "GET /-p-30066.html HTTP/1.0" 200 69192 "-" "Mozilla/5.0 (compatible; MJ12bot/v1.4.8; http://mj12bot.com/)"
85.10.199.185 - - [14/Dec/2020:06:51:42 +0100] "GET /-p-30067.html HTTP/1.0" 200 69192 "-" "Mozilla/5.0 (compatible; MJ12bot/v1.4.8; http://mj12bot.com/)"
149.202.82.11 - - [14/Dec/2020:06:51:52 +0100] "GET /tweety-purple-towel-p-13778.html HTTP/1.0" 200 69278 "-" "Mozilla/5.0 (compatible; MJ12bot/v1.4.8; http://mj12bot.com/)"
13.66.139.26 - - [14/Dec/2020:06:51:54 +0100] "GET /images/400689165228710072012.jpg HTTP/1.0" 200 267 "-" "Mozilla/5.0 (compatible; bingbot/2.0; +http://www.bing.com/bingbot.htm)"
13.66.139.26 - - [14/Dec/2020:06:51:54 +0100] "GET /images/1399984235829.jpg HTTP/1.0" 200 259 "-" "Mozilla/5.0 (compatible; bingbot/2.0; +http://www.bing.com/bingbot.htm)"
85.10.199.185 - - [14/Dec/2020:06:51:55 +0100] "GET /-p-30070.html HTTP/1.0" 200 69192 "-" "Mozilla/5.0 (compatible; MJ12bot/v1.4.8; http://mj12bot.com/)"
85.10.199.185 - - [14/Dec/2020:06:52:03 +0100] "GET /-p-30098.html HTTP/1.0" 200 69192 "-" "Mozilla/5.0 (compatible; MJ12bot/v1.4.8; http://mj12bot.com/)"
85.10.199.185 - - [14/Dec/2020:06:52:14 +0100] "GET /-p-30138.html HTTP/1.0" 200 69192 "-" "Mozilla/5.0 (compatible; MJ12bot/v1.4.8; http://mj12bot.com/)"
149.202.82.11 - - [14/Dec/2020:06:52:15 +0100] "GET /uk-coin-purse-p-29978.html HTTP/1.0" 200 71807 "-" "Mozilla/5.0 (compatible; MJ12bot/v1.4.8; http://mj12bot.com/)"
66.249.70.62 - - [14/Dec/2020:06:52:12 +0100] "GET /trays-c-12_159.html HTTP/1.0" 200 91193 "-" "Mozilla/5.0 (compatible; Googlebot/2.1; +http://www.google.com/bot.html)"
85.10.199.185 - - [14/Dec/2020:06:52:26 +0100] "GET /-p-30190.html HTTP/1.0" 200 69192 "-" "Mozilla/5.0 (compatible; MJ12bot/v1.4.8; http://mj12bot.com/)"
85.10.199.185 - - [14/Dec/2020:06:52:34 +0100] "GET /-p-30349.html HTTP/1.0" 200 69192 "-" "Mozilla/5.0 (compatible; MJ12bot/v1.4.8; http://mj12bot.com/)"
149.202.82.11 - - [14/Dec/2020:06:52:34 +0100] "GET /us-route-66-feel-the-freedom-cosmetic-bag-p-18867.html HTTP/1.0" 200 72075 "-" "Mozilla/5.0 (compatible; MJ12bot/v1.4.8; http://mj12bot.com/)"
85.10.199.185 - - [14/Dec/2020:06:52:41 +0100] "GET /-p-30365.html HTTP/1.0" 200 69192 "-" "Mozilla/5.0 (compatible; MJ12bot/v1.4.8; http://mj12bot.com/)"
54.36.148.221 - - [14/Dec/2020:06:52:43 +0100] "GET /ceramic-salt-pot-with-spoon-flammy-p-47874.html HTTP/1.0" 200 71904 "-" "Mozilla/5.0 (compatible; AhrefsBot/7.0; +http://ahrefs.com/robot/)"
85.10.199.185 - - [14/Dec/2020:06:52:48 +0100] "GET /-p-30413.html HTTP/1.0" 200 69192 "-" "Mozilla/5.0 (compatible; MJ12bot/v1.4.8; http://mj12bot.com/)"
85.10.199.185 - - [14/Dec/2020:06:52:59 +0100] "GET /adult-apron-arabica-collection-p-52678.html HTTP/1.0" 200 71875 "-" "Mozilla/5.0 (compatible; MJ12bot/v1.4.8; http://mj12bot.com/)"
149.202.82.11 - - [14/Dec/2020:06:52:59 +0100] "GET /usa-bedclothes-220-240-cm-p-24563.html HTTP/1.0" 200 69314 "-" "Mozilla/5.0 (compatible; MJ12bot/v1.4.8; http://mj12bot.com/)"
85.10.199.185 - - [14/Dec/2020:06:53:09 +0100] "GET /adult-apron-claude-collection-p-52677.html HTTP/1.0" 200 71868 "-" "Mozilla/5.0 (compatible; MJ12bot/v1.4.8; http://mj12bot.com/)"
149.202.82.11 - - [14/Dec/2020:06:53:22 +0100] "GET /van-gogh-nuit-toile-shoulder-hook-bag-made-in-france-p-47436.html HTTP/1.0" 200 69398 "-" "Mozilla/5.0 (compatible; MJ12bot/v1.4.8; http://mj12bot.com/)"
85.10.199.185 - - [14/Dec/2020:06:53:22 +0100] "GET /aladdin-figure-p-2854.html HTTP/1.0" 200 69251 "-" "Mozilla/5.0 (compatible; MJ12bot/v1.4.8; http://mj12bot.com/)"
85.10.199.185 - - [14/Dec/2020:06:53:31 +0100] "GET /aladin-bag-laissez-lucie-faire-p-49019.html HTTP/1.0" 200 69302 "-" "Mozilla/5.0 (compatible; MJ12bot/v1.4.8; http://mj12bot.com/)"
85.10.199.185 - - [14/Dec/2020:06:53:40 +0100] "GET /alarms-clocks-clocks-and-watches/alarms-clocks/little-prince-alarm-clock-p-20384.html HTTP/1.0" 301 69259 "-" "Mozilla/5.0 (compatible; MJ12bot/v1.4.8; http://mj12bot.com/)"
85.10.199.185 - - [14/Dec/2020:06:53:48 +0100] "GET /-p-20384.html HTTP/1.0" 200 69192 "-" "Mozilla/5.0 (compatible; MJ12bot/v1.4.8; http://mj12bot.com/)"
149.202.82.11 - - [14/Dec/2020:06:53:51 +0100] "GET /van-gogh-terrasse-du-caf-le-soir-shoulder-bag-made-in-france-p-47435.html HTTP/1.0" 200 72376 "-" "Mozilla/5.0 (compatible; MJ12bot/v1.4.8; http://mj12bot.com/)"
13.66.139.26 - - [14/Dec/2020:06:53:53 +0100] "GET /images/3298060226363.jpg HTTP/1.0" 200 259 "-" "Mozilla/5.0 (compatible; bingbot/2.0; +http://www.bing.com/bingbot.htm)"
85.10.199.185 - - [14/Dec/2020:06:53:59 +0100] "GET /alarms-clocks-clocks-and-watches/alarms-clocks/little-prince-alarm-clock-p-20385.html HTTP/1.0" 301 69259 "-" "Mozilla/5.0 (compatible; MJ12bot/v1.4.8; http://mj12bot.com/)"
207.46.13.49 - - [14/Dec/2020:06:53:59 +0100] "GET /incense-c-231_226.html HTTP/1.0" 200 90752 "-" "Mozilla/5.0 (compatible; bingbot/2.0; +http://www.bing.com/bingbot.htm)"
85.10.199.185 - - [14/Dec/2020:06:54:07 +0100] "GET /-p-20385.html HTTP/1.0" 200 69192 "-" "Mozilla/5.0 (compatible; MJ12bot/v1.4.8; http://mj12bot.com/)"
149.202.82.11 - - [14/Dec/2020:06:54:11 +0100] "GET /vendee-flag-90-150-cm-p-41659.html HTTP/1.0" 200 69294 "-" "Mozilla/5.0 (compatible; MJ12bot/v1.4.8; http://mj12bot.com/)"
85.10.199.185 - - [14/Dec/2020:06:54:14 +0100] "GET /alarms-clocks-clocks-and-watches/alarms-clocks/paris-alarm-clock-cbk-p-25008.html HTTP/1.0" 301 69259 "-" "Mozilla/5.0 (compatible; MJ12bot/v1.4.8; http://mj12bot.com/)"
13.66.139.79 - - [14/Dec/2020:06:54:21 +0100] "GET /images/big_prod/4029811336319.jpg HTTP/1.0" 200 268 "-" "Mozilla/5.0 (compatible; bingbot/2.0; +http://www.bing.com/bingbot.htm)"
85.10.199.185 - - [14/Dec/2020:06:54:22 +0100] "GET /-p-25008.html HTTP/1.0" 200 69192 "-" "Mozilla/5.0 (compatible; MJ12bot/v1.4.8; http://mj12bot.com/)"
207.46.13.175 - - [14/Dec/2020:06:54:26 +0100] "GET /images/big_prod/3565750285796.jpg HTTP/1.0" 200 268 "-" "Mozilla/5.0 (compatible; bingbot/2.0; +http://www.bing.com/bingbot.htm)"
85.10.199.185 - - [14/Dec/2020:06:54:31 +0100] "GET /alarms-clocks-clocks-and-watches/alarms-clocks/record-alarm-clock-cbk-p-25000.html HTTP/1.0" 301 72044 "-" "Mozilla/5.0 (compatible; MJ12bot/v1.4.8; http://mj12bot.com/)"
114.119.129.36 - - [14/Dec/2020:06:54:32 +0100] "GET /images/big_prod/8718375753873a.jpg HTTP/1.0" 200 269 "-" "Mozilla/5.0 (Linux; Android 7.0;) AppleWebKit/537.36 (KHTML, like Gecko) Mobile Safari/537.36 (compatible; PetalBot;+https://aspiegel.com/petalbot)"
85.10.199.185 - - [14/Dec/2020:06:54:43 +0100] "GET /record-alarm-clock-by-cbkreation-p-25000.html HTTP/1.0" 200 71945 "-" "Mozilla/5.0 (compatible; MJ12bot/v1.4.8; http://mj12bot.com/)"
149.202.82.11 - - [14/Dec/2020:06:54:43 +0100] "GET /versailles-flower-pot-grey-p-51544.html HTTP/1.0" 200 72772 "-" "Mozilla/5.0 (compatible; MJ12bot/v1.4.8; http://mj12bot.com/)"
54.36.148.10 - - [14/Dec/2020:06:54:50 +0100] "GET /teo-jasmin-melamine-dish-cake-p-37906.html HTTP/1.0" 200 71877 "-" "Mozilla/5.0 (compatible; AhrefsBot/7.0; +http://ahrefs.com/robot/)"
85.10.199.185 - - [14/Dec/2020:06:54:54 +0100] "GET /albator-poster-p-26021.html HTTP/1.0" 301 69259 "-" "Mozilla/5.0 (compatible; MJ12bot/v1.4.8; http://mj12bot.com/)"
85.10.199.185 - - [14/Dec/2020:06:55:01 +0100] "GET /-p-26021.html HTTP/1.0" 200 69192 "-" "Mozilla/5.0 (compatible; MJ12bot/v1.4.8; http://mj12bot.com/)"
149.202.82.11 - - [14/Dec/2020:06:55:08 +0100] "GET /vintage-black-trivet-p-42207.html HTTP/1.0" 200 69283 "-" "Mozilla/5.0 (compatible; MJ12bot/v1.4.8; http://mj12bot.com/)"
85.10.199.185 - - [14/Dec/2020:06:55:14 +0100] "GET /alezan-door-mat-coconut-fiber-p-41800.html HTTP/1.0" 301 69259 "-" "Mozilla/5.0 (compatible; MJ12bot/v1.4.8; http://mj12bot.com/)"
149.202.82.11 - - [14/Dec/2020:06:55:27 +0100] "GET /violetta-cushion-p-26457.html HTTP/1.0" 200 71902 "-" "Mozilla/5.0 (compatible; MJ12bot/v1.4.8; http://mj12bot.com/)"
85.10.199.185 - - [14/Dec/2020:06:55:28 +0100] "GET /-p-41800.html HTTP/1.0" 200 69192 "-" "Mozilla/5.0 (compatible; MJ12bot/v1.4.8; http://mj12bot.com/)"
85.10.199.185 - - [14/Dec/2020:06:55:36 +0100] "GET /all-blacks-little-bath-towel-p-12182.html HTTP/1.0" 301 69259 "-" "Mozilla/5.0 (compatible; MJ12bot/v1.4.8; http://mj12bot.com/)"
207.46.13.48 - - [14/Dec/2020:06:55:48 +0100] "GET /images/big_prod/3453131153539.jpg HTTP/1.0" 200 268 "-" "Mozilla/5.0 (compatible; bingbot/2.0; +http://www.bing.com/bingbot.htm)"
85.10.199.185 - - [14/Dec/2020:06:55:48 +0100] "GET /-p-12182.html HTTP/1.0" 200 69192 "-" "Mozilla/5.0 (compatible; MJ12bot/v1.4.8; http://mj12bot.com/)"
149.202.82.11 - - [14/Dec/2020:06:55:48 +0100] "GET /virgo-pot-cookware-cbkreation-p-43287.html HTTP/1.0" 200 71944 "-" "Mozilla/5.0 (compatible; MJ12bot/v1.4.8; http://mj12bot.com/)"
13.66.139.79 - - [14/Dec/2020:06:55:53 +0100] "GET /images/big_prod_1/a5018997632116.jpg HTTP/1.0" 200 271 "-" "Mozilla/5.0 (compatible; bingbot/2.0; +http://www.bing.com/bingbot.htm)"
85.10.199.185 - - [14/Dec/2020:06:55:58 +0100] "GET /allium-wall-stickers-50-70-cm-p-42962.html HTTP/1.0" 200 71971 "-" "Mozilla/5.0 (compatible; MJ12bot/v1.4.8; http://mj12bot.com/)"
85.10.199.185 - - [14/Dec/2020:06:56:08 +0100] "GET /amazon-love-coin-purse-macaws-p-50274.html HTTP/1.0" 200 72894 "-" "Mozilla/5.0 (compatible; MJ12bot/v1.4.8; http://mj12bot.com/)"
149.202.82.11 - - [14/Dec/2020:06:56:14 +0100] "GET /volkswagen-beetle-keyring-p-37673.html HTTP/1.0" 200 72498 "-" "Mozilla/5.0 (compatible; MJ12bot/v1.4.8; http://mj12bot.com/)"
13.66.139.26 - - [14/Dec/2020:06:56:15 +0100] "GET /images/big_prod_1/JAMINERACINGVANILLE2.jpg HTTP/1.0" 200 277 "-" "Mozilla/5.0 (compatible; bingbot/2.0; +http://www.bing.com/bingbot.htm)"
85.10.199.185 - - [14/Dec/2020:06:56:16 +0100] "GET /american-flag-grey-floor-mat-p-33610.html HTTP/1.0" 301 69259 "-" "Mozilla/5.0 (compatible; MJ12bot/v1.4.8; http://mj12bot.com/)"
85.10.199.185 - - [14/Dec/2020:06:56:26 +0100] "GET /-p-33610.html HTTP/1.0" 200 69192 "-" "Mozilla/5.0 (compatible; MJ12bot/v1.4.8; http://mj12bot.com/)"
85.10.199.185 - - [14/Dec/2020:06:56:32 +0100] "GET /amika-kimmidoll-dolls-20-cm-p-27435.html HTTP/1.0" 200 69318 "-" "Mozilla/5.0 (compatible; MJ12bot/v1.4.8; http://mj12bot.com/)"
149.202.82.11 - - [14/Dec/2020:06:56:45 +0100] "GET /volkswagen-combi-t1bus-1962-132-red-p-37723.html HTTP/1.0" 200 69349 "-" "Mozilla/5.0 (compatible; MJ12bot/v1.4.8; http://mj12bot.com/)"
85.10.199.185 - - [14/Dec/2020:06:56:47 +0100] "GET /anakin-skywalker-stars-wars-10-cm-figure-p-21567.html HTTP/1.0" 301 69259 "-" "Mozilla/5.0 (compatible; MJ12bot/v1.4.8; http://mj12bot.com/)"
85.10.199.185 - - [14/Dec/2020:06:56:56 +0100] "GET /-p-21567.html HTTP/1.0" 200 69192 "-" "Mozilla/5.0 (compatible; MJ12bot/v1.4.8; http://mj12bot.com/)"
54.36.148.181 - - [14/Dec/2020:06:57:04 +0100] "GET /umbrella-shaped-surfing-style-37-cm-p-46508.html HTTP/1.0" 200 71969 "-" "Mozilla/5.0 (compatible; AhrefsBot/7.0; +http://ahrefs.com/robot/)"
85.10.199.185 - - [14/Dec/2020:06:57:07 +0100] "GET /anarchy-adult-cap-by-cbkreation-p-29962.html HTTP/1.0" 200 69292 "-" "Mozilla/5.0 (compatible; MJ12bot/v1.4.8; http://mj12bot.com/)"
85.10.199.185 - - [14/Dec/2020:06:57:17 +0100] "GET /anarchy-shirt-by-cbkreation-p-30051.html HTTP/1.0" 301 69259 "-" "Mozilla/5.0 (compatible; MJ12bot/v1.4.8; http://mj12bot.com/)"
85.10.199.185 - - [14/Dec/2020:06:57:28 +0100] "GET /-p-30051.html HTTP/1.0" 200 69192 "-" "Mozilla/5.0 (compatible; MJ12bot/v1.4.8; http://mj12bot.com/)"
54.36.148.42 - - [14/Dec/2020:06:57:29 +0100] "GET /gothic-lolita-satchel-beauty-and-the-beast-p-35437.html HTTP/1.0" 301 69259 "-" "Mozilla/5.0 (compatible; AhrefsBot/7.0; +http://ahrefs.com/robot/)"
149.202.82.11 - - [14/Dec/2020:06:57:35 +0100] "GET /volkswagen-combi-t1bus-1962-132-yellow-p-37724.html HTTP/1.0" 200 69355 "-" "Mozilla/5.0 (compatible; MJ12bot/v1.4.8; http://mj12bot.com/)"
85.10.199.185 - - [14/Dec/2020:06:57:37 +0100] "GET /angel-and-basket-of-roses-small-box-p-34195.html HTTP/1.0" 200 72090 "-" "Mozilla/5.0 (compatible; MJ12bot/v1.4.8; http://mj12bot.com/)"
85.10.199.185 - - [14/Dec/2020:06:57:47 +0100] "GET /angel-and-hands-crossed-on-his-chest-small-box-p-34198.html HTTP/1.0" 200 69413 "-" "Mozilla/5.0 (compatible; MJ12bot/v1.4.8; http://mj12bot.com/)"
85.10.199.185 - - [14/Dec/2020:06:57:55 +0100] "GET /angel-glitter-ball-p-27608.html HTTP/1.0" 200 72056 "-" "Mozilla/5.0 (compatible; MJ12bot/v1.4.8; http://mj12bot.com/)"
149.202.82.11 - - [14/Dec/2020:06:57:59 +0100] "GET /volkswagen-flower-messenger-bag-p-18923.html HTTP/1.0" 200 72740 "-" "Mozilla/5.0 (compatible; MJ12bot/v1.4.8; http://mj12bot.com/)"
85.10.199.185 - - [14/Dec/2020:06:58:02 +0100] "GET /angel-glitter-ball-p-27609.html HTTP/1.0" 200 72056 "-" "Mozilla/5.0 (compatible; MJ12bot/v1.4.8; http://mj12bot.com/)"
185.191.171.6 - - [14/Dec/2020:06:58:07 +0100] "GET /mulan-coutue-de-force-figurine-p-53356.html?action=add_product HTTP/1.0" 302 476 "-" "Mozilla/5.0 (compatible; SemrushBot/7~bl; +http://www.semrush.com/bot.html)"
85.10.199.185 - - [14/Dec/2020:06:58:10 +0100] "GET /angel-glitter-ball-p-27610.html HTTP/1.0" 200 72057 "-" "Mozilla/5.0 (compatible; MJ12bot/v1.4.8; http://mj12bot.com/)"
207.46.13.49 - - [14/Dec/2020:06:58:11 +0100] "GET /images/big_prod/4542202653821.jpg HTTP/1.0" 200 268 "-" "Mozilla/5.0 (compatible; bingbot/2.0; +http://www.bing.com/bingbot.htm)"
13.66.139.26 - - [14/Dec/2020:06:58:16 +0100] "GET /images/med_prod/8435333834480.jpg HTTP/1.0" 200 268 "-" "Mozilla/5.0 (compatible; bingbot/2.0; +http://www.bing.com/bingbot.htm)"
85.10.199.185 - - [14/Dec/2020:06:58:19 +0100] "GET /angel-rose-hand-small-box-p-34199.html HTTP/1.0" 200 69286 "-" "Mozilla/5.0 (compatible; MJ12bot/v1.4.8; http://mj12bot.com/)"
85.10.199.185 - - [14/Dec/2020:06:58:27 +0100] "GET /angel-white-women-tee-shirt-p-30731.html HTTP/1.0" 200 74111 "-" "Mozilla/5.0 (compatible; MJ12bot/v1.4.8; http://mj12bot.com/)"
85.10.199.185 - - [14/Dec/2020:06:58:38 +0100] "GET /angel-wings-black-shirt-cbkreation-p-30122.html HTTP/1.0" 200 72944 "-" "Mozilla/5.0 (compatible; MJ12bot/v1.4.8; http://mj12bot.com/)"
149.202.82.11 - - [14/Dec/2020:06:58:39 +0100] "GET /wall-decoration-flamingo-p-37458.html HTTP/1.0" 200 71955 "-" "Mozilla/5.0 (compatible; MJ12bot/v1.4.8; http://mj12bot.com/)"
85.10.199.185 - - [14/Dec/2020:06:58:48 +0100] "GET /angel-zebra-amethyst-p-47527.html HTTP/1.0" 200 72622 "-" "Mozilla/5.0 (compatible; MJ12bot/v1.4.8; http://mj12bot.com/)"
13.66.139.79 - - [14/Dec/2020:06:58:52 +0100] "GET /-p-12063.html HTTP/1.0" 200 69192 "-" "Mozilla/5.0 (compatible; bingbot/2.0; +http://www.bing.com/bingbot.htm)"
85.10.199.185 - - [14/Dec/2020:06:58:56 +0100] "GET /angry-birds-backpack-p-26317.html HTTP/1.0" 301 69259 "-" "Mozilla/5.0 (compatible; MJ12bot/v1.4.8; http://mj12bot.com/)"
114.119.154.200 - - [14/Dec/2020:06:58:57 +0100] "GET /images/mini_prod/4012390388008.jpg HTTP/1.0" 200 269 "-" "Mozilla/5.0 (Linux; Android 7.0;) AppleWebKit/537.36 (KHTML, like Gecko) Mobile Safari/537.36 (compatible; PetalBot;+https://aspiegel.com/petalbot)"
207.46.13.175 - - [14/Dec/2020:06:59:04 +0100] "GET /nasa-trolley-p-52112.html HTTP/1.0" 200 69230 "-" "Mozilla/5.0 (compatible; bingbot/2.0; +http://www.bing.com/bingbot.htm)"
85.10.199.185 - - [14/Dec/2020:06:59:05 +0100] "GET /-p-26317.html HTTP/1.0" 200 69192 "-" "Mozilla/5.0 (compatible; MJ12bot/v1.4.8; http://mj12bot.com/)"
54.36.148.83 - - [14/Dec/2020:06:59:09 +0100] "GET /playboy-usa-bar-table-p-16755.html HTTP/1.0" 200 71597 "-" "Mozilla/5.0 (compatible; AhrefsBot/7.0; +http://ahrefs.com/robot/)"
85.10.199.185 - - [14/Dec/2020:06:59:14 +0100] "GET /apache-cushion-35-35-cm-p-43010.html HTTP/1.0" 301 69259 "-" "Mozilla/5.0 (compatible; MJ12bot/v1.4.8; http://mj12bot.com/)"
149.202.82.11 - - [14/Dec/2020:06:59:14 +0100] "GET /wall-polar-blanket-p-2743.html HTTP/1.0" 301 69256 "-" "Mozilla/5.0 (compatible; MJ12bot/v1.4.8; http://mj12bot.com/)"
85.10.199.185 - - [14/Dec/2020:06:59:27 +0100] "GET /-p-43010.html HTTP/1.0" 200 69192 "-" "Mozilla/5.0 (compatible; MJ12bot/v1.4.8; http://mj12bot.com/)"
85.10.199.185 - - [14/Dec/2020:06:59:34 +0100] "GET /apache-cushion-35-35-cm-p-43012.html HTTP/1.0" 301 69259 "-" "Mozilla/5.0 (compatible; MJ12bot/v1.4.8; http://mj12bot.com/)"
85.10.199.185 - - [14/Dec/2020:06:59:41 +0100] "GET /-p-43012.html HTTP/1.0" 200 69192 "-" "Mozilla/5.0 (compatible; MJ12bot/v1.4.8; http://mj12bot.com/)"
149.202.82.11 - - [14/Dec/2020:06:59:41 +0100] "GET /-p-2743.html HTTP/1.0" 200 69190 "-" "Mozilla/5.0 (compatible; MJ12bot/v1.4.8; http://mj12bot.com/)"
85.10.199.185 - - [14/Dec/2020:06:59:46 +0100] "GET /aprons-tablecloths-and-linen-c-11_74.html?page=11 HTTP/1.0" 301 88034 "-" "Mozilla/5.0 (compatible; MJ12bot/v1.4.8; http://mj12bot.com/)"
85.10.199.185 - - [14/Dec/2020:06:59:52 +0100] "GET /aprons-c-74.html?page=11 HTTP/1.0" 301 87915 "-" "Mozilla/5.0 (compatible; MJ12bot/v1.4.8; http://mj12bot.com/)"
85.10.199.185 - - [14/Dec/2020:06:59:59 +0100] "GET /aprons-c-11_74.html?page=11 HTTP/1.0" 200 87956 "-" "Mozilla/5.0 (compatible; MJ12bot/v1.4.8; http://mj12bot.com/)"
85.10.199.185 - - [14/Dec/2020:07:00:07 +0100] "GET /aquarius-pot-cookware-cbkreation-p-43286.html HTTP/1.0" 200 71968 "-" "Mozilla/5.0 (compatible; MJ12bot/v1.4.8; http://mj12bot.com/)"
149.202.82.11 - - [14/Dec/2020:07:00:08 +0100] "GET /wall-stickers-20-70-cm-bonheur-p-42993.html HTTP/1.0" 200 71933 "-" "Mozilla/5.0 (compatible; MJ12bot/v1.4.8; http://mj12bot.com/)"
85.10.199.185 - - [14/Dec/2020:07:00:19 +0100] "GET /arcenal-football-club-sport-bag-p-36271.html HTTP/1.0" 200 69306 "-" "Mozilla/5.0 (compatible; MJ12bot/v1.4.8; http://mj12bot.com/)"
13.66.139.26 - - [14/Dec/2020:07:00:24 +0100] "GET /images/4893813831833%20.jpg HTTP/1.0" 200 260 "-" "Mozilla/5.0 (compatible; bingbot/2.0; +http://www.bing.com/bingbot.htm)"
85.10.199.185 - - [14/Dec/2020:07:00:29 +0100] "GET /are-you-radis-black-shirt-p-30133.html HTTP/1.0" 200 69314 "-" "Mozilla/5.0 (compatible; MJ12bot/v1.4.8; http://mj12bot.com/)"
85.10.199.185 - - [14/Dec/2020:07:00:37 +0100] "GET /areca-bedclothes-p-50844.html HTTP/1.0" 301 69259 "-" "Mozilla/5.0 (compatible; MJ12bot/v1.4.8; http://mj12bot.com/)"
13.66.139.26 - - [14/Dec/2020:07:00:44 +0100] "GET /images/big_prod/3503420190414N.jpg HTTP/1.0" 200 269 "-" "Mozilla/5.0 (compatible; bingbot/2.0; +http://www.bing.com/bingbot.htm)"
85.10.199.185 - - [14/Dec/2020:07:00:46 +0100] "GET /-p-50844.html HTTP/1.0" 200 69192 "-" "Mozilla/5.0 (compatible; MJ12bot/v1.4.8; http://mj12bot.com/)"
85.10.199.185 - - [14/Dec/2020:07:00:56 +0100] "GET /aries-pot-cookware-cbkreation-p-43270.html HTTP/1.0" 200 71938 "-" "Mozilla/5.0 (compatible; MJ12bot/v1.4.8; http://mj12bot.com/)"
149.202.82.11 - - [14/Dec/2020:07:01:02 +0100] "GET /wall-stickers-20-70-cm-reeds-p-42992.html HTTP/1.0" 200 71898 "-" "Mozilla/5.0 (compatible; MJ12bot/v1.4.8; http://mj12bot.com/)"
85.10.199.185 - - [14/Dec/2020:07:01:05 +0100] "GET /asterix-bath-towel-p-24586.html HTTP/1.0" 200 69273 "-" "Mozilla/5.0 (compatible; MJ12bot/v1.4.8; http://mj12bot.com/)"
85.10.199.185 - - [14/Dec/2020:07:01:09 +0100] "GET /atlantic-surf-spot-wooden-wall-decoration-to-hang-p-39679.html HTTP/1.0" 200 69378 "-" "Mozilla/5.0 (compatible; MJ12bot/v1.4.8; http://mj12bot.com/)"
54.36.148.218 - - [14/Dec/2020:07:01:09 +0100] "GET /disney-planes-photo-frame-p-37014.html HTTP/1.0" 200 71912 "-" "Mozilla/5.0 (compatible; AhrefsBot/7.0; +http://ahrefs.com/robot/)"
85.10.199.185 - - [14/Dec/2020:07:01:18 +0100] "GET /atlantic-surf-spot-wooden-wall-decoration-to-hang-p-39693.html HTTP/1.0" 200 69378 "-" "Mozilla/5.0 (compatible; MJ12bot/v1.4.8; http://mj12bot.com/)"
149.202.82.11 - - [14/Dec/2020:07:01:25 +0100] "GET /wall-stickers-indian-style-lion-p-42968.html HTTP/1.0" 200 71954 "-" "Mozilla/5.0 (compatible; MJ12bot/v1.4.8; http://mj12bot.com/)"
85.10.199.185 - - [14/Dec/2020:07:01:27 +0100] "GET /atlantic-surf-spot-wooden-wall-hook-p-39694.html HTTP/1.0" 200 69358 "-" "Mozilla/5.0 (compatible; MJ12bot/v1.4.8; http://mj12bot.com/)"
85.10.199.185 - - [14/Dec/2020:07:01:39 +0100] "GET /au-pays-des-reves-wall-stickers-50-70-cm-p-42956.html HTTP/1.0" 301 69259 "-" "Mozilla/5.0 (compatible; MJ12bot/v1.4.8; http://mj12bot.com/)"
85.10.199.185 - - [14/Dec/2020:07:01:48 +0100] "GET /-p-42956.html HTTP/1.0" 200 69192 "-" "Mozilla/5.0 (compatible; MJ12bot/v1.4.8; http://mj12bot.com/)"
13.66.139.79 - - [14/Dec/2020:07:01:53 +0100] "GET /images/big_prod/5051276219615.jpg HTTP/1.0" 200 268 "-" "Mozilla/5.0 (compatible; bingbot/2.0; +http://www.bing.com/bingbot.htm)"
85.10.199.185 - - [14/Dec/2020:07:01:55 +0100] "GET /aurora-figure-p-15677.html HTTP/1.0" 200 69248 "-" "Mozilla/5.0 (compatible; MJ12bot/v1.4.8; http://mj12bot.com/)"
149.202.82.11 - - [14/Dec/2020:07:01:57 +0100] "GET /watercolor-set-finding-dory-p-37131.html HTTP/1.0" 200 69290 "-" "Mozilla/5.0 (compatible; MJ12bot/v1.4.8; http://mj12bot.com/)"
51.68.224.127 - - [14/Dec/2020:07:02:12 +0100] "GET /adminweb/export_orders_xml.php?token=256de2z6edz6ed2z6DFSFsed2zed6zeDSFDSGdzedezfzf&maxorders=10&orderstart=1&status=14&start_date=2018-10-01 HTTP/1.0" 200 285 "-" "GesCom CharlotteBoutik Serveur"
51.68.224.127 - - [14/Dec/2020:07:02:12 +0100] "GET /adminweb/export_orders_xml.php?token=256de2z6edz6ed2z6DFSFsed2zed6zeDSFDSGdzedezfzf&maxorders=10&orderstart=1&status=6&start_date=2018-10-01 HTTP/1.0" 200 30026 "-" "GesCom CharlotteBoutik Serveur"
85.10.199.185 - - [14/Dec/2020:07:02:15 +0100] "GET /aurora-small-silicone-mold-pink-model-p-28237.html HTTP/1.0" 301 69259 "-" "Mozilla/5.0 (compatible; MJ12bot/v1.4.8; http://mj12bot.com/)"
149.202.82.11 - - [14/Dec/2020:07:02:23 +0100] "GET /waterproof-pillow-cover-60-60-cm-p-50923.html HTTP/1.0" 200 72102 "-" "Mozilla/5.0 (compatible; MJ12bot/v1.4.8; http://mj12bot.com/)"
85.10.199.185 - - [14/Dec/2020:07:02:25 +0100] "GET /-p-28237.html HTTP/1.0" 200 69192 "-" "Mozilla/5.0 (compatible; MJ12bot/v1.4.8; http://mj12bot.com/)"
85.10.199.185 - - [14/Dec/2020:07:02:35 +0100] "GET /austin-mini-cooper-metal-plate-deco-p-37173.html HTTP/1.0" 200 69322 "-" "Mozilla/5.0 (compatible; MJ12bot/v1.4.8; http://mj12bot.com/)"
85.10.199.185 - - [14/Dec/2020:07:02:44 +0100] "GET /avengers-marvel-bowling-set-p-35057.html HTTP/1.0" 301 69259 "-" "Mozilla/5.0 (compatible; MJ12bot/v1.4.8; http://mj12bot.com/)"
149.202.82.11 - - [14/Dec/2020:07:02:50 +0100] "GET /waterproof-terry-bolster-protective-cover-90-70-cm-p-50924.html HTTP/1.0" 200 72258 "-" "Mozilla/5.0 (compatible; MJ12bot/v1.4.8; http://mj12bot.com/)"
85.10.199.185 - - [14/Dec/2020:07:02:54 +0100] "GET /-p-35057.html HTTP/1.0" 200 69192 "-" "Mozilla/5.0 (compatible; MJ12bot/v1.4.8; http://mj12bot.com/)"
85.10.199.185 - - [14/Dec/2020:07:03:05 +0100] "GET /avengers-marvel-large-weekend-bag-p-35541.html HTTP/1.0" 200 72040 "-" "Mozilla/5.0 (compatible; MJ12bot/v1.4.8; http://mj12bot.com/)"
149.202.82.11 - - [14/Dec/2020:07:03:11 +0100] "GET /wax-melt-cinnamon-spice-p-37440.html HTTP/1.0" 200 72449 "-" "Mozilla/5.0 (compatible; MJ12bot/v1.4.8; http://mj12bot.com/)"
85.10.199.185 - - [14/Dec/2020:07:03:14 +0100] "GET /avengers-marvel-lunch-box-and-bottle-p-35777.html HTTP/1.0" 200 69363 "-" "Mozilla/5.0 (compatible; MJ12bot/v1.4.8; http://mj12bot.com/)"
54.36.148.255 - - [14/Dec/2020:07:03:18 +0100] "GET /gift-box-made-of-metal-towels-30-30-cm-300-gr-m2-grey-p-49123.html HTTP/1.0" 200 72849 "-" "Mozilla/5.0 (compatible; AhrefsBot/7.0; +http://ahrefs.com/robot/)"
114.119.151.113 - - [14/Dec/2020:07:03:19 +0100] "GET /cement-tile-stickers-15-15-cm-p-50345.html HTTP/1.0" 200 72782 "-" "Mozilla/5.0 (Linux; Android 7.0;) AppleWebKit/537.36 (KHTML, like Gecko) Mobile Safari/537.36 (compatible; PetalBot;+https://aspiegel.com/petalbot)"
85.10.199.185 - - [14/Dec/2020:07:03:21 +0100] "GET /avengers-mug-p-37515.html HTTP/1.0" 200 69243 "-" "Mozilla/5.0 (compatible; MJ12bot/v1.4.8; http://mj12bot.com/)"
85.10.199.185 - - [14/Dec/2020:07:03:31 +0100] "GET /avengers-placemat-p-37537.html HTTP/1.0" 200 69268 "-" "Mozilla/5.0 (compatible; MJ12bot/v1.4.8; http://mj12bot.com/)"
149.202.82.11 - - [14/Dec/2020:07:03:34 +0100] "GET /wax-melt-eastern-promise-p-37437.html HTTP/1.0" 200 72443 "-" "Mozilla/5.0 (compatible; MJ12bot/v1.4.8; http://mj12bot.com/)"
85.10.199.185 - - [14/Dec/2020:07:03:40 +0100] "GET /avengers-poster-p-30885.html HTTP/1.0" 200 69258 "-" "Mozilla/5.0 (compatible; MJ12bot/v1.4.8; http://mj12bot.com/)"
207.46.13.175 - - [14/Dec/2020:07:03:43 +0100] "GET /images/big_prod/1399984243688.jpg HTTP/1.0" 200 268 "-" "Mozilla/5.0 (compatible; bingbot/2.0; +http://www.bing.com/bingbot.htm)"
85.10.199.185 - - [14/Dec/2020:07:03:48 +0100] "GET /avengers-poster-p-30930.html HTTP/1.0" 200 69258 "-" "Mozilla/5.0 (compatible; MJ12bot/v1.4.8; http://mj12bot.com/)"
85.10.199.185 - - [14/Dec/2020:07:03:55 +0100] "GET /avengers-poster-p-30937.html HTTP/1.0" 200 69258 "-" "Mozilla/5.0 (compatible; MJ12bot/v1.4.8; http://mj12bot.com/)"
149.202.82.11 - - [14/Dec/2020:07:03:56 +0100] "GET /wax-melt-jasmine-daydream-p-37443.html HTTP/1.0" 200 72454 "-" "Mozilla/5.0 (compatible; MJ12bot/v1.4.8; http://mj12bot.com/)"
85.10.199.185 - - [14/Dec/2020:07:04:04 +0100] "GET /avengers-satchel-p-26322.html HTTP/1.0" 301 69259 "-" "Mozilla/5.0 (compatible; MJ12bot/v1.4.8; http://mj12bot.com/)"
85.10.199.185 - - [14/Dec/2020:07:04:10 +0100] "GET /-p-26322.html HTTP/1.0" 200 69192 "-" "Mozilla/5.0 (compatible; MJ12bot/v1.4.8; http://mj12bot.com/)"
85.10.199.185 - - [14/Dec/2020:07:04:16 +0100] "GET /avengers-schoolbag-satchel-p-26320.html HTTP/1.0" 301 69259 "-" "Mozilla/5.0 (compatible; MJ12bot/v1.4.8; http://mj12bot.com/)"
149.202.82.11 - - [14/Dec/2020:07:04:16 +0100] "GET /wendy-bag-let-lucie-make-p-49020.html HTTP/1.0" 200 72903 "-" "Mozilla/5.0 (compatible; MJ12bot/v1.4.8; http://mj12bot.com/)"
85.10.199.185 - - [14/Dec/2020:07:04:22 +0100] "GET /-p-26320.html HTTP/1.0" 200 69192 "-" "Mozilla/5.0 (compatible; MJ12bot/v1.4.8; http://mj12bot.com/)"
85.10.199.185 - - [14/Dec/2020:07:04:29 +0100] "GET /avengers-stickers-p-31212.html HTTP/1.0" 200 71847 "-" "Mozilla/5.0 (compatible; MJ12bot/v1.4.8; http://mj12bot.com/)"
85.10.199.185 - - [14/Dec/2020:07:04:36 +0100] "GET /avengers-team-poster-p-30962.html HTTP/1.0" 200 69283 "-" "Mozilla/5.0 (compatible; MJ12bot/v1.4.8; http://mj12bot.com/)"
149.202.82.11 - - [14/Dec/2020:07:04:42 +0100] "GET /white-coat-rack-dream-catchers-wooden-hooks-p-50575.html HTTP/1.0" 200 72665 "-" "Mozilla/5.0 (compatible; MJ12bot/v1.4.8; http://mj12bot.com/)"
85.10.199.185 - - [14/Dec/2020:07:04:44 +0100] "GET /avengers-thor-helmet-p-24837.html HTTP/1.0" 301 69259 "-" "Mozilla/5.0 (compatible; MJ12bot/v1.4.8; http://mj12bot.com/)"
13.66.139.79 - - [14/Dec/2020:07:04:45 +0100] "GET /bottle-holder-beer-bucket-c-12_224.html HTTP/1.0" 200 89342 "-" "Mozilla/5.0 (compatible; bingbot/2.0; +http://www.bing.com/bingbot.htm)"
85.10.199.185 - - [14/Dec/2020:07:04:52 +0100] "GET /-p-24837.html HTTP/1.0" 200 69192 "-" "Mozilla/5.0 (compatible; MJ12bot/v1.4.8; http://mj12bot.com/)"
85.10.199.185 - - [14/Dec/2020:07:04:58 +0100] "GET /avengers-wastebasket-p-31190.html HTTP/1.0" 200 71844 "-" "Mozilla/5.0 (compatible; MJ12bot/v1.4.8; http://mj12bot.com/)"
157.55.39.179 - - [14/Dec/2020:07:05:05 +0100] "GET /images/big_prod_2/8424001543984C.jpg HTTP/1.0" 200 271 "-" "Mozilla/5.0 (compatible; bingbot/2.0; +http://www.bing.com/bingbot.htm)"
85.10.199.185 - - [14/Dec/2020:07:05:06 +0100] "GET /backpacks-c-31_77.html?page=1 HTTP/1.0" 200 93009 "-" "Mozilla/5.0 (compatible; MJ12bot/v1.4.8; http://mj12bot.com/)"
149.202.82.11 - - [14/Dec/2020:07:05:13 +0100] "GET /white-quartz-geode-of-morocco-p-47292.html HTTP/1.0" 200 69328 "-" "Mozilla/5.0 (compatible; MJ12bot/v1.4.8; http://mj12bot.com/)"
85.10.199.185 - - [14/Dec/2020:07:05:15 +0100] "GET /backpacks-c-31_77.html?page=10 HTTP/1.0" 200 87489 "-" "Mozilla/5.0 (compatible; MJ12bot/v1.4.8; http://mj12bot.com/)"
85.10.199.185 - - [14/Dec/2020:07:05:28 +0100] "GET /backpacks-c-31_77.html?page=11 HTTP/1.0" 200 87489 "-" "Mozilla/5.0 (compatible; MJ12bot/v1.4.8; http://mj12bot.com/)"
54.36.148.83 - - [14/Dec/2020:07:05:28 +0100] "GET /allium-wall-stickers-50-70-cm-p-42962.html HTTP/1.0" 200 71971 "-" "Mozilla/5.0 (compatible; AhrefsBot/7.0; +http://ahrefs.com/robot/)"
149.202.82.11 - - [14/Dec/2020:07:05:34 +0100] "GET /wicker-basket-17-cm-p-48602.html HTTP/1.0" 200 71814 "-" "Mozilla/5.0 (compatible; MJ12bot/v1.4.8; http://mj12bot.com/)"
85.10.199.185 - - [14/Dec/2020:07:05:40 +0100] "GET /backpacks-c-31_77.html?page=2 HTTP/1.0" 200 92530 "-" "Mozilla/5.0 (compatible; MJ12bot/v1.4.8; http://mj12bot.com/)"
85.10.199.185 - - [14/Dec/2020:07:05:50 +0100] "GET /backpacks-c-31_77.html?page=3 HTTP/1.0" 200 92162 "-" "Mozilla/5.0 (compatible; MJ12bot/v1.4.8; http://mj12bot.com/)"
54.36.148.227 - - [14/Dec/2020:07:05:55 +0100] "GET /casimir-greyish-blue-messenger-bag-p-8021.html HTTP/1.0" 301 69256 "-" "Mozilla/5.0 (compatible; AhrefsBot/7.0; +http://ahrefs.com/robot/)"
149.202.82.11 - - [14/Dec/2020:07:05:58 +0100] "GET /wicker-basket-20-cm-p-48603.html HTTP/1.0" 200 71814 "-" "Mozilla/5.0 (compatible; MJ12bot/v1.4.8; http://mj12bot.com/)"
85.10.199.185 - - [14/Dec/2020:07:06:03 +0100] "GET /backpacks-c-31_77.html?page=4 HTTP/1.0" 200 93294 "-" "Mozilla/5.0 (compatible; MJ12bot/v1.4.8; http://mj12bot.com/)"
13.66.139.26 - - [14/Dec/2020:07:06:06 +0100] "GET /images/big_prod/3560600314060.jpg HTTP/1.0" 200 268 "-" "Mozilla/5.0 (compatible; bingbot/2.0; +http://www.bing.com/bingbot.htm)"
85.10.199.185 - - [14/Dec/2020:07:06:18 +0100] "GET /backpacks-c-31_77.html?page=5 HTTP/1.0" 200 87488 "-" "Mozilla/5.0 (compatible; MJ12bot/v1.4.8; http://mj12bot.com/)"
85.10.199.185 - - [14/Dec/2020:07:06:24 +0100] "GET /backpacks-c-31_77.html?page=6 HTTP/1.0" 200 87488 "-" "Mozilla/5.0 (compatible; MJ12bot/v1.4.8; http://mj12bot.com/)"
149.202.82.11 - - [14/Dec/2020:07:06:30 +0100] "GET /winnie-the-pooh-bath-towel-p-50467.html HTTP/1.0" 200 72962 "-" "Mozilla/5.0 (compatible; MJ12bot/v1.4.8; http://mj12bot.com/)"
85.10.199.185 - - [14/Dec/2020:07:06:34 +0100] "GET /backpacks-c-31_77.html?page=7 HTTP/1.0" 200 87488 "-" "Mozilla/5.0 (compatible; MJ12bot/v1.4.8; http://mj12bot.com/)"
85.10.199.185 - - [14/Dec/2020:07:06:44 +0100] "GET /backpacks-c-31_77.html?page=8 HTTP/1.0" 200 87488 "-" "Mozilla/5.0 (compatible; MJ12bot/v1.4.8; http://mj12bot.com/)"
85.10.199.185 - - [14/Dec/2020:07:06:51 +0100] "GET /backpacks-c-31_77.html?page=9 HTTP/1.0" 200 87488 "-" "Mozilla/5.0 (compatible; MJ12bot/v1.4.8; http://mj12bot.com/)"
157.55.39.77 - - [14/Dec/2020:07:06:56 +0100] "GET /cats-dubout-cotton-kitchen-towel-made-in-france-p-36631.html HTTP/1.0" 200 69424 "-" "Mozilla/5.0 (compatible; bingbot/2.0; +http://www.bing.com/bingbot.htm)"
207.46.13.49 - - [14/Dec/2020:07:07:02 +0100] "GET /images/big_prod/5051276225609.jpg HTTP/1.0" 200 268 "-" "Mozilla/5.0 (compatible; bingbot/2.0; +http://www.bing.com/bingbot.htm)"
149.202.82.11 - - [14/Dec/2020:07:07:01 +0100] "GET /yoga-mat-tpe-indigo-and-gray-1000-grs-p-51550.html HTTP/1.0" 200 73398 "-" "Mozilla/5.0 (compatible; MJ12bot/v1.4.8; http://mj12bot.com/)"
85.10.199.185 - - [14/Dec/2020:07:07:02 +0100] "GET /bag-gorjuss-the-foxes-p-20224.html HTTP/1.0" 301 69259 "-" "Mozilla/5.0 (compatible; MJ12bot/v1.4.8; http://mj12bot.com/)"
85.10.199.185 - - [14/Dec/2020:07:07:10 +0100] "GET /-p-20224.html HTTP/1.0" 200 69192 "-" "Mozilla/5.0 (compatible; MJ12bot/v1.4.8; http://mj12bot.com/)"
149.202.82.11 - - [14/Dec/2020:07:07:19 +0100] "GET /yoga-mat-tpe-purple-1000-grs-p-51551.html HTTP/1.0" 200 73495 "-" "Mozilla/5.0 (compatible; MJ12bot/v1.4.8; http://mj12bot.com/)"
85.10.199.185 - - [14/Dec/2020:07:07:20 +0100] "GET /bag-in-the-shape-of-violin-p-35438.html HTTP/1.0" 200 69313 "-" "Mozilla/5.0 (compatible; MJ12bot/v1.4.8; http://mj12bot.com/)"
85.10.199.185 - - [14/Dec/2020:07:07:35 +0100] "GET /bagshandbags-shoulder-bags-c-31_81.html?page=13 HTTP/1.0" 200 93762 "-" "Mozilla/5.0 (compatible; MJ12bot/v1.4.8; http://mj12bot.com/)"
54.36.149.42 - - [14/Dec/2020:07:07:35 +0100] "GET /london-beauty-nail-kit-p-28903.html HTTP/1.0" 200 71941 "-" "Mozilla/5.0 (compatible; AhrefsBot/7.0; +http://ahrefs.com/robot/)"
114.119.145.117 - - [14/Dec/2020:07:07:37 +0100] "GET /images/big_prod/8422012213315.jpg HTTP/1.0" 200 268 "-" "Mozilla/5.0 (Linux; Android 7.0;) AppleWebKit/537.36 (KHTML, like Gecko) Mobile Safari/537.36 (compatible; PetalBot;+https://aspiegel.com/petalbot)"
149.202.82.11 - - [14/Dec/2020:07:07:38 +0100] "GET /yogini-yogini-yoga-mat-jute-p-51549.html HTTP/1.0" 200 73355 "-" "Mozilla/5.0 (compatible; MJ12bot/v1.4.8; http://mj12bot.com/)"
85.10.199.185 - - [14/Dec/2020:07:07:48 +0100] "GET /bagshandbags-shoulder-bags-c-31_81.html?page=14 HTTP/1.0" 200 94096 "-" "Mozilla/5.0 (compatible; MJ12bot/v1.4.8; http://mj12bot.com/)"
85.10.199.185 - - [14/Dec/2020:07:07:57 +0100] "GET /bagshandbags-shoulder-bags-c-31_81.html?page=15 HTTP/1.0" 200 92925 "-" "Mozilla/5.0 (compatible; MJ12bot/v1.4.8; http://mj12bot.com/)"
85.10.199.185 - - [14/Dec/2020:07:08:03 +0100] "GET /bagshandbags-shoulder-bags-c-31_81.html?page=16 HTTP/1.0" 200 92925 "-" "Mozilla/5.0 (compatible; MJ12bot/v1.4.8; http://mj12bot.com/)"
85.10.199.185 - - [14/Dec/2020:07:08:12 +0100] "GET /bagshandbags-shoulder-bags-c-31_81.html?page=17 HTTP/1.0" 200 92925 "-" "Mozilla/5.0 (compatible; MJ12bot/v1.4.8; http://mj12bot.com/)"
149.202.82.11 - - [14/Dec/2020:07:08:20 +0100] "GET /zen-singing-bowl-p-50831.html HTTP/1.0" 200 71790 "-" "Mozilla/5.0 (compatible; MJ12bot/v1.4.8; http://mj12bot.com/)"
85.10.199.185 - - [14/Dec/2020:07:08:26 +0100] "GET /bagshandbags-shoulder-bags-c-31_81.html?page=18 HTTP/1.0" 200 92925 "-" "Mozilla/5.0 (compatible; MJ12bot/v1.4.8; http://mj12bot.com/)"
85.10.199.185 - - [14/Dec/2020:07:08:33 +0100] "GET /bagshandbags-shoulder-bags-c-31_81.html?page=19 HTTP/1.0" 200 92925 "-" "Mozilla/5.0 (compatible; MJ12bot/v1.4.8; http://mj12bot.com/)"
85.10.199.185 - - [14/Dec/2020:07:08:43 +0100] "GET /bakugan-bedclothes-140-200-cm-p-6694.html HTTP/1.0" 301 69256 "-" "Mozilla/5.0 (compatible; MJ12bot/v1.4.8; http://mj12bot.com/)"
149.202.82.11 - - [14/Dec/2020:07:08:45 +0100] "GET /zippo-brown-leather-wallet-p-42884.html HTTP/1.0" 200 72781 "-" "Mozilla/5.0 (compatible; MJ12bot/v1.4.8; http://mj12bot.com/)"
157.55.39.59 - - [14/Dec/2020:07:08:47 +0100] "GET /-p-24881.html HTTP/1.0" 200 69192 "-" "Mozilla/5.0 (compatible; bingbot/2.0; +http://www.bing.com/bingbot.htm)"
85.10.199.185 - - [14/Dec/2020:07:08:54 +0100] "GET /-p-6694.html HTTP/1.0" 200 69190 "-" "Mozilla/5.0 (compatible; MJ12bot/v1.4.8; http://mj12bot.com/)"
85.10.199.185 - - [14/Dec/2020:07:09:01 +0100] "GET /ball-foot-money-box-p-28784.html HTTP/1.0" 301 69259 "-" "Mozilla/5.0 (compatible; MJ12bot/v1.4.8; http://mj12bot.com/)"
85.10.199.185 - - [14/Dec/2020:07:09:11 +0100] "GET /-p-28784.html HTTP/1.0" 200 69192 "-" "Mozilla/5.0 (compatible; MJ12bot/v1.4.8; http://mj12bot.com/)"
149.202.82.11 - - [14/Dec/2020:07:09:15 +0100] "GET /zodiac-sign-training-bottle-by-cbkreation-p-43340.html HTTP/1.0" 200 72250 "-" "Mozilla/5.0 (compatible; MJ12bot/v1.4.8; http://mj12bot.com/)"
85.10.199.185 - - [14/Dec/2020:07:09:18 +0100] "GET /balloon-decoration-p-31505.html HTTP/1.0" 301 69259 "-" "Mozilla/5.0 (compatible; MJ12bot/v1.4.8; http://mj12bot.com/)"
13.66.139.26 - - [14/Dec/2020:07:09:25 +0100] "GET /images/big_prod/8419810093416.jpg HTTP/1.0" 200 268 "-" "Mozilla/5.0 (compatible; bingbot/2.0; +http://www.bing.com/bingbot.htm)"
85.10.199.185 - - [14/Dec/2020:07:09:25 +0100] "GET /-p-31505.html HTTP/1.0" 200 69192 "-" "Mozilla/5.0 (compatible; MJ12bot/v1.4.8; http://mj12bot.com/)"
54.36.148.83 - - [14/Dec/2020:07:09:34 +0100] "GET /heart-shaped-selenite-white-cm-p-47022.html HTTP/1.0" 200 73530 "-" "Mozilla/5.0 (compatible; AhrefsBot/7.0; +http://ahrefs.com/robot/)"
85.10.199.185 - - [14/Dec/2020:07:09:35 +0100] "GET /ballpoint-pen-easy-writer-p-37500.html HTTP/1.0" 200 72132 "-" "Mozilla/5.0 (compatible; MJ12bot/v1.4.8; http://mj12bot.com/)"
149.202.82.11 - - [14/Dec/2020:07:09:37 +0100] "GET /zodiac-sign-training-bottle-by-cbkreation-p-43341.html HTTP/1.0" 200 72250 "-" "Mozilla/5.0 (compatible; MJ12bot/v1.4.8; http://mj12bot.com/)"
85.10.199.185 - - [14/Dec/2020:07:09:45 +0100] "GET /baltique-bedclothes-260-240-cm-p-42855.html HTTP/1.0" 301 69259 "-" "Mozilla/5.0 (compatible; MJ12bot/v1.4.8; http://mj12bot.com/)"
85.10.199.185 - - [14/Dec/2020:07:09:58 +0100] "GET /-p-42855.html HTTP/1.0" 200 69192 "-" "Mozilla/5.0 (compatible; MJ12bot/v1.4.8; http://mj12bot.com/)"
149.202.82.11 - - [14/Dec/2020:07:09:59 +0100] "GET /zodiac-sign-training-bottle-by-cbkreation-p-43342.html HTTP/1.0" 200 72250 "-" "Mozilla/5.0 (compatible; MJ12bot/v1.4.8; http://mj12bot.com/)"
85.10.199.185 - - [14/Dec/2020:07:10:10 +0100] "GET /bambi-statement-figurine-collection-p-29481.html HTTP/1.0" 301 69259 "-" "Mozilla/5.0 (compatible; MJ12bot/v1.4.8; http://mj12bot.com/)"
13.66.139.79 - - [14/Dec/2020:07:10:18 +0100] "GET /images/big_prod_1/3609810065178a.jpg HTTP/1.0" 200 271 "-" "Mozilla/5.0 (compatible; bingbot/2.0; +http://www.bing.com/bingbot.htm)"
85.10.199.185 - - [14/Dec/2020:07:10:19 +0100] "GET /-p-29481.html HTTP/1.0" 200 69192 "-" "Mozilla/5.0 (compatible; MJ12bot/v1.4.8; http://mj12bot.com/)"
149.202.82.11 - - [14/Dec/2020:07:10:26 +0100] "GET /zodiac-sign-training-bottle-by-cbkreation-p-43343.html HTTP/1.0" 200 72250 "-" "Mozilla/5.0 (compatible; MJ12bot/v1.4.8; http://mj12bot.com/)"
85.10.199.185 - - [14/Dec/2020:07:10:27 +0100] "GET /bamboo-table-lamp-p-52784.html HTTP/1.0" 200 72647 "-" "Mozilla/5.0 (compatible; MJ12bot/v1.4.8; http://mj12bot.com/)"
207.46.13.175 - - [14/Dec/2020:07:10:34 +0100] "GET /images/8421440012309.jpg HTTP/1.0" 200 259 "-" "Mozilla/5.0 (compatible; bingbot/2.0; +http://www.bing.com/bingbot.htm)"
85.10.199.185 - - [14/Dec/2020:07:10:35 +0100] "GET /banania-distributor-box-p-35246.html HTTP/1.0" 200 69298 "-" "Mozilla/5.0 (compatible; MJ12bot/v1.4.8; http://mj12bot.com/)"
85.10.199.185 - - [14/Dec/2020:07:10:44 +0100] "GET /banania-mug-p-15055.html HTTP/1.0" 200 69238 "-" "Mozilla/5.0 (compatible; MJ12bot/v1.4.8; http://mj12bot.com/)"
149.202.82.11 - - [14/Dec/2020:07:10:45 +0100] "GET /zodiac-sign-training-bottle-by-cbkreation-p-43344.html HTTP/1.0" 200 72250 "-" "Mozilla/5.0 (compatible; MJ12bot/v1.4.8; http://mj12bot.com/)"
85.10.199.185 - - [14/Dec/2020:07:10:56 +0100] "GET /banania-paper-towel-dispenser-p-26825.html HTTP/1.0" 200 69328 "-" "Mozilla/5.0 (compatible; MJ12bot/v1.4.8; http://mj12bot.com/)"
149.202.82.11 - - [14/Dec/2020:07:11:03 +0100] "GET /zodiac-sign-training-bottle-by-cbkreation-p-43345.html HTTP/1.0" 200 72250 "-" "Mozilla/5.0 (compatible; MJ12bot/v1.4.8; http://mj12bot.com/)"
85.10.199.185 - - [14/Dec/2020:07:11:04 +0100] "GET /bar-tablecloth-p-28545.html HTTP/1.0" 301 69259 "-" "Mozilla/5.0 (compatible; MJ12bot/v1.4.8; http://mj12bot.com/)"
85.10.199.185 - - [14/Dec/2020:07:11:14 +0100] "GET /-p-28545.html HTTP/1.0" 200 69192 "-" "Mozilla/5.0 (compatible; MJ12bot/v1.4.8; http://mj12bot.com/)"
85.10.199.185 - - [14/Dec/2020:07:11:21 +0100] "GET /barbabeau-clock-p-29022.html HTTP/1.0" 301 69259 "-" "Mozilla/5.0 (compatible; MJ12bot/v1.4.8; http://mj12bot.com/)"
54.162.102.36 - - [14/Dec/2020:07:11:23 +0100] "GET /robots.txt HTTP/1.0" 301 531 "-" "MixnodeCache/1.8(+https://cache.mixnode.com/)"
54.162.102.36 - - [14/Dec/2020:07:11:23 +0100] "GET /robots.txt HTTP/1.0" 200 245 "-" "MixnodeCache/1.8(+https://cache.mixnode.com/)"
54.162.102.36 - - [14/Dec/2020:07:11:23 +0100] "GET /ads.txt HTTP/1.0" 301 525 "-" "MixnodeCache/1.8(+https://cache.mixnode.com/)"
149.202.82.11 - - [14/Dec/2020:07:11:25 +0100] "GET /zodiac-sign-training-bottle-by-cbkreation-p-43346.html HTTP/1.0" 200 72250 "-" "Mozilla/5.0 (compatible; MJ12bot/v1.4.8; http://mj12bot.com/)"
85.10.199.185 - - [14/Dec/2020:07:11:31 +0100] "GET /-p-29022.html HTTP/1.0" 200 69192 "-" "Mozilla/5.0 (compatible; MJ12bot/v1.4.8; http://mj12bot.com/)"
