92.220.10.100 - - [14/Dec/2020:06:28:16 +0100] "GET /-p-5582.html HTTP/1.0" 200 69190 "-" "Mozilla/5.0 (compatible; MJ12bot/v1.4.8; http://mj12bot.com/)"
17.58.101.145 - - [14/Dec/2020:06:28:17 +0100] "GET /duvet-cover-in-cotton-percale-80-threads-140-200-cm-p-51261.html HTTP/1.0" 200 72165 "-" "Mozilla/5.0 (Macintosh; Intel Mac OS X 10_15_5) AppleWebKit/605.1.15 (KHTML, like Gecko) Version/13.1.1 Safari/605.1.15 (Applebot/0.1; +http://www.apple.com/go/applebot)"
114.119.150.15 - - [14/Dec/2020:06:28:20 +0100] "GET /pusheen-the-grey-cat-with-tomato-chips-soft-toy-24-cm-p-40019.html HTTP/1.0" 301 69259 "-" "Mozilla/5.0 (Linux; Android 7.0;) AppleWebKit/537.36 (KHTML, like Gecko) Mobile Safari/537.36 (compatible; PetalBot;+https://aspiegel.com/petalbot)"
114.119.150.15 - - [14/Dec/2020:06:28:21 +0100] "GET /-p-40019.html HTTP/1.0" 200 69192 "-" "Mozilla/5.0 (Linux; Android 7.0;) AppleWebKit/537.36 (KHTML, like Gecko) Mobile Safari/537.36 (compatible; PetalBot;+https://aspiegel.com/petalbot)"
92.220.10.100 - - [14/Dec/2020:06:28:21 +0100] "GET /luggages-schoolbags-leather-shop/small-leather-store/beatles-retro-multifunction-bag-p-8085.html HTTP/1.0" 301 72222 "-" "Mozilla/5.0 (compatible; MJ12bot/v1.4.8; http://mj12bot.com/)"
92.220.10.100 - - [14/Dec/2020:06:28:23 +0100] "GET /beatles-retro-multifunction-bag-p-8085.html HTTP/1.0" 200 72125 "-" "Mozilla/5.0 (compatible; MJ12bot/v1.4.8; http://mj12bot.com/)"
92.220.10.100 - - [14/Dec/2020:06:28:25 +0100] "GET /luggages-schoolbags-leather-shop/small-leather-store/beatles-retro-wallet-p-5538.html HTTP/1.0" 301 69367 "-" "Mozilla/5.0 (compatible; MJ12bot/v1.4.8; http://mj12bot.com/)"
92.220.10.100 - - [14/Dec/2020:06:28:27 +0100] "GET /beatles-retro-wallet-p-5538.html HTTP/1.0" 200 69281 "-" "Mozilla/5.0 (compatible; MJ12bot/v1.4.8; http://mj12bot.com/)"
92.220.10.100 - - [14/Dec/2020:06:28:29 +0100] "GET /luggages-schoolbags-leather-shop/small-leather-store/beatles-retro-wallet-p-5541.html HTTP/1.0" 301 72109 "-" "Mozilla/5.0 (compatible; MJ12bot/v1.4.8; http://mj12bot.com/)"
92.220.10.100 - - [14/Dec/2020:06:28:30 +0100] "GET /beatles-retro-wallet-p-5541.html HTTP/1.0" 200 72023 "-" "Mozilla/5.0 (compatible; MJ12bot/v1.4.8; http://mj12bot.com/)"
92.220.10.100 - - [14/Dec/2020:06:28:33 +0100] "GET /luggages-schoolbags-leather-shop/small-leather-store/beatles-rubber-soul-large-coin-purse-p-8093.html HTTP/1.0" 301 72188 "-" "Mozilla/5.0 (compatible; MJ12bot/v1.4.8; http://mj12bot.com/)"
92.220.10.100 - - [14/Dec/2020:06:28:35 +0100] "GET /beatles-rubber-soul-large-coin-purse-p-8093.html HTTP/1.0" 200 72086 "-" "Mozilla/5.0 (compatible; MJ12bot/v1.4.8; http://mj12bot.com/)"
92.220.10.100 - - [14/Dec/2020:06:28:37 +0100] "GET /luggages-schoolbags-leather-shop/small-leather-store/beatles-story-carry-calling-cards-p-11854.html HTTP/1.0" 301 72175 "-" "Mozilla/5.0 (compatible; MJ12bot/v1.4.8; http://mj12bot.com/)"
92.220.10.100 - - [14/Dec/2020:06:28:39 +0100] "GET /the-beatles-metal-case-for-business-cards-p-11854.html HTTP/1.0" 200 72067 "-" "Mozilla/5.0 (compatible; MJ12bot/v1.4.8; http://mj12bot.com/)"
157.55.39.179 - - [14/Dec/2020:06:28:39 +0100] "GET /images/big_prod/1384010204221.jpg HTTP/1.0" 200 268 "-" "Mozilla/5.0 (compatible; bingbot/2.0; +http://www.bing.com/bingbot.htm)"
92.220.10.100 - - [14/Dec/2020:06:28:41 +0100] "GET /luggages-schoolbags-leather-shop/small-leather-store/beatles-story-cosmetic-bag-p-10994.html HTTP/1.0" 301 69259 "-" "Mozilla/5.0 (compatible; MJ12bot/v1.4.8; http://mj12bot.com/)"
92.220.10.100 - - [14/Dec/2020:06:28:43 +0100] "GET /-p-10994.html HTTP/1.0" 200 69192 "-" "Mozilla/5.0 (compatible; MJ12bot/v1.4.8; http://mj12bot.com/)"
17.58.101.145 - - [14/Dec/2020:06:28:44 +0100] "GET /charmmy-kitty-padded-jacket-p-31240.html HTTP/1.0" 200 69318 "-" "Mozilla/5.0 (Macintosh; Intel Mac OS X 10_15_5) AppleWebKit/605.1.15 (KHTML, like Gecko) Version/13.1.1 Safari/605.1.15 (Applebot/0.1; +http://www.apple.com/go/applebot)"
92.220.10.100 - - [14/Dec/2020:06:28:45 +0100] "GET /luggages-schoolbags-leather-shop/small-leather-store/beatles-story-handbag-hanger-p-11851.html HTTP/1.0" 301 69259 "-" "Mozilla/5.0 (compatible; MJ12bot/v1.4.8; http://mj12bot.com/)"
51.68.224.127 - - [14/Dec/2020:06:28:45 +0100] "GET /adminweb/export_orders_xml.php?token=256de2z6edz6ed2z6DFSFsed2zed6zeDSFDSGdzedezfzf&maxorders=10&orderstart=1&status=14&start_date=2018-10-01 HTTP/1.0" 200 285 "-" "GesCom CharlotteBoutik Serveur"
51.68.224.127 - - [14/Dec/2020:06:28:45 +0100] "GET /adminweb/export_orders_xml.php?token=256de2z6edz6ed2z6DFSFsed2zed6zeDSFDSGdzedezfzf&maxorders=10&orderstart=1&status=6&start_date=2018-10-01 HTTP/1.0" 200 30026 "-" "GesCom CharlotteBoutik Serveur"
92.220.10.100 - - [14/Dec/2020:06:28:47 +0100] "GET /-p-11851.html HTTP/1.0" 200 69192 "-" "Mozilla/5.0 (compatible; MJ12bot/v1.4.8; http://mj12bot.com/)"
92.220.10.100 - - [14/Dec/2020:06:28:49 +0100] "GET /luggages-schoolbags-leather-shop/small-leather-store/beatles-yellow-submarin-large-coin-purse-p-8094.html HTTP/1.0" 301 69256 "-" "Mozilla/5.0 (compatible; MJ12bot/v1.4.8; http://mj12bot.com/)"
92.220.10.100 - - [14/Dec/2020:06:28:51 +0100] "GET /-p-8094.html HTTP/1.0" 200 69190 "-" "Mozilla/5.0 (compatible; MJ12bot/v1.4.8; http://mj12bot.com/)"
92.220.10.100 - - [14/Dec/2020:06:28:53 +0100] "GET /luggages-schoolbags-leather-shop/small-leather-store/ben-wallet-p-5434.html HTTP/1.0" 301 69256 "-" "Mozilla/5.0 (compatible; MJ12bot/v1.4.8; http://mj12bot.com/)"
92.220.10.100 - - [14/Dec/2020:06:28:54 +0100] "GET /-p-5434.html HTTP/1.0" 200 69190 "-" "Mozilla/5.0 (compatible; MJ12bot/v1.4.8; http://mj12bot.com/)"
92.220.10.100 - - [14/Dec/2020:06:28:56 +0100] "GET /luggages-schoolbags-leather-shop/small-leather-store/betty-boop-and-pudgy-grey-wallet-p-13700.html HTTP/1.0" 301 69259 "-" "Mozilla/5.0 (compatible; MJ12bot/v1.4.8; http://mj12bot.com/)"
92.220.10.100 - - [14/Dec/2020:06:28:58 +0100] "GET /-p-13700.html HTTP/1.0" 200 69192 "-" "Mozilla/5.0 (compatible; MJ12bot/v1.4.8; http://mj12bot.com/)"
92.220.10.100 - - [14/Dec/2020:06:29:00 +0100] "GET /luggages-schoolbags-leather-shop/small-leather-store/betty-boop-biker-grey-wallet-p-13686.html HTTP/1.0" 301 69259 "-" "Mozilla/5.0 (compatible; MJ12bot/v1.4.8; http://mj12bot.com/)"
92.220.10.100 - - [14/Dec/2020:06:29:02 +0100] "GET /-p-13686.html HTTP/1.0" 200 69192 "-" "Mozilla/5.0 (compatible; MJ12bot/v1.4.8; http://mj12bot.com/)"
92.220.10.100 - - [14/Dec/2020:06:29:04 +0100] "GET /luggages-schoolbags-leather-shop/small-leather-store/betty-boop-black-wallet-p-13698.html HTTP/1.0" 301 69259 "-" "Mozilla/5.0 (compatible; MJ12bot/v1.4.8; http://mj12bot.com/)"
92.220.10.100 - - [14/Dec/2020:06:29:06 +0100] "GET /-p-13698.html HTTP/1.0" 200 69192 "-" "Mozilla/5.0 (compatible; MJ12bot/v1.4.8; http://mj12bot.com/)"
54.36.148.219 - - [14/Dec/2020:06:29:07 +0100] "GET /disney-princess-tee-shirt-p-30839.html HTTP/1.0" 301 69259 "-" "Mozilla/5.0 (compatible; AhrefsBot/7.0; +http://ahrefs.com/robot/)"
92.220.10.100 - - [14/Dec/2020:06:29:08 +0100] "GET /luggages-schoolbags-leather-shop/small-leather-store/betty-boop-black-wallet-p-13701.html HTTP/1.0" 301 69259 "-" "Mozilla/5.0 (compatible; MJ12bot/v1.4.8; http://mj12bot.com/)"
92.220.10.100 - - [14/Dec/2020:06:29:10 +0100] "GET /-p-13701.html HTTP/1.0" 200 69192 "-" "Mozilla/5.0 (compatible; MJ12bot/v1.4.8; http://mj12bot.com/)"
92.220.10.100 - - [14/Dec/2020:06:29:11 +0100] "GET /luggages-schoolbags-leather-shop/small-leather-store/betty-boop-bunny-coin-purse-p-13694.html HTTP/1.0" 301 72227 "-" "Mozilla/5.0 (compatible; MJ12bot/v1.4.8; http://mj12bot.com/)"
92.220.10.100 - - [14/Dec/2020:06:29:13 +0100] "GET /betty-boop-bunny-coin-purse-p-13694.html HTTP/1.0" 200 72133 "-" "Mozilla/5.0 (compatible; MJ12bot/v1.4.8; http://mj12bot.com/)"
92.220.10.100 - - [14/Dec/2020:06:29:16 +0100] "GET /luggages-schoolbags-leather-shop/small-leather-store/betty-boop-bunny-compact-mirror-p-8405.html HTTP/1.0" 301 69256 "-" "Mozilla/5.0 (compatible; MJ12bot/v1.4.8; http://mj12bot.com/)"
92.220.10.100 - - [14/Dec/2020:06:29:17 +0100] "GET /-p-8405.html HTTP/1.0" 200 69190 "-" "Mozilla/5.0 (compatible; MJ12bot/v1.4.8; http://mj12bot.com/)"
92.220.10.100 - - [14/Dec/2020:06:29:19 +0100] "GET /luggages-schoolbags-leather-shop/small-leather-store/betty-boop-bunny-large-coin-purse-p-8414.html HTTP/1.0" 301 69256 "-" "Mozilla/5.0 (compatible; MJ12bot/v1.4.8; http://mj12bot.com/)"
92.220.10.100 - - [14/Dec/2020:06:29:21 +0100] "GET /-p-8414.html HTTP/1.0" 200 69190 "-" "Mozilla/5.0 (compatible; MJ12bot/v1.4.8; http://mj12bot.com/)"
92.220.10.100 - - [14/Dec/2020:06:29:23 +0100] "GET /luggages-schoolbags-leather-shop/small-leather-store/betty-boop-grey-cosmetic-bag-p-13684.html HTTP/1.0" 301 69259 "-" "Mozilla/5.0 (compatible; MJ12bot/v1.4.8; http://mj12bot.com/)"
92.220.10.100 - - [14/Dec/2020:06:29:25 +0100] "GET /-p-13684.html HTTP/1.0" 200 69192 "-" "Mozilla/5.0 (compatible; MJ12bot/v1.4.8; http://mj12bot.com/)"
92.220.10.100 - - [14/Dec/2020:06:29:27 +0100] "GET /luggages-schoolbags-leather-shop/small-leather-store/betty-boop-phone-cigarette-case-p-12581.html HTTP/1.0" 301 69259 "-" "Mozilla/5.0 (compatible; MJ12bot/v1.4.8; http://mj12bot.com/)"
92.220.10.100 - - [14/Dec/2020:06:29:29 +0100] "GET /-p-12581.html HTTP/1.0" 200 69192 "-" "Mozilla/5.0 (compatible; MJ12bot/v1.4.8; http://mj12bot.com/)"
92.220.10.100 - - [14/Dec/2020:06:29:31 +0100] "GET /luggages-schoolbags-leather-shop/small-leather-store/hello-kitty-camomilla-mini-wallet-stuffed-purple-p-13865.html HTTP/1.0" 301 69259 "-" "Mozilla/5.0 (compatible; MJ12bot/v1.4.8; http://mj12bot.com/)"
92.220.10.100 - - [14/Dec/2020:06:29:32 +0100] "GET /-p-13865.html HTTP/1.0" 200 69192 "-" "Mozilla/5.0 (compatible; MJ12bot/v1.4.8; http://mj12bot.com/)"
92.220.10.100 - - [14/Dec/2020:06:29:34 +0100] "GET /luggages-schoolbags-leather-shop/small-leather-store/high-school-musical-mini-coin-purse-p-6469.html HTTP/1.0" 301 69457 "-" "Mozilla/5.0 (compatible; MJ12bot/v1.4.8; http://mj12bot.com/)"
92.220.10.100 - - [14/Dec/2020:06:29:36 +0100] "GET /high-school-musical-mini-coin-purse-p-6469.html HTTP/1.0" 200 69356 "-" "Mozilla/5.0 (compatible; MJ12bot/v1.4.8; http://mj12bot.com/)"
92.220.10.100 - - [14/Dec/2020:06:29:38 +0100] "GET /luggages-schoolbags-leather-shop/small-leather-store/horse-coin-purse-p-22208.html HTTP/1.0" 301 69259 "-" "Mozilla/5.0 (compatible; MJ12bot/v1.4.8; http://mj12bot.com/)"
92.220.10.100 - - [14/Dec/2020:06:29:40 +0100] "GET /-p-22208.html HTTP/1.0" 200 69192 "-" "Mozilla/5.0 (compatible; MJ12bot/v1.4.8; http://mj12bot.com/)"
92.220.10.100 - - [14/Dec/2020:06:29:42 +0100] "GET /luggages-schoolbags-leather-shop/small-leather-store/horses-wallet-p-25017.html HTTP/1.0" 301 69259 "-" "Mozilla/5.0 (compatible; MJ12bot/v1.4.8; http://mj12bot.com/)"
92.220.10.100 - - [14/Dec/2020:06:29:44 +0100] "GET /-p-25017.html HTTP/1.0" 200 69192 "-" "Mozilla/5.0 (compatible; MJ12bot/v1.4.8; http://mj12bot.com/)"
92.220.10.100 - - [14/Dec/2020:06:29:46 +0100] "GET /luggages-schoolbags-leather-shop/small-leather-store/horses-wallet-p-25018.html HTTP/1.0" 301 69259 "-" "Mozilla/5.0 (compatible; MJ12bot/v1.4.8; http://mj12bot.com/)"
92.220.10.100 - - [14/Dec/2020:06:29:48 +0100] "GET /-p-25018.html HTTP/1.0" 200 69192 "-" "Mozilla/5.0 (compatible; MJ12bot/v1.4.8; http://mj12bot.com/)"
92.220.10.100 - - [14/Dec/2020:06:29:50 +0100] "GET /luggages-schoolbags-leather-shop/small-leather-store/horses-wallet-p-25019.html HTTP/1.0" 301 69259 "-" "Mozilla/5.0 (compatible; MJ12bot/v1.4.8; http://mj12bot.com/)"
92.220.10.100 - - [14/Dec/2020:06:29:51 +0100] "GET /-p-25019.html HTTP/1.0" 200 69192 "-" "Mozilla/5.0 (compatible; MJ12bot/v1.4.8; http://mj12bot.com/)"
92.220.10.100 - - [14/Dec/2020:06:29:53 +0100] "GET /luggages-schoolbags-leather-shop/small-leather-store/horses-wallet-p-25020.html HTTP/1.0" 301 69259 "-" "Mozilla/5.0 (compatible; MJ12bot/v1.4.8; http://mj12bot.com/)"
92.220.10.100 - - [14/Dec/2020:06:29:55 +0100] "GET /-p-25020.html HTTP/1.0" 200 69192 "-" "Mozilla/5.0 (compatible; MJ12bot/v1.4.8; http://mj12bot.com/)"
92.220.10.100 - - [14/Dec/2020:06:29:57 +0100] "GET /luggages-schoolbags-leather-shop/small-leather-store/kimmi-junior-tilly-pocket-mirror-p-15839.html HTTP/1.0" 301 69259 "-" "Mozilla/5.0 (compatible; MJ12bot/v1.4.8; http://mj12bot.com/)"
92.220.10.100 - - [14/Dec/2020:06:29:59 +0100] "GET /-p-15839.html HTTP/1.0" 200 69192 "-" "Mozilla/5.0 (compatible; MJ12bot/v1.4.8; http://mj12bot.com/)"
92.220.10.100 - - [14/Dec/2020:06:30:01 +0100] "GET /luggages-schoolbags-leather-shop/small-leather-store/kimmidoll-love-eve-elle-compact-mirror-p-17973.html HTTP/1.0" 301 69259 "-" "Mozilla/5.0 (compatible; MJ12bot/v1.4.8; http://mj12bot.com/)"
92.220.10.100 - - [14/Dec/2020:06:30:03 +0100] "GET /-p-17973.html HTTP/1.0" 200 69192 "-" "Mozilla/5.0 (compatible; MJ12bot/v1.4.8; http://mj12bot.com/)"
92.220.10.100 - - [14/Dec/2020:06:30:06 +0100] "GET /luggages-schoolbags-leather-shop/small-leather-store/kimmidoll-love-lacy-luck-compact-mirror-p-17972.html HTTP/1.0" 301 69259 "-" "Mozilla/5.0 (compatible; MJ12bot/v1.4.8; http://mj12bot.com/)"
92.220.10.100 - - [14/Dec/2020:06:30:08 +0100] "GET /-p-17972.html HTTP/1.0" 200 69192 "-" "Mozilla/5.0 (compatible; MJ12bot/v1.4.8; http://mj12bot.com/)"
157.55.39.59 - - [14/Dec/2020:06:30:10 +0100] "GET /images/big_prod_1/a5018997612682.jpg HTTP/1.0" 200 271 "-" "Mozilla/5.0 (compatible; bingbot/2.0; +http://www.bing.com/bingbot.htm)"
92.220.10.100 - - [14/Dec/2020:06:30:09 +0100] "GET /luggages-schoolbags-leather-shop/small-leather-store/little-miss-princess-cosmetic-bag-p-15939.html HTTP/1.0" 301 69259 "-" "Mozilla/5.0 (compatible; MJ12bot/v1.4.8; http://mj12bot.com/)"
92.220.10.100 - - [14/Dec/2020:06:30:12 +0100] "GET /-p-15939.html HTTP/1.0" 200 69192 "-" "Mozilla/5.0 (compatible; MJ12bot/v1.4.8; http://mj12bot.com/)"
92.220.10.100 - - [14/Dec/2020:06:30:14 +0100] "GET /luggages-schoolbags-leather-shop/small-leather-store/peanuts-middle-model-red-retro-cosmetic-bag-p-6347.html HTTP/1.0" 301 69256 "-" "Mozilla/5.0 (compatible; MJ12bot/v1.4.8; http://mj12bot.com/)"
92.220.10.100 - - [14/Dec/2020:06:30:15 +0100] "GET /-p-6347.html HTTP/1.0" 200 69190 "-" "Mozilla/5.0 (compatible; MJ12bot/v1.4.8; http://mj12bot.com/)"
92.220.10.100 - - [14/Dec/2020:06:30:17 +0100] "GET /luggages-schoolbags-leather-shop/small-leather-store/peanuts-wallet-p-3546.html HTTP/1.0" 301 72078 "-" "Mozilla/5.0 (compatible; MJ12bot/v1.4.8; http://mj12bot.com/)"
54.36.148.9 - - [14/Dec/2020:06:30:18 +0100] "GET /nici-ayumi-brown-portfolio-p-33439.html HTTP/1.0" 200 72061 "-" "Mozilla/5.0 (compatible; AhrefsBot/7.0; +http://ahrefs.com/robot/)"
92.220.10.100 - - [14/Dec/2020:06:30:19 +0100] "GET /peanuts-wallet-p-3546.html HTTP/1.0" 200 71998 "-" "Mozilla/5.0 (compatible; MJ12bot/v1.4.8; http://mj12bot.com/)"
92.220.10.100 - - [14/Dec/2020:06:30:21 +0100] "GET /luggages-schoolbags-leather-shop/small-leather-store/pink-play-boy-eyeglass-case-p-19570.html HTTP/1.0" 301 69259 "-" "Mozilla/5.0 (compatible; MJ12bot/v1.4.8; http://mj12bot.com/)"
92.220.10.100 - - [14/Dec/2020:06:30:23 +0100] "GET /-p-19570.html HTTP/1.0" 200 69192 "-" "Mozilla/5.0 (compatible; MJ12bot/v1.4.8; http://mj12bot.com/)"
92.220.10.100 - - [14/Dec/2020:06:30:25 +0100] "GET /luggages-schoolbags-leather-shop/small-leather-store/pucca-dragon-coin-purse-p-8411.html HTTP/1.0" 301 69256 "-" "Mozilla/5.0 (compatible; MJ12bot/v1.4.8; http://mj12bot.com/)"
92.220.10.100 - - [14/Dec/2020:06:30:27 +0100] "GET /-p-8411.html HTTP/1.0" 200 69190 "-" "Mozilla/5.0 (compatible; MJ12bot/v1.4.8; http://mj12bot.com/)"
92.220.10.100 - - [14/Dec/2020:06:30:30 +0100] "GET /luggages-schoolbags-leather-shop/small-leather-store/pucca-moto-coin-purse-p-8413.html HTTP/1.0" 301 69256 "-" "Mozilla/5.0 (compatible; MJ12bot/v1.4.8; http://mj12bot.com/)"
92.220.10.100 - - [14/Dec/2020:06:30:32 +0100] "GET /-p-8413.html HTTP/1.0" 200 69190 "-" "Mozilla/5.0 (compatible; MJ12bot/v1.4.8; http://mj12bot.com/)"
92.220.10.100 - - [14/Dec/2020:06:30:34 +0100] "GET /luggages-schoolbags-leather-shop/small-leather-store/pucca-queen-large-coin-purse-p-8415.html HTTP/1.0" 301 69355 "-" "Mozilla/5.0 (compatible; MJ12bot/v1.4.8; http://mj12bot.com/)"
92.220.10.100 - - [14/Dec/2020:06:30:36 +0100] "GET /pucca-large-wallet-p-8415.html HTTP/1.0" 200 69271 "-" "Mozilla/5.0 (compatible; MJ12bot/v1.4.8; http://mj12bot.com/)"
92.220.10.100 - - [14/Dec/2020:06:30:38 +0100] "GET /luggages-schoolbags-leather-shop/small-leather-store/snow-white-queen-large-coin-purse-p-5497.html HTTP/1.0" 301 69448 "-" "Mozilla/5.0 (compatible; MJ12bot/v1.4.8; http://mj12bot.com/)"
92.220.10.100 - - [14/Dec/2020:06:30:41 +0100] "GET /snow-white-queen-large-coin-purse-p-5497.html HTTP/1.0" 200 69349 "-" "Mozilla/5.0 (compatible; MJ12bot/v1.4.8; http://mj12bot.com/)"
92.220.10.100 - - [14/Dec/2020:06:30:43 +0100] "GET /luggages-schoolbags-leather-shop/suitcaselittle-suitcase-trolley/elmer-little-suitcase-p-9333.html HTTP/1.0" 301 69256 "-" "Mozilla/5.0 (compatible; MJ12bot/v1.4.8; http://mj12bot.com/)"
92.220.10.100 - - [14/Dec/2020:06:30:45 +0100] "GET /-p-9333.html HTTP/1.0" 200 69190 "-" "Mozilla/5.0 (compatible; MJ12bot/v1.4.8; http://mj12bot.com/)"
92.220.10.100 - - [14/Dec/2020:06:30:47 +0100] "GET /luggages-schoolbags-leather-shop/suitcaselittle-suitcase-trolley/fiers-d39etre-marseillais-trolley-backpack-p-10959.html HTTP/1.0" 301 69259 "-" "Mozilla/5.0 (compatible; MJ12bot/v1.4.8; http://mj12bot.com/)"
92.220.10.100 - - [14/Dec/2020:06:30:49 +0100] "GET /-p-10959.html HTTP/1.0" 200 69192 "-" "Mozilla/5.0 (compatible; MJ12bot/v1.4.8; http://mj12bot.com/)"
92.220.10.100 - - [14/Dec/2020:06:30:51 +0100] "GET /luggages-schoolbags-leather-shop/suitcaselittle-suitcase-trolley/frozen-little-suitcase-p-22638.html HTTP/1.0" 301 69259 "-" "Mozilla/5.0 (compatible; MJ12bot/v1.4.8; http://mj12bot.com/)"
92.220.10.100 - - [14/Dec/2020:06:30:54 +0100] "GET /-p-22638.html HTTP/1.0" 200 69192 "-" "Mozilla/5.0 (compatible; MJ12bot/v1.4.8; http://mj12bot.com/)"
103.218.216.113 - - [14/Dec/2020:06:30:56 +0100] "GET /images/big_prod_2/4260082936987b.jpg HTTP/1.0" 200 271 "-" "Mozilla/5.0 (Windows NT 6.1; Win64; x64) AppleWebKit/537.36 (KHTML, like Gecko) Chrome/74.0.3729.157 Safari/537.36"
92.220.10.100 - - [14/Dec/2020:06:30:56 +0100] "GET /luggages-schoolbags-leather-shop/suitcaselittle-suitcase-trolley/gorjuss-ladybird-large-suitcase-p-27367.html HTTP/1.0" 301 69259 "-" "Mozilla/5.0 (compatible; MJ12bot/v1.4.8; http://mj12bot.com/)"
92.220.10.100 - - [14/Dec/2020:06:30:58 +0100] "GET /-p-27367.html HTTP/1.0" 200 69192 "-" "Mozilla/5.0 (compatible; MJ12bot/v1.4.8; http://mj12bot.com/)"
92.220.10.100 - - [14/Dec/2020:06:31:00 +0100] "GET /luggages-schoolbags-leather-shop/suitcaselittle-suitcase-trolley/gorjuss-top-the-world-medium-cardboard-suitcase-p-23397.html HTTP/1.0" 301 69259 "-" "Mozilla/5.0 (compatible; MJ12bot/v1.4.8; http://mj12bot.com/)"
92.220.10.100 - - [14/Dec/2020:06:31:02 +0100] "GET /-p-23397.html HTTP/1.0" 200 69192 "-" "Mozilla/5.0 (compatible; MJ12bot/v1.4.8; http://mj12bot.com/)"
92.220.10.100 - - [14/Dec/2020:06:31:04 +0100] "GET /luggages-schoolbags-leather-shop/suitcaselittle-suitcase-trolley/happy-colors-for-child-shopping-trolley-p-18999.html HTTP/1.0" 301 69259 "-" "Mozilla/5.0 (compatible; MJ12bot/v1.4.8; http://mj12bot.com/)"
92.220.10.100 - - [14/Dec/2020:06:31:06 +0100] "GET /-p-18999.html HTTP/1.0" 200 69192 "-" "Mozilla/5.0 (compatible; MJ12bot/v1.4.8; http://mj12bot.com/)"
92.220.10.100 - - [14/Dec/2020:06:31:08 +0100] "GET /luggages-schoolbags-leather-shop/suitcaselittle-suitcase-trolley/hello-kitty-kiss-diamond-large-suitcase-p-14276.html HTTP/1.0" 301 69259 "-" "Mozilla/5.0 (compatible; MJ12bot/v1.4.8; http://mj12bot.com/)"
92.220.10.100 - - [14/Dec/2020:06:31:10 +0100] "GET /-p-14276.html HTTP/1.0" 200 69192 "-" "Mozilla/5.0 (compatible; MJ12bot/v1.4.8; http://mj12bot.com/)"
92.220.10.100 - - [14/Dec/2020:06:31:12 +0100] "GET /luggages-schoolbags-leather-shop/suitcaselittle-suitcase-trolley/hello-kitty-kiss-diamond-suitcase-p-14283.html HTTP/1.0" 301 69259 "-" "Mozilla/5.0 (compatible; MJ12bot/v1.4.8; http://mj12bot.com/)"
92.220.10.100 - - [14/Dec/2020:06:31:13 +0100] "GET /-p-14283.html HTTP/1.0" 200 69192 "-" "Mozilla/5.0 (compatible; MJ12bot/v1.4.8; http://mj12bot.com/)"
92.220.10.100 - - [14/Dec/2020:06:31:15 +0100] "GET /marseille-keyring-p-33056.html HTTP/1.0" 301 69259 "-" "Mozilla/5.0 (compatible; MJ12bot/v1.4.8; http://mj12bot.com/)"
92.220.10.100 - - [14/Dec/2020:06:31:17 +0100] "GET /-p-33056.html HTTP/1.0" 200 69192 "-" "Mozilla/5.0 (compatible; MJ12bot/v1.4.8; http://mj12bot.com/)"
92.220.10.100 - - [14/Dec/2020:06:31:19 +0100] "GET /marseille-paper-towel-dispenser-p-17441.html HTTP/1.0" 301 69259 "-" "Mozilla/5.0 (compatible; MJ12bot/v1.4.8; http://mj12bot.com/)"
92.220.10.100 - - [14/Dec/2020:06:31:21 +0100] "GET /-p-17441.html HTTP/1.0" 200 69192 "-" "Mozilla/5.0 (compatible; MJ12bot/v1.4.8; http://mj12bot.com/)"
92.220.10.100 - - [14/Dec/2020:06:31:23 +0100] "GET /marseille-poncho-towel-p-12410.html HTTP/1.0" 301 69259 "-" "Mozilla/5.0 (compatible; MJ12bot/v1.4.8; http://mj12bot.com/)"
92.220.10.100 - - [14/Dec/2020:06:31:25 +0100] "GET /-p-12410.html HTTP/1.0" 200 69192 "-" "Mozilla/5.0 (compatible; MJ12bot/v1.4.8; http://mj12bot.com/)"
92.220.10.100 - - [14/Dec/2020:06:31:27 +0100] "GET /marsupilami-stripes-bedclothes-140x200-p-18210.html HTTP/1.0" 301 69259 "-" "Mozilla/5.0 (compatible; MJ12bot/v1.4.8; http://mj12bot.com/)"
92.220.10.100 - - [14/Dec/2020:06:31:29 +0100] "GET /-p-18210.html HTTP/1.0" 200 69192 "-" "Mozilla/5.0 (compatible; MJ12bot/v1.4.8; http://mj12bot.com/)"
92.220.10.100 - - [14/Dec/2020:06:31:31 +0100] "GET /medium-hello-kitty-bathrobe-p-6675.html HTTP/1.0" 301 69256 "-" "Mozilla/5.0 (compatible; MJ12bot/v1.4.8; http://mj12bot.com/)"
92.220.10.100 - - [14/Dec/2020:06:31:33 +0100] "GET /-p-6675.html HTTP/1.0" 200 69190 "-" "Mozilla/5.0 (compatible; MJ12bot/v1.4.8; http://mj12bot.com/)"
92.220.10.100 - - [14/Dec/2020:06:31:35 +0100] "GET /medium-hello-kitty-bathrobe-p-7918.html HTTP/1.0" 301 69256 "-" "Mozilla/5.0 (compatible; MJ12bot/v1.4.8; http://mj12bot.com/)"
92.220.10.100 - - [14/Dec/2020:06:31:37 +0100] "GET /-p-7918.html HTTP/1.0" 200 69190 "-" "Mozilla/5.0 (compatible; MJ12bot/v1.4.8; http://mj12bot.com/)"
92.220.10.100 - - [14/Dec/2020:06:31:39 +0100] "GET /medium-olympique-de-marseille-bathrobe-p-21828.html HTTP/1.0" 301 69259 "-" "Mozilla/5.0 (compatible; MJ12bot/v1.4.8; http://mj12bot.com/)"
92.220.10.100 - - [14/Dec/2020:06:31:41 +0100] "GET /-p-21828.html HTTP/1.0" 200 69192 "-" "Mozilla/5.0 (compatible; MJ12bot/v1.4.8; http://mj12bot.com/)"
92.220.10.100 - - [14/Dec/2020:06:31:43 +0100] "GET /mickey-mouse-disney-trolley-p-24493.html HTTP/1.0" 301 69259 "-" "Mozilla/5.0 (compatible; MJ12bot/v1.4.8; http://mj12bot.com/)"
92.220.10.100 - - [14/Dec/2020:06:31:44 +0100] "GET /-p-24493.html HTTP/1.0" 200 69192 "-" "Mozilla/5.0 (compatible; MJ12bot/v1.4.8; http://mj12bot.com/)"
92.220.10.100 - - [14/Dec/2020:06:31:46 +0100] "GET /mickey-mouse-smile-backpack-p-34781.html HTTP/1.0" 301 69259 "-" "Mozilla/5.0 (compatible; MJ12bot/v1.4.8; http://mj12bot.com/)"
92.220.10.100 - - [14/Dec/2020:06:31:48 +0100] "GET /-p-34781.html HTTP/1.0" 200 69192 "-" "Mozilla/5.0 (compatible; MJ12bot/v1.4.8; http://mj12bot.com/)"
92.220.10.100 - - [14/Dec/2020:06:31:50 +0100] "GET /mickey-mouse-smile-small-backpack-p-34779.html HTTP/1.0" 301 69259 "-" "Mozilla/5.0 (compatible; MJ12bot/v1.4.8; http://mj12bot.com/)"
92.220.10.100 - - [14/Dec/2020:06:31:52 +0100] "GET /-p-34779.html HTTP/1.0" 200 69192 "-" "Mozilla/5.0 (compatible; MJ12bot/v1.4.8; http://mj12bot.com/)"
92.220.10.100 - - [14/Dec/2020:06:31:54 +0100] "GET /mickey-mouse-with-flowers-figurine-romero-britto-p-41696.html HTTP/1.0" 301 69259 "-" "Mozilla/5.0 (compatible; MJ12bot/v1.4.8; http://mj12bot.com/)"
92.220.10.100 - - [14/Dec/2020:06:31:56 +0100] "GET /-p-41696.html HTTP/1.0" 200 69192 "-" "Mozilla/5.0 (compatible; MJ12bot/v1.4.8; http://mj12bot.com/)"
92.220.10.100 - - [14/Dec/2020:06:31:58 +0100] "GET /mini-green-piggy-bank-p-33357.html HTTP/1.0" 301 69259 "-" "Mozilla/5.0 (compatible; MJ12bot/v1.4.8; http://mj12bot.com/)"
92.220.10.100 - - [14/Dec/2020:06:32:00 +0100] "GET /-p-33357.html HTTP/1.0" 200 69192 "-" "Mozilla/5.0 (compatible; MJ12bot/v1.4.8; http://mj12bot.com/)"
92.220.10.100 - - [14/Dec/2020:06:32:02 +0100] "GET /mini-metal-tray-le-chat-noir-p-41051.html HTTP/1.0" 200 71971 "-" "Mozilla/5.0 (compatible; MJ12bot/v1.4.8; http://mj12bot.com/)"
92.220.10.100 - - [14/Dec/2020:06:32:04 +0100] "GET /mini-metal-tray-paris-p-41052.html HTTP/1.0" 200 71915 "-" "Mozilla/5.0 (compatible; MJ12bot/v1.4.8; http://mj12bot.com/)"
92.220.10.100 - - [14/Dec/2020:06:32:06 +0100] "GET /minions-despicable-me-backpack-p-35792.html HTTP/1.0" 200 72172 "-" "Mozilla/5.0 (compatible; MJ12bot/v1.4.8; http://mj12bot.com/)"
92.220.10.100 - - [14/Dec/2020:06:32:08 +0100] "GET /minions-pencil-pot-p-33074.html HTTP/1.0" 301 69259 "-" "Mozilla/5.0 (compatible; MJ12bot/v1.4.8; http://mj12bot.com/)"
92.220.10.100 - - [14/Dec/2020:06:32:10 +0100] "GET /-p-33074.html HTTP/1.0" 200 69192 "-" "Mozilla/5.0 (compatible; MJ12bot/v1.4.8; http://mj12bot.com/)"
92.220.10.100 - - [14/Dec/2020:06:32:12 +0100] "GET /minions-pencil-pot-p-33075.html HTTP/1.0" 301 69259 "-" "Mozilla/5.0 (compatible; MJ12bot/v1.4.8; http://mj12bot.com/)"
92.220.10.100 - - [14/Dec/2020:06:32:14 +0100] "GET /-p-33075.html HTTP/1.0" 200 69192 "-" "Mozilla/5.0 (compatible; MJ12bot/v1.4.8; http://mj12bot.com/)"
92.220.10.100 - - [14/Dec/2020:06:32:17 +0100] "GET /minions-pencil-pot-p-33076.html HTTP/1.0" 301 69259 "-" "Mozilla/5.0 (compatible; MJ12bot/v1.4.8; http://mj12bot.com/)"
92.220.10.100 - - [14/Dec/2020:06:32:18 +0100] "GET /-p-33076.html HTTP/1.0" 200 69192 "-" "Mozilla/5.0 (compatible; MJ12bot/v1.4.8; http://mj12bot.com/)"
92.220.10.100 - - [14/Dec/2020:06:32:21 +0100] "GET /minions-pencil-pot-p-33077.html HTTP/1.0" 301 69259 "-" "Mozilla/5.0 (compatible; MJ12bot/v1.4.8; http://mj12bot.com/)"
92.220.10.100 - - [14/Dec/2020:06:32:23 +0100] "GET /-p-33077.html HTTP/1.0" 200 69192 "-" "Mozilla/5.0 (compatible; MJ12bot/v1.4.8; http://mj12bot.com/)"
92.220.10.100 - - [14/Dec/2020:06:32:25 +0100] "GET /minions-shirt-despicable-me-p-29490.html HTTP/1.0" 301 69259 "-" "Mozilla/5.0 (compatible; MJ12bot/v1.4.8; http://mj12bot.com/)"
157.55.39.179 - - [14/Dec/2020:06:32:25 +0100] "GET /barbapapa-tray-p-10317.html HTTP/1.0" 200 71842 "-" "Mozilla/5.0 (compatible; bingbot/2.0; +http://www.bing.com/bingbot.htm)"
92.220.10.100 - - [14/Dec/2020:06:32:27 +0100] "GET /-p-29490.html HTTP/1.0" 200 69192 "-" "Mozilla/5.0 (compatible; MJ12bot/v1.4.8; http://mj12bot.com/)"
92.220.10.100 - - [14/Dec/2020:06:32:29 +0100] "GET /minions-shirt-despicable-me-p-29492.html HTTP/1.0" 301 69259 "-" "Mozilla/5.0 (compatible; MJ12bot/v1.4.8; http://mj12bot.com/)"
207.46.13.48 - - [14/Dec/2020:06:32:29 +0100] "GET /bon-anniversaire-card-p-20020.html HTTP/1.0" 200 69288 "-" "Mozilla/5.0 (compatible; bingbot/2.0; +http://www.bing.com/bingbot.htm)"
92.220.10.100 - - [14/Dec/2020:06:32:30 +0100] "GET /-p-29492.html HTTP/1.0" 200 69192 "-" "Mozilla/5.0 (compatible; MJ12bot/v1.4.8; http://mj12bot.com/)"
54.36.149.64 - - [14/Dec/2020:06:32:32 +0100] "GET /london-carlin-pot-cookware-cbkreation-p-23970.html HTTP/1.0" 200 71930 "-" "Mozilla/5.0 (compatible; AhrefsBot/7.0; +http://ahrefs.com/robot/)"
54.36.148.205 - - [14/Dec/2020:06:32:32 +0100] "GET /dora-the-explorer-legging-p-30209.html HTTP/1.0" 301 69259 "-" "Mozilla/5.0 (compatible; AhrefsBot/7.0; +http://ahrefs.com/robot/)"
92.220.10.100 - - [14/Dec/2020:06:32:33 +0100] "GET /minions-stickers-p-31216.html HTTP/1.0" 200 71793 "-" "Mozilla/5.0 (compatible; MJ12bot/v1.4.8; http://mj12bot.com/)"
92.220.10.100 - - [14/Dec/2020:06:32:35 +0100] "GET /minions-swim-ring-50-cm-p-35065.html HTTP/1.0" 200 69298 "-" "Mozilla/5.0 (compatible; MJ12bot/v1.4.8; http://mj12bot.com/)"
92.220.10.100 - - [14/Dec/2020:06:32:37 +0100] "GET /minions-swimsuit-despicable-me-p-29496.html HTTP/1.0" 301 69259 "-" "Mozilla/5.0 (compatible; MJ12bot/v1.4.8; http://mj12bot.com/)"
92.220.10.100 - - [14/Dec/2020:06:32:38 +0100] "GET /-p-29496.html HTTP/1.0" 200 69192 "-" "Mozilla/5.0 (compatible; MJ12bot/v1.4.8; http://mj12bot.com/)"
92.220.10.100 - - [14/Dec/2020:06:32:40 +0100] "GET /minions-swimsuit-despicable-me-p-29497.html HTTP/1.0" 301 69259 "-" "Mozilla/5.0 (compatible; MJ12bot/v1.4.8; http://mj12bot.com/)"
66.249.70.36 - - [14/Dec/2020:06:32:41 +0100] "GET /swimwear-c-2_35.html HTTP/1.0" 200 89676 "-" "Mozilla/5.0 (Linux; Android 6.0.1; Nexus 5X Build/MMB29P) AppleWebKit/537.36 (KHTML, like Gecko) Chrome/87.0.4280.90 Mobile Safari/537.36 (compatible; Googlebot/2.1; +http://www.google.com/bot.html)"
92.220.10.100 - - [14/Dec/2020:06:32:42 +0100] "GET /-p-29497.html HTTP/1.0" 200 69192 "-" "Mozilla/5.0 (compatible; MJ12bot/v1.4.8; http://mj12bot.com/)"
114.119.130.202 - - [14/Dec/2020:06:32:44 +0100] "GET /images/mini_prod/3609810099005.jpg HTTP/1.0" 200 269 "-" "Mozilla/5.0 (Linux; Android 7.0;) AppleWebKit/537.36 (KHTML, like Gecko) Mobile Safari/537.36 (compatible; PetalBot;+https://aspiegel.com/petalbot)"
92.220.10.100 - - [14/Dec/2020:06:32:44 +0100] "GET /minnie-and-mickey-mouse-little-suitcase-p-22636.html HTTP/1.0" 301 69259 "-" "Mozilla/5.0 (compatible; MJ12bot/v1.4.8; http://mj12bot.com/)"
92.220.10.100 - - [14/Dec/2020:06:32:46 +0100] "GET /-p-22636.html HTTP/1.0" 200 69192 "-" "Mozilla/5.0 (compatible; MJ12bot/v1.4.8; http://mj12bot.com/)"
92.220.10.100 - - [14/Dec/2020:06:32:48 +0100] "GET /minnie-gray-tray-p-22478.html HTTP/1.0" 301 69259 "-" "Mozilla/5.0 (compatible; MJ12bot/v1.4.8; http://mj12bot.com/)"
92.220.10.100 - - [14/Dec/2020:06:32:49 +0100] "GET /-p-22478.html HTTP/1.0" 200 69192 "-" "Mozilla/5.0 (compatible; MJ12bot/v1.4.8; http://mj12bot.com/)"
92.220.10.100 - - [14/Dec/2020:06:32:51 +0100] "GET /minnie-mouse-baby-bath-set-p-17599.html HTTP/1.0" 301 69259 "-" "Mozilla/5.0 (compatible; MJ12bot/v1.4.8; http://mj12bot.com/)"
92.220.10.100 - - [14/Dec/2020:06:32:53 +0100] "GET /-p-17599.html HTTP/1.0" 200 69192 "-" "Mozilla/5.0 (compatible; MJ12bot/v1.4.8; http://mj12bot.com/)"
92.220.10.100 - - [14/Dec/2020:06:32:55 +0100] "GET /minnie-mouse-embroidered-vest-p-31139.html HTTP/1.0" 200 69328 "-" "Mozilla/5.0 (compatible; MJ12bot/v1.4.8; http://mj12bot.com/)"
92.220.10.100 - - [14/Dec/2020:06:32:57 +0100] "GET /minnie-mouse-hooded-sweat-jacket-p-31147.html HTTP/1.0" 301 69259 "-" "Mozilla/5.0 (compatible; MJ12bot/v1.4.8; http://mj12bot.com/)"
92.220.10.100 - - [14/Dec/2020:06:32:59 +0100] "GET /-p-31147.html HTTP/1.0" 200 69192 "-" "Mozilla/5.0 (compatible; MJ12bot/v1.4.8; http://mj12bot.com/)"
92.220.10.100 - - [14/Dec/2020:06:33:01 +0100] "GET /minnie-mouse-hooded-sweat-jacket-p-31148.html HTTP/1.0" 200 69343 "-" "Mozilla/5.0 (compatible; MJ12bot/v1.4.8; http://mj12bot.com/)"
92.220.10.100 - - [14/Dec/2020:06:33:03 +0100] "GET /minnie-mouse-hooded-sweat-jacket-size-years-p-27101.html HTTP/1.0" 301 69259 "-" "Mozilla/5.0 (compatible; MJ12bot/v1.4.8; http://mj12bot.com/)"
66.249.70.36 - - [14/Dec/2020:06:33:04 +0100] "GET /images/mini_prod/DSCN06733384371919619.jpg HTTP/1.0" 200 277 "-" "Googlebot-Image/1.0"
66.249.70.33 - - [14/Dec/2020:06:33:04 +0100] "GET /images/mini_prod/DSCN4025n.gif HTTP/1.0" 200 264 "-" "Googlebot-Image/1.0"
66.249.70.33 - - [14/Dec/2020:06:33:05 +0100] "GET /images/mini_prod/DSC3284371919896.jpg HTTP/1.0" 200 272 "-" "Googlebot-Image/1.0"
92.220.10.100 - - [14/Dec/2020:06:33:05 +0100] "GET /-p-27101.html HTTP/1.0" 200 69192 "-" "Mozilla/5.0 (compatible; MJ12bot/v1.4.8; http://mj12bot.com/)"
92.220.10.100 - - [14/Dec/2020:06:33:07 +0100] "GET /minnie-mouse-large-disney-suitcase-p-28806.html HTTP/1.0" 301 69259 "-" "Mozilla/5.0 (compatible; MJ12bot/v1.4.8; http://mj12bot.com/)"
92.220.10.100 - - [14/Dec/2020:06:33:09 +0100] "GET /-p-28806.html HTTP/1.0" 200 69192 "-" "Mozilla/5.0 (compatible; MJ12bot/v1.4.8; http://mj12bot.com/)"
92.220.10.100 - - [14/Dec/2020:06:33:11 +0100] "GET /minnie-mouse-placemat-p-17172.html HTTP/1.0" 200 69288 "-" "Mozilla/5.0 (compatible; MJ12bot/v1.4.8; http://mj12bot.com/)"
92.220.10.100 - - [14/Dec/2020:06:33:13 +0100] "GET /minnie-mouse-smile-backpack-p-34782.html HTTP/1.0" 200 71995 "-" "Mozilla/5.0 (compatible; MJ12bot/v1.4.8; http://mj12bot.com/)"
92.220.10.100 - - [14/Dec/2020:06:33:15 +0100] "GET /minnie-mouse-strawberry-small-backpack-p-34780.html HTTP/1.0" 200 69334 "-" "Mozilla/5.0 (compatible; MJ12bot/v1.4.8; http://mj12bot.com/)"
92.220.10.100 - - [14/Dec/2020:06:33:17 +0100] "GET /minnie-mouse-sweater-dress-12-month-p-22523.html HTTP/1.0" 301 69259 "-" "Mozilla/5.0 (compatible; MJ12bot/v1.4.8; http://mj12bot.com/)"
92.220.10.100 - - [14/Dec/2020:06:33:19 +0100] "GET /-p-22523.html HTTP/1.0" 200 69192 "-" "Mozilla/5.0 (compatible; MJ12bot/v1.4.8; http://mj12bot.com/)"
92.220.10.100 - - [14/Dec/2020:06:33:21 +0100] "GET /minnie-mouse-sweater-dress-18-month-p-22521.html HTTP/1.0" 301 69259 "-" "Mozilla/5.0 (compatible; MJ12bot/v1.4.8; http://mj12bot.com/)"
92.220.10.100 - - [14/Dec/2020:06:33:22 +0100] "GET /-p-22521.html HTTP/1.0" 200 69192 "-" "Mozilla/5.0 (compatible; MJ12bot/v1.4.8; http://mj12bot.com/)"
92.220.10.100 - - [14/Dec/2020:06:33:24 +0100] "GET /minnie-mouse-sweater-dress-18-month-p-22524.html HTTP/1.0" 301 69259 "-" "Mozilla/5.0 (compatible; MJ12bot/v1.4.8; http://mj12bot.com/)"
92.220.10.100 - - [14/Dec/2020:06:33:26 +0100] "GET /-p-22524.html HTTP/1.0" 200 69192 "-" "Mozilla/5.0 (compatible; MJ12bot/v1.4.8; http://mj12bot.com/)"
92.220.10.100 - - [14/Dec/2020:06:33:28 +0100] "GET /minnie-mouse-sweater-dress-month-p-22522.html HTTP/1.0" 301 69259 "-" "Mozilla/5.0 (compatible; MJ12bot/v1.4.8; http://mj12bot.com/)"
92.220.10.100 - - [14/Dec/2020:06:33:30 +0100] "GET /-p-22522.html HTTP/1.0" 200 69192 "-" "Mozilla/5.0 (compatible; MJ12bot/v1.4.8; http://mj12bot.com/)"
92.220.10.100 - - [14/Dec/2020:06:33:32 +0100] "GET /minnie-mouse-sweater-dress-years-p-22514.html HTTP/1.0" 301 69259 "-" "Mozilla/5.0 (compatible; MJ12bot/v1.4.8; http://mj12bot.com/)"
92.220.10.100 - - [14/Dec/2020:06:33:34 +0100] "GET /-p-22514.html HTTP/1.0" 200 69192 "-" "Mozilla/5.0 (compatible; MJ12bot/v1.4.8; http://mj12bot.com/)"
92.220.10.100 - - [14/Dec/2020:06:33:36 +0100] "GET /mister-men-bedclothes-135-200-p-9256.html HTTP/1.0" 200 72111 "-" "Mozilla/5.0 (compatible; MJ12bot/v1.4.8; http://mj12bot.com/)"
92.220.10.100 - - [14/Dec/2020:06:33:38 +0100] "GET /mister-men-mr-tickle-glass-p-28348.html HTTP/1.0" 200 69316 "-" "Mozilla/5.0 (compatible; MJ12bot/v1.4.8; http://mj12bot.com/)"
92.220.10.100 - - [14/Dec/2020:06:33:40 +0100] "GET /mona-flower-pot-p-51546.html HTTP/1.0" 200 72434 "-" "Mozilla/5.0 (compatible; MJ12bot/v1.4.8; http://mj12bot.com/)"
92.220.10.100 - - [14/Dec/2020:06:33:42 +0100] "GET /money-boxes-c-13_83.html?page=10 HTTP/1.0" 200 92673 "-" "Mozilla/5.0 (compatible; MJ12bot/v1.4.8; http://mj12bot.com/)"
92.220.10.100 - - [14/Dec/2020:06:33:45 +0100] "GET /money-boxes-c-13_83.html?page=2 HTTP/1.0" 200 92686 "-" "Mozilla/5.0 (compatible; MJ12bot/v1.4.8; http://mj12bot.com/)"
92.220.10.100 - - [14/Dec/2020:06:33:47 +0100] "GET /money-boxes-c-13_83.html?page=5 HTTP/1.0" 200 93531 "-" "Mozilla/5.0 (compatible; MJ12bot/v1.4.8; http://mj12bot.com/)"
92.220.10.100 - - [14/Dec/2020:06:33:49 +0100] "GET /monkey-pop-plush-by-britto-22-cm-p-11216.html HTTP/1.0" 301 69259 "-" "Mozilla/5.0 (compatible; MJ12bot/v1.4.8; http://mj12bot.com/)"
92.220.10.100 - - [14/Dec/2020:06:33:50 +0100] "GET /-p-11216.html HTTP/1.0" 200 69192 "-" "Mozilla/5.0 (compatible; MJ12bot/v1.4.8; http://mj12bot.com/)"
92.220.10.100 - - [14/Dec/2020:06:33:52 +0100] "GET /monkey-statue-resin-not-say-anything-p-50675.html HTTP/1.0" 200 69330 "-" "Mozilla/5.0 (compatible; MJ12bot/v1.4.8; http://mj12bot.com/)"
92.220.10.100 - - [14/Dec/2020:06:33:54 +0100] "GET /monster-high-better-black-bedclothes-140x200-p-17559.html HTTP/1.0" 301 69259 "-" "Mozilla/5.0 (compatible; MJ12bot/v1.4.8; http://mj12bot.com/)"
92.220.10.100 - - [14/Dec/2020:06:33:56 +0100] "GET /-p-17559.html HTTP/1.0" 200 69192 "-" "Mozilla/5.0 (compatible; MJ12bot/v1.4.8; http://mj12bot.com/)"
92.220.10.100 - - [14/Dec/2020:06:33:58 +0100] "GET /monster-high-bracelet-p-19424.html HTTP/1.0" 200 69266 "-" "Mozilla/5.0 (compatible; MJ12bot/v1.4.8; http://mj12bot.com/)"
92.220.10.100 - - [14/Dec/2020:06:34:00 +0100] "GET /monster-high-cardboard-suitcase-p-22199.html HTTP/1.0" 301 69259 "-" "Mozilla/5.0 (compatible; MJ12bot/v1.4.8; http://mj12bot.com/)"
92.220.10.100 - - [14/Dec/2020:06:34:02 +0100] "GET /-p-22199.html HTTP/1.0" 200 69192 "-" "Mozilla/5.0 (compatible; MJ12bot/v1.4.8; http://mj12bot.com/)"
92.220.10.100 - - [14/Dec/2020:06:34:04 +0100] "GET /monster-high-cushion-p-17631.html HTTP/1.0" 301 69259 "-" "Mozilla/5.0 (compatible; MJ12bot/v1.4.8; http://mj12bot.com/)"
92.220.10.100 - - [14/Dec/2020:06:34:06 +0100] "GET /-p-17631.html HTTP/1.0" 200 69192 "-" "Mozilla/5.0 (compatible; MJ12bot/v1.4.8; http://mj12bot.com/)"
92.220.10.100 - - [14/Dec/2020:06:34:08 +0100] "GET /monster-high-jewelry-box-p-22194.html HTTP/1.0" 301 69259 "-" "Mozilla/5.0 (compatible; MJ12bot/v1.4.8; http://mj12bot.com/)"
92.220.10.100 - - [14/Dec/2020:06:34:09 +0100] "GET /-p-22194.html HTTP/1.0" 200 69192 "-" "Mozilla/5.0 (compatible; MJ12bot/v1.4.8; http://mj12bot.com/)"
92.220.10.100 - - [14/Dec/2020:06:34:11 +0100] "GET /monster-high-white-velvet-bedclothes-140x200-p-21864.html HTTP/1.0" 301 69259 "-" "Mozilla/5.0 (compatible; MJ12bot/v1.4.8; http://mj12bot.com/)"
92.220.10.100 - - [14/Dec/2020:06:34:13 +0100] "GET /-p-21864.html HTTP/1.0" 200 69192 "-" "Mozilla/5.0 (compatible; MJ12bot/v1.4.8; http://mj12bot.com/)"
13.66.139.79 - - [14/Dec/2020:06:34:15 +0100] "GET /images/big_prod/3503420045332.jpg HTTP/1.0" 200 268 "-" "Mozilla/5.0 (compatible; bingbot/2.0; +http://www.bing.com/bingbot.htm)"
17.58.101.145 - - [14/Dec/2020:06:34:47 +0100] "GET /black-shell-galaxy-note-with-personalized-picture-p-16352.html HTTP/1.0" 200 72354 "-" "Mozilla/5.0 (Macintosh; Intel Mac OS X 10_15_5) AppleWebKit/605.1.15 (KHTML, like Gecko) Version/13.1.1 Safari/605.1.15 (Applebot/0.1; +http://www.apple.com/go/applebot)"
54.36.148.83 - - [14/Dec/2020:06:34:50 +0100] "GET /distributor-chewing-gum-28-cm-p-37837.html HTTP/1.0" 200 71958 "-" "Mozilla/5.0 (compatible; AhrefsBot/7.0; +http://ahrefs.com/robot/)"
216.244.66.242 - - [14/Dec/2020:06:36:12 +0100] "GET /figurine-caricature-in-polyresine-145-cm-the-dentist-p-41148.html HTTP/1.0" 200 69410 "-" "Mozilla/5.0 (compatible; DotBot/1.1; http://www.opensiteexplorer.org/dotbot, help@moz.com)"
207.46.13.49 - - [14/Dec/2020:06:36:21 +0100] "GET /flower-pot-terracotta-elephant-p-52702.html HTTP/1.0" 200 71985 "-" "Mozilla/5.0 (compatible; bingbot/2.0; +http://www.bing.com/bingbot.htm)"
114.119.147.45 - - [14/Dec/2020:06:36:58 +0100] "GET /the-little-prince-placemat-p-47173.html HTTP/1.0" 200 71944 "-" "Mozilla/5.0 (Linux; Android 7.0;) AppleWebKit/537.36 (KHTML, like Gecko) Mobile Safari/537.36 (compatible; PetalBot;+https://aspiegel.com/petalbot)"
54.36.148.53 - - [14/Dec/2020:06:37:04 +0100] "GET /paris-pink-companion-wallet-p-38622.html HTTP/1.0" 200 72578 "-" "Mozilla/5.0 (compatible; AhrefsBot/7.0; +http://ahrefs.com/robot/)"
13.66.139.26 - - [14/Dec/2020:06:37:52 +0100] "GET /images/big_prod_1/9316188076913N.jpg HTTP/1.0" 200 271 "-" "Mozilla/5.0 (compatible; bingbot/2.0; +http://www.bing.com/bingbot.htm)"
13.66.139.26 - - [14/Dec/2020:06:38:02 +0100] "GET /images/big_prod/8422039530020.jpg HTTP/1.0" 200 268 "-" "Mozilla/5.0 (compatible; bingbot/2.0; +http://www.bing.com/bingbot.htm)"
216.244.66.242 - - [14/Dec/2020:06:38:20 +0100] "GET /mugs-and-mazagrans-c-12_57.html?page=15 HTTP/1.0" 200 97130 "-" "Mozilla/5.0 (compatible; DotBot/1.1; http://www.opensiteexplorer.org/dotbot, help@moz.com)"
207.46.13.48 - - [14/Dec/2020:06:39:05 +0100] "GET /images/3609810027596.jpg HTTP/1.0" 200 259 "-" "Mozilla/5.0 (compatible; bingbot/2.0; +http://www.bing.com/bingbot.htm)"
13.66.139.26 - - [14/Dec/2020:06:39:12 +0100] "GET /images/4012390362725.jpg HTTP/1.0" 200 259 "-" "Mozilla/5.0 (compatible; bingbot/2.0; +http://www.bing.com/bingbot.htm)"
54.36.149.73 - - [14/Dec/2020:06:39:23 +0100] "GET /rugby-kids-school-bag-p-44924.html HTTP/1.0" 200 72827 "-" "Mozilla/5.0 (compatible; AhrefsBot/7.0; +http://ahrefs.com/robot/)"
13.66.139.79 - - [14/Dec/2020:06:39:59 +0100] "GET /images/big_prod_1/3665269059434a.jpg HTTP/1.0" 200 271 "-" "Mozilla/5.0 (compatible; bingbot/2.0; +http://www.bing.com/bingbot.htm)"
216.244.66.242 - - [14/Dec/2020:06:40:29 +0100] "GET /lyon-pot-cookware-cbkreation-p-31271.html HTTP/1.0" 200 71884 "-" "Mozilla/5.0 (compatible; DotBot/1.1; http://www.opensiteexplorer.org/dotbot, help@moz.com)"
216.244.66.242 - - [14/Dec/2020:06:40:36 +0100] "GET /assassin-creed-zippo-lighter-p-39526.html HTTP/1.0" 200 74217 "-" "Mozilla/5.0 (compatible; DotBot/1.1; http://www.opensiteexplorer.org/dotbot, help@moz.com)"
216.244.66.242 - - [14/Dec/2020:06:40:41 +0100] "GET /gorjuss-handbag-tall-tails-p-46974.html HTTP/1.0" 200 73964 "-" "Mozilla/5.0 (compatible; DotBot/1.1; http://www.opensiteexplorer.org/dotbot, help@moz.com)"
216.244.66.242 - - [14/Dec/2020:06:40:44 +0100] "GET /toothbox-c-13_150_170.html?page=2 HTTP/1.0" 200 89854 "-" "Mozilla/5.0 (compatible; DotBot/1.1; http://www.opensiteexplorer.org/dotbot, help@moz.com)"
85.10.199.185 - - [14/Dec/2020:06:41:17 +0100] "GET /robots.txt HTTP/1.0" 200 245 "-" "Mozilla/5.0 (compatible; MJ12bot/v1.4.8; http://mj12bot.com/)"
114.119.154.200 - - [14/Dec/2020:06:41:20 +0100] "GET /round-pillow-macaron-p-50731.html HTTP/1.0" 301 69259 "-" "Mozilla/5.0 (Linux; Android 7.0;) AppleWebKit/537.36 (KHTML, like Gecko) Mobile Safari/537.36 (compatible; PetalBot;+https://aspiegel.com/petalbot)"
114.119.154.200 - - [14/Dec/2020:06:41:21 +0100] "GET /-p-50731.html HTTP/1.0" 200 69192 "-" "Mozilla/5.0 (Linux; Android 7.0;) AppleWebKit/537.36 (KHTML, like Gecko) Mobile Safari/537.36 (compatible; PetalBot;+https://aspiegel.com/petalbot)"
54.36.148.71 - - [14/Dec/2020:06:41:31 +0100] "GET /peace-and-love-blue-guitar-keyring-p-14622.html HTTP/1.0" 301 69259 "-" "Mozilla/5.0 (compatible; AhrefsBot/7.0; +http://ahrefs.com/robot/)"
85.10.199.185 - - [14/Dec/2020:06:41:31 +0100] "GET /-p-27875.html HTTP/1.0" 200 69192 "-" "Mozilla/5.0 (compatible; MJ12bot/v1.4.8; http://mj12bot.com/)"
13.66.139.26 - - [14/Dec/2020:06:41:32 +0100] "GET /furnishings-c-13_87.html HTTP/1.0" 200 89978 "-" "Mozilla/5.0 (compatible; bingbot/2.0; +http://www.bing.com/bingbot.htm)"
13.66.139.26 - - [14/Dec/2020:06:41:33 +0100] "GET /accessories-c-97_98.html HTTP/1.0" 200 83956 "-" "Mozilla/5.0 (compatible; bingbot/2.0; +http://www.bing.com/bingbot.htm)"
54.36.148.52 - - [14/Dec/2020:06:41:39 +0100] "GET /bamboo-basket-black-and-white-32-cm-p-50133.html HTTP/1.0" 200 71913 "-" "Mozilla/5.0 (compatible; AhrefsBot/7.0; +http://ahrefs.com/robot/)"
185.191.171.12 - - [14/Dec/2020:06:41:43 +0100] "GET /robots.txt HTTP/1.0" 200 245 "-" "Mozilla/5.0 (compatible; SemrushBot/7~bl; +http://www.semrush.com/bot.html)"
185.191.171.9 - - [14/Dec/2020:06:41:44 +0100] "GET /salt-and-pepper-pot-laeticia-collection-p-52668.html?action=add_product HTTP/1.0" 302 476 "-" "Mozilla/5.0 (compatible; SemrushBot/7~bl; +http://www.semrush.com/bot.html)"
85.10.199.185 - - [14/Dec/2020:06:41:46 +0100] "GET /-p-27920.html HTTP/1.0" 200 69192 "-" "Mozilla/5.0 (compatible; MJ12bot/v1.4.8; http://mj12bot.com/)"
85.10.199.185 - - [14/Dec/2020:06:41:58 +0100] "GET /-p-27985.html HTTP/1.0" 200 69192 "-" "Mozilla/5.0 (compatible; MJ12bot/v1.4.8; http://mj12bot.com/)"
157.55.39.179 - - [14/Dec/2020:06:42:02 +0100] "GET /coffee-and-tea-box-c-13_150_153.html?page=1 HTTP/1.0" 200 89482 "-" "Mozilla/5.0 (compatible; bingbot/2.0; +http://www.bing.com/bingbot.htm)"
13.66.139.79 - - [14/Dec/2020:06:42:07 +0100] "GET /images/big_prod_1/5400924023324BB.jpg HTTP/1.0" 200 272 "-" "Mozilla/5.0 (compatible; bingbot/2.0; +http://www.bing.com/bingbot.htm)"
13.66.139.79 - - [14/Dec/2020:06:42:07 +0100] "GET /images/big_prod_1/8422019282000B.jpg HTTP/1.0" 200 271 "-" "Mozilla/5.0 (compatible; bingbot/2.0; +http://www.bing.com/bingbot.htm)"
85.10.199.185 - - [14/Dec/2020:06:42:07 +0100] "GET /-p-27999.html HTTP/1.0" 200 69192 "-" "Mozilla/5.0 (compatible; MJ12bot/v1.4.8; http://mj12bot.com/)"
85.10.199.185 - - [14/Dec/2020:06:42:15 +0100] "GET /-p-28073.html HTTP/1.0" 200 69192 "-" "Mozilla/5.0 (compatible; MJ12bot/v1.4.8; http://mj12bot.com/)"
85.10.199.185 - - [14/Dec/2020:06:42:25 +0100] "GET /-p-28164.html HTTP/1.0" 200 69192 "-" "Mozilla/5.0 (compatible; MJ12bot/v1.4.8; http://mj12bot.com/)"
85.10.199.185 - - [14/Dec/2020:06:42:34 +0100] "GET /-p-28185.html HTTP/1.0" 200 69192 "-" "Mozilla/5.0 (compatible; MJ12bot/v1.4.8; http://mj12bot.com/)"
13.66.139.26 - - [14/Dec/2020:06:42:35 +0100] "GET /images/big_prod/3665269007169.jpg HTTP/1.0" 200 268 "-" "Mozilla/5.0 (compatible; bingbot/2.0; +http://www.bing.com/bingbot.htm)"
13.66.139.79 - - [14/Dec/2020:06:42:39 +0100] "GET /images/3660173175690.jpg HTTP/1.0" 200 259 "-" "Mozilla/5.0 (compatible; bingbot/2.0; +http://www.bing.com/bingbot.htm)"
13.66.139.79 - - [14/Dec/2020:06:42:40 +0100] "GET /images/big_prod/3503420237386.jpg HTTP/1.0" 200 268 "-" "Mozilla/5.0 (compatible; bingbot/2.0; +http://www.bing.com/bingbot.htm)"
85.10.199.185 - - [14/Dec/2020:06:42:44 +0100] "GET /-p-28187.html HTTP/1.0" 200 69192 "-" "Mozilla/5.0 (compatible; MJ12bot/v1.4.8; http://mj12bot.com/)"
85.10.199.185 - - [14/Dec/2020:06:42:55 +0100] "GET /-p-28189.html HTTP/1.0" 200 69192 "-" "Mozilla/5.0 (compatible; MJ12bot/v1.4.8; http://mj12bot.com/)"
85.10.199.185 - - [14/Dec/2020:06:43:06 +0100] "GET /-p-28195.html HTTP/1.0" 200 69192 "-" "Mozilla/5.0 (compatible; MJ12bot/v1.4.8; http://mj12bot.com/)"
85.10.199.185 - - [14/Dec/2020:06:43:21 +0100] "GET /-p-28196.html HTTP/1.0" 200 69192 "-" "Mozilla/5.0 (compatible; MJ12bot/v1.4.8; http://mj12bot.com/)"
85.10.199.185 - - [14/Dec/2020:06:43:33 +0100] "GET /-p-28237.html HTTP/1.0" 200 69192 "-" "Mozilla/5.0 (compatible; MJ12bot/v1.4.8; http://mj12bot.com/)"
85.10.199.185 - - [14/Dec/2020:06:43:41 +0100] "GET /-p-2838.html HTTP/1.0" 200 69190 "-" "Mozilla/5.0 (compatible; MJ12bot/v1.4.8; http://mj12bot.com/)"
85.10.199.185 - - [14/Dec/2020:06:43:50 +0100] "GET /-p-28453.html HTTP/1.0" 200 69192 "-" "Mozilla/5.0 (compatible; MJ12bot/v1.4.8; http://mj12bot.com/)"
54.36.149.73 - - [14/Dec/2020:06:43:54 +0100] "GET /ceramic-salt-pot-with-spoon-dory-p-51426.html HTTP/1.0" 200 71890 "-" "Mozilla/5.0 (compatible; AhrefsBot/7.0; +http://ahrefs.com/robot/)"
85.10.199.185 - - [14/Dec/2020:06:44:02 +0100] "GET /-p-2848.html HTTP/1.0" 200 69190 "-" "Mozilla/5.0 (compatible; MJ12bot/v1.4.8; http://mj12bot.com/)"
5.255.231.71 - - [14/Dec/2020:06:44:02 +0100] "GET /robots.txt HTTP/1.0" 200 245 "-" "Mozilla/5.0 (compatible; YandexBot/3.0; +http://yandex.com/bots)"
5.255.231.71 - - [14/Dec/2020:06:44:06 +0100] "GET /handy-manny-disney-night-light-p-24751.html HTTP/1.0" 200 72221 "-" "Mozilla/5.0 (compatible; YandexBot/3.0; +http://yandex.com/bots)"
85.10.199.185 - - [14/Dec/2020:06:44:10 +0100] "GET /-p-28542.html HTTP/1.0" 200 69192 "-" "Mozilla/5.0 (compatible; MJ12bot/v1.4.8; http://mj12bot.com/)"
85.10.199.185 - - [14/Dec/2020:06:44:23 +0100] "GET /-p-28545.html HTTP/1.0" 200 69192 "-" "Mozilla/5.0 (compatible; MJ12bot/v1.4.8; http://mj12bot.com/)"
85.10.199.185 - - [14/Dec/2020:06:44:36 +0100] "GET /-p-28552.html HTTP/1.0" 200 69192 "-" "Mozilla/5.0 (compatible; MJ12bot/v1.4.8; http://mj12bot.com/)"
85.10.199.185 - - [14/Dec/2020:06:44:42 +0100] "GET /-p-28559.html HTTP/1.0" 200 69192 "-" "Mozilla/5.0 (compatible; MJ12bot/v1.4.8; http://mj12bot.com/)"
51.68.224.127 - - [14/Dec/2020:06:44:51 +0100] "GET /adminweb/export_orders_xml.php?token=256de2z6edz6ed2z6DFSFsed2zed6zeDSFDSGdzedezfzf&maxorders=10&orderstart=1&status=14&start_date=2018-10-01 HTTP/1.0" 200 285 "-" "GesCom CharlotteBoutik Serveur"
51.68.224.127 - - [14/Dec/2020:06:44:51 +0100] "GET /adminweb/export_orders_xml.php?token=256de2z6edz6ed2z6DFSFsed2zed6zeDSFDSGdzedezfzf&maxorders=10&orderstart=1&status=6&start_date=2018-10-01 HTTP/1.0" 200 30026 "-" "GesCom CharlotteBoutik Serveur"
85.10.199.185 - - [14/Dec/2020:06:44:53 +0100] "GET /-p-28562.html HTTP/1.0" 200 69192 "-" "Mozilla/5.0 (compatible; MJ12bot/v1.4.8; http://mj12bot.com/)"
85.10.199.185 - - [14/Dec/2020:06:45:03 +0100] "GET /-p-28564.html HTTP/1.0" 200 69192 "-" "Mozilla/5.0 (compatible; MJ12bot/v1.4.8; http://mj12bot.com/)"
85.10.199.185 - - [14/Dec/2020:06:45:14 +0100] "GET /-p-28567.html HTTP/1.0" 200 69192 "-" "Mozilla/5.0 (compatible; MJ12bot/v1.4.8; http://mj12bot.com/)"
66.249.70.33 - - [14/Dec/2020:06:45:17 +0100] "GET /images/3521320700212.jpg HTTP/1.0" 200 259 "-" "Googlebot-Image/1.0"
85.10.199.185 - - [14/Dec/2020:06:45:26 +0100] "GET /-p-28568.html HTTP/1.0" 200 69192 "-" "Mozilla/5.0 (compatible; MJ12bot/v1.4.8; http://mj12bot.com/)"
85.10.199.185 - - [14/Dec/2020:06:45:36 +0100] "GET /-p-28571.html HTTP/1.0" 200 69192 "-" "Mozilla/5.0 (compatible; MJ12bot/v1.4.8; http://mj12bot.com/)"
85.10.199.185 - - [14/Dec/2020:06:45:43 +0100] "GET /-p-28572.html HTTP/1.0" 200 69192 "-" "Mozilla/5.0 (compatible; MJ12bot/v1.4.8; http://mj12bot.com/)"
114.119.129.36 - - [14/Dec/2020:06:45:44 +0100] "GET /ceramic-lamp-43-cm-p-52767.html HTTP/1.0" 200 72706 "-" "Mozilla/5.0 (Linux; Android 7.0;) AppleWebKit/537.36 (KHTML, like Gecko) Mobile Safari/537.36 (compatible; PetalBot;+https://aspiegel.com/petalbot)"
207.46.13.175 - - [14/Dec/2020:06:45:51 +0100] "GET /images/big_prod/3453131149044.jpg HTTP/1.0" 200 268 "-" "Mozilla/5.0 (compatible; bingbot/2.0; +http://www.bing.com/bingbot.htm)"
