95.216.11.179 - - [14/Dec/2020:04:39:57 +0100] "GET /household-linen/poncho-towels-and-bathrobes/medium-olympique-marseille-bathrobe-p-21828.html HTTP/1.0" 301 69259 "-" "Mozilla/5.0 (compatible; MJ12bot/v1.4.8; http://mj12bot.com/)"
95.216.11.179 - - [14/Dec/2020:04:40:00 +0100] "GET /-p-21828.html HTTP/1.0" 200 69192 "-" "Mozilla/5.0 (compatible; MJ12bot/v1.4.8; http://mj12bot.com/)"
13.66.139.55 - - [14/Dec/2020:04:40:04 +0100] "GET /images/9316188056038.jpg HTTP/1.0" 200 259 "-" "Mozilla/5.0 (compatible; bingbot/2.0; +http://www.bing.com/bingbot.htm)"
95.216.11.179 - - [14/Dec/2020:04:40:04 +0100] "GET /household-linen/poncho-towels-and-bathrobes/medium-psg-bathrobe-p-21830.html HTTP/1.0" 301 69364 "-" "Mozilla/5.0 (compatible; MJ12bot/v1.4.8; http://mj12bot.com/)"
95.216.11.179 - - [14/Dec/2020:04:40:09 +0100] "GET /medium-psg-bathrobe-p-21830.html HTTP/1.0" 200 69278 "-" "Mozilla/5.0 (compatible; MJ12bot/v1.4.8; http://mj12bot.com/)"
95.216.11.179 - - [14/Dec/2020:04:40:11 +0100] "GET /household-linen/poncho-towels-and-bathrobes/millimit-poncho-towels-p-7072.html HTTP/1.0" 301 69256 "-" "Mozilla/5.0 (compatible; MJ12bot/v1.4.8; http://mj12bot.com/)"
207.46.13.127 - - [14/Dec/2020:04:40:14 +0100] "GET /images/big_prod/8422144557455.jpg HTTP/1.0" 200 268 "-" "Mozilla/5.0 (compatible; bingbot/2.0; +http://www.bing.com/bingbot.htm)"
95.216.11.179 - - [14/Dec/2020:04:40:15 +0100] "GET /-p-7072.html HTTP/1.0" 200 69190 "-" "Mozilla/5.0 (compatible; MJ12bot/v1.4.8; http://mj12bot.com/)"
95.216.11.179 - - [14/Dec/2020:04:40:19 +0100] "GET /household-linen/poncho-towels-and-bathrobes/minnie-mouse-baby-bath-set-p-17599.html HTTP/1.0" 301 69259 "-" "Mozilla/5.0 (compatible; MJ12bot/v1.4.8; http://mj12bot.com/)"
95.216.11.179 - - [14/Dec/2020:04:40:24 +0100] "GET /-p-17599.html HTTP/1.0" 200 69192 "-" "Mozilla/5.0 (compatible; MJ12bot/v1.4.8; http://mj12bot.com/)"
95.216.11.179 - - [14/Dec/2020:04:40:27 +0100] "GET /household-linen/poncho-towels-and-bathrobes/naruto-graphic-bathrobe-size-p-17517.html HTTP/1.0" 301 69259 "-" "Mozilla/5.0 (compatible; MJ12bot/v1.4.8; http://mj12bot.com/)"
95.216.11.179 - - [14/Dec/2020:04:40:32 +0100] "GET /-p-17517.html HTTP/1.0" 200 69192 "-" "Mozilla/5.0 (compatible; MJ12bot/v1.4.8; http://mj12bot.com/)"
77.75.79.32 - - [14/Dec/2020:04:40:36 +0100] "GET /robots.txt HTTP/1.0" 200 245 "-" "Mozilla/5.0 (compatible; SeznamBot/3.2; +http://napoveda.seznam.cz/en/seznambot-intro/)"
95.216.11.179 - - [14/Dec/2020:04:40:36 +0100] "GET /household-linen/poncho-towels-and-bathrobes/olympique-marseille-bathrobe-1012-years-p-21844.html HTTP/1.0" 301 69259 "-" "Mozilla/5.0 (compatible; MJ12bot/v1.4.8; http://mj12bot.com/)"
77.75.79.32 - - [14/Dec/2020:04:40:36 +0100] "GET /images/mini_prod/5051276388564.jpg HTTP/1.0" 200 269 "-" "Mozilla/5.0 (compatible; SeznamBot/3.2; +http://napoveda.seznam.cz/en/seznambot-intro/)"
77.75.79.32 - - [14/Dec/2020:04:40:37 +0100] "GET /products_new.php HTTP/1.0" 200 92458 "-" "Mozilla/5.0 (compatible; SeznamBot/3.2; +http://napoveda.seznam.cz/en/seznambot-intro/)"
95.216.11.179 - - [14/Dec/2020:04:40:40 +0100] "GET /-p-21844.html HTTP/1.0" 200 69192 "-" "Mozilla/5.0 (compatible; MJ12bot/v1.4.8; http://mj12bot.com/)"
95.216.11.179 - - [14/Dec/2020:04:40:44 +0100] "GET /household-linen/poncho-towels-and-bathrobes/olympique-marseille-bathrobe-1416-years-p-21845.html HTTP/1.0" 301 69259 "-" "Mozilla/5.0 (compatible; MJ12bot/v1.4.8; http://mj12bot.com/)"
95.216.11.179 - - [14/Dec/2020:04:40:46 +0100] "GET /-p-21845.html HTTP/1.0" 200 69192 "-" "Mozilla/5.0 (compatible; MJ12bot/v1.4.8; http://mj12bot.com/)"
95.216.11.179 - - [14/Dec/2020:04:40:49 +0100] "GET /household-linen/poncho-towels-and-bathrobes/olympique-marseille-bathrobe-size-large-p-21849.html HTTP/1.0" 301 69259 "-" "Mozilla/5.0 (compatible; MJ12bot/v1.4.8; http://mj12bot.com/)"
95.216.11.179 - - [14/Dec/2020:04:40:53 +0100] "GET /-p-21849.html HTTP/1.0" 200 69192 "-" "Mozilla/5.0 (compatible; MJ12bot/v1.4.8; http://mj12bot.com/)"
95.216.11.179 - - [14/Dec/2020:04:40:58 +0100] "GET /household-linen/poncho-towels-and-bathrobes/olympique-marseille-bathrobe-size-p-21850.html HTTP/1.0" 301 69259 "-" "Mozilla/5.0 (compatible; MJ12bot/v1.4.8; http://mj12bot.com/)"
157.55.39.59 - - [14/Dec/2020:04:40:59 +0100] "GET /images/big_prod/3700276218624.jpg HTTP/1.0" 200 268 "-" "Mozilla/5.0 (compatible; bingbot/2.0; +http://www.bing.com/bingbot.htm)"
95.216.11.179 - - [14/Dec/2020:04:41:01 +0100] "GET /-p-21850.html HTTP/1.0" 200 69192 "-" "Mozilla/5.0 (compatible; MJ12bot/v1.4.8; http://mj12bot.com/)"
95.216.11.179 - - [14/Dec/2020:04:41:05 +0100] "GET /household-linen/poncho-towels-and-bathrobes/olympique-marseille-bathrobe-size-small-p-21847.html HTTP/1.0" 301 69502 "-" "Mozilla/5.0 (compatible; MJ12bot/v1.4.8; http://mj12bot.com/)"
54.36.148.136 - - [14/Dec/2020:04:41:05 +0100] "GET /door-plate-for-the-bedroom-p-52420.html HTTP/1.0" 200 71888 "-" "Mozilla/5.0 (compatible; AhrefsBot/7.0; +http://ahrefs.com/robot/)"
95.216.11.179 - - [14/Dec/2020:04:41:11 +0100] "GET /olympique-de-marseille-bathrobe-size-small-p-21847.html HTTP/1.0" 200 69393 "-" "Mozilla/5.0 (compatible; MJ12bot/v1.4.8; http://mj12bot.com/)"
95.216.11.179 - - [14/Dec/2020:04:41:14 +0100] "GET /household-linen/poncho-towels-and-bathrobes/paul-frank-bathrobe-p-13433.html HTTP/1.0" 301 69259 "-" "Mozilla/5.0 (compatible; MJ12bot/v1.4.8; http://mj12bot.com/)"
95.216.11.179 - - [14/Dec/2020:04:41:18 +0100] "GET /-p-13433.html HTTP/1.0" 200 69192 "-" "Mozilla/5.0 (compatible; MJ12bot/v1.4.8; http://mj12bot.com/)"
17.58.101.145 - - [14/Dec/2020:04:41:21 +0100] "GET /stone-labradorite-50-60-grams-p-46589.html HTTP/1.0" 200 73499 "-" "Mozilla/5.0 (Macintosh; Intel Mac OS X 10_15_5) AppleWebKit/605.1.15 (KHTML, like Gecko) Version/13.1.1 Safari/605.1.15 (Applebot/0.1; +http://www.apple.com/go/applebot)"
95.216.11.179 - - [14/Dec/2020:04:41:23 +0100] "GET /household-linen/poncho-towels-and-bathrobes/playboy-bathrobe-size-p-27398.html HTTP/1.0" 301 69382 "-" "Mozilla/5.0 (compatible; MJ12bot/v1.4.8; http://mj12bot.com/)"
95.216.11.179 - - [14/Dec/2020:04:41:28 +0100] "GET /playboy-bathrobe-size-p-27398.html HTTP/1.0" 200 69294 "-" "Mozilla/5.0 (compatible; MJ12bot/v1.4.8; http://mj12bot.com/)"
95.216.11.179 - - [14/Dec/2020:04:41:32 +0100] "GET /household-linen/poncho-towels-and-bathrobes/playboy-bathrobe-size-p-27399.html HTTP/1.0" 301 69259 "-" "Mozilla/5.0 (compatible; MJ12bot/v1.4.8; http://mj12bot.com/)"
95.216.11.179 - - [14/Dec/2020:04:41:35 +0100] "GET /-p-27399.html HTTP/1.0" 200 69192 "-" "Mozilla/5.0 (compatible; MJ12bot/v1.4.8; http://mj12bot.com/)"
95.216.11.179 - - [14/Dec/2020:04:41:39 +0100] "GET /household-linen/poncho-towels-and-bathrobes/playboy-bathrobe-size-p-27400.html HTTP/1.0" 301 69259 "-" "Mozilla/5.0 (compatible; MJ12bot/v1.4.8; http://mj12bot.com/)"
95.216.11.179 - - [14/Dec/2020:04:41:43 +0100] "GET /-p-27400.html HTTP/1.0" 200 69192 "-" "Mozilla/5.0 (compatible; MJ12bot/v1.4.8; http://mj12bot.com/)"
95.216.11.179 - - [14/Dec/2020:04:41:48 +0100] "GET /household-linen/poncho-towels-and-bathrobes/playboy-bathrobe-size-xxl-p-27401.html HTTP/1.0" 301 69400 "-" "Mozilla/5.0 (compatible; MJ12bot/v1.4.8; http://mj12bot.com/)"
13.66.139.26 - - [14/Dec/2020:04:41:51 +0100] "GET /images/big_prod/9349878007553.jpg HTTP/1.0" 200 268 "-" "Mozilla/5.0 (compatible; bingbot/2.0; +http://www.bing.com/bingbot.htm)"
13.66.139.26 - - [14/Dec/2020:04:41:52 +0100] "GET /mini-cooper-1300-car-p-27589.html HTTP/1.0" 200 71855 "-" "Mozilla/5.0 (compatible; bingbot/2.0; +http://www.bing.com/bingbot.htm)"
95.216.11.179 - - [14/Dec/2020:04:41:52 +0100] "GET /playboy-bathrobe-size-xxl-p-27401.html HTTP/1.0" 200 69308 "-" "Mozilla/5.0 (compatible; MJ12bot/v1.4.8; http://mj12bot.com/)"
13.66.139.26 - - [14/Dec/2020:04:41:53 +0100] "GET /metal-small-box-for-baby-teeth-pink-p-47099.html HTTP/1.0" 200 72674 "-" "Mozilla/5.0 (compatible; bingbot/2.0; +http://www.bing.com/bingbot.htm)"
13.66.139.26 - - [14/Dec/2020:04:41:54 +0100] "GET /paris-soap-dispenser-p-13953.html HTTP/1.0" 200 71903 "-" "Mozilla/5.0 (compatible; bingbot/2.0; +http://www.bing.com/bingbot.htm)"
13.66.139.26 - - [14/Dec/2020:04:41:55 +0100] "GET /metal-ding-dong-bell-for-bike-grey-p-40746.html HTTP/1.0" 200 71942 "-" "Mozilla/5.0 (compatible; bingbot/2.0; +http://www.bing.com/bingbot.htm)"
95.216.11.179 - - [14/Dec/2020:04:41:57 +0100] "GET /household-linen/poncho-towels-and-bathrobes/psg-bathrobe-size-p-24607.html HTTP/1.0" 301 69259 "-" "Mozilla/5.0 (compatible; MJ12bot/v1.4.8; http://mj12bot.com/)"
35.229.42.3 - - [14/Dec/2020:04:42:01 +0100] "GET /robots.txt HTTP/1.0" 200 245 "-" "ZoominfoBot (zoominfobot at zoominfo dot com)"
35.229.42.3 - - [14/Dec/2020:04:42:01 +0100] "GET /bowls-c-12_60.html HTTP/1.0" 200 91583 "-" "ZoominfoBot (zoominfobot at zoominfo dot com)"
95.216.11.179 - - [14/Dec/2020:04:42:03 +0100] "GET /-p-24607.html HTTP/1.0" 200 69192 "-" "Mozilla/5.0 (compatible; MJ12bot/v1.4.8; http://mj12bot.com/)"
35.229.42.3 - - [14/Dec/2020:04:42:06 +0100] "GET /dishes-c-12.html HTTP/1.0" 200 90411 "-" "ZoominfoBot (zoominfobot at zoominfo dot com)"
95.216.11.179 - - [14/Dec/2020:04:42:08 +0100] "GET /household-linen/poncho-towels-and-bathrobes/psg-bathrobe-size-p-24608.html HTTP/1.0" 301 69259 "-" "Mozilla/5.0 (compatible; MJ12bot/v1.4.8; http://mj12bot.com/)"
95.216.11.179 - - [14/Dec/2020:04:42:12 +0100] "GET /-p-24608.html HTTP/1.0" 200 69192 "-" "Mozilla/5.0 (compatible; MJ12bot/v1.4.8; http://mj12bot.com/)"
95.216.11.179 - - [14/Dec/2020:04:42:16 +0100] "GET /household-linen/poncho-towels-and-bathrobes/psg-bathrobe-size-p-24609.html HTTP/1.0" 301 69370 "-" "Mozilla/5.0 (compatible; MJ12bot/v1.4.8; http://mj12bot.com/)"
95.216.11.179 - - [14/Dec/2020:04:42:21 +0100] "GET /psg-bathrobe-size-xl-p-24609.html HTTP/1.0" 200 69283 "-" "Mozilla/5.0 (compatible; MJ12bot/v1.4.8; http://mj12bot.com/)"
13.66.139.26 - - [14/Dec/2020:04:42:21 +0100] "GET /the-beatles-metal-plate-p-11865.html HTTP/1.0" 200 71971 "-" "Mozilla/5.0 (compatible; bingbot/2.0; +http://www.bing.com/bingbot.htm)"
13.66.139.26 - - [14/Dec/2020:04:42:23 +0100] "GET /nici-dragon-mug-p-22318.html HTTP/1.0" 200 71760 "-" "Mozilla/5.0 (compatible; bingbot/2.0; +http://www.bing.com/bingbot.htm)"
13.66.139.26 - - [14/Dec/2020:04:42:24 +0100] "GET /littlest-petshop-tights-p-31089.html HTTP/1.0" 200 73267 "-" "Mozilla/5.0 (compatible; bingbot/2.0; +http://www.bing.com/bingbot.htm)"
13.66.139.26 - - [14/Dec/2020:04:42:24 +0100] "GET /mugs-and-mazagrans-c-12_57.html?page=10 HTTP/1.0" 200 96078 "-" "Mozilla/5.0 (compatible; bingbot/2.0; +http://www.bing.com/bingbot.htm)"
95.216.11.179 - - [14/Dec/2020:04:42:25 +0100] "GET /household-linen/poncho-towels-and-bathrobes/smurf-poncho-towel-p-13095.html HTTP/1.0" 301 69259 "-" "Mozilla/5.0 (compatible; MJ12bot/v1.4.8; http://mj12bot.com/)"
13.66.139.26 - - [14/Dec/2020:04:42:26 +0100] "GET /tin-and-metal-signs-c-13_130.html?page=7 HTTP/1.0" 200 93803 "-" "Mozilla/5.0 (compatible; bingbot/2.0; +http://www.bing.com/bingbot.htm)"
95.216.11.179 - - [14/Dec/2020:04:42:31 +0100] "GET /-p-13095.html HTTP/1.0" 200 69192 "-" "Mozilla/5.0 (compatible; MJ12bot/v1.4.8; http://mj12bot.com/)"
95.216.11.179 - - [14/Dec/2020:04:42:35 +0100] "GET /household-linen/poncho-towels-and-bathrobes/toy-story-poncho-towels-p-15617.html HTTP/1.0" 301 69259 "-" "Mozilla/5.0 (compatible; MJ12bot/v1.4.8; http://mj12bot.com/)"
95.216.11.179 - - [14/Dec/2020:04:42:38 +0100] "GET /-p-15617.html HTTP/1.0" 200 69192 "-" "Mozilla/5.0 (compatible; MJ12bot/v1.4.8; http://mj12bot.com/)"
95.216.11.179 - - [14/Dec/2020:04:42:43 +0100] "GET /household-linen/poncho-towels-and-bathrobes/winnie-the-pooh-ball-poncho-towel-p-12968.html HTTP/1.0" 301 69259 "-" "Mozilla/5.0 (compatible; MJ12bot/v1.4.8; http://mj12bot.com/)"
95.216.11.179 - - [14/Dec/2020:04:42:46 +0100] "GET /-p-12968.html HTTP/1.0" 200 69192 "-" "Mozilla/5.0 (compatible; MJ12bot/v1.4.8; http://mj12bot.com/)"
95.216.11.179 - - [14/Dec/2020:04:42:49 +0100] "GET /ice-bucket-skully-p-27920.html HTTP/1.0" 301 69259 "-" "Mozilla/5.0 (compatible; MJ12bot/v1.4.8; http://mj12bot.com/)"
54.36.148.116 - - [14/Dec/2020:04:42:50 +0100] "GET /barbamama-mini-coffee-mug-p-5308.html HTTP/1.0" 301 69256 "-" "Mozilla/5.0 (compatible; AhrefsBot/7.0; +http://ahrefs.com/robot/)"
95.216.11.179 - - [14/Dec/2020:04:42:54 +0100] "GET /-p-27920.html HTTP/1.0" 200 69192 "-" "Mozilla/5.0 (compatible; MJ12bot/v1.4.8; http://mj12bot.com/)"
95.216.11.179 - - [14/Dec/2020:04:42:58 +0100] "GET /ice-cream-money-bank-collection-p-17638.html HTTP/1.0" 301 69259 "-" "Mozilla/5.0 (compatible; MJ12bot/v1.4.8; http://mj12bot.com/)"
45.82.70.85 - - [14/Dec/2020:04:43:00 +0100] "GET /snowman-solar-powered-dancing-p-34143.html]Test HTTP/1.0" 301 609 "https://vk.com/club176055148" "Mozilla/5.0 (Windows NT 10.0; WOW64) AppleWebKit/537.36 (KHTML, like Gecko) Chrome/83.0.4103.61 Safari/537.36"
95.216.11.179 - - [14/Dec/2020:04:43:02 +0100] "GET /-p-17638.html HTTP/1.0" 200 69192 "-" "Mozilla/5.0 (compatible; MJ12bot/v1.4.8; http://mj12bot.com/)"
95.216.11.179 - - [14/Dec/2020:04:43:06 +0100] "GET /incense-holder-cobra-on-bamboo-p-50617.html HTTP/1.0" 200 72675 "-" "Mozilla/5.0 (compatible; MJ12bot/v1.4.8; http://mj12bot.com/)"
95.216.11.179 - - [14/Dec/2020:04:43:09 +0100] "GET /incense-satya-nag-champa-karma-15-grams-or-about-15-sticks-p-45279.html HTTP/1.0" 200 72480 "-" "Mozilla/5.0 (compatible; MJ12bot/v1.4.8; http://mj12bot.com/)"
95.216.11.179 - - [14/Dec/2020:04:43:12 +0100] "GET /incense-satya-nag-champa-spiritual-15-grams-or-about-15-sticks-p-45280.html HTTP/1.0" 200 72536 "-" "Mozilla/5.0 (compatible; MJ12bot/v1.4.8; http://mj12bot.com/)"
95.216.11.179 - - [14/Dec/2020:04:43:17 +0100] "GET /incense-stick-holder-buddha-p-44894.html HTTP/1.0" 200 71939 "-" "Mozilla/5.0 (compatible; MJ12bot/v1.4.8; http://mj12bot.com/)"
95.216.11.179 - - [14/Dec/2020:04:43:20 +0100] "GET /incense-stick-holder-buddha-p-44895.html HTTP/1.0" 200 71968 "-" "Mozilla/5.0 (compatible; MJ12bot/v1.4.8; http://mj12bot.com/)"
54.36.149.55 - - [14/Dec/2020:04:43:22 +0100] "GET /small-metal-beer-bucket-18-18-cm-cocktail-lounge-p-41208.html HTTP/1.0" 200 72085 "-" "Mozilla/5.0 (compatible; AhrefsBot/7.0; +http://ahrefs.com/robot/)"
95.216.11.179 - - [14/Dec/2020:04:43:25 +0100] "GET /incense-sticks-burner-and-storage-box-lotus-p-39489.html HTTP/1.0" 200 72928 "-" "Mozilla/5.0 (compatible; MJ12bot/v1.4.8; http://mj12bot.com/)"
95.216.11.179 - - [14/Dec/2020:04:43:29 +0100] "GET /industrial-pouf-storage-box-small-size-27-cm-only-p-48580.html HTTP/1.0" 200 72753 "-" "Mozilla/5.0 (compatible; MJ12bot/v1.4.8; http://mj12bot.com/)"
95.216.11.179 - - [14/Dec/2020:04:43:32 +0100] "GET /industrial-retro-clock-in-aged-metal-20-17-cm-p-48586.html HTTP/1.0" 200 69374 "-" "Mozilla/5.0 (compatible; MJ12bot/v1.4.8; http://mj12bot.com/)"
95.216.11.179 - - [14/Dec/2020:04:43:38 +0100] "GET /iron-ganesh-votive-candle-holder-p-50599.html HTTP/1.0" 200 72648 "-" "Mozilla/5.0 (compatible; MJ12bot/v1.4.8; http://mj12bot.com/)"
95.216.11.179 - - [14/Dec/2020:04:43:42 +0100] "GET /isaline-bedclothes-220-240-cm-p-50845.html HTTP/1.0" 200 71906 "-" "Mozilla/5.0 (compatible; MJ12bot/v1.4.8; http://mj12bot.com/)"
114.119.150.15 - - [14/Dec/2020:04:43:45 +0100] "GET /support-metal-bottle-napoleon-p-42091.html HTTP/1.0" 200 71936 "-" "Mozilla/5.0 (Linux; Android 7.0;) AppleWebKit/537.36 (KHTML, like Gecko) Mobile Safari/537.36 (compatible; PetalBot;+https://aspiegel.com/petalbot)"
95.216.11.179 - - [14/Dec/2020:04:43:46 +0100] "GET /italia-tablecloth-anti-stain-140-240-cm-p-34994.html HTTP/1.0" 200 71966 "-" "Mozilla/5.0 (compatible; MJ12bot/v1.4.8; http://mj12bot.com/)"
95.216.11.179 - - [14/Dec/2020:04:43:49 +0100] "GET /italian-ice-cream-charm-p-50794.html HTTP/1.0" 200 71836 "-" "Mozilla/5.0 (compatible; MJ12bot/v1.4.8; http://mj12bot.com/)"
216.244.66.242 - - [14/Dec/2020:04:43:50 +0100] "GET /robots.txt HTTP/1.0" 200 245 "-" "Mozilla/5.0 (compatible; DotBot/1.1; http://www.opensiteexplorer.org/dotbot, help@moz.com)"
95.216.11.179 - - [14/Dec/2020:04:43:53 +0100] "GET /jamaica-by-cbkreation-mug-p-13974.html HTTP/1.0" 200 71840 "-" "Mozilla/5.0 (compatible; MJ12bot/v1.4.8; http://mj12bot.com/)"
95.216.11.179 - - [14/Dec/2020:04:43:56 +0100] "GET /jar-candle-30-hours-lavender-and-sage-p-33046.html HTTP/1.0" 200 69334 "-" "Mozilla/5.0 (compatible; MJ12bot/v1.4.8; http://mj12bot.com/)"
95.216.11.179 - - [14/Dec/2020:04:44:02 +0100] "GET /johnny-hallyday-cup-and-saucer-set-p-28195.html HTTP/1.0" 301 69259 "-" "Mozilla/5.0 (compatible; MJ12bot/v1.4.8; http://mj12bot.com/)"
95.216.11.179 - - [14/Dec/2020:04:44:08 +0100] "GET /-p-28195.html HTTP/1.0" 200 69192 "-" "Mozilla/5.0 (compatible; MJ12bot/v1.4.8; http://mj12bot.com/)"
95.216.11.179 - - [14/Dec/2020:04:44:11 +0100] "GET /johnny-hallyday-cup-and-saucer-set-p-28196.html HTTP/1.0" 301 69259 "-" "Mozilla/5.0 (compatible; MJ12bot/v1.4.8; http://mj12bot.com/)"
95.216.11.179 - - [14/Dec/2020:04:44:15 +0100] "GET /-p-28196.html HTTP/1.0" 200 69192 "-" "Mozilla/5.0 (compatible; MJ12bot/v1.4.8; http://mj12bot.com/)"
95.216.11.179 - - [14/Dec/2020:04:44:19 +0100] "GET /johnny-hallyday-mug-p-12882.html HTTP/1.0" 301 69259 "-" "Mozilla/5.0 (compatible; MJ12bot/v1.4.8; http://mj12bot.com/)"
13.66.139.26 - - [14/Dec/2020:04:44:21 +0100] "GET /images/9316188025492.jpg HTTP/1.0" 200 259 "-" "Mozilla/5.0 (compatible; bingbot/2.0; +http://www.bing.com/bingbot.htm)"
13.66.139.26 - - [14/Dec/2020:04:44:21 +0100] "GET /tealight-holders-and-candle-holders-c-231_230.html HTTP/1.0" 200 90779 "-" "Mozilla/5.0 (compatible; bingbot/2.0; +http://www.bing.com/bingbot.htm)"
13.66.139.26 - - [14/Dec/2020:04:44:22 +0100] "GET /index.php HTTP/1.0" 200 149830 "-" "Mozilla/5.0 (compatible; bingbot/2.0; +http://www.bing.com/bingbot.htm)"
95.216.11.179 - - [14/Dec/2020:04:44:24 +0100] "GET /-p-12882.html HTTP/1.0" 200 69192 "-" "Mozilla/5.0 (compatible; MJ12bot/v1.4.8; http://mj12bot.com/)"
95.216.11.179 - - [14/Dec/2020:04:44:27 +0100] "GET /jungle-shower-curtain-180-200-cm-p-52157.html HTTP/1.0" 200 72568 "-" "Mozilla/5.0 (compatible; MJ12bot/v1.4.8; http://mj12bot.com/)"
110.78.154.120 - - [14/Dec/2020:04:44:28 +0100] "GET /contact_us.php?action=success HTTP/1.0" 200 13477 "http://www.wonder-geek.com/contact_us.php?action=success" "Mozilla/5.0 (Windows NT 10.0; Win64; x64) AppleWebKit/537.36 (KHTML, like Gecko) Chrome/83.0.4103.24 Safari/537.36"
110.78.154.120 - - [14/Dec/2020:04:44:30 +0100] "GET /contact_us.php HTTP/1.0" 200 26241 "http://www.wonder-geek.com/contact_us.php" "Mozilla/5.0 (Windows NT 10.0; Win64; x64) AppleWebKit/537.36 (KHTML, like Gecko) Chrome/83.0.4103.24 Safari/537.36"
13.66.139.26 - - [14/Dec/2020:04:44:31 +0100] "GET /images/med_prod/0000000000000corse.jpg HTTP/1.0" 200 273 "-" "Mozilla/5.0 (compatible; bingbot/2.0; +http://www.bing.com/bingbot.htm)"
110.78.154.120 - - [14/Dec/2020:04:44:32 +0100] "POST /contact_us.php?action=send HTTP/1.0" 200 26457 "http://www.wonder-geek.com/contact_us.php" "Mozilla/5.0 (Windows NT 10.0; Win64; x64) AppleWebKit/537.36 (KHTML, like Gecko) Chrome/83.0.4103.24 Safari/537.36"
95.216.11.179 - - [14/Dec/2020:04:44:32 +0100] "GET /kimmi-junior-daisy-keychains-p-7419.html HTTP/1.0" 200 69292 "-" "Mozilla/5.0 (compatible; MJ12bot/v1.4.8; http://mj12bot.com/)"
95.216.11.179 - - [14/Dec/2020:04:44:36 +0100] "GET /kimmi-junior-glass-p-11840.html HTTP/1.0" 200 71744 "-" "Mozilla/5.0 (compatible; MJ12bot/v1.4.8; http://mj12bot.com/)"
95.216.11.179 - - [14/Dec/2020:04:44:41 +0100] "GET /kimmidoll-black-square-lies-flat-p-13141.html HTTP/1.0" 200 69343 "-" "Mozilla/5.0 (compatible; MJ12bot/v1.4.8; http://mj12bot.com/)"
95.216.11.179 - - [14/Dec/2020:04:44:47 +0100] "GET /kimmidoll-pen-honoka-p-15895.html HTTP/1.0" 200 69283 "-" "Mozilla/5.0 (compatible; MJ12bot/v1.4.8; http://mj12bot.com/)"
95.216.11.179 - - [14/Dec/2020:04:44:49 +0100] "GET /kimmidoll-pen-yuna-p-15902.html HTTP/1.0" 200 69282 "-" "Mozilla/5.0 (compatible; MJ12bot/v1.4.8; http://mj12bot.com/)"
95.216.11.179 - - [14/Dec/2020:04:44:52 +0100] "GET /kori-kumi-vanity-bag-p-30500.html HTTP/1.0" 200 72508 "-" "Mozilla/5.0 (compatible; MJ12bot/v1.4.8; http://mj12bot.com/)"
95.216.11.179 - - [14/Dec/2020:04:44:56 +0100] "GET /la-coq-sportif-black-backpack-p-35853.html HTTP/1.0" 200 72105 "-" "Mozilla/5.0 (compatible; MJ12bot/v1.4.8; http://mj12bot.com/)"
95.216.11.179 - - [14/Dec/2020:04:45:01 +0100] "GET /la-vache-qui-rit-retro-white-mug-p-40045.html HTTP/1.0" 200 69343 "-" "Mozilla/5.0 (compatible; MJ12bot/v1.4.8; http://mj12bot.com/)"
95.216.11.179 - - [14/Dec/2020:04:45:05 +0100] "GET /laissez-lucie-faire-large-make-up-kit-amadou-p-44831.html HTTP/1.0" 200 69344 "-" "Mozilla/5.0 (compatible; MJ12bot/v1.4.8; http://mj12bot.com/)"
95.216.11.179 - - [14/Dec/2020:04:45:09 +0100] "GET /laissez-lucie-faire-large-make-up-kit-amadou-p-44832.html HTTP/1.0" 200 69344 "-" "Mozilla/5.0 (compatible; MJ12bot/v1.4.8; http://mj12bot.com/)"
95.216.11.179 - - [14/Dec/2020:04:45:13 +0100] "GET /laissez-lucie-faire-large-make-up-kit-roberto-p-44830.html HTTP/1.0" 200 72206 "-" "Mozilla/5.0 (compatible; MJ12bot/v1.4.8; http://mj12bot.com/)"
95.216.11.179 - - [14/Dec/2020:04:45:19 +0100] "GET /laissez-lucie-faire-large-zip-wallet-apollon-p-38957.html HTTP/1.0" 200 69403 "-" "Mozilla/5.0 (compatible; MJ12bot/v1.4.8; http://mj12bot.com/)"
95.216.11.179 - - [14/Dec/2020:04:45:24 +0100] "GET /laissez-lucie-faire-large-zip-wallet-bernard-p-38960.html HTTP/1.0" 200 69379 "-" "Mozilla/5.0 (compatible; MJ12bot/v1.4.8; http://mj12bot.com/)"
95.216.11.179 - - [14/Dec/2020:04:45:28 +0100] "GET /laissez-lucie-faire-large-zip-wallet-maria-p-38959.html HTTP/1.0" 200 69375 "-" "Mozilla/5.0 (compatible; MJ12bot/v1.4.8; http://mj12bot.com/)"
95.216.11.179 - - [14/Dec/2020:04:45:32 +0100] "GET /laissez-lucie-faire-make-up-kit-roberto-p-44835.html HTTP/1.0" 200 69334 "-" "Mozilla/5.0 (compatible; MJ12bot/v1.4.8; http://mj12bot.com/)"
54.36.148.83 - - [14/Dec/2020:04:45:33 +0100] "GET /candy-cloud-notepad-candy-p-49840.html HTTP/1.0" 200 71882 "-" "Mozilla/5.0 (compatible; AhrefsBot/7.0; +http://ahrefs.com/robot/)"
95.216.11.179 - - [14/Dec/2020:04:45:36 +0100] "GET /laissez-lucie-faire-make-up-kit-wapi-p-48999.html HTTP/1.0" 200 69328 "-" "Mozilla/5.0 (compatible; MJ12bot/v1.4.8; http://mj12bot.com/)"
69.30.198.242 - - [14/Dec/2020:04:45:38 +0100] "GET /robots.txt HTTP/1.0" 301 531 "-" "Mozilla/5.0 (compatible; MJ12bot/v1.4.8; http://mj12bot.com/)"
95.216.11.179 - - [14/Dec/2020:04:45:39 +0100] "GET /large-caramel-and-cie-backpack-blue-butterfly-p-48797.html HTTP/1.0" 200 69366 "-" "Mozilla/5.0 (compatible; MJ12bot/v1.4.8; http://mj12bot.com/)"
95.216.11.179 - - [14/Dec/2020:04:45:41 +0100] "GET /large-eco-responsible-white-musk-candle-heart-and-home-p-52797.html HTTP/1.0" 200 73170 "-" "Mozilla/5.0 (compatible; MJ12bot/v1.4.8; http://mj12bot.com/)"
157.55.39.59 - - [14/Dec/2020:04:45:41 +0100] "GET /tinted-candle-in-the-mass-silver-color-p-48934.html HTTP/1.0" 200 71669 "-" "Mozilla/5.0 (compatible; bingbot/2.0; +http://www.bing.com/bingbot.htm)"
95.216.11.179 - - [14/Dec/2020:04:45:44 +0100] "GET /large-industrial-lamp-in-metal-bronze-74-cm-p-48593.html HTTP/1.0" 200 72047 "-" "Mozilla/5.0 (compatible; MJ12bot/v1.4.8; http://mj12bot.com/)"
69.30.198.242 - - [14/Dec/2020:04:45:45 +0100] "GET /robots.txt HTTP/1.0" 200 245 "-" "Mozilla/5.0 (compatible; MJ12bot/v1.4.8; http://mj12bot.com/)"
157.55.39.184 - - [14/Dec/2020:04:45:47 +0100] "GET /images/big_prod_2/8424345932352C.jpg HTTP/1.0" 200 271 "-" "Mozilla/5.0 (compatible; bingbot/2.0; +http://www.bing.com/bingbot.htm)"
157.55.39.184 - - [14/Dec/2020:04:45:48 +0100] "GET /boxes-and-storage-box-c-13_150.html?page=11 HTTP/1.0" 200 93830 "-" "Mozilla/5.0 (compatible; bingbot/2.0; +http://www.bing.com/bingbot.htm)"
95.216.11.179 - - [14/Dec/2020:04:45:49 +0100] "GET /large-jar-candle-basil-lime-and-mandarin-p-47627.html HTTP/1.0" 200 69389 "-" "Mozilla/5.0 (compatible; MJ12bot/v1.4.8; http://mj12bot.com/)"
95.216.11.179 - - [14/Dec/2020:04:45:53 +0100] "GET /large-jar-candle-lemon-of-amalfi-p-47631.html HTTP/1.0" 200 69349 "-" "Mozilla/5.0 (compatible; MJ12bot/v1.4.8; http://mj12bot.com/)"
69.30.198.242 - - [14/Dec/2020:04:45:56 +0100] "GET /pucca-tee-shirt-p-30920.html HTTP/1.0" 301 567 "-" "Mozilla/5.0 (compatible; MJ12bot/v1.4.8; http://mj12bot.com/)"
95.216.11.179 - - [14/Dec/2020:04:45:57 +0100] "GET /light-wood-pave-lamp-and-neo-vintage-bulb-p-52171.html HTTP/1.0" 200 72705 "-" "Mozilla/5.0 (compatible; MJ12bot/v1.4.8; http://mj12bot.com/)"
95.216.11.179 - - [14/Dec/2020:04:46:01 +0100] "GET /lille-losc-mug-p-50783.html HTTP/1.0" 200 72531 "-" "Mozilla/5.0 (compatible; MJ12bot/v1.4.8; http://mj12bot.com/)"
95.216.11.179 - - [14/Dec/2020:04:46:05 +0100] "GET /lirette-rug-boheme-ethnic-cream-orange-and-black-p-50878.html HTTP/1.0" 200 72843 "-" "Mozilla/5.0 (compatible; MJ12bot/v1.4.8; http://mj12bot.com/)"
69.30.198.242 - - [14/Dec/2020:04:46:08 +0100] "GET /pucca-tee-shirt-p-30920.html HTTP/1.0" 301 69259 "-" "Mozilla/5.0 (compatible; MJ12bot/v1.4.8; http://mj12bot.com/)"
95.216.11.179 - - [14/Dec/2020:04:46:10 +0100] "GET /little-marcel-backpack-p-40966.html HTTP/1.0" 200 69270 "-" "Mozilla/5.0 (compatible; MJ12bot/v1.4.8; http://mj12bot.com/)"
95.216.11.179 - - [14/Dec/2020:04:46:14 +0100] "GET /little-miss-super-cawaii-cosmetic-bag-p-21788.html HTTP/1.0" 200 71969 "-" "Mozilla/5.0 (compatible; MJ12bot/v1.4.8; http://mj12bot.com/)"
95.216.11.179 - - [14/Dec/2020:04:46:18 +0100] "GET /little-prince-melamine-glass-p-12252.html HTTP/1.0" 200 69323 "-" "Mozilla/5.0 (compatible; MJ12bot/v1.4.8; http://mj12bot.com/)"
95.216.11.179 - - [14/Dec/2020:04:46:21 +0100] "GET /littlest-petshop-backpack-p-25773.html HTTP/1.0" 200 72154 "-" "Mozilla/5.0 (compatible; MJ12bot/v1.4.8; http://mj12bot.com/)"
69.30.198.242 - - [14/Dec/2020:04:46:22 +0100] "GET /-p-30920.html HTTP/1.0" 200 69192 "-" "Mozilla/5.0 (compatible; MJ12bot/v1.4.8; http://mj12bot.com/)"
95.216.11.179 - - [14/Dec/2020:04:46:25 +0100] "GET /littlest-petshop-backpack-p-6365.html HTTP/1.0" 200 72104 "-" "Mozilla/5.0 (compatible; MJ12bot/v1.4.8; http://mj12bot.com/)"
95.216.11.179 - - [14/Dec/2020:04:46:30 +0100] "GET /littlest-petshop-lace-curtain-p-3965.html HTTP/1.0" 200 69296 "-" "Mozilla/5.0 (compatible; MJ12bot/v1.4.8; http://mj12bot.com/)"
35.229.42.3 - - [14/Dec/2020:04:46:24 +0100] "GET /flatwares-c-12_63.html HTTP/1.0" 200 88643 "-" "ZoominfoBot (zoominfobot at zoominfo dot com)"
95.216.11.179 - - [14/Dec/2020:04:46:34 +0100] "GET /live-and-dream-large-cabas-p-42928.html HTTP/1.0" 200 71920 "-" "Mozilla/5.0 (compatible; MJ12bot/v1.4.8; http://mj12bot.com/)"
69.30.198.242 - - [14/Dec/2020:04:46:38 +0100] "GET /-p-10069.html HTTP/1.0" 200 69192 "-" "Mozilla/5.0 (compatible; MJ12bot/v1.4.8; http://mj12bot.com/)"
95.216.11.179 - - [14/Dec/2020:04:46:39 +0100] "GET /london-academy-backpack-41-cm-p-44926.html HTTP/1.0" 200 72802 "-" "Mozilla/5.0 (compatible; MJ12bot/v1.4.8; http://mj12bot.com/)"
95.216.11.179 - - [14/Dec/2020:04:46:45 +0100] "GET /london-cat-mug-p-14175.html HTTP/1.0" 200 71692 "-" "Mozilla/5.0 (compatible; MJ12bot/v1.4.8; http://mj12bot.com/)"
69.30.198.242 - - [14/Dec/2020:04:46:49 +0100] "GET /-p-10254.html HTTP/1.0" 200 69192 "-" "Mozilla/5.0 (compatible; MJ12bot/v1.4.8; http://mj12bot.com/)"
95.216.11.179 - - [14/Dec/2020:04:46:49 +0100] "GET /london-puzzles-by-nathalie-lete-p-27751.html HTTP/1.0" 200 72153 "-" "Mozilla/5.0 (compatible; MJ12bot/v1.4.8; http://mj12bot.com/)"
95.216.11.179 - - [14/Dec/2020:04:46:57 +0100] "GET /looney-tunes-black-shirt-p-30146.html HTTP/1.0" 200 73573 "-" "Mozilla/5.0 (compatible; MJ12bot/v1.4.8; http://mj12bot.com/)"
157.55.39.59 - - [14/Dec/2020:04:46:59 +0100] "GET /images/mini_prod/3609810076310.jpg HTTP/1.0" 200 269 "-" "Mozilla/5.0 (compatible; bingbot/2.0; +http://www.bing.com/bingbot.htm)"
69.30.198.242 - - [14/Dec/2020:04:47:00 +0100] "GET /-p-10426.html HTTP/1.0" 200 69192 "-" "Mozilla/5.0 (compatible; MJ12bot/v1.4.8; http://mj12bot.com/)"
13.66.139.26 - - [14/Dec/2020:04:47:03 +0100] "GET /images/big_prod/9349878006990.jpg HTTP/1.0" 200 268 "-" "Mozilla/5.0 (compatible; bingbot/2.0; +http://www.bing.com/bingbot.htm)"
95.216.11.179 - - [14/Dec/2020:04:47:02 +0100] "GET /lotus-candle-holder-in-glass-p-42827.html HTTP/1.0" 200 72985 "-" "Mozilla/5.0 (compatible; MJ12bot/v1.4.8; http://mj12bot.com/)"
95.216.11.179 - - [14/Dec/2020:04:47:07 +0100] "GET /lotus-candle-holder-in-glass-p-42830.html HTTP/1.0" 200 73014 "-" "Mozilla/5.0 (compatible; MJ12bot/v1.4.8; http://mj12bot.com/)"
69.30.198.242 - - [14/Dec/2020:04:47:10 +0100] "GET /-p-10452.html HTTP/1.0" 200 69192 "-" "Mozilla/5.0 (compatible; MJ12bot/v1.4.8; http://mj12bot.com/)"
95.216.11.179 - - [14/Dec/2020:04:47:11 +0100] "GET /lotus-candleholder-light-gold-p-40684.html HTTP/1.0" 200 72686 "-" "Mozilla/5.0 (compatible; MJ12bot/v1.4.8; http://mj12bot.com/)"
95.216.11.179 - - [14/Dec/2020:04:47:16 +0100] "GET /lotus-candleholder-lilac-p-42873.html HTTP/1.0" 200 73253 "-" "Mozilla/5.0 (compatible; MJ12bot/v1.4.8; http://mj12bot.com/)"
69.30.198.242 - - [14/Dec/2020:04:47:19 +0100] "GET /-p-10718.html HTTP/1.0" 200 69192 "-" "Mozilla/5.0 (compatible; MJ12bot/v1.4.8; http://mj12bot.com/)"
95.216.11.179 - - [14/Dec/2020:04:47:21 +0100] "GET /lotus-candleholder-pastel-pink-with-golden-lining-p-42874.html HTTP/1.0" 200 73514 "-" "Mozilla/5.0 (compatible; MJ12bot/v1.4.8; http://mj12bot.com/)"
95.216.11.179 - - [14/Dec/2020:04:47:25 +0100] "GET /love-and-heart-bedclothes-240-260-cm-p-39650.html HTTP/1.0" 200 71987 "-" "Mozilla/5.0 (compatible; MJ12bot/v1.4.8; http://mj12bot.com/)"
95.216.11.179 - - [14/Dec/2020:04:47:30 +0100] "GET /love-and-peace-purple-shirt-p-30152.html HTTP/1.0" 200 73607 "-" "Mozilla/5.0 (compatible; MJ12bot/v1.4.8; http://mj12bot.com/)"
69.30.198.242 - - [14/Dec/2020:04:47:32 +0100] "GET /-p-10959.html HTTP/1.0" 200 69192 "-" "Mozilla/5.0 (compatible; MJ12bot/v1.4.8; http://mj12bot.com/)"
95.216.11.179 - - [14/Dec/2020:04:47:35 +0100] "GET /lu-petit-beurre-mug-p-41063.html HTTP/1.0" 200 69258 "-" "Mozilla/5.0 (compatible; MJ12bot/v1.4.8; http://mj12bot.com/)"
54.36.148.87 - - [14/Dec/2020:04:47:40 +0100] "GET /ceramic-salt-pot-with-spoon-aderne-p-50632.html HTTP/1.0" 200 71904 "-" "Mozilla/5.0 (compatible; AhrefsBot/7.0; +http://ahrefs.com/robot/)"
69.30.198.242 - - [14/Dec/2020:04:47:42 +0100] "GET /-p-11124.html HTTP/1.0" 200 69192 "-" "Mozilla/5.0 (compatible; MJ12bot/v1.4.8; http://mj12bot.com/)"
95.216.11.179 - - [14/Dec/2020:04:47:39 +0100] "GET /luggages-schoolbags-leather-shop-c-31.html?page=32 HTTP/1.0" 200 91659 "-" "Mozilla/5.0 (compatible; MJ12bot/v1.4.8; http://mj12bot.com/)"
35.229.42.3 - - [14/Dec/2020:04:47:41 +0100] "GET /flasks-c-12_245.html HTTP/1.0" 200 77814 "-" "ZoominfoBot (zoominfobot at zoominfo dot com)"
35.229.42.3 - - [14/Dec/2020:04:47:48 +0100] "GET /personalized-products-c-97.html HTTP/1.0" 200 89504 "-" "ZoominfoBot (zoominfobot at zoominfo dot com)"
95.216.11.179 - - [14/Dec/2020:04:47:48 +0100] "GET /luggages-schoolbags-leather-shop-c-31.html?page=33 HTTP/1.0" 200 91338 "-" "Mozilla/5.0 (compatible; MJ12bot/v1.4.8; http://mj12bot.com/)"
69.30.198.242 - - [14/Dec/2020:04:47:55 +0100] "GET /-p-11216.html HTTP/1.0" 200 69192 "-" "Mozilla/5.0 (compatible; MJ12bot/v1.4.8; http://mj12bot.com/)"
95.216.11.179 - - [14/Dec/2020:04:47:57 +0100] "GET /luggages-schoolbags-leather-shop-c-31.html?page=34 HTTP/1.0" 200 90819 "-" "Mozilla/5.0 (compatible; MJ12bot/v1.4.8; http://mj12bot.com/)"
114.119.151.113 - - [14/Dec/2020:04:48:03 +0100] "GET /images/mini_prod/8904245402983.jpg HTTP/1.0" 200 269 "-" "Mozilla/5.0 (Linux; Android 7.0;) AppleWebKit/537.36 (KHTML, like Gecko) Mobile Safari/537.36 (compatible; PetalBot;+https://aspiegel.com/petalbot)"
69.30.198.242 - - [14/Dec/2020:04:48:05 +0100] "GET /-p-11396.html HTTP/1.0" 200 69192 "-" "Mozilla/5.0 (compatible; MJ12bot/v1.4.8; http://mj12bot.com/)"
95.216.11.179 - - [14/Dec/2020:04:48:06 +0100] "GET /luggages-schoolbags-leather-shop-c-31.html?page=35 HTTP/1.0" 200 91090 "-" "Mozilla/5.0 (compatible; MJ12bot/v1.4.8; http://mj12bot.com/)"
69.30.198.242 - - [14/Dec/2020:04:48:15 +0100] "GET /-p-11783.html HTTP/1.0" 200 69192 "-" "Mozilla/5.0 (compatible; MJ12bot/v1.4.8; http://mj12bot.com/)"
95.216.11.179 - - [14/Dec/2020:04:48:13 +0100] "GET /luggages-schoolbags-leather-shop-c-31.html?page=36 HTTP/1.0" 200 93330 "-" "Mozilla/5.0 (compatible; MJ12bot/v1.4.8; http://mj12bot.com/)"
95.216.11.179 - - [14/Dec/2020:04:48:22 +0100] "GET /luggages-schoolbags-leather-shop-c-31.html?page=37 HTTP/1.0" 200 93462 "-" "Mozilla/5.0 (compatible; MJ12bot/v1.4.8; http://mj12bot.com/)"
69.30.198.242 - - [14/Dec/2020:04:48:25 +0100] "GET /-p-11851.html HTTP/1.0" 200 69192 "-" "Mozilla/5.0 (compatible; MJ12bot/v1.4.8; http://mj12bot.com/)"
69.30.198.242 - - [14/Dec/2020:04:48:34 +0100] "GET /-p-11955.html HTTP/1.0" 200 69192 "-" "Mozilla/5.0 (compatible; MJ12bot/v1.4.8; http://mj12bot.com/)"
95.216.11.179 - - [14/Dec/2020:04:48:31 +0100] "GET /luggages-schoolbags-leather-shop-c-31.html?page=38 HTTP/1.0" 200 92166 "-" "Mozilla/5.0 (compatible; MJ12bot/v1.4.8; http://mj12bot.com/)"
157.55.39.179 - - [14/Dec/2020:04:48:35 +0100] "GET /mugs-and-mazagrans-c-12_57.html?page=11 HTTP/1.0" 200 96718 "-" "Mozilla/5.0 (compatible; bingbot/2.0; +http://www.bing.com/bingbot.htm)"
95.216.11.179 - - [14/Dec/2020:04:48:38 +0100] "GET /luggages-schoolbags-leather-shop-c-31.html?page=39 HTTP/1.0" 200 92367 "-" "Mozilla/5.0 (compatible; MJ12bot/v1.4.8; http://mj12bot.com/)"
69.30.198.242 - - [14/Dec/2020:04:48:48 +0100] "GET /-p-12010.html HTTP/1.0" 200 69192 "-" "Mozilla/5.0 (compatible; MJ12bot/v1.4.8; http://mj12bot.com/)"
95.216.11.179 - - [14/Dec/2020:04:48:46 +0100] "GET /luggages-schoolbags-leather-shop-c-31.html?page=40 HTTP/1.0" 200 93280 "-" "Mozilla/5.0 (compatible; MJ12bot/v1.4.8; http://mj12bot.com/)"
69.30.198.242 - - [14/Dec/2020:04:49:00 +0100] "GET /-p-12075.html HTTP/1.0" 200 69192 "-" "Mozilla/5.0 (compatible; MJ12bot/v1.4.8; http://mj12bot.com/)"
95.216.11.179 - - [14/Dec/2020:04:48:55 +0100] "GET /luggages-schoolbags-leather-shop-c-31.html?page=41 HTTP/1.0" 200 91860 "-" "Mozilla/5.0 (compatible; MJ12bot/v1.4.8; http://mj12bot.com/)"
95.216.11.179 - - [14/Dec/2020:04:49:04 +0100] "GET /luggages-schoolbags-leather-shop-c-31.html?page=42 HTTP/1.0" 200 93874 "-" "Mozilla/5.0 (compatible; MJ12bot/v1.4.8; http://mj12bot.com/)"
69.30.198.242 - - [14/Dec/2020:04:49:10 +0100] "GET /-p-12078.html HTTP/1.0" 200 69192 "-" "Mozilla/5.0 (compatible; MJ12bot/v1.4.8; http://mj12bot.com/)"
69.30.198.242 - - [14/Dec/2020:04:49:18 +0100] "GET /-p-12182.html HTTP/1.0" 200 69192 "-" "Mozilla/5.0 (compatible; MJ12bot/v1.4.8; http://mj12bot.com/)"
95.216.11.179 - - [14/Dec/2020:04:49:16 +0100] "GET /luggages-schoolbags-leather-shop-c-31.html?page=43 HTTP/1.0" 200 91782 "-" "Mozilla/5.0 (compatible; MJ12bot/v1.4.8; http://mj12bot.com/)"
69.30.198.242 - - [14/Dec/2020:04:49:29 +0100] "GET /-p-12197.html HTTP/1.0" 200 69192 "-" "Mozilla/5.0 (compatible; MJ12bot/v1.4.8; http://mj12bot.com/)"
95.216.11.179 - - [14/Dec/2020:04:49:28 +0100] "GET /luggages-schoolbags-leather-shop-c-31.html?page=44 HTTP/1.0" 200 91238 "-" "Mozilla/5.0 (compatible; MJ12bot/v1.4.8; http://mj12bot.com/)"
13.66.139.55 - - [14/Dec/2020:04:49:35 +0100] "GET /-p-20459.html HTTP/1.0" 200 69192 "-" "Mozilla/5.0 (compatible; bingbot/2.0; +http://www.bing.com/bingbot.htm)"
13.66.139.55 - - [14/Dec/2020:04:49:36 +0100] "GET /images/big_prod/3453131151795.jpg HTTP/1.0" 200 268 "-" "Mozilla/5.0 (compatible; bingbot/2.0; +http://www.bing.com/bingbot.htm)"
95.216.11.179 - - [14/Dec/2020:04:49:35 +0100] "GET /luggages-schoolbags-leather-shop-c-31.html?page=45 HTTP/1.0" 200 90231 "-" "Mozilla/5.0 (compatible; MJ12bot/v1.4.8; http://mj12bot.com/)"
54.36.148.9 - - [14/Dec/2020:04:49:42 +0100] "GET /ceramic-salt-pot-with-spoon-aderne-p-50644.html HTTP/1.0" 200 71907 "-" "Mozilla/5.0 (compatible; AhrefsBot/7.0; +http://ahrefs.com/robot/)"
69.30.198.242 - - [14/Dec/2020:04:49:45 +0100] "GET /-p-12295.html HTTP/1.0" 200 69192 "-" "Mozilla/5.0 (compatible; MJ12bot/v1.4.8; http://mj12bot.com/)"
95.216.11.179 - - [14/Dec/2020:04:49:47 +0100] "GET /luggages-schoolbags-leather-shop-c-31.html?page=46 HTTP/1.0" 200 92167 "-" "Mozilla/5.0 (compatible; MJ12bot/v1.4.8; http://mj12bot.com/)"
69.30.198.242 - - [14/Dec/2020:04:49:54 +0100] "GET /-p-12336.html HTTP/1.0" 200 69192 "-" "Mozilla/5.0 (compatible; MJ12bot/v1.4.8; http://mj12bot.com/)"
157.55.39.179 - - [14/Dec/2020:04:49:57 +0100] "GET /images/big_prod/8029759070555.jpg HTTP/1.0" 200 268 "-" "Mozilla/5.0 (compatible; bingbot/2.0; +http://www.bing.com/bingbot.htm)"
95.216.11.179 - - [14/Dec/2020:04:49:56 +0100] "GET /luggages-schoolbags-leather-shop-c-31.html?page=47 HTTP/1.0" 200 92721 "-" "Mozilla/5.0 (compatible; MJ12bot/v1.4.8; http://mj12bot.com/)"
69.30.198.242 - - [14/Dec/2020:04:50:06 +0100] "GET /-p-12410.html HTTP/1.0" 200 69192 "-" "Mozilla/5.0 (compatible; MJ12bot/v1.4.8; http://mj12bot.com/)"
95.216.11.179 - - [14/Dec/2020:04:50:05 +0100] "GET /luggages-schoolbags-leather-shop-c-31.html?page=48 HTTP/1.0" 200 93506 "-" "Mozilla/5.0 (compatible; MJ12bot/v1.4.8; http://mj12bot.com/)"
69.30.198.242 - - [14/Dec/2020:04:50:17 +0100] "GET /-p-12752.html HTTP/1.0" 200 69192 "-" "Mozilla/5.0 (compatible; MJ12bot/v1.4.8; http://mj12bot.com/)"
95.216.11.179 - - [14/Dec/2020:04:50:16 +0100] "GET /luggages-schoolbags-leather-shop-c-31.html?page=49 HTTP/1.0" 200 91667 "-" "Mozilla/5.0 (compatible; MJ12bot/v1.4.8; http://mj12bot.com/)"
95.216.11.179 - - [14/Dec/2020:04:50:22 +0100] "GET /luggages-schoolbags-leather-shop-c-31.html?page=50 HTTP/1.0" 200 91826 "-" "Mozilla/5.0 (compatible; MJ12bot/v1.4.8; http://mj12bot.com/)"
69.30.198.242 - - [14/Dec/2020:04:50:27 +0100] "GET /-p-1279.html HTTP/1.0" 200 69190 "-" "Mozilla/5.0 (compatible; MJ12bot/v1.4.8; http://mj12bot.com/)"
95.216.11.179 - - [14/Dec/2020:04:50:33 +0100] "GET /luggages-schoolbags-leather-shop-c-31.html?page=51 HTTP/1.0" 200 93248 "-" "Mozilla/5.0 (compatible; MJ12bot/v1.4.8; http://mj12bot.com/)"
69.30.198.242 - - [14/Dec/2020:04:50:40 +0100] "GET /-p-12831.html HTTP/1.0" 200 69192 "-" "Mozilla/5.0 (compatible; MJ12bot/v1.4.8; http://mj12bot.com/)"
95.216.11.179 - - [14/Dec/2020:04:50:41 +0100] "GET /luggages-schoolbags-leather-shop-c-31.html?page=53 HTTP/1.0" 200 92652 "-" "Mozilla/5.0 (compatible; MJ12bot/v1.4.8; http://mj12bot.com/)"
69.30.198.242 - - [14/Dec/2020:04:50:52 +0100] "GET /-p-12882.html HTTP/1.0" 200 69192 "-" "Mozilla/5.0 (compatible; MJ12bot/v1.4.8; http://mj12bot.com/)"
95.216.11.179 - - [14/Dec/2020:04:50:49 +0100] "GET /luggages-schoolbags-leather-shop-c-31.html?page=54 HTTP/1.0" 200 93046 "-" "Mozilla/5.0 (compatible; MJ12bot/v1.4.8; http://mj12bot.com/)"
95.216.11.179 - - [14/Dec/2020:04:50:57 +0100] "GET /luggages-schoolbags-leather-shop-c-31.html?page=55 HTTP/1.0" 200 93411 "-" "Mozilla/5.0 (compatible; MJ12bot/v1.4.8; http://mj12bot.com/)"
69.30.198.242 - - [14/Dec/2020:04:51:03 +0100] "GET /-p-13013.html HTTP/1.0" 200 69192 "-" "Mozilla/5.0 (compatible; MJ12bot/v1.4.8; http://mj12bot.com/)"
95.216.11.179 - - [14/Dec/2020:04:51:07 +0100] "GET /luggages-schoolbags-leather-shop-c-31.html?page=60 HTTP/1.0" 200 93518 "-" "Mozilla/5.0 (compatible; MJ12bot/v1.4.8; http://mj12bot.com/)"
69.30.198.242 - - [14/Dec/2020:04:51:12 +0100] "GET /-p-13089.html HTTP/1.0" 200 69192 "-" "Mozilla/5.0 (compatible; MJ12bot/v1.4.8; http://mj12bot.com/)"
95.216.11.179 - - [14/Dec/2020:04:51:16 +0100] "GET /luggages-schoolbags-leather-shop-c-31.html?page=61 HTTP/1.0" 200 93452 "-" "Mozilla/5.0 (compatible; MJ12bot/v1.4.8; http://mj12bot.com/)"
69.30.198.242 - - [14/Dec/2020:04:51:22 +0100] "GET /-p-13090.html HTTP/1.0" 200 69192 "-" "Mozilla/5.0 (compatible; MJ12bot/v1.4.8; http://mj12bot.com/)"
51.68.224.127 - - [14/Dec/2020:04:51:22 +0100] "GET /adminweb/export_orders_xml.php?token=256de2z6edz6ed2z6DFSFsed2zed6zeDSFDSGdzedezfzf&maxorders=10&orderstart=1&status=14&start_date=2018-10-01 HTTP/1.0" 200 285 "-" "GesCom CharlotteBoutik Serveur"
51.68.224.127 - - [14/Dec/2020:04:51:23 +0100] "GET /adminweb/export_orders_xml.php?token=256de2z6edz6ed2z6DFSFsed2zed6zeDSFDSGdzedezfzf&maxorders=10&orderstart=1&status=6&start_date=2018-10-01 HTTP/1.0" 200 30026 "-" "GesCom CharlotteBoutik Serveur"
69.30.198.242 - - [14/Dec/2020:04:51:33 +0100] "GET /-p-13095.html HTTP/1.0" 200 69192 "-" "Mozilla/5.0 (compatible; MJ12bot/v1.4.8; http://mj12bot.com/)"
157.55.39.179 - - [14/Dec/2020:04:51:44 +0100] "GET /images/big_prod/3014627557363.jpg HTTP/1.0" 200 268 "-" "Mozilla/5.0 (compatible; bingbot/2.0; +http://www.bing.com/bingbot.htm)"
69.30.198.242 - - [14/Dec/2020:04:51:47 +0100] "GET /-p-13096.html HTTP/1.0" 200 69192 "-" "Mozilla/5.0 (compatible; MJ12bot/v1.4.8; http://mj12bot.com/)"
54.36.149.60 - - [14/Dec/2020:04:51:59 +0100] "GET /nici-milo-the-gorilla-memo-clip-p-4972.html HTTP/1.0" 200 71892 "-" "Mozilla/5.0 (compatible; AhrefsBot/7.0; +http://ahrefs.com/robot/)"
69.30.198.242 - - [14/Dec/2020:04:52:00 +0100] "GET /-p-13098.html HTTP/1.0" 200 69192 "-" "Mozilla/5.0 (compatible; MJ12bot/v1.4.8; http://mj12bot.com/)"
69.30.198.242 - - [14/Dec/2020:04:52:10 +0100] "GET /-p-13152.html HTTP/1.0" 200 69192 "-" "Mozilla/5.0 (compatible; MJ12bot/v1.4.8; http://mj12bot.com/)"
69.30.198.242 - - [14/Dec/2020:04:52:20 +0100] "GET /-p-13430.html HTTP/1.0" 200 69192 "-" "Mozilla/5.0 (compatible; MJ12bot/v1.4.8; http://mj12bot.com/)"
69.30.198.242 - - [14/Dec/2020:04:52:30 +0100] "GET /-p-13448.html HTTP/1.0" 200 69192 "-" "Mozilla/5.0 (compatible; MJ12bot/v1.4.8; http://mj12bot.com/)"
157.55.39.59 - - [14/Dec/2020:04:52:39 +0100] "GET /images/4008421369072.jpg HTTP/1.0" 200 259 "-" "Mozilla/5.0 (compatible; bingbot/2.0; +http://www.bing.com/bingbot.htm)"
13.66.139.26 - - [14/Dec/2020:04:52:44 +0100] "GET /images/8028501669139.jpg HTTP/1.0" 200 259 "-" "Mozilla/5.0 (compatible; bingbot/2.0; +http://www.bing.com/bingbot.htm)"
69.30.198.242 - - [14/Dec/2020:04:52:47 +0100] "GET /-p-13464.html HTTP/1.0" 200 69192 "-" "Mozilla/5.0 (compatible; MJ12bot/v1.4.8; http://mj12bot.com/)"
13.66.139.26 - - [14/Dec/2020:04:52:44 +0100] "GET /collectible-figurines-and-decorative-c-13_135.html?page=8 HTTP/1.0" 200 95425 "-" "Mozilla/5.0 (compatible; bingbot/2.0; +http://www.bing.com/bingbot.htm)"
35.229.42.3 - - [14/Dec/2020:04:52:51 +0100] "GET /cake-molds-ice-cube-molds-c-12_246.html HTTP/1.0" 200 84966 "-" "ZoominfoBot (zoominfobot at zoominfo dot com)"
69.30.198.242 - - [14/Dec/2020:04:52:57 +0100] "GET /-p-13569.html HTTP/1.0" 200 69192 "-" "Mozilla/5.0 (compatible; MJ12bot/v1.4.8; http://mj12bot.com/)"
13.66.139.55 - - [14/Dec/2020:04:53:01 +0100] "GET /cars-m-14.html HTTP/1.0" 200 89410 "-" "Mozilla/5.0 (compatible; bingbot/2.0; +http://www.bing.com/bingbot.htm)"
13.66.139.55 - - [14/Dec/2020:04:53:06 +0100] "GET /images/big_prod_1/3609810097858a.jpg HTTP/1.0" 200 271 "-" "Mozilla/5.0 (compatible; bingbot/2.0; +http://www.bing.com/bingbot.htm)"
13.66.139.55 - - [14/Dec/2020:04:53:06 +0100] "GET /images/big_prod/8422011476179.jpg HTTP/1.0" 200 268 "-" "Mozilla/5.0 (compatible; bingbot/2.0; +http://www.bing.com/bingbot.htm)"
69.30.198.242 - - [14/Dec/2020:04:53:09 +0100] "GET /-p-13663.html HTTP/1.0" 200 69192 "-" "Mozilla/5.0 (compatible; MJ12bot/v1.4.8; http://mj12bot.com/)"
69.30.198.242 - - [14/Dec/2020:04:53:19 +0100] "GET /-p-13700.html HTTP/1.0" 200 69192 "-" "Mozilla/5.0 (compatible; MJ12bot/v1.4.8; http://mj12bot.com/)"
69.30.198.242 - - [14/Dec/2020:04:53:29 +0100] "GET /-p-13701.html HTTP/1.0" 200 69192 "-" "Mozilla/5.0 (compatible; MJ12bot/v1.4.8; http://mj12bot.com/)"
69.30.198.242 - - [14/Dec/2020:04:53:37 +0100] "GET /-p-13739.html HTTP/1.0" 200 69192 "-" "Mozilla/5.0 (compatible; MJ12bot/v1.4.8; http://mj12bot.com/)"
35.229.42.3 - - [14/Dec/2020:04:53:38 +0100] "GET /christmas-2020-figurine-sonny-angel-p-53390.html HTTP/1.0" 200 72133 "-" "ZoominfoBot (zoominfobot at zoominfo dot com)"
66.249.70.62 - - [14/Dec/2020:04:53:47 +0100] "GET /britto-bottle-stoppers-butterfly-p-32677.html HTTP/1.0" 200 71903 "-" "Mozilla/5.0 (Linux; Android 6.0.1; Nexus 5X Build/MMB29P) AppleWebKit/537.36 (KHTML, like Gecko) Chrome/87.0.4280.90 Mobile Safari/537.36 (compatible; Googlebot/2.1; +http://www.google.com/bot.html)"
69.30.198.242 - - [14/Dec/2020:04:53:52 +0100] "GET /-p-13779.html HTTP/1.0" 200 69192 "-" "Mozilla/5.0 (compatible; MJ12bot/v1.4.8; http://mj12bot.com/)"
69.30.198.242 - - [14/Dec/2020:04:54:03 +0100] "GET /-p-13917.html HTTP/1.0" 200 69192 "-" "Mozilla/5.0 (compatible; MJ12bot/v1.4.8; http://mj12bot.com/)"
54.36.148.135 - - [14/Dec/2020:04:54:12 +0100] "GET /pot-wine-bar-with-cookware-p-45711.html HTTP/1.0" 200 71932 "-" "Mozilla/5.0 (compatible; AhrefsBot/7.0; +http://ahrefs.com/robot/)"
69.30.198.242 - - [14/Dec/2020:04:54:13 +0100] "GET /-p-14255.html HTTP/1.0" 200 69192 "-" "Mozilla/5.0 (compatible; MJ12bot/v1.4.8; http://mj12bot.com/)"
13.66.139.26 - - [14/Dec/2020:04:54:22 +0100] "GET /images/3760116324236.jpg HTTP/1.0" 200 259 "-" "Mozilla/5.0 (compatible; bingbot/2.0; +http://www.bing.com/bingbot.htm)"
69.30.198.242 - - [14/Dec/2020:04:54:24 +0100] "GET /-p-14257.html HTTP/1.0" 200 69192 "-" "Mozilla/5.0 (compatible; MJ12bot/v1.4.8; http://mj12bot.com/)"
13.66.139.26 - - [14/Dec/2020:04:54:22 +0100] "GET /soft-toys-security-blanket-c-4_46.html?page=6 HTTP/1.0" 200 92153 "-" "Mozilla/5.0 (compatible; bingbot/2.0; +http://www.bing.com/bingbot.htm)"
69.30.198.242 - - [14/Dec/2020:04:54:42 +0100] "GET /-p-14571.html HTTP/1.0" 200 69192 "-" "Mozilla/5.0 (compatible; MJ12bot/v1.4.8; http://mj12bot.com/)"
69.30.198.242 - - [14/Dec/2020:04:54:55 +0100] "GET /-p-14859.html HTTP/1.0" 200 69192 "-" "Mozilla/5.0 (compatible; MJ12bot/v1.4.8; http://mj12bot.com/)"
69.30.198.242 - - [14/Dec/2020:04:55:07 +0100] "GET /-p-14862.html HTTP/1.0" 200 69192 "-" "Mozilla/5.0 (compatible; MJ12bot/v1.4.8; http://mj12bot.com/)"
13.66.139.55 - - [14/Dec/2020:04:55:16 +0100] "GET /images/3700276232675.jpg HTTP/1.0" 200 259 "-" "Mozilla/5.0 (compatible; bingbot/2.0; +http://www.bing.com/bingbot.htm)"
69.30.198.242 - - [14/Dec/2020:04:55:17 +0100] "GET /-p-14924.html HTTP/1.0" 200 69192 "-" "Mozilla/5.0 (compatible; MJ12bot/v1.4.8; http://mj12bot.com/)"
69.30.198.242 - - [14/Dec/2020:04:55:27 +0100] "GET /-p-15042.html HTTP/1.0" 200 69192 "-" "Mozilla/5.0 (compatible; MJ12bot/v1.4.8; http://mj12bot.com/)"
216.244.66.242 - - [14/Dec/2020:04:55:28 +0100] "GET /double-dispenser-for-cereals-p-50116.html HTTP/1.0" 200 69294 "-" "Mozilla/5.0 (compatible; DotBot/1.1; http://www.opensiteexplorer.org/dotbot, help@moz.com)"
69.30.198.242 - - [14/Dec/2020:04:55:41 +0100] "GET /-p-151.html HTTP/1.0" 200 69188 "-" "Mozilla/5.0 (compatible; MJ12bot/v1.4.8; http://mj12bot.com/)"
13.66.139.26 - - [14/Dec/2020:04:55:42 +0100] "GET /images/big_prod/3609810096233.jpg HTTP/1.0" 200 268 "-" "Mozilla/5.0 (compatible; bingbot/2.0; +http://www.bing.com/bingbot.htm)"
13.66.139.26 - - [14/Dec/2020:04:55:43 +0100] "GET /images/med_prod/1345544751797.jpg HTTP/1.0" 200 268 "-" "Mozilla/5.0 (compatible; bingbot/2.0; +http://www.bing.com/bingbot.htm)"
185.191.171.23 - - [14/Dec/2020:04:55:48 +0100] "GET /fitted-sheet-in-cotton-percale-80-threads-90-190-30-cm-p-53218.html HTTP/1.0" 200 72201 "-" "Mozilla/5.0 (compatible; SemrushBot/7~bl; +http://www.semrush.com/bot.html)"
69.30.198.242 - - [14/Dec/2020:04:55:50 +0100] "GET /-p-15440.html HTTP/1.0" 200 69192 "-" "Mozilla/5.0 (compatible; MJ12bot/v1.4.8; http://mj12bot.com/)"
157.55.39.184 - - [14/Dec/2020:04:55:52 +0100] "GET /buddha-aluminium-box-p-37612.html HTTP/1.0" 200 69286 "-" "Mozilla/5.0 (compatible; bingbot/2.0; +http://www.bing.com/bingbot.htm)"
35.229.42.3 - - [14/Dec/2020:04:55:49 +0100] "GET /adaptable-decorative-caps-c-12_249.html HTTP/1.0" 200 79878 "-" "ZoominfoBot (zoominfobot at zoominfo dot com)"
69.30.198.242 - - [14/Dec/2020:04:56:06 +0100] "GET /-p-15500.html HTTP/1.0" 200 69192 "-" "Mozilla/5.0 (compatible; MJ12bot/v1.4.8; http://mj12bot.com/)"
49.7.20.118 - - [14/Dec/2020:04:56:14 +0100] "GET / HTTP/1.0" 301 511 "-" "Sogou web spider/4.0(+http://www.sogou.com/docs/help/webmasters.htm#07)"
69.30.198.242 - - [14/Dec/2020:04:56:18 +0100] "GET /-p-15503.html HTTP/1.0" 200 69192 "-" "Mozilla/5.0 (compatible; MJ12bot/v1.4.8; http://mj12bot.com/)"
54.36.149.55 - - [14/Dec/2020:04:56:20 +0100] "GET /nici-ayumi-brown-portfolio-p-33644.html HTTP/1.0" 200 72061 "-" "Mozilla/5.0 (compatible; AhrefsBot/7.0; +http://ahrefs.com/robot/)"
35.229.42.3 - - [14/Dec/2020:04:56:26 +0100] "GET /egg-cups-c-12_248.html HTTP/1.0" 200 81416 "-" "ZoominfoBot (zoominfobot at zoominfo dot com)"
69.30.198.242 - - [14/Dec/2020:04:56:31 +0100] "GET /-p-15504.html HTTP/1.0" 200 69192 "-" "Mozilla/5.0 (compatible; MJ12bot/v1.4.8; http://mj12bot.com/)"
69.30.198.242 - - [14/Dec/2020:04:56:40 +0100] "GET /-p-15535.html HTTP/1.0" 200 69192 "-" "Mozilla/5.0 (compatible; MJ12bot/v1.4.8; http://mj12bot.com/)"
114.119.147.45 - - [14/Dec/2020:04:56:50 +0100] "GET /brown-fuel-pump-clock-p-50652.html HTTP/1.0" 200 71942 "-" "Mozilla/5.0 (Linux; Android 7.0;) AppleWebKit/537.36 (KHTML, like Gecko) Mobile Safari/537.36 (compatible; PetalBot;+https://aspiegel.com/petalbot)"
69.30.198.242 - - [14/Dec/2020:04:56:52 +0100] "GET /-p-15617.html HTTP/1.0" 200 69192 "-" "Mozilla/5.0 (compatible; MJ12bot/v1.4.8; http://mj12bot.com/)"
69.30.198.242 - - [14/Dec/2020:04:57:02 +0100] "GET /-p-15839.html HTTP/1.0" 200 69192 "-" "Mozilla/5.0 (compatible; MJ12bot/v1.4.8; http://mj12bot.com/)"
35.229.42.3 - - [14/Dec/2020:04:57:04 +0100] "GET /pet-shop-c-155.html HTTP/1.0" 200 88370 "-" "ZoominfoBot (zoominfobot at zoominfo dot com)"
69.30.198.242 - - [14/Dec/2020:04:57:12 +0100] "GET /-p-15939.html HTTP/1.0" 200 69192 "-" "Mozilla/5.0 (compatible; MJ12bot/v1.4.8; http://mj12bot.com/)"
