54.36.148.83 - - [14/Dec/2020:17:02:52 +0100] "GET /jacquard-cotton-velvet-towel-180-95-cm-tortoise-p-44304.html HTTP/1.0" 301 69259 "-" "Mozilla/5.0 (compatible; AhrefsBot/7.0; +http://ahrefs.com/robot/)"
54.36.148.83 - - [14/Dec/2020:17:04:03 +0100] "GET /the-little-prince-white-ceramic-plate-p-52496.html HTTP/1.0" 200 71917 "-" "Mozilla/5.0 (compatible; AhrefsBot/7.0; +http://ahrefs.com/robot/)"
13.66.139.26 - - [14/Dec/2020:17:04:42 +0100] "GET /money-boxes-c-13_83.html?page=6 HTTP/1.0" 200 92856 "-" "Mozilla/5.0 (compatible; bingbot/2.0; +http://www.bing.com/bingbot.htm)"
114.119.130.202 - - [14/Dec/2020:17:05:14 +0100] "GET /gund-boo-rainbow-22-cm-plush-p-44579.html HTTP/1.0" 200 71950 "-" "Mozilla/5.0 (Linux; Android 7.0;) AppleWebKit/537.36 (KHTML, like Gecko) Mobile Safari/537.36 (compatible; PetalBot;+https://aspiegel.com/petalbot)"
13.66.139.26 - - [14/Dec/2020:17:06:52 +0100] "GET /-p-23703.html HTTP/1.0" 200 69192 "-" "Mozilla/5.0 (compatible; bingbot/2.0; +http://www.bing.com/bingbot.htm)"
207.46.13.152 - - [14/Dec/2020:17:07:12 +0100] "GET /images/big_prod_1/3014627746125.jpg HTTP/1.0" 200 270 "-" "Mozilla/5.0 (compatible; bingbot/2.0; +http://www.bing.com/bingbot.htm)"
157.55.39.184 - - [14/Dec/2020:17:07:43 +0100] "GET /cars-disney-bed-p-12459.html HTTP/1.0" 200 71956 "-" "Mozilla/5.0 (compatible; bingbot/2.0; +http://www.bing.com/bingbot.htm)"
207.46.13.49 - - [14/Dec/2020:17:07:49 +0100] "GET /images/8435333807712.jpg HTTP/1.0" 200 259 "-" "Mozilla/5.0 (compatible; bingbot/2.0; +http://www.bing.com/bingbot.htm)"
54.36.149.38 - - [14/Dec/2020:17:08:22 +0100] "GET /espresso-set-museum-collection-p-39755.html HTTP/1.0" 200 71997 "-" "Mozilla/5.0 (compatible; AhrefsBot/7.0; +http://ahrefs.com/robot/)"
207.46.13.175 - - [14/Dec/2020:17:08:22 +0100] "GET /images/4225055184987.jpg HTTP/1.0" 200 259 "-" "Mozilla/5.0 (compatible; bingbot/2.0; +http://www.bing.com/bingbot.htm)"
13.66.139.26 - - [14/Dec/2020:17:08:27 +0100] "GET /lighting-c-13_86.html?page=11 HTTP/1.0" 200 93510 "-" "Mozilla/5.0 (compatible; bingbot/2.0; +http://www.bing.com/bingbot.htm)"
114.119.147.45 - - [14/Dec/2020:17:09:41 +0100] "GET /images/mini_prod/3453131152440.jpg HTTP/1.0" 200 269 "-" "Mozilla/5.0 (Linux; Android 7.0;) AppleWebKit/537.36 (KHTML, like Gecko) Mobile Safari/537.36 (compatible; PetalBot;+https://aspiegel.com/petalbot)"
13.66.139.26 - - [14/Dec/2020:17:11:33 +0100] "GET /decoration-thermometers-c-13_145.html HTTP/1.0" 200 89450 "-" "Mozilla/5.0 (compatible; bingbot/2.0; +http://www.bing.com/bingbot.htm)"
207.46.13.175 - - [14/Dec/2020:17:11:37 +0100] "GET /images/8435306231896.jpg HTTP/1.0" 200 259 "-" "Mozilla/5.0 (compatible; bingbot/2.0; +http://www.bing.com/bingbot.htm)"
207.46.13.175 - - [14/Dec/2020:17:11:37 +0100] "GET /images/mini_prod/3014627927548.jpg HTTP/1.0" 200 269 "-" "Mozilla/5.0 (compatible; bingbot/2.0; +http://www.bing.com/bingbot.htm)"
51.68.224.127 - - [14/Dec/2020:17:12:29 +0100] "GET /adminweb/export_orders_xml.php?token=256de2z6edz6ed2z6DFSFsed2zed6zeDSFDSGdzedezfzf&maxorders=10&orderstart=1&status=14&start_date=2018-10-01 HTTP/1.0" 200 285 "-" "GesCom CharlotteBoutik Serveur"
51.68.224.127 - - [14/Dec/2020:17:12:29 +0100] "GET /adminweb/export_orders_xml.php?token=256de2z6edz6ed2z6DFSFsed2zed6zeDSFDSGdzedezfzf&maxorders=10&orderstart=1&status=6&start_date=2018-10-01 HTTP/1.0" 200 30026 "-" "GesCom CharlotteBoutik Serveur"
54.36.148.128 - - [14/Dec/2020:17:12:29 +0100] "GET /amazon-love-glasses-case-blue-p-50270.html HTTP/1.0" 200 72909 "-" "Mozilla/5.0 (compatible; AhrefsBot/7.0; +http://ahrefs.com/robot/)"
207.46.13.175 - - [14/Dec/2020:17:13:13 +0100] "GET /images/4007176128428.jpg HTTP/1.0" 200 259 "-" "Mozilla/5.0 (compatible; bingbot/2.0; +http://www.bing.com/bingbot.htm)"
66.249.70.62 - - [14/Dec/2020:17:13:41 +0100] "GET /boho-canvas-frame-40-30-cm-dream-catcher-p-39217.html HTTP/1.0" 200 72063 "-" "Mozilla/5.0 (Linux; Android 6.0.1; Nexus 5X Build/MMB29P) AppleWebKit/537.36 (KHTML, like Gecko) Chrome/87.0.4280.90 Mobile Safari/537.36 (compatible; Googlebot/2.1; +http://www.google.com/bot.html)"
157.55.39.217 - - [14/Dec/2020:17:13:43 +0100] "GET /images/med_prod/4012390389623.jpg HTTP/1.0" 200 268 "-" "Mozilla/5.0 (compatible; bingbot/2.0; +http://www.bing.com/bingbot.htm)"
66.249.70.36 - - [14/Dec/2020:17:13:43 +0100] "GET /mondial_relay/js/jquery-1.3.2.min.js HTTP/1.0" 200 276 "http://www.wonder-geek.com/boho-canvas-frame-40-30-cm-dream-catcher-p-39217.html" "Mozilla/5.0 (Linux; Android 6.0.1; Nexus 5X Build/MMB29P) AppleWebKit/537.36 (KHTML, like Gecko) Chrome/87.0.4280.90 Mobile Safari/537.36 (compatible; Googlebot/2.1; +http://www.google.com/bot.html)"
66.249.70.36 - - [14/Dec/2020:17:13:43 +0100] "GET /swfobject.js HTTP/1.0" 404 1308 "http://www.wonder-geek.com/boho-canvas-frame-40-30-cm-dream-catcher-p-39217.html" "Mozilla/5.0 (Linux; Android 6.0.1; Nexus 5X Build/MMB29P) AppleWebKit/537.36 (KHTML, like Gecko) Chrome/87.0.4280.90 Mobile Safari/537.36 (compatible; Googlebot/2.1; +http://www.google.com/bot.html)"
114.119.145.117 - - [14/Dec/2020:17:14:00 +0100] "GET /%20images/big_prod/8432699086331B.jpg HTTP/1.0" 404 1308 "-" "Mozilla/5.0 (Linux; Android 7.0;) AppleWebKit/537.36 (KHTML, like Gecko) Mobile Safari/537.36 (compatible; PetalBot;+https://aspiegel.com/petalbot)"
17.58.101.145 - - [14/Dec/2020:17:14:23 +0100] "GET /wax-melt-warmer-sun-p-46882.html HTTP/1.0" 200 72487 "-" "Mozilla/5.0 (Macintosh; Intel Mac OS X 10_15_5) AppleWebKit/605.1.15 (KHTML, like Gecko) Version/13.1.1 Safari/605.1.15 (Applebot/0.1; +http://www.apple.com/go/applebot)"
13.66.139.65 - - [14/Dec/2020:17:14:49 +0100] "GET /collectible-figurines-and-decorative-c-13_135.html?page=7 HTTP/1.0" 200 95941 "-" "Mozilla/5.0 (compatible; bingbot/2.0; +http://www.bing.com/bingbot.htm)"
207.46.13.90 - - [14/Dec/2020:17:16:02 +0100] "GET /images/mini_prod/8849233801266.jpg HTTP/1.0" 200 269 "-" "Mozilla/5.0 (compatible; bingbot/2.0; +http://www.bing.com/bingbot.htm)"
54.36.148.106 - - [14/Dec/2020:17:16:29 +0100] "GET /amazon-love-glasses-case-pink-p-50267.html HTTP/1.0" 200 72909 "-" "Mozilla/5.0 (compatible; AhrefsBot/7.0; +http://ahrefs.com/robot/)"
207.46.13.49 - - [14/Dec/2020:17:17:19 +0100] "GET /images/big_prod_1/3665269006858a.jpg HTTP/1.0" 200 271 "-" "Mozilla/5.0 (compatible; bingbot/2.0; +http://www.bing.com/bingbot.htm)"
13.66.139.65 - - [14/Dec/2020:17:17:32 +0100] "GET /-p-34070.html HTTP/1.0" 200 69192 "-" "Mozilla/5.0 (compatible; bingbot/2.0; +http://www.bing.com/bingbot.htm)"
114.119.154.200 - - [14/Dec/2020:17:18:33 +0100] "GET /%20images/big_prod/4029811392605.jpg HTTP/1.0" 404 1308 "-" "Mozilla/5.0 (Linux; Android 7.0;) AppleWebKit/537.36 (KHTML, like Gecko) Mobile Safari/537.36 (compatible; PetalBot;+https://aspiegel.com/petalbot)"
207.46.13.90 - - [14/Dec/2020:17:19:33 +0100] "GET /images/med_prod/3700516206961.jpg HTTP/1.0" 200 268 "-" "Mozilla/5.0 (compatible; bingbot/2.0; +http://www.bing.com/bingbot.htm)"
157.55.39.179 - - [14/Dec/2020:17:20:14 +0100] "GET /images/beatlesnoir.jpg HTTP/1.0" 200 257 "-" "Mozilla/5.0 (compatible; bingbot/2.0; +http://www.bing.com/bingbot.htm)"
54.36.148.83 - - [14/Dec/2020:17:20:18 +0100] "GET /barbecue-metal-tray-p-47715.html HTTP/1.0" 200 71971 "-" "Mozilla/5.0 (compatible; AhrefsBot/7.0; +http://ahrefs.com/robot/)"
207.46.13.49 - - [14/Dec/2020:17:20:19 +0100] "GET /images/12485-strega-biancaneve.jpg HTTP/1.0" 200 269 "-" "Mozilla/5.0 (compatible; bingbot/2.0; +http://www.bing.com/bingbot.htm)"
40.77.167.36 - - [14/Dec/2020:17:20:25 +0100] "GET /images/big_prod/8719075395172.jpg HTTP/1.0" 200 268 "-" "Mozilla/5.0 (compatible; bingbot/2.0; +http://www.bing.com/bingbot.htm)"
40.77.167.36 - - [14/Dec/2020:17:20:55 +0100] "GET /images/5013994698974.jpg HTTP/1.0" 200 259 "-" "Mozilla/5.0 (compatible; bingbot/2.0; +http://www.bing.com/bingbot.htm)"
157.55.39.184 - - [14/Dec/2020:17:21:26 +0100] "GET /images/big_prod/1384010202913.jpg HTTP/1.0" 200 268 "-" "Mozilla/5.0 (compatible; bingbot/2.0; +http://www.bing.com/bingbot.htm)"
17.58.101.145 - - [14/Dec/2020:17:21:29 +0100] "GET /harley-davidson-metal-plate-20-10-cm-p-40285.html HTTP/1.0" 200 71993 "-" "Mozilla/5.0 (Macintosh; Intel Mac OS X 10_15_5) AppleWebKit/605.1.15 (KHTML, like Gecko) Version/13.1.1 Safari/605.1.15 (Applebot/0.1; +http://www.apple.com/go/applebot)"
13.66.139.65 - - [14/Dec/2020:17:21:43 +0100] "GET /-p-20067.html HTTP/1.0" 200 69192 "-" "Mozilla/5.0 (compatible; bingbot/2.0; +http://www.bing.com/bingbot.htm)"
13.66.139.26 - - [14/Dec/2020:17:22:34 +0100] "GET /-p-32133.html HTTP/1.0" 200 69192 "-" "Mozilla/5.0 (compatible; bingbot/2.0; +http://www.bing.com/bingbot.htm)"
13.66.139.26 - - [14/Dec/2020:17:22:35 +0100] "GET /wall-sticker-c-13_187.html HTTP/1.0" 200 92245 "-" "Mozilla/5.0 (compatible; bingbot/2.0; +http://www.bing.com/bingbot.htm)"
114.119.132.105 - - [14/Dec/2020:17:22:44 +0100] "GET /headrest-cushion-beige-50-70-cm-p-44366.html HTTP/1.0" 200 71907 "-" "Mozilla/5.0 (Linux; Android 7.0;) AppleWebKit/537.36 (KHTML, like Gecko) Mobile Safari/537.36 (compatible; PetalBot;+https://aspiegel.com/petalbot)"
54.36.148.43 - - [14/Dec/2020:17:24:01 +0100] "GET /small-appliances-and-hifi-c-13_88.html?page=2 HTTP/1.0" 200 79446 "-" "Mozilla/5.0 (compatible; AhrefsBot/7.0; +http://ahrefs.com/robot/)"
146.90.71.94 - - [14/Dec/2020:17:24:18 +0100] "GET /pedal-bin-blue-p-52592.html HTTP/1.0" 200 72737 "https://duckduckgo.com/" "Mozilla/5.0 (Linux; Android 10; CLT-L09) AppleWebKit/537.36 (KHTML, like Gecko) Chrome/87.0.4280.101 Mobile Safari/537.36"
146.90.71.94 - - [14/Dec/2020:17:24:18 +0100] "GET /templates/Pixame_v1/stylesheet.css HTTP/1.0" 200 267 "http://www.wonder-geek.com/pedal-bin-blue-p-52592.html" "Mozilla/5.0 (Linux; Android 10; CLT-L09) AppleWebKit/537.36 (KHTML, like Gecko) Chrome/87.0.4280.101 Mobile Safari/537.36"
146.90.71.94 - - [14/Dec/2020:17:24:18 +0100] "GET /highslide/highslide.js HTTP/1.0" 200 262 "http://www.wonder-geek.com/pedal-bin-blue-p-52592.html" "Mozilla/5.0 (Linux; Android 10; CLT-L09) AppleWebKit/537.36 (KHTML, like Gecko) Chrome/87.0.4280.101 Mobile Safari/537.36"
146.90.71.94 - - [14/Dec/2020:17:24:18 +0100] "GET /js/jquery.js HTTP/1.0" 200 252 "http://www.wonder-geek.com/pedal-bin-blue-p-52592.html" "Mozilla/5.0 (Linux; Android 10; CLT-L09) AppleWebKit/537.36 (KHTML, like Gecko) Chrome/87.0.4280.101 Mobile Safari/537.36"
146.90.71.94 - - [14/Dec/2020:17:24:18 +0100] "GET /js/jquery.jqzoom.js HTTP/1.0" 200 259 "http://www.wonder-geek.com/pedal-bin-blue-p-52592.html" "Mozilla/5.0 (Linux; Android 10; CLT-L09) AppleWebKit/537.36 (KHTML, like Gecko) Chrome/87.0.4280.101 Mobile Safari/537.36"
146.90.71.94 - - [14/Dec/2020:17:24:18 +0100] "GET /mondial_relay/js/jquery-1.3.2.min.js HTTP/1.0" 200 276 "http://www.wonder-geek.com/pedal-bin-blue-p-52592.html" "Mozilla/5.0 (Linux; Android 10; CLT-L09) AppleWebKit/537.36 (KHTML, like Gecko) Chrome/87.0.4280.101 Mobile Safari/537.36"
146.90.71.94 - - [14/Dec/2020:17:24:18 +0100] "GET /swfobject.js HTTP/1.0" 404 1308 "http://www.wonder-geek.com/pedal-bin-blue-p-52592.html" "Mozilla/5.0 (Linux; Android 10; CLT-L09) AppleWebKit/537.36 (KHTML, like Gecko) Chrome/87.0.4280.101 Mobile Safari/537.36"
146.90.71.94 - - [14/Dec/2020:17:24:19 +0100] "GET /images/pixel_trans.gif HTTP/1.0" 200 328 "http://www.wonder-geek.com/pedal-bin-blue-p-52592.html" "Mozilla/5.0 (Linux; Android 10; CLT-L09) AppleWebKit/537.36 (KHTML, like Gecko) Chrome/87.0.4280.101 Mobile Safari/537.36"
146.90.71.94 - - [14/Dec/2020:17:24:19 +0100] "GET /templates/Pixame_v1/images/buttons/english/button_in_cart.gif HTTP/1.0" 200 295 "http://www.wonder-geek.com/pedal-bin-blue-p-52592.html" "Mozilla/5.0 (Linux; Android 10; CLT-L09) AppleWebKit/537.36 (KHTML, like Gecko) Chrome/87.0.4280.101 Mobile Safari/537.36"
146.90.71.94 - - [14/Dec/2020:17:24:19 +0100] "GET /swfobject.js HTTP/1.0" 404 1308 "http://www.wonder-geek.com/pedal-bin-blue-p-52592.html" "Mozilla/5.0 (Linux; Android 10; CLT-L09) AppleWebKit/537.36 (KHTML, like Gecko) Chrome/87.0.4280.101 Mobile Safari/537.36"
146.90.71.94 - - [14/Dec/2020:17:24:19 +0100] "GET /templates/Pixame_v1/images/icon_accueil2.png HTTP/1.0" 200 278 "http://www.wonder-geek.com/pedal-bin-blue-p-52592.html" "Mozilla/5.0 (Linux; Android 10; CLT-L09) AppleWebKit/537.36 (KHTML, like Gecko) Chrome/87.0.4280.101 Mobile Safari/537.36"
146.90.71.94 - - [14/Dec/2020:17:24:19 +0100] "GET /templates/Pixame_v1/images/Middle_texture.jpg HTTP/1.0" 200 280 "http://www.wonder-geek.com/templates/Pixame_v1/stylesheet.css" "Mozilla/5.0 (Linux; Android 10; CLT-L09) AppleWebKit/537.36 (KHTML, like Gecko) Chrome/87.0.4280.101 Mobile Safari/537.36"
146.90.71.94 - - [14/Dec/2020:17:24:19 +0100] "GET /templates/Pixame_v1/images/Bottom_texture.jpg HTTP/1.0" 200 280 "http://www.wonder-geek.com/templates/Pixame_v1/stylesheet.css" "Mozilla/5.0 (Linux; Android 10; CLT-L09) AppleWebKit/537.36 (KHTML, like Gecko) Chrome/87.0.4280.101 Mobile Safari/537.36"
146.90.71.94 - - [14/Dec/2020:17:24:19 +0100] "GET /templates/Pixame_v1/images/nav.png HTTP/1.0" 200 268 "http://www.wonder-geek.com/templates/Pixame_v1/stylesheet.css" "Mozilla/5.0 (Linux; Android 10; CLT-L09) AppleWebKit/537.36 (KHTML, like Gecko) Chrome/87.0.4280.101 Mobile Safari/537.36"
146.90.71.94 - - [14/Dec/2020:17:24:19 +0100] "GET /templates/Pixame_v1/images/header.png HTTP/1.0" 200 271 "http://www.wonder-geek.com/templates/Pixame_v1/stylesheet.css" "Mozilla/5.0 (Linux; Android 10; CLT-L09) AppleWebKit/537.36 (KHTML, like Gecko) Chrome/87.0.4280.101 Mobile Safari/537.36"
146.90.71.94 - - [14/Dec/2020:17:24:19 +0100] "GET /templates/Pixame_v1/images/header-object.png HTTP/1.0" 200 278 "http://www.wonder-geek.com/templates/Pixame_v1/stylesheet.css" "Mozilla/5.0 (Linux; Android 10; CLT-L09) AppleWebKit/537.36 (KHTML, like Gecko) Chrome/87.0.4280.101 Mobile Safari/537.36"
146.90.71.94 - - [14/Dec/2020:17:24:19 +0100] "GET /highslide/graphics/zoomin.cur HTTP/1.0" 200 614 "http://www.wonder-geek.com/templates/Pixame_v1/stylesheet.css" "Mozilla/5.0 (Linux; Android 10; CLT-L09) AppleWebKit/537.36 (KHTML, like Gecko) Chrome/87.0.4280.101 Mobile Safari/537.36"
146.90.71.94 - - [14/Dec/2020:17:24:19 +0100] "GET /design/productsenstock.png HTTP/1.0" 200 260 "http://www.wonder-geek.com/templates/Pixame_v1/stylesheet.css" "Mozilla/5.0 (Linux; Android 10; CLT-L09) AppleWebKit/537.36 (KHTML, like Gecko) Chrome/87.0.4280.101 Mobile Safari/537.36"
146.90.71.94 - - [14/Dec/2020:17:24:19 +0100] "GET /templates/Pixame_v1/images/infobox/infobox_footer_middle.gif HTTP/1.0" 200 357 "http://www.wonder-geek.com/" "Mozilla/5.0 (Linux; Android 10; CLT-L09) AppleWebKit/537.36 (KHTML, like Gecko) Chrome/87.0.4280.101 Mobile Safari/537.36"
146.90.71.94 - - [14/Dec/2020:17:24:19 +0100] "GET /images/big_prod/8424346352616.jpg HTTP/1.0" 200 268 "http://www.wonder-geek.com/pedal-bin-blue-p-52592.html" "Mozilla/5.0 (Linux; Android 10; CLT-L09) AppleWebKit/537.36 (KHTML, like Gecko) Chrome/87.0.4280.101 Mobile Safari/537.36"
146.90.71.94 - - [14/Dec/2020:17:24:19 +0100] "GET /templates/Pixame_v1/images/infobox/pixel_trans.gif HTTP/1.0" 200 328 "http://www.wonder-geek.com/pedal-bin-blue-p-52592.html" "Mozilla/5.0 (Linux; Android 10; CLT-L09) AppleWebKit/537.36 (KHTML, like Gecko) Chrome/87.0.4280.101 Mobile Safari/537.36"
146.90.71.94 - - [14/Dec/2020:17:24:19 +0100] "GET /templates/Pixame_v1/images/pixel_trans.gif HTTP/1.0" 200 328 "http://www.wonder-geek.com/pedal-bin-blue-p-52592.html" "Mozilla/5.0 (Linux; Android 10; CLT-L09) AppleWebKit/537.36 (KHTML, like Gecko) Chrome/87.0.4280.101 Mobile Safari/537.36"
146.90.71.94 - - [14/Dec/2020:17:24:19 +0100] "GET /images/big_prod_1/8424346352616B.jpg HTTP/1.0" 200 271 "http://www.wonder-geek.com/pedal-bin-blue-p-52592.html" "Mozilla/5.0 (Linux; Android 10; CLT-L09) AppleWebKit/537.36 (KHTML, like Gecko) Chrome/87.0.4280.101 Mobile Safari/537.36"
146.90.71.94 - - [14/Dec/2020:17:24:19 +0100] "GET /images/big_prod_2/8424346352616C.jpg HTTP/1.0" 200 271 "http://www.wonder-geek.com/pedal-bin-blue-p-52592.html" "Mozilla/5.0 (Linux; Android 10; CLT-L09) AppleWebKit/537.36 (KHTML, like Gecko) Chrome/87.0.4280.101 Mobile Safari/537.36"
146.90.71.94 - - [14/Dec/2020:17:24:19 +0100] "GET /images/big_prod_3/8424346352616D.jpg HTTP/1.0" 200 271 "http://www.wonder-geek.com/pedal-bin-blue-p-52592.html" "Mozilla/5.0 (Linux; Android 10; CLT-L09) AppleWebKit/537.36 (KHTML, like Gecko) Chrome/87.0.4280.101 Mobile Safari/537.36"
146.90.71.94 - - [14/Dec/2020:17:24:19 +0100] "GET /highslide/graphics/outlines/drop-shadow.png HTTP/1.0" 200 277 "http://www.wonder-geek.com/pedal-bin-blue-p-52592.html" "Mozilla/5.0 (Linux; Android 10; CLT-L09) AppleWebKit/537.36 (KHTML, like Gecko) Chrome/87.0.4280.101 Mobile Safari/537.36"
146.90.71.94 - - [14/Dec/2020:17:24:19 +0100] "GET /highslide/graphics/zoomout.cur HTTP/1.0" 200 614 "http://www.wonder-geek.com/pedal-bin-blue-p-52592.html" "Mozilla/5.0 (Linux; Android 10; CLT-L09) AppleWebKit/537.36 (KHTML, like Gecko) Chrome/87.0.4280.101 Mobile Safari/537.36"
146.90.71.94 - - [14/Dec/2020:17:24:19 +0100] "GET /highslide/graphics/loader.white.gif HTTP/1.0" 200 960 "http://www.wonder-geek.com/templates/Pixame_v1/stylesheet.css" "Mozilla/5.0 (Linux; Android 10; CLT-L09) AppleWebKit/537.36 (KHTML, like Gecko) Chrome/87.0.4280.101 Mobile Safari/537.36"
146.90.71.94 - - [14/Dec/2020:17:24:19 +0100] "GET /favicon.ico HTTP/1.0" 200 260 "http://www.wonder-geek.com/pedal-bin-blue-p-52592.html" "Mozilla/5.0 (Linux; Android 10; CLT-L09) AppleWebKit/537.36 (KHTML, like Gecko) Chrome/87.0.4280.101 Mobile Safari/537.36"
40.127.242.189 - - [14/Dec/2020:17:24:31 +0100] "GET /images/big_prod_1/8424346352616B.jpg HTTP/1.0" 200 271 "-" "DuckDuckBot/1.1; (+http://duckduckgo.com/duckduckbot.html)"
66.249.70.62 - - [14/Dec/2020:17:25:06 +0100] "GET /set-of-shot-glasses-paris-saint-germain-p-46525.html HTTP/1.0" 200 72037 "-" "Mozilla/5.0 (Linux; Android 6.0.1; Nexus 5X Build/MMB29P) AppleWebKit/537.36 (KHTML, like Gecko) Chrome/87.0.4280.90 Mobile Safari/537.36 (compatible; Googlebot/2.1; +http://www.google.com/bot.html)"
54.36.148.202 - - [14/Dec/2020:17:25:21 +0100] "GET /radio-control-helicopter-sky-dragon-p-31593.html HTTP/1.0" 301 69259 "-" "Mozilla/5.0 (compatible; AhrefsBot/7.0; +http://ahrefs.com/robot/)"
66.249.70.62 - - [14/Dec/2020:17:26:59 +0100] "GET /charmmy-kitty-mattress-swimming-pool-p-5990.html HTTP/1.0" 200 71830 "-" "Mozilla/5.0 (Linux; Android 6.0.1; Nexus 5X Build/MMB29P) AppleWebKit/537.36 (KHTML, like Gecko) Chrome/87.0.4280.90 Mobile Safari/537.36 (compatible; Googlebot/2.1; +http://www.google.com/bot.html)"
114.119.151.113 - - [14/Dec/2020:17:27:06 +0100] "GET /stitch-mini-figurine-by-romero-britto-p-32585.html HTTP/1.0" 200 72900 "-" "Mozilla/5.0 (Linux; Android 7.0;) AppleWebKit/537.36 (KHTML, like Gecko) Mobile Safari/537.36 (compatible; PetalBot;+https://aspiegel.com/petalbot)"
54.36.148.83 - - [14/Dec/2020:17:27:48 +0100] "GET /eccentric-zebra-bowl-p-41834.html HTTP/1.0" 200 71803 "-" "Mozilla/5.0 (compatible; AhrefsBot/7.0; +http://ahrefs.com/robot/)"
216.244.66.242 - - [14/Dec/2020:17:28:01 +0100] "GET /robots.txt HTTP/1.0" 200 245 "-" "Mozilla/5.0 (compatible; DotBot/1.1; http://www.opensiteexplorer.org/dotbot, help@moz.com)"
51.68.224.127 - - [14/Dec/2020:17:28:23 +0100] "GET /adminweb/export_orders_xml.php?token=256de2z6edz6ed2z6DFSFsed2zed6zeDSFDSGdzedezfzf&maxorders=10&orderstart=1&status=14&start_date=2018-10-01 HTTP/1.0" 200 285 "-" "GesCom CharlotteBoutik Serveur"
51.68.224.127 - - [14/Dec/2020:17:28:23 +0100] "GET /adminweb/export_orders_xml.php?token=256de2z6edz6ed2z6DFSFsed2zed6zeDSFDSGdzedezfzf&maxorders=10&orderstart=1&status=6&start_date=2018-10-01 HTTP/1.0" 200 30026 "-" "GesCom CharlotteBoutik Serveur"
13.66.139.26 - - [14/Dec/2020:17:28:24 +0100] "GET /mugs-and-mazagrans-c-12_57.html?page=2 HTTP/1.0" 200 95552 "-" "Mozilla/5.0 (compatible; bingbot/2.0; +http://www.bing.com/bingbot.htm)"
13.66.139.26 - - [14/Dec/2020:17:29:25 +0100] "GET /-p-19981.html HTTP/1.0" 200 69192 "-" "Mozilla/5.0 (compatible; bingbot/2.0; +http://www.bing.com/bingbot.htm)"
13.66.139.26 - - [14/Dec/2020:17:29:45 +0100] "GET /-p-39595.html HTTP/1.0" 200 69192 "-" "Mozilla/5.0 (compatible; bingbot/2.0; +http://www.bing.com/bingbot.htm)"
54.36.148.62 - - [14/Dec/2020:17:30:30 +0100] "GET /smurfs-bowl-p-27566.html HTTP/1.0" 301 69259 "-" "Mozilla/5.0 (compatible; AhrefsBot/7.0; +http://ahrefs.com/robot/)"
165.22.209.132 - - [14/Dec/2020:17:31:05 +0100] "GET /2019/wp-login.php HTTP/1.0" 301 545 "-" "Mozilla/5.0 (X11; Ubuntu; Linux x86_64; rv:62.0) Gecko/20100101 Firefox/62.0"
207.46.13.175 - - [14/Dec/2020:17:31:06 +0100] "GET /images/big_prod/VANGOGH6.jpg HTTP/1.0" 200 263 "-" "Mozilla/5.0 (compatible; bingbot/2.0; +http://www.bing.com/bingbot.htm)"
165.22.209.132 - - [14/Dec/2020:17:31:07 +0100] "GET /2019/wp-login.php HTTP/1.0" 404 1308 "http://wonder-geek.com/2019/wp-login.php" "Mozilla/5.0 (X11; Ubuntu; Linux x86_64; rv:62.0) Gecko/20100101 Firefox/62.0"
157.55.39.184 - - [14/Dec/2020:17:31:11 +0100] "GET /images/big_prod/8433933164440.jpg HTTP/1.0" 200 268 "-" "Mozilla/5.0 (compatible; bingbot/2.0; +http://www.bing.com/bingbot.htm)"
114.119.154.200 - - [14/Dec/2020:17:31:24 +0100] "GET /root-chakra-mug-by-cbkreation-p-49254.html HTTP/1.0" 200 71895 "-" "Mozilla/5.0 (Linux; Android 7.0;) AppleWebKit/537.36 (KHTML, like Gecko) Mobile Safari/537.36 (compatible; PetalBot;+https://aspiegel.com/petalbot)"
54.36.148.77 - - [14/Dec/2020:17:31:50 +0100] "GET /om-olympique-de-marseille-jug-litre-p-33909.html HTTP/1.0" 200 72016 "-" "Mozilla/5.0 (compatible; AhrefsBot/7.0; +http://ahrefs.com/robot/)"
37.115.113.0 - - [14/Dec/2020:17:31:56 +0100] "GET /snowman-solar-powered-dancing-p-34143.html]Test HTTP/1.0" 301 609 "https://mompussy.net/" "Mozilla/4.0 (compatible; MSIE 5.5; Windows NT 5.0)"
207.46.13.49 - - [14/Dec/2020:17:32:00 +0100] "GET /images/3298060223751.jpg HTTP/1.0" 200 259 "-" "Mozilla/5.0 (compatible; bingbot/2.0; +http://www.bing.com/bingbot.htm)"
13.66.139.65 - - [14/Dec/2020:17:32:12 +0100] "GET /glasses-and-drinking-cup-c-12_62.html HTTP/1.0" 200 90291 "-" "Mozilla/5.0 (compatible; bingbot/2.0; +http://www.bing.com/bingbot.htm)"
207.46.13.152 - - [14/Dec/2020:17:34:05 +0100] "GET /images/big_prod/802GJ06.jpg HTTP/1.0" 200 262 "-" "Mozilla/5.0 (compatible; bingbot/2.0; +http://www.bing.com/bingbot.htm)"
114.119.145.117 - - [14/Dec/2020:17:35:43 +0100] "GET /images/mini_prod/8433933179970.jpg HTTP/1.0" 200 269 "-" "Mozilla/5.0 (Linux; Android 7.0;) AppleWebKit/537.36 (KHTML, like Gecko) Mobile Safari/537.36 (compatible; PetalBot;+https://aspiegel.com/petalbot)"
54.36.149.32 - - [14/Dec/2020:17:35:45 +0100] "GET /beer-metal-tray-p-48335.html HTTP/1.0" 200 71950 "-" "Mozilla/5.0 (compatible; AhrefsBot/7.0; +http://ahrefs.com/robot/)"
157.55.39.172 - - [14/Dec/2020:17:36:24 +0100] "GET /images/big_prod/8904245400477.jpg HTTP/1.0" 200 268 "-" "Mozilla/5.0 (compatible; bingbot/2.0; +http://www.bing.com/bingbot.htm)"
13.66.139.26 - - [14/Dec/2020:17:38:46 +0100] "GET /mugs-and-mazagrans-c-12_57.html?page=10 HTTP/1.0" 200 96078 "-" "Mozilla/5.0 (compatible; bingbot/2.0; +http://www.bing.com/bingbot.htm)"
178.159.37.92 - - [14/Dec/2020:17:39:05 +0100] "GET /create_account.php HTTP/1.0" 301 547 "http://wonder-geek.com/create_account.php" "Mozilla/5.0 (Windows NT 6.3; Win64; x64) AppleWebKit/537.36 (KHTML, like Gecko) Chrome/83.0.4103.61 Safari/537.36"
178.159.37.92 - - [14/Dec/2020:17:39:05 +0100] "GET /create_account.php HTTP/1.0" 200 33633 "http://www.wonder-geek.com/create_account.php" "Mozilla/5.0 (Windows NT 6.3; Win64; x64) AppleWebKit/537.36 (KHTML, like Gecko) Chrome/83.0.4103.61 Safari/537.36"
178.159.37.92 - - [14/Dec/2020:17:39:05 +0100] "GET /index.php HTTP/1.0" 200 149223 "http://www.wonder-geek.com/index.php" "Mozilla/5.0 (Windows NT 6.3; Win64; x64) AppleWebKit/537.36 (KHTML, like Gecko) Chrome/83.0.4103.61 Safari/537.36"
178.159.37.92 - - [14/Dec/2020:17:39:06 +0100] "GET /trivet-and-boards-cut-c-12_158.html HTTP/1.0" 200 93035 "http://www.wonder-geek.com/trivet-and-boards-cut-c-12_158.html" "Mozilla/5.0 (Windows NT 6.3; Win64; x64) AppleWebKit/537.36 (KHTML, like Gecko) Chrome/83.0.4103.61 Safari/537.36"
178.159.37.92 - - [14/Dec/2020:17:39:06 +0100] "GET /cardboard-boxes-and-storage-c-13_150_216.html HTTP/1.0" 200 77444 "http://www.wonder-geek.com/cardboard-boxes-and-storage-c-13_150_216.html" "Mozilla/5.0 (Windows NT 6.3; Win64; x64) AppleWebKit/537.36 (KHTML, like Gecko) Chrome/83.0.4103.61 Safari/537.36"
178.159.37.92 - - [14/Dec/2020:17:39:07 +0100] "GET /contact_us.php HTTP/1.0" 200 26241 "http://www.wonder-geek.com/contact_us.php" "Mozilla/5.0 (Windows NT 6.3; Win64; x64) AppleWebKit/537.36 (KHTML, like Gecko) Chrome/83.0.4103.61 Safari/537.36"
178.159.37.92 - - [14/Dec/2020:17:39:07 +0100] "POST /contact_us.php?action=send HTTP/1.0" 200 29086 "http://www.wonder-geek.com/contact_us.php" "Mozilla/5.0 (Windows NT 6.3; Win64; x64) AppleWebKit/537.36 (KHTML, like Gecko) Chrome/83.0.4103.61 Safari/537.36"
178.159.37.92 - - [14/Dec/2020:17:39:07 +0100] "GET /contact_us.php HTTP/1.0" 200 26241 "http://www.wonder-geek.com/contact_us.php" "Mozilla/5.0 (Windows NT 6.3; Win64; x64) AppleWebKit/537.36 (KHTML, like Gecko) Chrome/83.0.4103.61 Safari/537.36"
178.159.37.92 - - [14/Dec/2020:17:39:07 +0100] "GET /contact_us.php HTTP/1.0" 200 26241 "http://www.wonder-geek.com/contact_us.php" "Mozilla/5.0 (Windows NT 6.3; Win64; x64) AppleWebKit/537.36 (KHTML, like Gecko) Chrome/83.0.4103.61 Safari/537.36"
54.36.148.83 - - [14/Dec/2020:17:39:52 +0100] "GET /winnie-the-pooh-lunch-box-p-18796.html HTTP/1.0" 200 71812 "-" "Mozilla/5.0 (compatible; AhrefsBot/7.0; +http://ahrefs.com/robot/)"
114.119.130.202 - - [14/Dec/2020:17:40:18 +0100] "GET /images/big_prod_1/9316188076043N.jpg HTTP/1.0" 200 271 "-" "Mozilla/5.0 (Linux; Android 7.0;) AppleWebKit/537.36 (KHTML, like Gecko) Mobile Safari/537.36 (compatible; PetalBot;+https://aspiegel.com/petalbot)"
66.249.70.62 - - [14/Dec/2020:17:40:55 +0100] "GET /bookend-c-13_202.html HTTP/1.0" 200 87940 "-" "Mozilla/5.0 (Linux; Android 6.0.1; Nexus 5X Build/MMB29P) AppleWebKit/537.36 (KHTML, like Gecko) Chrome/87.0.4280.90 Mobile Safari/537.36 (compatible; Googlebot/2.1; +http://www.google.com/bot.html)"
157.55.39.217 - - [14/Dec/2020:17:41:07 +0100] "GET /blue-elephant-piggy-bank-p-47729.html HTTP/1.0" 200 71605 "-" "Mozilla/5.0 (compatible; bingbot/2.0; +http://www.bing.com/bingbot.htm)"
40.77.167.36 - - [14/Dec/2020:17:41:11 +0100] "GET /french-bulldog-pill-box-p-32053.html HTTP/1.0" 200 71995 "-" "Mozilla/5.0 (compatible; bingbot/2.0; +http://www.bing.com/bingbot.htm)"
207.46.13.175 - - [14/Dec/2020:17:41:16 +0100] "GET /flower-of-life-earrings-brass-silver-colored-p-39339.html HTTP/1.0" 200 71974 "-" "Mozilla/5.0 (compatible; bingbot/2.0; +http://www.bing.com/bingbot.htm)"
13.66.139.26 - - [14/Dec/2020:17:41:46 +0100] "GET /-p-51269.html HTTP/1.0" 200 69192 "-" "Mozilla/5.0 (compatible; bingbot/2.0; +http://www.bing.com/bingbot.htm)"
40.77.167.36 - - [14/Dec/2020:17:41:58 +0100] "GET /images/big_prod/3503420025495.jpg HTTP/1.0" 200 268 "-" "Mozilla/5.0 (compatible; bingbot/2.0; +http://www.bing.com/bingbot.htm)"
13.66.139.26 - - [14/Dec/2020:17:42:06 +0100] "GET /furnishings-c-13_87.html HTTP/1.0" 200 89978 "-" "Mozilla/5.0 (compatible; bingbot/2.0; +http://www.bing.com/bingbot.htm)"
207.46.13.152 - - [14/Dec/2020:17:42:26 +0100] "GET /images/big_prod/3609810065154.jpg HTTP/1.0" 200 268 "-" "Mozilla/5.0 (compatible; bingbot/2.0; +http://www.bing.com/bingbot.htm)"
207.46.13.90 - - [14/Dec/2020:17:42:30 +0100] "GET /images/big_prod/3612874112801.jpg HTTP/1.0" 200 268 "-" "Mozilla/5.0 (compatible; bingbot/2.0; +http://www.bing.com/bingbot.htm)"
54.36.149.80 - - [14/Dec/2020:17:43:36 +0100] "GET /robots.txt HTTP/1.0" 200 245 "-" "Mozilla/5.0 (compatible; AhrefsBot/6.1; +http://ahrefs.com/robot/)"
54.36.148.83 - - [14/Dec/2020:17:43:37 +0100] "GET /cactus-drink-dispenser-38-p-48687.html HTTP/1.0" 200 72486 "-" "Mozilla/5.0 (compatible; AhrefsBot/7.0; +http://ahrefs.com/robot/)"
17.58.101.145 - - [14/Dec/2020:17:43:53 +0100] "GET /spiderman-lunchbox-p-31793.html HTTP/1.0" 200 73994 "-" "Mozilla/5.0 (Macintosh; Intel Mac OS X 10_15_5) AppleWebKit/605.1.15 (KHTML, like Gecko) Version/13.1.1 Safari/605.1.15 (Applebot/0.1; +http://www.apple.com/go/applebot)"
13.66.139.65 - - [14/Dec/2020:17:43:55 +0100] "GET /lighting-c-13_86.html?page=3 HTTP/1.0" 200 92774 "-" "Mozilla/5.0 (compatible; bingbot/2.0; +http://www.bing.com/bingbot.htm)"
157.55.39.217 - - [14/Dec/2020:17:43:59 +0100] "GET /images/big_prod/3609810048249.jpg HTTP/1.0" 200 268 "-" "Mozilla/5.0 (compatible; bingbot/2.0; +http://www.bing.com/bingbot.htm)"
51.68.224.127 - - [14/Dec/2020:17:44:18 +0100] "GET /adminweb/export_orders_xml.php?token=256de2z6edz6ed2z6DFSFsed2zed6zeDSFDSGdzedezfzf&maxorders=10&orderstart=1&status=14&start_date=2018-10-01 HTTP/1.0" 200 285 "-" "GesCom CharlotteBoutik Serveur"
51.68.224.127 - - [14/Dec/2020:17:44:19 +0100] "GET /adminweb/export_orders_xml.php?token=256de2z6edz6ed2z6DFSFsed2zed6zeDSFDSGdzedezfzf&maxorders=10&orderstart=1&status=6&start_date=2018-10-01 HTTP/1.0" 200 30026 "-" "GesCom CharlotteBoutik Serveur"
114.119.154.200 - - [14/Dec/2020:17:44:31 +0100] "GET /set-of-coasters-coffee-p-26182.html HTTP/1.0" 200 71831 "-" "Mozilla/5.0 (Linux; Android 7.0;) AppleWebKit/537.36 (KHTML, like Gecko) Mobile Safari/537.36 (compatible; PetalBot;+https://aspiegel.com/petalbot)"
157.55.39.179 - - [14/Dec/2020:17:45:16 +0100] "GET /images/big_prod/8433933101247.jpg HTTP/1.0" 200 268 "-" "Mozilla/5.0 (compatible; bingbot/2.0; +http://www.bing.com/bingbot.htm)"
216.244.66.242 - - [14/Dec/2020:17:45:16 +0100] "GET /money-boxes-c-13_83.html?page=1 HTTP/1.0" 200 91846 "-" "Mozilla/5.0 (compatible; DotBot/1.1; http://www.opensiteexplorer.org/dotbot, help@moz.com)"
207.46.13.175 - - [14/Dec/2020:17:45:46 +0100] "GET /images/big_prod/LOLA.jpg HTTP/1.0" 200 259 "-" "Mozilla/5.0 (compatible; bingbot/2.0; +http://www.bing.com/bingbot.htm)"
66.249.70.62 - - [14/Dec/2020:17:46:16 +0100] "GET /images/big_prod/7601020000044.jpg HTTP/1.0" 200 268 "-" "Googlebot-Image/1.0"
54.36.148.83 - - [14/Dec/2020:17:47:26 +0100] "GET /fff-jug-litre-p-33908.html HTTP/1.0" 200 71818 "-" "Mozilla/5.0 (compatible; AhrefsBot/7.0; +http://ahrefs.com/robot/)"
149.202.67.223 - - [14/Dec/2020:17:47:40 +0100] "GET / HTTP/1.0" 301 511 "-" "Mozilla/5.0 (Windows NT 6.1; Win64; x64; rv:72.0) Gecko/20100101 Firefox/72.0"
149.202.67.223 - - [14/Dec/2020:17:47:40 +0100] "GET / HTTP/1.0" 200 149928 "-" "Mozilla/5.0 (Windows NT 6.1; Win64; x64; rv:72.0) Gecko/20100101 Firefox/72.0"
216.244.66.242 - - [14/Dec/2020:17:48:27 +0100] "GET /-p-25727.html HTTP/1.0" 200 69192 "-" "Mozilla/5.0 (compatible; DotBot/1.1; http://www.opensiteexplorer.org/dotbot, help@moz.com)"
207.46.13.175 - - [14/Dec/2020:17:48:37 +0100] "GET /images/4012390357042.jpg HTTP/1.0" 200 259 "-" "Mozilla/5.0 (compatible; bingbot/2.0; +http://www.bing.com/bingbot.htm)"
114.119.144.233 - - [14/Dec/2020:17:48:55 +0100] "GET /disney-princess-sports-bottle-p-25063.html HTTP/1.0" 200 71879 "-" "Mozilla/5.0 (Linux; Android 7.0;) AppleWebKit/537.36 (KHTML, like Gecko) Mobile Safari/537.36 (compatible; PetalBot;+https://aspiegel.com/petalbot)"
13.66.139.26 - - [14/Dec/2020:17:48:56 +0100] "GET /accessories-c-97_98.html HTTP/1.0" 200 83956 "-" "Mozilla/5.0 (compatible; bingbot/2.0; +http://www.bing.com/bingbot.htm)"
13.66.139.26 - - [14/Dec/2020:17:48:57 +0100] "GET /-p-29869.html HTTP/1.0" 200 69192 "-" "Mozilla/5.0 (compatible; bingbot/2.0; +http://www.bing.com/bingbot.htm)"
216.244.66.242 - - [14/Dec/2020:17:49:22 +0100] "GET /home/stationery-school-supplies/betty-boop-cool-pencil-pot-p-14602.html HTTP/1.0" 301 69259 "-" "Mozilla/5.0 (compatible; DotBot/1.1; http://www.opensiteexplorer.org/dotbot, help@moz.com)"
157.55.39.172 - - [14/Dec/2020:17:49:35 +0100] "GET /images/big_prod_1/8719172832068.jpg HTTP/1.0" 200 270 "-" "Mozilla/5.0 (compatible; bingbot/2.0; +http://www.bing.com/bingbot.htm)"
207.46.13.90 - - [14/Dec/2020:17:50:56 +0100] "GET /images/big_prod/8422020415022.jpg HTTP/1.0" 200 268 "-" "Mozilla/5.0 (compatible; bingbot/2.0; +http://www.bing.com/bingbot.htm)"
54.36.149.60 - - [14/Dec/2020:17:51:32 +0100] "GET /gift-box-tea-infuser-mug-mandala-pink-p-43794.html HTTP/1.0" 200 73087 "-" "Mozilla/5.0 (compatible; AhrefsBot/7.0; +http://ahrefs.com/robot/)"
157.55.39.172 - - [14/Dec/2020:17:52:55 +0100] "GET /images/big_prod_3/8424346205936NNN.jpg HTTP/1.0" 200 273 "-" "Mozilla/5.0 (compatible; bingbot/2.0; +http://www.bing.com/bingbot.htm)"
40.77.167.36 - - [14/Dec/2020:17:53:08 +0100] "GET /images/med_prod/1384010181300.jpg HTTP/1.0" 200 268 "-" "Mozilla/5.0 (compatible; bingbot/2.0; +http://www.bing.com/bingbot.htm)"
114.119.154.200 - - [14/Dec/2020:17:53:17 +0100] "GET /paw-patrol-swimming-armband-p-35063.html HTTP/1.0" 200 72049 "-" "Mozilla/5.0 (Linux; Android 7.0;) AppleWebKit/537.36 (KHTML, like Gecko) Mobile Safari/537.36 (compatible; PetalBot;+https://aspiegel.com/petalbot)"
157.55.39.184 - - [14/Dec/2020:17:53:28 +0100] "GET /images/big_prod/1399980107281.jpg HTTP/1.0" 200 268 "-" "Mozilla/5.0 (compatible; bingbot/2.0; +http://www.bing.com/bingbot.htm)"
40.77.167.36 - - [14/Dec/2020:17:53:49 +0100] "GET /images/big_prod/5415203926425.jpg HTTP/1.0" 200 268 "-" "Mozilla/5.0 (compatible; bingbot/2.0; +http://www.bing.com/bingbot.htm)"
80.11.253.192 - - [14/Dec/2020:17:54:09 +0100] "GET /adminweb/login.php HTTP/1.0" 200 4479 "-" "Mozilla/5.0 (Windows NT 10.0; Win64; x64) AppleWebKit/537.36 (KHTML, like Gecko) Chrome/87.0.4280.88 Safari/537.36"
80.11.253.192 - - [14/Dec/2020:17:54:09 +0100] "GET /adminweb/includes/stylesheet.css HTTP/1.0" 200 265 "http://www.wonder-geek.com/adminweb/login.php" "Mozilla/5.0 (Windows NT 10.0; Win64; x64) AppleWebKit/537.36 (KHTML, like Gecko) Chrome/87.0.4280.88 Safari/537.36"
80.11.253.192 - - [14/Dec/2020:17:54:09 +0100] "GET /adminweb/includes/index.css HTTP/1.0" 200 260 "http://www.wonder-geek.com/adminweb/login.php" "Mozilla/5.0 (Windows NT 10.0; Win64; x64) AppleWebKit/537.36 (KHTML, like Gecko) Chrome/87.0.4280.88 Safari/537.36"
80.11.253.192 - - [14/Dec/2020:17:54:09 +0100] "GET /adminweb/includes/javascript/helptip.js HTTP/1.0" 200 279 "http://www.wonder-geek.com/adminweb/login.php" "Mozilla/5.0 (Windows NT 10.0; Win64; x64) AppleWebKit/537.36 (KHTML, like Gecko) Chrome/87.0.4280.88 Safari/537.36"
80.11.253.192 - - [14/Dec/2020:17:54:09 +0100] "GET /adminweb/includes/helptip.css HTTP/1.0" 200 1234 "http://www.wonder-geek.com/adminweb/login.php" "Mozilla/5.0 (Windows NT 10.0; Win64; x64) AppleWebKit/537.36 (KHTML, like Gecko) Chrome/87.0.4280.88 Safari/537.36"
80.11.253.192 - - [14/Dec/2020:17:54:09 +0100] "GET /adminweb/images/logo_mini.png HTTP/1.0" 200 263 "http://www.wonder-geek.com/adminweb/login.php" "Mozilla/5.0 (Windows NT 10.0; Win64; x64) AppleWebKit/537.36 (KHTML, like Gecko) Chrome/87.0.4280.88 Safari/537.36"
80.11.253.192 - - [14/Dec/2020:17:54:09 +0100] "GET /adminweb/images/artoisweb.jpg HTTP/1.0" 200 264 "http://www.wonder-geek.com/adminweb/login.php" "Mozilla/5.0 (Windows NT 10.0; Win64; x64) AppleWebKit/537.36 (KHTML, like Gecko) Chrome/87.0.4280.88 Safari/537.36"
80.11.253.192 - - [14/Dec/2020:17:54:09 +0100] "GET /adminweb/images/pixel_black.gif HTTP/1.0" 200 320 "http://www.wonder-geek.com/adminweb/login.php" "Mozilla/5.0 (Windows NT 10.0; Win64; x64) AppleWebKit/537.36 (KHTML, like Gecko) Chrome/87.0.4280.88 Safari/537.36"
80.11.253.192 - - [14/Dec/2020:17:54:09 +0100] "GET /adminweb/images/pixel_trans.gif HTTP/1.0" 200 328 "http://www.wonder-geek.com/adminweb/login.php" "Mozilla/5.0 (Windows NT 10.0; Win64; x64) AppleWebKit/537.36 (KHTML, like Gecko) Chrome/87.0.4280.88 Safari/537.36"
80.11.253.192 - - [14/Dec/2020:17:54:09 +0100] "GET /adminweb/includes/languages/french/images/buttons/button_confirm.gif HTTP/1.0" 200 302 "http://www.wonder-geek.com/adminweb/login.php" "Mozilla/5.0 (Windows NT 10.0; Win64; x64) AppleWebKit/537.36 (KHTML, like Gecko) Chrome/87.0.4280.88 Safari/537.36"
80.11.253.192 - - [14/Dec/2020:17:54:09 +0100] "GET /favicon.ico HTTP/1.0" 200 260 "http://www.wonder-geek.com/adminweb/login.php" "Mozilla/5.0 (Windows NT 10.0; Win64; x64) AppleWebKit/537.36 (KHTML, like Gecko) Chrome/87.0.4280.88 Safari/537.36"
80.11.253.192 - - [14/Dec/2020:17:54:11 +0100] "POST /adminweb/login.php?action=process HTTP/1.0" 302 481 "http://www.wonder-geek.com/adminweb/login.php" "Mozilla/5.0 (Windows NT 10.0; Win64; x64) AppleWebKit/537.36 (KHTML, like Gecko) Chrome/87.0.4280.88 Safari/537.36"
80.11.253.192 - - [14/Dec/2020:17:54:11 +0100] "GET /adminweb/index.php HTTP/1.0" 200 27835 "http://www.wonder-geek.com/adminweb/login.php" "Mozilla/5.0 (Windows NT 10.0; Win64; x64) AppleWebKit/537.36 (KHTML, like Gecko) Chrome/87.0.4280.88 Safari/537.36"
80.11.253.192 - - [14/Dec/2020:17:54:11 +0100] "GET /adminweb/includes/menu.js HTTP/1.0" 200 265 "http://www.wonder-geek.com/adminweb/index.php" "Mozilla/5.0 (Windows NT 10.0; Win64; x64) AppleWebKit/537.36 (KHTML, like Gecko) Chrome/87.0.4280.88 Safari/537.36"
80.11.253.192 - - [14/Dec/2020:17:54:11 +0100] "GET /adminweb/images/cre_header_slice.gif HTTP/1.0" 200 270 "http://www.wonder-geek.com/adminweb/index.php" "Mozilla/5.0 (Windows NT 10.0; Win64; x64) AppleWebKit/537.36 (KHTML, like Gecko) Chrome/87.0.4280.88 Safari/537.36"
80.11.253.192 - - [14/Dec/2020:17:54:14 +0100] "GET /adminweb/orders.php HTTP/1.0" 200 59477 "http://www.wonder-geek.com/adminweb/index.php" "Mozilla/5.0 (Windows NT 10.0; Win64; x64) AppleWebKit/537.36 (KHTML, like Gecko) Chrome/87.0.4280.88 Safari/537.36"
80.11.253.192 - - [14/Dec/2020:17:54:14 +0100] "GET /adminweb/includes/general.js HTTP/1.0" 200 1135 "http://www.wonder-geek.com/adminweb/orders.php" "Mozilla/5.0 (Windows NT 10.0; Win64; x64) AppleWebKit/537.36 (KHTML, like Gecko) Chrome/87.0.4280.88 Safari/537.36"
80.11.253.192 - - [14/Dec/2020:17:54:14 +0100] "GET /adminweb/images/arrow_up.gif HTTP/1.0" 200 373 "http://www.wonder-geek.com/adminweb/orders.php" "Mozilla/5.0 (Windows NT 10.0; Win64; x64) AppleWebKit/537.36 (KHTML, like Gecko) Chrome/87.0.4280.88 Safari/537.36"
80.11.253.192 - - [14/Dec/2020:17:54:14 +0100] "GET /adminweb/images/arrow_down.gif HTTP/1.0" 200 373 "http://www.wonder-geek.com/adminweb/orders.php" "Mozilla/5.0 (Windows NT 10.0; Win64; x64) AppleWebKit/537.36 (KHTML, like Gecko) Chrome/87.0.4280.88 Safari/537.36"
80.11.253.192 - - [14/Dec/2020:17:54:14 +0100] "GET /adminweb/images/icons/icon_status_ok_colissimo.jpg HTTP/1.0" 200 285 "http://www.wonder-geek.com/adminweb/orders.php" "Mozilla/5.0 (Windows NT 10.0; Win64; x64) AppleWebKit/537.36 (KHTML, like Gecko) Chrome/87.0.4280.88 Safari/537.36"
80.11.253.192 - - [14/Dec/2020:17:54:14 +0100] "GET /adminweb/images/icon_arrow_right.gif HTTP/1.0" 200 366 "http://www.wonder-geek.com/adminweb/orders.php" "Mozilla/5.0 (Windows NT 10.0; Win64; x64) AppleWebKit/537.36 (KHTML, like Gecko) Chrome/87.0.4280.88 Safari/537.36"
80.11.253.192 - - [14/Dec/2020:17:54:14 +0100] "GET /adminweb/images/icons/preview.gif HTTP/1.0" 200 664 "http://www.wonder-geek.com/adminweb/orders.php" "Mozilla/5.0 (Windows NT 10.0; Win64; x64) AppleWebKit/537.36 (KHTML, like Gecko) Chrome/87.0.4280.88 Safari/537.36"
80.11.253.192 - - [14/Dec/2020:17:54:14 +0100] "GET /adminweb/images/icon_info.gif HTTP/1.0" 200 827 "http://www.wonder-geek.com/adminweb/orders.php" "Mozilla/5.0 (Windows NT 10.0; Win64; x64) AppleWebKit/537.36 (KHTML, like Gecko) Chrome/87.0.4280.88 Safari/537.36"
80.11.253.192 - - [14/Dec/2020:17:54:14 +0100] "GET /adminweb/includes/languages/french/images/buttons/button_edit_status.gif HTTP/1.0" 200 306 "http://www.wonder-geek.com/adminweb/orders.php" "Mozilla/5.0 (Windows NT 10.0; Win64; x64) AppleWebKit/537.36 (KHTML, like Gecko) Chrome/87.0.4280.88 Safari/537.36"
80.11.253.192 - - [14/Dec/2020:17:54:14 +0100] "GET /adminweb/includes/languages/french/images/buttons/button_delete.gif HTTP/1.0" 200 301 "http://www.wonder-geek.com/adminweb/orders.php" "Mozilla/5.0 (Windows NT 10.0; Win64; x64) AppleWebKit/537.36 (KHTML, like Gecko) Chrome/87.0.4280.88 Safari/537.36"
80.11.253.192 - - [14/Dec/2020:17:54:14 +0100] "GET /adminweb/includes/languages/french/images/buttons/button_invoice.gif HTTP/1.0" 200 302 "http://www.wonder-geek.com/adminweb/orders.php" "Mozilla/5.0 (Windows NT 10.0; Win64; x64) AppleWebKit/537.36 (KHTML, like Gecko) Chrome/87.0.4280.88 Safari/537.36"
80.11.253.192 - - [14/Dec/2020:17:54:14 +0100] "GET /adminweb/includes/languages/french/images/buttons/button_edit_order.gif HTTP/1.0" 200 305 "http://www.wonder-geek.com/adminweb/orders.php" "Mozilla/5.0 (Windows NT 10.0; Win64; x64) AppleWebKit/537.36 (KHTML, like Gecko) Chrome/87.0.4280.88 Safari/537.36"
80.11.253.192 - - [14/Dec/2020:17:54:14 +0100] "GET /adminweb/includes/languages/french/images/buttons/button_packingslip.gif HTTP/1.0" 200 988 "http://www.wonder-geek.com/adminweb/orders.php" "Mozilla/5.0 (Windows NT 10.0; Win64; x64) AppleWebKit/537.36 (KHTML, like Gecko) Chrome/87.0.4280.88 Safari/537.36"
54.36.148.45 - - [14/Dec/2020:17:55:23 +0100] "GET /pastis-de-marseille-metal-tray-p-47716.html HTTP/1.0" 200 72059 "-" "Mozilla/5.0 (compatible; AhrefsBot/7.0; +http://ahrefs.com/robot/)"
13.66.139.26 - - [14/Dec/2020:17:55:27 +0100] "GET /decorations-and-furnishings/decorations/bob-marley-lion-head-mirror-p-8519.html HTTP/1.0" 301 69391 "-" "Mozilla/5.0 (compatible; bingbot/2.0; +http://www.bing.com/bingbot.htm)"
13.66.139.26 - - [14/Dec/2020:17:55:28 +0100] "GET /office-items-c-97_100.html HTTP/1.0" 200 89324 "-" "Mozilla/5.0 (compatible; bingbot/2.0; +http://www.bing.com/bingbot.htm)"
80.11.253.192 - - [14/Dec/2020:17:56:13 +0100] "GET /adminweb/orders.php?page=1&oID=670&action=edit HTTP/1.0" 200 31076 "http://www.wonder-geek.com/adminweb/orders.php" "Mozilla/5.0 (Windows NT 10.0; Win64; x64) AppleWebKit/537.36 (KHTML, like Gecko) Chrome/87.0.4280.88 Safari/537.36"
80.11.253.192 - - [14/Dec/2020:17:56:13 +0100] "GET /includes/modules/payment/paypal/images/paypal_logo.gif HTTP/1.0" 200 288 "http://www.wonder-geek.com/adminweb/orders.php?page=1&oID=670&action=edit" "Mozilla/5.0 (Windows NT 10.0; Win64; x64) AppleWebKit/537.36 (KHTML, like Gecko) Chrome/87.0.4280.88 Safari/537.36"
80.11.253.192 - - [14/Dec/2020:17:56:13 +0100] "GET /adminweb/images/icons/cross.gif HTTP/1.0" 200 627 "http://www.wonder-geek.com/adminweb/orders.php?page=1&oID=670&action=edit" "Mozilla/5.0 (Windows NT 10.0; Win64; x64) AppleWebKit/537.36 (KHTML, like Gecko) Chrome/87.0.4280.88 Safari/537.36"
207.46.13.175 - - [14/Dec/2020:17:56:27 +0100] "GET /images/885561160420.jpg HTTP/1.0" 200 258 "-" "Mozilla/5.0 (compatible; bingbot/2.0; +http://www.bing.com/bingbot.htm)"
80.11.253.192 - - [14/Dec/2020:17:56:30 +0100] "POST /adminweb/orders.php?page=1&oID=670&action=update_order HTTP/1.0" 302 517 "http://www.wonder-geek.com/adminweb/orders.php?page=1&oID=670&action=edit" "Mozilla/5.0 (Windows NT 10.0; Win64; x64) AppleWebKit/537.36 (KHTML, like Gecko) Chrome/87.0.4280.88 Safari/537.36"
80.11.253.192 - - [14/Dec/2020:17:56:30 +0100] "GET /adminweb/orders.php?status=&page=1&oID=670&action=edit HTTP/1.0" 200 32095 "http://www.wonder-geek.com/adminweb/orders.php?page=1&oID=670&action=edit" "Mozilla/5.0 (Windows NT 10.0; Win64; x64) AppleWebKit/537.36 (KHTML, like Gecko) Chrome/87.0.4280.88 Safari/537.36"
80.11.253.192 - - [14/Dec/2020:17:56:30 +0100] "GET /adminweb/images/icons/success.gif HTTP/1.0" 200 463 "http://www.wonder-geek.com/adminweb/orders.php?status=&page=1&oID=670&action=edit" "Mozilla/5.0 (Windows NT 10.0; Win64; x64) AppleWebKit/537.36 (KHTML, like Gecko) Chrome/87.0.4280.88 Safari/537.36"
157.55.39.217 - - [14/Dec/2020:17:56:38 +0100] "GET /images/big_prod_3/4250255858642c.jpg HTTP/1.0" 200 271 "-" "Mozilla/5.0 (compatible; bingbot/2.0; +http://www.bing.com/bingbot.htm)"
80.11.253.192 - - [14/Dec/2020:17:57:12 +0100] "POST /adminweb/orders.php?status=&page=1&oID=670&action=update_order HTTP/1.0" 302 517 "http://www.wonder-geek.com/adminweb/orders.php?status=&page=1&oID=670&action=edit" "Mozilla/5.0 (Windows NT 10.0; Win64; x64) AppleWebKit/537.36 (KHTML, like Gecko) Chrome/87.0.4280.88 Safari/537.36"
80.11.253.192 - - [14/Dec/2020:17:57:12 +0100] "GET /adminweb/orders.php?status=&page=1&oID=670&action=edit HTTP/1.0" 200 32715 "http://www.wonder-geek.com/adminweb/orders.php?status=&page=1&oID=670&action=edit" "Mozilla/5.0 (Windows NT 10.0; Win64; x64) AppleWebKit/537.36 (KHTML, like Gecko) Chrome/87.0.4280.88 Safari/537.36"
114.119.129.36 - - [14/Dec/2020:17:57:35 +0100] "GET /decorative-wooden-plate-reserve-bikers-black-p-47833.html HTTP/1.0" 200 72289 "-" "Mozilla/5.0 (Linux; Android 7.0;) AppleWebKit/537.36 (KHTML, like Gecko) Mobile Safari/537.36 (compatible; PetalBot;+https://aspiegel.com/petalbot)"
207.46.13.49 - - [14/Dec/2020:17:57:43 +0100] "GET /images/8033667001167.jpg HTTP/1.0" 200 259 "-" "Mozilla/5.0 (compatible; bingbot/2.0; +http://www.bing.com/bingbot.htm)"
13.66.139.65 - - [14/Dec/2020:17:57:57 +0100] "GET /-p-24011.html HTTP/1.0" 200 69192 "-" "Mozilla/5.0 (compatible; bingbot/2.0; +http://www.bing.com/bingbot.htm)"
157.55.39.82 - - [14/Dec/2020:17:58:47 +0100] "GET /images/3521320608082.jpg HTTP/1.0" 200 259 "-" "Mozilla/5.0 (compatible; bingbot/2.0; +http://www.bing.com/bingbot.htm)"
54.36.148.45 - - [14/Dec/2020:17:59:09 +0100] "GET /bird-feeder-cement-p-45089.html HTTP/1.0" 200 71653 "-" "Mozilla/5.0 (compatible; AhrefsBot/7.0; +http://ahrefs.com/robot/)"
157.55.39.179 - - [14/Dec/2020:17:59:58 +0100] "GET /images/big_prod_2/c627DUDE.jpg HTTP/1.0" 200 265 "-" "Mozilla/5.0 (compatible; bingbot/2.0; +http://www.bing.com/bingbot.htm)"
13.66.139.26 - - [14/Dec/2020:18:00:28 +0100] "GET /tea-towels-napkins-c-11_177.html?page=3 HTTP/1.0" 200 92582 "-" "Mozilla/5.0 (compatible; bingbot/2.0; +http://www.bing.com/bingbot.htm)"
13.66.139.65 - - [14/Dec/2020:18:00:37 +0100] "GET /-p-26631.html HTTP/1.0" 200 69192 "-" "Mozilla/5.0 (compatible; bingbot/2.0; +http://www.bing.com/bingbot.htm)"
51.68.224.127 - - [14/Dec/2020:18:00:48 +0100] "GET /adminweb/export_orders_xml.php?token=256de2z6edz6ed2z6DFSFsed2zed6zeDSFDSGdzedezfzf&maxorders=10&orderstart=1&status=14&start_date=2018-10-01 HTTP/1.0" 200 285 "-" "GesCom CharlotteBoutik Serveur"
51.68.224.127 - - [14/Dec/2020:18:00:48 +0100] "GET /adminweb/export_orders_xml.php?token=256de2z6edz6ed2z6DFSFsed2zed6zeDSFDSGdzedezfzf&maxorders=10&orderstart=1&status=6&start_date=2018-10-01 HTTP/1.0" 200 30026 "-" "GesCom CharlotteBoutik Serveur"
17.58.101.145 - - [14/Dec/2020:18:01:13 +0100] "GET /images/mini_prod/3520071652061.jpg HTTP/1.0" 200 269 "-" "Mozilla/5.0 (Macintosh; Intel Mac OS X 10_15_5) AppleWebKit/605.1.15 (KHTML, like Gecko) Version/13.1.1 Safari/605.1.15 (Applebot/0.1; +http://www.apple.com/go/applebot)"
157.55.39.82 - - [14/Dec/2020:18:01:57 +0100] "GET /decorations-and-furnishings/money-boxes/ice-cream-money-bank-collection-p-17638.html HTTP/1.0" 301 679 "-" "Mozilla/5.0 (compatible; bingbot/2.0; +http://www.bing.com/bingbot.htm)"
114.119.158.196 - - [14/Dec/2020:18:02:00 +0100] "GET /cherry-oven-mitt-p-37467.html HTTP/1.0" 200 71816 "-" "Mozilla/5.0 (Linux; Android 7.0;) AppleWebKit/537.36 (KHTML, like Gecko) Mobile Safari/537.36 (compatible; PetalBot;+https://aspiegel.com/petalbot)"
157.55.39.82 - - [14/Dec/2020:18:02:18 +0100] "GET /images/big_prod/8422013081012.jpg HTTP/1.0" 200 268 "-" "Mozilla/5.0 (compatible; bingbot/2.0; +http://www.bing.com/bingbot.htm)"
157.55.39.172 - - [14/Dec/2020:18:02:46 +0100] "GET /images/med_prod/BB130001023812948.jpg HTTP/1.0" 200 272 "-" "Mozilla/5.0 (compatible; bingbot/2.0; +http://www.bing.com/bingbot.htm)"
207.46.13.90 - - [14/Dec/2020:18:02:51 +0100] "GET /-p-18388.html HTTP/1.0" 200 69192 "-" "Mozilla/5.0 (compatible; bingbot/2.0; +http://www.bing.com/bingbot.htm)"
54.36.148.184 - - [14/Dec/2020:18:03:14 +0100] "GET /cat-bowl-french-kiss-paris-p-37292.html HTTP/1.0" 200 71828 "-" "Mozilla/5.0 (compatible; AhrefsBot/7.0; +http://ahrefs.com/robot/)"
17.58.101.145 - - [14/Dec/2020:18:03:28 +0100] "GET /hello-kitty-set-of-hair-ornements-p-13568.html HTTP/1.0" 200 72009 "-" "Mozilla/5.0 (Macintosh; Intel Mac OS X 10_15_5) AppleWebKit/605.1.15 (KHTML, like Gecko) Version/13.1.1 Safari/605.1.15 (Applebot/0.1; +http://www.apple.com/go/applebot)"
207.46.13.152 - - [14/Dec/2020:18:03:58 +0100] "GET /images/3384371051029.jpg HTTP/1.0" 200 259 "-" "Mozilla/5.0 (compatible; bingbot/2.0; +http://www.bing.com/bingbot.htm)"
13.66.139.26 - - [14/Dec/2020:18:05:29 +0100] "GET /-p-12993.html HTTP/1.0" 200 69192 "-" "Mozilla/5.0 (compatible; bingbot/2.0; +http://www.bing.com/bingbot.htm)"
13.66.139.26 - - [14/Dec/2020:18:05:39 +0100] "GET /-p-24225.html HTTP/1.0" 200 69192 "-" "Mozilla/5.0 (compatible; bingbot/2.0; +http://www.bing.com/bingbot.htm)"
157.55.39.217 - - [14/Dec/2020:18:05:49 +0100] "GET /images/big_prod/4895220300506.jpg HTTP/1.0" 200 268 "-" "Mozilla/5.0 (compatible; bingbot/2.0; +http://www.bing.com/bingbot.htm)"
114.119.129.36 - - [14/Dec/2020:18:06:11 +0100] "GET /corsica-poster-50-70-cm-p-42501.html HTTP/1.0" 200 71862 "-" "Mozilla/5.0 (Linux; Android 7.0;) AppleWebKit/537.36 (KHTML, like Gecko) Mobile Safari/537.36 (compatible; PetalBot;+https://aspiegel.com/petalbot)"
54.36.148.46 - - [14/Dec/2020:18:06:21 +0100] "GET /box-of-18-wall-stickers-vintage-21-30-cm-p-37770.html HTTP/1.0" 301 69259 "-" "Mozilla/5.0 (compatible; AhrefsBot/7.0; +http://ahrefs.com/robot/)"
40.127.242.153 - - [14/Dec/2020:18:06:46 +0100] "GET /images/8435306246487bis.jpg HTTP/1.0" 200 262 "-" "DuckDuckBot/1.1; (+http://duckduckgo.com/duckduckbot.html)"
54.36.148.38 - - [14/Dec/2020:18:06:51 +0100] "GET /dragon-ball-grey-hoody-p-31321.html HTTP/1.0" 301 69259 "-" "Mozilla/5.0 (compatible; AhrefsBot/7.0; +http://ahrefs.com/robot/)"
