13.66.139.65 - - [14/Dec/2020:20:09:57 +0100] "GET /raving-rabbids-storage-stool-p-28295.html HTTP/1.0" 200 72034 "-" "Mozilla/5.0 (compatible; bingbot/2.0; +http://www.bing.com/bingbot.htm)"
13.66.139.65 - - [14/Dec/2020:20:09:58 +0100] "GET /quote-wall-stickers-50-70-cm-p-53107.html HTTP/1.0" 200 72527 "-" "Mozilla/5.0 (compatible; bingbot/2.0; +http://www.bing.com/bingbot.htm)"
66.249.70.36 - - [14/Dec/2020:20:09:58 +0100] "GET /watches-c-3_66.html HTTP/1.0" 200 89984 "-" "Mozilla/5.0 (compatible; Googlebot/2.1; +http://www.google.com/bot.html)"
13.66.139.65 - - [14/Dec/2020:20:09:59 +0100] "GET /bear-plush-26-cm-p-25888.html HTTP/1.0" 200 71890 "-" "Mozilla/5.0 (compatible; bingbot/2.0; +http://www.bing.com/bingbot.htm)"
13.66.139.65 - - [14/Dec/2020:20:10:00 +0100] "GET /lot-of-pairs-of-socks-simpsons-size-39-42-p-48348.html HTTP/1.0" 301 69259 "-" "Mozilla/5.0 (compatible; bingbot/2.0; +http://www.bing.com/bingbot.htm)"
13.66.139.65 - - [14/Dec/2020:20:10:01 +0100] "GET /pusheen-surprise-plush-mystery-box-series-p-53399.html HTTP/1.0" 200 72392 "-" "Mozilla/5.0 (compatible; bingbot/2.0; +http://www.bing.com/bingbot.htm)"
13.66.139.65 - - [14/Dec/2020:20:10:02 +0100] "GET /little-miss-sunshine-pink-wallet-p-2682.html HTTP/1.0" 200 72145 "-" "Mozilla/5.0 (compatible; bingbot/2.0; +http://www.bing.com/bingbot.htm)"
13.66.139.65 - - [14/Dec/2020:20:10:03 +0100] "GET /little-buddha-notebook-155-112-cm-p-53284.html HTTP/1.0" 200 71999 "-" "Mozilla/5.0 (compatible; bingbot/2.0; +http://www.bing.com/bingbot.htm)"
13.66.139.65 - - [14/Dec/2020:20:10:04 +0100] "GET /powder-candle-250-grs-la-bougie-autrement-glitter-silver-p-53073.html HTTP/1.0" 200 72980 "-" "Mozilla/5.0 (compatible; bingbot/2.0; +http://www.bing.com/bingbot.htm)"
13.66.139.65 - - [14/Dec/2020:20:10:09 +0100] "GET /italian-scooter-mug-by-cbkreation-p-13412.html HTTP/1.0" 200 71910 "-" "Mozilla/5.0 (compatible; bingbot/2.0; +http://www.bing.com/bingbot.htm)"
13.66.139.65 - - [14/Dec/2020:20:10:10 +0100] "GET /ballerina-musical-jewelry-box-glow-in-the-dark-p-53237.html HTTP/1.0" 200 73449 "-" "Mozilla/5.0 (compatible; bingbot/2.0; +http://www.bing.com/bingbot.htm)"
13.66.139.65 - - [14/Dec/2020:20:10:11 +0100] "GET /powder-candle-250-grs-la-bougie-autrement-glitter-gold-p-53088.html HTTP/1.0" 200 73219 "-" "Mozilla/5.0 (compatible; bingbot/2.0; +http://www.bing.com/bingbot.htm)"
13.66.139.65 - - [14/Dec/2020:20:10:12 +0100] "GET /little-buddha-collection-statuette-p-53287.html HTTP/1.0" 200 71982 "-" "Mozilla/5.0 (compatible; bingbot/2.0; +http://www.bing.com/bingbot.htm)"
13.66.139.65 - - [14/Dec/2020:20:10:13 +0100] "GET /beauty-nail-kit-p-29232.html HTTP/1.0" 200 71884 "-" "Mozilla/5.0 (compatible; bingbot/2.0; +http://www.bing.com/bingbot.htm)"
13.66.139.65 - - [14/Dec/2020:20:10:14 +0100] "GET /barbapapa-my-little-radio-p-36790.html HTTP/1.0" 301 69259 "-" "Mozilla/5.0 (compatible; bingbot/2.0; +http://www.bing.com/bingbot.htm)"
13.66.139.65 - - [14/Dec/2020:20:10:14 +0100] "GET /isothermic-stainless-steel-bottle-p-53168.html HTTP/1.0" 200 71941 "-" "Mozilla/5.0 (compatible; bingbot/2.0; +http://www.bing.com/bingbot.htm)"
13.66.139.65 - - [14/Dec/2020:20:10:15 +0100] "GET /canadian-dollar-money-box-by-cbkreation-p-24137.html HTTP/1.0" 200 71993 "-" "Mozilla/5.0 (compatible; bingbot/2.0; +http://www.bing.com/bingbot.htm)"
13.66.139.65 - - [14/Dec/2020:20:10:16 +0100] "GET /industrial-clock-with-gears-p-52614.html HTTP/1.0" 200 72968 "-" "Mozilla/5.0 (compatible; bingbot/2.0; +http://www.bing.com/bingbot.htm)"
13.66.139.65 - - [14/Dec/2020:20:10:17 +0100] "GET /incense-nag-champa-super-hit-15-grams-or-about-15-sticks-p-35491.html HTTP/1.0" 301 69259 "-" "Mozilla/5.0 (compatible; bingbot/2.0; +http://www.bing.com/bingbot.htm)"
13.66.139.65 - - [14/Dec/2020:20:10:18 +0100] "GET /happy-colors-black-pencil-case-p-31233.html HTTP/1.0" 301 69259 "-" "Mozilla/5.0 (compatible; bingbot/2.0; +http://www.bing.com/bingbot.htm)"
13.66.139.65 - - [14/Dec/2020:20:10:19 +0100] "GET /gorjuss-cards-supplied-with-an-envelope-pom-pom-p-53415.html HTTP/1.0" 200 72146 "-" "Mozilla/5.0 (compatible; bingbot/2.0; +http://www.bing.com/bingbot.htm)"
13.66.139.65 - - [14/Dec/2020:20:10:20 +0100] "GET /beautiful-tassen-salad-bowl-made-in-germany-p-43296.html HTTP/1.0" 200 72116 "-" "Mozilla/5.0 (compatible; bingbot/2.0; +http://www.bing.com/bingbot.htm)"
13.66.139.65 - - [14/Dec/2020:20:10:20 +0100] "GET /bohemian-ethnic-lirette-carpet-p-50877.html HTTP/1.0" 200 72641 "-" "Mozilla/5.0 (compatible; bingbot/2.0; +http://www.bing.com/bingbot.htm)"
51.68.224.127 - - [14/Dec/2020:20:10:21 +0100] "GET /adminweb/export_orders_xml.php?token=256de2z6edz6ed2z6DFSFsed2zed6zeDSFDSGdzedezfzf&maxorders=10&orderstart=1&status=14&start_date=2018-10-01 HTTP/1.0" 200 285 "-" "GesCom CharlotteBoutik Serveur"
51.68.224.127 - - [14/Dec/2020:20:10:21 +0100] "GET /adminweb/export_orders_xml.php?token=256de2z6edz6ed2z6DFSFsed2zed6zeDSFDSGdzedezfzf&maxorders=10&orderstart=1&status=6&start_date=2018-10-01 HTTP/1.0" 200 30026 "-" "GesCom CharlotteBoutik Serveur"
13.66.139.65 - - [14/Dec/2020:20:10:21 +0100] "GET /foldable-wooden-bed-tray-p-52296.html HTTP/1.0" 200 72945 "-" "Mozilla/5.0 (compatible; bingbot/2.0; +http://www.bing.com/bingbot.htm)"
13.66.139.65 - - [14/Dec/2020:20:10:23 +0100] "GET /dragon-ball-crystal-ball-money-box-10-cm-p-40944.html HTTP/1.0" 200 72045 "-" "Mozilla/5.0 (compatible; bingbot/2.0; +http://www.bing.com/bingbot.htm)"
13.66.139.65 - - [14/Dec/2020:20:10:24 +0100] "GET /buddha-moon-statuette-27-cm-p-53040.html HTTP/1.0" 200 71918 "-" "Mozilla/5.0 (compatible; bingbot/2.0; +http://www.bing.com/bingbot.htm)"
13.66.139.65 - - [14/Dec/2020:20:10:25 +0100] "GET /-p-40305.html HTTP/1.0" 200 69192 "-" "Mozilla/5.0 (compatible; bingbot/2.0; +http://www.bing.com/bingbot.htm)"
13.66.139.65 - - [14/Dec/2020:20:10:26 +0100] "GET /-p-24832.html HTTP/1.0" 200 69192 "-" "Mozilla/5.0 (compatible; bingbot/2.0; +http://www.bing.com/bingbot.htm)"
13.66.139.65 - - [14/Dec/2020:20:10:27 +0100] "GET /-p-23106.html HTTP/1.0" 200 69192 "-" "Mozilla/5.0 (compatible; bingbot/2.0; +http://www.bing.com/bingbot.htm)"
13.66.139.65 - - [14/Dec/2020:20:10:28 +0100] "GET /white-skeleton-statuette-nothing-hear-p-46099.html HTTP/1.0" 200 71998 "-" "Mozilla/5.0 (compatible; bingbot/2.0; +http://www.bing.com/bingbot.htm)"
13.66.139.65 - - [14/Dec/2020:20:10:29 +0100] "GET /white-flower-ball-table-lamp-p-52976.html HTTP/1.0" 200 72578 "-" "Mozilla/5.0 (compatible; bingbot/2.0; +http://www.bing.com/bingbot.htm)"
13.66.139.65 - - [14/Dec/2020:20:10:30 +0100] "GET /white-cotton-kitchen-towel-45-70-cm-monaco-p-42544.html HTTP/1.0" 200 72022 "-" "Mozilla/5.0 (compatible; bingbot/2.0; +http://www.bing.com/bingbot.htm)"
13.66.139.65 - - [14/Dec/2020:20:10:31 +0100] "GET /water-bottles-and-flasks-c-12_161.html HTTP/1.0" 301 91083 "-" "Mozilla/5.0 (compatible; bingbot/2.0; +http://www.bing.com/bingbot.htm)"
13.66.139.65 - - [14/Dec/2020:20:10:31 +0100] "GET /wall-decoration-flamingo-p-45741.html HTTP/1.0" 200 71952 "-" "Mozilla/5.0 (compatible; bingbot/2.0; +http://www.bing.com/bingbot.htm)"
13.66.139.65 - - [14/Dec/2020:20:10:32 +0100] "GET /unicorne-moneybox-p-52995.html HTTP/1.0" 200 69250 "-" "Mozilla/5.0 (compatible; bingbot/2.0; +http://www.bing.com/bingbot.htm)"
13.66.139.26 - - [14/Dec/2020:20:10:36 +0100] "GET /mani-the-lucky-cat-pink-notebook-p-37344.html HTTP/1.0" 200 72062 "-" "Mozilla/5.0 (compatible; bingbot/2.0; +http://www.bing.com/bingbot.htm)"
13.66.139.26 - - [14/Dec/2020:20:10:37 +0100] "GET /man-resin-statue-24-cm-p-53404.html HTTP/1.0" 200 72524 "-" "Mozilla/5.0 (compatible; bingbot/2.0; +http://www.bing.com/bingbot.htm)"
13.66.139.26 - - [14/Dec/2020:20:10:38 +0100] "GET /pucca-tee-shirt-p-30920.html HTTP/1.0" 301 69259 "-" "Mozilla/5.0 (compatible; bingbot/2.0; +http://www.bing.com/bingbot.htm)"
13.66.139.26 - - [14/Dec/2020:20:10:39 +0100] "GET /anatomical-study-figurine-by-jean-antoine-houdon-p-53194.html HTTP/1.0" 200 73236 "-" "Mozilla/5.0 (compatible; bingbot/2.0; +http://www.bing.com/bingbot.htm)"
13.66.139.26 - - [14/Dec/2020:20:10:40 +0100] "GET /cat-cast-iron-trivet-p-53374.html HTTP/1.0" 200 71802 "-" "Mozilla/5.0 (compatible; bingbot/2.0; +http://www.bing.com/bingbot.htm)"
13.66.139.26 - - [14/Dec/2020:20:10:41 +0100] "GET /betty-boop-metal-ashtray-heartbreaker-p-36135.html HTTP/1.0" 200 71981 "-" "Mozilla/5.0 (compatible; bingbot/2.0; +http://www.bing.com/bingbot.htm)"
13.66.139.26 - - [14/Dec/2020:20:10:41 +0100] "GET /lion-white-women-tee-shirt-p-31149.html HTTP/1.0" 200 73830 "-" "Mozilla/5.0 (compatible; bingbot/2.0; +http://www.bing.com/bingbot.htm)"
13.66.139.26 - - [14/Dec/2020:20:10:42 +0100] "GET /leather-wallet-as-of-spades-p-47351.html HTTP/1.0" 200 72888 "-" "Mozilla/5.0 (compatible; bingbot/2.0; +http://www.bing.com/bingbot.htm)"
13.66.139.26 - - [14/Dec/2020:20:10:43 +0100] "GET /large-pendulum-to-hang-chef-le-normand-p-53210.html HTTP/1.0" 200 72082 "-" "Mozilla/5.0 (compatible; bingbot/2.0; +http://www.bing.com/bingbot.htm)"
13.66.139.26 - - [14/Dec/2020:20:10:44 +0100] "GET /kitchen-towel-holder-hooks-p-52709.html HTTP/1.0" 200 72479 "-" "Mozilla/5.0 (compatible; bingbot/2.0; +http://www.bing.com/bingbot.htm)"
13.66.139.26 - - [14/Dec/2020:20:10:45 +0100] "GET /book-lamp-in-real-wood-led-colors-size-p-52971.html HTTP/1.0" 200 73305 "-" "Mozilla/5.0 (compatible; bingbot/2.0; +http://www.bing.com/bingbot.htm)"
66.249.70.62 - - [14/Dec/2020:20:10:44 +0100] "GET /gift-box-watch-vespa-red-women-and-keychain-p-18599.html HTTP/1.0" 200 72224 "-" "Mozilla/5.0 (Linux; Android 6.0.1; Nexus 5X Build/MMB29P) AppleWebKit/537.36 (KHTML, like Gecko) Chrome/87.0.4280.90 Mobile Safari/537.36 (compatible; Googlebot/2.1; +http://www.google.com/bot.html)"
13.66.139.26 - - [14/Dec/2020:20:10:46 +0100] "GET /incense-satya-nag-champa-white-sage15-grams-or-about-15-sticks-p-47151.html HTTP/1.0" 301 69259 "-" "Mozilla/5.0 (compatible; bingbot/2.0; +http://www.bing.com/bingbot.htm)"
13.66.139.26 - - [14/Dec/2020:20:10:47 +0100] "GET /heart-and-home-votive-holder-p-53431.html HTTP/1.0" 200 71919 "-" "Mozilla/5.0 (compatible; bingbot/2.0; +http://www.bing.com/bingbot.htm)"
13.66.139.26 - - [14/Dec/2020:20:10:48 +0100] "GET /headrest-cushion-verone-45-70-cm-p-40323.html HTTP/1.0" 301 69259 "-" "Mozilla/5.0 (compatible; bingbot/2.0; +http://www.bing.com/bingbot.htm)"
13.66.139.26 - - [14/Dec/2020:20:10:49 +0100] "GET /burlap-round-table-set-p-53082.html HTTP/1.0" 200 71785 "-" "Mozilla/5.0 (compatible; bingbot/2.0; +http://www.bing.com/bingbot.htm)"
13.66.139.26 - - [14/Dec/2020:20:10:49 +0100] "GET /headrest-cushion-chinon-45-70-cm-p-40324.html HTTP/1.0" 301 69259 "-" "Mozilla/5.0 (compatible; bingbot/2.0; +http://www.bing.com/bingbot.htm)"
13.66.139.26 - - [14/Dec/2020:20:10:50 +0100] "GET /green-notes-manga-model-p-39452.html HTTP/1.0" 200 72572 "-" "Mozilla/5.0 (compatible; bingbot/2.0; +http://www.bing.com/bingbot.htm)"
13.66.139.26 - - [14/Dec/2020:20:10:51 +0100] "GET /book-lamp-in-real-wood-led-colors-size-p-52969.html HTTP/1.0" 200 73310 "-" "Mozilla/5.0 (compatible; bingbot/2.0; +http://www.bing.com/bingbot.htm)"
13.66.139.26 - - [14/Dec/2020:20:10:52 +0100] "GET /glitters-pink-p-53395.html HTTP/1.0" 200 71792 "-" "Mozilla/5.0 (compatible; bingbot/2.0; +http://www.bing.com/bingbot.htm)"
13.66.139.26 - - [14/Dec/2020:20:10:53 +0100] "GET /double-walled-porcelain-mug-with-infuser-p-52994.html HTTP/1.0" 200 71996 "-" "Mozilla/5.0 (compatible; bingbot/2.0; +http://www.bing.com/bingbot.htm)"
13.66.139.26 - - [14/Dec/2020:20:10:54 +0100] "GET /-p-40301.html HTTP/1.0" 200 69192 "-" "Mozilla/5.0 (compatible; bingbot/2.0; +http://www.bing.com/bingbot.htm)"
13.66.139.26 - - [14/Dec/2020:20:10:55 +0100] "GET /-p-39652.html HTTP/1.0" 200 69192 "-" "Mozilla/5.0 (compatible; bingbot/2.0; +http://www.bing.com/bingbot.htm)"
13.66.139.26 - - [14/Dec/2020:20:10:56 +0100] "GET /-p-25294.html HTTP/1.0" 200 69192 "-" "Mozilla/5.0 (compatible; bingbot/2.0; +http://www.bing.com/bingbot.htm)"
13.66.139.26 - - [14/Dec/2020:20:10:56 +0100] "GET /-p-2452.html HTTP/1.0" 200 69190 "-" "Mozilla/5.0 (compatible; bingbot/2.0; +http://www.bing.com/bingbot.htm)"
13.66.139.26 - - [14/Dec/2020:20:10:57 +0100] "GET /support-metal-bottle-the-old-car-p-34483.html HTTP/1.0" 200 71959 "-" "Mozilla/5.0 (compatible; bingbot/2.0; +http://www.bing.com/bingbot.htm)"
13.66.139.26 - - [14/Dec/2020:20:10:58 +0100] "GET /white-star-table-or-hanging-lamp-p-52983.html HTTP/1.0" 200 72883 "-" "Mozilla/5.0 (compatible; bingbot/2.0; +http://www.bing.com/bingbot.htm)"
13.66.139.26 - - [14/Dec/2020:20:10:59 +0100] "GET /washed-linen-duvet-cover-240-260-cm-natural-p-48153.html HTTP/1.0" 301 69259 "-" "Mozilla/5.0 (compatible; bingbot/2.0; +http://www.bing.com/bingbot.htm)"
13.66.139.26 - - [14/Dec/2020:20:11:00 +0100] "GET /unicorne-moneybox-p-52992.html HTTP/1.0" 200 71777 "-" "Mozilla/5.0 (compatible; bingbot/2.0; +http://www.bing.com/bingbot.htm)"
207.46.13.175 - - [14/Dec/2020:20:11:04 +0100] "GET /images/3684225058342.jpg HTTP/1.0" 200 259 "-" "Mozilla/5.0 (compatible; bingbot/2.0; +http://www.bing.com/bingbot.htm)"
207.46.13.90 - - [14/Dec/2020:20:11:10 +0100] "GET /images/big_prod/4029811400898.jpg HTTP/1.0" 200 268 "-" "Mozilla/5.0 (compatible; bingbot/2.0; +http://www.bing.com/bingbot.htm)"
54.36.148.83 - - [14/Dec/2020:20:11:49 +0100] "GET /van-gogh-coffee-duo-set-p-48226.html HTTP/1.0" 200 72549 "-" "Mozilla/5.0 (compatible; AhrefsBot/7.0; +http://ahrefs.com/robot/)"
207.46.13.90 - - [14/Dec/2020:20:12:00 +0100] "GET /salt-lamp-p-40319.html HTTP/1.0" 200 69255 "-" "Mozilla/5.0 (compatible; bingbot/2.0; +http://www.bing.com/bingbot.htm)"
114.119.154.200 - - [14/Dec/2020:20:12:27 +0100] "GET /dry-dog-food-box-p-48325.html HTTP/1.0" 200 69263 "-" "Mozilla/5.0 (Linux; Android 7.0;) AppleWebKit/537.36 (KHTML, like Gecko) Mobile Safari/537.36 (compatible; PetalBot;+https://aspiegel.com/petalbot)"
66.249.70.33 - - [14/Dec/2020:20:12:29 +0100] "GET /kids-school-bag-c-31_80.html HTTP/1.0" 200 89759 "-" "Mozilla/5.0 (Linux; Android 6.0.1; Nexus 5X Build/MMB29P) AppleWebKit/537.36 (KHTML, like Gecko) Chrome/87.0.4280.90 Mobile Safari/537.36 (compatible; Googlebot/2.1; +http://www.google.com/bot.html)"
13.66.139.65 - - [14/Dec/2020:20:12:46 +0100] "GET /-p-13804.html HTTP/1.0" 200 69192 "-" "Mozilla/5.0 (compatible; bingbot/2.0; +http://www.bing.com/bingbot.htm)"
207.46.13.175 - - [14/Dec/2020:20:15:34 +0100] "GET /images/3438100333747.jpg HTTP/1.0" 200 259 "-" "Mozilla/5.0 (compatible; bingbot/2.0; +http://www.bing.com/bingbot.htm)"
54.36.149.5 - - [14/Dec/2020:20:15:47 +0100] "GET /dog-bowl-brice-de-niche-p-47781.html HTTP/1.0" 200 71782 "-" "Mozilla/5.0 (compatible; AhrefsBot/7.0; +http://ahrefs.com/robot/)"
54.36.148.51 - - [14/Dec/2020:20:15:52 +0100] "GET /frozen-quilt-cover-p-30570.html HTTP/1.0" 301 69259 "-" "Mozilla/5.0 (compatible; AhrefsBot/7.0; +http://ahrefs.com/robot/)"
13.66.139.65 - - [14/Dec/2020:20:16:08 +0100] "GET /glasses-case-c-31_164.html?page=4 HTTP/1.0" 200 86556 "-" "Mozilla/5.0 (compatible; bingbot/2.0; +http://www.bing.com/bingbot.htm)"
216.244.66.242 - - [14/Dec/2020:20:16:12 +0100] "GET /games-and-toys-c-4.html?page=15 HTTP/1.0" 200 90930 "-" "Mozilla/5.0 (compatible; DotBot/1.1; http://www.opensiteexplorer.org/dotbot, help@moz.com)"
114.119.130.202 - - [14/Dec/2020:20:16:52 +0100] "GET /images/big_prod/3503420187117.jpg HTTP/1.0" 200 268 "-" "Mozilla/5.0 (Linux; Android 7.0;) AppleWebKit/537.36 (KHTML, like Gecko) Mobile Safari/537.36 (compatible; PetalBot;+https://aspiegel.com/petalbot)"
13.66.139.26 - - [14/Dec/2020:20:17:01 +0100] "GET /soft-toys-security-blanket-c-4_46.html?page=7 HTTP/1.0" 200 92069 "-" "Mozilla/5.0 (compatible; bingbot/2.0; +http://www.bing.com/bingbot.htm)"
157.55.39.217 - - [14/Dec/2020:20:17:23 +0100] "GET /pastis-metal-plate-30-15-cm-p-47639.html HTTP/1.0" 200 71865 "-" "Mozilla/5.0 (compatible; bingbot/2.0; +http://www.bing.com/bingbot.htm)"
216.244.66.242 - - [14/Dec/2020:20:17:46 +0100] "GET /mugs-and-mazagrans-c-12_57.html?page=12 HTTP/1.0" 200 97095 "-" "Mozilla/5.0 (compatible; DotBot/1.1; http://www.opensiteexplorer.org/dotbot, help@moz.com)"
157.55.39.82 - - [14/Dec/2020:20:17:52 +0100] "GET /images/6942138999105.jpg HTTP/1.0" 200 259 "-" "Mozilla/5.0 (compatible; bingbot/2.0; +http://www.bing.com/bingbot.htm)"
134.249.205.9 - - [14/Dec/2020:20:18:23 +0100] "GET /images/big_prod/1328399210299B.jpg HTTP/1.0" 200 269 "-" "Mozilla/5.0 (Windows NT 6.1; WOW64) AppleWebKit/537.36 (KHTML, like Gecko) Chrome/86.0.4240.198 YaBrowser/20.11.3.179 Yowser/2.5 Safari/537.36"
54.36.148.66 - - [14/Dec/2020:20:19:37 +0100] "GET /duvet-cover-57-thread-cotton-140-200-cm-pink-p-46744.html HTTP/1.0" 200 72821 "-" "Mozilla/5.0 (compatible; AhrefsBot/7.0; +http://ahrefs.com/robot/)"
216.244.66.242 - - [14/Dec/2020:20:19:42 +0100] "GET /jamaican-clock-by-cbkreation-p-24418.html HTTP/1.0" 200 71832 "-" "Mozilla/5.0 (compatible; DotBot/1.1; http://www.opensiteexplorer.org/dotbot, help@moz.com)"
114.119.147.45 - - [14/Dec/2020:20:21:19 +0100] "GET /unicorn-plush-pink-and-white-11-cm-p-47653.html HTTP/1.0" 200 71951 "-" "Mozilla/5.0 (Linux; Android 7.0;) AppleWebKit/537.36 (KHTML, like Gecko) Mobile Safari/537.36 (compatible; PetalBot;+https://aspiegel.com/petalbot)"
13.66.139.65 - - [14/Dec/2020:20:21:51 +0100] "GET /clocks-c-13_67.html?page=3 HTTP/1.0" 200 92125 "-" "Mozilla/5.0 (compatible; bingbot/2.0; +http://www.bing.com/bingbot.htm)"
207.46.13.90 - - [14/Dec/2020:20:22:33 +0100] "GET /cushions-c-11_71.html?page=4 HTTP/1.0" 200 91907 "-" "Mozilla/5.0 (compatible; bingbot/2.0; +http://www.bing.com/bingbot.htm)"
157.55.39.172 - - [14/Dec/2020:20:22:43 +0100] "GET /images/med_prod/1384010178799.jpg HTTP/1.0" 200 268 "-" "Mozilla/5.0 (compatible; bingbot/2.0; +http://www.bing.com/bingbot.htm)"
13.66.139.26 - - [14/Dec/2020:20:23:02 +0100] "GET /accessories-mobiles-c-3_17.html?page=2 HTTP/1.0" 200 94493 "-" "Mozilla/5.0 (compatible; bingbot/2.0; +http://www.bing.com/bingbot.htm)"
54.36.149.94 - - [14/Dec/2020:20:23:21 +0100] "GET /dog-bowl-french-kiss-paris-p-37291.html HTTP/1.0" 200 71844 "-" "Mozilla/5.0 (compatible; AhrefsBot/7.0; +http://ahrefs.com/robot/)"
157.55.39.82 - - [14/Dec/2020:20:23:32 +0100] "GET /images/med_prod/9316188060615.jpg HTTP/1.0" 200 268 "-" "Mozilla/5.0 (compatible; bingbot/2.0; +http://www.bing.com/bingbot.htm)"
40.77.167.36 - - [14/Dec/2020:20:23:55 +0100] "GET /barbabright-giant-cup-p-4122.html HTTP/1.0" 200 71847 "-" "Mozilla/5.0 (compatible; bingbot/2.0; +http://www.bing.com/bingbot.htm)"
157.55.39.172 - - [14/Dec/2020:20:24:42 +0100] "GET /images/big_prod_1/8412497557080b.jpg HTTP/1.0" 200 271 "-" "Mozilla/5.0 (compatible; bingbot/2.0; +http://www.bing.com/bingbot.htm)"
40.77.167.36 - - [14/Dec/2020:20:25:04 +0100] "GET /images/big_prod/1399984247242.jpg HTTP/1.0" 200 268 "-" "Mozilla/5.0 (compatible; bingbot/2.0; +http://www.bing.com/bingbot.htm)"
114.119.129.36 - - [14/Dec/2020:20:25:35 +0100] "GET /set-of-circle-coasters-starry-russian-doll-by-cbkreation-p-18471.html HTTP/1.0" 200 72199 "-" "Mozilla/5.0 (Linux; Android 7.0;) AppleWebKit/537.36 (KHTML, like Gecko) Mobile Safari/537.36 (compatible; PetalBot;+https://aspiegel.com/petalbot)"
51.68.224.127 - - [14/Dec/2020:20:26:15 +0100] "GET /adminweb/export_orders_xml.php?token=256de2z6edz6ed2z6DFSFsed2zed6zeDSFDSGdzedezfzf&maxorders=10&orderstart=1&status=14&start_date=2018-10-01 HTTP/1.0" 200 285 "-" "GesCom CharlotteBoutik Serveur"
17.58.101.146 - - [14/Dec/2020:20:26:16 +0100] "GET /images/mini_prod/3560600301800.jpg HTTP/1.0" 200 269 "-" "Mozilla/5.0 (Macintosh; Intel Mac OS X 10_15_5) AppleWebKit/605.1.15 (KHTML, like Gecko) Version/13.1.1 Safari/605.1.15 (Applebot/0.1; +http://www.apple.com/go/applebot)"
51.68.224.127 - - [14/Dec/2020:20:26:16 +0100] "GET /adminweb/export_orders_xml.php?token=256de2z6edz6ed2z6DFSFsed2zed6zeDSFDSGdzedezfzf&maxorders=10&orderstart=1&status=6&start_date=2018-10-01 HTTP/1.0" 200 30026 "-" "GesCom CharlotteBoutik Serveur"
157.55.39.82 - - [14/Dec/2020:20:26:35 +0100] "GET /-p-23714.html HTTP/1.0" 200 69192 "-" "Mozilla/5.0 (compatible; bingbot/2.0; +http://www.bing.com/bingbot.htm)"
40.77.167.36 - - [14/Dec/2020:20:26:39 +0100] "GET /luggages-schoolbags-leather-shop/backpacks/minnie-mouse-backpack-p-22691.html HTTP/1.0" 301 69354 "-" "Mozilla/5.0 (compatible; bingbot/2.0; +http://www.bing.com/bingbot.htm)"
207.46.13.175 - - [14/Dec/2020:20:26:44 +0100] "GET /maisy-melamine-spoon-p-18276.html HTTP/1.0" 200 69283 "-" "Mozilla/5.0 (compatible; bingbot/2.0; +http://www.bing.com/bingbot.htm)"
178.159.37.139 - - [14/Dec/2020:20:26:52 +0100] "GET /snowman-solar-powered-dancing-p-34143.html]Test HTTP/1.0" 301 609 "http://wonder-geek.com/snowman-solar-powered-dancing-p-34143.html]Test" "Mozilla/5.0 (Windows NT 10.0; WOW64) AppleWebKit/537.36 (KHTML, like Gecko) Chrome/83.0.4103.61 Safari/537.36"
178.159.37.139 - - [14/Dec/2020:20:26:52 +0100] "GET /snowman-solar-powered-dancing-p-34143.html%5dTest HTTP/1.0" 404 1308 "http://www.wonder-geek.com/snowman-solar-powered-dancing-p-34143.html%5dTest" "Mozilla/5.0 (Windows NT 10.0; WOW64) AppleWebKit/537.36 (KHTML, like Gecko) Chrome/83.0.4103.61 Safari/537.36"
178.159.37.139 - - [14/Dec/2020:20:26:52 +0100] "GET / HTTP/1.0" 301 511 "http://wonder-geek.com/" "Mozilla/5.0 (Windows NT 10.0; WOW64) AppleWebKit/537.36 (KHTML, like Gecko) Chrome/83.0.4103.61 Safari/537.36"
178.159.37.139 - - [14/Dec/2020:20:26:52 +0100] "GET / HTTP/1.0" 200 149710 "http://www.wonder-geek.com/" "Mozilla/5.0 (Windows NT 10.0; WOW64) AppleWebKit/537.36 (KHTML, like Gecko) Chrome/83.0.4103.61 Safari/537.36"
178.159.37.139 - - [14/Dec/2020:20:26:53 +0100] "GET /create_account.php HTTP/1.0" 200 33633 "http://www.wonder-geek.com/create_account.php" "Mozilla/5.0 (Windows NT 10.0; WOW64) AppleWebKit/537.36 (KHTML, like Gecko) Chrome/83.0.4103.61 Safari/537.36"
178.159.37.139 - - [14/Dec/2020:20:26:53 +0100] "POST /create_account.php HTTP/1.0" 200 34307 "http://www.wonder-geek.com/create_account.php" "Mozilla/5.0 (Windows NT 10.0; WOW64) AppleWebKit/537.36 (KHTML, like Gecko) Chrome/83.0.4103.61 Safari/537.36"
178.159.37.139 - - [14/Dec/2020:20:26:54 +0100] "GET / HTTP/1.0" 200 149803 "http://www.wonder-geek.com/" "Mozilla/5.0 (Windows NT 10.0; WOW64) AppleWebKit/537.36 (KHTML, like Gecko) Chrome/83.0.4103.61 Safari/537.36"
54.36.148.83 - - [14/Dec/2020:20:26:56 +0100] "GET /escale-aux-delices-butter-dish-p-42691.html HTTP/1.0" 200 71943 "-" "Mozilla/5.0 (compatible; AhrefsBot/7.0; +http://ahrefs.com/robot/)"
157.55.39.82 - - [14/Dec/2020:20:27:03 +0100] "GET /images/3438100337110.jpg HTTP/1.0" 200 259 "-" "Mozilla/5.0 (compatible; bingbot/2.0; +http://www.bing.com/bingbot.htm)"
13.66.139.65 - - [14/Dec/2020:20:27:07 +0100] "GET /-p-33673.html HTTP/1.0" 200 69192 "-" "Mozilla/5.0 (compatible; bingbot/2.0; +http://www.bing.com/bingbot.htm)"
157.55.39.217 - - [14/Dec/2020:20:27:15 +0100] "GET /images/med_prod/3453131120319.jpg HTTP/1.0" 200 268 "-" "Mozilla/5.0 (compatible; bingbot/2.0; +http://www.bing.com/bingbot.htm)"
207.46.13.49 - - [14/Dec/2020:20:27:21 +0100] "GET /images/mini_prod/8435306228865.jpg HTTP/1.0" 200 269 "-" "Mozilla/5.0 (compatible; bingbot/2.0; +http://www.bing.com/bingbot.htm)"
13.66.139.26 - - [14/Dec/2020:20:27:52 +0100] "GET /stationery-and-cardmaking-c-129.html?page=11 HTTP/1.0" 200 92023 "-" "Mozilla/5.0 (compatible; bingbot/2.0; +http://www.bing.com/bingbot.htm)"
207.46.13.49 - - [14/Dec/2020:20:28:11 +0100] "GET /eccentric-cat-mug-p-49403.html HTTP/1.0" 200 71776 "-" "Mozilla/5.0 (compatible; bingbot/2.0; +http://www.bing.com/bingbot.htm)"
13.66.139.65 - - [14/Dec/2020:20:28:56 +0100] "GET /-p-28877.html HTTP/1.0" 200 69192 "-" "Mozilla/5.0 (compatible; bingbot/2.0; +http://www.bing.com/bingbot.htm)"
157.55.39.217 - - [14/Dec/2020:20:29:27 +0100] "GET /images/8028501921039.jpg HTTP/1.0" 200 259 "-" "Mozilla/5.0 (compatible; bingbot/2.0; +http://www.bing.com/bingbot.htm)"
157.55.39.82 - - [14/Dec/2020:20:29:53 +0100] "GET /images/med_prod/3660173126975.jpg HTTP/1.0" 200 268 "-" "Mozilla/5.0 (compatible; bingbot/2.0; +http://www.bing.com/bingbot.htm)"
114.119.150.15 - - [14/Dec/2020:20:29:53 +0100] "GET /chat-noir-vinyl-bag-p-25806.html HTTP/1.0" 301 69259 "-" "Mozilla/5.0 (Linux; Android 7.0;) AppleWebKit/537.36 (KHTML, like Gecko) Mobile Safari/537.36 (compatible; PetalBot;+https://aspiegel.com/petalbot)"
114.119.150.15 - - [14/Dec/2020:20:29:54 +0100] "GET /-p-25806.html HTTP/1.0" 200 69192 "-" "Mozilla/5.0 (Linux; Android 7.0;) AppleWebKit/537.36 (KHTML, like Gecko) Mobile Safari/537.36 (compatible; PetalBot;+https://aspiegel.com/petalbot)"
207.46.13.175 - - [14/Dec/2020:20:29:57 +0100] "GET /nemo-dory-figure-p-2912.html HTTP/1.0" 200 71906 "-" "Mozilla/5.0 (compatible; bingbot/2.0; +http://www.bing.com/bingbot.htm)"
54.36.148.83 - - [14/Dec/2020:20:30:47 +0100] "GET /mat-for-bowls-brice-de-niche-p-46831.html HTTP/1.0" 200 71718 "-" "Mozilla/5.0 (compatible; AhrefsBot/7.0; +http://ahrefs.com/robot/)"
66.249.70.62 - - [14/Dec/2020:20:30:54 +0100] "GET /porcelain-mood-espresso-cup-tassen-made-in-germany-p-46339.html HTTP/1.0" 200 73813 "-" "Mozilla/5.0 (Linux; Android 6.0.1; Nexus 5X Build/MMB29P) AppleWebKit/537.36 (KHTML, like Gecko) Chrome/87.0.4280.90 Mobile Safari/537.36 (compatible; Googlebot/2.1; +http://www.google.com/bot.html)"
5.255.231.71 - - [14/Dec/2020:20:31:37 +0100] "GET /ben-10-small-oval-placemat-p-17138.html HTTP/1.0" 200 72219 "-" "Mozilla/5.0 (compatible; YandexBot/3.0; +http://yandex.com/bots)"
157.55.39.217 - - [14/Dec/2020:20:32:35 +0100] "GET /images/3438100282335.jpg HTTP/1.0" 200 259 "-" "Mozilla/5.0 (compatible; bingbot/2.0; +http://www.bing.com/bingbot.htm)"
13.66.139.26 - - [14/Dec/2020:20:32:43 +0100] "GET /-p-24469.html HTTP/1.0" 200 69192 "-" "Mozilla/5.0 (compatible; bingbot/2.0; +http://www.bing.com/bingbot.htm)"
144.76.38.40 - - [14/Dec/2020:20:33:00 +0100] "GET /robots.txt HTTP/1.0" 200 245 "-" "Mozilla/5.0 (compatible; MJ12bot/v1.4.8; http://mj12bot.com/)"
144.76.38.40 - - [14/Dec/2020:20:33:02 +0100] "GET /la-fringale-burlap-placemat-p-53499.html HTTP/1.0" 200 72439 "-" "Mozilla/5.0 (compatible; MJ12bot/v1.4.8; http://mj12bot.com/)"
144.76.38.40 - - [14/Dec/2020:20:33:04 +0100] "GET /la-recette-du-bonheur-burlap-placemat-p-53500.html HTTP/1.0" 200 72539 "-" "Mozilla/5.0 (compatible; MJ12bot/v1.4.8; http://mj12bot.com/)"
144.76.38.40 - - [14/Dec/2020:20:33:05 +0100] "GET /small-blue-lampshade-p-53497.html HTTP/1.0" 200 71841 "-" "Mozilla/5.0 (compatible; MJ12bot/v1.4.8; http://mj12bot.com/)"
157.55.39.82 - - [14/Dec/2020:20:33:24 +0100] "GET /images/big_prod/3565750040326.jpg HTTP/1.0" 200 268 "-" "Mozilla/5.0 (compatible; bingbot/2.0; +http://www.bing.com/bingbot.htm)"
17.58.101.146 - - [14/Dec/2020:20:33:50 +0100] "GET /marilyn-monroe-strass-top-p-30153.html HTTP/1.0" 200 73033 "-" "Mozilla/5.0 (Macintosh; Intel Mac OS X 10_15_5) AppleWebKit/605.1.15 (KHTML, like Gecko) Version/13.1.1 Safari/605.1.15 (Applebot/0.1; +http://www.apple.com/go/applebot)"
54.36.148.97 - - [14/Dec/2020:20:34:08 +0100] "GET /mug-usa-by-cbk-p-22070.html HTTP/1.0" 301 71873 "-" "Mozilla/5.0 (compatible; AhrefsBot/7.0; +http://ahrefs.com/robot/)"
13.66.139.65 - - [14/Dec/2020:20:34:09 +0100] "GET /avengers-large-backpack-with-wheels-p-30769.html HTTP/1.0" 200 69322 "-" "Mozilla/5.0 (compatible; bingbot/2.0; +http://www.bing.com/bingbot.htm)"
13.66.139.65 - - [14/Dec/2020:20:34:10 +0100] "GET /boxes-and-storage-box-c-13_150.html HTTP/1.0" 200 94194 "-" "Mozilla/5.0 (compatible; bingbot/2.0; +http://www.bing.com/bingbot.htm)"
114.119.150.15 - - [14/Dec/2020:20:34:23 +0100] "GET /union-jack-flag-90-150-cm-p-29110.html HTTP/1.0" 200 71925 "-" "Mozilla/5.0 (Linux; Android 7.0;) AppleWebKit/537.36 (KHTML, like Gecko) Mobile Safari/537.36 (compatible; PetalBot;+https://aspiegel.com/petalbot)"
54.36.148.83 - - [14/Dec/2020:20:34:38 +0100] "GET /cat-newspaper-porcelain-bowl-p-31535.html HTTP/1.0" 200 71918 "-" "Mozilla/5.0 (compatible; AhrefsBot/7.0; +http://ahrefs.com/robot/)"
40.77.167.36 - - [14/Dec/2020:20:34:46 +0100] "GET /images/big_prod/8719075395295.jpg HTTP/1.0" 200 268 "-" "Mozilla/5.0 (compatible; bingbot/2.0; +http://www.bing.com/bingbot.htm)"
13.66.139.26 - - [14/Dec/2020:20:35:03 +0100] "GET /placemats-c-12_156.html?page=6 HTTP/1.0" 200 91265 "-" "Mozilla/5.0 (compatible; bingbot/2.0; +http://www.bing.com/bingbot.htm)"
66.249.70.62 - - [14/Dec/2020:20:35:21 +0100] "GET /images/big_prod/8435306287473.jpg HTTP/1.0" 200 268 "-" "Googlebot-Image/1.0"
207.46.13.49 - - [14/Dec/2020:20:36:24 +0100] "GET /images/1341689196004.jpg HTTP/1.0" 200 259 "-" "Mozilla/5.0 (compatible; bingbot/2.0; +http://www.bing.com/bingbot.htm)"
54.36.148.244 - - [14/Dec/2020:20:38:20 +0100] "GET /duvet-cover-57-thread-cotton-140-200-cm-white-p-46743.html HTTP/1.0" 200 72831 "-" "Mozilla/5.0 (compatible; AhrefsBot/7.0; +http://ahrefs.com/robot/)"
207.46.13.49 - - [14/Dec/2020:20:38:27 +0100] "GET /zippo-candle-utility-lighter-p-43700.html HTTP/1.0" 200 71948 "-" "Mozilla/5.0 (compatible; bingbot/2.0; +http://www.bing.com/bingbot.htm)"
114.119.144.233 - - [14/Dec/2020:20:38:41 +0100] "GET /happy-cat-metal-tray-25-36-cm-p-45783.html HTTP/1.0" 200 72016 "-" "Mozilla/5.0 (Linux; Android 7.0;) AppleWebKit/537.36 (KHTML, like Gecko) Mobile Safari/537.36 (compatible; PetalBot;+https://aspiegel.com/petalbot)"
40.77.167.36 - - [14/Dec/2020:20:38:48 +0100] "GET /jake-and-the-never-land-pirates-toddler-flatware-set-p-27545.html HTTP/1.0" 200 72097 "-" "Mozilla/5.0 (compatible; bingbot/2.0; +http://www.bing.com/bingbot.htm)"
157.55.39.82 - - [14/Dec/2020:20:39:35 +0100] "GET /images/med_prod/1384010179635.jpg HTTP/1.0" 200 268 "-" "Mozilla/5.0 (compatible; bingbot/2.0; +http://www.bing.com/bingbot.htm)"
13.66.139.65 - - [14/Dec/2020:20:40:04 +0100] "GET /-p-11175.html HTTP/1.0" 200 69192 "-" "Mozilla/5.0 (compatible; bingbot/2.0; +http://www.bing.com/bingbot.htm)"
13.66.139.65 - - [14/Dec/2020:20:40:23 +0100] "GET /little-blue-purse-le-petit-prince-p-47475.html HTTP/1.0" 200 71965 "-" "Mozilla/5.0 (compatible; bingbot/2.0; +http://www.bing.com/bingbot.htm)"
13.66.139.65 - - [14/Dec/2020:20:40:44 +0100] "GET /-p-33959.html HTTP/1.0" 200 69192 "-" "Mozilla/5.0 (compatible; bingbot/2.0; +http://www.bing.com/bingbot.htm)"
157.55.39.172 - - [14/Dec/2020:20:41:05 +0100] "GET /images/1020322269670.jpg HTTP/1.0" 200 259 "-" "Mozilla/5.0 (compatible; bingbot/2.0; +http://www.bing.com/bingbot.htm)"
54.36.148.83 - - [14/Dec/2020:20:42:02 +0100] "GET /mat-for-bowls-chat-guevara-p-46497.html HTTP/1.0" 200 71746 "-" "Mozilla/5.0 (compatible; AhrefsBot/7.0; +http://ahrefs.com/robot/)"
54.36.149.102 - - [14/Dec/2020:20:42:07 +0100] "GET /teo-jasmin-star-dust-purse-p-32966.html HTTP/1.0" 301 69259 "-" "Mozilla/5.0 (compatible; AhrefsBot/7.0; +http://ahrefs.com/robot/)"
51.68.224.127 - - [14/Dec/2020:20:42:11 +0100] "GET /adminweb/export_orders_xml.php?token=256de2z6edz6ed2z6DFSFsed2zed6zeDSFDSGdzedezfzf&maxorders=10&orderstart=1&status=14&start_date=2018-10-01 HTTP/1.0" 200 285 "-" "GesCom CharlotteBoutik Serveur"
51.68.224.127 - - [14/Dec/2020:20:42:11 +0100] "GET /adminweb/export_orders_xml.php?token=256de2z6edz6ed2z6DFSFsed2zed6zeDSFDSGdzedezfzf&maxorders=10&orderstart=1&status=6&start_date=2018-10-01 HTTP/1.0" 200 30026 "-" "GesCom CharlotteBoutik Serveur"
40.77.167.36 - - [14/Dec/2020:20:42:27 +0100] "GET /medusa-glass-paperweight-p-47405.html HTTP/1.0" 200 71838 "-" "Mozilla/5.0 (compatible; bingbot/2.0; +http://www.bing.com/bingbot.htm)"
114.119.132.105 - - [14/Dec/2020:20:43:05 +0100] "GET /indian-boho-wall-sticker-079-157-p-45016.html HTTP/1.0" 200 69322 "-" "Mozilla/5.0 (Linux; Android 7.0;) AppleWebKit/537.36 (KHTML, like Gecko) Mobile Safari/537.36 (compatible; PetalBot;+https://aspiegel.com/petalbot)"
157.55.39.82 - - [14/Dec/2020:20:43:33 +0100] "GET /-p-29088.html HTTP/1.0" 200 69192 "-" "Mozilla/5.0 (compatible; bingbot/2.0; +http://www.bing.com/bingbot.htm)"
40.77.167.36 - - [14/Dec/2020:20:43:37 +0100] "GET /images/big_prod/3700516211026.jpg HTTP/1.0" 200 268 "-" "Mozilla/5.0 (compatible; bingbot/2.0; +http://www.bing.com/bingbot.htm)"
40.77.167.36 - - [14/Dec/2020:20:44:56 +0100] "GET /images/big_prod/8433933158302.jpg HTTP/1.0" 200 268 "-" "Mozilla/5.0 (compatible; bingbot/2.0; +http://www.bing.com/bingbot.htm)"
207.46.13.175 - - [14/Dec/2020:20:45:08 +0100] "GET /images/big_prod_1/5410574484628B.jpg HTTP/1.0" 200 271 "-" "Mozilla/5.0 (compatible; bingbot/2.0; +http://www.bing.com/bingbot.htm)"
13.66.139.65 - - [14/Dec/2020:20:45:16 +0100] "GET /shirts-and-sweatshirts-men-c-53_54.html?page=4 HTTP/1.0" 200 91200 "-" "Mozilla/5.0 (compatible; bingbot/2.0; +http://www.bing.com/bingbot.htm)"
13.66.139.65 - - [14/Dec/2020:20:45:47 +0100] "GET /-p-34032.html HTTP/1.0" 200 69192 "-" "Mozilla/5.0 (compatible; bingbot/2.0; +http://www.bing.com/bingbot.htm)"
13.66.139.65 - - [14/Dec/2020:20:45:47 +0100] "GET /-p-17537.html HTTP/1.0" 200 69192 "-" "Mozilla/5.0 (compatible; bingbot/2.0; +http://www.bing.com/bingbot.htm)"
54.36.148.83 - - [14/Dec/2020:20:45:50 +0100] "GET /luggages-schoolbags-leather-shop-c-31.html?page=4 HTTP/1.0" 200 90884 "-" "Mozilla/5.0 (compatible; AhrefsBot/7.0; +http://ahrefs.com/robot/)"
13.66.139.26 - - [14/Dec/2020:20:46:34 +0100] "GET /backpacks-c-31_77.html?page=3 HTTP/1.0" 200 92162 "-" "Mozilla/5.0 (compatible; bingbot/2.0; +http://www.bing.com/bingbot.htm)"
207.46.13.175 - - [14/Dec/2020:20:46:47 +0100] "GET /images/med_prod/1399984287675.jpg HTTP/1.0" 200 268 "-" "Mozilla/5.0 (compatible; bingbot/2.0; +http://www.bing.com/bingbot.htm)"
5.255.231.71 - - [14/Dec/2020:20:47:15 +0100] "GET /images/big_prod/3574642575839.jpg HTTP/1.0" 200 268 "-" "Mozilla/5.0 (compatible; YandexImages/3.0; +http://yandex.com/bots)"
157.55.39.82 - - [14/Dec/2020:20:47:25 +0100] "GET /corsica-decorative-metal-plate-by-cbkreation-p-51911.html HTTP/1.0" 200 72019 "-" "Mozilla/5.0 (compatible; bingbot/2.0; +http://www.bing.com/bingbot.htm)"
114.119.151.113 - - [14/Dec/2020:20:47:25 +0100] "GET /green-floor-tile-tray-p-46509.html HTTP/1.0" 200 71915 "-" "Mozilla/5.0 (Linux; Android 7.0;) AppleWebKit/537.36 (KHTML, like Gecko) Mobile Safari/537.36 (compatible; PetalBot;+https://aspiegel.com/petalbot)"
13.66.139.26 - - [14/Dec/2020:20:48:35 +0100] "GET / HTTP/1.0" 200 149599 "-" "Mozilla/5.0 (compatible; bingbot/2.0; +http://www.bing.com/bingbot.htm)"
220.181.108.163 - - [14/Dec/2020:20:48:39 +0100] "GET /court-sleeves-shirts-c-1_22.html HTTP/1.0" 200 68184 "-" "Mozilla/5.0 (compatible; Baiduspider/2.0; +http://www.baidu.com/search/spider.html)"
220.181.108.100 - - [14/Dec/2020:20:48:39 +0100] "GET /mini-bar-suitcase-p-52718.html HTTP/1.0" 200 72711 "-" "Mozilla/5.0 (compatible; Baiduspider/2.0; +http://www.baidu.com/search/spider.html)"
13.66.139.26 - - [14/Dec/2020:20:49:15 +0100] "GET /-p-23051.html HTTP/1.0" 200 69192 "-" "Mozilla/5.0 (compatible; bingbot/2.0; +http://www.bing.com/bingbot.htm)"
54.36.148.6 - - [14/Dec/2020:20:49:30 +0100] "GET /flowers-towel-p-45573.html HTTP/1.0" 301 69259 "-" "Mozilla/5.0 (compatible; AhrefsBot/7.0; +http://ahrefs.com/robot/)"
54.36.148.61 - - [14/Dec/2020:20:49:31 +0100] "GET /mat-for-bowls-chat-thon-p-46830.html HTTP/1.0" 200 71692 "-" "Mozilla/5.0 (compatible; AhrefsBot/7.0; +http://ahrefs.com/robot/)"
13.66.139.65 - - [14/Dec/2020:20:50:51 +0100] "GET /-p-30627.html HTTP/1.0" 200 69192 "-" "Mozilla/5.0 (compatible; bingbot/2.0; +http://www.bing.com/bingbot.htm)"
188.166.240.128 - - [14/Dec/2020:20:51:42 +0100] "GET / HTTP/1.0" 200 145454 "-" "-"
54.36.148.29 - - [14/Dec/2020:20:52:37 +0100] "GET /led-nightlight-purple-bob-despicable-me-p-33709.html HTTP/1.0" 301 69259 "-" "Mozilla/5.0 (compatible; AhrefsBot/7.0; +http://ahrefs.com/robot/)"
54.36.148.118 - - [14/Dec/2020:20:53:29 +0100] "GET /kitten-espresso-set-p-37293.html HTTP/1.0" 200 71896 "-" "Mozilla/5.0 (compatible; AhrefsBot/7.0; +http://ahrefs.com/robot/)"
216.244.66.242 - - [14/Dec/2020:20:53:51 +0100] "GET /robots.txt HTTP/1.0" 200 245 "-" "Mozilla/5.0 (compatible; DotBot/1.1; http://www.opensiteexplorer.org/dotbot, help@moz.com)"
13.66.139.65 - - [14/Dec/2020:20:54:04 +0100] "GET /-p-19701.html HTTP/1.0" 200 69192 "-" "Mozilla/5.0 (compatible; bingbot/2.0; +http://www.bing.com/bingbot.htm)"
157.55.39.82 - - [14/Dec/2020:20:54:08 +0100] "GET /images/big_prod/3091693063516.jpg HTTP/1.0" 200 268 "-" "Mozilla/5.0 (compatible; bingbot/2.0; +http://www.bing.com/bingbot.htm)"
54.36.148.75 - - [14/Dec/2020:20:54:24 +0100] "GET /babar-mini-wooden-cars-p-6643.html HTTP/1.0" 301 69256 "-" "Mozilla/5.0 (compatible; AhrefsBot/7.0; +http://ahrefs.com/robot/)"
13.66.139.26 - - [14/Dec/2020:20:54:54 +0100] "GET /-p-20692.html HTTP/1.0" 200 69192 "-" "Mozilla/5.0 (compatible; bingbot/2.0; +http://www.bing.com/bingbot.htm)"
114.119.132.105 - - [14/Dec/2020:20:55:57 +0100] "GET /quote-from-jean-louis-auguste-commerson-wall-sticker-p-39604.html HTTP/1.0" 200 72281 "-" "Mozilla/5.0 (Linux; Android 7.0;) AppleWebKit/537.36 (KHTML, like Gecko) Mobile Safari/537.36 (compatible; PetalBot;+https://aspiegel.com/petalbot)"
207.46.13.90 - - [14/Dec/2020:20:56:09 +0100] "GET /-p-19975.html HTTP/1.0" 200 69192 "-" "Mozilla/5.0 (compatible; bingbot/2.0; +http://www.bing.com/bingbot.htm)"
54.36.148.190 - - [14/Dec/2020:20:56:58 +0100] "GET /plates-and-cups-c-58.html?page=4 HTTP/1.0" 301 77561 "-" "Mozilla/5.0 (compatible; AhrefsBot/7.0; +http://ahrefs.com/robot/)"
37.115.113.102 - - [14/Dec/2020:20:57:02 +0100] "GET /snowman-solar-powered-dancing-p-34143.html]Test HTTP/1.0" 301 609 "https://subj.ukr-lit.com/" "Mozilla/4.0 (compatible; MSIE 6.0; Windows NT 5.2; Win64; AMD64)"
37.115.113.102 - - [14/Dec/2020:20:57:02 +0100] "GET /snowman-solar-powered-dancing-p-34143.html]Test HTTP/1.0" 301 609 "https://subj.ukr-lit.com/" "Mozilla/4.0 (compatible; MSIE 6.0; Windows NT 5.2; Win64; AMD64)"
37.115.113.102 - - [14/Dec/2020:20:57:03 +0100] "GET /snowman-solar-powered-dancing-p-34143.html]Test HTTP/1.0" 301 609 "https://subj.ukr-lit.com/" "Mozilla/4.0 (compatible; MSIE 6.0; Windows NT 5.2; Win64; AMD64)"
54.36.148.231 - - [14/Dec/2020:20:57:26 +0100] "GET /mat-for-bowls-les-toutous-flingueurs-p-46829.html HTTP/1.0" 200 71743 "-" "Mozilla/5.0 (compatible; AhrefsBot/7.0; +http://ahrefs.com/robot/)"
157.55.39.82 - - [14/Dec/2020:20:57:36 +0100] "GET /images/big_prod_3/1328399219636c.jpg HTTP/1.0" 200 271 "-" "Mozilla/5.0 (compatible; bingbot/2.0; +http://www.bing.com/bingbot.htm)"
157.55.39.45 - - [14/Dec/2020:20:57:41 +0100] "GET /robots.txt HTTP/1.0" 200 245 "-" "Mozilla/5.0 (compatible; bingbot/2.0; +http://www.bing.com/bingbot.htm)"
51.68.224.127 - - [14/Dec/2020:20:58:06 +0100] "GET /adminweb/export_orders_xml.php?token=256de2z6edz6ed2z6DFSFsed2zed6zeDSFDSGdzedezfzf&maxorders=10&orderstart=1&status=14&start_date=2018-10-01 HTTP/1.0" 200 285 "-" "GesCom CharlotteBoutik Serveur"
51.68.224.127 - - [14/Dec/2020:20:58:06 +0100] "GET /adminweb/export_orders_xml.php?token=256de2z6edz6ed2z6DFSFsed2zed6zeDSFDSGdzedezfzf&maxorders=10&orderstart=1&status=6&start_date=2018-10-01 HTTP/1.0" 200 30026 "-" "GesCom CharlotteBoutik Serveur"
13.66.139.26 - - [14/Dec/2020:20:58:45 +0100] "GET /-p-29923.html HTTP/1.0" 200 69192 "-" "Mozilla/5.0 (compatible; bingbot/2.0; +http://www.bing.com/bingbot.htm)"
13.66.139.26 - - [14/Dec/2020:20:58:46 +0100] "GET /small-box-for-baby-teeth-eliot-p-53377.html HTTP/1.0" 200 72048 "-" "Mozilla/5.0 (compatible; bingbot/2.0; +http://www.bing.com/bingbot.htm)"
13.66.139.65 - - [14/Dec/2020:20:59:18 +0100] "GET /-p-20345.html HTTP/1.0" 200 69192 "-" "Mozilla/5.0 (compatible; bingbot/2.0; +http://www.bing.com/bingbot.htm)"
157.55.39.217 - - [14/Dec/2020:20:59:46 +0100] "GET /images/big_prod/4029811341184.jpg HTTP/1.0" 200 268 "-" "Mozilla/5.0 (compatible; bingbot/2.0; +http://www.bing.com/bingbot.htm)"
114.119.158.196 - - [14/Dec/2020:21:00:20 +0100] "GET /shirts-and-sweatshirts-men-c-53_54.html HTTP/1.0" 200 92793 "-" "Mozilla/5.0 (Linux; Android 7.0;) AppleWebKit/537.36 (KHTML, like Gecko) Mobile Safari/537.36 (compatible; PetalBot;+https://aspiegel.com/petalbot)"
5.255.231.71 - - [14/Dec/2020:21:00:59 +0100] "GET /cats-by-dubout-photo-frame-the-third-eye-p-38861.html HTTP/1.0" 200 72397 "-" "Mozilla/5.0 (compatible; YandexBot/3.0; +http://yandex.com/bots)"
54.36.148.215 - - [14/Dec/2020:21:01:27 +0100] "GET /mojito-metal-plate-deco-p-50003.html HTTP/1.0" 200 71814 "-" "Mozilla/5.0 (compatible; AhrefsBot/7.0; +http://ahrefs.com/robot/)"
207.46.13.49 - - [14/Dec/2020:21:02:54 +0100] "GET /microfibre-bed-base-cover-160-200-cm-light-brown-p-47977.html HTTP/1.0" 200 72062 "-" "Mozilla/5.0 (compatible; bingbot/2.0; +http://www.bing.com/bingbot.htm)"
17.58.101.146 - - [14/Dec/2020:21:03:43 +0100] "GET /blue-wood-key-box-p-40637.html HTTP/1.0" 200 72043 "-" "Mozilla/5.0 (Macintosh; Intel Mac OS X 10_15_5) AppleWebKit/605.1.15 (KHTML, like Gecko) Version/13.1.1 Safari/605.1.15 (Applebot/0.1; +http://www.apple.com/go/applebot)"
207.46.13.49 - - [14/Dec/2020:21:04:12 +0100] "GET /images/med_prod/1384010184196.jpg HTTP/1.0" 200 268 "-" "Mozilla/5.0 (compatible; bingbot/2.0; +http://www.bing.com/bingbot.htm)"
207.46.13.90 - - [14/Dec/2020:21:04:42 +0100] "GET /mustard-yellow-fitted-sheet-90-190-cm-p-51978.html HTTP/1.0" 200 71889 "-" "Mozilla/5.0 (compatible; bingbot/2.0; +http://www.bing.com/bingbot.htm)"
114.119.132.105 - - [14/Dec/2020:21:04:42 +0100] "GET /collection-mirabelle-pursuit-of-the-happiness-pocket-mirror-p-19999.html HTTP/1.0" 200 72440 "-" "Mozilla/5.0 (Linux; Android 7.0;) AppleWebKit/537.36 (KHTML, like Gecko) Mobile Safari/537.36 (compatible; PetalBot;+https://aspiegel.com/petalbot)"
54.36.148.68 - - [14/Dec/2020:21:05:05 +0100] "GET /flower-bowl-model-p-49589.html HTTP/1.0" 200 71813 "-" "Mozilla/5.0 (compatible; AhrefsBot/7.0; +http://ahrefs.com/robot/)"
40.77.167.36 - - [14/Dec/2020:21:06:20 +0100] "GET /cats-cutty-door-plate-toilettes-p-50640.html HTTP/1.0" 200 71970 "-" "Mozilla/5.0 (compatible; bingbot/2.0; +http://www.bing.com/bingbot.htm)"
13.66.139.26 - - [14/Dec/2020:21:07:06 +0100] "GET /plates-and-cups-c-12_58.html HTTP/1.0" 200 89757 "-" "Mozilla/5.0 (compatible; bingbot/2.0; +http://www.bing.com/bingbot.htm)"
54.36.148.136 - - [14/Dec/2020:21:08:50 +0100] "GET /pet-rug-60-40-cm-hotel-cat-stars-p-49537.html HTTP/1.0" 200 71817 "-" "Mozilla/5.0 (compatible; AhrefsBot/7.0; +http://ahrefs.com/robot/)"
114.119.132.105 - - [14/Dec/2020:21:09:21 +0100] "GET /skull-aviator-helmet-figure-p-34152.html HTTP/1.0" 200 71916 "-" "Mozilla/5.0 (Linux; Android 7.0;) AppleWebKit/537.36 (KHTML, like Gecko) Mobile Safari/537.36 (compatible; PetalBot;+https://aspiegel.com/petalbot)"
17.58.101.146 - - [14/Dec/2020:21:10:01 +0100] "GET /doormats-and-entrance-carpets-c-11_269_266.html HTTP/1.0" 200 89334 "-" "Mozilla/5.0 (Macintosh; Intel Mac OS X 10_15_5) AppleWebKit/605.1.15 (KHTML, like Gecko) Version/13.1.1 Safari/605.1.15 (Applebot/0.1; +http://www.apple.com/go/applebot)"
216.244.66.242 - - [14/Dec/2020:21:10:13 +0100] "GET /large-tassen-porcelain-mood-bowl-made-in-germany-p-43279.html HTTP/1.0" 200 72033 "-" "Mozilla/5.0 (compatible; DotBot/1.1; http://www.opensiteexplorer.org/dotbot, help@moz.com)"
66.249.70.36 - - [14/Dec/2020:21:11:19 +0100] "GET /gift-box-tea-infuser-mug-oriental-p-47154.html HTTP/1.0" 200 73006 "-" "Mozilla/5.0 (Linux; Android 6.0.1; Nexus 5X Build/MMB29P) AppleWebKit/537.36 (KHTML, like Gecko) Chrome/87.0.4280.90 Mobile Safari/537.36 (compatible; Googlebot/2.1; +http://www.google.com/bot.html)"
54.36.149.79 - - [14/Dec/2020:21:12:43 +0100] "GET /nightlight-shaped-owl-multicolor-led-p-35349.html HTTP/1.0" 200 71957 "-" "Mozilla/5.0 (compatible; AhrefsBot/7.0; +http://ahrefs.com/robot/)"
13.66.139.65 - - [14/Dec/2020:21:12:58 +0100] "GET /-p-33414.html HTTP/1.0" 200 69192 "-" "Mozilla/5.0 (compatible; bingbot/2.0; +http://www.bing.com/bingbot.htm)"
13.66.139.65 - - [14/Dec/2020:21:13:17 +0100] "GET /kids-school-bag-c-31_80.html HTTP/1.0" 200 89759 "-" "Mozilla/5.0 (compatible; bingbot/2.0; +http://www.bing.com/bingbot.htm)"
114.119.151.113 - - [14/Dec/2020:21:13:32 +0100] "GET /god-save-the-queen-mug-by-cbkreation-p-13923.html HTTP/1.0" 200 71943 "-" "Mozilla/5.0 (Linux; Android 7.0;) AppleWebKit/537.36 (KHTML, like Gecko) Mobile Safari/537.36 (compatible; PetalBot;+https://aspiegel.com/petalbot)"
51.68.224.127 - - [14/Dec/2020:21:14:03 +0100] "GET /adminweb/export_orders_xml.php?token=256de2z6edz6ed2z6DFSFsed2zed6zeDSFDSGdzedezfzf&maxorders=10&orderstart=1&status=14&start_date=2018-10-01 HTTP/1.0" 200 285 "-" "GesCom CharlotteBoutik Serveur"
51.68.224.127 - - [14/Dec/2020:21:14:03 +0100] "GET /adminweb/export_orders_xml.php?token=256de2z6edz6ed2z6DFSFsed2zed6zeDSFDSGdzedezfzf&maxorders=10&orderstart=1&status=6&start_date=2018-10-01 HTTP/1.0" 200 30026 "-" "GesCom CharlotteBoutik Serveur"
13.66.139.65 - - [14/Dec/2020:21:14:09 +0100] "GET /gaming-master-yoda-shirt-p-29575.html HTTP/1.0" 200 73300 "-" "Mozilla/5.0 (compatible; bingbot/2.0; +http://www.bing.com/bingbot.htm)"
207.46.13.175 - - [14/Dec/2020:21:14:14 +0100] "GET /baby-chimpanzee-small-round-magnet-p-31911.html HTTP/1.0" 200 71902 "-" "Mozilla/5.0 (compatible; bingbot/2.0; +http://www.bing.com/bingbot.htm)"
207.46.13.175 - - [14/Dec/2020:21:14:16 +0100] "GET /images/mini_prod/3114523959329.gif HTTP/1.0" 200 268 "-" "Mozilla/5.0 (compatible; bingbot/2.0; +http://www.bing.com/bingbot.htm)"
54.36.148.135 - - [14/Dec/2020:21:14:21 +0100] "GET /home-bedclothes-220-240-cm-p-41439.html HTTP/1.0" 301 69259 "-" "Mozilla/5.0 (compatible; AhrefsBot/7.0; +http://ahrefs.com/robot/)"
207.46.13.175 - - [14/Dec/2020:21:14:35 +0100] "GET /accessories/keyrings/geisha-metal-mat-keychain-p-23494.html HTTP/1.0" 301 629 "-" "Mozilla/5.0 (compatible; bingbot/2.0; +http://www.bing.com/bingbot.htm)"
157.55.39.172 - - [14/Dec/2020:21:14:48 +0100] "GET /images/big_prod_1/b5404006033386.jpg HTTP/1.0" 200 271 "-" "Mozilla/5.0 (compatible; bingbot/2.0; +http://www.bing.com/bingbot.htm)"
40.77.167.36 - - [14/Dec/2020:21:15:09 +0100] "GET /images/big_prod_1/3609810065086a.jpg HTTP/1.0" 200 271 "-" "Mozilla/5.0 (compatible; bingbot/2.0; +http://www.bing.com/bingbot.htm)"
40.77.167.36 - - [14/Dec/2020:21:15:50 +0100] "GET /images/big_prod/1341689438982.jpg HTTP/1.0" 200 268 "-" "Mozilla/5.0 (compatible; bingbot/2.0; +http://www.bing.com/bingbot.htm)"
207.46.13.49 - - [14/Dec/2020:21:16:23 +0100] "GET /images/5018997517512.jpg HTTP/1.0" 200 259 "-" "Mozilla/5.0 (compatible; bingbot/2.0; +http://www.bing.com/bingbot.htm)"
54.36.149.16 - - [14/Dec/2020:21:16:46 +0100] "GET /pet-rug-60-40-cm-je-medite-p-49538.html HTTP/1.0" 200 71742 "-" "Mozilla/5.0 (compatible; AhrefsBot/7.0; +http://ahrefs.com/robot/)"
54.36.148.4 - - [14/Dec/2020:21:16:55 +0100] "GET /planes-long-sleeve-shirt-size-years-p-26982.html HTTP/1.0" 301 69259 "-" "Mozilla/5.0 (compatible; AhrefsBot/7.0; +http://ahrefs.com/robot/)"
207.46.13.90 - - [14/Dec/2020:21:17:09 +0100] "GET /-m-14.html HTTP/1.0" 200 89410 "-" "Mozilla/5.0 (compatible; bingbot/2.0; +http://www.bing.com/bingbot.htm)"
13.66.139.65 - - [14/Dec/2020:21:17:22 +0100] "GET /-p-36789.html HTTP/1.0" 200 69192 "-" "Mozilla/5.0 (compatible; bingbot/2.0; +http://www.bing.com/bingbot.htm)"
114.119.151.113 - - [14/Dec/2020:21:17:57 +0100] "GET /batman-shirt-p-29543.html HTTP/1.0" 200 72893 "-" "Mozilla/5.0 (Linux; Android 7.0;) AppleWebKit/537.36 (KHTML, like Gecko) Mobile Safari/537.36 (compatible; PetalBot;+https://aspiegel.com/petalbot)"
157.55.39.82 - - [14/Dec/2020:21:17:58 +0100] "GET /images/big_prod/3520071699431.jpg HTTP/1.0" 200 268 "-" "Mozilla/5.0 (compatible; bingbot/2.0; +http://www.bing.com/bingbot.htm)"
207.46.13.90 - - [14/Dec/2020:21:19:37 +0100] "GET /images/big_prod/3014627557349NN.jpg HTTP/1.0" 200 270 "-" "Mozilla/5.0 (compatible; bingbot/2.0; +http://www.bing.com/bingbot.htm)"
40.77.167.36 - - [14/Dec/2020:21:20:10 +0100] "GET /images/DSCN7133.JPG HTTP/1.0" 200 254 "-" "Mozilla/5.0 (compatible; bingbot/2.0; +http://www.bing.com/bingbot.htm)"
54.36.149.37 - - [14/Dec/2020:21:20:32 +0100] "GET /periodic-system-shower-curtain-180-180-cm-p-41939.html HTTP/1.0" 200 72020 "-" "Mozilla/5.0 (compatible; AhrefsBot/7.0; +http://ahrefs.com/robot/)"
54.36.148.150 - - [14/Dec/2020:21:20:38 +0100] "GET /calimero-inzuste-mobile-sock-p-20719.html HTTP/1.0" 301 69259 "-" "Mozilla/5.0 (compatible; AhrefsBot/7.0; +http://ahrefs.com/robot/)"
114.119.144.233 - - [14/Dec/2020:21:22:24 +0100] "GET /deco-cat-and-mouse-statue-p-40395.html HTTP/1.0" 200 71901 "-" "Mozilla/5.0 (Linux; Android 7.0;) AppleWebKit/537.36 (KHTML, like Gecko) Mobile Safari/537.36 (compatible; PetalBot;+https://aspiegel.com/petalbot)"
54.36.148.62 - - [14/Dec/2020:21:24:37 +0100] "GET /medusa-glass-paperweight-10-cm-p-52720.html HTTP/1.0" 200 71890 "-" "Mozilla/5.0 (compatible; AhrefsBot/7.0; +http://ahrefs.com/robot/)"
54.36.149.2 - - [14/Dec/2020:21:25:23 +0100] "GET /route-66-pink-pin-up-cosmetic-bag-p-10988.html HTTP/1.0" 301 69259 "-" "Mozilla/5.0 (compatible; AhrefsBot/7.0; +http://ahrefs.com/robot/)"
114.119.147.45 - - [14/Dec/2020:21:26:32 +0100] "GET /multifunctional-clamp-stainless-steel-p-37497.html HTTP/1.0" 200 72047 "-" "Mozilla/5.0 (Linux; Android 7.0;) AppleWebKit/537.36 (KHTML, like Gecko) Mobile Safari/537.36 (compatible; PetalBot;+https://aspiegel.com/petalbot)"
157.55.39.82 - - [14/Dec/2020:21:27:29 +0100] "GET /images/DSCN4430bob.jpg HTTP/1.0" 200 257 "-" "Mozilla/5.0 (compatible; bingbot/2.0; +http://www.bing.com/bingbot.htm)"
157.55.39.82 - - [14/Dec/2020:21:28:00 +0100] "GET /images/big_prod/1384010204337.jpg HTTP/1.0" 200 268 "-" "Mozilla/5.0 (compatible; bingbot/2.0; +http://www.bing.com/bingbot.htm)"
54.36.149.26 - - [14/Dec/2020:21:28:37 +0100] "GET /horse-small-round-magnet-p-31913.html HTTP/1.0" 200 71822 "-" "Mozilla/5.0 (compatible; AhrefsBot/7.0; +http://ahrefs.com/robot/)"
