13.66.139.55 - - [14/Dec/2020:09:45:02 +0100] "GET /-p-18260.html HTTP/1.0" 200 69192 "-" "Mozilla/5.0 (compatible; bingbot/2.0; +http://www.bing.com/bingbot.htm)"
13.66.139.55 - - [14/Dec/2020:09:45:04 +0100] "GET /images/med_prod/5701359740467.jpg HTTP/1.0" 200 268 "-" "Mozilla/5.0 (compatible; bingbot/2.0; +http://www.bing.com/bingbot.htm)"
13.66.139.55 - - [14/Dec/2020:09:45:05 +0100] "GET /images/1341689283520.jpg HTTP/1.0" 200 259 "-" "Mozilla/5.0 (compatible; bingbot/2.0; +http://www.bing.com/bingbot.htm)"
13.66.139.55 - - [14/Dec/2020:09:45:05 +0100] "GET /images/1399984252550.jpg HTTP/1.0" 200 259 "-" "Mozilla/5.0 (compatible; bingbot/2.0; +http://www.bing.com/bingbot.htm)"
13.66.139.55 - - [14/Dec/2020:09:45:06 +0100] "GET /accessories-mobiles-c-3_17.html?page=6 HTTP/1.0" 200 90022 "-" "Mozilla/5.0 (compatible; bingbot/2.0; +http://www.bing.com/bingbot.htm)"
13.66.139.55 - - [14/Dec/2020:09:45:06 +0100] "GET /images/big_prod/3503420165863.jpg HTTP/1.0" 200 268 "-" "Mozilla/5.0 (compatible; bingbot/2.0; +http://www.bing.com/bingbot.htm)"
13.66.139.55 - - [14/Dec/2020:09:45:15 +0100] "GET /images/big_prod/4029811390830.jpg HTTP/1.0" 200 268 "-" "Mozilla/5.0 (compatible; bingbot/2.0; +http://www.bing.com/bingbot.htm)"
13.66.139.55 - - [14/Dec/2020:09:45:16 +0100] "GET /images/3272760369599.jpg HTTP/1.0" 200 259 "-" "Mozilla/5.0 (compatible; bingbot/2.0; +http://www.bing.com/bingbot.htm)"
13.66.139.55 - - [14/Dec/2020:09:45:16 +0100] "GET /images/big_prod/thebleu.jpg HTTP/1.0" 200 262 "-" "Mozilla/5.0 (compatible; bingbot/2.0; +http://www.bing.com/bingbot.htm)"
13.66.139.55 - - [14/Dec/2020:09:45:17 +0100] "GET /images/big_prod/3520071724638.jpg HTTP/1.0" 200 268 "-" "Mozilla/5.0 (compatible; bingbot/2.0; +http://www.bing.com/bingbot.htm)"
51.68.224.127 - - [14/Dec/2020:09:45:58 +0100] "GET /adminweb/export_orders_xml.php?token=256de2z6edz6ed2z6DFSFsed2zed6zeDSFDSGdzedezfzf&maxorders=10&orderstart=1&status=14&start_date=2018-10-01 HTTP/1.0" 200 285 "-" "GesCom CharlotteBoutik Serveur"
51.68.224.127 - - [14/Dec/2020:09:45:58 +0100] "GET /adminweb/export_orders_xml.php?token=256de2z6edz6ed2z6DFSFsed2zed6zeDSFDSGdzedezfzf&maxorders=10&orderstart=1&status=6&start_date=2018-10-01 HTTP/1.0" 200 30026 "-" "GesCom CharlotteBoutik Serveur"
13.66.139.26 - - [14/Dec/2020:09:46:11 +0100] "GET /images/big_prod/3700276288900BB.jpg HTTP/1.0" 200 270 "-" "Mozilla/5.0 (compatible; bingbot/2.0; +http://www.bing.com/bingbot.htm)"
207.46.13.48 - - [14/Dec/2020:09:46:46 +0100] "GET /images/big_prod/3661075002046.jpg HTTP/1.0" 200 268 "-" "Mozilla/5.0 (compatible; bingbot/2.0; +http://www.bing.com/bingbot.htm)"
54.36.148.83 - - [14/Dec/2020:09:47:12 +0100] "GET /fff-sport-bag-p-52062.html HTTP/1.0" 200 72556 "-" "Mozilla/5.0 (compatible; AhrefsBot/7.0; +http://ahrefs.com/robot/)"
216.244.66.242 - - [14/Dec/2020:09:47:13 +0100] "GET /robots.txt HTTP/1.0" 301 531 "-" "Mozilla/5.0 (compatible; DotBot/1.1; http://www.opensiteexplorer.org/dotbot, help@moz.com)"
216.244.66.242 - - [14/Dec/2020:09:47:13 +0100] "GET /robots.txt HTTP/1.0" 200 245 "-" "Mozilla/5.0 (compatible; DotBot/1.1; http://www.opensiteexplorer.org/dotbot, help@moz.com)"
216.244.66.242 - - [14/Dec/2020:09:47:13 +0100] "GET /robots.txt HTTP/1.0" 200 245 "-" "Mozilla/5.0 (compatible; DotBot/1.1; http://www.opensiteexplorer.org/dotbot, help@moz.com)"
13.66.139.26 - - [14/Dec/2020:09:48:41 +0100] "GET /images/med_prod/3700516206961.jpg HTTP/1.0" 200 268 "-" "Mozilla/5.0 (compatible; bingbot/2.0; +http://www.bing.com/bingbot.htm)"
13.66.139.26 - - [14/Dec/2020:09:48:41 +0100] "GET /images/med_prod/1399984285091.jpg HTTP/1.0" 200 268 "-" "Mozilla/5.0 (compatible; bingbot/2.0; +http://www.bing.com/bingbot.htm)"
114.119.151.113 - - [14/Dec/2020:09:49:13 +0100] "GET /images/mini_prod/8433933819227.jpg HTTP/1.0" 200 269 "-" "Mozilla/5.0 (Linux; Android 7.0;) AppleWebKit/537.36 (KHTML, like Gecko) Mobile Safari/537.36 (compatible; PetalBot;+https://aspiegel.com/petalbot)"
13.66.139.26 - - [14/Dec/2020:09:49:41 +0100] "GET /images/med_prod/1300010241196.jpg HTTP/1.0" 200 268 "-" "Mozilla/5.0 (compatible; bingbot/2.0; +http://www.bing.com/bingbot.htm)"
54.36.148.83 - - [14/Dec/2020:09:49:50 +0100] "GET /fitted-sheet-in-cotton-percale-80-threads-90-190-30-cm-p-51250.html HTTP/1.0" 200 72188 "-" "Mozilla/5.0 (compatible; AhrefsBot/7.0; +http://ahrefs.com/robot/)"
54.36.149.53 - - [14/Dec/2020:09:50:15 +0100] "GET /miss-bad-mouse-pad-p-5357.html HTTP/1.0" 301 69256 "-" "Mozilla/5.0 (compatible; AhrefsBot/7.0; +http://ahrefs.com/robot/)"
54.36.148.34 - - [14/Dec/2020:09:52:20 +0100] "GET /duvet-cover-in-cotton-percale-80-threads-200-200-cm-p-48211.html HTTP/1.0" 200 72165 "-" "Mozilla/5.0 (compatible; AhrefsBot/7.0; +http://ahrefs.com/robot/)"
207.46.13.48 - - [14/Dec/2020:09:52:29 +0100] "GET /images/041689210618.jpg HTTP/1.0" 200 258 "-" "Mozilla/5.0 (compatible; bingbot/2.0; +http://www.bing.com/bingbot.htm)"
54.36.148.129 - - [14/Dec/2020:09:53:06 +0100] "GET /la-bodega-by-cbk-mug-p-24118.html HTTP/1.0" 301 71956 "-" "Mozilla/5.0 (compatible; AhrefsBot/7.0; +http://ahrefs.com/robot/)"
114.119.129.36 - - [14/Dec/2020:09:53:41 +0100] "GET /images/3585190109155.jpg HTTP/1.0" 200 259 "-" "Mozilla/5.0 (Linux; Android 7.0;) AppleWebKit/537.36 (KHTML, like Gecko) Mobile Safari/537.36 (compatible; PetalBot;+https://aspiegel.com/petalbot)"
13.66.139.26 - - [14/Dec/2020:09:54:02 +0100] "GET /images/5055071657603.jpg HTTP/1.0" 200 259 "-" "Mozilla/5.0 (compatible; bingbot/2.0; +http://www.bing.com/bingbot.htm)"
54.36.149.77 - - [14/Dec/2020:09:54:19 +0100] "GET /elmer-apron-p-20830.html HTTP/1.0" 301 69259 "-" "Mozilla/5.0 (compatible; AhrefsBot/7.0; +http://ahrefs.com/robot/)"
13.66.139.26 - - [14/Dec/2020:09:54:22 +0100] "GET /images/big_prod/8433978414623.jpg HTTP/1.0" 200 268 "-" "Mozilla/5.0 (compatible; bingbot/2.0; +http://www.bing.com/bingbot.htm)"
13.66.139.26 - - [14/Dec/2020:09:54:41 +0100] "GET /-p-15969.html HTTP/1.0" 200 69192 "-" "Mozilla/5.0 (compatible; bingbot/2.0; +http://www.bing.com/bingbot.htm)"
13.66.139.26 - - [14/Dec/2020:09:54:42 +0100] "GET /images/8427787047523.jpg HTTP/1.0" 200 259 "-" "Mozilla/5.0 (compatible; bingbot/2.0; +http://www.bing.com/bingbot.htm)"
54.36.148.83 - - [14/Dec/2020:09:54:49 +0100] "GET /anarchy-trendy-earphone-p-48310.html HTTP/1.0" 200 72156 "-" "Mozilla/5.0 (compatible; AhrefsBot/7.0; +http://ahrefs.com/robot/)"
157.55.39.179 - - [14/Dec/2020:09:55:59 +0100] "GET /images/big_prod_3/6000971b.jpg HTTP/1.0" 200 265 "-" "Mozilla/5.0 (compatible; bingbot/2.0; +http://www.bing.com/bingbot.htm)"
13.66.139.26 - - [14/Dec/2020:09:56:21 +0100] "GET /images/big_prod/8422011475783.jpg HTTP/1.0" 200 268 "-" "Mozilla/5.0 (compatible; bingbot/2.0; +http://www.bing.com/bingbot.htm)"
216.244.66.242 - - [14/Dec/2020:09:57:14 +0100] "GET /-p-5133.html HTTP/1.0" 200 69190 "-" "Mozilla/5.0 (compatible; DotBot/1.1; http://www.opensiteexplorer.org/dotbot, help@moz.com)"
216.244.66.242 - - [14/Dec/2020:09:57:21 +0100] "GET /doormats-and-entrance-carpets-c-11_269_266.html HTTP/1.0" 301 605 "-" "Mozilla/5.0 (compatible; DotBot/1.1; http://www.opensiteexplorer.org/dotbot, help@moz.com)"
54.36.148.98 - - [14/Dec/2020:09:57:21 +0100] "GET /home-and-decoration-c-13.html?page=107 HTTP/1.0" 200 91307 "-" "Mozilla/5.0 (compatible; AhrefsBot/7.0; +http://ahrefs.com/robot/)"
114.119.145.117 - - [14/Dec/2020:09:58:00 +0100] "GET /images/big_prod_2/8424345615149C.jpg HTTP/1.0" 200 271 "-" "Mozilla/5.0 (Linux; Android 7.0;) AppleWebKit/537.36 (KHTML, like Gecko) Mobile Safari/537.36 (compatible; PetalBot;+https://aspiegel.com/petalbot)"
13.66.139.26 - - [14/Dec/2020:09:58:03 +0100] "GET /images/big_prod/8433933031452.jpg HTTP/1.0" 200 268 "-" "Mozilla/5.0 (compatible; bingbot/2.0; +http://www.bing.com/bingbot.htm)"
157.55.39.82 - - [14/Dec/2020:09:58:44 +0100] "GET /images/big_prod/3560600293853.jpg HTTP/1.0" 200 268 "-" "Mozilla/5.0 (compatible; bingbot/2.0; +http://www.bing.com/bingbot.htm)"
17.58.101.145 - - [14/Dec/2020:09:59:11 +0100] "GET /strawberry-shortcake-hat-years-p-22146.html HTTP/1.0" 200 72010 "-" "Mozilla/5.0 (Macintosh; Intel Mac OS X 10_15_5) AppleWebKit/605.1.15 (KHTML, like Gecko) Version/13.1.1 Safari/605.1.15 (Applebot/0.1; +http://www.apple.com/go/applebot)"
13.66.139.26 - - [14/Dec/2020:09:59:23 +0100] "GET /images/big_prod/7601019991797.jpg HTTP/1.0" 200 268 "-" "Mozilla/5.0 (compatible; bingbot/2.0; +http://www.bing.com/bingbot.htm)"
54.36.148.83 - - [14/Dec/2020:09:59:39 +0100] "GET /star-trendy-earphone-p-48311.html HTTP/1.0" 200 72135 "-" "Mozilla/5.0 (compatible; AhrefsBot/7.0; +http://ahrefs.com/robot/)"
207.46.13.49 - - [14/Dec/2020:10:00:02 +0100] "GET /images/big_prod_1/3700230606245a.jpg HTTP/1.0" 200 271 "-" "Mozilla/5.0 (compatible; bingbot/2.0; +http://www.bing.com/bingbot.htm)"
207.46.13.49 - - [14/Dec/2020:10:00:03 +0100] "GET /index.php HTTP/1.0" 200 149596 "-" "Mozilla/5.0 (compatible; bingbot/2.0; +http://www.bing.com/bingbot.htm)"
157.55.39.179 - - [14/Dec/2020:10:00:27 +0100] "GET /images/big_prod/8433933182284.jpg HTTP/1.0" 200 268 "-" "Mozilla/5.0 (compatible; bingbot/2.0; +http://www.bing.com/bingbot.htm)"
157.55.39.217 - - [14/Dec/2020:10:00:54 +0100] "GET /images/big_prod/3553560114634.jpg HTTP/1.0" 200 268 "-" "Mozilla/5.0 (compatible; bingbot/2.0; +http://www.bing.com/bingbot.htm)"
66.249.70.36 - - [14/Dec/2020:10:01:14 +0100] "GET /images/mini_prod/3281640395382.jpg HTTP/1.0" 200 269 "-" "Googlebot-Image/1.0"
216.244.66.242 - - [14/Dec/2020:10:01:41 +0100] "GET /specials.php?page=1 HTTP/1.0" 200 130046 "-" "Mozilla/5.0 (compatible; DotBot/1.1; http://www.opensiteexplorer.org/dotbot, help@moz.com)"
51.68.224.127 - - [14/Dec/2020:10:01:50 +0100] "GET /adminweb/export_orders_xml.php?token=256de2z6edz6ed2z6DFSFsed2zed6zeDSFDSGdzedezfzf&maxorders=10&orderstart=1&status=14&start_date=2018-10-01 HTTP/1.0" 200 285 "-" "GesCom CharlotteBoutik Serveur"
51.68.224.127 - - [14/Dec/2020:10:01:50 +0100] "GET /adminweb/export_orders_xml.php?token=256de2z6edz6ed2z6DFSFsed2zed6zeDSFDSGdzedezfzf&maxorders=10&orderstart=1&status=6&start_date=2018-10-01 HTTP/1.0" 200 30026 "-" "GesCom CharlotteBoutik Serveur"
54.36.149.39 - - [14/Dec/2020:10:01:53 +0100] "GET /microfiber-bolster-160-20-cm-p-39799.html HTTP/1.0" 200 71977 "-" "Mozilla/5.0 (compatible; AhrefsBot/7.0; +http://ahrefs.com/robot/)"
114.119.145.117 - - [14/Dec/2020:10:02:22 +0100] "GET /mug-ceramic-rabab-p-52622.html HTTP/1.0" 301 71885 "-" "Mozilla/5.0 (Linux; Android 7.0;) AppleWebKit/537.36 (KHTML, like Gecko) Mobile Safari/537.36 (compatible; PetalBot;+https://aspiegel.com/petalbot)"
114.119.145.117 - - [14/Dec/2020:10:02:23 +0100] "GET /mug-porcelain-rabab-p-52622.html HTTP/1.0" 200 71799 "-" "Mozilla/5.0 (Linux; Android 7.0;) AppleWebKit/537.36 (KHTML, like Gecko) Mobile Safari/537.36 (compatible; PetalBot;+https://aspiegel.com/petalbot)"
13.66.139.26 - - [14/Dec/2020:10:02:31 +0100] "GET /images/med_prod/5055071694615.jpg HTTP/1.0" 200 268 "-" "Mozilla/5.0 (compatible; bingbot/2.0; +http://www.bing.com/bingbot.htm)"
54.36.148.114 - - [14/Dec/2020:10:02:33 +0100] "GET /assassin-creed-unity-poster-p-30243.html HTTP/1.0" 301 69259 "-" "Mozilla/5.0 (compatible; AhrefsBot/7.0; +http://ahrefs.com/robot/)"
216.244.66.242 - - [14/Dec/2020:10:02:52 +0100] "GET /tinkerbell-disney-secret-box-collection-p-29101.html HTTP/1.0" 200 72148 "-" "Mozilla/5.0 (compatible; DotBot/1.1; http://www.opensiteexplorer.org/dotbot, help@moz.com)"
216.244.66.242 - - [14/Dec/2020:10:03:20 +0100] "GET /vanity-beauty-bags-c-31_78.html?page=3 HTTP/1.0" 200 79236 "-" "Mozilla/5.0 (compatible; DotBot/1.1; http://www.opensiteexplorer.org/dotbot, help@moz.com)"
54.36.148.252 - - [14/Dec/2020:10:04:24 +0100] "GET /rugby-opener-p-24316.html HTTP/1.0" 200 69230 "-" "Mozilla/5.0 (compatible; AhrefsBot/7.0; +http://ahrefs.com/robot/)"
207.46.13.49 - - [14/Dec/2020:10:04:24 +0100] "GET /images/big_prod/8433933278291.jpg HTTP/1.0" 200 268 "-" "Mozilla/5.0 (compatible; bingbot/2.0; +http://www.bing.com/bingbot.htm)"
13.66.139.26 - - [14/Dec/2020:10:05:02 +0100] "GET /images/5411854144379.jpg HTTP/1.0" 200 259 "-" "Mozilla/5.0 (compatible; bingbot/2.0; +http://www.bing.com/bingbot.htm)"
216.244.66.242 - - [14/Dec/2020:10:05:10 +0100] "GET /flamingo-metal-tray-33-cm-green-p-40182.html HTTP/1.0" 200 71954 "-" "Mozilla/5.0 (compatible; DotBot/1.1; http://www.opensiteexplorer.org/dotbot, help@moz.com)"
216.244.66.242 - - [14/Dec/2020:10:05:14 +0100] "GET /gorjuss-heartfelt-manicure-set-p-38214.html HTTP/1.0" 200 72825 "-" "Mozilla/5.0 (compatible; DotBot/1.1; http://www.opensiteexplorer.org/dotbot, help@moz.com)"
216.244.66.242 - - [14/Dec/2020:10:05:19 +0100] "GET /bolster-case-45-185-cm-color-lin-p-41302.html HTTP/1.0" 200 72135 "-" "Mozilla/5.0 (compatible; DotBot/1.1; http://www.opensiteexplorer.org/dotbot, help@moz.com)"
216.244.66.242 - - [14/Dec/2020:10:05:23 +0100] "GET /arlesienne-metal-rests-flat-p-43892.html HTTP/1.0" 200 71860 "-" "Mozilla/5.0 (compatible; DotBot/1.1; http://www.opensiteexplorer.org/dotbot, help@moz.com)"
216.244.66.242 - - [14/Dec/2020:10:05:27 +0100] "GET /glass-votive-candles-holder-arrows-p-42177.html HTTP/1.0" 200 72026 "-" "Mozilla/5.0 (compatible; DotBot/1.1; http://www.opensiteexplorer.org/dotbot, help@moz.com)"
216.244.66.242 - - [14/Dec/2020:10:05:30 +0100] "GET /golden-retriever-pencil-case-p-40829.html HTTP/1.0" 200 71908 "-" "Mozilla/5.0 (compatible; DotBot/1.1; http://www.opensiteexplorer.org/dotbot, help@moz.com)"
216.244.66.242 - - [14/Dec/2020:10:05:32 +0100] "GET /-p-22036.html HTTP/1.0" 200 69192 "-" "Mozilla/5.0 (compatible; DotBot/1.1; http://www.opensiteexplorer.org/dotbot, help@moz.com)"
216.244.66.242 - - [14/Dec/2020:10:05:35 +0100] "GET /-p-33410.html HTTP/1.0" 200 69192 "-" "Mozilla/5.0 (compatible; DotBot/1.1; http://www.opensiteexplorer.org/dotbot, help@moz.com)"
216.244.66.242 - - [14/Dec/2020:10:05:37 +0100] "GET /-p-38800.html HTTP/1.0" 200 69192 "-" "Mozilla/5.0 (compatible; DotBot/1.1; http://www.opensiteexplorer.org/dotbot, help@moz.com)"
216.244.66.242 - - [14/Dec/2020:10:05:39 +0100] "GET /princess-sofia-storage-cupboard-p-28200.html HTTP/1.0" 200 71924 "-" "Mozilla/5.0 (compatible; DotBot/1.1; http://www.opensiteexplorer.org/dotbot, help@moz.com)"
5.255.231.71 - - [14/Dec/2020:10:06:24 +0100] "GET /mickey-small-flexible-molds-blue-model-p-28214.html HTTP/1.0" 200 71962 "-" "Mozilla/5.0 (compatible; YandexBot/3.0; +http://yandex.com/bots)"
114.119.144.233 - - [14/Dec/2020:10:06:37 +0100] "GET /images/6942138906110.jpg HTTP/1.0" 200 259 "-" "Mozilla/5.0 (Linux; Android 7.0;) AppleWebKit/537.36 (KHTML, like Gecko) Mobile Safari/537.36 (compatible; PetalBot;+https://aspiegel.com/petalbot)"
54.36.148.180 - - [14/Dec/2020:10:06:48 +0100] "GET /ceramic-salt-box-pure-simple-living-p-50689.html HTTP/1.0" 200 72793 "-" "Mozilla/5.0 (compatible; AhrefsBot/7.0; +http://ahrefs.com/robot/)"
66.249.70.33 - - [14/Dec/2020:10:07:46 +0100] "GET /key-holders-c-13_150_201.html HTTP/1.0" 200 86894 "-" "Mozilla/5.0 (Linux; Android 6.0.1; Nexus 5X Build/MMB29P) AppleWebKit/537.36 (KHTML, like Gecko) Chrome/87.0.4280.90 Mobile Safari/537.36 (compatible; Googlebot/2.1; +http://www.google.com/bot.html)"
207.46.13.49 - - [14/Dec/2020:10:09:05 +0100] "GET /black-ganesh-glass-lamp-p-50578.html HTTP/1.0" 200 72500 "-" "Mozilla/5.0 (compatible; bingbot/2.0; +http://www.bing.com/bingbot.htm)"
54.36.148.164 - - [14/Dec/2020:10:09:21 +0100] "GET /dishes-c-12.html?page=96 HTTP/1.0" 200 91054 "-" "Mozilla/5.0 (compatible; AhrefsBot/7.0; +http://ahrefs.com/robot/)"
66.249.70.36 - - [14/Dec/2020:10:09:48 +0100] "GET /images/DSCN3819.gif HTTP/1.0" 404 1308 "-" "Googlebot-Image/1.0"
207.46.13.191 - - [14/Dec/2020:10:09:48 +0100] "GET /images/100_1885.jpg HTTP/1.0" 200 254 "-" "Mozilla/5.0 (compatible; bingbot/2.0; +http://www.bing.com/bingbot.htm)"
207.46.13.191 - - [14/Dec/2020:10:09:48 +0100] "GET /images/big_prod/4029811311743.jpg HTTP/1.0" 200 268 "-" "Mozilla/5.0 (compatible; bingbot/2.0; +http://www.bing.com/bingbot.htm)"
54.36.149.3 - - [14/Dec/2020:10:10:22 +0100] "GET /italy-flag-shirt-by-cbk-p-30060.html HTTP/1.0" 301 69259 "-" "Mozilla/5.0 (compatible; AhrefsBot/7.0; +http://ahrefs.com/robot/)"
114.119.145.117 - - [14/Dec/2020:10:11:12 +0100] "GET /vintage-clock-victorian-station-p-32123.html HTTP/1.0" 200 72040 "-" "Mozilla/5.0 (Linux; Android 7.0;) AppleWebKit/537.36 (KHTML, like Gecko) Mobile Safari/537.36 (compatible; PetalBot;+https://aspiegel.com/petalbot)"
54.36.148.83 - - [14/Dec/2020:10:11:36 +0100] "GET /led-nightlight-green-bob-despicable-me-p-33708.html HTTP/1.0" 200 72122 "-" "Mozilla/5.0 (compatible; AhrefsBot/7.0; +http://ahrefs.com/robot/)"
66.249.70.36 - - [14/Dec/2020:10:11:38 +0100] "GET /mirror-c-13_133.html HTTP/1.0" 200 90711 "-" "Mozilla/5.0 (compatible; Googlebot/2.1; +http://www.google.com/bot.html)"
54.36.148.83 - - [14/Dec/2020:10:13:52 +0100] "GET /stranger-things-ceramic-mug-p-53480.html HTTP/1.0" 200 71881 "-" "Mozilla/5.0 (compatible; AhrefsBot/7.0; +http://ahrefs.com/robot/)"
13.66.139.79 - - [14/Dec/2020:10:14:06 +0100] "GET /images/1399984241981.jpg HTTP/1.0" 200 259 "-" "Mozilla/5.0 (compatible; bingbot/2.0; +http://www.bing.com/bingbot.htm)"
13.66.139.26 - - [14/Dec/2020:10:15:12 +0100] "GET /images/big_prod/3453131127516.jpg HTTP/1.0" 200 268 "-" "Mozilla/5.0 (compatible; bingbot/2.0; +http://www.bing.com/bingbot.htm)"
114.119.150.15 - - [14/Dec/2020:10:15:29 +0100] "GET /%20images/big_prod/4029811262847.jpg HTTP/1.0" 404 1308 "-" "Mozilla/5.0 (Linux; Android 7.0;) AppleWebKit/537.36 (KHTML, like Gecko) Mobile Safari/537.36 (compatible; PetalBot;+https://aspiegel.com/petalbot)"
54.36.149.1 - - [14/Dec/2020:10:16:05 +0100] "GET /pots-and-cookie-jars-c-12_250.html?page=2 HTTP/1.0" 200 89371 "-" "Mozilla/5.0 (compatible; AhrefsBot/7.0; +http://ahrefs.com/robot/)"
13.66.139.79 - - [14/Dec/2020:10:16:13 +0100] "GET /images/big_prod/1384010206942.jpg HTTP/1.0" 200 268 "-" "Mozilla/5.0 (compatible; bingbot/2.0; +http://www.bing.com/bingbot.htm)"
51.68.224.127 - - [14/Dec/2020:10:17:35 +0100] "GET /adminweb/export_orders_xml.php?token=256de2z6edz6ed2z6DFSFsed2zed6zeDSFDSGdzedezfzf&maxorders=10&orderstart=1&status=14&start_date=2018-10-01 HTTP/1.0" 200 285 "-" "GesCom CharlotteBoutik Serveur"
51.68.224.127 - - [14/Dec/2020:10:17:36 +0100] "GET /adminweb/export_orders_xml.php?token=256de2z6edz6ed2z6DFSFsed2zed6zeDSFDSGdzedezfzf&maxorders=10&orderstart=1&status=6&start_date=2018-10-01 HTTP/1.0" 200 30026 "-" "GesCom CharlotteBoutik Serveur"
207.46.13.49 - - [14/Dec/2020:10:17:37 +0100] "GET /corsica-metal-plate-p-52521.html HTTP/1.0" 200 71802 "-" "Mozilla/5.0 (compatible; bingbot/2.0; +http://www.bing.com/bingbot.htm)"
17.58.101.145 - - [14/Dec/2020:10:18:15 +0100] "GET /tinted-candle-in-the-mass-white-p-48919.html HTTP/1.0" 200 71917 "-" "Mozilla/5.0 (Macintosh; Intel Mac OS X 10_15_5) AppleWebKit/605.1.15 (KHTML, like Gecko) Version/13.1.1 Safari/605.1.15 (Applebot/0.1; +http://www.apple.com/go/applebot)"
66.249.70.33 - - [14/Dec/2020:10:18:22 +0100] "GET /images/mini_prod/1300000023955NN.jpg HTTP/1.0" 200 271 "-" "Googlebot-Image/1.0"
13.66.139.26 - - [14/Dec/2020:10:18:23 +0100] "GET /images/big_prod/3014627557370.jpg HTTP/1.0" 200 268 "-" "Mozilla/5.0 (compatible; bingbot/2.0; +http://www.bing.com/bingbot.htm)"
13.66.139.26 - - [14/Dec/2020:10:18:24 +0100] "GET /images/big_prod/3453131139632.jpg HTTP/1.0" 200 268 "-" "Mozilla/5.0 (compatible; bingbot/2.0; +http://www.bing.com/bingbot.htm)"
54.36.148.83 - - [14/Dec/2020:10:18:31 +0100] "GET /the-spongebob-picnic-bag-p-16807.html HTTP/1.0" 200 73045 "-" "Mozilla/5.0 (compatible; AhrefsBot/7.0; +http://ahrefs.com/robot/)"
13.66.139.26 - - [14/Dec/2020:10:18:46 +0100] "GET /images/big_prod/1384010204412NN.jpg HTTP/1.0" 200 270 "-" "Mozilla/5.0 (compatible; bingbot/2.0; +http://www.bing.com/bingbot.htm)"
13.66.139.65 - - [14/Dec/2020:10:19:04 +0100] "GET /-p-30214.html HTTP/1.0" 200 69192 "-" "Mozilla/5.0 (compatible; bingbot/2.0; +http://www.bing.com/bingbot.htm)"
13.66.139.65 - - [14/Dec/2020:10:19:23 +0100] "GET /images/big_prod/3014627846351NN.jpg HTTP/1.0" 200 270 "-" "Mozilla/5.0 (compatible; bingbot/2.0; +http://www.bing.com/bingbot.htm)"
114.119.130.202 - - [14/Dec/2020:10:19:44 +0100] "GET /betty-boop-ashtray-p-15465.html HTTP/1.0" 301 69259 "-" "Mozilla/5.0 (Linux; Android 7.0;) AppleWebKit/537.36 (KHTML, like Gecko) Mobile Safari/537.36 (compatible; PetalBot;+https://aspiegel.com/petalbot)"
114.119.130.202 - - [14/Dec/2020:10:19:45 +0100] "GET /-p-15465.html HTTP/1.0" 200 69192 "-" "Mozilla/5.0 (Linux; Android 7.0;) AppleWebKit/537.36 (KHTML, like Gecko) Mobile Safari/537.36 (compatible; PetalBot;+https://aspiegel.com/petalbot)"
103.131.71.163 - - [14/Dec/2020:10:20:30 +0100] "GET /robots.txt HTTP/1.0" 200 245 "-" "Mozilla/5.0 (compatible; coccocbot-web/1.0; +http://help.coccoc.com/searchengine)"
103.131.71.176 - - [14/Dec/2020:10:20:32 +0100] "GET /celebration-of-spring-frozen-elsa-fever-figure-collection-p-34269.html HTTP/1.0" 200 73368 "-" "Mozilla/5.0 (compatible; coccocbot-web/1.0; +http://help.coccoc.com/searchengine)"
17.58.101.145 - - [14/Dec/2020:10:20:46 +0100] "GET /-p-16635.html HTTP/1.0" 200 69192 "-" "Mozilla/5.0 (Macintosh; Intel Mac OS X 10_15_5) AppleWebKit/605.1.15 (KHTML, like Gecko) Version/13.1.1 Safari/605.1.15 (Applebot/0.1; +http://www.apple.com/go/applebot)"
54.36.149.93 - - [14/Dec/2020:10:20:49 +0100] "GET /dishes-c-12.html?page=95 HTTP/1.0" 200 90973 "-" "Mozilla/5.0 (compatible; AhrefsBot/7.0; +http://ahrefs.com/robot/)"
207.46.13.175 - - [14/Dec/2020:10:21:23 +0100] "GET /butterflies-salt-and-pepper-p-40633.html HTTP/1.0" 200 69318 "-" "Mozilla/5.0 (compatible; bingbot/2.0; +http://www.bing.com/bingbot.htm)"
13.66.139.65 - - [14/Dec/2020:10:22:03 +0100] "GET /-p-18803.html HTTP/1.0" 200 69192 "-" "Mozilla/5.0 (compatible; bingbot/2.0; +http://www.bing.com/bingbot.htm)"
17.58.101.145 - - [14/Dec/2020:10:22:11 +0100] "GET /buddha-perfume-diffuser-p-52261.html HTTP/1.0" 200 72562 "-" "Mozilla/5.0 (Macintosh; Intel Mac OS X 10_15_5) AppleWebKit/605.1.15 (KHTML, like Gecko) Version/13.1.1 Safari/605.1.15 (Applebot/0.1; +http://www.apple.com/go/applebot)"
13.66.139.26 - - [14/Dec/2020:10:22:44 +0100] "GET /images/big_prod/8718317691980.jpg HTTP/1.0" 200 268 "-" "Mozilla/5.0 (compatible; bingbot/2.0; +http://www.bing.com/bingbot.htm)"
13.66.139.65 - - [14/Dec/2020:10:22:49 +0100] "GET /images/8006529251222.jpg HTTP/1.0" 200 259 "-" "Mozilla/5.0 (compatible; bingbot/2.0; +http://www.bing.com/bingbot.htm)"
54.36.148.31 - - [14/Dec/2020:10:23:08 +0100] "GET /stone-labradorite-30-40-grams-p-46587.html HTTP/1.0" 200 73499 "-" "Mozilla/5.0 (compatible; AhrefsBot/7.0; +http://ahrefs.com/robot/)"
207.46.13.49 - - [14/Dec/2020:10:23:18 +0100] "GET /images/big_prod_1/9316188076913N.jpg HTTP/1.0" 200 271 "-" "Mozilla/5.0 (compatible; bingbot/2.0; +http://www.bing.com/bingbot.htm)"
13.66.139.26 - - [14/Dec/2020:10:23:25 +0100] "GET /images/med_prod/3660173185897.jpg HTTP/1.0" 200 268 "-" "Mozilla/5.0 (compatible; bingbot/2.0; +http://www.bing.com/bingbot.htm)"
13.66.139.26 - - [14/Dec/2020:10:23:25 +0100] "GET /images/big_prod/3014627848317.jpg HTTP/1.0" 200 268 "-" "Mozilla/5.0 (compatible; bingbot/2.0; +http://www.bing.com/bingbot.htm)"
114.119.145.117 - - [14/Dec/2020:10:24:02 +0100] "GET /flower-pot-summer-collection-ladybug-p-52694.html HTTP/1.0" 200 72011 "-" "Mozilla/5.0 (Linux; Android 7.0;) AppleWebKit/537.36 (KHTML, like Gecko) Mobile Safari/537.36 (compatible; PetalBot;+https://aspiegel.com/petalbot)"
13.66.139.65 - - [14/Dec/2020:10:24:44 +0100] "GET /images/4007176153116.jpg HTTP/1.0" 200 259 "-" "Mozilla/5.0 (compatible; bingbot/2.0; +http://www.bing.com/bingbot.htm)"
13.66.139.26 - - [14/Dec/2020:10:24:48 +0100] "GET /images/1399984251140.jpg HTTP/1.0" 200 259 "-" "Mozilla/5.0 (compatible; bingbot/2.0; +http://www.bing.com/bingbot.htm)"
13.66.139.26 - - [14/Dec/2020:10:24:49 +0100] "GET /images/big_prod/8422188078589.jpg HTTP/1.0" 200 268 "-" "Mozilla/5.0 (compatible; bingbot/2.0; +http://www.bing.com/bingbot.htm)"
54.36.148.83 - - [14/Dec/2020:10:25:20 +0100] "GET /betty-boop-photo-frame-p-17824.html HTTP/1.0" 200 71872 "-" "Mozilla/5.0 (compatible; AhrefsBot/7.0; +http://ahrefs.com/robot/)"
13.66.139.26 - - [14/Dec/2020:10:25:54 +0100] "GET /images/big_prod/3457019600511b.jpg HTTP/1.0" 200 269 "-" "Mozilla/5.0 (compatible; bingbot/2.0; +http://www.bing.com/bingbot.htm)"
13.66.139.26 - - [14/Dec/2020:10:26:04 +0100] "GET /images/big_prod/CD4061c.jpg HTTP/1.0" 200 262 "-" "Mozilla/5.0 (compatible; bingbot/2.0; +http://www.bing.com/bingbot.htm)"
207.46.13.191 - - [14/Dec/2020:10:26:31 +0100] "GET /images/big_prod_1/b4895220300513.jpg HTTP/1.0" 200 271 "-" "Mozilla/5.0 (compatible; bingbot/2.0; +http://www.bing.com/bingbot.htm)"
13.66.139.65 - - [14/Dec/2020:10:26:44 +0100] "GET /images/big_prod_1/1318600329995a.jpg HTTP/1.0" 200 271 "-" "Mozilla/5.0 (compatible; bingbot/2.0; +http://www.bing.com/bingbot.htm)"
157.55.39.82 - - [14/Dec/2020:10:26:52 +0100] "GET /lighting-c-13_86.html?page=14 HTTP/1.0" 200 93481 "-" "Mozilla/5.0 (compatible; bingbot/2.0; +http://www.bing.com/bingbot.htm)"
66.249.70.36 - - [14/Dec/2020:10:26:56 +0100] "GET /images/big_prod_1/MUG030a.jpg HTTP/1.0" 200 264 "-" "Googlebot-Image/1.0"
13.66.139.65 - - [14/Dec/2020:10:27:25 +0100] "GET /images/big_prod_1/1328399219223b.jpg HTTP/1.0" 200 271 "-" "Mozilla/5.0 (compatible; bingbot/2.0; +http://www.bing.com/bingbot.htm)"
207.46.13.175 - - [14/Dec/2020:10:27:33 +0100] "GET /images/big_prod/3560600311748.jpg HTTP/1.0" 200 268 "-" "Mozilla/5.0 (compatible; bingbot/2.0; +http://www.bing.com/bingbot.htm)"
13.66.139.26 - - [14/Dec/2020:10:27:37 +0100] "GET / HTTP/1.0" 200 149259 "-" "Mozilla/5.0 (compatible; bingbot/2.0; +http://www.bing.com/bingbot.htm)"
54.36.148.96 - - [14/Dec/2020:10:27:39 +0100] "GET /brown-adult-cotton-apron-p-41419.html HTTP/1.0" 200 71816 "-" "Mozilla/5.0 (compatible; AhrefsBot/7.0; +http://ahrefs.com/robot/)"
13.66.139.65 - - [14/Dec/2020:10:28:04 +0100] "GET /images/big_prod/5018997622100.jpg HTTP/1.0" 200 268 "-" "Mozilla/5.0 (compatible; bingbot/2.0; +http://www.bing.com/bingbot.htm)"
114.119.147.45 - - [14/Dec/2020:10:28:25 +0100] "GET /tomato-large-soup-bowl-p-37833.html HTTP/1.0" 301 69259 "-" "Mozilla/5.0 (Linux; Android 7.0;) AppleWebKit/537.36 (KHTML, like Gecko) Mobile Safari/537.36 (compatible; PetalBot;+https://aspiegel.com/petalbot)"
77.75.77.72 - - [14/Dec/2020:10:28:25 +0100] "GET /robots.txt HTTP/1.0" 200 245 "-" "Mozilla/5.0 (compatible; SeznamBot/3.2; +http://napoveda.seznam.cz/en/seznambot-intro/)"
77.75.77.72 - - [14/Dec/2020:10:28:25 +0100] "GET /cat-bowls-table-p-32924.html HTTP/1.0" 200 71865 "-" "Mozilla/5.0 (compatible; SeznamBot/3.2; +http://napoveda.seznam.cz/en/seznambot-intro/)"
114.119.147.45 - - [14/Dec/2020:10:28:26 +0100] "GET /-p-37833.html HTTP/1.0" 200 69192 "-" "Mozilla/5.0 (Linux; Android 7.0;) AppleWebKit/537.36 (KHTML, like Gecko) Mobile Safari/537.36 (compatible; PetalBot;+https://aspiegel.com/petalbot)"
13.66.139.65 - - [14/Dec/2020:10:28:45 +0100] "GET /images/big_prod_1/3560600314978B.jpg HTTP/1.0" 200 271 "-" "Mozilla/5.0 (compatible; bingbot/2.0; +http://www.bing.com/bingbot.htm)"
157.55.39.179 - - [14/Dec/2020:10:28:51 +0100] "GET /images/big_prod/281413.jpg HTTP/1.0" 200 261 "-" "Mozilla/5.0 (compatible; bingbot/2.0; +http://www.bing.com/bingbot.htm)"
54.36.148.83 - - [14/Dec/2020:10:30:01 +0100] "GET /stone-labradorite-40-50-grams-p-46588.html HTTP/1.0" 200 73499 "-" "Mozilla/5.0 (compatible; AhrefsBot/7.0; +http://ahrefs.com/robot/)"
13.66.139.26 - - [14/Dec/2020:10:30:05 +0100] "GET /images/TROME3137.jpg HTTP/1.0" 200 255 "-" "Mozilla/5.0 (compatible; bingbot/2.0; +http://www.bing.com/bingbot.htm)"
13.66.139.26 - - [14/Dec/2020:10:30:05 +0100] "GET /images/big_prod/84339102323460.jpg HTTP/1.0" 200 269 "-" "Mozilla/5.0 (compatible; bingbot/2.0; +http://www.bing.com/bingbot.htm)"
157.55.39.179 - - [14/Dec/2020:10:30:40 +0100] "GET /images/5055071683466.jpg HTTP/1.0" 200 259 "-" "Mozilla/5.0 (compatible; bingbot/2.0; +http://www.bing.com/bingbot.htm)"
13.66.139.65 - - [14/Dec/2020:10:30:45 +0100] "GET /images/big_prod_3/a5018997629734.jpg HTTP/1.0" 200 271 "-" "Mozilla/5.0 (compatible; bingbot/2.0; +http://www.bing.com/bingbot.htm)"
157.55.39.82 - - [14/Dec/2020:10:31:28 +0100] "GET /images/big_prod_1/b8435333824252.jpg HTTP/1.0" 200 271 "-" "Mozilla/5.0 (compatible; bingbot/2.0; +http://www.bing.com/bingbot.htm)"
13.66.139.26 - - [14/Dec/2020:10:31:44 +0100] "GET /images/4025055995275.jpg HTTP/1.0" 200 259 "-" "Mozilla/5.0 (compatible; bingbot/2.0; +http://www.bing.com/bingbot.htm)"
54.36.148.163 - - [14/Dec/2020:10:32:21 +0100] "GET /bodega-oven-mitt-p-51439.html HTTP/1.0" 200 71828 "-" "Mozilla/5.0 (compatible; AhrefsBot/7.0; +http://ahrefs.com/robot/)"
114.119.132.105 - - [14/Dec/2020:10:32:39 +0100] "GET /strawberry-shortcake-hat-and-scarf-p-22130.html HTTP/1.0" 200 69353 "-" "Mozilla/5.0 (Linux; Android 7.0;) AppleWebKit/537.36 (KHTML, like Gecko) Mobile Safari/537.36 (compatible; PetalBot;+https://aspiegel.com/petalbot)"
13.66.139.26 - - [14/Dec/2020:10:32:45 +0100] "GET /images/big_prod_2/c9316188080996.jpg HTTP/1.0" 200 271 "-" "Mozilla/5.0 (compatible; bingbot/2.0; +http://www.bing.com/bingbot.htm)"
157.55.39.179 - - [14/Dec/2020:10:33:19 +0100] "GET /soft-toys-security-blanket-c-4_46.html?page=2 HTTP/1.0" 200 91982 "-" "Mozilla/5.0 (compatible; bingbot/2.0; +http://www.bing.com/bingbot.htm)"
51.68.224.127 - - [14/Dec/2020:10:33:25 +0100] "GET /adminweb/export_orders_xml.php?token=256de2z6edz6ed2z6DFSFsed2zed6zeDSFDSGdzedezfzf&maxorders=10&orderstart=1&status=14&start_date=2018-10-01 HTTP/1.0" 200 285 "-" "GesCom CharlotteBoutik Serveur"
51.68.224.127 - - [14/Dec/2020:10:33:25 +0100] "GET /adminweb/export_orders_xml.php?token=256de2z6edz6ed2z6DFSFsed2zed6zeDSFDSGdzedezfzf&maxorders=10&orderstart=1&status=6&start_date=2018-10-01 HTTP/1.0" 200 30026 "-" "GesCom CharlotteBoutik Serveur"
13.66.139.26 - - [14/Dec/2020:10:33:54 +0100] "GET /-p-22834.html HTTP/1.0" 200 69192 "-" "Mozilla/5.0 (compatible; bingbot/2.0; +http://www.bing.com/bingbot.htm)"
207.46.13.175 - - [14/Dec/2020:10:34:03 +0100] "GET /hanging-iron-structure-peacock-51-45-cm-p-47929.html HTTP/1.0" 200 69342 "-" "Mozilla/5.0 (compatible; bingbot/2.0; +http://www.bing.com/bingbot.htm)"
157.55.39.184 - - [14/Dec/2020:10:34:11 +0100] "GET /images/4008789048202.jpg HTTP/1.0" 200 259 "-" "Mozilla/5.0 (compatible; bingbot/2.0; +http://www.bing.com/bingbot.htm)"
157.55.39.184 - - [14/Dec/2020:10:34:12 +0100] "GET /accessories/jewels-beauty-accessories/yuna-kimmidoll-necklace-swarovski-p-15877.html HTTP/1.0" 301 69448 "-" "Mozilla/5.0 (compatible; bingbot/2.0; +http://www.bing.com/bingbot.htm)"
157.55.39.184 - - [14/Dec/2020:10:34:13 +0100] "GET /images/3272760377433.jpg HTTP/1.0" 200 259 "-" "Mozilla/5.0 (compatible; bingbot/2.0; +http://www.bing.com/bingbot.htm)"
157.55.39.184 - - [14/Dec/2020:10:34:13 +0100] "GET /decorations-and-furnishings/decorations/route-usa-flag-mirror-p-10864.html HTTP/1.0" 301 69412 "-" "Mozilla/5.0 (compatible; bingbot/2.0; +http://www.bing.com/bingbot.htm)"
157.55.39.184 - - [14/Dec/2020:10:34:14 +0100] "GET /images/big_prod/1384010206942.jpg HTTP/1.0" 200 268 "-" "Mozilla/5.0 (compatible; bingbot/2.0; +http://www.bing.com/bingbot.htm)"
13.66.139.65 - - [14/Dec/2020:10:34:34 +0100] "GET /-p-24470.html HTTP/1.0" 200 69192 "-" "Mozilla/5.0 (compatible; bingbot/2.0; +http://www.bing.com/bingbot.htm)"
13.66.139.65 - - [14/Dec/2020:10:34:35 +0100] "GET /images/med_prod/1384010184271.jpg HTTP/1.0" 200 268 "-" "Mozilla/5.0 (compatible; bingbot/2.0; +http://www.bing.com/bingbot.htm)"
54.36.149.5 - - [14/Dec/2020:10:34:38 +0100] "GET /stone-labradorite-60-70-grams-p-46590.html HTTP/1.0" 200 73499 "-" "Mozilla/5.0 (compatible; AhrefsBot/7.0; +http://ahrefs.com/robot/)"
66.249.70.36 - - [14/Dec/2020:10:35:31 +0100] "GET /images/mini_prod/1399986100972.jpg HTTP/1.0" 200 269 "-" "Googlebot-Image/1.0"
13.66.139.65 - - [14/Dec/2020:10:36:05 +0100] "GET /-p-22363.html HTTP/1.0" 200 69192 "-" "Mozilla/5.0 (compatible; bingbot/2.0; +http://www.bing.com/bingbot.htm)"
13.66.139.65 - - [14/Dec/2020:10:36:06 +0100] "GET /images/8435333809884.jpg HTTP/1.0" 200 259 "-" "Mozilla/5.0 (compatible; bingbot/2.0; +http://www.bing.com/bingbot.htm)"
13.66.139.65 - - [14/Dec/2020:10:36:06 +0100] "GET /images/robeckhiver2011rose.jpg HTTP/1.0" 200 265 "-" "Mozilla/5.0 (compatible; bingbot/2.0; +http://www.bing.com/bingbot.htm)"
13.66.139.65 - - [14/Dec/2020:10:36:06 +0100] "GET /images/1399984254820.jpg HTTP/1.0" 200 259 "-" "Mozilla/5.0 (compatible; bingbot/2.0; +http://www.bing.com/bingbot.htm)"
157.55.39.82 - - [14/Dec/2020:10:36:27 +0100] "GET /images/big_prod/1384010202579.jpg HTTP/1.0" 200 268 "-" "Mozilla/5.0 (compatible; bingbot/2.0; +http://www.bing.com/bingbot.htm)"
13.66.139.65 - - [14/Dec/2020:10:36:45 +0100] "GET /images/big_prod/3574642017070.jpg HTTP/1.0" 200 268 "-" "Mozilla/5.0 (compatible; bingbot/2.0; +http://www.bing.com/bingbot.htm)"
54.36.148.219 - - [14/Dec/2020:10:36:55 +0100] "GET /new-york-pot-cookware-cbkreation-p-29700.html HTTP/1.0" 200 71896 "-" "Mozilla/5.0 (compatible; AhrefsBot/7.0; +http://ahrefs.com/robot/)"
114.119.144.233 - - [14/Dec/2020:10:37:00 +0100] "GET /small-chickens-set-salt-and-pepper-p-36475.html HTTP/1.0" 200 71933 "-" "Mozilla/5.0 (Linux; Android 7.0;) AppleWebKit/537.36 (KHTML, like Gecko) Mobile Safari/537.36 (compatible; PetalBot;+https://aspiegel.com/petalbot)"
216.244.66.242 - - [14/Dec/2020:10:37:14 +0100] "GET /robots.txt HTTP/1.0" 200 245 "-" "Mozilla/5.0 (compatible; DotBot/1.1; http://www.opensiteexplorer.org/dotbot, help@moz.com)"
13.66.139.65 - - [14/Dec/2020:10:38:16 +0100] "GET /images/big_prod/6943252681808.jpg HTTP/1.0" 200 268 "-" "Mozilla/5.0 (compatible; bingbot/2.0; +http://www.bing.com/bingbot.htm)"
54.36.148.83 - - [14/Dec/2020:10:39:24 +0100] "GET /adult-cotton-apron-stone-collection-p-40207.html HTTP/1.0" 200 71901 "-" "Mozilla/5.0 (compatible; AhrefsBot/7.0; +http://ahrefs.com/robot/)"
13.66.139.26 - - [14/Dec/2020:10:39:26 +0100] "GET /images/1399984254417.jpg HTTP/1.0" 200 259 "-" "Mozilla/5.0 (compatible; bingbot/2.0; +http://www.bing.com/bingbot.htm)"
207.46.13.191 - - [14/Dec/2020:10:40:01 +0100] "GET /images/3700217350147.jpg HTTP/1.0" 200 259 "-" "Mozilla/5.0 (compatible; bingbot/2.0; +http://www.bing.com/bingbot.htm)"
207.46.13.49 - - [14/Dec/2020:10:40:30 +0100] "GET /images/4842200232326.jpg HTTP/1.0" 200 259 "-" "Mozilla/5.0 (compatible; bingbot/2.0; +http://www.bing.com/bingbot.htm)"
13.66.139.65 - - [14/Dec/2020:10:41:25 +0100] "GET /images/big_prod/1399986103065.jpg HTTP/1.0" 200 268 "-" "Mozilla/5.0 (compatible; bingbot/2.0; +http://www.bing.com/bingbot.htm)"
114.119.151.113 - - [14/Dec/2020:10:41:29 +0100] "GET /images/mini_prod/N1384010177280.jpg HTTP/1.0" 200 270 "-" "Mozilla/5.0 (Linux; Android 7.0;) AppleWebKit/537.36 (KHTML, like Gecko) Mobile Safari/537.36 (compatible; PetalBot;+https://aspiegel.com/petalbot)"
54.36.149.72 - - [14/Dec/2020:10:42:03 +0100] "GET /ecru-burundi-stool-p-51594.html HTTP/1.0" 200 72421 "-" "Mozilla/5.0 (compatible; AhrefsBot/7.0; +http://ahrefs.com/robot/)"
17.58.101.145 - - [14/Dec/2020:10:43:28 +0100] "GET /hello-kitty-by-victoria-casal-couture-white-watch-p-20140.html HTTP/1.0" 200 71998 "-" "Mozilla/5.0 (Macintosh; Intel Mac OS X 10_15_5) AppleWebKit/605.1.15 (KHTML, like Gecko) Version/13.1.1 Safari/605.1.15 (Applebot/0.1; +http://www.apple.com/go/applebot)"
66.249.70.62 - - [14/Dec/2020:10:44:05 +0100] "GET /images/mini_prod/3609810034754.jpg HTTP/1.0" 200 269 "-" "Googlebot-Image/1.0"
13.66.139.65 - - [14/Dec/2020:10:44:15 +0100] "GET /-p-11175.html HTTP/1.0" 200 69192 "-" "Mozilla/5.0 (compatible; bingbot/2.0; +http://www.bing.com/bingbot.htm)"
54.36.149.42 - - [14/Dec/2020:10:44:38 +0100] "GET /blue-adult-cotton-apron-p-44330.html HTTP/1.0" 200 71793 "-" "Mozilla/5.0 (compatible; AhrefsBot/7.0; +http://ahrefs.com/robot/)"
157.55.39.217 - - [14/Dec/2020:10:45:29 +0100] "GET /images/3700653501301.jpg HTTP/1.0" 200 259 "-" "Mozilla/5.0 (compatible; bingbot/2.0; +http://www.bing.com/bingbot.htm)"
157.55.39.217 - - [14/Dec/2020:10:45:30 +0100] "GET /images/big_prod_3/4260082936956c.jpg HTTP/1.0" 200 271 "-" "Mozilla/5.0 (compatible; bingbot/2.0; +http://www.bing.com/bingbot.htm)"
157.55.39.179 - - [14/Dec/2020:10:45:52 +0100] "GET /images/big_prod_2/5404006045211c.jpg HTTP/1.0" 200 271 "-" "Mozilla/5.0 (compatible; bingbot/2.0; +http://www.bing.com/bingbot.htm)"
13.66.139.26 - - [14/Dec/2020:10:46:07 +0100] "GET /images/big_prod/1384010188828.jpg HTTP/1.0" 200 268 "-" "Mozilla/5.0 (compatible; bingbot/2.0; +http://www.bing.com/bingbot.htm)"
13.66.139.26 - - [14/Dec/2020:10:46:08 +0100] "GET /images/big_prod/3608860230260.jpg HTTP/1.0" 200 268 "-" "Mozilla/5.0 (compatible; bingbot/2.0; +http://www.bing.com/bingbot.htm)"
114.119.145.117 - - [14/Dec/2020:10:46:18 +0100] "GET /images/big_prod/1041GJ04.jpg HTTP/1.0" 200 263 "-" "Mozilla/5.0 (Linux; Android 7.0;) AppleWebKit/537.36 (KHTML, like Gecko) Mobile Safari/537.36 (compatible; PetalBot;+https://aspiegel.com/petalbot)"
17.58.101.145 - - [14/Dec/2020:10:46:36 +0100] "GET /piggy-bank-with-small-hammer-18-ans-p-45013.html HTTP/1.0" 200 72624 "-" "Mozilla/5.0 (Macintosh; Intel Mac OS X 10_15_5) AppleWebKit/605.1.15 (KHTML, like Gecko) Version/13.1.1 Safari/605.1.15 (Applebot/0.1; +http://www.apple.com/go/applebot)"
54.36.148.164 - - [14/Dec/2020:10:46:49 +0100] "GET /pepe-jeans-flowers-backpack-p-35992.html HTTP/1.0" 301 69259 "-" "Mozilla/5.0 (compatible; AhrefsBot/7.0; +http://ahrefs.com/robot/)"
54.36.148.83 - - [14/Dec/2020:10:47:03 +0100] "GET /wise-wings-owl-keychain-p-51825.html HTTP/1.0" 200 72733 "-" "Mozilla/5.0 (compatible; AhrefsBot/7.0; +http://ahrefs.com/robot/)"
207.46.13.90 - - [14/Dec/2020:10:47:39 +0100] "GET /images/big_prod/8433933227534.jpg HTTP/1.0" 200 268 "-" "Mozilla/5.0 (compatible; bingbot/2.0; +http://www.bing.com/bingbot.htm)"
188.247.199.125 - - [14/Dec/2020:10:47:40 +0100] "GET /images/big_prod/3453131141147.jpg HTTP/1.0" 200 268 "-" "Mozilla/5.0 (Linux; Android 10; SM-A505FN Build/QP1A.190711.020; wv) AppleWebKit/537.36 (KHTML, like Gecko) Version/4.0 Chrome/87.0.4280.101 Mobile Safari/537.36 YandexSearch/8.30 YandexSearchWebView/8.30"
207.46.13.49 - - [14/Dec/2020:10:48:21 +0100] "GET /images/big_prod_1/3091693063516B.jpg HTTP/1.0" 200 271 "-" "Mozilla/5.0 (compatible; bingbot/2.0; +http://www.bing.com/bingbot.htm)"
216.244.66.242 - - [14/Dec/2020:10:49:05 +0100] "GET /rebecca-bonbon-bag-p-5254.html HTTP/1.0" 200 69252 "-" "Mozilla/5.0 (compatible; DotBot/1.1; http://www.opensiteexplorer.org/dotbot, help@moz.com)"
207.46.13.175 - - [14/Dec/2020:10:49:06 +0100] "GET /bedclothes-140-200-cm-parma-striped-p-44344.html HTTP/1.0" 200 72034 "-" "Mozilla/5.0 (compatible; bingbot/2.0; +http://www.bing.com/bingbot.htm)"
51.68.224.127 - - [14/Dec/2020:10:49:10 +0100] "GET /adminweb/export_orders_xml.php?token=256de2z6edz6ed2z6DFSFsed2zed6zeDSFDSGdzedezfzf&maxorders=10&orderstart=1&status=14&start_date=2018-10-01 HTTP/1.0" 200 285 "-" "GesCom CharlotteBoutik Serveur"
51.68.224.127 - - [14/Dec/2020:10:49:10 +0100] "GET /adminweb/export_orders_xml.php?token=256de2z6edz6ed2z6DFSFsed2zed6zeDSFDSGdzedezfzf&maxorders=10&orderstart=1&status=6&start_date=2018-10-01 HTTP/1.0" 200 30026 "-" "GesCom CharlotteBoutik Serveur"
157.55.39.179 - - [14/Dec/2020:10:49:23 +0100] "GET /mirabelle-calendar-year-2016-p-31180.html HTTP/1.0" 200 72065 "-" "Mozilla/5.0 (compatible; bingbot/2.0; +http://www.bing.com/bingbot.htm)"
54.36.148.22 - - [14/Dec/2020:10:49:24 +0100] "GET /stone-polychrome-jasper-80-90-grams-p-46579.html HTTP/1.0" 200 73158 "-" "Mozilla/5.0 (compatible; AhrefsBot/7.0; +http://ahrefs.com/robot/)"
13.66.139.26 - - [14/Dec/2020:10:50:07 +0100] "GET /images/8033667001143.jpg HTTP/1.0" 200 259 "-" "Mozilla/5.0 (compatible; bingbot/2.0; +http://www.bing.com/bingbot.htm)"
17.58.101.145 - - [14/Dec/2020:10:50:42 +0100] "GET /-p-20764.html HTTP/1.0" 200 69192 "-" "Mozilla/5.0 (Macintosh; Intel Mac OS X 10_15_5) AppleWebKit/605.1.15 (KHTML, like Gecko) Version/13.1.1 Safari/605.1.15 (Applebot/0.1; +http://www.apple.com/go/applebot)"
13.66.139.65 - - [14/Dec/2020:10:51:37 +0100] "GET /images/big_prod/50140424346522613.jpg HTTP/1.0" 200 272 "-" "Mozilla/5.0 (compatible; bingbot/2.0; +http://www.bing.com/bingbot.htm)"
54.36.148.83 - - [14/Dec/2020:10:51:46 +0100] "GET /cat-bowl-french-kiss-paris-p-37289.html HTTP/1.0" 200 71847 "-" "Mozilla/5.0 (compatible; AhrefsBot/7.0; +http://ahrefs.com/robot/)"
207.46.13.175 - - [14/Dec/2020:10:52:26 +0100] "GET /images/med_prod/1384010181331.jpg HTTP/1.0" 200 268 "-" "Mozilla/5.0 (compatible; bingbot/2.0; +http://www.bing.com/bingbot.htm)"
13.66.139.26 - - [14/Dec/2020:10:52:31 +0100] "GET /-p-31863.html HTTP/1.0" 200 69192 "-" "Mozilla/5.0 (compatible; bingbot/2.0; +http://www.bing.com/bingbot.htm)"
114.119.132.105 - - [14/Dec/2020:10:52:33 +0100] "GET /%20images/big_prod/8424001118625B.jpg HTTP/1.0" 404 1308 "-" "Mozilla/5.0 (Linux; Android 7.0;) AppleWebKit/537.36 (KHTML, like Gecko) Mobile Safari/537.36 (compatible; PetalBot;+https://aspiegel.com/petalbot)"
66.249.70.36 - - [14/Dec/2020:10:52:39 +0100] "GET /images/big_prod/9316188054003.jpg HTTP/1.0" 200 268 "-" "Googlebot-Image/1.0"
216.244.66.242 - - [14/Dec/2020:10:52:40 +0100] "GET /home-and-decoration-c-13.html?page=17 HTTP/1.0" 200 91756 "-" "Mozilla/5.0 (compatible; DotBot/1.1; http://www.opensiteexplorer.org/dotbot, help@moz.com)"
13.66.139.65 - - [14/Dec/2020:10:52:47 +0100] "GET /-p-33673.html HTTP/1.0" 200 69192 "-" "Mozilla/5.0 (compatible; bingbot/2.0; +http://www.bing.com/bingbot.htm)"
216.244.66.242 - - [14/Dec/2020:10:52:59 +0100] "GET /minnie-mouse-disney-suitcase-p-31207.html HTTP/1.0" 200 72293 "-" "Mozilla/5.0 (compatible; DotBot/1.1; http://www.opensiteexplorer.org/dotbot, help@moz.com)"
54.36.149.101 - - [14/Dec/2020:10:54:09 +0100] "GET /espresso-set-cups-bistro-p-49739.html HTTP/1.0" 200 71882 "-" "Mozilla/5.0 (compatible; AhrefsBot/7.0; +http://ahrefs.com/robot/)"
216.244.66.242 - - [14/Dec/2020:10:54:32 +0100] "GET /tour-de-france-little-tray-21-14-cm-p-51675.html HTTP/1.0" 200 71958 "-" "Mozilla/5.0 (compatible; DotBot/1.1; http://www.opensiteexplorer.org/dotbot, help@moz.com)"
13.66.139.65 - - [14/Dec/2020:10:54:38 +0100] "GET /images/B1399984242018B.jpg HTTP/1.0" 200 261 "-" "Mozilla/5.0 (compatible; bingbot/2.0; +http://www.bing.com/bingbot.htm)"
13.66.139.26 - - [14/Dec/2020:10:55:57 +0100] "GET /images/3298060223652.jpg HTTP/1.0" 200 259 "-" "Mozilla/5.0 (compatible; bingbot/2.0; +http://www.bing.com/bingbot.htm)"
216.244.66.242 - - [14/Dec/2020:10:55:59 +0100] "GET /candy-cloud-bamboo-cup-dreamer-p-51811.html HTTP/1.0" 200 71851 "-" "Mozilla/5.0 (compatible; DotBot/1.1; http://www.opensiteexplorer.org/dotbot, help@moz.com)"
13.66.139.26 - - [14/Dec/2020:10:56:08 +0100] "GET /images/big_prod/8718375751022.jpg HTTP/1.0" 200 268 "-" "Mozilla/5.0 (compatible; bingbot/2.0; +http://www.bing.com/bingbot.htm)"
216.244.66.242 - - [14/Dec/2020:10:56:09 +0100] "GET /pusheen-the-grey-cat-soft-toy-27-cm-ice-cream-sundae-p-44588.html HTTP/1.0" 200 72179 "-" "Mozilla/5.0 (compatible; DotBot/1.1; http://www.opensiteexplorer.org/dotbot, help@moz.com)"
54.36.148.83 - - [14/Dec/2020:10:56:12 +0100] "GET /dog-bowl-dog-p-31702.html HTTP/1.0" 200 71754 "-" "Mozilla/5.0 (compatible; AhrefsBot/7.0; +http://ahrefs.com/robot/)"
13.66.139.65 - - [14/Dec/2020:10:56:13 +0100] "GET /images/astefalbalaidefix.jpg HTTP/1.0" 200 263 "-" "Mozilla/5.0 (compatible; bingbot/2.0; +http://www.bing.com/bingbot.htm)"
216.244.66.242 - - [14/Dec/2020:10:56:12 +0100] "GET /moulin-rouge-mug-p-13001.html HTTP/1.0" 200 71737 "-" "Mozilla/5.0 (compatible; DotBot/1.1; http://www.opensiteexplorer.org/dotbot, help@moz.com)"
216.244.66.242 - - [14/Dec/2020:10:56:18 +0100] "GET /route-66-metal-plate-20-30-cm-p-29720.html HTTP/1.0" 200 71885 "-" "Mozilla/5.0 (compatible; DotBot/1.1; http://www.opensiteexplorer.org/dotbot, help@moz.com)"
216.244.66.242 - - [14/Dec/2020:10:56:21 +0100] "GET /eskimo-ice-cream-spoons-set-p-39008.html HTTP/1.0" 200 72648 "-" "Mozilla/5.0 (compatible; DotBot/1.1; http://www.opensiteexplorer.org/dotbot, help@moz.com)"
216.244.66.242 - - [14/Dec/2020:10:56:25 +0100] "GET /hello-kitty-by-camomilla-purple-sequins-large-handbag-p-8395.html HTTP/1.0" 200 72352 "-" "Mozilla/5.0 (compatible; DotBot/1.1; http://www.opensiteexplorer.org/dotbot, help@moz.com)"
216.244.66.242 - - [14/Dec/2020:10:56:29 +0100] "GET /egyptian-money-box-by-cbkreation-p-24147.html HTTP/1.0" 200 71937 "-" "Mozilla/5.0 (compatible; DotBot/1.1; http://www.opensiteexplorer.org/dotbot, help@moz.com)"
216.244.66.242 - - [14/Dec/2020:10:56:53 +0100] "GET /bathroom-ceramic-set-la-savonnette-marseillaise-p-35939.html HTTP/1.0" 200 69424 "-" "Mozilla/5.0 (compatible; DotBot/1.1; http://www.opensiteexplorer.org/dotbot, help@moz.com)"
103.131.71.165 - - [14/Dec/2020:10:57:02 +0100] "GET /robots.txt HTTP/1.0" 301 531 "-" "Mozilla/5.0 (compatible; coccocbot-web/1.0; +http://help.coccoc.com/searchengine)"
103.131.71.165 - - [14/Dec/2020:10:57:04 +0100] "GET /robots.txt HTTP/1.0" 200 245 "-" "Mozilla/5.0 (compatible; coccocbot-web/1.0; +http://help.coccoc.com/searchengine)"
114.119.147.45 - - [14/Dec/2020:10:57:24 +0100] "GET /ariel-sitting-on-rock-by-moon-p-51161.html HTTP/1.0" 200 73354 "-" "Mozilla/5.0 (Linux; Android 7.0;) AppleWebKit/537.36 (KHTML, like Gecko) Mobile Safari/537.36 (compatible; PetalBot;+https://aspiegel.com/petalbot)"
66.249.70.62 - - [14/Dec/2020:10:58:00 +0100] "GET /coca-cola-blue-metal-plate-30-20-cm-p-37156.html HTTP/1.0" 200 71945 "-" "Mozilla/5.0 (Linux; Android 6.0.1; Nexus 5X Build/MMB29P) AppleWebKit/537.36 (KHTML, like Gecko) Chrome/87.0.4280.90 Mobile Safari/537.36 (compatible; Googlebot/2.1; +http://www.google.com/bot.html)"
13.66.139.26 - - [14/Dec/2020:10:58:17 +0100] "GET / HTTP/1.0" 200 149677 "-" "Mozilla/5.0 (compatible; bingbot/2.0; +http://www.bing.com/bingbot.htm)"
54.36.148.83 - - [14/Dec/2020:10:58:21 +0100] "GET /pouf-covered-with-light-grey-velvet-315-34-465-cm-p-46354.html HTTP/1.0" 200 73393 "-" "Mozilla/5.0 (compatible; AhrefsBot/7.0; +http://ahrefs.com/robot/)"
114.119.154.200 - - [14/Dec/2020:10:58:54 +0100] "GET /cement-tile-stickers-15-15-cm-p-51630.html HTTP/1.0" 200 72163 "-" "Mozilla/5.0 (Linux; Android 7.0;) AppleWebKit/537.36 (KHTML, like Gecko) Mobile Safari/537.36 (compatible; PetalBot;+https://aspiegel.com/petalbot)"
54.36.148.239 - - [14/Dec/2020:11:00:24 +0100] "GET /dishes-c-12.html?page=105 HTTP/1.0" 200 91017 "-" "Mozilla/5.0 (compatible; AhrefsBot/7.0; +http://ahrefs.com/robot/)"
54.36.149.43 - - [14/Dec/2020:11:00:32 +0100] "GET /giraffe-cushion-p-31467.html HTTP/1.0" 301 69259 "-" "Mozilla/5.0 (compatible; AhrefsBot/7.0; +http://ahrefs.com/robot/)"
207.46.13.49 - - [14/Dec/2020:11:00:52 +0100] "GET /deco-kit-sommelier-p-47459.html HTTP/1.0" 200 72652 "-" "Mozilla/5.0 (compatible; bingbot/2.0; +http://www.bing.com/bingbot.htm)"
157.55.39.179 - - [14/Dec/2020:11:01:55 +0100] "GET /images/med_prod/8430269235288.jpg HTTP/1.0" 200 268 "-" "Mozilla/5.0 (compatible; bingbot/2.0; +http://www.bing.com/bingbot.htm)"
54.36.148.129 - - [14/Dec/2020:11:02:29 +0100] "GET /small-metal-beer-bucket-18-18-cm-barbecue-p-41207.html HTTP/1.0" 200 71982 "-" "Mozilla/5.0 (compatible; AhrefsBot/7.0; +http://ahrefs.com/robot/)"
17.58.101.145 - - [14/Dec/2020:11:02:33 +0100] "GET /shirts-and-sweatshirts-men-c-53_54.html?page=3 HTTP/1.0" 200 91031 "-" "Mozilla/5.0 (Macintosh; Intel Mac OS X 10_15_5) AppleWebKit/605.1.15 (KHTML, like Gecko) Version/13.1.1 Safari/605.1.15 (Applebot/0.1; +http://www.apple.com/go/applebot)"
13.66.139.65 - - [14/Dec/2020:11:02:39 +0100] "GET /images/big_prod/3503420203237.jpg HTTP/1.0" 200 268 "-" "Mozilla/5.0 (compatible; bingbot/2.0; +http://www.bing.com/bingbot.htm)"
114.119.129.36 - - [14/Dec/2020:11:03:07 +0100] "GET /images/big_prod/1399986106028.jpg HTTP/1.0" 200 268 "-" "Mozilla/5.0 (Linux; Android 7.0;) AppleWebKit/537.36 (KHTML, like Gecko) Mobile Safari/537.36 (compatible; PetalBot;+https://aspiegel.com/petalbot)"
13.66.139.26 - - [14/Dec/2020:11:04:08 +0100] "GET /images/3660532001417.jpg HTTP/1.0" 200 259 "-" "Mozilla/5.0 (compatible; bingbot/2.0; +http://www.bing.com/bingbot.htm)"
157.55.39.82 - - [14/Dec/2020:11:04:31 +0100] "GET /images/big_prod/8422004110141.jpg HTTP/1.0" 200 268 "-" "Mozilla/5.0 (compatible; bingbot/2.0; +http://www.bing.com/bingbot.htm)"
54.36.148.21 - - [14/Dec/2020:11:04:36 +0100] "GET /dishes-c-12.html?page=97 HTTP/1.0" 200 90463 "-" "Mozilla/5.0 (compatible; AhrefsBot/7.0; +http://ahrefs.com/robot/)"
51.68.224.127 - - [14/Dec/2020:11:04:55 +0100] "GET /adminweb/export_orders_xml.php?token=256de2z6edz6ed2z6DFSFsed2zed6zeDSFDSGdzedezfzf&maxorders=10&orderstart=1&status=14&start_date=2018-10-01 HTTP/1.0" 200 285 "-" "GesCom CharlotteBoutik Serveur"
51.68.224.127 - - [14/Dec/2020:11:04:55 +0100] "GET /adminweb/export_orders_xml.php?token=256de2z6edz6ed2z6DFSFsed2zed6zeDSFDSGdzedezfzf&maxorders=10&orderstart=1&status=6&start_date=2018-10-01 HTTP/1.0" 200 30026 "-" "GesCom CharlotteBoutik Serveur"
157.55.39.217 - - [14/Dec/2020:11:05:53 +0100] "GET /-p-23829.html HTTP/1.0" 200 69192 "-" "Mozilla/5.0 (compatible; bingbot/2.0; +http://www.bing.com/bingbot.htm)"
207.46.13.191 - - [14/Dec/2020:11:05:57 +0100] "GET /figures-c-4_15.html?page=2 HTTP/1.0" 200 91696 "-" "Mozilla/5.0 (compatible; bingbot/2.0; +http://www.bing.com/bingbot.htm)"
13.66.139.26 - - [14/Dec/2020:11:06:08 +0100] "GET /images/big_prod_3/8424346071340NNN.jpg HTTP/1.0" 200 273 "-" "Mozilla/5.0 (compatible; bingbot/2.0; +http://www.bing.com/bingbot.htm)"
