13.66.139.65 - - [14/Dec/2020:11:06:30 +0100] "GET /images/big_prod_3/1328399219643c.jpg HTTP/1.0" 200 271 "-" "Mozilla/5.0 (compatible; bingbot/2.0; +http://www.bing.com/bingbot.htm)"
13.66.139.26 - - [14/Dec/2020:11:06:48 +0100] "GET /images/1399984256374.jpg HTTP/1.0" 200 259 "-" "Mozilla/5.0 (compatible; bingbot/2.0; +http://www.bing.com/bingbot.htm)"
13.66.139.26 - - [14/Dec/2020:11:07:28 +0100] "GET /images/med_prod/3032164202010.jpg HTTP/1.0" 200 268 "-" "Mozilla/5.0 (compatible; bingbot/2.0; +http://www.bing.com/bingbot.htm)"
54.36.148.163 - - [14/Dec/2020:11:07:30 +0100] "GET /esotericism-lithotherapy-c-174.html?page=2 HTTP/1.0" 200 90247 "-" "Mozilla/5.0 (compatible; AhrefsBot/7.0; +http://ahrefs.com/robot/)"
114.119.130.202 - - [14/Dec/2020:11:07:33 +0100] "GET /images/mini_prod/3700516266675.jpg HTTP/1.0" 200 269 "-" "Mozilla/5.0 (Linux; Android 7.0;) AppleWebKit/537.36 (KHTML, like Gecko) Mobile Safari/537.36 (compatible; PetalBot;+https://aspiegel.com/petalbot)"
157.55.39.82 - - [14/Dec/2020:11:08:22 +0100] "GET /images/big_prod/8718317691966.jpg HTTP/1.0" 200 268 "-" "Mozilla/5.0 (compatible; bingbot/2.0; +http://www.bing.com/bingbot.htm)"
66.249.70.62 - - [14/Dec/2020:11:09:48 +0100] "GET /images/big_prod/720322284093.jpg HTTP/1.0" 200 267 "-" "Googlebot-Image/1.0"
13.66.139.26 - - [14/Dec/2020:11:10:09 +0100] "GET /images/D5411217321171.jpg HTTP/1.0" 200 260 "-" "Mozilla/5.0 (compatible; bingbot/2.0; +http://www.bing.com/bingbot.htm)"
13.66.139.26 - - [14/Dec/2020:11:10:10 +0100] "GET /images/4007176127926.jpg HTTP/1.0" 200 259 "-" "Mozilla/5.0 (compatible; bingbot/2.0; +http://www.bing.com/bingbot.htm)"
54.36.148.221 - - [14/Dec/2020:11:10:21 +0100] "GET /esotericism-lithotherapy-c-174.html?page=3 HTTP/1.0" 200 89866 "-" "Mozilla/5.0 (compatible; AhrefsBot/7.0; +http://ahrefs.com/robot/)"
114.119.147.45 - - [14/Dec/2020:11:12:03 +0100] "GET /images/1399984245347.jpg HTTP/1.0" 200 259 "-" "Mozilla/5.0 (Linux; Android 7.0;) AppleWebKit/537.36 (KHTML, like Gecko) Mobile Safari/537.36 (compatible; PetalBot;+https://aspiegel.com/petalbot)"
13.66.139.65 - - [14/Dec/2020:11:12:11 +0100] "GET /images/3700516205032.jpg HTTP/1.0" 200 259 "-" "Mozilla/5.0 (compatible; bingbot/2.0; +http://www.bing.com/bingbot.htm)"
54.36.148.83 - - [14/Dec/2020:11:12:49 +0100] "GET /mirror-c-13_133.html?page=4 HTTP/1.0" 200 90967 "-" "Mozilla/5.0 (compatible; AhrefsBot/7.0; +http://ahrefs.com/robot/)"
13.66.139.65 - - [14/Dec/2020:11:14:21 +0100] "GET /images/big_prod/3503420121333.jpg HTTP/1.0" 200 268 "-" "Mozilla/5.0 (compatible; bingbot/2.0; +http://www.bing.com/bingbot.htm)"
54.36.149.10 - - [14/Dec/2020:11:14:32 +0100] "GET /challenge-bedclothes-140-200-cm-p-33868.html HTTP/1.0" 301 69259 "-" "Mozilla/5.0 (compatible; AhrefsBot/7.0; +http://ahrefs.com/robot/)"
54.36.149.19 - - [14/Dec/2020:11:15:02 +0100] "GET /gund-my-first-teddy-bear-beige-38-cm-p-27741.html HTTP/1.0" 301 69259 "-" "Mozilla/5.0 (compatible; AhrefsBot/7.0; +http://ahrefs.com/robot/)"
54.36.148.236 - - [14/Dec/2020:11:15:15 +0100] "GET /gardener-stainless-steel-knife-p-37496.html HTTP/1.0" 200 72570 "-" "Mozilla/5.0 (compatible; AhrefsBot/7.0; +http://ahrefs.com/robot/)"
207.46.13.90 - - [14/Dec/2020:11:16:02 +0100] "GET /images/big_prod/8432699037265.jpg HTTP/1.0" 200 268 "-" "Mozilla/5.0 (compatible; bingbot/2.0; +http://www.bing.com/bingbot.htm)"
114.119.134.220 - - [14/Dec/2020:11:16:15 +0100] "GET /images/mini_prod/4250255858727.jpg HTTP/1.0" 200 269 "-" "Mozilla/5.0 (Linux; Android 7.0;) AppleWebKit/537.36 (KHTML, like Gecko) Mobile Safari/537.36 (compatible; PetalBot;+https://aspiegel.com/petalbot)"
13.66.139.26 - - [14/Dec/2020:11:16:39 +0100] "GET /images/8422111018095b2.jpg HTTP/1.0" 200 261 "-" "Mozilla/5.0 (compatible; bingbot/2.0; +http://www.bing.com/bingbot.htm)"
13.66.139.26 - - [14/Dec/2020:11:16:39 +0100] "GET /images/big_prod/1328399156924.jpg HTTP/1.0" 200 268 "-" "Mozilla/5.0 (compatible; bingbot/2.0; +http://www.bing.com/bingbot.htm)"
13.66.139.26 - - [14/Dec/2020:11:16:40 +0100] "GET /images/big_prod/8433933897768.jpg HTTP/1.0" 200 268 "-" "Mozilla/5.0 (compatible; bingbot/2.0; +http://www.bing.com/bingbot.htm)"
207.46.13.49 - - [14/Dec/2020:11:16:43 +0100] "GET /images/big_prod/1345544960069.jpg HTTP/1.0" 200 268 "-" "Mozilla/5.0 (compatible; bingbot/2.0; +http://www.bing.com/bingbot.htm)"
17.58.101.145 - - [14/Dec/2020:11:17:07 +0100] "GET /disney-princess-belle-metal-box-p-26698.html HTTP/1.0" 200 72012 "-" "Mozilla/5.0 (Macintosh; Intel Mac OS X 10_15_5) AppleWebKit/605.1.15 (KHTML, like Gecko) Version/13.1.1 Safari/605.1.15 (Applebot/0.1; +http://www.apple.com/go/applebot)"
13.66.139.26 - - [14/Dec/2020:11:17:08 +0100] "GET /images/7316191399889.jpg HTTP/1.0" 200 259 "-" "Mozilla/5.0 (compatible; bingbot/2.0; +http://www.bing.com/bingbot.htm)"
54.36.148.83 - - [14/Dec/2020:11:17:44 +0100] "GET /dishes-c-12.html?page=108 HTTP/1.0" 200 91030 "-" "Mozilla/5.0 (compatible; AhrefsBot/7.0; +http://ahrefs.com/robot/)"
148.251.120.201 - - [14/Dec/2020:11:17:52 +0100] "GET /robots.txt HTTP/1.0" 200 245 "-" "Mozilla/5.0 (compatible; MJ12bot/v1.4.8; http://mj12bot.com/)"
148.251.120.201 - - [14/Dec/2020:11:17:56 +0100] "GET /monsters-and-company-backpack-p-20233.html HTTP/1.0" 200 69298 "-" "Mozilla/5.0 (compatible; MJ12bot/v1.4.8; http://mj12bot.com/)"
148.251.120.201 - - [14/Dec/2020:11:17:59 +0100] "GET /monsters-university-bedclothes-140x200-p-21835.html HTTP/1.0" 301 69259 "-" "Mozilla/5.0 (compatible; MJ12bot/v1.4.8; http://mj12bot.com/)"
148.251.120.201 - - [14/Dec/2020:11:18:05 +0100] "GET /-p-21835.html HTTP/1.0" 200 69192 "-" "Mozilla/5.0 (compatible; MJ12bot/v1.4.8; http://mj12bot.com/)"
207.46.13.175 - - [14/Dec/2020:11:18:10 +0100] "GET /images/8422666661531.jpg HTTP/1.0" 200 259 "-" "Mozilla/5.0 (compatible; bingbot/2.0; +http://www.bing.com/bingbot.htm)"
148.251.120.201 - - [14/Dec/2020:11:18:10 +0100] "GET /moroccan-ashtray-flowers-p-52628.html HTTP/1.0" 200 71812 "-" "Mozilla/5.0 (compatible; MJ12bot/v1.4.8; http://mj12bot.com/)"
13.66.139.65 - - [14/Dec/2020:11:18:14 +0100] "GET /images/big_prod/3503420237294.jpg HTTP/1.0" 200 268 "-" "Mozilla/5.0 (compatible; bingbot/2.0; +http://www.bing.com/bingbot.htm)"
148.251.120.201 - - [14/Dec/2020:11:18:14 +0100] "GET /mother-russia-mug-cbkreation-p-28588.html HTTP/1.0" 200 71927 "-" "Mozilla/5.0 (compatible; MJ12bot/v1.4.8; http://mj12bot.com/)"
148.251.120.201 - - [14/Dec/2020:11:18:18 +0100] "GET /moustache-training-bottle-by-cbk-p-26753.html HTTP/1.0" 301 72357 "-" "Mozilla/5.0 (compatible; MJ12bot/v1.4.8; http://mj12bot.com/)"
148.251.120.201 - - [14/Dec/2020:11:18:21 +0100] "GET /moustache-training-bottle-by-cbkreation-p-26753.html HTTP/1.0" 200 72251 "-" "Mozilla/5.0 (compatible; MJ12bot/v1.4.8; http://mj12bot.com/)"
148.251.120.201 - - [14/Dec/2020:11:18:26 +0100] "GET /moustache-training-bottle-by-cbkreation-p-26753.html HTTP/1.0" 200 72251 "-" "Mozilla/5.0 (compatible; MJ12bot/v1.4.8; http://mj12bot.com/)"
148.251.120.201 - - [14/Dec/2020:11:18:30 +0100] "GET /mr-anniversaire-round-box-p-19180.html HTTP/1.0" 200 69282 "-" "Mozilla/5.0 (compatible; MJ12bot/v1.4.8; http://mj12bot.com/)"
148.251.120.201 - - [14/Dec/2020:11:18:33 +0100] "GET /mr-happy-mug-p-28952.html HTTP/1.0" 301 69259 "-" "Mozilla/5.0 (compatible; MJ12bot/v1.4.8; http://mj12bot.com/)"
148.251.120.201 - - [14/Dec/2020:11:18:37 +0100] "GET /-p-28952.html HTTP/1.0" 200 69192 "-" "Mozilla/5.0 (compatible; MJ12bot/v1.4.8; http://mj12bot.com/)"
148.251.120.201 - - [14/Dec/2020:11:18:42 +0100] "GET /mr-happy-university-mug-p-15949.html HTTP/1.0" 200 71806 "-" "Mozilla/5.0 (compatible; MJ12bot/v1.4.8; http://mj12bot.com/)"
148.251.120.201 - - [14/Dec/2020:11:18:46 +0100] "GET /mr-men-chocolate-fondue-set-p-3364.html HTTP/1.0" 200 71884 "-" "Mozilla/5.0 (compatible; MJ12bot/v1.4.8; http://mj12bot.com/)"
148.251.120.201 - - [14/Dec/2020:11:18:51 +0100] "GET /mr-men-melamine-plate-p-4256.html HTTP/1.0" 200 69264 "-" "Mozilla/5.0 (compatible; MJ12bot/v1.4.8; http://mj12bot.com/)"
148.251.120.201 - - [14/Dec/2020:11:18:58 +0100] "GET /mr-men-melamine-set-pieces-for-the-meal-p-5659.html HTTP/1.0" 200 69382 "-" "Mozilla/5.0 (compatible; MJ12bot/v1.4.8; http://mj12bot.com/)"
148.251.120.201 - - [14/Dec/2020:11:19:02 +0100] "GET /mr-mrs-characters-table-of-activity-p-18894.html HTTP/1.0" 301 69259 "-" "Mozilla/5.0 (compatible; MJ12bot/v1.4.8; http://mj12bot.com/)"
148.251.120.201 - - [14/Dec/2020:11:19:07 +0100] "GET /-p-18894.html HTTP/1.0" 200 69192 "-" "Mozilla/5.0 (compatible; MJ12bot/v1.4.8; http://mj12bot.com/)"
148.251.120.201 - - [14/Dec/2020:11:19:11 +0100] "GET /mr-mrs-wastebasket-p-18840.html HTTP/1.0" 301 69259 "-" "Mozilla/5.0 (compatible; MJ12bot/v1.4.8; http://mj12bot.com/)"
148.251.120.201 - - [14/Dec/2020:11:19:16 +0100] "GET /-p-18840.html HTTP/1.0" 200 69192 "-" "Mozilla/5.0 (compatible; MJ12bot/v1.4.8; http://mj12bot.com/)"
148.251.120.201 - - [14/Dec/2020:11:19:21 +0100] "GET /mr-mustache-adult-apron-p-27858.html HTTP/1.0" 200 69301 "-" "Mozilla/5.0 (compatible; MJ12bot/v1.4.8; http://mj12bot.com/)"
148.251.120.201 - - [14/Dec/2020:11:19:26 +0100] "GET /mug-flower-of-life-by-cbkreation-p-43027.html HTTP/1.0" 200 71903 "-" "Mozilla/5.0 (compatible; MJ12bot/v1.4.8; http://mj12bot.com/)"
148.251.120.201 - - [14/Dec/2020:11:19:32 +0100] "GET /mug-flower-of-life-by-cbkreation-p-43028.html HTTP/1.0" 200 71903 "-" "Mozilla/5.0 (compatible; MJ12bot/v1.4.8; http://mj12bot.com/)"
148.251.120.201 - - [14/Dec/2020:11:19:37 +0100] "GET /mugs-and-mazagrans-c-13_12_57.html?page=1 HTTP/1.0" 200 96206 "-" "Mozilla/5.0 (compatible; MJ12bot/v1.4.8; http://mj12bot.com/)"
148.251.120.201 - - [14/Dec/2020:11:19:40 +0100] "GET /mugs-and-mazagrans-c-13_12_57.html?page=10 HTTP/1.0" 200 96289 "-" "Mozilla/5.0 (compatible; MJ12bot/v1.4.8; http://mj12bot.com/)"
148.251.120.201 - - [14/Dec/2020:11:19:44 +0100] "GET /mugs-and-mazagrans-c-13_12_57.html?page=11 HTTP/1.0" 200 96935 "-" "Mozilla/5.0 (compatible; MJ12bot/v1.4.8; http://mj12bot.com/)"
148.251.120.201 - - [14/Dec/2020:11:19:54 +0100] "GET /mugs-and-mazagrans-c-13_12_57.html?page=12 HTTP/1.0" 200 97312 "-" "Mozilla/5.0 (compatible; MJ12bot/v1.4.8; http://mj12bot.com/)"
148.251.120.201 - - [14/Dec/2020:11:20:00 +0100] "GET /mugs-and-mazagrans-c-13_12_57.html?page=13 HTTP/1.0" 200 95934 "-" "Mozilla/5.0 (compatible; MJ12bot/v1.4.8; http://mj12bot.com/)"
148.251.120.201 - - [14/Dec/2020:11:20:06 +0100] "GET /mugs-and-mazagrans-c-13_12_57.html?page=14 HTTP/1.0" 200 96679 "-" "Mozilla/5.0 (compatible; MJ12bot/v1.4.8; http://mj12bot.com/)"
54.36.148.212 - - [14/Dec/2020:11:20:12 +0100] "GET /dishes-c-12.html?page=109 HTTP/1.0" 200 91223 "-" "Mozilla/5.0 (compatible; AhrefsBot/7.0; +http://ahrefs.com/robot/)"
148.251.120.201 - - [14/Dec/2020:11:20:13 +0100] "GET /mugs-and-mazagrans-c-13_12_57.html?page=15 HTTP/1.0" 200 97347 "-" "Mozilla/5.0 (compatible; MJ12bot/v1.4.8; http://mj12bot.com/)"
207.46.13.175 - - [14/Dec/2020:11:20:19 +0100] "GET /images/mini_prod/3700344871775.jpg HTTP/1.0" 200 269 "-" "Mozilla/5.0 (compatible; bingbot/2.0; +http://www.bing.com/bingbot.htm)"
148.251.120.201 - - [14/Dec/2020:11:20:21 +0100] "GET /mugs-and-mazagrans-c-13_12_57.html?page=16 HTTP/1.0" 200 96995 "-" "Mozilla/5.0 (compatible; MJ12bot/v1.4.8; http://mj12bot.com/)"
148.251.120.201 - - [14/Dec/2020:11:20:27 +0100] "GET /music-tape-80-kit-p-26067.html HTTP/1.0" 301 69259 "-" "Mozilla/5.0 (compatible; MJ12bot/v1.4.8; http://mj12bot.com/)"
148.251.120.201 - - [14/Dec/2020:11:20:30 +0100] "GET /-p-26067.html HTTP/1.0" 200 69192 "-" "Mozilla/5.0 (compatible; MJ12bot/v1.4.8; http://mj12bot.com/)"
13.66.139.65 - - [14/Dec/2020:11:20:33 +0100] "GET /images/1399984231074.jpg HTTP/1.0" 200 259 "-" "Mozilla/5.0 (compatible; bingbot/2.0; +http://www.bing.com/bingbot.htm)"
13.66.139.65 - - [14/Dec/2020:11:20:33 +0100] "GET /images/big_prod_1/3665269069808a.jpg HTTP/1.0" 200 271 "-" "Mozilla/5.0 (compatible; bingbot/2.0; +http://www.bing.com/bingbot.htm)"
148.251.120.201 - - [14/Dec/2020:11:20:34 +0100] "GET /my-little-poney-pair-of-socks-size-24-26-p-25391.html HTTP/1.0" 301 69259 "-" "Mozilla/5.0 (compatible; MJ12bot/v1.4.8; http://mj12bot.com/)"
114.119.158.196 - - [14/Dec/2020:11:20:36 +0100] "GET /images/big_prod/5400924062545.jpg HTTP/1.0" 200 268 "-" "Mozilla/5.0 (Linux; Android 7.0;) AppleWebKit/537.36 (KHTML, like Gecko) Mobile Safari/537.36 (compatible; PetalBot;+https://aspiegel.com/petalbot)"
148.251.120.201 - - [14/Dec/2020:11:20:40 +0100] "GET /-p-25391.html HTTP/1.0" 200 69192 "-" "Mozilla/5.0 (compatible; MJ12bot/v1.4.8; http://mj12bot.com/)"
148.251.120.201 - - [14/Dec/2020:11:20:45 +0100] "GET /my-little-poney-pair-of-socks-size-27-30-p-25392.html HTTP/1.0" 301 69259 "-" "Mozilla/5.0 (compatible; MJ12bot/v1.4.8; http://mj12bot.com/)"
148.251.120.201 - - [14/Dec/2020:11:20:50 +0100] "GET /-p-25392.html HTTP/1.0" 200 69192 "-" "Mozilla/5.0 (compatible; MJ12bot/v1.4.8; http://mj12bot.com/)"
148.251.120.201 - - [14/Dec/2020:11:20:57 +0100] "GET /my-little-poney-pairs-of-socks-size-27-30-p-25383.html HTTP/1.0" 301 69259 "-" "Mozilla/5.0 (compatible; MJ12bot/v1.4.8; http://mj12bot.com/)"
148.251.120.201 - - [14/Dec/2020:11:21:02 +0100] "GET /-p-25383.html HTTP/1.0" 200 69192 "-" "Mozilla/5.0 (compatible; MJ12bot/v1.4.8; http://mj12bot.com/)"
148.251.120.201 - - [14/Dec/2020:11:21:10 +0100] "GET /my-little-poney-pairs-of-socks-size-27-30-p-25384.html HTTP/1.0" 301 69259 "-" "Mozilla/5.0 (compatible; MJ12bot/v1.4.8; http://mj12bot.com/)"
148.251.120.201 - - [14/Dec/2020:11:21:14 +0100] "GET /-p-25384.html HTTP/1.0" 200 69192 "-" "Mozilla/5.0 (compatible; MJ12bot/v1.4.8; http://mj12bot.com/)"
207.46.13.191 - - [14/Dec/2020:11:21:16 +0100] "GET /buddha-canvas-frame-40-40-cm-p-38507.html HTTP/1.0" 200 71951 "-" "Mozilla/5.0 (compatible; bingbot/2.0; +http://www.bing.com/bingbot.htm)"
148.251.120.201 - - [14/Dec/2020:11:21:18 +0100] "GET /naruto-graphic-bathrobe-size-p-17517.html HTTP/1.0" 301 69259 "-" "Mozilla/5.0 (compatible; MJ12bot/v1.4.8; http://mj12bot.com/)"
148.251.120.201 - - [14/Dec/2020:11:21:20 +0100] "GET /-p-17517.html HTTP/1.0" 200 69192 "-" "Mozilla/5.0 (compatible; MJ12bot/v1.4.8; http://mj12bot.com/)"
148.251.120.201 - - [14/Dec/2020:11:21:26 +0100] "GET /nici-chameleon-mug-p-22315.html HTTP/1.0" 301 69259 "-" "Mozilla/5.0 (compatible; MJ12bot/v1.4.8; http://mj12bot.com/)"
148.251.120.201 - - [14/Dec/2020:11:21:29 +0100] "GET /-p-22315.html HTTP/1.0" 200 69192 "-" "Mozilla/5.0 (compatible; MJ12bot/v1.4.8; http://mj12bot.com/)"
148.251.120.201 - - [14/Dec/2020:11:21:33 +0100] "GET /nici-crocodile-plush-33-cm-p-22308.html HTTP/1.0" 301 69259 "-" "Mozilla/5.0 (compatible; MJ12bot/v1.4.8; http://mj12bot.com/)"
51.68.224.127 - - [14/Dec/2020:11:21:35 +0100] "GET /adminweb/export_orders_xml.php?token=256de2z6edz6ed2z6DFSFsed2zed6zeDSFDSGdzedezfzf&maxorders=10&orderstart=1&status=14&start_date=2018-10-01 HTTP/1.0" 200 285 "-" "GesCom CharlotteBoutik Serveur"
51.68.224.127 - - [14/Dec/2020:11:21:35 +0100] "GET /adminweb/export_orders_xml.php?token=256de2z6edz6ed2z6DFSFsed2zed6zeDSFDSGdzedezfzf&maxorders=10&orderstart=1&status=6&start_date=2018-10-01 HTTP/1.0" 200 30026 "-" "GesCom CharlotteBoutik Serveur"
148.251.120.201 - - [14/Dec/2020:11:21:38 +0100] "GET /-p-22308.html HTTP/1.0" 200 69192 "-" "Mozilla/5.0 (compatible; MJ12bot/v1.4.8; http://mj12bot.com/)"
148.251.120.201 - - [14/Dec/2020:11:21:42 +0100] "GET /nici-crocodile-plush-56-cm-p-22302.html HTTP/1.0" 301 69259 "-" "Mozilla/5.0 (compatible; MJ12bot/v1.4.8; http://mj12bot.com/)"
148.251.120.201 - - [14/Dec/2020:11:21:49 +0100] "GET /-p-22302.html HTTP/1.0" 200 69192 "-" "Mozilla/5.0 (compatible; MJ12bot/v1.4.8; http://mj12bot.com/)"
148.251.120.201 - - [14/Dec/2020:11:21:53 +0100] "GET /nici-granny-mug-p-13739.html HTTP/1.0" 301 69259 "-" "Mozilla/5.0 (compatible; MJ12bot/v1.4.8; http://mj12bot.com/)"
148.251.120.201 - - [14/Dec/2020:11:21:58 +0100] "GET /-p-13739.html HTTP/1.0" 200 69192 "-" "Mozilla/5.0 (compatible; MJ12bot/v1.4.8; http://mj12bot.com/)"
66.249.70.36 - - [14/Dec/2020:11:21:59 +0100] "GET /mugs-and-mazagrans-c-12_57.html HTTP/1.0" 200 95990 "-" "Mozilla/5.0 (Linux; Android 6.0.1; Nexus 5X Build/MMB29P) AppleWebKit/537.36 (KHTML, like Gecko) Chrome/87.0.4280.90 Mobile Safari/537.36 (compatible; Googlebot/2.1; +http://www.google.com/bot.html)"
148.251.120.201 - - [14/Dec/2020:11:22:02 +0100] "GET /nici-hippopotamus-cushion-p-35189.html HTTP/1.0" 301 69259 "-" "Mozilla/5.0 (compatible; MJ12bot/v1.4.8; http://mj12bot.com/)"
148.251.120.201 - - [14/Dec/2020:11:22:07 +0100] "GET /-p-35189.html HTTP/1.0" 200 69192 "-" "Mozilla/5.0 (compatible; MJ12bot/v1.4.8; http://mj12bot.com/)"
148.251.120.201 - - [14/Dec/2020:11:22:11 +0100] "GET /nici-horse-miracle-plush-25-cm-p-35169.html HTTP/1.0" 301 69259 "-" "Mozilla/5.0 (compatible; MJ12bot/v1.4.8; http://mj12bot.com/)"
148.251.120.201 - - [14/Dec/2020:11:22:16 +0100] "GET /-p-35169.html HTTP/1.0" 200 69192 "-" "Mozilla/5.0 (compatible; MJ12bot/v1.4.8; http://mj12bot.com/)"
148.251.120.201 - - [14/Dec/2020:11:22:23 +0100] "GET /nici-leopard-plush-45-cm-p-22290.html HTTP/1.0" 301 69259 "-" "Mozilla/5.0 (compatible; MJ12bot/v1.4.8; http://mj12bot.com/)"
148.251.120.201 - - [14/Dec/2020:11:22:28 +0100] "GET /-p-22290.html HTTP/1.0" 200 69192 "-" "Mozilla/5.0 (compatible; MJ12bot/v1.4.8; http://mj12bot.com/)"
54.36.148.224 - - [14/Dec/2020:11:22:31 +0100] "GET /toucan-round-side-table-p-48994.html HTTP/1.0" 200 71821 "-" "Mozilla/5.0 (compatible; AhrefsBot/7.0; +http://ahrefs.com/robot/)"
148.251.120.201 - - [14/Dec/2020:11:22:32 +0100] "GET /nici-lucy-diary-p-12295.html HTTP/1.0" 301 69259 "-" "Mozilla/5.0 (compatible; MJ12bot/v1.4.8; http://mj12bot.com/)"
148.251.120.201 - - [14/Dec/2020:11:22:35 +0100] "GET /-p-12295.html HTTP/1.0" 200 69192 "-" "Mozilla/5.0 (compatible; MJ12bot/v1.4.8; http://mj12bot.com/)"
207.46.13.175 - - [14/Dec/2020:11:22:41 +0100] "GET /monkey-statue-resin-do-not-see-anything-p-44246.html HTTP/1.0" 200 72035 "-" "Mozilla/5.0 (compatible; bingbot/2.0; +http://www.bing.com/bingbot.htm)"
148.251.120.201 - - [14/Dec/2020:11:22:42 +0100] "GET /nici-lucy-personal-diary-p-12295.html HTTP/1.0" 301 69259 "-" "Mozilla/5.0 (compatible; MJ12bot/v1.4.8; http://mj12bot.com/)"
148.251.120.201 - - [14/Dec/2020:11:22:47 +0100] "GET /-p-12295.html HTTP/1.0" 200 69192 "-" "Mozilla/5.0 (compatible; MJ12bot/v1.4.8; http://mj12bot.com/)"
148.251.120.201 - - [14/Dec/2020:11:22:55 +0100] "GET /nici-lunch-box-p-20564.html HTTP/1.0" 301 69259 "-" "Mozilla/5.0 (compatible; MJ12bot/v1.4.8; http://mj12bot.com/)"
148.251.120.201 - - [14/Dec/2020:11:22:58 +0100] "GET /-p-20564.html HTTP/1.0" 200 69192 "-" "Mozilla/5.0 (compatible; MJ12bot/v1.4.8; http://mj12bot.com/)"
148.251.120.201 - - [14/Dec/2020:11:23:02 +0100] "GET /nici-metal-money-box-p-4993.html HTTP/1.0" 301 69256 "-" "Mozilla/5.0 (compatible; MJ12bot/v1.4.8; http://mj12bot.com/)"
148.251.120.201 - - [14/Dec/2020:11:23:06 +0100] "GET /-p-4993.html HTTP/1.0" 200 69190 "-" "Mozilla/5.0 (compatible; MJ12bot/v1.4.8; http://mj12bot.com/)"
148.251.120.201 - - [14/Dec/2020:11:23:11 +0100] "GET /nicolas-and-sam-small-figures-p-18383.html HTTP/1.0" 301 69259 "-" "Mozilla/5.0 (compatible; MJ12bot/v1.4.8; http://mj12bot.com/)"
148.251.120.201 - - [14/Dec/2020:11:23:14 +0100] "GET /-p-18383.html HTTP/1.0" 200 69192 "-" "Mozilla/5.0 (compatible; MJ12bot/v1.4.8; http://mj12bot.com/)"
148.251.120.201 - - [14/Dec/2020:11:23:19 +0100] "GET /ninja-accessories-p-22582.html HTTP/1.0" 301 69259 "-" "Mozilla/5.0 (compatible; MJ12bot/v1.4.8; http://mj12bot.com/)"
148.251.120.201 - - [14/Dec/2020:11:23:23 +0100] "GET /-p-22582.html HTTP/1.0" 200 69192 "-" "Mozilla/5.0 (compatible; MJ12bot/v1.4.8; http://mj12bot.com/)"
148.251.120.201 - - [14/Dec/2020:11:23:30 +0100] "GET /ninja-turtles-boxer-p-29503.html HTTP/1.0" 301 69259 "-" "Mozilla/5.0 (compatible; MJ12bot/v1.4.8; http://mj12bot.com/)"
148.251.120.201 - - [14/Dec/2020:11:23:33 +0100] "GET /-p-29503.html HTTP/1.0" 200 69192 "-" "Mozilla/5.0 (compatible; MJ12bot/v1.4.8; http://mj12bot.com/)"
148.251.120.201 - - [14/Dec/2020:11:23:39 +0100] "GET /nursery-princess-chariot-p-17745.html HTTP/1.0" 301 69259 "-" "Mozilla/5.0 (compatible; MJ12bot/v1.4.8; http://mj12bot.com/)"
148.251.120.201 - - [14/Dec/2020:11:23:42 +0100] "GET /-p-17745.html HTTP/1.0" 200 69192 "-" "Mozilla/5.0 (compatible; MJ12bot/v1.4.8; http://mj12bot.com/)"
148.251.120.201 - - [14/Dec/2020:11:23:47 +0100] "GET /olaf-mug-p-31733.html HTTP/1.0" 301 69259 "-" "Mozilla/5.0 (compatible; MJ12bot/v1.4.8; http://mj12bot.com/)"
148.251.120.201 - - [14/Dec/2020:11:23:52 +0100] "GET /-p-31733.html HTTP/1.0" 200 69192 "-" "Mozilla/5.0 (compatible; MJ12bot/v1.4.8; http://mj12bot.com/)"
148.251.120.201 - - [14/Dec/2020:11:23:55 +0100] "GET /om-bedclothes-200x220-p-21838.html HTTP/1.0" 301 69259 "-" "Mozilla/5.0 (compatible; MJ12bot/v1.4.8; http://mj12bot.com/)"
185.191.171.43 - - [14/Dec/2020:11:23:59 +0100] "GET /robots.txt HTTP/1.0" 200 245 "-" "Mozilla/5.0 (compatible; SemrushBot/7~bl; +http://www.semrush.com/bot.html)"
185.191.171.16 - - [14/Dec/2020:11:23:59 +0100] "GET /frames-flags-and-decorative-paintings-c-13_148.html?page=20 HTTP/1.0" 200 82734 "-" "Mozilla/5.0 (compatible; SemrushBot/7~bl; +http://www.semrush.com/bot.html)"
148.251.120.201 - - [14/Dec/2020:11:23:59 +0100] "GET /-p-21838.html HTTP/1.0" 200 69192 "-" "Mozilla/5.0 (compatible; MJ12bot/v1.4.8; http://mj12bot.com/)"
148.251.120.201 - - [14/Dec/2020:11:24:03 +0100] "GET /om-bedclothes-240x220-p-21806.html HTTP/1.0" 301 69259 "-" "Mozilla/5.0 (compatible; MJ12bot/v1.4.8; http://mj12bot.com/)"
148.251.120.201 - - [14/Dec/2020:11:24:08 +0100] "GET /-p-21806.html HTTP/1.0" 200 69192 "-" "Mozilla/5.0 (compatible; MJ12bot/v1.4.8; http://mj12bot.com/)"
13.66.139.26 - - [14/Dec/2020:11:24:10 +0100] "GET /images/big_prod/3700230606399.jpg HTTP/1.0" 200 268 "-" "Mozilla/5.0 (compatible; bingbot/2.0; +http://www.bing.com/bingbot.htm)"
148.251.120.201 - - [14/Dec/2020:11:24:12 +0100] "GET /om-fitted-sheet-p-21873.html HTTP/1.0" 301 69259 "-" "Mozilla/5.0 (compatible; MJ12bot/v1.4.8; http://mj12bot.com/)"
148.251.120.201 - - [14/Dec/2020:11:24:16 +0100] "GET /-p-21873.html HTTP/1.0" 200 69192 "-" "Mozilla/5.0 (compatible; MJ12bot/v1.4.8; http://mj12bot.com/)"
148.251.120.201 - - [14/Dec/2020:11:24:21 +0100] "GET /owls-set-cups-espresso-p-32916.html HTTP/1.0" 301 69259 "-" "Mozilla/5.0 (compatible; MJ12bot/v1.4.8; http://mj12bot.com/)"
13.66.139.65 - - [14/Dec/2020:11:24:24 +0100] "GET /images/big_prod/8422011475950.jpg HTTP/1.0" 200 268 "-" "Mozilla/5.0 (compatible; bingbot/2.0; +http://www.bing.com/bingbot.htm)"
148.251.120.201 - - [14/Dec/2020:11:24:25 +0100] "GET /-p-32916.html HTTP/1.0" 200 69192 "-" "Mozilla/5.0 (compatible; MJ12bot/v1.4.8; http://mj12bot.com/)"
148.251.120.201 - - [14/Dec/2020:11:24:29 +0100] "GET /owls-tray-p-28864.html HTTP/1.0" 301 69259 "-" "Mozilla/5.0 (compatible; MJ12bot/v1.4.8; http://mj12bot.com/)"
13.66.139.26 - - [14/Dec/2020:11:24:30 +0100] "GET /images/8028501269568.jpg HTTP/1.0" 200 259 "-" "Mozilla/5.0 (compatible; bingbot/2.0; +http://www.bing.com/bingbot.htm)"
148.251.120.201 - - [14/Dec/2020:11:24:32 +0100] "GET /-p-28864.html HTTP/1.0" 200 69192 "-" "Mozilla/5.0 (compatible; MJ12bot/v1.4.8; http://mj12bot.com/)"
148.251.120.201 - - [14/Dec/2020:11:24:37 +0100] "GET /pack-figures-beywarriors-shogun-steel-dark-vs-water-element-p-21666.html HTTP/1.0" 301 69259 "-" "Mozilla/5.0 (compatible; MJ12bot/v1.4.8; http://mj12bot.com/)"
148.251.120.201 - - [14/Dec/2020:11:24:41 +0100] "GET /-p-21666.html HTTP/1.0" 200 69192 "-" "Mozilla/5.0 (compatible; MJ12bot/v1.4.8; http://mj12bot.com/)"
148.251.120.201 - - [14/Dec/2020:11:24:44 +0100] "GET /package-of-10-cards-pokemon-xy-etincelles-p-27874.html HTTP/1.0" 301 69259 "-" "Mozilla/5.0 (compatible; MJ12bot/v1.4.8; http://mj12bot.com/)"
148.251.120.201 - - [14/Dec/2020:11:24:46 +0100] "GET /-p-27874.html HTTP/1.0" 200 69192 "-" "Mozilla/5.0 (compatible; MJ12bot/v1.4.8; http://mj12bot.com/)"
157.55.39.179 - - [14/Dec/2020:11:24:48 +0100] "GET /images/3609810007918.jpg HTTP/1.0" 200 259 "-" "Mozilla/5.0 (compatible; bingbot/2.0; +http://www.bing.com/bingbot.htm)"
148.251.120.201 - - [14/Dec/2020:11:24:50 +0100] "GET /package-of-10-cards-pokemon-xy-poings-furieux-p-27875.html HTTP/1.0" 301 69259 "-" "Mozilla/5.0 (compatible; MJ12bot/v1.4.8; http://mj12bot.com/)"
148.251.120.201 - - [14/Dec/2020:11:24:54 +0100] "GET /-p-27875.html HTTP/1.0" 200 69192 "-" "Mozilla/5.0 (compatible; MJ12bot/v1.4.8; http://mj12bot.com/)"
148.251.120.201 - - [14/Dec/2020:11:24:57 +0100] "GET /paillote-bedclothes-220-240-cm-p-42859.html HTTP/1.0" 301 69259 "-" "Mozilla/5.0 (compatible; MJ12bot/v1.4.8; http://mj12bot.com/)"
114.119.130.202 - - [14/Dec/2020:11:24:58 +0100] "GET /cars-mattress-inflatable-surfboard-p-19985.html HTTP/1.0" 200 72083 "-" "Mozilla/5.0 (Linux; Android 7.0;) AppleWebKit/537.36 (KHTML, like Gecko) Mobile Safari/537.36 (compatible; PetalBot;+https://aspiegel.com/petalbot)"
207.46.13.175 - - [14/Dec/2020:11:25:00 +0100] "GET /images/big_prod/3453131146913.jpg HTTP/1.0" 200 268 "-" "Mozilla/5.0 (compatible; bingbot/2.0; +http://www.bing.com/bingbot.htm)"
148.251.120.201 - - [14/Dec/2020:11:25:01 +0100] "GET /-p-42859.html HTTP/1.0" 200 69192 "-" "Mozilla/5.0 (compatible; MJ12bot/v1.4.8; http://mj12bot.com/)"
148.251.120.201 - - [14/Dec/2020:11:25:04 +0100] "GET /pair-of-socks-simpsons-39-42-p-24735.html HTTP/1.0" 301 69259 "-" "Mozilla/5.0 (compatible; MJ12bot/v1.4.8; http://mj12bot.com/)"
157.55.39.184 - - [14/Dec/2020:11:25:04 +0100] "GET /ogc-nice-towel-p-38279.html HTTP/1.0" 200 69253 "-" "Mozilla/5.0 (compatible; bingbot/2.0; +http://www.bing.com/bingbot.htm)"
54.36.149.94 - - [14/Dec/2020:11:25:05 +0100] "GET /powder-candle-250-grs-la-bougie-autrement-glitter-silver-p-53083.html HTTP/1.0" 200 73233 "-" "Mozilla/5.0 (compatible; AhrefsBot/7.0; +http://ahrefs.com/robot/)"
157.55.39.184 - - [14/Dec/2020:11:25:05 +0100] "GET /images/3760121797735.jpg HTTP/1.0" 200 259 "-" "Mozilla/5.0 (compatible; bingbot/2.0; +http://www.bing.com/bingbot.htm)"
157.55.39.184 - - [14/Dec/2020:11:25:06 +0100] "GET /images/big_prod_3/5018997523339C.jpg HTTP/1.0" 200 271 "-" "Mozilla/5.0 (compatible; bingbot/2.0; +http://www.bing.com/bingbot.htm)"
148.251.120.201 - - [14/Dec/2020:11:25:06 +0100] "GET /-p-24735.html HTTP/1.0" 200 69192 "-" "Mozilla/5.0 (compatible; MJ12bot/v1.4.8; http://mj12bot.com/)"
157.55.39.184 - - [14/Dec/2020:11:25:07 +0100] "GET /images/big_prod/1399108720194NN.jpg HTTP/1.0" 200 270 "-" "Mozilla/5.0 (compatible; bingbot/2.0; +http://www.bing.com/bingbot.htm)"
157.55.39.184 - - [14/Dec/2020:11:25:08 +0100] "GET /images/3760194999883.jpg HTTP/1.0" 200 259 "-" "Mozilla/5.0 (compatible; bingbot/2.0; +http://www.bing.com/bingbot.htm)"
157.55.39.184 - - [14/Dec/2020:11:25:08 +0100] "GET /images/big_prod/a3609810090736.jpg HTTP/1.0" 200 269 "-" "Mozilla/5.0 (compatible; bingbot/2.0; +http://www.bing.com/bingbot.htm)"
157.55.39.184 - - [14/Dec/2020:11:25:09 +0100] "GET /images/big_prod/3700344871782.jpg HTTP/1.0" 200 268 "-" "Mozilla/5.0 (compatible; bingbot/2.0; +http://www.bing.com/bingbot.htm)"
157.55.39.184 - - [14/Dec/2020:11:25:09 +0100] "GET /images/3521320805313.jpg HTTP/1.0" 200 259 "-" "Mozilla/5.0 (compatible; bingbot/2.0; +http://www.bing.com/bingbot.htm)"
157.55.39.184 - - [14/Dec/2020:11:25:09 +0100] "GET /images/7601019994750.jpg HTTP/1.0" 200 259 "-" "Mozilla/5.0 (compatible; bingbot/2.0; +http://www.bing.com/bingbot.htm)"
157.55.39.184 - - [14/Dec/2020:11:25:10 +0100] "GET /images/5018997514559.jpg HTTP/1.0" 200 259 "-" "Mozilla/5.0 (compatible; bingbot/2.0; +http://www.bing.com/bingbot.htm)"
148.251.120.201 - - [14/Dec/2020:11:25:11 +0100] "GET /pair-of-socks-simpsons-stars-35-41-p-24733.html HTTP/1.0" 301 69259 "-" "Mozilla/5.0 (compatible; MJ12bot/v1.4.8; http://mj12bot.com/)"
148.251.120.201 - - [14/Dec/2020:11:25:17 +0100] "GET /-p-24733.html HTTP/1.0" 200 69192 "-" "Mozilla/5.0 (compatible; MJ12bot/v1.4.8; http://mj12bot.com/)"
207.46.13.152 - - [14/Dec/2020:11:25:18 +0100] "GET /images/mini_prod/3453131152051.jpg HTTP/1.0" 200 269 "-" "Mozilla/5.0 (compatible; bingbot/2.0; +http://www.bing.com/bingbot.htm)"
207.46.13.152 - - [14/Dec/2020:11:25:18 +0100] "GET /industrial-clock-with-gears-p-52614.html HTTP/1.0" 200 72968 "-" "Mozilla/5.0 (compatible; bingbot/2.0; +http://www.bing.com/bingbot.htm)"
207.46.13.152 - - [14/Dec/2020:11:25:19 +0100] "GET /images/big_prod/4891320412361.jpg HTTP/1.0" 200 268 "-" "Mozilla/5.0 (compatible; bingbot/2.0; +http://www.bing.com/bingbot.htm)"
207.46.13.152 - - [14/Dec/2020:11:25:19 +0100] "GET /images/big_prod/3574641038373.jpg HTTP/1.0" 200 268 "-" "Mozilla/5.0 (compatible; bingbot/2.0; +http://www.bing.com/bingbot.htm)"
148.251.120.201 - - [14/Dec/2020:11:25:21 +0100] "GET /pairs-asterix-socks-size-3942-p-24399.html HTTP/1.0" 301 69259 "-" "Mozilla/5.0 (compatible; MJ12bot/v1.4.8; http://mj12bot.com/)"
157.55.39.184 - - [14/Dec/2020:11:25:23 +0100] "GET /images/070209_191252_PEEL_HyC3YV.jpg HTTP/1.0" 200 271 "-" "Mozilla/5.0 (compatible; bingbot/2.0; +http://www.bing.com/bingbot.htm)"
148.251.120.201 - - [14/Dec/2020:11:25:23 +0100] "GET /-p-24399.html HTTP/1.0" 200 69192 "-" "Mozilla/5.0 (compatible; MJ12bot/v1.4.8; http://mj12bot.com/)"
148.251.120.201 - - [14/Dec/2020:11:25:27 +0100] "GET /paparazzi-mug-p-24915.html HTTP/1.0" 301 69259 "-" "Mozilla/5.0 (compatible; MJ12bot/v1.4.8; http://mj12bot.com/)"
148.251.120.201 - - [14/Dec/2020:11:25:31 +0100] "GET /-p-24915.html HTTP/1.0" 200 69192 "-" "Mozilla/5.0 (compatible; MJ12bot/v1.4.8; http://mj12bot.com/)"
148.251.120.201 - - [14/Dec/2020:11:25:36 +0100] "GET /paper-currency-mug-by-cbk-p-26474.html HTTP/1.0" 301 72005 "-" "Mozilla/5.0 (compatible; MJ12bot/v1.4.8; http://mj12bot.com/)"
148.251.120.201 - - [14/Dec/2020:11:25:41 +0100] "GET /paper-currency-mug-by-cbkreation-p-26474.html HTTP/1.0" 200 71906 "-" "Mozilla/5.0 (compatible; MJ12bot/v1.4.8; http://mj12bot.com/)"
148.251.120.201 - - [14/Dec/2020:11:25:45 +0100] "GET /paris-1889-tray-p-8634.html HTTP/1.0" 301 69256 "-" "Mozilla/5.0 (compatible; MJ12bot/v1.4.8; http://mj12bot.com/)"
148.251.120.201 - - [14/Dec/2020:11:25:48 +0100] "GET /-p-8634.html HTTP/1.0" 200 69190 "-" "Mozilla/5.0 (compatible; MJ12bot/v1.4.8; http://mj12bot.com/)"
148.251.120.201 - - [14/Dec/2020:11:25:53 +0100] "GET /paris-st-germain-towel-p-15503.html HTTP/1.0" 301 69259 "-" "Mozilla/5.0 (compatible; MJ12bot/v1.4.8; http://mj12bot.com/)"
148.251.120.201 - - [14/Dec/2020:11:25:57 +0100] "GET /-p-15503.html HTTP/1.0" 200 69192 "-" "Mozilla/5.0 (compatible; MJ12bot/v1.4.8; http://mj12bot.com/)"
148.251.120.201 - - [14/Dec/2020:11:26:02 +0100] "GET /paris-trivet-p-24389.html HTTP/1.0" 301 69259 "-" "Mozilla/5.0 (compatible; MJ12bot/v1.4.8; http://mj12bot.com/)"
148.251.120.201 - - [14/Dec/2020:11:26:05 +0100] "GET /-p-24389.html HTTP/1.0" 200 69192 "-" "Mozilla/5.0 (compatible; MJ12bot/v1.4.8; http://mj12bot.com/)"
148.251.120.201 - - [14/Dec/2020:11:26:10 +0100] "GET /paw-patrol-backpack-p-34783.html HTTP/1.0" 301 69259 "-" "Mozilla/5.0 (compatible; MJ12bot/v1.4.8; http://mj12bot.com/)"
148.251.120.201 - - [14/Dec/2020:11:26:14 +0100] "GET /-p-34783.html HTTP/1.0" 200 69192 "-" "Mozilla/5.0 (compatible; MJ12bot/v1.4.8; http://mj12bot.com/)"
148.251.120.201 - - [14/Dec/2020:11:26:18 +0100] "GET /paw-patrol-small-backpack-p-36292.html HTTP/1.0" 301 69259 "-" "Mozilla/5.0 (compatible; MJ12bot/v1.4.8; http://mj12bot.com/)"
148.251.120.201 - - [14/Dec/2020:11:26:21 +0100] "GET /-p-36292.html HTTP/1.0" 200 69192 "-" "Mozilla/5.0 (compatible; MJ12bot/v1.4.8; http://mj12bot.com/)"
148.251.120.201 - - [14/Dec/2020:11:26:25 +0100] "GET /paw-patrol-small-backpack-p-36298.html HTTP/1.0" 301 69259 "-" "Mozilla/5.0 (compatible; MJ12bot/v1.4.8; http://mj12bot.com/)"
148.251.120.201 - - [14/Dec/2020:11:26:28 +0100] "GET /-p-36298.html HTTP/1.0" 200 69192 "-" "Mozilla/5.0 (compatible; MJ12bot/v1.4.8; http://mj12bot.com/)"
148.251.120.201 - - [14/Dec/2020:11:26:31 +0100] "GET /peace-and-love-shirt-by-cbk-p-30070.html HTTP/1.0" 301 69259 "-" "Mozilla/5.0 (compatible; MJ12bot/v1.4.8; http://mj12bot.com/)"
148.251.120.201 - - [14/Dec/2020:11:26:35 +0100] "GET /-p-30070.html HTTP/1.0" 200 69192 "-" "Mozilla/5.0 (compatible; MJ12bot/v1.4.8; http://mj12bot.com/)"
148.251.120.201 - - [14/Dec/2020:11:26:39 +0100] "GET /peace-and-love-shirt-by-cbkreation-p-30070.html HTTP/1.0" 301 69259 "-" "Mozilla/5.0 (compatible; MJ12bot/v1.4.8; http://mj12bot.com/)"
54.36.148.36 - - [14/Dec/2020:11:26:39 +0100] "GET /disney-princess-pink-mug-p-28297.html HTTP/1.0" 301 69259 "-" "Mozilla/5.0 (compatible; AhrefsBot/7.0; +http://ahrefs.com/robot/)"
148.251.120.201 - - [14/Dec/2020:11:26:42 +0100] "GET /-p-30070.html HTTP/1.0" 200 69192 "-" "Mozilla/5.0 (compatible; MJ12bot/v1.4.8; http://mj12bot.com/)"
148.251.120.201 - - [14/Dec/2020:11:26:46 +0100] "GET /peacock-velvet-cushion-40-40-cm-p-48465.html HTTP/1.0" 301 69259 "-" "Mozilla/5.0 (compatible; MJ12bot/v1.4.8; http://mj12bot.com/)"
148.251.120.201 - - [14/Dec/2020:11:26:50 +0100] "GET /-p-48465.html HTTP/1.0" 200 69192 "-" "Mozilla/5.0 (compatible; MJ12bot/v1.4.8; http://mj12bot.com/)"
148.251.120.201 - - [14/Dec/2020:11:26:55 +0100] "GET /peanuts-black-spotted-bowl-p-12197.html HTTP/1.0" 301 69259 "-" "Mozilla/5.0 (compatible; MJ12bot/v1.4.8; http://mj12bot.com/)"
66.249.70.33 - - [14/Dec/2020:11:26:56 +0100] "GET /images/4036113221366.jpg HTTP/1.0" 200 259 "-" "Googlebot-Image/1.0"
148.251.120.201 - - [14/Dec/2020:11:26:57 +0100] "GET /-p-12197.html HTTP/1.0" 200 69192 "-" "Mozilla/5.0 (compatible; MJ12bot/v1.4.8; http://mj12bot.com/)"
148.251.120.201 - - [14/Dec/2020:11:27:01 +0100] "GET /pink-spoon-owl-p-33838.html HTTP/1.0" 301 69259 "-" "Mozilla/5.0 (compatible; MJ12bot/v1.4.8; http://mj12bot.com/)"
148.251.120.201 - - [14/Dec/2020:11:27:05 +0100] "GET /-p-33838.html HTTP/1.0" 200 69192 "-" "Mozilla/5.0 (compatible; MJ12bot/v1.4.8; http://mj12bot.com/)"
148.251.120.201 - - [14/Dec/2020:11:27:10 +0100] "GET /planes-bedclothes-140x200-p-21810.html HTTP/1.0" 301 69259 "-" "Mozilla/5.0 (compatible; MJ12bot/v1.4.8; http://mj12bot.com/)"
148.251.120.201 - - [14/Dec/2020:11:27:13 +0100] "GET /-p-21810.html HTTP/1.0" 200 69192 "-" "Mozilla/5.0 (compatible; MJ12bot/v1.4.8; http://mj12bot.com/)"
207.46.13.152 - - [14/Dec/2020:11:27:16 +0100] "GET /noel-gourmand-little-tray-p-30689.html HTTP/1.0" 200 71924 "-" "Mozilla/5.0 (compatible; bingbot/2.0; +http://www.bing.com/bingbot.htm)"
148.251.120.201 - - [14/Dec/2020:11:27:18 +0100] "GET /pokemon-long-sleeve-shirt-size-years-p-26973.html HTTP/1.0" 301 69259 "-" "Mozilla/5.0 (compatible; MJ12bot/v1.4.8; http://mj12bot.com/)"
148.251.120.201 - - [14/Dec/2020:11:27:22 +0100] "GET /-p-26973.html HTTP/1.0" 200 69192 "-" "Mozilla/5.0 (compatible; MJ12bot/v1.4.8; http://mj12bot.com/)"
148.251.120.201 - - [14/Dec/2020:11:27:28 +0100] "GET /pokemon-long-sleeve-shirt-size-years-p-26976.html HTTP/1.0" 301 69259 "-" "Mozilla/5.0 (compatible; MJ12bot/v1.4.8; http://mj12bot.com/)"
54.36.148.252 - - [14/Dec/2020:11:27:34 +0100] "GET /cats-by-dubout-pie-dish-p-42362.html HTTP/1.0" 200 71846 "-" "Mozilla/5.0 (compatible; AhrefsBot/7.0; +http://ahrefs.com/robot/)"
148.251.120.201 - - [14/Dec/2020:11:27:35 +0100] "GET /-p-26976.html HTTP/1.0" 200 69192 "-" "Mozilla/5.0 (compatible; MJ12bot/v1.4.8; http://mj12bot.com/)"
148.251.120.201 - - [14/Dec/2020:11:27:38 +0100] "GET /pokemon-long-sleeve-shirt-size-years-p-27005.html HTTP/1.0" 301 69259 "-" "Mozilla/5.0 (compatible; MJ12bot/v1.4.8; http://mj12bot.com/)"
148.251.120.201 - - [14/Dec/2020:11:27:43 +0100] "GET /-p-27005.html HTTP/1.0" 200 69192 "-" "Mozilla/5.0 (compatible; MJ12bot/v1.4.8; http://mj12bot.com/)"
148.251.120.201 - - [14/Dec/2020:11:27:46 +0100] "GET /polar-blanket-red-130-170-cm-p-39582.html HTTP/1.0" 301 69259 "-" "Mozilla/5.0 (compatible; MJ12bot/v1.4.8; http://mj12bot.com/)"
148.251.120.201 - - [14/Dec/2020:11:27:49 +0100] "GET /-p-39582.html HTTP/1.0" 200 69192 "-" "Mozilla/5.0 (compatible; MJ12bot/v1.4.8; http://mj12bot.com/)"
148.251.120.201 - - [14/Dec/2020:11:27:53 +0100] "GET /polar-blankets-blankets-c-73.html?page=1 HTTP/1.0" 301 90839 "-" "Mozilla/5.0 (compatible; MJ12bot/v1.4.8; http://mj12bot.com/)"
207.46.13.90 - - [14/Dec/2020:11:27:54 +0100] "GET /images/5701359690328.jpg HTTP/1.0" 200 259 "-" "Mozilla/5.0 (compatible; bingbot/2.0; +http://www.bing.com/bingbot.htm)"
207.46.13.90 - - [14/Dec/2020:11:27:54 +0100] "GET /images/big_prod/8904245400088.jpg HTTP/1.0" 200 268 "-" "Mozilla/5.0 (compatible; bingbot/2.0; +http://www.bing.com/bingbot.htm)"
148.251.120.201 - - [14/Dec/2020:11:27:57 +0100] "GET /polar-blankets-blankets-c-11_73.html?page=1 HTTP/1.0" 200 90864 "-" "Mozilla/5.0 (compatible; MJ12bot/v1.4.8; http://mj12bot.com/)"
148.251.120.201 - - [14/Dec/2020:11:28:00 +0100] "GET /polar-blankets-blankets-c-73.html?page=4 HTTP/1.0" 301 76749 "-" "Mozilla/5.0 (compatible; MJ12bot/v1.4.8; http://mj12bot.com/)"
148.251.120.201 - - [14/Dec/2020:11:28:03 +0100] "GET /polar-blankets-blankets-c-11_73.html?page=4 HTTP/1.0" 200 76774 "-" "Mozilla/5.0 (compatible; MJ12bot/v1.4.8; http://mj12bot.com/)"
148.251.120.201 - - [14/Dec/2020:11:28:07 +0100] "GET /poncho-towels-and-bathrobes-c-72.html?page=1 HTTP/1.0" 301 80400 "-" "Mozilla/5.0 (compatible; MJ12bot/v1.4.8; http://mj12bot.com/)"
148.251.120.201 - - [14/Dec/2020:11:28:11 +0100] "GET /poncho-towels-and-bathrobes-c-11_72.html?page=1 HTTP/1.0" 200 80421 "-" "Mozilla/5.0 (compatible; MJ12bot/v1.4.8; http://mj12bot.com/)"
13.66.139.65 - - [14/Dec/2020:11:28:13 +0100] "GET /images/big_prod_1/028399219049a.jpg HTTP/1.0" 200 270 "-" "Mozilla/5.0 (compatible; bingbot/2.0; +http://www.bing.com/bingbot.htm)"
148.251.120.201 - - [14/Dec/2020:11:28:14 +0100] "GET /provence-moroccan-ashtray-p-37377.html HTTP/1.0" 301 69259 "-" "Mozilla/5.0 (compatible; MJ12bot/v1.4.8; http://mj12bot.com/)"
148.251.120.201 - - [14/Dec/2020:11:28:19 +0100] "GET /-p-37377.html HTTP/1.0" 200 69192 "-" "Mozilla/5.0 (compatible; MJ12bot/v1.4.8; http://mj12bot.com/)"
148.251.120.201 - - [14/Dec/2020:11:28:23 +0100] "GET /psg-bedclothes-200x200-p-21861.html HTTP/1.0" 301 69259 "-" "Mozilla/5.0 (compatible; MJ12bot/v1.4.8; http://mj12bot.com/)"
207.46.13.49 - - [14/Dec/2020:11:28:25 +0100] "GET /images/mini_prod/84240001443758.jpg HTTP/1.0" 200 270 "-" "Mozilla/5.0 (compatible; bingbot/2.0; +http://www.bing.com/bingbot.htm)"
148.251.120.201 - - [14/Dec/2020:11:28:27 +0100] "GET /-p-21861.html HTTP/1.0" 200 69192 "-" "Mozilla/5.0 (compatible; MJ12bot/v1.4.8; http://mj12bot.com/)"
13.66.139.26 - - [14/Dec/2020:11:28:30 +0100] "GET /images/big_prod/1384010202760.jpg HTTP/1.0" 200 268 "-" "Mozilla/5.0 (compatible; bingbot/2.0; +http://www.bing.com/bingbot.htm)"
148.251.120.201 - - [14/Dec/2020:11:28:30 +0100] "GET /psg-bedclothes-240-220-cm-p-21862.html HTTP/1.0" 301 69259 "-" "Mozilla/5.0 (compatible; MJ12bot/v1.4.8; http://mj12bot.com/)"
148.251.120.201 - - [14/Dec/2020:11:28:35 +0100] "GET /-p-21862.html HTTP/1.0" 200 69192 "-" "Mozilla/5.0 (compatible; MJ12bot/v1.4.8; http://mj12bot.com/)"
148.251.120.201 - - [14/Dec/2020:11:28:38 +0100] "GET /pucca-bedclothes-140-200-p-151.html HTTP/1.0" 301 69253 "-" "Mozilla/5.0 (compatible; MJ12bot/v1.4.8; http://mj12bot.com/)"
148.251.120.201 - - [14/Dec/2020:11:28:43 +0100] "GET /-p-151.html HTTP/1.0" 200 69188 "-" "Mozilla/5.0 (compatible; MJ12bot/v1.4.8; http://mj12bot.com/)"
148.251.120.201 - - [14/Dec/2020:11:28:48 +0100] "GET /pucca-bedclothes-p-3963.html HTTP/1.0" 301 69256 "-" "Mozilla/5.0 (compatible; MJ12bot/v1.4.8; http://mj12bot.com/)"
13.66.139.26 - - [14/Dec/2020:11:28:49 +0100] "GET /images/med_prod/1384010181164.jpg HTTP/1.0" 200 268 "-" "Mozilla/5.0 (compatible; bingbot/2.0; +http://www.bing.com/bingbot.htm)"
216.244.66.242 - - [14/Dec/2020:11:28:51 +0100] "GET /robots.txt HTTP/1.0" 200 245 "-" "Mozilla/5.0 (compatible; DotBot/1.1; http://www.opensiteexplorer.org/dotbot, help@moz.com)"
148.251.120.201 - - [14/Dec/2020:11:28:51 +0100] "GET /-p-3963.html HTTP/1.0" 200 69190 "-" "Mozilla/5.0 (compatible; MJ12bot/v1.4.8; http://mj12bot.com/)"
148.251.120.201 - - [14/Dec/2020:11:28:55 +0100] "GET /pucca-pairs-of-bobby-socks-size-27-30-p-25697.html HTTP/1.0" 301 69259 "-" "Mozilla/5.0 (compatible; MJ12bot/v1.4.8; http://mj12bot.com/)"
148.251.120.201 - - [14/Dec/2020:11:29:01 +0100] "GET /-p-25697.html HTTP/1.0" 200 69192 "-" "Mozilla/5.0 (compatible; MJ12bot/v1.4.8; http://mj12bot.com/)"
148.251.120.201 - - [14/Dec/2020:11:29:07 +0100] "GET /pucca-pairs-of-bobby-socks-size-31-34-p-25700.html HTTP/1.0" 301 69259 "-" "Mozilla/5.0 (compatible; MJ12bot/v1.4.8; http://mj12bot.com/)"
157.55.39.217 - - [14/Dec/2020:11:29:11 +0100] "GET /images/big_prod_1/4029811410309B.jpg HTTP/1.0" 200 271 "-" "Mozilla/5.0 (compatible; bingbot/2.0; +http://www.bing.com/bingbot.htm)"
148.251.120.201 - - [14/Dec/2020:11:29:12 +0100] "GET /-p-25700.html HTTP/1.0" 200 69192 "-" "Mozilla/5.0 (compatible; MJ12bot/v1.4.8; http://mj12bot.com/)"
148.251.120.201 - - [14/Dec/2020:11:29:16 +0100] "GET /pucca-tee-shirt-p-30920.html HTTP/1.0" 301 69259 "-" "Mozilla/5.0 (compatible; MJ12bot/v1.4.8; http://mj12bot.com/)"
148.251.120.201 - - [14/Dec/2020:11:29:21 +0100] "GET /-p-30920.html HTTP/1.0" 200 69192 "-" "Mozilla/5.0 (compatible; MJ12bot/v1.4.8; http://mj12bot.com/)"
114.119.141.146 - - [14/Dec/2020:11:29:21 +0100] "GET /images/mini_prod/3609810048713.jpg HTTP/1.0" 200 269 "-" "Mozilla/5.0 (Linux; Android 7.0;) AppleWebKit/537.36 (KHTML, like Gecko) Mobile Safari/537.36 (compatible; PetalBot;+https://aspiegel.com/petalbot)"
148.251.120.201 - - [14/Dec/2020:11:29:24 +0100] "GET /pusheenicorn-the-grey-cat-soft-toy-24-cm-p-33756.html HTTP/1.0" 301 69259 "-" "Mozilla/5.0 (compatible; MJ12bot/v1.4.8; http://mj12bot.com/)"
148.251.120.201 - - [14/Dec/2020:11:29:30 +0100] "GET /-p-33756.html HTTP/1.0" 200 69192 "-" "Mozilla/5.0 (compatible; MJ12bot/v1.4.8; http://mj12bot.com/)"
148.251.120.201 - - [14/Dec/2020:11:29:34 +0100] "GET /ramones-bar-stool-p-18891.html HTTP/1.0" 301 69259 "-" "Mozilla/5.0 (compatible; MJ12bot/v1.4.8; http://mj12bot.com/)"
77.75.79.36 - - [14/Dec/2020:11:29:34 +0100] "GET /robots.txt HTTP/1.0" 200 245 "-" "Mozilla/5.0 (compatible; SeznamBot/3.2; +http://napoveda.seznam.cz/en/seznambot-intro/)"
77.75.79.36 - - [14/Dec/2020:11:29:35 +0100] "GET /angel-glitter-ball-p-27610.html HTTP/1.0" 200 72057 "-" "Mozilla/5.0 (compatible; SeznamBot/3.2; +http://napoveda.seznam.cz/en/seznambot-intro/)"
148.251.120.201 - - [14/Dec/2020:11:29:38 +0100] "GET /-p-18891.html HTTP/1.0" 200 69192 "-" "Mozilla/5.0 (compatible; MJ12bot/v1.4.8; http://mj12bot.com/)"
148.251.120.201 - - [14/Dec/2020:11:29:42 +0100] "GET /raving-rabbids-3d-figure-p-18026.html HTTP/1.0" 301 69259 "-" "Mozilla/5.0 (compatible; MJ12bot/v1.4.8; http://mj12bot.com/)"
148.251.120.201 - - [14/Dec/2020:11:29:45 +0100] "GET /-p-18026.html HTTP/1.0" 200 69192 "-" "Mozilla/5.0 (compatible; MJ12bot/v1.4.8; http://mj12bot.com/)"
148.251.120.201 - - [14/Dec/2020:11:29:49 +0100] "GET /raving-rabbids-beach-towel-p-13090.html HTTP/1.0" 301 69259 "-" "Mozilla/5.0 (compatible; MJ12bot/v1.4.8; http://mj12bot.com/)"
148.251.120.201 - - [14/Dec/2020:11:29:52 +0100] "GET /-p-13090.html HTTP/1.0" 200 69192 "-" "Mozilla/5.0 (compatible; MJ12bot/v1.4.8; http://mj12bot.com/)"
148.251.120.201 - - [14/Dec/2020:11:29:55 +0100] "GET /raving-rabbids-da-vinci-black-hoodies-size-p-16010.html HTTP/1.0" 301 69259 "-" "Mozilla/5.0 (compatible; MJ12bot/v1.4.8; http://mj12bot.com/)"
148.251.120.201 - - [14/Dec/2020:11:29:57 +0100] "GET /-p-16010.html HTTP/1.0" 200 69192 "-" "Mozilla/5.0 (compatible; MJ12bot/v1.4.8; http://mj12bot.com/)"
148.251.120.201 - - [14/Dec/2020:11:30:01 +0100] "GET /road-runner-towel-p-5812.html HTTP/1.0" 301 69256 "-" "Mozilla/5.0 (compatible; MJ12bot/v1.4.8; http://mj12bot.com/)"
148.251.120.201 - - [14/Dec/2020:11:30:05 +0100] "GET /-p-5812.html HTTP/1.0" 200 69190 "-" "Mozilla/5.0 (compatible; MJ12bot/v1.4.8; http://mj12bot.com/)"
148.251.120.201 - - [14/Dec/2020:11:30:08 +0100] "GET /robocar-poli-amber-plush-p-18556.html HTTP/1.0" 301 69259 "-" "Mozilla/5.0 (compatible; MJ12bot/v1.4.8; http://mj12bot.com/)"
13.66.139.26 - - [14/Dec/2020:11:30:10 +0100] "GET /images/big_prod_1/8422010063585B.jpg HTTP/1.0" 200 271 "-" "Mozilla/5.0 (compatible; bingbot/2.0; +http://www.bing.com/bingbot.htm)"
148.251.120.201 - - [14/Dec/2020:11:30:11 +0100] "GET /-p-18556.html HTTP/1.0" 200 69192 "-" "Mozilla/5.0 (compatible; MJ12bot/v1.4.8; http://mj12bot.com/)"
148.251.120.201 - - [14/Dec/2020:11:30:18 +0100] "GET /robocar-poli-car-mini-p-17877.html HTTP/1.0" 301 69259 "-" "Mozilla/5.0 (compatible; MJ12bot/v1.4.8; http://mj12bot.com/)"
54.36.149.65 - - [14/Dec/2020:11:30:21 +0100] "GET /polar-blanket-wildcat-160-130-cm-p-52354.html HTTP/1.0" 200 71936 "-" "Mozilla/5.0 (compatible; AhrefsBot/7.0; +http://ahrefs.com/robot/)"
148.251.120.201 - - [14/Dec/2020:11:30:22 +0100] "GET /-p-17877.html HTTP/1.0" 200 69192 "-" "Mozilla/5.0 (compatible; MJ12bot/v1.4.8; http://mj12bot.com/)"
207.46.13.49 - - [14/Dec/2020:11:30:25 +0100] "GET /images/big_prod/3453131151276.jpg HTTP/1.0" 200 268 "-" "Mozilla/5.0 (compatible; bingbot/2.0; +http://www.bing.com/bingbot.htm)"
148.251.120.201 - - [14/Dec/2020:11:30:26 +0100] "GET /robocar-poli-car-mini-p-17880.html HTTP/1.0" 301 69259 "-" "Mozilla/5.0 (compatible; MJ12bot/v1.4.8; http://mj12bot.com/)"
148.251.120.201 - - [14/Dec/2020:11:30:30 +0100] "GET /-p-17880.html HTTP/1.0" 200 69192 "-" "Mozilla/5.0 (compatible; MJ12bot/v1.4.8; http://mj12bot.com/)"
148.251.120.201 - - [14/Dec/2020:11:30:34 +0100] "GET /robocar-poli-car-mini-p-17882.html HTTP/1.0" 301 69259 "-" "Mozilla/5.0 (compatible; MJ12bot/v1.4.8; http://mj12bot.com/)"
148.251.120.201 - - [14/Dec/2020:11:30:37 +0100] "GET /-p-17882.html HTTP/1.0" 200 69192 "-" "Mozilla/5.0 (compatible; MJ12bot/v1.4.8; http://mj12bot.com/)"
148.251.120.201 - - [14/Dec/2020:11:30:44 +0100] "GET /robocar-poli-car-mini-p-17884.html HTTP/1.0" 301 69259 "-" "Mozilla/5.0 (compatible; MJ12bot/v1.4.8; http://mj12bot.com/)"
148.251.120.201 - - [14/Dec/2020:11:30:49 +0100] "GET /-p-17884.html HTTP/1.0" 200 69192 "-" "Mozilla/5.0 (compatible; MJ12bot/v1.4.8; http://mj12bot.com/)"
148.251.120.201 - - [14/Dec/2020:11:30:51 +0100] "GET /robocar-poli-car-mini-p-18343.html HTTP/1.0" 301 69259 "-" "Mozilla/5.0 (compatible; MJ12bot/v1.4.8; http://mj12bot.com/)"
13.66.139.65 - - [14/Dec/2020:11:30:54 +0100] "GET /images/big_prod/4029811375554.jpg HTTP/1.0" 200 268 "-" "Mozilla/5.0 (compatible; bingbot/2.0; +http://www.bing.com/bingbot.htm)"
148.251.120.201 - - [14/Dec/2020:11:30:57 +0100] "GET /-p-18343.html HTTP/1.0" 200 69192 "-" "Mozilla/5.0 (compatible; MJ12bot/v1.4.8; http://mj12bot.com/)"
148.251.120.201 - - [14/Dec/2020:11:31:01 +0100] "GET /robocar-poli-car-mini-p-18346.html HTTP/1.0" 301 69259 "-" "Mozilla/5.0 (compatible; MJ12bot/v1.4.8; http://mj12bot.com/)"
148.251.120.201 - - [14/Dec/2020:11:31:04 +0100] "GET /-p-18346.html HTTP/1.0" 200 69192 "-" "Mozilla/5.0 (compatible; MJ12bot/v1.4.8; http://mj12bot.com/)"
148.251.120.201 - - [14/Dec/2020:11:31:08 +0100] "GET /robocar-poli-car-mini-p-18347.html HTTP/1.0" 301 69259 "-" "Mozilla/5.0 (compatible; MJ12bot/v1.4.8; http://mj12bot.com/)"
148.251.120.201 - - [14/Dec/2020:11:31:11 +0100] "GET /-p-18347.html HTTP/1.0" 200 69192 "-" "Mozilla/5.0 (compatible; MJ12bot/v1.4.8; http://mj12bot.com/)"
148.251.120.201 - - [14/Dec/2020:11:31:14 +0100] "GET /robocar-poli-mini-car-p-27987.html HTTP/1.0" 301 69259 "-" "Mozilla/5.0 (compatible; MJ12bot/v1.4.8; http://mj12bot.com/)"
148.251.120.201 - - [14/Dec/2020:11:31:17 +0100] "GET /-p-27987.html HTTP/1.0" 200 69192 "-" "Mozilla/5.0 (compatible; MJ12bot/v1.4.8; http://mj12bot.com/)"
148.251.120.201 - - [14/Dec/2020:11:31:23 +0100] "GET /robocar-poli-mini-miniature-vehicle-p-27999.html HTTP/1.0" 301 69259 "-" "Mozilla/5.0 (compatible; MJ12bot/v1.4.8; http://mj12bot.com/)"
148.251.120.201 - - [14/Dec/2020:11:31:29 +0100] "GET /-p-27999.html HTTP/1.0" 200 69192 "-" "Mozilla/5.0 (compatible; MJ12bot/v1.4.8; http://mj12bot.com/)"
148.251.120.201 - - [14/Dec/2020:11:31:36 +0100] "GET /robocar-poli-poli-radio-control-and-convertible-vehicle-p-17888.html HTTP/1.0" 301 69259 "-" "Mozilla/5.0 (compatible; MJ12bot/v1.4.8; http://mj12bot.com/)"
148.251.120.201 - - [14/Dec/2020:11:31:46 +0100] "GET /-p-17888.html HTTP/1.0" 200 69192 "-" "Mozilla/5.0 (compatible; MJ12bot/v1.4.8; http://mj12bot.com/)"
148.251.120.201 - - [14/Dec/2020:11:31:50 +0100] "GET /route-66-flag-red-tee-shirt-p-30816.html HTTP/1.0" 301 69259 "-" "Mozilla/5.0 (compatible; MJ12bot/v1.4.8; http://mj12bot.com/)"
148.251.120.201 - - [14/Dec/2020:11:31:56 +0100] "GET /-p-30816.html HTTP/1.0" 200 69192 "-" "Mozilla/5.0 (compatible; MJ12bot/v1.4.8; http://mj12bot.com/)"
148.251.120.201 - - [14/Dec/2020:11:32:01 +0100] "GET /schleich-peanuts-charlie-brown-p-35079.html HTTP/1.0" 200 72066 "-" "Mozilla/5.0 (compatible; MJ12bot/v1.4.8; http://mj12bot.com/)"
148.251.120.201 - - [14/Dec/2020:11:32:06 +0100] "GET /scooter-photo-frame-p-26897.html HTTP/1.0" 301 69259 "-" "Mozilla/5.0 (compatible; MJ12bot/v1.4.8; http://mj12bot.com/)"
148.251.120.201 - - [14/Dec/2020:11:32:11 +0100] "GET /-p-26897.html HTTP/1.0" 200 69192 "-" "Mozilla/5.0 (compatible; MJ12bot/v1.4.8; http://mj12bot.com/)"
148.251.120.201 - - [14/Dec/2020:11:32:16 +0100] "GET /scottish-terrier-lighting-p-32104.html HTTP/1.0" 301 69259 "-" "Mozilla/5.0 (compatible; MJ12bot/v1.4.8; http://mj12bot.com/)"
148.251.120.201 - - [14/Dec/2020:11:32:22 +0100] "GET /-p-32104.html HTTP/1.0" 200 69192 "-" "Mozilla/5.0 (compatible; MJ12bot/v1.4.8; http://mj12bot.com/)"
