95.91.76.137 - - [14/Dec/2020:04:15:01 +0100] "GET /small-jar-candle-violet-moon-p-42623.html HTTP/1.0" 200 69329 "-" "Mozilla/5.0 (compatible; MJ12bot/v1.4.8; http://mj12bot.com/)"
95.91.76.137 - - [14/Dec/2020:04:15:03 +0100] "GET /small-metal-plate-collection-vespa-beach-p-35028.html HTTP/1.0" 200 72422 "-" "Mozilla/5.0 (compatible; MJ12bot/v1.4.8; http://mj12bot.com/)"
95.91.76.137 - - [14/Dec/2020:04:15:05 +0100] "GET /small-metal-plate-collection-vespa-waterfall-p-35027.html HTTP/1.0" 200 72650 "-" "Mozilla/5.0 (compatible; MJ12bot/v1.4.8; http://mj12bot.com/)"
95.91.76.137 - - [14/Dec/2020:04:15:07 +0100] "GET /small-moto-guzzi-metal-collection-plate-p-35026.html HTTP/1.0" 200 72398 "-" "Mozilla/5.0 (compatible; MJ12bot/v1.4.8; http://mj12bot.com/)"
95.91.76.137 - - [14/Dec/2020:04:15:09 +0100] "GET /small-paris-moulin-rouge-melamine-tray-p-21391.html HTTP/1.0" 200 72139 "-" "Mozilla/5.0 (compatible; MJ12bot/v1.4.8; http://mj12bot.com/)"
95.91.76.137 - - [14/Dec/2020:04:15:11 +0100] "GET /small-tinbox-retro-motorcycle-75-cm-p-41345.html HTTP/1.0" 200 72144 "-" "Mozilla/5.0 (compatible; MJ12bot/v1.4.8; http://mj12bot.com/)"
95.91.76.137 - - [14/Dec/2020:04:15:13 +0100] "GET /small-tray-allen-cat-24-18-cm-p-50596.html HTTP/1.0" 200 69306 "-" "Mozilla/5.0 (compatible; MJ12bot/v1.4.8; http://mj12bot.com/)"
95.91.76.137 - - [14/Dec/2020:04:15:15 +0100] "GET /smiley-green-backpack-p-20202.html HTTP/1.0" 301 69259 "-" "Mozilla/5.0 (compatible; MJ12bot/v1.4.8; http://mj12bot.com/)"
95.91.76.137 - - [14/Dec/2020:04:15:17 +0100] "GET /-p-20202.html HTTP/1.0" 200 69192 "-" "Mozilla/5.0 (compatible; MJ12bot/v1.4.8; http://mj12bot.com/)"
95.91.76.137 - - [14/Dec/2020:04:15:19 +0100] "GET /smurf-toddler-flatware-set-p-27536.html HTTP/1.0" 200 71858 "-" "Mozilla/5.0 (compatible; MJ12bot/v1.4.8; http://mj12bot.com/)"
95.91.76.137 - - [14/Dec/2020:04:15:21 +0100] "GET /snow-white-queen-large-coin-purse-p-5497.html HTTP/1.0" 200 69349 "-" "Mozilla/5.0 (compatible; MJ12bot/v1.4.8; http://mj12bot.com/)"
95.91.76.137 - - [14/Dec/2020:04:15:23 +0100] "GET /so-sweet-black-women-tee-shirt-p-30993.html HTTP/1.0" 200 73832 "-" "Mozilla/5.0 (compatible; MJ12bot/v1.4.8; http://mj12bot.com/)"
95.91.76.137 - - [14/Dec/2020:04:15:26 +0100] "GET /so-sweet-black-women-tee-shirt-p-30994.html HTTP/1.0" 200 73840 "-" "Mozilla/5.0 (compatible; MJ12bot/v1.4.8; http://mj12bot.com/)"
95.91.76.137 - - [14/Dec/2020:04:15:28 +0100] "GET /so-sweet-black-women-tee-shirt-p-30997.html HTTP/1.0" 200 73844 "-" "Mozilla/5.0 (compatible; MJ12bot/v1.4.8; http://mj12bot.com/)"
95.91.76.137 - - [14/Dec/2020:04:15:30 +0100] "GET /so-sweet-white-women-tee-shirt-p-30992.html HTTP/1.0" 200 73869 "-" "Mozilla/5.0 (compatible; MJ12bot/v1.4.8; http://mj12bot.com/)"
95.91.76.137 - - [14/Dec/2020:04:15:33 +0100] "GET /so-sweet-white-women-tee-shirt-p-30996.html HTTP/1.0" 200 73877 "-" "Mozilla/5.0 (compatible; MJ12bot/v1.4.8; http://mj12bot.com/)"
95.91.76.137 - - [14/Dec/2020:04:15:35 +0100] "GET /socks-c-2_142.html?page=1 HTTP/1.0" 200 81507 "-" "Mozilla/5.0 (compatible; MJ12bot/v1.4.8; http://mj12bot.com/)"
95.91.76.137 - - [14/Dec/2020:04:15:37 +0100] "GET /sofia-the-first-poster-p-30890.html HTTP/1.0" 200 69293 "-" "Mozilla/5.0 (compatible; MJ12bot/v1.4.8; http://mj12bot.com/)"
95.91.76.137 - - [14/Dec/2020:04:15:39 +0100] "GET /soft-toy-rattle-gund-pistachio-dog-p-21884.html HTTP/1.0" 200 71877 "-" "Mozilla/5.0 (compatible; MJ12bot/v1.4.8; http://mj12bot.com/)"
95.91.76.137 - - [14/Dec/2020:04:15:41 +0100] "GET /spiderman-glasses-p-2388.html HTTP/1.0" 200 71788 "-" "Mozilla/5.0 (compatible; MJ12bot/v1.4.8; http://mj12bot.com/)"
95.91.76.137 - - [14/Dec/2020:04:15:43 +0100] "GET /spiderman-mattress-swimming-pool-p-30010.html HTTP/1.0" 200 72327 "-" "Mozilla/5.0 (compatible; MJ12bot/v1.4.8; http://mj12bot.com/)"
95.91.76.137 - - [14/Dec/2020:04:15:46 +0100] "GET /spiderman-paddling-pool-p-30009.html HTTP/1.0" 200 69298 "-" "Mozilla/5.0 (compatible; MJ12bot/v1.4.8; http://mj12bot.com/)"
95.91.76.137 - - [14/Dec/2020:04:15:48 +0100] "GET /spiderman-small-flexible-molds-model-red-p-28219.html HTTP/1.0" 200 72114 "-" "Mozilla/5.0 (compatible; MJ12bot/v1.4.8; http://mj12bot.com/)"
95.91.76.137 - - [14/Dec/2020:04:15:50 +0100] "GET /spiderman-small-flexible-molds-model-yellow-p-28220.html HTTP/1.0" 200 72141 "-" "Mozilla/5.0 (compatible; MJ12bot/v1.4.8; http://mj12bot.com/)"
95.91.76.137 - - [14/Dec/2020:04:15:52 +0100] "GET /spiderman-swim-vest-p-14350.html HTTP/1.0" 200 69278 "-" "Mozilla/5.0 (compatible; MJ12bot/v1.4.8; http://mj12bot.com/)"
95.91.76.137 - - [14/Dec/2020:04:15:54 +0100] "GET /spiderman-wastebasket-p-27774.html HTTP/1.0" 200 69288 "-" "Mozilla/5.0 (compatible; MJ12bot/v1.4.8; http://mj12bot.com/)"
95.91.76.137 - - [14/Dec/2020:04:15:56 +0100] "GET /spirituous-beverages-set-of-shooters-p-35143.html HTTP/1.0" 200 69369 "-" "Mozilla/5.0 (compatible; MJ12bot/v1.4.8; http://mj12bot.com/)"
95.91.76.137 - - [14/Dec/2020:04:15:58 +0100] "GET /sponge-bob-lunch-box-p-17145.html HTTP/1.0" 200 69283 "-" "Mozilla/5.0 (compatible; MJ12bot/v1.4.8; http://mj12bot.com/)"
95.91.76.137 - - [14/Dec/2020:04:16:00 +0100] "GET /spongebob-pink-shirt-p-30042.html HTTP/1.0" 200 72264 "-" "Mozilla/5.0 (compatible; MJ12bot/v1.4.8; http://mj12bot.com/)"
95.91.76.137 - - [14/Dec/2020:04:16:02 +0100] "GET /spongebob-shirt-p-29556.html HTTP/1.0" 200 72923 "-" "Mozilla/5.0 (compatible; MJ12bot/v1.4.8; http://mj12bot.com/)"
95.91.76.137 - - [14/Dec/2020:04:16:05 +0100] "GET /st-malo-mug-by-cbkreation-p-41920.html HTTP/1.0" 200 71889 "-" "Mozilla/5.0 (compatible; MJ12bot/v1.4.8; http://mj12bot.com/)"
95.91.76.137 - - [14/Dec/2020:04:16:07 +0100] "GET /star-wars-backpack-p-35795.html HTTP/1.0" 200 72029 "-" "Mozilla/5.0 (compatible; MJ12bot/v1.4.8; http://mj12bot.com/)"
95.91.76.137 - - [14/Dec/2020:04:16:09 +0100] "GET /star-wars-backpack-p-35799.html HTTP/1.0" 200 72063 "-" "Mozilla/5.0 (compatible; MJ12bot/v1.4.8; http://mj12bot.com/)"
54.36.148.64 - - [14/Dec/2020:04:16:10 +0100] "GET /gorjuss-love-you-little-rabbit-shoulder-bag-p-28444.html HTTP/1.0" 301 69259 "-" "Mozilla/5.0 (compatible; AhrefsBot/7.0; +http://ahrefs.com/robot/)"
95.91.76.137 - - [14/Dec/2020:04:16:11 +0100] "GET /star-wars-dark-vader-desk-blotter-p-33534.html HTTP/1.0" 200 69348 "-" "Mozilla/5.0 (compatible; MJ12bot/v1.4.8; http://mj12bot.com/)"
95.91.76.137 - - [14/Dec/2020:04:16:13 +0100] "GET /star-wars-darth-vader-stackable-lunch-set-p-34029.html HTTP/1.0" 200 72123 "-" "Mozilla/5.0 (compatible; MJ12bot/v1.4.8; http://mj12bot.com/)"
95.91.76.137 - - [14/Dec/2020:04:16:16 +0100] "GET /star-wars-korean-displays-poster-p-33527.html HTTP/1.0" 200 69343 "-" "Mozilla/5.0 (compatible; MJ12bot/v1.4.8; http://mj12bot.com/)"
95.91.76.137 - - [14/Dec/2020:04:16:18 +0100] "GET /star-wars-kylo-ren-the-force-awakens-poster-p-33528.html HTTP/1.0" 200 69398 "-" "Mozilla/5.0 (compatible; MJ12bot/v1.4.8; http://mj12bot.com/)"
95.91.76.137 - - [14/Dec/2020:04:16:21 +0100] "GET /star-wars-return-of-the-jedi-poster-p-32276.html HTTP/1.0" 200 69358 "-" "Mozilla/5.0 (compatible; MJ12bot/v1.4.8; http://mj12bot.com/)"
95.91.76.137 - - [14/Dec/2020:04:16:23 +0100] "GET /star-wars-yoda-stackable-lunch-set-p-34030.html HTTP/1.0" 200 72060 "-" "Mozilla/5.0 (compatible; MJ12bot/v1.4.8; http://mj12bot.com/)"
95.91.76.137 - - [14/Dec/2020:04:16:25 +0100] "GET /statue-the-white-bear-of-francois-pompon-65-cm-p-48518.html HTTP/1.0" 200 72743 "-" "Mozilla/5.0 (compatible; MJ12bot/v1.4.8; http://mj12bot.com/)"
95.91.76.137 - - [14/Dec/2020:04:16:28 +0100] "GET /statuette-buddha-of-abundance-wooden-p-50582.html HTTP/1.0" 200 72872 "-" "Mozilla/5.0 (compatible; MJ12bot/v1.4.8; http://mj12bot.com/)"
185.191.171.42 - - [14/Dec/2020:04:16:28 +0100] "GET /robots.txt HTTP/1.0" 200 245 "-" "Mozilla/5.0 (compatible; SemrushBot/7~bl; +http://www.semrush.com/bot.html)"
185.191.171.41 - - [14/Dec/2020:04:16:28 +0100] "GET /cupcakes-mouse-pad-by-cbkreation-p-17364.html?action=add_product HTTP/1.0" 302 476 "-" "Mozilla/5.0 (compatible; SemrushBot/7~bl; +http://www.semrush.com/bot.html)"
95.91.76.137 - - [14/Dec/2020:04:16:30 +0100] "GET /statuette-jesus-christ-redeemer-resin-20-cm-p-46650.html HTTP/1.0" 200 72037 "-" "Mozilla/5.0 (compatible; MJ12bot/v1.4.8; http://mj12bot.com/)"
95.91.76.137 - - [14/Dec/2020:04:16:33 +0100] "GET /stone-amethyst-sold-by-weight-160-170-grams-p-46544.html HTTP/1.0" 200 72887 "-" "Mozilla/5.0 (compatible; MJ12bot/v1.4.8; http://mj12bot.com/)"
95.91.76.137 - - [14/Dec/2020:04:16:35 +0100] "GET /stone-black-moonstone-120-130-grams-p-46629.html HTTP/1.0" 200 69316 "-" "Mozilla/5.0 (compatible; MJ12bot/v1.4.8; http://mj12bot.com/)"
95.91.76.137 - - [14/Dec/2020:04:16:38 +0100] "GET /stone-black-moonstone-50-60-grams-p-46624.html HTTP/1.0" 200 69312 "-" "Mozilla/5.0 (compatible; MJ12bot/v1.4.8; http://mj12bot.com/)"
95.91.76.137 - - [14/Dec/2020:04:16:40 +0100] "GET /stone-golden-healer-60-70-grams-p-46599.html HTTP/1.0" 200 73211 "-" "Mozilla/5.0 (compatible; MJ12bot/v1.4.8; http://mj12bot.com/)"
95.91.76.137 - - [14/Dec/2020:04:16:42 +0100] "GET /stone-petrified-wood-50-60-grams-p-46566.html HTTP/1.0" 200 69320 "-" "Mozilla/5.0 (compatible; MJ12bot/v1.4.8; http://mj12bot.com/)"
207.46.13.127 - - [14/Dec/2020:04:16:44 +0100] "GET /images/big_prod/3453131150538.jpg HTTP/1.0" 200 268 "-" "Mozilla/5.0 (compatible; bingbot/2.0; +http://www.bing.com/bingbot.htm)"
95.91.76.137 - - [14/Dec/2020:04:16:44 +0100] "GET /stone-polychrome-jasper-100-110-grams-p-46581.html HTTP/1.0" 200 73172 "-" "Mozilla/5.0 (compatible; MJ12bot/v1.4.8; http://mj12bot.com/)"
95.91.76.137 - - [14/Dec/2020:04:16:47 +0100] "GET /stones-rock-crystal-100-110-grams-p-46609.html HTTP/1.0" 200 73259 "-" "Mozilla/5.0 (compatible; MJ12bot/v1.4.8; http://mj12bot.com/)"
95.91.76.137 - - [14/Dec/2020:04:16:50 +0100] "GET /sugar-bowl-les-chaltimbanques-scat-cats-p-50645.html HTTP/1.0" 200 71961 "-" "Mozilla/5.0 (compatible; MJ12bot/v1.4.8; http://mj12bot.com/)"
95.91.76.137 - - [14/Dec/2020:04:16:52 +0100] "GET /suntime-bedclothes-240-220-cm-p-39651.html HTTP/1.0" 301 69259 "-" "Mozilla/5.0 (compatible; MJ12bot/v1.4.8; http://mj12bot.com/)"
54.36.149.1 - - [14/Dec/2020:04:16:54 +0100] "GET /candy-cloud-notepad-candy-p-49833.html HTTP/1.0" 200 71879 "-" "Mozilla/5.0 (compatible; AhrefsBot/7.0; +http://ahrefs.com/robot/)"
95.91.76.137 - - [14/Dec/2020:04:16:54 +0100] "GET /-p-39651.html HTTP/1.0" 200 69192 "-" "Mozilla/5.0 (compatible; MJ12bot/v1.4.8; http://mj12bot.com/)"
95.91.76.137 - - [14/Dec/2020:04:16:57 +0100] "GET /surfboard-wooden-wall-decoration-60-20-cm-p-41725.html HTTP/1.0" 200 69394 "-" "Mozilla/5.0 (compatible; MJ12bot/v1.4.8; http://mj12bot.com/)"
95.91.76.137 - - [14/Dec/2020:04:16:59 +0100] "GET /suspension-bear-34-cm-92-cm-with-cable-p-52761.html HTTP/1.0" 200 72661 "-" "Mozilla/5.0 (compatible; MJ12bot/v1.4.8; http://mj12bot.com/)"
95.91.76.137 - - [14/Dec/2020:04:17:01 +0100] "GET /swimsuit-c-1_18.html?page=1 HTTP/1.0" 200 90963 "-" "Mozilla/5.0 (compatible; MJ12bot/v1.4.8; http://mj12bot.com/)"
95.91.76.137 - - [14/Dec/2020:04:17:04 +0100] "GET /tablecloth-castillon-treated-anti-stain-blue-150-150-cm-p-48525.html HTTP/1.0" 200 72799 "-" "Mozilla/5.0 (compatible; MJ12bot/v1.4.8; http://mj12bot.com/)"
95.91.76.137 - - [14/Dec/2020:04:17:06 +0100] "GET /tablecloth-castillon-treated-anti-stain-blue-150-250-cm-p-48526.html HTTP/1.0" 200 72799 "-" "Mozilla/5.0 (compatible; MJ12bot/v1.4.8; http://mj12bot.com/)"
95.91.76.137 - - [14/Dec/2020:04:17:09 +0100] "GET /take-the-cake-bag-pies-p-39860.html HTTP/1.0" 200 69274 "-" "Mozilla/5.0 (compatible; MJ12bot/v1.4.8; http://mj12bot.com/)"
95.91.76.137 - - [14/Dec/2020:04:17:11 +0100] "GET /teo-jasmin-doll-pouch-p-30660.html HTTP/1.0" 200 69288 "-" "Mozilla/5.0 (compatible; MJ12bot/v1.4.8; http://mj12bot.com/)"
95.91.76.137 - - [14/Dec/2020:04:17:13 +0100] "GET /teo-jasmin-doll-pouch-p-31596.html HTTP/1.0" 200 69288 "-" "Mozilla/5.0 (compatible; MJ12bot/v1.4.8; http://mj12bot.com/)"
95.91.76.137 - - [14/Dec/2020:04:17:16 +0100] "GET /teo-jasmin-medium-cabas-jasmine-p-46980.html HTTP/1.0" 200 69314 "-" "Mozilla/5.0 (compatible; MJ12bot/v1.4.8; http://mj12bot.com/)"
95.91.76.137 - - [14/Dec/2020:04:17:18 +0100] "GET /teo-jasmin-small-cabas-jasmine-college-p-36066.html HTTP/1.0" 200 69379 "-" "Mozilla/5.0 (compatible; MJ12bot/v1.4.8; http://mj12bot.com/)"
95.91.76.137 - - [14/Dec/2020:04:17:21 +0100] "GET /teo-jasmin-small-cabas-jasmine-mood-brown-p-37984.html HTTP/1.0" 301 69259 "-" "Mozilla/5.0 (compatible; MJ12bot/v1.4.8; http://mj12bot.com/)"
95.91.76.137 - - [14/Dec/2020:04:17:24 +0100] "GET /-p-37984.html HTTP/1.0" 200 69192 "-" "Mozilla/5.0 (compatible; MJ12bot/v1.4.8; http://mj12bot.com/)"
95.91.76.137 - - [14/Dec/2020:04:17:27 +0100] "GET /teo-jasmin-small-cabas-jasmine-rockabilly-p-39259.html HTTP/1.0" 200 72264 "-" "Mozilla/5.0 (compatible; MJ12bot/v1.4.8; http://mj12bot.com/)"
95.91.76.137 - - [14/Dec/2020:04:17:30 +0100] "GET /teo-jasmin-small-cabas-jasmine-stardust-p-40989.html HTTP/1.0" 301 69259 "-" "Mozilla/5.0 (compatible; MJ12bot/v1.4.8; http://mj12bot.com/)"
95.91.76.137 - - [14/Dec/2020:04:17:32 +0100] "GET /-p-40989.html HTTP/1.0" 200 69192 "-" "Mozilla/5.0 (compatible; MJ12bot/v1.4.8; http://mj12bot.com/)"
114.119.132.105 - - [14/Dec/2020:04:17:32 +0100] "GET /images/mini_prod/8422011475905.jpg HTTP/1.0" 200 269 "-" "Mozilla/5.0 (Linux; Android 7.0;) AppleWebKit/537.36 (KHTML, like Gecko) Mobile Safari/537.36 (compatible; PetalBot;+https://aspiegel.com/petalbot)"
95.91.76.137 - - [14/Dec/2020:04:17:34 +0100] "GET /teo-jasmin-small-cabas-marley-p-40987.html HTTP/1.0" 200 72168 "-" "Mozilla/5.0 (compatible; MJ12bot/v1.4.8; http://mj12bot.com/)"
95.91.76.137 - - [14/Dec/2020:04:17:36 +0100] "GET /teo-jasmin-small-cabas-stardust-p-40988.html HTTP/1.0" 301 69259 "-" "Mozilla/5.0 (compatible; MJ12bot/v1.4.8; http://mj12bot.com/)"
95.91.76.137 - - [14/Dec/2020:04:17:40 +0100] "GET /-p-40988.html HTTP/1.0" 200 69192 "-" "Mozilla/5.0 (compatible; MJ12bot/v1.4.8; http://mj12bot.com/)"
95.91.76.137 - - [14/Dec/2020:04:17:43 +0100] "GET /teo-jasmin-small-cabas-teo-labaule-p-40585.html HTTP/1.0" 200 69294 "-" "Mozilla/5.0 (compatible; MJ12bot/v1.4.8; http://mj12bot.com/)"
95.91.76.137 - - [14/Dec/2020:04:17:46 +0100] "GET /teo-jasmin-sport-bag-teo-jockey-beige-p-38842.html HTTP/1.0" 200 69317 "-" "Mozilla/5.0 (compatible; MJ12bot/v1.4.8; http://mj12bot.com/)"
13.66.139.26 - - [14/Dec/2020:04:17:49 +0100] "GET /images/mini_prod/1399987839284.jpg HTTP/1.0" 200 269 "-" "Mozilla/5.0 (compatible; bingbot/2.0; +http://www.bing.com/bingbot.htm)"
95.91.76.137 - - [14/Dec/2020:04:17:49 +0100] "GET /teo-jasmin-stardust-mug-p-32926.html HTTP/1.0" 301 69259 "-" "Mozilla/5.0 (compatible; MJ12bot/v1.4.8; http://mj12bot.com/)"
95.91.76.137 - - [14/Dec/2020:04:17:52 +0100] "GET /-p-32926.html HTTP/1.0" 200 69192 "-" "Mozilla/5.0 (compatible; MJ12bot/v1.4.8; http://mj12bot.com/)"
95.91.76.137 - - [14/Dec/2020:04:17:56 +0100] "GET /teo-jasmin-teo-avoriaz-large-bowl-p-34911.html HTTP/1.0" 301 69259 "-" "Mozilla/5.0 (compatible; MJ12bot/v1.4.8; http://mj12bot.com/)"
95.91.76.137 - - [14/Dec/2020:04:18:01 +0100] "GET /-p-34911.html HTTP/1.0" 200 69192 "-" "Mozilla/5.0 (compatible; MJ12bot/v1.4.8; http://mj12bot.com/)"
95.91.76.137 - - [14/Dec/2020:04:18:05 +0100] "GET /teo-jasmin-teo-geisha-companion-portfolio-p-40532.html HTTP/1.0" 200 69388 "-" "Mozilla/5.0 (compatible; MJ12bot/v1.4.8; http://mj12bot.com/)"
95.91.76.137 - - [14/Dec/2020:04:18:11 +0100] "GET /teo-jasmin-teo-marley-companion-portfolio-p-40982.html HTTP/1.0" 200 72200 "-" "Mozilla/5.0 (compatible; MJ12bot/v1.4.8; http://mj12bot.com/)"
95.91.76.137 - - [14/Dec/2020:04:18:15 +0100] "GET /tetsubin-blue-teapot-japanese-p-39675.html HTTP/1.0" 200 72134 "-" "Mozilla/5.0 (compatible; MJ12bot/v1.4.8; http://mj12bot.com/)"
51.68.224.127 - - [14/Dec/2020:04:18:19 +0100] "GET /adminweb/export_orders_xml.php?token=256de2z6edz6ed2z6DFSFsed2zed6zeDSFDSGdzedezfzf&maxorders=10&orderstart=1&status=14&start_date=2018-10-01 HTTP/1.0" 200 285 "-" "GesCom CharlotteBoutik Serveur"
51.68.224.127 - - [14/Dec/2020:04:18:19 +0100] "GET /adminweb/export_orders_xml.php?token=256de2z6edz6ed2z6DFSFsed2zed6zeDSFDSGdzedezfzf&maxorders=10&orderstart=1&status=6&start_date=2018-10-01 HTTP/1.0" 200 30026 "-" "GesCom CharlotteBoutik Serveur"
95.91.76.137 - - [14/Dec/2020:04:18:19 +0100] "GET /tetsubin-green-teapot-japanese-11-liter-p-41729.html HTTP/1.0" 200 69381 "-" "Mozilla/5.0 (compatible; MJ12bot/v1.4.8; http://mj12bot.com/)"
207.46.13.146 - - [14/Dec/2020:04:18:20 +0100] "GET /images/big_prod_1/3612875123547a.jpg HTTP/1.0" 200 271 "-" "Mozilla/5.0 (compatible; bingbot/2.0; +http://www.bing.com/bingbot.htm)"
95.91.76.137 - - [14/Dec/2020:04:18:24 +0100] "GET /tetsubin-red-japanese-teapot-08-liter-p-41731.html HTTP/1.0" 200 69371 "-" "Mozilla/5.0 (compatible; MJ12bot/v1.4.8; http://mj12bot.com/)"
95.91.76.137 - - [14/Dec/2020:04:18:29 +0100] "GET /tetsubin-red-teapot-japanese-p-37374.html HTTP/1.0" 200 72096 "-" "Mozilla/5.0 (compatible; MJ12bot/v1.4.8; http://mj12bot.com/)"
95.91.76.137 - - [14/Dec/2020:04:18:35 +0100] "GET /the-ballerina-statue-collection-body-talk-p-40676.html HTTP/1.0" 200 72043 "-" "Mozilla/5.0 (compatible; MJ12bot/v1.4.8; http://mj12bot.com/)"
95.91.76.137 - - [14/Dec/2020:04:18:39 +0100] "GET /the-ballerina-statue-collection-body-talk-p-40677.html HTTP/1.0" 200 72041 "-" "Mozilla/5.0 (compatible; MJ12bot/v1.4.8; http://mj12bot.com/)"
95.91.76.137 - - [14/Dec/2020:04:18:45 +0100] "GET /the-beatles-metal-case-for-business-cards-p-11854.html HTTP/1.0" 200 72067 "-" "Mozilla/5.0 (compatible; MJ12bot/v1.4.8; http://mj12bot.com/)"
95.91.76.137 - - [14/Dec/2020:04:18:51 +0100] "GET /the-beatles-metal-plate-p-11864.html HTTP/1.0" 200 69298 "-" "Mozilla/5.0 (compatible; MJ12bot/v1.4.8; http://mj12bot.com/)"
95.91.76.137 - - [14/Dec/2020:04:18:56 +0100] "GET /the-beatles-metal-plate-p-11865.html HTTP/1.0" 200 71971 "-" "Mozilla/5.0 (compatible; MJ12bot/v1.4.8; http://mj12bot.com/)"
95.91.76.137 - - [14/Dec/2020:04:19:01 +0100] "GET /the-funny-little-bugs-cars-fiona-fly-p-7302.html HTTP/1.0" 200 72055 "-" "Mozilla/5.0 (compatible; MJ12bot/v1.4.8; http://mj12bot.com/)"
95.91.76.137 - - [14/Dec/2020:04:19:08 +0100] "GET /the-funny-little-bugs-cars-larry-louse-p-3942.html HTTP/1.0" 200 69374 "-" "Mozilla/5.0 (compatible; MJ12bot/v1.4.8; http://mj12bot.com/)"
54.36.148.21 - - [14/Dec/2020:04:19:09 +0100] "GET /owl-melamine-dish-cake-36-cm-p-45128.html HTTP/1.0" 200 71843 "-" "Mozilla/5.0 (compatible; AhrefsBot/7.0; +http://ahrefs.com/robot/)"
95.91.76.137 - - [14/Dec/2020:04:19:14 +0100] "GET /the-funny-little-bugs-jewelry-box-p-16444.html HTTP/1.0" 200 69348 "-" "Mozilla/5.0 (compatible; MJ12bot/v1.4.8; http://mj12bot.com/)"
95.91.76.137 - - [14/Dec/2020:04:19:18 +0100] "GET /the-godfather-little-box-p-8269.html HTTP/1.0" 200 71845 "-" "Mozilla/5.0 (compatible; MJ12bot/v1.4.8; http://mj12bot.com/)"
95.91.76.137 - - [14/Dec/2020:04:19:22 +0100] "GET /the-godfather-metal-magnet-p-10803.html HTTP/1.0" 200 69313 "-" "Mozilla/5.0 (compatible; MJ12bot/v1.4.8; http://mj12bot.com/)"
95.91.76.137 - - [14/Dec/2020:04:19:26 +0100] "GET /the-little-prince-acrylic-glass-p-30328.html HTTP/1.0" 200 69338 "-" "Mozilla/5.0 (compatible; MJ12bot/v1.4.8; http://mj12bot.com/)"
95.91.76.137 - - [14/Dec/2020:04:19:31 +0100] "GET /the-little-prince-night-light-stars-projector-musical-p-50838.html HTTP/1.0" 200 72858 "-" "Mozilla/5.0 (compatible; MJ12bot/v1.4.8; http://mj12bot.com/)"
95.91.76.137 - - [14/Dec/2020:04:19:33 +0100] "GET /toiletbrush-zen-pebbles-p-50691.html HTTP/1.0" 200 72708 "-" "Mozilla/5.0 (compatible; MJ12bot/v1.4.8; http://mj12bot.com/)"
95.216.11.179 - - [14/Dec/2020:04:19:40 +0100] "GET /robots.txt HTTP/1.0" 200 245 "-" "Mozilla/5.0 (compatible; MJ12bot/v1.4.8; http://mj12bot.com/)"
95.216.11.179 - - [14/Dec/2020:04:19:42 +0100] "GET /grand-prix-de-monaco-bath-towel-p-25992.html HTTP/1.0" 200 71879 "-" "Mozilla/5.0 (compatible; MJ12bot/v1.4.8; http://mj12bot.com/)"
95.216.11.179 - - [14/Dec/2020:04:19:45 +0100] "GET /gray-metal-and-wood-flexo-lamp-43-cm-p-52771.html HTTP/1.0" 200 73371 "-" "Mozilla/5.0 (compatible; MJ12bot/v1.4.8; http://mj12bot.com/)"
95.216.11.179 - - [14/Dec/2020:04:19:47 +0100] "GET /gray-moneybox-safe-p-26145.html HTTP/1.0" 200 69273 "-" "Mozilla/5.0 (compatible; MJ12bot/v1.4.8; http://mj12bot.com/)"
95.216.11.179 - - [14/Dec/2020:04:19:49 +0100] "GET /great-patina-white-elephant-statuette-p-37483.html HTTP/1.0" 200 69330 "-" "Mozilla/5.0 (compatible; MJ12bot/v1.4.8; http://mj12bot.com/)"
95.216.11.179 - - [14/Dec/2020:04:19:52 +0100] "GET /green-chihuahua-decorating-statue-p-35591.html HTTP/1.0" 301 69259 "-" "Mozilla/5.0 (compatible; MJ12bot/v1.4.8; http://mj12bot.com/)"
95.216.11.179 - - [14/Dec/2020:04:19:55 +0100] "GET /-p-35591.html HTTP/1.0" 200 69192 "-" "Mozilla/5.0 (compatible; MJ12bot/v1.4.8; http://mj12bot.com/)"
95.216.11.179 - - [14/Dec/2020:04:19:57 +0100] "GET /green-littlest-petshop-mug-p-20055.html HTTP/1.0" 301 69259 "-" "Mozilla/5.0 (compatible; MJ12bot/v1.4.8; http://mj12bot.com/)"
95.216.11.179 - - [14/Dec/2020:04:20:01 +0100] "GET /-p-20055.html HTTP/1.0" 200 69192 "-" "Mozilla/5.0 (compatible; MJ12bot/v1.4.8; http://mj12bot.com/)"
95.216.11.179 - - [14/Dec/2020:04:20:04 +0100] "GET /green-mustache-shirt-by-cbkreation-p-30190.html HTTP/1.0" 301 69259 "-" "Mozilla/5.0 (compatible; MJ12bot/v1.4.8; http://mj12bot.com/)"
95.216.11.179 - - [14/Dec/2020:04:20:06 +0100] "GET /-p-30190.html HTTP/1.0" 200 69192 "-" "Mozilla/5.0 (compatible; MJ12bot/v1.4.8; http://mj12bot.com/)"
95.216.11.179 - - [14/Dec/2020:04:20:09 +0100] "GET /grendizer-figure-p-27767.html HTTP/1.0" 200 69263 "-" "Mozilla/5.0 (compatible; MJ12bot/v1.4.8; http://mj12bot.com/)"
95.216.11.179 - - [14/Dec/2020:04:20:12 +0100] "GET /grey-and-green-bedclothes-240-220-cm-p-34042.html HTTP/1.0" 301 69259 "-" "Mozilla/5.0 (compatible; MJ12bot/v1.4.8; http://mj12bot.com/)"
95.216.11.179 - - [14/Dec/2020:04:20:15 +0100] "GET /-p-34042.html HTTP/1.0" 200 69192 "-" "Mozilla/5.0 (compatible; MJ12bot/v1.4.8; http://mj12bot.com/)"
95.216.11.179 - - [14/Dec/2020:04:20:21 +0100] "GET /grey-and-pink-bedclothes-240-220-cm-p-34586.html HTTP/1.0" 301 69259 "-" "Mozilla/5.0 (compatible; MJ12bot/v1.4.8; http://mj12bot.com/)"
95.216.11.179 - - [14/Dec/2020:04:20:24 +0100] "GET /-p-34586.html HTTP/1.0" 200 69192 "-" "Mozilla/5.0 (compatible; MJ12bot/v1.4.8; http://mj12bot.com/)"
95.216.11.179 - - [14/Dec/2020:04:20:29 +0100] "GET /grey-eyelets-blackout-curtain-p-35113.html HTTP/1.0" 301 69259 "-" "Mozilla/5.0 (compatible; MJ12bot/v1.4.8; http://mj12bot.com/)"
95.216.11.179 - - [14/Dec/2020:04:20:32 +0100] "GET /-p-35113.html HTTP/1.0" 200 69192 "-" "Mozilla/5.0 (compatible; MJ12bot/v1.4.8; http://mj12bot.com/)"
95.216.11.179 - - [14/Dec/2020:04:20:36 +0100] "GET /guardian-angel-mini-statuette-p-50982.html HTTP/1.0" 200 71951 "-" "Mozilla/5.0 (compatible; MJ12bot/v1.4.8; http://mj12bot.com/)"
95.216.11.179 - - [14/Dec/2020:04:20:40 +0100] "GET /gund-boo-13-cm-plush-itty-bitty-boo-grey-leopard-hoodie-p-32804.html HTTP/1.0" 301 69259 "-" "Mozilla/5.0 (compatible; MJ12bot/v1.4.8; http://mj12bot.com/)"
95.216.11.179 - - [14/Dec/2020:04:20:43 +0100] "GET /-p-32804.html HTTP/1.0" 200 69192 "-" "Mozilla/5.0 (compatible; MJ12bot/v1.4.8; http://mj12bot.com/)"
95.216.11.179 - - [14/Dec/2020:04:20:46 +0100] "GET /gund-boo-reindeer-22-cm-plush-p-27739.html HTTP/1.0" 301 69259 "-" "Mozilla/5.0 (compatible; MJ12bot/v1.4.8; http://mj12bot.com/)"
95.216.11.179 - - [14/Dec/2020:04:20:50 +0100] "GET /-p-27739.html HTTP/1.0" 200 69192 "-" "Mozilla/5.0 (compatible; MJ12bot/v1.4.8; http://mj12bot.com/)"
95.216.11.179 - - [14/Dec/2020:04:20:54 +0100] "GET /gund-jackson-teddy-bear-34-cm-p-35602.html HTTP/1.0" 301 69259 "-" "Mozilla/5.0 (compatible; MJ12bot/v1.4.8; http://mj12bot.com/)"
95.216.11.179 - - [14/Dec/2020:04:20:58 +0100] "GET /-p-35602.html HTTP/1.0" 200 69192 "-" "Mozilla/5.0 (compatible; MJ12bot/v1.4.8; http://mj12bot.com/)"
95.216.11.179 - - [14/Dec/2020:04:21:02 +0100] "GET /gund-my-first-teddy-bear-beige-38-cm-p-27741.html HTTP/1.0" 301 69259 "-" "Mozilla/5.0 (compatible; MJ12bot/v1.4.8; http://mj12bot.com/)"
95.216.11.179 - - [14/Dec/2020:04:21:05 +0100] "GET /-p-27741.html HTTP/1.0" 200 69192 "-" "Mozilla/5.0 (compatible; MJ12bot/v1.4.8; http://mj12bot.com/)"
95.216.11.179 - - [14/Dec/2020:04:21:09 +0100] "GET /handy-manny-pairs-of-socks-size-19-22-p-25206.html HTTP/1.0" 200 71815 "-" "Mozilla/5.0 (compatible; MJ12bot/v1.4.8; http://mj12bot.com/)"
95.216.11.179 - - [14/Dec/2020:04:21:11 +0100] "GET /handy-manny-pencil-case-p-19646.html HTTP/1.0" 200 72009 "-" "Mozilla/5.0 (compatible; MJ12bot/v1.4.8; http://mj12bot.com/)"
95.216.11.179 - - [14/Dec/2020:04:21:15 +0100] "GET /handy-manny-trolley-p-5028.html HTTP/1.0" 301 69256 "-" "Mozilla/5.0 (compatible; MJ12bot/v1.4.8; http://mj12bot.com/)"
95.216.11.179 - - [14/Dec/2020:04:21:18 +0100] "GET /-p-5028.html HTTP/1.0" 200 69190 "-" "Mozilla/5.0 (compatible; MJ12bot/v1.4.8; http://mj12bot.com/)"
95.216.11.179 - - [14/Dec/2020:04:21:23 +0100] "GET /hannah-montana-white-and-silver-swimsuit-size-10-years-p-24090.html HTTP/1.0" 301 69259 "-" "Mozilla/5.0 (compatible; MJ12bot/v1.4.8; http://mj12bot.com/)"
95.216.11.179 - - [14/Dec/2020:04:21:27 +0100] "GET /-p-24090.html HTTP/1.0" 200 69192 "-" "Mozilla/5.0 (compatible; MJ12bot/v1.4.8; http://mj12bot.com/)"
95.216.11.179 - - [14/Dec/2020:04:21:31 +0100] "GET /happy-colors-creativity-mug-p-22330.html HTTP/1.0" 301 69259 "-" "Mozilla/5.0 (compatible; MJ12bot/v1.4.8; http://mj12bot.com/)"
54.36.148.83 - - [14/Dec/2020:04:21:32 +0100] "GET /paris-corkscrew-triumphal-arch-brushed-metal-p-38607.html HTTP/1.0" 200 72011 "-" "Mozilla/5.0 (compatible; AhrefsBot/7.0; +http://ahrefs.com/robot/)"
54.36.148.98 - - [14/Dec/2020:04:21:34 +0100] "GET /white-dledmv-vintage-racer-tee-shirt-p-35715.html HTTP/1.0" 301 69259 "-" "Mozilla/5.0 (compatible; AhrefsBot/7.0; +http://ahrefs.com/robot/)"
95.216.11.179 - - [14/Dec/2020:04:21:35 +0100] "GET /-p-22330.html HTTP/1.0" 200 69192 "-" "Mozilla/5.0 (compatible; MJ12bot/v1.4.8; http://mj12bot.com/)"
95.216.11.179 - - [14/Dec/2020:04:21:38 +0100] "GET /happy-colors-energy-red-mug-p-18963.html HTTP/1.0" 301 69259 "-" "Mozilla/5.0 (compatible; MJ12bot/v1.4.8; http://mj12bot.com/)"
95.216.11.179 - - [14/Dec/2020:04:21:42 +0100] "GET /-p-18963.html HTTP/1.0" 200 69192 "-" "Mozilla/5.0 (compatible; MJ12bot/v1.4.8; http://mj12bot.com/)"
95.216.11.179 - - [14/Dec/2020:04:21:46 +0100] "GET /happy-colors-happiness-yellow-placemat-p-22359.html HTTP/1.0" 301 69259 "-" "Mozilla/5.0 (compatible; MJ12bot/v1.4.8; http://mj12bot.com/)"
95.216.11.179 - - [14/Dec/2020:04:21:50 +0100] "GET /-p-22359.html HTTP/1.0" 200 69192 "-" "Mozilla/5.0 (compatible; MJ12bot/v1.4.8; http://mj12bot.com/)"
95.216.11.179 - - [14/Dec/2020:04:21:54 +0100] "GET /happy-colors-harmony-mug-p-19861.html HTTP/1.0" 301 69259 "-" "Mozilla/5.0 (compatible; MJ12bot/v1.4.8; http://mj12bot.com/)"
114.119.129.36 - - [14/Dec/2020:04:21:55 +0100] "GET /images/mini_prod/8433933224052.jpg HTTP/1.0" 200 269 "-" "Mozilla/5.0 (Linux; Android 7.0;) AppleWebKit/537.36 (KHTML, like Gecko) Mobile Safari/537.36 (compatible; PetalBot;+https://aspiegel.com/petalbot)"
95.216.11.179 - - [14/Dec/2020:04:21:57 +0100] "GET /-p-19861.html HTTP/1.0" 200 69192 "-" "Mozilla/5.0 (compatible; MJ12bot/v1.4.8; http://mj12bot.com/)"
13.66.139.26 - - [14/Dec/2020:04:22:00 +0100] "GET /images/3760194999883.jpg HTTP/1.0" 200 259 "-" "Mozilla/5.0 (compatible; bingbot/2.0; +http://www.bing.com/bingbot.htm)"
95.216.11.179 - - [14/Dec/2020:04:22:01 +0100] "GET /happy-colors-love-pink-placemat-p-22362.html HTTP/1.0" 200 72118 "-" "Mozilla/5.0 (compatible; MJ12bot/v1.4.8; http://mj12bot.com/)"
95.216.11.179 - - [14/Dec/2020:04:22:04 +0100] "GET /happy-colors-love-pink-small-tray-p-18984.html HTTP/1.0" 200 69348 "-" "Mozilla/5.0 (compatible; MJ12bot/v1.4.8; http://mj12bot.com/)"
95.216.11.179 - - [14/Dec/2020:04:22:10 +0100] "GET /happy-colors-orange-small-tray-p-24633.html HTTP/1.0" 200 69333 "-" "Mozilla/5.0 (compatible; MJ12bot/v1.4.8; http://mj12bot.com/)"
95.216.11.179 - - [14/Dec/2020:04:22:15 +0100] "GET /happy-colors-pink-microfiber-towel-p-24649.html HTTP/1.0" 200 69353 "-" "Mozilla/5.0 (compatible; MJ12bot/v1.4.8; http://mj12bot.com/)"
17.58.101.145 - - [14/Dec/2020:04:22:18 +0100] "GET /vintage-adult-apron-p-38478.html HTTP/1.0" 200 71800 "-" "Mozilla/5.0 (Macintosh; Intel Mac OS X 10_15_5) AppleWebKit/605.1.15 (KHTML, like Gecko) Version/13.1.1 Safari/605.1.15 (Applebot/0.1; +http://www.apple.com/go/applebot)"
95.216.11.179 - - [14/Dec/2020:04:22:18 +0100] "GET /happy-colors-spiritual-mug-p-19863.html HTTP/1.0" 301 69259 "-" "Mozilla/5.0 (compatible; MJ12bot/v1.4.8; http://mj12bot.com/)"
95.216.11.179 - - [14/Dec/2020:04:22:21 +0100] "GET /-p-19863.html HTTP/1.0" 200 69192 "-" "Mozilla/5.0 (compatible; MJ12bot/v1.4.8; http://mj12bot.com/)"
95.216.11.179 - - [14/Dec/2020:04:22:26 +0100] "GET /happy-white-shirt-by-etienne-boyer-p-30098.html HTTP/1.0" 301 69259 "-" "Mozilla/5.0 (compatible; MJ12bot/v1.4.8; http://mj12bot.com/)"
95.216.11.179 - - [14/Dec/2020:04:22:30 +0100] "GET /-p-30098.html HTTP/1.0" 200 69192 "-" "Mozilla/5.0 (compatible; MJ12bot/v1.4.8; http://mj12bot.com/)"
207.46.13.48 - - [14/Dec/2020:04:22:34 +0100] "GET /images/big_prod_1/8720088291184a.jpg HTTP/1.0" 200 271 "-" "Mozilla/5.0 (compatible; bingbot/2.0; +http://www.bing.com/bingbot.htm)"
95.216.11.179 - - [14/Dec/2020:04:22:34 +0100] "GET /harlekin-piggy-bank-beige-hut-p-35460.html HTTP/1.0" 200 71916 "-" "Mozilla/5.0 (compatible; MJ12bot/v1.4.8; http://mj12bot.com/)"
95.216.11.179 - - [14/Dec/2020:04:22:38 +0100] "GET /harley-davidson-genuine-logo-stripes-lighter-p-45313.html HTTP/1.0" 200 73061 "-" "Mozilla/5.0 (compatible; MJ12bot/v1.4.8; http://mj12bot.com/)"
95.216.11.179 - - [14/Dec/2020:04:22:42 +0100] "GET /harley-davidson-mini-box-p-27954.html HTTP/1.0" 200 69303 "-" "Mozilla/5.0 (compatible; MJ12bot/v1.4.8; http://mj12bot.com/)"
95.216.11.179 - - [14/Dec/2020:04:22:49 +0100] "GET /harley-davidson-vintage-logo-metal-plate-p-12546.html HTTP/1.0" 200 71932 "-" "Mozilla/5.0 (compatible; MJ12bot/v1.4.8; http://mj12bot.com/)"
95.216.11.179 - - [14/Dec/2020:04:22:51 +0100] "GET /harry-potter-figurine-hermione-p-49390.html HTTP/1.0" 301 69259 "-" "Mozilla/5.0 (compatible; MJ12bot/v1.4.8; http://mj12bot.com/)"
95.216.11.179 - - [14/Dec/2020:04:22:54 +0100] "GET /-p-49390.html HTTP/1.0" 200 69192 "-" "Mozilla/5.0 (compatible; MJ12bot/v1.4.8; http://mj12bot.com/)"
185.191.171.44 - - [14/Dec/2020:04:22:56 +0100] "GET /moki-bedspread-220-240-cm-p-53241.html?action=add_product HTTP/1.0" 302 476 "-" "Mozilla/5.0 (compatible; SemrushBot/7~bl; +http://www.semrush.com/bot.html)"
95.216.11.179 - - [14/Dec/2020:04:22:59 +0100] "GET /harry-potter-figurine-ron-weasley-p-49389.html HTTP/1.0" 200 72661 "-" "Mozilla/5.0 (compatible; MJ12bot/v1.4.8; http://mj12bot.com/)"
95.216.11.179 - - [14/Dec/2020:04:23:02 +0100] "GET /hearth-hot-water-bottle-p-45229.html HTTP/1.0" 301 69259 "-" "Mozilla/5.0 (compatible; MJ12bot/v1.4.8; http://mj12bot.com/)"
95.216.11.179 - - [14/Dec/2020:04:23:05 +0100] "GET /-p-45229.html HTTP/1.0" 200 69192 "-" "Mozilla/5.0 (compatible; MJ12bot/v1.4.8; http://mj12bot.com/)"
95.216.11.179 - - [14/Dec/2020:04:23:08 +0100] "GET /hedgehog-pencil-pot-cbkreation-p-43428.html HTTP/1.0" 200 71918 "-" "Mozilla/5.0 (compatible; MJ12bot/v1.4.8; http://mj12bot.com/)"
95.216.11.179 - - [14/Dec/2020:04:23:12 +0100] "GET /hedgehog-pencil-pot-cbkreation-p-43438.html HTTP/1.0" 200 71917 "-" "Mozilla/5.0 (compatible; MJ12bot/v1.4.8; http://mj12bot.com/)"
95.216.11.179 - - [14/Dec/2020:04:23:17 +0100] "GET /hello-kitty-bathrobe-years-p-7916.html HTTP/1.0" 301 69256 "-" "Mozilla/5.0 (compatible; MJ12bot/v1.4.8; http://mj12bot.com/)"
95.216.11.179 - - [14/Dec/2020:04:23:21 +0100] "GET /-p-7916.html HTTP/1.0" 200 69190 "-" "Mozilla/5.0 (compatible; MJ12bot/v1.4.8; http://mj12bot.com/)"
95.216.11.179 - - [14/Dec/2020:04:23:24 +0100] "GET /hello-kitty-by-camomilla-large-travel-bag-black-polka-dot-p-20595.html HTTP/1.0" 301 69259 "-" "Mozilla/5.0 (compatible; MJ12bot/v1.4.8; http://mj12bot.com/)"
95.216.11.179 - - [14/Dec/2020:04:23:27 +0100] "GET /-p-20595.html HTTP/1.0" 200 69192 "-" "Mozilla/5.0 (compatible; MJ12bot/v1.4.8; http://mj12bot.com/)"
95.216.11.179 - - [14/Dec/2020:04:23:34 +0100] "GET /hello-kitty-large-towel-p-5619.html HTTP/1.0" 200 69272 "-" "Mozilla/5.0 (compatible; MJ12bot/v1.4.8; http://mj12bot.com/)"
95.216.11.179 - - [14/Dec/2020:04:23:37 +0100] "GET /hello-kitty-lilla-ballon-large-bath-towel-p-18329.html HTTP/1.0" 200 69388 "-" "Mozilla/5.0 (compatible; MJ12bot/v1.4.8; http://mj12bot.com/)"
95.216.11.179 - - [14/Dec/2020:04:23:41 +0100] "GET /hello-kitty-pink-bathrobe-size-years-p-9362.html HTTP/1.0" 301 69256 "-" "Mozilla/5.0 (compatible; MJ12bot/v1.4.8; http://mj12bot.com/)"
95.216.11.179 - - [14/Dec/2020:04:23:45 +0100] "GET /-p-9362.html HTTP/1.0" 200 69190 "-" "Mozilla/5.0 (compatible; MJ12bot/v1.4.8; http://mj12bot.com/)"
95.216.11.179 - - [14/Dec/2020:04:23:49 +0100] "GET /hello-kitty-small-towel-p-18288.html HTTP/1.0" 301 69259 "-" "Mozilla/5.0 (compatible; MJ12bot/v1.4.8; http://mj12bot.com/)"
54.36.148.83 - - [14/Dec/2020:04:23:50 +0100] "GET /cotton-floor-cushion-green-45-cm-p-47030.html HTTP/1.0" 200 71885 "-" "Mozilla/5.0 (compatible; AhrefsBot/7.0; +http://ahrefs.com/robot/)"
95.216.11.179 - - [14/Dec/2020:04:23:53 +0100] "GET /-p-18288.html HTTP/1.0" 200 69192 "-" "Mozilla/5.0 (compatible; MJ12bot/v1.4.8; http://mj12bot.com/)"
95.216.11.179 - - [14/Dec/2020:04:23:57 +0100] "GET /hello-kitty-small-towel-p-18293.html HTTP/1.0" 301 69259 "-" "Mozilla/5.0 (compatible; MJ12bot/v1.4.8; http://mj12bot.com/)"
95.216.11.179 - - [14/Dec/2020:04:24:00 +0100] "GET /-p-18293.html HTTP/1.0" 200 69192 "-" "Mozilla/5.0 (compatible; MJ12bot/v1.4.8; http://mj12bot.com/)"
95.216.11.179 - - [14/Dec/2020:04:24:05 +0100] "GET /hello-kitty-small-towel-p-18294.html HTTP/1.0" 301 69259 "-" "Mozilla/5.0 (compatible; MJ12bot/v1.4.8; http://mj12bot.com/)"
95.216.11.179 - - [14/Dec/2020:04:24:12 +0100] "GET /-p-18294.html HTTP/1.0" 200 69192 "-" "Mozilla/5.0 (compatible; MJ12bot/v1.4.8; http://mj12bot.com/)"
95.216.11.179 - - [14/Dec/2020:04:24:17 +0100] "GET /hello-kitty-table-lamp-p-10452.html HTTP/1.0" 301 69259 "-" "Mozilla/5.0 (compatible; MJ12bot/v1.4.8; http://mj12bot.com/)"
95.216.11.179 - - [14/Dec/2020:04:24:19 +0100] "GET /-p-10452.html HTTP/1.0" 200 69192 "-" "Mozilla/5.0 (compatible; MJ12bot/v1.4.8; http://mj12bot.com/)"
95.216.11.179 - - [14/Dec/2020:04:24:24 +0100] "GET /hello-kitty-table-p-12244.html HTTP/1.0" 200 69268 "-" "Mozilla/5.0 (compatible; MJ12bot/v1.4.8; http://mj12bot.com/)"
95.216.11.179 - - [14/Dec/2020:04:24:28 +0100] "GET /hello-kitty-table-p-6991.html HTTP/1.0" 200 69266 "-" "Mozilla/5.0 (compatible; MJ12bot/v1.4.8; http://mj12bot.com/)"
95.216.11.179 - - [14/Dec/2020:04:24:31 +0100] "GET /hello-kitty-tote-bag-with-blue-and-black-stripes-39-cm-p-46801.html HTTP/1.0" 200 72419 "-" "Mozilla/5.0 (compatible; MJ12bot/v1.4.8; http://mj12bot.com/)"
95.216.11.179 - - [14/Dec/2020:04:24:35 +0100] "GET /hello-kitty-towel-p-8929.html HTTP/1.0" 200 71901 "-" "Mozilla/5.0 (compatible; MJ12bot/v1.4.8; http://mj12bot.com/)"
95.216.11.179 - - [14/Dec/2020:04:24:38 +0100] "GET /hello-kitty-towel-p-8930.html HTTP/1.0" 200 69266 "-" "Mozilla/5.0 (compatible; MJ12bot/v1.4.8; http://mj12bot.com/)"
95.216.11.179 - - [14/Dec/2020:04:24:42 +0100] "GET /hello-kitty-training-bottle-p-11868.html HTTP/1.0" 200 69318 "-" "Mozilla/5.0 (compatible; MJ12bot/v1.4.8; http://mj12bot.com/)"
95.216.11.179 - - [14/Dec/2020:04:24:46 +0100] "GET /hello-kitty-velvet-hooded-jacket-by-camomilla-p-30138.html HTTP/1.0" 301 69259 "-" "Mozilla/5.0 (compatible; MJ12bot/v1.4.8; http://mj12bot.com/)"
95.216.11.179 - - [14/Dec/2020:04:24:49 +0100] "GET /-p-30138.html HTTP/1.0" 200 69192 "-" "Mozilla/5.0 (compatible; MJ12bot/v1.4.8; http://mj12bot.com/)"
95.216.11.179 - - [14/Dec/2020:04:24:52 +0100] "GET /henry-james-quote-wall-stickers-50-70-cm-p-42965.html HTTP/1.0" 200 72000 "-" "Mozilla/5.0 (compatible; MJ12bot/v1.4.8; http://mj12bot.com/)"
95.216.11.179 - - [14/Dec/2020:04:24:57 +0100] "GET /high-school-musical-mini-coin-purse-p-6469.html HTTP/1.0" 200 69356 "-" "Mozilla/5.0 (compatible; MJ12bot/v1.4.8; http://mj12bot.com/)"
95.216.11.179 - - [14/Dec/2020:04:25:02 +0100] "GET /high-school-musical-towel-p-5603.html HTTP/1.0" 200 69306 "-" "Mozilla/5.0 (compatible; MJ12bot/v1.4.8; http://mj12bot.com/)"
95.216.11.179 - - [14/Dec/2020:04:25:05 +0100] "GET /high-school-musical-wallet-p-6470.html HTTP/1.0" 301 69256 "-" "Mozilla/5.0 (compatible; MJ12bot/v1.4.8; http://mj12bot.com/)"
95.216.11.179 - - [14/Dec/2020:04:25:09 +0100] "GET /-p-6470.html HTTP/1.0" 200 69190 "-" "Mozilla/5.0 (compatible; MJ12bot/v1.4.8; http://mj12bot.com/)"
95.216.11.179 - - [14/Dec/2020:04:25:12 +0100] "GET /high-school-musical-waterproof-parka-size-10-years-p-21292.html HTTP/1.0" 301 69259 "-" "Mozilla/5.0 (compatible; MJ12bot/v1.4.8; http://mj12bot.com/)"
95.216.11.179 - - [14/Dec/2020:04:25:16 +0100] "GET /-p-21292.html HTTP/1.0" 200 69192 "-" "Mozilla/5.0 (compatible; MJ12bot/v1.4.8; http://mj12bot.com/)"
95.216.11.179 - - [14/Dec/2020:04:25:19 +0100] "GET /himalayan-mini-mood-salt-lamp-sphere-white-p-46683.html HTTP/1.0" 200 73786 "-" "Mozilla/5.0 (compatible; MJ12bot/v1.4.8; http://mj12bot.com/)"
95.216.11.179 - - [14/Dec/2020:04:25:22 +0100] "GET /hobgoblin-marvel-super-hero-mashers-articulate-figurine-p-32444.html HTTP/1.0" 200 69458 "-" "Mozilla/5.0 (compatible; MJ12bot/v1.4.8; http://mj12bot.com/)"
95.216.11.179 - - [14/Dec/2020:04:25:26 +0100] "GET /hobo-bag-lulu-castagnette-p-26358.html HTTP/1.0" 301 69259 "-" "Mozilla/5.0 (compatible; MJ12bot/v1.4.8; http://mj12bot.com/)"
95.216.11.179 - - [14/Dec/2020:04:25:29 +0100] "GET /-p-26358.html HTTP/1.0" 200 69192 "-" "Mozilla/5.0 (compatible; MJ12bot/v1.4.8; http://mj12bot.com/)"
95.216.11.179 - - [14/Dec/2020:04:25:33 +0100] "GET /hobo-bag-lulu-castagnette-p-26359.html HTTP/1.0" 301 69259 "-" "Mozilla/5.0 (compatible; MJ12bot/v1.4.8; http://mj12bot.com/)"
95.216.11.179 - - [14/Dec/2020:04:25:37 +0100] "GET /-p-26359.html HTTP/1.0" 200 69192 "-" "Mozilla/5.0 (compatible; MJ12bot/v1.4.8; http://mj12bot.com/)"
95.216.11.179 - - [14/Dec/2020:04:25:41 +0100] "GET /hobo-japan-rags-p-26332.html HTTP/1.0" 301 69259 "-" "Mozilla/5.0 (compatible; MJ12bot/v1.4.8; http://mj12bot.com/)"
95.216.11.179 - - [14/Dec/2020:04:25:46 +0100] "GET /-p-26332.html HTTP/1.0" 200 69192 "-" "Mozilla/5.0 (compatible; MJ12bot/v1.4.8; http://mj12bot.com/)"
95.216.11.179 - - [14/Dec/2020:04:25:50 +0100] "GET /hobo-japan-rags-p-26336.html HTTP/1.0" 301 69259 "-" "Mozilla/5.0 (compatible; MJ12bot/v1.4.8; http://mj12bot.com/)"
207.46.13.146 - - [14/Dec/2020:04:25:51 +0100] "GET /images/med_prod/1384010177075.jpg HTTP/1.0" 200 268 "-" "Mozilla/5.0 (compatible; bingbot/2.0; +http://www.bing.com/bingbot.htm)"
95.216.11.179 - - [14/Dec/2020:04:25:54 +0100] "GET /-p-26336.html HTTP/1.0" 200 69192 "-" "Mozilla/5.0 (compatible; MJ12bot/v1.4.8; http://mj12bot.com/)"
95.216.11.179 - - [14/Dec/2020:04:25:58 +0100] "GET /hobo-japan-rags-p-26351.html HTTP/1.0" 301 69259 "-" "Mozilla/5.0 (compatible; MJ12bot/v1.4.8; http://mj12bot.com/)"
95.216.11.179 - - [14/Dec/2020:04:26:02 +0100] "GET /-p-26351.html HTTP/1.0" 200 69192 "-" "Mozilla/5.0 (compatible; MJ12bot/v1.4.8; http://mj12bot.com/)"
95.216.11.179 - - [14/Dec/2020:04:26:05 +0100] "GET /hobo-japan-rags-p-26352.html HTTP/1.0" 301 69259 "-" "Mozilla/5.0 (compatible; MJ12bot/v1.4.8; http://mj12bot.com/)"
54.36.148.121 - - [14/Dec/2020:04:26:08 +0100] "GET /very-large-fountain-ganesh-resin-70-cm-p-46678.html HTTP/1.0" 200 72264 "-" "Mozilla/5.0 (compatible; AhrefsBot/7.0; +http://ahrefs.com/robot/)"
95.216.11.179 - - [14/Dec/2020:04:26:08 +0100] "GET /-p-26352.html HTTP/1.0" 200 69192 "-" "Mozilla/5.0 (compatible; MJ12bot/v1.4.8; http://mj12bot.com/)"
17.58.101.145 - - [14/Dec/2020:04:26:12 +0100] "GET /r2d2-and-6po-stickers-p-15392.html HTTP/1.0" 200 69266 "-" "Mozilla/5.0 (Macintosh; Intel Mac OS X 10_15_5) AppleWebKit/605.1.15 (KHTML, like Gecko) Version/13.1.1 Safari/605.1.15 (Applebot/0.1; +http://www.apple.com/go/applebot)"
95.216.11.179 - - [14/Dec/2020:04:26:12 +0100] "GET /holly-bedside-lamp-38-cm-p-39696.html HTTP/1.0" 200 69303 "-" "Mozilla/5.0 (compatible; MJ12bot/v1.4.8; http://mj12bot.com/)"
95.216.11.179 - - [14/Dec/2020:04:26:15 +0100] "GET /home-black-floor-mat-p-33615.html HTTP/1.0" 301 69259 "-" "Mozilla/5.0 (compatible; MJ12bot/v1.4.8; http://mj12bot.com/)"
157.55.39.59 - - [14/Dec/2020:04:26:17 +0100] "GET /images/big_prod/8422011476100.jpg HTTP/1.0" 200 268 "-" "Mozilla/5.0 (compatible; bingbot/2.0; +http://www.bing.com/bingbot.htm)"
114.119.145.117 - - [14/Dec/2020:04:26:19 +0100] "GET /images/mini_prod/8499034501706.jpg HTTP/1.0" 200 269 "-" "Mozilla/5.0 (Linux; Android 7.0;) AppleWebKit/537.36 (KHTML, like Gecko) Mobile Safari/537.36 (compatible; PetalBot;+https://aspiegel.com/petalbot)"
95.216.11.179 - - [14/Dec/2020:04:26:19 +0100] "GET /-p-33615.html HTTP/1.0" 200 69192 "-" "Mozilla/5.0 (compatible; MJ12bot/v1.4.8; http://mj12bot.com/)"
95.216.11.179 - - [14/Dec/2020:04:26:24 +0100] "GET /home-blue-floor-mat-p-33616.html HTTP/1.0" 301 69259 "-" "Mozilla/5.0 (compatible; MJ12bot/v1.4.8; http://mj12bot.com/)"
95.216.11.179 - - [14/Dec/2020:04:26:28 +0100] "GET /-p-33616.html HTTP/1.0" 200 69192 "-" "Mozilla/5.0 (compatible; MJ12bot/v1.4.8; http://mj12bot.com/)"
13.66.139.26 - - [14/Dec/2020:04:26:29 +0100] "GET /images/885561160017.jpg HTTP/1.0" 200 258 "-" "Mozilla/5.0 (compatible; bingbot/2.0; +http://www.bing.com/bingbot.htm)"
13.66.139.26 - - [14/Dec/2020:04:26:30 +0100] "GET /-p-18691.html HTTP/1.0" 200 69192 "-" "Mozilla/5.0 (compatible; bingbot/2.0; +http://www.bing.com/bingbot.htm)"
13.66.139.26 - - [14/Dec/2020:04:26:31 +0100] "GET /dog-bowls-au-petit-bonheur-p-32208.html HTTP/1.0" 200 69319 "-" "Mozilla/5.0 (compatible; bingbot/2.0; +http://www.bing.com/bingbot.htm)"
13.66.139.26 - - [14/Dec/2020:04:26:31 +0100] "GET /-p-12997.html HTTP/1.0" 200 69192 "-" "Mozilla/5.0 (compatible; bingbot/2.0; +http://www.bing.com/bingbot.htm)"
13.66.139.26 - - [14/Dec/2020:04:26:32 +0100] "GET /ty-the-beanie-babies-plush-my-little-pony-twilight-sparkle-17-cm-p-27351.html HTTP/1.0" 200 69503 "-" "Mozilla/5.0 (compatible; bingbot/2.0; +http://www.bing.com/bingbot.htm)"
95.216.11.179 - - [14/Dec/2020:04:26:32 +0100] "GET /horse-backpack-p-23430.html HTTP/1.0" 200 71827 "-" "Mozilla/5.0 (compatible; MJ12bot/v1.4.8; http://mj12bot.com/)"
13.66.139.26 - - [14/Dec/2020:04:26:33 +0100] "GET /morgan-red-for-women-watch-p-35096.html HTTP/1.0" 200 69313 "-" "Mozilla/5.0 (compatible; bingbot/2.0; +http://www.bing.com/bingbot.htm)"
13.66.139.26 - - [14/Dec/2020:04:26:34 +0100] "GET /fuel-pump-clock-p-38089.html HTTP/1.0" 200 69258 "-" "Mozilla/5.0 (compatible; bingbot/2.0; +http://www.bing.com/bingbot.htm)"
13.66.139.26 - - [14/Dec/2020:04:26:34 +0100] "GET /maisy-oilcloth-bib-p-19470.html HTTP/1.0" 200 69254 "-" "Mozilla/5.0 (compatible; bingbot/2.0; +http://www.bing.com/bingbot.htm)"
13.66.139.26 - - [14/Dec/2020:04:26:35 +0100] "GET /101-dalmatians-lucky-figure-p-19364.html HTTP/1.0" 200 69292 "-" "Mozilla/5.0 (compatible; bingbot/2.0; +http://www.bing.com/bingbot.htm)"
13.66.139.26 - - [14/Dec/2020:04:26:36 +0100] "GET /happily-ever-after-cinderella-and-prince-figurine-p-39114.html HTTP/1.0" 301 69259 "-" "Mozilla/5.0 (compatible; bingbot/2.0; +http://www.bing.com/bingbot.htm)"
95.216.11.179 - - [14/Dec/2020:04:26:36 +0100] "GET /horse-bath-towel-p-25988.html HTTP/1.0" 200 69263 "-" "Mozilla/5.0 (compatible; MJ12bot/v1.4.8; http://mj12bot.com/)"
13.66.139.26 - - [14/Dec/2020:04:26:37 +0100] "GET /-p-21505.html HTTP/1.0" 200 69192 "-" "Mozilla/5.0 (compatible; bingbot/2.0; +http://www.bing.com/bingbot.htm)"
13.66.139.26 - - [14/Dec/2020:04:26:38 +0100] "GET /-p-921.html HTTP/1.0" 200 69188 "-" "Mozilla/5.0 (compatible; bingbot/2.0; +http://www.bing.com/bingbot.htm)"
13.66.139.26 - - [14/Dec/2020:04:26:39 +0100] "GET /nintendo-logo-hooded-jacket-p-30199.html HTTP/1.0" 200 69290 "-" "Mozilla/5.0 (compatible; bingbot/2.0; +http://www.bing.com/bingbot.htm)"
95.216.11.179 - - [14/Dec/2020:04:26:39 +0100] "GET /horse-brown-canvas-frame-p-24199.html HTTP/1.0" 301 69259 "-" "Mozilla/5.0 (compatible; MJ12bot/v1.4.8; http://mj12bot.com/)"
13.66.139.26 - - [14/Dec/2020:04:26:39 +0100] "GET /marsupilami-soft-toy-20cm-p-14378.html HTTP/1.0" 200 69282 "-" "Mozilla/5.0 (compatible; bingbot/2.0; +http://www.bing.com/bingbot.htm)"
13.66.139.26 - - [14/Dec/2020:04:26:41 +0100] "GET /shoulder-bag-jasmine-by-teo-jasmin-p-35487.html HTTP/1.0" 200 69353 "-" "Mozilla/5.0 (compatible; bingbot/2.0; +http://www.bing.com/bingbot.htm)"
13.66.139.26 - - [14/Dec/2020:04:26:42 +0100] "GET /-p-14368.html HTTP/1.0" 200 69192 "-" "Mozilla/5.0 (compatible; bingbot/2.0; +http://www.bing.com/bingbot.htm)"
95.216.11.179 - - [14/Dec/2020:04:26:43 +0100] "GET /-p-24199.html HTTP/1.0" 200 69192 "-" "Mozilla/5.0 (compatible; MJ12bot/v1.4.8; http://mj12bot.com/)"
13.66.139.26 - - [14/Dec/2020:04:26:43 +0100] "GET /baby-doll-boy-paola-reina-p-7361.html HTTP/1.0" 200 69306 "-" "Mozilla/5.0 (compatible; bingbot/2.0; +http://www.bing.com/bingbot.htm)"
13.66.139.26 - - [14/Dec/2020:04:26:44 +0100] "GET /sonny-angel-figure-easter-series-p-34302.html HTTP/1.0" 200 69314 "-" "Mozilla/5.0 (compatible; bingbot/2.0; +http://www.bing.com/bingbot.htm)"
13.66.139.26 - - [14/Dec/2020:04:26:45 +0100] "GET /disney-pixar-dory-and-nemo-bowl-p-37509.html HTTP/1.0" 200 69338 "-" "Mozilla/5.0 (compatible; bingbot/2.0; +http://www.bing.com/bingbot.htm)"
13.66.139.26 - - [14/Dec/2020:04:26:46 +0100] "GET /-p-12576.html HTTP/1.0" 200 69192 "-" "Mozilla/5.0 (compatible; bingbot/2.0; +http://www.bing.com/bingbot.htm)"
13.66.139.26 - - [14/Dec/2020:04:26:46 +0100] "GET /-p-9973.html HTTP/1.0" 200 69190 "-" "Mozilla/5.0 (compatible; bingbot/2.0; +http://www.bing.com/bingbot.htm)"
95.216.11.179 - - [14/Dec/2020:04:26:47 +0100] "GET /horse-coin-purse-p-22208.html HTTP/1.0" 301 69259 "-" "Mozilla/5.0 (compatible; MJ12bot/v1.4.8; http://mj12bot.com/)"
13.66.139.26 - - [14/Dec/2020:04:26:47 +0100] "GET /-p-18781.html HTTP/1.0" 200 69192 "-" "Mozilla/5.0 (compatible; bingbot/2.0; +http://www.bing.com/bingbot.htm)"
13.66.139.26 - - [14/Dec/2020:04:26:48 +0100] "GET /titanic-small-metal-plate-p-15217.html HTTP/1.0" 200 69308 "-" "Mozilla/5.0 (compatible; bingbot/2.0; +http://www.bing.com/bingbot.htm)"
13.66.139.26 - - [14/Dec/2020:04:26:49 +0100] "GET /gund-mini-dog-sound-plush-beige-p-36872.html HTTP/1.0" 301 69259 "-" "Mozilla/5.0 (compatible; bingbot/2.0; +http://www.bing.com/bingbot.htm)"
13.66.139.26 - - [14/Dec/2020:04:26:50 +0100] "GET /stormtrooper-miniature-character-p-32467.html HTTP/1.0" 200 69343 "-" "Mozilla/5.0 (compatible; bingbot/2.0; +http://www.bing.com/bingbot.htm)"
95.216.11.179 - - [14/Dec/2020:04:26:51 +0100] "GET /-p-22208.html HTTP/1.0" 200 69192 "-" "Mozilla/5.0 (compatible; MJ12bot/v1.4.8; http://mj12bot.com/)"
13.66.139.26 - - [14/Dec/2020:04:26:51 +0100] "GET /bugs-bunny-straight-shot-glass-p-4196.html HTTP/1.0" 200 69331 "-" "Mozilla/5.0 (compatible; bingbot/2.0; +http://www.bing.com/bingbot.htm)"
13.66.139.26 - - [14/Dec/2020:04:26:53 +0100] "GET /-p-22131.html HTTP/1.0" 200 69192 "-" "Mozilla/5.0 (compatible; bingbot/2.0; +http://www.bing.com/bingbot.htm)"
13.66.139.26 - - [14/Dec/2020:04:26:53 +0100] "GET /honoka-kimmidoll-swarovski-chain-bracelet-with-charm-p-15882.html HTTP/1.0" 301 69259 "-" "Mozilla/5.0 (compatible; bingbot/2.0; +http://www.bing.com/bingbot.htm)"
13.66.139.26 - - [14/Dec/2020:04:26:54 +0100] "GET /-p-19624.html HTTP/1.0" 200 69192 "-" "Mozilla/5.0 (compatible; bingbot/2.0; +http://www.bing.com/bingbot.htm)"
95.216.11.179 - - [14/Dec/2020:04:26:53 +0100] "GET /horse-mug-p-17834.html HTTP/1.0" 301 69259 "-" "Mozilla/5.0 (compatible; MJ12bot/v1.4.8; http://mj12bot.com/)"
13.66.139.26 - - [14/Dec/2020:04:26:55 +0100] "GET /ty-monstaz-talking-plush-jazzy-p-19369.html HTTP/1.0" 200 69333 "-" "Mozilla/5.0 (compatible; bingbot/2.0; +http://www.bing.com/bingbot.htm)"
95.216.11.179 - - [14/Dec/2020:04:26:58 +0100] "GET /-p-17834.html HTTP/1.0" 200 69192 "-" "Mozilla/5.0 (compatible; MJ12bot/v1.4.8; http://mj12bot.com/)"
157.55.39.76 - - [14/Dec/2020:04:26:59 +0100] "GET /images/big_prod/1300000021821.jpg HTTP/1.0" 200 268 "-" "Mozilla/5.0 (compatible; bingbot/2.0; +http://www.bing.com/bingbot.htm)"
157.55.39.76 - - [14/Dec/2020:04:26:59 +0100] "GET /images/big_prod_1/3520071657868b.jpg HTTP/1.0" 200 271 "-" "Mozilla/5.0 (compatible; bingbot/2.0; +http://www.bing.com/bingbot.htm)"
157.55.39.76 - - [14/Dec/2020:04:27:00 +0100] "GET /images/big_prod/1399984253632.jpg HTTP/1.0" 200 268 "-" "Mozilla/5.0 (compatible; bingbot/2.0; +http://www.bing.com/bingbot.htm)"
95.216.11.179 - - [14/Dec/2020:04:27:02 +0100] "GET /horse-mug-p-17836.html HTTP/1.0" 301 69259 "-" "Mozilla/5.0 (compatible; MJ12bot/v1.4.8; http://mj12bot.com/)"
95.216.11.179 - - [14/Dec/2020:04:27:07 +0100] "GET /-p-17836.html HTTP/1.0" 200 69192 "-" "Mozilla/5.0 (compatible; MJ12bot/v1.4.8; http://mj12bot.com/)"
207.46.13.127 - - [14/Dec/2020:04:27:10 +0100] "GET /images/big_prod/1384010188552.jpg HTTP/1.0" 200 268 "-" "Mozilla/5.0 (compatible; bingbot/2.0; +http://www.bing.com/bingbot.htm)"
13.66.139.26 - - [14/Dec/2020:04:27:10 +0100] "GET /-p-19980.html HTTP/1.0" 200 69192 "-" "Mozilla/5.0 (compatible; bingbot/2.0; +http://www.bing.com/bingbot.htm)"
13.66.139.26 - - [14/Dec/2020:04:27:10 +0100] "GET /-p-3937.html HTTP/1.0" 200 69190 "-" "Mozilla/5.0 (compatible; bingbot/2.0; +http://www.bing.com/bingbot.htm)"
