195.123.209.118 - - [14/Dec/2020:05:36:34 +0100] "GET /snowman-solar-powered-dancing-p-34143.html]Test HTTP/1.0" 301 609 "https://supermodni.com.ua/" "Mozilla/4.0 (compatible; MSIE 6.0; Windows NT 5.1; SV1; Crazy Browser 2.0.0 Beta 1; .NET CLR 1.0.3705; .NET CLR 1.1.4322)"
195.123.209.118 - - [14/Dec/2020:05:36:35 +0100] "GET /snowman-solar-powered-dancing-p-34143.html]Test HTTP/1.0" 301 609 "https://supermodni.com.ua/" "Mozilla/4.0 (compatible; MSIE 6.0; Windows NT 5.1; SV1; Crazy Browser 2.0.0 Beta 1; .NET CLR 1.0.3705; .NET CLR 1.1.4322)"
195.123.209.118 - - [14/Dec/2020:05:36:35 +0100] "GET /snowman-solar-powered-dancing-p-34143.html]Test HTTP/1.0" 301 609 "https://supermodni.com.ua/" "Mozilla/4.0 (compatible; MSIE 6.0; Windows NT 5.1; SV1; Crazy Browser 2.0.0 Beta 1; .NET CLR 1.0.3705; .NET CLR 1.1.4322)"
195.123.209.118 - - [14/Dec/2020:05:36:45 +0100] "GET /snowman-solar-powered-dancing-p-34143.html]Test HTTP/1.0" 301 609 "https://www.rospromtest.ru/" "Mozilla/4.0 (compatible; MSIE 5.0; Windows 2000) Opera 6.0 [en]"
195.123.209.118 - - [14/Dec/2020:05:36:45 +0100] "GET /snowman-solar-powered-dancing-p-34143.html]Test HTTP/1.0" 301 609 "https://www.rospromtest.ru/" "Mozilla/4.0 (compatible; MSIE 5.0; Windows 2000) Opera 6.0 [en]"
69.30.198.242 - - [14/Dec/2020:05:36:45 +0100] "GET /-p-24430.html HTTP/1.0" 200 69192 "-" "Mozilla/5.0 (compatible; MJ12bot/v1.4.8; http://mj12bot.com/)"
195.123.209.118 - - [14/Dec/2020:05:36:46 +0100] "GET /snowman-solar-powered-dancing-p-34143.html]Test HTTP/1.0" 301 609 "https://www.rospromtest.ru/" "Mozilla/4.0 (compatible; MSIE 5.0; Windows 2000) Opera 6.0 [en]"
66.231.185.74 - - [14/Dec/2020:05:36:48 +0100] "GET /-c-97_196.html HTTP/1.0" 200 68102 "-" "Mozilla/5.0 (compatible; MixrankBot; crawler@mixrank.com)"
66.231.185.74 - - [14/Dec/2020:05:36:56 +0100] "GET /snow-and-glitter-ball-c-13_259.html HTTP/1.0" 200 89077 "-" "Mozilla/5.0 (compatible; MixrankBot; crawler@mixrank.com)"
66.231.185.74 - - [14/Dec/2020:05:37:00 +0100] "GET /feng-shui-flower-of-life-champagne-coloured-p-53469.html HTTP/1.0" 200 72766 "-" "Mozilla/5.0 (compatible; MixrankBot; crawler@mixrank.com)"
13.66.139.26 - - [14/Dec/2020:05:37:26 +0100] "GET /tin-and-metal-signs-c-13_130.html?page=11 HTTP/1.0" 200 94580 "-" "Mozilla/5.0 (compatible; bingbot/2.0; +http://www.bing.com/bingbot.htm)"
110.78.146.141 - - [14/Dec/2020:05:37:43 +0100] "GET /contact_us.php?action=success HTTP/1.0" 200 13477 "http://www.wonder-geek.com/contact_us.php?action=success" "Mozilla/5.0 (Windows NT 10.0; Win64; x64) AppleWebKit/537.36 (KHTML, like Gecko) Chrome/83.0.4103.44 Safari/537.36 OPR/69.0.3686.7 (Edition beta)"
54.36.149.60 - - [14/Dec/2020:05:37:58 +0100] "GET /avengers-lunchbox-p-37539.html HTTP/1.0" 200 71844 "-" "Mozilla/5.0 (compatible; AhrefsBot/7.0; +http://ahrefs.com/robot/)"
69.30.198.242 - - [14/Dec/2020:05:38:01 +0100] "GET /-p-24438.html HTTP/1.0" 200 69192 "-" "Mozilla/5.0 (compatible; MJ12bot/v1.4.8; http://mj12bot.com/)"
13.66.139.79 - - [14/Dec/2020:05:38:03 +0100] "GET /images/7601019993036.jpg HTTP/1.0" 200 259 "-" "Mozilla/5.0 (compatible; bingbot/2.0; +http://www.bing.com/bingbot.htm)"
207.46.13.48 - - [14/Dec/2020:05:38:16 +0100] "GET /images/mini_prod/4542202656389.jpg HTTP/1.0" 200 269 "-" "Mozilla/5.0 (compatible; bingbot/2.0; +http://www.bing.com/bingbot.htm)"
13.66.139.26 - - [14/Dec/2020:05:38:20 +0100] "GET /images/big_prod_3/242BFc.jpg HTTP/1.0" 200 263 "-" "Mozilla/5.0 (compatible; bingbot/2.0; +http://www.bing.com/bingbot.htm)"
69.30.198.242 - - [14/Dec/2020:05:38:25 +0100] "GET /-p-24454.html HTTP/1.0" 200 69192 "-" "Mozilla/5.0 (compatible; MJ12bot/v1.4.8; http://mj12bot.com/)"
13.66.139.79 - - [14/Dec/2020:05:39:03 +0100] "GET /images/med_prod/00000pou.jpg HTTP/1.0" 200 263 "-" "Mozilla/5.0 (compatible; bingbot/2.0; +http://www.bing.com/bingbot.htm)"
13.66.139.79 - - [14/Dec/2020:05:39:03 +0100] "GET /images/med_prod/3520071393414.jpg HTTP/1.0" 200 268 "-" "Mozilla/5.0 (compatible; bingbot/2.0; +http://www.bing.com/bingbot.htm)"
13.66.139.79 - - [14/Dec/2020:05:39:04 +0100] "GET /images/med_prod/1384010182741.jpg HTTP/1.0" 200 268 "-" "Mozilla/5.0 (compatible; bingbot/2.0; +http://www.bing.com/bingbot.htm)"
13.66.139.79 - - [14/Dec/2020:05:39:04 +0100] "GET /images/med_prod/8412497219858.jpg HTTP/1.0" 200 268 "-" "Mozilla/5.0 (compatible; bingbot/2.0; +http://www.bing.com/bingbot.htm)"
69.30.198.242 - - [14/Dec/2020:05:39:30 +0100] "GET /-p-24460.html HTTP/1.0" 200 69192 "-" "Mozilla/5.0 (compatible; MJ12bot/v1.4.8; http://mj12bot.com/)"
69.30.198.242 - - [14/Dec/2020:05:39:46 +0100] "GET /-p-24487.html HTTP/1.0" 200 69192 "-" "Mozilla/5.0 (compatible; MJ12bot/v1.4.8; http://mj12bot.com/)"
13.66.139.79 - - [14/Dec/2020:05:39:52 +0100] "GET /-p-22696.html HTTP/1.0" 200 69192 "-" "Mozilla/5.0 (compatible; bingbot/2.0; +http://www.bing.com/bingbot.htm)"
13.66.139.79 - - [14/Dec/2020:05:39:53 +0100] "GET /images/big_prod/VANGOGH2.jpg HTTP/1.0" 200 263 "-" "Mozilla/5.0 (compatible; bingbot/2.0; +http://www.bing.com/bingbot.htm)"
69.30.198.242 - - [14/Dec/2020:05:39:56 +0100] "GET /-p-24556.html HTTP/1.0" 200 69192 "-" "Mozilla/5.0 (compatible; MJ12bot/v1.4.8; http://mj12bot.com/)"
69.30.198.242 - - [14/Dec/2020:05:40:08 +0100] "GET /-p-24557.html HTTP/1.0" 200 69192 "-" "Mozilla/5.0 (compatible; MJ12bot/v1.4.8; http://mj12bot.com/)"
13.66.139.55 - - [14/Dec/2020:05:40:10 +0100] "GET /images/4007176129012.jpg HTTP/1.0" 200 259 "-" "Mozilla/5.0 (compatible; bingbot/2.0; +http://www.bing.com/bingbot.htm)"
13.66.139.55 - - [14/Dec/2020:05:40:11 +0100] "GET /images/med_prod/3014627806386.jpg HTTP/1.0" 200 268 "-" "Mozilla/5.0 (compatible; bingbot/2.0; +http://www.bing.com/bingbot.htm)"
13.66.139.55 - - [14/Dec/2020:05:40:11 +0100] "GET /images/1399984220450.jpg HTTP/1.0" 200 259 "-" "Mozilla/5.0 (compatible; bingbot/2.0; +http://www.bing.com/bingbot.htm)"
13.66.139.55 - - [14/Dec/2020:05:40:11 +0100] "GET /images/1308421360833.jpg HTTP/1.0" 200 259 "-" "Mozilla/5.0 (compatible; bingbot/2.0; +http://www.bing.com/bingbot.htm)"
13.66.139.55 - - [14/Dec/2020:05:40:12 +0100] "GET /set-and-breakfast-set-c-12_61.html?page=5 HTTP/1.0" 200 91720 "-" "Mozilla/5.0 (compatible; bingbot/2.0; +http://www.bing.com/bingbot.htm)"
54.36.148.147 - - [14/Dec/2020:05:40:14 +0100] "GET /digipenguin-p-30677.html HTTP/1.0" 200 72428 "-" "Mozilla/5.0 (compatible; AhrefsBot/7.0; +http://ahrefs.com/robot/)"
114.119.130.202 - - [14/Dec/2020:05:40:20 +0100] "GET /images/mini_prod/8424346520572.jpg HTTP/1.0" 200 269 "-" "Mozilla/5.0 (Linux; Android 7.0;) AppleWebKit/537.36 (KHTML, like Gecko) Mobile Safari/537.36 (compatible; PetalBot;+https://aspiegel.com/petalbot)"
69.30.198.242 - - [14/Dec/2020:05:40:21 +0100] "GET /-p-24591.html HTTP/1.0" 200 69192 "-" "Mozilla/5.0 (compatible; MJ12bot/v1.4.8; http://mj12bot.com/)"
51.68.224.127 - - [14/Dec/2020:05:40:26 +0100] "GET /adminweb/export_orders_xml.php?token=256de2z6edz6ed2z6DFSFsed2zed6zeDSFDSGdzedezfzf&maxorders=10&orderstart=1&status=14&start_date=2018-10-01 HTTP/1.0" 200 285 "-" "GesCom CharlotteBoutik Serveur"
51.68.224.127 - - [14/Dec/2020:05:40:26 +0100] "GET /adminweb/export_orders_xml.php?token=256de2z6edz6ed2z6DFSFsed2zed6zeDSFDSGdzedezfzf&maxorders=10&orderstart=1&status=6&start_date=2018-10-01 HTTP/1.0" 200 30026 "-" "GesCom CharlotteBoutik Serveur"
69.30.198.242 - - [14/Dec/2020:05:40:30 +0100] "GET /-p-24623.html HTTP/1.0" 200 69192 "-" "Mozilla/5.0 (compatible; MJ12bot/v1.4.8; http://mj12bot.com/)"
157.55.39.179 - - [14/Dec/2020:05:40:35 +0100] "GET /les-vilaines-filles-beach-towel-170-90-cm-p-51713.html HTTP/1.0" 200 72004 "-" "Mozilla/5.0 (compatible; bingbot/2.0; +http://www.bing.com/bingbot.htm)"
69.30.198.242 - - [14/Dec/2020:05:40:49 +0100] "GET /-p-24624.html HTTP/1.0" 200 69192 "-" "Mozilla/5.0 (compatible; MJ12bot/v1.4.8; http://mj12bot.com/)"
69.30.198.242 - - [14/Dec/2020:05:40:58 +0100] "GET /-p-24637.html HTTP/1.0" 200 69192 "-" "Mozilla/5.0 (compatible; MJ12bot/v1.4.8; http://mj12bot.com/)"
69.30.198.242 - - [14/Dec/2020:05:41:15 +0100] "GET /-p-24733.html HTTP/1.0" 200 69192 "-" "Mozilla/5.0 (compatible; MJ12bot/v1.4.8; http://mj12bot.com/)"
69.30.198.242 - - [14/Dec/2020:05:41:29 +0100] "GET /-p-24735.html HTTP/1.0" 200 69192 "-" "Mozilla/5.0 (compatible; MJ12bot/v1.4.8; http://mj12bot.com/)"
69.30.198.242 - - [14/Dec/2020:05:41:58 +0100] "GET /-p-24739.html HTTP/1.0" 200 69192 "-" "Mozilla/5.0 (compatible; MJ12bot/v1.4.8; http://mj12bot.com/)"
13.66.139.26 - - [14/Dec/2020:05:42:26 +0100] "GET /images/big_prod_3/5018997621714c.jpg HTTP/1.0" 200 271 "-" "Mozilla/5.0 (compatible; bingbot/2.0; +http://www.bing.com/bingbot.htm)"
54.36.148.123 - - [14/Dec/2020:05:42:28 +0100] "GET /bob-marley-young-mirror-p-19673.html HTTP/1.0" 200 71790 "-" "Mozilla/5.0 (compatible; AhrefsBot/7.0; +http://ahrefs.com/robot/)"
69.30.198.242 - - [14/Dec/2020:05:42:30 +0100] "GET /-p-24758.html HTTP/1.0" 200 69192 "-" "Mozilla/5.0 (compatible; MJ12bot/v1.4.8; http://mj12bot.com/)"
69.30.198.242 - - [14/Dec/2020:05:42:37 +0100] "GET /-p-24781.html HTTP/1.0" 200 69192 "-" "Mozilla/5.0 (compatible; MJ12bot/v1.4.8; http://mj12bot.com/)"
13.66.139.26 - - [14/Dec/2020:05:43:06 +0100] "GET /images/big_prod/1399986103058.jpg HTTP/1.0" 200 268 "-" "Mozilla/5.0 (compatible; bingbot/2.0; +http://www.bing.com/bingbot.htm)"
69.30.198.242 - - [14/Dec/2020:05:43:26 +0100] "GET /-p-24837.html HTTP/1.0" 200 69192 "-" "Mozilla/5.0 (compatible; MJ12bot/v1.4.8; http://mj12bot.com/)"
69.30.198.242 - - [14/Dec/2020:05:43:31 +0100] "GET /-p-24861.html HTTP/1.0" 200 69192 "-" "Mozilla/5.0 (compatible; MJ12bot/v1.4.8; http://mj12bot.com/)"
69.30.198.242 - - [14/Dec/2020:05:43:46 +0100] "GET /-p-24865.html HTTP/1.0" 200 69192 "-" "Mozilla/5.0 (compatible; MJ12bot/v1.4.8; http://mj12bot.com/)"
69.30.198.242 - - [14/Dec/2020:05:43:55 +0100] "GET /-p-24915.html HTTP/1.0" 200 69192 "-" "Mozilla/5.0 (compatible; MJ12bot/v1.4.8; http://mj12bot.com/)"
17.58.101.145 - - [14/Dec/2020:05:43:56 +0100] "GET /tinted-candle-in-the-mass-saffron-color-p-48913.html HTTP/1.0" 200 71951 "-" "Mozilla/5.0 (Macintosh; Intel Mac OS X 10_15_5) AppleWebKit/605.1.15 (KHTML, like Gecko) Version/13.1.1 Safari/605.1.15 (Applebot/0.1; +http://www.apple.com/go/applebot)"
13.66.139.79 - - [14/Dec/2020:05:44:04 +0100] "GET /images/3521320605173.jpg HTTP/1.0" 200 259 "-" "Mozilla/5.0 (compatible; bingbot/2.0; +http://www.bing.com/bingbot.htm)"
69.30.198.242 - - [14/Dec/2020:05:44:08 +0100] "GET /-p-24994.html HTTP/1.0" 200 69192 "-" "Mozilla/5.0 (compatible; MJ12bot/v1.4.8; http://mj12bot.com/)"
13.66.139.79 - - [14/Dec/2020:05:44:12 +0100] "GET /money-boxes-c-13_83.html HTTP/1.0" 200 91713 "-" "Mozilla/5.0 (compatible; bingbot/2.0; +http://www.bing.com/bingbot.htm)"
69.30.198.242 - - [14/Dec/2020:05:44:17 +0100] "GET /-p-25008.html HTTP/1.0" 200 69192 "-" "Mozilla/5.0 (compatible; MJ12bot/v1.4.8; http://mj12bot.com/)"
69.30.198.242 - - [14/Dec/2020:05:44:27 +0100] "GET /-p-25089.html HTTP/1.0" 200 69192 "-" "Mozilla/5.0 (compatible; MJ12bot/v1.4.8; http://mj12bot.com/)"
69.30.198.242 - - [14/Dec/2020:05:44:33 +0100] "GET /-p-25158.html HTTP/1.0" 200 69192 "-" "Mozilla/5.0 (compatible; MJ12bot/v1.4.8; http://mj12bot.com/)"
114.119.159.169 - - [14/Dec/2020:05:44:42 +0100] "GET /%20images/big_prod/1384010190852.jpg HTTP/1.0" 404 1308 "-" "Mozilla/5.0 (Linux; Android 7.0;) AppleWebKit/537.36 (KHTML, like Gecko) Mobile Safari/537.36 (compatible; PetalBot;+https://aspiegel.com/petalbot)"
54.36.148.21 - - [14/Dec/2020:05:44:43 +0100] "GET /minnie-mouse-sports-bottle-p-25064.html HTTP/1.0" 200 71855 "-" "Mozilla/5.0 (compatible; AhrefsBot/7.0; +http://ahrefs.com/robot/)"
69.30.198.242 - - [14/Dec/2020:05:44:52 +0100] "GET /-p-25160.html HTTP/1.0" 200 69192 "-" "Mozilla/5.0 (compatible; MJ12bot/v1.4.8; http://mj12bot.com/)"
69.30.198.242 - - [14/Dec/2020:05:45:04 +0100] "GET /-p-25294.html HTTP/1.0" 200 69192 "-" "Mozilla/5.0 (compatible; MJ12bot/v1.4.8; http://mj12bot.com/)"
216.244.66.242 - - [14/Dec/2020:05:45:12 +0100] "GET /gorjuss-chronicles-tall-jotter-new-heights-p-38208.html HTTP/1.0" 200 69399 "-" "Mozilla/5.0 (compatible; DotBot/1.1; http://www.opensiteexplorer.org/dotbot, help@moz.com)"
69.30.198.242 - - [14/Dec/2020:05:45:17 +0100] "GET /-p-25383.html HTTP/1.0" 200 69192 "-" "Mozilla/5.0 (compatible; MJ12bot/v1.4.8; http://mj12bot.com/)"
69.30.198.242 - - [14/Dec/2020:05:45:25 +0100] "GET /-p-25384.html HTTP/1.0" 200 69192 "-" "Mozilla/5.0 (compatible; MJ12bot/v1.4.8; http://mj12bot.com/)"
69.30.198.242 - - [14/Dec/2020:05:45:33 +0100] "GET /-p-25391.html HTTP/1.0" 200 69192 "-" "Mozilla/5.0 (compatible; MJ12bot/v1.4.8; http://mj12bot.com/)"
69.30.198.242 - - [14/Dec/2020:05:45:43 +0100] "GET /-p-25392.html HTTP/1.0" 200 69192 "-" "Mozilla/5.0 (compatible; MJ12bot/v1.4.8; http://mj12bot.com/)"
69.30.198.242 - - [14/Dec/2020:05:45:53 +0100] "GET /-p-25678.html HTTP/1.0" 200 69192 "-" "Mozilla/5.0 (compatible; MJ12bot/v1.4.8; http://mj12bot.com/)"
69.30.198.242 - - [14/Dec/2020:05:45:59 +0100] "GET /-p-25684.html HTTP/1.0" 200 69192 "-" "Mozilla/5.0 (compatible; MJ12bot/v1.4.8; http://mj12bot.com/)"
69.30.198.242 - - [14/Dec/2020:05:46:08 +0100] "GET /-p-25685.html HTTP/1.0" 200 69192 "-" "Mozilla/5.0 (compatible; MJ12bot/v1.4.8; http://mj12bot.com/)"
13.66.139.26 - - [14/Dec/2020:05:46:18 +0100] "GET /images/big_prod/3700230606399.jpg HTTP/1.0" 200 268 "-" "Mozilla/5.0 (compatible; bingbot/2.0; +http://www.bing.com/bingbot.htm)"
69.30.198.242 - - [14/Dec/2020:05:46:18 +0100] "GET /-p-25697.html HTTP/1.0" 200 69192 "-" "Mozilla/5.0 (compatible; MJ12bot/v1.4.8; http://mj12bot.com/)"
216.244.66.242 - - [14/Dec/2020:05:46:20 +0100] "GET /winnie-the-pooh-bath-towel-p-10121.html HTTP/1.0" 200 71987 "-" "Mozilla/5.0 (compatible; DotBot/1.1; http://www.opensiteexplorer.org/dotbot, help@moz.com)"
69.30.198.242 - - [14/Dec/2020:05:46:27 +0100] "GET /-p-25698.html HTTP/1.0" 200 69192 "-" "Mozilla/5.0 (compatible; MJ12bot/v1.4.8; http://mj12bot.com/)"
69.30.198.242 - - [14/Dec/2020:05:46:36 +0100] "GET /-p-2570.html HTTP/1.0" 200 69190 "-" "Mozilla/5.0 (compatible; MJ12bot/v1.4.8; http://mj12bot.com/)"
69.30.198.242 - - [14/Dec/2020:05:46:48 +0100] "GET /-p-25700.html HTTP/1.0" 200 69192 "-" "Mozilla/5.0 (compatible; MJ12bot/v1.4.8; http://mj12bot.com/)"
69.30.198.242 - - [14/Dec/2020:05:47:00 +0100] "GET /-p-25770.html HTTP/1.0" 200 69192 "-" "Mozilla/5.0 (compatible; MJ12bot/v1.4.8; http://mj12bot.com/)"
54.36.148.88 - - [14/Dec/2020:05:47:01 +0100] "GET /anti-rfid-card-holder-cards-anthracite-p-50172.html HTTP/1.0" 200 73201 "-" "Mozilla/5.0 (compatible; AhrefsBot/7.0; +http://ahrefs.com/robot/)"
69.30.198.242 - - [14/Dec/2020:05:47:10 +0100] "GET /-p-25915.html HTTP/1.0" 200 69192 "-" "Mozilla/5.0 (compatible; MJ12bot/v1.4.8; http://mj12bot.com/)"
157.55.39.59 - - [14/Dec/2020:05:47:15 +0100] "GET /images/DSCN3926bettyboop.jpg HTTP/1.0" 200 263 "-" "Mozilla/5.0 (compatible; bingbot/2.0; +http://www.bing.com/bingbot.htm)"
69.30.198.242 - - [14/Dec/2020:05:47:21 +0100] "GET /-p-25917.html HTTP/1.0" 200 69192 "-" "Mozilla/5.0 (compatible; MJ12bot/v1.4.8; http://mj12bot.com/)"
157.55.39.59 - - [14/Dec/2020:05:47:25 +0100] "GET /images/3710653501966.jpg HTTP/1.0" 200 259 "-" "Mozilla/5.0 (compatible; bingbot/2.0; +http://www.bing.com/bingbot.htm)"
69.30.198.242 - - [14/Dec/2020:05:47:33 +0100] "GET /-p-25931.html HTTP/1.0" 200 69192 "-" "Mozilla/5.0 (compatible; MJ12bot/v1.4.8; http://mj12bot.com/)"
69.30.198.242 - - [14/Dec/2020:05:47:39 +0100] "GET /-p-26021.html HTTP/1.0" 200 69192 "-" "Mozilla/5.0 (compatible; MJ12bot/v1.4.8; http://mj12bot.com/)"
69.30.198.242 - - [14/Dec/2020:05:47:51 +0100] "GET /-p-26067.html HTTP/1.0" 200 69192 "-" "Mozilla/5.0 (compatible; MJ12bot/v1.4.8; http://mj12bot.com/)"
13.66.139.26 - - [14/Dec/2020:05:47:57 +0100] "GET /tea-pot-c-12_175.html?page=4 HTTP/1.0" 200 91060 "-" "Mozilla/5.0 (compatible; bingbot/2.0; +http://www.bing.com/bingbot.htm)"
69.30.198.242 - - [14/Dec/2020:05:48:01 +0100] "GET /-p-26320.html HTTP/1.0" 200 69192 "-" "Mozilla/5.0 (compatible; MJ12bot/v1.4.8; http://mj12bot.com/)"
69.30.198.242 - - [14/Dec/2020:05:48:12 +0100] "GET /-p-26322.html HTTP/1.0" 200 69192 "-" "Mozilla/5.0 (compatible; MJ12bot/v1.4.8; http://mj12bot.com/)"
216.244.66.242 - - [14/Dec/2020:05:48:15 +0100] "GET /provence-soap-dish-p-44566.html HTTP/1.0" 200 71808 "-" "Mozilla/5.0 (compatible; DotBot/1.1; http://www.opensiteexplorer.org/dotbot, help@moz.com)"
5.9.66.153 - - [14/Dec/2020:05:48:17 +0100] "GET /robots.txt HTTP/1.0" 200 245 "-" "Mozilla/5.0 (compatible; MJ12bot/v1.4.8; http://mj12bot.com/)"
13.66.139.55 - - [14/Dec/2020:05:48:19 +0100] "GET /images/mini_prod/9316188082167.jpg HTTP/1.0" 200 269 "-" "Mozilla/5.0 (compatible; bingbot/2.0; +http://www.bing.com/bingbot.htm)"
5.9.66.153 - - [14/Dec/2020:05:48:19 +0100] "GET /boxes-and-storage-box-c-13_150.html?page=9 HTTP/1.0" 200 93122 "-" "Mozilla/5.0 (compatible; MJ12bot/v1.4.8; http://mj12bot.com/)"
13.66.139.55 - - [14/Dec/2020:05:48:19 +0100] "GET /images/090908_213438_PEEL_hXm3pn.jpg HTTP/1.0" 200 271 "-" "Mozilla/5.0 (compatible; bingbot/2.0; +http://www.bing.com/bingbot.htm)"
13.66.139.55 - - [14/Dec/2020:05:48:20 +0100] "GET /images/big_prod/4895220300506.jpg HTTP/1.0" 200 268 "-" "Mozilla/5.0 (compatible; bingbot/2.0; +http://www.bing.com/bingbot.htm)"
13.66.139.55 - - [14/Dec/2020:05:48:20 +0100] "GET /images/4007176434536.jpg HTTP/1.0" 200 259 "-" "Mozilla/5.0 (compatible; bingbot/2.0; +http://www.bing.com/bingbot.htm)"
13.66.139.55 - - [14/Dec/2020:05:48:20 +0100] "GET /images/big_prod/8011717798045.jpg HTTP/1.0" 200 268 "-" "Mozilla/5.0 (compatible; bingbot/2.0; +http://www.bing.com/bingbot.htm)"
5.9.66.153 - - [14/Dec/2020:05:48:21 +0100] "GET /boys-c-2.html?page=5 HTTP/1.0" 200 89357 "-" "Mozilla/5.0 (compatible; MJ12bot/v1.4.8; http://mj12bot.com/)"
69.30.198.242 - - [14/Dec/2020:05:48:21 +0100] "GET /-p-26358.html HTTP/1.0" 200 69192 "-" "Mozilla/5.0 (compatible; MJ12bot/v1.4.8; http://mj12bot.com/)"
5.9.66.153 - - [14/Dec/2020:05:48:23 +0100] "GET /boys-c-2.html?page=6 HTTP/1.0" 200 89357 "-" "Mozilla/5.0 (compatible; MJ12bot/v1.4.8; http://mj12bot.com/)"
5.9.66.153 - - [14/Dec/2020:05:48:25 +0100] "GET /boys-c-2.html?page=7 HTTP/1.0" 200 89357 "-" "Mozilla/5.0 (compatible; MJ12bot/v1.4.8; http://mj12bot.com/)"
13.66.139.26 - - [14/Dec/2020:05:48:27 +0100] "GET /images/big_prod/1328399219582.jpg HTTP/1.0" 200 268 "-" "Mozilla/5.0 (compatible; bingbot/2.0; +http://www.bing.com/bingbot.htm)"
5.9.66.153 - - [14/Dec/2020:05:48:27 +0100] "GET /boys-c-2.html?page=8 HTTP/1.0" 200 89357 "-" "Mozilla/5.0 (compatible; MJ12bot/v1.4.8; http://mj12bot.com/)"
5.9.66.153 - - [14/Dec/2020:05:48:29 +0100] "GET /boys-c-2.html?page=9 HTTP/1.0" 200 89357 "-" "Mozilla/5.0 (compatible; MJ12bot/v1.4.8; http://mj12bot.com/)"
5.9.66.153 - - [14/Dec/2020:05:48:31 +0100] "GET /bracelet-tiger-eye-p-47649.html HTTP/1.0" 200 72263 "-" "Mozilla/5.0 (compatible; MJ12bot/v1.4.8; http://mj12bot.com/)"
5.9.66.153 - - [14/Dec/2020:05:48:33 +0100] "GET /britto-bottle-stoppers-apple-p-32682.html HTTP/1.0" 200 69294 "-" "Mozilla/5.0 (compatible; MJ12bot/v1.4.8; http://mj12bot.com/)"
69.30.198.242 - - [14/Dec/2020:05:48:34 +0100] "GET /-p-26456.html HTTP/1.0" 200 69192 "-" "Mozilla/5.0 (compatible; MJ12bot/v1.4.8; http://mj12bot.com/)"
5.9.66.153 - - [14/Dec/2020:05:48:41 +0100] "GET /britto-bottle-stoppers-bear-p-32680.html HTTP/1.0" 200 69290 "-" "Mozilla/5.0 (compatible; MJ12bot/v1.4.8; http://mj12bot.com/)"
5.9.66.153 - - [14/Dec/2020:05:48:46 +0100] "GET /britto-bottle-stoppers-cat-p-32679.html HTTP/1.0" 200 71853 "-" "Mozilla/5.0 (compatible; MJ12bot/v1.4.8; http://mj12bot.com/)"
69.30.198.242 - - [14/Dec/2020:05:48:47 +0100] "GET /-p-26458.html HTTP/1.0" 200 69192 "-" "Mozilla/5.0 (compatible; MJ12bot/v1.4.8; http://mj12bot.com/)"
5.9.66.153 - - [14/Dec/2020:05:48:50 +0100] "GET /britto-bottle-stoppers-flower-p-32681.html HTTP/1.0" 200 71877 "-" "Mozilla/5.0 (compatible; MJ12bot/v1.4.8; http://mj12bot.com/)"
5.9.66.153 - - [14/Dec/2020:05:48:53 +0100] "GET /britto-butterfly-pill-box-p-32629.html HTTP/1.0" 200 69308 "-" "Mozilla/5.0 (compatible; MJ12bot/v1.4.8; http://mj12bot.com/)"
5.9.66.153 - - [14/Dec/2020:05:48:56 +0100] "GET /carpet-180-120-cm-p-52811.html HTTP/1.0" 200 71943 "-" "Mozilla/5.0 (compatible; MJ12bot/v1.4.8; http://mj12bot.com/)"
5.9.66.153 - - [14/Dec/2020:05:48:58 +0100] "GET /cars-blue-sweatshirts-zip-p-31318.html HTTP/1.0" 301 69259 "-" "Mozilla/5.0 (compatible; MJ12bot/v1.4.8; http://mj12bot.com/)"
69.30.198.242 - - [14/Dec/2020:05:48:59 +0100] "GET /-p-26622.html HTTP/1.0" 200 69192 "-" "Mozilla/5.0 (compatible; MJ12bot/v1.4.8; http://mj12bot.com/)"
5.9.66.153 - - [14/Dec/2020:05:49:00 +0100] "GET /-p-31318.html HTTP/1.0" 200 69192 "-" "Mozilla/5.0 (compatible; MJ12bot/v1.4.8; http://mj12bot.com/)"
5.9.66.153 - - [14/Dec/2020:05:49:02 +0100] "GET /cars-disney-white-tee-shirt-p-31013.html HTTP/1.0" 301 69259 "-" "Mozilla/5.0 (compatible; MJ12bot/v1.4.8; http://mj12bot.com/)"
114.119.130.202 - - [14/Dec/2020:05:49:03 +0100] "GET /images/big_prod/1384000000192.jpg HTTP/1.0" 200 268 "-" "Mozilla/5.0 (Linux; Android 7.0;) AppleWebKit/537.36 (KHTML, like Gecko) Mobile Safari/537.36 (compatible; PetalBot;+https://aspiegel.com/petalbot)"
5.9.66.153 - - [14/Dec/2020:05:49:04 +0100] "GET /-p-31013.html HTTP/1.0" 200 69192 "-" "Mozilla/5.0 (compatible; MJ12bot/v1.4.8; http://mj12bot.com/)"
5.9.66.153 - - [14/Dec/2020:05:49:06 +0100] "GET /cars-disney-yellow-tee-shirt-p-31014.html HTTP/1.0" 301 69259 "-" "Mozilla/5.0 (compatible; MJ12bot/v1.4.8; http://mj12bot.com/)"
5.9.66.153 - - [14/Dec/2020:05:49:08 +0100] "GET /-p-31014.html HTTP/1.0" 200 69192 "-" "Mozilla/5.0 (compatible; MJ12bot/v1.4.8; http://mj12bot.com/)"
69.30.198.242 - - [14/Dec/2020:05:49:11 +0100] "GET /-p-26631.html HTTP/1.0" 200 69192 "-" "Mozilla/5.0 (compatible; MJ12bot/v1.4.8; http://mj12bot.com/)"
5.9.66.153 - - [14/Dec/2020:05:49:11 +0100] "GET /cars-guido-figure-p-4694.html HTTP/1.0" 301 69256 "-" "Mozilla/5.0 (compatible; MJ12bot/v1.4.8; http://mj12bot.com/)"
5.9.66.153 - - [14/Dec/2020:05:49:14 +0100] "GET /-p-4694.html HTTP/1.0" 200 69190 "-" "Mozilla/5.0 (compatible; MJ12bot/v1.4.8; http://mj12bot.com/)"
207.46.13.175 - - [14/Dec/2020:05:49:16 +0100] "GET /images/big_prod/4036113510743.jpg HTTP/1.0" 200 268 "-" "Mozilla/5.0 (compatible; bingbot/2.0; +http://www.bing.com/bingbot.htm)"
54.36.148.100 - - [14/Dec/2020:05:49:17 +0100] "GET /dubout-cats-white-ceramic-plate-p-41049.html HTTP/1.0" 200 71869 "-" "Mozilla/5.0 (compatible; AhrefsBot/7.0; +http://ahrefs.com/robot/)"
5.9.66.153 - - [14/Dec/2020:05:49:19 +0100] "GET /cat-by-michelle-allen-teapot-and-cup-p-23106.html HTTP/1.0" 301 69259 "-" "Mozilla/5.0 (compatible; MJ12bot/v1.4.8; http://mj12bot.com/)"
69.30.198.242 - - [14/Dec/2020:05:49:23 +0100] "GET /-p-26632.html HTTP/1.0" 200 69192 "-" "Mozilla/5.0 (compatible; MJ12bot/v1.4.8; http://mj12bot.com/)"
5.9.66.153 - - [14/Dec/2020:05:49:26 +0100] "GET /-p-23106.html HTTP/1.0" 200 69192 "-" "Mozilla/5.0 (compatible; MJ12bot/v1.4.8; http://mj12bot.com/)"
5.9.66.153 - - [14/Dec/2020:05:49:30 +0100] "GET /cat-figurine-decorative-p-33497.html HTTP/1.0" 301 69259 "-" "Mozilla/5.0 (compatible; MJ12bot/v1.4.8; http://mj12bot.com/)"
5.9.66.153 - - [14/Dec/2020:05:49:32 +0100] "GET /-p-33497.html HTTP/1.0" 200 69192 "-" "Mozilla/5.0 (compatible; MJ12bot/v1.4.8; http://mj12bot.com/)"
5.9.66.153 - - [14/Dec/2020:05:49:34 +0100] "GET /cat-floor-mat-p-34311.html HTTP/1.0" 301 69259 "-" "Mozilla/5.0 (compatible; MJ12bot/v1.4.8; http://mj12bot.com/)"
69.30.198.242 - - [14/Dec/2020:05:49:36 +0100] "GET /-p-26634.html HTTP/1.0" 200 69192 "-" "Mozilla/5.0 (compatible; MJ12bot/v1.4.8; http://mj12bot.com/)"
5.9.66.153 - - [14/Dec/2020:05:49:36 +0100] "GET /-p-34311.html HTTP/1.0" 200 69192 "-" "Mozilla/5.0 (compatible; MJ12bot/v1.4.8; http://mj12bot.com/)"
5.9.66.153 - - [14/Dec/2020:05:49:38 +0100] "GET /cat-floor-mat-p-34555.html HTTP/1.0" 301 69259 "-" "Mozilla/5.0 (compatible; MJ12bot/v1.4.8; http://mj12bot.com/)"
5.9.66.153 - - [14/Dec/2020:05:49:40 +0100] "GET /-p-34555.html HTTP/1.0" 200 69192 "-" "Mozilla/5.0 (compatible; MJ12bot/v1.4.8; http://mj12bot.com/)"
5.9.66.153 - - [14/Dec/2020:05:49:41 +0100] "GET /cat-gentleman-cushion-removable-40-40-cm-p-32877.html HTTP/1.0" 301 69259 "-" "Mozilla/5.0 (compatible; MJ12bot/v1.4.8; http://mj12bot.com/)"
5.9.66.153 - - [14/Dec/2020:05:49:43 +0100] "GET /-p-32877.html HTTP/1.0" 200 69192 "-" "Mozilla/5.0 (compatible; MJ12bot/v1.4.8; http://mj12bot.com/)"
5.9.66.153 - - [14/Dec/2020:05:49:45 +0100] "GET /cat-pop-plush-by-britto-22-cm-p-20468.html HTTP/1.0" 301 69259 "-" "Mozilla/5.0 (compatible; MJ12bot/v1.4.8; http://mj12bot.com/)"
216.244.66.242 - - [14/Dec/2020:05:49:46 +0100] "GET /candy-cloud-pen-jazzy-p-49872.html HTTP/1.0" 200 72185 "-" "Mozilla/5.0 (compatible; DotBot/1.1; http://www.opensiteexplorer.org/dotbot, help@moz.com)"
69.30.198.242 - - [14/Dec/2020:05:49:46 +0100] "GET /-p-26693.html HTTP/1.0" 200 69192 "-" "Mozilla/5.0 (compatible; MJ12bot/v1.4.8; http://mj12bot.com/)"
5.9.66.153 - - [14/Dec/2020:05:49:47 +0100] "GET /-p-20468.html HTTP/1.0" 200 69192 "-" "Mozilla/5.0 (compatible; MJ12bot/v1.4.8; http://mj12bot.com/)"
5.9.66.153 - - [14/Dec/2020:05:49:49 +0100] "GET /cats-in-love-figurine-decorative-p-39668.html HTTP/1.0" 301 69259 "-" "Mozilla/5.0 (compatible; MJ12bot/v1.4.8; http://mj12bot.com/)"
5.9.66.153 - - [14/Dec/2020:05:49:50 +0100] "GET /-p-39668.html HTTP/1.0" 200 69192 "-" "Mozilla/5.0 (compatible; MJ12bot/v1.4.8; http://mj12bot.com/)"
5.9.66.153 - - [14/Dec/2020:05:49:52 +0100] "GET /cavale-bedclothes-220-240-cm-p-41762.html HTTP/1.0" 301 69259 "-" "Mozilla/5.0 (compatible; MJ12bot/v1.4.8; http://mj12bot.com/)"
5.9.66.153 - - [14/Dec/2020:05:49:54 +0100] "GET /-p-41762.html HTTP/1.0" 200 69192 "-" "Mozilla/5.0 (compatible; MJ12bot/v1.4.8; http://mj12bot.com/)"
5.9.66.153 - - [14/Dec/2020:05:49:56 +0100] "GET /ceramic-butter-dish-gaston-collection-p-52664.html HTTP/1.0" 200 71931 "-" "Mozilla/5.0 (compatible; MJ12bot/v1.4.8; http://mj12bot.com/)"
5.9.66.153 - - [14/Dec/2020:05:49:58 +0100] "GET /chica-loca-beauty-bag-p-22612.html HTTP/1.0" 301 69259 "-" "Mozilla/5.0 (compatible; MJ12bot/v1.4.8; http://mj12bot.com/)"
216.244.66.242 - - [14/Dec/2020:05:49:59 +0100] "GET /aurora-silicone-mold-pink-model-p-28235.html HTTP/1.0" 200 71943 "-" "Mozilla/5.0 (compatible; DotBot/1.1; http://www.opensiteexplorer.org/dotbot, help@moz.com)"
5.9.66.153 - - [14/Dec/2020:05:49:59 +0100] "GET /-p-22612.html HTTP/1.0" 200 69192 "-" "Mozilla/5.0 (compatible; MJ12bot/v1.4.8; http://mj12bot.com/)"
5.9.66.153 - - [14/Dec/2020:05:50:01 +0100] "GET /chihuahua-little-tray-p-34393.html HTTP/1.0" 301 69259 "-" "Mozilla/5.0 (compatible; MJ12bot/v1.4.8; http://mj12bot.com/)"
69.30.198.242 - - [14/Dec/2020:05:50:02 +0100] "GET /-p-2673.html HTTP/1.0" 200 69190 "-" "Mozilla/5.0 (compatible; MJ12bot/v1.4.8; http://mj12bot.com/)"
5.9.66.153 - - [14/Dec/2020:05:50:03 +0100] "GET /-p-34393.html HTTP/1.0" 200 69192 "-" "Mozilla/5.0 (compatible; MJ12bot/v1.4.8; http://mj12bot.com/)"
13.66.139.79 - - [14/Dec/2020:05:50:04 +0100] "GET /images/big_prod/8422020415008.jpg HTTP/1.0" 200 268 "-" "Mozilla/5.0 (compatible; bingbot/2.0; +http://www.bing.com/bingbot.htm)"
5.9.66.153 - - [14/Dec/2020:05:50:05 +0100] "GET /children-coat-hooks-p-52706.html HTTP/1.0" 200 71908 "-" "Mozilla/5.0 (compatible; MJ12bot/v1.4.8; http://mj12bot.com/)"
5.9.66.153 - - [14/Dec/2020:05:50:07 +0100] "GET /classic-blue-rabbit-doudou-kaloo-plume-p-15717.html HTTP/1.0" 301 69259 "-" "Mozilla/5.0 (compatible; MJ12bot/v1.4.8; http://mj12bot.com/)"
5.9.66.153 - - [14/Dec/2020:05:50:09 +0100] "GET /-p-15717.html HTTP/1.0" 200 69192 "-" "Mozilla/5.0 (compatible; MJ12bot/v1.4.8; http://mj12bot.com/)"
5.9.66.153 - - [14/Dec/2020:05:50:11 +0100] "GET /clay-baby-footprints-p-30438.html HTTP/1.0" 200 71928 "-" "Mozilla/5.0 (compatible; MJ12bot/v1.4.8; http://mj12bot.com/)"
69.30.198.242 - - [14/Dec/2020:05:50:12 +0100] "GET /-p-26777.html HTTP/1.0" 200 69192 "-" "Mozilla/5.0 (compatible; MJ12bot/v1.4.8; http://mj12bot.com/)"
5.9.66.153 - - [14/Dec/2020:05:50:13 +0100] "GET /coca-cola-delicious-bedclothes-140x200-p-21814.html HTTP/1.0" 301 69259 "-" "Mozilla/5.0 (compatible; MJ12bot/v1.4.8; http://mj12bot.com/)"
5.9.66.153 - - [14/Dec/2020:05:50:15 +0100] "GET /-p-21814.html HTTP/1.0" 200 69192 "-" "Mozilla/5.0 (compatible; MJ12bot/v1.4.8; http://mj12bot.com/)"
216.244.66.242 - - [14/Dec/2020:05:50:15 +0100] "GET /fc-barcelona-clock-p-27268.html HTTP/1.0" 200 69273 "-" "Mozilla/5.0 (compatible; DotBot/1.1; http://www.opensiteexplorer.org/dotbot, help@moz.com)"
5.9.66.153 - - [14/Dec/2020:05:50:16 +0100] "GET /coca-cola-drink-in-bottles-cosmetic-bag-p-18871.html HTTP/1.0" 301 69259 "-" "Mozilla/5.0 (compatible; MJ12bot/v1.4.8; http://mj12bot.com/)"
5.9.66.153 - - [14/Dec/2020:05:50:18 +0100] "GET /-p-18871.html HTTP/1.0" 200 69192 "-" "Mozilla/5.0 (compatible; MJ12bot/v1.4.8; http://mj12bot.com/)"
5.9.66.153 - - [14/Dec/2020:05:50:20 +0100] "GET /coca-cola-moneybox-p-26693.html HTTP/1.0" 301 69259 "-" "Mozilla/5.0 (compatible; MJ12bot/v1.4.8; http://mj12bot.com/)"
5.9.66.153 - - [14/Dec/2020:05:50:22 +0100] "GET /-p-26693.html HTTP/1.0" 200 69192 "-" "Mozilla/5.0 (compatible; MJ12bot/v1.4.8; http://mj12bot.com/)"
5.9.66.153 - - [14/Dec/2020:05:50:24 +0100] "GET /coca-cola-moneybox-p-33571.html HTTP/1.0" 301 69259 "-" "Mozilla/5.0 (compatible; MJ12bot/v1.4.8; http://mj12bot.com/)"
69.30.198.242 - - [14/Dec/2020:05:50:25 +0100] "GET /-p-26798.html HTTP/1.0" 200 69192 "-" "Mozilla/5.0 (compatible; MJ12bot/v1.4.8; http://mj12bot.com/)"
5.9.66.153 - - [14/Dec/2020:05:50:26 +0100] "GET /-p-33571.html HTTP/1.0" 200 69192 "-" "Mozilla/5.0 (compatible; MJ12bot/v1.4.8; http://mj12bot.com/)"
5.9.66.153 - - [14/Dec/2020:05:50:28 +0100] "GET /coca-cola-moneybox-p-35215.html HTTP/1.0" 301 69259 "-" "Mozilla/5.0 (compatible; MJ12bot/v1.4.8; http://mj12bot.com/)"
5.9.66.153 - - [14/Dec/2020:05:50:30 +0100] "GET /-p-35215.html HTTP/1.0" 200 69192 "-" "Mozilla/5.0 (compatible; MJ12bot/v1.4.8; http://mj12bot.com/)"
5.9.66.153 - - [14/Dec/2020:05:50:32 +0100] "GET /coca-cola-mug-p-15042.html HTTP/1.0" 301 69259 "-" "Mozilla/5.0 (compatible; MJ12bot/v1.4.8; http://mj12bot.com/)"
5.9.66.153 - - [14/Dec/2020:05:50:34 +0100] "GET /-p-15042.html HTTP/1.0" 200 69192 "-" "Mozilla/5.0 (compatible; MJ12bot/v1.4.8; http://mj12bot.com/)"
216.244.66.242 - - [14/Dec/2020:05:50:35 +0100] "GET /angry-birds-badges-set-p-17287.html HTTP/1.0" 200 69299 "-" "Mozilla/5.0 (compatible; DotBot/1.1; http://www.opensiteexplorer.org/dotbot, help@moz.com)"
5.9.66.153 - - [14/Dec/2020:05:50:36 +0100] "GET /coca-cola-retro-deco-thermometer-p-34312.html HTTP/1.0" 301 69259 "-" "Mozilla/5.0 (compatible; MJ12bot/v1.4.8; http://mj12bot.com/)"
157.55.39.59 - - [14/Dec/2020:05:50:36 +0100] "GET /images/1345544565615.jpg HTTP/1.0" 200 259 "-" "Mozilla/5.0 (compatible; bingbot/2.0; +http://www.bing.com/bingbot.htm)"
5.9.66.153 - - [14/Dec/2020:05:50:38 +0100] "GET /-p-34312.html HTTP/1.0" 200 69192 "-" "Mozilla/5.0 (compatible; MJ12bot/v1.4.8; http://mj12bot.com/)"
5.9.66.153 - - [14/Dec/2020:05:50:40 +0100] "GET /cocktail-party-surfboard-wooden-wall-decoration-p-35364.html HTTP/1.0" 301 69259 "-" "Mozilla/5.0 (compatible; MJ12bot/v1.4.8; http://mj12bot.com/)"
69.30.198.242 - - [14/Dec/2020:05:50:40 +0100] "GET /-p-26897.html HTTP/1.0" 200 69192 "-" "Mozilla/5.0 (compatible; MJ12bot/v1.4.8; http://mj12bot.com/)"
5.9.66.153 - - [14/Dec/2020:05:50:42 +0100] "GET /-p-35364.html HTTP/1.0" 200 69192 "-" "Mozilla/5.0 (compatible; MJ12bot/v1.4.8; http://mj12bot.com/)"
216.244.66.242 - - [14/Dec/2020:05:50:42 +0100] "GET /new-york-yankees-navy-blue-backpack-p-36500.html HTTP/1.0" 200 69322 "-" "Mozilla/5.0 (compatible; DotBot/1.1; http://www.opensiteexplorer.org/dotbot, help@moz.com)"
5.9.66.153 - - [14/Dec/2020:05:50:43 +0100] "GET /coffee-mug-chocolate-gourmand-p-22550.html HTTP/1.0" 301 69259 "-" "Mozilla/5.0 (compatible; MJ12bot/v1.4.8; http://mj12bot.com/)"
5.9.66.153 - - [14/Dec/2020:05:50:45 +0100] "GET /-p-22550.html HTTP/1.0" 200 69192 "-" "Mozilla/5.0 (compatible; MJ12bot/v1.4.8; http://mj12bot.com/)"
5.9.66.153 - - [14/Dec/2020:05:50:47 +0100] "GET /coffee-mug-chocolate-gourmand-p-22553.html HTTP/1.0" 301 69259 "-" "Mozilla/5.0 (compatible; MJ12bot/v1.4.8; http://mj12bot.com/)"
5.9.66.153 - - [14/Dec/2020:05:50:49 +0100] "GET /-p-22553.html HTTP/1.0" 200 69192 "-" "Mozilla/5.0 (compatible; MJ12bot/v1.4.8; http://mj12bot.com/)"
5.9.66.153 - - [14/Dec/2020:05:50:51 +0100] "GET /collection-gorjuss-purrrrrrfect-love-pocket-mirror-p-19995.html HTTP/1.0" 301 69259 "-" "Mozilla/5.0 (compatible; MJ12bot/v1.4.8; http://mj12bot.com/)"
69.30.198.242 - - [14/Dec/2020:05:50:52 +0100] "GET /-p-26973.html HTTP/1.0" 200 69192 "-" "Mozilla/5.0 (compatible; MJ12bot/v1.4.8; http://mj12bot.com/)"
5.9.66.153 - - [14/Dec/2020:05:50:53 +0100] "GET /-p-19995.html HTTP/1.0" 200 69192 "-" "Mozilla/5.0 (compatible; MJ12bot/v1.4.8; http://mj12bot.com/)"
5.9.66.153 - - [14/Dec/2020:05:50:54 +0100] "GET /collection-mirabelle-devotion-pocket-mirror-p-19998.html HTTP/1.0" 301 69259 "-" "Mozilla/5.0 (compatible; MJ12bot/v1.4.8; http://mj12bot.com/)"
5.9.66.153 - - [14/Dec/2020:05:50:57 +0100] "GET /-p-19998.html HTTP/1.0" 200 69192 "-" "Mozilla/5.0 (compatible; MJ12bot/v1.4.8; http://mj12bot.com/)"
5.9.66.153 - - [14/Dec/2020:05:50:59 +0100] "GET /colorful-russian-doll-shirt-by-cbkreation-p-30066.html HTTP/1.0" 301 69259 "-" "Mozilla/5.0 (compatible; MJ12bot/v1.4.8; http://mj12bot.com/)"
5.9.66.153 - - [14/Dec/2020:05:51:01 +0100] "GET /-p-30066.html HTTP/1.0" 200 69192 "-" "Mozilla/5.0 (compatible; MJ12bot/v1.4.8; http://mj12bot.com/)"
5.9.66.153 - - [14/Dec/2020:05:51:03 +0100] "GET /corsica-shirt-by-cbkreation-p-30055.html HTTP/1.0" 301 69259 "-" "Mozilla/5.0 (compatible; MJ12bot/v1.4.8; http://mj12bot.com/)"
5.9.66.153 - - [14/Dec/2020:05:51:04 +0100] "GET /-p-30055.html HTTP/1.0" 200 69192 "-" "Mozilla/5.0 (compatible; MJ12bot/v1.4.8; http://mj12bot.com/)"
5.9.66.153 - - [14/Dec/2020:05:51:06 +0100] "GET /corsica-shirt-by-cbkreation-p-30056.html HTTP/1.0" 301 69259 "-" "Mozilla/5.0 (compatible; MJ12bot/v1.4.8; http://mj12bot.com/)"
69.30.198.242 - - [14/Dec/2020:05:51:06 +0100] "GET /-p-26976.html HTTP/1.0" 200 69192 "-" "Mozilla/5.0 (compatible; MJ12bot/v1.4.8; http://mj12bot.com/)"
5.9.66.153 - - [14/Dec/2020:05:51:08 +0100] "GET /-p-30056.html HTTP/1.0" 200 69192 "-" "Mozilla/5.0 (compatible; MJ12bot/v1.4.8; http://mj12bot.com/)"
5.9.66.153 - - [14/Dec/2020:05:51:10 +0100] "GET /cotton-bath-mat-50-80-cm-ivory-color-p-48699.html HTTP/1.0" 200 69334 "-" "Mozilla/5.0 (compatible; MJ12bot/v1.4.8; http://mj12bot.com/)"
5.9.66.153 - - [14/Dec/2020:05:51:12 +0100] "GET /cotton-plaid-valdavia-125-150-cm-p-41797.html HTTP/1.0" 301 69259 "-" "Mozilla/5.0 (compatible; MJ12bot/v1.4.8; http://mj12bot.com/)"
5.9.66.153 - - [14/Dec/2020:05:51:13 +0100] "GET /-p-41797.html HTTP/1.0" 200 69192 "-" "Mozilla/5.0 (compatible; MJ12bot/v1.4.8; http://mj12bot.com/)"
5.9.66.153 - - [14/Dec/2020:05:51:16 +0100] "GET /countertop-bell-12-cm-p-52795.html HTTP/1.0" 301 71926 "-" "Mozilla/5.0 (compatible; MJ12bot/v1.4.8; http://mj12bot.com/)"
5.9.66.153 - - [14/Dec/2020:05:51:18 +0100] "GET /countertop-bell-cm-p-52795.html HTTP/1.0" 200 71841 "-" "Mozilla/5.0 (compatible; MJ12bot/v1.4.8; http://mj12bot.com/)"
69.30.198.242 - - [14/Dec/2020:05:51:18 +0100] "GET /-p-27005.html HTTP/1.0" 200 69192 "-" "Mozilla/5.0 (compatible; MJ12bot/v1.4.8; http://mj12bot.com/)"
5.9.66.153 - - [14/Dec/2020:05:51:20 +0100] "GET /couture-wooden-box-p-32094.html HTTP/1.0" 301 69259 "-" "Mozilla/5.0 (compatible; MJ12bot/v1.4.8; http://mj12bot.com/)"
5.9.66.153 - - [14/Dec/2020:05:51:22 +0100] "GET /-p-32094.html HTTP/1.0" 200 69192 "-" "Mozilla/5.0 (compatible; MJ12bot/v1.4.8; http://mj12bot.com/)"
5.9.66.153 - - [14/Dec/2020:05:51:25 +0100] "GET /couture-wooden-box-p-32095.html HTTP/1.0" 301 69259 "-" "Mozilla/5.0 (compatible; MJ12bot/v1.4.8; http://mj12bot.com/)"
5.9.66.153 - - [14/Dec/2020:05:51:26 +0100] "GET /-p-32095.html HTTP/1.0" 200 69192 "-" "Mozilla/5.0 (compatible; MJ12bot/v1.4.8; http://mj12bot.com/)"
5.9.66.153 - - [14/Dec/2020:05:51:28 +0100] "GET /couture-wooden-box-p-32097.html HTTP/1.0" 301 69259 "-" "Mozilla/5.0 (compatible; MJ12bot/v1.4.8; http://mj12bot.com/)"
5.9.66.153 - - [14/Dec/2020:05:51:30 +0100] "GET /-p-32097.html HTTP/1.0" 200 69192 "-" "Mozilla/5.0 (compatible; MJ12bot/v1.4.8; http://mj12bot.com/)"
5.9.66.153 - - [14/Dec/2020:05:51:32 +0100] "GET /creative-hobbies-and-coloring-c-30.html?page=30 HTTP/1.0" 301 77871 "-" "Mozilla/5.0 (compatible; MJ12bot/v1.4.8; http://mj12bot.com/)"
5.9.66.153 - - [14/Dec/2020:05:51:34 +0100] "GET /creative-hobbies-and-coloring-c-129_30.html?page=30 HTTP/1.0" 200 77910 "-" "Mozilla/5.0 (compatible; MJ12bot/v1.4.8; http://mj12bot.com/)"
69.30.198.242 - - [14/Dec/2020:05:51:34 +0100] "GET /-p-27033.html HTTP/1.0" 200 69192 "-" "Mozilla/5.0 (compatible; MJ12bot/v1.4.8; http://mj12bot.com/)"
54.36.148.213 - - [14/Dec/2020:05:51:35 +0100] "GET /manicure-articles-c-31_204.html?page=2 HTTP/1.0" 200 76902 "-" "Mozilla/5.0 (compatible; AhrefsBot/7.0; +http://ahrefs.com/robot/)"
5.9.66.153 - - [14/Dec/2020:05:51:36 +0100] "GET /crepuscule-romantic-bedclothes-220-240-cm-p-36168.html HTTP/1.0" 301 69259 "-" "Mozilla/5.0 (compatible; MJ12bot/v1.4.8; http://mj12bot.com/)"
5.9.66.153 - - [14/Dec/2020:05:51:38 +0100] "GET /-p-36168.html HTTP/1.0" 200 69192 "-" "Mozilla/5.0 (compatible; MJ12bot/v1.4.8; http://mj12bot.com/)"
5.9.66.153 - - [14/Dec/2020:05:51:39 +0100] "GET /crocblanc-bedclothes-220-240-cm-p-41764.html HTTP/1.0" 301 69259 "-" "Mozilla/5.0 (compatible; MJ12bot/v1.4.8; http://mj12bot.com/)"
5.9.66.153 - - [14/Dec/2020:05:51:41 +0100] "GET /-p-41764.html HTTP/1.0" 200 69192 "-" "Mozilla/5.0 (compatible; MJ12bot/v1.4.8; http://mj12bot.com/)"
5.9.66.153 - - [14/Dec/2020:05:51:43 +0100] "GET /crocblanc-bedclothes-260-240-cm-p-41765.html HTTP/1.0" 301 69259 "-" "Mozilla/5.0 (compatible; MJ12bot/v1.4.8; http://mj12bot.com/)"
5.9.66.153 - - [14/Dec/2020:05:51:45 +0100] "GET /-p-41765.html HTTP/1.0" 200 69192 "-" "Mozilla/5.0 (compatible; MJ12bot/v1.4.8; http://mj12bot.com/)"
69.30.198.242 - - [14/Dec/2020:05:51:45 +0100] "GET /-p-27034.html HTTP/1.0" 200 69192 "-" "Mozilla/5.0 (compatible; MJ12bot/v1.4.8; http://mj12bot.com/)"
5.9.66.153 - - [14/Dec/2020:05:51:47 +0100] "GET /cushion-linen-and-taupe-40-cm-verona-model-p-38898.html HTTP/1.0" 301 69259 "-" "Mozilla/5.0 (compatible; MJ12bot/v1.4.8; http://mj12bot.com/)"
5.9.66.153 - - [14/Dec/2020:05:51:49 +0100] "GET /-p-38898.html HTTP/1.0" 200 69192 "-" "Mozilla/5.0 (compatible; MJ12bot/v1.4.8; http://mj12bot.com/)"
5.9.66.153 - - [14/Dec/2020:05:51:51 +0100] "GET /dark-dudes-keyring-p-7994.html HTTP/1.0" 301 69256 "-" "Mozilla/5.0 (compatible; MJ12bot/v1.4.8; http://mj12bot.com/)"
69.30.198.242 - - [14/Dec/2020:05:51:52 +0100] "GET /-p-27049.html HTTP/1.0" 200 69192 "-" "Mozilla/5.0 (compatible; MJ12bot/v1.4.8; http://mj12bot.com/)"
5.9.66.153 - - [14/Dec/2020:05:51:52 +0100] "GET /-p-7994.html HTTP/1.0" 200 69190 "-" "Mozilla/5.0 (compatible; MJ12bot/v1.4.8; http://mj12bot.com/)"
5.9.66.153 - - [14/Dec/2020:05:51:55 +0100] "GET /darth-vader-metal-suitcase-p-15921.html HTTP/1.0" 301 69259 "-" "Mozilla/5.0 (compatible; MJ12bot/v1.4.8; http://mj12bot.com/)"
13.66.139.79 - - [14/Dec/2020:05:51:57 +0100] "GET /images/big_prod_2/3665269058871b.jpg HTTP/1.0" 200 271 "-" "Mozilla/5.0 (compatible; bingbot/2.0; +http://www.bing.com/bingbot.htm)"
5.9.66.153 - - [14/Dec/2020:05:51:57 +0100] "GET /-p-15921.html HTTP/1.0" 200 69192 "-" "Mozilla/5.0 (compatible; MJ12bot/v1.4.8; http://mj12bot.com/)"
5.9.66.153 - - [14/Dec/2020:05:51:59 +0100] "GET /disney-princess-coat-rack-p-18811.html HTTP/1.0" 301 69259 "-" "Mozilla/5.0 (compatible; MJ12bot/v1.4.8; http://mj12bot.com/)"
5.9.66.153 - - [14/Dec/2020:05:52:01 +0100] "GET /-p-18811.html HTTP/1.0" 200 69192 "-" "Mozilla/5.0 (compatible; MJ12bot/v1.4.8; http://mj12bot.com/)"
5.9.66.153 - - [14/Dec/2020:05:52:03 +0100] "GET /disney-princess-dotty-mug-milk-p-27651.html HTTP/1.0" 301 69259 "-" "Mozilla/5.0 (compatible; MJ12bot/v1.4.8; http://mj12bot.com/)"
5.9.66.153 - - [14/Dec/2020:05:52:05 +0100] "GET /-p-27651.html HTTP/1.0" 200 69192 "-" "Mozilla/5.0 (compatible; MJ12bot/v1.4.8; http://mj12bot.com/)"
5.9.66.153 - - [14/Dec/2020:05:52:07 +0100] "GET /disney-princess-pluie-etoiles-lace-curtain-p-10718.html HTTP/1.0" 301 69259 "-" "Mozilla/5.0 (compatible; MJ12bot/v1.4.8; http://mj12bot.com/)"
69.30.198.242 - - [14/Dec/2020:05:52:08 +0100] "GET /-p-27050.html HTTP/1.0" 200 69192 "-" "Mozilla/5.0 (compatible; MJ12bot/v1.4.8; http://mj12bot.com/)"
5.9.66.153 - - [14/Dec/2020:05:52:09 +0100] "GET /-p-10718.html HTTP/1.0" 200 69192 "-" "Mozilla/5.0 (compatible; MJ12bot/v1.4.8; http://mj12bot.com/)"
5.9.66.153 - - [14/Dec/2020:05:52:10 +0100] "GET /disney-princess-sleeping-bag-140-70-cm-p-33197.html HTTP/1.0" 301 69259 "-" "Mozilla/5.0 (compatible; MJ12bot/v1.4.8; http://mj12bot.com/)"
5.9.66.153 - - [14/Dec/2020:05:52:12 +0100] "GET /-p-33197.html HTTP/1.0" 200 69192 "-" "Mozilla/5.0 (compatible; MJ12bot/v1.4.8; http://mj12bot.com/)"
5.9.66.153 - - [14/Dec/2020:05:52:14 +0100] "GET /disney-princess-small-suitcase-with-wheels-p-27985.html HTTP/1.0" 301 69259 "-" "Mozilla/5.0 (compatible; MJ12bot/v1.4.8; http://mj12bot.com/)"
5.9.66.153 - - [14/Dec/2020:05:52:16 +0100] "GET /-p-27985.html HTTP/1.0" 200 69192 "-" "Mozilla/5.0 (compatible; MJ12bot/v1.4.8; http://mj12bot.com/)"
207.46.13.48 - - [14/Dec/2020:05:52:17 +0100] "GET /industrial-metal-antique-chandelier-p-34707.html HTTP/1.0" 200 71989 "-" "Mozilla/5.0 (compatible; bingbot/2.0; +http://www.bing.com/bingbot.htm)"
5.9.66.153 - - [14/Dec/2020:05:52:18 +0100] "GET /disney-princess-sofia-mug-p-28187.html HTTP/1.0" 301 69259 "-" "Mozilla/5.0 (compatible; MJ12bot/v1.4.8; http://mj12bot.com/)"
5.9.66.153 - - [14/Dec/2020:05:52:20 +0100] "GET /-p-28187.html HTTP/1.0" 200 69192 "-" "Mozilla/5.0 (compatible; MJ12bot/v1.4.8; http://mj12bot.com/)"
69.30.198.242 - - [14/Dec/2020:05:52:20 +0100] "GET /-p-27051.html HTTP/1.0" 200 69192 "-" "Mozilla/5.0 (compatible; MJ12bot/v1.4.8; http://mj12bot.com/)"
5.9.66.153 - - [14/Dec/2020:05:52:22 +0100] "GET /disney-princess-sofia-mug-p-28189.html HTTP/1.0" 301 69259 "-" "Mozilla/5.0 (compatible; MJ12bot/v1.4.8; http://mj12bot.com/)"
5.9.66.153 - - [14/Dec/2020:05:52:23 +0100] "GET /-p-28189.html HTTP/1.0" 200 69192 "-" "Mozilla/5.0 (compatible; MJ12bot/v1.4.8; http://mj12bot.com/)"
5.9.66.153 - - [14/Dec/2020:05:52:26 +0100] "GET /disney-princess-tee-shirt-years-p-22043.html HTTP/1.0" 301 69259 "-" "Mozilla/5.0 (compatible; MJ12bot/v1.4.8; http://mj12bot.com/)"
5.9.66.153 - - [14/Dec/2020:05:52:28 +0100] "GET /-p-22043.html HTTP/1.0" 200 69192 "-" "Mozilla/5.0 (compatible; MJ12bot/v1.4.8; http://mj12bot.com/)"
5.9.66.153 - - [14/Dec/2020:05:52:29 +0100] "GET /disney-princess-tee-shirt-years-p-22045.html HTTP/1.0" 301 69259 "-" "Mozilla/5.0 (compatible; MJ12bot/v1.4.8; http://mj12bot.com/)"
5.9.66.153 - - [14/Dec/2020:05:52:31 +0100] "GET /-p-22045.html HTTP/1.0" 200 69192 "-" "Mozilla/5.0 (compatible; MJ12bot/v1.4.8; http://mj12bot.com/)"
5.9.66.153 - - [14/Dec/2020:05:52:33 +0100] "GET /disney-princess-toddler-flatware-set-p-25915.html HTTP/1.0" 301 69259 "-" "Mozilla/5.0 (compatible; MJ12bot/v1.4.8; http://mj12bot.com/)"
5.9.66.153 - - [14/Dec/2020:05:52:35 +0100] "GET /-p-25915.html HTTP/1.0" 200 69192 "-" "Mozilla/5.0 (compatible; MJ12bot/v1.4.8; http://mj12bot.com/)"
69.30.198.242 - - [14/Dec/2020:05:52:35 +0100] "GET /-p-27054.html HTTP/1.0" 200 69192 "-" "Mozilla/5.0 (compatible; MJ12bot/v1.4.8; http://mj12bot.com/)"
5.9.66.153 - - [14/Dec/2020:05:52:37 +0100] "GET /disney-princess-white-froufrou-swimsuit-size-years-p-24072.html HTTP/1.0" 301 69259 "-" "Mozilla/5.0 (compatible; MJ12bot/v1.4.8; http://mj12bot.com/)"
5.9.66.153 - - [14/Dec/2020:05:52:39 +0100] "GET /-p-24072.html HTTP/1.0" 200 69192 "-" "Mozilla/5.0 (compatible; MJ12bot/v1.4.8; http://mj12bot.com/)"
5.9.66.153 - - [14/Dec/2020:05:52:41 +0100] "GET /disney-princess-white-tee-shirt-p-30852.html HTTP/1.0" 301 69259 "-" "Mozilla/5.0 (compatible; MJ12bot/v1.4.8; http://mj12bot.com/)"
5.9.66.153 - - [14/Dec/2020:05:52:42 +0100] "GET /-p-30852.html HTTP/1.0" 200 69192 "-" "Mozilla/5.0 (compatible; MJ12bot/v1.4.8; http://mj12bot.com/)"
5.9.66.153 - - [14/Dec/2020:05:52:44 +0100] "GET /disney-princesses-pull-under-years-p-27134.html HTTP/1.0" 301 69259 "-" "Mozilla/5.0 (compatible; MJ12bot/v1.4.8; http://mj12bot.com/)"
5.9.66.153 - - [14/Dec/2020:05:52:46 +0100] "GET /-p-27134.html HTTP/1.0" 200 69192 "-" "Mozilla/5.0 (compatible; MJ12bot/v1.4.8; http://mj12bot.com/)"
5.9.66.153 - - [14/Dec/2020:05:52:48 +0100] "GET /disney-showcase-figurine-collection-aurora-as-briar-rose-p-39603.html HTTP/1.0" 301 69259 "-" "Mozilla/5.0 (compatible; MJ12bot/v1.4.8; http://mj12bot.com/)"
69.30.198.242 - - [14/Dec/2020:05:52:49 +0100] "GET /-p-27055.html HTTP/1.0" 200 69192 "-" "Mozilla/5.0 (compatible; MJ12bot/v1.4.8; http://mj12bot.com/)"
5.9.66.153 - - [14/Dec/2020:05:52:50 +0100] "GET /-p-39603.html HTTP/1.0" 200 69192 "-" "Mozilla/5.0 (compatible; MJ12bot/v1.4.8; http://mj12bot.com/)"
5.9.66.153 - - [14/Dec/2020:05:52:51 +0100] "GET /dixon-bedclothes-240-220-cm-p-39657.html HTTP/1.0" 301 69259 "-" "Mozilla/5.0 (compatible; MJ12bot/v1.4.8; http://mj12bot.com/)"
5.9.66.153 - - [14/Dec/2020:05:52:53 +0100] "GET /-p-39657.html HTTP/1.0" 200 69192 "-" "Mozilla/5.0 (compatible; MJ12bot/v1.4.8; http://mj12bot.com/)"
5.9.66.153 - - [14/Dec/2020:05:52:55 +0100] "GET /dledmv-classic-car-club-pencil-jar-p-35804.html HTTP/1.0" 301 69259 "-" "Mozilla/5.0 (compatible; MJ12bot/v1.4.8; http://mj12bot.com/)"
5.9.66.153 - - [14/Dec/2020:05:52:57 +0100] "GET /-p-35804.html HTTP/1.0" 200 69192 "-" "Mozilla/5.0 (compatible; MJ12bot/v1.4.8; http://mj12bot.com/)"
5.9.66.153 - - [14/Dec/2020:05:52:58 +0100] "GET /dledmv-driver-adult-cap-p-35796.html HTTP/1.0" 301 69259 "-" "Mozilla/5.0 (compatible; MJ12bot/v1.4.8; http://mj12bot.com/)"
5.9.66.153 - - [14/Dec/2020:05:53:00 +0100] "GET /-p-35796.html HTTP/1.0" 200 69192 "-" "Mozilla/5.0 (compatible; MJ12bot/v1.4.8; http://mj12bot.com/)"
69.30.198.242 - - [14/Dec/2020:05:53:02 +0100] "GET /-p-27056.html HTTP/1.0" 200 69192 "-" "Mozilla/5.0 (compatible; MJ12bot/v1.4.8; http://mj12bot.com/)"
5.9.66.153 - - [14/Dec/2020:05:53:02 +0100] "GET /dledmv-gentleman-racer-mouse-pad-p-35698.html HTTP/1.0" 301 69259 "-" "Mozilla/5.0 (compatible; MJ12bot/v1.4.8; http://mj12bot.com/)"
5.9.66.153 - - [14/Dec/2020:05:53:04 +0100] "GET /-p-35698.html HTTP/1.0" 200 69192 "-" "Mozilla/5.0 (compatible; MJ12bot/v1.4.8; http://mj12bot.com/)"
5.9.66.153 - - [14/Dec/2020:05:53:06 +0100] "GET /dledmv-logo-classic-mug-p-35597.html HTTP/1.0" 301 69259 "-" "Mozilla/5.0 (compatible; MJ12bot/v1.4.8; http://mj12bot.com/)"
207.46.13.175 - - [14/Dec/2020:05:53:06 +0100] "GET /hens-ceramic-butter-dish-p-51421.html HTTP/1.0" 200 69278 "-" "Mozilla/5.0 (compatible; bingbot/2.0; +http://www.bing.com/bingbot.htm)"
5.9.66.153 - - [14/Dec/2020:05:53:08 +0100] "GET /-p-35597.html HTTP/1.0" 200 69192 "-" "Mozilla/5.0 (compatible; MJ12bot/v1.4.8; http://mj12bot.com/)"
5.9.66.153 - - [14/Dec/2020:05:53:10 +0100] "GET /dledmv-logo-classic-mug-p-35609.html HTTP/1.0" 301 69259 "-" "Mozilla/5.0 (compatible; MJ12bot/v1.4.8; http://mj12bot.com/)"
5.9.66.153 - - [14/Dec/2020:05:53:12 +0100] "GET /-p-35609.html HTTP/1.0" 200 69192 "-" "Mozilla/5.0 (compatible; MJ12bot/v1.4.8; http://mj12bot.com/)"
5.9.66.153 - - [14/Dec/2020:05:53:14 +0100] "GET /dledmv-red-tee-shirt-p-35615.html HTTP/1.0" 301 69259 "-" "Mozilla/5.0 (compatible; MJ12bot/v1.4.8; http://mj12bot.com/)"
69.30.198.242 - - [14/Dec/2020:05:53:14 +0100] "GET /-p-27101.html HTTP/1.0" 200 69192 "-" "Mozilla/5.0 (compatible; MJ12bot/v1.4.8; http://mj12bot.com/)"
5.9.66.153 - - [14/Dec/2020:05:53:16 +0100] "GET /-p-35615.html HTTP/1.0" 200 69192 "-" "Mozilla/5.0 (compatible; MJ12bot/v1.4.8; http://mj12bot.com/)"
5.9.66.153 - - [14/Dec/2020:05:53:17 +0100] "GET /dledmv-slammed-classic-mug-p-35630.html HTTP/1.0" 301 69259 "-" "Mozilla/5.0 (compatible; MJ12bot/v1.4.8; http://mj12bot.com/)"
5.9.66.153 - - [14/Dec/2020:05:53:19 +0100] "GET /-p-35630.html HTTP/1.0" 200 69192 "-" "Mozilla/5.0 (compatible; MJ12bot/v1.4.8; http://mj12bot.com/)"
5.9.66.153 - - [14/Dec/2020:05:53:21 +0100] "GET /dledmv-slammed-pencil-jar-p-35693.html HTTP/1.0" 301 69259 "-" "Mozilla/5.0 (compatible; MJ12bot/v1.4.8; http://mj12bot.com/)"
5.9.66.153 - - [14/Dec/2020:05:53:23 +0100] "GET /-p-35693.html HTTP/1.0" 200 69192 "-" "Mozilla/5.0 (compatible; MJ12bot/v1.4.8; http://mj12bot.com/)"
114.119.147.45 - - [14/Dec/2020:05:53:24 +0100] "GET /images/mini_prod/3453131120906.jpg HTTP/1.0" 200 269 "-" "Mozilla/5.0 (Linux; Android 7.0;) AppleWebKit/537.36 (KHTML, like Gecko) Mobile Safari/537.36 (compatible; PetalBot;+https://aspiegel.com/petalbot)"
5.9.66.153 - - [14/Dec/2020:05:53:25 +0100] "GET /doc-mcstuffins-cushion-p-28164.html HTTP/1.0" 301 69259 "-" "Mozilla/5.0 (compatible; MJ12bot/v1.4.8; http://mj12bot.com/)"
5.9.66.153 - - [14/Dec/2020:05:53:27 +0100] "GET /-p-28164.html HTTP/1.0" 200 69192 "-" "Mozilla/5.0 (compatible; MJ12bot/v1.4.8; http://mj12bot.com/)"
5.9.66.153 - - [14/Dec/2020:05:53:28 +0100] "GET /dog-porcelain-lamp-32-cm-p-52753.html HTTP/1.0" 200 72564 "-" "Mozilla/5.0 (compatible; MJ12bot/v1.4.8; http://mj12bot.com/)"
69.30.198.242 - - [14/Dec/2020:05:53:29 +0100] "GET /-p-27125.html HTTP/1.0" 200 69192 "-" "Mozilla/5.0 (compatible; MJ12bot/v1.4.8; http://mj12bot.com/)"
5.9.66.153 - - [14/Dec/2020:05:53:30 +0100] "GET /doh-vinci-photo-tour-p-27709.html HTTP/1.0" 200 72310 "-" "Mozilla/5.0 (compatible; MJ12bot/v1.4.8; http://mj12bot.com/)"
