85.208.98.25 - - [14/Dec/2020:08:24:37 +0100] "HEAD / HTTP/1.0" 200 386 "-" "Mozilla/5.0 (compatible; SemrushBot; +http://www.semrush.com/bot.html)"
216.244.66.242 - - [14/Dec/2020:08:25:04 +0100] "GET /retro-sugar-bowl-p-39539.html HTTP/1.0" 200 69246 "-" "Mozilla/5.0 (compatible; DotBot/1.1; http://www.opensiteexplorer.org/dotbot, help@moz.com)"
216.244.66.242 - - [14/Dec/2020:08:25:11 +0100] "GET /creative-hobbies-and-coloring-c-129_30.html?page=5 HTTP/1.0" 200 77909 "-" "Mozilla/5.0 (compatible; DotBot/1.1; http://www.opensiteexplorer.org/dotbot, help@moz.com)"
54.36.148.83 - - [14/Dec/2020:08:26:04 +0100] "GET /purse-leather-purse-navy-anchor-graypurse-leather-wallet-p-47353.html HTTP/1.0" 200 73035 "-" "Mozilla/5.0 (compatible; AhrefsBot/7.0; +http://ahrefs.com/robot/)"
114.119.150.15 - - [14/Dec/2020:08:26:17 +0100] "GET /%20images/big_prod/1300000022330.jpg HTTP/1.0" 404 1308 "-" "Mozilla/5.0 (Linux; Android 7.0;) AppleWebKit/537.36 (KHTML, like Gecko) Mobile Safari/537.36 (compatible; PetalBot;+https://aspiegel.com/petalbot)"
17.58.101.145 - - [14/Dec/2020:08:27:54 +0100] "GET /iphone-black-shell-44s-with-personalized-picture-p-16338.html HTTP/1.0" 200 72291 "-" "Mozilla/5.0 (Macintosh; Intel Mac OS X 10_15_5) AppleWebKit/605.1.15 (KHTML, like Gecko) Version/13.1.1 Safari/605.1.15 (Applebot/0.1; +http://www.apple.com/go/applebot)"
5.255.231.71 - - [14/Dec/2020:08:28:37 +0100] "GET /images/1328399059485.jpg HTTP/1.0" 200 259 "-" "Mozilla/5.0 (compatible; YandexImages/3.0; +http://yandex.com/bots)"
54.36.148.226 - - [14/Dec/2020:08:28:40 +0100] "GET /specials.php?page=56 HTTP/1.0" 200 130301 "-" "Mozilla/5.0 (compatible; AhrefsBot/7.0; +http://ahrefs.com/robot/)"
207.46.13.49 - - [14/Dec/2020:08:29:00 +0100] "GET /images/big_prod/3453131154536.jpg HTTP/1.0" 200 268 "-" "Mozilla/5.0 (compatible; bingbot/2.0; +http://www.bing.com/bingbot.htm)"
54.36.148.225 - - [14/Dec/2020:08:29:21 +0100] "GET /dollars-strass-belt-wheel-mounted-on-leather-belt-p-33831.html HTTP/1.0" 301 69259 "-" "Mozilla/5.0 (compatible; AhrefsBot/7.0; +http://ahrefs.com/robot/)"
13.66.139.26 - - [14/Dec/2020:08:30:04 +0100] "GET /images/big_prod_1/3612875123547a.jpg HTTP/1.0" 200 271 "-" "Mozilla/5.0 (compatible; bingbot/2.0; +http://www.bing.com/bingbot.htm)"
114.119.154.200 - - [14/Dec/2020:08:30:42 +0100] "GET /hello-kitty-set-of-hair-clips-p-13576.html HTTP/1.0" 200 71976 "-" "Mozilla/5.0 (Linux; Android 7.0;) AppleWebKit/537.36 (KHTML, like Gecko) Mobile Safari/537.36 (compatible; PetalBot;+https://aspiegel.com/petalbot)"
207.46.13.48 - - [14/Dec/2020:08:31:06 +0100] "GET /images/big_prod/8422001017627.jpg HTTP/1.0" 200 268 "-" "Mozilla/5.0 (compatible; bingbot/2.0; +http://www.bing.com/bingbot.htm)"
157.55.39.59 - - [14/Dec/2020:08:31:14 +0100] "GET /winnie-the-pooh-coat-rack-p-18813.html HTTP/1.0" 301 69259 "-" "Mozilla/5.0 (compatible; bingbot/2.0; +http://www.bing.com/bingbot.htm)"
54.36.149.72 - - [14/Dec/2020:08:31:17 +0100] "GET /mirror-c-13_133.html?page=5 HTTP/1.0" 200 90884 "-" "Mozilla/5.0 (compatible; AhrefsBot/7.0; +http://ahrefs.com/robot/)"
66.249.70.62 - - [14/Dec/2020:08:31:55 +0100] "GET /wallet-c-31_237.html HTTP/1.0" 200 90633 "-" "Mozilla/5.0 (compatible; Googlebot/2.1; +http://www.google.com/bot.html)"
207.46.13.49 - - [14/Dec/2020:08:32:31 +0100] "GET /stone-carnelian-130-140-grams-p-46574.html HTTP/1.0" 200 73352 "-" "Mozilla/5.0 (compatible; bingbot/2.0; +http://www.bing.com/bingbot.htm)"
207.46.13.191 - - [14/Dec/2020:08:32:48 +0100] "GET /coin-purse-c-31_146.html HTTP/1.0" 301 68102 "-" "Mozilla/5.0 (compatible; bingbot/2.0; +http://www.bing.com/bingbot.htm)"
13.66.139.26 - - [14/Dec/2020:08:32:53 +0100] "GET /images/8421440012156.jpg HTTP/1.0" 200 259 "-" "Mozilla/5.0 (compatible; bingbot/2.0; +http://www.bing.com/bingbot.htm)"
13.66.139.26 - - [14/Dec/2020:08:32:53 +0100] "GET /images/5701359690298.jpg HTTP/1.0" 200 259 "-" "Mozilla/5.0 (compatible; bingbot/2.0; +http://www.bing.com/bingbot.htm)"
54.36.149.14 - - [14/Dec/2020:08:33:49 +0100] "GET /specials.php?page=57 HTTP/1.0" 200 129777 "-" "Mozilla/5.0 (compatible; AhrefsBot/7.0; +http://ahrefs.com/robot/)"
13.66.139.26 - - [14/Dec/2020:08:34:13 +0100] "GET /images/big_prod_2/c1384010203934.jpg HTTP/1.0" 200 271 "-" "Mozilla/5.0 (compatible; bingbot/2.0; +http://www.bing.com/bingbot.htm)"
220.181.108.84 - - [14/Dec/2020:08:34:17 +0100] "GET /statuette-hippopotamuses-in-resin-p-52584.html HTTP/1.0" 200 71960 "-" "Mozilla/5.0 (compatible; Baiduspider/2.0; +http://www.baidu.com/search/spider.html)"
220.181.108.113 - - [14/Dec/2020:08:34:17 +0100] "GET /resin-statuette-gymnast-on-the-world-50-cm-p-52838.html HTTP/1.0" 200 72044 "-" "Mozilla/5.0 (compatible; Baiduspider/2.0; +http://www.baidu.com/search/spider.html)"
116.179.32.219 - - [14/Dec/2020:08:34:18 +0100] "GET /resin-statuette-gymnast-on-the-world-39-cm-p-52840.html HTTP/1.0" 200 72046 "-" "Mozilla/5.0 (compatible; Baiduspider/2.0; +http://www.baidu.com/search/spider.html)"
116.179.32.201 - - [14/Dec/2020:08:34:18 +0100] "GET /animals-set-cups-espresso-p-53424.html HTTP/1.0" 200 71862 "-" "Mozilla/5.0 (compatible; Baiduspider/2.0; +http://www.baidu.com/search/spider.html)"
114.119.147.45 - - [14/Dec/2020:08:34:57 +0100] "GET /ferrari-towel-80-160-cm-p-39107.html HTTP/1.0" 200 69278 "-" "Mozilla/5.0 (Linux; Android 7.0;) AppleWebKit/537.36 (KHTML, like Gecko) Mobile Safari/537.36 (compatible; PetalBot;+https://aspiegel.com/petalbot)"
66.249.70.62 - - [14/Dec/2020:08:35:09 +0100] "GET /ads.txt HTTP/1.0" 404 1308 "-" "Mozilla/5.0 (compatible; Googlebot/2.1; +http://www.google.com/bot.html)"
54.36.148.127 - - [14/Dec/2020:08:36:36 +0100] "GET /pineapple-mirror-wall-sticker-p-48769.html HTTP/1.0" 200 71917 "-" "Mozilla/5.0 (compatible; AhrefsBot/7.0; +http://ahrefs.com/robot/)"
89.111.33.223 - - [14/Dec/2020:08:37:16 +0100] "GET /snowman-solar-powered-dancing-p-34143.html]Test HTTP/1.0" 301 609 "http://wonder-geek.com/snowman-solar-powered-dancing-p-34143.html]Test" "Mozilla/5.0 (Windows NT 6.1; Win64; x64) AppleWebKit/537.36 (KHTML, like Gecko) Chrome/83.0.4103.24 Safari/537.36 Edg/83.0.478.18"
89.111.33.223 - - [14/Dec/2020:08:37:16 +0100] "GET /snowman-solar-powered-dancing-p-34143.html%5dTest HTTP/1.0" 404 1308 "http://www.wonder-geek.com/snowman-solar-powered-dancing-p-34143.html%5dTest" "Mozilla/5.0 (Windows NT 6.1; Win64; x64) AppleWebKit/537.36 (KHTML, like Gecko) Chrome/83.0.4103.24 Safari/537.36 Edg/83.0.478.18"
89.111.33.223 - - [14/Dec/2020:08:37:16 +0100] "GET / HTTP/1.0" 301 511 "http://wonder-geek.com/" "Mozilla/5.0 (Windows NT 6.1; Win64; x64) AppleWebKit/537.36 (KHTML, like Gecko) Chrome/83.0.4103.24 Safari/537.36 Edg/83.0.478.18"
89.111.33.223 - - [14/Dec/2020:08:37:16 +0100] "GET / HTTP/1.0" 200 149994 "http://www.wonder-geek.com/" "Mozilla/5.0 (Windows NT 6.1; Win64; x64) AppleWebKit/537.36 (KHTML, like Gecko) Chrome/83.0.4103.24 Safari/537.36 Edg/83.0.478.18"
89.111.33.223 - - [14/Dec/2020:08:37:17 +0100] "GET /trivet-and-boards-cut-c-12_158.html HTTP/1.0" 200 93035 "http://www.wonder-geek.com/trivet-and-boards-cut-c-12_158.html" "Mozilla/5.0 (Windows NT 6.1; Win64; x64) AppleWebKit/537.36 (KHTML, like Gecko) Chrome/83.0.4103.24 Safari/537.36 Edg/83.0.478.18"
89.111.33.223 - - [14/Dec/2020:08:37:18 +0100] "GET /cardboard-boxes-and-storage-c-13_150_216.html HTTP/1.0" 200 77444 "http://www.wonder-geek.com/cardboard-boxes-and-storage-c-13_150_216.html" "Mozilla/5.0 (Windows NT 6.1; Win64; x64) AppleWebKit/537.36 (KHTML, like Gecko) Chrome/83.0.4103.24 Safari/537.36 Edg/83.0.478.18"
89.111.33.223 - - [14/Dec/2020:08:37:19 +0100] "GET /cushion-headboard-c-11_173.html HTTP/1.0" 200 88802 "http://www.wonder-geek.com/cushion-headboard-c-11_173.html" "Mozilla/5.0 (Windows NT 6.1; Win64; x64) AppleWebKit/537.36 (KHTML, like Gecko) Chrome/83.0.4103.24 Safari/537.36 Edg/83.0.478.18"
89.111.33.223 - - [14/Dec/2020:08:37:20 +0100] "GET /contact_us.php HTTP/1.0" 200 26241 "http://www.wonder-geek.com/contact_us.php" "Mozilla/5.0 (Windows NT 6.1; Win64; x64) AppleWebKit/537.36 (KHTML, like Gecko) Chrome/83.0.4103.24 Safari/537.36 Edg/83.0.478.18"
89.111.33.223 - - [14/Dec/2020:08:37:20 +0100] "POST /contact_us.php?action=send HTTP/1.0" 200 26563 "http://www.wonder-geek.com/contact_us.php" "Mozilla/5.0 (Windows NT 6.1; Win64; x64) AppleWebKit/537.36 (KHTML, like Gecko) Chrome/83.0.4103.24 Safari/537.36 Edg/83.0.478.18"
13.66.139.26 - - [14/Dec/2020:08:37:24 +0100] "GET /images/big_prod/1384010191767.jpg HTTP/1.0" 200 268 "-" "Mozilla/5.0 (compatible; bingbot/2.0; +http://www.bing.com/bingbot.htm)"
178.159.37.104 - - [14/Dec/2020:08:38:40 +0100] "GET /snowman-solar-powered-dancing-p-34143.html]Test HTTP/1.0" 301 609 "https://jobgirl24.ru/" "Mozilla/4.0 (compatible; MSIE 6.0; Windows NT 5.1; SV1; MRA 4.6 (build 01425); MRSPUTNIK 1, 5, 0, 19 SW)"
54.36.148.83 - - [14/Dec/2020:08:39:20 +0100] "GET /specials.php?page=58 HTTP/1.0" 200 129924 "-" "Mozilla/5.0 (compatible; AhrefsBot/7.0; +http://ahrefs.com/robot/)"
114.119.144.233 - - [14/Dec/2020:08:39:21 +0100] "GET /images/7601019993166.jpg HTTP/1.0" 200 259 "-" "Mozilla/5.0 (Linux; Android 7.0;) AppleWebKit/537.36 (KHTML, like Gecko) Mobile Safari/537.36 (compatible; PetalBot;+https://aspiegel.com/petalbot)"
5.255.231.71 - - [14/Dec/2020:08:39:26 +0100] "GET /robots.txt HTTP/1.0" 200 245 "-" "Mozilla/5.0 (compatible; YandexBot/3.0; +http://yandex.com/bots)"
5.255.231.71 - - [14/Dec/2020:08:39:30 +0100] "GET /images/big_prod/8435333849682.jpg HTTP/1.0" 200 268 "-" "Mozilla/5.0 (compatible; YandexImages/3.0; +http://yandex.com/bots)"
13.66.139.55 - - [14/Dec/2020:08:39:52 +0100] "GET /-p-29955.html HTTP/1.0" 200 69192 "-" "Mozilla/5.0 (compatible; bingbot/2.0; +http://www.bing.com/bingbot.htm)"
13.66.139.55 - - [14/Dec/2020:08:39:53 +0100] "GET /-p-18040.html HTTP/1.0" 200 69192 "-" "Mozilla/5.0 (compatible; bingbot/2.0; +http://www.bing.com/bingbot.htm)"
13.66.139.55 - - [14/Dec/2020:08:39:55 +0100] "GET /-p-30833.html HTTP/1.0" 200 69192 "-" "Mozilla/5.0 (compatible; bingbot/2.0; +http://www.bing.com/bingbot.htm)"
13.66.139.55 - - [14/Dec/2020:08:39:56 +0100] "GET /-m-236.html HTTP/1.0" 200 79325 "-" "Mozilla/5.0 (compatible; bingbot/2.0; +http://www.bing.com/bingbot.htm)"
13.66.139.55 - - [14/Dec/2020:08:39:57 +0100] "GET /images/med_prod/4029811336395.jpg HTTP/1.0" 200 268 "-" "Mozilla/5.0 (compatible; bingbot/2.0; +http://www.bing.com/bingbot.htm)"
13.66.139.55 - - [14/Dec/2020:08:39:58 +0100] "GET /images/big_prod/3503420115929.jpg HTTP/1.0" 200 268 "-" "Mozilla/5.0 (compatible; bingbot/2.0; +http://www.bing.com/bingbot.htm)"
13.66.139.55 - - [14/Dec/2020:08:39:59 +0100] "GET /images/big_prod/rayebleu.jpg HTTP/1.0" 200 263 "-" "Mozilla/5.0 (compatible; bingbot/2.0; +http://www.bing.com/bingbot.htm)"
13.66.139.55 - - [14/Dec/2020:08:39:59 +0100] "GET /images/3700057121808.jpg HTTP/1.0" 200 259 "-" "Mozilla/5.0 (compatible; bingbot/2.0; +http://www.bing.com/bingbot.htm)"
51.68.224.127 - - [14/Dec/2020:08:40:27 +0100] "GET /adminweb/export_orders_xml.php?token=256de2z6edz6ed2z6DFSFsed2zed6zeDSFDSGdzedezfzf&maxorders=10&orderstart=1&status=14&start_date=2018-10-01 HTTP/1.0" 200 285 "-" "GesCom CharlotteBoutik Serveur"
51.68.224.127 - - [14/Dec/2020:08:40:27 +0100] "GET /adminweb/export_orders_xml.php?token=256de2z6edz6ed2z6DFSFsed2zed6zeDSFDSGdzedezfzf&maxorders=10&orderstart=1&status=6&start_date=2018-10-01 HTTP/1.0" 200 30026 "-" "GesCom CharlotteBoutik Serveur"
157.55.39.59 - - [14/Dec/2020:08:41:45 +0100] "GET /images/1300010240427.jpg HTTP/1.0" 200 259 "-" "Mozilla/5.0 (compatible; bingbot/2.0; +http://www.bing.com/bingbot.htm)"
54.36.148.60 - - [14/Dec/2020:08:42:04 +0100] "GET /teo-jasmin-melamine-dish-cake-p-41623.html HTTP/1.0" 200 71878 "-" "Mozilla/5.0 (compatible; AhrefsBot/7.0; +http://ahrefs.com/robot/)"
157.55.39.59 - - [14/Dec/2020:08:42:23 +0100] "GET /images/big_prod/1345544890328.jpg HTTP/1.0" 200 268 "-" "Mozilla/5.0 (compatible; bingbot/2.0; +http://www.bing.com/bingbot.htm)"
13.66.139.26 - - [14/Dec/2020:08:42:27 +0100] "GET /images/3453131108515.jpg HTTP/1.0" 200 259 "-" "Mozilla/5.0 (compatible; bingbot/2.0; +http://www.bing.com/bingbot.htm)"
114.119.147.45 - - [14/Dec/2020:08:43:44 +0100] "GET /wax-melt-welcome-home-p-37445.html HTTP/1.0" 200 72422 "-" "Mozilla/5.0 (Linux; Android 7.0;) AppleWebKit/537.36 (KHTML, like Gecko) Mobile Safari/537.36 (compatible; PetalBot;+https://aspiegel.com/petalbot)"
54.36.149.88 - - [14/Dec/2020:08:44:42 +0100] "GET /specials.php?page=52 HTTP/1.0" 200 129751 "-" "Mozilla/5.0 (compatible; AhrefsBot/7.0; +http://ahrefs.com/robot/)"
207.46.13.48 - - [14/Dec/2020:08:46:17 +0100] "GET /images/8436047822152.jpg HTTP/1.0" 200 259 "-" "Mozilla/5.0 (compatible; bingbot/2.0; +http://www.bing.com/bingbot.htm)"
54.36.148.207 - - [14/Dec/2020:08:47:10 +0100] "GET /mister-men-black-reporter-bag-p-3314.html HTTP/1.0" 200 72069 "-" "Mozilla/5.0 (compatible; AhrefsBot/7.0; +http://ahrefs.com/robot/)"
66.249.70.33 - - [14/Dec/2020:08:47:20 +0100] "GET /beyblade-great-blue-alarm-clock-p-16690.html HTTP/1.0" 301 69259 "-" "Mozilla/5.0 (Linux; Android 6.0.1; Nexus 5X Build/MMB29P) AppleWebKit/537.36 (KHTML, like Gecko) Chrome/87.0.4280.90 Mobile Safari/537.36 (compatible; Googlebot/2.1; +http://www.google.com/bot.html)"
66.249.70.62 - - [14/Dec/2020:08:47:21 +0100] "GET /-p-16690.html HTTP/1.0" 200 69192 "-" "Mozilla/5.0 (Linux; Android 6.0.1; Nexus 5X Build/MMB29P) AppleWebKit/537.36 (KHTML, like Gecko) Chrome/87.0.4280.90 Mobile Safari/537.36 (compatible; Googlebot/2.1; +http://www.google.com/bot.html)"
207.46.13.175 - - [14/Dec/2020:08:47:23 +0100] "GET /images/mini_prod/8480613638005.jpg HTTP/1.0" 200 269 "-" "Mozilla/5.0 (compatible; bingbot/2.0; +http://www.bing.com/bingbot.htm)"
207.46.13.48 - - [14/Dec/2020:08:47:28 +0100] "GET /images/big_prod/3418179830019.jpg HTTP/1.0" 200 268 "-" "Mozilla/5.0 (compatible; bingbot/2.0; +http://www.bing.com/bingbot.htm)"
114.119.129.36 - - [14/Dec/2020:08:48:07 +0100] "GET /images/mini_prod/4250255859236.jpg HTTP/1.0" 200 269 "-" "Mozilla/5.0 (Linux; Android 7.0;) AppleWebKit/537.36 (KHTML, like Gecko) Mobile Safari/537.36 (compatible; PetalBot;+https://aspiegel.com/petalbot)"
157.55.39.179 - - [14/Dec/2020:08:48:17 +0100] "GET /-p-1928.html HTTP/1.0" 200 69190 "-" "Mozilla/5.0 (compatible; bingbot/2.0; +http://www.bing.com/bingbot.htm)"
207.46.13.49 - - [14/Dec/2020:08:48:22 +0100] "GET /christmas-spirit-hot-water-bottle-p-52607.html HTTP/1.0" 200 71905 "-" "Mozilla/5.0 (compatible; bingbot/2.0; +http://www.bing.com/bingbot.htm)"
13.66.139.26 - - [14/Dec/2020:08:48:27 +0100] "GET /-p-29890.html HTTP/1.0" 200 69192 "-" "Mozilla/5.0 (compatible; bingbot/2.0; +http://www.bing.com/bingbot.htm)"
13.66.139.26 - - [14/Dec/2020:08:48:28 +0100] "GET /images/big_prod/8499132033246.jpg HTTP/1.0" 200 268 "-" "Mozilla/5.0 (compatible; bingbot/2.0; +http://www.bing.com/bingbot.htm)"
13.66.139.26 - - [14/Dec/2020:08:48:29 +0100] "GET /images/med_prod/1384010181188.jpg HTTP/1.0" 200 268 "-" "Mozilla/5.0 (compatible; bingbot/2.0; +http://www.bing.com/bingbot.htm)"
207.46.13.175 - - [14/Dec/2020:08:48:54 +0100] "GET /images/big_prod_3/diffuseurgalet.jpg HTTP/1.0" 200 271 "-" "Mozilla/5.0 (compatible; bingbot/2.0; +http://www.bing.com/bingbot.htm)"
207.46.13.175 - - [14/Dec/2020:08:48:56 +0100] "GET /images/big_prod/3574642563072.jpg HTTP/1.0" 200 268 "-" "Mozilla/5.0 (compatible; bingbot/2.0; +http://www.bing.com/bingbot.htm)"
54.36.149.102 - - [14/Dec/2020:08:49:39 +0100] "GET /cat-peg-kitchen-support-p-40859.html HTTP/1.0" 200 72058 "-" "Mozilla/5.0 (compatible; AhrefsBot/7.0; +http://ahrefs.com/robot/)"
207.46.13.191 - - [14/Dec/2020:08:50:01 +0100] "GET /-p-26693.html HTTP/1.0" 200 69192 "-" "Mozilla/5.0 (compatible; bingbot/2.0; +http://www.bing.com/bingbot.htm)"
66.249.70.62 - - [14/Dec/2020:08:50:24 +0100] "GET /desk-blotter-c-129_190.html HTTP/1.0" 200 74682 "-" "Mozilla/5.0 (Linux; Android 6.0.1; Nexus 5X Build/MMB29P) AppleWebKit/537.36 (KHTML, like Gecko) Chrome/87.0.4280.90 Mobile Safari/537.36 (compatible; Googlebot/2.1; +http://www.google.com/bot.html)"
5.255.231.71 - - [14/Dec/2020:08:50:30 +0100] "GET /images/med_prod/5036278049675.jpg HTTP/1.0" 200 268 "-" "Mozilla/5.0 (compatible; YandexImages/3.0; +http://yandex.com/bots)"
17.58.101.145 - - [14/Dec/2020:08:51:11 +0100] "GET /acdc-covers-poster-p-36700.html HTTP/1.0" 200 71821 "-" "Mozilla/5.0 (Macintosh; Intel Mac OS X 10_15_5) AppleWebKit/605.1.15 (KHTML, like Gecko) Version/13.1.1 Safari/605.1.15 (Applebot/0.1; +http://www.apple.com/go/applebot)"
54.36.148.77 - - [14/Dec/2020:08:52:11 +0100] "GET /cats-by-dubout-pie-dish-p-42361.html HTTP/1.0" 200 71822 "-" "Mozilla/5.0 (compatible; AhrefsBot/7.0; +http://ahrefs.com/robot/)"
54.36.149.54 - - [14/Dec/2020:08:52:16 +0100] "GET /yoga-strap-ring-black-cotton-p-46541.html HTTP/1.0" 301 69259 "-" "Mozilla/5.0 (compatible; AhrefsBot/7.0; +http://ahrefs.com/robot/)"
17.58.101.145 - - [14/Dec/2020:08:52:25 +0100] "GET /cotton-bed-base-cover-140-190-cm-canon-de-fusil-p-44227.html HTTP/1.0" 200 72044 "-" "Mozilla/5.0 (Macintosh; Intel Mac OS X 10_15_5) AppleWebKit/605.1.15 (KHTML, like Gecko) Version/13.1.1 Safari/605.1.15 (Applebot/0.1; +http://www.apple.com/go/applebot)"
114.119.144.233 - - [14/Dec/2020:08:52:29 +0100] "GET /images/big_prod/8719497613823.jpg HTTP/1.0" 200 268 "-" "Mozilla/5.0 (Linux; Android 7.0;) AppleWebKit/537.36 (KHTML, like Gecko) Mobile Safari/537.36 (compatible; PetalBot;+https://aspiegel.com/petalbot)"
207.46.13.49 - - [14/Dec/2020:08:53:33 +0100] "GET /images/big_prod_1/b8719497610594.jpg HTTP/1.0" 200 271 "-" "Mozilla/5.0 (compatible; bingbot/2.0; +http://www.bing.com/bingbot.htm)"
207.46.13.49 - - [14/Dec/2020:08:53:34 +0100] "GET /the-little-prince-of-saint-exupery-wall-decoration-19-19-cm-p-45843.html HTTP/1.0" 200 72184 "-" "Mozilla/5.0 (compatible; bingbot/2.0; +http://www.bing.com/bingbot.htm)"
157.55.39.45 - - [14/Dec/2020:08:53:36 +0100] "GET /robots.txt HTTP/1.0" 200 245 "-" "Mozilla/5.0 (compatible; bingbot/2.0; +http://www.bing.com/bingbot.htm)"
207.46.13.175 - - [14/Dec/2020:08:53:38 +0100] "GET /-p-41810.html HTTP/1.0" 200 69192 "-" "Mozilla/5.0 (compatible; bingbot/2.0; +http://www.bing.com/bingbot.htm)"
66.249.70.62 - - [14/Dec/2020:08:53:47 +0100] "GET /coca-cola-deco-lamp-p-27152.html HTTP/1.0" 301 69259 "-" "Mozilla/5.0 (Linux; Android 6.0.1; Nexus 5X Build/MMB29P) AppleWebKit/537.36 (KHTML, like Gecko) Chrome/87.0.4280.90 Mobile Safari/537.36 (compatible; Googlebot/2.1; +http://www.google.com/bot.html)"
66.249.70.36 - - [14/Dec/2020:08:53:48 +0100] "GET /-p-27152.html HTTP/1.0" 200 69192 "-" "Mozilla/5.0 (Linux; Android 6.0.1; Nexus 5X Build/MMB29P) AppleWebKit/537.36 (KHTML, like Gecko) Chrome/87.0.4280.90 Mobile Safari/537.36 (compatible; Googlebot/2.1; +http://www.google.com/bot.html)"
207.46.13.175 - - [14/Dec/2020:08:54:03 +0100] "GET /images/DSCN3388.jpg HTTP/1.0" 200 254 "-" "Mozilla/5.0 (compatible; bingbot/2.0; +http://www.bing.com/bingbot.htm)"
207.46.13.175 - - [14/Dec/2020:08:54:04 +0100] "GET /beatles-box-p-8311.html HTTP/1.0" 200 71835 "-" "Mozilla/5.0 (compatible; bingbot/2.0; +http://www.bing.com/bingbot.htm)"
66.249.70.33 - - [14/Dec/2020:08:54:04 +0100] "GET /set-of-black-mustache-circle-coasters-by-cbkreation-p-16702.html HTTP/1.0" 200 72193 "-" "Mozilla/5.0 (Linux; Android 6.0.1; Nexus 5X Build/MMB29P) AppleWebKit/537.36 (KHTML, like Gecko) Chrome/87.0.4280.90 Mobile Safari/537.36 (compatible; Googlebot/2.1; +http://www.google.com/bot.html)"
54.36.148.83 - - [14/Dec/2020:08:54:47 +0100] "GET /small-cool-bag-lunch-box-24-15-15-cm-blue-p-44328.html HTTP/1.0" 200 72066 "-" "Mozilla/5.0 (compatible; AhrefsBot/7.0; +http://ahrefs.com/robot/)"
157.55.39.184 - - [14/Dec/2020:08:54:54 +0100] "GET /images/big_prod_4/4260082935607.jpg HTTP/1.0" 200 270 "-" "Mozilla/5.0 (compatible; bingbot/2.0; +http://www.bing.com/bingbot.htm)"
157.55.39.184 - - [14/Dec/2020:08:54:56 +0100] "GET /images/big_prod/1399986102808.jpg HTTP/1.0" 200 268 "-" "Mozilla/5.0 (compatible; bingbot/2.0; +http://www.bing.com/bingbot.htm)"
157.55.39.184 - - [14/Dec/2020:08:54:56 +0100] "GET /images/med_prod/6942138911398.jpg HTTP/1.0" 200 268 "-" "Mozilla/5.0 (compatible; bingbot/2.0; +http://www.bing.com/bingbot.htm)"
157.55.39.184 - - [14/Dec/2020:08:54:56 +0100] "GET /pepe-jeans-leather-wallet-brown-p-38142.html HTTP/1.0" 200 69344 "-" "Mozilla/5.0 (compatible; bingbot/2.0; +http://www.bing.com/bingbot.htm)"
66.249.70.36 - - [14/Dec/2020:08:55:36 +0100] "GET /images/MISES-EN-SITUATION-STACH-20.jpg HTTP/1.0" 200 273 "-" "Googlebot-Image/1.0"
216.244.66.242 - - [14/Dec/2020:08:56:02 +0100] "GET /robots.txt HTTP/1.0" 200 245 "-" "Mozilla/5.0 (compatible; DotBot/1.1; http://www.opensiteexplorer.org/dotbot, help@moz.com)"
13.66.139.26 - - [14/Dec/2020:08:56:15 +0100] "GET /images/12472.jpg HTTP/1.0" 200 251 "-" "Mozilla/5.0 (compatible; bingbot/2.0; +http://www.bing.com/bingbot.htm)"
13.66.139.26 - - [14/Dec/2020:08:56:15 +0100] "GET /images/big_prod/3574645763509.jpg HTTP/1.0" 200 268 "-" "Mozilla/5.0 (compatible; bingbot/2.0; +http://www.bing.com/bingbot.htm)"
51.68.224.127 - - [14/Dec/2020:08:56:31 +0100] "GET /adminweb/export_orders_xml.php?token=256de2z6edz6ed2z6DFSFsed2zed6zeDSFDSGdzedezfzf&maxorders=10&orderstart=1&status=14&start_date=2018-10-01 HTTP/1.0" 200 285 "-" "GesCom CharlotteBoutik Serveur"
51.68.224.127 - - [14/Dec/2020:08:56:31 +0100] "GET /adminweb/export_orders_xml.php?token=256de2z6edz6ed2z6DFSFsed2zed6zeDSFDSGdzedezfzf&maxorders=10&orderstart=1&status=6&start_date=2018-10-01 HTTP/1.0" 200 30026 "-" "GesCom CharlotteBoutik Serveur"
114.119.144.233 - - [14/Dec/2020:08:56:52 +0100] "GET /images/mini_prod/3700516219367.jpg HTTP/1.0" 200 269 "-" "Mozilla/5.0 (Linux; Android 7.0;) AppleWebKit/537.36 (KHTML, like Gecko) Mobile Safari/537.36 (compatible; PetalBot;+https://aspiegel.com/petalbot)"
207.46.13.175 - - [14/Dec/2020:08:57:04 +0100] "GET /images/med_prod/1384010177785.jpg HTTP/1.0" 200 268 "-" "Mozilla/5.0 (compatible; bingbot/2.0; +http://www.bing.com/bingbot.htm)"
54.36.148.21 - - [14/Dec/2020:08:57:32 +0100] "GET /kimmidoll-love-bonbon-earrings-p-21704.html HTTP/1.0" 200 71884 "-" "Mozilla/5.0 (compatible; AhrefsBot/7.0; +http://ahrefs.com/robot/)"
54.36.148.205 - - [14/Dec/2020:09:00:10 +0100] "GET /masala-white-sage-incense-p-51487.html HTTP/1.0" 200 71968 "-" "Mozilla/5.0 (compatible; AhrefsBot/7.0; +http://ahrefs.com/robot/)"
13.66.139.26 - - [14/Dec/2020:09:01:16 +0100] "GET /images/london.jpg HTTP/1.0" 200 252 "-" "Mozilla/5.0 (compatible; bingbot/2.0; +http://www.bing.com/bingbot.htm)"
114.119.147.45 - - [14/Dec/2020:09:01:20 +0100] "GET /le-chat-noir-theophile-alexandre-steinlen-candle-holder-p-38935.html HTTP/1.0" 200 72183 "-" "Mozilla/5.0 (Linux; Android 7.0;) AppleWebKit/537.36 (KHTML, like Gecko) Mobile Safari/537.36 (compatible; PetalBot;+https://aspiegel.com/petalbot)"
114.119.154.200 - - [14/Dec/2020:09:01:26 +0100] "GET /le-chat-noir-theophile-alexandre-steinlen-candle-holder-p-38935.html HTTP/1.0" 200 72183 "-" "Mozilla/5.0 (Linux; Android 7.0;) AppleWebKit/537.36 (KHTML, like Gecko) Mobile Safari/537.36 (compatible; PetalBot;+https://aspiegel.com/petalbot)"
157.55.39.59 - - [14/Dec/2020:09:02:11 +0100] "GET /images/A84360429032013.jpg HTTP/1.0" 200 261 "-" "Mozilla/5.0 (compatible; bingbot/2.0; +http://www.bing.com/bingbot.htm)"
5.255.231.71 - - [14/Dec/2020:09:02:39 +0100] "GET /images/big_prod/4036113222264.jpg HTTP/1.0" 200 268 "-" "Mozilla/5.0 (compatible; YandexImages/3.0; +http://yandex.com/bots)"
54.36.148.83 - - [14/Dec/2020:09:02:47 +0100] "GET /small-cool-bag-lunch-box-24-15-15-cm-pink-p-44327.html HTTP/1.0" 200 72066 "-" "Mozilla/5.0 (compatible; AhrefsBot/7.0; +http://ahrefs.com/robot/)"
207.46.13.49 - - [14/Dec/2020:09:04:35 +0100] "GET /images/mini_prod/7601019990516PO.jpg HTTP/1.0" 200 271 "-" "Mozilla/5.0 (compatible; bingbot/2.0; +http://www.bing.com/bingbot.htm)"
114.119.150.15 - - [14/Dec/2020:09:05:29 +0100] "GET /despicable-me-puzzle-45-pieces-p-27685.html HTTP/1.0" 200 69302 "-" "Mozilla/5.0 (Linux; Android 7.0;) AppleWebKit/537.36 (KHTML, like Gecko) Mobile Safari/537.36 (compatible; PetalBot;+https://aspiegel.com/petalbot)"
54.36.148.215 - - [14/Dec/2020:09:05:25 +0100] "GET /dishes-c-12.html?page=93 HTTP/1.0" 200 90910 "-" "Mozilla/5.0 (compatible; AhrefsBot/7.0; +http://ahrefs.com/robot/)"
17.58.101.145 - - [14/Dec/2020:09:05:35 +0100] "GET /provence-kitchen-towels-45-60-cm-p-44528.html HTTP/1.0" 200 71909 "-" "Mozilla/5.0 (Macintosh; Intel Mac OS X 10_15_5) AppleWebKit/605.1.15 (KHTML, like Gecko) Version/13.1.1 Safari/605.1.15 (Applebot/0.1; +http://www.apple.com/go/applebot)"
207.46.13.48 - - [14/Dec/2020:09:05:40 +0100] "GET /images/big_prod/8717318173891.jpg HTTP/1.0" 200 268 "-" "Mozilla/5.0 (compatible; bingbot/2.0; +http://www.bing.com/bingbot.htm)"
157.55.39.82 - - [14/Dec/2020:09:07:38 +0100] "GET /images/big_prod/8424346254552.jpg HTTP/1.0" 200 268 "-" "Mozilla/5.0 (compatible; bingbot/2.0; +http://www.bing.com/bingbot.htm)"
13.66.139.26 - - [14/Dec/2020:09:07:56 +0100] "GET /images/big_prod/8422011475578.jpg HTTP/1.0" 200 268 "-" "Mozilla/5.0 (compatible; bingbot/2.0; +http://www.bing.com/bingbot.htm)"
54.36.148.142 - - [14/Dec/2020:09:08:05 +0100] "GET /rococo-retro-phone-p-37502.html HTTP/1.0" 200 72009 "-" "Mozilla/5.0 (compatible; AhrefsBot/7.0; +http://ahrefs.com/robot/)"
157.55.39.179 - - [14/Dec/2020:09:08:42 +0100] "GET /images/big_prod/3700653511607.jpg HTTP/1.0" 200 268 "-" "Mozilla/5.0 (compatible; bingbot/2.0; +http://www.bing.com/bingbot.htm)"
77.75.76.167 - - [14/Dec/2020:09:08:54 +0100] "GET /robots.txt HTTP/1.0" 200 245 "-" "Mozilla/5.0 (compatible; SeznamBot/3.2; +http://napoveda.seznam.cz/en/seznambot-intro/)"
77.75.76.167 - - [14/Dec/2020:09:08:55 +0100] "GET /images/mini_prod/3609810096356.jpg HTTP/1.0" 200 269 "-" "Mozilla/5.0 (compatible; SeznamBot/3.2; +http://napoveda.seznam.cz/en/seznambot-intro/)"
77.75.76.167 - - [14/Dec/2020:09:08:55 +0100] "GET /watercolour-palette-p-16662.html HTTP/1.0" 200 69258 "-" "Mozilla/5.0 (compatible; SeznamBot/3.2; +http://napoveda.seznam.cz/en/seznambot-intro/)"
13.66.139.26 - - [14/Dec/2020:09:09:16 +0100] "GET /images/big_prod/1341689137205.jpg HTTP/1.0" 200 268 "-" "Mozilla/5.0 (compatible; bingbot/2.0; +http://www.bing.com/bingbot.htm)"
114.119.144.233 - - [14/Dec/2020:09:09:53 +0100] "GET /boys-power-small-mug-by-cbkreation-p-14991.html HTTP/1.0" 200 71936 "-" "Mozilla/5.0 (Linux; Android 7.0;) AppleWebKit/537.36 (KHTML, like Gecko) Mobile Safari/537.36 (compatible; PetalBot;+https://aspiegel.com/petalbot)"
13.66.139.26 - - [14/Dec/2020:09:10:16 +0100] "GET /index.php HTTP/1.0" 200 149804 "-" "Mozilla/5.0 (compatible; bingbot/2.0; +http://www.bing.com/bingbot.htm)"
54.36.148.29 - - [14/Dec/2020:09:10:29 +0100] "GET /rococo-retro-phone-p-37503.html HTTP/1.0" 200 72009 "-" "Mozilla/5.0 (compatible; AhrefsBot/7.0; +http://ahrefs.com/robot/)"
216.244.66.242 - - [14/Dec/2020:09:10:43 +0100] "GET /mugs-and-mazagrans-c-12_57.html?page=1 HTTP/1.0" 200 96001 "-" "Mozilla/5.0 (compatible; DotBot/1.1; http://www.opensiteexplorer.org/dotbot, help@moz.com)"
216.244.66.242 - - [14/Dec/2020:09:12:32 +0100] "GET /gift-box-watch-vespa-red-women-and-keychain-p-18599.html HTTP/1.0" 200 72224 "-" "Mozilla/5.0 (compatible; DotBot/1.1; http://www.opensiteexplorer.org/dotbot, help@moz.com)"
207.46.13.175 - - [14/Dec/2020:09:12:36 +0100] "GET /games-and-toys/figures/daffy-duck-figure-p-3620.html HTTP/1.0" 301 69331 "-" "Mozilla/5.0 (compatible; bingbot/2.0; +http://www.bing.com/bingbot.htm)"
207.46.13.191 - - [14/Dec/2020:09:12:53 +0100] "GET /images/big_prod/1399980107908.jpg HTTP/1.0" 200 268 "-" "Mozilla/5.0 (compatible; bingbot/2.0; +http://www.bing.com/bingbot.htm)"
216.244.66.242 - - [14/Dec/2020:09:13:02 +0100] "GET /pill-box-lavande-p-51388.html HTTP/1.0" 200 72540 "-" "Mozilla/5.0 (compatible; DotBot/1.1; http://www.opensiteexplorer.org/dotbot, help@moz.com)"
54.36.148.149 - - [14/Dec/2020:09:12:58 +0100] "GET /dishes-c-12.html?page=104 HTTP/1.0" 200 91123 "-" "Mozilla/5.0 (compatible; AhrefsBot/7.0; +http://ahrefs.com/robot/)"
13.66.139.26 - - [14/Dec/2020:09:13:17 +0100] "GET /images/med_prod/N5055071707735.jpg HTTP/1.0" 200 269 "-" "Mozilla/5.0 (compatible; bingbot/2.0; +http://www.bing.com/bingbot.htm)"
216.244.66.242 - - [14/Dec/2020:09:13:41 +0100] "GET /wolf-fur-plaid-130-170-cm-p-45936.html HTTP/1.0" 200 71904 "-" "Mozilla/5.0 (compatible; DotBot/1.1; http://www.opensiteexplorer.org/dotbot, help@moz.com)"
51.68.224.127 - - [14/Dec/2020:09:13:44 +0100] "GET /adminweb/export_orders_xml.php?token=256de2z6edz6ed2z6DFSFsed2zed6zeDSFDSGdzedezfzf&maxorders=10&orderstart=1&status=14&start_date=2018-10-01 HTTP/1.0" 200 285 "-" "GesCom CharlotteBoutik Serveur"
51.68.224.127 - - [14/Dec/2020:09:13:44 +0100] "GET /adminweb/export_orders_xml.php?token=256de2z6edz6ed2z6DFSFsed2zed6zeDSFDSGdzedezfzf&maxorders=10&orderstart=1&status=6&start_date=2018-10-01 HTTP/1.0" 200 30026 "-" "GesCom CharlotteBoutik Serveur"
13.66.139.26 - - [14/Dec/2020:09:14:08 +0100] "GET /images/big_prod_2/8719497611546b.jpg HTTP/1.0" 200 271 "-" "Mozilla/5.0 (compatible; bingbot/2.0; +http://www.bing.com/bingbot.htm)"
13.66.139.26 - - [14/Dec/2020:09:14:09 +0100] "GET /images/big_prod/1384010202890.jpg HTTP/1.0" 200 268 "-" "Mozilla/5.0 (compatible; bingbot/2.0; +http://www.bing.com/bingbot.htm)"
216.244.66.242 - - [14/Dec/2020:09:14:11 +0100] "GET /large-cabas-p-41411.html HTTP/1.0" 200 71794 "-" "Mozilla/5.0 (compatible; DotBot/1.1; http://www.opensiteexplorer.org/dotbot, help@moz.com)"
114.119.147.45 - - [14/Dec/2020:09:14:18 +0100] "GET /it-your-party-by-michelle-allen-teapot-and-cup-p-38167.html HTTP/1.0" 301 69259 "-" "Mozilla/5.0 (Linux; Android 7.0;) AppleWebKit/537.36 (KHTML, like Gecko) Mobile Safari/537.36 (compatible; PetalBot;+https://aspiegel.com/petalbot)"
114.119.147.45 - - [14/Dec/2020:09:14:19 +0100] "GET /-p-38167.html HTTP/1.0" 200 69192 "-" "Mozilla/5.0 (Linux; Android 7.0;) AppleWebKit/537.36 (KHTML, like Gecko) Mobile Safari/537.36 (compatible; PetalBot;+https://aspiegel.com/petalbot)"
185.191.171.16 - - [14/Dec/2020:09:14:34 +0100] "GET /robots.txt HTTP/1.0" 200 245 "-" "Mozilla/5.0 (compatible; SemrushBot/7~bl; +http://www.semrush.com/bot.html)"
185.191.171.18 - - [14/Dec/2020:09:14:35 +0100] "GET /-p-42302.html?action=add_product HTTP/1.0" 302 476 "-" "Mozilla/5.0 (compatible; SemrushBot/7~bl; +http://www.semrush.com/bot.html)"
13.66.139.26 - - [14/Dec/2020:09:14:38 +0100] "GET /images/big_prod_1/3612875124827a.jpg HTTP/1.0" 200 271 "-" "Mozilla/5.0 (compatible; bingbot/2.0; +http://www.bing.com/bingbot.htm)"
157.55.39.82 - - [14/Dec/2020:09:14:42 +0100] "GET /images/big_prod/8409810063779.jpg HTTP/1.0" 200 268 "-" "Mozilla/5.0 (compatible; bingbot/2.0; +http://www.bing.com/bingbot.htm)"
216.244.66.242 - - [14/Dec/2020:09:14:43 +0100] "GET /kimmidoll-keyring-michi-p-49773.html HTTP/1.0" 200 71848 "-" "Mozilla/5.0 (compatible; DotBot/1.1; http://www.opensiteexplorer.org/dotbot, help@moz.com)"
13.66.139.26 - - [14/Dec/2020:09:15:00 +0100] "GET /images/big_prod_1/4029811409051B.jpg HTTP/1.0" 200 271 "-" "Mozilla/5.0 (compatible; bingbot/2.0; +http://www.bing.com/bingbot.htm)"
216.244.66.242 - - [14/Dec/2020:09:15:12 +0100] "GET /sixtine-plaid-180-130-cm-p-51299.html HTTP/1.0" 200 71937 "-" "Mozilla/5.0 (compatible; DotBot/1.1; http://www.opensiteexplorer.org/dotbot, help@moz.com)"
207.46.13.175 - - [14/Dec/2020:09:15:26 +0100] "GET /images/3521320806334.jpg HTTP/1.0" 200 259 "-" "Mozilla/5.0 (compatible; bingbot/2.0; +http://www.bing.com/bingbot.htm)"
54.36.149.73 - - [14/Dec/2020:09:15:27 +0100] "GET /sommelier-accessories-box-p-46564.html HTTP/1.0" 200 72651 "-" "Mozilla/5.0 (compatible; AhrefsBot/7.0; +http://ahrefs.com/robot/)"
216.244.66.242 - - [14/Dec/2020:09:15:39 +0100] "GET /britain-mug-p-28662.html HTTP/1.0" 200 71697 "-" "Mozilla/5.0 (compatible; DotBot/1.1; http://www.opensiteexplorer.org/dotbot, help@moz.com)"
216.244.66.242 - - [14/Dec/2020:09:16:06 +0100] "GET /cats-by-dubout-trivet-p-27383.html HTTP/1.0" 200 71785 "-" "Mozilla/5.0 (compatible; DotBot/1.1; http://www.opensiteexplorer.org/dotbot, help@moz.com)"
216.244.66.242 - - [14/Dec/2020:09:16:31 +0100] "GET /shoulder-bag-by-teo-jasmin-p-44216.html HTTP/1.0" 200 72720 "-" "Mozilla/5.0 (compatible; DotBot/1.1; http://www.opensiteexplorer.org/dotbot, help@moz.com)"
216.244.66.242 - - [14/Dec/2020:09:16:55 +0100] "GET /clock-dreaming-making-round-wooden-28-cm-p-47340.html HTTP/1.0" 301 69259 "-" "Mozilla/5.0 (compatible; DotBot/1.1; http://www.opensiteexplorer.org/dotbot, help@moz.com)"
216.244.66.242 - - [14/Dec/2020:09:17:20 +0100] "GET /fairies-backpack-p-19685.html HTTP/1.0" 200 71803 "-" "Mozilla/5.0 (compatible; DotBot/1.1; http://www.opensiteexplorer.org/dotbot, help@moz.com)"
207.46.13.191 - - [14/Dec/2020:09:17:34 +0100] "GET /images/big_prod/3612875117287.jpg HTTP/1.0" 200 268 "-" "Mozilla/5.0 (compatible; bingbot/2.0; +http://www.bing.com/bingbot.htm)"
216.244.66.242 - - [14/Dec/2020:09:17:42 +0100] "GET /princess-night-light-p-29409.html HTTP/1.0" 200 71988 "-" "Mozilla/5.0 (compatible; DotBot/1.1; http://www.opensiteexplorer.org/dotbot, help@moz.com)"
54.36.148.217 - - [14/Dec/2020:09:17:53 +0100] "GET /dishes-c-12.html?page=94 HTTP/1.0" 200 90839 "-" "Mozilla/5.0 (compatible; AhrefsBot/7.0; +http://ahrefs.com/robot/)"
216.244.66.242 - - [14/Dec/2020:09:18:03 +0100] "GET /volkswagen-bully-metal-plate-30-20-cm-p-37151.html HTTP/1.0" 200 72057 "-" "Mozilla/5.0 (compatible; DotBot/1.1; http://www.opensiteexplorer.org/dotbot, help@moz.com)"
207.46.13.48 - - [14/Dec/2020:09:18:22 +0100] "GET /images/8003990615911.jpg HTTP/1.0" 200 259 "-" "Mozilla/5.0 (compatible; bingbot/2.0; +http://www.bing.com/bingbot.htm)"
216.244.66.242 - - [14/Dec/2020:09:18:23 +0100] "GET /zen-canvas-frame-40-40-cm-p-38504.html HTTP/1.0" 200 71931 "-" "Mozilla/5.0 (compatible; DotBot/1.1; http://www.opensiteexplorer.org/dotbot, help@moz.com)"
207.46.13.175 - - [14/Dec/2020:09:18:27 +0100] "GET /-p-17485.html HTTP/1.0" 200 69192 "-" "Mozilla/5.0 (compatible; bingbot/2.0; +http://www.bing.com/bingbot.htm)"
13.66.139.26 - - [14/Dec/2020:09:18:38 +0100] "GET /images/big_prod/3660173233116.jpg HTTP/1.0" 200 268 "-" "Mozilla/5.0 (compatible; bingbot/2.0; +http://www.bing.com/bingbot.htm)"
216.244.66.242 - - [14/Dec/2020:09:18:43 +0100] "GET /-c-116.html HTTP/1.0" 200 67879 "-" "Mozilla/5.0 (compatible; DotBot/1.1; http://www.opensiteexplorer.org/dotbot, help@moz.com)"
114.119.141.146 - - [14/Dec/2020:09:18:44 +0100] "GET /pillow-case-75-75-cm-pink-light-p-33864.html HTTP/1.0" 200 72124 "-" "Mozilla/5.0 (Linux; Android 7.0;) AppleWebKit/537.36 (KHTML, like Gecko) Mobile Safari/537.36 (compatible; PetalBot;+https://aspiegel.com/petalbot)"
216.244.66.242 - - [14/Dec/2020:09:19:01 +0100] "GET /-p-12259.html HTTP/1.0" 200 69192 "-" "Mozilla/5.0 (compatible; DotBot/1.1; http://www.opensiteexplorer.org/dotbot, help@moz.com)"
52.37.96.89 - - [14/Dec/2020:09:19:14 +0100] "GET / HTTP/1.0" 301 511 "-" "Mozilla/5.0 (Macintosh; Intel Mac OS X 10_10_5) AppleWebKit/537.36 (KHTML, like Gecko) Chrome/52.0.2743.116 Safari/537.36"
207.46.13.191 - - [14/Dec/2020:09:19:15 +0100] "GET /images/big_prod/JASMINERACINGBOUDOIR.jpg HTTP/1.0" 200 275 "-" "Mozilla/5.0 (compatible; bingbot/2.0; +http://www.bing.com/bingbot.htm)"
216.244.66.242 - - [14/Dec/2020:09:19:18 +0100] "GET /-p-26524.html HTTP/1.0" 200 69192 "-" "Mozilla/5.0 (compatible; DotBot/1.1; http://www.opensiteexplorer.org/dotbot, help@moz.com)"
216.244.66.242 - - [14/Dec/2020:09:19:34 +0100] "GET /-p-39211.html HTTP/1.0" 200 69192 "-" "Mozilla/5.0 (compatible; DotBot/1.1; http://www.opensiteexplorer.org/dotbot, help@moz.com)"
216.244.66.242 - - [14/Dec/2020:09:19:49 +0100] "GET /merci-gustave-disney-set-plates-p-32907.html HTTP/1.0" 200 71936 "-" "Mozilla/5.0 (compatible; DotBot/1.1; http://www.opensiteexplorer.org/dotbot, help@moz.com)"
54.36.148.86 - - [14/Dec/2020:09:20:28 +0100] "GET /violetta-badges-set-p-28293.html HTTP/1.0" 200 71803 "-" "Mozilla/5.0 (compatible; AhrefsBot/7.0; +http://ahrefs.com/robot/)"
52.37.96.89 - - [14/Dec/2020:09:20:38 +0100] "GET / HTTP/1.0" 200 145454 "-" "Mozilla/5.0 (Macintosh; Intel Mac OS X 10_10_5) AppleWebKit/537.36 (KHTML, like Gecko) Chrome/52.0.2743.116 Safari/537.36"
52.37.96.89 - - [14/Dec/2020:09:20:38 +0100] "GET / HTTP/1.0" 200 145454 "-" "Mozilla/5.0 (Macintosh; Intel Mac OS X 10_10_5) AppleWebKit/537.36 (KHTML, like Gecko) Chrome/52.0.2743.116 Safari/537.36"
207.46.13.48 - - [14/Dec/2020:09:20:47 +0100] "GET /images/big_prod/4056248.jpg HTTP/1.0" 200 262 "-" "Mozilla/5.0 (compatible; bingbot/2.0; +http://www.bing.com/bingbot.htm)"
54.36.149.53 - - [14/Dec/2020:09:21:18 +0100] "GET /the-ballerina-statue-collection-p-44021.html HTTP/1.0" 301 69259 "-" "Mozilla/5.0 (compatible; AhrefsBot/7.0; +http://ahrefs.com/robot/)"
13.66.139.26 - - [14/Dec/2020:09:22:08 +0100] "GET /images/med_prod/1399984287897.jpg HTTP/1.0" 200 268 "-" "Mozilla/5.0 (compatible; bingbot/2.0; +http://www.bing.com/bingbot.htm)"
13.66.139.26 - - [14/Dec/2020:09:22:09 +0100] "GET /images/big_prod/3503420153532.jpg HTTP/1.0" 200 268 "-" "Mozilla/5.0 (compatible; bingbot/2.0; +http://www.bing.com/bingbot.htm)"
157.55.39.179 - - [14/Dec/2020:09:22:13 +0100] "GET /images/big_prod_1/b4006592916817.jpg HTTP/1.0" 200 271 "-" "Mozilla/5.0 (compatible; bingbot/2.0; +http://www.bing.com/bingbot.htm)"
207.46.13.175 - - [14/Dec/2020:09:22:27 +0100] "GET /images/med_prod/1384010177709.jpg HTTP/1.0" 200 268 "-" "Mozilla/5.0 (compatible; bingbot/2.0; +http://www.bing.com/bingbot.htm)"
13.66.139.26 - - [14/Dec/2020:09:22:38 +0100] "GET /images/london.jpg HTTP/1.0" 200 252 "-" "Mozilla/5.0 (compatible; bingbot/2.0; +http://www.bing.com/bingbot.htm)"
54.36.148.83 - - [14/Dec/2020:09:23:00 +0100] "GET /grey-acdc-zippo-lighter-p-51922.html HTTP/1.0" 200 72793 "-" "Mozilla/5.0 (compatible; AhrefsBot/7.0; +http://ahrefs.com/robot/)"
114.119.150.15 - - [14/Dec/2020:09:23:05 +0100] "GET /parot-large-cabas-p-43370.html HTTP/1.0" 200 71842 "-" "Mozilla/5.0 (Linux; Android 7.0;) AppleWebKit/537.36 (KHTML, like Gecko) Mobile Safari/537.36 (compatible; PetalBot;+https://aspiegel.com/petalbot)"
207.46.13.49 - - [14/Dec/2020:09:23:06 +0100] "GET /images/big_prod_3/c9316188082143.jpg HTTP/1.0" 200 271 "-" "Mozilla/5.0 (compatible; bingbot/2.0; +http://www.bing.com/bingbot.htm)"
66.249.70.62 - - [14/Dec/2020:09:24:12 +0100] "GET /rolling-stones-love-rock-roll-zippo-lighter-p-32570.html HTTP/1.0" 200 74513 "-" "Mozilla/5.0 (Linux; Android 6.0.1; Nexus 5X Build/MMB29P) AppleWebKit/537.36 (KHTML, like Gecko) Chrome/87.0.4280.90 Mobile Safari/537.36 (compatible; Googlebot/2.1; +http://www.google.com/bot.html)"
157.55.39.82 - - [14/Dec/2020:09:24:31 +0100] "GET /images/4012390357394.jpg HTTP/1.0" 200 259 "-" "Mozilla/5.0 (compatible; bingbot/2.0; +http://www.bing.com/bingbot.htm)"
54.36.148.83 - - [14/Dec/2020:09:25:22 +0100] "GET /bohochic-bedclothes-220-240-cm-p-52937.html HTTP/1.0" 200 71911 "-" "Mozilla/5.0 (compatible; AhrefsBot/7.0; +http://ahrefs.com/robot/)"
207.46.13.49 - - [14/Dec/2020:09:25:57 +0100] "GET /images/big_prod/8419810092440.jpg HTTP/1.0" 200 268 "-" "Mozilla/5.0 (compatible; bingbot/2.0; +http://www.bing.com/bingbot.htm)"
13.66.139.26 - - [14/Dec/2020:09:26:41 +0100] "GET /images/mini_prod/8003990609699.jpg HTTP/1.0" 200 269 "-" "Mozilla/5.0 (compatible; bingbot/2.0; +http://www.bing.com/bingbot.htm)"
114.119.144.233 - - [14/Dec/2020:09:27:26 +0100] "GET /concrete-pencil-pot-p-41579.html HTTP/1.0" 200 71828 "-" "Mozilla/5.0 (Linux; Android 7.0;) AppleWebKit/537.36 (KHTML, like Gecko) Mobile Safari/537.36 (compatible; PetalBot;+https://aspiegel.com/petalbot)"
54.36.148.83 - - [14/Dec/2020:09:27:43 +0100] "GET /league-passport-case-p-24992.html HTTP/1.0" 200 72505 "-" "Mozilla/5.0 (compatible; AhrefsBot/7.0; +http://ahrefs.com/robot/)"
13.66.139.26 - - [14/Dec/2020:09:27:59 +0100] "GET /images/big_prod/8719172831580.jpg HTTP/1.0" 200 268 "-" "Mozilla/5.0 (compatible; bingbot/2.0; +http://www.bing.com/bingbot.htm)"
207.46.13.49 - - [14/Dec/2020:09:28:08 +0100] "GET /images/big_prod_1/3660173195643.jpg HTTP/1.0" 200 270 "-" "Mozilla/5.0 (compatible; bingbot/2.0; +http://www.bing.com/bingbot.htm)"
51.68.224.127 - - [14/Dec/2020:09:29:42 +0100] "GET /adminweb/export_orders_xml.php?token=256de2z6edz6ed2z6DFSFsed2zed6zeDSFDSGdzedezfzf&maxorders=10&orderstart=1&status=14&start_date=2018-10-01 HTTP/1.0" 200 285 "-" "GesCom CharlotteBoutik Serveur"
51.68.224.127 - - [14/Dec/2020:09:29:42 +0100] "GET /adminweb/export_orders_xml.php?token=256de2z6edz6ed2z6DFSFsed2zed6zeDSFDSGdzedezfzf&maxorders=10&orderstart=1&status=6&start_date=2018-10-01 HTTP/1.0" 200 30026 "-" "GesCom CharlotteBoutik Serveur"
13.66.139.26 - - [14/Dec/2020:09:29:59 +0100] "GET /images/1399984243862.jpg HTTP/1.0" 200 259 "-" "Mozilla/5.0 (compatible; bingbot/2.0; +http://www.bing.com/bingbot.htm)"
54.36.149.75 - - [14/Dec/2020:09:30:02 +0100] "GET /transportable-and-rechargeable-radio-p-44018.html HTTP/1.0" 200 72236 "-" "Mozilla/5.0 (compatible; AhrefsBot/7.0; +http://ahrefs.com/robot/)"
13.66.139.26 - - [14/Dec/2020:09:30:09 +0100] "GET /images/mini_prod/3453131155618.jpg HTTP/1.0" 200 269 "-" "Mozilla/5.0 (compatible; bingbot/2.0; +http://www.bing.com/bingbot.htm)"
207.46.13.49 - - [14/Dec/2020:09:30:38 +0100] "GET /images/mini_prod/3453131151788.jpg HTTP/1.0" 200 269 "-" "Mozilla/5.0 (compatible; bingbot/2.0; +http://www.bing.com/bingbot.htm)"
157.55.39.82 - - [14/Dec/2020:09:31:31 +0100] "GET /images/1399984280188.jpg HTTP/1.0" 200 259 "-" "Mozilla/5.0 (compatible; bingbot/2.0; +http://www.bing.com/bingbot.htm)"
114.119.151.113 - - [14/Dec/2020:09:31:48 +0100] "GET /images/mini_prod/3520071480053.jpg HTTP/1.0" 200 269 "-" "Mozilla/5.0 (Linux; Android 7.0;) AppleWebKit/537.36 (KHTML, like Gecko) Mobile Safari/537.36 (compatible; PetalBot;+https://aspiegel.com/petalbot)"
77.34.41.80 - - [14/Dec/2020:09:32:43 +0100] "GET /snowman-solar-powered-dancing-p-34143.html]Test HTTP/1.0" 301 609 "http://wonder-geek.com/snowman-solar-powered-dancing-p-34143.html]Test" "Mozilla/5.0 (Windows NT 10.0; Win64; x64) AppleWebKit/537.36 (KHTML, like Gecko) Chrome/83.0.4086.0 Safari/537.36"
77.34.41.80 - - [14/Dec/2020:09:32:43 +0100] "GET /snowman-solar-powered-dancing-p-34143.html%5dTest HTTP/1.0" 404 1308 "http://www.wonder-geek.com/snowman-solar-powered-dancing-p-34143.html%5dTest" "Mozilla/5.0 (Windows NT 10.0; Win64; x64) AppleWebKit/537.36 (KHTML, like Gecko) Chrome/83.0.4086.0 Safari/537.36"
77.34.41.80 - - [14/Dec/2020:09:32:44 +0100] "GET / HTTP/1.0" 301 511 "http://wonder-geek.com/" "Mozilla/5.0 (Windows NT 10.0; Win64; x64) AppleWebKit/537.36 (KHTML, like Gecko) Chrome/83.0.4086.0 Safari/537.36"
77.34.41.80 - - [14/Dec/2020:09:32:44 +0100] "GET / HTTP/1.0" 200 149686 "http://www.wonder-geek.com/" "Mozilla/5.0 (Windows NT 10.0; Win64; x64) AppleWebKit/537.36 (KHTML, like Gecko) Chrome/83.0.4086.0 Safari/537.36"
77.34.41.80 - - [14/Dec/2020:09:32:46 +0100] "GET /trivet-and-boards-cut-c-12_158.html HTTP/1.0" 200 93035 "http://www.wonder-geek.com/trivet-and-boards-cut-c-12_158.html" "Mozilla/5.0 (Windows NT 10.0; Win64; x64) AppleWebKit/537.36 (KHTML, like Gecko) Chrome/83.0.4086.0 Safari/537.36"
77.34.41.80 - - [14/Dec/2020:09:32:47 +0100] "GET /cardboard-boxes-and-storage-c-13_150_216.html HTTP/1.0" 200 77444 "http://www.wonder-geek.com/cardboard-boxes-and-storage-c-13_150_216.html" "Mozilla/5.0 (Windows NT 10.0; Win64; x64) AppleWebKit/537.36 (KHTML, like Gecko) Chrome/83.0.4086.0 Safari/537.36"
54.36.148.31 - - [14/Dec/2020:09:32:46 +0100] "GET /disney-planes-storage-stool-p-24530.html HTTP/1.0" 200 71752 "-" "Mozilla/5.0 (compatible; AhrefsBot/7.0; +http://ahrefs.com/robot/)"
77.34.41.80 - - [14/Dec/2020:09:32:48 +0100] "GET /cushion-headboard-c-11_173.html HTTP/1.0" 200 88802 "http://www.wonder-geek.com/cushion-headboard-c-11_173.html" "Mozilla/5.0 (Windows NT 10.0; Win64; x64) AppleWebKit/537.36 (KHTML, like Gecko) Chrome/83.0.4086.0 Safari/537.36"
77.34.41.80 - - [14/Dec/2020:09:32:49 +0100] "GET /contact_us.php HTTP/1.0" 200 26241 "http://www.wonder-geek.com/contact_us.php" "Mozilla/5.0 (Windows NT 10.0; Win64; x64) AppleWebKit/537.36 (KHTML, like Gecko) Chrome/83.0.4086.0 Safari/537.36"
77.34.41.80 - - [14/Dec/2020:09:32:50 +0100] "POST /contact_us.php?action=send HTTP/1.0" 200 26527 "http://www.wonder-geek.com/contact_us.php" "Mozilla/5.0 (Windows NT 10.0; Win64; x64) AppleWebKit/537.36 (KHTML, like Gecko) Chrome/83.0.4086.0 Safari/537.36"
66.249.70.36 - - [14/Dec/2020:09:34:23 +0100] "GET /amazon-zippo-lighter-p-49096.html HTTP/1.0" 200 74911 "-" "Mozilla/5.0 (Linux; Android 6.0.1; Nexus 5X Build/MMB29P) AppleWebKit/537.36 (KHTML, like Gecko) Chrome/87.0.4280.90 Mobile Safari/537.36 (compatible; Googlebot/2.1; +http://www.google.com/bot.html)"
54.36.148.83 - - [14/Dec/2020:09:35:05 +0100] "GET /cherries-red-butter-dish-p-38023.html HTTP/1.0" 200 71815 "-" "Mozilla/5.0 (compatible; AhrefsBot/7.0; +http://ahrefs.com/robot/)"
207.46.13.175 - - [14/Dec/2020:09:35:59 +0100] "GET /images/big_prod/1348422000673.jpg HTTP/1.0" 200 268 "-" "Mozilla/5.0 (compatible; bingbot/2.0; +http://www.bing.com/bingbot.htm)"
114.119.145.117 - - [14/Dec/2020:09:36:08 +0100] "GET /scented-candles-and-novenas-c-231_227.html?page=15 HTTP/1.0" 200 94271 "-" "Mozilla/5.0 (Linux; Android 7.0;) AppleWebKit/537.36 (KHTML, like Gecko) Mobile Safari/537.36 (compatible; PetalBot;+https://aspiegel.com/petalbot)"
157.55.39.179 - - [14/Dec/2020:09:36:18 +0100] "GET /blue-pot-with-reliefs-earthenware-p-52448.html HTTP/1.0" 200 72570 "-" "Mozilla/5.0 (compatible; bingbot/2.0; +http://www.bing.com/bingbot.htm)"
54.36.148.240 - - [14/Dec/2020:09:37:23 +0100] "GET /embroidered-rectangular-tablecloth-kolam-140-140-cm-p-44469.html HTTP/1.0" 200 72721 "-" "Mozilla/5.0 (compatible; AhrefsBot/7.0; +http://ahrefs.com/robot/)"
207.46.13.49 - - [14/Dec/2020:09:38:01 +0100] "GET /mire-alarm-clock-by-cbkreation-p-25011.html HTTP/1.0" 200 71933 "-" "Mozilla/5.0 (compatible; bingbot/2.0; +http://www.bing.com/bingbot.htm)"
157.55.39.179 - - [14/Dec/2020:09:38:13 +0100] "GET /images/big_prod/3700407618552.jpg HTTP/1.0" 200 268 "-" "Mozilla/5.0 (compatible; bingbot/2.0; +http://www.bing.com/bingbot.htm)"
13.66.139.26 - - [14/Dec/2020:09:38:30 +0100] "GET /images/big_prod/5051276242248.jpg HTTP/1.0" 200 268 "-" "Mozilla/5.0 (compatible; bingbot/2.0; +http://www.bing.com/bingbot.htm)"
207.46.13.49 - - [14/Dec/2020:09:39:19 +0100] "GET /images/big_prod/3612872114081plateau.jpg HTTP/1.0" 200 275 "-" "Mozilla/5.0 (compatible; bingbot/2.0; +http://www.bing.com/bingbot.htm)"
13.66.139.26 - - [14/Dec/2020:09:39:29 +0100] "GET /images/big_prod/4029811341184.jpg HTTP/1.0" 200 268 "-" "Mozilla/5.0 (compatible; bingbot/2.0; +http://www.bing.com/bingbot.htm)"
13.66.139.26 - - [14/Dec/2020:09:39:29 +0100] "GET /images/big_prod_2/c627DUDE.jpg HTTP/1.0" 200 265 "-" "Mozilla/5.0 (compatible; bingbot/2.0; +http://www.bing.com/bingbot.htm)"
54.36.148.225 - - [14/Dec/2020:09:39:43 +0100] "GET /esotericism-lithotherapy-c-174.html?page=4 HTTP/1.0" 200 90903 "-" "Mozilla/5.0 (compatible; AhrefsBot/7.0; +http://ahrefs.com/robot/)"
13.66.139.26 - - [14/Dec/2020:09:40:09 +0100] "GET /-p-12997.html HTTP/1.0" 200 69192 "-" "Mozilla/5.0 (compatible; bingbot/2.0; +http://www.bing.com/bingbot.htm)"
114.119.154.200 - - [14/Dec/2020:09:40:36 +0100] "GET /pitchers-and-drink-dispensers-c-12_243.html HTTP/1.0" 200 88843 "-" "Mozilla/5.0 (Linux; Android 7.0;) AppleWebKit/537.36 (KHTML, like Gecko) Mobile Safari/537.36 (compatible; PetalBot;+https://aspiegel.com/petalbot)"
157.55.39.179 - - [14/Dec/2020:09:40:44 +0100] "GET /images/big_prod/chakra3.jpg HTTP/1.0" 200 262 "-" "Mozilla/5.0 (compatible; bingbot/2.0; +http://www.bing.com/bingbot.htm)"
207.46.13.49 - - [14/Dec/2020:09:41:10 +0100] "GET /images/big_prod/3609810065178.jpg HTTP/1.0" 200 268 "-" "Mozilla/5.0 (compatible; bingbot/2.0; +http://www.bing.com/bingbot.htm)"
54.36.148.72 - - [14/Dec/2020:09:42:08 +0100] "GET /protective-bamboo-pillow-cover-50-70-cm-p-43574.html HTTP/1.0" 200 72014 "-" "Mozilla/5.0 (compatible; AhrefsBot/7.0; +http://ahrefs.com/robot/)"
17.58.101.145 - - [14/Dec/2020:09:42:54 +0100] "GET /pillow-case-65-65-cm-light-brown-p-51988.html HTTP/1.0" 200 72158 "-" "Mozilla/5.0 (Macintosh; Intel Mac OS X 10_15_5) AppleWebKit/605.1.15 (KHTML, like Gecko) Version/13.1.1 Safari/605.1.15 (Applebot/0.1; +http://www.apple.com/go/applebot)"
157.55.39.179 - - [14/Dec/2020:09:43:13 +0100] "GET /adults-c-53.html?page=9 HTTP/1.0" 200 91251 "-" "Mozilla/5.0 (compatible; bingbot/2.0; +http://www.bing.com/bingbot.htm)"
157.55.39.106 - - [14/Dec/2020:09:43:32 +0100] "GET /images/3438100329924.jpg HTTP/1.0" 200 259 "-" "Mozilla/5.0 (compatible; bingbot/2.0; +http://www.bing.com/bingbot.htm)"
157.55.39.106 - - [14/Dec/2020:09:43:33 +0100] "GET /home/stationery-school-supplies/kimmidoll-yuna-small-notebook-with-mirror-p-17940.html HTTP/1.0" 301 69259 "-" "Mozilla/5.0 (compatible; bingbot/2.0; +http://www.bing.com/bingbot.htm)"
157.55.39.106 - - [14/Dec/2020:09:43:33 +0100] "GET /boys/swimwear/ben-orange-swimwear-size-years-p-23813.html HTTP/1.0" 301 69259 "-" "Mozilla/5.0 (compatible; bingbot/2.0; +http://www.bing.com/bingbot.htm)"
157.55.39.106 - - [14/Dec/2020:09:43:34 +0100] "GET /ben-10-pairs-of-socks-size-23-26-p-25679.html HTTP/1.0" 200 69349 "-" "Mozilla/5.0 (compatible; bingbot/2.0; +http://www.bing.com/bingbot.htm)"
54.36.149.47 - - [14/Dec/2020:09:44:45 +0100] "GET /magnet-lavender-p-30711.html HTTP/1.0" 200 73937 "-" "Mozilla/5.0 (compatible; AhrefsBot/7.0; +http://ahrefs.com/robot/)"
114.119.150.15 - - [14/Dec/2020:09:44:51 +0100] "GET /images/big_prod/5051276213521.jpg HTTP/1.0" 200 268 "-" "Mozilla/5.0 (Linux; Android 7.0;) AppleWebKit/537.36 (KHTML, like Gecko) Mobile Safari/537.36 (compatible; PetalBot;+https://aspiegel.com/petalbot)"
