216.244.66.242 - - [14/Dec/2020:07:33:56 +0100] "GET /mat-for-bowls-brice-de-niche-p-46831.html HTTP/1.0" 200 71718 "-" "Mozilla/5.0 (compatible; DotBot/1.1; http://www.opensiteexplorer.org/dotbot, help@moz.com)"
85.10.199.185 - - [14/Dec/2020:07:33:57 +0100] "GET /bodega-tray-p-37474.html HTTP/1.0" 200 69226 "-" "Mozilla/5.0 (compatible; MJ12bot/v1.4.8; http://mj12bot.com/)"
54.36.148.83 - - [14/Dec/2020:07:34:02 +0100] "GET /vintage-tv-liberty-cushion-p-16211.html HTTP/1.0" 200 72406 "-" "Mozilla/5.0 (compatible; AhrefsBot/7.0; +http://ahrefs.com/robot/)"
85.10.199.185 - - [14/Dec/2020:07:34:04 +0100] "GET /body-baby-knight-p-50931.html HTTP/1.0" 200 71734 "-" "Mozilla/5.0 (compatible; MJ12bot/v1.4.8; http://mj12bot.com/)"
216.244.66.242 - - [14/Dec/2020:07:34:09 +0100] "GET /pencil-pot-c-129_183.html?page=1 HTTP/1.0" 200 89520 "-" "Mozilla/5.0 (compatible; DotBot/1.1; http://www.opensiteexplorer.org/dotbot, help@moz.com)"
85.10.199.185 - - [14/Dec/2020:07:34:09 +0100] "GET /body-long-sleeve-chez-papi-et-mamie-p-31226.html HTTP/1.0" 301 69259 "-" "Mozilla/5.0 (compatible; MJ12bot/v1.4.8; http://mj12bot.com/)"
85.10.199.185 - - [14/Dec/2020:07:34:14 +0100] "GET /-p-31226.html HTTP/1.0" 200 69192 "-" "Mozilla/5.0 (compatible; MJ12bot/v1.4.8; http://mj12bot.com/)"
216.244.66.242 - - [14/Dec/2020:07:34:18 +0100] "GET /lily-mug-p-22549.html HTTP/1.0" 200 71801 "-" "Mozilla/5.0 (compatible; DotBot/1.1; http://www.opensiteexplorer.org/dotbot, help@moz.com)"
85.10.199.185 - - [14/Dec/2020:07:34:19 +0100] "GET /body-long-sleeve-months-p-22099.html HTTP/1.0" 301 69259 "-" "Mozilla/5.0 (compatible; MJ12bot/v1.4.8; http://mj12bot.com/)"
216.244.66.242 - - [14/Dec/2020:07:34:21 +0100] "GET /london-magazines-holder-p-39355.html HTTP/1.0" 200 71859 "-" "Mozilla/5.0 (compatible; DotBot/1.1; http://www.opensiteexplorer.org/dotbot, help@moz.com)"
51.68.224.127 - - [14/Dec/2020:07:34:24 +0100] "GET /adminweb/export_orders_xml.php?token=256de2z6edz6ed2z6DFSFsed2zed6zeDSFDSGdzedezfzf&maxorders=10&orderstart=1&status=14&start_date=2018-10-01 HTTP/1.0" 200 285 "-" "GesCom CharlotteBoutik Serveur"
51.68.224.127 - - [14/Dec/2020:07:34:24 +0100] "GET /adminweb/export_orders_xml.php?token=256de2z6edz6ed2z6DFSFsed2zed6zeDSFDSGdzedezfzf&maxorders=10&orderstart=1&status=6&start_date=2018-10-01 HTTP/1.0" 200 30026 "-" "GesCom CharlotteBoutik Serveur"
85.10.199.185 - - [14/Dec/2020:07:34:24 +0100] "GET /-p-22099.html HTTP/1.0" 200 69192 "-" "Mozilla/5.0 (compatible; MJ12bot/v1.4.8; http://mj12bot.com/)"
216.244.66.242 - - [14/Dec/2020:07:34:24 +0100] "GET /teo-jasmin-small-cabas-marley-p-40987.html HTTP/1.0" 200 72168 "-" "Mozilla/5.0 (compatible; DotBot/1.1; http://www.opensiteexplorer.org/dotbot, help@moz.com)"
216.244.66.242 - - [14/Dec/2020:07:34:28 +0100] "GET /tetsubin-green-teapot-sheet-below-14-cm-p-38567.html HTTP/1.0" 200 71959 "-" "Mozilla/5.0 (compatible; DotBot/1.1; http://www.opensiteexplorer.org/dotbot, help@moz.com)"
85.10.199.185 - - [14/Dec/2020:07:34:29 +0100] "GET /boho-wooden-frame-60-30-cm-dream-catcher-p-41742.html HTTP/1.0" 200 69350 "-" "Mozilla/5.0 (compatible; MJ12bot/v1.4.8; http://mj12bot.com/)"
85.10.199.185 - - [14/Dec/2020:07:34:34 +0100] "GET /bolster-case-45-185-cm-pink-p-33867.html HTTP/1.0" 200 72715 "-" "Mozilla/5.0 (compatible; MJ12bot/v1.4.8; http://mj12bot.com/)"
216.244.66.242 - - [14/Dec/2020:07:34:35 +0100] "GET /us-route-66-flag-p-24169.html HTTP/1.0" 200 71831 "-" "Mozilla/5.0 (compatible; DotBot/1.1; http://www.opensiteexplorer.org/dotbot, help@moz.com)"
85.10.199.185 - - [14/Dec/2020:07:34:39 +0100] "GET /bolster-case-45-185-cm-red-p-33866.html HTTP/1.0" 200 72097 "-" "Mozilla/5.0 (compatible; MJ12bot/v1.4.8; http://mj12bot.com/)"
216.244.66.242 - - [14/Dec/2020:07:34:41 +0100] "GET /-p-26083.html HTTP/1.0" 200 69192 "-" "Mozilla/5.0 (compatible; DotBot/1.1; http://www.opensiteexplorer.org/dotbot, help@moz.com)"
85.10.199.185 - - [14/Dec/2020:07:34:46 +0100] "GET /bolster-case-45-185-cm-red-p-36450.html HTTP/1.0" 200 72087 "-" "Mozilla/5.0 (compatible; MJ12bot/v1.4.8; http://mj12bot.com/)"
85.10.199.185 - - [14/Dec/2020:07:34:51 +0100] "GET /bonheur-charming-dekor-bedclothes-220-240-cm-p-41760.html HTTP/1.0" 301 69259 "-" "Mozilla/5.0 (compatible; MJ12bot/v1.4.8; http://mj12bot.com/)"
85.10.199.185 - - [14/Dec/2020:07:34:58 +0100] "GET /-p-41760.html HTTP/1.0" 200 69192 "-" "Mozilla/5.0 (compatible; MJ12bot/v1.4.8; http://mj12bot.com/)"
85.10.199.185 - - [14/Dec/2020:07:35:02 +0100] "GET /bonheur-charming-dekor-bedclothes-260-240-cm-p-41761.html HTTP/1.0" 301 69259 "-" "Mozilla/5.0 (compatible; MJ12bot/v1.4.8; http://mj12bot.com/)"
85.10.199.185 - - [14/Dec/2020:07:35:08 +0100] "GET /-p-41761.html HTTP/1.0" 200 69192 "-" "Mozilla/5.0 (compatible; MJ12bot/v1.4.8; http://mj12bot.com/)"
85.10.199.185 - - [14/Dec/2020:07:35:16 +0100] "GET /bonjour-paris-bedclothes-220-240-cm-p-28568.html HTTP/1.0" 301 69259 "-" "Mozilla/5.0 (compatible; MJ12bot/v1.4.8; http://mj12bot.com/)"
13.66.139.79 - - [14/Dec/2020:07:35:19 +0100] "GET /images/med_prod/3520071345581.jpg HTTP/1.0" 200 268 "-" "Mozilla/5.0 (compatible; bingbot/2.0; +http://www.bing.com/bingbot.htm)"
207.46.13.49 - - [14/Dec/2020:07:35:23 +0100] "GET /-p-27477.html HTTP/1.0" 200 69192 "-" "Mozilla/5.0 (compatible; bingbot/2.0; +http://www.bing.com/bingbot.htm)"
85.10.199.185 - - [14/Dec/2020:07:35:24 +0100] "GET /-p-28568.html HTTP/1.0" 200 69192 "-" "Mozilla/5.0 (compatible; MJ12bot/v1.4.8; http://mj12bot.com/)"
216.244.66.242 - - [14/Dec/2020:07:35:24 +0100] "GET /betty-boop-large-sticker-p-2981.html HTTP/1.0" 200 71818 "-" "Mozilla/5.0 (compatible; DotBot/1.1; http://www.opensiteexplorer.org/dotbot, help@moz.com)"
85.10.199.185 - - [14/Dec/2020:07:35:32 +0100] "GET /bospherus-bridge-poster-p-27251.html HTTP/1.0" 200 69298 "-" "Mozilla/5.0 (compatible; MJ12bot/v1.4.8; http://mj12bot.com/)"
85.10.199.185 - - [14/Dec/2020:07:35:38 +0100] "GET /bouddha-and-lotus-stickers-p-35387.html HTTP/1.0" 301 69259 "-" "Mozilla/5.0 (compatible; MJ12bot/v1.4.8; http://mj12bot.com/)"
85.10.199.185 - - [14/Dec/2020:07:35:40 +0100] "GET /-p-35387.html HTTP/1.0" 200 69192 "-" "Mozilla/5.0 (compatible; MJ12bot/v1.4.8; http://mj12bot.com/)"
85.10.199.185 - - [14/Dec/2020:07:35:47 +0100] "GET /boulangerie-artisanale-paris-mug-p-39712.html HTTP/1.0" 200 71936 "-" "Mozilla/5.0 (compatible; MJ12bot/v1.4.8; http://mj12bot.com/)"
157.55.39.179 - - [14/Dec/2020:07:35:47 +0100] "GET /cat-wine-michelle-allen-cup-glass-p-47695.html HTTP/1.0" 200 72640 "-" "Mozilla/5.0 (compatible; bingbot/2.0; +http://www.bing.com/bingbot.htm)"
85.10.199.185 - - [14/Dec/2020:07:35:53 +0100] "GET /boxes-and-storage-box-c-13_150.html?page=6 HTTP/1.0" 200 93592 "-" "Mozilla/5.0 (compatible; MJ12bot/v1.4.8; http://mj12bot.com/)"
85.10.199.185 - - [14/Dec/2020:07:36:00 +0100] "GET /boxes-and-storage-box-c-13_150.html?page=8 HTTP/1.0" 200 92819 "-" "Mozilla/5.0 (compatible; MJ12bot/v1.4.8; http://mj12bot.com/)"
13.66.139.79 - - [14/Dec/2020:07:36:01 +0100] "GET /images/big_prod_1/8719497617616a.jpg HTTP/1.0" 200 271 "-" "Mozilla/5.0 (compatible; bingbot/2.0; +http://www.bing.com/bingbot.htm)"
207.46.13.48 - - [14/Dec/2020:07:36:08 +0100] "GET /cats-by-dubout-large-bowl-p-40050.html HTTP/1.0" 200 71832 "-" "Mozilla/5.0 (compatible; bingbot/2.0; +http://www.bing.com/bingbot.htm)"
13.66.139.79 - - [14/Dec/2020:07:36:29 +0100] "GET /images/big_prod/3503424504569.jpg HTTP/1.0" 200 268 "-" "Mozilla/5.0 (compatible; bingbot/2.0; +http://www.bing.com/bingbot.htm)"
157.55.39.77 - - [14/Dec/2020:07:36:33 +0100] "GET /images/big_prod/3453131131612.jpg HTTP/1.0" 200 268 "-" "Mozilla/5.0 (compatible; bingbot/2.0; +http://www.bing.com/bingbot.htm)"
157.55.39.77 - - [14/Dec/2020:07:36:34 +0100] "GET /elmer-the-elephant-m-25.html HTTP/1.0" 200 80465 "-" "Mozilla/5.0 (compatible; bingbot/2.0; +http://www.bing.com/bingbot.htm)"
157.55.39.77 - - [14/Dec/2020:07:36:35 +0100] "GET /socks-and-slippers/socks/strawberry-shortcake-pair-socks-p-9437.html HTTP/1.0" 301 69256 "-" "Mozilla/5.0 (compatible; bingbot/2.0; +http://www.bing.com/bingbot.htm)"
54.36.148.180 - - [14/Dec/2020:07:36:35 +0100] "GET /home-and-decoration-c-13.html?page=241 HTTP/1.0" 200 92843 "-" "Mozilla/5.0 (compatible; AhrefsBot/7.0; +http://ahrefs.com/robot/)"
157.55.39.77 - - [14/Dec/2020:07:36:36 +0100] "GET /images/8432699030273.jpg HTTP/1.0" 200 259 "-" "Mozilla/5.0 (compatible; bingbot/2.0; +http://www.bing.com/bingbot.htm)"
157.55.39.77 - - [14/Dec/2020:07:36:36 +0100] "GET /images/big_prod/1328399219346.jpg HTTP/1.0" 200 268 "-" "Mozilla/5.0 (compatible; bingbot/2.0; +http://www.bing.com/bingbot.htm)"
13.66.139.79 - - [14/Dec/2020:07:37:21 +0100] "GET /images/med_prod/3453131112710.jpg HTTP/1.0" 200 268 "-" "Mozilla/5.0 (compatible; bingbot/2.0; +http://www.bing.com/bingbot.htm)"
13.66.139.79 - - [14/Dec/2020:07:37:21 +0100] "GET /images/big_prod/8011717798946.jpg HTTP/1.0" 200 268 "-" "Mozilla/5.0 (compatible; bingbot/2.0; +http://www.bing.com/bingbot.htm)"
114.119.132.105 - - [14/Dec/2020:07:38:12 +0100] "GET /smiski-figure-series-toilet-note-there-is-single-figure-p-43107.html HTTP/1.0" 200 72532 "-" "Mozilla/5.0 (Linux; Android 7.0;) AppleWebKit/537.36 (KHTML, like Gecko) Mobile Safari/537.36 (compatible; PetalBot;+https://aspiegel.com/petalbot)"
66.249.70.36 - - [14/Dec/2020:07:38:14 +0100] "GET /tablecloths-c-11_176.html HTTP/1.0" 200 90957 "-" "Mozilla/5.0 (Linux; Android 6.0.1; Nexus 5X Build/MMB29P) AppleWebKit/537.36 (KHTML, like Gecko) Chrome/87.0.4280.90 Mobile Safari/537.36 (compatible; Googlebot/2.1; +http://www.google.com/bot.html)"
157.55.39.106 - - [14/Dec/2020:07:38:46 +0100] "GET /images/big_prod/8424346034833.jpg HTTP/1.0" 200 268 "-" "Mozilla/5.0 (compatible; bingbot/2.0; +http://www.bing.com/bingbot.htm)"
54.36.148.63 - - [14/Dec/2020:07:39:12 +0100] "GET /specials.php?page=55 HTTP/1.0" 200 129911 "-" "Mozilla/5.0 (compatible; AhrefsBot/7.0; +http://ahrefs.com/robot/)"
13.66.139.26 - - [14/Dec/2020:07:39:47 +0100] "GET /images/4036113165592.jpg HTTP/1.0" 200 259 "-" "Mozilla/5.0 (compatible; bingbot/2.0; +http://www.bing.com/bingbot.htm)"
190.2.109.108 - - [14/Dec/2020:07:40:24 +0100] "GET /contact_us.php?action=success HTTP/1.0" 200 13477 "http://www.wonder-geek.com/contact_us.php?action=success" "Mozilla/5.0 (Windows NT 6.1; Win64; x64) AppleWebKit/537.36 (KHTML, like Gecko) Chrome/83.0.4103.61 Safari/537.36 Edg/83.0.478.37"
157.55.39.59 - - [14/Dec/2020:07:40:47 +0100] "GET /images/med_prod/3520071097725.jpg HTTP/1.0" 200 268 "-" "Mozilla/5.0 (compatible; bingbot/2.0; +http://www.bing.com/bingbot.htm)"
110.78.149.18 - - [14/Dec/2020:07:40:47 +0100] "GET /contact_us.php HTTP/1.0" 200 26241 "http://www.wonder-geek.com/contact_us.php" "Mozilla/5.0 (Windows NT 6.1; Win64; x64) AppleWebKit/537.36 (KHTML, like Gecko) Chrome/83.0.4103.61 Safari/537.36 Edg/83.0.478.37"
110.78.149.18 - - [14/Dec/2020:07:41:02 +0100] "POST /contact_us.php?action=send HTTP/1.0" 200 26523 "http://www.wonder-geek.com/contact_us.php" "Mozilla/5.0 (Windows NT 6.1; Win64; x64) AppleWebKit/537.36 (KHTML, like Gecko) Chrome/83.0.4103.61 Safari/537.36 Edg/83.0.478.37"
207.46.13.191 - - [14/Dec/2020:07:41:14 +0100] "GET /images/big_prod/1384010207444.jpg HTTP/1.0" 200 268 "-" "Mozilla/5.0 (compatible; bingbot/2.0; +http://www.bing.com/bingbot.htm)"
54.36.148.211 - - [14/Dec/2020:07:41:49 +0100] "GET /mickey-club-house-umbrella-p-20499.html HTTP/1.0" 200 72082 "-" "Mozilla/5.0 (compatible; AhrefsBot/7.0; +http://ahrefs.com/robot/)"
13.66.139.26 - - [14/Dec/2020:07:41:59 +0100] "GET /images/big_prod/8422099381181.jpg HTTP/1.0" 200 268 "-" "Mozilla/5.0 (compatible; bingbot/2.0; +http://www.bing.com/bingbot.htm)"
13.66.139.79 - - [14/Dec/2020:07:42:04 +0100] "GET /images/big_prod/8422035312002.jpg HTTP/1.0" 200 268 "-" "Mozilla/5.0 (compatible; bingbot/2.0; +http://www.bing.com/bingbot.htm)"
17.58.101.145 - - [14/Dec/2020:07:42:17 +0100] "GET /blue-jean-fitted-sheet-140-190-cm-p-36443.html HTTP/1.0" 200 71903 "-" "Mozilla/5.0 (Macintosh; Intel Mac OS X 10_15_5) AppleWebKit/605.1.15 (KHTML, like Gecko) Version/13.1.1 Safari/605.1.15 (Applebot/0.1; +http://www.apple.com/go/applebot)"
13.66.139.79 - - [14/Dec/2020:07:42:33 +0100] "GET /images/med_prod/1399984286142.jpg HTTP/1.0" 200 268 "-" "Mozilla/5.0 (compatible; bingbot/2.0; +http://www.bing.com/bingbot.htm)"
114.119.144.233 - - [14/Dec/2020:07:42:34 +0100] "GET /images/mini_prod/028399046300.jpg HTTP/1.0" 200 268 "-" "Mozilla/5.0 (Linux; Android 7.0;) AppleWebKit/537.36 (KHTML, like Gecko) Mobile Safari/537.36 (compatible; PetalBot;+https://aspiegel.com/petalbot)"
157.55.39.179 - - [14/Dec/2020:07:42:37 +0100] "GET /metal-cylindrical-coffee-box-p-52611.html HTTP/1.0" 200 72035 "-" "Mozilla/5.0 (compatible; bingbot/2.0; +http://www.bing.com/bingbot.htm)"
207.46.13.191 - - [14/Dec/2020:07:42:54 +0100] "GET /images/big_prod/3609810065215.jpg HTTP/1.0" 200 268 "-" "Mozilla/5.0 (compatible; bingbot/2.0; +http://www.bing.com/bingbot.htm)"
54.36.148.162 - - [14/Dec/2020:07:42:58 +0100] "GET /aprons-tablecloths-and-linen-c-13_11_74.html?page=13 HTTP/1.0" 301 88209 "-" "Mozilla/5.0 (compatible; AhrefsBot/7.0; +http://ahrefs.com/robot/)"
207.46.13.48 - - [14/Dec/2020:07:43:04 +0100] "GET /images/mini_prod/8422313638008D.jpg HTTP/1.0" 200 270 "-" "Mozilla/5.0 (compatible; bingbot/2.0; +http://www.bing.com/bingbot.htm)"
66.249.70.62 - - [14/Dec/2020:07:43:24 +0100] "GET /little-prince-plane-money-box-p-47070.html HTTP/1.0" 301 72773 "-" "Mozilla/5.0 (Linux; Android 6.0.1; Nexus 5X Build/MMB29P) AppleWebKit/537.36 (KHTML, like Gecko) Chrome/87.0.4280.90 Mobile Safari/537.36 (compatible; Googlebot/2.1; +http://www.google.com/bot.html)"
66.249.70.33 - - [14/Dec/2020:07:43:25 +0100] "GET /little-prince-plane-figurine-p-47070.html HTTP/1.0" 200 72678 "-" "Mozilla/5.0 (Linux; Android 6.0.1; Nexus 5X Build/MMB29P) AppleWebKit/537.36 (KHTML, like Gecko) Chrome/87.0.4280.90 Mobile Safari/537.36 (compatible; Googlebot/2.1; +http://www.google.com/bot.html)"
207.46.13.175 - - [14/Dec/2020:07:43:27 +0100] "GET /images/big_prod_2/8424346352616C.jpg HTTP/1.0" 200 271 "-" "Mozilla/5.0 (compatible; bingbot/2.0; +http://www.bing.com/bingbot.htm)"
54.36.148.83 - - [14/Dec/2020:07:44:24 +0100] "GET /gorjuss-chronicles-wooden-brooch-rapunzel-p-38199.html HTTP/1.0" 200 73410 "-" "Mozilla/5.0 (compatible; AhrefsBot/7.0; +http://ahrefs.com/robot/)"
66.249.70.62 - - [14/Dec/2020:07:45:22 +0100] "GET /images/med_prod/8435333836873.jpg HTTP/1.0" 200 268 "-" "Googlebot-Image/1.0"
13.66.139.26 - - [14/Dec/2020:07:45:59 +0100] "GET /images/med_prod/720322240013.jpg HTTP/1.0" 200 267 "-" "Mozilla/5.0 (compatible; bingbot/2.0; +http://www.bing.com/bingbot.htm)"
54.36.148.104 - - [14/Dec/2020:07:46:55 +0100] "GET /worry-stones-hematite-p-46297.html HTTP/1.0" 200 73428 "-" "Mozilla/5.0 (compatible; AhrefsBot/7.0; +http://ahrefs.com/robot/)"
114.119.158.196 - - [14/Dec/2020:07:46:56 +0100] "GET /images/mini_prod/5051276247465.jpg HTTP/1.0" 200 269 "-" "Mozilla/5.0 (Linux; Android 7.0;) AppleWebKit/537.36 (KHTML, like Gecko) Mobile Safari/537.36 (compatible; PetalBot;+https://aspiegel.com/petalbot)"
157.55.39.184 - - [14/Dec/2020:07:47:03 +0100] "GET /js/jquery.min.js HTTP/1.0" 404 1308 "-" "Mozilla/5.0 (compatible; bingbot/2.0; +http://www.bing.com/bingbot.htm)"
157.55.39.184 - - [14/Dec/2020:07:47:03 +0100] "GET /images/4012390361223.jpg HTTP/1.0" 200 259 "-" "Mozilla/5.0 (compatible; bingbot/2.0; +http://www.bing.com/bingbot.htm)"
157.55.39.184 - - [14/Dec/2020:07:47:04 +0100] "GET /blue-duck-fitted-sheet-90-190-cm-p-51979.html HTTP/1.0" 200 71864 "-" "Mozilla/5.0 (compatible; bingbot/2.0; +http://www.bing.com/bingbot.htm)"
157.55.39.184 - - [14/Dec/2020:07:47:05 +0100] "GET /fox-table-lamp-grey-p-52279.html HTTP/1.0" 200 72684 "-" "Mozilla/5.0 (compatible; bingbot/2.0; +http://www.bing.com/bingbot.htm)"
157.55.39.184 - - [14/Dec/2020:07:47:06 +0100] "GET /images/med_prod/3438100363218.jpg HTTP/1.0" 200 268 "-" "Mozilla/5.0 (compatible; bingbot/2.0; +http://www.bing.com/bingbot.htm)"
207.46.13.48 - - [14/Dec/2020:07:47:11 +0100] "GET /images/mini_prod/8011717797451.jpg HTTP/1.0" 200 269 "-" "Mozilla/5.0 (compatible; bingbot/2.0; +http://www.bing.com/bingbot.htm)"
13.66.139.26 - - [14/Dec/2020:07:47:18 +0100] "GET /images/big_prod/3453131151443.jpg HTTP/1.0" 200 268 "-" "Mozilla/5.0 (compatible; bingbot/2.0; +http://www.bing.com/bingbot.htm)"
207.46.13.49 - - [14/Dec/2020:07:47:24 +0100] "GET /images/big_prod/1300000022866.jpg HTTP/1.0" 200 268 "-" "Mozilla/5.0 (compatible; bingbot/2.0; +http://www.bing.com/bingbot.htm)"
13.66.139.26 - - [14/Dec/2020:07:48:19 +0100] "GET /images/big_prod_1/b9349878006990.jpg HTTP/1.0" 200 271 "-" "Mozilla/5.0 (compatible; bingbot/2.0; +http://www.bing.com/bingbot.htm)"
13.66.139.26 - - [14/Dec/2020:07:48:48 +0100] "GET /images/6942138908688.jpg HTTP/1.0" 200 259 "-" "Mozilla/5.0 (compatible; bingbot/2.0; +http://www.bing.com/bingbot.htm)"
207.46.13.191 - - [14/Dec/2020:07:49:27 +0100] "GET /jessica-rabbit-figure-collection-p-48493.html HTTP/1.0" 200 72591 "-" "Mozilla/5.0 (compatible; bingbot/2.0; +http://www.bing.com/bingbot.htm)"
54.36.148.102 - - [14/Dec/2020:07:49:39 +0100] "GET /teo-jasmin-companion-portfolio-america-white-p-38696.html HTTP/1.0" 200 73236 "-" "Mozilla/5.0 (compatible; AhrefsBot/7.0; +http://ahrefs.com/robot/)"
13.66.139.26 - - [14/Dec/2020:07:50:19 +0100] "GET /mugs-and-mazagrans-c-12_57.html?page=5 HTTP/1.0" 200 95367 "-" "Mozilla/5.0 (compatible; bingbot/2.0; +http://www.bing.com/bingbot.htm)"
13.66.139.26 - - [14/Dec/2020:07:50:39 +0100] "GET /images/big_prod/9316188080187.jpg HTTP/1.0" 200 268 "-" "Mozilla/5.0 (compatible; bingbot/2.0; +http://www.bing.com/bingbot.htm)"
17.58.101.145 - - [14/Dec/2020:07:50:44 +0100] "GET /avengers-age-of-ultron-poster-p-32314.html HTTP/1.0" 200 71912 "-" "Mozilla/5.0 (Macintosh; Intel Mac OS X 10_15_5) AppleWebKit/605.1.15 (KHTML, like Gecko) Version/13.1.1 Safari/605.1.15 (Applebot/0.1; +http://www.apple.com/go/applebot)"
51.68.224.127 - - [14/Dec/2020:07:51:11 +0100] "GET /adminweb/export_orders_xml.php?token=256de2z6edz6ed2z6DFSFsed2zed6zeDSFDSGdzedezfzf&maxorders=10&orderstart=1&status=14&start_date=2018-10-01 HTTP/1.0" 200 285 "-" "GesCom CharlotteBoutik Serveur"
51.68.224.127 - - [14/Dec/2020:07:51:11 +0100] "GET /adminweb/export_orders_xml.php?token=256de2z6edz6ed2z6DFSFsed2zed6zeDSFDSGdzedezfzf&maxorders=10&orderstart=1&status=6&start_date=2018-10-01 HTTP/1.0" 200 30026 "-" "GesCom CharlotteBoutik Serveur"
114.119.147.45 - - [14/Dec/2020:07:51:21 +0100] "GET /%20images/big_prod/3453131139625.jpg HTTP/1.0" 404 1308 "-" "Mozilla/5.0 (Linux; Android 7.0;) AppleWebKit/537.36 (KHTML, like Gecko) Mobile Safari/537.36 (compatible; PetalBot;+https://aspiegel.com/petalbot)"
207.46.13.175 - - [14/Dec/2020:07:52:01 +0100] "GET /corsica-metal-plate-p-52527.html HTTP/1.0" 200 71804 "-" "Mozilla/5.0 (compatible; bingbot/2.0; +http://www.bing.com/bingbot.htm)"
54.36.148.83 - - [14/Dec/2020:07:52:25 +0100] "GET /duvet-cover-in-cotton-percale-80-threads-260-240-cm-p-52104.html HTTP/1.0" 200 72164 "-" "Mozilla/5.0 (compatible; AhrefsBot/7.0; +http://ahrefs.com/robot/)"
66.249.70.62 - - [14/Dec/2020:07:52:32 +0100] "GET /betty-boop-sweet-small-metal-plate-p-33733.html HTTP/1.0" 200 69318 "-" "Mozilla/5.0 (Linux; Android 6.0.1; Nexus 5X Build/MMB29P) AppleWebKit/537.36 (KHTML, like Gecko) Chrome/87.0.4280.90 Mobile Safari/537.36 (compatible; Googlebot/2.1; +http://www.google.com/bot.html)"
17.58.101.145 - - [14/Dec/2020:07:53:06 +0100] "GET /protective-fleece-pillow-cover-60-60-cm-p-39150.html HTTP/1.0" 200 71980 "-" "Mozilla/5.0 (Macintosh; Intel Mac OS X 10_15_5) AppleWebKit/605.1.15 (KHTML, like Gecko) Version/13.1.1 Safari/605.1.15 (Applebot/0.1; +http://www.apple.com/go/applebot)"
54.36.148.67 - - [14/Dec/2020:07:55:13 +0100] "GET /burlap-round-table-set-bistrot-p-51525.html HTTP/1.0" 200 72448 "-" "Mozilla/5.0 (compatible; AhrefsBot/7.0; +http://ahrefs.com/robot/)"
207.46.13.191 - - [14/Dec/2020:07:55:36 +0100] "GET /images/med_prod/3609810033979.jpg HTTP/1.0" 200 268 "-" "Mozilla/5.0 (compatible; bingbot/2.0; +http://www.bing.com/bingbot.htm)"
69.163.225.12 - - [14/Dec/2020:07:55:41 +0100] "GET /wp-admin/ HTTP/1.0" 301 529 "http://wonder-geek.com/" "Mozilla/5.0 (Windows NT 10.0; Win64; x64) AppleWebKit/537.36 (KHTML, like Gecko) Chrome/78.0.3904.97 Safari/537.36"
69.163.225.12 - - [14/Dec/2020:07:55:41 +0100] "GET /wp-admin/ HTTP/1.0" 404 1308 "http://wonder-geek.com/" "Mozilla/5.0 (Windows NT 10.0; Win64; x64) AppleWebKit/537.36 (KHTML, like Gecko) Chrome/78.0.3904.97 Safari/537.36"
114.119.151.113 - - [14/Dec/2020:07:55:44 +0100] "GET /little-toiletry-bag-p-45065.html HTTP/1.0" 200 71915 "-" "Mozilla/5.0 (Linux; Android 7.0;) AppleWebKit/537.36 (KHTML, like Gecko) Mobile Safari/537.36 (compatible; PetalBot;+https://aspiegel.com/petalbot)"
204.83.247.28 - - [14/Dec/2020:07:56:20 +0100] "GET /bob-marley-zippo-lighter-p-29779.html HTTP/1.0" 200 72314 "https://www.google.com/" "Mozilla/5.0 (iPhone; CPU iPhone OS 13_5 like Mac OS X) AppleWebKit/605.1.15 (KHTML, like Gecko) GSA/128.0.335051718 Mobile/15E148 Safari/604.1"
204.83.247.28 - - [14/Dec/2020:07:56:21 +0100] "GET /templates/Pixame_v1/stylesheet.css HTTP/1.0" 200 267 "http://www.wonder-geek.com/bob-marley-zippo-lighter-p-29779.html" "Mozilla/5.0 (iPhone; CPU iPhone OS 13_5 like Mac OS X) AppleWebKit/605.1.15 (KHTML, like Gecko) GSA/128.0.335051718 Mobile/15E148 Safari/604.1"
204.83.247.28 - - [14/Dec/2020:07:56:21 +0100] "GET /highslide/highslide.js HTTP/1.0" 200 262 "http://www.wonder-geek.com/bob-marley-zippo-lighter-p-29779.html" "Mozilla/5.0 (iPhone; CPU iPhone OS 13_5 like Mac OS X) AppleWebKit/605.1.15 (KHTML, like Gecko) GSA/128.0.335051718 Mobile/15E148 Safari/604.1"
157.55.39.179 - - [14/Dec/2020:07:56:21 +0100] "GET /images/big_prod/8422010878028.jpg HTTP/1.0" 200 268 "-" "Mozilla/5.0 (compatible; bingbot/2.0; +http://www.bing.com/bingbot.htm)"
204.83.247.28 - - [14/Dec/2020:07:56:22 +0100] "GET /js/jquery.js HTTP/1.0" 200 252 "http://www.wonder-geek.com/bob-marley-zippo-lighter-p-29779.html" "Mozilla/5.0 (iPhone; CPU iPhone OS 13_5 like Mac OS X) AppleWebKit/605.1.15 (KHTML, like Gecko) GSA/128.0.335051718 Mobile/15E148 Safari/604.1"
204.83.247.28 - - [14/Dec/2020:07:56:22 +0100] "GET /js/jquery.jqzoom.js HTTP/1.0" 200 259 "http://www.wonder-geek.com/bob-marley-zippo-lighter-p-29779.html" "Mozilla/5.0 (iPhone; CPU iPhone OS 13_5 like Mac OS X) AppleWebKit/605.1.15 (KHTML, like Gecko) GSA/128.0.335051718 Mobile/15E148 Safari/604.1"
204.83.247.28 - - [14/Dec/2020:07:56:23 +0100] "GET /swfobject.js HTTP/1.0" 404 1308 "http://www.wonder-geek.com/bob-marley-zippo-lighter-p-29779.html" "Mozilla/5.0 (iPhone; CPU iPhone OS 13_5 like Mac OS X) AppleWebKit/605.1.15 (KHTML, like Gecko) GSA/128.0.335051718 Mobile/15E148 Safari/604.1"
204.83.247.28 - - [14/Dec/2020:07:56:23 +0100] "GET /mondial_relay/js/jquery-1.3.2.min.js HTTP/1.0" 200 276 "http://www.wonder-geek.com/bob-marley-zippo-lighter-p-29779.html" "Mozilla/5.0 (iPhone; CPU iPhone OS 13_5 like Mac OS X) AppleWebKit/605.1.15 (KHTML, like Gecko) GSA/128.0.335051718 Mobile/15E148 Safari/604.1"
204.83.247.28 - - [14/Dec/2020:07:56:24 +0100] "GET /templates/Pixame_v1/images/icon_accueil2.png HTTP/1.0" 200 278 "http://www.wonder-geek.com/bob-marley-zippo-lighter-p-29779.html" "Mozilla/5.0 (iPhone; CPU iPhone OS 13_5 like Mac OS X) AppleWebKit/605.1.15 (KHTML, like Gecko) GSA/128.0.335051718 Mobile/15E148 Safari/604.1"
204.83.247.28 - - [14/Dec/2020:07:56:25 +0100] "GET /templates/Pixame_v1/images/infobox/pixel_trans.gif HTTP/1.0" 200 328 "http://www.wonder-geek.com/bob-marley-zippo-lighter-p-29779.html" "Mozilla/5.0 (iPhone; CPU iPhone OS 13_5 like Mac OS X) AppleWebKit/605.1.15 (KHTML, like Gecko) GSA/128.0.335051718 Mobile/15E148 Safari/604.1"
204.83.247.28 - - [14/Dec/2020:07:56:26 +0100] "GET /images/1341689284886.jpg HTTP/1.0" 200 259 "http://www.wonder-geek.com/bob-marley-zippo-lighter-p-29779.html" "Mozilla/5.0 (iPhone; CPU iPhone OS 13_5 like Mac OS X) AppleWebKit/605.1.15 (KHTML, like Gecko) GSA/128.0.335051718 Mobile/15E148 Safari/604.1"
204.83.247.28 - - [14/Dec/2020:07:56:26 +0100] "GET /images/pixel_trans.gif HTTP/1.0" 200 328 "http://www.wonder-geek.com/bob-marley-zippo-lighter-p-29779.html" "Mozilla/5.0 (iPhone; CPU iPhone OS 13_5 like Mac OS X) AppleWebKit/605.1.15 (KHTML, like Gecko) GSA/128.0.335051718 Mobile/15E148 Safari/604.1"
204.83.247.28 - - [14/Dec/2020:07:56:26 +0100] "GET /templates/Pixame_v1/images/pixel_trans.gif HTTP/1.0" 200 328 "http://www.wonder-geek.com/bob-marley-zippo-lighter-p-29779.html" "Mozilla/5.0 (iPhone; CPU iPhone OS 13_5 like Mac OS X) AppleWebKit/605.1.15 (KHTML, like Gecko) GSA/128.0.335051718 Mobile/15E148 Safari/604.1"
204.83.247.28 - - [14/Dec/2020:07:56:26 +0100] "GET /templates/Pixame_v1/images/buttons/english/button_in_cart.gif HTTP/1.0" 200 295 "http://www.wonder-geek.com/bob-marley-zippo-lighter-p-29779.html" "Mozilla/5.0 (iPhone; CPU iPhone OS 13_5 like Mac OS X) AppleWebKit/605.1.15 (KHTML, like Gecko) GSA/128.0.335051718 Mobile/15E148 Safari/604.1"
13.66.139.26 - - [14/Dec/2020:07:56:30 +0100] "GET /images/big_prod_1/b8718657460567.jpg HTTP/1.0" 200 271 "-" "Mozilla/5.0 (compatible; bingbot/2.0; +http://www.bing.com/bingbot.htm)"
204.83.247.28 - - [14/Dec/2020:07:56:32 +0100] "GET /templates/Pixame_v1/images/Bottom_texture.jpg HTTP/1.0" 200 280 "http://www.wonder-geek.com/bob-marley-zippo-lighter-p-29779.html" "Mozilla/5.0 (iPhone; CPU iPhone OS 13_5 like Mac OS X) AppleWebKit/605.1.15 (KHTML, like Gecko) GSA/128.0.335051718 Mobile/15E148 Safari/604.1"
204.83.247.28 - - [14/Dec/2020:07:56:33 +0100] "GET /templates/Pixame_v1/images/Middle_texture.jpg HTTP/1.0" 200 280 "http://www.wonder-geek.com/bob-marley-zippo-lighter-p-29779.html" "Mozilla/5.0 (iPhone; CPU iPhone OS 13_5 like Mac OS X) AppleWebKit/605.1.15 (KHTML, like Gecko) GSA/128.0.335051718 Mobile/15E148 Safari/604.1"
204.83.247.28 - - [14/Dec/2020:07:56:35 +0100] "GET /templates/Pixame_v1/images/nav.png HTTP/1.0" 200 268 "http://www.wonder-geek.com/bob-marley-zippo-lighter-p-29779.html" "Mozilla/5.0 (iPhone; CPU iPhone OS 13_5 like Mac OS X) AppleWebKit/605.1.15 (KHTML, like Gecko) GSA/128.0.335051718 Mobile/15E148 Safari/604.1"
204.83.247.28 - - [14/Dec/2020:07:56:38 +0100] "GET /templates/Pixame_v1/images/header.png HTTP/1.0" 200 271 "http://www.wonder-geek.com/bob-marley-zippo-lighter-p-29779.html" "Mozilla/5.0 (iPhone; CPU iPhone OS 13_5 like Mac OS X) AppleWebKit/605.1.15 (KHTML, like Gecko) GSA/128.0.335051718 Mobile/15E148 Safari/604.1"
204.83.247.28 - - [14/Dec/2020:07:56:42 +0100] "GET /templates/Pixame_v1/images/header-object.png HTTP/1.0" 200 278 "http://www.wonder-geek.com/bob-marley-zippo-lighter-p-29779.html" "Mozilla/5.0 (iPhone; CPU iPhone OS 13_5 like Mac OS X) AppleWebKit/605.1.15 (KHTML, like Gecko) GSA/128.0.335051718 Mobile/15E148 Safari/604.1"
204.83.247.28 - - [14/Dec/2020:07:56:44 +0100] "GET /design/productsenstock.png HTTP/1.0" 200 260 "http://www.wonder-geek.com/bob-marley-zippo-lighter-p-29779.html" "Mozilla/5.0 (iPhone; CPU iPhone OS 13_5 like Mac OS X) AppleWebKit/605.1.15 (KHTML, like Gecko) GSA/128.0.335051718 Mobile/15E148 Safari/604.1"
204.83.247.28 - - [14/Dec/2020:07:56:45 +0100] "GET /templates/Pixame_v1/images/infobox/infobox_footer_middle.gif HTTP/1.0" 200 357 "http://www.wonder-geek.com/bob-marley-zippo-lighter-p-29779.html" "Mozilla/5.0 (iPhone; CPU iPhone OS 13_5 like Mac OS X) AppleWebKit/605.1.15 (KHTML, like Gecko) GSA/128.0.335051718 Mobile/15E148 Safari/604.1"
204.83.247.28 - - [14/Dec/2020:07:56:45 +0100] "GET /highslide/graphics/zoomin.cur HTTP/1.0" 200 614 "http://www.wonder-geek.com/bob-marley-zippo-lighter-p-29779.html" "Mozilla/5.0 (iPhone; CPU iPhone OS 13_5 like Mac OS X) AppleWebKit/605.1.15 (KHTML, like Gecko) GSA/128.0.335051718 Mobile/15E148 Safari/604.1"
204.83.247.28 - - [14/Dec/2020:07:57:02 +0100] "GET /bob-marley-zippo-lighter-p-29779.html HTTP/1.0" 200 72314 "-" "Mozilla/5.0 (iPhone; CPU iPhone OS 13_5 like Mac OS X) AppleWebKit/605.1.15 (KHTML, like Gecko) GSA/128.0.335051718 Mobile/15E148 Safari/604.1"
5.255.231.71 - - [14/Dec/2020:07:57:20 +0100] "GET /images/med_prod/4012390369380.jpg HTTP/1.0" 200 268 "-" "Mozilla/5.0 (compatible; YandexImages/3.0; +http://yandex.com/bots)"
13.66.139.26 - - [14/Dec/2020:07:58:00 +0100] "GET /images/big_prod_1/3014627746132NN.jpg HTTP/1.0" 200 272 "-" "Mozilla/5.0 (compatible; bingbot/2.0; +http://www.bing.com/bingbot.htm)"
13.66.139.26 - - [14/Dec/2020:07:58:01 +0100] "GET /images/big_prod/1384010184783.jpg HTTP/1.0" 200 268 "-" "Mozilla/5.0 (compatible; bingbot/2.0; +http://www.bing.com/bingbot.htm)"
54.36.149.47 - - [14/Dec/2020:07:58:12 +0100] "GET /usa-flag-bar-stool-p-17570.html HTTP/1.0" 200 71572 "-" "Mozilla/5.0 (compatible; AhrefsBot/7.0; +http://ahrefs.com/robot/)"
13.66.139.26 - - [14/Dec/2020:07:58:21 +0100] "GET /images/1399984231289.jpg HTTP/1.0" 200 259 "-" "Mozilla/5.0 (compatible; bingbot/2.0; +http://www.bing.com/bingbot.htm)"
13.66.139.26 - - [14/Dec/2020:07:59:21 +0100] "GET /images/big_prod_1/8719172838244a.jpg HTTP/1.0" 200 271 "-" "Mozilla/5.0 (compatible; bingbot/2.0; +http://www.bing.com/bingbot.htm)"
157.55.39.59 - - [14/Dec/2020:07:59:57 +0100] "GET /winnie-the-pooh-peel-and-stick-wall-decals-p-22540.html HTTP/1.0" 200 69393 "-" "Mozilla/5.0 (compatible; bingbot/2.0; +http://www.bing.com/bingbot.htm)"
13.66.139.26 - - [14/Dec/2020:08:00:02 +0100] "GET /images/DSCN458419072013.jpg HTTP/1.0" 200 262 "-" "Mozilla/5.0 (compatible; bingbot/2.0; +http://www.bing.com/bingbot.htm)"
13.66.139.26 - - [14/Dec/2020:08:00:02 +0100] "GET /images/big_prod_1/4036113430577A.jpg HTTP/1.0" 200 271 "-" "Mozilla/5.0 (compatible; bingbot/2.0; +http://www.bing.com/bingbot.htm)"
114.119.132.105 - - [14/Dec/2020:08:00:06 +0100] "GET /rolling-stones-zippo-lighter-p-29788.html HTTP/1.0" 200 69323 "-" "Mozilla/5.0 (Linux; Android 7.0;) AppleWebKit/537.36 (KHTML, like Gecko) Mobile Safari/537.36 (compatible; PetalBot;+https://aspiegel.com/petalbot)"
17.58.101.145 - - [14/Dec/2020:08:00:23 +0100] "GET /beige-adult-cotton-apron-p-44362.html HTTP/1.0" 200 71817 "-" "Mozilla/5.0 (Macintosh; Intel Mac OS X 10_15_5) AppleWebKit/605.1.15 (KHTML, like Gecko) Version/13.1.1 Safari/605.1.15 (Applebot/0.1; +http://www.apple.com/go/applebot)"
13.66.139.26 - - [14/Dec/2020:08:00:40 +0100] "GET /images/big_prod/8422096017632.jpg HTTP/1.0" 200 268 "-" "Mozilla/5.0 (compatible; bingbot/2.0; +http://www.bing.com/bingbot.htm)"
54.36.148.114 - - [14/Dec/2020:08:01:23 +0100] "GET /dishes-c-12.html?page=89 HTTP/1.0" 200 90765 "-" "Mozilla/5.0 (compatible; AhrefsBot/7.0; +http://ahrefs.com/robot/)"
157.55.39.197 - - [14/Dec/2020:08:01:40 +0100] "GET /skull-salt-shaker-p-34351.html HTTP/1.0" 200 69268 "-" "Mozilla/5.0 (compatible; bingbot/2.0; +http://www.bing.com/bingbot.htm)"
157.55.39.197 - - [14/Dec/2020:08:01:41 +0100] "GET /images/3662468002063.jpg HTTP/1.0" 200 259 "-" "Mozilla/5.0 (compatible; bingbot/2.0; +http://www.bing.com/bingbot.htm)"
157.55.39.197 - - [14/Dec/2020:08:01:42 +0100] "GET /placemats-c-12_156.html?page=5 HTTP/1.0" 200 90783 "-" "Mozilla/5.0 (compatible; bingbot/2.0; +http://www.bing.com/bingbot.htm)"
157.55.39.197 - - [14/Dec/2020:08:01:43 +0100] "GET /usa-mouse-pad-cbkreation-p-20057.html HTTP/1.0" 200 71803 "-" "Mozilla/5.0 (compatible; bingbot/2.0; +http://www.bing.com/bingbot.htm)"
157.55.39.197 - - [14/Dec/2020:08:01:44 +0100] "GET /the-simpsons-mug-p-27553.html HTTP/1.0" 200 71817 "-" "Mozilla/5.0 (compatible; bingbot/2.0; +http://www.bing.com/bingbot.htm)"
157.55.39.197 - - [14/Dec/2020:08:02:15 +0100] "GET /disney-beauty-and-the-beast-belle-jewelry-box-p-49748.html HTTP/1.0" 200 73183 "-" "Mozilla/5.0 (compatible; bingbot/2.0; +http://www.bing.com/bingbot.htm)"
157.55.39.197 - - [14/Dec/2020:08:02:16 +0100] "GET /-p-33299.html HTTP/1.0" 200 69192 "-" "Mozilla/5.0 (compatible; bingbot/2.0; +http://www.bing.com/bingbot.htm)"
157.55.39.197 - - [14/Dec/2020:08:02:17 +0100] "GET /images/big_prod/3014627556168.jpg HTTP/1.0" 200 268 "-" "Mozilla/5.0 (compatible; bingbot/2.0; +http://www.bing.com/bingbot.htm)"
157.55.39.197 - - [14/Dec/2020:08:02:18 +0100] "GET /images/mini_prod/3453131132930.jpg HTTP/1.0" 200 269 "-" "Mozilla/5.0 (compatible; bingbot/2.0; +http://www.bing.com/bingbot.htm)"
207.46.13.191 - - [14/Dec/2020:08:03:06 +0100] "GET /-p-17283.html HTTP/1.0" 200 69192 "-" "Mozilla/5.0 (compatible; bingbot/2.0; +http://www.bing.com/bingbot.htm)"
13.66.139.26 - - [14/Dec/2020:08:03:31 +0100] "GET /images/med_prod/1384010178843.jpg HTTP/1.0" 200 268 "-" "Mozilla/5.0 (compatible; bingbot/2.0; +http://www.bing.com/bingbot.htm)"
66.249.70.33 - - [14/Dec/2020:08:03:42 +0100] "GET /cats-by-dubout-figurine-the-third-eye-p-32711.html HTTP/1.0" 200 73744 "-" "Mozilla/5.0 (Linux; Android 6.0.1; Nexus 5X Build/MMB29P) AppleWebKit/537.36 (KHTML, like Gecko) Chrome/87.0.4280.90 Mobile Safari/537.36 (compatible; Googlebot/2.1; +http://www.google.com/bot.html)"
114.119.132.105 - - [14/Dec/2020:08:04:21 +0100] "GET /images/mini_prod/8422011475172.jpg HTTP/1.0" 200 269 "-" "Mozilla/5.0 (Linux; Android 7.0;) AppleWebKit/537.36 (KHTML, like Gecko) Mobile Safari/537.36 (compatible; PetalBot;+https://aspiegel.com/petalbot)"
54.36.148.83 - - [14/Dec/2020:08:04:24 +0100] "GET /cotton-floor-cushion-brown-45-cm-p-53470.html HTTP/1.0" 200 71884 "-" "Mozilla/5.0 (compatible; AhrefsBot/7.0; +http://ahrefs.com/robot/)"
13.66.139.26 - - [14/Dec/2020:08:04:33 +0100] "GET /images/big_prod_1/8720088292495a.jpg HTTP/1.0" 200 271 "-" "Mozilla/5.0 (compatible; bingbot/2.0; +http://www.bing.com/bingbot.htm)"
207.46.13.48 - - [14/Dec/2020:08:05:01 +0100] "GET /swfobject.js HTTP/1.0" 404 1308 "-" "Mozilla/5.0 (compatible; bingbot/2.0; +http://www.bing.com/bingbot.htm)"
13.66.139.26 - - [14/Dec/2020:08:05:10 +0100] "GET /images/big_prod/8718375753712.jpg HTTP/1.0" 200 268 "-" "Mozilla/5.0 (compatible; bingbot/2.0; +http://www.bing.com/bingbot.htm)"
207.46.13.175 - - [14/Dec/2020:08:06:01 +0100] "GET /resin-skull-ashtray-p-53003.html HTTP/1.0" 200 71788 "-" "Mozilla/5.0 (compatible; bingbot/2.0; +http://www.bing.com/bingbot.htm)"
66.249.70.36 - - [14/Dec/2020:08:06:24 +0100] "GET /images/med_prod/8435333836873.jpg HTTP/1.0" 200 268 "-" "Googlebot-Image/1.0"
216.244.66.242 - - [14/Dec/2020:08:06:27 +0100] "GET /robots.txt HTTP/1.0" 200 245 "-" "Mozilla/5.0 (compatible; DotBot/1.1; http://www.opensiteexplorer.org/dotbot, help@moz.com)"
207.46.13.175 - - [14/Dec/2020:08:06:39 +0100] "GET /images/8435333820773.jpg HTTP/1.0" 200 259 "-" "Mozilla/5.0 (compatible; bingbot/2.0; +http://www.bing.com/bingbot.htm)"
157.55.39.184 - - [14/Dec/2020:08:07:02 +0100] "GET /harley-davidson-garage-metal-plate-p-33719.html HTTP/1.0" 200 71940 "-" "Mozilla/5.0 (compatible; bingbot/2.0; +http://www.bing.com/bingbot.htm)"
157.55.39.184 - - [14/Dec/2020:08:07:03 +0100] "GET /images/1020322242390.jpg HTTP/1.0" 200 259 "-" "Mozilla/5.0 (compatible; bingbot/2.0; +http://www.bing.com/bingbot.htm)"
157.55.39.184 - - [14/Dec/2020:08:07:03 +0100] "GET /images/big_prod/1384010184783.jpg HTTP/1.0" 200 268 "-" "Mozilla/5.0 (compatible; bingbot/2.0; +http://www.bing.com/bingbot.htm)"
157.55.39.184 - - [14/Dec/2020:08:07:04 +0100] "GET /images/big_prod_1/b1341689117993.jpg HTTP/1.0" 200 271 "-" "Mozilla/5.0 (compatible; bingbot/2.0; +http://www.bing.com/bingbot.htm)"
54.36.148.205 - - [14/Dec/2020:08:07:14 +0100] "GET /set-of-cups-kothai-p-49660.html HTTP/1.0" 200 71826 "-" "Mozilla/5.0 (compatible; AhrefsBot/7.0; +http://ahrefs.com/robot/)"
51.68.224.127 - - [14/Dec/2020:08:07:46 +0100] "GET /adminweb/export_orders_xml.php?token=256de2z6edz6ed2z6DFSFsed2zed6zeDSFDSGdzedezfzf&maxorders=10&orderstart=1&status=14&start_date=2018-10-01 HTTP/1.0" 200 285 "-" "GesCom CharlotteBoutik Serveur"
51.68.224.127 - - [14/Dec/2020:08:07:46 +0100] "GET /adminweb/export_orders_xml.php?token=256de2z6edz6ed2z6DFSFsed2zed6zeDSFDSGdzedezfzf&maxorders=10&orderstart=1&status=6&start_date=2018-10-01 HTTP/1.0" 200 30026 "-" "GesCom CharlotteBoutik Serveur"
114.119.158.196 - - [14/Dec/2020:08:08:46 +0100] "GET /images/big_prod/4012390387520.jpg HTTP/1.0" 200 268 "-" "Mozilla/5.0 (Linux; Android 7.0;) AppleWebKit/537.36 (KHTML, like Gecko) Mobile Safari/537.36 (compatible; PetalBot;+https://aspiegel.com/petalbot)"
207.46.13.191 - - [14/Dec/2020:08:08:47 +0100] "GET /psg-shower-curtain-180-180-cm-p-40808.html HTTP/1.0" 200 71923 "-" "Mozilla/5.0 (compatible; bingbot/2.0; +http://www.bing.com/bingbot.htm)"
54.36.148.83 - - [14/Dec/2020:08:09:50 +0100] "GET /teo-jasmin-companion-portfolio-hip-hop-denim-p-37995.html HTTP/1.0" 200 73454 "-" "Mozilla/5.0 (compatible; AhrefsBot/7.0; +http://ahrefs.com/robot/)"
13.66.139.26 - - [14/Dec/2020:08:10:01 +0100] "GET /images/big_prod/8422020166344.jpg HTTP/1.0" 200 268 "-" "Mozilla/5.0 (compatible; bingbot/2.0; +http://www.bing.com/bingbot.htm)"
13.66.139.26 - - [14/Dec/2020:08:10:22 +0100] "GET /images/big_prod/3609810083325b.jpg HTTP/1.0" 200 269 "-" "Mozilla/5.0 (compatible; bingbot/2.0; +http://www.bing.com/bingbot.htm)"
54.36.148.140 - - [14/Dec/2020:08:12:27 +0100] "GET /kawasaki-sugar-box-p-51154.html HTTP/1.0" 200 72513 "-" "Mozilla/5.0 (compatible; AhrefsBot/7.0; +http://ahrefs.com/robot/)"
114.119.132.105 - - [14/Dec/2020:08:13:08 +0100] "GET /artist-halloween-night-rabbit-figure-sheep-p-37900.html HTTP/1.0" 200 72673 "-" "Mozilla/5.0 (Linux; Android 7.0;) AppleWebKit/537.36 (KHTML, like Gecko) Mobile Safari/537.36 (compatible; PetalBot;+https://aspiegel.com/petalbot)"
207.46.13.175 - - [14/Dec/2020:08:13:39 +0100] "GET /js/jquery.js HTTP/1.0" 200 252 "-" "Mozilla/5.0 (compatible; bingbot/2.0; +http://www.bing.com/bingbot.htm)"
207.46.13.48 - - [14/Dec/2020:08:13:44 +0100] "GET /swfobject.js HTTP/1.0" 404 1308 "-" "Mozilla/5.0 (compatible; bingbot/2.0; +http://www.bing.com/bingbot.htm)"
13.66.139.26 - - [14/Dec/2020:08:14:02 +0100] "GET /images/big_prod/4260082936086.jpg HTTP/1.0" 200 268 "-" "Mozilla/5.0 (compatible; bingbot/2.0; +http://www.bing.com/bingbot.htm)"
207.46.13.49 - - [14/Dec/2020:08:14:18 +0100] "GET /images/3700856401286.jpg HTTP/1.0" 200 259 "-" "Mozilla/5.0 (compatible; bingbot/2.0; +http://www.bing.com/bingbot.htm)"
13.66.139.26 - - [14/Dec/2020:08:14:23 +0100] "GET /images/big_prod/3609810027572.jpg HTTP/1.0" 200 268 "-" "Mozilla/5.0 (compatible; bingbot/2.0; +http://www.bing.com/bingbot.htm)"
207.46.13.48 - - [14/Dec/2020:08:14:35 +0100] "GET /cars-pairs-of-bobby-socks-size-19-22-p-25691.html HTTP/1.0" 200 69369 "-" "Mozilla/5.0 (compatible; bingbot/2.0; +http://www.bing.com/bingbot.htm)"
54.36.149.54 - - [14/Dec/2020:08:15:10 +0100] "GET /metal-lamp-p-53381.html HTTP/1.0" 200 72737 "-" "Mozilla/5.0 (compatible; AhrefsBot/7.0; +http://ahrefs.com/robot/)"
13.66.139.26 - - [14/Dec/2020:08:15:32 +0100] "GET /images/big_prod_1/8424346228942a.jpg HTTP/1.0" 200 271 "-" "Mozilla/5.0 (compatible; bingbot/2.0; +http://www.bing.com/bingbot.htm)"
13.66.139.26 - - [14/Dec/2020:08:15:33 +0100] "GET /images/big_prod_1/3574645763509b.jpg HTTP/1.0" 200 271 "-" "Mozilla/5.0 (compatible; bingbot/2.0; +http://www.bing.com/bingbot.htm)"
207.46.13.49 - - [14/Dec/2020:08:16:08 +0100] "GET /images/big_prod/3609810081529.jpg HTTP/1.0" 200 268 "-" "Mozilla/5.0 (compatible; bingbot/2.0; +http://www.bing.com/bingbot.htm)"
13.66.139.26 - - [14/Dec/2020:08:16:31 +0100] "GET /images/big_prod_2/c8435337081958.jpg HTTP/1.0" 200 271 "-" "Mozilla/5.0 (compatible; bingbot/2.0; +http://www.bing.com/bingbot.htm)"
77.75.78.164 - - [14/Dec/2020:08:17:08 +0100] "GET /robots.txt HTTP/1.0" 200 245 "-" "Mozilla/5.0 (compatible; SeznamBot/3.2; +http://napoveda.seznam.cz/en/seznambot-intro/)"
77.75.78.164 - - [14/Dec/2020:08:17:08 +0100] "GET /votive-candle-stopover-in-the-mediterranean-p-44131.html HTTP/1.0" 200 72788 "-" "Mozilla/5.0 (compatible; SeznamBot/3.2; +http://napoveda.seznam.cz/en/seznambot-intro/)"
77.75.78.164 - - [14/Dec/2020:08:17:10 +0100] "GET /images/mini_prod/a8422048810403.jpg HTTP/1.0" 200 270 "-" "Mozilla/5.0 (compatible; SeznamBot/3.2; +http://napoveda.seznam.cz/en/seznambot-intro/)"
216.244.66.242 - - [14/Dec/2020:08:17:11 +0100] "GET /toilet-paper-dispenser-p-42986.html HTTP/1.0" 200 71832 "-" "Mozilla/5.0 (compatible; DotBot/1.1; http://www.opensiteexplorer.org/dotbot, help@moz.com)"
13.66.139.26 - - [14/Dec/2020:08:17:21 +0100] "GET /-p-23351.html HTTP/1.0" 200 69192 "-" "Mozilla/5.0 (compatible; bingbot/2.0; +http://www.bing.com/bingbot.htm)"
216.244.66.242 - - [14/Dec/2020:08:17:21 +0100] "GET /cat-black-and-white-set-salt-and-pepper-p-37398.html HTTP/1.0" 200 69378 "-" "Mozilla/5.0 (compatible; DotBot/1.1; http://www.opensiteexplorer.org/dotbot, help@moz.com)"
216.244.66.242 - - [14/Dec/2020:08:17:27 +0100] "GET /scent-cup-heart-and-home-simply-spa-p-43778.html HTTP/1.0" 200 72362 "-" "Mozilla/5.0 (compatible; DotBot/1.1; http://www.opensiteexplorer.org/dotbot, help@moz.com)"
114.119.150.15 - - [14/Dec/2020:08:17:32 +0100] "GET /%20images/100_1842-copie-2.jpg HTTP/1.0" 404 1308 "-" "Mozilla/5.0 (Linux; Android 7.0;) AppleWebKit/537.36 (KHTML, like Gecko) Mobile Safari/537.36 (compatible; PetalBot;+https://aspiegel.com/petalbot)"
17.58.101.145 - - [14/Dec/2020:08:17:32 +0100] "GET /protects-plastic-mattress-60-120-cm-p-39027.html HTTP/1.0" 200 69326 "-" "Mozilla/5.0 (Macintosh; Intel Mac OS X 10_15_5) AppleWebKit/605.1.15 (KHTML, like Gecko) Version/13.1.1 Safari/605.1.15 (Applebot/0.1; +http://www.apple.com/go/applebot)"
157.55.39.82 - - [14/Dec/2020:08:17:37 +0100] "GET /images/med_prod/1020322275527.jpg HTTP/1.0" 200 268 "-" "Mozilla/5.0 (compatible; bingbot/2.0; +http://www.bing.com/bingbot.htm)"
54.36.148.242 - - [14/Dec/2020:08:18:03 +0100] "GET /motor-ottoman-storage-box-27-cm-p-47388.html HTTP/1.0" 200 72013 "-" "Mozilla/5.0 (compatible; AhrefsBot/7.0; +http://ahrefs.com/robot/)"
207.46.13.48 - - [14/Dec/2020:08:18:08 +0100] "GET /images/big_prod/5406924021049.jpg HTTP/1.0" 200 268 "-" "Mozilla/5.0 (compatible; bingbot/2.0; +http://www.bing.com/bingbot.htm)"
13.66.139.26 - - [14/Dec/2020:08:18:22 +0100] "GET /images/big_prod/4036113232225.jpg HTTP/1.0" 200 268 "-" "Mozilla/5.0 (compatible; bingbot/2.0; +http://www.bing.com/bingbot.htm)"
54.36.149.24 - - [14/Dec/2020:08:18:34 +0100] "GET /set-of-pair-of-socks-strawberry-shortcake-size-24-26-p-24804.html HTTP/1.0" 301 69259 "-" "Mozilla/5.0 (compatible; AhrefsBot/7.0; +http://ahrefs.com/robot/)"
207.46.13.175 - - [14/Dec/2020:08:18:41 +0100] "GET /cars-disney-sergent-figure-p-11101.html HTTP/1.0" 200 69286 "-" "Mozilla/5.0 (compatible; bingbot/2.0; +http://www.bing.com/bingbot.htm)"
157.55.39.184 - - [14/Dec/2020:08:19:06 +0100] "GET /teo-jasmin-large-cabas-jasmine-rockabilly-p-39272.html HTTP/1.0" 200 69328 "-" "Mozilla/5.0 (compatible; bingbot/2.0; +http://www.bing.com/bingbot.htm)"
207.46.13.191 - - [14/Dec/2020:08:19:11 +0100] "GET /images/big_prod/8717318175543.jpg HTTP/1.0" 200 268 "-" "Mozilla/5.0 (compatible; bingbot/2.0; +http://www.bing.com/bingbot.htm)"
207.46.13.48 - - [14/Dec/2020:08:19:29 +0100] "GET /images/NOI3700653502261.jpg HTTP/1.0" 200 262 "-" "Mozilla/5.0 (compatible; bingbot/2.0; +http://www.bing.com/bingbot.htm)"
54.36.148.156 - - [14/Dec/2020:08:19:51 +0100] "GET /chocolat-menier-large-metal-plate-30-40-cm-p-27381.html?action=add_product HTTP/1.0" 302 476 "-" "Mozilla/5.0 (compatible; AhrefsBot/7.0; +http://ahrefs.com/robot/)"
216.244.66.242 - - [14/Dec/2020:08:19:58 +0100] "GET /cushions-c-11_71.html?page=7 HTTP/1.0" 200 93643 "-" "Mozilla/5.0 (compatible; DotBot/1.1; http://www.opensiteexplorer.org/dotbot, help@moz.com)"
216.244.66.242 - - [14/Dec/2020:08:20:02 +0100] "GET /trays-c-12_159.html?page=9 HTTP/1.0" 200 91282 "-" "Mozilla/5.0 (compatible; DotBot/1.1; http://www.opensiteexplorer.org/dotbot, help@moz.com)"
216.244.66.242 - - [14/Dec/2020:08:20:27 +0100] "GET /placemats-c-12_156.html?page=7 HTTP/1.0" 200 81163 "-" "Mozilla/5.0 (compatible; DotBot/1.1; http://www.opensiteexplorer.org/dotbot, help@moz.com)"
157.55.39.59 - - [14/Dec/2020:08:20:41 +0100] "GET /images/1399984230855.jpg HTTP/1.0" 200 259 "-" "Mozilla/5.0 (compatible; bingbot/2.0; +http://www.bing.com/bingbot.htm)"
54.36.148.182 - - [14/Dec/2020:08:20:45 +0100] "GET /stickers-c-129_50.html?page=2 HTTP/1.0" 200 76822 "-" "Mozilla/5.0 (compatible; AhrefsBot/7.0; +http://ahrefs.com/robot/)"
207.46.13.49 - - [14/Dec/2020:08:21:40 +0100] "GET /pinocchio-figure-collection-by-britto-p-52404.html HTTP/1.0" 200 73659 "-" "Mozilla/5.0 (compatible; bingbot/2.0; +http://www.bing.com/bingbot.htm)"
114.119.147.45 - - [14/Dec/2020:08:21:54 +0100] "GET /teal-blue-adult-japenese-apron-p-45911.html HTTP/1.0" 200 72481 "-" "Mozilla/5.0 (Linux; Android 7.0;) AppleWebKit/537.36 (KHTML, like Gecko) Mobile Safari/537.36 (compatible; PetalBot;+https://aspiegel.com/petalbot)"
216.244.66.242 - - [14/Dec/2020:08:21:58 +0100] "GET /minions-stickers-p-31216.html HTTP/1.0" 200 71793 "-" "Mozilla/5.0 (compatible; DotBot/1.1; http://www.opensiteexplorer.org/dotbot, help@moz.com)"
216.244.66.242 - - [14/Dec/2020:08:23:07 +0100] "GET /calamity-jane-figure-p-27318.html HTTP/1.0" 200 71663 "-" "Mozilla/5.0 (compatible; DotBot/1.1; http://www.opensiteexplorer.org/dotbot, help@moz.com)"
216.244.66.242 - - [14/Dec/2020:08:23:31 +0100] "GET /rectangular-wooden-tray-avocado-small-p-47694.html HTTP/1.0" 200 72060 "-" "Mozilla/5.0 (compatible; DotBot/1.1; http://www.opensiteexplorer.org/dotbot, help@moz.com)"
216.244.66.242 - - [14/Dec/2020:08:23:33 +0100] "GET /set-of-bears-fir-decoration-10-cm-p-49238.html HTTP/1.0" 200 71969 "-" "Mozilla/5.0 (compatible; DotBot/1.1; http://www.opensiteexplorer.org/dotbot, help@moz.com)"
54.36.148.83 - - [14/Dec/2020:08:23:37 +0100] "GET /plaid-sofa-throw-portofino-with-fringes-125-150-cm-p-47922.html HTTP/1.0" 200 72759 "-" "Mozilla/5.0 (compatible; AhrefsBot/7.0; +http://ahrefs.com/robot/)"
216.244.66.242 - - [14/Dec/2020:08:23:42 +0100] "GET /bella-candy-cloud-keychain-p-49757.html HTTP/1.0" 200 71861 "-" "Mozilla/5.0 (compatible; DotBot/1.1; http://www.opensiteexplorer.org/dotbot, help@moz.com)"
216.244.66.242 - - [14/Dec/2020:08:23:44 +0100] "GET /che-guevara-mini-magnet-mirror-p-19667.html HTTP/1.0" 200 71941 "-" "Mozilla/5.0 (compatible; DotBot/1.1; http://www.opensiteexplorer.org/dotbot, help@moz.com)"
216.244.66.242 - - [14/Dec/2020:08:23:47 +0100] "GET /eccentric-dog-breakfast-set-p-39752.html HTTP/1.0" 200 71907 "-" "Mozilla/5.0 (compatible; DotBot/1.1; http://www.opensiteexplorer.org/dotbot, help@moz.com)"
216.244.66.242 - - [14/Dec/2020:08:23:50 +0100] "GET /harley-davidson-metal-plate-p-40287.html HTTP/1.0" 200 72008 "-" "Mozilla/5.0 (compatible; DotBot/1.1; http://www.opensiteexplorer.org/dotbot, help@moz.com)"
51.68.224.127 - - [14/Dec/2020:08:23:51 +0100] "GET /adminweb/export_orders_xml.php?token=256de2z6edz6ed2z6DFSFsed2zed6zeDSFDSGdzedezfzf&maxorders=10&orderstart=1&status=14&start_date=2018-10-01 HTTP/1.0" 200 285 "-" "GesCom CharlotteBoutik Serveur"
51.68.224.127 - - [14/Dec/2020:08:23:51 +0100] "GET /adminweb/export_orders_xml.php?token=256de2z6edz6ed2z6DFSFsed2zed6zeDSFDSGdzedezfzf&maxorders=10&orderstart=1&status=6&start_date=2018-10-01 HTTP/1.0" 200 30026 "-" "GesCom CharlotteBoutik Serveur"
216.244.66.242 - - [14/Dec/2020:08:23:58 +0100] "GET /sticker-un-tit-cafe-70-cm-p-49079.html HTTP/1.0" 200 71958 "-" "Mozilla/5.0 (compatible; DotBot/1.1; http://www.opensiteexplorer.org/dotbot, help@moz.com)"
216.244.66.242 - - [14/Dec/2020:08:24:04 +0100] "GET /beatles-multifunction-bag-p-7756.html HTTP/1.0" 200 72077 "-" "Mozilla/5.0 (compatible; DotBot/1.1; http://www.opensiteexplorer.org/dotbot, help@moz.com)"
85.208.98.25 - - [14/Dec/2020:08:24:07 +0100] "GET /robots.txt HTTP/1.0" 200 245 "-" "Mozilla/5.0 (compatible; SemrushBot; +http://www.semrush.com/bot.html)"
85.208.98.25 - - [14/Dec/2020:08:24:07 +0100] "GET /robots.txt HTTP/1.0" 200 245 "-" "Mozilla/5.0 (compatible; SemrushBot; +http://www.semrush.com/bot.html)"
216.244.66.242 - - [14/Dec/2020:08:24:09 +0100] "GET /cherry-red-bread-bag-70-25-cm-p-39617.html HTTP/1.0" 200 71921 "-" "Mozilla/5.0 (compatible; DotBot/1.1; http://www.opensiteexplorer.org/dotbot, help@moz.com)"
216.244.66.242 - - [14/Dec/2020:08:24:14 +0100] "GET /rhinoceros-jar-utensil-cbkreation-p-33799.html HTTP/1.0" 200 71925 "-" "Mozilla/5.0 (compatible; DotBot/1.1; http://www.opensiteexplorer.org/dotbot, help@moz.com)"
216.244.66.242 - - [14/Dec/2020:08:24:18 +0100] "GET /windchime-wood-five-chimes-p-43514.html HTTP/1.0" 200 71877 "-" "Mozilla/5.0 (compatible; DotBot/1.1; http://www.opensiteexplorer.org/dotbot, help@moz.com)"
216.244.66.242 - - [14/Dec/2020:08:24:22 +0100] "GET /cotton-floor-cushion-45-cm-julie-naturel-p-49386.html HTTP/1.0" 200 72800 "-" "Mozilla/5.0 (compatible; DotBot/1.1; http://www.opensiteexplorer.org/dotbot, help@moz.com)"
13.66.139.26 - - [14/Dec/2020:08:24:23 +0100] "GET /images/big_prod/8717202552399.jpg HTTP/1.0" 200 268 "-" "Mozilla/5.0 (compatible; bingbot/2.0; +http://www.bing.com/bingbot.htm)"
13.66.139.26 - - [14/Dec/2020:08:24:24 +0100] "GET /images/med_prod/4036113232140.jpg HTTP/1.0" 200 268 "-" "Mozilla/5.0 (compatible; bingbot/2.0; +http://www.bing.com/bingbot.htm)"
216.244.66.242 - - [14/Dec/2020:08:24:25 +0100] "GET /-p-11661.html HTTP/1.0" 200 69192 "-" "Mozilla/5.0 (compatible; DotBot/1.1; http://www.opensiteexplorer.org/dotbot, help@moz.com)"
216.244.66.242 - - [14/Dec/2020:08:24:28 +0100] "GET /-p-25054.html HTTP/1.0" 200 69192 "-" "Mozilla/5.0 (compatible; DotBot/1.1; http://www.opensiteexplorer.org/dotbot, help@moz.com)"
216.244.66.242 - - [14/Dec/2020:08:24:31 +0100] "GET /oncle-sam-metal-magnet-p-8191.html HTTP/1.0" 200 69291 "-" "Mozilla/5.0 (compatible; DotBot/1.1; http://www.opensiteexplorer.org/dotbot, help@moz.com)"
85.208.98.25 - - [14/Dec/2020:08:24:37 +0100] "HEAD / HTTP/1.0" 200 386 "-" "Mozilla/5.0 (compatible; SemrushBot; +http://www.semrush.com/bot.html)"
