5.9.66.153 - - [14/Dec/2020:06:03:41 +0100] "GET /games-and-toys/toys/strawberry-shortcake-set-beach-p-24450.html HTTP/1.0" 301 69414 "-" "Mozilla/5.0 (compatible; MJ12bot/v1.4.8; http://mj12bot.com/)"
5.9.66.153 - - [14/Dec/2020:06:03:43 +0100] "GET /strawberry-shortcake-set-of-beach-p-24450.html HTTP/1.0" 200 69314 "-" "Mozilla/5.0 (compatible; MJ12bot/v1.4.8; http://mj12bot.com/)"
5.9.66.153 - - [14/Dec/2020:06:03:46 +0100] "GET /games-and-toys/toys/swimming-ring-adult-p-5987.html HTTP/1.0" 301 69256 "-" "Mozilla/5.0 (compatible; MJ12bot/v1.4.8; http://mj12bot.com/)"
5.9.66.153 - - [14/Dec/2020:06:03:47 +0100] "GET /-p-5987.html HTTP/1.0" 200 69190 "-" "Mozilla/5.0 (compatible; MJ12bot/v1.4.8; http://mj12bot.com/)"
5.9.66.153 - - [14/Dec/2020:06:03:49 +0100] "GET /games-and-toys/toys/the-smurfs-bath-toys-p-7290.html HTTP/1.0" 301 69256 "-" "Mozilla/5.0 (compatible; MJ12bot/v1.4.8; http://mj12bot.com/)"
54.36.148.83 - - [14/Dec/2020:06:03:50 +0100] "GET /spiderman-sports-bottle-p-25059.html HTTP/1.0" 200 71831 "-" "Mozilla/5.0 (compatible; AhrefsBot/7.0; +http://ahrefs.com/robot/)"
5.9.66.153 - - [14/Dec/2020:06:03:51 +0100] "GET /-p-7290.html HTTP/1.0" 200 69190 "-" "Mozilla/5.0 (compatible; MJ12bot/v1.4.8; http://mj12bot.com/)"
5.9.66.153 - - [14/Dec/2020:06:03:53 +0100] "GET /games-and-toys/toys/the-smurfs-bath-toys-p-7291.html HTTP/1.0" 301 69256 "-" "Mozilla/5.0 (compatible; MJ12bot/v1.4.8; http://mj12bot.com/)"
5.9.66.153 - - [14/Dec/2020:06:03:54 +0100] "GET /-p-7291.html HTTP/1.0" 200 69190 "-" "Mozilla/5.0 (compatible; MJ12bot/v1.4.8; http://mj12bot.com/)"
5.9.66.153 - - [14/Dec/2020:06:03:56 +0100] "GET /games-and-toys/toys/transformers-rescue-bots-energize-optimus-prime-figure-p-22213.html HTTP/1.0" 301 69259 "-" "Mozilla/5.0 (compatible; MJ12bot/v1.4.8; http://mj12bot.com/)"
5.9.66.153 - - [14/Dec/2020:06:03:58 +0100] "GET /-p-22213.html HTTP/1.0" 200 69192 "-" "Mozilla/5.0 (compatible; MJ12bot/v1.4.8; http://mj12bot.com/)"
5.9.66.153 - - [14/Dec/2020:06:03:59 +0100] "GET /games-and-toys/toys/vileda-cleaning-trolley-child-faro-p-17776.html HTTP/1.0" 301 69259 "-" "Mozilla/5.0 (compatible; MJ12bot/v1.4.8; http://mj12bot.com/)"
5.9.66.153 - - [14/Dec/2020:06:04:01 +0100] "GET /-p-17776.html HTTP/1.0" 200 69192 "-" "Mozilla/5.0 (compatible; MJ12bot/v1.4.8; http://mj12bot.com/)"
5.9.66.153 - - [14/Dec/2020:06:04:03 +0100] "GET /games-and-toys/water-and-outdoor-games/barbapapa-bath-toys-set-n%C3%82%C2%B01-p-918.html HTTP/1.0" 301 69358 "-" "Mozilla/5.0 (compatible; MJ12bot/v1.4.8; http://mj12bot.com/)"
5.9.66.153 - - [14/Dec/2020:06:04:05 +0100] "GET /barbapapa-bath-toys-p-918.html HTTP/1.0" 200 69274 "-" "Mozilla/5.0 (compatible; MJ12bot/v1.4.8; http://mj12bot.com/)"
5.9.66.153 - - [14/Dec/2020:06:04:07 +0100] "GET /games-and-toys/water-and-outdoor-games/barbapapa-bath-toys-set-n%C3%82%C2%B03-p-920.html HTTP/1.0" 301 69253 "-" "Mozilla/5.0 (compatible; MJ12bot/v1.4.8; http://mj12bot.com/)"
5.9.66.153 - - [14/Dec/2020:06:04:08 +0100] "GET /-p-920.html HTTP/1.0" 200 69188 "-" "Mozilla/5.0 (compatible; MJ12bot/v1.4.8; http://mj12bot.com/)"
5.9.66.153 - - [14/Dec/2020:06:04:10 +0100] "GET /games-and-toys/water-and-outdoor-games/barbapapa-bath-toys-set-n%C3%82%C2%B04-p-917.html HTTP/1.0" 301 69253 "-" "Mozilla/5.0 (compatible; MJ12bot/v1.4.8; http://mj12bot.com/)"
5.9.66.153 - - [14/Dec/2020:06:04:12 +0100] "GET /-p-917.html HTTP/1.0" 200 69188 "-" "Mozilla/5.0 (compatible; MJ12bot/v1.4.8; http://mj12bot.com/)"
5.9.66.153 - - [14/Dec/2020:06:04:14 +0100] "GET /games-and-toys/water-and-outdoor-games/gun-triad-ex3-p-20344.html HTTP/1.0" 301 69259 "-" "Mozilla/5.0 (compatible; MJ12bot/v1.4.8; http://mj12bot.com/)"
5.9.66.153 - - [14/Dec/2020:06:04:15 +0100] "GET /-p-20344.html HTTP/1.0" 200 69192 "-" "Mozilla/5.0 (compatible; MJ12bot/v1.4.8; http://mj12bot.com/)"
5.9.66.153 - - [14/Dec/2020:06:04:17 +0100] "GET /games-and-toys/water-and-outdoor-games/hello-kitty-balance-bike-p-7912.html HTTP/1.0" 301 69256 "-" "Mozilla/5.0 (compatible; MJ12bot/v1.4.8; http://mj12bot.com/)"
5.9.66.153 - - [14/Dec/2020:06:04:19 +0100] "GET /-p-7912.html HTTP/1.0" 200 69190 "-" "Mozilla/5.0 (compatible; MJ12bot/v1.4.8; http://mj12bot.com/)"
5.9.66.153 - - [14/Dec/2020:06:04:21 +0100] "GET /games-and-toys/water-and-outdoor-games/marsupilami-bath-toys-set-n%C3%82%C2%B02-p-7299.html HTTP/1.0" 301 69373 "-" "Mozilla/5.0 (compatible; MJ12bot/v1.4.8; http://mj12bot.com/)"
5.9.66.153 - - [14/Dec/2020:06:04:23 +0100] "GET /marsupilami-bath-toys-p-7299.html HTTP/1.0" 200 69286 "-" "Mozilla/5.0 (compatible; MJ12bot/v1.4.8; http://mj12bot.com/)"
5.9.66.153 - - [14/Dec/2020:06:04:24 +0100] "GET /ganesh-incense-holder-in-golden-aluminum-p-50384.html HTTP/1.0" 200 72063 "-" "Mozilla/5.0 (compatible; MJ12bot/v1.4.8; http://mj12bot.com/)"
5.9.66.153 - - [14/Dec/2020:06:04:26 +0100] "GET /garden-party-small-ashtray-p-37386.html HTTP/1.0" 200 71856 "-" "Mozilla/5.0 (compatible; MJ12bot/v1.4.8; http://mj12bot.com/)"
5.9.66.153 - - [14/Dec/2020:06:04:28 +0100] "GET /gary-figure-p-2848.html HTTP/1.0" 301 69256 "-" "Mozilla/5.0 (compatible; MJ12bot/v1.4.8; http://mj12bot.com/)"
5.9.66.153 - - [14/Dec/2020:06:04:30 +0100] "GET /-p-2848.html HTTP/1.0" 200 69190 "-" "Mozilla/5.0 (compatible; MJ12bot/v1.4.8; http://mj12bot.com/)"
5.9.66.153 - - [14/Dec/2020:06:04:32 +0100] "GET /gemini-pot-cookware-cbkreation-p-43269.html HTTP/1.0" 200 71946 "-" "Mozilla/5.0 (compatible; MJ12bot/v1.4.8; http://mj12bot.com/)"
5.9.66.153 - - [14/Dec/2020:06:04:34 +0100] "GET /gilt-mug-with-personalized-picture-p-16639.html HTTP/1.0" 200 72365 "-" "Mozilla/5.0 (compatible; MJ12bot/v1.4.8; http://mj12bot.com/)"
5.9.66.153 - - [14/Dec/2020:06:04:36 +0100] "GET /giraffe-decorative-statue-69-cm-p-35673.html HTTP/1.0" 301 69259 "-" "Mozilla/5.0 (compatible; MJ12bot/v1.4.8; http://mj12bot.com/)"
5.9.66.153 - - [14/Dec/2020:06:04:37 +0100] "GET /-p-35673.html HTTP/1.0" 200 69192 "-" "Mozilla/5.0 (compatible; MJ12bot/v1.4.8; http://mj12bot.com/)"
5.9.66.153 - - [14/Dec/2020:06:04:39 +0100] "GET /glass-cup-flower-of-life-p-47650.html HTTP/1.0" 200 71885 "-" "Mozilla/5.0 (compatible; MJ12bot/v1.4.8; http://mj12bot.com/)"
109.49.74.172 - - [14/Dec/2020:06:04:41 +0100] "GET /-m-275.html?page=1 HTTP/1.0" 200 87683 "-" "Mozilla/5.0 (Macintosh; Intel Mac OS X 10_15_6) AppleWebKit/605.1.15 (KHTML, like Gecko)"
109.49.74.172 - - [14/Dec/2020:06:04:42 +0100] "GET /apple-touch-icon-precomposed.png HTTP/1.0" 404 1308 "-" "Safari/16610.2.11.51.8 CFNetwork/1207.2 Darwin/20.1.0"
109.49.74.172 - - [14/Dec/2020:06:04:42 +0100] "GET /apple-touch-icon.png HTTP/1.0" 404 1308 "-" "Safari/16610.2.11.51.8 CFNetwork/1207.2 Darwin/20.1.0"
109.49.74.172 - - [14/Dec/2020:06:04:42 +0100] "GET /favicon.ico HTTP/1.0" 200 260 "-" "Safari/16610.2.11.51.8 CFNetwork/1207.2 Darwin/20.1.0"
5.9.66.153 - - [14/Dec/2020:06:04:41 +0100] "GET /glass-cups-with-wooden-cups-and-copper-inscriptions-p-49414.html HTTP/1.0" 200 72127 "-" "Mozilla/5.0 (compatible; MJ12bot/v1.4.8; http://mj12bot.com/)"
109.49.74.172 - - [14/Dec/2020:06:04:42 +0100] "GET /-m-275.html?page=1 HTTP/1.0" 200 87683 "-" "Mozilla/5.0 (iPhone; CPU iPhone OS 13_1_3 like Mac OS X) AppleWebKit/605.1.15 (KHTML, like Gecko) Version/13.0.1 Mobile/15E148 Safari/604.1"
5.9.66.153 - - [14/Dec/2020:06:04:44 +0100] "GET /glass-jellyfish-paperweight-cm-p-52788.html HTTP/1.0" 200 71896 "-" "Mozilla/5.0 (compatible; MJ12bot/v1.4.8; http://mj12bot.com/)"
5.9.66.153 - - [14/Dec/2020:06:04:46 +0100] "GET /glasses-and-drinking-cup-c-13_12_62.html HTTP/1.0" 200 90460 "-" "Mozilla/5.0 (compatible; MJ12bot/v1.4.8; http://mj12bot.com/)"
5.9.66.153 - - [14/Dec/2020:06:04:49 +0100] "GET /glitter-adhesive-roll-45-150-cm-black-p-43000.html HTTP/1.0" 200 72158 "-" "Mozilla/5.0 (compatible; MJ12bot/v1.4.8; http://mj12bot.com/)"
5.9.66.153 - - [14/Dec/2020:06:04:51 +0100] "GET /glitter-adhesive-roll-45-150-cm-grey-p-42999.html HTTP/1.0" 200 72153 "-" "Mozilla/5.0 (compatible; MJ12bot/v1.4.8; http://mj12bot.com/)"
5.9.66.153 - - [14/Dec/2020:06:04:53 +0100] "GET /glitter-adhesive-roll-45-150-cm-pink-p-42998.html HTTP/1.0" 200 72155 "-" "Mozilla/5.0 (compatible; MJ12bot/v1.4.8; http://mj12bot.com/)"
5.9.66.153 - - [14/Dec/2020:06:04:55 +0100] "GET /glitter-adhesive-roll-45-150-cm-silver-p-42997.html HTTP/1.0" 200 72164 "-" "Mozilla/5.0 (compatible; MJ12bot/v1.4.8; http://mj12bot.com/)"
5.9.66.153 - - [14/Dec/2020:06:04:56 +0100] "GET /gloss-for-lips-gingerbread-man-p-35397.html HTTP/1.0" 200 69339 "-" "Mozilla/5.0 (compatible; MJ12bot/v1.4.8; http://mj12bot.com/)"
5.9.66.153 - - [14/Dec/2020:06:04:58 +0100] "GET /goa-bedside-tripod-50-cm-p-39695.html HTTP/1.0" 200 71935 "-" "Mozilla/5.0 (compatible; MJ12bot/v1.4.8; http://mj12bot.com/)"
5.9.66.153 - - [14/Dec/2020:06:05:00 +0100] "GET /godfather-cosmetic-bag-p-6328.html HTTP/1.0" 301 69256 "-" "Mozilla/5.0 (compatible; MJ12bot/v1.4.8; http://mj12bot.com/)"
5.9.66.153 - - [14/Dec/2020:06:05:02 +0100] "GET /-p-6328.html HTTP/1.0" 200 69190 "-" "Mozilla/5.0 (compatible; MJ12bot/v1.4.8; http://mj12bot.com/)"
5.9.66.153 - - [14/Dec/2020:06:05:04 +0100] "GET /gorjuss-bath-towel-p-40753.html HTTP/1.0" 200 69254 "-" "Mozilla/5.0 (compatible; MJ12bot/v1.4.8; http://mj12bot.com/)"
5.9.66.153 - - [14/Dec/2020:06:05:06 +0100] "GET /gorjuss-chronicles-clutch-bag-found-my-family-in-book-p-46968.html HTTP/1.0" 200 74113 "-" "Mozilla/5.0 (compatible; MJ12bot/v1.4.8; http://mj12bot.com/)"
5.9.66.153 - - [14/Dec/2020:06:05:08 +0100] "GET /gorjuss-classic-stripe-boxed-pencil-set-ladybird-p-43174.html HTTP/1.0" 200 72718 "-" "Mozilla/5.0 (compatible; MJ12bot/v1.4.8; http://mj12bot.com/)"
207.46.13.48 - - [14/Dec/2020:06:05:09 +0100] "GET /decorative-wooden-plate-entree-interdite-aux-raleurs-red-p-47816.html HTTP/1.0" 200 72360 "-" "Mozilla/5.0 (compatible; bingbot/2.0; +http://www.bing.com/bingbot.htm)"
5.9.66.153 - - [14/Dec/2020:06:05:10 +0100] "GET /gorjuss-glass-frame-print-30-30-cm-p-29673.html HTTP/1.0" 200 69359 "-" "Mozilla/5.0 (compatible; MJ12bot/v1.4.8; http://mj12bot.com/)"
5.9.66.153 - - [14/Dec/2020:06:05:11 +0100] "GET /gorjuss-glass-frame-print-30-30-cm-p-29702.html HTTP/1.0" 200 72098 "-" "Mozilla/5.0 (compatible; MJ12bot/v1.4.8; http://mj12bot.com/)"
5.9.66.153 - - [14/Dec/2020:06:05:14 +0100] "GET /gorjuss-hush-little-bunny-mini-pouch-key-ring-p-33654.html HTTP/1.0" 200 69408 "-" "Mozilla/5.0 (compatible; MJ12bot/v1.4.8; http://mj12bot.com/)"
5.9.66.153 - - [14/Dec/2020:06:05:15 +0100] "GET /gorjuss-ladybird-beauty-bag-p-30842.html HTTP/1.0" 200 69318 "-" "Mozilla/5.0 (compatible; MJ12bot/v1.4.8; http://mj12bot.com/)"
5.9.66.153 - - [14/Dec/2020:06:05:17 +0100] "GET /gorjuss-ladybird-large-suitcase-60-cm-p-27367.html HTTP/1.0" 301 69259 "-" "Mozilla/5.0 (compatible; MJ12bot/v1.4.8; http://mj12bot.com/)"
5.9.66.153 - - [14/Dec/2020:06:05:19 +0100] "GET /-p-27367.html HTTP/1.0" 200 69192 "-" "Mozilla/5.0 (compatible; MJ12bot/v1.4.8; http://mj12bot.com/)"
5.9.66.153 - - [14/Dec/2020:06:05:22 +0100] "GET /gorjuss-ladybird-saddle-bag-p-29745.html HTTP/1.0" 200 69318 "-" "Mozilla/5.0 (compatible; MJ12bot/v1.4.8; http://mj12bot.com/)"
5.9.66.153 - - [14/Dec/2020:06:05:23 +0100] "GET /gorjuss-little-friend-large-cardboard-suitcase-p-32769.html HTTP/1.0" 200 69413 "-" "Mozilla/5.0 (compatible; MJ12bot/v1.4.8; http://mj12bot.com/)"
5.9.66.153 - - [14/Dec/2020:06:05:25 +0100] "GET /gorjuss-little-song-large-pink-backpack-p-35560.html HTTP/1.0" 301 69259 "-" "Mozilla/5.0 (compatible; MJ12bot/v1.4.8; http://mj12bot.com/)"
5.9.66.153 - - [14/Dec/2020:06:05:27 +0100] "GET /-p-35560.html HTTP/1.0" 200 69192 "-" "Mozilla/5.0 (compatible; MJ12bot/v1.4.8; http://mj12bot.com/)"
5.9.66.153 - - [14/Dec/2020:06:05:29 +0100] "GET /gorjuss-love-you-little-rabbit-shoulder-bag-p-28444.html HTTP/1.0" 301 69259 "-" "Mozilla/5.0 (compatible; MJ12bot/v1.4.8; http://mj12bot.com/)"
5.9.66.153 - - [14/Dec/2020:06:05:31 +0100] "GET /-p-28444.html HTTP/1.0" 200 69192 "-" "Mozilla/5.0 (compatible; MJ12bot/v1.4.8; http://mj12bot.com/)"
5.9.66.153 - - [14/Dec/2020:06:05:33 +0100] "GET /gorjuss-medium-cardboard-suitcase-p-32759.html HTTP/1.0" 301 69259 "-" "Mozilla/5.0 (compatible; MJ12bot/v1.4.8; http://mj12bot.com/)"
5.9.66.153 - - [14/Dec/2020:06:05:36 +0100] "GET /-p-32759.html HTTP/1.0" 200 69192 "-" "Mozilla/5.0 (compatible; MJ12bot/v1.4.8; http://mj12bot.com/)"
5.9.66.153 - - [14/Dec/2020:06:05:38 +0100] "GET /gorjuss-my-story-portfolio-p-41194.html HTTP/1.0" 200 69313 "-" "Mozilla/5.0 (compatible; MJ12bot/v1.4.8; http://mj12bot.com/)"
5.9.66.153 - - [14/Dec/2020:06:05:39 +0100] "GET /gorjuss-new-heights-bag-p-26337.html HTTP/1.0" 301 69259 "-" "Mozilla/5.0 (compatible; MJ12bot/v1.4.8; http://mj12bot.com/)"
5.9.66.153 - - [14/Dec/2020:06:05:41 +0100] "GET /-p-26337.html HTTP/1.0" 200 69192 "-" "Mozilla/5.0 (compatible; MJ12bot/v1.4.8; http://mj12bot.com/)"
5.9.66.153 - - [14/Dec/2020:06:05:43 +0100] "GET /gorjuss-new-heights-ballpoint-pen-p-28031.html HTTP/1.0" 200 69348 "-" "Mozilla/5.0 (compatible; MJ12bot/v1.4.8; http://mj12bot.com/)"
5.9.66.153 - - [14/Dec/2020:06:05:44 +0100] "GET /gorjuss-notebook-with-pen-p-27142.html HTTP/1.0" 301 69259 "-" "Mozilla/5.0 (compatible; MJ12bot/v1.4.8; http://mj12bot.com/)"
5.9.66.153 - - [14/Dec/2020:06:05:46 +0100] "GET /-p-27142.html HTTP/1.0" 200 69192 "-" "Mozilla/5.0 (compatible; MJ12bot/v1.4.8; http://mj12bot.com/)"
5.9.66.153 - - [14/Dec/2020:06:05:48 +0100] "GET /gorjuss-on-top-of-the-world-mousepad-p-24487.html HTTP/1.0" 301 69259 "-" "Mozilla/5.0 (compatible; MJ12bot/v1.4.8; http://mj12bot.com/)"
5.9.66.153 - - [14/Dec/2020:06:05:50 +0100] "GET /-p-24487.html HTTP/1.0" 200 69192 "-" "Mozilla/5.0 (compatible; MJ12bot/v1.4.8; http://mj12bot.com/)"
5.9.66.153 - - [14/Dec/2020:06:05:51 +0100] "GET /gorjuss-oops-daisy-glasses-box-p-35805.html HTTP/1.0" 200 69306 "-" "Mozilla/5.0 (compatible; MJ12bot/v1.4.8; http://mj12bot.com/)"
5.9.66.153 - - [14/Dec/2020:06:05:53 +0100] "GET /gorjuss-oops-daisy-lunch-bag-p-35572.html HTTP/1.0" 301 69259 "-" "Mozilla/5.0 (compatible; MJ12bot/v1.4.8; http://mj12bot.com/)"
5.9.66.153 - - [14/Dec/2020:06:05:55 +0100] "GET /-p-35572.html HTTP/1.0" 200 69192 "-" "Mozilla/5.0 (compatible; MJ12bot/v1.4.8; http://mj12bot.com/)"
5.9.66.153 - - [14/Dec/2020:06:05:57 +0100] "GET /gorjuss-oops-daisy-maxi-portfolio-p-35955.html HTTP/1.0" 200 69354 "-" "Mozilla/5.0 (compatible; MJ12bot/v1.4.8; http://mj12bot.com/)"
13.66.139.79 - - [14/Dec/2020:06:05:59 +0100] "GET /images/33DSCN8144.jpg HTTP/1.0" 200 256 "-" "Mozilla/5.0 (compatible; bingbot/2.0; +http://www.bing.com/bingbot.htm)"
5.9.66.153 - - [14/Dec/2020:06:05:59 +0100] "GET /gorjuss-pulling-on-your-heart-strings-pencil-tin-p-34722.html HTTP/1.0" 200 69423 "-" "Mozilla/5.0 (compatible; MJ12bot/v1.4.8; http://mj12bot.com/)"
5.9.66.153 - - [14/Dec/2020:06:06:00 +0100] "GET /gorjuss-the-collector-beauty-bag-p-29739.html HTTP/1.0" 200 69343 "-" "Mozilla/5.0 (compatible; MJ12bot/v1.4.8; http://mj12bot.com/)"
5.9.66.153 - - [14/Dec/2020:06:06:02 +0100] "GET /gorjuss-the-collector-saddle-bag-p-32736.html HTTP/1.0" 200 69343 "-" "Mozilla/5.0 (compatible; MJ12bot/v1.4.8; http://mj12bot.com/)"
13.66.139.26 - - [14/Dec/2020:06:06:03 +0100] "GET /images/big_prod_1/4260082935607a.jpg HTTP/1.0" 200 271 "-" "Mozilla/5.0 (compatible; bingbot/2.0; +http://www.bing.com/bingbot.htm)"
13.66.139.26 - - [14/Dec/2020:06:06:04 +0100] "GET /images/big_prod/B11113-copie.jpg HTTP/1.0" 200 267 "-" "Mozilla/5.0 (compatible; bingbot/2.0; +http://www.bing.com/bingbot.htm)"
5.9.66.153 - - [14/Dec/2020:06:06:04 +0100] "GET /gorjuss-the-collector-shopping-bag-p-29741.html HTTP/1.0" 200 72124 "-" "Mozilla/5.0 (compatible; MJ12bot/v1.4.8; http://mj12bot.com/)"
5.9.66.153 - - [14/Dec/2020:06:06:06 +0100] "GET /gorjuss-the-dreamer-maxi-portfolio-p-26466.html HTTP/1.0" 200 72079 "-" "Mozilla/5.0 (compatible; MJ12bot/v1.4.8; http://mj12bot.com/)"
5.9.66.153 - - [14/Dec/2020:06:06:08 +0100] "GET /gorjuss-the-dreamer-pencil-case-p-29921.html HTTP/1.0" 200 69338 "-" "Mozilla/5.0 (compatible; MJ12bot/v1.4.8; http://mj12bot.com/)"
5.9.66.153 - - [14/Dec/2020:06:06:10 +0100] "GET /gorjuss-the-hatter-mini-pouch-key-ring-p-33653.html HTTP/1.0" 200 69334 "-" "Mozilla/5.0 (compatible; MJ12bot/v1.4.8; http://mj12bot.com/)"
17.58.101.145 - - [14/Dec/2020:06:06:10 +0100] "GET /metal-beer-bucket-le-bistrot-des-amis-p-42680.html HTTP/1.0" 200 71970 "-" "Mozilla/5.0 (Macintosh; Intel Mac OS X 10_15_5) AppleWebKit/605.1.15 (KHTML, like Gecko) Version/13.1.1 Safari/605.1.15 (Applebot/0.1; +http://www.apple.com/go/applebot)"
5.9.66.153 - - [14/Dec/2020:06:06:12 +0100] "GET /gorjuss-the-scarf-glasses-box-p-35808.html HTTP/1.0" 200 72964 "-" "Mozilla/5.0 (compatible; MJ12bot/v1.4.8; http://mj12bot.com/)"
5.9.66.153 - - [14/Dec/2020:06:06:13 +0100] "GET /gorjuss-the-scarf-maxi-portfolio-p-35956.html HTTP/1.0" 200 69343 "-" "Mozilla/5.0 (compatible; MJ12bot/v1.4.8; http://mj12bot.com/)"
54.36.149.102 - - [14/Dec/2020:06:06:14 +0100] "GET /ceramic-salt-box-with-spoon-inaya-color-p-50603.html HTTP/1.0" 200 71925 "-" "Mozilla/5.0 (compatible; AhrefsBot/7.0; +http://ahrefs.com/robot/)"
5.9.66.153 - - [14/Dec/2020:06:06:16 +0100] "GET /gorjuss-toadstools-pencil-tin-p-29915.html HTTP/1.0" 200 69328 "-" "Mozilla/5.0 (compatible; MJ12bot/v1.4.8; http://mj12bot.com/)"
5.9.66.153 - - [14/Dec/2020:06:06:17 +0100] "GET /gorjuss-we-can-all-shine-bag-p-26340.html HTTP/1.0" 301 69259 "-" "Mozilla/5.0 (compatible; MJ12bot/v1.4.8; http://mj12bot.com/)"
13.66.139.79 - - [14/Dec/2020:06:06:19 +0100] "GET /images/big_prod/3503420100871.jpg HTTP/1.0" 200 268 "-" "Mozilla/5.0 (compatible; bingbot/2.0; +http://www.bing.com/bingbot.htm)"
5.9.66.153 - - [14/Dec/2020:06:06:19 +0100] "GET /-p-26340.html HTTP/1.0" 200 69192 "-" "Mozilla/5.0 (compatible; MJ12bot/v1.4.8; http://mj12bot.com/)"
5.9.66.153 - - [14/Dec/2020:06:06:21 +0100] "GET /gorjuss-we-can-all-shine-bag-p-26342.html HTTP/1.0" 301 69259 "-" "Mozilla/5.0 (compatible; MJ12bot/v1.4.8; http://mj12bot.com/)"
13.66.139.55 - - [14/Dec/2020:06:06:23 +0100] "GET /images/big_prod/3503420050435.jpg HTTP/1.0" 200 268 "-" "Mozilla/5.0 (compatible; bingbot/2.0; +http://www.bing.com/bingbot.htm)"
5.9.66.153 - - [14/Dec/2020:06:06:23 +0100] "GET /-p-26342.html HTTP/1.0" 200 69192 "-" "Mozilla/5.0 (compatible; MJ12bot/v1.4.8; http://mj12bot.com/)"
13.66.139.55 - - [14/Dec/2020:06:06:24 +0100] "GET /images/med_prod/5414451398688.jpg HTTP/1.0" 200 268 "-" "Mozilla/5.0 (compatible; bingbot/2.0; +http://www.bing.com/bingbot.htm)"
13.66.139.55 - - [14/Dec/2020:06:06:24 +0100] "GET /images/med_prod/1384010179635.jpg HTTP/1.0" 200 268 "-" "Mozilla/5.0 (compatible; bingbot/2.0; +http://www.bing.com/bingbot.htm)"
13.66.139.55 - - [14/Dec/2020:06:06:24 +0100] "GET /images/big_prod_1/3281640392367.jpg HTTP/1.0" 200 270 "-" "Mozilla/5.0 (compatible; bingbot/2.0; +http://www.bing.com/bingbot.htm)"
13.66.139.55 - - [14/Dec/2020:06:06:25 +0100] "GET /images/med_prod/6942138911381.jpg HTTP/1.0" 200 268 "-" "Mozilla/5.0 (compatible; bingbot/2.0; +http://www.bing.com/bingbot.htm)"
5.9.66.153 - - [14/Dec/2020:06:06:25 +0100] "GET /gothic-black-and-red-lamp-p-23011.html HTTP/1.0" 200 71987 "-" "Mozilla/5.0 (compatible; MJ12bot/v1.4.8; http://mj12bot.com/)"
5.9.66.153 - - [14/Dec/2020:06:06:26 +0100] "GET /gothic-pink-and-green-lamp-p-23015.html HTTP/1.0" 200 72240 "-" "Mozilla/5.0 (compatible; MJ12bot/v1.4.8; http://mj12bot.com/)"
114.119.158.196 - - [14/Dec/2020:06:06:28 +0100] "GET /%20images/big_prod/8400000581264.jpg HTTP/1.0" 404 1308 "-" "Mozilla/5.0 (Linux; Android 7.0;) AppleWebKit/537.36 (KHTML, like Gecko) Mobile Safari/537.36 (compatible; PetalBot;+https://aspiegel.com/petalbot)"
5.9.66.153 - - [14/Dec/2020:06:06:28 +0100] "GET /gothic-pink-canvas-frame-p-23035.html HTTP/1.0" 301 69259 "-" "Mozilla/5.0 (compatible; MJ12bot/v1.4.8; http://mj12bot.com/)"
5.9.66.153 - - [14/Dec/2020:06:06:30 +0100] "GET /-p-23035.html HTTP/1.0" 200 69192 "-" "Mozilla/5.0 (compatible; MJ12bot/v1.4.8; http://mj12bot.com/)"
5.9.66.153 - - [14/Dec/2020:06:06:32 +0100] "GET /gothic-pink-canvas-frame-p-23036.html HTTP/1.0" 301 69259 "-" "Mozilla/5.0 (compatible; MJ12bot/v1.4.8; http://mj12bot.com/)"
5.9.66.153 - - [14/Dec/2020:06:06:34 +0100] "GET /-p-23036.html HTTP/1.0" 200 69192 "-" "Mozilla/5.0 (compatible; MJ12bot/v1.4.8; http://mj12bot.com/)"
5.9.66.153 - - [14/Dec/2020:06:06:35 +0100] "GET /gothic-pink-lamp-p-23015.html HTTP/1.0" 301 72333 "-" "Mozilla/5.0 (compatible; MJ12bot/v1.4.8; http://mj12bot.com/)"
5.9.66.153 - - [14/Dec/2020:06:06:37 +0100] "GET /gothic-pink-and-green-lamp-p-23015.html HTTP/1.0" 200 72240 "-" "Mozilla/5.0 (compatible; MJ12bot/v1.4.8; http://mj12bot.com/)"
5.9.66.153 - - [14/Dec/2020:06:06:39 +0100] "GET /gothic-red-canvas-frame-p-23017.html HTTP/1.0" 301 69259 "-" "Mozilla/5.0 (compatible; MJ12bot/v1.4.8; http://mj12bot.com/)"
5.9.66.153 - - [14/Dec/2020:06:06:41 +0100] "GET /-p-23017.html HTTP/1.0" 200 69192 "-" "Mozilla/5.0 (compatible; MJ12bot/v1.4.8; http://mj12bot.com/)"
5.9.66.153 - - [14/Dec/2020:06:06:42 +0100] "GET /gothic-red-lamp-p-23014.html HTTP/1.0" 301 69259 "-" "Mozilla/5.0 (compatible; MJ12bot/v1.4.8; http://mj12bot.com/)"
5.9.66.153 - - [14/Dec/2020:06:06:44 +0100] "GET /-p-23014.html HTTP/1.0" 200 69192 "-" "Mozilla/5.0 (compatible; MJ12bot/v1.4.8; http://mj12bot.com/)"
5.9.66.153 - - [14/Dec/2020:06:06:46 +0100] "GET /gothic-white-canvas-frame-p-23020.html HTTP/1.0" 200 71921 "-" "Mozilla/5.0 (compatible; MJ12bot/v1.4.8; http://mj12bot.com/)"
54.36.149.73 - - [14/Dec/2020:06:08:28 +0100] "GET /tweety-paris-glitter-globe-p-35347.html HTTP/1.0" 200 71922 "-" "Mozilla/5.0 (compatible; AhrefsBot/7.0; +http://ahrefs.com/robot/)"
207.46.13.175 - - [14/Dec/2020:06:08:40 +0100] "GET /clocks-c-13_67.html?page=15 HTTP/1.0" 200 91580 "-" "Mozilla/5.0 (compatible; bingbot/2.0; +http://www.bing.com/bingbot.htm)"
13.66.139.79 - - [14/Dec/2020:06:09:08 +0100] "GET /images/med_prod/1399984272152.jpg HTTP/1.0" 200 268 "-" "Mozilla/5.0 (compatible; bingbot/2.0; +http://www.bing.com/bingbot.htm)"
157.55.39.59 - - [14/Dec/2020:06:09:48 +0100] "GET /images/big_prod/3453131137782.jpg HTTP/1.0" 200 268 "-" "Mozilla/5.0 (compatible; bingbot/2.0; +http://www.bing.com/bingbot.htm)"
207.46.13.175 - - [14/Dec/2020:06:09:59 +0100] "GET /petit-akio-led-night-light-cloud-p-46403.html HTTP/1.0" 200 73004 "-" "Mozilla/5.0 (compatible; bingbot/2.0; +http://www.bing.com/bingbot.htm)"
13.66.139.26 - - [14/Dec/2020:06:10:20 +0100] "GET /images/big_prod/3453131129695.jpg HTTP/1.0" 200 268 "-" "Mozilla/5.0 (compatible; bingbot/2.0; +http://www.bing.com/bingbot.htm)"
13.66.139.26 - - [14/Dec/2020:06:10:21 +0100] "GET /images/big_prod/4260082936802e.jpg HTTP/1.0" 200 269 "-" "Mozilla/5.0 (compatible; bingbot/2.0; +http://www.bing.com/bingbot.htm)"
54.36.148.57 - - [14/Dec/2020:06:10:37 +0100] "GET /anti-rfid-card-holder-cards-anthracite-p-50173.html HTTP/1.0" 200 73204 "-" "Mozilla/5.0 (compatible; AhrefsBot/7.0; +http://ahrefs.com/robot/)"
114.119.154.200 - - [14/Dec/2020:06:10:52 +0100] "GET /images/mini_prod/1399984259832.jpg HTTP/1.0" 200 269 "-" "Mozilla/5.0 (Linux; Android 7.0;) AppleWebKit/537.36 (KHTML, like Gecko) Mobile Safari/537.36 (compatible; PetalBot;+https://aspiegel.com/petalbot)"
17.58.101.145 - - [14/Dec/2020:06:11:09 +0100] "GET /batman-polar-blanket-p-31997.html HTTP/1.0" 200 71998 "-" "Mozilla/5.0 (Macintosh; Intel Mac OS X 10_15_5) AppleWebKit/605.1.15 (KHTML, like Gecko) Version/13.1.1 Safari/605.1.15 (Applebot/0.1; +http://www.apple.com/go/applebot)"
13.66.139.79 - - [14/Dec/2020:06:11:19 +0100] "GET /images/big_prod/3612875116747.jpg HTTP/1.0" 200 268 "-" "Mozilla/5.0 (compatible; bingbot/2.0; +http://www.bing.com/bingbot.htm)"
13.66.139.26 - - [14/Dec/2020:06:11:50 +0100] "GET /images/big_prod/3442440105858.jpg HTTP/1.0" 200 268 "-" "Mozilla/5.0 (compatible; bingbot/2.0; +http://www.bing.com/bingbot.htm)"
13.66.139.26 - - [14/Dec/2020:06:11:50 +0100] "GET /images/big_prod/35444.jpg HTTP/1.0" 200 260 "-" "Mozilla/5.0 (compatible; bingbot/2.0; +http://www.bing.com/bingbot.htm)"
51.68.224.127 - - [14/Dec/2020:06:12:40 +0100] "GET /adminweb/export_orders_xml.php?token=256de2z6edz6ed2z6DFSFsed2zed6zeDSFDSGdzedezfzf&maxorders=10&orderstart=1&status=14&start_date=2018-10-01 HTTP/1.0" 200 285 "-" "GesCom CharlotteBoutik Serveur"
51.68.224.127 - - [14/Dec/2020:06:12:40 +0100] "GET /adminweb/export_orders_xml.php?token=256de2z6edz6ed2z6DFSFsed2zed6zeDSFDSGdzedezfzf&maxorders=10&orderstart=1&status=6&start_date=2018-10-01 HTTP/1.0" 200 30026 "-" "GesCom CharlotteBoutik Serveur"
54.36.149.69 - - [14/Dec/2020:06:12:48 +0100] "GET /anti-rfid-card-holder-cards-anthracite-p-50171.html HTTP/1.0" 200 73205 "-" "Mozilla/5.0 (compatible; AhrefsBot/7.0; +http://ahrefs.com/robot/)"
54.36.148.129 - - [14/Dec/2020:06:12:50 +0100] "GET /cars-red-tee-shirt-p-31018.html HTTP/1.0" 301 69259 "-" "Mozilla/5.0 (compatible; AhrefsBot/7.0; +http://ahrefs.com/robot/)"
207.46.13.175 - - [14/Dec/2020:06:13:02 +0100] "GET /-p-32223.html HTTP/1.0" 200 69192 "-" "Mozilla/5.0 (compatible; bingbot/2.0; +http://www.bing.com/bingbot.htm)"
157.55.39.179 - - [14/Dec/2020:06:13:06 +0100] "GET /images/med_prod/3520071373966.jpg HTTP/1.0" 200 268 "-" "Mozilla/5.0 (compatible; bingbot/2.0; +http://www.bing.com/bingbot.htm)"
157.55.39.179 - - [14/Dec/2020:06:13:07 +0100] "GET /images/big_prod_1/3453131147729N.jpg HTTP/1.0" 200 271 "-" "Mozilla/5.0 (compatible; bingbot/2.0; +http://www.bing.com/bingbot.htm)"
17.58.101.145 - - [14/Dec/2020:06:13:38 +0100] "GET /pineapple-palette-knife-p-41594.html HTTP/1.0" 200 71790 "-" "Mozilla/5.0 (Macintosh; Intel Mac OS X 10_15_5) AppleWebKit/605.1.15 (KHTML, like Gecko) Version/13.1.1 Safari/605.1.15 (Applebot/0.1; +http://www.apple.com/go/applebot)"
13.66.139.79 - - [14/Dec/2020:06:14:28 +0100] "GET /bell-and-wall-bell-c-13_270.html HTTP/1.0" 200 88532 "-" "Mozilla/5.0 (compatible; bingbot/2.0; +http://www.bing.com/bingbot.htm)"
54.36.148.171 - - [14/Dec/2020:06:14:56 +0100] "GET /vintage-navigation-theme-suitcase-30-cm-p-49617.html HTTP/1.0" 200 71986 "-" "Mozilla/5.0 (compatible; AhrefsBot/7.0; +http://ahrefs.com/robot/)"
207.46.13.48 - - [14/Dec/2020:06:15:12 +0100] "GET /images/big_prod_3/76001110TFc.jpg HTTP/1.0" 200 268 "-" "Mozilla/5.0 (compatible; bingbot/2.0; +http://www.bing.com/bingbot.htm)"
114.119.130.202 - - [14/Dec/2020:06:15:13 +0100] "GET /images/mini_prod/3661977002793.jpg HTTP/1.0" 200 269 "-" "Mozilla/5.0 (Linux; Android 7.0;) AppleWebKit/537.36 (KHTML, like Gecko) Mobile Safari/537.36 (compatible; PetalBot;+https://aspiegel.com/petalbot)"
13.66.139.79 - - [14/Dec/2020:06:15:49 +0100] "GET /images/big_prod/8718657461113.jpg HTTP/1.0" 200 268 "-" "Mozilla/5.0 (compatible; bingbot/2.0; +http://www.bing.com/bingbot.htm)"
157.55.39.184 - - [14/Dec/2020:06:15:58 +0100] "GET /images/big_prod_1/3608860228496B.jpg HTTP/1.0" 200 271 "-" "Mozilla/5.0 (compatible; bingbot/2.0; +http://www.bing.com/bingbot.htm)"
157.55.39.184 - - [14/Dec/2020:06:15:59 +0100] "GET /images/big_prod_2/9316188082167b.jpg HTTP/1.0" 200 271 "-" "Mozilla/5.0 (compatible; bingbot/2.0; +http://www.bing.com/bingbot.htm)"
157.55.39.184 - - [14/Dec/2020:06:15:59 +0100] "GET /boulangerie-artisanale-paris-mug-p-39712.html HTTP/1.0" 200 71936 "-" "Mozilla/5.0 (compatible; bingbot/2.0; +http://www.bing.com/bingbot.htm)"
157.55.39.184 - - [14/Dec/2020:06:16:00 +0100] "GET /bistrot-au-rendez-vous-des-amis-cotton-potholder-21-cm-p-41492.html HTTP/1.0" 200 69398 "-" "Mozilla/5.0 (compatible; bingbot/2.0; +http://www.bing.com/bingbot.htm)"
157.55.39.184 - - [14/Dec/2020:06:16:01 +0100] "GET /star-wars-darth-vader-cushion-p-34013.html HTTP/1.0" 200 71878 "-" "Mozilla/5.0 (compatible; bingbot/2.0; +http://www.bing.com/bingbot.htm)"
157.55.39.59 - - [14/Dec/2020:06:16:27 +0100] "GET /images/big_prod/5051276373041.jpg HTTP/1.0" 200 268 "-" "Mozilla/5.0 (compatible; bingbot/2.0; +http://www.bing.com/bingbot.htm)"
207.46.13.175 - - [14/Dec/2020:06:16:37 +0100] "GET /toy-story-stacking-book-shelf-p-7751.html HTTP/1.0" 200 69326 "-" "Mozilla/5.0 (compatible; bingbot/2.0; +http://www.bing.com/bingbot.htm)"
54.36.148.83 - - [14/Dec/2020:06:17:07 +0100] "GET /pet-rug-60-40-cm-felin-p-49539.html HTTP/1.0" 200 71716 "-" "Mozilla/5.0 (compatible; AhrefsBot/7.0; +http://ahrefs.com/robot/)"
13.66.139.79 - - [14/Dec/2020:06:18:50 +0100] "GET /images/3701276289683.jpg HTTP/1.0" 200 259 "-" "Mozilla/5.0 (compatible; bingbot/2.0; +http://www.bing.com/bingbot.htm)"
66.249.70.62 - - [14/Dec/2020:06:18:50 +0100] "GET /hats-and-caps-c-1_44.html HTTP/1.0" 200 90721 "-" "Mozilla/5.0 (Linux; Android 6.0.1; Nexus 5X Build/MMB29P) AppleWebKit/537.36 (KHTML, like Gecko) Chrome/87.0.4280.90 Mobile Safari/537.36 (compatible; Googlebot/2.1; +http://www.google.com/bot.html)"
54.36.148.92 - - [14/Dec/2020:06:19:28 +0100] "GET /vintage-navigation-theme-suitcase-35-cm-p-49616.html HTTP/1.0" 200 71988 "-" "Mozilla/5.0 (compatible; AhrefsBot/7.0; +http://ahrefs.com/robot/)"
114.119.130.202 - - [14/Dec/2020:06:19:36 +0100] "GET /images/big_prod/3665269056174.jpg HTTP/1.0" 200 268 "-" "Mozilla/5.0 (Linux; Android 7.0;) AppleWebKit/537.36 (KHTML, like Gecko) Mobile Safari/537.36 (compatible; PetalBot;+https://aspiegel.com/petalbot)"
157.55.39.179 - - [14/Dec/2020:06:20:11 +0100] "GET /home-and-decoration/money-boxes/tweety-money-box-p-8595.html HTTP/1.0" 301 631 "-" "Mozilla/5.0 (compatible; bingbot/2.0; +http://www.bing.com/bingbot.htm)"
13.66.139.79 - - [14/Dec/2020:06:20:22 +0100] "GET /images/big_prod/9316188065597.jpg HTTP/1.0" 200 268 "-" "Mozilla/5.0 (compatible; bingbot/2.0; +http://www.bing.com/bingbot.htm)"
13.66.139.79 - - [14/Dec/2020:06:20:23 +0100] "GET /images/big_prod/3612874134100.jpg HTTP/1.0" 200 268 "-" "Mozilla/5.0 (compatible; bingbot/2.0; +http://www.bing.com/bingbot.htm)"
207.46.13.175 - - [14/Dec/2020:06:21:07 +0100] "GET /mala-aqua-aura-quartz-aa-quality-108-beads-p-51001.html HTTP/1.0" 200 75152 "-" "Mozilla/5.0 (compatible; bingbot/2.0; +http://www.bing.com/bingbot.htm)"
157.55.39.179 - - [14/Dec/2020:06:21:37 +0100] "GET /images/big_prod_2/8719497611546b.jpg HTTP/1.0" 200 271 "-" "Mozilla/5.0 (compatible; bingbot/2.0; +http://www.bing.com/bingbot.htm)"
54.36.148.83 - - [14/Dec/2020:06:21:40 +0100] "GET /dishes-c-12.html?page=84 HTTP/1.0" 200 91097 "-" "Mozilla/5.0 (compatible; AhrefsBot/7.0; +http://ahrefs.com/robot/)"
13.66.139.79 - - [14/Dec/2020:06:21:51 +0100] "GET /images/med_prod/4036113813240.jpg HTTP/1.0" 200 268 "-" "Mozilla/5.0 (compatible; bingbot/2.0; +http://www.bing.com/bingbot.htm)"
17.58.101.145 - - [14/Dec/2020:06:23:19 +0100] "GET /set-of-magnets-van-gogh-p-48342.html HTTP/1.0" 200 71924 "-" "Mozilla/5.0 (Macintosh; Intel Mac OS X 10_15_5) AppleWebKit/605.1.15 (KHTML, like Gecko) Version/13.1.1 Safari/605.1.15 (Applebot/0.1; +http://www.apple.com/go/applebot)"
13.66.139.55 - - [14/Dec/2020:06:23:31 +0100] "GET /images/4010070239060.jpg HTTP/1.0" 200 259 "-" "Mozilla/5.0 (compatible; bingbot/2.0; +http://www.bing.com/bingbot.htm)"
13.66.139.55 - - [14/Dec/2020:06:23:32 +0100] "GET /images/big_prod/3700407618552.jpg HTTP/1.0" 200 268 "-" "Mozilla/5.0 (compatible; bingbot/2.0; +http://www.bing.com/bingbot.htm)"
13.66.139.55 - - [14/Dec/2020:06:23:33 +0100] "GET /images/big_prod/5024693142538.jpg HTTP/1.0" 200 268 "-" "Mozilla/5.0 (compatible; bingbot/2.0; +http://www.bing.com/bingbot.htm)"
13.66.139.55 - - [14/Dec/2020:06:23:33 +0100] "GET /pencil-case-c-31_75.html HTTP/1.0" 200 93454 "-" "Mozilla/5.0 (compatible; bingbot/2.0; +http://www.bing.com/bingbot.htm)"
13.66.139.55 - - [14/Dec/2020:06:23:33 +0100] "GET /images/big_prod/8435333853245.jpg HTTP/1.0" 200 268 "-" "Mozilla/5.0 (compatible; bingbot/2.0; +http://www.bing.com/bingbot.htm)"
54.36.148.83 - - [14/Dec/2020:06:23:41 +0100] "GET /the-little-prince-of-saint-exupery-wall-decoration-19-19-cm-p-45843.html HTTP/1.0" 200 72184 "-" "Mozilla/5.0 (compatible; AhrefsBot/7.0; +http://ahrefs.com/robot/)"
114.119.151.113 - - [14/Dec/2020:06:24:09 +0100] "GET /images/mini_prod/3565750285628.jpg HTTP/1.0" 200 269 "-" "Mozilla/5.0 (Linux; Android 7.0;) AppleWebKit/537.36 (KHTML, like Gecko) Mobile Safari/537.36 (compatible; PetalBot;+https://aspiegel.com/petalbot)"
13.66.139.26 - - [14/Dec/2020:06:24:21 +0100] "GET /images/3438100333303.jpg HTTP/1.0" 200 259 "-" "Mozilla/5.0 (compatible; bingbot/2.0; +http://www.bing.com/bingbot.htm)"
13.66.139.26 - - [14/Dec/2020:06:24:22 +0100] "GET /images/1399984241301.jpg HTTP/1.0" 200 259 "-" "Mozilla/5.0 (compatible; bingbot/2.0; +http://www.bing.com/bingbot.htm)"
13.66.139.79 - - [14/Dec/2020:06:24:26 +0100] "GET /images/big_prod/886767070681.jpg HTTP/1.0" 200 267 "-" "Mozilla/5.0 (compatible; bingbot/2.0; +http://www.bing.com/bingbot.htm)"
216.244.66.242 - - [14/Dec/2020:06:24:51 +0100] "GET /robots.txt HTTP/1.0" 200 245 "-" "Mozilla/5.0 (compatible; DotBot/1.1; http://www.opensiteexplorer.org/dotbot, help@moz.com)"
92.220.10.100 - - [14/Dec/2020:06:25:01 +0100] "GET /robots.txt HTTP/1.0" 200 245 "-" "Mozilla/5.0 (compatible; MJ12bot/v1.4.8; http://mj12bot.com/)"
92.220.10.100 - - [14/Dec/2020:06:25:02 +0100] "GET /bruce-figure-p-2896.html HTTP/1.0" 200 71855 "-" "Mozilla/5.0 (compatible; MJ12bot/v1.4.8; http://mj12bot.com/)"
92.220.10.100 - - [14/Dec/2020:06:25:04 +0100] "GET /handy-manny-figure-p-6922.html HTTP/1.0" 200 71882 "-" "Mozilla/5.0 (compatible; MJ12bot/v1.4.8; http://mj12bot.com/)"
92.220.10.100 - - [14/Dec/2020:06:25:07 +0100] "GET /jamaca-cushion-p-12078.html HTTP/1.0" 301 69259 "-" "Mozilla/5.0 (compatible; MJ12bot/v1.4.8; http://mj12bot.com/)"
92.220.10.100 - - [14/Dec/2020:06:25:09 +0100] "GET /-p-12078.html HTTP/1.0" 200 69192 "-" "Mozilla/5.0 (compatible; MJ12bot/v1.4.8; http://mj12bot.com/)"
92.220.10.100 - - [14/Dec/2020:06:25:11 +0100] "GET /jamaca-reggae-cushion-p-12075.html HTTP/1.0" 301 69259 "-" "Mozilla/5.0 (compatible; MJ12bot/v1.4.8; http://mj12bot.com/)"
92.220.10.100 - - [14/Dec/2020:06:25:13 +0100] "GET /-p-12075.html HTTP/1.0" 200 69192 "-" "Mozilla/5.0 (compatible; MJ12bot/v1.4.8; http://mj12bot.com/)"
92.220.10.100 - - [14/Dec/2020:06:25:15 +0100] "GET /kidcat-cats-saucer-for-tea-bag-p-39670.html HTTP/1.0" 301 69259 "-" "Mozilla/5.0 (compatible; MJ12bot/v1.4.8; http://mj12bot.com/)"
92.220.10.100 - - [14/Dec/2020:06:25:17 +0100] "GET /-p-39670.html HTTP/1.0" 200 69192 "-" "Mozilla/5.0 (compatible; MJ12bot/v1.4.8; http://mj12bot.com/)"
92.220.10.100 - - [14/Dec/2020:06:25:20 +0100] "GET /kimmi-junior-tilly-pocket-mirror-p-15839.html HTTP/1.0" 301 69259 "-" "Mozilla/5.0 (compatible; MJ12bot/v1.4.8; http://mj12bot.com/)"
92.220.10.100 - - [14/Dec/2020:06:25:22 +0100] "GET /-p-15839.html HTTP/1.0" 200 69192 "-" "Mozilla/5.0 (compatible; MJ12bot/v1.4.8; http://mj12bot.com/)"
92.220.10.100 - - [14/Dec/2020:06:25:24 +0100] "GET /kimmidoll-ako-mug-p-12010.html HTTP/1.0" 301 69259 "-" "Mozilla/5.0 (compatible; MJ12bot/v1.4.8; http://mj12bot.com/)"
92.220.10.100 - - [14/Dec/2020:06:25:28 +0100] "GET /-p-12010.html HTTP/1.0" 200 69192 "-" "Mozilla/5.0 (compatible; MJ12bot/v1.4.8; http://mj12bot.com/)"
92.220.10.100 - - [14/Dec/2020:06:25:31 +0100] "GET /kimmidoll-mihoko-jewelry-box-p-31949.html HTTP/1.0" 301 69259 "-" "Mozilla/5.0 (compatible; MJ12bot/v1.4.8; http://mj12bot.com/)"
92.220.10.100 - - [14/Dec/2020:06:25:33 +0100] "GET /-p-31949.html HTTP/1.0" 200 69192 "-" "Mozilla/5.0 (compatible; MJ12bot/v1.4.8; http://mj12bot.com/)"
92.220.10.100 - - [14/Dec/2020:06:25:35 +0100] "GET /kimmidoll-silver-package-p-13353.html HTTP/1.0" 301 69259 "-" "Mozilla/5.0 (compatible; MJ12bot/v1.4.8; http://mj12bot.com/)"
92.220.10.100 - - [14/Dec/2020:06:25:38 +0100] "GET /-p-13353.html HTTP/1.0" 200 69192 "-" "Mozilla/5.0 (compatible; MJ12bot/v1.4.8; http://mj12bot.com/)"
92.220.10.100 - - [14/Dec/2020:06:25:40 +0100] "GET /kimmitown-p-11396.html HTTP/1.0" 301 69259 "-" "Mozilla/5.0 (compatible; MJ12bot/v1.4.8; http://mj12bot.com/)"
92.220.10.100 - - [14/Dec/2020:06:25:43 +0100] "GET /-p-11396.html HTTP/1.0" 200 69192 "-" "Mozilla/5.0 (compatible; MJ12bot/v1.4.8; http://mj12bot.com/)"
92.220.10.100 - - [14/Dec/2020:06:25:45 +0100] "GET /laissez-lucie-faire-glass-coasters-p-34894.html HTTP/1.0" 301 69259 "-" "Mozilla/5.0 (compatible; MJ12bot/v1.4.8; http://mj12bot.com/)"
92.220.10.100 - - [14/Dec/2020:06:25:48 +0100] "GET /-p-34894.html HTTP/1.0" 200 69192 "-" "Mozilla/5.0 (compatible; MJ12bot/v1.4.8; http://mj12bot.com/)"
92.220.10.100 - - [14/Dec/2020:06:25:50 +0100] "GET /laissez-lucie-faire-make-up-kit-wendy-p-49000.html HTTP/1.0" 200 69330 "-" "Mozilla/5.0 (compatible; MJ12bot/v1.4.8; http://mj12bot.com/)"
54.36.148.221 - - [14/Dec/2020:06:25:51 +0100] "GET /vintage-navigation-theme-suitcase-40-cm-p-49613.html HTTP/1.0" 200 71986 "-" "Mozilla/5.0 (compatible; AhrefsBot/7.0; +http://ahrefs.com/robot/)"
92.220.10.100 - - [14/Dec/2020:06:25:52 +0100] "GET /laissez-lucie-faire-make-up-kit-zeke-p-49001.html HTTP/1.0" 200 69328 "-" "Mozilla/5.0 (compatible; MJ12bot/v1.4.8; http://mj12bot.com/)"
92.220.10.100 - - [14/Dec/2020:06:25:55 +0100] "GET /laissez-lucie-faire-small-wallet-taco-p-49014.html HTTP/1.0" 200 72061 "-" "Mozilla/5.0 (compatible; MJ12bot/v1.4.8; http://mj12bot.com/)"
92.220.10.100 - - [14/Dec/2020:06:25:57 +0100] "GET /laissez-lucie-faire-small-wallet-tino-p-49015.html HTTP/1.0" 200 72686 "-" "Mozilla/5.0 (compatible; MJ12bot/v1.4.8; http://mj12bot.com/)"
92.220.10.100 - - [14/Dec/2020:06:25:59 +0100] "GET /laissez-lucie-faire-small-wallet-wapi-p-49016.html HTTP/1.0" 200 72686 "-" "Mozilla/5.0 (compatible; MJ12bot/v1.4.8; http://mj12bot.com/)"
92.220.10.100 - - [14/Dec/2020:06:26:01 +0100] "GET /laissez-lucie-faire-small-wallet-wendy-p-49017.html HTTP/1.0" 200 72696 "-" "Mozilla/5.0 (compatible; MJ12bot/v1.4.8; http://mj12bot.com/)"
92.220.10.100 - - [14/Dec/2020:06:26:03 +0100] "GET /laissez-lucie-faire-small-wallet-zeke-p-49018.html HTTP/1.0" 200 72686 "-" "Mozilla/5.0 (compatible; MJ12bot/v1.4.8; http://mj12bot.com/)"
92.220.10.100 - - [14/Dec/2020:06:26:06 +0100] "GET /laissez-lucie-faire-toiletry-bag-onyx-p-42656.html HTTP/1.0" 200 69353 "-" "Mozilla/5.0 (compatible; MJ12bot/v1.4.8; http://mj12bot.com/)"
92.220.10.100 - - [14/Dec/2020:06:26:08 +0100] "GET /laissez-lucie-faire-zipped-purse-aladin-p-49013.html HTTP/1.0" 200 72716 "-" "Mozilla/5.0 (compatible; MJ12bot/v1.4.8; http://mj12bot.com/)"
92.220.10.100 - - [14/Dec/2020:06:26:10 +0100] "GET /laissez-lucie-faire-zipped-purse-p-42648.html HTTP/1.0" 200 72039 "-" "Mozilla/5.0 (compatible; MJ12bot/v1.4.8; http://mj12bot.com/)"
92.220.10.100 - - [14/Dec/2020:06:26:12 +0100] "GET /lait-frais-de-france-clock-p-39567.html HTTP/1.0" 200 69286 "-" "Mozilla/5.0 (compatible; MJ12bot/v1.4.8; http://mj12bot.com/)"
92.220.10.100 - - [14/Dec/2020:06:26:14 +0100] "GET /large-statuette-on-base-monkey-in-resin-107-cm-p-46680.html HTTP/1.0" 200 72706 "-" "Mozilla/5.0 (compatible; MJ12bot/v1.4.8; http://mj12bot.com/)"
92.220.10.100 - - [14/Dec/2020:06:26:16 +0100] "GET /le-chat-noir-clock-p-15764.html HTTP/1.0" 301 69259 "-" "Mozilla/5.0 (compatible; MJ12bot/v1.4.8; http://mj12bot.com/)"
92.220.10.100 - - [14/Dec/2020:06:26:18 +0100] "GET /-p-15764.html HTTP/1.0" 200 69192 "-" "Mozilla/5.0 (compatible; MJ12bot/v1.4.8; http://mj12bot.com/)"
92.220.10.100 - - [14/Dec/2020:06:26:20 +0100] "GET /le-chat-noir-sugar-box-p-26836.html HTTP/1.0" 200 71959 "-" "Mozilla/5.0 (compatible; MJ12bot/v1.4.8; http://mj12bot.com/)"
92.220.10.100 - - [14/Dec/2020:06:26:23 +0100] "GET /le-petit-prince-de-st-exupery-collection-mug-p-44859.html HTTP/1.0" 200 72033 "-" "Mozilla/5.0 (compatible; MJ12bot/v1.4.8; http://mj12bot.com/)"
92.220.10.100 - - [14/Dec/2020:06:26:25 +0100] "GET /league-portfolio-p-24994.html HTTP/1.0" 301 69259 "-" "Mozilla/5.0 (compatible; MJ12bot/v1.4.8; http://mj12bot.com/)"
92.220.10.100 - - [14/Dec/2020:06:26:27 +0100] "GET /-p-24994.html HTTP/1.0" 200 69192 "-" "Mozilla/5.0 (compatible; MJ12bot/v1.4.8; http://mj12bot.com/)"
92.220.10.100 - - [14/Dec/2020:06:26:29 +0100] "GET /light-bag-to-carry-your-yoga-mat-chakras-p-50975.html HTTP/1.0" 200 72171 "-" "Mozilla/5.0 (compatible; MJ12bot/v1.4.8; http://mj12bot.com/)"
92.220.10.100 - - [14/Dec/2020:06:26:31 +0100] "GET /light-grey-wood-pave-lamp-and-neo-vintage-bulb-p-52169.html HTTP/1.0" 200 72924 "-" "Mozilla/5.0 (compatible; MJ12bot/v1.4.8; http://mj12bot.com/)"
13.66.139.79 - - [14/Dec/2020:06:26:31 +0100] "GET /furnishings-c-13_87.html?page=3 HTTP/1.0" 200 91382 "-" "Mozilla/5.0 (compatible; bingbot/2.0; +http://www.bing.com/bingbot.htm)"
92.220.10.100 - - [14/Dec/2020:06:26:33 +0100] "GET /lima-bedclothes-220-240-cm-p-42858.html HTTP/1.0" 301 69259 "-" "Mozilla/5.0 (compatible; MJ12bot/v1.4.8; http://mj12bot.com/)"
92.220.10.100 - - [14/Dec/2020:06:26:35 +0100] "GET /-p-42858.html HTTP/1.0" 200 69192 "-" "Mozilla/5.0 (compatible; MJ12bot/v1.4.8; http://mj12bot.com/)"
92.220.10.100 - - [14/Dec/2020:06:26:37 +0100] "GET /lion-pop-plush-by-britto-84-cm-p-13013.html HTTP/1.0" 301 69259 "-" "Mozilla/5.0 (compatible; MJ12bot/v1.4.8; http://mj12bot.com/)"
92.220.10.100 - - [14/Dec/2020:06:26:39 +0100] "GET /-p-13013.html HTTP/1.0" 200 69192 "-" "Mozilla/5.0 (compatible; MJ12bot/v1.4.8; http://mj12bot.com/)"
92.220.10.100 - - [14/Dec/2020:06:26:41 +0100] "GET /little-brown-bear-soft-toy-p-9202.html HTTP/1.0" 301 69256 "-" "Mozilla/5.0 (compatible; MJ12bot/v1.4.8; http://mj12bot.com/)"
92.220.10.100 - - [14/Dec/2020:06:26:43 +0100] "GET /-p-9202.html HTTP/1.0" 200 69190 "-" "Mozilla/5.0 (compatible; MJ12bot/v1.4.8; http://mj12bot.com/)"
92.220.10.100 - - [14/Dec/2020:06:26:45 +0100] "GET /little-dog-au-petit-bonheur-set-cup-and-teapot-p-32212.html HTTP/1.0" 301 69259 "-" "Mozilla/5.0 (compatible; MJ12bot/v1.4.8; http://mj12bot.com/)"
92.220.10.100 - - [14/Dec/2020:06:26:47 +0100] "GET /-p-32212.html HTTP/1.0" 200 69192 "-" "Mozilla/5.0 (compatible; MJ12bot/v1.4.8; http://mj12bot.com/)"
92.220.10.100 - - [14/Dec/2020:06:26:49 +0100] "GET /little-miss-princess-cosmetic-bag-p-15939.html HTTP/1.0" 301 69259 "-" "Mozilla/5.0 (compatible; MJ12bot/v1.4.8; http://mj12bot.com/)"
92.220.10.100 - - [14/Dec/2020:06:26:51 +0100] "GET /-p-15939.html HTTP/1.0" 200 69192 "-" "Mozilla/5.0 (compatible; MJ12bot/v1.4.8; http://mj12bot.com/)"
92.220.10.100 - - [14/Dec/2020:06:26:53 +0100] "GET /littlest-petshop-giant-pen-yellow-p-27147.html HTTP/1.0" 301 69259 "-" "Mozilla/5.0 (compatible; MJ12bot/v1.4.8; http://mj12bot.com/)"
92.220.10.100 - - [14/Dec/2020:06:26:55 +0100] "GET /-p-27147.html HTTP/1.0" 200 69192 "-" "Mozilla/5.0 (compatible; MJ12bot/v1.4.8; http://mj12bot.com/)"
92.220.10.100 - - [14/Dec/2020:06:26:57 +0100] "GET /littlest-petshop-yellow-rectangular-shopping-bag-p-12831.html HTTP/1.0" 301 69259 "-" "Mozilla/5.0 (compatible; MJ12bot/v1.4.8; http://mj12bot.com/)"
92.220.10.100 - - [14/Dec/2020:06:26:59 +0100] "GET /-p-12831.html HTTP/1.0" 200 69192 "-" "Mozilla/5.0 (compatible; MJ12bot/v1.4.8; http://mj12bot.com/)"
92.220.10.100 - - [14/Dec/2020:06:27:01 +0100] "GET /loki-miniature-figure-p-29872.html HTTP/1.0" 301 69259 "-" "Mozilla/5.0 (compatible; MJ12bot/v1.4.8; http://mj12bot.com/)"
92.220.10.100 - - [14/Dec/2020:06:27:03 +0100] "GET /-p-29872.html HTTP/1.0" 200 69192 "-" "Mozilla/5.0 (compatible; MJ12bot/v1.4.8; http://mj12bot.com/)"
92.220.10.100 - - [14/Dec/2020:06:27:05 +0100] "GET /london-companion-wallet-p-33062.html HTTP/1.0" 200 72004 "-" "Mozilla/5.0 (compatible; MJ12bot/v1.4.8; http://mj12bot.com/)"
92.220.10.100 - - [14/Dec/2020:06:27:07 +0100] "GET /london-newcastle-polar-plaid-p-27055.html HTTP/1.0" 301 69259 "-" "Mozilla/5.0 (compatible; MJ12bot/v1.4.8; http://mj12bot.com/)"
92.220.10.100 - - [14/Dec/2020:06:27:09 +0100] "GET /-p-27055.html HTTP/1.0" 200 69192 "-" "Mozilla/5.0 (compatible; MJ12bot/v1.4.8; http://mj12bot.com/)"
92.220.10.100 - - [14/Dec/2020:06:27:11 +0100] "GET /london-red-booth-bedclothes-220-240-cm-p-28567.html HTTP/1.0" 301 69259 "-" "Mozilla/5.0 (compatible; MJ12bot/v1.4.8; http://mj12bot.com/)"
92.220.10.100 - - [14/Dec/2020:06:27:12 +0100] "GET /-p-28567.html HTTP/1.0" 200 69192 "-" "Mozilla/5.0 (compatible; MJ12bot/v1.4.8; http://mj12bot.com/)"
92.220.10.100 - - [14/Dec/2020:06:27:15 +0100] "GET /london-rock-cushion-p-27050.html HTTP/1.0" 301 69259 "-" "Mozilla/5.0 (compatible; MJ12bot/v1.4.8; http://mj12bot.com/)"
92.220.10.100 - - [14/Dec/2020:06:27:17 +0100] "GET /-p-27050.html HTTP/1.0" 200 69192 "-" "Mozilla/5.0 (compatible; MJ12bot/v1.4.8; http://mj12bot.com/)"
92.220.10.100 - - [14/Dec/2020:06:27:19 +0100] "GET /london-skull-polar-plaid-p-24557.html HTTP/1.0" 301 69259 "-" "Mozilla/5.0 (compatible; MJ12bot/v1.4.8; http://mj12bot.com/)"
92.220.10.100 - - [14/Dec/2020:06:27:21 +0100] "GET /-p-24557.html HTTP/1.0" 200 69192 "-" "Mozilla/5.0 (compatible; MJ12bot/v1.4.8; http://mj12bot.com/)"
92.220.10.100 - - [14/Dec/2020:06:27:23 +0100] "GET /loovy-ground-sheet-45-75-cm-p-39032.html HTTP/1.0" 301 69259 "-" "Mozilla/5.0 (compatible; MJ12bot/v1.4.8; http://mj12bot.com/)"
92.220.10.100 - - [14/Dec/2020:06:27:25 +0100] "GET /-p-39032.html HTTP/1.0" 200 69192 "-" "Mozilla/5.0 (compatible; MJ12bot/v1.4.8; http://mj12bot.com/)"
185.191.171.33 - - [14/Dec/2020:06:27:25 +0100] "GET /20-st-raphael-aromatika-incense-sticks-p-53446.html?action=add_product HTTP/1.0" 302 476 "-" "Mozilla/5.0 (compatible; SemrushBot/7~bl; +http://www.semrush.com/bot.html)"
92.220.10.100 - - [14/Dec/2020:06:27:27 +0100] "GET /lot-of-pairs-of-socks-simpsons-p-24623.html HTTP/1.0" 301 69259 "-" "Mozilla/5.0 (compatible; MJ12bot/v1.4.8; http://mj12bot.com/)"
92.220.10.100 - - [14/Dec/2020:06:27:30 +0100] "GET /-p-24623.html HTTP/1.0" 200 69192 "-" "Mozilla/5.0 (compatible; MJ12bot/v1.4.8; http://mj12bot.com/)"
92.220.10.100 - - [14/Dec/2020:06:27:32 +0100] "GET /lot-of-pairs-of-socks-simpsons-size-43-46-p-24624.html HTTP/1.0" 301 69259 "-" "Mozilla/5.0 (compatible; MJ12bot/v1.4.8; http://mj12bot.com/)"
92.220.10.100 - - [14/Dec/2020:06:27:34 +0100] "GET /-p-24624.html HTTP/1.0" 200 69192 "-" "Mozilla/5.0 (compatible; MJ12bot/v1.4.8; http://mj12bot.com/)"
92.220.10.100 - - [14/Dec/2020:06:27:36 +0100] "GET /lot-of-pairs-of-socks-simpsons-teacher-lisa-35-38-p-24637.html HTTP/1.0" 301 69259 "-" "Mozilla/5.0 (compatible; MJ12bot/v1.4.8; http://mj12bot.com/)"
92.220.10.100 - - [14/Dec/2020:06:27:38 +0100] "GET /-p-24637.html HTTP/1.0" 200 69192 "-" "Mozilla/5.0 (compatible; MJ12bot/v1.4.8; http://mj12bot.com/)"
92.220.10.100 - - [14/Dec/2020:06:27:40 +0100] "GET /love-bedclothes-220-240-cm-p-24454.html HTTP/1.0" 301 69259 "-" "Mozilla/5.0 (compatible; MJ12bot/v1.4.8; http://mj12bot.com/)"
92.220.10.100 - - [14/Dec/2020:06:27:42 +0100] "GET /-p-24454.html HTTP/1.0" 200 69192 "-" "Mozilla/5.0 (compatible; MJ12bot/v1.4.8; http://mj12bot.com/)"
92.220.10.100 - - [14/Dec/2020:06:27:44 +0100] "GET /lucie-hello-kitty-bathrobe-size-10-12-years-p-17536.html HTTP/1.0" 301 69259 "-" "Mozilla/5.0 (compatible; MJ12bot/v1.4.8; http://mj12bot.com/)"
92.220.10.100 - - [14/Dec/2020:06:27:46 +0100] "GET /-p-17536.html HTTP/1.0" 200 69192 "-" "Mozilla/5.0 (compatible; MJ12bot/v1.4.8; http://mj12bot.com/)"
92.220.10.100 - - [14/Dec/2020:06:27:48 +0100] "GET /lucie-hello-kitty-bathrobe-size-years-p-21836.html HTTP/1.0" 301 69259 "-" "Mozilla/5.0 (compatible; MJ12bot/v1.4.8; http://mj12bot.com/)"
92.220.10.100 - - [14/Dec/2020:06:27:50 +0100] "GET /-p-21836.html HTTP/1.0" 200 69192 "-" "Mozilla/5.0 (compatible; MJ12bot/v1.4.8; http://mj12bot.com/)"
92.220.10.100 - - [14/Dec/2020:06:27:52 +0100] "GET /luggages-schoolbags-leather-shop/backpacks-c-31_77.html HTTP/1.0" 301 93071 "-" "Mozilla/5.0 (compatible; MJ12bot/v1.4.8; http://mj12bot.com/)"
92.220.10.100 - - [14/Dec/2020:06:27:54 +0100] "GET /backpacks-c-77.html HTTP/1.0" 301 92916 "-" "Mozilla/5.0 (compatible; MJ12bot/v1.4.8; http://mj12bot.com/)"
92.220.10.100 - - [14/Dec/2020:06:27:56 +0100] "GET /backpacks-c-31_77.html HTTP/1.0" 200 92998 "-" "Mozilla/5.0 (compatible; MJ12bot/v1.4.8; http://mj12bot.com/)"
92.220.10.100 - - [14/Dec/2020:06:27:58 +0100] "GET /luggages-schoolbags-leather-shop/backpacks/angry-birds-backpack-p-26306.html HTTP/1.0" 301 69259 "-" "Mozilla/5.0 (compatible; MJ12bot/v1.4.8; http://mj12bot.com/)"
92.220.10.100 - - [14/Dec/2020:06:28:00 +0100] "GET /-p-26306.html HTTP/1.0" 200 69192 "-" "Mozilla/5.0 (compatible; MJ12bot/v1.4.8; http://mj12bot.com/)"
54.36.149.103 - - [14/Dec/2020:06:28:01 +0100] "GET /pet-rug-60-40-cm-pacha-p-49540.html HTTP/1.0" 200 71716 "-" "Mozilla/5.0 (compatible; AhrefsBot/7.0; +http://ahrefs.com/robot/)"
92.220.10.100 - - [14/Dec/2020:06:28:02 +0100] "GET /luggages-schoolbags-leather-shop/backpacks/beyblade-little-backpack-p-15470.html HTTP/1.0" 301 69259 "-" "Mozilla/5.0 (compatible; MJ12bot/v1.4.8; http://mj12bot.com/)"
92.220.10.100 - - [14/Dec/2020:06:28:04 +0100] "GET /-p-15470.html HTTP/1.0" 200 69192 "-" "Mozilla/5.0 (compatible; MJ12bot/v1.4.8; http://mj12bot.com/)"
92.220.10.100 - - [14/Dec/2020:06:28:06 +0100] "GET /luggages-schoolbags-leather-shop/backpacks/smiley-happy-colors-harmony-backpack-p-20202.html HTTP/1.0" 301 69259 "-" "Mozilla/5.0 (compatible; MJ12bot/v1.4.8; http://mj12bot.com/)"
92.220.10.100 - - [14/Dec/2020:06:28:08 +0100] "GET /-p-20202.html HTTP/1.0" 200 69192 "-" "Mozilla/5.0 (compatible; MJ12bot/v1.4.8; http://mj12bot.com/)"
92.220.10.100 - - [14/Dec/2020:06:28:10 +0100] "GET /luggages-schoolbags-leather-shop/small-leather-store/barbapapa-small-coin-purse-p-16883.html HTTP/1.0" 301 69259 "-" "Mozilla/5.0 (compatible; MJ12bot/v1.4.8; http://mj12bot.com/)"
92.220.10.100 - - [14/Dec/2020:06:28:12 +0100] "GET /-p-16883.html HTTP/1.0" 200 69192 "-" "Mozilla/5.0 (compatible; MJ12bot/v1.4.8; http://mj12bot.com/)"
92.220.10.100 - - [14/Dec/2020:06:28:14 +0100] "GET /luggages-schoolbags-leather-shop/small-leather-store/beatles-olympia-wallet-p-5582.html HTTP/1.0" 301 69256 "-" "Mozilla/5.0 (compatible; MJ12bot/v1.4.8; http://mj12bot.com/)"
