207.46.13.48 - - [14/Dec/2020:04:57:21 +0100] "GET /images/8422111018095b2.jpg HTTP/1.0" 200 261 "-" "Mozilla/5.0 (compatible; bingbot/2.0; +http://www.bing.com/bingbot.htm)"
69.30.198.242 - - [14/Dec/2020:04:57:25 +0100] "GET /-p-15940.html HTTP/1.0" 200 69192 "-" "Mozilla/5.0 (compatible; MJ12bot/v1.4.8; http://mj12bot.com/)"
49.7.20.118 - - [14/Dec/2020:04:57:22 +0100] "GET / HTTP/1.0" 200 149747 "-" "Sogou web spider/4.0(+http://www.sogou.com/docs/help/webmasters.htm#07)"
69.30.198.242 - - [14/Dec/2020:04:57:34 +0100] "GET /-p-15997.html HTTP/1.0" 200 69192 "-" "Mozilla/5.0 (compatible; MJ12bot/v1.4.8; http://mj12bot.com/)"
69.30.198.242 - - [14/Dec/2020:04:57:48 +0100] "GET /-p-16091.html HTTP/1.0" 200 69192 "-" "Mozilla/5.0 (compatible; MJ12bot/v1.4.8; http://mj12bot.com/)"
69.30.198.242 - - [14/Dec/2020:04:57:56 +0100] "GET /-p-17165.html HTTP/1.0" 200 69192 "-" "Mozilla/5.0 (compatible; MJ12bot/v1.4.8; http://mj12bot.com/)"
69.30.198.242 - - [14/Dec/2020:04:58:08 +0100] "GET /-p-17441.html HTTP/1.0" 200 69192 "-" "Mozilla/5.0 (compatible; MJ12bot/v1.4.8; http://mj12bot.com/)"
54.36.149.6 - - [14/Dec/2020:04:58:11 +0100] "GET /small-back-bag-teo-jasmin-p-36777.html HTTP/1.0" 301 69259 "-" "Mozilla/5.0 (compatible; AhrefsBot/7.0; +http://ahrefs.com/robot/)"
157.55.39.179 - - [14/Dec/2020:04:58:16 +0100] "GET /images/TRODZ3070.jpg HTTP/1.0" 200 255 "-" "Mozilla/5.0 (compatible; bingbot/2.0; +http://www.bing.com/bingbot.htm)"
69.30.198.242 - - [14/Dec/2020:04:58:17 +0100] "GET /-p-17517.html HTTP/1.0" 200 69192 "-" "Mozilla/5.0 (compatible; MJ12bot/v1.4.8; http://mj12bot.com/)"
54.36.148.135 - - [14/Dec/2020:04:58:26 +0100] "GET /uk-alarm-clock-by-cbkreation-p-24993.html HTTP/1.0" 200 71917 "-" "Mozilla/5.0 (compatible; AhrefsBot/7.0; +http://ahrefs.com/robot/)"
69.30.198.242 - - [14/Dec/2020:04:58:31 +0100] "GET /-p-17536.html HTTP/1.0" 200 69192 "-" "Mozilla/5.0 (compatible; MJ12bot/v1.4.8; http://mj12bot.com/)"
35.229.42.3 - - [14/Dec/2020:04:58:40 +0100] "GET /coasters-c-12_157.html HTTP/1.0" 200 91247 "-" "ZoominfoBot (zoominfobot at zoominfo dot com)"
69.30.198.242 - - [14/Dec/2020:04:58:43 +0100] "GET /-p-17558.html HTTP/1.0" 200 69192 "-" "Mozilla/5.0 (compatible; MJ12bot/v1.4.8; http://mj12bot.com/)"
69.30.198.242 - - [14/Dec/2020:04:58:56 +0100] "GET /-p-17559.html HTTP/1.0" 200 69192 "-" "Mozilla/5.0 (compatible; MJ12bot/v1.4.8; http://mj12bot.com/)"
69.30.198.242 - - [14/Dec/2020:04:59:08 +0100] "GET /-p-17569.html HTTP/1.0" 200 69192 "-" "Mozilla/5.0 (compatible; MJ12bot/v1.4.8; http://mj12bot.com/)"
69.30.198.242 - - [14/Dec/2020:04:59:18 +0100] "GET /-p-17599.html HTTP/1.0" 200 69192 "-" "Mozilla/5.0 (compatible; MJ12bot/v1.4.8; http://mj12bot.com/)"
69.30.198.242 - - [14/Dec/2020:04:59:28 +0100] "GET /-p-17631.html HTTP/1.0" 200 69192 "-" "Mozilla/5.0 (compatible; MJ12bot/v1.4.8; http://mj12bot.com/)"
69.30.198.242 - - [14/Dec/2020:04:59:38 +0100] "GET /-p-17638.html HTTP/1.0" 200 69192 "-" "Mozilla/5.0 (compatible; MJ12bot/v1.4.8; http://mj12bot.com/)"
69.30.198.242 - - [14/Dec/2020:04:59:50 +0100] "GET /-p-17725.html HTTP/1.0" 200 69192 "-" "Mozilla/5.0 (compatible; MJ12bot/v1.4.8; http://mj12bot.com/)"
69.30.198.242 - - [14/Dec/2020:05:00:02 +0100] "GET /-p-17745.html HTTP/1.0" 200 69192 "-" "Mozilla/5.0 (compatible; MJ12bot/v1.4.8; http://mj12bot.com/)"
13.66.139.26 - - [14/Dec/2020:05:00:03 +0100] "GET /images/101008_183051_PEEL_ye5JSu.jpg HTTP/1.0" 200 271 "-" "Mozilla/5.0 (compatible; bingbot/2.0; +http://www.bing.com/bingbot.htm)"
35.229.42.3 - - [14/Dec/2020:05:00:10 +0100] "GET /specials.php HTTP/1.0" 200 130035 "-" "ZoominfoBot (zoominfobot at zoominfo dot com)"
69.30.198.242 - - [14/Dec/2020:05:00:11 +0100] "GET /-p-17746.html HTTP/1.0" 200 69192 "-" "Mozilla/5.0 (compatible; MJ12bot/v1.4.8; http://mj12bot.com/)"
69.30.198.242 - - [14/Dec/2020:05:00:23 +0100] "GET /-p-17752.html HTTP/1.0" 200 69192 "-" "Mozilla/5.0 (compatible; MJ12bot/v1.4.8; http://mj12bot.com/)"
54.36.148.83 - - [14/Dec/2020:05:00:27 +0100] "GET /ceramic-salt-pot-with-spoon-cabourg-p-50635.html HTTP/1.0" 200 71909 "-" "Mozilla/5.0 (compatible; AhrefsBot/7.0; +http://ahrefs.com/robot/)"
69.30.198.242 - - [14/Dec/2020:05:00:34 +0100] "GET /-p-17776.html HTTP/1.0" 200 69192 "-" "Mozilla/5.0 (compatible; MJ12bot/v1.4.8; http://mj12bot.com/)"
219.74.44.235 - - [14/Dec/2020:05:00:35 +0100] "GET /images/4999913831596.jpg HTTP/1.0" 200 259 "-" "Mozilla/5.0 (iPhone; CPU iPhone OS 14_2 like Mac OS X) AppleWebKit/605.1.15 (KHTML, like Gecko) GSA/137.2.345735309 Mobile/15E148 Safari/604.1"
69.30.198.242 - - [14/Dec/2020:05:00:45 +0100] "GET /-p-17787.html HTTP/1.0" 200 69192 "-" "Mozilla/5.0 (compatible; MJ12bot/v1.4.8; http://mj12bot.com/)"
69.30.198.242 - - [14/Dec/2020:05:00:59 +0100] "GET /-p-17809.html HTTP/1.0" 200 69192 "-" "Mozilla/5.0 (compatible; MJ12bot/v1.4.8; http://mj12bot.com/)"
114.119.154.200 - - [14/Dec/2020:05:01:08 +0100] "GET /taiji-quan-statuette-model-p-50080.html HTTP/1.0" 200 71939 "-" "Mozilla/5.0 (Linux; Android 7.0;) AppleWebKit/537.36 (KHTML, like Gecko) Mobile Safari/537.36 (compatible; PetalBot;+https://aspiegel.com/petalbot)"
69.30.198.242 - - [14/Dec/2020:05:01:12 +0100] "GET /-p-17810.html HTTP/1.0" 200 69192 "-" "Mozilla/5.0 (compatible; MJ12bot/v1.4.8; http://mj12bot.com/)"
69.30.198.242 - - [14/Dec/2020:05:01:22 +0100] "GET /-p-17815.html HTTP/1.0" 200 69192 "-" "Mozilla/5.0 (compatible; MJ12bot/v1.4.8; http://mj12bot.com/)"
69.30.198.242 - - [14/Dec/2020:05:01:29 +0100] "GET /-p-17834.html HTTP/1.0" 200 69192 "-" "Mozilla/5.0 (compatible; MJ12bot/v1.4.8; http://mj12bot.com/)"
13.66.139.26 - - [14/Dec/2020:05:01:43 +0100] "GET /images/big_prod_1/6971640206074a.jpg HTTP/1.0" 200 271 "-" "Mozilla/5.0 (compatible; bingbot/2.0; +http://www.bing.com/bingbot.htm)"
69.30.198.242 - - [14/Dec/2020:05:01:43 +0100] "GET /-p-17836.html HTTP/1.0" 200 69192 "-" "Mozilla/5.0 (compatible; MJ12bot/v1.4.8; http://mj12bot.com/)"
69.30.198.242 - - [14/Dec/2020:05:01:57 +0100] "GET /-p-17876.html HTTP/1.0" 200 69192 "-" "Mozilla/5.0 (compatible; MJ12bot/v1.4.8; http://mj12bot.com/)"
69.30.198.242 - - [14/Dec/2020:05:02:08 +0100] "GET /-p-17877.html HTTP/1.0" 200 69192 "-" "Mozilla/5.0 (compatible; MJ12bot/v1.4.8; http://mj12bot.com/)"
69.30.198.242 - - [14/Dec/2020:05:02:19 +0100] "GET /-p-17880.html HTTP/1.0" 200 69192 "-" "Mozilla/5.0 (compatible; MJ12bot/v1.4.8; http://mj12bot.com/)"
13.66.139.26 - - [14/Dec/2020:05:02:22 +0100] "GET /images/med_prod/8412497761951.jpg HTTP/1.0" 200 268 "-" "Mozilla/5.0 (compatible; bingbot/2.0; +http://www.bing.com/bingbot.htm)"
54.36.148.83 - - [14/Dec/2020:05:02:32 +0100] "GET /italian-style-mirror-p-21298.html HTTP/1.0" 200 71761 "-" "Mozilla/5.0 (compatible; AhrefsBot/7.0; +http://ahrefs.com/robot/)"
13.66.139.26 - - [14/Dec/2020:05:02:32 +0100] "GET /images/med_prod/3700516218810.jpg HTTP/1.0" 200 268 "-" "Mozilla/5.0 (compatible; bingbot/2.0; +http://www.bing.com/bingbot.htm)"
69.30.198.242 - - [14/Dec/2020:05:02:32 +0100] "GET /-p-17882.html HTTP/1.0" 200 69192 "-" "Mozilla/5.0 (compatible; MJ12bot/v1.4.8; http://mj12bot.com/)"
13.66.139.26 - - [14/Dec/2020:05:02:33 +0100] "GET /images/big_prod/3418174110024.jpg HTTP/1.0" 200 268 "-" "Mozilla/5.0 (compatible; bingbot/2.0; +http://www.bing.com/bingbot.htm)"
35.229.42.3 - - [14/Dec/2020:05:02:36 +0100] "GET /luggages-schoolbags-leather-shop-c-31.html HTTP/1.0" 200 91221 "-" "ZoominfoBot (zoominfobot at zoominfo dot com)"
69.30.198.242 - - [14/Dec/2020:05:02:50 +0100] "GET /-p-17884.html HTTP/1.0" 200 69192 "-" "Mozilla/5.0 (compatible; MJ12bot/v1.4.8; http://mj12bot.com/)"
13.66.139.55 - - [14/Dec/2020:05:02:57 +0100] "GET /images/big_prod_1/8422099001126.jpg HTTP/1.0" 200 270 "-" "Mozilla/5.0 (compatible; bingbot/2.0; +http://www.bing.com/bingbot.htm)"
13.66.139.55 - - [14/Dec/2020:05:02:58 +0100] "GET /images/big_prod/3503420111112.jpg HTTP/1.0" 200 268 "-" "Mozilla/5.0 (compatible; bingbot/2.0; +http://www.bing.com/bingbot.htm)"
13.66.139.55 - - [14/Dec/2020:05:02:58 +0100] "GET /images/big_prod/5400924036430.jpg HTTP/1.0" 200 268 "-" "Mozilla/5.0 (compatible; bingbot/2.0; +http://www.bing.com/bingbot.htm)"
13.66.139.55 - - [14/Dec/2020:05:02:58 +0100] "GET /images/8430269165882.jpg HTTP/1.0" 200 259 "-" "Mozilla/5.0 (compatible; bingbot/2.0; +http://www.bing.com/bingbot.htm)"
13.66.139.55 - - [14/Dec/2020:05:02:59 +0100] "GET /images/big_prod/1399986102792.jpg HTTP/1.0" 200 268 "-" "Mozilla/5.0 (compatible; bingbot/2.0; +http://www.bing.com/bingbot.htm)"
69.30.198.242 - - [14/Dec/2020:05:03:01 +0100] "GET /-p-17888.html HTTP/1.0" 200 69192 "-" "Mozilla/5.0 (compatible; MJ12bot/v1.4.8; http://mj12bot.com/)"
66.249.70.36 - - [14/Dec/2020:05:03:03 +0100] "GET /cotton-bath-mat-50-80-cm-zinc-p-47263.html HTTP/1.0" 200 72596 "-" "Mozilla/5.0 (Linux; Android 6.0.1; Nexus 5X Build/MMB29P) AppleWebKit/537.36 (KHTML, like Gecko) Chrome/87.0.4280.90 Mobile Safari/537.36 (compatible; Googlebot/2.1; +http://www.google.com/bot.html)"
69.30.198.242 - - [14/Dec/2020:05:03:14 +0100] "GET /-p-17972.html HTTP/1.0" 200 69192 "-" "Mozilla/5.0 (compatible; MJ12bot/v1.4.8; http://mj12bot.com/)"
69.30.198.242 - - [14/Dec/2020:05:03:29 +0100] "GET /-p-17973.html HTTP/1.0" 200 69192 "-" "Mozilla/5.0 (compatible; MJ12bot/v1.4.8; http://mj12bot.com/)"
69.30.198.242 - - [14/Dec/2020:05:03:39 +0100] "GET /-p-18026.html HTTP/1.0" 200 69192 "-" "Mozilla/5.0 (compatible; MJ12bot/v1.4.8; http://mj12bot.com/)"
69.30.198.242 - - [14/Dec/2020:05:03:49 +0100] "GET /-p-18210.html HTTP/1.0" 200 69192 "-" "Mozilla/5.0 (compatible; MJ12bot/v1.4.8; http://mj12bot.com/)"
54.36.148.143 - - [14/Dec/2020:05:03:54 +0100] "GET /salamander-wall-decoration-51-cm-p-40978.html HTTP/1.0" 301 69259 "-" "Mozilla/5.0 (compatible; AhrefsBot/7.0; +http://ahrefs.com/robot/)"
69.30.198.242 - - [14/Dec/2020:05:04:01 +0100] "GET /-p-18288.html HTTP/1.0" 200 69192 "-" "Mozilla/5.0 (compatible; MJ12bot/v1.4.8; http://mj12bot.com/)"
69.30.198.242 - - [14/Dec/2020:05:04:11 +0100] "GET /-p-18289.html HTTP/1.0" 200 69192 "-" "Mozilla/5.0 (compatible; MJ12bot/v1.4.8; http://mj12bot.com/)"
13.66.139.26 - - [14/Dec/2020:05:04:22 +0100] "GET /mugs-and-mazagrans-c-12_57.html?page=8 HTTP/1.0" 200 96230 "-" "Mozilla/5.0 (compatible; bingbot/2.0; +http://www.bing.com/bingbot.htm)"
69.30.198.242 - - [14/Dec/2020:05:04:24 +0100] "GET /-p-18293.html HTTP/1.0" 200 69192 "-" "Mozilla/5.0 (compatible; MJ12bot/v1.4.8; http://mj12bot.com/)"
35.229.42.3 - - [14/Dec/2020:05:04:29 +0100] "GET /wastebasket-c-129_184.html HTTP/1.0" 200 82152 "-" "ZoominfoBot (zoominfobot at zoominfo dot com)"
69.30.198.242 - - [14/Dec/2020:05:04:35 +0100] "GET /-p-18294.html HTTP/1.0" 200 69192 "-" "Mozilla/5.0 (compatible; MJ12bot/v1.4.8; http://mj12bot.com/)"
54.36.148.83 - - [14/Dec/2020:05:04:37 +0100] "GET /pink-cat-set-salt-and-pepper-p-34480.html HTTP/1.0" 200 71947 "-" "Mozilla/5.0 (compatible; AhrefsBot/7.0; +http://ahrefs.com/robot/)"
69.30.198.242 - - [14/Dec/2020:05:04:50 +0100] "GET /-p-18295.html HTTP/1.0" 200 69192 "-" "Mozilla/5.0 (compatible; MJ12bot/v1.4.8; http://mj12bot.com/)"
69.30.198.242 - - [14/Dec/2020:05:05:04 +0100] "GET /-p-18343.html HTTP/1.0" 200 69192 "-" "Mozilla/5.0 (compatible; MJ12bot/v1.4.8; http://mj12bot.com/)"
69.30.198.242 - - [14/Dec/2020:05:05:15 +0100] "GET /-p-18346.html HTTP/1.0" 200 69192 "-" "Mozilla/5.0 (compatible; MJ12bot/v1.4.8; http://mj12bot.com/)"
157.55.39.179 - - [14/Dec/2020:05:05:20 +0100] "GET /unicorne-moneybox-p-52995.html HTTP/1.0" 200 71774 "-" "Mozilla/5.0 (compatible; bingbot/2.0; +http://www.bing.com/bingbot.htm)"
69.30.198.242 - - [14/Dec/2020:05:05:26 +0100] "GET /-p-18347.html HTTP/1.0" 200 69192 "-" "Mozilla/5.0 (compatible; MJ12bot/v1.4.8; http://mj12bot.com/)"
114.119.151.113 - - [14/Dec/2020:05:05:27 +0100] "GET /%20images/3000000008898.jpg HTTP/1.0" 404 1308 "-" "Mozilla/5.0 (Linux; Android 7.0;) AppleWebKit/537.36 (KHTML, like Gecko) Mobile Safari/537.36 (compatible; PetalBot;+https://aspiegel.com/petalbot)"
69.30.198.242 - - [14/Dec/2020:05:05:39 +0100] "GET /-p-18383.html HTTP/1.0" 200 69192 "-" "Mozilla/5.0 (compatible; MJ12bot/v1.4.8; http://mj12bot.com/)"
13.66.139.26 - - [14/Dec/2020:05:05:43 +0100] "GET /images/3700653502780.jpg HTTP/1.0" 200 259 "-" "Mozilla/5.0 (compatible; bingbot/2.0; +http://www.bing.com/bingbot.htm)"
69.30.198.242 - - [14/Dec/2020:05:05:47 +0100] "GET /-p-18556.html HTTP/1.0" 200 69192 "-" "Mozilla/5.0 (compatible; MJ12bot/v1.4.8; http://mj12bot.com/)"
69.30.198.242 - - [14/Dec/2020:05:05:55 +0100] "GET /-p-18811.html HTTP/1.0" 200 69192 "-" "Mozilla/5.0 (compatible; MJ12bot/v1.4.8; http://mj12bot.com/)"
209.17.96.34 - - [14/Dec/2020:05:06:33 +0100] "GET / HTTP/1.0" 301 511 "-" "Mozilla/5.0 (compatible; Nimbostratus-Bot/v1.3.2; http://cloudsystemnetworks.com)"
54.36.148.228 - - [14/Dec/2020:05:07:01 +0100] "GET /barbabelle-and-francois-car-p-15686.html HTTP/1.0" 200 72038 "-" "Mozilla/5.0 (compatible; AhrefsBot/7.0; +http://ahrefs.com/robot/)"
54.236.1.13 - - [14/Dec/2020:05:07:17 +0100] "GET /betty-boop-party-dress-mirror-36-cm-p-27176.html HTTP/1.0" 301 69259 "-" "Mozilla/5.0 (compatible; Pinterestbot/1.0; +http://www.pinterest.com/bot.html)"
54.236.1.13 - - [14/Dec/2020:05:07:17 +0100] "GET /-p-27176.html HTTP/1.0" 200 69192 "-" "Mozilla/5.0 (compatible; Pinterestbot/1.0; +http://www.pinterest.com/bot.html)"
17.58.101.145 - - [14/Dec/2020:05:07:18 +0100] "GET /paris-moulin-rouge-tote-bag-p-43020.html HTTP/1.0" 200 71912 "-" "Mozilla/5.0 (Macintosh; Intel Mac OS X 10_15_5) AppleWebKit/605.1.15 (KHTML, like Gecko) Version/13.1.1 Safari/605.1.15 (Applebot/0.1; +http://www.apple.com/go/applebot)"
207.46.13.48 - - [14/Dec/2020:05:07:42 +0100] "GET /images/big_prod/8020912049685.jpg HTTP/1.0" 200 268 "-" "Mozilla/5.0 (compatible; bingbot/2.0; +http://www.bing.com/bingbot.htm)"
207.46.13.48 - - [14/Dec/2020:05:07:43 +0100] "GET /images/5022271900969.jpg HTTP/1.0" 200 259 "-" "Mozilla/5.0 (compatible; bingbot/2.0; +http://www.bing.com/bingbot.htm)"
51.68.224.127 - - [14/Dec/2020:05:07:43 +0100] "GET /adminweb/export_orders_xml.php?token=256de2z6edz6ed2z6DFSFsed2zed6zeDSFDSGdzedezfzf&maxorders=10&orderstart=1&status=14&start_date=2018-10-01 HTTP/1.0" 200 285 "-" "GesCom CharlotteBoutik Serveur"
51.68.224.127 - - [14/Dec/2020:05:07:43 +0100] "GET /adminweb/export_orders_xml.php?token=256de2z6edz6ed2z6DFSFsed2zed6zeDSFDSGdzedezfzf&maxorders=10&orderstart=1&status=6&start_date=2018-10-01 HTTP/1.0" 200 30026 "-" "GesCom CharlotteBoutik Serveur"
69.30.198.242 - - [14/Dec/2020:05:07:57 +0100] "GET /-p-18840.html HTTP/1.0" 200 69192 "-" "Mozilla/5.0 (compatible; MJ12bot/v1.4.8; http://mj12bot.com/)"
69.30.198.242 - - [14/Dec/2020:05:08:26 +0100] "GET /-p-18891.html HTTP/1.0" 200 69192 "-" "Mozilla/5.0 (compatible; MJ12bot/v1.4.8; http://mj12bot.com/)"
69.30.198.242 - - [14/Dec/2020:05:08:35 +0100] "GET /-p-18892.html HTTP/1.0" 200 69192 "-" "Mozilla/5.0 (compatible; MJ12bot/v1.4.8; http://mj12bot.com/)"
69.30.198.242 - - [14/Dec/2020:05:08:44 +0100] "GET /-p-18894.html HTTP/1.0" 200 69192 "-" "Mozilla/5.0 (compatible; MJ12bot/v1.4.8; http://mj12bot.com/)"
69.30.198.242 - - [14/Dec/2020:05:08:57 +0100] "GET /-p-18963.html HTTP/1.0" 200 69192 "-" "Mozilla/5.0 (compatible; MJ12bot/v1.4.8; http://mj12bot.com/)"
69.30.198.242 - - [14/Dec/2020:05:09:08 +0100] "GET /-p-18999.html HTTP/1.0" 200 69192 "-" "Mozilla/5.0 (compatible; MJ12bot/v1.4.8; http://mj12bot.com/)"
69.30.198.242 - - [14/Dec/2020:05:09:18 +0100] "GET /-p-19026.html HTTP/1.0" 200 69192 "-" "Mozilla/5.0 (compatible; MJ12bot/v1.4.8; http://mj12bot.com/)"
54.36.148.83 - - [14/Dec/2020:05:09:19 +0100] "GET /teo-jasmin-kawai-blue-scarf-p-35978.html HTTP/1.0" 200 71868 "-" "Mozilla/5.0 (compatible; AhrefsBot/7.0; +http://ahrefs.com/robot/)"
69.30.198.242 - - [14/Dec/2020:05:09:31 +0100] "GET /-p-19209.html HTTP/1.0" 200 69192 "-" "Mozilla/5.0 (compatible; MJ12bot/v1.4.8; http://mj12bot.com/)"
13.66.139.55 - - [14/Dec/2020:05:09:40 +0100] "GET /alarms-clocks-c-13_65.html?page=3 HTTP/1.0" 200 90447 "-" "Mozilla/5.0 (compatible; bingbot/2.0; +http://www.bing.com/bingbot.htm)"
13.66.139.55 - - [14/Dec/2020:05:09:41 +0100] "GET /images/8430957084426.jpg HTTP/1.0" 200 259 "-" "Mozilla/5.0 (compatible; bingbot/2.0; +http://www.bing.com/bingbot.htm)"
13.66.139.55 - - [14/Dec/2020:05:09:41 +0100] "GET /images/big_prod_2/c5018997632079.jpg HTTP/1.0" 200 271 "-" "Mozilla/5.0 (compatible; bingbot/2.0; +http://www.bing.com/bingbot.htm)"
13.66.139.55 - - [14/Dec/2020:05:09:42 +0100] "GET /images/big_prod_2/6000971c.jpg HTTP/1.0" 200 265 "-" "Mozilla/5.0 (compatible; bingbot/2.0; +http://www.bing.com/bingbot.htm)"
13.66.139.55 - - [14/Dec/2020:05:09:42 +0100] "GET /images/big_prod_1/3612875124704b.jpg HTTP/1.0" 200 271 "-" "Mozilla/5.0 (compatible; bingbot/2.0; +http://www.bing.com/bingbot.htm)"
69.30.198.242 - - [14/Dec/2020:05:09:44 +0100] "GET /-p-19324.html HTTP/1.0" 200 69192 "-" "Mozilla/5.0 (compatible; MJ12bot/v1.4.8; http://mj12bot.com/)"
114.119.144.233 - - [14/Dec/2020:05:09:47 +0100] "GET /images/mini_prod/1300000010375.jpg HTTP/1.0" 200 269 "-" "Mozilla/5.0 (Linux; Android 7.0;) AppleWebKit/537.36 (KHTML, like Gecko) Mobile Safari/537.36 (compatible; PetalBot;+https://aspiegel.com/petalbot)"
35.229.42.3 - - [14/Dec/2020:05:09:48 +0100] "GET /dishes-and-pie-dishes-c-12_251.html HTTP/1.0" 200 88737 "-" "ZoominfoBot (zoominfobot at zoominfo dot com)"
35.229.42.3 - - [14/Dec/2020:05:10:00 +0100] "GET /butter-dish-c-12_222.html HTTP/1.0" 200 81873 "-" "ZoominfoBot (zoominfobot at zoominfo dot com)"
207.46.13.48 - - [14/Dec/2020:05:10:11 +0100] "GET /the-shadow-frame-cats-by-dubout-what-for-dinner-p-35265.html HTTP/1.0" 200 75428 "-" "Mozilla/5.0 (compatible; bingbot/2.0; +http://www.bing.com/bingbot.htm)"
69.30.198.242 - - [14/Dec/2020:05:10:18 +0100] "GET /-p-19480.html HTTP/1.0" 200 69192 "-" "Mozilla/5.0 (compatible; MJ12bot/v1.4.8; http://mj12bot.com/)"
17.58.101.145 - - [14/Dec/2020:05:10:21 +0100] "GET /bottle-opener-corsica-p-48337.html HTTP/1.0" 200 71846 "-" "Mozilla/5.0 (Macintosh; Intel Mac OS X 10_15_5) AppleWebKit/605.1.15 (KHTML, like Gecko) Version/13.1.1 Safari/605.1.15 (Applebot/0.1; +http://www.apple.com/go/applebot)"
69.30.198.242 - - [14/Dec/2020:05:10:32 +0100] "GET /-p-19861.html HTTP/1.0" 200 69192 "-" "Mozilla/5.0 (compatible; MJ12bot/v1.4.8; http://mj12bot.com/)"
157.55.39.179 - - [14/Dec/2020:05:10:38 +0100] "GET /cats-shadow-door-plate-bathroom-p-46412.html HTTP/1.0" 200 71931 "-" "Mozilla/5.0 (compatible; bingbot/2.0; +http://www.bing.com/bingbot.htm)"
69.30.198.242 - - [14/Dec/2020:05:10:45 +0100] "GET /-p-19863.html HTTP/1.0" 200 69192 "-" "Mozilla/5.0 (compatible; MJ12bot/v1.4.8; http://mj12bot.com/)"
69.30.198.242 - - [14/Dec/2020:05:10:56 +0100] "GET /-p-19935.html HTTP/1.0" 200 69192 "-" "Mozilla/5.0 (compatible; MJ12bot/v1.4.8; http://mj12bot.com/)"
69.30.198.242 - - [14/Dec/2020:05:11:16 +0100] "GET /-p-19977.html HTTP/1.0" 200 69192 "-" "Mozilla/5.0 (compatible; MJ12bot/v1.4.8; http://mj12bot.com/)"
69.30.198.242 - - [14/Dec/2020:05:11:30 +0100] "GET /-p-20055.html HTTP/1.0" 200 69192 "-" "Mozilla/5.0 (compatible; MJ12bot/v1.4.8; http://mj12bot.com/)"
54.36.148.221 - - [14/Dec/2020:05:11:32 +0100] "GET /miss-bad-photo-frame-p-5145.html HTTP/1.0" 200 71860 "-" "Mozilla/5.0 (compatible; AhrefsBot/7.0; +http://ahrefs.com/robot/)"
69.30.198.242 - - [14/Dec/2020:05:11:44 +0100] "GET /-p-20202.html HTTP/1.0" 200 69192 "-" "Mozilla/5.0 (compatible; MJ12bot/v1.4.8; http://mj12bot.com/)"
69.30.198.242 - - [14/Dec/2020:05:12:08 +0100] "GET /-p-20372.html HTTP/1.0" 200 69192 "-" "Mozilla/5.0 (compatible; MJ12bot/v1.4.8; http://mj12bot.com/)"
50.113.10.126 - - [14/Dec/2020:05:12:24 +0100] "GET /images/1399984263112.jpg HTTP/1.0" 200 259 "-" "Mozilla/5.0 (Windows NT 10.0; Win64; x64; rv:83.0) Gecko/20100101 Firefox/83.0"
50.113.10.126 - - [14/Dec/2020:05:12:24 +0100] "GET /images/3609810010642.jpg HTTP/1.0" 200 259 "-" "Mozilla/5.0 (Windows NT 10.0; Win64; x64; rv:83.0) Gecko/20100101 Firefox/83.0"
66.249.70.33 - - [14/Dec/2020:05:12:29 +0100] "GET /umbrellas-c-31_16.html HTTP/1.0" 200 90374 "-" "Mozilla/5.0 (compatible; Googlebot/2.1; +http://www.google.com/bot.html)"
69.30.198.242 - - [14/Dec/2020:05:12:29 +0100] "GET /-p-20406.html HTTP/1.0" 200 69192 "-" "Mozilla/5.0 (compatible; MJ12bot/v1.4.8; http://mj12bot.com/)"
69.30.198.242 - - [14/Dec/2020:05:12:39 +0100] "GET /-p-20423.html HTTP/1.0" 200 69192 "-" "Mozilla/5.0 (compatible; MJ12bot/v1.4.8; http://mj12bot.com/)"
69.30.198.242 - - [14/Dec/2020:05:13:02 +0100] "GET /-p-20468.html HTTP/1.0" 200 69192 "-" "Mozilla/5.0 (compatible; MJ12bot/v1.4.8; http://mj12bot.com/)"
69.30.198.242 - - [14/Dec/2020:05:13:19 +0100] "GET /-p-20564.html HTTP/1.0" 200 69192 "-" "Mozilla/5.0 (compatible; MJ12bot/v1.4.8; http://mj12bot.com/)"
69.30.198.242 - - [14/Dec/2020:05:13:33 +0100] "GET /-p-20590.html HTTP/1.0" 200 69192 "-" "Mozilla/5.0 (compatible; MJ12bot/v1.4.8; http://mj12bot.com/)"
69.30.198.242 - - [14/Dec/2020:05:13:42 +0100] "GET /-p-20597.html HTTP/1.0" 200 69192 "-" "Mozilla/5.0 (compatible; MJ12bot/v1.4.8; http://mj12bot.com/)"
54.36.148.124 - - [14/Dec/2020:05:13:43 +0100] "GET /london-westminster-rectangular-mirror-p-29009.html HTTP/1.0" 200 71919 "-" "Mozilla/5.0 (compatible; AhrefsBot/7.0; +http://ahrefs.com/robot/)"
35.229.42.3 - - [14/Dec/2020:05:13:47 +0100] "GET /barbecue-and-aperitif-c-12_254.html HTTP/1.0" 200 85320 "-" "ZoominfoBot (zoominfobot at zoominfo dot com)"
69.30.198.242 - - [14/Dec/2020:05:13:53 +0100] "GET /-p-20627.html HTTP/1.0" 200 69192 "-" "Mozilla/5.0 (compatible; MJ12bot/v1.4.8; http://mj12bot.com/)"
69.30.198.242 - - [14/Dec/2020:05:14:02 +0100] "GET /-p-20678.html HTTP/1.0" 200 69192 "-" "Mozilla/5.0 (compatible; MJ12bot/v1.4.8; http://mj12bot.com/)"
69.30.198.242 - - [14/Dec/2020:05:14:11 +0100] "GET /-p-20824.html HTTP/1.0" 200 69192 "-" "Mozilla/5.0 (compatible; MJ12bot/v1.4.8; http://mj12bot.com/)"
114.119.150.15 - - [14/Dec/2020:05:14:14 +0100] "GET /images/big_prod/3608860230284.jpg HTTP/1.0" 200 268 "-" "Mozilla/5.0 (Linux; Android 7.0;) AppleWebKit/537.36 (KHTML, like Gecko) Mobile Safari/537.36 (compatible; PetalBot;+https://aspiegel.com/petalbot)"
17.58.101.145 - - [14/Dec/2020:05:14:18 +0100] "GET /charmmy-kitty-dress-p-31105.html HTTP/1.0" 200 72943 "-" "Mozilla/5.0 (Macintosh; Intel Mac OS X 10_15_5) AppleWebKit/605.1.15 (KHTML, like Gecko) Version/13.1.1 Safari/605.1.15 (Applebot/0.1; +http://www.apple.com/go/applebot)"
69.30.198.242 - - [14/Dec/2020:05:14:20 +0100] "GET /-p-21292.html HTTP/1.0" 200 69192 "-" "Mozilla/5.0 (compatible; MJ12bot/v1.4.8; http://mj12bot.com/)"
69.30.198.242 - - [14/Dec/2020:05:14:31 +0100] "GET /-p-21342.html HTTP/1.0" 200 69192 "-" "Mozilla/5.0 (compatible; MJ12bot/v1.4.8; http://mj12bot.com/)"
207.46.13.48 - - [14/Dec/2020:05:14:42 +0100] "GET /images/3700276281109.jpg HTTP/1.0" 200 259 "-" "Mozilla/5.0 (compatible; bingbot/2.0; +http://www.bing.com/bingbot.htm)"
69.30.198.242 - - [14/Dec/2020:05:14:43 +0100] "GET /-p-21355.html HTTP/1.0" 200 69192 "-" "Mozilla/5.0 (compatible; MJ12bot/v1.4.8; http://mj12bot.com/)"
69.30.198.242 - - [14/Dec/2020:05:14:50 +0100] "GET /-p-21360.html HTTP/1.0" 200 69192 "-" "Mozilla/5.0 (compatible; MJ12bot/v1.4.8; http://mj12bot.com/)"
69.30.198.242 - - [14/Dec/2020:05:14:58 +0100] "GET /-p-21416.html HTTP/1.0" 200 69192 "-" "Mozilla/5.0 (compatible; MJ12bot/v1.4.8; http://mj12bot.com/)"
69.30.198.242 - - [14/Dec/2020:05:15:28 +0100] "GET /-p-21567.html HTTP/1.0" 200 69192 "-" "Mozilla/5.0 (compatible; MJ12bot/v1.4.8; http://mj12bot.com/)"
69.30.198.242 - - [14/Dec/2020:05:15:43 +0100] "GET /-p-21592.html HTTP/1.0" 200 69192 "-" "Mozilla/5.0 (compatible; MJ12bot/v1.4.8; http://mj12bot.com/)"
168.119.69.91 - - [14/Dec/2020:05:15:48 +0100] "GET /nici-plush-collection-bubble-bunny-p-35157.html HTTP/1.0" 200 78778 "-" "Mozilla/5.0 (Macintosh; Intel Mac OS X 10_6_8) AppleWebKit/534.58.2 (KHTML, like Gecko) Version/5.1.8 Safari/534.58.2"
69.30.198.242 - - [14/Dec/2020:05:15:56 +0100] "GET /-p-21666.html HTTP/1.0" 200 69192 "-" "Mozilla/5.0 (compatible; MJ12bot/v1.4.8; http://mj12bot.com/)"
54.36.149.8 - - [14/Dec/2020:05:15:57 +0100] "GET /naruto-picture-frame-p-1481.html HTTP/1.0" 200 71859 "-" "Mozilla/5.0 (compatible; AhrefsBot/7.0; +http://ahrefs.com/robot/)"
69.30.198.242 - - [14/Dec/2020:05:16:09 +0100] "GET /-p-21806.html HTTP/1.0" 200 69192 "-" "Mozilla/5.0 (compatible; MJ12bot/v1.4.8; http://mj12bot.com/)"
69.30.198.242 - - [14/Dec/2020:05:16:23 +0100] "GET /-p-21810.html HTTP/1.0" 200 69192 "-" "Mozilla/5.0 (compatible; MJ12bot/v1.4.8; http://mj12bot.com/)"
35.229.42.3 - - [14/Dec/2020:05:16:33 +0100] "GET /cellar-and-slicer-sausage-c-12_252.html HTTP/1.0" 200 78640 "-" "ZoominfoBot (zoominfobot at zoominfo dot com)"
69.30.198.242 - - [14/Dec/2020:05:16:34 +0100] "GET /-p-21814.html HTTP/1.0" 200 69192 "-" "Mozilla/5.0 (compatible; MJ12bot/v1.4.8; http://mj12bot.com/)"
69.30.198.242 - - [14/Dec/2020:05:16:42 +0100] "GET /-p-21817.html HTTP/1.0" 200 69192 "-" "Mozilla/5.0 (compatible; MJ12bot/v1.4.8; http://mj12bot.com/)"
157.55.39.59 - - [14/Dec/2020:05:16:43 +0100] "GET /images/big_prod/8720088295977.jpg HTTP/1.0" 200 268 "-" "Mozilla/5.0 (compatible; bingbot/2.0; +http://www.bing.com/bingbot.htm)"
69.30.198.242 - - [14/Dec/2020:05:16:56 +0100] "GET /-p-21824.html HTTP/1.0" 200 69192 "-" "Mozilla/5.0 (compatible; MJ12bot/v1.4.8; http://mj12bot.com/)"
17.58.101.145 - - [14/Dec/2020:05:17:03 +0100] "GET /kimmidoll-storage-cardboard-boxes-p-31955.html HTTP/1.0" 200 69318 "-" "Mozilla/5.0 (Macintosh; Intel Mac OS X 10_15_5) AppleWebKit/605.1.15 (KHTML, like Gecko) Version/13.1.1 Safari/605.1.15 (Applebot/0.1; +http://www.apple.com/go/applebot)"
69.30.198.242 - - [14/Dec/2020:05:17:08 +0100] "GET /-p-21826.html HTTP/1.0" 200 69192 "-" "Mozilla/5.0 (compatible; MJ12bot/v1.4.8; http://mj12bot.com/)"
69.30.198.242 - - [14/Dec/2020:05:17:20 +0100] "GET /-p-21828.html HTTP/1.0" 200 69192 "-" "Mozilla/5.0 (compatible; MJ12bot/v1.4.8; http://mj12bot.com/)"
69.30.198.242 - - [14/Dec/2020:05:17:38 +0100] "GET /-p-21833.html HTTP/1.0" 200 69192 "-" "Mozilla/5.0 (compatible; MJ12bot/v1.4.8; http://mj12bot.com/)"
13.66.139.26 - - [14/Dec/2020:05:17:55 +0100] "GET /images/big_prod/3609810070820.jpg HTTP/1.0" 200 268 "-" "Mozilla/5.0 (compatible; bingbot/2.0; +http://www.bing.com/bingbot.htm)"
69.30.198.242 - - [14/Dec/2020:05:18:00 +0100] "GET /-p-21835.html HTTP/1.0" 200 69192 "-" "Mozilla/5.0 (compatible; MJ12bot/v1.4.8; http://mj12bot.com/)"
54.36.148.143 - - [14/Dec/2020:05:18:06 +0100] "GET /cats-in-love-oven-mitt-p-39648.html HTTP/1.0" 200 71864 "-" "Mozilla/5.0 (compatible; AhrefsBot/7.0; +http://ahrefs.com/robot/)"
157.55.39.59 - - [14/Dec/2020:05:18:08 +0100] "GET /door-plate-baby-room-powdery-pink-p-47792.html HTTP/1.0" 200 72140 "-" "Mozilla/5.0 (compatible; bingbot/2.0; +http://www.bing.com/bingbot.htm)"
69.30.198.242 - - [14/Dec/2020:05:18:17 +0100] "GET /-p-21836.html HTTP/1.0" 200 69192 "-" "Mozilla/5.0 (compatible; MJ12bot/v1.4.8; http://mj12bot.com/)"
69.30.198.242 - - [14/Dec/2020:05:18:25 +0100] "GET /-p-21838.html HTTP/1.0" 200 69192 "-" "Mozilla/5.0 (compatible; MJ12bot/v1.4.8; http://mj12bot.com/)"
114.119.151.113 - - [14/Dec/2020:05:18:32 +0100] "GET /images/mini_prod/3565750294071.jpg HTTP/1.0" 200 269 "-" "Mozilla/5.0 (Linux; Android 7.0;) AppleWebKit/537.36 (KHTML, like Gecko) Mobile Safari/537.36 (compatible; PetalBot;+https://aspiegel.com/petalbot)"
69.30.198.242 - - [14/Dec/2020:05:18:53 +0100] "GET /-p-21861.html HTTP/1.0" 200 69192 "-" "Mozilla/5.0 (compatible; MJ12bot/v1.4.8; http://mj12bot.com/)"
35.229.42.3 - - [14/Dec/2020:05:19:04 +0100] "GET /bowls-c-12_255.html HTTP/1.0" 200 77324 "-" "ZoominfoBot (zoominfobot at zoominfo dot com)"
69.30.198.242 - - [14/Dec/2020:05:19:05 +0100] "GET /-p-21862.html HTTP/1.0" 200 69192 "-" "Mozilla/5.0 (compatible; MJ12bot/v1.4.8; http://mj12bot.com/)"
69.30.198.242 - - [14/Dec/2020:05:19:25 +0100] "GET /-p-21864.html HTTP/1.0" 200 69192 "-" "Mozilla/5.0 (compatible; MJ12bot/v1.4.8; http://mj12bot.com/)"
69.30.198.242 - - [14/Dec/2020:05:19:35 +0100] "GET /-p-21865.html HTTP/1.0" 200 69192 "-" "Mozilla/5.0 (compatible; MJ12bot/v1.4.8; http://mj12bot.com/)"
54.36.148.134 - - [14/Dec/2020:05:19:37 +0100] "GET /top-model-backpack-p-18160.html HTTP/1.0" 301 69259 "-" "Mozilla/5.0 (compatible; AhrefsBot/7.0; +http://ahrefs.com/robot/)"
35.229.42.3 - - [14/Dec/2020:05:19:39 +0100] "GET /glasses-and-drinking-cup-c-12_62.html HTTP/1.0" 200 90291 "-" "ZoominfoBot (zoominfobot at zoominfo dot com)"
69.30.198.242 - - [14/Dec/2020:05:19:44 +0100] "GET /-p-21870.html HTTP/1.0" 200 69192 "-" "Mozilla/5.0 (compatible; MJ12bot/v1.4.8; http://mj12bot.com/)"
35.229.42.3 - - [14/Dec/2020:05:19:44 +0100] "GET /corkscrew-bottle-opener-sommelier-kit-c-12_213.html HTTP/1.0" 200 89092 "-" "ZoominfoBot (zoominfobot at zoominfo dot com)"
13.66.139.26 - - [14/Dec/2020:05:19:54 +0100] "GET /wall-decoration-in-wood-and-mdf-c-13_274.html HTTP/1.0" 200 92198 "-" "Mozilla/5.0 (compatible; bingbot/2.0; +http://www.bing.com/bingbot.htm)"
69.30.198.242 - - [14/Dec/2020:05:19:55 +0100] "GET /-p-21873.html HTTP/1.0" 200 69192 "-" "Mozilla/5.0 (compatible; MJ12bot/v1.4.8; http://mj12bot.com/)"
69.30.198.242 - - [14/Dec/2020:05:20:06 +0100] "GET /-p-22043.html HTTP/1.0" 200 69192 "-" "Mozilla/5.0 (compatible; MJ12bot/v1.4.8; http://mj12bot.com/)"
157.55.39.59 - - [14/Dec/2020:05:20:12 +0100] "GET /images/med_prod/1020322252559.jpg HTTP/1.0" 200 268 "-" "Mozilla/5.0 (compatible; bingbot/2.0; +http://www.bing.com/bingbot.htm)"
13.66.139.26 - - [14/Dec/2020:05:20:16 +0100] "GET /images/big_prod/3453131145824.jpg HTTP/1.0" 200 268 "-" "Mozilla/5.0 (compatible; bingbot/2.0; +http://www.bing.com/bingbot.htm)"
69.30.198.242 - - [14/Dec/2020:05:20:17 +0100] "GET /-p-22045.html HTTP/1.0" 200 69192 "-" "Mozilla/5.0 (compatible; MJ12bot/v1.4.8; http://mj12bot.com/)"
54.36.149.2 - - [14/Dec/2020:05:20:18 +0100] "GET /high-school-musical-red-shopping-bag-p-24267.html HTTP/1.0" 200 72237 "-" "Mozilla/5.0 (compatible; AhrefsBot/7.0; +http://ahrefs.com/robot/)"
69.30.198.242 - - [14/Dec/2020:05:20:30 +0100] "GET /-p-22099.html HTTP/1.0" 200 69192 "-" "Mozilla/5.0 (compatible; MJ12bot/v1.4.8; http://mj12bot.com/)"
69.30.198.242 - - [14/Dec/2020:05:20:54 +0100] "GET /-p-22170.html HTTP/1.0" 200 69192 "-" "Mozilla/5.0 (compatible; MJ12bot/v1.4.8; http://mj12bot.com/)"
69.30.198.242 - - [14/Dec/2020:05:21:12 +0100] "GET /-p-22194.html HTTP/1.0" 200 69192 "-" "Mozilla/5.0 (compatible; MJ12bot/v1.4.8; http://mj12bot.com/)"
69.30.198.242 - - [14/Dec/2020:05:21:27 +0100] "GET /-p-22199.html HTTP/1.0" 200 69192 "-" "Mozilla/5.0 (compatible; MJ12bot/v1.4.8; http://mj12bot.com/)"
69.30.198.242 - - [14/Dec/2020:05:21:37 +0100] "GET /-p-22201.html HTTP/1.0" 200 69192 "-" "Mozilla/5.0 (compatible; MJ12bot/v1.4.8; http://mj12bot.com/)"
35.229.42.3 - - [14/Dec/2020:05:21:47 +0100] "GET /products_new.php HTTP/1.0" 200 92458 "-" "ZoominfoBot (zoominfobot at zoominfo dot com)"
66.249.70.36 - - [14/Dec/2020:05:21:52 +0100] "GET /diffuser-of-perfume-and-essential-oils-c-231_162.html HTTP/1.0" 200 89153 "-" "Mozilla/5.0 (Linux; Android 6.0.1; Nexus 5X Build/MMB29P) AppleWebKit/537.36 (KHTML, like Gecko) Chrome/87.0.4280.90 Mobile Safari/537.36 (compatible; Googlebot/2.1; +http://www.google.com/bot.html)"
35.229.42.3 - - [14/Dec/2020:05:21:55 +0100] "GET /checkout_shipping.php HTTP/1.0" 302 468 "-" "ZoominfoBot (zoominfobot at zoominfo dot com)"
69.30.198.242 - - [14/Dec/2020:05:22:00 +0100] "GET /-p-22208.html HTTP/1.0" 200 69192 "-" "Mozilla/5.0 (compatible; MJ12bot/v1.4.8; http://mj12bot.com/)"
69.30.198.242 - - [14/Dec/2020:05:22:21 +0100] "GET /-p-22213.html HTTP/1.0" 200 69192 "-" "Mozilla/5.0 (compatible; MJ12bot/v1.4.8; http://mj12bot.com/)"
35.229.42.3 - - [14/Dec/2020:05:22:25 +0100] "GET /bottle-holder-beer-bucket-c-12_224.html HTTP/1.0" 200 89342 "-" "ZoominfoBot (zoominfobot at zoominfo dot com)"
54.36.148.112 - - [14/Dec/2020:05:22:26 +0100] "GET /mickey-mouse-sports-bottle-p-25061.html HTTP/1.0" 200 71855 "-" "Mozilla/5.0 (compatible; AhrefsBot/7.0; +http://ahrefs.com/robot/)"
69.30.198.242 - - [14/Dec/2020:05:22:37 +0100] "GET /-p-22290.html HTTP/1.0" 200 69192 "-" "Mozilla/5.0 (compatible; MJ12bot/v1.4.8; http://mj12bot.com/)"
69.30.198.242 - - [14/Dec/2020:05:22:46 +0100] "GET /-p-22302.html HTTP/1.0" 200 69192 "-" "Mozilla/5.0 (compatible; MJ12bot/v1.4.8; http://mj12bot.com/)"
35.229.42.3 - - [14/Dec/2020:05:22:54 +0100] "GET /manicure-articles-c-31_204.html HTTP/1.0" 200 88551 "-" "ZoominfoBot (zoominfobot at zoominfo dot com)"
114.119.145.117 - - [14/Dec/2020:05:22:55 +0100] "GET /butterfly-wall-decoration-225-185-cm-pink-model-p-51726.html HTTP/1.0" 200 72124 "-" "Mozilla/5.0 (Linux; Android 7.0;) AppleWebKit/537.36 (KHTML, like Gecko) Mobile Safari/537.36 (compatible; PetalBot;+https://aspiegel.com/petalbot)"
66.249.70.33 - - [14/Dec/2020:05:22:57 +0100] "GET /images/mini_prod/886767070681.jpg HTTP/1.0" 200 268 "-" "Googlebot-Image/1.0"
69.30.198.242 - - [14/Dec/2020:05:23:02 +0100] "GET /-p-22308.html HTTP/1.0" 200 69192 "-" "Mozilla/5.0 (compatible; MJ12bot/v1.4.8; http://mj12bot.com/)"
69.30.198.242 - - [14/Dec/2020:05:23:27 +0100] "GET /-p-22315.html HTTP/1.0" 200 69192 "-" "Mozilla/5.0 (compatible; MJ12bot/v1.4.8; http://mj12bot.com/)"
69.30.198.242 - - [14/Dec/2020:05:23:34 +0100] "GET /-p-22330.html HTTP/1.0" 200 69192 "-" "Mozilla/5.0 (compatible; MJ12bot/v1.4.8; http://mj12bot.com/)"
13.66.139.26 - - [14/Dec/2020:05:23:45 +0100] "GET /images/big_prod/3665269058703a.jpg HTTP/1.0" 200 269 "-" "Mozilla/5.0 (compatible; bingbot/2.0; +http://www.bing.com/bingbot.htm)"
13.66.139.26 - - [14/Dec/2020:05:23:46 +0100] "GET /images/3540945804600.jpg HTTP/1.0" 200 259 "-" "Mozilla/5.0 (compatible; bingbot/2.0; +http://www.bing.com/bingbot.htm)"
77.75.77.119 - - [14/Dec/2020:05:23:58 +0100] "GET /robots.txt HTTP/1.0" 200 245 "-" "Mozilla/5.0 (compatible; SeznamBot/3.2; +http://napoveda.seznam.cz/en/seznambot-intro/)"
77.75.77.119 - - [14/Dec/2020:05:23:59 +0100] "GET /santa-claus-solar-powered-dancing-p-33073.html HTTP/1.0" 200 72172 "-" "Mozilla/5.0 (compatible; SeznamBot/3.2; +http://napoveda.seznam.cz/en/seznambot-intro/)"
54.36.149.52 - - [14/Dec/2020:05:24:00 +0100] "GET /johnny-hallyday-animated-lamp-p-16400.html HTTP/1.0" 301 69259 "-" "Mozilla/5.0 (compatible; AhrefsBot/7.0; +http://ahrefs.com/robot/)"
77.75.77.119 - - [14/Dec/2020:05:24:00 +0100] "GET /images/mini_prod/3609810048744.jpg HTTP/1.0" 200 269 "-" "Mozilla/5.0 (compatible; SeznamBot/3.2; +http://napoveda.seznam.cz/en/seznambot-intro/)"
51.68.224.127 - - [14/Dec/2020:05:24:05 +0100] "GET /adminweb/export_orders_xml.php?token=256de2z6edz6ed2z6DFSFsed2zed6zeDSFDSGdzedezfzf&maxorders=10&orderstart=1&status=14&start_date=2018-10-01 HTTP/1.0" 200 285 "-" "GesCom CharlotteBoutik Serveur"
51.68.224.127 - - [14/Dec/2020:05:24:05 +0100] "GET /adminweb/export_orders_xml.php?token=256de2z6edz6ed2z6DFSFsed2zed6zeDSFDSGdzedezfzf&maxorders=10&orderstart=1&status=6&start_date=2018-10-01 HTTP/1.0" 200 30026 "-" "GesCom CharlotteBoutik Serveur"
69.30.198.242 - - [14/Dec/2020:05:24:06 +0100] "GET /-p-22359.html HTTP/1.0" 200 69192 "-" "Mozilla/5.0 (compatible; MJ12bot/v1.4.8; http://mj12bot.com/)"
13.66.139.26 - - [14/Dec/2020:05:24:15 +0100] "GET /images/mini_prod/img11174.gif HTTP/1.0" 200 263 "-" "Mozilla/5.0 (compatible; bingbot/2.0; +http://www.bing.com/bingbot.htm)"
69.30.198.242 - - [14/Dec/2020:05:24:24 +0100] "GET /-p-22478.html HTTP/1.0" 200 69192 "-" "Mozilla/5.0 (compatible; MJ12bot/v1.4.8; http://mj12bot.com/)"
13.66.139.26 - - [14/Dec/2020:05:24:25 +0100] "GET /-p-19229.html HTTP/1.0" 200 69192 "-" "Mozilla/5.0 (compatible; bingbot/2.0; +http://www.bing.com/bingbot.htm)"
157.55.39.59 - - [14/Dec/2020:05:24:30 +0100] "GET /mani-the-lucky-cat-glasses-case-p-44290.html HTTP/1.0" 200 72574 "-" "Mozilla/5.0 (compatible; bingbot/2.0; +http://www.bing.com/bingbot.htm)"
69.30.198.242 - - [14/Dec/2020:05:24:41 +0100] "GET /-p-22514.html HTTP/1.0" 200 69192 "-" "Mozilla/5.0 (compatible; MJ12bot/v1.4.8; http://mj12bot.com/)"
54.36.149.19 - - [14/Dec/2020:05:24:48 +0100] "GET /mini-magnetic-plate-retro-wine-lovers-age-gracefully-p-34407.html HTTP/1.0" 200 72123 "-" "Mozilla/5.0 (compatible; AhrefsBot/7.0; +http://ahrefs.com/robot/)"
13.66.139.26 - - [14/Dec/2020:05:24:54 +0100] "GET /images/1341689654566.jpg HTTP/1.0" 200 259 "-" "Mozilla/5.0 (compatible; bingbot/2.0; +http://www.bing.com/bingbot.htm)"
69.30.198.242 - - [14/Dec/2020:05:24:54 +0100] "GET /-p-22521.html HTTP/1.0" 200 69192 "-" "Mozilla/5.0 (compatible; MJ12bot/v1.4.8; http://mj12bot.com/)"
69.30.198.242 - - [14/Dec/2020:05:25:04 +0100] "GET /-p-22522.html HTTP/1.0" 200 69192 "-" "Mozilla/5.0 (compatible; MJ12bot/v1.4.8; http://mj12bot.com/)"
69.30.198.242 - - [14/Dec/2020:05:25:18 +0100] "GET /-p-22523.html HTTP/1.0" 200 69192 "-" "Mozilla/5.0 (compatible; MJ12bot/v1.4.8; http://mj12bot.com/)"
69.30.198.242 - - [14/Dec/2020:05:25:30 +0100] "GET /-p-22524.html HTTP/1.0" 200 69192 "-" "Mozilla/5.0 (compatible; MJ12bot/v1.4.8; http://mj12bot.com/)"
69.30.198.242 - - [14/Dec/2020:05:25:54 +0100] "GET /-p-22550.html HTTP/1.0" 200 69192 "-" "Mozilla/5.0 (compatible; MJ12bot/v1.4.8; http://mj12bot.com/)"
69.30.198.242 - - [14/Dec/2020:05:26:19 +0100] "GET /-p-22553.html HTTP/1.0" 200 69192 "-" "Mozilla/5.0 (compatible; MJ12bot/v1.4.8; http://mj12bot.com/)"
61.7.183.28 - - [14/Dec/2020:05:26:30 +0100] "GET /contact_us.php?action=success HTTP/1.0" 200 13477 "http://www.wonder-geek.com/contact_us.php?action=success" "Mozilla/5.0 (Windows NT 6.1; Win64; x64) AppleWebKit/537.36 (KHTML, like Gecko) Chrome/83.0.4103.24 Safari/537.36 Edg/83.0.478.18"
61.7.183.28 - - [14/Dec/2020:05:26:31 +0100] "GET /contact_us.php HTTP/1.0" 200 26241 "http://www.wonder-geek.com/contact_us.php" "Mozilla/5.0 (Windows NT 6.1; Win64; x64) AppleWebKit/537.36 (KHTML, like Gecko) Chrome/83.0.4103.24 Safari/537.36 Edg/83.0.478.18"
69.30.198.242 - - [14/Dec/2020:05:26:32 +0100] "GET /-p-22582.html HTTP/1.0" 200 69192 "-" "Mozilla/5.0 (compatible; MJ12bot/v1.4.8; http://mj12bot.com/)"
61.7.183.28 - - [14/Dec/2020:05:26:33 +0100] "POST /contact_us.php?action=send HTTP/1.0" 200 26485 "http://www.wonder-geek.com/contact_us.php" "Mozilla/5.0 (Windows NT 6.1; Win64; x64) AppleWebKit/537.36 (KHTML, like Gecko) Chrome/83.0.4103.24 Safari/537.36 Edg/83.0.478.18"
69.30.198.242 - - [14/Dec/2020:05:26:43 +0100] "GET /-p-22612.html HTTP/1.0" 200 69192 "-" "Mozilla/5.0 (compatible; MJ12bot/v1.4.8; http://mj12bot.com/)"
157.55.39.59 - - [14/Dec/2020:05:26:49 +0100] "GET /ford-zippo-lighter-p-49081.html HTTP/1.0" 200 73016 "-" "Mozilla/5.0 (compatible; bingbot/2.0; +http://www.bing.com/bingbot.htm)"
69.30.198.242 - - [14/Dec/2020:05:26:54 +0100] "GET /-p-22636.html HTTP/1.0" 200 69192 "-" "Mozilla/5.0 (compatible; MJ12bot/v1.4.8; http://mj12bot.com/)"
207.46.13.175 - - [14/Dec/2020:05:26:55 +0100] "GET /-p-48431.html HTTP/1.0" 200 69192 "-" "Mozilla/5.0 (compatible; bingbot/2.0; +http://www.bing.com/bingbot.htm)"
54.36.148.142 - - [14/Dec/2020:05:26:58 +0100] "GET /salad-bowl-bowls-bamboo-cutlery-p-47785.html HTTP/1.0" 200 72055 "-" "Mozilla/5.0 (compatible; AhrefsBot/7.0; +http://ahrefs.com/robot/)"
54.36.148.37 - - [14/Dec/2020:05:27:00 +0100] "GET /small-lilac-rabbit-kaloo-plume-p-15719.html HTTP/1.0" 301 69259 "-" "Mozilla/5.0 (compatible; AhrefsBot/7.0; +http://ahrefs.com/robot/)"
69.30.198.242 - - [14/Dec/2020:05:27:05 +0100] "GET /-p-22698.html HTTP/1.0" 200 69192 "-" "Mozilla/5.0 (compatible; MJ12bot/v1.4.8; http://mj12bot.com/)"
69.30.198.242 - - [14/Dec/2020:05:27:16 +0100] "GET /-p-22842.html HTTP/1.0" 200 69192 "-" "Mozilla/5.0 (compatible; MJ12bot/v1.4.8; http://mj12bot.com/)"
114.119.147.45 - - [14/Dec/2020:05:27:19 +0100] "GET /images/mini_prod/8422014435104.jpg HTTP/1.0" 200 269 "-" "Mozilla/5.0 (Linux; Android 7.0;) AppleWebKit/537.36 (KHTML, like Gecko) Mobile Safari/537.36 (compatible; PetalBot;+https://aspiegel.com/petalbot)"
69.30.198.242 - - [14/Dec/2020:05:27:32 +0100] "GET /-p-22846.html HTTP/1.0" 200 69192 "-" "Mozilla/5.0 (compatible; MJ12bot/v1.4.8; http://mj12bot.com/)"
69.30.198.242 - - [14/Dec/2020:05:27:42 +0100] "GET /-p-22860.html HTTP/1.0" 200 69192 "-" "Mozilla/5.0 (compatible; MJ12bot/v1.4.8; http://mj12bot.com/)"
69.30.198.242 - - [14/Dec/2020:05:27:58 +0100] "GET /-p-22867.html HTTP/1.0" 200 69192 "-" "Mozilla/5.0 (compatible; MJ12bot/v1.4.8; http://mj12bot.com/)"
69.30.198.242 - - [14/Dec/2020:05:28:11 +0100] "GET /-p-22869.html HTTP/1.0" 200 69192 "-" "Mozilla/5.0 (compatible; MJ12bot/v1.4.8; http://mj12bot.com/)"
69.30.198.242 - - [14/Dec/2020:05:28:19 +0100] "GET /-p-23014.html HTTP/1.0" 200 69192 "-" "Mozilla/5.0 (compatible; MJ12bot/v1.4.8; http://mj12bot.com/)"
13.66.139.26 - - [14/Dec/2020:05:28:24 +0100] "GET /images/big_prod/5701359740665.jpg HTTP/1.0" 200 268 "-" "Mozilla/5.0 (compatible; bingbot/2.0; +http://www.bing.com/bingbot.htm)"
13.66.139.26 - - [14/Dec/2020:05:28:25 +0100] "GET /images/med_prod/3503420190629.jpg HTTP/1.0" 200 268 "-" "Mozilla/5.0 (compatible; bingbot/2.0; +http://www.bing.com/bingbot.htm)"
69.30.198.242 - - [14/Dec/2020:05:28:39 +0100] "GET /-p-23017.html HTTP/1.0" 200 69192 "-" "Mozilla/5.0 (compatible; MJ12bot/v1.4.8; http://mj12bot.com/)"
54.36.148.143 - - [14/Dec/2020:05:28:45 +0100] "GET /dledmv-logo-classic-mug-p-35609.html HTTP/1.0" 301 69259 "-" "Mozilla/5.0 (compatible; AhrefsBot/7.0; +http://ahrefs.com/robot/)"
69.30.198.242 - - [14/Dec/2020:05:29:03 +0100] "GET /-p-23035.html HTTP/1.0" 200 69192 "-" "Mozilla/5.0 (compatible; MJ12bot/v1.4.8; http://mj12bot.com/)"
54.36.148.83 - - [14/Dec/2020:05:29:07 +0100] "GET /minions-sports-bottle-p-31754.html HTTP/1.0" 200 71857 "-" "Mozilla/5.0 (compatible; AhrefsBot/7.0; +http://ahrefs.com/robot/)"
69.30.198.242 - - [14/Dec/2020:05:29:08 +0100] "GET /-p-23036.html HTTP/1.0" 200 69192 "-" "Mozilla/5.0 (compatible; MJ12bot/v1.4.8; http://mj12bot.com/)"
69.30.198.242 - - [14/Dec/2020:05:29:23 +0100] "GET /-p-23089.html HTTP/1.0" 200 69192 "-" "Mozilla/5.0 (compatible; MJ12bot/v1.4.8; http://mj12bot.com/)"
69.30.198.242 - - [14/Dec/2020:05:29:44 +0100] "GET /-p-23106.html HTTP/1.0" 200 69192 "-" "Mozilla/5.0 (compatible; MJ12bot/v1.4.8; http://mj12bot.com/)"
69.30.198.242 - - [14/Dec/2020:05:30:06 +0100] "GET /-p-23153.html HTTP/1.0" 200 69192 "-" "Mozilla/5.0 (compatible; MJ12bot/v1.4.8; http://mj12bot.com/)"
13.66.139.26 - - [14/Dec/2020:05:30:18 +0100] "GET /images/1328399072682.jpg HTTP/1.0" 200 259 "-" "Mozilla/5.0 (compatible; bingbot/2.0; +http://www.bing.com/bingbot.htm)"
69.30.198.242 - - [14/Dec/2020:05:30:21 +0100] "GET /-p-23633.html HTTP/1.0" 200 69192 "-" "Mozilla/5.0 (compatible; MJ12bot/v1.4.8; http://mj12bot.com/)"
69.30.198.242 - - [14/Dec/2020:05:30:28 +0100] "GET /-p-23636.html HTTP/1.0" 200 69192 "-" "Mozilla/5.0 (compatible; MJ12bot/v1.4.8; http://mj12bot.com/)"
69.30.198.242 - - [14/Dec/2020:05:31:05 +0100] "GET /-p-23712.html HTTP/1.0" 200 69192 "-" "Mozilla/5.0 (compatible; MJ12bot/v1.4.8; http://mj12bot.com/)"
54.36.148.122 - - [14/Dec/2020:05:31:09 +0100] "GET /scooby-doo-dvd-p-27884.html HTTP/1.0" 200 71997 "-" "Mozilla/5.0 (compatible; AhrefsBot/7.0; +http://ahrefs.com/robot/)"
185.191.171.44 - - [14/Dec/2020:05:31:16 +0100] "GET /robots.txt HTTP/1.0" 200 245 "-" "Mozilla/5.0 (compatible; SemrushBot/7~bl; +http://www.semrush.com/bot.html)"
185.191.171.2 - - [14/Dec/2020:05:31:16 +0100] "GET /minnie-mouse-with-hot-chocolate-figurine-p-53261.html HTTP/1.0" 200 73606 "-" "Mozilla/5.0 (compatible; SemrushBot/7~bl; +http://www.semrush.com/bot.html)"
207.46.13.175 - - [14/Dec/2020:05:31:47 +0100] "GET /london-bus-metal-keyring-p-18872.html HTTP/1.0" 200 71839 "-" "Mozilla/5.0 (compatible; bingbot/2.0; +http://www.bing.com/bingbot.htm)"
114.119.151.113 - - [14/Dec/2020:05:31:58 +0100] "GET /peg-wooden-kitchen-with-clock-p-32058.html HTTP/1.0" 200 71935 "-" "Mozilla/5.0 (Linux; Android 7.0;) AppleWebKit/537.36 (KHTML, like Gecko) Mobile Safari/537.36 (compatible; PetalBot;+https://aspiegel.com/petalbot)"
66.249.70.62 - - [14/Dec/2020:05:32:02 +0100] "GET /christmas-spirit-hot-water-bottle-p-52607.html HTTP/1.0" 200 71905 "-" "Mozilla/5.0 (Linux; Android 6.0.1; Nexus 5X Build/MMB29P) AppleWebKit/537.36 (KHTML, like Gecko) Chrome/87.0.4280.90 Mobile Safari/537.36 (compatible; Googlebot/2.1; +http://www.google.com/bot.html)"
17.58.101.145 - - [14/Dec/2020:05:32:07 +0100] "GET /cars-kids-school-bag-p-20064.html HTTP/1.0" 200 69262 "-" "Mozilla/5.0 (Macintosh; Intel Mac OS X 10_15_5) AppleWebKit/605.1.15 (KHTML, like Gecko) Version/13.1.1 Safari/605.1.15 (Applebot/0.1; +http://www.apple.com/go/applebot)"
69.30.198.242 - - [14/Dec/2020:05:32:17 +0100] "GET /-p-23713.html HTTP/1.0" 200 69192 "-" "Mozilla/5.0 (compatible; MJ12bot/v1.4.8; http://mj12bot.com/)"
69.30.198.242 - - [14/Dec/2020:05:32:35 +0100] "GET /-p-23789.html HTTP/1.0" 200 69192 "-" "Mozilla/5.0 (compatible; MJ12bot/v1.4.8; http://mj12bot.com/)"
54.36.148.211 - - [14/Dec/2020:05:32:45 +0100] "GET /duck-umbrella-p-28776.html HTTP/1.0" 301 69259 "-" "Mozilla/5.0 (compatible; AhrefsBot/7.0; +http://ahrefs.com/robot/)"
69.30.198.242 - - [14/Dec/2020:05:33:05 +0100] "GET /-p-23791.html HTTP/1.0" 200 69192 "-" "Mozilla/5.0 (compatible; MJ12bot/v1.4.8; http://mj12bot.com/)"
69.30.198.242 - - [14/Dec/2020:05:33:26 +0100] "GET /-p-24072.html HTTP/1.0" 200 69192 "-" "Mozilla/5.0 (compatible; MJ12bot/v1.4.8; http://mj12bot.com/)"
54.36.149.5 - - [14/Dec/2020:05:33:26 +0100] "GET /toilet-paper-dispenser-p-42986.html HTTP/1.0" 200 71832 "-" "Mozilla/5.0 (compatible; AhrefsBot/7.0; +http://ahrefs.com/robot/)"
66.231.185.74 - - [14/Dec/2020:05:33:31 +0100] "GET / HTTP/1.0" 200 149615 "-" "Mozilla/5.0 (compatible; MixrankBot; crawler@mixrank.com)"
157.55.39.179 - - [14/Dec/2020:05:33:35 +0100] "GET /fancy-elastic-bracelet-buddha-p-43734.html HTTP/1.0" 200 71852 "-" "Mozilla/5.0 (compatible; bingbot/2.0; +http://www.bing.com/bingbot.htm)"
13.66.139.79 - - [14/Dec/2020:05:33:42 +0100] "GET /images/1300010237809.jpg HTTP/1.0" 200 259 "-" "Mozilla/5.0 (compatible; bingbot/2.0; +http://www.bing.com/bingbot.htm)"
69.30.198.242 - - [14/Dec/2020:05:33:54 +0100] "GET /-p-24090.html HTTP/1.0" 200 69192 "-" "Mozilla/5.0 (compatible; MJ12bot/v1.4.8; http://mj12bot.com/)"
66.231.185.74 - - [14/Dec/2020:05:34:03 +0100] "GET /bathroom-accessories-c-13_172.html HTTP/1.0" 200 90021 "-" "Mozilla/5.0 (compatible; MixrankBot; crawler@mixrank.com)"
66.231.185.74 - - [14/Dec/2020:05:34:23 +0100] "GET /support-metal-bottle-the-barbecue-p-53422.html HTTP/1.0" 200 71995 "-" "Mozilla/5.0 (compatible; MixrankBot; crawler@mixrank.com)"
13.66.139.55 - - [14/Dec/2020:05:34:32 +0100] "GET /images/big_prod_1/1328399219391a.jpg HTTP/1.0" 200 271 "-" "Mozilla/5.0 (compatible; bingbot/2.0; +http://www.bing.com/bingbot.htm)"
13.66.139.55 - - [14/Dec/2020:05:34:32 +0100] "GET /images/big_prod_2/4260082936451a.jpg HTTP/1.0" 200 271 "-" "Mozilla/5.0 (compatible; bingbot/2.0; +http://www.bing.com/bingbot.htm)"
69.30.198.242 - - [14/Dec/2020:05:34:33 +0100] "GET /-p-24199.html HTTP/1.0" 200 69192 "-" "Mozilla/5.0 (compatible; MJ12bot/v1.4.8; http://mj12bot.com/)"
13.66.139.55 - - [14/Dec/2020:05:34:34 +0100] "GET /images/1399984257616.jpg HTTP/1.0" 200 259 "-" "Mozilla/5.0 (compatible; bingbot/2.0; +http://www.bing.com/bingbot.htm)"
13.66.139.55 - - [14/Dec/2020:05:34:34 +0100] "GET /images/3700653591111.jpg HTTP/1.0" 200 259 "-" "Mozilla/5.0 (compatible; bingbot/2.0; +http://www.bing.com/bingbot.htm)"
13.66.139.55 - - [14/Dec/2020:05:34:34 +0100] "GET /images/big_prod/1399985100874.jpg HTTP/1.0" 200 268 "-" "Mozilla/5.0 (compatible; bingbot/2.0; +http://www.bing.com/bingbot.htm)"
216.244.66.242 - - [14/Dec/2020:05:34:35 +0100] "GET /robots.txt HTTP/1.0" 200 245 "-" "Mozilla/5.0 (compatible; DotBot/1.1; http://www.opensiteexplorer.org/dotbot, help@moz.com)"
13.66.139.26 - - [14/Dec/2020:05:34:55 +0100] "GET /images/big_prod/1384010187005b.jpg HTTP/1.0" 200 269 "-" "Mozilla/5.0 (compatible; bingbot/2.0; +http://www.bing.com/bingbot.htm)"
66.231.185.74 - - [14/Dec/2020:05:34:56 +0100] "GET /storage-and-cups-c-12_159_264.html HTTP/1.0" 200 89151 "-" "Mozilla/5.0 (compatible; MixrankBot; crawler@mixrank.com)"
69.30.198.242 - - [14/Dec/2020:05:35:06 +0100] "GET /-p-24230.html HTTP/1.0" 200 69192 "-" "Mozilla/5.0 (compatible; MJ12bot/v1.4.8; http://mj12bot.com/)"
66.231.185.74 - - [14/Dec/2020:05:35:10 +0100] "GET /bracelets-c-3_200.html HTTP/1.0" 200 89761 "-" "Mozilla/5.0 (compatible; MixrankBot; crawler@mixrank.com)"
66.231.185.74 - - [14/Dec/2020:05:35:30 +0100] "GET /20-merciful-christ-aromatika-incense-sticks-p-53429.html HTTP/1.0" 200 72005 "-" "Mozilla/5.0 (compatible; MixrankBot; crawler@mixrank.com)"
69.30.198.242 - - [14/Dec/2020:05:35:33 +0100] "GET /-p-24389.html HTTP/1.0" 200 69192 "-" "Mozilla/5.0 (compatible; MJ12bot/v1.4.8; http://mj12bot.com/)"
54.36.148.241 - - [14/Dec/2020:05:35:41 +0100] "GET /peugeot-magnets-58-78-cm-p-49373.html HTTP/1.0" 200 71880 "-" "Mozilla/5.0 (compatible; AhrefsBot/7.0; +http://ahrefs.com/robot/)"
66.231.185.74 - - [14/Dec/2020:05:35:53 +0100] "GET /decorations-c-13_89.html HTTP/1.0" 200 89400 "-" "Mozilla/5.0 (compatible; MixrankBot; crawler@mixrank.com)"
69.30.198.242 - - [14/Dec/2020:05:35:58 +0100] "GET /-p-24399.html HTTP/1.0" 200 69192 "-" "Mozilla/5.0 (compatible; MJ12bot/v1.4.8; http://mj12bot.com/)"
114.119.138.140 - - [14/Dec/2020:05:35:58 +0100] "GET /cbkreation-toiletry-bag-p-40652.html HTTP/1.0" 200 73227 "-" "Mozilla/5.0 (Linux; Android 7.0;) AppleWebKit/537.36 (KHTML, like Gecko) Mobile Safari/537.36 (compatible; PetalBot;+https://aspiegel.com/petalbot)"
66.231.185.74 - - [14/Dec/2020:05:36:21 +0100] "GET /gorjuss-cards-supplied-with-an-envelope-sweet-tea-p-53416.html HTTP/1.0" 200 72156 "-" "Mozilla/5.0 (compatible; MixrankBot; crawler@mixrank.com)"
