13.66.139.26 - - [14/Dec/2020:18:07:08 +0100] "GET /-p-32888.html HTTP/1.0" 200 69192 "-" "Mozilla/5.0 (compatible; bingbot/2.0; +http://www.bing.com/bingbot.htm)"
157.55.39.217 - - [14/Dec/2020:18:07:13 +0100] "GET /images/big_prod/3565750106664.jpg HTTP/1.0" 200 268 "-" "Mozilla/5.0 (compatible; bingbot/2.0; +http://www.bing.com/bingbot.htm)"
54.36.148.138 - - [14/Dec/2020:18:07:18 +0100] "GET /mug-with-infuser-filter-cheetah-p-51560.html HTTP/1.0" 200 72578 "-" "Mozilla/5.0 (compatible; AhrefsBot/7.0; +http://ahrefs.com/robot/)"
207.46.13.152 - - [14/Dec/2020:18:07:28 +0100] "GET /images/med_prod/5036278058394.jpg HTTP/1.0" 200 268 "-" "Mozilla/5.0 (compatible; bingbot/2.0; +http://www.bing.com/bingbot.htm)"
157.55.39.82 - - [14/Dec/2020:18:07:48 +0100] "GET /images/med_prod/1345544650199.jpg HTTP/1.0" 200 268 "-" "Mozilla/5.0 (compatible; bingbot/2.0; +http://www.bing.com/bingbot.htm)"
157.55.39.184 - - [14/Dec/2020:18:07:53 +0100] "GET /images/big_prod/3574641009281.jpg HTTP/1.0" 200 268 "-" "Mozilla/5.0 (compatible; bingbot/2.0; +http://www.bing.com/bingbot.htm)"
13.94.245.44 - - [14/Dec/2020:18:08:32 +0100] "GET /old/wp-login.php HTTP/1.0" 301 543 "-" "Mozilla/5.0 (X11; Ubuntu; Linux x86_64; rv:62.0) Gecko/20100101 Firefox/62.0"
13.94.245.44 - - [14/Dec/2020:18:08:32 +0100] "GET /old/wp-login.php HTTP/1.0" 404 1308 "http://wonder-geek.com/old/wp-login.php" "Mozilla/5.0 (X11; Ubuntu; Linux x86_64; rv:62.0) Gecko/20100101 Firefox/62.0"
51.175.106.249 - - [14/Dec/2020:18:09:15 +0100] "GET /images/3609080316130.jpg HTTP/1.0" 200 259 "-" "Mozilla/5.0 (Macintosh; Intel Mac OS X 10_15_6) AppleWebKit/605.1.15 (KHTML, like Gecko) Version/14.0.1 Safari/605.1.15"
207.46.13.90 - - [14/Dec/2020:18:09:39 +0100] "GET /images/93161880397341.jpg HTTP/1.0" 200 260 "-" "Mozilla/5.0 (compatible; bingbot/2.0; +http://www.bing.com/bingbot.htm)"
207.46.13.152 - - [14/Dec/2020:18:09:48 +0100] "GET /images/big_prod_3/5404006045211d.jpg HTTP/1.0" 200 271 "-" "Mozilla/5.0 (compatible; bingbot/2.0; +http://www.bing.com/bingbot.htm)"
207.46.13.49 - - [14/Dec/2020:18:10:35 +0100] "GET /images/big_prod/3453131149006.jpg HTTP/1.0" 200 268 "-" "Mozilla/5.0 (compatible; bingbot/2.0; +http://www.bing.com/bingbot.htm)"
114.119.144.233 - - [14/Dec/2020:18:10:36 +0100] "GET /bhoutan-rectangulary-cushion-by-cbkreation-p-36752.html HTTP/1.0" 200 72204 "-" "Mozilla/5.0 (Linux; Android 7.0;) AppleWebKit/537.36 (KHTML, like Gecko) Mobile Safari/537.36 (compatible; PetalBot;+https://aspiegel.com/petalbot)"
54.36.148.119 - - [14/Dec/2020:18:11:22 +0100] "GET /cat-bowls-senor-moustache-p-31521.html HTTP/1.0" 200 71902 "-" "Mozilla/5.0 (compatible; AhrefsBot/7.0; +http://ahrefs.com/robot/)"
157.55.39.179 - - [14/Dec/2020:18:12:08 +0100] "GET /images/big_prod/8011717796140.jpg HTTP/1.0" 200 268 "-" "Mozilla/5.0 (compatible; bingbot/2.0; +http://www.bing.com/bingbot.htm)"
17.58.101.145 - - [14/Dec/2020:18:12:23 +0100] "GET /-p-44945.html HTTP/1.0" 200 69192 "-" "Mozilla/5.0 (Macintosh; Intel Mac OS X 10_15_5) AppleWebKit/605.1.15 (KHTML, like Gecko) Version/13.1.1 Safari/605.1.15 (Applebot/0.1; +http://www.apple.com/go/applebot)"
13.66.139.26 - - [14/Dec/2020:18:12:49 +0100] "GET /soft-toys-security-blanket-c-4_46.html?page=6 HTTP/1.0" 200 92153 "-" "Mozilla/5.0 (compatible; bingbot/2.0; +http://www.bing.com/bingbot.htm)"
13.66.139.26 - - [14/Dec/2020:18:12:50 +0100] "GET /collectible-figurines-and-decorative-c-13_135.html?page=8 HTTP/1.0" 200 95425 "-" "Mozilla/5.0 (compatible; bingbot/2.0; +http://www.bing.com/bingbot.htm)"
207.46.13.175 - - [14/Dec/2020:18:14:10 +0100] "GET /images/big_prod/3453131127516.jpg HTTP/1.0" 200 268 "-" "Mozilla/5.0 (compatible; bingbot/2.0; +http://www.bing.com/bingbot.htm)"
157.55.39.179 - - [14/Dec/2020:18:14:49 +0100] "GET /images/big_prod_1/3574642579837a.jpg HTTP/1.0" 200 271 "-" "Mozilla/5.0 (compatible; bingbot/2.0; +http://www.bing.com/bingbot.htm)"
114.119.150.15 - - [14/Dec/2020:18:14:57 +0100] "GET /images/mini_prod/8424346355129.jpg HTTP/1.0" 200 269 "-" "Mozilla/5.0 (Linux; Android 7.0;) AppleWebKit/537.36 (KHTML, like Gecko) Mobile Safari/537.36 (compatible; PetalBot;+https://aspiegel.com/petalbot)"
54.36.148.157 - - [14/Dec/2020:18:15:01 +0100] "GET /sonny-angel-animals-series-figure-p-53434.html HTTP/1.0" 200 72156 "-" "Mozilla/5.0 (compatible; AhrefsBot/7.0; +http://ahrefs.com/robot/)"
207.46.13.49 - - [14/Dec/2020:18:15:05 +0100] "GET /images/big_prod_1/3665269058703B.jpg HTTP/1.0" 200 271 "-" "Mozilla/5.0 (compatible; bingbot/2.0; +http://www.bing.com/bingbot.htm)"
207.46.13.152 - - [14/Dec/2020:18:15:19 +0100] "GET /images/big_prod/3520071592442.jpg HTTP/1.0" 200 268 "-" "Mozilla/5.0 (compatible; bingbot/2.0; +http://www.bing.com/bingbot.htm)"
13.66.139.26 - - [14/Dec/2020:18:15:59 +0100] "GET /collectible-figurines-and-decorative-c-13_135.html?page=4 HTTP/1.0" 200 95494 "-" "Mozilla/5.0 (compatible; bingbot/2.0; +http://www.bing.com/bingbot.htm)"
54.36.149.101 - - [14/Dec/2020:18:16:16 +0100] "GET /union-jack-carlin-phone-cover-for-iphone-by-cbk-p-30079.html HTTP/1.0" 301 69559 "-" "Mozilla/5.0 (compatible; AhrefsBot/7.0; +http://ahrefs.com/robot/)"
51.68.224.127 - - [14/Dec/2020:18:16:43 +0100] "GET /adminweb/export_orders_xml.php?token=256de2z6edz6ed2z6DFSFsed2zed6zeDSFDSGdzedezfzf&maxorders=10&orderstart=1&status=14&start_date=2018-10-01 HTTP/1.0" 200 285 "-" "GesCom CharlotteBoutik Serveur"
51.68.224.127 - - [14/Dec/2020:18:16:43 +0100] "GET /adminweb/export_orders_xml.php?token=256de2z6edz6ed2z6DFSFsed2zed6zeDSFDSGdzedezfzf&maxorders=10&orderstart=1&status=6&start_date=2018-10-01 HTTP/1.0" 200 30026 "-" "GesCom CharlotteBoutik Serveur"
54.36.148.249 - - [14/Dec/2020:18:17:17 +0100] "GET /beyblade-team-backpack-p-33045.html HTTP/1.0" 301 69259 "-" "Mozilla/5.0 (compatible; AhrefsBot/7.0; +http://ahrefs.com/robot/)"
207.46.13.49 - - [14/Dec/2020:18:17:55 +0100] "GET /images/big_prod/8435333820537.jpg HTTP/1.0" 200 268 "-" "Mozilla/5.0 (compatible; bingbot/2.0; +http://www.bing.com/bingbot.htm)"
216.244.66.242 - - [14/Dec/2020:18:18:38 +0100] "GET /robots.txt HTTP/1.0" 200 245 "-" "Mozilla/5.0 (compatible; DotBot/1.1; http://www.opensiteexplorer.org/dotbot, help@moz.com)"
54.36.148.83 - - [14/Dec/2020:18:18:54 +0100] "GET /drink-dispenser-55-p-49663.html HTTP/1.0" 200 71820 "-" "Mozilla/5.0 (compatible; AhrefsBot/7.0; +http://ahrefs.com/robot/)"
114.119.130.202 - - [14/Dec/2020:18:19:17 +0100] "GET /%20images/8842201268276.jpg HTTP/1.0" 404 1308 "-" "Mozilla/5.0 (Linux; Android 7.0;) AppleWebKit/537.36 (KHTML, like Gecko) Mobile Safari/537.36 (compatible; PetalBot;+https://aspiegel.com/petalbot)"
13.66.139.26 - - [14/Dec/2020:18:19:19 +0100] "GET /-p-17631.html HTTP/1.0" 200 69192 "-" "Mozilla/5.0 (compatible; bingbot/2.0; +http://www.bing.com/bingbot.htm)"
207.46.13.49 - - [14/Dec/2020:18:19:35 +0100] "GET /images/big_prod/3296580363605.jpg HTTP/1.0" 200 268 "-" "Mozilla/5.0 (compatible; bingbot/2.0; +http://www.bing.com/bingbot.htm)"
157.55.39.82 - - [14/Dec/2020:18:20:09 +0100] "GET /images/big_prod/3665269011562.jpg HTTP/1.0" 200 268 "-" "Mozilla/5.0 (compatible; bingbot/2.0; +http://www.bing.com/bingbot.htm)"
209.17.96.82 - - [14/Dec/2020:18:22:14 +0100] "GET / HTTP/1.0" 200 149071 "-" "Mozilla/5.0 (compatible; Nimbostratus-Bot/v1.3.2; http://cloudsystemnetworks.com)"
54.36.148.83 - - [14/Dec/2020:18:22:29 +0100] "GET /drink-dispenser-55-p-49664.html HTTP/1.0" 200 71820 "-" "Mozilla/5.0 (compatible; AhrefsBot/7.0; +http://ahrefs.com/robot/)"
207.46.13.49 - - [14/Dec/2020:18:22:36 +0100] "GET /images/big_prod/b191693004021.jpg HTTP/1.0" 200 268 "-" "Mozilla/5.0 (compatible; bingbot/2.0; +http://www.bing.com/bingbot.htm)"
207.46.13.175 - - [14/Dec/2020:18:22:41 +0100] "GET /images/big_prod_1/b8422088074483.jpg HTTP/1.0" 200 271 "-" "Mozilla/5.0 (compatible; bingbot/2.0; +http://www.bing.com/bingbot.htm)"
54.36.148.43 - - [14/Dec/2020:18:23:21 +0100] "GET /teo-jasmin-small-cabas-steed-grey-p-38671.html HTTP/1.0" 301 69259 "-" "Mozilla/5.0 (compatible; AhrefsBot/7.0; +http://ahrefs.com/robot/)"
114.119.150.15 - - [14/Dec/2020:18:23:43 +0100] "GET /images/big_prod/3148422000240.jpg HTTP/1.0" 200 268 "-" "Mozilla/5.0 (Linux; Android 7.0;) AppleWebKit/537.36 (KHTML, like Gecko) Mobile Safari/537.36 (compatible; PetalBot;+https://aspiegel.com/petalbot)"
157.55.39.184 - - [14/Dec/2020:18:24:03 +0100] "GET /images/big_prod/1399985100874.jpg HTTP/1.0" 200 268 "-" "Mozilla/5.0 (compatible; bingbot/2.0; +http://www.bing.com/bingbot.htm)"
54.36.149.74 - - [14/Dec/2020:18:24:06 +0100] "GET /becassine-set-of-coasters-p-28598.html HTTP/1.0" 301 69259 "-" "Mozilla/5.0 (compatible; AhrefsBot/7.0; +http://ahrefs.com/robot/)"
157.55.39.184 - - [14/Dec/2020:18:24:20 +0100] "GET /uk-sticker-guitar-photo-frame-p-25041.html HTTP/1.0" 200 72093 "-" "Mozilla/5.0 (compatible; bingbot/2.0; +http://www.bing.com/bingbot.htm)"
207.46.13.152 - - [14/Dec/2020:18:25:40 +0100] "GET /images/4007176125120B.jpg HTTP/1.0" 200 260 "-" "Mozilla/5.0 (compatible; bingbot/2.0; +http://www.bing.com/bingbot.htm)"
157.55.39.172 - - [14/Dec/2020:18:25:49 +0100] "GET /images/1399984251140.jpg HTTP/1.0" 200 259 "-" "Mozilla/5.0 (compatible; bingbot/2.0; +http://www.bing.com/bingbot.htm)"
40.77.167.36 - - [14/Dec/2020:18:26:02 +0100] "GET /pusheen-the-grey-cat-with-pizza-soft-toy-24-cm-p-40936.html HTTP/1.0" 200 72213 "-" "Mozilla/5.0 (compatible; bingbot/2.0; +http://www.bing.com/bingbot.htm)"
54.36.148.241 - - [14/Dec/2020:18:26:07 +0100] "GET /doc-mcstuffins-little-backpack-p-30376.html HTTP/1.0" 200 72119 "-" "Mozilla/5.0 (compatible; AhrefsBot/7.0; +http://ahrefs.com/robot/)"
13.66.139.26 - - [14/Dec/2020:18:27:00 +0100] "GET /coffee-and-tea-box-c-13_150_153.html HTTP/1.0" 200 89471 "-" "Mozilla/5.0 (compatible; bingbot/2.0; +http://www.bing.com/bingbot.htm)"
207.46.13.90 - - [14/Dec/2020:18:27:10 +0100] "GET /boys/swimwear/ben-orange-swimwear-size-years-p-23813.html HTTP/1.0" 301 625 "-" "Mozilla/5.0 (compatible; bingbot/2.0; +http://www.bing.com/bingbot.htm)"
54.36.148.189 - - [14/Dec/2020:18:27:18 +0100] "GET /power-rangers-super-megaforce-blue-ranger-12-cm-p-35294.html HTTP/1.0" 301 69259 "-" "Mozilla/5.0 (compatible; AhrefsBot/7.0; +http://ahrefs.com/robot/)"
54.36.148.184 - - [14/Dec/2020:18:27:24 +0100] "GET /corolle-velvet-photo-box-to-decorate-p-1251.html HTTP/1.0" 301 69256 "-" "Mozilla/5.0 (compatible; AhrefsBot/7.0; +http://ahrefs.com/robot/)"
13.66.139.26 - - [14/Dec/2020:18:27:50 +0100] "GET /-p-32133.html HTTP/1.0" 200 69192 "-" "Mozilla/5.0 (compatible; bingbot/2.0; +http://www.bing.com/bingbot.htm)"
114.119.154.200 - - [14/Dec/2020:18:28:03 +0100] "GET /images/mini_prod/3560600293730.jpg HTTP/1.0" 200 269 "-" "Mozilla/5.0 (Linux; Android 7.0;) AppleWebKit/537.36 (KHTML, like Gecko) Mobile Safari/537.36 (compatible; PetalBot;+https://aspiegel.com/petalbot)"
54.236.1.11 - - [14/Dec/2020:18:28:11 +0100] "GET /dishes/mugs-and-mazagrans/barbapapa-mug-p-2674.html HTTP/1.0" 301 69256 "-" "Mozilla/5.0 (compatible; Pinterestbot/1.0; +http://www.pinterest.com/bot.html)"
54.236.1.11 - - [14/Dec/2020:18:28:11 +0100] "GET /-p-2674.html HTTP/1.0" 200 69190 "-" "Mozilla/5.0 (compatible; Pinterestbot/1.0; +http://www.pinterest.com/bot.html)"
207.46.13.49 - - [14/Dec/2020:18:28:17 +0100] "GET /images/med_prod/N5055071707735.jpg HTTP/1.0" 200 269 "-" "Mozilla/5.0 (compatible; bingbot/2.0; +http://www.bing.com/bingbot.htm)"
66.249.70.33 - - [14/Dec/2020:18:28:44 +0100] "GET /reversible-star-wars-bedclothes-140-200-cm-p-49674.html HTTP/1.0" 200 69354 "-" "Mozilla/5.0 (Linux; Android 6.0.1; Nexus 5X Build/MMB29P) AppleWebKit/537.36 (KHTML, like Gecko) Chrome/87.0.4280.90 Mobile Safari/537.36 (compatible; Googlebot/2.1; +http://www.google.com/bot.html)"
13.66.139.65 - - [14/Dec/2020:18:29:10 +0100] "GET /-p-20067.html HTTP/1.0" 200 69192 "-" "Mozilla/5.0 (compatible; bingbot/2.0; +http://www.bing.com/bingbot.htm)"
157.55.39.217 - - [14/Dec/2020:18:29:31 +0100] "GET /images/3700276281826050720122.jpg HTTP/1.0" 200 268 "-" "Mozilla/5.0 (compatible; bingbot/2.0; +http://www.bing.com/bingbot.htm)"
54.36.148.203 - - [14/Dec/2020:18:29:32 +0100] "GET /cat-bowls-table-p-31428.html HTTP/1.0" 200 71864 "-" "Mozilla/5.0 (compatible; AhrefsBot/7.0; +http://ahrefs.com/robot/)"
66.249.70.33 - - [14/Dec/2020:18:29:44 +0100] "GET /paparazzi-mug-p-24915.html HTTP/1.0" 301 69259 "-" "Mozilla/5.0 (Linux; Android 6.0.1; Nexus 5X Build/MMB29P) AppleWebKit/537.36 (KHTML, like Gecko) Chrome/87.0.4280.90 Mobile Safari/537.36 (compatible; Googlebot/2.1; +http://www.google.com/bot.html)"
66.249.70.36 - - [14/Dec/2020:18:29:44 +0100] "GET /-p-24915.html HTTP/1.0" 200 69192 "-" "Mozilla/5.0 (Linux; Android 6.0.1; Nexus 5X Build/MMB29P) AppleWebKit/537.36 (KHTML, like Gecko) Chrome/87.0.4280.90 Mobile Safari/537.36 (compatible; Googlebot/2.1; +http://www.google.com/bot.html)"
157.55.39.172 - - [14/Dec/2020:18:29:59 +0100] "GET /images/big_prod/8422011476179.jpg HTTP/1.0" 200 268 "-" "Mozilla/5.0 (compatible; bingbot/2.0; +http://www.bing.com/bingbot.htm)"
13.66.139.26 - - [14/Dec/2020:18:30:04 +0100] "GET /small-appliances-and-hifi-c-13_88.html HTTP/1.0" 200 88777 "-" "Mozilla/5.0 (compatible; bingbot/2.0; +http://www.bing.com/bingbot.htm)"
66.249.70.36 - - [14/Dec/2020:18:30:14 +0100] "GET /mouse-pad-c-129_85.html HTTP/1.0" 200 91252 "-" "Mozilla/5.0 (compatible; Googlebot/2.1; +http://www.google.com/bot.html)"
207.46.13.49 - - [14/Dec/2020:18:30:47 +0100] "GET /images/8435306276583.jpg HTTP/1.0" 200 259 "-" "Mozilla/5.0 (compatible; bingbot/2.0; +http://www.bing.com/bingbot.htm)"
216.244.66.242 - - [14/Dec/2020:18:31:38 +0100] "GET /bullseye-figure-p-6923.html HTTP/1.0" 200 69256 "-" "Mozilla/5.0 (compatible; DotBot/1.1; http://www.opensiteexplorer.org/dotbot, help@moz.com)"
216.244.66.242 - - [14/Dec/2020:18:31:56 +0100] "GET /cats-by-dubout-figurine-cats-in-row-extra-p-35861.html HTTP/1.0" 200 72429 "-" "Mozilla/5.0 (compatible; DotBot/1.1; http://www.opensiteexplorer.org/dotbot, help@moz.com)"
114.119.154.200 - - [14/Dec/2020:18:32:15 +0100] "GET /%20images/3660532001417.jpg HTTP/1.0" 404 1308 "-" "Mozilla/5.0 (Linux; Android 7.0;) AppleWebKit/537.36 (KHTML, like Gecko) Mobile Safari/537.36 (compatible; PetalBot;+https://aspiegel.com/petalbot)"
157.55.39.184 - - [14/Dec/2020:18:32:23 +0100] "GET /images/big_prod/3609810059658.jpg HTTP/1.0" 200 268 "-" "Mozilla/5.0 (compatible; bingbot/2.0; +http://www.bing.com/bingbot.htm)"
207.46.13.49 - - [14/Dec/2020:18:32:26 +0100] "GET /images/c4010070229269.jpg HTTP/1.0" 200 260 "-" "Mozilla/5.0 (compatible; bingbot/2.0; +http://www.bing.com/bingbot.htm)"
51.68.224.127 - - [14/Dec/2020:18:32:40 +0100] "GET /adminweb/export_orders_xml.php?token=256de2z6edz6ed2z6DFSFsed2zed6zeDSFDSGdzedezfzf&maxorders=10&orderstart=1&status=14&start_date=2018-10-01 HTTP/1.0" 200 285 "-" "GesCom CharlotteBoutik Serveur"
51.68.224.127 - - [14/Dec/2020:18:32:40 +0100] "GET /adminweb/export_orders_xml.php?token=256de2z6edz6ed2z6DFSFsed2zed6zeDSFDSGdzedezfzf&maxorders=10&orderstart=1&status=6&start_date=2018-10-01 HTTP/1.0" 200 30026 "-" "GesCom CharlotteBoutik Serveur"
54.36.148.195 - - [14/Dec/2020:18:32:58 +0100] "GET /mugs-and-mazagrans-c-12_57.html?page=15 HTTP/1.0" 200 97130 "-" "Mozilla/5.0 (compatible; AhrefsBot/7.0; +http://ahrefs.com/robot/)"
13.66.139.65 - - [14/Dec/2020:18:34:01 +0100] "GET /-p-15470.html HTTP/1.0" 200 69192 "-" "Mozilla/5.0 (compatible; bingbot/2.0; +http://www.bing.com/bingbot.htm)"
157.55.39.179 - - [14/Dec/2020:18:35:22 +0100] "GET /images/big_prod/3503420077364.jpg HTTP/1.0" 200 268 "-" "Mozilla/5.0 (compatible; bingbot/2.0; +http://www.bing.com/bingbot.htm)"
114.119.144.233 - - [14/Dec/2020:18:36:38 +0100] "GET /%20images/big_prod/3453131132480.jpg HTTP/1.0" 404 1308 "-" "Mozilla/5.0 (Linux; Android 7.0;) AppleWebKit/537.36 (KHTML, like Gecko) Mobile Safari/537.36 (compatible; PetalBot;+https://aspiegel.com/petalbot)"
54.36.148.83 - - [14/Dec/2020:18:36:42 +0100] "GET /om-oympique-de-marseille-kids-school-bag-p-52064.html HTTP/1.0" 200 73126 "-" "Mozilla/5.0 (compatible; AhrefsBot/7.0; +http://ahrefs.com/robot/)"
216.244.66.242 - - [14/Dec/2020:18:36:46 +0100] "GET /big-hero-cushion-p-33183.html HTTP/1.0" 200 71922 "-" "Mozilla/5.0 (compatible; DotBot/1.1; http://www.opensiteexplorer.org/dotbot, help@moz.com)"
66.249.70.62 - - [14/Dec/2020:18:37:17 +0100] "GET /images/mini_prod/3503420093463.jpg HTTP/1.0" 200 269 "-" "Googlebot-Image/1.0"
52.137.90.184 - - [14/Dec/2020:18:37:49 +0100] "GET /minnie-mouse-melamine-bowl-p-34723.html HTTP/1.0" 200 69286 "-" "Mozilla/5.0 (compatible; bingbot/2.0; +http://www.bing.com/bingbot.htm)"
52.137.90.184 - - [14/Dec/2020:18:37:50 +0100] "GET /-p-17452.html HTTP/1.0" 200 69192 "-" "Mozilla/5.0 (compatible; bingbot/2.0; +http://www.bing.com/bingbot.htm)"
52.137.90.184 - - [14/Dec/2020:18:37:52 +0100] "GET /-p-10089.html HTTP/1.0" 200 69192 "-" "Mozilla/5.0 (compatible; bingbot/2.0; +http://www.bing.com/bingbot.htm)"
52.137.90.184 - - [14/Dec/2020:18:37:53 +0100] "GET /-p-18667.html HTTP/1.0" 200 69192 "-" "Mozilla/5.0 (compatible; bingbot/2.0; +http://www.bing.com/bingbot.htm)"
52.137.90.184 - - [14/Dec/2020:18:37:54 +0100] "GET /-p-21278.html HTTP/1.0" 200 69192 "-" "Mozilla/5.0 (compatible; bingbot/2.0; +http://www.bing.com/bingbot.htm)"
52.137.90.184 - - [14/Dec/2020:18:37:55 +0100] "GET /-p-32903.html HTTP/1.0" 200 69192 "-" "Mozilla/5.0 (compatible; bingbot/2.0; +http://www.bing.com/bingbot.htm)"
52.137.90.184 - - [14/Dec/2020:18:37:56 +0100] "GET /-p-27352.html HTTP/1.0" 200 69192 "-" "Mozilla/5.0 (compatible; bingbot/2.0; +http://www.bing.com/bingbot.htm)"
52.137.90.184 - - [14/Dec/2020:18:37:57 +0100] "GET /miss-bad-photo-frame-p-5145.html HTTP/1.0" 200 71860 "-" "Mozilla/5.0 (compatible; bingbot/2.0; +http://www.bing.com/bingbot.htm)"
52.137.90.184 - - [14/Dec/2020:18:37:58 +0100] "GET /-p-11931.html HTTP/1.0" 200 69192 "-" "Mozilla/5.0 (compatible; bingbot/2.0; +http://www.bing.com/bingbot.htm)"
52.137.90.184 - - [14/Dec/2020:18:37:59 +0100] "GET /harley-davidson-small-metal-plate-p-27976.html HTTP/1.0" 200 69314 "-" "Mozilla/5.0 (compatible; bingbot/2.0; +http://www.bing.com/bingbot.htm)"
52.137.90.184 - - [14/Dec/2020:18:38:00 +0100] "GET /-p-17808.html HTTP/1.0" 200 69192 "-" "Mozilla/5.0 (compatible; bingbot/2.0; +http://www.bing.com/bingbot.htm)"
52.137.90.184 - - [14/Dec/2020:18:38:02 +0100] "GET /-p-13567.html HTTP/1.0" 200 69192 "-" "Mozilla/5.0 (compatible; bingbot/2.0; +http://www.bing.com/bingbot.htm)"
52.137.90.184 - - [14/Dec/2020:18:38:03 +0100] "GET /indoor-fountains-c-13_272.html HTTP/1.0" 200 80874 "-" "Mozilla/5.0 (compatible; bingbot/2.0; +http://www.bing.com/bingbot.htm)"
52.137.90.184 - - [14/Dec/2020:18:38:04 +0100] "GET /adaptable-decorative-caps-c-12_249.html HTTP/1.0" 200 79878 "-" "Mozilla/5.0 (compatible; bingbot/2.0; +http://www.bing.com/bingbot.htm)"
52.137.90.184 - - [14/Dec/2020:18:38:05 +0100] "GET /tea-pot-c-12_175.html HTTP/1.0" 200 88866 "-" "Mozilla/5.0 (compatible; bingbot/2.0; +http://www.bing.com/bingbot.htm)"
52.137.90.184 - - [14/Dec/2020:18:38:06 +0100] "GET /tables-c-13_206.html HTTP/1.0" 200 88397 "-" "Mozilla/5.0 (compatible; bingbot/2.0; +http://www.bing.com/bingbot.htm)"
52.137.90.184 - - [14/Dec/2020:18:38:07 +0100] "GET /salt-boxes-and-jars-c-12_223.html HTTP/1.0" 200 89152 "-" "Mozilla/5.0 (compatible; bingbot/2.0; +http://www.bing.com/bingbot.htm)"
52.137.90.184 - - [14/Dec/2020:18:38:08 +0100] "GET /pencil-case-c-31_75.html HTTP/1.0" 200 93454 "-" "Mozilla/5.0 (compatible; bingbot/2.0; +http://www.bing.com/bingbot.htm)"
52.137.90.184 - - [14/Dec/2020:18:38:09 +0100] "GET /swimsuit-c-1_18.html HTTP/1.0" 200 90952 "-" "Mozilla/5.0 (compatible; bingbot/2.0; +http://www.bing.com/bingbot.htm)"
52.137.90.184 - - [14/Dec/2020:18:38:11 +0100] "GET /decorations-c-13_89.html HTTP/1.0" 200 89400 "-" "Mozilla/5.0 (compatible; bingbot/2.0; +http://www.bing.com/bingbot.htm)"
52.137.90.184 - - [14/Dec/2020:18:38:12 +0100] "GET /mugs-and-mazagrans-c-12_57.html?page=11 HTTP/1.0" 200 96718 "-" "Mozilla/5.0 (compatible; bingbot/2.0; +http://www.bing.com/bingbot.htm)"
52.137.90.184 - - [14/Dec/2020:18:38:13 +0100] "GET /bracelets-c-3_200.html?page=2 HTTP/1.0" 200 90021 "-" "Mozilla/5.0 (compatible; bingbot/2.0; +http://www.bing.com/bingbot.htm)"
52.137.90.184 - - [14/Dec/2020:18:38:14 +0100] "GET /calimero-m-15.html HTTP/1.0" 200 82635 "-" "Mozilla/5.0 (compatible; bingbot/2.0; +http://www.bing.com/bingbot.htm)"
52.137.90.184 - - [14/Dec/2020:18:38:15 +0100] "GET /backpacks-c-31_77.html HTTP/1.0" 200 92998 "-" "Mozilla/5.0 (compatible; bingbot/2.0; +http://www.bing.com/bingbot.htm)"
52.137.90.184 - - [14/Dec/2020:18:38:16 +0100] "GET /chairs-cushion-c-11_165.html HTTP/1.0" 200 89789 "-" "Mozilla/5.0 (compatible; bingbot/2.0; +http://www.bing.com/bingbot.htm)"
52.137.90.184 - - [14/Dec/2020:18:38:18 +0100] "GET /caps-and-scarfs-adults-c-53_138.html HTTP/1.0" 200 88062 "-" "Mozilla/5.0 (compatible; bingbot/2.0; +http://www.bing.com/bingbot.htm)"
52.137.90.184 - - [14/Dec/2020:18:38:19 +0100] "GET /wooden-boxes-and-storage-c-13_150_220.html HTTP/1.0" 200 89202 "-" "Mozilla/5.0 (compatible; bingbot/2.0; +http://www.bing.com/bingbot.htm)"
13.66.139.26 - - [14/Dec/2020:18:38:41 +0100] "GET /-p-20310.html HTTP/1.0" 200 69192 "-" "Mozilla/5.0 (compatible; bingbot/2.0; +http://www.bing.com/bingbot.htm)"
13.66.139.26 - - [14/Dec/2020:18:38:42 +0100] "GET /-p-21344.html HTTP/1.0" 200 69192 "-" "Mozilla/5.0 (compatible; bingbot/2.0; +http://www.bing.com/bingbot.htm)"
13.66.139.65 - - [14/Dec/2020:18:39:22 +0100] "GET /-p-15108.html HTTP/1.0" 200 69192 "-" "Mozilla/5.0 (compatible; bingbot/2.0; +http://www.bing.com/bingbot.htm)"
216.244.66.242 - - [14/Dec/2020:18:39:56 +0100] "GET /charline-lampshade-p-51598.html HTTP/1.0" 200 72648 "-" "Mozilla/5.0 (compatible; DotBot/1.1; http://www.opensiteexplorer.org/dotbot, help@moz.com)"
54.36.148.177 - - [14/Dec/2020:18:40:03 +0100] "GET /bodega-oven-mitt-p-37466.html HTTP/1.0" 301 69259 "-" "Mozilla/5.0 (compatible; AhrefsBot/7.0; +http://ahrefs.com/robot/)"
207.46.13.152 - - [14/Dec/2020:18:40:11 +0100] "GET /images/big_prod/8422015188313.jpg HTTP/1.0" 200 268 "-" "Mozilla/5.0 (compatible; bingbot/2.0; +http://www.bing.com/bingbot.htm)"
54.36.148.83 - - [14/Dec/2020:18:40:27 +0100] "GET /owl-decoration-statuette-p-47104.html HTTP/1.0" 200 71887 "-" "Mozilla/5.0 (compatible; AhrefsBot/7.0; +http://ahrefs.com/robot/)"
114.119.129.36 - - [14/Dec/2020:18:41:00 +0100] "GET /images/mini_prod/3612875124919.jpg HTTP/1.0" 200 269 "-" "Mozilla/5.0 (Linux; Android 7.0;) AppleWebKit/537.36 (KHTML, like Gecko) Mobile Safari/537.36 (compatible; PetalBot;+https://aspiegel.com/petalbot)"
207.46.13.175 - - [14/Dec/2020:18:41:53 +0100] "GET /images/big_prod/8718657466118a.jpg HTTP/1.0" 200 269 "-" "Mozilla/5.0 (compatible; bingbot/2.0; +http://www.bing.com/bingbot.htm)"
66.249.81.163 - - [14/Dec/2020:18:42:22 +0100] "GET /images/big_prod/201303014627555642.jpg HTTP/1.0" 200 273 "-" "Mozilla/5.0 (Windows NT 5.1; rv:11.0) Gecko Firefox/11.0 (via ggpht.com GoogleImageProxy)"
178.138.35.227 - - [14/Dec/2020:18:42:24 +0100] "GET /yoga-cat-meditation-statue-p-50391.html HTTP/1.0" 200 71922 "-" "Mozilla/5.0 (iPhone; CPU iPhone OS 14_2 like Mac OS X) AppleWebKit/605.1.15 (KHTML, like Gecko) CriOS/87.0.4280.77 Mobile/15E148 Safari/604.1"
178.138.35.227 - - [14/Dec/2020:18:42:24 +0100] "GET /templates/Pixame_v1/stylesheet.css HTTP/1.0" 200 267 "http://www.wonder-geek.com/" "Mozilla/5.0 (iPhone; CPU iPhone OS 14_2 like Mac OS X) AppleWebKit/605.1.15 (KHTML, like Gecko) CriOS/87.0.4280.77 Mobile/15E148 Safari/604.1"
178.138.35.227 - - [14/Dec/2020:18:42:24 +0100] "GET /highslide/highslide.js HTTP/1.0" 200 262 "http://www.wonder-geek.com/" "Mozilla/5.0 (iPhone; CPU iPhone OS 14_2 like Mac OS X) AppleWebKit/605.1.15 (KHTML, like Gecko) CriOS/87.0.4280.77 Mobile/15E148 Safari/604.1"
178.138.35.227 - - [14/Dec/2020:18:42:24 +0100] "GET /js/jquery.jqzoom.js HTTP/1.0" 200 259 "http://www.wonder-geek.com/" "Mozilla/5.0 (iPhone; CPU iPhone OS 14_2 like Mac OS X) AppleWebKit/605.1.15 (KHTML, like Gecko) CriOS/87.0.4280.77 Mobile/15E148 Safari/604.1"
178.138.35.227 - - [14/Dec/2020:18:42:24 +0100] "GET /js/jquery.js HTTP/1.0" 200 252 "http://www.wonder-geek.com/" "Mozilla/5.0 (iPhone; CPU iPhone OS 14_2 like Mac OS X) AppleWebKit/605.1.15 (KHTML, like Gecko) CriOS/87.0.4280.77 Mobile/15E148 Safari/604.1"
178.138.35.227 - - [14/Dec/2020:18:42:25 +0100] "GET /mondial_relay/js/jquery-1.3.2.min.js HTTP/1.0" 200 276 "http://www.wonder-geek.com/" "Mozilla/5.0 (iPhone; CPU iPhone OS 14_2 like Mac OS X) AppleWebKit/605.1.15 (KHTML, like Gecko) CriOS/87.0.4280.77 Mobile/15E148 Safari/604.1"
178.138.35.227 - - [14/Dec/2020:18:42:25 +0100] "GET /swfobject.js HTTP/1.0" 404 1308 "http://www.wonder-geek.com/" "Mozilla/5.0 (iPhone; CPU iPhone OS 14_2 like Mac OS X) AppleWebKit/605.1.15 (KHTML, like Gecko) CriOS/87.0.4280.77 Mobile/15E148 Safari/604.1"
178.138.35.227 - - [14/Dec/2020:18:42:25 +0100] "GET /templates/Pixame_v1/images/icon_accueil2.png HTTP/1.0" 200 278 "http://www.wonder-geek.com/" "Mozilla/5.0 (iPhone; CPU iPhone OS 14_2 like Mac OS X) AppleWebKit/605.1.15 (KHTML, like Gecko) CriOS/87.0.4280.77 Mobile/15E148 Safari/604.1"
178.138.35.227 - - [14/Dec/2020:18:42:25 +0100] "GET /templates/Pixame_v1/images/infobox/pixel_trans.gif HTTP/1.0" 200 328 "http://www.wonder-geek.com/" "Mozilla/5.0 (iPhone; CPU iPhone OS 14_2 like Mac OS X) AppleWebKit/605.1.15 (KHTML, like Gecko) CriOS/87.0.4280.77 Mobile/15E148 Safari/604.1"
178.138.35.227 - - [14/Dec/2020:18:42:25 +0100] "GET /images/pixel_trans.gif HTTP/1.0" 200 328 "http://www.wonder-geek.com/" "Mozilla/5.0 (iPhone; CPU iPhone OS 14_2 like Mac OS X) AppleWebKit/605.1.15 (KHTML, like Gecko) CriOS/87.0.4280.77 Mobile/15E148 Safari/604.1"
178.138.35.227 - - [14/Dec/2020:18:42:25 +0100] "GET /templates/Pixame_v1/images/pixel_trans.gif HTTP/1.0" 200 328 "http://www.wonder-geek.com/" "Mozilla/5.0 (iPhone; CPU iPhone OS 14_2 like Mac OS X) AppleWebKit/605.1.15 (KHTML, like Gecko) CriOS/87.0.4280.77 Mobile/15E148 Safari/604.1"
178.138.35.227 - - [14/Dec/2020:18:42:25 +0100] "GET /images/big_prod/201303014627555642.jpg HTTP/1.0" 200 273 "http://www.wonder-geek.com/" "Mozilla/5.0 (iPhone; CPU iPhone OS 14_2 like Mac OS X) AppleWebKit/605.1.15 (KHTML, like Gecko) CriOS/87.0.4280.77 Mobile/15E148 Safari/604.1"
178.138.35.227 - - [14/Dec/2020:18:42:25 +0100] "GET /templates/Pixame_v1/images/buttons/english/button_in_cart.gif HTTP/1.0" 200 295 "http://www.wonder-geek.com/" "Mozilla/5.0 (iPhone; CPU iPhone OS 14_2 like Mac OS X) AppleWebKit/605.1.15 (KHTML, like Gecko) CriOS/87.0.4280.77 Mobile/15E148 Safari/604.1"
178.138.35.227 - - [14/Dec/2020:18:42:25 +0100] "GET /templates/Pixame_v1/images/Middle_texture.jpg HTTP/1.0" 200 280 "http://www.wonder-geek.com/" "Mozilla/5.0 (iPhone; CPU iPhone OS 14_2 like Mac OS X) AppleWebKit/605.1.15 (KHTML, like Gecko) CriOS/87.0.4280.77 Mobile/15E148 Safari/604.1"
178.138.35.227 - - [14/Dec/2020:18:42:25 +0100] "GET /templates/Pixame_v1/images/Bottom_texture.jpg HTTP/1.0" 200 280 "http://www.wonder-geek.com/" "Mozilla/5.0 (iPhone; CPU iPhone OS 14_2 like Mac OS X) AppleWebKit/605.1.15 (KHTML, like Gecko) CriOS/87.0.4280.77 Mobile/15E148 Safari/604.1"
178.138.35.227 - - [14/Dec/2020:18:42:25 +0100] "GET /templates/Pixame_v1/images/nav.png HTTP/1.0" 200 268 "http://www.wonder-geek.com/" "Mozilla/5.0 (iPhone; CPU iPhone OS 14_2 like Mac OS X) AppleWebKit/605.1.15 (KHTML, like Gecko) CriOS/87.0.4280.77 Mobile/15E148 Safari/604.1"
178.138.35.227 - - [14/Dec/2020:18:42:25 +0100] "GET /favicon.ico HTTP/1.0" 200 260 "-" "Mozilla/5.0 (iPhone; CPU iPhone OS 14_2 like Mac OS X) AppleWebKit/605.1.15 (KHTML, like Gecko) CriOS/87.0.4280.77 Mobile/15E148 Safari/604.1"
178.138.35.227 - - [14/Dec/2020:18:42:25 +0100] "GET /templates/Pixame_v1/images/header.png HTTP/1.0" 200 271 "http://www.wonder-geek.com/" "Mozilla/5.0 (iPhone; CPU iPhone OS 14_2 like Mac OS X) AppleWebKit/605.1.15 (KHTML, like Gecko) CriOS/87.0.4280.77 Mobile/15E148 Safari/604.1"
178.138.35.227 - - [14/Dec/2020:18:42:25 +0100] "GET /templates/Pixame_v1/images/header-object.png HTTP/1.0" 200 278 "http://www.wonder-geek.com/" "Mozilla/5.0 (iPhone; CPU iPhone OS 14_2 like Mac OS X) AppleWebKit/605.1.15 (KHTML, like Gecko) CriOS/87.0.4280.77 Mobile/15E148 Safari/604.1"
178.138.35.227 - - [14/Dec/2020:18:42:25 +0100] "GET /design/productsenstock.png HTTP/1.0" 200 260 "http://www.wonder-geek.com/" "Mozilla/5.0 (iPhone; CPU iPhone OS 14_2 like Mac OS X) AppleWebKit/605.1.15 (KHTML, like Gecko) CriOS/87.0.4280.77 Mobile/15E148 Safari/604.1"
178.138.35.227 - - [14/Dec/2020:18:42:25 +0100] "GET /templates/Pixame_v1/images/infobox/infobox_footer_middle.gif HTTP/1.0" 200 357 "http://www.wonder-geek.com/" "Mozilla/5.0 (iPhone; CPU iPhone OS 14_2 like Mac OS X) AppleWebKit/605.1.15 (KHTML, like Gecko) CriOS/87.0.4280.77 Mobile/15E148 Safari/604.1"
178.138.35.227 - - [14/Dec/2020:18:42:25 +0100] "GET /highslide/graphics/zoomin.cur HTTP/1.0" 200 614 "http://www.wonder-geek.com/" "Mozilla/5.0 (iPhone; CPU iPhone OS 14_2 like Mac OS X) AppleWebKit/605.1.15 (KHTML, like Gecko) CriOS/87.0.4280.77 Mobile/15E148 Safari/604.1"
178.138.35.227 - - [14/Dec/2020:18:42:25 +0100] "GET /highslide/graphics/loader.white.gif HTTP/1.0" 200 960 "http://www.wonder-geek.com/" "Mozilla/5.0 (iPhone; CPU iPhone OS 14_2 like Mac OS X) AppleWebKit/605.1.15 (KHTML, like Gecko) CriOS/87.0.4280.77 Mobile/15E148 Safari/604.1"
178.138.35.227 - - [14/Dec/2020:18:42:25 +0100] "GET /highslide/graphics/zoomout.cur HTTP/1.0" 200 614 "http://www.wonder-geek.com/" "Mozilla/5.0 (iPhone; CPU iPhone OS 14_2 like Mac OS X) AppleWebKit/605.1.15 (KHTML, like Gecko) CriOS/87.0.4280.77 Mobile/15E148 Safari/604.1"
178.138.35.227 - - [14/Dec/2020:18:42:25 +0100] "GET /highslide/graphics/outlines/drop-shadow.png HTTP/1.0" 200 277 "http://www.wonder-geek.com/" "Mozilla/5.0 (iPhone; CPU iPhone OS 14_2 like Mac OS X) AppleWebKit/605.1.15 (KHTML, like Gecko) CriOS/87.0.4280.77 Mobile/15E148 Safari/604.1"
178.138.35.227 - - [14/Dec/2020:18:42:32 +0100] "GET /highslide/graphics/fullexpand.gif HTTP/1.0" 200 495 "http://www.wonder-geek.com/" "Mozilla/5.0 (iPhone; CPU iPhone OS 14_2 like Mac OS X) AppleWebKit/605.1.15 (KHTML, like Gecko) CriOS/87.0.4280.77 Mobile/15E148 Safari/604.1"
207.46.13.152 - - [14/Dec/2020:18:42:54 +0100] "GET /images/big_prod_2/8480610040016C.jpg HTTP/1.0" 200 271 "-" "Mozilla/5.0 (compatible; bingbot/2.0; +http://www.bing.com/bingbot.htm)"
74.196.183.190 - - [14/Dec/2020:18:43:38 +0100] "GET /images/4007176124222.jpg HTTP/1.0" 200 259 "https://www.bing.com/" "Mozilla/5.0 (iPhone; CPU iPhone OS 14_2 like Mac OS X) AppleWebKit/605.1.15 (KHTML, like Gecko) Version/14.0.1 Mobile/15E148 Safari/604.1"
54.36.148.83 - - [14/Dec/2020:18:44:05 +0100] "GET /red-hen-figurine-decorative-p-34553.html HTTP/1.0" 200 71914 "-" "Mozilla/5.0 (compatible; AhrefsBot/7.0; +http://ahrefs.com/robot/)"
207.46.13.90 - - [14/Dec/2020:18:44:57 +0100] "GET /images/5010994675318.jpg HTTP/1.0" 200 259 "-" "Mozilla/5.0 (compatible; bingbot/2.0; +http://www.bing.com/bingbot.htm)"
40.77.167.36 - - [14/Dec/2020:18:45:04 +0100] "GET /images/big_prod/5018997613061.jpg HTTP/1.0" 200 268 "-" "Mozilla/5.0 (compatible; bingbot/2.0; +http://www.bing.com/bingbot.htm)"
114.119.147.45 - - [14/Dec/2020:18:45:22 +0100] "GET /%20images/big_prod/8420152252010.jpg HTTP/1.0" 404 1308 "-" "Mozilla/5.0 (Linux; Android 7.0;) AppleWebKit/537.36 (KHTML, like Gecko) Mobile Safari/537.36 (compatible; PetalBot;+https://aspiegel.com/petalbot)"
13.66.139.65 - - [14/Dec/2020:18:45:54 +0100] "GET /glasses-case-c-31_164.html HTTP/1.0" 200 89538 "-" "Mozilla/5.0 (compatible; bingbot/2.0; +http://www.bing.com/bingbot.htm)"
157.55.39.184 - - [14/Dec/2020:18:46:55 +0100] "GET /images/big_prod/3503420203459.jpg HTTP/1.0" 200 268 "-" "Mozilla/5.0 (compatible; bingbot/2.0; +http://www.bing.com/bingbot.htm)"
157.55.39.172 - - [14/Dec/2020:18:47:01 +0100] "GET /images/big_prod/1399985100522.jpg HTTP/1.0" 200 268 "-" "Mozilla/5.0 (compatible; bingbot/2.0; +http://www.bing.com/bingbot.htm)"
40.77.167.36 - - [14/Dec/2020:18:47:25 +0100] "GET /cafe-de-la-tour-paris-blue-clock-p-10889.html HTTP/1.0" 301 72047 "-" "Mozilla/5.0 (compatible; bingbot/2.0; +http://www.bing.com/bingbot.htm)"
54.36.148.171 - - [14/Dec/2020:18:47:34 +0100] "GET /om-insulated-bag-p-10128.html HTTP/1.0" 200 71834 "-" "Mozilla/5.0 (compatible; AhrefsBot/7.0; +http://ahrefs.com/robot/)"
207.46.13.175 - - [14/Dec/2020:18:47:45 +0100] "GET /images/big_prod/3453131152587.jpg HTTP/1.0" 200 268 "-" "Mozilla/5.0 (compatible; bingbot/2.0; +http://www.bing.com/bingbot.htm)"
13.66.139.26 - - [14/Dec/2020:18:48:02 +0100] "GET /uk-carlin-by-cbk-case-notepad-p-30102.html HTTP/1.0" 200 71999 "-" "Mozilla/5.0 (compatible; bingbot/2.0; +http://www.bing.com/bingbot.htm)"
51.68.224.127 - - [14/Dec/2020:18:48:34 +0100] "GET /adminweb/export_orders_xml.php?token=256de2z6edz6ed2z6DFSFsed2zed6zeDSFDSGdzedezfzf&maxorders=10&orderstart=1&status=14&start_date=2018-10-01 HTTP/1.0" 200 285 "-" "GesCom CharlotteBoutik Serveur"
51.68.224.127 - - [14/Dec/2020:18:48:34 +0100] "GET /adminweb/export_orders_xml.php?token=256de2z6edz6ed2z6DFSFsed2zed6zeDSFDSGdzedezfzf&maxorders=10&orderstart=1&status=6&start_date=2018-10-01 HTTP/1.0" 200 30026 "-" "GesCom CharlotteBoutik Serveur"
207.46.13.49 - - [14/Dec/2020:18:49:41 +0100] "GET /melamine-pitcher-hello-wild-p-52675.html HTTP/1.0" 200 71893 "-" "Mozilla/5.0 (compatible; bingbot/2.0; +http://www.bing.com/bingbot.htm)"
114.119.145.117 - - [14/Dec/2020:18:49:44 +0100] "GET /images/mini_prod/1345544973786.jpg HTTP/1.0" 200 269 "-" "Mozilla/5.0 (Linux; Android 7.0;) AppleWebKit/537.36 (KHTML, like Gecko) Mobile Safari/537.36 (compatible; PetalBot;+https://aspiegel.com/petalbot)"
54.36.148.235 - - [14/Dec/2020:18:51:11 +0100] "GET /usa-blue-shower-curtain-180-180-cm-p-34865.html HTTP/1.0" 200 71963 "-" "Mozilla/5.0 (compatible; AhrefsBot/7.0; +http://ahrefs.com/robot/)"
207.46.13.90 - - [14/Dec/2020:18:52:08 +0100] "GET /images/3681643402207.jpg HTTP/1.0" 200 259 "-" "Mozilla/5.0 (compatible; bingbot/2.0; +http://www.bing.com/bingbot.htm)"
207.46.13.175 - - [14/Dec/2020:18:52:36 +0100] "GET /images/big_prod/8422011475608.jpg HTTP/1.0" 200 268 "-" "Mozilla/5.0 (compatible; bingbot/2.0; +http://www.bing.com/bingbot.htm)"
40.77.167.36 - - [14/Dec/2020:18:53:07 +0100] "GET /pillow-case-in-cotton-percale-80-threads-50-70-cm-p-51255.html HTTP/1.0" 200 72152 "-" "Mozilla/5.0 (compatible; bingbot/2.0; +http://www.bing.com/bingbot.htm)"
13.66.139.65 - - [14/Dec/2020:18:53:14 +0100] "GET /accessories-mobiles-c-3_17.html?page=4 HTTP/1.0" 200 93959 "-" "Mozilla/5.0 (compatible; bingbot/2.0; +http://www.bing.com/bingbot.htm)"
114.119.145.117 - - [14/Dec/2020:18:54:07 +0100] "GET /images/mini_prod/4010070226138.jpg HTTP/1.0" 200 269 "-" "Mozilla/5.0 (Linux; Android 7.0;) AppleWebKit/537.36 (KHTML, like Gecko) Mobile Safari/537.36 (compatible; PetalBot;+https://aspiegel.com/petalbot)"
54.36.148.0 - - [14/Dec/2020:18:54:54 +0100] "GET /the-mandalorian-ii-ceramic-mug-p-53481.html HTTP/1.0" 200 71905 "-" "Mozilla/5.0 (compatible; AhrefsBot/7.0; +http://ahrefs.com/robot/)"
40.77.167.36 - - [14/Dec/2020:18:55:06 +0100] "GET /images/big_prod/28422088187923.jpg HTTP/1.0" 200 269 "-" "Mozilla/5.0 (compatible; bingbot/2.0; +http://www.bing.com/bingbot.htm)"
157.55.39.184 - - [14/Dec/2020:18:55:34 +0100] "GET /images/big_prod/1384010187777.jpg HTTP/1.0" 200 268 "-" "Mozilla/5.0 (compatible; bingbot/2.0; +http://www.bing.com/bingbot.htm)"
66.249.93.84 - - [14/Dec/2020:18:55:39 +0100] "GET /images/big_prod_3/9316188082167c.jpg HTTP/1.0" 200 271 "-" "Mozilla/5.0 (Windows NT 5.1; rv:11.0) Gecko Firefox/11.0 (via ggpht.com GoogleImageProxy)"
88.126.150.67 - - [14/Dec/2020:18:55:48 +0100] "GET /forest-friends-glasses-case-racoons-p-51862.html HTTP/1.0" 200 73340 "https://www.google.fr/" "Mozilla/5.0 (Windows NT 10.0; Win64; x64; rv:83.0) Gecko/20100101 Firefox/83.0"
88.126.150.67 - - [14/Dec/2020:18:55:49 +0100] "GET /images/big_prod/9316188082167.jpg HTTP/1.0" 200 268 "http://www.wonder-geek.com/forest-friends-glasses-case-racoons-p-51862.html" "Mozilla/5.0 (Windows NT 10.0; Win64; x64; rv:83.0) Gecko/20100101 Firefox/83.0"
88.126.150.67 - - [14/Dec/2020:18:55:49 +0100] "GET /templates/Pixame_v1/stylesheet.css HTTP/1.0" 200 267 "http://www.wonder-geek.com/forest-friends-glasses-case-racoons-p-51862.html" "Mozilla/5.0 (Windows NT 10.0; Win64; x64; rv:83.0) Gecko/20100101 Firefox/83.0"
88.126.150.67 - - [14/Dec/2020:18:55:49 +0100] "GET /highslide/highslide.js HTTP/1.0" 200 262 "http://www.wonder-geek.com/forest-friends-glasses-case-racoons-p-51862.html" "Mozilla/5.0 (Windows NT 10.0; Win64; x64; rv:83.0) Gecko/20100101 Firefox/83.0"
88.126.150.67 - - [14/Dec/2020:18:55:49 +0100] "GET /js/jquery.js HTTP/1.0" 200 252 "http://www.wonder-geek.com/forest-friends-glasses-case-racoons-p-51862.html" "Mozilla/5.0 (Windows NT 10.0; Win64; x64; rv:83.0) Gecko/20100101 Firefox/83.0"
88.126.150.67 - - [14/Dec/2020:18:55:49 +0100] "GET /js/jquery.jqzoom.js HTTP/1.0" 200 259 "http://www.wonder-geek.com/forest-friends-glasses-case-racoons-p-51862.html" "Mozilla/5.0 (Windows NT 10.0; Win64; x64; rv:83.0) Gecko/20100101 Firefox/83.0"
88.126.150.67 - - [14/Dec/2020:18:55:49 +0100] "GET /mondial_relay/js/jquery-1.3.2.min.js HTTP/1.0" 200 276 "http://www.wonder-geek.com/forest-friends-glasses-case-racoons-p-51862.html" "Mozilla/5.0 (Windows NT 10.0; Win64; x64; rv:83.0) Gecko/20100101 Firefox/83.0"
88.126.150.67 - - [14/Dec/2020:18:55:49 +0100] "GET /swfobject.js HTTP/1.0" 404 1308 "http://www.wonder-geek.com/forest-friends-glasses-case-racoons-p-51862.html" "Mozilla/5.0 (Windows NT 10.0; Win64; x64; rv:83.0) Gecko/20100101 Firefox/83.0"
88.126.150.67 - - [14/Dec/2020:18:55:49 +0100] "GET /templates/Pixame_v1/images/icon_accueil2.png HTTP/1.0" 200 278 "http://www.wonder-geek.com/forest-friends-glasses-case-racoons-p-51862.html" "Mozilla/5.0 (Windows NT 10.0; Win64; x64; rv:83.0) Gecko/20100101 Firefox/83.0"
88.126.150.67 - - [14/Dec/2020:18:55:49 +0100] "GET /templates/Pixame_v1/images/infobox/pixel_trans.gif HTTP/1.0" 200 328 "http://www.wonder-geek.com/forest-friends-glasses-case-racoons-p-51862.html" "Mozilla/5.0 (Windows NT 10.0; Win64; x64; rv:83.0) Gecko/20100101 Firefox/83.0"
88.126.150.67 - - [14/Dec/2020:18:55:49 +0100] "GET /images/pixel_trans.gif HTTP/1.0" 200 328 "http://www.wonder-geek.com/forest-friends-glasses-case-racoons-p-51862.html" "Mozilla/5.0 (Windows NT 10.0; Win64; x64; rv:83.0) Gecko/20100101 Firefox/83.0"
88.126.150.67 - - [14/Dec/2020:18:55:49 +0100] "GET /templates/Pixame_v1/images/pixel_trans.gif HTTP/1.0" 200 328 "http://www.wonder-geek.com/forest-friends-glasses-case-racoons-p-51862.html" "Mozilla/5.0 (Windows NT 10.0; Win64; x64; rv:83.0) Gecko/20100101 Firefox/83.0"
88.126.150.67 - - [14/Dec/2020:18:55:49 +0100] "GET /images/big_prod_1/9316188082167a.jpg HTTP/1.0" 200 271 "http://www.wonder-geek.com/forest-friends-glasses-case-racoons-p-51862.html" "Mozilla/5.0 (Windows NT 10.0; Win64; x64; rv:83.0) Gecko/20100101 Firefox/83.0"
88.126.150.67 - - [14/Dec/2020:18:55:49 +0100] "GET /images/big_prod_2/9316188082167b.jpg HTTP/1.0" 200 271 "http://www.wonder-geek.com/forest-friends-glasses-case-racoons-p-51862.html" "Mozilla/5.0 (Windows NT 10.0; Win64; x64; rv:83.0) Gecko/20100101 Firefox/83.0"
88.126.150.67 - - [14/Dec/2020:18:55:49 +0100] "GET /swfobject.js HTTP/1.0" 404 1308 "http://www.wonder-geek.com/forest-friends-glasses-case-racoons-p-51862.html" "Mozilla/5.0 (Windows NT 10.0; Win64; x64; rv:83.0) Gecko/20100101 Firefox/83.0"
88.126.150.67 - - [14/Dec/2020:18:55:49 +0100] "GET /templates/Pixame_v1/images/Bottom_texture.jpg HTTP/1.0" 200 280 "http://www.wonder-geek.com/templates/Pixame_v1/stylesheet.css" "Mozilla/5.0 (Windows NT 10.0; Win64; x64; rv:83.0) Gecko/20100101 Firefox/83.0"
88.126.150.67 - - [14/Dec/2020:18:55:49 +0100] "GET /templates/Pixame_v1/images/Middle_texture.jpg HTTP/1.0" 200 280 "http://www.wonder-geek.com/templates/Pixame_v1/stylesheet.css" "Mozilla/5.0 (Windows NT 10.0; Win64; x64; rv:83.0) Gecko/20100101 Firefox/83.0"
88.126.150.67 - - [14/Dec/2020:18:55:49 +0100] "GET /templates/Pixame_v1/images/nav.png HTTP/1.0" 200 268 "http://www.wonder-geek.com/templates/Pixame_v1/stylesheet.css" "Mozilla/5.0 (Windows NT 10.0; Win64; x64; rv:83.0) Gecko/20100101 Firefox/83.0"
88.126.150.67 - - [14/Dec/2020:18:55:49 +0100] "GET /templates/Pixame_v1/images/header.png HTTP/1.0" 200 271 "http://www.wonder-geek.com/templates/Pixame_v1/stylesheet.css" "Mozilla/5.0 (Windows NT 10.0; Win64; x64; rv:83.0) Gecko/20100101 Firefox/83.0"
88.126.150.67 - - [14/Dec/2020:18:55:49 +0100] "GET /templates/Pixame_v1/images/header-object.png HTTP/1.0" 200 278 "http://www.wonder-geek.com/templates/Pixame_v1/stylesheet.css" "Mozilla/5.0 (Windows NT 10.0; Win64; x64; rv:83.0) Gecko/20100101 Firefox/83.0"
88.126.150.67 - - [14/Dec/2020:18:55:50 +0100] "GET /design/productsenstock.png HTTP/1.0" 200 260 "http://www.wonder-geek.com/templates/Pixame_v1/stylesheet.css" "Mozilla/5.0 (Windows NT 10.0; Win64; x64; rv:83.0) Gecko/20100101 Firefox/83.0"
88.126.150.67 - - [14/Dec/2020:18:55:50 +0100] "GET /templates/Pixame_v1/images/infobox/infobox_footer_middle.gif HTTP/1.0" 200 357 "http://www.wonder-geek.com/forest-friends-glasses-case-racoons-p-51862.html" "Mozilla/5.0 (Windows NT 10.0; Win64; x64; rv:83.0) Gecko/20100101 Firefox/83.0"
88.126.150.67 - - [14/Dec/2020:18:55:50 +0100] "GET /images/big_prod_3/9316188082167c.jpg HTTP/1.0" 200 271 "http://www.wonder-geek.com/forest-friends-glasses-case-racoons-p-51862.html" "Mozilla/5.0 (Windows NT 10.0; Win64; x64; rv:83.0) Gecko/20100101 Firefox/83.0"
88.126.150.67 - - [14/Dec/2020:18:55:50 +0100] "GET /templates/Pixame_v1/images/buttons/english/button_in_cart.gif HTTP/1.0" 200 295 "http://www.wonder-geek.com/forest-friends-glasses-case-racoons-p-51862.html" "Mozilla/5.0 (Windows NT 10.0; Win64; x64; rv:83.0) Gecko/20100101 Firefox/83.0"
88.126.150.67 - - [14/Dec/2020:18:55:50 +0100] "GET /highslide/graphics/zoomin.cur HTTP/1.0" 200 614 "http://www.wonder-geek.com/templates/Pixame_v1/stylesheet.css" "Mozilla/5.0 (Windows NT 10.0; Win64; x64; rv:83.0) Gecko/20100101 Firefox/83.0"
88.126.150.67 - - [14/Dec/2020:18:55:50 +0100] "GET /templates/Pixame_v1/images/flash.swf HTTP/1.0" 200 290 "http://www.wonder-geek.com/forest-friends-glasses-case-racoons-p-51862.html" "Mozilla/5.0 (Windows NT 10.0; Win64; x64; rv:83.0) Gecko/20100101 Firefox/83.0"
88.126.150.67 - - [14/Dec/2020:18:55:50 +0100] "GET /favicon.ico HTTP/1.0" 200 260 "http://www.wonder-geek.com/forest-friends-glasses-case-racoons-p-51862.html" "Mozilla/5.0 (Windows NT 10.0; Win64; x64; rv:83.0) Gecko/20100101 Firefox/83.0"
88.126.150.67 - - [14/Dec/2020:18:55:50 +0100] "GET /highslide/graphics/outlines/drop-shadow.png HTTP/1.0" 200 277 "http://www.wonder-geek.com/forest-friends-glasses-case-racoons-p-51862.html" "Mozilla/5.0 (Windows NT 10.0; Win64; x64; rv:83.0) Gecko/20100101 Firefox/83.0"
88.126.150.67 - - [14/Dec/2020:18:55:50 +0100] "GET /highslide/graphics/zoomout.cur HTTP/1.0" 200 614 "http://www.wonder-geek.com/forest-friends-glasses-case-racoons-p-51862.html" "Mozilla/5.0 (Windows NT 10.0; Win64; x64; rv:83.0) Gecko/20100101 Firefox/83.0"
88.126.150.67 - - [14/Dec/2020:18:55:50 +0100] "GET /highslide/graphics/loader.white.gif HTTP/1.0" 200 960 "http://www.wonder-geek.com/templates/Pixame_v1/stylesheet.css" "Mozilla/5.0 (Windows NT 10.0; Win64; x64; rv:83.0) Gecko/20100101 Firefox/83.0"
13.66.139.65 - - [14/Dec/2020:18:56:15 +0100] "GET /coffee-and-tea-box-c-13_150_153.html?page=2 HTTP/1.0" 200 89561 "-" "Mozilla/5.0 (compatible; bingbot/2.0; +http://www.bing.com/bingbot.htm)"
157.55.39.82 - - [14/Dec/2020:18:57:04 +0100] "GET /images/big_prod_3/1328399219384c.jpg HTTP/1.0" 200 271 "-" "Mozilla/5.0 (compatible; bingbot/2.0; +http://www.bing.com/bingbot.htm)"
103.131.71.176 - - [14/Dec/2020:18:57:05 +0100] "GET /robots.txt HTTP/1.0" 301 531 "-" "Mozilla/5.0 (compatible; coccocbot-web/1.0; +http://help.coccoc.com/searchengine)"
157.55.39.82 - - [14/Dec/2020:18:57:04 +0100] "GET /horse-clock-by-cbkreation-p-28475.html HTTP/1.0" 200 71808 "-" "Mozilla/5.0 (compatible; bingbot/2.0; +http://www.bing.com/bingbot.htm)"
103.131.71.176 - - [14/Dec/2020:18:57:07 +0100] "GET /robots.txt HTTP/1.0" 200 245 "-" "Mozilla/5.0 (compatible; coccocbot-web/1.0; +http://help.coccoc.com/searchengine)"
207.46.13.90 - - [14/Dec/2020:18:57:10 +0100] "GET /images/big_prod/3609810063228.jpg HTTP/1.0" 200 268 "-" "Mozilla/5.0 (compatible; bingbot/2.0; +http://www.bing.com/bingbot.htm)"
207.46.13.152 - - [14/Dec/2020:18:57:17 +0100] "GET /images/med_prod/4012390252378.jpg HTTP/1.0" 200 268 "-" "Mozilla/5.0 (compatible; bingbot/2.0; +http://www.bing.com/bingbot.htm)"
66.249.70.36 - - [14/Dec/2020:18:57:41 +0100] "GET /bread-box-c-13_150_211.html HTTP/1.0" 200 78397 "-" "Mozilla/5.0 (Linux; Android 6.0.1; Nexus 5X Build/MMB29P) AppleWebKit/537.36 (KHTML, like Gecko) Chrome/87.0.4280.90 Mobile Safari/537.36 (compatible; Googlebot/2.1; +http://www.google.com/bot.html)"
13.66.139.26 - - [14/Dec/2020:18:57:54 +0100] "GET /mugs-and-mazagrans-c-12_57.html?page=8 HTTP/1.0" 200 96229 "-" "Mozilla/5.0 (compatible; bingbot/2.0; +http://www.bing.com/bingbot.htm)"
207.46.13.152 - - [14/Dec/2020:18:57:59 +0100] "GET /images/big_prod/3453131145183.jpg HTTP/1.0" 200 268 "-" "Mozilla/5.0 (compatible; bingbot/2.0; +http://www.bing.com/bingbot.htm)"
114.119.147.45 - - [14/Dec/2020:18:58:22 +0100] "GET /images/mini_prod/3453131153096.jpg HTTP/1.0" 200 269 "-" "Mozilla/5.0 (Linux; Android 7.0;) AppleWebKit/537.36 (KHTML, like Gecko) Mobile Safari/537.36 (compatible; PetalBot;+https://aspiegel.com/petalbot)"
174.202.68.136 - - [14/Dec/2020:18:58:41 +0100] "GET /images/DSCN5292.jpg HTTP/1.0" 200 254 "https://www.bing.com/" "Mozilla/5.0 (Linux; Android 9; SAMSUNG SM-N950U) AppleWebKit/537.36 (KHTML, like Gecko) SamsungBrowser/13.0 Chrome/83.0.4103.106 Mobile Safari/537.36"
54.36.148.83 - - [14/Dec/2020:18:58:46 +0100] "GET /accessories-c-3.html?page=1 HTTP/1.0" 200 92500 "-" "Mozilla/5.0 (compatible; AhrefsBot/7.0; +http://ahrefs.com/robot/)"
17.58.101.145 - - [14/Dec/2020:18:58:57 +0100] "GET /wood-key-box-p-43924.html HTTP/1.0" 200 72001 "-" "Mozilla/5.0 (Macintosh; Intel Mac OS X 10_15_5) AppleWebKit/605.1.15 (KHTML, like Gecko) Version/13.1.1 Safari/605.1.15 (Applebot/0.1; +http://www.apple.com/go/applebot)"
207.46.13.90 - - [14/Dec/2020:18:59:29 +0100] "GET /images/big_prod/1384010188804.jpg HTTP/1.0" 200 268 "-" "Mozilla/5.0 (compatible; bingbot/2.0; +http://www.bing.com/bingbot.htm)"
13.66.139.65 - - [14/Dec/2020:18:59:46 +0100] "GET /small-chest-in-raw-wood-whitened-p-48069.html HTTP/1.0" 200 69310 "-" "Mozilla/5.0 (compatible; bingbot/2.0; +http://www.bing.com/bingbot.htm)"
13.66.139.65 - - [14/Dec/2020:18:59:47 +0100] "GET /-p-35000.html HTTP/1.0" 200 69192 "-" "Mozilla/5.0 (compatible; bingbot/2.0; +http://www.bing.com/bingbot.htm)"
207.46.13.90 - - [14/Dec/2020:19:00:48 +0100] "GET /pencil-box-cbkreation-p-41503.html HTTP/1.0" 200 71876 "-" "Mozilla/5.0 (compatible; bingbot/2.0; +http://www.bing.com/bingbot.htm)"
207.46.13.90 - - [14/Dec/2020:19:00:49 +0100] "GET /floor-cushions-c-11_182.html?page=2 HTTP/1.0" 200 90687 "-" "Mozilla/5.0 (compatible; bingbot/2.0; +http://www.bing.com/bingbot.htm)"
207.46.13.49 - - [14/Dec/2020:19:01:20 +0100] "GET /images/big_prod/3609810076150.jpg HTTP/1.0" 200 268 "-" "Mozilla/5.0 (compatible; bingbot/2.0; +http://www.bing.com/bingbot.htm)"
207.46.13.175 - - [14/Dec/2020:19:01:26 +0100] "GET /images/big_prod/5027148061224.jpg HTTP/1.0" 200 268 "-" "Mozilla/5.0 (compatible; bingbot/2.0; +http://www.bing.com/bingbot.htm)"
185.191.171.13 - - [14/Dec/2020:19:02:19 +0100] "GET /robots.txt HTTP/1.0" 200 245 "-" "Mozilla/5.0 (compatible; SemrushBot/7~bl; +http://www.semrush.com/bot.html)"
185.191.171.17 - - [14/Dec/2020:19:02:19 +0100] "GET /vintage-christmas-box-christmas-sonny-angel-figurines-p-53391.html HTTP/1.0" 200 73947 "-" "Mozilla/5.0 (compatible; SemrushBot/7~bl; +http://www.semrush.com/bot.html)"
114.119.129.36 - - [14/Dec/2020:19:02:43 +0100] "GET /images/mini_prod/1399984235690.jpg HTTP/1.0" 200 269 "-" "Mozilla/5.0 (Linux; Android 7.0;) AppleWebKit/537.36 (KHTML, like Gecko) Mobile Safari/537.36 (compatible; PetalBot;+https://aspiegel.com/petalbot)"
54.36.148.38 - - [14/Dec/2020:19:03:47 +0100] "GET /buddhist-bracelet-wooden-beads-orange-p-37668.html HTTP/1.0" 200 71881 "-" "Mozilla/5.0 (compatible; AhrefsBot/7.0; +http://ahrefs.com/robot/)"
177.39.96.180 - - [14/Dec/2020:19:04:06 +0100] "GET /account.php HTTP/1.0" 302 468 "-" "Mozilla/5.0 (Windows NT 10.0; Win64; x64) AppleWebKit/537.36 (KHTML, like Gecko) Chrome/87.0.4280.88 Safari/537.36"
177.39.96.180 - - [14/Dec/2020:19:04:07 +0100] "GET /login.php HTTP/1.0" 200 17155 "-" "Mozilla/5.0 (Windows NT 10.0; Win64; x64) AppleWebKit/537.36 (KHTML, like Gecko) Chrome/87.0.4280.88 Safari/537.36"
177.39.96.180 - - [14/Dec/2020:19:04:07 +0100] "GET /swfobject.js HTTP/1.0" 404 1308 "http://www.wonder-geek.com/login.php" "Mozilla/5.0 (Windows NT 10.0; Win64; x64) AppleWebKit/537.36 (KHTML, like Gecko) Chrome/87.0.4280.88 Safari/537.36"
177.39.96.180 - - [14/Dec/2020:19:04:11 +0100] "POST /login.php?action=process HTTP/1.0" 302 470 "http://www.wonder-geek.com/login.php" "Mozilla/5.0 (Windows NT 10.0; Win64; x64) AppleWebKit/537.36 (KHTML, like Gecko) Chrome/87.0.4280.88 Safari/537.36"
177.39.96.180 - - [14/Dec/2020:19:04:12 +0100] "GET /account.php HTTP/1.0" 200 75103 "http://www.wonder-geek.com/login.php" "Mozilla/5.0 (Windows NT 10.0; Win64; x64) AppleWebKit/537.36 (KHTML, like Gecko) Chrome/87.0.4280.88 Safari/537.36"
