85.10.199.185 - - [14/Dec/2020:07:11:36 +0100] "GET /barbabeau-personal-diary-p-15940.html HTTP/1.0" 301 69259 "-" "Mozilla/5.0 (compatible; MJ12bot/v1.4.8; http://mj12bot.com/)"
85.10.199.185 - - [14/Dec/2020:07:11:44 +0100] "GET /-p-15940.html HTTP/1.0" 200 69192 "-" "Mozilla/5.0 (compatible; MJ12bot/v1.4.8; http://mj12bot.com/)"
54.36.148.200 - - [14/Dec/2020:07:11:45 +0100] "GET /quartz-geode-size-about-220-p-47199.html HTTP/1.0" 200 72678 "-" "Mozilla/5.0 (compatible; AhrefsBot/7.0; +http://ahrefs.com/robot/)"
149.202.82.11 - - [14/Dec/2020:07:11:48 +0100] "GET /zodiac-sign-training-bottle-by-cbkreation-p-43347.html HTTP/1.0" 200 72250 "-" "Mozilla/5.0 (compatible; MJ12bot/v1.4.8; http://mj12bot.com/)"
85.10.199.185 - - [14/Dec/2020:07:11:54 +0100] "GET /barbabeau-postcard-p-19475.html HTTP/1.0" 200 71901 "-" "Mozilla/5.0 (compatible; MJ12bot/v1.4.8; http://mj12bot.com/)"
114.119.150.15 - - [14/Dec/2020:07:11:58 +0100] "GET /images/mini_prod/8433933193297.jpg HTTP/1.0" 200 269 "-" "Mozilla/5.0 (Linux; Android 7.0;) AppleWebKit/537.36 (KHTML, like Gecko) Mobile Safari/537.36 (compatible; PetalBot;+https://aspiegel.com/petalbot)"
85.10.199.185 - - [14/Dec/2020:07:12:05 +0100] "GET /barbabelle-little-metal-box-p-7868.html HTTP/1.0" 301 69256 "-" "Mozilla/5.0 (compatible; MJ12bot/v1.4.8; http://mj12bot.com/)"
149.202.82.11 - - [14/Dec/2020:07:12:07 +0100] "GET /zodiac-sign-training-bottle-by-cbkreation-p-43348.html HTTP/1.0" 200 72250 "-" "Mozilla/5.0 (compatible; MJ12bot/v1.4.8; http://mj12bot.com/)"
207.46.13.49 - - [14/Dec/2020:07:12:12 +0100] "GET /images/big_prod/3701206600427.jpg HTTP/1.0" 200 268 "-" "Mozilla/5.0 (compatible; bingbot/2.0; +http://www.bing.com/bingbot.htm)"
85.10.199.185 - - [14/Dec/2020:07:12:15 +0100] "GET /-p-7868.html HTTP/1.0" 200 69190 "-" "Mozilla/5.0 (compatible; MJ12bot/v1.4.8; http://mj12bot.com/)"
149.202.82.11 - - [14/Dec/2020:07:12:19 +0100] "GET /zodiac-sign-training-bottle-by-cbkreation-p-43349.html HTTP/1.0" 200 72250 "-" "Mozilla/5.0 (compatible; MJ12bot/v1.4.8; http://mj12bot.com/)"
85.10.199.185 - - [14/Dec/2020:07:12:31 +0100] "GET /barbabelle-nurse-figure-p-457.html HTTP/1.0" 301 69253 "-" "Mozilla/5.0 (compatible; MJ12bot/v1.4.8; http://mj12bot.com/)"
157.55.39.59 - - [14/Dec/2020:07:12:31 +0100] "GET /-p-14523.html HTTP/1.0" 200 69192 "-" "Mozilla/5.0 (compatible; bingbot/2.0; +http://www.bing.com/bingbot.htm)"
85.10.199.185 - - [14/Dec/2020:07:12:38 +0100] "GET /-p-457.html HTTP/1.0" 200 69188 "-" "Mozilla/5.0 (compatible; MJ12bot/v1.4.8; http://mj12bot.com/)"
149.202.82.11 - - [14/Dec/2020:07:12:43 +0100] "GET /zodiac-sign-training-bottle-by-cbkreation-p-43350.html HTTP/1.0" 200 72250 "-" "Mozilla/5.0 (compatible; MJ12bot/v1.4.8; http://mj12bot.com/)"
85.10.199.185 - - [14/Dec/2020:07:12:46 +0100] "GET /barbabravo-barbapapa-wooden-car-p-21416.html HTTP/1.0" 301 69259 "-" "Mozilla/5.0 (compatible; MJ12bot/v1.4.8; http://mj12bot.com/)"
85.10.199.185 - - [14/Dec/2020:07:12:52 +0100] "GET /-p-21416.html HTTP/1.0" 200 69192 "-" "Mozilla/5.0 (compatible; MJ12bot/v1.4.8; http://mj12bot.com/)"
13.66.139.79 - - [14/Dec/2020:07:12:57 +0100] "GET /furnishings-c-13_87.html?page=4 HTTP/1.0" 200 91118 "-" "Mozilla/5.0 (compatible; bingbot/2.0; +http://www.bing.com/bingbot.htm)"
85.10.199.185 - - [14/Dec/2020:07:13:00 +0100] "GET /barbabravo-figure-p-470.html HTTP/1.0" 301 69253 "-" "Mozilla/5.0 (compatible; MJ12bot/v1.4.8; http://mj12bot.com/)"
85.10.199.185 - - [14/Dec/2020:07:13:09 +0100] "GET /-p-470.html HTTP/1.0" 200 69188 "-" "Mozilla/5.0 (compatible; MJ12bot/v1.4.8; http://mj12bot.com/)"
85.10.199.185 - - [14/Dec/2020:07:13:19 +0100] "GET /barbabravo-mug-p-2673.html HTTP/1.0" 301 69256 "-" "Mozilla/5.0 (compatible; MJ12bot/v1.4.8; http://mj12bot.com/)"
85.10.199.185 - - [14/Dec/2020:07:13:26 +0100] "GET /-p-2673.html HTTP/1.0" 200 69190 "-" "Mozilla/5.0 (compatible; MJ12bot/v1.4.8; http://mj12bot.com/)"
185.191.171.12 - - [14/Dec/2020:07:13:29 +0100] "GET /scent-cup-heart-and-home-tuscan-fig-p-53335.html?action=add_product HTTP/1.0" 302 476 "-" "Mozilla/5.0 (compatible; SemrushBot/7~bl; +http://www.semrush.com/bot.html)"
85.10.199.185 - - [14/Dec/2020:07:13:34 +0100] "GET /barbapapa-barbamama-bottle-p-18844.html HTTP/1.0" 200 71858 "-" "Mozilla/5.0 (compatible; MJ12bot/v1.4.8; http://mj12bot.com/)"
85.10.199.185 - - [14/Dec/2020:07:13:41 +0100] "GET /barbapapa-breakfast-set-p-19467.html HTTP/1.0" 200 69274 "-" "Mozilla/5.0 (compatible; MJ12bot/v1.4.8; http://mj12bot.com/)"
85.10.199.185 - - [14/Dec/2020:07:13:51 +0100] "GET /barbapapa-coin-purse-p-27285.html HTTP/1.0" 200 69283 "-" "Mozilla/5.0 (compatible; MJ12bot/v1.4.8; http://mj12bot.com/)"
54.36.149.41 - - [14/Dec/2020:07:13:53 +0100] "GET /pill-box-lavande-p-51388.html HTTP/1.0" 200 72540 "-" "Mozilla/5.0 (compatible; AhrefsBot/7.0; +http://ahrefs.com/robot/)"
85.10.199.185 - - [14/Dec/2020:07:14:00 +0100] "GET /barbapapa-cosmetic-bag-p-31782.html HTTP/1.0" 301 69259 "-" "Mozilla/5.0 (compatible; MJ12bot/v1.4.8; http://mj12bot.com/)"
207.46.13.49 - - [14/Dec/2020:07:14:02 +0100] "GET /images/big_prod/3014627886227.jpg HTTP/1.0" 200 268 "-" "Mozilla/5.0 (compatible; bingbot/2.0; +http://www.bing.com/bingbot.htm)"
85.10.199.185 - - [14/Dec/2020:07:14:05 +0100] "GET /-p-31782.html HTTP/1.0" 200 69192 "-" "Mozilla/5.0 (compatible; MJ12bot/v1.4.8; http://mj12bot.com/)"
13.66.139.79 - - [14/Dec/2020:07:14:10 +0100] "GET /images/med_prod/1300010241806.jpg HTTP/1.0" 200 268 "-" "Mozilla/5.0 (compatible; bingbot/2.0; +http://www.bing.com/bingbot.htm)"
85.10.199.185 - - [14/Dec/2020:07:14:16 +0100] "GET /barbapapa-cupcake-mug-p-20678.html HTTP/1.0" 301 69259 "-" "Mozilla/5.0 (compatible; MJ12bot/v1.4.8; http://mj12bot.com/)"
85.10.199.185 - - [14/Dec/2020:07:14:23 +0100] "GET /-p-20678.html HTTP/1.0" 200 69192 "-" "Mozilla/5.0 (compatible; MJ12bot/v1.4.8; http://mj12bot.com/)"
85.10.199.185 - - [14/Dec/2020:07:14:32 +0100] "GET /barbapapa-cutlery-set-for-children-p-1962.html HTTP/1.0" 200 69351 "-" "Mozilla/5.0 (compatible; MJ12bot/v1.4.8; http://mj12bot.com/)"
13.66.139.79 - - [14/Dec/2020:07:14:40 +0100] "GET /images/big_prod/3612872115071.jpg HTTP/1.0" 200 268 "-" "Mozilla/5.0 (compatible; bingbot/2.0; +http://www.bing.com/bingbot.htm)"
85.10.199.185 - - [14/Dec/2020:07:14:41 +0100] "GET /barbapapa-embossed-mug-p-13448.html HTTP/1.0" 301 69259 "-" "Mozilla/5.0 (compatible; MJ12bot/v1.4.8; http://mj12bot.com/)"
85.10.199.185 - - [14/Dec/2020:07:14:48 +0100] "GET /-p-13448.html HTTP/1.0" 200 69192 "-" "Mozilla/5.0 (compatible; MJ12bot/v1.4.8; http://mj12bot.com/)"
85.10.199.185 - - [14/Dec/2020:07:14:55 +0100] "GET /barbapapa-figures-in-tube-p-1279.html HTTP/1.0" 301 69256 "-" "Mozilla/5.0 (compatible; MJ12bot/v1.4.8; http://mj12bot.com/)"
85.10.199.185 - - [14/Dec/2020:07:15:03 +0100] "GET /-p-1279.html HTTP/1.0" 200 69190 "-" "Mozilla/5.0 (compatible; MJ12bot/v1.4.8; http://mj12bot.com/)"
85.10.199.185 - - [14/Dec/2020:07:15:11 +0100] "GET /barbapapa-figures-in-tube-p-28453.html HTTP/1.0" 301 69259 "-" "Mozilla/5.0 (compatible; MJ12bot/v1.4.8; http://mj12bot.com/)"
85.10.199.185 - - [14/Dec/2020:07:15:15 +0100] "GET /-p-28453.html HTTP/1.0" 200 69192 "-" "Mozilla/5.0 (compatible; MJ12bot/v1.4.8; http://mj12bot.com/)"
85.10.199.185 - - [14/Dec/2020:07:15:25 +0100] "GET /barbapapa-figures-in-tube-p-5298.html HTTP/1.0" 301 69256 "-" "Mozilla/5.0 (compatible; MJ12bot/v1.4.8; http://mj12bot.com/)"
85.10.199.185 - - [14/Dec/2020:07:15:33 +0100] "GET /-p-5298.html HTTP/1.0" 200 69190 "-" "Mozilla/5.0 (compatible; MJ12bot/v1.4.8; http://mj12bot.com/)"
85.10.199.185 - - [14/Dec/2020:07:15:39 +0100] "GET /barbapapa-figures-p-1278.html HTTP/1.0" 200 69266 "-" "Mozilla/5.0 (compatible; MJ12bot/v1.4.8; http://mj12bot.com/)"
216.244.66.242 - - [14/Dec/2020:07:15:43 +0100] "GET /robots.txt HTTP/1.0" 200 245 "-" "Mozilla/5.0 (compatible; DotBot/1.1; http://www.opensiteexplorer.org/dotbot, help@moz.com)"
85.10.199.185 - - [14/Dec/2020:07:15:50 +0100] "GET /barbapapa-game-of-skittles-p-2570.html HTTP/1.0" 301 69256 "-" "Mozilla/5.0 (compatible; MJ12bot/v1.4.8; http://mj12bot.com/)"
13.66.139.26 - - [14/Dec/2020:07:15:56 +0100] "GET /images/big_prod_1/b720322296225.jpg HTTP/1.0" 200 270 "-" "Mozilla/5.0 (compatible; bingbot/2.0; +http://www.bing.com/bingbot.htm)"
13.66.139.26 - - [14/Dec/2020:07:15:57 +0100] "GET /images/big_prod_2/3700230605514b.jpg HTTP/1.0" 200 271 "-" "Mozilla/5.0 (compatible; bingbot/2.0; +http://www.bing.com/bingbot.htm)"
85.10.199.185 - - [14/Dec/2020:07:16:01 +0100] "GET /-p-2570.html HTTP/1.0" 200 69190 "-" "Mozilla/5.0 (compatible; MJ12bot/v1.4.8; http://mj12bot.com/)"
13.66.139.79 - - [14/Dec/2020:07:16:01 +0100] "GET /images/big_prod/3700516224873.jpg HTTP/1.0" 200 268 "-" "Mozilla/5.0 (compatible; bingbot/2.0; +http://www.bing.com/bingbot.htm)"
54.36.148.157 - - [14/Dec/2020:07:16:05 +0100] "GET /britto-bottle-stoppers-cat-p-32679.html HTTP/1.0" 200 71853 "-" "Mozilla/5.0 (compatible; AhrefsBot/7.0; +http://ahrefs.com/robot/)"
85.10.199.185 - - [14/Dec/2020:07:16:10 +0100] "GET /barbapapa-hochet-soft-toy-p-18892.html HTTP/1.0" 301 69259 "-" "Mozilla/5.0 (compatible; MJ12bot/v1.4.8; http://mj12bot.com/)"
85.10.199.185 - - [14/Dec/2020:07:16:18 +0100] "GET /-p-18892.html HTTP/1.0" 200 69192 "-" "Mozilla/5.0 (compatible; MJ12bot/v1.4.8; http://mj12bot.com/)"
114.119.145.117 - - [14/Dec/2020:07:16:20 +0100] "GET /images/big_prod/3503424502091.jpg HTTP/1.0" 200 268 "-" "Mozilla/5.0 (Linux; Android 7.0;) AppleWebKit/537.36 (KHTML, like Gecko) Mobile Safari/537.36 (compatible; PetalBot;+https://aspiegel.com/petalbot)"
85.10.199.185 - - [14/Dec/2020:07:16:26 +0100] "GET /barbapapa-house-p-27352.html HTTP/1.0" 301 69259 "-" "Mozilla/5.0 (compatible; MJ12bot/v1.4.8; http://mj12bot.com/)"
13.66.139.26 - - [14/Dec/2020:07:16:28 +0100] "GET /images/big_prod/1399986106011.jpg HTTP/1.0" 200 268 "-" "Mozilla/5.0 (compatible; bingbot/2.0; +http://www.bing.com/bingbot.htm)"
85.10.199.185 - - [14/Dec/2020:07:16:32 +0100] "GET /-p-27352.html HTTP/1.0" 200 69192 "-" "Mozilla/5.0 (compatible; MJ12bot/v1.4.8; http://mj12bot.com/)"
85.10.199.185 - - [14/Dec/2020:07:16:39 +0100] "GET /barbapapa-logo-red-messenger-bag-p-15791.html HTTP/1.0" 301 69259 "-" "Mozilla/5.0 (compatible; MJ12bot/v1.4.8; http://mj12bot.com/)"
85.10.199.185 - - [14/Dec/2020:07:16:46 +0100] "GET /-p-15791.html HTTP/1.0" 200 69192 "-" "Mozilla/5.0 (compatible; MJ12bot/v1.4.8; http://mj12bot.com/)"
85.10.199.185 - - [14/Dec/2020:07:16:49 +0100] "GET /barbapapa-love-black-shirt-size-p-20981.html HTTP/1.0" 301 69259 "-" "Mozilla/5.0 (compatible; MJ12bot/v1.4.8; http://mj12bot.com/)"
85.10.199.185 - - [14/Dec/2020:07:16:56 +0100] "GET /-p-20981.html HTTP/1.0" 200 69192 "-" "Mozilla/5.0 (compatible; MJ12bot/v1.4.8; http://mj12bot.com/)"
207.46.13.191 - - [14/Dec/2020:07:17:01 +0100] "GET /images/5012994628660.jpg HTTP/1.0" 200 259 "-" "Mozilla/5.0 (compatible; bingbot/2.0; +http://www.bing.com/bingbot.htm)"
85.10.199.185 - - [14/Dec/2020:07:17:04 +0100] "GET /barbapapa-magic-stamps-set-p-16091.html HTTP/1.0" 301 69259 "-" "Mozilla/5.0 (compatible; MJ12bot/v1.4.8; http://mj12bot.com/)"
157.55.39.179 - - [14/Dec/2020:07:17:06 +0100] "GET /images/big_prod_2/8422111515952C.jpg HTTP/1.0" 200 271 "-" "Mozilla/5.0 (compatible; bingbot/2.0; +http://www.bing.com/bingbot.htm)"
54.36.149.77 - - [14/Dec/2020:07:17:08 +0100] "GET /lulu-castagnette-white-watch-girl-p-35092.html HTTP/1.0" 301 69259 "-" "Mozilla/5.0 (compatible; AhrefsBot/7.0; +http://ahrefs.com/robot/)"
85.10.199.185 - - [14/Dec/2020:07:17:09 +0100] "GET /-p-16091.html HTTP/1.0" 200 69192 "-" "Mozilla/5.0 (compatible; MJ12bot/v1.4.8; http://mj12bot.com/)"
85.10.199.185 - - [14/Dec/2020:07:17:17 +0100] "GET /barbapapa-manga-compact-mirror-p-10971.html HTTP/1.0" 301 69412 "-" "Mozilla/5.0 (compatible; MJ12bot/v1.4.8; http://mj12bot.com/)"
85.10.199.185 - - [14/Dec/2020:07:17:24 +0100] "GET /barbapapa-compact-mirror-p-10971.html HTTP/1.0" 200 69321 "-" "Mozilla/5.0 (compatible; MJ12bot/v1.4.8; http://mj12bot.com/)"
85.10.199.185 - - [14/Dec/2020:07:17:30 +0100] "GET /barbapapa-mug-p-13448.html HTTP/1.0" 301 69259 "-" "Mozilla/5.0 (compatible; MJ12bot/v1.4.8; http://mj12bot.com/)"
77.75.76.164 - - [14/Dec/2020:07:17:38 +0100] "GET /robots.txt HTTP/1.0" 200 245 "-" "Mozilla/5.0 (compatible; SeznamBot/3.2; +http://napoveda.seznam.cz/en/seznambot-intro/)"
85.10.199.185 - - [14/Dec/2020:07:17:37 +0100] "GET /-p-13448.html HTTP/1.0" 200 69192 "-" "Mozilla/5.0 (compatible; MJ12bot/v1.4.8; http://mj12bot.com/)"
77.75.76.164 - - [14/Dec/2020:07:17:38 +0100] "GET /brave-merida-melamine-bowl-p-17122.html HTTP/1.0" 200 71949 "-" "Mozilla/5.0 (compatible; SeznamBot/3.2; +http://napoveda.seznam.cz/en/seznambot-intro/)"
77.75.76.164 - - [14/Dec/2020:07:17:39 +0100] "GET /images/mini_prod/3609810048713.jpg HTTP/1.0" 200 269 "-" "Mozilla/5.0 (compatible; SeznamBot/3.2; +http://napoveda.seznam.cz/en/seznambot-intro/)"
207.46.13.191 - - [14/Dec/2020:07:17:42 +0100] "GET /betty-boop-hanger-p-15283.html HTTP/1.0" 200 69268 "-" "Mozilla/5.0 (compatible; bingbot/2.0; +http://www.bing.com/bingbot.htm)"
85.10.199.185 - - [14/Dec/2020:07:17:43 +0100] "GET /barbapapa-multicolors-placemat-p-14313.html HTTP/1.0" 200 69333 "-" "Mozilla/5.0 (compatible; MJ12bot/v1.4.8; http://mj12bot.com/)"
13.66.139.26 - - [14/Dec/2020:07:17:47 +0100] "GET /images/big_prod/5018997752432.jpg HTTP/1.0" 200 268 "-" "Mozilla/5.0 (compatible; bingbot/2.0; +http://www.bing.com/bingbot.htm)"
85.10.199.185 - - [14/Dec/2020:07:17:50 +0100] "GET /barbapapa-musical-puzzle-p-27748.html HTTP/1.0" 301 69259 "-" "Mozilla/5.0 (compatible; MJ12bot/v1.4.8; http://mj12bot.com/)"
13.66.139.26 - - [14/Dec/2020:07:17:56 +0100] "GET /images/DSCN0574.jpg HTTP/1.0" 200 254 "-" "Mozilla/5.0 (compatible; bingbot/2.0; +http://www.bing.com/bingbot.htm)"
13.66.139.26 - - [14/Dec/2020:07:17:56 +0100] "GET /images/big_prod/8433933064535.jpg HTTP/1.0" 200 268 "-" "Mozilla/5.0 (compatible; bingbot/2.0; +http://www.bing.com/bingbot.htm)"
85.10.199.185 - - [14/Dec/2020:07:18:01 +0100] "GET /-p-27748.html HTTP/1.0" 200 69192 "-" "Mozilla/5.0 (compatible; MJ12bot/v1.4.8; http://mj12bot.com/)"
207.46.13.175 - - [14/Dec/2020:07:18:05 +0100] "GET /images/big_prod/3014627846351N.jpg HTTP/1.0" 200 269 "-" "Mozilla/5.0 (compatible; bingbot/2.0; +http://www.bing.com/bingbot.htm)"
85.10.199.185 - - [14/Dec/2020:07:18:07 +0100] "GET /barbapapa-set-of-activity-table-and-chair-p-23089.html HTTP/1.0" 301 69259 "-" "Mozilla/5.0 (compatible; MJ12bot/v1.4.8; http://mj12bot.com/)"
54.36.149.31 - - [14/Dec/2020:07:18:14 +0100] "GET /quartz-geode-size-about-75-p-44408.html HTTP/1.0" 200 72931 "-" "Mozilla/5.0 (compatible; AhrefsBot/7.0; +http://ahrefs.com/robot/)"
85.10.199.185 - - [14/Dec/2020:07:18:15 +0100] "GET /-p-23089.html HTTP/1.0" 200 69192 "-" "Mozilla/5.0 (compatible; MJ12bot/v1.4.8; http://mj12bot.com/)"
51.68.224.127 - - [14/Dec/2020:07:18:18 +0100] "GET /adminweb/export_orders_xml.php?token=256de2z6edz6ed2z6DFSFsed2zed6zeDSFDSGdzedezfzf&maxorders=10&orderstart=1&status=14&start_date=2018-10-01 HTTP/1.0" 200 285 "-" "GesCom CharlotteBoutik Serveur"
51.68.224.127 - - [14/Dec/2020:07:18:18 +0100] "GET /adminweb/export_orders_xml.php?token=256de2z6edz6ed2z6DFSFsed2zed6zeDSFDSGdzedezfzf&maxorders=10&orderstart=1&status=6&start_date=2018-10-01 HTTP/1.0" 200 30026 "-" "GesCom CharlotteBoutik Serveur"
85.10.199.185 - - [14/Dec/2020:07:18:21 +0100] "GET /barbapapa-shopping-trolley-p-23088.html HTTP/1.0" 200 69286 "-" "Mozilla/5.0 (compatible; MJ12bot/v1.4.8; http://mj12bot.com/)"
85.10.199.185 - - [14/Dec/2020:07:18:29 +0100] "GET /barbapapa-towel-p-27396.html HTTP/1.0" 200 69258 "-" "Mozilla/5.0 (compatible; MJ12bot/v1.4.8; http://mj12bot.com/)"
85.10.199.185 - - [14/Dec/2020:07:18:37 +0100] "GET /barbapapa-training-bottle-p-14323.html HTTP/1.0" 200 69308 "-" "Mozilla/5.0 (compatible; MJ12bot/v1.4.8; http://mj12bot.com/)"
85.10.199.185 - - [14/Dec/2020:07:18:44 +0100] "GET /barbapapa-travel-mug-heat-insulating-p-11715.html HTTP/1.0" 200 72039 "-" "Mozilla/5.0 (compatible; MJ12bot/v1.4.8; http://mj12bot.com/)"
85.10.199.185 - - [14/Dec/2020:07:18:53 +0100] "GET /barbazoo-figure-p-463.html HTTP/1.0" 200 69254 "-" "Mozilla/5.0 (compatible; MJ12bot/v1.4.8; http://mj12bot.com/)"
85.10.199.185 - - [14/Dec/2020:07:19:03 +0100] "GET /barbazoo-small-oddments-p-8302.html HTTP/1.0" 200 69332 "-" "Mozilla/5.0 (compatible; MJ12bot/v1.4.8; http://mj12bot.com/)"
85.10.199.185 - - [14/Dec/2020:07:19:11 +0100] "GET /barbazoo-wooden-plane-p-27243.html HTTP/1.0" 301 69259 "-" "Mozilla/5.0 (compatible; MJ12bot/v1.4.8; http://mj12bot.com/)"
85.10.199.185 - - [14/Dec/2020:07:19:16 +0100] "GET /-p-27243.html HTTP/1.0" 200 69192 "-" "Mozilla/5.0 (compatible; MJ12bot/v1.4.8; http://mj12bot.com/)"
85.10.199.185 - - [14/Dec/2020:07:19:22 +0100] "GET /barbie-cooker-electronic-child-p-17788.html HTTP/1.0" 301 69259 "-" "Mozilla/5.0 (compatible; MJ12bot/v1.4.8; http://mj12bot.com/)"
85.10.199.185 - - [14/Dec/2020:07:19:32 +0100] "GET /-p-17788.html HTTP/1.0" 200 69192 "-" "Mozilla/5.0 (compatible; MJ12bot/v1.4.8; http://mj12bot.com/)"
85.10.199.185 - - [14/Dec/2020:07:19:40 +0100] "GET /barbie-cooker-for-children-p-17787.html HTTP/1.0" 301 69259 "-" "Mozilla/5.0 (compatible; MJ12bot/v1.4.8; http://mj12bot.com/)"
85.10.199.185 - - [14/Dec/2020:07:19:46 +0100] "GET /-p-17787.html HTTP/1.0" 200 69192 "-" "Mozilla/5.0 (compatible; MJ12bot/v1.4.8; http://mj12bot.com/)"
85.10.199.185 - - [14/Dec/2020:07:19:54 +0100] "GET /barbie-hair-set-p-17752.html HTTP/1.0" 301 69259 "-" "Mozilla/5.0 (compatible; MJ12bot/v1.4.8; http://mj12bot.com/)"
85.10.199.185 - - [14/Dec/2020:07:20:00 +0100] "GET /-p-17752.html HTTP/1.0" 200 69192 "-" "Mozilla/5.0 (compatible; MJ12bot/v1.4.8; http://mj12bot.com/)"
85.10.199.185 - - [14/Dec/2020:07:20:05 +0100] "GET /barbie-tea-trolley-p-17746.html HTTP/1.0" 301 69259 "-" "Mozilla/5.0 (compatible; MJ12bot/v1.4.8; http://mj12bot.com/)"
66.249.70.36 - - [14/Dec/2020:07:20:07 +0100] "GET /reversible-star-wars-bedclothes-140-200-cm-p-49674.html HTTP/1.0" 200 69354 "-" "Mozilla/5.0 (Linux; Android 6.0.1; Nexus 5X Build/MMB29P) AppleWebKit/537.36 (KHTML, like Gecko) Chrome/87.0.4280.90 Mobile Safari/537.36 (compatible; Googlebot/2.1; +http://www.google.com/bot.html)"
85.10.199.185 - - [14/Dec/2020:07:20:13 +0100] "GET /-p-17746.html HTTP/1.0" 200 69192 "-" "Mozilla/5.0 (compatible; MJ12bot/v1.4.8; http://mj12bot.com/)"
85.10.199.185 - - [14/Dec/2020:07:20:22 +0100] "GET /bart-simpsons-motors-large-backpack-p-20801.html HTTP/1.0" 200 72179 "-" "Mozilla/5.0 (compatible; MJ12bot/v1.4.8; http://mj12bot.com/)"
54.36.148.54 - - [14/Dec/2020:07:20:23 +0100] "GET /betty-boop-photo-frame-p-17823.html HTTP/1.0" 200 71872 "-" "Mozilla/5.0 (compatible; AhrefsBot/7.0; +http://ahrefs.com/robot/)"
85.10.199.185 - - [14/Dec/2020:07:20:29 +0100] "GET /batman-blue-sweatshirts-zip-p-31312.html HTTP/1.0" 301 69259 "-" "Mozilla/5.0 (compatible; MJ12bot/v1.4.8; http://mj12bot.com/)"
85.10.199.185 - - [14/Dec/2020:07:20:37 +0100] "GET /-p-31312.html HTTP/1.0" 200 69192 "-" "Mozilla/5.0 (compatible; MJ12bot/v1.4.8; http://mj12bot.com/)"
85.10.199.185 - - [14/Dec/2020:07:20:43 +0100] "GET /batman-metal-plate-calendar-perpetual-p-10794.html HTTP/1.0" 200 69368 "-" "Mozilla/5.0 (compatible; MJ12bot/v1.4.8; http://mj12bot.com/)"
114.119.132.105 - - [14/Dec/2020:07:20:47 +0100] "GET /images/big_prod/3503420076114.jpg HTTP/1.0" 200 268 "-" "Mozilla/5.0 (Linux; Android 7.0;) AppleWebKit/537.36 (KHTML, like Gecko) Mobile Safari/537.36 (compatible; PetalBot;+https://aspiegel.com/petalbot)"
85.10.199.185 - - [14/Dec/2020:07:20:52 +0100] "GET /batman-poster-p-30934.html HTTP/1.0" 200 69248 "-" "Mozilla/5.0 (compatible; MJ12bot/v1.4.8; http://mj12bot.com/)"
85.10.199.185 - - [14/Dec/2020:07:20:59 +0100] "GET /batman-towel-p-10069.html HTTP/1.0" 301 69259 "-" "Mozilla/5.0 (compatible; MJ12bot/v1.4.8; http://mj12bot.com/)"
85.10.199.185 - - [14/Dec/2020:07:21:05 +0100] "GET /-p-10069.html HTTP/1.0" 200 69192 "-" "Mozilla/5.0 (compatible; MJ12bot/v1.4.8; http://mj12bot.com/)"
85.10.199.185 - - [14/Dec/2020:07:21:15 +0100] "GET /batman-trolley-p-30349.html HTTP/1.0" 301 69259 "-" "Mozilla/5.0 (compatible; MJ12bot/v1.4.8; http://mj12bot.com/)"
13.66.139.26 - - [14/Dec/2020:07:21:16 +0100] "GET /images/big_prod/1345544554305.jpg HTTP/1.0" 200 268 "-" "Mozilla/5.0 (compatible; bingbot/2.0; +http://www.bing.com/bingbot.htm)"
85.10.199.185 - - [14/Dec/2020:07:21:21 +0100] "GET /-p-30349.html HTTP/1.0" 200 69192 "-" "Mozilla/5.0 (compatible; MJ12bot/v1.4.8; http://mj12bot.com/)"
185.191.171.22 - - [14/Dec/2020:07:21:27 +0100] "GET /yoni-bedclothes-220-240-cm-p-42399.html?action=add_product HTTP/1.0" 302 476 "-" "Mozilla/5.0 (compatible; SemrushBot/7~bl; +http://www.semrush.com/bot.html)"
85.10.199.185 - - [14/Dec/2020:07:21:27 +0100] "GET /batman-vintage-shirt-p-29642.html HTTP/1.0" 200 69266 "-" "Mozilla/5.0 (compatible; MJ12bot/v1.4.8; http://mj12bot.com/)"
85.10.199.185 - - [14/Dec/2020:07:21:32 +0100] "GET /baymax-action-figure-15-cm-p-35276.html HTTP/1.0" 200 71997 "-" "Mozilla/5.0 (compatible; MJ12bot/v1.4.8; http://mj12bot.com/)"
13.66.139.26 - - [14/Dec/2020:07:21:35 +0100] "GET /bowls-c-12_60.html?page=4 HTTP/1.0" 200 91057 "-" "Mozilla/5.0 (compatible; bingbot/2.0; +http://www.bing.com/bingbot.htm)"
85.10.199.185 - - [14/Dec/2020:07:21:44 +0100] "GET /be-my-valentine-by-etienne-boyer-tee-shirt-p-33853.html HTTP/1.0" 200 74476 "-" "Mozilla/5.0 (compatible; MJ12bot/v1.4.8; http://mj12bot.com/)"
85.10.199.185 - - [14/Dec/2020:07:21:51 +0100] "GET /beach-bar-green-metal-tray-33-cm-p-35050.html HTTP/1.0" 200 69310 "-" "Mozilla/5.0 (compatible; MJ12bot/v1.4.8; http://mj12bot.com/)"
13.66.139.26 - - [14/Dec/2020:07:21:57 +0100] "GET /images/big_prod_1/8719075395110.jpg HTTP/1.0" 200 270 "-" "Mozilla/5.0 (compatible; bingbot/2.0; +http://www.bing.com/bingbot.htm)"
85.10.199.185 - - [14/Dec/2020:07:21:58 +0100] "GET /beagle-car-toys-p-27621.html HTTP/1.0" 200 69258 "-" "Mozilla/5.0 (compatible; MJ12bot/v1.4.8; http://mj12bot.com/)"
85.10.199.185 - - [14/Dec/2020:07:22:06 +0100] "GET /beatles-1962-1970-red-sports-bag-p-15818.html HTTP/1.0" 200 69343 "-" "Mozilla/5.0 (compatible; MJ12bot/v1.4.8; http://mj12bot.com/)"
85.10.199.185 - - [14/Dec/2020:07:22:13 +0100] "GET /beatles-1962-1970-red-sports-bag-p-15819.html HTTP/1.0" 200 69343 "-" "Mozilla/5.0 (compatible; MJ12bot/v1.4.8; http://mj12bot.com/)"
85.10.199.185 - - [14/Dec/2020:07:22:18 +0100] "GET /beatles-glass-p-27840.html HTTP/1.0" 200 69248 "-" "Mozilla/5.0 (compatible; MJ12bot/v1.4.8; http://mj12bot.com/)"
54.36.148.201 - - [14/Dec/2020:07:22:26 +0100] "GET /stone-green-opal-60-70-grams-p-46619.html HTTP/1.0" 200 73003 "-" "Mozilla/5.0 (compatible; AhrefsBot/7.0; +http://ahrefs.com/robot/)"
85.10.199.185 - - [14/Dec/2020:07:22:28 +0100] "GET /beatles-retro-multifunction-bag-p-8085.html HTTP/1.0" 200 72125 "-" "Mozilla/5.0 (compatible; MJ12bot/v1.4.8; http://mj12bot.com/)"
85.10.199.185 - - [14/Dec/2020:07:22:32 +0100] "GET /beatles-retro-wallet-p-5538.html HTTP/1.0" 200 69281 "-" "Mozilla/5.0 (compatible; MJ12bot/v1.4.8; http://mj12bot.com/)"
85.10.199.185 - - [14/Dec/2020:07:22:39 +0100] "GET /beatles-retro-wallet-p-5541.html HTTP/1.0" 200 72023 "-" "Mozilla/5.0 (compatible; MJ12bot/v1.4.8; http://mj12bot.com/)"
13.66.139.79 - - [14/Dec/2020:07:22:43 +0100] "GET /images/big_prod/8409810063762.jpg HTTP/1.0" 200 268 "-" "Mozilla/5.0 (compatible; bingbot/2.0; +http://www.bing.com/bingbot.htm)"
85.10.199.185 - - [14/Dec/2020:07:22:46 +0100] "GET /beatles-rubber-soul-large-coin-purse-p-8093.html HTTP/1.0" 200 72086 "-" "Mozilla/5.0 (compatible; MJ12bot/v1.4.8; http://mj12bot.com/)"
85.10.199.185 - - [14/Dec/2020:07:22:51 +0100] "GET /beauty-bedclothes-240-220-cm-p-39658.html HTTP/1.0" 301 69259 "-" "Mozilla/5.0 (compatible; MJ12bot/v1.4.8; http://mj12bot.com/)"
85.10.199.185 - - [14/Dec/2020:07:22:58 +0100] "GET /-p-39658.html HTTP/1.0" 200 69192 "-" "Mozilla/5.0 (compatible; MJ12bot/v1.4.8; http://mj12bot.com/)"
85.10.199.185 - - [14/Dec/2020:07:23:06 +0100] "GET /beauty-bedclothes-240-260-cm-p-39659.html HTTP/1.0" 301 69259 "-" "Mozilla/5.0 (compatible; MJ12bot/v1.4.8; http://mj12bot.com/)"
85.10.199.185 - - [14/Dec/2020:07:23:13 +0100] "GET /-p-39659.html HTTP/1.0" 200 69192 "-" "Mozilla/5.0 (compatible; MJ12bot/v1.4.8; http://mj12bot.com/)"
85.10.199.185 - - [14/Dec/2020:07:23:18 +0100] "GET /beauty-chalet-bedclothes-220-240-cm-p-36164.html HTTP/1.0" 301 69259 "-" "Mozilla/5.0 (compatible; MJ12bot/v1.4.8; http://mj12bot.com/)"
85.10.199.185 - - [14/Dec/2020:07:23:27 +0100] "GET /-p-36164.html HTTP/1.0" 200 69192 "-" "Mozilla/5.0 (compatible; MJ12bot/v1.4.8; http://mj12bot.com/)"
85.10.199.185 - - [14/Dec/2020:07:23:36 +0100] "GET /beige-small-box-for-baby-teeth-p-40716.html HTTP/1.0" 200 69333 "-" "Mozilla/5.0 (compatible; MJ12bot/v1.4.8; http://mj12bot.com/)"
85.10.199.185 - - [14/Dec/2020:07:23:43 +0100] "GET /bell-and-wall-bell-c-13_270.html?page=1 HTTP/1.0" 200 88543 "-" "Mozilla/5.0 (compatible; MJ12bot/v1.4.8; http://mj12bot.com/)"
85.10.199.185 - - [14/Dec/2020:07:23:48 +0100] "GET /bell-golden-brass-and-wood-table-22-cm-p-52805.html HTTP/1.0" 301 72079 "-" "Mozilla/5.0 (compatible; MJ12bot/v1.4.8; http://mj12bot.com/)"
85.10.199.185 - - [14/Dec/2020:07:23:56 +0100] "GET /bell-golden-brass-and-wood-table-23-cm-p-52805.html HTTP/1.0" 200 71974 "-" "Mozilla/5.0 (compatible; MJ12bot/v1.4.8; http://mj12bot.com/)"
85.10.199.185 - - [14/Dec/2020:07:24:05 +0100] "GET /bemvindo-door-mat-coconut-fiber-p-41799.html HTTP/1.0" 301 69259 "-" "Mozilla/5.0 (compatible; MJ12bot/v1.4.8; http://mj12bot.com/)"
157.55.39.179 - - [14/Dec/2020:07:24:05 +0100] "GET /images/big_prod_2/8424346043873NN.jpg HTTP/1.0" 200 272 "-" "Mozilla/5.0 (compatible; bingbot/2.0; +http://www.bing.com/bingbot.htm)"
85.10.199.185 - - [14/Dec/2020:07:24:08 +0100] "GET /-p-41799.html HTTP/1.0" 200 69192 "-" "Mozilla/5.0 (compatible; MJ12bot/v1.4.8; http://mj12bot.com/)"
85.10.199.185 - - [14/Dec/2020:07:24:14 +0100] "GET /ben-10-pairs-of-bobby-socks-size-27-30-p-25684.html HTTP/1.0" 301 69259 "-" "Mozilla/5.0 (compatible; MJ12bot/v1.4.8; http://mj12bot.com/)"
85.10.199.185 - - [14/Dec/2020:07:24:19 +0100] "GET /-p-25684.html HTTP/1.0" 200 69192 "-" "Mozilla/5.0 (compatible; MJ12bot/v1.4.8; http://mj12bot.com/)"
85.10.199.185 - - [14/Dec/2020:07:24:25 +0100] "GET /ben-10-pairs-of-bobby-socks-size-27-30-p-25685.html HTTP/1.0" 301 69259 "-" "Mozilla/5.0 (compatible; MJ12bot/v1.4.8; http://mj12bot.com/)"
54.36.149.82 - - [14/Dec/2020:07:24:28 +0100] "GET /decorative-thermometer-in-metal-30-cm-corsica-p-43596.html HTTP/1.0" 200 72054 "-" "Mozilla/5.0 (compatible; AhrefsBot/7.0; +http://ahrefs.com/robot/)"
85.10.199.185 - - [14/Dec/2020:07:24:33 +0100] "GET /-p-25685.html HTTP/1.0" 200 69192 "-" "Mozilla/5.0 (compatible; MJ12bot/v1.4.8; http://mj12bot.com/)"
85.10.199.185 - - [14/Dec/2020:07:24:40 +0100] "GET /ben-10-pairs-of-socks-size-23-26-p-25678.html HTTP/1.0" 301 69259 "-" "Mozilla/5.0 (compatible; MJ12bot/v1.4.8; http://mj12bot.com/)"
207.46.13.175 - - [14/Dec/2020:07:24:45 +0100] "GET /images/3700276281772.jpg HTTP/1.0" 200 259 "-" "Mozilla/5.0 (compatible; bingbot/2.0; +http://www.bing.com/bingbot.htm)"
13.66.139.26 - - [14/Dec/2020:07:24:50 +0100] "GET /images/med_prod/3660173057279.jpg HTTP/1.0" 200 268 "-" "Mozilla/5.0 (compatible; bingbot/2.0; +http://www.bing.com/bingbot.htm)"
85.10.199.185 - - [14/Dec/2020:07:24:53 +0100] "GET /-p-25678.html HTTP/1.0" 200 69192 "-" "Mozilla/5.0 (compatible; MJ12bot/v1.4.8; http://mj12bot.com/)"
85.10.199.185 - - [14/Dec/2020:07:25:00 +0100] "GET /ben-10-towel-p-4579.html HTTP/1.0" 200 69228 "-" "Mozilla/5.0 (compatible; MJ12bot/v1.4.8; http://mj12bot.com/)"
85.10.199.185 - - [14/Dec/2020:07:25:03 +0100] "GET /betty-boop-alarm-clock-p-26631.html HTTP/1.0" 301 69259 "-" "Mozilla/5.0 (compatible; MJ12bot/v1.4.8; http://mj12bot.com/)"
207.46.13.175 - - [14/Dec/2020:07:25:05 +0100] "GET /images/1341689387563.jpg HTTP/1.0" 200 259 "-" "Mozilla/5.0 (compatible; bingbot/2.0; +http://www.bing.com/bingbot.htm)"
114.119.154.200 - - [14/Dec/2020:07:25:07 +0100] "GET /jaq-gus-disney-traditions-cinderella-figurine-p-47002.html HTTP/1.0" 200 72719 "-" "Mozilla/5.0 (Linux; Android 7.0;) AppleWebKit/537.36 (KHTML, like Gecko) Mobile Safari/537.36 (compatible; PetalBot;+https://aspiegel.com/petalbot)"
85.10.199.185 - - [14/Dec/2020:07:25:13 +0100] "GET /-p-26631.html HTTP/1.0" 200 69192 "-" "Mozilla/5.0 (compatible; MJ12bot/v1.4.8; http://mj12bot.com/)"
13.66.139.26 - - [14/Dec/2020:07:25:16 +0100] "GET /-p-14733.html HTTP/1.0" 200 69192 "-" "Mozilla/5.0 (compatible; bingbot/2.0; +http://www.bing.com/bingbot.htm)"
85.10.199.185 - - [14/Dec/2020:07:25:20 +0100] "GET /betty-boop-alarm-clock-p-26632.html HTTP/1.0" 301 69259 "-" "Mozilla/5.0 (compatible; MJ12bot/v1.4.8; http://mj12bot.com/)"
85.10.199.185 - - [14/Dec/2020:07:25:27 +0100] "GET /-p-26632.html HTTP/1.0" 200 69192 "-" "Mozilla/5.0 (compatible; MJ12bot/v1.4.8; http://mj12bot.com/)"
85.10.199.185 - - [14/Dec/2020:07:25:33 +0100] "GET /betty-boop-alarm-clock-p-26634.html HTTP/1.0" 301 69259 "-" "Mozilla/5.0 (compatible; MJ12bot/v1.4.8; http://mj12bot.com/)"
85.10.199.185 - - [14/Dec/2020:07:25:39 +0100] "GET /-p-26634.html HTTP/1.0" 200 69192 "-" "Mozilla/5.0 (compatible; MJ12bot/v1.4.8; http://mj12bot.com/)"
85.10.199.185 - - [14/Dec/2020:07:25:46 +0100] "GET /betty-boop-alarm-clock-p-27494.html HTTP/1.0" 301 69259 "-" "Mozilla/5.0 (compatible; MJ12bot/v1.4.8; http://mj12bot.com/)"
85.10.199.185 - - [14/Dec/2020:07:25:51 +0100] "GET /-p-27494.html HTTP/1.0" 200 69192 "-" "Mozilla/5.0 (compatible; MJ12bot/v1.4.8; http://mj12bot.com/)"
85.10.199.185 - - [14/Dec/2020:07:25:57 +0100] "GET /betty-boop-beach-towel-p-14855.html HTTP/1.0" 200 69293 "-" "Mozilla/5.0 (compatible; MJ12bot/v1.4.8; http://mj12bot.com/)"
85.10.199.185 - - [14/Dec/2020:07:26:01 +0100] "GET /betty-boop-beauty-nail-kit-p-37042.html HTTP/1.0" 301 69259 "-" "Mozilla/5.0 (compatible; MJ12bot/v1.4.8; http://mj12bot.com/)"
85.10.199.185 - - [14/Dec/2020:07:26:07 +0100] "GET /-p-37042.html HTTP/1.0" 200 69192 "-" "Mozilla/5.0 (compatible; MJ12bot/v1.4.8; http://mj12bot.com/)"
85.10.199.185 - - [14/Dec/2020:07:26:11 +0100] "GET /betty-boop-bunny-coin-purse-p-13694.html HTTP/1.0" 200 72133 "-" "Mozilla/5.0 (compatible; MJ12bot/v1.4.8; http://mj12bot.com/)"
13.66.139.79 - - [14/Dec/2020:07:26:14 +0100] "GET /images/big_prod/3609810076303.jpg HTTP/1.0" 200 268 "-" "Mozilla/5.0 (compatible; bingbot/2.0; +http://www.bing.com/bingbot.htm)"
13.66.139.79 - - [14/Dec/2020:07:26:15 +0100] "GET /images/big_prod_1/8719172831979.jpg HTTP/1.0" 200 270 "-" "Mozilla/5.0 (compatible; bingbot/2.0; +http://www.bing.com/bingbot.htm)"
13.66.139.26 - - [14/Dec/2020:07:26:18 +0100] "GET /images/big_prod/3662600010338.jpg HTTP/1.0" 200 268 "-" "Mozilla/5.0 (compatible; bingbot/2.0; +http://www.bing.com/bingbot.htm)"
85.10.199.185 - - [14/Dec/2020:07:26:20 +0100] "GET /betty-boop-grey-large-sheet-metal-p-15311.html HTTP/1.0" 200 69348 "-" "Mozilla/5.0 (compatible; MJ12bot/v1.4.8; http://mj12bot.com/)"
85.10.199.185 - - [14/Dec/2020:07:26:24 +0100] "GET /betty-boop-handbag-p-12586.html HTTP/1.0" 301 69259 "-" "Mozilla/5.0 (compatible; MJ12bot/v1.4.8; http://mj12bot.com/)"
85.10.199.185 - - [14/Dec/2020:07:26:29 +0100] "GET /-p-12586.html HTTP/1.0" 200 69192 "-" "Mozilla/5.0 (compatible; MJ12bot/v1.4.8; http://mj12bot.com/)"
54.36.148.83 - - [14/Dec/2020:07:26:34 +0100] "GET /beige-adult-cotton-apron-p-44362.html HTTP/1.0" 200 71817 "-" "Mozilla/5.0 (compatible; AhrefsBot/7.0; +http://ahrefs.com/robot/)"
85.10.199.185 - - [14/Dec/2020:07:26:38 +0100] "GET /betty-boop-handbag-taupe-p-13652.html HTTP/1.0" 301 69259 "-" "Mozilla/5.0 (compatible; MJ12bot/v1.4.8; http://mj12bot.com/)"
85.10.199.185 - - [14/Dec/2020:07:26:45 +0100] "GET /-p-13652.html HTTP/1.0" 200 69192 "-" "Mozilla/5.0 (compatible; MJ12bot/v1.4.8; http://mj12bot.com/)"
157.55.39.82 - - [14/Dec/2020:07:26:47 +0100] "GET /dora-the-explorer-pendant-light-fitting-p-18705.html HTTP/1.0" 200 69338 "-" "Mozilla/5.0 (compatible; bingbot/2.0; +http://www.bing.com/bingbot.htm)"
85.10.199.185 - - [14/Dec/2020:07:26:52 +0100] "GET /betty-boop-handle-bag-p-13714.html HTTP/1.0" 301 69259 "-" "Mozilla/5.0 (compatible; MJ12bot/v1.4.8; http://mj12bot.com/)"
85.10.199.185 - - [14/Dec/2020:07:26:57 +0100] "GET /-p-13714.html HTTP/1.0" 200 69192 "-" "Mozilla/5.0 (compatible; MJ12bot/v1.4.8; http://mj12bot.com/)"
85.10.199.185 - - [14/Dec/2020:07:27:00 +0100] "GET /betty-boop-hippies-large-travel-bag-blue-p-13677.html HTTP/1.0" 301 69259 "-" "Mozilla/5.0 (compatible; MJ12bot/v1.4.8; http://mj12bot.com/)"
85.10.199.185 - - [14/Dec/2020:07:27:02 +0100] "GET /-p-13677.html HTTP/1.0" 200 69192 "-" "Mozilla/5.0 (compatible; MJ12bot/v1.4.8; http://mj12bot.com/)"
85.10.199.185 - - [14/Dec/2020:07:27:08 +0100] "GET /betty-boop-large-glass-p-6859.html HTTP/1.0" 301 69256 "-" "Mozilla/5.0 (compatible; MJ12bot/v1.4.8; http://mj12bot.com/)"
85.10.199.185 - - [14/Dec/2020:07:27:12 +0100] "GET /-p-6859.html HTTP/1.0" 200 69190 "-" "Mozilla/5.0 (compatible; MJ12bot/v1.4.8; http://mj12bot.com/)"
85.10.199.185 - - [14/Dec/2020:07:27:16 +0100] "GET /betty-boop-large-glass-stars-p-14571.html HTTP/1.0" 301 69259 "-" "Mozilla/5.0 (compatible; MJ12bot/v1.4.8; http://mj12bot.com/)"
216.244.66.242 - - [14/Dec/2020:07:27:20 +0100] "GET /retro-phone-box-clock-p-35679.html HTTP/1.0" 200 69288 "-" "Mozilla/5.0 (compatible; DotBot/1.1; http://www.opensiteexplorer.org/dotbot, help@moz.com)"
85.10.199.185 - - [14/Dec/2020:07:27:23 +0100] "GET /-p-14571.html HTTP/1.0" 200 69192 "-" "Mozilla/5.0 (compatible; MJ12bot/v1.4.8; http://mj12bot.com/)"
13.66.139.79 - - [14/Dec/2020:07:27:24 +0100] "GET /images/big_prod_2/4029811390830C.jpg HTTP/1.0" 200 271 "-" "Mozilla/5.0 (compatible; bingbot/2.0; +http://www.bing.com/bingbot.htm)"
216.244.66.242 - - [14/Dec/2020:07:27:26 +0100] "GET /sponge-bob-placemat-p-17173.html HTTP/1.0" 200 69278 "-" "Mozilla/5.0 (compatible; DotBot/1.1; http://www.opensiteexplorer.org/dotbot, help@moz.com)"
85.10.199.185 - - [14/Dec/2020:07:27:30 +0100] "GET /betty-boop-long-sleeve-shirt-p-31019.html HTTP/1.0" 301 69259 "-" "Mozilla/5.0 (compatible; MJ12bot/v1.4.8; http://mj12bot.com/)"
85.10.199.185 - - [14/Dec/2020:07:27:35 +0100] "GET /-p-31019.html HTTP/1.0" 200 69192 "-" "Mozilla/5.0 (compatible; MJ12bot/v1.4.8; http://mj12bot.com/)"
85.10.199.185 - - [14/Dec/2020:07:27:40 +0100] "GET /betty-boop-metal-plate-p-10795.html HTTP/1.0" 200 71795 "-" "Mozilla/5.0 (compatible; MJ12bot/v1.4.8; http://mj12bot.com/)"
85.10.199.185 - - [14/Dec/2020:07:27:47 +0100] "GET /betty-boop-metal-plate-p-12562.html HTTP/1.0" 200 69293 "-" "Mozilla/5.0 (compatible; MJ12bot/v1.4.8; http://mj12bot.com/)"
85.10.199.185 - - [14/Dec/2020:07:27:55 +0100] "GET /betty-boop-mirror-p-15475.html HTTP/1.0" 200 71758 "-" "Mozilla/5.0 (compatible; MJ12bot/v1.4.8; http://mj12bot.com/)"
17.58.101.145 - - [14/Dec/2020:07:28:02 +0100] "GET /mug-with-spoon-van-gogh-terrasse-du-cafe-le-soir-p-48224.html HTTP/1.0" 200 72609 "-" "Mozilla/5.0 (Macintosh; Intel Mac OS X 10_15_5) AppleWebKit/605.1.15 (KHTML, like Gecko) Version/13.1.1 Safari/605.1.15 (Applebot/0.1; +http://www.apple.com/go/applebot)"
85.10.199.185 - - [14/Dec/2020:07:28:02 +0100] "GET /betty-boop-mug-p-28185.html HTTP/1.0" 301 69259 "-" "Mozilla/5.0 (compatible; MJ12bot/v1.4.8; http://mj12bot.com/)"
85.10.199.185 - - [14/Dec/2020:07:28:09 +0100] "GET /-p-28185.html HTTP/1.0" 200 69192 "-" "Mozilla/5.0 (compatible; MJ12bot/v1.4.8; http://mj12bot.com/)"
85.10.199.185 - - [14/Dec/2020:07:28:15 +0100] "GET /betty-boop-new-york-mirror-p-9907.html HTTP/1.0" 200 71867 "-" "Mozilla/5.0 (compatible; MJ12bot/v1.4.8; http://mj12bot.com/)"
13.66.139.26 - - [14/Dec/2020:07:28:18 +0100] "GET /images/65459.jpg HTTP/1.0" 200 251 "-" "Mozilla/5.0 (compatible; bingbot/2.0; +http://www.bing.com/bingbot.htm)"
85.10.199.185 - - [14/Dec/2020:07:28:18 +0100] "GET /betty-boop-perpetual-calendar-p-12564.html HTTP/1.0" 200 69328 "-" "Mozilla/5.0 (compatible; MJ12bot/v1.4.8; http://mj12bot.com/)"
85.10.199.185 - - [14/Dec/2020:07:28:22 +0100] "GET /betty-boop-pin-up-cushion-p-13443.html HTTP/1.0" 200 69308 "-" "Mozilla/5.0 (compatible; MJ12bot/v1.4.8; http://mj12bot.com/)"
85.10.199.185 - - [14/Dec/2020:07:28:26 +0100] "GET /betty-boop-sweet-small-metal-plate-p-8206.html HTTP/1.0" 200 69351 "-" "Mozilla/5.0 (compatible; MJ12bot/v1.4.8; http://mj12bot.com/)"
85.10.199.185 - - [14/Dec/2020:07:28:31 +0100] "GET /beyblade-beach-towel-p-14851.html HTTP/1.0" 200 69262 "-" "Mozilla/5.0 (compatible; MJ12bot/v1.4.8; http://mj12bot.com/)"
85.10.199.185 - - [14/Dec/2020:07:28:36 +0100] "GET /beyblade-beach-towel-p-14854.html HTTP/1.0" 200 69283 "-" "Mozilla/5.0 (compatible; MJ12bot/v1.4.8; http://mj12bot.com/)"
85.10.199.185 - - [14/Dec/2020:07:28:42 +0100] "GET /beyblade-black-and-silver-backpack-p-14450.html HTTP/1.0" 301 69259 "-" "Mozilla/5.0 (compatible; MJ12bot/v1.4.8; http://mj12bot.com/)"
85.10.199.185 - - [14/Dec/2020:07:28:45 +0100] "GET /-p-14450.html HTTP/1.0" 200 69192 "-" "Mozilla/5.0 (compatible; MJ12bot/v1.4.8; http://mj12bot.com/)"
85.10.199.185 - - [14/Dec/2020:07:28:52 +0100] "GET /beyblade-blue-trolley-backpack-p-15997.html HTTP/1.0" 301 69259 "-" "Mozilla/5.0 (compatible; MJ12bot/v1.4.8; http://mj12bot.com/)"
207.46.13.49 - - [14/Dec/2020:07:28:53 +0100] "GET /js/jquery.masonry.min.js HTTP/1.0" 200 264 "-" "Mozilla/5.0 (compatible; bingbot/2.0; +http://www.bing.com/bingbot.htm)"
85.10.199.185 - - [14/Dec/2020:07:28:57 +0100] "GET /-p-15997.html HTTP/1.0" 200 69192 "-" "Mozilla/5.0 (compatible; MJ12bot/v1.4.8; http://mj12bot.com/)"
54.36.148.83 - - [14/Dec/2020:07:29:00 +0100] "GET /white-shell-galaxy-note-with-personalized-picture-p-16354.html HTTP/1.0" 200 72296 "-" "Mozilla/5.0 (compatible; AhrefsBot/7.0; +http://ahrefs.com/robot/)"
85.10.199.185 - - [14/Dec/2020:07:29:04 +0100] "GET /beyblade-red-trolley-backpack-p-15996.html HTTP/1.0" 200 69298 "-" "Mozilla/5.0 (compatible; MJ12bot/v1.4.8; http://mj12bot.com/)"
85.10.199.185 - - [14/Dec/2020:07:29:11 +0100] "GET /beyblade-shogun-steel-octagon-showdown-battle-set-p-21592.html HTTP/1.0" 301 69259 "-" "Mozilla/5.0 (compatible; MJ12bot/v1.4.8; http://mj12bot.com/)"
85.10.199.185 - - [14/Dec/2020:07:29:16 +0100] "GET /-p-21592.html HTTP/1.0" 200 69192 "-" "Mozilla/5.0 (compatible; MJ12bot/v1.4.8; http://mj12bot.com/)"
85.10.199.185 - - [14/Dec/2020:07:29:24 +0100] "GET /big-ben-bedclothes-220-240-cm-p-27150.html HTTP/1.0" 301 69259 "-" "Mozilla/5.0 (compatible; MJ12bot/v1.4.8; http://mj12bot.com/)"
85.10.199.185 - - [14/Dec/2020:07:29:31 +0100] "GET /-p-27150.html HTTP/1.0" 200 69192 "-" "Mozilla/5.0 (compatible; MJ12bot/v1.4.8; http://mj12bot.com/)"
114.119.151.113 - - [14/Dec/2020:07:29:31 +0100] "GET /cat-white-women-tee-shirt-p-31144.html HTTP/1.0" 200 74097 "-" "Mozilla/5.0 (Linux; Android 7.0;) AppleWebKit/537.36 (KHTML, like Gecko) Mobile Safari/537.36 (compatible; PetalBot;+https://aspiegel.com/petalbot)"
85.10.199.185 - - [14/Dec/2020:07:29:36 +0100] "GET /big-weekend-bag-laissez-lucie-faire-aladin-p-49023.html HTTP/1.0" 200 69336 "-" "Mozilla/5.0 (compatible; MJ12bot/v1.4.8; http://mj12bot.com/)"
85.10.199.185 - - [14/Dec/2020:07:29:45 +0100] "GET /big-weekend-bag-laissez-lucie-faire-wendy-p-49024.html HTTP/1.0" 200 73106 "-" "Mozilla/5.0 (compatible; MJ12bot/v1.4.8; http://mj12bot.com/)"
13.66.139.79 - - [14/Dec/2020:07:29:46 +0100] "GET /images/big_prod/8424346256877.jpg HTTP/1.0" 200 268 "-" "Mozilla/5.0 (compatible; bingbot/2.0; +http://www.bing.com/bingbot.htm)"
207.46.13.48 - - [14/Dec/2020:07:29:51 +0100] "GET /images/big_prod/8433933201695.jpg HTTP/1.0" 200 268 "-" "Mozilla/5.0 (compatible; bingbot/2.0; +http://www.bing.com/bingbot.htm)"
85.10.199.185 - - [14/Dec/2020:07:29:51 +0100] "GET /bingo-tourismo-janod-p-19480.html HTTP/1.0" 301 69259 "-" "Mozilla/5.0 (compatible; MJ12bot/v1.4.8; http://mj12bot.com/)"
85.10.199.185 - - [14/Dec/2020:07:29:58 +0100] "GET /-p-19480.html HTTP/1.0" 200 69192 "-" "Mozilla/5.0 (compatible; MJ12bot/v1.4.8; http://mj12bot.com/)"
85.10.199.185 - - [14/Dec/2020:07:30:03 +0100] "GET /bistro-des-arts-mug-p-39711.html HTTP/1.0" 200 71819 "-" "Mozilla/5.0 (compatible; MJ12bot/v1.4.8; http://mj12bot.com/)"
85.10.199.185 - - [14/Dec/2020:07:30:09 +0100] "GET /bistrot-au-rendez-vous-des-amis-retro-mug-p-42558.html HTTP/1.0" 200 71875 "-" "Mozilla/5.0 (compatible; MJ12bot/v1.4.8; http://mj12bot.com/)"
85.10.199.185 - - [14/Dec/2020:07:30:14 +0100] "GET /bistrot-de-paris-placemat-p-19935.html HTTP/1.0" 301 69259 "-" "Mozilla/5.0 (compatible; MJ12bot/v1.4.8; http://mj12bot.com/)"
85.10.199.185 - - [14/Dec/2020:07:30:18 +0100] "GET /-p-19935.html HTTP/1.0" 200 69192 "-" "Mozilla/5.0 (compatible; MJ12bot/v1.4.8; http://mj12bot.com/)"
207.46.13.49 - - [14/Dec/2020:07:30:23 +0100] "GET /images/1300010240274.jpg HTTP/1.0" 200 259 "-" "Mozilla/5.0 (compatible; bingbot/2.0; +http://www.bing.com/bingbot.htm)"
85.10.199.185 - - [14/Dec/2020:07:30:24 +0100] "GET /black-and-blue-perfume-diffuser-p-35893.html HTTP/1.0" 200 69338 "-" "Mozilla/5.0 (compatible; MJ12bot/v1.4.8; http://mj12bot.com/)"
85.10.199.185 - - [14/Dec/2020:07:30:32 +0100] "GET /black-cat-statue-14-cm-p-37591.html HTTP/1.0" 200 69293 "-" "Mozilla/5.0 (compatible; MJ12bot/v1.4.8; http://mj12bot.com/)"
85.10.199.185 - - [14/Dec/2020:07:30:45 +0100] "GET /black-dledmv-french-heritage-tee-shirt-p-35629.html HTTP/1.0" 301 69259 "-" "Mozilla/5.0 (compatible; MJ12bot/v1.4.8; http://mj12bot.com/)"
85.10.199.185 - - [14/Dec/2020:07:30:49 +0100] "GET /-p-35629.html HTTP/1.0" 200 69192 "-" "Mozilla/5.0 (compatible; MJ12bot/v1.4.8; http://mj12bot.com/)"
85.10.199.185 - - [14/Dec/2020:07:30:55 +0100] "GET /black-fuel-pump-clock-p-50654.html HTTP/1.0" 200 71947 "-" "Mozilla/5.0 (compatible; MJ12bot/v1.4.8; http://mj12bot.com/)"
216.244.66.242 - - [14/Dec/2020:07:31:01 +0100] "GET /dishes-c-12.html?page=1 HTTP/1.0" 200 90422 "-" "Mozilla/5.0 (compatible; DotBot/1.1; http://www.opensiteexplorer.org/dotbot, help@moz.com)"
85.10.199.185 - - [14/Dec/2020:07:31:03 +0100] "GET /black-new-york-yankees-hobo-bag-p-26338.html HTTP/1.0" 301 69259 "-" "Mozilla/5.0 (compatible; MJ12bot/v1.4.8; http://mj12bot.com/)"
216.244.66.242 - - [14/Dec/2020:07:31:06 +0100] "GET /household-linen-c-11.html?page=18 HTTP/1.0" 200 91456 "-" "Mozilla/5.0 (compatible; DotBot/1.1; http://www.opensiteexplorer.org/dotbot, help@moz.com)"
85.10.199.185 - - [14/Dec/2020:07:31:12 +0100] "GET /-p-26338.html HTTP/1.0" 200 69192 "-" "Mozilla/5.0 (compatible; MJ12bot/v1.4.8; http://mj12bot.com/)"
85.10.199.185 - - [14/Dec/2020:07:31:20 +0100] "GET /black-steampunk-clock-gears-satchel-bag-p-28990.html HTTP/1.0" 200 69338 "-" "Mozilla/5.0 (compatible; MJ12bot/v1.4.8; http://mj12bot.com/)"
85.10.199.185 - - [14/Dec/2020:07:31:27 +0100] "GET /blue-butterfly-white-women-tee-shirt-p-30729.html HTTP/1.0" 200 73884 "-" "Mozilla/5.0 (compatible; MJ12bot/v1.4.8; http://mj12bot.com/)"
54.36.148.83 - - [14/Dec/2020:07:31:31 +0100] "GET /white-shell-samsung-s2-with-personalized-picture-p-16356.html HTTP/1.0" 200 72282 "-" "Mozilla/5.0 (compatible; AhrefsBot/7.0; +http://ahrefs.com/robot/)"
85.10.199.185 - - [14/Dec/2020:07:31:35 +0100] "GET /blue-butterfly-women-tee-shirt-p-30728.html HTTP/1.0" 200 73879 "-" "Mozilla/5.0 (compatible; MJ12bot/v1.4.8; http://mj12bot.com/)"
216.244.66.242 - - [14/Dec/2020:07:31:38 +0100] "GET /union-jack-piccadilly-circus-cushion-p-34635.html HTTP/1.0" 200 69326 "-" "Mozilla/5.0 (compatible; DotBot/1.1; http://www.opensiteexplorer.org/dotbot, help@moz.com)"
85.10.199.185 - - [14/Dec/2020:07:31:43 +0100] "GET /blue-coat-rack-fatima-hand-wooden-hooks-p-50570.html HTTP/1.0" 200 69342 "-" "Mozilla/5.0 (compatible; MJ12bot/v1.4.8; http://mj12bot.com/)"
85.10.199.185 - - [14/Dec/2020:07:31:49 +0100] "GET /blue-keynian-soapstone-ashtray-p-50567.html HTTP/1.0" 200 72029 "-" "Mozilla/5.0 (compatible; MJ12bot/v1.4.8; http://mj12bot.com/)"
85.10.199.185 - - [14/Dec/2020:07:31:57 +0100] "GET /blue-pin-art-p-32074.html HTTP/1.0" 301 69259 "-" "Mozilla/5.0 (compatible; MJ12bot/v1.4.8; http://mj12bot.com/)"
85.10.199.185 - - [14/Dec/2020:07:32:02 +0100] "GET /-p-32074.html HTTP/1.0" 200 69192 "-" "Mozilla/5.0 (compatible; MJ12bot/v1.4.8; http://mj12bot.com/)"
85.10.199.185 - - [14/Dec/2020:07:32:08 +0100] "GET /blue-spoon-owl-p-33836.html HTTP/1.0" 301 69259 "-" "Mozilla/5.0 (compatible; MJ12bot/v1.4.8; http://mj12bot.com/)"
216.244.66.242 - - [14/Dec/2020:07:32:12 +0100] "GET /brown-adult-cotton-apron-p-41419.html HTTP/1.0" 200 71816 "-" "Mozilla/5.0 (compatible; DotBot/1.1; http://www.opensiteexplorer.org/dotbot, help@moz.com)"
85.10.199.185 - - [14/Dec/2020:07:32:18 +0100] "GET /-p-33836.html HTTP/1.0" 200 69192 "-" "Mozilla/5.0 (compatible; MJ12bot/v1.4.8; http://mj12bot.com/)"
85.10.199.185 - - [14/Dec/2020:07:32:22 +0100] "GET /blue-vespa-shoulder-bag-p-23062.html HTTP/1.0" 200 69298 "-" "Mozilla/5.0 (compatible; MJ12bot/v1.4.8; http://mj12bot.com/)"
85.10.199.185 - - [14/Dec/2020:07:32:30 +0100] "GET /bob-marley-computer-bag-model-n1-p-5072.html HTTP/1.0" 301 69256 "-" "Mozilla/5.0 (compatible; MJ12bot/v1.4.8; http://mj12bot.com/)"
85.10.199.185 - - [14/Dec/2020:07:32:37 +0100] "GET /-p-5072.html HTTP/1.0" 200 69190 "-" "Mozilla/5.0 (compatible; MJ12bot/v1.4.8; http://mj12bot.com/)"
54.36.148.39 - - [14/Dec/2020:07:32:41 +0100] "GET /superman-fitted-sheet-p-21870.html HTTP/1.0" 301 69259 "-" "Mozilla/5.0 (compatible; AhrefsBot/7.0; +http://ahrefs.com/robot/)"
85.10.199.185 - - [14/Dec/2020:07:32:42 +0100] "GET /bob-marley-computer-bag-model-n2-p-5071.html HTTP/1.0" 301 69256 "-" "Mozilla/5.0 (compatible; MJ12bot/v1.4.8; http://mj12bot.com/)"
85.10.199.185 - - [14/Dec/2020:07:32:46 +0100] "GET /-p-5071.html HTTP/1.0" 200 69190 "-" "Mozilla/5.0 (compatible; MJ12bot/v1.4.8; http://mj12bot.com/)"
216.244.66.242 - - [14/Dec/2020:07:32:50 +0100] "GET /suitcaselittle-suitcase-trolley-c-31_79.html?page=1 HTTP/1.0" 200 76830 "-" "Mozilla/5.0 (compatible; DotBot/1.1; http://www.opensiteexplorer.org/dotbot, help@moz.com)"
85.10.199.185 - - [14/Dec/2020:07:32:53 +0100] "GET /bob-marley-mirror-p-7142.html HTTP/1.0" 200 71751 "-" "Mozilla/5.0 (compatible; MJ12bot/v1.4.8; http://mj12bot.com/)"
85.10.199.185 - - [14/Dec/2020:07:32:57 +0100] "GET /bob-marley-rectangular-mirror-p-29020.html HTTP/1.0" 200 69298 "-" "Mozilla/5.0 (compatible; MJ12bot/v1.4.8; http://mj12bot.com/)"
216.244.66.242 - - [14/Dec/2020:07:33:05 +0100] "GET /hello-kitty-adult-umbrella-p-20511.html HTTP/1.0" 200 72706 "-" "Mozilla/5.0 (compatible; DotBot/1.1; http://www.opensiteexplorer.org/dotbot, help@moz.com)"
85.10.199.185 - - [14/Dec/2020:07:33:06 +0100] "GET /bob-the-builder-pajamas-p-32507.html HTTP/1.0" 301 69259 "-" "Mozilla/5.0 (compatible; MJ12bot/v1.4.8; http://mj12bot.com/)"
85.10.199.185 - - [14/Dec/2020:07:33:11 +0100] "GET /-p-32507.html HTTP/1.0" 200 69192 "-" "Mozilla/5.0 (compatible; MJ12bot/v1.4.8; http://mj12bot.com/)"
66.249.70.33 - - [14/Dec/2020:07:33:12 +0100] "GET /tassen-porcelain-mood-sugar-bowl-made-in-germany-p-46333.html HTTP/1.0" 200 73023 "-" "Mozilla/5.0 (Linux; Android 6.0.1; Nexus 5X Build/MMB29P) AppleWebKit/537.36 (KHTML, like Gecko) Chrome/87.0.4280.90 Mobile Safari/537.36 (compatible; Googlebot/2.1; +http://www.google.com/bot.html)"
85.10.199.185 - - [14/Dec/2020:07:33:16 +0100] "GET /boba-fett-figure-45-cm-p-27763.html HTTP/1.0" 301 69259 "-" "Mozilla/5.0 (compatible; MJ12bot/v1.4.8; http://mj12bot.com/)"
216.244.66.242 - - [14/Dec/2020:07:33:19 +0100] "GET /russian-dolls-mouse-pad-by-cbkreation-p-18687.html HTTP/1.0" 200 71908 "-" "Mozilla/5.0 (compatible; DotBot/1.1; http://www.opensiteexplorer.org/dotbot, help@moz.com)"
85.10.199.185 - - [14/Dec/2020:07:33:20 +0100] "GET /-p-27763.html HTTP/1.0" 200 69192 "-" "Mozilla/5.0 (compatible; MJ12bot/v1.4.8; http://mj12bot.com/)"
85.10.199.185 - - [14/Dec/2020:07:33:28 +0100] "GET /boba-fett-miniature-character-p-32465.html HTTP/1.0" 301 69259 "-" "Mozilla/5.0 (compatible; MJ12bot/v1.4.8; http://mj12bot.com/)"
85.10.199.185 - - [14/Dec/2020:07:33:33 +0100] "GET /-p-32465.html HTTP/1.0" 200 69192 "-" "Mozilla/5.0 (compatible; MJ12bot/v1.4.8; http://mj12bot.com/)"
85.10.199.185 - - [14/Dec/2020:07:33:39 +0100] "GET /bock-glass-cars-p-7704.html HTTP/1.0" 200 69256 "-" "Mozilla/5.0 (compatible; MJ12bot/v1.4.8; http://mj12bot.com/)"
85.10.199.185 - - [14/Dec/2020:07:33:44 +0100] "GET /bock-glass-mickey-p-7706.html HTTP/1.0" 200 69266 "-" "Mozilla/5.0 (compatible; MJ12bot/v1.4.8; http://mj12bot.com/)"
216.244.66.242 - - [14/Dec/2020:07:33:46 +0100] "GET /andalusia-tea-box-150-p-50767.html HTTP/1.0" 200 72635 "-" "Mozilla/5.0 (compatible; DotBot/1.1; http://www.opensiteexplorer.org/dotbot, help@moz.com)"
114.119.148.105 - - [14/Dec/2020:07:33:48 +0100] "GET /images/mini_prod/8424346524143.jpg HTTP/1.0" 200 269 "-" "Mozilla/5.0 (Linux; Android 7.0;) AppleWebKit/537.36 (KHTML, like Gecko) Mobile Safari/537.36 (compatible; PetalBot;+https://aspiegel.com/petalbot)"
216.244.66.242 - - [14/Dec/2020:07:33:49 +0100] "GET /cotton-floor-cushion-blue-45-cm-pepsy-funny-p-49113.html HTTP/1.0" 301 69259 "-" "Mozilla/5.0 (compatible; DotBot/1.1; http://www.opensiteexplorer.org/dotbot, help@moz.com)"
85.10.199.185 - - [14/Dec/2020:07:33:50 +0100] "GET /bodega-mug-p-37473.html HTTP/1.0" 200 71718 "-" "Mozilla/5.0 (compatible; MJ12bot/v1.4.8; http://mj12bot.com/)"
216.244.66.242 - - [14/Dec/2020:07:33:51 +0100] "GET /eau-de-cologne-soap-dish-p-36618.html HTTP/1.0" 200 71887 "-" "Mozilla/5.0 (compatible; DotBot/1.1; http://www.opensiteexplorer.org/dotbot, help@moz.com)"
216.244.66.242 - - [14/Dec/2020:07:33:54 +0100] "GET /laundry-basket-50-cm-p-49919.html HTTP/1.0" 200 71886 "-" "Mozilla/5.0 (compatible; DotBot/1.1; http://www.opensiteexplorer.org/dotbot, help@moz.com)"
