54.36.148.182 - - [14/Dec/2020:13:57:13 +0100] "GET /led-bunny-nightlight-p-53122.html HTTP/1.0" 200 72790 "-" "Mozilla/5.0 (compatible; AhrefsBot/7.0; +http://ahrefs.com/robot/)"
13.66.139.65 - - [14/Dec/2020:13:57:31 +0100] "GET /-p-12119.html HTTP/1.0" 200 69192 "-" "Mozilla/5.0 (compatible; bingbot/2.0; +http://www.bing.com/bingbot.htm)"
114.119.145.117 - - [14/Dec/2020:13:57:49 +0100] "GET /tea-towels-napkins-c-11_177.html HTTP/1.0" 200 91387 "-" "Mozilla/5.0 (Linux; Android 7.0;) AppleWebKit/537.36 (KHTML, like Gecko) Mobile Safari/537.36 (compatible; PetalBot;+https://aspiegel.com/petalbot)"
54.36.88.170 - - [14/Dec/2020:13:57:53 +0100] "GET / HTTP/1.0" 200 149354 "-" "Mozilla/5.0 (Macintosh; Intel Mac OS X 10.15; rv:74.0) Gecko/20100101 Firefox/74.0"
157.55.39.217 - - [14/Dec/2020:13:57:55 +0100] "GET /images/big_prod/3609810097889.jpg HTTP/1.0" 200 268 "-" "Mozilla/5.0 (compatible; bingbot/2.0; +http://www.bing.com/bingbot.htm)"
54.36.148.177 - - [14/Dec/2020:13:59:19 +0100] "GET /harley-davidson-magnet-p-12520.html HTTP/1.0" 200 71784 "-" "Mozilla/5.0 (compatible; AhrefsBot/7.0; +http://ahrefs.com/robot/)"
13.66.139.65 - - [14/Dec/2020:14:00:01 +0100] "GET /trivet-and-boards-cut-c-12_158.html HTTP/1.0" 200 93035 "-" "Mozilla/5.0 (compatible; bingbot/2.0; +http://www.bing.com/bingbot.htm)"
51.68.224.127 - - [14/Dec/2020:14:00:11 +0100] "GET /adminweb/export_orders_xml.php?token=256de2z6edz6ed2z6DFSFsed2zed6zeDSFDSGdzedezfzf&maxorders=10&orderstart=1&status=14&start_date=2018-10-01 HTTP/1.0" 200 285 "-" "GesCom CharlotteBoutik Serveur"
51.68.224.127 - - [14/Dec/2020:14:00:11 +0100] "GET /adminweb/export_orders_xml.php?token=256de2z6edz6ed2z6DFSFsed2zed6zeDSFDSGdzedezfzf&maxorders=10&orderstart=1&status=6&start_date=2018-10-01 HTTP/1.0" 200 30026 "-" "GesCom CharlotteBoutik Serveur"
207.46.13.152 - - [14/Dec/2020:14:01:14 +0100] "GET /images/big_prod/3609810096202.jpg HTTP/1.0" 200 268 "-" "Mozilla/5.0 (compatible; bingbot/2.0; +http://www.bing.com/bingbot.htm)"
54.36.148.83 - - [14/Dec/2020:14:01:37 +0100] "GET /monster-doll-cushion-personalized-picture-p-16681.html HTTP/1.0" 200 72443 "-" "Mozilla/5.0 (compatible; AhrefsBot/7.0; +http://ahrefs.com/robot/)"
114.119.158.196 - - [14/Dec/2020:14:02:07 +0100] "GET /olaf-disney-trolley-bag-p-30351.html HTTP/1.0" 200 72131 "-" "Mozilla/5.0 (Linux; Android 7.0;) AppleWebKit/537.36 (KHTML, like Gecko) Mobile Safari/537.36 (compatible; PetalBot;+https://aspiegel.com/petalbot)"
216.244.66.242 - - [14/Dec/2020:14:02:56 +0100] "GET /robots.txt HTTP/1.0" 200 245 "-" "Mozilla/5.0 (compatible; DotBot/1.1; http://www.opensiteexplorer.org/dotbot, help@moz.com)"
185.191.171.43 - - [14/Dec/2020:14:02:57 +0100] "GET /robots.txt HTTP/1.0" 200 245 "-" "Mozilla/5.0 (compatible; SemrushBot/7~bl; +http://www.semrush.com/bot.html)"
185.191.171.42 - - [14/Dec/2020:14:02:57 +0100] "GET /man-resin-statue-p-53409.html?action=add_product HTTP/1.0" 302 476 "-" "Mozilla/5.0 (compatible; SemrushBot/7~bl; +http://www.semrush.com/bot.html)"
207.46.13.49 - - [14/Dec/2020:14:03:49 +0100] "GET /images/1399984261293.jpg HTTP/1.0" 200 259 "-" "Mozilla/5.0 (compatible; bingbot/2.0; +http://www.bing.com/bingbot.htm)"
54.36.148.146 - - [14/Dec/2020:14:03:50 +0100] "GET /jewelry-boxes-and-holders-c-13_150_131.html HTTP/1.0" 200 89931 "-" "Mozilla/5.0 (compatible; AhrefsBot/7.0; +http://ahrefs.com/robot/)"
54.36.148.83 - - [14/Dec/2020:14:06:00 +0100] "GET /adults-c-53.html?page=11 HTTP/1.0" 200 89080 "-" "Mozilla/5.0 (compatible; AhrefsBot/7.0; +http://ahrefs.com/robot/)"
207.46.13.175 - - [14/Dec/2020:14:06:14 +0100] "GET /images/9316188031042.jpg HTTP/1.0" 200 259 "-" "Mozilla/5.0 (compatible; bingbot/2.0; +http://www.bing.com/bingbot.htm)"
114.119.147.45 - - [14/Dec/2020:14:06:29 +0100] "GET /images/mini_prod/3612875114903.jpg HTTP/1.0" 200 269 "-" "Mozilla/5.0 (Linux; Android 7.0;) AppleWebKit/537.36 (KHTML, like Gecko) Mobile Safari/537.36 (compatible; PetalBot;+https://aspiegel.com/petalbot)"
54.36.148.83 - - [14/Dec/2020:14:08:09 +0100] "GET /yoga-strap-ring-black-cotton-p-48336.html HTTP/1.0" 200 73217 "-" "Mozilla/5.0 (compatible; AhrefsBot/7.0; +http://ahrefs.com/robot/)"
13.66.139.65 - - [14/Dec/2020:14:09:26 +0100] "GET /-p-24800.html HTTP/1.0" 200 69192 "-" "Mozilla/5.0 (compatible; bingbot/2.0; +http://www.bing.com/bingbot.htm)"
54.36.148.131 - - [14/Dec/2020:14:10:21 +0100] "GET /andalusia-tea-box-150-p-50767.html HTTP/1.0" 200 72635 "-" "Mozilla/5.0 (compatible; AhrefsBot/7.0; +http://ahrefs.com/robot/)"
114.119.129.36 - - [14/Dec/2020:14:10:52 +0100] "GET /doc-mcstuffins-placemat-p-37019.html HTTP/1.0" 200 71810 "-" "Mozilla/5.0 (Linux; Android 7.0;) AppleWebKit/537.36 (KHTML, like Gecko) Mobile Safari/537.36 (compatible; PetalBot;+https://aspiegel.com/petalbot)"
157.55.39.184 - - [14/Dec/2020:14:12:02 +0100] "GET /images/3700235441667.jpg HTTP/1.0" 200 259 "-" "Mozilla/5.0 (compatible; bingbot/2.0; +http://www.bing.com/bingbot.htm)"
54.36.149.49 - - [14/Dec/2020:14:12:19 +0100] "GET /table-bell-85-cm-festin-familial-p-46456.html HTTP/1.0" 200 71871 "-" "Mozilla/5.0 (compatible; AhrefsBot/7.0; +http://ahrefs.com/robot/)"
54.36.149.12 - - [14/Dec/2020:14:12:34 +0100] "GET /gorjuss-medium-cardboard-suitcase-p-32758.html HTTP/1.0" 301 69259 "-" "Mozilla/5.0 (compatible; AhrefsBot/7.0; +http://ahrefs.com/robot/)"
17.58.101.145 - - [14/Dec/2020:14:12:37 +0100] "GET /ben-10-small-oval-placemat-p-17138.html HTTP/1.0" 200 72219 "-" "Mozilla/5.0 (Macintosh; Intel Mac OS X 10_15_5) AppleWebKit/605.1.15 (KHTML, like Gecko) Version/13.1.1 Safari/605.1.15 (Applebot/0.1; +http://www.apple.com/go/applebot)"
207.46.13.175 - - [14/Dec/2020:14:13:05 +0100] "GET /images/big_prod/9316188078603.jpg HTTP/1.0" 200 268 "-" "Mozilla/5.0 (compatible; bingbot/2.0; +http://www.bing.com/bingbot.htm)"
207.46.13.152 - - [14/Dec/2020:14:13:15 +0100] "GET /images/med_prod/3660173057279.jpg HTTP/1.0" 200 268 "-" "Mozilla/5.0 (compatible; bingbot/2.0; +http://www.bing.com/bingbot.htm)"
77.75.77.62 - - [14/Dec/2020:14:13:37 +0100] "GET /robots.txt HTTP/1.0" 200 245 "-" "Mozilla/5.0 (compatible; SeznamBot/3.2; +http://napoveda.seznam.cz/en/seznambot-intro/)"
77.75.77.62 - - [14/Dec/2020:14:13:37 +0100] "GET /plus-plus-20-pieces-midi-basic-set-p-19762.html HTTP/1.0" 200 72764 "-" "Mozilla/5.0 (compatible; SeznamBot/3.2; +http://napoveda.seznam.cz/en/seznambot-intro/)"
54.36.148.83 - - [14/Dec/2020:14:14:20 +0100] "GET /earth-globe-decoration-p-50867.html HTTP/1.0" 200 72699 "-" "Mozilla/5.0 (compatible; AhrefsBot/7.0; +http://ahrefs.com/robot/)"
207.46.13.175 - - [14/Dec/2020:14:14:26 +0100] "GET /images/big_prod/3660173149134.jpg HTTP/1.0" 200 268 "-" "Mozilla/5.0 (compatible; bingbot/2.0; +http://www.bing.com/bingbot.htm)"
207.46.13.175 - - [14/Dec/2020:14:14:36 +0100] "GET /images/big_prod/8717318130825.jpg HTTP/1.0" 200 268 "-" "Mozilla/5.0 (compatible; bingbot/2.0; +http://www.bing.com/bingbot.htm)"
51.15.184.86 - - [14/Dec/2020:14:14:46 +0100] "GET /images/med_prod/3661977002632.jpg HTTP/1.0" 200 268 "-" "-"
51.15.184.86 - - [14/Dec/2020:14:14:46 +0100] "GET /images/med_prod/3661977002632.jpg HTTP/1.0" 200 268 "-" "-"
114.119.132.105 - - [14/Dec/2020:14:15:13 +0100] "GET /quartz-geode-size-about-220-p-47199.html HTTP/1.0" 200 72678 "-" "Mozilla/5.0 (Linux; Android 7.0;) AppleWebKit/537.36 (KHTML, like Gecko) Mobile Safari/537.36 (compatible; PetalBot;+https://aspiegel.com/petalbot)"
51.68.224.127 - - [14/Dec/2020:14:16:10 +0100] "GET /adminweb/export_orders_xml.php?token=256de2z6edz6ed2z6DFSFsed2zed6zeDSFDSGdzedezfzf&maxorders=10&orderstart=1&status=14&start_date=2018-10-01 HTTP/1.0" 200 285 "-" "GesCom CharlotteBoutik Serveur"
51.68.224.127 - - [14/Dec/2020:14:16:10 +0100] "GET /adminweb/export_orders_xml.php?token=256de2z6edz6ed2z6DFSFsed2zed6zeDSFDSGdzedezfzf&maxorders=10&orderstart=1&status=6&start_date=2018-10-01 HTTP/1.0" 200 30026 "-" "GesCom CharlotteBoutik Serveur"
207.46.13.90 - - [14/Dec/2020:14:16:16 +0100] "GET /images/big_prod/8433933115787.jpg HTTP/1.0" 200 268 "-" "Mozilla/5.0 (compatible; bingbot/2.0; +http://www.bing.com/bingbot.htm)"
216.244.66.242 - - [14/Dec/2020:14:16:18 +0100] "GET /accessories-c-3.html?page=19 HTTP/1.0" 200 92199 "-" "Mozilla/5.0 (compatible; DotBot/1.1; http://www.opensiteexplorer.org/dotbot, help@moz.com)"
216.244.66.242 - - [14/Dec/2020:14:16:24 +0100] "GET /dishes-c-12.html?page=19 HTTP/1.0" 200 90494 "-" "Mozilla/5.0 (compatible; DotBot/1.1; http://www.opensiteexplorer.org/dotbot, help@moz.com)"
54.36.148.0 - - [14/Dec/2020:14:16:25 +0100] "GET /small-indoor-buddha-fountain-16-cm-p-41300.html HTTP/1.0" 200 72073 "-" "Mozilla/5.0 (compatible; AhrefsBot/7.0; +http://ahrefs.com/robot/)"
157.55.39.179 - - [14/Dec/2020:14:16:29 +0100] "GET /wall-decoration-in-wood-and-mdf-c-13_274.html?page=9 HTTP/1.0" 200 94193 "-" "Mozilla/5.0 (compatible; bingbot/2.0; +http://www.bing.com/bingbot.htm)"
207.46.13.49 - - [14/Dec/2020:14:17:14 +0100] "GET /glass-film-for-iphone-p-38283.html HTTP/1.0" 200 74316 "-" "Mozilla/5.0 (compatible; bingbot/2.0; +http://www.bing.com/bingbot.htm)"
66.249.70.62 - - [14/Dec/2020:14:18:04 +0100] "GET /beyblade-great-blue-alarm-clock-p-16690.html HTTP/1.0" 301 69259 "-" "Mozilla/5.0 (Linux; Android 6.0.1; Nexus 5X Build/MMB29P) AppleWebKit/537.36 (KHTML, like Gecko) Chrome/87.0.4280.90 Mobile Safari/537.36 (compatible; Googlebot/2.1; +http://www.google.com/bot.html)"
66.249.70.62 - - [14/Dec/2020:14:18:05 +0100] "GET /-p-16690.html HTTP/1.0" 200 69192 "-" "Mozilla/5.0 (Linux; Android 6.0.1; Nexus 5X Build/MMB29P) AppleWebKit/537.36 (KHTML, like Gecko) Chrome/87.0.4280.90 Mobile Safari/537.36 (compatible; Googlebot/2.1; +http://www.google.com/bot.html)"
216.244.66.242 - - [14/Dec/2020:14:18:17 +0100] "GET /emily-lili-petrol-mug-p-30435.html HTTP/1.0" 200 71806 "-" "Mozilla/5.0 (compatible; DotBot/1.1; http://www.opensiteexplorer.org/dotbot, help@moz.com)"
54.36.148.83 - - [14/Dec/2020:14:18:21 +0100] "GET /espresso-set-cups-cats-p-49736.html HTTP/1.0" 200 71851 "-" "Mozilla/5.0 (compatible; AhrefsBot/7.0; +http://ahrefs.com/robot/)"
54.36.148.40 - - [14/Dec/2020:14:18:49 +0100] "GET /headrest-cushion-45-70-cm-beline-p-45250.html HTTP/1.0" 301 69259 "-" "Mozilla/5.0 (compatible; AhrefsBot/7.0; +http://ahrefs.com/robot/)"
207.46.13.152 - - [14/Dec/2020:14:18:58 +0100] "GET /images/big_prod/067103378290.jpg HTTP/1.0" 200 267 "-" "Mozilla/5.0 (compatible; bingbot/2.0; +http://www.bing.com/bingbot.htm)"
114.119.147.45 - - [14/Dec/2020:14:19:36 +0100] "GET /images/big_prod/8424346234011.jpg HTTP/1.0" 200 268 "-" "Mozilla/5.0 (Linux; Android 7.0;) AppleWebKit/537.36 (KHTML, like Gecko) Mobile Safari/537.36 (compatible; PetalBot;+https://aspiegel.com/petalbot)"
52.137.90.252 - - [14/Dec/2020:14:20:01 +0100] "GET /utensil-and-cutlery-pot-c-12_244.html HTTP/1.0" 200 88928 "-" "Mozilla/5.0 (compatible; bingbot/2.0; +http://www.bing.com/bingbot.htm)"
52.137.90.252 - - [14/Dec/2020:14:20:02 +0100] "GET /-p-25586.html HTTP/1.0" 200 69192 "-" "Mozilla/5.0 (compatible; bingbot/2.0; +http://www.bing.com/bingbot.htm)"
54.36.148.83 - - [14/Dec/2020:14:20:18 +0100] "GET /dog-bowl-love-my-pets-p-31697.html HTTP/1.0" 200 71849 "-" "Mozilla/5.0 (compatible; AhrefsBot/7.0; +http://ahrefs.com/robot/)"
17.58.101.145 - - [14/Dec/2020:14:20:35 +0100] "GET /the-little-prince-big-melamnine-plate-p-9349.html HTTP/1.0" 200 72027 "-" "Mozilla/5.0 (Macintosh; Intel Mac OS X 10_15_5) AppleWebKit/605.1.15 (KHTML, like Gecko) Version/13.1.1 Safari/605.1.15 (Applebot/0.1; +http://www.apple.com/go/applebot)"
54.36.148.65 - - [14/Dec/2020:14:21:31 +0100] "GET /playboy-heart-black-cushion-p-4555.html HTTP/1.0" 301 69256 "-" "Mozilla/5.0 (compatible; AhrefsBot/7.0; +http://ahrefs.com/robot/)"
157.55.39.217 - - [14/Dec/2020:14:21:59 +0100] "GET /images/med_prod/3014627829873.jpg HTTP/1.0" 200 268 "-" "Mozilla/5.0 (compatible; bingbot/2.0; +http://www.bing.com/bingbot.htm)"
54.36.148.15 - - [14/Dec/2020:14:22:18 +0100] "GET /set-of-healing-mini-stones-p-49036.html HTTP/1.0" 200 72689 "-" "Mozilla/5.0 (compatible; AhrefsBot/7.0; +http://ahrefs.com/robot/)"
157.55.39.217 - - [14/Dec/2020:14:23:08 +0100] "GET /images/big_prod/3661611509527.jpg HTTP/1.0" 200 268 "-" "Mozilla/5.0 (compatible; bingbot/2.0; +http://www.bing.com/bingbot.htm)"
114.119.147.45 - - [14/Dec/2020:14:23:56 +0100] "GET /images/mini_prod/9316188078160.jpg HTTP/1.0" 200 269 "-" "Mozilla/5.0 (Linux; Android 7.0;) AppleWebKit/537.36 (KHTML, like Gecko) Mobile Safari/537.36 (compatible; PetalBot;+https://aspiegel.com/petalbot)"
54.36.148.99 - - [14/Dec/2020:14:24:13 +0100] "GET /stone-carnelian-50-60-grammes-p-46571.html HTTP/1.0" 200 73351 "-" "Mozilla/5.0 (compatible; AhrefsBot/7.0; +http://ahrefs.com/robot/)"
17.58.101.145 - - [14/Dec/2020:14:24:16 +0100] "GET /michelle-allen-cup-glass-cat-p-24318.html HTTP/1.0" 200 71842 "-" "Mozilla/5.0 (Macintosh; Intel Mac OS X 10_15_5) AppleWebKit/605.1.15 (KHTML, like Gecko) Version/13.1.1 Safari/605.1.15 (Applebot/0.1; +http://www.apple.com/go/applebot)"
207.46.13.90 - - [14/Dec/2020:14:24:28 +0100] "GET /images/big_prod/etui1300010241721.jpg HTTP/1.0" 200 272 "-" "Mozilla/5.0 (compatible; bingbot/2.0; +http://www.bing.com/bingbot.htm)"
207.46.13.49 - - [14/Dec/2020:14:24:42 +0100] "GET /images/big_prod/b191693064827.jpg HTTP/1.0" 200 268 "-" "Mozilla/5.0 (compatible; bingbot/2.0; +http://www.bing.com/bingbot.htm)"
207.46.13.175 - - [14/Dec/2020:14:25:48 +0100] "GET /images/3700653501219.jpg HTTP/1.0" 200 259 "-" "Mozilla/5.0 (compatible; bingbot/2.0; +http://www.bing.com/bingbot.htm)"
54.36.148.212 - - [14/Dec/2020:14:26:16 +0100] "GET /wicker-basket-17-cm-p-48602.html HTTP/1.0" 200 71814 "-" "Mozilla/5.0 (compatible; AhrefsBot/7.0; +http://ahrefs.com/robot/)"
157.55.39.179 - - [14/Dec/2020:14:26:58 +0100] "GET /mouse-pad-c-129_85.html?page=2 HTTP/1.0" 200 90479 "-" "Mozilla/5.0 (compatible; bingbot/2.0; +http://www.bing.com/bingbot.htm)"
207.46.13.90 - - [14/Dec/2020:14:27:09 +0100] "GET /-p-15108.html HTTP/1.0" 200 69192 "-" "Mozilla/5.0 (compatible; bingbot/2.0; +http://www.bing.com/bingbot.htm)"
157.55.39.179 - - [14/Dec/2020:14:27:27 +0100] "GET /images/1399984265659.jpg HTTP/1.0" 200 259 "-" "Mozilla/5.0 (compatible; bingbot/2.0; +http://www.bing.com/bingbot.htm)"
54.36.148.83 - - [14/Dec/2020:14:28:16 +0100] "GET /ceramic-salt-box-with-spoon-sardy-p-50605.html HTTP/1.0" 200 71895 "-" "Mozilla/5.0 (compatible; AhrefsBot/7.0; +http://ahrefs.com/robot/)"
114.119.129.36 - - [14/Dec/2020:14:28:17 +0100] "GET /images/mini_prod/3661443280021.jpg HTTP/1.0" 200 269 "-" "Mozilla/5.0 (Linux; Android 7.0;) AppleWebKit/537.36 (KHTML, like Gecko) Mobile Safari/537.36 (compatible; PetalBot;+https://aspiegel.com/petalbot)"
13.66.139.26 - - [14/Dec/2020:14:28:37 +0100] "GET /-p-20575.html HTTP/1.0" 200 69192 "-" "Mozilla/5.0 (compatible; bingbot/2.0; +http://www.bing.com/bingbot.htm)"
13.66.139.26 - - [14/Dec/2020:14:28:57 +0100] "GET /accessories-c-97_98.html HTTP/1.0" 200 83956 "-" "Mozilla/5.0 (compatible; bingbot/2.0; +http://www.bing.com/bingbot.htm)"
157.55.39.179 - - [14/Dec/2020:14:29:57 +0100] "GET /images/big_prod/8422014754427.jpg HTTP/1.0" 200 268 "-" "Mozilla/5.0 (compatible; bingbot/2.0; +http://www.bing.com/bingbot.htm)"
54.36.148.83 - - [14/Dec/2020:14:30:11 +0100] "GET /the-dubout-cats-large-round-flat-p-40060.html HTTP/1.0" 200 71867 "-" "Mozilla/5.0 (compatible; AhrefsBot/7.0; +http://ahrefs.com/robot/)"
185.191.171.6 - - [14/Dec/2020:14:30:22 +0100] "GET /anatomical-study-figurine-by-jean-antoine-houdon-p-53194.html HTTP/1.0" 200 73236 "-" "Mozilla/5.0 (compatible; SemrushBot/7~bl; +http://www.semrush.com/bot.html)"
40.77.191.27 - - [14/Dec/2020:14:31:01 +0100] "GET /index.php HTTP/1.0" 200 149685 "-" "Mozilla/5.0 (Windows NT 6.1; WOW64) AppleWebKit/534+ (KHTML, like Gecko) BingPreview/1.0b"
51.68.224.127 - - [14/Dec/2020:14:31:55 +0100] "GET /adminweb/export_orders_xml.php?token=256de2z6edz6ed2z6DFSFsed2zed6zeDSFDSGdzedezfzf&maxorders=10&orderstart=1&status=14&start_date=2018-10-01 HTTP/1.0" 200 285 "-" "GesCom CharlotteBoutik Serveur"
51.68.224.127 - - [14/Dec/2020:14:31:55 +0100] "GET /adminweb/export_orders_xml.php?token=256de2z6edz6ed2z6DFSFsed2zed6zeDSFDSGdzedezfzf&maxorders=10&orderstart=1&status=6&start_date=2018-10-01 HTTP/1.0" 200 30026 "-" "GesCom CharlotteBoutik Serveur"
54.36.149.21 - - [14/Dec/2020:14:32:11 +0100] "GET /stone-green-opal-40-50-grams-p-46621.html HTTP/1.0" 200 73003 "-" "Mozilla/5.0 (compatible; AhrefsBot/7.0; +http://ahrefs.com/robot/)"
13.66.139.65 - - [14/Dec/2020:14:32:27 +0100] "GET /-p-4501.html HTTP/1.0" 200 69190 "-" "Mozilla/5.0 (compatible; bingbot/2.0; +http://www.bing.com/bingbot.htm)"
207.46.13.90 - - [14/Dec/2020:14:32:32 +0100] "GET /images/5701359690175.jpg HTTP/1.0" 200 259 "-" "Mozilla/5.0 (compatible; bingbot/2.0; +http://www.bing.com/bingbot.htm)"
114.119.130.202 - - [14/Dec/2020:14:32:33 +0100] "GET /images/big_prod_1/8719497615353a.jpg HTTP/1.0" 200 271 "-" "Mozilla/5.0 (Linux; Android 7.0;) AppleWebKit/537.36 (KHTML, like Gecko) Mobile Safari/537.36 (compatible; PetalBot;+https://aspiegel.com/petalbot)"
54.36.148.62 - - [14/Dec/2020:14:34:19 +0100] "GET /coca-cola-mirror-p-28092.html HTTP/1.0" 200 71752 "-" "Mozilla/5.0 (compatible; AhrefsBot/7.0; +http://ahrefs.com/robot/)"
177.39.96.180 - - [14/Dec/2020:14:34:19 +0100] "GET /account.php HTTP/1.0" 302 468 "-" "Mozilla/5.0 (Windows NT 10.0; Win64; x64) AppleWebKit/537.36 (KHTML, like Gecko) Chrome/87.0.4280.88 Safari/537.36"
177.39.96.180 - - [14/Dec/2020:14:34:21 +0100] "GET /login.php HTTP/1.0" 200 17155 "-" "Mozilla/5.0 (Windows NT 10.0; Win64; x64) AppleWebKit/537.36 (KHTML, like Gecko) Chrome/87.0.4280.88 Safari/537.36"
177.39.96.180 - - [14/Dec/2020:14:34:22 +0100] "GET /swfobject.js HTTP/1.0" 404 1308 "http://www.wonder-geek.com/login.php" "Mozilla/5.0 (Windows NT 10.0; Win64; x64) AppleWebKit/537.36 (KHTML, like Gecko) Chrome/87.0.4280.88 Safari/537.36"
177.39.96.180 - - [14/Dec/2020:14:34:26 +0100] "POST /login.php?action=process HTTP/1.0" 302 470 "http://www.wonder-geek.com/login.php" "Mozilla/5.0 (Windows NT 10.0; Win64; x64) AppleWebKit/537.36 (KHTML, like Gecko) Chrome/87.0.4280.88 Safari/537.36"
177.39.96.180 - - [14/Dec/2020:14:34:27 +0100] "GET /account.php HTTP/1.0" 200 75108 "http://www.wonder-geek.com/login.php" "Mozilla/5.0 (Windows NT 10.0; Win64; x64) AppleWebKit/537.36 (KHTML, like Gecko) Chrome/87.0.4280.88 Safari/537.36"
177.39.96.180 - - [14/Dec/2020:14:34:28 +0100] "GET /swfobject.js HTTP/1.0" 404 1308 "http://www.wonder-geek.com/account.php" "Mozilla/5.0 (Windows NT 10.0; Win64; x64) AppleWebKit/537.36 (KHTML, like Gecko) Chrome/87.0.4280.88 Safari/537.36"
177.39.96.180 - - [14/Dec/2020:14:34:33 +0100] "GET /contact_us.php HTTP/1.0" 200 26246 "http://www.wonder-geek.com/account.php" "Mozilla/5.0 (Windows NT 10.0; Win64; x64) AppleWebKit/537.36 (KHTML, like Gecko) Chrome/87.0.4280.88 Safari/537.36"
177.39.96.180 - - [14/Dec/2020:14:34:34 +0100] "GET /swfobject.js HTTP/1.0" 404 1308 "http://www.wonder-geek.com/contact_us.php" "Mozilla/5.0 (Windows NT 10.0; Win64; x64) AppleWebKit/537.36 (KHTML, like Gecko) Chrome/87.0.4280.88 Safari/537.36"
177.39.96.180 - - [14/Dec/2020:14:34:34 +0100] "GET /images/table_background_contact_us.gif HTTP/1.0" 200 1094 "http://www.wonder-geek.com/contact_us.php" "Mozilla/5.0 (Windows NT 10.0; Win64; x64) AppleWebKit/537.36 (KHTML, like Gecko) Chrome/87.0.4280.88 Safari/537.36"
177.39.96.180 - - [14/Dec/2020:14:34:34 +0100] "GET /templates/Pixame_v1/images/buttons/english/button_continue.gif HTTP/1.0" 200 1264 "http://www.wonder-geek.com/contact_us.php" "Mozilla/5.0 (Windows NT 10.0; Win64; x64) AppleWebKit/537.36 (KHTML, like Gecko) Chrome/87.0.4280.88 Safari/537.36"
177.39.96.180 - - [14/Dec/2020:14:34:38 +0100] "GET /account.php HTTP/1.0" 200 75108 "http://www.wonder-geek.com/contact_us.php" "Mozilla/5.0 (Windows NT 10.0; Win64; x64) AppleWebKit/537.36 (KHTML, like Gecko) Chrome/87.0.4280.88 Safari/537.36"
177.39.96.180 - - [14/Dec/2020:14:34:39 +0100] "GET /swfobject.js HTTP/1.0" 404 1308 "http://www.wonder-geek.com/account.php" "Mozilla/5.0 (Windows NT 10.0; Win64; x64) AppleWebKit/537.36 (KHTML, like Gecko) Chrome/87.0.4280.88 Safari/537.36"
177.39.96.180 - - [14/Dec/2020:14:34:41 +0100] "GET /account_history_info.php?order_id=670 HTTP/1.0" 200 74839 "http://www.wonder-geek.com/account.php" "Mozilla/5.0 (Windows NT 10.0; Win64; x64) AppleWebKit/537.36 (KHTML, like Gecko) Chrome/87.0.4280.88 Safari/537.36"
177.39.96.180 - - [14/Dec/2020:14:34:43 +0100] "GET /swfobject.js HTTP/1.0" 404 1308 "http://www.wonder-geek.com/account_history_info.php?order_id=670" "Mozilla/5.0 (Windows NT 10.0; Win64; x64) AppleWebKit/537.36 (KHTML, like Gecko) Chrome/87.0.4280.88 Safari/537.36"
177.39.96.180 - - [14/Dec/2020:14:34:54 +0100] "GET /contact_us.php HTTP/1.0" 200 26246 "http://www.wonder-geek.com/account_history_info.php?order_id=670" "Mozilla/5.0 (Windows NT 10.0; Win64; x64) AppleWebKit/537.36 (KHTML, like Gecko) Chrome/87.0.4280.88 Safari/537.36"
177.39.96.180 - - [14/Dec/2020:14:34:55 +0100] "GET /swfobject.js HTTP/1.0" 404 1308 "http://www.wonder-geek.com/contact_us.php" "Mozilla/5.0 (Windows NT 10.0; Win64; x64) AppleWebKit/537.36 (KHTML, like Gecko) Chrome/87.0.4280.88 Safari/537.36"
66.249.70.108 - - [14/Dec/2020:14:35:16 +0100] "GET /robots.txt HTTP/1.0" 301 531 "-" "Mozilla/5.0 (compatible; Googlebot/2.1; +http://www.google.com/bot.html)"
66.249.70.110 - - [14/Dec/2020:14:35:17 +0100] "GET /ads.txt HTTP/1.0" 301 525 "-" "Mozilla/5.0 (compatible; Googlebot/2.1; +http://www.google.com/bot.html)"
54.36.148.83 - - [14/Dec/2020:14:36:16 +0100] "GET /large-storage-box-white-and-silver-p-52920.html HTTP/1.0" 200 72746 "-" "Mozilla/5.0 (compatible; AhrefsBot/7.0; +http://ahrefs.com/robot/)"
13.66.139.65 - - [14/Dec/2020:14:36:18 +0100] "GET /lighting-c-13_86.html HTTP/1.0" 200 94371 "-" "Mozilla/5.0 (compatible; bingbot/2.0; +http://www.bing.com/bingbot.htm)"
114.119.151.113 - - [14/Dec/2020:14:36:54 +0100] "GET /images/big_prod_4/344GJ31d.jpg HTTP/1.0" 200 265 "-" "Mozilla/5.0 (Linux; Android 7.0;) AppleWebKit/537.36 (KHTML, like Gecko) Mobile Safari/537.36 (compatible; PetalBot;+https://aspiegel.com/petalbot)"
207.46.13.152 - - [14/Dec/2020:14:36:59 +0100] "GET /images/8849233801259.jpg HTTP/1.0" 200 259 "-" "Mozilla/5.0 (compatible; bingbot/2.0; +http://www.bing.com/bingbot.htm)"
157.55.39.217 - - [14/Dec/2020:14:37:20 +0100] "GET /images/big_prod_1/b5018997632079.jpg HTTP/1.0" 200 271 "-" "Mozilla/5.0 (compatible; bingbot/2.0; +http://www.bing.com/bingbot.htm)"
54.36.148.198 - - [14/Dec/2020:14:38:20 +0100] "GET /boys-c-2.html?page=2 HTTP/1.0" 200 89357 "-" "Mozilla/5.0 (compatible; AhrefsBot/7.0; +http://ahrefs.com/robot/)"
157.55.39.172 - - [14/Dec/2020:14:38:56 +0100] "GET /images/big_prod/5018997622070.jpg HTTP/1.0" 200 268 "-" "Mozilla/5.0 (compatible; bingbot/2.0; +http://www.bing.com/bingbot.htm)"
157.55.39.172 - - [14/Dec/2020:14:38:58 +0100] "GET /images/big_prod/3609810075795.jpg HTTP/1.0" 200 268 "-" "Mozilla/5.0 (compatible; bingbot/2.0; +http://www.bing.com/bingbot.htm)"
157.55.39.217 - - [14/Dec/2020:14:39:09 +0100] "GET /images/big_prod/3503420237294.jpg HTTP/1.0" 200 268 "-" "Mozilla/5.0 (compatible; bingbot/2.0; +http://www.bing.com/bingbot.htm)"
66.249.70.36 - - [14/Dec/2020:14:39:27 +0100] "GET /images/041689560010.jpg HTTP/1.0" 200 258 "-" "Googlebot-Image/1.0"
207.46.13.152 - - [14/Dec/2020:14:40:10 +0100] "GET /images/big_prod/8422088074483.jpg HTTP/1.0" 200 268 "-" "Mozilla/5.0 (compatible; bingbot/2.0; +http://www.bing.com/bingbot.htm)"
177.39.96.180 - - [14/Dec/2020:14:40:12 +0100] "POST /contact_us.php?action=send HTTP/1.0" 302 488 "http://www.wonder-geek.com/contact_us.php" "Mozilla/5.0 (Windows NT 10.0; Win64; x64) AppleWebKit/537.36 (KHTML, like Gecko) Chrome/87.0.4280.88 Safari/537.36"
177.39.96.180 - - [14/Dec/2020:14:40:13 +0100] "GET /contact_us.php?action=success HTTP/1.0" 200 13482 "http://www.wonder-geek.com/contact_us.php" "Mozilla/5.0 (Windows NT 10.0; Win64; x64) AppleWebKit/537.36 (KHTML, like Gecko) Chrome/87.0.4280.88 Safari/537.36"
177.39.96.180 - - [14/Dec/2020:14:40:13 +0100] "GET /swfobject.js HTTP/1.0" 404 1308 "http://www.wonder-geek.com/contact_us.php?action=success" "Mozilla/5.0 (Windows NT 10.0; Win64; x64) AppleWebKit/537.36 (KHTML, like Gecko) Chrome/87.0.4280.88 Safari/537.36"
177.39.96.180 - - [14/Dec/2020:14:40:14 +0100] "GET /images/table_background_man_on_board.gif HTTP/1.0" 200 1094 "http://www.wonder-geek.com/contact_us.php?action=success" "Mozilla/5.0 (Windows NT 10.0; Win64; x64) AppleWebKit/537.36 (KHTML, like Gecko) Chrome/87.0.4280.88 Safari/537.36"
54.36.148.83 - - [14/Dec/2020:14:40:15 +0100] "GET /le-bonheur-est-dans-le-pre-dish-cake-p-38243.html HTTP/1.0" 200 71944 "-" "Mozilla/5.0 (compatible; AhrefsBot/7.0; +http://ahrefs.com/robot/)"
177.39.96.180 - - [14/Dec/2020:14:40:29 +0100] "GET /shopping_cart.php HTTP/1.0" 200 19545 "http://www.wonder-geek.com/contact_us.php?action=success" "Mozilla/5.0 (Windows NT 10.0; Win64; x64) AppleWebKit/537.36 (KHTML, like Gecko) Chrome/87.0.4280.88 Safari/537.36"
177.39.96.180 - - [14/Dec/2020:14:40:33 +0100] "GET /swfobject.js HTTP/1.0" 404 1308 "http://www.wonder-geek.com/shopping_cart.php" "Mozilla/5.0 (Windows NT 10.0; Win64; x64) AppleWebKit/537.36 (KHTML, like Gecko) Chrome/87.0.4280.88 Safari/537.36"
177.39.96.180 - - [14/Dec/2020:14:40:33 +0100] "GET /images/table_background_cart.gif HTTP/1.0" 200 1094 "http://www.wonder-geek.com/shopping_cart.php" "Mozilla/5.0 (Windows NT 10.0; Win64; x64) AppleWebKit/537.36 (KHTML, like Gecko) Chrome/87.0.4280.88 Safari/537.36"
177.39.96.180 - - [14/Dec/2020:14:40:33 +0100] "GET /images/pixel_black.gif HTTP/1.0" 200 320 "http://www.wonder-geek.com/shopping_cart.php" "Mozilla/5.0 (Windows NT 10.0; Win64; x64) AppleWebKit/537.36 (KHTML, like Gecko) Chrome/87.0.4280.88 Safari/537.36"
177.39.96.180 - - [14/Dec/2020:14:40:33 +0100] "GET /templates/Pixame_v1/images/buttons/english/button_continue_shopping.gif HTTP/1.0" 200 305 "http://www.wonder-geek.com/shopping_cart.php" "Mozilla/5.0 (Windows NT 10.0; Win64; x64) AppleWebKit/537.36 (KHTML, like Gecko) Chrome/87.0.4280.88 Safari/537.36"
177.39.96.180 - - [14/Dec/2020:14:40:33 +0100] "GET /templates/Pixame_v1/images/buttons/english/button_update_cart.gif HTTP/1.0" 200 299 "http://www.wonder-geek.com/shopping_cart.php" "Mozilla/5.0 (Windows NT 10.0; Win64; x64) AppleWebKit/537.36 (KHTML, like Gecko) Chrome/87.0.4280.88 Safari/537.36"
177.39.96.180 - - [14/Dec/2020:14:40:33 +0100] "GET /templates/Pixame_v1/images/buttons/english/button_checkout.gif HTTP/1.0" 200 296 "http://www.wonder-geek.com/shopping_cart.php" "Mozilla/5.0 (Windows NT 10.0; Win64; x64) AppleWebKit/537.36 (KHTML, like Gecko) Chrome/87.0.4280.88 Safari/537.36"
177.39.96.180 - - [14/Dec/2020:14:40:33 +0100] "GET /images/mini_prod/3298060219754.jpg HTTP/1.0" 200 269 "http://www.wonder-geek.com/shopping_cart.php" "Mozilla/5.0 (Windows NT 10.0; Win64; x64) AppleWebKit/537.36 (KHTML, like Gecko) Chrome/87.0.4280.88 Safari/537.36"
177.39.96.180 - - [14/Dec/2020:14:40:33 +0100] "GET /images/icons/colissimo.gif HTTP/1.0" 200 260 "http://www.wonder-geek.com/shopping_cart.php" "Mozilla/5.0 (Windows NT 10.0; Win64; x64) AppleWebKit/537.36 (KHTML, like Gecko) Chrome/87.0.4280.88 Safari/537.36"
17.58.101.145 - - [14/Dec/2020:14:41:14 +0100] "GET /provence-potholder-p-51446.html HTTP/1.0" 200 71855 "-" "Mozilla/5.0 (Macintosh; Intel Mac OS X 10_15_5) AppleWebKit/605.1.15 (KHTML, like Gecko) Version/13.1.1 Safari/605.1.15 (Applebot/0.1; +http://www.apple.com/go/applebot)"
114.119.147.45 - - [14/Dec/2020:14:41:17 +0100] "GET /paperweight-birth-of-venus-by-botticelli-p-46903.html HTTP/1.0" 200 73283 "-" "Mozilla/5.0 (Linux; Android 7.0;) AppleWebKit/537.36 (KHTML, like Gecko) Mobile Safari/537.36 (compatible; PetalBot;+https://aspiegel.com/petalbot)"
177.39.96.180 - - [14/Dec/2020:14:41:23 +0100] "GET /contact_us.php HTTP/1.0" 200 26246 "http://www.wonder-geek.com/shopping_cart.php" "Mozilla/5.0 (Windows NT 10.0; Win64; x64) AppleWebKit/537.36 (KHTML, like Gecko) Chrome/87.0.4280.88 Safari/537.36"
177.39.96.180 - - [14/Dec/2020:14:41:24 +0100] "GET /swfobject.js HTTP/1.0" 404 1308 "http://www.wonder-geek.com/contact_us.php" "Mozilla/5.0 (Windows NT 10.0; Win64; x64) AppleWebKit/537.36 (KHTML, like Gecko) Chrome/87.0.4280.88 Safari/537.36"
177.39.96.180 - - [14/Dec/2020:14:41:26 +0100] "GET /checkout_shipping.php HTTP/1.0" 200 26272 "http://www.wonder-geek.com/contact_us.php" "Mozilla/5.0 (Windows NT 10.0; Win64; x64) AppleWebKit/537.36 (KHTML, like Gecko) Chrome/87.0.4280.88 Safari/537.36"
177.39.96.180 - - [14/Dec/2020:14:41:27 +0100] "GET /swfobject.js HTTP/1.0" 404 1308 "http://www.wonder-geek.com/checkout_shipping.php" "Mozilla/5.0 (Windows NT 10.0; Win64; x64) AppleWebKit/537.36 (KHTML, like Gecko) Chrome/87.0.4280.88 Safari/537.36"
177.39.96.180 - - [14/Dec/2020:14:41:28 +0100] "GET /images/icons/accessF.gif HTTP/1.0" 200 258 "http://www.wonder-geek.com/checkout_shipping.php" "Mozilla/5.0 (Windows NT 10.0; Win64; x64) AppleWebKit/537.36 (KHTML, like Gecko) Chrome/87.0.4280.88 Safari/537.36"
177.39.96.180 - - [14/Dec/2020:14:41:28 +0100] "GET /templates/Pixame_v1/images/buttons/english/button_change_address.gif HTTP/1.0" 200 302 "http://www.wonder-geek.com/checkout_shipping.php" "Mozilla/5.0 (Windows NT 10.0; Win64; x64) AppleWebKit/537.36 (KHTML, like Gecko) Chrome/87.0.4280.88 Safari/537.36"
177.39.96.180 - - [14/Dec/2020:14:41:28 +0100] "GET /images/checkout_bullet.gif HTTP/1.0" 200 820 "http://www.wonder-geek.com/checkout_shipping.php" "Mozilla/5.0 (Windows NT 10.0; Win64; x64) AppleWebKit/537.36 (KHTML, like Gecko) Chrome/87.0.4280.88 Safari/537.36"
177.39.96.180 - - [14/Dec/2020:14:41:28 +0100] "GET /images/table_background_delivery.gif HTTP/1.0" 200 1094 "http://www.wonder-geek.com/checkout_shipping.php" "Mozilla/5.0 (Windows NT 10.0; Win64; x64) AppleWebKit/537.36 (KHTML, like Gecko) Chrome/87.0.4280.88 Safari/537.36"
177.39.96.180 - - [14/Dec/2020:14:41:28 +0100] "GET /images/pixel_silver.gif HTTP/1.0" 200 320 "http://www.wonder-geek.com/checkout_shipping.php" "Mozilla/5.0 (Windows NT 10.0; Win64; x64) AppleWebKit/537.36 (KHTML, like Gecko) Chrome/87.0.4280.88 Safari/537.36"
177.39.96.180 - - [14/Dec/2020:14:41:28 +0100] "GET /images/icons/expertF.gif HTTP/1.0" 200 258 "http://www.wonder-geek.com/checkout_shipping.php" "Mozilla/5.0 (Windows NT 10.0; Win64; x64) AppleWebKit/537.36 (KHTML, like Gecko) Chrome/87.0.4280.88 Safari/537.36"
157.55.39.179 - - [14/Dec/2020:14:41:38 +0100] "GET /images/big_prod_1/amarilla.jpg HTTP/1.0" 200 265 "-" "Mozilla/5.0 (compatible; bingbot/2.0; +http://www.bing.com/bingbot.htm)"
177.39.96.180 - - [14/Dec/2020:14:41:48 +0100] "GET /account.php HTTP/1.0" 200 75108 "http://www.wonder-geek.com/checkout_shipping.php" "Mozilla/5.0 (Windows NT 10.0; Win64; x64) AppleWebKit/537.36 (KHTML, like Gecko) Chrome/87.0.4280.88 Safari/537.36"
177.39.96.180 - - [14/Dec/2020:14:41:49 +0100] "GET /swfobject.js HTTP/1.0" 404 1308 "http://www.wonder-geek.com/account.php" "Mozilla/5.0 (Windows NT 10.0; Win64; x64) AppleWebKit/537.36 (KHTML, like Gecko) Chrome/87.0.4280.88 Safari/537.36"
13.66.139.26 - - [14/Dec/2020:14:41:48 +0100] "GET /-p-24881.html HTTP/1.0" 200 69192 "-" "Mozilla/5.0 (compatible; bingbot/2.0; +http://www.bing.com/bingbot.htm)"
177.39.96.180 - - [14/Dec/2020:14:41:54 +0100] "GET /account_history_info.php?order_id=670 HTTP/1.0" 200 74839 "http://www.wonder-geek.com/account.php" "Mozilla/5.0 (Windows NT 10.0; Win64; x64) AppleWebKit/537.36 (KHTML, like Gecko) Chrome/87.0.4280.88 Safari/537.36"
177.39.96.180 - - [14/Dec/2020:14:41:55 +0100] "GET /swfobject.js HTTP/1.0" 404 1308 "http://www.wonder-geek.com/account_history_info.php?order_id=670" "Mozilla/5.0 (Windows NT 10.0; Win64; x64) AppleWebKit/537.36 (KHTML, like Gecko) Chrome/87.0.4280.88 Safari/537.36"
54.36.149.2 - - [14/Dec/2020:14:42:11 +0100] "GET /st-tropez-deco-thermometer-p-17016.html HTTP/1.0" 200 73600 "-" "Mozilla/5.0 (compatible; AhrefsBot/7.0; +http://ahrefs.com/robot/)"
157.55.39.172 - - [14/Dec/2020:14:42:27 +0100] "GET /fresh-brewed-coffee-retro-yellow-mug-p-26695.html HTTP/1.0" 200 71928 "-" "Mozilla/5.0 (compatible; bingbot/2.0; +http://www.bing.com/bingbot.htm)"
54.36.148.83 - - [14/Dec/2020:14:44:06 +0100] "GET /espresso-set-cups-dogs-p-49737.html HTTP/1.0" 200 71852 "-" "Mozilla/5.0 (compatible; AhrefsBot/7.0; +http://ahrefs.com/robot/)"
157.55.39.179 - - [14/Dec/2020:14:44:37 +0100] "GET /images/5411329062290.jpg HTTP/1.0" 200 259 "-" "Mozilla/5.0 (compatible; bingbot/2.0; +http://www.bing.com/bingbot.htm)"
114.119.151.113 - - [14/Dec/2020:14:45:40 +0100] "GET /%20images/med_prod/1384010179611.jpg HTTP/1.0" 404 1308 "-" "Mozilla/5.0 (Linux; Android 7.0;) AppleWebKit/537.36 (KHTML, like Gecko) Mobile Safari/537.36 (compatible; PetalBot;+https://aspiegel.com/petalbot)"
157.55.39.217 - - [14/Dec/2020:14:45:51 +0100] "GET /images/DSCN1982.jpg HTTP/1.0" 200 254 "-" "Mozilla/5.0 (compatible; bingbot/2.0; +http://www.bing.com/bingbot.htm)"
13.66.139.65 - - [14/Dec/2020:14:45:56 +0100] "GET /bell-and-wall-bell-c-13_270.html HTTP/1.0" 200 88532 "-" "Mozilla/5.0 (compatible; bingbot/2.0; +http://www.bing.com/bingbot.htm)"
207.46.13.90 - - [14/Dec/2020:14:46:00 +0100] "GET /decorative-magnifying-glass-with-wooden-handle-p-52844.html HTTP/1.0" 200 72041 "-" "Mozilla/5.0 (compatible; bingbot/2.0; +http://www.bing.com/bingbot.htm)"
54.36.148.198 - - [14/Dec/2020:14:46:05 +0100] "GET /stone-labradorite-50-60-grams-p-46589.html HTTP/1.0" 200 73499 "-" "Mozilla/5.0 (compatible; AhrefsBot/7.0; +http://ahrefs.com/robot/)"
157.55.39.217 - - [14/Dec/2020:14:46:05 +0100] "GET /-p-49112.html HTTP/1.0" 200 69192 "-" "Mozilla/5.0 (compatible; bingbot/2.0; +http://www.bing.com/bingbot.htm)"
207.46.13.90 - - [14/Dec/2020:14:46:59 +0100] "GET /images/med_prod/5036278057991.jpg HTTP/1.0" 200 268 "-" "Mozilla/5.0 (compatible; bingbot/2.0; +http://www.bing.com/bingbot.htm)"
51.68.224.127 - - [14/Dec/2020:14:47:40 +0100] "GET /adminweb/export_orders_xml.php?token=256de2z6edz6ed2z6DFSFsed2zed6zeDSFDSGdzedezfzf&maxorders=10&orderstart=1&status=14&start_date=2018-10-01 HTTP/1.0" 200 285 "-" "GesCom CharlotteBoutik Serveur"
51.68.224.127 - - [14/Dec/2020:14:47:40 +0100] "GET /adminweb/export_orders_xml.php?token=256de2z6edz6ed2z6DFSFsed2zed6zeDSFDSGdzedezfzf&maxorders=10&orderstart=1&status=6&start_date=2018-10-01 HTTP/1.0" 200 30026 "-" "GesCom CharlotteBoutik Serveur"
177.39.96.180 - - [14/Dec/2020:14:47:48 +0100] "GET /account_history_info.php?order_id=670 HTTP/1.0" 200 74839 "-" "Mozilla/5.0 (Windows NT 10.0; Win64; x64) AppleWebKit/537.36 (KHTML, like Gecko) Chrome/87.0.4280.88 Safari/537.36"
177.39.96.180 - - [14/Dec/2020:14:47:50 +0100] "GET /swfobject.js HTTP/1.0" 404 1308 "http://www.wonder-geek.com/account_history_info.php?order_id=670" "Mozilla/5.0 (Windows NT 10.0; Win64; x64) AppleWebKit/537.36 (KHTML, like Gecko) Chrome/87.0.4280.88 Safari/537.36"
13.66.139.65 - - [14/Dec/2020:14:48:04 +0100] "GET /mirror-c-13_133.html HTTP/1.0" 200 90711 "-" "Mozilla/5.0 (compatible; bingbot/2.0; +http://www.bing.com/bingbot.htm)"
54.36.148.83 - - [14/Dec/2020:14:48:05 +0100] "GET /so-funky-vertical-messenger-bag-p-19061.html HTTP/1.0" 200 72840 "-" "Mozilla/5.0 (compatible; AhrefsBot/7.0; +http://ahrefs.com/robot/)"
207.46.13.175 - - [14/Dec/2020:14:48:30 +0100] "GET /images/8714143750068.jpg HTTP/1.0" 200 259 "-" "Mozilla/5.0 (compatible; bingbot/2.0; +http://www.bing.com/bingbot.htm)"
207.46.13.152 - - [14/Dec/2020:14:49:39 +0100] "GET /images/big_prod/8433933113790.jpg HTTP/1.0" 200 268 "-" "Mozilla/5.0 (compatible; bingbot/2.0; +http://www.bing.com/bingbot.htm)"
54.36.149.50 - - [14/Dec/2020:14:49:52 +0100] "GET /coca-cola-americana-set-of-coasters-p-26883.html HTTP/1.0" 301 69259 "-" "Mozilla/5.0 (compatible; AhrefsBot/7.0; +http://ahrefs.com/robot/)"
66.249.70.36 - - [14/Dec/2020:14:49:55 +0100] "GET /images/1345544334563.jpg HTTP/1.0" 200 259 "-" "Googlebot-Image/1.0"
114.119.154.200 - - [14/Dec/2020:14:50:03 +0100] "GET /images/big_prod/3453131127523.jpg HTTP/1.0" 200 268 "-" "Mozilla/5.0 (Linux; Android 7.0;) AppleWebKit/537.36 (KHTML, like Gecko) Mobile Safari/537.36 (compatible; PetalBot;+https://aspiegel.com/petalbot)"
54.36.148.3 - - [14/Dec/2020:14:50:11 +0100] "GET /wooden-wall-decoration-to-hang-ici-est-le-paradis-p-49979.html HTTP/1.0" 200 72107 "-" "Mozilla/5.0 (compatible; AhrefsBot/7.0; +http://ahrefs.com/robot/)"
207.46.13.152 - - [14/Dec/2020:14:51:20 +0100] "GET /images/big_prod/8422020184195.jpg HTTP/1.0" 200 268 "-" "Mozilla/5.0 (compatible; bingbot/2.0; +http://www.bing.com/bingbot.htm)"
54.36.148.83 - - [14/Dec/2020:14:52:08 +0100] "GET /home-and-decoration-c-13.html?page=112 HTTP/1.0" 200 91560 "-" "Mozilla/5.0 (compatible; AhrefsBot/7.0; +http://ahrefs.com/robot/)"
157.55.39.82 - - [14/Dec/2020:14:52:18 +0100] "GET /images/big_prod/3014627846443.jpg HTTP/1.0" 200 268 "-" "Mozilla/5.0 (compatible; bingbot/2.0; +http://www.bing.com/bingbot.htm)"
216.244.66.242 - - [14/Dec/2020:14:53:19 +0100] "GET /robots.txt HTTP/1.0" 200 245 "-" "Mozilla/5.0 (compatible; DotBot/1.1; http://www.opensiteexplorer.org/dotbot, help@moz.com)"
207.46.13.152 - - [14/Dec/2020:14:53:51 +0100] "GET /images/med_prod/3520071345765.jpg HTTP/1.0" 200 268 "-" "Mozilla/5.0 (compatible; bingbot/2.0; +http://www.bing.com/bingbot.htm)"
54.36.148.194 - - [14/Dec/2020:14:54:01 +0100] "GET /protects-mattress-fleece-cotton-90-190-cm-p-39147.html HTTP/1.0" 200 72005 "-" "Mozilla/5.0 (compatible; AhrefsBot/7.0; +http://ahrefs.com/robot/)"
207.46.13.90 - - [14/Dec/2020:14:54:19 +0100] "GET /images/3700276281758050720122.jpg HTTP/1.0" 200 268 "-" "Mozilla/5.0 (compatible; bingbot/2.0; +http://www.bing.com/bingbot.htm)"
13.66.139.26 - - [14/Dec/2020:14:54:24 +0100] "GET /-p-10639.html HTTP/1.0" 200 69192 "-" "Mozilla/5.0 (compatible; bingbot/2.0; +http://www.bing.com/bingbot.htm)"
114.119.132.105 - - [14/Dec/2020:14:54:24 +0100] "GET /images/mini_prod/4007698243241.jpg HTTP/1.0" 200 269 "-" "Mozilla/5.0 (Linux; Android 7.0;) AppleWebKit/537.36 (KHTML, like Gecko) Mobile Safari/537.36 (compatible; PetalBot;+https://aspiegel.com/petalbot)"
13.66.139.26 - - [14/Dec/2020:14:54:24 +0100] "GET /-p-11122.html HTTP/1.0" 200 69192 "-" "Mozilla/5.0 (compatible; bingbot/2.0; +http://www.bing.com/bingbot.htm)"
13.66.139.26 - - [14/Dec/2020:14:54:25 +0100] "GET /bugs-bunny-straight-shot-glass-p-4196.html HTTP/1.0" 200 69331 "-" "Mozilla/5.0 (compatible; bingbot/2.0; +http://www.bing.com/bingbot.htm)"
157.55.39.82 - - [14/Dec/2020:14:55:09 +0100] "GET /images/3700653508713.jpg HTTP/1.0" 200 259 "-" "Mozilla/5.0 (compatible; bingbot/2.0; +http://www.bing.com/bingbot.htm)"
54.36.149.84 - - [14/Dec/2020:14:55:58 +0100] "GET /rattan-baskets-47-cm-p-45463.html HTTP/1.0" 200 71851 "-" "Mozilla/5.0 (compatible; AhrefsBot/7.0; +http://ahrefs.com/robot/)"
17.58.101.145 - - [14/Dec/2020:14:56:03 +0100] "GET /horse-jewelry-box-p-49356.html HTTP/1.0" 200 71977 "-" "Mozilla/5.0 (Macintosh; Intel Mac OS X 10_15_5) AppleWebKit/605.1.15 (KHTML, like Gecko) Version/13.1.1 Safari/605.1.15 (Applebot/0.1; +http://www.apple.com/go/applebot)"
54.36.148.136 - - [14/Dec/2020:14:56:31 +0100] "GET /standing-flower-pot-p-51972.html HTTP/1.0" 301 69259 "-" "Mozilla/5.0 (compatible; AhrefsBot/7.0; +http://ahrefs.com/robot/)"
54.36.148.248 - - [14/Dec/2020:14:56:38 +0100] "GET /paw-patrol-small-suitcase-with-wheels-p-36287.html HTTP/1.0" 301 69259 "-" "Mozilla/5.0 (compatible; AhrefsBot/7.0; +http://ahrefs.com/robot/)"
54.36.149.33 - - [14/Dec/2020:14:57:06 +0100] "GET /doormat-of-coconut-fibers-garden-gnome-p-37954.html HTTP/1.0" 301 69259 "-" "Mozilla/5.0 (compatible; AhrefsBot/7.0; +http://ahrefs.com/robot/)"
13.66.139.65 - - [14/Dec/2020:14:57:40 +0100] "GET /bottle-holder-beer-bucket-c-12_224.html HTTP/1.0" 200 89342 "-" "Mozilla/5.0 (compatible; bingbot/2.0; +http://www.bing.com/bingbot.htm)"
54.36.148.83 - - [14/Dec/2020:14:58:00 +0100] "GET /ceramic-egg-cup-with-spoon-magalli-collection-p-52667.html HTTP/1.0" 200 71954 "-" "Mozilla/5.0 (compatible; AhrefsBot/7.0; +http://ahrefs.com/robot/)"
157.55.39.179 - - [14/Dec/2020:14:58:21 +0100] "GET /images/med_prod/3574642017018.jpg HTTP/1.0" 200 268 "-" "Mozilla/5.0 (compatible; bingbot/2.0; +http://www.bing.com/bingbot.htm)"
114.119.154.200 - - [14/Dec/2020:14:58:44 +0100] "GET /images/mini_prod/9316188081160.jpg HTTP/1.0" 200 269 "-" "Mozilla/5.0 (Linux; Android 7.0;) AppleWebKit/537.36 (KHTML, like Gecko) Mobile Safari/537.36 (compatible; PetalBot;+https://aspiegel.com/petalbot)"
157.55.39.184 - - [14/Dec/2020:14:59:44 +0100] "GET /images/mini_prod/3608860236538.jpg HTTP/1.0" 200 269 "-" "Mozilla/5.0 (compatible; bingbot/2.0; +http://www.bing.com/bingbot.htm)"
54.36.149.103 - - [14/Dec/2020:14:59:57 +0100] "GET /hello-kitty-picnic-bag-p-17166.html HTTP/1.0" 200 72250 "-" "Mozilla/5.0 (compatible; AhrefsBot/7.0; +http://ahrefs.com/robot/)"
46.118.239.191 - - [14/Dec/2020:15:00:23 +0100] "GET / HTTP/1.0" 200 149093 "-" "Mozilla/5.0 (Windows NT 6.3; Win64; x64) AppleWebKit/537.36 (KHTML, like Gecko) Chrome/75.0.3770.100 Safari/537.36"
207.46.13.49 - - [14/Dec/2020:15:00:25 +0100] "GET /images/big_prod/8424001540068.jpg HTTP/1.0" 200 268 "-" "Mozilla/5.0 (compatible; bingbot/2.0; +http://www.bing.com/bingbot.htm)"
157.55.39.82 - - [14/Dec/2020:15:00:50 +0100] "GET /images/big_prod/7601020000419.jpg HTTP/1.0" 200 268 "-" "Mozilla/5.0 (compatible; bingbot/2.0; +http://www.bing.com/bingbot.htm)"
207.46.13.49 - - [14/Dec/2020:15:00:55 +0100] "GET /gorjuss-pencil-pot-p-49477.html HTTP/1.0" 200 72623 "-" "Mozilla/5.0 (compatible; bingbot/2.0; +http://www.bing.com/bingbot.htm)"
54.36.148.83 - - [14/Dec/2020:15:01:55 +0100] "GET /the-little-prince-navy-blue-jewelry-box-phosphorescent-p-16447.html HTTP/1.0" 200 73377 "-" "Mozilla/5.0 (compatible; AhrefsBot/7.0; +http://ahrefs.com/robot/)"
114.119.158.196 - - [14/Dec/2020:15:03:03 +0100] "GET /pink-vintage-tv-alarm-clock-p-38261.html HTTP/1.0" 200 71916 "-" "Mozilla/5.0 (Linux; Android 7.0;) AppleWebKit/537.36 (KHTML, like Gecko) Mobile Safari/537.36 (compatible; PetalBot;+https://aspiegel.com/petalbot)"
51.68.224.127 - - [14/Dec/2020:15:03:26 +0100] "GET /adminweb/export_orders_xml.php?token=256de2z6edz6ed2z6DFSFsed2zed6zeDSFDSGdzedezfzf&maxorders=10&orderstart=1&status=14&start_date=2018-10-01 HTTP/1.0" 200 285 "-" "GesCom CharlotteBoutik Serveur"
51.68.224.127 - - [14/Dec/2020:15:03:26 +0100] "GET /adminweb/export_orders_xml.php?token=256de2z6edz6ed2z6DFSFsed2zed6zeDSFDSGdzedezfzf&maxorders=10&orderstart=1&status=6&start_date=2018-10-01 HTTP/1.0" 200 30026 "-" "GesCom CharlotteBoutik Serveur"
54.36.148.200 - - [14/Dec/2020:15:03:56 +0100] "GET /paris-saint-germain-organiser-file-p-52111.html HTTP/1.0" 200 71948 "-" "Mozilla/5.0 (compatible; AhrefsBot/7.0; +http://ahrefs.com/robot/)"
157.55.39.82 - - [14/Dec/2020:15:04:09 +0100] "GET /images/big_prod/8422099381075.jpg HTTP/1.0" 200 268 "-" "Mozilla/5.0 (compatible; bingbot/2.0; +http://www.bing.com/bingbot.htm)"
157.55.39.179 - - [14/Dec/2020:15:04:14 +0100] "GET /images/8435306215780.jpg HTTP/1.0" 200 259 "-" "Mozilla/5.0 (compatible; bingbot/2.0; +http://www.bing.com/bingbot.htm)"
54.36.149.67 - - [14/Dec/2020:15:05:56 +0100] "GET /pet-shop-c-155.html?page=2 HTTP/1.0" 200 89013 "-" "Mozilla/5.0 (compatible; AhrefsBot/7.0; +http://ahrefs.com/robot/)"
216.244.66.242 - - [14/Dec/2020:15:07:20 +0100] "GET /red-kitchen-towel-50-70-cm-p-44414.html HTTP/1.0" 200 71856 "-" "Mozilla/5.0 (compatible; DotBot/1.1; http://www.opensiteexplorer.org/dotbot, help@moz.com)"
114.119.151.113 - - [14/Dec/2020:15:07:27 +0100] "GET /images/mini_prod/3565750332667.jpg HTTP/1.0" 200 269 "-" "Mozilla/5.0 (Linux; Android 7.0;) AppleWebKit/537.36 (KHTML, like Gecko) Mobile Safari/537.36 (compatible; PetalBot;+https://aspiegel.com/petalbot)"
54.36.149.14 - - [14/Dec/2020:15:07:49 +0100] "GET /harley-davidson-large-box-p-37071.html HTTP/1.0" 200 71979 "-" "Mozilla/5.0 (compatible; AhrefsBot/7.0; +http://ahrefs.com/robot/)"
216.244.66.242 - - [14/Dec/2020:15:07:53 +0100] "GET /disney-princess-dinner-set-p-16561.html HTTP/1.0" 200 72522 "-" "Mozilla/5.0 (compatible; DotBot/1.1; http://www.opensiteexplorer.org/dotbot, help@moz.com)"
216.244.66.242 - - [14/Dec/2020:15:08:06 +0100] "GET /mandalas-set-of-coasters-p-47155.html HTTP/1.0" 200 72661 "-" "Mozilla/5.0 (compatible; DotBot/1.1; http://www.opensiteexplorer.org/dotbot, help@moz.com)"
216.244.66.242 - - [14/Dec/2020:15:08:21 +0100] "GET /tweety-love-money-box-p-34081.html HTTP/1.0" 200 71874 "-" "Mozilla/5.0 (compatible; DotBot/1.1; http://www.opensiteexplorer.org/dotbot, help@moz.com)"
216.244.66.242 - - [14/Dec/2020:15:08:27 +0100] "GET /-p-22561.html HTTP/1.0" 200 69192 "-" "Mozilla/5.0 (compatible; DotBot/1.1; http://www.opensiteexplorer.org/dotbot, help@moz.com)"
216.244.66.242 - - [14/Dec/2020:15:08:30 +0100] "GET /be-happy-porcelain-bowl-480-ml-p-44484.html HTTP/1.0" 200 71885 "-" "Mozilla/5.0 (compatible; DotBot/1.1; http://www.opensiteexplorer.org/dotbot, help@moz.com)"
157.55.39.217 - - [14/Dec/2020:15:08:33 +0100] "GET /images/mini_prod/1384010190630.jpg HTTP/1.0" 200 269 "-" "Mozilla/5.0 (compatible; bingbot/2.0; +http://www.bing.com/bingbot.htm)"
17.58.101.145 - - [14/Dec/2020:15:08:38 +0100] "GET /french-riviera-small-bag-red-p-38724.html HTTP/1.0" 200 72205 "-" "Mozilla/5.0 (Macintosh; Intel Mac OS X 10_15_5) AppleWebKit/605.1.15 (KHTML, like Gecko) Version/13.1.1 Safari/605.1.15 (Applebot/0.1; +http://www.apple.com/go/applebot)"
66.249.70.62 - - [14/Dec/2020:15:09:20 +0100] "GET /collectible-figurines-and-decorative-c-13_135.html HTTP/1.0" 200 95418 "-" "Mozilla/5.0 (Linux; Android 6.0.1; Nexus 5X Build/MMB29P) AppleWebKit/537.36 (KHTML, like Gecko) Chrome/87.0.4280.90 Mobile Safari/537.36 (compatible; Googlebot/2.1; +http://www.google.com/bot.html)"
54.36.148.83 - - [14/Dec/2020:15:09:40 +0100] "GET /frozen-anna-disney-glitter-globe-p-33587.html HTTP/1.0" 200 72039 "-" "Mozilla/5.0 (compatible; AhrefsBot/7.0; +http://ahrefs.com/robot/)"
13.66.139.65 - - [14/Dec/2020:15:10:27 +0100] "GET /-p-15470.html HTTP/1.0" 200 69192 "-" "Mozilla/5.0 (compatible; bingbot/2.0; +http://www.bing.com/bingbot.htm)"
157.55.39.179 - - [14/Dec/2020:15:10:32 +0100] "GET /-p-4800.html HTTP/1.0" 200 69190 "-" "Mozilla/5.0 (compatible; bingbot/2.0; +http://www.bing.com/bingbot.htm)"
54.36.149.93 - - [14/Dec/2020:15:10:43 +0100] "GET /winnie-the-pooh-mug-p-27659.html HTTP/1.0" 301 69259 "-" "Mozilla/5.0 (compatible; AhrefsBot/7.0; +http://ahrefs.com/robot/)"
66.249.70.33 - - [14/Dec/2020:15:10:48 +0100] "GET /placemats-c-12_156.html HTTP/1.0" 200 90986 "-" "Mozilla/5.0 (compatible; Googlebot/2.1; +http://www.google.com/bot.html)"
54.36.149.96 - - [14/Dec/2020:15:11:28 +0100] "GET /frozen-anna-jewelry-box-p-32413.html HTTP/1.0" 200 72242 "-" "Mozilla/5.0 (compatible; AhrefsBot/7.0; +http://ahrefs.com/robot/)"
114.119.150.15 - - [14/Dec/2020:15:11:47 +0100] "GET /paris-la-petite-reine-cotton-kitchen-towel-made-in-france-p-36630.html HTTP/1.0" 200 72130 "-" "Mozilla/5.0 (Linux; Android 7.0;) AppleWebKit/537.36 (KHTML, like Gecko) Mobile Safari/537.36 (compatible; PetalBot;+https://aspiegel.com/petalbot)"
13.66.139.65 - - [14/Dec/2020:15:12:28 +0100] "GET /-p-12670.html HTTP/1.0" 200 69192 "-" "Mozilla/5.0 (compatible; bingbot/2.0; +http://www.bing.com/bingbot.htm)"
207.46.13.90 - - [14/Dec/2020:15:12:32 +0100] "GET /images/med_prod/000000000tigre.jpg HTTP/1.0" 200 269 "-" "Mozilla/5.0 (compatible; bingbot/2.0; +http://www.bing.com/bingbot.htm)"
54.36.148.83 - - [14/Dec/2020:15:13:15 +0100] "GET /gorjuss-heartfelt-manicure-set-p-38214.html HTTP/1.0" 200 72825 "-" "Mozilla/5.0 (compatible; AhrefsBot/7.0; +http://ahrefs.com/robot/)"
157.55.39.172 - - [14/Dec/2020:15:13:50 +0100] "GET /images/1341689170806b.jpg HTTP/1.0" 200 260 "-" "Mozilla/5.0 (compatible; bingbot/2.0; +http://www.bing.com/bingbot.htm)"
54.36.148.83 - - [14/Dec/2020:15:15:15 +0100] "GET /stone-green-opal-50-60-grams-p-46620.html HTTP/1.0" 200 73003 "-" "Mozilla/5.0 (compatible; AhrefsBot/7.0; +http://ahrefs.com/robot/)"
108.59.8.80 - - [14/Dec/2020:15:15:28 +0100] "GET /robots.txt HTTP/1.0" 200 245 "-" "Mozilla/5.0 (compatible; MJ12bot/v1.4.8; http://mj12bot.com/)"
108.59.8.80 - - [14/Dec/2020:15:15:30 +0100] "GET / HTTP/1.0" 200 149229 "-" "Mozilla/5.0 (compatible; MJ12bot/v1.4.8; http://mj12bot.com/)"
114.119.130.202 - - [14/Dec/2020:15:16:09 +0100] "GET /%20images/med_prod/3457098823283.jpg HTTP/1.0" 404 1308 "-" "Mozilla/5.0 (Linux; Android 7.0;) AppleWebKit/537.36 (KHTML, like Gecko) Mobile Safari/537.36 (compatible; PetalBot;+https://aspiegel.com/petalbot)"
54.36.149.102 - - [14/Dec/2020:15:17:06 +0100] "GET /paris-macaroons-magnet-p-24384.html HTTP/1.0" 200 73873 "-" "Mozilla/5.0 (compatible; AhrefsBot/7.0; +http://ahrefs.com/robot/)"
17.58.101.145 - - [14/Dec/2020:15:17:59 +0100] "GET /corsica-wall-decoration-p-48235.html HTTP/1.0" 200 71863 "-" "Mozilla/5.0 (Macintosh; Intel Mac OS X 10_15_5) AppleWebKit/605.1.15 (KHTML, like Gecko) Version/13.1.1 Safari/605.1.15 (Applebot/0.1; +http://www.apple.com/go/applebot)"
185.191.171.19 - - [14/Dec/2020:15:18:11 +0100] "GET /robots.txt HTTP/1.0" 200 245 "-" "Mozilla/5.0 (compatible; SemrushBot/7~bl; +http://www.semrush.com/bot.html)"
185.191.171.40 - - [14/Dec/2020:15:18:12 +0100] "GET /the-little-prince-musical-box-p-36930.html HTTP/1.0" 200 72059 "-" "Mozilla/5.0 (compatible; SemrushBot/7~bl; +http://www.semrush.com/bot.html)"
54.36.149.49 - - [14/Dec/2020:15:19:04 +0100] "GET /corsica-white-mug-p-43550.html HTTP/1.0" 200 71769 "-" "Mozilla/5.0 (compatible; AhrefsBot/7.0; +http://ahrefs.com/robot/)"
