207.46.13.175 - - [14/Dec/2020:15:28:43 +0100] "GET /images/8718531320970.jpg HTTP/1.1" 200 48390 "-" "Mozilla/5.0 (compatible; bingbot/2.0; +http://www.bing.com/bingbot.htm)"
157.55.39.217 - - [14/Dec/2020:15:29:05 +0100] "GET /images/big_prod/1384010203514.jpg HTTP/1.1" 200 95751 "-" "Mozilla/5.0 (compatible; bingbot/2.0; +http://www.bing.com/bingbot.htm)"
114.119.154.200 - - [14/Dec/2020:15:29:16 +0100] "GET /images/big_prod_2/8424346522620C.jpg HTTP/1.1" 200 111261 "-" "Mozilla/5.0 (Linux; Android 7.0;) AppleWebKit/537.36 (KHTML, like Gecko) Mobile Safari/537.36 (compatible; PetalBot;+https://aspiegel.com/petalbot)"
193.134.187.21 - - [14/Dec/2020:15:29:39 +0100] "GET /images/8028501699259.jpg HTTP/1.1" 200 41231 "-" "Mozilla/5.0 (Windows NT 6.1; WOW64; Trident/7.0; rv:11.0) like Gecko"
66.249.85.72 - - [14/Dec/2020:15:29:57 +0100] "GET /images/4717115120269.jpg HTTP/1.1" 200 28588 "-" "Mozilla/5.0 (Windows NT 5.1; rv:11.0) Gecko Firefox/11.0 (via ggpht.com GoogleImageProxy)"
207.46.13.90 - - [14/Dec/2020:15:31:52 +0100] "GET /js/jquery.jqzoom.js HTTP/1.1" 200 4761 "-" "Mozilla/5.0 (compatible; bingbot/2.0; +http://www.bing.com/bingbot.htm)"
157.55.39.217 - - [14/Dec/2020:15:31:57 +0100] "GET /mondial_relay/js/jquery-1.3.2.min.js HTTP/1.1" 200 57254 "-" "Mozilla/5.0 (compatible; bingbot/2.0; +http://www.bing.com/bingbot.htm)"
54.236.1.11 - - [14/Dec/2020:15:34:24 +0100] "GET /robots.txt HTTP/1.1" 200 2438 "-" "Mozilla/5.0 (compatible; Pinterestbot/1.0; +http://www.pinterest.com/bot.html)"
157.55.39.184 - - [14/Dec/2020:15:36:13 +0100] "GET /images/big_prod_4/4260082936468.jpg HTTP/1.1" 200 268582 "-" "Mozilla/5.0 (compatible; bingbot/2.0; +http://www.bing.com/bingbot.htm)"
157.55.39.82 - - [14/Dec/2020:15:37:44 +0100] "GET /images/big_prod/9316188080187.jpg HTTP/1.1" 200 77404 "-" "Mozilla/5.0 (compatible; bingbot/2.0; +http://www.bing.com/bingbot.htm)"
114.119.134.41 - - [14/Dec/2020:15:37:58 +0100] "GET /images/big_prod/1384010184257.jpg HTTP/1.1" 200 94786 "-" "Mozilla/5.0 (Linux; Android 7.0;) AppleWebKit/537.36 (KHTML, like Gecko) Mobile Safari/537.36 (compatible; PetalBot;+https://aspiegel.com/petalbot)"
157.55.39.172 - - [14/Dec/2020:15:38:12 +0100] "GET /images/med_prod/5051276185941.jpg HTTP/1.1" 200 100476 "-" "Mozilla/5.0 (compatible; bingbot/2.0; +http://www.bing.com/bingbot.htm)"
207.46.13.152 - - [14/Dec/2020:15:39:05 +0100] "GET /images/3700057114015.jpg HTTP/1.1" 200 18677 "-" "Mozilla/5.0 (compatible; bingbot/2.0; +http://www.bing.com/bingbot.htm)"
157.55.39.179 - - [14/Dec/2020:15:39:24 +0100] "GET /images/3438100339831.jpg HTTP/1.1" 200 20467 "-" "Mozilla/5.0 (compatible; bingbot/2.0; +http://www.bing.com/bingbot.htm)"
207.46.13.90 - - [14/Dec/2020:15:41:13 +0100] "GET /images/8435141366753.jpg HTTP/1.1" 200 31787 "-" "Mozilla/5.0 (compatible; bingbot/2.0; +http://www.bing.com/bingbot.htm)"
157.55.39.217 - - [14/Dec/2020:15:42:56 +0100] "GET /images/med_prod/8435107823979.jpg HTTP/1.1" 200 166533 "-" "Mozilla/5.0 (compatible; bingbot/2.0; +http://www.bing.com/bingbot.htm)"
207.46.13.175 - - [14/Dec/2020:15:43:15 +0100] "GET /images/big_prod/8422033225311.jpg HTTP/1.1" 200 182653 "-" "Mozilla/5.0 (compatible; bingbot/2.0; +http://www.bing.com/bingbot.htm)"
77.75.77.95 - - [14/Dec/2020:15:43:17 +0100] "GET /robots.txt HTTP/1.1" 200 2438 "-" "Mozilla/5.0 (compatible; SeznamBot/3.2; +http://napoveda.seznam.cz/en/seznambot-intro/)"
216.244.66.242 - - [14/Dec/2020:15:43:20 +0100] "GET /robots.txt HTTP/1.1" 200 2438 "-" "Mozilla/5.0 (compatible; DotBot/1.1; http://www.opensiteexplorer.org/dotbot, help@moz.com)"
207.46.13.152 - - [14/Dec/2020:15:46:55 +0100] "GET /images/1300010237397.jpg HTTP/1.1" 200 52798 "-" "Mozilla/5.0 (compatible; bingbot/2.0; +http://www.bing.com/bingbot.htm)"
207.46.13.175 - - [14/Dec/2020:15:51:26 +0100] "GET /images/big_prod/3503420190551.jpg HTTP/1.1" 200 127433 "-" "Mozilla/5.0 (compatible; bingbot/2.0; +http://www.bing.com/bingbot.htm)"
157.55.39.82 - - [14/Dec/2020:15:51:34 +0100] "GET /images/big_prod/3503420093814.jpg HTTP/1.1" 200 68354 "-" "Mozilla/5.0 (compatible; bingbot/2.0; +http://www.bing.com/bingbot.htm)"
157.55.39.82 - - [14/Dec/2020:15:52:06 +0100] "GET /images/big_prod_1/3453131152440b.jpg HTTP/1.1" 200 256486 "-" "Mozilla/5.0 (compatible; bingbot/2.0; +http://www.bing.com/bingbot.htm)"
207.46.13.175 - - [14/Dec/2020:15:53:05 +0100] "GET /images/9316188044172.jpg HTTP/1.1" 200 25828 "-" "Mozilla/5.0 (compatible; bingbot/2.0; +http://www.bing.com/bingbot.htm)"
207.46.13.90 - - [14/Dec/2020:15:53:55 +0100] "GET /images/3700235419345.jpg HTTP/1.1" 200 18327 "-" "Mozilla/5.0 (compatible; bingbot/2.0; +http://www.bing.com/bingbot.htm)"
17.58.101.145 - - [14/Dec/2020:15:57:10 +0100] "GET /images/mini_prod/3700344872109.jpg HTTP/1.1" 200 4004 "-" "Mozilla/5.0 (Macintosh; Intel Mac OS X 10_15_5) AppleWebKit/605.1.15 (KHTML, like Gecko) Version/13.1.1 Safari/605.1.15 (Applebot/0.1; +http://www.apple.com/go/applebot)"
157.55.39.217 - - [14/Dec/2020:15:57:37 +0100] "GET /images/3438100341247.jpg HTTP/1.1" 200 18831 "-" "Mozilla/5.0 (compatible; bingbot/2.0; +http://www.bing.com/bingbot.htm)"
207.46.13.49 - - [14/Dec/2020:16:04:01 +0100] "GET /images/mini_prod/3760116321259.jpg HTTP/1.1" 200 13981 "-" "Mozilla/5.0 (compatible; bingbot/2.0; +http://www.bing.com/bingbot.htm)"
207.46.13.152 - - [14/Dec/2020:16:04:47 +0100] "GET /images/big_prod/1384010201138.jpg HTTP/1.1" 200 90063 "-" "Mozilla/5.0 (compatible; bingbot/2.0; +http://www.bing.com/bingbot.htm)"
207.46.13.152 - - [14/Dec/2020:16:04:47 +0100] "GET /images/med_prod/1345544791847.jpg HTTP/1.1" 200 94759 "-" "Mozilla/5.0 (compatible; bingbot/2.0; +http://www.bing.com/bingbot.htm)"
207.46.13.152 - - [14/Dec/2020:16:06:17 +0100] "GET /images/mini_prod/3665269031560.jpg HTTP/1.1" 200 7224 "-" "Mozilla/5.0 (compatible; bingbot/2.0; +http://www.bing.com/bingbot.htm)"
157.55.39.184 - - [14/Dec/2020:16:07:13 +0100] "GET /images/mini_prod/8433933226438.jpg HTTP/1.1" 200 8506 "-" "Mozilla/5.0 (compatible; bingbot/2.0; +http://www.bing.com/bingbot.htm)"
207.46.13.152 - - [14/Dec/2020:16:10:08 +0100] "GET /images/big_prod/4029811363988.jpg HTTP/1.1" 200 51648 "-" "Mozilla/5.0 (compatible; bingbot/2.0; +http://www.bing.com/bingbot.htm)"
114.119.158.196 - - [14/Dec/2020:16:17:26 +0100] "GET /images/mini_prod/8422010052213.jpg HTTP/1.1" 200 8251 "-" "Mozilla/5.0 (Linux; Android 7.0;) AppleWebKit/537.36 (KHTML, like Gecko) Mobile Safari/537.36 (compatible; PetalBot;+https://aspiegel.com/petalbot)"
207.46.13.49 - - [14/Dec/2020:16:19:53 +0100] "GET /images/big_prod/3503420165863.jpg HTTP/1.1" 200 66739 "-" "Mozilla/5.0 (compatible; bingbot/2.0; +http://www.bing.com/bingbot.htm)"
157.55.39.184 - - [14/Dec/2020:16:21:22 +0100] "GET /images/big_prod/3665269058703a.jpg HTTP/1.1" 200 54969 "-" "Mozilla/5.0 (compatible; bingbot/2.0; +http://www.bing.com/bingbot.htm)"
114.119.147.45 - - [14/Dec/2020:16:21:53 +0100] "GET /images/7601019990097.jpg HTTP/1.1" 200 53114 "-" "Mozilla/5.0 (Linux; Android 7.0;) AppleWebKit/537.36 (KHTML, like Gecko) Mobile Safari/537.36 (compatible; PetalBot;+https://aspiegel.com/petalbot)"
207.46.13.152 - - [14/Dec/2020:16:28:09 +0100] "GET /images/big_prod/8719497611546.jpg HTTP/1.1" 200 97058 "-" "Mozilla/5.0 (compatible; bingbot/2.0; +http://www.bing.com/bingbot.htm)"
157.55.39.217 - - [14/Dec/2020:16:28:30 +0100] "GET /images/3700057116859.jpg HTTP/1.1" 200 87484 "-" "Mozilla/5.0 (compatible; bingbot/2.0; +http://www.bing.com/bingbot.htm)"
157.55.39.184 - - [14/Dec/2020:16:28:53 +0100] "GET /images/3524550047201.jpg HTTP/1.1" 200 32139 "-" "Mozilla/5.0 (compatible; bingbot/2.0; +http://www.bing.com/bingbot.htm)"
114.119.129.22 - - [14/Dec/2020:16:30:26 +0100] "GET /robots.txt HTTP/1.1" 200 2438 "-" "(compatible;PetalBot;+https://aspiegel.com/petalbot)"
157.55.39.217 - - [14/Dec/2020:16:31:21 +0100] "GET /images/med_prod/8435306285783.jpg HTTP/1.1" 200 170074 "-" "Mozilla/5.0 (compatible; bingbot/2.0; +http://www.bing.com/bingbot.htm)"
94.10.191.8 - - [14/Dec/2020:16:31:40 +0100] "GET /images/1300010240311.jpg HTTP/1.1" 200 165252 "https://www.bing.com/" "Mozilla/5.0 (Linux; Android 7.1.2; KFMUWI) AppleWebKit/537.36 (KHTML, like Gecko) Silk/83.4.3 like Chrome/83.0.4103.106 Safari/537.36"
114.119.132.105 - - [14/Dec/2020:16:34:47 +0100] "GET /images/mini_prod/4250255840098a.jpg HTTP/1.1" 200 5879 "-" "Mozilla/5.0 (Linux; Android 7.0;) AppleWebKit/537.36 (KHTML, like Gecko) Mobile Safari/537.36 (compatible; PetalBot;+https://aspiegel.com/petalbot)"
216.244.66.242 - - [14/Dec/2020:16:35:22 +0100] "GET /robots.txt HTTP/1.1" 200 2438 "-" "Mozilla/5.0 (compatible; DotBot/1.1; http://www.opensiteexplorer.org/dotbot, help@moz.com)"
157.55.39.179 - - [14/Dec/2020:16:35:51 +0100] "GET /images/big_prod/3700516224873.jpg HTTP/1.1" 200 161873 "-" "Mozilla/5.0 (compatible; bingbot/2.0; +http://www.bing.com/bingbot.htm)"
157.55.39.217 - - [14/Dec/2020:16:36:51 +0100] "GET /images/med_prod/1399984285008.jpg HTTP/1.1" 200 97203 "-" "Mozilla/5.0 (compatible; bingbot/2.0; +http://www.bing.com/bingbot.htm)"
207.46.13.49 - - [14/Dec/2020:16:37:17 +0100] "GET /images/big_prod_1/z5018997632260.jpg HTTP/1.1" 200 481534 "-" "Mozilla/5.0 (compatible; bingbot/2.0; +http://www.bing.com/bingbot.htm)"
114.119.159.145 - - [14/Dec/2020:16:39:08 +0100] "GET /robots.txt HTTP/1.1" 200 2438 "-" "(compatible;PetalBot;+https://aspiegel.com/petalbot)"
207.46.13.152 - - [14/Dec/2020:16:40:31 +0100] "GET /images/8430269357799.jpg HTTP/1.1" 200 92979 "-" "Mozilla/5.0 (compatible; bingbot/2.0; +http://www.bing.com/bingbot.htm)"
157.55.39.82 - - [14/Dec/2020:16:42:40 +0100] "GET /images/big_prod/3520071693804.jpg HTTP/1.1" 200 56447 "-" "Mozilla/5.0 (compatible; bingbot/2.0; +http://www.bing.com/bingbot.htm)"
114.119.147.45 - - [14/Dec/2020:16:43:33 +0100] "GET /images/big_prod_1/b8719172837216.jpg HTTP/1.1" 200 245474 "-" "Mozilla/5.0 (Linux; Android 7.0;) AppleWebKit/537.36 (KHTML, like Gecko) Mobile Safari/537.36 (compatible; PetalBot;+https://aspiegel.com/petalbot)"
5.69.143.133 - - [14/Dec/2020:16:43:46 +0100] "GET /images/big_prod_2/c8717202557592.jpg HTTP/1.1" 200 65068 "-" "Mozilla/5.0 (Windows NT 10.0; WOW64; Trident/7.0; rv:11.0) like Gecko"
207.46.13.175 - - [14/Dec/2020:16:44:12 +0100] "GET /images/big_prod_1/3609810065093a.jpg HTTP/1.1" 200 189980 "-" "Mozilla/5.0 (compatible; bingbot/2.0; +http://www.bing.com/bingbot.htm)"
207.46.13.175 - - [14/Dec/2020:16:44:12 +0100] "GET /images/big_prod/3608860230680.jpg HTTP/1.1" 200 84582 "-" "Mozilla/5.0 (compatible; bingbot/2.0; +http://www.bing.com/bingbot.htm)"
5.69.143.133 - - [14/Dec/2020:16:44:33 +0100] "GET /images/big_prod/1384010203422.jpg HTTP/1.1" 200 39648 "-" "Mozilla/5.0 (Windows NT 10.0; WOW64; Trident/7.0; rv:11.0) like Gecko"
114.119.130.202 - - [14/Dec/2020:16:47:54 +0100] "GET /images/mini_prod/8424346227211.jpg HTTP/1.1" 200 3861 "-" "Mozilla/5.0 (Linux; Android 7.0;) AppleWebKit/537.36 (KHTML, like Gecko) Mobile Safari/537.36 (compatible; PetalBot;+https://aspiegel.com/petalbot)"
157.55.39.82 - - [14/Dec/2020:16:49:20 +0100] "GET /images/big_prod_1/b8718657460628.jpg HTTP/1.1" 200 82932 "-" "Mozilla/5.0 (compatible; bingbot/2.0; +http://www.bing.com/bingbot.htm)"
66.249.70.62 - - [14/Dec/2020:16:49:56 +0100] "GET /images/mini_prod/3609810098961.jpg HTTP/1.1" 200 8624 "-" "Googlebot-Image/1.0"
157.55.39.172 - - [14/Dec/2020:16:50:00 +0100] "GET /images/5010994048372.jpg HTTP/1.1" 200 46061 "-" "Mozilla/5.0 (compatible; bingbot/2.0; +http://www.bing.com/bingbot.htm)"
114.119.147.45 - - [14/Dec/2020:16:52:16 +0100] "GET /images/big_prod/5415203503664.jpg HTTP/1.1" 200 44275 "-" "Mozilla/5.0 (Linux; Android 7.0;) AppleWebKit/537.36 (KHTML, like Gecko) Mobile Safari/537.36 (compatible; PetalBot;+https://aspiegel.com/petalbot)"
157.55.39.82 - - [14/Dec/2020:16:53:51 +0100] "GET /images/med_prod/1384010176320.jpg HTTP/1.1" 200 56801 "-" "Mozilla/5.0 (compatible; bingbot/2.0; +http://www.bing.com/bingbot.htm)"
207.46.13.49 - - [14/Dec/2020:16:54:07 +0100] "GET /images/3521320800448.jpg HTTP/1.1" 200 50121 "-" "Mozilla/5.0 (compatible; bingbot/2.0; +http://www.bing.com/bingbot.htm)"
114.119.158.196 - - [14/Dec/2020:16:56:39 +0100] "GET /images/mini_prod/degas5.jpg HTTP/1.1" 200 6096 "-" "Mozilla/5.0 (Linux; Android 7.0;) AppleWebKit/537.36 (KHTML, like Gecko) Mobile Safari/537.36 (compatible; PetalBot;+https://aspiegel.com/petalbot)"
40.114.177.32 - - [14/Dec/2020:16:56:51 +0100] "GET /images/3760194750842.jpg HTTP/1.1" 200 37385 "-" "DuckDuckBot/1.1; (+http://duckduckgo.com/duckduckbot.html)"
157.55.39.172 - - [14/Dec/2020:16:59:00 +0100] "GET /images/big_prod/5018997260081.jpg HTTP/1.1" 200 62760 "-" "Mozilla/5.0 (compatible; bingbot/2.0; +http://www.bing.com/bingbot.htm)"
207.46.13.152 - - [14/Dec/2020:17:07:12 +0100] "GET /images/big_prod_1/3014627746125.jpg HTTP/1.1" 200 127617 "-" "Mozilla/5.0 (compatible; bingbot/2.0; +http://www.bing.com/bingbot.htm)"
207.46.13.49 - - [14/Dec/2020:17:07:49 +0100] "GET /images/8435333807712.jpg HTTP/1.1" 200 92409 "-" "Mozilla/5.0 (compatible; bingbot/2.0; +http://www.bing.com/bingbot.htm)"
207.46.13.175 - - [14/Dec/2020:17:08:22 +0100] "GET /images/4225055184987.jpg HTTP/1.1" 200 27979 "-" "Mozilla/5.0 (compatible; bingbot/2.0; +http://www.bing.com/bingbot.htm)"
114.119.147.45 - - [14/Dec/2020:17:09:41 +0100] "GET /images/mini_prod/3453131152440.jpg HTTP/1.1" 200 6281 "-" "Mozilla/5.0 (Linux; Android 7.0;) AppleWebKit/537.36 (KHTML, like Gecko) Mobile Safari/537.36 (compatible; PetalBot;+https://aspiegel.com/petalbot)"
207.46.13.175 - - [14/Dec/2020:17:11:37 +0100] "GET /images/8435306231896.jpg HTTP/1.1" 200 34652 "-" "Mozilla/5.0 (compatible; bingbot/2.0; +http://www.bing.com/bingbot.htm)"
207.46.13.175 - - [14/Dec/2020:17:11:37 +0100] "GET /images/mini_prod/3014627927548.jpg HTTP/1.1" 200 4968 "-" "Mozilla/5.0 (compatible; bingbot/2.0; +http://www.bing.com/bingbot.htm)"
207.46.13.175 - - [14/Dec/2020:17:13:13 +0100] "GET /images/4007176128428.jpg HTTP/1.1" 200 21341 "-" "Mozilla/5.0 (compatible; bingbot/2.0; +http://www.bing.com/bingbot.htm)"
66.249.70.36 - - [14/Dec/2020:17:13:43 +0100] "GET /mondial_relay/js/jquery-1.3.2.min.js HTTP/1.1" 200 57254 "http://www.wonder-geek.com/boho-canvas-frame-40-30-cm-dream-catcher-p-39217.html" "Mozilla/5.0 (Linux; Android 6.0.1; Nexus 5X Build/MMB29P) AppleWebKit/537.36 (KHTML, like Gecko) Chrome/87.0.4280.90 Mobile Safari/537.36 (compatible; Googlebot/2.1; +http://www.google.com/bot.html)"
157.55.39.217 - - [14/Dec/2020:17:13:43 +0100] "GET /images/med_prod/4012390389623.jpg HTTP/1.1" 200 62876 "-" "Mozilla/5.0 (compatible; bingbot/2.0; +http://www.bing.com/bingbot.htm)"
207.46.13.90 - - [14/Dec/2020:17:16:02 +0100] "GET /images/mini_prod/8849233801266.jpg HTTP/1.1" 200 5422 "-" "Mozilla/5.0 (compatible; bingbot/2.0; +http://www.bing.com/bingbot.htm)"
207.46.13.49 - - [14/Dec/2020:17:17:20 +0100] "GET /images/big_prod_1/3665269006858a.jpg HTTP/1.1" 200 85815 "-" "Mozilla/5.0 (compatible; bingbot/2.0; +http://www.bing.com/bingbot.htm)"
207.46.13.90 - - [14/Dec/2020:17:19:33 +0100] "GET /images/med_prod/3700516206961.jpg HTTP/1.1" 200 76403 "-" "Mozilla/5.0 (compatible; bingbot/2.0; +http://www.bing.com/bingbot.htm)"
157.55.39.179 - - [14/Dec/2020:17:20:14 +0100] "GET /images/beatlesnoir.jpg HTTP/1.1" 200 128057 "-" "Mozilla/5.0 (compatible; bingbot/2.0; +http://www.bing.com/bingbot.htm)"
207.46.13.49 - - [14/Dec/2020:17:20:19 +0100] "GET /images/12485-strega-biancaneve.jpg HTTP/1.1" 200 28011 "-" "Mozilla/5.0 (compatible; bingbot/2.0; +http://www.bing.com/bingbot.htm)"
40.77.167.36 - - [14/Dec/2020:17:20:25 +0100] "GET /images/big_prod/8719075395172.jpg HTTP/1.1" 200 80736 "-" "Mozilla/5.0 (compatible; bingbot/2.0; +http://www.bing.com/bingbot.htm)"
40.77.167.36 - - [14/Dec/2020:17:20:56 +0100] "GET /images/5013994698974.jpg HTTP/1.1" 200 28290 "-" "Mozilla/5.0 (compatible; bingbot/2.0; +http://www.bing.com/bingbot.htm)"
157.55.39.184 - - [14/Dec/2020:17:21:26 +0100] "GET /images/big_prod/1384010202913.jpg HTTP/1.1" 200 57140 "-" "Mozilla/5.0 (compatible; bingbot/2.0; +http://www.bing.com/bingbot.htm)"
146.90.71.94 - - [14/Dec/2020:17:24:18 +0100] "GET /templates/Pixame_v1/stylesheet.css HTTP/1.1" 200 56057 "http://www.wonder-geek.com/pedal-bin-blue-p-52592.html" "Mozilla/5.0 (Linux; Android 10; CLT-L09) AppleWebKit/537.36 (KHTML, like Gecko) Chrome/87.0.4280.101 Mobile Safari/537.36"
146.90.71.94 - - [14/Dec/2020:17:24:18 +0100] "GET /js/jquery.jqzoom.js HTTP/1.1" 200 4761 "http://www.wonder-geek.com/pedal-bin-blue-p-52592.html" "Mozilla/5.0 (Linux; Android 10; CLT-L09) AppleWebKit/537.36 (KHTML, like Gecko) Chrome/87.0.4280.101 Mobile Safari/537.36"
146.90.71.94 - - [14/Dec/2020:17:24:18 +0100] "GET /highslide/highslide.js HTTP/1.1" 200 42909 "http://www.wonder-geek.com/pedal-bin-blue-p-52592.html" "Mozilla/5.0 (Linux; Android 10; CLT-L09) AppleWebKit/537.36 (KHTML, like Gecko) Chrome/87.0.4280.101 Mobile Safari/537.36"
146.90.71.94 - - [14/Dec/2020:17:24:18 +0100] "GET /mondial_relay/js/jquery-1.3.2.min.js HTTP/1.1" 200 57254 "http://www.wonder-geek.com/pedal-bin-blue-p-52592.html" "Mozilla/5.0 (Linux; Android 10; CLT-L09) AppleWebKit/537.36 (KHTML, like Gecko) Chrome/87.0.4280.101 Mobile Safari/537.36"
146.90.71.94 - - [14/Dec/2020:17:24:19 +0100] "GET /js/jquery.js HTTP/1.1" 200 54075 "http://www.wonder-geek.com/pedal-bin-blue-p-52592.html" "Mozilla/5.0 (Linux; Android 10; CLT-L09) AppleWebKit/537.36 (KHTML, like Gecko) Chrome/87.0.4280.101 Mobile Safari/537.36"
146.90.71.94 - - [14/Dec/2020:17:24:19 +0100] "GET /templates/Pixame_v1/images/buttons/english/button_in_cart.gif HTTP/1.1" 200 1212 "http://www.wonder-geek.com/pedal-bin-blue-p-52592.html" "Mozilla/5.0 (Linux; Android 10; CLT-L09) AppleWebKit/537.36 (KHTML, like Gecko) Chrome/87.0.4280.101 Mobile Safari/537.36"
146.90.71.94 - - [14/Dec/2020:17:24:19 +0100] "GET /templates/Pixame_v1/images/icon_accueil2.png HTTP/1.1" 200 1137 "http://www.wonder-geek.com/pedal-bin-blue-p-52592.html" "Mozilla/5.0 (Linux; Android 10; CLT-L09) AppleWebKit/537.36 (KHTML, like Gecko) Chrome/87.0.4280.101 Mobile Safari/537.36"
146.90.71.94 - - [14/Dec/2020:17:24:19 +0100] "GET /templates/Pixame_v1/images/Bottom_texture.jpg HTTP/1.1" 200 56290 "http://www.wonder-geek.com/templates/Pixame_v1/stylesheet.css" "Mozilla/5.0 (Linux; Android 10; CLT-L09) AppleWebKit/537.36 (KHTML, like Gecko) Chrome/87.0.4280.101 Mobile Safari/537.36"
146.90.71.94 - - [14/Dec/2020:17:24:19 +0100] "GET /templates/Pixame_v1/images/nav.png HTTP/1.1" 200 1283 "http://www.wonder-geek.com/templates/Pixame_v1/stylesheet.css" "Mozilla/5.0 (Linux; Android 10; CLT-L09) AppleWebKit/537.36 (KHTML, like Gecko) Chrome/87.0.4280.101 Mobile Safari/537.36"
146.90.71.94 - - [14/Dec/2020:17:24:19 +0100] "GET /templates/Pixame_v1/images/header-object.png HTTP/1.1" 200 106050 "http://www.wonder-geek.com/templates/Pixame_v1/stylesheet.css" "Mozilla/5.0 (Linux; Android 10; CLT-L09) AppleWebKit/537.36 (KHTML, like Gecko) Chrome/87.0.4280.101 Mobile Safari/537.36"
146.90.71.94 - - [14/Dec/2020:17:24:19 +0100] "GET /templates/Pixame_v1/images/Middle_texture.jpg HTTP/1.1" 200 249620 "http://www.wonder-geek.com/templates/Pixame_v1/stylesheet.css" "Mozilla/5.0 (Linux; Android 10; CLT-L09) AppleWebKit/537.36 (KHTML, like Gecko) Chrome/87.0.4280.101 Mobile Safari/537.36"
146.90.71.94 - - [14/Dec/2020:17:24:19 +0100] "GET /templates/Pixame_v1/images/header.png HTTP/1.1" 200 70245 "http://www.wonder-geek.com/templates/Pixame_v1/stylesheet.css" "Mozilla/5.0 (Linux; Android 10; CLT-L09) AppleWebKit/537.36 (KHTML, like Gecko) Chrome/87.0.4280.101 Mobile Safari/537.36"
146.90.71.94 - - [14/Dec/2020:17:24:19 +0100] "GET /design/productsenstock.png HTTP/1.1" 200 4743 "http://www.wonder-geek.com/templates/Pixame_v1/stylesheet.css" "Mozilla/5.0 (Linux; Android 10; CLT-L09) AppleWebKit/537.36 (KHTML, like Gecko) Chrome/87.0.4280.101 Mobile Safari/537.36"
146.90.71.94 - - [14/Dec/2020:17:24:19 +0100] "GET /images/big_prod/8424346352616.jpg HTTP/1.1" 200 55960 "http://www.wonder-geek.com/pedal-bin-blue-p-52592.html" "Mozilla/5.0 (Linux; Android 10; CLT-L09) AppleWebKit/537.36 (KHTML, like Gecko) Chrome/87.0.4280.101 Mobile Safari/537.36"
146.90.71.94 - - [14/Dec/2020:17:24:19 +0100] "GET /images/big_prod_1/8424346352616B.jpg HTTP/1.1" 200 74171 "http://www.wonder-geek.com/pedal-bin-blue-p-52592.html" "Mozilla/5.0 (Linux; Android 10; CLT-L09) AppleWebKit/537.36 (KHTML, like Gecko) Chrome/87.0.4280.101 Mobile Safari/537.36"
146.90.71.94 - - [14/Dec/2020:17:24:19 +0100] "GET /images/big_prod_2/8424346352616C.jpg HTTP/1.1" 200 78910 "http://www.wonder-geek.com/pedal-bin-blue-p-52592.html" "Mozilla/5.0 (Linux; Android 10; CLT-L09) AppleWebKit/537.36 (KHTML, like Gecko) Chrome/87.0.4280.101 Mobile Safari/537.36"
146.90.71.94 - - [14/Dec/2020:17:24:19 +0100] "GET /images/big_prod_3/8424346352616D.jpg HTTP/1.1" 200 65417 "http://www.wonder-geek.com/pedal-bin-blue-p-52592.html" "Mozilla/5.0 (Linux; Android 10; CLT-L09) AppleWebKit/537.36 (KHTML, like Gecko) Chrome/87.0.4280.101 Mobile Safari/537.36"
146.90.71.94 - - [14/Dec/2020:17:24:19 +0100] "GET /highslide/graphics/outlines/drop-shadow.png HTTP/1.1" 200 2022 "http://www.wonder-geek.com/pedal-bin-blue-p-52592.html" "Mozilla/5.0 (Linux; Android 10; CLT-L09) AppleWebKit/537.36 (KHTML, like Gecko) Chrome/87.0.4280.101 Mobile Safari/537.36"
146.90.71.94 - - [14/Dec/2020:17:24:19 +0100] "GET /favicon.ico HTTP/1.1" 200 1591 "http://www.wonder-geek.com/pedal-bin-blue-p-52592.html" "Mozilla/5.0 (Linux; Android 10; CLT-L09) AppleWebKit/537.36 (KHTML, like Gecko) Chrome/87.0.4280.101 Mobile Safari/537.36"
40.127.242.189 - - [14/Dec/2020:17:24:31 +0100] "GET /images/big_prod_1/8424346352616B.jpg HTTP/1.1" 200 74171 "-" "DuckDuckBot/1.1; (+http://duckduckgo.com/duckduckbot.html)"
216.244.66.242 - - [14/Dec/2020:17:28:01 +0100] "GET /robots.txt HTTP/1.1" 200 2438 "-" "Mozilla/5.0 (compatible; DotBot/1.1; http://www.opensiteexplorer.org/dotbot, help@moz.com)"
207.46.13.175 - - [14/Dec/2020:17:31:06 +0100] "GET /images/big_prod/VANGOGH6.jpg HTTP/1.1" 200 128557 "-" "Mozilla/5.0 (compatible; bingbot/2.0; +http://www.bing.com/bingbot.htm)"
157.55.39.184 - - [14/Dec/2020:17:31:11 +0100] "GET /images/big_prod/8433933164440.jpg HTTP/1.1" 200 79110 "-" "Mozilla/5.0 (compatible; bingbot/2.0; +http://www.bing.com/bingbot.htm)"
207.46.13.49 - - [14/Dec/2020:17:32:00 +0100] "GET /images/3298060223751.jpg HTTP/1.1" 200 65888 "-" "Mozilla/5.0 (compatible; bingbot/2.0; +http://www.bing.com/bingbot.htm)"
207.46.13.152 - - [14/Dec/2020:17:34:06 +0100] "GET /images/big_prod/802GJ06.jpg HTTP/1.1" 200 150681 "-" "Mozilla/5.0 (compatible; bingbot/2.0; +http://www.bing.com/bingbot.htm)"
114.119.145.117 - - [14/Dec/2020:17:35:43 +0100] "GET /images/mini_prod/8433933179970.jpg HTTP/1.1" 200 7365 "-" "Mozilla/5.0 (Linux; Android 7.0;) AppleWebKit/537.36 (KHTML, like Gecko) Mobile Safari/537.36 (compatible; PetalBot;+https://aspiegel.com/petalbot)"
157.55.39.172 - - [14/Dec/2020:17:36:24 +0100] "GET /images/big_prod/8904245400477.jpg HTTP/1.1" 200 89677 "-" "Mozilla/5.0 (compatible; bingbot/2.0; +http://www.bing.com/bingbot.htm)"
114.119.130.202 - - [14/Dec/2020:17:40:18 +0100] "GET /images/big_prod_1/9316188076043N.jpg HTTP/1.1" 200 65012 "-" "Mozilla/5.0 (Linux; Android 7.0;) AppleWebKit/537.36 (KHTML, like Gecko) Mobile Safari/537.36 (compatible; PetalBot;+https://aspiegel.com/petalbot)"
40.77.167.36 - - [14/Dec/2020:17:41:58 +0100] "GET /images/big_prod/3503420025495.jpg HTTP/1.1" 200 65175 "-" "Mozilla/5.0 (compatible; bingbot/2.0; +http://www.bing.com/bingbot.htm)"
207.46.13.152 - - [14/Dec/2020:17:42:26 +0100] "GET /images/big_prod/3609810065154.jpg HTTP/1.1" 200 93127 "-" "Mozilla/5.0 (compatible; bingbot/2.0; +http://www.bing.com/bingbot.htm)"
207.46.13.90 - - [14/Dec/2020:17:42:30 +0100] "GET /images/big_prod/3612874112801.jpg HTTP/1.1" 200 153675 "-" "Mozilla/5.0 (compatible; bingbot/2.0; +http://www.bing.com/bingbot.htm)"
54.36.149.80 - - [14/Dec/2020:17:43:36 +0100] "GET /robots.txt HTTP/1.1" 200 2438 "-" "Mozilla/5.0 (compatible; AhrefsBot/6.1; +http://ahrefs.com/robot/)"
157.55.39.217 - - [14/Dec/2020:17:43:59 +0100] "GET /images/big_prod/3609810048249.jpg HTTP/1.1" 200 88614 "-" "Mozilla/5.0 (compatible; bingbot/2.0; +http://www.bing.com/bingbot.htm)"
157.55.39.179 - - [14/Dec/2020:17:45:17 +0100] "GET /images/big_prod/8433933101247.jpg HTTP/1.1" 200 86663 "-" "Mozilla/5.0 (compatible; bingbot/2.0; +http://www.bing.com/bingbot.htm)"
207.46.13.175 - - [14/Dec/2020:17:45:47 +0100] "GET /images/big_prod/LOLA.jpg HTTP/1.1" 200 147747 "-" "Mozilla/5.0 (compatible; bingbot/2.0; +http://www.bing.com/bingbot.htm)"
66.249.70.62 - - [14/Dec/2020:17:46:17 +0100] "GET /images/big_prod/7601020000044.jpg HTTP/1.1" 200 104494 "-" "Googlebot-Image/1.0"
207.46.13.175 - - [14/Dec/2020:17:48:37 +0100] "GET /images/4012390357042.jpg HTTP/1.1" 200 32250 "-" "Mozilla/5.0 (compatible; bingbot/2.0; +http://www.bing.com/bingbot.htm)"
157.55.39.172 - - [14/Dec/2020:17:49:35 +0100] "GET /images/big_prod_1/8719172832068.jpg HTTP/1.1" 200 81756 "-" "Mozilla/5.0 (compatible; bingbot/2.0; +http://www.bing.com/bingbot.htm)"
207.46.13.90 - - [14/Dec/2020:17:50:57 +0100] "GET /images/big_prod/8422020415022.jpg HTTP/1.1" 200 80192 "-" "Mozilla/5.0 (compatible; bingbot/2.0; +http://www.bing.com/bingbot.htm)"
157.55.39.172 - - [14/Dec/2020:17:52:56 +0100] "GET /images/big_prod_3/8424346205936NNN.jpg HTTP/1.1" 200 208862 "-" "Mozilla/5.0 (compatible; bingbot/2.0; +http://www.bing.com/bingbot.htm)"
40.77.167.36 - - [14/Dec/2020:17:53:09 +0100] "GET /images/med_prod/1384010181300.jpg HTTP/1.1" 200 178378 "-" "Mozilla/5.0 (compatible; bingbot/2.0; +http://www.bing.com/bingbot.htm)"
157.55.39.184 - - [14/Dec/2020:17:53:29 +0100] "GET /images/big_prod/1399980107281.jpg HTTP/1.1" 200 135532 "-" "Mozilla/5.0 (compatible; bingbot/2.0; +http://www.bing.com/bingbot.htm)"
40.77.167.36 - - [14/Dec/2020:17:53:49 +0100] "GET /images/big_prod/5415203926425.jpg HTTP/1.1" 200 47496 "-" "Mozilla/5.0 (compatible; bingbot/2.0; +http://www.bing.com/bingbot.htm)"
80.11.253.192 - - [14/Dec/2020:17:54:09 +0100] "GET /adminweb/includes/index.css HTTP/1.1" 200 1318 "http://www.wonder-geek.com/adminweb/login.php" "Mozilla/5.0 (Windows NT 10.0; Win64; x64) AppleWebKit/537.36 (KHTML, like Gecko) Chrome/87.0.4280.88 Safari/537.36"
80.11.253.192 - - [14/Dec/2020:17:54:09 +0100] "GET /adminweb/includes/stylesheet.css HTTP/1.1" 200 21750 "http://www.wonder-geek.com/adminweb/login.php" "Mozilla/5.0 (Windows NT 10.0; Win64; x64) AppleWebKit/537.36 (KHTML, like Gecko) Chrome/87.0.4280.88 Safari/537.36"
80.11.253.192 - - [14/Dec/2020:17:54:09 +0100] "GET /adminweb/includes/javascript/helptip.js HTTP/1.1" 200 2949 "http://www.wonder-geek.com/adminweb/login.php" "Mozilla/5.0 (Windows NT 10.0; Win64; x64) AppleWebKit/537.36 (KHTML, like Gecko) Chrome/87.0.4280.88 Safari/537.36"
80.11.253.192 - - [14/Dec/2020:17:54:09 +0100] "GET /adminweb/images/logo_mini.png HTTP/1.1" 200 47706 "http://www.wonder-geek.com/adminweb/login.php" "Mozilla/5.0 (Windows NT 10.0; Win64; x64) AppleWebKit/537.36 (KHTML, like Gecko) Chrome/87.0.4280.88 Safari/537.36"
80.11.253.192 - - [14/Dec/2020:17:54:09 +0100] "GET /adminweb/images/artoisweb.jpg HTTP/1.1" 200 38128 "http://www.wonder-geek.com/adminweb/login.php" "Mozilla/5.0 (Windows NT 10.0; Win64; x64) AppleWebKit/537.36 (KHTML, like Gecko) Chrome/87.0.4280.88 Safari/537.36"
80.11.253.192 - - [14/Dec/2020:17:54:09 +0100] "GET /adminweb/includes/languages/french/images/buttons/button_confirm.gif HTTP/1.1" 200 1090 "http://www.wonder-geek.com/adminweb/login.php" "Mozilla/5.0 (Windows NT 10.0; Win64; x64) AppleWebKit/537.36 (KHTML, like Gecko) Chrome/87.0.4280.88 Safari/537.36"
80.11.253.192 - - [14/Dec/2020:17:54:09 +0100] "GET /favicon.ico HTTP/1.1" 200 1591 "http://www.wonder-geek.com/adminweb/login.php" "Mozilla/5.0 (Windows NT 10.0; Win64; x64) AppleWebKit/537.36 (KHTML, like Gecko) Chrome/87.0.4280.88 Safari/537.36"
80.11.253.192 - - [14/Dec/2020:17:54:11 +0100] "GET /adminweb/includes/menu.js HTTP/1.1" 200 14657 "http://www.wonder-geek.com/adminweb/index.php" "Mozilla/5.0 (Windows NT 10.0; Win64; x64) AppleWebKit/537.36 (KHTML, like Gecko) Chrome/87.0.4280.88 Safari/537.36"
80.11.253.192 - - [14/Dec/2020:17:54:11 +0100] "GET /adminweb/images/cre_header_slice.gif HTTP/1.1" 200 2862 "http://www.wonder-geek.com/adminweb/index.php" "Mozilla/5.0 (Windows NT 10.0; Win64; x64) AppleWebKit/537.36 (KHTML, like Gecko) Chrome/87.0.4280.88 Safari/537.36"
80.11.253.192 - - [14/Dec/2020:17:54:14 +0100] "GET /adminweb/images/icons/icon_status_ok_colissimo.jpg HTTP/1.1" 200 2300 "http://www.wonder-geek.com/adminweb/orders.php" "Mozilla/5.0 (Windows NT 10.0; Win64; x64) AppleWebKit/537.36 (KHTML, like Gecko) Chrome/87.0.4280.88 Safari/537.36"
80.11.253.192 - - [14/Dec/2020:17:54:14 +0100] "GET /adminweb/includes/languages/french/images/buttons/button_edit_status.gif HTTP/1.1" 200 1398 "http://www.wonder-geek.com/adminweb/orders.php" "Mozilla/5.0 (Windows NT 10.0; Win64; x64) AppleWebKit/537.36 (KHTML, like Gecko) Chrome/87.0.4280.88 Safari/537.36"
80.11.253.192 - - [14/Dec/2020:17:54:14 +0100] "GET /adminweb/includes/languages/french/images/buttons/button_delete.gif HTTP/1.1" 200 1031 "http://www.wonder-geek.com/adminweb/orders.php" "Mozilla/5.0 (Windows NT 10.0; Win64; x64) AppleWebKit/537.36 (KHTML, like Gecko) Chrome/87.0.4280.88 Safari/537.36"
80.11.253.192 - - [14/Dec/2020:17:54:14 +0100] "GET /adminweb/includes/languages/french/images/buttons/button_invoice.gif HTTP/1.1" 200 1398 "http://www.wonder-geek.com/adminweb/orders.php" "Mozilla/5.0 (Windows NT 10.0; Win64; x64) AppleWebKit/537.36 (KHTML, like Gecko) Chrome/87.0.4280.88 Safari/537.36"
80.11.253.192 - - [14/Dec/2020:17:54:14 +0100] "GET /adminweb/includes/languages/french/images/buttons/button_edit_order.gif HTTP/1.1" 200 1428 "http://www.wonder-geek.com/adminweb/orders.php" "Mozilla/5.0 (Windows NT 10.0; Win64; x64) AppleWebKit/537.36 (KHTML, like Gecko) Chrome/87.0.4280.88 Safari/537.36"
80.11.253.192 - - [14/Dec/2020:17:56:13 +0100] "GET /includes/modules/payment/paypal/images/paypal_logo.gif HTTP/1.1" 200 1180 "http://www.wonder-geek.com/adminweb/orders.php?page=1&oID=670&action=edit" "Mozilla/5.0 (Windows NT 10.0; Win64; x64) AppleWebKit/537.36 (KHTML, like Gecko) Chrome/87.0.4280.88 Safari/537.36"
207.46.13.175 - - [14/Dec/2020:17:56:27 +0100] "GET /images/885561160420.jpg HTTP/1.1" 200 17819 "-" "Mozilla/5.0 (compatible; bingbot/2.0; +http://www.bing.com/bingbot.htm)"
157.55.39.217 - - [14/Dec/2020:17:56:39 +0100] "GET /images/big_prod_3/4250255858642c.jpg HTTP/1.1" 200 413397 "-" "Mozilla/5.0 (compatible; bingbot/2.0; +http://www.bing.com/bingbot.htm)"
207.46.13.49 - - [14/Dec/2020:17:57:43 +0100] "GET /images/8033667001167.jpg HTTP/1.1" 200 64456 "-" "Mozilla/5.0 (compatible; bingbot/2.0; +http://www.bing.com/bingbot.htm)"
157.55.39.82 - - [14/Dec/2020:17:58:48 +0100] "GET /images/3521320608082.jpg HTTP/1.1" 200 54542 "-" "Mozilla/5.0 (compatible; bingbot/2.0; +http://www.bing.com/bingbot.htm)"
157.55.39.179 - - [14/Dec/2020:17:59:58 +0100] "GET /images/big_prod_2/c627DUDE.jpg HTTP/1.1" 200 87375 "-" "Mozilla/5.0 (compatible; bingbot/2.0; +http://www.bing.com/bingbot.htm)"
17.58.101.145 - - [14/Dec/2020:18:01:13 +0100] "GET /images/mini_prod/3520071652061.jpg HTTP/1.1" 200 4800 "-" "Mozilla/5.0 (Macintosh; Intel Mac OS X 10_15_5) AppleWebKit/605.1.15 (KHTML, like Gecko) Version/13.1.1 Safari/605.1.15 (Applebot/0.1; +http://www.apple.com/go/applebot)"
157.55.39.82 - - [14/Dec/2020:18:02:18 +0100] "GET /images/big_prod/8422013081012.jpg HTTP/1.1" 200 83710 "-" "Mozilla/5.0 (compatible; bingbot/2.0; +http://www.bing.com/bingbot.htm)"
157.55.39.172 - - [14/Dec/2020:18:02:47 +0100] "GET /images/med_prod/BB130001023812948.jpg HTTP/1.1" 200 79740 "-" "Mozilla/5.0 (compatible; bingbot/2.0; +http://www.bing.com/bingbot.htm)"
207.46.13.152 - - [14/Dec/2020:18:03:58 +0100] "GET /images/3384371051029.jpg HTTP/1.1" 200 36111 "-" "Mozilla/5.0 (compatible; bingbot/2.0; +http://www.bing.com/bingbot.htm)"
157.55.39.217 - - [14/Dec/2020:18:05:49 +0100] "GET /images/big_prod/4895220300506.jpg HTTP/1.1" 200 56320 "-" "Mozilla/5.0 (compatible; bingbot/2.0; +http://www.bing.com/bingbot.htm)"
40.127.242.153 - - [14/Dec/2020:18:06:46 +0100] "GET /images/8435306246487bis.jpg HTTP/1.1" 200 101681 "-" "DuckDuckBot/1.1; (+http://duckduckgo.com/duckduckbot.html)"
157.55.39.217 - - [14/Dec/2020:18:07:13 +0100] "GET /images/big_prod/3565750106664.jpg HTTP/1.1" 200 44010 "-" "Mozilla/5.0 (compatible; bingbot/2.0; +http://www.bing.com/bingbot.htm)"
207.46.13.152 - - [14/Dec/2020:18:07:29 +0100] "GET /images/med_prod/5036278058394.jpg HTTP/1.1" 200 105963 "-" "Mozilla/5.0 (compatible; bingbot/2.0; +http://www.bing.com/bingbot.htm)"
157.55.39.82 - - [14/Dec/2020:18:07:48 +0100] "GET /images/med_prod/1345544650199.jpg HTTP/1.1" 200 131411 "-" "Mozilla/5.0 (compatible; bingbot/2.0; +http://www.bing.com/bingbot.htm)"
157.55.39.184 - - [14/Dec/2020:18:07:54 +0100] "GET /images/big_prod/3574641009281.jpg HTTP/1.1" 200 46209 "-" "Mozilla/5.0 (compatible; bingbot/2.0; +http://www.bing.com/bingbot.htm)"
51.175.106.249 - - [14/Dec/2020:18:09:15 +0100] "GET /images/3609080316130.jpg HTTP/1.1" 200 72262 "-" "Mozilla/5.0 (Macintosh; Intel Mac OS X 10_15_6) AppleWebKit/605.1.15 (KHTML, like Gecko) Version/14.0.1 Safari/605.1.15"
207.46.13.90 - - [14/Dec/2020:18:09:39 +0100] "GET /images/93161880397341.jpg HTTP/1.1" 200 29108 "-" "Mozilla/5.0 (compatible; bingbot/2.0; +http://www.bing.com/bingbot.htm)"
207.46.13.152 - - [14/Dec/2020:18:09:49 +0100] "GET /images/big_prod_3/5404006045211d.jpg HTTP/1.1" 200 143913 "-" "Mozilla/5.0 (compatible; bingbot/2.0; +http://www.bing.com/bingbot.htm)"
207.46.13.49 - - [14/Dec/2020:18:10:36 +0100] "GET /images/big_prod/3453131149006.jpg HTTP/1.1" 200 74181 "-" "Mozilla/5.0 (compatible; bingbot/2.0; +http://www.bing.com/bingbot.htm)"
157.55.39.179 - - [14/Dec/2020:18:12:09 +0100] "GET /images/big_prod/8011717796140.jpg HTTP/1.1" 200 102322 "-" "Mozilla/5.0 (compatible; bingbot/2.0; +http://www.bing.com/bingbot.htm)"
207.46.13.175 - - [14/Dec/2020:18:14:10 +0100] "GET /images/big_prod/3453131127516.jpg HTTP/1.1" 200 108817 "-" "Mozilla/5.0 (compatible; bingbot/2.0; +http://www.bing.com/bingbot.htm)"
157.55.39.179 - - [14/Dec/2020:18:14:50 +0100] "GET /images/big_prod_1/3574642579837a.jpg HTTP/1.1" 200 173867 "-" "Mozilla/5.0 (compatible; bingbot/2.0; +http://www.bing.com/bingbot.htm)"
114.119.150.15 - - [14/Dec/2020:18:14:57 +0100] "GET /images/mini_prod/8424346355129.jpg HTTP/1.1" 200 3715 "-" "Mozilla/5.0 (Linux; Android 7.0;) AppleWebKit/537.36 (KHTML, like Gecko) Mobile Safari/537.36 (compatible; PetalBot;+https://aspiegel.com/petalbot)"
207.46.13.49 - - [14/Dec/2020:18:15:06 +0100] "GET /images/big_prod_1/3665269058703B.jpg HTTP/1.1" 200 143289 "-" "Mozilla/5.0 (compatible; bingbot/2.0; +http://www.bing.com/bingbot.htm)"
207.46.13.152 - - [14/Dec/2020:18:15:20 +0100] "GET /images/big_prod/3520071592442.jpg HTTP/1.1" 200 65045 "-" "Mozilla/5.0 (compatible; bingbot/2.0; +http://www.bing.com/bingbot.htm)"
207.46.13.49 - - [14/Dec/2020:18:17:56 +0100] "GET /images/big_prod/8435333820537.jpg HTTP/1.1" 200 144874 "-" "Mozilla/5.0 (compatible; bingbot/2.0; +http://www.bing.com/bingbot.htm)"
216.244.66.242 - - [14/Dec/2020:18:18:38 +0100] "GET /robots.txt HTTP/1.1" 200 2438 "-" "Mozilla/5.0 (compatible; DotBot/1.1; http://www.opensiteexplorer.org/dotbot, help@moz.com)"
207.46.13.49 - - [14/Dec/2020:18:19:36 +0100] "GET /images/big_prod/3296580363605.jpg HTTP/1.1" 200 159918 "-" "Mozilla/5.0 (compatible; bingbot/2.0; +http://www.bing.com/bingbot.htm)"
157.55.39.82 - - [14/Dec/2020:18:20:10 +0100] "GET /images/big_prod/3665269011562.jpg HTTP/1.1" 200 130106 "-" "Mozilla/5.0 (compatible; bingbot/2.0; +http://www.bing.com/bingbot.htm)"
207.46.13.49 - - [14/Dec/2020:18:22:37 +0100] "GET /images/big_prod/b191693004021.jpg HTTP/1.1" 200 140431 "-" "Mozilla/5.0 (compatible; bingbot/2.0; +http://www.bing.com/bingbot.htm)"
207.46.13.175 - - [14/Dec/2020:18:22:41 +0100] "GET /images/big_prod_1/b8422088074483.jpg HTTP/1.1" 200 53169 "-" "Mozilla/5.0 (compatible; bingbot/2.0; +http://www.bing.com/bingbot.htm)"
114.119.150.15 - - [14/Dec/2020:18:23:43 +0100] "GET /images/big_prod/3148422000240.jpg HTTP/1.1" 200 90119 "-" "Mozilla/5.0 (Linux; Android 7.0;) AppleWebKit/537.36 (KHTML, like Gecko) Mobile Safari/537.36 (compatible; PetalBot;+https://aspiegel.com/petalbot)"
157.55.39.184 - - [14/Dec/2020:18:24:04 +0100] "GET /images/big_prod/1399985100874.jpg HTTP/1.1" 200 72289 "-" "Mozilla/5.0 (compatible; bingbot/2.0; +http://www.bing.com/bingbot.htm)"
207.46.13.152 - - [14/Dec/2020:18:25:40 +0100] "GET /images/4007176125120B.jpg HTTP/1.1" 200 69372 "-" "Mozilla/5.0 (compatible; bingbot/2.0; +http://www.bing.com/bingbot.htm)"
157.55.39.172 - - [14/Dec/2020:18:25:49 +0100] "GET /images/1399984251140.jpg HTTP/1.1" 200 111067 "-" "Mozilla/5.0 (compatible; bingbot/2.0; +http://www.bing.com/bingbot.htm)"
114.119.154.200 - - [14/Dec/2020:18:28:03 +0100] "GET /images/mini_prod/3560600293730.jpg HTTP/1.1" 200 10364 "-" "Mozilla/5.0 (Linux; Android 7.0;) AppleWebKit/537.36 (KHTML, like Gecko) Mobile Safari/537.36 (compatible; PetalBot;+https://aspiegel.com/petalbot)"
207.46.13.49 - - [14/Dec/2020:18:28:17 +0100] "GET /images/med_prod/N5055071707735.jpg HTTP/1.1" 200 52206 "-" "Mozilla/5.0 (compatible; bingbot/2.0; +http://www.bing.com/bingbot.htm)"
157.55.39.217 - - [14/Dec/2020:18:29:31 +0100] "GET /images/3700276281826050720122.jpg HTTP/1.1" 200 52198 "-" "Mozilla/5.0 (compatible; bingbot/2.0; +http://www.bing.com/bingbot.htm)"
157.55.39.172 - - [14/Dec/2020:18:30:00 +0100] "GET /images/big_prod/8422011476179.jpg HTTP/1.1" 200 166413 "-" "Mozilla/5.0 (compatible; bingbot/2.0; +http://www.bing.com/bingbot.htm)"
207.46.13.49 - - [14/Dec/2020:18:30:47 +0100] "GET /images/8435306276583.jpg HTTP/1.1" 200 82919 "-" "Mozilla/5.0 (compatible; bingbot/2.0; +http://www.bing.com/bingbot.htm)"
157.55.39.184 - - [14/Dec/2020:18:32:23 +0100] "GET /images/big_prod/3609810059658.jpg HTTP/1.1" 200 159579 "-" "Mozilla/5.0 (compatible; bingbot/2.0; +http://www.bing.com/bingbot.htm)"
207.46.13.49 - - [14/Dec/2020:18:32:27 +0100] "GET /images/c4010070229269.jpg HTTP/1.1" 200 90993 "-" "Mozilla/5.0 (compatible; bingbot/2.0; +http://www.bing.com/bingbot.htm)"
157.55.39.179 - - [14/Dec/2020:18:35:22 +0100] "GET /images/big_prod/3503420077364.jpg HTTP/1.1" 200 73517 "-" "Mozilla/5.0 (compatible; bingbot/2.0; +http://www.bing.com/bingbot.htm)"
66.249.70.62 - - [14/Dec/2020:18:37:17 +0100] "GET /images/mini_prod/3503420093463.jpg HTTP/1.1" 200 4658 "-" "Googlebot-Image/1.0"
207.46.13.152 - - [14/Dec/2020:18:40:12 +0100] "GET /images/big_prod/8422015188313.jpg HTTP/1.1" 200 91055 "-" "Mozilla/5.0 (compatible; bingbot/2.0; +http://www.bing.com/bingbot.htm)"
114.119.129.36 - - [14/Dec/2020:18:41:00 +0100] "GET /images/mini_prod/3612875124919.jpg HTTP/1.1" 200 6657 "-" "Mozilla/5.0 (Linux; Android 7.0;) AppleWebKit/537.36 (KHTML, like Gecko) Mobile Safari/537.36 (compatible; PetalBot;+https://aspiegel.com/petalbot)"
207.46.13.175 - - [14/Dec/2020:18:41:54 +0100] "GET /images/big_prod/8718657466118a.jpg HTTP/1.1" 200 92761 "-" "Mozilla/5.0 (compatible; bingbot/2.0; +http://www.bing.com/bingbot.htm)"
66.249.81.163 - - [14/Dec/2020:18:42:22 +0100] "GET /images/big_prod/201303014627555642.jpg HTTP/1.1" 200 50227 "-" "Mozilla/5.0 (Windows NT 5.1; rv:11.0) Gecko Firefox/11.0 (via ggpht.com GoogleImageProxy)"
178.138.35.227 - - [14/Dec/2020:18:42:24 +0100] "GET /js/jquery.jqzoom.js HTTP/1.1" 200 4761 "http://www.wonder-geek.com/" "Mozilla/5.0 (iPhone; CPU iPhone OS 14_2 like Mac OS X) AppleWebKit/605.1.15 (KHTML, like Gecko) CriOS/87.0.4280.77 Mobile/15E148 Safari/604.1"
178.138.35.227 - - [14/Dec/2020:18:42:24 +0100] "GET /highslide/highslide.js HTTP/1.1" 200 42909 "http://www.wonder-geek.com/" "Mozilla/5.0 (iPhone; CPU iPhone OS 14_2 like Mac OS X) AppleWebKit/605.1.15 (KHTML, like Gecko) CriOS/87.0.4280.77 Mobile/15E148 Safari/604.1"
178.138.35.227 - - [14/Dec/2020:18:42:25 +0100] "GET /templates/Pixame_v1/stylesheet.css HTTP/1.1" 200 56057 "http://www.wonder-geek.com/" "Mozilla/5.0 (iPhone; CPU iPhone OS 14_2 like Mac OS X) AppleWebKit/605.1.15 (KHTML, like Gecko) CriOS/87.0.4280.77 Mobile/15E148 Safari/604.1"
178.138.35.227 - - [14/Dec/2020:18:42:25 +0100] "GET /js/jquery.js HTTP/1.1" 200 54075 "http://www.wonder-geek.com/" "Mozilla/5.0 (iPhone; CPU iPhone OS 14_2 like Mac OS X) AppleWebKit/605.1.15 (KHTML, like Gecko) CriOS/87.0.4280.77 Mobile/15E148 Safari/604.1"
178.138.35.227 - - [14/Dec/2020:18:42:25 +0100] "GET /mondial_relay/js/jquery-1.3.2.min.js HTTP/1.1" 200 57254 "http://www.wonder-geek.com/" "Mozilla/5.0 (iPhone; CPU iPhone OS 14_2 like Mac OS X) AppleWebKit/605.1.15 (KHTML, like Gecko) CriOS/87.0.4280.77 Mobile/15E148 Safari/604.1"
178.138.35.227 - - [14/Dec/2020:18:42:25 +0100] "GET /templates/Pixame_v1/images/icon_accueil2.png HTTP/1.1" 200 1137 "http://www.wonder-geek.com/" "Mozilla/5.0 (iPhone; CPU iPhone OS 14_2 like Mac OS X) AppleWebKit/605.1.15 (KHTML, like Gecko) CriOS/87.0.4280.77 Mobile/15E148 Safari/604.1"
178.138.35.227 - - [14/Dec/2020:18:42:25 +0100] "GET /templates/Pixame_v1/images/buttons/english/button_in_cart.gif HTTP/1.1" 200 1212 "http://www.wonder-geek.com/" "Mozilla/5.0 (iPhone; CPU iPhone OS 14_2 like Mac OS X) AppleWebKit/605.1.15 (KHTML, like Gecko) CriOS/87.0.4280.77 Mobile/15E148 Safari/604.1"
178.138.35.227 - - [14/Dec/2020:18:42:25 +0100] "GET /images/big_prod/201303014627555642.jpg HTTP/1.1" 200 50227 "http://www.wonder-geek.com/" "Mozilla/5.0 (iPhone; CPU iPhone OS 14_2 like Mac OS X) AppleWebKit/605.1.15 (KHTML, like Gecko) CriOS/87.0.4280.77 Mobile/15E148 Safari/604.1"
178.138.35.227 - - [14/Dec/2020:18:42:25 +0100] "GET /templates/Pixame_v1/images/nav.png HTTP/1.1" 200 1283 "http://www.wonder-geek.com/" "Mozilla/5.0 (iPhone; CPU iPhone OS 14_2 like Mac OS X) AppleWebKit/605.1.15 (KHTML, like Gecko) CriOS/87.0.4280.77 Mobile/15E148 Safari/604.1"
178.138.35.227 - - [14/Dec/2020:18:42:25 +0100] "GET /templates/Pixame_v1/images/Bottom_texture.jpg HTTP/1.1" 200 56290 "http://www.wonder-geek.com/" "Mozilla/5.0 (iPhone; CPU iPhone OS 14_2 like Mac OS X) AppleWebKit/605.1.15 (KHTML, like Gecko) CriOS/87.0.4280.77 Mobile/15E148 Safari/604.1"
178.138.35.227 - - [14/Dec/2020:18:42:25 +0100] "GET /favicon.ico HTTP/1.1" 200 1591 "-" "Mozilla/5.0 (iPhone; CPU iPhone OS 14_2 like Mac OS X) AppleWebKit/605.1.15 (KHTML, like Gecko) CriOS/87.0.4280.77 Mobile/15E148 Safari/604.1"
178.138.35.227 - - [14/Dec/2020:18:42:25 +0100] "GET /design/productsenstock.png HTTP/1.1" 200 4743 "http://www.wonder-geek.com/" "Mozilla/5.0 (iPhone; CPU iPhone OS 14_2 like Mac OS X) AppleWebKit/605.1.15 (KHTML, like Gecko) CriOS/87.0.4280.77 Mobile/15E148 Safari/604.1"
178.138.35.227 - - [14/Dec/2020:18:42:25 +0100] "GET /templates/Pixame_v1/images/header.png HTTP/1.1" 200 70245 "http://www.wonder-geek.com/" "Mozilla/5.0 (iPhone; CPU iPhone OS 14_2 like Mac OS X) AppleWebKit/605.1.15 (KHTML, like Gecko) CriOS/87.0.4280.77 Mobile/15E148 Safari/604.1"
178.138.35.227 - - [14/Dec/2020:18:42:25 +0100] "GET /templates/Pixame_v1/images/header-object.png HTTP/1.1" 200 106050 "http://www.wonder-geek.com/" "Mozilla/5.0 (iPhone; CPU iPhone OS 14_2 like Mac OS X) AppleWebKit/605.1.15 (KHTML, like Gecko) CriOS/87.0.4280.77 Mobile/15E148 Safari/604.1"
178.138.35.227 - - [14/Dec/2020:18:42:25 +0100] "GET /templates/Pixame_v1/images/Middle_texture.jpg HTTP/1.1" 200 249620 "http://www.wonder-geek.com/" "Mozilla/5.0 (iPhone; CPU iPhone OS 14_2 like Mac OS X) AppleWebKit/605.1.15 (KHTML, like Gecko) CriOS/87.0.4280.77 Mobile/15E148 Safari/604.1"
178.138.35.227 - - [14/Dec/2020:18:42:25 +0100] "GET /highslide/graphics/outlines/drop-shadow.png HTTP/1.1" 200 2022 "http://www.wonder-geek.com/" "Mozilla/5.0 (iPhone; CPU iPhone OS 14_2 like Mac OS X) AppleWebKit/605.1.15 (KHTML, like Gecko) CriOS/87.0.4280.77 Mobile/15E148 Safari/604.1"
207.46.13.152 - - [14/Dec/2020:18:42:55 +0100] "GET /images/big_prod_2/8480610040016C.jpg HTTP/1.1" 200 202980 "-" "Mozilla/5.0 (compatible; bingbot/2.0; +http://www.bing.com/bingbot.htm)"
74.196.183.190 - - [14/Dec/2020:18:43:38 +0100] "GET /images/4007176124222.jpg HTTP/1.1" 200 28685 "https://www.bing.com/" "Mozilla/5.0 (iPhone; CPU iPhone OS 14_2 like Mac OS X) AppleWebKit/605.1.15 (KHTML, like Gecko) Version/14.0.1 Mobile/15E148 Safari/604.1"
207.46.13.90 - - [14/Dec/2020:18:44:57 +0100] "GET /images/5010994675318.jpg HTTP/1.1" 200 49811 "-" "Mozilla/5.0 (compatible; bingbot/2.0; +http://www.bing.com/bingbot.htm)"
40.77.167.36 - - [14/Dec/2020:18:45:05 +0100] "GET /images/big_prod/5018997613061.jpg HTTP/1.1" 200 122856 "-" "Mozilla/5.0 (compatible; bingbot/2.0; +http://www.bing.com/bingbot.htm)"
157.55.39.184 - - [14/Dec/2020:18:46:56 +0100] "GET /images/big_prod/3503420203459.jpg HTTP/1.1" 200 83699 "-" "Mozilla/5.0 (compatible; bingbot/2.0; +http://www.bing.com/bingbot.htm)"
157.55.39.172 - - [14/Dec/2020:18:47:02 +0100] "GET /images/big_prod/1399985100522.jpg HTTP/1.1" 200 70917 "-" "Mozilla/5.0 (compatible; bingbot/2.0; +http://www.bing.com/bingbot.htm)"
207.46.13.175 - - [14/Dec/2020:18:47:46 +0100] "GET /images/big_prod/3453131152587.jpg HTTP/1.1" 200 110333 "-" "Mozilla/5.0 (compatible; bingbot/2.0; +http://www.bing.com/bingbot.htm)"
114.119.145.117 - - [14/Dec/2020:18:49:44 +0100] "GET /images/mini_prod/1345544973786.jpg HTTP/1.1" 200 5624 "-" "Mozilla/5.0 (Linux; Android 7.0;) AppleWebKit/537.36 (KHTML, like Gecko) Mobile Safari/537.36 (compatible; PetalBot;+https://aspiegel.com/petalbot)"
207.46.13.90 - - [14/Dec/2020:18:52:08 +0100] "GET /images/3681643402207.jpg HTTP/1.1" 200 42413 "-" "Mozilla/5.0 (compatible; bingbot/2.0; +http://www.bing.com/bingbot.htm)"
207.46.13.175 - - [14/Dec/2020:18:52:36 +0100] "GET /images/big_prod/8422011475608.jpg HTTP/1.1" 200 61555 "-" "Mozilla/5.0 (compatible; bingbot/2.0; +http://www.bing.com/bingbot.htm)"
114.119.145.117 - - [14/Dec/2020:18:54:07 +0100] "GET /images/mini_prod/4010070226138.jpg HTTP/1.1" 200 11010 "-" "Mozilla/5.0 (Linux; Android 7.0;) AppleWebKit/537.36 (KHTML, like Gecko) Mobile Safari/537.36 (compatible; PetalBot;+https://aspiegel.com/petalbot)"
40.77.167.36 - - [14/Dec/2020:18:55:07 +0100] "GET /images/big_prod/28422088187923.jpg HTTP/1.1" 200 180971 "-" "Mozilla/5.0 (compatible; bingbot/2.0; +http://www.bing.com/bingbot.htm)"
157.55.39.184 - - [14/Dec/2020:18:55:35 +0100] "GET /images/big_prod/1384010187777.jpg HTTP/1.1" 200 106463 "-" "Mozilla/5.0 (compatible; bingbot/2.0; +http://www.bing.com/bingbot.htm)"
66.249.93.84 - - [14/Dec/2020:18:55:39 +0100] "GET /images/big_prod_3/9316188082167c.jpg HTTP/1.1" 200 78522 "-" "Mozilla/5.0 (Windows NT 5.1; rv:11.0) Gecko Firefox/11.0 (via ggpht.com GoogleImageProxy)"
88.126.150.67 - - [14/Dec/2020:18:55:49 +0100] "GET /images/big_prod/9316188082167.jpg HTTP/1.1" 200 52176 "http://www.wonder-geek.com/forest-friends-glasses-case-racoons-p-51862.html" "Mozilla/5.0 (Windows NT 10.0; Win64; x64; rv:83.0) Gecko/20100101 Firefox/83.0"
88.126.150.67 - - [14/Dec/2020:18:55:49 +0100] "GET /js/jquery.jqzoom.js HTTP/1.1" 200 4761 "http://www.wonder-geek.com/forest-friends-glasses-case-racoons-p-51862.html" "Mozilla/5.0 (Windows NT 10.0; Win64; x64; rv:83.0) Gecko/20100101 Firefox/83.0"
88.126.150.67 - - [14/Dec/2020:18:55:49 +0100] "GET /highslide/highslide.js HTTP/1.1" 200 42909 "http://www.wonder-geek.com/forest-friends-glasses-case-racoons-p-51862.html" "Mozilla/5.0 (Windows NT 10.0; Win64; x64; rv:83.0) Gecko/20100101 Firefox/83.0"
88.126.150.67 - - [14/Dec/2020:18:55:49 +0100] "GET /js/jquery.js HTTP/1.1" 200 54075 "http://www.wonder-geek.com/forest-friends-glasses-case-racoons-p-51862.html" "Mozilla/5.0 (Windows NT 10.0; Win64; x64; rv:83.0) Gecko/20100101 Firefox/83.0"
88.126.150.67 - - [14/Dec/2020:18:55:49 +0100] "GET /templates/Pixame_v1/stylesheet.css HTTP/1.1" 200 56057 "http://www.wonder-geek.com/forest-friends-glasses-case-racoons-p-51862.html" "Mozilla/5.0 (Windows NT 10.0; Win64; x64; rv:83.0) Gecko/20100101 Firefox/83.0"
88.126.150.67 - - [14/Dec/2020:18:55:49 +0100] "GET /mondial_relay/js/jquery-1.3.2.min.js HTTP/1.1" 200 57254 "http://www.wonder-geek.com/forest-friends-glasses-case-racoons-p-51862.html" "Mozilla/5.0 (Windows NT 10.0; Win64; x64; rv:83.0) Gecko/20100101 Firefox/83.0"
88.126.150.67 - - [14/Dec/2020:18:55:49 +0100] "GET /templates/Pixame_v1/images/icon_accueil2.png HTTP/1.1" 200 1137 "http://www.wonder-geek.com/forest-friends-glasses-case-racoons-p-51862.html" "Mozilla/5.0 (Windows NT 10.0; Win64; x64; rv:83.0) Gecko/20100101 Firefox/83.0"
88.126.150.67 - - [14/Dec/2020:18:55:49 +0100] "GET /templates/Pixame_v1/images/nav.png HTTP/1.1" 200 1283 "http://www.wonder-geek.com/templates/Pixame_v1/stylesheet.css" "Mozilla/5.0 (Windows NT 10.0; Win64; x64; rv:83.0) Gecko/20100101 Firefox/83.0"
88.126.150.67 - - [14/Dec/2020:18:55:49 +0100] "GET /images/big_prod_1/9316188082167a.jpg HTTP/1.1" 200 54669 "http://www.wonder-geek.com/forest-friends-glasses-case-racoons-p-51862.html" "Mozilla/5.0 (Windows NT 10.0; Win64; x64; rv:83.0) Gecko/20100101 Firefox/83.0"
88.126.150.67 - - [14/Dec/2020:18:55:50 +0100] "GET /images/big_prod_2/9316188082167b.jpg HTTP/1.1" 200 59957 "http://www.wonder-geek.com/forest-friends-glasses-case-racoons-p-51862.html" "Mozilla/5.0 (Windows NT 10.0; Win64; x64; rv:83.0) Gecko/20100101 Firefox/83.0"
88.126.150.67 - - [14/Dec/2020:18:55:50 +0100] "GET /templates/Pixame_v1/images/header.png HTTP/1.1" 200 70245 "http://www.wonder-geek.com/templates/Pixame_v1/stylesheet.css" "Mozilla/5.0 (Windows NT 10.0; Win64; x64; rv:83.0) Gecko/20100101 Firefox/83.0"
