114.119.142.27 - - [14/Dec/2020:03:12:02 +0100] "GET /images/mini_prod/1345544444705.jpg HTTP/1.1" 200 7984 "-" "Mozilla/5.0 (Linux; Android 7.0;) AppleWebKit/537.36 (KHTML, like Gecko) Mobile Safari/537.36 (compatible; PetalBot;+https://aspiegel.com/petalbot)"
13.66.139.79 - - [14/Dec/2020:03:12:05 +0100] "GET /images/big_prod/8720088292501.jpg HTTP/1.1" 200 83174 "-" "Mozilla/5.0 (compatible; bingbot/2.0; +http://www.bing.com/bingbot.htm)"
13.66.139.79 - - [14/Dec/2020:03:12:05 +0100] "GET /images/big_prod/8011717796072.jpg HTTP/1.1" 200 86093 "-" "Mozilla/5.0 (compatible; bingbot/2.0; +http://www.bing.com/bingbot.htm)"
64.62.252.163 - - [14/Dec/2020:03:12:48 +0100] "GET /robots.txt HTTP/1.1" 200 2438 "-" "The Knowledge AI"
13.66.139.26 - - [14/Dec/2020:03:13:02 +0100] "GET /images/big_prod_1/8719497617968b.jpg HTTP/1.1" 200 121118 "-" "Mozilla/5.0 (compatible; bingbot/2.0; +http://www.bing.com/bingbot.htm)"
13.66.139.26 - - [14/Dec/2020:03:13:44 +0100] "GET /images/med_prod/1384010178782.jpg HTTP/1.1" 200 97477 "-" "Mozilla/5.0 (compatible; bingbot/2.0; +http://www.bing.com/bingbot.htm)"
13.66.139.79 - - [14/Dec/2020:03:13:51 +0100] "GET /images/big_prod/8717318173884.jpg HTTP/1.1" 200 78501 "-" "Mozilla/5.0 (compatible; bingbot/2.0; +http://www.bing.com/bingbot.htm)"
13.66.139.79 - - [14/Dec/2020:03:13:51 +0100] "GET /images/1399984260043.jpg HTTP/1.1" 200 80142 "-" "Mozilla/5.0 (compatible; bingbot/2.0; +http://www.bing.com/bingbot.htm)"
13.66.139.26 - - [14/Dec/2020:03:15:02 +0100] "GET /images/big_prod/5051276219677.jpg HTTP/1.1" 200 67186 "-" "Mozilla/5.0 (compatible; bingbot/2.0; +http://www.bing.com/bingbot.htm)"
13.66.139.26 - - [14/Dec/2020:03:16:03 +0100] "GET /images/big_prod/8719497612772.jpg HTTP/1.1" 200 146729 "-" "Mozilla/5.0 (compatible; bingbot/2.0; +http://www.bing.com/bingbot.htm)"
157.55.39.197 - - [14/Dec/2020:03:17:53 +0100] "GET /mondial_relay/js/jquery-1.3.2.min.js HTTP/1.1" 200 57254 "-" "Mozilla/5.0 (compatible; bingbot/2.0; +http://www.bing.com/bingbot.htm)"
13.66.139.26 - - [14/Dec/2020:03:18:04 +0100] "GET /images/big_prod_1/b4895220300513.jpg HTTP/1.1" 200 49266 "-" "Mozilla/5.0 (compatible; bingbot/2.0; +http://www.bing.com/bingbot.htm)"
13.66.139.26 - - [14/Dec/2020:03:18:05 +0100] "GET /images/big_prod_1/3609810065093a.jpg HTTP/1.1" 200 189980 "-" "Mozilla/5.0 (compatible; bingbot/2.0; +http://www.bing.com/bingbot.htm)"
13.66.139.79 - - [14/Dec/2020:03:19:52 +0100] "GET /images/big_prod_1/8422013606116F.jpg HTTP/1.1" 200 157419 "-" "Mozilla/5.0 (compatible; bingbot/2.0; +http://www.bing.com/bingbot.htm)"
13.66.139.79 - - [14/Dec/2020:03:22:22 +0100] "GET /images/minniedebout.jpg HTTP/1.1" 200 17049 "-" "Mozilla/5.0 (compatible; bingbot/2.0; +http://www.bing.com/bingbot.htm)"
13.66.139.26 - - [14/Dec/2020:03:24:17 +0100] "GET /images/big_prod/8718317678899.jpg HTTP/1.1" 200 170338 "-" "Mozilla/5.0 (compatible; bingbot/2.0; +http://www.bing.com/bingbot.htm)"
13.66.139.26 - - [14/Dec/2020:03:24:18 +0100] "GET /images/big_prod_1/b1341689117993.jpg HTTP/1.1" 200 135094 "-" "Mozilla/5.0 (compatible; bingbot/2.0; +http://www.bing.com/bingbot.htm)"
114.119.154.200 - - [14/Dec/2020:03:25:12 +0100] "GET /images/big_prod_2/5404006039807b.jpg HTTP/1.1" 200 142922 "-" "Mozilla/5.0 (Linux; Android 7.0;) AppleWebKit/537.36 (KHTML, like Gecko) Mobile Safari/537.36 (compatible; PetalBot;+https://aspiegel.com/petalbot)"
13.66.139.79 - - [14/Dec/2020:03:25:46 +0100] "GET /images/3760116321259.jpg HTTP/1.1" 200 71326 "-" "Mozilla/5.0 (compatible; bingbot/2.0; +http://www.bing.com/bingbot.htm)"
13.66.139.79 - - [14/Dec/2020:03:25:47 +0100] "GET /images/1399984232330.jpg HTTP/1.1" 200 28123 "-" "Mozilla/5.0 (compatible; bingbot/2.0; +http://www.bing.com/bingbot.htm)"
13.66.139.79 - - [14/Dec/2020:03:25:47 +0100] "GET /images/big_prod/7601020000006.jpg HTTP/1.1" 200 112587 "-" "Mozilla/5.0 (compatible; bingbot/2.0; +http://www.bing.com/bingbot.htm)"
13.66.139.79 - - [14/Dec/2020:03:25:47 +0100] "GET /images/3661275057884.jpg HTTP/1.1" 200 41443 "-" "Mozilla/5.0 (compatible; bingbot/2.0; +http://www.bing.com/bingbot.htm)"
71.235.246.49 - - [14/Dec/2020:03:29:33 +0100] "GET /images/8001583026090.jpg HTTP/1.1" 200 31633 "-" "Mozilla/5.0 (iPad; CPU OS 14_2 like Mac OS X) AppleWebKit/605.1.15 (KHTML, like Gecko) CriOS/87.0.4280.77 Mobile/15E148 Safari/604.1"
114.119.145.117 - - [14/Dec/2020:03:29:34 +0100] "GET /images/big_prod_1/8499034501706N.jpg HTTP/1.1" 200 110383 "-" "Mozilla/5.0 (Linux; Android 7.0;) AppleWebKit/537.36 (KHTML, like Gecko) Mobile Safari/537.36 (compatible; PetalBot;+https://aspiegel.com/petalbot)"
95.217.228.95 - - [14/Dec/2020:03:29:55 +0100] "GET /js/jquery.jqzoom.js HTTP/1.1" 200 4761 "http://www.wonder-geek.com/betty-boop-mobile-sock-p-32844.html" "'Mozilla/5.0 (compatible; Seekport Crawler; http://seekport.com/'"
95.217.228.95 - - [14/Dec/2020:03:29:55 +0100] "GET /highslide/highslide.js HTTP/1.1" 200 42909 "http://www.wonder-geek.com/betty-boop-mobile-sock-p-32844.html" "'Mozilla/5.0 (compatible; Seekport Crawler; http://seekport.com/'"
95.217.228.95 - - [14/Dec/2020:03:29:55 +0100] "GET /templates/Pixame_v1/images/icon_accueil2.png HTTP/1.1" 200 1137 "http://www.wonder-geek.com/betty-boop-mobile-sock-p-32844.html" "'Mozilla/5.0 (compatible; Seekport Crawler; http://seekport.com/'"
95.217.228.95 - - [14/Dec/2020:03:29:55 +0100] "GET /js/jquery.js HTTP/1.1" 200 54075 "http://www.wonder-geek.com/betty-boop-mobile-sock-p-32844.html" "'Mozilla/5.0 (compatible; Seekport Crawler; http://seekport.com/'"
95.217.228.95 - - [14/Dec/2020:03:29:55 +0100] "GET /mondial_relay/js/jquery-1.3.2.min.js HTTP/1.1" 200 57254 "http://www.wonder-geek.com/betty-boop-mobile-sock-p-32844.html" "'Mozilla/5.0 (compatible; Seekport Crawler; http://seekport.com/'"
95.217.228.95 - - [14/Dec/2020:03:29:55 +0100] "GET /templates/Pixame_v1/images/buttons/english/button_in_cart.gif HTTP/1.1" 200 1212 "http://www.wonder-geek.com/betty-boop-mobile-sock-p-32844.html" "'Mozilla/5.0 (compatible; Seekport Crawler; http://seekport.com/'"
95.217.228.95 - - [14/Dec/2020:03:29:55 +0100] "GET /images/med_prod/3609819998415.jpg HTTP/1.1" 200 124429 "http://www.wonder-geek.com/betty-boop-mobile-sock-p-32844.html" "'Mozilla/5.0 (compatible; Seekport Crawler; http://seekport.com/'"
95.217.228.95 - - [14/Dec/2020:03:29:55 +0100] "GET /highslide/graphics/outlines/drop-shadow.png HTTP/1.1" 200 2022 "http://www.wonder-geek.com/betty-boop-mobile-sock-p-32844.html" "'Mozilla/5.0 (compatible; Seekport Crawler; http://seekport.com/'"
95.217.228.95 - - [14/Dec/2020:03:29:55 +0100] "GET /highslide/graphics/outlines/drop-shadow.png HTTP/1.1" 200 2022 "http://www.wonder-geek.com/" "'Mozilla/5.0 (compatible; Seekport Crawler; http://seekport.com/'"
95.217.228.95 - - [14/Dec/2020:03:29:55 +0100] "GET /images/med_prod/3609819998415.jpg HTTP/1.1" 200 124429 "http://www.wonder-geek.com/betty-boop-mobile-sock-p-32844.html" "'Mozilla/5.0 (compatible; Seekport Crawler; http://seekport.com/'"
13.66.139.26 - - [14/Dec/2020:03:30:34 +0100] "GET /images/big_prod_1/8718375755389N.jpg HTTP/1.1" 200 128075 "-" "Mozilla/5.0 (compatible; bingbot/2.0; +http://www.bing.com/bingbot.htm)"
13.66.139.26 - - [14/Dec/2020:03:32:04 +0100] "GET /images/big_prod/5400924032814.jpg HTTP/1.1" 200 51977 "-" "Mozilla/5.0 (compatible; bingbot/2.0; +http://www.bing.com/bingbot.htm)"
13.66.139.26 - - [14/Dec/2020:03:32:26 +0100] "GET /images/big_prod/1384010205914.jpg HTTP/1.1" 200 182233 "-" "Mozilla/5.0 (compatible; bingbot/2.0; +http://www.bing.com/bingbot.htm)"
13.66.139.79 - - [14/Dec/2020:03:33:41 +0100] "GET /images/mini_prod/8422836098105.jpg HTTP/1.1" 200 7190 "-" "Mozilla/5.0 (compatible; bingbot/2.0; +http://www.bing.com/bingbot.htm)"
95.217.225.123 - - [14/Dec/2020:03:34:03 +0100] "GET /js/jquery.jqzoom.js HTTP/1.1" 200 4761 "http://www.wonder-geek.com/strawberry-shortcake-hat-years-p-22145.html" "'Mozilla/5.0 (compatible; Seekport Crawler; http://seekport.com/'"
95.217.225.123 - - [14/Dec/2020:03:34:03 +0100] "GET /highslide/highslide.js HTTP/1.1" 200 42909 "http://www.wonder-geek.com/strawberry-shortcake-hat-years-p-22145.html" "'Mozilla/5.0 (compatible; Seekport Crawler; http://seekport.com/'"
95.217.225.123 - - [14/Dec/2020:03:34:03 +0100] "GET /templates/Pixame_v1/images/icon_accueil2.png HTTP/1.1" 200 1137 "http://www.wonder-geek.com/strawberry-shortcake-hat-years-p-22145.html" "'Mozilla/5.0 (compatible; Seekport Crawler; http://seekport.com/'"
95.217.225.123 - - [14/Dec/2020:03:34:03 +0100] "GET /js/jquery.js HTTP/1.1" 200 54075 "http://www.wonder-geek.com/strawberry-shortcake-hat-years-p-22145.html" "'Mozilla/5.0 (compatible; Seekport Crawler; http://seekport.com/'"
95.217.225.123 - - [14/Dec/2020:03:34:03 +0100] "GET /mondial_relay/js/jquery-1.3.2.min.js HTTP/1.1" 200 57254 "http://www.wonder-geek.com/strawberry-shortcake-hat-years-p-22145.html" "'Mozilla/5.0 (compatible; Seekport Crawler; http://seekport.com/'"
95.217.225.123 - - [14/Dec/2020:03:34:03 +0100] "GET /templates/Pixame_v1/images/buttons/english/button_in_cart.gif HTTP/1.1" 200 1212 "http://www.wonder-geek.com/strawberry-shortcake-hat-years-p-22145.html" "'Mozilla/5.0 (compatible; Seekport Crawler; http://seekport.com/'"
95.217.225.123 - - [14/Dec/2020:03:34:03 +0100] "GET /images/170208_102405_PEEL_Xd8zFF.jpg HTTP/1.1" 200 56897 "http://www.wonder-geek.com/strawberry-shortcake-hat-years-p-22145.html" "'Mozilla/5.0 (compatible; Seekport Crawler; http://seekport.com/'"
95.217.225.123 - - [14/Dec/2020:03:34:04 +0100] "GET /highslide/graphics/outlines/drop-shadow.png HTTP/1.1" 200 2022 "http://www.wonder-geek.com/strawberry-shortcake-hat-years-p-22145.html" "'Mozilla/5.0 (compatible; Seekport Crawler; http://seekport.com/'"
95.217.225.123 - - [14/Dec/2020:03:34:04 +0100] "GET /images/170208_102405_PEEL_Xd8zFF.jpg HTTP/1.1" 200 56897 "http://www.wonder-geek.com/strawberry-shortcake-hat-years-p-22145.html" "'Mozilla/5.0 (compatible; Seekport Crawler; http://seekport.com/'"
95.217.225.123 - - [14/Dec/2020:03:34:04 +0100] "GET /highslide/graphics/outlines/drop-shadow.png HTTP/1.1" 200 2022 "http://www.wonder-geek.com/" "'Mozilla/5.0 (compatible; Seekport Crawler; http://seekport.com/'"
13.66.139.79 - - [14/Dec/2020:03:34:14 +0100] "GET /images/big_prod_1/b4895220304375.jpg HTTP/1.1" 200 50855 "-" "Mozilla/5.0 (compatible; bingbot/2.0; +http://www.bing.com/bingbot.htm)"
17.58.96.213 - - [14/Dec/2020:03:35:18 +0100] "GET /robots.txt HTTP/1.1" 200 2438 "-" "Mozilla/5.0 (Macintosh; Intel Mac OS X 10_15_5) AppleWebKit/605.1.15 (KHTML, like Gecko) Version/13.1.1 Safari/605.1.15 (Applebot/0.1; +http://www.apple.com/go/applebot)"
13.66.139.79 - - [14/Dec/2020:03:35:54 +0100] "GET /images/4010070230418.jpg HTTP/1.1" 200 28781 "-" "Mozilla/5.0 (compatible; bingbot/2.0; +http://www.bing.com/bingbot.htm)"
13.66.139.79 - - [14/Dec/2020:03:36:22 +0100] "GET /images/mini_prod/1399997839281.jpg HTTP/1.1" 200 4551 "-" "Mozilla/5.0 (compatible; bingbot/2.0; +http://www.bing.com/bingbot.htm)"
13.66.139.79 - - [14/Dec/2020:03:36:34 +0100] "GET /images/big_prod/8433933164440.jpg HTTP/1.1" 200 79110 "-" "Mozilla/5.0 (compatible; bingbot/2.0; +http://www.bing.com/bingbot.htm)"
13.66.139.79 - - [14/Dec/2020:03:37:45 +0100] "GET /images/med_prod/8412497597796.jpg HTTP/1.1" 200 87222 "-" "Mozilla/5.0 (compatible; bingbot/2.0; +http://www.bing.com/bingbot.htm)"
13.66.139.26 - - [14/Dec/2020:03:37:48 +0100] "GET /images/big_prod/3609810065208.jpg HTTP/1.1" 200 92066 "-" "Mozilla/5.0 (compatible; bingbot/2.0; +http://www.bing.com/bingbot.htm)"
114.119.154.200 - - [14/Dec/2020:03:38:13 +0100] "GET /images/mini_prod/1300010237458.jpg HTTP/1.1" 200 2823 "-" "Mozilla/5.0 (Linux; Android 7.0;) AppleWebKit/537.36 (KHTML, like Gecko) Mobile Safari/537.36 (compatible; PetalBot;+https://aspiegel.com/petalbot)"
13.66.139.79 - - [14/Dec/2020:03:39:05 +0100] "GET /images/big_prod/3453131146593.jpg HTTP/1.1" 200 89413 "-" "Mozilla/5.0 (compatible; bingbot/2.0; +http://www.bing.com/bingbot.htm)"
13.66.139.79 - - [14/Dec/2020:03:39:07 +0100] "GET /images/big_prod/3609810065215.jpg HTTP/1.1" 200 92721 "-" "Mozilla/5.0 (compatible; bingbot/2.0; +http://www.bing.com/bingbot.htm)"
13.66.139.26 - - [14/Dec/2020:03:39:47 +0100] "GET /images/big_prod/8020912049258.jpg HTTP/1.1" 200 108225 "-" "Mozilla/5.0 (compatible; bingbot/2.0; +http://www.bing.com/bingbot.htm)"
13.66.139.26 - - [14/Dec/2020:03:40:05 +0100] "GET /images/med_prod/5013138655641.jpg HTTP/1.1" 200 72160 "-" "Mozilla/5.0 (compatible; bingbot/2.0; +http://www.bing.com/bingbot.htm)"
40.88.21.235 - - [14/Dec/2020:03:41:12 +0100] "GET /favicon.ico HTTP/1.1" 200 1591 "http://www.wonder-geek.com/favicon.ico" "Mozilla/5.0 (compatible; DuckDuckGo-Favicons-Bot/1.0; +http://duckduckgo.com)"
13.66.139.26 - - [14/Dec/2020:03:42:17 +0100] "GET /images/big_prod/3503420020513.jpg HTTP/1.1" 200 87840 "-" "Mozilla/5.0 (compatible; bingbot/2.0; +http://www.bing.com/bingbot.htm)"
114.119.129.36 - - [14/Dec/2020:03:42:35 +0100] "GET /images/mini_prod/3612875121444.jpg HTTP/1.1" 200 7033 "-" "Mozilla/5.0 (Linux; Android 7.0;) AppleWebKit/537.36 (KHTML, like Gecko) Mobile Safari/537.36 (compatible; PetalBot;+https://aspiegel.com/petalbot)"
95.217.228.35 - - [14/Dec/2020:03:46:02 +0100] "GET /js/jquery.jqzoom.js HTTP/1.1" 200 4761 "http://www.wonder-geek.com/bob-the-builder-backpack-p-20702.html" "'Mozilla/5.0 (compatible; Seekport Crawler; http://seekport.com/'"
95.217.228.35 - - [14/Dec/2020:03:46:02 +0100] "GET /highslide/highslide.js HTTP/1.1" 200 42909 "http://www.wonder-geek.com/bob-the-builder-backpack-p-20702.html" "'Mozilla/5.0 (compatible; Seekport Crawler; http://seekport.com/'"
95.217.228.35 - - [14/Dec/2020:03:46:02 +0100] "GET /templates/Pixame_v1/images/icon_accueil2.png HTTP/1.1" 200 1137 "http://www.wonder-geek.com/bob-the-builder-backpack-p-20702.html" "'Mozilla/5.0 (compatible; Seekport Crawler; http://seekport.com/'"
95.217.228.35 - - [14/Dec/2020:03:46:02 +0100] "GET /js/jquery.js HTTP/1.1" 200 54075 "http://www.wonder-geek.com/bob-the-builder-backpack-p-20702.html" "'Mozilla/5.0 (compatible; Seekport Crawler; http://seekport.com/'"
95.217.228.35 - - [14/Dec/2020:03:46:02 +0100] "GET /mondial_relay/js/jquery-1.3.2.min.js HTTP/1.1" 200 57254 "http://www.wonder-geek.com/bob-the-builder-backpack-p-20702.html" "'Mozilla/5.0 (compatible; Seekport Crawler; http://seekport.com/'"
95.217.228.35 - - [14/Dec/2020:03:46:02 +0100] "GET /images/1399984221303.jpg HTTP/1.1" 200 40308 "http://www.wonder-geek.com/bob-the-builder-backpack-p-20702.html" "'Mozilla/5.0 (compatible; Seekport Crawler; http://seekport.com/'"
95.217.228.35 - - [14/Dec/2020:03:46:02 +0100] "GET /templates/Pixame_v1/images/buttons/english/button_in_cart.gif HTTP/1.1" 200 1212 "http://www.wonder-geek.com/bob-the-builder-backpack-p-20702.html" "'Mozilla/5.0 (compatible; Seekport Crawler; http://seekport.com/'"
95.217.228.35 - - [14/Dec/2020:03:46:02 +0100] "GET /highslide/graphics/outlines/drop-shadow.png HTTP/1.1" 200 2022 "http://www.wonder-geek.com/bob-the-builder-backpack-p-20702.html" "'Mozilla/5.0 (compatible; Seekport Crawler; http://seekport.com/'"
95.217.228.35 - - [14/Dec/2020:03:46:02 +0100] "GET /highslide/graphics/outlines/drop-shadow.png HTTP/1.1" 200 2022 "http://www.wonder-geek.com/" "'Mozilla/5.0 (compatible; Seekport Crawler; http://seekport.com/'"
95.217.228.35 - - [14/Dec/2020:03:46:02 +0100] "GET /images/1399984221303.jpg HTTP/1.1" 200 40308 "http://www.wonder-geek.com/bob-the-builder-backpack-p-20702.html" "'Mozilla/5.0 (compatible; Seekport Crawler; http://seekport.com/'"
74.90.244.162 - - [14/Dec/2020:03:46:05 +0100] "GET /images/med_prod/1399984272213.jpg HTTP/1.1" 200 165417 "-" "Mozilla/5.0 (Macintosh; Intel Mac OS X 10_12_6) AppleWebKit/605.1.15 (KHTML, like Gecko) Version/12.1.2 Safari/605.1.15"
13.66.139.26 - - [14/Dec/2020:03:47:46 +0100] "GET /images/4008421369201.jpg HTTP/1.1" 200 38519 "-" "Mozilla/5.0 (compatible; bingbot/2.0; +http://www.bing.com/bingbot.htm)"
13.66.139.26 - - [14/Dec/2020:03:47:46 +0100] "GET /images/010808_075507_PEEL_uKnb4V.jpg HTTP/1.1" 200 26771 "-" "Mozilla/5.0 (compatible; bingbot/2.0; +http://www.bing.com/bingbot.htm)"
13.66.139.79 - - [14/Dec/2020:03:49:05 +0100] "GET /images/med_prod/1384010179185.jpg HTTP/1.1" 200 94907 "-" "Mozilla/5.0 (compatible; bingbot/2.0; +http://www.bing.com/bingbot.htm)"
13.66.139.26 - - [14/Dec/2020:03:49:46 +0100] "GET /images/EL916N.jpg HTTP/1.1" 200 61562 "-" "Mozilla/5.0 (compatible; bingbot/2.0; +http://www.bing.com/bingbot.htm)"
95.217.225.123 - - [14/Dec/2020:03:50:02 +0100] "GET /js/jquery.jqzoom.js HTTP/1.1" 200 4761 "http://www.wonder-geek.com/hannah-montana-stationery-p-19924.html" "'Mozilla/5.0 (compatible; Seekport Crawler; http://seekport.com/'"
95.217.225.123 - - [14/Dec/2020:03:50:02 +0100] "GET /templates/Pixame_v1/images/icon_accueil2.png HTTP/1.1" 200 1137 "http://www.wonder-geek.com/hannah-montana-stationery-p-19924.html" "'Mozilla/5.0 (compatible; Seekport Crawler; http://seekport.com/'"
95.217.225.123 - - [14/Dec/2020:03:50:02 +0100] "GET /highslide/highslide.js HTTP/1.1" 200 42909 "http://www.wonder-geek.com/hannah-montana-stationery-p-19924.html" "'Mozilla/5.0 (compatible; Seekport Crawler; http://seekport.com/'"
95.217.225.123 - - [14/Dec/2020:03:50:02 +0100] "GET /js/jquery.js HTTP/1.1" 200 54075 "http://www.wonder-geek.com/hannah-montana-stationery-p-19924.html" "'Mozilla/5.0 (compatible; Seekport Crawler; http://seekport.com/'"
95.217.225.123 - - [14/Dec/2020:03:50:02 +0100] "GET /mondial_relay/js/jquery-1.3.2.min.js HTTP/1.1" 200 57254 "http://www.wonder-geek.com/hannah-montana-stationery-p-19924.html" "'Mozilla/5.0 (compatible; Seekport Crawler; http://seekport.com/'"
95.217.225.123 - - [14/Dec/2020:03:50:02 +0100] "GET /images/4717115120269.jpg HTTP/1.1" 200 28588 "http://www.wonder-geek.com/hannah-montana-stationery-p-19924.html" "'Mozilla/5.0 (compatible; Seekport Crawler; http://seekport.com/'"
95.217.225.123 - - [14/Dec/2020:03:50:02 +0100] "GET /templates/Pixame_v1/images/buttons/english/button_in_cart.gif HTTP/1.1" 200 1212 "http://www.wonder-geek.com/hannah-montana-stationery-p-19924.html" "'Mozilla/5.0 (compatible; Seekport Crawler; http://seekport.com/'"
95.217.225.123 - - [14/Dec/2020:03:50:02 +0100] "GET /highslide/graphics/outlines/drop-shadow.png HTTP/1.1" 200 2022 "http://www.wonder-geek.com/hannah-montana-stationery-p-19924.html" "'Mozilla/5.0 (compatible; Seekport Crawler; http://seekport.com/'"
95.217.225.123 - - [14/Dec/2020:03:50:02 +0100] "GET /images/4717115120269.jpg HTTP/1.1" 200 28588 "http://www.wonder-geek.com/hannah-montana-stationery-p-19924.html" "'Mozilla/5.0 (compatible; Seekport Crawler; http://seekport.com/'"
95.217.225.123 - - [14/Dec/2020:03:50:02 +0100] "GET /highslide/graphics/outlines/drop-shadow.png HTTP/1.1" 200 2022 "http://www.wonder-geek.com/" "'Mozilla/5.0 (compatible; Seekport Crawler; http://seekport.com/'"
13.66.139.26 - - [14/Dec/2020:03:50:06 +0100] "GET /images/big_prod_1/8424345615095B.jpg HTTP/1.1" 200 173560 "-" "Mozilla/5.0 (compatible; bingbot/2.0; +http://www.bing.com/bingbot.htm)"
13.66.139.79 - - [14/Dec/2020:03:50:24 +0100] "GET /images/big_prod_1/8720088291948b.jpg HTTP/1.1" 200 73809 "-" "Mozilla/5.0 (compatible; bingbot/2.0; +http://www.bing.com/bingbot.htm)"
157.55.39.59 - - [14/Dec/2020:03:51:21 +0100] "GET /images/big_prod/7601020000006.jpg HTTP/1.1" 200 112587 "-" "Mozilla/5.0 (compatible; bingbot/2.0; +http://www.bing.com/bingbot.htm)"
207.46.13.127 - - [14/Dec/2020:03:51:26 +0100] "GET /images/big_prod/4010070314224.jpg HTTP/1.1" 200 117241 "-" "Mozilla/5.0 (compatible; bingbot/2.0; +http://www.bing.com/bingbot.htm)"
13.66.139.26 - - [14/Dec/2020:03:51:47 +0100] "GET /images/280670.jpg HTTP/1.1" 200 15190 "-" "Mozilla/5.0 (compatible; bingbot/2.0; +http://www.bing.com/bingbot.htm)"
13.66.139.26 - - [14/Dec/2020:03:51:48 +0100] "GET /images/big_prod/8422016709005.jpg HTTP/1.1" 200 102456 "-" "Mozilla/5.0 (compatible; bingbot/2.0; +http://www.bing.com/bingbot.htm)"
207.46.13.127 - - [14/Dec/2020:03:51:56 +0100] "GET /images/med_prod/1384010179550.jpg HTTP/1.1" 200 52385 "-" "Mozilla/5.0 (compatible; bingbot/2.0; +http://www.bing.com/bingbot.htm)"
13.66.139.26 - - [14/Dec/2020:03:51:59 +0100] "GET /images/mini_prod/8422011490106.jpg HTTP/1.1" 200 6101 "-" "Mozilla/5.0 (compatible; bingbot/2.0; +http://www.bing.com/bingbot.htm)"
13.66.139.79 - - [14/Dec/2020:03:52:06 +0100] "GET /images/1399984251201.jpg HTTP/1.1" 200 118470 "-" "Mozilla/5.0 (compatible; bingbot/2.0; +http://www.bing.com/bingbot.htm)"
13.66.139.26 - - [14/Dec/2020:03:53:07 +0100] "GET /images/med_prod/b8422535846281.jpg HTTP/1.1" 200 142057 "-" "Mozilla/5.0 (compatible; bingbot/2.0; +http://www.bing.com/bingbot.htm)"
13.66.139.79 - - [14/Dec/2020:03:53:59 +0100] "GET /images/big_prod/1384010185032.jpg HTTP/1.1" 200 104020 "-" "Mozilla/5.0 (compatible; bingbot/2.0; +http://www.bing.com/bingbot.htm)"
216.244.66.242 - - [14/Dec/2020:03:54:09 +0100] "GET /robots.txt HTTP/1.1" 200 2438 "-" "Mozilla/5.0 (compatible; DotBot/1.1; http://www.opensiteexplorer.org/dotbot, help@moz.com)"
13.66.139.26 - - [14/Dec/2020:03:54:26 +0100] "GET /images/big_prod/8422011475806.jpg HTTP/1.1" 200 66269 "-" "Mozilla/5.0 (compatible; bingbot/2.0; +http://www.bing.com/bingbot.htm)"
13.66.139.79 - - [14/Dec/2020:03:54:48 +0100] "GET /images/big_prod/8422020085508.jpg HTTP/1.1" 200 98567 "-" "Mozilla/5.0 (compatible; bingbot/2.0; +http://www.bing.com/bingbot.htm)"
207.46.13.127 - - [14/Dec/2020:03:56:06 +0100] "GET /images/big_prod/4029811442294.jpg HTTP/1.1" 200 91668 "-" "Mozilla/5.0 (compatible; bingbot/2.0; +http://www.bing.com/bingbot.htm)"
13.66.139.79 - - [14/Dec/2020:03:57:11 +0100] "GET /images/big_prod/1300000022446NN.jpg HTTP/1.1" 200 224746 "-" "Mozilla/5.0 (compatible; bingbot/2.0; +http://www.bing.com/bingbot.htm)"
207.46.13.127 - - [14/Dec/2020:03:57:23 +0100] "GET /js/jquery.jqzoom.js HTTP/1.1" 200 4761 "-" "Mozilla/5.0 (compatible; bingbot/2.0; +http://www.bing.com/bingbot.htm)"
13.66.139.79 - - [14/Dec/2020:04:00:23 +0100] "GET /images/8422666661418.jpg HTTP/1.1" 200 41610 "-" "Mozilla/5.0 (compatible; bingbot/2.0; +http://www.bing.com/bingbot.htm)"
13.66.139.79 - - [14/Dec/2020:04:00:32 +0100] "GET /images/3438100321324.jpg HTTP/1.1" 200 33554 "-" "Mozilla/5.0 (compatible; bingbot/2.0; +http://www.bing.com/bingbot.htm)"
207.46.13.127 - - [14/Dec/2020:04:00:38 +0100] "GET /js/jquery.jqzoom.js HTTP/1.1" 200 4761 "-" "Mozilla/5.0 (compatible; bingbot/2.0; +http://www.bing.com/bingbot.htm)"
13.66.139.26 - - [14/Dec/2020:04:03:49 +0100] "GET /images/big_prod/1384010204061.jpg HTTP/1.1" 200 99733 "-" "Mozilla/5.0 (compatible; bingbot/2.0; +http://www.bing.com/bingbot.htm)"
13.66.139.26 - - [14/Dec/2020:04:03:49 +0100] "GET /images/big_prod/3503420082467.jpg HTTP/1.1" 200 69194 "-" "Mozilla/5.0 (compatible; bingbot/2.0; +http://www.bing.com/bingbot.htm)"
13.66.139.26 - - [14/Dec/2020:04:05:37 +0100] "GET /images/med_prod/3014627829996.jpg HTTP/1.1" 200 31975 "-" "Mozilla/5.0 (compatible; bingbot/2.0; +http://www.bing.com/bingbot.htm)"
13.66.139.26 - - [14/Dec/2020:04:05:37 +0100] "GET /images/330721281312917072012.jpg HTTP/1.1" 200 63390 "-" "Mozilla/5.0 (compatible; bingbot/2.0; +http://www.bing.com/bingbot.htm)"
13.66.139.26 - - [14/Dec/2020:04:06:27 +0100] "GET /images/big_prod/8433933118559.jpg HTTP/1.1" 200 75269 "-" "Mozilla/5.0 (compatible; bingbot/2.0; +http://www.bing.com/bingbot.htm)"
95.91.76.137 - - [14/Dec/2020:04:06:53 +0100] "GET /robots.txt HTTP/1.1" 200 2438 "-" "Mozilla/5.0 (compatible; MJ12bot/v1.4.8; http://mj12bot.com/)"
13.66.139.26 - - [14/Dec/2020:04:06:59 +0100] "GET /images/big_prod/3453131135511.jpg HTTP/1.1" 200 100160 "-" "Mozilla/5.0 (compatible; bingbot/2.0; +http://www.bing.com/bingbot.htm)"
144.76.3.79 - - [14/Dec/2020:04:07:01 +0100] "GET /robots.txt HTTP/1.1" 200 2438 "-" "Mozilla/5.0 (compatible; MJ12bot/v1.4.8; http://mj12bot.com/)"
13.66.139.79 - - [14/Dec/2020:04:07:08 +0100] "GET /images/big_prod/5051276373041.jpg HTTP/1.1" 200 83354 "-" "Mozilla/5.0 (compatible; bingbot/2.0; +http://www.bing.com/bingbot.htm)"
13.66.139.79 - - [14/Dec/2020:04:08:28 +0100] "GET /images/mini_prod/1399984263907.jpg HTTP/1.1" 200 9007 "-" "Mozilla/5.0 (compatible; bingbot/2.0; +http://www.bing.com/bingbot.htm)"
114.119.147.45 - - [14/Dec/2020:04:08:49 +0100] "GET /images/big_prod_1/50148424346522613A.jpg HTTP/1.1" 200 138927 "-" "Mozilla/5.0 (Linux; Android 7.0;) AppleWebKit/537.36 (KHTML, like Gecko) Mobile Safari/537.36 (compatible; PetalBot;+https://aspiegel.com/petalbot)"
157.55.39.59 - - [14/Dec/2020:04:09:55 +0100] "GET /images/8028501669177.jpg HTTP/1.1" 200 29005 "-" "Mozilla/5.0 (compatible; bingbot/2.0; +http://www.bing.com/bingbot.htm)"
157.55.39.179 - - [14/Dec/2020:04:10:51 +0100] "GET /images/big_prod/3609810071988.jpg HTTP/1.1" 200 191767 "-" "Mozilla/5.0 (compatible; bingbot/2.0; +http://www.bing.com/bingbot.htm)"
172.112.115.213 - - [14/Dec/2020:04:11:06 +0100] "GET /images/8435333807699.jpg HTTP/1.1" 200 100833 "-" "Mozilla/5.0 (Macintosh; Intel Mac OS X 10_14_6) AppleWebKit/605.1.15 (KHTML, like Gecko) Version/14.0 Safari/605.1.15"
114.119.158.196 - - [14/Dec/2020:04:13:13 +0100] "GET /images/big_prod_1/3014627935703b.jpg HTTP/1.1" 200 328877 "-" "Mozilla/5.0 (Linux; Android 7.0;) AppleWebKit/537.36 (KHTML, like Gecko) Mobile Safari/537.36 (compatible; PetalBot;+https://aspiegel.com/petalbot)"
13.66.139.26 - - [14/Dec/2020:04:14:39 +0100] "GET /images/big_prod/1399985100027.jpg HTTP/1.1" 200 118347 "-" "Mozilla/5.0 (compatible; bingbot/2.0; +http://www.bing.com/bingbot.htm)"
13.66.139.26 - - [14/Dec/2020:04:14:40 +0100] "GET /images/med_prod/045544769655.jpg HTTP/1.1" 200 153631 "-" "Mozilla/5.0 (compatible; bingbot/2.0; +http://www.bing.com/bingbot.htm)"
185.191.171.42 - - [14/Dec/2020:04:16:28 +0100] "GET /robots.txt HTTP/1.1" 200 2438 "-" "Mozilla/5.0 (compatible; SemrushBot/7~bl; +http://www.semrush.com/bot.html)"
207.46.13.127 - - [14/Dec/2020:04:16:45 +0100] "GET /images/big_prod/3453131150538.jpg HTTP/1.1" 200 107767 "-" "Mozilla/5.0 (compatible; bingbot/2.0; +http://www.bing.com/bingbot.htm)"
114.119.132.105 - - [14/Dec/2020:04:17:32 +0100] "GET /images/mini_prod/8422011475905.jpg HTTP/1.1" 200 3879 "-" "Mozilla/5.0 (Linux; Android 7.0;) AppleWebKit/537.36 (KHTML, like Gecko) Mobile Safari/537.36 (compatible; PetalBot;+https://aspiegel.com/petalbot)"
13.66.139.26 - - [14/Dec/2020:04:17:49 +0100] "GET /images/mini_prod/1399987839284.jpg HTTP/1.1" 200 5839 "-" "Mozilla/5.0 (compatible; bingbot/2.0; +http://www.bing.com/bingbot.htm)"
207.46.13.146 - - [14/Dec/2020:04:18:21 +0100] "GET /images/big_prod_1/3612875123547a.jpg HTTP/1.1" 200 100631 "-" "Mozilla/5.0 (compatible; bingbot/2.0; +http://www.bing.com/bingbot.htm)"
95.216.11.179 - - [14/Dec/2020:04:19:40 +0100] "GET /robots.txt HTTP/1.1" 200 2438 "-" "Mozilla/5.0 (compatible; MJ12bot/v1.4.8; http://mj12bot.com/)"
114.119.129.36 - - [14/Dec/2020:04:21:55 +0100] "GET /images/mini_prod/8433933224052.jpg HTTP/1.1" 200 4973 "-" "Mozilla/5.0 (Linux; Android 7.0;) AppleWebKit/537.36 (KHTML, like Gecko) Mobile Safari/537.36 (compatible; PetalBot;+https://aspiegel.com/petalbot)"
13.66.139.26 - - [14/Dec/2020:04:22:00 +0100] "GET /images/3760194999883.jpg HTTP/1.1" 200 22022 "-" "Mozilla/5.0 (compatible; bingbot/2.0; +http://www.bing.com/bingbot.htm)"
207.46.13.48 - - [14/Dec/2020:04:22:34 +0100] "GET /images/big_prod_1/8720088291184a.jpg HTTP/1.1" 200 61546 "-" "Mozilla/5.0 (compatible; bingbot/2.0; +http://www.bing.com/bingbot.htm)"
207.46.13.146 - - [14/Dec/2020:04:25:51 +0100] "GET /images/med_prod/1384010177075.jpg HTTP/1.1" 200 59141 "-" "Mozilla/5.0 (compatible; bingbot/2.0; +http://www.bing.com/bingbot.htm)"
157.55.39.59 - - [14/Dec/2020:04:26:18 +0100] "GET /images/big_prod/8422011476100.jpg HTTP/1.1" 200 60528 "-" "Mozilla/5.0 (compatible; bingbot/2.0; +http://www.bing.com/bingbot.htm)"
114.119.145.117 - - [14/Dec/2020:04:26:19 +0100] "GET /images/mini_prod/8499034501706.jpg HTTP/1.1" 200 5928 "-" "Mozilla/5.0 (Linux; Android 7.0;) AppleWebKit/537.36 (KHTML, like Gecko) Mobile Safari/537.36 (compatible; PetalBot;+https://aspiegel.com/petalbot)"
13.66.139.26 - - [14/Dec/2020:04:26:30 +0100] "GET /images/885561160017.jpg HTTP/1.1" 200 21209 "-" "Mozilla/5.0 (compatible; bingbot/2.0; +http://www.bing.com/bingbot.htm)"
157.55.39.76 - - [14/Dec/2020:04:26:59 +0100] "GET /images/big_prod/1300000021821.jpg HTTP/1.1" 200 44118 "-" "Mozilla/5.0 (compatible; bingbot/2.0; +http://www.bing.com/bingbot.htm)"
157.55.39.76 - - [14/Dec/2020:04:27:00 +0100] "GET /images/big_prod_1/3520071657868b.jpg HTTP/1.1" 200 101823 "-" "Mozilla/5.0 (compatible; bingbot/2.0; +http://www.bing.com/bingbot.htm)"
157.55.39.76 - - [14/Dec/2020:04:27:00 +0100] "GET /images/big_prod/1399984253632.jpg HTTP/1.1" 200 40317 "-" "Mozilla/5.0 (compatible; bingbot/2.0; +http://www.bing.com/bingbot.htm)"
207.46.13.127 - - [14/Dec/2020:04:27:10 +0100] "GET /images/big_prod/1384010188552.jpg HTTP/1.1" 200 126172 "-" "Mozilla/5.0 (compatible; bingbot/2.0; +http://www.bing.com/bingbot.htm)"
13.66.139.26 - - [14/Dec/2020:04:29:39 +0100] "GET /images/big_prod/9316188077422.jpg HTTP/1.1" 200 101653 "-" "Mozilla/5.0 (compatible; bingbot/2.0; +http://www.bing.com/bingbot.htm)"
13.66.139.26 - - [14/Dec/2020:04:29:40 +0100] "GET /images/big_prod/1345544890328.jpg HTTP/1.1" 200 62776 "-" "Mozilla/5.0 (compatible; bingbot/2.0; +http://www.bing.com/bingbot.htm)"
13.66.139.26 - - [14/Dec/2020:04:30:11 +0100] "GET /images/med_prod/3453131045421.jpg HTTP/1.1" 200 51790 "-" "Mozilla/5.0 (compatible; bingbot/2.0; +http://www.bing.com/bingbot.htm)"
13.66.139.26 - - [14/Dec/2020:04:31:00 +0100] "GET /images/4846603169999.jpg HTTP/1.1" 200 64726 "-" "Mozilla/5.0 (compatible; bingbot/2.0; +http://www.bing.com/bingbot.htm)"
157.55.39.179 - - [14/Dec/2020:04:31:54 +0100] "GET /images/big_prod/3660173174549B.jpg HTTP/1.1" 200 173428 "-" "Mozilla/5.0 (compatible; bingbot/2.0; +http://www.bing.com/bingbot.htm)"
207.46.13.146 - - [14/Dec/2020:04:32:00 +0100] "GET /images/8420406603230.jpg HTTP/1.1" 200 34414 "-" "Mozilla/5.0 (compatible; bingbot/2.0; +http://www.bing.com/bingbot.htm)"
13.66.139.26 - - [14/Dec/2020:04:34:02 +0100] "GET /images/8421440076011.jpg HTTP/1.1" 200 32884 "-" "Mozilla/5.0 (compatible; bingbot/2.0; +http://www.bing.com/bingbot.htm)"
189.216.27.151 - - [14/Dec/2020:04:34:15 +0100] "GET /images/big_prod_2/c1300000019972.jpg HTTP/1.1" 200 50680 "-" "com.google.android.apps.searchlite/47202 (Linux; U; Android 8.1.0; es_MX; moto e5 go; Build/OPPS28.151-22-5-20; Cronet/85.0.4183.127)"
189.216.27.151 - - [14/Dec/2020:04:34:16 +0100] "GET /images/big_prod_2/c1300000019972.jpg HTTP/1.1" 200 62264 "-" "com.google.android.apps.searchlite/47202 (Linux; U; Android 8.1.0; es_MX; moto e5 go; Build/OPPS28.151-22-5-20; Cronet/85.0.4183.127)"
114.119.132.105 - - [14/Dec/2020:04:35:00 +0100] "GET /images/mini_prod/1399984263877.jpg HTTP/1.1" 200 7641 "-" "Mozilla/5.0 (Linux; Android 7.0;) AppleWebKit/537.36 (KHTML, like Gecko) Mobile Safari/537.36 (compatible; PetalBot;+https://aspiegel.com/petalbot)"
13.66.139.26 - - [14/Dec/2020:04:35:51 +0100] "GET /images/big_prod/4012390387773.jpg HTTP/1.1" 200 73803 "-" "Mozilla/5.0 (compatible; bingbot/2.0; +http://www.bing.com/bingbot.htm)"
207.46.13.146 - - [14/Dec/2020:04:36:32 +0100] "GET /images/1300010239827.jpg HTTP/1.1" 200 97611 "-" "Mozilla/5.0 (compatible; bingbot/2.0; +http://www.bing.com/bingbot.htm)"
13.66.139.26 - - [14/Dec/2020:04:38:21 +0100] "GET /images/ljrz24xr.jpg HTTP/1.1" 200 34713 "-" "Mozilla/5.0 (compatible; bingbot/2.0; +http://www.bing.com/bingbot.htm)"
13.66.139.55 - - [14/Dec/2020:04:40:04 +0100] "GET /images/9316188056038.jpg HTTP/1.1" 200 94985 "-" "Mozilla/5.0 (compatible; bingbot/2.0; +http://www.bing.com/bingbot.htm)"
207.46.13.127 - - [14/Dec/2020:04:40:14 +0100] "GET /images/big_prod/8422144557455.jpg HTTP/1.1" 200 45643 "-" "Mozilla/5.0 (compatible; bingbot/2.0; +http://www.bing.com/bingbot.htm)"
77.75.79.32 - - [14/Dec/2020:04:40:36 +0100] "GET /robots.txt HTTP/1.1" 200 2438 "-" "Mozilla/5.0 (compatible; SeznamBot/3.2; +http://napoveda.seznam.cz/en/seznambot-intro/)"
77.75.79.32 - - [14/Dec/2020:04:40:36 +0100] "GET /images/mini_prod/5051276388564.jpg HTTP/1.1" 200 5789 "-" "Mozilla/5.0 (compatible; SeznamBot/3.2; +http://napoveda.seznam.cz/en/seznambot-intro/)"
157.55.39.59 - - [14/Dec/2020:04:40:59 +0100] "GET /images/big_prod/3700276218624.jpg HTTP/1.1" 200 94649 "-" "Mozilla/5.0 (compatible; bingbot/2.0; +http://www.bing.com/bingbot.htm)"
13.66.139.26 - - [14/Dec/2020:04:41:51 +0100] "GET /images/big_prod/9349878007553.jpg HTTP/1.1" 200 47074 "-" "Mozilla/5.0 (compatible; bingbot/2.0; +http://www.bing.com/bingbot.htm)"
35.229.42.3 - - [14/Dec/2020:04:42:01 +0100] "GET /robots.txt HTTP/1.0" 200 2438 "-" "ZoominfoBot (zoominfobot at zoominfo dot com)"
216.244.66.242 - - [14/Dec/2020:04:43:50 +0100] "GET /robots.txt HTTP/1.1" 200 2438 "-" "Mozilla/5.0 (compatible; DotBot/1.1; http://www.opensiteexplorer.org/dotbot, help@moz.com)"
13.66.139.26 - - [14/Dec/2020:04:44:21 +0100] "GET /images/9316188025492.jpg HTTP/1.1" 200 18328 "-" "Mozilla/5.0 (compatible; bingbot/2.0; +http://www.bing.com/bingbot.htm)"
13.66.139.26 - - [14/Dec/2020:04:44:31 +0100] "GET /images/med_prod/0000000000000corse.jpg HTTP/1.1" 200 88974 "-" "Mozilla/5.0 (compatible; bingbot/2.0; +http://www.bing.com/bingbot.htm)"
69.30.198.242 - - [14/Dec/2020:04:45:45 +0100] "GET /robots.txt HTTP/1.1" 200 2438 "-" "Mozilla/5.0 (compatible; MJ12bot/v1.4.8; http://mj12bot.com/)"
157.55.39.184 - - [14/Dec/2020:04:45:47 +0100] "GET /images/big_prod_2/8424345932352C.jpg HTTP/1.1" 200 38086 "-" "Mozilla/5.0 (compatible; bingbot/2.0; +http://www.bing.com/bingbot.htm)"
157.55.39.59 - - [14/Dec/2020:04:46:59 +0100] "GET /images/mini_prod/3609810076310.jpg HTTP/1.1" 200 9331 "-" "Mozilla/5.0 (compatible; bingbot/2.0; +http://www.bing.com/bingbot.htm)"
13.66.139.26 - - [14/Dec/2020:04:47:03 +0100] "GET /images/big_prod/9349878006990.jpg HTTP/1.1" 200 88276 "-" "Mozilla/5.0 (compatible; bingbot/2.0; +http://www.bing.com/bingbot.htm)"
114.119.151.113 - - [14/Dec/2020:04:48:03 +0100] "GET /images/mini_prod/8904245402983.jpg HTTP/1.1" 200 5473 "-" "Mozilla/5.0 (Linux; Android 7.0;) AppleWebKit/537.36 (KHTML, like Gecko) Mobile Safari/537.36 (compatible; PetalBot;+https://aspiegel.com/petalbot)"
13.66.139.55 - - [14/Dec/2020:04:49:37 +0100] "GET /images/big_prod/3453131151795.jpg HTTP/1.1" 200 61232 "-" "Mozilla/5.0 (compatible; bingbot/2.0; +http://www.bing.com/bingbot.htm)"
157.55.39.179 - - [14/Dec/2020:04:49:57 +0100] "GET /images/big_prod/8029759070555.jpg HTTP/1.1" 200 108145 "-" "Mozilla/5.0 (compatible; bingbot/2.0; +http://www.bing.com/bingbot.htm)"
157.55.39.179 - - [14/Dec/2020:04:51:44 +0100] "GET /images/big_prod/3014627557363.jpg HTTP/1.1" 200 86197 "-" "Mozilla/5.0 (compatible; bingbot/2.0; +http://www.bing.com/bingbot.htm)"
157.55.39.59 - - [14/Dec/2020:04:52:39 +0100] "GET /images/4008421369072.jpg HTTP/1.1" 200 38659 "-" "Mozilla/5.0 (compatible; bingbot/2.0; +http://www.bing.com/bingbot.htm)"
13.66.139.26 - - [14/Dec/2020:04:52:44 +0100] "GET /images/8028501669139.jpg HTTP/1.1" 200 56587 "-" "Mozilla/5.0 (compatible; bingbot/2.0; +http://www.bing.com/bingbot.htm)"
13.66.139.55 - - [14/Dec/2020:04:53:06 +0100] "GET /images/big_prod_1/3609810097858a.jpg HTTP/1.1" 200 213634 "-" "Mozilla/5.0 (compatible; bingbot/2.0; +http://www.bing.com/bingbot.htm)"
13.66.139.55 - - [14/Dec/2020:04:53:07 +0100] "GET /images/big_prod/8422011476179.jpg HTTP/1.1" 200 166413 "-" "Mozilla/5.0 (compatible; bingbot/2.0; +http://www.bing.com/bingbot.htm)"
13.66.139.26 - - [14/Dec/2020:04:54:22 +0100] "GET /images/3760116324236.jpg HTTP/1.1" 200 60169 "-" "Mozilla/5.0 (compatible; bingbot/2.0; +http://www.bing.com/bingbot.htm)"
13.66.139.55 - - [14/Dec/2020:04:55:16 +0100] "GET /images/3700276232675.jpg HTTP/1.1" 200 129617 "-" "Mozilla/5.0 (compatible; bingbot/2.0; +http://www.bing.com/bingbot.htm)"
13.66.139.26 - - [14/Dec/2020:04:55:42 +0100] "GET /images/big_prod/3609810096233.jpg HTTP/1.1" 200 62204 "-" "Mozilla/5.0 (compatible; bingbot/2.0; +http://www.bing.com/bingbot.htm)"
13.66.139.26 - - [14/Dec/2020:04:55:43 +0100] "GET /images/med_prod/1345544751797.jpg HTTP/1.1" 200 81050 "-" "Mozilla/5.0 (compatible; bingbot/2.0; +http://www.bing.com/bingbot.htm)"
207.46.13.48 - - [14/Dec/2020:04:57:21 +0100] "GET /images/8422111018095b2.jpg HTTP/1.1" 200 29259 "-" "Mozilla/5.0 (compatible; bingbot/2.0; +http://www.bing.com/bingbot.htm)"
157.55.39.179 - - [14/Dec/2020:04:58:16 +0100] "GET /images/TRODZ3070.jpg HTTP/1.1" 200 52505 "-" "Mozilla/5.0 (compatible; bingbot/2.0; +http://www.bing.com/bingbot.htm)"
13.66.139.26 - - [14/Dec/2020:05:00:04 +0100] "GET /images/101008_183051_PEEL_ye5JSu.jpg HTTP/1.1" 200 25945 "-" "Mozilla/5.0 (compatible; bingbot/2.0; +http://www.bing.com/bingbot.htm)"
219.74.44.235 - - [14/Dec/2020:05:00:36 +0100] "GET /images/4999913831596.jpg HTTP/1.1" 200 25265 "-" "Mozilla/5.0 (iPhone; CPU iPhone OS 14_2 like Mac OS X) AppleWebKit/605.1.15 (KHTML, like Gecko) GSA/137.2.345735309 Mobile/15E148 Safari/604.1"
13.66.139.26 - - [14/Dec/2020:05:01:44 +0100] "GET /images/big_prod_1/6971640206074a.jpg HTTP/1.1" 200 172154 "-" "Mozilla/5.0 (compatible; bingbot/2.0; +http://www.bing.com/bingbot.htm)"
13.66.139.26 - - [14/Dec/2020:05:02:23 +0100] "GET /images/med_prod/8412497761951.jpg HTTP/1.1" 200 125259 "-" "Mozilla/5.0 (compatible; bingbot/2.0; +http://www.bing.com/bingbot.htm)"
13.66.139.26 - - [14/Dec/2020:05:02:33 +0100] "GET /images/med_prod/3700516218810.jpg HTTP/1.1" 200 75377 "-" "Mozilla/5.0 (compatible; bingbot/2.0; +http://www.bing.com/bingbot.htm)"
13.66.139.26 - - [14/Dec/2020:05:02:33 +0100] "GET /images/big_prod/3418174110024.jpg HTTP/1.1" 200 66672 "-" "Mozilla/5.0 (compatible; bingbot/2.0; +http://www.bing.com/bingbot.htm)"
13.66.139.55 - - [14/Dec/2020:05:02:58 +0100] "GET /images/big_prod_1/8422099001126.jpg HTTP/1.1" 200 78991 "-" "Mozilla/5.0 (compatible; bingbot/2.0; +http://www.bing.com/bingbot.htm)"
13.66.139.55 - - [14/Dec/2020:05:02:58 +0100] "GET /images/big_prod/3503420111112.jpg HTTP/1.1" 200 93618 "-" "Mozilla/5.0 (compatible; bingbot/2.0; +http://www.bing.com/bingbot.htm)"
13.66.139.55 - - [14/Dec/2020:05:02:58 +0100] "GET /images/big_prod/5400924036430.jpg HTTP/1.1" 200 47914 "-" "Mozilla/5.0 (compatible; bingbot/2.0; +http://www.bing.com/bingbot.htm)"
13.66.139.55 - - [14/Dec/2020:05:02:58 +0100] "GET /images/8430269165882.jpg HTTP/1.1" 200 40457 "-" "Mozilla/5.0 (compatible; bingbot/2.0; +http://www.bing.com/bingbot.htm)"
13.66.139.55 - - [14/Dec/2020:05:02:59 +0100] "GET /images/big_prod/1399986102792.jpg HTTP/1.1" 200 83521 "-" "Mozilla/5.0 (compatible; bingbot/2.0; +http://www.bing.com/bingbot.htm)"
13.66.139.26 - - [14/Dec/2020:05:05:44 +0100] "GET /images/3700653502780.jpg HTTP/1.1" 200 59132 "-" "Mozilla/5.0 (compatible; bingbot/2.0; +http://www.bing.com/bingbot.htm)"
207.46.13.48 - - [14/Dec/2020:05:07:43 +0100] "GET /images/big_prod/8020912049685.jpg HTTP/1.1" 200 80008 "-" "Mozilla/5.0 (compatible; bingbot/2.0; +http://www.bing.com/bingbot.htm)"
207.46.13.48 - - [14/Dec/2020:05:07:43 +0100] "GET /images/5022271900969.jpg HTTP/1.1" 200 51719 "-" "Mozilla/5.0 (compatible; bingbot/2.0; +http://www.bing.com/bingbot.htm)"
13.66.139.55 - - [14/Dec/2020:05:09:41 +0100] "GET /images/8430957084426.jpg HTTP/1.1" 200 82195 "-" "Mozilla/5.0 (compatible; bingbot/2.0; +http://www.bing.com/bingbot.htm)"
13.66.139.55 - - [14/Dec/2020:05:09:42 +0100] "GET /images/big_prod_2/c5018997632079.jpg HTTP/1.1" 200 101129 "-" "Mozilla/5.0 (compatible; bingbot/2.0; +http://www.bing.com/bingbot.htm)"
13.66.139.55 - - [14/Dec/2020:05:09:42 +0100] "GET /images/big_prod_2/6000971c.jpg HTTP/1.1" 200 79718 "-" "Mozilla/5.0 (compatible; bingbot/2.0; +http://www.bing.com/bingbot.htm)"
13.66.139.55 - - [14/Dec/2020:05:09:42 +0100] "GET /images/big_prod_1/3612875124704b.jpg HTTP/1.1" 200 100869 "-" "Mozilla/5.0 (compatible; bingbot/2.0; +http://www.bing.com/bingbot.htm)"
114.119.144.233 - - [14/Dec/2020:05:09:47 +0100] "GET /images/mini_prod/1300000010375.jpg HTTP/1.1" 200 5709 "-" "Mozilla/5.0 (Linux; Android 7.0;) AppleWebKit/537.36 (KHTML, like Gecko) Mobile Safari/537.36 (compatible; PetalBot;+https://aspiegel.com/petalbot)"
50.113.10.126 - - [14/Dec/2020:05:12:25 +0100] "GET /images/3609810010642.jpg HTTP/1.1" 200 58548 "-" "Mozilla/5.0 (Windows NT 10.0; Win64; x64; rv:83.0) Gecko/20100101 Firefox/83.0"
50.113.10.126 - - [14/Dec/2020:05:12:26 +0100] "GET /images/1399984263112.jpg HTTP/1.1" 200 126254 "-" "Mozilla/5.0 (Windows NT 10.0; Win64; x64; rv:83.0) Gecko/20100101 Firefox/83.0"
114.119.150.15 - - [14/Dec/2020:05:14:14 +0100] "GET /images/big_prod/3608860230284.jpg HTTP/1.1" 200 104485 "-" "Mozilla/5.0 (Linux; Android 7.0;) AppleWebKit/537.36 (KHTML, like Gecko) Mobile Safari/537.36 (compatible; PetalBot;+https://aspiegel.com/petalbot)"
207.46.13.48 - - [14/Dec/2020:05:14:42 +0100] "GET /images/3700276281109.jpg HTTP/1.1" 200 54423 "-" "Mozilla/5.0 (compatible; bingbot/2.0; +http://www.bing.com/bingbot.htm)"
157.55.39.59 - - [14/Dec/2020:05:16:43 +0100] "GET /images/big_prod/8720088295977.jpg HTTP/1.1" 200 51239 "-" "Mozilla/5.0 (compatible; bingbot/2.0; +http://www.bing.com/bingbot.htm)"
13.66.139.26 - - [14/Dec/2020:05:17:55 +0100] "GET /images/big_prod/3609810070820.jpg HTTP/1.1" 200 108870 "-" "Mozilla/5.0 (compatible; bingbot/2.0; +http://www.bing.com/bingbot.htm)"
114.119.151.113 - - [14/Dec/2020:05:18:32 +0100] "GET /images/mini_prod/3565750294071.jpg HTTP/1.1" 200 5002 "-" "Mozilla/5.0 (Linux; Android 7.0;) AppleWebKit/537.36 (KHTML, like Gecko) Mobile Safari/537.36 (compatible; PetalBot;+https://aspiegel.com/petalbot)"
157.55.39.59 - - [14/Dec/2020:05:20:12 +0100] "GET /images/med_prod/1020322252559.jpg HTTP/1.1" 200 73847 "-" "Mozilla/5.0 (compatible; bingbot/2.0; +http://www.bing.com/bingbot.htm)"
13.66.139.26 - - [14/Dec/2020:05:20:17 +0100] "GET /images/big_prod/3453131145824.jpg HTTP/1.1" 200 124705 "-" "Mozilla/5.0 (compatible; bingbot/2.0; +http://www.bing.com/bingbot.htm)"
66.249.70.33 - - [14/Dec/2020:05:22:57 +0100] "GET /images/mini_prod/886767070681.jpg HTTP/1.1" 200 5397 "-" "Googlebot-Image/1.0"
13.66.139.26 - - [14/Dec/2020:05:23:45 +0100] "GET /images/big_prod/3665269058703a.jpg HTTP/1.1" 200 54969 "-" "Mozilla/5.0 (compatible; bingbot/2.0; +http://www.bing.com/bingbot.htm)"
13.66.139.26 - - [14/Dec/2020:05:23:46 +0100] "GET /images/3540945804600.jpg HTTP/1.1" 200 25963 "-" "Mozilla/5.0 (compatible; bingbot/2.0; +http://www.bing.com/bingbot.htm)"
77.75.77.119 - - [14/Dec/2020:05:23:58 +0100] "GET /robots.txt HTTP/1.1" 200 2438 "-" "Mozilla/5.0 (compatible; SeznamBot/3.2; +http://napoveda.seznam.cz/en/seznambot-intro/)"
77.75.77.119 - - [14/Dec/2020:05:24:00 +0100] "GET /images/mini_prod/3609810048744.jpg HTTP/1.1" 200 8330 "-" "Mozilla/5.0 (compatible; SeznamBot/3.2; +http://napoveda.seznam.cz/en/seznambot-intro/)"
13.66.139.26 - - [14/Dec/2020:05:24:15 +0100] "GET /images/mini_prod/img11174.gif HTTP/1.1" 200 7084 "-" "Mozilla/5.0 (compatible; bingbot/2.0; +http://www.bing.com/bingbot.htm)"
13.66.139.26 - - [14/Dec/2020:05:24:54 +0100] "GET /images/1341689654566.jpg HTTP/1.1" 200 40427 "-" "Mozilla/5.0 (compatible; bingbot/2.0; +http://www.bing.com/bingbot.htm)"
114.119.147.45 - - [14/Dec/2020:05:27:19 +0100] "GET /images/mini_prod/8422014435104.jpg HTTP/1.1" 200 5519 "-" "Mozilla/5.0 (Linux; Android 7.0;) AppleWebKit/537.36 (KHTML, like Gecko) Mobile Safari/537.36 (compatible; PetalBot;+https://aspiegel.com/petalbot)"
13.66.139.26 - - [14/Dec/2020:05:28:25 +0100] "GET /images/big_prod/5701359740665.jpg HTTP/1.1" 200 151781 "-" "Mozilla/5.0 (compatible; bingbot/2.0; +http://www.bing.com/bingbot.htm)"
13.66.139.26 - - [14/Dec/2020:05:28:26 +0100] "GET /images/med_prod/3503420190629.jpg HTTP/1.1" 200 84298 "-" "Mozilla/5.0 (compatible; bingbot/2.0; +http://www.bing.com/bingbot.htm)"
13.66.139.26 - - [14/Dec/2020:05:30:18 +0100] "GET /images/1328399072682.jpg HTTP/1.1" 200 86488 "-" "Mozilla/5.0 (compatible; bingbot/2.0; +http://www.bing.com/bingbot.htm)"
185.191.171.44 - - [14/Dec/2020:05:31:16 +0100] "GET /robots.txt HTTP/1.1" 200 2438 "-" "Mozilla/5.0 (compatible; SemrushBot/7~bl; +http://www.semrush.com/bot.html)"
13.66.139.79 - - [14/Dec/2020:05:33:42 +0100] "GET /images/1300010237809.jpg HTTP/1.1" 200 71350 "-" "Mozilla/5.0 (compatible; bingbot/2.0; +http://www.bing.com/bingbot.htm)"
13.66.139.55 - - [14/Dec/2020:05:34:32 +0100] "GET /images/big_prod_1/1328399219391a.jpg HTTP/1.1" 200 43851 "-" "Mozilla/5.0 (compatible; bingbot/2.0; +http://www.bing.com/bingbot.htm)"
13.66.139.55 - - [14/Dec/2020:05:34:33 +0100] "GET /images/big_prod_2/4260082936451a.jpg HTTP/1.1" 200 393697 "-" "Mozilla/5.0 (compatible; bingbot/2.0; +http://www.bing.com/bingbot.htm)"
13.66.139.55 - - [14/Dec/2020:05:34:34 +0100] "GET /images/1399984257616.jpg HTTP/1.1" 200 117898 "-" "Mozilla/5.0 (compatible; bingbot/2.0; +http://www.bing.com/bingbot.htm)"
13.66.139.55 - - [14/Dec/2020:05:34:34 +0100] "GET /images/3700653591111.jpg HTTP/1.1" 200 74536 "-" "Mozilla/5.0 (compatible; bingbot/2.0; +http://www.bing.com/bingbot.htm)"
13.66.139.55 - - [14/Dec/2020:05:34:34 +0100] "GET /images/big_prod/1399985100874.jpg HTTP/1.1" 200 72289 "-" "Mozilla/5.0 (compatible; bingbot/2.0; +http://www.bing.com/bingbot.htm)"
216.244.66.242 - - [14/Dec/2020:05:34:35 +0100] "GET /robots.txt HTTP/1.1" 200 2438 "-" "Mozilla/5.0 (compatible; DotBot/1.1; http://www.opensiteexplorer.org/dotbot, help@moz.com)"
13.66.139.26 - - [14/Dec/2020:05:34:56 +0100] "GET /images/big_prod/1384010187005b.jpg HTTP/1.1" 200 51382 "-" "Mozilla/5.0 (compatible; bingbot/2.0; +http://www.bing.com/bingbot.htm)"
13.66.139.79 - - [14/Dec/2020:05:38:03 +0100] "GET /images/7601019993036.jpg HTTP/1.1" 200 23271 "-" "Mozilla/5.0 (compatible; bingbot/2.0; +http://www.bing.com/bingbot.htm)"
207.46.13.48 - - [14/Dec/2020:05:38:16 +0100] "GET /images/mini_prod/4542202656389.jpg HTTP/1.1" 200 5559 "-" "Mozilla/5.0 (compatible; bingbot/2.0; +http://www.bing.com/bingbot.htm)"
13.66.139.26 - - [14/Dec/2020:05:38:21 +0100] "GET /images/big_prod_3/242BFc.jpg HTTP/1.1" 200 78863 "-" "Mozilla/5.0 (compatible; bingbot/2.0; +http://www.bing.com/bingbot.htm)"
13.66.139.79 - - [14/Dec/2020:05:39:03 +0100] "GET /images/med_prod/00000pou.jpg HTTP/1.1" 200 56347 "-" "Mozilla/5.0 (compatible; bingbot/2.0; +http://www.bing.com/bingbot.htm)"
13.66.139.79 - - [14/Dec/2020:05:39:04 +0100] "GET /images/med_prod/3520071393414.jpg HTTP/1.1" 200 93388 "-" "Mozilla/5.0 (compatible; bingbot/2.0; +http://www.bing.com/bingbot.htm)"
13.66.139.79 - - [14/Dec/2020:05:39:04 +0100] "GET /images/med_prod/1384010182741.jpg HTTP/1.1" 200 131712 "-" "Mozilla/5.0 (compatible; bingbot/2.0; +http://www.bing.com/bingbot.htm)"
13.66.139.79 - - [14/Dec/2020:05:39:04 +0100] "GET /images/med_prod/8412497219858.jpg HTTP/1.1" 200 94284 "-" "Mozilla/5.0 (compatible; bingbot/2.0; +http://www.bing.com/bingbot.htm)"
13.66.139.79 - - [14/Dec/2020:05:39:53 +0100] "GET /images/big_prod/VANGOGH2.jpg HTTP/1.1" 200 126647 "-" "Mozilla/5.0 (compatible; bingbot/2.0; +http://www.bing.com/bingbot.htm)"
13.66.139.55 - - [14/Dec/2020:05:40:10 +0100] "GET /images/4007176129012.jpg HTTP/1.1" 200 67654 "-" "Mozilla/5.0 (compatible; bingbot/2.0; +http://www.bing.com/bingbot.htm)"
13.66.139.55 - - [14/Dec/2020:05:40:11 +0100] "GET /images/med_prod/3014627806386.jpg HTTP/1.1" 200 154935 "-" "Mozilla/5.0 (compatible; bingbot/2.0; +http://www.bing.com/bingbot.htm)"
13.66.139.55 - - [14/Dec/2020:05:40:11 +0100] "GET /images/1399984220450.jpg HTTP/1.1" 200 15775 "-" "Mozilla/5.0 (compatible; bingbot/2.0; +http://www.bing.com/bingbot.htm)"
13.66.139.55 - - [14/Dec/2020:05:40:12 +0100] "GET /images/1308421360833.jpg HTTP/1.1" 200 174748 "-" "Mozilla/5.0 (compatible; bingbot/2.0; +http://www.bing.com/bingbot.htm)"
114.119.130.202 - - [14/Dec/2020:05:40:20 +0100] "GET /images/mini_prod/8424346520572.jpg HTTP/1.1" 200 7076 "-" "Mozilla/5.0 (Linux; Android 7.0;) AppleWebKit/537.36 (KHTML, like Gecko) Mobile Safari/537.36 (compatible; PetalBot;+https://aspiegel.com/petalbot)"
13.66.139.26 - - [14/Dec/2020:05:42:27 +0100] "GET /images/big_prod_3/5018997621714c.jpg HTTP/1.1" 200 162305 "-" "Mozilla/5.0 (compatible; bingbot/2.0; +http://www.bing.com/bingbot.htm)"
13.66.139.26 - - [14/Dec/2020:05:43:07 +0100] "GET /images/big_prod/1399986103058.jpg HTTP/1.1" 200 172259 "-" "Mozilla/5.0 (compatible; bingbot/2.0; +http://www.bing.com/bingbot.htm)"
13.66.139.79 - - [14/Dec/2020:05:44:04 +0100] "GET /images/3521320605173.jpg HTTP/1.1" 200 33768 "-" "Mozilla/5.0 (compatible; bingbot/2.0; +http://www.bing.com/bingbot.htm)"
13.66.139.26 - - [14/Dec/2020:05:46:18 +0100] "GET /images/big_prod/3700230606399.jpg HTTP/1.1" 200 79835 "-" "Mozilla/5.0 (compatible; bingbot/2.0; +http://www.bing.com/bingbot.htm)"
157.55.39.59 - - [14/Dec/2020:05:47:15 +0100] "GET /images/DSCN3926bettyboop.jpg HTTP/1.1" 200 45695 "-" "Mozilla/5.0 (compatible; bingbot/2.0; +http://www.bing.com/bingbot.htm)"
157.55.39.59 - - [14/Dec/2020:05:47:26 +0100] "GET /images/3710653501966.jpg HTTP/1.1" 200 56223 "-" "Mozilla/5.0 (compatible; bingbot/2.0; +http://www.bing.com/bingbot.htm)"
5.9.66.153 - - [14/Dec/2020:05:48:17 +0100] "GET /robots.txt HTTP/1.1" 200 2438 "-" "Mozilla/5.0 (compatible; MJ12bot/v1.4.8; http://mj12bot.com/)"
13.66.139.55 - - [14/Dec/2020:05:48:19 +0100] "GET /images/mini_prod/9316188082167.jpg HTTP/1.1" 200 4084 "-" "Mozilla/5.0 (compatible; bingbot/2.0; +http://www.bing.com/bingbot.htm)"
13.66.139.55 - - [14/Dec/2020:05:48:20 +0100] "GET /images/090908_213438_PEEL_hXm3pn.jpg HTTP/1.1" 200 24907 "-" "Mozilla/5.0 (compatible; bingbot/2.0; +http://www.bing.com/bingbot.htm)"
