207.46.13.48 - - [14/Dec/2020:08:31:07 +0100] "GET /images/big_prod/8422001017627.jpg HTTP/1.1" 200 67571 "-" "Mozilla/5.0 (compatible; bingbot/2.0; +http://www.bing.com/bingbot.htm)"
13.66.139.26 - - [14/Dec/2020:08:32:53 +0100] "GET /images/8421440012156.jpg HTTP/1.1" 200 28244 "-" "Mozilla/5.0 (compatible; bingbot/2.0; +http://www.bing.com/bingbot.htm)"
13.66.139.26 - - [14/Dec/2020:08:32:53 +0100] "GET /images/5701359690298.jpg HTTP/1.1" 200 30267 "-" "Mozilla/5.0 (compatible; bingbot/2.0; +http://www.bing.com/bingbot.htm)"
13.66.139.26 - - [14/Dec/2020:08:34:13 +0100] "GET /images/big_prod_2/c1384010203934.jpg HTTP/1.1" 200 60858 "-" "Mozilla/5.0 (compatible; bingbot/2.0; +http://www.bing.com/bingbot.htm)"
13.66.139.26 - - [14/Dec/2020:08:37:24 +0100] "GET /images/big_prod/1384010191767.jpg HTTP/1.1" 200 50582 "-" "Mozilla/5.0 (compatible; bingbot/2.0; +http://www.bing.com/bingbot.htm)"
114.119.144.233 - - [14/Dec/2020:08:39:21 +0100] "GET /images/7601019993166.jpg HTTP/1.1" 200 59931 "-" "Mozilla/5.0 (Linux; Android 7.0;) AppleWebKit/537.36 (KHTML, like Gecko) Mobile Safari/537.36 (compatible; PetalBot;+https://aspiegel.com/petalbot)"
5.255.231.71 - - [14/Dec/2020:08:39:26 +0100] "GET /robots.txt HTTP/1.1" 200 2438 "-" "Mozilla/5.0 (compatible; YandexBot/3.0; +http://yandex.com/bots)"
5.255.231.71 - - [14/Dec/2020:08:39:30 +0100] "GET /images/big_prod/8435333849682.jpg HTTP/1.1" 200 131772 "-" "Mozilla/5.0 (compatible; YandexImages/3.0; +http://yandex.com/bots)"
13.66.139.55 - - [14/Dec/2020:08:39:57 +0100] "GET /images/med_prod/4029811336395.jpg HTTP/1.1" 200 92197 "-" "Mozilla/5.0 (compatible; bingbot/2.0; +http://www.bing.com/bingbot.htm)"
13.66.139.55 - - [14/Dec/2020:08:39:58 +0100] "GET /images/big_prod/3503420115929.jpg HTTP/1.1" 200 174651 "-" "Mozilla/5.0 (compatible; bingbot/2.0; +http://www.bing.com/bingbot.htm)"
13.66.139.55 - - [14/Dec/2020:08:39:59 +0100] "GET /images/big_prod/rayebleu.jpg HTTP/1.1" 200 90832 "-" "Mozilla/5.0 (compatible; bingbot/2.0; +http://www.bing.com/bingbot.htm)"
13.66.139.55 - - [14/Dec/2020:08:39:59 +0100] "GET /images/3700057121808.jpg HTTP/1.1" 200 66246 "-" "Mozilla/5.0 (compatible; bingbot/2.0; +http://www.bing.com/bingbot.htm)"
157.55.39.59 - - [14/Dec/2020:08:41:46 +0100] "GET /images/1300010240427.jpg HTTP/1.1" 200 185970 "-" "Mozilla/5.0 (compatible; bingbot/2.0; +http://www.bing.com/bingbot.htm)"
157.55.39.59 - - [14/Dec/2020:08:42:23 +0100] "GET /images/big_prod/1345544890328.jpg HTTP/1.1" 200 62776 "-" "Mozilla/5.0 (compatible; bingbot/2.0; +http://www.bing.com/bingbot.htm)"
13.66.139.26 - - [14/Dec/2020:08:42:28 +0100] "GET /images/3453131108515.jpg HTTP/1.1" 200 85656 "-" "Mozilla/5.0 (compatible; bingbot/2.0; +http://www.bing.com/bingbot.htm)"
207.46.13.48 - - [14/Dec/2020:08:46:17 +0100] "GET /images/8436047822152.jpg HTTP/1.1" 200 36561 "-" "Mozilla/5.0 (compatible; bingbot/2.0; +http://www.bing.com/bingbot.htm)"
207.46.13.175 - - [14/Dec/2020:08:47:23 +0100] "GET /images/mini_prod/8480613638005.jpg HTTP/1.1" 200 5703 "-" "Mozilla/5.0 (compatible; bingbot/2.0; +http://www.bing.com/bingbot.htm)"
207.46.13.48 - - [14/Dec/2020:08:47:29 +0100] "GET /images/big_prod/3418179830019.jpg HTTP/1.1" 200 49108 "-" "Mozilla/5.0 (compatible; bingbot/2.0; +http://www.bing.com/bingbot.htm)"
114.119.129.36 - - [14/Dec/2020:08:48:07 +0100] "GET /images/mini_prod/4250255859236.jpg HTTP/1.1" 200 3359 "-" "Mozilla/5.0 (Linux; Android 7.0;) AppleWebKit/537.36 (KHTML, like Gecko) Mobile Safari/537.36 (compatible; PetalBot;+https://aspiegel.com/petalbot)"
13.66.139.26 - - [14/Dec/2020:08:48:28 +0100] "GET /images/big_prod/8499132033246.jpg HTTP/1.1" 200 134496 "-" "Mozilla/5.0 (compatible; bingbot/2.0; +http://www.bing.com/bingbot.htm)"
13.66.139.26 - - [14/Dec/2020:08:48:29 +0100] "GET /images/med_prod/1384010181188.jpg HTTP/1.1" 200 45033 "-" "Mozilla/5.0 (compatible; bingbot/2.0; +http://www.bing.com/bingbot.htm)"
207.46.13.175 - - [14/Dec/2020:08:48:55 +0100] "GET /images/big_prod_3/diffuseurgalet.jpg HTTP/1.1" 200 353354 "-" "Mozilla/5.0 (compatible; bingbot/2.0; +http://www.bing.com/bingbot.htm)"
207.46.13.175 - - [14/Dec/2020:08:48:56 +0100] "GET /images/big_prod/3574642563072.jpg HTTP/1.1" 200 44795 "-" "Mozilla/5.0 (compatible; bingbot/2.0; +http://www.bing.com/bingbot.htm)"
5.255.231.71 - - [14/Dec/2020:08:50:30 +0100] "GET /images/med_prod/5036278049675.jpg HTTP/1.1" 200 147680 "-" "Mozilla/5.0 (compatible; YandexImages/3.0; +http://yandex.com/bots)"
114.119.144.233 - - [14/Dec/2020:08:52:29 +0100] "GET /images/big_prod/8719497613823.jpg HTTP/1.1" 200 104831 "-" "Mozilla/5.0 (Linux; Android 7.0;) AppleWebKit/537.36 (KHTML, like Gecko) Mobile Safari/537.36 (compatible; PetalBot;+https://aspiegel.com/petalbot)"
207.46.13.49 - - [14/Dec/2020:08:53:33 +0100] "GET /images/big_prod_1/b8719497610594.jpg HTTP/1.1" 200 44017 "-" "Mozilla/5.0 (compatible; bingbot/2.0; +http://www.bing.com/bingbot.htm)"
157.55.39.45 - - [14/Dec/2020:08:53:36 +0100] "GET /robots.txt HTTP/1.1" 200 2438 "-" "Mozilla/5.0 (compatible; bingbot/2.0; +http://www.bing.com/bingbot.htm)"
207.46.13.175 - - [14/Dec/2020:08:54:04 +0100] "GET /images/DSCN3388.jpg HTTP/1.1" 200 16212 "-" "Mozilla/5.0 (compatible; bingbot/2.0; +http://www.bing.com/bingbot.htm)"
157.55.39.184 - - [14/Dec/2020:08:54:55 +0100] "GET /images/big_prod_4/4260082935607.jpg HTTP/1.1" 200 314702 "-" "Mozilla/5.0 (compatible; bingbot/2.0; +http://www.bing.com/bingbot.htm)"
157.55.39.184 - - [14/Dec/2020:08:54:56 +0100] "GET /images/big_prod/1399986102808.jpg HTTP/1.1" 200 71860 "-" "Mozilla/5.0 (compatible; bingbot/2.0; +http://www.bing.com/bingbot.htm)"
157.55.39.184 - - [14/Dec/2020:08:54:56 +0100] "GET /images/med_prod/6942138911398.jpg HTTP/1.1" 200 104132 "-" "Mozilla/5.0 (compatible; bingbot/2.0; +http://www.bing.com/bingbot.htm)"
66.249.70.36 - - [14/Dec/2020:08:55:36 +0100] "GET /images/MISES-EN-SITUATION-STACH-20.jpg HTTP/1.1" 200 18841 "-" "Googlebot-Image/1.0"
216.244.66.242 - - [14/Dec/2020:08:56:02 +0100] "GET /robots.txt HTTP/1.1" 200 2438 "-" "Mozilla/5.0 (compatible; DotBot/1.1; http://www.opensiteexplorer.org/dotbot, help@moz.com)"
13.66.139.26 - - [14/Dec/2020:08:56:15 +0100] "GET /images/12472.jpg HTTP/1.1" 200 28889 "-" "Mozilla/5.0 (compatible; bingbot/2.0; +http://www.bing.com/bingbot.htm)"
13.66.139.26 - - [14/Dec/2020:08:56:16 +0100] "GET /images/big_prod/3574645763509.jpg HTTP/1.1" 200 119954 "-" "Mozilla/5.0 (compatible; bingbot/2.0; +http://www.bing.com/bingbot.htm)"
114.119.144.233 - - [14/Dec/2020:08:56:52 +0100] "GET /images/mini_prod/3700516219367.jpg HTTP/1.1" 200 7617 "-" "Mozilla/5.0 (Linux; Android 7.0;) AppleWebKit/537.36 (KHTML, like Gecko) Mobile Safari/537.36 (compatible; PetalBot;+https://aspiegel.com/petalbot)"
207.46.13.175 - - [14/Dec/2020:08:57:05 +0100] "GET /images/med_prod/1384010177785.jpg HTTP/1.1" 200 117796 "-" "Mozilla/5.0 (compatible; bingbot/2.0; +http://www.bing.com/bingbot.htm)"
13.66.139.26 - - [14/Dec/2020:09:01:16 +0100] "GET /images/london.jpg HTTP/1.1" 200 131819 "-" "Mozilla/5.0 (compatible; bingbot/2.0; +http://www.bing.com/bingbot.htm)"
157.55.39.59 - - [14/Dec/2020:09:02:11 +0100] "GET /images/A84360429032013.jpg HTTP/1.1" 200 94136 "-" "Mozilla/5.0 (compatible; bingbot/2.0; +http://www.bing.com/bingbot.htm)"
5.255.231.71 - - [14/Dec/2020:09:02:39 +0100] "GET /images/big_prod/4036113222264.jpg HTTP/1.1" 200 101173 "-" "Mozilla/5.0 (compatible; YandexImages/3.0; +http://yandex.com/bots)"
207.46.13.49 - - [14/Dec/2020:09:04:35 +0100] "GET /images/mini_prod/7601019990516PO.jpg HTTP/1.1" 200 4805 "-" "Mozilla/5.0 (compatible; bingbot/2.0; +http://www.bing.com/bingbot.htm)"
207.46.13.48 - - [14/Dec/2020:09:05:40 +0100] "GET /images/big_prod/8717318173891.jpg HTTP/1.1" 200 71057 "-" "Mozilla/5.0 (compatible; bingbot/2.0; +http://www.bing.com/bingbot.htm)"
157.55.39.82 - - [14/Dec/2020:09:07:39 +0100] "GET /images/big_prod/8424346254552.jpg HTTP/1.1" 200 229131 "-" "Mozilla/5.0 (compatible; bingbot/2.0; +http://www.bing.com/bingbot.htm)"
13.66.139.26 - - [14/Dec/2020:09:07:57 +0100] "GET /images/big_prod/8422011475578.jpg HTTP/1.1" 200 129116 "-" "Mozilla/5.0 (compatible; bingbot/2.0; +http://www.bing.com/bingbot.htm)"
157.55.39.179 - - [14/Dec/2020:09:08:42 +0100] "GET /images/big_prod/3700653511607.jpg HTTP/1.1" 200 97605 "-" "Mozilla/5.0 (compatible; bingbot/2.0; +http://www.bing.com/bingbot.htm)"
77.75.76.167 - - [14/Dec/2020:09:08:54 +0100] "GET /robots.txt HTTP/1.1" 200 2438 "-" "Mozilla/5.0 (compatible; SeznamBot/3.2; +http://napoveda.seznam.cz/en/seznambot-intro/)"
77.75.76.167 - - [14/Dec/2020:09:08:55 +0100] "GET /images/mini_prod/3609810096356.jpg HTTP/1.1" 200 5111 "-" "Mozilla/5.0 (compatible; SeznamBot/3.2; +http://napoveda.seznam.cz/en/seznambot-intro/)"
13.66.139.26 - - [14/Dec/2020:09:09:17 +0100] "GET /images/big_prod/1341689137205.jpg HTTP/1.1" 200 131746 "-" "Mozilla/5.0 (compatible; bingbot/2.0; +http://www.bing.com/bingbot.htm)"
207.46.13.191 - - [14/Dec/2020:09:12:54 +0100] "GET /images/big_prod/1399980107908.jpg HTTP/1.1" 200 103238 "-" "Mozilla/5.0 (compatible; bingbot/2.0; +http://www.bing.com/bingbot.htm)"
13.66.139.26 - - [14/Dec/2020:09:13:17 +0100] "GET /images/med_prod/N5055071707735.jpg HTTP/1.1" 200 52206 "-" "Mozilla/5.0 (compatible; bingbot/2.0; +http://www.bing.com/bingbot.htm)"
13.66.139.26 - - [14/Dec/2020:09:14:09 +0100] "GET /images/big_prod_2/8719497611546b.jpg HTTP/1.1" 200 227076 "-" "Mozilla/5.0 (compatible; bingbot/2.0; +http://www.bing.com/bingbot.htm)"
13.66.139.26 - - [14/Dec/2020:09:14:09 +0100] "GET /images/big_prod/1384010202890.jpg HTTP/1.1" 200 58940 "-" "Mozilla/5.0 (compatible; bingbot/2.0; +http://www.bing.com/bingbot.htm)"
185.191.171.16 - - [14/Dec/2020:09:14:35 +0100] "GET /robots.txt HTTP/1.1" 200 2438 "-" "Mozilla/5.0 (compatible; SemrushBot/7~bl; +http://www.semrush.com/bot.html)"
13.66.139.26 - - [14/Dec/2020:09:14:38 +0100] "GET /images/big_prod_1/3612875124827a.jpg HTTP/1.1" 200 45333 "-" "Mozilla/5.0 (compatible; bingbot/2.0; +http://www.bing.com/bingbot.htm)"
157.55.39.82 - - [14/Dec/2020:09:14:43 +0100] "GET /images/big_prod/8409810063779.jpg HTTP/1.1" 200 79367 "-" "Mozilla/5.0 (compatible; bingbot/2.0; +http://www.bing.com/bingbot.htm)"
13.66.139.26 - - [14/Dec/2020:09:15:01 +0100] "GET /images/big_prod_1/4029811409051B.jpg HTTP/1.1" 200 134009 "-" "Mozilla/5.0 (compatible; bingbot/2.0; +http://www.bing.com/bingbot.htm)"
207.46.13.175 - - [14/Dec/2020:09:15:27 +0100] "GET /images/3521320806334.jpg HTTP/1.1" 200 26650 "-" "Mozilla/5.0 (compatible; bingbot/2.0; +http://www.bing.com/bingbot.htm)"
207.46.13.191 - - [14/Dec/2020:09:17:34 +0100] "GET /images/big_prod/3612875117287.jpg HTTP/1.1" 200 120562 "-" "Mozilla/5.0 (compatible; bingbot/2.0; +http://www.bing.com/bingbot.htm)"
207.46.13.48 - - [14/Dec/2020:09:18:22 +0100] "GET /images/8003990615911.jpg HTTP/1.1" 200 39027 "-" "Mozilla/5.0 (compatible; bingbot/2.0; +http://www.bing.com/bingbot.htm)"
13.66.139.26 - - [14/Dec/2020:09:18:38 +0100] "GET /images/big_prod/3660173233116.jpg HTTP/1.1" 200 43856 "-" "Mozilla/5.0 (compatible; bingbot/2.0; +http://www.bing.com/bingbot.htm)"
207.46.13.191 - - [14/Dec/2020:09:19:15 +0100] "GET /images/big_prod/JASMINERACINGBOUDOIR.jpg HTTP/1.1" 200 73488 "-" "Mozilla/5.0 (compatible; bingbot/2.0; +http://www.bing.com/bingbot.htm)"
207.46.13.48 - - [14/Dec/2020:09:20:48 +0100] "GET /images/big_prod/4056248.jpg HTTP/1.1" 200 105902 "-" "Mozilla/5.0 (compatible; bingbot/2.0; +http://www.bing.com/bingbot.htm)"
13.66.139.26 - - [14/Dec/2020:09:22:09 +0100] "GET /images/med_prod/1399984287897.jpg HTTP/1.1" 200 161866 "-" "Mozilla/5.0 (compatible; bingbot/2.0; +http://www.bing.com/bingbot.htm)"
13.66.139.26 - - [14/Dec/2020:09:22:09 +0100] "GET /images/big_prod/3503420153532.jpg HTTP/1.1" 200 64030 "-" "Mozilla/5.0 (compatible; bingbot/2.0; +http://www.bing.com/bingbot.htm)"
157.55.39.179 - - [14/Dec/2020:09:22:14 +0100] "GET /images/big_prod_1/b4006592916817.jpg HTTP/1.1" 200 161398 "-" "Mozilla/5.0 (compatible; bingbot/2.0; +http://www.bing.com/bingbot.htm)"
207.46.13.175 - - [14/Dec/2020:09:22:28 +0100] "GET /images/med_prod/1384010177709.jpg HTTP/1.1" 200 134529 "-" "Mozilla/5.0 (compatible; bingbot/2.0; +http://www.bing.com/bingbot.htm)"
13.66.139.26 - - [14/Dec/2020:09:22:39 +0100] "GET /images/london.jpg HTTP/1.1" 200 131819 "-" "Mozilla/5.0 (compatible; bingbot/2.0; +http://www.bing.com/bingbot.htm)"
207.46.13.49 - - [14/Dec/2020:09:23:07 +0100] "GET /images/big_prod_3/c9316188082143.jpg HTTP/1.1" 200 51798 "-" "Mozilla/5.0 (compatible; bingbot/2.0; +http://www.bing.com/bingbot.htm)"
157.55.39.82 - - [14/Dec/2020:09:24:31 +0100] "GET /images/4012390357394.jpg HTTP/1.1" 200 19845 "-" "Mozilla/5.0 (compatible; bingbot/2.0; +http://www.bing.com/bingbot.htm)"
207.46.13.49 - - [14/Dec/2020:09:25:58 +0100] "GET /images/big_prod/8419810092440.jpg HTTP/1.1" 200 162415 "-" "Mozilla/5.0 (compatible; bingbot/2.0; +http://www.bing.com/bingbot.htm)"
13.66.139.26 - - [14/Dec/2020:09:26:41 +0100] "GET /images/mini_prod/8003990609699.jpg HTTP/1.1" 200 6866 "-" "Mozilla/5.0 (compatible; bingbot/2.0; +http://www.bing.com/bingbot.htm)"
13.66.139.26 - - [14/Dec/2020:09:27:59 +0100] "GET /images/big_prod/8719172831580.jpg HTTP/1.1" 200 54534 "-" "Mozilla/5.0 (compatible; bingbot/2.0; +http://www.bing.com/bingbot.htm)"
207.46.13.49 - - [14/Dec/2020:09:28:08 +0100] "GET /images/big_prod_1/3660173195643.jpg HTTP/1.1" 200 89337 "-" "Mozilla/5.0 (compatible; bingbot/2.0; +http://www.bing.com/bingbot.htm)"
13.66.139.26 - - [14/Dec/2020:09:29:59 +0100] "GET /images/1399984243862.jpg HTTP/1.1" 200 23103 "-" "Mozilla/5.0 (compatible; bingbot/2.0; +http://www.bing.com/bingbot.htm)"
13.66.139.26 - - [14/Dec/2020:09:30:09 +0100] "GET /images/mini_prod/3453131155618.jpg HTTP/1.1" 200 6462 "-" "Mozilla/5.0 (compatible; bingbot/2.0; +http://www.bing.com/bingbot.htm)"
207.46.13.49 - - [14/Dec/2020:09:30:38 +0100] "GET /images/mini_prod/3453131151788.jpg HTTP/1.1" 200 5982 "-" "Mozilla/5.0 (compatible; bingbot/2.0; +http://www.bing.com/bingbot.htm)"
157.55.39.82 - - [14/Dec/2020:09:31:31 +0100] "GET /images/1399984280188.jpg HTTP/1.1" 200 112421 "-" "Mozilla/5.0 (compatible; bingbot/2.0; +http://www.bing.com/bingbot.htm)"
114.119.151.113 - - [14/Dec/2020:09:31:48 +0100] "GET /images/mini_prod/3520071480053.jpg HTTP/1.1" 200 6016 "-" "Mozilla/5.0 (Linux; Android 7.0;) AppleWebKit/537.36 (KHTML, like Gecko) Mobile Safari/537.36 (compatible; PetalBot;+https://aspiegel.com/petalbot)"
207.46.13.175 - - [14/Dec/2020:09:35:59 +0100] "GET /images/big_prod/1348422000673.jpg HTTP/1.1" 200 52228 "-" "Mozilla/5.0 (compatible; bingbot/2.0; +http://www.bing.com/bingbot.htm)"
157.55.39.179 - - [14/Dec/2020:09:38:14 +0100] "GET /images/big_prod/3700407618552.jpg HTTP/1.1" 200 142901 "-" "Mozilla/5.0 (compatible; bingbot/2.0; +http://www.bing.com/bingbot.htm)"
13.66.139.26 - - [14/Dec/2020:09:38:31 +0100] "GET /images/big_prod/5051276242248.jpg HTTP/1.1" 200 70705 "-" "Mozilla/5.0 (compatible; bingbot/2.0; +http://www.bing.com/bingbot.htm)"
207.46.13.49 - - [14/Dec/2020:09:39:19 +0100] "GET /images/big_prod/3612872114081plateau.jpg HTTP/1.1" 200 135314 "-" "Mozilla/5.0 (compatible; bingbot/2.0; +http://www.bing.com/bingbot.htm)"
13.66.139.26 - - [14/Dec/2020:09:39:29 +0100] "GET /images/big_prod/4029811341184.jpg HTTP/1.1" 200 35869 "-" "Mozilla/5.0 (compatible; bingbot/2.0; +http://www.bing.com/bingbot.htm)"
13.66.139.26 - - [14/Dec/2020:09:39:30 +0100] "GET /images/big_prod_2/c627DUDE.jpg HTTP/1.1" 200 87375 "-" "Mozilla/5.0 (compatible; bingbot/2.0; +http://www.bing.com/bingbot.htm)"
157.55.39.179 - - [14/Dec/2020:09:40:45 +0100] "GET /images/big_prod/chakra3.jpg HTTP/1.1" 200 84434 "-" "Mozilla/5.0 (compatible; bingbot/2.0; +http://www.bing.com/bingbot.htm)"
207.46.13.49 - - [14/Dec/2020:09:41:10 +0100] "GET /images/big_prod/3609810065178.jpg HTTP/1.1" 200 97416 "-" "Mozilla/5.0 (compatible; bingbot/2.0; +http://www.bing.com/bingbot.htm)"
157.55.39.106 - - [14/Dec/2020:09:43:32 +0100] "GET /images/3438100329924.jpg HTTP/1.1" 200 36140 "-" "Mozilla/5.0 (compatible; bingbot/2.0; +http://www.bing.com/bingbot.htm)"
114.119.150.15 - - [14/Dec/2020:09:44:52 +0100] "GET /images/big_prod/5051276213521.jpg HTTP/1.1" 200 61186 "-" "Mozilla/5.0 (Linux; Android 7.0;) AppleWebKit/537.36 (KHTML, like Gecko) Mobile Safari/537.36 (compatible; PetalBot;+https://aspiegel.com/petalbot)"
13.66.139.55 - - [14/Dec/2020:09:45:04 +0100] "GET /images/med_prod/5701359740467.jpg HTTP/1.1" 200 114459 "-" "Mozilla/5.0 (compatible; bingbot/2.0; +http://www.bing.com/bingbot.htm)"
13.66.139.55 - - [14/Dec/2020:09:45:05 +0100] "GET /images/1341689283520.jpg HTTP/1.1" 200 161790 "-" "Mozilla/5.0 (compatible; bingbot/2.0; +http://www.bing.com/bingbot.htm)"
13.66.139.55 - - [14/Dec/2020:09:45:05 +0100] "GET /images/1399984252550.jpg HTTP/1.1" 200 62071 "-" "Mozilla/5.0 (compatible; bingbot/2.0; +http://www.bing.com/bingbot.htm)"
13.66.139.55 - - [14/Dec/2020:09:45:07 +0100] "GET /images/big_prod/3503420165863.jpg HTTP/1.1" 200 66739 "-" "Mozilla/5.0 (compatible; bingbot/2.0; +http://www.bing.com/bingbot.htm)"
13.66.139.55 - - [14/Dec/2020:09:45:15 +0100] "GET /images/big_prod/4029811390830.jpg HTTP/1.1" 200 121423 "-" "Mozilla/5.0 (compatible; bingbot/2.0; +http://www.bing.com/bingbot.htm)"
13.66.139.55 - - [14/Dec/2020:09:45:16 +0100] "GET /images/3272760369599.jpg HTTP/1.1" 200 25508 "-" "Mozilla/5.0 (compatible; bingbot/2.0; +http://www.bing.com/bingbot.htm)"
13.66.139.55 - - [14/Dec/2020:09:45:16 +0100] "GET /images/big_prod/thebleu.jpg HTTP/1.1" 200 98738 "-" "Mozilla/5.0 (compatible; bingbot/2.0; +http://www.bing.com/bingbot.htm)"
13.66.139.55 - - [14/Dec/2020:09:45:17 +0100] "GET /images/big_prod/3520071724638.jpg HTTP/1.1" 200 48960 "-" "Mozilla/5.0 (compatible; bingbot/2.0; +http://www.bing.com/bingbot.htm)"
13.66.139.26 - - [14/Dec/2020:09:46:12 +0100] "GET /images/big_prod/3700276288900BB.jpg HTTP/1.1" 200 114503 "-" "Mozilla/5.0 (compatible; bingbot/2.0; +http://www.bing.com/bingbot.htm)"
207.46.13.48 - - [14/Dec/2020:09:46:46 +0100] "GET /images/big_prod/3661075002046.jpg HTTP/1.1" 200 83340 "-" "Mozilla/5.0 (compatible; bingbot/2.0; +http://www.bing.com/bingbot.htm)"
216.244.66.242 - - [14/Dec/2020:09:47:13 +0100] "GET /robots.txt HTTP/1.1" 200 2438 "-" "Mozilla/5.0 (compatible; DotBot/1.1; http://www.opensiteexplorer.org/dotbot, help@moz.com)"
216.244.66.242 - - [14/Dec/2020:09:47:13 +0100] "GET /robots.txt HTTP/1.1" 200 2438 "-" "Mozilla/5.0 (compatible; DotBot/1.1; http://www.opensiteexplorer.org/dotbot, help@moz.com)"
13.66.139.26 - - [14/Dec/2020:09:48:41 +0100] "GET /images/med_prod/3700516206961.jpg HTTP/1.1" 200 76403 "-" "Mozilla/5.0 (compatible; bingbot/2.0; +http://www.bing.com/bingbot.htm)"
13.66.139.26 - - [14/Dec/2020:09:48:42 +0100] "GET /images/med_prod/1399984285091.jpg HTTP/1.1" 200 108763 "-" "Mozilla/5.0 (compatible; bingbot/2.0; +http://www.bing.com/bingbot.htm)"
114.119.151.113 - - [14/Dec/2020:09:49:13 +0100] "GET /images/mini_prod/8433933819227.jpg HTTP/1.1" 200 8764 "-" "Mozilla/5.0 (Linux; Android 7.0;) AppleWebKit/537.36 (KHTML, like Gecko) Mobile Safari/537.36 (compatible; PetalBot;+https://aspiegel.com/petalbot)"
13.66.139.26 - - [14/Dec/2020:09:49:41 +0100] "GET /images/med_prod/1300010241196.jpg HTTP/1.1" 200 51808 "-" "Mozilla/5.0 (compatible; bingbot/2.0; +http://www.bing.com/bingbot.htm)"
207.46.13.48 - - [14/Dec/2020:09:52:30 +0100] "GET /images/041689210618.jpg HTTP/1.1" 200 82816 "-" "Mozilla/5.0 (compatible; bingbot/2.0; +http://www.bing.com/bingbot.htm)"
114.119.129.36 - - [14/Dec/2020:09:53:41 +0100] "GET /images/3585190109155.jpg HTTP/1.1" 200 45357 "-" "Mozilla/5.0 (Linux; Android 7.0;) AppleWebKit/537.36 (KHTML, like Gecko) Mobile Safari/537.36 (compatible; PetalBot;+https://aspiegel.com/petalbot)"
13.66.139.26 - - [14/Dec/2020:09:54:03 +0100] "GET /images/5055071657603.jpg HTTP/1.1" 200 109087 "-" "Mozilla/5.0 (compatible; bingbot/2.0; +http://www.bing.com/bingbot.htm)"
13.66.139.26 - - [14/Dec/2020:09:54:22 +0100] "GET /images/big_prod/8433978414623.jpg HTTP/1.1" 200 44931 "-" "Mozilla/5.0 (compatible; bingbot/2.0; +http://www.bing.com/bingbot.htm)"
13.66.139.26 - - [14/Dec/2020:09:54:42 +0100] "GET /images/8427787047523.jpg HTTP/1.1" 200 39890 "-" "Mozilla/5.0 (compatible; bingbot/2.0; +http://www.bing.com/bingbot.htm)"
157.55.39.179 - - [14/Dec/2020:09:55:59 +0100] "GET /images/big_prod_3/6000971b.jpg HTTP/1.1" 200 72103 "-" "Mozilla/5.0 (compatible; bingbot/2.0; +http://www.bing.com/bingbot.htm)"
13.66.139.26 - - [14/Dec/2020:09:56:21 +0100] "GET /images/big_prod/8422011475783.jpg HTTP/1.1" 200 71184 "-" "Mozilla/5.0 (compatible; bingbot/2.0; +http://www.bing.com/bingbot.htm)"
114.119.145.117 - - [14/Dec/2020:09:58:00 +0100] "GET /images/big_prod_2/8424345615149C.jpg HTTP/1.1" 200 88696 "-" "Mozilla/5.0 (Linux; Android 7.0;) AppleWebKit/537.36 (KHTML, like Gecko) Mobile Safari/537.36 (compatible; PetalBot;+https://aspiegel.com/petalbot)"
13.66.139.26 - - [14/Dec/2020:09:58:03 +0100] "GET /images/big_prod/8433933031452.jpg HTTP/1.1" 200 113001 "-" "Mozilla/5.0 (compatible; bingbot/2.0; +http://www.bing.com/bingbot.htm)"
157.55.39.82 - - [14/Dec/2020:09:58:45 +0100] "GET /images/big_prod/3560600293853.jpg HTTP/1.1" 200 123460 "-" "Mozilla/5.0 (compatible; bingbot/2.0; +http://www.bing.com/bingbot.htm)"
13.66.139.26 - - [14/Dec/2020:09:59:23 +0100] "GET /images/big_prod/7601019991797.jpg HTTP/1.1" 200 93754 "-" "Mozilla/5.0 (compatible; bingbot/2.0; +http://www.bing.com/bingbot.htm)"
207.46.13.49 - - [14/Dec/2020:10:00:02 +0100] "GET /images/big_prod_1/3700230606245a.jpg HTTP/1.1" 200 40148 "-" "Mozilla/5.0 (compatible; bingbot/2.0; +http://www.bing.com/bingbot.htm)"
157.55.39.179 - - [14/Dec/2020:10:00:28 +0100] "GET /images/big_prod/8433933182284.jpg HTTP/1.1" 200 111651 "-" "Mozilla/5.0 (compatible; bingbot/2.0; +http://www.bing.com/bingbot.htm)"
157.55.39.217 - - [14/Dec/2020:10:00:55 +0100] "GET /images/big_prod/3553560114634.jpg HTTP/1.1" 200 176408 "-" "Mozilla/5.0 (compatible; bingbot/2.0; +http://www.bing.com/bingbot.htm)"
66.249.70.36 - - [14/Dec/2020:10:01:14 +0100] "GET /images/mini_prod/3281640395382.jpg HTTP/1.1" 200 7455 "-" "Googlebot-Image/1.0"
13.66.139.26 - - [14/Dec/2020:10:02:31 +0100] "GET /images/med_prod/5055071694615.jpg HTTP/1.1" 200 45940 "-" "Mozilla/5.0 (compatible; bingbot/2.0; +http://www.bing.com/bingbot.htm)"
207.46.13.49 - - [14/Dec/2020:10:04:25 +0100] "GET /images/big_prod/8433933278291.jpg HTTP/1.1" 200 122311 "-" "Mozilla/5.0 (compatible; bingbot/2.0; +http://www.bing.com/bingbot.htm)"
13.66.139.26 - - [14/Dec/2020:10:05:02 +0100] "GET /images/5411854144379.jpg HTTP/1.1" 200 40109 "-" "Mozilla/5.0 (compatible; bingbot/2.0; +http://www.bing.com/bingbot.htm)"
114.119.144.233 - - [14/Dec/2020:10:06:37 +0100] "GET /images/6942138906110.jpg HTTP/1.1" 200 49452 "-" "Mozilla/5.0 (Linux; Android 7.0;) AppleWebKit/537.36 (KHTML, like Gecko) Mobile Safari/537.36 (compatible; PetalBot;+https://aspiegel.com/petalbot)"
207.46.13.191 - - [14/Dec/2020:10:09:48 +0100] "GET /images/100_1885.jpg HTTP/1.1" 200 13622 "-" "Mozilla/5.0 (compatible; bingbot/2.0; +http://www.bing.com/bingbot.htm)"
207.46.13.191 - - [14/Dec/2020:10:09:49 +0100] "GET /images/big_prod/4029811311743.jpg HTTP/1.1" 200 39582 "-" "Mozilla/5.0 (compatible; bingbot/2.0; +http://www.bing.com/bingbot.htm)"
13.66.139.79 - - [14/Dec/2020:10:14:06 +0100] "GET /images/1399984241981.jpg HTTP/1.1" 200 68456 "-" "Mozilla/5.0 (compatible; bingbot/2.0; +http://www.bing.com/bingbot.htm)"
13.66.139.26 - - [14/Dec/2020:10:15:13 +0100] "GET /images/big_prod/3453131127516.jpg HTTP/1.1" 200 108817 "-" "Mozilla/5.0 (compatible; bingbot/2.0; +http://www.bing.com/bingbot.htm)"
13.66.139.79 - - [14/Dec/2020:10:16:13 +0100] "GET /images/big_prod/1384010206942.jpg HTTP/1.1" 200 109297 "-" "Mozilla/5.0 (compatible; bingbot/2.0; +http://www.bing.com/bingbot.htm)"
66.249.70.33 - - [14/Dec/2020:10:18:22 +0100] "GET /images/mini_prod/1300000023955NN.jpg HTTP/1.1" 200 5272 "-" "Googlebot-Image/1.0"
13.66.139.26 - - [14/Dec/2020:10:18:23 +0100] "GET /images/big_prod/3014627557370.jpg HTTP/1.1" 200 52813 "-" "Mozilla/5.0 (compatible; bingbot/2.0; +http://www.bing.com/bingbot.htm)"
13.66.139.26 - - [14/Dec/2020:10:18:24 +0100] "GET /images/big_prod/3453131139632.jpg HTTP/1.1" 200 81154 "-" "Mozilla/5.0 (compatible; bingbot/2.0; +http://www.bing.com/bingbot.htm)"
13.66.139.26 - - [14/Dec/2020:10:18:46 +0100] "GET /images/big_prod/1384010204412NN.jpg HTTP/1.1" 200 54039 "-" "Mozilla/5.0 (compatible; bingbot/2.0; +http://www.bing.com/bingbot.htm)"
13.66.139.65 - - [14/Dec/2020:10:19:23 +0100] "GET /images/big_prod/3014627846351NN.jpg HTTP/1.1" 200 46176 "-" "Mozilla/5.0 (compatible; bingbot/2.0; +http://www.bing.com/bingbot.htm)"
103.131.71.163 - - [14/Dec/2020:10:20:30 +0100] "GET /robots.txt HTTP/1.1" 200 2438 "-" "Mozilla/5.0 (compatible; coccocbot-web/1.0; +http://help.coccoc.com/searchengine)"
13.66.139.26 - - [14/Dec/2020:10:22:45 +0100] "GET /images/big_prod/8718317691980.jpg HTTP/1.1" 200 222317 "-" "Mozilla/5.0 (compatible; bingbot/2.0; +http://www.bing.com/bingbot.htm)"
13.66.139.65 - - [14/Dec/2020:10:22:49 +0100] "GET /images/8006529251222.jpg HTTP/1.1" 200 19662 "-" "Mozilla/5.0 (compatible; bingbot/2.0; +http://www.bing.com/bingbot.htm)"
207.46.13.49 - - [14/Dec/2020:10:23:19 +0100] "GET /images/big_prod_1/9316188076913N.jpg HTTP/1.1" 200 172240 "-" "Mozilla/5.0 (compatible; bingbot/2.0; +http://www.bing.com/bingbot.htm)"
13.66.139.26 - - [14/Dec/2020:10:23:25 +0100] "GET /images/med_prod/3660173185897.jpg HTTP/1.1" 200 73243 "-" "Mozilla/5.0 (compatible; bingbot/2.0; +http://www.bing.com/bingbot.htm)"
13.66.139.26 - - [14/Dec/2020:10:23:26 +0100] "GET /images/big_prod/3014627848317.jpg HTTP/1.1" 200 167457 "-" "Mozilla/5.0 (compatible; bingbot/2.0; +http://www.bing.com/bingbot.htm)"
13.66.139.65 - - [14/Dec/2020:10:24:44 +0100] "GET /images/4007176153116.jpg HTTP/1.1" 200 19090 "-" "Mozilla/5.0 (compatible; bingbot/2.0; +http://www.bing.com/bingbot.htm)"
13.66.139.26 - - [14/Dec/2020:10:24:49 +0100] "GET /images/1399984251140.jpg HTTP/1.1" 200 111067 "-" "Mozilla/5.0 (compatible; bingbot/2.0; +http://www.bing.com/bingbot.htm)"
13.66.139.26 - - [14/Dec/2020:10:24:49 +0100] "GET /images/big_prod/8422188078589.jpg HTTP/1.1" 200 75477 "-" "Mozilla/5.0 (compatible; bingbot/2.0; +http://www.bing.com/bingbot.htm)"
13.66.139.26 - - [14/Dec/2020:10:25:54 +0100] "GET /images/big_prod/3457019600511b.jpg HTTP/1.1" 200 107104 "-" "Mozilla/5.0 (compatible; bingbot/2.0; +http://www.bing.com/bingbot.htm)"
13.66.139.26 - - [14/Dec/2020:10:26:05 +0100] "GET /images/big_prod/CD4061c.jpg HTTP/1.1" 200 107393 "-" "Mozilla/5.0 (compatible; bingbot/2.0; +http://www.bing.com/bingbot.htm)"
207.46.13.191 - - [14/Dec/2020:10:26:31 +0100] "GET /images/big_prod_1/b4895220300513.jpg HTTP/1.1" 200 49266 "-" "Mozilla/5.0 (compatible; bingbot/2.0; +http://www.bing.com/bingbot.htm)"
13.66.139.65 - - [14/Dec/2020:10:26:45 +0100] "GET /images/big_prod_1/1318600329995a.jpg HTTP/1.1" 200 74523 "-" "Mozilla/5.0 (compatible; bingbot/2.0; +http://www.bing.com/bingbot.htm)"
66.249.70.36 - - [14/Dec/2020:10:26:57 +0100] "GET /images/big_prod_1/MUG030a.jpg HTTP/1.1" 200 186062 "-" "Googlebot-Image/1.0"
13.66.139.65 - - [14/Dec/2020:10:27:25 +0100] "GET /images/big_prod_1/1328399219223b.jpg HTTP/1.1" 200 92586 "-" "Mozilla/5.0 (compatible; bingbot/2.0; +http://www.bing.com/bingbot.htm)"
207.46.13.175 - - [14/Dec/2020:10:27:33 +0100] "GET /images/big_prod/3560600311748.jpg HTTP/1.1" 200 47153 "-" "Mozilla/5.0 (compatible; bingbot/2.0; +http://www.bing.com/bingbot.htm)"
13.66.139.65 - - [14/Dec/2020:10:28:05 +0100] "GET /images/big_prod/5018997622100.jpg HTTP/1.1" 200 247556 "-" "Mozilla/5.0 (compatible; bingbot/2.0; +http://www.bing.com/bingbot.htm)"
77.75.77.72 - - [14/Dec/2020:10:28:25 +0100] "GET /robots.txt HTTP/1.1" 200 2438 "-" "Mozilla/5.0 (compatible; SeznamBot/3.2; +http://napoveda.seznam.cz/en/seznambot-intro/)"
13.66.139.65 - - [14/Dec/2020:10:28:46 +0100] "GET /images/big_prod_1/3560600314978B.jpg HTTP/1.1" 200 85916 "-" "Mozilla/5.0 (compatible; bingbot/2.0; +http://www.bing.com/bingbot.htm)"
157.55.39.179 - - [14/Dec/2020:10:28:51 +0100] "GET /images/big_prod/281413.jpg HTTP/1.1" 200 120834 "-" "Mozilla/5.0 (compatible; bingbot/2.0; +http://www.bing.com/bingbot.htm)"
13.66.139.26 - - [14/Dec/2020:10:30:05 +0100] "GET /images/TROME3137.jpg HTTP/1.1" 200 46031 "-" "Mozilla/5.0 (compatible; bingbot/2.0; +http://www.bing.com/bingbot.htm)"
13.66.139.26 - - [14/Dec/2020:10:30:06 +0100] "GET /images/big_prod/84339102323460.jpg HTTP/1.1" 200 188370 "-" "Mozilla/5.0 (compatible; bingbot/2.0; +http://www.bing.com/bingbot.htm)"
157.55.39.179 - - [14/Dec/2020:10:30:41 +0100] "GET /images/5055071683466.jpg HTTP/1.1" 200 88232 "-" "Mozilla/5.0 (compatible; bingbot/2.0; +http://www.bing.com/bingbot.htm)"
13.66.139.65 - - [14/Dec/2020:10:30:46 +0100] "GET /images/big_prod_3/a5018997629734.jpg HTTP/1.1" 200 118518 "-" "Mozilla/5.0 (compatible; bingbot/2.0; +http://www.bing.com/bingbot.htm)"
157.55.39.82 - - [14/Dec/2020:10:31:28 +0100] "GET /images/big_prod_1/b8435333824252.jpg HTTP/1.1" 200 73685 "-" "Mozilla/5.0 (compatible; bingbot/2.0; +http://www.bing.com/bingbot.htm)"
13.66.139.26 - - [14/Dec/2020:10:31:45 +0100] "GET /images/4025055995275.jpg HTTP/1.1" 200 35154 "-" "Mozilla/5.0 (compatible; bingbot/2.0; +http://www.bing.com/bingbot.htm)"
13.66.139.26 - - [14/Dec/2020:10:32:46 +0100] "GET /images/big_prod_2/c9316188080996.jpg HTTP/1.1" 200 79976 "-" "Mozilla/5.0 (compatible; bingbot/2.0; +http://www.bing.com/bingbot.htm)"
157.55.39.184 - - [14/Dec/2020:10:34:12 +0100] "GET /images/4008789048202.jpg HTTP/1.1" 200 159950 "-" "Mozilla/5.0 (compatible; bingbot/2.0; +http://www.bing.com/bingbot.htm)"
157.55.39.184 - - [14/Dec/2020:10:34:13 +0100] "GET /images/3272760377433.jpg HTTP/1.1" 200 77100 "-" "Mozilla/5.0 (compatible; bingbot/2.0; +http://www.bing.com/bingbot.htm)"
157.55.39.184 - - [14/Dec/2020:10:34:14 +0100] "GET /images/big_prod/1384010206942.jpg HTTP/1.1" 200 109297 "-" "Mozilla/5.0 (compatible; bingbot/2.0; +http://www.bing.com/bingbot.htm)"
13.66.139.65 - - [14/Dec/2020:10:34:36 +0100] "GET /images/med_prod/1384010184271.jpg HTTP/1.1" 200 93088 "-" "Mozilla/5.0 (compatible; bingbot/2.0; +http://www.bing.com/bingbot.htm)"
66.249.70.36 - - [14/Dec/2020:10:35:31 +0100] "GET /images/mini_prod/1399986100972.jpg HTTP/1.1" 200 11262 "-" "Googlebot-Image/1.0"
13.66.139.65 - - [14/Dec/2020:10:36:06 +0100] "GET /images/8435333809884.jpg HTTP/1.1" 200 114178 "-" "Mozilla/5.0 (compatible; bingbot/2.0; +http://www.bing.com/bingbot.htm)"
13.66.139.65 - - [14/Dec/2020:10:36:06 +0100] "GET /images/robeckhiver2011rose.jpg HTTP/1.1" 200 20422 "-" "Mozilla/5.0 (compatible; bingbot/2.0; +http://www.bing.com/bingbot.htm)"
13.66.139.65 - - [14/Dec/2020:10:36:06 +0100] "GET /images/1399984254820.jpg HTTP/1.1" 200 123432 "-" "Mozilla/5.0 (compatible; bingbot/2.0; +http://www.bing.com/bingbot.htm)"
157.55.39.82 - - [14/Dec/2020:10:36:28 +0100] "GET /images/big_prod/1384010202579.jpg HTTP/1.1" 200 72224 "-" "Mozilla/5.0 (compatible; bingbot/2.0; +http://www.bing.com/bingbot.htm)"
13.66.139.65 - - [14/Dec/2020:10:36:45 +0100] "GET /images/big_prod/3574642017070.jpg HTTP/1.1" 200 42832 "-" "Mozilla/5.0 (compatible; bingbot/2.0; +http://www.bing.com/bingbot.htm)"
216.244.66.242 - - [14/Dec/2020:10:37:14 +0100] "GET /robots.txt HTTP/1.1" 200 2438 "-" "Mozilla/5.0 (compatible; DotBot/1.1; http://www.opensiteexplorer.org/dotbot, help@moz.com)"
13.66.139.65 - - [14/Dec/2020:10:38:16 +0100] "GET /images/big_prod/6943252681808.jpg HTTP/1.1" 200 80700 "-" "Mozilla/5.0 (compatible; bingbot/2.0; +http://www.bing.com/bingbot.htm)"
13.66.139.26 - - [14/Dec/2020:10:39:26 +0100] "GET /images/1399984254417.jpg HTTP/1.1" 200 95005 "-" "Mozilla/5.0 (compatible; bingbot/2.0; +http://www.bing.com/bingbot.htm)"
207.46.13.191 - - [14/Dec/2020:10:40:01 +0100] "GET /images/3700217350147.jpg HTTP/1.1" 200 35213 "-" "Mozilla/5.0 (compatible; bingbot/2.0; +http://www.bing.com/bingbot.htm)"
207.46.13.49 - - [14/Dec/2020:10:40:30 +0100] "GET /images/4842200232326.jpg HTTP/1.1" 200 32690 "-" "Mozilla/5.0 (compatible; bingbot/2.0; +http://www.bing.com/bingbot.htm)"
13.66.139.65 - - [14/Dec/2020:10:41:26 +0100] "GET /images/big_prod/1399986103065.jpg HTTP/1.1" 200 131623 "-" "Mozilla/5.0 (compatible; bingbot/2.0; +http://www.bing.com/bingbot.htm)"
114.119.151.113 - - [14/Dec/2020:10:41:29 +0100] "GET /images/mini_prod/N1384010177280.jpg HTTP/1.1" 200 6050 "-" "Mozilla/5.0 (Linux; Android 7.0;) AppleWebKit/537.36 (KHTML, like Gecko) Mobile Safari/537.36 (compatible; PetalBot;+https://aspiegel.com/petalbot)"
66.249.70.62 - - [14/Dec/2020:10:44:05 +0100] "GET /images/mini_prod/3609810034754.jpg HTTP/1.1" 200 10246 "-" "Googlebot-Image/1.0"
157.55.39.217 - - [14/Dec/2020:10:45:29 +0100] "GET /images/3700653501301.jpg HTTP/1.1" 200 60143 "-" "Mozilla/5.0 (compatible; bingbot/2.0; +http://www.bing.com/bingbot.htm)"
157.55.39.217 - - [14/Dec/2020:10:45:30 +0100] "GET /images/big_prod_3/4260082936956c.jpg HTTP/1.1" 200 51194 "-" "Mozilla/5.0 (compatible; bingbot/2.0; +http://www.bing.com/bingbot.htm)"
157.55.39.179 - - [14/Dec/2020:10:45:52 +0100] "GET /images/big_prod_2/5404006045211c.jpg HTTP/1.1" 200 61698 "-" "Mozilla/5.0 (compatible; bingbot/2.0; +http://www.bing.com/bingbot.htm)"
13.66.139.26 - - [14/Dec/2020:10:46:07 +0100] "GET /images/big_prod/1384010188828.jpg HTTP/1.1" 200 60658 "-" "Mozilla/5.0 (compatible; bingbot/2.0; +http://www.bing.com/bingbot.htm)"
13.66.139.26 - - [14/Dec/2020:10:46:08 +0100] "GET /images/big_prod/3608860230260.jpg HTTP/1.1" 200 81318 "-" "Mozilla/5.0 (compatible; bingbot/2.0; +http://www.bing.com/bingbot.htm)"
114.119.145.117 - - [14/Dec/2020:10:46:18 +0100] "GET /images/big_prod/1041GJ04.jpg HTTP/1.1" 200 94073 "-" "Mozilla/5.0 (Linux; Android 7.0;) AppleWebKit/537.36 (KHTML, like Gecko) Mobile Safari/537.36 (compatible; PetalBot;+https://aspiegel.com/petalbot)"
207.46.13.90 - - [14/Dec/2020:10:47:39 +0100] "GET /images/big_prod/8433933227534.jpg HTTP/1.1" 200 166498 "-" "Mozilla/5.0 (compatible; bingbot/2.0; +http://www.bing.com/bingbot.htm)"
188.247.199.125 - - [14/Dec/2020:10:47:40 +0100] "GET /images/big_prod/3453131141147.jpg HTTP/1.1" 200 64654 "-" "Mozilla/5.0 (Linux; Android 10; SM-A505FN Build/QP1A.190711.020; wv) AppleWebKit/537.36 (KHTML, like Gecko) Version/4.0 Chrome/87.0.4280.101 Mobile Safari/537.36 YandexSearch/8.30 YandexSearchWebView/8.30"
207.46.13.49 - - [14/Dec/2020:10:48:22 +0100] "GET /images/big_prod_1/3091693063516B.jpg HTTP/1.1" 200 105659 "-" "Mozilla/5.0 (compatible; bingbot/2.0; +http://www.bing.com/bingbot.htm)"
13.66.139.26 - - [14/Dec/2020:10:50:07 +0100] "GET /images/8033667001143.jpg HTTP/1.1" 200 38796 "-" "Mozilla/5.0 (compatible; bingbot/2.0; +http://www.bing.com/bingbot.htm)"
13.66.139.65 - - [14/Dec/2020:10:51:38 +0100] "GET /images/big_prod/50140424346522613.jpg HTTP/1.1" 200 45739 "-" "Mozilla/5.0 (compatible; bingbot/2.0; +http://www.bing.com/bingbot.htm)"
207.46.13.175 - - [14/Dec/2020:10:52:27 +0100] "GET /images/med_prod/1384010181331.jpg HTTP/1.1" 200 172965 "-" "Mozilla/5.0 (compatible; bingbot/2.0; +http://www.bing.com/bingbot.htm)"
66.249.70.36 - - [14/Dec/2020:10:52:39 +0100] "GET /images/big_prod/9316188054003.jpg HTTP/1.1" 200 92791 "-" "Googlebot-Image/1.0"
13.66.139.65 - - [14/Dec/2020:10:54:38 +0100] "GET /images/B1399984242018B.jpg HTTP/1.1" 200 71837 "-" "Mozilla/5.0 (compatible; bingbot/2.0; +http://www.bing.com/bingbot.htm)"
13.66.139.26 - - [14/Dec/2020:10:55:57 +0100] "GET /images/3298060223652.jpg HTTP/1.1" 200 32206 "-" "Mozilla/5.0 (compatible; bingbot/2.0; +http://www.bing.com/bingbot.htm)"
13.66.139.26 - - [14/Dec/2020:10:56:08 +0100] "GET /images/big_prod/8718375751022.jpg HTTP/1.1" 200 95484 "-" "Mozilla/5.0 (compatible; bingbot/2.0; +http://www.bing.com/bingbot.htm)"
13.66.139.65 - - [14/Dec/2020:10:56:13 +0100] "GET /images/astefalbalaidefix.jpg HTTP/1.1" 200 18859 "-" "Mozilla/5.0 (compatible; bingbot/2.0; +http://www.bing.com/bingbot.htm)"
103.131.71.165 - - [14/Dec/2020:10:57:04 +0100] "GET /robots.txt HTTP/1.1" 200 2438 "-" "Mozilla/5.0 (compatible; coccocbot-web/1.0; +http://help.coccoc.com/searchengine)"
157.55.39.179 - - [14/Dec/2020:11:01:55 +0100] "GET /images/med_prod/8430269235288.jpg HTTP/1.1" 200 87828 "-" "Mozilla/5.0 (compatible; bingbot/2.0; +http://www.bing.com/bingbot.htm)"
13.66.139.65 - - [14/Dec/2020:11:02:39 +0100] "GET /images/big_prod/3503420203237.jpg HTTP/1.1" 200 68119 "-" "Mozilla/5.0 (compatible; bingbot/2.0; +http://www.bing.com/bingbot.htm)"
114.119.129.36 - - [14/Dec/2020:11:03:08 +0100] "GET /images/big_prod/1399986106028.jpg HTTP/1.1" 200 184852 "-" "Mozilla/5.0 (Linux; Android 7.0;) AppleWebKit/537.36 (KHTML, like Gecko) Mobile Safari/537.36 (compatible; PetalBot;+https://aspiegel.com/petalbot)"
13.66.139.26 - - [14/Dec/2020:11:04:08 +0100] "GET /images/3660532001417.jpg HTTP/1.1" 200 28003 "-" "Mozilla/5.0 (compatible; bingbot/2.0; +http://www.bing.com/bingbot.htm)"
157.55.39.82 - - [14/Dec/2020:11:04:31 +0100] "GET /images/big_prod/8422004110141.jpg HTTP/1.1" 200 40358 "-" "Mozilla/5.0 (compatible; bingbot/2.0; +http://www.bing.com/bingbot.htm)"
13.66.139.26 - - [14/Dec/2020:11:06:09 +0100] "GET /images/big_prod_3/8424346071340NNN.jpg HTTP/1.1" 200 218216 "-" "Mozilla/5.0 (compatible; bingbot/2.0; +http://www.bing.com/bingbot.htm)"
13.66.139.65 - - [14/Dec/2020:11:06:30 +0100] "GET /images/big_prod_3/1328399219643c.jpg HTTP/1.1" 200 75800 "-" "Mozilla/5.0 (compatible; bingbot/2.0; +http://www.bing.com/bingbot.htm)"
13.66.139.26 - - [14/Dec/2020:11:06:48 +0100] "GET /images/1399984256374.jpg HTTP/1.1" 200 86396 "-" "Mozilla/5.0 (compatible; bingbot/2.0; +http://www.bing.com/bingbot.htm)"
13.66.139.26 - - [14/Dec/2020:11:07:28 +0100] "GET /images/med_prod/3032164202010.jpg HTTP/1.1" 200 69305 "-" "Mozilla/5.0 (compatible; bingbot/2.0; +http://www.bing.com/bingbot.htm)"
114.119.130.202 - - [14/Dec/2020:11:07:33 +0100] "GET /images/mini_prod/3700516266675.jpg HTTP/1.1" 200 5488 "-" "Mozilla/5.0 (Linux; Android 7.0;) AppleWebKit/537.36 (KHTML, like Gecko) Mobile Safari/537.36 (compatible; PetalBot;+https://aspiegel.com/petalbot)"
157.55.39.82 - - [14/Dec/2020:11:08:23 +0100] "GET /images/big_prod/8718317691966.jpg HTTP/1.1" 200 238145 "-" "Mozilla/5.0 (compatible; bingbot/2.0; +http://www.bing.com/bingbot.htm)"
66.249.70.62 - - [14/Dec/2020:11:09:48 +0100] "GET /images/big_prod/720322284093.jpg HTTP/1.1" 200 61654 "-" "Googlebot-Image/1.0"
13.66.139.26 - - [14/Dec/2020:11:10:09 +0100] "GET /images/D5411217321171.jpg HTTP/1.1" 200 114497 "-" "Mozilla/5.0 (compatible; bingbot/2.0; +http://www.bing.com/bingbot.htm)"
13.66.139.26 - - [14/Dec/2020:11:10:10 +0100] "GET /images/4007176127926.jpg HTTP/1.1" 200 23896 "-" "Mozilla/5.0 (compatible; bingbot/2.0; +http://www.bing.com/bingbot.htm)"
114.119.147.45 - - [14/Dec/2020:11:12:03 +0100] "GET /images/1399984245347.jpg HTTP/1.1" 200 43135 "-" "Mozilla/5.0 (Linux; Android 7.0;) AppleWebKit/537.36 (KHTML, like Gecko) Mobile Safari/537.36 (compatible; PetalBot;+https://aspiegel.com/petalbot)"
13.66.139.65 - - [14/Dec/2020:11:12:12 +0100] "GET /images/3700516205032.jpg HTTP/1.1" 200 100494 "-" "Mozilla/5.0 (compatible; bingbot/2.0; +http://www.bing.com/bingbot.htm)"
13.66.139.65 - - [14/Dec/2020:11:14:22 +0100] "GET /images/big_prod/3503420121333.jpg HTTP/1.1" 200 82084 "-" "Mozilla/5.0 (compatible; bingbot/2.0; +http://www.bing.com/bingbot.htm)"
207.46.13.90 - - [14/Dec/2020:11:16:02 +0100] "GET /images/big_prod/8432699037265.jpg HTTP/1.1" 200 62602 "-" "Mozilla/5.0 (compatible; bingbot/2.0; +http://www.bing.com/bingbot.htm)"
114.119.134.220 - - [14/Dec/2020:11:16:15 +0100] "GET /images/mini_prod/4250255858727.jpg HTTP/1.1" 200 3747 "-" "Mozilla/5.0 (Linux; Android 7.0;) AppleWebKit/537.36 (KHTML, like Gecko) Mobile Safari/537.36 (compatible; PetalBot;+https://aspiegel.com/petalbot)"
13.66.139.26 - - [14/Dec/2020:11:16:39 +0100] "GET /images/8422111018095b2.jpg HTTP/1.1" 200 29259 "-" "Mozilla/5.0 (compatible; bingbot/2.0; +http://www.bing.com/bingbot.htm)"
13.66.139.26 - - [14/Dec/2020:11:16:40 +0100] "GET /images/big_prod/1328399156924.jpg HTTP/1.1" 200 71006 "-" "Mozilla/5.0 (compatible; bingbot/2.0; +http://www.bing.com/bingbot.htm)"
13.66.139.26 - - [14/Dec/2020:11:16:40 +0100] "GET /images/big_prod/8433933897768.jpg HTTP/1.1" 200 51067 "-" "Mozilla/5.0 (compatible; bingbot/2.0; +http://www.bing.com/bingbot.htm)"
207.46.13.49 - - [14/Dec/2020:11:16:44 +0100] "GET /images/big_prod/1345544960069.jpg HTTP/1.1" 200 82581 "-" "Mozilla/5.0 (compatible; bingbot/2.0; +http://www.bing.com/bingbot.htm)"
13.66.139.26 - - [14/Dec/2020:11:17:09 +0100] "GET /images/7316191399889.jpg HTTP/1.1" 200 23955 "-" "Mozilla/5.0 (compatible; bingbot/2.0; +http://www.bing.com/bingbot.htm)"
148.251.120.201 - - [14/Dec/2020:11:17:52 +0100] "GET /robots.txt HTTP/1.1" 200 2438 "-" "Mozilla/5.0 (compatible; MJ12bot/v1.4.8; http://mj12bot.com/)"
207.46.13.175 - - [14/Dec/2020:11:18:10 +0100] "GET /images/8422666661531.jpg HTTP/1.1" 200 24610 "-" "Mozilla/5.0 (compatible; bingbot/2.0; +http://www.bing.com/bingbot.htm)"
13.66.139.65 - - [14/Dec/2020:11:18:15 +0100] "GET /images/big_prod/3503420237294.jpg HTTP/1.1" 200 117776 "-" "Mozilla/5.0 (compatible; bingbot/2.0; +http://www.bing.com/bingbot.htm)"
207.46.13.175 - - [14/Dec/2020:11:20:19 +0100] "GET /images/mini_prod/3700344871775.jpg HTTP/1.1" 200 3056 "-" "Mozilla/5.0 (compatible; bingbot/2.0; +http://www.bing.com/bingbot.htm)"
13.66.139.65 - - [14/Dec/2020:11:20:33 +0100] "GET /images/1399984231074.jpg HTTP/1.1" 200 27350 "-" "Mozilla/5.0 (compatible; bingbot/2.0; +http://www.bing.com/bingbot.htm)"
13.66.139.65 - - [14/Dec/2020:11:20:34 +0100] "GET /images/big_prod_1/3665269069808a.jpg HTTP/1.1" 200 194892 "-" "Mozilla/5.0 (compatible; bingbot/2.0; +http://www.bing.com/bingbot.htm)"
114.119.158.196 - - [14/Dec/2020:11:20:37 +0100] "GET /images/big_prod/5400924062545.jpg HTTP/1.1" 200 79440 "-" "Mozilla/5.0 (Linux; Android 7.0;) AppleWebKit/537.36 (KHTML, like Gecko) Mobile Safari/537.36 (compatible; PetalBot;+https://aspiegel.com/petalbot)"
185.191.171.43 - - [14/Dec/2020:11:23:59 +0100] "GET /robots.txt HTTP/1.1" 200 2438 "-" "Mozilla/5.0 (compatible; SemrushBot/7~bl; +http://www.semrush.com/bot.html)"
13.66.139.26 - - [14/Dec/2020:11:24:11 +0100] "GET /images/big_prod/3700230606399.jpg HTTP/1.1" 200 79835 "-" "Mozilla/5.0 (compatible; bingbot/2.0; +http://www.bing.com/bingbot.htm)"
13.66.139.65 - - [14/Dec/2020:11:24:24 +0100] "GET /images/big_prod/8422011475950.jpg HTTP/1.1" 200 48012 "-" "Mozilla/5.0 (compatible; bingbot/2.0; +http://www.bing.com/bingbot.htm)"
13.66.139.26 - - [14/Dec/2020:11:24:31 +0100] "GET /images/8028501269568.jpg HTTP/1.1" 200 95626 "-" "Mozilla/5.0 (compatible; bingbot/2.0; +http://www.bing.com/bingbot.htm)"
157.55.39.179 - - [14/Dec/2020:11:24:48 +0100] "GET /images/3609810007918.jpg HTTP/1.1" 200 33045 "-" "Mozilla/5.0 (compatible; bingbot/2.0; +http://www.bing.com/bingbot.htm)"
207.46.13.175 - - [14/Dec/2020:11:25:00 +0100] "GET /images/big_prod/3453131146913.jpg HTTP/1.1" 200 45380 "-" "Mozilla/5.0 (compatible; bingbot/2.0; +http://www.bing.com/bingbot.htm)"
157.55.39.184 - - [14/Dec/2020:11:25:06 +0100] "GET /images/3760121797735.jpg HTTP/1.1" 200 202147 "-" "Mozilla/5.0 (compatible; bingbot/2.0; +http://www.bing.com/bingbot.htm)"
157.55.39.184 - - [14/Dec/2020:11:25:07 +0100] "GET /images/big_prod_3/5018997523339C.jpg HTTP/1.1" 200 242193 "-" "Mozilla/5.0 (compatible; bingbot/2.0; +http://www.bing.com/bingbot.htm)"
157.55.39.184 - - [14/Dec/2020:11:25:07 +0100] "GET /images/big_prod/1399108720194NN.jpg HTTP/1.1" 200 263852 "-" "Mozilla/5.0 (compatible; bingbot/2.0; +http://www.bing.com/bingbot.htm)"
157.55.39.184 - - [14/Dec/2020:11:25:08 +0100] "GET /images/3760194999883.jpg HTTP/1.1" 200 22022 "-" "Mozilla/5.0 (compatible; bingbot/2.0; +http://www.bing.com/bingbot.htm)"
157.55.39.184 - - [14/Dec/2020:11:25:08 +0100] "GET /images/big_prod/a3609810090736.jpg HTTP/1.1" 200 325036 "-" "Mozilla/5.0 (compatible; bingbot/2.0; +http://www.bing.com/bingbot.htm)"
157.55.39.184 - - [14/Dec/2020:11:25:09 +0100] "GET /images/big_prod/3700344871782.jpg HTTP/1.1" 200 40713 "-" "Mozilla/5.0 (compatible; bingbot/2.0; +http://www.bing.com/bingbot.htm)"
157.55.39.184 - - [14/Dec/2020:11:25:09 +0100] "GET /images/3521320805313.jpg HTTP/1.1" 200 28910 "-" "Mozilla/5.0 (compatible; bingbot/2.0; +http://www.bing.com/bingbot.htm)"
157.55.39.184 - - [14/Dec/2020:11:25:09 +0100] "GET /images/7601019994750.jpg HTTP/1.1" 200 45994 "-" "Mozilla/5.0 (compatible; bingbot/2.0; +http://www.bing.com/bingbot.htm)"
157.55.39.184 - - [14/Dec/2020:11:25:10 +0100] "GET /images/5018997514559.jpg HTTP/1.1" 200 132889 "-" "Mozilla/5.0 (compatible; bingbot/2.0; +http://www.bing.com/bingbot.htm)"
207.46.13.152 - - [14/Dec/2020:11:25:18 +0100] "GET /images/mini_prod/3453131152051.jpg HTTP/1.1" 200 7517 "-" "Mozilla/5.0 (compatible; bingbot/2.0; +http://www.bing.com/bingbot.htm)"
207.46.13.152 - - [14/Dec/2020:11:25:19 +0100] "GET /images/big_prod/4891320412361.jpg HTTP/1.1" 200 120599 "-" "Mozilla/5.0 (compatible; bingbot/2.0; +http://www.bing.com/bingbot.htm)"
207.46.13.152 - - [14/Dec/2020:11:25:19 +0100] "GET /images/big_prod/3574641038373.jpg HTTP/1.1" 200 137990 "-" "Mozilla/5.0 (compatible; bingbot/2.0; +http://www.bing.com/bingbot.htm)"
157.55.39.184 - - [14/Dec/2020:11:25:23 +0100] "GET /images/070209_191252_PEEL_HyC3YV.jpg HTTP/1.1" 200 39355 "-" "Mozilla/5.0 (compatible; bingbot/2.0; +http://www.bing.com/bingbot.htm)"
66.249.70.33 - - [14/Dec/2020:11:26:57 +0100] "GET /images/4036113221366.jpg HTTP/1.1" 200 43063 "-" "Googlebot-Image/1.0"
207.46.13.90 - - [14/Dec/2020:11:27:54 +0100] "GET /images/5701359690328.jpg HTTP/1.1" 200 36955 "-" "Mozilla/5.0 (compatible; bingbot/2.0; +http://www.bing.com/bingbot.htm)"
207.46.13.90 - - [14/Dec/2020:11:27:54 +0100] "GET /images/big_prod/8904245400088.jpg HTTP/1.1" 200 82706 "-" "Mozilla/5.0 (compatible; bingbot/2.0; +http://www.bing.com/bingbot.htm)"
13.66.139.65 - - [14/Dec/2020:11:28:13 +0100] "GET /images/big_prod_1/028399219049a.jpg HTTP/1.1" 200 63500 "-" "Mozilla/5.0 (compatible; bingbot/2.0; +http://www.bing.com/bingbot.htm)"
207.46.13.49 - - [14/Dec/2020:11:28:25 +0100] "GET /images/mini_prod/84240001443758.jpg HTTP/1.1" 200 6226 "-" "Mozilla/5.0 (compatible; bingbot/2.0; +http://www.bing.com/bingbot.htm)"
13.66.139.26 - - [14/Dec/2020:11:28:30 +0100] "GET /images/big_prod/1384010202760.jpg HTTP/1.1" 200 82892 "-" "Mozilla/5.0 (compatible; bingbot/2.0; +http://www.bing.com/bingbot.htm)"
13.66.139.26 - - [14/Dec/2020:11:28:50 +0100] "GET /images/med_prod/1384010181164.jpg HTTP/1.1" 200 51192 "-" "Mozilla/5.0 (compatible; bingbot/2.0; +http://www.bing.com/bingbot.htm)"
216.244.66.242 - - [14/Dec/2020:11:28:51 +0100] "GET /robots.txt HTTP/1.1" 200 2438 "-" "Mozilla/5.0 (compatible; DotBot/1.1; http://www.opensiteexplorer.org/dotbot, help@moz.com)"
157.55.39.217 - - [14/Dec/2020:11:29:12 +0100] "GET /images/big_prod_1/4029811410309B.jpg HTTP/1.1" 200 57100 "-" "Mozilla/5.0 (compatible; bingbot/2.0; +http://www.bing.com/bingbot.htm)"
114.119.141.146 - - [14/Dec/2020:11:29:21 +0100] "GET /images/mini_prod/3609810048713.jpg HTTP/1.1" 200 7371 "-" "Mozilla/5.0 (Linux; Android 7.0;) AppleWebKit/537.36 (KHTML, like Gecko) Mobile Safari/537.36 (compatible; PetalBot;+https://aspiegel.com/petalbot)"
77.75.79.36 - - [14/Dec/2020:11:29:34 +0100] "GET /robots.txt HTTP/1.1" 200 2438 "-" "Mozilla/5.0 (compatible; SeznamBot/3.2; +http://napoveda.seznam.cz/en/seznambot-intro/)"
13.66.139.26 - - [14/Dec/2020:11:30:11 +0100] "GET /images/big_prod_1/8422010063585B.jpg HTTP/1.1" 200 126731 "-" "Mozilla/5.0 (compatible; bingbot/2.0; +http://www.bing.com/bingbot.htm)"
207.46.13.49 - - [14/Dec/2020:11:30:26 +0100] "GET /images/big_prod/3453131151276.jpg HTTP/1.1" 200 168395 "-" "Mozilla/5.0 (compatible; bingbot/2.0; +http://www.bing.com/bingbot.htm)"
13.66.139.65 - - [14/Dec/2020:11:30:54 +0100] "GET /images/big_prod/4029811375554.jpg HTTP/1.1" 200 60898 "-" "Mozilla/5.0 (compatible; bingbot/2.0; +http://www.bing.com/bingbot.htm)"
13.66.139.65 - - [14/Dec/2020:11:34:05 +0100] "GET /images/big_prod/3503420208157.jpg HTTP/1.1" 200 66770 "-" "Mozilla/5.0 (compatible; bingbot/2.0; +http://www.bing.com/bingbot.htm)"
13.66.139.65 - - [14/Dec/2020:11:34:05 +0100] "GET /images/big_prod/7316197615983.jpg HTTP/1.1" 200 120327 "-" "Mozilla/5.0 (compatible; bingbot/2.0; +http://www.bing.com/bingbot.htm)"
207.46.13.191 - - [14/Dec/2020:11:40:08 +0100] "GET /images/big_prod/3442440281682.jpg HTTP/1.1" 200 156069 "-" "Mozilla/5.0 (compatible; bingbot/2.0; +http://www.bing.com/bingbot.htm)"
207.46.13.175 - - [14/Dec/2020:11:42:02 +0100] "GET /images/big_prod/8424346355587.jpg HTTP/1.1" 200 150820 "-" "Mozilla/5.0 (compatible; bingbot/2.0; +http://www.bing.com/bingbot.htm)"
13.66.139.26 - - [14/Dec/2020:11:43:21 +0100] "GET /images/big_prod/8433933117538.jpg HTTP/1.1" 200 129589 "-" "Mozilla/5.0 (compatible; bingbot/2.0; +http://www.bing.com/bingbot.htm)"
66.249.70.62 - - [14/Dec/2020:11:44:05 +0100] "GET /images/mini_prod/8717318129102.jpg HTTP/1.1" 200 4552 "-" "Googlebot-Image/1.0"
207.46.13.191 - - [14/Dec/2020:11:44:09 +0100] "GET /images/med_prod/1900514908504N.jpg HTTP/1.1" 200 137645 "-" "Mozilla/5.0 (compatible; bingbot/2.0; +http://www.bing.com/bingbot.htm)"
13.66.139.65 - - [14/Dec/2020:11:45:29 +0100] "GET /images/big_prod/5415203904171.jpg HTTP/1.1" 200 67410 "-" "Mozilla/5.0 (compatible; bingbot/2.0; +http://www.bing.com/bingbot.htm)"
157.55.39.184 - - [14/Dec/2020:11:45:45 +0100] "GET /images/med_prod/4012390381146.jpg HTTP/1.1" 200 221310 "-" "Mozilla/5.0 (compatible; bingbot/2.0; +http://www.bing.com/bingbot.htm)"
