157.55.39.179 - - [14/Dec/2020:11:53:09 +0100] "GET /images/big_prod/verity1186747042981.jpg HTTP/1.1" 200 119814 "-" "Mozilla/5.0 (compatible; bingbot/2.0; +http://www.bing.com/bingbot.htm)"
207.46.13.49 - - [14/Dec/2020:11:54:17 +0100] "GET /images/big_prod/1341689379124.jpg HTTP/1.1" 200 118689 "-" "Mozilla/5.0 (compatible; bingbot/2.0; +http://www.bing.com/bingbot.htm)"
157.55.39.179 - - [14/Dec/2020:11:58:02 +0100] "GET /images/big_prod_1/8427133370275N.jpg HTTP/1.1" 200 206208 "-" "Mozilla/5.0 (compatible; bingbot/2.0; +http://www.bing.com/bingbot.htm)"
207.46.13.175 - - [14/Dec/2020:11:59:54 +0100] "GET /images/med_prod/9316188042826.jpg HTTP/1.1" 200 87724 "-" "Mozilla/5.0 (compatible; bingbot/2.0; +http://www.bing.com/bingbot.htm)"
114.119.145.117 - - [14/Dec/2020:11:59:56 +0100] "GET /images/mini_prod/5051276388113.jpg HTTP/1.1" 200 4326 "-" "Mozilla/5.0 (Linux; Android 7.0;) AppleWebKit/537.36 (KHTML, like Gecko) Mobile Safari/537.36 (compatible; PetalBot;+https://aspiegel.com/petalbot)"
207.46.13.175 - - [14/Dec/2020:12:00:24 +0100] "GET /images/med_prod/8435306281037.jpg HTTP/1.1" 200 162331 "-" "Mozilla/5.0 (compatible; bingbot/2.0; +http://www.bing.com/bingbot.htm)"
114.119.151.113 - - [14/Dec/2020:12:04:13 +0100] "GET /images/big_prod_2/8424346352968C.jpg HTTP/1.1" 200 58327 "-" "Mozilla/5.0 (Linux; Android 7.0;) AppleWebKit/537.36 (KHTML, like Gecko) Mobile Safari/537.36 (compatible; PetalBot;+https://aspiegel.com/petalbot)"
13.66.139.26 - - [14/Dec/2020:12:04:55 +0100] "GET /images/big_prod/1341689379131.jpg HTTP/1.1" 200 165351 "-" "Mozilla/5.0 (compatible; bingbot/2.0; +http://www.bing.com/bingbot.htm)"
77.75.79.36 - - [14/Dec/2020:12:10:21 +0100] "GET /robots.txt HTTP/1.1" 200 2438 "-" "Mozilla/5.0 (compatible; SeznamBot/3.2; +http://napoveda.seznam.cz/en/seznambot-intro/)"
66.249.70.62 - - [14/Dec/2020:12:14:33 +0100] "GET /images/big_prod/4036113222264.jpg HTTP/1.1" 200 101173 "-" "Googlebot-Image/1.0"
31.145.64.250 - - [14/Dec/2020:12:18:11 +0100] "GET /templates/Pixame_v1/stylesheet.css HTTP/1.1" 200 56057 "http://www.wonder-geek.com/miracle-tattoos-augmented-reality-p-30664.html" "Mozilla/5.0 (Macintosh; Intel Mac OS X 10_12_6) AppleWebKit/537.36 (KHTML, like Gecko) Chrome/87.0.4280.67 Safari/537.36"
31.145.64.250 - - [14/Dec/2020:12:18:11 +0100] "GET /js/jquery.jqzoom.js HTTP/1.1" 200 4761 "http://www.wonder-geek.com/miracle-tattoos-augmented-reality-p-30664.html" "Mozilla/5.0 (Macintosh; Intel Mac OS X 10_12_6) AppleWebKit/537.36 (KHTML, like Gecko) Chrome/87.0.4280.67 Safari/537.36"
31.145.64.250 - - [14/Dec/2020:12:18:11 +0100] "GET /highslide/highslide.js HTTP/1.1" 200 42909 "http://www.wonder-geek.com/miracle-tattoos-augmented-reality-p-30664.html" "Mozilla/5.0 (Macintosh; Intel Mac OS X 10_12_6) AppleWebKit/537.36 (KHTML, like Gecko) Chrome/87.0.4280.67 Safari/537.36"
31.145.64.250 - - [14/Dec/2020:12:18:11 +0100] "GET /js/jquery.js HTTP/1.1" 200 54075 "http://www.wonder-geek.com/miracle-tattoos-augmented-reality-p-30664.html" "Mozilla/5.0 (Macintosh; Intel Mac OS X 10_12_6) AppleWebKit/537.36 (KHTML, like Gecko) Chrome/87.0.4280.67 Safari/537.36"
31.145.64.250 - - [14/Dec/2020:12:18:11 +0100] "GET /mondial_relay/js/jquery-1.3.2.min.js HTTP/1.1" 200 57254 "http://www.wonder-geek.com/miracle-tattoos-augmented-reality-p-30664.html" "Mozilla/5.0 (Macintosh; Intel Mac OS X 10_12_6) AppleWebKit/537.36 (KHTML, like Gecko) Chrome/87.0.4280.67 Safari/537.36"
31.145.64.250 - - [14/Dec/2020:12:18:11 +0100] "GET /templates/Pixame_v1/images/icon_accueil2.png HTTP/1.1" 200 1137 "http://www.wonder-geek.com/miracle-tattoos-augmented-reality-p-30664.html" "Mozilla/5.0 (Macintosh; Intel Mac OS X 10_12_6) AppleWebKit/537.36 (KHTML, like Gecko) Chrome/87.0.4280.67 Safari/537.36"
31.145.64.250 - - [14/Dec/2020:12:18:11 +0100] "GET /templates/Pixame_v1/images/buttons/english/button_in_cart.gif HTTP/1.1" 200 1212 "http://www.wonder-geek.com/miracle-tattoos-augmented-reality-p-30664.html" "Mozilla/5.0 (Macintosh; Intel Mac OS X 10_12_6) AppleWebKit/537.36 (KHTML, like Gecko) Chrome/87.0.4280.67 Safari/537.36"
31.145.64.250 - - [14/Dec/2020:12:18:11 +0100] "GET /templates/Pixame_v1/images/nav.png HTTP/1.1" 200 1283 "http://www.wonder-geek.com/templates/Pixame_v1/stylesheet.css" "Mozilla/5.0 (Macintosh; Intel Mac OS X 10_12_6) AppleWebKit/537.36 (KHTML, like Gecko) Chrome/87.0.4280.67 Safari/537.36"
31.145.64.250 - - [14/Dec/2020:12:18:11 +0100] "GET /templates/Pixame_v1/images/Bottom_texture.jpg HTTP/1.1" 200 56290 "http://www.wonder-geek.com/templates/Pixame_v1/stylesheet.css" "Mozilla/5.0 (Macintosh; Intel Mac OS X 10_12_6) AppleWebKit/537.36 (KHTML, like Gecko) Chrome/87.0.4280.67 Safari/537.36"
31.145.64.250 - - [14/Dec/2020:12:18:11 +0100] "GET /templates/Pixame_v1/images/header.png HTTP/1.1" 200 70245 "http://www.wonder-geek.com/templates/Pixame_v1/stylesheet.css" "Mozilla/5.0 (Macintosh; Intel Mac OS X 10_12_6) AppleWebKit/537.36 (KHTML, like Gecko) Chrome/87.0.4280.67 Safari/537.36"
31.145.64.250 - - [14/Dec/2020:12:18:11 +0100] "GET /design/productsenstock.png HTTP/1.1" 200 4743 "http://www.wonder-geek.com/templates/Pixame_v1/stylesheet.css" "Mozilla/5.0 (Macintosh; Intel Mac OS X 10_12_6) AppleWebKit/537.36 (KHTML, like Gecko) Chrome/87.0.4280.67 Safari/537.36"
31.145.64.250 - - [14/Dec/2020:12:18:11 +0100] "GET /images/med_prod/5060275045255.jpg HTTP/1.1" 200 155390 "http://www.wonder-geek.com/miracle-tattoos-augmented-reality-p-30664.html" "Mozilla/5.0 (Macintosh; Intel Mac OS X 10_12_6) AppleWebKit/537.36 (KHTML, like Gecko) Chrome/87.0.4280.67 Safari/537.36"
31.145.64.250 - - [14/Dec/2020:12:18:11 +0100] "GET /templates/Pixame_v1/images/header-object.png HTTP/1.1" 200 106050 "http://www.wonder-geek.com/templates/Pixame_v1/stylesheet.css" "Mozilla/5.0 (Macintosh; Intel Mac OS X 10_12_6) AppleWebKit/537.36 (KHTML, like Gecko) Chrome/87.0.4280.67 Safari/537.36"
31.145.64.250 - - [14/Dec/2020:12:18:11 +0100] "GET /templates/Pixame_v1/images/Middle_texture.jpg HTTP/1.1" 200 249620 "http://www.wonder-geek.com/templates/Pixame_v1/stylesheet.css" "Mozilla/5.0 (Macintosh; Intel Mac OS X 10_12_6) AppleWebKit/537.36 (KHTML, like Gecko) Chrome/87.0.4280.67 Safari/537.36"
31.145.64.250 - - [14/Dec/2020:12:18:12 +0100] "GET /highslide/graphics/outlines/drop-shadow.png HTTP/1.1" 200 2022 "http://www.wonder-geek.com/miracle-tattoos-augmented-reality-p-30664.html" "Mozilla/5.0 (Macintosh; Intel Mac OS X 10_12_6) AppleWebKit/537.36 (KHTML, like Gecko) Chrome/87.0.4280.67 Safari/537.36"
31.145.64.250 - - [14/Dec/2020:12:18:12 +0100] "GET /favicon.ico HTTP/1.1" 200 1591 "http://www.wonder-geek.com/miracle-tattoos-augmented-reality-p-30664.html" "Mozilla/5.0 (Macintosh; Intel Mac OS X 10_12_6) AppleWebKit/537.36 (KHTML, like Gecko) Chrome/87.0.4280.67 Safari/537.36"
207.46.13.90 - - [14/Dec/2020:12:19:19 +0100] "GET /images/big_prod/3609810037779.jpg HTTP/1.1" 200 47085 "-" "Mozilla/5.0 (compatible; bingbot/2.0; +http://www.bing.com/bingbot.htm)"
207.46.13.152 - - [14/Dec/2020:12:19:28 +0100] "GET /images/3453131117418.jpg HTTP/1.1" 200 103686 "-" "Mozilla/5.0 (compatible; bingbot/2.0; +http://www.bing.com/bingbot.htm)"
207.46.13.152 - - [14/Dec/2020:12:19:29 +0100] "GET /images/big_prod/5018997632130.jpg HTTP/1.1" 200 60372 "-" "Mozilla/5.0 (compatible; bingbot/2.0; +http://www.bing.com/bingbot.htm)"
207.46.13.152 - - [14/Dec/2020:12:19:55 +0100] "GET /images/big_prod/8422096017618.jpg HTTP/1.1" 200 110371 "-" "Mozilla/5.0 (compatible; bingbot/2.0; +http://www.bing.com/bingbot.htm)"
216.244.66.242 - - [14/Dec/2020:12:20:39 +0100] "GET /robots.txt HTTP/1.1" 200 2438 "-" "Mozilla/5.0 (compatible; DotBot/1.1; http://www.opensiteexplorer.org/dotbot, help@moz.com)"
157.55.39.179 - - [14/Dec/2020:12:21:03 +0100] "GET /images/TBOB51SHNOIRb.jpg HTTP/1.1" 200 23311 "-" "Mozilla/5.0 (compatible; bingbot/2.0; +http://www.bing.com/bingbot.htm)"
207.46.13.90 - - [14/Dec/2020:12:22:29 +0100] "GET /images/med_prod/1300010240663.jpg HTTP/1.1" 200 183301 "-" "Mozilla/5.0 (compatible; bingbot/2.0; +http://www.bing.com/bingbot.htm)"
66.249.70.33 - - [14/Dec/2020:12:24:07 +0100] "GET /images/mini_prod/3660173151403.jpg HTTP/1.1" 200 4078 "-" "Googlebot-Image/1.0"
157.55.39.217 - - [14/Dec/2020:12:29:07 +0100] "GET /images/big_prod/1300000022569.jpg HTTP/1.1" 200 116605 "-" "Mozilla/5.0 (compatible; bingbot/2.0; +http://www.bing.com/bingbot.htm)"
157.55.39.184 - - [14/Dec/2020:12:30:16 +0100] "GET /images/big_prod/3453131129695.jpg HTTP/1.1" 200 91786 "-" "Mozilla/5.0 (compatible; bingbot/2.0; +http://www.bing.com/bingbot.htm)"
114.119.132.105 - - [14/Dec/2020:12:30:32 +0100] "GET /images/mini_prod/3612872115071.jpg HTTP/1.1" 200 7284 "-" "Mozilla/5.0 (Linux; Android 7.0;) AppleWebKit/537.36 (KHTML, like Gecko) Mobile Safari/537.36 (compatible; PetalBot;+https://aspiegel.com/petalbot)"
144.76.200.68 - - [14/Dec/2020:12:32:16 +0100] "GET /robots.txt HTTP/1.1" 200 2438 "-" "Mozilla/5.0 (compatible; MJ12bot/v1.4.8; http://mj12bot.com/)"
157.55.39.179 - - [14/Dec/2020:12:32:55 +0100] "GET /images/4027950.jpg HTTP/1.1" 200 39594 "-" "Mozilla/5.0 (compatible; bingbot/2.0; +http://www.bing.com/bingbot.htm)"
62.210.188.222 - - [14/Dec/2020:12:37:40 +0100] "GET /robots.txt HTTP/1.1" 200 2438 "-" "Mozilla/5.0 (compatible; Barkrowler/0.9; +https://babbar.tech/crawler)"
207.46.13.90 - - [14/Dec/2020:12:38:21 +0100] "GET /images/med_prod/4007176130506.jpg HTTP/1.1" 200 74487 "-" "Mozilla/5.0 (compatible; bingbot/2.0; +http://www.bing.com/bingbot.htm)"
185.191.171.9 - - [14/Dec/2020:12:40:43 +0100] "GET /robots.txt HTTP/1.1" 200 2438 "-" "Mozilla/5.0 (compatible; SemrushBot/7~bl; +http://www.semrush.com/bot.html)"
157.55.39.217 - - [14/Dec/2020:12:42:00 +0100] "GET /images/3521320703589.jpg HTTP/1.1" 200 76545 "-" "Mozilla/5.0 (compatible; bingbot/2.0; +http://www.bing.com/bingbot.htm)"
177.39.96.180 - - [14/Dec/2020:12:42:11 +0100] "GET /templates/Pixame_v1/stylesheet.css HTTP/1.1" 200 56057 "http://www.wonder-geek.com/login.php" "Mozilla/5.0 (Windows NT 10.0; Win64; x64) AppleWebKit/537.36 (KHTML, like Gecko) Chrome/87.0.4280.88 Safari/537.36"
177.39.96.180 - - [14/Dec/2020:12:42:11 +0100] "GET /js/jquery.jqzoom.js HTTP/1.1" 200 4761 "http://www.wonder-geek.com/login.php" "Mozilla/5.0 (Windows NT 10.0; Win64; x64) AppleWebKit/537.36 (KHTML, like Gecko) Chrome/87.0.4280.88 Safari/537.36"
177.39.96.180 - - [14/Dec/2020:12:42:11 +0100] "GET /mondial_relay/js/jquery-1.3.2.min.js HTTP/1.1" 200 57254 "http://www.wonder-geek.com/login.php" "Mozilla/5.0 (Windows NT 10.0; Win64; x64) AppleWebKit/537.36 (KHTML, like Gecko) Chrome/87.0.4280.88 Safari/537.36"
177.39.96.180 - - [14/Dec/2020:12:42:11 +0100] "GET /highslide/highslide.js HTTP/1.1" 200 42909 "http://www.wonder-geek.com/login.php" "Mozilla/5.0 (Windows NT 10.0; Win64; x64) AppleWebKit/537.36 (KHTML, like Gecko) Chrome/87.0.4280.88 Safari/537.36"
177.39.96.180 - - [14/Dec/2020:12:42:12 +0100] "GET /templates/Pixame_v1/images/icon_accueil2.png HTTP/1.1" 200 1137 "http://www.wonder-geek.com/login.php" "Mozilla/5.0 (Windows NT 10.0; Win64; x64) AppleWebKit/537.36 (KHTML, like Gecko) Chrome/87.0.4280.88 Safari/537.36"
177.39.96.180 - - [14/Dec/2020:12:42:12 +0100] "GET /js/jquery.js HTTP/1.1" 200 54075 "http://www.wonder-geek.com/login.php" "Mozilla/5.0 (Windows NT 10.0; Win64; x64) AppleWebKit/537.36 (KHTML, like Gecko) Chrome/87.0.4280.88 Safari/537.36"
177.39.96.180 - - [14/Dec/2020:12:42:13 +0100] "GET /templates/Pixame_v1/images/buttons/english/button_create_account.gif HTTP/1.1" 200 1232 "http://www.wonder-geek.com/login.php" "Mozilla/5.0 (Windows NT 10.0; Win64; x64) AppleWebKit/537.36 (KHTML, like Gecko) Chrome/87.0.4280.88 Safari/537.36"
177.39.96.180 - - [14/Dec/2020:12:42:13 +0100] "GET /templates/Pixame_v1/images/nav.png HTTP/1.1" 200 1283 "http://www.wonder-geek.com/templates/Pixame_v1/stylesheet.css" "Mozilla/5.0 (Windows NT 10.0; Win64; x64) AppleWebKit/537.36 (KHTML, like Gecko) Chrome/87.0.4280.88 Safari/537.36"
177.39.96.180 - - [14/Dec/2020:12:42:14 +0100] "GET /templates/Pixame_v1/images/Bottom_texture.jpg HTTP/1.1" 200 56290 "http://www.wonder-geek.com/templates/Pixame_v1/stylesheet.css" "Mozilla/5.0 (Windows NT 10.0; Win64; x64) AppleWebKit/537.36 (KHTML, like Gecko) Chrome/87.0.4280.88 Safari/537.36"
177.39.96.180 - - [14/Dec/2020:12:42:14 +0100] "GET /templates/Pixame_v1/images/Middle_texture.jpg HTTP/1.1" 200 249620 "http://www.wonder-geek.com/templates/Pixame_v1/stylesheet.css" "Mozilla/5.0 (Windows NT 10.0; Win64; x64) AppleWebKit/537.36 (KHTML, like Gecko) Chrome/87.0.4280.88 Safari/537.36"
177.39.96.180 - - [14/Dec/2020:12:42:14 +0100] "GET /templates/Pixame_v1/images/header-object.png HTTP/1.1" 200 106050 "http://www.wonder-geek.com/templates/Pixame_v1/stylesheet.css" "Mozilla/5.0 (Windows NT 10.0; Win64; x64) AppleWebKit/537.36 (KHTML, like Gecko) Chrome/87.0.4280.88 Safari/537.36"
177.39.96.180 - - [14/Dec/2020:12:42:15 +0100] "GET /templates/Pixame_v1/images/header.png HTTP/1.1" 200 70245 "http://www.wonder-geek.com/templates/Pixame_v1/stylesheet.css" "Mozilla/5.0 (Windows NT 10.0; Win64; x64) AppleWebKit/537.36 (KHTML, like Gecko) Chrome/87.0.4280.88 Safari/537.36"
177.39.96.180 - - [14/Dec/2020:12:42:16 +0100] "GET /highslide/graphics/outlines/drop-shadow.png HTTP/1.1" 200 2022 "http://www.wonder-geek.com/login.php" "Mozilla/5.0 (Windows NT 10.0; Win64; x64) AppleWebKit/537.36 (KHTML, like Gecko) Chrome/87.0.4280.88 Safari/537.36"
177.39.96.180 - - [14/Dec/2020:12:42:34 +0100] "GET /images/arrow_south_east.gif HTTP/1.1" 200 2779 "http://www.wonder-geek.com/account.php" "Mozilla/5.0 (Windows NT 10.0; Win64; x64) AppleWebKit/537.36 (KHTML, like Gecko) Chrome/87.0.4280.88 Safari/537.36"
177.39.96.180 - - [14/Dec/2020:12:42:34 +0100] "GET /images/account_personal.gif HTTP/1.1" 200 3627 "http://www.wonder-geek.com/account.php" "Mozilla/5.0 (Windows NT 10.0; Win64; x64) AppleWebKit/537.36 (KHTML, like Gecko) Chrome/87.0.4280.88 Safari/537.36"
177.39.96.180 - - [14/Dec/2020:12:42:34 +0100] "GET /images/account_orders.gif HTTP/1.1" 200 3427 "http://www.wonder-geek.com/account.php" "Mozilla/5.0 (Windows NT 10.0; Win64; x64) AppleWebKit/537.36 (KHTML, like Gecko) Chrome/87.0.4280.88 Safari/537.36"
177.39.96.180 - - [14/Dec/2020:12:42:34 +0100] "GET /images/account_notifications.gif HTTP/1.1" 200 3551 "http://www.wonder-geek.com/account.php" "Mozilla/5.0 (Windows NT 10.0; Win64; x64) AppleWebKit/537.36 (KHTML, like Gecko) Chrome/87.0.4280.88 Safari/537.36"
177.39.96.180 - - [14/Dec/2020:12:42:34 +0100] "GET /design/productsenstock.png HTTP/1.1" 200 4743 "http://www.wonder-geek.com/templates/Pixame_v1/stylesheet.css" "Mozilla/5.0 (Windows NT 10.0; Win64; x64) AppleWebKit/537.36 (KHTML, like Gecko) Chrome/87.0.4280.88 Safari/537.36"
177.39.96.180 - - [14/Dec/2020:12:42:40 +0100] "GET /templates/Pixame_v1/images/buttons/english/button_printorder.gif HTTP/1.1" 200 1114 "http://www.wonder-geek.com/account_history_info.php?order_id=670" "Mozilla/5.0 (Windows NT 10.0; Win64; x64) AppleWebKit/537.36 (KHTML, like Gecko) Chrome/87.0.4280.88 Safari/537.36"
207.46.13.152 - - [14/Dec/2020:12:51:09 +0100] "GET /images/mini_prod/8433933141342.jpg HTTP/1.1" 200 6384 "-" "Mozilla/5.0 (compatible; bingbot/2.0; +http://www.bing.com/bingbot.htm)"
207.46.13.191 - - [14/Dec/2020:12:51:15 +0100] "GET /images/1345544565653.jpg HTTP/1.1" 200 77168 "-" "Mozilla/5.0 (compatible; bingbot/2.0; +http://www.bing.com/bingbot.htm)"
114.119.150.15 - - [14/Dec/2020:12:52:19 +0100] "GET /images/big_prod_1/8424001602643B.jpg HTTP/1.1" 200 367929 "-" "Mozilla/5.0 (Linux; Android 7.0;) AppleWebKit/537.36 (KHTML, like Gecko) Mobile Safari/537.36 (compatible; PetalBot;+https://aspiegel.com/petalbot)"
207.46.13.90 - - [14/Dec/2020:12:58:47 +0100] "GET /images/big_prod/rayeparme.jpg HTTP/1.1" 200 91184 "-" "Mozilla/5.0 (compatible; bingbot/2.0; +http://www.bing.com/bingbot.htm)"
207.46.13.49 - - [14/Dec/2020:13:03:35 +0100] "GET /images/big_prod/B1399985100911BB.jpg HTTP/1.1" 200 91133 "-" "Mozilla/5.0 (compatible; bingbot/2.0; +http://www.bing.com/bingbot.htm)"
207.46.13.175 - - [14/Dec/2020:13:04:10 +0100] "GET /images/3438100338964.jpg HTTP/1.1" 200 35156 "-" "Mozilla/5.0 (compatible; bingbot/2.0; +http://www.bing.com/bingbot.htm)"
207.46.13.49 - - [14/Dec/2020:13:04:16 +0100] "GET /images/med_prod/N1384010176153N.jpg HTTP/1.1" 200 76146 "-" "Mozilla/5.0 (compatible; bingbot/2.0; +http://www.bing.com/bingbot.htm)"
207.46.13.49 - - [14/Dec/2020:13:05:25 +0100] "GET /images/med_prod/3296580235551.jpg HTTP/1.1" 200 138860 "-" "Mozilla/5.0 (compatible; bingbot/2.0; +http://www.bing.com/bingbot.htm)"
157.55.39.179 - - [14/Dec/2020:13:07:20 +0100] "GET /images/big_prod/1905279107858.jpg HTTP/1.1" 200 218578 "-" "Mozilla/5.0 (compatible; bingbot/2.0; +http://www.bing.com/bingbot.htm)"
207.46.13.191 - - [14/Dec/2020:13:10:18 +0100] "GET /images/1399984259825.jpg HTTP/1.1" 200 107868 "-" "Mozilla/5.0 (compatible; bingbot/2.0; +http://www.bing.com/bingbot.htm)"
207.46.13.175 - - [14/Dec/2020:13:11:30 +0100] "GET /images/5411854136589.jpg HTTP/1.1" 200 32098 "-" "Mozilla/5.0 (compatible; bingbot/2.0; +http://www.bing.com/bingbot.htm)"
216.244.66.242 - - [14/Dec/2020:13:11:41 +0100] "GET /robots.txt HTTP/1.1" 200 2438 "-" "Mozilla/5.0 (compatible; DotBot/1.1; http://www.opensiteexplorer.org/dotbot, help@moz.com)"
207.46.13.49 - - [14/Dec/2020:13:13:26 +0100] "GET /images/big_prod/3453131144940.jpg HTTP/1.1" 200 153664 "-" "Mozilla/5.0 (compatible; bingbot/2.0; +http://www.bing.com/bingbot.htm)"
207.46.13.152 - - [14/Dec/2020:13:14:43 +0100] "GET /images/8430957084426.jpg HTTP/1.1" 200 82195 "-" "Mozilla/5.0 (compatible; bingbot/2.0; +http://www.bing.com/bingbot.htm)"
207.46.13.191 - - [14/Dec/2020:13:15:29 +0100] "GET /images/big_prod/3609810090118.jpg HTTP/1.1" 200 225341 "-" "Mozilla/5.0 (compatible; bingbot/2.0; +http://www.bing.com/bingbot.htm)"
207.46.13.191 - - [14/Dec/2020:13:15:29 +0100] "GET /images/big_prod_3/9316188082167c.jpg HTTP/1.1" 200 78522 "-" "Mozilla/5.0 (compatible; bingbot/2.0; +http://www.bing.com/bingbot.htm)"
207.46.13.152 - - [14/Dec/2020:13:16:11 +0100] "GET /images/med_prod/3453131045421.jpg HTTP/1.1" 200 51790 "-" "Mozilla/5.0 (compatible; bingbot/2.0; +http://www.bing.com/bingbot.htm)"
49.199.126.133 - - [14/Dec/2020:13:16:43 +0100] "GET /templates/Pixame_v1/stylesheet.css HTTP/1.1" 200 56057 "http://www.wonder-geek.com/beautiful-babushka-by-kimmidoll-black-notebook-p-33221.html" "Mozilla/5.0 (iPhone; CPU iPhone OS 14_2 like Mac OS X) AppleWebKit/605.1.15 (KHTML, like Gecko) Version/14.0.1 Mobile/15E148 Safari/604.1"
49.199.126.133 - - [14/Dec/2020:13:16:43 +0100] "GET /highslide/highslide.js HTTP/1.1" 200 42909 "http://www.wonder-geek.com/beautiful-babushka-by-kimmidoll-black-notebook-p-33221.html" "Mozilla/5.0 (iPhone; CPU iPhone OS 14_2 like Mac OS X) AppleWebKit/605.1.15 (KHTML, like Gecko) Version/14.0.1 Mobile/15E148 Safari/604.1"
49.199.126.133 - - [14/Dec/2020:13:16:44 +0100] "GET /js/jquery.js HTTP/1.1" 200 54075 "http://www.wonder-geek.com/beautiful-babushka-by-kimmidoll-black-notebook-p-33221.html" "Mozilla/5.0 (iPhone; CPU iPhone OS 14_2 like Mac OS X) AppleWebKit/605.1.15 (KHTML, like Gecko) Version/14.0.1 Mobile/15E148 Safari/604.1"
49.199.126.133 - - [14/Dec/2020:13:16:44 +0100] "GET /js/jquery.jqzoom.js HTTP/1.1" 200 4761 "http://www.wonder-geek.com/beautiful-babushka-by-kimmidoll-black-notebook-p-33221.html" "Mozilla/5.0 (iPhone; CPU iPhone OS 14_2 like Mac OS X) AppleWebKit/605.1.15 (KHTML, like Gecko) Version/14.0.1 Mobile/15E148 Safari/604.1"
49.199.126.133 - - [14/Dec/2020:13:16:44 +0100] "GET /mondial_relay/js/jquery-1.3.2.min.js HTTP/1.1" 200 57254 "http://www.wonder-geek.com/beautiful-babushka-by-kimmidoll-black-notebook-p-33221.html" "Mozilla/5.0 (iPhone; CPU iPhone OS 14_2 like Mac OS X) AppleWebKit/605.1.15 (KHTML, like Gecko) Version/14.0.1 Mobile/15E148 Safari/604.1"
49.199.126.133 - - [14/Dec/2020:13:16:44 +0100] "GET /templates/Pixame_v1/images/icon_accueil2.png HTTP/1.1" 200 1137 "http://www.wonder-geek.com/beautiful-babushka-by-kimmidoll-black-notebook-p-33221.html" "Mozilla/5.0 (iPhone; CPU iPhone OS 14_2 like Mac OS X) AppleWebKit/605.1.15 (KHTML, like Gecko) Version/14.0.1 Mobile/15E148 Safari/604.1"
49.199.126.133 - - [14/Dec/2020:13:16:45 +0100] "GET /templates/Pixame_v1/images/buttons/english/button_in_cart.gif HTTP/1.1" 200 1212 "http://www.wonder-geek.com/beautiful-babushka-by-kimmidoll-black-notebook-p-33221.html" "Mozilla/5.0 (iPhone; CPU iPhone OS 14_2 like Mac OS X) AppleWebKit/605.1.15 (KHTML, like Gecko) Version/14.0.1 Mobile/15E148 Safari/604.1"
49.199.126.133 - - [14/Dec/2020:13:16:45 +0100] "GET /templates/Pixame_v1/images/nav.png HTTP/1.1" 200 1283 "http://www.wonder-geek.com/beautiful-babushka-by-kimmidoll-black-notebook-p-33221.html" "Mozilla/5.0 (iPhone; CPU iPhone OS 14_2 like Mac OS X) AppleWebKit/605.1.15 (KHTML, like Gecko) Version/14.0.1 Mobile/15E148 Safari/604.1"
49.199.126.133 - - [14/Dec/2020:13:16:46 +0100] "GET /templates/Pixame_v1/images/Bottom_texture.jpg HTTP/1.1" 200 56290 "http://www.wonder-geek.com/beautiful-babushka-by-kimmidoll-black-notebook-p-33221.html" "Mozilla/5.0 (iPhone; CPU iPhone OS 14_2 like Mac OS X) AppleWebKit/605.1.15 (KHTML, like Gecko) Version/14.0.1 Mobile/15E148 Safari/604.1"
49.199.126.133 - - [14/Dec/2020:13:16:46 +0100] "GET /images/med_prod/9316188061919.jpg HTTP/1.1" 200 168934 "http://www.wonder-geek.com/beautiful-babushka-by-kimmidoll-black-notebook-p-33221.html" "Mozilla/5.0 (iPhone; CPU iPhone OS 14_2 like Mac OS X) AppleWebKit/605.1.15 (KHTML, like Gecko) Version/14.0.1 Mobile/15E148 Safari/604.1"
49.199.126.133 - - [14/Dec/2020:13:16:46 +0100] "GET /templates/Pixame_v1/images/header.png HTTP/1.1" 200 70245 "http://www.wonder-geek.com/beautiful-babushka-by-kimmidoll-black-notebook-p-33221.html" "Mozilla/5.0 (iPhone; CPU iPhone OS 14_2 like Mac OS X) AppleWebKit/605.1.15 (KHTML, like Gecko) Version/14.0.1 Mobile/15E148 Safari/604.1"
49.199.126.133 - - [14/Dec/2020:13:16:47 +0100] "GET /templates/Pixame_v1/images/header-object.png HTTP/1.1" 200 86676 "http://www.wonder-geek.com/beautiful-babushka-by-kimmidoll-black-notebook-p-33221.html" "Mozilla/5.0 (iPhone; CPU iPhone OS 14_2 like Mac OS X) AppleWebKit/605.1.15 (KHTML, like Gecko) Version/14.0.1 Mobile/15E148 Safari/604.1"
49.199.126.133 - - [14/Dec/2020:13:16:47 +0100] "GET /templates/Pixame_v1/images/Middle_texture.jpg HTTP/1.1" 200 199914 "http://www.wonder-geek.com/beautiful-babushka-by-kimmidoll-black-notebook-p-33221.html" "Mozilla/5.0 (iPhone; CPU iPhone OS 14_2 like Mac OS X) AppleWebKit/605.1.15 (KHTML, like Gecko) Version/14.0.1 Mobile/15E148 Safari/604.1"
207.46.13.90 - - [14/Dec/2020:13:17:24 +0100] "GET /images/3700791210028.jpg HTTP/1.1" 200 155328 "-" "Mozilla/5.0 (compatible; bingbot/2.0; +http://www.bing.com/bingbot.htm)"
207.46.13.191 - - [14/Dec/2020:13:19:11 +0100] "GET /images/big_prod/3560600312158.jpg HTTP/1.1" 200 73295 "-" "Mozilla/5.0 (compatible; bingbot/2.0; +http://www.bing.com/bingbot.htm)"
207.46.13.191 - - [14/Dec/2020:13:20:30 +0100] "GET /images/big_prod/3565750258837.jpg HTTP/1.1" 200 87220 "-" "Mozilla/5.0 (compatible; bingbot/2.0; +http://www.bing.com/bingbot.htm)"
207.46.13.191 - - [14/Dec/2020:13:20:30 +0100] "GET /images/3281640321329.jpg HTTP/1.1" 200 17676 "-" "Mozilla/5.0 (compatible; bingbot/2.0; +http://www.bing.com/bingbot.htm)"
207.46.13.175 - - [14/Dec/2020:13:20:52 +0100] "GET /images/big_prod/7316197616027.jpg HTTP/1.1" 200 135646 "-" "Mozilla/5.0 (compatible; bingbot/2.0; +http://www.bing.com/bingbot.htm)"
207.46.13.152 - - [14/Dec/2020:13:21:12 +0100] "GET /images/big_prod/1384010205259.jpg HTTP/1.1" 200 42019 "-" "Mozilla/5.0 (compatible; bingbot/2.0; +http://www.bing.com/bingbot.htm)"
157.55.39.217 - - [14/Dec/2020:13:21:53 +0100] "GET /images/big_prod/1384010202784.jpg HTTP/1.1" 200 95337 "-" "Mozilla/5.0 (compatible; bingbot/2.0; +http://www.bing.com/bingbot.htm)"
207.46.13.49 - - [14/Dec/2020:13:21:57 +0100] "GET /images/big_prod_1/b5018997628225.jpg HTTP/1.1" 200 93939 "-" "Mozilla/5.0 (compatible; bingbot/2.0; +http://www.bing.com/bingbot.htm)"
207.46.13.152 - - [14/Dec/2020:13:24:13 +0100] "GET /images/med_prod/4036113830230.jpg HTTP/1.1" 200 174745 "-" "Mozilla/5.0 (compatible; bingbot/2.0; +http://www.bing.com/bingbot.htm)"
157.55.39.217 - - [14/Dec/2020:13:24:23 +0100] "GET /images/DSCN4699.jpg HTTP/1.1" 200 45719 "-" "Mozilla/5.0 (compatible; bingbot/2.0; +http://www.bing.com/bingbot.htm)"
157.55.39.179 - - [14/Dec/2020:13:25:21 +0100] "GET /images/big_prod/8420084800235.jpg HTTP/1.1" 200 41185 "-" "Mozilla/5.0 (compatible; bingbot/2.0; +http://www.bing.com/bingbot.htm)"
207.46.13.90 - - [14/Dec/2020:13:29:24 +0100] "GET /images/big_prod/3281640423009.jpg HTTP/1.1" 200 150734 "-" "Mozilla/5.0 (compatible; bingbot/2.0; +http://www.bing.com/bingbot.htm)"
73.30.35.111 - - [14/Dec/2020:13:29:27 +0100] "GET /images/8006180204155.jpg HTTP/1.1" 200 127639 "-" "Mozilla/4.0 (compatible; ms-office; MSOffice 16)"
207.46.13.49 - - [14/Dec/2020:13:29:28 +0100] "GET /images/big_prod_2/1328399219575b.jpg HTTP/1.1" 200 78296 "-" "Mozilla/5.0 (compatible; bingbot/2.0; +http://www.bing.com/bingbot.htm)"
77.75.76.167 - - [14/Dec/2020:13:30:04 +0100] "GET /robots.txt HTTP/1.1" 200 2438 "-" "Mozilla/5.0 (compatible; SeznamBot/3.2; +http://napoveda.seznam.cz/en/seznambot-intro/)"
77.75.76.167 - - [14/Dec/2020:13:30:06 +0100] "GET /images/big_prod_3/8424346519729D.jpg HTTP/1.1" 200 178524 "-" "Mozilla/5.0 (compatible; SeznamBot/3.2; +http://napoveda.seznam.cz/en/seznambot-intro/)"
207.46.13.90 - - [14/Dec/2020:13:34:05 +0100] "GET /images/big_prod/3453131151443.jpg HTTP/1.1" 200 186516 "-" "Mozilla/5.0 (compatible; bingbot/2.0; +http://www.bing.com/bingbot.htm)"
192.99.4.140 - - [14/Dec/2020:13:36:42 +0100] "GET /robots.txt HTTP/1.1" 200 2438 "-" "Mozilla/5.0 (compatible; MJ12bot/v1.4.8; http://mj12bot.com/)"
207.46.13.152 - - [14/Dec/2020:13:40:02 +0100] "GET /images/4010070115104.jpg HTTP/1.1" 200 39017 "-" "Mozilla/5.0 (compatible; bingbot/2.0; +http://www.bing.com/bingbot.htm)"
207.46.13.175 - - [14/Dec/2020:13:41:14 +0100] "GET /images/big_prod/3453131151290.jpg HTTP/1.1" 200 158707 "-" "Mozilla/5.0 (compatible; bingbot/2.0; +http://www.bing.com/bingbot.htm)"
207.46.13.90 - - [14/Dec/2020:13:44:34 +0100] "GET /images/841219323239703172012.jpg HTTP/1.1" 200 33774 "-" "Mozilla/5.0 (compatible; bingbot/2.0; +http://www.bing.com/bingbot.htm)"
66.249.70.62 - - [14/Dec/2020:13:45:03 +0100] "GET /robots.txt HTTP/1.1" 200 2438 "-" "Mozilla/5.0 (compatible; Googlebot/2.1; +http://www.google.com/bot.html)"
207.46.13.90 - - [14/Dec/2020:13:48:14 +0100] "GET /images/big_prod/1341689712303.jpg HTTP/1.1" 200 87228 "-" "Mozilla/5.0 (compatible; bingbot/2.0; +http://www.bing.com/bingbot.htm)"
31.145.64.250 - - [14/Dec/2020:13:51:27 +0100] "GET /templates/Pixame_v1/stylesheet.css HTTP/1.1" 200 56057 "http://www.wonder-geek.com/miracle-tattoos-augmented-reality-p-30664.html" "Mozilla/5.0 (Macintosh; Intel Mac OS X 10_12_6) AppleWebKit/537.36 (KHTML, like Gecko) Chrome/87.0.4280.67 Safari/537.36"
31.145.64.250 - - [14/Dec/2020:13:51:27 +0100] "GET /js/jquery.jqzoom.js HTTP/1.1" 200 4761 "http://www.wonder-geek.com/miracle-tattoos-augmented-reality-p-30664.html" "Mozilla/5.0 (Macintosh; Intel Mac OS X 10_12_6) AppleWebKit/537.36 (KHTML, like Gecko) Chrome/87.0.4280.67 Safari/537.36"
31.145.64.250 - - [14/Dec/2020:13:51:27 +0100] "GET /highslide/highslide.js HTTP/1.1" 200 42909 "http://www.wonder-geek.com/miracle-tattoos-augmented-reality-p-30664.html" "Mozilla/5.0 (Macintosh; Intel Mac OS X 10_12_6) AppleWebKit/537.36 (KHTML, like Gecko) Chrome/87.0.4280.67 Safari/537.36"
31.145.64.250 - - [14/Dec/2020:13:51:27 +0100] "GET /mondial_relay/js/jquery-1.3.2.min.js HTTP/1.1" 200 57254 "http://www.wonder-geek.com/miracle-tattoos-augmented-reality-p-30664.html" "Mozilla/5.0 (Macintosh; Intel Mac OS X 10_12_6) AppleWebKit/537.36 (KHTML, like Gecko) Chrome/87.0.4280.67 Safari/537.36"
31.145.64.250 - - [14/Dec/2020:13:51:27 +0100] "GET /js/jquery.js HTTP/1.1" 200 54075 "http://www.wonder-geek.com/miracle-tattoos-augmented-reality-p-30664.html" "Mozilla/5.0 (Macintosh; Intel Mac OS X 10_12_6) AppleWebKit/537.36 (KHTML, like Gecko) Chrome/87.0.4280.67 Safari/537.36"
31.145.64.250 - - [14/Dec/2020:13:51:27 +0100] "GET /templates/Pixame_v1/images/icon_accueil2.png HTTP/1.1" 200 1137 "http://www.wonder-geek.com/miracle-tattoos-augmented-reality-p-30664.html" "Mozilla/5.0 (Macintosh; Intel Mac OS X 10_12_6) AppleWebKit/537.36 (KHTML, like Gecko) Chrome/87.0.4280.67 Safari/537.36"
31.145.64.250 - - [14/Dec/2020:13:51:27 +0100] "GET /templates/Pixame_v1/images/buttons/english/button_in_cart.gif HTTP/1.1" 200 1212 "http://www.wonder-geek.com/miracle-tattoos-augmented-reality-p-30664.html" "Mozilla/5.0 (Macintosh; Intel Mac OS X 10_12_6) AppleWebKit/537.36 (KHTML, like Gecko) Chrome/87.0.4280.67 Safari/537.36"
31.145.64.250 - - [14/Dec/2020:13:51:27 +0100] "GET /templates/Pixame_v1/images/nav.png HTTP/1.1" 200 1283 "http://www.wonder-geek.com/templates/Pixame_v1/stylesheet.css" "Mozilla/5.0 (Macintosh; Intel Mac OS X 10_12_6) AppleWebKit/537.36 (KHTML, like Gecko) Chrome/87.0.4280.67 Safari/537.36"
31.145.64.250 - - [14/Dec/2020:13:51:27 +0100] "GET /templates/Pixame_v1/images/Bottom_texture.jpg HTTP/1.1" 200 56290 "http://www.wonder-geek.com/templates/Pixame_v1/stylesheet.css" "Mozilla/5.0 (Macintosh; Intel Mac OS X 10_12_6) AppleWebKit/537.36 (KHTML, like Gecko) Chrome/87.0.4280.67 Safari/537.36"
31.145.64.250 - - [14/Dec/2020:13:51:27 +0100] "GET /images/med_prod/5060275045255.jpg HTTP/1.1" 200 155390 "http://www.wonder-geek.com/miracle-tattoos-augmented-reality-p-30664.html" "Mozilla/5.0 (Macintosh; Intel Mac OS X 10_12_6) AppleWebKit/537.36 (KHTML, like Gecko) Chrome/87.0.4280.67 Safari/537.36"
31.145.64.250 - - [14/Dec/2020:13:51:27 +0100] "GET /templates/Pixame_v1/images/header-object.png HTTP/1.1" 200 106050 "http://www.wonder-geek.com/templates/Pixame_v1/stylesheet.css" "Mozilla/5.0 (Macintosh; Intel Mac OS X 10_12_6) AppleWebKit/537.36 (KHTML, like Gecko) Chrome/87.0.4280.67 Safari/537.36"
31.145.64.250 - - [14/Dec/2020:13:51:27 +0100] "GET /design/productsenstock.png HTTP/1.1" 200 4743 "http://www.wonder-geek.com/templates/Pixame_v1/stylesheet.css" "Mozilla/5.0 (Macintosh; Intel Mac OS X 10_12_6) AppleWebKit/537.36 (KHTML, like Gecko) Chrome/87.0.4280.67 Safari/537.36"
31.145.64.250 - - [14/Dec/2020:13:51:27 +0100] "GET /templates/Pixame_v1/images/header.png HTTP/1.1" 200 70245 "http://www.wonder-geek.com/templates/Pixame_v1/stylesheet.css" "Mozilla/5.0 (Macintosh; Intel Mac OS X 10_12_6) AppleWebKit/537.36 (KHTML, like Gecko) Chrome/87.0.4280.67 Safari/537.36"
31.145.64.250 - - [14/Dec/2020:13:51:27 +0100] "GET /templates/Pixame_v1/images/Middle_texture.jpg HTTP/1.1" 200 249620 "http://www.wonder-geek.com/templates/Pixame_v1/stylesheet.css" "Mozilla/5.0 (Macintosh; Intel Mac OS X 10_12_6) AppleWebKit/537.36 (KHTML, like Gecko) Chrome/87.0.4280.67 Safari/537.36"
31.145.64.250 - - [14/Dec/2020:13:51:29 +0100] "GET /highslide/graphics/outlines/drop-shadow.png HTTP/1.1" 200 2022 "http://www.wonder-geek.com/miracle-tattoos-augmented-reality-p-30664.html" "Mozilla/5.0 (Macintosh; Intel Mac OS X 10_12_6) AppleWebKit/537.36 (KHTML, like Gecko) Chrome/87.0.4280.67 Safari/537.36"
67.195.177.124 - - [14/Dec/2020:13:52:42 +0100] "GET /images/5013138634622.jpg HTTP/1.1" 200 39843 "https://images.search.yahoo.com/images/view;_ylt=AwrExdruX9dfnmcA5mmInIlQ;_ylu=c2VjA3NyBHNsawNpbWcEb2lkAzA5YjcyNGJiMjUyYmI1MGU4ZjY1ZGJlODA3ODNjMDZmBGdwb3MDNjkEaXQDYmluZw--?back=https%3A%2F%2Fimages.search.yahoo.com%2Fsearch%2Fimages%3Fp%3Dspiderman%2Btent%2Bset%26n%3D60%26ei%3DUTF-8%26fr%3Dcrmas%26fr2%3Dsa-gp%26nost%3D1%26tab%3Dorganic%26ri%3D69&w=217&h=225&imgurl=thumbs1.ebaystatic.com%2Fd%2Fl225%2Fm%2FmGRkcwBPjVAxn6dStwM7ESg.jpg&rurl=http%3A%2F%2Fwww.ebay.co.uk%2Fbhp%2Fspiderman-tent&size=12.5KB&p=spiderman+tent+set&oid=09b724bb252bb50e8f65dbe80783c06f&fr2=sa-gp&fr=crmas&tt=Spiderman+Tent+%7C+eBay&b=61&ni=48&no=69&ts=&tab=organic&sigr=dbmc1iE715YT&sigb=bw36v1KNi7UP&sigi=K96C4_wFp7Ac&sigt=JcxSWZJOGCXV&.crumb=5TOyVxUxC8r&fr=crmas&fr2=sa-gp" "YahooCacheSystem; YahooWebServiceClient"
207.46.13.90 - - [14/Dec/2020:13:55:35 +0100] "GET /images/big_prod/3503420072123.jpg HTTP/1.1" 200 88073 "-" "Mozilla/5.0 (compatible; bingbot/2.0; +http://www.bing.com/bingbot.htm)"
157.55.39.217 - - [14/Dec/2020:13:57:56 +0100] "GET /images/big_prod/3609810097889.jpg HTTP/1.1" 200 176721 "-" "Mozilla/5.0 (compatible; bingbot/2.0; +http://www.bing.com/bingbot.htm)"
207.46.13.152 - - [14/Dec/2020:14:01:15 +0100] "GET /images/big_prod/3609810096202.jpg HTTP/1.1" 200 72182 "-" "Mozilla/5.0 (compatible; bingbot/2.0; +http://www.bing.com/bingbot.htm)"
216.244.66.242 - - [14/Dec/2020:14:02:56 +0100] "GET /robots.txt HTTP/1.1" 200 2438 "-" "Mozilla/5.0 (compatible; DotBot/1.1; http://www.opensiteexplorer.org/dotbot, help@moz.com)"
185.191.171.43 - - [14/Dec/2020:14:02:57 +0100] "GET /robots.txt HTTP/1.1" 200 2438 "-" "Mozilla/5.0 (compatible; SemrushBot/7~bl; +http://www.semrush.com/bot.html)"
207.46.13.49 - - [14/Dec/2020:14:03:50 +0100] "GET /images/1399984261293.jpg HTTP/1.1" 200 68777 "-" "Mozilla/5.0 (compatible; bingbot/2.0; +http://www.bing.com/bingbot.htm)"
207.46.13.175 - - [14/Dec/2020:14:06:15 +0100] "GET /images/9316188031042.jpg HTTP/1.1" 200 22935 "-" "Mozilla/5.0 (compatible; bingbot/2.0; +http://www.bing.com/bingbot.htm)"
114.119.147.45 - - [14/Dec/2020:14:06:29 +0100] "GET /images/mini_prod/3612875114903.jpg HTTP/1.1" 200 7954 "-" "Mozilla/5.0 (Linux; Android 7.0;) AppleWebKit/537.36 (KHTML, like Gecko) Mobile Safari/537.36 (compatible; PetalBot;+https://aspiegel.com/petalbot)"
157.55.39.184 - - [14/Dec/2020:14:12:02 +0100] "GET /images/3700235441667.jpg HTTP/1.1" 200 17339 "-" "Mozilla/5.0 (compatible; bingbot/2.0; +http://www.bing.com/bingbot.htm)"
207.46.13.175 - - [14/Dec/2020:14:13:05 +0100] "GET /images/big_prod/9316188078603.jpg HTTP/1.1" 200 61758 "-" "Mozilla/5.0 (compatible; bingbot/2.0; +http://www.bing.com/bingbot.htm)"
207.46.13.152 - - [14/Dec/2020:14:13:16 +0100] "GET /images/med_prod/3660173057279.jpg HTTP/1.1" 200 96112 "-" "Mozilla/5.0 (compatible; bingbot/2.0; +http://www.bing.com/bingbot.htm)"
77.75.77.62 - - [14/Dec/2020:14:13:37 +0100] "GET /robots.txt HTTP/1.1" 200 2438 "-" "Mozilla/5.0 (compatible; SeznamBot/3.2; +http://napoveda.seznam.cz/en/seznambot-intro/)"
207.46.13.175 - - [14/Dec/2020:14:14:27 +0100] "GET /images/big_prod/3660173149134.jpg HTTP/1.1" 200 85974 "-" "Mozilla/5.0 (compatible; bingbot/2.0; +http://www.bing.com/bingbot.htm)"
207.46.13.175 - - [14/Dec/2020:14:14:37 +0100] "GET /images/big_prod/8717318130825.jpg HTTP/1.1" 200 35271 "-" "Mozilla/5.0 (compatible; bingbot/2.0; +http://www.bing.com/bingbot.htm)"
51.15.184.86 - - [14/Dec/2020:14:14:46 +0100] "GET /images/med_prod/3661977002632.jpg HTTP/1.0" 200 152963 "-" "-"
51.15.184.86 - - [14/Dec/2020:14:14:46 +0100] "GET /images/med_prod/3661977002632.jpg HTTP/1.0" 200 152963 "-" "-"
207.46.13.90 - - [14/Dec/2020:14:16:17 +0100] "GET /images/big_prod/8433933115787.jpg HTTP/1.1" 200 186437 "-" "Mozilla/5.0 (compatible; bingbot/2.0; +http://www.bing.com/bingbot.htm)"
207.46.13.152 - - [14/Dec/2020:14:18:59 +0100] "GET /images/big_prod/067103378290.jpg HTTP/1.1" 200 164828 "-" "Mozilla/5.0 (compatible; bingbot/2.0; +http://www.bing.com/bingbot.htm)"
114.119.147.45 - - [14/Dec/2020:14:19:36 +0100] "GET /images/big_prod/8424346234011.jpg HTTP/1.1" 200 51442 "-" "Mozilla/5.0 (Linux; Android 7.0;) AppleWebKit/537.36 (KHTML, like Gecko) Mobile Safari/537.36 (compatible; PetalBot;+https://aspiegel.com/petalbot)"
157.55.39.217 - - [14/Dec/2020:14:21:59 +0100] "GET /images/med_prod/3014627829873.jpg HTTP/1.1" 200 41111 "-" "Mozilla/5.0 (compatible; bingbot/2.0; +http://www.bing.com/bingbot.htm)"
157.55.39.217 - - [14/Dec/2020:14:23:08 +0100] "GET /images/big_prod/3661611509527.jpg HTTP/1.1" 200 190936 "-" "Mozilla/5.0 (compatible; bingbot/2.0; +http://www.bing.com/bingbot.htm)"
114.119.147.45 - - [14/Dec/2020:14:23:56 +0100] "GET /images/mini_prod/9316188078160.jpg HTTP/1.1" 200 4481 "-" "Mozilla/5.0 (Linux; Android 7.0;) AppleWebKit/537.36 (KHTML, like Gecko) Mobile Safari/537.36 (compatible; PetalBot;+https://aspiegel.com/petalbot)"
207.46.13.90 - - [14/Dec/2020:14:24:28 +0100] "GET /images/big_prod/etui1300010241721.jpg HTTP/1.1" 200 66629 "-" "Mozilla/5.0 (compatible; bingbot/2.0; +http://www.bing.com/bingbot.htm)"
207.46.13.49 - - [14/Dec/2020:14:24:43 +0100] "GET /images/big_prod/b191693064827.jpg HTTP/1.1" 200 137301 "-" "Mozilla/5.0 (compatible; bingbot/2.0; +http://www.bing.com/bingbot.htm)"
207.46.13.175 - - [14/Dec/2020:14:25:48 +0100] "GET /images/3700653501219.jpg HTTP/1.1" 200 32782 "-" "Mozilla/5.0 (compatible; bingbot/2.0; +http://www.bing.com/bingbot.htm)"
157.55.39.179 - - [14/Dec/2020:14:27:28 +0100] "GET /images/1399984265659.jpg HTTP/1.1" 200 54085 "-" "Mozilla/5.0 (compatible; bingbot/2.0; +http://www.bing.com/bingbot.htm)"
114.119.129.36 - - [14/Dec/2020:14:28:17 +0100] "GET /images/mini_prod/3661443280021.jpg HTTP/1.1" 200 7038 "-" "Mozilla/5.0 (Linux; Android 7.0;) AppleWebKit/537.36 (KHTML, like Gecko) Mobile Safari/537.36 (compatible; PetalBot;+https://aspiegel.com/petalbot)"
157.55.39.179 - - [14/Dec/2020:14:29:57 +0100] "GET /images/big_prod/8422014754427.jpg HTTP/1.1" 200 38467 "-" "Mozilla/5.0 (compatible; bingbot/2.0; +http://www.bing.com/bingbot.htm)"
207.46.13.90 - - [14/Dec/2020:14:32:32 +0100] "GET /images/5701359690175.jpg HTTP/1.1" 200 26332 "-" "Mozilla/5.0 (compatible; bingbot/2.0; +http://www.bing.com/bingbot.htm)"
114.119.130.202 - - [14/Dec/2020:14:32:34 +0100] "GET /images/big_prod_1/8719497615353a.jpg HTTP/1.1" 200 91331 "-" "Mozilla/5.0 (Linux; Android 7.0;) AppleWebKit/537.36 (KHTML, like Gecko) Mobile Safari/537.36 (compatible; PetalBot;+https://aspiegel.com/petalbot)"
114.119.151.113 - - [14/Dec/2020:14:36:54 +0100] "GET /images/big_prod_4/344GJ31d.jpg HTTP/1.1" 200 188677 "-" "Mozilla/5.0 (Linux; Android 7.0;) AppleWebKit/537.36 (KHTML, like Gecko) Mobile Safari/537.36 (compatible; PetalBot;+https://aspiegel.com/petalbot)"
207.46.13.152 - - [14/Dec/2020:14:36:59 +0100] "GET /images/8849233801259.jpg HTTP/1.1" 200 35310 "-" "Mozilla/5.0 (compatible; bingbot/2.0; +http://www.bing.com/bingbot.htm)"
157.55.39.217 - - [14/Dec/2020:14:37:20 +0100] "GET /images/big_prod_1/b5018997632079.jpg HTTP/1.1" 200 57417 "-" "Mozilla/5.0 (compatible; bingbot/2.0; +http://www.bing.com/bingbot.htm)"
157.55.39.172 - - [14/Dec/2020:14:38:57 +0100] "GET /images/big_prod/5018997622070.jpg HTTP/1.1" 200 252675 "-" "Mozilla/5.0 (compatible; bingbot/2.0; +http://www.bing.com/bingbot.htm)"
157.55.39.172 - - [14/Dec/2020:14:38:58 +0100] "GET /images/big_prod/3609810075795.jpg HTTP/1.1" 200 83536 "-" "Mozilla/5.0 (compatible; bingbot/2.0; +http://www.bing.com/bingbot.htm)"
157.55.39.217 - - [14/Dec/2020:14:39:09 +0100] "GET /images/big_prod/3503420237294.jpg HTTP/1.1" 200 117776 "-" "Mozilla/5.0 (compatible; bingbot/2.0; +http://www.bing.com/bingbot.htm)"
66.249.70.36 - - [14/Dec/2020:14:39:27 +0100] "GET /images/041689560010.jpg HTTP/1.1" 200 99116 "-" "Googlebot-Image/1.0"
207.46.13.152 - - [14/Dec/2020:14:40:10 +0100] "GET /images/big_prod/8422088074483.jpg HTTP/1.1" 200 51732 "-" "Mozilla/5.0 (compatible; bingbot/2.0; +http://www.bing.com/bingbot.htm)"
177.39.96.180 - - [14/Dec/2020:14:40:33 +0100] "GET /templates/Pixame_v1/images/buttons/english/button_continue_shopping.gif HTTP/1.1" 200 1413 "http://www.wonder-geek.com/shopping_cart.php" "Mozilla/5.0 (Windows NT 10.0; Win64; x64) AppleWebKit/537.36 (KHTML, like Gecko) Chrome/87.0.4280.88 Safari/537.36"
177.39.96.180 - - [14/Dec/2020:14:40:33 +0100] "GET /templates/Pixame_v1/images/buttons/english/button_update_cart.gif HTTP/1.1" 200 1223 "http://www.wonder-geek.com/shopping_cart.php" "Mozilla/5.0 (Windows NT 10.0; Win64; x64) AppleWebKit/537.36 (KHTML, like Gecko) Chrome/87.0.4280.88 Safari/537.36"
177.39.96.180 - - [14/Dec/2020:14:40:33 +0100] "GET /templates/Pixame_v1/images/buttons/english/button_checkout.gif HTTP/1.1" 200 1039 "http://www.wonder-geek.com/shopping_cart.php" "Mozilla/5.0 (Windows NT 10.0; Win64; x64) AppleWebKit/537.36 (KHTML, like Gecko) Chrome/87.0.4280.88 Safari/537.36"
177.39.96.180 - - [14/Dec/2020:14:40:33 +0100] "GET /images/mini_prod/3298060219754.jpg HTTP/1.1" 200 5917 "http://www.wonder-geek.com/shopping_cart.php" "Mozilla/5.0 (Windows NT 10.0; Win64; x64) AppleWebKit/537.36 (KHTML, like Gecko) Chrome/87.0.4280.88 Safari/537.36"
177.39.96.180 - - [14/Dec/2020:14:40:33 +0100] "GET /images/icons/colissimo.gif HTTP/1.1" 200 2712 "http://www.wonder-geek.com/shopping_cart.php" "Mozilla/5.0 (Windows NT 10.0; Win64; x64) AppleWebKit/537.36 (KHTML, like Gecko) Chrome/87.0.4280.88 Safari/537.36"
177.39.96.180 - - [14/Dec/2020:14:41:28 +0100] "GET /images/icons/accessF.gif HTTP/1.1" 200 1834 "http://www.wonder-geek.com/checkout_shipping.php" "Mozilla/5.0 (Windows NT 10.0; Win64; x64) AppleWebKit/537.36 (KHTML, like Gecko) Chrome/87.0.4280.88 Safari/537.36"
177.39.96.180 - - [14/Dec/2020:14:41:28 +0100] "GET /templates/Pixame_v1/images/buttons/english/button_change_address.gif HTTP/1.1" 200 1393 "http://www.wonder-geek.com/checkout_shipping.php" "Mozilla/5.0 (Windows NT 10.0; Win64; x64) AppleWebKit/537.36 (KHTML, like Gecko) Chrome/87.0.4280.88 Safari/537.36"
177.39.96.180 - - [14/Dec/2020:14:41:28 +0100] "GET /images/icons/expertF.gif HTTP/1.1" 200 1749 "http://www.wonder-geek.com/checkout_shipping.php" "Mozilla/5.0 (Windows NT 10.0; Win64; x64) AppleWebKit/537.36 (KHTML, like Gecko) Chrome/87.0.4280.88 Safari/537.36"
157.55.39.179 - - [14/Dec/2020:14:41:39 +0100] "GET /images/big_prod_1/amarilla.jpg HTTP/1.1" 200 186459 "-" "Mozilla/5.0 (compatible; bingbot/2.0; +http://www.bing.com/bingbot.htm)"
157.55.39.179 - - [14/Dec/2020:14:44:38 +0100] "GET /images/5411329062290.jpg HTTP/1.1" 200 52846 "-" "Mozilla/5.0 (compatible; bingbot/2.0; +http://www.bing.com/bingbot.htm)"
157.55.39.217 - - [14/Dec/2020:14:45:51 +0100] "GET /images/DSCN1982.jpg HTTP/1.1" 200 19772 "-" "Mozilla/5.0 (compatible; bingbot/2.0; +http://www.bing.com/bingbot.htm)"
207.46.13.90 - - [14/Dec/2020:14:47:00 +0100] "GET /images/med_prod/5036278057991.jpg HTTP/1.1" 200 120179 "-" "Mozilla/5.0 (compatible; bingbot/2.0; +http://www.bing.com/bingbot.htm)"
207.46.13.175 - - [14/Dec/2020:14:48:30 +0100] "GET /images/8714143750068.jpg HTTP/1.1" 200 57860 "-" "Mozilla/5.0 (compatible; bingbot/2.0; +http://www.bing.com/bingbot.htm)"
207.46.13.152 - - [14/Dec/2020:14:49:39 +0100] "GET /images/big_prod/8433933113790.jpg HTTP/1.1" 200 40843 "-" "Mozilla/5.0 (compatible; bingbot/2.0; +http://www.bing.com/bingbot.htm)"
66.249.70.36 - - [14/Dec/2020:14:49:55 +0100] "GET /images/1345544334563.jpg HTTP/1.1" 200 31538 "-" "Googlebot-Image/1.0"
114.119.154.200 - - [14/Dec/2020:14:50:03 +0100] "GET /images/big_prod/3453131127523.jpg HTTP/1.1" 200 63706 "-" "Mozilla/5.0 (Linux; Android 7.0;) AppleWebKit/537.36 (KHTML, like Gecko) Mobile Safari/537.36 (compatible; PetalBot;+https://aspiegel.com/petalbot)"
207.46.13.152 - - [14/Dec/2020:14:51:20 +0100] "GET /images/big_prod/8422020184195.jpg HTTP/1.1" 200 44221 "-" "Mozilla/5.0 (compatible; bingbot/2.0; +http://www.bing.com/bingbot.htm)"
157.55.39.82 - - [14/Dec/2020:14:52:18 +0100] "GET /images/big_prod/3014627846443.jpg HTTP/1.1" 200 50534 "-" "Mozilla/5.0 (compatible; bingbot/2.0; +http://www.bing.com/bingbot.htm)"
216.244.66.242 - - [14/Dec/2020:14:53:19 +0100] "GET /robots.txt HTTP/1.1" 200 2438 "-" "Mozilla/5.0 (compatible; DotBot/1.1; http://www.opensiteexplorer.org/dotbot, help@moz.com)"
207.46.13.152 - - [14/Dec/2020:14:53:52 +0100] "GET /images/med_prod/3520071345765.jpg HTTP/1.1" 200 57518 "-" "Mozilla/5.0 (compatible; bingbot/2.0; +http://www.bing.com/bingbot.htm)"
207.46.13.90 - - [14/Dec/2020:14:54:19 +0100] "GET /images/3700276281758050720122.jpg HTTP/1.1" 200 31850 "-" "Mozilla/5.0 (compatible; bingbot/2.0; +http://www.bing.com/bingbot.htm)"
114.119.132.105 - - [14/Dec/2020:14:54:24 +0100] "GET /images/mini_prod/4007698243241.jpg HTTP/1.1" 200 6227 "-" "Mozilla/5.0 (Linux; Android 7.0;) AppleWebKit/537.36 (KHTML, like Gecko) Mobile Safari/537.36 (compatible; PetalBot;+https://aspiegel.com/petalbot)"
157.55.39.82 - - [14/Dec/2020:14:55:09 +0100] "GET /images/3700653508713.jpg HTTP/1.1" 200 69742 "-" "Mozilla/5.0 (compatible; bingbot/2.0; +http://www.bing.com/bingbot.htm)"
157.55.39.179 - - [14/Dec/2020:14:58:21 +0100] "GET /images/med_prod/3574642017018.jpg HTTP/1.1" 200 30970 "-" "Mozilla/5.0 (compatible; bingbot/2.0; +http://www.bing.com/bingbot.htm)"
114.119.154.200 - - [14/Dec/2020:14:58:44 +0100] "GET /images/mini_prod/9316188081160.jpg HTTP/1.1" 200 7467 "-" "Mozilla/5.0 (Linux; Android 7.0;) AppleWebKit/537.36 (KHTML, like Gecko) Mobile Safari/537.36 (compatible; PetalBot;+https://aspiegel.com/petalbot)"
157.55.39.184 - - [14/Dec/2020:14:59:44 +0100] "GET /images/mini_prod/3608860236538.jpg HTTP/1.1" 200 6227 "-" "Mozilla/5.0 (compatible; bingbot/2.0; +http://www.bing.com/bingbot.htm)"
207.46.13.49 - - [14/Dec/2020:15:00:26 +0100] "GET /images/big_prod/8424001540068.jpg HTTP/1.1" 200 169138 "-" "Mozilla/5.0 (compatible; bingbot/2.0; +http://www.bing.com/bingbot.htm)"
157.55.39.82 - - [14/Dec/2020:15:00:51 +0100] "GET /images/big_prod/7601020000419.jpg HTTP/1.1" 200 78567 "-" "Mozilla/5.0 (compatible; bingbot/2.0; +http://www.bing.com/bingbot.htm)"
157.55.39.82 - - [14/Dec/2020:15:04:09 +0100] "GET /images/big_prod/8422099381075.jpg HTTP/1.1" 200 58496 "-" "Mozilla/5.0 (compatible; bingbot/2.0; +http://www.bing.com/bingbot.htm)"
157.55.39.179 - - [14/Dec/2020:15:04:14 +0100] "GET /images/8435306215780.jpg HTTP/1.1" 200 33688 "-" "Mozilla/5.0 (compatible; bingbot/2.0; +http://www.bing.com/bingbot.htm)"
114.119.151.113 - - [14/Dec/2020:15:07:27 +0100] "GET /images/mini_prod/3565750332667.jpg HTTP/1.1" 200 6927 "-" "Mozilla/5.0 (Linux; Android 7.0;) AppleWebKit/537.36 (KHTML, like Gecko) Mobile Safari/537.36 (compatible; PetalBot;+https://aspiegel.com/petalbot)"
157.55.39.217 - - [14/Dec/2020:15:08:33 +0100] "GET /images/mini_prod/1384010190630.jpg HTTP/1.1" 200 4680 "-" "Mozilla/5.0 (compatible; bingbot/2.0; +http://www.bing.com/bingbot.htm)"
207.46.13.90 - - [14/Dec/2020:15:12:33 +0100] "GET /images/med_prod/000000000tigre.jpg HTTP/1.1" 200 88819 "-" "Mozilla/5.0 (compatible; bingbot/2.0; +http://www.bing.com/bingbot.htm)"
157.55.39.172 - - [14/Dec/2020:15:13:50 +0100] "GET /images/1341689170806b.jpg HTTP/1.1" 200 38097 "-" "Mozilla/5.0 (compatible; bingbot/2.0; +http://www.bing.com/bingbot.htm)"
108.59.8.80 - - [14/Dec/2020:15:15:28 +0100] "GET /robots.txt HTTP/1.1" 200 2438 "-" "Mozilla/5.0 (compatible; MJ12bot/v1.4.8; http://mj12bot.com/)"
185.191.171.19 - - [14/Dec/2020:15:18:11 +0100] "GET /robots.txt HTTP/1.1" 200 2438 "-" "Mozilla/5.0 (compatible; SemrushBot/7~bl; +http://www.semrush.com/bot.html)"
157.55.39.82 - - [14/Dec/2020:15:20:12 +0100] "GET /images/big_prod/4036113102986.jpg HTTP/1.1" 200 151347 "-" "Mozilla/5.0 (compatible; bingbot/2.0; +http://www.bing.com/bingbot.htm)"
207.46.13.175 - - [14/Dec/2020:15:20:23 +0100] "GET /images/5013138634851.jpg HTTP/1.1" 200 40867 "-" "Mozilla/5.0 (compatible; bingbot/2.0; +http://www.bing.com/bingbot.htm)"
114.119.145.117 - - [14/Dec/2020:15:20:36 +0100] "GET /images/mini_prod/067103378283.jpg HTTP/1.1" 200 11821 "-" "Mozilla/5.0 (Linux; Android 7.0;) AppleWebKit/537.36 (KHTML, like Gecko) Mobile Safari/537.36 (compatible; PetalBot;+https://aspiegel.com/petalbot)"
157.55.39.82 - - [14/Dec/2020:15:21:52 +0100] "GET /images/mini_prod/3609810070929.jpg HTTP/1.1" 200 7853 "-" "Mozilla/5.0 (compatible; bingbot/2.0; +http://www.bing.com/bingbot.htm)"
157.55.39.184 - - [14/Dec/2020:15:22:14 +0100] "GET /images/big_prod/4036113232515.jpg HTTP/1.1" 200 82937 "-" "Mozilla/5.0 (compatible; bingbot/2.0; +http://www.bing.com/bingbot.htm)"
157.55.39.184 - - [14/Dec/2020:15:22:16 +0100] "GET /images/big_prod/1399984283264N.jpg HTTP/1.1" 200 92320 "-" "Mozilla/5.0 (compatible; bingbot/2.0; +http://www.bing.com/bingbot.htm)"
207.46.13.49 - - [14/Dec/2020:15:23:07 +0100] "GET /images/big_prod_1/8422010176063B.jpg HTTP/1.1" 200 52210 "-" "Mozilla/5.0 (compatible; bingbot/2.0; +http://www.bing.com/bingbot.htm)"
157.55.39.82 - - [14/Dec/2020:15:24:02 +0100] "GET /images/1399984253175b.jpg HTTP/1.1" 200 71722 "-" "Mozilla/5.0 (compatible; bingbot/2.0; +http://www.bing.com/bingbot.htm)"
157.55.39.172 - - [14/Dec/2020:15:24:22 +0100] "GET /images/big_prod/5027148061132.jpg HTTP/1.1" 200 95675 "-" "Mozilla/5.0 (compatible; bingbot/2.0; +http://www.bing.com/bingbot.htm)"
207.46.13.90 - - [14/Dec/2020:15:26:14 +0100] "GET /images/med_prod/1384010184240.jpg HTTP/1.1" 200 212412 "-" "Mozilla/5.0 (compatible; bingbot/2.0; +http://www.bing.com/bingbot.htm)"
207.46.13.175 - - [14/Dec/2020:15:27:03 +0100] "GET /images/big_prod_1/b1384010201138.jpg HTTP/1.1" 200 90329 "-" "Mozilla/5.0 (compatible; bingbot/2.0; +http://www.bing.com/bingbot.htm)"
54.236.1.11 - - [14/Dec/2020:15:27:22 +0100] "GET /images/8435306245947.jpg HTTP/1.1" 200 129141 "-" "Mozilla/5.0 (compatible; Pinterestbot/1.0; +http://www.pinterest.com/bot.html)"
5.171.198.221 - - [14/Dec/2020:15:27:37 +0100] "GET /images/8435306245947.jpg HTTP/1.1" 200 129141 "http://pinterest.com/pin/410601691003112861/?source_app=android" "Mozilla/5.0 (Linux; Android 8.0.0; FIG-LX1 Build/HUAWEIFIG-LX1; wv) AppleWebKit/537.36 (KHTML, like Gecko) Version/4.0 Chrome/68.0.3440.91 Mobile Safari/537.36 [Pinterest/Android]"
5.171.198.221 - - [14/Dec/2020:15:27:38 +0100] "GET /favicon.ico HTTP/1.1" 200 1591 "http://www.wonder-geek.com/images/8435306245947.jpg" "Mozilla/5.0 (Linux; Android 8.0.0; FIG-LX1 Build/HUAWEIFIG-LX1; wv) AppleWebKit/537.36 (KHTML, like Gecko) Version/4.0 Chrome/68.0.3440.91 Mobile Safari/537.36 [Pinterest/Android]"
