88.126.150.67 - - [14/Dec/2020:18:55:50 +0100] "GET /templates/Pixame_v1/images/Bottom_texture.jpg HTTP/1.1" 200 56290 "http://www.wonder-geek.com/templates/Pixame_v1/stylesheet.css" "Mozilla/5.0 (Windows NT 10.0; Win64; x64; rv:83.0) Gecko/20100101 Firefox/83.0"
88.126.150.67 - - [14/Dec/2020:18:55:50 +0100] "GET /design/productsenstock.png HTTP/1.1" 200 4743 "http://www.wonder-geek.com/templates/Pixame_v1/stylesheet.css" "Mozilla/5.0 (Windows NT 10.0; Win64; x64; rv:83.0) Gecko/20100101 Firefox/83.0"
88.126.150.67 - - [14/Dec/2020:18:55:50 +0100] "GET /templates/Pixame_v1/images/buttons/english/button_in_cart.gif HTTP/1.1" 200 1212 "http://www.wonder-geek.com/forest-friends-glasses-case-racoons-p-51862.html" "Mozilla/5.0 (Windows NT 10.0; Win64; x64; rv:83.0) Gecko/20100101 Firefox/83.0"
88.126.150.67 - - [14/Dec/2020:18:55:50 +0100] "GET /templates/Pixame_v1/images/flash.swf HTTP/1.1" 200 2868 "http://www.wonder-geek.com/forest-friends-glasses-case-racoons-p-51862.html" "Mozilla/5.0 (Windows NT 10.0; Win64; x64; rv:83.0) Gecko/20100101 Firefox/83.0"
88.126.150.67 - - [14/Dec/2020:18:55:50 +0100] "GET /templates/Pixame_v1/images/header-object.png HTTP/1.1" 200 106050 "http://www.wonder-geek.com/templates/Pixame_v1/stylesheet.css" "Mozilla/5.0 (Windows NT 10.0; Win64; x64; rv:83.0) Gecko/20100101 Firefox/83.0"
88.126.150.67 - - [14/Dec/2020:18:55:50 +0100] "GET /images/big_prod_3/9316188082167c.jpg HTTP/1.1" 200 78522 "http://www.wonder-geek.com/forest-friends-glasses-case-racoons-p-51862.html" "Mozilla/5.0 (Windows NT 10.0; Win64; x64; rv:83.0) Gecko/20100101 Firefox/83.0"
88.126.150.67 - - [14/Dec/2020:18:55:50 +0100] "GET /favicon.ico HTTP/1.1" 200 1591 "http://www.wonder-geek.com/forest-friends-glasses-case-racoons-p-51862.html" "Mozilla/5.0 (Windows NT 10.0; Win64; x64; rv:83.0) Gecko/20100101 Firefox/83.0"
88.126.150.67 - - [14/Dec/2020:18:55:50 +0100] "GET /templates/Pixame_v1/images/Middle_texture.jpg HTTP/1.1" 200 249620 "http://www.wonder-geek.com/templates/Pixame_v1/stylesheet.css" "Mozilla/5.0 (Windows NT 10.0; Win64; x64; rv:83.0) Gecko/20100101 Firefox/83.0"
88.126.150.67 - - [14/Dec/2020:18:55:50 +0100] "GET /highslide/graphics/outlines/drop-shadow.png HTTP/1.1" 200 2022 "http://www.wonder-geek.com/forest-friends-glasses-case-racoons-p-51862.html" "Mozilla/5.0 (Windows NT 10.0; Win64; x64; rv:83.0) Gecko/20100101 Firefox/83.0"
157.55.39.82 - - [14/Dec/2020:18:57:04 +0100] "GET /images/big_prod_3/1328399219384c.jpg HTTP/1.1" 200 68038 "-" "Mozilla/5.0 (compatible; bingbot/2.0; +http://www.bing.com/bingbot.htm)"
103.131.71.176 - - [14/Dec/2020:18:57:07 +0100] "GET /robots.txt HTTP/1.1" 200 2438 "-" "Mozilla/5.0 (compatible; coccocbot-web/1.0; +http://help.coccoc.com/searchengine)"
207.46.13.90 - - [14/Dec/2020:18:57:10 +0100] "GET /images/big_prod/3609810063228.jpg HTTP/1.1" 200 113626 "-" "Mozilla/5.0 (compatible; bingbot/2.0; +http://www.bing.com/bingbot.htm)"
207.46.13.152 - - [14/Dec/2020:18:57:18 +0100] "GET /images/med_prod/4012390252378.jpg HTTP/1.1" 200 36737 "-" "Mozilla/5.0 (compatible; bingbot/2.0; +http://www.bing.com/bingbot.htm)"
207.46.13.152 - - [14/Dec/2020:18:57:59 +0100] "GET /images/big_prod/3453131145183.jpg HTTP/1.1" 200 94027 "-" "Mozilla/5.0 (compatible; bingbot/2.0; +http://www.bing.com/bingbot.htm)"
114.119.147.45 - - [14/Dec/2020:18:58:22 +0100] "GET /images/mini_prod/3453131153096.jpg HTTP/1.1" 200 7003 "-" "Mozilla/5.0 (Linux; Android 7.0;) AppleWebKit/537.36 (KHTML, like Gecko) Mobile Safari/537.36 (compatible; PetalBot;+https://aspiegel.com/petalbot)"
174.202.68.136 - - [14/Dec/2020:18:58:41 +0100] "GET /images/DSCN5292.jpg HTTP/1.1" 200 24908 "https://www.bing.com/" "Mozilla/5.0 (Linux; Android 9; SAMSUNG SM-N950U) AppleWebKit/537.36 (KHTML, like Gecko) SamsungBrowser/13.0 Chrome/83.0.4103.106 Mobile Safari/537.36"
207.46.13.90 - - [14/Dec/2020:18:59:29 +0100] "GET /images/big_prod/1384010188804.jpg HTTP/1.1" 200 59779 "-" "Mozilla/5.0 (compatible; bingbot/2.0; +http://www.bing.com/bingbot.htm)"
207.46.13.49 - - [14/Dec/2020:19:01:21 +0100] "GET /images/big_prod/3609810076150.jpg HTTP/1.1" 200 78092 "-" "Mozilla/5.0 (compatible; bingbot/2.0; +http://www.bing.com/bingbot.htm)"
207.46.13.175 - - [14/Dec/2020:19:01:27 +0100] "GET /images/big_prod/5027148061224.jpg HTTP/1.1" 200 131732 "-" "Mozilla/5.0 (compatible; bingbot/2.0; +http://www.bing.com/bingbot.htm)"
185.191.171.13 - - [14/Dec/2020:19:02:19 +0100] "GET /robots.txt HTTP/1.1" 200 2438 "-" "Mozilla/5.0 (compatible; SemrushBot/7~bl; +http://www.semrush.com/bot.html)"
114.119.129.36 - - [14/Dec/2020:19:02:43 +0100] "GET /images/mini_prod/1399984235690.jpg HTTP/1.1" 200 13304 "-" "Mozilla/5.0 (Linux; Android 7.0;) AppleWebKit/537.36 (KHTML, like Gecko) Mobile Safari/537.36 (compatible; PetalBot;+https://aspiegel.com/petalbot)"
40.77.167.36 - - [14/Dec/2020:19:04:28 +0100] "GET /images/med_prod/8433933773765.jpg HTTP/1.1" 200 115582 "-" "Mozilla/5.0 (compatible; bingbot/2.0; +http://www.bing.com/bingbot.htm)"
157.55.39.184 - - [14/Dec/2020:19:05:08 +0100] "GET /images/big_prod_1/3660173230566a.jpg HTTP/1.1" 200 84324 "-" "Mozilla/5.0 (compatible; bingbot/2.0; +http://www.bing.com/bingbot.htm)"
114.119.129.36 - - [14/Dec/2020:19:07:05 +0100] "GET /images/mini_prod/5051276388410.jpg HTTP/1.1" 200 6028 "-" "Mozilla/5.0 (Linux; Android 7.0;) AppleWebKit/537.36 (KHTML, like Gecko) Mobile Safari/537.36 (compatible; PetalBot;+https://aspiegel.com/petalbot)"
157.55.39.217 - - [14/Dec/2020:19:07:08 +0100] "GET /images/1399984246160.gif HTTP/1.1" 200 59124 "-" "Mozilla/5.0 (compatible; bingbot/2.0; +http://www.bing.com/bingbot.htm)"
157.55.39.45 - - [14/Dec/2020:19:07:11 +0100] "GET /robots.txt HTTP/1.1" 200 2438 "-" "Mozilla/5.0 (compatible; bingbot/2.0; +http://www.bing.com/bingbot.htm)"
66.249.70.33 - - [14/Dec/2020:19:07:17 +0100] "GET /images/big_prod_1/8433933157534N.jpg HTTP/1.1" 200 85761 "-" "Googlebot-Image/1.0"
157.55.39.217 - - [14/Dec/2020:19:07:59 +0100] "GET /images/4036113101989.jpg HTTP/1.1" 200 128675 "-" "Mozilla/5.0 (compatible; bingbot/2.0; +http://www.bing.com/bingbot.htm)"
157.55.39.179 - - [14/Dec/2020:19:08:03 +0100] "GET /images/big_prod_1/3665269009538b.jpg HTTP/1.1" 200 106850 "-" "Mozilla/5.0 (compatible; bingbot/2.0; +http://www.bing.com/bingbot.htm)"
207.46.13.49 - - [14/Dec/2020:19:08:12 +0100] "GET /images/3521320617091.jpg HTTP/1.1" 200 43846 "-" "Mozilla/5.0 (compatible; bingbot/2.0; +http://www.bing.com/bingbot.htm)"
157.55.39.82 - - [14/Dec/2020:19:08:45 +0100] "GET /images/3298060226240.jpg HTTP/1.1" 200 95795 "-" "Mozilla/5.0 (compatible; bingbot/2.0; +http://www.bing.com/bingbot.htm)"
216.244.66.242 - - [14/Dec/2020:19:11:13 +0100] "GET /robots.txt HTTP/1.1" 200 2438 "-" "Mozilla/5.0 (compatible; DotBot/1.1; http://www.opensiteexplorer.org/dotbot, help@moz.com)"
114.119.145.117 - - [14/Dec/2020:19:11:29 +0100] "GET /images/mini_prod/3560600288231.jpg HTTP/1.1" 200 8641 "-" "Mozilla/5.0 (Linux; Android 7.0;) AppleWebKit/537.36 (KHTML, like Gecko) Mobile Safari/537.36 (compatible; PetalBot;+https://aspiegel.com/petalbot)"
106.11.152.40 - - [14/Dec/2020:19:12:24 +0100] "GET /images/mini_prod/1042GJ03.jpg HTTP/1.1" 200 6935 "http://www.wonder-geek.com/school-trolley-c-31_169.html" "YisouSpider"
106.11.157.126 - - [14/Dec/2020:19:12:27 +0100] "GET /images/mini_prod/5036278062209.jpg HTTP/1.1" 200 6756 "http://www.wonder-geek.com/school-trolley-c-31_169.html" "YisouSpider"
42.156.139.47 - - [14/Dec/2020:19:12:32 +0100] "GET /images/mini_prod/5410574484604.jpg HTTP/1.1" 200 6451 "http://www.wonder-geek.com/school-trolley-c-31_169.html" "YisouSpider"
42.120.161.108 - - [14/Dec/2020:19:12:35 +0100] "GET /images/mini_prod/5410574484628.jpg HTTP/1.1" 200 6293 "http://www.wonder-geek.com/school-trolley-c-31_169.html" "YisouSpider"
106.11.158.54 - - [14/Dec/2020:19:12:36 +0100] "GET /images/mini_prod/5410574484611.jpg HTTP/1.1" 200 5890 "http://www.wonder-geek.com/school-trolley-c-31_169.html" "YisouSpider"
106.11.157.124 - - [14/Dec/2020:19:12:37 +0100] "GET /images/mini_prod/1042GJ04.jpg HTTP/1.1" 200 7018 "http://www.wonder-geek.com/school-trolley-c-31_169.html" "YisouSpider"
106.11.156.34 - - [14/Dec/2020:19:12:41 +0100] "GET /images/mini_prod/3700516226525.jpg HTTP/1.1" 200 8123 "http://www.wonder-geek.com/school-trolley-c-31_169.html" "YisouSpider"
106.11.159.48 - - [14/Dec/2020:19:12:45 +0100] "GET /images/mini_prod/480GJ12.jpg HTTP/1.1" 200 7189 "http://www.wonder-geek.com/school-trolley-c-31_169.html" "YisouSpider"
42.120.161.15 - - [14/Dec/2020:19:12:49 +0100] "GET /images/mini_prod/942GJ02.jpg HTTP/1.1" 200 5668 "http://www.wonder-geek.com/school-trolley-c-31_169.html" "YisouSpider"
106.11.153.82 - - [14/Dec/2020:19:12:58 +0100] "GET /images/mini_prod/3700516243119.jpg HTTP/1.1" 200 7761 "http://www.wonder-geek.com/school-trolley-c-31_169.html" "YisouSpider"
66.249.80.40 - - [14/Dec/2020:19:13:01 +0100] "GET /images/big_prod_1/5027148011052.jpg HTTP/1.1" 200 119144 "-" "Mozilla/5.0 (Windows NT 5.1; rv:11.0) Gecko Firefox/11.0 (via ggpht.com GoogleImageProxy)"
207.46.13.152 - - [14/Dec/2020:19:15:20 +0100] "GET /images/big_prod/8409810063809.jpg HTTP/1.1" 200 100206 "-" "Mozilla/5.0 (compatible; bingbot/2.0; +http://www.bing.com/bingbot.htm)"
207.46.13.49 - - [14/Dec/2020:19:15:32 +0100] "GET /images/1399984236802.jpg HTTP/1.1" 200 21557 "-" "Mozilla/5.0 (compatible; bingbot/2.0; +http://www.bing.com/bingbot.htm)"
114.119.145.117 - - [14/Dec/2020:19:15:48 +0100] "GET /images/045544314732.jpg HTTP/1.1" 200 32062 "-" "Mozilla/5.0 (Linux; Android 7.0;) AppleWebKit/537.36 (KHTML, like Gecko) Mobile Safari/537.36 (compatible; PetalBot;+https://aspiegel.com/petalbot)"
207.46.13.49 - - [14/Dec/2020:19:16:23 +0100] "GET /images/big_prod/8422011476209.jpg HTTP/1.1" 200 155385 "-" "Mozilla/5.0 (compatible; bingbot/2.0; +http://www.bing.com/bingbot.htm)"
157.55.39.172 - - [14/Dec/2020:19:18:26 +0100] "GET /images/big_prod/3438100224151NN.jpg HTTP/1.1" 200 28715 "-" "Mozilla/5.0 (compatible; bingbot/2.0; +http://www.bing.com/bingbot.htm)"
192.99.13.75 - - [14/Dec/2020:19:19:26 +0100] "GET /robots.txt HTTP/1.1" 200 2438 "-" "Mozilla/5.0 (compatible; MJ12bot/v1.4.8; http://mj12bot.com/)"
207.46.13.175 - - [14/Dec/2020:19:20:10 +0100] "GET /images/big_prod/1399980107298.jpg HTTP/1.1" 200 147538 "-" "Mozilla/5.0 (compatible; bingbot/2.0; +http://www.bing.com/bingbot.htm)"
114.119.145.117 - - [14/Dec/2020:19:20:11 +0100] "GET /images/big_prod_2/5404006037926c.jpg HTTP/1.1" 200 72936 "-" "Mozilla/5.0 (Linux; Android 7.0;) AppleWebKit/537.36 (KHTML, like Gecko) Mobile Safari/537.36 (compatible; PetalBot;+https://aspiegel.com/petalbot)"
207.46.13.49 - - [14/Dec/2020:19:20:43 +0100] "GET /images/hiver048.jpg HTTP/1.1" 200 58190 "-" "Mozilla/5.0 (compatible; bingbot/2.0; +http://www.bing.com/bingbot.htm)"
207.46.13.152 - - [14/Dec/2020:19:21:29 +0100] "GET /images/med_prod/1384010176917.jpg HTTP/1.1" 200 136375 "-" "Mozilla/5.0 (compatible; bingbot/2.0; +http://www.bing.com/bingbot.htm)"
207.46.13.175 - - [14/Dec/2020:19:22:29 +0100] "GET /images/big_prod/8422015725518.jpg HTTP/1.1" 200 49977 "-" "Mozilla/5.0 (compatible; bingbot/2.0; +http://www.bing.com/bingbot.htm)"
114.119.130.202 - - [14/Dec/2020:19:24:33 +0100] "GET /images/mini_prod/8422016460821.jpg HTTP/1.1" 200 12369 "-" "Mozilla/5.0 (Linux; Android 7.0;) AppleWebKit/537.36 (KHTML, like Gecko) Mobile Safari/537.36 (compatible; PetalBot;+https://aspiegel.com/petalbot)"
40.77.167.36 - - [14/Dec/2020:19:27:09 +0100] "GET /images/4012390325393.jpg HTTP/1.1" 200 44565 "-" "Mozilla/5.0 (compatible; bingbot/2.0; +http://www.bing.com/bingbot.htm)"
157.55.39.179 - - [14/Dec/2020:19:28:34 +0100] "GET /images/big_prod/3453131151955.jpg HTTP/1.1" 200 64517 "-" "Mozilla/5.0 (compatible; bingbot/2.0; +http://www.bing.com/bingbot.htm)"
114.119.132.105 - - [14/Dec/2020:19:28:51 +0100] "GET /images/mini_prod/10015.jpg HTTP/1.1" 200 6920 "-" "Mozilla/5.0 (Linux; Android 7.0;) AppleWebKit/537.36 (KHTML, like Gecko) Mobile Safari/537.36 (compatible; PetalBot;+https://aspiegel.com/petalbot)"
207.46.13.152 - - [14/Dec/2020:19:30:39 +0100] "GET /images/big_prod/8422096017618.jpg HTTP/1.1" 200 110371 "-" "Mozilla/5.0 (compatible; bingbot/2.0; +http://www.bing.com/bingbot.htm)"
207.46.13.90 - - [14/Dec/2020:19:32:23 +0100] "GET /images/big_prod/3700786500370.jpg HTTP/1.1" 200 53171 "-" "Mozilla/5.0 (compatible; bingbot/2.0; +http://www.bing.com/bingbot.htm)"
5.255.231.71 - - [14/Dec/2020:19:33:01 +0100] "GET /robots.txt HTTP/1.1" 200 2438 "-" "Mozilla/5.0 (compatible; YandexBot/3.0; +http://yandex.com/bots)"
40.77.167.36 - - [14/Dec/2020:19:34:19 +0100] "GET /images/med_prod/5051276183169.jpg HTTP/1.1" 200 36537 "-" "Mozilla/5.0 (compatible; bingbot/2.0; +http://www.bing.com/bingbot.htm)"
157.55.39.217 - - [14/Dec/2020:19:34:31 +0100] "GET /images/DSCN4075.jpg HTTP/1.1" 200 15957 "-" "Mozilla/5.0 (compatible; bingbot/2.0; +http://www.bing.com/bingbot.htm)"
207.46.13.152 - - [14/Dec/2020:19:35:42 +0100] "GET /images/big_prod/8422099381037.jpg HTTP/1.1" 200 61833 "-" "Mozilla/5.0 (compatible; bingbot/2.0; +http://www.bing.com/bingbot.htm)"
157.55.39.82 - - [14/Dec/2020:19:36:08 +0100] "GET /images/8420406352572.jpg HTTP/1.1" 200 26121 "-" "Mozilla/5.0 (compatible; bingbot/2.0; +http://www.bing.com/bingbot.htm)"
207.46.13.152 - - [14/Dec/2020:19:36:29 +0100] "GET /images/big_prod/8432699030303.jpg HTTP/1.1" 200 89449 "-" "Mozilla/5.0 (compatible; bingbot/2.0; +http://www.bing.com/bingbot.htm)"
207.46.13.175 - - [14/Dec/2020:19:36:40 +0100] "GET /images/DSCN7557.jpg HTTP/1.1" 200 32591 "-" "Mozilla/5.0 (compatible; bingbot/2.0; +http://www.bing.com/bingbot.htm)"
66.249.70.62 - - [14/Dec/2020:19:37:17 +0100] "GET /images/big_prod/4029811324033.jpg HTTP/1.1" 200 42185 "-" "Googlebot-Image/1.0"
207.46.13.49 - - [14/Dec/2020:19:38:16 +0100] "GET /images/big_prod_1/4036113430577A.jpg HTTP/1.1" 200 73468 "-" "Mozilla/5.0 (compatible; bingbot/2.0; +http://www.bing.com/bingbot.htm)"
157.55.39.217 - - [14/Dec/2020:19:39:54 +0100] "GET /images/3272760369599.jpg HTTP/1.1" 200 25508 "-" "Mozilla/5.0 (compatible; bingbot/2.0; +http://www.bing.com/bingbot.htm)"
157.55.39.217 - - [14/Dec/2020:19:39:55 +0100] "GET /images/big_prod/5010994725839.jpg HTTP/1.1" 200 199793 "-" "Mozilla/5.0 (compatible; bingbot/2.0; +http://www.bing.com/bingbot.htm)"
157.55.39.179 - - [14/Dec/2020:19:40:05 +0100] "GET /images/big_prod/8422189800226.jpg HTTP/1.1" 200 117835 "-" "Mozilla/5.0 (compatible; bingbot/2.0; +http://www.bing.com/bingbot.htm)"
157.55.39.45 - - [14/Dec/2020:19:43:00 +0100] "GET /robots.txt HTTP/1.1" 200 2438 "-" "Mozilla/5.0 (compatible; bingbot/2.0; +http://www.bing.com/bingbot.htm)"
207.46.13.90 - - [14/Dec/2020:19:43:26 +0100] "GET /images/big_prod/1384010203422.jpg HTTP/1.1" 200 39648 "-" "Mozilla/5.0 (compatible; bingbot/2.0; +http://www.bing.com/bingbot.htm)"
207.46.13.49 - - [14/Dec/2020:19:44:06 +0100] "GET /images/3700653508690.jpg HTTP/1.1" 200 89847 "-" "Mozilla/5.0 (compatible; bingbot/2.0; +http://www.bing.com/bingbot.htm)"
64.233.173.114 - - [14/Dec/2020:19:45:34 +0100] "GET /images/big_prod_1/3665269087727a.jpg HTTP/1.1" 200 234644 "-" "Mozilla/5.0 (Windows NT 5.1; rv:11.0) Gecko Firefox/11.0 (via ggpht.com GoogleImageProxy)"
40.77.167.36 - - [14/Dec/2020:19:46:02 +0100] "GET /images/big_prod_2/8422099001126B.jpg HTTP/1.1" 200 122400 "-" "Mozilla/5.0 (compatible; bingbot/2.0; +http://www.bing.com/bingbot.htm)"
157.55.39.217 - - [14/Dec/2020:19:51:03 +0100] "GET /images/big_prod/3612875124889.jpg HTTP/1.1" 200 61116 "-" "Mozilla/5.0 (compatible; bingbot/2.0; +http://www.bing.com/bingbot.htm)"
207.46.13.175 - - [14/Dec/2020:19:54:13 +0100] "GET /images/big_prod_3/8424346221288D.jpg HTTP/1.1" 200 72913 "-" "Mozilla/5.0 (compatible; bingbot/2.0; +http://www.bing.com/bingbot.htm)"
207.46.13.90 - - [14/Dec/2020:19:54:58 +0100] "GET /images/big_prod/8422019282000.jpg HTTP/1.1" 200 188473 "-" "Mozilla/5.0 (compatible; bingbot/2.0; +http://www.bing.com/bingbot.htm)"
114.119.150.15 - - [14/Dec/2020:19:55:05 +0100] "GET /images/mini_prod/4250255880049.jpg HTTP/1.1" 200 3472 "-" "Mozilla/5.0 (Linux; Android 7.0;) AppleWebKit/537.36 (KHTML, like Gecko) Mobile Safari/537.36 (compatible; PetalBot;+https://aspiegel.com/petalbot)"
40.77.167.36 - - [14/Dec/2020:19:57:11 +0100] "GET /images/mini_prod/8718657466859.jpg HTTP/1.1" 200 3042 "-" "Mozilla/5.0 (compatible; bingbot/2.0; +http://www.bing.com/bingbot.htm)"
157.55.39.217 - - [14/Dec/2020:19:57:44 +0100] "GET /images/big_prod/8422011475516.jpg HTTP/1.1" 200 145794 "-" "Mozilla/5.0 (compatible; bingbot/2.0; +http://www.bing.com/bingbot.htm)"
114.119.145.117 - - [14/Dec/2020:19:59:20 +0100] "GET /images/big_prod_1/4029811443505B.jpg HTTP/1.1" 200 48565 "-" "Mozilla/5.0 (Linux; Android 7.0;) AppleWebKit/537.36 (KHTML, like Gecko) Mobile Safari/537.36 (compatible; PetalBot;+https://aspiegel.com/petalbot)"
40.77.167.36 - - [14/Dec/2020:19:59:32 +0100] "GET /images/big_prod/3418175549007.jpg HTTP/1.1" 200 89351 "-" "Mozilla/5.0 (compatible; bingbot/2.0; +http://www.bing.com/bingbot.htm)"
207.46.13.90 - - [14/Dec/2020:20:00:27 +0100] "GET /images/med_prod/1384010181775.jpg HTTP/1.1" 200 56998 "-" "Mozilla/5.0 (compatible; bingbot/2.0; +http://www.bing.com/bingbot.htm)"
216.244.66.242 - - [14/Dec/2020:20:02:30 +0100] "GET /robots.txt HTTP/1.1" 200 2438 "-" "Mozilla/5.0 (compatible; DotBot/1.1; http://www.opensiteexplorer.org/dotbot, help@moz.com)"
40.77.167.36 - - [14/Dec/2020:20:03:33 +0100] "GET /images/big_prod/3503420053658.jpg HTTP/1.1" 200 66132 "-" "Mozilla/5.0 (compatible; bingbot/2.0; +http://www.bing.com/bingbot.htm)"
114.119.154.200 - - [14/Dec/2020:20:03:42 +0100] "GET /images/mini_prod/1399986101412.jpg HTTP/1.1" 200 4749 "-" "Mozilla/5.0 (Linux; Android 7.0;) AppleWebKit/537.36 (KHTML, like Gecko) Mobile Safari/537.36 (compatible; PetalBot;+https://aspiegel.com/petalbot)"
157.55.39.217 - - [14/Dec/2020:20:06:15 +0100] "GET /images/TROME3137.jpg HTTP/1.1" 200 46031 "-" "Mozilla/5.0 (compatible; bingbot/2.0; +http://www.bing.com/bingbot.htm)"
207.46.13.175 - - [14/Dec/2020:20:11:04 +0100] "GET /images/3684225058342.jpg HTTP/1.1" 200 30058 "-" "Mozilla/5.0 (compatible; bingbot/2.0; +http://www.bing.com/bingbot.htm)"
207.46.13.90 - - [14/Dec/2020:20:11:11 +0100] "GET /images/big_prod/4029811400898.jpg HTTP/1.1" 200 115852 "-" "Mozilla/5.0 (compatible; bingbot/2.0; +http://www.bing.com/bingbot.htm)"
207.46.13.175 - - [14/Dec/2020:20:15:34 +0100] "GET /images/3438100333747.jpg HTTP/1.1" 200 29368 "-" "Mozilla/5.0 (compatible; bingbot/2.0; +http://www.bing.com/bingbot.htm)"
114.119.130.202 - - [14/Dec/2020:20:16:52 +0100] "GET /images/big_prod/3503420187117.jpg HTTP/1.1" 200 120730 "-" "Mozilla/5.0 (Linux; Android 7.0;) AppleWebKit/537.36 (KHTML, like Gecko) Mobile Safari/537.36 (compatible; PetalBot;+https://aspiegel.com/petalbot)"
157.55.39.82 - - [14/Dec/2020:20:17:52 +0100] "GET /images/6942138999105.jpg HTTP/1.1" 200 36314 "-" "Mozilla/5.0 (compatible; bingbot/2.0; +http://www.bing.com/bingbot.htm)"
134.249.205.9 - - [14/Dec/2020:20:18:23 +0100] "GET /images/big_prod/1328399210299B.jpg HTTP/1.1" 200 92617 "-" "Mozilla/5.0 (Windows NT 6.1; WOW64) AppleWebKit/537.36 (KHTML, like Gecko) Chrome/86.0.4240.198 YaBrowser/20.11.3.179 Yowser/2.5 Safari/537.36"
157.55.39.172 - - [14/Dec/2020:20:22:43 +0100] "GET /images/med_prod/1384010178799.jpg HTTP/1.1" 200 98373 "-" "Mozilla/5.0 (compatible; bingbot/2.0; +http://www.bing.com/bingbot.htm)"
157.55.39.82 - - [14/Dec/2020:20:23:33 +0100] "GET /images/med_prod/9316188060615.jpg HTTP/1.1" 200 92017 "-" "Mozilla/5.0 (compatible; bingbot/2.0; +http://www.bing.com/bingbot.htm)"
157.55.39.172 - - [14/Dec/2020:20:24:43 +0100] "GET /images/big_prod_1/8412497557080b.jpg HTTP/1.1" 200 76308 "-" "Mozilla/5.0 (compatible; bingbot/2.0; +http://www.bing.com/bingbot.htm)"
40.77.167.36 - - [14/Dec/2020:20:25:05 +0100] "GET /images/big_prod/1399984247242.jpg HTTP/1.1" 200 68783 "-" "Mozilla/5.0 (compatible; bingbot/2.0; +http://www.bing.com/bingbot.htm)"
17.58.101.146 - - [14/Dec/2020:20:26:16 +0100] "GET /images/mini_prod/3560600301800.jpg HTTP/1.1" 200 8717 "-" "Mozilla/5.0 (Macintosh; Intel Mac OS X 10_15_5) AppleWebKit/605.1.15 (KHTML, like Gecko) Version/13.1.1 Safari/605.1.15 (Applebot/0.1; +http://www.apple.com/go/applebot)"
157.55.39.82 - - [14/Dec/2020:20:27:03 +0100] "GET /images/3438100337110.jpg HTTP/1.1" 200 28903 "-" "Mozilla/5.0 (compatible; bingbot/2.0; +http://www.bing.com/bingbot.htm)"
157.55.39.217 - - [14/Dec/2020:20:27:16 +0100] "GET /images/med_prod/3453131120319.jpg HTTP/1.1" 200 146138 "-" "Mozilla/5.0 (compatible; bingbot/2.0; +http://www.bing.com/bingbot.htm)"
207.46.13.49 - - [14/Dec/2020:20:27:21 +0100] "GET /images/mini_prod/8435306228865.jpg HTTP/1.1" 200 11933 "-" "Mozilla/5.0 (compatible; bingbot/2.0; +http://www.bing.com/bingbot.htm)"
157.55.39.217 - - [14/Dec/2020:20:29:27 +0100] "GET /images/8028501921039.jpg HTTP/1.1" 200 15688 "-" "Mozilla/5.0 (compatible; bingbot/2.0; +http://www.bing.com/bingbot.htm)"
157.55.39.82 - - [14/Dec/2020:20:29:54 +0100] "GET /images/med_prod/3660173126975.jpg HTTP/1.1" 200 85256 "-" "Mozilla/5.0 (compatible; bingbot/2.0; +http://www.bing.com/bingbot.htm)"
157.55.39.217 - - [14/Dec/2020:20:32:35 +0100] "GET /images/3438100282335.jpg HTTP/1.1" 200 13358 "-" "Mozilla/5.0 (compatible; bingbot/2.0; +http://www.bing.com/bingbot.htm)"
144.76.38.40 - - [14/Dec/2020:20:33:00 +0100] "GET /robots.txt HTTP/1.1" 200 2438 "-" "Mozilla/5.0 (compatible; MJ12bot/v1.4.8; http://mj12bot.com/)"
157.55.39.82 - - [14/Dec/2020:20:33:24 +0100] "GET /images/big_prod/3565750040326.jpg HTTP/1.1" 200 89209 "-" "Mozilla/5.0 (compatible; bingbot/2.0; +http://www.bing.com/bingbot.htm)"
40.77.167.36 - - [14/Dec/2020:20:34:46 +0100] "GET /images/big_prod/8719075395295.jpg HTTP/1.1" 200 141345 "-" "Mozilla/5.0 (compatible; bingbot/2.0; +http://www.bing.com/bingbot.htm)"
66.249.70.62 - - [14/Dec/2020:20:35:21 +0100] "GET /images/big_prod/8435306287473.jpg HTTP/1.1" 200 79921 "-" "Googlebot-Image/1.0"
207.46.13.49 - - [14/Dec/2020:20:36:24 +0100] "GET /images/1341689196004.jpg HTTP/1.1" 200 86457 "-" "Mozilla/5.0 (compatible; bingbot/2.0; +http://www.bing.com/bingbot.htm)"
157.55.39.82 - - [14/Dec/2020:20:39:35 +0100] "GET /images/med_prod/1384010179635.jpg HTTP/1.1" 200 88652 "-" "Mozilla/5.0 (compatible; bingbot/2.0; +http://www.bing.com/bingbot.htm)"
157.55.39.172 - - [14/Dec/2020:20:41:06 +0100] "GET /images/1020322269670.jpg HTTP/1.1" 200 102698 "-" "Mozilla/5.0 (compatible; bingbot/2.0; +http://www.bing.com/bingbot.htm)"
40.77.167.36 - - [14/Dec/2020:20:43:37 +0100] "GET /images/big_prod/3700516211026.jpg HTTP/1.1" 200 50833 "-" "Mozilla/5.0 (compatible; bingbot/2.0; +http://www.bing.com/bingbot.htm)"
40.77.167.36 - - [14/Dec/2020:20:44:56 +0100] "GET /images/big_prod/8433933158302.jpg HTTP/1.1" 200 41274 "-" "Mozilla/5.0 (compatible; bingbot/2.0; +http://www.bing.com/bingbot.htm)"
207.46.13.175 - - [14/Dec/2020:20:45:09 +0100] "GET /images/big_prod_1/5410574484628B.jpg HTTP/1.1" 200 159421 "-" "Mozilla/5.0 (compatible; bingbot/2.0; +http://www.bing.com/bingbot.htm)"
207.46.13.175 - - [14/Dec/2020:20:46:48 +0100] "GET /images/med_prod/1399984287675.jpg HTTP/1.1" 200 109329 "-" "Mozilla/5.0 (compatible; bingbot/2.0; +http://www.bing.com/bingbot.htm)"
5.255.231.71 - - [14/Dec/2020:20:47:16 +0100] "GET /images/big_prod/3574642575839.jpg HTTP/1.1" 200 29041 "-" "Mozilla/5.0 (compatible; YandexImages/3.0; +http://yandex.com/bots)"
216.244.66.242 - - [14/Dec/2020:20:53:51 +0100] "GET /robots.txt HTTP/1.1" 200 2438 "-" "Mozilla/5.0 (compatible; DotBot/1.1; http://www.opensiteexplorer.org/dotbot, help@moz.com)"
157.55.39.82 - - [14/Dec/2020:20:54:09 +0100] "GET /images/big_prod/3091693063516.jpg HTTP/1.1" 200 118079 "-" "Mozilla/5.0 (compatible; bingbot/2.0; +http://www.bing.com/bingbot.htm)"
157.55.39.82 - - [14/Dec/2020:20:57:37 +0100] "GET /images/big_prod_3/1328399219636c.jpg HTTP/1.1" 200 70126 "-" "Mozilla/5.0 (compatible; bingbot/2.0; +http://www.bing.com/bingbot.htm)"
157.55.39.45 - - [14/Dec/2020:20:57:41 +0100] "GET /robots.txt HTTP/1.1" 200 2438 "-" "Mozilla/5.0 (compatible; bingbot/2.0; +http://www.bing.com/bingbot.htm)"
157.55.39.217 - - [14/Dec/2020:20:59:46 +0100] "GET /images/big_prod/4029811341184.jpg HTTP/1.1" 200 35869 "-" "Mozilla/5.0 (compatible; bingbot/2.0; +http://www.bing.com/bingbot.htm)"
207.46.13.49 - - [14/Dec/2020:21:04:13 +0100] "GET /images/med_prod/1384010184196.jpg HTTP/1.1" 200 235377 "-" "Mozilla/5.0 (compatible; bingbot/2.0; +http://www.bing.com/bingbot.htm)"
207.46.13.175 - - [14/Dec/2020:21:14:16 +0100] "GET /images/mini_prod/3114523959329.gif HTTP/1.1" 200 13482 "-" "Mozilla/5.0 (compatible; bingbot/2.0; +http://www.bing.com/bingbot.htm)"
157.55.39.172 - - [14/Dec/2020:21:14:48 +0100] "GET /images/big_prod_1/b5404006033386.jpg HTTP/1.1" 200 54237 "-" "Mozilla/5.0 (compatible; bingbot/2.0; +http://www.bing.com/bingbot.htm)"
40.77.167.36 - - [14/Dec/2020:21:15:09 +0100] "GET /images/big_prod_1/3609810065086a.jpg HTTP/1.1" 200 160301 "-" "Mozilla/5.0 (compatible; bingbot/2.0; +http://www.bing.com/bingbot.htm)"
40.77.167.36 - - [14/Dec/2020:21:15:50 +0100] "GET /images/big_prod/1341689438982.jpg HTTP/1.1" 200 139616 "-" "Mozilla/5.0 (compatible; bingbot/2.0; +http://www.bing.com/bingbot.htm)"
207.46.13.49 - - [14/Dec/2020:21:16:24 +0100] "GET /images/5018997517512.jpg HTTP/1.1" 200 115251 "-" "Mozilla/5.0 (compatible; bingbot/2.0; +http://www.bing.com/bingbot.htm)"
157.55.39.82 - - [14/Dec/2020:21:17:58 +0100] "GET /images/big_prod/3520071699431.jpg HTTP/1.1" 200 60477 "-" "Mozilla/5.0 (compatible; bingbot/2.0; +http://www.bing.com/bingbot.htm)"
207.46.13.90 - - [14/Dec/2020:21:19:37 +0100] "GET /images/big_prod/3014627557349NN.jpg HTTP/1.1" 200 51648 "-" "Mozilla/5.0 (compatible; bingbot/2.0; +http://www.bing.com/bingbot.htm)"
40.77.167.36 - - [14/Dec/2020:21:20:10 +0100] "GET /images/DSCN7133.JPG HTTP/1.1" 200 34375 "-" "Mozilla/5.0 (compatible; bingbot/2.0; +http://www.bing.com/bingbot.htm)"
157.55.39.82 - - [14/Dec/2020:21:27:29 +0100] "GET /images/DSCN4430bob.jpg HTTP/1.1" 200 29515 "-" "Mozilla/5.0 (compatible; bingbot/2.0; +http://www.bing.com/bingbot.htm)"
157.55.39.82 - - [14/Dec/2020:21:28:00 +0100] "GET /images/big_prod/1384010204337.jpg HTTP/1.1" 200 68707 "-" "Mozilla/5.0 (compatible; bingbot/2.0; +http://www.bing.com/bingbot.htm)"
114.119.154.200 - - [14/Dec/2020:21:30:54 +0100] "GET /images/mini_prod/3384370122232.jpg HTTP/1.1" 200 8932 "-" "Mozilla/5.0 (Linux; Android 7.0;) AppleWebKit/537.36 (KHTML, like Gecko) Mobile Safari/537.36 (compatible; PetalBot;+https://aspiegel.com/petalbot)"
74.125.209.4 - - [14/Dec/2020:21:34:17 +0100] "GET /images/mini_prod/3565750027204.jpg HTTP/1.1" 200 4637 "-" "Mozilla/5.0 (Windows NT 5.1; rv:11.0) Gecko Firefox/11.0 (via ggpht.com GoogleImageProxy)"
104.35.4.72 - - [14/Dec/2020:21:34:21 +0100] "GET /js/jquery.jqzoom.js HTTP/1.1" 200 4761 "http://www.wonder-geek.com/the-shadow-frame-cats-by-dubout-what-for-dinner-p-35265.html" "Mozilla/5.0 (Macintosh; Intel Mac OS X 10_15_6) AppleWebKit/605.1.15 (KHTML, like Gecko) Version/13.1.2 Safari/605.1.15"
104.35.4.72 - - [14/Dec/2020:21:34:21 +0100] "GET /templates/Pixame_v1/stylesheet.css HTTP/1.1" 200 56057 "http://www.wonder-geek.com/the-shadow-frame-cats-by-dubout-what-for-dinner-p-35265.html" "Mozilla/5.0 (Macintosh; Intel Mac OS X 10_15_6) AppleWebKit/605.1.15 (KHTML, like Gecko) Version/13.1.2 Safari/605.1.15"
104.35.4.72 - - [14/Dec/2020:21:34:21 +0100] "GET /highslide/highslide.js HTTP/1.1" 200 42909 "http://www.wonder-geek.com/the-shadow-frame-cats-by-dubout-what-for-dinner-p-35265.html" "Mozilla/5.0 (Macintosh; Intel Mac OS X 10_15_6) AppleWebKit/605.1.15 (KHTML, like Gecko) Version/13.1.2 Safari/605.1.15"
104.35.4.72 - - [14/Dec/2020:21:34:21 +0100] "GET /js/jquery.js HTTP/1.1" 200 54075 "http://www.wonder-geek.com/the-shadow-frame-cats-by-dubout-what-for-dinner-p-35265.html" "Mozilla/5.0 (Macintosh; Intel Mac OS X 10_15_6) AppleWebKit/605.1.15 (KHTML, like Gecko) Version/13.1.2 Safari/605.1.15"
104.35.4.72 - - [14/Dec/2020:21:34:21 +0100] "GET /templates/Pixame_v1/images/icon_accueil2.png HTTP/1.1" 200 1137 "http://www.wonder-geek.com/the-shadow-frame-cats-by-dubout-what-for-dinner-p-35265.html" "Mozilla/5.0 (Macintosh; Intel Mac OS X 10_15_6) AppleWebKit/605.1.15 (KHTML, like Gecko) Version/13.1.2 Safari/605.1.15"
104.35.4.72 - - [14/Dec/2020:21:34:21 +0100] "GET /mondial_relay/js/jquery-1.3.2.min.js HTTP/1.1" 200 57254 "http://www.wonder-geek.com/the-shadow-frame-cats-by-dubout-what-for-dinner-p-35265.html" "Mozilla/5.0 (Macintosh; Intel Mac OS X 10_15_6) AppleWebKit/605.1.15 (KHTML, like Gecko) Version/13.1.2 Safari/605.1.15"
104.35.4.72 - - [14/Dec/2020:21:34:21 +0100] "GET /templates/Pixame_v1/images/buttons/english/button_in_cart.gif HTTP/1.1" 200 1212 "http://www.wonder-geek.com/the-shadow-frame-cats-by-dubout-what-for-dinner-p-35265.html" "Mozilla/5.0 (Macintosh; Intel Mac OS X 10_15_6) AppleWebKit/605.1.15 (KHTML, like Gecko) Version/13.1.2 Safari/605.1.15"
104.35.4.72 - - [14/Dec/2020:21:34:22 +0100] "GET /images/mini_prod/1384010177228.jpg HTTP/1.1" 200 6310 "http://www.wonder-geek.com/the-shadow-frame-cats-by-dubout-what-for-dinner-p-35265.html" "Mozilla/5.0 (Macintosh; Intel Mac OS X 10_15_6) AppleWebKit/605.1.15 (KHTML, like Gecko) Version/13.1.2 Safari/605.1.15"
104.35.4.72 - - [14/Dec/2020:21:34:22 +0100] "GET /images/mini_prod/3565750027198.jpg HTTP/1.1" 200 4693 "http://www.wonder-geek.com/the-shadow-frame-cats-by-dubout-what-for-dinner-p-35265.html" "Mozilla/5.0 (Macintosh; Intel Mac OS X 10_15_6) AppleWebKit/605.1.15 (KHTML, like Gecko) Version/13.1.2 Safari/605.1.15"
104.35.4.72 - - [14/Dec/2020:21:34:22 +0100] "GET /images/mini_prod/1384010177211.jpg HTTP/1.1" 200 5537 "http://www.wonder-geek.com/the-shadow-frame-cats-by-dubout-what-for-dinner-p-35265.html" "Mozilla/5.0 (Macintosh; Intel Mac OS X 10_15_6) AppleWebKit/605.1.15 (KHTML, like Gecko) Version/13.1.2 Safari/605.1.15"
104.35.4.72 - - [14/Dec/2020:21:34:22 +0100] "GET /images/mini_prod/1384010177242.jpg HTTP/1.1" 200 4026 "http://www.wonder-geek.com/the-shadow-frame-cats-by-dubout-what-for-dinner-p-35265.html" "Mozilla/5.0 (Macintosh; Intel Mac OS X 10_15_6) AppleWebKit/605.1.15 (KHTML, like Gecko) Version/13.1.2 Safari/605.1.15"
104.35.4.72 - - [14/Dec/2020:21:34:22 +0100] "GET /images/mini_prod/3565750027204.jpg HTTP/1.1" 200 4637 "http://www.wonder-geek.com/the-shadow-frame-cats-by-dubout-what-for-dinner-p-35265.html" "Mozilla/5.0 (Macintosh; Intel Mac OS X 10_15_6) AppleWebKit/605.1.15 (KHTML, like Gecko) Version/13.1.2 Safari/605.1.15"
104.35.4.72 - - [14/Dec/2020:21:34:22 +0100] "GET /templates/Pixame_v1/images/nav.png HTTP/1.1" 200 1283 "http://www.wonder-geek.com/the-shadow-frame-cats-by-dubout-what-for-dinner-p-35265.html" "Mozilla/5.0 (Macintosh; Intel Mac OS X 10_15_6) AppleWebKit/605.1.15 (KHTML, like Gecko) Version/13.1.2 Safari/605.1.15"
104.35.4.72 - - [14/Dec/2020:21:34:22 +0100] "GET /templates/Pixame_v1/images/Bottom_texture.jpg HTTP/1.1" 200 56290 "http://www.wonder-geek.com/the-shadow-frame-cats-by-dubout-what-for-dinner-p-35265.html" "Mozilla/5.0 (Macintosh; Intel Mac OS X 10_15_6) AppleWebKit/605.1.15 (KHTML, like Gecko) Version/13.1.2 Safari/605.1.15"
104.35.4.72 - - [14/Dec/2020:21:34:22 +0100] "GET /design/productsenstock.png HTTP/1.1" 200 4743 "http://www.wonder-geek.com/the-shadow-frame-cats-by-dubout-what-for-dinner-p-35265.html" "Mozilla/5.0 (Macintosh; Intel Mac OS X 10_15_6) AppleWebKit/605.1.15 (KHTML, like Gecko) Version/13.1.2 Safari/605.1.15"
104.35.4.72 - - [14/Dec/2020:21:34:22 +0100] "GET /templates/Pixame_v1/images/header.png HTTP/1.1" 200 70245 "http://www.wonder-geek.com/the-shadow-frame-cats-by-dubout-what-for-dinner-p-35265.html" "Mozilla/5.0 (Macintosh; Intel Mac OS X 10_15_6) AppleWebKit/605.1.15 (KHTML, like Gecko) Version/13.1.2 Safari/605.1.15"
104.35.4.72 - - [14/Dec/2020:21:34:22 +0100] "GET /images/big_prod/8718375753750.jpg HTTP/1.1" 200 137194 "http://www.wonder-geek.com/the-shadow-frame-cats-by-dubout-what-for-dinner-p-35265.html" "Mozilla/5.0 (Macintosh; Intel Mac OS X 10_15_6) AppleWebKit/605.1.15 (KHTML, like Gecko) Version/13.1.2 Safari/605.1.15"
104.35.4.72 - - [14/Dec/2020:21:34:22 +0100] "GET /templates/Pixame_v1/images/header-object.png HTTP/1.1" 200 106050 "http://www.wonder-geek.com/the-shadow-frame-cats-by-dubout-what-for-dinner-p-35265.html" "Mozilla/5.0 (Macintosh; Intel Mac OS X 10_15_6) AppleWebKit/605.1.15 (KHTML, like Gecko) Version/13.1.2 Safari/605.1.15"
104.35.4.72 - - [14/Dec/2020:21:34:23 +0100] "GET /templates/Pixame_v1/images/Middle_texture.jpg HTTP/1.1" 200 249620 "http://www.wonder-geek.com/the-shadow-frame-cats-by-dubout-what-for-dinner-p-35265.html" "Mozilla/5.0 (Macintosh; Intel Mac OS X 10_15_6) AppleWebKit/605.1.15 (KHTML, like Gecko) Version/13.1.2 Safari/605.1.15"
104.35.4.72 - - [14/Dec/2020:21:34:24 +0100] "GET /highslide/graphics/outlines/drop-shadow.png HTTP/1.1" 200 2022 "http://www.wonder-geek.com/the-shadow-frame-cats-by-dubout-what-for-dinner-p-35265.html" "Mozilla/5.0 (Macintosh; Intel Mac OS X 10_15_6) AppleWebKit/605.1.15 (KHTML, like Gecko) Version/13.1.2 Safari/605.1.15"
104.35.4.72 - - [14/Dec/2020:21:34:24 +0100] "GET /favicon.ico HTTP/1.1" 200 1591 "http://www.wonder-geek.com/the-shadow-frame-cats-by-dubout-what-for-dinner-p-35265.html" "Mozilla/5.0 (Macintosh; Intel Mac OS X 10_15_6) AppleWebKit/605.1.15 (KHTML, like Gecko) Version/13.1.2 Safari/605.1.15"
114.119.129.36 - - [14/Dec/2020:21:35:16 +0100] "GET /images/3661443612228.jpg HTTP/1.1" 200 21476 "-" "Mozilla/5.0 (Linux; Android 7.0;) AppleWebKit/537.36 (KHTML, like Gecko) Mobile Safari/537.36 (compatible; PetalBot;+https://aspiegel.com/petalbot)"
157.55.39.172 - - [14/Dec/2020:21:35:41 +0100] "GET /images/8435306266638.jpg HTTP/1.1" 200 131408 "-" "Mozilla/5.0 (compatible; bingbot/2.0; +http://www.bing.com/bingbot.htm)"
104.35.4.72 - - [14/Dec/2020:21:35:54 +0100] "GET /images/mini_prod/8718375753750.jpg HTTP/1.1" 200 7732 "http://www.wonder-geek.com/cats-dubout-placemat-p-32428.html" "Mozilla/5.0 (Macintosh; Intel Mac OS X 10_15_6) AppleWebKit/605.1.15 (KHTML, like Gecko) Version/13.1.2 Safari/605.1.15"
104.35.4.72 - - [14/Dec/2020:21:35:54 +0100] "GET /images/med_prod/3565750027204.jpg HTTP/1.1" 200 55988 "http://www.wonder-geek.com/cats-dubout-placemat-p-32428.html" "Mozilla/5.0 (Macintosh; Intel Mac OS X 10_15_6) AppleWebKit/605.1.15 (KHTML, like Gecko) Version/13.1.2 Safari/605.1.15"
104.35.4.72 - - [14/Dec/2020:21:36:01 +0100] "GET /images/med_prod/3565750027198.jpg HTTP/1.1" 200 64684 "http://www.wonder-geek.com/cats-dubout-placemat-p-32429.html" "Mozilla/5.0 (Macintosh; Intel Mac OS X 10_15_6) AppleWebKit/605.1.15 (KHTML, like Gecko) Version/13.1.2 Safari/605.1.15"
185.191.171.2 - - [14/Dec/2020:21:39:05 +0100] "GET /robots.txt HTTP/1.1" 200 2438 "-" "Mozilla/5.0 (compatible; SemrushBot/7~bl; +http://www.semrush.com/bot.html)"
114.119.154.200 - - [14/Dec/2020:21:39:39 +0100] "GET /images/mini_prod/3503420202131.jpg HTTP/1.1" 200 6815 "-" "Mozilla/5.0 (Linux; Android 7.0;) AppleWebKit/537.36 (KHTML, like Gecko) Mobile Safari/537.36 (compatible; PetalBot;+https://aspiegel.com/petalbot)"
207.46.13.49 - - [14/Dec/2020:21:41:18 +0100] "GET /images/Photodel076.jpg HTTP/1.1" 200 43214 "-" "Mozilla/5.0 (compatible; bingbot/2.0; +http://www.bing.com/bingbot.htm)"
5.255.231.71 - - [14/Dec/2020:21:42:52 +0100] "GET /robots.txt HTTP/1.1" 200 2438 "-" "Mozilla/5.0 (compatible; YandexBot/3.0; +http://yandex.com/bots)"
216.244.66.242 - - [14/Dec/2020:21:42:56 +0100] "GET /robots.txt HTTP/1.1" 200 2438 "-" "Mozilla/5.0 (compatible; DotBot/1.1; http://www.opensiteexplorer.org/dotbot, help@moz.com)"
5.255.231.71 - - [14/Dec/2020:21:43:32 +0100] "GET /images/med_prod/5050293384238.jpg HTTP/1.1" 200 50830 "-" "Mozilla/5.0 (compatible; YandexImages/3.0; +http://yandex.com/bots)"
174.252.193.221 - - [14/Dec/2020:21:43:40 +0100] "GET /templates/Pixame_v1/stylesheet.css HTTP/1.1" 200 56057 "http://www.wonder-geek.com/-p-12862.html" "Mozilla/5.0 (Linux; Android 10; SM-A515U Build/QP1A.190711.020; wv) AppleWebKit/537.36 (KHTML, like Gecko) Version/4.0 Chrome/86.0.4240.198 Mobile Safari/537.36 [Pinterest/Android]"
174.252.193.221 - - [14/Dec/2020:21:43:40 +0100] "GET /js/jquery.jqzoom.js HTTP/1.1" 200 4761 "http://www.wonder-geek.com/-p-12862.html" "Mozilla/5.0 (Linux; Android 10; SM-A515U Build/QP1A.190711.020; wv) AppleWebKit/537.36 (KHTML, like Gecko) Version/4.0 Chrome/86.0.4240.198 Mobile Safari/537.36 [Pinterest/Android]"
174.252.193.221 - - [14/Dec/2020:21:43:40 +0100] "GET /highslide/highslide.js HTTP/1.1" 200 42909 "http://www.wonder-geek.com/-p-12862.html" "Mozilla/5.0 (Linux; Android 10; SM-A515U Build/QP1A.190711.020; wv) AppleWebKit/537.36 (KHTML, like Gecko) Version/4.0 Chrome/86.0.4240.198 Mobile Safari/537.36 [Pinterest/Android]"
174.252.193.221 - - [14/Dec/2020:21:43:40 +0100] "GET /mondial_relay/js/jquery-1.3.2.min.js HTTP/1.1" 200 57254 "http://www.wonder-geek.com/-p-12862.html" "Mozilla/5.0 (Linux; Android 10; SM-A515U Build/QP1A.190711.020; wv) AppleWebKit/537.36 (KHTML, like Gecko) Version/4.0 Chrome/86.0.4240.198 Mobile Safari/537.36 [Pinterest/Android]"
174.252.193.221 - - [14/Dec/2020:21:43:40 +0100] "GET /js/jquery.js HTTP/1.1" 200 54075 "http://www.wonder-geek.com/-p-12862.html" "Mozilla/5.0 (Linux; Android 10; SM-A515U Build/QP1A.190711.020; wv) AppleWebKit/537.36 (KHTML, like Gecko) Version/4.0 Chrome/86.0.4240.198 Mobile Safari/537.36 [Pinterest/Android]"
174.252.193.221 - - [14/Dec/2020:21:43:41 +0100] "GET /templates/Pixame_v1/images/icon_accueil2.png HTTP/1.1" 200 1137 "http://www.wonder-geek.com/-p-12862.html" "Mozilla/5.0 (Linux; Android 10; SM-A515U Build/QP1A.190711.020; wv) AppleWebKit/537.36 (KHTML, like Gecko) Version/4.0 Chrome/86.0.4240.198 Mobile Safari/537.36 [Pinterest/Android]"
174.252.193.221 - - [14/Dec/2020:21:43:41 +0100] "GET /templates/Pixame_v1/images/Bottom_texture.jpg HTTP/1.1" 200 56290 "http://www.wonder-geek.com/templates/Pixame_v1/stylesheet.css" "Mozilla/5.0 (Linux; Android 10; SM-A515U Build/QP1A.190711.020; wv) AppleWebKit/537.36 (KHTML, like Gecko) Version/4.0 Chrome/86.0.4240.198 Mobile Safari/537.36 [Pinterest/Android]"
174.252.193.221 - - [14/Dec/2020:21:43:41 +0100] "GET /templates/Pixame_v1/images/nav.png HTTP/1.1" 200 1283 "http://www.wonder-geek.com/templates/Pixame_v1/stylesheet.css" "Mozilla/5.0 (Linux; Android 10; SM-A515U Build/QP1A.190711.020; wv) AppleWebKit/537.36 (KHTML, like Gecko) Version/4.0 Chrome/86.0.4240.198 Mobile Safari/537.36 [Pinterest/Android]"
174.252.193.221 - - [14/Dec/2020:21:43:41 +0100] "GET /design/productsenstock.png HTTP/1.1" 200 4743 "http://www.wonder-geek.com/templates/Pixame_v1/stylesheet.css" "Mozilla/5.0 (Linux; Android 10; SM-A515U Build/QP1A.190711.020; wv) AppleWebKit/537.36 (KHTML, like Gecko) Version/4.0 Chrome/86.0.4240.198 Mobile Safari/537.36 [Pinterest/Android]"
174.252.193.221 - - [14/Dec/2020:21:43:41 +0100] "GET /templates/Pixame_v1/images/header-object.png HTTP/1.1" 200 106050 "http://www.wonder-geek.com/templates/Pixame_v1/stylesheet.css" "Mozilla/5.0 (Linux; Android 10; SM-A515U Build/QP1A.190711.020; wv) AppleWebKit/537.36 (KHTML, like Gecko) Version/4.0 Chrome/86.0.4240.198 Mobile Safari/537.36 [Pinterest/Android]"
174.252.193.221 - - [14/Dec/2020:21:43:41 +0100] "GET /templates/Pixame_v1/images/header.png HTTP/1.1" 200 70245 "http://www.wonder-geek.com/templates/Pixame_v1/stylesheet.css" "Mozilla/5.0 (Linux; Android 10; SM-A515U Build/QP1A.190711.020; wv) AppleWebKit/537.36 (KHTML, like Gecko) Version/4.0 Chrome/86.0.4240.198 Mobile Safari/537.36 [Pinterest/Android]"
174.252.193.221 - - [14/Dec/2020:21:43:41 +0100] "GET /templates/Pixame_v1/images/Middle_texture.jpg HTTP/1.1" 200 249620 "http://www.wonder-geek.com/templates/Pixame_v1/stylesheet.css" "Mozilla/5.0 (Linux; Android 10; SM-A515U Build/QP1A.190711.020; wv) AppleWebKit/537.36 (KHTML, like Gecko) Version/4.0 Chrome/86.0.4240.198 Mobile Safari/537.36 [Pinterest/Android]"
174.252.193.221 - - [14/Dec/2020:21:43:42 +0100] "GET /highslide/graphics/outlines/drop-shadow.png HTTP/1.1" 200 2022 "http://www.wonder-geek.com/-p-12862.html" "Mozilla/5.0 (Linux; Android 10; SM-A515U Build/QP1A.190711.020; wv) AppleWebKit/537.36 (KHTML, like Gecko) Version/4.0 Chrome/86.0.4240.198 Mobile Safari/537.36 [Pinterest/Android]"
174.252.193.221 - - [14/Dec/2020:21:43:42 +0100] "GET /favicon.ico HTTP/1.1" 200 1591 "http://www.wonder-geek.com/-p-12862.html" "Mozilla/5.0 (Linux; Android 10; SM-A515U Build/QP1A.190711.020; wv) AppleWebKit/537.36 (KHTML, like Gecko) Version/4.0 Chrome/86.0.4240.198 Mobile Safari/537.36 [Pinterest/Android]"
207.46.13.90 - - [14/Dec/2020:21:44:54 +0100] "GET /images/big_prod/1384015725653.jpg HTTP/1.1" 200 51728 "-" "Mozilla/5.0 (compatible; bingbot/2.0; +http://www.bing.com/bingbot.htm)"
185.191.171.2 - - [14/Dec/2020:21:46:04 +0100] "GET /robots.txt HTTP/1.1" 200 2438 "-" "Mozilla/5.0 (compatible; SemrushBot/7~bl; +http://www.semrush.com/bot.html)"
157.55.39.82 - - [14/Dec/2020:21:48:22 +0100] "GET /images/3585190646254.jpg HTTP/1.1" 200 32607 "-" "Mozilla/5.0 (compatible; bingbot/2.0; +http://www.bing.com/bingbot.htm)"
114.119.151.113 - - [14/Dec/2020:21:48:29 +0100] "GET /images/big_prod/3612873105408.jpg HTTP/1.1" 200 84541 "-" "Mozilla/5.0 (Linux; Android 7.0;) AppleWebKit/537.36 (KHTML, like Gecko) Mobile Safari/537.36 (compatible; PetalBot;+https://aspiegel.com/petalbot)"
85.208.98.25 - - [14/Dec/2020:21:49:55 +0100] "GET /robots.txt HTTP/1.1" 200 2438 "-" "Mozilla/5.0 (compatible; SemrushBot; +http://www.semrush.com/bot.html)"
85.208.98.25 - - [14/Dec/2020:21:50:31 +0100] "GET /robots.txt HTTP/1.1" 200 2438 "-" "Mozilla/5.0 (compatible; SemrushBot; +http://www.semrush.com/bot.html)"
114.119.145.117 - - [14/Dec/2020:21:52:49 +0100] "GET /images/mini_prod/3609810099012.jpg HTTP/1.1" 200 6590 "-" "Mozilla/5.0 (Linux; Android 7.0;) AppleWebKit/537.36 (KHTML, like Gecko) Mobile Safari/537.36 (compatible; PetalBot;+https://aspiegel.com/petalbot)"
13.66.139.65 - - [14/Dec/2020:21:54:55 +0100] "GET /images/big_prod/3660218964982.jpg HTTP/1.1" 200 54736 "-" "Mozilla/5.0 (compatible; bingbot/2.0; +http://www.bing.com/bingbot.htm)"
157.55.39.82 - - [14/Dec/2020:21:55:52 +0100] "GET /images/big_prod/4895220302128.jpg HTTP/1.1" 200 77494 "-" "Mozilla/5.0 (compatible; bingbot/2.0; +http://www.bing.com/bingbot.htm)"
207.46.13.175 - - [14/Dec/2020:21:55:59 +0100] "GET /images/big_prod/8422033225335.jpg HTTP/1.1" 200 179132 "-" "Mozilla/5.0 (compatible; bingbot/2.0; +http://www.bing.com/bingbot.htm)"
114.119.129.36 - - [14/Dec/2020:21:57:06 +0100] "GET /images/mini_prod/3700516262257.jpg HTTP/1.1" 200 4144 "-" "Mozilla/5.0 (Linux; Android 7.0;) AppleWebKit/537.36 (KHTML, like Gecko) Mobile Safari/537.36 (compatible; PetalBot;+https://aspiegel.com/petalbot)"
157.55.39.172 - - [14/Dec/2020:21:57:32 +0100] "GET /images/3700276232781.jpg HTTP/1.1" 200 34203 "-" "Mozilla/5.0 (compatible; bingbot/2.0; +http://www.bing.com/bingbot.htm)"
207.46.13.90 - - [14/Dec/2020:21:59:47 +0100] "GET /images/big_prod/3453131150507.jpg HTTP/1.1" 200 121006 "-" "Mozilla/5.0 (compatible; bingbot/2.0; +http://www.bing.com/bingbot.htm)"
40.77.167.36 - - [14/Dec/2020:22:03:04 +0100] "GET /images/big_prod/4010070293130.jpg HTTP/1.1" 200 96474 "-" "Mozilla/5.0 (compatible; bingbot/2.0; +http://www.bing.com/bingbot.htm)"
157.55.39.82 - - [14/Dec/2020:22:04:23 +0100] "GET /images/MISES-EN-SITUATION-14.jpg HTTP/1.1" 200 27063 "-" "Mozilla/5.0 (compatible; bingbot/2.0; +http://www.bing.com/bingbot.htm)"
13.66.139.26 - - [14/Dec/2020:22:05:22 +0100] "GET /images/big_prod_1/191693128666B.jpg HTTP/1.1" 200 109627 "-" "Mozilla/5.0 (compatible; bingbot/2.0; +http://www.bing.com/bingbot.htm)"
13.66.139.26 - - [14/Dec/2020:22:05:23 +0100] "GET /images/big_prod/8718657469287.jpg HTTP/1.1" 200 64143 "-" "Mozilla/5.0 (compatible; bingbot/2.0; +http://www.bing.com/bingbot.htm)"
207.46.13.90 - - [14/Dec/2020:22:07:40 +0100] "GET /js/jquery.jqzoom.js HTTP/1.1" 200 4761 "-" "Mozilla/5.0 (compatible; bingbot/2.0; +http://www.bing.com/bingbot.htm)"
13.66.139.65 - - [14/Dec/2020:22:10:50 +0100] "GET /images/big_prod/3608860218206.jpg HTTP/1.1" 200 85724 "-" "Mozilla/5.0 (compatible; bingbot/2.0; +http://www.bing.com/bingbot.htm)"
24.34.52.86 - - [14/Dec/2020:22:10:53 +0100] "GET /images/8435306266867.jpg HTTP/1.1" 200 63826 "https://www.bing.com/" "Mozilla/5.0 (Linux; Android 9; KFKAWI) AppleWebKit/537.36 (KHTML, like Gecko) Silk/86.3.23 like Chrome/86.0.4240.198 Safari/537.36"
40.77.167.36 - - [14/Dec/2020:22:11:25 +0100] "GET /images/mini_prod/3442440298987.jpg HTTP/1.1" 200 4998 "-" "Mozilla/5.0 (compatible; bingbot/2.0; +http://www.bing.com/bingbot.htm)"
13.66.139.65 - - [14/Dec/2020:22:11:34 +0100] "GET /images/big_prod/3608860242829.jpg HTTP/1.1" 200 48854 "-" "Mozilla/5.0 (compatible; bingbot/2.0; +http://www.bing.com/bingbot.htm)"
13.66.139.26 - - [14/Dec/2020:22:11:42 +0100] "GET /images/parme3384370102340.jpg HTTP/1.1" 200 34505 "-" "Mozilla/5.0 (compatible; bingbot/2.0; +http://www.bing.com/bingbot.htm)"
74.125.209.4 - - [14/Dec/2020:22:12:30 +0100] "GET /images/big_prod_2/f4542202653760.jpg HTTP/1.1" 200 37295 "-" "Mozilla/5.0 (Windows NT 5.1; rv:11.0) Gecko Firefox/11.0 (via ggpht.com GoogleImageProxy)"
207.46.13.90 - - [14/Dec/2020:22:13:07 +0100] "GET /images/big_prod/3453131119771BBBB.jpg HTTP/1.1" 200 60763 "-" "Mozilla/5.0 (compatible; bingbot/2.0; +http://www.bing.com/bingbot.htm)"
40.77.167.36 - - [14/Dec/2020:22:13:26 +0100] "GET /images/big_prod_2/a5018997627761.jpg HTTP/1.1" 200 67319 "-" "Mozilla/5.0 (compatible; bingbot/2.0; +http://www.bing.com/bingbot.htm)"
157.55.39.82 - - [14/Dec/2020:22:15:14 +0100] "GET /images/big_prod/3442440234077.jpg HTTP/1.1" 200 82823 "-" "Mozilla/5.0 (compatible; bingbot/2.0; +http://www.bing.com/bingbot.htm)"
207.46.13.90 - - [14/Dec/2020:22:18:38 +0100] "GET /images/med_prod/4542202652176.jpg HTTP/1.1" 200 43817 "-" "Mozilla/5.0 (compatible; bingbot/2.0; +http://www.bing.com/bingbot.htm)"
114.119.130.202 - - [14/Dec/2020:22:19:04 +0100] "GET /images/med_prod/1384010178218.jpg HTTP/1.1" 200 118438 "-" "Mozilla/5.0 (Linux; Android 7.0;) AppleWebKit/537.36 (KHTML, like Gecko) Mobile Safari/537.36 (compatible; PetalBot;+https://aspiegel.com/petalbot)"
13.66.139.26 - - [14/Dec/2020:22:19:23 +0100] "GET /images/med_prod/1384010176320.jpg HTTP/1.1" 200 56801 "-" "Mozilla/5.0 (compatible; bingbot/2.0; +http://www.bing.com/bingbot.htm)"
13.66.139.26 - - [14/Dec/2020:22:19:24 +0100] "GET /images/big_prod/8422011475738.jpg HTTP/1.1" 200 38546 "-" "Mozilla/5.0 (compatible; bingbot/2.0; +http://www.bing.com/bingbot.htm)"
13.66.139.73 - - [14/Dec/2020:22:20:27 +0100] "GET /images/big_prod/3609810072152.jpg HTTP/1.1" 200 177683 "-" "Mozilla/5.0 (compatible; bingbot/2.0; +http://www.bing.com/bingbot.htm)"
207.46.13.175 - - [14/Dec/2020:22:21:22 +0100] "GET /images/med_prod/3661977002595.jpg HTTP/1.1" 200 104737 "-" "Mozilla/5.0 (compatible; bingbot/2.0; +http://www.bing.com/bingbot.htm)"
157.55.39.82 - - [14/Dec/2020:22:22:35 +0100] "GET /images/3681643302392.jpg HTTP/1.1" 200 33452 "-" "Mozilla/5.0 (compatible; bingbot/2.0; +http://www.bing.com/bingbot.htm)"
13.66.139.73 - - [14/Dec/2020:22:23:20 +0100] "GET /images/big_prod/8422016072000.jpg HTTP/1.1" 200 109495 "-" "Mozilla/5.0 (compatible; bingbot/2.0; +http://www.bing.com/bingbot.htm)"
13.66.139.73 - - [14/Dec/2020:22:23:21 +0100] "GET /images/med_prod/1399984287781.jpg HTTP/1.1" 200 162557 "-" "Mozilla/5.0 (compatible; bingbot/2.0; +http://www.bing.com/bingbot.htm)"
114.119.132.105 - - [14/Dec/2020:22:23:28 +0100] "GET /images/mini_prod/1399984255407.jpg HTTP/1.1" 200 5411 "-" "Mozilla/5.0 (Linux; Android 7.0;) AppleWebKit/537.36 (KHTML, like Gecko) Mobile Safari/537.36 (compatible; PetalBot;+https://aspiegel.com/petalbot)"
13.66.139.65 - - [14/Dec/2020:22:23:31 +0100] "GET /images/3521320624051b.jpg HTTP/1.1" 200 22730 "-" "Mozilla/5.0 (compatible; bingbot/2.0; +http://www.bing.com/bingbot.htm)"
157.55.39.172 - - [14/Dec/2020:22:23:36 +0100] "GET /images/big_prod/8424346357284.jpg HTTP/1.1" 200 132834 "-" "Mozilla/5.0 (compatible; bingbot/2.0; +http://www.bing.com/bingbot.htm)"
207.46.13.175 - - [14/Dec/2020:22:24:01 +0100] "GET /images/mini_prod/3608860260434.jpg HTTP/1.1" 200 5855 "-" "Mozilla/5.0 (compatible; bingbot/2.0; +http://www.bing.com/bingbot.htm)"
157.55.39.172 - - [14/Dec/2020:22:24:46 +0100] "GET /images/3438100354049.jpg HTTP/1.1" 200 51292 "-" "Mozilla/5.0 (compatible; bingbot/2.0; +http://www.bing.com/bingbot.htm)"
157.55.39.82 - - [14/Dec/2020:22:24:55 +0100] "GET /images/big_prod/3520071598666.jpg HTTP/1.1" 200 32138 "-" "Mozilla/5.0 (compatible; bingbot/2.0; +http://www.bing.com/bingbot.htm)"
40.77.167.36 - - [14/Dec/2020:22:25:46 +0100] "GET /images/800399061715118072012.jpg HTTP/1.1" 200 26881 "-" "Mozilla/5.0 (compatible; bingbot/2.0; +http://www.bing.com/bingbot.htm)"
114.119.154.200 - - [14/Dec/2020:22:27:42 +0100] "GET /images/mini_prod/000010262269.jpg HTTP/1.1" 200 8999 "-" "Mozilla/5.0 (Linux; Android 7.0;) AppleWebKit/537.36 (KHTML, like Gecko) Mobile Safari/537.36 (compatible; PetalBot;+https://aspiegel.com/petalbot)"
13.66.139.73 - - [14/Dec/2020:22:28:19 +0100] "GET /images/big_prod/4029811324033.jpg HTTP/1.1" 200 42185 "-" "Mozilla/5.0 (compatible; bingbot/2.0; +http://www.bing.com/bingbot.htm)"
207.46.13.49 - - [14/Dec/2020:22:29:05 +0100] "GET /images/3438100355008.jpg HTTP/1.1" 200 103639 "-" "Mozilla/5.0 (compatible; bingbot/2.0; +http://www.bing.com/bingbot.htm)"
13.66.139.26 - - [14/Dec/2020:22:29:24 +0100] "GET /images/3438100340929.jpg HTTP/1.1" 200 28253 "-" "Mozilla/5.0 (compatible; bingbot/2.0; +http://www.bing.com/bingbot.htm)"
