13.66.139.55 - - [14/Dec/2020:05:48:20 +0100] "GET /images/big_prod/4895220300506.jpg HTTP/1.1" 200 56320 "-" "Mozilla/5.0 (compatible; bingbot/2.0; +http://www.bing.com/bingbot.htm)"
13.66.139.55 - - [14/Dec/2020:05:48:20 +0100] "GET /images/4007176434536.jpg HTTP/1.1" 200 24304 "-" "Mozilla/5.0 (compatible; bingbot/2.0; +http://www.bing.com/bingbot.htm)"
13.66.139.55 - - [14/Dec/2020:05:48:21 +0100] "GET /images/big_prod/8011717798045.jpg HTTP/1.1" 200 161050 "-" "Mozilla/5.0 (compatible; bingbot/2.0; +http://www.bing.com/bingbot.htm)"
13.66.139.26 - - [14/Dec/2020:05:48:27 +0100] "GET /images/big_prod/1328399219582.jpg HTTP/1.1" 200 91020 "-" "Mozilla/5.0 (compatible; bingbot/2.0; +http://www.bing.com/bingbot.htm)"
114.119.130.202 - - [14/Dec/2020:05:49:03 +0100] "GET /images/big_prod/1384000000192.jpg HTTP/1.1" 200 89699 "-" "Mozilla/5.0 (Linux; Android 7.0;) AppleWebKit/537.36 (KHTML, like Gecko) Mobile Safari/537.36 (compatible; PetalBot;+https://aspiegel.com/petalbot)"
207.46.13.175 - - [14/Dec/2020:05:49:17 +0100] "GET /images/big_prod/4036113510743.jpg HTTP/1.1" 200 160594 "-" "Mozilla/5.0 (compatible; bingbot/2.0; +http://www.bing.com/bingbot.htm)"
13.66.139.79 - - [14/Dec/2020:05:50:04 +0100] "GET /images/big_prod/8422020415008.jpg HTTP/1.1" 200 79971 "-" "Mozilla/5.0 (compatible; bingbot/2.0; +http://www.bing.com/bingbot.htm)"
157.55.39.59 - - [14/Dec/2020:05:50:37 +0100] "GET /images/1345544565615.jpg HTTP/1.1" 200 78324 "-" "Mozilla/5.0 (compatible; bingbot/2.0; +http://www.bing.com/bingbot.htm)"
13.66.139.79 - - [14/Dec/2020:05:51:58 +0100] "GET /images/big_prod_2/3665269058871b.jpg HTTP/1.1" 200 159096 "-" "Mozilla/5.0 (compatible; bingbot/2.0; +http://www.bing.com/bingbot.htm)"
114.119.147.45 - - [14/Dec/2020:05:53:24 +0100] "GET /images/mini_prod/3453131120906.jpg HTTP/1.1" 200 5834 "-" "Mozilla/5.0 (Linux; Android 7.0;) AppleWebKit/537.36 (KHTML, like Gecko) Mobile Safari/537.36 (compatible; PetalBot;+https://aspiegel.com/petalbot)"
13.66.139.26 - - [14/Dec/2020:05:54:01 +0100] "GET /images/big_prod/4029811262847.jpg HTTP/1.1" 200 63330 "-" "Mozilla/5.0 (compatible; bingbot/2.0; +http://www.bing.com/bingbot.htm)"
13.66.139.26 - - [14/Dec/2020:05:54:02 +0100] "GET /images/big_prod_1/b720322285434.jpg HTTP/1.1" 200 68798 "-" "Mozilla/5.0 (compatible; bingbot/2.0; +http://www.bing.com/bingbot.htm)"
13.66.139.26 - - [14/Dec/2020:05:54:33 +0100] "GET /images/big_prod/CD3960b.jpg HTTP/1.1" 200 59609 "-" "Mozilla/5.0 (compatible; bingbot/2.0; +http://www.bing.com/bingbot.htm)"
13.66.139.26 - - [14/Dec/2020:05:54:33 +0100] "GET /images/big_prod/1341689140878.jpg HTTP/1.1" 200 158623 "-" "Mozilla/5.0 (compatible; bingbot/2.0; +http://www.bing.com/bingbot.htm)"
207.46.13.48 - - [14/Dec/2020:05:55:00 +0100] "GET /images/4008789051752.jpg HTTP/1.1" 200 152024 "-" "Mozilla/5.0 (compatible; bingbot/2.0; +http://www.bing.com/bingbot.htm)"
13.66.139.79 - - [14/Dec/2020:05:55:15 +0100] "GET /images/big_prod/3281640422996.jpg HTTP/1.1" 200 100039 "-" "Mozilla/5.0 (compatible; bingbot/2.0; +http://www.bing.com/bingbot.htm)"
13.66.139.79 - - [14/Dec/2020:05:56:17 +0100] "GET /images/big_prod/3457019600023.jpg HTTP/1.1" 200 67615 "-" "Mozilla/5.0 (compatible; bingbot/2.0; +http://www.bing.com/bingbot.htm)"
13.66.139.79 - - [14/Dec/2020:05:56:17 +0100] "GET /images/3681643301715.jpg HTTP/1.1" 200 22050 "-" "Mozilla/5.0 (compatible; bingbot/2.0; +http://www.bing.com/bingbot.htm)"
13.66.139.55 - - [14/Dec/2020:05:56:22 +0100] "GET /images/big_prod/3560600312158.jpg HTTP/1.1" 200 73295 "-" "Mozilla/5.0 (compatible; bingbot/2.0; +http://www.bing.com/bingbot.htm)"
13.66.139.55 - - [14/Dec/2020:05:56:22 +0100] "GET /images/big_prod_2/8424346357864b.jpg HTTP/1.1" 200 55745 "-" "Mozilla/5.0 (compatible; bingbot/2.0; +http://www.bing.com/bingbot.htm)"
13.66.139.55 - - [14/Dec/2020:05:56:22 +0100] "GET /images/4895029694639.jpg HTTP/1.1" 200 49124 "-" "Mozilla/5.0 (compatible; bingbot/2.0; +http://www.bing.com/bingbot.htm)"
13.66.139.55 - - [14/Dec/2020:05:56:24 +0100] "GET /images/big_prod/8422089456714B.jpg HTTP/1.1" 200 167410 "-" "Mozilla/5.0 (compatible; bingbot/2.0; +http://www.bing.com/bingbot.htm)"
207.46.13.48 - - [14/Dec/2020:05:57:21 +0100] "GET /images/big_prod/1318600329995.jpg HTTP/1.1" 200 85137 "-" "Mozilla/5.0 (compatible; bingbot/2.0; +http://www.bing.com/bingbot.htm)"
114.119.158.196 - - [14/Dec/2020:05:57:48 +0100] "GET /images/mini_prod/8424345293026.jpg HTTP/1.1" 200 3123 "-" "Mozilla/5.0 (Linux; Android 7.0;) AppleWebKit/537.36 (KHTML, like Gecko) Mobile Safari/537.36 (compatible; PetalBot;+https://aspiegel.com/petalbot)"
13.66.139.79 - - [14/Dec/2020:05:57:56 +0100] "GET /images/big_prod_1/b5051276225647.jpg HTTP/1.1" 200 90231 "-" "Mozilla/5.0 (compatible; bingbot/2.0; +http://www.bing.com/bingbot.htm)"
13.66.139.79 - - [14/Dec/2020:05:59:46 +0100] "GET /images/8003990623886BB.jpg HTTP/1.1" 200 19804 "-" "Mozilla/5.0 (compatible; bingbot/2.0; +http://www.bing.com/bingbot.htm)"
13.66.139.79 - - [14/Dec/2020:06:02:07 +0100] "GET /images/big_prod_1/3453131145022N.jpg HTTP/1.1" 200 311548 "-" "Mozilla/5.0 (compatible; bingbot/2.0; +http://www.bing.com/bingbot.htm)"
114.119.147.45 - - [14/Dec/2020:06:02:10 +0100] "GET /images/100_4189.jpg HTTP/1.1" 200 25574 "-" "Mozilla/5.0 (Linux; Android 7.0;) AppleWebKit/537.36 (KHTML, like Gecko) Mobile Safari/537.36 (compatible; PetalBot;+https://aspiegel.com/petalbot)"
13.66.139.79 - - [14/Dec/2020:06:03:17 +0100] "GET /images/1300010237342.jpg HTTP/1.1" 200 69306 "-" "Mozilla/5.0 (compatible; bingbot/2.0; +http://www.bing.com/bingbot.htm)"
109.49.74.172 - - [14/Dec/2020:06:04:42 +0100] "GET /favicon.ico HTTP/1.1" 200 1591 "-" "Safari/16610.2.11.51.8 CFNetwork/1207.2 Darwin/20.1.0"
13.66.139.79 - - [14/Dec/2020:06:05:59 +0100] "GET /images/33DSCN8144.jpg HTTP/1.1" 200 29693 "-" "Mozilla/5.0 (compatible; bingbot/2.0; +http://www.bing.com/bingbot.htm)"
13.66.139.26 - - [14/Dec/2020:06:06:04 +0100] "GET /images/big_prod_1/4260082935607a.jpg HTTP/1.1" 200 109666 "-" "Mozilla/5.0 (compatible; bingbot/2.0; +http://www.bing.com/bingbot.htm)"
13.66.139.26 - - [14/Dec/2020:06:06:04 +0100] "GET /images/big_prod/B11113-copie.jpg HTTP/1.1" 200 107641 "-" "Mozilla/5.0 (compatible; bingbot/2.0; +http://www.bing.com/bingbot.htm)"
13.66.139.79 - - [14/Dec/2020:06:06:19 +0100] "GET /images/big_prod/3503420100871.jpg HTTP/1.1" 200 97255 "-" "Mozilla/5.0 (compatible; bingbot/2.0; +http://www.bing.com/bingbot.htm)"
13.66.139.55 - - [14/Dec/2020:06:06:23 +0100] "GET /images/big_prod/3503420050435.jpg HTTP/1.1" 200 88327 "-" "Mozilla/5.0 (compatible; bingbot/2.0; +http://www.bing.com/bingbot.htm)"
13.66.139.55 - - [14/Dec/2020:06:06:24 +0100] "GET /images/med_prod/5414451398688.jpg HTTP/1.1" 200 58090 "-" "Mozilla/5.0 (compatible; bingbot/2.0; +http://www.bing.com/bingbot.htm)"
13.66.139.55 - - [14/Dec/2020:06:06:24 +0100] "GET /images/med_prod/1384010179635.jpg HTTP/1.1" 200 88652 "-" "Mozilla/5.0 (compatible; bingbot/2.0; +http://www.bing.com/bingbot.htm)"
13.66.139.55 - - [14/Dec/2020:06:06:24 +0100] "GET /images/big_prod_1/3281640392367.jpg HTTP/1.1" 200 84003 "-" "Mozilla/5.0 (compatible; bingbot/2.0; +http://www.bing.com/bingbot.htm)"
13.66.139.55 - - [14/Dec/2020:06:06:25 +0100] "GET /images/med_prod/6942138911381.jpg HTTP/1.1" 200 105851 "-" "Mozilla/5.0 (compatible; bingbot/2.0; +http://www.bing.com/bingbot.htm)"
13.66.139.79 - - [14/Dec/2020:06:09:08 +0100] "GET /images/med_prod/1399984272152.jpg HTTP/1.1" 200 78436 "-" "Mozilla/5.0 (compatible; bingbot/2.0; +http://www.bing.com/bingbot.htm)"
157.55.39.59 - - [14/Dec/2020:06:09:48 +0100] "GET /images/big_prod/3453131137782.jpg HTTP/1.1" 200 74748 "-" "Mozilla/5.0 (compatible; bingbot/2.0; +http://www.bing.com/bingbot.htm)"
13.66.139.26 - - [14/Dec/2020:06:10:21 +0100] "GET /images/big_prod/3453131129695.jpg HTTP/1.1" 200 91786 "-" "Mozilla/5.0 (compatible; bingbot/2.0; +http://www.bing.com/bingbot.htm)"
13.66.139.26 - - [14/Dec/2020:06:10:21 +0100] "GET /images/big_prod/4260082936802e.jpg HTTP/1.1" 200 103308 "-" "Mozilla/5.0 (compatible; bingbot/2.0; +http://www.bing.com/bingbot.htm)"
114.119.154.200 - - [14/Dec/2020:06:10:52 +0100] "GET /images/mini_prod/1399984259832.jpg HTTP/1.1" 200 6986 "-" "Mozilla/5.0 (Linux; Android 7.0;) AppleWebKit/537.36 (KHTML, like Gecko) Mobile Safari/537.36 (compatible; PetalBot;+https://aspiegel.com/petalbot)"
13.66.139.79 - - [14/Dec/2020:06:11:19 +0100] "GET /images/big_prod/3612875116747.jpg HTTP/1.1" 200 77640 "-" "Mozilla/5.0 (compatible; bingbot/2.0; +http://www.bing.com/bingbot.htm)"
13.66.139.26 - - [14/Dec/2020:06:11:50 +0100] "GET /images/big_prod/3442440105858.jpg HTTP/1.1" 200 97688 "-" "Mozilla/5.0 (compatible; bingbot/2.0; +http://www.bing.com/bingbot.htm)"
13.66.139.26 - - [14/Dec/2020:06:11:51 +0100] "GET /images/big_prod/35444.jpg HTTP/1.1" 200 77684 "-" "Mozilla/5.0 (compatible; bingbot/2.0; +http://www.bing.com/bingbot.htm)"
157.55.39.179 - - [14/Dec/2020:06:13:07 +0100] "GET /images/med_prod/3520071373966.jpg HTTP/1.1" 200 82865 "-" "Mozilla/5.0 (compatible; bingbot/2.0; +http://www.bing.com/bingbot.htm)"
157.55.39.179 - - [14/Dec/2020:06:13:08 +0100] "GET /images/big_prod_1/3453131147729N.jpg HTTP/1.1" 200 226572 "-" "Mozilla/5.0 (compatible; bingbot/2.0; +http://www.bing.com/bingbot.htm)"
207.46.13.48 - - [14/Dec/2020:06:15:12 +0100] "GET /images/big_prod_3/76001110TFc.jpg HTTP/1.1" 200 69201 "-" "Mozilla/5.0 (compatible; bingbot/2.0; +http://www.bing.com/bingbot.htm)"
114.119.130.202 - - [14/Dec/2020:06:15:13 +0100] "GET /images/mini_prod/3661977002793.jpg HTTP/1.1" 200 8463 "-" "Mozilla/5.0 (Linux; Android 7.0;) AppleWebKit/537.36 (KHTML, like Gecko) Mobile Safari/537.36 (compatible; PetalBot;+https://aspiegel.com/petalbot)"
13.66.139.79 - - [14/Dec/2020:06:15:49 +0100] "GET /images/big_prod/8718657461113.jpg HTTP/1.1" 200 44959 "-" "Mozilla/5.0 (compatible; bingbot/2.0; +http://www.bing.com/bingbot.htm)"
157.55.39.184 - - [14/Dec/2020:06:15:59 +0100] "GET /images/big_prod_1/3608860228496B.jpg HTTP/1.1" 200 164598 "-" "Mozilla/5.0 (compatible; bingbot/2.0; +http://www.bing.com/bingbot.htm)"
157.55.39.184 - - [14/Dec/2020:06:15:59 +0100] "GET /images/big_prod_2/9316188082167b.jpg HTTP/1.1" 200 59957 "-" "Mozilla/5.0 (compatible; bingbot/2.0; +http://www.bing.com/bingbot.htm)"
157.55.39.59 - - [14/Dec/2020:06:16:27 +0100] "GET /images/big_prod/5051276373041.jpg HTTP/1.1" 200 83354 "-" "Mozilla/5.0 (compatible; bingbot/2.0; +http://www.bing.com/bingbot.htm)"
13.66.139.79 - - [14/Dec/2020:06:18:50 +0100] "GET /images/3701276289683.jpg HTTP/1.1" 200 38885 "-" "Mozilla/5.0 (compatible; bingbot/2.0; +http://www.bing.com/bingbot.htm)"
114.119.130.202 - - [14/Dec/2020:06:19:37 +0100] "GET /images/big_prod/3665269056174.jpg HTTP/1.1" 200 136826 "-" "Mozilla/5.0 (Linux; Android 7.0;) AppleWebKit/537.36 (KHTML, like Gecko) Mobile Safari/537.36 (compatible; PetalBot;+https://aspiegel.com/petalbot)"
13.66.139.79 - - [14/Dec/2020:06:20:23 +0100] "GET /images/big_prod/9316188065597.jpg HTTP/1.1" 200 63310 "-" "Mozilla/5.0 (compatible; bingbot/2.0; +http://www.bing.com/bingbot.htm)"
13.66.139.79 - - [14/Dec/2020:06:20:23 +0100] "GET /images/big_prod/3612874134100.jpg HTTP/1.1" 200 176915 "-" "Mozilla/5.0 (compatible; bingbot/2.0; +http://www.bing.com/bingbot.htm)"
157.55.39.179 - - [14/Dec/2020:06:21:38 +0100] "GET /images/big_prod_2/8719497611546b.jpg HTTP/1.1" 200 227076 "-" "Mozilla/5.0 (compatible; bingbot/2.0; +http://www.bing.com/bingbot.htm)"
13.66.139.79 - - [14/Dec/2020:06:21:52 +0100] "GET /images/med_prod/4036113813240.jpg HTTP/1.1" 200 122478 "-" "Mozilla/5.0 (compatible; bingbot/2.0; +http://www.bing.com/bingbot.htm)"
13.66.139.55 - - [14/Dec/2020:06:23:32 +0100] "GET /images/4010070239060.jpg HTTP/1.1" 200 117631 "-" "Mozilla/5.0 (compatible; bingbot/2.0; +http://www.bing.com/bingbot.htm)"
13.66.139.55 - - [14/Dec/2020:06:23:32 +0100] "GET /images/big_prod/3700407618552.jpg HTTP/1.1" 200 142901 "-" "Mozilla/5.0 (compatible; bingbot/2.0; +http://www.bing.com/bingbot.htm)"
13.66.139.55 - - [14/Dec/2020:06:23:33 +0100] "GET /images/big_prod/5024693142538.jpg HTTP/1.1" 200 97021 "-" "Mozilla/5.0 (compatible; bingbot/2.0; +http://www.bing.com/bingbot.htm)"
13.66.139.55 - - [14/Dec/2020:06:23:33 +0100] "GET /images/big_prod/8435333853245.jpg HTTP/1.1" 200 107507 "-" "Mozilla/5.0 (compatible; bingbot/2.0; +http://www.bing.com/bingbot.htm)"
114.119.151.113 - - [14/Dec/2020:06:24:09 +0100] "GET /images/mini_prod/3565750285628.jpg HTTP/1.1" 200 6202 "-" "Mozilla/5.0 (Linux; Android 7.0;) AppleWebKit/537.36 (KHTML, like Gecko) Mobile Safari/537.36 (compatible; PetalBot;+https://aspiegel.com/petalbot)"
13.66.139.26 - - [14/Dec/2020:06:24:21 +0100] "GET /images/3438100333303.jpg HTTP/1.1" 200 36416 "-" "Mozilla/5.0 (compatible; bingbot/2.0; +http://www.bing.com/bingbot.htm)"
13.66.139.26 - - [14/Dec/2020:06:24:22 +0100] "GET /images/1399984241301.jpg HTTP/1.1" 200 141750 "-" "Mozilla/5.0 (compatible; bingbot/2.0; +http://www.bing.com/bingbot.htm)"
13.66.139.79 - - [14/Dec/2020:06:24:26 +0100] "GET /images/big_prod/886767070681.jpg HTTP/1.1" 200 60313 "-" "Mozilla/5.0 (compatible; bingbot/2.0; +http://www.bing.com/bingbot.htm)"
216.244.66.242 - - [14/Dec/2020:06:24:51 +0100] "GET /robots.txt HTTP/1.1" 200 2438 "-" "Mozilla/5.0 (compatible; DotBot/1.1; http://www.opensiteexplorer.org/dotbot, help@moz.com)"
92.220.10.100 - - [14/Dec/2020:06:25:01 +0100] "GET /robots.txt HTTP/1.1" 200 2438 "-" "Mozilla/5.0 (compatible; MJ12bot/v1.4.8; http://mj12bot.com/)"
157.55.39.179 - - [14/Dec/2020:06:28:40 +0100] "GET /images/big_prod/1384010204221.jpg HTTP/1.1" 200 136764 "-" "Mozilla/5.0 (compatible; bingbot/2.0; +http://www.bing.com/bingbot.htm)"
157.55.39.59 - - [14/Dec/2020:06:30:10 +0100] "GET /images/big_prod_1/a5018997612682.jpg HTTP/1.1" 200 112412 "-" "Mozilla/5.0 (compatible; bingbot/2.0; +http://www.bing.com/bingbot.htm)"
103.218.216.113 - - [14/Dec/2020:06:30:59 +0100] "GET /images/big_prod_2/4260082936987b.jpg HTTP/1.1" 200 92428 "-" "Mozilla/5.0 (Windows NT 6.1; Win64; x64) AppleWebKit/537.36 (KHTML, like Gecko) Chrome/74.0.3729.157 Safari/537.36"
114.119.130.202 - - [14/Dec/2020:06:32:44 +0100] "GET /images/mini_prod/3609810099005.jpg HTTP/1.1" 200 5511 "-" "Mozilla/5.0 (Linux; Android 7.0;) AppleWebKit/537.36 (KHTML, like Gecko) Mobile Safari/537.36 (compatible; PetalBot;+https://aspiegel.com/petalbot)"
66.249.70.36 - - [14/Dec/2020:06:33:04 +0100] "GET /images/mini_prod/DSCN06733384371919619.jpg HTTP/1.1" 200 5855 "-" "Googlebot-Image/1.0"
66.249.70.33 - - [14/Dec/2020:06:33:04 +0100] "GET /images/mini_prod/DSCN4025n.gif HTTP/1.1" 200 9610 "-" "Googlebot-Image/1.0"
66.249.70.33 - - [14/Dec/2020:06:33:05 +0100] "GET /images/mini_prod/DSC3284371919896.jpg HTTP/1.1" 200 6825 "-" "Googlebot-Image/1.0"
13.66.139.79 - - [14/Dec/2020:06:34:16 +0100] "GET /images/big_prod/3503420045332.jpg HTTP/1.1" 200 68483 "-" "Mozilla/5.0 (compatible; bingbot/2.0; +http://www.bing.com/bingbot.htm)"
13.66.139.26 - - [14/Dec/2020:06:37:53 +0100] "GET /images/big_prod_1/9316188076913N.jpg HTTP/1.1" 200 172240 "-" "Mozilla/5.0 (compatible; bingbot/2.0; +http://www.bing.com/bingbot.htm)"
13.66.139.26 - - [14/Dec/2020:06:38:02 +0100] "GET /images/big_prod/8422039530020.jpg HTTP/1.1" 200 97156 "-" "Mozilla/5.0 (compatible; bingbot/2.0; +http://www.bing.com/bingbot.htm)"
207.46.13.48 - - [14/Dec/2020:06:39:06 +0100] "GET /images/3609810027596.jpg HTTP/1.1" 200 112669 "-" "Mozilla/5.0 (compatible; bingbot/2.0; +http://www.bing.com/bingbot.htm)"
13.66.139.26 - - [14/Dec/2020:06:39:12 +0100] "GET /images/4012390362725.jpg HTTP/1.1" 200 72475 "-" "Mozilla/5.0 (compatible; bingbot/2.0; +http://www.bing.com/bingbot.htm)"
13.66.139.79 - - [14/Dec/2020:06:39:59 +0100] "GET /images/big_prod_1/3665269059434a.jpg HTTP/1.1" 200 126505 "-" "Mozilla/5.0 (compatible; bingbot/2.0; +http://www.bing.com/bingbot.htm)"
85.10.199.185 - - [14/Dec/2020:06:41:17 +0100] "GET /robots.txt HTTP/1.1" 200 2438 "-" "Mozilla/5.0 (compatible; MJ12bot/v1.4.8; http://mj12bot.com/)"
185.191.171.12 - - [14/Dec/2020:06:41:44 +0100] "GET /robots.txt HTTP/1.1" 200 2438 "-" "Mozilla/5.0 (compatible; SemrushBot/7~bl; +http://www.semrush.com/bot.html)"
13.66.139.79 - - [14/Dec/2020:06:42:07 +0100] "GET /images/big_prod_1/5400924023324BB.jpg HTTP/1.1" 200 40884 "-" "Mozilla/5.0 (compatible; bingbot/2.0; +http://www.bing.com/bingbot.htm)"
13.66.139.79 - - [14/Dec/2020:06:42:08 +0100] "GET /images/big_prod_1/8422019282000B.jpg HTTP/1.1" 200 126768 "-" "Mozilla/5.0 (compatible; bingbot/2.0; +http://www.bing.com/bingbot.htm)"
13.66.139.26 - - [14/Dec/2020:06:42:36 +0100] "GET /images/big_prod/3665269007169.jpg HTTP/1.1" 200 208101 "-" "Mozilla/5.0 (compatible; bingbot/2.0; +http://www.bing.com/bingbot.htm)"
13.66.139.79 - - [14/Dec/2020:06:42:40 +0100] "GET /images/3660173175690.jpg HTTP/1.1" 200 80828 "-" "Mozilla/5.0 (compatible; bingbot/2.0; +http://www.bing.com/bingbot.htm)"
13.66.139.79 - - [14/Dec/2020:06:42:40 +0100] "GET /images/big_prod/3503420237386.jpg HTTP/1.1" 200 251696 "-" "Mozilla/5.0 (compatible; bingbot/2.0; +http://www.bing.com/bingbot.htm)"
5.255.231.71 - - [14/Dec/2020:06:44:02 +0100] "GET /robots.txt HTTP/1.1" 200 2438 "-" "Mozilla/5.0 (compatible; YandexBot/3.0; +http://yandex.com/bots)"
66.249.70.33 - - [14/Dec/2020:06:45:17 +0100] "GET /images/3521320700212.jpg HTTP/1.1" 200 21819 "-" "Googlebot-Image/1.0"
207.46.13.175 - - [14/Dec/2020:06:45:52 +0100] "GET /images/big_prod/3453131149044.jpg HTTP/1.1" 200 133656 "-" "Mozilla/5.0 (compatible; bingbot/2.0; +http://www.bing.com/bingbot.htm)"
103.218.216.113 - - [14/Dec/2020:06:46:23 +0100] "GET /images/DSCN168930082012.jpg HTTP/1.1" 200 17187 "-" "Mozilla/5.0 (Windows NT 6.1; Win64; x64) AppleWebKit/537.36 (KHTML, like Gecko) Chrome/74.0.3729.157 Safari/537.36"
13.66.139.79 - - [14/Dec/2020:06:46:29 +0100] "GET /images/3453131117418.jpg HTTP/1.1" 200 103686 "-" "Mozilla/5.0 (compatible; bingbot/2.0; +http://www.bing.com/bingbot.htm)"
77.75.78.169 - - [14/Dec/2020:06:46:36 +0100] "GET /robots.txt HTTP/1.1" 200 2438 "-" "Mozilla/5.0 (compatible; SeznamBot/3.2; +http://napoveda.seznam.cz/en/seznambot-intro/)"
77.75.78.169 - - [14/Dec/2020:06:46:40 +0100] "GET /images/mini_prod/a8422048810410.jpg HTTP/1.1" 200 7479 "-" "Mozilla/5.0 (compatible; SeznamBot/3.2; +http://napoveda.seznam.cz/en/seznambot-intro/)"
149.202.82.11 - - [14/Dec/2020:06:46:51 +0100] "GET /robots.txt HTTP/1.1" 200 2438 "-" "Mozilla/5.0 (compatible; MJ12bot/v1.4.8; http://mj12bot.com/)"
13.66.139.26 - - [14/Dec/2020:06:48:33 +0100] "GET /images/big_prod/3503420151002.jpg HTTP/1.1" 200 46846 "-" "Mozilla/5.0 (compatible; bingbot/2.0; +http://www.bing.com/bingbot.htm)"
13.66.139.26 - - [14/Dec/2020:06:51:13 +0100] "GET /images/4010070115104.jpg HTTP/1.1" 200 39017 "-" "Mozilla/5.0 (compatible; bingbot/2.0; +http://www.bing.com/bingbot.htm)"
13.66.139.26 - - [14/Dec/2020:06:51:54 +0100] "GET /images/400689165228710072012.jpg HTTP/1.1" 200 56367 "-" "Mozilla/5.0 (compatible; bingbot/2.0; +http://www.bing.com/bingbot.htm)"
13.66.139.26 - - [14/Dec/2020:06:51:55 +0100] "GET /images/1399984235829.jpg HTTP/1.1" 200 203249 "-" "Mozilla/5.0 (compatible; bingbot/2.0; +http://www.bing.com/bingbot.htm)"
13.66.139.26 - - [14/Dec/2020:06:53:54 +0100] "GET /images/3298060226363.jpg HTTP/1.1" 200 118008 "-" "Mozilla/5.0 (compatible; bingbot/2.0; +http://www.bing.com/bingbot.htm)"
13.66.139.79 - - [14/Dec/2020:06:54:22 +0100] "GET /images/big_prod/4029811336319.jpg HTTP/1.1" 200 166365 "-" "Mozilla/5.0 (compatible; bingbot/2.0; +http://www.bing.com/bingbot.htm)"
207.46.13.175 - - [14/Dec/2020:06:54:27 +0100] "GET /images/big_prod/3565750285796.jpg HTTP/1.1" 200 103356 "-" "Mozilla/5.0 (compatible; bingbot/2.0; +http://www.bing.com/bingbot.htm)"
114.119.129.36 - - [14/Dec/2020:06:54:32 +0100] "GET /images/big_prod/8718375753873a.jpg HTTP/1.1" 200 73344 "-" "Mozilla/5.0 (Linux; Android 7.0;) AppleWebKit/537.36 (KHTML, like Gecko) Mobile Safari/537.36 (compatible; PetalBot;+https://aspiegel.com/petalbot)"
207.46.13.48 - - [14/Dec/2020:06:55:48 +0100] "GET /images/big_prod/3453131153539.jpg HTTP/1.1" 200 22654 "-" "Mozilla/5.0 (compatible; bingbot/2.0; +http://www.bing.com/bingbot.htm)"
13.66.139.79 - - [14/Dec/2020:06:55:53 +0100] "GET /images/big_prod_1/a5018997632116.jpg HTTP/1.1" 200 63431 "-" "Mozilla/5.0 (compatible; bingbot/2.0; +http://www.bing.com/bingbot.htm)"
13.66.139.26 - - [14/Dec/2020:06:56:15 +0100] "GET /images/big_prod_1/JAMINERACINGVANILLE2.jpg HTTP/1.1" 200 84272 "-" "Mozilla/5.0 (compatible; bingbot/2.0; +http://www.bing.com/bingbot.htm)"
207.46.13.49 - - [14/Dec/2020:06:58:11 +0100] "GET /images/big_prod/4542202653821.jpg HTTP/1.1" 200 67602 "-" "Mozilla/5.0 (compatible; bingbot/2.0; +http://www.bing.com/bingbot.htm)"
13.66.139.26 - - [14/Dec/2020:06:58:17 +0100] "GET /images/med_prod/8435333834480.jpg HTTP/1.1" 200 54561 "-" "Mozilla/5.0 (compatible; bingbot/2.0; +http://www.bing.com/bingbot.htm)"
114.119.154.200 - - [14/Dec/2020:06:58:57 +0100] "GET /images/mini_prod/4012390388008.jpg HTTP/1.1" 200 6311 "-" "Mozilla/5.0 (Linux; Android 7.0;) AppleWebKit/537.36 (KHTML, like Gecko) Mobile Safari/537.36 (compatible; PetalBot;+https://aspiegel.com/petalbot)"
13.66.139.26 - - [14/Dec/2020:07:00:24 +0100] "GET /images/4893813831833%20.jpg HTTP/1.1" 200 40268 "-" "Mozilla/5.0 (compatible; bingbot/2.0; +http://www.bing.com/bingbot.htm)"
13.66.139.26 - - [14/Dec/2020:07:00:44 +0100] "GET /images/big_prod/3503420190414N.jpg HTTP/1.1" 200 61587 "-" "Mozilla/5.0 (compatible; bingbot/2.0; +http://www.bing.com/bingbot.htm)"
13.66.139.79 - - [14/Dec/2020:07:01:54 +0100] "GET /images/big_prod/5051276219615.jpg HTTP/1.1" 200 90925 "-" "Mozilla/5.0 (compatible; bingbot/2.0; +http://www.bing.com/bingbot.htm)"
207.46.13.175 - - [14/Dec/2020:07:03:44 +0100] "GET /images/big_prod/1399984243688.jpg HTTP/1.1" 200 69531 "-" "Mozilla/5.0 (compatible; bingbot/2.0; +http://www.bing.com/bingbot.htm)"
157.55.39.179 - - [14/Dec/2020:07:05:05 +0100] "GET /images/big_prod_2/8424001543984C.jpg HTTP/1.1" 200 55679 "-" "Mozilla/5.0 (compatible; bingbot/2.0; +http://www.bing.com/bingbot.htm)"
13.66.139.26 - - [14/Dec/2020:07:06:06 +0100] "GET /images/big_prod/3560600314060.jpg HTTP/1.1" 200 98566 "-" "Mozilla/5.0 (compatible; bingbot/2.0; +http://www.bing.com/bingbot.htm)"
207.46.13.49 - - [14/Dec/2020:07:07:02 +0100] "GET /images/big_prod/5051276225609.jpg HTTP/1.1" 200 59319 "-" "Mozilla/5.0 (compatible; bingbot/2.0; +http://www.bing.com/bingbot.htm)"
114.119.145.117 - - [14/Dec/2020:07:07:37 +0100] "GET /images/big_prod/8422012213315.jpg HTTP/1.1" 200 38521 "-" "Mozilla/5.0 (Linux; Android 7.0;) AppleWebKit/537.36 (KHTML, like Gecko) Mobile Safari/537.36 (compatible; PetalBot;+https://aspiegel.com/petalbot)"
13.66.139.26 - - [14/Dec/2020:07:09:25 +0100] "GET /images/big_prod/8419810093416.jpg HTTP/1.1" 200 64503 "-" "Mozilla/5.0 (compatible; bingbot/2.0; +http://www.bing.com/bingbot.htm)"
13.66.139.79 - - [14/Dec/2020:07:10:19 +0100] "GET /images/big_prod_1/3609810065178a.jpg HTTP/1.1" 200 155303 "-" "Mozilla/5.0 (compatible; bingbot/2.0; +http://www.bing.com/bingbot.htm)"
207.46.13.175 - - [14/Dec/2020:07:10:34 +0100] "GET /images/8421440012309.jpg HTTP/1.1" 200 47120 "-" "Mozilla/5.0 (compatible; bingbot/2.0; +http://www.bing.com/bingbot.htm)"
54.162.102.36 - - [14/Dec/2020:07:11:23 +0100] "GET /robots.txt HTTP/1.1" 200 2438 "-" "MixnodeCache/1.8(+https://cache.mixnode.com/)"
114.119.150.15 - - [14/Dec/2020:07:11:58 +0100] "GET /images/mini_prod/8433933193297.jpg HTTP/1.1" 200 6782 "-" "Mozilla/5.0 (Linux; Android 7.0;) AppleWebKit/537.36 (KHTML, like Gecko) Mobile Safari/537.36 (compatible; PetalBot;+https://aspiegel.com/petalbot)"
207.46.13.49 - - [14/Dec/2020:07:12:13 +0100] "GET /images/big_prod/3701206600427.jpg HTTP/1.1" 200 128886 "-" "Mozilla/5.0 (compatible; bingbot/2.0; +http://www.bing.com/bingbot.htm)"
207.46.13.49 - - [14/Dec/2020:07:14:03 +0100] "GET /images/big_prod/3014627886227.jpg HTTP/1.1" 200 50446 "-" "Mozilla/5.0 (compatible; bingbot/2.0; +http://www.bing.com/bingbot.htm)"
13.66.139.79 - - [14/Dec/2020:07:14:11 +0100] "GET /images/med_prod/1300010241806.jpg HTTP/1.1" 200 67041 "-" "Mozilla/5.0 (compatible; bingbot/2.0; +http://www.bing.com/bingbot.htm)"
13.66.139.79 - - [14/Dec/2020:07:14:41 +0100] "GET /images/big_prod/3612872115071.jpg HTTP/1.1" 200 120692 "-" "Mozilla/5.0 (compatible; bingbot/2.0; +http://www.bing.com/bingbot.htm)"
216.244.66.242 - - [14/Dec/2020:07:15:43 +0100] "GET /robots.txt HTTP/1.1" 200 2438 "-" "Mozilla/5.0 (compatible; DotBot/1.1; http://www.opensiteexplorer.org/dotbot, help@moz.com)"
13.66.139.26 - - [14/Dec/2020:07:15:56 +0100] "GET /images/big_prod_1/b720322296225.jpg HTTP/1.1" 200 58512 "-" "Mozilla/5.0 (compatible; bingbot/2.0; +http://www.bing.com/bingbot.htm)"
13.66.139.26 - - [14/Dec/2020:07:15:57 +0100] "GET /images/big_prod_2/3700230605514b.jpg HTTP/1.1" 200 55550 "-" "Mozilla/5.0 (compatible; bingbot/2.0; +http://www.bing.com/bingbot.htm)"
13.66.139.79 - - [14/Dec/2020:07:16:02 +0100] "GET /images/big_prod/3700516224873.jpg HTTP/1.1" 200 161873 "-" "Mozilla/5.0 (compatible; bingbot/2.0; +http://www.bing.com/bingbot.htm)"
114.119.145.117 - - [14/Dec/2020:07:16:21 +0100] "GET /images/big_prod/3503424502091.jpg HTTP/1.1" 200 108942 "-" "Mozilla/5.0 (Linux; Android 7.0;) AppleWebKit/537.36 (KHTML, like Gecko) Mobile Safari/537.36 (compatible; PetalBot;+https://aspiegel.com/petalbot)"
13.66.139.26 - - [14/Dec/2020:07:16:29 +0100] "GET /images/big_prod/1399986106011.jpg HTTP/1.1" 200 58090 "-" "Mozilla/5.0 (compatible; bingbot/2.0; +http://www.bing.com/bingbot.htm)"
207.46.13.191 - - [14/Dec/2020:07:17:02 +0100] "GET /images/5012994628660.jpg HTTP/1.1" 200 22584 "-" "Mozilla/5.0 (compatible; bingbot/2.0; +http://www.bing.com/bingbot.htm)"
157.55.39.179 - - [14/Dec/2020:07:17:07 +0100] "GET /images/big_prod_2/8422111515952C.jpg HTTP/1.1" 200 209017 "-" "Mozilla/5.0 (compatible; bingbot/2.0; +http://www.bing.com/bingbot.htm)"
77.75.76.164 - - [14/Dec/2020:07:17:38 +0100] "GET /robots.txt HTTP/1.1" 200 2438 "-" "Mozilla/5.0 (compatible; SeznamBot/3.2; +http://napoveda.seznam.cz/en/seznambot-intro/)"
77.75.76.164 - - [14/Dec/2020:07:17:39 +0100] "GET /images/mini_prod/3609810048713.jpg HTTP/1.1" 200 7371 "-" "Mozilla/5.0 (compatible; SeznamBot/3.2; +http://napoveda.seznam.cz/en/seznambot-intro/)"
13.66.139.26 - - [14/Dec/2020:07:17:47 +0100] "GET /images/big_prod/5018997752432.jpg HTTP/1.1" 200 124732 "-" "Mozilla/5.0 (compatible; bingbot/2.0; +http://www.bing.com/bingbot.htm)"
13.66.139.26 - - [14/Dec/2020:07:17:56 +0100] "GET /images/DSCN0574.jpg HTTP/1.1" 200 23629 "-" "Mozilla/5.0 (compatible; bingbot/2.0; +http://www.bing.com/bingbot.htm)"
13.66.139.26 - - [14/Dec/2020:07:17:56 +0100] "GET /images/big_prod/8433933064535.jpg HTTP/1.1" 200 94783 "-" "Mozilla/5.0 (compatible; bingbot/2.0; +http://www.bing.com/bingbot.htm)"
207.46.13.175 - - [14/Dec/2020:07:18:05 +0100] "GET /images/big_prod/3014627846351N.jpg HTTP/1.1" 200 48063 "-" "Mozilla/5.0 (compatible; bingbot/2.0; +http://www.bing.com/bingbot.htm)"
114.119.132.105 - - [14/Dec/2020:07:20:47 +0100] "GET /images/big_prod/3503420076114.jpg HTTP/1.1" 200 53702 "-" "Mozilla/5.0 (Linux; Android 7.0;) AppleWebKit/537.36 (KHTML, like Gecko) Mobile Safari/537.36 (compatible; PetalBot;+https://aspiegel.com/petalbot)"
13.66.139.26 - - [14/Dec/2020:07:21:17 +0100] "GET /images/big_prod/1345544554305.jpg HTTP/1.1" 200 110817 "-" "Mozilla/5.0 (compatible; bingbot/2.0; +http://www.bing.com/bingbot.htm)"
13.66.139.26 - - [14/Dec/2020:07:21:57 +0100] "GET /images/big_prod_1/8719075395110.jpg HTTP/1.1" 200 66479 "-" "Mozilla/5.0 (compatible; bingbot/2.0; +http://www.bing.com/bingbot.htm)"
13.66.139.79 - - [14/Dec/2020:07:22:43 +0100] "GET /images/big_prod/8409810063762.jpg HTTP/1.1" 200 122915 "-" "Mozilla/5.0 (compatible; bingbot/2.0; +http://www.bing.com/bingbot.htm)"
157.55.39.179 - - [14/Dec/2020:07:24:06 +0100] "GET /images/big_prod_2/8424346043873NN.jpg HTTP/1.1" 200 169248 "-" "Mozilla/5.0 (compatible; bingbot/2.0; +http://www.bing.com/bingbot.htm)"
207.46.13.175 - - [14/Dec/2020:07:24:45 +0100] "GET /images/3700276281772.jpg HTTP/1.1" 200 34458 "-" "Mozilla/5.0 (compatible; bingbot/2.0; +http://www.bing.com/bingbot.htm)"
13.66.139.26 - - [14/Dec/2020:07:24:50 +0100] "GET /images/med_prod/3660173057279.jpg HTTP/1.1" 200 96112 "-" "Mozilla/5.0 (compatible; bingbot/2.0; +http://www.bing.com/bingbot.htm)"
207.46.13.175 - - [14/Dec/2020:07:25:06 +0100] "GET /images/1341689387563.jpg HTTP/1.1" 200 73236 "-" "Mozilla/5.0 (compatible; bingbot/2.0; +http://www.bing.com/bingbot.htm)"
13.66.139.79 - - [14/Dec/2020:07:26:15 +0100] "GET /images/big_prod/3609810076303.jpg HTTP/1.1" 200 104842 "-" "Mozilla/5.0 (compatible; bingbot/2.0; +http://www.bing.com/bingbot.htm)"
13.66.139.79 - - [14/Dec/2020:07:26:15 +0100] "GET /images/big_prod_1/8719172831979.jpg HTTP/1.1" 200 38597 "-" "Mozilla/5.0 (compatible; bingbot/2.0; +http://www.bing.com/bingbot.htm)"
13.66.139.26 - - [14/Dec/2020:07:26:19 +0100] "GET /images/big_prod/3662600010338.jpg HTTP/1.1" 200 92661 "-" "Mozilla/5.0 (compatible; bingbot/2.0; +http://www.bing.com/bingbot.htm)"
13.66.139.79 - - [14/Dec/2020:07:27:24 +0100] "GET /images/big_prod_2/4029811390830C.jpg HTTP/1.1" 200 70124 "-" "Mozilla/5.0 (compatible; bingbot/2.0; +http://www.bing.com/bingbot.htm)"
13.66.139.26 - - [14/Dec/2020:07:28:18 +0100] "GET /images/65459.jpg HTTP/1.1" 200 57630 "-" "Mozilla/5.0 (compatible; bingbot/2.0; +http://www.bing.com/bingbot.htm)"
207.46.13.49 - - [14/Dec/2020:07:28:53 +0100] "GET /js/jquery.masonry.min.js HTTP/1.1" 200 5392 "-" "Mozilla/5.0 (compatible; bingbot/2.0; +http://www.bing.com/bingbot.htm)"
13.66.139.79 - - [14/Dec/2020:07:29:46 +0100] "GET /images/big_prod/8424346256877.jpg HTTP/1.1" 200 65608 "-" "Mozilla/5.0 (compatible; bingbot/2.0; +http://www.bing.com/bingbot.htm)"
207.46.13.48 - - [14/Dec/2020:07:29:52 +0100] "GET /images/big_prod/8433933201695.jpg HTTP/1.1" 200 115482 "-" "Mozilla/5.0 (compatible; bingbot/2.0; +http://www.bing.com/bingbot.htm)"
207.46.13.49 - - [14/Dec/2020:07:30:24 +0100] "GET /images/1300010240274.jpg HTTP/1.1" 200 89484 "-" "Mozilla/5.0 (compatible; bingbot/2.0; +http://www.bing.com/bingbot.htm)"
114.119.148.105 - - [14/Dec/2020:07:33:48 +0100] "GET /images/mini_prod/8424346524143.jpg HTTP/1.1" 200 4903 "-" "Mozilla/5.0 (Linux; Android 7.0;) AppleWebKit/537.36 (KHTML, like Gecko) Mobile Safari/537.36 (compatible; PetalBot;+https://aspiegel.com/petalbot)"
13.66.139.79 - - [14/Dec/2020:07:35:19 +0100] "GET /images/med_prod/3520071345581.jpg HTTP/1.1" 200 135255 "-" "Mozilla/5.0 (compatible; bingbot/2.0; +http://www.bing.com/bingbot.htm)"
13.66.139.79 - - [14/Dec/2020:07:36:02 +0100] "GET /images/big_prod_1/8719497617616a.jpg HTTP/1.1" 200 77787 "-" "Mozilla/5.0 (compatible; bingbot/2.0; +http://www.bing.com/bingbot.htm)"
13.66.139.79 - - [14/Dec/2020:07:36:30 +0100] "GET /images/big_prod/3503424504569.jpg HTTP/1.1" 200 150283 "-" "Mozilla/5.0 (compatible; bingbot/2.0; +http://www.bing.com/bingbot.htm)"
157.55.39.77 - - [14/Dec/2020:07:36:34 +0100] "GET /images/big_prod/3453131131612.jpg HTTP/1.1" 200 219671 "-" "Mozilla/5.0 (compatible; bingbot/2.0; +http://www.bing.com/bingbot.htm)"
157.55.39.77 - - [14/Dec/2020:07:36:36 +0100] "GET /images/8432699030273.jpg HTTP/1.1" 200 37032 "-" "Mozilla/5.0 (compatible; bingbot/2.0; +http://www.bing.com/bingbot.htm)"
157.55.39.77 - - [14/Dec/2020:07:36:37 +0100] "GET /images/big_prod/1328399219346.jpg HTTP/1.1" 200 107136 "-" "Mozilla/5.0 (compatible; bingbot/2.0; +http://www.bing.com/bingbot.htm)"
13.66.139.79 - - [14/Dec/2020:07:37:21 +0100] "GET /images/med_prod/3453131112710.jpg HTTP/1.1" 200 116959 "-" "Mozilla/5.0 (compatible; bingbot/2.0; +http://www.bing.com/bingbot.htm)"
13.66.139.79 - - [14/Dec/2020:07:37:22 +0100] "GET /images/big_prod/8011717798946.jpg HTTP/1.1" 200 86267 "-" "Mozilla/5.0 (compatible; bingbot/2.0; +http://www.bing.com/bingbot.htm)"
157.55.39.106 - - [14/Dec/2020:07:38:46 +0100] "GET /images/big_prod/8424346034833.jpg HTTP/1.1" 200 75412 "-" "Mozilla/5.0 (compatible; bingbot/2.0; +http://www.bing.com/bingbot.htm)"
13.66.139.26 - - [14/Dec/2020:07:39:47 +0100] "GET /images/4036113165592.jpg HTTP/1.1" 200 39941 "-" "Mozilla/5.0 (compatible; bingbot/2.0; +http://www.bing.com/bingbot.htm)"
157.55.39.59 - - [14/Dec/2020:07:40:47 +0100] "GET /images/med_prod/3520071097725.jpg HTTP/1.1" 200 59598 "-" "Mozilla/5.0 (compatible; bingbot/2.0; +http://www.bing.com/bingbot.htm)"
207.46.13.191 - - [14/Dec/2020:07:41:15 +0100] "GET /images/big_prod/1384010207444.jpg HTTP/1.1" 200 74372 "-" "Mozilla/5.0 (compatible; bingbot/2.0; +http://www.bing.com/bingbot.htm)"
13.66.139.26 - - [14/Dec/2020:07:41:59 +0100] "GET /images/big_prod/8422099381181.jpg HTTP/1.1" 200 69816 "-" "Mozilla/5.0 (compatible; bingbot/2.0; +http://www.bing.com/bingbot.htm)"
13.66.139.79 - - [14/Dec/2020:07:42:04 +0100] "GET /images/big_prod/8422035312002.jpg HTTP/1.1" 200 84736 "-" "Mozilla/5.0 (compatible; bingbot/2.0; +http://www.bing.com/bingbot.htm)"
13.66.139.79 - - [14/Dec/2020:07:42:34 +0100] "GET /images/med_prod/1399984286142.jpg HTTP/1.1" 200 187958 "-" "Mozilla/5.0 (compatible; bingbot/2.0; +http://www.bing.com/bingbot.htm)"
114.119.144.233 - - [14/Dec/2020:07:42:34 +0100] "GET /images/mini_prod/028399046300.jpg HTTP/1.1" 200 5643 "-" "Mozilla/5.0 (Linux; Android 7.0;) AppleWebKit/537.36 (KHTML, like Gecko) Mobile Safari/537.36 (compatible; PetalBot;+https://aspiegel.com/petalbot)"
207.46.13.191 - - [14/Dec/2020:07:42:54 +0100] "GET /images/big_prod/3609810065215.jpg HTTP/1.1" 200 92721 "-" "Mozilla/5.0 (compatible; bingbot/2.0; +http://www.bing.com/bingbot.htm)"
207.46.13.48 - - [14/Dec/2020:07:43:04 +0100] "GET /images/mini_prod/8422313638008D.jpg HTTP/1.1" 200 4249 "-" "Mozilla/5.0 (compatible; bingbot/2.0; +http://www.bing.com/bingbot.htm)"
207.46.13.175 - - [14/Dec/2020:07:43:28 +0100] "GET /images/big_prod_2/8424346352616C.jpg HTTP/1.1" 200 78910 "-" "Mozilla/5.0 (compatible; bingbot/2.0; +http://www.bing.com/bingbot.htm)"
66.249.70.62 - - [14/Dec/2020:07:45:22 +0100] "GET /images/med_prod/8435333836873.jpg HTTP/1.1" 200 125123 "-" "Googlebot-Image/1.0"
13.66.139.26 - - [14/Dec/2020:07:45:59 +0100] "GET /images/med_prod/720322240013.jpg HTTP/1.1" 200 87343 "-" "Mozilla/5.0 (compatible; bingbot/2.0; +http://www.bing.com/bingbot.htm)"
114.119.158.196 - - [14/Dec/2020:07:46:56 +0100] "GET /images/mini_prod/5051276247465.jpg HTTP/1.1" 200 6637 "-" "Mozilla/5.0 (Linux; Android 7.0;) AppleWebKit/537.36 (KHTML, like Gecko) Mobile Safari/537.36 (compatible; PetalBot;+https://aspiegel.com/petalbot)"
157.55.39.184 - - [14/Dec/2020:07:47:04 +0100] "GET /images/4012390361223.jpg HTTP/1.1" 200 90193 "-" "Mozilla/5.0 (compatible; bingbot/2.0; +http://www.bing.com/bingbot.htm)"
157.55.39.184 - - [14/Dec/2020:07:47:07 +0100] "GET /images/med_prod/3438100363218.jpg HTTP/1.1" 200 224482 "-" "Mozilla/5.0 (compatible; bingbot/2.0; +http://www.bing.com/bingbot.htm)"
207.46.13.48 - - [14/Dec/2020:07:47:11 +0100] "GET /images/mini_prod/8011717797451.jpg HTTP/1.1" 200 7874 "-" "Mozilla/5.0 (compatible; bingbot/2.0; +http://www.bing.com/bingbot.htm)"
13.66.139.26 - - [14/Dec/2020:07:47:19 +0100] "GET /images/big_prod/3453131151443.jpg HTTP/1.1" 200 186516 "-" "Mozilla/5.0 (compatible; bingbot/2.0; +http://www.bing.com/bingbot.htm)"
207.46.13.49 - - [14/Dec/2020:07:47:25 +0100] "GET /images/big_prod/1300000022866.jpg HTTP/1.1" 200 73395 "-" "Mozilla/5.0 (compatible; bingbot/2.0; +http://www.bing.com/bingbot.htm)"
13.66.139.26 - - [14/Dec/2020:07:48:20 +0100] "GET /images/big_prod_1/b9349878006990.jpg HTTP/1.1" 200 121330 "-" "Mozilla/5.0 (compatible; bingbot/2.0; +http://www.bing.com/bingbot.htm)"
13.66.139.26 - - [14/Dec/2020:07:48:49 +0100] "GET /images/6942138908688.jpg HTTP/1.1" 200 35802 "-" "Mozilla/5.0 (compatible; bingbot/2.0; +http://www.bing.com/bingbot.htm)"
13.66.139.26 - - [14/Dec/2020:07:50:39 +0100] "GET /images/big_prod/9316188080187.jpg HTTP/1.1" 200 77404 "-" "Mozilla/5.0 (compatible; bingbot/2.0; +http://www.bing.com/bingbot.htm)"
207.46.13.191 - - [14/Dec/2020:07:55:36 +0100] "GET /images/med_prod/3609810033979.jpg HTTP/1.1" 200 58196 "-" "Mozilla/5.0 (compatible; bingbot/2.0; +http://www.bing.com/bingbot.htm)"
157.55.39.179 - - [14/Dec/2020:07:56:22 +0100] "GET /images/big_prod/8422010878028.jpg HTTP/1.1" 200 44322 "-" "Mozilla/5.0 (compatible; bingbot/2.0; +http://www.bing.com/bingbot.htm)"
204.83.247.28 - - [14/Dec/2020:07:56:22 +0100] "GET /highslide/highslide.js HTTP/1.1" 200 42909 "http://www.wonder-geek.com/bob-marley-zippo-lighter-p-29779.html" "Mozilla/5.0 (iPhone; CPU iPhone OS 13_5 like Mac OS X) AppleWebKit/605.1.15 (KHTML, like Gecko) GSA/128.0.335051718 Mobile/15E148 Safari/604.1"
204.83.247.28 - - [14/Dec/2020:07:56:22 +0100] "GET /templates/Pixame_v1/stylesheet.css HTTP/1.1" 200 56057 "http://www.wonder-geek.com/bob-marley-zippo-lighter-p-29779.html" "Mozilla/5.0 (iPhone; CPU iPhone OS 13_5 like Mac OS X) AppleWebKit/605.1.15 (KHTML, like Gecko) GSA/128.0.335051718 Mobile/15E148 Safari/604.1"
204.83.247.28 - - [14/Dec/2020:07:56:22 +0100] "GET /js/jquery.jqzoom.js HTTP/1.1" 200 4761 "http://www.wonder-geek.com/bob-marley-zippo-lighter-p-29779.html" "Mozilla/5.0 (iPhone; CPU iPhone OS 13_5 like Mac OS X) AppleWebKit/605.1.15 (KHTML, like Gecko) GSA/128.0.335051718 Mobile/15E148 Safari/604.1"
204.83.247.28 - - [14/Dec/2020:07:56:23 +0100] "GET /js/jquery.js HTTP/1.1" 200 54075 "http://www.wonder-geek.com/bob-marley-zippo-lighter-p-29779.html" "Mozilla/5.0 (iPhone; CPU iPhone OS 13_5 like Mac OS X) AppleWebKit/605.1.15 (KHTML, like Gecko) GSA/128.0.335051718 Mobile/15E148 Safari/604.1"
204.83.247.28 - - [14/Dec/2020:07:56:24 +0100] "GET /templates/Pixame_v1/images/icon_accueil2.png HTTP/1.1" 200 1137 "http://www.wonder-geek.com/bob-marley-zippo-lighter-p-29779.html" "Mozilla/5.0 (iPhone; CPU iPhone OS 13_5 like Mac OS X) AppleWebKit/605.1.15 (KHTML, like Gecko) GSA/128.0.335051718 Mobile/15E148 Safari/604.1"
204.83.247.28 - - [14/Dec/2020:07:56:25 +0100] "GET /mondial_relay/js/jquery-1.3.2.min.js HTTP/1.1" 200 57254 "http://www.wonder-geek.com/bob-marley-zippo-lighter-p-29779.html" "Mozilla/5.0 (iPhone; CPU iPhone OS 13_5 like Mac OS X) AppleWebKit/605.1.15 (KHTML, like Gecko) GSA/128.0.335051718 Mobile/15E148 Safari/604.1"
204.83.247.28 - - [14/Dec/2020:07:56:26 +0100] "GET /templates/Pixame_v1/images/buttons/english/button_in_cart.gif HTTP/1.1" 200 1212 "http://www.wonder-geek.com/bob-marley-zippo-lighter-p-29779.html" "Mozilla/5.0 (iPhone; CPU iPhone OS 13_5 like Mac OS X) AppleWebKit/605.1.15 (KHTML, like Gecko) GSA/128.0.335051718 Mobile/15E148 Safari/604.1"
13.66.139.26 - - [14/Dec/2020:07:56:30 +0100] "GET /images/big_prod_1/b8718657460567.jpg HTTP/1.1" 200 53852 "-" "Mozilla/5.0 (compatible; bingbot/2.0; +http://www.bing.com/bingbot.htm)"
204.83.247.28 - - [14/Dec/2020:07:56:32 +0100] "GET /templates/Pixame_v1/images/Bottom_texture.jpg HTTP/1.1" 200 56290 "http://www.wonder-geek.com/bob-marley-zippo-lighter-p-29779.html" "Mozilla/5.0 (iPhone; CPU iPhone OS 13_5 like Mac OS X) AppleWebKit/605.1.15 (KHTML, like Gecko) GSA/128.0.335051718 Mobile/15E148 Safari/604.1"
204.83.247.28 - - [14/Dec/2020:07:56:35 +0100] "GET /templates/Pixame_v1/images/nav.png HTTP/1.1" 200 1283 "http://www.wonder-geek.com/bob-marley-zippo-lighter-p-29779.html" "Mozilla/5.0 (iPhone; CPU iPhone OS 13_5 like Mac OS X) AppleWebKit/605.1.15 (KHTML, like Gecko) GSA/128.0.335051718 Mobile/15E148 Safari/604.1"
204.83.247.28 - - [14/Dec/2020:07:56:40 +0100] "GET /templates/Pixame_v1/images/header.png HTTP/1.1" 200 70245 "http://www.wonder-geek.com/bob-marley-zippo-lighter-p-29779.html" "Mozilla/5.0 (iPhone; CPU iPhone OS 13_5 like Mac OS X) AppleWebKit/605.1.15 (KHTML, like Gecko) GSA/128.0.335051718 Mobile/15E148 Safari/604.1"
204.83.247.28 - - [14/Dec/2020:07:56:40 +0100] "GET /images/1341689284886.jpg HTTP/1.1" 200 123218 "http://www.wonder-geek.com/bob-marley-zippo-lighter-p-29779.html" "Mozilla/5.0 (iPhone; CPU iPhone OS 13_5 like Mac OS X) AppleWebKit/605.1.15 (KHTML, like Gecko) GSA/128.0.335051718 Mobile/15E148 Safari/604.1"
204.83.247.28 - - [14/Dec/2020:07:56:44 +0100] "GET /design/productsenstock.png HTTP/1.1" 200 4743 "http://www.wonder-geek.com/bob-marley-zippo-lighter-p-29779.html" "Mozilla/5.0 (iPhone; CPU iPhone OS 13_5 like Mac OS X) AppleWebKit/605.1.15 (KHTML, like Gecko) GSA/128.0.335051718 Mobile/15E148 Safari/604.1"
204.83.247.28 - - [14/Dec/2020:07:56:51 +0100] "GET /templates/Pixame_v1/images/Middle_texture.jpg HTTP/1.1" 200 249620 "http://www.wonder-geek.com/bob-marley-zippo-lighter-p-29779.html" "Mozilla/5.0 (iPhone; CPU iPhone OS 13_5 like Mac OS X) AppleWebKit/605.1.15 (KHTML, like Gecko) GSA/128.0.335051718 Mobile/15E148 Safari/604.1"
204.83.247.28 - - [14/Dec/2020:07:56:55 +0100] "GET /templates/Pixame_v1/images/header-object.png HTTP/1.1" 200 106050 "http://www.wonder-geek.com/bob-marley-zippo-lighter-p-29779.html" "Mozilla/5.0 (iPhone; CPU iPhone OS 13_5 like Mac OS X) AppleWebKit/605.1.15 (KHTML, like Gecko) GSA/128.0.335051718 Mobile/15E148 Safari/604.1"
5.255.231.71 - - [14/Dec/2020:07:57:20 +0100] "GET /images/med_prod/4012390369380.jpg HTTP/1.1" 200 51691 "-" "Mozilla/5.0 (compatible; YandexImages/3.0; +http://yandex.com/bots)"
13.66.139.26 - - [14/Dec/2020:07:58:01 +0100] "GET /images/big_prod_1/3014627746132NN.jpg HTTP/1.1" 200 151240 "-" "Mozilla/5.0 (compatible; bingbot/2.0; +http://www.bing.com/bingbot.htm)"
13.66.139.26 - - [14/Dec/2020:07:58:01 +0100] "GET /images/big_prod/1384010184783.jpg HTTP/1.1" 200 77019 "-" "Mozilla/5.0 (compatible; bingbot/2.0; +http://www.bing.com/bingbot.htm)"
13.66.139.26 - - [14/Dec/2020:07:58:21 +0100] "GET /images/1399984231289.jpg HTTP/1.1" 200 49547 "-" "Mozilla/5.0 (compatible; bingbot/2.0; +http://www.bing.com/bingbot.htm)"
13.66.139.26 - - [14/Dec/2020:07:59:22 +0100] "GET /images/big_prod_1/8719172838244a.jpg HTTP/1.1" 200 197584 "-" "Mozilla/5.0 (compatible; bingbot/2.0; +http://www.bing.com/bingbot.htm)"
13.66.139.26 - - [14/Dec/2020:08:00:02 +0100] "GET /images/DSCN458419072013.jpg HTTP/1.1" 200 24915 "-" "Mozilla/5.0 (compatible; bingbot/2.0; +http://www.bing.com/bingbot.htm)"
13.66.139.26 - - [14/Dec/2020:08:00:03 +0100] "GET /images/big_prod_1/4036113430577A.jpg HTTP/1.1" 200 73468 "-" "Mozilla/5.0 (compatible; bingbot/2.0; +http://www.bing.com/bingbot.htm)"
13.66.139.26 - - [14/Dec/2020:08:00:41 +0100] "GET /images/big_prod/8422096017632.jpg HTTP/1.1" 200 103443 "-" "Mozilla/5.0 (compatible; bingbot/2.0; +http://www.bing.com/bingbot.htm)"
157.55.39.197 - - [14/Dec/2020:08:01:42 +0100] "GET /images/3662468002063.jpg HTTP/1.1" 200 116187 "-" "Mozilla/5.0 (compatible; bingbot/2.0; +http://www.bing.com/bingbot.htm)"
157.55.39.197 - - [14/Dec/2020:08:02:17 +0100] "GET /images/big_prod/3014627556168.jpg HTTP/1.1" 200 64426 "-" "Mozilla/5.0 (compatible; bingbot/2.0; +http://www.bing.com/bingbot.htm)"
157.55.39.197 - - [14/Dec/2020:08:02:18 +0100] "GET /images/mini_prod/3453131132930.jpg HTTP/1.1" 200 7112 "-" "Mozilla/5.0 (compatible; bingbot/2.0; +http://www.bing.com/bingbot.htm)"
13.66.139.26 - - [14/Dec/2020:08:03:31 +0100] "GET /images/med_prod/1384010178843.jpg HTTP/1.1" 200 113823 "-" "Mozilla/5.0 (compatible; bingbot/2.0; +http://www.bing.com/bingbot.htm)"
114.119.132.105 - - [14/Dec/2020:08:04:21 +0100] "GET /images/mini_prod/8422011475172.jpg HTTP/1.1" 200 6482 "-" "Mozilla/5.0 (Linux; Android 7.0;) AppleWebKit/537.36 (KHTML, like Gecko) Mobile Safari/537.36 (compatible; PetalBot;+https://aspiegel.com/petalbot)"
13.66.139.26 - - [14/Dec/2020:08:04:33 +0100] "GET /images/big_prod_1/8720088292495a.jpg HTTP/1.1" 200 128026 "-" "Mozilla/5.0 (compatible; bingbot/2.0; +http://www.bing.com/bingbot.htm)"
13.66.139.26 - - [14/Dec/2020:08:05:10 +0100] "GET /images/big_prod/8718375753712.jpg HTTP/1.1" 200 89972 "-" "Mozilla/5.0 (compatible; bingbot/2.0; +http://www.bing.com/bingbot.htm)"
66.249.70.36 - - [14/Dec/2020:08:06:25 +0100] "GET /images/med_prod/8435333836873.jpg HTTP/1.1" 200 125123 "-" "Googlebot-Image/1.0"
216.244.66.242 - - [14/Dec/2020:08:06:27 +0100] "GET /robots.txt HTTP/1.1" 200 2438 "-" "Mozilla/5.0 (compatible; DotBot/1.1; http://www.opensiteexplorer.org/dotbot, help@moz.com)"
207.46.13.175 - - [14/Dec/2020:08:06:39 +0100] "GET /images/8435333820773.jpg HTTP/1.1" 200 71045 "-" "Mozilla/5.0 (compatible; bingbot/2.0; +http://www.bing.com/bingbot.htm)"
157.55.39.184 - - [14/Dec/2020:08:07:03 +0100] "GET /images/1020322242390.jpg HTTP/1.1" 200 49630 "-" "Mozilla/5.0 (compatible; bingbot/2.0; +http://www.bing.com/bingbot.htm)"
157.55.39.184 - - [14/Dec/2020:08:07:04 +0100] "GET /images/big_prod/1384010184783.jpg HTTP/1.1" 200 77019 "-" "Mozilla/5.0 (compatible; bingbot/2.0; +http://www.bing.com/bingbot.htm)"
157.55.39.184 - - [14/Dec/2020:08:07:04 +0100] "GET /images/big_prod_1/b1341689117993.jpg HTTP/1.1" 200 135094 "-" "Mozilla/5.0 (compatible; bingbot/2.0; +http://www.bing.com/bingbot.htm)"
114.119.158.196 - - [14/Dec/2020:08:08:46 +0100] "GET /images/big_prod/4012390387520.jpg HTTP/1.1" 200 100929 "-" "Mozilla/5.0 (Linux; Android 7.0;) AppleWebKit/537.36 (KHTML, like Gecko) Mobile Safari/537.36 (compatible; PetalBot;+https://aspiegel.com/petalbot)"
13.66.139.26 - - [14/Dec/2020:08:10:02 +0100] "GET /images/big_prod/8422020166344.jpg HTTP/1.1" 200 51304 "-" "Mozilla/5.0 (compatible; bingbot/2.0; +http://www.bing.com/bingbot.htm)"
13.66.139.26 - - [14/Dec/2020:08:10:22 +0100] "GET /images/big_prod/3609810083325b.jpg HTTP/1.1" 200 75561 "-" "Mozilla/5.0 (compatible; bingbot/2.0; +http://www.bing.com/bingbot.htm)"
207.46.13.175 - - [14/Dec/2020:08:13:39 +0100] "GET /js/jquery.js HTTP/1.1" 200 54075 "-" "Mozilla/5.0 (compatible; bingbot/2.0; +http://www.bing.com/bingbot.htm)"
13.66.139.26 - - [14/Dec/2020:08:14:03 +0100] "GET /images/big_prod/4260082936086.jpg HTTP/1.1" 200 87957 "-" "Mozilla/5.0 (compatible; bingbot/2.0; +http://www.bing.com/bingbot.htm)"
207.46.13.49 - - [14/Dec/2020:08:14:19 +0100] "GET /images/3700856401286.jpg HTTP/1.1" 200 65270 "-" "Mozilla/5.0 (compatible; bingbot/2.0; +http://www.bing.com/bingbot.htm)"
13.66.139.26 - - [14/Dec/2020:08:14:24 +0100] "GET /images/big_prod/3609810027572.jpg HTTP/1.1" 200 90764 "-" "Mozilla/5.0 (compatible; bingbot/2.0; +http://www.bing.com/bingbot.htm)"
13.66.139.26 - - [14/Dec/2020:08:15:32 +0100] "GET /images/big_prod_1/8424346228942a.jpg HTTP/1.1" 200 44775 "-" "Mozilla/5.0 (compatible; bingbot/2.0; +http://www.bing.com/bingbot.htm)"
13.66.139.26 - - [14/Dec/2020:08:15:33 +0100] "GET /images/big_prod_1/3574645763509b.jpg HTTP/1.1" 200 65457 "-" "Mozilla/5.0 (compatible; bingbot/2.0; +http://www.bing.com/bingbot.htm)"
207.46.13.49 - - [14/Dec/2020:08:16:09 +0100] "GET /images/big_prod/3609810081529.jpg HTTP/1.1" 200 92495 "-" "Mozilla/5.0 (compatible; bingbot/2.0; +http://www.bing.com/bingbot.htm)"
13.66.139.26 - - [14/Dec/2020:08:16:32 +0100] "GET /images/big_prod_2/c8435337081958.jpg HTTP/1.1" 200 161350 "-" "Mozilla/5.0 (compatible; bingbot/2.0; +http://www.bing.com/bingbot.htm)"
77.75.78.164 - - [14/Dec/2020:08:17:08 +0100] "GET /robots.txt HTTP/1.1" 200 2438 "-" "Mozilla/5.0 (compatible; SeznamBot/3.2; +http://napoveda.seznam.cz/en/seznambot-intro/)"
77.75.78.164 - - [14/Dec/2020:08:17:10 +0100] "GET /images/mini_prod/a8422048810403.jpg HTTP/1.1" 200 7455 "-" "Mozilla/5.0 (compatible; SeznamBot/3.2; +http://napoveda.seznam.cz/en/seznambot-intro/)"
157.55.39.82 - - [14/Dec/2020:08:17:38 +0100] "GET /images/med_prod/1020322275527.jpg HTTP/1.1" 200 115092 "-" "Mozilla/5.0 (compatible; bingbot/2.0; +http://www.bing.com/bingbot.htm)"
207.46.13.48 - - [14/Dec/2020:08:18:08 +0100] "GET /images/big_prod/5406924021049.jpg HTTP/1.1" 200 29717 "-" "Mozilla/5.0 (compatible; bingbot/2.0; +http://www.bing.com/bingbot.htm)"
13.66.139.26 - - [14/Dec/2020:08:18:23 +0100] "GET /images/big_prod/4036113232225.jpg HTTP/1.1" 200 210922 "-" "Mozilla/5.0 (compatible; bingbot/2.0; +http://www.bing.com/bingbot.htm)"
207.46.13.191 - - [14/Dec/2020:08:19:12 +0100] "GET /images/big_prod/8717318175543.jpg HTTP/1.1" 200 153971 "-" "Mozilla/5.0 (compatible; bingbot/2.0; +http://www.bing.com/bingbot.htm)"
207.46.13.48 - - [14/Dec/2020:08:19:30 +0100] "GET /images/NOI3700653502261.jpg HTTP/1.1" 200 22611 "-" "Mozilla/5.0 (compatible; bingbot/2.0; +http://www.bing.com/bingbot.htm)"
157.55.39.59 - - [14/Dec/2020:08:20:41 +0100] "GET /images/1399984230855.jpg HTTP/1.1" 200 29058 "-" "Mozilla/5.0 (compatible; bingbot/2.0; +http://www.bing.com/bingbot.htm)"
85.208.98.25 - - [14/Dec/2020:08:24:07 +0100] "GET /robots.txt HTTP/1.1" 200 2438 "-" "Mozilla/5.0 (compatible; SemrushBot; +http://www.semrush.com/bot.html)"
85.208.98.25 - - [14/Dec/2020:08:24:07 +0100] "GET /robots.txt HTTP/1.1" 200 2438 "-" "Mozilla/5.0 (compatible; SemrushBot; +http://www.semrush.com/bot.html)"
13.66.139.26 - - [14/Dec/2020:08:24:23 +0100] "GET /images/big_prod/8717202552399.jpg HTTP/1.1" 200 107528 "-" "Mozilla/5.0 (compatible; bingbot/2.0; +http://www.bing.com/bingbot.htm)"
13.66.139.26 - - [14/Dec/2020:08:24:24 +0100] "GET /images/med_prod/4036113232140.jpg HTTP/1.1" 200 99773 "-" "Mozilla/5.0 (compatible; bingbot/2.0; +http://www.bing.com/bingbot.htm)"
5.255.231.71 - - [14/Dec/2020:08:28:37 +0100] "GET /images/1328399059485.jpg HTTP/1.1" 200 75832 "-" "Mozilla/5.0 (compatible; YandexImages/3.0; +http://yandex.com/bots)"
207.46.13.49 - - [14/Dec/2020:08:29:01 +0100] "GET /images/big_prod/3453131154536.jpg HTTP/1.1" 200 225848 "-" "Mozilla/5.0 (compatible; bingbot/2.0; +http://www.bing.com/bingbot.htm)"
13.66.139.26 - - [14/Dec/2020:08:30:04 +0100] "GET /images/big_prod_1/3612875123547a.jpg HTTP/1.1" 200 100631 "-" "Mozilla/5.0 (compatible; bingbot/2.0; +http://www.bing.com/bingbot.htm)"
