13.66.139.98 - - [26/Dec/2020:15:14:50 +0100] "GET /playboy-stripe-metal-keyring-p-16456.html HTTP/1.0" 200 71838 "-" "Mozilla/5.0 (compatible; bingbot/2.0; +http://www.bing.com/bingbot.htm)"
13.66.139.98 - - [26/Dec/2020:15:14:51 +0100] "GET /winnie-the-pooh-birthday-card-with-envelope-p-25259.html HTTP/1.0" 200 71948 "-" "Mozilla/5.0 (compatible; bingbot/2.0; +http://www.bing.com/bingbot.htm)"
13.66.139.98 - - [26/Dec/2020:15:14:52 +0100] "GET /amazon-zippo-lighter-p-49096.html HTTP/1.0" 200 74911 "-" "Mozilla/5.0 (compatible; bingbot/2.0; +http://www.bing.com/bingbot.htm)"
13.66.139.98 - - [26/Dec/2020:15:14:53 +0100] "GET /cars-inflatable-balloon-p-19974.html HTTP/1.0" 200 71739 "-" "Mozilla/5.0 (compatible; bingbot/2.0; +http://www.bing.com/bingbot.htm)"
13.66.139.98 - - [26/Dec/2020:15:14:54 +0100] "GET /sponge-bob-plastic-plate-p-17131.html HTTP/1.0" 200 71966 "-" "Mozilla/5.0 (compatible; bingbot/2.0; +http://www.bing.com/bingbot.htm)"
13.66.139.98 - - [26/Dec/2020:15:14:55 +0100] "GET /allen-the-owl-tote-bag-p-47660.html HTTP/1.0" 200 72475 "-" "Mozilla/5.0 (compatible; bingbot/2.0; +http://www.bing.com/bingbot.htm)"
13.66.139.98 - - [26/Dec/2020:15:14:55 +0100] "GET /decorative-wooden-plate-wifi-red-bordeaux-p-47794.html HTTP/1.0" 200 72251 "-" "Mozilla/5.0 (compatible; bingbot/2.0; +http://www.bing.com/bingbot.htm)"
157.55.39.94 - - [26/Dec/2020:15:14:59 +0100] "GET /resin-statue-little-monk-in-pink-dress-p-52903.html HTTP/1.0" 200 71999 "-" "Mozilla/5.0 (compatible; bingbot/2.0; +http://www.bing.com/bingbot.htm)"
71.175.95.128 - - [26/Dec/2020:15:15:24 +0100] "GET /images/5010994693749.jpg HTTP/1.0" 200 259 "https://www.bing.com/" "Mozilla/5.0 (Linux; Android 9; KFMUWI) AppleWebKit/537.36 (KHTML, like Gecko) Silk/86.3.23 like Chrome/86.0.4240.198 Safari/537.36"
207.46.13.158 - - [26/Dec/2020:15:15:25 +0100] "GET /incense-c-231_226.html?page=2 HTTP/1.0" 200 90144 "-" "Mozilla/5.0 (compatible; bingbot/2.0; +http://www.bing.com/bingbot.htm)"
17.58.101.145 - - [26/Dec/2020:15:15:39 +0100] "GET /images/mini_prod/3014627557394.jpg HTTP/1.0" 200 269 "-" "Mozilla/5.0 (Macintosh; Intel Mac OS X 10_15_5) AppleWebKit/605.1.15 (KHTML, like Gecko) Version/13.1.1 Safari/605.1.15 (Applebot/0.1; +http://www.apple.com/go/applebot)"
13.66.139.41 - - [26/Dec/2020:15:15:52 +0100] "GET /mini-metal-tray-dubout-cats-p-35249.html HTTP/1.0" 200 71957 "-" "Mozilla/5.0 (compatible; bingbot/2.0; +http://www.bing.com/bingbot.htm)"
13.66.139.136 - - [26/Dec/2020:15:15:57 +0100] "GET /ty-the-beanie-babies-plush-my-little-pony-rarity-17-cm-p-28131.html HTTP/1.0" 200 71935 "-" "Mozilla/5.0 (compatible; bingbot/2.0; +http://www.bing.com/bingbot.htm)"
150.242.255.203 - - [26/Dec/2020:15:16:33 +0100] "GET /contact_us.php HTTP/1.0" 200 26241 "http://www.wonder-geek.com/contact_us.php" "Mozilla/5.0 (Windows NT 10.0; Win64; x64) AppleWebKit/537.36 (KHTML, like Gecko) Chrome/83.0.4100.3 Safari/537.36"
150.242.255.203 - - [26/Dec/2020:15:16:34 +0100] "POST /contact_us.php?action=send HTTP/1.0" 200 26484 "http://www.wonder-geek.com/contact_us.php" "Mozilla/5.0 (Windows NT 10.0; Win64; x64) AppleWebKit/537.36 (KHTML, like Gecko) Chrome/83.0.4100.3 Safari/537.36"
17.58.101.145 - - [26/Dec/2020:15:17:11 +0100] "GET /minions-stickers-p-31216.html HTTP/1.0" 200 71793 "-" "Mozilla/5.0 (Macintosh; Intel Mac OS X 10_15_5) AppleWebKit/605.1.15 (KHTML, like Gecko) Version/13.1.1 Safari/605.1.15 (Applebot/0.1; +http://www.apple.com/go/applebot)"
207.46.13.49 - - [26/Dec/2020:15:18:09 +0100] "GET /cushions-c-11_71.html?page=5 HTTP/1.0" 200 92452 "-" "Mozilla/5.0 (compatible; bingbot/2.0; +http://www.bing.com/bingbot.htm)"
13.66.139.98 - - [26/Dec/2020:15:18:19 +0100] "GET /corsica-women-black-tee-shirt-drawing-in-the-back-p-31003.html HTTP/1.0" 200 74052 "-" "Mozilla/5.0 (compatible; bingbot/2.0; +http://www.bing.com/bingbot.htm)"
13.66.139.98 - - [26/Dec/2020:15:18:20 +0100] "GET /silver-skull-keyrings-p-34191.html HTTP/1.0" 200 71861 "-" "Mozilla/5.0 (compatible; bingbot/2.0; +http://www.bing.com/bingbot.htm)"
13.66.139.98 - - [26/Dec/2020:15:18:21 +0100] "GET /cement-tile-stickers-15-15-cm-beige-and-gold-p-45005.html HTTP/1.0" 200 72244 "-" "Mozilla/5.0 (compatible; bingbot/2.0; +http://www.bing.com/bingbot.htm)"
51.68.224.127 - - [26/Dec/2020:15:18:26 +0100] "GET /adminweb/export_orders_xml.php?token=256de2z6edz6ed2z6DFSFsed2zed6zeDSFDSGdzedezfzf&maxorders=10&orderstart=1&status=14&start_date=2018-10-01 HTTP/1.0" 200 285 "-" "GesCom CharlotteBoutik Serveur"
51.68.224.127 - - [26/Dec/2020:15:18:26 +0100] "GET /adminweb/export_orders_xml.php?token=256de2z6edz6ed2z6DFSFsed2zed6zeDSFDSGdzedezfzf&maxorders=10&orderstart=1&status=6&start_date=2018-10-01 HTTP/1.0" 200 30026 "-" "GesCom CharlotteBoutik Serveur"
13.66.139.41 - - [26/Dec/2020:15:18:43 +0100] "GET /los-angeles-retro-ottoman-storage-box-45-cm-p-50176.html HTTP/1.0" 200 72761 "-" "Mozilla/5.0 (compatible; bingbot/2.0; +http://www.bing.com/bingbot.htm)"
157.55.39.214 - - [26/Dec/2020:15:18:47 +0100] "GET /placemats-c-12_156.html?page=3 HTTP/1.0" 200 91018 "-" "Mozilla/5.0 (compatible; bingbot/2.0; +http://www.bing.com/bingbot.htm)"
157.55.39.214 - - [26/Dec/2020:15:18:48 +0100] "GET /mondial_relay/js/jquery-1.3.2.min.js HTTP/1.0" 200 276 "-" "Mozilla/5.0 (compatible; bingbot/2.0; +http://www.bing.com/bingbot.htm)"
114.119.150.15 - - [26/Dec/2020:15:18:54 +0100] "GET /images/3661443613188b.jpg HTTP/1.0" 200 260 "-" "Mozilla/5.0 (Linux; Android 7.0;) AppleWebKit/537.36 (KHTML, like Gecko) Mobile Safari/537.36 (compatible; PetalBot;+https://aspiegel.com/petalbot)"
66.249.70.62 - - [26/Dec/2020:15:18:56 +0100] "GET / HTTP/1.0" 200 150204 "-" "Mozilla/5.0 (compatible; Googlebot/2.1; +http://www.google.com/bot.html)"
157.55.39.186 - - [26/Dec/2020:15:19:23 +0100] "GET /swfobject.js HTTP/1.0" 404 1308 "-" "Mozilla/5.0 (compatible; bingbot/2.0; +http://www.bing.com/bingbot.htm)"
66.249.70.62 - - [26/Dec/2020:15:21:08 +0100] "GET /reversible-star-wars-bedclothes-140-200-cm-p-49674.html HTTP/1.0" 200 69354 "-" "Mozilla/5.0 (Linux; Android 6.0.1; Nexus 5X Build/MMB29P) AppleWebKit/537.36 (KHTML, like Gecko) Chrome/87.0.4280.90 Mobile Safari/537.36 (compatible; Googlebot/2.1; +http://www.google.com/bot.html)"
157.55.39.214 - - [26/Dec/2020:15:21:48 +0100] "GET /lotus-candleholder-chakra-red-silverlining-p-35525.html HTTP/1.0" 200 72802 "-" "Mozilla/5.0 (compatible; bingbot/2.0; +http://www.bing.com/bingbot.htm)"
13.66.139.136 - - [26/Dec/2020:15:22:45 +0100] "GET /-p-2123.html HTTP/1.0" 200 69190 "-" "Mozilla/5.0 (compatible; bingbot/2.0; +http://www.bing.com/bingbot.htm)"
54.36.149.51 - - [26/Dec/2020:15:22:49 +0100] "GET /bottle-holder-beer-bucket-c-12_224.html?page=3 HTTP/1.0" 200 80467 "-" "Mozilla/5.0 (compatible; AhrefsBot/7.0; +http://ahrefs.com/robot/)"
114.119.158.196 - - [26/Dec/2020:15:23:15 +0100] "GET /images/mini_prod/1399984235232.jpg HTTP/1.0" 200 269 "-" "Mozilla/5.0 (Linux; Android 7.0;) AppleWebKit/537.36 (KHTML, like Gecko) Mobile Safari/537.36 (compatible; PetalBot;+https://aspiegel.com/petalbot)"
114.119.154.200 - - [26/Dec/2020:15:27:36 +0100] "GET /images/big_prod_2/4260082937182a.jpg HTTP/1.0" 200 271 "-" "Mozilla/5.0 (Linux; Android 7.0;) AppleWebKit/537.36 (KHTML, like Gecko) Mobile Safari/537.36 (compatible; PetalBot;+https://aspiegel.com/petalbot)"
13.66.139.136 - - [26/Dec/2020:15:27:57 +0100] "GET /spain-by-cbkreation-mouse-pad-p-20059.html HTTP/1.0" 200 71857 "-" "Mozilla/5.0 (compatible; bingbot/2.0; +http://www.bing.com/bingbot.htm)"
157.55.39.186 - - [26/Dec/2020:15:28:36 +0100] "GET /swfobject.js HTTP/1.0" 404 1308 "-" "Mozilla/5.0 (compatible; bingbot/2.0; +http://www.bing.com/bingbot.htm)"
13.66.139.136 - - [26/Dec/2020:15:28:40 +0100] "GET /frames-angels-wall-stickers-p-36145.html HTTP/1.0" 200 71913 "-" "Mozilla/5.0 (compatible; bingbot/2.0; +http://www.bing.com/bingbot.htm)"
157.55.39.186 - - [26/Dec/2020:15:28:46 +0100] "GET /swfobject.js HTTP/1.0" 404 1308 "-" "Mozilla/5.0 (compatible; bingbot/2.0; +http://www.bing.com/bingbot.htm)"
13.66.139.41 - - [26/Dec/2020:15:29:44 +0100] "GET /-p-17638.html HTTP/1.0" 200 69192 "-" "Mozilla/5.0 (compatible; bingbot/2.0; +http://www.bing.com/bingbot.htm)"
207.46.13.13 - - [26/Dec/2020:15:30:23 +0100] "GET /chair-cushion-with-fringes-grey-p-48318.html HTTP/1.0" 200 71877 "-" "Mozilla/5.0 (compatible; bingbot/2.0; +http://www.bing.com/bingbot.htm)"
13.66.139.41 - - [26/Dec/2020:15:30:44 +0100] "GET /-p-17554.html HTTP/1.0" 200 69192 "-" "Mozilla/5.0 (compatible; bingbot/2.0; +http://www.bing.com/bingbot.htm)"
185.191.171.24 - - [26/Dec/2020:15:31:04 +0100] "GET /robots.txt HTTP/1.0" 200 245 "-" "Mozilla/5.0 (compatible; SemrushBot/7~bl; +http://www.semrush.com/bot.html)"
185.191.171.22 - - [26/Dec/2020:15:31:04 +0100] "GET /humorous-thermometer-apro-p-53418.html HTTP/1.0" 200 71886 "-" "Mozilla/5.0 (compatible; SemrushBot/7~bl; +http://www.semrush.com/bot.html)"
114.119.144.233 - - [26/Dec/2020:15:31:57 +0100] "GET /images/mini_prod/3281640417565.jpg HTTP/1.0" 200 269 "-" "Mozilla/5.0 (Linux; Android 7.0;) AppleWebKit/537.36 (KHTML, like Gecko) Mobile Safari/537.36 (compatible; PetalBot;+https://aspiegel.com/petalbot)"
157.55.39.214 - - [26/Dec/2020:15:31:57 +0100] "GET /the-little-prince-money-box-p-7301.html HTTP/1.0" 200 69316 "-" "Mozilla/5.0 (compatible; bingbot/2.0; +http://www.bing.com/bingbot.htm)"
13.66.139.136 - - [26/Dec/2020:15:32:02 +0100] "GET /set-of-cement-tile-coasters-p-53109.html HTTP/1.0" 200 71854 "-" "Mozilla/5.0 (compatible; bingbot/2.0; +http://www.bing.com/bingbot.htm)"
13.66.139.136 - - [26/Dec/2020:15:32:02 +0100] "GET /fitted-sheet-in-cotton-percale-80-threads-160-200-30-cm-p-43832.html HTTP/1.0" 200 72192 "-" "Mozilla/5.0 (compatible; bingbot/2.0; +http://www.bing.com/bingbot.htm)"
157.55.39.214 - - [26/Dec/2020:15:32:10 +0100] "GET /gorjuss-large-mug-in-gift-box-little-wings-p-50955.html HTTP/1.0" 200 72847 "-" "Mozilla/5.0 (compatible; bingbot/2.0; +http://www.bing.com/bingbot.htm)"
66.249.70.33 - - [26/Dec/2020:15:32:21 +0100] "GET /boys/night-clothes-c-2_42.html HTTP/1.0" 301 68180 "-" "Mozilla/5.0 (Linux; Android 6.0.1; Nexus 5X Build/MMB29P) AppleWebKit/537.36 (KHTML, like Gecko) Chrome/87.0.4280.90 Mobile Safari/537.36 (compatible; Googlebot/2.1; +http://www.google.com/bot.html)"
66.249.70.36 - - [26/Dec/2020:15:32:22 +0100] "GET /sleepwear-c-42.html HTTP/1.0" 301 68086 "-" "Mozilla/5.0 (Linux; Android 6.0.1; Nexus 5X Build/MMB29P) AppleWebKit/537.36 (KHTML, like Gecko) Chrome/87.0.4280.90 Mobile Safari/537.36 (compatible; Googlebot/2.1; +http://www.google.com/bot.html)"
66.249.70.36 - - [26/Dec/2020:15:32:22 +0100] "GET /sleepwear-c-2_42.html HTTP/1.0" 200 68107 "-" "Mozilla/5.0 (Linux; Android 6.0.1; Nexus 5X Build/MMB29P) AppleWebKit/537.36 (KHTML, like Gecko) Chrome/87.0.4280.90 Mobile Safari/537.36 (compatible; Googlebot/2.1; +http://www.google.com/bot.html)"
54.38.90.211 - - [26/Dec/2020:15:32:24 +0100] "GET /images/mini_prod/200208_152034_PEEL_EYJ4qy.jpg HTTP/1.0" 200 281 "-" "-"
51.68.224.127 - - [26/Dec/2020:15:34:22 +0100] "GET /adminweb/export_orders_xml.php?token=256de2z6edz6ed2z6DFSFsed2zed6zeDSFDSGdzedezfzf&maxorders=10&orderstart=1&status=14&start_date=2018-10-01 HTTP/1.0" 200 285 "-" "GesCom CharlotteBoutik Serveur"
51.68.224.127 - - [26/Dec/2020:15:34:22 +0100] "GET /adminweb/export_orders_xml.php?token=256de2z6edz6ed2z6DFSFsed2zed6zeDSFDSGdzedezfzf&maxorders=10&orderstart=1&status=6&start_date=2018-10-01 HTTP/1.0" 200 30026 "-" "GesCom CharlotteBoutik Serveur"
114.119.158.196 - - [26/Dec/2020:15:36:18 +0100] "GET /images/3574386800396.jpg HTTP/1.0" 200 259 "-" "Mozilla/5.0 (Linux; Android 7.0;) AppleWebKit/537.36 (KHTML, like Gecko) Mobile Safari/537.36 (compatible; PetalBot;+https://aspiegel.com/petalbot)"
13.66.139.136 - - [26/Dec/2020:15:36:50 +0100] "GET /-p-14718.html HTTP/1.0" 200 69192 "-" "Mozilla/5.0 (compatible; bingbot/2.0; +http://www.bing.com/bingbot.htm)"
114.119.158.196 - - [26/Dec/2020:15:40:39 +0100] "GET /images/mini_prod/8718317678905.jpg HTTP/1.0" 200 269 "-" "Mozilla/5.0 (Linux; Android 7.0;) AppleWebKit/537.36 (KHTML, like Gecko) Mobile Safari/537.36 (compatible; PetalBot;+https://aspiegel.com/petalbot)"
207.46.13.51 - - [26/Dec/2020:15:41:01 +0100] "GET /prince-phillip-figure-p-2898.html HTTP/1.0" 200 69286 "-" "Mozilla/5.0 (compatible; bingbot/2.0; +http://www.bing.com/bingbot.htm)"
13.66.139.136 - - [26/Dec/2020:15:42:21 +0100] "GET /provence-moroccan-ashtray-p-37378.html HTTP/1.0" 200 69308 "-" "Mozilla/5.0 (compatible; bingbot/2.0; +http://www.bing.com/bingbot.htm)"
13.66.139.136 - - [26/Dec/2020:15:42:22 +0100] "GET /-p-19129.html HTTP/1.0" 200 69192 "-" "Mozilla/5.0 (compatible; bingbot/2.0; +http://www.bing.com/bingbot.htm)"
13.66.139.136 - - [26/Dec/2020:15:42:23 +0100] "GET /simpsons-bart-polar-blanket-p-22990.html HTTP/1.0" 301 69259 "-" "Mozilla/5.0 (compatible; bingbot/2.0; +http://www.bing.com/bingbot.htm)"
13.66.139.136 - - [26/Dec/2020:15:42:24 +0100] "GET /vintage-hook-bolt-hole-p-48553.html HTTP/1.0" 200 69270 "-" "Mozilla/5.0 (compatible; bingbot/2.0; +http://www.bing.com/bingbot.htm)"
13.66.139.136 - - [26/Dec/2020:15:42:25 +0100] "GET /new-york-and-statue-of-liberty-stickers-p-35378.html HTTP/1.0" 301 69259 "-" "Mozilla/5.0 (compatible; bingbot/2.0; +http://www.bing.com/bingbot.htm)"
13.66.139.136 - - [26/Dec/2020:15:42:26 +0100] "GET /-p-17746.html HTTP/1.0" 200 69192 "-" "Mozilla/5.0 (compatible; bingbot/2.0; +http://www.bing.com/bingbot.htm)"
13.66.139.136 - - [26/Dec/2020:15:42:27 +0100] "GET /sponge-bob-placemat-p-17173.html HTTP/1.0" 200 69278 "-" "Mozilla/5.0 (compatible; bingbot/2.0; +http://www.bing.com/bingbot.htm)"
13.66.139.136 - - [26/Dec/2020:15:42:28 +0100] "GET /-p-17616.html HTTP/1.0" 200 69192 "-" "Mozilla/5.0 (compatible; bingbot/2.0; +http://www.bing.com/bingbot.htm)"
13.66.139.136 - - [26/Dec/2020:15:42:29 +0100] "GET /-p-15456.html HTTP/1.0" 200 69192 "-" "Mozilla/5.0 (compatible; bingbot/2.0; +http://www.bing.com/bingbot.htm)"
13.66.139.136 - - [26/Dec/2020:15:42:30 +0100] "GET /-p-14814.html HTTP/1.0" 200 69192 "-" "Mozilla/5.0 (compatible; bingbot/2.0; +http://www.bing.com/bingbot.htm)"
13.66.139.136 - - [26/Dec/2020:15:42:31 +0100] "GET /wood-alarm-clock-p-39703.html HTTP/1.0" 301 69259 "-" "Mozilla/5.0 (compatible; bingbot/2.0; +http://www.bing.com/bingbot.htm)"
13.66.139.136 - - [26/Dec/2020:15:42:31 +0100] "GET /joli-chaton-mug-p-38169.html HTTP/1.0" 301 69259 "-" "Mozilla/5.0 (compatible; bingbot/2.0; +http://www.bing.com/bingbot.htm)"
13.66.139.136 - - [26/Dec/2020:15:42:32 +0100] "GET /indian-motorcycle-ottoman-storage-box-37-cm-p-35723.html HTTP/1.0" 200 69398 "-" "Mozilla/5.0 (compatible; bingbot/2.0; +http://www.bing.com/bingbot.htm)"
13.66.139.136 - - [26/Dec/2020:15:42:33 +0100] "GET /-p-24870.html HTTP/1.0" 200 69192 "-" "Mozilla/5.0 (compatible; bingbot/2.0; +http://www.bing.com/bingbot.htm)"
13.66.139.136 - - [26/Dec/2020:15:42:34 +0100] "GET /-p-12063.html HTTP/1.0" 200 69192 "-" "Mozilla/5.0 (compatible; bingbot/2.0; +http://www.bing.com/bingbot.htm)"
13.66.139.136 - - [26/Dec/2020:15:42:42 +0100] "GET /-p-24438.html HTTP/1.0" 200 69192 "-" "Mozilla/5.0 (compatible; bingbot/2.0; +http://www.bing.com/bingbot.htm)"
13.66.139.41 - - [26/Dec/2020:15:42:47 +0100] "GET /tablecloth-washed-linen-170-250-cm-paon-p-48125.html HTTP/1.0" 301 69259 "-" "Mozilla/5.0 (compatible; bingbot/2.0; +http://www.bing.com/bingbot.htm)"
13.66.139.41 - - [26/Dec/2020:15:42:48 +0100] "GET /pepe-jeans-leather-wallet-brown-p-38142.html HTTP/1.0" 200 69344 "-" "Mozilla/5.0 (compatible; bingbot/2.0; +http://www.bing.com/bingbot.htm)"
13.66.139.41 - - [26/Dec/2020:15:42:49 +0100] "GET /teo-jasmin-pencil-case-p-31567.html HTTP/1.0" 200 69293 "-" "Mozilla/5.0 (compatible; bingbot/2.0; +http://www.bing.com/bingbot.htm)"
13.66.139.41 - - [26/Dec/2020:15:42:50 +0100] "GET /mickey-mouse-comics-vintage-suitcase-58-cm-p-34770.html HTTP/1.0" 301 69259 "-" "Mozilla/5.0 (compatible; bingbot/2.0; +http://www.bing.com/bingbot.htm)"
13.66.139.41 - - [26/Dec/2020:15:42:51 +0100] "GET /minnie-mouse-swimming-armband-p-25218.html HTTP/1.0" 200 69298 "-" "Mozilla/5.0 (compatible; bingbot/2.0; +http://www.bing.com/bingbot.htm)"
13.66.139.41 - - [26/Dec/2020:15:42:51 +0100] "GET /ferrari-towel-80-160-cm-p-39108.html HTTP/1.0" 200 69304 "-" "Mozilla/5.0 (compatible; bingbot/2.0; +http://www.bing.com/bingbot.htm)"
13.66.139.41 - - [26/Dec/2020:15:42:52 +0100] "GET /-p-20310.html HTTP/1.0" 200 69192 "-" "Mozilla/5.0 (compatible; bingbot/2.0; +http://www.bing.com/bingbot.htm)"
13.66.139.41 - - [26/Dec/2020:15:42:53 +0100] "GET /-p-17887.html HTTP/1.0" 200 69192 "-" "Mozilla/5.0 (compatible; bingbot/2.0; +http://www.bing.com/bingbot.htm)"
13.66.139.41 - - [26/Dec/2020:15:42:54 +0100] "GET /looney-tunes-backpack-p-10637.html HTTP/1.0" 200 69266 "-" "Mozilla/5.0 (compatible; bingbot/2.0; +http://www.bing.com/bingbot.htm)"
13.66.139.41 - - [26/Dec/2020:15:42:55 +0100] "GET /-p-12576.html HTTP/1.0" 200 69192 "-" "Mozilla/5.0 (compatible; bingbot/2.0; +http://www.bing.com/bingbot.htm)"
13.66.139.41 - - [26/Dec/2020:15:42:56 +0100] "GET /hello-kitty-red-suitcase-by-camomilla-p-11002.html HTTP/1.0" 200 69330 "-" "Mozilla/5.0 (compatible; bingbot/2.0; +http://www.bing.com/bingbot.htm)"
13.66.139.41 - - [26/Dec/2020:15:42:57 +0100] "GET /-p-9437.html HTTP/1.0" 200 69190 "-" "Mozilla/5.0 (compatible; bingbot/2.0; +http://www.bing.com/bingbot.htm)"
167.114.175.39 - - [26/Dec/2020:15:44:14 +0100] "GET / HTTP/1.0" 200 149903 "https://www.google.com" "Mozilla/5.0 (X11; Ubuntu; Linux x86_64; rv:72.0) Gecko/20100101 Firefox/72.0"
167.114.175.39 - - [26/Dec/2020:15:44:17 +0100] "GET /highslide/highslide.js HTTP/1.0" 200 262 "https://www.google.com" "Mozilla/5.0 (X11; Ubuntu; Linux x86_64; rv:72.0) Gecko/20100101 Firefox/72.0"
167.114.175.39 - - [26/Dec/2020:15:44:17 +0100] "GET /js/jquery.masonry.min.js HTTP/1.0" 200 264 "https://www.google.com" "Mozilla/5.0 (X11; Ubuntu; Linux x86_64; rv:72.0) Gecko/20100101 Firefox/72.0"
167.114.175.39 - - [26/Dec/2020:15:44:17 +0100] "GET /js/jquery.min.js HTTP/1.0" 404 1308 "https://www.google.com" "Mozilla/5.0 (X11; Ubuntu; Linux x86_64; rv:72.0) Gecko/20100101 Firefox/72.0"
167.114.175.39 - - [26/Dec/2020:15:44:19 +0100] "GET /js/modernizr-transitions.js HTTP/1.0" 200 267 "https://www.google.com" "Mozilla/5.0 (X11; Ubuntu; Linux x86_64; rv:72.0) Gecko/20100101 Firefox/72.0"
167.114.175.39 - - [26/Dec/2020:15:44:19 +0100] "GET /js/jquery.jqzoom.js HTTP/1.0" 200 259 "https://www.google.com" "Mozilla/5.0 (X11; Ubuntu; Linux x86_64; rv:72.0) Gecko/20100101 Firefox/72.0"
167.114.175.39 - - [26/Dec/2020:15:44:21 +0100] "GET /js/jquery.js HTTP/1.0" 200 252 "https://www.google.com" "Mozilla/5.0 (X11; Ubuntu; Linux x86_64; rv:72.0) Gecko/20100101 Firefox/72.0"
167.114.175.39 - - [26/Dec/2020:15:44:21 +0100] "GET /mondial_relay/js/jquery-1.3.2.min.js HTTP/1.0" 200 276 "https://www.google.com" "Mozilla/5.0 (X11; Ubuntu; Linux x86_64; rv:72.0) Gecko/20100101 Firefox/72.0"
167.114.175.39 - - [26/Dec/2020:15:44:27 +0100] "GET /swfobject.js HTTP/1.0" 404 1308 "https://www.google.com" "Mozilla/5.0 (X11; Ubuntu; Linux x86_64; rv:72.0) Gecko/20100101 Firefox/72.0"
13.66.139.41 - - [26/Dec/2020:15:44:35 +0100] "GET /-p-15154.html HTTP/1.0" 200 69192 "-" "Mozilla/5.0 (compatible; bingbot/2.0; +http://www.bing.com/bingbot.htm)"
167.114.175.39 - - [26/Dec/2020:15:44:39 +0100] "GET /checkout_shipping.php HTTP/1.0" 302 468 "https://www.google.com" "Mozilla/5.0 (X11; Ubuntu; Linux x86_64; rv:72.0) Gecko/20100101 Firefox/72.0"
167.114.175.39 - - [26/Dec/2020:15:44:39 +0100] "GET /login.php HTTP/1.0" 200 17155 "http://www.wonder-geek.com/checkout_shipping.php" "Mozilla/5.0 (X11; Ubuntu; Linux x86_64; rv:72.0) Gecko/20100101 Firefox/72.0"
167.114.175.39 - - [26/Dec/2020:15:44:40 +0100] "GET /school-trolley-c-31_169.html HTTP/1.0" 200 81543 "https://www.google.com" "Mozilla/5.0 (X11; Ubuntu; Linux x86_64; rv:72.0) Gecko/20100101 Firefox/72.0"
167.114.175.39 - - [26/Dec/2020:15:44:42 +0100] "GET /suitcaselittle-suitcase-trolley-c-31_79.html HTTP/1.0" 200 76819 "https://www.google.com" "Mozilla/5.0 (X11; Ubuntu; Linux x86_64; rv:72.0) Gecko/20100101 Firefox/72.0"
167.114.175.39 - - [26/Dec/2020:15:44:44 +0100] "GET /wastebasket-c-129_184.html HTTP/1.0" 200 82151 "https://www.google.com" "Mozilla/5.0 (X11; Ubuntu; Linux x86_64; rv:72.0) Gecko/20100101 Firefox/72.0"
167.114.175.39 - - [26/Dec/2020:15:44:45 +0100] "GET /login.php HTTP/1.0" 200 17155 "https://www.google.com" "Mozilla/5.0 (X11; Ubuntu; Linux x86_64; rv:72.0) Gecko/20100101 Firefox/72.0"
167.114.175.39 - - [26/Dec/2020:15:44:45 +0100] "GET /bookend-c-13_202.html HTTP/1.0" 200 87940 "https://www.google.com" "Mozilla/5.0 (X11; Ubuntu; Linux x86_64; rv:72.0) Gecko/20100101 Firefox/72.0"
167.114.175.39 - - [26/Dec/2020:15:44:47 +0100] "GET /calendar-workbook-organizer-c-129_189.html HTTP/1.0" 200 90141 "https://www.google.com" "Mozilla/5.0 (X11; Ubuntu; Linux x86_64; rv:72.0) Gecko/20100101 Firefox/72.0"
167.114.175.39 - - [26/Dec/2020:15:44:48 +0100] "GET /notebook-notebook-diary-c-129_185.html HTTP/1.0" 200 90964 "https://www.google.com" "Mozilla/5.0 (X11; Ubuntu; Linux x86_64; rv:72.0) Gecko/20100101 Firefox/72.0"
54.36.148.87 - - [26/Dec/2020:15:44:48 +0100] "GET /fragrances-of-ambiance-c-231.html HTTP/1.0" 200 91663 "-" "Mozilla/5.0 (compatible; AhrefsBot/7.0; +http://ahrefs.com/robot/)"
167.114.175.39 - - [26/Dec/2020:15:44:50 +0100] "GET /contact_us.php HTTP/1.0" 200 26241 "https://www.google.com" "Mozilla/5.0 (X11; Ubuntu; Linux x86_64; rv:72.0) Gecko/20100101 Firefox/72.0"
114.119.158.196 - - [26/Dec/2020:15:44:55 +0100] "GET /images/mini_prod/3700516265050.jpg HTTP/1.0" 200 269 "-" "Mozilla/5.0 (Linux; Android 7.0;) AppleWebKit/537.36 (KHTML, like Gecko) Mobile Safari/537.36 (compatible; PetalBot;+https://aspiegel.com/petalbot)"
167.114.175.39 - - [26/Dec/2020:15:45:01 +0100] "GET /create_account.php HTTP/1.0" 200 33633 "https://www.google.com" "Mozilla/5.0 (X11; Ubuntu; Linux x86_64; rv:72.0) Gecko/20100101 Firefox/72.0"
167.114.175.39 - - [26/Dec/2020:15:45:02 +0100] "GET /shopping_cart.php HTTP/1.0" 200 13298 "https://www.google.com" "Mozilla/5.0 (X11; Ubuntu; Linux x86_64; rv:72.0) Gecko/20100101 Firefox/72.0"
167.114.175.39 - - [26/Dec/2020:15:45:02 +0100] "GET / HTTP/1.0" 200 150013 "https://www.google.com" "Mozilla/5.0 (X11; Ubuntu; Linux x86_64; rv:72.0) Gecko/20100101 Firefox/72.0"
167.114.175.39 - - [26/Dec/2020:15:45:03 +0100] "GET /specials.php HTTP/1.0" 200 130010 "https://www.google.com" "Mozilla/5.0 (X11; Ubuntu; Linux x86_64; rv:72.0) Gecko/20100101 Firefox/72.0"
207.46.13.49 - - [26/Dec/2020:15:45:08 +0100] "GET /lego-cones-white-storage-box-p-32596.html HTTP/1.0" 200 69331 "-" "Mozilla/5.0 (compatible; bingbot/2.0; +http://www.bing.com/bingbot.htm)"
157.55.39.186 - - [26/Dec/2020:15:45:21 +0100] "GET /swfobject.js HTTP/1.0" 404 1308 "-" "Mozilla/5.0 (compatible; bingbot/2.0; +http://www.bing.com/bingbot.htm)"
13.66.139.41 - - [26/Dec/2020:15:45:56 +0100] "GET /-p-23153.html HTTP/1.0" 200 69192 "-" "Mozilla/5.0 (compatible; bingbot/2.0; +http://www.bing.com/bingbot.htm)"
17.58.101.147 - - [26/Dec/2020:15:46:24 +0100] "GET /glasses-and-drinking-cup-c-12_62.html HTTP/1.0" 200 90258 "-" "Mozilla/5.0 (Macintosh; Intel Mac OS X 10_15_5) AppleWebKit/605.1.15 (KHTML, like Gecko) Version/13.1.1 Safari/605.1.15 (Applebot/0.1; +http://www.apple.com/go/applebot)"
13.66.139.136 - - [26/Dec/2020:15:48:04 +0100] "GET /freegun-white-bath-sheet-p-33328.html HTTP/1.0" 200 71849 "-" "Mozilla/5.0 (compatible; bingbot/2.0; +http://www.bing.com/bingbot.htm)"
13.66.139.136 - - [26/Dec/2020:15:48:05 +0100] "GET /angry-birds-pencil-pot-p-19131.html HTTP/1.0" 200 72042 "-" "Mozilla/5.0 (compatible; bingbot/2.0; +http://www.bing.com/bingbot.htm)"
13.66.139.136 - - [26/Dec/2020:15:48:06 +0100] "GET /au-bistrot-oven-mitt-p-47943.html HTTP/1.0" 200 71860 "-" "Mozilla/5.0 (compatible; bingbot/2.0; +http://www.bing.com/bingbot.htm)"
13.66.139.136 - - [26/Dec/2020:15:48:07 +0100] "GET /beyblade-inflatable-boat-p-14361.html HTTP/1.0" 200 72239 "-" "Mozilla/5.0 (compatible; bingbot/2.0; +http://www.bing.com/bingbot.htm)"
13.66.139.136 - - [26/Dec/2020:15:48:08 +0100] "GET /hello-trapeze-bag-chocolate-knot-by-camomilla-p-16294.html HTTP/1.0" 200 73008 "-" "Mozilla/5.0 (compatible; bingbot/2.0; +http://www.bing.com/bingbot.htm)"
13.66.139.136 - - [26/Dec/2020:15:48:09 +0100] "GET /pillow-case-in-cotton-percale-80-threads-50-70-cm-p-51255.html HTTP/1.0" 200 72152 "-" "Mozilla/5.0 (compatible; bingbot/2.0; +http://www.bing.com/bingbot.htm)"
13.66.139.136 - - [26/Dec/2020:15:48:10 +0100] "GET /nerf-darts-refill-elite-12-p-20346.html HTTP/1.0" 200 71768 "-" "Mozilla/5.0 (compatible; bingbot/2.0; +http://www.bing.com/bingbot.htm)"
13.66.139.136 - - [26/Dec/2020:15:48:11 +0100] "GET /hello-kitty-sports-bottle-p-25066.html HTTP/1.0" 200 71848 "-" "Mozilla/5.0 (compatible; bingbot/2.0; +http://www.bing.com/bingbot.htm)"
13.66.139.136 - - [26/Dec/2020:15:48:12 +0100] "GET /tweety-glitter-globe-p-5207.html HTTP/1.0" 200 71855 "-" "Mozilla/5.0 (compatible; bingbot/2.0; +http://www.bing.com/bingbot.htm)"
13.66.139.136 - - [26/Dec/2020:15:48:13 +0100] "GET /avengers-lunchbox-p-37539.html HTTP/1.0" 200 71844 "-" "Mozilla/5.0 (compatible; bingbot/2.0; +http://www.bing.com/bingbot.htm)"
13.66.139.136 - - [26/Dec/2020:15:48:14 +0100] "GET /hello-kitty-scottish-horizontal-great-bag-p-16732.html HTTP/1.0" 200 73055 "-" "Mozilla/5.0 (compatible; bingbot/2.0; +http://www.bing.com/bingbot.htm)"
13.66.139.136 - - [26/Dec/2020:15:48:15 +0100] "GET /spiderman-straws-box-p-16546.html HTTP/1.0" 200 72265 "-" "Mozilla/5.0 (compatible; bingbot/2.0; +http://www.bing.com/bingbot.htm)"
13.66.139.136 - - [26/Dec/2020:15:48:16 +0100] "GET /jakarta-dark-blue-carpet-120-170-cm-p-48423.html HTTP/1.0" 200 72713 "-" "Mozilla/5.0 (compatible; bingbot/2.0; +http://www.bing.com/bingbot.htm)"
13.66.139.136 - - [26/Dec/2020:15:48:17 +0100] "GET /nuova-fiat-500-large-metal-plate-p-15600.html HTTP/1.0" 200 71924 "-" "Mozilla/5.0 (compatible; bingbot/2.0; +http://www.bing.com/bingbot.htm)"
13.66.139.136 - - [26/Dec/2020:15:48:18 +0100] "GET /tealights-and-holder-christmas-gift-set-p-38187.html HTTP/1.0" 200 72951 "-" "Mozilla/5.0 (compatible; bingbot/2.0; +http://www.bing.com/bingbot.htm)"
13.66.139.136 - - [26/Dec/2020:15:48:19 +0100] "GET /spiderman-plastic-plate-p-17125.html HTTP/1.0" 200 71957 "-" "Mozilla/5.0 (compatible; bingbot/2.0; +http://www.bing.com/bingbot.htm)"
13.66.139.41 - - [26/Dec/2020:15:48:20 +0100] "GET /littlest-petshop-tights-p-31089.html HTTP/1.0" 200 73267 "-" "Mozilla/5.0 (compatible; bingbot/2.0; +http://www.bing.com/bingbot.htm)"
13.66.139.41 - - [26/Dec/2020:15:48:21 +0100] "GET /fragrance-sachet-baked-apple-p-40548.html HTTP/1.0" 200 72547 "-" "Mozilla/5.0 (compatible; bingbot/2.0; +http://www.bing.com/bingbot.htm)"
13.66.139.41 - - [26/Dec/2020:15:48:22 +0100] "GET /large-metal-plate-collection-vespa-pin-up-p-16845.html HTTP/1.0" 200 72456 "-" "Mozilla/5.0 (compatible; bingbot/2.0; +http://www.bing.com/bingbot.htm)"
13.66.139.41 - - [26/Dec/2020:15:48:23 +0100] "GET /marilyn-monroe-computer-bag-p-5787.html HTTP/1.0" 200 72047 "-" "Mozilla/5.0 (compatible; bingbot/2.0; +http://www.bing.com/bingbot.htm)"
13.66.139.41 - - [26/Dec/2020:15:48:23 +0100] "GET /duvet-cover-in-cotton-percale-80-threads-240-220-cm-p-43839.html HTTP/1.0" 200 72164 "-" "Mozilla/5.0 (compatible; bingbot/2.0; +http://www.bing.com/bingbot.htm)"
13.66.139.41 - - [26/Dec/2020:15:48:24 +0100] "GET /small-wallet-oops-daisy-gorjuss-p-35561.html HTTP/1.0" 200 73194 "-" "Mozilla/5.0 (compatible; bingbot/2.0; +http://www.bing.com/bingbot.htm)"
13.66.139.41 - - [26/Dec/2020:15:48:25 +0100] "GET /charmmy-kitty-red-round-pencil-case-p-14521.html HTTP/1.0" 200 72234 "-" "Mozilla/5.0 (compatible; bingbot/2.0; +http://www.bing.com/bingbot.htm)"
13.66.139.41 - - [26/Dec/2020:15:48:26 +0100] "GET /robot-retro-salt-p-46874.html HTTP/1.0" 200 72391 "-" "Mozilla/5.0 (compatible; bingbot/2.0; +http://www.bing.com/bingbot.htm)"
13.66.139.41 - - [26/Dec/2020:15:48:27 +0100] "GET /dessert-dish-glass-with-anti-slip-feet-p-47337.html HTTP/1.0" 200 72557 "-" "Mozilla/5.0 (compatible; bingbot/2.0; +http://www.bing.com/bingbot.htm)"
13.66.139.41 - - [26/Dec/2020:15:48:28 +0100] "GET /cement-tile-stickers-15-15-cm-beige-and-gold-p-45006.html HTTP/1.0" 200 72244 "-" "Mozilla/5.0 (compatible; bingbot/2.0; +http://www.bing.com/bingbot.htm)"
13.66.139.41 - - [26/Dec/2020:15:48:29 +0100] "GET /riverdale-bear-tom-brown-28-cm-p-31711.html HTTP/1.0" 200 72042 "-" "Mozilla/5.0 (compatible; bingbot/2.0; +http://www.bing.com/bingbot.htm)"
13.66.139.41 - - [26/Dec/2020:15:48:30 +0100] "GET /coffee-box-retro-metal-wood-pattern-p-38825.html HTTP/1.0" 301 69259 "-" "Mozilla/5.0 (compatible; bingbot/2.0; +http://www.bing.com/bingbot.htm)"
13.66.139.41 - - [26/Dec/2020:15:48:31 +0100] "GET /retro-wooden-motorcycle-frame-to-hang-latter-dude-p-46393.html HTTP/1.0" 200 72156 "-" "Mozilla/5.0 (compatible; bingbot/2.0; +http://www.bing.com/bingbot.htm)"
13.66.139.41 - - [26/Dec/2020:15:48:32 +0100] "GET /hannah-montana-shopping-bag-and-coin-purse-set-p-7617.html HTTP/1.0" 200 72468 "-" "Mozilla/5.0 (compatible; bingbot/2.0; +http://www.bing.com/bingbot.htm)"
13.66.139.41 - - [26/Dec/2020:15:48:33 +0100] "GET /sneezy-figure-collection-disney-sneezing-dwarf-p-23123.html HTTP/1.0" 301 69259 "-" "Mozilla/5.0 (compatible; bingbot/2.0; +http://www.bing.com/bingbot.htm)"
13.66.139.41 - - [26/Dec/2020:15:48:36 +0100] "GET /horse-cushion-cbkreation-p-28498.html HTTP/1.0" 200 72068 "-" "Mozilla/5.0 (compatible; bingbot/2.0; +http://www.bing.com/bingbot.htm)"
13.66.139.136 - - [26/Dec/2020:15:48:55 +0100] "GET /-p-34872.html HTTP/1.0" 200 69192 "-" "Mozilla/5.0 (compatible; bingbot/2.0; +http://www.bing.com/bingbot.htm)"
54.36.148.189 - - [26/Dec/2020:15:49:05 +0100] "GET /incense-c-231_226.html?page=4 HTTP/1.0" 200 83452 "-" "Mozilla/5.0 (compatible; AhrefsBot/7.0; +http://ahrefs.com/robot/)"
114.119.158.196 - - [26/Dec/2020:15:49:16 +0100] "GET /images/big_prod/4036113231518.jpg HTTP/1.0" 200 268 "-" "Mozilla/5.0 (Linux; Android 7.0;) AppleWebKit/537.36 (KHTML, like Gecko) Mobile Safari/537.36 (compatible; PetalBot;+https://aspiegel.com/petalbot)"
13.66.139.41 - - [26/Dec/2020:15:49:36 +0100] "GET /set-of-cement-tile-coasters-p-53112.html HTTP/1.0" 200 71854 "-" "Mozilla/5.0 (compatible; bingbot/2.0; +http://www.bing.com/bingbot.htm)"
13.66.139.41 - - [26/Dec/2020:15:49:37 +0100] "GET /tetsubin-red-teapot-japanese-p-37374.html HTTP/1.0" 200 72096 "-" "Mozilla/5.0 (compatible; bingbot/2.0; +http://www.bing.com/bingbot.htm)"
13.66.139.98 - - [26/Dec/2020:15:49:50 +0100] "GET /gorjuss-ruby-vintage-suitcase-58-cm-p-29820.html HTTP/1.0" 301 69259 "-" "Mozilla/5.0 (compatible; bingbot/2.0; +http://www.bing.com/bingbot.htm)"
13.66.139.98 - - [26/Dec/2020:15:49:51 +0100] "GET /-p-18322.html HTTP/1.0" 200 69192 "-" "Mozilla/5.0 (compatible; bingbot/2.0; +http://www.bing.com/bingbot.htm)"
13.66.139.98 - - [26/Dec/2020:15:49:51 +0100] "GET /gift-box-set-of-retro-bowls-p-50665.html HTTP/1.0" 200 72545 "-" "Mozilla/5.0 (compatible; bingbot/2.0; +http://www.bing.com/bingbot.htm)"
13.66.139.98 - - [26/Dec/2020:15:49:52 +0100] "GET /-p-20571.html HTTP/1.0" 200 69192 "-" "Mozilla/5.0 (compatible; bingbot/2.0; +http://www.bing.com/bingbot.htm)"
13.66.139.98 - - [26/Dec/2020:15:49:53 +0100] "GET /-p-15474.html HTTP/1.0" 200 69192 "-" "Mozilla/5.0 (compatible; bingbot/2.0; +http://www.bing.com/bingbot.htm)"
157.55.39.214 - - [26/Dec/2020:15:50:05 +0100] "GET /pvc-table-protector-under-round-tablecloth-diameter-140-cm-p-48560.html HTTP/1.0" 200 72238 "-" "Mozilla/5.0 (compatible; bingbot/2.0; +http://www.bing.com/bingbot.htm)"
13.66.139.136 - - [26/Dec/2020:15:50:16 +0100] "GET /-p-17482.html HTTP/1.0" 200 69192 "-" "Mozilla/5.0 (compatible; bingbot/2.0; +http://www.bing.com/bingbot.htm)"
51.68.224.127 - - [26/Dec/2020:15:50:31 +0100] "GET /adminweb/export_orders_xml.php?token=256de2z6edz6ed2z6DFSFsed2zed6zeDSFDSGdzedezfzf&maxorders=10&orderstart=1&status=14&start_date=2018-10-01 HTTP/1.0" 200 285 "-" "GesCom CharlotteBoutik Serveur"
51.68.224.127 - - [26/Dec/2020:15:50:31 +0100] "GET /adminweb/export_orders_xml.php?token=256de2z6edz6ed2z6DFSFsed2zed6zeDSFDSGdzedezfzf&maxorders=10&orderstart=1&status=6&start_date=2018-10-01 HTTP/1.0" 200 30026 "-" "GesCom CharlotteBoutik Serveur"
13.66.139.98 - - [26/Dec/2020:15:51:40 +0100] "GET /decorative-and-useful-fan-little-buddha-p-53312.html HTTP/1.0" 200 71972 "-" "Mozilla/5.0 (compatible; bingbot/2.0; +http://www.bing.com/bingbot.htm)"
13.66.139.98 - - [26/Dec/2020:15:51:41 +0100] "GET /microfiber-bolster-140-20-cm-p-39798.html HTTP/1.0" 200 71978 "-" "Mozilla/5.0 (compatible; bingbot/2.0; +http://www.bing.com/bingbot.htm)"
13.66.139.98 - - [26/Dec/2020:15:51:42 +0100] "GET /-p-28810.html HTTP/1.0" 200 69192 "-" "Mozilla/5.0 (compatible; bingbot/2.0; +http://www.bing.com/bingbot.htm)"
13.66.139.98 - - [26/Dec/2020:15:51:43 +0100] "GET /-p-38449.html HTTP/1.0" 200 69192 "-" "Mozilla/5.0 (compatible; bingbot/2.0; +http://www.bing.com/bingbot.htm)"
13.66.139.98 - - [26/Dec/2020:15:51:44 +0100] "GET /-p-38385.html HTTP/1.0" 200 69192 "-" "Mozilla/5.0 (compatible; bingbot/2.0; +http://www.bing.com/bingbot.htm)"
13.66.139.98 - - [26/Dec/2020:15:51:45 +0100] "GET /-p-18450.html HTTP/1.0" 200 69192 "-" "Mozilla/5.0 (compatible; bingbot/2.0; +http://www.bing.com/bingbot.htm)"
13.66.139.98 - - [26/Dec/2020:15:51:45 +0100] "GET /merci-gustave-eiffel-tower-minnie-mouse-pink-p-32822.html HTTP/1.0" 200 69403 "-" "Mozilla/5.0 (compatible; bingbot/2.0; +http://www.bing.com/bingbot.htm)"
13.66.139.98 - - [26/Dec/2020:15:51:46 +0100] "GET /washed-linen-duvet-cover-220-240-cm-granite-p-48155.html HTTP/1.0" 301 69259 "-" "Mozilla/5.0 (compatible; bingbot/2.0; +http://www.bing.com/bingbot.htm)"
13.66.139.98 - - [26/Dec/2020:15:51:47 +0100] "GET /long-beach-wooden-wall-decoration-to-hang-p-48844.html HTTP/1.0" 200 69346 "-" "Mozilla/5.0 (compatible; bingbot/2.0; +http://www.bing.com/bingbot.htm)"
13.66.139.98 - - [26/Dec/2020:15:51:48 +0100] "GET /-p-23938.html HTTP/1.0" 200 69192 "-" "Mozilla/5.0 (compatible; bingbot/2.0; +http://www.bing.com/bingbot.htm)"
13.66.139.98 - - [26/Dec/2020:15:51:49 +0100] "GET /-p-1731.html HTTP/1.0" 200 69190 "-" "Mozilla/5.0 (compatible; bingbot/2.0; +http://www.bing.com/bingbot.htm)"
13.66.139.98 - - [26/Dec/2020:15:51:50 +0100] "GET /-p-16594.html HTTP/1.0" 200 69192 "-" "Mozilla/5.0 (compatible; bingbot/2.0; +http://www.bing.com/bingbot.htm)"
13.66.139.98 - - [26/Dec/2020:15:51:51 +0100] "GET /fowl-temper-donald-duck-personality-pose-figurine-collection-p-18510.html HTTP/1.0" 301 69259 "-" "Mozilla/5.0 (compatible; bingbot/2.0; +http://www.bing.com/bingbot.htm)"
13.66.139.98 - - [26/Dec/2020:15:51:51 +0100] "GET /-p-10015.html HTTP/1.0" 200 69192 "-" "Mozilla/5.0 (compatible; bingbot/2.0; +http://www.bing.com/bingbot.htm)"
13.66.139.98 - - [26/Dec/2020:15:51:52 +0100] "GET /avengers-poster-p-30885.html HTTP/1.0" 200 69258 "-" "Mozilla/5.0 (compatible; bingbot/2.0; +http://www.bing.com/bingbot.htm)"
13.66.139.98 - - [26/Dec/2020:15:51:53 +0100] "GET /-p-9452.html HTTP/1.0" 200 69190 "-" "Mozilla/5.0 (compatible; bingbot/2.0; +http://www.bing.com/bingbot.htm)"
13.66.139.98 - - [26/Dec/2020:15:51:54 +0100] "GET /renault-gordini-collection-metal-plate-deco-p-37168.html HTTP/1.0" 200 69398 "-" "Mozilla/5.0 (compatible; bingbot/2.0; +http://www.bing.com/bingbot.htm)"
13.66.139.98 - - [26/Dec/2020:15:51:55 +0100] "GET /amazon-love-bookmark-butterflies-p-50286.html HTTP/1.0" 200 72214 "-" "Mozilla/5.0 (compatible; bingbot/2.0; +http://www.bing.com/bingbot.htm)"
13.66.139.98 - - [26/Dec/2020:15:51:56 +0100] "GET /lavande-soap-box-soap-10-65-28-cm-p-40113.html HTTP/1.0" 200 72166 "-" "Mozilla/5.0 (compatible; bingbot/2.0; +http://www.bing.com/bingbot.htm)"
13.66.139.98 - - [26/Dec/2020:15:51:57 +0100] "GET /russian-doll-green-figure-cm-p-27615.html HTTP/1.0" 200 71916 "-" "Mozilla/5.0 (compatible; bingbot/2.0; +http://www.bing.com/bingbot.htm)"
13.66.139.98 - - [26/Dec/2020:15:51:58 +0100] "GET /suicide-squad-skulls-poster-p-37820.html HTTP/1.0" 200 71873 "-" "Mozilla/5.0 (compatible; bingbot/2.0; +http://www.bing.com/bingbot.htm)"
13.66.139.98 - - [26/Dec/2020:15:51:59 +0100] "GET /marilyn-monroe-rectangular-mirror-p-48303.html HTTP/1.0" 200 71890 "-" "Mozilla/5.0 (compatible; bingbot/2.0; +http://www.bing.com/bingbot.htm)"
13.66.139.98 - - [26/Dec/2020:15:52:00 +0100] "GET /pencil-pot-cbkreation-p-43447.html HTTP/1.0" 200 71840 "-" "Mozilla/5.0 (compatible; bingbot/2.0; +http://www.bing.com/bingbot.htm)"
13.66.139.98 - - [26/Dec/2020:15:52:01 +0100] "GET /paris-white-women-tee-shirt-p-30991.html HTTP/1.0" 200 73840 "-" "Mozilla/5.0 (compatible; bingbot/2.0; +http://www.bing.com/bingbot.htm)"
13.66.139.98 - - [26/Dec/2020:15:52:02 +0100] "GET /cats-bowl-p-45494.html HTTP/1.0" 200 71714 "-" "Mozilla/5.0 (compatible; bingbot/2.0; +http://www.bing.com/bingbot.htm)"
13.66.139.98 - - [26/Dec/2020:15:52:03 +0100] "GET /la-caravelle-vintage-clock-60-cm-p-45890.html HTTP/1.0" 200 71981 "-" "Mozilla/5.0 (compatible; bingbot/2.0; +http://www.bing.com/bingbot.htm)"
13.66.139.98 - - [26/Dec/2020:15:52:04 +0100] "GET /cats-cutty-door-plate-bathroom-p-50639.html HTTP/1.0" 200 71962 "-" "Mozilla/5.0 (compatible; bingbot/2.0; +http://www.bing.com/bingbot.htm)"
13.66.139.98 - - [26/Dec/2020:15:52:05 +0100] "GET /kimmidoll-kazumi-canvas-wallet-p-31938.html HTTP/1.0" 200 72614 "-" "Mozilla/5.0 (compatible; bingbot/2.0; +http://www.bing.com/bingbot.htm)"
13.66.139.98 - - [26/Dec/2020:15:52:05 +0100] "GET /decorative-wooden-plate-gourmandise-p-51585.html HTTP/1.0" 200 72607 "-" "Mozilla/5.0 (compatible; bingbot/2.0; +http://www.bing.com/bingbot.htm)"
13.66.139.98 - - [26/Dec/2020:15:52:06 +0100] "GET /usa-new-yorks-colors-bedclothes-220-cm-p-30610.html HTTP/1.0" 301 69259 "-" "Mozilla/5.0 (compatible; bingbot/2.0; +http://www.bing.com/bingbot.htm)"
13.66.139.98 - - [26/Dec/2020:15:53:03 +0100] "GET /-p-14223.html HTTP/1.0" 200 69192 "-" "Mozilla/5.0 (compatible; bingbot/2.0; +http://www.bing.com/bingbot.htm)"
13.66.139.98 - - [26/Dec/2020:15:53:04 +0100] "GET /uncle-scrooge-figurine-collection-by-britto-p-45554.html HTTP/1.0" 200 73290 "-" "Mozilla/5.0 (compatible; bingbot/2.0; +http://www.bing.com/bingbot.htm)"
13.66.139.98 - - [26/Dec/2020:15:53:05 +0100] "GET /cotton-floor-cushion-45-cm-burundi-p-51050.html HTTP/1.0" 301 69259 "-" "Mozilla/5.0 (compatible; bingbot/2.0; +http://www.bing.com/bingbot.htm)"
13.66.139.98 - - [26/Dec/2020:15:53:05 +0100] "GET /nici-love-pooh-memo-clip-p-23175.html HTTP/1.0" 200 71832 "-" "Mozilla/5.0 (compatible; bingbot/2.0; +http://www.bing.com/bingbot.htm)"
13.66.139.98 - - [26/Dec/2020:15:53:06 +0100] "GET /salt-and-pepper-pot-milk-p-47918.html HTTP/1.0" 200 71863 "-" "Mozilla/5.0 (compatible; bingbot/2.0; +http://www.bing.com/bingbot.htm)"
54.36.148.153 - - [26/Dec/2020:15:53:16 +0100] "GET /window-sticker-plant-pots-p-53152.html HTTP/1.0" 200 72782 "-" "Mozilla/5.0 (compatible; AhrefsBot/7.0; +http://ahrefs.com/robot/)"
114.119.129.36 - - [26/Dec/2020:15:53:37 +0100] "GET /images/mini_prod/3700516203595bis.jpg HTTP/1.0" 200 272 "-" "Mozilla/5.0 (Linux; Android 7.0;) AppleWebKit/537.36 (KHTML, like Gecko) Mobile Safari/537.36 (compatible; PetalBot;+https://aspiegel.com/petalbot)"
103.131.71.23 - - [26/Dec/2020:15:53:49 +0100] "GET /robots.txt HTTP/1.0" 301 531 "-" "Mozilla/5.0 (compatible; coccocbot-image/1.0; +http://help.coccoc.com/searchengine)"
103.131.71.23 - - [26/Dec/2020:15:53:51 +0100] "GET /robots.txt HTTP/1.0" 200 245 "-" "Mozilla/5.0 (compatible; coccocbot-image/1.0; +http://help.coccoc.com/searchengine)"
103.131.71.33 - - [26/Dec/2020:15:53:53 +0100] "GET /robots.txt HTTP/1.0" 200 245 "-" "Mozilla/5.0 (compatible; coccocbot-image/1.0; +http://help.coccoc.com/searchengine)"
103.131.71.25 - - [26/Dec/2020:15:53:55 +0100] "GET /images/pixel_trans.gif HTTP/1.0" 304 135 "-" "Mozilla/5.0 (compatible; coccocbot-image/1.0; +http://help.coccoc.com/searchengine)"
13.66.139.98 - - [26/Dec/2020:15:54:23 +0100] "GET /horse-small-round-magnet-p-31913.html HTTP/1.0" 200 71822 "-" "Mozilla/5.0 (compatible; bingbot/2.0; +http://www.bing.com/bingbot.htm)"
13.66.139.98 - - [26/Dec/2020:15:54:24 +0100] "GET /glass-cutting-board-flammy-p-47883.html HTTP/1.0" 200 71853 "-" "Mozilla/5.0 (compatible; bingbot/2.0; +http://www.bing.com/bingbot.htm)"
13.66.139.98 - - [26/Dec/2020:15:54:25 +0100] "GET /wicker-basket-24-cm-p-48598.html HTTP/1.0" 200 71798 "-" "Mozilla/5.0 (compatible; bingbot/2.0; +http://www.bing.com/bingbot.htm)"
13.66.139.98 - - [26/Dec/2020:15:54:26 +0100] "GET /tortoise-statue-in-gold-color-resin-p-48008.html HTTP/1.0" 200 72837 "-" "Mozilla/5.0 (compatible; bingbot/2.0; +http://www.bing.com/bingbot.htm)"
185.222.58.138 - - [26/Dec/2020:15:55:07 +0100] "GET /wp-content/plugins/easy-wp-smtp/ HTTP/1.0" 404 1308 "-" "python-requests/2.25.0"
13.66.139.136 - - [26/Dec/2020:15:55:57 +0100] "GET /mister-men-bedclothes-135-200-p-9256.html HTTP/1.0" 200 72111 "-" "Mozilla/5.0 (compatible; bingbot/2.0; +http://www.bing.com/bingbot.htm)"
207.46.13.13 - - [26/Dec/2020:15:56:02 +0100] "GET /tiana-et-naveen-as-frogs-disney-traditions-p-51164.html HTTP/1.0" 200 72390 "-" "Mozilla/5.0 (compatible; bingbot/2.0; +http://www.bing.com/bingbot.htm)"
13.66.139.41 - - [26/Dec/2020:15:56:07 +0100] "GET /nintendo-logo-hooded-jacket-p-30199.html HTTP/1.0" 200 69290 "-" "Mozilla/5.0 (compatible; bingbot/2.0; +http://www.bing.com/bingbot.htm)"
157.55.39.186 - - [26/Dec/2020:15:57:06 +0100] "GET /swfobject.js HTTP/1.0" 404 1308 "-" "Mozilla/5.0 (compatible; bingbot/2.0; +http://www.bing.com/bingbot.htm)"
54.36.149.47 - - [26/Dec/2020:15:57:22 +0100] "GET /stickers-c-129_50.html HTTP/1.0" 200 88214 "-" "Mozilla/5.0 (compatible; AhrefsBot/7.0; +http://ahrefs.com/robot/)"
114.119.144.233 - - [26/Dec/2020:15:57:58 +0100] "GET /images/3661443613188b.jpg HTTP/1.0" 200 260 "-" "Mozilla/5.0 (Linux; Android 7.0;) AppleWebKit/537.36 (KHTML, like Gecko) Mobile Safari/537.36 (compatible; PetalBot;+https://aspiegel.com/petalbot)"
66.249.70.62 - - [26/Dec/2020:15:59:10 +0100] "GET /mirror-c-13_133.html HTTP/1.0" 200 90711 "-" "Mozilla/5.0 (Linux; Android 6.0.1; Nexus 5X Build/MMB29P) AppleWebKit/537.36 (KHTML, like Gecko) Chrome/87.0.4280.90 Mobile Safari/537.36 (compatible; Googlebot/2.1; +http://www.google.com/bot.html)"
66.249.93.28 - - [26/Dec/2020:16:00:04 +0100] "GET /images/big_prod_3/d1300000019972.jpg HTTP/1.0" 200 271 "-" "Mozilla/5.0 (Windows NT 5.1; rv:11.0) Gecko Firefox/11.0 (via ggpht.com GoogleImageProxy)"
109.129.195.68 - - [26/Dec/2020:16:00:07 +0100] "GET /sigil-lucifer-satatic-book-handbag-in-the-shape-of-book-p-40613.html HTTP/1.0" 200 74092 "https://www.google.be/" "Mozilla/5.0 (Windows NT 10.0; Win64; x64) AppleWebKit/537.36 (KHTML, like Gecko) Chrome/87.0.4280.88 Safari/537.36 Edg/87.0.664.66"
109.129.195.68 - - [26/Dec/2020:16:00:08 +0100] "GET /templates/Pixame_v1/stylesheet.css HTTP/1.0" 200 267 "http://www.wonder-geek.com/sigil-lucifer-satatic-book-handbag-in-the-shape-of-book-p-40613.html" "Mozilla/5.0 (Windows NT 10.0; Win64; x64) AppleWebKit/537.36 (KHTML, like Gecko) Chrome/87.0.4280.88 Safari/537.36 Edg/87.0.664.66"
109.129.195.68 - - [26/Dec/2020:16:00:08 +0100] "GET /highslide/highslide.js HTTP/1.0" 200 262 "http://www.wonder-geek.com/sigil-lucifer-satatic-book-handbag-in-the-shape-of-book-p-40613.html" "Mozilla/5.0 (Windows NT 10.0; Win64; x64) AppleWebKit/537.36 (KHTML, like Gecko) Chrome/87.0.4280.88 Safari/537.36 Edg/87.0.664.66"
109.129.195.68 - - [26/Dec/2020:16:00:08 +0100] "GET /js/jquery.js HTTP/1.0" 200 252 "http://www.wonder-geek.com/sigil-lucifer-satatic-book-handbag-in-the-shape-of-book-p-40613.html" "Mozilla/5.0 (Windows NT 10.0; Win64; x64) AppleWebKit/537.36 (KHTML, like Gecko) Chrome/87.0.4280.88 Safari/537.36 Edg/87.0.664.66"
109.129.195.68 - - [26/Dec/2020:16:00:08 +0100] "GET /mondial_relay/js/jquery-1.3.2.min.js HTTP/1.0" 200 276 "http://www.wonder-geek.com/sigil-lucifer-satatic-book-handbag-in-the-shape-of-book-p-40613.html" "Mozilla/5.0 (Windows NT 10.0; Win64; x64) AppleWebKit/537.36 (KHTML, like Gecko) Chrome/87.0.4280.88 Safari/537.36 Edg/87.0.664.66"
109.129.195.68 - - [26/Dec/2020:16:00:08 +0100] "GET /js/jquery.jqzoom.js HTTP/1.0" 200 259 "http://www.wonder-geek.com/sigil-lucifer-satatic-book-handbag-in-the-shape-of-book-p-40613.html" "Mozilla/5.0 (Windows NT 10.0; Win64; x64) AppleWebKit/537.36 (KHTML, like Gecko) Chrome/87.0.4280.88 Safari/537.36 Edg/87.0.664.66"
109.129.195.68 - - [26/Dec/2020:16:00:08 +0100] "GET /swfobject.js HTTP/1.0" 404 1308 "http://www.wonder-geek.com/sigil-lucifer-satatic-book-handbag-in-the-shape-of-book-p-40613.html" "Mozilla/5.0 (Windows NT 10.0; Win64; x64) AppleWebKit/537.36 (KHTML, like Gecko) Chrome/87.0.4280.88 Safari/537.36 Edg/87.0.664.66"
109.129.195.68 - - [26/Dec/2020:16:00:08 +0100] "GET /templates/Pixame_v1/images/icon_accueil2.png HTTP/1.0" 200 278 "http://www.wonder-geek.com/sigil-lucifer-satatic-book-handbag-in-the-shape-of-book-p-40613.html" "Mozilla/5.0 (Windows NT 10.0; Win64; x64) AppleWebKit/537.36 (KHTML, like Gecko) Chrome/87.0.4280.88 Safari/537.36 Edg/87.0.664.66"
109.129.195.68 - - [26/Dec/2020:16:00:08 +0100] "GET /templates/Pixame_v1/images/infobox/pixel_trans.gif HTTP/1.0" 200 328 "http://www.wonder-geek.com/sigil-lucifer-satatic-book-handbag-in-the-shape-of-book-p-40613.html" "Mozilla/5.0 (Windows NT 10.0; Win64; x64) AppleWebKit/537.36 (KHTML, like Gecko) Chrome/87.0.4280.88 Safari/537.36 Edg/87.0.664.66"
109.129.195.68 - - [26/Dec/2020:16:00:08 +0100] "GET /images/pixel_trans.gif HTTP/1.0" 200 328 "http://www.wonder-geek.com/sigil-lucifer-satatic-book-handbag-in-the-shape-of-book-p-40613.html" "Mozilla/5.0 (Windows NT 10.0; Win64; x64) AppleWebKit/537.36 (KHTML, like Gecko) Chrome/87.0.4280.88 Safari/537.36 Edg/87.0.664.66"
109.129.195.68 - - [26/Dec/2020:16:00:08 +0100] "GET /templates/Pixame_v1/images/pixel_trans.gif HTTP/1.0" 200 328 "http://www.wonder-geek.com/sigil-lucifer-satatic-book-handbag-in-the-shape-of-book-p-40613.html" "Mozilla/5.0 (Windows NT 10.0; Win64; x64) AppleWebKit/537.36 (KHTML, like Gecko) Chrome/87.0.4280.88 Safari/537.36 Edg/87.0.664.66"
109.129.195.68 - - [26/Dec/2020:16:00:08 +0100] "GET /images/big_prod_1/b1300000019972.jpg HTTP/1.0" 200 271 "http://www.wonder-geek.com/sigil-lucifer-satatic-book-handbag-in-the-shape-of-book-p-40613.html" "Mozilla/5.0 (Windows NT 10.0; Win64; x64) AppleWebKit/537.36 (KHTML, like Gecko) Chrome/87.0.4280.88 Safari/537.36 Edg/87.0.664.66"
109.129.195.68 - - [26/Dec/2020:16:00:08 +0100] "GET /images/big_prod/1300000019972.jpg HTTP/1.0" 200 268 "http://www.wonder-geek.com/sigil-lucifer-satatic-book-handbag-in-the-shape-of-book-p-40613.html" "Mozilla/5.0 (Windows NT 10.0; Win64; x64) AppleWebKit/537.36 (KHTML, like Gecko) Chrome/87.0.4280.88 Safari/537.36 Edg/87.0.664.66"
109.129.195.68 - - [26/Dec/2020:16:00:08 +0100] "GET /images/big_prod_2/c1300000019972.jpg HTTP/1.0" 200 271 "http://www.wonder-geek.com/sigil-lucifer-satatic-book-handbag-in-the-shape-of-book-p-40613.html" "Mozilla/5.0 (Windows NT 10.0; Win64; x64) AppleWebKit/537.36 (KHTML, like Gecko) Chrome/87.0.4280.88 Safari/537.36 Edg/87.0.664.66"
109.129.195.68 - - [26/Dec/2020:16:00:08 +0100] "GET /images/big_prod_3/d1300000019972.jpg HTTP/1.0" 200 271 "http://www.wonder-geek.com/sigil-lucifer-satatic-book-handbag-in-the-shape-of-book-p-40613.html" "Mozilla/5.0 (Windows NT 10.0; Win64; x64) AppleWebKit/537.36 (KHTML, like Gecko) Chrome/87.0.4280.88 Safari/537.36 Edg/87.0.664.66"
109.129.195.68 - - [26/Dec/2020:16:00:08 +0100] "GET /templates/Pixame_v1/images/buttons/english/button_in_cart.gif HTTP/1.0" 200 295 "http://www.wonder-geek.com/sigil-lucifer-satatic-book-handbag-in-the-shape-of-book-p-40613.html" "Mozilla/5.0 (Windows NT 10.0; Win64; x64) AppleWebKit/537.36 (KHTML, like Gecko) Chrome/87.0.4280.88 Safari/537.36 Edg/87.0.664.66"
109.129.195.68 - - [26/Dec/2020:16:00:08 +0100] "GET /templates/Pixame_v1/images/Bottom_texture.jpg HTTP/1.0" 200 280 "http://www.wonder-geek.com/templates/Pixame_v1/stylesheet.css" "Mozilla/5.0 (Windows NT 10.0; Win64; x64) AppleWebKit/537.36 (KHTML, like Gecko) Chrome/87.0.4280.88 Safari/537.36 Edg/87.0.664.66"
109.129.195.68 - - [26/Dec/2020:16:00:08 +0100] "GET /templates/Pixame_v1/images/header.png HTTP/1.0" 200 271 "http://www.wonder-geek.com/templates/Pixame_v1/stylesheet.css" "Mozilla/5.0 (Windows NT 10.0; Win64; x64) AppleWebKit/537.36 (KHTML, like Gecko) Chrome/87.0.4280.88 Safari/537.36 Edg/87.0.664.66"
109.129.195.68 - - [26/Dec/2020:16:00:08 +0100] "GET /templates/Pixame_v1/images/header-object.png HTTP/1.0" 200 278 "http://www.wonder-geek.com/templates/Pixame_v1/stylesheet.css" "Mozilla/5.0 (Windows NT 10.0; Win64; x64) AppleWebKit/537.36 (KHTML, like Gecko) Chrome/87.0.4280.88 Safari/537.36 Edg/87.0.664.66"
109.129.195.68 - - [26/Dec/2020:16:00:08 +0100] "GET /templates/Pixame_v1/images/Middle_texture.jpg HTTP/1.0" 200 280 "http://www.wonder-geek.com/templates/Pixame_v1/stylesheet.css" "Mozilla/5.0 (Windows NT 10.0; Win64; x64) AppleWebKit/537.36 (KHTML, like Gecko) Chrome/87.0.4280.88 Safari/537.36 Edg/87.0.664.66"
109.129.195.68 - - [26/Dec/2020:16:00:08 +0100] "GET /templates/Pixame_v1/images/nav.png HTTP/1.0" 200 268 "http://www.wonder-geek.com/templates/Pixame_v1/stylesheet.css" "Mozilla/5.0 (Windows NT 10.0; Win64; x64) AppleWebKit/537.36 (KHTML, like Gecko) Chrome/87.0.4280.88 Safari/537.36 Edg/87.0.664.66"
109.129.195.68 - - [26/Dec/2020:16:00:08 +0100] "GET /swfobject.js HTTP/1.0" 404 1308 "http://www.wonder-geek.com/sigil-lucifer-satatic-book-handbag-in-the-shape-of-book-p-40613.html" "Mozilla/5.0 (Windows NT 10.0; Win64; x64) AppleWebKit/537.36 (KHTML, like Gecko) Chrome/87.0.4280.88 Safari/537.36 Edg/87.0.664.66"
