13.66.139.136 - - [26/Dec/2020:22:18:56 +0100] "GET /zen-canvas-frame-40-40-cm-p-38505.html HTTP/1.0" 200 71927 "-" "Mozilla/5.0 (compatible; bingbot/2.0; +http://www.bing.com/bingbot.htm)"
66.249.70.33 - - [26/Dec/2020:22:19:35 +0100] "GET /images/med_prod/8717202557516.jpg HTTP/1.0" 200 268 "-" "Googlebot-Image/1.0"
114.119.130.202 - - [26/Dec/2020:22:19:40 +0100] "GET /images/mini_prod/4036113310015.jpg HTTP/1.0" 200 269 "-" "Mozilla/5.0 (Linux; Android 7.0;) AppleWebKit/537.36 (KHTML, like Gecko) Mobile Safari/537.36 (compatible; PetalBot;+https://aspiegel.com/petalbot)"
13.66.139.76 - - [26/Dec/2020:22:19:42 +0100] "GET /-p-23525.html HTTP/1.0" 200 69192 "-" "Mozilla/5.0 (compatible; bingbot/2.0; +http://www.bing.com/bingbot.htm)"
13.66.139.136 - - [26/Dec/2020:22:19:55 +0100] "GET /removable-grey-cushion-beast-40-cm-p-50884.html HTTP/1.0" 200 72565 "-" "Mozilla/5.0 (compatible; bingbot/2.0; +http://www.bing.com/bingbot.htm)"
51.68.224.127 - - [26/Dec/2020:22:20:49 +0100] "GET /adminweb/export_orders_xml.php?token=256de2z6edz6ed2z6DFSFsed2zed6zeDSFDSGdzedezfzf&maxorders=10&orderstart=1&status=14&start_date=2018-10-01 HTTP/1.0" 200 285 "-" "GesCom CharlotteBoutik Serveur"
51.68.224.127 - - [26/Dec/2020:22:20:49 +0100] "GET /adminweb/export_orders_xml.php?token=256de2z6edz6ed2z6DFSFsed2zed6zeDSFDSGdzedezfzf&maxorders=10&orderstart=1&status=6&start_date=2018-10-01 HTTP/1.0" 200 30026 "-" "GesCom CharlotteBoutik Serveur"
54.36.148.87 - - [26/Dec/2020:22:21:23 +0100] "GET /round-trays-c-12_159_263.html?page=3 HTTP/1.0" 200 86053 "-" "Mozilla/5.0 (compatible; AhrefsBot/7.0; +http://ahrefs.com/robot/)"
66.249.70.33 - - [26/Dec/2020:22:21:44 +0100] "GET /mug-with-tea-infuser-c-12_221.html HTTP/1.0" 200 89770 "-" "Mozilla/5.0 (Linux; Android 6.0.1; Nexus 5X Build/MMB29P) AppleWebKit/537.36 (KHTML, like Gecko) Chrome/87.0.4280.90 Mobile Safari/537.36 (compatible; Googlebot/2.1; +http://www.google.com/bot.html)"
13.66.139.76 - - [26/Dec/2020:22:21:54 +0100] "GET /russian-dolls-rectangulary-cushion-by-cbkreation-p-18690.html HTTP/1.0" 200 72375 "-" "Mozilla/5.0 (compatible; bingbot/2.0; +http://www.bing.com/bingbot.htm)"
46.148.206.226 - - [26/Dec/2020:22:22:34 +0100] "GET /contact_us.php HTTP/1.0" 301 539 "http://wonder-geek.com/contact_us.php" "Mozilla/5.0 (Windows NT 6.3; WOW64) AppleWebKit/537.36 (KHTML, like Gecko) Chrome/83.0.4103.61 Safari/537.36"
46.148.206.226 - - [26/Dec/2020:22:22:34 +0100] "GET /contact_us.php HTTP/1.0" 200 26241 "http://www.wonder-geek.com/contact_us.php" "Mozilla/5.0 (Windows NT 6.3; WOW64) AppleWebKit/537.36 (KHTML, like Gecko) Chrome/83.0.4103.61 Safari/537.36"
13.66.139.76 - - [26/Dec/2020:22:22:40 +0100] "GET /zen-buddha-frame-with-metal-under-50-50-cm-p-37555.html HTTP/1.0" 200 69399 "-" "Mozilla/5.0 (compatible; bingbot/2.0; +http://www.bing.com/bingbot.htm)"
157.55.39.186 - - [26/Dec/2020:22:23:31 +0100] "GET /swfobject.js HTTP/1.0" 404 1308 "-" "Mozilla/5.0 (compatible; bingbot/2.0; +http://www.bing.com/bingbot.htm)"
157.55.39.186 - - [26/Dec/2020:22:23:31 +0100] "GET /swfobject.js HTTP/1.0" 404 1308 "-" "Mozilla/5.0 (compatible; bingbot/2.0; +http://www.bing.com/bingbot.htm)"
114.119.132.105 - - [26/Dec/2020:22:24:01 +0100] "GET /images/mini_prod/1399984286401.jpg HTTP/1.0" 200 269 "-" "Mozilla/5.0 (Linux; Android 7.0;) AppleWebKit/537.36 (KHTML, like Gecko) Mobile Safari/537.36 (compatible; PetalBot;+https://aspiegel.com/petalbot)"
46.148.206.226 - - [26/Dec/2020:22:24:05 +0100] "GET /contact_us.php HTTP/1.0" 200 26241 "http://www.wonder-geek.com/contact_us.php" "Mozilla/5.0 (Windows NT 6.3; WOW64) AppleWebKit/537.36 (KHTML, like Gecko) Chrome/83.0.4103.61 Safari/537.36"
66.249.70.33 - - [26/Dec/2020:22:24:37 +0100] "GET /new-york-yankees-cover-for-iphone-p-19097.html HTTP/1.0" 200 72156 "-" "Mozilla/5.0 (compatible; Googlebot/2.1; +http://www.google.com/bot.html)"
54.36.148.87 - - [26/Dec/2020:22:24:59 +0100] "GET /board-games-c-4_47.html HTTP/1.0" 200 74560 "-" "Mozilla/5.0 (compatible; AhrefsBot/7.0; +http://ahrefs.com/robot/)"
185.191.171.4 - - [26/Dec/2020:22:25:27 +0100] "GET /robots.txt HTTP/1.0" 200 245 "-" "Mozilla/5.0 (compatible; SemrushBot/7~bl; +http://www.semrush.com/bot.html)"
185.191.171.5 - - [26/Dec/2020:22:25:27 +0100] "GET /gorjuss-cards-supplied-with-an-envelope-pom-pom-p-53415.html HTTP/1.0" 200 72146 "-" "Mozilla/5.0 (compatible; SemrushBot/7~bl; +http://www.semrush.com/bot.html)"
207.46.13.13 - - [26/Dec/2020:22:25:44 +0100] "GET /-p-29534.html HTTP/1.0" 200 69192 "-" "Mozilla/5.0 (compatible; bingbot/2.0; +http://www.bing.com/bingbot.htm)"
13.66.139.41 - - [26/Dec/2020:22:27:07 +0100] "GET /canada-mouse-pad-cbkreation-p-13984.html HTTP/1.0" 200 71830 "-" "Mozilla/5.0 (compatible; bingbot/2.0; +http://www.bing.com/bingbot.htm)"
5.167.234.233 - - [26/Dec/2020:22:28:13 +0100] "GET /images/3700235441681.jpg HTTP/1.0" 200 259 "http://quoizeltableslamps.blogspot.com/2012/10/nostalgia-metal-shade-table-lamp.html" "Mozilla/5.0 (compatible; MSIE 10.0; Windows NT 6.2; WOW64; Trident/6.0; Touch; MASMJS)"
54.36.149.14 - - [26/Dec/2020:22:28:21 +0100] "GET /the-rugs-c-11_269.html?page=4 HTTP/1.0" 200 89772 "-" "Mozilla/5.0 (compatible; AhrefsBot/7.0; +http://ahrefs.com/robot/)"
114.119.151.113 - - [26/Dec/2020:22:28:22 +0100] "GET /vest-with-crop-steampunk-black-shirt-p-30129.html HTTP/1.0" 200 73413 "-" "Mozilla/5.0 (Linux; Android 7.0;) AppleWebKit/537.36 (KHTML, like Gecko) Mobile Safari/537.36 (compatible; PetalBot;+https://aspiegel.com/petalbot)"
13.66.139.76 - - [26/Dec/2020:22:30:30 +0100] "GET /smokers-items-c-3_112.html?page=7 HTTP/1.0" 200 90827 "-" "Mozilla/5.0 (compatible; bingbot/2.0; +http://www.bing.com/bingbot.htm)"
13.66.139.41 - - [26/Dec/2020:22:30:38 +0100] "GET /-m-98.html HTTP/1.0" 200 76207 "-" "Mozilla/5.0 (compatible; bingbot/2.0; +http://www.bing.com/bingbot.htm)"
40.77.167.36 - - [26/Dec/2020:22:30:42 +0100] "GET /laundry-basket-in-braided-jute-large-size-p-48065.html HTTP/1.0" 200 72628 "-" "Mozilla/5.0 (compatible; bingbot/2.0; +http://www.bing.com/bingbot.htm)"
13.66.139.41 - - [26/Dec/2020:22:31:16 +0100] "GET /-p-18374.html HTTP/1.0" 200 69192 "-" "Mozilla/5.0 (compatible; bingbot/2.0; +http://www.bing.com/bingbot.htm)"
13.66.139.41 - - [26/Dec/2020:22:31:17 +0100] "GET /-p-36568.html HTTP/1.0" 200 69192 "-" "Mozilla/5.0 (compatible; bingbot/2.0; +http://www.bing.com/bingbot.htm)"
13.66.139.41 - - [26/Dec/2020:22:31:18 +0100] "GET /-p-27348.html HTTP/1.0" 200 69192 "-" "Mozilla/5.0 (compatible; bingbot/2.0; +http://www.bing.com/bingbot.htm)"
13.66.139.41 - - [26/Dec/2020:22:31:19 +0100] "GET /-p-16835.html HTTP/1.0" 200 69192 "-" "Mozilla/5.0 (compatible; bingbot/2.0; +http://www.bing.com/bingbot.htm)"
13.66.139.41 - - [26/Dec/2020:22:31:20 +0100] "GET /-p-13263.html HTTP/1.0" 200 69192 "-" "Mozilla/5.0 (compatible; bingbot/2.0; +http://www.bing.com/bingbot.htm)"
13.66.139.41 - - [26/Dec/2020:22:31:21 +0100] "GET /fff-kids-school-bag-p-52063.html HTTP/1.0" 200 69258 "-" "Mozilla/5.0 (compatible; bingbot/2.0; +http://www.bing.com/bingbot.htm)"
13.66.139.41 - - [26/Dec/2020:22:31:22 +0100] "GET /-p-20170.html HTTP/1.0" 200 69192 "-" "Mozilla/5.0 (compatible; bingbot/2.0; +http://www.bing.com/bingbot.htm)"
13.66.139.41 - - [26/Dec/2020:22:31:22 +0100] "GET /-p-22588.html HTTP/1.0" 200 69192 "-" "Mozilla/5.0 (compatible; bingbot/2.0; +http://www.bing.com/bingbot.htm)"
13.66.139.41 - - [26/Dec/2020:22:31:23 +0100] "GET /resin-monkey-and-parrot-statue-p-47999.html HTTP/1.0" 200 69302 "-" "Mozilla/5.0 (compatible; bingbot/2.0; +http://www.bing.com/bingbot.htm)"
13.66.139.41 - - [26/Dec/2020:22:31:24 +0100] "GET /-p-8337.html HTTP/1.0" 200 69190 "-" "Mozilla/5.0 (compatible; bingbot/2.0; +http://www.bing.com/bingbot.htm)"
13.66.139.41 - - [26/Dec/2020:22:31:25 +0100] "GET /-p-7755.html HTTP/1.0" 200 69190 "-" "Mozilla/5.0 (compatible; bingbot/2.0; +http://www.bing.com/bingbot.htm)"
13.66.139.41 - - [26/Dec/2020:22:31:26 +0100] "GET /hello-kitty-ceiling-light-p-11193.html HTTP/1.0" 200 72030 "-" "Mozilla/5.0 (compatible; bingbot/2.0; +http://www.bing.com/bingbot.htm)"
13.66.139.41 - - [26/Dec/2020:22:31:27 +0100] "GET /industrial-pouf-storage-box-small-size-26-cm-only-p-45099.html HTTP/1.0" 200 72796 "-" "Mozilla/5.0 (compatible; bingbot/2.0; +http://www.bing.com/bingbot.htm)"
13.66.139.41 - - [26/Dec/2020:22:31:28 +0100] "GET /sticker-for-windows-chakra-p-48350.html HTTP/1.0" 200 71904 "-" "Mozilla/5.0 (compatible; bingbot/2.0; +http://www.bing.com/bingbot.htm)"
13.66.139.41 - - [26/Dec/2020:22:31:29 +0100] "GET /blue-dog-alarm-clock-p-38250.html HTTP/1.0" 200 71862 "-" "Mozilla/5.0 (compatible; bingbot/2.0; +http://www.bing.com/bingbot.htm)"
13.66.139.41 - - [26/Dec/2020:22:31:30 +0100] "GET /tetsubin-black-et-gold-teapot-japanese-08-liter-p-38424.html HTTP/1.0" 200 72241 "-" "Mozilla/5.0 (compatible; bingbot/2.0; +http://www.bing.com/bingbot.htm)"
13.66.139.41 - - [26/Dec/2020:22:31:30 +0100] "GET /decorative-wooden-plate-chiens-bienvenus-white-p-47804.html HTTP/1.0" 200 72267 "-" "Mozilla/5.0 (compatible; bingbot/2.0; +http://www.bing.com/bingbot.htm)"
13.66.139.41 - - [26/Dec/2020:22:31:31 +0100] "GET /mickey-birthday-card-with-envelope-p-25257.html HTTP/1.0" 200 71895 "-" "Mozilla/5.0 (compatible; bingbot/2.0; +http://www.bing.com/bingbot.htm)"
13.66.139.41 - - [26/Dec/2020:22:31:32 +0100] "GET /cow-small-piggy-bank-p-29053.html HTTP/1.0" 200 71806 "-" "Mozilla/5.0 (compatible; bingbot/2.0; +http://www.bing.com/bingbot.htm)"
13.66.139.41 - - [26/Dec/2020:22:31:33 +0100] "GET /bedclothes-140-200-cm-black-striped-p-44343.html HTTP/1.0" 200 72032 "-" "Mozilla/5.0 (compatible; bingbot/2.0; +http://www.bing.com/bingbot.htm)"
13.66.139.41 - - [26/Dec/2020:22:31:34 +0100] "GET /pet-rug-60-40-cm-pacha-p-49540.html HTTP/1.0" 200 71716 "-" "Mozilla/5.0 (compatible; bingbot/2.0; +http://www.bing.com/bingbot.htm)"
13.66.139.41 - - [26/Dec/2020:22:31:35 +0100] "GET /general-store-jars-anise-black-pepper-p-36656.html HTTP/1.0" 200 73343 "-" "Mozilla/5.0 (compatible; bingbot/2.0; +http://www.bing.com/bingbot.htm)"
13.66.139.41 - - [26/Dec/2020:22:31:36 +0100] "GET /provencal-arabesques-carpet-60-90-cm-p-48574.html HTTP/1.0" 200 72766 "-" "Mozilla/5.0 (compatible; bingbot/2.0; +http://www.bing.com/bingbot.htm)"
13.66.139.41 - - [26/Dec/2020:22:31:37 +0100] "GET /the-ballerina-statue-collection-body-talk-p-38818.html HTTP/1.0" 200 72684 "-" "Mozilla/5.0 (compatible; bingbot/2.0; +http://www.bing.com/bingbot.htm)"
13.66.139.41 - - [26/Dec/2020:22:31:38 +0100] "GET /grumpy-polar-blanket-p-39087.html HTTP/1.0" 200 71833 "-" "Mozilla/5.0 (compatible; bingbot/2.0; +http://www.bing.com/bingbot.htm)"
13.66.139.136 - - [26/Dec/2020:22:31:41 +0100] "GET /angry-birds-set-of-hair-ornements-p-19410.html HTTP/1.0" 200 69354 "-" "Mozilla/5.0 (compatible; bingbot/2.0; +http://www.bing.com/bingbot.htm)"
13.66.139.136 - - [26/Dec/2020:22:31:41 +0100] "GET /coca-cola-mini-magnet-mirror-p-19665.html HTTP/1.0" 200 69323 "-" "Mozilla/5.0 (compatible; bingbot/2.0; +http://www.bing.com/bingbot.htm)"
13.66.139.136 - - [26/Dec/2020:22:31:42 +0100] "GET /-p-5172.html HTTP/1.0" 200 69190 "-" "Mozilla/5.0 (compatible; bingbot/2.0; +http://www.bing.com/bingbot.htm)"
13.66.139.136 - - [26/Dec/2020:22:31:43 +0100] "GET /barbabright-marine-figure-p-468.html HTTP/1.0" 200 69304 "-" "Mozilla/5.0 (compatible; bingbot/2.0; +http://www.bing.com/bingbot.htm)"
13.66.139.136 - - [26/Dec/2020:22:31:44 +0100] "GET /-p-32178.html HTTP/1.0" 200 69192 "-" "Mozilla/5.0 (compatible; bingbot/2.0; +http://www.bing.com/bingbot.htm)"
13.66.139.136 - - [26/Dec/2020:22:31:45 +0100] "GET /lucky-luke-figurine-william-dalton-yellow-stripe-p-15688.html HTTP/1.0" 200 69426 "-" "Mozilla/5.0 (compatible; bingbot/2.0; +http://www.bing.com/bingbot.htm)"
13.66.139.136 - - [26/Dec/2020:22:31:45 +0100] "GET /-p-17879.html HTTP/1.0" 200 69192 "-" "Mozilla/5.0 (compatible; bingbot/2.0; +http://www.bing.com/bingbot.htm)"
13.66.139.136 - - [26/Dec/2020:22:31:46 +0100] "GET /tweety-graffiti-shopping-bag-p-9177.html HTTP/1.0" 200 69321 "-" "Mozilla/5.0 (compatible; bingbot/2.0; +http://www.bing.com/bingbot.htm)"
13.66.139.136 - - [26/Dec/2020:22:31:47 +0100] "GET /little-geisha-grey-small-tea-box-p-39301.html HTTP/1.0" 200 69310 "-" "Mozilla/5.0 (compatible; bingbot/2.0; +http://www.bing.com/bingbot.htm)"
13.66.139.136 - - [26/Dec/2020:22:31:48 +0100] "GET /disney-princesses-aurora-wood-armchair-p-18806.html HTTP/1.0" 200 69334 "-" "Mozilla/5.0 (compatible; bingbot/2.0; +http://www.bing.com/bingbot.htm)"
13.66.139.136 - - [26/Dec/2020:22:31:49 +0100] "GET /costaud-backpack-p-8297.html HTTP/1.0" 200 69250 "-" "Mozilla/5.0 (compatible; bingbot/2.0; +http://www.bing.com/bingbot.htm)"
13.66.139.136 - - [26/Dec/2020:22:31:50 +0100] "GET /retro-soccer-ball-p-26892.html HTTP/1.0" 200 71785 "-" "Mozilla/5.0 (compatible; bingbot/2.0; +http://www.bing.com/bingbot.htm)"
13.66.139.136 - - [26/Dec/2020:22:31:51 +0100] "GET /stitch-figure-collection-by-romero-britto-p-51468.html HTTP/1.0" 200 73499 "-" "Mozilla/5.0 (compatible; bingbot/2.0; +http://www.bing.com/bingbot.htm)"
13.66.139.136 - - [26/Dec/2020:22:31:52 +0100] "GET /elvis-lighter-p-29770.html HTTP/1.0" 200 74068 "-" "Mozilla/5.0 (compatible; bingbot/2.0; +http://www.bing.com/bingbot.htm)"
54.36.148.214 - - [26/Dec/2020:22:31:52 +0100] "GET /wall-sticker-c-13_187.html HTTP/1.0" 200 92244 "-" "Mozilla/5.0 (compatible; AhrefsBot/7.0; +http://ahrefs.com/robot/)"
13.66.139.136 - - [26/Dec/2020:22:31:53 +0100] "GET /winx-picnic-set-p-17167.html HTTP/1.0" 200 72688 "-" "Mozilla/5.0 (compatible; bingbot/2.0; +http://www.bing.com/bingbot.htm)"
13.66.139.76 - - [26/Dec/2020:22:31:56 +0100] "GET /dubout-cats-mug-p-33315.html HTTP/1.0" 200 69258 "-" "Mozilla/5.0 (compatible; bingbot/2.0; +http://www.bing.com/bingbot.htm)"
13.66.139.76 - - [26/Dec/2020:22:31:57 +0100] "GET /-p-2915.html HTTP/1.0" 200 69190 "-" "Mozilla/5.0 (compatible; bingbot/2.0; +http://www.bing.com/bingbot.htm)"
13.66.139.76 - - [26/Dec/2020:22:31:57 +0100] "GET /bon-anniversaire-card-p-20020.html HTTP/1.0" 200 69288 "-" "Mozilla/5.0 (compatible; bingbot/2.0; +http://www.bing.com/bingbot.htm)"
13.66.139.76 - - [26/Dec/2020:22:31:58 +0100] "GET /horse-kitchen-towel-p-38814.html HTTP/1.0" 200 71795 "-" "Mozilla/5.0 (compatible; bingbot/2.0; +http://www.bing.com/bingbot.htm)"
13.66.139.76 - - [26/Dec/2020:22:31:59 +0100] "GET /dusty-planes-fire-and-rescue-poster-p-33537.html HTTP/1.0" 200 71929 "-" "Mozilla/5.0 (compatible; bingbot/2.0; +http://www.bing.com/bingbot.htm)"
13.66.139.76 - - [26/Dec/2020:22:32:00 +0100] "GET /monkey-statue-resin-p-47520.html HTTP/1.0" 200 71863 "-" "Mozilla/5.0 (compatible; bingbot/2.0; +http://www.bing.com/bingbot.htm)"
13.66.139.76 - - [26/Dec/2020:22:32:01 +0100] "GET /minnie-mouse-sports-bottle-p-25064.html HTTP/1.0" 200 71855 "-" "Mozilla/5.0 (compatible; bingbot/2.0; +http://www.bing.com/bingbot.htm)"
13.66.139.76 - - [26/Dec/2020:22:32:02 +0100] "GET /made-usa-semi-sheer-voile-grommet-panel-p-31458.html HTTP/1.0" 200 74124 "-" "Mozilla/5.0 (compatible; bingbot/2.0; +http://www.bing.com/bingbot.htm)"
13.66.139.76 - - [26/Dec/2020:22:32:03 +0100] "GET /star-wars-the-black-series-tie-fighter-pilot-figure-p-34593.html HTTP/1.0" 200 72260 "-" "Mozilla/5.0 (compatible; bingbot/2.0; +http://www.bing.com/bingbot.htm)"
13.66.139.76 - - [26/Dec/2020:22:32:04 +0100] "GET /windchime-wood-five-chimes-p-43517.html HTTP/1.0" 200 71877 "-" "Mozilla/5.0 (compatible; bingbot/2.0; +http://www.bing.com/bingbot.htm)"
13.66.139.76 - - [26/Dec/2020:22:32:05 +0100] "GET /happy-shirt-by-etienne-boyer-p-29564.html HTTP/1.0" 200 74307 "-" "Mozilla/5.0 (compatible; bingbot/2.0; +http://www.bing.com/bingbot.htm)"
157.55.39.186 - - [26/Dec/2020:22:32:07 +0100] "GET /swfobject.js HTTP/1.0" 404 1308 "-" "Mozilla/5.0 (compatible; bingbot/2.0; +http://www.bing.com/bingbot.htm)"
157.55.39.186 - - [26/Dec/2020:22:32:07 +0100] "GET /swfobject.js HTTP/1.0" 404 1308 "-" "Mozilla/5.0 (compatible; bingbot/2.0; +http://www.bing.com/bingbot.htm)"
157.55.39.186 - - [26/Dec/2020:22:32:07 +0100] "GET /swfobject.js HTTP/1.0" 404 1308 "-" "Mozilla/5.0 (compatible; bingbot/2.0; +http://www.bing.com/bingbot.htm)"
157.55.39.186 - - [26/Dec/2020:22:32:08 +0100] "GET /swfobject.js HTTP/1.0" 404 1308 "-" "Mozilla/5.0 (compatible; bingbot/2.0; +http://www.bing.com/bingbot.htm)"
66.249.93.28 - - [26/Dec/2020:22:32:22 +0100] "GET /images/5411217332207.jpg HTTP/1.0" 200 259 "-" "Mozilla/5.0 (Windows NT 5.1; rv:11.0) Gecko Firefox/11.0 (via ggpht.com GoogleImageProxy)"
114.119.150.15 - - [26/Dec/2020:22:32:43 +0100] "GET /images/3700057117405.jpg HTTP/1.0" 200 259 "-" "Mozilla/5.0 (Linux; Android 7.0;) AppleWebKit/537.36 (KHTML, like Gecko) Mobile Safari/537.36 (compatible; PetalBot;+https://aspiegel.com/petalbot)"
13.66.139.76 - - [26/Dec/2020:22:33:17 +0100] "GET /-p-23525.html HTTP/1.0" 200 69192 "-" "Mozilla/5.0 (compatible; bingbot/2.0; +http://www.bing.com/bingbot.htm)"
54.36.148.243 - - [26/Dec/2020:22:35:10 +0100] "GET /gabriel-statuette-in-bronze-color-p-53050.html HTTP/1.0" 200 71983 "-" "Mozilla/5.0 (compatible; AhrefsBot/7.0; +http://ahrefs.com/robot/)"
13.66.139.76 - - [26/Dec/2020:22:35:20 +0100] "GET /tetsubin-dragon-teapot-japanese-12-liter-p-37195.html HTTP/1.0" 200 72217 "-" "Mozilla/5.0 (compatible; bingbot/2.0; +http://www.bing.com/bingbot.htm)"
90.251.57.24 - - [26/Dec/2020:22:35:59 +0100] "GET /images/8421440081169.jpg HTTP/1.0" 200 259 "https://www.bing.com/" "Mozilla/5.0 (Linux; Android 9; KFMUWI) AppleWebKit/537.36 (KHTML, like Gecko) Silk/86.2.31 like Chrome/86.0.4240.185 Safari/537.36"
13.66.139.136 - - [26/Dec/2020:22:36:21 +0100] "GET /-p-21908.html HTTP/1.0" 200 69192 "-" "Mozilla/5.0 (compatible; bingbot/2.0; +http://www.bing.com/bingbot.htm)"
51.68.224.127 - - [26/Dec/2020:22:36:48 +0100] "GET /adminweb/export_orders_xml.php?token=256de2z6edz6ed2z6DFSFsed2zed6zeDSFDSGdzedezfzf&maxorders=10&orderstart=1&status=14&start_date=2018-10-01 HTTP/1.0" 200 285 "-" "GesCom CharlotteBoutik Serveur"
51.68.224.127 - - [26/Dec/2020:22:36:48 +0100] "GET /adminweb/export_orders_xml.php?token=256de2z6edz6ed2z6DFSFsed2zed6zeDSFDSGdzedezfzf&maxorders=10&orderstart=1&status=6&start_date=2018-10-01 HTTP/1.0" 200 30026 "-" "GesCom CharlotteBoutik Serveur"
114.119.132.105 - - [26/Dec/2020:22:36:59 +0100] "GET /images/mini_prod/8424346085446.jpg HTTP/1.0" 200 269 "-" "Mozilla/5.0 (Linux; Android 7.0;) AppleWebKit/537.36 (KHTML, like Gecko) Mobile Safari/537.36 (compatible; PetalBot;+https://aspiegel.com/petalbot)"
13.66.139.136 - - [26/Dec/2020:22:37:40 +0100] "GET /-p-24312.html HTTP/1.0" 200 69192 "-" "Mozilla/5.0 (compatible; bingbot/2.0; +http://www.bing.com/bingbot.htm)"
5.255.231.71 - - [26/Dec/2020:22:37:52 +0100] "GET /wax-melt-lime-splash-p-39894.html HTTP/1.0" 200 72405 "-" "Mozilla/5.0 (compatible; YandexBot/3.0; +http://yandex.com/bots)"
5.255.231.71 - - [26/Dec/2020:22:38:25 +0100] "GET /curtains-lace-curtains-c-11_69.html HTTP/1.0" 200 88979 "-" "Mozilla/5.0 (compatible; YandexBot/3.0; +http://yandex.com/bots)"
5.255.231.71 - - [26/Dec/2020:22:38:28 +0100] "GET /images/big_prod/5051276231013.jpg HTTP/1.0" 200 268 "-" "Mozilla/5.0 (compatible; YandexImages/3.0; +http://yandex.com/bots)"
5.255.231.71 - - [26/Dec/2020:22:38:31 +0100] "GET /photo-frames-and-memo-clips-c-13_132.html HTTP/1.0" 200 89735 "-" "Mozilla/5.0 (compatible; YandexBot/3.0; +http://yandex.com/bots)"
54.36.148.87 - - [26/Dec/2020:22:38:32 +0100] "GET /tin-and-metal-signs-c-13_130.html?page=21 HTTP/1.0" 200 91663 "-" "Mozilla/5.0 (compatible; AhrefsBot/7.0; +http://ahrefs.com/robot/)"
5.255.231.71 - - [26/Dec/2020:22:38:35 +0100] "GET /salt-and-pepper-shaker-sets-c-12_160.html HTTP/1.0" 200 89724 "-" "Mozilla/5.0 (compatible; YandexBot/3.0; +http://yandex.com/bots)"
5.255.231.71 - - [26/Dec/2020:22:38:38 +0100] "GET /board-games-c-4_47.html HTTP/1.0" 200 74560 "-" "Mozilla/5.0 (compatible; YandexBot/3.0; +http://yandex.com/bots)"
13.66.139.76 - - [26/Dec/2020:22:39:06 +0100] "GET /-p-23525.html HTTP/1.0" 200 69192 "-" "Mozilla/5.0 (compatible; bingbot/2.0; +http://www.bing.com/bingbot.htm)"
207.46.13.225 - - [26/Dec/2020:22:40:08 +0100] "GET /transparent-plastic-tablecloth-180-180-cm-p-52781.html HTTP/1.0" 200 71990 "-" "Mozilla/5.0 (compatible; bingbot/2.0; +http://www.bing.com/bingbot.htm)"
157.55.39.186 - - [26/Dec/2020:22:41:10 +0100] "GET /swfobject.js HTTP/1.0" 404 1308 "-" "Mozilla/5.0 (compatible; bingbot/2.0; +http://www.bing.com/bingbot.htm)"
114.119.166.95 - - [26/Dec/2020:22:41:23 +0100] "GET /robots.txt HTTP/1.0" 301 531 "-" "(compatible;PetalBot;+https://aspiegel.com/petalbot)"
114.119.166.95 - - [26/Dec/2020:22:41:23 +0100] "GET /robots.txt HTTP/1.0" 200 245 "-" "(compatible;PetalBot;+https://aspiegel.com/petalbot)"
54.36.148.248 - - [26/Dec/2020:22:42:42 +0100] "GET /frames-flags-and-decorative-paintings-c-13_148.html?page=4 HTTP/1.0" 200 94216 "-" "Mozilla/5.0 (compatible; AhrefsBot/7.0; +http://ahrefs.com/robot/)"
13.66.139.76 - - [26/Dec/2020:22:42:53 +0100] "GET /-p-35007.html HTTP/1.0" 200 69192 "-" "Mozilla/5.0 (compatible; bingbot/2.0; +http://www.bing.com/bingbot.htm)"
17.58.101.145 - - [26/Dec/2020:22:43:09 +0100] "GET /tights-c-1_48.html HTTP/1.0" 200 78136 "-" "Mozilla/5.0 (Macintosh; Intel Mac OS X 10_15_5) AppleWebKit/605.1.15 (KHTML, like Gecko) Version/13.1.1 Safari/605.1.15 (Applebot/0.1; +http://www.apple.com/go/applebot)"
13.66.139.41 - - [26/Dec/2020:22:43:38 +0100] "GET /nici-horse-moon-plush-15-cm-p-35164.html HTTP/1.0" 200 78738 "-" "Mozilla/5.0 (compatible; bingbot/2.0; +http://www.bing.com/bingbot.htm)"
13.66.139.41 - - [26/Dec/2020:22:44:29 +0100] "GET /ceramic-salt-pot-with-spoon-dory-p-50637.html HTTP/1.0" 200 71896 "-" "Mozilla/5.0 (compatible; bingbot/2.0; +http://www.bing.com/bingbot.htm)"
13.66.139.136 - - [26/Dec/2020:22:44:34 +0100] "GET /magnets-c-13_134.html?page=2 HTTP/1.0" 200 91080 "-" "Mozilla/5.0 (compatible; bingbot/2.0; +http://www.bing.com/bingbot.htm)"
157.55.39.214 - - [26/Dec/2020:22:45:13 +0100] "GET /mondial_relay/js/jquery-1.3.2.min.js HTTP/1.0" 200 276 "-" "Mozilla/5.0 (compatible; bingbot/2.0; +http://www.bing.com/bingbot.htm)"
13.66.139.41 - - [26/Dec/2020:22:45:38 +0100] "GET /-p-25237.html HTTP/1.0" 200 69192 "-" "Mozilla/5.0 (compatible; bingbot/2.0; +http://www.bing.com/bingbot.htm)"
114.119.132.105 - - [26/Dec/2020:22:45:44 +0100] "GET /comptoir-du-cafe-oven-mitt-p-51422.html HTTP/1.0" 200 71915 "-" "Mozilla/5.0 (Linux; Android 7.0;) AppleWebKit/537.36 (KHTML, like Gecko) Mobile Safari/537.36 (compatible; PetalBot;+https://aspiegel.com/petalbot)"
207.46.13.51 - - [26/Dec/2020:22:46:18 +0100] "GET /alarms-clocks-clocks-and-watches/clocks/tweety-and-sylvester-clock-p-24190.html HTTP/1.0" 301 69406 "-" "Mozilla/5.0 (compatible; bingbot/2.0; +http://www.bing.com/bingbot.htm)"
54.36.148.87 - - [26/Dec/2020:22:46:51 +0100] "GET /ashtrays-c-13_240.html?page=8 HTTP/1.0" 200 78942 "-" "Mozilla/5.0 (compatible; AhrefsBot/7.0; +http://ahrefs.com/robot/)"
13.66.139.76 - - [26/Dec/2020:22:47:45 +0100] "GET /tetsubin-green-teapot-japanese-15-liter-p-41379.html HTTP/1.0" 200 72167 "-" "Mozilla/5.0 (compatible; bingbot/2.0; +http://www.bing.com/bingbot.htm)"
13.66.139.76 - - [26/Dec/2020:22:47:46 +0100] "GET /lu-petit-beurre-nantais-mini-metal-tray-p-40092.html HTTP/1.0" 200 72040 "-" "Mozilla/5.0 (compatible; bingbot/2.0; +http://www.bing.com/bingbot.htm)"
17.58.101.145 - - [26/Dec/2020:22:48:08 +0100] "GET /kitchen-gloves-and-potholders-c-11_178.html HTTP/1.0" 200 88364 "-" "Mozilla/5.0 (Macintosh; Intel Mac OS X 10_15_5) AppleWebKit/605.1.15 (KHTML, like Gecko) Version/13.1.1 Safari/605.1.15 (Applebot/0.1; +http://www.apple.com/go/applebot)"
157.55.39.186 - - [26/Dec/2020:22:48:21 +0100] "GET /swfobject.js HTTP/1.0" 404 1308 "-" "Mozilla/5.0 (compatible; bingbot/2.0; +http://www.bing.com/bingbot.htm)"
40.77.167.36 - - [26/Dec/2020:22:48:47 +0100] "GET /incense-box-and-stick-holder-yin-yang-p-35508.html HTTP/1.0" 200 69374 "-" "Mozilla/5.0 (compatible; bingbot/2.0; +http://www.bing.com/bingbot.htm)"
114.119.147.45 - - [26/Dec/2020:22:50:03 +0100] "GET /glass-cutting-board-by-cbkreation-p-51318.html HTTP/1.0" 200 71912 "-" "Mozilla/5.0 (Linux; Android 7.0;) AppleWebKit/537.36 (KHTML, like Gecko) Mobile Safari/537.36 (compatible; PetalBot;+https://aspiegel.com/petalbot)"
13.66.139.136 - - [26/Dec/2020:22:50:08 +0100] "GET /cactus-lamp-in-turquoise-porcelain-30-cm-p-46360.html HTTP/1.0" 200 72685 "-" "Mozilla/5.0 (compatible; bingbot/2.0; +http://www.bing.com/bingbot.htm)"
157.55.39.94 - - [26/Dec/2020:22:51:09 +0100] "GET /isothermic-stainless-steel-bottle-cuba-by-cbkreation-p-51218.html HTTP/1.0" 200 72087 "-" "Mozilla/5.0 (compatible; bingbot/2.0; +http://www.bing.com/bingbot.htm)"
111.206.36.9 - - [26/Dec/2020:22:51:19 +0100] "GET /images/big_prod/3612875122168.jpg HTTP/1.0" 200 268 "http://www.wonder-geek.com" "baidu-rpc/1.0 curl/7.0"
54.36.148.111 - - [26/Dec/2020:22:51:25 +0100] "GET /metal-boxes-and-storage-c-13_150_218.html?page=3 HTTP/1.0" 200 84249 "-" "Mozilla/5.0 (compatible; AhrefsBot/7.0; +http://ahrefs.com/robot/)"
13.66.139.76 - - [26/Dec/2020:22:51:49 +0100] "GET /paris-grey-companion-wallet-p-38623.html HTTP/1.0" 200 72578 "-" "Mozilla/5.0 (compatible; bingbot/2.0; +http://www.bing.com/bingbot.htm)"
51.68.224.127 - - [26/Dec/2020:22:53:13 +0100] "GET /adminweb/export_orders_xml.php?token=256de2z6edz6ed2z6DFSFsed2zed6zeDSFDSGdzedezfzf&maxorders=10&orderstart=1&status=14&start_date=2018-10-01 HTTP/1.0" 200 285 "-" "GesCom CharlotteBoutik Serveur"
51.68.224.127 - - [26/Dec/2020:22:53:13 +0100] "GET /adminweb/export_orders_xml.php?token=256de2z6edz6ed2z6DFSFsed2zed6zeDSFDSGdzedezfzf&maxorders=10&orderstart=1&status=6&start_date=2018-10-01 HTTP/1.0" 200 30026 "-" "GesCom CharlotteBoutik Serveur"
13.66.139.41 - - [26/Dec/2020:22:53:39 +0100] "GET /cafe-racer-metal-plate-deco-405-215-cm-p-41071.html HTTP/1.0" 200 71958 "-" "Mozilla/5.0 (compatible; bingbot/2.0; +http://www.bing.com/bingbot.htm)"
157.55.39.94 - - [26/Dec/2020:22:54:00 +0100] "GET /js/jquery.js HTTP/1.0" 200 252 "-" "Mozilla/5.0 (compatible; bingbot/2.0; +http://www.bing.com/bingbot.htm)"
114.119.144.233 - - [26/Dec/2020:22:54:24 +0100] "GET /oggun-resin-figure-25-cm-p-40231.html HTTP/1.0" 200 71936 "-" "Mozilla/5.0 (Linux; Android 7.0;) AppleWebKit/537.36 (KHTML, like Gecko) Mobile Safari/537.36 (compatible; PetalBot;+https://aspiegel.com/petalbot)"
13.66.139.41 - - [26/Dec/2020:22:54:30 +0100] "GET /pinasun-bedclothes-240-220-cm-p-47186.html HTTP/1.0" 301 69259 "-" "Mozilla/5.0 (compatible; bingbot/2.0; +http://www.bing.com/bingbot.htm)"
13.66.139.41 - - [26/Dec/2020:22:54:59 +0100] "GET /barbecue-party-cutting-board-p-42579.html HTTP/1.0" 200 71880 "-" "Mozilla/5.0 (compatible; bingbot/2.0; +http://www.bing.com/bingbot.htm)"
54.36.148.87 - - [26/Dec/2020:22:55:45 +0100] "GET /the-little-prince-isothermic-stainless-steel-bottle-p-53161.html HTTP/1.0" 200 72085 "-" "Mozilla/5.0 (compatible; AhrefsBot/7.0; +http://ahrefs.com/robot/)"
207.46.13.158 - - [26/Dec/2020:22:56:02 +0100] "GET /-p-26115.html HTTP/1.0" 200 69192 "-" "Mozilla/5.0 (compatible; bingbot/2.0; +http://www.bing.com/bingbot.htm)"
207.46.13.13 - - [26/Dec/2020:22:56:41 +0100] "GET /robots-retro-salt-and-pepper-p-28862.html HTTP/1.0" 200 69294 "-" "Mozilla/5.0 (compatible; bingbot/2.0; +http://www.bing.com/bingbot.htm)"
195.123.209.118 - - [26/Dec/2020:22:56:52 +0100] "GET /snowman-solar-powered-dancing-p-34143.html]Test HTTP/1.0" 301 609 "http://www.tsatu.edu.ua/" "Opera/7.11 (Windows NT 5.1; U) [en]"
195.123.209.118 - - [26/Dec/2020:22:56:52 +0100] "GET /snowman-solar-powered-dancing-p-34143.html]Test HTTP/1.0" 301 609 "http://www.tsatu.edu.ua/" "Opera/7.11 (Windows NT 5.1; U) [en]"
195.123.209.118 - - [26/Dec/2020:22:56:53 +0100] "GET /snowman-solar-powered-dancing-p-34143.html]Test HTTP/1.0" 301 609 "http://www.tsatu.edu.ua/" "Opera/7.11 (Windows NT 5.1; U) [en]"
157.55.39.186 - - [26/Dec/2020:22:57:01 +0100] "GET /swfobject.js HTTP/1.0" 404 1308 "-" "Mozilla/5.0 (compatible; bingbot/2.0; +http://www.bing.com/bingbot.htm)"
157.55.39.186 - - [26/Dec/2020:22:57:01 +0100] "GET /-p-30596.html HTTP/1.0" 200 69192 "-" "Mozilla/5.0 (compatible; bingbot/2.0; +http://www.bing.com/bingbot.htm)"
157.55.39.186 - - [26/Dec/2020:22:57:02 +0100] "GET /swfobject.js HTTP/1.0" 404 1308 "-" "Mozilla/5.0 (compatible; bingbot/2.0; +http://www.bing.com/bingbot.htm)"
157.55.39.186 - - [26/Dec/2020:22:57:02 +0100] "GET /swfobject.js HTTP/1.0" 404 1308 "-" "Mozilla/5.0 (compatible; bingbot/2.0; +http://www.bing.com/bingbot.htm)"
157.55.39.186 - - [26/Dec/2020:22:57:14 +0100] "GET /swfobject.js HTTP/1.0" 404 1308 "-" "Mozilla/5.0 (compatible; bingbot/2.0; +http://www.bing.com/bingbot.htm)"
13.66.139.41 - - [26/Dec/2020:22:57:29 +0100] "GET /fitted-sheet-160-200-cm-color-lin-p-38881.html HTTP/1.0" 200 71957 "-" "Mozilla/5.0 (compatible; bingbot/2.0; +http://www.bing.com/bingbot.htm)"
13.66.139.76 - - [26/Dec/2020:22:57:36 +0100] "GET /salt-box-made-of-ceramic-and-bamboo-p-50748.html HTTP/1.0" 200 73005 "-" "Mozilla/5.0 (compatible; bingbot/2.0; +http://www.bing.com/bingbot.htm)"
13.66.139.41 - - [26/Dec/2020:22:58:20 +0100] "GET /-p-18374.html HTTP/1.0" 200 69192 "-" "Mozilla/5.0 (compatible; bingbot/2.0; +http://www.bing.com/bingbot.htm)"
13.66.139.76 - - [26/Dec/2020:22:58:38 +0100] "GET /curtains-lace-curtains-c-11_69.html?page=2 HTTP/1.0" 200 88675 "-" "Mozilla/5.0 (compatible; bingbot/2.0; +http://www.bing.com/bingbot.htm)"
114.119.132.105 - - [26/Dec/2020:22:58:47 +0100] "GET /poster-from-dellepiane-corsica-50-70-cm-p-42434.html HTTP/1.0" 200 71985 "-" "Mozilla/5.0 (Linux; Android 7.0;) AppleWebKit/537.36 (KHTML, like Gecko) Mobile Safari/537.36 (compatible; PetalBot;+https://aspiegel.com/petalbot)"
207.46.13.158 - - [26/Dec/2020:22:58:59 +0100] "GET /lulu-castagnette-white-watch-p-47748.html HTTP/1.0" 200 71986 "-" "Mozilla/5.0 (compatible; bingbot/2.0; +http://www.bing.com/bingbot.htm)"
13.66.139.41 - - [26/Dec/2020:22:59:03 +0100] "GET /-p-4100.html HTTP/1.0" 200 69190 "-" "Mozilla/5.0 (compatible; bingbot/2.0; +http://www.bing.com/bingbot.htm)"
54.36.148.87 - - [26/Dec/2020:23:00:03 +0100] "GET /metal-retro-suspension-45-cm-p-36674.html HTTP/1.0" 200 71899 "-" "Mozilla/5.0 (compatible; AhrefsBot/7.0; +http://ahrefs.com/robot/)"
157.55.39.94 - - [26/Dec/2020:23:00:26 +0100] "GET /-p-43076.html HTTP/1.0" 200 69192 "-" "Mozilla/5.0 (compatible; bingbot/2.0; +http://www.bing.com/bingbot.htm)"
17.58.101.145 - - [26/Dec/2020:23:00:41 +0100] "GET /ceramic-egg-cup-with-spoon-magalli-collection-p-52667.html HTTP/1.0" 200 71954 "-" "Mozilla/5.0 (Macintosh; Intel Mac OS X 10_15_5) AppleWebKit/605.1.15 (KHTML, like Gecko) Version/13.1.1 Safari/605.1.15 (Applebot/0.1; +http://www.apple.com/go/applebot)"
118.172.201.105 - - [26/Dec/2020:23:01:21 +0100] "GET /contact_us.php HTTP/1.0" 200 26241 "http://www.wonder-geek.com/contact_us.php" "Mozilla/5.0 (Windows NT 6.1; Win64; x64) AppleWebKit/537.36 (KHTML, like Gecko) Chrome/83.0.4103.24 Safari/537.36 Edg/83.0.478.18"
118.172.201.105 - - [26/Dec/2020:23:01:22 +0100] "POST /contact_us.php?action=send HTTP/1.0" 200 26486 "http://www.wonder-geek.com/contact_us.php" "Mozilla/5.0 (Windows NT 6.1; Win64; x64) AppleWebKit/537.36 (KHTML, like Gecko) Chrome/83.0.4103.24 Safari/537.36 Edg/83.0.478.18"
77.75.76.168 - - [26/Dec/2020:23:01:23 +0100] "GET /robots.txt HTTP/1.0" 200 245 "-" "Mozilla/5.0 (compatible; SeznamBot/3.2; +http://napoveda.seznam.cz/en/seznambot-intro/)"
77.75.76.168 - - [26/Dec/2020:23:01:23 +0100] "GET /images/mini_prod/3612872110458.jpg HTTP/1.0" 200 269 "-" "Mozilla/5.0 (compatible; SeznamBot/3.2; +http://napoveda.seznam.cz/en/seznambot-intro/)"
13.66.139.136 - - [26/Dec/2020:23:01:27 +0100] "GET /-p-32940.html HTTP/1.0" 200 69192 "-" "Mozilla/5.0 (compatible; bingbot/2.0; +http://www.bing.com/bingbot.htm)"
13.66.139.136 - - [26/Dec/2020:23:01:28 +0100] "GET /-p-19908.html HTTP/1.0" 200 69192 "-" "Mozilla/5.0 (compatible; bingbot/2.0; +http://www.bing.com/bingbot.htm)"
207.46.13.51 - - [26/Dec/2020:23:02:47 +0100] "GET /highslide/highslide.js HTTP/1.0" 200 262 "-" "Mozilla/5.0 (compatible; bingbot/2.0; +http://www.bing.com/bingbot.htm)"
114.119.145.117 - - [26/Dec/2020:23:03:06 +0100] "GET /postcard-with-envelope-tortoise-p-49156.html HTTP/1.0" 200 72012 "-" "Mozilla/5.0 (Linux; Android 7.0;) AppleWebKit/537.36 (KHTML, like Gecko) Mobile Safari/537.36 (compatible; PetalBot;+https://aspiegel.com/petalbot)"
173.252.127.118 - - [26/Dec/2020:23:03:24 +0100] "GET /images/35DSCN8195.jpg HTTP/1.0" 200 256 "-" "facebookexternalhit/1.1 (+http://www.facebook.com/externalhit_uatext.php)"
13.66.139.76 - - [26/Dec/2020:23:03:31 +0100] "GET /-p-24755.html HTTP/1.0" 200 69192 "-" "Mozilla/5.0 (compatible; bingbot/2.0; +http://www.bing.com/bingbot.htm)"
54.36.149.1 - - [26/Dec/2020:23:04:23 +0100] "GET /naked-man-kneeling-bronze-aspect-resin-figure-19-cm-p-52843.html HTTP/1.0" 200 72123 "-" "Mozilla/5.0 (compatible; AhrefsBot/7.0; +http://ahrefs.com/robot/)"
13.66.139.136 - - [26/Dec/2020:23:05:00 +0100] "GET /tetsubin-red-teapot-japanese-12-liter-p-39973.html HTTP/1.0" 200 72123 "-" "Mozilla/5.0 (compatible; bingbot/2.0; +http://www.bing.com/bingbot.htm)"
157.55.39.186 - - [26/Dec/2020:23:06:25 +0100] "GET /swfobject.js HTTP/1.0" 404 1308 "-" "Mozilla/5.0 (compatible; bingbot/2.0; +http://www.bing.com/bingbot.htm)"
157.55.39.186 - - [26/Dec/2020:23:06:35 +0100] "GET /swfobject.js HTTP/1.0" 404 1308 "-" "Mozilla/5.0 (compatible; bingbot/2.0; +http://www.bing.com/bingbot.htm)"
114.119.144.233 - - [26/Dec/2020:23:07:24 +0100] "GET /images/big_prod_1/8424001704637B.jpg HTTP/1.0" 200 271 "-" "Mozilla/5.0 (Linux; Android 7.0;) AppleWebKit/537.36 (KHTML, like Gecko) Mobile Safari/537.36 (compatible; PetalBot;+https://aspiegel.com/petalbot)"
54.36.148.24 - - [26/Dec/2020:23:08:47 +0100] "GET /mugs-and-mazagrans-c-12_57.html?page=2 HTTP/1.0" 200 95552 "-" "Mozilla/5.0 (compatible; AhrefsBot/7.0; +http://ahrefs.com/robot/)"
157.55.39.94 - - [26/Dec/2020:23:08:51 +0100] "GET /highslide/graphics/zoomout.cur HTTP/1.0" 200 614 "-" "Mozilla/5.0 (compatible; bingbot/2.0; +http://www.bing.com/bingbot.htm)"
13.66.139.136 - - [26/Dec/2020:23:08:56 +0100] "GET /little-mariners-espresso-set-p-48601.html HTTP/1.0" 200 71908 "-" "Mozilla/5.0 (compatible; bingbot/2.0; +http://www.bing.com/bingbot.htm)"
207.46.13.13 - - [26/Dec/2020:23:09:06 +0100] "GET /js/jquery.jqzoom.js HTTP/1.0" 200 259 "-" "Mozilla/5.0 (compatible; bingbot/2.0; +http://www.bing.com/bingbot.htm)"
99.56.245.210 - - [26/Dec/2020:23:09:07 +0100] "GET /images/med_prod/1384010178416.jpg HTTP/1.0" 200 268 "https://www.bing.com/" "Mozilla/5.0 (Linux; Android 5.1.1; KFASWI) AppleWebKit/537.36 (KHTML, like Gecko) Silk/83.2.20 like Chrome/83.0.4103.106 Safari/537.36"
17.58.101.145 - - [26/Dec/2020:23:09:16 +0100] "GET /water-and-outdoor-games-c-4_143.html HTTP/1.0" 200 91285 "-" "Mozilla/5.0 (Macintosh; Intel Mac OS X 10_15_5) AppleWebKit/605.1.15 (KHTML, like Gecko) Version/13.1.1 Safari/605.1.15 (Applebot/0.1; +http://www.apple.com/go/applebot)"
51.68.224.127 - - [26/Dec/2020:23:09:33 +0100] "GET /adminweb/export_orders_xml.php?token=256de2z6edz6ed2z6DFSFsed2zed6zeDSFDSGdzedezfzf&maxorders=10&orderstart=1&status=14&start_date=2018-10-01 HTTP/1.0" 200 285 "-" "GesCom CharlotteBoutik Serveur"
51.68.224.127 - - [26/Dec/2020:23:09:33 +0100] "GET /adminweb/export_orders_xml.php?token=256de2z6edz6ed2z6DFSFsed2zed6zeDSFDSGdzedezfzf&maxorders=10&orderstart=1&status=6&start_date=2018-10-01 HTTP/1.0" 200 30026 "-" "GesCom CharlotteBoutik Serveur"
67.195.177.161 - - [26/Dec/2020:23:10:08 +0100] "GET /images/3553567139166.jpg HTTP/1.0" 200 259 "https://uk.images.search.yahoo.com/" "YahooCacheSystem; YahooWebServiceClient"
17.58.101.145 - - [26/Dec/2020:23:10:23 +0100] "GET /images/mini_prod/1384212423307.jpg HTTP/1.0" 200 269 "-" "Mozilla/5.0 (Macintosh; Intel Mac OS X 10_15_5) AppleWebKit/605.1.15 (KHTML, like Gecko) Version/13.1.1 Safari/605.1.15 (Applebot/0.1; +http://www.apple.com/go/applebot)"
114.119.144.233 - - [26/Dec/2020:23:11:46 +0100] "GET /protects-plastic-mattress-60-120-cm-p-39027.html HTTP/1.0" 200 69326 "-" "Mozilla/5.0 (Linux; Android 7.0;) AppleWebKit/537.36 (KHTML, like Gecko) Mobile Safari/537.36 (compatible; PetalBot;+https://aspiegel.com/petalbot)"
217.107.194.5 - - [26/Dec/2020:23:11:59 +0100] "GET /contact_us.php HTTP/1.0" 301 539 "http://wonder-geek.com/contact_us.php" "Mozilla/5.0 (Windows NT 10.0; Win64; x64) AppleWebKit/537.36 (KHTML, like Gecko) Chrome/83.0.4103.61 Safari/537.36/iYA9HebN-7"
217.107.194.5 - - [26/Dec/2020:23:12:00 +0100] "GET /contact_us.php HTTP/1.0" 200 26241 "http://www.wonder-geek.com/contact_us.php" "Mozilla/5.0 (Windows NT 10.0; Win64; x64) AppleWebKit/537.36 (KHTML, like Gecko) Chrome/83.0.4103.61 Safari/537.36/iYA9HebN-7"
217.107.194.5 - - [26/Dec/2020:23:12:00 +0100] "POST /contact_us.php?action=send HTTP/1.0" 200 26725 "http://www.wonder-geek.com/contact_us.php" "Mozilla/5.0 (Windows NT 10.0; Win64; x64) AppleWebKit/537.36 (KHTML, like Gecko) Chrome/83.0.4103.61 Safari/537.36/iYA9HebN-7"
54.36.148.19 - - [26/Dec/2020:23:13:19 +0100] "GET /set-of-mappemonde-coasters-p-52604.html HTTP/1.0" 200 71824 "-" "Mozilla/5.0 (compatible; AhrefsBot/7.0; +http://ahrefs.com/robot/)"
157.55.39.186 - - [26/Dec/2020:23:13:37 +0100] "GET /swfobject.js HTTP/1.0" 404 1308 "-" "Mozilla/5.0 (compatible; bingbot/2.0; +http://www.bing.com/bingbot.htm)"
157.55.39.186 - - [26/Dec/2020:23:13:37 +0100] "GET /swfobject.js HTTP/1.0" 404 1308 "-" "Mozilla/5.0 (compatible; bingbot/2.0; +http://www.bing.com/bingbot.htm)"
13.66.139.76 - - [26/Dec/2020:23:13:41 +0100] "GET /meditation-cushion-5th-chakra-vishudda-blue-p-45369.html HTTP/1.0" 200 73089 "-" "Mozilla/5.0 (compatible; bingbot/2.0; +http://www.bing.com/bingbot.htm)"
220.181.108.145 - - [26/Dec/2020:23:14:25 +0100] "GET /grand-canyon-harley-davidson-metal-plate-p-52948.html HTTP/1.0" 200 72020 "-" "Mozilla/5.0 (compatible; Baiduspider/2.0; +http://www.baidu.com/search/spider.html)"
13.66.139.136 - - [26/Dec/2020:23:15:10 +0100] "GET /littlest-petshop-backpack-p-6365.html HTTP/1.0" 200 72104 "-" "Mozilla/5.0 (compatible; bingbot/2.0; +http://www.bing.com/bingbot.htm)"
157.55.39.94 - - [26/Dec/2020:23:15:30 +0100] "GET /accessories/accessories-mobiles/beatles-paris-phone-cover-for-iphone-and-p-14159.html HTTP/1.0" 301 681 "-" "Mozilla/5.0 (compatible; bingbot/2.0; +http://www.bing.com/bingbot.htm)"
157.55.39.94 - - [26/Dec/2020:23:15:30 +0100] "GET /girls/long-sleeves-tshirts/disney-princess-long-sleeve-tshirt-years-p-21931.html HTTP/1.0" 301 671 "-" "Mozilla/5.0 (compatible; bingbot/2.0; +http://www.bing.com/bingbot.htm)"
13.66.139.76 - - [26/Dec/2020:23:15:40 +0100] "GET /-p-20039.html HTTP/1.0" 200 69192 "-" "Mozilla/5.0 (compatible; bingbot/2.0; +http://www.bing.com/bingbot.htm)"
114.119.147.45 - - [26/Dec/2020:23:16:08 +0100] "GET /old-tv-box-and-clock-p-34234.html HTTP/1.0" 200 71948 "-" "Mozilla/5.0 (Linux; Android 7.0;) AppleWebKit/537.36 (KHTML, like Gecko) Mobile Safari/537.36 (compatible; PetalBot;+https://aspiegel.com/petalbot)"
103.131.71.165 - - [26/Dec/2020:23:16:45 +0100] "GET /robots.txt HTTP/1.0" 301 531 "-" "Mozilla/5.0 (compatible; coccocbot-web/1.0; +http://help.coccoc.com/searchengine)"
103.131.71.165 - - [26/Dec/2020:23:16:47 +0100] "GET /robots.txt HTTP/1.0" 200 245 "-" "Mozilla/5.0 (compatible; coccocbot-web/1.0; +http://help.coccoc.com/searchengine)"
54.36.149.47 - - [26/Dec/2020:23:18:00 +0100] "GET /glass-lamp-28-cm-p-53104.html HTTP/1.0" 200 72644 "-" "Mozilla/5.0 (compatible; AhrefsBot/7.0; +http://ahrefs.com/robot/)"
13.66.139.76 - - [26/Dec/2020:23:20:23 +0100] "GET /funny-pets-mug-by-cbkreation-p-43387.html HTTP/1.0" 200 71917 "-" "Mozilla/5.0 (compatible; bingbot/2.0; +http://www.bing.com/bingbot.htm)"
114.119.130.202 - - [26/Dec/2020:23:20:26 +0100] "GET /images/mini_prod/4012390360523.jpg HTTP/1.0" 200 269 "-" "Mozilla/5.0 (Linux; Android 7.0;) AppleWebKit/537.36 (KHTML, like Gecko) Mobile Safari/537.36 (compatible; PetalBot;+https://aspiegel.com/petalbot)"
54.36.148.87 - - [26/Dec/2020:23:22:27 +0100] "GET /women-lois-jeans-shoulder-strap-p-41330.html HTTP/1.0" 200 72904 "-" "Mozilla/5.0 (compatible; AhrefsBot/7.0; +http://ahrefs.com/robot/)"
157.55.39.94 - - [26/Dec/2020:23:23:36 +0100] "GET /tweety-devil-figurine-p-35357.html HTTP/1.0" 200 69266 "-" "Mozilla/5.0 (compatible; bingbot/2.0; +http://www.bing.com/bingbot.htm)"
157.55.39.94 - - [26/Dec/2020:23:23:37 +0100] "GET /keyboard-shaped-house-p-47687.html HTTP/1.0" 200 72041 "-" "Mozilla/5.0 (compatible; bingbot/2.0; +http://www.bing.com/bingbot.htm)"
157.55.39.186 - - [26/Dec/2020:23:23:41 +0100] "GET /-m-35.html?page=10 HTTP/1.0" 200 78035 "-" "Mozilla/5.0 (compatible; bingbot/2.0; +http://www.bing.com/bingbot.htm)"
157.55.39.186 - - [26/Dec/2020:23:23:43 +0100] "GET /swfobject.js HTTP/1.0" 404 1308 "-" "Mozilla/5.0 (compatible; bingbot/2.0; +http://www.bing.com/bingbot.htm)"
13.66.139.41 - - [26/Dec/2020:23:24:12 +0100] "GET /crystal-salt-lamp-drop-shaped-p-52243.html HTTP/1.0" 200 73446 "-" "Mozilla/5.0 (compatible; bingbot/2.0; +http://www.bing.com/bingbot.htm)"
114.119.154.200 - - [26/Dec/2020:23:24:47 +0100] "GET /images/mini_prod/3609810076518.jpg HTTP/1.0" 200 269 "-" "Mozilla/5.0 (Linux; Android 7.0;) AppleWebKit/537.36 (KHTML, like Gecko) Mobile Safari/537.36 (compatible; PetalBot;+https://aspiegel.com/petalbot)"
13.66.139.136 - - [26/Dec/2020:23:25:27 +0100] "GET /-p-13281.html HTTP/1.0" 200 69192 "-" "Mozilla/5.0 (compatible; bingbot/2.0; +http://www.bing.com/bingbot.htm)"
51.68.224.127 - - [26/Dec/2020:23:25:45 +0100] "GET /adminweb/export_orders_xml.php?token=256de2z6edz6ed2z6DFSFsed2zed6zeDSFDSGdzedezfzf&maxorders=10&orderstart=1&status=14&start_date=2018-10-01 HTTP/1.0" 200 285 "-" "GesCom CharlotteBoutik Serveur"
51.68.224.127 - - [26/Dec/2020:23:25:45 +0100] "GET /adminweb/export_orders_xml.php?token=256de2z6edz6ed2z6DFSFsed2zed6zeDSFDSGdzedezfzf&maxorders=10&orderstart=1&status=6&start_date=2018-10-01 HTTP/1.0" 200 30026 "-" "GesCom CharlotteBoutik Serveur"
54.36.148.170 - - [26/Dec/2020:23:26:55 +0100] "GET /round-carpet-90-cm-p-48046.html HTTP/1.0" 200 72705 "-" "Mozilla/5.0 (compatible; AhrefsBot/7.0; +http://ahrefs.com/robot/)"
13.66.139.76 - - [26/Dec/2020:23:26:59 +0100] "GET /-p-18322.html HTTP/1.0" 200 69192 "-" "Mozilla/5.0 (compatible; bingbot/2.0; +http://www.bing.com/bingbot.htm)"
13.66.139.41 - - [26/Dec/2020:23:27:03 +0100] "GET /-p-14523.html HTTP/1.0" 200 69192 "-" "Mozilla/5.0 (compatible; bingbot/2.0; +http://www.bing.com/bingbot.htm)"
40.77.167.36 - - [26/Dec/2020:23:28:09 +0100] "GET /dubout-cats-white-ceramic-plate-p-52495.html HTTP/1.0" 200 71869 "-" "Mozilla/5.0 (compatible; bingbot/2.0; +http://www.bing.com/bingbot.htm)"
13.66.139.76 - - [26/Dec/2020:23:28:50 +0100] "GET /fitted-sheet-in-cotton-percale-80-threads-140-190-30-cm-p-52136.html HTTP/1.0" 200 72198 "-" "Mozilla/5.0 (compatible; bingbot/2.0; +http://www.bing.com/bingbot.htm)"
114.119.147.45 - - [26/Dec/2020:23:29:08 +0100] "GET /wick-ellipse-candle-heart-and-home-baubles-and-berries-p-53329.html HTTP/1.0" 200 72672 "-" "Mozilla/5.0 (Linux; Android 7.0;) AppleWebKit/537.36 (KHTML, like Gecko) Mobile Safari/537.36 (compatible; PetalBot;+https://aspiegel.com/petalbot)"
13.66.139.136 - - [26/Dec/2020:23:30:18 +0100] "GET /-p-22489.html HTTP/1.0" 200 69192 "-" "Mozilla/5.0 (compatible; bingbot/2.0; +http://www.bing.com/bingbot.htm)"
13.66.139.76 - - [26/Dec/2020:23:30:22 +0100] "GET /-p-35007.html HTTP/1.0" 200 69192 "-" "Mozilla/5.0 (compatible; bingbot/2.0; +http://www.bing.com/bingbot.htm)"
13.66.139.76 - - [26/Dec/2020:23:30:23 +0100] "GET /-p-19675.html HTTP/1.0" 200 69192 "-" "Mozilla/5.0 (compatible; bingbot/2.0; +http://www.bing.com/bingbot.htm)"
185.191.171.45 - - [26/Dec/2020:23:30:35 +0100] "GET /robots.txt HTTP/1.0" 200 245 "-" "Mozilla/5.0 (compatible; SemrushBot/7~bl; +http://www.semrush.com/bot.html)"
185.191.171.23 - - [26/Dec/2020:23:30:35 +0100] "GET /scent-cup-heart-and-home-tuscan-fig-p-53335.html HTTP/1.0" 200 72341 "-" "Mozilla/5.0 (compatible; SemrushBot/7~bl; +http://www.semrush.com/bot.html)"
157.55.39.94 - - [26/Dec/2020:23:31:13 +0100] "GET /ball-shaped-lamp-marble-effect-20-cm-p-52850.html HTTP/1.0" 200 72617 "-" "Mozilla/5.0 (compatible; bingbot/2.0; +http://www.bing.com/bingbot.htm)"
54.36.148.106 - - [26/Dec/2020:23:31:20 +0100] "GET /blue-pot-with-reliefs-earthenware-set-of-p-52328.html HTTP/1.0" 200 72756 "-" "Mozilla/5.0 (compatible; AhrefsBot/7.0; +http://ahrefs.com/robot/)"
17.58.101.145 - - [26/Dec/2020:23:32:21 +0100] "GET /images/mini_prod/3442440105940.jpg HTTP/1.0" 200 269 "-" "Mozilla/5.0 (Macintosh; Intel Mac OS X 10_15_5) AppleWebKit/605.1.15 (KHTML, like Gecko) Version/13.1.1 Safari/605.1.15 (Applebot/0.1; +http://www.apple.com/go/applebot)"
157.55.39.186 - - [26/Dec/2020:23:32:50 +0100] "GET /swfobject.js HTTP/1.0" 404 1308 "-" "Mozilla/5.0 (compatible; bingbot/2.0; +http://www.bing.com/bingbot.htm)"
157.55.39.214 - - [26/Dec/2020:23:33:20 +0100] "GET /bear-kitchen-towel-laissez-lucie-faire-p-42225.html HTTP/1.0" 200 71898 "-" "Mozilla/5.0 (compatible; bingbot/2.0; +http://www.bing.com/bingbot.htm)"
114.119.147.45 - - [26/Dec/2020:23:33:30 +0100] "GET /images/mini_prod/4029811426140.jpg HTTP/1.0" 200 269 "-" "Mozilla/5.0 (Linux; Android 7.0;) AppleWebKit/537.36 (KHTML, like Gecko) Mobile Safari/537.36 (compatible; PetalBot;+https://aspiegel.com/petalbot)"
5.255.231.71 - - [26/Dec/2020:23:34:38 +0100] "GET /robots.txt HTTP/1.0" 200 245 "-" "Mozilla/5.0 (compatible; YandexBot/3.0; +http://yandex.com/bots)"
5.255.231.71 - - [26/Dec/2020:23:34:41 +0100] "GET /minnie-mouse-disney-suitcase-p-31207.html HTTP/1.0" 200 72293 "-" "Mozilla/5.0 (compatible; YandexBot/3.0; +http://yandex.com/bots)"
5.255.231.71 - - [26/Dec/2020:23:34:45 +0100] "GET /images/med_prod/8435306265839.jpg HTTP/1.0" 200 268 "-" "Mozilla/5.0 (compatible; YandexImages/3.0; +http://yandex.com/bots)"
13.66.139.41 - - [26/Dec/2020:23:34:54 +0100] "GET /adults-c-53.html HTTP/1.0" 200 91946 "-" "Mozilla/5.0 (compatible; bingbot/2.0; +http://www.bing.com/bingbot.htm)"
13.66.139.76 - - [26/Dec/2020:23:35:08 +0100] "GET /-p-20222.html HTTP/1.0" 200 69192 "-" "Mozilla/5.0 (compatible; bingbot/2.0; +http://www.bing.com/bingbot.htm)"
40.77.167.36 - - [26/Dec/2020:23:35:38 +0100] "GET /strawberry-shortcake-towel-p-9040.html HTTP/1.0" 200 71749 "-" "Mozilla/5.0 (compatible; bingbot/2.0; +http://www.bing.com/bingbot.htm)"
54.36.148.87 - - [26/Dec/2020:23:35:52 +0100] "GET /maya-vase-in-burgundy-and-beige-ceramic-15-cm-p-53372.html HTTP/1.0" 200 72074 "-" "Mozilla/5.0 (compatible; AhrefsBot/7.0; +http://ahrefs.com/robot/)"
207.46.13.225 - - [26/Dec/2020:23:36:00 +0100] "GET /dogs-white-mug-p-49735.html HTTP/1.0" 200 71725 "-" "Mozilla/5.0 (compatible; bingbot/2.0; +http://www.bing.com/bingbot.htm)"
13.66.139.76 - - [26/Dec/2020:23:36:58 +0100] "GET /moto-retro-ottoman-storage-box-40-cm-p-47384.html HTTP/1.0" 200 72053 "-" "Mozilla/5.0 (compatible; bingbot/2.0; +http://www.bing.com/bingbot.htm)"
114.119.158.196 - - [26/Dec/2020:23:37:46 +0100] "GET /toneko-by-neko-shirt-p-29605.html HTTP/1.0" 200 72969 "-" "Mozilla/5.0 (Linux; Android 7.0;) AppleWebKit/537.36 (KHTML, like Gecko) Mobile Safari/537.36 (compatible; PetalBot;+https://aspiegel.com/petalbot)"
66.249.70.36 - - [26/Dec/2020:23:38:02 +0100] "GET /jewels-beauty-accessories-c-3_29.html HTTP/1.0" 200 85698 "-" "Mozilla/5.0 (Linux; Android 6.0.1; Nexus 5X Build/MMB29P) AppleWebKit/537.36 (KHTML, like Gecko) Chrome/87.0.4280.90 Mobile Safari/537.36 (compatible; Googlebot/2.1; +http://www.google.com/bot.html)"
13.66.139.41 - - [26/Dec/2020:23:38:14 +0100] "GET /merci-gustave-paris-so-chic-espresso-cup-p-49661.html HTTP/1.0" 200 71953 "-" "Mozilla/5.0 (compatible; bingbot/2.0; +http://www.bing.com/bingbot.htm)"
13.66.139.41 - - [26/Dec/2020:23:39:04 +0100] "GET /-p-17481.html HTTP/1.0" 200 69192 "-" "Mozilla/5.0 (compatible; bingbot/2.0; +http://www.bing.com/bingbot.htm)"
13.66.139.41 - - [26/Dec/2020:23:39:05 +0100] "GET /-p-23811.html HTTP/1.0" 200 69192 "-" "Mozilla/5.0 (compatible; bingbot/2.0; +http://www.bing.com/bingbot.htm)"
66.249.70.36 - - [26/Dec/2020:23:40:24 +0100] "GET /dragon-ball-krilin-money-box-14-cm-p-40943.html HTTP/1.0" 200 71939 "-" "Mozilla/5.0 (compatible; Googlebot/2.1; +http://www.google.com/bot.html)"
54.36.148.87 - - [26/Dec/2020:23:40:43 +0100] "GET /polly-parrot-clock-by-allen-p-51906.html HTTP/1.0" 200 71990 "-" "Mozilla/5.0 (compatible; AhrefsBot/7.0; +http://ahrefs.com/robot/)"
157.55.39.186 - - [26/Dec/2020:23:40:52 +0100] "GET /swfobject.js HTTP/1.0" 404 1308 "-" "Mozilla/5.0 (compatible; bingbot/2.0; +http://www.bing.com/bingbot.htm)"
114.119.144.233 - - [26/Dec/2020:23:42:07 +0100] "GET /images/big_prod_1/3700516251473B.jpg HTTP/1.0" 200 271 "-" "Mozilla/5.0 (Linux; Android 7.0;) AppleWebKit/537.36 (KHTML, like Gecko) Mobile Safari/537.36 (compatible; PetalBot;+https://aspiegel.com/petalbot)"
51.68.224.127 - - [26/Dec/2020:23:42:32 +0100] "GET /adminweb/export_orders_xml.php?token=256de2z6edz6ed2z6DFSFsed2zed6zeDSFDSGdzedezfzf&maxorders=10&orderstart=1&status=14&start_date=2018-10-01 HTTP/1.0" 200 285 "-" "GesCom CharlotteBoutik Serveur"
51.68.224.127 - - [26/Dec/2020:23:42:32 +0100] "GET /adminweb/export_orders_xml.php?token=256de2z6edz6ed2z6DFSFsed2zed6zeDSFDSGdzedezfzf&maxorders=10&orderstart=1&status=6&start_date=2018-10-01 HTTP/1.0" 200 30026 "-" "GesCom CharlotteBoutik Serveur"
13.66.139.136 - - [26/Dec/2020:23:43:09 +0100] "GET /rallye-de-monte-carlo-poster-p-15235.html HTTP/1.0" 200 71904 "-" "Mozilla/5.0 (compatible; bingbot/2.0; +http://www.bing.com/bingbot.htm)"
13.66.139.136 - - [26/Dec/2020:23:43:48 +0100] "GET /-p-34032.html HTTP/1.0" 200 69192 "-" "Mozilla/5.0 (compatible; bingbot/2.0; +http://www.bing.com/bingbot.htm)"
