157.55.39.94 - - [26/Dec/2020:07:47:08 +0100] "GET /bookends-hands-asian-spirit-p-50011.html HTTP/1.0" 200 72883 "-" "Mozilla/5.0 (compatible; bingbot/2.0; +http://www.bing.com/bingbot.htm)"
114.119.130.202 - - [26/Dec/2020:07:47:46 +0100] "GET /pepe-jeans-navy-blue-pencil-case-p-36005.html HTTP/1.0" 200 71963 "-" "Mozilla/5.0 (Linux; Android 7.0;) AppleWebKit/537.36 (KHTML, like Gecko) Mobile Safari/537.36 (compatible; PetalBot;+https://aspiegel.com/petalbot)"
13.66.139.136 - - [26/Dec/2020:07:49:00 +0100] "GET /-p-14526.html HTTP/1.0" 200 69192 "-" "Mozilla/5.0 (compatible; bingbot/2.0; +http://www.bing.com/bingbot.htm)"
220.181.108.75 - - [26/Dec/2020:07:50:15 +0100] "GET / HTTP/1.0" 301 511 "-" "Mozilla/5.0 (compatible; Baiduspider/2.0; +http://www.baidu.com/search/spider.html)"
13.66.139.136 - - [26/Dec/2020:07:51:40 +0100] "GET /-p-23225.html HTTP/1.0" 200 69192 "-" "Mozilla/5.0 (compatible; bingbot/2.0; +http://www.bing.com/bingbot.htm)"
114.119.151.113 - - [26/Dec/2020:07:52:02 +0100] "GET /images/big_prod/1384010190029.jpg HTTP/1.0" 200 268 "-" "Mozilla/5.0 (Linux; Android 7.0;) AppleWebKit/537.36 (KHTML, like Gecko) Mobile Safari/537.36 (compatible; PetalBot;+https://aspiegel.com/petalbot)"
13.66.139.136 - - [26/Dec/2020:07:53:13 +0100] "GET /-p-15108.html HTTP/1.0" 200 69192 "-" "Mozilla/5.0 (compatible; bingbot/2.0; +http://www.bing.com/bingbot.htm)"
207.46.13.49 - - [26/Dec/2020:07:53:31 +0100] "GET /coasters-mandala-set-of-p-47003.html HTTP/1.0" 200 72412 "-" "Mozilla/5.0 (compatible; bingbot/2.0; +http://www.bing.com/bingbot.htm)"
54.36.148.87 - - [26/Dec/2020:07:53:38 +0100] "GET /clocks-c-13_67.html?page=10 HTTP/1.0" 200 92462 "-" "Mozilla/5.0 (compatible; AhrefsBot/7.0; +http://ahrefs.com/robot/)"
13.66.139.136 - - [26/Dec/2020:07:53:41 +0100] "GET /-p-15820.html HTTP/1.0" 200 69192 "-" "Mozilla/5.0 (compatible; bingbot/2.0; +http://www.bing.com/bingbot.htm)"
5.255.231.71 - - [26/Dec/2020:07:53:57 +0100] "GET /robots.txt HTTP/1.0" 200 245 "-" "Mozilla/5.0 (compatible; YandexBot/3.0; +http://yandex.com/bots)"
5.255.231.71 - - [26/Dec/2020:07:54:01 +0100] "GET /images/med_prod/8435107795085.jpg HTTP/1.0" 200 268 "-" "Mozilla/5.0 (compatible; YandexImages/3.0; +http://yandex.com/bots)"
157.55.39.94 - - [26/Dec/2020:07:55:11 +0100] "GET /fitted-sheet-in-cotton-percale-80-threads-180-200-30-cm-p-51241.html HTTP/1.0" 200 72197 "-" "Mozilla/5.0 (compatible; bingbot/2.0; +http://www.bing.com/bingbot.htm)"
66.249.70.36 - - [26/Dec/2020:07:55:26 +0100] "GET /images/mini_prod/3453131133753.jpg HTTP/1.0" 200 269 "-" "Googlebot-Image/1.0"
114.119.150.15 - - [26/Dec/2020:07:56:25 +0100] "GET /images/med_prod/000000000000corse.jpg HTTP/1.0" 200 272 "-" "Mozilla/5.0 (Linux; Android 7.0;) AppleWebKit/537.36 (KHTML, like Gecko) Mobile Safari/537.36 (compatible; PetalBot;+https://aspiegel.com/petalbot)"
157.55.39.186 - - [26/Dec/2020:07:56:27 +0100] "GET /swfobject.js HTTP/1.0" 404 1308 "-" "Mozilla/5.0 (compatible; bingbot/2.0; +http://www.bing.com/bingbot.htm)"
157.55.39.94 - - [26/Dec/2020:07:56:37 +0100] "GET /images/big_prod/3438100334362NN.jpg HTTP/1.0" 200 270 "-" "Mozilla/5.0 (compatible; bingbot/2.0; +http://www.bing.com/bingbot.htm)"
207.46.13.51 - - [26/Dec/2020:07:56:50 +0100] "GET /products_new.php HTTP/1.0" 200 91413 "-" "Mozilla/5.0 (compatible; bingbot/2.0; +http://www.bing.com/bingbot.htm)"
220.181.108.108 - - [26/Dec/2020:07:58:01 +0100] "GET /transparent-rectangular-plastic-tablecloth-140-200-cm-p-52774.html HTTP/1.0" 200 72086 "-" "Mozilla/5.0 (compatible; Baiduspider/2.0; +http://www.baidu.com/search/spider.html)"
116.179.32.48 - - [26/Dec/2020:07:58:04 +0100] "GET /transparent-rectangular-plastic-tablecloth-140-200-cm-p-52774.html HTTP/1.0" 200 72086 "-" "Mozilla/5.0 (compatible; Baiduspider/2.0; +http://www.baidu.com/search/spider.html)"
5.188.211.16 - - [26/Dec/2020:07:58:07 +0100] "GET / HTTP/1.0" 200 150069 "-" "Mozilla/4.0 (compatible; MSIE 6.0; Windows NT 5.1; SV1)"
5.188.211.16 - - [26/Dec/2020:07:58:08 +0100] "GET /posters-and-stickers-wall-c-13_147.html HTTP/1.0" 200 90270 "-" "Mozilla/4.0 (compatible; MSIE 6.0; Windows NT 5.1; SV1)"
5.188.211.16 - - [26/Dec/2020:07:58:09 +0100] "GET /tin-and-metal-signs-c-13_130.html HTTP/1.0" 200 93502 "-" "Mozilla/4.0 (compatible; MSIE 6.0; Windows NT 5.1; SV1)"
5.188.211.16 - - [26/Dec/2020:07:58:13 +0100] "GET /contact_us.php HTTP/1.0" 200 26241 "-" "Mozilla/4.0 (compatible; MSIE 6.0; Windows NT 5.1; SV1)"
5.188.211.16 - - [26/Dec/2020:07:58:13 +0100] "POST /contact_us.php?action=send HTTP/1.0" 200 26651 "http://www.wonder-geek.com/contact_us.php" "Mozilla/4.0 (compatible; MSIE 6.0; Windows NT 5.1; SV1)"
5.188.211.16 - - [26/Dec/2020:07:58:13 +0100] "POST /contact_us.php?action=send HTTP/1.0" 200 26651 "http://www.wonder-geek.com/" "Mozilla/4.0 (compatible; MSIE 6.0; Windows NT 5.1; SV1)"
5.188.211.16 - - [26/Dec/2020:07:58:14 +0100] "GET / HTTP/1.0" 200 150097 "-" "Mozilla/4.0 (compatible; MSIE 6.0; Windows NT 5.1; SV1)"
5.188.211.16 - - [26/Dec/2020:07:58:16 +0100] "GET /contact_us.php HTTP/1.0" 200 26241 "-" "Mozilla/4.0 (compatible; MSIE 6.0; Windows NT 5.1; SV1)"
5.188.211.16 - - [26/Dec/2020:07:58:17 +0100] "GET /create_account.php HTTP/1.0" 200 33633 "-" "Mozilla/4.0 (compatible; MSIE 6.0; Windows NT 5.1; SV1)"
5.188.211.16 - - [26/Dec/2020:07:58:18 +0100] "GET /checkout_shipping.php HTTP/1.0" 302 468 "-" "Mozilla/4.0 (compatible; MSIE 6.0; Windows NT 5.1; SV1)"
5.188.211.16 - - [26/Dec/2020:07:58:18 +0100] "GET /login.php HTTP/1.0" 200 17155 "-" "Mozilla/4.0 (compatible; MSIE 6.0; Windows NT 5.1; SV1)"
5.188.211.16 - - [26/Dec/2020:07:58:18 +0100] "GET /shopping_cart.php HTTP/1.0" 200 13298 "-" "Mozilla/4.0 (compatible; MSIE 6.0; Windows NT 5.1; SV1)"
5.188.211.16 - - [26/Dec/2020:07:58:19 +0100] "GET /login.php HTTP/1.0" 200 17155 "-" "Mozilla/4.0 (compatible; MSIE 6.0; Windows NT 5.1; SV1)"
5.188.211.16 - - [26/Dec/2020:07:58:19 +0100] "GET /specials.php HTTP/1.0" 200 130010 "-" "Mozilla/4.0 (compatible; MSIE 6.0; Windows NT 5.1; SV1)"
5.188.211.16 - - [26/Dec/2020:07:58:20 +0100] "GET /products_new.php HTTP/1.0" 200 91413 "-" "Mozilla/4.0 (compatible; MSIE 6.0; Windows NT 5.1; SV1)"
157.55.39.94 - - [26/Dec/2020:08:00:11 +0100] "GET /pillow-case-65-65-cm-white-p-39126.html HTTP/1.0" 200 72089 "-" "Mozilla/5.0 (compatible; bingbot/2.0; +http://www.bing.com/bingbot.htm)"
13.66.139.41 - - [26/Dec/2020:08:00:17 +0100] "GET /-p-3937.html HTTP/1.0" 200 69190 "-" "Mozilla/5.0 (compatible; bingbot/2.0; +http://www.bing.com/bingbot.htm)"
54.36.148.87 - - [26/Dec/2020:08:00:21 +0100] "GET /ac-dc-cereal-bowl-p-5204.html HTTP/1.0" 200 71717 "-" "Mozilla/5.0 (compatible; AhrefsBot/7.0; +http://ahrefs.com/robot/)"
114.119.147.45 - - [26/Dec/2020:08:00:44 +0100] "GET /images/mini_prod/1345544960021.jpg HTTP/1.0" 200 269 "-" "Mozilla/5.0 (Linux; Android 7.0;) AppleWebKit/537.36 (KHTML, like Gecko) Mobile Safari/537.36 (compatible; PetalBot;+https://aspiegel.com/petalbot)"
51.68.224.127 - - [26/Dec/2020:08:01:42 +0100] "GET /adminweb/export_orders_xml.php?token=256de2z6edz6ed2z6DFSFsed2zed6zeDSFDSGdzedezfzf&maxorders=10&orderstart=1&status=14&start_date=2018-10-01 HTTP/1.0" 200 285 "-" "GesCom CharlotteBoutik Serveur"
51.68.224.127 - - [26/Dec/2020:08:01:42 +0100] "GET /adminweb/export_orders_xml.php?token=256de2z6edz6ed2z6DFSFsed2zed6zeDSFDSGdzedezfzf&maxorders=10&orderstart=1&status=6&start_date=2018-10-01 HTTP/1.0" 200 30026 "-" "GesCom CharlotteBoutik Serveur"
13.66.139.136 - - [26/Dec/2020:08:03:04 +0100] "GET /blue-butterfly-women-tee-shirt-p-30728.html HTTP/1.0" 200 73879 "-" "Mozilla/5.0 (compatible; bingbot/2.0; +http://www.bing.com/bingbot.htm)"
13.66.139.136 - - [26/Dec/2020:08:03:55 +0100] "GET /-p-32857.html HTTP/1.0" 200 69192 "-" "Mozilla/5.0 (compatible; bingbot/2.0; +http://www.bing.com/bingbot.htm)"
13.66.139.41 - - [26/Dec/2020:08:04:19 +0100] "GET /olaf-small-trolley-p-30743.html HTTP/1.0" 200 69254 "-" "Mozilla/5.0 (compatible; bingbot/2.0; +http://www.bing.com/bingbot.htm)"
114.119.145.117 - - [26/Dec/2020:08:05:06 +0100] "GET /handcraft-bedclothes-220-240-cm-p-52087.html HTTP/1.0" 200 71916 "-" "Mozilla/5.0 (Linux; Android 7.0;) AppleWebKit/537.36 (KHTML, like Gecko) Mobile Safari/537.36 (compatible; PetalBot;+https://aspiegel.com/petalbot)"
185.81.157.136 - - [26/Dec/2020:08:06:15 +0100] "GET /wp-content/plugins/easy-wp-smtp/ HTTP/1.0" 404 1308 "-" "python-requests/2.25.1"
54.36.149.29 - - [26/Dec/2020:08:06:47 +0100] "GET /hello-kitty-by-camomilla-pink-sequins-large-handbag-p-8392.html HTTP/1.0" 200 72336 "-" "Mozilla/5.0 (compatible; AhrefsBot/7.0; +http://ahrefs.com/robot/)"
13.66.139.41 - - [26/Dec/2020:08:06:58 +0100] "GET /-p-12862.html HTTP/1.0" 200 69192 "-" "Mozilla/5.0 (compatible; bingbot/2.0; +http://www.bing.com/bingbot.htm)"
114.119.132.105 - - [26/Dec/2020:08:09:27 +0100] "GET /images/big_prod/3608860071832.jpg HTTP/1.0" 200 268 "-" "Mozilla/5.0 (Linux; Android 7.0;) AppleWebKit/537.36 (KHTML, like Gecko) Mobile Safari/537.36 (compatible; PetalBot;+https://aspiegel.com/petalbot)"
207.46.13.49 - - [26/Dec/2020:08:09:31 +0100] "GET /-m-20.html?page=2 HTTP/1.0" 200 87302 "-" "Mozilla/5.0 (compatible; bingbot/2.0; +http://www.bing.com/bingbot.htm)"
13.66.139.136 - - [26/Dec/2020:08:09:36 +0100] "GET /-p-23264.html HTTP/1.0" 200 69192 "-" "Mozilla/5.0 (compatible; bingbot/2.0; +http://www.bing.com/bingbot.htm)"
157.55.39.186 - - [26/Dec/2020:08:11:58 +0100] "GET /swfobject.js HTTP/1.0" 404 1308 "-" "Mozilla/5.0 (compatible; bingbot/2.0; +http://www.bing.com/bingbot.htm)"
174.75.211.222 - - [26/Dec/2020:08:12:00 +0100] "GET /snowman-solar-powered-dancing-p-34143.html]Test HTTP/1.0" 301 609 "http://wonder-geek.com/snowman-solar-powered-dancing-p-34143.html]Test" "Mozilla/5.0 (Windows NT 6.1; WOW64) AppleWebKit/537.36 (KHTML, like Gecko) Chrome/83.0.4102.0 Safari/537.36"
174.75.211.222 - - [26/Dec/2020:08:12:01 +0100] "GET /snowman-solar-powered-dancing-p-34143.html%5dTest HTTP/1.0" 404 1308 "http://www.wonder-geek.com/snowman-solar-powered-dancing-p-34143.html%5dTest" "Mozilla/5.0 (Windows NT 6.1; WOW64) AppleWebKit/537.36 (KHTML, like Gecko) Chrome/83.0.4102.0 Safari/537.36"
174.75.211.222 - - [26/Dec/2020:08:12:04 +0100] "GET / HTTP/1.0" 301 511 "http://wonder-geek.com/" "Mozilla/5.0 (Windows NT 6.1; WOW64) AppleWebKit/537.36 (KHTML, like Gecko) Chrome/83.0.4102.0 Safari/537.36"
174.75.211.222 - - [26/Dec/2020:08:12:05 +0100] "GET / HTTP/1.0" 200 150026 "http://www.wonder-geek.com/" "Mozilla/5.0 (Windows NT 6.1; WOW64) AppleWebKit/537.36 (KHTML, like Gecko) Chrome/83.0.4102.0 Safari/537.36"
174.75.211.222 - - [26/Dec/2020:08:12:09 +0100] "GET /trivet-and-boards-cut-c-12_158.html HTTP/1.0" 200 93009 "http://www.wonder-geek.com/trivet-and-boards-cut-c-12_158.html" "Mozilla/5.0 (Windows NT 6.1; WOW64) AppleWebKit/537.36 (KHTML, like Gecko) Chrome/83.0.4102.0 Safari/537.36"
174.75.211.222 - - [26/Dec/2020:08:12:12 +0100] "GET /cardboard-boxes-and-storage-c-13_150_216.html HTTP/1.0" 200 77444 "http://www.wonder-geek.com/cardboard-boxes-and-storage-c-13_150_216.html" "Mozilla/5.0 (Windows NT 6.1; WOW64) AppleWebKit/537.36 (KHTML, like Gecko) Chrome/83.0.4102.0 Safari/537.36"
174.75.211.222 - - [26/Dec/2020:08:12:15 +0100] "GET /cushion-headboard-c-11_173.html HTTP/1.0" 200 88854 "http://www.wonder-geek.com/cushion-headboard-c-11_173.html" "Mozilla/5.0 (Windows NT 6.1; WOW64) AppleWebKit/537.36 (KHTML, like Gecko) Chrome/83.0.4102.0 Safari/537.36"
174.75.211.222 - - [26/Dec/2020:08:12:17 +0100] "GET /contact_us.php HTTP/1.0" 200 26241 "http://www.wonder-geek.com/contact_us.php" "Mozilla/5.0 (Windows NT 6.1; WOW64) AppleWebKit/537.36 (KHTML, like Gecko) Chrome/83.0.4102.0 Safari/537.36"
174.75.211.222 - - [26/Dec/2020:08:12:19 +0100] "POST /contact_us.php?action=send HTTP/1.0" 200 26880 "http://www.wonder-geek.com/contact_us.php" "Mozilla/5.0 (Windows NT 6.1; WOW64) AppleWebKit/537.36 (KHTML, like Gecko) Chrome/83.0.4102.0 Safari/537.36"
174.75.211.222 - - [26/Dec/2020:08:12:21 +0100] "GET /contact_us.php HTTP/1.0" 200 26241 "http://www.wonder-geek.com/contact_us.php" "Mozilla/5.0 (Windows NT 6.1; WOW64) AppleWebKit/537.36 (KHTML, like Gecko) Chrome/83.0.4102.0 Safari/537.36"
174.75.211.222 - - [26/Dec/2020:08:12:23 +0100] "GET /contact_us.php HTTP/1.0" 200 26241 "http://www.wonder-geek.com/contact_us.php" "Mozilla/5.0 (Windows NT 6.1; WOW64) AppleWebKit/537.36 (KHTML, like Gecko) Chrome/83.0.4102.0 Safari/537.36"
54.36.149.55 - - [26/Dec/2020:08:12:49 +0100] "GET /black-decorative-game-dice-p-53102.html HTTP/1.0" 200 71899 "-" "Mozilla/5.0 (compatible; AhrefsBot/7.0; +http://ahrefs.com/robot/)"
17.58.101.145 - - [26/Dec/2020:08:12:54 +0100] "GET /images/mini_prod/041689200657.jpg HTTP/1.0" 200 268 "-" "Mozilla/5.0 (Macintosh; Intel Mac OS X 10_15_5) AppleWebKit/605.1.15 (KHTML, like Gecko) Version/13.1.1 Safari/605.1.15 (Applebot/0.1; +http://www.apple.com/go/applebot)"
114.119.151.113 - - [26/Dec/2020:08:13:48 +0100] "GET /vintage-pin-up-cola-cola-glamour-canvas-frame-35-35-cm-p-33384.html HTTP/1.0" 200 72189 "-" "Mozilla/5.0 (Linux; Android 7.0;) AppleWebKit/537.36 (KHTML, like Gecko) Mobile Safari/537.36 (compatible; PetalBot;+https://aspiegel.com/petalbot)"
157.55.39.214 - - [26/Dec/2020:08:14:29 +0100] "GET /-p-4478.html HTTP/1.0" 200 69190 "-" "Mozilla/5.0 (compatible; bingbot/2.0; +http://www.bing.com/bingbot.htm)"
207.46.13.49 - - [26/Dec/2020:08:14:36 +0100] "GET /blue-butterfly-grey-women-tee-shirt-p-30730.html HTTP/1.0" 200 73888 "-" "Mozilla/5.0 (compatible; bingbot/2.0; +http://www.bing.com/bingbot.htm)"
207.46.13.225 - - [26/Dec/2020:08:15:23 +0100] "GET /-p-28631.html HTTP/1.0" 200 69192 "-" "Mozilla/5.0 (compatible; bingbot/2.0; +http://www.bing.com/bingbot.htm)"
66.249.70.62 - - [26/Dec/2020:08:15:35 +0100] "GET /images/mini_prod/8422001017689.jpg HTTP/1.0" 200 269 "-" "Googlebot-Image/1.0"
81.24.82.69 - - [26/Dec/2020:08:16:19 +0100] "GET /contact_us.php HTTP/1.0" 200 26241 "http://www.wonder-geek.com/contact_us.php" "Mozilla/5.0 (Windows NT 10.0; ) AppleWebKit/537.36 (KHTML, like Gecko) Chrome/83.0.4103.61 Safari/537.36"
81.24.82.69 - - [26/Dec/2020:08:16:23 +0100] "POST /contact_us.php?action=send HTTP/1.0" 200 26507 "http://www.wonder-geek.com/contact_us.php" "Mozilla/5.0 (Windows NT 10.0; ) AppleWebKit/537.36 (KHTML, like Gecko) Chrome/83.0.4103.61 Safari/537.36"
207.46.13.49 - - [26/Dec/2020:08:16:43 +0100] "GET /-p-25750.html HTTP/1.0" 200 69192 "-" "Mozilla/5.0 (compatible; bingbot/2.0; +http://www.bing.com/bingbot.htm)"
51.68.224.127 - - [26/Dec/2020:08:17:38 +0100] "GET /adminweb/export_orders_xml.php?token=256de2z6edz6ed2z6DFSFsed2zed6zeDSFDSGdzedezfzf&maxorders=10&orderstart=1&status=14&start_date=2018-10-01 HTTP/1.0" 200 285 "-" "GesCom CharlotteBoutik Serveur"
51.68.224.127 - - [26/Dec/2020:08:17:38 +0100] "GET /adminweb/export_orders_xml.php?token=256de2z6edz6ed2z6DFSFsed2zed6zeDSFDSGdzedezfzf&maxorders=10&orderstart=1&status=6&start_date=2018-10-01 HTTP/1.0" 200 30026 "-" "GesCom CharlotteBoutik Serveur"
114.119.147.45 - - [26/Dec/2020:08:18:04 +0100] "GET /images/big_prod/1300000021272.jpg HTTP/1.0" 200 268 "-" "Mozilla/5.0 (Linux; Android 7.0;) AppleWebKit/537.36 (KHTML, like Gecko) Mobile Safari/537.36 (compatible; PetalBot;+https://aspiegel.com/petalbot)"
54.36.148.231 - - [26/Dec/2020:08:18:54 +0100] "GET /strawberry-shortcake-poncho-years-p-31119.html HTTP/1.0" 200 73092 "-" "Mozilla/5.0 (compatible; AhrefsBot/7.0; +http://ahrefs.com/robot/)"
114.119.145.117 - - [26/Dec/2020:08:22:25 +0100] "GET /images/mini_prod/8433933760963.jpg HTTP/1.0" 200 269 "-" "Mozilla/5.0 (Linux; Android 7.0;) AppleWebKit/537.36 (KHTML, like Gecko) Mobile Safari/537.36 (compatible; PetalBot;+https://aspiegel.com/petalbot)"
118.174.47.182 - - [26/Dec/2020:08:23:36 +0100] "GET /contact_us.php HTTP/1.0" 200 26241 "http://www.wonder-geek.com/contact_us.php" "Mozilla/5.0 (Windows NT 10.0; Win64; x64) AppleWebKit/537.36 (KHTML, like Gecko) Chrome/83.0.4103.24 Safari/537.36"
118.174.47.182 - - [26/Dec/2020:08:23:37 +0100] "POST /contact_us.php?action=send HTTP/1.0" 200 26490 "http://www.wonder-geek.com/contact_us.php" "Mozilla/5.0 (Windows NT 10.0; Win64; x64) AppleWebKit/537.36 (KHTML, like Gecko) Chrome/83.0.4103.24 Safari/537.36"
13.66.139.136 - - [26/Dec/2020:08:23:58 +0100] "GET /-p-26517.html HTTP/1.0" 200 69192 "-" "Mozilla/5.0 (compatible; bingbot/2.0; +http://www.bing.com/bingbot.htm)"
207.46.13.49 - - [26/Dec/2020:08:24:03 +0100] "GET /paris-tree-decoration-hanging-p-31810.html HTTP/1.0" 200 71920 "-" "Mozilla/5.0 (compatible; bingbot/2.0; +http://www.bing.com/bingbot.htm)"
157.55.39.94 - - [26/Dec/2020:08:24:07 +0100] "GET /pillow-case-in-cotton-percale-80-threads-50-70-cm-p-51256.html HTTP/1.0" 200 72152 "-" "Mozilla/5.0 (compatible; bingbot/2.0; +http://www.bing.com/bingbot.htm)"
13.66.139.41 - - [26/Dec/2020:08:25:11 +0100] "GET /-p-20220.html HTTP/1.0" 200 69192 "-" "Mozilla/5.0 (compatible; bingbot/2.0; +http://www.bing.com/bingbot.htm)"
54.36.148.227 - - [26/Dec/2020:08:25:19 +0100] "GET /table-setting-c-97_99.html HTTP/1.0" 200 79502 "-" "Mozilla/5.0 (compatible; AhrefsBot/7.0; +http://ahrefs.com/robot/)"
66.249.70.33 - - [26/Dec/2020:08:25:45 +0100] "GET /images/mini_prod/8433933735466.jpg HTTP/1.0" 200 269 "-" "Googlebot-Image/1.0"
114.119.145.117 - - [26/Dec/2020:08:26:46 +0100] "GET /images/3700815390149.jpg HTTP/1.0" 200 259 "-" "Mozilla/5.0 (Linux; Android 7.0;) AppleWebKit/537.36 (KHTML, like Gecko) Mobile Safari/537.36 (compatible; PetalBot;+https://aspiegel.com/petalbot)"
207.46.13.158 - - [26/Dec/2020:08:28:04 +0100] "GET /patinated-metal-boat-clock-p-45712.html HTTP/1.0" 200 71827 "-" "Mozilla/5.0 (compatible; bingbot/2.0; +http://www.bing.com/bingbot.htm)"
66.249.70.62 - - [26/Dec/2020:08:28:49 +0100] "GET / HTTP/1.0" 200 149946 "-" "Mozilla/5.0 (Linux; Android 6.0.1; Nexus 5X Build/MMB29P) AppleWebKit/537.36 (KHTML, like Gecko) Chrome/87.0.4280.90 Mobile Safari/537.36 (compatible; Googlebot/2.1; +http://www.google.com/bot.html)"
77.75.79.17 - - [26/Dec/2020:08:30:19 +0100] "GET /robots.txt HTTP/1.0" 200 245 "-" "Mozilla/5.0 (compatible; SeznamBot/3.2; +http://napoveda.seznam.cz/en/seznambot-intro/)"
77.75.79.17 - - [26/Dec/2020:08:30:20 +0100] "GET /images/mini_prod/8424346356577.jpg HTTP/1.0" 200 269 "-" "Mozilla/5.0 (compatible; SeznamBot/3.2; +http://napoveda.seznam.cz/en/seznambot-intro/)"
114.119.158.196 - - [26/Dec/2020:08:31:07 +0100] "GET /images/big_prod/693GJ16.jpg HTTP/1.0" 200 262 "-" "Mozilla/5.0 (Linux; Android 7.0;) AppleWebKit/537.36 (KHTML, like Gecko) Mobile Safari/537.36 (compatible; PetalBot;+https://aspiegel.com/petalbot)"
54.36.148.87 - - [26/Dec/2020:08:31:25 +0100] "GET /nitro-backpack-nyc-black-denim-44-cm-p-35707.html HTTP/1.0" 200 72246 "-" "Mozilla/5.0 (compatible; AhrefsBot/7.0; +http://ahrefs.com/robot/)"
13.66.139.91 - - [26/Dec/2020:08:31:52 +0100] "GET /alarms-clocks-c-13_65.html?page=3 HTTP/1.0" 200 90265 "-" "Mozilla/5.0 (compatible; bingbot/2.0; +http://www.bing.com/bingbot.htm)"
13.66.139.91 - - [26/Dec/2020:08:31:54 +0100] "GET /-p-31042.html HTTP/1.0" 200 69192 "-" "Mozilla/5.0 (compatible; bingbot/2.0; +http://www.bing.com/bingbot.htm)"
13.66.139.91 - - [26/Dec/2020:08:31:54 +0100] "GET /love-map-collection-gorjuss-p-23144.html HTTP/1.0" 200 69318 "-" "Mozilla/5.0 (compatible; bingbot/2.0; +http://www.bing.com/bingbot.htm)"
13.66.139.91 - - [26/Dec/2020:08:31:55 +0100] "GET /-p-21501.html HTTP/1.0" 200 69192 "-" "Mozilla/5.0 (compatible; bingbot/2.0; +http://www.bing.com/bingbot.htm)"
13.66.139.136 - - [26/Dec/2020:08:32:47 +0100] "GET /-p-19352.html HTTP/1.0" 200 69192 "-" "Mozilla/5.0 (compatible; bingbot/2.0; +http://www.bing.com/bingbot.htm)"
51.68.224.127 - - [26/Dec/2020:08:33:33 +0100] "GET /adminweb/export_orders_xml.php?token=256de2z6edz6ed2z6DFSFsed2zed6zeDSFDSGdzedezfzf&maxorders=10&orderstart=1&status=14&start_date=2018-10-01 HTTP/1.0" 200 285 "-" "GesCom CharlotteBoutik Serveur"
51.68.224.127 - - [26/Dec/2020:08:33:33 +0100] "GET /adminweb/export_orders_xml.php?token=256de2z6edz6ed2z6DFSFsed2zed6zeDSFDSGdzedezfzf&maxorders=10&orderstart=1&status=6&start_date=2018-10-01 HTTP/1.0" 200 30026 "-" "GesCom CharlotteBoutik Serveur"
13.66.139.136 - - [26/Dec/2020:08:34:28 +0100] "GET /-p-22043.html HTTP/1.0" 200 69192 "-" "Mozilla/5.0 (compatible; bingbot/2.0; +http://www.bing.com/bingbot.htm)"
157.55.39.94 - - [26/Dec/2020:08:34:28 +0100] "GET /accessories/umbrellas/ladybug-umbrella-p-28773.html HTTP/1.0" 301 613 "-" "Mozilla/5.0 (compatible; bingbot/2.0; +http://www.bing.com/bingbot.htm)"
114.119.130.202 - - [26/Dec/2020:08:35:28 +0100] "GET /black-metal-table-lamp-p-50113.html HTTP/1.0" 200 71870 "-" "Mozilla/5.0 (Linux; Android 7.0;) AppleWebKit/537.36 (KHTML, like Gecko) Mobile Safari/537.36 (compatible; PetalBot;+https://aspiegel.com/petalbot)"
66.249.70.62 - - [26/Dec/2020:08:35:55 +0100] "GET /images/mini_prod/8422054030000B.jpg HTTP/1.0" 200 270 "-" "Googlebot-Image/1.0"
40.77.167.36 - - [26/Dec/2020:08:37:02 +0100] "GET /kimmidoll-dolls-cm-p-47595.html HTTP/1.0" 200 69279 "-" "Mozilla/5.0 (compatible; bingbot/2.0; +http://www.bing.com/bingbot.htm)"
207.46.13.225 - - [26/Dec/2020:08:37:17 +0100] "GET /the-little-prince-wallet-french-manufacturing-p-52350.html HTTP/1.0" 200 72791 "-" "Mozilla/5.0 (compatible; bingbot/2.0; +http://www.bing.com/bingbot.htm)"
54.36.149.75 - - [26/Dec/2020:08:37:27 +0100] "GET /sunflower-wall-stickers-20-70-cm-p-51935.html HTTP/1.0" 200 72634 "-" "Mozilla/5.0 (compatible; AhrefsBot/7.0; +http://ahrefs.com/robot/)"
17.58.101.145 - - [26/Dec/2020:08:38:54 +0100] "GET /black-fancy-elastic-bracelet-p-43720.html HTTP/1.0" 200 71832 "-" "Mozilla/5.0 (Macintosh; Intel Mac OS X 10_15_5) AppleWebKit/605.1.15 (KHTML, like Gecko) Version/13.1.1 Safari/605.1.15 (Applebot/0.1; +http://www.apple.com/go/applebot)"
17.58.101.145 - - [26/Dec/2020:08:39:00 +0100] "GET /pillow-case-75-75-cm-dark-grey-p-41417.html HTTP/1.0" 200 72108 "-" "Mozilla/5.0 (Macintosh; Intel Mac OS X 10_15_5) AppleWebKit/605.1.15 (KHTML, like Gecko) Version/13.1.1 Safari/605.1.15 (Applebot/0.1; +http://www.apple.com/go/applebot)"
157.55.39.186 - - [26/Dec/2020:08:39:07 +0100] "GET /the-little-prince-soap-box-10-65-28-cm-p-40109.html HTTP/1.0" 200 72195 "-" "Mozilla/5.0 (compatible; bingbot/2.0; +http://www.bing.com/bingbot.htm)"
114.119.145.117 - - [26/Dec/2020:08:39:50 +0100] "GET /images/mini_prod/5701359708412.jpg HTTP/1.0" 200 269 "-" "Mozilla/5.0 (Linux; Android 7.0;) AppleWebKit/537.36 (KHTML, like Gecko) Mobile Safari/537.36 (compatible; PetalBot;+https://aspiegel.com/petalbot)"
54.36.148.221 - - [26/Dec/2020:08:43:56 +0100] "GET /rhinoceros-statuette-in-natural-resin-p-53095.html HTTP/1.0" 200 71995 "-" "Mozilla/5.0 (compatible; AhrefsBot/7.0; +http://ahrefs.com/robot/)"
114.119.151.113 - - [26/Dec/2020:08:44:15 +0100] "GET /cat-head-wallet-model-p-39435.html HTTP/1.0" 200 71855 "-" "Mozilla/5.0 (Linux; Android 7.0;) AppleWebKit/537.36 (KHTML, like Gecko) Mobile Safari/537.36 (compatible; PetalBot;+https://aspiegel.com/petalbot)"
66.249.70.62 - - [26/Dec/2020:08:45:55 +0100] "GET /images/big_prod/8422021418312.jpg HTTP/1.0" 200 268 "-" "Googlebot-Image/1.0"
13.66.139.136 - - [26/Dec/2020:08:46:29 +0100] "GET /-p-5555.html HTTP/1.0" 200 69190 "-" "Mozilla/5.0 (compatible; bingbot/2.0; +http://www.bing.com/bingbot.htm)"
114.119.145.117 - - [26/Dec/2020:08:48:26 +0100] "GET /schoolbag-caramel-and-cie-pink-wings-p-48794.html HTTP/1.0" 200 69330 "-" "Mozilla/5.0 (Linux; Android 7.0;) AppleWebKit/537.36 (KHTML, like Gecko) Mobile Safari/537.36 (compatible; PetalBot;+https://aspiegel.com/petalbot)"
66.249.70.36 - - [26/Dec/2020:08:48:42 +0100] "GET /spiderman-backpack-p-31287.html HTTP/1.0" 200 69273 "-" "Mozilla/5.0 (Linux; Android 6.0.1; Nexus 5X Build/MMB29P) AppleWebKit/537.36 (KHTML, like Gecko) Chrome/87.0.4280.90 Mobile Safari/537.36 (compatible; Googlebot/2.1; +http://www.google.com/bot.html)"
207.46.13.49 - - [26/Dec/2020:08:48:55 +0100] "GET /soy-luna-blue-bowl-p-37513.html HTTP/1.0" 200 71761 "-" "Mozilla/5.0 (compatible; bingbot/2.0; +http://www.bing.com/bingbot.htm)"
51.68.224.127 - - [26/Dec/2020:08:49:27 +0100] "GET /adminweb/export_orders_xml.php?token=256de2z6edz6ed2z6DFSFsed2zed6zeDSFDSGdzedezfzf&maxorders=10&orderstart=1&status=14&start_date=2018-10-01 HTTP/1.0" 200 285 "-" "GesCom CharlotteBoutik Serveur"
51.68.224.127 - - [26/Dec/2020:08:49:27 +0100] "GET /adminweb/export_orders_xml.php?token=256de2z6edz6ed2z6DFSFsed2zed6zeDSFDSGdzedezfzf&maxorders=10&orderstart=1&status=6&start_date=2018-10-01 HTTP/1.0" 200 30026 "-" "GesCom CharlotteBoutik Serveur"
13.66.139.41 - - [26/Dec/2020:08:50:03 +0100] "GET /-p-14351.html HTTP/1.0" 200 69192 "-" "Mozilla/5.0 (compatible; bingbot/2.0; +http://www.bing.com/bingbot.htm)"
54.36.148.120 - - [26/Dec/2020:08:50:32 +0100] "GET /cardboard-boxes-and-storage-c-13_150_216.html HTTP/1.0" 200 77444 "-" "Mozilla/5.0 (compatible; AhrefsBot/7.0; +http://ahrefs.com/robot/)"
45.136.246.38 - - [26/Dec/2020:08:50:46 +0100] "GET /snowman-solar-powered-dancing-p-34143.html]Test HTTP/1.0" 301 609 "http://wonder-geek.com/snowman-solar-powered-dancing-p-34143.html]Test" "Mozilla/5.0 (Windows NT 10.0; Win64; x64) AppleWebKit/537.36 (KHTML, like Gecko) Chrome/83.0.4086.0 Safari/537.36"
45.136.246.38 - - [26/Dec/2020:08:50:48 +0100] "GET /snowman-solar-powered-dancing-p-34143.html%5dTest HTTP/1.0" 404 1308 "http://www.wonder-geek.com/snowman-solar-powered-dancing-p-34143.html%5dTest" "Mozilla/5.0 (Windows NT 10.0; Win64; x64) AppleWebKit/537.36 (KHTML, like Gecko) Chrome/83.0.4086.0 Safari/537.36"
45.136.246.38 - - [26/Dec/2020:08:50:48 +0100] "GET / HTTP/1.0" 301 511 "http://wonder-geek.com/" "Mozilla/5.0 (Windows NT 10.0; Win64; x64) AppleWebKit/537.36 (KHTML, like Gecko) Chrome/83.0.4086.0 Safari/537.36"
45.136.246.38 - - [26/Dec/2020:08:50:48 +0100] "GET / HTTP/1.0" 200 150427 "http://www.wonder-geek.com/" "Mozilla/5.0 (Windows NT 10.0; Win64; x64) AppleWebKit/537.36 (KHTML, like Gecko) Chrome/83.0.4086.0 Safari/537.36"
45.136.246.38 - - [26/Dec/2020:08:50:49 +0100] "GET /trivet-and-boards-cut-c-12_158.html HTTP/1.0" 200 93009 "http://www.wonder-geek.com/trivet-and-boards-cut-c-12_158.html" "Mozilla/5.0 (Windows NT 10.0; Win64; x64) AppleWebKit/537.36 (KHTML, like Gecko) Chrome/83.0.4086.0 Safari/537.36"
45.136.246.38 - - [26/Dec/2020:08:50:50 +0100] "GET /cardboard-boxes-and-storage-c-13_150_216.html HTTP/1.0" 200 77444 "http://www.wonder-geek.com/cardboard-boxes-and-storage-c-13_150_216.html" "Mozilla/5.0 (Windows NT 10.0; Win64; x64) AppleWebKit/537.36 (KHTML, like Gecko) Chrome/83.0.4086.0 Safari/537.36"
45.136.246.38 - - [26/Dec/2020:08:50:50 +0100] "GET /cushion-headboard-c-11_173.html HTTP/1.0" 200 88854 "http://www.wonder-geek.com/cushion-headboard-c-11_173.html" "Mozilla/5.0 (Windows NT 10.0; Win64; x64) AppleWebKit/537.36 (KHTML, like Gecko) Chrome/83.0.4086.0 Safari/537.36"
45.136.246.38 - - [26/Dec/2020:08:50:51 +0100] "GET /contact_us.php HTTP/1.0" 200 26241 "http://www.wonder-geek.com/contact_us.php" "Mozilla/5.0 (Windows NT 10.0; Win64; x64) AppleWebKit/537.36 (KHTML, like Gecko) Chrome/83.0.4086.0 Safari/537.36"
17.58.101.145 - - [26/Dec/2020:08:51:12 +0100] "GET /mini-magnetic-plate-retro-home-is-wherever-with-yo-p-34410.html HTTP/1.0" 200 69451 "-" "Mozilla/5.0 (Macintosh; Intel Mac OS X 10_15_5) AppleWebKit/605.1.15 (KHTML, like Gecko) Version/13.1.1 Safari/605.1.15 (Applebot/0.1; +http://www.apple.com/go/applebot)"
207.46.13.13 - - [26/Dec/2020:08:51:47 +0100] "GET /mister-men-university-money-box-p-33574.html HTTP/1.0" 200 71884 "-" "Mozilla/5.0 (compatible; bingbot/2.0; +http://www.bing.com/bingbot.htm)"
17.58.101.145 - - [26/Dec/2020:08:52:07 +0100] "GET /grey-fitted-sheet-p-34831.html HTTP/1.0" 200 71763 "-" "Mozilla/5.0 (Macintosh; Intel Mac OS X 10_15_5) AppleWebKit/605.1.15 (KHTML, like Gecko) Version/13.1.1 Safari/605.1.15 (Applebot/0.1; +http://www.apple.com/go/applebot)"
13.66.139.41 - - [26/Dec/2020:08:52:24 +0100] "GET /-p-14870.html HTTP/1.0" 200 69192 "-" "Mozilla/5.0 (compatible; bingbot/2.0; +http://www.bing.com/bingbot.htm)"
114.119.132.105 - - [26/Dec/2020:08:52:47 +0100] "GET /images/mini_prod/8422010086744.jpg HTTP/1.0" 200 269 "-" "Mozilla/5.0 (Linux; Android 7.0;) AppleWebKit/537.36 (KHTML, like Gecko) Mobile Safari/537.36 (compatible; PetalBot;+https://aspiegel.com/petalbot)"
17.58.101.145 - - [26/Dec/2020:08:53:04 +0100] "GET /frozen-rectangular-mirror-p-29000.html HTTP/1.0" 200 69296 "-" "Mozilla/5.0 (Macintosh; Intel Mac OS X 10_15_5) AppleWebKit/605.1.15 (KHTML, like Gecko) Version/13.1.1 Safari/605.1.15 (Applebot/0.1; +http://www.apple.com/go/applebot)"
45.136.246.38 - - [26/Dec/2020:08:53:07 +0100] "POST /contact_us.php?action=send HTTP/1.0" 302 488 "http://www.wonder-geek.com/contact_us.php" "Mozilla/5.0 (Windows NT 10.0; Win64; x64) AppleWebKit/537.36 (KHTML, like Gecko) Chrome/83.0.4086.0 Safari/537.36"
45.136.246.38 - - [26/Dec/2020:08:53:08 +0100] "GET /contact_us.php?action=success HTTP/1.0" 200 13477 "http://www.wonder-geek.com/contact_us.php?action=success" "Mozilla/5.0 (Windows NT 10.0; Win64; x64) AppleWebKit/537.36 (KHTML, like Gecko) Chrome/83.0.4086.0 Safari/537.36"
45.136.246.38 - - [26/Dec/2020:08:53:08 +0100] "GET /contact_us.php HTTP/1.0" 200 26241 "http://www.wonder-geek.com/contact_us.php" "Mozilla/5.0 (Windows NT 10.0; Win64; x64) AppleWebKit/537.36 (KHTML, like Gecko) Chrome/83.0.4086.0 Safari/537.36"
45.136.246.38 - - [26/Dec/2020:08:53:08 +0100] "GET /contact_us.php HTTP/1.0" 200 26241 "http://www.wonder-geek.com/contact_us.php" "Mozilla/5.0 (Windows NT 10.0; Win64; x64) AppleWebKit/537.36 (KHTML, like Gecko) Chrome/83.0.4086.0 Safari/537.36"
13.66.139.41 - - [26/Dec/2020:08:54:24 +0100] "GET /-p-19224.html HTTP/1.0" 200 69192 "-" "Mozilla/5.0 (compatible; bingbot/2.0; +http://www.bing.com/bingbot.htm)"
13.66.139.136 - - [26/Dec/2020:08:54:39 +0100] "GET /-p-15108.html HTTP/1.0" 200 69192 "-" "Mozilla/5.0 (compatible; bingbot/2.0; +http://www.bing.com/bingbot.htm)"
66.249.70.36 - - [26/Dec/2020:08:54:52 +0100] "GET /hello-kitty-adult-umbrella-p-20511.html HTTP/1.0" 200 72706 "-" "Mozilla/5.0 (compatible; Googlebot/2.1; +http://www.google.com/bot.html)"
17.58.101.145 - - [26/Dec/2020:08:55:21 +0100] "GET /duvet-cover-in-cotton-percale-80-threads-260-240-cm-p-43846.html HTTP/1.0" 200 72164 "-" "Mozilla/5.0 (Macintosh; Intel Mac OS X 10_15_5) AppleWebKit/605.1.15 (KHTML, like Gecko) Version/13.1.1 Safari/605.1.15 (Applebot/0.1; +http://www.apple.com/go/applebot)"
157.55.39.186 - - [26/Dec/2020:08:55:39 +0100] "GET /games-and-toys/figures/aladdin-genie-figure-p-2841.html HTTP/1.0" 301 621 "-" "Mozilla/5.0 (compatible; bingbot/2.0; +http://www.bing.com/bingbot.htm)"
40.77.167.36 - - [26/Dec/2020:08:55:53 +0100] "GET /set-of-plush-tree-hanging-decorations-p-52655.html HTTP/1.0" 200 71999 "-" "Mozilla/5.0 (compatible; bingbot/2.0; +http://www.bing.com/bingbot.htm)"
157.55.39.94 - - [26/Dec/2020:08:56:06 +0100] "GET /clifford-m-18.html HTTP/1.0" 200 67972 "-" "Mozilla/5.0 (compatible; bingbot/2.0; +http://www.bing.com/bingbot.htm)"
114.119.129.36 - - [26/Dec/2020:08:57:08 +0100] "GET /statuette-doe-and-her-fawn-in-resin-p-52585.html HTTP/1.0" 200 71978 "-" "Mozilla/5.0 (Linux; Android 7.0;) AppleWebKit/537.36 (KHTML, like Gecko) Mobile Safari/537.36 (compatible; PetalBot;+https://aspiegel.com/petalbot)"
54.36.149.92 - - [26/Dec/2020:08:57:26 +0100] "GET /diffuser-of-perfume-and-essential-oils-c-231_162.html HTTP/1.0" 200 89153 "-" "Mozilla/5.0 (compatible; AhrefsBot/7.0; +http://ahrefs.com/robot/)"
157.55.39.186 - - [26/Dec/2020:08:58:14 +0100] "GET /swfobject.js HTTP/1.0" 404 1308 "-" "Mozilla/5.0 (compatible; bingbot/2.0; +http://www.bing.com/bingbot.htm)"
157.55.39.186 - - [26/Dec/2020:08:58:14 +0100] "GET /swfobject.js HTTP/1.0" 404 1308 "-" "Mozilla/5.0 (compatible; bingbot/2.0; +http://www.bing.com/bingbot.htm)"
207.46.13.158 - - [26/Dec/2020:09:00:17 +0100] "GET /funky-dolls-round-box-p-18851.html HTTP/1.0" 200 71952 "-" "Mozilla/5.0 (compatible; bingbot/2.0; +http://www.bing.com/bingbot.htm)"
66.249.70.36 - - [26/Dec/2020:09:00:45 +0100] "GET /black-fancy-elastic-bracelet-p-43729.html HTTP/1.0" 200 71832 "-" "Mozilla/5.0 (compatible; Googlebot/2.1; +http://www.google.com/bot.html)"
114.119.144.233 - - [26/Dec/2020:09:01:29 +0100] "GET /white-and-blue-decorative-vase-aged-aspect-p-52430.html HTTP/1.0" 200 72919 "-" "Mozilla/5.0 (Linux; Android 7.0;) AppleWebKit/537.36 (KHTML, like Gecko) Mobile Safari/537.36 (compatible; PetalBot;+https://aspiegel.com/petalbot)"
37.59.141.40 - - [26/Dec/2020:09:03:22 +0100] "GET /admin/ HTTP/1.0" 301 523 "-" "Mozilla/5.0 (X11; Ubuntu; Linux x86_64; rv:62.0) Gecko/20100101 Firefox/62.0"
37.59.141.40 - - [26/Dec/2020:09:03:22 +0100] "GET /admin/ HTTP/1.0" 404 1308 "http://wonder-geek.com/admin/" "Mozilla/5.0 (X11; Ubuntu; Linux x86_64; rv:62.0) Gecko/20100101 Firefox/62.0"
54.36.148.87 - - [26/Dec/2020:09:04:22 +0100] "GET /natural-floor-carpet-130-170-cm-p-52151.html HTTP/1.0" 200 72054 "-" "Mozilla/5.0 (compatible; AhrefsBot/7.0; +http://ahrefs.com/robot/)"
114.119.130.202 - - [26/Dec/2020:09:05:50 +0100] "GET /images/big_prod_1/3665269006452.jpg HTTP/1.0" 200 270 "-" "Mozilla/5.0 (Linux; Android 7.0;) AppleWebKit/537.36 (KHTML, like Gecko) Mobile Safari/537.36 (compatible; PetalBot;+https://aspiegel.com/petalbot)"
66.249.70.36 - - [26/Dec/2020:09:06:15 +0100] "GET /images/mini_prod/3700407613243.jpg HTTP/1.0" 200 269 "-" "Googlebot-Image/1.0"
51.68.224.127 - - [26/Dec/2020:09:06:49 +0100] "GET /adminweb/export_orders_xml.php?token=256de2z6edz6ed2z6DFSFsed2zed6zeDSFDSGdzedezfzf&maxorders=10&orderstart=1&status=14&start_date=2018-10-01 HTTP/1.0" 200 285 "-" "GesCom CharlotteBoutik Serveur"
51.68.224.127 - - [26/Dec/2020:09:06:49 +0100] "GET /adminweb/export_orders_xml.php?token=256de2z6edz6ed2z6DFSFsed2zed6zeDSFDSGdzedezfzf&maxorders=10&orderstart=1&status=6&start_date=2018-10-01 HTTP/1.0" 200 30026 "-" "GesCom CharlotteBoutik Serveur"
85.208.98.25 - - [26/Dec/2020:09:07:00 +0100] "GET /robots.txt HTTP/1.0" 200 245 "-" "Mozilla/5.0 (compatible; SemrushBot; +http://www.semrush.com/bot.html)"
85.208.98.25 - - [26/Dec/2020:09:07:24 +0100] "HEAD / HTTP/1.0" 200 386 "-" "Mozilla/5.0 (compatible; SemrushBot; +http://www.semrush.com/bot.html)"
207.46.13.158 - - [26/Dec/2020:09:08:08 +0100] "GET /home/partys-decoration/tom-and-jerry-set-paper-cups-p-17183.html HTTP/1.0" 301 69259 "-" "Mozilla/5.0 (compatible; bingbot/2.0; +http://www.bing.com/bingbot.htm)"
13.66.139.41 - - [26/Dec/2020:09:09:05 +0100] "GET /-p-29822.html HTTP/1.0" 200 69192 "-" "Mozilla/5.0 (compatible; bingbot/2.0; +http://www.bing.com/bingbot.htm)"
114.119.154.200 - - [26/Dec/2020:09:10:11 +0100] "GET /images/big_prod_1/8424345302896B.jpg HTTP/1.0" 200 271 "-" "Mozilla/5.0 (Linux; Android 7.0;) AppleWebKit/537.36 (KHTML, like Gecko) Mobile Safari/537.36 (compatible; PetalBot;+https://aspiegel.com/petalbot)"
13.66.139.136 - - [26/Dec/2020:09:10:31 +0100] "GET /-p-29839.html HTTP/1.0" 200 69192 "-" "Mozilla/5.0 (compatible; bingbot/2.0; +http://www.bing.com/bingbot.htm)"
13.66.139.91 - - [26/Dec/2020:09:11:41 +0100] "GET /-p-31473.html HTTP/1.0" 200 69192 "-" "Mozilla/5.0 (compatible; bingbot/2.0; +http://www.bing.com/bingbot.htm)"
54.36.148.34 - - [26/Dec/2020:09:11:20 +0100] "GET /home-and-decoration-c-13.html?page=39 HTTP/1.0" 200 92169 "-" "Mozilla/5.0 (compatible; AhrefsBot/7.0; +http://ahrefs.com/robot/)"
13.66.139.91 - - [26/Dec/2020:09:11:44 +0100] "GET /-p-38385.html HTTP/1.0" 200 69192 "-" "Mozilla/5.0 (compatible; bingbot/2.0; +http://www.bing.com/bingbot.htm)"
220.181.108.111 - - [26/Dec/2020:09:12:17 +0100] "GET /pharaoh-figurine-bronze-aspect-23-cm-p-52827.html HTTP/1.0" 200 72015 "-" "Mozilla/5.0 (compatible; Baiduspider/2.0; +http://www.baidu.com/search/spider.html)"
220.181.108.105 - - [26/Dec/2020:09:12:21 +0100] "GET /pharaoh-figurine-bronze-aspect-23-cm-p-52827.html HTTP/1.0" 200 72015 "-" "Mozilla/5.0 (compatible; Baiduspider/2.0; +http://www.baidu.com/search/spider.html)"
207.46.13.158 - - [26/Dec/2020:09:13:39 +0100] "GET /you-need-is-love-door-mat-coconut-fiber-p-43918.html HTTP/1.0" 200 72137 "-" "Mozilla/5.0 (compatible; bingbot/2.0; +http://www.bing.com/bingbot.htm)"
207.46.13.49 - - [26/Dec/2020:09:14:05 +0100] "GET /zippo-candle-utility-lighter-p-43701.html HTTP/1.0" 200 71948 "-" "Mozilla/5.0 (compatible; bingbot/2.0; +http://www.bing.com/bingbot.htm)"
157.55.39.186 - - [26/Dec/2020:09:14:25 +0100] "GET /swfobject.js HTTP/1.0" 404 1308 "-" "Mozilla/5.0 (compatible; bingbot/2.0; +http://www.bing.com/bingbot.htm)"
114.119.145.117 - - [26/Dec/2020:09:14:32 +0100] "GET /images/big_prod/3453131151511.jpg HTTP/1.0" 200 268 "-" "Mozilla/5.0 (Linux; Android 7.0;) AppleWebKit/537.36 (KHTML, like Gecko) Mobile Safari/537.36 (compatible; PetalBot;+https://aspiegel.com/petalbot)"
66.249.70.62 - - [26/Dec/2020:09:16:15 +0100] "GET /images/mini_prod/8433933714560.jpg HTTP/1.0" 200 269 "-" "Googlebot-Image/1.0"
13.66.139.136 - - [26/Dec/2020:09:17:02 +0100] "GET /-p-18334.html HTTP/1.0" 200 69192 "-" "Mozilla/5.0 (compatible; bingbot/2.0; +http://www.bing.com/bingbot.htm)"
157.55.39.186 - - [26/Dec/2020:09:17:10 +0100] "GET /urss-white-tee-shirt-p-30593.html HTTP/1.0" 200 73760 "-" "Mozilla/5.0 (compatible; bingbot/2.0; +http://www.bing.com/bingbot.htm)"
54.36.149.56 - - [26/Dec/2020:09:17:55 +0100] "GET /blue-piggy-bank-p-49219.html HTTP/1.0" 200 71745 "-" "Mozilla/5.0 (compatible; AhrefsBot/7.0; +http://ahrefs.com/robot/)"
13.66.139.41 - - [26/Dec/2020:09:18:25 +0100] "GET /-p-30141.html HTTP/1.0" 200 69192 "-" "Mozilla/5.0 (compatible; bingbot/2.0; +http://www.bing.com/bingbot.htm)"
207.46.13.158 - - [26/Dec/2020:09:18:36 +0100] "GET /aprons-c-11_74.html HTTP/1.0" 200 90788 "-" "Mozilla/5.0 (compatible; bingbot/2.0; +http://www.bing.com/bingbot.htm)"
114.119.132.105 - - [26/Dec/2020:09:18:48 +0100] "GET /images/big_prod/8433933180587.jpg HTTP/1.0" 200 268 "-" "Mozilla/5.0 (Linux; Android 7.0;) AppleWebKit/537.36 (KHTML, like Gecko) Mobile Safari/537.36 (compatible; PetalBot;+https://aspiegel.com/petalbot)"
209.126.3.30 - - [26/Dec/2020:09:20:21 +0100] "GET / HTTP/1.0" 301 511 "" "Mozilla/5.0 (Windows NT 6.3; WOW64; rv:46.0) Gecko/20100101 Firefox/46.0"
209.126.3.30 - - [26/Dec/2020:09:20:23 +0100] "GET / HTTP/1.0" 200 150192 "" "Mozilla/5.0 (Windows NT 6.3; WOW64; rv:46.0) Gecko/20100101 Firefox/46.0"
13.66.139.41 - - [26/Dec/2020:09:21:16 +0100] "GET /-p-33691.html HTTP/1.0" 200 69192 "-" "Mozilla/5.0 (compatible; bingbot/2.0; +http://www.bing.com/bingbot.htm)"
51.68.224.127 - - [26/Dec/2020:09:22:54 +0100] "GET /adminweb/export_orders_xml.php?token=256de2z6edz6ed2z6DFSFsed2zed6zeDSFDSGdzedezfzf&maxorders=10&orderstart=1&status=14&start_date=2018-10-01 HTTP/1.0" 200 285 "-" "GesCom CharlotteBoutik Serveur"
51.68.224.127 - - [26/Dec/2020:09:22:55 +0100] "GET /adminweb/export_orders_xml.php?token=256de2z6edz6ed2z6DFSFsed2zed6zeDSFDSGdzedezfzf&maxorders=10&orderstart=1&status=6&start_date=2018-10-01 HTTP/1.0" 200 30026 "-" "GesCom CharlotteBoutik Serveur"
114.119.158.196 - - [26/Dec/2020:09:23:10 +0100] "GET /images/mini_prod/8424001468430.jpg HTTP/1.0" 200 269 "-" "Mozilla/5.0 (Linux; Android 7.0;) AppleWebKit/537.36 (KHTML, like Gecko) Mobile Safari/537.36 (compatible; PetalBot;+https://aspiegel.com/petalbot)"
207.46.13.49 - - [26/Dec/2020:09:23:11 +0100] "GET /yogi-yogini-yogamat-pink-p-48095.html HTTP/1.0" 200 69309 "-" "Mozilla/5.0 (compatible; bingbot/2.0; +http://www.bing.com/bingbot.htm)"
54.36.148.87 - - [26/Dec/2020:09:24:38 +0100] "GET /ceramic-lamp-22-cm-p-52406.html HTTP/1.0" 200 72528 "-" "Mozilla/5.0 (compatible; AhrefsBot/7.0; +http://ahrefs.com/robot/)"
13.66.139.41 - - [26/Dec/2020:09:25:47 +0100] "GET /-p-8475.html HTTP/1.0" 200 69190 "-" "Mozilla/5.0 (compatible; bingbot/2.0; +http://www.bing.com/bingbot.htm)"
66.249.70.62 - - [26/Dec/2020:09:26:14 +0100] "GET /images/big_prod_1/1328399270569B.jpg HTTP/1.0" 200 271 "-" "Googlebot-Image/1.0"
114.119.158.196 - - [26/Dec/2020:09:27:30 +0100] "GET /images/big_prod/9316188076043.jpg HTTP/1.0" 200 268 "-" "Mozilla/5.0 (Linux; Android 7.0;) AppleWebKit/537.36 (KHTML, like Gecko) Mobile Safari/537.36 (compatible; PetalBot;+https://aspiegel.com/petalbot)"
13.66.139.101 - - [26/Dec/2020:09:28:41 +0100] "GET /-p-12746.html HTTP/1.0" 200 69192 "-" "Mozilla/5.0 (compatible; bingbot/2.0; +http://www.bing.com/bingbot.htm)"
13.66.139.41 - - [26/Dec/2020:09:29:37 +0100] "GET /-p-18510.html HTTP/1.0" 200 69192 "-" "Mozilla/5.0 (compatible; bingbot/2.0; +http://www.bing.com/bingbot.htm)"
54.36.148.91 - - [26/Dec/2020:09:31:17 +0100] "GET /trays-c-12_159.html HTTP/1.0" 200 91193 "-" "Mozilla/5.0 (compatible; AhrefsBot/7.0; +http://ahrefs.com/robot/)"
114.119.154.200 - - [26/Dec/2020:09:31:51 +0100] "GET /littlest-petshop-swimsuit-p-30263.html HTTP/1.0" 200 73257 "-" "Mozilla/5.0 (Linux; Android 7.0;) AppleWebKit/537.36 (KHTML, like Gecko) Mobile Safari/537.36 (compatible; PetalBot;+https://aspiegel.com/petalbot)"
13.66.139.136 - - [26/Dec/2020:09:35:54 +0100] "GET /-p-31415.html HTTP/1.0" 200 69192 "-" "Mozilla/5.0 (compatible; bingbot/2.0; +http://www.bing.com/bingbot.htm)"
114.119.129.36 - - [26/Dec/2020:09:36:12 +0100] "GET /images/mini_prod/7630024997227.jpg HTTP/1.0" 200 269 "-" "Mozilla/5.0 (Linux; Android 7.0;) AppleWebKit/537.36 (KHTML, like Gecko) Mobile Safari/537.36 (compatible; PetalBot;+https://aspiegel.com/petalbot)"
66.249.70.36 - - [26/Dec/2020:09:36:16 +0100] "GET /images/big_prod_1/1328399270460B.jpg HTTP/1.0" 200 271 "-" "Googlebot-Image/1.0"
13.66.139.41 - - [26/Dec/2020:09:36:58 +0100] "GET /-p-20220.html HTTP/1.0" 200 69192 "-" "Mozilla/5.0 (compatible; bingbot/2.0; +http://www.bing.com/bingbot.htm)"
13.66.139.41 - - [26/Dec/2020:09:37:37 +0100] "GET /-p-33831.html HTTP/1.0" 200 69192 "-" "Mozilla/5.0 (compatible; bingbot/2.0; +http://www.bing.com/bingbot.htm)"
54.36.148.3 - - [26/Dec/2020:09:38:00 +0100] "GET /rings-c-3_257.html HTTP/1.0" 200 83587 "-" "Mozilla/5.0 (compatible; AhrefsBot/7.0; +http://ahrefs.com/robot/)"
51.68.224.127 - - [26/Dec/2020:09:39:10 +0100] "GET /adminweb/export_orders_xml.php?token=256de2z6edz6ed2z6DFSFsed2zed6zeDSFDSGdzedezfzf&maxorders=10&orderstart=1&status=14&start_date=2018-10-01 HTTP/1.0" 200 285 "-" "GesCom CharlotteBoutik Serveur"
51.68.224.127 - - [26/Dec/2020:09:39:10 +0100] "GET /adminweb/export_orders_xml.php?token=256de2z6edz6ed2z6DFSFsed2zed6zeDSFDSGdzedezfzf&maxorders=10&orderstart=1&status=6&start_date=2018-10-01 HTTP/1.0" 200 30026 "-" "GesCom CharlotteBoutik Serveur"
66.249.70.36 - - [26/Dec/2020:09:40:15 +0100] "GET /-i-17.html HTTP/1.0" 200 98349 "-" "Mozilla/5.0 (Linux; Android 6.0.1; Nexus 5X Build/MMB29P) AppleWebKit/537.36 (KHTML, like Gecko) Chrome/87.0.4280.90 Mobile Safari/537.36 (compatible; Googlebot/2.1; +http://www.google.com/bot.html)"
114.119.132.105 - - [26/Dec/2020:09:40:35 +0100] "GET /images/med_prod/5051276182773.jpg HTTP/1.0" 200 268 "-" "Mozilla/5.0 (Linux; Android 7.0;) AppleWebKit/537.36 (KHTML, like Gecko) Mobile Safari/537.36 (compatible; PetalBot;+https://aspiegel.com/petalbot)"
66.249.70.36 - - [26/Dec/2020:09:42:42 +0100] "GET /tea-pot-c-12_175.html HTTP/1.0" 200 88866 "-" "Mozilla/5.0 (Linux; Android 6.0.1; Nexus 5X Build/MMB29P) AppleWebKit/537.36 (KHTML, like Gecko) Chrome/87.0.4280.90 Mobile Safari/537.36 (compatible; Googlebot/2.1; +http://www.google.com/bot.html)"
66.249.70.33 - - [26/Dec/2020:09:42:45 +0100] "GET /js/modernizr-transitions.js HTTP/1.0" 200 267 "http://www.wonder-geek.com/tea-pot-c-12_175.html" "Mozilla/5.0 (Linux; Android 6.0.1; Nexus 5X Build/MMB29P) AppleWebKit/537.36 (KHTML, like Gecko) Chrome/87.0.4280.90 Mobile Safari/537.36 (compatible; Googlebot/2.1; +http://www.google.com/bot.html)"
54.36.148.127 - - [26/Dec/2020:09:44:00 +0100] "GET /hairbrushes-c-3_203.html HTTP/1.0" 200 87996 "-" "Mozilla/5.0 (compatible; AhrefsBot/7.0; +http://ahrefs.com/robot/)"
157.55.39.214 - - [26/Dec/2020:09:44:42 +0100] "GET /-p-15534.html HTTP/1.0" 200 69192 "-" "Mozilla/5.0 (compatible; bingbot/2.0; +http://www.bing.com/bingbot.htm)"
157.55.39.214 - - [26/Dec/2020:09:44:43 +0100] "GET /les-copains-abord-bottle-stoppers-p-39486.html HTTP/1.0" 200 71924 "-" "Mozilla/5.0 (compatible; bingbot/2.0; +http://www.bing.com/bingbot.htm)"
114.119.147.45 - - [26/Dec/2020:09:44:54 +0100] "GET /images/mini_prod/8424345292906.jpg HTTP/1.0" 200 269 "-" "Mozilla/5.0 (Linux; Android 7.0;) AppleWebKit/537.36 (KHTML, like Gecko) Mobile Safari/537.36 (compatible; PetalBot;+https://aspiegel.com/petalbot)"
13.66.139.101 - - [26/Dec/2020:09:47:51 +0100] "GET /-p-10456.html HTTP/1.0" 200 69192 "-" "Mozilla/5.0 (compatible; bingbot/2.0; +http://www.bing.com/bingbot.htm)"
207.46.13.49 - - [26/Dec/2020:09:47:55 +0100] "GET /bamboo-fiber-plant-cover-p-51942.html HTTP/1.0" 200 69278 "-" "Mozilla/5.0 (compatible; bingbot/2.0; +http://www.bing.com/bingbot.htm)"
13.66.139.136 - - [26/Dec/2020:09:48:26 +0100] "GET /-p-29471.html HTTP/1.0" 200 69192 "-" "Mozilla/5.0 (compatible; bingbot/2.0; +http://www.bing.com/bingbot.htm)"
13.66.139.41 - - [26/Dec/2020:09:48:31 +0100] "GET /-p-19986.html HTTP/1.0" 200 69192 "-" "Mozilla/5.0 (compatible; bingbot/2.0; +http://www.bing.com/bingbot.htm)"
114.119.151.113 - - [26/Dec/2020:09:49:10 +0100] "GET /images/mini_prod/klimt4.jpg HTTP/1.0" 200 262 "-" "Mozilla/5.0 (Linux; Android 7.0;) AppleWebKit/537.36 (KHTML, like Gecko) Mobile Safari/537.36 (compatible; PetalBot;+https://aspiegel.com/petalbot)"
54.36.148.252 - - [26/Dec/2020:09:49:50 +0100] "GET /ceramic-flower-pot-p-53370.html HTTP/1.0" 200 71841 "-" "Mozilla/5.0 (compatible; AhrefsBot/7.0; +http://ahrefs.com/robot/)"
77.75.78.164 - - [26/Dec/2020:09:50:57 +0100] "GET /robots.txt HTTP/1.0" 200 245 "-" "Mozilla/5.0 (compatible; SeznamBot/3.2; +http://napoveda.seznam.cz/en/seznambot-intro/)"
77.75.78.164 - - [26/Dec/2020:09:50:58 +0100] "GET /images/mini_prod/3612872111363.jpg HTTP/1.0" 200 269 "-" "Mozilla/5.0 (compatible; SeznamBot/3.2; +http://napoveda.seznam.cz/en/seznambot-intro/)"
207.46.13.225 - - [26/Dec/2020:09:51:24 +0100] "GET /teletubbies-towel-p-39102.html HTTP/1.0" 200 71785 "-" "Mozilla/5.0 (compatible; bingbot/2.0; +http://www.bing.com/bingbot.htm)"
114.119.132.105 - - [26/Dec/2020:09:53:31 +0100] "GET /images/med_prod/8433933011805.jpg HTTP/1.0" 200 268 "-" "Mozilla/5.0 (Linux; Android 7.0;) AppleWebKit/537.36 (KHTML, like Gecko) Mobile Safari/537.36 (compatible; PetalBot;+https://aspiegel.com/petalbot)"
13.66.139.136 - - [26/Dec/2020:09:54:27 +0100] "GET /-p-12670.html HTTP/1.0" 200 69192 "-" "Mozilla/5.0 (compatible; bingbot/2.0; +http://www.bing.com/bingbot.htm)"
66.249.81.168 - - [26/Dec/2020:09:55:20 +0100] "GET /images/big_prod/3760119606575.jpg HTTP/1.0" 200 268 "-" "Mozilla/5.0 (Windows NT 5.1; rv:11.0) Gecko Firefox/11.0 (via ggpht.com GoogleImageProxy)"
51.68.224.127 - - [26/Dec/2020:09:55:30 +0100] "GET /adminweb/export_orders_xml.php?token=256de2z6edz6ed2z6DFSFsed2zed6zeDSFDSGdzedezfzf&maxorders=10&orderstart=1&status=14&start_date=2018-10-01 HTTP/1.0" 200 285 "-" "GesCom CharlotteBoutik Serveur"
51.68.224.127 - - [26/Dec/2020:09:55:30 +0100] "GET /adminweb/export_orders_xml.php?token=256de2z6edz6ed2z6DFSFsed2zed6zeDSFDSGdzedezfzf&maxorders=10&orderstart=1&status=6&start_date=2018-10-01 HTTP/1.0" 200 30026 "-" "GesCom CharlotteBoutik Serveur"
17.58.101.145 - - [26/Dec/2020:09:55:41 +0100] "GET /horses-training-bottle-by-cbkreation-p-29795.html HTTP/1.0" 200 72195 "-" "Mozilla/5.0 (Macintosh; Intel Mac OS X 10_15_5) AppleWebKit/605.1.15 (KHTML, like Gecko) Version/13.1.1 Safari/605.1.15 (Applebot/0.1; +http://www.apple.com/go/applebot)"
66.249.70.36 - - [26/Dec/2020:09:55:56 +0100] "GET /images/mini_prod/3565750277951.jpg HTTP/1.0" 200 269 "-" "Googlebot-Image/1.0"
95.90.205.63 - - [26/Dec/2020:09:55:57 +0100] "GET /the-little-prince-night-light-stars-projector-musical-p-36926.html HTTP/1.0" 200 74349 "-" "Mozilla/5.0 (iPhone; CPU iPhone OS 14_2 like Mac OS X) AppleWebKit/605.1.15 (KHTML, like Gecko) Version/14.0.1 Mobile/15E148 Safari/604.1"
95.90.205.63 - - [26/Dec/2020:09:55:57 +0100] "GET /templates/Pixame_v1/stylesheet.css HTTP/1.0" 200 267 "http://www.wonder-geek.com/" "Mozilla/5.0 (iPhone; CPU iPhone OS 14_2 like Mac OS X) AppleWebKit/605.1.15 (KHTML, like Gecko) Version/14.0.1 Mobile/15E148 Safari/604.1"
95.90.205.63 - - [26/Dec/2020:09:55:57 +0100] "GET /highslide/highslide.js HTTP/1.0" 200 262 "http://www.wonder-geek.com/" "Mozilla/5.0 (iPhone; CPU iPhone OS 14_2 like Mac OS X) AppleWebKit/605.1.15 (KHTML, like Gecko) Version/14.0.1 Mobile/15E148 Safari/604.1"
95.90.205.63 - - [26/Dec/2020:09:55:57 +0100] "GET /js/jquery.jqzoom.js HTTP/1.0" 200 259 "http://www.wonder-geek.com/" "Mozilla/5.0 (iPhone; CPU iPhone OS 14_2 like Mac OS X) AppleWebKit/605.1.15 (KHTML, like Gecko) Version/14.0.1 Mobile/15E148 Safari/604.1"
95.90.205.63 - - [26/Dec/2020:09:55:57 +0100] "GET /js/jquery.js HTTP/1.0" 200 252 "http://www.wonder-geek.com/" "Mozilla/5.0 (iPhone; CPU iPhone OS 14_2 like Mac OS X) AppleWebKit/605.1.15 (KHTML, like Gecko) Version/14.0.1 Mobile/15E148 Safari/604.1"
95.90.205.63 - - [26/Dec/2020:09:55:57 +0100] "GET /mondial_relay/js/jquery-1.3.2.min.js HTTP/1.0" 200 276 "http://www.wonder-geek.com/" "Mozilla/5.0 (iPhone; CPU iPhone OS 14_2 like Mac OS X) AppleWebKit/605.1.15 (KHTML, like Gecko) Version/14.0.1 Mobile/15E148 Safari/604.1"
95.90.205.63 - - [26/Dec/2020:09:55:57 +0100] "GET /swfobject.js HTTP/1.0" 404 1308 "http://www.wonder-geek.com/" "Mozilla/5.0 (iPhone; CPU iPhone OS 14_2 like Mac OS X) AppleWebKit/605.1.15 (KHTML, like Gecko) Version/14.0.1 Mobile/15E148 Safari/604.1"
95.90.205.63 - - [26/Dec/2020:09:55:57 +0100] "GET /templates/Pixame_v1/images/icon_accueil2.png HTTP/1.0" 200 278 "http://www.wonder-geek.com/" "Mozilla/5.0 (iPhone; CPU iPhone OS 14_2 like Mac OS X) AppleWebKit/605.1.15 (KHTML, like Gecko) Version/14.0.1 Mobile/15E148 Safari/604.1"
