109.129.195.68 - - [26/Dec/2020:16:00:08 +0100] "GET /design/productsenstock.png HTTP/1.0" 200 260 "http://www.wonder-geek.com/templates/Pixame_v1/stylesheet.css" "Mozilla/5.0 (Windows NT 10.0; Win64; x64) AppleWebKit/537.36 (KHTML, like Gecko) Chrome/87.0.4280.88 Safari/537.36 Edg/87.0.664.66"
109.129.195.68 - - [26/Dec/2020:16:00:08 +0100] "GET /templates/Pixame_v1/images/infobox/infobox_footer_middle.gif HTTP/1.0" 200 357 "http://www.wonder-geek.com/" "Mozilla/5.0 (Windows NT 10.0; Win64; x64) AppleWebKit/537.36 (KHTML, like Gecko) Chrome/87.0.4280.88 Safari/537.36 Edg/87.0.664.66"
109.129.195.68 - - [26/Dec/2020:16:00:08 +0100] "GET /highslide/graphics/zoomin.cur HTTP/1.0" 200 614 "http://www.wonder-geek.com/templates/Pixame_v1/stylesheet.css" "Mozilla/5.0 (Windows NT 10.0; Win64; x64) AppleWebKit/537.36 (KHTML, like Gecko) Chrome/87.0.4280.88 Safari/537.36 Edg/87.0.664.66"
109.129.195.68 - - [26/Dec/2020:16:00:08 +0100] "GET /highslide/graphics/loader.white.gif HTTP/1.0" 200 960 "http://www.wonder-geek.com/templates/Pixame_v1/stylesheet.css" "Mozilla/5.0 (Windows NT 10.0; Win64; x64) AppleWebKit/537.36 (KHTML, like Gecko) Chrome/87.0.4280.88 Safari/537.36 Edg/87.0.664.66"
109.129.195.68 - - [26/Dec/2020:16:00:08 +0100] "GET /highslide/graphics/zoomout.cur HTTP/1.0" 200 614 "http://www.wonder-geek.com/sigil-lucifer-satatic-book-handbag-in-the-shape-of-book-p-40613.html" "Mozilla/5.0 (Windows NT 10.0; Win64; x64) AppleWebKit/537.36 (KHTML, like Gecko) Chrome/87.0.4280.88 Safari/537.36 Edg/87.0.664.66"
109.129.195.68 - - [26/Dec/2020:16:00:08 +0100] "GET /highslide/graphics/outlines/drop-shadow.png HTTP/1.0" 200 277 "http://www.wonder-geek.com/sigil-lucifer-satatic-book-handbag-in-the-shape-of-book-p-40613.html" "Mozilla/5.0 (Windows NT 10.0; Win64; x64) AppleWebKit/537.36 (KHTML, like Gecko) Chrome/87.0.4280.88 Safari/537.36 Edg/87.0.664.66"
109.129.195.68 - - [26/Dec/2020:16:00:08 +0100] "GET /favicon.ico HTTP/1.0" 200 260 "http://www.wonder-geek.com/sigil-lucifer-satatic-book-handbag-in-the-shape-of-book-p-40613.html" "Mozilla/5.0 (Windows NT 10.0; Win64; x64) AppleWebKit/537.36 (KHTML, like Gecko) Chrome/87.0.4280.88 Safari/537.36 Edg/87.0.664.66"
54.36.148.87 - - [26/Dec/2020:16:01:25 +0100] "GET /poncho-towels-and-bathrobes-c-11_72.html HTTP/1.0" 200 80410 "-" "Mozilla/5.0 (compatible; AhrefsBot/7.0; +http://ahrefs.com/robot/)"
114.119.144.233 - - [26/Dec/2020:16:02:19 +0100] "GET /tablecloth-coustellet-treated-anti-stain-yellow-150-150-cm-p-48524.html HTTP/1.0" 200 72834 "-" "Mozilla/5.0 (Linux; Android 7.0;) AppleWebKit/537.36 (KHTML, like Gecko) Mobile Safari/537.36 (compatible; PetalBot;+https://aspiegel.com/petalbot)"
13.66.139.41 - - [26/Dec/2020:16:02:29 +0100] "GET /-p-33688.html HTTP/1.0" 200 69192 "-" "Mozilla/5.0 (compatible; bingbot/2.0; +http://www.bing.com/bingbot.htm)"
13.66.139.41 - - [26/Dec/2020:16:04:07 +0100] "GET /paris-pink-companion-wallet-p-38621.html HTTP/1.0" 200 72578 "-" "Mozilla/5.0 (compatible; bingbot/2.0; +http://www.bing.com/bingbot.htm)"
77.75.78.164 - - [26/Dec/2020:16:04:42 +0100] "GET /robots.txt HTTP/1.0" 200 245 "-" "Mozilla/5.0 (compatible; SeznamBot/3.2; +http://napoveda.seznam.cz/en/seznambot-intro/)"
77.75.78.164 - - [26/Dec/2020:16:04:42 +0100] "GET /images/mini_prod/3700344871799.jpg HTTP/1.0" 200 269 "-" "Mozilla/5.0 (compatible; SeznamBot/3.2; +http://napoveda.seznam.cz/en/seznambot-intro/)"
157.55.39.186 - - [26/Dec/2020:16:04:57 +0100] "GET /swfobject.js HTTP/1.0" 404 1308 "-" "Mozilla/5.0 (compatible; bingbot/2.0; +http://www.bing.com/bingbot.htm)"
157.55.39.186 - - [26/Dec/2020:16:05:06 +0100] "GET /swfobject.js HTTP/1.0" 404 1308 "-" "Mozilla/5.0 (compatible; bingbot/2.0; +http://www.bing.com/bingbot.htm)"
54.36.148.87 - - [26/Dec/2020:16:05:24 +0100] "GET /underwear-c-2_38.html HTTP/1.0" 200 74488 "-" "Mozilla/5.0 (compatible; AhrefsBot/7.0; +http://ahrefs.com/robot/)"
13.66.139.41 - - [26/Dec/2020:16:05:58 +0100] "GET /-p-35491.html HTTP/1.0" 200 69192 "-" "Mozilla/5.0 (compatible; bingbot/2.0; +http://www.bing.com/bingbot.htm)"
17.58.101.145 - - [26/Dec/2020:16:06:29 +0100] "GET /microfiber-bolster-140-20-cm-p-35012.html HTTP/1.0" 200 71978 "-" "Mozilla/5.0 (Macintosh; Intel Mac OS X 10_15_5) AppleWebKit/605.1.15 (KHTML, like Gecko) Version/13.1.1 Safari/605.1.15 (Applebot/0.1; +http://www.apple.com/go/applebot)"
114.119.147.45 - - [26/Dec/2020:16:06:40 +0100] "GET /images/big_prod/50148424346522613.jpg HTTP/1.0" 200 272 "-" "Mozilla/5.0 (Linux; Android 7.0;) AppleWebKit/537.36 (KHTML, like Gecko) Mobile Safari/537.36 (compatible; PetalBot;+https://aspiegel.com/petalbot)"
13.66.139.41 - - [26/Dec/2020:16:06:48 +0100] "GET /coca-cola-black-metal-plate-30-20-cm-p-37157.html HTTP/1.0" 200 71953 "-" "Mozilla/5.0 (compatible; bingbot/2.0; +http://www.bing.com/bingbot.htm)"
13.66.139.41 - - [26/Dec/2020:16:06:49 +0100] "GET /home-fragrance-heart-and-home-bamboo-ginger-p-52817.html HTTP/1.0" 200 73219 "-" "Mozilla/5.0 (compatible; bingbot/2.0; +http://www.bing.com/bingbot.htm)"
51.68.224.127 - - [26/Dec/2020:16:06:49 +0100] "GET /adminweb/export_orders_xml.php?token=256de2z6edz6ed2z6DFSFsed2zed6zeDSFDSGdzedezfzf&maxorders=10&orderstart=1&status=14&start_date=2018-10-01 HTTP/1.0" 200 285 "-" "GesCom CharlotteBoutik Serveur"
51.68.224.127 - - [26/Dec/2020:16:06:50 +0100] "GET /adminweb/export_orders_xml.php?token=256de2z6edz6ed2z6DFSFsed2zed6zeDSFDSGdzedezfzf&maxorders=10&orderstart=1&status=6&start_date=2018-10-01 HTTP/1.0" 200 30026 "-" "GesCom CharlotteBoutik Serveur"
13.66.139.136 - - [26/Dec/2020:16:08:03 +0100] "GET /kori-kumi-ballpoint-pen-black-ink-p-30495.html HTTP/1.0" 200 71967 "-" "Mozilla/5.0 (compatible; bingbot/2.0; +http://www.bing.com/bingbot.htm)"
13.66.139.101 - - [26/Dec/2020:16:09:20 +0100] "GET /diffuser-of-perfume-and-essential-oils-c-231_162.html HTTP/1.0" 200 89153 "-" "Mozilla/5.0 (compatible; bingbot/2.0; +http://www.bing.com/bingbot.htm)"
13.66.139.101 - - [26/Dec/2020:16:09:21 +0100] "GET /-p-18812.html HTTP/1.0" 200 69192 "-" "Mozilla/5.0 (compatible; bingbot/2.0; +http://www.bing.com/bingbot.htm)"
54.36.148.87 - - [26/Dec/2020:16:09:24 +0100] "GET /sticker-for-windows-chakra-p-48354.html HTTP/1.0" 200 71904 "-" "Mozilla/5.0 (compatible; AhrefsBot/7.0; +http://ahrefs.com/robot/)"
114.119.130.202 - - [26/Dec/2020:16:11:00 +0100] "GET /salt-and-pepper-pot-cordelia-p-47915.html HTTP/1.0" 200 71883 "-" "Mozilla/5.0 (Linux; Android 7.0;) AppleWebKit/537.36 (KHTML, like Gecko) Mobile Safari/537.36 (compatible; PetalBot;+https://aspiegel.com/petalbot)"
13.66.139.101 - - [26/Dec/2020:16:11:33 +0100] "GET /sentiment-tea-towel-kitchen-towel-70-35-cm-p-43629.html HTTP/1.0" 200 72639 "-" "Mozilla/5.0 (compatible; bingbot/2.0; +http://www.bing.com/bingbot.htm)"
157.55.39.186 - - [26/Dec/2020:16:12:08 +0100] "GET /swfobject.js HTTP/1.0" 404 1308 "-" "Mozilla/5.0 (compatible; bingbot/2.0; +http://www.bing.com/bingbot.htm)"
157.55.39.214 - - [26/Dec/2020:16:13:08 +0100] "GET /-p-29948.html HTTP/1.0" 200 69192 "-" "Mozilla/5.0 (compatible; bingbot/2.0; +http://www.bing.com/bingbot.htm)"
13.66.139.101 - - [26/Dec/2020:16:13:23 +0100] "GET /johnny-hallyday-metal-plate-20-30-cm-p-51150.html HTTP/1.0" 200 72076 "-" "Mozilla/5.0 (compatible; bingbot/2.0; +http://www.bing.com/bingbot.htm)"
13.66.139.101 - - [26/Dec/2020:16:13:24 +0100] "GET /emoticon-cushion-30-cm-emoji-p-42824.html HTTP/1.0" 200 71955 "-" "Mozilla/5.0 (compatible; bingbot/2.0; +http://www.bing.com/bingbot.htm)"
54.36.149.43 - - [26/Dec/2020:16:13:39 +0100] "GET /adaptable-decorative-caps-c-12_249.html HTTP/1.0" 200 79878 "-" "Mozilla/5.0 (compatible; AhrefsBot/7.0; +http://ahrefs.com/robot/)"
207.46.13.158 - - [26/Dec/2020:16:14:05 +0100] "GET /light-wood-pave-lamp-and-neo-vintage-bulb-p-52171.html HTTP/1.0" 200 72705 "-" "Mozilla/5.0 (compatible; bingbot/2.0; +http://www.bing.com/bingbot.htm)"
13.66.139.101 - - [26/Dec/2020:16:14:15 +0100] "GET /-p-22534.html HTTP/1.0" 200 69192 "-" "Mozilla/5.0 (compatible; bingbot/2.0; +http://www.bing.com/bingbot.htm)"
13.66.139.101 - - [26/Dec/2020:16:14:16 +0100] "GET /love-london-mouse-pad-by-cbkreation-p-13921.html HTTP/1.0" 200 71898 "-" "Mozilla/5.0 (compatible; bingbot/2.0; +http://www.bing.com/bingbot.htm)"
114.119.147.45 - - [26/Dec/2020:16:15:17 +0100] "GET /resin-parrot-statuette-p-48004.html HTTP/1.0" 200 72484 "-" "Mozilla/5.0 (Linux; Android 7.0;) AppleWebKit/537.36 (KHTML, like Gecko) Mobile Safari/537.36 (compatible; PetalBot;+https://aspiegel.com/petalbot)"
13.66.139.136 - - [26/Dec/2020:16:16:46 +0100] "GET /coca-cola-wallet-p-18869.html HTTP/1.0" 200 69263 "-" "Mozilla/5.0 (compatible; bingbot/2.0; +http://www.bing.com/bingbot.htm)"
13.66.139.41 - - [26/Dec/2020:16:16:50 +0100] "GET /-p-17638.html HTTP/1.0" 200 69192 "-" "Mozilla/5.0 (compatible; bingbot/2.0; +http://www.bing.com/bingbot.htm)"
13.66.139.101 - - [26/Dec/2020:16:16:56 +0100] "GET /sentiment-tea-towel-kitchen-towel-70-35-cm-p-43624.html HTTP/1.0" 200 72639 "-" "Mozilla/5.0 (compatible; bingbot/2.0; +http://www.bing.com/bingbot.htm)"
54.36.148.138 - - [26/Dec/2020:16:17:34 +0100] "GET /metal-cylindrical-coffee-box-p-52611.html HTTP/1.0" 200 72035 "-" "Mozilla/5.0 (compatible; AhrefsBot/7.0; +http://ahrefs.com/robot/)"
13.66.139.136 - - [26/Dec/2020:16:17:57 +0100] "GET /cuba-mouse-pad-by-cbkreation-p-29813.html HTTP/1.0" 200 71880 "-" "Mozilla/5.0 (compatible; bingbot/2.0; +http://www.bing.com/bingbot.htm)"
207.46.13.158 - - [26/Dec/2020:16:19:09 +0100] "GET /highslide/graphics/zoomin.cur HTTP/1.0" 200 614 "-" "Mozilla/5.0 (compatible; bingbot/2.0; +http://www.bing.com/bingbot.htm)"
17.58.101.145 - - [26/Dec/2020:16:19:13 +0100] "GET /images/mini_prod/1399984235287.jpg HTTP/1.0" 200 269 "-" "Mozilla/5.0 (Macintosh; Intel Mac OS X 10_15_5) AppleWebKit/605.1.15 (KHTML, like Gecko) Version/13.1.1 Safari/605.1.15 (Applebot/0.1; +http://www.apple.com/go/applebot)"
157.55.39.214 - - [26/Dec/2020:16:19:18 +0100] "GET /images/big_prod_1/4029811442294B.jpg HTTP/1.0" 200 271 "-" "Mozilla/5.0 (compatible; bingbot/2.0; +http://www.bing.com/bingbot.htm)"
114.119.158.196 - - [26/Dec/2020:16:19:38 +0100] "GET /images/mini_prod/3660173188461a.jpg HTTP/1.0" 200 270 "-" "Mozilla/5.0 (Linux; Android 7.0;) AppleWebKit/537.36 (KHTML, like Gecko) Mobile Safari/537.36 (compatible; PetalBot;+https://aspiegel.com/petalbot)"
207.46.13.13 - - [26/Dec/2020:16:19:40 +0100] "GET /images/big_prod/4029811442294.jpg HTTP/1.0" 200 268 "-" "Mozilla/5.0 (compatible; bingbot/2.0; +http://www.bing.com/bingbot.htm)"
13.66.139.41 - - [26/Dec/2020:16:20:38 +0100] "GET /removable-cushion-beast-40-cm-p-50885.html HTTP/1.0" 200 73978 "-" "Mozilla/5.0 (compatible; bingbot/2.0; +http://www.bing.com/bingbot.htm)"
157.55.39.186 - - [26/Dec/2020:16:20:51 +0100] "GET /swfobject.js HTTP/1.0" 404 1308 "-" "Mozilla/5.0 (compatible; bingbot/2.0; +http://www.bing.com/bingbot.htm)"
207.46.13.158 - - [26/Dec/2020:16:21:01 +0100] "GET /mona-flower-pot-p-51546.html HTTP/1.0" 200 72434 "-" "Mozilla/5.0 (compatible; bingbot/2.0; +http://www.bing.com/bingbot.htm)"
13.66.139.101 - - [26/Dec/2020:16:21:06 +0100] "GET /cement-tile-stickers-15-15-cm-gray-p-43004.html HTTP/1.0" 200 72220 "-" "Mozilla/5.0 (compatible; bingbot/2.0; +http://www.bing.com/bingbot.htm)"
13.66.139.101 - - [26/Dec/2020:16:21:07 +0100] "GET /pugsley-keel-toys-plush-winged-pug-14-cm-p-46898.html HTTP/1.0" 200 72075 "-" "Mozilla/5.0 (compatible; bingbot/2.0; +http://www.bing.com/bingbot.htm)"
207.46.13.51 - - [26/Dec/2020:16:21:26 +0100] "GET /highslide/highslide.js HTTP/1.0" 200 262 "-" "Mozilla/5.0 (compatible; bingbot/2.0; +http://www.bing.com/bingbot.htm)"
157.55.39.214 - - [26/Dec/2020:16:21:34 +0100] "GET /mondial_relay/js/jquery-1.3.2.min.js HTTP/1.0" 200 276 "-" "Mozilla/5.0 (compatible; bingbot/2.0; +http://www.bing.com/bingbot.htm)"
207.46.13.13 - - [26/Dec/2020:16:21:39 +0100] "GET /js/jquery.jqzoom.js HTTP/1.0" 200 259 "-" "Mozilla/5.0 (compatible; bingbot/2.0; +http://www.bing.com/bingbot.htm)"
54.36.148.207 - - [26/Dec/2020:16:21:41 +0100] "GET /cotton-floor-cushion-tiksi-40-40-30-cm-p-52934.html HTTP/1.0" 200 72832 "-" "Mozilla/5.0 (compatible; AhrefsBot/7.0; +http://ahrefs.com/robot/)"
13.66.139.136 - - [26/Dec/2020:16:22:19 +0100] "GET /-p-7324.html HTTP/1.0" 200 69190 "-" "Mozilla/5.0 (compatible; bingbot/2.0; +http://www.bing.com/bingbot.htm)"
51.68.224.127 - - [26/Dec/2020:16:23:34 +0100] "GET /adminweb/export_orders_xml.php?token=256de2z6edz6ed2z6DFSFsed2zed6zeDSFDSGdzedezfzf&maxorders=10&orderstart=1&status=14&start_date=2018-10-01 HTTP/1.0" 200 285 "-" "GesCom CharlotteBoutik Serveur"
51.68.224.127 - - [26/Dec/2020:16:23:34 +0100] "GET /adminweb/export_orders_xml.php?token=256de2z6edz6ed2z6DFSFsed2zed6zeDSFDSGdzedezfzf&maxorders=10&orderstart=1&status=6&start_date=2018-10-01 HTTP/1.0" 200 30026 "-" "GesCom CharlotteBoutik Serveur"
157.55.39.94 - - [26/Dec/2020:16:23:54 +0100] "GET /fairy-accessories-p-27849.html HTTP/1.0" 200 69268 "-" "Mozilla/5.0 (compatible; bingbot/2.0; +http://www.bing.com/bingbot.htm)"
114.119.145.117 - - [26/Dec/2020:16:23:59 +0100] "GET /images/mini_prod/5027148842342.jpg HTTP/1.0" 200 269 "-" "Mozilla/5.0 (Linux; Android 7.0;) AppleWebKit/537.36 (KHTML, like Gecko) Mobile Safari/537.36 (compatible; PetalBot;+https://aspiegel.com/petalbot)"
13.66.139.41 - - [26/Dec/2020:16:24:08 +0100] "GET /ornamental-marine-sailor-pulley-13-cm-p-43929.html HTTP/1.0" 200 72079 "-" "Mozilla/5.0 (compatible; bingbot/2.0; +http://www.bing.com/bingbot.htm)"
157.55.39.214 - - [26/Dec/2020:16:25:24 +0100] "GET /little-sheep-bedside-lamp-p-40435.html HTTP/1.0" 200 71952 "-" "Mozilla/5.0 (compatible; bingbot/2.0; +http://www.bing.com/bingbot.htm)"
54.36.148.87 - - [26/Dec/2020:16:25:45 +0100] "GET /household-linen-c-11.html?page=33 HTTP/1.0" 200 92156 "-" "Mozilla/5.0 (compatible; AhrefsBot/7.0; +http://ahrefs.com/robot/)"
54.37.23.120 - - [26/Dec/2020:16:25:59 +0100] "GET /images/big_prod_1/3442440273458B.jpg HTTP/1.0" 200 271 "-" "-"
54.37.23.120 - - [26/Dec/2020:16:26:20 +0100] "GET /%20images/big_prod/3442440273458.jpg HTTP/1.0" 404 1308 "-" "-"
13.66.139.41 - - [26/Dec/2020:16:26:40 +0100] "GET /-p-25204.html HTTP/1.0" 200 69192 "-" "Mozilla/5.0 (compatible; bingbot/2.0; +http://www.bing.com/bingbot.htm)"
114.119.154.200 - - [26/Dec/2020:16:28:20 +0100] "GET /images/big_prod_1/ANTHRACITE2.jpg HTTP/1.0" 200 268 "-" "Mozilla/5.0 (Linux; Android 7.0;) AppleWebKit/537.36 (KHTML, like Gecko) Mobile Safari/537.36 (compatible; PetalBot;+https://aspiegel.com/petalbot)"
207.46.13.13 - - [26/Dec/2020:16:29:30 +0100] "GET /cement-tile-stickers-15-15-cm-p-51625.html HTTP/1.0" 200 72162 "-" "Mozilla/5.0 (compatible; bingbot/2.0; +http://www.bing.com/bingbot.htm)"
157.55.39.186 - - [26/Dec/2020:16:29:35 +0100] "GET /swfobject.js HTTP/1.0" 404 1308 "-" "Mozilla/5.0 (compatible; bingbot/2.0; +http://www.bing.com/bingbot.htm)"
13.66.139.136 - - [26/Dec/2020:16:30:01 +0100] "GET /-p-21576.html HTTP/1.0" 200 69192 "-" "Mozilla/5.0 (compatible; bingbot/2.0; +http://www.bing.com/bingbot.htm)"
54.36.148.255 - - [26/Dec/2020:16:30:03 +0100] "GET /glass-cutting-board-by-cbkreation-p-51914.html HTTP/1.0" 200 71912 "-" "Mozilla/5.0 (compatible; AhrefsBot/7.0; +http://ahrefs.com/robot/)"
13.66.139.41 - - [26/Dec/2020:16:30:20 +0100] "GET /-p-31200.html HTTP/1.0" 200 69192 "-" "Mozilla/5.0 (compatible; bingbot/2.0; +http://www.bing.com/bingbot.htm)"
13.66.139.136 - - [26/Dec/2020:16:31:11 +0100] "GET /russian-doll-liberty-metal-mat-keychain-cbkreation-p-23488.html HTTP/1.0" 200 73544 "-" "Mozilla/5.0 (compatible; bingbot/2.0; +http://www.bing.com/bingbot.htm)"
111.202.101.90 - - [26/Dec/2020:16:31:17 +0100] "GET / HTTP/1.0" 200 150189 "-" "Sogou web spider/4.0(+http://www.sogou.com/docs/help/webmasters.htm#07)"
13.66.139.136 - - [26/Dec/2020:16:31:21 +0100] "GET /-p-32069.html HTTP/1.0" 200 69192 "-" "Mozilla/5.0 (compatible; bingbot/2.0; +http://www.bing.com/bingbot.htm)"
114.119.144.233 - - [26/Dec/2020:16:32:41 +0100] "GET /images/9316188043120.jpg HTTP/1.0" 200 259 "-" "Mozilla/5.0 (Linux; Android 7.0;) AppleWebKit/537.36 (KHTML, like Gecko) Mobile Safari/537.36 (compatible; PetalBot;+https://aspiegel.com/petalbot)"
157.55.39.39 - - [26/Dec/2020:16:33:12 +0100] "GET /robots.txt HTTP/1.0" 301 531 "-" "Mozilla/5.0 (compatible; bingbot/2.0; +http://www.bing.com/bingbot.htm)"
157.55.39.39 - - [26/Dec/2020:16:33:15 +0100] "GET /robots.txt HTTP/1.0" 200 245 "-" "Mozilla/5.0 (compatible; bingbot/2.0; +http://www.bing.com/bingbot.htm)"
13.66.139.41 - - [26/Dec/2020:16:33:31 +0100] "GET /-p-23458.html HTTP/1.0" 200 69192 "-" "Mozilla/5.0 (compatible; bingbot/2.0; +http://www.bing.com/bingbot.htm)"
13.66.139.136 - - [26/Dec/2020:16:33:35 +0100] "GET /-p-20191.html HTTP/1.0" 200 69192 "-" "Mozilla/5.0 (compatible; bingbot/2.0; +http://www.bing.com/bingbot.htm)"
54.36.148.132 - - [26/Dec/2020:16:34:05 +0100] "GET /set-c-1_8.html HTTP/1.0" 200 68053 "-" "Mozilla/5.0 (compatible; AhrefsBot/7.0; +http://ahrefs.com/robot/)"
66.249.70.62 - - [26/Dec/2020:16:34:43 +0100] "GET /robots.txt HTTP/1.0" 200 245 "-" "Mozilla/5.0 (compatible; Googlebot/2.1; +http://www.google.com/bot.html)"
66.249.70.36 - - [26/Dec/2020:16:34:43 +0100] "GET /orange-apple-shaped-moneybox-p-36477.html HTTP/1.0" 200 71900 "-" "Mozilla/5.0 (compatible; Googlebot/2.1; +http://www.google.com/bot.html)"
157.55.39.94 - - [26/Dec/2020:16:34:59 +0100] "GET /figures-c-4_15.html?page=3 HTTP/1.0" 200 92357 "-" "Mozilla/5.0 (compatible; bingbot/2.0; +http://www.bing.com/bingbot.htm)"
157.55.39.94 - - [26/Dec/2020:16:35:00 +0100] "GET /small-barbapapa-money-box-p-28447.html HTTP/1.0" 200 71818 "-" "Mozilla/5.0 (compatible; bingbot/2.0; +http://www.bing.com/bingbot.htm)"
13.66.139.136 - - [26/Dec/2020:16:35:03 +0100] "GET /-p-13281.html HTTP/1.0" 200 69192 "-" "Mozilla/5.0 (compatible; bingbot/2.0; +http://www.bing.com/bingbot.htm)"
157.55.39.186 - - [26/Dec/2020:16:35:52 +0100] "GET /accessories/jewels-beauty-accessories/charmmy-kitty-set-hair-clips-p-13536.html HTTP/1.0" 301 669 "-" "Mozilla/5.0 (compatible; bingbot/2.0; +http://www.bing.com/bingbot.htm)"
13.66.139.136 - - [26/Dec/2020:16:36:03 +0100] "GET /set-of-mini-wooden-trays-white-15-95-cm-p-41907.html HTTP/1.0" 200 72055 "-" "Mozilla/5.0 (compatible; bingbot/2.0; +http://www.bing.com/bingbot.htm)"
13.66.139.136 - - [26/Dec/2020:16:36:53 +0100] "GET /-p-13883.html HTTP/1.0" 200 69192 "-" "Mozilla/5.0 (compatible; bingbot/2.0; +http://www.bing.com/bingbot.htm)"
114.119.158.196 - - [26/Dec/2020:16:37:02 +0100] "GET /images/big_prod/b3453131135535.jpg HTTP/1.0" 200 269 "-" "Mozilla/5.0 (Linux; Android 7.0;) AppleWebKit/537.36 (KHTML, like Gecko) Mobile Safari/537.36 (compatible; PetalBot;+https://aspiegel.com/petalbot)"
13.66.139.136 - - [26/Dec/2020:16:37:14 +0100] "GET /plush-puppy-labrador-keel-toys-p-50300.html HTTP/1.0" 200 72040 "-" "Mozilla/5.0 (compatible; bingbot/2.0; +http://www.bing.com/bingbot.htm)"
157.55.39.186 - - [26/Dec/2020:16:37:18 +0100] "GET /swfobject.js HTTP/1.0" 404 1308 "-" "Mozilla/5.0 (compatible; bingbot/2.0; +http://www.bing.com/bingbot.htm)"
157.55.39.186 - - [26/Dec/2020:16:37:25 +0100] "GET /swfobject.js HTTP/1.0" 404 1308 "-" "Mozilla/5.0 (compatible; bingbot/2.0; +http://www.bing.com/bingbot.htm)"
207.46.13.49 - - [26/Dec/2020:16:38:02 +0100] "GET /owl-by-michelle-allen-keyring-p-36950.html HTTP/1.0" 200 73118 "-" "Mozilla/5.0 (compatible; bingbot/2.0; +http://www.bing.com/bingbot.htm)"
54.36.149.44 - - [26/Dec/2020:16:38:22 +0100] "GET /bowls-c-12_255.html HTTP/1.0" 200 77324 "-" "Mozilla/5.0 (compatible; AhrefsBot/7.0; +http://ahrefs.com/robot/)"
13.66.139.41 - - [26/Dec/2020:16:39:31 +0100] "GET /-p-33688.html HTTP/1.0" 200 69192 "-" "Mozilla/5.0 (compatible; bingbot/2.0; +http://www.bing.com/bingbot.htm)"
51.68.224.127 - - [26/Dec/2020:16:39:51 +0100] "GET /adminweb/export_orders_xml.php?token=256de2z6edz6ed2z6DFSFsed2zed6zeDSFDSGdzedezfzf&maxorders=10&orderstart=1&status=14&start_date=2018-10-01 HTTP/1.0" 200 285 "-" "GesCom CharlotteBoutik Serveur"
51.68.224.127 - - [26/Dec/2020:16:39:51 +0100] "GET /adminweb/export_orders_xml.php?token=256de2z6edz6ed2z6DFSFsed2zed6zeDSFDSGdzedezfzf&maxorders=10&orderstart=1&status=6&start_date=2018-10-01 HTTP/1.0" 200 30026 "-" "GesCom CharlotteBoutik Serveur"
178.159.37.17 - - [26/Dec/2020:16:41:06 +0100] "GET /snowman-solar-powered-dancing-p-34143.html]Test HTTP/1.0" 301 609 "http://wonder-geek.com/snowman-solar-powered-dancing-p-34143.html]Test" "Mozilla/5.0 (Windows NT 6.3; ) AppleWebKit/537.36 (KHTML, like Gecko) Chrome/83.0.4103.61 Safari/537.36"
178.159.37.17 - - [26/Dec/2020:16:41:06 +0100] "GET /snowman-solar-powered-dancing-p-34143.html%5dTest HTTP/1.0" 404 1308 "http://www.wonder-geek.com/snowman-solar-powered-dancing-p-34143.html%5dTest" "Mozilla/5.0 (Windows NT 6.3; ) AppleWebKit/537.36 (KHTML, like Gecko) Chrome/83.0.4103.61 Safari/537.36"
178.159.37.17 - - [26/Dec/2020:16:41:06 +0100] "GET / HTTP/1.0" 301 511 "http://wonder-geek.com/" "Mozilla/5.0 (Windows NT 6.3; ) AppleWebKit/537.36 (KHTML, like Gecko) Chrome/83.0.4103.61 Safari/537.36"
178.159.37.17 - - [26/Dec/2020:16:41:06 +0100] "GET / HTTP/1.0" 200 149977 "http://www.wonder-geek.com/" "Mozilla/5.0 (Windows NT 6.3; ) AppleWebKit/537.36 (KHTML, like Gecko) Chrome/83.0.4103.61 Safari/537.36"
178.159.37.17 - - [26/Dec/2020:16:41:07 +0100] "GET /trivet-and-boards-cut-c-12_158.html HTTP/1.0" 200 93009 "http://www.wonder-geek.com/trivet-and-boards-cut-c-12_158.html" "Mozilla/5.0 (Windows NT 6.3; ) AppleWebKit/537.36 (KHTML, like Gecko) Chrome/83.0.4103.61 Safari/537.36"
178.159.37.17 - - [26/Dec/2020:16:41:08 +0100] "GET /cardboard-boxes-and-storage-c-13_150_216.html HTTP/1.0" 200 77444 "http://www.wonder-geek.com/cardboard-boxes-and-storage-c-13_150_216.html" "Mozilla/5.0 (Windows NT 6.3; ) AppleWebKit/537.36 (KHTML, like Gecko) Chrome/83.0.4103.61 Safari/537.36"
178.159.37.17 - - [26/Dec/2020:16:41:08 +0100] "GET /cushion-headboard-c-11_173.html HTTP/1.0" 200 88854 "http://www.wonder-geek.com/cushion-headboard-c-11_173.html" "Mozilla/5.0 (Windows NT 6.3; ) AppleWebKit/537.36 (KHTML, like Gecko) Chrome/83.0.4103.61 Safari/537.36"
178.159.37.17 - - [26/Dec/2020:16:41:09 +0100] "GET /contact_us.php HTTP/1.0" 200 26241 "http://www.wonder-geek.com/contact_us.php" "Mozilla/5.0 (Windows NT 6.3; ) AppleWebKit/537.36 (KHTML, like Gecko) Chrome/83.0.4103.61 Safari/537.36"
114.119.154.200 - - [26/Dec/2020:16:41:18 +0100] "GET /images/big_prod/1384010184745.jpg HTTP/1.0" 200 268 "-" "Mozilla/5.0 (Linux; Android 7.0;) AppleWebKit/537.36 (KHTML, like Gecko) Mobile Safari/537.36 (compatible; PetalBot;+https://aspiegel.com/petalbot)"
13.66.139.136 - - [26/Dec/2020:16:42:36 +0100] "GET /-p-19145.html HTTP/1.0" 200 69192 "-" "Mozilla/5.0 (compatible; bingbot/2.0; +http://www.bing.com/bingbot.htm)"
54.36.148.49 - - [26/Dec/2020:16:42:44 +0100] "GET /mattress-cover-c-11_197.html HTTP/1.0" 200 88307 "-" "Mozilla/5.0 (compatible; AhrefsBot/7.0; +http://ahrefs.com/robot/)"
178.159.37.17 - - [26/Dec/2020:16:43:11 +0100] "POST /contact_us.php?action=send HTTP/1.0" 200 26561 "http://www.wonder-geek.com/contact_us.php" "Mozilla/5.0 (Windows NT 6.3; ) AppleWebKit/537.36 (KHTML, like Gecko) Chrome/83.0.4103.61 Safari/537.36"
13.66.139.136 - - [26/Dec/2020:16:44:57 +0100] "GET /-p-3895.html HTTP/1.0" 200 69190 "-" "Mozilla/5.0 (compatible; bingbot/2.0; +http://www.bing.com/bingbot.htm)"
13.66.139.136 - - [26/Dec/2020:16:44:57 +0100] "GET /hello-kitty-box-of-felt-tip-figurines-p-7481.html HTTP/1.0" 200 72004 "-" "Mozilla/5.0 (compatible; bingbot/2.0; +http://www.bing.com/bingbot.htm)"
13.66.139.136 - - [26/Dec/2020:16:44:58 +0100] "GET /minion-invasion-ceramic-mug-despicable-me-p-37022.html HTTP/1.0" 200 72095 "-" "Mozilla/5.0 (compatible; bingbot/2.0; +http://www.bing.com/bingbot.htm)"
114.119.130.202 - - [26/Dec/2020:16:45:39 +0100] "GET /images/mini_prod/9316188078177.jpg HTTP/1.0" 200 269 "-" "Mozilla/5.0 (Linux; Android 7.0;) AppleWebKit/537.36 (KHTML, like Gecko) Mobile Safari/537.36 (compatible; PetalBot;+https://aspiegel.com/petalbot)"
54.36.148.87 - - [26/Dec/2020:16:46:41 +0100] "GET /toiletbrush-zen-pebbles-p-50690.html HTTP/1.0" 200 72708 "-" "Mozilla/5.0 (compatible; AhrefsBot/7.0; +http://ahrefs.com/robot/)"
147.135.193.88 - - [26/Dec/2020:16:47:05 +0100] "GET /images/big_prod_1/3609810096356b.jpg HTTP/1.0" 200 271 "-" "-"
177.51.72.178 - - [26/Dec/2020:16:48:31 +0100] "GET / HTTP/1.0" 200 149993 "https://www.google.com/" "Mozilla/5.0 (Linux; Android 9; motorola one macro) AppleWebKit/537.36 (KHTML, like Gecko) Chrome/87.0.4280.101 Mobile Safari/537.36"
177.51.72.178 - - [26/Dec/2020:16:48:31 +0100] "GET /templates/Pixame_v1/stylesheet.css HTTP/1.0" 200 267 "http://www.wonder-geek.com/" "Mozilla/5.0 (Linux; Android 9; motorola one macro) AppleWebKit/537.36 (KHTML, like Gecko) Chrome/87.0.4280.101 Mobile Safari/537.36"
177.51.72.178 - - [26/Dec/2020:16:48:32 +0100] "GET /highslide/highslide.js HTTP/1.0" 200 262 "http://www.wonder-geek.com/" "Mozilla/5.0 (Linux; Android 9; motorola one macro) AppleWebKit/537.36 (KHTML, like Gecko) Chrome/87.0.4280.101 Mobile Safari/537.36"
177.51.72.178 - - [26/Dec/2020:16:48:32 +0100] "GET /js/jquery.js HTTP/1.0" 200 252 "http://www.wonder-geek.com/" "Mozilla/5.0 (Linux; Android 9; motorola one macro) AppleWebKit/537.36 (KHTML, like Gecko) Chrome/87.0.4280.101 Mobile Safari/537.36"
177.51.72.178 - - [26/Dec/2020:16:48:32 +0100] "GET /js/jquery.jqzoom.js HTTP/1.0" 200 259 "http://www.wonder-geek.com/" "Mozilla/5.0 (Linux; Android 9; motorola one macro) AppleWebKit/537.36 (KHTML, like Gecko) Chrome/87.0.4280.101 Mobile Safari/537.36"
177.51.72.178 - - [26/Dec/2020:16:48:32 +0100] "GET /mondial_relay/js/jquery-1.3.2.min.js HTTP/1.0" 200 276 "http://www.wonder-geek.com/" "Mozilla/5.0 (Linux; Android 9; motorola one macro) AppleWebKit/537.36 (KHTML, like Gecko) Chrome/87.0.4280.101 Mobile Safari/537.36"
177.51.72.178 - - [26/Dec/2020:16:48:32 +0100] "GET /swfobject.js HTTP/1.0" 404 1308 "http://www.wonder-geek.com/" "Mozilla/5.0 (Linux; Android 9; motorola one macro) AppleWebKit/537.36 (KHTML, like Gecko) Chrome/87.0.4280.101 Mobile Safari/537.36"
177.51.72.178 - - [26/Dec/2020:16:48:33 +0100] "GET /js/jquery.min.js HTTP/1.0" 404 1308 "http://www.wonder-geek.com/" "Mozilla/5.0 (Linux; Android 9; motorola one macro) AppleWebKit/537.36 (KHTML, like Gecko) Chrome/87.0.4280.101 Mobile Safari/537.36"
177.51.72.178 - - [26/Dec/2020:16:48:33 +0100] "GET /js/jquery.masonry.min.js HTTP/1.0" 200 264 "http://www.wonder-geek.com/" "Mozilla/5.0 (Linux; Android 9; motorola one macro) AppleWebKit/537.36 (KHTML, like Gecko) Chrome/87.0.4280.101 Mobile Safari/537.36"
177.51.72.178 - - [26/Dec/2020:16:48:33 +0100] "GET /js/modernizr-transitions.js HTTP/1.0" 200 267 "http://www.wonder-geek.com/" "Mozilla/5.0 (Linux; Android 9; motorola one macro) AppleWebKit/537.36 (KHTML, like Gecko) Chrome/87.0.4280.101 Mobile Safari/537.36"
13.66.139.41 - - [26/Dec/2020:16:49:51 +0100] "GET /cats-and-flowers-set-cups-espresso-p-45597.html HTTP/1.0" 200 71971 "-" "Mozilla/5.0 (compatible; bingbot/2.0; +http://www.bing.com/bingbot.htm)"
114.119.144.233 - - [26/Dec/2020:16:50:00 +0100] "GET /buddha-statue-polyresin-21-cm-p-42008.html HTTP/1.0" 200 71930 "-" "Mozilla/5.0 (Linux; Android 7.0;) AppleWebKit/537.36 (KHTML, like Gecko) Mobile Safari/537.36 (compatible; PetalBot;+https://aspiegel.com/petalbot)"
54.36.149.98 - - [26/Dec/2020:16:50:46 +0100] "GET /light-garland-alpaca-p-53148.html HTTP/1.0" 200 72705 "-" "Mozilla/5.0 (compatible; AhrefsBot/7.0; +http://ahrefs.com/robot/)"
178.159.37.17 - - [26/Dec/2020:16:51:20 +0100] "GET /contact_us.php HTTP/1.0" 200 26241 "-" "Mozilla/5.0 (Windows NT 6.3; Win64; x64) AppleWebKit/537.36 (KHTML, like Gecko) Chrome/75.0.3770.100 Safari/537.36"
66.249.81.166 - - [26/Dec/2020:16:51:22 +0100] "GET /images/big_prod_2/c5018997260074.jpg HTTP/1.0" 200 271 "-" "Mozilla/5.0 (Windows NT 5.1; rv:11.0) Gecko Firefox/11.0 (via ggpht.com GoogleImageProxy)"
17.58.101.145 - - [26/Dec/2020:16:51:22 +0100] "GET /bookmark-lenticular-love-p-19150.html HTTP/1.0" 200 72002 "-" "Mozilla/5.0 (Macintosh; Intel Mac OS X 10_15_5) AppleWebKit/605.1.15 (KHTML, like Gecko) Version/13.1.1 Safari/605.1.15 (Applebot/0.1; +http://www.apple.com/go/applebot)"
106.38.241.190 - - [26/Dec/2020:16:52:46 +0100] "GET / HTTP/1.0" 301 511 "-" "Sogou web spider/4.0(+http://www.sogou.com/docs/help/webmasters.htm#07)"
54.37.22.142 - - [26/Dec/2020:16:53:53 +0100] "GET /%20images/big_prod/8422830606153.jpg HTTP/1.0" 404 1308 "-" "-"
54.37.22.142 - - [26/Dec/2020:16:53:53 +0100] "GET /images/big_prod_4/8422830606153b.jpg HTTP/1.0" 200 271 "-" "-"
106.38.241.190 - - [26/Dec/2020:16:53:56 +0100] "GET / HTTP/1.0" 200 150148 "-" "Sogou web spider/4.0(+http://www.sogou.com/docs/help/webmasters.htm#07)"
13.66.139.41 - - [26/Dec/2020:16:54:05 +0100] "GET /-p-31121.html HTTP/1.0" 200 69192 "-" "Mozilla/5.0 (compatible; bingbot/2.0; +http://www.bing.com/bingbot.htm)"
13.66.139.41 - - [26/Dec/2020:16:54:06 +0100] "GET /-p-23811.html HTTP/1.0" 200 69192 "-" "Mozilla/5.0 (compatible; bingbot/2.0; +http://www.bing.com/bingbot.htm)"
13.66.139.136 - - [26/Dec/2020:16:54:11 +0100] "GET /sentiment-tea-towel-kitchen-towel-70-35-cm-p-43635.html HTTP/1.0" 200 72639 "-" "Mozilla/5.0 (compatible; bingbot/2.0; +http://www.bing.com/bingbot.htm)"
54.37.22.142 - - [26/Dec/2020:16:54:12 +0100] "GET /images/big_prod_3/4542202653265fred.jpg HTTP/1.0" 200 274 "-" "-"
157.55.39.186 - - [26/Dec/2020:16:54:20 +0100] "GET /swfobject.js HTTP/1.0" 404 1308 "-" "Mozilla/5.0 (compatible; bingbot/2.0; +http://www.bing.com/bingbot.htm)"
114.119.151.113 - - [26/Dec/2020:16:54:21 +0100] "GET /images/mini_prod/8718657469843.jpg HTTP/1.0" 200 269 "-" "Mozilla/5.0 (Linux; Android 7.0;) AppleWebKit/537.36 (KHTML, like Gecko) Mobile Safari/537.36 (compatible; PetalBot;+https://aspiegel.com/petalbot)"
54.37.22.142 - - [26/Dec/2020:16:54:32 +0100] "GET /images/big_prod_2/a4542202656297.jpg HTTP/1.0" 200 271 "-" "-"
54.36.148.134 - - [26/Dec/2020:16:54:33 +0100] "GET /gorjuss-double-filled-pencil-love-grows-p-52370.html HTTP/1.0" 200 73519 "-" "Mozilla/5.0 (compatible; AhrefsBot/7.0; +http://ahrefs.com/robot/)"
5.255.231.71 - - [26/Dec/2020:16:54:44 +0100] "GET /robots.txt HTTP/1.0" 200 245 "-" "Mozilla/5.0 (compatible; YandexBot/3.0; +http://yandex.com/bots)"
5.255.231.71 - - [26/Dec/2020:16:54:48 +0100] "GET /images/7316191713234.jpg HTTP/1.0" 200 259 "-" "Mozilla/5.0 (compatible; YandexImages/3.0; +http://yandex.com/bots)"
54.37.22.142 - - [26/Dec/2020:16:54:50 +0100] "GET /images/big_prod_1/1384010203644.jpg HTTP/1.0" 200 270 "-" "-"
54.37.22.142 - - [26/Dec/2020:16:55:10 +0100] "GET /images/big_prod_5/8422830606153a.jpg HTTP/1.0" 200 271 "-" "-"
54.36.149.30 - - [26/Dec/2020:16:55:20 +0100] "GET /barbapapa-purple-shirt-p-29631.html HTTP/1.0" 301 69259 "-" "Mozilla/5.0 (compatible; AhrefsBot/7.0; +http://ahrefs.com/robot/)"
51.68.224.127 - - [26/Dec/2020:16:55:51 +0100] "GET /adminweb/export_orders_xml.php?token=256de2z6edz6ed2z6DFSFsed2zed6zeDSFDSGdzedezfzf&maxorders=10&orderstart=1&status=14&start_date=2018-10-01 HTTP/1.0" 200 285 "-" "GesCom CharlotteBoutik Serveur"
51.68.224.127 - - [26/Dec/2020:16:55:51 +0100] "GET /adminweb/export_orders_xml.php?token=256de2z6edz6ed2z6DFSFsed2zed6zeDSFDSGdzedezfzf&maxorders=10&orderstart=1&status=6&start_date=2018-10-01 HTTP/1.0" 200 30026 "-" "GesCom CharlotteBoutik Serveur"
34.122.17.108 - - [26/Dec/2020:16:57:09 +0100] "GET /our-lady-of-sorrows-prayer-candle-novena-p-51632.html HTTP/1.0" 200 72737 "-" "Mozilla/5.0 (Macintosh; Intel Mac OS X 10.14; rv:74.0) Gecko/20100101 Firefox/74.0"
157.55.39.39 - - [26/Dec/2020:16:57:16 +0100] "GET /robots.txt HTTP/1.0" 200 245 "-" "Mozilla/5.0 (compatible; bingbot/2.0; +http://www.bing.com/bingbot.htm)"
13.66.139.136 - - [26/Dec/2020:16:58:13 +0100] "GET /wooden-chime-metal-and-glass-p-43522.html HTTP/1.0" 200 71919 "-" "Mozilla/5.0 (compatible; bingbot/2.0; +http://www.bing.com/bingbot.htm)"
54.36.148.32 - - [26/Dec/2020:16:58:38 +0100] "GET /princess-bed-shells-wall-sticker-p-36402.html HTTP/1.0" 200 72020 "-" "Mozilla/5.0 (compatible; AhrefsBot/7.0; +http://ahrefs.com/robot/)"
114.119.151.113 - - [26/Dec/2020:16:58:42 +0100] "GET /images/mini_prod/5027148061750.jpg HTTP/1.0" 200 269 "-" "Mozilla/5.0 (Linux; Android 7.0;) AppleWebKit/537.36 (KHTML, like Gecko) Mobile Safari/537.36 (compatible; PetalBot;+https://aspiegel.com/petalbot)"
13.66.139.41 - - [26/Dec/2020:17:00:04 +0100] "GET /-p-25204.html HTTP/1.0" 200 69192 "-" "Mozilla/5.0 (compatible; bingbot/2.0; +http://www.bing.com/bingbot.htm)"
13.66.139.41 - - [26/Dec/2020:17:00:05 +0100] "GET /-p-20063.html HTTP/1.0" 200 69192 "-" "Mozilla/5.0 (compatible; bingbot/2.0; +http://www.bing.com/bingbot.htm)"
157.55.39.186 - - [26/Dec/2020:17:01:32 +0100] "GET /swfobject.js HTTP/1.0" 404 1308 "-" "Mozilla/5.0 (compatible; bingbot/2.0; +http://www.bing.com/bingbot.htm)"
5.255.231.71 - - [26/Dec/2020:17:01:54 +0100] "GET /austin-mini-large-metal-plate-deco-p-33793.html HTTP/1.0" 200 71925 "-" "Mozilla/5.0 (compatible; YandexBot/3.0; +http://yandex.com/bots)"
5.255.231.71 - - [26/Dec/2020:17:02:15 +0100] "GET /images/med_prod/4036113270159.jpg HTTP/1.0" 200 268 "-" "Mozilla/5.0 (compatible; YandexImages/3.0; +http://yandex.com/bots)"
13.66.139.136 - - [26/Dec/2020:17:02:16 +0100] "GET /japan-glass-cutting-board-by-cbkreation-p-51185.html HTTP/1.0" 200 71936 "-" "Mozilla/5.0 (compatible; bingbot/2.0; +http://www.bing.com/bingbot.htm)"
5.255.231.71 - - [26/Dec/2020:17:02:19 +0100] "GET /sugar-box-c-13_150_152.html HTTP/1.0" 200 89350 "-" "Mozilla/5.0 (compatible; YandexBot/3.0; +http://yandex.com/bots)"
5.255.231.71 - - [26/Dec/2020:17:02:22 +0100] "GET /socks-c-2_142.html HTTP/1.0" 200 81496 "-" "Mozilla/5.0 (compatible; YandexBot/3.0; +http://yandex.com/bots)"
5.255.231.71 - - [26/Dec/2020:17:02:25 +0100] "GET /chimes-and-suspensions-c-13_241.html HTTP/1.0" 200 89684 "-" "Mozilla/5.0 (compatible; YandexBot/3.0; +http://yandex.com/bots)"
5.255.231.71 - - [26/Dec/2020:17:02:28 +0100] "GET /hats-and-caps-c-1_44.html HTTP/1.0" 200 90721 "-" "Mozilla/5.0 (compatible; YandexBot/3.0; +http://yandex.com/bots)"
5.255.231.71 - - [26/Dec/2020:17:02:31 +0100] "GET /caps-and-scarfs-adults-c-53_138.html HTTP/1.0" 200 88062 "-" "Mozilla/5.0 (compatible; YandexBot/3.0; +http://yandex.com/bots)"
54.36.148.87 - - [26/Dec/2020:17:02:32 +0100] "GET /je-ne-vieillis-pas-adult-apron-p-53178.html HTTP/1.0" 200 71833 "-" "Mozilla/5.0 (compatible; AhrefsBot/7.0; +http://ahrefs.com/robot/)"
13.66.139.136 - - [26/Dec/2020:17:02:46 +0100] "GET /-p-38379.html HTTP/1.0" 200 69192 "-" "Mozilla/5.0 (compatible; bingbot/2.0; +http://www.bing.com/bingbot.htm)"
13.66.139.41 - - [26/Dec/2020:17:02:55 +0100] "GET /-p-7291.html HTTP/1.0" 200 69190 "-" "Mozilla/5.0 (compatible; bingbot/2.0; +http://www.bing.com/bingbot.htm)"
114.119.145.117 - - [26/Dec/2020:17:03:04 +0100] "GET /images/big_prod/3609810063228.jpg HTTP/1.0" 200 268 "-" "Mozilla/5.0 (Linux; Android 7.0;) AppleWebKit/537.36 (KHTML, like Gecko) Mobile Safari/537.36 (compatible; PetalBot;+https://aspiegel.com/petalbot)"
13.66.139.136 - - [26/Dec/2020:17:04:26 +0100] "GET /porcelain-bowl-plumes-480-ml-indians-p-39624.html HTTP/1.0" 200 71914 "-" "Mozilla/5.0 (compatible; bingbot/2.0; +http://www.bing.com/bingbot.htm)"
13.66.139.41 - - [26/Dec/2020:17:04:43 +0100] "GET /teo-jasmin-inuit-small-melamine-tray-p-37941.html HTTP/1.0" 200 72014 "-" "Mozilla/5.0 (compatible; bingbot/2.0; +http://www.bing.com/bingbot.htm)"
13.66.139.136 - - [26/Dec/2020:17:05:16 +0100] "GET /-p-18290.html HTTP/1.0" 200 69192 "-" "Mozilla/5.0 (compatible; bingbot/2.0; +http://www.bing.com/bingbot.htm)"
157.55.39.94 - - [26/Dec/2020:17:05:49 +0100] "GET /expresso-set-provence-p-21395.html HTTP/1.0" 200 72251 "-" "Mozilla/5.0 (compatible; bingbot/2.0; +http://www.bing.com/bingbot.htm)"
207.46.13.225 - - [26/Dec/2020:17:05:59 +0100] "GET /betty-boop-ashtray-p-27180.html HTTP/1.0" 200 73063 "-" "Mozilla/5.0 (compatible; bingbot/2.0; +http://www.bing.com/bingbot.htm)"
66.249.81.168 - - [26/Dec/2020:17:06:09 +0100] "GET /images/big_prod_1/5027148011052.jpg HTTP/1.0" 200 270 "-" "Mozilla/5.0 (Windows NT 5.1; rv:11.0) Gecko Firefox/11.0 (via ggpht.com GoogleImageProxy)"
13.66.139.41 - - [26/Dec/2020:17:06:14 +0100] "GET /-p-18781.html HTTP/1.0" 200 69192 "-" "Mozilla/5.0 (compatible; bingbot/2.0; +http://www.bing.com/bingbot.htm)"
54.36.148.87 - - [26/Dec/2020:17:06:42 +0100] "GET /sleepwear-c-2_42.html HTTP/1.0" 200 68107 "-" "Mozilla/5.0 (compatible; AhrefsBot/7.0; +http://ahrefs.com/robot/)"
114.119.145.117 - - [26/Dec/2020:17:07:24 +0100] "GET /images/big_prod/3503420093395.jpg HTTP/1.0" 200 268 "-" "Mozilla/5.0 (Linux; Android 7.0;) AppleWebKit/537.36 (KHTML, like Gecko) Mobile Safari/537.36 (compatible; PetalBot;+https://aspiegel.com/petalbot)"
13.66.139.41 - - [26/Dec/2020:17:08:44 +0100] "GET /happy-teapot-tassen-made-in-germany-p-43295.html HTTP/1.0" 200 72738 "-" "Mozilla/5.0 (compatible; bingbot/2.0; +http://www.bing.com/bingbot.htm)"
13.66.139.136 - - [26/Dec/2020:17:08:49 +0100] "GET /-p-14526.html HTTP/1.0" 200 69192 "-" "Mozilla/5.0 (compatible; bingbot/2.0; +http://www.bing.com/bingbot.htm)"
206.172.197.40 - - [26/Dec/2020:17:09:46 +0100] "GET / HTTP/1.0" 200 149893 "-" "Mozilla/5.0 (Macintosh; Intel Mac OS X 10_14_6) AppleWebKit/605.1.15 (KHTML, like Gecko) Version/14.0.1 Safari/605.1.15"
206.172.197.40 - - [26/Dec/2020:17:09:47 +0100] "GET /templates/Pixame_v1/stylesheet.css HTTP/1.0" 200 267 "http://www.wonder-geek.com/" "Mozilla/5.0 (Macintosh; Intel Mac OS X 10_14_6) AppleWebKit/605.1.15 (KHTML, like Gecko) Version/14.0.1 Safari/605.1.15"
206.172.197.40 - - [26/Dec/2020:17:09:47 +0100] "GET /mondial_relay/js/jquery-1.3.2.min.js HTTP/1.0" 200 276 "http://www.wonder-geek.com/" "Mozilla/5.0 (Macintosh; Intel Mac OS X 10_14_6) AppleWebKit/605.1.15 (KHTML, like Gecko) Version/14.0.1 Safari/605.1.15"
206.172.197.40 - - [26/Dec/2020:17:09:47 +0100] "GET /js/jquery.js HTTP/1.0" 200 252 "http://www.wonder-geek.com/" "Mozilla/5.0 (Macintosh; Intel Mac OS X 10_14_6) AppleWebKit/605.1.15 (KHTML, like Gecko) Version/14.0.1 Safari/605.1.15"
206.172.197.40 - - [26/Dec/2020:17:09:47 +0100] "GET /highslide/highslide.js HTTP/1.0" 200 262 "http://www.wonder-geek.com/" "Mozilla/5.0 (Macintosh; Intel Mac OS X 10_14_6) AppleWebKit/605.1.15 (KHTML, like Gecko) Version/14.0.1 Safari/605.1.15"
206.172.197.40 - - [26/Dec/2020:17:09:47 +0100] "GET /js/jquery.jqzoom.js HTTP/1.0" 200 259 "http://www.wonder-geek.com/" "Mozilla/5.0 (Macintosh; Intel Mac OS X 10_14_6) AppleWebKit/605.1.15 (KHTML, like Gecko) Version/14.0.1 Safari/605.1.15"
206.172.197.40 - - [26/Dec/2020:17:09:47 +0100] "GET /swfobject.js HTTP/1.0" 404 1308 "http://www.wonder-geek.com/" "Mozilla/5.0 (Macintosh; Intel Mac OS X 10_14_6) AppleWebKit/605.1.15 (KHTML, like Gecko) Version/14.0.1 Safari/605.1.15"
206.172.197.40 - - [26/Dec/2020:17:09:47 +0100] "GET /js/jquery.min.js HTTP/1.0" 404 1308 "http://www.wonder-geek.com/" "Mozilla/5.0 (Macintosh; Intel Mac OS X 10_14_6) AppleWebKit/605.1.15 (KHTML, like Gecko) Version/14.0.1 Safari/605.1.15"
206.172.197.40 - - [26/Dec/2020:17:09:47 +0100] "GET /js/jquery.masonry.min.js HTTP/1.0" 200 264 "http://www.wonder-geek.com/" "Mozilla/5.0 (Macintosh; Intel Mac OS X 10_14_6) AppleWebKit/605.1.15 (KHTML, like Gecko) Version/14.0.1 Safari/605.1.15"
206.172.197.40 - - [26/Dec/2020:17:09:47 +0100] "GET /js/modernizr-transitions.js HTTP/1.0" 200 267 "http://www.wonder-geek.com/" "Mozilla/5.0 (Macintosh; Intel Mac OS X 10_14_6) AppleWebKit/605.1.15 (KHTML, like Gecko) Version/14.0.1 Safari/605.1.15"
206.172.197.40 - - [26/Dec/2020:17:09:47 +0100] "GET /templates/Pixame_v1/images/icon_accueil2.png HTTP/1.0" 200 278 "http://www.wonder-geek.com/" "Mozilla/5.0 (Macintosh; Intel Mac OS X 10_14_6) AppleWebKit/605.1.15 (KHTML, like Gecko) Version/14.0.1 Safari/605.1.15"
206.172.197.40 - - [26/Dec/2020:17:09:47 +0100] "GET /templates/Pixame_v1/images/infobox/pixel_trans.gif HTTP/1.0" 200 328 "http://www.wonder-geek.com/" "Mozilla/5.0 (Macintosh; Intel Mac OS X 10_14_6) AppleWebKit/605.1.15 (KHTML, like Gecko) Version/14.0.1 Safari/605.1.15"
206.172.197.40 - - [26/Dec/2020:17:09:48 +0100] "GET /images/mini_prod/8719172837452.jpg HTTP/1.0" 200 269 "http://www.wonder-geek.com/" "Mozilla/5.0 (Macintosh; Intel Mac OS X 10_14_6) AppleWebKit/605.1.15 (KHTML, like Gecko) Version/14.0.1 Safari/605.1.15"
206.172.197.40 - - [26/Dec/2020:17:09:48 +0100] "GET /images/pixel_trans.gif HTTP/1.0" 200 328 "http://www.wonder-geek.com/" "Mozilla/5.0 (Macintosh; Intel Mac OS X 10_14_6) AppleWebKit/605.1.15 (KHTML, like Gecko) Version/14.0.1 Safari/605.1.15"
206.172.197.40 - - [26/Dec/2020:17:09:48 +0100] "GET /templates/Pixame_v1/images/pixel_trans.gif HTTP/1.0" 200 328 "http://www.wonder-geek.com/" "Mozilla/5.0 (Macintosh; Intel Mac OS X 10_14_6) AppleWebKit/605.1.15 (KHTML, like Gecko) Version/14.0.1 Safari/605.1.15"
206.172.197.40 - - [26/Dec/2020:17:09:48 +0100] "GET /images/mini_prod/028399270224.jpg HTTP/1.0" 200 268 "http://www.wonder-geek.com/" "Mozilla/5.0 (Macintosh; Intel Mac OS X 10_14_6) AppleWebKit/605.1.15 (KHTML, like Gecko) Version/14.0.1 Safari/605.1.15"
206.172.197.40 - - [26/Dec/2020:17:09:48 +0100] "GET /images/mini_prod/8422022523015.jpg HTTP/1.0" 200 269 "http://www.wonder-geek.com/" "Mozilla/5.0 (Macintosh; Intel Mac OS X 10_14_6) AppleWebKit/605.1.15 (KHTML, like Gecko) Version/14.0.1 Safari/605.1.15"
206.172.197.40 - - [26/Dec/2020:17:09:48 +0100] "GET /images/mini_prod/3700281645446.jpg HTTP/1.0" 200 269 "http://www.wonder-geek.com/" "Mozilla/5.0 (Macintosh; Intel Mac OS X 10_14_6) AppleWebKit/605.1.15 (KHTML, like Gecko) Version/14.0.1 Safari/605.1.15"
206.172.197.40 - - [26/Dec/2020:17:09:48 +0100] "GET /images/mini_prod/1328399270507.jpg HTTP/1.0" 200 269 "http://www.wonder-geek.com/" "Mozilla/5.0 (Macintosh; Intel Mac OS X 10_14_6) AppleWebKit/605.1.15 (KHTML, like Gecko) Version/14.0.1 Safari/605.1.15"
206.172.197.40 - - [26/Dec/2020:17:09:48 +0100] "GET /images/mini_prod/3700344890745.jpg HTTP/1.0" 200 269 "http://www.wonder-geek.com/" "Mozilla/5.0 (Macintosh; Intel Mac OS X 10_14_6) AppleWebKit/605.1.15 (KHTML, like Gecko) Version/14.0.1 Safari/605.1.15"
206.172.197.40 - - [26/Dec/2020:17:09:48 +0100] "GET /images/mini_prod/8718375751381.jpg HTTP/1.0" 200 269 "http://www.wonder-geek.com/" "Mozilla/5.0 (Macintosh; Intel Mac OS X 10_14_6) AppleWebKit/605.1.15 (KHTML, like Gecko) Version/14.0.1 Safari/605.1.15"
206.172.197.40 - - [26/Dec/2020:17:09:48 +0100] "GET /images/mini_prod/3665269092233.jpg HTTP/1.0" 200 269 "http://www.wonder-geek.com/" "Mozilla/5.0 (Macintosh; Intel Mac OS X 10_14_6) AppleWebKit/605.1.15 (KHTML, like Gecko) Version/14.0.1 Safari/605.1.15"
206.172.197.40 - - [26/Dec/2020:17:09:48 +0100] "GET /images/mini_prod/3700281642940.jpg HTTP/1.0" 200 269 "http://www.wonder-geek.com/" "Mozilla/5.0 (Macintosh; Intel Mac OS X 10_14_6) AppleWebKit/605.1.15 (KHTML, like Gecko) Version/14.0.1 Safari/605.1.15"
206.172.197.40 - - [26/Dec/2020:17:09:48 +0100] "GET /images/mini_prod/3700344890714.jpg HTTP/1.0" 200 269 "http://www.wonder-geek.com/" "Mozilla/5.0 (Macintosh; Intel Mac OS X 10_14_6) AppleWebKit/605.1.15 (KHTML, like Gecko) Version/14.0.1 Safari/605.1.15"
206.172.197.40 - - [26/Dec/2020:17:09:48 +0100] "GET /images/mini_prod/8718375751268.jpg HTTP/1.0" 200 269 "http://www.wonder-geek.com/" "Mozilla/5.0 (Macintosh; Intel Mac OS X 10_14_6) AppleWebKit/605.1.15 (KHTML, like Gecko) Version/14.0.1 Safari/605.1.15"
206.172.197.40 - - [26/Dec/2020:17:09:48 +0100] "GET /images/mini_prod/1328399270477D.jpg HTTP/1.0" 200 270 "http://www.wonder-geek.com/" "Mozilla/5.0 (Macintosh; Intel Mac OS X 10_14_6) AppleWebKit/605.1.15 (KHTML, like Gecko) Version/14.0.1 Safari/605.1.15"
206.172.197.40 - - [26/Dec/2020:17:09:48 +0100] "GET /images/mini_prod/045544444750.jpg HTTP/1.0" 200 268 "http://www.wonder-geek.com/" "Mozilla/5.0 (Macintosh; Intel Mac OS X 10_14_6) AppleWebKit/605.1.15 (KHTML, like Gecko) Version/14.0.1 Safari/605.1.15"
206.172.197.40 - - [26/Dec/2020:17:09:48 +0100] "GET /images/mini_prod/8422010206777.jpg HTTP/1.0" 200 269 "http://www.wonder-geek.com/" "Mozilla/5.0 (Macintosh; Intel Mac OS X 10_14_6) AppleWebKit/605.1.15 (KHTML, like Gecko) Version/14.0.1 Safari/605.1.15"
206.172.197.40 - - [26/Dec/2020:17:09:48 +0100] "GET /images/mini_prod/8422810064089.jpg HTTP/1.0" 200 269 "http://www.wonder-geek.com/" "Mozilla/5.0 (Macintosh; Intel Mac OS X 10_14_6) AppleWebKit/605.1.15 (KHTML, like Gecko) Version/14.0.1 Safari/605.1.15"
206.172.197.40 - - [26/Dec/2020:17:09:48 +0100] "GET /images/mini_prod/3700344876640.jpg HTTP/1.0" 200 269 "http://www.wonder-geek.com/" "Mozilla/5.0 (Macintosh; Intel Mac OS X 10_14_6) AppleWebKit/605.1.15 (KHTML, like Gecko) Version/14.0.1 Safari/605.1.15"
206.172.197.40 - - [26/Dec/2020:17:09:48 +0100] "GET /images/mini_prod/3700344871768.jpg HTTP/1.0" 200 269 "http://www.wonder-geek.com/" "Mozilla/5.0 (Macintosh; Intel Mac OS X 10_14_6) AppleWebKit/605.1.15 (KHTML, like Gecko) Version/14.0.1 Safari/605.1.15"
206.172.197.40 - - [26/Dec/2020:17:09:48 +0100] "GET /images/mini_prod/8422014433100.jpg HTTP/1.0" 200 269 "http://www.wonder-geek.com/" "Mozilla/5.0 (Macintosh; Intel Mac OS X 10_14_6) AppleWebKit/605.1.15 (KHTML, like Gecko) Version/14.0.1 Safari/605.1.15"
206.172.197.40 - - [26/Dec/2020:17:09:48 +0100] "GET /images/mini_prod/3574642576676.jpg HTTP/1.0" 200 269 "http://www.wonder-geek.com/" "Mozilla/5.0 (Macintosh; Intel Mac OS X 10_14_6) AppleWebKit/605.1.15 (KHTML, like Gecko) Version/14.0.1 Safari/605.1.15"
206.172.197.40 - - [26/Dec/2020:17:09:48 +0100] "GET /images/mini_prod/3384256585083.jpg HTTP/1.0" 200 269 "http://www.wonder-geek.com/" "Mozilla/5.0 (Macintosh; Intel Mac OS X 10_14_6) AppleWebKit/605.1.15 (KHTML, like Gecko) Version/14.0.1 Safari/605.1.15"
206.172.197.40 - - [26/Dec/2020:17:09:48 +0100] "GET /images/mini_prod/8422021418312.jpg HTTP/1.0" 200 269 "http://www.wonder-geek.com/" "Mozilla/5.0 (Macintosh; Intel Mac OS X 10_14_6) AppleWebKit/605.1.15 (KHTML, like Gecko) Version/14.0.1 Safari/605.1.15"
206.172.197.40 - - [26/Dec/2020:17:09:48 +0100] "GET /images/mini_prod/1345544936675.jpg HTTP/1.0" 200 269 "http://www.wonder-geek.com/" "Mozilla/5.0 (Macintosh; Intel Mac OS X 10_14_6) AppleWebKit/605.1.15 (KHTML, like Gecko) Version/14.0.1 Safari/605.1.15"
206.172.197.40 - - [26/Dec/2020:17:09:48 +0100] "GET /images/mini_prod/3700344871799.jpg HTTP/1.0" 200 269 "http://www.wonder-geek.com/" "Mozilla/5.0 (Macintosh; Intel Mac OS X 10_14_6) AppleWebKit/605.1.15 (KHTML, like Gecko) Version/14.0.1 Safari/605.1.15"
206.172.197.40 - - [26/Dec/2020:17:09:48 +0100] "GET /images/mini_prod/1328399270484.jpg HTTP/1.0" 200 269 "http://www.wonder-geek.com/" "Mozilla/5.0 (Macintosh; Intel Mac OS X 10_14_6) AppleWebKit/605.1.15 (KHTML, like Gecko) Version/14.0.1 Safari/605.1.15"
206.172.197.40 - - [26/Dec/2020:17:09:48 +0100] "GET /images/mini_prod/8718375754344.jpg HTTP/1.0" 200 269 "http://www.wonder-geek.com/" "Mozilla/5.0 (Macintosh; Intel Mac OS X 10_14_6) AppleWebKit/605.1.15 (KHTML, like Gecko) Version/14.0.1 Safari/605.1.15"
206.172.197.40 - - [26/Dec/2020:17:09:48 +0100] "GET /images/mini_prod/3453131150644a.jpg HTTP/1.0" 200 270 "http://www.wonder-geek.com/" "Mozilla/5.0 (Macintosh; Intel Mac OS X 10_14_6) AppleWebKit/605.1.15 (KHTML, like Gecko) Version/14.0.1 Safari/605.1.15"
206.172.197.40 - - [26/Dec/2020:17:09:48 +0100] "GET /images/mini_prod/3700344871652.jpg HTTP/1.0" 200 269 "http://www.wonder-geek.com/" "Mozilla/5.0 (Macintosh; Intel Mac OS X 10_14_6) AppleWebKit/605.1.15 (KHTML, like Gecko) Version/14.0.1 Safari/605.1.15"
206.172.197.40 - - [26/Dec/2020:17:09:48 +0100] "GET /images/mini_prod/8720088294208.jpg HTTP/1.0" 200 269 "http://www.wonder-geek.com/" "Mozilla/5.0 (Macintosh; Intel Mac OS X 10_14_6) AppleWebKit/605.1.15 (KHTML, like Gecko) Version/14.0.1 Safari/605.1.15"
206.172.197.40 - - [26/Dec/2020:17:09:48 +0100] "GET /images/mini_prod/5415203950031.jpg HTTP/1.0" 200 269 "http://www.wonder-geek.com/" "Mozilla/5.0 (Macintosh; Intel Mac OS X 10_14_6) AppleWebKit/605.1.15 (KHTML, like Gecko) Version/14.0.1 Safari/605.1.15"
157.55.39.186 - - [26/Dec/2020:17:10:04 +0100] "GET /swfobject.js HTTP/1.0" 404 1308 "-" "Mozilla/5.0 (compatible; bingbot/2.0; +http://www.bing.com/bingbot.htm)"
54.36.148.87 - - [26/Dec/2020:17:10:29 +0100] "GET /ottomans-and-storage-ottomans-c-13_209.html HTTP/1.0" 200 89708 "-" "Mozilla/5.0 (compatible; AhrefsBot/7.0; +http://ahrefs.com/robot/)"
54.37.23.179 - - [26/Dec/2020:17:10:42 +0100] "GET /images/big_prod_3/028399270200c.jpg HTTP/1.0" 200 270 "-" "-"
54.37.23.179 - - [26/Dec/2020:17:11:22 +0100] "GET /images/big_prod_1/028399270200a.jpg HTTP/1.0" 200 270 "-" "-"
114.119.132.105 - - [26/Dec/2020:17:11:40 +0100] "GET /images/1345544700771.jpg HTTP/1.0" 200 259 "-" "Mozilla/5.0 (Linux; Android 7.0;) AppleWebKit/537.36 (KHTML, like Gecko) Mobile Safari/537.36 (compatible; PetalBot;+https://aspiegel.com/petalbot)"
54.37.23.179 - - [26/Dec/2020:17:11:43 +0100] "GET /images/big_prod_2/028399270200b.jpg HTTP/1.0" 200 270 "-" "-"
51.68.224.127 - - [26/Dec/2020:17:12:40 +0100] "GET /adminweb/export_orders_xml.php?token=256de2z6edz6ed2z6DFSFsed2zed6zeDSFDSGdzedezfzf&maxorders=10&orderstart=1&status=14&start_date=2018-10-01 HTTP/1.0" 200 285 "-" "GesCom CharlotteBoutik Serveur"
51.68.224.127 - - [26/Dec/2020:17:12:40 +0100] "GET /adminweb/export_orders_xml.php?token=256de2z6edz6ed2z6DFSFsed2zed6zeDSFDSGdzedezfzf&maxorders=10&orderstart=1&status=6&start_date=2018-10-01 HTTP/1.0" 200 30026 "-" "GesCom CharlotteBoutik Serveur"
13.66.139.136 - - [26/Dec/2020:17:12:52 +0100] "GET /-p-19434.html HTTP/1.0" 200 69192 "-" "Mozilla/5.0 (compatible; bingbot/2.0; +http://www.bing.com/bingbot.htm)"
