13.66.139.136 - - [26/Dec/2020:21:37:50 +0100] "GET /world-map-metal-clock-43-cm-p-47947.html HTTP/1.0" 200 71889 "-" "Mozilla/5.0 (compatible; bingbot/2.0; +http://www.bing.com/bingbot.htm)"
13.66.139.136 - - [26/Dec/2020:21:37:51 +0100] "GET /olaf-disney-trolley-bag-p-30351.html HTTP/1.0" 200 72131 "-" "Mozilla/5.0 (compatible; bingbot/2.0; +http://www.bing.com/bingbot.htm)"
13.66.139.136 - - [26/Dec/2020:21:37:52 +0100] "GET /peace-and-love-white-women-tee-shirt-p-30999.html HTTP/1.0" 200 73936 "-" "Mozilla/5.0 (compatible; bingbot/2.0; +http://www.bing.com/bingbot.htm)"
13.66.139.136 - - [26/Dec/2020:21:37:53 +0100] "GET /frozen-disney-white-pencil-pot-p-37025.html HTTP/1.0" 200 71942 "-" "Mozilla/5.0 (compatible; bingbot/2.0; +http://www.bing.com/bingbot.htm)"
13.66.139.136 - - [26/Dec/2020:21:37:54 +0100] "GET /mug-with-infuser-for-tea-camargue-p-47851.html HTTP/1.0" 200 71937 "-" "Mozilla/5.0 (compatible; bingbot/2.0; +http://www.bing.com/bingbot.htm)"
13.66.139.136 - - [26/Dec/2020:21:37:55 +0100] "GET /support-metal-bottle-the-guitarist-p-41012.html HTTP/1.0" 200 72003 "-" "Mozilla/5.0 (compatible; bingbot/2.0; +http://www.bing.com/bingbot.htm)"
13.66.139.136 - - [26/Dec/2020:21:37:56 +0100] "GET /my-little-poney-post-p-18102.html HTTP/1.0" 200 71825 "-" "Mozilla/5.0 (compatible; bingbot/2.0; +http://www.bing.com/bingbot.htm)"
13.66.139.136 - - [26/Dec/2020:21:37:57 +0100] "GET /un-petit-coin-de-paradis-wall-sticker-p-39310.html HTTP/1.0" 200 71976 "-" "Mozilla/5.0 (compatible; bingbot/2.0; +http://www.bing.com/bingbot.htm)"
13.66.139.136 - - [26/Dec/2020:21:37:58 +0100] "GET /candytuft-flower-fairies-teapot-p-40075.html HTTP/1.0" 200 73570 "-" "Mozilla/5.0 (compatible; bingbot/2.0; +http://www.bing.com/bingbot.htm)"
13.66.139.136 - - [26/Dec/2020:21:37:59 +0100] "GET /fitted-sheet-red-p-27502.html HTTP/1.0" 200 71742 "-" "Mozilla/5.0 (compatible; bingbot/2.0; +http://www.bing.com/bingbot.htm)"
13.66.139.136 - - [26/Dec/2020:21:38:01 +0100] "GET /lagoona-blue-monster-high-mug-p-17500.html HTTP/1.0" 200 71977 "-" "Mozilla/5.0 (compatible; bingbot/2.0; +http://www.bing.com/bingbot.htm)"
13.66.139.76 - - [26/Dec/2020:21:38:07 +0100] "GET /pencil-case-c-31_75.html?page=7 HTTP/1.0" 200 93404 "-" "Mozilla/5.0 (compatible; bingbot/2.0; +http://www.bing.com/bingbot.htm)"
13.66.139.76 - - [26/Dec/2020:21:38:08 +0100] "GET /crayola-set-of-24-markers-washable-p-16592.html HTTP/1.0" 200 69353 "-" "Mozilla/5.0 (compatible; bingbot/2.0; +http://www.bing.com/bingbot.htm)"
13.66.139.76 - - [26/Dec/2020:21:38:09 +0100] "GET /zen-buddha-frame-with-metal-under-50-50-cm-p-37555.html HTTP/1.0" 200 69399 "-" "Mozilla/5.0 (compatible; bingbot/2.0; +http://www.bing.com/bingbot.htm)"
13.66.139.76 - - [26/Dec/2020:21:38:09 +0100] "GET /-p-7367.html HTTP/1.0" 200 69190 "-" "Mozilla/5.0 (compatible; bingbot/2.0; +http://www.bing.com/bingbot.htm)"
13.66.139.76 - - [26/Dec/2020:21:38:10 +0100] "GET /white-hen-figurine-decorative-small-model-p-34549.html HTTP/1.0" 200 69350 "-" "Mozilla/5.0 (compatible; bingbot/2.0; +http://www.bing.com/bingbot.htm)"
13.66.139.76 - - [26/Dec/2020:21:38:11 +0100] "GET /captain-hook-figure-p-2870.html HTTP/1.0" 200 69276 "-" "Mozilla/5.0 (compatible; bingbot/2.0; +http://www.bing.com/bingbot.htm)"
13.66.139.76 - - [26/Dec/2020:21:38:11 +0100] "GET /talking-cookie-jar-pig-grunting-p-38835.html HTTP/1.0" 200 69344 "-" "Mozilla/5.0 (compatible; bingbot/2.0; +http://www.bing.com/bingbot.htm)"
13.66.139.76 - - [26/Dec/2020:21:38:12 +0100] "GET /-p-19368.html HTTP/1.0" 200 69192 "-" "Mozilla/5.0 (compatible; bingbot/2.0; +http://www.bing.com/bingbot.htm)"
13.66.139.76 - - [26/Dec/2020:21:38:13 +0100] "GET /aurora-small-flexible-molds-p-28215.html HTTP/1.0" 200 72051 "-" "Mozilla/5.0 (compatible; bingbot/2.0; +http://www.bing.com/bingbot.htm)"
13.66.139.76 - - [26/Dec/2020:21:38:14 +0100] "GET /hello-kitty-by-victoria-casal-couture-white-watch-p-20140.html HTTP/1.0" 200 71998 "-" "Mozilla/5.0 (compatible; bingbot/2.0; +http://www.bing.com/bingbot.htm)"
13.66.139.76 - - [26/Dec/2020:21:38:15 +0100] "GET /buddha-canvas-frame-20-20-cm-p-33994.html HTTP/1.0" 200 71956 "-" "Mozilla/5.0 (compatible; bingbot/2.0; +http://www.bing.com/bingbot.htm)"
13.66.139.76 - - [26/Dec/2020:21:38:16 +0100] "GET /beatles-cover-smartphone-p-8883.html HTTP/1.0" 200 72129 "-" "Mozilla/5.0 (compatible; bingbot/2.0; +http://www.bing.com/bingbot.htm)"
13.66.139.76 - - [26/Dec/2020:21:38:17 +0100] "GET /boho-buffalo-head-plaid-130-170-cm-p-42909.html HTTP/1.0" 200 71951 "-" "Mozilla/5.0 (compatible; bingbot/2.0; +http://www.bing.com/bingbot.htm)"
13.66.139.76 - - [26/Dec/2020:21:38:18 +0100] "GET /provencal-boutis-240-260-cm-with-pillowcases-color-green-p-48533.html HTTP/1.0" 200 72216 "-" "Mozilla/5.0 (compatible; bingbot/2.0; +http://www.bing.com/bingbot.htm)"
13.66.139.76 - - [26/Dec/2020:21:38:19 +0100] "GET /selenite-pyramid-cm-p-46313.html HTTP/1.0" 200 71884 "-" "Mozilla/5.0 (compatible; bingbot/2.0; +http://www.bing.com/bingbot.htm)"
13.66.139.76 - - [26/Dec/2020:21:38:19 +0100] "GET /goodbye-kitty-david-et-goliath-shoulderbag-p-5257.html HTTP/1.0" 200 72288 "-" "Mozilla/5.0 (compatible; bingbot/2.0; +http://www.bing.com/bingbot.htm)"
13.66.139.76 - - [26/Dec/2020:21:38:20 +0100] "GET /medecine-du-travail-steel-sign-30-20-cm-p-47537.html HTTP/1.0" 200 71995 "-" "Mozilla/5.0 (compatible; bingbot/2.0; +http://www.bing.com/bingbot.htm)"
13.66.139.76 - - [26/Dec/2020:21:38:21 +0100] "GET /dubout-cats-thermometer-p-40026.html HTTP/1.0" 200 71882 "-" "Mozilla/5.0 (compatible; bingbot/2.0; +http://www.bing.com/bingbot.htm)"
13.66.139.76 - - [26/Dec/2020:21:38:22 +0100] "GET /dubout-cats-soap-box-10-65-28-cm-p-40103.html HTTP/1.0" 200 72172 "-" "Mozilla/5.0 (compatible; bingbot/2.0; +http://www.bing.com/bingbot.htm)"
13.66.139.76 - - [26/Dec/2020:21:38:23 +0100] "GET /bob-marley-rectangular-mirror-p-48297.html HTTP/1.0" 200 71861 "-" "Mozilla/5.0 (compatible; bingbot/2.0; +http://www.bing.com/bingbot.htm)"
13.66.139.76 - - [26/Dec/2020:21:38:27 +0100] "GET /russian-dolls-rectangulary-cushion-by-cbkreation-p-18690.html HTTP/1.0" 200 72375 "-" "Mozilla/5.0 (compatible; bingbot/2.0; +http://www.bing.com/bingbot.htm)"
13.66.139.136 - - [26/Dec/2020:21:38:35 +0100] "GET /-p-13281.html HTTP/1.0" 200 69192 "-" "Mozilla/5.0 (compatible; bingbot/2.0; +http://www.bing.com/bingbot.htm)"
13.66.139.136 - - [26/Dec/2020:21:38:35 +0100] "GET /sentiment-tea-towel-kitchen-towel-70-35-cm-p-43621.html HTTP/1.0" 200 72639 "-" "Mozilla/5.0 (compatible; bingbot/2.0; +http://www.bing.com/bingbot.htm)"
13.66.139.76 - - [26/Dec/2020:21:38:58 +0100] "GET /-p-18805.html HTTP/1.0" 200 69192 "-" "Mozilla/5.0 (compatible; bingbot/2.0; +http://www.bing.com/bingbot.htm)"
54.36.149.53 - - [26/Dec/2020:21:39:05 +0100] "GET /suitcaselittle-suitcase-trolley-c-31_79.html HTTP/1.0" 200 76819 "-" "Mozilla/5.0 (compatible; AhrefsBot/7.0; +http://ahrefs.com/robot/)"
207.46.13.51 - - [26/Dec/2020:21:40:13 +0100] "GET /yogi-yogini-yogamat-blue-p-48662.html HTTP/1.0" 200 72463 "-" "Mozilla/5.0 (compatible; bingbot/2.0; +http://www.bing.com/bingbot.htm)"
13.66.139.41 - - [26/Dec/2020:21:40:31 +0100] "GET /-p-14870.html HTTP/1.0" 200 69192 "-" "Mozilla/5.0 (compatible; bingbot/2.0; +http://www.bing.com/bingbot.htm)"
13.66.139.41 - - [26/Dec/2020:21:40:32 +0100] "GET /-p-21505.html HTTP/1.0" 200 69192 "-" "Mozilla/5.0 (compatible; bingbot/2.0; +http://www.bing.com/bingbot.htm)"
13.66.139.41 - - [26/Dec/2020:21:40:33 +0100] "GET /transformers-wheeljack-figure-to-build-p-21603.html HTTP/1.0" 200 69376 "-" "Mozilla/5.0 (compatible; bingbot/2.0; +http://www.bing.com/bingbot.htm)"
114.119.144.233 - - [26/Dec/2020:21:40:34 +0100] "GET /images/mini_prod/3438100304334NN.jpg HTTP/1.0" 200 271 "-" "Mozilla/5.0 (Linux; Android 7.0;) AppleWebKit/537.36 (KHTML, like Gecko) Mobile Safari/537.36 (compatible; PetalBot;+https://aspiegel.com/petalbot)"
13.66.139.41 - - [26/Dec/2020:21:40:34 +0100] "GET /-p-20219.html HTTP/1.0" 200 69192 "-" "Mozilla/5.0 (compatible; bingbot/2.0; +http://www.bing.com/bingbot.htm)"
13.66.139.41 - - [26/Dec/2020:21:40:35 +0100] "GET /tales-of-avalon-fairy-figurine-mystical-friendship-lisa-parker-p-35401.html HTTP/1.0" 200 69499 "-" "Mozilla/5.0 (compatible; bingbot/2.0; +http://www.bing.com/bingbot.htm)"
13.66.139.41 - - [26/Dec/2020:21:40:36 +0100] "GET /-p-20689.html HTTP/1.0" 200 69192 "-" "Mozilla/5.0 (compatible; bingbot/2.0; +http://www.bing.com/bingbot.htm)"
13.66.139.41 - - [26/Dec/2020:21:40:37 +0100] "GET /salt-and-pepper-pot-au-bistrot-p-47919.html HTTP/1.0" 200 71901 "-" "Mozilla/5.0 (compatible; bingbot/2.0; +http://www.bing.com/bingbot.htm)"
13.66.139.41 - - [26/Dec/2020:21:40:37 +0100] "GET /paris-tree-decoration-hanging-p-31811.html HTTP/1.0" 200 71920 "-" "Mozilla/5.0 (compatible; bingbot/2.0; +http://www.bing.com/bingbot.htm)"
13.66.139.41 - - [26/Dec/2020:21:40:38 +0100] "GET /mug-with-infuser-for-tea-tiger-blue-p-47845.html HTTP/1.0" 200 71922 "-" "Mozilla/5.0 (compatible; bingbot/2.0; +http://www.bing.com/bingbot.htm)"
13.66.139.41 - - [26/Dec/2020:21:40:39 +0100] "GET /yin-et-yang-clock-by-cbkreation-p-24708.html HTTP/1.0" 200 72004 "-" "Mozilla/5.0 (compatible; bingbot/2.0; +http://www.bing.com/bingbot.htm)"
13.66.139.41 - - [26/Dec/2020:21:40:40 +0100] "GET /mickey-mouse-figure-collection-by-britto-p-34382.html HTTP/1.0" 200 72690 "-" "Mozilla/5.0 (compatible; bingbot/2.0; +http://www.bing.com/bingbot.htm)"
13.66.139.41 - - [26/Dec/2020:21:40:41 +0100] "GET /cars-backpack-p-10777.html HTTP/1.0" 200 71976 "-" "Mozilla/5.0 (compatible; bingbot/2.0; +http://www.bing.com/bingbot.htm)"
13.66.139.41 - - [26/Dec/2020:21:40:42 +0100] "GET /sophie-the-giraffe-night-light-stars-projector-musical-p-36927.html HTTP/1.0" 200 72868 "-" "Mozilla/5.0 (compatible; bingbot/2.0; +http://www.bing.com/bingbot.htm)"
13.66.139.41 - - [26/Dec/2020:21:40:43 +0100] "GET /decorative-wooden-plate-mojito-gogo-green-p-47832.html HTTP/1.0" 200 72270 "-" "Mozilla/5.0 (compatible; bingbot/2.0; +http://www.bing.com/bingbot.htm)"
13.66.139.41 - - [26/Dec/2020:21:40:44 +0100] "GET /boho-canvas-frame-34-23-cm-buffalo-head-p-39213.html HTTP/1.0" 200 72057 "-" "Mozilla/5.0 (compatible; bingbot/2.0; +http://www.bing.com/bingbot.htm)"
13.66.139.41 - - [26/Dec/2020:21:40:45 +0100] "GET /batman-polar-blanket-p-31997.html HTTP/1.0" 200 71998 "-" "Mozilla/5.0 (compatible; bingbot/2.0; +http://www.bing.com/bingbot.htm)"
13.66.139.41 - - [26/Dec/2020:21:40:46 +0100] "GET /japan-clock-by-cbkreation-p-24686.html HTTP/1.0" 200 71950 "-" "Mozilla/5.0 (compatible; bingbot/2.0; +http://www.bing.com/bingbot.htm)"
13.66.139.41 - - [26/Dec/2020:21:40:47 +0100] "GET /pascal-figure-p-15665.html HTTP/1.0" 200 69248 "-" "Mozilla/5.0 (compatible; bingbot/2.0; +http://www.bing.com/bingbot.htm)"
13.66.139.41 - - [26/Dec/2020:21:40:48 +0100] "GET /tweety-figure-p-3622.html HTTP/1.0" 200 69246 "-" "Mozilla/5.0 (compatible; bingbot/2.0; +http://www.bing.com/bingbot.htm)"
13.66.139.41 - - [26/Dec/2020:21:40:49 +0100] "GET /-p-31121.html HTTP/1.0" 200 69192 "-" "Mozilla/5.0 (compatible; bingbot/2.0; +http://www.bing.com/bingbot.htm)"
13.66.139.41 - - [26/Dec/2020:21:40:50 +0100] "GET /mani-the-lucky-cat-white-green-collar-hearts-11-cm-p-33259.html HTTP/1.0" 200 69445 "-" "Mozilla/5.0 (compatible; bingbot/2.0; +http://www.bing.com/bingbot.htm)"
13.66.139.41 - - [26/Dec/2020:21:40:50 +0100] "GET /-p-22194.html HTTP/1.0" 200 69192 "-" "Mozilla/5.0 (compatible; bingbot/2.0; +http://www.bing.com/bingbot.htm)"
13.66.139.41 - - [26/Dec/2020:21:40:51 +0100] "GET /-p-19827.html HTTP/1.0" 200 69192 "-" "Mozilla/5.0 (compatible; bingbot/2.0; +http://www.bing.com/bingbot.htm)"
13.66.139.41 - - [26/Dec/2020:21:40:52 +0100] "GET /-p-22682.html HTTP/1.0" 200 69192 "-" "Mozilla/5.0 (compatible; bingbot/2.0; +http://www.bing.com/bingbot.htm)"
13.66.139.41 - - [26/Dec/2020:21:40:53 +0100] "GET /-p-23153.html HTTP/1.0" 200 69192 "-" "Mozilla/5.0 (compatible; bingbot/2.0; +http://www.bing.com/bingbot.htm)"
13.66.139.41 - - [26/Dec/2020:21:40:54 +0100] "GET /-p-19006.html HTTP/1.0" 200 69192 "-" "Mozilla/5.0 (compatible; bingbot/2.0; +http://www.bing.com/bingbot.htm)"
157.55.39.186 - - [26/Dec/2020:21:40:56 +0100] "GET /swfobject.js HTTP/1.0" 404 1308 "-" "Mozilla/5.0 (compatible; bingbot/2.0; +http://www.bing.com/bingbot.htm)"
13.66.139.136 - - [26/Dec/2020:21:41:07 +0100] "GET /long-sleeves-shirts-c-1_21.html HTTP/1.0" 200 77468 "-" "Mozilla/5.0 (compatible; bingbot/2.0; +http://www.bing.com/bingbot.htm)"
13.66.139.136 - - [26/Dec/2020:21:41:07 +0100] "GET /ladybird-gorjuss-mug-p-38194.html HTTP/1.0" 200 69283 "-" "Mozilla/5.0 (compatible; bingbot/2.0; +http://www.bing.com/bingbot.htm)"
13.66.139.136 - - [26/Dec/2020:21:41:08 +0100] "GET /-p-30920.html HTTP/1.0" 200 69192 "-" "Mozilla/5.0 (compatible; bingbot/2.0; +http://www.bing.com/bingbot.htm)"
13.66.139.136 - - [26/Dec/2020:21:41:10 +0100] "GET /-p-25054.html HTTP/1.0" 200 69192 "-" "Mozilla/5.0 (compatible; bingbot/2.0; +http://www.bing.com/bingbot.htm)"
13.66.139.136 - - [26/Dec/2020:21:41:10 +0100] "GET /avengers-large-backpack-with-wheels-p-30769.html HTTP/1.0" 200 69322 "-" "Mozilla/5.0 (compatible; bingbot/2.0; +http://www.bing.com/bingbot.htm)"
13.66.139.136 - - [26/Dec/2020:21:41:11 +0100] "GET /-p-17974.html HTTP/1.0" 200 69192 "-" "Mozilla/5.0 (compatible; bingbot/2.0; +http://www.bing.com/bingbot.htm)"
13.66.139.136 - - [26/Dec/2020:21:41:12 +0100] "GET /cats-by-dubout-figurine-happy-days-p-33344.html HTTP/1.0" 200 69322 "-" "Mozilla/5.0 (compatible; bingbot/2.0; +http://www.bing.com/bingbot.htm)"
13.66.139.136 - - [26/Dec/2020:21:41:13 +0100] "GET /james-dean-rebel-metal-plate-p-8163.html HTTP/1.0" 200 69321 "-" "Mozilla/5.0 (compatible; bingbot/2.0; +http://www.bing.com/bingbot.htm)"
13.66.139.136 - - [26/Dec/2020:21:41:14 +0100] "GET /mug-with-infuser-for-tea-britanny-p-47846.html HTTP/1.0" 200 71937 "-" "Mozilla/5.0 (compatible; bingbot/2.0; +http://www.bing.com/bingbot.htm)"
13.66.139.136 - - [26/Dec/2020:21:41:15 +0100] "GET /angry-birds-stationery-set-p-23164.html HTTP/1.0" 200 72100 "-" "Mozilla/5.0 (compatible; bingbot/2.0; +http://www.bing.com/bingbot.htm)"
13.66.139.136 - - [26/Dec/2020:21:41:16 +0100] "GET /quote-cutting-board-p-51900.html HTTP/1.0" 200 71812 "-" "Mozilla/5.0 (compatible; bingbot/2.0; +http://www.bing.com/bingbot.htm)"
13.66.139.136 - - [26/Dec/2020:21:41:17 +0100] "GET /tinted-candle-in-the-mass-ocher-color-p-48916.html HTTP/1.0" 200 71939 "-" "Mozilla/5.0 (compatible; bingbot/2.0; +http://www.bing.com/bingbot.htm)"
13.66.139.136 - - [26/Dec/2020:21:41:18 +0100] "GET /small-postcard-plate-with-envelope-15-105-cm-p-40130.html HTTP/1.0" 200 72093 "-" "Mozilla/5.0 (compatible; bingbot/2.0; +http://www.bing.com/bingbot.htm)"
13.66.139.136 - - [26/Dec/2020:21:41:19 +0100] "GET /urss-clock-by-cbkreation-p-24369.html HTTP/1.0" 200 71949 "-" "Mozilla/5.0 (compatible; bingbot/2.0; +http://www.bing.com/bingbot.htm)"
13.66.139.136 - - [26/Dec/2020:21:41:19 +0100] "GET /unicorn-plush-parma-and-white-11-cm-p-47654.html HTTP/1.0" 200 71995 "-" "Mozilla/5.0 (compatible; bingbot/2.0; +http://www.bing.com/bingbot.htm)"
13.66.139.136 - - [26/Dec/2020:21:41:20 +0100] "GET /owl-saltshaker-and-pepper-pot-p-37862.html HTTP/1.0" 200 71914 "-" "Mozilla/5.0 (compatible; bingbot/2.0; +http://www.bing.com/bingbot.htm)"
13.66.139.136 - - [26/Dec/2020:21:41:21 +0100] "GET /mirror-love-kittens-p-21301.html HTTP/1.0" 200 71741 "-" "Mozilla/5.0 (compatible; bingbot/2.0; +http://www.bing.com/bingbot.htm)"
13.66.139.136 - - [26/Dec/2020:21:41:22 +0100] "GET /motorcycle-decorative-metal-plate-25-20-cm-p-47948.html HTTP/1.0" 200 71956 "-" "Mozilla/5.0 (compatible; bingbot/2.0; +http://www.bing.com/bingbot.htm)"
13.66.139.136 - - [26/Dec/2020:21:41:24 +0100] "GET /zodiac-high-ceramic-mug-p-30785.html HTTP/1.0" 200 71796 "-" "Mozilla/5.0 (compatible; bingbot/2.0; +http://www.bing.com/bingbot.htm)"
207.46.13.158 - - [26/Dec/2020:21:41:31 +0100] "GET /decorative-vase-silver-p-52429.html HTTP/1.0" 200 72837 "-" "Mozilla/5.0 (compatible; bingbot/2.0; +http://www.bing.com/bingbot.htm)"
13.66.139.76 - - [26/Dec/2020:21:41:45 +0100] "GET /batman-adult-full-latex-mask-for-halloween-costume-p-30976.html HTTP/1.0" 200 69433 "-" "Mozilla/5.0 (compatible; bingbot/2.0; +http://www.bing.com/bingbot.htm)"
13.66.139.76 - - [26/Dec/2020:21:41:46 +0100] "GET /mr-happy-vintage-shirt-p-29607.html HTTP/1.0" 200 73013 "-" "Mozilla/5.0 (compatible; bingbot/2.0; +http://www.bing.com/bingbot.htm)"
13.66.139.76 - - [26/Dec/2020:21:41:47 +0100] "GET /-p-22837.html HTTP/1.0" 200 69192 "-" "Mozilla/5.0 (compatible; bingbot/2.0; +http://www.bing.com/bingbot.htm)"
13.66.139.76 - - [26/Dec/2020:21:41:48 +0100] "GET /-p-35281.html HTTP/1.0" 200 69192 "-" "Mozilla/5.0 (compatible; bingbot/2.0; +http://www.bing.com/bingbot.htm)"
13.66.139.76 - - [26/Dec/2020:21:41:49 +0100] "GET /-p-41573.html HTTP/1.0" 200 69192 "-" "Mozilla/5.0 (compatible; bingbot/2.0; +http://www.bing.com/bingbot.htm)"
13.66.139.76 - - [26/Dec/2020:21:41:50 +0100] "GET /-p-28572.html HTTP/1.0" 200 69192 "-" "Mozilla/5.0 (compatible; bingbot/2.0; +http://www.bing.com/bingbot.htm)"
13.66.139.76 - - [26/Dec/2020:21:41:51 +0100] "GET /hello-kitty-large-backpack-p-23250.html HTTP/1.0" 200 69286 "-" "Mozilla/5.0 (compatible; bingbot/2.0; +http://www.bing.com/bingbot.htm)"
13.66.139.76 - - [26/Dec/2020:21:41:52 +0100] "GET /-p-26978.html HTTP/1.0" 200 69192 "-" "Mozilla/5.0 (compatible; bingbot/2.0; +http://www.bing.com/bingbot.htm)"
13.66.139.76 - - [26/Dec/2020:21:41:52 +0100] "GET /snow-white-queen-figure-p-3603.html HTTP/1.0" 200 69299 "-" "Mozilla/5.0 (compatible; bingbot/2.0; +http://www.bing.com/bingbot.htm)"
13.66.139.76 - - [26/Dec/2020:21:41:53 +0100] "GET /minnie-mouse-heart-analog-watch-with-flashlight-p-14694.html HTTP/1.0" 200 69418 "-" "Mozilla/5.0 (compatible; bingbot/2.0; +http://www.bing.com/bingbot.htm)"
13.66.139.76 - - [26/Dec/2020:21:41:54 +0100] "GET /mobile-phone-cigarette-case-p-19073.html HTTP/1.0" 200 69318 "-" "Mozilla/5.0 (compatible; bingbot/2.0; +http://www.bing.com/bingbot.htm)"
13.66.139.76 - - [26/Dec/2020:21:41:55 +0100] "GET /moon-messenger-bag-and-backpack-p-38311.html HTTP/1.0" 200 69306 "-" "Mozilla/5.0 (compatible; bingbot/2.0; +http://www.bing.com/bingbot.htm)"
13.66.139.76 - - [26/Dec/2020:21:41:56 +0100] "GET /-p-18316.html HTTP/1.0" 200 69192 "-" "Mozilla/5.0 (compatible; bingbot/2.0; +http://www.bing.com/bingbot.htm)"
13.66.139.76 - - [26/Dec/2020:21:41:57 +0100] "GET /wooden-rack-nostalgic-art-delivered-empty-p-38447.html HTTP/1.0" 200 72291 "-" "Mozilla/5.0 (compatible; bingbot/2.0; +http://www.bing.com/bingbot.htm)"
13.66.139.76 - - [26/Dec/2020:21:41:58 +0100] "GET /corsica-red-tee-shirt-p-35444.html HTTP/1.0" 200 73736 "-" "Mozilla/5.0 (compatible; bingbot/2.0; +http://www.bing.com/bingbot.htm)"
13.66.139.76 - - [26/Dec/2020:21:41:59 +0100] "GET /playboy-black-zippo-lighter-p-32563.html HTTP/1.0" 200 72365 "-" "Mozilla/5.0 (compatible; bingbot/2.0; +http://www.bing.com/bingbot.htm)"
13.66.139.76 - - [26/Dec/2020:21:42:00 +0100] "GET /pink-flamingos-placemat-p-43015.html HTTP/1.0" 200 71811 "-" "Mozilla/5.0 (compatible; bingbot/2.0; +http://www.bing.com/bingbot.htm)"
13.66.139.76 - - [26/Dec/2020:21:42:01 +0100] "GET /devil-white-woman-tee-shirt-p-30744.html HTTP/1.0" 200 73861 "-" "Mozilla/5.0 (compatible; bingbot/2.0; +http://www.bing.com/bingbot.htm)"
13.66.139.76 - - [26/Dec/2020:21:42:01 +0100] "GET /boho-dream-catches-pink-plaid-130-170-cm-p-42907.html HTTP/1.0" 200 71999 "-" "Mozilla/5.0 (compatible; bingbot/2.0; +http://www.bing.com/bingbot.htm)"
13.66.139.76 - - [26/Dec/2020:21:42:02 +0100] "GET /peace-clock-by-cbkreation-p-24375.html HTTP/1.0" 200 71956 "-" "Mozilla/5.0 (compatible; bingbot/2.0; +http://www.bing.com/bingbot.htm)"
13.66.139.76 - - [26/Dec/2020:21:42:03 +0100] "GET /love-and-peace-pink-shirt-p-30150.html HTTP/1.0" 200 73579 "-" "Mozilla/5.0 (compatible; bingbot/2.0; +http://www.bing.com/bingbot.htm)"
13.66.139.76 - - [26/Dec/2020:21:42:04 +0100] "GET /calimero-mousepad-p-10929.html HTTP/1.0" 200 71796 "-" "Mozilla/5.0 (compatible; bingbot/2.0; +http://www.bing.com/bingbot.htm)"
13.66.139.76 - - [26/Dec/2020:21:42:05 +0100] "GET /the-little-prince-tote-bag-p-51202.html HTTP/1.0" 200 71909 "-" "Mozilla/5.0 (compatible; bingbot/2.0; +http://www.bing.com/bingbot.htm)"
13.66.139.76 - - [26/Dec/2020:21:42:06 +0100] "GET /glass-votive-candles-holder-mirror-10-cm-p-42179.html HTTP/1.0" 200 72746 "-" "Mozilla/5.0 (compatible; bingbot/2.0; +http://www.bing.com/bingbot.htm)"
13.66.139.76 - - [26/Dec/2020:21:42:38 +0100] "GET /cement-tile-stickers-15-15-cm-beige-p-45004.html HTTP/1.0" 200 72198 "-" "Mozilla/5.0 (compatible; bingbot/2.0; +http://www.bing.com/bingbot.htm)"
157.55.39.214 - - [26/Dec/2020:21:42:46 +0100] "GET /mondial_relay/js/jquery-1.3.2.min.js HTTP/1.0" 200 276 "-" "Mozilla/5.0 (compatible; bingbot/2.0; +http://www.bing.com/bingbot.htm)"
54.36.148.186 - - [26/Dec/2020:21:42:51 +0100] "GET /elmer-musical-box-p-16472.html HTTP/1.0" 200 71985 "-" "Mozilla/5.0 (compatible; AhrefsBot/7.0; +http://ahrefs.com/robot/)"
157.55.39.186 - - [26/Dec/2020:21:42:51 +0100] "GET /swfobject.js HTTP/1.0" 404 1308 "-" "Mozilla/5.0 (compatible; bingbot/2.0; +http://www.bing.com/bingbot.htm)"
13.66.139.136 - - [26/Dec/2020:21:43:00 +0100] "GET /-p-15225.html HTTP/1.0" 200 69192 "-" "Mozilla/5.0 (compatible; bingbot/2.0; +http://www.bing.com/bingbot.htm)"
13.66.139.41 - - [26/Dec/2020:21:43:12 +0100] "GET /nodding-dog-car-toys-p-53221.html HTTP/1.0" 200 71912 "-" "Mozilla/5.0 (compatible; bingbot/2.0; +http://www.bing.com/bingbot.htm)"
13.66.139.41 - - [26/Dec/2020:21:43:12 +0100] "GET /-p-23197.html HTTP/1.0" 200 69192 "-" "Mozilla/5.0 (compatible; bingbot/2.0; +http://www.bing.com/bingbot.htm)"
13.66.139.41 - - [26/Dec/2020:21:43:13 +0100] "GET /-p-17335.html HTTP/1.0" 200 69192 "-" "Mozilla/5.0 (compatible; bingbot/2.0; +http://www.bing.com/bingbot.htm)"
13.66.139.41 - - [26/Dec/2020:21:43:14 +0100] "GET /-p-17655.html HTTP/1.0" 200 69192 "-" "Mozilla/5.0 (compatible; bingbot/2.0; +http://www.bing.com/bingbot.htm)"
13.66.139.41 - - [26/Dec/2020:21:43:15 +0100] "GET /disney-universe-suitcase-p-17270.html HTTP/1.0" 200 69303 "-" "Mozilla/5.0 (compatible; bingbot/2.0; +http://www.bing.com/bingbot.htm)"
13.66.139.41 - - [26/Dec/2020:21:43:32 +0100] "GET /-p-15633.html HTTP/1.0" 200 69192 "-" "Mozilla/5.0 (compatible; bingbot/2.0; +http://www.bing.com/bingbot.htm)"
13.66.139.41 - - [26/Dec/2020:21:43:33 +0100] "GET /zen-garden-shells-wall-sticker-p-36399.html HTTP/1.0" 200 72002 "-" "Mozilla/5.0 (compatible; bingbot/2.0; +http://www.bing.com/bingbot.htm)"
13.66.139.41 - - [26/Dec/2020:21:43:34 +0100] "GET /usa-kitchen-towel-p-38789.html HTTP/1.0" 200 71780 "-" "Mozilla/5.0 (compatible; bingbot/2.0; +http://www.bing.com/bingbot.htm)"
13.66.139.41 - - [26/Dec/2020:21:43:35 +0100] "GET /golden-round-mirror-455-cm-p-48537.html HTTP/1.0" 200 71916 "-" "Mozilla/5.0 (compatible; bingbot/2.0; +http://www.bing.com/bingbot.htm)"
13.66.139.41 - - [26/Dec/2020:21:43:36 +0100] "GET /pvc-table-protector-under-round-tablecloth-diameter-140-cm-p-48560.html HTTP/1.0" 200 72238 "-" "Mozilla/5.0 (compatible; bingbot/2.0; +http://www.bing.com/bingbot.htm)"
13.66.139.136 - - [26/Dec/2020:21:44:20 +0100] "GET /-p-15669.html HTTP/1.0" 200 69192 "-" "Mozilla/5.0 (compatible; bingbot/2.0; +http://www.bing.com/bingbot.htm)"
114.119.130.202 - - [26/Dec/2020:21:44:57 +0100] "GET /pegasus-mini-figurine-p-45992.html HTTP/1.0" 200 73039 "-" "Mozilla/5.0 (Linux; Android 7.0;) AppleWebKit/537.36 (KHTML, like Gecko) Mobile Safari/537.36 (compatible; PetalBot;+https://aspiegel.com/petalbot)"
157.55.39.94 - - [26/Dec/2020:21:45:13 +0100] "GET /js/jquery.js HTTP/1.0" 200 252 "-" "Mozilla/5.0 (compatible; bingbot/2.0; +http://www.bing.com/bingbot.htm)"
13.66.139.136 - - [26/Dec/2020:21:45:41 +0100] "GET /sentiment-tea-towel-kitchen-towel-70-35-cm-p-43620.html HTTP/1.0" 200 72639 "-" "Mozilla/5.0 (compatible; bingbot/2.0; +http://www.bing.com/bingbot.htm)"
54.36.149.42 - - [26/Dec/2020:21:46:22 +0100] "GET /st-christopher-zippo-lighter-p-53269.html HTTP/1.0" 200 73669 "-" "Mozilla/5.0 (compatible; AhrefsBot/7.0; +http://ahrefs.com/robot/)"
13.66.139.41 - - [26/Dec/2020:21:46:56 +0100] "GET /-p-24008.html HTTP/1.0" 200 69192 "-" "Mozilla/5.0 (compatible; bingbot/2.0; +http://www.bing.com/bingbot.htm)"
13.66.139.41 - - [26/Dec/2020:21:46:57 +0100] "GET /-p-33410.html HTTP/1.0" 200 69192 "-" "Mozilla/5.0 (compatible; bingbot/2.0; +http://www.bing.com/bingbot.htm)"
13.66.139.41 - - [26/Dec/2020:21:46:58 +0100] "GET /led-nightlight-yellow-kevin-despicable-me-p-33706.html HTTP/1.0" 200 72188 "-" "Mozilla/5.0 (compatible; bingbot/2.0; +http://www.bing.com/bingbot.htm)"
13.66.139.41 - - [26/Dec/2020:21:46:59 +0100] "GET /mickey-mouse-folding-chair-p-20554.html HTTP/1.0" 200 71592 "-" "Mozilla/5.0 (compatible; bingbot/2.0; +http://www.bing.com/bingbot.htm)"
13.66.139.41 - - [26/Dec/2020:21:47:00 +0100] "GET /provence-kitchen-towels-45-60-cm-p-44528.html HTTP/1.0" 200 71909 "-" "Mozilla/5.0 (compatible; bingbot/2.0; +http://www.bing.com/bingbot.htm)"
13.66.139.41 - - [26/Dec/2020:21:47:23 +0100] "GET /-p-22682.html HTTP/1.0" 200 69192 "-" "Mozilla/5.0 (compatible; bingbot/2.0; +http://www.bing.com/bingbot.htm)"
13.66.139.41 - - [26/Dec/2020:21:47:23 +0100] "GET /tigrou-birthday-card-with-envelope-p-25260.html HTTP/1.0" 200 71884 "-" "Mozilla/5.0 (compatible; bingbot/2.0; +http://www.bing.com/bingbot.htm)"
13.66.139.41 - - [26/Dec/2020:21:47:24 +0100] "GET /reparation-express-steel-sign-30-20-cm-p-47538.html HTTP/1.0" 200 71990 "-" "Mozilla/5.0 (compatible; bingbot/2.0; +http://www.bing.com/bingbot.htm)"
13.66.139.41 - - [26/Dec/2020:21:47:25 +0100] "GET /glass-cutting-board-by-cbkreation-p-51321.html HTTP/1.0" 200 71912 "-" "Mozilla/5.0 (compatible; bingbot/2.0; +http://www.bing.com/bingbot.htm)"
13.66.139.41 - - [26/Dec/2020:21:47:26 +0100] "GET /rolling-stones-white-zippo-lighter-p-32568.html HTTP/1.0" 200 74356 "-" "Mozilla/5.0 (compatible; bingbot/2.0; +http://www.bing.com/bingbot.htm)"
157.55.39.186 - - [26/Dec/2020:21:47:27 +0100] "GET /swfobject.js HTTP/1.0" 404 1308 "-" "Mozilla/5.0 (compatible; bingbot/2.0; +http://www.bing.com/bingbot.htm)"
13.66.139.136 - - [26/Dec/2020:21:47:32 +0100] "GET /-p-23225.html HTTP/1.0" 200 69192 "-" "Mozilla/5.0 (compatible; bingbot/2.0; +http://www.bing.com/bingbot.htm)"
51.68.224.127 - - [26/Dec/2020:21:48:34 +0100] "GET /adminweb/export_orders_xml.php?token=256de2z6edz6ed2z6DFSFsed2zed6zeDSFDSGdzedezfzf&maxorders=10&orderstart=1&status=14&start_date=2018-10-01 HTTP/1.0" 200 285 "-" "GesCom CharlotteBoutik Serveur"
51.68.224.127 - - [26/Dec/2020:21:48:34 +0100] "GET /adminweb/export_orders_xml.php?token=256de2z6edz6ed2z6DFSFsed2zed6zeDSFDSGdzedezfzf&maxorders=10&orderstart=1&status=6&start_date=2018-10-01 HTTP/1.0" 200 30026 "-" "GesCom CharlotteBoutik Serveur"
13.66.139.76 - - [26/Dec/2020:21:48:42 +0100] "GET /-p-12746.html HTTP/1.0" 200 69192 "-" "Mozilla/5.0 (compatible; bingbot/2.0; +http://www.bing.com/bingbot.htm)"
114.119.144.233 - - [26/Dec/2020:21:49:18 +0100] "GET /images/big_prod/4250255858987.jpg HTTP/1.0" 200 268 "-" "Mozilla/5.0 (Linux; Android 7.0;) AppleWebKit/537.36 (KHTML, like Gecko) Mobile Safari/537.36 (compatible; PetalBot;+https://aspiegel.com/petalbot)"
54.36.148.87 - - [26/Dec/2020:21:49:48 +0100] "GET /small-boxes-and-pill-c-13_150_154.html?page=3 HTTP/1.0" 200 83881 "-" "Mozilla/5.0 (compatible; AhrefsBot/7.0; +http://ahrefs.com/robot/)"
157.55.39.214 - - [26/Dec/2020:21:50:28 +0100] "GET /mondial_relay/js/jquery-1.3.2.min.js HTTP/1.0" 200 276 "-" "Mozilla/5.0 (compatible; bingbot/2.0; +http://www.bing.com/bingbot.htm)"
157.55.39.186 - - [26/Dec/2020:21:50:32 +0100] "GET /swfobject.js HTTP/1.0" 404 1308 "-" "Mozilla/5.0 (compatible; bingbot/2.0; +http://www.bing.com/bingbot.htm)"
13.66.139.41 - - [26/Dec/2020:21:50:53 +0100] "GET /little-buddha-retractable-ballpoint-pen-blue-p-43063.html HTTP/1.0" 200 69348 "-" "Mozilla/5.0 (compatible; bingbot/2.0; +http://www.bing.com/bingbot.htm)"
13.66.139.41 - - [26/Dec/2020:21:50:54 +0100] "GET /minions-cushion-p-31201.html HTTP/1.0" 200 71902 "-" "Mozilla/5.0 (compatible; bingbot/2.0; +http://www.bing.com/bingbot.htm)"
13.66.139.41 - - [26/Dec/2020:21:50:55 +0100] "GET /retro-case-for-cigarettes-pack-p-39550.html HTTP/1.0" 200 71891 "-" "Mozilla/5.0 (compatible; bingbot/2.0; +http://www.bing.com/bingbot.htm)"
13.66.139.76 - - [26/Dec/2020:21:51:16 +0100] "GET /-p-4141.html HTTP/1.0" 200 69190 "-" "Mozilla/5.0 (compatible; bingbot/2.0; +http://www.bing.com/bingbot.htm)"
13.66.139.76 - - [26/Dec/2020:21:51:17 +0100] "GET /fitted-sheet-160-200-cm-color-light-grey-p-38883.html HTTP/1.0" 200 71992 "-" "Mozilla/5.0 (compatible; bingbot/2.0; +http://www.bing.com/bingbot.htm)"
157.55.39.186 - - [26/Dec/2020:21:52:34 +0100] "GET /swfobject.js HTTP/1.0" 404 1308 "-" "Mozilla/5.0 (compatible; bingbot/2.0; +http://www.bing.com/bingbot.htm)"
157.55.39.186 - - [26/Dec/2020:21:52:53 +0100] "GET /swfobject.js HTTP/1.0" 404 1308 "-" "Mozilla/5.0 (compatible; bingbot/2.0; +http://www.bing.com/bingbot.htm)"
157.55.39.94 - - [26/Dec/2020:21:52:57 +0100] "GET /highslide/graphics/zoomout.cur HTTP/1.0" 200 614 "-" "Mozilla/5.0 (compatible; bingbot/2.0; +http://www.bing.com/bingbot.htm)"
157.55.39.94 - - [26/Dec/2020:21:52:57 +0100] "GET /js/jquery.js HTTP/1.0" 200 252 "-" "Mozilla/5.0 (compatible; bingbot/2.0; +http://www.bing.com/bingbot.htm)"
207.46.13.158 - - [26/Dec/2020:21:53:06 +0100] "GET /images/big_prod/3503420088483.jpg HTTP/1.0" 200 268 "-" "Mozilla/5.0 (Windows NT 6.1; WOW64) AppleWebKit/534+ (KHTML, like Gecko) BingPreview/1.0b"
54.36.148.209 - - [26/Dec/2020:21:53:23 +0100] "GET /deco-squirrel-statue-20-cm-p-45406.html HTTP/1.0" 200 71900 "-" "Mozilla/5.0 (compatible; AhrefsBot/7.0; +http://ahrefs.com/robot/)"
114.119.154.200 - - [26/Dec/2020:21:53:39 +0100] "GET /images/mini_prod/8422017215710.jpg HTTP/1.0" 200 269 "-" "Mozilla/5.0 (Linux; Android 7.0;) AppleWebKit/537.36 (KHTML, like Gecko) Mobile Safari/537.36 (compatible; PetalBot;+https://aspiegel.com/petalbot)"
13.66.139.41 - - [26/Dec/2020:21:54:33 +0100] "GET /-p-20606.html HTTP/1.0" 200 69192 "-" "Mozilla/5.0 (compatible; bingbot/2.0; +http://www.bing.com/bingbot.htm)"
157.55.39.186 - - [26/Dec/2020:21:54:43 +0100] "GET /swfobject.js HTTP/1.0" 404 1308 "-" "Mozilla/5.0 (compatible; bingbot/2.0; +http://www.bing.com/bingbot.htm)"
157.55.39.94 - - [26/Dec/2020:21:54:52 +0100] "GET /betty-boop-pot-toothbrush-p-16569.html HTTP/1.0" 200 72425 "-" "Mozilla/5.0 (compatible; bingbot/2.0; +http://www.bing.com/bingbot.htm)"
13.66.139.76 - - [26/Dec/2020:21:55:02 +0100] "GET /poster-from-jacquelin-corsica-50-70-cm-p-40158.html HTTP/1.0" 200 71977 "-" "Mozilla/5.0 (compatible; bingbot/2.0; +http://www.bing.com/bingbot.htm)"
54.36.148.87 - - [26/Dec/2020:21:57:01 +0100] "GET /pooh-mini-character-by-romero-britto-p-13946.html HTTP/1.0" 200 72041 "-" "Mozilla/5.0 (compatible; AhrefsBot/7.0; +http://ahrefs.com/robot/)"
13.66.139.76 - - [26/Dec/2020:21:57:22 +0100] "GET /notebook-a6-new-york-yankees-gray-p-37641.html HTTP/1.0" 200 72010 "-" "Mozilla/5.0 (compatible; bingbot/2.0; +http://www.bing.com/bingbot.htm)"
77.75.79.95 - - [26/Dec/2020:21:57:32 +0100] "GET /robots.txt HTTP/1.0" 200 245 "-" "Mozilla/5.0 (compatible; SeznamBot/3.2; +http://napoveda.seznam.cz/en/seznambot-intro/)"
77.75.79.95 - - [26/Dec/2020:21:57:32 +0100] "GET /images/mini_prod/5018997752913.jpg HTTP/1.0" 200 269 "-" "Mozilla/5.0 (compatible; SeznamBot/3.2; +http://napoveda.seznam.cz/en/seznambot-intro/)"
157.55.39.186 - - [26/Dec/2020:21:57:34 +0100] "GET /swfobject.js HTTP/1.0" 404 1308 "-" "Mozilla/5.0 (compatible; bingbot/2.0; +http://www.bing.com/bingbot.htm)"
114.119.151.113 - - [26/Dec/2020:21:58:00 +0100] "GET /london-dream-metal-plate-45-15-cm-p-27584.html HTTP/1.0" 200 71930 "-" "Mozilla/5.0 (Linux; Android 7.0;) AppleWebKit/537.36 (KHTML, like Gecko) Mobile Safari/537.36 (compatible; PetalBot;+https://aspiegel.com/petalbot)"
13.66.139.136 - - [26/Dec/2020:21:58:20 +0100] "GET /-p-13174.html HTTP/1.0" 200 69192 "-" "Mozilla/5.0 (compatible; bingbot/2.0; +http://www.bing.com/bingbot.htm)"
5.34.180.192 - - [26/Dec/2020:21:59:03 +0100] "GET /snowman-solar-powered-dancing-p-34143.html]Test HTTP/1.0" 301 609 "https://credit.co.ua/ru/" "Mozilla/4.0 (compatible; MSIE 6.0; Windows NT 5.1; en) Opera 9.0"
5.34.180.192 - - [26/Dec/2020:21:59:03 +0100] "GET /snowman-solar-powered-dancing-p-34143.html]Test HTTP/1.0" 301 609 "https://credit.co.ua/ru/" "Mozilla/4.0 (compatible; MSIE 6.0; Windows NT 5.1; en) Opera 9.0"
5.34.180.192 - - [26/Dec/2020:21:59:03 +0100] "GET /snowman-solar-powered-dancing-p-34143.html]Test HTTP/1.0" 301 609 "https://credit.co.ua/ru/" "Mozilla/4.0 (compatible; MSIE 6.0; Windows NT 5.1; en) Opera 9.0"
54.36.149.59 - - [26/Dec/2020:22:00:31 +0100] "GET /ashtrays-c-13_240.html?page=6 HTTP/1.0" 200 90544 "-" "Mozilla/5.0 (compatible; AhrefsBot/7.0; +http://ahrefs.com/robot/)"
13.66.139.136 - - [26/Dec/2020:22:00:51 +0100] "GET /mug-with-tea-infuser-c-12_221.html HTTP/1.0" 200 89770 "-" "Mozilla/5.0 (compatible; bingbot/2.0; +http://www.bing.com/bingbot.htm)"
177.81.29.179 - - [26/Dec/2020:22:01:48 +0100] "GET /contact_us.php HTTP/1.0" 200 26241 "http://www.wonder-geek.com/contact_us.php" "Mozilla/5.0 (Windows NT 10.0; Win64; x64) AppleWebKit/537.36 (KHTML, like Gecko) Chrome/83.0.4086.0 Safari/537.36"
177.81.29.179 - - [26/Dec/2020:22:02:05 +0100] "POST /contact_us.php?action=send HTTP/1.0" 200 26486 "http://www.wonder-geek.com/contact_us.php" "Mozilla/5.0 (Windows NT 10.0; Win64; x64) AppleWebKit/537.36 (KHTML, like Gecko) Chrome/83.0.4086.0 Safari/537.36"
13.66.139.136 - - [26/Dec/2020:22:02:13 +0100] "GET /-p-17874.html HTTP/1.0" 200 69192 "-" "Mozilla/5.0 (compatible; bingbot/2.0; +http://www.bing.com/bingbot.htm)"
13.66.139.136 - - [26/Dec/2020:22:02:13 +0100] "GET /little-miss-sunshine-large-coin-purse-p-3365.html HTTP/1.0" 200 71929 "-" "Mozilla/5.0 (compatible; bingbot/2.0; +http://www.bing.com/bingbot.htm)"
114.119.158.196 - - [26/Dec/2020:22:02:21 +0100] "GET /pucca-shopping-bag-p-3306.html HTTP/1.0" 200 69252 "-" "Mozilla/5.0 (Linux; Android 7.0;) AppleWebKit/537.36 (KHTML, like Gecko) Mobile Safari/537.36 (compatible; PetalBot;+https://aspiegel.com/petalbot)"
157.55.39.94 - - [26/Dec/2020:22:02:24 +0100] "GET /hanging-wooden-wall-decoration-19-19-cm-casa-corsa-p-47064.html HTTP/1.0" 200 72085 "-" "Mozilla/5.0 (compatible; bingbot/2.0; +http://www.bing.com/bingbot.htm)"
157.55.39.214 - - [26/Dec/2020:22:02:29 +0100] "GET /mondial_relay/js/jquery-1.3.2.min.js HTTP/1.0" 200 276 "-" "Mozilla/5.0 (compatible; bingbot/2.0; +http://www.bing.com/bingbot.htm)"
13.66.139.41 - - [26/Dec/2020:22:02:54 +0100] "GET /tour-eiffel-deco-thermometer-p-17023.html HTTP/1.0" 200 73616 "-" "Mozilla/5.0 (compatible; bingbot/2.0; +http://www.bing.com/bingbot.htm)"
218.89.222.187 - - [26/Dec/2020:22:03:03 +0100] "GET / HTTP/1.0" 200 150072 "-" "lwp-request/6.03 libwww-perl/6.03"
220.181.51.120 - - [26/Dec/2020:22:03:46 +0100] "GET /images/mini_prod/3700344871720.jpg HTTP/1.0" 200 269 "-" "Mozilla/5.0 (Macintosh; Intel Mac OS X 10_14_4) AppleWebKit/537.36 (KHTML, like Gecko) Chrome/73.0.3683.103 Safari/537.36"
151.0.173.145 - - [26/Dec/2020:22:03:59 +0100] "GET /contact_us.php HTTP/1.0" 200 26241 "http://www.wonder-geek.com/contact_us.php" "Mozilla/5.0 (Windows NT 10.0; Win64; x64) AppleWebKit/537.36 (KHTML, like Gecko) Chrome/83.0.4086.0 Safari/537.36"
151.0.173.145 - - [26/Dec/2020:22:04:00 +0100] "POST /contact_us.php?action=send HTTP/1.0" 200 26488 "http://www.wonder-geek.com/contact_us.php" "Mozilla/5.0 (Windows NT 10.0; Win64; x64) AppleWebKit/537.36 (KHTML, like Gecko) Chrome/83.0.4086.0 Safari/537.36"
54.36.148.30 - - [26/Dec/2020:22:04:01 +0100] "GET /frames-flags-and-decorative-paintings-c-13_148.html?page=3 HTTP/1.0" 200 94501 "-" "Mozilla/5.0 (compatible; AhrefsBot/7.0; +http://ahrefs.com/robot/)"
13.66.139.136 - - [26/Dec/2020:22:04:13 +0100] "GET /-p-2869.html HTTP/1.0" 200 69190 "-" "Mozilla/5.0 (compatible; bingbot/2.0; +http://www.bing.com/bingbot.htm)"
188.83.255.139 - - [26/Dec/2020:22:04:29 +0100] "GET /nici-love-pooh-memo-clip-p-23175.html HTTP/1.0" 200 71832 "http://www.google.com/" "Mozilla/5.0 (Linux; Android 10; SM-G965F) AppleWebKit/537.36 (KHTML, like Gecko) Chrome/87.0.4280.101 Mobile Safari/537.36"
188.83.255.139 - - [26/Dec/2020:22:04:29 +0100] "GET /templates/Pixame_v1/stylesheet.css HTTP/1.0" 200 267 "http://www.wonder-geek.com/nici-love-pooh-memo-clip-p-23175.html" "Mozilla/5.0 (Linux; Android 10; SM-G965F) AppleWebKit/537.36 (KHTML, like Gecko) Chrome/87.0.4280.101 Mobile Safari/537.36"
188.83.255.139 - - [26/Dec/2020:22:04:29 +0100] "GET /highslide/highslide.js HTTP/1.0" 200 262 "http://www.wonder-geek.com/nici-love-pooh-memo-clip-p-23175.html" "Mozilla/5.0 (Linux; Android 10; SM-G965F) AppleWebKit/537.36 (KHTML, like Gecko) Chrome/87.0.4280.101 Mobile Safari/537.36"
188.83.255.139 - - [26/Dec/2020:22:04:29 +0100] "GET /js/jquery.js HTTP/1.0" 200 252 "http://www.wonder-geek.com/nici-love-pooh-memo-clip-p-23175.html" "Mozilla/5.0 (Linux; Android 10; SM-G965F) AppleWebKit/537.36 (KHTML, like Gecko) Chrome/87.0.4280.101 Mobile Safari/537.36"
188.83.255.139 - - [26/Dec/2020:22:04:29 +0100] "GET /js/jquery.jqzoom.js HTTP/1.0" 200 259 "http://www.wonder-geek.com/nici-love-pooh-memo-clip-p-23175.html" "Mozilla/5.0 (Linux; Android 10; SM-G965F) AppleWebKit/537.36 (KHTML, like Gecko) Chrome/87.0.4280.101 Mobile Safari/537.36"
188.83.255.139 - - [26/Dec/2020:22:04:29 +0100] "GET /mondial_relay/js/jquery-1.3.2.min.js HTTP/1.0" 200 276 "http://www.wonder-geek.com/nici-love-pooh-memo-clip-p-23175.html" "Mozilla/5.0 (Linux; Android 10; SM-G965F) AppleWebKit/537.36 (KHTML, like Gecko) Chrome/87.0.4280.101 Mobile Safari/537.36"
188.83.255.139 - - [26/Dec/2020:22:04:30 +0100] "GET /swfobject.js HTTP/1.0" 404 1308 "http://www.wonder-geek.com/nici-love-pooh-memo-clip-p-23175.html" "Mozilla/5.0 (Linux; Android 10; SM-G965F) AppleWebKit/537.36 (KHTML, like Gecko) Chrome/87.0.4280.101 Mobile Safari/537.36"
188.83.255.139 - - [26/Dec/2020:22:04:30 +0100] "GET /templates/Pixame_v1/images/icon_accueil2.png HTTP/1.0" 200 278 "http://www.wonder-geek.com/nici-love-pooh-memo-clip-p-23175.html" "Mozilla/5.0 (Linux; Android 10; SM-G965F) AppleWebKit/537.36 (KHTML, like Gecko) Chrome/87.0.4280.101 Mobile Safari/537.36"
188.83.255.139 - - [26/Dec/2020:22:04:30 +0100] "GET /templates/Pixame_v1/images/infobox/pixel_trans.gif HTTP/1.0" 200 328 "http://www.wonder-geek.com/nici-love-pooh-memo-clip-p-23175.html" "Mozilla/5.0 (Linux; Android 10; SM-G965F) AppleWebKit/537.36 (KHTML, like Gecko) Chrome/87.0.4280.101 Mobile Safari/537.36"
188.83.255.139 - - [26/Dec/2020:22:04:30 +0100] "GET /templates/Pixame_v1/images/buttons/english/button_in_cart.gif HTTP/1.0" 200 295 "http://www.wonder-geek.com/nici-love-pooh-memo-clip-p-23175.html" "Mozilla/5.0 (Linux; Android 10; SM-G965F) AppleWebKit/537.36 (KHTML, like Gecko) Chrome/87.0.4280.101 Mobile Safari/537.36"
188.83.255.139 - - [26/Dec/2020:22:04:30 +0100] "GET /templates/Pixame_v1/images/pixel_trans.gif HTTP/1.0" 200 328 "http://www.wonder-geek.com/nici-love-pooh-memo-clip-p-23175.html" "Mozilla/5.0 (Linux; Android 10; SM-G965F) AppleWebKit/537.36 (KHTML, like Gecko) Chrome/87.0.4280.101 Mobile Safari/537.36"
188.83.255.139 - - [26/Dec/2020:22:04:30 +0100] "GET /images/pixel_trans.gif HTTP/1.0" 200 328 "http://www.wonder-geek.com/nici-love-pooh-memo-clip-p-23175.html" "Mozilla/5.0 (Linux; Android 10; SM-G965F) AppleWebKit/537.36 (KHTML, like Gecko) Chrome/87.0.4280.101 Mobile Safari/537.36"
188.83.255.139 - - [26/Dec/2020:22:04:30 +0100] "GET /images/4012390362756.jpg HTTP/1.0" 200 259 "http://www.wonder-geek.com/nici-love-pooh-memo-clip-p-23175.html" "Mozilla/5.0 (Linux; Android 10; SM-G965F) AppleWebKit/537.36 (KHTML, like Gecko) Chrome/87.0.4280.101 Mobile Safari/537.36"
188.83.255.139 - - [26/Dec/2020:22:04:30 +0100] "GET /templates/Pixame_v1/images/Bottom_texture.jpg HTTP/1.0" 200 280 "http://www.wonder-geek.com/templates/Pixame_v1/stylesheet.css" "Mozilla/5.0 (Linux; Android 10; SM-G965F) AppleWebKit/537.36 (KHTML, like Gecko) Chrome/87.0.4280.101 Mobile Safari/537.36"
188.83.255.139 - - [26/Dec/2020:22:04:30 +0100] "GET /templates/Pixame_v1/images/Middle_texture.jpg HTTP/1.0" 200 280 "http://www.wonder-geek.com/templates/Pixame_v1/stylesheet.css" "Mozilla/5.0 (Linux; Android 10; SM-G965F) AppleWebKit/537.36 (KHTML, like Gecko) Chrome/87.0.4280.101 Mobile Safari/537.36"
188.83.255.139 - - [26/Dec/2020:22:04:30 +0100] "GET /templates/Pixame_v1/images/nav.png HTTP/1.0" 200 268 "http://www.wonder-geek.com/templates/Pixame_v1/stylesheet.css" "Mozilla/5.0 (Linux; Android 10; SM-G965F) AppleWebKit/537.36 (KHTML, like Gecko) Chrome/87.0.4280.101 Mobile Safari/537.36"
188.83.255.139 - - [26/Dec/2020:22:04:30 +0100] "GET /templates/Pixame_v1/images/header.png HTTP/1.0" 200 271 "http://www.wonder-geek.com/templates/Pixame_v1/stylesheet.css" "Mozilla/5.0 (Linux; Android 10; SM-G965F) AppleWebKit/537.36 (KHTML, like Gecko) Chrome/87.0.4280.101 Mobile Safari/537.36"
188.83.255.139 - - [26/Dec/2020:22:04:30 +0100] "GET /templates/Pixame_v1/images/header-object.png HTTP/1.0" 200 278 "http://www.wonder-geek.com/templates/Pixame_v1/stylesheet.css" "Mozilla/5.0 (Linux; Android 10; SM-G965F) AppleWebKit/537.36 (KHTML, like Gecko) Chrome/87.0.4280.101 Mobile Safari/537.36"
188.83.255.139 - - [26/Dec/2020:22:04:30 +0100] "GET /design/productsenstock.png HTTP/1.0" 200 260 "http://www.wonder-geek.com/templates/Pixame_v1/stylesheet.css" "Mozilla/5.0 (Linux; Android 10; SM-G965F) AppleWebKit/537.36 (KHTML, like Gecko) Chrome/87.0.4280.101 Mobile Safari/537.36"
188.83.255.139 - - [26/Dec/2020:22:04:30 +0100] "GET /templates/Pixame_v1/images/infobox/infobox_footer_middle.gif HTTP/1.0" 200 357 "http://www.wonder-geek.com/" "Mozilla/5.0 (Linux; Android 10; SM-G965F) AppleWebKit/537.36 (KHTML, like Gecko) Chrome/87.0.4280.101 Mobile Safari/537.36"
188.83.255.139 - - [26/Dec/2020:22:04:30 +0100] "GET /highslide/graphics/zoomin.cur HTTP/1.0" 200 614 "http://www.wonder-geek.com/templates/Pixame_v1/stylesheet.css" "Mozilla/5.0 (Linux; Android 10; SM-G965F) AppleWebKit/537.36 (KHTML, like Gecko) Chrome/87.0.4280.101 Mobile Safari/537.36"
188.83.255.139 - - [26/Dec/2020:22:04:31 +0100] "GET /highslide/graphics/outlines/drop-shadow.png HTTP/1.0" 200 277 "http://www.wonder-geek.com/nici-love-pooh-memo-clip-p-23175.html" "Mozilla/5.0 (Linux; Android 10; SM-G965F) AppleWebKit/537.36 (KHTML, like Gecko) Chrome/87.0.4280.101 Mobile Safari/537.36"
188.83.255.139 - - [26/Dec/2020:22:04:31 +0100] "GET /highslide/graphics/zoomout.cur HTTP/1.0" 200 614 "http://www.wonder-geek.com/nici-love-pooh-memo-clip-p-23175.html" "Mozilla/5.0 (Linux; Android 10; SM-G965F) AppleWebKit/537.36 (KHTML, like Gecko) Chrome/87.0.4280.101 Mobile Safari/537.36"
188.83.255.139 - - [26/Dec/2020:22:04:31 +0100] "GET /highslide/graphics/loader.white.gif HTTP/1.0" 200 960 "http://www.wonder-geek.com/templates/Pixame_v1/stylesheet.css" "Mozilla/5.0 (Linux; Android 10; SM-G965F) AppleWebKit/537.36 (KHTML, like Gecko) Chrome/87.0.4280.101 Mobile Safari/537.36"
188.83.255.139 - - [26/Dec/2020:22:04:31 +0100] "GET /favicon.ico HTTP/1.0" 200 260 "http://www.wonder-geek.com/nici-love-pooh-memo-clip-p-23175.html" "Mozilla/5.0 (Linux; Android 10; SM-G965F) AppleWebKit/537.36 (KHTML, like Gecko) Chrome/87.0.4280.101 Mobile Safari/537.36"
51.68.224.127 - - [26/Dec/2020:22:04:32 +0100] "GET /adminweb/export_orders_xml.php?token=256de2z6edz6ed2z6DFSFsed2zed6zeDSFDSGdzedezfzf&maxorders=10&orderstart=1&status=14&start_date=2018-10-01 HTTP/1.0" 200 285 "-" "GesCom CharlotteBoutik Serveur"
51.68.224.127 - - [26/Dec/2020:22:04:32 +0100] "GET /adminweb/export_orders_xml.php?token=256de2z6edz6ed2z6DFSFsed2zed6zeDSFDSGdzedezfzf&maxorders=10&orderstart=1&status=6&start_date=2018-10-01 HTTP/1.0" 200 30026 "-" "GesCom CharlotteBoutik Serveur"
157.55.39.94 - - [26/Dec/2020:22:05:27 +0100] "GET /resin-skull-ashtray-p-52996.html HTTP/1.0" 200 71788 "-" "Mozilla/5.0 (compatible; bingbot/2.0; +http://www.bing.com/bingbot.htm)"
13.66.139.41 - - [26/Dec/2020:22:05:35 +0100] "GET /cat-hourglass-toothbrush-holder-p-28327.html HTTP/1.0" 200 69338 "-" "Mozilla/5.0 (compatible; bingbot/2.0; +http://www.bing.com/bingbot.htm)"
17.58.101.147 - - [26/Dec/2020:22:06:27 +0100] "GET /images/mini_prod/1384010208281NN.jpg HTTP/1.0" 200 271 "-" "Mozilla/5.0 (Macintosh; Intel Mac OS X 10_15_5) AppleWebKit/605.1.15 (KHTML, like Gecko) Version/13.1.1 Safari/605.1.15 (Applebot/0.1; +http://www.apple.com/go/applebot)"
13.66.139.136 - - [26/Dec/2020:22:06:35 +0100] "GET /glasses-case-c-31_164.html HTTP/1.0" 200 89538 "-" "Mozilla/5.0 (compatible; bingbot/2.0; +http://www.bing.com/bingbot.htm)"
114.119.154.200 - - [26/Dec/2020:22:06:37 +0100] "GET /images/mini_prod/8717202559404b.jpg HTTP/1.0" 200 270 "-" "Mozilla/5.0 (Linux; Android 7.0;) AppleWebKit/537.36 (KHTML, like Gecko) Mobile Safari/537.36 (compatible; PetalBot;+https://aspiegel.com/petalbot)"
54.36.148.87 - - [26/Dec/2020:22:07:27 +0100] "GET /moroccan-ashtray-p-53147.html HTTP/1.0" 200 71765 "-" "Mozilla/5.0 (compatible; AhrefsBot/7.0; +http://ahrefs.com/robot/)"
17.58.101.145 - - [26/Dec/2020:22:07:57 +0100] "GET /images/mini_prod/3014627557387.jpg HTTP/1.0" 200 269 "-" "Mozilla/5.0 (Macintosh; Intel Mac OS X 10_15_5) AppleWebKit/605.1.15 (KHTML, like Gecko) Version/13.1.1 Safari/605.1.15 (Applebot/0.1; +http://www.apple.com/go/applebot)"
13.66.139.41 - - [26/Dec/2020:22:09:05 +0100] "GET /-p-29212.html HTTP/1.0" 200 69192 "-" "Mozilla/5.0 (compatible; bingbot/2.0; +http://www.bing.com/bingbot.htm)"
157.55.39.186 - - [26/Dec/2020:22:09:10 +0100] "GET /mani-the-lucky-cat-cm-p-51803.html HTTP/1.0" 200 72116 "-" "Mozilla/5.0 (compatible; bingbot/2.0; +http://www.bing.com/bingbot.htm)"
207.46.13.13 - - [26/Dec/2020:22:09:14 +0100] "GET /js/jquery.jqzoom.js HTTP/1.0" 200 259 "-" "Mozilla/5.0 (compatible; bingbot/2.0; +http://www.bing.com/bingbot.htm)"
114.119.158.196 - - [26/Dec/2020:22:10:58 +0100] "GET /images/big_prod_1/4045233027406B.jpg HTTP/1.0" 200 271 "-" "Mozilla/5.0 (Linux; Android 7.0;) AppleWebKit/537.36 (KHTML, like Gecko) Mobile Safari/537.36 (compatible; PetalBot;+https://aspiegel.com/petalbot)"
54.36.148.51 - - [26/Dec/2020:22:11:00 +0100] "GET /decoration-african-woman-27-cm-p-50494.html HTTP/1.0" 200 71948 "-" "Mozilla/5.0 (compatible; AhrefsBot/7.0; +http://ahrefs.com/robot/)"
157.55.39.214 - - [26/Dec/2020:22:11:23 +0100] "GET /ben-10-towel-p-4579.html HTTP/1.0" 200 69228 "-" "Mozilla/5.0 (compatible; bingbot/2.0; +http://www.bing.com/bingbot.htm)"
13.66.139.76 - - [26/Dec/2020:22:11:27 +0100] "GET /zippo-genuine-flints-p-29791.html HTTP/1.0" 200 71949 "-" "Mozilla/5.0 (compatible; bingbot/2.0; +http://www.bing.com/bingbot.htm)"
157.55.39.186 - - [26/Dec/2020:22:12:56 +0100] "GET /swfobject.js HTTP/1.0" 404 1308 "-" "Mozilla/5.0 (compatible; bingbot/2.0; +http://www.bing.com/bingbot.htm)"
157.55.39.186 - - [26/Dec/2020:22:12:56 +0100] "GET /swfobject.js HTTP/1.0" 404 1308 "-" "Mozilla/5.0 (compatible; bingbot/2.0; +http://www.bing.com/bingbot.htm)"
157.55.39.186 - - [26/Dec/2020:22:12:56 +0100] "GET /swfobject.js HTTP/1.0" 404 1308 "-" "Mozilla/5.0 (compatible; bingbot/2.0; +http://www.bing.com/bingbot.htm)"
13.66.139.136 - - [26/Dec/2020:22:14:21 +0100] "GET /pink-fitted-sheet-160-200-cm-p-39048.html HTTP/1.0" 200 71864 "-" "Mozilla/5.0 (compatible; bingbot/2.0; +http://www.bing.com/bingbot.htm)"
54.36.148.87 - - [26/Dec/2020:22:14:34 +0100] "GET /boho-canvas-frame-30-90-cm-arrows-dreams-love-p-47307.html HTTP/1.0" 200 72041 "-" "Mozilla/5.0 (compatible; AhrefsBot/7.0; +http://ahrefs.com/robot/)"
114.119.158.196 - - [26/Dec/2020:22:15:19 +0100] "GET /images/med_prod/3520071363172.jpg HTTP/1.0" 200 268 "-" "Mozilla/5.0 (Linux; Android 7.0;) AppleWebKit/537.36 (KHTML, like Gecko) Mobile Safari/537.36 (compatible; PetalBot;+https://aspiegel.com/petalbot)"
157.55.39.94 - - [26/Dec/2020:22:15:45 +0100] "GET /-p-22698.html HTTP/1.0" 200 69192 "-" "Mozilla/5.0 (compatible; bingbot/2.0; +http://www.bing.com/bingbot.htm)"
17.58.101.145 - - [26/Dec/2020:22:16:08 +0100] "GET /images/mini_prod/8433914429018.jpg HTTP/1.0" 200 269 "-" "Mozilla/5.0 (Macintosh; Intel Mac OS X 10_15_5) AppleWebKit/605.1.15 (KHTML, like Gecko) Version/13.1.1 Safari/605.1.15 (Applebot/0.1; +http://www.apple.com/go/applebot)"
13.66.139.136 - - [26/Dec/2020:22:16:43 +0100] "GET /-p-18563.html HTTP/1.0" 200 69192 "-" "Mozilla/5.0 (compatible; bingbot/2.0; +http://www.bing.com/bingbot.htm)"
13.66.139.136 - - [26/Dec/2020:22:16:44 +0100] "GET /-p-22643.html HTTP/1.0" 200 69192 "-" "Mozilla/5.0 (compatible; bingbot/2.0; +http://www.bing.com/bingbot.htm)"
13.66.139.41 - - [26/Dec/2020:22:16:55 +0100] "GET /-p-3937.html HTTP/1.0" 200 69190 "-" "Mozilla/5.0 (compatible; bingbot/2.0; +http://www.bing.com/bingbot.htm)"
13.66.139.76 - - [26/Dec/2020:22:16:59 +0100] "GET /salt-box-made-of-ceramic-and-bamboo-p-50749.html HTTP/1.0" 200 72786 "-" "Mozilla/5.0 (compatible; bingbot/2.0; +http://www.bing.com/bingbot.htm)"
54.36.148.106 - - [26/Dec/2020:22:18:03 +0100] "GET /sorcerer-mickey-figure-collection-by-britto-p-47018.html HTTP/1.0" 200 73313 "-" "Mozilla/5.0 (compatible; AhrefsBot/7.0; +http://ahrefs.com/robot/)"
13.66.139.136 - - [26/Dec/2020:22:18:15 +0100] "GET /cats-and-flowers-teapot-with-metal-infuser-p-45613.html HTTP/1.0" 200 71957 "-" "Mozilla/5.0 (compatible; bingbot/2.0; +http://www.bing.com/bingbot.htm)"
13.66.139.76 - - [26/Dec/2020:22:18:51 +0100] "GET /pencil-case-c-31_75.html?page=6 HTTP/1.0" 200 93194 "-" "Mozilla/5.0 (compatible; bingbot/2.0; +http://www.bing.com/bingbot.htm)"
