5.188.211.10 - - [26/Dec/2020:18:59:34 +0100] "GET /tin-and-metal-signs-c-13_130.html HTTP/1.0" 200 93502 "-" "Mozilla/4.0 (compatible; MSIE 6.0; Windows NT 5.1; SV1)"
5.188.211.10 - - [26/Dec/2020:18:59:35 +0100] "GET /contact_us.php HTTP/1.0" 200 26241 "-" "Mozilla/4.0 (compatible; MSIE 6.0; Windows NT 5.1; SV1)"
5.188.211.10 - - [26/Dec/2020:18:59:35 +0100] "POST /contact_us.php?action=send HTTP/1.0" 200 26656 "http://www.wonder-geek.com/contact_us.php" "Mozilla/4.0 (compatible; MSIE 6.0; Windows NT 5.1; SV1)"
5.188.211.10 - - [26/Dec/2020:18:59:36 +0100] "POST /contact_us.php?action=send HTTP/1.0" 200 26656 "http://www.wonder-geek.com/" "Mozilla/4.0 (compatible; MSIE 6.0; Windows NT 5.1; SV1)"
5.188.211.10 - - [26/Dec/2020:18:59:36 +0100] "GET / HTTP/1.0" 200 150248 "-" "Mozilla/4.0 (compatible; MSIE 6.0; Windows NT 5.1; SV1)"
5.188.211.10 - - [26/Dec/2020:18:59:39 +0100] "GET /set-of-little-green-hearts-circle-coasters-by-cbkreation-p-17903.html HTTP/1.0" 200 72219 "-" "Mozilla/4.0 (compatible; MSIE 6.0; Windows NT 5.1; SV1)"
5.188.211.10 - - [26/Dec/2020:18:59:40 +0100] "GET /contact_us.php HTTP/1.0" 200 26241 "-" "Mozilla/4.0 (compatible; MSIE 6.0; Windows NT 5.1; SV1)"
5.188.211.10 - - [26/Dec/2020:18:59:40 +0100] "GET /create_account.php HTTP/1.0" 200 33633 "-" "Mozilla/4.0 (compatible; MSIE 6.0; Windows NT 5.1; SV1)"
5.188.211.10 - - [26/Dec/2020:18:59:41 +0100] "GET /checkout_shipping.php HTTP/1.0" 302 468 "-" "Mozilla/4.0 (compatible; MSIE 6.0; Windows NT 5.1; SV1)"
5.188.211.10 - - [26/Dec/2020:18:59:41 +0100] "GET /login.php HTTP/1.0" 200 17155 "-" "Mozilla/4.0 (compatible; MSIE 6.0; Windows NT 5.1; SV1)"
5.188.211.10 - - [26/Dec/2020:18:59:41 +0100] "GET /shopping_cart.php HTTP/1.0" 200 13298 "-" "Mozilla/4.0 (compatible; MSIE 6.0; Windows NT 5.1; SV1)"
5.188.211.10 - - [26/Dec/2020:18:59:42 +0100] "GET /login.php HTTP/1.0" 200 17155 "-" "Mozilla/4.0 (compatible; MSIE 6.0; Windows NT 5.1; SV1)"
5.188.211.10 - - [26/Dec/2020:18:59:43 +0100] "GET /specials.php HTTP/1.0" 200 130010 "-" "Mozilla/4.0 (compatible; MSIE 6.0; Windows NT 5.1; SV1)"
5.188.211.10 - - [26/Dec/2020:18:59:45 +0100] "GET /products_new.php HTTP/1.0" 200 91583 "-" "Mozilla/4.0 (compatible; MSIE 6.0; Windows NT 5.1; SV1)"
114.119.150.15 - - [26/Dec/2020:19:00:11 +0100] "GET /images/big_prod_1/8719497615025a.jpg HTTP/1.0" 200 271 "-" "Mozilla/5.0 (Linux; Android 7.0;) AppleWebKit/537.36 (KHTML, like Gecko) Mobile Safari/537.36 (compatible; PetalBot;+https://aspiegel.com/petalbot)"
13.66.139.41 - - [26/Dec/2020:19:00:26 +0100] "GET /-p-30141.html HTTP/1.0" 200 69192 "-" "Mozilla/5.0 (compatible; bingbot/2.0; +http://www.bing.com/bingbot.htm)"
54.36.148.87 - - [26/Dec/2020:19:00:59 +0100] "GET /frames-flags-and-decorative-paintings-c-13_148.html HTTP/1.0" 200 94331 "-" "Mozilla/5.0 (compatible; AhrefsBot/7.0; +http://ahrefs.com/robot/)"
157.55.39.186 - - [26/Dec/2020:19:01:19 +0100] "GET /swfobject.js HTTP/1.0" 404 1308 "-" "Mozilla/5.0 (compatible; bingbot/2.0; +http://www.bing.com/bingbot.htm)"
157.55.39.94 - - [26/Dec/2020:19:02:07 +0100] "GET /highslide/graphics/outlines/drop-shadow.png HTTP/1.0" 200 277 "-" "Mozilla/5.0 (compatible; bingbot/2.0; +http://www.bing.com/bingbot.htm)"
157.55.39.186 - - [26/Dec/2020:19:02:12 +0100] "GET /images/big_prod/3418178540148.jpg HTTP/1.0" 200 268 "-" "Mozilla/5.0 (compatible; bingbot/2.0; +http://www.bing.com/bingbot.htm)"
17.58.101.145 - - [26/Dec/2020:19:02:17 +0100] "GET /stationery-c-129_191.html HTTP/1.0" 200 89851 "-" "Mozilla/5.0 (Macintosh; Intel Mac OS X 10_15_5) AppleWebKit/605.1.15 (KHTML, like Gecko) Version/13.1.1 Safari/605.1.15 (Applebot/0.1; +http://www.apple.com/go/applebot)"
66.249.70.106 - - [26/Dec/2020:19:02:34 +0100] "GET /robots.txt HTTP/1.0" 301 531 "-" "Mozilla/5.0 (compatible; Googlebot/2.1; +http://www.google.com/bot.html)"
66.249.70.33 - - [26/Dec/2020:19:02:35 +0100] "GET /robots.txt HTTP/1.0" 200 245 "-" "Mozilla/5.0 (compatible; Googlebot/2.1; +http://www.google.com/bot.html)"
66.249.70.108 - - [26/Dec/2020:19:02:35 +0100] "GET /ads.txt HTTP/1.0" 301 525 "-" "Mozilla/5.0 (compatible; Googlebot/2.1; +http://www.google.com/bot.html)"
66.249.70.36 - - [26/Dec/2020:19:02:36 +0100] "GET /ads.txt HTTP/1.0" 404 1308 "-" "Mozilla/5.0 (compatible; Googlebot/2.1; +http://www.google.com/bot.html)"
207.46.13.51 - - [26/Dec/2020:19:03:04 +0100] "GET /votive-candle-15-hours-true-enchantment-p-33129.html HTTP/1.0" 200 73166 "-" "Mozilla/5.0 (compatible; bingbot/2.0; +http://www.bing.com/bingbot.htm)"
101.96.115.106 - - [26/Dec/2020:19:03:29 +0100] "GET /contact_us.php HTTP/1.0" 200 26241 "http://www.wonder-geek.com/contact_us.php" "Mozilla/5.0 (Windows NT 10.0; Win64; x64) AppleWebKit/537.36 (KHTML, like Gecko) Chrome/83.0.4103.44 Safari/537.36 OPR/69.0.3686.7 (Edition beta)"
101.96.115.106 - - [26/Dec/2020:19:03:35 +0100] "POST /contact_us.php?action=send HTTP/1.0" 200 26477 "http://www.wonder-geek.com/contact_us.php" "Mozilla/5.0 (Windows NT 10.0; Win64; x64) AppleWebKit/537.36 (KHTML, like Gecko) Chrome/83.0.4103.44 Safari/537.36 OPR/69.0.3686.7 (Edition beta)"
54.36.149.93 - - [26/Dec/2020:19:04:26 +0100] "GET /magnets-c-13_134.html HTTP/1.0" 200 89984 "-" "Mozilla/5.0 (compatible; AhrefsBot/7.0; +http://ahrefs.com/robot/)"
114.119.150.15 - - [26/Dec/2020:19:04:32 +0100] "GET /images/big_prod_2/8424346354276b.jpg HTTP/1.0" 200 271 "-" "Mozilla/5.0 (Linux; Android 7.0;) AppleWebKit/537.36 (KHTML, like Gecko) Mobile Safari/537.36 (compatible; PetalBot;+https://aspiegel.com/petalbot)"
51.68.224.127 - - [26/Dec/2020:19:05:19 +0100] "GET /adminweb/export_orders_xml.php?token=256de2z6edz6ed2z6DFSFsed2zed6zeDSFDSGdzedezfzf&maxorders=10&orderstart=1&status=14&start_date=2018-10-01 HTTP/1.0" 200 285 "-" "GesCom CharlotteBoutik Serveur"
51.68.224.127 - - [26/Dec/2020:19:05:20 +0100] "GET /adminweb/export_orders_xml.php?token=256de2z6edz6ed2z6DFSFsed2zed6zeDSFDSGdzedezfzf&maxorders=10&orderstart=1&status=6&start_date=2018-10-01 HTTP/1.0" 200 30026 "-" "GesCom CharlotteBoutik Serveur"
5.255.231.71 - - [26/Dec/2020:19:05:29 +0100] "GET /robots.txt HTTP/1.0" 200 245 "-" "Mozilla/5.0 (compatible; YandexBot/3.0; +http://yandex.com/bots)"
5.255.231.71 - - [26/Dec/2020:19:05:33 +0100] "GET /frozen-lunchbox-p-31746.html HTTP/1.0" 200 73966 "-" "Mozilla/5.0 (compatible; YandexBot/3.0; +http://yandex.com/bots)"
13.66.139.136 - - [26/Dec/2020:19:06:13 +0100] "GET /teapot-with-infuser-04-liters-p-49612.html HTTP/1.0" 200 71865 "-" "Mozilla/5.0 (compatible; bingbot/2.0; +http://www.bing.com/bingbot.htm)"
13.66.139.41 - - [26/Dec/2020:19:06:46 +0100] "GET /-p-15699.html HTTP/1.0" 200 69192 "-" "Mozilla/5.0 (compatible; bingbot/2.0; +http://www.bing.com/bingbot.htm)"
157.55.39.214 - - [26/Dec/2020:19:06:51 +0100] "GET /horse-backpack-p-23430.html HTTP/1.0" 200 71827 "-" "Mozilla/5.0 (compatible; bingbot/2.0; +http://www.bing.com/bingbot.htm)"
13.66.139.41 - - [26/Dec/2020:19:06:57 +0100] "GET /poster-from-jacquelin-corsica-50-70-cm-p-42447.html HTTP/1.0" 200 71977 "-" "Mozilla/5.0 (compatible; bingbot/2.0; +http://www.bing.com/bingbot.htm)"
157.55.39.94 - - [26/Dec/2020:19:07:34 +0100] "GET /mickey-mouse-ceiling-light-p-13480.html HTTP/1.0" 301 69259 "-" "Mozilla/5.0 (compatible; bingbot/2.0; +http://www.bing.com/bingbot.htm)"
54.36.148.142 - - [26/Dec/2020:19:07:38 +0100] "GET /box-good-point-c-13_150_151.html HTTP/1.0" 200 80689 "-" "Mozilla/5.0 (compatible; AhrefsBot/7.0; +http://ahrefs.com/robot/)"
114.119.158.196 - - [26/Dec/2020:19:08:48 +0100] "GET /images/big_prod/3660173241418.jpg HTTP/1.0" 200 268 "-" "Mozilla/5.0 (Linux; Android 7.0;) AppleWebKit/537.36 (KHTML, like Gecko) Mobile Safari/537.36 (compatible; PetalBot;+https://aspiegel.com/petalbot)"
207.46.13.51 - - [26/Dec/2020:19:09:03 +0100] "GET /-p-30833.html HTTP/1.0" 200 69192 "-" "Mozilla/5.0 (compatible; bingbot/2.0; +http://www.bing.com/bingbot.htm)"
157.55.39.186 - - [26/Dec/2020:19:10:22 +0100] "GET /dry-dog-food-box-p-48329.html HTTP/1.0" 200 69263 "-" "Mozilla/5.0 (compatible; bingbot/2.0; +http://www.bing.com/bingbot.htm)"
157.55.39.186 - - [26/Dec/2020:19:10:23 +0100] "GET /swfobject.js HTTP/1.0" 404 1308 "-" "Mozilla/5.0 (compatible; bingbot/2.0; +http://www.bing.com/bingbot.htm)"
157.55.39.186 - - [26/Dec/2020:19:10:32 +0100] "GET /swfobject.js HTTP/1.0" 404 1308 "-" "Mozilla/5.0 (compatible; bingbot/2.0; +http://www.bing.com/bingbot.htm)"
66.249.70.36 - - [26/Dec/2020:19:10:40 +0100] "GET /tour-de-france-sport-bag-p-50848.html HTTP/1.0" 200 73246 "-" "Mozilla/5.0 (compatible; Googlebot/2.1; +http://www.google.com/bot.html)"
54.36.148.87 - - [26/Dec/2020:19:11:15 +0100] "GET /trivet-and-boards-cut-c-12_158.html HTTP/1.0" 200 93009 "-" "Mozilla/5.0 (compatible; AhrefsBot/7.0; +http://ahrefs.com/robot/)"
207.46.13.158 - - [26/Dec/2020:19:11:17 +0100] "GET /minnie-umbrella-p-6094.html HTTP/1.0" 200 71962 "-" "Mozilla/5.0 (compatible; bingbot/2.0; +http://www.bing.com/bingbot.htm)"
207.46.13.13 - - [26/Dec/2020:19:12:15 +0100] "GET /bamboo-fiber-mattress-protector-180-200-cm-p-52894.html HTTP/1.0" 200 72116 "-" "Mozilla/5.0 (compatible; bingbot/2.0; +http://www.bing.com/bingbot.htm)"
13.66.139.136 - - [26/Dec/2020:19:12:47 +0100] "GET /-p-22489.html HTTP/1.0" 200 69192 "-" "Mozilla/5.0 (compatible; bingbot/2.0; +http://www.bing.com/bingbot.htm)"
114.119.154.200 - - [26/Dec/2020:19:13:09 +0100] "GET /images/mini_prod/8422000145628.jpg HTTP/1.0" 200 269 "-" "Mozilla/5.0 (Linux; Android 7.0;) AppleWebKit/537.36 (KHTML, like Gecko) Mobile Safari/537.36 (compatible; PetalBot;+https://aspiegel.com/petalbot)"
13.66.139.41 - - [26/Dec/2020:19:13:26 +0100] "GET /-p-1928.html HTTP/1.0" 200 69190 "-" "Mozilla/5.0 (compatible; bingbot/2.0; +http://www.bing.com/bingbot.htm)"
13.66.139.41 - - [26/Dec/2020:19:13:57 +0100] "GET /glass-lamp-28-cm-p-53383.html HTTP/1.0" 200 72825 "-" "Mozilla/5.0 (compatible; bingbot/2.0; +http://www.bing.com/bingbot.htm)"
13.66.139.101 - - [26/Dec/2020:19:14:42 +0100] "GET /-p-33970.html HTTP/1.0" 200 69192 "-" "Mozilla/5.0 (compatible; bingbot/2.0; +http://www.bing.com/bingbot.htm)"
13.66.139.101 - - [26/Dec/2020:19:14:43 +0100] "GET /scent-cup-heart-and-home-fresh-linen-p-43780.html HTTP/1.0" 200 72367 "-" "Mozilla/5.0 (compatible; bingbot/2.0; +http://www.bing.com/bingbot.htm)"
13.66.139.101 - - [26/Dec/2020:19:14:44 +0100] "GET /catch-the-wave-lilo-and-stitch-15th-anniversary-figurine-p-53271.html HTTP/1.0" 200 73571 "-" "Mozilla/5.0 (compatible; bingbot/2.0; +http://www.bing.com/bingbot.htm)"
54.36.148.83 - - [26/Dec/2020:19:14:58 +0100] "GET /games-and-toys-c-4.html?page=2 HTTP/1.0" 200 92257 "-" "Mozilla/5.0 (compatible; AhrefsBot/7.0; +http://ahrefs.com/robot/)"
157.55.39.94 - - [26/Dec/2020:19:15:30 +0100] "GET /olaf-fruit-juice-glasses-p-31751.html HTTP/1.0" 200 71895 "-" "Mozilla/5.0 (compatible; bingbot/2.0; +http://www.bing.com/bingbot.htm)"
114.119.151.113 - - [26/Dec/2020:19:17:30 +0100] "GET /images/mini_prod/8433933225998.jpg HTTP/1.0" 200 269 "-" "Mozilla/5.0 (Linux; Android 7.0;) AppleWebKit/537.36 (KHTML, like Gecko) Mobile Safari/537.36 (compatible; PetalBot;+https://aspiegel.com/petalbot)"
54.36.148.192 - - [26/Dec/2020:19:18:52 +0100] "GET /heart-and-home-eco-friendly-stick-diffuser-bamboo-ginger-p-52804.html HTTP/1.0" 200 73062 "-" "Mozilla/5.0 (compatible; AhrefsBot/7.0; +http://ahrefs.com/robot/)"
13.66.139.136 - - [26/Dec/2020:19:20:31 +0100] "GET /-p-15989.html HTTP/1.0" 200 69192 "-" "Mozilla/5.0 (compatible; bingbot/2.0; +http://www.bing.com/bingbot.htm)"
54.36.148.226 - - [26/Dec/2020:19:21:06 +0100] "GET /aprons-c-74.html?page=1 HTTP/1.0" 301 90757 "-" "Mozilla/5.0 (compatible; AhrefsBot/7.0; +http://ahrefs.com/robot/)"
114.119.132.105 - - [26/Dec/2020:19:21:51 +0100] "GET /tortoise-metal-wall-decoration-24-cm-p-42806.html HTTP/1.0" 200 72043 "-" "Mozilla/5.0 (Linux; Android 7.0;) AppleWebKit/537.36 (KHTML, like Gecko) Mobile Safari/537.36 (compatible; PetalBot;+https://aspiegel.com/petalbot)"
13.66.139.136 - - [26/Dec/2020:19:21:53 +0100] "GET /incense-sticks-burner-and-storage-box-ganesh-p-53400.html HTTP/1.0" 200 72307 "-" "Mozilla/5.0 (compatible; bingbot/2.0; +http://www.bing.com/bingbot.htm)"
207.46.13.225 - - [26/Dec/2020:19:22:20 +0100] "GET /images/8714274565029.jpg HTTP/1.0" 200 259 "-" "Mozilla/5.0 (compatible; bingbot/2.0; +http://www.bing.com/bingbot.htm)"
51.68.224.127 - - [26/Dec/2020:19:22:24 +0100] "GET /adminweb/export_orders_xml.php?token=256de2z6edz6ed2z6DFSFsed2zed6zeDSFDSGdzedezfzf&maxorders=10&orderstart=1&status=14&start_date=2018-10-01 HTTP/1.0" 200 285 "-" "GesCom CharlotteBoutik Serveur"
51.68.224.127 - - [26/Dec/2020:19:22:24 +0100] "GET /adminweb/export_orders_xml.php?token=256de2z6edz6ed2z6DFSFsed2zed6zeDSFDSGdzedezfzf&maxorders=10&orderstart=1&status=6&start_date=2018-10-01 HTTP/1.0" 200 30026 "-" "GesCom CharlotteBoutik Serveur"
54.36.148.87 - - [26/Dec/2020:19:22:40 +0100] "GET /jigsaws-c-4_144.html HTTP/1.0" 200 78270 "-" "Mozilla/5.0 (compatible; AhrefsBot/7.0; +http://ahrefs.com/robot/)"
73.231.11.207 - - [26/Dec/2020:19:23:04 +0100] "GET /images/big_prod/8011717796409.jpg HTTP/1.0" 200 268 "https://www.bing.com/" "Mozilla/5.0 (Windows NT 10.0; Win64; x64) AppleWebKit/537.36 (KHTML, like Gecko) Chrome/87.0.4280.88 Safari/537.36 Edg/87.0.664.66"
13.66.139.136 - - [26/Dec/2020:19:23:04 +0100] "GET /-p-32940.html HTTP/1.0" 200 69192 "-" "Mozilla/5.0 (compatible; bingbot/2.0; +http://www.bing.com/bingbot.htm)"
13.66.139.41 - - [26/Dec/2020:19:23:27 +0100] "GET /-p-18510.html HTTP/1.0" 200 69192 "-" "Mozilla/5.0 (compatible; bingbot/2.0; +http://www.bing.com/bingbot.htm)"
17.58.101.145 - - [26/Dec/2020:19:23:39 +0100] "GET /ceramic-salt-pot-with-spoon-flammy-p-47874.html HTTP/1.0" 200 71904 "-" "Mozilla/5.0 (Macintosh; Intel Mac OS X 10_15_5) AppleWebKit/605.1.15 (KHTML, like Gecko) Version/13.1.1 Safari/605.1.15 (Applebot/0.1; +http://www.apple.com/go/applebot)"
13.66.139.136 - - [26/Dec/2020:19:24:05 +0100] "GET /-p-46890.html HTTP/1.0" 200 69192 "-" "Mozilla/5.0 (compatible; bingbot/2.0; +http://www.bing.com/bingbot.htm)"
13.66.139.136 - - [26/Dec/2020:19:24:25 +0100] "GET /-p-12120.html HTTP/1.0" 200 69192 "-" "Mozilla/5.0 (compatible; bingbot/2.0; +http://www.bing.com/bingbot.htm)"
13.66.139.136 - - [26/Dec/2020:19:24:55 +0100] "GET /-p-25569.html HTTP/1.0" 200 69192 "-" "Mozilla/5.0 (compatible; bingbot/2.0; +http://www.bing.com/bingbot.htm)"
13.66.139.65 - - [26/Dec/2020:19:25:07 +0100] "GET /-p-35007.html HTTP/1.0" 200 69192 "-" "Mozilla/5.0 (compatible; bingbot/2.0; +http://www.bing.com/bingbot.htm)"
13.66.139.65 - - [26/Dec/2020:19:25:08 +0100] "GET /gordes-in-provence-mug-by-cbkreation-p-38002.html HTTP/1.0" 200 71988 "-" "Mozilla/5.0 (compatible; bingbot/2.0; +http://www.bing.com/bingbot.htm)"
13.66.139.65 - - [26/Dec/2020:19:25:09 +0100] "GET /-p-35007.html HTTP/1.0" 200 69192 "-" "Mozilla/5.0 (compatible; bingbot/2.0; +http://www.bing.com/bingbot.htm)"
13.66.139.41 - - [26/Dec/2020:19:25:27 +0100] "GET /-p-563.html HTTP/1.0" 200 69188 "-" "Mozilla/5.0 (compatible; bingbot/2.0; +http://www.bing.com/bingbot.htm)"
13.66.139.65 - - [26/Dec/2020:19:26:07 +0100] "GET /vespa-green-phone-cover-for-iphone-p-11775.html HTTP/1.0" 200 72057 "-" "Mozilla/5.0 (compatible; bingbot/2.0; +http://www.bing.com/bingbot.htm)"
114.119.154.200 - - [26/Dec/2020:19:26:12 +0100] "GET /images/big_prod/8424345615149.jpg HTTP/1.0" 200 268 "-" "Mozilla/5.0 (Linux; Android 7.0;) AppleWebKit/537.36 (KHTML, like Gecko) Mobile Safari/537.36 (compatible; PetalBot;+https://aspiegel.com/petalbot)"
54.36.148.87 - - [26/Dec/2020:19:26:46 +0100] "GET /socks-for-adults-c-53_137.html HTTP/1.0" 200 68264 "-" "Mozilla/5.0 (compatible; AhrefsBot/7.0; +http://ahrefs.com/robot/)"
13.66.139.41 - - [26/Dec/2020:19:26:48 +0100] "GET /-p-21362.html HTTP/1.0" 200 69192 "-" "Mozilla/5.0 (compatible; bingbot/2.0; +http://www.bing.com/bingbot.htm)"
13.66.139.41 - - [26/Dec/2020:19:26:49 +0100] "GET /-p-8475.html HTTP/1.0" 200 69190 "-" "Mozilla/5.0 (compatible; bingbot/2.0; +http://www.bing.com/bingbot.htm)"
157.55.39.186 - - [26/Dec/2020:19:28:06 +0100] "GET /swfobject.js HTTP/1.0" 404 1308 "-" "Mozilla/5.0 (compatible; bingbot/2.0; +http://www.bing.com/bingbot.htm)"
13.66.139.41 - - [26/Dec/2020:19:28:49 +0100] "GET /-p-29875.html HTTP/1.0" 200 69192 "-" "Mozilla/5.0 (compatible; bingbot/2.0; +http://www.bing.com/bingbot.htm)"
13.66.139.41 - - [26/Dec/2020:19:28:50 +0100] "GET /set-of-cement-tile-coasters-p-53116.html HTTP/1.0" 200 71854 "-" "Mozilla/5.0 (compatible; bingbot/2.0; +http://www.bing.com/bingbot.htm)"
114.119.129.36 - - [26/Dec/2020:19:30:33 +0100] "GET /flower-in-wood-to-put-p-46371.html HTTP/1.0" 200 72836 "-" "Mozilla/5.0 (Linux; Android 7.0;) AppleWebKit/537.36 (KHTML, like Gecko) Mobile Safari/537.36 (compatible; PetalBot;+https://aspiegel.com/petalbot)"
17.58.101.145 - - [26/Dec/2020:19:30:35 +0100] "GET /images/mini_prod/7703771126902.jpg HTTP/1.0" 200 269 "-" "Mozilla/5.0 (Macintosh; Intel Mac OS X 10_15_5) AppleWebKit/605.1.15 (KHTML, like Gecko) Version/13.1.1 Safari/605.1.15 (Applebot/0.1; +http://www.apple.com/go/applebot)"
54.36.148.87 - - [26/Dec/2020:19:30:40 +0100] "GET /blue-piggy-bank-ma-premiere-tirelire-p-44653.html HTTP/1.0" 200 71857 "-" "Mozilla/5.0 (compatible; AhrefsBot/7.0; +http://ahrefs.com/robot/)"
13.66.139.136 - - [26/Dec/2020:19:31:20 +0100] "GET /my-little-pony-mousepad-p-16006.html HTTP/1.0" 200 71983 "-" "Mozilla/5.0 (compatible; bingbot/2.0; +http://www.bing.com/bingbot.htm)"
172.58.99.151 - - [26/Dec/2020:19:31:24 +0100] "GET /images/3447200075143.jpg HTTP/1.0" 200 259 "-" "Dalvik/2.1.0 (Linux; U; Android 10; LM-K500 Build/QKQ1.200730.002)"
13.66.139.136 - - [26/Dec/2020:19:33:20 +0100] "GET /bell-and-wall-bell-c-13_270.html HTTP/1.0" 200 88532 "-" "Mozilla/5.0 (compatible; bingbot/2.0; +http://www.bing.com/bingbot.htm)"
13.66.139.136 - - [26/Dec/2020:19:33:21 +0100] "GET /pitchers-and-drink-dispensers-c-12_243.html HTTP/1.0" 200 88843 "-" "Mozilla/5.0 (compatible; bingbot/2.0; +http://www.bing.com/bingbot.htm)"
167.114.157.181 - - [26/Dec/2020:19:34:11 +0100] "GET /robots.txt HTTP/1.0" 200 245 "-" "Mozilla/5.0 (compatible; MJ12bot/v1.4.8; http://mj12bot.com/)"
54.36.148.68 - - [26/Dec/2020:19:34:39 +0100] "GET /accessories-c-97_98.html HTTP/1.0" 200 83149 "-" "Mozilla/5.0 (compatible; AhrefsBot/7.0; +http://ahrefs.com/robot/)"
114.119.150.15 - - [26/Dec/2020:19:34:54 +0100] "GET /lois-usa-manufacturer-wallet-p-41313.html HTTP/1.0" 200 72678 "-" "Mozilla/5.0 (Linux; Android 7.0;) AppleWebKit/537.36 (KHTML, like Gecko) Mobile Safari/537.36 (compatible; PetalBot;+https://aspiegel.com/petalbot)"
167.114.157.181 - - [26/Dec/2020:19:35:03 +0100] "GET /paperweight-almond-blossom-by-van-gogh-p-53517.html HTTP/1.0" 200 72865 "-" "Mozilla/5.0 (compatible; MJ12bot/v1.4.8; http://mj12bot.com/)"
40.77.167.36 - - [26/Dec/2020:19:35:26 +0100] "GET /tweety-figurine-p-45052.html HTTP/1.0" 200 69258 "-" "Mozilla/5.0 (compatible; bingbot/2.0; +http://www.bing.com/bingbot.htm)"
13.66.139.136 - - [26/Dec/2020:19:35:32 +0100] "GET /-p-23813.html HTTP/1.0" 200 69192 "-" "Mozilla/5.0 (compatible; bingbot/2.0; +http://www.bing.com/bingbot.htm)"
167.114.157.181 - - [26/Dec/2020:19:35:41 +0100] "GET /paperweight-awakening-kitten-by-ronner-knip-p-53519.html HTTP/1.0" 200 72902 "-" "Mozilla/5.0 (compatible; MJ12bot/v1.4.8; http://mj12bot.com/)"
167.114.157.181 - - [26/Dec/2020:19:36:19 +0100] "GET /paperweight-danseuse-sur-scene-by-degas-p-53522.html HTTP/1.0" 200 73302 "-" "Mozilla/5.0 (compatible; MJ12bot/v1.4.8; http://mj12bot.com/)"
157.55.39.186 - - [26/Dec/2020:19:36:27 +0100] "GET /-p-31099.html HTTP/1.0" 200 69192 "-" "Mozilla/5.0 (compatible; bingbot/2.0; +http://www.bing.com/bingbot.htm)"
173.254.24.33 - - [26/Dec/2020:19:36:28 +0100] "GET /backup/wp-admin/ HTTP/1.0" 301 543 "http://wonder-geek.com/" "Mozilla/5.0 (Windows NT 10.0; Win64; x64) AppleWebKit/537.36 (KHTML, like Gecko) Chrome/78.0.3904.97 Safari/537.36"
173.254.24.33 - - [26/Dec/2020:19:36:29 +0100] "GET /backup/wp-admin/ HTTP/1.0" 404 1308 "http://wonder-geek.com/" "Mozilla/5.0 (Windows NT 10.0; Win64; x64) AppleWebKit/537.36 (KHTML, like Gecko) Chrome/78.0.3904.97 Safari/537.36"
157.55.39.186 - - [26/Dec/2020:19:36:47 +0100] "GET /swfobject.js HTTP/1.0" 404 1308 "-" "Mozilla/5.0 (compatible; bingbot/2.0; +http://www.bing.com/bingbot.htm)"
167.114.157.181 - - [26/Dec/2020:19:36:51 +0100] "GET /paperweight-mild-tension-by-kandinsky-p-53521.html HTTP/1.0" 200 73292 "-" "Mozilla/5.0 (compatible; MJ12bot/v1.4.8; http://mj12bot.com/)"
167.114.157.181 - - [26/Dec/2020:19:37:31 +0100] "GET /paperweight-the-son-of-man-by-magritte-p-53520.html HTTP/1.0" 200 73261 "-" "Mozilla/5.0 (compatible; MJ12bot/v1.4.8; http://mj12bot.com/)"
13.66.139.136 - - [26/Dec/2020:19:37:53 +0100] "GET /dishes-and-pie-dishes-c-12_251.html HTTP/1.0" 200 88737 "-" "Mozilla/5.0 (compatible; bingbot/2.0; +http://www.bing.com/bingbot.htm)"
157.55.39.214 - - [26/Dec/2020:19:37:57 +0100] "GET /cafe-georges-clounet-mug-p-39535.html HTTP/1.0" 200 71857 "-" "Mozilla/5.0 (compatible; bingbot/2.0; +http://www.bing.com/bingbot.htm)"
185.191.171.44 - - [26/Dec/2020:19:38:15 +0100] "GET /robots.txt HTTP/1.0" 200 245 "-" "Mozilla/5.0 (compatible; SemrushBot/7~bl; +http://www.semrush.com/bot.html)"
185.191.171.3 - - [26/Dec/2020:19:38:15 +0100] "GET /lighting-c-13_86.html?page=25 HTTP/1.0" 200 88609 "-" "Mozilla/5.0 (compatible; SemrushBot/7~bl; +http://www.semrush.com/bot.html)"
167.114.157.181 - - [26/Dec/2020:19:38:22 +0100] "GET /paperweight-water-lilies-by-monet-p-53516.html HTTP/1.0" 200 72892 "-" "Mozilla/5.0 (compatible; MJ12bot/v1.4.8; http://mj12bot.com/)"
54.36.148.87 - - [26/Dec/2020:19:38:25 +0100] "GET /calamity-jane-figure-p-27318.html HTTP/1.0" 200 71663 "-" "Mozilla/5.0 (compatible; AhrefsBot/7.0; +http://ahrefs.com/robot/)"
51.68.224.127 - - [26/Dec/2020:19:38:45 +0100] "GET /adminweb/export_orders_xml.php?token=256de2z6edz6ed2z6DFSFsed2zed6zeDSFDSGdzedezfzf&maxorders=10&orderstart=1&status=14&start_date=2018-10-01 HTTP/1.0" 200 285 "-" "GesCom CharlotteBoutik Serveur"
51.68.224.127 - - [26/Dec/2020:19:38:45 +0100] "GET /adminweb/export_orders_xml.php?token=256de2z6edz6ed2z6DFSFsed2zed6zeDSFDSGdzedezfzf&maxorders=10&orderstart=1&status=6&start_date=2018-10-01 HTTP/1.0" 200 30026 "-" "GesCom CharlotteBoutik Serveur"
13.66.139.41 - - [26/Dec/2020:19:39:01 +0100] "GET /-p-33450.html HTTP/1.0" 200 69192 "-" "Mozilla/5.0 (compatible; bingbot/2.0; +http://www.bing.com/bingbot.htm)"
114.119.151.113 - - [26/Dec/2020:19:39:11 +0100] "GET /images/big_prod/b3700276280621.jpg HTTP/1.0" 200 269 "-" "Mozilla/5.0 (Linux; Android 7.0;) AppleWebKit/537.36 (KHTML, like Gecko) Mobile Safari/537.36 (compatible; PetalBot;+https://aspiegel.com/petalbot)"
157.55.39.186 - - [26/Dec/2020:19:40:38 +0100] "GET /guerrilla-figurine-p-42901.html HTTP/1.0" 200 71835 "-" "Mozilla/5.0 (compatible; bingbot/2.0; +http://www.bing.com/bingbot.htm)"
13.66.139.65 - - [26/Dec/2020:19:41:50 +0100] "GET /tables-c-13_206.html HTTP/1.0" 200 88397 "-" "Mozilla/5.0 (compatible; bingbot/2.0; +http://www.bing.com/bingbot.htm)"
13.66.139.65 - - [26/Dec/2020:19:41:51 +0100] "GET /bicycle-dog-pendulum-clock-by-allen-p-53181.html HTTP/1.0" 200 72243 "-" "Mozilla/5.0 (compatible; bingbot/2.0; +http://www.bing.com/bingbot.htm)"
13.66.139.65 - - [26/Dec/2020:19:41:51 +0100] "GET /le-temps-des-cerises-fountain-pen-p-26308.html HTTP/1.0" 200 71984 "-" "Mozilla/5.0 (compatible; bingbot/2.0; +http://www.bing.com/bingbot.htm)"
13.66.139.65 - - [26/Dec/2020:19:41:52 +0100] "GET /hello-kitty-kiss-diamond-laptop-case-15-inches-p-17656.html HTTP/1.0" 200 69366 "-" "Mozilla/5.0 (compatible; bingbot/2.0; +http://www.bing.com/bingbot.htm)"
13.66.139.65 - - [26/Dec/2020:19:41:53 +0100] "GET /cars-m-14.html HTTP/1.0" 200 89410 "-" "Mozilla/5.0 (compatible; bingbot/2.0; +http://www.bing.com/bingbot.htm)"
54.36.148.84 - - [26/Dec/2020:19:42:19 +0100] "GET /lautaret-bedclothes-240-260-cm-p-52348.html HTTP/1.0" 200 71940 "-" "Mozilla/5.0 (compatible; AhrefsBot/7.0; +http://ahrefs.com/robot/)"
114.119.144.233 - - [26/Dec/2020:19:43:32 +0100] "GET /images/big_prod/1384010205099.jpg HTTP/1.0" 200 268 "-" "Mozilla/5.0 (Linux; Android 7.0;) AppleWebKit/537.36 (KHTML, like Gecko) Mobile Safari/537.36 (compatible; PetalBot;+https://aspiegel.com/petalbot)"
13.66.139.41 - - [26/Dec/2020:19:43:50 +0100] "GET /soft-toys-security-blanket-c-4_46.html?page=7 HTTP/1.0" 200 92069 "-" "Mozilla/5.0 (compatible; bingbot/2.0; +http://www.bing.com/bingbot.htm)"
13.66.139.136 - - [26/Dec/2020:19:44:49 +0100] "GET /you-are-an-angel-figurine-in-french-p-40594.html HTTP/1.0" 200 72390 "-" "Mozilla/5.0 (compatible; bingbot/2.0; +http://www.bing.com/bingbot.htm)"
157.55.39.186 - - [26/Dec/2020:19:45:39 +0100] "GET /swfobject.js HTTP/1.0" 404 1308 "-" "Mozilla/5.0 (compatible; bingbot/2.0; +http://www.bing.com/bingbot.htm)"
157.55.39.186 - - [26/Dec/2020:19:45:39 +0100] "GET /swfobject.js HTTP/1.0" 404 1308 "-" "Mozilla/5.0 (compatible; bingbot/2.0; +http://www.bing.com/bingbot.htm)"
13.66.139.136 - - [26/Dec/2020:19:45:49 +0100] "GET /lighting-c-13_86.html HTTP/1.0" 200 94371 "-" "Mozilla/5.0 (compatible; bingbot/2.0; +http://www.bing.com/bingbot.htm)"
54.36.149.25 - - [26/Dec/2020:19:46:09 +0100] "GET /adhesive-roll-45-150-cm-cement-tiles-p-52217.html HTTP/1.0" 200 72790 "-" "Mozilla/5.0 (compatible; AhrefsBot/7.0; +http://ahrefs.com/robot/)"
13.66.139.136 - - [26/Dec/2020:19:46:10 +0100] "GET /-p-22743.html HTTP/1.0" 200 69192 "-" "Mozilla/5.0 (compatible; bingbot/2.0; +http://www.bing.com/bingbot.htm)"
207.46.13.13 - - [26/Dec/2020:19:46:38 +0100] "GET /ty-the-beanie-buddies-plush-my-little-pony-apple-jack-26-cm-p-27346.html HTTP/1.0" 200 71975 "-" "Mozilla/5.0 (compatible; bingbot/2.0; +http://www.bing.com/bingbot.htm)"
13.66.139.41 - - [26/Dec/2020:19:46:50 +0100] "GET /collectible-figurines-and-decorative-c-13_135.html?page=4 HTTP/1.0" 200 95494 "-" "Mozilla/5.0 (compatible; bingbot/2.0; +http://www.bing.com/bingbot.htm)"
13.66.139.136 - - [26/Dec/2020:19:46:54 +0100] "GET /genuine-harley-davidson-metal-magnet-p-15193.html HTTP/1.0" 200 69363 "-" "Mozilla/5.0 (compatible; bingbot/2.0; +http://www.bing.com/bingbot.htm)"
13.66.139.41 - - [26/Dec/2020:19:47:30 +0100] "GET /cotton-cushion-teal-blue-120-80-cm-p-45939.html HTTP/1.0" 200 71916 "-" "Mozilla/5.0 (compatible; bingbot/2.0; +http://www.bing.com/bingbot.htm)"
114.119.147.45 - - [26/Dec/2020:19:47:54 +0100] "GET /images/mini_prod/4012390384352.jpg HTTP/1.0" 200 269 "-" "Mozilla/5.0 (Linux; Android 7.0;) AppleWebKit/537.36 (KHTML, like Gecko) Mobile Safari/537.36 (compatible; PetalBot;+https://aspiegel.com/petalbot)"
207.46.13.13 - - [26/Dec/2020:19:48:12 +0100] "GET /tea-glass-double-wall-tree-of-life-400-ml-p-51478.html HTTP/1.0" 200 72022 "-" "Mozilla/5.0 (compatible; bingbot/2.0; +http://www.bing.com/bingbot.htm)"
13.66.139.136 - - [26/Dec/2020:19:49:12 +0100] "GET /sex-pistols-pencil-case-p-14488.html HTTP/1.0" 200 71993 "-" "Mozilla/5.0 (compatible; bingbot/2.0; +http://www.bing.com/bingbot.htm)"
13.66.139.136 - - [26/Dec/2020:19:49:13 +0100] "GET /cats-dubout-placemat-p-32428.html HTTP/1.0" 200 74926 "-" "Mozilla/5.0 (compatible; bingbot/2.0; +http://www.bing.com/bingbot.htm)"
13.66.139.41 - - [26/Dec/2020:19:49:50 +0100] "GET /tin-and-metal-signs-c-13_130.html?page=11 HTTP/1.0" 200 94580 "-" "Mozilla/5.0 (compatible; bingbot/2.0; +http://www.bing.com/bingbot.htm)"
54.36.149.10 - - [26/Dec/2020:19:50:06 +0100] "GET /water-bottles-and-sport-bottles-c-12_161.html?page=2 HTTP/1.0" 200 92423 "-" "Mozilla/5.0 (compatible; AhrefsBot/7.0; +http://ahrefs.com/robot/)"
66.249.70.33 - - [26/Dec/2020:19:50:06 +0100] "GET /mugs-and-mazagrans-c-12_57.html HTTP/1.0" 200 95990 "-" "Mozilla/5.0 (Linux; Android 6.0.1; Nexus 5X Build/MMB29P) AppleWebKit/537.36 (KHTML, like Gecko) Chrome/87.0.4280.90 Mobile Safari/537.36 (compatible; Googlebot/2.1; +http://www.google.com/bot.html)"
13.66.139.136 - - [26/Dec/2020:19:51:44 +0100] "GET /accessories-mobiles-c-3_17.html?page=5 HTTP/1.0" 200 93687 "-" "Mozilla/5.0 (compatible; bingbot/2.0; +http://www.bing.com/bingbot.htm)"
13.66.139.101 - - [26/Dec/2020:19:52:27 +0100] "GET /sentiment-tea-towel-kitchen-towel-70-35-cm-p-43634.html HTTP/1.0" 200 72639 "-" "Mozilla/5.0 (compatible; bingbot/2.0; +http://www.bing.com/bingbot.htm)"
207.46.13.158 - - [26/Dec/2020:19:52:41 +0100] "GET /cherry-musical-jewelry-box-p-16470.html HTTP/1.0" 200 72171 "-" "Mozilla/5.0 (compatible; bingbot/2.0; +http://www.bing.com/bingbot.htm)"
13.66.139.136 - - [26/Dec/2020:19:52:55 +0100] "GET /-p-14526.html HTTP/1.0" 200 69192 "-" "Mozilla/5.0 (compatible; bingbot/2.0; +http://www.bing.com/bingbot.htm)"
13.66.139.136 - - [26/Dec/2020:19:52:56 +0100] "GET /votive-candle-15-hours-cerulean-sky-p-38947.html HTTP/1.0" 200 72994 "-" "Mozilla/5.0 (compatible; bingbot/2.0; +http://www.bing.com/bingbot.htm)"
13.66.139.101 - - [26/Dec/2020:19:53:02 +0100] "GET /-m-236.html HTTP/1.0" 200 79325 "-" "Mozilla/5.0 (compatible; bingbot/2.0; +http://www.bing.com/bingbot.htm)"
66.249.70.62 - - [26/Dec/2020:19:53:02 +0100] "GET /money-bank-slot-machine-jackpot-p-30035.html HTTP/1.0" 200 72054 "-" "Mozilla/5.0 (compatible; Googlebot/2.1; +http://www.google.com/bot.html)"
13.66.139.41 - - [26/Dec/2020:19:53:31 +0100] "GET /-p-15969.html HTTP/1.0" 200 69192 "-" "Mozilla/5.0 (compatible; bingbot/2.0; +http://www.bing.com/bingbot.htm)"
13.66.139.41 - - [26/Dec/2020:19:53:32 +0100] "GET /-p-48729.html HTTP/1.0" 200 69192 "-" "Mozilla/5.0 (compatible; bingbot/2.0; +http://www.bing.com/bingbot.htm)"
13.66.139.41 - - [26/Dec/2020:19:53:33 +0100] "GET /piston-skull-zippo-lighter-p-37653.html HTTP/1.0" 200 69313 "-" "Mozilla/5.0 (compatible; bingbot/2.0; +http://www.bing.com/bingbot.htm)"
13.66.139.41 - - [26/Dec/2020:19:53:33 +0100] "GET /-p-12894.html HTTP/1.0" 200 69192 "-" "Mozilla/5.0 (compatible; bingbot/2.0; +http://www.bing.com/bingbot.htm)"
13.66.139.41 - - [26/Dec/2020:19:53:34 +0100] "GET /beautiful-babushka-by-kimmidoll-red-notebook-p-33222.html HTTP/1.0" 200 69403 "-" "Mozilla/5.0 (compatible; bingbot/2.0; +http://www.bing.com/bingbot.htm)"
13.66.139.41 - - [26/Dec/2020:19:53:35 +0100] "GET /-p-17776.html HTTP/1.0" 200 69192 "-" "Mozilla/5.0 (compatible; bingbot/2.0; +http://www.bing.com/bingbot.htm)"
13.66.139.41 - - [26/Dec/2020:19:53:36 +0100] "GET /liberty-russian-doll-money-box-by-cbkreation-p-18490.html HTTP/1.0" 200 72057 "-" "Mozilla/5.0 (compatible; bingbot/2.0; +http://www.bing.com/bingbot.htm)"
13.66.139.41 - - [26/Dec/2020:19:53:37 +0100] "GET /london-union-jack-black-shirt-p-30145.html HTTP/1.0" 200 73337 "-" "Mozilla/5.0 (compatible; bingbot/2.0; +http://www.bing.com/bingbot.htm)"
13.66.139.41 - - [26/Dec/2020:19:53:38 +0100] "GET /dragon-ball-photo-frame-canvas-p-2373.html HTTP/1.0" 200 71915 "-" "Mozilla/5.0 (compatible; bingbot/2.0; +http://www.bing.com/bingbot.htm)"
13.66.139.41 - - [26/Dec/2020:19:53:39 +0100] "GET /minions-stickers-p-31216.html HTTP/1.0" 200 71793 "-" "Mozilla/5.0 (compatible; bingbot/2.0; +http://www.bing.com/bingbot.htm)"
13.66.139.41 - - [26/Dec/2020:19:53:40 +0100] "GET /soft-toy-rattle-gund-beige-dog-p-21368.html HTTP/1.0" 200 72120 "-" "Mozilla/5.0 (compatible; bingbot/2.0; +http://www.bing.com/bingbot.htm)"
13.66.139.41 - - [26/Dec/2020:19:53:41 +0100] "GET /spongebob-metal-money-box-p-8592.html HTTP/1.0" 200 71827 "-" "Mozilla/5.0 (compatible; bingbot/2.0; +http://www.bing.com/bingbot.htm)"
13.66.139.41 - - [26/Dec/2020:19:53:42 +0100] "GET /cement-tile-stickers-15-15-cm-p-50330.html HTTP/1.0" 200 72163 "-" "Mozilla/5.0 (compatible; bingbot/2.0; +http://www.bing.com/bingbot.htm)"
13.66.139.41 - - [26/Dec/2020:19:53:43 +0100] "GET /harley-davidson-logo-zippo-lighter-p-32556.html HTTP/1.0" 200 72399 "-" "Mozilla/5.0 (compatible; bingbot/2.0; +http://www.bing.com/bingbot.htm)"
157.55.39.94 - - [26/Dec/2020:19:53:44 +0100] "GET /-p-23889.html HTTP/1.0" 200 69192 "-" "Mozilla/5.0 (compatible; bingbot/2.0; +http://www.bing.com/bingbot.htm)"
13.66.139.136 - - [26/Dec/2020:19:53:49 +0100] "GET /-p-16096.html HTTP/1.0" 200 69192 "-" "Mozilla/5.0 (compatible; bingbot/2.0; +http://www.bing.com/bingbot.htm)"
13.66.139.136 - - [26/Dec/2020:19:53:50 +0100] "GET /iron-man-avengers-figure-17-cm-p-21538.html HTTP/1.0" 200 69333 "-" "Mozilla/5.0 (compatible; bingbot/2.0; +http://www.bing.com/bingbot.htm)"
13.66.139.136 - - [26/Dec/2020:19:53:51 +0100] "GET /-p-31418.html HTTP/1.0" 200 69192 "-" "Mozilla/5.0 (compatible; bingbot/2.0; +http://www.bing.com/bingbot.htm)"
13.66.139.136 - - [26/Dec/2020:19:53:52 +0100] "GET /-p-22744.html HTTP/1.0" 200 69192 "-" "Mozilla/5.0 (compatible; bingbot/2.0; +http://www.bing.com/bingbot.htm)"
13.66.139.136 - - [26/Dec/2020:19:53:53 +0100] "GET /-p-14533.html HTTP/1.0" 200 69192 "-" "Mozilla/5.0 (compatible; bingbot/2.0; +http://www.bing.com/bingbot.htm)"
13.66.139.101 - - [26/Dec/2020:19:53:55 +0100] "GET /star-wars-kylo-ren-little-suitcase-p-34775.html HTTP/1.0" 200 69318 "-" "Mozilla/5.0 (compatible; bingbot/2.0; +http://www.bing.com/bingbot.htm)"
13.66.139.101 - - [26/Dec/2020:19:53:56 +0100] "GET /-p-10509.html HTTP/1.0" 200 69192 "-" "Mozilla/5.0 (compatible; bingbot/2.0; +http://www.bing.com/bingbot.htm)"
13.66.139.101 - - [26/Dec/2020:19:53:56 +0100] "GET /-p-20608.html HTTP/1.0" 200 69192 "-" "Mozilla/5.0 (compatible; bingbot/2.0; +http://www.bing.com/bingbot.htm)"
13.66.139.101 - - [26/Dec/2020:19:53:57 +0100] "GET /coca-cola-bedclothes-200-cm-p-31645.html HTTP/1.0" 200 69318 "-" "Mozilla/5.0 (compatible; bingbot/2.0; +http://www.bing.com/bingbot.htm)"
13.66.139.101 - - [26/Dec/2020:19:53:58 +0100] "GET /happy-birthday-card-p-20013.html HTTP/1.0" 200 69278 "-" "Mozilla/5.0 (compatible; bingbot/2.0; +http://www.bing.com/bingbot.htm)"
13.66.139.101 - - [26/Dec/2020:19:53:59 +0100] "GET /-p-31473.html HTTP/1.0" 200 69192 "-" "Mozilla/5.0 (compatible; bingbot/2.0; +http://www.bing.com/bingbot.htm)"
13.66.139.101 - - [26/Dec/2020:19:54:00 +0100] "GET /disney-showcase-figurine-collection-mulan-p-38721.html HTTP/1.0" 200 72545 "-" "Mozilla/5.0 (compatible; bingbot/2.0; +http://www.bing.com/bingbot.htm)"
13.66.139.101 - - [26/Dec/2020:19:54:01 +0100] "GET /coca-cola-university-cosmetic-bag-p-18868.html HTTP/1.0" 200 72195 "-" "Mozilla/5.0 (compatible; bingbot/2.0; +http://www.bing.com/bingbot.htm)"
13.66.139.101 - - [26/Dec/2020:19:54:01 +0100] "GET /gorjuss-tartan-suitcase-boxes-set-p-48415.html HTTP/1.0" 200 74125 "-" "Mozilla/5.0 (compatible; bingbot/2.0; +http://www.bing.com/bingbot.htm)"
13.66.139.101 - - [26/Dec/2020:19:54:02 +0100] "GET /candy-cloud-hair-brush-pistachio-p-46654.html HTTP/1.0" 200 72532 "-" "Mozilla/5.0 (compatible; bingbot/2.0; +http://www.bing.com/bingbot.htm)"
13.66.139.101 - - [26/Dec/2020:19:54:03 +0100] "GET /british-no-stress-eyelets-sheer-p-39099.html HTTP/1.0" 200 74066 "-" "Mozilla/5.0 (compatible; bingbot/2.0; +http://www.bing.com/bingbot.htm)"
13.66.139.101 - - [26/Dec/2020:19:54:04 +0100] "GET /quebec-pot-cookware-cbkreation-p-29711.html HTTP/1.0" 200 71880 "-" "Mozilla/5.0 (compatible; bingbot/2.0; +http://www.bing.com/bingbot.htm)"
13.66.139.101 - - [26/Dec/2020:19:54:05 +0100] "GET /sonny-angel-mini-stickers-p-19428.html HTTP/1.0" 200 71670 "-" "Mozilla/5.0 (compatible; bingbot/2.0; +http://www.bing.com/bingbot.htm)"
13.66.139.101 - - [26/Dec/2020:19:54:06 +0100] "GET /chair-cushion-reversible-red-and-lin-38-cm-p-39586.html HTTP/1.0" 200 72024 "-" "Mozilla/5.0 (compatible; bingbot/2.0; +http://www.bing.com/bingbot.htm)"
157.55.39.186 - - [26/Dec/2020:19:54:09 +0100] "GET /swfobject.js HTTP/1.0" 404 1308 "-" "Mozilla/5.0 (compatible; bingbot/2.0; +http://www.bing.com/bingbot.htm)"
13.66.139.136 - - [26/Dec/2020:19:54:15 +0100] "GET /maximus-horse-figure-p-15657.html HTTP/1.0" 200 69262 "-" "Mozilla/5.0 (compatible; bingbot/2.0; +http://www.bing.com/bingbot.htm)"
54.36.149.25 - - [26/Dec/2020:19:54:15 +0100] "GET /frankie-stein-figure-p-22565.html HTTP/1.0" 200 71893 "-" "Mozilla/5.0 (compatible; AhrefsBot/7.0; +http://ahrefs.com/robot/)"
13.66.139.136 - - [26/Dec/2020:19:54:16 +0100] "GET /beyblade-beach-towel-p-14851.html HTTP/1.0" 200 69262 "-" "Mozilla/5.0 (compatible; bingbot/2.0; +http://www.bing.com/bingbot.htm)"
13.66.139.136 - - [26/Dec/2020:19:54:16 +0100] "GET /-p-32207.html HTTP/1.0" 200 69192 "-" "Mozilla/5.0 (compatible; bingbot/2.0; +http://www.bing.com/bingbot.htm)"
13.66.139.136 - - [26/Dec/2020:19:54:17 +0100] "GET /fdm-fiers-etre-marseillais-baby-sweatsuit-p-29987.html HTTP/1.0" 200 73685 "-" "Mozilla/5.0 (compatible; bingbot/2.0; +http://www.bing.com/bingbot.htm)"
13.66.139.136 - - [26/Dec/2020:19:54:18 +0100] "GET /lyon-kitchen-towel-p-38796.html HTTP/1.0" 200 71787 "-" "Mozilla/5.0 (compatible; bingbot/2.0; +http://www.bing.com/bingbot.htm)"
13.66.139.136 - - [26/Dec/2020:19:54:19 +0100] "GET /elvis-lighter-p-22420.html HTTP/1.0" 200 74072 "-" "Mozilla/5.0 (compatible; bingbot/2.0; +http://www.bing.com/bingbot.htm)"
13.66.139.136 - - [26/Dec/2020:19:54:20 +0100] "GET /dusty-planes-poster-p-30879.html HTTP/1.0" 200 71829 "-" "Mozilla/5.0 (compatible; bingbot/2.0; +http://www.bing.com/bingbot.htm)"
13.66.139.136 - - [26/Dec/2020:19:54:21 +0100] "GET /miss-sunshine-money-box-p-2715.html HTTP/1.0" 200 71795 "-" "Mozilla/5.0 (compatible; bingbot/2.0; +http://www.bing.com/bingbot.htm)"
13.66.139.136 - - [26/Dec/2020:19:54:22 +0100] "GET /panda-hot-water-bottle-p-48678.html HTTP/1.0" 200 71843 "-" "Mozilla/5.0 (compatible; bingbot/2.0; +http://www.bing.com/bingbot.htm)"
13.66.139.136 - - [26/Dec/2020:19:54:23 +0100] "GET /paris-corkscrew-triumphal-arch-bronze-color-p-38609.html HTTP/1.0" 200 72006 "-" "Mozilla/5.0 (compatible; bingbot/2.0; +http://www.bing.com/bingbot.htm)"
13.66.139.136 - - [26/Dec/2020:19:54:24 +0100] "GET /coca-cola-mirror-p-28092.html HTTP/1.0" 200 71752 "-" "Mozilla/5.0 (compatible; bingbot/2.0; +http://www.bing.com/bingbot.htm)"
13.66.139.136 - - [26/Dec/2020:19:54:25 +0100] "GET /genie-from-aladdin-disney-traditions-p-47004.html HTTP/1.0" 200 72935 "-" "Mozilla/5.0 (compatible; bingbot/2.0; +http://www.bing.com/bingbot.htm)"
13.66.139.136 - - [26/Dec/2020:19:54:26 +0100] "GET /purse-leather-purse-navy-anchor-gray-p-47352.html HTTP/1.0" 200 72593 "-" "Mozilla/5.0 (compatible; bingbot/2.0; +http://www.bing.com/bingbot.htm)"
13.66.139.136 - - [26/Dec/2020:19:54:27 +0100] "GET /goldorak-mug-p-30225.html HTTP/1.0" 200 71801 "-" "Mozilla/5.0 (compatible; bingbot/2.0; +http://www.bing.com/bingbot.htm)"
13.66.139.136 - - [26/Dec/2020:19:54:27 +0100] "GET /bamboo-pot-mister-sucre-p-48630.html HTTP/1.0" 200 71831 "-" "Mozilla/5.0 (compatible; bingbot/2.0; +http://www.bing.com/bingbot.htm)"
13.66.139.136 - - [26/Dec/2020:19:54:28 +0100] "GET /taz-pencil-case-p-3528.html HTTP/1.0" 200 71973 "-" "Mozilla/5.0 (compatible; bingbot/2.0; +http://www.bing.com/bingbot.htm)"
13.66.139.136 - - [26/Dec/2020:19:54:58 +0100] "GET /-p-22743.html HTTP/1.0" 200 69192 "-" "Mozilla/5.0 (compatible; bingbot/2.0; +http://www.bing.com/bingbot.htm)"
13.66.139.136 - - [26/Dec/2020:19:54:59 +0100] "GET /-p-22744.html HTTP/1.0" 200 69192 "-" "Mozilla/5.0 (compatible; bingbot/2.0; +http://www.bing.com/bingbot.htm)"
51.68.224.127 - - [26/Dec/2020:19:55:04 +0100] "GET /adminweb/export_orders_xml.php?token=256de2z6edz6ed2z6DFSFsed2zed6zeDSFDSGdzedezfzf&maxorders=10&orderstart=1&status=14&start_date=2018-10-01 HTTP/1.0" 200 285 "-" "GesCom CharlotteBoutik Serveur"
51.68.224.127 - - [26/Dec/2020:19:55:04 +0100] "GET /adminweb/export_orders_xml.php?token=256de2z6edz6ed2z6DFSFsed2zed6zeDSFDSGdzedezfzf&maxorders=10&orderstart=1&status=6&start_date=2018-10-01 HTTP/1.0" 200 30026 "-" "GesCom CharlotteBoutik Serveur"
13.66.139.136 - - [26/Dec/2020:19:55:36 +0100] "GET /coffee-and-tea-box-c-13_150_153.html?page=2 HTTP/1.0" 200 89579 "-" "Mozilla/5.0 (compatible; bingbot/2.0; +http://www.bing.com/bingbot.htm)"
114.119.150.15 - - [26/Dec/2020:19:56:29 +0100] "GET /images/big_prod_2/865GJ01b.jpg HTTP/1.0" 200 265 "-" "Mozilla/5.0 (Linux; Android 7.0;) AppleWebKit/537.36 (KHTML, like Gecko) Mobile Safari/537.36 (compatible; PetalBot;+https://aspiegel.com/petalbot)"
13.66.139.41 - - [26/Dec/2020:19:56:40 +0100] "GET /-p-36489.html HTTP/1.0" 200 69192 "-" "Mozilla/5.0 (compatible; bingbot/2.0; +http://www.bing.com/bingbot.htm)"
13.66.139.41 - - [26/Dec/2020:19:56:41 +0100] "GET /-p-5770.html HTTP/1.0" 200 69190 "-" "Mozilla/5.0 (compatible; bingbot/2.0; +http://www.bing.com/bingbot.htm)"
13.66.139.41 - - [26/Dec/2020:19:56:42 +0100] "GET /grey-garden-bedclothes-260-240-cm-p-39996.html HTTP/1.0" 200 71958 "-" "Mozilla/5.0 (compatible; bingbot/2.0; +http://www.bing.com/bingbot.htm)"
13.66.139.136 - - [26/Dec/2020:19:57:08 +0100] "GET /collectible-figurines-and-decorative-c-13_135.html HTTP/1.0" 200 95418 "-" "Mozilla/5.0 (compatible; bingbot/2.0; +http://www.bing.com/bingbot.htm)"
179.43.141.76 - - [26/Dec/2020:19:57:26 +0100] "GET /snowman-solar-powered-dancing-p-34143.html]Test HTTP/1.0" 301 609 "http://wonder-geek.com/snowman-solar-powered-dancing-p-34143.html]Test" "Mozilla/5.0 (Windows NT 10.0; Win64; x64) AppleWebKit/537.36 (KHTML, like Gecko) Chrome/83.0.4100.3 Safari/537.36"
179.43.141.76 - - [26/Dec/2020:19:57:26 +0100] "GET /snowman-solar-powered-dancing-p-34143.html%5dTest HTTP/1.0" 404 1308 "http://www.wonder-geek.com/snowman-solar-powered-dancing-p-34143.html%5dTest" "Mozilla/5.0 (Windows NT 10.0; Win64; x64) AppleWebKit/537.36 (KHTML, like Gecko) Chrome/83.0.4100.3 Safari/537.36"
179.43.141.76 - - [26/Dec/2020:19:57:26 +0100] "GET / HTTP/1.0" 301 511 "http://wonder-geek.com/" "Mozilla/5.0 (Windows NT 10.0; Win64; x64) AppleWebKit/537.36 (KHTML, like Gecko) Chrome/83.0.4100.3 Safari/537.36"
17.58.101.145 - - [26/Dec/2020:19:57:27 +0100] "GET /porcelain-guardian-mini-statuette-star-p-44356.html HTTP/1.0" 301 69259 "-" "Mozilla/5.0 (Macintosh; Intel Mac OS X 10_15_5) AppleWebKit/605.1.15 (KHTML, like Gecko) Version/13.1.1 Safari/605.1.15 (Applebot/0.1; +http://www.apple.com/go/applebot)"
179.43.141.76 - - [26/Dec/2020:19:57:27 +0100] "GET / HTTP/1.0" 200 149924 "http://www.wonder-geek.com/" "Mozilla/5.0 (Windows NT 10.0; Win64; x64) AppleWebKit/537.36 (KHTML, like Gecko) Chrome/83.0.4100.3 Safari/537.36"
179.43.141.76 - - [26/Dec/2020:19:57:29 +0100] "GET /trivet-and-boards-cut-c-12_158.html HTTP/1.0" 200 93009 "http://www.wonder-geek.com/trivet-and-boards-cut-c-12_158.html" "Mozilla/5.0 (Windows NT 10.0; Win64; x64) AppleWebKit/537.36 (KHTML, like Gecko) Chrome/83.0.4100.3 Safari/537.36"
17.58.101.145 - - [26/Dec/2020:19:57:28 +0100] "GET /-p-44356.html HTTP/1.0" 200 69192 "-" "Mozilla/5.0 (Macintosh; Intel Mac OS X 10_15_5) AppleWebKit/605.1.15 (KHTML, like Gecko) Version/13.1.1 Safari/605.1.15 (Applebot/0.1; +http://www.apple.com/go/applebot)"
179.43.141.76 - - [26/Dec/2020:19:57:30 +0100] "GET /cardboard-boxes-and-storage-c-13_150_216.html HTTP/1.0" 200 77444 "http://www.wonder-geek.com/cardboard-boxes-and-storage-c-13_150_216.html" "Mozilla/5.0 (Windows NT 10.0; Win64; x64) AppleWebKit/537.36 (KHTML, like Gecko) Chrome/83.0.4100.3 Safari/537.36"
179.43.141.76 - - [26/Dec/2020:19:57:30 +0100] "GET /cushion-headboard-c-11_173.html HTTP/1.0" 200 88854 "http://www.wonder-geek.com/cushion-headboard-c-11_173.html" "Mozilla/5.0 (Windows NT 10.0; Win64; x64) AppleWebKit/537.36 (KHTML, like Gecko) Chrome/83.0.4100.3 Safari/537.36"
179.43.141.76 - - [26/Dec/2020:19:57:31 +0100] "GET /contact_us.php HTTP/1.0" 200 26241 "http://www.wonder-geek.com/contact_us.php" "Mozilla/5.0 (Windows NT 10.0; Win64; x64) AppleWebKit/537.36 (KHTML, like Gecko) Chrome/83.0.4100.3 Safari/537.36"
179.43.141.76 - - [26/Dec/2020:19:57:41 +0100] "POST /contact_us.php?action=send HTTP/1.0" 200 27091 "http://www.wonder-geek.com/contact_us.php" "Mozilla/5.0 (Windows NT 10.0; Win64; x64) AppleWebKit/537.36 (KHTML, like Gecko) Chrome/83.0.4100.3 Safari/537.36"
157.55.39.94 - - [26/Dec/2020:19:58:01 +0100] "GET /horse-backpack-p-22206.html HTTP/1.0" 200 71973 "-" "Mozilla/5.0 (compatible; bingbot/2.0; +http://www.bing.com/bingbot.htm)"
54.36.148.87 - - [26/Dec/2020:19:58:21 +0100] "GET /dresses-skirts-c-1_19.html HTTP/1.0" 200 78860 "-" "Mozilla/5.0 (compatible; AhrefsBot/7.0; +http://ahrefs.com/robot/)"
13.66.139.41 - - [26/Dec/2020:19:58:52 +0100] "GET /transformers-prime-optimus-prime-figure-p-21596.html HTTP/1.0" 200 69378 "-" "Mozilla/5.0 (compatible; bingbot/2.0; +http://www.bing.com/bingbot.htm)"
13.66.139.41 - - [26/Dec/2020:19:58:53 +0100] "GET /mustache-mouse-pad-cbkreation-p-20056.html HTTP/1.0" 200 71847 "-" "Mozilla/5.0 (compatible; bingbot/2.0; +http://www.bing.com/bingbot.htm)"
13.66.139.101 - - [26/Dec/2020:19:59:55 +0100] "GET /tetsubin-dark-red-teapot-japanese-liter-p-36404.html HTTP/1.0" 200 72215 "-" "Mozilla/5.0 (compatible; bingbot/2.0; +http://www.bing.com/bingbot.htm)"
13.66.139.101 - - [26/Dec/2020:19:59:56 +0100] "GET /jamaica-mouse-pad-cbkreation-p-13981.html HTTP/1.0" 200 71839 "-" "Mozilla/5.0 (compatible; bingbot/2.0; +http://www.bing.com/bingbot.htm)"
207.46.13.158 - - [26/Dec/2020:20:00:04 +0100] "GET /-p-30841.html HTTP/1.0" 200 69192 "-" "Mozilla/5.0 (compatible; bingbot/2.0; +http://www.bing.com/bingbot.htm)"
77.75.78.168 - - [26/Dec/2020:20:00:27 +0100] "GET /robots.txt HTTP/1.0" 200 245 "-" "Mozilla/5.0 (compatible; SeznamBot/3.2; +http://napoveda.seznam.cz/en/seznambot-intro/)"
77.75.78.168 - - [26/Dec/2020:20:00:27 +0100] "GET /images/mini_prod/8422020200000a.jpg HTTP/1.0" 200 270 "-" "Mozilla/5.0 (compatible; SeznamBot/3.2; +http://napoveda.seznam.cz/en/seznambot-intro/)"
114.119.129.36 - - [26/Dec/2020:20:00:51 +0100] "GET /images/mini_prod/3612875123332.jpg HTTP/1.0" 200 269 "-" "Mozilla/5.0 (Linux; Android 7.0;) AppleWebKit/537.36 (KHTML, like Gecko) Mobile Safari/537.36 (compatible; PetalBot;+https://aspiegel.com/petalbot)"
72.141.152.207 - - [26/Dec/2020:20:01:43 +0100] "GET /images/med_prod/4036113301310N.jpg HTTP/1.0" 200 269 "https://www.bing.com/" "Mozilla/5.0 (Macintosh; Intel Mac OS X 10.11; rv:78.0) Gecko/20100101 Firefox/78.0"
13.66.139.136 - - [26/Dec/2020:20:02:12 +0100] "GET /-p-20655.html HTTP/1.0" 200 69192 "-" "Mozilla/5.0 (compatible; bingbot/2.0; +http://www.bing.com/bingbot.htm)"
54.36.149.35 - - [26/Dec/2020:20:02:21 +0100] "GET /specials.php HTTP/1.0" 200 130010 "-" "Mozilla/5.0 (compatible; AhrefsBot/7.0; +http://ahrefs.com/robot/)"
72.141.152.207 - - [26/Dec/2020:20:02:41 +0100] "GET /images/med_prod/4036113307251.jpg HTTP/1.0" 200 268 "https://www.bing.com/" "Mozilla/5.0 (Macintosh; Intel Mac OS X 10.11; rv:78.0) Gecko/20100101 Firefox/78.0"
13.66.139.41 - - [26/Dec/2020:20:02:51 +0100] "GET /charlie-chaplin-garcon-de-cafe-large-metal-plate-p-15318.html HTTP/1.0" 200 69423 "-" "Mozilla/5.0 (compatible; bingbot/2.0; +http://www.bing.com/bingbot.htm)"
13.66.139.41 - - [26/Dec/2020:20:02:52 +0100] "GET /winnie-the-pooh-umbrella-p-20502.html HTTP/1.0" 200 69303 "-" "Mozilla/5.0 (compatible; bingbot/2.0; +http://www.bing.com/bingbot.htm)"
13.66.139.41 - - [26/Dec/2020:20:02:53 +0100] "GET /maya-the-bees-toddler-flatware-set-p-14393.html HTTP/1.0" 200 69318 "-" "Mozilla/5.0 (compatible; bingbot/2.0; +http://www.bing.com/bingbot.htm)"
13.66.139.41 - - [26/Dec/2020:20:02:54 +0100] "GET /hello-kitty-bedside-lamp-p-13490.html HTTP/1.0" 200 69303 "-" "Mozilla/5.0 (compatible; bingbot/2.0; +http://www.bing.com/bingbot.htm)"
13.66.139.41 - - [26/Dec/2020:20:02:55 +0100] "GET /-p-37213.html HTTP/1.0" 200 69192 "-" "Mozilla/5.0 (compatible; bingbot/2.0; +http://www.bing.com/bingbot.htm)"
13.66.139.41 - - [26/Dec/2020:20:02:56 +0100] "GET /-p-22457.html HTTP/1.0" 200 69192 "-" "Mozilla/5.0 (compatible; bingbot/2.0; +http://www.bing.com/bingbot.htm)"
13.66.139.41 - - [26/Dec/2020:20:02:57 +0100] "GET /-p-34394.html HTTP/1.0" 200 69192 "-" "Mozilla/5.0 (compatible; bingbot/2.0; +http://www.bing.com/bingbot.htm)"
13.66.139.41 - - [26/Dec/2020:20:02:58 +0100] "GET /-p-22382.html HTTP/1.0" 200 69192 "-" "Mozilla/5.0 (compatible; bingbot/2.0; +http://www.bing.com/bingbot.htm)"
13.66.139.41 - - [26/Dec/2020:20:02:58 +0100] "GET /oldsmobile-44-canvas-frame-p-19744.html HTTP/1.0" 200 71921 "-" "Mozilla/5.0 (compatible; bingbot/2.0; +http://www.bing.com/bingbot.htm)"
13.66.139.41 - - [26/Dec/2020:20:02:59 +0100] "GET /small-metal-plate-collection-vespa-get-the-best-p-16831.html HTTP/1.0" 200 72737 "-" "Mozilla/5.0 (compatible; bingbot/2.0; +http://www.bing.com/bingbot.htm)"
13.66.139.41 - - [26/Dec/2020:20:03:00 +0100] "GET /cabin-londoner-metal-keyring-p-18870.html HTTP/1.0" 200 71865 "-" "Mozilla/5.0 (compatible; bingbot/2.0; +http://www.bing.com/bingbot.htm)"
13.66.139.41 - - [26/Dec/2020:20:03:01 +0100] "GET /beyond-charms-keychain-elephant-p-51831.html HTTP/1.0" 200 73116 "-" "Mozilla/5.0 (compatible; bingbot/2.0; +http://www.bing.com/bingbot.htm)"
13.66.139.41 - - [26/Dec/2020:20:03:02 +0100] "GET /unicorn-plush-pink-and-white-11-cm-p-47653.html HTTP/1.0" 200 71951 "-" "Mozilla/5.0 (compatible; bingbot/2.0; +http://www.bing.com/bingbot.htm)"
13.66.139.41 - - [26/Dec/2020:20:03:03 +0100] "GET /bottle-despicable-me-p-36838.html HTTP/1.0" 200 71812 "-" "Mozilla/5.0 (compatible; bingbot/2.0; +http://www.bing.com/bingbot.htm)"
13.66.139.41 - - [26/Dec/2020:20:03:04 +0100] "GET /despicable-me-desk-p-32464.html HTTP/1.0" 200 71837 "-" "Mozilla/5.0 (compatible; bingbot/2.0; +http://www.bing.com/bingbot.htm)"
13.66.139.41 - - [26/Dec/2020:20:03:05 +0100] "GET /cement-tile-stickers-15-15-cm-black-and-white-p-45011.html HTTP/1.0" 200 72249 "-" "Mozilla/5.0 (compatible; bingbot/2.0; +http://www.bing.com/bingbot.htm)"
13.66.139.41 - - [26/Dec/2020:20:03:06 +0100] "GET /strawberry-shortcake-jean-p-30230.html HTTP/1.0" 200 72289 "-" "Mozilla/5.0 (compatible; bingbot/2.0; +http://www.bing.com/bingbot.htm)"
