13.66.139.85 - - [26/Dec/2020:06:04:35 +0100] "GET /-p-19544.html HTTP/1.0" 200 69192 "-" "Mozilla/5.0 (compatible; bingbot/2.0; +http://www.bing.com/bingbot.htm)"
66.249.70.62 - - [26/Dec/2020:06:04:53 +0100] "GET /images/mini_prod/1384010184592.jpg HTTP/1.0" 200 269 "-" "Googlebot-Image/1.0"
51.68.224.127 - - [26/Dec/2020:06:07:05 +0100] "GET /adminweb/export_orders_xml.php?token=256de2z6edz6ed2z6DFSFsed2zed6zeDSFDSGdzedezfzf&maxorders=10&orderstart=1&status=14&start_date=2018-10-01 HTTP/1.0" 200 285 "-" "GesCom CharlotteBoutik Serveur"
51.68.224.127 - - [26/Dec/2020:06:07:05 +0100] "GET /adminweb/export_orders_xml.php?token=256de2z6edz6ed2z6DFSFsed2zed6zeDSFDSGdzedezfzf&maxorders=10&orderstart=1&status=6&start_date=2018-10-01 HTTP/1.0" 200 30026 "-" "GesCom CharlotteBoutik Serveur"
157.55.39.94 - - [26/Dec/2020:06:07:38 +0100] "GET /games-and-toys/figures/101-dalmatians-freckles-figure-p-4703.html HTTP/1.0" 301 641 "-" "Mozilla/5.0 (compatible; bingbot/2.0; +http://www.bing.com/bingbot.htm)"
114.119.154.200 - - [26/Dec/2020:06:07:58 +0100] "GET /paris-cushion-p-24497.html HTTP/1.0" 200 72095 "-" "Mozilla/5.0 (Linux; Android 7.0;) AppleWebKit/537.36 (KHTML, like Gecko) Mobile Safari/537.36 (compatible; PetalBot;+https://aspiegel.com/petalbot)"
13.66.139.41 - - [26/Dec/2020:06:08:56 +0100] "GET /-p-23458.html HTTP/1.0" 200 69192 "-" "Mozilla/5.0 (compatible; bingbot/2.0; +http://www.bing.com/bingbot.htm)"
54.36.148.10 - - [26/Dec/2020:06:08:59 +0100] "GET /wallet-c-31_237.html HTTP/1.0" 200 90633 "-" "Mozilla/5.0 (compatible; AhrefsBot/7.0; +http://ahrefs.com/robot/)"
40.77.167.36 - - [26/Dec/2020:06:09:38 +0100] "GET /paris-corkscrew-notre-dame-de-paris-grey-metal-p-38608.html HTTP/1.0" 200 72025 "-" "Mozilla/5.0 (compatible; bingbot/2.0; +http://www.bing.com/bingbot.htm)"
40.77.167.36 - - [26/Dec/2020:06:10:28 +0100] "GET /nici-leopard-plush-23-cm-p-22794.html HTTP/1.0" 200 78637 "-" "Mozilla/5.0 (compatible; bingbot/2.0; +http://www.bing.com/bingbot.htm)"
114.119.147.45 - - [26/Dec/2020:06:12:19 +0100] "GET /dubout-cats-white-wallet-p-37043.html HTTP/1.0" 200 71910 "-" "Mozilla/5.0 (Linux; Android 7.0;) AppleWebKit/537.36 (KHTML, like Gecko) Mobile Safari/537.36 (compatible; PetalBot;+https://aspiegel.com/petalbot)"
207.46.13.51 - - [26/Dec/2020:06:13:37 +0100] "GET /zen-lotus-canvas-frame-20-20-cm-p-33992.html HTTP/1.0" 200 71979 "-" "Mozilla/5.0 (compatible; bingbot/2.0; +http://www.bing.com/bingbot.htm)"
77.75.76.165 - - [26/Dec/2020:06:14:29 +0100] "GET /robots.txt HTTP/1.0" 200 245 "-" "Mozilla/5.0 (compatible; SeznamBot/3.2; +http://napoveda.seznam.cz/en/seznambot-intro/)"
77.75.76.165 - - [26/Dec/2020:06:14:30 +0100] "GET /images/mini_prod/3665269091809.jpg HTTP/1.0" 200 269 "-" "Mozilla/5.0 (compatible; SeznamBot/3.2; +http://napoveda.seznam.cz/en/seznambot-intro/)"
13.66.139.41 - - [26/Dec/2020:06:14:36 +0100] "GET /office-items-c-97_100.html HTTP/1.0" 200 89324 "-" "Mozilla/5.0 (compatible; bingbot/2.0; +http://www.bing.com/bingbot.htm)"
66.249.70.62 - - [26/Dec/2020:06:14:45 +0100] "GET /images/mini_prod/b1300000022743.jpg HTTP/1.0" 200 270 "-" "Googlebot-Image/1.0"
207.46.13.49 - - [26/Dec/2020:06:14:59 +0100] "GET /kitten-cardboard-box-mod-p-27644.html HTTP/1.0" 200 72067 "-" "Mozilla/5.0 (compatible; bingbot/2.0; +http://www.bing.com/bingbot.htm)"
54.36.148.87 - - [26/Dec/2020:06:15:58 +0100] "GET /pots-and-cookie-jars-c-12_250.html HTTP/1.0" 200 90159 "-" "Mozilla/5.0 (compatible; AhrefsBot/7.0; +http://ahrefs.com/robot/)"
114.119.132.105 - - [26/Dec/2020:06:16:40 +0100] "GET /house-rules-large-metal-plate-deco-p-36113.html HTTP/1.0" 200 71930 "-" "Mozilla/5.0 (Linux; Android 7.0;) AppleWebKit/537.36 (KHTML, like Gecko) Mobile Safari/537.36 (compatible; PetalBot;+https://aspiegel.com/petalbot)"
207.46.13.49 - - [26/Dec/2020:06:17:05 +0100] "GET /coca-cola-velvet-pouch-p-19520.html HTTP/1.0" 200 72331 "-" "Mozilla/5.0 (compatible; bingbot/2.0; +http://www.bing.com/bingbot.htm)"
13.66.139.85 - - [26/Dec/2020:06:17:10 +0100] "GET /-p-22991.html HTTP/1.0" 200 69192 "-" "Mozilla/5.0 (compatible; bingbot/2.0; +http://www.bing.com/bingbot.htm)"
13.66.139.85 - - [26/Dec/2020:06:17:11 +0100] "GET /-p-32694.html HTTP/1.0" 200 69192 "-" "Mozilla/5.0 (compatible; bingbot/2.0; +http://www.bing.com/bingbot.htm)"
103.119.116.26 - - [26/Dec/2020:06:17:31 +0100] "GET /contact_us.php HTTP/1.0" 200 26241 "http://www.wonder-geek.com/contact_us.php" "Mozilla/5.0 (Windows NT 10.0; Win64; x64) AppleWebKit/537.36 (KHTML, like Gecko) Chrome/83.0.4103.61 Safari/537.36 Edg/83.0.478.37"
103.119.116.26 - - [26/Dec/2020:06:17:33 +0100] "POST /contact_us.php?action=send HTTP/1.0" 200 26479 "http://www.wonder-geek.com/contact_us.php" "Mozilla/5.0 (Windows NT 10.0; Win64; x64) AppleWebKit/537.36 (KHTML, like Gecko) Chrome/83.0.4103.61 Safari/537.36 Edg/83.0.478.37"
13.66.139.136 - - [26/Dec/2020:06:18:21 +0100] "GET /-p-23813.html HTTP/1.0" 200 69192 "-" "Mozilla/5.0 (compatible; bingbot/2.0; +http://www.bing.com/bingbot.htm)"
40.77.167.36 - - [26/Dec/2020:06:18:46 +0100] "GET /volkswagen-box-of-mini-magnets-enamelled-p-31623.html HTTP/1.0" 200 72184 "-" "Mozilla/5.0 (compatible; bingbot/2.0; +http://www.bing.com/bingbot.htm)"
13.66.139.41 - - [26/Dec/2020:06:18:51 +0100] "GET /collectible-figurines-and-decorative-c-13_135.html?page=8 HTTP/1.0" 200 95466 "-" "Mozilla/5.0 (compatible; bingbot/2.0; +http://www.bing.com/bingbot.htm)"
13.66.139.41 - - [26/Dec/2020:06:18:52 +0100] "GET /-p-13915.html HTTP/1.0" 200 69192 "-" "Mozilla/5.0 (compatible; bingbot/2.0; +http://www.bing.com/bingbot.htm)"
13.66.139.136 - - [26/Dec/2020:06:19:25 +0100] "GET /-p-18792.html HTTP/1.0" 200 69192 "-" "Mozilla/5.0 (compatible; bingbot/2.0; +http://www.bing.com/bingbot.htm)"
13.66.139.41 - - [26/Dec/2020:06:19:50 +0100] "GET /adults-c-53.html HTTP/1.0" 200 91946 "-" "Mozilla/5.0 (compatible; bingbot/2.0; +http://www.bing.com/bingbot.htm)"
114.119.129.36 - - [26/Dec/2020:06:20:56 +0100] "GET /wall-stickers-indian-style-buffalo-skull-p-39241.html HTTP/1.0" 200 72020 "-" "Mozilla/5.0 (Linux; Android 7.0;) AppleWebKit/537.36 (KHTML, like Gecko) Mobile Safari/537.36 (compatible; PetalBot;+https://aspiegel.com/petalbot)"
54.36.148.87 - - [26/Dec/2020:06:22:57 +0100] "GET /salt-and-pepper-shaker-sets-c-12_160.html HTTP/1.0" 200 89724 "-" "Mozilla/5.0 (compatible; AhrefsBot/7.0; +http://ahrefs.com/robot/)"
51.68.224.127 - - [26/Dec/2020:06:22:59 +0100] "GET /adminweb/export_orders_xml.php?token=256de2z6edz6ed2z6DFSFsed2zed6zeDSFDSGdzedezfzf&maxorders=10&orderstart=1&status=14&start_date=2018-10-01 HTTP/1.0" 200 285 "-" "GesCom CharlotteBoutik Serveur"
51.68.224.127 - - [26/Dec/2020:06:22:59 +0100] "GET /adminweb/export_orders_xml.php?token=256de2z6edz6ed2z6DFSFsed2zed6zeDSFDSGdzedezfzf&maxorders=10&orderstart=1&status=6&start_date=2018-10-01 HTTP/1.0" 200 30026 "-" "GesCom CharlotteBoutik Serveur"
66.249.70.36 - - [26/Dec/2020:06:23:17 +0100] "GET /emily-the-strange-round-kit-p-15088.html HTTP/1.0" 200 72123 "-" "Mozilla/5.0 (compatible; Googlebot/2.1; +http://www.google.com/bot.html)"
66.249.70.33 - - [26/Dec/2020:06:24:45 +0100] "GET /images/big_prod/3700281645453.jpg HTTP/1.0" 200 268 "-" "Googlebot-Image/1.0"
114.119.158.196 - - [26/Dec/2020:06:25:17 +0100] "GET /michelle-arlen-owl-glass-clock-p-24295.html HTTP/1.0" 200 72237 "-" "Mozilla/5.0 (Linux; Android 7.0;) AppleWebKit/537.36 (KHTML, like Gecko) Mobile Safari/537.36 (compatible; PetalBot;+https://aspiegel.com/petalbot)"
54.36.148.250 - - [26/Dec/2020:06:29:26 +0100] "GET /scented-candles-and-novenas-c-231_227.html HTTP/1.0" 200 92739 "-" "Mozilla/5.0 (compatible; AhrefsBot/7.0; +http://ahrefs.com/robot/)"
114.119.130.202 - - [26/Dec/2020:06:29:38 +0100] "GET /minnie-mousse-marionette-figure-p-13014.html HTTP/1.0" 200 74507 "-" "Mozilla/5.0 (Linux; Android 7.0;) AppleWebKit/537.36 (KHTML, like Gecko) Mobile Safari/537.36 (compatible; PetalBot;+https://aspiegel.com/petalbot)"
157.55.39.94 - - [26/Dec/2020:06:32:20 +0100] "GET /mobile-bells-metal-butterfly-p-41510.html HTTP/1.0" 200 71896 "-" "Mozilla/5.0 (compatible; bingbot/2.0; +http://www.bing.com/bingbot.htm)"
207.46.13.225 - - [26/Dec/2020:06:32:51 +0100] "GET /french-delicacies-glass-coaster-p-32861.html HTTP/1.0" 200 71888 "-" "Mozilla/5.0 (compatible; bingbot/2.0; +http://www.bing.com/bingbot.htm)"
114.119.132.105 - - [26/Dec/2020:06:34:00 +0100] "GET /captain-america-keyring-p-32339.html HTTP/1.0" 200 71840 "-" "Mozilla/5.0 (Linux; Android 7.0;) AppleWebKit/537.36 (KHTML, like Gecko) Mobile Safari/537.36 (compatible; PetalBot;+https://aspiegel.com/petalbot)"
185.191.171.26 - - [26/Dec/2020:06:34:43 +0100] "GET /robots.txt HTTP/1.0" 200 245 "-" "Mozilla/5.0 (compatible; SemrushBot/7~bl; +http://www.semrush.com/bot.html)"
185.191.171.39 - - [26/Dec/2020:06:34:44 +0100] "GET /laundry-basket-mdf-60-cm-p-52175.html?action=add_product HTTP/1.0" 302 476 "-" "Mozilla/5.0 (compatible; SemrushBot/7~bl; +http://www.semrush.com/bot.html)"
54.36.148.87 - - [26/Dec/2020:06:35:30 +0100] "GET /school-trolley-c-31_169.html HTTP/1.0" 200 81543 "-" "Mozilla/5.0 (compatible; AhrefsBot/7.0; +http://ahrefs.com/robot/)"
157.55.39.94 - - [26/Dec/2020:06:35:31 +0100] "GET /the-beatles-travel-mug-p-12698.html HTTP/1.0" 200 71745 "-" "Mozilla/5.0 (compatible; bingbot/2.0; +http://www.bing.com/bingbot.htm)"
157.55.39.214 - - [26/Dec/2020:06:36:16 +0100] "GET /collectible-statuette-mickey-top-hat-by-britto-p-51923.html HTTP/1.0" 200 73473 "-" "Mozilla/5.0 (compatible; bingbot/2.0; +http://www.bing.com/bingbot.htm)"
13.66.139.41 - - [26/Dec/2020:06:38:09 +0100] "GET /-p-20219.html HTTP/1.0" 200 69192 "-" "Mozilla/5.0 (compatible; bingbot/2.0; +http://www.bing.com/bingbot.htm)"
114.119.150.15 - - [26/Dec/2020:06:38:20 +0100] "GET /the-spirit-of-nature-p-39833.html HTTP/1.0" 200 71787 "-" "Mozilla/5.0 (Linux; Android 7.0;) AppleWebKit/537.36 (KHTML, like Gecko) Mobile Safari/537.36 (compatible; PetalBot;+https://aspiegel.com/petalbot)"
17.58.101.147 - - [26/Dec/2020:06:38:27 +0100] "GET /alarms-clocks-c-13_65.html HTTP/1.0" 200 90175 "-" "Mozilla/5.0 (Macintosh; Intel Mac OS X 10_15_5) AppleWebKit/605.1.15 (KHTML, like Gecko) Version/13.1.1 Safari/605.1.15 (Applebot/0.1; +http://www.apple.com/go/applebot)"
207.46.13.158 - - [26/Dec/2020:06:38:51 +0100] "GET /smith-and-wesson-metal-plate-deco-405-215-cm-p-41074.html HTTP/1.0" 200 72020 "-" "Mozilla/5.0 (compatible; bingbot/2.0; +http://www.bing.com/bingbot.htm)"
51.68.224.127 - - [26/Dec/2020:06:39:11 +0100] "GET /adminweb/export_orders_xml.php?token=256de2z6edz6ed2z6DFSFsed2zed6zeDSFDSGdzedezfzf&maxorders=10&orderstart=1&status=14&start_date=2018-10-01 HTTP/1.0" 200 285 "-" "GesCom CharlotteBoutik Serveur"
51.68.224.127 - - [26/Dec/2020:06:39:11 +0100] "GET /adminweb/export_orders_xml.php?token=256de2z6edz6ed2z6DFSFsed2zed6zeDSFDSGdzedezfzf&maxorders=10&orderstart=1&status=6&start_date=2018-10-01 HTTP/1.0" 200 30026 "-" "GesCom CharlotteBoutik Serveur"
13.66.139.85 - - [26/Dec/2020:06:42:09 +0100] "GET /-p-11128.html HTTP/1.0" 200 69192 "-" "Mozilla/5.0 (compatible; bingbot/2.0; +http://www.bing.com/bingbot.htm)"
13.66.139.85 - - [26/Dec/2020:06:42:10 +0100] "GET /-p-41573.html HTTP/1.0" 200 69192 "-" "Mozilla/5.0 (compatible; bingbot/2.0; +http://www.bing.com/bingbot.htm)"
54.36.148.87 - - [26/Dec/2020:06:42:18 +0100] "GET /ceramic-flower-pot-p-53367.html HTTP/1.0" 200 71837 "-" "Mozilla/5.0 (compatible; AhrefsBot/7.0; +http://ahrefs.com/robot/)"
13.66.139.41 - - [26/Dec/2020:06:42:19 +0100] "GET /-p-39209.html HTTP/1.0" 200 69192 "-" "Mozilla/5.0 (compatible; bingbot/2.0; +http://www.bing.com/bingbot.htm)"
13.66.139.41 - - [26/Dec/2020:06:42:20 +0100] "GET /-p-12862.html HTTP/1.0" 200 69192 "-" "Mozilla/5.0 (compatible; bingbot/2.0; +http://www.bing.com/bingbot.htm)"
114.119.144.233 - - [26/Dec/2020:06:42:41 +0100] "GET /cotton-floor-cushion-julie-40-40-30-cm-p-49656.html HTTP/1.0" 200 72617 "-" "Mozilla/5.0 (Linux; Android 7.0;) AppleWebKit/537.36 (KHTML, like Gecko) Mobile Safari/537.36 (compatible; PetalBot;+https://aspiegel.com/petalbot)"
37.115.113.0 - - [26/Dec/2020:06:43:27 +0100] "GET /snowman-solar-powered-dancing-p-34143.html]Test HTTP/1.0" 301 609 "https://1001desert.com/" "Mozilla/4.0 (compatible; MSIE 6.0; Windows NT 5.1; SV1; FunWebProducts; .NET CLR 1.1.4322; PeoplePal 6.2)"
47.244.19.14 - - [26/Dec/2020:06:45:07 +0100] "GET /snowman-solar-powered-dancing-p-34143.html]Test HTTP/1.0" 301 609 "http://wonder-geek.com/snowman-solar-powered-dancing-p-34143.html]Test" "Mozilla/5.0 (Windows NT 10.0; Win64; x64) AppleWebKit/537.36 (KHTML, like Gecko) Chrome/83.0.4087.0 Safari/537.36"
47.244.19.14 - - [26/Dec/2020:06:45:08 +0100] "GET /snowman-solar-powered-dancing-p-34143.html%5dTest HTTP/1.0" 404 1308 "http://www.wonder-geek.com/snowman-solar-powered-dancing-p-34143.html%5dTest" "Mozilla/5.0 (Windows NT 10.0; Win64; x64) AppleWebKit/537.36 (KHTML, like Gecko) Chrome/83.0.4087.0 Safari/537.36"
47.244.19.14 - - [26/Dec/2020:06:45:09 +0100] "GET / HTTP/1.0" 301 511 "http://wonder-geek.com/" "Mozilla/5.0 (Windows NT 10.0; Win64; x64) AppleWebKit/537.36 (KHTML, like Gecko) Chrome/83.0.4087.0 Safari/537.36"
47.244.19.14 - - [26/Dec/2020:06:45:09 +0100] "GET / HTTP/1.0" 200 150098 "http://www.wonder-geek.com/" "Mozilla/5.0 (Windows NT 10.0; Win64; x64) AppleWebKit/537.36 (KHTML, like Gecko) Chrome/83.0.4087.0 Safari/537.36"
47.244.19.14 - - [26/Dec/2020:06:45:22 +0100] "GET /trivet-and-boards-cut-c-12_158.html HTTP/1.0" 200 93009 "http://www.wonder-geek.com/trivet-and-boards-cut-c-12_158.html" "Mozilla/5.0 (Windows NT 10.0; Win64; x64) AppleWebKit/537.36 (KHTML, like Gecko) Chrome/83.0.4087.0 Safari/537.36"
13.66.139.136 - - [26/Dec/2020:06:45:30 +0100] "GET /-p-19203.html HTTP/1.0" 200 69192 "-" "Mozilla/5.0 (compatible; bingbot/2.0; +http://www.bing.com/bingbot.htm)"
47.244.19.14 - - [26/Dec/2020:06:45:31 +0100] "GET /cardboard-boxes-and-storage-c-13_150_216.html HTTP/1.0" 200 77444 "http://www.wonder-geek.com/cardboard-boxes-and-storage-c-13_150_216.html" "Mozilla/5.0 (Windows NT 10.0; Win64; x64) AppleWebKit/537.36 (KHTML, like Gecko) Chrome/83.0.4087.0 Safari/537.36"
37.115.213.47 - - [26/Dec/2020:06:45:40 +0100] "GET /snowman-solar-powered-dancing-p-34143.html]Test HTTP/1.0" 301 609 "http://wonder-geek.com/snowman-solar-powered-dancing-p-34143.html]Test" "Mozilla/5.0 (Windows NT 6.1; Win64; x64) AppleWebKit/537.36 (KHTML, like Gecko) Chrome/83.0.4103.61 Safari/537.36"
37.115.213.47 - - [26/Dec/2020:06:45:40 +0100] "GET /snowman-solar-powered-dancing-p-34143.html%5dTest HTTP/1.0" 404 1308 "http://www.wonder-geek.com/snowman-solar-powered-dancing-p-34143.html%5dTest" "Mozilla/5.0 (Windows NT 6.1; Win64; x64) AppleWebKit/537.36 (KHTML, like Gecko) Chrome/83.0.4103.61 Safari/537.36"
37.115.213.47 - - [26/Dec/2020:06:45:41 +0100] "GET / HTTP/1.0" 301 511 "http://wonder-geek.com/" "Mozilla/5.0 (Windows NT 6.1; Win64; x64) AppleWebKit/537.36 (KHTML, like Gecko) Chrome/83.0.4103.61 Safari/537.36"
47.244.19.14 - - [26/Dec/2020:06:45:40 +0100] "GET /cushion-headboard-c-11_173.html HTTP/1.0" 200 88854 "http://www.wonder-geek.com/cushion-headboard-c-11_173.html" "Mozilla/5.0 (Windows NT 10.0; Win64; x64) AppleWebKit/537.36 (KHTML, like Gecko) Chrome/83.0.4087.0 Safari/537.36"
47.244.19.14 - - [26/Dec/2020:06:45:47 +0100] "GET /contact_us.php HTTP/1.0" 200 26241 "http://www.wonder-geek.com/contact_us.php" "Mozilla/5.0 (Windows NT 10.0; Win64; x64) AppleWebKit/537.36 (KHTML, like Gecko) Chrome/83.0.4087.0 Safari/537.36"
47.244.19.14 - - [26/Dec/2020:06:45:48 +0100] "POST /contact_us.php?action=send HTTP/1.0" 200 26452 "http://www.wonder-geek.com/contact_us.php" "Mozilla/5.0 (Windows NT 10.0; Win64; x64) AppleWebKit/537.36 (KHTML, like Gecko) Chrome/83.0.4087.0 Safari/537.36"
37.115.213.47 - - [26/Dec/2020:06:45:41 +0100] "GET / HTTP/1.0" 200 150240 "http://www.wonder-geek.com/" "Mozilla/5.0 (Windows NT 6.1; Win64; x64) AppleWebKit/537.36 (KHTML, like Gecko) Chrome/83.0.4103.61 Safari/537.36"
37.115.213.47 - - [26/Dec/2020:06:45:54 +0100] "GET /trivet-and-boards-cut-c-12_158.html HTTP/1.0" 200 93009 "http://www.wonder-geek.com/trivet-and-boards-cut-c-12_158.html" "Mozilla/5.0 (Windows NT 6.1; Win64; x64) AppleWebKit/537.36 (KHTML, like Gecko) Chrome/83.0.4103.61 Safari/537.36"
37.115.213.47 - - [26/Dec/2020:06:46:01 +0100] "GET /cardboard-boxes-and-storage-c-13_150_216.html HTTP/1.0" 200 77444 "http://www.wonder-geek.com/cardboard-boxes-and-storage-c-13_150_216.html" "Mozilla/5.0 (Windows NT 6.1; Win64; x64) AppleWebKit/537.36 (KHTML, like Gecko) Chrome/83.0.4103.61 Safari/537.36"
37.115.213.47 - - [26/Dec/2020:06:46:07 +0100] "GET /cushion-headboard-c-11_173.html HTTP/1.0" 200 88854 "http://www.wonder-geek.com/cushion-headboard-c-11_173.html" "Mozilla/5.0 (Windows NT 6.1; Win64; x64) AppleWebKit/537.36 (KHTML, like Gecko) Chrome/83.0.4103.61 Safari/537.36"
37.115.213.47 - - [26/Dec/2020:06:46:13 +0100] "GET /contact_us.php HTTP/1.0" 200 26241 "http://www.wonder-geek.com/contact_us.php" "Mozilla/5.0 (Windows NT 6.1; Win64; x64) AppleWebKit/537.36 (KHTML, like Gecko) Chrome/83.0.4103.61 Safari/537.36"
37.115.213.47 - - [26/Dec/2020:06:46:13 +0100] "POST /contact_us.php?action=send HTTP/1.0" 200 26802 "http://www.wonder-geek.com/contact_us.php" "Mozilla/5.0 (Windows NT 6.1; Win64; x64) AppleWebKit/537.36 (KHTML, like Gecko) Chrome/83.0.4103.61 Safari/537.36"
37.115.213.47 - - [26/Dec/2020:06:46:13 +0100] "GET /contact_us.php HTTP/1.0" 200 26241 "http://www.wonder-geek.com/contact_us.php" "Mozilla/5.0 (Windows NT 6.1; Win64; x64) AppleWebKit/537.36 (KHTML, like Gecko) Chrome/83.0.4103.61 Safari/537.36"
37.115.213.47 - - [26/Dec/2020:06:46:14 +0100] "GET /contact_us.php HTTP/1.0" 200 26241 "http://www.wonder-geek.com/contact_us.php" "Mozilla/5.0 (Windows NT 6.1; Win64; x64) AppleWebKit/537.36 (KHTML, like Gecko) Chrome/83.0.4103.61 Safari/537.36"
13.66.139.91 - - [26/Dec/2020:06:46:21 +0100] "GET /-p-15474.html HTTP/1.0" 200 69192 "-" "Mozilla/5.0 (compatible; bingbot/2.0; +http://www.bing.com/bingbot.htm)"
114.119.130.202 - - [26/Dec/2020:06:47:02 +0100] "GET /medusa-glass-paperweight-p-48942.html HTTP/1.0" 200 69278 "-" "Mozilla/5.0 (Linux; Android 7.0;) AppleWebKit/537.36 (KHTML, like Gecko) Mobile Safari/537.36 (compatible; PetalBot;+https://aspiegel.com/petalbot)"
54.38.212.160 - - [26/Dec/2020:06:48:47 +0100] "GET /wp-login.php HTTP/1.0" 301 535 "-" "Mozilla/5.0 (X11; Ubuntu; Linux x86_64; rv:62.0) Gecko/20100101 Firefox/62.0"
54.36.149.21 - - [26/Dec/2020:06:48:44 +0100] "GET /barbecue-and-aperitif-c-12_254.html HTTP/1.0" 200 85320 "-" "Mozilla/5.0 (compatible; AhrefsBot/7.0; +http://ahrefs.com/robot/)"
207.46.13.225 - - [26/Dec/2020:06:50:32 +0100] "GET /decorative-wooden-plate-habite-chez-mon-chat-light-grey-p-47825.html HTTP/1.0" 200 69384 "-" "Mozilla/5.0 (compatible; bingbot/2.0; +http://www.bing.com/bingbot.htm)"
13.66.139.136 - - [26/Dec/2020:06:50:42 +0100] "GET /-p-28205.html HTTP/1.0" 200 69192 "-" "Mozilla/5.0 (compatible; bingbot/2.0; +http://www.bing.com/bingbot.htm)"
114.119.130.202 - - [26/Dec/2020:06:51:19 +0100] "GET /god-save-the-queen-mug-by-cbkreation-p-13923.html HTTP/1.0" 200 71943 "-" "Mozilla/5.0 (Linux; Android 7.0;) AppleWebKit/537.36 (KHTML, like Gecko) Mobile Safari/537.36 (compatible; PetalBot;+https://aspiegel.com/petalbot)"
157.55.39.214 - - [26/Dec/2020:06:54:35 +0100] "GET /donald-duck-figure-collection-by-romero-britto-p-20772.html HTTP/1.0" 200 72102 "-" "Mozilla/5.0 (compatible; bingbot/2.0; +http://www.bing.com/bingbot.htm)"
45.56.196.73 - - [26/Dec/2020:06:55:09 +0100] "GET /verity-rose-sunbeam-photo-frame-p-29153.html HTTP/1.0" 200 71938 "https://www.google.com/" "Mozilla/5.0 (iPhone; CPU iPhone OS 14_2 like Mac OS X) AppleWebKit/605.1.15 (KHTML, like Gecko) CriOS/87.0.4280.77 Mobile/15E148 Safari/604.1"
45.56.196.73 - - [26/Dec/2020:06:55:11 +0100] "GET /templates/Pixame_v1/stylesheet.css HTTP/1.0" 200 267 "http://www.wonder-geek.com/verity-rose-sunbeam-photo-frame-p-29153.html" "Mozilla/5.0 (iPhone; CPU iPhone OS 14_2 like Mac OS X) AppleWebKit/605.1.15 (KHTML, like Gecko) CriOS/87.0.4280.77 Mobile/15E148 Safari/604.1"
45.56.196.73 - - [26/Dec/2020:06:55:12 +0100] "GET /highslide/highslide.js HTTP/1.0" 200 262 "http://www.wonder-geek.com/verity-rose-sunbeam-photo-frame-p-29153.html" "Mozilla/5.0 (iPhone; CPU iPhone OS 14_2 like Mac OS X) AppleWebKit/605.1.15 (KHTML, like Gecko) CriOS/87.0.4280.77 Mobile/15E148 Safari/604.1"
45.56.196.73 - - [26/Dec/2020:06:55:12 +0100] "GET /js/jquery.js HTTP/1.0" 200 252 "http://www.wonder-geek.com/verity-rose-sunbeam-photo-frame-p-29153.html" "Mozilla/5.0 (iPhone; CPU iPhone OS 14_2 like Mac OS X) AppleWebKit/605.1.15 (KHTML, like Gecko) CriOS/87.0.4280.77 Mobile/15E148 Safari/604.1"
45.56.196.73 - - [26/Dec/2020:06:55:12 +0100] "GET /js/jquery.jqzoom.js HTTP/1.0" 200 259 "http://www.wonder-geek.com/verity-rose-sunbeam-photo-frame-p-29153.html" "Mozilla/5.0 (iPhone; CPU iPhone OS 14_2 like Mac OS X) AppleWebKit/605.1.15 (KHTML, like Gecko) CriOS/87.0.4280.77 Mobile/15E148 Safari/604.1"
45.56.196.73 - - [26/Dec/2020:06:55:12 +0100] "GET /mondial_relay/js/jquery-1.3.2.min.js HTTP/1.0" 200 276 "http://www.wonder-geek.com/verity-rose-sunbeam-photo-frame-p-29153.html" "Mozilla/5.0 (iPhone; CPU iPhone OS 14_2 like Mac OS X) AppleWebKit/605.1.15 (KHTML, like Gecko) CriOS/87.0.4280.77 Mobile/15E148 Safari/604.1"
45.56.196.73 - - [26/Dec/2020:06:55:13 +0100] "GET /swfobject.js HTTP/1.0" 404 1308 "http://www.wonder-geek.com/verity-rose-sunbeam-photo-frame-p-29153.html" "Mozilla/5.0 (iPhone; CPU iPhone OS 14_2 like Mac OS X) AppleWebKit/605.1.15 (KHTML, like Gecko) CriOS/87.0.4280.77 Mobile/15E148 Safari/604.1"
45.56.196.73 - - [26/Dec/2020:06:55:13 +0100] "GET /templates/Pixame_v1/images/icon_accueil2.png HTTP/1.0" 200 278 "http://www.wonder-geek.com/verity-rose-sunbeam-photo-frame-p-29153.html" "Mozilla/5.0 (iPhone; CPU iPhone OS 14_2 like Mac OS X) AppleWebKit/605.1.15 (KHTML, like Gecko) CriOS/87.0.4280.77 Mobile/15E148 Safari/604.1"
45.56.196.73 - - [26/Dec/2020:06:55:13 +0100] "GET /templates/Pixame_v1/images/infobox/pixel_trans.gif HTTP/1.0" 200 328 "http://www.wonder-geek.com/verity-rose-sunbeam-photo-frame-p-29153.html" "Mozilla/5.0 (iPhone; CPU iPhone OS 14_2 like Mac OS X) AppleWebKit/605.1.15 (KHTML, like Gecko) CriOS/87.0.4280.77 Mobile/15E148 Safari/604.1"
45.56.196.73 - - [26/Dec/2020:06:55:13 +0100] "GET /images/pixel_trans.gif HTTP/1.0" 200 328 "http://www.wonder-geek.com/verity-rose-sunbeam-photo-frame-p-29153.html" "Mozilla/5.0 (iPhone; CPU iPhone OS 14_2 like Mac OS X) AppleWebKit/605.1.15 (KHTML, like Gecko) CriOS/87.0.4280.77 Mobile/15E148 Safari/604.1"
45.56.196.73 - - [26/Dec/2020:06:55:13 +0100] "GET /templates/Pixame_v1/images/pixel_trans.gif HTTP/1.0" 200 328 "http://www.wonder-geek.com/verity-rose-sunbeam-photo-frame-p-29153.html" "Mozilla/5.0 (iPhone; CPU iPhone OS 14_2 like Mac OS X) AppleWebKit/605.1.15 (KHTML, like Gecko) CriOS/87.0.4280.77 Mobile/15E148 Safari/604.1"
45.56.196.73 - - [26/Dec/2020:06:55:13 +0100] "GET /images/1186747042547.jpg HTTP/1.0" 200 259 "http://www.wonder-geek.com/verity-rose-sunbeam-photo-frame-p-29153.html" "Mozilla/5.0 (iPhone; CPU iPhone OS 14_2 like Mac OS X) AppleWebKit/605.1.15 (KHTML, like Gecko) CriOS/87.0.4280.77 Mobile/15E148 Safari/604.1"
45.56.196.73 - - [26/Dec/2020:06:55:13 +0100] "GET /templates/Pixame_v1/images/buttons/english/button_in_cart.gif HTTP/1.0" 200 295 "http://www.wonder-geek.com/verity-rose-sunbeam-photo-frame-p-29153.html" "Mozilla/5.0 (iPhone; CPU iPhone OS 14_2 like Mac OS X) AppleWebKit/605.1.15 (KHTML, like Gecko) CriOS/87.0.4280.77 Mobile/15E148 Safari/604.1"
45.56.196.73 - - [26/Dec/2020:06:55:13 +0100] "GET /templates/Pixame_v1/images/Bottom_texture.jpg HTTP/1.0" 200 280 "http://www.wonder-geek.com/verity-rose-sunbeam-photo-frame-p-29153.html" "Mozilla/5.0 (iPhone; CPU iPhone OS 14_2 like Mac OS X) AppleWebKit/605.1.15 (KHTML, like Gecko) CriOS/87.0.4280.77 Mobile/15E148 Safari/604.1"
45.56.196.73 - - [26/Dec/2020:06:55:13 +0100] "GET /templates/Pixame_v1/images/Middle_texture.jpg HTTP/1.0" 200 280 "http://www.wonder-geek.com/verity-rose-sunbeam-photo-frame-p-29153.html" "Mozilla/5.0 (iPhone; CPU iPhone OS 14_2 like Mac OS X) AppleWebKit/605.1.15 (KHTML, like Gecko) CriOS/87.0.4280.77 Mobile/15E148 Safari/604.1"
45.56.196.73 - - [26/Dec/2020:06:55:13 +0100] "GET /templates/Pixame_v1/images/nav.png HTTP/1.0" 200 268 "http://www.wonder-geek.com/verity-rose-sunbeam-photo-frame-p-29153.html" "Mozilla/5.0 (iPhone; CPU iPhone OS 14_2 like Mac OS X) AppleWebKit/605.1.15 (KHTML, like Gecko) CriOS/87.0.4280.77 Mobile/15E148 Safari/604.1"
66.249.70.36 - - [26/Dec/2020:06:55:14 +0100] "GET /images/mini_prod/3700407613304.jpg HTTP/1.0" 200 269 "-" "Googlebot-Image/1.0"
45.56.196.73 - - [26/Dec/2020:06:55:14 +0100] "GET /favicon.ico HTTP/1.0" 200 260 "-" "Mozilla/5.0 (iPhone; CPU iPhone OS 14_2 like Mac OS X) AppleWebKit/605.1.15 (KHTML, like Gecko) CriOS/87.0.4280.77 Mobile/15E148 Safari/604.1"
45.56.196.73 - - [26/Dec/2020:06:55:14 +0100] "GET /templates/Pixame_v1/images/header.png HTTP/1.0" 200 271 "http://www.wonder-geek.com/verity-rose-sunbeam-photo-frame-p-29153.html" "Mozilla/5.0 (iPhone; CPU iPhone OS 14_2 like Mac OS X) AppleWebKit/605.1.15 (KHTML, like Gecko) CriOS/87.0.4280.77 Mobile/15E148 Safari/604.1"
45.56.196.73 - - [26/Dec/2020:06:55:15 +0100] "GET /templates/Pixame_v1/images/header-object.png HTTP/1.0" 200 278 "http://www.wonder-geek.com/verity-rose-sunbeam-photo-frame-p-29153.html" "Mozilla/5.0 (iPhone; CPU iPhone OS 14_2 like Mac OS X) AppleWebKit/605.1.15 (KHTML, like Gecko) CriOS/87.0.4280.77 Mobile/15E148 Safari/604.1"
45.56.196.73 - - [26/Dec/2020:06:55:15 +0100] "GET /design/productsenstock.png HTTP/1.0" 200 260 "http://www.wonder-geek.com/verity-rose-sunbeam-photo-frame-p-29153.html" "Mozilla/5.0 (iPhone; CPU iPhone OS 14_2 like Mac OS X) AppleWebKit/605.1.15 (KHTML, like Gecko) CriOS/87.0.4280.77 Mobile/15E148 Safari/604.1"
54.36.148.43 - - [26/Dec/2020:06:55:07 +0100] "GET /suitcase-lunch-and-lunch-box-c-12_64.html HTTP/1.0" 200 88858 "-" "Mozilla/5.0 (compatible; AhrefsBot/7.0; +http://ahrefs.com/robot/)"
45.56.196.73 - - [26/Dec/2020:06:55:16 +0100] "GET /templates/Pixame_v1/images/infobox/infobox_footer_middle.gif HTTP/1.0" 200 357 "http://www.wonder-geek.com/verity-rose-sunbeam-photo-frame-p-29153.html" "Mozilla/5.0 (iPhone; CPU iPhone OS 14_2 like Mac OS X) AppleWebKit/605.1.15 (KHTML, like Gecko) CriOS/87.0.4280.77 Mobile/15E148 Safari/604.1"
45.56.196.73 - - [26/Dec/2020:06:55:16 +0100] "GET /highslide/graphics/zoomin.cur HTTP/1.0" 200 614 "http://www.wonder-geek.com/verity-rose-sunbeam-photo-frame-p-29153.html" "Mozilla/5.0 (iPhone; CPU iPhone OS 14_2 like Mac OS X) AppleWebKit/605.1.15 (KHTML, like Gecko) CriOS/87.0.4280.77 Mobile/15E148 Safari/604.1"
45.56.196.73 - - [26/Dec/2020:06:55:17 +0100] "GET /highslide/graphics/outlines/drop-shadow.png HTTP/1.0" 200 277 "http://www.wonder-geek.com/verity-rose-sunbeam-photo-frame-p-29153.html" "Mozilla/5.0 (iPhone; CPU iPhone OS 14_2 like Mac OS X) AppleWebKit/605.1.15 (KHTML, like Gecko) CriOS/87.0.4280.77 Mobile/15E148 Safari/604.1"
45.56.196.73 - - [26/Dec/2020:06:55:17 +0100] "GET /highslide/graphics/zoomout.cur HTTP/1.0" 200 614 "http://www.wonder-geek.com/verity-rose-sunbeam-photo-frame-p-29153.html" "Mozilla/5.0 (iPhone; CPU iPhone OS 14_2 like Mac OS X) AppleWebKit/605.1.15 (KHTML, like Gecko) CriOS/87.0.4280.77 Mobile/15E148 Safari/604.1"
45.56.196.73 - - [26/Dec/2020:06:55:17 +0100] "GET /highslide/graphics/loader.white.gif HTTP/1.0" 200 960 "http://www.wonder-geek.com/verity-rose-sunbeam-photo-frame-p-29153.html" "Mozilla/5.0 (iPhone; CPU iPhone OS 14_2 like Mac OS X) AppleWebKit/605.1.15 (KHTML, like Gecko) CriOS/87.0.4280.77 Mobile/15E148 Safari/604.1"
45.56.196.73 - - [26/Dec/2020:06:55:22 +0100] "GET /highslide/graphics/fullexpand.gif HTTP/1.0" 200 495 "http://www.wonder-geek.com/verity-rose-sunbeam-photo-frame-p-29153.html" "Mozilla/5.0 (iPhone; CPU iPhone OS 14_2 like Mac OS X) AppleWebKit/605.1.15 (KHTML, like Gecko) CriOS/87.0.4280.77 Mobile/15E148 Safari/604.1"
114.119.132.105 - - [26/Dec/2020:06:55:39 +0100] "GET /kimmidoll-wastebasket-p-27442.html HTTP/1.0" 200 71829 "-" "Mozilla/5.0 (Linux; Android 7.0;) AppleWebKit/537.36 (KHTML, like Gecko) Mobile Safari/537.36 (compatible; PetalBot;+https://aspiegel.com/petalbot)"
13.66.139.136 - - [26/Dec/2020:06:55:56 +0100] "GET /clocks-c-13_67.html?page=3 HTTP/1.0" 200 92125 "-" "Mozilla/5.0 (compatible; bingbot/2.0; +http://www.bing.com/bingbot.htm)"
51.68.224.127 - - [26/Dec/2020:06:56:18 +0100] "GET /adminweb/export_orders_xml.php?token=256de2z6edz6ed2z6DFSFsed2zed6zeDSFDSGdzedezfzf&maxorders=10&orderstart=1&status=14&start_date=2018-10-01 HTTP/1.0" 200 285 "-" "GesCom CharlotteBoutik Serveur"
51.68.224.127 - - [26/Dec/2020:06:56:18 +0100] "GET /adminweb/export_orders_xml.php?token=256de2z6edz6ed2z6DFSFsed2zed6zeDSFDSGdzedezfzf&maxorders=10&orderstart=1&status=6&start_date=2018-10-01 HTTP/1.0" 200 30026 "-" "GesCom CharlotteBoutik Serveur"
157.55.39.94 - - [26/Dec/2020:06:56:25 +0100] "GET /horses-stickers-p-19589.html HTTP/1.0" 200 71548 "-" "Mozilla/5.0 (compatible; bingbot/2.0; +http://www.bing.com/bingbot.htm)"
114.119.158.196 - - [26/Dec/2020:07:00:00 +0100] "GET /teo-jasmin-marley-jamaica-chandelier-p-35767.html HTTP/1.0" 200 72128 "-" "Mozilla/5.0 (Linux; Android 7.0;) AppleWebKit/537.36 (KHTML, like Gecko) Mobile Safari/537.36 (compatible; PetalBot;+https://aspiegel.com/petalbot)"
54.36.148.102 - - [26/Dec/2020:07:01:29 +0100] "GET /purse-and-wallet-c-31_76.html HTTP/1.0" 200 90138 "-" "Mozilla/5.0 (compatible; AhrefsBot/7.0; +http://ahrefs.com/robot/)"
13.66.139.41 - - [26/Dec/2020:07:02:42 +0100] "GET /-p-23351.html HTTP/1.0" 200 69192 "-" "Mozilla/5.0 (compatible; bingbot/2.0; +http://www.bing.com/bingbot.htm)"
114.119.132.105 - - [26/Dec/2020:07:04:21 +0100] "GET /postcard-with-envelope-cat-on-flower-p-48847.html HTTP/1.0" 200 72026 "-" "Mozilla/5.0 (Linux; Android 7.0;) AppleWebKit/537.36 (KHTML, like Gecko) Mobile Safari/537.36 (compatible; PetalBot;+https://aspiegel.com/petalbot)"
66.249.70.33 - - [26/Dec/2020:07:05:26 +0100] "GET /images/big_prod/8718375755594.jpg HTTP/1.0" 200 268 "-" "Googlebot-Image/1.0"
17.58.96.224 - - [26/Dec/2020:07:05:27 +0100] "GET /robots.txt HTTP/1.0" 200 245 "-" "Mozilla/5.0 (Macintosh; Intel Mac OS X 10_15_5) AppleWebKit/605.1.15 (KHTML, like Gecko) Version/13.1.1 Safari/605.1.15 (Applebot/0.1; +http://www.apple.com/go/applebot)"
17.58.101.147 - - [26/Dec/2020:07:05:27 +0100] "GET /images/mini_prod/1384010178843.jpg HTTP/1.0" 200 269 "-" "Mozilla/5.0 (Macintosh; Intel Mac OS X 10_15_5) AppleWebKit/605.1.15 (KHTML, like Gecko) Version/13.1.1 Safari/605.1.15 (Applebot/0.1; +http://www.apple.com/go/applebot)"
13.66.139.41 - - [26/Dec/2020:07:07:42 +0100] "GET /-p-33926.html HTTP/1.0" 200 69192 "-" "Mozilla/5.0 (compatible; bingbot/2.0; +http://www.bing.com/bingbot.htm)"
157.55.39.214 - - [26/Dec/2020:07:08:32 +0100] "GET /-p-20571.html HTTP/1.0" 200 69192 "-" "Mozilla/5.0 (compatible; bingbot/2.0; +http://www.bing.com/bingbot.htm)"
54.36.148.154 - - [26/Dec/2020:07:08:34 +0100] "GET /fitted-sheet-c-11_193.html HTTP/1.0" 200 89829 "-" "Mozilla/5.0 (compatible; AhrefsBot/7.0; +http://ahrefs.com/robot/)"
66.249.70.62 - - [26/Dec/2020:07:08:40 +0100] "GET /austria-mousepad-by-cbkreation-p-36711.html HTTP/1.0" 200 71636 "-" "Mozilla/5.0 (Linux; Android 6.0.1; Nexus 5X Build/MMB29P) AppleWebKit/537.36 (KHTML, like Gecko) Chrome/87.0.4280.90 Mobile Safari/537.36 (compatible; Googlebot/2.1; +http://www.google.com/bot.html)"
114.119.132.105 - - [26/Dec/2020:07:08:43 +0100] "GET /mojito-metal-plate-deco-p-45069.html HTTP/1.0" 200 71831 "-" "Mozilla/5.0 (Linux; Android 7.0;) AppleWebKit/537.36 (KHTML, like Gecko) Mobile Safari/537.36 (compatible; PetalBot;+https://aspiegel.com/petalbot)"
13.66.139.41 - - [26/Dec/2020:07:11:32 +0100] "GET / HTTP/1.0" 200 149894 "-" "Mozilla/5.0 (compatible; bingbot/2.0; +http://www.bing.com/bingbot.htm)"
13.66.139.91 - - [26/Dec/2020:07:11:46 +0100] "GET /-p-20881.html HTTP/1.0" 200 69192 "-" "Mozilla/5.0 (compatible; bingbot/2.0; +http://www.bing.com/bingbot.htm)"
50.205.151.218 - - [26/Dec/2020:07:11:56 +0100] "GET /contact_us.php HTTP/1.0" 200 26241 "http://www.wonder-geek.com/contact_us.php" "Mozilla/5.0 (Windows NT 10.0; ) AppleWebKit/537.36 (KHTML, like Gecko) Chrome/83.0.4103.61 Safari/537.36"
50.205.151.218 - - [26/Dec/2020:07:11:58 +0100] "POST /contact_us.php?action=send HTTP/1.0" 200 26505 "http://www.wonder-geek.com/contact_us.php" "Mozilla/5.0 (Windows NT 10.0; ) AppleWebKit/537.36 (KHTML, like Gecko) Chrome/83.0.4103.61 Safari/537.36"
13.66.139.136 - - [26/Dec/2020:07:12:05 +0100] "GET /-p-2889.html HTTP/1.0" 200 69190 "-" "Mozilla/5.0 (compatible; bingbot/2.0; +http://www.bing.com/bingbot.htm)"
13.66.139.41 - - [26/Dec/2020:07:12:52 +0100] "GET /-p-29875.html HTTP/1.0" 200 69192 "-" "Mozilla/5.0 (compatible; bingbot/2.0; +http://www.bing.com/bingbot.htm)"
51.68.224.127 - - [26/Dec/2020:07:12:57 +0100] "GET /adminweb/export_orders_xml.php?token=256de2z6edz6ed2z6DFSFsed2zed6zeDSFDSGdzedezfzf&maxorders=10&orderstart=1&status=14&start_date=2018-10-01 HTTP/1.0" 200 285 "-" "GesCom CharlotteBoutik Serveur"
51.68.224.127 - - [26/Dec/2020:07:12:57 +0100] "GET /adminweb/export_orders_xml.php?token=256de2z6edz6ed2z6DFSFsed2zed6zeDSFDSGdzedezfzf&maxorders=10&orderstart=1&status=6&start_date=2018-10-01 HTTP/1.0" 200 30026 "-" "GesCom CharlotteBoutik Serveur"
114.119.158.196 - - [26/Dec/2020:07:13:03 +0100] "GET /round-carpet-90-cm-p-48046.html HTTP/1.0" 200 72705 "-" "Mozilla/5.0 (Linux; Android 7.0;) AppleWebKit/537.36 (KHTML, like Gecko) Mobile Safari/537.36 (compatible; PetalBot;+https://aspiegel.com/petalbot)"
54.36.148.87 - - [26/Dec/2020:07:14:34 +0100] "GET /large-and-maxi-trays-c-12_159_262.html HTTP/1.0" 200 88913 "-" "Mozilla/5.0 (compatible; AhrefsBot/7.0; +http://ahrefs.com/robot/)"
157.55.39.214 - - [26/Dec/2020:07:14:42 +0100] "GET /teo-jasmin-medium-cabas-p-44213.html HTTP/1.0" 200 72748 "-" "Mozilla/5.0 (compatible; bingbot/2.0; +http://www.bing.com/bingbot.htm)"
13.66.139.41 - - [26/Dec/2020:07:14:54 +0100] "GET /-p-30846.html HTTP/1.0" 200 69192 "-" "Mozilla/5.0 (compatible; bingbot/2.0; +http://www.bing.com/bingbot.htm)"
207.46.13.49 - - [26/Dec/2020:07:15:27 +0100] "GET /-p-19497.html HTTP/1.0" 200 69192 "-" "Mozilla/5.0 (compatible; bingbot/2.0; +http://www.bing.com/bingbot.htm)"
114.119.129.36 - - [26/Dec/2020:07:17:24 +0100] "GET /owls-liberty-statuette-28-cm-p-36478.html HTTP/1.0" 200 71917 "-" "Mozilla/5.0 (Linux; Android 7.0;) AppleWebKit/537.36 (KHTML, like Gecko) Mobile Safari/537.36 (compatible; PetalBot;+https://aspiegel.com/petalbot)"
13.66.139.41 - - [26/Dec/2020:07:17:33 +0100] "GET /-p-13248.html HTTP/1.0" 200 69192 "-" "Mozilla/5.0 (compatible; bingbot/2.0; +http://www.bing.com/bingbot.htm)"
13.66.139.91 - - [26/Dec/2020:07:21:05 +0100] "GET /-p-39262.html HTTP/1.0" 200 69192 "-" "Mozilla/5.0 (compatible; bingbot/2.0; +http://www.bing.com/bingbot.htm)"
54.36.148.253 - - [26/Dec/2020:07:21:11 +0100] "GET /home-and-decoration-c-13.html?page=27 HTTP/1.0" 200 91560 "-" "Mozilla/5.0 (compatible; AhrefsBot/7.0; +http://ahrefs.com/robot/)"
114.119.144.233 - - [26/Dec/2020:07:21:41 +0100] "GET /charmelia-lampshade-p-51604.html HTTP/1.0" 200 72473 "-" "Mozilla/5.0 (Linux; Android 7.0;) AppleWebKit/537.36 (KHTML, like Gecko) Mobile Safari/537.36 (compatible; PetalBot;+https://aspiegel.com/petalbot)"
17.58.101.145 - - [26/Dec/2020:07:21:56 +0100] "GET /dishes-c-12.html?page=3 HTTP/1.0" 200 90533 "-" "Mozilla/5.0 (Macintosh; Intel Mac OS X 10_15_5) AppleWebKit/605.1.15 (KHTML, like Gecko) Version/13.1.1 Safari/605.1.15 (Applebot/0.1; +http://www.apple.com/go/applebot)"
207.46.13.13 - - [26/Dec/2020:07:24:13 +0100] "GET /resin-statuette-winged-nude-woman-p-53048.html HTTP/1.0" 200 71986 "-" "Mozilla/5.0 (compatible; bingbot/2.0; +http://www.bing.com/bingbot.htm)"
66.249.70.33 - - [26/Dec/2020:07:25:26 +0100] "GET /images/mini_prod/8422050258972.jpg HTTP/1.0" 200 269 "-" "Googlebot-Image/1.0"
114.119.144.233 - - [26/Dec/2020:07:26:01 +0100] "GET /images/mini_prod/5055071642586.jpg HTTP/1.0" 200 269 "-" "Mozilla/5.0 (Linux; Android 7.0;) AppleWebKit/537.36 (KHTML, like Gecko) Mobile Safari/537.36 (compatible; PetalBot;+https://aspiegel.com/petalbot)"
13.66.139.41 - - [26/Dec/2020:07:26:54 +0100] "GET /-p-38162.html HTTP/1.0" 200 69192 "-" "Mozilla/5.0 (compatible; bingbot/2.0; +http://www.bing.com/bingbot.htm)"
54.36.149.67 - - [26/Dec/2020:07:27:31 +0100] "GET /home-and-decoration-c-13.html?page=22 HTTP/1.0" 200 91333 "-" "Mozilla/5.0 (compatible; AhrefsBot/7.0; +http://ahrefs.com/robot/)"
13.66.139.41 - - [26/Dec/2020:07:27:34 +0100] "GET /-p-18781.html HTTP/1.0" 200 69192 "-" "Mozilla/5.0 (compatible; bingbot/2.0; +http://www.bing.com/bingbot.htm)"
185.206.214.71 - - [26/Dec/2020:07:27:51 +0100] "GET /snowman-solar-powered-dancing-p-34143.html]Test HTTP/1.0" 301 609 "http://wonder-geek.com/snowman-solar-powered-dancing-p-34143.html]Test" "Mozilla/5.0 (Windows NT 10.0; Win64; x64) AppleWebKit/537.36 (KHTML, like Gecko) Chrome/83.0.4103.61 Safari/537.36"
185.206.214.71 - - [26/Dec/2020:07:27:51 +0100] "GET /snowman-solar-powered-dancing-p-34143.html%5dTest HTTP/1.0" 404 1308 "http://www.wonder-geek.com/snowman-solar-powered-dancing-p-34143.html%5dTest" "Mozilla/5.0 (Windows NT 10.0; Win64; x64) AppleWebKit/537.36 (KHTML, like Gecko) Chrome/83.0.4103.61 Safari/537.36"
185.206.214.71 - - [26/Dec/2020:07:27:51 +0100] "GET / HTTP/1.0" 301 511 "http://wonder-geek.com/" "Mozilla/5.0 (Windows NT 10.0; Win64; x64) AppleWebKit/537.36 (KHTML, like Gecko) Chrome/83.0.4103.61 Safari/537.36"
185.206.214.71 - - [26/Dec/2020:07:27:51 +0100] "GET / HTTP/1.0" 200 150029 "http://www.wonder-geek.com/" "Mozilla/5.0 (Windows NT 10.0; Win64; x64) AppleWebKit/537.36 (KHTML, like Gecko) Chrome/83.0.4103.61 Safari/537.36"
185.206.214.71 - - [26/Dec/2020:07:27:52 +0100] "GET /trivet-and-boards-cut-c-12_158.html HTTP/1.0" 200 93009 "http://www.wonder-geek.com/trivet-and-boards-cut-c-12_158.html" "Mozilla/5.0 (Windows NT 10.0; Win64; x64) AppleWebKit/537.36 (KHTML, like Gecko) Chrome/83.0.4103.61 Safari/537.36"
185.206.214.71 - - [26/Dec/2020:07:27:53 +0100] "GET /cardboard-boxes-and-storage-c-13_150_216.html HTTP/1.0" 200 77444 "http://www.wonder-geek.com/cardboard-boxes-and-storage-c-13_150_216.html" "Mozilla/5.0 (Windows NT 10.0; Win64; x64) AppleWebKit/537.36 (KHTML, like Gecko) Chrome/83.0.4103.61 Safari/537.36"
185.206.214.71 - - [26/Dec/2020:07:27:53 +0100] "GET /cushion-headboard-c-11_173.html HTTP/1.0" 200 88854 "http://www.wonder-geek.com/cushion-headboard-c-11_173.html" "Mozilla/5.0 (Windows NT 10.0; Win64; x64) AppleWebKit/537.36 (KHTML, like Gecko) Chrome/83.0.4103.61 Safari/537.36"
185.206.214.71 - - [26/Dec/2020:07:27:54 +0100] "GET /contact_us.php HTTP/1.0" 200 26241 "http://www.wonder-geek.com/contact_us.php" "Mozilla/5.0 (Windows NT 10.0; Win64; x64) AppleWebKit/537.36 (KHTML, like Gecko) Chrome/83.0.4103.61 Safari/537.36"
185.206.214.71 - - [26/Dec/2020:07:27:55 +0100] "POST /contact_us.php?action=send HTTP/1.0" 200 26591 "http://www.wonder-geek.com/contact_us.php" "Mozilla/5.0 (Windows NT 10.0; Win64; x64) AppleWebKit/537.36 (KHTML, like Gecko) Chrome/83.0.4103.61 Safari/537.36"
51.68.224.127 - - [26/Dec/2020:07:28:51 +0100] "GET /adminweb/export_orders_xml.php?token=256de2z6edz6ed2z6DFSFsed2zed6zeDSFDSGdzedezfzf&maxorders=10&orderstart=1&status=14&start_date=2018-10-01 HTTP/1.0" 200 285 "-" "GesCom CharlotteBoutik Serveur"
51.68.224.127 - - [26/Dec/2020:07:28:51 +0100] "GET /adminweb/export_orders_xml.php?token=256de2z6edz6ed2z6DFSFsed2zed6zeDSFDSGdzedezfzf&maxorders=10&orderstart=1&status=6&start_date=2018-10-01 HTTP/1.0" 200 30026 "-" "GesCom CharlotteBoutik Serveur"
13.66.139.41 - - [26/Dec/2020:07:30:17 +0100] "GET /-p-4800.html HTTP/1.0" 200 69190 "-" "Mozilla/5.0 (compatible; bingbot/2.0; +http://www.bing.com/bingbot.htm)"
114.119.150.15 - - [26/Dec/2020:07:30:22 +0100] "GET /images/mini_prod/4250255859205.jpg HTTP/1.0" 200 269 "-" "Mozilla/5.0 (Linux; Android 7.0;) AppleWebKit/537.36 (KHTML, like Gecko) Mobile Safari/537.36 (compatible; PetalBot;+https://aspiegel.com/petalbot)"
207.46.13.158 - - [26/Dec/2020:07:30:42 +0100] "GET /winnie-the-pooh-sticker-p-20475.html HTTP/1.0" 200 74084 "-" "Mozilla/5.0 (compatible; bingbot/2.0; +http://www.bing.com/bingbot.htm)"
157.55.39.186 - - [26/Dec/2020:07:30:49 +0100] "GET /teo-jasmin-trivet-p-37927.html HTTP/1.0" 200 71774 "-" "Mozilla/5.0 (compatible; bingbot/2.0; +http://www.bing.com/bingbot.htm)"
13.66.139.136 - - [26/Dec/2020:07:31:03 +0100] "GET /-p-34032.html HTTP/1.0" 200 69192 "-" "Mozilla/5.0 (compatible; bingbot/2.0; +http://www.bing.com/bingbot.htm)"
157.55.39.94 - - [26/Dec/2020:07:31:17 +0100] "GET /-p-22698.html HTTP/1.0" 200 69192 "-" "Mozilla/5.0 (compatible; bingbot/2.0; +http://www.bing.com/bingbot.htm)"
13.66.139.41 - - [26/Dec/2020:07:32:15 +0100] "GET /-p-13915.html HTTP/1.0" 200 69192 "-" "Mozilla/5.0 (compatible; bingbot/2.0; +http://www.bing.com/bingbot.htm)"
54.37.23.114 - - [26/Dec/2020:07:32:40 +0100] "GET /images/big_prod_2/8424346356645C.jpg HTTP/1.0" 200 271 "-" "-"
54.37.23.114 - - [26/Dec/2020:07:33:17 +0100] "GET /images/big_prod_3/8424346356621D.jpg HTTP/1.0" 200 271 "-" "-"
54.37.23.114 - - [26/Dec/2020:07:33:56 +0100] "GET /images/big_prod_1/8424346356645B.jpg HTTP/1.0" 200 271 "-" "-"
223.205.20.84 - - [26/Dec/2020:07:33:58 +0100] "GET /images/med_prod/1341689418243.jpg HTTP/1.0" 200 268 "-" "Mozilla/5.0 (Macintosh; Intel Mac OS X 10_12_6) AppleWebKit/605.1.15 (KHTML, like Gecko) Version/12.1.2 Safari/605.1.15"
223.205.20.84 - - [26/Dec/2020:07:33:59 +0100] "GET /images/1341689418267.jpg HTTP/1.0" 200 259 "-" "Mozilla/5.0 (Macintosh; Intel Mac OS X 10_12_6) AppleWebKit/605.1.15 (KHTML, like Gecko) Version/12.1.2 Safari/605.1.15"
54.36.148.87 - - [26/Dec/2020:07:33:59 +0100] "GET /key-holders-c-13_150_201.html HTTP/1.0" 200 86894 "-" "Mozilla/5.0 (compatible; AhrefsBot/7.0; +http://ahrefs.com/robot/)"
223.205.20.84 - - [26/Dec/2020:07:34:17 +0100] "GET /images/med_prod/1341689482435.jpg HTTP/1.0" 200 268 "-" "Mozilla/5.0 (Macintosh; Intel Mac OS X 10_12_6) AppleWebKit/605.1.15 (KHTML, like Gecko) Version/12.1.2 Safari/605.1.15"
223.205.20.84 - - [26/Dec/2020:07:34:17 +0100] "GET /images/med_prod/1341689439002.jpg HTTP/1.0" 200 268 "-" "Mozilla/5.0 (Macintosh; Intel Mac OS X 10_12_6) AppleWebKit/605.1.15 (KHTML, like Gecko) Version/12.1.2 Safari/605.1.15"
114.119.147.45 - - [26/Dec/2020:07:34:44 +0100] "GET /images/big_prod/8422017795946.jpg HTTP/1.0" 200 268 "-" "Mozilla/5.0 (Linux; Android 7.0;) AppleWebKit/537.36 (KHTML, like Gecko) Mobile Safari/537.36 (compatible; PetalBot;+https://aspiegel.com/petalbot)"
66.249.70.36 - - [26/Dec/2020:07:35:15 +0100] "GET /images/8028501263566.jpg HTTP/1.0" 200 259 "-" "Googlebot-Image/1.0"
77.75.77.54 - - [26/Dec/2020:07:35:51 +0100] "GET /robots.txt HTTP/1.0" 200 245 "-" "Mozilla/5.0 (compatible; SeznamBot/3.2; +http://napoveda.seznam.cz/en/seznambot-intro/)"
77.75.77.54 - - [26/Dec/2020:07:35:51 +0100] "GET /images/mini_prod/3560600311991.jpg HTTP/1.0" 200 269 "-" "Mozilla/5.0 (compatible; SeznamBot/3.2; +http://napoveda.seznam.cz/en/seznambot-intro/)"
77.75.77.54 - - [26/Dec/2020:07:35:51 +0100] "GET /watches-c-3_66.html HTTP/1.0" 200 89984 "-" "Mozilla/5.0 (compatible; SeznamBot/3.2; +http://napoveda.seznam.cz/en/seznambot-intro/)"
13.66.139.136 - - [26/Dec/2020:07:36:15 +0100] "GET /-p-29569.html HTTP/1.0" 200 69192 "-" "Mozilla/5.0 (compatible; bingbot/2.0; +http://www.bing.com/bingbot.htm)"
13.66.139.91 - - [26/Dec/2020:07:36:29 +0100] "GET /boxers-c-53_139.html HTTP/1.0" 200 74517 "-" "Mozilla/5.0 (compatible; bingbot/2.0; +http://www.bing.com/bingbot.htm)"
5.188.211.16 - - [26/Dec/2020:07:36:59 +0100] "GET /gorse-umbrella-flower-fairies-p-41705.html HTTP/1.0" 200 73722 "-" "Mozilla/4.0 (compatible; MSIE 6.0; Windows NT 5.1; SV1)"
5.188.211.16 - - [26/Dec/2020:07:36:59 +0100] "GET /posters-and-stickers-wall-c-13_147.html HTTP/1.0" 200 90270 "-" "Mozilla/4.0 (compatible; MSIE 6.0; Windows NT 5.1; SV1)"
5.188.211.16 - - [26/Dec/2020:07:37:00 +0100] "GET /tin-and-metal-signs-c-13_130.html HTTP/1.0" 200 93502 "-" "Mozilla/4.0 (compatible; MSIE 6.0; Windows NT 5.1; SV1)"
5.188.211.16 - - [26/Dec/2020:07:37:02 +0100] "GET /contact_us.php HTTP/1.0" 200 26241 "-" "Mozilla/4.0 (compatible; MSIE 6.0; Windows NT 5.1; SV1)"
5.188.211.16 - - [26/Dec/2020:07:37:02 +0100] "POST /contact_us.php?action=send HTTP/1.0" 200 26637 "http://www.wonder-geek.com/contact_us.php" "Mozilla/4.0 (compatible; MSIE 6.0; Windows NT 5.1; SV1)"
5.188.211.16 - - [26/Dec/2020:07:37:02 +0100] "POST /contact_us.php?action=send HTTP/1.0" 200 26637 "http://www.wonder-geek.com/" "Mozilla/4.0 (compatible; MSIE 6.0; Windows NT 5.1; SV1)"
5.188.211.16 - - [26/Dec/2020:07:37:03 +0100] "GET / HTTP/1.0" 200 150089 "-" "Mozilla/4.0 (compatible; MSIE 6.0; Windows NT 5.1; SV1)"
5.188.211.16 - - [26/Dec/2020:07:37:05 +0100] "GET /gorse-umbrella-flower-fairies-p-41705.html HTTP/1.0" 200 73722 "-" "Mozilla/4.0 (compatible; MSIE 6.0; Windows NT 5.1; SV1)"
5.188.211.16 - - [26/Dec/2020:07:37:06 +0100] "GET /contact_us.php HTTP/1.0" 200 26241 "-" "Mozilla/4.0 (compatible; MSIE 6.0; Windows NT 5.1; SV1)"
5.188.211.16 - - [26/Dec/2020:07:37:06 +0100] "GET /create_account.php HTTP/1.0" 200 33633 "-" "Mozilla/4.0 (compatible; MSIE 6.0; Windows NT 5.1; SV1)"
5.188.211.16 - - [26/Dec/2020:07:37:07 +0100] "GET /checkout_shipping.php HTTP/1.0" 302 468 "-" "Mozilla/4.0 (compatible; MSIE 6.0; Windows NT 5.1; SV1)"
5.188.211.16 - - [26/Dec/2020:07:37:07 +0100] "GET /login.php HTTP/1.0" 200 17155 "-" "Mozilla/4.0 (compatible; MSIE 6.0; Windows NT 5.1; SV1)"
5.188.211.16 - - [26/Dec/2020:07:37:08 +0100] "GET /shopping_cart.php HTTP/1.0" 200 13298 "-" "Mozilla/4.0 (compatible; MSIE 6.0; Windows NT 5.1; SV1)"
5.188.211.16 - - [26/Dec/2020:07:37:08 +0100] "GET /login.php HTTP/1.0" 200 17155 "-" "Mozilla/4.0 (compatible; MSIE 6.0; Windows NT 5.1; SV1)"
5.188.211.16 - - [26/Dec/2020:07:37:08 +0100] "GET /specials.php HTTP/1.0" 200 130010 "-" "Mozilla/4.0 (compatible; MSIE 6.0; Windows NT 5.1; SV1)"
5.188.211.16 - - [26/Dec/2020:07:37:09 +0100] "GET /products_new.php HTTP/1.0" 200 91413 "-" "Mozilla/4.0 (compatible; MSIE 6.0; Windows NT 5.1; SV1)"
13.66.139.41 - - [26/Dec/2020:07:38:15 +0100] "GET /-p-15154.html HTTP/1.0" 200 69192 "-" "Mozilla/5.0 (compatible; bingbot/2.0; +http://www.bing.com/bingbot.htm)"
13.66.139.136 - - [26/Dec/2020:07:38:26 +0100] "GET /-p-24291.html HTTP/1.0" 200 69192 "-" "Mozilla/5.0 (compatible; bingbot/2.0; +http://www.bing.com/bingbot.htm)"
114.119.158.196 - - [26/Dec/2020:07:39:05 +0100] "GET /images/big_prod_1/8424346355129B.jpg HTTP/1.0" 200 271 "-" "Mozilla/5.0 (Linux; Android 7.0;) AppleWebKit/537.36 (KHTML, like Gecko) Mobile Safari/537.36 (compatible; PetalBot;+https://aspiegel.com/petalbot)"
66.249.70.62 - - [26/Dec/2020:07:39:05 +0100] "GET /skull-sailor-moneybox-blue-p-32591.html HTTP/1.0" 200 71850 "-" "Mozilla/5.0 (compatible; Googlebot/2.1; +http://www.google.com/bot.html)"
54.36.149.28 - - [26/Dec/2020:07:40:19 +0100] "GET /glitters-red-p-53394.html HTTP/1.0" 200 71787 "-" "Mozilla/5.0 (compatible; AhrefsBot/7.0; +http://ahrefs.com/robot/)"
13.66.139.41 - - [26/Dec/2020:07:40:30 +0100] "GET /-p-35491.html HTTP/1.0" 200 69192 "-" "Mozilla/5.0 (compatible; bingbot/2.0; +http://www.bing.com/bingbot.htm)"
13.66.139.136 - - [26/Dec/2020:07:40:35 +0100] "GET /-p-24933.html HTTP/1.0" 200 69192 "-" "Mozilla/5.0 (compatible; bingbot/2.0; +http://www.bing.com/bingbot.htm)"
13.66.139.136 - - [26/Dec/2020:07:40:57 +0100] "GET /the-little-mermaid-money-box-p-4671.html HTTP/1.0" 200 71872 "-" "Mozilla/5.0 (compatible; bingbot/2.0; +http://www.bing.com/bingbot.htm)"
114.119.132.105 - - [26/Dec/2020:07:43:26 +0100] "GET /images/big_prod/4036113307459.jpg HTTP/1.0" 200 268 "-" "Mozilla/5.0 (Linux; Android 7.0;) AppleWebKit/537.36 (KHTML, like Gecko) Mobile Safari/537.36 (compatible; PetalBot;+https://aspiegel.com/petalbot)"
51.68.224.127 - - [26/Dec/2020:07:44:44 +0100] "GET /adminweb/export_orders_xml.php?token=256de2z6edz6ed2z6DFSFsed2zed6zeDSFDSGdzedezfzf&maxorders=10&orderstart=1&status=14&start_date=2018-10-01 HTTP/1.0" 200 285 "-" "GesCom CharlotteBoutik Serveur"
51.68.224.127 - - [26/Dec/2020:07:44:44 +0100] "GET /adminweb/export_orders_xml.php?token=256de2z6edz6ed2z6DFSFsed2zed6zeDSFDSGdzedezfzf&maxorders=10&orderstart=1&status=6&start_date=2018-10-01 HTTP/1.0" 200 30026 "-" "GesCom CharlotteBoutik Serveur"
220.181.108.160 - - [26/Dec/2020:07:45:36 +0100] "GET /dishes-and-pie-dishes-c-12_251.html HTTP/1.0" 200 88737 "-" "Mozilla/5.0 (compatible; Baiduspider/2.0; +http://www.baidu.com/search/spider.html)"
116.179.32.202 - - [26/Dec/2020:07:45:36 +0100] "GET /bmw-ceramic-mug-p-52942.html HTTP/1.0" 200 71794 "-" "Mozilla/5.0 (compatible; Baiduspider/2.0; +http://www.baidu.com/search/spider.html)"
116.179.32.100 - - [26/Dec/2020:07:45:36 +0100] "GET /cork-oak-storage-chest-54-cm-p-52926.html HTTP/1.0" 200 71871 "-" "Mozilla/5.0 (compatible; Baiduspider/2.0; +http://www.baidu.com/search/spider.html)"
116.179.32.205 - - [26/Dec/2020:07:45:36 +0100] "GET /metal-lamp-p-53382.html HTTP/1.0" 200 72737 "-" "Mozilla/5.0 (compatible; Baiduspider/2.0; +http://www.baidu.com/search/spider.html)"
116.179.32.18 - - [26/Dec/2020:07:45:36 +0100] "GET /transparent-rectangular-plastic-tablecloth-140-300-cm-p-52777.html HTTP/1.0" 200 72086 "-" "Mozilla/5.0 (compatible; Baiduspider/2.0; +http://www.baidu.com/search/spider.html)"
54.36.148.193 - - [26/Dec/2020:07:46:40 +0100] "GET /decorative-seashell-p-53084.html HTTP/1.0" 200 72629 "-" "Mozilla/5.0 (compatible; AhrefsBot/7.0; +http://ahrefs.com/robot/)"
