13.66.139.136 - - [26/Dec/2020:23:45:00 +0100] "GET /-p-22624.html HTTP/1.0" 200 69192 "-" "Mozilla/5.0 (compatible; bingbot/2.0; +http://www.bing.com/bingbot.htm)"
54.36.148.165 - - [26/Dec/2020:23:45:26 +0100] "GET /resin-statuette-gymnast-on-the-world-39-cm-p-52840.html HTTP/1.0" 200 72046 "-" "Mozilla/5.0 (compatible; AhrefsBot/7.0; +http://ahrefs.com/robot/)"
13.66.139.41 - - [26/Dec/2020:23:45:44 +0100] "GET /votive-candle-15-hours-eastern-promise-p-38112.html HTTP/1.0" 200 73010 "-" "Mozilla/5.0 (compatible; bingbot/2.0; +http://www.bing.com/bingbot.htm)"
114.119.144.233 - - [26/Dec/2020:23:46:30 +0100] "GET /images/big_prod/8717202559642.jpg HTTP/1.0" 200 268 "-" "Mozilla/5.0 (Linux; Android 7.0;) AppleWebKit/537.36 (KHTML, like Gecko) Mobile Safari/537.36 (compatible; PetalBot;+https://aspiegel.com/petalbot)"
17.58.101.145 - - [26/Dec/2020:23:46:58 +0100] "GET /silver-and-amethyst-brass-earrings-p-44961.html HTTP/1.0" 200 71973 "-" "Mozilla/5.0 (Macintosh; Intel Mac OS X 10_15_5) AppleWebKit/605.1.15 (KHTML, like Gecko) Version/13.1.1 Safari/605.1.15 (Applebot/0.1; +http://www.apple.com/go/applebot)"
54.36.148.206 - - [26/Dec/2020:23:49:49 +0100] "GET /jar-candle-30-hours-citrus-crush-p-33049.html HTTP/1.0" 200 73094 "-" "Mozilla/5.0 (compatible; AhrefsBot/7.0; +http://ahrefs.com/robot/)"
157.55.39.186 - - [26/Dec/2020:23:49:50 +0100] "GET /swfobject.js HTTP/1.0" 404 1308 "-" "Mozilla/5.0 (compatible; bingbot/2.0; +http://www.bing.com/bingbot.htm)"
114.119.154.200 - - [26/Dec/2020:23:50:47 +0100] "GET /images/big_prod/9316188070225.jpg HTTP/1.0" 200 268 "-" "Mozilla/5.0 (Linux; Android 7.0;) AppleWebKit/537.36 (KHTML, like Gecko) Mobile Safari/537.36 (compatible; PetalBot;+https://aspiegel.com/petalbot)"
13.66.139.41 - - [26/Dec/2020:23:51:02 +0100] "GET /-p-7309.html HTTP/1.0" 200 69190 "-" "Mozilla/5.0 (compatible; bingbot/2.0; +http://www.bing.com/bingbot.htm)"
116.179.32.82 - - [26/Dec/2020:23:51:25 +0100] "GET /poncho-towels-and-bathrobes-c-11_72.html HTTP/1.0" 200 80410 "-" "Mozilla/5.0 (compatible; Baiduspider/2.0; +http://www.baidu.com/search/spider.html)"
13.66.139.41 - - [26/Dec/2020:23:52:12 +0100] "GET /spain-phone-cover-for-samsung-s2-by-cbkreation-p-14971.html HTTP/1.0" 200 69413 "-" "Mozilla/5.0 (compatible; bingbot/2.0; +http://www.bing.com/bingbot.htm)"
17.58.101.145 - - [26/Dec/2020:23:52:19 +0100] "GET /barbapapa-black-shirt-p-29636.html HTTP/1.0" 200 72993 "-" "Mozilla/5.0 (Macintosh; Intel Mac OS X 10_15_5) AppleWebKit/605.1.15 (KHTML, like Gecko) Version/13.1.1 Safari/605.1.15 (Applebot/0.1; +http://www.apple.com/go/applebot)"
157.55.39.94 - - [26/Dec/2020:23:53:34 +0100] "GET /stone-polychrome-jasper-140-150-grams-p-46584.html HTTP/1.0" 200 73173 "-" "Mozilla/5.0 (compatible; bingbot/2.0; +http://www.bing.com/bingbot.htm)"
13.66.139.76 - - [26/Dec/2020:23:54:09 +0100] "GET /meditation-cushion-6th-chakra-aja-indigo-p-45370.html HTTP/1.0" 200 73092 "-" "Mozilla/5.0 (compatible; bingbot/2.0; +http://www.bing.com/bingbot.htm)"
207.46.13.225 - - [26/Dec/2020:23:54:32 +0100] "GET /hair-accessories-c-3_205.html HTTP/1.0" 200 89296 "-" "Mozilla/5.0 (compatible; bingbot/2.0; +http://www.bing.com/bingbot.htm)"
66.249.70.33 - - [26/Dec/2020:23:54:37 +0100] "GET /water-bottles-and-sport-bottles-c-12_161.html?page=5 HTTP/1.0" 200 94536 "-" "Mozilla/5.0 (Linux; Android 6.0.1; Nexus 5X Build/MMB29P) AppleWebKit/537.36 (KHTML, like Gecko) Chrome/87.0.4280.90 Mobile Safari/537.36 (compatible; Googlebot/2.1; +http://www.google.com/bot.html)"
66.249.70.62 - - [26/Dec/2020:23:54:41 +0100] "GET /swfobject.js HTTP/1.0" 404 1308 "http://www.wonder-geek.com/water-bottles-and-sport-bottles-c-12_161.html?page=5" "Mozilla/5.0 (Linux; Android 6.0.1; Nexus 5X Build/MMB29P) AppleWebKit/537.36 (KHTML, like Gecko) Chrome/87.0.4280.90 Mobile Safari/537.36 (compatible; Googlebot/2.1; +http://www.google.com/bot.html)"
66.249.70.33 - - [26/Dec/2020:23:54:41 +0100] "GET /js/jquery.min.js HTTP/1.0" 404 1308 "http://www.wonder-geek.com/water-bottles-and-sport-bottles-c-12_161.html?page=5" "Mozilla/5.0 (Linux; Android 6.0.1; Nexus 5X Build/MMB29P) AppleWebKit/537.36 (KHTML, like Gecko) Chrome/87.0.4280.90 Mobile Safari/537.36 (compatible; Googlebot/2.1; +http://www.google.com/bot.html)"
54.36.148.12 - - [26/Dec/2020:23:54:43 +0100] "GET /the-beatles-travel-mug-p-12698.html HTTP/1.0" 200 71745 "-" "Mozilla/5.0 (compatible; AhrefsBot/7.0; +http://ahrefs.com/robot/)"
114.119.132.105 - - [26/Dec/2020:23:55:09 +0100] "GET /wall-decoration-in-cork-mappemonde-p-40615.html HTTP/1.0" 200 72671 "-" "Mozilla/5.0 (Linux; Android 7.0;) AppleWebKit/537.36 (KHTML, like Gecko) Mobile Safari/537.36 (compatible; PetalBot;+https://aspiegel.com/petalbot)"
207.46.13.49 - - [26/Dec/2020:23:55:24 +0100] "GET /-p-22636.html HTTP/1.0" 200 69192 "-" "Mozilla/5.0 (compatible; bingbot/2.0; +http://www.bing.com/bingbot.htm)"
13.66.139.41 - - [26/Dec/2020:23:55:32 +0100] "GET /-p-25797.html HTTP/1.0" 200 69192 "-" "Mozilla/5.0 (compatible; bingbot/2.0; +http://www.bing.com/bingbot.htm)"
45.135.186.29 - - [26/Dec/2020:23:56:01 +0100] "GET /images/med_prod/8433933838365.jpg HTTP/1.0" 200 268 "-" "Mozilla/5.0 (Macintosh; Intel Mac OS X 10_11_6) AppleWebKit/537.36 (KHTML, like Gecko) Chrome/62.0.3202.94 Safari/537.36"
207.46.13.158 - - [26/Dec/2020:23:56:24 +0100] "GET /giraffe-decorative-statue-39-cm-p-51227.html HTTP/1.0" 200 71961 "-" "Mozilla/5.0 (compatible; bingbot/2.0; +http://www.bing.com/bingbot.htm)"
17.58.101.145 - - [26/Dec/2020:23:56:33 +0100] "GET /images/mini_prod/3494157821026.jpg HTTP/1.0" 200 269 "-" "Mozilla/5.0 (Macintosh; Intel Mac OS X 10_15_5) AppleWebKit/605.1.15 (KHTML, like Gecko) Version/13.1.1 Safari/605.1.15 (Applebot/0.1; +http://www.apple.com/go/applebot)"
66.249.70.62 - - [26/Dec/2020:23:56:39 +0100] "GET /superman-batman-blue-training-bottle-p-35779.html HTTP/1.0" 200 72053 "-" "Mozilla/5.0 (Linux; Android 6.0.1; Nexus 5X Build/MMB29P) AppleWebKit/537.36 (KHTML, like Gecko) Chrome/87.0.4280.90 Mobile Safari/537.36 (compatible; Googlebot/2.1; +http://www.google.com/bot.html)"
13.66.139.136 - - [26/Dec/2020:23:56:55 +0100] "GET /-p-29839.html HTTP/1.0" 200 69192 "-" "Mozilla/5.0 (compatible; bingbot/2.0; +http://www.bing.com/bingbot.htm)"
66.249.70.33 - - [26/Dec/2020:23:57:01 +0100] "GET /isothermic-stainless-steel-bottle-mojito-by-cbkreation-p-51350.html HTTP/1.0" 200 72107 "-" "Mozilla/5.0 (Linux; Android 6.0.1; Nexus 5X Build/MMB29P) AppleWebKit/537.36 (KHTML, like Gecko) Chrome/87.0.4280.90 Mobile Safari/537.36 (compatible; Googlebot/2.1; +http://www.google.com/bot.html)"
13.66.139.76 - - [26/Dec/2020:23:58:23 +0100] "GET /vintage-retro-ottoman-storage-box-41-cm-p-50177.html HTTP/1.0" 200 69338 "-" "Mozilla/5.0 (compatible; bingbot/2.0; +http://www.bing.com/bingbot.htm)"
157.55.39.186 - - [26/Dec/2020:23:58:42 +0100] "GET /swfobject.js HTTP/1.0" 404 1308 "-" "Mozilla/5.0 (compatible; bingbot/2.0; +http://www.bing.com/bingbot.htm)"
51.68.224.127 - - [26/Dec/2020:23:58:50 +0100] "GET /adminweb/export_orders_xml.php?token=256de2z6edz6ed2z6DFSFsed2zed6zeDSFDSGdzedezfzf&maxorders=10&orderstart=1&status=14&start_date=2018-10-01 HTTP/1.0" 200 285 "-" "GesCom CharlotteBoutik Serveur"
51.68.224.127 - - [26/Dec/2020:23:58:50 +0100] "GET /adminweb/export_orders_xml.php?token=256de2z6edz6ed2z6DFSFsed2zed6zeDSFDSGdzedezfzf&maxorders=10&orderstart=1&status=6&start_date=2018-10-01 HTTP/1.0" 200 30026 "-" "GesCom CharlotteBoutik Serveur"
157.55.39.186 - - [26/Dec/2020:23:58:55 +0100] "GET /swfobject.js HTTP/1.0" 404 1308 "-" "Mozilla/5.0 (compatible; bingbot/2.0; +http://www.bing.com/bingbot.htm)"
157.55.39.186 - - [26/Dec/2020:23:58:55 +0100] "GET /swfobject.js HTTP/1.0" 404 1308 "-" "Mozilla/5.0 (compatible; bingbot/2.0; +http://www.bing.com/bingbot.htm)"
40.77.167.36 - - [26/Dec/2020:23:59:19 +0100] "GET /the-little-prince-big-melamnine-plate-p-9349.html HTTP/1.0" 200 72027 "-" "Mozilla/5.0 (compatible; bingbot/2.0; +http://www.bing.com/bingbot.htm)"
54.36.149.51 - - [26/Dec/2020:23:59:28 +0100] "GET /quote-wall-stickers-50-70-cm-p-51936.html HTTP/1.0" 200 71966 "-" "Mozilla/5.0 (compatible; AhrefsBot/7.0; +http://ahrefs.com/robot/)"
114.119.147.45 - - [26/Dec/2020:23:59:30 +0100] "GET /cats-by-dubout-figurine-grooming-time-p-32712.html HTTP/1.0" 200 72361 "-" "Mozilla/5.0 (Linux; Android 7.0;) AppleWebKit/537.36 (KHTML, like Gecko) Mobile Safari/537.36 (compatible; PetalBot;+https://aspiegel.com/petalbot)"
13.66.139.41 - - [26/Dec/2020:23:59:33 +0100] "GET /-p-19624.html HTTP/1.0" 200 69192 "-" "Mozilla/5.0 (compatible; bingbot/2.0; +http://www.bing.com/bingbot.htm)"
66.249.70.62 - - [27/Dec/2020:00:02:02 +0100] "GET /water-bottles-and-sport-bottles-c-12_161.html?page=1 HTTP/1.0" 200 90998 "-" "Mozilla/5.0 (Linux; Android 6.0.1; Nexus 5X Build/MMB29P) AppleWebKit/537.36 (KHTML, like Gecko) Chrome/87.0.4280.90 Mobile Safari/537.36 (compatible; Googlebot/2.1; +http://www.google.com/bot.html)"
66.249.70.62 - - [27/Dec/2020:00:02:08 +0100] "GET /swfobject.js HTTP/1.0" 404 1308 "http://www.wonder-geek.com/water-bottles-and-sport-bottles-c-12_161.html?page=1" "Mozilla/5.0 (Linux; Android 6.0.1; Nexus 5X Build/MMB29P) AppleWebKit/537.36 (KHTML, like Gecko) Chrome/87.0.4280.90 Mobile Safari/537.36 (compatible; Googlebot/2.1; +http://www.google.com/bot.html)"
66.249.70.62 - - [27/Dec/2020:00:02:08 +0100] "GET /js/jquery.min.js HTTP/1.0" 404 1308 "http://www.wonder-geek.com/water-bottles-and-sport-bottles-c-12_161.html?page=1" "Mozilla/5.0 (Linux; Android 6.0.1; Nexus 5X Build/MMB29P) AppleWebKit/537.36 (KHTML, like Gecko) Chrome/87.0.4280.90 Mobile Safari/537.36 (compatible; Googlebot/2.1; +http://www.google.com/bot.html)"
66.249.68.2 - - [27/Dec/2020:00:02:09 +0100] "GET /js/jquery.min.js HTTP/1.0" 404 1308 "http://www.wonder-geek.com/water-bottles-and-sport-bottles-c-12_161.html?page=1" "Mozilla/5.0 (Linux; Android 6.0.1; Nexus 5X Build/MMB29P) AppleWebKit/537.36 (KHTML, like Gecko) Chrome/87.0.4280.90 Mobile Safari/537.36 (compatible; Googlebot/2.1; +http://www.google.com/bot.html)"
13.66.139.136 - - [27/Dec/2020:00:02:19 +0100] "GET /-p-12141.html HTTP/1.0" 200 69192 "-" "Mozilla/5.0 (compatible; bingbot/2.0; +http://www.bing.com/bingbot.htm)"
114.119.129.36 - - [27/Dec/2020:00:03:46 +0100] "GET /pencil-box-cbkreation-p-41503.html HTTP/1.0" 200 71876 "-" "Mozilla/5.0 (Linux; Android 7.0;) AppleWebKit/537.36 (KHTML, like Gecko) Mobile Safari/537.36 (compatible; PetalBot;+https://aspiegel.com/petalbot)"
54.36.148.160 - - [27/Dec/2020:00:04:02 +0100] "GET /horse-jewelry-box-p-49356.html HTTP/1.0" 200 71977 "-" "Mozilla/5.0 (compatible; AhrefsBot/7.0; +http://ahrefs.com/robot/)"
66.249.70.33 - - [27/Dec/2020:00:04:53 +0100] "GET /chairs-cushion-c-11_165.html?page=3 HTTP/1.0" 200 90489 "-" "Mozilla/5.0 (Linux; Android 6.0.1; Nexus 5X Build/MMB29P) AppleWebKit/537.36 (KHTML, like Gecko) Chrome/87.0.4280.90 Mobile Safari/537.36 (compatible; Googlebot/2.1; +http://www.google.com/bot.html)"
66.249.70.36 - - [27/Dec/2020:00:04:56 +0100] "GET /js/jquery.min.js HTTP/1.0" 404 1308 "http://www.wonder-geek.com/chairs-cushion-c-11_165.html?page=3" "Mozilla/5.0 (Linux; Android 6.0.1; Nexus 5X Build/MMB29P) AppleWebKit/537.36 (KHTML, like Gecko) Chrome/87.0.4280.90 Mobile Safari/537.36 (compatible; Googlebot/2.1; +http://www.google.com/bot.html)"
66.249.70.62 - - [27/Dec/2020:00:05:31 +0100] "GET /chair-cushion-reversible-yellow-and-light-brown-38-cm-p-46886.html HTTP/1.0" 200 72112 "-" "Mozilla/5.0 (Linux; Android 6.0.1; Nexus 5X Build/MMB29P) AppleWebKit/537.36 (KHTML, like Gecko) Chrome/87.0.4280.90 Mobile Safari/537.36 (compatible; Googlebot/2.1; +http://www.google.com/bot.html)"
66.249.70.36 - - [27/Dec/2020:00:05:35 +0100] "GET /chair-cushion-gopher-blue-duck-p-51761.html HTTP/1.0" 200 72684 "-" "Mozilla/5.0 (Linux; Android 6.0.1; Nexus 5X Build/MMB29P) AppleWebKit/537.36 (KHTML, like Gecko) Chrome/87.0.4280.90 Mobile Safari/537.36 (compatible; Googlebot/2.1; +http://www.google.com/bot.html)"
66.249.70.33 - - [27/Dec/2020:00:05:36 +0100] "GET /swfobject.js HTTP/1.0" 404 1308 "http://www.wonder-geek.com/chair-cushion-reversible-yellow-and-light-brown-38-cm-p-46886.html" "Mozilla/5.0 (Linux; Android 6.0.1; Nexus 5X Build/MMB29P) AppleWebKit/537.36 (KHTML, like Gecko) Chrome/87.0.4280.90 Mobile Safari/537.36 (compatible; Googlebot/2.1; +http://www.google.com/bot.html)"
66.249.70.62 - - [27/Dec/2020:00:05:39 +0100] "GET /chair-cushion-with-fringes-blue-p-48321.html HTTP/1.0" 200 71877 "-" "Mozilla/5.0 (Linux; Android 6.0.1; Nexus 5X Build/MMB29P) AppleWebKit/537.36 (KHTML, like Gecko) Chrome/87.0.4280.90 Mobile Safari/537.36 (compatible; Googlebot/2.1; +http://www.google.com/bot.html)"
13.66.139.136 - - [27/Dec/2020:00:05:42 +0100] "GET /-p-3063.html HTTP/1.0" 200 69190 "-" "Mozilla/5.0 (compatible; bingbot/2.0; +http://www.bing.com/bingbot.htm)"
66.249.70.62 - - [27/Dec/2020:00:05:47 +0100] "GET /chair-cushion-gopher-beige-p-51760.html HTTP/1.0" 200 72648 "-" "Mozilla/5.0 (Linux; Android 6.0.1; Nexus 5X Build/MMB29P) AppleWebKit/537.36 (KHTML, like Gecko) Chrome/87.0.4280.90 Mobile Safari/537.36 (compatible; Googlebot/2.1; +http://www.google.com/bot.html)"
66.249.70.62 - - [27/Dec/2020:00:05:52 +0100] "GET /chair-cushion-with-fringes-purple-p-51742.html HTTP/1.0" 200 72511 "-" "Mozilla/5.0 (Linux; Android 6.0.1; Nexus 5X Build/MMB29P) AppleWebKit/537.36 (KHTML, like Gecko) Chrome/87.0.4280.90 Mobile Safari/537.36 (compatible; Googlebot/2.1; +http://www.google.com/bot.html)"
66.249.70.62 - - [27/Dec/2020:00:05:59 +0100] "GET /chair-cushion-scratchs-blue-and-lin-38-cm-p-49314.html HTTP/1.0" 200 71983 "-" "Mozilla/5.0 (Linux; Android 6.0.1; Nexus 5X Build/MMB29P) AppleWebKit/537.36 (KHTML, like Gecko) Chrome/87.0.4280.90 Mobile Safari/537.36 (compatible; Googlebot/2.1; +http://www.google.com/bot.html)"
66.249.70.36 - - [27/Dec/2020:00:06:04 +0100] "GET /chair-cushion-scratchs-blue-and-grey-38-cm-p-43502.html HTTP/1.0" 200 71988 "-" "Mozilla/5.0 (Linux; Android 6.0.1; Nexus 5X Build/MMB29P) AppleWebKit/537.36 (KHTML, like Gecko) Chrome/87.0.4280.90 Mobile Safari/537.36 (compatible; Googlebot/2.1; +http://www.google.com/bot.html)"
66.249.70.62 - - [27/Dec/2020:00:06:10 +0100] "GET /chair-cushion-reversible-red-and-lin-38-cm-p-39586.html HTTP/1.0" 200 72024 "-" "Mozilla/5.0 (Linux; Android 6.0.1; Nexus 5X Build/MMB29P) AppleWebKit/537.36 (KHTML, like Gecko) Chrome/87.0.4280.90 Mobile Safari/537.36 (compatible; Googlebot/2.1; +http://www.google.com/bot.html)"
66.249.70.62 - - [27/Dec/2020:00:06:16 +0100] "GET /chair-cushion-scratchs-green-38-cm-p-51735.html HTTP/1.0" 200 71948 "-" "Mozilla/5.0 (Linux; Android 6.0.1; Nexus 5X Build/MMB29P) AppleWebKit/537.36 (KHTML, like Gecko) Chrome/87.0.4280.90 Mobile Safari/537.36 (compatible; Googlebot/2.1; +http://www.google.com/bot.html)"
66.249.70.62 - - [27/Dec/2020:00:06:22 +0100] "GET /chair-cushion-with-fringes-navy-blue-p-48322.html HTTP/1.0" 200 71902 "-" "Mozilla/5.0 (Linux; Android 6.0.1; Nexus 5X Build/MMB29P) AppleWebKit/537.36 (KHTML, like Gecko) Chrome/87.0.4280.90 Mobile Safari/537.36 (compatible; Googlebot/2.1; +http://www.google.com/bot.html)"
66.249.70.62 - - [27/Dec/2020:00:06:28 +0100] "GET /copper-bottle-with-screw-cap-flower-of-life-printed-750-ml-p-42838.html HTTP/1.0" 200 73245 "-" "Mozilla/5.0 (Linux; Android 6.0.1; Nexus 5X Build/MMB29P) AppleWebKit/537.36 (KHTML, like Gecko) Chrome/87.0.4280.90 Mobile Safari/537.36 (compatible; Googlebot/2.1; +http://www.google.com/bot.html)"
66.249.70.62 - - [27/Dec/2020:00:06:34 +0100] "GET /chair-cushion-scratchs-powder-and-gray-38-cm-p-43505.html HTTP/1.0" 200 71998 "-" "Mozilla/5.0 (Linux; Android 6.0.1; Nexus 5X Build/MMB29P) AppleWebKit/537.36 (KHTML, like Gecko) Chrome/87.0.4280.90 Mobile Safari/537.36 (compatible; Googlebot/2.1; +http://www.google.com/bot.html)"
54.36.148.103 - - [27/Dec/2020:00:06:36 +0100] "GET /horses-jewelry-purple-box-p-27327.html HTTP/1.0" 301 69259 "-" "Mozilla/5.0 (compatible; AhrefsBot/7.0; +http://ahrefs.com/robot/)"
66.249.70.62 - - [27/Dec/2020:00:06:40 +0100] "GET /chair-cushion-reversible-lin-and-beige-38-cm-p-38941.html HTTP/1.0" 200 72039 "-" "Mozilla/5.0 (Linux; Android 6.0.1; Nexus 5X Build/MMB29P) AppleWebKit/537.36 (KHTML, like Gecko) Chrome/87.0.4280.90 Mobile Safari/537.36 (compatible; Googlebot/2.1; +http://www.google.com/bot.html)"
66.249.70.62 - - [27/Dec/2020:00:06:46 +0100] "GET /copper-bottle-with-screw-cap-ohm-printed-750-ml-p-46280.html HTTP/1.0" 200 73159 "-" "Mozilla/5.0 (Linux; Android 6.0.1; Nexus 5X Build/MMB29P) AppleWebKit/537.36 (KHTML, like Gecko) Chrome/87.0.4280.90 Mobile Safari/537.36 (compatible; Googlebot/2.1; +http://www.google.com/bot.html)"
66.249.70.62 - - [27/Dec/2020:00:06:53 +0100] "GET /copper-bottle-with-screw-cap-flower-of-life-engraved-750-ml-p-44266.html HTTP/1.0" 200 73245 "-" "Mozilla/5.0 (Linux; Android 6.0.1; Nexus 5X Build/MMB29P) AppleWebKit/537.36 (KHTML, like Gecko) Chrome/87.0.4280.90 Mobile Safari/537.36 (compatible; Googlebot/2.1; +http://www.google.com/bot.html)"
13.66.139.76 - - [27/Dec/2020:00:07:00 +0100] "GET /-p-21568.html HTTP/1.0" 200 69192 "-" "Mozilla/5.0 (compatible; bingbot/2.0; +http://www.bing.com/bingbot.htm)"
13.66.139.76 - - [27/Dec/2020:00:07:28 +0100] "GET /wall-sticker-c-13_187.html?page=5 HTTP/1.0" 200 92888 "-" "Mozilla/5.0 (compatible; bingbot/2.0; +http://www.bing.com/bingbot.htm)"
157.55.39.186 - - [27/Dec/2020:00:07:43 +0100] "GET /swfobject.js HTTP/1.0" 404 1308 "-" "Mozilla/5.0 (compatible; bingbot/2.0; +http://www.bing.com/bingbot.htm)"
157.55.39.186 - - [27/Dec/2020:00:07:53 +0100] "GET /swfobject.js HTTP/1.0" 404 1308 "-" "Mozilla/5.0 (compatible; bingbot/2.0; +http://www.bing.com/bingbot.htm)"
114.119.132.105 - - [27/Dec/2020:00:08:07 +0100] "GET /images/big_prod/1300001473421.jpg HTTP/1.0" 200 268 "-" "Mozilla/5.0 (Linux; Android 7.0;) AppleWebKit/537.36 (KHTML, like Gecko) Mobile Safari/537.36 (compatible; PetalBot;+https://aspiegel.com/petalbot)"
66.249.70.36 - - [27/Dec/2020:00:08:17 +0100] "GET /chair-cushion-scratchs-terracotta-38-cm-p-51736.html HTTP/1.0" 200 71974 "-" "Mozilla/5.0 (Linux; Android 6.0.1; Nexus 5X Build/MMB29P) AppleWebKit/537.36 (KHTML, like Gecko) Chrome/87.0.4280.90 Mobile Safari/537.36 (compatible; Googlebot/2.1; +http://www.google.com/bot.html)"
17.58.101.145 - - [27/Dec/2020:00:08:24 +0100] "GET /bart-simpsons-soccer-mobile-sock-p-17484.html HTTP/1.0" 301 69259 "-" "Mozilla/5.0 (Macintosh; Intel Mac OS X 10_15_5) AppleWebKit/605.1.15 (KHTML, like Gecko) Version/13.1.1 Safari/605.1.15 (Applebot/0.1; +http://www.apple.com/go/applebot)"
17.58.101.145 - - [27/Dec/2020:00:08:25 +0100] "GET /-p-17484.html HTTP/1.0" 200 69192 "-" "Mozilla/5.0 (Macintosh; Intel Mac OS X 10_15_5) AppleWebKit/605.1.15 (KHTML, like Gecko) Version/13.1.1 Safari/605.1.15 (Applebot/0.1; +http://www.apple.com/go/applebot)"
54.36.148.181 - - [27/Dec/2020:00:08:39 +0100] "GET /bagshandbags-shoulder-bags-c-31_81.html?page=6 HTTP/1.0" 200 96614 "-" "Mozilla/5.0 (compatible; AhrefsBot/7.0; +http://ahrefs.com/robot/)"
66.249.70.62 - - [27/Dec/2020:00:09:06 +0100] "GET /chair-cushion-scratchs-blue-and-lin-38-cm-p-43501.html HTTP/1.0" 200 71983 "-" "Mozilla/5.0 (Linux; Android 6.0.1; Nexus 5X Build/MMB29P) AppleWebKit/537.36 (KHTML, like Gecko) Chrome/87.0.4280.90 Mobile Safari/537.36 (compatible; Googlebot/2.1; +http://www.google.com/bot.html)"
13.66.139.136 - - [27/Dec/2020:00:09:14 +0100] "GET /-p-24326.html HTTP/1.0" 200 69192 "-" "Mozilla/5.0 (compatible; bingbot/2.0; +http://www.bing.com/bingbot.htm)"
77.75.78.160 - - [27/Dec/2020:00:09:41 +0100] "GET /robots.txt HTTP/1.0" 200 245 "-" "Mozilla/5.0 (compatible; SeznamBot/3.2; +http://napoveda.seznam.cz/en/seznambot-intro/)"
77.75.78.160 - - [27/Dec/2020:00:09:42 +0100] "GET /images/mini_prod/3520071783369.jpg HTTP/1.0" 200 269 "-" "Mozilla/5.0 (compatible; SeznamBot/3.2; +http://napoveda.seznam.cz/en/seznambot-intro/)"
40.77.167.36 - - [27/Dec/2020:00:12:10 +0100] "GET /-p-36861.html HTTP/1.0" 200 69192 "-" "Mozilla/5.0 (compatible; bingbot/2.0; +http://www.bing.com/bingbot.htm)"
114.119.144.233 - - [27/Dec/2020:00:12:43 +0100] "GET /images/mini_prod/3503420082726.jpg HTTP/1.0" 200 269 "-" "Mozilla/5.0 (Linux; Android 7.0;) AppleWebKit/537.36 (KHTML, like Gecko) Mobile Safari/537.36 (compatible; PetalBot;+https://aspiegel.com/petalbot)"
66.249.70.36 - - [27/Dec/2020:00:12:46 +0100] "GET /chair-cushion-scratchs-grey-38-cm-p-43504.html HTTP/1.0" 200 71943 "-" "Mozilla/5.0 (Linux; Android 6.0.1; Nexus 5X Build/MMB29P) AppleWebKit/537.36 (KHTML, like Gecko) Chrome/87.0.4280.90 Mobile Safari/537.36 (compatible; Googlebot/2.1; +http://www.google.com/bot.html)"
13.66.139.136 - - [27/Dec/2020:00:12:58 +0100] "GET /-p-31418.html HTTP/1.0" 200 69192 "-" "Mozilla/5.0 (compatible; bingbot/2.0; +http://www.bing.com/bingbot.htm)"
54.36.148.87 - - [27/Dec/2020:00:13:07 +0100] "GET /tigger-figure-by-britto-p-53435.html HTTP/1.0" 200 71893 "-" "Mozilla/5.0 (compatible; AhrefsBot/7.0; +http://ahrefs.com/robot/)"
51.68.224.127 - - [27/Dec/2020:00:14:49 +0100] "GET /adminweb/export_orders_xml.php?token=256de2z6edz6ed2z6DFSFsed2zed6zeDSFDSGdzedezfzf&maxorders=10&orderstart=1&status=14&start_date=2018-10-01 HTTP/1.0" 200 285 "-" "GesCom CharlotteBoutik Serveur"
51.68.224.127 - - [27/Dec/2020:00:14:49 +0100] "GET /adminweb/export_orders_xml.php?token=256de2z6edz6ed2z6DFSFsed2zed6zeDSFDSGdzedezfzf&maxorders=10&orderstart=1&status=6&start_date=2018-10-01 HTTP/1.0" 200 30026 "-" "GesCom CharlotteBoutik Serveur"
13.66.139.41 - - [27/Dec/2020:00:14:54 +0100] "GET /-p-13915.html HTTP/1.0" 200 69192 "-" "Mozilla/5.0 (compatible; bingbot/2.0; +http://www.bing.com/bingbot.htm)"
157.55.39.186 - - [27/Dec/2020:00:16:36 +0100] "GET /swfobject.js HTTP/1.0" 404 1308 "-" "Mozilla/5.0 (compatible; bingbot/2.0; +http://www.bing.com/bingbot.htm)"
157.55.39.186 - - [27/Dec/2020:00:16:46 +0100] "GET /swfobject.js HTTP/1.0" 404 1308 "-" "Mozilla/5.0 (compatible; bingbot/2.0; +http://www.bing.com/bingbot.htm)"
157.55.39.186 - - [27/Dec/2020:00:16:47 +0100] "GET /swfobject.js HTTP/1.0" 404 1308 "-" "Mozilla/5.0 (compatible; bingbot/2.0; +http://www.bing.com/bingbot.htm)"
114.119.158.196 - - [27/Dec/2020:00:16:50 +0100] "GET /images/big_prod/3453131138154.jpg HTTP/1.0" 200 268 "-" "Mozilla/5.0 (Linux; Android 7.0;) AppleWebKit/537.36 (KHTML, like Gecko) Mobile Safari/537.36 (compatible; PetalBot;+https://aspiegel.com/petalbot)"
54.36.149.42 - - [27/Dec/2020:00:17:27 +0100] "GET /the-cats-of-dubout-isothermic-stainless-steel-bottle-p-52338.html HTTP/1.0" 200 72766 "-" "Mozilla/5.0 (compatible; AhrefsBot/7.0; +http://ahrefs.com/robot/)"
157.55.39.94 - - [27/Dec/2020:00:17:32 +0100] "GET /transportable-and-rechargeable-radio-p-44018.html HTTP/1.0" 200 72236 "-" "Mozilla/5.0 (compatible; bingbot/2.0; +http://www.bing.com/bingbot.htm)"
13.66.139.136 - - [27/Dec/2020:00:17:40 +0100] "GET /-p-16390.html HTTP/1.0" 200 69192 "-" "Mozilla/5.0 (compatible; bingbot/2.0; +http://www.bing.com/bingbot.htm)"
207.46.13.13 - - [27/Dec/2020:00:17:44 +0100] "GET /anarchie-shirt-p-29581.html HTTP/1.0" 200 73077 "-" "Mozilla/5.0 (compatible; bingbot/2.0; +http://www.bing.com/bingbot.htm)"
35.192.202.195 - - [27/Dec/2020:00:19:11 +0100] "GET / HTTP/1.0" 301 511 "-" "Mozilla/5.0 (X11; Linux x86_64) AppleWebKit/537.36 (KHTML, like Gecko) Chrome/89.0.4369.0 Safari/537.36"
35.192.202.195 - - [27/Dec/2020:00:19:11 +0100] "GET / HTTP/1.0" 200 149773 "-" "Mozilla/5.0 (X11; Linux x86_64) AppleWebKit/537.36 (KHTML, like Gecko) Chrome/89.0.4369.0 Safari/537.36"
13.66.139.76 - - [27/Dec/2020:00:19:39 +0100] "GET /cement-tile-stickers-15-15-cm-gray-p-43005.html HTTP/1.0" 200 72219 "-" "Mozilla/5.0 (compatible; bingbot/2.0; +http://www.bing.com/bingbot.htm)"
114.119.158.196 - - [27/Dec/2020:00:21:10 +0100] "GET /images/big_prod/8424001718900.jpg HTTP/1.0" 200 268 "-" "Mozilla/5.0 (Linux; Android 7.0;) AppleWebKit/537.36 (KHTML, like Gecko) Mobile Safari/537.36 (compatible; PetalBot;+https://aspiegel.com/petalbot)"
13.66.139.41 - - [27/Dec/2020:00:21:35 +0100] "GET /aprons-c-11_74.html?page=2 HTTP/1.0" 200 90527 "-" "Mozilla/5.0 (compatible; bingbot/2.0; +http://www.bing.com/bingbot.htm)"
207.46.13.158 - - [27/Dec/2020:00:21:54 +0100] "GET /calimero-ashtray-p-24163.html HTTP/1.0" 200 71726 "-" "Mozilla/5.0 (compatible; bingbot/2.0; +http://www.bing.com/bingbot.htm)"
54.36.148.87 - - [27/Dec/2020:00:21:57 +0100] "GET /pendulum-to-hang-old-time-p-53211.html HTTP/1.0" 200 71978 "-" "Mozilla/5.0 (compatible; AhrefsBot/7.0; +http://ahrefs.com/robot/)"
13.66.139.76 - - [27/Dec/2020:00:23:03 +0100] "GET /mickey-box-collection-by-romano-britto-p-20288.html HTTP/1.0" 200 74195 "-" "Mozilla/5.0 (compatible; bingbot/2.0; +http://www.bing.com/bingbot.htm)"
66.249.70.36 - - [27/Dec/2020:00:24:02 +0100] "GET /chair-cushion-velcro-blue-and-lin-38-cm-p-49314.html HTTP/1.0" 301 72091 "-" "Mozilla/5.0 (Linux; Android 6.0.1; Nexus 5X Build/MMB29P) AppleWebKit/537.36 (KHTML, like Gecko) Chrome/87.0.4280.90 Mobile Safari/537.36 (compatible; Googlebot/2.1; +http://www.google.com/bot.html)"
66.249.70.62 - - [27/Dec/2020:00:24:03 +0100] "GET /chair-cushion-scratchs-blue-and-lin-38-cm-p-49314.html HTTP/1.0" 200 71983 "-" "Mozilla/5.0 (Linux; Android 6.0.1; Nexus 5X Build/MMB29P) AppleWebKit/537.36 (KHTML, like Gecko) Chrome/87.0.4280.90 Mobile Safari/537.36 (compatible; Googlebot/2.1; +http://www.google.com/bot.html)"
157.55.39.186 - - [27/Dec/2020:00:24:47 +0100] "GET /swfobject.js HTTP/1.0" 404 1308 "-" "Mozilla/5.0 (compatible; bingbot/2.0; +http://www.bing.com/bingbot.htm)"
157.55.39.214 - - [27/Dec/2020:00:25:02 +0100] "GET /the-shadow-frame-cats-by-dubout-the-walk-p-38859.html HTTP/1.0" 200 72445 "-" "Mozilla/5.0 (compatible; bingbot/2.0; +http://www.bing.com/bingbot.htm)"
13.66.139.136 - - [27/Dec/2020:00:25:25 +0100] "GET /-p-19203.html HTTP/1.0" 200 69192 "-" "Mozilla/5.0 (compatible; bingbot/2.0; +http://www.bing.com/bingbot.htm)"
13.66.139.136 - - [27/Dec/2020:00:25:26 +0100] "GET /boys-c-2.html?page=8 HTTP/1.0" 200 89357 "-" "Mozilla/5.0 (compatible; bingbot/2.0; +http://www.bing.com/bingbot.htm)"
13.66.139.41 - - [27/Dec/2020:00:25:30 +0100] "GET /frosted-glass-betty-boop-the-thirties-p-13084.html HTTP/1.0" 200 71977 "-" "Mozilla/5.0 (compatible; bingbot/2.0; +http://www.bing.com/bingbot.htm)"
114.119.132.105 - - [27/Dec/2020:00:25:32 +0100] "GET /mani-the-lucky-cat-figurine-11-cm-p-49897.html HTTP/1.0" 200 72202 "-" "Mozilla/5.0 (Linux; Android 7.0;) AppleWebKit/537.36 (KHTML, like Gecko) Mobile Safari/537.36 (compatible; PetalBot;+https://aspiegel.com/petalbot)"
207.46.13.13 - - [27/Dec/2020:00:25:36 +0100] "GET /-p-9091.html HTTP/1.0" 200 69190 "-" "Mozilla/5.0 (compatible; bingbot/2.0; +http://www.bing.com/bingbot.htm)"
157.55.39.94 - - [27/Dec/2020:00:25:47 +0100] "GET /mexican-food-mug-p-19041.html HTTP/1.0" 200 71761 "-" "Mozilla/5.0 (compatible; bingbot/2.0; +http://www.bing.com/bingbot.htm)"
13.66.139.41 - - [27/Dec/2020:00:26:05 +0100] "GET /aries-mousepad-by-cbkreation-p-43298.html HTTP/1.0" 200 71902 "-" "Mozilla/5.0 (compatible; bingbot/2.0; +http://www.bing.com/bingbot.htm)"
13.66.139.41 - - [27/Dec/2020:00:26:06 +0100] "GET /wall-sticker-c-13_187.html?page=1 HTTP/1.0" 200 92255 "-" "Mozilla/5.0 (compatible; bingbot/2.0; +http://www.bing.com/bingbot.htm)"
54.36.148.87 - - [27/Dec/2020:00:26:10 +0100] "GET /ceramic-lamp-22-cm-p-51768.html HTTP/1.0" 200 72898 "-" "Mozilla/5.0 (compatible; AhrefsBot/7.0; +http://ahrefs.com/robot/)"
13.66.139.136 - - [27/Dec/2020:00:26:16 +0100] "GET /-p-13281.html HTTP/1.0" 200 69192 "-" "Mozilla/5.0 (compatible; bingbot/2.0; +http://www.bing.com/bingbot.htm)"
13.66.139.136 - - [27/Dec/2020:00:26:17 +0100] "GET /kimmi-junior-chu-chu-notebook-p-7427.html HTTP/1.0" 200 71895 "-" "Mozilla/5.0 (compatible; bingbot/2.0; +http://www.bing.com/bingbot.htm)"
66.249.70.62 - - [27/Dec/2020:00:26:28 +0100] "GET /chair-cushion-velcro-powder-and-gray-38-cm-p-43505.html HTTP/1.0" 301 72109 "-" "Mozilla/5.0 (Linux; Android 6.0.1; Nexus 5X Build/MMB29P) AppleWebKit/537.36 (KHTML, like Gecko) Chrome/87.0.4280.90 Mobile Safari/537.36 (compatible; Googlebot/2.1; +http://www.google.com/bot.html)"
66.249.70.36 - - [27/Dec/2020:00:26:29 +0100] "GET /chair-cushion-scratchs-powder-and-gray-38-cm-p-43505.html HTTP/1.0" 200 71998 "-" "Mozilla/5.0 (Linux; Android 6.0.1; Nexus 5X Build/MMB29P) AppleWebKit/537.36 (KHTML, like Gecko) Chrome/87.0.4280.90 Mobile Safari/537.36 (compatible; Googlebot/2.1; +http://www.google.com/bot.html)"
13.66.139.136 - - [27/Dec/2020:00:28:20 +0100] "GET /-p-29126.html HTTP/1.0" 200 69192 "-" "Mozilla/5.0 (compatible; bingbot/2.0; +http://www.bing.com/bingbot.htm)"
13.66.139.136 - - [27/Dec/2020:00:28:20 +0100] "GET /-p-23829.html HTTP/1.0" 200 69192 "-" "Mozilla/5.0 (compatible; bingbot/2.0; +http://www.bing.com/bingbot.htm)"
207.46.13.225 - - [27/Dec/2020:00:28:43 +0100] "GET /fragrances-of-ambiance-c-231.html?page=9 HTTP/1.0" 200 91684 "-" "Mozilla/5.0 (compatible; bingbot/2.0; +http://www.bing.com/bingbot.htm)"
13.66.139.76 - - [27/Dec/2020:00:29:06 +0100] "GET /galactik-football-m-102.html HTTP/1.0" 200 67983 "-" "Mozilla/5.0 (compatible; bingbot/2.0; +http://www.bing.com/bingbot.htm)"
157.55.39.214 - - [27/Dec/2020:00:29:51 +0100] "GET /mondial_relay/js/jquery-1.3.2.min.js HTTP/1.0" 200 276 "-" "Mozilla/5.0 (compatible; bingbot/2.0; +http://www.bing.com/bingbot.htm)"
114.119.150.15 - - [27/Dec/2020:00:29:53 +0100] "GET /white-hedgehog-table-lamp-p-49206.html HTTP/1.0" 200 71960 "-" "Mozilla/5.0 (Linux; Android 7.0;) AppleWebKit/537.36 (KHTML, like Gecko) Mobile Safari/537.36 (compatible; PetalBot;+https://aspiegel.com/petalbot)"
13.66.139.136 - - [27/Dec/2020:00:29:59 +0100] "GET /cushion-for-upholstery-cover-40-40-cm-p-50031.html HTTP/1.0" 200 72068 "-" "Mozilla/5.0 (compatible; bingbot/2.0; +http://www.bing.com/bingbot.htm)"
54.36.149.87 - - [27/Dec/2020:00:30:43 +0100] "GET /bear-pedestal-table-in-resin-p-53461.html HTTP/1.0" 200 72497 "-" "Mozilla/5.0 (compatible; AhrefsBot/7.0; +http://ahrefs.com/robot/)"
17.58.101.145 - - [27/Dec/2020:00:30:45 +0100] "GET /kimmi-junior-best-friend-necklaces-p-8756.html HTTP/1.0" 200 71945 "-" "Mozilla/5.0 (Macintosh; Intel Mac OS X 10_15_5) AppleWebKit/605.1.15 (KHTML, like Gecko) Version/13.1.1 Safari/605.1.15 (Applebot/0.1; +http://www.apple.com/go/applebot)"
51.68.224.127 - - [27/Dec/2020:00:31:27 +0100] "GET /adminweb/export_orders_xml.php?token=256de2z6edz6ed2z6DFSFsed2zed6zeDSFDSGdzedezfzf&maxorders=10&orderstart=1&status=14&start_date=2018-10-01 HTTP/1.0" 200 285 "-" "GesCom CharlotteBoutik Serveur"
51.68.224.127 - - [27/Dec/2020:00:31:27 +0100] "GET /adminweb/export_orders_xml.php?token=256de2z6edz6ed2z6DFSFsed2zed6zeDSFDSGdzedezfzf&maxorders=10&orderstart=1&status=6&start_date=2018-10-01 HTTP/1.0" 200 30026 "-" "GesCom CharlotteBoutik Serveur"
13.66.139.76 - - [27/Dec/2020:00:32:59 +0100] "GET /fitted-sheet-160-200-cm-color-red-p-38884.html HTTP/1.0" 200 71957 "-" "Mozilla/5.0 (compatible; bingbot/2.0; +http://www.bing.com/bingbot.htm)"
13.66.139.136 - - [27/Dec/2020:00:33:04 +0100] "GET /-p-34872.html HTTP/1.0" 200 69192 "-" "Mozilla/5.0 (compatible; bingbot/2.0; +http://www.bing.com/bingbot.htm)"
13.66.139.41 - - [27/Dec/2020:00:33:08 +0100] "GET /-p-29761.html HTTP/1.0" 200 69192 "-" "Mozilla/5.0 (compatible; bingbot/2.0; +http://www.bing.com/bingbot.htm)"
157.55.39.186 - - [27/Dec/2020:00:33:20 +0100] "GET /swfobject.js HTTP/1.0" 404 1308 "-" "Mozilla/5.0 (compatible; bingbot/2.0; +http://www.bing.com/bingbot.htm)"
13.66.139.41 - - [27/Dec/2020:00:33:27 +0100] "GET /set-small-tray-and-shooters-cactus-p-48793.html HTTP/1.0" 200 72003 "-" "Mozilla/5.0 (compatible; bingbot/2.0; +http://www.bing.com/bingbot.htm)"
13.66.139.76 - - [27/Dec/2020:00:33:32 +0100] "GET /games-and-toys/figures/star-wars-ben-quadinaros-otago-222-figure-p-14026.html HTTP/1.0" 301 69515 "-" "Mozilla/5.0 (compatible; bingbot/2.0; +http://www.bing.com/bingbot.htm)"
13.66.139.76 - - [27/Dec/2020:00:33:33 +0100] "GET /fitted-sheet-160-200-cm-color-black-p-38886.html HTTP/1.0" 200 71967 "-" "Mozilla/5.0 (compatible; bingbot/2.0; +http://www.bing.com/bingbot.htm)"
114.119.129.36 - - [27/Dec/2020:00:34:08 +0100] "GET /images/mini_prod/8422015327200.jpg HTTP/1.0" 404 1308 "-" "Mozilla/5.0 (Linux; Android 7.0;) AppleWebKit/537.36 (KHTML, like Gecko) Mobile Safari/537.36 (compatible; PetalBot;+https://aspiegel.com/petalbot)"
5.255.231.71 - - [27/Dec/2020:00:34:55 +0100] "GET /harley-davidson-ride-metal-plate-p-33720.html HTTP/1.0" 200 71926 "-" "Mozilla/5.0 (compatible; YandexBot/3.0; +http://yandex.com/bots)"
13.66.139.41 - - [27/Dec/2020:00:34:57 +0100] "GET /-p-22382.html HTTP/1.0" 200 69192 "-" "Mozilla/5.0 (compatible; bingbot/2.0; +http://www.bing.com/bingbot.htm)"
54.36.148.218 - - [27/Dec/2020:00:35:09 +0100] "GET /table-lamp-velvet-openwork-flowers-mustard-33-cm-p-49889.html HTTP/1.0" 200 72110 "-" "Mozilla/5.0 (compatible; AhrefsBot/7.0; +http://ahrefs.com/robot/)"
207.46.13.51 - - [27/Dec/2020:00:35:35 +0100] "GET /games-and-toys/toys/maisy-game-skittles-p-19434.html HTTP/1.0" 301 69259 "-" "Mozilla/5.0 (compatible; bingbot/2.0; +http://www.bing.com/bingbot.htm)"
5.255.231.71 - - [27/Dec/2020:00:35:49 +0100] "GET /images/med_prod/4036113222370.jpg HTTP/1.0" 200 268 "-" "Mozilla/5.0 (compatible; YandexImages/3.0; +http://yandex.com/bots)"
5.255.231.71 - - [27/Dec/2020:00:35:53 +0100] "GET /sweaters-sweatshirts-vests-c-1_23.html HTTP/1.0" 200 80819 "-" "Mozilla/5.0 (compatible; YandexBot/3.0; +http://yandex.com/bots)"
5.255.231.71 - - [27/Dec/2020:00:35:56 +0100] "GET /perfumes-of-interior-c-231_234.html HTTP/1.0" 200 88430 "-" "Mozilla/5.0 (compatible; YandexBot/3.0; +http://yandex.com/bots)"
73.67.254.102 - - [27/Dec/2020:00:36:37 +0100] "GET /images/big_prod/1328399219377.jpg HTTP/1.0" 200 268 "https://www.bing.com/" "Mozilla/5.0 (Linux; Android 5.1.1; KFSUWI) AppleWebKit/537.36 (KHTML, like Gecko) Silk/86.3.23 like Chrome/86.0.4240.198 Safari/537.36"
13.66.139.41 - - [27/Dec/2020:00:36:57 +0100] "GET /cement-tile-stickers-15-15-cm-gray-p-45002.html HTTP/1.0" 200 72219 "-" "Mozilla/5.0 (compatible; bingbot/2.0; +http://www.bing.com/bingbot.htm)"
13.66.139.136 - - [27/Dec/2020:00:37:04 +0100] "GET /glitter-adhesive-roll-45-150-cm-iced-brown-p-47293.html HTTP/1.0" 200 72183 "-" "Mozilla/5.0 (compatible; bingbot/2.0; +http://www.bing.com/bingbot.htm)"
13.66.139.41 - - [27/Dec/2020:00:38:19 +0100] "GET /-p-37213.html HTTP/1.0" 200 69192 "-" "Mozilla/5.0 (compatible; bingbot/2.0; +http://www.bing.com/bingbot.htm)"
114.119.158.196 - - [27/Dec/2020:00:38:29 +0100] "GET /cat-by-michelle-allen-keyring-p-36949.html HTTP/1.0" 200 73118 "-" "Mozilla/5.0 (Linux; Android 7.0;) AppleWebKit/537.36 (KHTML, like Gecko) Mobile Safari/537.36 (compatible; PetalBot;+https://aspiegel.com/petalbot)"
17.58.101.145 - - [27/Dec/2020:00:38:50 +0100] "GET /images/mini_prod/8499132034113.jpg HTTP/1.0" 200 269 "-" "Mozilla/5.0 (Macintosh; Intel Mac OS X 10_15_5) AppleWebKit/605.1.15 (KHTML, like Gecko) Version/13.1.1 Safari/605.1.15 (Applebot/0.1; +http://www.apple.com/go/applebot)"
54.36.148.87 - - [27/Dec/2020:00:39:32 +0100] "GET /eyelet-curtain-135-240-cm-p-52381.html HTTP/1.0" 200 74032 "-" "Mozilla/5.0 (compatible; AhrefsBot/7.0; +http://ahrefs.com/robot/)"
13.66.139.41 - - [27/Dec/2020:00:39:38 +0100] "GET /-p-29500.html HTTP/1.0" 200 69192 "-" "Mozilla/5.0 (compatible; bingbot/2.0; +http://www.bing.com/bingbot.htm)"
13.66.139.136 - - [27/Dec/2020:00:40:27 +0100] "GET /-p-33673.html HTTP/1.0" 200 69192 "-" "Mozilla/5.0 (compatible; bingbot/2.0; +http://www.bing.com/bingbot.htm)"
13.66.139.136 - - [27/Dec/2020:00:40:57 +0100] "GET /suns-and-moons-metal-suspension-95-cm-yellow-p-42811.html HTTP/1.0" 200 72045 "-" "Mozilla/5.0 (compatible; bingbot/2.0; +http://www.bing.com/bingbot.htm)"
157.55.39.94 - - [27/Dec/2020:00:41:31 +0100] "GET /magnet-provence-p-51204.html HTTP/1.0" 200 71782 "-" "Mozilla/5.0 (compatible; bingbot/2.0; +http://www.bing.com/bingbot.htm)"
13.66.139.136 - - [27/Dec/2020:00:41:46 +0100] "GET /-p-5172.html HTTP/1.0" 200 69190 "-" "Mozilla/5.0 (compatible; bingbot/2.0; +http://www.bing.com/bingbot.htm)"
13.66.139.41 - - [27/Dec/2020:00:42:19 +0100] "GET /-p-25750.html HTTP/1.0" 200 69192 "-" "Mozilla/5.0 (compatible; bingbot/2.0; +http://www.bing.com/bingbot.htm)"
17.58.101.145 - - [27/Dec/2020:00:42:38 +0100] "GET /vanity-beauty-bags-c-31_78.html HTTP/1.0" 200 79225 "-" "Mozilla/5.0 (Macintosh; Intel Mac OS X 10_15_5) AppleWebKit/605.1.15 (KHTML, like Gecko) Version/13.1.1 Safari/605.1.15 (Applebot/0.1; +http://www.apple.com/go/applebot)"
13.66.139.41 - - [27/Dec/2020:00:42:57 +0100] "GET /-p-2927.html HTTP/1.0" 200 69190 "-" "Mozilla/5.0 (compatible; bingbot/2.0; +http://www.bing.com/bingbot.htm)"
13.66.139.41 - - [27/Dec/2020:00:42:58 +0100] "GET /kitchen-timer-in-pink-metal-p-40920.html HTTP/1.0" 200 71865 "-" "Mozilla/5.0 (compatible; bingbot/2.0; +http://www.bing.com/bingbot.htm)"
157.55.39.186 - - [27/Dec/2020:00:43:11 +0100] "GET /swfobject.js HTTP/1.0" 404 1308 "-" "Mozilla/5.0 (compatible; bingbot/2.0; +http://www.bing.com/bingbot.htm)"
13.66.139.41 - - [27/Dec/2020:00:43:38 +0100] "GET /despicable-me-magnetic-board-p-32472.html HTTP/1.0" 200 72098 "-" "Mozilla/5.0 (compatible; bingbot/2.0; +http://www.bing.com/bingbot.htm)"
54.36.148.87 - - [27/Dec/2020:00:43:50 +0100] "GET /dexter-shirt-p-29487.html HTTP/1.0" 200 72920 "-" "Mozilla/5.0 (compatible; AhrefsBot/7.0; +http://ahrefs.com/robot/)"
157.55.39.214 - - [27/Dec/2020:00:44:10 +0100] "GET /lion-hoodies-p-33742.html HTTP/1.0" 200 74484 "-" "Mozilla/5.0 (compatible; bingbot/2.0; +http://www.bing.com/bingbot.htm)"
17.58.101.145 - - [27/Dec/2020:00:44:58 +0100] "GET /images/mini_prod/7707481126887.jpg HTTP/1.0" 200 269 "-" "Mozilla/5.0 (Macintosh; Intel Mac OS X 10_15_5) AppleWebKit/605.1.15 (KHTML, like Gecko) Version/13.1.1 Safari/605.1.15 (Applebot/0.1; +http://www.apple.com/go/applebot)"
114.119.151.113 - - [27/Dec/2020:00:45:43 +0100] "GET /images/mini_prod/b1300000022743.jpg HTTP/1.0" 200 270 "-" "Mozilla/5.0 (Linux; Android 7.0;) AppleWebKit/537.36 (KHTML, like Gecko) Mobile Safari/537.36 (compatible; PetalBot;+https://aspiegel.com/petalbot)"
13.66.139.76 - - [27/Dec/2020:00:46:20 +0100] "GET /-p-39591.html HTTP/1.0" 200 69192 "-" "Mozilla/5.0 (compatible; bingbot/2.0; +http://www.bing.com/bingbot.htm)"
13.66.139.76 - - [27/Dec/2020:00:46:21 +0100] "GET /-p-22991.html HTTP/1.0" 200 69192 "-" "Mozilla/5.0 (compatible; bingbot/2.0; +http://www.bing.com/bingbot.htm)"
66.249.70.36 - - [27/Dec/2020:00:46:45 +0100] "GET /images/big_prod/720322284109.jpg HTTP/1.0" 200 267 "-" "Googlebot-Image/1.0"
114.119.158.196 - - [27/Dec/2020:00:47:11 +0100] "GET /decorative-thermometer-in-metal-30-cm-corsica-p-43597.html HTTP/1.0" 200 72016 "-" "Mozilla/5.0 (Linux; Android 7.0;) AppleWebKit/537.36 (KHTML, like Gecko) Mobile Safari/537.36 (compatible; PetalBot;+https://aspiegel.com/petalbot)"
51.68.224.127 - - [27/Dec/2020:00:47:25 +0100] "GET /adminweb/export_orders_xml.php?token=256de2z6edz6ed2z6DFSFsed2zed6zeDSFDSGdzedezfzf&maxorders=10&orderstart=1&status=14&start_date=2018-10-01 HTTP/1.0" 200 285 "-" "GesCom CharlotteBoutik Serveur"
51.68.224.127 - - [27/Dec/2020:00:47:25 +0100] "GET /adminweb/export_orders_xml.php?token=256de2z6edz6ed2z6DFSFsed2zed6zeDSFDSGdzedezfzf&maxorders=10&orderstart=1&status=6&start_date=2018-10-01 HTTP/1.0" 200 30026 "-" "GesCom CharlotteBoutik Serveur"
207.46.13.51 - - [27/Dec/2020:00:47:44 +0100] "GET /trays-c-12_159.html HTTP/1.0" 200 91193 "-" "Mozilla/5.0 (compatible; bingbot/2.0; +http://www.bing.com/bingbot.htm)"
54.36.148.46 - - [27/Dec/2020:00:48:19 +0100] "GET /kittens-bag-french-manufacturing-royal-tapisserie-p-52353.html HTTP/1.0" 200 73444 "-" "Mozilla/5.0 (compatible; AhrefsBot/7.0; +http://ahrefs.com/robot/)"
13.66.139.41 - - [27/Dec/2020:00:48:58 +0100] "GET /betty-boop-m-11.html HTTP/1.0" 200 88899 "-" "Mozilla/5.0 (compatible; bingbot/2.0; +http://www.bing.com/bingbot.htm)"
157.55.39.214 - - [27/Dec/2020:00:50:43 +0100] "GET /js/modernizr-transitions.js HTTP/1.0" 200 267 "-" "Mozilla/5.0 (compatible; bingbot/2.0; +http://www.bing.com/bingbot.htm)"
207.46.13.51 - - [27/Dec/2020:00:50:48 +0100] "GET /js/jquery.min.js HTTP/1.0" 404 1308 "-" "Mozilla/5.0 (compatible; bingbot/2.0; +http://www.bing.com/bingbot.htm)"
114.119.145.117 - - [27/Dec/2020:00:51:32 +0100] "GET /images/mini_prod/3574642576638.jpg HTTP/1.0" 200 269 "-" "Mozilla/5.0 (Linux; Android 7.0;) AppleWebKit/537.36 (KHTML, like Gecko) Mobile Safari/537.36 (compatible; PetalBot;+https://aspiegel.com/petalbot)"
13.66.139.136 - - [27/Dec/2020:00:52:29 +0100] "GET /-p-18563.html HTTP/1.0" 200 69192 "-" "Mozilla/5.0 (compatible; bingbot/2.0; +http://www.bing.com/bingbot.htm)"
54.36.148.231 - - [27/Dec/2020:00:52:43 +0100] "GET /star-wars-wing-pilot-asty-figure-p-34600.html HTTP/1.0" 200 72112 "-" "Mozilla/5.0 (compatible; AhrefsBot/7.0; +http://ahrefs.com/robot/)"
13.66.139.41 - - [27/Dec/2020:00:53:09 +0100] "GET /gold-medusa-glass-paperweight-p-52216.html HTTP/1.0" 200 71880 "-" "Mozilla/5.0 (compatible; bingbot/2.0; +http://www.bing.com/bingbot.htm)"
66.249.70.62 - - [27/Dec/2020:00:53:12 +0100] "GET /sweaters-sweatshirts-vests-c-2_37.html HTTP/1.0" 200 74755 "-" "Mozilla/5.0 (Linux; Android 6.0.1; Nexus 5X Build/MMB29P) AppleWebKit/537.36 (KHTML, like Gecko) Chrome/87.0.4280.90 Mobile Safari/537.36 (compatible; Googlebot/2.1; +http://www.google.com/bot.html)"
13.66.139.76 - - [27/Dec/2020:00:53:28 +0100] "GET /paul-frank-set-pen-notebook-and-keyring-p-9933.html HTTP/1.0" 200 71998 "-" "Mozilla/5.0 (compatible; bingbot/2.0; +http://www.bing.com/bingbot.htm)"
77.75.77.17 - - [27/Dec/2020:00:54:23 +0100] "GET /robots.txt HTTP/1.0" 200 245 "-" "Mozilla/5.0 (compatible; SeznamBot/3.2; +http://napoveda.seznam.cz/en/seznambot-intro/)"
77.75.77.17 - - [27/Dec/2020:00:54:23 +0100] "GET /images/mini_prod/8717202559770.jpg HTTP/1.0" 200 269 "-" "Mozilla/5.0 (compatible; SeznamBot/3.2; +http://napoveda.seznam.cz/en/seznambot-intro/)"
207.46.13.158 - - [27/Dec/2020:00:55:40 +0100] "GET /-p-10639.html HTTP/1.0" 200 69192 "-" "Mozilla/5.0 (compatible; bingbot/2.0; +http://www.bing.com/bingbot.htm)"
114.119.154.200 - - [27/Dec/2020:00:55:55 +0100] "GET /images/mini_prod/1399986102723.jpg HTTP/1.0" 200 269 "-" "Mozilla/5.0 (Linux; Android 7.0;) AppleWebKit/537.36 (KHTML, like Gecko) Mobile Safari/537.36 (compatible; PetalBot;+https://aspiegel.com/petalbot)"
13.66.139.41 - - [27/Dec/2020:00:55:58 +0100] "GET /-p-13915.html HTTP/1.0" 200 69192 "-" "Mozilla/5.0 (compatible; bingbot/2.0; +http://www.bing.com/bingbot.htm)"
5.255.231.71 - - [27/Dec/2020:00:56:08 +0100] "GET /images/big_prod/4036113232195.jpg HTTP/1.0" 200 268 "-" "Mozilla/5.0 (compatible; YandexImages/3.0; +http://yandex.com/bots)"
66.249.70.33 - - [27/Dec/2020:00:56:09 +0100] "GET /minnie-mouse-round-pencil-case-p-19635.html HTTP/1.0" 200 71963 "-" "Mozilla/5.0 (compatible; Googlebot/2.1; +http://www.google.com/bot.html)"
13.66.139.136 - - [27/Dec/2020:00:56:18 +0100] "GET /-p-20180.html HTTP/1.0" 200 69192 "-" "Mozilla/5.0 (compatible; bingbot/2.0; +http://www.bing.com/bingbot.htm)"
54.36.148.75 - - [27/Dec/2020:00:57:05 +0100] "GET /cats-by-dubout-figurine-poor-tom-p-35264.html HTTP/1.0" 200 72334 "-" "Mozilla/5.0 (compatible; AhrefsBot/7.0; +http://ahrefs.com/robot/)"
13.66.139.76 - - [27/Dec/2020:00:57:42 +0100] "GET /looney-tunes-daffy-duck-large-coin-purse-p-5498.html HTTP/1.0" 200 72137 "-" "Mozilla/5.0 (compatible; bingbot/2.0; +http://www.bing.com/bingbot.htm)"
117.28.88.106 - - [27/Dec/2020:00:58:03 +0100] "GET /contact_us.php HTTP/1.0" 200 26241 "http://www.wonder-geek.com/contact_us.php" "Mozilla/5.0 (Windows NT 10.0; Win64; x64) AppleWebKit/537.36 (KHTML, like Gecko) Chrome/83.0.4096.0 Safari/537.36"
117.28.88.106 - - [27/Dec/2020:00:58:08 +0100] "POST /contact_us.php?action=send HTTP/1.0" 200 26489 "http://www.wonder-geek.com/contact_us.php" "Mozilla/5.0 (Windows NT 10.0; Win64; x64) AppleWebKit/537.36 (KHTML, like Gecko) Chrome/83.0.4096.0 Safari/537.36"
114.119.130.202 - - [27/Dec/2020:01:00:15 +0100] "GET /images/big_prod/8427013337053.jpg HTTP/1.0" 200 268 "-" "Mozilla/5.0 (Linux; Android 7.0;) AppleWebKit/537.36 (KHTML, like Gecko) Mobile Safari/537.36 (compatible; PetalBot;+https://aspiegel.com/petalbot)"
13.66.139.76 - - [27/Dec/2020:01:00:24 +0100] "GET /-p-19498.html HTTP/1.0" 200 69192 "-" "Mozilla/5.0 (compatible; bingbot/2.0; +http://www.bing.com/bingbot.htm)"
13.66.139.76 - - [27/Dec/2020:01:00:55 +0100] "GET /sentiment-tea-towel-kitchen-towel-70-35-cm-p-43632.html HTTP/1.0" 200 72639 "-" "Mozilla/5.0 (compatible; bingbot/2.0; +http://www.bing.com/bingbot.htm)"
54.36.148.158 - - [27/Dec/2020:01:01:08 +0100] "GET /heart-and-home-eco-friendly-stick-diffuser-white-musk-p-52806.html HTTP/1.0" 200 73031 "-" "Mozilla/5.0 (compatible; AhrefsBot/7.0; +http://ahrefs.com/robot/)"
66.249.70.62 - - [27/Dec/2020:01:01:09 +0100] "GET /reversible-star-wars-bedclothes-140-200-cm-p-49674.html HTTP/1.0" 200 69354 "-" "Mozilla/5.0 (Linux; Android 6.0.1; Nexus 5X Build/MMB29P) AppleWebKit/537.36 (KHTML, like Gecko) Chrome/87.0.4280.90 Mobile Safari/537.36 (compatible; Googlebot/2.1; +http://www.google.com/bot.html)"
13.66.139.76 - - [27/Dec/2020:01:03:07 +0100] "GET /-p-19507.html HTTP/1.0" 200 69192 "-" "Mozilla/5.0 (compatible; bingbot/2.0; +http://www.bing.com/bingbot.htm)"
51.68.224.127 - - [27/Dec/2020:01:03:21 +0100] "GET /adminweb/export_orders_xml.php?token=256de2z6edz6ed2z6DFSFsed2zed6zeDSFDSGdzedezfzf&maxorders=10&orderstart=1&status=14&start_date=2018-10-01 HTTP/1.0" 200 285 "-" "GesCom CharlotteBoutik Serveur"
51.68.224.127 - - [27/Dec/2020:01:03:21 +0100] "GET /adminweb/export_orders_xml.php?token=256de2z6edz6ed2z6DFSFsed2zed6zeDSFDSGdzedezfzf&maxorders=10&orderstart=1&status=6&start_date=2018-10-01 HTTP/1.0" 200 30026 "-" "GesCom CharlotteBoutik Serveur"
157.55.39.186 - - [27/Dec/2020:01:04:05 +0100] "GET /swfobject.js HTTP/1.0" 404 1308 "-" "Mozilla/5.0 (compatible; bingbot/2.0; +http://www.bing.com/bingbot.htm)"
157.55.39.186 - - [27/Dec/2020:01:04:05 +0100] "GET /swfobject.js HTTP/1.0" 404 1308 "-" "Mozilla/5.0 (compatible; bingbot/2.0; +http://www.bing.com/bingbot.htm)"
157.55.39.186 - - [27/Dec/2020:01:04:06 +0100] "GET /swfobject.js HTTP/1.0" 404 1308 "-" "Mozilla/5.0 (compatible; bingbot/2.0; +http://www.bing.com/bingbot.htm)"
114.119.154.200 - - [27/Dec/2020:01:04:30 +0100] "GET /soap-dish-paris-eau-de-parfum-p-37461.html HTTP/1.0" 200 69302 "-" "Mozilla/5.0 (Linux; Android 7.0;) AppleWebKit/537.36 (KHTML, like Gecko) Mobile Safari/537.36 (compatible; PetalBot;+https://aspiegel.com/petalbot)"
13.66.139.76 - - [27/Dec/2020:01:04:39 +0100] "GET /pusheen-the-grey-cat-soft-toy-14-cm-p-34845.html HTTP/1.0" 200 72112 "-" "Mozilla/5.0 (compatible; bingbot/2.0; +http://www.bing.com/bingbot.htm)"
13.66.139.41 - - [27/Dec/2020:01:05:00 +0100] "GET /-p-19641.html HTTP/1.0" 200 69192 "-" "Mozilla/5.0 (compatible; bingbot/2.0; +http://www.bing.com/bingbot.htm)"
54.36.148.87 - - [27/Dec/2020:01:05:31 +0100] "GET /glitters-white-p-53393.html HTTP/1.0" 200 71797 "-" "Mozilla/5.0 (compatible; AhrefsBot/7.0; +http://ahrefs.com/robot/)"
13.66.139.136 - - [27/Dec/2020:01:06:52 +0100] "GET /-p-20655.html HTTP/1.0" 200 69192 "-" "Mozilla/5.0 (compatible; bingbot/2.0; +http://www.bing.com/bingbot.htm)"
17.58.101.145 - - [27/Dec/2020:01:07:00 +0100] "GET /images/mini_prod/3503420072123.jpg HTTP/1.0" 200 269 "-" "Mozilla/5.0 (Macintosh; Intel Mac OS X 10_15_5) AppleWebKit/605.1.15 (KHTML, like Gecko) Version/13.1.1 Safari/605.1.15 (Applebot/0.1; +http://www.apple.com/go/applebot)"
13.66.139.76 - - [27/Dec/2020:01:07:01 +0100] "GET /-p-29496.html HTTP/1.0" 200 69192 "-" "Mozilla/5.0 (compatible; bingbot/2.0; +http://www.bing.com/bingbot.htm)"
157.55.39.94 - - [27/Dec/2020:01:07:50 +0100] "GET /car-air-freshener-heart-and-home-rambling-rose-p-40604.html HTTP/1.0" 200 72237 "-" "Mozilla/5.0 (compatible; bingbot/2.0; +http://www.bing.com/bingbot.htm)"
13.66.139.41 - - [27/Dec/2020:01:08:20 +0100] "GET /-p-19980.html HTTP/1.0" 200 69192 "-" "Mozilla/5.0 (compatible; bingbot/2.0; +http://www.bing.com/bingbot.htm)"
114.119.129.36 - - [27/Dec/2020:01:08:51 +0100] "GET /cats-cutty-door-plate-chambre-p-50641.html HTTP/1.0" 200 71954 "-" "Mozilla/5.0 (Linux; Android 7.0;) AppleWebKit/537.36 (KHTML, like Gecko) Mobile Safari/537.36 (compatible; PetalBot;+https://aspiegel.com/petalbot)"
17.58.101.145 - - [27/Dec/2020:01:09:36 +0100] "GET /images/mini_prod/7708181126887.jpg HTTP/1.0" 200 269 "-" "Mozilla/5.0 (Macintosh; Intel Mac OS X 10_15_5) AppleWebKit/605.1.15 (KHTML, like Gecko) Version/13.1.1 Safari/605.1.15 (Applebot/0.1; +http://www.apple.com/go/applebot)"
54.36.149.72 - - [27/Dec/2020:01:09:56 +0100] "GET /tisaniere-cement-tiles-blue-and-beige-p-52870.html HTTP/1.0" 200 71957 "-" "Mozilla/5.0 (compatible; AhrefsBot/7.0; +http://ahrefs.com/robot/)"
13.66.139.41 - - [27/Dec/2020:01:10:50 +0100] "GET /votive-candle-15-hours-french-vanilla-p-33125.html HTTP/1.0" 200 73149 "-" "Mozilla/5.0 (compatible; bingbot/2.0; +http://www.bing.com/bingbot.htm)"
13.66.139.34 - - [27/Dec/2020:01:12:19 +0100] "GET /socks-c-1_141.html HTTP/1.0" 200 78234 "-" "Mozilla/5.0 (compatible; bingbot/2.0; +http://www.bing.com/bingbot.htm)"
157.55.39.186 - - [27/Dec/2020:01:12:36 +0100] "GET /swfobject.js HTTP/1.0" 404 1308 "-" "Mozilla/5.0 (compatible; bingbot/2.0; +http://www.bing.com/bingbot.htm)"
157.55.39.186 - - [27/Dec/2020:01:12:36 +0100] "GET /swfobject.js HTTP/1.0" 404 1308 "-" "Mozilla/5.0 (compatible; bingbot/2.0; +http://www.bing.com/bingbot.htm)"
114.119.129.36 - - [27/Dec/2020:01:13:12 +0100] "GET /hello-kitty-mattress-swimming-pool-p-14356.html HTTP/1.0" 200 72068 "-" "Mozilla/5.0 (Linux; Android 7.0;) AppleWebKit/537.36 (KHTML, like Gecko) Mobile Safari/537.36 (compatible; PetalBot;+https://aspiegel.com/petalbot)"
