95.90.205.63 - - [26/Dec/2020:09:55:57 +0100] "GET /templates/Pixame_v1/images/infobox/pixel_trans.gif HTTP/1.0" 200 328 "http://www.wonder-geek.com/" "Mozilla/5.0 (iPhone; CPU iPhone OS 14_2 like Mac OS X) AppleWebKit/605.1.15 (KHTML, like Gecko) Version/14.0.1 Mobile/15E148 Safari/604.1"
95.90.205.63 - - [26/Dec/2020:09:55:57 +0100] "GET /templates/Pixame_v1/images/pixel_trans.gif HTTP/1.0" 200 328 "http://www.wonder-geek.com/" "Mozilla/5.0 (iPhone; CPU iPhone OS 14_2 like Mac OS X) AppleWebKit/605.1.15 (KHTML, like Gecko) Version/14.0.1 Mobile/15E148 Safari/604.1"
95.90.205.63 - - [26/Dec/2020:09:55:57 +0100] "GET /images/pixel_trans.gif HTTP/1.0" 200 328 "http://www.wonder-geek.com/" "Mozilla/5.0 (iPhone; CPU iPhone OS 14_2 like Mac OS X) AppleWebKit/605.1.15 (KHTML, like Gecko) Version/14.0.1 Mobile/15E148 Safari/604.1"
95.90.205.63 - - [26/Dec/2020:09:55:57 +0100] "GET /images/big_prod/3760119606575.jpg HTTP/1.0" 200 268 "http://www.wonder-geek.com/" "Mozilla/5.0 (iPhone; CPU iPhone OS 14_2 like Mac OS X) AppleWebKit/605.1.15 (KHTML, like Gecko) Version/14.0.1 Mobile/15E148 Safari/604.1"
95.90.205.63 - - [26/Dec/2020:09:55:57 +0100] "GET /images/big_prod_1/b3760119606575.jpg HTTP/1.0" 200 271 "http://www.wonder-geek.com/" "Mozilla/5.0 (iPhone; CPU iPhone OS 14_2 like Mac OS X) AppleWebKit/605.1.15 (KHTML, like Gecko) Version/14.0.1 Mobile/15E148 Safari/604.1"
95.90.205.63 - - [26/Dec/2020:09:55:57 +0100] "GET /templates/Pixame_v1/images/buttons/english/button_in_cart.gif HTTP/1.0" 200 295 "http://www.wonder-geek.com/" "Mozilla/5.0 (iPhone; CPU iPhone OS 14_2 like Mac OS X) AppleWebKit/605.1.15 (KHTML, like Gecko) Version/14.0.1 Mobile/15E148 Safari/604.1"
95.90.205.63 - - [26/Dec/2020:09:55:57 +0100] "GET /templates/Pixame_v1/images/infobox/corner_left.gif HTTP/1.0" 200 660 "http://www.wonder-geek.com/" "Mozilla/5.0 (iPhone; CPU iPhone OS 14_2 like Mac OS X) AppleWebKit/605.1.15 (KHTML, like Gecko) Version/14.0.1 Mobile/15E148 Safari/604.1"
95.90.205.63 - - [26/Dec/2020:09:55:57 +0100] "GET /templates/Pixame_v1/images/infobox/corner_right.gif HTTP/1.0" 200 664 "http://www.wonder-geek.com/" "Mozilla/5.0 (iPhone; CPU iPhone OS 14_2 like Mac OS X) AppleWebKit/605.1.15 (KHTML, like Gecko) Version/14.0.1 Mobile/15E148 Safari/604.1"
95.90.205.63 - - [26/Dec/2020:09:55:57 +0100] "GET /images/mini_prod/3760119600214.jpg HTTP/1.0" 200 269 "http://www.wonder-geek.com/" "Mozilla/5.0 (iPhone; CPU iPhone OS 14_2 like Mac OS X) AppleWebKit/605.1.15 (KHTML, like Gecko) Version/14.0.1 Mobile/15E148 Safari/604.1"
95.90.205.63 - - [26/Dec/2020:09:55:57 +0100] "GET /templates/Pixame_v1/images/Bottom_texture.jpg HTTP/1.0" 200 280 "http://www.wonder-geek.com/" "Mozilla/5.0 (iPhone; CPU iPhone OS 14_2 like Mac OS X) AppleWebKit/605.1.15 (KHTML, like Gecko) Version/14.0.1 Mobile/15E148 Safari/604.1"
95.90.205.63 - - [26/Dec/2020:09:55:57 +0100] "GET /templates/Pixame_v1/images/Middle_texture.jpg HTTP/1.0" 200 280 "http://www.wonder-geek.com/" "Mozilla/5.0 (iPhone; CPU iPhone OS 14_2 like Mac OS X) AppleWebKit/605.1.15 (KHTML, like Gecko) Version/14.0.1 Mobile/15E148 Safari/604.1"
95.90.205.63 - - [26/Dec/2020:09:55:57 +0100] "GET /templates/Pixame_v1/images/nav.png HTTP/1.0" 200 268 "http://www.wonder-geek.com/" "Mozilla/5.0 (iPhone; CPU iPhone OS 14_2 like Mac OS X) AppleWebKit/605.1.15 (KHTML, like Gecko) Version/14.0.1 Mobile/15E148 Safari/604.1"
95.90.205.63 - - [26/Dec/2020:09:55:57 +0100] "GET /templates/Pixame_v1/images/header.png HTTP/1.0" 200 271 "http://www.wonder-geek.com/" "Mozilla/5.0 (iPhone; CPU iPhone OS 14_2 like Mac OS X) AppleWebKit/605.1.15 (KHTML, like Gecko) Version/14.0.1 Mobile/15E148 Safari/604.1"
95.90.205.63 - - [26/Dec/2020:09:55:57 +0100] "GET /templates/Pixame_v1/images/header-object.png HTTP/1.0" 200 278 "http://www.wonder-geek.com/" "Mozilla/5.0 (iPhone; CPU iPhone OS 14_2 like Mac OS X) AppleWebKit/605.1.15 (KHTML, like Gecko) Version/14.0.1 Mobile/15E148 Safari/604.1"
95.90.205.63 - - [26/Dec/2020:09:55:57 +0100] "GET /design/productsenstock.png HTTP/1.0" 200 260 "http://www.wonder-geek.com/" "Mozilla/5.0 (iPhone; CPU iPhone OS 14_2 like Mac OS X) AppleWebKit/605.1.15 (KHTML, like Gecko) Version/14.0.1 Mobile/15E148 Safari/604.1"
95.90.205.63 - - [26/Dec/2020:09:55:57 +0100] "GET /templates/Pixame_v1/images/infobox/infobox_footer_middle.gif HTTP/1.0" 200 357 "http://www.wonder-geek.com/" "Mozilla/5.0 (iPhone; CPU iPhone OS 14_2 like Mac OS X) AppleWebKit/605.1.15 (KHTML, like Gecko) Version/14.0.1 Mobile/15E148 Safari/604.1"
95.90.205.63 - - [26/Dec/2020:09:55:57 +0100] "GET /highslide/graphics/zoomin.cur HTTP/1.0" 200 614 "http://www.wonder-geek.com/" "Mozilla/5.0 (iPhone; CPU iPhone OS 14_2 like Mac OS X) AppleWebKit/605.1.15 (KHTML, like Gecko) Version/14.0.1 Mobile/15E148 Safari/604.1"
95.90.205.63 - - [26/Dec/2020:09:55:57 +0100] "GET /highslide/graphics/outlines/drop-shadow.png HTTP/1.0" 200 277 "http://www.wonder-geek.com/" "Mozilla/5.0 (iPhone; CPU iPhone OS 14_2 like Mac OS X) AppleWebKit/605.1.15 (KHTML, like Gecko) Version/14.0.1 Mobile/15E148 Safari/604.1"
95.90.205.63 - - [26/Dec/2020:09:55:57 +0100] "GET /highslide/graphics/loader.white.gif HTTP/1.0" 200 960 "http://www.wonder-geek.com/" "Mozilla/5.0 (iPhone; CPU iPhone OS 14_2 like Mac OS X) AppleWebKit/605.1.15 (KHTML, like Gecko) Version/14.0.1 Mobile/15E148 Safari/604.1"
95.90.205.63 - - [26/Dec/2020:09:55:57 +0100] "GET /highslide/graphics/zoomout.cur HTTP/1.0" 200 614 "http://www.wonder-geek.com/" "Mozilla/5.0 (iPhone; CPU iPhone OS 14_2 like Mac OS X) AppleWebKit/605.1.15 (KHTML, like Gecko) Version/14.0.1 Mobile/15E148 Safari/604.1"
95.90.205.63 - - [26/Dec/2020:09:55:58 +0100] "GET /favicon.ico HTTP/1.0" 200 260 "http://www.wonder-geek.com/" "Mozilla/5.0 (iPhone; CPU iPhone OS 14_2 like Mac OS X) AppleWebKit/605.1.15 (KHTML, like Gecko) Version/14.0.1 Mobile/15E148 Safari/604.1"
54.36.148.87 - - [26/Dec/2020:09:56:00 +0100] "GET /water-bottles-and-sport-bottles-c-12_161.html HTTP/1.0" 200 90987 "-" "Mozilla/5.0 (compatible; AhrefsBot/7.0; +http://ahrefs.com/robot/)"
5.188.211.24 - - [26/Dec/2020:09:56:30 +0100] "GET /boutis-quilt-bedspread-c-11_194.html HTTP/1.0" 200 89435 "-" "Mozilla/4.0 (compatible; MSIE 6.0; Windows NT 5.1; SV1)"
5.188.211.24 - - [26/Dec/2020:09:56:31 +0100] "GET /posters-and-stickers-wall-c-13_147.html HTTP/1.0" 200 90270 "-" "Mozilla/4.0 (compatible; MSIE 6.0; Windows NT 5.1; SV1)"
5.188.211.24 - - [26/Dec/2020:09:56:32 +0100] "GET /tin-and-metal-signs-c-13_130.html HTTP/1.0" 200 93502 "-" "Mozilla/4.0 (compatible; MSIE 6.0; Windows NT 5.1; SV1)"
5.188.211.24 - - [26/Dec/2020:09:56:48 +0100] "GET /contact_us.php HTTP/1.0" 200 26241 "-" "Mozilla/4.0 (compatible; MSIE 6.0; Windows NT 5.1; SV1)"
5.188.211.24 - - [26/Dec/2020:09:56:49 +0100] "POST /contact_us.php?action=send HTTP/1.0" 200 26642 "http://www.wonder-geek.com/contact_us.php" "Mozilla/4.0 (compatible; MSIE 6.0; Windows NT 5.1; SV1)"
5.188.211.24 - - [26/Dec/2020:09:56:49 +0100] "POST /contact_us.php?action=send HTTP/1.0" 200 26642 "http://www.wonder-geek.com/" "Mozilla/4.0 (compatible; MSIE 6.0; Windows NT 5.1; SV1)"
5.188.211.24 - - [26/Dec/2020:09:56:50 +0100] "GET / HTTP/1.0" 200 150016 "-" "Mozilla/4.0 (compatible; MSIE 6.0; Windows NT 5.1; SV1)"
5.188.211.24 - - [26/Dec/2020:09:56:51 +0100] "GET /boutis-quilt-bedspread-c-11_194.html HTTP/1.0" 200 89435 "-" "Mozilla/4.0 (compatible; MSIE 6.0; Windows NT 5.1; SV1)"
5.188.211.24 - - [26/Dec/2020:09:56:52 +0100] "GET /contact_us.php HTTP/1.0" 200 26241 "-" "Mozilla/4.0 (compatible; MSIE 6.0; Windows NT 5.1; SV1)"
5.188.211.24 - - [26/Dec/2020:09:56:52 +0100] "GET /create_account.php HTTP/1.0" 200 33633 "-" "Mozilla/4.0 (compatible; MSIE 6.0; Windows NT 5.1; SV1)"
5.188.211.24 - - [26/Dec/2020:09:56:53 +0100] "GET /checkout_shipping.php HTTP/1.0" 302 468 "-" "Mozilla/4.0 (compatible; MSIE 6.0; Windows NT 5.1; SV1)"
5.188.211.24 - - [26/Dec/2020:09:56:53 +0100] "GET /login.php HTTP/1.0" 200 17155 "-" "Mozilla/4.0 (compatible; MSIE 6.0; Windows NT 5.1; SV1)"
5.188.211.24 - - [26/Dec/2020:09:56:53 +0100] "GET /shopping_cart.php HTTP/1.0" 200 13298 "-" "Mozilla/4.0 (compatible; MSIE 6.0; Windows NT 5.1; SV1)"
5.188.211.24 - - [26/Dec/2020:09:56:54 +0100] "GET /login.php HTTP/1.0" 200 17155 "-" "Mozilla/4.0 (compatible; MSIE 6.0; Windows NT 5.1; SV1)"
5.188.211.24 - - [26/Dec/2020:09:56:54 +0100] "GET /specials.php HTTP/1.0" 200 130010 "-" "Mozilla/4.0 (compatible; MSIE 6.0; Windows NT 5.1; SV1)"
5.188.211.24 - - [26/Dec/2020:09:56:56 +0100] "GET /products_new.php HTTP/1.0" 200 91413 "-" "Mozilla/4.0 (compatible; MSIE 6.0; Windows NT 5.1; SV1)"
114.119.132.105 - - [26/Dec/2020:09:57:52 +0100] "GET /luminous-guardian-angel-porcelain-10-cm-star-p-44966.html HTTP/1.0" 200 72041 "-" "Mozilla/5.0 (Linux; Android 7.0;) AppleWebKit/537.36 (KHTML, like Gecko) Mobile Safari/537.36 (compatible; PetalBot;+https://aspiegel.com/petalbot)"
40.77.188.75 - - [26/Dec/2020:09:58:57 +0100] "GET /templates/Pixame_v1/stylesheet.css HTTP/1.0" 200 267 "-" "Mozilla/5.0 (Windows NT 6.1; WOW64) AppleWebKit/534+ (KHTML, like Gecko) BingPreview/1.0b"
40.77.191.35 - - [26/Dec/2020:09:58:57 +0100] "GET /swfobject.js HTTP/1.0" 404 1308 "-" "Mozilla/5.0 (Windows NT 6.1; WOW64) AppleWebKit/534+ (KHTML, like Gecko) BingPreview/1.0b"
40.77.188.15 - - [26/Dec/2020:09:58:59 +0100] "GET /highslide/graphics/zoomout.cur HTTP/1.0" 200 614 "-" "Mozilla/5.0 (Windows NT 6.1; WOW64) AppleWebKit/534+ (KHTML, like Gecko) BingPreview/1.0b"
13.66.139.41 - - [26/Dec/2020:10:01:39 +0100] "GET /-p-20164.html HTTP/1.0" 200 69192 "-" "Mozilla/5.0 (compatible; bingbot/2.0; +http://www.bing.com/bingbot.htm)"
54.36.148.87 - - [26/Dec/2020:10:01:53 +0100] "GET /figurine-scorcerer-mickey-p-53352.html HTTP/1.0" 200 73440 "-" "Mozilla/5.0 (compatible; AhrefsBot/7.0; +http://ahrefs.com/robot/)"
114.119.145.117 - - [26/Dec/2020:10:02:14 +0100] "GET /london-cat-mug-p-14175.html HTTP/1.0" 200 71692 "-" "Mozilla/5.0 (Linux; Android 7.0;) AppleWebKit/537.36 (KHTML, like Gecko) Mobile Safari/537.36 (compatible; PetalBot;+https://aspiegel.com/petalbot)"
13.66.139.136 - - [26/Dec/2020:10:02:48 +0100] "GET /-p-24690.html HTTP/1.0" 200 69192 "-" "Mozilla/5.0 (compatible; bingbot/2.0; +http://www.bing.com/bingbot.htm)"
17.58.101.145 - - [26/Dec/2020:10:03:55 +0100] "GET /salt-boxes-and-jars-c-12_223.html HTTP/1.0" 200 89152 "-" "Mozilla/5.0 (Macintosh; Intel Mac OS X 10_15_5) AppleWebKit/605.1.15 (KHTML, like Gecko) Version/13.1.1 Safari/605.1.15 (Applebot/0.1; +http://www.apple.com/go/applebot)"
207.46.13.49 - - [26/Dec/2020:10:05:24 +0100] "GET /mani-the-lucky-cat-glasses-case-p-39906.html HTTP/1.0" 200 69338 "-" "Mozilla/5.0 (compatible; bingbot/2.0; +http://www.bing.com/bingbot.htm)"
13.66.139.41 - - [26/Dec/2020:10:05:40 +0100] "GET /-p-18893.html HTTP/1.0" 200 69192 "-" "Mozilla/5.0 (compatible; bingbot/2.0; +http://www.bing.com/bingbot.htm)"
66.249.70.62 - - [26/Dec/2020:10:05:47 +0100] "GET /images/mini_prod/8433933378274.jpg HTTP/1.0" 200 269 "-" "Googlebot-Image/1.0"
114.119.154.200 - - [26/Dec/2020:10:06:34 +0100] "GET /disney-collection-anna-polystone-bust-p-28257.html HTTP/1.0" 200 72058 "-" "Mozilla/5.0 (Linux; Android 7.0;) AppleWebKit/537.36 (KHTML, like Gecko) Mobile Safari/537.36 (compatible; PetalBot;+https://aspiegel.com/petalbot)"
86.47.106.197 - - [26/Dec/2020:10:06:35 +0100] "GET /monster-frankenstein-money-box-p-28127.html HTTP/1.0" 200 69333 "https://www.google.ie/" "Mozilla/5.0 (iPhone; CPU iPhone OS 14_2 like Mac OS X) AppleWebKit/605.1.15 (KHTML, like Gecko) Version/14.0.1 Mobile/15E148 Safari/604.1"
86.47.106.197 - - [26/Dec/2020:10:06:36 +0100] "GET /templates/Pixame_v1/stylesheet.css HTTP/1.0" 200 267 "http://www.wonder-geek.com/monster-frankenstein-money-box-p-28127.html" "Mozilla/5.0 (iPhone; CPU iPhone OS 14_2 like Mac OS X) AppleWebKit/605.1.15 (KHTML, like Gecko) Version/14.0.1 Mobile/15E148 Safari/604.1"
86.47.106.197 - - [26/Dec/2020:10:06:36 +0100] "GET /js/jquery.jqzoom.js HTTP/1.0" 200 259 "http://www.wonder-geek.com/monster-frankenstein-money-box-p-28127.html" "Mozilla/5.0 (iPhone; CPU iPhone OS 14_2 like Mac OS X) AppleWebKit/605.1.15 (KHTML, like Gecko) Version/14.0.1 Mobile/15E148 Safari/604.1"
86.47.106.197 - - [26/Dec/2020:10:06:36 +0100] "GET /mondial_relay/js/jquery-1.3.2.min.js HTTP/1.0" 200 276 "http://www.wonder-geek.com/monster-frankenstein-money-box-p-28127.html" "Mozilla/5.0 (iPhone; CPU iPhone OS 14_2 like Mac OS X) AppleWebKit/605.1.15 (KHTML, like Gecko) Version/14.0.1 Mobile/15E148 Safari/604.1"
86.47.106.197 - - [26/Dec/2020:10:06:36 +0100] "GET /js/jquery.js HTTP/1.0" 200 252 "http://www.wonder-geek.com/monster-frankenstein-money-box-p-28127.html" "Mozilla/5.0 (iPhone; CPU iPhone OS 14_2 like Mac OS X) AppleWebKit/605.1.15 (KHTML, like Gecko) Version/14.0.1 Mobile/15E148 Safari/604.1"
86.47.106.197 - - [26/Dec/2020:10:06:36 +0100] "GET /highslide/highslide.js HTTP/1.0" 200 262 "http://www.wonder-geek.com/monster-frankenstein-money-box-p-28127.html" "Mozilla/5.0 (iPhone; CPU iPhone OS 14_2 like Mac OS X) AppleWebKit/605.1.15 (KHTML, like Gecko) Version/14.0.1 Mobile/15E148 Safari/604.1"
86.47.106.197 - - [26/Dec/2020:10:06:36 +0100] "GET /swfobject.js HTTP/1.0" 404 1308 "http://www.wonder-geek.com/monster-frankenstein-money-box-p-28127.html" "Mozilla/5.0 (iPhone; CPU iPhone OS 14_2 like Mac OS X) AppleWebKit/605.1.15 (KHTML, like Gecko) Version/14.0.1 Mobile/15E148 Safari/604.1"
86.47.106.197 - - [26/Dec/2020:10:06:36 +0100] "GET /templates/Pixame_v1/images/icon_accueil2.png HTTP/1.0" 200 278 "http://www.wonder-geek.com/monster-frankenstein-money-box-p-28127.html" "Mozilla/5.0 (iPhone; CPU iPhone OS 14_2 like Mac OS X) AppleWebKit/605.1.15 (KHTML, like Gecko) Version/14.0.1 Mobile/15E148 Safari/604.1"
86.47.106.197 - - [26/Dec/2020:10:06:36 +0100] "GET /templates/Pixame_v1/images/infobox/pixel_trans.gif HTTP/1.0" 200 328 "http://www.wonder-geek.com/monster-frankenstein-money-box-p-28127.html" "Mozilla/5.0 (iPhone; CPU iPhone OS 14_2 like Mac OS X) AppleWebKit/605.1.15 (KHTML, like Gecko) Version/14.0.1 Mobile/15E148 Safari/604.1"
86.47.106.197 - - [26/Dec/2020:10:06:36 +0100] "GET /images/pixel_trans.gif HTTP/1.0" 200 328 "http://www.wonder-geek.com/monster-frankenstein-money-box-p-28127.html" "Mozilla/5.0 (iPhone; CPU iPhone OS 14_2 like Mac OS X) AppleWebKit/605.1.15 (KHTML, like Gecko) Version/14.0.1 Mobile/15E148 Safari/604.1"
86.47.106.197 - - [26/Dec/2020:10:06:36 +0100] "GET /templates/Pixame_v1/images/pixel_trans.gif HTTP/1.0" 200 328 "http://www.wonder-geek.com/monster-frankenstein-money-box-p-28127.html" "Mozilla/5.0 (iPhone; CPU iPhone OS 14_2 like Mac OS X) AppleWebKit/605.1.15 (KHTML, like Gecko) Version/14.0.1 Mobile/15E148 Safari/604.1"
86.47.106.197 - - [26/Dec/2020:10:06:36 +0100] "GET /templates/Pixame_v1/images/buttons/english/button_continue.gif HTTP/1.0" 200 1264 "http://www.wonder-geek.com/monster-frankenstein-money-box-p-28127.html" "Mozilla/5.0 (iPhone; CPU iPhone OS 14_2 like Mac OS X) AppleWebKit/605.1.15 (KHTML, like Gecko) Version/14.0.1 Mobile/15E148 Safari/604.1"
86.47.106.197 - - [26/Dec/2020:10:06:36 +0100] "GET /templates/Pixame_v1/images/Bottom_texture.jpg HTTP/1.0" 200 280 "http://www.wonder-geek.com/monster-frankenstein-money-box-p-28127.html" "Mozilla/5.0 (iPhone; CPU iPhone OS 14_2 like Mac OS X) AppleWebKit/605.1.15 (KHTML, like Gecko) Version/14.0.1 Mobile/15E148 Safari/604.1"
86.47.106.197 - - [26/Dec/2020:10:06:36 +0100] "GET /templates/Pixame_v1/images/Middle_texture.jpg HTTP/1.0" 200 280 "http://www.wonder-geek.com/monster-frankenstein-money-box-p-28127.html" "Mozilla/5.0 (iPhone; CPU iPhone OS 14_2 like Mac OS X) AppleWebKit/605.1.15 (KHTML, like Gecko) Version/14.0.1 Mobile/15E148 Safari/604.1"
86.47.106.197 - - [26/Dec/2020:10:06:36 +0100] "GET /templates/Pixame_v1/images/nav.png HTTP/1.0" 200 268 "http://www.wonder-geek.com/monster-frankenstein-money-box-p-28127.html" "Mozilla/5.0 (iPhone; CPU iPhone OS 14_2 like Mac OS X) AppleWebKit/605.1.15 (KHTML, like Gecko) Version/14.0.1 Mobile/15E148 Safari/604.1"
86.47.106.197 - - [26/Dec/2020:10:06:36 +0100] "GET /templates/Pixame_v1/images/header.png HTTP/1.0" 200 271 "http://www.wonder-geek.com/monster-frankenstein-money-box-p-28127.html" "Mozilla/5.0 (iPhone; CPU iPhone OS 14_2 like Mac OS X) AppleWebKit/605.1.15 (KHTML, like Gecko) Version/14.0.1 Mobile/15E148 Safari/604.1"
86.47.106.197 - - [26/Dec/2020:10:06:36 +0100] "GET /templates/Pixame_v1/images/header-object.png HTTP/1.0" 200 278 "http://www.wonder-geek.com/monster-frankenstein-money-box-p-28127.html" "Mozilla/5.0 (iPhone; CPU iPhone OS 14_2 like Mac OS X) AppleWebKit/605.1.15 (KHTML, like Gecko) Version/14.0.1 Mobile/15E148 Safari/604.1"
86.47.106.197 - - [26/Dec/2020:10:06:36 +0100] "GET /design/productsenstock.png HTTP/1.0" 200 260 "http://www.wonder-geek.com/monster-frankenstein-money-box-p-28127.html" "Mozilla/5.0 (iPhone; CPU iPhone OS 14_2 like Mac OS X) AppleWebKit/605.1.15 (KHTML, like Gecko) Version/14.0.1 Mobile/15E148 Safari/604.1"
86.47.106.197 - - [26/Dec/2020:10:06:36 +0100] "GET /templates/Pixame_v1/images/infobox/infobox_footer_middle.gif HTTP/1.0" 200 357 "http://www.wonder-geek.com/monster-frankenstein-money-box-p-28127.html" "Mozilla/5.0 (iPhone; CPU iPhone OS 14_2 like Mac OS X) AppleWebKit/605.1.15 (KHTML, like Gecko) Version/14.0.1 Mobile/15E148 Safari/604.1"
86.47.106.197 - - [26/Dec/2020:10:06:36 +0100] "GET /highslide/graphics/outlines/drop-shadow.png HTTP/1.0" 200 277 "http://www.wonder-geek.com/monster-frankenstein-money-box-p-28127.html" "Mozilla/5.0 (iPhone; CPU iPhone OS 14_2 like Mac OS X) AppleWebKit/605.1.15 (KHTML, like Gecko) Version/14.0.1 Mobile/15E148 Safari/604.1"
86.47.106.197 - - [26/Dec/2020:10:06:36 +0100] "GET /highslide/graphics/zoomout.cur HTTP/1.0" 200 614 "http://www.wonder-geek.com/monster-frankenstein-money-box-p-28127.html" "Mozilla/5.0 (iPhone; CPU iPhone OS 14_2 like Mac OS X) AppleWebKit/605.1.15 (KHTML, like Gecko) Version/14.0.1 Mobile/15E148 Safari/604.1"
86.47.106.197 - - [26/Dec/2020:10:06:36 +0100] "GET /highslide/graphics/loader.white.gif HTTP/1.0" 200 960 "http://www.wonder-geek.com/monster-frankenstein-money-box-p-28127.html" "Mozilla/5.0 (iPhone; CPU iPhone OS 14_2 like Mac OS X) AppleWebKit/605.1.15 (KHTML, like Gecko) Version/14.0.1 Mobile/15E148 Safari/604.1"
86.47.106.197 - - [26/Dec/2020:10:06:36 +0100] "GET /favicon.ico HTTP/1.0" 200 260 "http://www.wonder-geek.com/monster-frankenstein-money-box-p-28127.html" "Mozilla/5.0 (iPhone; CPU iPhone OS 14_2 like Mac OS X) AppleWebKit/605.1.15 (KHTML, like Gecko) Version/14.0.1 Mobile/15E148 Safari/604.1"
200.148.25.132 - - [26/Dec/2020:10:07:15 +0100] "GET /contact_us.php HTTP/1.0" 200 26241 "http://www.wonder-geek.com/contact_us.php" "Mozilla/5.0 (Windows NT 6.1; Win64; x64) AppleWebKit/537.36 (KHTML, like Gecko) Chrome/83.0.4093.3 Safari/537.36"
200.148.25.132 - - [26/Dec/2020:10:07:16 +0100] "POST /contact_us.php?action=send HTTP/1.0" 200 26498 "http://www.wonder-geek.com/contact_us.php" "Mozilla/5.0 (Windows NT 6.1; Win64; x64) AppleWebKit/537.36 (KHTML, like Gecko) Chrome/83.0.4093.3 Safari/537.36"
54.36.148.156 - - [26/Dec/2020:10:07:38 +0100] "GET /mirror-c-13_133.html HTTP/1.0" 200 90711 "-" "Mozilla/5.0 (compatible; AhrefsBot/7.0; +http://ahrefs.com/robot/)"
40.77.167.36 - - [26/Dec/2020:10:08:26 +0100] "GET /boho-canvas-frame-34-23-cm-buffalo-head-p-39213.html HTTP/1.0" 200 72057 "-" "Mozilla/5.0 (compatible; bingbot/2.0; +http://www.bing.com/bingbot.htm)"
13.66.139.41 - - [26/Dec/2020:10:08:31 +0100] "GET /-p-21663.html HTTP/1.0" 200 69192 "-" "Mozilla/5.0 (compatible; bingbot/2.0; +http://www.bing.com/bingbot.htm)"
207.46.13.158 - - [26/Dec/2020:10:09:14 +0100] "GET /-p-41573.html HTTP/1.0" 200 69192 "-" "Mozilla/5.0 (compatible; bingbot/2.0; +http://www.bing.com/bingbot.htm)"
207.46.13.49 - - [26/Dec/2020:10:09:25 +0100] "GET /boat-bell-to-fix-on-the-wall-p-49460.html HTTP/1.0" 200 71912 "-" "Mozilla/5.0 (compatible; bingbot/2.0; +http://www.bing.com/bingbot.htm)"
114.119.154.200 - - [26/Dec/2020:10:10:55 +0100] "GET /images/mini_prod/3565750286298.jpg HTTP/1.0" 200 269 "-" "Mozilla/5.0 (Linux; Android 7.0;) AppleWebKit/537.36 (KHTML, like Gecko) Mobile Safari/537.36 (compatible; PetalBot;+https://aspiegel.com/petalbot)"
40.77.167.36 - - [26/Dec/2020:10:11:30 +0100] "GET /industrial-vintage-clock-70-cm-p-47714.html HTTP/1.0" 200 71989 "-" "Mozilla/5.0 (compatible; bingbot/2.0; +http://www.bing.com/bingbot.htm)"
13.66.139.136 - - [26/Dec/2020:10:12:08 +0100] "GET /-p-15108.html HTTP/1.0" 200 69192 "-" "Mozilla/5.0 (compatible; bingbot/2.0; +http://www.bing.com/bingbot.htm)"
51.68.224.127 - - [26/Dec/2020:10:12:22 +0100] "GET /adminweb/export_orders_xml.php?token=256de2z6edz6ed2z6DFSFsed2zed6zeDSFDSGdzedezfzf&maxorders=10&orderstart=1&status=14&start_date=2018-10-01 HTTP/1.0" 200 285 "-" "GesCom CharlotteBoutik Serveur"
51.68.224.127 - - [26/Dec/2020:10:12:22 +0100] "GET /adminweb/export_orders_xml.php?token=256de2z6edz6ed2z6DFSFsed2zed6zeDSFDSGdzedezfzf&maxorders=10&orderstart=1&status=6&start_date=2018-10-01 HTTP/1.0" 200 30026 "-" "GesCom CharlotteBoutik Serveur"
13.66.139.101 - - [26/Dec/2020:10:12:44 +0100] "GET /-p-17658.html HTTP/1.0" 200 69192 "-" "Mozilla/5.0 (compatible; bingbot/2.0; +http://www.bing.com/bingbot.htm)"
13.66.139.136 - - [26/Dec/2020:10:13:18 +0100] "GET /-p-13685.html HTTP/1.0" 200 69192 "-" "Mozilla/5.0 (compatible; bingbot/2.0; +http://www.bing.com/bingbot.htm)"
66.249.83.16 - - [26/Dec/2020:10:14:35 +0100] "GET / HTTP/1.0" 301 511 "-" "Mozilla/5.0 (X11; Linux x86_64) AppleWebKit/537.36 (KHTML, like Gecko) Chrome/49.0.2623.75 Safari/537.36 Google Favicon"
66.249.83.81 - - [26/Dec/2020:10:14:36 +0100] "GET / HTTP/1.0" 200 150095 "-" "Mozilla/5.0 (X11; Linux x86_64) AppleWebKit/537.36 (KHTML, like Gecko) Chrome/49.0.2623.75 Safari/537.36 Google Favicon"
66.249.83.79 - - [26/Dec/2020:10:14:36 +0100] "GET /favicon.ico HTTP/1.0" 200 260 "-" "Mozilla/5.0 (X11; Linux x86_64) AppleWebKit/537.36 (KHTML, like Gecko) Chrome/49.0.2623.75 Safari/537.36 Google Favicon"
114.119.130.202 - - [26/Dec/2020:10:15:17 +0100] "GET /resin-photo-frame-the-little-prince-p-47068.html HTTP/1.0" 200 72000 "-" "Mozilla/5.0 (Linux; Android 7.0;) AppleWebKit/537.36 (KHTML, like Gecko) Mobile Safari/537.36 (compatible; PetalBot;+https://aspiegel.com/petalbot)"
66.249.70.62 - - [26/Dec/2020:10:15:35 +0100] "GET /images/mini_prod/8422051900009.jpg HTTP/1.0" 200 269 "-" "Googlebot-Image/1.0"
66.249.70.62 - - [26/Dec/2020:10:15:46 +0100] "GET /decorative-centerpiece-27-cm-p-52331.html HTTP/1.0" 200 72562 "-" "Mozilla/5.0 (compatible; Googlebot/2.1; +http://www.google.com/bot.html)"
207.46.13.51 - - [26/Dec/2020:10:15:59 +0100] "GET /star-wars-resistance-trooper-figure-p-34604.html HTTP/1.0" 200 72124 "-" "Mozilla/5.0 (compatible; bingbot/2.0; +http://www.bing.com/bingbot.htm)"
66.249.70.33 - - [26/Dec/2020:10:16:42 +0100] "GET /ads.txt HTTP/1.0" 404 1308 "-" "Mozilla/5.0 (compatible; Googlebot/2.1; +http://www.google.com/bot.html)"
17.58.101.145 - - [26/Dec/2020:10:17:22 +0100] "GET /mister-men-blue-messenger-bag-p-8023.html HTTP/1.0" 200 72213 "-" "Mozilla/5.0 (Macintosh; Intel Mac OS X 10_15_5) AppleWebKit/605.1.15 (KHTML, like Gecko) Version/13.1.1 Safari/605.1.15 (Applebot/0.1; +http://www.apple.com/go/applebot)"
54.36.148.87 - - [26/Dec/2020:10:18:50 +0100] "GET /indoor-buddha-fountain-40-cm-p-47421.html HTTP/1.0" 200 72020 "-" "Mozilla/5.0 (compatible; AhrefsBot/7.0; +http://ahrefs.com/robot/)"
114.119.132.105 - - [26/Dec/2020:10:19:32 +0100] "GET /images/big_prod_2/3665269082005b.jpg HTTP/1.0" 200 271 "-" "Mozilla/5.0 (Linux; Android 7.0;) AppleWebKit/537.36 (KHTML, like Gecko) Mobile Safari/537.36 (compatible; PetalBot;+https://aspiegel.com/petalbot)"
207.46.13.225 - - [26/Dec/2020:10:21:00 +0100] "GET /-p-23458.html HTTP/1.0" 200 69192 "-" "Mozilla/5.0 (compatible; bingbot/2.0; +http://www.bing.com/bingbot.htm)"
13.66.139.91 - - [26/Dec/2020:10:22:48 +0100] "GET /-p-11128.html HTTP/1.0" 200 69192 "-" "Mozilla/5.0 (compatible; bingbot/2.0; +http://www.bing.com/bingbot.htm)"
13.66.139.91 - - [26/Dec/2020:10:22:49 +0100] "GET /-p-38300.html HTTP/1.0" 200 69192 "-" "Mozilla/5.0 (compatible; bingbot/2.0; +http://www.bing.com/bingbot.htm)"
114.119.147.45 - - [26/Dec/2020:10:23:57 +0100] "GET /images/mini_prod/3503420121333.jpg HTTP/1.0" 200 269 "-" "Mozilla/5.0 (Linux; Android 7.0;) AppleWebKit/537.36 (KHTML, like Gecko) Mobile Safari/537.36 (compatible; PetalBot;+https://aspiegel.com/petalbot)"
114.119.158.196 - - [26/Dec/2020:10:28:15 +0100] "GET /images/big_prod/1300000024051NN.jpg HTTP/1.0" 200 270 "-" "Mozilla/5.0 (Linux; Android 7.0;) AppleWebKit/537.36 (KHTML, like Gecko) Mobile Safari/537.36 (compatible; PetalBot;+https://aspiegel.com/petalbot)"
157.55.39.214 - - [26/Dec/2020:10:28:25 +0100] "GET /-p-24520.html HTTP/1.0" 200 69192 "-" "Mozilla/5.0 (compatible; bingbot/2.0; +http://www.bing.com/bingbot.htm)"
51.68.224.127 - - [26/Dec/2020:10:28:43 +0100] "GET /adminweb/export_orders_xml.php?token=256de2z6edz6ed2z6DFSFsed2zed6zeDSFDSGdzedezfzf&maxorders=10&orderstart=1&status=14&start_date=2018-10-01 HTTP/1.0" 200 285 "-" "GesCom CharlotteBoutik Serveur"
51.68.224.127 - - [26/Dec/2020:10:28:43 +0100] "GET /adminweb/export_orders_xml.php?token=256de2z6edz6ed2z6DFSFsed2zed6zeDSFDSGdzedezfzf&maxorders=10&orderstart=1&status=6&start_date=2018-10-01 HTTP/1.0" 200 30026 "-" "GesCom CharlotteBoutik Serveur"
54.36.148.223 - - [26/Dec/2020:10:29:00 +0100] "GET /women-brown-lois-shoulder-bag-p-41328.html HTTP/1.0" 200 72340 "-" "Mozilla/5.0 (compatible; AhrefsBot/7.0; +http://ahrefs.com/robot/)"
5.255.231.71 - - [26/Dec/2020:10:32:27 +0100] "GET /robots.txt HTTP/1.0" 200 245 "-" "Mozilla/5.0 (compatible; YandexBot/3.0; +http://yandex.com/bots)"
5.255.231.71 - - [26/Dec/2020:10:32:31 +0100] "GET /images/med_prod/N1384010176153N.jpg HTTP/1.0" 200 270 "-" "Mozilla/5.0 (compatible; YandexImages/3.0; +http://yandex.com/bots)"
114.119.150.15 - - [26/Dec/2020:10:32:35 +0100] "GET /images/big_prod/5051276212487.jpg HTTP/1.0" 200 268 "-" "Mozilla/5.0 (Linux; Android 7.0;) AppleWebKit/537.36 (KHTML, like Gecko) Mobile Safari/537.36 (compatible; PetalBot;+https://aspiegel.com/petalbot)"
13.66.139.41 - - [26/Dec/2020:10:34:43 +0100] "GET /-p-18691.html HTTP/1.0" 200 69192 "-" "Mozilla/5.0 (compatible; bingbot/2.0; +http://www.bing.com/bingbot.htm)"
157.55.39.94 - - [26/Dec/2020:10:34:51 +0100] "GET /-p-22489.html HTTP/1.0" 200 69192 "-" "Mozilla/5.0 (compatible; bingbot/2.0; +http://www.bing.com/bingbot.htm)"
13.66.139.136 - - [26/Dec/2020:10:35:11 +0100] "GET /-p-5173.html HTTP/1.0" 200 69190 "-" "Mozilla/5.0 (compatible; bingbot/2.0; +http://www.bing.com/bingbot.htm)"
40.77.167.36 - - [26/Dec/2020:10:35:24 +0100] "GET /nici-horse-memo-box-p-12300.html HTTP/1.0" 200 69278 "-" "Mozilla/5.0 (compatible; bingbot/2.0; +http://www.bing.com/bingbot.htm)"
66.249.70.62 - - [26/Dec/2020:10:35:36 +0100] "GET /images/big_prod_1/3520071714707a.jpg HTTP/1.0" 200 271 "-" "Googlebot-Image/1.0"
207.46.13.51 - - [26/Dec/2020:10:36:24 +0100] "GET /luggages-schoolbags-leather-shop/bagshandbags-shoulder-bags/hello-kitty-camomilla-dotty-shopper-bag-p-21631.html HTTP/1.0" 301 69502 "-" "Mozilla/5.0 (compatible; bingbot/2.0; +http://www.bing.com/bingbot.htm)"
114.119.151.113 - - [26/Dec/2020:10:36:56 +0100] "GET /bamboo-fiber-plant-cover-p-51273.html HTTP/1.0" 200 71883 "-" "Mozilla/5.0 (Linux; Android 7.0;) AppleWebKit/537.36 (KHTML, like Gecko) Mobile Safari/537.36 (compatible; PetalBot;+https://aspiegel.com/petalbot)"
54.38.90.86 - - [26/Dec/2020:10:38:02 +0100] "GET /%20images/big_prod/9316188086615.jpg HTTP/1.0" 404 1308 "-" "-"
13.66.139.136 - - [26/Dec/2020:10:38:30 +0100] "GET /-p-24630.html HTTP/1.0" 200 69192 "-" "Mozilla/5.0 (compatible; bingbot/2.0; +http://www.bing.com/bingbot.htm)"
54.36.148.242 - - [26/Dec/2020:10:38:55 +0100] "GET /diffuser-of-perfume-and-essential-oils-c-231_162.html?page=2 HTTP/1.0" 200 84339 "-" "Mozilla/5.0 (compatible; AhrefsBot/7.0; +http://ahrefs.com/robot/)"
13.66.139.136 - - [26/Dec/2020:10:39:01 +0100] "GET /-p-21576.html HTTP/1.0" 200 69192 "-" "Mozilla/5.0 (compatible; bingbot/2.0; +http://www.bing.com/bingbot.htm)"
13.66.139.136 - - [26/Dec/2020:10:40:40 +0100] "GET /beyblade-m-236.html HTTP/1.0" 200 79325 "-" "Mozilla/5.0 (compatible; bingbot/2.0; +http://www.bing.com/bingbot.htm)"
13.66.139.91 - - [26/Dec/2020:10:40:56 +0100] "GET /-p-39591.html HTTP/1.0" 200 69192 "-" "Mozilla/5.0 (compatible; bingbot/2.0; +http://www.bing.com/bingbot.htm)"
13.66.139.91 - - [26/Dec/2020:10:40:57 +0100] "GET /minions-cushion-p-31729.html HTTP/1.0" 200 69242 "-" "Mozilla/5.0 (compatible; bingbot/2.0; +http://www.bing.com/bingbot.htm)"
114.119.158.196 - - [26/Dec/2020:10:41:17 +0100] "GET /frozen-keyring-p-28271.html HTTP/1.0" 200 71447 "-" "Mozilla/5.0 (Linux; Android 7.0;) AppleWebKit/537.36 (KHTML, like Gecko) Mobile Safari/537.36 (compatible; PetalBot;+https://aspiegel.com/petalbot)"
5.188.211.16 - - [26/Dec/2020:10:41:40 +0100] "GET /flatwares-c-12_63.html HTTP/1.0" 200 88643 "-" "Mozilla/4.0 (compatible; MSIE 6.0; Windows NT 5.1; SV1)"
5.188.211.16 - - [26/Dec/2020:10:41:41 +0100] "GET /posters-and-stickers-wall-c-13_147.html HTTP/1.0" 200 90270 "-" "Mozilla/4.0 (compatible; MSIE 6.0; Windows NT 5.1; SV1)"
5.188.211.16 - - [26/Dec/2020:10:41:42 +0100] "GET /tin-and-metal-signs-c-13_130.html HTTP/1.0" 200 93502 "-" "Mozilla/4.0 (compatible; MSIE 6.0; Windows NT 5.1; SV1)"
5.188.211.16 - - [26/Dec/2020:10:41:43 +0100] "GET /contact_us.php HTTP/1.0" 200 26241 "-" "Mozilla/4.0 (compatible; MSIE 6.0; Windows NT 5.1; SV1)"
5.188.211.16 - - [26/Dec/2020:10:41:45 +0100] "POST /contact_us.php?action=send HTTP/1.0" 200 26646 "http://www.wonder-geek.com/contact_us.php" "Mozilla/4.0 (compatible; MSIE 6.0; Windows NT 5.1; SV1)"
5.188.211.16 - - [26/Dec/2020:10:41:45 +0100] "POST /contact_us.php?action=send HTTP/1.0" 200 26646 "http://www.wonder-geek.com/" "Mozilla/4.0 (compatible; MSIE 6.0; Windows NT 5.1; SV1)"
5.188.211.16 - - [26/Dec/2020:10:41:45 +0100] "GET / HTTP/1.0" 200 149977 "-" "Mozilla/4.0 (compatible; MSIE 6.0; Windows NT 5.1; SV1)"
5.188.211.16 - - [26/Dec/2020:10:41:46 +0100] "GET /flatwares-c-12_63.html HTTP/1.0" 200 88643 "-" "Mozilla/4.0 (compatible; MSIE 6.0; Windows NT 5.1; SV1)"
5.188.211.16 - - [26/Dec/2020:10:41:47 +0100] "GET /contact_us.php HTTP/1.0" 200 26241 "-" "Mozilla/4.0 (compatible; MSIE 6.0; Windows NT 5.1; SV1)"
5.188.211.16 - - [26/Dec/2020:10:41:47 +0100] "GET /create_account.php HTTP/1.0" 200 33633 "-" "Mozilla/4.0 (compatible; MSIE 6.0; Windows NT 5.1; SV1)"
5.188.211.16 - - [26/Dec/2020:10:41:48 +0100] "GET /checkout_shipping.php HTTP/1.0" 302 468 "-" "Mozilla/4.0 (compatible; MSIE 6.0; Windows NT 5.1; SV1)"
5.188.211.16 - - [26/Dec/2020:10:41:48 +0100] "GET /login.php HTTP/1.0" 200 17155 "-" "Mozilla/4.0 (compatible; MSIE 6.0; Windows NT 5.1; SV1)"
5.188.211.16 - - [26/Dec/2020:10:41:48 +0100] "GET /shopping_cart.php HTTP/1.0" 200 13298 "-" "Mozilla/4.0 (compatible; MSIE 6.0; Windows NT 5.1; SV1)"
5.188.211.16 - - [26/Dec/2020:10:41:48 +0100] "GET /login.php HTTP/1.0" 200 17155 "-" "Mozilla/4.0 (compatible; MSIE 6.0; Windows NT 5.1; SV1)"
5.188.211.16 - - [26/Dec/2020:10:41:48 +0100] "GET /specials.php HTTP/1.0" 200 130010 "-" "Mozilla/4.0 (compatible; MSIE 6.0; Windows NT 5.1; SV1)"
5.188.211.16 - - [26/Dec/2020:10:41:49 +0100] "GET /products_new.php HTTP/1.0" 200 91413 "-" "Mozilla/4.0 (compatible; MSIE 6.0; Windows NT 5.1; SV1)"
13.66.139.41 - - [26/Dec/2020:10:44:25 +0100] "GET /-p-33664.html HTTP/1.0" 200 69192 "-" "Mozilla/5.0 (compatible; bingbot/2.0; +http://www.bing.com/bingbot.htm)"
51.68.224.127 - - [26/Dec/2020:10:44:50 +0100] "GET /adminweb/export_orders_xml.php?token=256de2z6edz6ed2z6DFSFsed2zed6zeDSFDSGdzedezfzf&maxorders=10&orderstart=1&status=14&start_date=2018-10-01 HTTP/1.0" 200 285 "-" "GesCom CharlotteBoutik Serveur"
51.68.224.127 - - [26/Dec/2020:10:44:50 +0100] "GET /adminweb/export_orders_xml.php?token=256de2z6edz6ed2z6DFSFsed2zed6zeDSFDSGdzedezfzf&maxorders=10&orderstart=1&status=6&start_date=2018-10-01 HTTP/1.0" 200 30026 "-" "GesCom CharlotteBoutik Serveur"
114.119.129.36 - - [26/Dec/2020:10:45:38 +0100] "GET /dishes-c-12.html?page=22 HTTP/1.0" 200 91229 "-" "Mozilla/5.0 (Linux; Android 7.0;) AppleWebKit/537.36 (KHTML, like Gecko) Mobile Safari/537.36 (compatible; PetalBot;+https://aspiegel.com/petalbot)"
66.249.70.62 - - [26/Dec/2020:10:45:45 +0100] "GET /images/big_prod_1/1328399270477B.jpg HTTP/1.0" 200 271 "-" "Googlebot-Image/1.0"
207.46.13.158 - - [26/Dec/2020:10:45:46 +0100] "GET /cushion-cover-40-60-cm-p-52124.html HTTP/1.0" 200 71878 "-" "Mozilla/5.0 (compatible; bingbot/2.0; +http://www.bing.com/bingbot.htm)"
13.66.139.136 - - [26/Dec/2020:10:47:52 +0100] "GET /-p-22043.html HTTP/1.0" 200 69192 "-" "Mozilla/5.0 (compatible; bingbot/2.0; +http://www.bing.com/bingbot.htm)"
207.46.13.49 - - [26/Dec/2020:10:47:59 +0100] "GET /wall-coat-wooden-supports-39-cm-p-52250.html HTTP/1.0" 200 72561 "-" "Mozilla/5.0 (compatible; bingbot/2.0; +http://www.bing.com/bingbot.htm)"
13.66.139.136 - - [26/Dec/2020:10:48:34 +0100] "GET /-p-21908.html HTTP/1.0" 200 69192 "-" "Mozilla/5.0 (compatible; bingbot/2.0; +http://www.bing.com/bingbot.htm)"
54.36.148.0 - - [26/Dec/2020:10:49:01 +0100] "GET /kimmidoll-shopper-bag-pink-satin-collection-p-13354.html HTTP/1.0" 200 73177 "-" "Mozilla/5.0 (compatible; AhrefsBot/7.0; +http://ahrefs.com/robot/)"
5.255.231.71 - - [26/Dec/2020:10:49:34 +0100] "GET /images/041689210618.jpg HTTP/1.0" 200 258 "-" "Mozilla/5.0 (compatible; YandexImages/3.0; +http://yandex.com/bots)"
5.255.231.71 - - [26/Dec/2020:10:49:38 +0100] "GET /images/041689210595.jpg HTTP/1.0" 200 258 "-" "Mozilla/5.0 (compatible; YandexImages/3.0; +http://yandex.com/bots)"
114.119.145.117 - - [26/Dec/2020:10:49:54 +0100] "GET /images/mini_prod/8424346366798.jpg HTTP/1.0" 200 269 "-" "Mozilla/5.0 (Linux; Android 7.0;) AppleWebKit/537.36 (KHTML, like Gecko) Mobile Safari/537.36 (compatible; PetalBot;+https://aspiegel.com/petalbot)"
13.66.139.41 - - [26/Dec/2020:10:51:35 +0100] "GET /-p-39209.html HTTP/1.0" 200 69192 "-" "Mozilla/5.0 (compatible; bingbot/2.0; +http://www.bing.com/bingbot.htm)"
54.36.149.91 - - [26/Dec/2020:10:52:22 +0100] "GET /linen-of-bed-c-13_11_68.html?page=16 HTTP/1.0" 301 84606 "-" "Mozilla/5.0 (compatible; AhrefsBot/7.0; +http://ahrefs.com/robot/)"
13.66.139.136 - - [26/Dec/2020:10:53:41 +0100] "GET /-p-20340.html HTTP/1.0" 200 69192 "-" "Mozilla/5.0 (compatible; bingbot/2.0; +http://www.bing.com/bingbot.htm)"
5.255.231.71 - - [26/Dec/2020:10:54:00 +0100] "GET /images/med_prod/1341689418243.jpg HTTP/1.0" 200 268 "-" "Mozilla/5.0 (compatible; YandexImages/3.0; +http://yandex.com/bots)"
5.255.231.71 - - [26/Dec/2020:10:54:04 +0100] "GET /rolling-stones-zippo-lighter-p-29788.html HTTP/1.0" 200 69323 "-" "Mozilla/5.0 (compatible; YandexBot/3.0; +http://yandex.com/bots)"
5.255.231.71 - - [26/Dec/2020:10:54:07 +0100] "GET /images/1341689418267.jpg HTTP/1.0" 200 259 "-" "Mozilla/5.0 (compatible; YandexImages/3.0; +http://yandex.com/bots)"
207.46.13.51 - - [26/Dec/2020:10:54:15 +0100] "GET /lulu-castagnette-large-backpack-p-24716.html HTTP/1.0" 200 69306 "-" "Mozilla/5.0 (compatible; bingbot/2.0; +http://www.bing.com/bingbot.htm)"
114.119.151.113 - - [26/Dec/2020:10:54:16 +0100] "GET /images/big_prod/1399986100828.jpg HTTP/1.0" 200 268 "-" "Mozilla/5.0 (Linux; Android 7.0;) AppleWebKit/537.36 (KHTML, like Gecko) Mobile Safari/537.36 (compatible; PetalBot;+https://aspiegel.com/petalbot)"
207.46.13.51 - - [26/Dec/2020:10:57:17 +0100] "GET /corsica-metal-plate-p-52509.html HTTP/1.0" 200 71802 "-" "Mozilla/5.0 (compatible; bingbot/2.0; +http://www.bing.com/bingbot.htm)"
13.66.139.91 - - [26/Dec/2020:10:57:22 +0100] "GET /love-map-collection-gorjuss-p-23144.html HTTP/1.0" 200 69318 "-" "Mozilla/5.0 (compatible; bingbot/2.0; +http://www.bing.com/bingbot.htm)"
114.119.158.196 - - [26/Dec/2020:10:58:36 +0100] "GET /images/mini_prod/3503420190629.jpg HTTP/1.0" 200 269 "-" "Mozilla/5.0 (Linux; Android 7.0;) AppleWebKit/537.36 (KHTML, like Gecko) Mobile Safari/537.36 (compatible; PetalBot;+https://aspiegel.com/petalbot)"
66.249.70.36 - - [26/Dec/2020:10:58:52 +0100] "GET /socks-c-1_141.html HTTP/1.0" 200 78234 "-" "Mozilla/5.0 (Linux; Android 6.0.1; Nexus 5X Build/MMB29P) AppleWebKit/537.36 (KHTML, like Gecko) Chrome/87.0.4280.90 Mobile Safari/537.36 (compatible; Googlebot/2.1; +http://www.google.com/bot.html)"
54.36.148.87 - - [26/Dec/2020:10:59:27 +0100] "GET /hanging-decoration-tour-de-france-p-52266.html HTTP/1.0" 200 71974 "-" "Mozilla/5.0 (compatible; AhrefsBot/7.0; +http://ahrefs.com/robot/)"
207.46.13.225 - - [26/Dec/2020:10:59:41 +0100] "GET /ac-dc-bowl-p-5203.html HTTP/1.0" 301 69256 "-" "Mozilla/5.0 (compatible; bingbot/2.0; +http://www.bing.com/bingbot.htm)"
5.188.211.16 - - [26/Dec/2020:11:00:23 +0100] "GET /index.php HTTP/1.0" 200 150011 "-" "Mozilla/4.0 (compatible; MSIE 6.0; Windows NT 5.1; SV1)"
5.188.211.16 - - [26/Dec/2020:11:00:24 +0100] "GET /posters-and-stickers-wall-c-13_147.html HTTP/1.0" 200 90270 "-" "Mozilla/4.0 (compatible; MSIE 6.0; Windows NT 5.1; SV1)"
5.188.211.16 - - [26/Dec/2020:11:00:25 +0100] "GET /tin-and-metal-signs-c-13_130.html HTTP/1.0" 200 93502 "-" "Mozilla/4.0 (compatible; MSIE 6.0; Windows NT 5.1; SV1)"
5.188.211.16 - - [26/Dec/2020:11:00:26 +0100] "GET /contact_us.php HTTP/1.0" 200 26241 "-" "Mozilla/4.0 (compatible; MSIE 6.0; Windows NT 5.1; SV1)"
5.188.211.16 - - [26/Dec/2020:11:00:28 +0100] "POST /contact_us.php?action=send HTTP/1.0" 200 26648 "http://www.wonder-geek.com/contact_us.php" "Mozilla/4.0 (compatible; MSIE 6.0; Windows NT 5.1; SV1)"
5.188.211.16 - - [26/Dec/2020:11:00:28 +0100] "POST /contact_us.php?action=send HTTP/1.0" 200 26648 "http://www.wonder-geek.com/" "Mozilla/4.0 (compatible; MSIE 6.0; Windows NT 5.1; SV1)"
5.188.211.16 - - [26/Dec/2020:11:00:28 +0100] "GET / HTTP/1.0" 200 150409 "-" "Mozilla/4.0 (compatible; MSIE 6.0; Windows NT 5.1; SV1)"
5.188.211.16 - - [26/Dec/2020:11:00:29 +0100] "GET /index.php HTTP/1.0" 200 150200 "-" "Mozilla/4.0 (compatible; MSIE 6.0; Windows NT 5.1; SV1)"
5.188.211.16 - - [26/Dec/2020:11:00:30 +0100] "GET /contact_us.php HTTP/1.0" 200 26241 "-" "Mozilla/4.0 (compatible; MSIE 6.0; Windows NT 5.1; SV1)"
5.188.211.16 - - [26/Dec/2020:11:00:31 +0100] "GET /create_account.php HTTP/1.0" 200 33633 "-" "Mozilla/4.0 (compatible; MSIE 6.0; Windows NT 5.1; SV1)"
5.188.211.16 - - [26/Dec/2020:11:00:31 +0100] "GET /checkout_shipping.php HTTP/1.0" 302 468 "-" "Mozilla/4.0 (compatible; MSIE 6.0; Windows NT 5.1; SV1)"
5.188.211.16 - - [26/Dec/2020:11:00:31 +0100] "GET /login.php HTTP/1.0" 200 17155 "-" "Mozilla/4.0 (compatible; MSIE 6.0; Windows NT 5.1; SV1)"
5.188.211.16 - - [26/Dec/2020:11:00:31 +0100] "GET /shopping_cart.php HTTP/1.0" 200 13298 "-" "Mozilla/4.0 (compatible; MSIE 6.0; Windows NT 5.1; SV1)"
5.188.211.16 - - [26/Dec/2020:11:00:32 +0100] "GET /login.php HTTP/1.0" 200 17155 "-" "Mozilla/4.0 (compatible; MSIE 6.0; Windows NT 5.1; SV1)"
5.188.211.16 - - [26/Dec/2020:11:00:32 +0100] "GET /specials.php HTTP/1.0" 200 130010 "-" "Mozilla/4.0 (compatible; MSIE 6.0; Windows NT 5.1; SV1)"
5.188.211.16 - - [26/Dec/2020:11:00:33 +0100] "GET /products_new.php HTTP/1.0" 200 91413 "-" "Mozilla/4.0 (compatible; MSIE 6.0; Windows NT 5.1; SV1)"
17.58.101.145 - - [26/Dec/2020:11:01:12 +0100] "GET /winnie-the-pooh-blue-swimsuit-p-30831.html HTTP/1.0" 200 73895 "-" "Mozilla/5.0 (Macintosh; Intel Mac OS X 10_15_5) AppleWebKit/605.1.15 (KHTML, like Gecko) Version/13.1.1 Safari/605.1.15 (Applebot/0.1; +http://www.apple.com/go/applebot)"
51.68.224.127 - - [26/Dec/2020:11:01:41 +0100] "GET /adminweb/export_orders_xml.php?token=256de2z6edz6ed2z6DFSFsed2zed6zeDSFDSGdzedezfzf&maxorders=10&orderstart=1&status=14&start_date=2018-10-01 HTTP/1.0" 200 285 "-" "GesCom CharlotteBoutik Serveur"
51.68.224.127 - - [26/Dec/2020:11:01:41 +0100] "GET /adminweb/export_orders_xml.php?token=256de2z6edz6ed2z6DFSFsed2zed6zeDSFDSGdzedezfzf&maxorders=10&orderstart=1&status=6&start_date=2018-10-01 HTTP/1.0" 200 30026 "-" "GesCom CharlotteBoutik Serveur"
157.55.39.94 - - [26/Dec/2020:11:02:20 +0100] "GET /corsica-retro-set-of-coasters-p-49725.html HTTP/1.0" 200 71849 "-" "Mozilla/5.0 (compatible; bingbot/2.0; +http://www.bing.com/bingbot.htm)"
66.249.70.62 - - [26/Dec/2020:11:02:43 +0100] "GET /stationery-and-cardmaking/stationery-school-supplies/angry-birds-stationery-set-p-23164.html HTTP/1.0" 301 72193 "-" "Mozilla/5.0 (Linux; Android 6.0.1; Nexus 5X Build/MMB29P) AppleWebKit/537.36 (KHTML, like Gecko) Chrome/87.0.4280.90 Mobile Safari/537.36 (compatible; Googlebot/2.1; +http://www.google.com/bot.html)"
66.249.70.62 - - [26/Dec/2020:11:02:44 +0100] "GET /angry-birds-stationery-set-p-23164.html HTTP/1.0" 200 72100 "-" "Mozilla/5.0 (Linux; Android 6.0.1; Nexus 5X Build/MMB29P) AppleWebKit/537.36 (KHTML, like Gecko) Chrome/87.0.4280.90 Mobile Safari/537.36 (compatible; Googlebot/2.1; +http://www.google.com/bot.html)"
114.119.129.36 - - [26/Dec/2020:11:02:57 +0100] "GET /images/big_prod_2/8413930772985C.jpg HTTP/1.0" 200 271 "-" "Mozilla/5.0 (Linux; Android 7.0;) AppleWebKit/537.36 (KHTML, like Gecko) Mobile Safari/537.36 (compatible; PetalBot;+https://aspiegel.com/petalbot)"
207.46.13.49 - - [26/Dec/2020:11:03:09 +0100] "GET /dog-and-cat-shaped-cushion-p-39368.html HTTP/1.0" 200 71860 "-" "Mozilla/5.0 (compatible; bingbot/2.0; +http://www.bing.com/bingbot.htm)"
66.249.70.33 - - [26/Dec/2020:11:06:07 +0100] "GET /images/mini_prod/8718375752265.jpg HTTP/1.0" 200 269 "-" "Googlebot-Image/1.0"
114.119.144.233 - - [26/Dec/2020:11:07:18 +0100] "GET /robocar-poli-moving-eye-p-32409.html HTTP/1.0" 200 72018 "-" "Mozilla/5.0 (Linux; Android 7.0;) AppleWebKit/537.36 (KHTML, like Gecko) Mobile Safari/537.36 (compatible; PetalBot;+https://aspiegel.com/petalbot)"
207.46.13.158 - - [26/Dec/2020:11:09:51 +0100] "GET /curtains-lace-curtains-c-11_69.html?page=2 HTTP/1.0" 200 88675 "-" "Mozilla/5.0 (compatible; bingbot/2.0; +http://www.bing.com/bingbot.htm)"
54.36.148.156 - - [26/Dec/2020:11:10:12 +0100] "GET /charmmy-kitty-pink-clutch-bag-p-24279.html HTTP/1.0" 200 72232 "-" "Mozilla/5.0 (compatible; AhrefsBot/7.0; +http://ahrefs.com/robot/)"
207.46.13.13 - - [26/Dec/2020:11:11:26 +0100] "GET /gorjuss-coaster-rosebud-p-47741.html HTTP/1.0" 200 71990 "-" "Mozilla/5.0 (compatible; bingbot/2.0; +http://www.bing.com/bingbot.htm)"
114.119.151.113 - - [26/Dec/2020:11:11:40 +0100] "GET /images/big_prod/8424001544752.jpg HTTP/1.0" 200 268 "-" "Mozilla/5.0 (Linux; Android 7.0;) AppleWebKit/537.36 (KHTML, like Gecko) Mobile Safari/537.36 (compatible; PetalBot;+https://aspiegel.com/petalbot)"
207.46.13.225 - - [26/Dec/2020:11:14:05 +0100] "GET /incense-c-13_226.html HTTP/1.0" 200 90733 "-" "Mozilla/5.0 (compatible; bingbot/2.0; +http://www.bing.com/bingbot.htm)"
40.77.167.36 - - [26/Dec/2020:11:14:56 +0100] "GET /-p-22234.html HTTP/1.0" 200 69192 "-" "Mozilla/5.0 (compatible; bingbot/2.0; +http://www.bing.com/bingbot.htm)"
114.119.130.202 - - [26/Dec/2020:11:15:56 +0100] "GET /images/mini_prod/3453131154024.jpg HTTP/1.0" 200 269 "-" "Mozilla/5.0 (Linux; Android 7.0;) AppleWebKit/537.36 (KHTML, like Gecko) Mobile Safari/537.36 (compatible; PetalBot;+https://aspiegel.com/petalbot)"
66.249.70.62 - - [26/Dec/2020:11:16:06 +0100] "GET /images/mini_prod/1384010177235.jpg HTTP/1.0" 200 269 "-" "Googlebot-Image/1.0"
5.255.231.71 - - [26/Dec/2020:11:16:48 +0100] "GET /titeuf-sticker-p-24723.html HTTP/1.0" 200 71895 "-" "Mozilla/5.0 (compatible; YandexBot/3.0; +http://yandex.com/bots)"
17.58.101.145 - - [26/Dec/2020:11:17:03 +0100] "GET /mini-led-flashlight-light-minnie-mouse-pink-p-35786.html HTTP/1.0" 200 69354 "-" "Mozilla/5.0 (Macintosh; Intel Mac OS X 10_15_5) AppleWebKit/605.1.15 (KHTML, like Gecko) Version/13.1.1 Safari/605.1.15 (Applebot/0.1; +http://www.apple.com/go/applebot)"
51.68.224.127 - - [26/Dec/2020:11:17:38 +0100] "GET /adminweb/export_orders_xml.php?token=256de2z6edz6ed2z6DFSFsed2zed6zeDSFDSGdzedezfzf&maxorders=10&orderstart=1&status=14&start_date=2018-10-01 HTTP/1.0" 200 285 "-" "GesCom CharlotteBoutik Serveur"
51.68.224.127 - - [26/Dec/2020:11:17:39 +0100] "GET /adminweb/export_orders_xml.php?token=256de2z6edz6ed2z6DFSFsed2zed6zeDSFDSGdzedezfzf&maxorders=10&orderstart=1&status=6&start_date=2018-10-01 HTTP/1.0" 200 30026 "-" "GesCom CharlotteBoutik Serveur"
13.66.139.136 - - [26/Dec/2020:11:17:45 +0100] "GET /-p-29247.html HTTP/1.0" 200 69192 "-" "Mozilla/5.0 (compatible; bingbot/2.0; +http://www.bing.com/bingbot.htm)"
67.195.177.128 - - [26/Dec/2020:11:19:55 +0100] "GET /images/4895028507718.jpg HTTP/1.0" 200 259 "https://es.images.search.yahoo.com/" "YahooCacheSystem; YahooWebServiceClient"
114.119.144.233 - - [26/Dec/2020:11:20:17 +0100] "GET /wall-deco-smiling-african-mask-p-48948.html HTTP/1.0" 200 71935 "-" "Mozilla/5.0 (Linux; Android 7.0;) AppleWebKit/537.36 (KHTML, like Gecko) Mobile Safari/537.36 (compatible; PetalBot;+https://aspiegel.com/petalbot)"
66.249.81.168 - - [26/Dec/2020:11:20:58 +0100] "GET /images/big_prod/3520071778488.jpg HTTP/1.0" 200 268 "-" "Mozilla/5.0 (Windows NT 5.1; rv:11.0) Gecko Firefox/11.0 (via ggpht.com GoogleImageProxy)"
17.58.101.145 - - [26/Dec/2020:11:21:04 +0100] "GET /gray-polyester-round-chair-cushion-p-44376.html HTTP/1.0" 200 71952 "-" "Mozilla/5.0 (Macintosh; Intel Mac OS X 10_15_5) AppleWebKit/605.1.15 (KHTML, like Gecko) Version/13.1.1 Safari/605.1.15 (Applebot/0.1; +http://www.apple.com/go/applebot)"
87.1.51.193 - - [26/Dec/2020:11:21:05 +0100] "GET /giraffe-wall-decoration-in-resin-p-52575.html HTTP/1.0" 200 71959 "https://www.google.com/" "Mozilla/5.0 (Linux; Android 9; ANE-LX1) AppleWebKit/537.36 (KHTML, like Gecko) Chrome/87.0.4280.101 Mobile Safari/537.36"
87.1.51.193 - - [26/Dec/2020:11:21:06 +0100] "GET /templates/Pixame_v1/stylesheet.css HTTP/1.0" 200 267 "http://www.wonder-geek.com/giraffe-wall-decoration-in-resin-p-52575.html" "Mozilla/5.0 (Linux; Android 9; ANE-LX1) AppleWebKit/537.36 (KHTML, like Gecko) Chrome/87.0.4280.101 Mobile Safari/537.36"
87.1.51.193 - - [26/Dec/2020:11:21:06 +0100] "GET /highslide/highslide.js HTTP/1.0" 200 262 "http://www.wonder-geek.com/giraffe-wall-decoration-in-resin-p-52575.html" "Mozilla/5.0 (Linux; Android 9; ANE-LX1) AppleWebKit/537.36 (KHTML, like Gecko) Chrome/87.0.4280.101 Mobile Safari/537.36"
87.1.51.193 - - [26/Dec/2020:11:21:06 +0100] "GET /js/jquery.js HTTP/1.0" 200 252 "http://www.wonder-geek.com/giraffe-wall-decoration-in-resin-p-52575.html" "Mozilla/5.0 (Linux; Android 9; ANE-LX1) AppleWebKit/537.36 (KHTML, like Gecko) Chrome/87.0.4280.101 Mobile Safari/537.36"
87.1.51.193 - - [26/Dec/2020:11:21:06 +0100] "GET /js/jquery.jqzoom.js HTTP/1.0" 200 259 "http://www.wonder-geek.com/giraffe-wall-decoration-in-resin-p-52575.html" "Mozilla/5.0 (Linux; Android 9; ANE-LX1) AppleWebKit/537.36 (KHTML, like Gecko) Chrome/87.0.4280.101 Mobile Safari/537.36"
87.1.51.193 - - [26/Dec/2020:11:21:06 +0100] "GET /mondial_relay/js/jquery-1.3.2.min.js HTTP/1.0" 200 276 "http://www.wonder-geek.com/giraffe-wall-decoration-in-resin-p-52575.html" "Mozilla/5.0 (Linux; Android 9; ANE-LX1) AppleWebKit/537.36 (KHTML, like Gecko) Chrome/87.0.4280.101 Mobile Safari/537.36"
13.66.139.136 - - [26/Dec/2020:11:21:04 +0100] "GET /disney-m-20.html HTTP/1.0" 200 88604 "-" "Mozilla/5.0 (compatible; bingbot/2.0; +http://www.bing.com/bingbot.htm)"
87.1.51.193 - - [26/Dec/2020:11:21:06 +0100] "GET /swfobject.js HTTP/1.0" 404 1308 "http://www.wonder-geek.com/giraffe-wall-decoration-in-resin-p-52575.html" "Mozilla/5.0 (Linux; Android 9; ANE-LX1) AppleWebKit/537.36 (KHTML, like Gecko) Chrome/87.0.4280.101 Mobile Safari/537.36"
87.1.51.193 - - [26/Dec/2020:11:21:06 +0100] "GET /templates/Pixame_v1/images/icon_accueil2.png HTTP/1.0" 200 278 "http://www.wonder-geek.com/giraffe-wall-decoration-in-resin-p-52575.html" "Mozilla/5.0 (Linux; Android 9; ANE-LX1) AppleWebKit/537.36 (KHTML, like Gecko) Chrome/87.0.4280.101 Mobile Safari/537.36"
87.1.51.193 - - [26/Dec/2020:11:21:06 +0100] "GET /templates/Pixame_v1/images/infobox/pixel_trans.gif HTTP/1.0" 200 328 "http://www.wonder-geek.com/giraffe-wall-decoration-in-resin-p-52575.html" "Mozilla/5.0 (Linux; Android 9; ANE-LX1) AppleWebKit/537.36 (KHTML, like Gecko) Chrome/87.0.4280.101 Mobile Safari/537.36"
87.1.51.193 - - [26/Dec/2020:11:21:06 +0100] "GET /images/pixel_trans.gif HTTP/1.0" 200 328 "http://www.wonder-geek.com/giraffe-wall-decoration-in-resin-p-52575.html" "Mozilla/5.0 (Linux; Android 9; ANE-LX1) AppleWebKit/537.36 (KHTML, like Gecko) Chrome/87.0.4280.101 Mobile Safari/537.36"
87.1.51.193 - - [26/Dec/2020:11:21:06 +0100] "GET /templates/Pixame_v1/images/pixel_trans.gif HTTP/1.0" 200 328 "http://www.wonder-geek.com/giraffe-wall-decoration-in-resin-p-52575.html" "Mozilla/5.0 (Linux; Android 9; ANE-LX1) AppleWebKit/537.36 (KHTML, like Gecko) Chrome/87.0.4280.101 Mobile Safari/537.36"
87.1.51.193 - - [26/Dec/2020:11:21:06 +0100] "GET /templates/Pixame_v1/images/buttons/english/button_in_cart.gif HTTP/1.0" 200 295 "http://www.wonder-geek.com/giraffe-wall-decoration-in-resin-p-52575.html" "Mozilla/5.0 (Linux; Android 9; ANE-LX1) AppleWebKit/537.36 (KHTML, like Gecko) Chrome/87.0.4280.101 Mobile Safari/537.36"
87.1.51.193 - - [26/Dec/2020:11:21:06 +0100] "GET /images/big_prod/3520071778488.jpg HTTP/1.0" 200 268 "http://www.wonder-geek.com/giraffe-wall-decoration-in-resin-p-52575.html" "Mozilla/5.0 (Linux; Android 9; ANE-LX1) AppleWebKit/537.36 (KHTML, like Gecko) Chrome/87.0.4280.101 Mobile Safari/537.36"
87.1.51.193 - - [26/Dec/2020:11:21:06 +0100] "GET /swfobject.js HTTP/1.0" 404 1308 "http://www.wonder-geek.com/giraffe-wall-decoration-in-resin-p-52575.html" "Mozilla/5.0 (Linux; Android 9; ANE-LX1) AppleWebKit/537.36 (KHTML, like Gecko) Chrome/87.0.4280.101 Mobile Safari/537.36"
