54.36.148.151 - - [26/Dec/2020:03:32:26 +0100] "GET /coca-bottle-night-light-p-53132.html HTTP/1.0" 200 73119 "-" "Mozilla/5.0 (compatible; AhrefsBot/7.0; +http://ahrefs.com/robot/)"
13.66.139.67 - - [26/Dec/2020:03:33:02 +0100] "GET /-p-32738.html HTTP/1.0" 200 69192 "-" "Mozilla/5.0 (compatible; bingbot/2.0; +http://www.bing.com/bingbot.htm)"
13.66.139.41 - - [26/Dec/2020:03:33:20 +0100] "GET /-p-24182.html HTTP/1.0" 200 69192 "-" "Mozilla/5.0 (compatible; bingbot/2.0; +http://www.bing.com/bingbot.htm)"
66.249.70.36 - - [26/Dec/2020:03:34:54 +0100] "GET /images/med_prod/1020322274148.jpg HTTP/1.0" 200 268 "-" "Googlebot-Image/1.0"
114.119.158.196 - - [26/Dec/2020:03:36:02 +0100] "GET /images/mini_prod/monalisa5.jpg HTTP/1.0" 200 265 "-" "Mozilla/5.0 (Linux; Android 7.0;) AppleWebKit/537.36 (KHTML, like Gecko) Mobile Safari/537.36 (compatible; PetalBot;+https://aspiegel.com/petalbot)"
66.249.70.62 - - [26/Dec/2020:03:36:05 +0100] "GET /lighting-c-13_86.html HTTP/1.0" 200 94371 "-" "Mozilla/5.0 (Linux; Android 6.0.1; Nexus 5X Build/MMB29P) AppleWebKit/537.36 (KHTML, like Gecko) Chrome/87.0.4280.90 Mobile Safari/537.36 (compatible; Googlebot/2.1; +http://www.google.com/bot.html)"
157.55.39.186 - - [26/Dec/2020:03:37:02 +0100] "GET /swfobject.js HTTP/1.0" 404 1308 "-" "Mozilla/5.0 (compatible; bingbot/2.0; +http://www.bing.com/bingbot.htm)"
66.249.70.62 - - [26/Dec/2020:03:38:16 +0100] "GET /images/mini_prod/mickey1384010188521.jpg HTTP/1.0" 200 275 "-" "Googlebot-Image/1.0"
66.249.70.62 - - [26/Dec/2020:03:38:17 +0100] "GET /images/mini_prod/1384010176344.jpg HTTP/1.0" 200 269 "-" "Googlebot-Image/1.0"
66.249.70.33 - - [26/Dec/2020:03:38:17 +0100] "GET /images/mini_prod/3609810034013.jpg HTTP/1.0" 200 269 "-" "Googlebot-Image/1.0"
54.36.148.10 - - [26/Dec/2020:03:39:56 +0100] "GET /peg-and-coat-hook-c-13_198.html?page=3 HTTP/1.0" 200 89683 "-" "Mozilla/5.0 (compatible; AhrefsBot/7.0; +http://ahrefs.com/robot/)"
114.119.150.15 - - [26/Dec/2020:03:40:23 +0100] "GET /images/mini_prod/8718657462448.jpg HTTP/1.0" 200 269 "-" "Mozilla/5.0 (Linux; Android 7.0;) AppleWebKit/537.36 (KHTML, like Gecko) Mobile Safari/537.36 (compatible; PetalBot;+https://aspiegel.com/petalbot)"
13.66.139.67 - - [26/Dec/2020:03:41:43 +0100] "GET /-p-4527.html HTTP/1.0" 200 69190 "-" "Mozilla/5.0 (compatible; bingbot/2.0; +http://www.bing.com/bingbot.htm)"
51.68.224.127 - - [26/Dec/2020:03:42:14 +0100] "GET /adminweb/export_orders_xml.php?token=256de2z6edz6ed2z6DFSFsed2zed6zeDSFDSGdzedezfzf&maxorders=10&orderstart=1&status=14&start_date=2018-10-01 HTTP/1.0" 200 285 "-" "GesCom CharlotteBoutik Serveur"
51.68.224.127 - - [26/Dec/2020:03:42:14 +0100] "GET /adminweb/export_orders_xml.php?token=256de2z6edz6ed2z6DFSFsed2zed6zeDSFDSGdzedezfzf&maxorders=10&orderstart=1&status=6&start_date=2018-10-01 HTTP/1.0" 200 30026 "-" "GesCom CharlotteBoutik Serveur"
207.46.13.13 - - [26/Dec/2020:03:43:00 +0100] "GET /barbalib-little-box-p-15031.html HTTP/1.0" 200 69278 "-" "Mozilla/5.0 (compatible; bingbot/2.0; +http://www.bing.com/bingbot.htm)"
13.66.139.67 - - [26/Dec/2020:03:43:23 +0100] "GET /lighting-c-13_86.html?page=10 HTTP/1.0" 200 93369 "-" "Mozilla/5.0 (compatible; bingbot/2.0; +http://www.bing.com/bingbot.htm)"
66.249.70.36 - - [26/Dec/2020:03:44:44 +0100] "GET /images/mini_prod/8422022523015.jpg HTTP/1.0" 200 269 "-" "Googlebot-Image/1.0"
114.119.154.200 - - [26/Dec/2020:03:44:44 +0100] "GET /images/mini_prod/3700516215468.jpg HTTP/1.0" 200 269 "-" "Mozilla/5.0 (Linux; Android 7.0;) AppleWebKit/537.36 (KHTML, like Gecko) Mobile Safari/537.36 (compatible; PetalBot;+https://aspiegel.com/petalbot)"
66.249.70.33 - - [26/Dec/2020:03:46:21 +0100] "GET /minotor-white-women-tee-shirt-p-33782.html HTTP/1.0" 200 74179 "-" "Mozilla/5.0 (Linux; Android 6.0.1; Nexus 5X Build/MMB29P) AppleWebKit/537.36 (KHTML, like Gecko) Chrome/87.0.4280.90 Mobile Safari/537.36 (compatible; Googlebot/2.1; +http://www.google.com/bot.html)"
207.46.13.13 - - [26/Dec/2020:03:46:44 +0100] "GET /microfibre-bed-base-cover-140-190-cm-white-p-47366.html HTTP/1.0" 200 72032 "-" "Mozilla/5.0 (compatible; bingbot/2.0; +http://www.bing.com/bingbot.htm)"
13.66.139.67 - - [26/Dec/2020:03:47:06 +0100] "GET /-p-24703.html HTTP/1.0" 200 69192 "-" "Mozilla/5.0 (compatible; bingbot/2.0; +http://www.bing.com/bingbot.htm)"
54.36.148.100 - - [26/Dec/2020:03:47:48 +0100] "GET /luggages-schoolbags-leather-shop-c-31.html?page=69 HTTP/1.0" 200 92716 "-" "Mozilla/5.0 (compatible; AhrefsBot/7.0; +http://ahrefs.com/robot/)"
114.119.130.202 - - [26/Dec/2020:03:49:06 +0100] "GET /images/mini_prod/3700407623822.jpg HTTP/1.0" 200 269 "-" "Mozilla/5.0 (Linux; Android 7.0;) AppleWebKit/537.36 (KHTML, like Gecko) Mobile Safari/537.36 (compatible; PetalBot;+https://aspiegel.com/petalbot)"
13.66.139.67 - - [26/Dec/2020:03:49:16 +0100] "GET /-p-24259.html HTTP/1.0" 200 69192 "-" "Mozilla/5.0 (compatible; bingbot/2.0; +http://www.bing.com/bingbot.htm)"
66.249.70.62 - - [26/Dec/2020:03:51:42 +0100] "GET /mr-happy-round-pencil-case-p-21783.html HTTP/1.0" 200 71968 "-" "Mozilla/5.0 (compatible; Googlebot/2.1; +http://www.google.com/bot.html)"
40.77.167.36 - - [26/Dec/2020:03:52:21 +0100] "GET /smiski-figure-series-note-there-is-single-figure-p-48332.html HTTP/1.0" 200 73050 "-" "Mozilla/5.0 (compatible; bingbot/2.0; +http://www.bing.com/bingbot.htm)"
13.66.139.67 - - [26/Dec/2020:03:52:32 +0100] "GET /-p-31473.html HTTP/1.0" 200 69192 "-" "Mozilla/5.0 (compatible; bingbot/2.0; +http://www.bing.com/bingbot.htm)"
13.66.139.41 - - [26/Dec/2020:03:52:42 +0100] "GET /difference-accessoriess-c-12_59.html HTTP/1.0" 200 83078 "-" "Mozilla/5.0 (compatible; bingbot/2.0; +http://www.bing.com/bingbot.htm)"
114.119.158.196 - - [26/Dec/2020:03:53:22 +0100] "GET /images/045544149006.jpg HTTP/1.0" 200 258 "-" "Mozilla/5.0 (Linux; Android 7.0;) AppleWebKit/537.36 (KHTML, like Gecko) Mobile Safari/537.36 (compatible; PetalBot;+https://aspiegel.com/petalbot)"
13.66.139.41 - - [26/Dec/2020:03:53:32 +0100] "GET /volkswagen-metal-plate-p-12552.html HTTP/1.0" 200 71812 "-" "Mozilla/5.0 (compatible; bingbot/2.0; +http://www.bing.com/bingbot.htm)"
66.249.70.33 - - [26/Dec/2020:03:54:45 +0100] "GET /images/med_prod/3661977003172.jpg HTTP/1.0" 200 268 "-" "Googlebot-Image/1.0"
207.46.13.158 - - [26/Dec/2020:03:54:57 +0100] "GET /-p-14450.html HTTP/1.0" 200 69192 "-" "Mozilla/5.0 (compatible; bingbot/2.0; +http://www.bing.com/bingbot.htm)"
54.36.149.55 - - [26/Dec/2020:03:55:49 +0100] "GET /home-and-decoration-c-13.html?page=26 HTTP/1.0" 200 91972 "-" "Mozilla/5.0 (compatible; AhrefsBot/7.0; +http://ahrefs.com/robot/)"
106.38.241.190 - - [26/Dec/2020:03:55:52 +0100] "GET / HTTP/1.0" 200 150191 "-" "Sogou web spider/4.0(+http://www.sogou.com/docs/help/webmasters.htm#07)"
114.119.144.233 - - [26/Dec/2020:03:57:44 +0100] "GET /images/big_prod/1384010201312.jpg HTTP/1.0" 200 268 "-" "Mozilla/5.0 (Linux; Android 7.0;) AppleWebKit/537.36 (KHTML, like Gecko) Mobile Safari/537.36 (compatible; PetalBot;+https://aspiegel.com/petalbot)"
51.68.224.127 - - [26/Dec/2020:03:58:28 +0100] "GET /adminweb/export_orders_xml.php?token=256de2z6edz6ed2z6DFSFsed2zed6zeDSFDSGdzedezfzf&maxorders=10&orderstart=1&status=14&start_date=2018-10-01 HTTP/1.0" 200 285 "-" "GesCom CharlotteBoutik Serveur"
51.68.224.127 - - [26/Dec/2020:03:58:28 +0100] "GET /adminweb/export_orders_xml.php?token=256de2z6edz6ed2z6DFSFsed2zed6zeDSFDSGdzedezfzf&maxorders=10&orderstart=1&status=6&start_date=2018-10-01 HTTP/1.0" 200 30026 "-" "GesCom CharlotteBoutik Serveur"
5.255.231.71 - - [26/Dec/2020:03:59:25 +0100] "GET /robots.txt HTTP/1.0" 200 245 "-" "Mozilla/5.0 (compatible; YandexBot/3.0; +http://yandex.com/bots)"
5.255.231.71 - - [26/Dec/2020:03:59:29 +0100] "GET /star-wars-lava-lamp-p-37619.html HTTP/1.0" 301 69259 "-" "Mozilla/5.0 (compatible; YandexBot/3.0; +http://yandex.com/bots)"
213.180.203.24 - - [26/Dec/2020:03:59:33 +0100] "GET /images/big_prod/3700653512291.jpg HTTP/1.0" 200 268 "-" "Mozilla/5.0 (compatible; YandexImages/3.0; +http://yandex.com/bots)"
213.180.203.24 - - [26/Dec/2020:03:59:36 +0100] "GET /-p-37619.html HTTP/1.0" 200 69192 "-" "Mozilla/5.0 (compatible; YandexBot/3.0; +http://yandex.com/bots)"
13.66.139.41 - - [26/Dec/2020:04:00:13 +0100] "GET /-p-33450.html HTTP/1.0" 200 69192 "-" "Mozilla/5.0 (compatible; bingbot/2.0; +http://www.bing.com/bingbot.htm)"
13.66.139.136 - - [26/Dec/2020:04:00:49 +0100] "GET /-p-13883.html HTTP/1.0" 200 69192 "-" "Mozilla/5.0 (compatible; bingbot/2.0; +http://www.bing.com/bingbot.htm)"
207.46.13.49 - - [26/Dec/2020:04:00:58 +0100] "GET /cement-tile-stickers-15-15-cm-p-50331.html HTTP/1.0" 200 72781 "-" "Mozilla/5.0 (compatible; bingbot/2.0; +http://www.bing.com/bingbot.htm)"
114.119.147.45 - - [26/Dec/2020:04:02:04 +0100] "GET /images/mini_prod/3560600315098.jpg HTTP/1.0" 200 269 "-" "Mozilla/5.0 (Linux; Android 7.0;) AppleWebKit/537.36 (KHTML, like Gecko) Mobile Safari/537.36 (compatible; PetalBot;+https://aspiegel.com/petalbot)"
13.66.139.67 - - [26/Dec/2020:04:03:31 +0100] "GET /decorative-candle-elephant-gold-p-37728.html HTTP/1.0" 301 69259 "-" "Mozilla/5.0 (compatible; bingbot/2.0; +http://www.bing.com/bingbot.htm)"
54.36.148.245 - - [26/Dec/2020:04:03:58 +0100] "GET /eggcups-made-in-germany-tassen-p-43320.html HTTP/1.0" 200 72003 "-" "Mozilla/5.0 (compatible; AhrefsBot/7.0; +http://ahrefs.com/robot/)"
66.249.70.36 - - [26/Dec/2020:04:04:44 +0100] "GET /images/big_prod/3609810048362.jpg HTTP/1.0" 200 268 "-" "Googlebot-Image/1.0"
13.66.139.136 - - [26/Dec/2020:04:04:52 +0100] "GET /-p-28139.html HTTP/1.0" 200 69192 "-" "Mozilla/5.0 (compatible; bingbot/2.0; +http://www.bing.com/bingbot.htm)"
13.66.139.136 - - [26/Dec/2020:04:05:23 +0100] "GET /-p-16156.html HTTP/1.0" 200 69192 "-" "Mozilla/5.0 (compatible; bingbot/2.0; +http://www.bing.com/bingbot.htm)"
114.119.154.200 - - [26/Dec/2020:04:06:28 +0100] "GET /images/big_prod_1/8424346354276a.jpg HTTP/1.0" 200 271 "-" "Mozilla/5.0 (Linux; Android 7.0;) AppleWebKit/537.36 (KHTML, like Gecko) Mobile Safari/537.36 (compatible; PetalBot;+https://aspiegel.com/petalbot)"
13.66.139.136 - - [26/Dec/2020:04:09:36 +0100] "GET /-p-18324.html HTTP/1.0" 200 69192 "-" "Mozilla/5.0 (compatible; bingbot/2.0; +http://www.bing.com/bingbot.htm)"
13.66.139.136 - - [26/Dec/2020:04:10:17 +0100] "GET /rectangular-wooden-tray-avocado-large-p-47697.html HTTP/1.0" 200 72054 "-" "Mozilla/5.0 (compatible; bingbot/2.0; +http://www.bing.com/bingbot.htm)"
114.119.130.202 - - [26/Dec/2020:04:10:47 +0100] "GET /images/mini_prod/1399984235263.jpg HTTP/1.0" 200 269 "-" "Mozilla/5.0 (Linux; Android 7.0;) AppleWebKit/537.36 (KHTML, like Gecko) Mobile Safari/537.36 (compatible; PetalBot;+https://aspiegel.com/petalbot)"
13.66.139.41 - - [26/Dec/2020:04:11:05 +0100] "GET /bowls-c-12_60.html?page=4 HTTP/1.0" 200 90946 "-" "Mozilla/5.0 (compatible; bingbot/2.0; +http://www.bing.com/bingbot.htm)"
54.36.149.83 - - [26/Dec/2020:04:11:41 +0100] "GET /king-chess-piece-silver-p-53096.html HTTP/1.0" 200 71882 "-" "Mozilla/5.0 (compatible; AhrefsBot/7.0; +http://ahrefs.com/robot/)"
207.46.13.158 - - [26/Dec/2020:04:13:09 +0100] "GET /doc-mcstuffins-poster-p-30882.html HTTP/1.0" 200 71847 "-" "Mozilla/5.0 (compatible; bingbot/2.0; +http://www.bing.com/bingbot.htm)"
13.66.139.41 - - [26/Dec/2020:04:13:34 +0100] "GET /-p-33691.html HTTP/1.0" 200 69192 "-" "Mozilla/5.0 (compatible; bingbot/2.0; +http://www.bing.com/bingbot.htm)"
157.55.39.94 - - [26/Dec/2020:04:14:00 +0100] "GET /kids-school-bag-c-31_80.html HTTP/1.0" 200 89759 "-" "Mozilla/5.0 (compatible; bingbot/2.0; +http://www.bing.com/bingbot.htm)"
13.66.139.41 - - [26/Dec/2020:04:14:04 +0100] "GET /-p-33410.html HTTP/1.0" 200 69192 "-" "Mozilla/5.0 (compatible; bingbot/2.0; +http://www.bing.com/bingbot.htm)"
51.68.224.127 - - [26/Dec/2020:04:14:22 +0100] "GET /adminweb/export_orders_xml.php?token=256de2z6edz6ed2z6DFSFsed2zed6zeDSFDSGdzedezfzf&maxorders=10&orderstart=1&status=14&start_date=2018-10-01 HTTP/1.0" 200 285 "-" "GesCom CharlotteBoutik Serveur"
51.68.224.127 - - [26/Dec/2020:04:14:22 +0100] "GET /adminweb/export_orders_xml.php?token=256de2z6edz6ed2z6DFSFsed2zed6zeDSFDSGdzedezfzf&maxorders=10&orderstart=1&status=6&start_date=2018-10-01 HTTP/1.0" 200 30026 "-" "GesCom CharlotteBoutik Serveur"
207.46.13.49 - - [26/Dec/2020:04:14:40 +0100] "GET /-p-16148.html HTTP/1.0" 200 69192 "-" "Mozilla/5.0 (compatible; bingbot/2.0; +http://www.bing.com/bingbot.htm)"
66.249.70.36 - - [26/Dec/2020:04:14:54 +0100] "GET /images/mini_prod/3442440261134.jpg HTTP/1.0" 200 269 "-" "Googlebot-Image/1.0"
54.36.148.71 - - [26/Dec/2020:04:14:57 +0100] "GET /wall-pack-of-briefs-p-32953.html HTTP/1.0" 301 69259 "-" "Mozilla/5.0 (compatible; AhrefsBot/7.0; +http://ahrefs.com/robot/)"
114.119.151.113 - - [26/Dec/2020:04:15:08 +0100] "GET /images/big_prod_1/8422810092648a.jpg HTTP/1.0" 200 271 "-" "Mozilla/5.0 (Linux; Android 7.0;) AppleWebKit/537.36 (KHTML, like Gecko) Mobile Safari/537.36 (compatible; PetalBot;+https://aspiegel.com/petalbot)"
77.75.76.167 - - [26/Dec/2020:04:15:57 +0100] "GET /robots.txt HTTP/1.0" 200 245 "-" "Mozilla/5.0 (compatible; SeznamBot/3.2; +http://napoveda.seznam.cz/en/seznambot-intro/)"
77.75.76.167 - - [26/Dec/2020:04:15:57 +0100] "GET /images/mini_prod/3453131155144.jpg HTTP/1.0" 200 269 "-" "Mozilla/5.0 (compatible; SeznamBot/3.2; +http://napoveda.seznam.cz/en/seznambot-intro/)"
157.55.39.39 - - [26/Dec/2020:04:16:00 +0100] "GET /robots.txt HTTP/1.0" 200 245 "-" "Mozilla/5.0 (compatible; bingbot/2.0; +http://www.bing.com/bingbot.htm)"
207.46.13.225 - - [26/Dec/2020:04:16:07 +0100] "GET /-m-7.html?page=12 HTTP/1.0" 200 78829 "-" "Mozilla/5.0 (compatible; bingbot/2.0; +http://www.bing.com/bingbot.htm)"
13.66.139.41 - - [26/Dec/2020:04:16:35 +0100] "GET /-m-25.html HTTP/1.0" 200 80465 "-" "Mozilla/5.0 (compatible; bingbot/2.0; +http://www.bing.com/bingbot.htm)"
13.66.139.41 - - [26/Dec/2020:04:17:25 +0100] "GET /-p-9973.html HTTP/1.0" 200 69190 "-" "Mozilla/5.0 (compatible; bingbot/2.0; +http://www.bing.com/bingbot.htm)"
13.66.139.41 - - [26/Dec/2020:04:18:27 +0100] "GET /towel-bath-towels-c-13_11_70.html HTTP/1.0" 200 91419 "-" "Mozilla/5.0 (compatible; bingbot/2.0; +http://www.bing.com/bingbot.htm)"
157.55.39.186 - - [26/Dec/2020:04:18:48 +0100] "GET /swfobject.js HTTP/1.0" 404 1308 "-" "Mozilla/5.0 (compatible; bingbot/2.0; +http://www.bing.com/bingbot.htm)"
54.36.148.87 - - [26/Dec/2020:04:19:24 +0100] "GET /tea-pot-c-12_175.html HTTP/1.0" 200 88866 "-" "Mozilla/5.0 (compatible; AhrefsBot/7.0; +http://ahrefs.com/robot/)"
114.119.130.202 - - [26/Dec/2020:04:19:32 +0100] "GET /images/mini_prod/3599520105076.jpg HTTP/1.0" 200 269 "-" "Mozilla/5.0 (Linux; Android 7.0;) AppleWebKit/537.36 (KHTML, like Gecko) Mobile Safari/537.36 (compatible; PetalBot;+https://aspiegel.com/petalbot)"
13.66.139.41 - - [26/Dec/2020:04:21:45 +0100] "GET /soft-toys-security-blanket-c-4_46.html?page=7 HTTP/1.0" 200 92069 "-" "Mozilla/5.0 (compatible; bingbot/2.0; +http://www.bing.com/bingbot.htm)"
13.66.139.136 - - [26/Dec/2020:04:23:26 +0100] "GET /-p-12120.html HTTP/1.0" 200 69192 "-" "Mozilla/5.0 (compatible; bingbot/2.0; +http://www.bing.com/bingbot.htm)"
114.119.130.202 - - [26/Dec/2020:04:23:47 +0100] "GET /images/mini_prod/1300000010382.jpg HTTP/1.0" 200 269 "-" "Mozilla/5.0 (Linux; Android 7.0;) AppleWebKit/537.36 (KHTML, like Gecko) Mobile Safari/537.36 (compatible; PetalBot;+https://aspiegel.com/petalbot)"
66.249.70.36 - - [26/Dec/2020:04:24:44 +0100] "GET /images/big_prod/3453131147910D.jpg HTTP/1.0" 200 269 "-" "Googlebot-Image/1.0"
54.36.149.24 - - [26/Dec/2020:04:26:34 +0100] "GET /hand-of-fatma-acrylic-magnet-p-52884.html HTTP/1.0" 200 71873 "-" "Mozilla/5.0 (compatible; AhrefsBot/7.0; +http://ahrefs.com/robot/)"
157.55.39.214 - - [26/Dec/2020:04:27:46 +0100] "GET /-p-17776.html HTTP/1.0" 200 69192 "-" "Mozilla/5.0 (compatible; bingbot/2.0; +http://www.bing.com/bingbot.htm)"
114.119.158.196 - - [26/Dec/2020:04:28:09 +0100] "GET /images/mini_prod/3609810064331.jpg HTTP/1.0" 200 269 "-" "Mozilla/5.0 (Linux; Android 7.0;) AppleWebKit/537.36 (KHTML, like Gecko) Mobile Safari/537.36 (compatible; PetalBot;+https://aspiegel.com/petalbot)"
13.66.139.136 - - [26/Dec/2020:04:28:29 +0100] "GET /-p-15669.html HTTP/1.0" 200 69192 "-" "Mozilla/5.0 (compatible; bingbot/2.0; +http://www.bing.com/bingbot.htm)"
157.55.39.94 - - [26/Dec/2020:04:29:14 +0100] "GET /black-box-form-of-old-letter-box-p-45492.html HTTP/1.0" 200 72157 "-" "Mozilla/5.0 (compatible; bingbot/2.0; +http://www.bing.com/bingbot.htm)"
13.66.139.41 - - [26/Dec/2020:04:30:06 +0100] "GET /-p-18691.html HTTP/1.0" 200 69192 "-" "Mozilla/5.0 (compatible; bingbot/2.0; +http://www.bing.com/bingbot.htm)"
17.58.101.145 - - [26/Dec/2020:04:30:41 +0100] "GET /resin-boxes-and-storage-c-13_150_84.html HTTP/1.0" 200 80586 "-" "Mozilla/5.0 (Macintosh; Intel Mac OS X 10_15_5) AppleWebKit/605.1.15 (KHTML, like Gecko) Version/13.1.1 Safari/605.1.15 (Applebot/0.1; +http://www.apple.com/go/applebot)"
51.68.224.127 - - [26/Dec/2020:04:30:43 +0100] "GET /adminweb/export_orders_xml.php?token=256de2z6edz6ed2z6DFSFsed2zed6zeDSFDSGdzedezfzf&maxorders=10&orderstart=1&status=14&start_date=2018-10-01 HTTP/1.0" 200 285 "-" "GesCom CharlotteBoutik Serveur"
51.68.224.127 - - [26/Dec/2020:04:30:43 +0100] "GET /adminweb/export_orders_xml.php?token=256de2z6edz6ed2z6DFSFsed2zed6zeDSFDSGdzedezfzf&maxorders=10&orderstart=1&status=6&start_date=2018-10-01 HTTP/1.0" 200 30026 "-" "GesCom CharlotteBoutik Serveur"
66.249.82.166 - - [26/Dec/2020:04:31:54 +0100] "GET /images/big_prod_1/1318600329995a.jpg HTTP/1.0" 200 271 "-" "Mozilla/5.0 (Windows NT 5.1; rv:11.0) Gecko Firefox/11.0 (via ggpht.com GoogleImageProxy)"
13.66.139.136 - - [26/Dec/2020:04:32:12 +0100] "GET /-p-17482.html HTTP/1.0" 200 69192 "-" "Mozilla/5.0 (compatible; bingbot/2.0; +http://www.bing.com/bingbot.htm)"
114.119.144.233 - - [26/Dec/2020:04:32:31 +0100] "GET /images/3700653591197.jpg HTTP/1.0" 200 259 "-" "Mozilla/5.0 (Linux; Android 7.0;) AppleWebKit/537.36 (KHTML, like Gecko) Mobile Safari/537.36 (compatible; PetalBot;+https://aspiegel.com/petalbot)"
207.46.13.49 - - [26/Dec/2020:04:32:33 +0100] "GET /betty-boop-towel-p-3189.html HTTP/1.0" 200 73533 "-" "Mozilla/5.0 (compatible; bingbot/2.0; +http://www.bing.com/bingbot.htm)"
54.36.148.87 - - [26/Dec/2020:04:33:49 +0100] "GET /salt-and-pepper-shaker-sets-c-12_160.html?page=1 HTTP/1.0" 200 89735 "-" "Mozilla/5.0 (compatible; AhrefsBot/7.0; +http://ahrefs.com/robot/)"
13.66.139.136 - - [26/Dec/2020:04:34:02 +0100] "GET /-p-22546.html HTTP/1.0" 200 69192 "-" "Mozilla/5.0 (compatible; bingbot/2.0; +http://www.bing.com/bingbot.htm)"
13.66.139.41 - - [26/Dec/2020:04:34:07 +0100] "GET /-p-15633.html HTTP/1.0" 200 69192 "-" "Mozilla/5.0 (compatible; bingbot/2.0; +http://www.bing.com/bingbot.htm)"
157.55.39.186 - - [26/Dec/2020:04:36:30 +0100] "GET /frames-flags-and-decorative-paintings-c-13_148.html?page=8 HTTP/1.0" 200 95242 "-" "Mozilla/5.0 (compatible; bingbot/2.0; +http://www.bing.com/bingbot.htm)"
114.119.154.200 - - [26/Dec/2020:04:36:53 +0100] "GET /images/big_prod/8718657466101.jpg HTTP/1.0" 200 268 "-" "Mozilla/5.0 (Linux; Android 7.0;) AppleWebKit/537.36 (KHTML, like Gecko) Mobile Safari/537.36 (compatible; PetalBot;+https://aspiegel.com/petalbot)"
66.249.70.36 - - [26/Dec/2020:04:37:38 +0100] "GET /macaroons-mouse-pad-cbkreation-p-13989.html HTTP/1.0" 200 71836 "-" "Mozilla/5.0 (Linux; Android 6.0.1; Nexus 5X Build/MMB29P) AppleWebKit/537.36 (KHTML, like Gecko) Chrome/87.0.4280.90 Mobile Safari/537.36 (compatible; Googlebot/2.1; +http://www.google.com/bot.html)"
157.55.39.186 - - [26/Dec/2020:04:38:20 +0100] "GET /swfobject.js HTTP/1.0" 404 1308 "-" "Mozilla/5.0 (compatible; bingbot/2.0; +http://www.bing.com/bingbot.htm)"
157.55.39.94 - - [26/Dec/2020:04:38:37 +0100] "GET /corsica-poster-50-70-cm-p-42453.html HTTP/1.0" 200 71888 "-" "Mozilla/5.0 (compatible; bingbot/2.0; +http://www.bing.com/bingbot.htm)"
13.66.139.67 - - [26/Dec/2020:04:39:48 +0100] "GET /-p-25185.html HTTP/1.0" 200 69192 "-" "Mozilla/5.0 (compatible; bingbot/2.0; +http://www.bing.com/bingbot.htm)"
114.119.129.36 - - [26/Dec/2020:04:41:12 +0100] "GET /images/big_prod_1/5018997410936.jpg HTTP/1.0" 200 270 "-" "Mozilla/5.0 (Linux; Android 7.0;) AppleWebKit/537.36 (KHTML, like Gecko) Mobile Safari/537.36 (compatible; PetalBot;+https://aspiegel.com/petalbot)"
54.36.148.118 - - [26/Dec/2020:04:41:16 +0100] "GET /home-fragrance-heart-and-home-white-musk-cedarwood-p-52818.html HTTP/1.0" 200 73310 "-" "Mozilla/5.0 (compatible; AhrefsBot/7.0; +http://ahrefs.com/robot/)"
13.66.139.136 - - [26/Dec/2020:04:41:58 +0100] "GET /-p-18324.html HTTP/1.0" 200 69192 "-" "Mozilla/5.0 (compatible; bingbot/2.0; +http://www.bing.com/bingbot.htm)"
186.211.106.227 - - [26/Dec/2020:04:42:11 +0100] "GET /contact_us.php HTTP/1.0" 200 26241 "http://www.wonder-geek.com/contact_us.php" "Mozilla/5.0 (Windows NT 10.0; Win64; x64) AppleWebKit/537.36 (KHTML, like Gecko) Chrome/83.0.4103.34 Safari/537.36 Edg/83.0.478.25"
17.58.101.145 - - [26/Dec/2020:04:42:35 +0100] "GET /kitchen-mat-120-45-cm-p-51615.html HTTP/1.0" 200 71938 "-" "Mozilla/5.0 (Macintosh; Intel Mac OS X 10_15_5) AppleWebKit/605.1.15 (KHTML, like Gecko) Version/13.1.1 Safari/605.1.15 (Applebot/0.1; +http://www.apple.com/go/applebot)"
40.77.167.36 - - [26/Dec/2020:04:43:28 +0100] "GET /bronze-and-gold-terracotta-flower-pot-p-51994.html HTTP/1.0" 200 71997 "-" "Mozilla/5.0 (compatible; bingbot/2.0; +http://www.bing.com/bingbot.htm)"
37.113.130.109 - - [26/Dec/2020:04:43:43 +0100] "GET /contact_us.php HTTP/1.0" 200 26241 "http://www.wonder-geek.com/contact_us.php" "Mozilla/5.0 (Windows NT 10.0; Win64; x64) AppleWebKit/537.36 (KHTML, like Gecko) Chrome/83.0.4103.34 Safari/537.36"
37.113.130.109 - - [26/Dec/2020:04:43:44 +0100] "POST /contact_us.php?action=send HTTP/1.0" 200 26482 "http://www.wonder-geek.com/contact_us.php" "Mozilla/5.0 (Windows NT 10.0; Win64; x64) AppleWebKit/537.36 (KHTML, like Gecko) Chrome/83.0.4103.34 Safari/537.36"
13.66.139.136 - - [26/Dec/2020:04:43:49 +0100] "GET /-p-15785.html HTTP/1.0" 200 69192 "-" "Mozilla/5.0 (compatible; bingbot/2.0; +http://www.bing.com/bingbot.htm)"
66.249.70.36 - - [26/Dec/2020:04:44:21 +0100] "GET /images/med_prod/3457010954057.jpg HTTP/1.0" 200 268 "-" "Googlebot-Image/1.0"
66.249.70.62 - - [26/Dec/2020:04:44:44 +0100] "GET /images/big_prod/8422048011152.jpg HTTP/1.0" 200 268 "-" "Googlebot-Image/1.0"
13.66.139.41 - - [26/Dec/2020:04:44:48 +0100] "GET /pillowcases-bolstercases-c-11_166.html HTTP/1.0" 200 89573 "-" "Mozilla/5.0 (compatible; bingbot/2.0; +http://www.bing.com/bingbot.htm)"
66.249.70.62 - - [26/Dec/2020:04:45:21 +0100] "GET /pot-wine-bar-with-cookware-p-45711.html HTTP/1.0" 200 71932 "-" "Mozilla/5.0 (Linux; Android 6.0.1; Nexus 5X Build/MMB29P) AppleWebKit/537.36 (KHTML, like Gecko) Chrome/87.0.4280.90 Mobile Safari/537.36 (compatible; Googlebot/2.1; +http://www.google.com/bot.html)"
114.119.150.15 - - [26/Dec/2020:04:45:34 +0100] "GET /images/mini_prod/1300000022705.jpg HTTP/1.0" 200 269 "-" "Mozilla/5.0 (Linux; Android 7.0;) AppleWebKit/537.36 (KHTML, like Gecko) Mobile Safari/537.36 (compatible; PetalBot;+https://aspiegel.com/petalbot)"
186.211.106.227 - - [26/Dec/2020:04:46:15 +0100] "POST /contact_us.php?action=send HTTP/1.0" 200 26473 "http://www.wonder-geek.com/contact_us.php" "Mozilla/5.0 (Windows NT 10.0; Win64; x64) AppleWebKit/537.36 (KHTML, like Gecko) Chrome/83.0.4103.34 Safari/537.36 Edg/83.0.478.25"
51.68.224.127 - - [26/Dec/2020:04:47:07 +0100] "GET /adminweb/export_orders_xml.php?token=256de2z6edz6ed2z6DFSFsed2zed6zeDSFDSGdzedezfzf&maxorders=10&orderstart=1&status=14&start_date=2018-10-01 HTTP/1.0" 200 285 "-" "GesCom CharlotteBoutik Serveur"
51.68.224.127 - - [26/Dec/2020:04:47:07 +0100] "GET /adminweb/export_orders_xml.php?token=256de2z6edz6ed2z6DFSFsed2zed6zeDSFDSGdzedezfzf&maxorders=10&orderstart=1&status=6&start_date=2018-10-01 HTTP/1.0" 200 30026 "-" "GesCom CharlotteBoutik Serveur"
207.46.13.158 - - [26/Dec/2020:04:48:03 +0100] "GET /princess-sofia-storage-cupboard-p-28200.html HTTP/1.0" 200 71924 "-" "Mozilla/5.0 (compatible; bingbot/2.0; +http://www.bing.com/bingbot.htm)"
157.55.39.39 - - [26/Dec/2020:04:48:49 +0100] "GET /robots.txt HTTP/1.0" 200 245 "-" "Mozilla/5.0 (compatible; bingbot/2.0; +http://www.bing.com/bingbot.htm)"
157.55.39.186 - - [26/Dec/2020:04:49:12 +0100] "GET /swfobject.js HTTP/1.0" 404 1308 "-" "Mozilla/5.0 (compatible; bingbot/2.0; +http://www.bing.com/bingbot.htm)"
54.36.149.31 - - [26/Dec/2020:04:49:10 +0100] "GET /home-and-decoration-c-13.html?page=23 HTTP/1.0" 200 92177 "-" "Mozilla/5.0 (compatible; AhrefsBot/7.0; +http://ahrefs.com/robot/)"
114.119.158.196 - - [26/Dec/2020:04:49:55 +0100] "GET /images/big_prod/rayebeige.jpg HTTP/1.0" 200 264 "-" "Mozilla/5.0 (Linux; Android 7.0;) AppleWebKit/537.36 (KHTML, like Gecko) Mobile Safari/537.36 (compatible; PetalBot;+https://aspiegel.com/petalbot)"
157.55.39.186 - - [26/Dec/2020:04:51:22 +0100] "GET /black-zippo-fire-starter-p-51933.html HTTP/1.0" 200 72713 "-" "Mozilla/5.0 (compatible; bingbot/2.0; +http://www.bing.com/bingbot.htm)"
13.66.139.41 - - [26/Dec/2020:04:52:08 +0100] "GET /-p-12310.html HTTP/1.0" 200 69192 "-" "Mozilla/5.0 (compatible; bingbot/2.0; +http://www.bing.com/bingbot.htm)"
13.66.139.41 - - [26/Dec/2020:04:52:10 +0100] "GET /-p-14733.html HTTP/1.0" 200 69192 "-" "Mozilla/5.0 (compatible; bingbot/2.0; +http://www.bing.com/bingbot.htm)"
114.119.130.202 - - [26/Dec/2020:04:54:10 +0100] "GET /images/big_prod/3453131152983.jpg HTTP/1.0" 200 268 "-" "Mozilla/5.0 (Linux; Android 7.0;) AppleWebKit/537.36 (KHTML, like Gecko) Mobile Safari/537.36 (compatible; PetalBot;+https://aspiegel.com/petalbot)"
13.66.139.136 - - [26/Dec/2020:04:56:17 +0100] "GET /-p-19145.html HTTP/1.0" 200 69192 "-" "Mozilla/5.0 (compatible; bingbot/2.0; +http://www.bing.com/bingbot.htm)"
157.55.39.214 - - [26/Dec/2020:04:56:28 +0100] "GET /mug-with-spoon-klimt-the-kiss-p-51375.html HTTP/1.0" 200 71858 "-" "Mozilla/5.0 (compatible; bingbot/2.0; +http://www.bing.com/bingbot.htm)"
54.36.148.87 - - [26/Dec/2020:04:56:59 +0100] "GET /fff-kids-school-bag-p-52080.html HTTP/1.0" 200 72677 "-" "Mozilla/5.0 (compatible; AhrefsBot/7.0; +http://ahrefs.com/robot/)"
114.119.144.233 - - [26/Dec/2020:04:58:34 +0100] "GET /images/mini_prod/3453131142298.jpg HTTP/1.0" 200 269 "-" "Mozilla/5.0 (Linux; Android 7.0;) AppleWebKit/537.36 (KHTML, like Gecko) Mobile Safari/537.36 (compatible; PetalBot;+https://aspiegel.com/petalbot)"
106.38.241.190 - - [26/Dec/2020:05:00:02 +0100] "GET / HTTP/1.0" 200 150117 "-" "Sogou web spider/4.0(+http://www.sogou.com/docs/help/webmasters.htm#07)"
13.66.139.41 - - [26/Dec/2020:05:00:39 +0100] "GET /cocacola-m-190.html HTTP/1.0" 200 88885 "-" "Mozilla/5.0 (compatible; bingbot/2.0; +http://www.bing.com/bingbot.htm)"
13.66.139.129 - - [26/Dec/2020:05:02:33 +0100] "GET /-p-21270.html HTTP/1.0" 200 69192 "-" "Mozilla/5.0 (compatible; bingbot/2.0; +http://www.bing.com/bingbot.htm)"
114.119.151.113 - - [26/Dec/2020:05:02:53 +0100] "GET /images/mini_prod/3609810070790.jpg HTTP/1.0" 200 269 "-" "Mozilla/5.0 (Linux; Android 7.0;) AppleWebKit/537.36 (KHTML, like Gecko) Mobile Safari/537.36 (compatible; PetalBot;+https://aspiegel.com/petalbot)"
207.46.13.158 - - [26/Dec/2020:05:02:53 +0100] "GET /games-and-toys/soft-toys-security-blanket/classic-plush-wild-wild-best-kingston-the-lion-p-11130.html HTTP/1.0" 301 69259 "-" "Mozilla/5.0 (compatible; bingbot/2.0; +http://www.bing.com/bingbot.htm)"
51.68.224.127 - - [26/Dec/2020:05:03:01 +0100] "GET /adminweb/export_orders_xml.php?token=256de2z6edz6ed2z6DFSFsed2zed6zeDSFDSGdzedezfzf&maxorders=10&orderstart=1&status=14&start_date=2018-10-01 HTTP/1.0" 200 285 "-" "GesCom CharlotteBoutik Serveur"
51.68.224.127 - - [26/Dec/2020:05:03:02 +0100] "GET /adminweb/export_orders_xml.php?token=256de2z6edz6ed2z6DFSFsed2zed6zeDSFDSGdzedezfzf&maxorders=10&orderstart=1&status=6&start_date=2018-10-01 HTTP/1.0" 200 30026 "-" "GesCom CharlotteBoutik Serveur"
13.66.139.136 - - [26/Dec/2020:05:03:31 +0100] "GET /-p-22835.html HTTP/1.0" 200 69192 "-" "Mozilla/5.0 (compatible; bingbot/2.0; +http://www.bing.com/bingbot.htm)"
13.66.139.136 - - [26/Dec/2020:05:04:23 +0100] "GET /disney-m-20.html HTTP/1.0" 200 88604 "-" "Mozilla/5.0 (compatible; bingbot/2.0; +http://www.bing.com/bingbot.htm)"
66.249.70.62 - - [26/Dec/2020:05:05:15 +0100] "GET /images/big_prod/3770014725110.jpg HTTP/1.0" 200 268 "-" "Googlebot-Image/1.0"
54.36.148.87 - - [26/Dec/2020:05:05:21 +0100] "GET /glass-jellyfish-paperweight-65-cm-p-52865.html HTTP/1.0" 200 71918 "-" "Mozilla/5.0 (compatible; AhrefsBot/7.0; +http://ahrefs.com/robot/)"
40.77.167.36 - - [26/Dec/2020:05:05:40 +0100] "GET /fiat-nuova-500-car-p-27585.html HTTP/1.0" 200 71800 "-" "Mozilla/5.0 (compatible; bingbot/2.0; +http://www.bing.com/bingbot.htm)"
13.66.139.41 - - [26/Dec/2020:05:06:00 +0100] "GET /-p-1306.html HTTP/1.0" 200 69190 "-" "Mozilla/5.0 (compatible; bingbot/2.0; +http://www.bing.com/bingbot.htm)"
207.46.13.158 - - [26/Dec/2020:05:06:13 +0100] "GET /burlap-round-table-set-moor-head-p-50935.html HTTP/1.0" 200 71902 "-" "Mozilla/5.0 (compatible; bingbot/2.0; +http://www.bing.com/bingbot.htm)"
185.191.171.33 - - [26/Dec/2020:05:06:18 +0100] "GET /robots.txt HTTP/1.0" 200 245 "-" "Mozilla/5.0 (compatible; SemrushBot/7~bl; +http://www.semrush.com/bot.html)"
185.191.171.44 - - [26/Dec/2020:05:06:18 +0100] "GET /small-box-for-baby-teeth-p-53344.html HTTP/1.0" 200 71968 "-" "Mozilla/5.0 (compatible; SemrushBot/7~bl; +http://www.semrush.com/bot.html)"
114.119.150.15 - - [26/Dec/2020:05:07:13 +0100] "GET /ganesh-mug-by-cbkreation-p-37845.html HTTP/1.0" 200 71884 "-" "Mozilla/5.0 (Linux; Android 7.0;) AppleWebKit/537.36 (KHTML, like Gecko) Mobile Safari/537.36 (compatible; PetalBot;+https://aspiegel.com/petalbot)"
207.46.13.158 - - [26/Dec/2020:05:07:15 +0100] "GET /cat-tea-ball-beige-p-38025.html HTTP/1.0" 200 71807 "-" "Mozilla/5.0 (compatible; bingbot/2.0; +http://www.bing.com/bingbot.htm)"
77.75.78.161 - - [26/Dec/2020:05:07:15 +0100] "GET /robots.txt HTTP/1.0" 200 245 "-" "Mozilla/5.0 (compatible; SeznamBot/3.2; +http://napoveda.seznam.cz/en/seznambot-intro/)"
77.75.78.161 - - [26/Dec/2020:05:07:16 +0100] "GET /images/mini_prod/8424346356645.jpg HTTP/1.0" 200 269 "-" "Mozilla/5.0 (compatible; SeznamBot/3.2; +http://napoveda.seznam.cz/en/seznambot-intro/)"
66.249.70.33 - - [26/Dec/2020:05:07:30 +0100] "GET /love-phone-cover-for-iphone-p-18971.html HTTP/1.0" 200 74628 "-" "Mozilla/5.0 (compatible; Googlebot/2.1; +http://www.google.com/bot.html)"
13.66.139.136 - - [26/Dec/2020:05:10:05 +0100] "GET /-p-22743.html HTTP/1.0" 200 69192 "-" "Mozilla/5.0 (compatible; bingbot/2.0; +http://www.bing.com/bingbot.htm)"
13.66.139.41 - - [26/Dec/2020:05:11:30 +0100] "GET /-p-28845.html HTTP/1.0" 200 69192 "-" "Mozilla/5.0 (compatible; bingbot/2.0; +http://www.bing.com/bingbot.htm)"
114.119.151.113 - - [26/Dec/2020:05:11:36 +0100] "GET /owl-cotton-adult-apron-p-41603.html HTTP/1.0" 200 71800 "-" "Mozilla/5.0 (Linux; Android 7.0;) AppleWebKit/537.36 (KHTML, like Gecko) Mobile Safari/537.36 (compatible; PetalBot;+https://aspiegel.com/petalbot)"
13.66.139.41 - - [26/Dec/2020:05:12:10 +0100] "GET /-p-15631.html HTTP/1.0" 200 69192 "-" "Mozilla/5.0 (compatible; bingbot/2.0; +http://www.bing.com/bingbot.htm)"
54.36.148.87 - - [26/Dec/2020:05:12:32 +0100] "GET /home-and-decoration-c-13.html?page=70 HTTP/1.0" 200 92156 "-" "Mozilla/5.0 (compatible; AhrefsBot/7.0; +http://ahrefs.com/robot/)"
13.66.139.136 - - [26/Dec/2020:05:13:27 +0100] "GET /-p-7324.html HTTP/1.0" 200 69190 "-" "Mozilla/5.0 (compatible; bingbot/2.0; +http://www.bing.com/bingbot.htm)"
207.46.13.51 - - [26/Dec/2020:05:13:34 +0100] "GET /horse-club-nici-clock-p-14906.html HTTP/1.0" 200 71796 "-" "Mozilla/5.0 (compatible; bingbot/2.0; +http://www.bing.com/bingbot.htm)"
157.55.39.214 - - [26/Dec/2020:05:13:39 +0100] "GET /mademoiselle-paris-handbag-p-21790.html HTTP/1.0" 200 72183 "-" "Mozilla/5.0 (compatible; bingbot/2.0; +http://www.bing.com/bingbot.htm)"
13.66.139.136 - - [26/Dec/2020:05:14:57 +0100] "GET /-p-22936.html HTTP/1.0" 200 69192 "-" "Mozilla/5.0 (compatible; bingbot/2.0; +http://www.bing.com/bingbot.htm)"
40.77.167.36 - - [26/Dec/2020:05:15:03 +0100] "GET /transformers-prime-bumblebee-figure-p-21595.html HTTP/1.0" 200 69358 "-" "Mozilla/5.0 (compatible; bingbot/2.0; +http://www.bing.com/bingbot.htm)"
66.249.70.36 - - [26/Dec/2020:05:15:04 +0100] "GET /images/big_prod/3770014725325.jpg HTTP/1.0" 200 268 "-" "Googlebot-Image/1.0"
114.119.158.196 - - [26/Dec/2020:05:15:56 +0100] "GET /candle-made-in-france-40-hours-lavender-p-43879.html HTTP/1.0" 200 71959 "-" "Mozilla/5.0 (Linux; Android 7.0;) AppleWebKit/537.36 (KHTML, like Gecko) Mobile Safari/537.36 (compatible; PetalBot;+https://aspiegel.com/petalbot)"
46.165.230.5 - - [26/Dec/2020:05:18:35 +0100] "GET /snowman-solar-powered-dancing-p-34143.html]Test HTTP/1.0" 301 609 "http://wonder-geek.com/snowman-solar-powered-dancing-p-34143.html]Test" "Mozilla/5.0 (Windows NT 6.3; WOW64) AppleWebKit/537.36 (KHTML, like Gecko) Chrome/83.0.4103.61 Safari/537.36"
46.165.230.5 - - [26/Dec/2020:05:18:36 +0100] "GET /snowman-solar-powered-dancing-p-34143.html%5dTest HTTP/1.0" 404 1308 "http://www.wonder-geek.com/snowman-solar-powered-dancing-p-34143.html%5dTest" "Mozilla/5.0 (Windows NT 6.3; WOW64) AppleWebKit/537.36 (KHTML, like Gecko) Chrome/83.0.4103.61 Safari/537.36"
46.165.230.5 - - [26/Dec/2020:05:18:37 +0100] "GET / HTTP/1.0" 301 511 "http://wonder-geek.com/" "Mozilla/5.0 (Windows NT 6.3; WOW64) AppleWebKit/537.36 (KHTML, like Gecko) Chrome/83.0.4103.61 Safari/537.36"
46.165.230.5 - - [26/Dec/2020:05:18:40 +0100] "GET / HTTP/1.0" 200 150005 "http://www.wonder-geek.com/" "Mozilla/5.0 (Windows NT 6.3; WOW64) AppleWebKit/537.36 (KHTML, like Gecko) Chrome/83.0.4103.61 Safari/537.36"
185.220.101.129 - - [26/Dec/2020:05:18:54 +0100] "GET /trivet-and-boards-cut-c-12_158.html HTTP/1.0" 200 93009 "http://www.wonder-geek.com/trivet-and-boards-cut-c-12_158.html" "Mozilla/5.0 (Windows NT 6.3; WOW64) AppleWebKit/537.36 (KHTML, like Gecko) Chrome/83.0.4103.61 Safari/537.36"
45.154.35.220 - - [26/Dec/2020:05:18:58 +0100] "GET /cardboard-boxes-and-storage-c-13_150_216.html HTTP/1.0" 200 77444 "http://www.wonder-geek.com/cardboard-boxes-and-storage-c-13_150_216.html" "Mozilla/5.0 (Windows NT 6.3; WOW64) AppleWebKit/537.36 (KHTML, like Gecko) Chrome/83.0.4103.61 Safari/537.36"
51.68.224.127 - - [26/Dec/2020:05:18:58 +0100] "GET /adminweb/export_orders_xml.php?token=256de2z6edz6ed2z6DFSFsed2zed6zeDSFDSGdzedezfzf&maxorders=10&orderstart=1&status=14&start_date=2018-10-01 HTTP/1.0" 200 285 "-" "GesCom CharlotteBoutik Serveur"
51.68.224.127 - - [26/Dec/2020:05:18:59 +0100] "GET /adminweb/export_orders_xml.php?token=256de2z6edz6ed2z6DFSFsed2zed6zeDSFDSGdzedezfzf&maxorders=10&orderstart=1&status=6&start_date=2018-10-01 HTTP/1.0" 200 30026 "-" "GesCom CharlotteBoutik Serveur"
45.154.35.220 - - [26/Dec/2020:05:19:02 +0100] "GET /cushion-headboard-c-11_173.html HTTP/1.0" 200 88854 "http://www.wonder-geek.com/cushion-headboard-c-11_173.html" "Mozilla/5.0 (Windows NT 6.3; WOW64) AppleWebKit/537.36 (KHTML, like Gecko) Chrome/83.0.4103.61 Safari/537.36"
45.154.35.220 - - [26/Dec/2020:05:19:04 +0100] "GET /contact_us.php HTTP/1.0" 200 26241 "http://www.wonder-geek.com/contact_us.php" "Mozilla/5.0 (Windows NT 6.3; WOW64) AppleWebKit/537.36 (KHTML, like Gecko) Chrome/83.0.4103.61 Safari/537.36"
185.220.100.253 - - [26/Dec/2020:05:19:12 +0100] "POST /contact_us.php?action=send HTTP/1.0" 200 26682 "http://www.wonder-geek.com/contact_us.php" "Mozilla/5.0 (Windows NT 6.3; WOW64) AppleWebKit/537.36 (KHTML, like Gecko) Chrome/83.0.4103.61 Safari/537.36"
54.36.149.75 - - [26/Dec/2020:05:19:44 +0100] "GET /set-bedspread-boutis-and-pillowcases-250-230-cm-p-52162.html HTTP/1.0" 200 72775 "-" "Mozilla/5.0 (compatible; AhrefsBot/7.0; +http://ahrefs.com/robot/)"
114.119.151.113 - - [26/Dec/2020:05:20:17 +0100] "GET /christmas-2018-figurine-sonny-angel-p-46387.html HTTP/1.0" 200 72759 "-" "Mozilla/5.0 (Linux; Android 7.0;) AppleWebKit/537.36 (KHTML, like Gecko) Mobile Safari/537.36 (compatible; PetalBot;+https://aspiegel.com/petalbot)"
207.46.13.49 - - [26/Dec/2020:05:21:18 +0100] "GET /-p-30210.html HTTP/1.0" 200 69192 "-" "Mozilla/5.0 (compatible; bingbot/2.0; +http://www.bing.com/bingbot.htm)"
13.66.139.41 - - [26/Dec/2020:05:21:23 +0100] "GET /decoration-thermometers-c-13_145.html HTTP/1.0" 200 89450 "-" "Mozilla/5.0 (compatible; bingbot/2.0; +http://www.bing.com/bingbot.htm)"
207.46.13.51 - - [26/Dec/2020:05:21:28 +0100] "GET /vespa-blue-keyring-p-31627.html HTTP/1.0" 200 69254 "-" "Mozilla/5.0 (compatible; bingbot/2.0; +http://www.bing.com/bingbot.htm)"
13.66.139.41 - - [26/Dec/2020:05:23:22 +0100] "GET /-p-29761.html HTTP/1.0" 200 69192 "-" "Mozilla/5.0 (compatible; bingbot/2.0; +http://www.bing.com/bingbot.htm)"
207.46.13.49 - - [26/Dec/2020:05:23:45 +0100] "GET /-p-28773.html HTTP/1.0" 200 69192 "-" "Mozilla/5.0 (compatible; bingbot/2.0; +http://www.bing.com/bingbot.htm)"
114.119.132.105 - - [26/Dec/2020:05:24:33 +0100] "GET /images/mini_prod/1399984253199.jpg HTTP/1.0" 200 269 "-" "Mozilla/5.0 (Linux; Android 7.0;) AppleWebKit/537.36 (KHTML, like Gecko) Mobile Safari/537.36 (compatible; PetalBot;+https://aspiegel.com/petalbot)"
54.36.148.143 - - [26/Dec/2020:05:25:07 +0100] "GET /decorative-wooden-tree-on-foot-58-cm-p-46765.html HTTP/1.0" 301 69259 "-" "Mozilla/5.0 (compatible; AhrefsBot/7.0; +http://ahrefs.com/robot/)"
66.249.70.36 - - [26/Dec/2020:05:25:14 +0100] "GET /images/mini_prod/3565750199628.jpg HTTP/1.0" 200 269 "-" "Googlebot-Image/1.0"
13.66.139.85 - - [26/Dec/2020:05:26:37 +0100] "GET /-p-14550.html HTTP/1.0" 200 69192 "-" "Mozilla/5.0 (compatible; bingbot/2.0; +http://www.bing.com/bingbot.htm)"
54.36.148.87 - - [26/Dec/2020:05:26:40 +0100] "GET /heart-and-home-candle-and-diffuser-gift-box-p-52821.html HTTP/1.0" 200 73209 "-" "Mozilla/5.0 (compatible; AhrefsBot/7.0; +http://ahrefs.com/robot/)"
13.66.139.136 - - [26/Dec/2020:05:26:47 +0100] "GET /avengers-large-backpack-with-wheels-p-30769.html HTTP/1.0" 200 69322 "-" "Mozilla/5.0 (compatible; bingbot/2.0; +http://www.bing.com/bingbot.htm)"
157.55.39.186 - - [26/Dec/2020:05:26:52 +0100] "GET /swfobject.js HTTP/1.0" 404 1308 "-" "Mozilla/5.0 (compatible; bingbot/2.0; +http://www.bing.com/bingbot.htm)"
114.119.158.196 - - [26/Dec/2020:05:28:54 +0100] "GET /images/mini_prod/5415203493453.jpg HTTP/1.0" 200 269 "-" "Mozilla/5.0 (Linux; Android 7.0;) AppleWebKit/537.36 (KHTML, like Gecko) Mobile Safari/537.36 (compatible; PetalBot;+https://aspiegel.com/petalbot)"
13.66.139.136 - - [26/Dec/2020:05:28:55 +0100] "GET /-p-14036.html HTTP/1.0" 200 69192 "-" "Mozilla/5.0 (compatible; bingbot/2.0; +http://www.bing.com/bingbot.htm)"
157.55.39.94 - - [26/Dec/2020:05:29:16 +0100] "GET /-p-15470.html HTTP/1.0" 200 69192 "-" "Mozilla/5.0 (compatible; bingbot/2.0; +http://www.bing.com/bingbot.htm)"
185.220.101.208 - - [26/Dec/2020:05:32:15 +0100] "GET /images/big_prod/8424001203246.jpg HTTP/1.0" 200 268 "-" "Mozilla/5.0 (Macintosh; Intel Mac OS X 10_14_6) AppleWebKit/537.36 (KHTML, like Gecko) Chrome/77.0.3865.90 Safari/537.36"
157.55.39.214 - - [26/Dec/2020:05:32:40 +0100] "GET /set-bedspread-boutis-and-pillowcases-250-230-cm-p-52163.html HTTP/1.0" 200 72775 "-" "Mozilla/5.0 (compatible; bingbot/2.0; +http://www.bing.com/bingbot.htm)"
13.66.139.136 - - [26/Dec/2020:05:32:47 +0100] "GET /-p-14101.html HTTP/1.0" 200 69192 "-" "Mozilla/5.0 (compatible; bingbot/2.0; +http://www.bing.com/bingbot.htm)"
13.66.139.41 - - [26/Dec/2020:05:33:02 +0100] "GET /soft-toys-security-blanket-c-4_46.html?page=8 HTTP/1.0" 200 92405 "-" "Mozilla/5.0 (compatible; bingbot/2.0; +http://www.bing.com/bingbot.htm)"
114.119.147.45 - - [26/Dec/2020:05:33:15 +0100] "GET /images/big_prod/petitprince3585190679962.jpg HTTP/1.0" 200 279 "-" "Mozilla/5.0 (Linux; Android 7.0;) AppleWebKit/537.36 (KHTML, like Gecko) Mobile Safari/537.36 (compatible; PetalBot;+https://aspiegel.com/petalbot)"
54.36.148.75 - - [26/Dec/2020:05:33:43 +0100] "GET /vase-flower-pot-and-soliflore-c-13_232.html?page=2 HTTP/1.0" 200 90878 "-" "Mozilla/5.0 (compatible; AhrefsBot/7.0; +http://ahrefs.com/robot/)"
51.68.224.127 - - [26/Dec/2020:05:34:55 +0100] "GET /adminweb/export_orders_xml.php?token=256de2z6edz6ed2z6DFSFsed2zed6zeDSFDSGdzedezfzf&maxorders=10&orderstart=1&status=14&start_date=2018-10-01 HTTP/1.0" 200 285 "-" "GesCom CharlotteBoutik Serveur"
51.68.224.127 - - [26/Dec/2020:05:34:55 +0100] "GET /adminweb/export_orders_xml.php?token=256de2z6edz6ed2z6DFSFsed2zed6zeDSFDSGdzedezfzf&maxorders=10&orderstart=1&status=6&start_date=2018-10-01 HTTP/1.0" 200 30026 "-" "GesCom CharlotteBoutik Serveur"
66.249.70.36 - - [26/Dec/2020:05:35:04 +0100] "GET /images/big_prod/1328399270477D.jpg HTTP/1.0" 200 269 "-" "Googlebot-Image/1.0"
157.55.39.94 - - [26/Dec/2020:05:35:10 +0100] "GET /-p-6216.html HTTP/1.0" 200 69190 "-" "Mozilla/5.0 (compatible; bingbot/2.0; +http://www.bing.com/bingbot.htm)"
40.77.167.36 - - [26/Dec/2020:05:35:14 +0100] "GET /-p-24764.html HTTP/1.0" 200 69192 "-" "Mozilla/5.0 (compatible; bingbot/2.0; +http://www.bing.com/bingbot.htm)"
114.119.158.196 - - [26/Dec/2020:05:37:37 +0100] "GET /images/mini_prod/1328399219278a.jpg HTTP/1.0" 200 270 "-" "Mozilla/5.0 (Linux; Android 7.0;) AppleWebKit/537.36 (KHTML, like Gecko) Mobile Safari/537.36 (compatible; PetalBot;+https://aspiegel.com/petalbot)"
193.201.216.170 - - [26/Dec/2020:05:37:53 +0100] "GET /contact_us.php HTTP/1.0" 301 539 "-" "Mozilla/5.0 (Windows NT 6.3; Win64; x64) AppleWebKit/537.36 (KHTML, like Gecko) Chrome/75.0.3770.100 Safari/537.36"
213.180.203.24 - - [26/Dec/2020:05:38:30 +0100] "GET /dora-the-explorer-in-swimsuit-towel-p-13572.html HTTP/1.0" 301 69388 "-" "Mozilla/5.0 (compatible; YandexBot/3.0; +http://yandex.com/bots)"
5.255.231.71 - - [26/Dec/2020:05:38:33 +0100] "GET /dora-the-explorer-towel-p-13572.html HTTP/1.0" 200 69298 "-" "Mozilla/5.0 (compatible; YandexBot/3.0; +http://yandex.com/bots)"
54.36.148.87 - - [26/Dec/2020:05:40:36 +0100] "GET /carpe-diem-wall-sticker-p-38337.html HTTP/1.0" 200 71980 "-" "Mozilla/5.0 (compatible; AhrefsBot/7.0; +http://ahrefs.com/robot/)"
207.46.13.225 - - [26/Dec/2020:05:41:07 +0100] "GET /washed-linen-pillowcase-65-65-cm-granite-p-48167.html HTTP/1.0" 200 69365 "-" "Mozilla/5.0 (compatible; bingbot/2.0; +http://www.bing.com/bingbot.htm)"
114.119.150.15 - - [26/Dec/2020:05:41:57 +0100] "GET /images/mini_prod/3453131155847.jpg HTTP/1.0" 200 269 "-" "Mozilla/5.0 (Linux; Android 7.0;) AppleWebKit/537.36 (KHTML, like Gecko) Mobile Safari/537.36 (compatible; PetalBot;+https://aspiegel.com/petalbot)"
17.58.101.145 - - [26/Dec/2020:05:43:20 +0100] "GET /bread-bags-pie-bag-c-11_179.html HTTP/1.0" 200 81274 "-" "Mozilla/5.0 (Macintosh; Intel Mac OS X 10_15_5) AppleWebKit/605.1.15 (KHTML, like Gecko) Version/13.1.1 Safari/605.1.15 (Applebot/0.1; +http://www.apple.com/go/applebot)"
66.249.70.62 - - [26/Dec/2020:05:44:00 +0100] "GET /vive-paris-hairbrush-p-18965.html HTTP/1.0" 200 71820 "-" "Mozilla/5.0 (Linux; Android 6.0.1; Nexus 5X Build/MMB29P) AppleWebKit/537.36 (KHTML, like Gecko) Chrome/87.0.4280.90 Mobile Safari/537.36 (compatible; Googlebot/2.1; +http://www.google.com/bot.html)"
66.249.70.33 - - [26/Dec/2020:05:45:13 +0100] "GET /images/big_prod_1/3664944072218a.jpg HTTP/1.0" 200 271 "-" "Googlebot-Image/1.0"
17.58.101.145 - - [26/Dec/2020:05:45:45 +0100] "GET /toothbox-c-13_150_170.html?page=2 HTTP/1.0" 200 89854 "-" "Mozilla/5.0 (Macintosh; Intel Mac OS X 10_15_5) AppleWebKit/605.1.15 (KHTML, like Gecko) Version/13.1.1 Safari/605.1.15 (Applebot/0.1; +http://www.apple.com/go/applebot)"
50.62.177.36 - - [26/Dec/2020:05:46:07 +0100] "GET / HTTP/1.0" 301 511 "-" "-"
50.62.177.36 - - [26/Dec/2020:05:46:08 +0100] "GET / HTTP/1.0" 200 150075 "-" "-"
114.119.154.200 - - [26/Dec/2020:05:46:18 +0100] "GET /images/1300010239872.jpg HTTP/1.0" 200 259 "-" "Mozilla/5.0 (Linux; Android 7.0;) AppleWebKit/537.36 (KHTML, like Gecko) Mobile Safari/537.36 (compatible; PetalBot;+https://aspiegel.com/petalbot)"
13.66.139.136 - - [26/Dec/2020:05:46:25 +0100] "GET /-p-23193.html HTTP/1.0" 200 69192 "-" "Mozilla/5.0 (compatible; bingbot/2.0; +http://www.bing.com/bingbot.htm)"
49.7.20.122 - - [26/Dec/2020:05:47:27 +0100] "GET / HTTP/1.0" 301 511 "-" "Sogou web spider/4.0(+http://www.sogou.com/docs/help/webmasters.htm#07)"
54.36.148.11 - - [26/Dec/2020:05:47:31 +0100] "GET /smiski-phosphorescent-tooth-brush-holder-p-47289.html HTTP/1.0" 200 73348 "-" "Mozilla/5.0 (compatible; AhrefsBot/7.0; +http://ahrefs.com/robot/)"
49.7.20.122 - - [26/Dec/2020:05:48:31 +0100] "GET / HTTP/1.0" 200 149883 "-" "Sogou web spider/4.0(+http://www.sogou.com/docs/help/webmasters.htm#07)"
114.119.154.200 - - [26/Dec/2020:05:50:35 +0100] "GET /images/mini_prod/20620TS.jpg HTTP/1.0" 200 263 "-" "Mozilla/5.0 (Linux; Android 7.0;) AppleWebKit/537.36 (KHTML, like Gecko) Mobile Safari/537.36 (compatible; PetalBot;+https://aspiegel.com/petalbot)"
91.216.66.70 - - [26/Dec/2020:05:50:50 +0100] "GET /contact_us.php HTTP/1.0" 200 26241 "http://www.wonder-geek.com/contact_us.php" "Mozilla/5.0 (Windows NT 6.3; Win64; x64) AppleWebKit/537.36 (KHTML, like Gecko) Chrome/83.0.4103.61 Safari/537.36"
51.68.224.127 - - [26/Dec/2020:05:51:12 +0100] "GET /adminweb/export_orders_xml.php?token=256de2z6edz6ed2z6DFSFsed2zed6zeDSFDSGdzedezfzf&maxorders=10&orderstart=1&status=14&start_date=2018-10-01 HTTP/1.0" 200 285 "-" "GesCom CharlotteBoutik Serveur"
51.68.224.127 - - [26/Dec/2020:05:51:12 +0100] "GET /adminweb/export_orders_xml.php?token=256de2z6edz6ed2z6DFSFsed2zed6zeDSFDSGdzedezfzf&maxorders=10&orderstart=1&status=6&start_date=2018-10-01 HTTP/1.0" 200 30026 "-" "GesCom CharlotteBoutik Serveur"
66.249.70.36 - - [26/Dec/2020:05:52:53 +0100] "GET /zhu-zhu-pets-bedclothes-140x200-p-8231.html HTTP/1.0" 200 72114 "-" "Mozilla/5.0 (Linux; Android 6.0.1; Nexus 5X Build/MMB29P) AppleWebKit/537.36 (KHTML, like Gecko) Chrome/87.0.4280.90 Mobile Safari/537.36 (compatible; Googlebot/2.1; +http://www.google.com/bot.html)"
13.66.139.41 - - [26/Dec/2020:05:53:34 +0100] "GET /-p-19980.html HTTP/1.0" 200 69192 "-" "Mozilla/5.0 (compatible; bingbot/2.0; +http://www.bing.com/bingbot.htm)"
157.55.39.186 - - [26/Dec/2020:05:54:00 +0100] "GET /swfobject.js HTTP/1.0" 404 1308 "-" "Mozilla/5.0 (compatible; bingbot/2.0; +http://www.bing.com/bingbot.htm)"
54.36.148.249 - - [26/Dec/2020:05:54:44 +0100] "GET /collectible-figurines-and-decorative-c-13_135.html HTTP/1.0" 200 95418 "-" "Mozilla/5.0 (compatible; AhrefsBot/7.0; +http://ahrefs.com/robot/)"
114.119.147.45 - - [26/Dec/2020:05:54:56 +0100] "GET /images/med_prod/1384010180556.jpg HTTP/1.0" 200 268 "-" "Mozilla/5.0 (Linux; Android 7.0;) AppleWebKit/537.36 (KHTML, like Gecko) Mobile Safari/537.36 (compatible; PetalBot;+https://aspiegel.com/petalbot)"
13.66.139.136 - - [26/Dec/2020:05:54:57 +0100] "GET /-p-26115.html HTTP/1.0" 200 69192 "-" "Mozilla/5.0 (compatible; bingbot/2.0; +http://www.bing.com/bingbot.htm)"
13.66.139.41 - - [26/Dec/2020:05:56:15 +0100] "GET /-p-20606.html HTTP/1.0" 200 69192 "-" "Mozilla/5.0 (compatible; bingbot/2.0; +http://www.bing.com/bingbot.htm)"
13.66.139.41 - - [26/Dec/2020:05:56:55 +0100] "GET /-p-17200.html HTTP/1.0" 200 69192 "-" "Mozilla/5.0 (compatible; bingbot/2.0; +http://www.bing.com/bingbot.htm)"
207.46.13.158 - - [26/Dec/2020:05:58:06 +0100] "GET /plush-keeleco-eco-friendly-meerkat-p-51848.html HTTP/1.0" 200 73111 "-" "Mozilla/5.0 (compatible; bingbot/2.0; +http://www.bing.com/bingbot.htm)"
17.58.101.145 - - [26/Dec/2020:05:58:57 +0100] "GET /support-metal-bottle-the-guitarist-p-41012.html HTTP/1.0" 200 72003 "-" "Mozilla/5.0 (Macintosh; Intel Mac OS X 10_15_5) AppleWebKit/605.1.15 (KHTML, like Gecko) Version/13.1.1 Safari/605.1.15 (Applebot/0.1; +http://www.apple.com/go/applebot)"
17.58.101.145 - - [26/Dec/2020:05:59:06 +0100] "GET /funny-little-bugs-pairs-of-socks-size-19-22-p-25323.html HTTP/1.0" 200 71859 "-" "Mozilla/5.0 (Macintosh; Intel Mac OS X 10_15_5) AppleWebKit/605.1.15 (KHTML, like Gecko) Version/13.1.1 Safari/605.1.15 (Applebot/0.1; +http://www.apple.com/go/applebot)"
114.119.130.202 - - [26/Dec/2020:05:59:16 +0100] "GET /images/big_prod/3609810079762.jpg HTTP/1.0" 200 268 "-" "Mozilla/5.0 (Linux; Android 7.0;) AppleWebKit/537.36 (KHTML, like Gecko) Mobile Safari/537.36 (compatible; PetalBot;+https://aspiegel.com/petalbot)"
13.66.139.85 - - [26/Dec/2020:05:59:25 +0100] "GET /-p-20222.html HTTP/1.0" 200 69192 "-" "Mozilla/5.0 (compatible; bingbot/2.0; +http://www.bing.com/bingbot.htm)"
13.66.139.41 - - [26/Dec/2020:06:00:15 +0100] "GET /-p-34821.html HTTP/1.0" 200 69192 "-" "Mozilla/5.0 (compatible; bingbot/2.0; +http://www.bing.com/bingbot.htm)"
13.66.139.41 - - [26/Dec/2020:06:00:16 +0100] "GET /-p-19545.html HTTP/1.0" 200 69192 "-" "Mozilla/5.0 (compatible; bingbot/2.0; +http://www.bing.com/bingbot.htm)"
54.36.148.181 - - [26/Dec/2020:06:02:06 +0100] "GET /vase-flower-pot-and-soliflore-c-13_232.html HTTP/1.0" 200 90290 "-" "Mozilla/5.0 (compatible; AhrefsBot/7.0; +http://ahrefs.com/robot/)"
17.58.101.145 - - [26/Dec/2020:06:03:14 +0100] "GET /toothbox-c-13_150_170.html HTTP/1.0" 200 90089 "-" "Mozilla/5.0 (Macintosh; Intel Mac OS X 10_15_5) AppleWebKit/605.1.15 (KHTML, like Gecko) Version/13.1.1 Safari/605.1.15 (Applebot/0.1; +http://www.apple.com/go/applebot)"
114.119.151.113 - - [26/Dec/2020:06:03:37 +0100] "GET /terracotta-flower-pot-p-51992.html HTTP/1.0" 200 71867 "-" "Mozilla/5.0 (Linux; Android 7.0;) AppleWebKit/537.36 (KHTML, like Gecko) Mobile Safari/537.36 (compatible; PetalBot;+https://aspiegel.com/petalbot)"
13.66.139.85 - - [26/Dec/2020:06:04:35 +0100] "GET /-p-37388.html HTTP/1.0" 200 69192 "-" "Mozilla/5.0 (compatible; bingbot/2.0; +http://www.bing.com/bingbot.htm)"
