87.1.51.193 - - [26/Dec/2020:11:21:06 +0100] "GET /templates/Pixame_v1/images/Bottom_texture.jpg HTTP/1.0" 200 280 "http://www.wonder-geek.com/templates/Pixame_v1/stylesheet.css" "Mozilla/5.0 (Linux; Android 9; ANE-LX1) AppleWebKit/537.36 (KHTML, like Gecko) Chrome/87.0.4280.101 Mobile Safari/537.36"
87.1.51.193 - - [26/Dec/2020:11:21:06 +0100] "GET /templates/Pixame_v1/images/Middle_texture.jpg HTTP/1.0" 200 280 "http://www.wonder-geek.com/templates/Pixame_v1/stylesheet.css" "Mozilla/5.0 (Linux; Android 9; ANE-LX1) AppleWebKit/537.36 (KHTML, like Gecko) Chrome/87.0.4280.101 Mobile Safari/537.36"
87.1.51.193 - - [26/Dec/2020:11:21:06 +0100] "GET /templates/Pixame_v1/images/nav.png HTTP/1.0" 200 268 "http://www.wonder-geek.com/templates/Pixame_v1/stylesheet.css" "Mozilla/5.0 (Linux; Android 9; ANE-LX1) AppleWebKit/537.36 (KHTML, like Gecko) Chrome/87.0.4280.101 Mobile Safari/537.36"
87.1.51.193 - - [26/Dec/2020:11:21:06 +0100] "GET /templates/Pixame_v1/images/header.png HTTP/1.0" 200 271 "http://www.wonder-geek.com/templates/Pixame_v1/stylesheet.css" "Mozilla/5.0 (Linux; Android 9; ANE-LX1) AppleWebKit/537.36 (KHTML, like Gecko) Chrome/87.0.4280.101 Mobile Safari/537.36"
87.1.51.193 - - [26/Dec/2020:11:21:06 +0100] "GET /templates/Pixame_v1/images/header-object.png HTTP/1.0" 200 278 "http://www.wonder-geek.com/templates/Pixame_v1/stylesheet.css" "Mozilla/5.0 (Linux; Android 9; ANE-LX1) AppleWebKit/537.36 (KHTML, like Gecko) Chrome/87.0.4280.101 Mobile Safari/537.36"
87.1.51.193 - - [26/Dec/2020:11:21:06 +0100] "GET /design/productsenstock.png HTTP/1.0" 200 260 "http://www.wonder-geek.com/templates/Pixame_v1/stylesheet.css" "Mozilla/5.0 (Linux; Android 9; ANE-LX1) AppleWebKit/537.36 (KHTML, like Gecko) Chrome/87.0.4280.101 Mobile Safari/537.36"
87.1.51.193 - - [26/Dec/2020:11:21:06 +0100] "GET /templates/Pixame_v1/images/infobox/infobox_footer_middle.gif HTTP/1.0" 200 357 "http://www.wonder-geek.com/" "Mozilla/5.0 (Linux; Android 9; ANE-LX1) AppleWebKit/537.36 (KHTML, like Gecko) Chrome/87.0.4280.101 Mobile Safari/537.36"
87.1.51.193 - - [26/Dec/2020:11:21:06 +0100] "GET /highslide/graphics/zoomin.cur HTTP/1.0" 200 614 "http://www.wonder-geek.com/templates/Pixame_v1/stylesheet.css" "Mozilla/5.0 (Linux; Android 9; ANE-LX1) AppleWebKit/537.36 (KHTML, like Gecko) Chrome/87.0.4280.101 Mobile Safari/537.36"
87.1.51.193 - - [26/Dec/2020:11:21:07 +0100] "GET /highslide/graphics/outlines/drop-shadow.png HTTP/1.0" 200 277 "http://www.wonder-geek.com/giraffe-wall-decoration-in-resin-p-52575.html" "Mozilla/5.0 (Linux; Android 9; ANE-LX1) AppleWebKit/537.36 (KHTML, like Gecko) Chrome/87.0.4280.101 Mobile Safari/537.36"
87.1.51.193 - - [26/Dec/2020:11:21:07 +0100] "GET /highslide/graphics/loader.white.gif HTTP/1.0" 200 960 "http://www.wonder-geek.com/templates/Pixame_v1/stylesheet.css" "Mozilla/5.0 (Linux; Android 9; ANE-LX1) AppleWebKit/537.36 (KHTML, like Gecko) Chrome/87.0.4280.101 Mobile Safari/537.36"
87.1.51.193 - - [26/Dec/2020:11:21:07 +0100] "GET /highslide/graphics/zoomout.cur HTTP/1.0" 200 614 "http://www.wonder-geek.com/giraffe-wall-decoration-in-resin-p-52575.html" "Mozilla/5.0 (Linux; Android 9; ANE-LX1) AppleWebKit/537.36 (KHTML, like Gecko) Chrome/87.0.4280.101 Mobile Safari/537.36"
87.1.51.193 - - [26/Dec/2020:11:21:07 +0100] "GET /favicon.ico HTTP/1.0" 200 260 "http://www.wonder-geek.com/giraffe-wall-decoration-in-resin-p-52575.html" "Mozilla/5.0 (Linux; Android 9; ANE-LX1) AppleWebKit/537.36 (KHTML, like Gecko) Chrome/87.0.4280.101 Mobile Safari/537.36"
54.36.148.184 - - [26/Dec/2020:11:21:46 +0100] "GET /lighting-c-13_86.html?page=25 HTTP/1.0" 200 88609 "-" "Mozilla/5.0 (compatible; AhrefsBot/7.0; +http://ahrefs.com/robot/)"
157.55.39.94 - - [26/Dec/2020:11:23:52 +0100] "GET /monster-frankenstein-money-box-p-28127.html HTTP/1.0" 200 69333 "-" "Mozilla/5.0 (compatible; bingbot/2.0; +http://www.bing.com/bingbot.htm)"
114.119.132.105 - - [26/Dec/2020:11:24:38 +0100] "GET /images/big_prod/3612875116822.jpg HTTP/1.0" 200 268 "-" "Mozilla/5.0 (Linux; Android 7.0;) AppleWebKit/537.36 (KHTML, like Gecko) Mobile Safari/537.36 (compatible; PetalBot;+https://aspiegel.com/petalbot)"
216.18.204.200 - - [26/Dec/2020:11:25:22 +0100] "GET /robots.txt HTTP/1.0" 200 245 "-" "Mozilla/5.0 (compatible; Adsbot/3.1)"
66.249.70.36 - - [26/Dec/2020:11:26:05 +0100] "GET /images/big_prod/8422022523022.jpg HTTP/1.0" 200 268 "-" "Googlebot-Image/1.0"
13.66.139.41 - - [26/Dec/2020:11:26:09 +0100] "GET /-p-23703.html HTTP/1.0" 200 69192 "-" "Mozilla/5.0 (compatible; bingbot/2.0; +http://www.bing.com/bingbot.htm)"
13.66.139.136 - - [26/Dec/2020:11:26:27 +0100] "GET /-p-29762.html HTTP/1.0" 200 69192 "-" "Mozilla/5.0 (compatible; bingbot/2.0; +http://www.bing.com/bingbot.htm)"
216.244.66.242 - - [26/Dec/2020:11:27:20 +0100] "GET /robots.txt HTTP/1.0" 200 245 "-" "Mozilla/5.0 (compatible; DotBot/1.1; http://www.opensiteexplorer.org/dotbot, help@moz.com)"
40.77.167.36 - - [26/Dec/2020:11:28:28 +0100] "GET /gorjuss-coaster-bee-loved-p-47742.html HTTP/1.0" 200 72000 "-" "Mozilla/5.0 (compatible; bingbot/2.0; +http://www.bing.com/bingbot.htm)"
17.58.101.145 - - [26/Dec/2020:11:28:48 +0100] "GET /red-kitchen-towel-50-70-cm-p-44414.html HTTP/1.0" 200 71856 "-" "Mozilla/5.0 (Macintosh; Intel Mac OS X 10_15_5) AppleWebKit/605.1.15 (KHTML, like Gecko) Version/13.1.1 Safari/605.1.15 (Applebot/0.1; +http://www.apple.com/go/applebot)"
114.119.154.200 - - [26/Dec/2020:11:28:59 +0100] "GET /images/big_prod_2/a3665269051735.jpg HTTP/1.0" 200 271 "-" "Mozilla/5.0 (Linux; Android 7.0;) AppleWebKit/537.36 (KHTML, like Gecko) Mobile Safari/537.36 (compatible; PetalBot;+https://aspiegel.com/petalbot)"
17.58.101.145 - - [26/Dec/2020:11:29:18 +0100] "GET /corsica-paper-towel-dispenser-p-42332.html HTTP/1.0" 200 71850 "-" "Mozilla/5.0 (Macintosh; Intel Mac OS X 10_15_5) AppleWebKit/605.1.15 (KHTML, like Gecko) Version/13.1.1 Safari/605.1.15 (Applebot/0.1; +http://www.apple.com/go/applebot)"
13.66.139.91 - - [26/Dec/2020:11:29:20 +0100] "GET /-p-11128.html HTTP/1.0" 200 69192 "-" "Mozilla/5.0 (compatible; bingbot/2.0; +http://www.bing.com/bingbot.htm)"
17.58.101.145 - - [26/Dec/2020:11:29:48 +0100] "GET /cars-umbrella-p-20503.html HTTP/1.0" 200 69234 "-" "Mozilla/5.0 (Macintosh; Intel Mac OS X 10_15_5) AppleWebKit/605.1.15 (KHTML, like Gecko) Version/13.1.1 Safari/605.1.15 (Applebot/0.1; +http://www.apple.com/go/applebot)"
66.249.70.33 - - [26/Dec/2020:11:31:33 +0100] "GET /alarms-clocks-clocks-and-watches/clocks/paris-moulin-rouge-clock-p-11083.html HTTP/1.0" 301 69259 "-" "Mozilla/5.0 (compatible; Googlebot/2.1; +http://www.google.com/bot.html)"
66.249.70.36 - - [26/Dec/2020:11:31:34 +0100] "GET /-p-11083.html HTTP/1.0" 200 69192 "-" "Mozilla/5.0 (compatible; Googlebot/2.1; +http://www.google.com/bot.html)"
114.119.132.105 - - [26/Dec/2020:11:33:20 +0100] "GET /mustache-kitchen-towel-p-38785.html HTTP/1.0" 200 71816 "-" "Mozilla/5.0 (Linux; Android 7.0;) AppleWebKit/537.36 (KHTML, like Gecko) Mobile Safari/537.36 (compatible; PetalBot;+https://aspiegel.com/petalbot)"
51.68.224.127 - - [26/Dec/2020:11:33:34 +0100] "GET /adminweb/export_orders_xml.php?token=256de2z6edz6ed2z6DFSFsed2zed6zeDSFDSGdzedezfzf&maxorders=10&orderstart=1&status=14&start_date=2018-10-01 HTTP/1.0" 200 285 "-" "GesCom CharlotteBoutik Serveur"
51.68.224.127 - - [26/Dec/2020:11:33:34 +0100] "GET /adminweb/export_orders_xml.php?token=256de2z6edz6ed2z6DFSFsed2zed6zeDSFDSGdzedezfzf&maxorders=10&orderstart=1&status=6&start_date=2018-10-01 HTTP/1.0" 200 30026 "-" "GesCom CharlotteBoutik Serveur"
216.244.66.242 - - [26/Dec/2020:11:33:52 +0100] "GET /images/8420406800547.jpg HTTP/1.0" 200 259 "-" "Mozilla/5.0 (compatible; DotBot/1.1; http://www.opensiteexplorer.org/dotbot, help@moz.com)"
54.36.148.87 - - [26/Dec/2020:11:33:56 +0100] "GET /happy-colours-spiritual-vinyl-beauty-bag-p-19868.html HTTP/1.0" 200 71926 "-" "Mozilla/5.0 (compatible; AhrefsBot/7.0; +http://ahrefs.com/robot/)"
157.55.39.214 - - [26/Dec/2020:11:35:07 +0100] "GET /-p-23462.html HTTP/1.0" 200 69192 "-" "Mozilla/5.0 (compatible; bingbot/2.0; +http://www.bing.com/bingbot.htm)"
157.55.39.186 - - [26/Dec/2020:11:36:04 +0100] "GET /yin-yang-zippo-lighter-p-39532.html HTTP/1.0" 200 69293 "-" "Mozilla/5.0 (compatible; bingbot/2.0; +http://www.bing.com/bingbot.htm)"
157.55.39.186 - - [26/Dec/2020:11:36:05 +0100] "GET /stationery-and-cardmaking-c-129.html?page=17 HTTP/1.0" 200 91810 "-" "Mozilla/5.0 (compatible; bingbot/2.0; +http://www.bing.com/bingbot.htm)"
13.66.139.136 - - [26/Dec/2020:11:36:26 +0100] "GET /-p-21940.html HTTP/1.0" 200 69192 "-" "Mozilla/5.0 (compatible; bingbot/2.0; +http://www.bing.com/bingbot.htm)"
114.119.150.15 - - [26/Dec/2020:11:37:41 +0100] "GET /paris-tree-decoration-hanging-p-31810.html HTTP/1.0" 200 71920 "-" "Mozilla/5.0 (Linux; Android 7.0;) AppleWebKit/537.36 (KHTML, like Gecko) Mobile Safari/537.36 (compatible; PetalBot;+https://aspiegel.com/petalbot)"
13.66.139.41 - - [26/Dec/2020:11:37:50 +0100] "GET /-p-18346.html HTTP/1.0" 200 69192 "-" "Mozilla/5.0 (compatible; bingbot/2.0; +http://www.bing.com/bingbot.htm)"
37.115.113.102 - - [26/Dec/2020:11:38:05 +0100] "GET /snowman-solar-powered-dancing-p-34143.html]Test HTTP/1.0" 301 609 "https://online-zaymy.ru/" "Mozilla/4.0 (compatible; MSIE 6.0; Windows NT 5.1; Crazy Browser 1.0.5)"
37.115.113.102 - - [26/Dec/2020:11:38:05 +0100] "GET /snowman-solar-powered-dancing-p-34143.html]Test HTTP/1.0" 301 609 "https://online-zaymy.ru/" "Mozilla/4.0 (compatible; MSIE 6.0; Windows NT 5.1; Crazy Browser 1.0.5)"
37.115.113.102 - - [26/Dec/2020:11:38:05 +0100] "GET /snowman-solar-powered-dancing-p-34143.html]Test HTTP/1.0" 301 609 "https://online-zaymy.ru/" "Mozilla/4.0 (compatible; MSIE 6.0; Windows NT 5.1; Crazy Browser 1.0.5)"
157.55.39.186 - - [26/Dec/2020:11:40:38 +0100] "GET /-p-31444.html HTTP/1.0" 200 69192 "-" "Mozilla/5.0 (compatible; bingbot/2.0; +http://www.bing.com/bingbot.htm)"
114.119.150.15 - - [26/Dec/2020:11:42:02 +0100] "GET /images/mini_prod/8422037420019a.jpg HTTP/1.0" 200 270 "-" "Mozilla/5.0 (Linux; Android 7.0;) AppleWebKit/537.36 (KHTML, like Gecko) Mobile Safari/537.36 (compatible; PetalBot;+https://aspiegel.com/petalbot)"
157.55.39.186 - - [26/Dec/2020:11:44:00 +0100] "GET /basket-in-black-and-natural-palm-leaves-38-28-cm-p-48057.html HTTP/1.0" 200 72076 "-" "Mozilla/5.0 (compatible; bingbot/2.0; +http://www.bing.com/bingbot.htm)"
185.191.171.13 - - [26/Dec/2020:11:44:28 +0100] "GET /robots.txt HTTP/1.0" 200 245 "-" "Mozilla/5.0 (compatible; SemrushBot/7~bl; +http://www.semrush.com/bot.html)"
185.191.171.41 - - [26/Dec/2020:11:44:28 +0100] "GET /christmas-2020-figurine-sonny-angel-p-53390.html HTTP/1.0" 200 72133 "-" "Mozilla/5.0 (compatible; SemrushBot/7~bl; +http://www.semrush.com/bot.html)"
17.58.101.145 - - [26/Dec/2020:11:45:04 +0100] "GET /wooden-boxes-and-storage-c-13_150_220.html HTTP/1.0" 200 89202 "-" "Mozilla/5.0 (Macintosh; Intel Mac OS X 10_15_5) AppleWebKit/605.1.15 (KHTML, like Gecko) Version/13.1.1 Safari/605.1.15 (Applebot/0.1; +http://www.apple.com/go/applebot)"
54.36.148.87 - - [26/Dec/2020:11:45:24 +0100] "GET /silver-ceramic-lamp-p-52783.html HTTP/1.0" 200 72548 "-" "Mozilla/5.0 (compatible; AhrefsBot/7.0; +http://ahrefs.com/robot/)"
157.55.39.94 - - [26/Dec/2020:11:46:01 +0100] "GET /trivet-and-boards-cut-c-12_158.html?page=4 HTTP/1.0" 200 92145 "-" "Mozilla/5.0 (compatible; bingbot/2.0; +http://www.bing.com/bingbot.htm)"
114.119.151.113 - - [26/Dec/2020:11:46:18 +0100] "GET /images/big_prod/5051276329567.jpg HTTP/1.0" 200 268 "-" "Mozilla/5.0 (Linux; Android 7.0;) AppleWebKit/537.36 (KHTML, like Gecko) Mobile Safari/537.36 (compatible; PetalBot;+https://aspiegel.com/petalbot)"
207.46.13.49 - - [26/Dec/2020:11:46:33 +0100] "GET /kimmidoll-storage-cardboard-boxes-p-31955.html HTTP/1.0" 200 69318 "-" "Mozilla/5.0 (compatible; bingbot/2.0; +http://www.bing.com/bingbot.htm)"
13.66.139.41 - - [26/Dec/2020:11:48:50 +0100] "GET /specials.php HTTP/1.0" 200 130010 "-" "Mozilla/5.0 (compatible; bingbot/2.0; +http://www.bing.com/bingbot.htm)"
51.68.224.127 - - [26/Dec/2020:11:49:29 +0100] "GET /adminweb/export_orders_xml.php?token=256de2z6edz6ed2z6DFSFsed2zed6zeDSFDSGdzedezfzf&maxorders=10&orderstart=1&status=14&start_date=2018-10-01 HTTP/1.0" 200 285 "-" "GesCom CharlotteBoutik Serveur"
51.68.224.127 - - [26/Dec/2020:11:49:29 +0100] "GET /adminweb/export_orders_xml.php?token=256de2z6edz6ed2z6DFSFsed2zed6zeDSFDSGdzedezfzf&maxorders=10&orderstart=1&status=6&start_date=2018-10-01 HTTP/1.0" 200 30026 "-" "GesCom CharlotteBoutik Serveur"
114.119.129.36 - - [26/Dec/2020:11:50:39 +0100] "GET /johnny-hallyday-zippo-lighter-p-49855.html HTTP/1.0" 200 72955 "-" "Mozilla/5.0 (Linux; Android 7.0;) AppleWebKit/537.36 (KHTML, like Gecko) Mobile Safari/537.36 (compatible; PetalBot;+https://aspiegel.com/petalbot)"
13.66.139.41 - - [26/Dec/2020:11:51:02 +0100] "GET /-p-31121.html HTTP/1.0" 200 69192 "-" "Mozilla/5.0 (compatible; bingbot/2.0; +http://www.bing.com/bingbot.htm)"
207.46.13.158 - - [26/Dec/2020:11:53:57 +0100] "GET /love-london-rectangular-mirror-p-29008.html HTTP/1.0" 200 71875 "-" "Mozilla/5.0 (compatible; bingbot/2.0; +http://www.bing.com/bingbot.htm)"
114.119.145.117 - - [26/Dec/2020:11:55:00 +0100] "GET /images/big_prod_1/8720088292686a.jpg HTTP/1.0" 200 271 "-" "Mozilla/5.0 (Linux; Android 7.0;) AppleWebKit/537.36 (KHTML, like Gecko) Mobile Safari/537.36 (compatible; PetalBot;+https://aspiegel.com/petalbot)"
176.49.39.4 - - [26/Dec/2020:11:55:23 +0100] "GET /images/med_prod/8435306265839.jpg HTTP/1.0" 200 268 "-" "Mozilla/5.0 (Windows NT 6.3) AppleWebKit/537.36 (KHTML, like Gecko) Chrome/87.0.4280.60 YaBrowser/20.12.0.966 Yowser/2.5 Safari/537.36"
17.58.101.145 - - [26/Dec/2020:11:55:45 +0100] "GET /pill-box-provence-p-51387.html HTTP/1.0" 200 72544 "-" "Mozilla/5.0 (Macintosh; Intel Mac OS X 10_15_5) AppleWebKit/605.1.15 (KHTML, like Gecko) Version/13.1.1 Safari/605.1.15 (Applebot/0.1; +http://www.apple.com/go/applebot)"
54.37.23.179 - - [26/Dec/2020:11:55:46 +0100] "GET /images/big_prod_5/4542202653265F.jpg HTTP/1.0" 200 271 "-" "-"
54.37.23.179 - - [26/Dec/2020:11:55:46 +0100] "GET /images/big_prod_4/4542202653265D.jpg HTTP/1.0" 200 271 "-" "-"
54.37.23.179 - - [26/Dec/2020:11:56:07 +0100] "GET /images/big_prod_2/b4542202653265.jpg HTTP/1.0" 200 271 "-" "-"
54.36.148.87 - - [26/Dec/2020:11:56:16 +0100] "GET /bagshandbags-shoulder-bags-c-31_81.html?page=8 HTTP/1.0" 200 96431 "-" "Mozilla/5.0 (compatible; AhrefsBot/7.0; +http://ahrefs.com/robot/)"
54.37.23.179 - - [26/Dec/2020:11:56:27 +0100] "GET /images/big_prod_3/4542202653265C.jpg HTTP/1.0" 200 271 "-" "-"
216.18.204.200 - - [26/Dec/2020:11:56:36 +0100] "GET / HTTP/1.0" 200 150459 "-" "Mozilla/5.0 (compatible; Adsbot/3.1)"
54.37.23.179 - - [26/Dec/2020:11:56:47 +0100] "GET /images/big_prod_1/4542202653265fred.jpg HTTP/1.0" 200 274 "-" "-"
207.46.13.49 - - [26/Dec/2020:11:58:58 +0100] "GET /cat-coat-rack-p-50130.html HTTP/1.0" 200 72345 "-" "Mozilla/5.0 (compatible; bingbot/2.0; +http://www.bing.com/bingbot.htm)"
13.66.139.41 - - [26/Dec/2020:11:59:02 +0100] "GET /-p-19624.html HTTP/1.0" 200 69192 "-" "Mozilla/5.0 (compatible; bingbot/2.0; +http://www.bing.com/bingbot.htm)"
13.66.139.41 - - [26/Dec/2020:11:59:03 +0100] "GET /-p-38831.html HTTP/1.0" 200 69192 "-" "Mozilla/5.0 (compatible; bingbot/2.0; +http://www.bing.com/bingbot.htm)"
13.66.139.41 - - [26/Dec/2020:11:59:13 +0100] "GET /-p-29019.html HTTP/1.0" 200 69192 "-" "Mozilla/5.0 (compatible; bingbot/2.0; +http://www.bing.com/bingbot.htm)"
114.119.132.105 - - [26/Dec/2020:11:59:21 +0100] "GET /images/mini_prod/18132.jpg HTTP/1.0" 200 261 "-" "Mozilla/5.0 (Linux; Android 7.0;) AppleWebKit/537.36 (KHTML, like Gecko) Mobile Safari/537.36 (compatible; PetalBot;+https://aspiegel.com/petalbot)"
207.46.13.49 - - [26/Dec/2020:12:00:25 +0100] "GET /mani-the-lucky-cat-white-orange-flower-keychain-p-33273.html HTTP/1.0" 200 69418 "-" "Mozilla/5.0 (compatible; bingbot/2.0; +http://www.bing.com/bingbot.htm)"
157.55.39.214 - - [26/Dec/2020:12:01:34 +0100] "GET /harley-davidson-genuine-finest-quality-lighter-p-45312.html HTTP/1.0" 200 73078 "-" "Mozilla/5.0 (compatible; bingbot/2.0; +http://www.bing.com/bingbot.htm)"
207.46.13.49 - - [26/Dec/2020:12:02:45 +0100] "GET /strawberry-shortcake-sweater-p-31122.html HTTP/1.0" 200 73071 "-" "Mozilla/5.0 (compatible; bingbot/2.0; +http://www.bing.com/bingbot.htm)"
114.119.147.45 - - [26/Dec/2020:12:03:42 +0100] "GET /images/mini_prod/8424001519088.jpg HTTP/1.0" 200 269 "-" "Mozilla/5.0 (Linux; Android 7.0;) AppleWebKit/537.36 (KHTML, like Gecko) Mobile Safari/537.36 (compatible; PetalBot;+https://aspiegel.com/petalbot)"
54.36.148.156 - - [26/Dec/2020:12:05:24 +0100] "GET /beautiful-ballerina-minnie-mouse-figurine-p-13281.html HTTP/1.0" 301 69259 "-" "Mozilla/5.0 (compatible; AhrefsBot/7.0; +http://ahrefs.com/robot/)"
51.68.224.127 - - [26/Dec/2020:12:05:40 +0100] "GET /adminweb/export_orders_xml.php?token=256de2z6edz6ed2z6DFSFsed2zed6zeDSFDSGdzedezfzf&maxorders=10&orderstart=1&status=14&start_date=2018-10-01 HTTP/1.0" 200 285 "-" "GesCom CharlotteBoutik Serveur"
51.68.224.127 - - [26/Dec/2020:12:05:40 +0100] "GET /adminweb/export_orders_xml.php?token=256de2z6edz6ed2z6DFSFsed2zed6zeDSFDSGdzedezfzf&maxorders=10&orderstart=1&status=6&start_date=2018-10-01 HTTP/1.0" 200 30026 "-" "GesCom CharlotteBoutik Serveur"
157.55.39.94 - - [26/Dec/2020:12:05:41 +0100] "GET /bracelets-c-3_200.html?page=1 HTTP/1.0" 200 89772 "-" "Mozilla/5.0 (compatible; bingbot/2.0; +http://www.bing.com/bingbot.htm)"
207.46.13.51 - - [26/Dec/2020:12:05:46 +0100] "GET /bodega-bottle-stoppers-p-39485.html HTTP/1.0" 200 71811 "-" "Mozilla/5.0 (compatible; bingbot/2.0; +http://www.bing.com/bingbot.htm)"
13.66.139.41 - - [26/Dec/2020:12:06:13 +0100] "GET /-p-6621.html HTTP/1.0" 200 69190 "-" "Mozilla/5.0 (compatible; bingbot/2.0; +http://www.bing.com/bingbot.htm)"
54.36.148.142 - - [26/Dec/2020:12:07:22 +0100] "GET /household-linen-c-11.html?page=39 HTTP/1.0" 200 91448 "-" "Mozilla/5.0 (compatible; AhrefsBot/7.0; +http://ahrefs.com/robot/)"
17.58.101.145 - - [26/Dec/2020:12:07:57 +0100] "GET /vase-flower-pot-and-soliflore-c-13_232.html HTTP/1.0" 200 90290 "-" "Mozilla/5.0 (Macintosh; Intel Mac OS X 10_15_5) AppleWebKit/605.1.15 (KHTML, like Gecko) Version/13.1.1 Safari/605.1.15 (Applebot/0.1; +http://www.apple.com/go/applebot)"
114.119.154.200 - - [26/Dec/2020:12:08:04 +0100] "GET /images/big_prod_1/1328399219315b.jpg HTTP/1.0" 200 271 "-" "Mozilla/5.0 (Linux; Android 7.0;) AppleWebKit/537.36 (KHTML, like Gecko) Mobile Safari/537.36 (compatible; PetalBot;+https://aspiegel.com/petalbot)"
207.46.13.49 - - [26/Dec/2020:12:08:27 +0100] "GET /-p-13915.html HTTP/1.0" 200 69192 "-" "Mozilla/5.0 (compatible; bingbot/2.0; +http://www.bing.com/bingbot.htm)"
207.46.13.158 - - [26/Dec/2020:12:09:04 +0100] "GET /highslide/graphics/loader.white.gif HTTP/1.0" 200 960 "-" "Mozilla/5.0 (compatible; bingbot/2.0; +http://www.bing.com/bingbot.htm)"
157.55.39.94 - - [26/Dec/2020:12:09:08 +0100] "GET /design/productsenstock.png HTTP/1.0" 200 260 "-" "Mozilla/5.0 (compatible; bingbot/2.0; +http://www.bing.com/bingbot.htm)"
157.55.39.186 - - [26/Dec/2020:12:09:28 +0100] "GET /swfobject.js HTTP/1.0" 404 1308 "-" "Mozilla/5.0 (compatible; bingbot/2.0; +http://www.bing.com/bingbot.htm)"
207.46.13.158 - - [26/Dec/2020:12:09:55 +0100] "GET /games-and-toys/board-games/noddy-puzzles-set-p-6633.html HTTP/1.0" 301 69256 "-" "Mozilla/5.0 (compatible; bingbot/2.0; +http://www.bing.com/bingbot.htm)"
40.77.167.36 - - [26/Dec/2020:12:10:42 +0100] "GET /tin-candle-heart-and-home-home-for-christmas-p-53315.html HTTP/1.0" 200 73425 "-" "Mozilla/5.0 (compatible; bingbot/2.0; +http://www.bing.com/bingbot.htm)"
66.249.70.36 - - [26/Dec/2020:12:11:49 +0100] "GET /rings-c-3_257.html HTTP/1.0" 200 83587 "-" "Mozilla/5.0 (Linux; Android 6.0.1; Nexus 5X Build/MMB29P) AppleWebKit/537.36 (KHTML, like Gecko) Chrome/87.0.4280.90 Mobile Safari/537.36 (compatible; Googlebot/2.1; +http://www.google.com/bot.html)"
157.55.39.186 - - [26/Dec/2020:12:12:17 +0100] "GET /red-moneybox-safe-p-40192.html HTTP/1.0" 200 71607 "-" "Mozilla/5.0 (compatible; bingbot/2.0; +http://www.bing.com/bingbot.htm)"
114.119.150.15 - - [26/Dec/2020:12:12:24 +0100] "GET /images/mini_prod/9316188065412.jpg HTTP/1.0" 200 269 "-" "Mozilla/5.0 (Linux; Android 7.0;) AppleWebKit/537.36 (KHTML, like Gecko) Mobile Safari/537.36 (compatible; PetalBot;+https://aspiegel.com/petalbot)"
54.36.148.46 - - [26/Dec/2020:12:12:29 +0100] "GET /frosted-glass-betty-boop-eighteen-p-52349.html HTTP/1.0" 200 71586 "-" "Mozilla/5.0 (compatible; AhrefsBot/7.0; +http://ahrefs.com/robot/)"
54.38.90.228 - - [26/Dec/2020:12:14:17 +0100] "GET /images/big_prod_2/b028399188536.jpg HTTP/1.0" 200 270 "-" "-"
54.38.90.228 - - [26/Dec/2020:12:14:37 +0100] "GET /images/big_prod_1/c028399188536.jpg HTTP/1.0" 200 270 "-" "-"
54.38.90.228 - - [26/Dec/2020:12:14:57 +0100] "GET /images/big_prod_3/a028399188536.jpg HTTP/1.0" 200 270 "-" "-"
5.34.180.192 - - [26/Dec/2020:12:15:44 +0100] "GET /snowman-solar-powered-dancing-p-34143.html]Test HTTP/1.0" 301 609 "https://greenshop.su/" "Mozilla/4.0 (compatible; MSIE 6.0; MSIE 5.5; Windows NT 4.0) Opera 7.0 [en]"
5.34.180.192 - - [26/Dec/2020:12:15:44 +0100] "GET /snowman-solar-powered-dancing-p-34143.html]Test HTTP/1.0" 301 609 "https://greenshop.su/" "Mozilla/4.0 (compatible; MSIE 6.0; MSIE 5.5; Windows NT 4.0) Opera 7.0 [en]"
5.34.180.192 - - [26/Dec/2020:12:15:44 +0100] "GET /snowman-solar-powered-dancing-p-34143.html]Test HTTP/1.0" 301 609 "https://greenshop.su/" "Mozilla/4.0 (compatible; MSIE 6.0; MSIE 5.5; Windows NT 4.0) Opera 7.0 [en]"
157.55.39.214 - - [26/Dec/2020:12:15:44 +0100] "GET /wax-melt-cerulean-sky-p-38944.html HTTP/1.0" 200 72425 "-" "Mozilla/5.0 (compatible; bingbot/2.0; +http://www.bing.com/bingbot.htm)"
108.59.8.80 - - [26/Dec/2020:12:16:32 +0100] "GET /robots.txt HTTP/1.0" 200 245 "-" "Mozilla/5.0 (compatible; MJ12bot/v1.4.8; http://mj12bot.com/)"
108.59.8.80 - - [26/Dec/2020:12:16:35 +0100] "GET / HTTP/1.0" 200 150038 "-" "Mozilla/5.0 (compatible; MJ12bot/v1.4.8; http://mj12bot.com/)"
114.119.154.200 - - [26/Dec/2020:12:16:40 +0100] "GET /images/mini_prod/3665269094572.jpg HTTP/1.0" 200 269 "-" "Mozilla/5.0 (Linux; Android 7.0;) AppleWebKit/537.36 (KHTML, like Gecko) Mobile Safari/537.36 (compatible; PetalBot;+https://aspiegel.com/petalbot)"
13.66.139.136 - - [26/Dec/2020:12:16:40 +0100] "GET /-p-29569.html HTTP/1.0" 200 69192 "-" "Mozilla/5.0 (compatible; bingbot/2.0; +http://www.bing.com/bingbot.htm)"
13.66.139.101 - - [26/Dec/2020:12:16:45 +0100] "GET /-p-15474.html HTTP/1.0" 200 69192 "-" "Mozilla/5.0 (compatible; bingbot/2.0; +http://www.bing.com/bingbot.htm)"
54.36.148.87 - - [26/Dec/2020:12:17:34 +0100] "GET /mini-trays-c-12_159_260.html?page=1 HTTP/1.0" 200 90849 "-" "Mozilla/5.0 (compatible; AhrefsBot/7.0; +http://ahrefs.com/robot/)"
17.58.101.145 - - [26/Dec/2020:12:18:00 +0100] "GET /candy-alarm-clock-by-cbkreation-p-25003.html HTTP/1.0" 200 71953 "-" "Mozilla/5.0 (Macintosh; Intel Mac OS X 10_15_5) AppleWebKit/605.1.15 (KHTML, like Gecko) Version/13.1.1 Safari/605.1.15 (Applebot/0.1; +http://www.apple.com/go/applebot)"
17.58.101.145 - - [26/Dec/2020:12:19:08 +0100] "GET /high-school-musical-pair-of-socks-size-36-40-p-46854.html HTTP/1.0" 200 69403 "-" "Mozilla/5.0 (Macintosh; Intel Mac OS X 10_15_5) AppleWebKit/605.1.15 (KHTML, like Gecko) Version/13.1.1 Safari/605.1.15 (Applebot/0.1; +http://www.apple.com/go/applebot)"
114.119.151.113 - - [26/Dec/2020:12:21:01 +0100] "GET /images/mini_prod/3574641038366a.jpg HTTP/1.0" 200 270 "-" "Mozilla/5.0 (Linux; Android 7.0;) AppleWebKit/537.36 (KHTML, like Gecko) Mobile Safari/537.36 (compatible; PetalBot;+https://aspiegel.com/petalbot)"
157.55.39.94 - - [26/Dec/2020:12:21:24 +0100] "GET /-p-16023.html HTTP/1.0" 200 69192 "-" "Mozilla/5.0 (compatible; bingbot/2.0; +http://www.bing.com/bingbot.htm)"
51.68.224.127 - - [26/Dec/2020:12:21:58 +0100] "GET /adminweb/export_orders_xml.php?token=256de2z6edz6ed2z6DFSFsed2zed6zeDSFDSGdzedezfzf&maxorders=10&orderstart=1&status=14&start_date=2018-10-01 HTTP/1.0" 200 285 "-" "GesCom CharlotteBoutik Serveur"
51.68.224.127 - - [26/Dec/2020:12:21:58 +0100] "GET /adminweb/export_orders_xml.php?token=256de2z6edz6ed2z6DFSFsed2zed6zeDSFDSGdzedezfzf&maxorders=10&orderstart=1&status=6&start_date=2018-10-01 HTTP/1.0" 200 30026 "-" "GesCom CharlotteBoutik Serveur"
207.46.13.225 - - [26/Dec/2020:12:22:41 +0100] "GET /-p-21931.html HTTP/1.0" 200 69192 "-" "Mozilla/5.0 (compatible; bingbot/2.0; +http://www.bing.com/bingbot.htm)"
54.36.148.52 - - [26/Dec/2020:12:22:44 +0100] "GET /support-metal-bottle-the-fireman-p-48456.html HTTP/1.0" 200 72608 "-" "Mozilla/5.0 (compatible; AhrefsBot/7.0; +http://ahrefs.com/robot/)"
218.89.222.187 - - [26/Dec/2020:12:23:12 +0100] "GET / HTTP/1.0" 200 150235 "-" "lwp-request/6.03 libwww-perl/6.03"
114.119.147.45 - - [26/Dec/2020:12:25:22 +0100] "GET /images/mini_prod/1345544806374.jpg HTTP/1.0" 200 269 "-" "Mozilla/5.0 (Linux; Android 7.0;) AppleWebKit/537.36 (KHTML, like Gecko) Mobile Safari/537.36 (compatible; PetalBot;+https://aspiegel.com/petalbot)"
54.36.148.87 - - [26/Dec/2020:12:27:36 +0100] "GET /boho-canvas-frame-40-30-cm-dream-catcher-p-41544.html HTTP/1.0" 200 72063 "-" "Mozilla/5.0 (compatible; AhrefsBot/7.0; +http://ahrefs.com/robot/)"
13.66.139.136 - - [26/Dec/2020:12:28:01 +0100] "GET /-p-21576.html HTTP/1.0" 200 69192 "-" "Mozilla/5.0 (compatible; bingbot/2.0; +http://www.bing.com/bingbot.htm)"
114.119.150.15 - - [26/Dec/2020:12:29:43 +0100] "GET /images/big_prod_1/4029811444694B.jpg HTTP/1.0" 200 271 "-" "Mozilla/5.0 (Linux; Android 7.0;) AppleWebKit/537.36 (KHTML, like Gecko) Mobile Safari/537.36 (compatible; PetalBot;+https://aspiegel.com/petalbot)"
17.58.101.145 - - [26/Dec/2020:12:29:44 +0100] "GET /strawberry-shortcake-hat-and-scarf-p-22133.html HTTP/1.0" 200 72046 "-" "Mozilla/5.0 (Macintosh; Intel Mac OS X 10_15_5) AppleWebKit/605.1.15 (KHTML, like Gecko) Version/13.1.1 Safari/605.1.15 (Applebot/0.1; +http://www.apple.com/go/applebot)"
17.58.101.145 - - [26/Dec/2020:12:29:46 +0100] "GET /card-holders-and-passport-cases-c-31_236.html HTTP/1.0" 200 90240 "-" "Mozilla/5.0 (Macintosh; Intel Mac OS X 10_15_5) AppleWebKit/605.1.15 (KHTML, like Gecko) Version/13.1.1 Safari/605.1.15 (Applebot/0.1; +http://www.apple.com/go/applebot)"
54.36.148.146 - - [26/Dec/2020:12:32:32 +0100] "GET /accessories-mobiles-c-3_17.html HTTP/1.0" 200 93504 "-" "Mozilla/5.0 (compatible; AhrefsBot/7.0; +http://ahrefs.com/robot/)"
157.55.39.214 - - [26/Dec/2020:12:32:40 +0100] "GET /llama-love-collection-mug-p-47573.html HTTP/1.0" 200 72481 "-" "Mozilla/5.0 (compatible; bingbot/2.0; +http://www.bing.com/bingbot.htm)"
114.119.132.105 - - [26/Dec/2020:12:34:04 +0100] "GET /cold-ultrasonic-diffuser-of-essential-oils-pineapple-shape-p-47514.html HTTP/1.0" 200 73376 "-" "Mozilla/5.0 (Linux; Android 7.0;) AppleWebKit/537.36 (KHTML, like Gecko) Mobile Safari/537.36 (compatible; PetalBot;+https://aspiegel.com/petalbot)"
192.0.100.83 - - [26/Dec/2020:12:34:13 +0100] "GET /images/big_prod/8718657461199.jpg HTTP/1.0" 200 268 "-" "Photon/1.0"
5.248.238.224 - - [26/Dec/2020:12:35:20 +0100] "GET / HTTP/1.0" 500 71798 "https://obiavo.by/" "Mozilla/4.0 (compatible; MSIE 6.0; Windows XP)"
5.248.238.224 - - [26/Dec/2020:12:35:21 +0100] "GET / HTTP/1.0" 200 145454 "https://obiavo.by/" "Mozilla/4.0 (compatible; MSIE 6.0; Windows XP)"
5.248.238.224 - - [26/Dec/2020:12:35:22 +0100] "GET / HTTP/1.0" 200 145454 "https://obiavo.by/" "Mozilla/4.0 (compatible; MSIE 6.0; Windows XP)"
54.36.148.87 - - [26/Dec/2020:12:37:19 +0100] "GET /office-ashtray-boat-p-52813.html HTTP/1.0" 200 72403 "-" "Mozilla/5.0 (compatible; AhrefsBot/7.0; +http://ahrefs.com/robot/)"
51.68.224.127 - - [26/Dec/2020:12:38:14 +0100] "GET /adminweb/export_orders_xml.php?token=256de2z6edz6ed2z6DFSFsed2zed6zeDSFDSGdzedezfzf&maxorders=10&orderstart=1&status=14&start_date=2018-10-01 HTTP/1.0" 200 285 "-" "GesCom CharlotteBoutik Serveur"
51.68.224.127 - - [26/Dec/2020:12:38:14 +0100] "GET /adminweb/export_orders_xml.php?token=256de2z6edz6ed2z6DFSFsed2zed6zeDSFDSGdzedezfzf&maxorders=10&orderstart=1&status=6&start_date=2018-10-01 HTTP/1.0" 200 30026 "-" "GesCom CharlotteBoutik Serveur"
114.119.151.113 - - [26/Dec/2020:12:38:25 +0100] "GET /cats-dubout-cotton-kitchen-towel-made-in-france-p-36633.html HTTP/1.0" 200 69374 "-" "Mozilla/5.0 (Linux; Android 7.0;) AppleWebKit/537.36 (KHTML, like Gecko) Mobile Safari/537.36 (compatible; PetalBot;+https://aspiegel.com/petalbot)"
195.123.209.118 - - [26/Dec/2020:12:41:26 +0100] "GET /snowman-solar-powered-dancing-p-34143.html]Test HTTP/1.0" 301 609 "https://guidefs.ru/" "Mozilla/4.0 (compatible; MSIE 7.0b; Windows NT 6.0)"
195.123.209.118 - - [26/Dec/2020:12:41:27 +0100] "GET /snowman-solar-powered-dancing-p-34143.html]Test HTTP/1.0" 301 609 "https://guidefs.ru/" "Mozilla/4.0 (compatible; MSIE 7.0b; Windows NT 6.0)"
195.123.209.118 - - [26/Dec/2020:12:41:27 +0100] "GET /snowman-solar-powered-dancing-p-34143.html]Test HTTP/1.0" 301 609 "https://guidefs.ru/" "Mozilla/4.0 (compatible; MSIE 7.0b; Windows NT 6.0)"
157.55.39.186 - - [26/Dec/2020:12:41:36 +0100] "GET /cats-by-dubout-metal-plate-p-30394.html HTTP/1.0" 200 71914 "-" "Mozilla/5.0 (compatible; bingbot/2.0; +http://www.bing.com/bingbot.htm)"
157.55.39.186 - - [26/Dec/2020:12:41:37 +0100] "GET /ceramic-planter-turquoise-blue-medium-model-p-52570.html HTTP/1.0" 200 72737 "-" "Mozilla/5.0 (compatible; bingbot/2.0; +http://www.bing.com/bingbot.htm)"
54.36.148.87 - - [26/Dec/2020:12:42:28 +0100] "GET /the-little-prince-isothermic-stainless-steel-bottle-p-53160.html HTTP/1.0" 200 72085 "-" "Mozilla/5.0 (compatible; AhrefsBot/7.0; +http://ahrefs.com/robot/)"
207.46.13.51 - - [26/Dec/2020:12:42:33 +0100] "GET /keyrings-c-31_52.html HTTP/1.0" 200 93026 "-" "Mozilla/5.0 (compatible; bingbot/2.0; +http://www.bing.com/bingbot.htm)"
114.119.129.36 - - [26/Dec/2020:12:42:46 +0100] "GET /images/mini_prod/MISES-EN-SITUATION-13.jpg HTTP/1.0" 200 277 "-" "Mozilla/5.0 (Linux; Android 7.0;) AppleWebKit/537.36 (KHTML, like Gecko) Mobile Safari/537.36 (compatible; PetalBot;+https://aspiegel.com/petalbot)"
13.66.139.41 - - [26/Dec/2020:12:44:37 +0100] "GET /-p-18556.html HTTP/1.0" 200 69192 "-" "Mozilla/5.0 (compatible; bingbot/2.0; +http://www.bing.com/bingbot.htm)"
207.46.13.225 - - [26/Dec/2020:12:45:07 +0100] "GET /toy-story-mr-prickles-figure-p-6754.html HTTP/1.0" 200 71984 "-" "Mozilla/5.0 (compatible; bingbot/2.0; +http://www.bing.com/bingbot.htm)"
207.46.13.51 - - [26/Dec/2020:12:45:57 +0100] "GET /sea-turtle-wwf-plush-p-33451.html HTTP/1.0" 200 71942 "-" "Mozilla/5.0 (compatible; bingbot/2.0; +http://www.bing.com/bingbot.htm)"
13.66.139.41 - - [26/Dec/2020:12:46:02 +0100] "GET /-p-7291.html HTTP/1.0" 200 69190 "-" "Mozilla/5.0 (compatible; bingbot/2.0; +http://www.bing.com/bingbot.htm)"
13.66.139.136 - - [26/Dec/2020:12:46:33 +0100] "GET /-p-23889.html HTTP/1.0" 200 69192 "-" "Mozilla/5.0 (compatible; bingbot/2.0; +http://www.bing.com/bingbot.htm)"
13.66.139.41 - - [26/Dec/2020:12:46:37 +0100] "GET /-p-23811.html HTTP/1.0" 200 69192 "-" "Mozilla/5.0 (compatible; bingbot/2.0; +http://www.bing.com/bingbot.htm)"
114.119.132.105 - - [26/Dec/2020:12:47:02 +0100] "GET /marseille-set-bar-p-14931.html HTTP/1.0" 200 72621 "-" "Mozilla/5.0 (Linux; Android 7.0;) AppleWebKit/537.36 (KHTML, like Gecko) Mobile Safari/537.36 (compatible; PetalBot;+https://aspiegel.com/petalbot)"
66.249.70.36 - - [26/Dec/2020:12:47:21 +0100] "GET /black-fancy-elastic-bracelet-p-43726.html HTTP/1.0" 200 71832 "-" "Mozilla/5.0 (compatible; Googlebot/2.1; +http://www.google.com/bot.html)"
54.36.148.87 - - [26/Dec/2020:12:47:43 +0100] "GET /quibe-almost-black-handbag-made-in-france-p-52342.html HTTP/1.0" 200 69350 "-" "Mozilla/5.0 (compatible; AhrefsBot/7.0; +http://ahrefs.com/robot/)"
17.58.101.145 - - [26/Dec/2020:12:48:52 +0100] "GET /images/mini_prod/1399984236628.jpg HTTP/1.0" 200 269 "-" "Mozilla/5.0 (Macintosh; Intel Mac OS X 10_15_5) AppleWebKit/605.1.15 (KHTML, like Gecko) Version/13.1.1 Safari/605.1.15 (Applebot/0.1; +http://www.apple.com/go/applebot)"
77.75.77.62 - - [26/Dec/2020:12:49:38 +0100] "GET /robots.txt HTTP/1.0" 200 245 "-" "Mozilla/5.0 (compatible; SeznamBot/3.2; +http://napoveda.seznam.cz/en/seznambot-intro/)"
77.75.77.62 - - [26/Dec/2020:12:49:38 +0100] "GET /images/mini_prod/3665269056204.jpg HTTP/1.0" 200 269 "-" "Mozilla/5.0 (compatible; SeznamBot/3.2; +http://napoveda.seznam.cz/en/seznambot-intro/)"
17.58.101.145 - - [26/Dec/2020:12:49:44 +0100] "GET /images/mini_prod/3574641009335.jpg HTTP/1.0" 200 269 "-" "Mozilla/5.0 (Macintosh; Intel Mac OS X 10_15_5) AppleWebKit/605.1.15 (KHTML, like Gecko) Version/13.1.1 Safari/605.1.15 (Applebot/0.1; +http://www.apple.com/go/applebot)"
207.46.13.51 - - [26/Dec/2020:12:50:39 +0100] "GET /stitch-guitar-collection-statuette-p-47678.html HTTP/1.0" 200 73567 "-" "Mozilla/5.0 (compatible; bingbot/2.0; +http://www.bing.com/bingbot.htm)"
114.119.154.200 - - [26/Dec/2020:12:51:23 +0100] "GET /images/big_prod/8422078576522.jpg HTTP/1.0" 200 268 "-" "Mozilla/5.0 (Linux; Android 7.0;) AppleWebKit/537.36 (KHTML, like Gecko) Mobile Safari/537.36 (compatible; PetalBot;+https://aspiegel.com/petalbot)"
5.9.88.113 - - [26/Dec/2020:12:51:24 +0100] "GET /robots.txt HTTP/1.0" 301 531 "-" "Mozilla/5.0 (compatible; MJ12bot/v1.4.8; http://mj12bot.com/)"
5.9.88.113 - - [26/Dec/2020:12:51:24 +0100] "GET /robots.txt HTTP/1.0" 200 245 "-" "Mozilla/5.0 (compatible; MJ12bot/v1.4.8; http://mj12bot.com/)"
5.9.88.113 - - [26/Dec/2020:12:51:25 +0100] "GET /coca-cola-large-box-p-31654.html HTTP/1.0" 301 575 "-" "Mozilla/5.0 (compatible; MJ12bot/v1.4.8; http://mj12bot.com/)"
5.9.88.113 - - [26/Dec/2020:12:51:27 +0100] "GET /coca-cola-large-box-p-31654.html HTTP/1.0" 200 69258 "-" "Mozilla/5.0 (compatible; MJ12bot/v1.4.8; http://mj12bot.com/)"
5.9.88.113 - - [26/Dec/2020:12:51:29 +0100] "GET /decorations-and-furnishings/furnishings/usa-flag-bar-stool-p-17570.html HTTP/1.0" 301 653 "-" "Mozilla/5.0 (compatible; MJ12bot/v1.4.8; http://mj12bot.com/)"
5.9.88.113 - - [26/Dec/2020:12:51:30 +0100] "GET /decorations-and-furnishings/furnishings/usa-flag-bar-stool-p-17570.html HTTP/1.0" 301 71657 "-" "Mozilla/5.0 (compatible; MJ12bot/v1.4.8; http://mj12bot.com/)"
5.9.88.113 - - [26/Dec/2020:12:51:32 +0100] "GET /usa-flag-bar-stool-p-17570.html HTTP/1.0" 200 71572 "-" "Mozilla/5.0 (compatible; MJ12bot/v1.4.8; http://mj12bot.com/)"
5.9.88.113 - - [26/Dec/2020:12:51:34 +0100] "GET /-p-10089.html HTTP/1.0" 200 69192 "-" "Mozilla/5.0 (compatible; MJ12bot/v1.4.8; http://mj12bot.com/)"
5.9.88.113 - - [26/Dec/2020:12:51:36 +0100] "GET /-p-30817.html HTTP/1.0" 200 69192 "-" "Mozilla/5.0 (compatible; MJ12bot/v1.4.8; http://mj12bot.com/)"
5.9.88.113 - - [26/Dec/2020:12:51:38 +0100] "GET /-p-3083.html HTTP/1.0" 200 69190 "-" "Mozilla/5.0 (compatible; MJ12bot/v1.4.8; http://mj12bot.com/)"
5.9.88.113 - - [26/Dec/2020:12:51:40 +0100] "GET /-p-30837.html HTTP/1.0" 200 69192 "-" "Mozilla/5.0 (compatible; MJ12bot/v1.4.8; http://mj12bot.com/)"
5.9.88.113 - - [26/Dec/2020:12:51:41 +0100] "GET /-p-3088.html HTTP/1.0" 200 69190 "-" "Mozilla/5.0 (compatible; MJ12bot/v1.4.8; http://mj12bot.com/)"
5.9.88.113 - - [26/Dec/2020:12:51:43 +0100] "GET /-p-39768.html HTTP/1.0" 200 69192 "-" "Mozilla/5.0 (compatible; MJ12bot/v1.4.8; http://mj12bot.com/)"
5.9.88.113 - - [26/Dec/2020:12:51:45 +0100] "GET /-p-39831.html HTTP/1.0" 200 69192 "-" "Mozilla/5.0 (compatible; MJ12bot/v1.4.8; http://mj12bot.com/)"
5.9.88.113 - - [26/Dec/2020:12:51:47 +0100] "GET /-p-39839.html HTTP/1.0" 200 69192 "-" "Mozilla/5.0 (compatible; MJ12bot/v1.4.8; http://mj12bot.com/)"
17.58.101.145 - - [26/Dec/2020:12:51:48 +0100] "GET /images/mini_prod/8499132034106.jpg HTTP/1.0" 200 269 "-" "Mozilla/5.0 (Macintosh; Intel Mac OS X 10_15_5) AppleWebKit/605.1.15 (KHTML, like Gecko) Version/13.1.1 Safari/605.1.15 (Applebot/0.1; +http://www.apple.com/go/applebot)"
5.9.88.113 - - [26/Dec/2020:12:51:49 +0100] "GET /-p-39863.html HTTP/1.0" 200 69192 "-" "Mozilla/5.0 (compatible; MJ12bot/v1.4.8; http://mj12bot.com/)"
5.9.88.113 - - [26/Dec/2020:12:51:50 +0100] "GET /-p-40852.html HTTP/1.0" 200 69192 "-" "Mozilla/5.0 (compatible; MJ12bot/v1.4.8; http://mj12bot.com/)"
5.9.88.113 - - [26/Dec/2020:12:51:52 +0100] "GET /-p-40939.html HTTP/1.0" 200 69192 "-" "Mozilla/5.0 (compatible; MJ12bot/v1.4.8; http://mj12bot.com/)"
5.9.88.113 - - [26/Dec/2020:12:51:54 +0100] "GET /-p-40942.html HTTP/1.0" 200 69192 "-" "Mozilla/5.0 (compatible; MJ12bot/v1.4.8; http://mj12bot.com/)"
5.9.88.113 - - [26/Dec/2020:12:51:56 +0100] "GET /-p-41950.html HTTP/1.0" 200 69192 "-" "Mozilla/5.0 (compatible; MJ12bot/v1.4.8; http://mj12bot.com/)"
5.9.88.113 - - [26/Dec/2020:12:51:57 +0100] "GET /-p-41957.html HTTP/1.0" 200 69192 "-" "Mozilla/5.0 (compatible; MJ12bot/v1.4.8; http://mj12bot.com/)"
5.9.88.113 - - [26/Dec/2020:12:51:59 +0100] "GET /-p-41965.html HTTP/1.0" 200 69192 "-" "Mozilla/5.0 (compatible; MJ12bot/v1.4.8; http://mj12bot.com/)"
5.9.88.113 - - [26/Dec/2020:12:52:01 +0100] "GET /-p-41984.html HTTP/1.0" 200 69192 "-" "Mozilla/5.0 (compatible; MJ12bot/v1.4.8; http://mj12bot.com/)"
5.9.88.113 - - [26/Dec/2020:12:52:03 +0100] "GET /-p-45359.html HTTP/1.0" 200 69192 "-" "Mozilla/5.0 (compatible; MJ12bot/v1.4.8; http://mj12bot.com/)"
5.9.88.113 - - [26/Dec/2020:12:52:04 +0100] "GET /-p-46721.html HTTP/1.0" 200 69192 "-" "Mozilla/5.0 (compatible; MJ12bot/v1.4.8; http://mj12bot.com/)"
5.9.88.113 - - [26/Dec/2020:12:52:06 +0100] "GET /-p-48770.html HTTP/1.0" 200 69192 "-" "Mozilla/5.0 (compatible; MJ12bot/v1.4.8; http://mj12bot.com/)"
5.9.88.113 - - [26/Dec/2020:12:52:08 +0100] "GET /-p-48775.html HTTP/1.0" 200 69192 "-" "Mozilla/5.0 (compatible; MJ12bot/v1.4.8; http://mj12bot.com/)"
5.9.88.113 - - [26/Dec/2020:12:52:10 +0100] "GET /-p-48777.html HTTP/1.0" 200 69192 "-" "Mozilla/5.0 (compatible; MJ12bot/v1.4.8; http://mj12bot.com/)"
5.9.88.113 - - [26/Dec/2020:12:52:11 +0100] "GET /-p-51664.html HTTP/1.0" 200 69192 "-" "Mozilla/5.0 (compatible; MJ12bot/v1.4.8; http://mj12bot.com/)"
5.9.88.113 - - [26/Dec/2020:12:52:13 +0100] "GET /achilles-statue-225-cm-p-40910.html HTTP/1.0" 200 71914 "-" "Mozilla/5.0 (compatible; MJ12bot/v1.4.8; http://mj12bot.com/)"
5.9.88.113 - - [26/Dec/2020:12:52:15 +0100] "GET /alarms-clocks-clocks-and-watches/alarms-clocks/nici-cat-mini-alarm-clock-p-10089.html HTTP/1.0" 301 69259 "-" "Mozilla/5.0 (compatible; MJ12bot/v1.4.8; http://mj12bot.com/)"
5.9.88.113 - - [26/Dec/2020:12:52:17 +0100] "GET /-p-10089.html HTTP/1.0" 200 69192 "-" "Mozilla/5.0 (compatible; MJ12bot/v1.4.8; http://mj12bot.com/)"
5.9.88.113 - - [26/Dec/2020:12:52:18 +0100] "GET /alarms-clocks-clocks-and-watches/clocks/coca-cola-neon-guitar-clock-p-23263.html HTTP/1.0" 301 69259 "-" "Mozilla/5.0 (compatible; MJ12bot/v1.4.8; http://mj12bot.com/)"
5.9.88.113 - - [26/Dec/2020:12:52:20 +0100] "GET /-p-23263.html HTTP/1.0" 200 69192 "-" "Mozilla/5.0 (compatible; MJ12bot/v1.4.8; http://mj12bot.com/)"
5.9.88.113 - - [26/Dec/2020:12:52:22 +0100] "GET /anubis-statue-in-resin-p-48743.html HTTP/1.0" 200 69282 "-" "Mozilla/5.0 (compatible; MJ12bot/v1.4.8; http://mj12bot.com/)"
5.9.88.113 - - [26/Dec/2020:12:52:24 +0100] "GET /away-in-manger-mini-nativity-jim-shore-heartwood-creek-p-41965.html HTTP/1.0" 301 69259 "-" "Mozilla/5.0 (compatible; MJ12bot/v1.4.8; http://mj12bot.com/)"
5.9.88.113 - - [26/Dec/2020:12:52:25 +0100] "GET /-p-41965.html HTTP/1.0" 200 69192 "-" "Mozilla/5.0 (compatible; MJ12bot/v1.4.8; http://mj12bot.com/)"
5.9.88.113 - - [26/Dec/2020:12:52:27 +0100] "GET /bamboo-bread-box-p-41857.html HTTP/1.0" 200 71903 "-" "Mozilla/5.0 (compatible; MJ12bot/v1.4.8; http://mj12bot.com/)"
35.206.149.86 - - [26/Dec/2020:12:52:27 +0100] "GET / HTTP/1.0" 301 511 "-" "Wappalyzer"
35.206.149.86 - - [26/Dec/2020:12:52:28 +0100] "GET /highslide/highslide.js HTTP/1.0" 200 262 "http://www.wonder-geek.com/" "Wappalyzer"
35.206.149.86 - - [26/Dec/2020:12:52:28 +0100] "GET /js/jquery.js HTTP/1.0" 200 252 "http://www.wonder-geek.com/" "Wappalyzer"
35.206.149.86 - - [26/Dec/2020:12:52:28 +0100] "GET /js/jquery.jqzoom.js HTTP/1.0" 200 259 "http://www.wonder-geek.com/" "Wappalyzer"
35.206.149.86 - - [26/Dec/2020:12:52:28 +0100] "GET /mondial_relay/js/jquery-1.3.2.min.js HTTP/1.0" 200 276 "http://www.wonder-geek.com/" "Wappalyzer"
35.206.149.86 - - [26/Dec/2020:12:52:28 +0100] "GET /swfobject.js HTTP/1.0" 404 1308 "http://www.wonder-geek.com/" "Wappalyzer"
35.206.149.86 - - [26/Dec/2020:12:52:28 +0100] "GET /js/jquery.min.js HTTP/1.0" 404 1308 "http://www.wonder-geek.com/" "Wappalyzer"
35.206.149.86 - - [26/Dec/2020:12:52:28 +0100] "GET /js/jquery.masonry.min.js HTTP/1.0" 200 264 "http://www.wonder-geek.com/" "Wappalyzer"
35.206.149.86 - - [26/Dec/2020:12:52:28 +0100] "GET /js/modernizr-transitions.js HTTP/1.0" 200 267 "http://www.wonder-geek.com/" "Wappalyzer"
35.206.149.86 - - [26/Dec/2020:12:52:28 +0100] "GET /swfobject.js HTTP/1.0" 404 1308 "http://www.wonder-geek.com/" "Wappalyzer"
35.206.149.86 - - [26/Dec/2020:12:52:27 +0100] "GET / HTTP/1.0" 200 149927 "-" "Wappalyzer"
35.206.149.86 - - [26/Dec/2020:12:52:28 +0100] "GET /js/jquery.min.js HTTP/1.0" 404 1308 "http://www.wonder-geek.com/" "Wappalyzer"
5.9.88.113 - - [26/Dec/2020:12:52:29 +0100] "GET /belle-enchanted-figure-collection-p-41969.html HTTP/1.0" 200 72485 "-" "Mozilla/5.0 (compatible; MJ12bot/v1.4.8; http://mj12bot.com/)"
54.36.149.10 - - [26/Dec/2020:12:52:30 +0100] "GET /decorative-turtle-figurine-suspended-to-decorate-the-vases-p-52688.html HTTP/1.0" 200 72236 "-" "Mozilla/5.0 (compatible; AhrefsBot/7.0; +http://ahrefs.com/robot/)"
35.206.149.86 - - [26/Dec/2020:12:52:31 +0100] "GET / HTTP/1.0" 301 511 "-" "Wappalyzer"
35.206.149.86 - - [26/Dec/2020:12:52:31 +0100] "GET /highslide/highslide.js HTTP/1.0" 200 262 "http://www.wonder-geek.com/" "Wappalyzer"
35.206.149.86 - - [26/Dec/2020:12:52:31 +0100] "GET /js/jquery.js HTTP/1.0" 200 252 "http://www.wonder-geek.com/" "Wappalyzer"
35.206.149.86 - - [26/Dec/2020:12:52:31 +0100] "GET /js/jquery.jqzoom.js HTTP/1.0" 200 259 "http://www.wonder-geek.com/" "Wappalyzer"
35.206.149.86 - - [26/Dec/2020:12:52:31 +0100] "GET /mondial_relay/js/jquery-1.3.2.min.js HTTP/1.0" 200 276 "http://www.wonder-geek.com/" "Wappalyzer"
35.206.149.86 - - [26/Dec/2020:12:52:31 +0100] "GET /swfobject.js HTTP/1.0" 404 1308 "http://www.wonder-geek.com/" "Wappalyzer"
35.206.149.86 - - [26/Dec/2020:12:52:31 +0100] "GET /js/jquery.min.js HTTP/1.0" 404 1308 "http://www.wonder-geek.com/" "Wappalyzer"
35.206.149.86 - - [26/Dec/2020:12:52:31 +0100] "GET /js/modernizr-transitions.js HTTP/1.0" 200 267 "http://www.wonder-geek.com/" "Wappalyzer"
35.206.149.86 - - [26/Dec/2020:12:52:31 +0100] "GET /js/jquery.masonry.min.js HTTP/1.0" 200 264 "http://www.wonder-geek.com/" "Wappalyzer"
35.206.149.86 - - [26/Dec/2020:12:52:31 +0100] "GET / HTTP/1.0" 200 150192 "-" "Wappalyzer"
35.206.149.86 - - [26/Dec/2020:12:52:31 +0100] "GET /js/jquery.min.js HTTP/1.0" 404 1308 "http://www.wonder-geek.com/" "Wappalyzer"
5.9.88.113 - - [26/Dec/2020:12:52:31 +0100] "GET /best-price-in-town-wodden-frame-148-cm-342-cm-p-39968.html HTTP/1.0" 200 72103 "-" "Mozilla/5.0 (compatible; MJ12bot/v1.4.8; http://mj12bot.com/)"
5.9.88.113 - - [26/Dec/2020:12:52:34 +0100] "GET /black-buffalo-skull-jewelry-holder-and-white-horns-235-cm-p-46733.html HTTP/1.0" 200 69416 "-" "Mozilla/5.0 (compatible; MJ12bot/v1.4.8; http://mj12bot.com/)"
35.210.29.133 - - [26/Dec/2020:12:52:35 +0100] "GET / HTTP/1.0" 301 511 "-" "Wappalyzer"
35.210.29.133 - - [26/Dec/2020:12:52:35 +0100] "GET /js/jquery.js HTTP/1.0" 200 252 "http://www.wonder-geek.com/" "Wappalyzer"
35.210.29.133 - - [26/Dec/2020:12:52:35 +0100] "GET /highslide/highslide.js HTTP/1.0" 200 262 "http://www.wonder-geek.com/" "Wappalyzer"
35.210.29.133 - - [26/Dec/2020:12:52:35 +0100] "GET /js/jquery.jqzoom.js HTTP/1.0" 200 259 "http://www.wonder-geek.com/" "Wappalyzer"
35.210.29.133 - - [26/Dec/2020:12:52:35 +0100] "GET /mondial_relay/js/jquery-1.3.2.min.js HTTP/1.0" 200 276 "http://www.wonder-geek.com/" "Wappalyzer"
35.210.29.133 - - [26/Dec/2020:12:52:35 +0100] "GET /swfobject.js HTTP/1.0" 404 1308 "http://www.wonder-geek.com/" "Wappalyzer"
35.210.29.133 - - [26/Dec/2020:12:52:35 +0100] "GET /js/jquery.min.js HTTP/1.0" 404 1308 "http://www.wonder-geek.com/" "Wappalyzer"
35.210.29.133 - - [26/Dec/2020:12:52:35 +0100] "GET /js/jquery.masonry.min.js HTTP/1.0" 200 264 "http://www.wonder-geek.com/" "Wappalyzer"
35.210.29.133 - - [26/Dec/2020:12:52:35 +0100] "GET /js/modernizr-transitions.js HTTP/1.0" 200 267 "http://www.wonder-geek.com/" "Wappalyzer"
35.210.29.133 - - [26/Dec/2020:12:52:35 +0100] "GET / HTTP/1.0" 200 149870 "-" "Wappalyzer"
35.210.29.133 - - [26/Dec/2020:12:52:35 +0100] "GET /swfobject.js HTTP/1.0" 404 1308 "http://www.wonder-geek.com/" "Wappalyzer"
35.210.29.133 - - [26/Dec/2020:12:52:35 +0100] "GET /js/jquery.min.js HTTP/1.0" 404 1308 "http://www.wonder-geek.com/" "Wappalyzer"
5.9.88.113 - - [26/Dec/2020:12:52:37 +0100] "GET /black-led-skull-lamp-p-48766.html HTTP/1.0" 200 69262 "-" "Mozilla/5.0 (compatible; MJ12bot/v1.4.8; http://mj12bot.com/)"
5.9.88.113 - - [26/Dec/2020:12:52:39 +0100] "GET /blue-vintage-motorcycle-coat-rack-p-46695.html HTTP/1.0" 200 72000 "-" "Mozilla/5.0 (compatible; MJ12bot/v1.4.8; http://mj12bot.com/)"
35.210.108.250 - - [26/Dec/2020:12:52:41 +0100] "GET / HTTP/1.0" 301 511 "-" "Wappalyzer"
5.9.88.113 - - [26/Dec/2020:12:52:41 +0100] "GET /bordeaux-lama-bag-with-endless-knott-p-45355.html HTTP/1.0" 200 72301 "-" "Mozilla/5.0 (compatible; MJ12bot/v1.4.8; http://mj12bot.com/)"
35.210.108.250 - - [26/Dec/2020:12:52:42 +0100] "GET /highslide/highslide.js HTTP/1.0" 200 262 "http://www.wonder-geek.com/" "Wappalyzer"
35.210.108.250 - - [26/Dec/2020:12:52:42 +0100] "GET /js/jquery.js HTTP/1.0" 200 252 "http://www.wonder-geek.com/" "Wappalyzer"
35.210.108.250 - - [26/Dec/2020:12:52:42 +0100] "GET /mondial_relay/js/jquery-1.3.2.min.js HTTP/1.0" 200 276 "http://www.wonder-geek.com/" "Wappalyzer"
35.210.108.250 - - [26/Dec/2020:12:52:42 +0100] "GET /js/jquery.jqzoom.js HTTP/1.0" 200 259 "http://www.wonder-geek.com/" "Wappalyzer"
35.210.108.250 - - [26/Dec/2020:12:52:42 +0100] "GET /swfobject.js HTTP/1.0" 404 1308 "http://www.wonder-geek.com/" "Wappalyzer"
35.210.108.250 - - [26/Dec/2020:12:52:42 +0100] "GET /js/jquery.min.js HTTP/1.0" 404 1308 "http://www.wonder-geek.com/" "Wappalyzer"
35.210.108.250 - - [26/Dec/2020:12:52:43 +0100] "GET /js/jquery.masonry.min.js HTTP/1.0" 200 264 "http://www.wonder-geek.com/" "Wappalyzer"
35.210.108.250 - - [26/Dec/2020:12:52:43 +0100] "GET /js/modernizr-transitions.js HTTP/1.0" 200 267 "http://www.wonder-geek.com/" "Wappalyzer"
35.210.108.250 - - [26/Dec/2020:12:52:43 +0100] "GET /swfobject.js HTTP/1.0" 404 1308 "http://www.wonder-geek.com/" "Wappalyzer"
35.210.108.250 - - [26/Dec/2020:12:52:41 +0100] "GET / HTTP/1.0" 200 150161 "-" "Wappalyzer"
35.210.108.250 - - [26/Dec/2020:12:52:43 +0100] "GET /js/jquery.min.js HTTP/1.0" 404 1308 "http://www.wonder-geek.com/" "Wappalyzer"
5.9.88.113 - - [26/Dec/2020:12:52:43 +0100] "GET /box-for-bottles-of-essential-oils-in-sheesham-wood-p-48751.html HTTP/1.0" 200 69386 "-" "Mozilla/5.0 (compatible; MJ12bot/v1.4.8; http://mj12bot.com/)"
5.9.88.113 - - [26/Dec/2020:12:52:45 +0100] "GET /buddha-canvas-frame-40-40-cm-p-39966.html HTTP/1.0" 200 71949 "-" "Mozilla/5.0 (compatible; MJ12bot/v1.4.8; http://mj12bot.com/)"
5.9.88.113 - - [26/Dec/2020:12:52:46 +0100] "GET /cactus-mirror-wall-sticker-p-48770.html HTTP/1.0" 301 69259 "-" "Mozilla/5.0 (compatible; MJ12bot/v1.4.8; http://mj12bot.com/)"
35.206.149.86 - - [26/Dec/2020:12:52:48 +0100] "GET / HTTP/1.0" 301 511 "-" "Wappalyzer"
35.206.149.86 - - [26/Dec/2020:12:52:48 +0100] "GET /js/jquery.jqzoom.js HTTP/1.0" 200 259 "http://www.wonder-geek.com/" "Wappalyzer"
35.206.149.86 - - [26/Dec/2020:12:52:48 +0100] "GET /highslide/highslide.js HTTP/1.0" 200 262 "http://www.wonder-geek.com/" "Wappalyzer"
35.206.149.86 - - [26/Dec/2020:12:52:48 +0100] "GET /js/jquery.js HTTP/1.0" 200 252 "http://www.wonder-geek.com/" "Wappalyzer"
35.206.149.86 - - [26/Dec/2020:12:52:48 +0100] "GET /mondial_relay/js/jquery-1.3.2.min.js HTTP/1.0" 200 276 "http://www.wonder-geek.com/" "Wappalyzer"
35.206.149.86 - - [26/Dec/2020:12:52:48 +0100] "GET /swfobject.js HTTP/1.0" 404 1308 "http://www.wonder-geek.com/" "Wappalyzer"
35.206.149.86 - - [26/Dec/2020:12:52:48 +0100] "GET /swfobject.js HTTP/1.0" 404 1308 "http://www.wonder-geek.com/" "Wappalyzer"
35.206.149.86 - - [26/Dec/2020:12:52:48 +0100] "GET / HTTP/1.0" 200 150271 "-" "Wappalyzer"
35.206.149.86 - - [26/Dec/2020:12:52:48 +0100] "GET /js/modernizr-transitions.js HTTP/1.0" 200 267 "http://www.wonder-geek.com/" "Wappalyzer"
35.206.149.86 - - [26/Dec/2020:12:52:48 +0100] "GET /js/jquery.masonry.min.js HTTP/1.0" 200 264 "http://www.wonder-geek.com/" "Wappalyzer"
35.206.149.86 - - [26/Dec/2020:12:52:48 +0100] "GET /js/jquery.min.js HTTP/1.0" 404 1308 "http://www.wonder-geek.com/" "Wappalyzer"
5.9.88.113 - - [26/Dec/2020:12:52:48 +0100] "GET /-p-48770.html HTTP/1.0" 200 69192 "-" "Mozilla/5.0 (compatible; MJ12bot/v1.4.8; http://mj12bot.com/)"
5.9.88.113 - - [26/Dec/2020:12:52:51 +0100] "GET /cat-hot-water-bottle-p-45359.html HTTP/1.0" 301 69259 "-" "Mozilla/5.0 (compatible; MJ12bot/v1.4.8; http://mj12bot.com/)"
5.9.88.113 - - [26/Dec/2020:12:52:53 +0100] "GET /-p-45359.html HTTP/1.0" 200 69192 "-" "Mozilla/5.0 (compatible; MJ12bot/v1.4.8; http://mj12bot.com/)"
5.9.88.113 - - [26/Dec/2020:12:52:54 +0100] "GET /cement-tile-stickers-15-15-cm-p-51623.html HTTP/1.0" 200 72162 "-" "Mozilla/5.0 (compatible; MJ12bot/v1.4.8; http://mj12bot.com/)"
5.9.88.113 - - [26/Dec/2020:12:52:56 +0100] "GET /cement-tile-stickers-15-15-cm-p-51628.html HTTP/1.0" 200 72163 "-" "Mozilla/5.0 (compatible; MJ12bot/v1.4.8; http://mj12bot.com/)"
