5.9.88.113 - - [26/Dec/2020:12:52:58 +0100] "GET /ceramic-lamp-34-cm-p-52964.html HTTP/1.0" 200 71872 "-" "Mozilla/5.0 (compatible; MJ12bot/v1.4.8; http://mj12bot.com/)"
5.9.88.113 - - [26/Dec/2020:12:53:00 +0100] "GET /cheshire-cat-and-alice-figurine-figurine-p-41983.html HTTP/1.0" 200 73292 "-" "Mozilla/5.0 (compatible; MJ12bot/v1.4.8; http://mj12bot.com/)"
5.9.88.113 - - [26/Dec/2020:12:53:02 +0100] "GET /chi-wastepaper-basket-p-40953.html HTTP/1.0" 200 69288 "-" "Mozilla/5.0 (compatible; MJ12bot/v1.4.8; http://mj12bot.com/)"
5.9.88.113 - - [26/Dec/2020:12:53:04 +0100] "GET /cigale-of-provence-wooden-wall-decoration-to-hang-p-40939.html HTTP/1.0" 301 69259 "-" "Mozilla/5.0 (compatible; MJ12bot/v1.4.8; http://mj12bot.com/)"
5.9.88.113 - - [26/Dec/2020:12:53:05 +0100] "GET /-p-40939.html HTTP/1.0" 200 69192 "-" "Mozilla/5.0 (compatible; MJ12bot/v1.4.8; http://mj12bot.com/)"
5.9.88.113 - - [26/Dec/2020:12:53:07 +0100] "GET /coca-cola-large-box-p-31654.html HTTP/1.0" 200 69258 "-" "Mozilla/5.0 (compatible; MJ12bot/v1.4.8; http://mj12bot.com/)"
5.9.88.113 - - [26/Dec/2020:12:53:08 +0100] "GET /cold-beer-ottoman-storage-box-35-cm-p-40928.html HTTP/1.0" 200 69358 "-" "Mozilla/5.0 (compatible; MJ12bot/v1.4.8; http://mj12bot.com/)"
5.9.88.113 - - [26/Dec/2020:12:53:10 +0100] "GET /corkscrew-bottle-opener-sommelier-kit-c-12_213.html?page=1 HTTP/1.0" 200 89103 "-" "Mozilla/5.0 (compatible; MJ12bot/v1.4.8; http://mj12bot.com/)"
5.9.88.113 - - [26/Dec/2020:12:53:12 +0100] "GET /cosmos-anthracite-bedclothes-220-240-cm-p-39987.html HTTP/1.0" 200 69384 "-" "Mozilla/5.0 (compatible; MJ12bot/v1.4.8; http://mj12bot.com/)"
5.9.88.113 - - [26/Dec/2020:12:53:14 +0100] "GET /cotton-bath-mat-50-80-cm-mastic-color-p-48775.html HTTP/1.0" 301 69259 "-" "Mozilla/5.0 (compatible; MJ12bot/v1.4.8; http://mj12bot.com/)"
5.9.88.113 - - [26/Dec/2020:12:53:16 +0100] "GET /-p-48775.html HTTP/1.0" 200 69192 "-" "Mozilla/5.0 (compatible; MJ12bot/v1.4.8; http://mj12bot.com/)"
5.9.88.113 - - [26/Dec/2020:12:53:17 +0100] "GET /cotton-floor-cushion-chypre-40-cm-p-51664.html HTTP/1.0" 301 69259 "-" "Mozilla/5.0 (compatible; MJ12bot/v1.4.8; http://mj12bot.com/)"
5.9.88.113 - - [26/Dec/2020:12:53:19 +0100] "GET /-p-51664.html HTTP/1.0" 200 69192 "-" "Mozilla/5.0 (compatible; MJ12bot/v1.4.8; http://mj12bot.com/)"
5.9.88.113 - - [26/Dec/2020:12:53:21 +0100] "GET /de-vinci-la-joconde-zip-purse-made-in-france-p-47462.html HTTP/1.0" 200 72131 "-" "Mozilla/5.0 (compatible; MJ12bot/v1.4.8; http://mj12bot.com/)"
5.9.88.113 - - [26/Dec/2020:12:53:23 +0100] "GET /decorations-and-furnishings/furnishings/usa-flag-bar-stool-p-17570.html HTTP/1.0" 301 71657 "-" "Mozilla/5.0 (compatible; MJ12bot/v1.4.8; http://mj12bot.com/)"
5.9.88.113 - - [26/Dec/2020:12:53:24 +0100] "GET /usa-flag-bar-stool-p-17570.html HTTP/1.0" 200 71572 "-" "Mozilla/5.0 (compatible; MJ12bot/v1.4.8; http://mj12bot.com/)"
118.67.216.94 - - [26/Dec/2020:12:53:25 +0100] "GET /snowman-solar-powered-dancing-p-34143.html]Test HTTP/1.0" 301 609 "http://wonder-geek.com/snowman-solar-powered-dancing-p-34143.html]Test" "Mozilla/5.0 (Windows NT 6.1; Win64; x64) AppleWebKit/537.36 (KHTML, like Gecko) Chrome/83.0.4093.3 Safari/537.36"
5.9.88.113 - - [26/Dec/2020:12:53:26 +0100] "GET /decorative-horses-cotton-cushion-covers-p-48777.html HTTP/1.0" 301 69259 "-" "Mozilla/5.0 (compatible; MJ12bot/v1.4.8; http://mj12bot.com/)"
5.9.88.113 - - [26/Dec/2020:12:53:28 +0100] "GET /-p-48777.html HTTP/1.0" 200 69192 "-" "Mozilla/5.0 (compatible; MJ12bot/v1.4.8; http://mj12bot.com/)"
5.9.88.113 - - [26/Dec/2020:12:53:29 +0100] "GET /double-wall-glass-gray-vase-p-50802.html HTTP/1.0" 200 71911 "-" "Mozilla/5.0 (compatible; MJ12bot/v1.4.8; http://mj12bot.com/)"
5.9.88.113 - - [26/Dec/2020:12:53:31 +0100] "GET /dragon-ball-son-goku-money-box-14-cm-p-40942.html HTTP/1.0" 301 69259 "-" "Mozilla/5.0 (compatible; MJ12bot/v1.4.8; http://mj12bot.com/)"
5.9.88.113 - - [26/Dec/2020:12:53:33 +0100] "GET /-p-40942.html HTTP/1.0" 200 69192 "-" "Mozilla/5.0 (compatible; MJ12bot/v1.4.8; http://mj12bot.com/)"
5.9.88.113 - - [26/Dec/2020:12:53:35 +0100] "GET /elephants-wall-decoration-p-46716.html HTTP/1.0" 200 71888 "-" "Mozilla/5.0 (compatible; MJ12bot/v1.4.8; http://mj12bot.com/)"
5.9.88.113 - - [26/Dec/2020:12:53:36 +0100] "GET /ethnic-decorative-tray-23-cm-p-48717.html HTTP/1.0" 200 71934 "-" "Mozilla/5.0 (compatible; MJ12bot/v1.4.8; http://mj12bot.com/)"
184.178.172.25 - - [26/Dec/2020:12:53:38 +0100] "GET /snowman-solar-powered-dancing-p-34143.html%5dTest HTTP/1.0" 404 1308 "http://www.wonder-geek.com/snowman-solar-powered-dancing-p-34143.html%5dTest" "Mozilla/5.0 (Windows NT 6.1; Win64; x64) AppleWebKit/537.36 (KHTML, like Gecko) Chrome/83.0.4093.3 Safari/537.36"
5.9.88.113 - - [26/Dec/2020:12:53:38 +0100] "GET /exotic-spirit-potholder-and-glove-set-p-39863.html HTTP/1.0" 301 69259 "-" "Mozilla/5.0 (compatible; MJ12bot/v1.4.8; http://mj12bot.com/)"
184.178.172.25 - - [26/Dec/2020:12:53:39 +0100] "GET / HTTP/1.0" 301 511 "http://wonder-geek.com/" "Mozilla/5.0 (Windows NT 6.1; Win64; x64) AppleWebKit/537.36 (KHTML, like Gecko) Chrome/83.0.4093.3 Safari/537.36"
5.9.88.113 - - [26/Dec/2020:12:53:40 +0100] "GET /-p-39863.html HTTP/1.0" 200 69192 "-" "Mozilla/5.0 (compatible; MJ12bot/v1.4.8; http://mj12bot.com/)"
184.178.172.25 - - [26/Dec/2020:12:53:41 +0100] "GET / HTTP/1.0" 200 150236 "http://www.wonder-geek.com/" "Mozilla/5.0 (Windows NT 6.1; Win64; x64) AppleWebKit/537.36 (KHTML, like Gecko) Chrome/83.0.4093.3 Safari/537.36"
5.9.88.113 - - [26/Dec/2020:12:53:42 +0100] "GET /fc-barcelone-keyring-p-40812.html HTTP/1.0" 200 71821 "-" "Mozilla/5.0 (compatible; MJ12bot/v1.4.8; http://mj12bot.com/)"
5.9.88.113 - - [26/Dec/2020:12:53:43 +0100] "GET /garfield-money-box-cm-p-40946.html HTTP/1.0" 200 71846 "-" "Mozilla/5.0 (compatible; MJ12bot/v1.4.8; http://mj12bot.com/)"
5.9.88.113 - - [26/Dec/2020:12:53:45 +0100] "GET /glass-cup-with-porcelain-infuser-p-41871.html HTTP/1.0" 200 71934 "-" "Mozilla/5.0 (compatible; MJ12bot/v1.4.8; http://mj12bot.com/)"
184.178.172.25 - - [26/Dec/2020:12:53:46 +0100] "GET /trivet-and-boards-cut-c-12_158.html HTTP/1.0" 200 93009 "http://www.wonder-geek.com/trivet-and-boards-cut-c-12_158.html" "Mozilla/5.0 (Windows NT 6.1; Win64; x64) AppleWebKit/537.36 (KHTML, like Gecko) Chrome/83.0.4093.3 Safari/537.36"
5.9.88.113 - - [26/Dec/2020:12:53:47 +0100] "GET /gold-silver-crucifix-pendant-zippo-and-its-chain-venetian-mesh-p-49088.html HTTP/1.0" 200 73121 "-" "Mozilla/5.0 (compatible; MJ12bot/v1.4.8; http://mj12bot.com/)"
5.9.88.113 - - [26/Dec/2020:12:53:49 +0100] "GET /golden-buddhist-monk-statue-p-46721.html HTTP/1.0" 301 69259 "-" "Mozilla/5.0 (compatible; MJ12bot/v1.4.8; http://mj12bot.com/)"
5.9.88.113 - - [26/Dec/2020:12:53:51 +0100] "GET /-p-46721.html HTTP/1.0" 200 69192 "-" "Mozilla/5.0 (compatible; MJ12bot/v1.4.8; http://mj12bot.com/)"
184.178.172.25 - - [26/Dec/2020:12:53:51 +0100] "GET /cardboard-boxes-and-storage-c-13_150_216.html HTTP/1.0" 200 77444 "http://www.wonder-geek.com/cardboard-boxes-and-storage-c-13_150_216.html" "Mozilla/5.0 (Windows NT 6.1; Win64; x64) AppleWebKit/537.36 (KHTML, like Gecko) Chrome/83.0.4093.3 Safari/537.36"
5.9.88.113 - - [26/Dec/2020:12:53:52 +0100] "GET /golden-buddhist-monk-statue-p-46722.html HTTP/1.0" 200 69318 "-" "Mozilla/5.0 (compatible; MJ12bot/v1.4.8; http://mj12bot.com/)"
5.9.88.113 - - [26/Dec/2020:12:53:54 +0100] "GET /gorjuss-coaster-pierrot-p-47738.html HTTP/1.0" 200 72006 "-" "Mozilla/5.0 (compatible; MJ12bot/v1.4.8; http://mj12bot.com/)"
5.9.88.113 - - [26/Dec/2020:12:53:56 +0100] "GET /gorjuss-fiesta-double-filled-pencil-case-my-gift-to-you-p-47755.html HTTP/1.0" 200 74539 "-" "Mozilla/5.0 (compatible; MJ12bot/v1.4.8; http://mj12bot.com/)"
184.178.172.25 - - [26/Dec/2020:12:53:56 +0100] "GET /cushion-headboard-c-11_173.html HTTP/1.0" 200 88854 "http://www.wonder-geek.com/cushion-headboard-c-11_173.html" "Mozilla/5.0 (Windows NT 6.1; Win64; x64) AppleWebKit/537.36 (KHTML, like Gecko) Chrome/83.0.4093.3 Safari/537.36"
5.9.88.113 - - [26/Dec/2020:12:53:58 +0100] "GET /gorjuss-fiesta-zipped-pocket-pencil-case-my-gift-to-you-p-47756.html HTTP/1.0" 200 74024 "-" "Mozilla/5.0 (compatible; MJ12bot/v1.4.8; http://mj12bot.com/)"
5.9.88.113 - - [26/Dec/2020:12:54:00 +0100] "GET /harmony-cotton-bedspread-180-260-cm-safran-p-48732.html HTTP/1.0" 200 69358 "-" "Mozilla/5.0 (compatible; MJ12bot/v1.4.8; http://mj12bot.com/)"
184.178.172.25 - - [26/Dec/2020:12:54:01 +0100] "GET /contact_us.php HTTP/1.0" 200 26241 "http://www.wonder-geek.com/contact_us.php" "Mozilla/5.0 (Windows NT 6.1; Win64; x64) AppleWebKit/537.36 (KHTML, like Gecko) Chrome/83.0.4093.3 Safari/537.36"
5.9.88.113 - - [26/Dec/2020:12:54:01 +0100] "GET /indoor-shiva-fountain-40-cm-p-46688.html HTTP/1.0" 200 72017 "-" "Mozilla/5.0 (compatible; MJ12bot/v1.4.8; http://mj12bot.com/)"
5.9.88.113 - - [26/Dec/2020:12:54:03 +0100] "GET /johnny-hallyday-ceramic-mug-p-52961.html HTTP/1.0" 200 71863 "-" "Mozilla/5.0 (compatible; MJ12bot/v1.4.8; http://mj12bot.com/)"
5.9.88.113 - - [26/Dec/2020:12:54:05 +0100] "GET /keel-toys-plush-unicorn-valentine-day-p-51013.html HTTP/1.0" 200 72052 "-" "Mozilla/5.0 (compatible; MJ12bot/v1.4.8; http://mj12bot.com/)"
5.9.88.113 - - [26/Dec/2020:12:54:07 +0100] "GET /kimmidoll-dolls-cm-eika-p-39944.html HTTP/1.0" 200 69289 "-" "Mozilla/5.0 (compatible; MJ12bot/v1.4.8; http://mj12bot.com/)"
5.9.88.113 - - [26/Dec/2020:12:54:09 +0100] "GET /kimmidoll-keyring-hiroko-p-39954.html HTTP/1.0" 200 69282 "-" "Mozilla/5.0 (compatible; MJ12bot/v1.4.8; http://mj12bot.com/)"
5.9.88.113 - - [26/Dec/2020:12:54:11 +0100] "GET /kyoka-kimmidoll-dolls-10-cm-p-39942.html HTTP/1.0" 200 69300 "-" "Mozilla/5.0 (compatible; MJ12bot/v1.4.8; http://mj12bot.com/)"
5.9.88.113 - - [26/Dec/2020:12:54:13 +0100] "GET /la-vie-ne-vaut-etre-vecue-money-box-p-47766.html HTTP/1.0" 200 71895 "-" "Mozilla/5.0 (compatible; MJ12bot/v1.4.8; http://mj12bot.com/)"
5.9.88.113 - - [26/Dec/2020:12:54:15 +0100] "GET /laissez-lucie-faire-liberty-tisaniere-p-39839.html HTTP/1.0" 301 69259 "-" "Mozilla/5.0 (compatible; MJ12bot/v1.4.8; http://mj12bot.com/)"
5.9.88.113 - - [26/Dec/2020:12:54:17 +0100] "GET /-p-39839.html HTTP/1.0" 200 69192 "-" "Mozilla/5.0 (compatible; MJ12bot/v1.4.8; http://mj12bot.com/)"
5.9.88.113 - - [26/Dec/2020:12:54:19 +0100] "GET /laissez-lucie-faire-mini-mug-p-39831.html HTTP/1.0" 301 69259 "-" "Mozilla/5.0 (compatible; MJ12bot/v1.4.8; http://mj12bot.com/)"
5.9.88.113 - - [26/Dec/2020:12:54:21 +0100] "GET /-p-39831.html HTTP/1.0" 200 69192 "-" "Mozilla/5.0 (compatible; MJ12bot/v1.4.8; http://mj12bot.com/)"
5.9.88.113 - - [26/Dec/2020:12:54:23 +0100] "GET /large-gorjuss-lever-binder-a4-the-dreamer-p-47750.html HTTP/1.0" 200 72687 "-" "Mozilla/5.0 (compatible; MJ12bot/v1.4.8; http://mj12bot.com/)"
5.9.88.113 - - [26/Dec/2020:12:54:26 +0100] "GET /little-hedgehog-gund-20-cm-grey-p-41950.html HTTP/1.0" 301 69259 "-" "Mozilla/5.0 (compatible; MJ12bot/v1.4.8; http://mj12bot.com/)"
5.9.88.113 - - [26/Dec/2020:12:54:28 +0100] "GET /-p-41950.html HTTP/1.0" 200 69192 "-" "Mozilla/5.0 (compatible; MJ12bot/v1.4.8; http://mj12bot.com/)"
5.9.88.113 - - [26/Dec/2020:12:54:30 +0100] "GET /makeup-cabinet-with-music-frozen-p-41990.html HTTP/1.0" 200 69343 "-" "Mozilla/5.0 (compatible; MJ12bot/v1.4.8; http://mj12bot.com/)"
51.68.224.127 - - [26/Dec/2020:12:54:31 +0100] "GET /adminweb/export_orders_xml.php?token=256de2z6edz6ed2z6DFSFsed2zed6zeDSFDSGdzedezfzf&maxorders=10&orderstart=1&status=14&start_date=2018-10-01 HTTP/1.0" 200 285 "-" "GesCom CharlotteBoutik Serveur"
51.68.224.127 - - [26/Dec/2020:12:54:31 +0100] "GET /adminweb/export_orders_xml.php?token=256de2z6edz6ed2z6DFSFsed2zed6zeDSFDSGdzedezfzf&maxorders=10&orderstart=1&status=6&start_date=2018-10-01 HTTP/1.0" 200 30026 "-" "GesCom CharlotteBoutik Serveur"
5.9.88.113 - - [26/Dec/2020:12:54:32 +0100] "GET /mani-the-lucky-cat-glasses-case-p-39909.html HTTP/1.0" 200 69306 "-" "Mozilla/5.0 (compatible; MJ12bot/v1.4.8; http://mj12bot.com/)"
5.9.88.113 - - [26/Dec/2020:12:54:33 +0100] "GET /mani-the-lucky-cat-grey-11-cm-p-39922.html HTTP/1.0" 200 69313 "-" "Mozilla/5.0 (compatible; MJ12bot/v1.4.8; http://mj12bot.com/)"
5.9.88.113 - - [26/Dec/2020:12:54:35 +0100] "GET /mani-the-lucky-cat-grey-keychain-p-39928.html HTTP/1.0" 200 69328 "-" "Mozilla/5.0 (compatible; MJ12bot/v1.4.8; http://mj12bot.com/)"
5.9.88.113 - - [26/Dec/2020:12:54:37 +0100] "GET /marine-navigation-magnifier-on-feet-p-52904.html HTTP/1.0" 200 72023 "-" "Mozilla/5.0 (compatible; MJ12bot/v1.4.8; http://mj12bot.com/)"
5.9.88.113 - - [26/Dec/2020:12:54:39 +0100] "GET /moon-led-night-light-p-48755.html HTTP/1.0" 200 69262 "-" "Mozilla/5.0 (compatible; MJ12bot/v1.4.8; http://mj12bot.com/)"
5.9.88.113 - - [26/Dec/2020:12:54:40 +0100] "GET /moroccan-ashtray-p-40816.html HTTP/1.0" 200 71804 "-" "Mozilla/5.0 (compatible; MJ12bot/v1.4.8; http://mj12bot.com/)"
5.9.88.113 - - [26/Dec/2020:12:54:42 +0100] "GET /oxbow-black-backpack-p-40891.html HTTP/1.0" 200 72106 "-" "Mozilla/5.0 (compatible; MJ12bot/v1.4.8; http://mj12bot.com/)"
5.9.88.113 - - [26/Dec/2020:12:54:44 +0100] "GET /pendants-and-necklaces-c-3_214.html?page=1 HTTP/1.0" 200 89575 "-" "Mozilla/5.0 (compatible; MJ12bot/v1.4.8; http://mj12bot.com/)"
5.9.88.113 - - [26/Dec/2020:12:54:46 +0100] "GET /pendants-and-necklaces-c-3_214.html?page=2 HTTP/1.0" 200 87610 "-" "Mozilla/5.0 (compatible; MJ12bot/v1.4.8; http://mj12bot.com/)"
5.9.88.113 - - [26/Dec/2020:12:54:48 +0100] "GET /pig-door-lock-p-40926.html HTTP/1.0" 200 71758 "-" "Mozilla/5.0 (compatible; MJ12bot/v1.4.8; http://mj12bot.com/)"
5.9.88.113 - - [26/Dec/2020:12:54:50 +0100] "GET /pink-arrow-clock-62-cm-p-41838.html HTTP/1.0" 200 71875 "-" "Mozilla/5.0 (compatible; MJ12bot/v1.4.8; http://mj12bot.com/)"
5.9.88.113 - - [26/Dec/2020:12:54:52 +0100] "GET /pink-star-money-box-p-47763.html HTTP/1.0" 200 69258 "-" "Mozilla/5.0 (compatible; MJ12bot/v1.4.8; http://mj12bot.com/)"
5.9.88.113 - - [26/Dec/2020:12:54:53 +0100] "GET /pot-for-flowers-boho-11-cm-p-50800.html HTTP/1.0" 301 72600 "-" "Mozilla/5.0 (compatible; MJ12bot/v1.4.8; http://mj12bot.com/)"
184.178.172.25 - - [26/Dec/2020:12:54:54 +0100] "POST /contact_us.php?action=send HTTP/1.0" 302 488 "http://www.wonder-geek.com/contact_us.php" "Mozilla/5.0 (Windows NT 6.1; Win64; x64) AppleWebKit/537.36 (KHTML, like Gecko) Chrome/83.0.4093.3 Safari/537.36"
5.9.88.113 - - [26/Dec/2020:12:54:55 +0100] "GET /pot-for-flowers-boho-10-cm-p-50800.html HTTP/1.0" 200 72507 "-" "Mozilla/5.0 (compatible; MJ12bot/v1.4.8; http://mj12bot.com/)"
184.178.172.25 - - [26/Dec/2020:12:54:56 +0100] "GET /contact_us.php?action=success HTTP/1.0" 200 13477 "http://www.wonder-geek.com/contact_us.php?action=success" "Mozilla/5.0 (Windows NT 6.1; Win64; x64) AppleWebKit/537.36 (KHTML, like Gecko) Chrome/83.0.4093.3 Safari/537.36"
5.9.88.113 - - [26/Dec/2020:12:54:57 +0100] "GET /pot-for-flowers-owl-cm-p-50808.html HTTP/1.0" 200 72978 "-" "Mozilla/5.0 (compatible; MJ12bot/v1.4.8; http://mj12bot.com/)"
5.9.88.113 - - [26/Dec/2020:12:54:59 +0100] "GET /pusheen-surprise-plush-mystery-box-series-p-41957.html HTTP/1.0" 301 69259 "-" "Mozilla/5.0 (compatible; MJ12bot/v1.4.8; http://mj12bot.com/)"
184.178.172.25 - - [26/Dec/2020:12:54:59 +0100] "GET /contact_us.php HTTP/1.0" 200 26241 "http://www.wonder-geek.com/contact_us.php" "Mozilla/5.0 (Windows NT 6.1; Win64; x64) AppleWebKit/537.36 (KHTML, like Gecko) Chrome/83.0.4093.3 Safari/537.36"
5.9.88.113 - - [26/Dec/2020:12:55:00 +0100] "GET /-p-41957.html HTTP/1.0" 200 69192 "-" "Mozilla/5.0 (compatible; MJ12bot/v1.4.8; http://mj12bot.com/)"
5.9.88.113 - - [26/Dec/2020:12:55:02 +0100] "GET /pusheen-waterdazzler-globe-p-41962.html HTTP/1.0" 200 73073 "-" "Mozilla/5.0 (compatible; MJ12bot/v1.4.8; http://mj12bot.com/)"
5.9.88.113 - - [26/Dec/2020:12:55:04 +0100] "GET /rectangulary-cushion-by-cbkreation-p-41917.html HTTP/1.0" 200 72149 "-" "Mozilla/5.0 (compatible; MJ12bot/v1.4.8; http://mj12bot.com/)"
5.9.88.113 - - [26/Dec/2020:12:55:06 +0100] "GET /red-polyvinyl-messenger-bag-p-48746.html HTTP/1.0" 200 72013 "-" "Mozilla/5.0 (compatible; MJ12bot/v1.4.8; http://mj12bot.com/)"
184.178.172.25 - - [26/Dec/2020:12:55:06 +0100] "GET /contact_us.php HTTP/1.0" 200 26241 "http://www.wonder-geek.com/contact_us.php" "Mozilla/5.0 (Windows NT 6.1; Win64; x64) AppleWebKit/537.36 (KHTML, like Gecko) Chrome/83.0.4093.3 Safari/537.36"
5.9.88.113 - - [26/Dec/2020:12:55:07 +0100] "GET /resin-ninja-skull-statuette-p-48767.html HTTP/1.0" 200 72538 "-" "Mozilla/5.0 (compatible; MJ12bot/v1.4.8; http://mj12bot.com/)"
5.9.88.113 - - [26/Dec/2020:12:55:09 +0100] "GET /ritournelle-charming-dekor-bedclothes-240-260-cm-p-41984.html HTTP/1.0" 301 69259 "-" "Mozilla/5.0 (compatible; MJ12bot/v1.4.8; http://mj12bot.com/)"
5.9.88.113 - - [26/Dec/2020:12:55:11 +0100] "GET /-p-41984.html HTTP/1.0" 200 69192 "-" "Mozilla/5.0 (compatible; MJ12bot/v1.4.8; http://mj12bot.com/)"
5.9.88.113 - - [26/Dec/2020:12:55:13 +0100] "GET /schoolbag-caramel-and-cie-the-purple-rabbits-p-48773.html HTTP/1.0" 200 69362 "-" "Mozilla/5.0 (compatible; MJ12bot/v1.4.8; http://mj12bot.com/)"
5.9.88.113 - - [26/Dec/2020:12:55:14 +0100] "GET /set-of-mini-sharks-shot-glasses-p-48752.html HTTP/1.0" 200 72536 "-" "Mozilla/5.0 (compatible; MJ12bot/v1.4.8; http://mj12bot.com/)"
5.9.88.113 - - [26/Dec/2020:12:55:16 +0100] "GET /singe-table-lamp-base-p-50809.html HTTP/1.0" 200 72488 "-" "Mozilla/5.0 (compatible; MJ12bot/v1.4.8; http://mj12bot.com/)"
5.9.88.113 - - [26/Dec/2020:12:55:18 +0100] "GET /singe-table-lamp-base-p-50811.html HTTP/1.0" 200 71893 "-" "Mozilla/5.0 (compatible; MJ12bot/v1.4.8; http://mj12bot.com/)"
5.9.88.113 - - [26/Dec/2020:12:55:20 +0100] "GET /smiski-figure-series-living-note-there-is-single-figure-p-47777.html HTTP/1.0" 200 73192 "-" "Mozilla/5.0 (compatible; MJ12bot/v1.4.8; http://mj12bot.com/)"
5.9.88.113 - - [26/Dec/2020:12:55:22 +0100] "GET /suspension-monkey-75-cm-with-cable-p-50804.html HTTP/1.0" 200 69318 "-" "Mozilla/5.0 (compatible; MJ12bot/v1.4.8; http://mj12bot.com/)"
5.9.88.113 - - [26/Dec/2020:12:55:23 +0100] "GET /teo-jasmin-calendar-school-year-2017-2018-p-40852.html HTTP/1.0" 301 69259 "-" "Mozilla/5.0 (compatible; MJ12bot/v1.4.8; http://mj12bot.com/)"
5.9.88.113 - - [26/Dec/2020:12:55:25 +0100] "GET /-p-40852.html HTTP/1.0" 200 69192 "-" "Mozilla/5.0 (compatible; MJ12bot/v1.4.8; http://mj12bot.com/)"
5.9.88.113 - - [26/Dec/2020:12:55:27 +0100] "GET /teo-jasmin-small-cabas-racing-p-39768.html HTTP/1.0" 301 69259 "-" "Mozilla/5.0 (compatible; MJ12bot/v1.4.8; http://mj12bot.com/)"
5.9.88.113 - - [26/Dec/2020:12:55:29 +0100] "GET /-p-39768.html HTTP/1.0" 200 69192 "-" "Mozilla/5.0 (compatible; MJ12bot/v1.4.8; http://mj12bot.com/)"
5.9.88.113 - - [26/Dec/2020:12:55:30 +0100] "GET /tetsubin-red-teapot-japanese-p-39972.html HTTP/1.0" 200 69323 "-" "Mozilla/5.0 (compatible; MJ12bot/v1.4.8; http://mj12bot.com/)"
5.9.88.113 - - [26/Dec/2020:12:55:32 +0100] "GET /van-gogh-terrasse-du-caf-le-soir-little-bag-cord-made-in-france-p-47444.html HTTP/1.0" 200 72320 "-" "Mozilla/5.0 (compatible; MJ12bot/v1.4.8; http://mj12bot.com/)"
5.9.88.113 - - [26/Dec/2020:12:55:34 +0100] "GET /wall-decoration-tropic-collection-parrots-p-46710.html HTTP/1.0" 200 69394 "-" "Mozilla/5.0 (compatible; MJ12bot/v1.4.8; http://mj12bot.com/)"
5.9.88.113 - - [26/Dec/2020:12:55:35 +0100] "GET /wall-decoration-tropic-collection-toucans-p-46708.html HTTP/1.0" 200 69394 "-" "Mozilla/5.0 (compatible; MJ12bot/v1.4.8; http://mj12bot.com/)"
5.9.88.113 - - [26/Dec/2020:12:55:37 +0100] "GET /welcome-night-club-frame-with-led-p-46686.html HTTP/1.0" 200 72046 "-" "Mozilla/5.0 (compatible; MJ12bot/v1.4.8; http://mj12bot.com/)"
5.9.88.113 - - [26/Dec/2020:12:55:39 +0100] "GET /white-buffalo-skull-jewelry-holder-and-gold-horns-235-cm-p-46729.html HTTP/1.0" 200 69412 "-" "Mozilla/5.0 (compatible; MJ12bot/v1.4.8; http://mj12bot.com/)"
5.9.88.113 - - [26/Dec/2020:12:55:41 +0100] "GET /white-tigers-blue-lunch-box-p-40958.html HTTP/1.0" 200 71872 "-" "Mozilla/5.0 (compatible; MJ12bot/v1.4.8; http://mj12bot.com/)"
5.9.88.113 - - [26/Dec/2020:12:55:42 +0100] "GET /world-map-vintage-clock-64-cm-p-47713.html HTTP/1.0" 200 71971 "-" "Mozilla/5.0 (compatible; MJ12bot/v1.4.8; http://mj12bot.com/)"
114.119.145.117 - - [26/Dec/2020:12:55:44 +0100] "GET /images/big_prod/3442440269680.jpg HTTP/1.0" 200 268 "-" "Mozilla/5.0 (Linux; Android 7.0;) AppleWebKit/537.36 (KHTML, like Gecko) Mobile Safari/537.36 (compatible; PetalBot;+https://aspiegel.com/petalbot)"
5.9.88.113 - - [26/Dec/2020:12:55:44 +0100] "GET /yoga-bolster-or-meditation-cushion-2nd-chakra-svadishtana-p-45366.html HTTP/1.0" 200 73216 "-" "Mozilla/5.0 (compatible; MJ12bot/v1.4.8; http://mj12bot.com/)"
5.9.88.113 - - [26/Dec/2020:12:55:46 +0100] "GET /yoga-bolster-or-meditation-cushion-3rd-chakra-manipura-p-45367.html HTTP/1.0" 200 73253 "-" "Mozilla/5.0 (compatible; MJ12bot/v1.4.8; http://mj12bot.com/)"
5.9.88.113 - - [26/Dec/2020:12:55:48 +0100] "GET /yoga-bolster-or-meditation-cushion-7th-chakra-sahasrara-p-45371.html HTTP/1.0" 200 73225 "-" "Mozilla/5.0 (compatible; MJ12bot/v1.4.8; http://mj12bot.com/)"
5.9.88.113 - - [26/Dec/2020:12:55:50 +0100] "GET /zippo-skull-pendant-and-its-venetian-knit-chain-p-49087.html HTTP/1.0" 200 72914 "-" "Mozilla/5.0 (compatible; MJ12bot/v1.4.8; http://mj12bot.com/)"
13.66.139.41 - - [26/Dec/2020:12:56:38 +0100] "GET /-p-23458.html HTTP/1.0" 200 69192 "-" "Mozilla/5.0 (compatible; bingbot/2.0; +http://www.bing.com/bingbot.htm)"
54.36.148.87 - - [26/Dec/2020:12:57:45 +0100] "GET /paris-pill-box-p-52010.html HTTP/1.0" 200 72498 "-" "Mozilla/5.0 (compatible; AhrefsBot/7.0; +http://ahrefs.com/robot/)"
157.55.39.186 - - [26/Dec/2020:12:57:52 +0100] "GET /ball-shaped-lamp-marble-effect-p-52848.html HTTP/1.0" 200 72531 "-" "Mozilla/5.0 (compatible; bingbot/2.0; +http://www.bing.com/bingbot.htm)"
157.55.39.186 - - [26/Dec/2020:12:57:53 +0100] "GET /espresso-set-love-p-46258.html HTTP/1.0" 200 71832 "-" "Mozilla/5.0 (compatible; bingbot/2.0; +http://www.bing.com/bingbot.htm)"
66.249.70.62 - - [26/Dec/2020:12:58:43 +0100] "GET /shoulder-bag-by-teo-jasmin-p-33596.html HTTP/1.0" 200 69313 "-" "Mozilla/5.0 (compatible; Googlebot/2.1; +http://www.google.com/bot.html)"
13.66.139.41 - - [26/Dec/2020:12:58:58 +0100] "GET /-p-23085.html HTTP/1.0" 200 69192 "-" "Mozilla/5.0 (compatible; bingbot/2.0; +http://www.bing.com/bingbot.htm)"
13.66.139.41 - - [26/Dec/2020:12:58:59 +0100] "GET /-m-20.html HTTP/1.0" 200 88604 "-" "Mozilla/5.0 (compatible; bingbot/2.0; +http://www.bing.com/bingbot.htm)"
207.46.13.51 - - [26/Dec/2020:12:59:59 +0100] "GET /mobile-metal-bells-tree-p-50380.html HTTP/1.0" 200 71880 "-" "Mozilla/5.0 (compatible; bingbot/2.0; +http://www.bing.com/bingbot.htm)"
114.119.145.117 - - [26/Dec/2020:13:00:05 +0100] "GET /images/big_prod/8433933104583.jpg HTTP/1.0" 200 268 "-" "Mozilla/5.0 (Linux; Android 7.0;) AppleWebKit/537.36 (KHTML, like Gecko) Mobile Safari/537.36 (compatible; PetalBot;+https://aspiegel.com/petalbot)"
207.46.13.49 - - [26/Dec/2020:13:00:54 +0100] "GET /avengers-marvel-mug-p-31619.html HTTP/1.0" 200 72066 "-" "Mozilla/5.0 (compatible; bingbot/2.0; +http://www.bing.com/bingbot.htm)"
54.36.148.87 - - [26/Dec/2020:13:02:35 +0100] "GET /boys-c-2.html HTTP/1.0" 200 89865 "-" "Mozilla/5.0 (compatible; AhrefsBot/7.0; +http://ahrefs.com/robot/)"
17.58.101.145 - - [26/Dec/2020:13:03:38 +0100] "GET /difference-accessoriess-c-12_59.html HTTP/1.0" 200 83078 "-" "Mozilla/5.0 (Macintosh; Intel Mac OS X 10_15_5) AppleWebKit/605.1.15 (KHTML, like Gecko) Version/13.1.1 Safari/605.1.15 (Applebot/0.1; +http://www.apple.com/go/applebot)"
13.66.139.136 - - [26/Dec/2020:13:03:59 +0100] "GET /-p-31418.html HTTP/1.0" 200 69192 "-" "Mozilla/5.0 (compatible; bingbot/2.0; +http://www.bing.com/bingbot.htm)"
114.119.145.117 - - [26/Dec/2020:13:04:26 +0100] "GET /russian-dolls-rectangulary-cushion-by-cbkreation-p-18574.html HTTP/1.0" 200 72385 "-" "Mozilla/5.0 (Linux; Android 7.0;) AppleWebKit/537.36 (KHTML, like Gecko) Mobile Safari/537.36 (compatible; PetalBot;+https://aspiegel.com/petalbot)"
94.242.26.158 - - [26/Dec/2020:13:04:32 +0100] "GET /external.php?url=aHR0cDovL3lhbmRleC5ydQ== HTTP/1.0" 301 593 "-" "Mozilla/5.0 (Windows NT 5.1; rv:47.0) Gecko/20100101 Firefox/47.0"
94.242.26.158 - - [26/Dec/2020:13:04:35 +0100] "GET /external.php?url=aHR0cDovL3lhbmRleC5ydQ== HTTP/1.0" 404 1308 "http://wonder-geek.com/external.php?url=aHR0cDovL3lhbmRleC5ydQ==" "Mozilla/5.0 (Windows NT 5.1; rv:47.0) Gecko/20100101 Firefox/47.0"
13.66.139.136 - - [26/Dec/2020:13:04:36 +0100] "GET /-p-25940.html HTTP/1.0" 200 69192 "-" "Mozilla/5.0 (compatible; bingbot/2.0; +http://www.bing.com/bingbot.htm)"
207.46.13.158 - - [26/Dec/2020:13:05:54 +0100] "GET /-p-29805.html HTTP/1.0" 200 69192 "-" "Mozilla/5.0 (compatible; bingbot/2.0; +http://www.bing.com/bingbot.htm)"
54.38.42.163 - - [26/Dec/2020:13:07:14 +0100] "GET /%20images/big_prod/3609810048713.jpg HTTP/1.0" 404 1308 "-" "-"
54.36.148.181 - - [26/Dec/2020:13:07:21 +0100] "GET /figures-c-4_15.html?page=2 HTTP/1.0" 200 91696 "-" "Mozilla/5.0 (compatible; AhrefsBot/7.0; +http://ahrefs.com/robot/)"
66.102.6.6 - - [26/Dec/2020:13:08:29 +0100] "GET /images/med_prod/1341689801502.jpg HTTP/1.0" 200 268 "-" "Mozilla/5.0 (Windows NT 5.1; rv:11.0) Gecko Firefox/11.0 (via ggpht.com GoogleImageProxy)"
157.55.39.214 - - [26/Dec/2020:13:08:35 +0100] "GET /moto-guzzi-metal-collection-hanging-plate-p-45986.html HTTP/1.0" 200 72352 "-" "Mozilla/5.0 (compatible; bingbot/2.0; +http://www.bing.com/bingbot.htm)"
13.66.139.41 - - [26/Dec/2020:13:08:40 +0100] "GET /-p-25750.html HTTP/1.0" 200 69192 "-" "Mozilla/5.0 (compatible; bingbot/2.0; +http://www.bing.com/bingbot.htm)"
114.119.129.36 - - [26/Dec/2020:13:08:47 +0100] "GET /images/mini_prod/7601020000013.jpg HTTP/1.0" 200 269 "-" "Mozilla/5.0 (Linux; Android 7.0;) AppleWebKit/537.36 (KHTML, like Gecko) Mobile Safari/537.36 (compatible; PetalBot;+https://aspiegel.com/petalbot)"
13.66.139.41 - - [26/Dec/2020:13:08:59 +0100] "GET /jewels-beauty-accessories-c-3_29.html HTTP/1.0" 200 85698 "-" "Mozilla/5.0 (compatible; bingbot/2.0; +http://www.bing.com/bingbot.htm)"
17.58.101.145 - - [26/Dec/2020:13:09:04 +0100] "GET /images/mini_prod/1399984235263.jpg HTTP/1.0" 200 269 "-" "Mozilla/5.0 (Macintosh; Intel Mac OS X 10_15_5) AppleWebKit/605.1.15 (KHTML, like Gecko) Version/13.1.1 Safari/605.1.15 (Applebot/0.1; +http://www.apple.com/go/applebot)"
13.66.139.136 - - [26/Dec/2020:13:09:27 +0100] "GET /-p-18290.html HTTP/1.0" 200 69192 "-" "Mozilla/5.0 (compatible; bingbot/2.0; +http://www.bing.com/bingbot.htm)"
13.66.139.136 - - [26/Dec/2020:13:09:28 +0100] "GET /-p-19527.html HTTP/1.0" 200 69192 "-" "Mozilla/5.0 (compatible; bingbot/2.0; +http://www.bing.com/bingbot.htm)"
13.66.139.136 - - [26/Dec/2020:13:09:29 +0100] "GET /-p-20655.html HTTP/1.0" 200 69192 "-" "Mozilla/5.0 (compatible; bingbot/2.0; +http://www.bing.com/bingbot.htm)"
13.66.139.136 - - [26/Dec/2020:13:09:30 +0100] "GET /-p-28877.html HTTP/1.0" 200 69192 "-" "Mozilla/5.0 (compatible; bingbot/2.0; +http://www.bing.com/bingbot.htm)"
13.66.139.136 - - [26/Dec/2020:13:09:31 +0100] "GET /vespa-1955-collection-small-mug-p-13036.html HTTP/1.0" 200 69338 "-" "Mozilla/5.0 (compatible; bingbot/2.0; +http://www.bing.com/bingbot.htm)"
13.66.139.136 - - [26/Dec/2020:13:09:32 +0100] "GET /car-air-freshener-heart-and-home-dawn-mist-p-40597.html HTTP/1.0" 200 69330 "-" "Mozilla/5.0 (compatible; bingbot/2.0; +http://www.bing.com/bingbot.htm)"
13.66.139.136 - - [26/Dec/2020:13:09:32 +0100] "GET /-p-20026.html HTTP/1.0" 200 69192 "-" "Mozilla/5.0 (compatible; bingbot/2.0; +http://www.bing.com/bingbot.htm)"
13.66.139.136 - - [26/Dec/2020:13:09:33 +0100] "GET /moto-guzzi-tank-red-metal-keyring-p-18654.html HTTP/1.0" 200 69348 "-" "Mozilla/5.0 (compatible; bingbot/2.0; +http://www.bing.com/bingbot.htm)"
13.66.139.136 - - [26/Dec/2020:13:09:34 +0100] "GET /elmer-lunchbox-p-19443.html HTTP/1.0" 200 69256 "-" "Mozilla/5.0 (compatible; bingbot/2.0; +http://www.bing.com/bingbot.htm)"
13.66.139.136 - - [26/Dec/2020:13:09:35 +0100] "GET /-p-16178.html HTTP/1.0" 200 69192 "-" "Mozilla/5.0 (compatible; bingbot/2.0; +http://www.bing.com/bingbot.htm)"
13.66.139.136 - - [26/Dec/2020:13:09:36 +0100] "GET /london-union-jack-small-lamp-p-35748.html HTTP/1.0" 301 69259 "-" "Mozilla/5.0 (compatible; bingbot/2.0; +http://www.bing.com/bingbot.htm)"
13.66.139.136 - - [26/Dec/2020:13:09:37 +0100] "GET /white-small-box-for-baby-teeth-moon-and-mouse-p-35471.html HTTP/1.0" 200 69414 "-" "Mozilla/5.0 (compatible; bingbot/2.0; +http://www.bing.com/bingbot.htm)"
13.66.139.41 - - [26/Dec/2020:13:09:39 +0100] "GET /merci-gustave-eiffel-tower-usa-minigus-p-31375.html HTTP/1.0" 200 69373 "-" "Mozilla/5.0 (compatible; bingbot/2.0; +http://www.bing.com/bingbot.htm)"
13.66.139.41 - - [26/Dec/2020:13:09:40 +0100] "GET /-p-24182.html HTTP/1.0" 200 69192 "-" "Mozilla/5.0 (compatible; bingbot/2.0; +http://www.bing.com/bingbot.htm)"
13.66.139.41 - - [26/Dec/2020:13:09:41 +0100] "GET /-p-25271.html HTTP/1.0" 200 69192 "-" "Mozilla/5.0 (compatible; bingbot/2.0; +http://www.bing.com/bingbot.htm)"
13.66.139.41 - - [26/Dec/2020:13:09:42 +0100] "GET /-p-29393.html HTTP/1.0" 200 69192 "-" "Mozilla/5.0 (compatible; bingbot/2.0; +http://www.bing.com/bingbot.htm)"
13.66.139.41 - - [26/Dec/2020:13:09:43 +0100] "GET /-p-30157.html HTTP/1.0" 200 69192 "-" "Mozilla/5.0 (compatible; bingbot/2.0; +http://www.bing.com/bingbot.htm)"
13.66.139.41 - - [26/Dec/2020:13:09:44 +0100] "GET /-p-30968.html HTTP/1.0" 200 69192 "-" "Mozilla/5.0 (compatible; bingbot/2.0; +http://www.bing.com/bingbot.htm)"
13.66.139.41 - - [26/Dec/2020:13:09:45 +0100] "GET /-p-33310.html HTTP/1.0" 200 69192 "-" "Mozilla/5.0 (compatible; bingbot/2.0; +http://www.bing.com/bingbot.htm)"
13.66.139.41 - - [26/Dec/2020:13:09:45 +0100] "GET /-p-33612.html HTTP/1.0" 200 69192 "-" "Mozilla/5.0 (compatible; bingbot/2.0; +http://www.bing.com/bingbot.htm)"
13.66.139.41 - - [26/Dec/2020:13:09:46 +0100] "GET /-p-35645.html HTTP/1.0" 200 69192 "-" "Mozilla/5.0 (compatible; bingbot/2.0; +http://www.bing.com/bingbot.htm)"
13.66.139.41 - - [26/Dec/2020:13:09:47 +0100] "GET /101-dalmatians-freckles-figure-p-4703.html HTTP/1.0" 200 69300 "-" "Mozilla/5.0 (compatible; bingbot/2.0; +http://www.bing.com/bingbot.htm)"
13.66.139.41 - - [26/Dec/2020:13:09:48 +0100] "GET /asterix-and-obelix-cacofonix-figure-p-15702.html HTTP/1.0" 200 69361 "-" "Mozilla/5.0 (compatible; bingbot/2.0; +http://www.bing.com/bingbot.htm)"
13.66.139.41 - - [26/Dec/2020:13:09:49 +0100] "GET /boutis-bedspread-and-pillowcases-bastetti-260-240-cm-p-44186.html HTTP/1.0" 301 69259 "-" "Mozilla/5.0 (compatible; bingbot/2.0; +http://www.bing.com/bingbot.htm)"
13.66.139.41 - - [26/Dec/2020:13:09:50 +0100] "GET /tigger-tree-ornament-p-31817.html HTTP/1.0" 301 69259 "-" "Mozilla/5.0 (compatible; bingbot/2.0; +http://www.bing.com/bingbot.htm)"
13.66.139.41 - - [26/Dec/2020:13:09:51 +0100] "GET /detective-pusheen-backpack-clip-p-38719.html HTTP/1.0" 301 69259 "-" "Mozilla/5.0 (compatible; bingbot/2.0; +http://www.bing.com/bingbot.htm)"
13.66.139.41 - - [26/Dec/2020:13:09:52 +0100] "GET /teletubbies-towel-p-3188.html HTTP/1.0" 200 69266 "-" "Mozilla/5.0 (compatible; bingbot/2.0; +http://www.bing.com/bingbot.htm)"
13.66.139.41 - - [26/Dec/2020:13:09:52 +0100] "GET /-p-1306.html HTTP/1.0" 200 69190 "-" "Mozilla/5.0 (compatible; bingbot/2.0; +http://www.bing.com/bingbot.htm)"
13.66.139.41 - - [26/Dec/2020:13:09:53 +0100] "GET /happily-ever-after-cinderella-and-prince-figurine-p-39114.html HTTP/1.0" 301 69259 "-" "Mozilla/5.0 (compatible; bingbot/2.0; +http://www.bing.com/bingbot.htm)"
51.68.224.127 - - [26/Dec/2020:13:10:35 +0100] "GET /adminweb/export_orders_xml.php?token=256de2z6edz6ed2z6DFSFsed2zed6zeDSFDSGdzedezfzf&maxorders=10&orderstart=1&status=14&start_date=2018-10-01 HTTP/1.0" 200 285 "-" "GesCom CharlotteBoutik Serveur"
51.68.224.127 - - [26/Dec/2020:13:10:35 +0100] "GET /adminweb/export_orders_xml.php?token=256de2z6edz6ed2z6DFSFsed2zed6zeDSFDSGdzedezfzf&maxorders=10&orderstart=1&status=6&start_date=2018-10-01 HTTP/1.0" 200 30026 "-" "GesCom CharlotteBoutik Serveur"
157.55.39.186 - - [26/Dec/2020:13:10:39 +0100] "GET /swfobject.js HTTP/1.0" 404 1308 "-" "Mozilla/5.0 (compatible; bingbot/2.0; +http://www.bing.com/bingbot.htm)"
13.66.139.41 - - [26/Dec/2020:13:10:55 +0100] "GET /-p-17554.html HTTP/1.0" 200 69192 "-" "Mozilla/5.0 (compatible; bingbot/2.0; +http://www.bing.com/bingbot.htm)"
13.66.139.136 - - [26/Dec/2020:13:10:59 +0100] "GET /-p-7324.html HTTP/1.0" 200 69190 "-" "Mozilla/5.0 (compatible; bingbot/2.0; +http://www.bing.com/bingbot.htm)"
54.36.148.195 - - [26/Dec/2020:13:12:07 +0100] "GET /watches-c-3_66.html HTTP/1.0" 200 89984 "-" "Mozilla/5.0 (compatible; AhrefsBot/7.0; +http://ahrefs.com/robot/)"
114.119.132.105 - - [26/Dec/2020:13:13:08 +0100] "GET /images/big_prod/b3453131138390.jpg HTTP/1.0" 200 269 "-" "Mozilla/5.0 (Linux; Android 7.0;) AppleWebKit/537.36 (KHTML, like Gecko) Mobile Safari/537.36 (compatible; PetalBot;+https://aspiegel.com/petalbot)"
207.46.13.51 - - [26/Dec/2020:13:13:49 +0100] "GET /table-setting/coffee-cups/set-polaroid-coffee-cups-with-personalized-pictures-p-16657.html HTTP/1.0" 301 691 "-" "Mozilla/5.0 (compatible; bingbot/2.0; +http://www.bing.com/bingbot.htm)"
13.66.139.136 - - [26/Dec/2020:13:14:18 +0100] "GET /skull-white-phone-p-33055.html HTTP/1.0" 200 71953 "-" "Mozilla/5.0 (compatible; bingbot/2.0; +http://www.bing.com/bingbot.htm)"
13.66.139.136 - - [26/Dec/2020:13:14:19 +0100] "GET /pillow-case-75-75-cm-white-p-31983.html HTTP/1.0" 200 72085 "-" "Mozilla/5.0 (compatible; bingbot/2.0; +http://www.bing.com/bingbot.htm)"
13.66.139.136 - - [26/Dec/2020:13:14:20 +0100] "GET /paris-je-aime-small-tray-p-18985.html HTTP/1.0" 200 72050 "-" "Mozilla/5.0 (compatible; bingbot/2.0; +http://www.bing.com/bingbot.htm)"
13.66.139.136 - - [26/Dec/2020:13:14:21 +0100] "GET /mala-carnelian-108-beads-p-51006.html HTTP/1.0" 200 75180 "-" "Mozilla/5.0 (compatible; bingbot/2.0; +http://www.bing.com/bingbot.htm)"
13.66.139.136 - - [26/Dec/2020:13:14:21 +0100] "GET /little-buddha-happy-statue-10-cm-p-37710.html HTTP/1.0" 200 71947 "-" "Mozilla/5.0 (compatible; bingbot/2.0; +http://www.bing.com/bingbot.htm)"
13.66.139.136 - - [26/Dec/2020:13:14:22 +0100] "GET /jar-candle-30-hours-caramel-cupcake-p-38122.html HTTP/1.0" 200 73016 "-" "Mozilla/5.0 (compatible; bingbot/2.0; +http://www.bing.com/bingbot.htm)"
13.66.139.136 - - [26/Dec/2020:13:14:23 +0100] "GET /incense-stick-holder-ganesh-p-35506.html HTTP/1.0" 200 72056 "-" "Mozilla/5.0 (compatible; bingbot/2.0; +http://www.bing.com/bingbot.htm)"
13.66.139.136 - - [26/Dec/2020:13:14:24 +0100] "GET /sophie-the-giraffe-glitter-globe-p-30604.html HTTP/1.0" 200 72039 "-" "Mozilla/5.0 (compatible; bingbot/2.0; +http://www.bing.com/bingbot.htm)"
13.66.139.136 - - [26/Dec/2020:13:14:25 +0100] "GET /russian-doll-figurine-jewelry-p-27613.html HTTP/1.0" 200 72114 "-" "Mozilla/5.0 (compatible; bingbot/2.0; +http://www.bing.com/bingbot.htm)"
13.66.139.136 - - [26/Dec/2020:13:14:26 +0100] "GET /skull-zippo-lighter-p-39538.html HTTP/1.0" 200 74899 "-" "Mozilla/5.0 (compatible; bingbot/2.0; +http://www.bing.com/bingbot.htm)"
13.66.139.136 - - [26/Dec/2020:13:14:27 +0100] "GET /chair-cushion-reversible-grey-and-pink-38-cm-p-39589.html HTTP/1.0" 301 69259 "-" "Mozilla/5.0 (compatible; bingbot/2.0; +http://www.bing.com/bingbot.htm)"
13.66.139.136 - - [26/Dec/2020:13:14:28 +0100] "GET /disney-princess-dinner-set-p-16561.html HTTP/1.0" 200 72522 "-" "Mozilla/5.0 (compatible; bingbot/2.0; +http://www.bing.com/bingbot.htm)"
13.66.139.136 - - [26/Dec/2020:13:14:29 +0100] "GET /doc-mcstuffins-poster-p-30882.html HTTP/1.0" 200 71847 "-" "Mozilla/5.0 (compatible; bingbot/2.0; +http://www.bing.com/bingbot.htm)"
13.66.139.136 - - [26/Dec/2020:13:14:30 +0100] "GET /decorative-wooden-plate-entree-interdite-aux-raleurs-light-brown-p-47813.html HTTP/1.0" 200 72400 "-" "Mozilla/5.0 (compatible; bingbot/2.0; +http://www.bing.com/bingbot.htm)"
13.66.139.136 - - [26/Dec/2020:13:14:31 +0100] "GET /corsica-small-cushion-cbkreation-30-cm-p-38852.html HTTP/1.0" 200 72139 "-" "Mozilla/5.0 (compatible; bingbot/2.0; +http://www.bing.com/bingbot.htm)"
13.66.139.136 - - [26/Dec/2020:13:14:32 +0100] "GET /bolster-case-in-cotton-percale-80-threads-43-190-cm-p-43862.html HTTP/1.0" 200 72827 "-" "Mozilla/5.0 (compatible; bingbot/2.0; +http://www.bing.com/bingbot.htm)"
13.66.139.136 - - [26/Dec/2020:13:14:33 +0100] "GET /beyblade-blue-swimsuit-p-30447.html HTTP/1.0" 200 73570 "-" "Mozilla/5.0 (compatible; bingbot/2.0; +http://www.bing.com/bingbot.htm)"
13.66.139.136 - - [26/Dec/2020:13:14:33 +0100] "GET /teetering-tower-goofy-donald-duck-and-mickey-mouse-figurine-p-45588.html HTTP/1.0" 200 72712 "-" "Mozilla/5.0 (compatible; bingbot/2.0; +http://www.bing.com/bingbot.htm)"
13.66.139.136 - - [26/Dec/2020:13:14:34 +0100] "GET /tea-for-one-mandala-p-43383.html HTTP/1.0" 200 72901 "-" "Mozilla/5.0 (compatible; bingbot/2.0; +http://www.bing.com/bingbot.htm)"
13.66.139.136 - - [26/Dec/2020:13:14:35 +0100] "GET /stroll-in-peru-teapot-with-metal-infuser-p-46537.html HTTP/1.0" 200 71941 "-" "Mozilla/5.0 (compatible; bingbot/2.0; +http://www.bing.com/bingbot.htm)"
13.66.139.41 - - [26/Dec/2020:13:14:37 +0100] "GET /-p-14097.html HTTP/1.0" 200 69192 "-" "Mozilla/5.0 (compatible; bingbot/2.0; +http://www.bing.com/bingbot.htm)"
13.66.139.41 - - [26/Dec/2020:13:14:38 +0100] "GET /hootie-planter-allen-designs-owl-p-44577.html HTTP/1.0" 200 73020 "-" "Mozilla/5.0 (compatible; bingbot/2.0; +http://www.bing.com/bingbot.htm)"
13.66.139.41 - - [26/Dec/2020:13:14:39 +0100] "GET /charmmy-kitty-large-cosmetic-bag-p-26752.html HTTP/1.0" 200 72119 "-" "Mozilla/5.0 (compatible; bingbot/2.0; +http://www.bing.com/bingbot.htm)"
13.66.139.41 - - [26/Dec/2020:13:14:40 +0100] "GET /cats-by-dubout-salt-and-pepper-p-32697.html HTTP/1.0" 200 71876 "-" "Mozilla/5.0 (compatible; bingbot/2.0; +http://www.bing.com/bingbot.htm)"
13.66.139.41 - - [26/Dec/2020:13:14:41 +0100] "GET /poppies-small-ashtray-p-49154.html HTTP/1.0" 200 71816 "-" "Mozilla/5.0 (compatible; bingbot/2.0; +http://www.bing.com/bingbot.htm)"
13.66.139.41 - - [26/Dec/2020:13:14:42 +0100] "GET /caffe-retro-deco-thermometer-p-27632.html HTTP/1.0" 200 71941 "-" "Mozilla/5.0 (compatible; bingbot/2.0; +http://www.bing.com/bingbot.htm)"
13.66.139.41 - - [26/Dec/2020:13:14:43 +0100] "GET /cicada-cast-iron-trivet-24-cm-p-48577.html HTTP/1.0" 200 71872 "-" "Mozilla/5.0 (compatible; bingbot/2.0; +http://www.bing.com/bingbot.htm)"
13.66.139.41 - - [26/Dec/2020:13:14:44 +0100] "GET /che-guevara-hasta-la-victoria-siempre-zippo-lighter-p-37645.html HTTP/1.0" 200 72498 "-" "Mozilla/5.0 (compatible; bingbot/2.0; +http://www.bing.com/bingbot.htm)"
13.66.139.41 - - [26/Dec/2020:13:14:45 +0100] "GET /blue-butterfly-grey-women-tee-shirt-p-30730.html HTTP/1.0" 200 73888 "-" "Mozilla/5.0 (compatible; bingbot/2.0; +http://www.bing.com/bingbot.htm)"
13.66.139.41 - - [26/Dec/2020:13:14:46 +0100] "GET /rasta-duck-frame-canvas-p-31824.html HTTP/1.0" 200 71914 "-" "Mozilla/5.0 (compatible; bingbot/2.0; +http://www.bing.com/bingbot.htm)"
103.131.71.176 - - [26/Dec/2020:13:14:46 +0100] "GET /robots.txt HTTP/1.0" 301 531 "-" "Mozilla/5.0 (compatible; coccocbot-web/1.0; +http://help.coccoc.com/searchengine)"
13.66.139.41 - - [26/Dec/2020:13:14:47 +0100] "GET /wooden-range-bottle-with-bottle-opener-old-style-p-40214.html HTTP/1.0" 200 72101 "-" "Mozilla/5.0 (compatible; bingbot/2.0; +http://www.bing.com/bingbot.htm)"
13.66.139.41 - - [26/Dec/2020:13:14:48 +0100] "GET /winnie-the-pooh-ball-filled-p-11522.html HTTP/1.0" 200 72312 "-" "Mozilla/5.0 (compatible; bingbot/2.0; +http://www.bing.com/bingbot.htm)"
103.131.71.176 - - [26/Dec/2020:13:14:49 +0100] "GET /robots.txt HTTP/1.0" 200 245 "-" "Mozilla/5.0 (compatible; coccocbot-web/1.0; +http://help.coccoc.com/searchengine)"
13.66.139.41 - - [26/Dec/2020:13:14:50 +0100] "GET /barbapapa-phone-cover-for-iphone-and-p-14167.html HTTP/1.0" 200 72280 "-" "Mozilla/5.0 (compatible; bingbot/2.0; +http://www.bing.com/bingbot.htm)"
54.36.148.20 - - [26/Dec/2020:13:16:47 +0100] "GET /gorjuss-lockable-trinket-box-autumn-leaves-p-51401.html HTTP/1.0" 200 73075 "-" "Mozilla/5.0 (compatible; AhrefsBot/7.0; +http://ahrefs.com/robot/)"
114.119.129.36 - - [26/Dec/2020:13:17:25 +0100] "GET /images/mini_prod/5027148061798.jpg HTTP/1.0" 200 269 "-" "Mozilla/5.0 (Linux; Android 7.0;) AppleWebKit/537.36 (KHTML, like Gecko) Mobile Safari/537.36 (compatible; PetalBot;+https://aspiegel.com/petalbot)"
17.58.101.145 - - [26/Dec/2020:13:17:49 +0100] "GET /images/mini_prod/3014627846351N.jpg HTTP/1.0" 200 270 "-" "Mozilla/5.0 (Macintosh; Intel Mac OS X 10_15_5) AppleWebKit/605.1.15 (KHTML, like Gecko) Version/13.1.1 Safari/605.1.15 (Applebot/0.1; +http://www.apple.com/go/applebot)"
17.58.101.145 - - [26/Dec/2020:13:17:52 +0100] "GET /coasters-mandala-p-50119.html HTTP/1.0" 200 71750 "-" "Mozilla/5.0 (Macintosh; Intel Mac OS X 10_15_5) AppleWebKit/605.1.15 (KHTML, like Gecko) Version/13.1.1 Safari/605.1.15 (Applebot/0.1; +http://www.apple.com/go/applebot)"
17.58.101.145 - - [26/Dec/2020:13:18:01 +0100] "GET /gift-box-tea-infuser-mug-mandala-purple-p-46304.html HTTP/1.0" 200 73304 "-" "Mozilla/5.0 (Macintosh; Intel Mac OS X 10_15_5) AppleWebKit/605.1.15 (KHTML, like Gecko) Version/13.1.1 Safari/605.1.15 (Applebot/0.1; +http://www.apple.com/go/applebot)"
157.55.39.94 - - [26/Dec/2020:13:18:37 +0100] "GET /christmas-tree-decoration-hanging-p-49643.html HTTP/1.0" 200 71966 "-" "Mozilla/5.0 (compatible; bingbot/2.0; +http://www.bing.com/bingbot.htm)"
13.66.139.136 - - [26/Dec/2020:13:19:08 +0100] "GET /ogc-nice-flag-p-38276.html HTTP/1.0" 200 69248 "-" "Mozilla/5.0 (compatible; bingbot/2.0; +http://www.bing.com/bingbot.htm)"
13.66.139.136 - - [26/Dec/2020:13:19:09 +0100] "GET /-p-29866.html HTTP/1.0" 200 69192 "-" "Mozilla/5.0 (compatible; bingbot/2.0; +http://www.bing.com/bingbot.htm)"
13.66.139.136 - - [26/Dec/2020:13:19:10 +0100] "GET /calimero-adore-telephoner-mobile-sock-p-20721.html HTTP/1.0" 301 69259 "-" "Mozilla/5.0 (compatible; bingbot/2.0; +http://www.bing.com/bingbot.htm)"
13.66.139.136 - - [26/Dec/2020:13:19:11 +0100] "GET /-p-22543.html HTTP/1.0" 200 69192 "-" "Mozilla/5.0 (compatible; bingbot/2.0; +http://www.bing.com/bingbot.htm)"
13.66.139.136 - - [26/Dec/2020:13:19:11 +0100] "GET /top-model-the-book-design-nyela-p-22683.html HTTP/1.0" 200 69338 "-" "Mozilla/5.0 (compatible; bingbot/2.0; +http://www.bing.com/bingbot.htm)"
13.66.139.136 - - [26/Dec/2020:13:19:12 +0100] "GET /-p-15108.html HTTP/1.0" 200 69192 "-" "Mozilla/5.0 (compatible; bingbot/2.0; +http://www.bing.com/bingbot.htm)"
13.66.139.41 - - [26/Dec/2020:13:20:00 +0100] "GET /-p-13528.html HTTP/1.0" 200 69192 "-" "Mozilla/5.0 (compatible; bingbot/2.0; +http://www.bing.com/bingbot.htm)"
13.66.139.41 - - [26/Dec/2020:13:20:01 +0100] "GET /-p-17483.html HTTP/1.0" 200 69192 "-" "Mozilla/5.0 (compatible; bingbot/2.0; +http://www.bing.com/bingbot.htm)"
13.66.139.41 - - [26/Dec/2020:13:20:02 +0100] "GET /teo-jasmin-medium-cabas-teo-rockabilly-p-39266.html HTTP/1.0" 200 69328 "-" "Mozilla/5.0 (compatible; bingbot/2.0; +http://www.bing.com/bingbot.htm)"
13.66.139.41 - - [26/Dec/2020:13:20:03 +0100] "GET /pinocchio-figure-p-3601.html HTTP/1.0" 200 69261 "-" "Mozilla/5.0 (compatible; bingbot/2.0; +http://www.bing.com/bingbot.htm)"
13.66.139.41 - - [26/Dec/2020:13:20:04 +0100] "GET /set-of-pair-of-socks-strawberry-shortcake-size-27-30-p-24832.html HTTP/1.0" 301 69259 "-" "Mozilla/5.0 (compatible; bingbot/2.0; +http://www.bing.com/bingbot.htm)"
13.66.139.41 - - [26/Dec/2020:13:21:00 +0100] "GET /-p-35645.html HTTP/1.0" 200 69192 "-" "Mozilla/5.0 (compatible; bingbot/2.0; +http://www.bing.com/bingbot.htm)"
13.66.139.41 - - [26/Dec/2020:13:21:01 +0100] "GET /cars-tumbler-with-straw-p-31690.html HTTP/1.0" 200 69298 "-" "Mozilla/5.0 (compatible; bingbot/2.0; +http://www.bing.com/bingbot.htm)"
13.66.139.41 - - [26/Dec/2020:13:21:02 +0100] "GET /hello-kitty-large-bag-pink-high-street-by-camomilla-p-18457.html HTTP/1.0" 200 69438 "-" "Mozilla/5.0 (compatible; bingbot/2.0; +http://www.bing.com/bingbot.htm)"
13.66.139.41 - - [26/Dec/2020:13:21:03 +0100] "GET /-p-21915.html HTTP/1.0" 200 69192 "-" "Mozilla/5.0 (compatible; bingbot/2.0; +http://www.bing.com/bingbot.htm)"
13.66.139.41 - - [26/Dec/2020:13:21:04 +0100] "GET /gorjuss-lockable-journal-with-heart-shaped-lock-bubble-fairy-p-46971.html HTTP/1.0" 200 69422 "-" "Mozilla/5.0 (compatible; bingbot/2.0; +http://www.bing.com/bingbot.htm)"
207.46.13.13 - - [26/Dec/2020:13:21:11 +0100] "GET /green-porcelain-piggy-bank-p-46365.html HTTP/1.0" 200 71866 "-" "Mozilla/5.0 (compatible; bingbot/2.0; +http://www.bing.com/bingbot.htm)"
54.36.149.2 - - [26/Dec/2020:13:21:32 +0100] "GET /cat-salt-and-pepper-shakers-p-52204.html HTTP/1.0" 200 71880 "-" "Mozilla/5.0 (compatible; AhrefsBot/7.0; +http://ahrefs.com/robot/)"
114.119.154.200 - - [26/Dec/2020:13:21:45 +0100] "GET /puppy-mug-p-27599.html HTTP/1.0" 200 71698 "-" "Mozilla/5.0 (Linux; Android 7.0;) AppleWebKit/537.36 (KHTML, like Gecko) Mobile Safari/537.36 (compatible; PetalBot;+https://aspiegel.com/petalbot)"
13.66.139.41 - - [26/Dec/2020:13:22:11 +0100] "GET /-p-38831.html HTTP/1.0" 200 69192 "-" "Mozilla/5.0 (compatible; bingbot/2.0; +http://www.bing.com/bingbot.htm)"
13.66.139.41 - - [26/Dec/2020:13:22:12 +0100] "GET /-p-14602.html HTTP/1.0" 200 69192 "-" "Mozilla/5.0 (compatible; bingbot/2.0; +http://www.bing.com/bingbot.htm)"
13.66.139.41 - - [26/Dec/2020:13:22:13 +0100] "GET /titanic-small-metal-plate-p-15217.html HTTP/1.0" 200 69308 "-" "Mozilla/5.0 (compatible; bingbot/2.0; +http://www.bing.com/bingbot.htm)"
13.66.139.41 - - [26/Dec/2020:13:22:14 +0100] "GET /tinkerbell-fairy-figurine-periwinkle-p-19377.html HTTP/1.0" 200 69363 "-" "Mozilla/5.0 (compatible; bingbot/2.0; +http://www.bing.com/bingbot.htm)"
13.66.139.41 - - [26/Dec/2020:13:22:14 +0100] "GET /sonny-angel-figure-easter-series-p-34302.html HTTP/1.0" 200 69314 "-" "Mozilla/5.0 (compatible; bingbot/2.0; +http://www.bing.com/bingbot.htm)"
13.66.139.136 - - [26/Dec/2020:13:23:00 +0100] "GET /pulp-fiction-mia-poster-p-32299.html HTTP/1.0" 200 69274 "-" "Mozilla/5.0 (compatible; bingbot/2.0; +http://www.bing.com/bingbot.htm)"
13.66.139.136 - - [26/Dec/2020:13:24:00 +0100] "GET /black-fancy-elastic-bracelet-p-43722.html HTTP/1.0" 200 71832 "-" "Mozilla/5.0 (compatible; bingbot/2.0; +http://www.bing.com/bingbot.htm)"
13.66.139.136 - - [26/Dec/2020:13:24:01 +0100] "GET /cement-tile-stickers-15-15-cm-beige-and-gold-p-45007.html HTTP/1.0" 200 72243 "-" "Mozilla/5.0 (compatible; bingbot/2.0; +http://www.bing.com/bingbot.htm)"
13.66.139.136 - - [26/Dec/2020:13:24:02 +0100] "GET /winnie-the-pooh-set-of-hair-ornements-p-13565.html HTTP/1.0" 200 72047 "-" "Mozilla/5.0 (compatible; bingbot/2.0; +http://www.bing.com/bingbot.htm)"
13.66.139.136 - - [26/Dec/2020:13:24:03 +0100] "GET /jamaica-paper-towel-dispenser-p-17439.html HTTP/1.0" 200 71850 "-" "Mozilla/5.0 (compatible; bingbot/2.0; +http://www.bing.com/bingbot.htm)"
13.66.139.136 - - [26/Dec/2020:13:24:04 +0100] "GET /teo-jasmin-pencil-case-teo-marley-p-41282.html HTTP/1.0" 200 72594 "-" "Mozilla/5.0 (compatible; bingbot/2.0; +http://www.bing.com/bingbot.htm)"
13.66.139.136 - - [26/Dec/2020:13:24:05 +0100] "GET /harley-davidson-metal-plate-20-10-cm-p-40285.html HTTP/1.0" 200 71993 "-" "Mozilla/5.0 (compatible; bingbot/2.0; +http://www.bing.com/bingbot.htm)"
13.66.139.136 - - [26/Dec/2020:13:24:06 +0100] "GET /handy-manny-pairs-of-socks-size-19-22-p-25206.html HTTP/1.0" 200 71815 "-" "Mozilla/5.0 (compatible; bingbot/2.0; +http://www.bing.com/bingbot.htm)"
13.66.139.136 - - [26/Dec/2020:13:24:07 +0100] "GET /pusheen-sticker-sheet-p-42602.html HTTP/1.0" 200 72083 "-" "Mozilla/5.0 (compatible; bingbot/2.0; +http://www.bing.com/bingbot.htm)"
13.66.139.136 - - [26/Dec/2020:13:24:08 +0100] "GET /corail-fitted-sheet-90-190-cm-p-39684.html HTTP/1.0" 200 71870 "-" "Mozilla/5.0 (compatible; bingbot/2.0; +http://www.bing.com/bingbot.htm)"
13.66.139.136 - - [26/Dec/2020:13:24:08 +0100] "GET /gormiti-pairs-socks-size-23-26-p-50916.html HTTP/1.0" 200 71595 "-" "Mozilla/5.0 (compatible; bingbot/2.0; +http://www.bing.com/bingbot.htm)"
13.66.139.136 - - [26/Dec/2020:13:24:09 +0100] "GET /small-wood-retro-perpetual-calendar-p-45695.html HTTP/1.0" 200 71927 "-" "Mozilla/5.0 (compatible; bingbot/2.0; +http://www.bing.com/bingbot.htm)"
13.66.139.136 - - [26/Dec/2020:13:24:10 +0100] "GET /yuco-quilted-glove-and-potholder-tomette-p-48216.html HTTP/1.0" 200 72972 "-" "Mozilla/5.0 (compatible; bingbot/2.0; +http://www.bing.com/bingbot.htm)"
13.66.139.136 - - [26/Dec/2020:13:24:11 +0100] "GET /helia-small-ashtray-p-47852.html HTTP/1.0" 200 71782 "-" "Mozilla/5.0 (compatible; bingbot/2.0; +http://www.bing.com/bingbot.htm)"
13.66.139.136 - - [26/Dec/2020:13:24:12 +0100] "GET /zhu-zhu-pets-bedclothes-140x200-p-8231.html HTTP/1.0" 200 72114 "-" "Mozilla/5.0 (compatible; bingbot/2.0; +http://www.bing.com/bingbot.htm)"
207.46.13.51 - - [26/Dec/2020:13:24:18 +0100] "GET /highslide/highslide.js HTTP/1.0" 200 262 "-" "Mozilla/5.0 (compatible; bingbot/2.0; +http://www.bing.com/bingbot.htm)"
114.119.158.196 - - [26/Dec/2020:13:26:06 +0100] "GET /fc-barcelona-backpack-p-52184.html HTTP/1.0" 200 72557 "-" "Mozilla/5.0 (Linux; Android 7.0;) AppleWebKit/537.36 (KHTML, like Gecko) Mobile Safari/537.36 (compatible; PetalBot;+https://aspiegel.com/petalbot)"
54.36.148.165 - - [26/Dec/2020:13:26:12 +0100] "GET /computer-bag-and-briefcase-c-31_82.html HTTP/1.0" 200 83210 "-" "Mozilla/5.0 (compatible; AhrefsBot/7.0; +http://ahrefs.com/robot/)"
51.68.224.127 - - [26/Dec/2020:13:26:31 +0100] "GET /adminweb/export_orders_xml.php?token=256de2z6edz6ed2z6DFSFsed2zed6zeDSFDSGdzedezfzf&maxorders=10&orderstart=1&status=14&start_date=2018-10-01 HTTP/1.0" 200 285 "-" "GesCom CharlotteBoutik Serveur"
