13.66.139.136 - - [26/Dec/2020:17:14:20 +0100] "GET /-p-15456.html HTTP/1.0" 200 69192 "-" "Mozilla/5.0 (compatible; bingbot/2.0; +http://www.bing.com/bingbot.htm)"
54.36.149.100 - - [26/Dec/2020:17:14:23 +0100] "GET /personalized-products-c-97.html HTTP/1.0" 200 89436 "-" "Mozilla/5.0 (compatible; AhrefsBot/7.0; +http://ahrefs.com/robot/)"
13.66.139.136 - - [26/Dec/2020:17:14:40 +0100] "GET /trolley-suitcase-paris-black-small-p-38638.html HTTP/1.0" 200 69322 "-" "Mozilla/5.0 (compatible; bingbot/2.0; +http://www.bing.com/bingbot.htm)"
13.66.139.41 - - [26/Dec/2020:17:14:56 +0100] "GET /-p-17554.html HTTP/1.0" 200 69192 "-" "Mozilla/5.0 (compatible; bingbot/2.0; +http://www.bing.com/bingbot.htm)"
114.119.132.105 - - [26/Dec/2020:17:16:02 +0100] "GET /images/mini_prod/028399138364.jpg HTTP/1.0" 200 268 "-" "Mozilla/5.0 (Linux; Android 7.0;) AppleWebKit/537.36 (KHTML, like Gecko) Mobile Safari/537.36 (compatible; PetalBot;+https://aspiegel.com/petalbot)"
54.37.22.169 - - [26/Dec/2020:17:16:20 +0100] "GET /images/big_prod_2/1328399271313b.jpg HTTP/1.0" 200 271 "-" "-"
13.66.139.41 - - [26/Dec/2020:17:16:35 +0100] "GET /kimmi-junior-bella-coin-purse-p-8737.html HTTP/1.0" 200 72039 "-" "Mozilla/5.0 (compatible; bingbot/2.0; +http://www.bing.com/bingbot.htm)"
54.37.22.169 - - [26/Dec/2020:17:16:36 +0100] "GET /images/big_prod_1/1328399271313a.jpg HTTP/1.0" 200 271 "-" "-"
13.66.139.41 - - [26/Dec/2020:17:17:05 +0100] "GET /-p-24121.html HTTP/1.0" 200 69192 "-" "Mozilla/5.0 (compatible; bingbot/2.0; +http://www.bing.com/bingbot.htm)"
54.37.22.169 - - [26/Dec/2020:17:17:10 +0100] "GET /images/big_prod_3/1328399271313c.jpg HTTP/1.0" 200 271 "-" "-"
157.55.39.186 - - [26/Dec/2020:17:17:46 +0100] "GET /swfobject.js HTTP/1.0" 404 1308 "-" "Mozilla/5.0 (compatible; bingbot/2.0; +http://www.bing.com/bingbot.htm)"
54.36.148.59 - - [26/Dec/2020:17:18:18 +0100] "GET /lod-time-clock-p-53182.html HTTP/1.0" 200 71795 "-" "Mozilla/5.0 (compatible; AhrefsBot/7.0; +http://ahrefs.com/robot/)"
157.55.39.94 - - [26/Dec/2020:17:18:25 +0100] "GET /fc-barcelona-organiser-file-p-52043.html HTTP/1.0" 200 71892 "-" "Mozilla/5.0 (compatible; bingbot/2.0; +http://www.bing.com/bingbot.htm)"
66.249.70.33 - - [26/Dec/2020:17:18:26 +0100] "GET /swimsuit-c-1_18.html HTTP/1.0" 200 90952 "-" "Mozilla/5.0 (Linux; Android 6.0.1; Nexus 5X Build/MMB29P) AppleWebKit/537.36 (KHTML, like Gecko) Chrome/87.0.4280.90 Mobile Safari/537.36 (compatible; Googlebot/2.1; +http://www.google.com/bot.html)"
13.66.139.41 - - [26/Dec/2020:17:18:44 +0100] "GET / HTTP/1.0" 200 149661 "-" "Mozilla/5.0 (compatible; bingbot/2.0; +http://www.bing.com/bingbot.htm)"
66.249.93.30 - - [26/Dec/2020:17:19:31 +0100] "GET /images/B6575E40.jpg HTTP/1.0" 200 254 "-" "Mozilla/5.0 (Windows NT 5.1; rv:11.0) Gecko Firefox/11.0 (via ggpht.com GoogleImageProxy)"
207.46.13.49 - - [26/Dec/2020:17:19:53 +0100] "GET /old-fashioned-ceramic-espresso-cup-blue-p-41676.html HTTP/1.0" 200 71964 "-" "Mozilla/5.0 (compatible; bingbot/2.0; +http://www.bing.com/bingbot.htm)"
114.119.158.196 - - [26/Dec/2020:17:20:23 +0100] "GET /images/big_prod_1/1341689117986B.jpg HTTP/1.0" 200 271 "-" "Mozilla/5.0 (Linux; Android 7.0;) AppleWebKit/537.36 (KHTML, like Gecko) Mobile Safari/537.36 (compatible; PetalBot;+https://aspiegel.com/petalbot)"
13.66.139.136 - - [26/Dec/2020:17:20:33 +0100] "GET /harley-davidson-small-metal-plate-p-15215.html HTTP/1.0" 200 72000 "-" "Mozilla/5.0 (compatible; bingbot/2.0; +http://www.bing.com/bingbot.htm)"
157.55.39.214 - - [26/Dec/2020:17:22:21 +0100] "GET /posters-and-stickers-wall-c-13_147.html HTTP/1.0" 200 90270 "-" "Mozilla/5.0 (compatible; bingbot/2.0; +http://www.bing.com/bingbot.htm)"
17.58.101.145 - - [26/Dec/2020:17:22:24 +0100] "GET /cosmetic-bags-and-flat-purse-c-31_239.html HTTP/1.0" 200 94377 "-" "Mozilla/5.0 (Macintosh; Intel Mac OS X 10_15_5) AppleWebKit/605.1.15 (KHTML, like Gecko) Version/13.1.1 Safari/605.1.15 (Applebot/0.1; +http://www.apple.com/go/applebot)"
45.148.10.87 - - [26/Dec/2020:17:22:39 +0100] "GET /.env HTTP/1.0" 301 519 "-" "Mozilla/5.0 (X11; Linux x86_64) AppleWebKit/537.36 (KHTML, like Gecko) Chrome/81.0.4044.129 Safari/537.36"
45.148.10.87 - - [26/Dec/2020:17:22:40 +0100] "POST / HTTP/1.0" 301 511 "-" "Mozilla/5.0 (X11; Linux x86_64) AppleWebKit/537.36 (KHTML, like Gecko) Chrome/81.0.4044.129 Safari/537.36"
54.36.148.57 - - [26/Dec/2020:17:22:40 +0100] "GET /round-trays-c-12_159_263.html HTTP/1.0" 200 89598 "-" "Mozilla/5.0 (compatible; AhrefsBot/7.0; +http://ahrefs.com/robot/)"
13.66.139.41 - - [26/Dec/2020:17:22:55 +0100] "GET /fitted-sheet-160-200-cm-color-light-brown-p-39690.html HTTP/1.0" 200 72051 "-" "Mozilla/5.0 (compatible; bingbot/2.0; +http://www.bing.com/bingbot.htm)"
13.66.139.41 - - [26/Dec/2020:17:22:56 +0100] "GET /angry-birds-3d-backpack-p-19649.html HTTP/1.0" 200 69274 "-" "Mozilla/5.0 (compatible; bingbot/2.0; +http://www.bing.com/bingbot.htm)"
157.55.39.214 - - [26/Dec/2020:17:23:52 +0100] "GET /uk-carlin-by-cbkreation-keyring-p-30096.html HTTP/1.0" 200 71930 "-" "Mozilla/5.0 (compatible; bingbot/2.0; +http://www.bing.com/bingbot.htm)"
13.66.139.136 - - [26/Dec/2020:17:24:05 +0100] "GET /-p-31415.html HTTP/1.0" 200 69192 "-" "Mozilla/5.0 (compatible; bingbot/2.0; +http://www.bing.com/bingbot.htm)"
114.119.158.196 - - [26/Dec/2020:17:24:43 +0100] "GET /images/mini_prod/3574641046583.jpg HTTP/1.0" 200 269 "-" "Mozilla/5.0 (Linux; Android 7.0;) AppleWebKit/537.36 (KHTML, like Gecko) Mobile Safari/537.36 (compatible; PetalBot;+https://aspiegel.com/petalbot)"
13.66.139.41 - - [26/Dec/2020:17:24:46 +0100] "GET /ty-monstaz-talking-plush-delilah-p-19367.html HTTP/1.0" 200 69343 "-" "Mozilla/5.0 (compatible; bingbot/2.0; +http://www.bing.com/bingbot.htm)"
54.38.43.78 - - [26/Dec/2020:17:25:44 +0100] "GET /images/big_prod_1/3442440273458B.jpg HTTP/1.0" 200 271 "-" "-"
54.38.43.78 - - [26/Dec/2020:17:26:02 +0100] "GET /%20images/big_prod/3442440273458.jpg HTTP/1.0" 404 1308 "-" "-"
157.55.39.186 - - [26/Dec/2020:17:26:12 +0100] "GET /swfobject.js HTTP/1.0" 404 1308 "-" "Mozilla/5.0 (compatible; bingbot/2.0; +http://www.bing.com/bingbot.htm)"
157.55.39.186 - - [26/Dec/2020:17:26:12 +0100] "GET /swfobject.js HTTP/1.0" 404 1308 "-" "Mozilla/5.0 (compatible; bingbot/2.0; +http://www.bing.com/bingbot.htm)"
54.36.148.87 - - [26/Dec/2020:17:26:31 +0100] "GET /set-of-coaster-retro-70-p-42012.html HTTP/1.0" 200 71841 "-" "Mozilla/5.0 (compatible; AhrefsBot/7.0; +http://ahrefs.com/robot/)"
13.66.139.136 - - [26/Dec/2020:17:26:47 +0100] "GET /-p-21931.html HTTP/1.0" 200 69192 "-" "Mozilla/5.0 (compatible; bingbot/2.0; +http://www.bing.com/bingbot.htm)"
13.66.139.41 - - [26/Dec/2020:17:26:52 +0100] "GET /-p-25204.html HTTP/1.0" 200 69192 "-" "Mozilla/5.0 (compatible; bingbot/2.0; +http://www.bing.com/bingbot.htm)"
207.46.13.225 - - [26/Dec/2020:17:28:19 +0100] "GET /images/8714274565029.jpg HTTP/1.0" 200 259 "-" "Mozilla/5.0 (compatible; adidxbot/2.0; +http://www.bing.com/bingbot.htm)"
51.68.224.127 - - [26/Dec/2020:17:28:36 +0100] "GET /adminweb/export_orders_xml.php?token=256de2z6edz6ed2z6DFSFsed2zed6zeDSFDSGdzedezfzf&maxorders=10&orderstart=1&status=14&start_date=2018-10-01 HTTP/1.0" 200 285 "-" "GesCom CharlotteBoutik Serveur"
51.68.224.127 - - [26/Dec/2020:17:28:36 +0100] "GET /adminweb/export_orders_xml.php?token=256de2z6edz6ed2z6DFSFsed2zed6zeDSFDSGdzedezfzf&maxorders=10&orderstart=1&status=6&start_date=2018-10-01 HTTP/1.0" 200 30026 "-" "GesCom CharlotteBoutik Serveur"
13.66.139.41 - - [26/Dec/2020:17:28:46 +0100] "GET /-p-22586.html HTTP/1.0" 200 69192 "-" "Mozilla/5.0 (compatible; bingbot/2.0; +http://www.bing.com/bingbot.htm)"
13.66.139.41 - - [26/Dec/2020:17:28:46 +0100] "GET /chypre-bedclothes-220-240-cm-p-52082.html HTTP/1.0" 200 71901 "-" "Mozilla/5.0 (compatible; bingbot/2.0; +http://www.bing.com/bingbot.htm)"
13.66.139.41 - - [26/Dec/2020:17:28:47 +0100] "GET /votive-candle-15-hours-calming-aloe-p-43773.html HTTP/1.0" 200 72437 "-" "Mozilla/5.0 (compatible; bingbot/2.0; +http://www.bing.com/bingbot.htm)"
17.58.101.145 - - [26/Dec/2020:17:28:57 +0100] "GET /images/mini_prod/7316197616027.jpg HTTP/1.0" 200 269 "-" "Mozilla/5.0 (Macintosh; Intel Mac OS X 10_15_5) AppleWebKit/605.1.15 (KHTML, like Gecko) Version/13.1.1 Safari/605.1.15 (Applebot/0.1; +http://www.apple.com/go/applebot)"
114.119.145.117 - - [26/Dec/2020:17:29:04 +0100] "GET /images/big_prod/3565750332650.jpg HTTP/1.0" 200 268 "-" "Mozilla/5.0 (Linux; Android 7.0;) AppleWebKit/537.36 (KHTML, like Gecko) Mobile Safari/537.36 (compatible; PetalBot;+https://aspiegel.com/petalbot)"
13.66.139.101 - - [26/Dec/2020:17:29:11 +0100] "GET /nintendo-power-up-laptop-cover-p-17626.html HTTP/1.0" 200 74618 "-" "Mozilla/5.0 (compatible; bingbot/2.0; +http://www.bing.com/bingbot.htm)"
13.66.139.101 - - [26/Dec/2020:17:29:12 +0100] "GET /renault-metal-can-money-box-p-52946.html HTTP/1.0" 200 71895 "-" "Mozilla/5.0 (compatible; bingbot/2.0; +http://www.bing.com/bingbot.htm)"
13.66.139.101 - - [26/Dec/2020:17:29:12 +0100] "GET /-p-22698.html HTTP/1.0" 200 69192 "-" "Mozilla/5.0 (compatible; bingbot/2.0; +http://www.bing.com/bingbot.htm)"
207.46.13.51 - - [26/Dec/2020:17:29:35 +0100] "GET /stitch-flowers-collection-statuette-p-47670.html HTTP/1.0" 200 73606 "-" "Mozilla/5.0 (compatible; bingbot/2.0; +http://www.bing.com/bingbot.htm)"
54.36.149.89 - - [26/Dec/2020:17:30:19 +0100] "GET /hello-kitty-large-mirror-p-12238.html HTTP/1.0" 200 71969 "-" "Mozilla/5.0 (compatible; AhrefsBot/7.0; +http://ahrefs.com/robot/)"
17.58.101.145 - - [26/Dec/2020:17:30:40 +0100] "GET /images/med_prod/4029811331451.jpg HTTP/1.0" 200 268 "-" "Mozilla/5.0 (Macintosh; Intel Mac OS X 10_15_5) AppleWebKit/605.1.15 (KHTML, like Gecko) Version/13.1.1 Safari/605.1.15 (Applebot/0.1; +http://www.apple.com/go/applebot)"
13.66.139.136 - - [26/Dec/2020:17:32:09 +0100] "GET /-p-19065.html HTTP/1.0" 200 69192 "-" "Mozilla/5.0 (compatible; bingbot/2.0; +http://www.bing.com/bingbot.htm)"
13.66.139.136 - - [26/Dec/2020:17:32:29 +0100] "GET /-p-26667.html HTTP/1.0" 200 69192 "-" "Mozilla/5.0 (compatible; bingbot/2.0; +http://www.bing.com/bingbot.htm)"
157.55.39.186 - - [26/Dec/2020:17:32:56 +0100] "GET /decorations-and-furnishings/lighting/hello-kitty-ceiling-light-glass-p-16152.html HTTP/1.0" 301 673 "-" "Mozilla/5.0 (compatible; bingbot/2.0; +http://www.bing.com/bingbot.htm)"
17.58.101.145 - - [26/Dec/2020:17:33:23 +0100] "GET /images/mini_prod/3453131108508.jpg HTTP/1.0" 200 269 "-" "Mozilla/5.0 (Macintosh; Intel Mac OS X 10_15_5) AppleWebKit/605.1.15 (KHTML, like Gecko) Version/13.1.1 Safari/605.1.15 (Applebot/0.1; +http://www.apple.com/go/applebot)"
114.119.129.36 - - [26/Dec/2020:17:33:25 +0100] "GET /images/big_prod_1/8424346523511B.jpg HTTP/1.0" 200 271 "-" "Mozilla/5.0 (Linux; Android 7.0;) AppleWebKit/537.36 (KHTML, like Gecko) Mobile Safari/537.36 (compatible; PetalBot;+https://aspiegel.com/petalbot)"
77.75.77.11 - - [26/Dec/2020:17:33:40 +0100] "GET /robots.txt HTTP/1.0" 200 245 "-" "Mozilla/5.0 (compatible; SeznamBot/3.2; +http://napoveda.seznam.cz/en/seznambot-intro/)"
77.75.77.11 - - [26/Dec/2020:17:33:41 +0100] "GET /images/mini_prod/8422014754113.jpg HTTP/1.0" 200 269 "-" "Mozilla/5.0 (compatible; SeznamBot/3.2; +http://napoveda.seznam.cz/en/seznambot-intro/)"
54.36.148.87 - - [26/Dec/2020:17:34:22 +0100] "GET /beely-bedclothes-220-240-cm-p-52085.html HTTP/1.0" 200 71896 "-" "Mozilla/5.0 (compatible; AhrefsBot/7.0; +http://ahrefs.com/robot/)"
13.66.139.41 - - [26/Dec/2020:17:34:47 +0100] "GET /-p-17183.html HTTP/1.0" 200 69192 "-" "Mozilla/5.0 (compatible; bingbot/2.0; +http://www.bing.com/bingbot.htm)"
157.55.39.186 - - [26/Dec/2020:17:34:52 +0100] "GET /swfobject.js HTTP/1.0" 404 1308 "-" "Mozilla/5.0 (compatible; bingbot/2.0; +http://www.bing.com/bingbot.htm)"
13.66.139.136 - - [26/Dec/2020:17:35:31 +0100] "GET /suns-and-moons-metal-suspension-95-cm-blue-p-42810.html HTTP/1.0" 200 72029 "-" "Mozilla/5.0 (compatible; bingbot/2.0; +http://www.bing.com/bingbot.htm)"
13.66.139.136 - - [26/Dec/2020:17:36:41 +0100] "GET /-p-22939.html HTTP/1.0" 200 69192 "-" "Mozilla/5.0 (compatible; bingbot/2.0; +http://www.bing.com/bingbot.htm)"
13.66.139.136 - - [26/Dec/2020:17:36:42 +0100] "GET /-p-26749.html HTTP/1.0" 200 69192 "-" "Mozilla/5.0 (compatible; bingbot/2.0; +http://www.bing.com/bingbot.htm)"
13.66.139.136 - - [26/Dec/2020:17:37:42 +0100] "GET /-p-23813.html HTTP/1.0" 200 69192 "-" "Mozilla/5.0 (compatible; bingbot/2.0; +http://www.bing.com/bingbot.htm)"
114.119.147.45 - - [26/Dec/2020:17:37:46 +0100] "GET /surf-pin-up-metal-plate-deco-p-36133.html HTTP/1.0" 200 71911 "-" "Mozilla/5.0 (Linux; Android 7.0;) AppleWebKit/537.36 (KHTML, like Gecko) Mobile Safari/537.36 (compatible; PetalBot;+https://aspiegel.com/petalbot)"
54.36.148.87 - - [26/Dec/2020:17:38:42 +0100] "GET /the-little-prince-flowers-paper-towel-dispenser-p-35242.html HTTP/1.0" 200 71996 "-" "Mozilla/5.0 (compatible; AhrefsBot/7.0; +http://ahrefs.com/robot/)"
13.66.139.41 - - [26/Dec/2020:17:38:48 +0100] "GET /votive-candle-plum-and-orange-blossom-p-46024.html HTTP/1.0" 200 72598 "-" "Mozilla/5.0 (compatible; bingbot/2.0; +http://www.bing.com/bingbot.htm)"
13.66.139.136 - - [26/Dec/2020:17:39:23 +0100] "GET /-p-26667.html HTTP/1.0" 200 69192 "-" "Mozilla/5.0 (compatible; bingbot/2.0; +http://www.bing.com/bingbot.htm)"
13.66.139.41 - - [26/Dec/2020:17:40:27 +0100] "GET /fiat-500-pen-and-keyring-box-p-24964.html HTTP/1.0" 200 72343 "-" "Mozilla/5.0 (compatible; bingbot/2.0; +http://www.bing.com/bingbot.htm)"
207.46.13.51 - - [26/Dec/2020:17:41:25 +0100] "GET /-p-20754.html HTTP/1.0" 200 69192 "-" "Mozilla/5.0 (compatible; bingbot/2.0; +http://www.bing.com/bingbot.htm)"
114.119.145.117 - - [26/Dec/2020:17:42:02 +0100] "GET /rectangular-indoor-carpet-60-40-cm-p-43511.html HTTP/1.0" 200 72674 "-" "Mozilla/5.0 (Linux; Android 7.0;) AppleWebKit/537.36 (KHTML, like Gecko) Mobile Safari/537.36 (compatible; PetalBot;+https://aspiegel.com/petalbot)"
54.36.148.172 - - [26/Dec/2020:17:42:46 +0100] "GET /r2-d2-sound-money-box-p-29260.html HTTP/1.0" 200 71887 "-" "Mozilla/5.0 (compatible; AhrefsBot/7.0; +http://ahrefs.com/robot/)"
157.55.39.186 - - [26/Dec/2020:17:43:04 +0100] "GET /swfobject.js HTTP/1.0" 404 1308 "-" "Mozilla/5.0 (compatible; bingbot/2.0; +http://www.bing.com/bingbot.htm)"
13.66.139.136 - - [26/Dec/2020:17:43:35 +0100] "GET /butterflies-and-eye-stickers-p-39240.html HTTP/1.0" 200 71921 "-" "Mozilla/5.0 (compatible; bingbot/2.0; +http://www.bing.com/bingbot.htm)"
51.68.224.127 - - [26/Dec/2020:17:44:32 +0100] "GET /adminweb/export_orders_xml.php?token=256de2z6edz6ed2z6DFSFsed2zed6zeDSFDSGdzedezfzf&maxorders=10&orderstart=1&status=14&start_date=2018-10-01 HTTP/1.0" 200 285 "-" "GesCom CharlotteBoutik Serveur"
51.68.224.127 - - [26/Dec/2020:17:44:32 +0100] "GET /adminweb/export_orders_xml.php?token=256de2z6edz6ed2z6DFSFsed2zed6zeDSFDSGdzedezfzf&maxorders=10&orderstart=1&status=6&start_date=2018-10-01 HTTP/1.0" 200 30026 "-" "GesCom CharlotteBoutik Serveur"
13.66.139.136 - - [26/Dec/2020:17:44:34 +0100] "GET /basket-in-braided-willow-25-cm-p-49700.html HTTP/1.0" 200 71930 "-" "Mozilla/5.0 (compatible; bingbot/2.0; +http://www.bing.com/bingbot.htm)"
177.159.11.57 - - [26/Dec/2020:17:45:50 +0100] "GET /contact_us.php HTTP/1.0" 200 26241 "http://www.wonder-geek.com/contact_us.php" "Mozilla/5.0 (Windows NT 10.0; Win64; x64) AppleWebKit/537.36 (KHTML, like Gecko) Chrome/83.0.4086.0 Safari/537.36"
177.159.11.57 - - [26/Dec/2020:17:45:56 +0100] "POST /contact_us.php?action=send HTTP/1.0" 200 26503 "http://www.wonder-geek.com/contact_us.php" "Mozilla/5.0 (Windows NT 10.0; Win64; x64) AppleWebKit/537.36 (KHTML, like Gecko) Chrome/83.0.4086.0 Safari/537.36"
13.66.139.101 - - [26/Dec/2020:17:46:06 +0100] "GET /kori-kumi-ballpoint-pen-black-ink-p-30494.html HTTP/1.0" 200 71967 "-" "Mozilla/5.0 (compatible; bingbot/2.0; +http://www.bing.com/bingbot.htm)"
13.66.139.101 - - [26/Dec/2020:17:46:07 +0100] "GET /-p-10283.html HTTP/1.0" 200 69192 "-" "Mozilla/5.0 (compatible; bingbot/2.0; +http://www.bing.com/bingbot.htm)"
13.66.139.101 - - [26/Dec/2020:17:46:08 +0100] "GET /votive-candle-stopover-in-the-mediterranean-p-44131.html HTTP/1.0" 200 72788 "-" "Mozilla/5.0 (compatible; bingbot/2.0; +http://www.bing.com/bingbot.htm)"
114.119.132.105 - - [26/Dec/2020:17:46:23 +0100] "GET /little-toiletry-bag-p-43403.html HTTP/1.0" 200 71915 "-" "Mozilla/5.0 (Linux; Android 7.0;) AppleWebKit/537.36 (KHTML, like Gecko) Mobile Safari/537.36 (compatible; PetalBot;+https://aspiegel.com/petalbot)"
54.36.148.73 - - [26/Dec/2020:17:46:28 +0100] "GET /household-linen-c-11.html?page=32 HTTP/1.0" 200 92307 "-" "Mozilla/5.0 (compatible; AhrefsBot/7.0; +http://ahrefs.com/robot/)"
17.58.101.145 - - [26/Dec/2020:17:46:36 +0100] "GET /noddy-domino-p-27745.html HTTP/1.0" 200 69243 "-" "Mozilla/5.0 (Macintosh; Intel Mac OS X 10_15_5) AppleWebKit/605.1.15 (KHTML, like Gecko) Version/13.1.1 Safari/605.1.15 (Applebot/0.1; +http://www.apple.com/go/applebot)"
13.66.139.41 - - [26/Dec/2020:17:46:58 +0100] "GET /-p-31200.html HTTP/1.0" 200 69192 "-" "Mozilla/5.0 (compatible; bingbot/2.0; +http://www.bing.com/bingbot.htm)"
185.191.171.26 - - [26/Dec/2020:17:47:43 +0100] "GET /robots.txt HTTP/1.0" 200 245 "-" "Mozilla/5.0 (compatible; SemrushBot/7~bl; +http://www.semrush.com/bot.html)"
185.191.171.26 - - [26/Dec/2020:17:47:43 +0100] "GET /plaid-imitation-blue-peacok-fur-130-170-cm-p-53215.html HTTP/1.0" 200 72003 "-" "Mozilla/5.0 (compatible; SemrushBot/7~bl; +http://www.semrush.com/bot.html)"
40.77.167.36 - - [26/Dec/2020:17:47:58 +0100] "GET /selenite-spirale-10-cm-p-44370.html HTTP/1.0" 200 72492 "-" "Mozilla/5.0 (compatible; bingbot/2.0; +http://www.bing.com/bingbot.htm)"
13.66.139.136 - - [26/Dec/2020:17:48:48 +0100] "GET /panda-cushion-with-removable-cover-40-40-cm-p-45413.html HTTP/1.0" 200 72862 "-" "Mozilla/5.0 (compatible; bingbot/2.0; +http://www.bing.com/bingbot.htm)"
54.37.23.114 - - [26/Dec/2020:17:48:49 +0100] "GET /images/big_prod_1/3609810096356b.jpg HTTP/1.0" 200 271 "-" "-"
13.66.139.41 - - [26/Dec/2020:17:48:53 +0100] "GET /-p-23811.html HTTP/1.0" 200 69192 "-" "Mozilla/5.0 (compatible; bingbot/2.0; +http://www.bing.com/bingbot.htm)"
54.36.148.3 - - [26/Dec/2020:17:50:24 +0100] "GET /tealight-holders-and-candle-holders-c-231_230.html?page=4 HTTP/1.0" 200 91413 "-" "Mozilla/5.0 (compatible; AhrefsBot/7.0; +http://ahrefs.com/robot/)"
66.249.70.36 - - [26/Dec/2020:17:50:31 +0100] "GET /yellow-apple-shaped-moneybox-p-36476.html HTTP/1.0" 200 71900 "-" "Mozilla/5.0 (compatible; Googlebot/2.1; +http://www.google.com/bot.html)"
114.119.132.105 - - [26/Dec/2020:17:50:45 +0100] "GET /marseille-football-boot-money-box-p-27187.html HTTP/1.0" 200 71918 "-" "Mozilla/5.0 (Linux; Android 7.0;) AppleWebKit/537.36 (KHTML, like Gecko) Mobile Safari/537.36 (compatible; PetalBot;+https://aspiegel.com/petalbot)"
207.46.13.225 - - [26/Dec/2020:17:51:04 +0100] "GET /-p-19827.html HTTP/1.0" 200 69192 "-" "Mozilla/5.0 (compatible; bingbot/2.0; +http://www.bing.com/bingbot.htm)"
207.46.13.225 - - [26/Dec/2020:17:52:36 +0100] "GET /-p-35158.html HTTP/1.0" 200 69192 "-" "Mozilla/5.0 (compatible; bingbot/2.0; +http://www.bing.com/bingbot.htm)"
157.55.39.94 - - [26/Dec/2020:17:52:51 +0100] "GET /louison-bedclothes-240-220-cm-p-52100.html HTTP/1.0" 200 71931 "-" "Mozilla/5.0 (compatible; bingbot/2.0; +http://www.bing.com/bingbot.htm)"
54.36.148.214 - - [26/Dec/2020:17:52:59 +0100] "GET /piggy-bank-with-small-hammer-60-years-p-38526.html HTTP/1.0" 301 69259 "-" "Mozilla/5.0 (compatible; AhrefsBot/7.0; +http://ahrefs.com/robot/)"
54.36.148.125 - - [26/Dec/2020:17:54:19 +0100] "GET /robots.txt HTTP/1.0" 200 245 "-" "Mozilla/5.0 (compatible; AhrefsBot/6.1; +http://ahrefs.com/robot/)"
54.36.148.18 - - [26/Dec/2020:17:54:20 +0100] "GET /bamboo-table-lamp-p-52784.html HTTP/1.0" 200 72647 "-" "Mozilla/5.0 (compatible; AhrefsBot/7.0; +http://ahrefs.com/robot/)"
157.55.39.186 - - [26/Dec/2020:17:54:46 +0100] "GET /swfobject.js HTTP/1.0" 404 1308 "-" "Mozilla/5.0 (compatible; bingbot/2.0; +http://www.bing.com/bingbot.htm)"
157.55.39.186 - - [26/Dec/2020:17:54:46 +0100] "GET /-p-25630.html HTTP/1.0" 200 69192 "-" "Mozilla/5.0 (compatible; bingbot/2.0; +http://www.bing.com/bingbot.htm)"
13.66.139.41 - - [26/Dec/2020:17:56:18 +0100] "GET /-p-11973.html HTTP/1.0" 200 69192 "-" "Mozilla/5.0 (compatible; bingbot/2.0; +http://www.bing.com/bingbot.htm)"
54.36.149.94 - - [26/Dec/2020:17:57:55 +0100] "GET /large-hanging-clock-corsica-p-49728.html HTTP/1.0" 200 71989 "-" "Mozilla/5.0 (compatible; AhrefsBot/7.0; +http://ahrefs.com/robot/)"
54.37.150.153 - - [26/Dec/2020:17:58:05 +0100] "GET /images/big_prod_1/028399270323b.jpg HTTP/1.0" 200 270 "-" "-"
13.66.139.136 - - [26/Dec/2020:17:58:55 +0100] "GET /-p-23193.html HTTP/1.0" 200 69192 "-" "Mozilla/5.0 (compatible; bingbot/2.0; +http://www.bing.com/bingbot.htm)"
114.119.147.45 - - [26/Dec/2020:17:59:26 +0100] "GET /images/big_prod/3418176355362.jpg HTTP/1.0" 200 268 "-" "Mozilla/5.0 (Linux; Android 7.0;) AppleWebKit/537.36 (KHTML, like Gecko) Mobile Safari/537.36 (compatible; PetalBot;+https://aspiegel.com/petalbot)"
207.46.13.225 - - [26/Dec/2020:17:59:35 +0100] "GET /moroccan-ashtray-p-52727.html HTTP/1.0" 200 71762 "-" "Mozilla/5.0 (compatible; bingbot/2.0; +http://www.bing.com/bingbot.htm)"
13.66.139.41 - - [26/Dec/2020:17:59:59 +0100] "GET /-p-15716.html HTTP/1.0" 200 69192 "-" "Mozilla/5.0 (compatible; bingbot/2.0; +http://www.bing.com/bingbot.htm)"
157.55.39.186 - - [26/Dec/2020:18:00:08 +0100] "GET /swfobject.js HTTP/1.0" 404 1308 "-" "Mozilla/5.0 (compatible; bingbot/2.0; +http://www.bing.com/bingbot.htm)"
13.66.139.101 - - [26/Dec/2020:18:00:14 +0100] "GET /kitten-glass-clock-p-27208.html HTTP/1.0" 200 71798 "-" "Mozilla/5.0 (compatible; bingbot/2.0; +http://www.bing.com/bingbot.htm)"
13.66.139.101 - - [26/Dec/2020:18:00:15 +0100] "GET /retro-wooden-storage-cabinet-p-45805.html HTTP/1.0" 200 71942 "-" "Mozilla/5.0 (compatible; bingbot/2.0; +http://www.bing.com/bingbot.htm)"
13.66.139.136 - - [26/Dec/2020:18:00:43 +0100] "GET /-p-19352.html HTTP/1.0" 200 69192 "-" "Mozilla/5.0 (compatible; bingbot/2.0; +http://www.bing.com/bingbot.htm)"
13.66.139.136 - - [26/Dec/2020:18:00:45 +0100] "GET /fitted-sheet-in-cotton-percale-80-threads-140-190-30-cm-p-51244.html HTTP/1.0" 200 72869 "-" "Mozilla/5.0 (compatible; bingbot/2.0; +http://www.bing.com/bingbot.htm)"
13.66.139.136 - - [26/Dec/2020:18:00:46 +0100] "GET /sentiment-tea-towel-kitchen-towel-70-35-cm-p-43633.html HTTP/1.0" 200 72639 "-" "Mozilla/5.0 (compatible; bingbot/2.0; +http://www.bing.com/bingbot.htm)"
13.66.139.136 - - [26/Dec/2020:18:00:47 +0100] "GET /playmobil-rule-p-13387.html HTTP/1.0" 200 71753 "-" "Mozilla/5.0 (compatible; bingbot/2.0; +http://www.bing.com/bingbot.htm)"
51.68.224.127 - - [26/Dec/2020:18:01:30 +0100] "GET /adminweb/export_orders_xml.php?token=256de2z6edz6ed2z6DFSFsed2zed6zeDSFDSGdzedezfzf&maxorders=10&orderstart=1&status=14&start_date=2018-10-01 HTTP/1.0" 200 285 "-" "GesCom CharlotteBoutik Serveur"
51.68.224.127 - - [26/Dec/2020:18:01:30 +0100] "GET /adminweb/export_orders_xml.php?token=256de2z6edz6ed2z6DFSFsed2zed6zeDSFDSGdzedezfzf&maxorders=10&orderstart=1&status=6&start_date=2018-10-01 HTTP/1.0" 200 30026 "-" "GesCom CharlotteBoutik Serveur"
54.36.148.184 - - [26/Dec/2020:18:01:43 +0100] "GET /the-little-prince-wallet-french-manufacturing-p-52350.html HTTP/1.0" 200 72791 "-" "Mozilla/5.0 (compatible; AhrefsBot/7.0; +http://ahrefs.com/robot/)"
178.221.39.148 - - [26/Dec/2020:18:03:35 +0100] "GET /contact_us.php HTTP/1.0" 200 26241 "http://www.wonder-geek.com/contact_us.php" "Mozilla/5.0 (Windows NT 10.0; Win64; x64) AppleWebKit/537.36 (KHTML, like Gecko) Chrome/83.0.4103.14 Safari/537.36"
114.119.144.233 - - [26/Dec/2020:18:03:47 +0100] "GET /images/big_prod/8719075391709.jpg HTTP/1.0" 200 268 "-" "Mozilla/5.0 (Linux; Android 7.0;) AppleWebKit/537.36 (KHTML, like Gecko) Mobile Safari/537.36 (compatible; PetalBot;+https://aspiegel.com/petalbot)"
54.36.148.87 - - [26/Dec/2020:18:05:31 +0100] "GET /games-and-toys-c-4.html HTTP/1.0" 200 91970 "-" "Mozilla/5.0 (compatible; AhrefsBot/7.0; +http://ahrefs.com/robot/)"
54.36.148.126 - - [26/Dec/2020:18:05:49 +0100] "GET /juventus-metal-money-box-p-20108.html HTTP/1.0" 301 69259 "-" "Mozilla/5.0 (compatible; AhrefsBot/7.0; +http://ahrefs.com/robot/)"
207.46.13.51 - - [26/Dec/2020:18:07:31 +0100] "GET /mini-metal-tray-dubout-cats-p-36474.html HTTP/1.0" 200 71957 "-" "Mozilla/5.0 (compatible; bingbot/2.0; +http://www.bing.com/bingbot.htm)"
114.119.154.200 - - [26/Dec/2020:18:08:10 +0100] "GET /images/med_prod/3681643111383.jpg HTTP/1.0" 200 268 "-" "Mozilla/5.0 (Linux; Android 7.0;) AppleWebKit/537.36 (KHTML, like Gecko) Mobile Safari/537.36 (compatible; PetalBot;+https://aspiegel.com/petalbot)"
157.55.39.186 - - [26/Dec/2020:18:08:39 +0100] "GET /swfobject.js HTTP/1.0" 404 1308 "-" "Mozilla/5.0 (compatible; bingbot/2.0; +http://www.bing.com/bingbot.htm)"
5.34.180.192 - - [26/Dec/2020:18:09:05 +0100] "GET /snowman-solar-powered-dancing-p-34143.html]Test HTTP/1.0" 301 609 "http://www.labves.ru/" "Mozilla/4.0 (compatible; MSIE 6.0; Windows ME) Opera 7.11  [en]"
5.34.180.192 - - [26/Dec/2020:18:09:05 +0100] "GET /snowman-solar-powered-dancing-p-34143.html]Test HTTP/1.0" 301 609 "http://www.labves.ru/" "Mozilla/4.0 (compatible; MSIE 6.0; Windows ME) Opera 7.11  [en]"
5.34.180.192 - - [26/Dec/2020:18:09:05 +0100] "GET /snowman-solar-powered-dancing-p-34143.html]Test HTTP/1.0" 301 609 "http://www.labves.ru/" "Mozilla/4.0 (compatible; MSIE 6.0; Windows ME) Opera 7.11  [en]"
54.36.148.158 - - [26/Dec/2020:18:09:07 +0100] "GET /egg-cups-c-12_248.html HTTP/1.0" 200 82207 "-" "Mozilla/5.0 (compatible; AhrefsBot/7.0; +http://ahrefs.com/robot/)"
207.46.13.51 - - [26/Dec/2020:18:11:59 +0100] "GET /frida-mug-with-infuser-pink-and-blue-p-52862.html HTTP/1.0" 200 71940 "-" "Mozilla/5.0 (compatible; bingbot/2.0; +http://www.bing.com/bingbot.htm)"
13.66.139.136 - - [26/Dec/2020:18:12:09 +0100] "GET /socks-c-1_141.html HTTP/1.0" 200 78234 "-" "Mozilla/5.0 (compatible; bingbot/2.0; +http://www.bing.com/bingbot.htm)"
114.119.150.15 - - [26/Dec/2020:18:12:25 +0100] "GET /images/mini_prod/067103137149.jpg HTTP/1.0" 200 268 "-" "Mozilla/5.0 (Linux; Android 7.0;) AppleWebKit/537.36 (KHTML, like Gecko) Mobile Safari/537.36 (compatible; PetalBot;+https://aspiegel.com/petalbot)"
54.36.148.78 - - [26/Dec/2020:18:12:39 +0100] "GET /cat-all-over-purse-by-michelle-allen-p-53362.html HTTP/1.0" 200 71978 "-" "Mozilla/5.0 (compatible; AhrefsBot/7.0; +http://ahrefs.com/robot/)"
13.66.139.41 - - [26/Dec/2020:18:13:20 +0100] "GET /-p-38731.html HTTP/1.0" 200 69192 "-" "Mozilla/5.0 (compatible; bingbot/2.0; +http://www.bing.com/bingbot.htm)"
13.66.139.41 - - [26/Dec/2020:18:14:11 +0100] "GET /-p-16690.html HTTP/1.0" 200 69192 "-" "Mozilla/5.0 (compatible; bingbot/2.0; +http://www.bing.com/bingbot.htm)"
157.55.39.214 - - [26/Dec/2020:18:15:27 +0100] "GET /-p-23106.html HTTP/1.0" 200 69192 "-" "Mozilla/5.0 (compatible; bingbot/2.0; +http://www.bing.com/bingbot.htm)"
54.36.148.57 - - [26/Dec/2020:18:16:19 +0100] "GET /the-little-prince-make-up-pencil-case-made-in-france-p-52344.html HTTP/1.0" 200 73188 "-" "Mozilla/5.0 (compatible; AhrefsBot/7.0; +http://ahrefs.com/robot/)"
114.119.154.200 - - [26/Dec/2020:18:16:45 +0100] "GET /weight-of-tablecloth-cicada-in-pack-of-p-48624.html HTTP/1.0" 200 69342 "-" "Mozilla/5.0 (Linux; Android 7.0;) AppleWebKit/537.36 (KHTML, like Gecko) Mobile Safari/537.36 (compatible; PetalBot;+https://aspiegel.com/petalbot)"
207.46.13.158 - - [26/Dec/2020:18:17:13 +0100] "GET /smurf-toddler-flatware-set-p-27536.html HTTP/1.0" 200 71858 "-" "Mozilla/5.0 (compatible; bingbot/2.0; +http://www.bing.com/bingbot.htm)"
51.68.224.127 - - [26/Dec/2020:18:17:27 +0100] "GET /adminweb/export_orders_xml.php?token=256de2z6edz6ed2z6DFSFsed2zed6zeDSFDSGdzedezfzf&maxorders=10&orderstart=1&status=14&start_date=2018-10-01 HTTP/1.0" 200 285 "-" "GesCom CharlotteBoutik Serveur"
51.68.224.127 - - [26/Dec/2020:18:17:27 +0100] "GET /adminweb/export_orders_xml.php?token=256de2z6edz6ed2z6DFSFsed2zed6zeDSFDSGdzedezfzf&maxorders=10&orderstart=1&status=6&start_date=2018-10-01 HTTP/1.0" 200 30026 "-" "GesCom CharlotteBoutik Serveur"
157.55.39.186 - - [26/Dec/2020:18:18:00 +0100] "GET /swfobject.js HTTP/1.0" 404 1308 "-" "Mozilla/5.0 (compatible; bingbot/2.0; +http://www.bing.com/bingbot.htm)"
13.66.139.41 - - [26/Dec/2020:18:18:11 +0100] "GET /harley-davidson-zippo-lighter-p-53267.html HTTP/1.0" 200 73151 "-" "Mozilla/5.0 (compatible; bingbot/2.0; +http://www.bing.com/bingbot.htm)"
54.36.148.27 - - [26/Dec/2020:18:20:22 +0100] "GET /frames-flags-and-decorative-paintings-c-13_148.html?page=13 HTTP/1.0" 200 93394 "-" "Mozilla/5.0 (compatible; AhrefsBot/7.0; +http://ahrefs.com/robot/)"
13.66.139.136 - - [26/Dec/2020:18:20:44 +0100] "GET /selonia-bedclothes-260-240-cm-p-41429.html HTTP/1.0" 200 71937 "-" "Mozilla/5.0 (compatible; bingbot/2.0; +http://www.bing.com/bingbot.htm)"
114.119.150.15 - - [26/Dec/2020:18:21:07 +0100] "GET /fitted-sheet-for-bed-with-head-and-foot-lifting-80-200-cm-p-41125.html HTTP/1.0" 200 69442 "-" "Mozilla/5.0 (Linux; Android 7.0;) AppleWebKit/537.36 (KHTML, like Gecko) Mobile Safari/537.36 (compatible; PetalBot;+https://aspiegel.com/petalbot)"
13.66.139.136 - - [26/Dec/2020:18:21:25 +0100] "GET /-p-34048.html HTTP/1.0" 200 69192 "-" "Mozilla/5.0 (compatible; bingbot/2.0; +http://www.bing.com/bingbot.htm)"
157.55.39.186 - - [26/Dec/2020:18:21:29 +0100] "GET /mug-with-spoon-van-gogh-iris-p-48225.html HTTP/1.0" 200 72469 "-" "Mozilla/5.0 (compatible; bingbot/2.0; +http://www.bing.com/bingbot.htm)"
13.66.139.41 - - [26/Dec/2020:18:22:22 +0100] "GET /-p-17655.html HTTP/1.0" 200 69192 "-" "Mozilla/5.0 (compatible; bingbot/2.0; +http://www.bing.com/bingbot.htm)"
13.66.139.101 - - [26/Dec/2020:18:23:35 +0100] "GET /-p-12831.html HTTP/1.0" 200 69192 "-" "Mozilla/5.0 (compatible; bingbot/2.0; +http://www.bing.com/bingbot.htm)"
13.66.139.101 - - [26/Dec/2020:18:23:36 +0100] "GET /-p-34031.html HTTP/1.0" 200 69192 "-" "Mozilla/5.0 (compatible; bingbot/2.0; +http://www.bing.com/bingbot.htm)"
13.66.139.101 - - [26/Dec/2020:18:23:37 +0100] "GET /-p-32105.html HTTP/1.0" 200 69192 "-" "Mozilla/5.0 (compatible; bingbot/2.0; +http://www.bing.com/bingbot.htm)"
13.66.139.101 - - [26/Dec/2020:18:23:38 +0100] "GET /florialys-fragrance-in-provence-musk-woody-p-48499.html HTTP/1.0" 200 72119 "-" "Mozilla/5.0 (compatible; bingbot/2.0; +http://www.bing.com/bingbot.htm)"
13.66.139.101 - - [26/Dec/2020:18:23:39 +0100] "GET /-p-15474.html HTTP/1.0" 200 69192 "-" "Mozilla/5.0 (compatible; bingbot/2.0; +http://www.bing.com/bingbot.htm)"
13.66.139.101 - - [26/Dec/2020:18:23:40 +0100] "GET /-p-12746.html HTTP/1.0" 200 69192 "-" "Mozilla/5.0 (compatible; bingbot/2.0; +http://www.bing.com/bingbot.htm)"
13.66.139.101 - - [26/Dec/2020:18:23:40 +0100] "GET /russian-dolls-small-cushion-by-cbkreation-p-18575.html HTTP/1.0" 200 72248 "-" "Mozilla/5.0 (compatible; bingbot/2.0; +http://www.bing.com/bingbot.htm)"
13.66.139.101 - - [26/Dec/2020:18:23:41 +0100] "GET /pendulum-hanging-retro-golden-p-49871.html HTTP/1.0" 200 72889 "-" "Mozilla/5.0 (compatible; bingbot/2.0; +http://www.bing.com/bingbot.htm)"
54.36.149.61 - - [26/Dec/2020:18:23:41 +0100] "GET /white-cats-set-salt-and-pepper-p-52793.html HTTP/1.0" 200 72487 "-" "Mozilla/5.0 (compatible; AhrefsBot/7.0; +http://ahrefs.com/robot/)"
13.66.139.101 - - [26/Dec/2020:18:23:43 +0100] "GET /ceramic-and-wooden-coffee-pot-14-cm-p-42167.html HTTP/1.0" 200 72710 "-" "Mozilla/5.0 (compatible; bingbot/2.0; +http://www.bing.com/bingbot.htm)"
13.66.139.101 - - [26/Dec/2020:18:23:44 +0100] "GET /20-the-archangels-aromatika-incense-sticks-p-53447.html HTTP/1.0" 200 72006 "-" "Mozilla/5.0 (compatible; bingbot/2.0; +http://www.bing.com/bingbot.htm)"
13.66.139.101 - - [26/Dec/2020:18:23:45 +0100] "GET /-p-14895.html HTTP/1.0" 200 69192 "-" "Mozilla/5.0 (compatible; bingbot/2.0; +http://www.bing.com/bingbot.htm)"
13.66.139.101 - - [26/Dec/2020:18:23:46 +0100] "GET /zen-japanese-garden-cherry-tree-sticker-p-35390.html HTTP/1.0" 200 71980 "-" "Mozilla/5.0 (compatible; bingbot/2.0; +http://www.bing.com/bingbot.htm)"
13.66.139.41 - - [26/Dec/2020:18:24:52 +0100] "GET /-p-18354.html HTTP/1.0" 200 69192 "-" "Mozilla/5.0 (compatible; bingbot/2.0; +http://www.bing.com/bingbot.htm)"
13.66.139.41 - - [26/Dec/2020:18:24:53 +0100] "GET /-p-38731.html HTTP/1.0" 200 69192 "-" "Mozilla/5.0 (compatible; bingbot/2.0; +http://www.bing.com/bingbot.htm)"
13.66.139.136 - - [26/Dec/2020:18:24:59 +0100] "GET /set-of-cement-tile-coasters-p-53108.html HTTP/1.0" 200 71854 "-" "Mozilla/5.0 (compatible; bingbot/2.0; +http://www.bing.com/bingbot.htm)"
114.119.144.233 - - [26/Dec/2020:18:25:28 +0100] "GET /images/mini_prod/9316188068758.jpg HTTP/1.0" 200 269 "-" "Mozilla/5.0 (Linux; Android 7.0;) AppleWebKit/537.36 (KHTML, like Gecko) Mobile Safari/537.36 (compatible; PetalBot;+https://aspiegel.com/petalbot)"
13.66.139.136 - - [26/Dec/2020:18:26:07 +0100] "GET /-p-15456.html HTTP/1.0" 200 69192 "-" "Mozilla/5.0 (compatible; bingbot/2.0; +http://www.bing.com/bingbot.htm)"
157.55.39.186 - - [26/Dec/2020:18:27:03 +0100] "GET /swfobject.js HTTP/1.0" 404 1308 "-" "Mozilla/5.0 (compatible; bingbot/2.0; +http://www.bing.com/bingbot.htm)"
54.36.148.244 - - [26/Dec/2020:18:27:03 +0100] "GET /waxed-concrete-tile-stickers-30-30-cm-p-51948.html HTTP/1.0" 200 72666 "-" "Mozilla/5.0 (compatible; AhrefsBot/7.0; +http://ahrefs.com/robot/)"
54.38.43.78 - - [26/Dec/2020:18:28:32 +0100] "GET /images/mini_prod/3520071689265.jpg HTTP/1.0" 200 269 "-" "-"
114.119.144.233 - - [26/Dec/2020:18:29:49 +0100] "GET /mani-lucky-cat-fuchsia-pen-p-37336.html HTTP/1.0" 200 71937 "-" "Mozilla/5.0 (Linux; Android 7.0;) AppleWebKit/537.36 (KHTML, like Gecko) Mobile Safari/537.36 (compatible; PetalBot;+https://aspiegel.com/petalbot)"
13.66.139.41 - - [26/Dec/2020:18:29:52 +0100] "GET /-p-17239.html HTTP/1.0" 200 69192 "-" "Mozilla/5.0 (compatible; bingbot/2.0; +http://www.bing.com/bingbot.htm)"
157.55.39.186 - - [26/Dec/2020:18:30:04 +0100] "GET /-p-32799.html HTTP/1.0" 200 69192 "-" "Mozilla/5.0 (compatible; bingbot/2.0; +http://www.bing.com/bingbot.htm)"
54.36.148.65 - - [26/Dec/2020:18:30:34 +0100] "GET /utensil-and-cutlery-pot-c-12_244.html HTTP/1.0" 200 88928 "-" "Mozilla/5.0 (compatible; AhrefsBot/7.0; +http://ahrefs.com/robot/)"
13.66.139.136 - - [26/Dec/2020:18:31:31 +0100] "GET /arlesienne-metal-rests-flat-p-43892.html HTTP/1.0" 200 71860 "-" "Mozilla/5.0 (compatible; bingbot/2.0; +http://www.bing.com/bingbot.htm)"
13.66.139.41 - - [26/Dec/2020:18:32:52 +0100] "GET /-p-35645.html HTTP/1.0" 200 69192 "-" "Mozilla/5.0 (compatible; bingbot/2.0; +http://www.bing.com/bingbot.htm)"
13.66.139.41 - - [26/Dec/2020:18:32:53 +0100] "GET /-p-14836.html HTTP/1.0" 200 69192 "-" "Mozilla/5.0 (compatible; bingbot/2.0; +http://www.bing.com/bingbot.htm)"
51.68.224.127 - - [26/Dec/2020:18:33:24 +0100] "GET /adminweb/export_orders_xml.php?token=256de2z6edz6ed2z6DFSFsed2zed6zeDSFDSGdzedezfzf&maxorders=10&orderstart=1&status=14&start_date=2018-10-01 HTTP/1.0" 200 285 "-" "GesCom CharlotteBoutik Serveur"
51.68.224.127 - - [26/Dec/2020:18:33:24 +0100] "GET /adminweb/export_orders_xml.php?token=256de2z6edz6ed2z6DFSFsed2zed6zeDSFDSGdzedezfzf&maxorders=10&orderstart=1&status=6&start_date=2018-10-01 HTTP/1.0" 200 30026 "-" "GesCom CharlotteBoutik Serveur"
114.119.151.113 - - [26/Dec/2020:18:34:10 +0100] "GET /little-mermaid-shell-scene-figurine-p-51408.html HTTP/1.0" 200 73474 "-" "Mozilla/5.0 (Linux; Android 7.0;) AppleWebKit/537.36 (KHTML, like Gecko) Mobile Safari/537.36 (compatible; PetalBot;+https://aspiegel.com/petalbot)"
54.36.149.49 - - [26/Dec/2020:18:34:12 +0100] "GET /decorations-c-13_89.html HTTP/1.0" 200 89400 "-" "Mozilla/5.0 (compatible; AhrefsBot/7.0; +http://ahrefs.com/robot/)"
66.249.70.62 - - [26/Dec/2020:18:34:17 +0100] "GET /furnishings-c-13_87.html HTTP/1.0" 200 89977 "-" "Mozilla/5.0 (Linux; Android 6.0.1; Nexus 5X Build/MMB29P) AppleWebKit/537.36 (KHTML, like Gecko) Chrome/87.0.4280.90 Mobile Safari/537.36 (compatible; Googlebot/2.1; +http://www.google.com/bot.html)"
13.66.139.136 - - [26/Dec/2020:18:35:02 +0100] "GET /-p-28590.html HTTP/1.0" 200 69192 "-" "Mozilla/5.0 (compatible; bingbot/2.0; +http://www.bing.com/bingbot.htm)"
157.55.39.186 - - [26/Dec/2020:18:35:54 +0100] "GET /swfobject.js HTTP/1.0" 404 1308 "-" "Mozilla/5.0 (compatible; bingbot/2.0; +http://www.bing.com/bingbot.htm)"
95.163.255.130 - - [26/Dec/2020:18:35:58 +0100] "GET /robots.txt HTTP/1.0" 200 245 "-" "Mozilla/5.0 (compatible; Linux x86_64; Mail.RU_Bot/Img/2.0; +http://go.mail.ru/help/robots)"
95.163.255.140 - - [26/Dec/2020:18:36:07 +0100] "GET /101-dalmatians-freckles-figure-p-19360.html HTTP/1.0" 200 69336 "http://go.mail.ru/search_images" "Mozilla/5.0 (compatible; Linux x86_64; Mail.RU_Bot/Img/2.0; +http://go.mail.ru/help/robots)"
13.66.139.101 - - [26/Dec/2020:18:36:27 +0100] "GET /union-jack-keep-calm-and-carry-on-clock-p-25428.html HTTP/1.0" 200 71980 "-" "Mozilla/5.0 (compatible; bingbot/2.0; +http://www.bing.com/bingbot.htm)"
66.249.70.62 - - [26/Dec/2020:18:36:48 +0100] "GET /decorations-c-13_89.html HTTP/1.0" 200 89400 "-" "Mozilla/5.0 (Linux; Android 6.0.1; Nexus 5X Build/MMB29P) AppleWebKit/537.36 (KHTML, like Gecko) Chrome/87.0.4280.90 Mobile Safari/537.36 (compatible; Googlebot/2.1; +http://www.google.com/bot.html)"
54.36.148.49 - - [26/Dec/2020:18:37:29 +0100] "GET /butter-dish-c-12_222.html HTTP/1.0" 200 81873 "-" "Mozilla/5.0 (compatible; AhrefsBot/7.0; +http://ahrefs.com/robot/)"
95.168.185.239 - - [26/Dec/2020:18:38:11 +0100] "GET /contact_us.php HTTP/1.0" 200 26241 "http://www.wonder-geek.com/contact_us.php" "Mozilla/5.0 (Windows NT 6.3; Win64; x64) AppleWebKit/537.36 (KHTML, like Gecko) Chrome/83.0.4103.61 Safari/537.36"
95.168.185.239 - - [26/Dec/2020:18:38:13 +0100] "POST /contact_us.php?action=send HTTP/1.0" 200 26713 "http://www.wonder-geek.com/contact_us.php" "Mozilla/5.0 (Windows NT 6.3; Win64; x64) AppleWebKit/537.36 (KHTML, like Gecko) Chrome/83.0.4103.61 Safari/537.36"
157.55.39.186 - - [26/Dec/2020:18:38:22 +0100] "GET /banania-by-herve-morvan-large-metal-plate-30-40-cm-p-35258.html HTTP/1.0" 200 72108 "-" "Mozilla/5.0 (compatible; bingbot/2.0; +http://www.bing.com/bingbot.htm)"
114.119.147.45 - - [26/Dec/2020:18:38:31 +0100] "GET /dalmatian-cushion-p-40177.html HTTP/1.0" 200 71785 "-" "Mozilla/5.0 (Linux; Android 7.0;) AppleWebKit/537.36 (KHTML, like Gecko) Mobile Safari/537.36 (compatible; PetalBot;+https://aspiegel.com/petalbot)"
157.55.39.94 - - [26/Dec/2020:18:38:32 +0100] "GET /travel-yoga-mat-gray-p-51588.html HTTP/1.0" 200 72870 "-" "Mozilla/5.0 (compatible; bingbot/2.0; +http://www.bing.com/bingbot.htm)"
13.66.139.41 - - [26/Dec/2020:18:39:14 +0100] "GET /le-petit-prince-de-st-exupery-collection-mug-p-53384.html HTTP/1.0" 200 72033 "-" "Mozilla/5.0 (compatible; bingbot/2.0; +http://www.bing.com/bingbot.htm)"
185.191.171.9 - - [26/Dec/2020:18:39:21 +0100] "GET /metal-beer-bucket-pizza-biere-foot-p-53421.html HTTP/1.0" 200 71868 "-" "Mozilla/5.0 (compatible; SemrushBot/7~bl; +http://www.semrush.com/bot.html)"
66.249.70.36 - - [26/Dec/2020:18:39:27 +0100] "GET /pencil-case-c-31_75.html HTTP/1.0" 200 93454 "-" "Mozilla/5.0 (Linux; Android 6.0.1; Nexus 5X Build/MMB29P) AppleWebKit/537.36 (KHTML, like Gecko) Chrome/87.0.4280.90 Mobile Safari/537.36 (compatible; Googlebot/2.1; +http://www.google.com/bot.html)"
54.36.148.87 - - [26/Dec/2020:18:40:38 +0100] "GET /metal-boxes-and-storage-c-13_150_218.html HTTP/1.0" 200 89450 "-" "Mozilla/5.0 (compatible; AhrefsBot/7.0; +http://ahrefs.com/robot/)"
66.249.70.62 - - [26/Dec/2020:18:41:47 +0100] "GET /school-trolley-c-31_169.html HTTP/1.0" 200 81543 "-" "Mozilla/5.0 (Linux; Android 6.0.1; Nexus 5X Build/MMB29P) AppleWebKit/537.36 (KHTML, like Gecko) Chrome/87.0.4280.90 Mobile Safari/537.36 (compatible; Googlebot/2.1; +http://www.google.com/bot.html)"
13.66.139.101 - - [26/Dec/2020:18:41:48 +0100] "GET /-p-25100.html HTTP/1.0" 200 69192 "-" "Mozilla/5.0 (compatible; bingbot/2.0; +http://www.bing.com/bingbot.htm)"
157.55.39.186 - - [26/Dec/2020:18:42:36 +0100] "GET /swfobject.js HTTP/1.0" 404 1308 "-" "Mozilla/5.0 (compatible; bingbot/2.0; +http://www.bing.com/bingbot.htm)"
114.119.154.200 - - [26/Dec/2020:18:42:47 +0100] "GET /images/big_prod/5018997616130.jpg HTTP/1.0" 200 268 "-" "Mozilla/5.0 (Linux; Android 7.0;) AppleWebKit/537.36 (KHTML, like Gecko) Mobile Safari/537.36 (compatible; PetalBot;+https://aspiegel.com/petalbot)"
13.66.139.41 - - [26/Dec/2020:18:42:54 +0100] "GET /-p-19224.html HTTP/1.0" 200 69192 "-" "Mozilla/5.0 (compatible; bingbot/2.0; +http://www.bing.com/bingbot.htm)"
13.66.139.136 - - [26/Dec/2020:18:43:29 +0100] "GET /-m-148.html HTTP/1.0" 200 79001 "-" "Mozilla/5.0 (compatible; bingbot/2.0; +http://www.bing.com/bingbot.htm)"
54.36.148.45 - - [26/Dec/2020:18:44:07 +0100] "GET /partys-decoration-c-12_51.html HTTP/1.0" 200 68163 "-" "Mozilla/5.0 (compatible; AhrefsBot/7.0; +http://ahrefs.com/robot/)"
13.66.139.136 - - [26/Dec/2020:18:44:08 +0100] "GET /metal-retro-calendar-decorated-with-bird-p-40400.html HTTP/1.0" 200 72017 "-" "Mozilla/5.0 (compatible; bingbot/2.0; +http://www.bing.com/bingbot.htm)"
66.249.70.33 - - [26/Dec/2020:18:44:55 +0100] "GET /harlekin-piggy-bank-beige-hut-p-35460.html HTTP/1.0" 200 71916 "-" "Mozilla/5.0 (compatible; Googlebot/2.1; +http://www.google.com/bot.html)"
66.249.70.62 - - [26/Dec/2020:18:45:12 +0100] "GET /purse-and-wallet-c-31_76.html HTTP/1.0" 200 90138 "-" "Mozilla/5.0 (Linux; Android 6.0.1; Nexus 5X Build/MMB29P) AppleWebKit/537.36 (KHTML, like Gecko) Chrome/87.0.4280.90 Mobile Safari/537.36 (compatible; Googlebot/2.1; +http://www.google.com/bot.html)"
13.66.139.136 - - [26/Dec/2020:18:46:10 +0100] "GET /-p-29866.html HTTP/1.0" 200 69192 "-" "Mozilla/5.0 (compatible; bingbot/2.0; +http://www.bing.com/bingbot.htm)"
114.119.154.200 - - [26/Dec/2020:18:47:08 +0100] "GET /images/mini_prod/1328399144181.jpg HTTP/1.0" 200 269 "-" "Mozilla/5.0 (Linux; Android 7.0;) AppleWebKit/537.36 (KHTML, like Gecko) Mobile Safari/537.36 (compatible; PetalBot;+https://aspiegel.com/petalbot)"
54.36.148.209 - - [26/Dec/2020:18:47:42 +0100] "GET /mug-with-tea-infuser-c-12_221.html HTTP/1.0" 200 89770 "-" "Mozilla/5.0 (compatible; AhrefsBot/7.0; +http://ahrefs.com/robot/)"
13.66.139.41 - - [26/Dec/2020:18:48:04 +0100] "GET /buddha-statue-polyresin-65-cm-p-36729.html HTTP/1.0" 200 71945 "-" "Mozilla/5.0 (compatible; bingbot/2.0; +http://www.bing.com/bingbot.htm)"
77.75.79.11 - - [26/Dec/2020:18:48:36 +0100] "GET /robots.txt HTTP/1.0" 200 245 "-" "Mozilla/5.0 (compatible; SeznamBot/3.2; +http://napoveda.seznam.cz/en/seznambot-intro/)"
77.75.79.11 - - [26/Dec/2020:18:48:37 +0100] "GET /images/mini_prod/3000000010723.jpg HTTP/1.0" 200 269 "-" "Mozilla/5.0 (compatible; SeznamBot/3.2; +http://napoveda.seznam.cz/en/seznambot-intro/)"
51.68.224.127 - - [26/Dec/2020:18:49:21 +0100] "GET /adminweb/export_orders_xml.php?token=256de2z6edz6ed2z6DFSFsed2zed6zeDSFDSGdzedezfzf&maxorders=10&orderstart=1&status=14&start_date=2018-10-01 HTTP/1.0" 200 285 "-" "GesCom CharlotteBoutik Serveur"
51.68.224.127 - - [26/Dec/2020:18:49:21 +0100] "GET /adminweb/export_orders_xml.php?token=256de2z6edz6ed2z6DFSFsed2zed6zeDSFDSGdzedezfzf&maxorders=10&orderstart=1&status=6&start_date=2018-10-01 HTTP/1.0" 200 30026 "-" "GesCom CharlotteBoutik Serveur"
13.66.139.136 - - [26/Dec/2020:18:49:22 +0100] "GET /-p-24870.html HTTP/1.0" 200 69192 "-" "Mozilla/5.0 (compatible; bingbot/2.0; +http://www.bing.com/bingbot.htm)"
66.249.70.62 - - [26/Dec/2020:18:50:17 +0100] "GET /set-of-bed-linen-c-11_68.html HTTP/1.0" 200 91586 "-" "Mozilla/5.0 (Linux; Android 6.0.1; Nexus 5X Build/MMB29P) AppleWebKit/537.36 (KHTML, like Gecko) Chrome/87.0.4280.90 Mobile Safari/537.36 (compatible; Googlebot/2.1; +http://www.google.com/bot.html)"
54.36.148.87 - - [26/Dec/2020:18:51:02 +0100] "GET /office-items-c-97_100.html HTTP/1.0" 200 89324 "-" "Mozilla/5.0 (compatible; AhrefsBot/7.0; +http://ahrefs.com/robot/)"
13.66.139.136 - - [26/Dec/2020:18:51:26 +0100] "GET /-p-29441.html HTTP/1.0" 200 69192 "-" "Mozilla/5.0 (compatible; bingbot/2.0; +http://www.bing.com/bingbot.htm)"
114.119.154.200 - - [26/Dec/2020:18:51:29 +0100] "GET /joyeux-anniversaire-card-p-20023.html HTTP/1.0" 200 69278 "-" "Mozilla/5.0 (Linux; Android 7.0;) AppleWebKit/537.36 (KHTML, like Gecko) Mobile Safari/537.36 (compatible; PetalBot;+https://aspiegel.com/petalbot)"
157.55.39.186 - - [26/Dec/2020:18:51:38 +0100] "GET /swfobject.js HTTP/1.0" 404 1308 "-" "Mozilla/5.0 (compatible; bingbot/2.0; +http://www.bing.com/bingbot.htm)"
13.66.139.101 - - [26/Dec/2020:18:52:04 +0100] "GET /-p-23260.html HTTP/1.0" 200 69192 "-" "Mozilla/5.0 (compatible; bingbot/2.0; +http://www.bing.com/bingbot.htm)"
13.66.139.101 - - [26/Dec/2020:18:52:05 +0100] "GET /united-pastel-london-bedclothes-140-200-cm-p-29993.html HTTP/1.0" 200 72088 "-" "Mozilla/5.0 (compatible; bingbot/2.0; +http://www.bing.com/bingbot.htm)"
13.66.139.101 - - [26/Dec/2020:18:52:06 +0100] "GET /daisy-duck-coin-purse-p-9695.html HTTP/1.0" 200 69286 "-" "Mozilla/5.0 (compatible; bingbot/2.0; +http://www.bing.com/bingbot.htm)"
13.66.139.101 - - [26/Dec/2020:18:52:07 +0100] "GET /model-vespa-125ts-1975-118-p-32449.html HTTP/1.0" 200 69316 "-" "Mozilla/5.0 (compatible; bingbot/2.0; +http://www.bing.com/bingbot.htm)"
13.66.139.101 - - [26/Dec/2020:18:52:08 +0100] "GET /kimmi-junior-niki-coin-purse-p-8735.html HTTP/1.0" 200 72040 "-" "Mozilla/5.0 (compatible; bingbot/2.0; +http://www.bing.com/bingbot.htm)"
13.66.139.101 - - [26/Dec/2020:18:52:09 +0100] "GET /mustache-mouse-pad-cbkreation-p-19294.html HTTP/1.0" 200 71846 "-" "Mozilla/5.0 (compatible; bingbot/2.0; +http://www.bing.com/bingbot.htm)"
13.66.139.101 - - [26/Dec/2020:18:52:09 +0100] "GET /set-of-cement-tile-coasters-p-53118.html HTTP/1.0" 200 71854 "-" "Mozilla/5.0 (compatible; bingbot/2.0; +http://www.bing.com/bingbot.htm)"
13.66.139.136 - - [26/Dec/2020:18:52:54 +0100] "GET /fabrique-bonheurs-metal-all-metal-paper-reel-p-42684.html HTTP/1.0" 200 72066 "-" "Mozilla/5.0 (compatible; bingbot/2.0; +http://www.bing.com/bingbot.htm)"
54.37.23.163 - - [26/Dec/2020:18:53:35 +0100] "GET /images/big_prod_1/028399270323b.jpg HTTP/1.0" 200 270 "-" "-"
207.46.13.158 - - [26/Dec/2020:18:53:38 +0100] "GET /ceramic-salt-pot-with-spoon-cordelia-p-50630.html HTTP/1.0" 200 71914 "-" "Mozilla/5.0 (compatible; bingbot/2.0; +http://www.bing.com/bingbot.htm)"
13.66.139.41 - - [26/Dec/2020:18:54:14 +0100] "GET /-p-18691.html HTTP/1.0" 200 69192 "-" "Mozilla/5.0 (compatible; bingbot/2.0; +http://www.bing.com/bingbot.htm)"
54.36.149.57 - - [26/Dec/2020:18:54:18 +0100] "GET /flatwares-c-12_63.html HTTP/1.0" 200 88643 "-" "Mozilla/5.0 (compatible; AhrefsBot/7.0; +http://ahrefs.com/robot/)"
13.66.139.136 - - [26/Dec/2020:18:54:24 +0100] "GET /removable-cushion-nelia-40-cm-p-43899.html HTTP/1.0" 200 72531 "-" "Mozilla/5.0 (compatible; bingbot/2.0; +http://www.bing.com/bingbot.htm)"
182.53.201.40 - - [26/Dec/2020:18:54:33 +0100] "GET /contact_us.php HTTP/1.0" 200 26241 "http://www.wonder-geek.com/contact_us.php" "Mozilla/5.0 (Windows NT 6.1; WOW64) AppleWebKit/537.36 (KHTML, like Gecko) Chrome/83.0.4102.0 Safari/537.36"
182.53.201.40 - - [26/Dec/2020:18:54:52 +0100] "POST /contact_us.php?action=send HTTP/1.0" 200 26465 "http://www.wonder-geek.com/contact_us.php" "Mozilla/5.0 (Windows NT 6.1; WOW64) AppleWebKit/537.36 (KHTML, like Gecko) Chrome/83.0.4102.0 Safari/537.36"
13.66.139.136 - - [26/Dec/2020:18:54:56 +0100] "GET /-p-19434.html HTTP/1.0" 200 69192 "-" "Mozilla/5.0 (compatible; bingbot/2.0; +http://www.bing.com/bingbot.htm)"
114.119.130.202 - - [26/Dec/2020:18:55:50 +0100] "GET /images/big_prod/4029811367658.jpg HTTP/1.0" 200 268 "-" "Mozilla/5.0 (Linux; Android 7.0;) AppleWebKit/537.36 (KHTML, like Gecko) Mobile Safari/537.36 (compatible; PetalBot;+https://aspiegel.com/petalbot)"
17.58.101.145 - - [26/Dec/2020:18:55:58 +0100] "GET /kimmidoll-wastebasket-p-27443.html HTTP/1.0" 200 69266 "-" "Mozilla/5.0 (Macintosh; Intel Mac OS X 10_15_5) AppleWebKit/605.1.15 (KHTML, like Gecko) Version/13.1.1 Safari/605.1.15 (Applebot/0.1; +http://www.apple.com/go/applebot)"
13.66.139.136 - - [26/Dec/2020:18:57:28 +0100] "GET /angel-black-women-tee-shirt-p-30732.html HTTP/1.0" 200 73832 "-" "Mozilla/5.0 (compatible; bingbot/2.0; +http://www.bing.com/bingbot.htm)"
54.36.148.146 - - [26/Dec/2020:18:57:43 +0100] "GET /box-of-12-sonny-angel-christmas-limited-series-2020-p-53389.html HTTP/1.0" 200 72808 "-" "Mozilla/5.0 (compatible; AhrefsBot/7.0; +http://ahrefs.com/robot/)"
207.46.13.51 - - [26/Dec/2020:18:58:11 +0100] "GET /decorative-wooden-plate-habite-chez-mon-chien-anthracite-p-47830.html HTTP/1.0" 200 69388 "-" "Mozilla/5.0 (compatible; bingbot/2.0; +http://www.bing.com/bingbot.htm)"
13.66.139.41 - - [26/Dec/2020:18:58:16 +0100] "GET /renault-metal-can-money-box-p-52949.html HTTP/1.0" 200 71895 "-" "Mozilla/5.0 (compatible; bingbot/2.0; +http://www.bing.com/bingbot.htm)"
13.66.139.41 - - [26/Dec/2020:18:59:25 +0100] "GET /votive-candle-15-hours-true-enchantment-p-33129.html HTTP/1.0" 200 73166 "-" "Mozilla/5.0 (compatible; bingbot/2.0; +http://www.bing.com/bingbot.htm)"
13.66.139.136 - - [26/Dec/2020:18:59:30 +0100] "GET /-p-9859.html HTTP/1.0" 200 69190 "-" "Mozilla/5.0 (compatible; bingbot/2.0; +http://www.bing.com/bingbot.htm)"
5.188.211.10 - - [26/Dec/2020:18:59:31 +0100] "GET /set-of-little-green-hearts-circle-coasters-by-cbkreation-p-17903.html HTTP/1.0" 200 72219 "-" "Mozilla/4.0 (compatible; MSIE 6.0; Windows NT 5.1; SV1)"
5.188.211.10 - - [26/Dec/2020:18:59:33 +0100] "GET /posters-and-stickers-wall-c-13_147.html HTTP/1.0" 200 90270 "-" "Mozilla/4.0 (compatible; MSIE 6.0; Windows NT 5.1; SV1)"
