66.249.93.28 - - [26/Dec/2020:16:00:04 +0100] "GET /images/big_prod_3/d1300000019972.jpg HTTP/1.1" 200 123666 "-" "Mozilla/5.0 (Windows NT 5.1; rv:11.0) Gecko Firefox/11.0 (via ggpht.com GoogleImageProxy)"
109.129.195.68 - - [26/Dec/2020:16:00:08 +0100] "GET /highslide/highslide.js HTTP/1.1" 200 42909 "http://www.wonder-geek.com/sigil-lucifer-satatic-book-handbag-in-the-shape-of-book-p-40613.html" "Mozilla/5.0 (Windows NT 10.0; Win64; x64) AppleWebKit/537.36 (KHTML, like Gecko) Chrome/87.0.4280.88 Safari/537.36 Edg/87.0.664.66"
109.129.195.68 - - [26/Dec/2020:16:00:08 +0100] "GET /js/jquery.jqzoom.js HTTP/1.1" 200 4761 "http://www.wonder-geek.com/sigil-lucifer-satatic-book-handbag-in-the-shape-of-book-p-40613.html" "Mozilla/5.0 (Windows NT 10.0; Win64; x64) AppleWebKit/537.36 (KHTML, like Gecko) Chrome/87.0.4280.88 Safari/537.36 Edg/87.0.664.66"
109.129.195.68 - - [26/Dec/2020:16:00:08 +0100] "GET /templates/Pixame_v1/stylesheet.css HTTP/1.1" 200 56057 "http://www.wonder-geek.com/sigil-lucifer-satatic-book-handbag-in-the-shape-of-book-p-40613.html" "Mozilla/5.0 (Windows NT 10.0; Win64; x64) AppleWebKit/537.36 (KHTML, like Gecko) Chrome/87.0.4280.88 Safari/537.36 Edg/87.0.664.66"
109.129.195.68 - - [26/Dec/2020:16:00:08 +0100] "GET /js/jquery.js HTTP/1.1" 200 54075 "http://www.wonder-geek.com/sigil-lucifer-satatic-book-handbag-in-the-shape-of-book-p-40613.html" "Mozilla/5.0 (Windows NT 10.0; Win64; x64) AppleWebKit/537.36 (KHTML, like Gecko) Chrome/87.0.4280.88 Safari/537.36 Edg/87.0.664.66"
109.129.195.68 - - [26/Dec/2020:16:00:08 +0100] "GET /mondial_relay/js/jquery-1.3.2.min.js HTTP/1.1" 200 57254 "http://www.wonder-geek.com/sigil-lucifer-satatic-book-handbag-in-the-shape-of-book-p-40613.html" "Mozilla/5.0 (Windows NT 10.0; Win64; x64) AppleWebKit/537.36 (KHTML, like Gecko) Chrome/87.0.4280.88 Safari/537.36 Edg/87.0.664.66"
109.129.195.68 - - [26/Dec/2020:16:00:08 +0100] "GET /templates/Pixame_v1/images/icon_accueil2.png HTTP/1.1" 200 1137 "http://www.wonder-geek.com/sigil-lucifer-satatic-book-handbag-in-the-shape-of-book-p-40613.html" "Mozilla/5.0 (Windows NT 10.0; Win64; x64) AppleWebKit/537.36 (KHTML, like Gecko) Chrome/87.0.4280.88 Safari/537.36 Edg/87.0.664.66"
109.129.195.68 - - [26/Dec/2020:16:00:08 +0100] "GET /templates/Pixame_v1/images/buttons/english/button_in_cart.gif HTTP/1.1" 200 1212 "http://www.wonder-geek.com/sigil-lucifer-satatic-book-handbag-in-the-shape-of-book-p-40613.html" "Mozilla/5.0 (Windows NT 10.0; Win64; x64) AppleWebKit/537.36 (KHTML, like Gecko) Chrome/87.0.4280.88 Safari/537.36 Edg/87.0.664.66"
109.129.195.68 - - [26/Dec/2020:16:00:08 +0100] "GET /templates/Pixame_v1/images/Bottom_texture.jpg HTTP/1.1" 200 56290 "http://www.wonder-geek.com/templates/Pixame_v1/stylesheet.css" "Mozilla/5.0 (Windows NT 10.0; Win64; x64) AppleWebKit/537.36 (KHTML, like Gecko) Chrome/87.0.4280.88 Safari/537.36 Edg/87.0.664.66"
109.129.195.68 - - [26/Dec/2020:16:00:08 +0100] "GET /images/big_prod_3/d1300000019972.jpg HTTP/1.1" 200 123666 "http://www.wonder-geek.com/sigil-lucifer-satatic-book-handbag-in-the-shape-of-book-p-40613.html" "Mozilla/5.0 (Windows NT 10.0; Win64; x64) AppleWebKit/537.36 (KHTML, like Gecko) Chrome/87.0.4280.88 Safari/537.36 Edg/87.0.664.66"
109.129.195.68 - - [26/Dec/2020:16:00:08 +0100] "GET /images/big_prod_1/b1300000019972.jpg HTTP/1.1" 200 76171 "http://www.wonder-geek.com/sigil-lucifer-satatic-book-handbag-in-the-shape-of-book-p-40613.html" "Mozilla/5.0 (Windows NT 10.0; Win64; x64) AppleWebKit/537.36 (KHTML, like Gecko) Chrome/87.0.4280.88 Safari/537.36 Edg/87.0.664.66"
109.129.195.68 - - [26/Dec/2020:16:00:08 +0100] "GET /images/big_prod/1300000019972.jpg HTTP/1.1" 200 162015 "http://www.wonder-geek.com/sigil-lucifer-satatic-book-handbag-in-the-shape-of-book-p-40613.html" "Mozilla/5.0 (Windows NT 10.0; Win64; x64) AppleWebKit/537.36 (KHTML, like Gecko) Chrome/87.0.4280.88 Safari/537.36 Edg/87.0.664.66"
109.129.195.68 - - [26/Dec/2020:16:00:08 +0100] "GET /images/big_prod_2/c1300000019972.jpg HTTP/1.1" 200 123131 "http://www.wonder-geek.com/sigil-lucifer-satatic-book-handbag-in-the-shape-of-book-p-40613.html" "Mozilla/5.0 (Windows NT 10.0; Win64; x64) AppleWebKit/537.36 (KHTML, like Gecko) Chrome/87.0.4280.88 Safari/537.36 Edg/87.0.664.66"
109.129.195.68 - - [26/Dec/2020:16:00:08 +0100] "GET /templates/Pixame_v1/images/header.png HTTP/1.1" 200 70245 "http://www.wonder-geek.com/templates/Pixame_v1/stylesheet.css" "Mozilla/5.0 (Windows NT 10.0; Win64; x64) AppleWebKit/537.36 (KHTML, like Gecko) Chrome/87.0.4280.88 Safari/537.36 Edg/87.0.664.66"
109.129.195.68 - - [26/Dec/2020:16:00:08 +0100] "GET /templates/Pixame_v1/images/nav.png HTTP/1.1" 200 1283 "http://www.wonder-geek.com/templates/Pixame_v1/stylesheet.css" "Mozilla/5.0 (Windows NT 10.0; Win64; x64) AppleWebKit/537.36 (KHTML, like Gecko) Chrome/87.0.4280.88 Safari/537.36 Edg/87.0.664.66"
109.129.195.68 - - [26/Dec/2020:16:00:08 +0100] "GET /templates/Pixame_v1/images/header-object.png HTTP/1.1" 200 106050 "http://www.wonder-geek.com/templates/Pixame_v1/stylesheet.css" "Mozilla/5.0 (Windows NT 10.0; Win64; x64) AppleWebKit/537.36 (KHTML, like Gecko) Chrome/87.0.4280.88 Safari/537.36 Edg/87.0.664.66"
109.129.195.68 - - [26/Dec/2020:16:00:08 +0100] "GET /templates/Pixame_v1/images/Middle_texture.jpg HTTP/1.1" 200 249620 "http://www.wonder-geek.com/templates/Pixame_v1/stylesheet.css" "Mozilla/5.0 (Windows NT 10.0; Win64; x64) AppleWebKit/537.36 (KHTML, like Gecko) Chrome/87.0.4280.88 Safari/537.36 Edg/87.0.664.66"
109.129.195.68 - - [26/Dec/2020:16:00:08 +0100] "GET /design/productsenstock.png HTTP/1.1" 200 4743 "http://www.wonder-geek.com/templates/Pixame_v1/stylesheet.css" "Mozilla/5.0 (Windows NT 10.0; Win64; x64) AppleWebKit/537.36 (KHTML, like Gecko) Chrome/87.0.4280.88 Safari/537.36 Edg/87.0.664.66"
109.129.195.68 - - [26/Dec/2020:16:00:08 +0100] "GET /highslide/graphics/outlines/drop-shadow.png HTTP/1.1" 200 2022 "http://www.wonder-geek.com/sigil-lucifer-satatic-book-handbag-in-the-shape-of-book-p-40613.html" "Mozilla/5.0 (Windows NT 10.0; Win64; x64) AppleWebKit/537.36 (KHTML, like Gecko) Chrome/87.0.4280.88 Safari/537.36 Edg/87.0.664.66"
109.129.195.68 - - [26/Dec/2020:16:00:08 +0100] "GET /favicon.ico HTTP/1.1" 200 1591 "http://www.wonder-geek.com/sigil-lucifer-satatic-book-handbag-in-the-shape-of-book-p-40613.html" "Mozilla/5.0 (Windows NT 10.0; Win64; x64) AppleWebKit/537.36 (KHTML, like Gecko) Chrome/87.0.4280.88 Safari/537.36 Edg/87.0.664.66"
77.75.78.164 - - [26/Dec/2020:16:04:42 +0100] "GET /robots.txt HTTP/1.1" 200 2438 "-" "Mozilla/5.0 (compatible; SeznamBot/3.2; +http://napoveda.seznam.cz/en/seznambot-intro/)"
77.75.78.164 - - [26/Dec/2020:16:04:42 +0100] "GET /images/mini_prod/3700344871799.jpg HTTP/1.1" 200 3949 "-" "Mozilla/5.0 (compatible; SeznamBot/3.2; +http://napoveda.seznam.cz/en/seznambot-intro/)"
114.119.147.45 - - [26/Dec/2020:16:06:41 +0100] "GET /images/big_prod/50148424346522613.jpg HTTP/1.1" 200 138997 "-" "Mozilla/5.0 (Linux; Android 7.0;) AppleWebKit/537.36 (KHTML, like Gecko) Mobile Safari/537.36 (compatible; PetalBot;+https://aspiegel.com/petalbot)"
17.58.101.145 - - [26/Dec/2020:16:19:13 +0100] "GET /images/mini_prod/1399984235287.jpg HTTP/1.1" 200 7163 "-" "Mozilla/5.0 (Macintosh; Intel Mac OS X 10_15_5) AppleWebKit/605.1.15 (KHTML, like Gecko) Version/13.1.1 Safari/605.1.15 (Applebot/0.1; +http://www.apple.com/go/applebot)"
157.55.39.214 - - [26/Dec/2020:16:19:18 +0100] "GET /images/big_prod_1/4029811442294B.jpg HTTP/1.1" 200 94504 "-" "Mozilla/5.0 (compatible; bingbot/2.0; +http://www.bing.com/bingbot.htm)"
114.119.158.196 - - [26/Dec/2020:16:19:38 +0100] "GET /images/mini_prod/3660173188461a.jpg HTTP/1.1" 200 4772 "-" "Mozilla/5.0 (Linux; Android 7.0;) AppleWebKit/537.36 (KHTML, like Gecko) Mobile Safari/537.36 (compatible; PetalBot;+https://aspiegel.com/petalbot)"
207.46.13.13 - - [26/Dec/2020:16:19:40 +0100] "GET /images/big_prod/4029811442294.jpg HTTP/1.1" 200 91668 "-" "Mozilla/5.0 (compatible; bingbot/2.0; +http://www.bing.com/bingbot.htm)"
207.46.13.51 - - [26/Dec/2020:16:21:26 +0100] "GET /highslide/highslide.js HTTP/1.1" 200 42909 "-" "Mozilla/5.0 (compatible; bingbot/2.0; +http://www.bing.com/bingbot.htm)"
157.55.39.214 - - [26/Dec/2020:16:21:34 +0100] "GET /mondial_relay/js/jquery-1.3.2.min.js HTTP/1.1" 200 57254 "-" "Mozilla/5.0 (compatible; bingbot/2.0; +http://www.bing.com/bingbot.htm)"
207.46.13.13 - - [26/Dec/2020:16:21:39 +0100] "GET /js/jquery.jqzoom.js HTTP/1.1" 200 4761 "-" "Mozilla/5.0 (compatible; bingbot/2.0; +http://www.bing.com/bingbot.htm)"
114.119.145.117 - - [26/Dec/2020:16:23:59 +0100] "GET /images/mini_prod/5027148842342.jpg HTTP/1.1" 200 6584 "-" "Mozilla/5.0 (Linux; Android 7.0;) AppleWebKit/537.36 (KHTML, like Gecko) Mobile Safari/537.36 (compatible; PetalBot;+https://aspiegel.com/petalbot)"
54.37.23.120 - - [26/Dec/2020:16:26:00 +0100] "GET /images/big_prod_1/3442440273458B.jpg HTTP/1.1" 200 473640 "-" "-"
114.119.154.200 - - [26/Dec/2020:16:28:21 +0100] "GET /images/big_prod_1/ANTHRACITE2.jpg HTTP/1.1" 200 320318 "-" "Mozilla/5.0 (Linux; Android 7.0;) AppleWebKit/537.36 (KHTML, like Gecko) Mobile Safari/537.36 (compatible; PetalBot;+https://aspiegel.com/petalbot)"
114.119.144.233 - - [26/Dec/2020:16:32:41 +0100] "GET /images/9316188043120.jpg HTTP/1.1" 200 36503 "-" "Mozilla/5.0 (Linux; Android 7.0;) AppleWebKit/537.36 (KHTML, like Gecko) Mobile Safari/537.36 (compatible; PetalBot;+https://aspiegel.com/petalbot)"
157.55.39.39 - - [26/Dec/2020:16:33:15 +0100] "GET /robots.txt HTTP/1.1" 200 2438 "-" "Mozilla/5.0 (compatible; bingbot/2.0; +http://www.bing.com/bingbot.htm)"
66.249.70.62 - - [26/Dec/2020:16:34:43 +0100] "GET /robots.txt HTTP/1.1" 200 2438 "-" "Mozilla/5.0 (compatible; Googlebot/2.1; +http://www.google.com/bot.html)"
114.119.158.196 - - [26/Dec/2020:16:37:02 +0100] "GET /images/big_prod/b3453131135535.jpg HTTP/1.1" 200 87493 "-" "Mozilla/5.0 (Linux; Android 7.0;) AppleWebKit/537.36 (KHTML, like Gecko) Mobile Safari/537.36 (compatible; PetalBot;+https://aspiegel.com/petalbot)"
114.119.154.200 - - [26/Dec/2020:16:41:18 +0100] "GET /images/big_prod/1384010184745.jpg HTTP/1.1" 200 53241 "-" "Mozilla/5.0 (Linux; Android 7.0;) AppleWebKit/537.36 (KHTML, like Gecko) Mobile Safari/537.36 (compatible; PetalBot;+https://aspiegel.com/petalbot)"
114.119.130.202 - - [26/Dec/2020:16:45:39 +0100] "GET /images/mini_prod/9316188078177.jpg HTTP/1.1" 200 4281 "-" "Mozilla/5.0 (Linux; Android 7.0;) AppleWebKit/537.36 (KHTML, like Gecko) Mobile Safari/537.36 (compatible; PetalBot;+https://aspiegel.com/petalbot)"
147.135.193.88 - - [26/Dec/2020:16:47:05 +0100] "GET /images/big_prod_1/3609810096356b.jpg HTTP/1.1" 200 149766 "-" "-"
177.51.72.178 - - [26/Dec/2020:16:48:32 +0100] "GET /js/jquery.jqzoom.js HTTP/1.1" 200 4761 "http://www.wonder-geek.com/" "Mozilla/5.0 (Linux; Android 9; motorola one macro) AppleWebKit/537.36 (KHTML, like Gecko) Chrome/87.0.4280.101 Mobile Safari/537.36"
177.51.72.178 - - [26/Dec/2020:16:48:32 +0100] "GET /templates/Pixame_v1/stylesheet.css HTTP/1.1" 200 56057 "http://www.wonder-geek.com/" "Mozilla/5.0 (Linux; Android 9; motorola one macro) AppleWebKit/537.36 (KHTML, like Gecko) Chrome/87.0.4280.101 Mobile Safari/537.36"
177.51.72.178 - - [26/Dec/2020:16:48:33 +0100] "GET /js/jquery.js HTTP/1.1" 200 54075 "http://www.wonder-geek.com/" "Mozilla/5.0 (Linux; Android 9; motorola one macro) AppleWebKit/537.36 (KHTML, like Gecko) Chrome/87.0.4280.101 Mobile Safari/537.36"
177.51.72.178 - - [26/Dec/2020:16:48:33 +0100] "GET /highslide/highslide.js HTTP/1.1" 200 42909 "http://www.wonder-geek.com/" "Mozilla/5.0 (Linux; Android 9; motorola one macro) AppleWebKit/537.36 (KHTML, like Gecko) Chrome/87.0.4280.101 Mobile Safari/537.36"
177.51.72.178 - - [26/Dec/2020:16:48:33 +0100] "GET /mondial_relay/js/jquery-1.3.2.min.js HTTP/1.1" 200 57254 "http://www.wonder-geek.com/" "Mozilla/5.0 (Linux; Android 9; motorola one macro) AppleWebKit/537.36 (KHTML, like Gecko) Chrome/87.0.4280.101 Mobile Safari/537.36"
177.51.72.178 - - [26/Dec/2020:16:48:33 +0100] "GET /js/jquery.masonry.min.js HTTP/1.1" 200 5392 "http://www.wonder-geek.com/" "Mozilla/5.0 (Linux; Android 9; motorola one macro) AppleWebKit/537.36 (KHTML, like Gecko) Chrome/87.0.4280.101 Mobile Safari/537.36"
177.51.72.178 - - [26/Dec/2020:16:48:33 +0100] "GET /js/modernizr-transitions.js HTTP/1.1" 200 2026 "http://www.wonder-geek.com/" "Mozilla/5.0 (Linux; Android 9; motorola one macro) AppleWebKit/537.36 (KHTML, like Gecko) Chrome/87.0.4280.101 Mobile Safari/537.36"
66.249.81.166 - - [26/Dec/2020:16:51:22 +0100] "GET /images/big_prod_2/c5018997260074.jpg HTTP/1.1" 200 79813 "-" "Mozilla/5.0 (Windows NT 5.1; rv:11.0) Gecko Firefox/11.0 (via ggpht.com GoogleImageProxy)"
54.37.22.142 - - [26/Dec/2020:16:53:53 +0100] "GET /images/big_prod_4/8422830606153b.jpg HTTP/1.1" 200 159961 "-" "-"
54.37.22.142 - - [26/Dec/2020:16:54:12 +0100] "GET /images/big_prod_3/4542202653265fred.jpg HTTP/1.1" 200 71634 "-" "-"
114.119.151.113 - - [26/Dec/2020:16:54:21 +0100] "GET /images/mini_prod/8718657469843.jpg HTTP/1.1" 200 3572 "-" "Mozilla/5.0 (Linux; Android 7.0;) AppleWebKit/537.36 (KHTML, like Gecko) Mobile Safari/537.36 (compatible; PetalBot;+https://aspiegel.com/petalbot)"
54.37.22.142 - - [26/Dec/2020:16:54:32 +0100] "GET /images/big_prod_2/a4542202656297.jpg HTTP/1.1" 200 64486 "-" "-"
5.255.231.71 - - [26/Dec/2020:16:54:44 +0100] "GET /robots.txt HTTP/1.1" 200 2438 "-" "Mozilla/5.0 (compatible; YandexBot/3.0; +http://yandex.com/bots)"
5.255.231.71 - - [26/Dec/2020:16:54:48 +0100] "GET /images/7316191713234.jpg HTTP/1.1" 200 150227 "-" "Mozilla/5.0 (compatible; YandexImages/3.0; +http://yandex.com/bots)"
54.37.22.142 - - [26/Dec/2020:16:54:50 +0100] "GET /images/big_prod_1/1384010203644.jpg HTTP/1.1" 200 72993 "-" "-"
54.37.22.142 - - [26/Dec/2020:16:55:10 +0100] "GET /images/big_prod_5/8422830606153a.jpg HTTP/1.1" 200 135902 "-" "-"
157.55.39.39 - - [26/Dec/2020:16:57:16 +0100] "GET /robots.txt HTTP/1.1" 200 2438 "-" "Mozilla/5.0 (compatible; bingbot/2.0; +http://www.bing.com/bingbot.htm)"
114.119.151.113 - - [26/Dec/2020:16:58:42 +0100] "GET /images/mini_prod/5027148061750.jpg HTTP/1.1" 200 5750 "-" "Mozilla/5.0 (Linux; Android 7.0;) AppleWebKit/537.36 (KHTML, like Gecko) Mobile Safari/537.36 (compatible; PetalBot;+https://aspiegel.com/petalbot)"
5.255.231.71 - - [26/Dec/2020:17:02:15 +0100] "GET /images/med_prod/4036113270159.jpg HTTP/1.1" 200 73787 "-" "Mozilla/5.0 (compatible; YandexImages/3.0; +http://yandex.com/bots)"
114.119.145.117 - - [26/Dec/2020:17:03:04 +0100] "GET /images/big_prod/3609810063228.jpg HTTP/1.1" 200 113626 "-" "Mozilla/5.0 (Linux; Android 7.0;) AppleWebKit/537.36 (KHTML, like Gecko) Mobile Safari/537.36 (compatible; PetalBot;+https://aspiegel.com/petalbot)"
66.249.81.168 - - [26/Dec/2020:17:06:09 +0100] "GET /images/big_prod_1/5027148011052.jpg HTTP/1.1" 200 119144 "-" "Mozilla/5.0 (Windows NT 5.1; rv:11.0) Gecko Firefox/11.0 (via ggpht.com GoogleImageProxy)"
114.119.145.117 - - [26/Dec/2020:17:07:24 +0100] "GET /images/big_prod/3503420093395.jpg HTTP/1.1" 200 60457 "-" "Mozilla/5.0 (Linux; Android 7.0;) AppleWebKit/537.36 (KHTML, like Gecko) Mobile Safari/537.36 (compatible; PetalBot;+https://aspiegel.com/petalbot)"
206.172.197.40 - - [26/Dec/2020:17:09:47 +0100] "GET /js/jquery.jqzoom.js HTTP/1.1" 200 4761 "http://www.wonder-geek.com/" "Mozilla/5.0 (Macintosh; Intel Mac OS X 10_14_6) AppleWebKit/605.1.15 (KHTML, like Gecko) Version/14.0.1 Safari/605.1.15"
206.172.197.40 - - [26/Dec/2020:17:09:47 +0100] "GET /templates/Pixame_v1/stylesheet.css HTTP/1.1" 200 56057 "http://www.wonder-geek.com/" "Mozilla/5.0 (Macintosh; Intel Mac OS X 10_14_6) AppleWebKit/605.1.15 (KHTML, like Gecko) Version/14.0.1 Safari/605.1.15"
206.172.197.40 - - [26/Dec/2020:17:09:47 +0100] "GET /highslide/highslide.js HTTP/1.1" 200 42909 "http://www.wonder-geek.com/" "Mozilla/5.0 (Macintosh; Intel Mac OS X 10_14_6) AppleWebKit/605.1.15 (KHTML, like Gecko) Version/14.0.1 Safari/605.1.15"
206.172.197.40 - - [26/Dec/2020:17:09:47 +0100] "GET /js/jquery.masonry.min.js HTTP/1.1" 200 5392 "http://www.wonder-geek.com/" "Mozilla/5.0 (Macintosh; Intel Mac OS X 10_14_6) AppleWebKit/605.1.15 (KHTML, like Gecko) Version/14.0.1 Safari/605.1.15"
206.172.197.40 - - [26/Dec/2020:17:09:47 +0100] "GET /js/modernizr-transitions.js HTTP/1.1" 200 2026 "http://www.wonder-geek.com/" "Mozilla/5.0 (Macintosh; Intel Mac OS X 10_14_6) AppleWebKit/605.1.15 (KHTML, like Gecko) Version/14.0.1 Safari/605.1.15"
206.172.197.40 - - [26/Dec/2020:17:09:47 +0100] "GET /mondial_relay/js/jquery-1.3.2.min.js HTTP/1.1" 200 57254 "http://www.wonder-geek.com/" "Mozilla/5.0 (Macintosh; Intel Mac OS X 10_14_6) AppleWebKit/605.1.15 (KHTML, like Gecko) Version/14.0.1 Safari/605.1.15"
206.172.197.40 - - [26/Dec/2020:17:09:47 +0100] "GET /js/jquery.js HTTP/1.1" 200 54075 "http://www.wonder-geek.com/" "Mozilla/5.0 (Macintosh; Intel Mac OS X 10_14_6) AppleWebKit/605.1.15 (KHTML, like Gecko) Version/14.0.1 Safari/605.1.15"
206.172.197.40 - - [26/Dec/2020:17:09:47 +0100] "GET /templates/Pixame_v1/images/icon_accueil2.png HTTP/1.1" 200 1137 "http://www.wonder-geek.com/" "Mozilla/5.0 (Macintosh; Intel Mac OS X 10_14_6) AppleWebKit/605.1.15 (KHTML, like Gecko) Version/14.0.1 Safari/605.1.15"
206.172.197.40 - - [26/Dec/2020:17:09:48 +0100] "GET /images/mini_prod/8719172837452.jpg HTTP/1.1" 200 5134 "http://www.wonder-geek.com/" "Mozilla/5.0 (Macintosh; Intel Mac OS X 10_14_6) AppleWebKit/605.1.15 (KHTML, like Gecko) Version/14.0.1 Safari/605.1.15"
206.172.197.40 - - [26/Dec/2020:17:09:48 +0100] "GET /images/mini_prod/028399270224.jpg HTTP/1.1" 200 6002 "http://www.wonder-geek.com/" "Mozilla/5.0 (Macintosh; Intel Mac OS X 10_14_6) AppleWebKit/605.1.15 (KHTML, like Gecko) Version/14.0.1 Safari/605.1.15"
206.172.197.40 - - [26/Dec/2020:17:09:48 +0100] "GET /images/mini_prod/8422022523015.jpg HTTP/1.1" 200 9789 "http://www.wonder-geek.com/" "Mozilla/5.0 (Macintosh; Intel Mac OS X 10_14_6) AppleWebKit/605.1.15 (KHTML, like Gecko) Version/14.0.1 Safari/605.1.15"
206.172.197.40 - - [26/Dec/2020:17:09:48 +0100] "GET /images/mini_prod/3700281645446.jpg HTTP/1.1" 200 9515 "http://www.wonder-geek.com/" "Mozilla/5.0 (Macintosh; Intel Mac OS X 10_14_6) AppleWebKit/605.1.15 (KHTML, like Gecko) Version/14.0.1 Safari/605.1.15"
206.172.197.40 - - [26/Dec/2020:17:09:48 +0100] "GET /images/mini_prod/1328399270507.jpg HTTP/1.1" 200 6567 "http://www.wonder-geek.com/" "Mozilla/5.0 (Macintosh; Intel Mac OS X 10_14_6) AppleWebKit/605.1.15 (KHTML, like Gecko) Version/14.0.1 Safari/605.1.15"
206.172.197.40 - - [26/Dec/2020:17:09:48 +0100] "GET /images/mini_prod/3700344890745.jpg HTTP/1.1" 200 4289 "http://www.wonder-geek.com/" "Mozilla/5.0 (Macintosh; Intel Mac OS X 10_14_6) AppleWebKit/605.1.15 (KHTML, like Gecko) Version/14.0.1 Safari/605.1.15"
206.172.197.40 - - [26/Dec/2020:17:09:48 +0100] "GET /images/mini_prod/8718375751381.jpg HTTP/1.1" 200 6767 "http://www.wonder-geek.com/" "Mozilla/5.0 (Macintosh; Intel Mac OS X 10_14_6) AppleWebKit/605.1.15 (KHTML, like Gecko) Version/14.0.1 Safari/605.1.15"
206.172.197.40 - - [26/Dec/2020:17:09:48 +0100] "GET /images/mini_prod/3665269092233.jpg HTTP/1.1" 200 9321 "http://www.wonder-geek.com/" "Mozilla/5.0 (Macintosh; Intel Mac OS X 10_14_6) AppleWebKit/605.1.15 (KHTML, like Gecko) Version/14.0.1 Safari/605.1.15"
206.172.197.40 - - [26/Dec/2020:17:09:48 +0100] "GET /images/mini_prod/3700281642940.jpg HTTP/1.1" 200 7040 "http://www.wonder-geek.com/" "Mozilla/5.0 (Macintosh; Intel Mac OS X 10_14_6) AppleWebKit/605.1.15 (KHTML, like Gecko) Version/14.0.1 Safari/605.1.15"
206.172.197.40 - - [26/Dec/2020:17:09:48 +0100] "GET /images/mini_prod/3700344890714.jpg HTTP/1.1" 200 4056 "http://www.wonder-geek.com/" "Mozilla/5.0 (Macintosh; Intel Mac OS X 10_14_6) AppleWebKit/605.1.15 (KHTML, like Gecko) Version/14.0.1 Safari/605.1.15"
206.172.197.40 - - [26/Dec/2020:17:09:48 +0100] "GET /images/mini_prod/8718375751268.jpg HTTP/1.1" 200 7659 "http://www.wonder-geek.com/" "Mozilla/5.0 (Macintosh; Intel Mac OS X 10_14_6) AppleWebKit/605.1.15 (KHTML, like Gecko) Version/14.0.1 Safari/605.1.15"
206.172.197.40 - - [26/Dec/2020:17:09:48 +0100] "GET /images/mini_prod/1328399270477D.jpg HTTP/1.1" 200 5662 "http://www.wonder-geek.com/" "Mozilla/5.0 (Macintosh; Intel Mac OS X 10_14_6) AppleWebKit/605.1.15 (KHTML, like Gecko) Version/14.0.1 Safari/605.1.15"
206.172.197.40 - - [26/Dec/2020:17:09:48 +0100] "GET /images/mini_prod/045544444750.jpg HTTP/1.1" 200 7021 "http://www.wonder-geek.com/" "Mozilla/5.0 (Macintosh; Intel Mac OS X 10_14_6) AppleWebKit/605.1.15 (KHTML, like Gecko) Version/14.0.1 Safari/605.1.15"
206.172.197.40 - - [26/Dec/2020:17:09:48 +0100] "GET /images/mini_prod/8422010206777.jpg HTTP/1.1" 200 2997 "http://www.wonder-geek.com/" "Mozilla/5.0 (Macintosh; Intel Mac OS X 10_14_6) AppleWebKit/605.1.15 (KHTML, like Gecko) Version/14.0.1 Safari/605.1.15"
206.172.197.40 - - [26/Dec/2020:17:09:48 +0100] "GET /images/mini_prod/8422810064089.jpg HTTP/1.1" 200 9100 "http://www.wonder-geek.com/" "Mozilla/5.0 (Macintosh; Intel Mac OS X 10_14_6) AppleWebKit/605.1.15 (KHTML, like Gecko) Version/14.0.1 Safari/605.1.15"
206.172.197.40 - - [26/Dec/2020:17:09:48 +0100] "GET /images/mini_prod/3700344876640.jpg HTTP/1.1" 200 3968 "http://www.wonder-geek.com/" "Mozilla/5.0 (Macintosh; Intel Mac OS X 10_14_6) AppleWebKit/605.1.15 (KHTML, like Gecko) Version/14.0.1 Safari/605.1.15"
206.172.197.40 - - [26/Dec/2020:17:09:48 +0100] "GET /images/mini_prod/3700344871768.jpg HTTP/1.1" 200 4073 "http://www.wonder-geek.com/" "Mozilla/5.0 (Macintosh; Intel Mac OS X 10_14_6) AppleWebKit/605.1.15 (KHTML, like Gecko) Version/14.0.1 Safari/605.1.15"
206.172.197.40 - - [26/Dec/2020:17:09:48 +0100] "GET /images/mini_prod/8422014433100.jpg HTTP/1.1" 200 6439 "http://www.wonder-geek.com/" "Mozilla/5.0 (Macintosh; Intel Mac OS X 10_14_6) AppleWebKit/605.1.15 (KHTML, like Gecko) Version/14.0.1 Safari/605.1.15"
206.172.197.40 - - [26/Dec/2020:17:09:48 +0100] "GET /images/mini_prod/3574642576676.jpg HTTP/1.1" 200 3796 "http://www.wonder-geek.com/" "Mozilla/5.0 (Macintosh; Intel Mac OS X 10_14_6) AppleWebKit/605.1.15 (KHTML, like Gecko) Version/14.0.1 Safari/605.1.15"
206.172.197.40 - - [26/Dec/2020:17:09:48 +0100] "GET /images/mini_prod/3384256585083.jpg HTTP/1.1" 200 4825 "http://www.wonder-geek.com/" "Mozilla/5.0 (Macintosh; Intel Mac OS X 10_14_6) AppleWebKit/605.1.15 (KHTML, like Gecko) Version/14.0.1 Safari/605.1.15"
206.172.197.40 - - [26/Dec/2020:17:09:48 +0100] "GET /images/mini_prod/8422021418312.jpg HTTP/1.1" 200 6474 "http://www.wonder-geek.com/" "Mozilla/5.0 (Macintosh; Intel Mac OS X 10_14_6) AppleWebKit/605.1.15 (KHTML, like Gecko) Version/14.0.1 Safari/605.1.15"
206.172.197.40 - - [26/Dec/2020:17:09:48 +0100] "GET /images/mini_prod/1345544936675.jpg HTTP/1.1" 200 6845 "http://www.wonder-geek.com/" "Mozilla/5.0 (Macintosh; Intel Mac OS X 10_14_6) AppleWebKit/605.1.15 (KHTML, like Gecko) Version/14.0.1 Safari/605.1.15"
206.172.197.40 - - [26/Dec/2020:17:09:48 +0100] "GET /images/mini_prod/3700344871799.jpg HTTP/1.1" 200 3949 "http://www.wonder-geek.com/" "Mozilla/5.0 (Macintosh; Intel Mac OS X 10_14_6) AppleWebKit/605.1.15 (KHTML, like Gecko) Version/14.0.1 Safari/605.1.15"
206.172.197.40 - - [26/Dec/2020:17:09:48 +0100] "GET /images/mini_prod/1328399270484.jpg HTTP/1.1" 200 6252 "http://www.wonder-geek.com/" "Mozilla/5.0 (Macintosh; Intel Mac OS X 10_14_6) AppleWebKit/605.1.15 (KHTML, like Gecko) Version/14.0.1 Safari/605.1.15"
206.172.197.40 - - [26/Dec/2020:17:09:48 +0100] "GET /images/mini_prod/8718375754344.jpg HTTP/1.1" 200 8570 "http://www.wonder-geek.com/" "Mozilla/5.0 (Macintosh; Intel Mac OS X 10_14_6) AppleWebKit/605.1.15 (KHTML, like Gecko) Version/14.0.1 Safari/605.1.15"
206.172.197.40 - - [26/Dec/2020:17:09:48 +0100] "GET /images/mini_prod/3453131150644a.jpg HTTP/1.1" 200 4570 "http://www.wonder-geek.com/" "Mozilla/5.0 (Macintosh; Intel Mac OS X 10_14_6) AppleWebKit/605.1.15 (KHTML, like Gecko) Version/14.0.1 Safari/605.1.15"
206.172.197.40 - - [26/Dec/2020:17:09:48 +0100] "GET /images/mini_prod/3700344871652.jpg HTTP/1.1" 200 4147 "http://www.wonder-geek.com/" "Mozilla/5.0 (Macintosh; Intel Mac OS X 10_14_6) AppleWebKit/605.1.15 (KHTML, like Gecko) Version/14.0.1 Safari/605.1.15"
206.172.197.40 - - [26/Dec/2020:17:09:48 +0100] "GET /images/mini_prod/8720088294208.jpg HTTP/1.1" 200 9812 "http://www.wonder-geek.com/" "Mozilla/5.0 (Macintosh; Intel Mac OS X 10_14_6) AppleWebKit/605.1.15 (KHTML, like Gecko) Version/14.0.1 Safari/605.1.15"
206.172.197.40 - - [26/Dec/2020:17:09:48 +0100] "GET /images/mini_prod/5415203950031.jpg HTTP/1.1" 200 5426 "http://www.wonder-geek.com/" "Mozilla/5.0 (Macintosh; Intel Mac OS X 10_14_6) AppleWebKit/605.1.15 (KHTML, like Gecko) Version/14.0.1 Safari/605.1.15"
54.37.23.179 - - [26/Dec/2020:17:10:42 +0100] "GET /images/big_prod_3/028399270200c.jpg HTTP/1.1" 200 186910 "-" "-"
54.37.23.179 - - [26/Dec/2020:17:11:22 +0100] "GET /images/big_prod_1/028399270200a.jpg HTTP/1.1" 200 199915 "-" "-"
114.119.132.105 - - [26/Dec/2020:17:11:40 +0100] "GET /images/1345544700771.jpg HTTP/1.1" 200 78172 "-" "Mozilla/5.0 (Linux; Android 7.0;) AppleWebKit/537.36 (KHTML, like Gecko) Mobile Safari/537.36 (compatible; PetalBot;+https://aspiegel.com/petalbot)"
54.37.23.179 - - [26/Dec/2020:17:11:43 +0100] "GET /images/big_prod_2/028399270200b.jpg HTTP/1.1" 200 193744 "-" "-"
114.119.132.105 - - [26/Dec/2020:17:16:02 +0100] "GET /images/mini_prod/028399138364.jpg HTTP/1.1" 200 6278 "-" "Mozilla/5.0 (Linux; Android 7.0;) AppleWebKit/537.36 (KHTML, like Gecko) Mobile Safari/537.36 (compatible; PetalBot;+https://aspiegel.com/petalbot)"
54.37.22.169 - - [26/Dec/2020:17:16:20 +0100] "GET /images/big_prod_2/1328399271313b.jpg HTTP/1.1" 200 261457 "-" "-"
54.37.22.169 - - [26/Dec/2020:17:16:36 +0100] "GET /images/big_prod_1/1328399271313a.jpg HTTP/1.1" 200 315251 "-" "-"
54.37.22.169 - - [26/Dec/2020:17:17:10 +0100] "GET /images/big_prod_3/1328399271313c.jpg HTTP/1.1" 200 316915 "-" "-"
66.249.93.30 - - [26/Dec/2020:17:19:31 +0100] "GET /images/B6575E40.jpg HTTP/1.1" 200 38980 "-" "Mozilla/5.0 (Windows NT 5.1; rv:11.0) Gecko Firefox/11.0 (via ggpht.com GoogleImageProxy)"
114.119.158.196 - - [26/Dec/2020:17:20:23 +0100] "GET /images/big_prod_1/1341689117986B.jpg HTTP/1.1" 200 175728 "-" "Mozilla/5.0 (Linux; Android 7.0;) AppleWebKit/537.36 (KHTML, like Gecko) Mobile Safari/537.36 (compatible; PetalBot;+https://aspiegel.com/petalbot)"
114.119.158.196 - - [26/Dec/2020:17:24:43 +0100] "GET /images/mini_prod/3574641046583.jpg HTTP/1.1" 200 10164 "-" "Mozilla/5.0 (Linux; Android 7.0;) AppleWebKit/537.36 (KHTML, like Gecko) Mobile Safari/537.36 (compatible; PetalBot;+https://aspiegel.com/petalbot)"
54.38.43.78 - - [26/Dec/2020:17:25:44 +0100] "GET /images/big_prod_1/3442440273458B.jpg HTTP/1.1" 200 473640 "-" "-"
207.46.13.225 - - [26/Dec/2020:17:28:20 +0100] "GET /images/8714274565029.jpg HTTP/1.1" 200 61108 "-" "Mozilla/5.0 (compatible; adidxbot/2.0; +http://www.bing.com/bingbot.htm)"
17.58.101.145 - - [26/Dec/2020:17:28:57 +0100] "GET /images/mini_prod/7316197616027.jpg HTTP/1.1" 200 8029 "-" "Mozilla/5.0 (Macintosh; Intel Mac OS X 10_15_5) AppleWebKit/605.1.15 (KHTML, like Gecko) Version/13.1.1 Safari/605.1.15 (Applebot/0.1; +http://www.apple.com/go/applebot)"
114.119.145.117 - - [26/Dec/2020:17:29:05 +0100] "GET /images/big_prod/3565750332650.jpg HTTP/1.1" 200 85789 "-" "Mozilla/5.0 (Linux; Android 7.0;) AppleWebKit/537.36 (KHTML, like Gecko) Mobile Safari/537.36 (compatible; PetalBot;+https://aspiegel.com/petalbot)"
17.58.101.145 - - [26/Dec/2020:17:30:41 +0100] "GET /images/med_prod/4029811331451.jpg HTTP/1.1" 200 77704 "-" "Mozilla/5.0 (Macintosh; Intel Mac OS X 10_15_5) AppleWebKit/605.1.15 (KHTML, like Gecko) Version/13.1.1 Safari/605.1.15 (Applebot/0.1; +http://www.apple.com/go/applebot)"
17.58.101.145 - - [26/Dec/2020:17:33:23 +0100] "GET /images/mini_prod/3453131108508.jpg HTTP/1.1" 200 7399 "-" "Mozilla/5.0 (Macintosh; Intel Mac OS X 10_15_5) AppleWebKit/605.1.15 (KHTML, like Gecko) Version/13.1.1 Safari/605.1.15 (Applebot/0.1; +http://www.apple.com/go/applebot)"
114.119.129.36 - - [26/Dec/2020:17:33:26 +0100] "GET /images/big_prod_1/8424346523511B.jpg HTTP/1.1" 200 113654 "-" "Mozilla/5.0 (Linux; Android 7.0;) AppleWebKit/537.36 (KHTML, like Gecko) Mobile Safari/537.36 (compatible; PetalBot;+https://aspiegel.com/petalbot)"
77.75.77.11 - - [26/Dec/2020:17:33:40 +0100] "GET /robots.txt HTTP/1.1" 200 2438 "-" "Mozilla/5.0 (compatible; SeznamBot/3.2; +http://napoveda.seznam.cz/en/seznambot-intro/)"
77.75.77.11 - - [26/Dec/2020:17:33:41 +0100] "GET /images/mini_prod/8422014754113.jpg HTTP/1.1" 200 5740 "-" "Mozilla/5.0 (compatible; SeznamBot/3.2; +http://napoveda.seznam.cz/en/seznambot-intro/)"
185.191.171.26 - - [26/Dec/2020:17:47:43 +0100] "GET /robots.txt HTTP/1.1" 200 2438 "-" "Mozilla/5.0 (compatible; SemrushBot/7~bl; +http://www.semrush.com/bot.html)"
54.37.23.114 - - [26/Dec/2020:17:48:49 +0100] "GET /images/big_prod_1/3609810096356b.jpg HTTP/1.1" 200 149766 "-" "-"
54.36.148.125 - - [26/Dec/2020:17:54:19 +0100] "GET /robots.txt HTTP/1.1" 200 2438 "-" "Mozilla/5.0 (compatible; AhrefsBot/6.1; +http://ahrefs.com/robot/)"
54.37.150.153 - - [26/Dec/2020:17:58:05 +0100] "GET /images/big_prod_1/028399270323b.jpg HTTP/1.1" 200 182052 "-" "-"
114.119.147.45 - - [26/Dec/2020:17:59:27 +0100] "GET /images/big_prod/3418176355362.jpg HTTP/1.1" 200 116058 "-" "Mozilla/5.0 (Linux; Android 7.0;) AppleWebKit/537.36 (KHTML, like Gecko) Mobile Safari/537.36 (compatible; PetalBot;+https://aspiegel.com/petalbot)"
114.119.144.233 - - [26/Dec/2020:18:03:48 +0100] "GET /images/big_prod/8719075391709.jpg HTTP/1.1" 200 124698 "-" "Mozilla/5.0 (Linux; Android 7.0;) AppleWebKit/537.36 (KHTML, like Gecko) Mobile Safari/537.36 (compatible; PetalBot;+https://aspiegel.com/petalbot)"
114.119.154.200 - - [26/Dec/2020:18:08:11 +0100] "GET /images/med_prod/3681643111383.jpg HTTP/1.1" 200 102470 "-" "Mozilla/5.0 (Linux; Android 7.0;) AppleWebKit/537.36 (KHTML, like Gecko) Mobile Safari/537.36 (compatible; PetalBot;+https://aspiegel.com/petalbot)"
114.119.150.15 - - [26/Dec/2020:18:12:25 +0100] "GET /images/mini_prod/067103137149.jpg HTTP/1.1" 200 6850 "-" "Mozilla/5.0 (Linux; Android 7.0;) AppleWebKit/537.36 (KHTML, like Gecko) Mobile Safari/537.36 (compatible; PetalBot;+https://aspiegel.com/petalbot)"
114.119.144.233 - - [26/Dec/2020:18:25:28 +0100] "GET /images/mini_prod/9316188068758.jpg HTTP/1.1" 200 5196 "-" "Mozilla/5.0 (Linux; Android 7.0;) AppleWebKit/537.36 (KHTML, like Gecko) Mobile Safari/537.36 (compatible; PetalBot;+https://aspiegel.com/petalbot)"
54.38.43.78 - - [26/Dec/2020:18:28:32 +0100] "GET /images/mini_prod/3520071689265.jpg HTTP/1.1" 200 7380 "-" "-"
95.163.255.130 - - [26/Dec/2020:18:35:58 +0100] "GET /robots.txt HTTP/1.0" 200 2438 "-" "Mozilla/5.0 (compatible; Linux x86_64; Mail.RU_Bot/Img/2.0; +http://go.mail.ru/help/robots)"
114.119.154.200 - - [26/Dec/2020:18:42:47 +0100] "GET /images/big_prod/5018997616130.jpg HTTP/1.1" 200 81336 "-" "Mozilla/5.0 (Linux; Android 7.0;) AppleWebKit/537.36 (KHTML, like Gecko) Mobile Safari/537.36 (compatible; PetalBot;+https://aspiegel.com/petalbot)"
114.119.154.200 - - [26/Dec/2020:18:47:08 +0100] "GET /images/mini_prod/1328399144181.jpg HTTP/1.1" 200 8589 "-" "Mozilla/5.0 (Linux; Android 7.0;) AppleWebKit/537.36 (KHTML, like Gecko) Mobile Safari/537.36 (compatible; PetalBot;+https://aspiegel.com/petalbot)"
77.75.79.11 - - [26/Dec/2020:18:48:36 +0100] "GET /robots.txt HTTP/1.1" 200 2438 "-" "Mozilla/5.0 (compatible; SeznamBot/3.2; +http://napoveda.seznam.cz/en/seznambot-intro/)"
77.75.79.11 - - [26/Dec/2020:18:48:37 +0100] "GET /images/mini_prod/3000000010723.jpg HTTP/1.1" 200 6725 "-" "Mozilla/5.0 (compatible; SeznamBot/3.2; +http://napoveda.seznam.cz/en/seznambot-intro/)"
54.37.23.163 - - [26/Dec/2020:18:53:35 +0100] "GET /images/big_prod_1/028399270323b.jpg HTTP/1.1" 200 182052 "-" "-"
114.119.130.202 - - [26/Dec/2020:18:55:50 +0100] "GET /images/big_prod/4029811367658.jpg HTTP/1.1" 200 62393 "-" "Mozilla/5.0 (Linux; Android 7.0;) AppleWebKit/537.36 (KHTML, like Gecko) Mobile Safari/537.36 (compatible; PetalBot;+https://aspiegel.com/petalbot)"
114.119.150.15 - - [26/Dec/2020:19:00:11 +0100] "GET /images/big_prod_1/8719497615025a.jpg HTTP/1.1" 200 76542 "-" "Mozilla/5.0 (Linux; Android 7.0;) AppleWebKit/537.36 (KHTML, like Gecko) Mobile Safari/537.36 (compatible; PetalBot;+https://aspiegel.com/petalbot)"
157.55.39.94 - - [26/Dec/2020:19:02:07 +0100] "GET /highslide/graphics/outlines/drop-shadow.png HTTP/1.1" 200 2022 "-" "Mozilla/5.0 (compatible; bingbot/2.0; +http://www.bing.com/bingbot.htm)"
157.55.39.186 - - [26/Dec/2020:19:02:12 +0100] "GET /images/big_prod/3418178540148.jpg HTTP/1.1" 200 115384 "-" "Mozilla/5.0 (compatible; bingbot/2.0; +http://www.bing.com/bingbot.htm)"
66.249.70.33 - - [26/Dec/2020:19:02:35 +0100] "GET /robots.txt HTTP/1.1" 200 2438 "-" "Mozilla/5.0 (compatible; Googlebot/2.1; +http://www.google.com/bot.html)"
114.119.150.15 - - [26/Dec/2020:19:04:32 +0100] "GET /images/big_prod_2/8424346354276b.jpg HTTP/1.1" 200 161059 "-" "Mozilla/5.0 (Linux; Android 7.0;) AppleWebKit/537.36 (KHTML, like Gecko) Mobile Safari/537.36 (compatible; PetalBot;+https://aspiegel.com/petalbot)"
5.255.231.71 - - [26/Dec/2020:19:05:29 +0100] "GET /robots.txt HTTP/1.1" 200 2438 "-" "Mozilla/5.0 (compatible; YandexBot/3.0; +http://yandex.com/bots)"
114.119.158.196 - - [26/Dec/2020:19:08:48 +0100] "GET /images/big_prod/3660173241418.jpg HTTP/1.1" 200 38861 "-" "Mozilla/5.0 (Linux; Android 7.0;) AppleWebKit/537.36 (KHTML, like Gecko) Mobile Safari/537.36 (compatible; PetalBot;+https://aspiegel.com/petalbot)"
114.119.154.200 - - [26/Dec/2020:19:13:09 +0100] "GET /images/mini_prod/8422000145628.jpg HTTP/1.1" 200 7670 "-" "Mozilla/5.0 (Linux; Android 7.0;) AppleWebKit/537.36 (KHTML, like Gecko) Mobile Safari/537.36 (compatible; PetalBot;+https://aspiegel.com/petalbot)"
114.119.151.113 - - [26/Dec/2020:19:17:30 +0100] "GET /images/mini_prod/8433933225998.jpg HTTP/1.1" 200 7246 "-" "Mozilla/5.0 (Linux; Android 7.0;) AppleWebKit/537.36 (KHTML, like Gecko) Mobile Safari/537.36 (compatible; PetalBot;+https://aspiegel.com/petalbot)"
207.46.13.225 - - [26/Dec/2020:19:22:21 +0100] "GET /images/8714274565029.jpg HTTP/1.1" 200 61108 "-" "Mozilla/5.0 (compatible; bingbot/2.0; +http://www.bing.com/bingbot.htm)"
73.231.11.207 - - [26/Dec/2020:19:23:05 +0100] "GET /images/big_prod/8011717796409.jpg HTTP/1.1" 200 125234 "https://www.bing.com/" "Mozilla/5.0 (Windows NT 10.0; Win64; x64) AppleWebKit/537.36 (KHTML, like Gecko) Chrome/87.0.4280.88 Safari/537.36 Edg/87.0.664.66"
114.119.154.200 - - [26/Dec/2020:19:26:12 +0100] "GET /images/big_prod/8424345615149.jpg HTTP/1.1" 200 158810 "-" "Mozilla/5.0 (Linux; Android 7.0;) AppleWebKit/537.36 (KHTML, like Gecko) Mobile Safari/537.36 (compatible; PetalBot;+https://aspiegel.com/petalbot)"
17.58.101.145 - - [26/Dec/2020:19:30:35 +0100] "GET /images/mini_prod/7703771126902.jpg HTTP/1.1" 200 5595 "-" "Mozilla/5.0 (Macintosh; Intel Mac OS X 10_15_5) AppleWebKit/605.1.15 (KHTML, like Gecko) Version/13.1.1 Safari/605.1.15 (Applebot/0.1; +http://www.apple.com/go/applebot)"
172.58.99.151 - - [26/Dec/2020:19:31:28 +0100] "GET /images/3447200075143.jpg HTTP/1.1" 200 49527 "-" "Dalvik/2.1.0 (Linux; U; Android 10; LM-K500 Build/QKQ1.200730.002)"
167.114.157.181 - - [26/Dec/2020:19:34:11 +0100] "GET /robots.txt HTTP/1.1" 200 2438 "-" "Mozilla/5.0 (compatible; MJ12bot/v1.4.8; http://mj12bot.com/)"
185.191.171.44 - - [26/Dec/2020:19:38:15 +0100] "GET /robots.txt HTTP/1.1" 200 2438 "-" "Mozilla/5.0 (compatible; SemrushBot/7~bl; +http://www.semrush.com/bot.html)"
114.119.151.113 - - [26/Dec/2020:19:39:11 +0100] "GET /images/big_prod/b3700276280621.jpg HTTP/1.1" 200 134857 "-" "Mozilla/5.0 (Linux; Android 7.0;) AppleWebKit/537.36 (KHTML, like Gecko) Mobile Safari/537.36 (compatible; PetalBot;+https://aspiegel.com/petalbot)"
114.119.144.233 - - [26/Dec/2020:19:43:32 +0100] "GET /images/big_prod/1384010205099.jpg HTTP/1.1" 200 117208 "-" "Mozilla/5.0 (Linux; Android 7.0;) AppleWebKit/537.36 (KHTML, like Gecko) Mobile Safari/537.36 (compatible; PetalBot;+https://aspiegel.com/petalbot)"
114.119.147.45 - - [26/Dec/2020:19:47:54 +0100] "GET /images/mini_prod/4012390384352.jpg HTTP/1.1" 200 4883 "-" "Mozilla/5.0 (Linux; Android 7.0;) AppleWebKit/537.36 (KHTML, like Gecko) Mobile Safari/537.36 (compatible; PetalBot;+https://aspiegel.com/petalbot)"
114.119.150.15 - - [26/Dec/2020:19:56:29 +0100] "GET /images/big_prod_2/865GJ01b.jpg HTTP/1.1" 200 80604 "-" "Mozilla/5.0 (Linux; Android 7.0;) AppleWebKit/537.36 (KHTML, like Gecko) Mobile Safari/537.36 (compatible; PetalBot;+https://aspiegel.com/petalbot)"
77.75.78.168 - - [26/Dec/2020:20:00:27 +0100] "GET /robots.txt HTTP/1.1" 200 2438 "-" "Mozilla/5.0 (compatible; SeznamBot/3.2; +http://napoveda.seznam.cz/en/seznambot-intro/)"
77.75.78.168 - - [26/Dec/2020:20:00:27 +0100] "GET /images/mini_prod/8422020200000a.jpg HTTP/1.1" 200 8100 "-" "Mozilla/5.0 (compatible; SeznamBot/3.2; +http://napoveda.seznam.cz/en/seznambot-intro/)"
114.119.129.36 - - [26/Dec/2020:20:00:51 +0100] "GET /images/mini_prod/3612875123332.jpg HTTP/1.1" 200 11255 "-" "Mozilla/5.0 (Linux; Android 7.0;) AppleWebKit/537.36 (KHTML, like Gecko) Mobile Safari/537.36 (compatible; PetalBot;+https://aspiegel.com/petalbot)"
72.141.152.207 - - [26/Dec/2020:20:01:44 +0100] "GET /images/med_prod/4036113301310N.jpg HTTP/1.1" 200 122812 "https://www.bing.com/" "Mozilla/5.0 (Macintosh; Intel Mac OS X 10.11; rv:78.0) Gecko/20100101 Firefox/78.0"
72.141.152.207 - - [26/Dec/2020:20:02:42 +0100] "GET /images/med_prod/4036113307251.jpg HTTP/1.1" 200 107213 "https://www.bing.com/" "Mozilla/5.0 (Macintosh; Intel Mac OS X 10.11; rv:78.0) Gecko/20100101 Firefox/78.0"
114.119.151.113 - - [26/Dec/2020:20:09:28 +0100] "GET /images/big_prod/206GJ05.jpg HTTP/1.1" 200 148145 "-" "Mozilla/5.0 (Linux; Android 7.0;) AppleWebKit/537.36 (KHTML, like Gecko) Mobile Safari/537.36 (compatible; PetalBot;+https://aspiegel.com/petalbot)"
88.106.212.163 - - [26/Dec/2020:20:11:34 +0100] "GET /templates/Pixame_v1/stylesheet.css HTTP/1.1" 200 56057 "http://www.wonder-geek.com/gorjuss-tartan-suitcase-boxes-set-p-48415.html" "Mozilla/5.0 (Linux; Android 10; POT-LX1) AppleWebKit/537.36 (KHTML, like Gecko) Chrome/87.0.4280.101 Mobile Safari/537.36"
88.106.212.163 - - [26/Dec/2020:20:11:35 +0100] "GET /highslide/highslide.js HTTP/1.1" 200 42909 "http://www.wonder-geek.com/gorjuss-tartan-suitcase-boxes-set-p-48415.html" "Mozilla/5.0 (Linux; Android 10; POT-LX1) AppleWebKit/537.36 (KHTML, like Gecko) Chrome/87.0.4280.101 Mobile Safari/537.36"
88.106.212.163 - - [26/Dec/2020:20:11:35 +0100] "GET /js/jquery.jqzoom.js HTTP/1.1" 200 4761 "http://www.wonder-geek.com/gorjuss-tartan-suitcase-boxes-set-p-48415.html" "Mozilla/5.0 (Linux; Android 10; POT-LX1) AppleWebKit/537.36 (KHTML, like Gecko) Chrome/87.0.4280.101 Mobile Safari/537.36"
88.106.212.163 - - [26/Dec/2020:20:11:35 +0100] "GET /js/jquery.js HTTP/1.1" 200 54075 "http://www.wonder-geek.com/gorjuss-tartan-suitcase-boxes-set-p-48415.html" "Mozilla/5.0 (Linux; Android 10; POT-LX1) AppleWebKit/537.36 (KHTML, like Gecko) Chrome/87.0.4280.101 Mobile Safari/537.36"
88.106.212.163 - - [26/Dec/2020:20:11:35 +0100] "GET /mondial_relay/js/jquery-1.3.2.min.js HTTP/1.1" 200 57254 "http://www.wonder-geek.com/gorjuss-tartan-suitcase-boxes-set-p-48415.html" "Mozilla/5.0 (Linux; Android 10; POT-LX1) AppleWebKit/537.36 (KHTML, like Gecko) Chrome/87.0.4280.101 Mobile Safari/537.36"
88.106.212.163 - - [26/Dec/2020:20:11:35 +0100] "GET /templates/Pixame_v1/images/icon_accueil2.png HTTP/1.1" 200 1137 "http://www.wonder-geek.com/gorjuss-tartan-suitcase-boxes-set-p-48415.html" "Mozilla/5.0 (Linux; Android 10; POT-LX1) AppleWebKit/537.36 (KHTML, like Gecko) Chrome/87.0.4280.101 Mobile Safari/537.36"
88.106.212.163 - - [26/Dec/2020:20:11:35 +0100] "GET /templates/Pixame_v1/images/buttons/english/button_in_cart.gif HTTP/1.1" 200 1212 "http://www.wonder-geek.com/gorjuss-tartan-suitcase-boxes-set-p-48415.html" "Mozilla/5.0 (Linux; Android 10; POT-LX1) AppleWebKit/537.36 (KHTML, like Gecko) Chrome/87.0.4280.101 Mobile Safari/537.36"
88.106.212.163 - - [26/Dec/2020:20:11:35 +0100] "GET /images/big_prod/251GJS12.jpg HTTP/1.1" 200 102610 "http://www.wonder-geek.com/gorjuss-tartan-suitcase-boxes-set-p-48415.html" "Mozilla/5.0 (Linux; Android 10; POT-LX1) AppleWebKit/537.36 (KHTML, like Gecko) Chrome/87.0.4280.101 Mobile Safari/537.36"
88.106.212.163 - - [26/Dec/2020:20:11:35 +0100] "GET /images/big_prod_1/251GJS12a.jpg HTTP/1.1" 200 119552 "http://www.wonder-geek.com/gorjuss-tartan-suitcase-boxes-set-p-48415.html" "Mozilla/5.0 (Linux; Android 10; POT-LX1) AppleWebKit/537.36 (KHTML, like Gecko) Chrome/87.0.4280.101 Mobile Safari/537.36"
88.106.212.163 - - [26/Dec/2020:20:11:35 +0100] "GET /templates/Pixame_v1/images/Bottom_texture.jpg HTTP/1.1" 200 56290 "http://www.wonder-geek.com/templates/Pixame_v1/stylesheet.css" "Mozilla/5.0 (Linux; Android 10; POT-LX1) AppleWebKit/537.36 (KHTML, like Gecko) Chrome/87.0.4280.101 Mobile Safari/537.36"
88.106.212.163 - - [26/Dec/2020:20:11:35 +0100] "GET /images/big_prod_2/251GJS12b.jpg HTTP/1.1" 200 145773 "http://www.wonder-geek.com/gorjuss-tartan-suitcase-boxes-set-p-48415.html" "Mozilla/5.0 (Linux; Android 10; POT-LX1) AppleWebKit/537.36 (KHTML, like Gecko) Chrome/87.0.4280.101 Mobile Safari/537.36"
88.106.212.163 - - [26/Dec/2020:20:11:35 +0100] "GET /images/big_prod_3/251GJS12c.jpg HTTP/1.1" 200 113540 "http://www.wonder-geek.com/gorjuss-tartan-suitcase-boxes-set-p-48415.html" "Mozilla/5.0 (Linux; Android 10; POT-LX1) AppleWebKit/537.36 (KHTML, like Gecko) Chrome/87.0.4280.101 Mobile Safari/537.36"
88.106.212.163 - - [26/Dec/2020:20:11:35 +0100] "GET /templates/Pixame_v1/images/header.png HTTP/1.1" 200 70245 "http://www.wonder-geek.com/templates/Pixame_v1/stylesheet.css" "Mozilla/5.0 (Linux; Android 10; POT-LX1) AppleWebKit/537.36 (KHTML, like Gecko) Chrome/87.0.4280.101 Mobile Safari/537.36"
88.106.212.163 - - [26/Dec/2020:20:11:35 +0100] "GET /templates/Pixame_v1/images/nav.png HTTP/1.1" 200 1283 "http://www.wonder-geek.com/templates/Pixame_v1/stylesheet.css" "Mozilla/5.0 (Linux; Android 10; POT-LX1) AppleWebKit/537.36 (KHTML, like Gecko) Chrome/87.0.4280.101 Mobile Safari/537.36"
88.106.212.163 - - [26/Dec/2020:20:11:35 +0100] "GET /design/productsenstock.png HTTP/1.1" 200 4743 "http://www.wonder-geek.com/templates/Pixame_v1/stylesheet.css" "Mozilla/5.0 (Linux; Android 10; POT-LX1) AppleWebKit/537.36 (KHTML, like Gecko) Chrome/87.0.4280.101 Mobile Safari/537.36"
88.106.212.163 - - [26/Dec/2020:20:11:35 +0100] "GET /templates/Pixame_v1/images/header-object.png HTTP/1.1" 200 106050 "http://www.wonder-geek.com/templates/Pixame_v1/stylesheet.css" "Mozilla/5.0 (Linux; Android 10; POT-LX1) AppleWebKit/537.36 (KHTML, like Gecko) Chrome/87.0.4280.101 Mobile Safari/537.36"
88.106.212.163 - - [26/Dec/2020:20:11:35 +0100] "GET /templates/Pixame_v1/images/Middle_texture.jpg HTTP/1.1" 200 249620 "http://www.wonder-geek.com/templates/Pixame_v1/stylesheet.css" "Mozilla/5.0 (Linux; Android 10; POT-LX1) AppleWebKit/537.36 (KHTML, like Gecko) Chrome/87.0.4280.101 Mobile Safari/537.36"
88.106.212.163 - - [26/Dec/2020:20:11:35 +0100] "GET /highslide/graphics/outlines/drop-shadow.png HTTP/1.1" 200 2022 "http://www.wonder-geek.com/gorjuss-tartan-suitcase-boxes-set-p-48415.html" "Mozilla/5.0 (Linux; Android 10; POT-LX1) AppleWebKit/537.36 (KHTML, like Gecko) Chrome/87.0.4280.101 Mobile Safari/537.36"
88.106.212.163 - - [26/Dec/2020:20:11:35 +0100] "GET /favicon.ico HTTP/1.1" 200 1591 "http://www.wonder-geek.com/gorjuss-tartan-suitcase-boxes-set-p-48415.html" "Mozilla/5.0 (Linux; Android 10; POT-LX1) AppleWebKit/537.36 (KHTML, like Gecko) Chrome/87.0.4280.101 Mobile Safari/537.36"
114.119.144.233 - - [26/Dec/2020:20:13:50 +0100] "GET /images/3700815390507.jpg HTTP/1.1" 200 161629 "-" "Mozilla/5.0 (Linux; Android 7.0;) AppleWebKit/537.36 (KHTML, like Gecko) Mobile Safari/537.36 (compatible; PetalBot;+https://aspiegel.com/petalbot)"
17.58.101.145 - - [26/Dec/2020:20:23:01 +0100] "GET /images/mini_prod/1384221242326.jpg HTTP/1.1" 200 4366 "-" "Mozilla/5.0 (Macintosh; Intel Mac OS X 10_15_5) AppleWebKit/605.1.15 (KHTML, like Gecko) Version/13.1.1 Safari/605.1.15 (Applebot/0.1; +http://www.apple.com/go/applebot)"
114.119.151.113 - - [26/Dec/2020:20:26:52 +0100] "GET /images/mini_prod/3453131101615.jpg HTTP/1.1" 200 7565 "-" "Mozilla/5.0 (Linux; Android 7.0;) AppleWebKit/537.36 (KHTML, like Gecko) Mobile Safari/537.36 (compatible; PetalBot;+https://aspiegel.com/petalbot)"
78.47.238.17 - - [26/Dec/2020:20:27:17 +0100] "GET /images/4007176125144B.jpg HTTP/1.1" 200 63274 "-" "Mozilla/5.0 (X11; Fedora; Linux x86_64) AppleWebKit/537.36 (KHTML, like Gecko) Chrome/79.0.3945.117 Safari/537.36"
114.119.158.196 - - [26/Dec/2020:20:31:13 +0100] "GET /images/big_prod/1384010201169.jpg HTTP/1.1" 200 77141 "-" "Mozilla/5.0 (Linux; Android 7.0;) AppleWebKit/537.36 (KHTML, like Gecko) Mobile Safari/537.36 (compatible; PetalBot;+https://aspiegel.com/petalbot)"
86.191.81.68 - - [26/Dec/2020:20:31:57 +0100] "GET /templates/Pixame_v1/stylesheet.css HTTP/1.1" 200 56057 "http://www.wonder-geek.com/lotus-candleholder-chakra-orange-silverlining-p-35529.html" "Mozilla/5.0 (Linux; Android 9; SAMSUNG SM-J330FN) AppleWebKit/537.36 (KHTML, like Gecko) SamsungBrowser/13.0 Chrome/83.0.4103.106 Mobile Safari/537.36"
86.191.81.68 - - [26/Dec/2020:20:31:57 +0100] "GET /highslide/highslide.js HTTP/1.1" 200 42909 "http://www.wonder-geek.com/lotus-candleholder-chakra-orange-silverlining-p-35529.html" "Mozilla/5.0 (Linux; Android 9; SAMSUNG SM-J330FN) AppleWebKit/537.36 (KHTML, like Gecko) SamsungBrowser/13.0 Chrome/83.0.4103.106 Mobile Safari/537.36"
86.191.81.68 - - [26/Dec/2020:20:31:57 +0100] "GET /js/jquery.jqzoom.js HTTP/1.1" 200 4761 "http://www.wonder-geek.com/lotus-candleholder-chakra-orange-silverlining-p-35529.html" "Mozilla/5.0 (Linux; Android 9; SAMSUNG SM-J330FN) AppleWebKit/537.36 (KHTML, like Gecko) SamsungBrowser/13.0 Chrome/83.0.4103.106 Mobile Safari/537.36"
86.191.81.68 - - [26/Dec/2020:20:31:57 +0100] "GET /js/jquery.js HTTP/1.1" 200 54075 "http://www.wonder-geek.com/lotus-candleholder-chakra-orange-silverlining-p-35529.html" "Mozilla/5.0 (Linux; Android 9; SAMSUNG SM-J330FN) AppleWebKit/537.36 (KHTML, like Gecko) SamsungBrowser/13.0 Chrome/83.0.4103.106 Mobile Safari/537.36"
86.191.81.68 - - [26/Dec/2020:20:31:57 +0100] "GET /mondial_relay/js/jquery-1.3.2.min.js HTTP/1.1" 200 57254 "http://www.wonder-geek.com/lotus-candleholder-chakra-orange-silverlining-p-35529.html" "Mozilla/5.0 (Linux; Android 9; SAMSUNG SM-J330FN) AppleWebKit/537.36 (KHTML, like Gecko) SamsungBrowser/13.0 Chrome/83.0.4103.106 Mobile Safari/537.36"
86.191.81.68 - - [26/Dec/2020:20:31:57 +0100] "GET /templates/Pixame_v1/images/icon_accueil2.png HTTP/1.1" 200 1137 "http://www.wonder-geek.com/lotus-candleholder-chakra-orange-silverlining-p-35529.html" "Mozilla/5.0 (Linux; Android 9; SAMSUNG SM-J330FN) AppleWebKit/537.36 (KHTML, like Gecko) SamsungBrowser/13.0 Chrome/83.0.4103.106 Mobile Safari/537.36"
86.191.81.68 - - [26/Dec/2020:20:31:58 +0100] "GET /images/big_prod/8718657460741.jpg HTTP/1.1" 200 53834 "http://www.wonder-geek.com/lotus-candleholder-chakra-orange-silverlining-p-35529.html" "Mozilla/5.0 (Linux; Android 9; SAMSUNG SM-J330FN) AppleWebKit/537.36 (KHTML, like Gecko) SamsungBrowser/13.0 Chrome/83.0.4103.106 Mobile Safari/537.36"
86.191.81.68 - - [26/Dec/2020:20:31:58 +0100] "GET /templates/Pixame_v1/images/buttons/english/button_in_cart.gif HTTP/1.1" 200 1212 "http://www.wonder-geek.com/lotus-candleholder-chakra-orange-silverlining-p-35529.html" "Mozilla/5.0 (Linux; Android 9; SAMSUNG SM-J330FN) AppleWebKit/537.36 (KHTML, like Gecko) SamsungBrowser/13.0 Chrome/83.0.4103.106 Mobile Safari/537.36"
86.191.81.68 - - [26/Dec/2020:20:31:58 +0100] "GET /templates/Pixame_v1/images/nav.png HTTP/1.1" 200 1283 "http://www.wonder-geek.com/templates/Pixame_v1/stylesheet.css" "Mozilla/5.0 (Linux; Android 9; SAMSUNG SM-J330FN) AppleWebKit/537.36 (KHTML, like Gecko) SamsungBrowser/13.0 Chrome/83.0.4103.106 Mobile Safari/537.36"
86.191.81.68 - - [26/Dec/2020:20:31:58 +0100] "GET /templates/Pixame_v1/images/Bottom_texture.jpg HTTP/1.1" 200 56290 "http://www.wonder-geek.com/templates/Pixame_v1/stylesheet.css" "Mozilla/5.0 (Linux; Android 9; SAMSUNG SM-J330FN) AppleWebKit/537.36 (KHTML, like Gecko) SamsungBrowser/13.0 Chrome/83.0.4103.106 Mobile Safari/537.36"
86.191.81.68 - - [26/Dec/2020:20:31:58 +0100] "GET /templates/Pixame_v1/images/Middle_texture.jpg HTTP/1.1" 200 249620 "http://www.wonder-geek.com/templates/Pixame_v1/stylesheet.css" "Mozilla/5.0 (Linux; Android 9; SAMSUNG SM-J330FN) AppleWebKit/537.36 (KHTML, like Gecko) SamsungBrowser/13.0 Chrome/83.0.4103.106 Mobile Safari/537.36"
86.191.81.68 - - [26/Dec/2020:20:31:58 +0100] "GET /templates/Pixame_v1/images/header.png HTTP/1.1" 200 70245 "http://www.wonder-geek.com/templates/Pixame_v1/stylesheet.css" "Mozilla/5.0 (Linux; Android 9; SAMSUNG SM-J330FN) AppleWebKit/537.36 (KHTML, like Gecko) SamsungBrowser/13.0 Chrome/83.0.4103.106 Mobile Safari/537.36"
86.191.81.68 - - [26/Dec/2020:20:31:58 +0100] "GET /design/productsenstock.png HTTP/1.1" 200 4743 "http://www.wonder-geek.com/templates/Pixame_v1/stylesheet.css" "Mozilla/5.0 (Linux; Android 9; SAMSUNG SM-J330FN) AppleWebKit/537.36 (KHTML, like Gecko) SamsungBrowser/13.0 Chrome/83.0.4103.106 Mobile Safari/537.36"
86.191.81.68 - - [26/Dec/2020:20:31:58 +0100] "GET /templates/Pixame_v1/images/header-object.png HTTP/1.1" 200 106050 "http://www.wonder-geek.com/templates/Pixame_v1/stylesheet.css" "Mozilla/5.0 (Linux; Android 9; SAMSUNG SM-J330FN) AppleWebKit/537.36 (KHTML, like Gecko) SamsungBrowser/13.0 Chrome/83.0.4103.106 Mobile Safari/537.36"
