87.1.51.193 - - [26/Dec/2020:11:21:06 +0100] "GET /design/productsenstock.png HTTP/1.1" 200 4743 "http://www.wonder-geek.com/templates/Pixame_v1/stylesheet.css" "Mozilla/5.0 (Linux; Android 9; ANE-LX1) AppleWebKit/537.36 (KHTML, like Gecko) Chrome/87.0.4280.101 Mobile Safari/537.36"
87.1.51.193 - - [26/Dec/2020:11:21:06 +0100] "GET /templates/Pixame_v1/images/header-object.png HTTP/1.1" 200 106050 "http://www.wonder-geek.com/templates/Pixame_v1/stylesheet.css" "Mozilla/5.0 (Linux; Android 9; ANE-LX1) AppleWebKit/537.36 (KHTML, like Gecko) Chrome/87.0.4280.101 Mobile Safari/537.36"
87.1.51.193 - - [26/Dec/2020:11:21:07 +0100] "GET /highslide/graphics/outlines/drop-shadow.png HTTP/1.1" 200 2022 "http://www.wonder-geek.com/giraffe-wall-decoration-in-resin-p-52575.html" "Mozilla/5.0 (Linux; Android 9; ANE-LX1) AppleWebKit/537.36 (KHTML, like Gecko) Chrome/87.0.4280.101 Mobile Safari/537.36"
87.1.51.193 - - [26/Dec/2020:11:21:07 +0100] "GET /favicon.ico HTTP/1.1" 200 1591 "http://www.wonder-geek.com/giraffe-wall-decoration-in-resin-p-52575.html" "Mozilla/5.0 (Linux; Android 9; ANE-LX1) AppleWebKit/537.36 (KHTML, like Gecko) Chrome/87.0.4280.101 Mobile Safari/537.36"
114.119.132.105 - - [26/Dec/2020:11:24:38 +0100] "GET /images/big_prod/3612875116822.jpg HTTP/1.1" 200 133913 "-" "Mozilla/5.0 (Linux; Android 7.0;) AppleWebKit/537.36 (KHTML, like Gecko) Mobile Safari/537.36 (compatible; PetalBot;+https://aspiegel.com/petalbot)"
216.18.204.200 - - [26/Dec/2020:11:25:22 +0100] "GET /robots.txt HTTP/1.1" 200 2438 "-" "Mozilla/5.0 (compatible; Adsbot/3.1)"
66.249.70.36 - - [26/Dec/2020:11:26:05 +0100] "GET /images/big_prod/8422022523022.jpg HTTP/1.1" 200 243817 "-" "Googlebot-Image/1.0"
216.244.66.242 - - [26/Dec/2020:11:27:20 +0100] "GET /robots.txt HTTP/1.1" 200 2438 "-" "Mozilla/5.0 (compatible; DotBot/1.1; http://www.opensiteexplorer.org/dotbot, help@moz.com)"
114.119.154.200 - - [26/Dec/2020:11:28:59 +0100] "GET /images/big_prod_2/a3665269051735.jpg HTTP/1.1" 200 165585 "-" "Mozilla/5.0 (Linux; Android 7.0;) AppleWebKit/537.36 (KHTML, like Gecko) Mobile Safari/537.36 (compatible; PetalBot;+https://aspiegel.com/petalbot)"
216.244.66.242 - - [26/Dec/2020:11:33:52 +0100] "GET /images/8420406800547.jpg HTTP/1.1" 200 61671 "-" "Mozilla/5.0 (compatible; DotBot/1.1; http://www.opensiteexplorer.org/dotbot, help@moz.com)"
114.119.150.15 - - [26/Dec/2020:11:42:02 +0100] "GET /images/mini_prod/8422037420019a.jpg HTTP/1.1" 200 4145 "-" "Mozilla/5.0 (Linux; Android 7.0;) AppleWebKit/537.36 (KHTML, like Gecko) Mobile Safari/537.36 (compatible; PetalBot;+https://aspiegel.com/petalbot)"
185.191.171.13 - - [26/Dec/2020:11:44:28 +0100] "GET /robots.txt HTTP/1.1" 200 2438 "-" "Mozilla/5.0 (compatible; SemrushBot/7~bl; +http://www.semrush.com/bot.html)"
114.119.151.113 - - [26/Dec/2020:11:46:18 +0100] "GET /images/big_prod/5051276329567.jpg HTTP/1.1" 200 105869 "-" "Mozilla/5.0 (Linux; Android 7.0;) AppleWebKit/537.36 (KHTML, like Gecko) Mobile Safari/537.36 (compatible; PetalBot;+https://aspiegel.com/petalbot)"
114.119.145.117 - - [26/Dec/2020:11:55:00 +0100] "GET /images/big_prod_1/8720088292686a.jpg HTTP/1.1" 200 73528 "-" "Mozilla/5.0 (Linux; Android 7.0;) AppleWebKit/537.36 (KHTML, like Gecko) Mobile Safari/537.36 (compatible; PetalBot;+https://aspiegel.com/petalbot)"
176.49.39.4 - - [26/Dec/2020:11:55:24 +0100] "GET /images/med_prod/8435306265839.jpg HTTP/1.1" 200 81615 "-" "Mozilla/5.0 (Windows NT 6.3) AppleWebKit/537.36 (KHTML, like Gecko) Chrome/87.0.4280.60 YaBrowser/20.12.0.966 Yowser/2.5 Safari/537.36"
54.37.23.179 - - [26/Dec/2020:11:55:46 +0100] "GET /images/big_prod_5/4542202653265F.jpg HTTP/1.1" 200 113088 "-" "-"
54.37.23.179 - - [26/Dec/2020:11:55:46 +0100] "GET /images/big_prod_4/4542202653265D.jpg HTTP/1.1" 200 60945 "-" "-"
54.37.23.179 - - [26/Dec/2020:11:56:07 +0100] "GET /images/big_prod_2/b4542202653265.jpg HTTP/1.1" 200 137863 "-" "-"
54.37.23.179 - - [26/Dec/2020:11:56:27 +0100] "GET /images/big_prod_3/4542202653265C.jpg HTTP/1.1" 200 57118 "-" "-"
54.37.23.179 - - [26/Dec/2020:11:56:47 +0100] "GET /images/big_prod_1/4542202653265fred.jpg HTTP/1.1" 200 71634 "-" "-"
114.119.132.105 - - [26/Dec/2020:11:59:21 +0100] "GET /images/mini_prod/18132.jpg HTTP/1.1" 200 4877 "-" "Mozilla/5.0 (Linux; Android 7.0;) AppleWebKit/537.36 (KHTML, like Gecko) Mobile Safari/537.36 (compatible; PetalBot;+https://aspiegel.com/petalbot)"
114.119.147.45 - - [26/Dec/2020:12:03:42 +0100] "GET /images/mini_prod/8424001519088.jpg HTTP/1.1" 200 6890 "-" "Mozilla/5.0 (Linux; Android 7.0;) AppleWebKit/537.36 (KHTML, like Gecko) Mobile Safari/537.36 (compatible; PetalBot;+https://aspiegel.com/petalbot)"
114.119.154.200 - - [26/Dec/2020:12:08:04 +0100] "GET /images/big_prod_1/1328399219315b.jpg HTTP/1.1" 200 75972 "-" "Mozilla/5.0 (Linux; Android 7.0;) AppleWebKit/537.36 (KHTML, like Gecko) Mobile Safari/537.36 (compatible; PetalBot;+https://aspiegel.com/petalbot)"
157.55.39.94 - - [26/Dec/2020:12:09:08 +0100] "GET /design/productsenstock.png HTTP/1.1" 200 4743 "-" "Mozilla/5.0 (compatible; bingbot/2.0; +http://www.bing.com/bingbot.htm)"
114.119.150.15 - - [26/Dec/2020:12:12:24 +0100] "GET /images/mini_prod/9316188065412.jpg HTTP/1.1" 200 6953 "-" "Mozilla/5.0 (Linux; Android 7.0;) AppleWebKit/537.36 (KHTML, like Gecko) Mobile Safari/537.36 (compatible; PetalBot;+https://aspiegel.com/petalbot)"
54.38.90.228 - - [26/Dec/2020:12:14:17 +0100] "GET /images/big_prod_2/b028399188536.jpg HTTP/1.1" 200 134463 "-" "-"
54.38.90.228 - - [26/Dec/2020:12:14:37 +0100] "GET /images/big_prod_1/c028399188536.jpg HTTP/1.1" 200 138205 "-" "-"
54.38.90.228 - - [26/Dec/2020:12:14:57 +0100] "GET /images/big_prod_3/a028399188536.jpg HTTP/1.1" 200 141652 "-" "-"
108.59.8.80 - - [26/Dec/2020:12:16:32 +0100] "GET /robots.txt HTTP/1.1" 200 2438 "-" "Mozilla/5.0 (compatible; MJ12bot/v1.4.8; http://mj12bot.com/)"
114.119.154.200 - - [26/Dec/2020:12:16:40 +0100] "GET /images/mini_prod/3665269094572.jpg HTTP/1.1" 200 5244 "-" "Mozilla/5.0 (Linux; Android 7.0;) AppleWebKit/537.36 (KHTML, like Gecko) Mobile Safari/537.36 (compatible; PetalBot;+https://aspiegel.com/petalbot)"
114.119.151.113 - - [26/Dec/2020:12:21:01 +0100] "GET /images/mini_prod/3574641038366a.jpg HTTP/1.1" 200 7070 "-" "Mozilla/5.0 (Linux; Android 7.0;) AppleWebKit/537.36 (KHTML, like Gecko) Mobile Safari/537.36 (compatible; PetalBot;+https://aspiegel.com/petalbot)"
114.119.147.45 - - [26/Dec/2020:12:25:22 +0100] "GET /images/mini_prod/1345544806374.jpg HTTP/1.1" 200 5729 "-" "Mozilla/5.0 (Linux; Android 7.0;) AppleWebKit/537.36 (KHTML, like Gecko) Mobile Safari/537.36 (compatible; PetalBot;+https://aspiegel.com/petalbot)"
114.119.150.15 - - [26/Dec/2020:12:29:44 +0100] "GET /images/big_prod_1/4029811444694B.jpg HTTP/1.1" 200 35109 "-" "Mozilla/5.0 (Linux; Android 7.0;) AppleWebKit/537.36 (KHTML, like Gecko) Mobile Safari/537.36 (compatible; PetalBot;+https://aspiegel.com/petalbot)"
192.0.100.83 - - [26/Dec/2020:12:34:13 +0100] "GET /images/big_prod/8718657461199.jpg HTTP/1.1" 200 41138 "-" "Photon/1.0"
114.119.129.36 - - [26/Dec/2020:12:42:46 +0100] "GET /images/mini_prod/MISES-EN-SITUATION-13.jpg HTTP/1.1" 200 5968 "-" "Mozilla/5.0 (Linux; Android 7.0;) AppleWebKit/537.36 (KHTML, like Gecko) Mobile Safari/537.36 (compatible; PetalBot;+https://aspiegel.com/petalbot)"
17.58.101.145 - - [26/Dec/2020:12:48:52 +0100] "GET /images/mini_prod/1399984236628.jpg HTTP/1.1" 200 3800 "-" "Mozilla/5.0 (Macintosh; Intel Mac OS X 10_15_5) AppleWebKit/605.1.15 (KHTML, like Gecko) Version/13.1.1 Safari/605.1.15 (Applebot/0.1; +http://www.apple.com/go/applebot)"
77.75.77.62 - - [26/Dec/2020:12:49:38 +0100] "GET /robots.txt HTTP/1.1" 200 2438 "-" "Mozilla/5.0 (compatible; SeznamBot/3.2; +http://napoveda.seznam.cz/en/seznambot-intro/)"
77.75.77.62 - - [26/Dec/2020:12:49:38 +0100] "GET /images/mini_prod/3665269056204.jpg HTTP/1.1" 200 8391 "-" "Mozilla/5.0 (compatible; SeznamBot/3.2; +http://napoveda.seznam.cz/en/seznambot-intro/)"
17.58.101.145 - - [26/Dec/2020:12:49:44 +0100] "GET /images/mini_prod/3574641009335.jpg HTTP/1.1" 200 5031 "-" "Mozilla/5.0 (Macintosh; Intel Mac OS X 10_15_5) AppleWebKit/605.1.15 (KHTML, like Gecko) Version/13.1.1 Safari/605.1.15 (Applebot/0.1; +http://www.apple.com/go/applebot)"
114.119.154.200 - - [26/Dec/2020:12:51:23 +0100] "GET /images/big_prod/8422078576522.jpg HTTP/1.1" 200 69250 "-" "Mozilla/5.0 (Linux; Android 7.0;) AppleWebKit/537.36 (KHTML, like Gecko) Mobile Safari/537.36 (compatible; PetalBot;+https://aspiegel.com/petalbot)"
5.9.88.113 - - [26/Dec/2020:12:51:24 +0100] "GET /robots.txt HTTP/1.1" 200 2438 "-" "Mozilla/5.0 (compatible; MJ12bot/v1.4.8; http://mj12bot.com/)"
17.58.101.145 - - [26/Dec/2020:12:51:48 +0100] "GET /images/mini_prod/8499132034106.jpg HTTP/1.1" 200 10931 "-" "Mozilla/5.0 (Macintosh; Intel Mac OS X 10_15_5) AppleWebKit/605.1.15 (KHTML, like Gecko) Version/13.1.1 Safari/605.1.15 (Applebot/0.1; +http://www.apple.com/go/applebot)"
35.206.149.86 - - [26/Dec/2020:12:52:28 +0100] "GET /js/jquery.jqzoom.js HTTP/1.1" 200 4761 "http://www.wonder-geek.com/" "Wappalyzer"
35.206.149.86 - - [26/Dec/2020:12:52:28 +0100] "GET /highslide/highslide.js HTTP/1.1" 200 42909 "http://www.wonder-geek.com/" "Wappalyzer"
35.206.149.86 - - [26/Dec/2020:12:52:28 +0100] "GET /js/jquery.js HTTP/1.1" 200 54075 "http://www.wonder-geek.com/" "Wappalyzer"
35.206.149.86 - - [26/Dec/2020:12:52:28 +0100] "GET /mondial_relay/js/jquery-1.3.2.min.js HTTP/1.1" 200 57254 "http://www.wonder-geek.com/" "Wappalyzer"
35.206.149.86 - - [26/Dec/2020:12:52:28 +0100] "GET /js/jquery.masonry.min.js HTTP/1.1" 200 5392 "http://www.wonder-geek.com/" "Wappalyzer"
35.206.149.86 - - [26/Dec/2020:12:52:28 +0100] "GET /js/modernizr-transitions.js HTTP/1.1" 200 2026 "http://www.wonder-geek.com/" "Wappalyzer"
35.206.149.86 - - [26/Dec/2020:12:52:31 +0100] "GET /js/jquery.jqzoom.js HTTP/1.1" 200 4761 "http://www.wonder-geek.com/" "Wappalyzer"
35.206.149.86 - - [26/Dec/2020:12:52:31 +0100] "GET /highslide/highslide.js HTTP/1.1" 200 42909 "http://www.wonder-geek.com/" "Wappalyzer"
35.206.149.86 - - [26/Dec/2020:12:52:31 +0100] "GET /js/jquery.js HTTP/1.1" 200 54075 "http://www.wonder-geek.com/" "Wappalyzer"
35.206.149.86 - - [26/Dec/2020:12:52:31 +0100] "GET /mondial_relay/js/jquery-1.3.2.min.js HTTP/1.1" 200 57254 "http://www.wonder-geek.com/" "Wappalyzer"
35.206.149.86 - - [26/Dec/2020:12:52:31 +0100] "GET /js/modernizr-transitions.js HTTP/1.1" 200 2026 "http://www.wonder-geek.com/" "Wappalyzer"
35.206.149.86 - - [26/Dec/2020:12:52:31 +0100] "GET /js/jquery.masonry.min.js HTTP/1.1" 200 5392 "http://www.wonder-geek.com/" "Wappalyzer"
35.210.29.133 - - [26/Dec/2020:12:52:35 +0100] "GET /js/jquery.jqzoom.js HTTP/1.1" 200 4761 "http://www.wonder-geek.com/" "Wappalyzer"
35.210.29.133 - - [26/Dec/2020:12:52:35 +0100] "GET /highslide/highslide.js HTTP/1.1" 200 42909 "http://www.wonder-geek.com/" "Wappalyzer"
35.210.29.133 - - [26/Dec/2020:12:52:35 +0100] "GET /js/jquery.js HTTP/1.1" 200 54075 "http://www.wonder-geek.com/" "Wappalyzer"
35.210.29.133 - - [26/Dec/2020:12:52:35 +0100] "GET /mondial_relay/js/jquery-1.3.2.min.js HTTP/1.1" 200 57254 "http://www.wonder-geek.com/" "Wappalyzer"
35.210.29.133 - - [26/Dec/2020:12:52:35 +0100] "GET /js/jquery.masonry.min.js HTTP/1.1" 200 5392 "http://www.wonder-geek.com/" "Wappalyzer"
35.210.29.133 - - [26/Dec/2020:12:52:35 +0100] "GET /js/modernizr-transitions.js HTTP/1.1" 200 2026 "http://www.wonder-geek.com/" "Wappalyzer"
35.210.108.250 - - [26/Dec/2020:12:52:42 +0100] "GET /js/jquery.jqzoom.js HTTP/1.1" 200 4761 "http://www.wonder-geek.com/" "Wappalyzer"
35.210.108.250 - - [26/Dec/2020:12:52:42 +0100] "GET /highslide/highslide.js HTTP/1.1" 200 42909 "http://www.wonder-geek.com/" "Wappalyzer"
35.210.108.250 - - [26/Dec/2020:12:52:42 +0100] "GET /js/jquery.js HTTP/1.1" 200 54075 "http://www.wonder-geek.com/" "Wappalyzer"
35.210.108.250 - - [26/Dec/2020:12:52:42 +0100] "GET /mondial_relay/js/jquery-1.3.2.min.js HTTP/1.1" 200 57254 "http://www.wonder-geek.com/" "Wappalyzer"
35.210.108.250 - - [26/Dec/2020:12:52:43 +0100] "GET /js/jquery.masonry.min.js HTTP/1.1" 200 5392 "http://www.wonder-geek.com/" "Wappalyzer"
35.210.108.250 - - [26/Dec/2020:12:52:43 +0100] "GET /js/modernizr-transitions.js HTTP/1.1" 200 2026 "http://www.wonder-geek.com/" "Wappalyzer"
35.206.149.86 - - [26/Dec/2020:12:52:48 +0100] "GET /js/jquery.jqzoom.js HTTP/1.1" 200 4761 "http://www.wonder-geek.com/" "Wappalyzer"
35.206.149.86 - - [26/Dec/2020:12:52:48 +0100] "GET /highslide/highslide.js HTTP/1.1" 200 42909 "http://www.wonder-geek.com/" "Wappalyzer"
35.206.149.86 - - [26/Dec/2020:12:52:48 +0100] "GET /js/jquery.js HTTP/1.1" 200 54075 "http://www.wonder-geek.com/" "Wappalyzer"
35.206.149.86 - - [26/Dec/2020:12:52:48 +0100] "GET /mondial_relay/js/jquery-1.3.2.min.js HTTP/1.1" 200 57254 "http://www.wonder-geek.com/" "Wappalyzer"
35.206.149.86 - - [26/Dec/2020:12:52:48 +0100] "GET /js/modernizr-transitions.js HTTP/1.1" 200 2026 "http://www.wonder-geek.com/" "Wappalyzer"
35.206.149.86 - - [26/Dec/2020:12:52:48 +0100] "GET /js/jquery.masonry.min.js HTTP/1.1" 200 5392 "http://www.wonder-geek.com/" "Wappalyzer"
114.119.145.117 - - [26/Dec/2020:12:55:45 +0100] "GET /images/big_prod/3442440269680.jpg HTTP/1.1" 200 111788 "-" "Mozilla/5.0 (Linux; Android 7.0;) AppleWebKit/537.36 (KHTML, like Gecko) Mobile Safari/537.36 (compatible; PetalBot;+https://aspiegel.com/petalbot)"
114.119.145.117 - - [26/Dec/2020:13:00:05 +0100] "GET /images/big_prod/8433933104583.jpg HTTP/1.1" 200 54993 "-" "Mozilla/5.0 (Linux; Android 7.0;) AppleWebKit/537.36 (KHTML, like Gecko) Mobile Safari/537.36 (compatible; PetalBot;+https://aspiegel.com/petalbot)"
66.102.6.6 - - [26/Dec/2020:13:08:29 +0100] "GET /images/med_prod/1341689801502.jpg HTTP/1.1" 200 129026 "-" "Mozilla/5.0 (Windows NT 5.1; rv:11.0) Gecko Firefox/11.0 (via ggpht.com GoogleImageProxy)"
114.119.129.36 - - [26/Dec/2020:13:08:47 +0100] "GET /images/mini_prod/7601020000013.jpg HTTP/1.1" 200 6516 "-" "Mozilla/5.0 (Linux; Android 7.0;) AppleWebKit/537.36 (KHTML, like Gecko) Mobile Safari/537.36 (compatible; PetalBot;+https://aspiegel.com/petalbot)"
17.58.101.145 - - [26/Dec/2020:13:09:04 +0100] "GET /images/mini_prod/1399984235263.jpg HTTP/1.1" 200 5365 "-" "Mozilla/5.0 (Macintosh; Intel Mac OS X 10_15_5) AppleWebKit/605.1.15 (KHTML, like Gecko) Version/13.1.1 Safari/605.1.15 (Applebot/0.1; +http://www.apple.com/go/applebot)"
114.119.132.105 - - [26/Dec/2020:13:13:09 +0100] "GET /images/big_prod/b3453131138390.jpg HTTP/1.1" 200 136993 "-" "Mozilla/5.0 (Linux; Android 7.0;) AppleWebKit/537.36 (KHTML, like Gecko) Mobile Safari/537.36 (compatible; PetalBot;+https://aspiegel.com/petalbot)"
103.131.71.176 - - [26/Dec/2020:13:14:49 +0100] "GET /robots.txt HTTP/1.1" 200 2438 "-" "Mozilla/5.0 (compatible; coccocbot-web/1.0; +http://help.coccoc.com/searchengine)"
114.119.129.36 - - [26/Dec/2020:13:17:25 +0100] "GET /images/mini_prod/5027148061798.jpg HTTP/1.1" 200 6018 "-" "Mozilla/5.0 (Linux; Android 7.0;) AppleWebKit/537.36 (KHTML, like Gecko) Mobile Safari/537.36 (compatible; PetalBot;+https://aspiegel.com/petalbot)"
17.58.101.145 - - [26/Dec/2020:13:17:49 +0100] "GET /images/mini_prod/3014627846351N.jpg HTTP/1.1" 200 4139 "-" "Mozilla/5.0 (Macintosh; Intel Mac OS X 10_15_5) AppleWebKit/605.1.15 (KHTML, like Gecko) Version/13.1.1 Safari/605.1.15 (Applebot/0.1; +http://www.apple.com/go/applebot)"
207.46.13.51 - - [26/Dec/2020:13:24:18 +0100] "GET /highslide/highslide.js HTTP/1.1" 200 42909 "-" "Mozilla/5.0 (compatible; bingbot/2.0; +http://www.bing.com/bingbot.htm)"
114.119.144.233 - - [26/Dec/2020:13:30:28 +0100] "GET /images/med_prod/3609810014268.jpg HTTP/1.1" 200 133048 "-" "Mozilla/5.0 (Linux; Android 7.0;) AppleWebKit/537.36 (KHTML, like Gecko) Mobile Safari/537.36 (compatible; PetalBot;+https://aspiegel.com/petalbot)"
114.119.129.36 - - [26/Dec/2020:13:39:09 +0100] "GET /images/mini_prod/3560600228022.jpg HTTP/1.1" 200 6638 "-" "Mozilla/5.0 (Linux; Android 7.0;) AppleWebKit/537.36 (KHTML, like Gecko) Mobile Safari/537.36 (compatible; PetalBot;+https://aspiegel.com/petalbot)"
151.230.255.76 - - [26/Dec/2020:13:41:02 +0100] "GET /images/1300010240311.jpg HTTP/1.1" 200 165252 "-" "Mozilla/5.0 (Windows NT 10.0; WOW64; Trident/7.0; rv:11.0) like Gecko"
125.209.235.177 - - [26/Dec/2020:13:42:23 +0100] "GET /templates/Pixame_v1/images/icon_accueil2.png HTTP/1.1" 200 1137 "http://www.wonder-geek.com/" "Mozilla/5.0 (iPhone; CPU iPhone OS 9_1 like Mac OS X) AppleWebKit/601.1.46 (KHTML"
125.209.235.178 - - [26/Dec/2020:13:42:23 +0100] "GET /templates/Pixame_v1/images/header.png HTTP/1.1" 200 70245 "http://www.wonder-geek.com/templates/Pixame_v1/stylesheet.css" "Mozilla/5.0 (iPhone; CPU iPhone OS 9_1 like Mac OS X) AppleWebKit/601.1.46 (KHTML"
125.209.235.180 - - [26/Dec/2020:13:42:23 +0100] "GET /templates/Pixame_v1/images/nav.png HTTP/1.1" 200 1283 "http://www.wonder-geek.com/templates/Pixame_v1/stylesheet.css" "Mozilla/5.0 (iPhone; CPU iPhone OS 9_1 like Mac OS X) AppleWebKit/601.1.46 (KHTML"
125.209.235.170 - - [26/Dec/2020:13:42:24 +0100] "GET /templates/Pixame_v1/images/header-object.png HTTP/1.1" 200 106050 "http://www.wonder-geek.com/templates/Pixame_v1/stylesheet.css" "Mozilla/5.0 (iPhone; CPU iPhone OS 9_1 like Mac OS X) AppleWebKit/601.1.46 (KHTML"
125.209.235.185 - - [26/Dec/2020:13:42:24 +0100] "GET /templates/Pixame_v1/images/Bottom_texture.jpg HTTP/1.1" 200 56290 "http://www.wonder-geek.com/templates/Pixame_v1/stylesheet.css" "Mozilla/5.0 (iPhone; CPU iPhone OS 9_1 like Mac OS X) AppleWebKit/601.1.46 (KHTML"
125.209.235.169 - - [26/Dec/2020:13:42:24 +0100] "GET /design/productsenstock.png HTTP/1.1" 200 4743 "http://www.wonder-geek.com/templates/Pixame_v1/stylesheet.css" "Mozilla/5.0 (iPhone; CPU iPhone OS 9_1 like Mac OS X) AppleWebKit/601.1.46 (KHTML"
125.209.235.179 - - [26/Dec/2020:13:42:24 +0100] "GET /images/mini_prod/1328399270088.jpg HTTP/1.1" 200 6920 "http://www.wonder-geek.com/" "Mozilla/5.0 (iPhone; CPU iPhone OS 9_1 like Mac OS X) AppleWebKit/601.1.46 (KHTML"
125.209.235.169 - - [26/Dec/2020:13:42:24 +0100] "GET /images/mini_prod/1345544936675.jpg HTTP/1.1" 200 6845 "http://www.wonder-geek.com/" "Mozilla/5.0 (iPhone; CPU iPhone OS 9_1 like Mac OS X) AppleWebKit/601.1.46 (KHTML"
125.209.235.185 - - [26/Dec/2020:13:42:25 +0100] "GET /templates/Pixame_v1/images/Middle_texture.jpg HTTP/1.1" 200 249620 "http://www.wonder-geek.com/templates/Pixame_v1/stylesheet.css" "Mozilla/5.0 (iPhone; CPU iPhone OS 9_1 like Mac OS X) AppleWebKit/601.1.46 (KHTML"
125.209.235.174 - - [26/Dec/2020:13:42:25 +0100] "GET /images/mini_prod/3700344876640.jpg HTTP/1.1" 200 3968 "http://www.wonder-geek.com/" "Mozilla/5.0 (iPhone; CPU iPhone OS 9_1 like Mac OS X) AppleWebKit/601.1.46 (KHTML"
125.209.235.170 - - [26/Dec/2020:13:42:25 +0100] "GET /images/mini_prod/3453131150644a.jpg HTTP/1.1" 200 4570 "http://www.wonder-geek.com/" "Mozilla/5.0 (iPhone; CPU iPhone OS 9_1 like Mac OS X) AppleWebKit/601.1.46 (KHTML"
125.209.235.172 - - [26/Dec/2020:13:42:25 +0100] "GET /images/mini_prod/8720088294208.jpg HTTP/1.1" 200 9812 "http://www.wonder-geek.com/" "Mozilla/5.0 (iPhone; CPU iPhone OS 9_1 like Mac OS X) AppleWebKit/601.1.46 (KHTML"
125.209.235.180 - - [26/Dec/2020:13:42:25 +0100] "GET /images/mini_prod/4542202650684b.jpg HTTP/1.1" 200 9611 "http://www.wonder-geek.com/" "Mozilla/5.0 (iPhone; CPU iPhone OS 9_1 like Mac OS X) AppleWebKit/601.1.46 (KHTML"
125.209.235.167 - - [26/Dec/2020:13:42:25 +0100] "GET /images/mini_prod/8718375753538.jpg HTTP/1.1" 200 6279 "http://www.wonder-geek.com/" "Mozilla/5.0 (iPhone; CPU iPhone OS 9_1 like Mac OS X) AppleWebKit/601.1.46 (KHTML"
125.209.235.172 - - [26/Dec/2020:13:42:25 +0100] "GET /images/mini_prod/5415203950031.jpg HTTP/1.1" 200 5426 "http://www.wonder-geek.com/" "Mozilla/5.0 (iPhone; CPU iPhone OS 9_1 like Mac OS X) AppleWebKit/601.1.46 (KHTML"
125.209.235.178 - - [26/Dec/2020:13:42:25 +0100] "GET /images/mini_prod/3612872111363.jpg HTTP/1.1" 200 7213 "http://www.wonder-geek.com/" "Mozilla/5.0 (iPhone; CPU iPhone OS 9_1 like Mac OS X) AppleWebKit/601.1.46 (KHTML"
125.209.235.175 - - [26/Dec/2020:13:42:25 +0100] "GET /images/mini_prod/3700344871768.jpg HTTP/1.1" 200 4073 "http://www.wonder-geek.com/" "Mozilla/5.0 (iPhone; CPU iPhone OS 9_1 like Mac OS X) AppleWebKit/601.1.46 (KHTML"
125.209.235.181 - - [26/Dec/2020:13:42:25 +0100] "GET /images/mini_prod/8422057789264.jpg HTTP/1.1" 200 10461 "http://www.wonder-geek.com/" "Mozilla/5.0 (iPhone; CPU iPhone OS 9_1 like Mac OS X) AppleWebKit/601.1.46 (KHTML"
125.209.235.170 - - [26/Dec/2020:13:42:25 +0100] "GET /images/mini_prod/8718375755617.jpg HTTP/1.1" 200 7471 "http://www.wonder-geek.com/" "Mozilla/5.0 (iPhone; CPU iPhone OS 9_1 like Mac OS X) AppleWebKit/601.1.46 (KHTML"
125.209.235.178 - - [26/Dec/2020:13:42:26 +0100] "GET /images/mini_prod/3574642576645.jpg HTTP/1.1" 200 3819 "http://www.wonder-geek.com/" "Mozilla/5.0 (iPhone; CPU iPhone OS 9_1 like Mac OS X) AppleWebKit/601.1.46 (KHTML"
125.209.235.168 - - [26/Dec/2020:13:42:26 +0100] "GET /images/mini_prod/8718375751381.jpg HTTP/1.1" 200 6767 "http://www.wonder-geek.com/" "Mozilla/5.0 (iPhone; CPU iPhone OS 9_1 like Mac OS X) AppleWebKit/601.1.46 (KHTML"
125.209.235.173 - - [26/Dec/2020:13:42:26 +0100] "GET /images/mini_prod/8422016072031.jpg HTTP/1.1" 200 5574 "http://www.wonder-geek.com/" "Mozilla/5.0 (iPhone; CPU iPhone OS 9_1 like Mac OS X) AppleWebKit/601.1.46 (KHTML"
125.209.235.186 - - [26/Dec/2020:13:42:26 +0100] "GET /images/mini_prod/045544444750.jpg HTTP/1.1" 200 7021 "http://www.wonder-geek.com/" "Mozilla/5.0 (iPhone; CPU iPhone OS 9_1 like Mac OS X) AppleWebKit/601.1.46 (KHTML"
125.209.235.183 - - [26/Dec/2020:13:42:26 +0100] "GET /images/mini_prod/1328399270330.jpg HTTP/1.1" 200 6605 "http://www.wonder-geek.com/" "Mozilla/5.0 (iPhone; CPU iPhone OS 9_1 like Mac OS X) AppleWebKit/601.1.46 (KHTML"
125.209.235.175 - - [26/Dec/2020:13:42:26 +0100] "GET /images/mini_prod/3700344876732.jpg HTTP/1.1" 200 4021 "http://www.wonder-geek.com/" "Mozilla/5.0 (iPhone; CPU iPhone OS 9_1 like Mac OS X) AppleWebKit/601.1.46 (KHTML"
125.209.235.173 - - [26/Dec/2020:13:42:26 +0100] "GET /images/mini_prod/8719172837452.jpg HTTP/1.1" 200 5134 "http://www.wonder-geek.com/" "Mozilla/5.0 (iPhone; CPU iPhone OS 9_1 like Mac OS X) AppleWebKit/601.1.46 (KHTML"
125.209.235.182 - - [26/Dec/2020:13:42:26 +0100] "GET /images/mini_prod/3700281642940.jpg HTTP/1.1" 200 7040 "http://www.wonder-geek.com/" "Mozilla/5.0 (iPhone; CPU iPhone OS 9_1 like Mac OS X) AppleWebKit/601.1.46 (KHTML"
125.209.235.183 - - [26/Dec/2020:13:42:26 +0100] "GET /images/mini_prod/8422022523015.jpg HTTP/1.1" 200 9789 "http://www.wonder-geek.com/" "Mozilla/5.0 (iPhone; CPU iPhone OS 9_1 like Mac OS X) AppleWebKit/601.1.46 (KHTML"
125.209.235.174 - - [26/Dec/2020:13:42:26 +0100] "GET /images/mini_prod/8422810099869.jpg HTTP/1.1" 200 10130 "http://www.wonder-geek.com/" "Mozilla/5.0 (iPhone; CPU iPhone OS 9_1 like Mac OS X) AppleWebKit/601.1.46 (KHTML"
125.209.235.177 - - [26/Dec/2020:13:42:26 +0100] "GET /images/mini_prod/3665269092233.jpg HTTP/1.1" 200 9321 "http://www.wonder-geek.com/" "Mozilla/5.0 (iPhone; CPU iPhone OS 9_1 like Mac OS X) AppleWebKit/601.1.46 (KHTML"
125.209.235.186 - - [26/Dec/2020:13:42:27 +0100] "GET /images/mini_prod/3700344890714.jpg HTTP/1.1" 200 4056 "http://www.wonder-geek.com/" "Mozilla/5.0 (iPhone; CPU iPhone OS 9_1 like Mac OS X) AppleWebKit/601.1.46 (KHTML"
125.209.235.183 - - [26/Dec/2020:13:42:27 +0100] "GET /images/mini_prod/3612872110458.jpg HTTP/1.1" 200 8085 "http://www.wonder-geek.com/" "Mozilla/5.0 (iPhone; CPU iPhone OS 9_1 like Mac OS X) AppleWebKit/601.1.46 (KHTML"
125.209.235.177 - - [26/Dec/2020:13:42:27 +0100] "GET /images/mini_prod/8422021418312.jpg HTTP/1.1" 200 6474 "http://www.wonder-geek.com/" "Mozilla/5.0 (iPhone; CPU iPhone OS 9_1 like Mac OS X) AppleWebKit/601.1.46 (KHTML"
125.209.235.179 - - [26/Dec/2020:13:42:27 +0100] "GET /images/mini_prod/4029811451272.jpg HTTP/1.1" 200 8390 "http://www.wonder-geek.com/" "Mozilla/5.0 (iPhone; CPU iPhone OS 9_1 like Mac OS X) AppleWebKit/601.1.46 (KHTML"
125.209.235.172 - - [26/Dec/2020:13:42:27 +0100] "GET /images/mini_prod/3700344876718.jpg HTTP/1.1" 200 3865 "http://www.wonder-geek.com/" "Mozilla/5.0 (iPhone; CPU iPhone OS 9_1 like Mac OS X) AppleWebKit/601.1.46 (KHTML"
125.209.235.176 - - [26/Dec/2020:13:42:27 +0100] "GET /images/mini_prod/8718375751268.jpg HTTP/1.1" 200 7659 "http://www.wonder-geek.com/" "Mozilla/5.0 (iPhone; CPU iPhone OS 9_1 like Mac OS X) AppleWebKit/601.1.46 (KHTML"
125.209.235.167 - - [26/Dec/2020:13:42:27 +0100] "GET /images/mini_prod/3700344871669.jpg HTTP/1.1" 200 4139 "http://www.wonder-geek.com/" "Mozilla/5.0 (iPhone; CPU iPhone OS 9_1 like Mac OS X) AppleWebKit/601.1.46 (KHTML"
125.209.235.179 - - [26/Dec/2020:13:42:27 +0100] "GET /images/mini_prod/3574642576720.jpg HTTP/1.1" 200 3586 "http://www.wonder-geek.com/" "Mozilla/5.0 (iPhone; CPU iPhone OS 9_1 like Mac OS X) AppleWebKit/601.1.46 (KHTML"
125.209.235.176 - - [26/Dec/2020:13:42:27 +0100] "GET /images/mini_prod/3700344872109.jpg HTTP/1.1" 200 4004 "http://www.wonder-geek.com/" "Mozilla/5.0 (iPhone; CPU iPhone OS 9_1 like Mac OS X) AppleWebKit/601.1.46 (KHTML"
125.209.235.180 - - [26/Dec/2020:13:42:27 +0100] "GET /images/mini_prod/1328399270477D.jpg HTTP/1.1" 200 5662 "http://www.wonder-geek.com/" "Mozilla/5.0 (iPhone; CPU iPhone OS 9_1 like Mac OS X) AppleWebKit/601.1.46 (KHTML"
125.209.235.170 - - [26/Dec/2020:13:42:28 +0100] "GET /images/mini_prod/3612872110472.jpg HTTP/1.1" 200 7120 "http://www.wonder-geek.com/" "Mozilla/5.0 (iPhone; CPU iPhone OS 9_1 like Mac OS X) AppleWebKit/601.1.46 (KHTML"
125.209.235.178 - - [26/Dec/2020:13:42:28 +0100] "GET /images/mini_prod/3665269056204.jpg HTTP/1.1" 200 8391 "http://www.wonder-geek.com/" "Mozilla/5.0 (iPhone; CPU iPhone OS 9_1 like Mac OS X) AppleWebKit/601.1.46 (KHTML"
125.209.235.168 - - [26/Dec/2020:13:42:28 +0100] "GET /images/mini_prod/8718969170086.jpg HTTP/1.1" 200 5707 "http://www.wonder-geek.com/" "Mozilla/5.0 (iPhone; CPU iPhone OS 9_1 like Mac OS X) AppleWebKit/601.1.46 (KHTML"
125.209.235.175 - - [26/Dec/2020:13:42:28 +0100] "GET /images/mini_prod/028399270224.jpg HTTP/1.1" 200 6002 "http://www.wonder-geek.com/" "Mozilla/5.0 (iPhone; CPU iPhone OS 9_1 like Mac OS X) AppleWebKit/601.1.46 (KHTML"
125.209.235.175 - - [26/Dec/2020:13:42:28 +0100] "GET /images/mini_prod/8422669061185.jpg HTTP/1.1" 200 4649 "http://www.wonder-geek.com/" "Mozilla/5.0 (iPhone; CPU iPhone OS 9_1 like Mac OS X) AppleWebKit/601.1.46 (KHTML"
125.209.235.173 - - [26/Dec/2020:13:42:28 +0100] "GET /images/mini_prod/3612875115634.jpg HTTP/1.1" 200 7170 "http://www.wonder-geek.com/" "Mozilla/5.0 (iPhone; CPU iPhone OS 9_1 like Mac OS X) AppleWebKit/601.1.46 (KHTML"
125.209.235.185 - - [26/Dec/2020:13:42:28 +0100] "GET /images/mini_prod/8422669061178.jpg HTTP/1.1" 200 4125 "http://www.wonder-geek.com/" "Mozilla/5.0 (iPhone; CPU iPhone OS 9_1 like Mac OS X) AppleWebKit/601.1.46 (KHTML"
125.209.235.179 - - [26/Dec/2020:13:42:29 +0100] "GET /images/mini_prod/4029811451319.jpg HTTP/1.1" 200 6540 "http://www.wonder-geek.com/" "Mozilla/5.0 (iPhone; CPU iPhone OS 9_1 like Mac OS X) AppleWebKit/601.1.46 (KHTML"
125.209.235.186 - - [26/Dec/2020:13:42:29 +0100] "GET /images/mini_prod/8718375754344.jpg HTTP/1.1" 200 8570 "http://www.wonder-geek.com/" "Mozilla/5.0 (iPhone; CPU iPhone OS 9_1 like Mac OS X) AppleWebKit/601.1.46 (KHTML"
125.209.235.186 - - [26/Dec/2020:13:42:29 +0100] "GET /images/mini_prod/8422022523022.jpg HTTP/1.1" 200 9634 "http://www.wonder-geek.com/" "Mozilla/5.0 (iPhone; CPU iPhone OS 9_1 like Mac OS X) AppleWebKit/601.1.46 (KHTML"
125.209.235.182 - - [26/Dec/2020:13:42:29 +0100] "GET /images/mini_prod/4029811451333.jpg HTTP/1.1" 200 7605 "http://www.wonder-geek.com/" "Mozilla/5.0 (iPhone; CPU iPhone OS 9_1 like Mac OS X) AppleWebKit/601.1.46 (KHTML"
125.209.235.171 - - [26/Dec/2020:13:42:29 +0100] "GET /images/mini_prod/8422810099814.jpg HTTP/1.1" 200 8669 "http://www.wonder-geek.com/" "Mozilla/5.0 (iPhone; CPU iPhone OS 9_1 like Mac OS X) AppleWebKit/601.1.46 (KHTML"
125.209.235.169 - - [26/Dec/2020:13:42:29 +0100] "GET /images/mini_prod/028399270491.jpg HTTP/1.1" 200 6260 "http://www.wonder-geek.com/" "Mozilla/5.0 (iPhone; CPU iPhone OS 9_1 like Mac OS X) AppleWebKit/601.1.46 (KHTML"
125.209.235.180 - - [26/Dec/2020:13:42:29 +0100] "GET /images/mini_prod/3700344871805.jpg HTTP/1.1" 200 4049 "http://www.wonder-geek.com/" "Mozilla/5.0 (iPhone; CPU iPhone OS 9_1 like Mac OS X) AppleWebKit/601.1.46 (KHTML"
125.209.235.167 - - [26/Dec/2020:13:42:29 +0100] "GET /images/mini_prod/1328399270477.jpg HTTP/1.1" 200 4922 "http://www.wonder-geek.com/" "Mozilla/5.0 (iPhone; CPU iPhone OS 9_1 like Mac OS X) AppleWebKit/601.1.46 (KHTML"
114.119.151.113 - - [26/Dec/2020:13:43:26 +0100] "GET /images/mini_prod/1399985100508.jpg HTTP/1.1" 200 7327 "-" "Mozilla/5.0 (Linux; Android 7.0;) AppleWebKit/537.36 (KHTML, like Gecko) Mobile Safari/537.36 (compatible; PetalBot;+https://aspiegel.com/petalbot)"
207.46.13.51 - - [26/Dec/2020:13:43:40 +0100] "GET /highslide/highslide.js HTTP/1.1" 200 42909 "-" "Mozilla/5.0 (compatible; bingbot/2.0; +http://www.bing.com/bingbot.htm)"
17.58.101.145 - - [26/Dec/2020:13:44:25 +0100] "GET /images/mini_prod/1384212423314.jpg HTTP/1.1" 200 4922 "-" "Mozilla/5.0 (Macintosh; Intel Mac OS X 10_15_5) AppleWebKit/605.1.15 (KHTML, like Gecko) Version/13.1.1 Safari/605.1.15 (Applebot/0.1; +http://www.apple.com/go/applebot)"
66.249.70.36 - - [26/Dec/2020:13:46:56 +0100] "GET /images/med_prod/8435306290282.jpg HTTP/1.1" 200 130248 "-" "Googlebot-Image/1.0"
66.249.85.72 - - [26/Dec/2020:13:54:40 +0100] "GET /images/big_prod_1/b3453131143233.jpg HTTP/1.1" 200 49036 "-" "Mozilla/5.0 (Windows NT 5.1; rv:11.0) Gecko Firefox/11.0 (via ggpht.com GoogleImageProxy)"
201.93.62.218 - - [26/Dec/2020:13:55:02 +0100] "GET /js/jquery.jqzoom.js HTTP/1.1" 200 4761 "http://www.wonder-geek.com/little-prince-plane-figurine-p-47070.html" "Mozilla/5.0 (Windows NT 10.0; Win64; x64) AppleWebKit/537.36 (KHTML, like Gecko) Chrome/87.0.4280.88 Safari/537.36"
201.93.62.218 - - [26/Dec/2020:13:55:02 +0100] "GET /highslide/highslide.js HTTP/1.1" 200 42909 "http://www.wonder-geek.com/little-prince-plane-figurine-p-47070.html" "Mozilla/5.0 (Windows NT 10.0; Win64; x64) AppleWebKit/537.36 (KHTML, like Gecko) Chrome/87.0.4280.88 Safari/537.36"
201.93.62.218 - - [26/Dec/2020:13:55:02 +0100] "GET /templates/Pixame_v1/stylesheet.css HTTP/1.1" 200 56057 "http://www.wonder-geek.com/little-prince-plane-figurine-p-47070.html" "Mozilla/5.0 (Windows NT 10.0; Win64; x64) AppleWebKit/537.36 (KHTML, like Gecko) Chrome/87.0.4280.88 Safari/537.36"
201.93.62.218 - - [26/Dec/2020:13:55:02 +0100] "GET /mondial_relay/js/jquery-1.3.2.min.js HTTP/1.1" 200 57254 "http://www.wonder-geek.com/little-prince-plane-figurine-p-47070.html" "Mozilla/5.0 (Windows NT 10.0; Win64; x64) AppleWebKit/537.36 (KHTML, like Gecko) Chrome/87.0.4280.88 Safari/537.36"
201.93.62.218 - - [26/Dec/2020:13:55:02 +0100] "GET /js/jquery.js HTTP/1.1" 200 54075 "http://www.wonder-geek.com/little-prince-plane-figurine-p-47070.html" "Mozilla/5.0 (Windows NT 10.0; Win64; x64) AppleWebKit/537.36 (KHTML, like Gecko) Chrome/87.0.4280.88 Safari/537.36"
201.93.62.218 - - [26/Dec/2020:13:55:03 +0100] "GET /templates/Pixame_v1/images/icon_accueil2.png HTTP/1.1" 200 1137 "http://www.wonder-geek.com/little-prince-plane-figurine-p-47070.html" "Mozilla/5.0 (Windows NT 10.0; Win64; x64) AppleWebKit/537.36 (KHTML, like Gecko) Chrome/87.0.4280.88 Safari/537.36"
201.93.62.218 - - [26/Dec/2020:13:55:03 +0100] "GET /templates/Pixame_v1/images/Bottom_texture.jpg HTTP/1.1" 200 56290 "http://www.wonder-geek.com/templates/Pixame_v1/stylesheet.css" "Mozilla/5.0 (Windows NT 10.0; Win64; x64) AppleWebKit/537.36 (KHTML, like Gecko) Chrome/87.0.4280.88 Safari/537.36"
201.93.62.218 - - [26/Dec/2020:13:55:04 +0100] "GET /templates/Pixame_v1/images/nav.png HTTP/1.1" 200 1283 "http://www.wonder-geek.com/templates/Pixame_v1/stylesheet.css" "Mozilla/5.0 (Windows NT 10.0; Win64; x64) AppleWebKit/537.36 (KHTML, like Gecko) Chrome/87.0.4280.88 Safari/537.36"
201.93.62.218 - - [26/Dec/2020:13:55:04 +0100] "GET /templates/Pixame_v1/images/header.png HTTP/1.1" 200 70245 "http://www.wonder-geek.com/templates/Pixame_v1/stylesheet.css" "Mozilla/5.0 (Windows NT 10.0; Win64; x64) AppleWebKit/537.36 (KHTML, like Gecko) Chrome/87.0.4280.88 Safari/537.36"
201.93.62.218 - - [26/Dec/2020:13:55:04 +0100] "GET /templates/Pixame_v1/images/Middle_texture.jpg HTTP/1.1" 200 249620 "http://www.wonder-geek.com/templates/Pixame_v1/stylesheet.css" "Mozilla/5.0 (Windows NT 10.0; Win64; x64) AppleWebKit/537.36 (KHTML, like Gecko) Chrome/87.0.4280.88 Safari/537.36"
201.93.62.218 - - [26/Dec/2020:13:55:04 +0100] "GET /templates/Pixame_v1/images/header-object.png HTTP/1.1" 200 106050 "http://www.wonder-geek.com/templates/Pixame_v1/stylesheet.css" "Mozilla/5.0 (Windows NT 10.0; Win64; x64) AppleWebKit/537.36 (KHTML, like Gecko) Chrome/87.0.4280.88 Safari/537.36"
201.93.62.218 - - [26/Dec/2020:13:55:05 +0100] "GET /images/big_prod/3453131143233.jpg HTTP/1.1" 200 54533 "http://www.wonder-geek.com/little-prince-plane-figurine-p-47070.html" "Mozilla/5.0 (Windows NT 10.0; Win64; x64) AppleWebKit/537.36 (KHTML, like Gecko) Chrome/87.0.4280.88 Safari/537.36"
201.93.62.218 - - [26/Dec/2020:13:55:05 +0100] "GET /design/productsenstock.png HTTP/1.1" 200 4743 "http://www.wonder-geek.com/templates/Pixame_v1/stylesheet.css" "Mozilla/5.0 (Windows NT 10.0; Win64; x64) AppleWebKit/537.36 (KHTML, like Gecko) Chrome/87.0.4280.88 Safari/537.36"
201.93.62.218 - - [26/Dec/2020:13:55:05 +0100] "GET /images/big_prod_1/b3453131143233.jpg HTTP/1.1" 200 49036 "http://www.wonder-geek.com/little-prince-plane-figurine-p-47070.html" "Mozilla/5.0 (Windows NT 10.0; Win64; x64) AppleWebKit/537.36 (KHTML, like Gecko) Chrome/87.0.4280.88 Safari/537.36"
201.93.62.218 - - [26/Dec/2020:13:55:05 +0100] "GET /templates/Pixame_v1/images/buttons/english/button_in_cart.gif HTTP/1.1" 200 1212 "http://www.wonder-geek.com/little-prince-plane-figurine-p-47070.html" "Mozilla/5.0 (Windows NT 10.0; Win64; x64) AppleWebKit/537.36 (KHTML, like Gecko) Chrome/87.0.4280.88 Safari/537.36"
201.93.62.218 - - [26/Dec/2020:13:55:05 +0100] "GET /highslide/graphics/outlines/drop-shadow.png HTTP/1.1" 200 2022 "http://www.wonder-geek.com/little-prince-plane-figurine-p-47070.html" "Mozilla/5.0 (Windows NT 10.0; Win64; x64) AppleWebKit/537.36 (KHTML, like Gecko) Chrome/87.0.4280.88 Safari/537.36"
201.93.62.218 - - [26/Dec/2020:13:55:06 +0100] "GET /favicon.ico HTTP/1.1" 200 1591 "http://www.wonder-geek.com/little-prince-plane-figurine-p-47070.html" "Mozilla/5.0 (Windows NT 10.0; Win64; x64) AppleWebKit/537.36 (KHTML, like Gecko) Chrome/87.0.4280.88 Safari/537.36"
90.196.153.22 - - [26/Dec/2020:13:55:58 +0100] "GET /js/jquery.jqzoom.js HTTP/1.1" 200 4761 "http://www.wonder-geek.com/psg-paris-saint-germain-football-boot-money-box-p-52183.html" "Mozilla/5.0 (iPhone; CPU iPhone OS 14_0_1 like Mac OS X) AppleWebKit/605.1.15 (KHTML, like Gecko) Version/14.0 Mobile/15E148 Safari/604.1"
90.196.153.22 - - [26/Dec/2020:13:55:58 +0100] "GET /js/jquery.js HTTP/1.1" 200 54075 "http://www.wonder-geek.com/psg-paris-saint-germain-football-boot-money-box-p-52183.html" "Mozilla/5.0 (iPhone; CPU iPhone OS 14_0_1 like Mac OS X) AppleWebKit/605.1.15 (KHTML, like Gecko) Version/14.0 Mobile/15E148 Safari/604.1"
90.196.153.22 - - [26/Dec/2020:13:55:58 +0100] "GET /templates/Pixame_v1/stylesheet.css HTTP/1.1" 200 56057 "http://www.wonder-geek.com/psg-paris-saint-germain-football-boot-money-box-p-52183.html" "Mozilla/5.0 (iPhone; CPU iPhone OS 14_0_1 like Mac OS X) AppleWebKit/605.1.15 (KHTML, like Gecko) Version/14.0 Mobile/15E148 Safari/604.1"
90.196.153.22 - - [26/Dec/2020:13:55:58 +0100] "GET /highslide/highslide.js HTTP/1.1" 200 42909 "http://www.wonder-geek.com/psg-paris-saint-germain-football-boot-money-box-p-52183.html" "Mozilla/5.0 (iPhone; CPU iPhone OS 14_0_1 like Mac OS X) AppleWebKit/605.1.15 (KHTML, like Gecko) Version/14.0 Mobile/15E148 Safari/604.1"
90.196.153.22 - - [26/Dec/2020:13:55:58 +0100] "GET /mondial_relay/js/jquery-1.3.2.min.js HTTP/1.1" 200 57254 "http://www.wonder-geek.com/psg-paris-saint-germain-football-boot-money-box-p-52183.html" "Mozilla/5.0 (iPhone; CPU iPhone OS 14_0_1 like Mac OS X) AppleWebKit/605.1.15 (KHTML, like Gecko) Version/14.0 Mobile/15E148 Safari/604.1"
90.196.153.22 - - [26/Dec/2020:13:55:58 +0100] "GET /templates/Pixame_v1/images/icon_accueil2.png HTTP/1.1" 200 1137 "http://www.wonder-geek.com/psg-paris-saint-germain-football-boot-money-box-p-52183.html" "Mozilla/5.0 (iPhone; CPU iPhone OS 14_0_1 like Mac OS X) AppleWebKit/605.1.15 (KHTML, like Gecko) Version/14.0 Mobile/15E148 Safari/604.1"
90.196.153.22 - - [26/Dec/2020:13:55:58 +0100] "GET /templates/Pixame_v1/images/buttons/english/button_in_cart.gif HTTP/1.1" 200 1212 "http://www.wonder-geek.com/psg-paris-saint-germain-football-boot-money-box-p-52183.html" "Mozilla/5.0 (iPhone; CPU iPhone OS 14_0_1 like Mac OS X) AppleWebKit/605.1.15 (KHTML, like Gecko) Version/14.0 Mobile/15E148 Safari/604.1"
90.196.153.22 - - [26/Dec/2020:13:55:59 +0100] "GET /images/big_prod/3700516267757.jpg HTTP/1.1" 200 109365 "http://www.wonder-geek.com/psg-paris-saint-germain-football-boot-money-box-p-52183.html" "Mozilla/5.0 (iPhone; CPU iPhone OS 14_0_1 like Mac OS X) AppleWebKit/605.1.15 (KHTML, like Gecko) Version/14.0 Mobile/15E148 Safari/604.1"
90.196.153.22 - - [26/Dec/2020:13:55:59 +0100] "GET /templates/Pixame_v1/images/Bottom_texture.jpg HTTP/1.1" 200 56290 "http://www.wonder-geek.com/psg-paris-saint-germain-football-boot-money-box-p-52183.html" "Mozilla/5.0 (iPhone; CPU iPhone OS 14_0_1 like Mac OS X) AppleWebKit/605.1.15 (KHTML, like Gecko) Version/14.0 Mobile/15E148 Safari/604.1"
90.196.153.22 - - [26/Dec/2020:13:55:59 +0100] "GET /templates/Pixame_v1/images/nav.png HTTP/1.1" 200 1283 "http://www.wonder-geek.com/psg-paris-saint-germain-football-boot-money-box-p-52183.html" "Mozilla/5.0 (iPhone; CPU iPhone OS 14_0_1 like Mac OS X) AppleWebKit/605.1.15 (KHTML, like Gecko) Version/14.0 Mobile/15E148 Safari/604.1"
90.196.153.22 - - [26/Dec/2020:13:55:59 +0100] "GET /templates/Pixame_v1/images/header.png HTTP/1.1" 200 70245 "http://www.wonder-geek.com/psg-paris-saint-germain-football-boot-money-box-p-52183.html" "Mozilla/5.0 (iPhone; CPU iPhone OS 14_0_1 like Mac OS X) AppleWebKit/605.1.15 (KHTML, like Gecko) Version/14.0 Mobile/15E148 Safari/604.1"
90.196.153.22 - - [26/Dec/2020:13:55:59 +0100] "GET /templates/Pixame_v1/images/header-object.png HTTP/1.1" 200 106050 "http://www.wonder-geek.com/psg-paris-saint-germain-football-boot-money-box-p-52183.html" "Mozilla/5.0 (iPhone; CPU iPhone OS 14_0_1 like Mac OS X) AppleWebKit/605.1.15 (KHTML, like Gecko) Version/14.0 Mobile/15E148 Safari/604.1"
90.196.153.22 - - [26/Dec/2020:13:55:59 +0100] "GET /design/productsenstock.png HTTP/1.1" 200 4743 "http://www.wonder-geek.com/psg-paris-saint-germain-football-boot-money-box-p-52183.html" "Mozilla/5.0 (iPhone; CPU iPhone OS 14_0_1 like Mac OS X) AppleWebKit/605.1.15 (KHTML, like Gecko) Version/14.0 Mobile/15E148 Safari/604.1"
90.196.153.22 - - [26/Dec/2020:13:56:00 +0100] "GET /templates/Pixame_v1/images/Middle_texture.jpg HTTP/1.1" 200 249620 "http://www.wonder-geek.com/psg-paris-saint-germain-football-boot-money-box-p-52183.html" "Mozilla/5.0 (iPhone; CPU iPhone OS 14_0_1 like Mac OS X) AppleWebKit/605.1.15 (KHTML, like Gecko) Version/14.0 Mobile/15E148 Safari/604.1"
90.196.153.22 - - [26/Dec/2020:13:56:00 +0100] "GET /highslide/graphics/outlines/drop-shadow.png HTTP/1.1" 200 2022 "http://www.wonder-geek.com/psg-paris-saint-germain-football-boot-money-box-p-52183.html" "Mozilla/5.0 (iPhone; CPU iPhone OS 14_0_1 like Mac OS X) AppleWebKit/605.1.15 (KHTML, like Gecko) Version/14.0 Mobile/15E148 Safari/604.1"
90.196.153.22 - - [26/Dec/2020:13:56:00 +0100] "GET /favicon.ico HTTP/1.1" 200 1591 "http://www.wonder-geek.com/psg-paris-saint-germain-football-boot-money-box-p-52183.html" "Mozilla/5.0 (iPhone; CPU iPhone OS 14_0_1 like Mac OS X) AppleWebKit/605.1.15 (KHTML, like Gecko) Version/14.0 Mobile/15E148 Safari/604.1"
66.249.70.33 - - [26/Dec/2020:13:57:07 +0100] "GET /images/3521320631134.jpg HTTP/1.1" 200 22453 "-" "Googlebot-Image/1.0"
157.55.39.186 - - [26/Dec/2020:13:58:17 +0100] "GET /images/3521320805306.jpg HTTP/1.1" 200 26480 "-" "Mozilla/5.0 (compatible; bingbot/2.0; +http://www.bing.com/bingbot.htm)"
5.255.231.71 - - [26/Dec/2020:14:04:42 +0100] "GET /robots.txt HTTP/1.1" 200 2438 "-" "Mozilla/5.0 (compatible; YandexBot/3.0; +http://yandex.com/bots)"
213.180.203.24 - - [26/Dec/2020:14:04:50 +0100] "GET /images/med_prod/8435333830697N.jpg HTTP/1.1" 200 155044 "-" "Mozilla/5.0 (compatible; YandexImages/3.0; +http://yandex.com/bots)"
213.180.203.24 - - [26/Dec/2020:14:04:56 +0100] "GET /images/8435333804506.jpg HTTP/1.1" 200 128518 "-" "Mozilla/5.0 (compatible; YandexImages/3.0; +http://yandex.com/bots)"
114.119.145.117 - - [26/Dec/2020:14:05:11 +0100] "GET /images/mini_prod/3609810098855.jpg HTTP/1.1" 200 8421 "-" "Mozilla/5.0 (Linux; Android 7.0;) AppleWebKit/537.36 (KHTML, like Gecko) Mobile Safari/537.36 (compatible; PetalBot;+https://aspiegel.com/petalbot)"
66.249.70.62 - - [26/Dec/2020:14:07:08 +0100] "GET /images/3453131106283.jpg HTTP/1.1" 200 29308 "-" "Googlebot-Image/1.0"
114.119.132.105 - - [26/Dec/2020:14:09:32 +0100] "GET /images/mini_prod/7601019991308.jpg HTTP/1.1" 200 6604 "-" "Mozilla/5.0 (Linux; Android 7.0;) AppleWebKit/537.36 (KHTML, like Gecko) Mobile Safari/537.36 (compatible; PetalBot;+https://aspiegel.com/petalbot)"
114.119.147.45 - - [26/Dec/2020:14:13:48 +0100] "GET /images/mini_prod/000010267615.jpg HTTP/1.1" 200 8414 "-" "Mozilla/5.0 (Linux; Android 7.0;) AppleWebKit/537.36 (KHTML, like Gecko) Mobile Safari/537.36 (compatible; PetalBot;+https://aspiegel.com/petalbot)"
66.249.70.62 - - [26/Dec/2020:14:17:15 +0100] "GET /images/med_prod/9316188061933.jpg HTTP/1.1" 200 162335 "-" "Googlebot-Image/1.0"
114.119.151.113 - - [26/Dec/2020:14:22:30 +0100] "GET /images/mini_prod/5018997614877.jpg HTTP/1.1" 200 7281 "-" "Mozilla/5.0 (Linux; Android 7.0;) AppleWebKit/537.36 (KHTML, like Gecko) Mobile Safari/537.36 (compatible; PetalBot;+https://aspiegel.com/petalbot)"
66.249.70.36 - - [26/Dec/2020:14:27:26 +0100] "GET /images/8435333805770.jpg HTTP/1.1" 200 101996 "-" "Googlebot-Image/1.0"
54.37.150.233 - - [26/Dec/2020:14:29:20 +0100] "GET /images/mini_prod/200208_152034_PEEL_EYJ4qy.jpg HTTP/1.1" 200 16027 "-" "-"
66.249.70.36 - - [26/Dec/2020:14:37:37 +0100] "GET /images/3281640392879.jpg HTTP/1.1" 200 107838 "-" "Googlebot-Image/1.0"
114.119.147.45 - - [26/Dec/2020:14:44:11 +0100] "GET /images/big_prod_2/621GJ01b.jpg HTTP/1.1" 200 134003 "-" "Mozilla/5.0 (Linux; Android 7.0;) AppleWebKit/537.36 (KHTML, like Gecko) Mobile Safari/537.36 (compatible; PetalBot;+https://aspiegel.com/petalbot)"
114.119.145.117 - - [26/Dec/2020:14:48:34 +0100] "GET /images/mini_prod/3453131155946.jpg HTTP/1.1" 200 7139 "-" "Mozilla/5.0 (Linux; Android 7.0;) AppleWebKit/537.36 (KHTML, like Gecko) Mobile Safari/537.36 (compatible; PetalBot;+https://aspiegel.com/petalbot)"
77.75.79.17 - - [26/Dec/2020:14:49:41 +0100] "GET /robots.txt HTTP/1.1" 200 2438 "-" "Mozilla/5.0 (compatible; SeznamBot/3.2; +http://napoveda.seznam.cz/en/seznambot-intro/)"
77.75.79.17 - - [26/Dec/2020:14:49:42 +0100] "GET /images/mini_prod/3700344871683.jpg HTTP/1.1" 200 5860 "-" "Mozilla/5.0 (compatible; SeznamBot/3.2; +http://napoveda.seznam.cz/en/seznambot-intro/)"
114.119.144.233 - - [26/Dec/2020:14:57:14 +0100] "GET /images/big_prod_1/3609810065208a.jpg HTTP/1.1" 200 156047 "-" "Mozilla/5.0 (Linux; Android 7.0;) AppleWebKit/537.36 (KHTML, like Gecko) Mobile Safari/537.36 (compatible; PetalBot;+https://aspiegel.com/petalbot)"
114.119.151.113 - - [26/Dec/2020:15:05:57 +0100] "GET /images/mini_prod/3574642563072.jpg HTTP/1.1" 200 3388 "-" "Mozilla/5.0 (Linux; Android 7.0;) AppleWebKit/537.36 (KHTML, like Gecko) Mobile Safari/537.36 (compatible; PetalBot;+https://aspiegel.com/petalbot)"
114.119.130.202 - - [26/Dec/2020:15:10:17 +0100] "GET /images/mini_prod/8424346234011.jpg HTTP/1.1" 200 2971 "-" "Mozilla/5.0 (Linux; Android 7.0;) AppleWebKit/537.36 (KHTML, like Gecko) Mobile Safari/537.36 (compatible; PetalBot;+https://aspiegel.com/petalbot)"
114.119.151.113 - - [26/Dec/2020:15:14:32 +0100] "GET /images/mini_prod/4029811239955.jpg HTTP/1.1" 200 7462 "-" "Mozilla/5.0 (Linux; Android 7.0;) AppleWebKit/537.36 (KHTML, like Gecko) Mobile Safari/537.36 (compatible; PetalBot;+https://aspiegel.com/petalbot)"
71.175.95.128 - - [26/Dec/2020:15:15:24 +0100] "GET /images/5010994693749.jpg HTTP/1.1" 200 48281 "https://www.bing.com/" "Mozilla/5.0 (Linux; Android 9; KFMUWI) AppleWebKit/537.36 (KHTML, like Gecko) Silk/86.3.23 like Chrome/86.0.4240.198 Safari/537.36"
17.58.101.145 - - [26/Dec/2020:15:15:39 +0100] "GET /images/mini_prod/3014627557394.jpg HTTP/1.1" 200 4200 "-" "Mozilla/5.0 (Macintosh; Intel Mac OS X 10_15_5) AppleWebKit/605.1.15 (KHTML, like Gecko) Version/13.1.1 Safari/605.1.15 (Applebot/0.1; +http://www.apple.com/go/applebot)"
157.55.39.214 - - [26/Dec/2020:15:18:48 +0100] "GET /mondial_relay/js/jquery-1.3.2.min.js HTTP/1.1" 200 57254 "-" "Mozilla/5.0 (compatible; bingbot/2.0; +http://www.bing.com/bingbot.htm)"
114.119.150.15 - - [26/Dec/2020:15:18:54 +0100] "GET /images/3661443613188b.jpg HTTP/1.1" 200 15962 "-" "Mozilla/5.0 (Linux; Android 7.0;) AppleWebKit/537.36 (KHTML, like Gecko) Mobile Safari/537.36 (compatible; PetalBot;+https://aspiegel.com/petalbot)"
114.119.158.196 - - [26/Dec/2020:15:23:15 +0100] "GET /images/mini_prod/1399984235232.jpg HTTP/1.1" 200 7068 "-" "Mozilla/5.0 (Linux; Android 7.0;) AppleWebKit/537.36 (KHTML, like Gecko) Mobile Safari/537.36 (compatible; PetalBot;+https://aspiegel.com/petalbot)"
114.119.154.200 - - [26/Dec/2020:15:27:36 +0100] "GET /images/big_prod_2/4260082937182a.jpg HTTP/1.1" 200 80203 "-" "Mozilla/5.0 (Linux; Android 7.0;) AppleWebKit/537.36 (KHTML, like Gecko) Mobile Safari/537.36 (compatible; PetalBot;+https://aspiegel.com/petalbot)"
185.191.171.24 - - [26/Dec/2020:15:31:04 +0100] "GET /robots.txt HTTP/1.1" 200 2438 "-" "Mozilla/5.0 (compatible; SemrushBot/7~bl; +http://www.semrush.com/bot.html)"
114.119.144.233 - - [26/Dec/2020:15:31:57 +0100] "GET /images/mini_prod/3281640417565.jpg HTTP/1.1" 200 5662 "-" "Mozilla/5.0 (Linux; Android 7.0;) AppleWebKit/537.36 (KHTML, like Gecko) Mobile Safari/537.36 (compatible; PetalBot;+https://aspiegel.com/petalbot)"
54.38.90.211 - - [26/Dec/2020:15:32:24 +0100] "GET /images/mini_prod/200208_152034_PEEL_EYJ4qy.jpg HTTP/1.1" 200 16027 "-" "-"
114.119.158.196 - - [26/Dec/2020:15:36:18 +0100] "GET /images/3574386800396.jpg HTTP/1.1" 200 135781 "-" "Mozilla/5.0 (Linux; Android 7.0;) AppleWebKit/537.36 (KHTML, like Gecko) Mobile Safari/537.36 (compatible; PetalBot;+https://aspiegel.com/petalbot)"
114.119.158.196 - - [26/Dec/2020:15:40:39 +0100] "GET /images/mini_prod/8718317678905.jpg HTTP/1.1" 200 7274 "-" "Mozilla/5.0 (Linux; Android 7.0;) AppleWebKit/537.36 (KHTML, like Gecko) Mobile Safari/537.36 (compatible; PetalBot;+https://aspiegel.com/petalbot)"
167.114.175.39 - - [26/Dec/2020:15:44:17 +0100] "GET /highslide/highslide.js HTTP/1.1" 200 42909 "https://www.google.com" "Mozilla/5.0 (X11; Ubuntu; Linux x86_64; rv:72.0) Gecko/20100101 Firefox/72.0"
167.114.175.39 - - [26/Dec/2020:15:44:17 +0100] "GET /js/jquery.masonry.min.js HTTP/1.1" 200 5392 "https://www.google.com" "Mozilla/5.0 (X11; Ubuntu; Linux x86_64; rv:72.0) Gecko/20100101 Firefox/72.0"
167.114.175.39 - - [26/Dec/2020:15:44:19 +0100] "GET /js/modernizr-transitions.js HTTP/1.1" 200 2026 "https://www.google.com" "Mozilla/5.0 (X11; Ubuntu; Linux x86_64; rv:72.0) Gecko/20100101 Firefox/72.0"
167.114.175.39 - - [26/Dec/2020:15:44:19 +0100] "GET /js/jquery.jqzoom.js HTTP/1.1" 200 4761 "https://www.google.com" "Mozilla/5.0 (X11; Ubuntu; Linux x86_64; rv:72.0) Gecko/20100101 Firefox/72.0"
167.114.175.39 - - [26/Dec/2020:15:44:21 +0100] "GET /js/jquery.js HTTP/1.1" 200 54075 "https://www.google.com" "Mozilla/5.0 (X11; Ubuntu; Linux x86_64; rv:72.0) Gecko/20100101 Firefox/72.0"
167.114.175.39 - - [26/Dec/2020:15:44:21 +0100] "GET /mondial_relay/js/jquery-1.3.2.min.js HTTP/1.1" 200 57254 "https://www.google.com" "Mozilla/5.0 (X11; Ubuntu; Linux x86_64; rv:72.0) Gecko/20100101 Firefox/72.0"
114.119.158.196 - - [26/Dec/2020:15:44:55 +0100] "GET /images/mini_prod/3700516265050.jpg HTTP/1.1" 200 8139 "-" "Mozilla/5.0 (Linux; Android 7.0;) AppleWebKit/537.36 (KHTML, like Gecko) Mobile Safari/537.36 (compatible; PetalBot;+https://aspiegel.com/petalbot)"
114.119.158.196 - - [26/Dec/2020:15:49:16 +0100] "GET /images/big_prod/4036113231518.jpg HTTP/1.1" 200 145988 "-" "Mozilla/5.0 (Linux; Android 7.0;) AppleWebKit/537.36 (KHTML, like Gecko) Mobile Safari/537.36 (compatible; PetalBot;+https://aspiegel.com/petalbot)"
114.119.129.36 - - [26/Dec/2020:15:53:37 +0100] "GET /images/mini_prod/3700516203595bis.jpg HTTP/1.1" 200 8553 "-" "Mozilla/5.0 (Linux; Android 7.0;) AppleWebKit/537.36 (KHTML, like Gecko) Mobile Safari/537.36 (compatible; PetalBot;+https://aspiegel.com/petalbot)"
103.131.71.23 - - [26/Dec/2020:15:53:51 +0100] "GET /robots.txt HTTP/1.1" 200 2438 "-" "Mozilla/5.0 (compatible; coccocbot-image/1.0; +http://help.coccoc.com/searchengine)"
103.131.71.33 - - [26/Dec/2020:15:53:53 +0100] "GET /robots.txt HTTP/1.1" 200 2438 "-" "Mozilla/5.0 (compatible; coccocbot-image/1.0; +http://help.coccoc.com/searchengine)"
114.119.144.233 - - [26/Dec/2020:15:57:58 +0100] "GET /images/3661443613188b.jpg HTTP/1.1" 200 15962 "-" "Mozilla/5.0 (Linux; Android 7.0;) AppleWebKit/537.36 (KHTML, like Gecko) Mobile Safari/537.36 (compatible; PetalBot;+https://aspiegel.com/petalbot)"
