66.249.70.36 - - [26/Dec/2020:03:34:54 +0100] "GET /images/med_prod/1020322274148.jpg HTTP/1.1" 200 80173 "-" "Googlebot-Image/1.0"
114.119.158.196 - - [26/Dec/2020:03:36:02 +0100] "GET /images/mini_prod/monalisa5.jpg HTTP/1.1" 200 5880 "-" "Mozilla/5.0 (Linux; Android 7.0;) AppleWebKit/537.36 (KHTML, like Gecko) Mobile Safari/537.36 (compatible; PetalBot;+https://aspiegel.com/petalbot)"
66.249.70.62 - - [26/Dec/2020:03:38:16 +0100] "GET /images/mini_prod/mickey1384010188521.jpg HTTP/1.1" 200 6401 "-" "Googlebot-Image/1.0"
66.249.70.62 - - [26/Dec/2020:03:38:17 +0100] "GET /images/mini_prod/1384010176344.jpg HTTP/1.1" 200 3588 "-" "Googlebot-Image/1.0"
66.249.70.33 - - [26/Dec/2020:03:38:17 +0100] "GET /images/mini_prod/3609810034013.jpg HTTP/1.1" 200 9605 "-" "Googlebot-Image/1.0"
114.119.150.15 - - [26/Dec/2020:03:40:23 +0100] "GET /images/mini_prod/8718657462448.jpg HTTP/1.1" 200 6277 "-" "Mozilla/5.0 (Linux; Android 7.0;) AppleWebKit/537.36 (KHTML, like Gecko) Mobile Safari/537.36 (compatible; PetalBot;+https://aspiegel.com/petalbot)"
66.249.70.36 - - [26/Dec/2020:03:44:44 +0100] "GET /images/mini_prod/8422022523015.jpg HTTP/1.1" 200 9789 "-" "Googlebot-Image/1.0"
114.119.154.200 - - [26/Dec/2020:03:44:44 +0100] "GET /images/mini_prod/3700516215468.jpg HTTP/1.1" 200 6161 "-" "Mozilla/5.0 (Linux; Android 7.0;) AppleWebKit/537.36 (KHTML, like Gecko) Mobile Safari/537.36 (compatible; PetalBot;+https://aspiegel.com/petalbot)"
114.119.130.202 - - [26/Dec/2020:03:49:06 +0100] "GET /images/mini_prod/3700407623822.jpg HTTP/1.1" 200 7437 "-" "Mozilla/5.0 (Linux; Android 7.0;) AppleWebKit/537.36 (KHTML, like Gecko) Mobile Safari/537.36 (compatible; PetalBot;+https://aspiegel.com/petalbot)"
114.119.158.196 - - [26/Dec/2020:03:53:22 +0100] "GET /images/045544149006.jpg HTTP/1.1" 200 31665 "-" "Mozilla/5.0 (Linux; Android 7.0;) AppleWebKit/537.36 (KHTML, like Gecko) Mobile Safari/537.36 (compatible; PetalBot;+https://aspiegel.com/petalbot)"
66.249.70.33 - - [26/Dec/2020:03:54:46 +0100] "GET /images/med_prod/3661977003172.jpg HTTP/1.1" 200 158292 "-" "Googlebot-Image/1.0"
114.119.144.233 - - [26/Dec/2020:03:57:45 +0100] "GET /images/big_prod/1384010201312.jpg HTTP/1.1" 200 104765 "-" "Mozilla/5.0 (Linux; Android 7.0;) AppleWebKit/537.36 (KHTML, like Gecko) Mobile Safari/537.36 (compatible; PetalBot;+https://aspiegel.com/petalbot)"
5.255.231.71 - - [26/Dec/2020:03:59:25 +0100] "GET /robots.txt HTTP/1.1" 200 2438 "-" "Mozilla/5.0 (compatible; YandexBot/3.0; +http://yandex.com/bots)"
213.180.203.24 - - [26/Dec/2020:03:59:33 +0100] "GET /images/big_prod/3700653512291.jpg HTTP/1.1" 200 40301 "-" "Mozilla/5.0 (compatible; YandexImages/3.0; +http://yandex.com/bots)"
114.119.147.45 - - [26/Dec/2020:04:02:04 +0100] "GET /images/mini_prod/3560600315098.jpg HTTP/1.1" 200 6499 "-" "Mozilla/5.0 (Linux; Android 7.0;) AppleWebKit/537.36 (KHTML, like Gecko) Mobile Safari/537.36 (compatible; PetalBot;+https://aspiegel.com/petalbot)"
66.249.70.36 - - [26/Dec/2020:04:04:44 +0100] "GET /images/big_prod/3609810048362.jpg HTTP/1.1" 200 116902 "-" "Googlebot-Image/1.0"
114.119.154.200 - - [26/Dec/2020:04:06:28 +0100] "GET /images/big_prod_1/8424346354276a.jpg HTTP/1.1" 200 245714 "-" "Mozilla/5.0 (Linux; Android 7.0;) AppleWebKit/537.36 (KHTML, like Gecko) Mobile Safari/537.36 (compatible; PetalBot;+https://aspiegel.com/petalbot)"
114.119.130.202 - - [26/Dec/2020:04:10:47 +0100] "GET /images/mini_prod/1399984235263.jpg HTTP/1.1" 200 5365 "-" "Mozilla/5.0 (Linux; Android 7.0;) AppleWebKit/537.36 (KHTML, like Gecko) Mobile Safari/537.36 (compatible; PetalBot;+https://aspiegel.com/petalbot)"
66.249.70.36 - - [26/Dec/2020:04:14:54 +0100] "GET /images/mini_prod/3442440261134.jpg HTTP/1.1" 200 7161 "-" "Googlebot-Image/1.0"
114.119.151.113 - - [26/Dec/2020:04:15:08 +0100] "GET /images/big_prod_1/8422810092648a.jpg HTTP/1.1" 200 99726 "-" "Mozilla/5.0 (Linux; Android 7.0;) AppleWebKit/537.36 (KHTML, like Gecko) Mobile Safari/537.36 (compatible; PetalBot;+https://aspiegel.com/petalbot)"
77.75.76.167 - - [26/Dec/2020:04:15:57 +0100] "GET /robots.txt HTTP/1.1" 200 2438 "-" "Mozilla/5.0 (compatible; SeznamBot/3.2; +http://napoveda.seznam.cz/en/seznambot-intro/)"
77.75.76.167 - - [26/Dec/2020:04:15:57 +0100] "GET /images/mini_prod/3453131155144.jpg HTTP/1.1" 200 7080 "-" "Mozilla/5.0 (compatible; SeznamBot/3.2; +http://napoveda.seznam.cz/en/seznambot-intro/)"
157.55.39.39 - - [26/Dec/2020:04:16:00 +0100] "GET /robots.txt HTTP/1.1" 200 2438 "-" "Mozilla/5.0 (compatible; bingbot/2.0; +http://www.bing.com/bingbot.htm)"
114.119.130.202 - - [26/Dec/2020:04:19:32 +0100] "GET /images/mini_prod/3599520105076.jpg HTTP/1.1" 200 2965 "-" "Mozilla/5.0 (Linux; Android 7.0;) AppleWebKit/537.36 (KHTML, like Gecko) Mobile Safari/537.36 (compatible; PetalBot;+https://aspiegel.com/petalbot)"
114.119.130.202 - - [26/Dec/2020:04:23:47 +0100] "GET /images/mini_prod/1300000010382.jpg HTTP/1.1" 200 2842 "-" "Mozilla/5.0 (Linux; Android 7.0;) AppleWebKit/537.36 (KHTML, like Gecko) Mobile Safari/537.36 (compatible; PetalBot;+https://aspiegel.com/petalbot)"
66.249.70.36 - - [26/Dec/2020:04:24:44 +0100] "GET /images/big_prod/3453131147910D.jpg HTTP/1.1" 200 107404 "-" "Googlebot-Image/1.0"
114.119.158.196 - - [26/Dec/2020:04:28:09 +0100] "GET /images/mini_prod/3609810064331.jpg HTTP/1.1" 200 6340 "-" "Mozilla/5.0 (Linux; Android 7.0;) AppleWebKit/537.36 (KHTML, like Gecko) Mobile Safari/537.36 (compatible; PetalBot;+https://aspiegel.com/petalbot)"
66.249.82.166 - - [26/Dec/2020:04:31:54 +0100] "GET /images/big_prod_1/1318600329995a.jpg HTTP/1.1" 200 74523 "-" "Mozilla/5.0 (Windows NT 5.1; rv:11.0) Gecko Firefox/11.0 (via ggpht.com GoogleImageProxy)"
114.119.144.233 - - [26/Dec/2020:04:32:31 +0100] "GET /images/3700653591197.jpg HTTP/1.1" 200 90352 "-" "Mozilla/5.0 (Linux; Android 7.0;) AppleWebKit/537.36 (KHTML, like Gecko) Mobile Safari/537.36 (compatible; PetalBot;+https://aspiegel.com/petalbot)"
114.119.154.200 - - [26/Dec/2020:04:36:53 +0100] "GET /images/big_prod/8718657466101.jpg HTTP/1.1" 200 79332 "-" "Mozilla/5.0 (Linux; Android 7.0;) AppleWebKit/537.36 (KHTML, like Gecko) Mobile Safari/537.36 (compatible; PetalBot;+https://aspiegel.com/petalbot)"
114.119.129.36 - - [26/Dec/2020:04:41:13 +0100] "GET /images/big_prod_1/5018997410936.jpg HTTP/1.1" 200 108964 "-" "Mozilla/5.0 (Linux; Android 7.0;) AppleWebKit/537.36 (KHTML, like Gecko) Mobile Safari/537.36 (compatible; PetalBot;+https://aspiegel.com/petalbot)"
66.249.70.36 - - [26/Dec/2020:04:44:21 +0100] "GET /images/med_prod/3457010954057.jpg HTTP/1.1" 200 124679 "-" "Googlebot-Image/1.0"
66.249.70.62 - - [26/Dec/2020:04:44:44 +0100] "GET /images/big_prod/8422048011152.jpg HTTP/1.1" 200 59448 "-" "Googlebot-Image/1.0"
114.119.150.15 - - [26/Dec/2020:04:45:34 +0100] "GET /images/mini_prod/1300000022705.jpg HTTP/1.1" 200 4694 "-" "Mozilla/5.0 (Linux; Android 7.0;) AppleWebKit/537.36 (KHTML, like Gecko) Mobile Safari/537.36 (compatible; PetalBot;+https://aspiegel.com/petalbot)"
157.55.39.39 - - [26/Dec/2020:04:48:49 +0100] "GET /robots.txt HTTP/1.1" 200 2438 "-" "Mozilla/5.0 (compatible; bingbot/2.0; +http://www.bing.com/bingbot.htm)"
114.119.158.196 - - [26/Dec/2020:04:49:55 +0100] "GET /images/big_prod/rayebeige.jpg HTTP/1.1" 200 88914 "-" "Mozilla/5.0 (Linux; Android 7.0;) AppleWebKit/537.36 (KHTML, like Gecko) Mobile Safari/537.36 (compatible; PetalBot;+https://aspiegel.com/petalbot)"
114.119.130.202 - - [26/Dec/2020:04:54:11 +0100] "GET /images/big_prod/3453131152983.jpg HTTP/1.1" 200 77874 "-" "Mozilla/5.0 (Linux; Android 7.0;) AppleWebKit/537.36 (KHTML, like Gecko) Mobile Safari/537.36 (compatible; PetalBot;+https://aspiegel.com/petalbot)"
114.119.144.233 - - [26/Dec/2020:04:58:34 +0100] "GET /images/mini_prod/3453131142298.jpg HTTP/1.1" 200 7740 "-" "Mozilla/5.0 (Linux; Android 7.0;) AppleWebKit/537.36 (KHTML, like Gecko) Mobile Safari/537.36 (compatible; PetalBot;+https://aspiegel.com/petalbot)"
114.119.151.113 - - [26/Dec/2020:05:02:53 +0100] "GET /images/mini_prod/3609810070790.jpg HTTP/1.1" 200 6803 "-" "Mozilla/5.0 (Linux; Android 7.0;) AppleWebKit/537.36 (KHTML, like Gecko) Mobile Safari/537.36 (compatible; PetalBot;+https://aspiegel.com/petalbot)"
66.249.70.62 - - [26/Dec/2020:05:05:15 +0100] "GET /images/big_prod/3770014725110.jpg HTTP/1.1" 200 165823 "-" "Googlebot-Image/1.0"
185.191.171.33 - - [26/Dec/2020:05:06:18 +0100] "GET /robots.txt HTTP/1.1" 200 2438 "-" "Mozilla/5.0 (compatible; SemrushBot/7~bl; +http://www.semrush.com/bot.html)"
77.75.78.161 - - [26/Dec/2020:05:07:15 +0100] "GET /robots.txt HTTP/1.1" 200 2438 "-" "Mozilla/5.0 (compatible; SeznamBot/3.2; +http://napoveda.seznam.cz/en/seznambot-intro/)"
77.75.78.161 - - [26/Dec/2020:05:07:16 +0100] "GET /images/mini_prod/8424346356645.jpg HTTP/1.1" 200 3019 "-" "Mozilla/5.0 (compatible; SeznamBot/3.2; +http://napoveda.seznam.cz/en/seznambot-intro/)"
66.249.70.36 - - [26/Dec/2020:05:15:04 +0100] "GET /images/big_prod/3770014725325.jpg HTTP/1.1" 200 112519 "-" "Googlebot-Image/1.0"
114.119.132.105 - - [26/Dec/2020:05:24:33 +0100] "GET /images/mini_prod/1399984253199.jpg HTTP/1.1" 200 7888 "-" "Mozilla/5.0 (Linux; Android 7.0;) AppleWebKit/537.36 (KHTML, like Gecko) Mobile Safari/537.36 (compatible; PetalBot;+https://aspiegel.com/petalbot)"
66.249.70.36 - - [26/Dec/2020:05:25:14 +0100] "GET /images/mini_prod/3565750199628.jpg HTTP/1.1" 200 5632 "-" "Googlebot-Image/1.0"
114.119.158.196 - - [26/Dec/2020:05:28:54 +0100] "GET /images/mini_prod/5415203493453.jpg HTTP/1.1" 200 6719 "-" "Mozilla/5.0 (Linux; Android 7.0;) AppleWebKit/537.36 (KHTML, like Gecko) Mobile Safari/537.36 (compatible; PetalBot;+https://aspiegel.com/petalbot)"
185.220.101.208 - - [26/Dec/2020:05:32:15 +0100] "GET /images/big_prod/8424001203246.jpg HTTP/1.1" 200 112403 "-" "Mozilla/5.0 (Macintosh; Intel Mac OS X 10_14_6) AppleWebKit/537.36 (KHTML, like Gecko) Chrome/77.0.3865.90 Safari/537.36"
114.119.147.45 - - [26/Dec/2020:05:33:16 +0100] "GET /images/big_prod/petitprince3585190679962.jpg HTTP/1.1" 200 57895 "-" "Mozilla/5.0 (Linux; Android 7.0;) AppleWebKit/537.36 (KHTML, like Gecko) Mobile Safari/537.36 (compatible; PetalBot;+https://aspiegel.com/petalbot)"
66.249.70.36 - - [26/Dec/2020:05:35:04 +0100] "GET /images/big_prod/1328399270477D.jpg HTTP/1.1" 200 266513 "-" "Googlebot-Image/1.0"
114.119.158.196 - - [26/Dec/2020:05:37:37 +0100] "GET /images/mini_prod/1328399219278a.jpg HTTP/1.1" 200 5601 "-" "Mozilla/5.0 (Linux; Android 7.0;) AppleWebKit/537.36 (KHTML, like Gecko) Mobile Safari/537.36 (compatible; PetalBot;+https://aspiegel.com/petalbot)"
114.119.150.15 - - [26/Dec/2020:05:41:57 +0100] "GET /images/mini_prod/3453131155847.jpg HTTP/1.1" 200 10068 "-" "Mozilla/5.0 (Linux; Android 7.0;) AppleWebKit/537.36 (KHTML, like Gecko) Mobile Safari/537.36 (compatible; PetalBot;+https://aspiegel.com/petalbot)"
66.249.70.33 - - [26/Dec/2020:05:45:14 +0100] "GET /images/big_prod_1/3664944072218a.jpg HTTP/1.1" 200 146154 "-" "Googlebot-Image/1.0"
114.119.154.200 - - [26/Dec/2020:05:46:19 +0100] "GET /images/1300010239872.jpg HTTP/1.1" 200 70656 "-" "Mozilla/5.0 (Linux; Android 7.0;) AppleWebKit/537.36 (KHTML, like Gecko) Mobile Safari/537.36 (compatible; PetalBot;+https://aspiegel.com/petalbot)"
114.119.154.200 - - [26/Dec/2020:05:50:35 +0100] "GET /images/mini_prod/20620TS.jpg HTTP/1.1" 200 6918 "-" "Mozilla/5.0 (Linux; Android 7.0;) AppleWebKit/537.36 (KHTML, like Gecko) Mobile Safari/537.36 (compatible; PetalBot;+https://aspiegel.com/petalbot)"
114.119.147.45 - - [26/Dec/2020:05:54:56 +0100] "GET /images/med_prod/1384010180556.jpg HTTP/1.1" 200 68377 "-" "Mozilla/5.0 (Linux; Android 7.0;) AppleWebKit/537.36 (KHTML, like Gecko) Mobile Safari/537.36 (compatible; PetalBot;+https://aspiegel.com/petalbot)"
114.119.130.202 - - [26/Dec/2020:05:59:17 +0100] "GET /images/big_prod/3609810079762.jpg HTTP/1.1" 200 83485 "-" "Mozilla/5.0 (Linux; Android 7.0;) AppleWebKit/537.36 (KHTML, like Gecko) Mobile Safari/537.36 (compatible; PetalBot;+https://aspiegel.com/petalbot)"
66.249.70.62 - - [26/Dec/2020:06:04:53 +0100] "GET /images/mini_prod/1384010184592.jpg HTTP/1.1" 200 4590 "-" "Googlebot-Image/1.0"
77.75.76.165 - - [26/Dec/2020:06:14:29 +0100] "GET /robots.txt HTTP/1.1" 200 2438 "-" "Mozilla/5.0 (compatible; SeznamBot/3.2; +http://napoveda.seznam.cz/en/seznambot-intro/)"
77.75.76.165 - - [26/Dec/2020:06:14:30 +0100] "GET /images/mini_prod/3665269091809.jpg HTTP/1.1" 200 7439 "-" "Mozilla/5.0 (compatible; SeznamBot/3.2; +http://napoveda.seznam.cz/en/seznambot-intro/)"
66.249.70.62 - - [26/Dec/2020:06:14:45 +0100] "GET /images/mini_prod/b1300000022743.jpg HTTP/1.1" 200 4118 "-" "Googlebot-Image/1.0"
66.249.70.33 - - [26/Dec/2020:06:24:45 +0100] "GET /images/big_prod/3700281645453.jpg HTTP/1.1" 200 260456 "-" "Googlebot-Image/1.0"
185.191.171.26 - - [26/Dec/2020:06:34:43 +0100] "GET /robots.txt HTTP/1.1" 200 2438 "-" "Mozilla/5.0 (compatible; SemrushBot/7~bl; +http://www.semrush.com/bot.html)"
45.56.196.73 - - [26/Dec/2020:06:55:12 +0100] "GET /templates/Pixame_v1/stylesheet.css HTTP/1.1" 200 56057 "http://www.wonder-geek.com/verity-rose-sunbeam-photo-frame-p-29153.html" "Mozilla/5.0 (iPhone; CPU iPhone OS 14_2 like Mac OS X) AppleWebKit/605.1.15 (KHTML, like Gecko) CriOS/87.0.4280.77 Mobile/15E148 Safari/604.1"
45.56.196.73 - - [26/Dec/2020:06:55:12 +0100] "GET /highslide/highslide.js HTTP/1.1" 200 42909 "http://www.wonder-geek.com/verity-rose-sunbeam-photo-frame-p-29153.html" "Mozilla/5.0 (iPhone; CPU iPhone OS 14_2 like Mac OS X) AppleWebKit/605.1.15 (KHTML, like Gecko) CriOS/87.0.4280.77 Mobile/15E148 Safari/604.1"
45.56.196.73 - - [26/Dec/2020:06:55:12 +0100] "GET /js/jquery.js HTTP/1.1" 200 54075 "http://www.wonder-geek.com/verity-rose-sunbeam-photo-frame-p-29153.html" "Mozilla/5.0 (iPhone; CPU iPhone OS 14_2 like Mac OS X) AppleWebKit/605.1.15 (KHTML, like Gecko) CriOS/87.0.4280.77 Mobile/15E148 Safari/604.1"
45.56.196.73 - - [26/Dec/2020:06:55:12 +0100] "GET /js/jquery.jqzoom.js HTTP/1.1" 200 4761 "http://www.wonder-geek.com/verity-rose-sunbeam-photo-frame-p-29153.html" "Mozilla/5.0 (iPhone; CPU iPhone OS 14_2 like Mac OS X) AppleWebKit/605.1.15 (KHTML, like Gecko) CriOS/87.0.4280.77 Mobile/15E148 Safari/604.1"
45.56.196.73 - - [26/Dec/2020:06:55:12 +0100] "GET /mondial_relay/js/jquery-1.3.2.min.js HTTP/1.1" 200 57254 "http://www.wonder-geek.com/verity-rose-sunbeam-photo-frame-p-29153.html" "Mozilla/5.0 (iPhone; CPU iPhone OS 14_2 like Mac OS X) AppleWebKit/605.1.15 (KHTML, like Gecko) CriOS/87.0.4280.77 Mobile/15E148 Safari/604.1"
45.56.196.73 - - [26/Dec/2020:06:55:13 +0100] "GET /templates/Pixame_v1/images/icon_accueil2.png HTTP/1.1" 200 1137 "http://www.wonder-geek.com/verity-rose-sunbeam-photo-frame-p-29153.html" "Mozilla/5.0 (iPhone; CPU iPhone OS 14_2 like Mac OS X) AppleWebKit/605.1.15 (KHTML, like Gecko) CriOS/87.0.4280.77 Mobile/15E148 Safari/604.1"
45.56.196.73 - - [26/Dec/2020:06:55:13 +0100] "GET /templates/Pixame_v1/images/buttons/english/button_in_cart.gif HTTP/1.1" 200 1212 "http://www.wonder-geek.com/verity-rose-sunbeam-photo-frame-p-29153.html" "Mozilla/5.0 (iPhone; CPU iPhone OS 14_2 like Mac OS X) AppleWebKit/605.1.15 (KHTML, like Gecko) CriOS/87.0.4280.77 Mobile/15E148 Safari/604.1"
45.56.196.73 - - [26/Dec/2020:06:55:13 +0100] "GET /images/1186747042547.jpg HTTP/1.1" 200 156781 "http://www.wonder-geek.com/verity-rose-sunbeam-photo-frame-p-29153.html" "Mozilla/5.0 (iPhone; CPU iPhone OS 14_2 like Mac OS X) AppleWebKit/605.1.15 (KHTML, like Gecko) CriOS/87.0.4280.77 Mobile/15E148 Safari/604.1"
45.56.196.73 - - [26/Dec/2020:06:55:13 +0100] "GET /templates/Pixame_v1/images/Bottom_texture.jpg HTTP/1.1" 200 56290 "http://www.wonder-geek.com/verity-rose-sunbeam-photo-frame-p-29153.html" "Mozilla/5.0 (iPhone; CPU iPhone OS 14_2 like Mac OS X) AppleWebKit/605.1.15 (KHTML, like Gecko) CriOS/87.0.4280.77 Mobile/15E148 Safari/604.1"
45.56.196.73 - - [26/Dec/2020:06:55:13 +0100] "GET /templates/Pixame_v1/images/nav.png HTTP/1.1" 200 1283 "http://www.wonder-geek.com/verity-rose-sunbeam-photo-frame-p-29153.html" "Mozilla/5.0 (iPhone; CPU iPhone OS 14_2 like Mac OS X) AppleWebKit/605.1.15 (KHTML, like Gecko) CriOS/87.0.4280.77 Mobile/15E148 Safari/604.1"
45.56.196.73 - - [26/Dec/2020:06:55:14 +0100] "GET /templates/Pixame_v1/images/Middle_texture.jpg HTTP/1.1" 200 249620 "http://www.wonder-geek.com/verity-rose-sunbeam-photo-frame-p-29153.html" "Mozilla/5.0 (iPhone; CPU iPhone OS 14_2 like Mac OS X) AppleWebKit/605.1.15 (KHTML, like Gecko) CriOS/87.0.4280.77 Mobile/15E148 Safari/604.1"
66.249.70.36 - - [26/Dec/2020:06:55:14 +0100] "GET /images/mini_prod/3700407613304.jpg HTTP/1.1" 200 4546 "-" "Googlebot-Image/1.0"
45.56.196.73 - - [26/Dec/2020:06:55:14 +0100] "GET /favicon.ico HTTP/1.1" 200 1591 "-" "Mozilla/5.0 (iPhone; CPU iPhone OS 14_2 like Mac OS X) AppleWebKit/605.1.15 (KHTML, like Gecko) CriOS/87.0.4280.77 Mobile/15E148 Safari/604.1"
45.56.196.73 - - [26/Dec/2020:06:55:14 +0100] "GET /templates/Pixame_v1/images/header.png HTTP/1.1" 200 70245 "http://www.wonder-geek.com/verity-rose-sunbeam-photo-frame-p-29153.html" "Mozilla/5.0 (iPhone; CPU iPhone OS 14_2 like Mac OS X) AppleWebKit/605.1.15 (KHTML, like Gecko) CriOS/87.0.4280.77 Mobile/15E148 Safari/604.1"
45.56.196.73 - - [26/Dec/2020:06:55:15 +0100] "GET /design/productsenstock.png HTTP/1.1" 200 4743 "http://www.wonder-geek.com/verity-rose-sunbeam-photo-frame-p-29153.html" "Mozilla/5.0 (iPhone; CPU iPhone OS 14_2 like Mac OS X) AppleWebKit/605.1.15 (KHTML, like Gecko) CriOS/87.0.4280.77 Mobile/15E148 Safari/604.1"
45.56.196.73 - - [26/Dec/2020:06:55:15 +0100] "GET /templates/Pixame_v1/images/header-object.png HTTP/1.1" 200 106050 "http://www.wonder-geek.com/verity-rose-sunbeam-photo-frame-p-29153.html" "Mozilla/5.0 (iPhone; CPU iPhone OS 14_2 like Mac OS X) AppleWebKit/605.1.15 (KHTML, like Gecko) CriOS/87.0.4280.77 Mobile/15E148 Safari/604.1"
45.56.196.73 - - [26/Dec/2020:06:55:17 +0100] "GET /highslide/graphics/outlines/drop-shadow.png HTTP/1.1" 200 2022 "http://www.wonder-geek.com/verity-rose-sunbeam-photo-frame-p-29153.html" "Mozilla/5.0 (iPhone; CPU iPhone OS 14_2 like Mac OS X) AppleWebKit/605.1.15 (KHTML, like Gecko) CriOS/87.0.4280.77 Mobile/15E148 Safari/604.1"
66.249.70.33 - - [26/Dec/2020:07:05:26 +0100] "GET /images/big_prod/8718375755594.jpg HTTP/1.1" 200 177744 "-" "Googlebot-Image/1.0"
17.58.96.224 - - [26/Dec/2020:07:05:27 +0100] "GET /robots.txt HTTP/1.1" 200 2438 "-" "Mozilla/5.0 (Macintosh; Intel Mac OS X 10_15_5) AppleWebKit/605.1.15 (KHTML, like Gecko) Version/13.1.1 Safari/605.1.15 (Applebot/0.1; +http://www.apple.com/go/applebot)"
17.58.101.147 - - [26/Dec/2020:07:05:27 +0100] "GET /images/mini_prod/1384010178843.jpg HTTP/1.1" 200 6521 "-" "Mozilla/5.0 (Macintosh; Intel Mac OS X 10_15_5) AppleWebKit/605.1.15 (KHTML, like Gecko) Version/13.1.1 Safari/605.1.15 (Applebot/0.1; +http://www.apple.com/go/applebot)"
66.249.70.33 - - [26/Dec/2020:07:25:26 +0100] "GET /images/mini_prod/8422050258972.jpg HTTP/1.1" 200 4280 "-" "Googlebot-Image/1.0"
114.119.144.233 - - [26/Dec/2020:07:26:01 +0100] "GET /images/mini_prod/5055071642586.jpg HTTP/1.1" 200 7221 "-" "Mozilla/5.0 (Linux; Android 7.0;) AppleWebKit/537.36 (KHTML, like Gecko) Mobile Safari/537.36 (compatible; PetalBot;+https://aspiegel.com/petalbot)"
114.119.150.15 - - [26/Dec/2020:07:30:22 +0100] "GET /images/mini_prod/4250255859205.jpg HTTP/1.1" 200 3159 "-" "Mozilla/5.0 (Linux; Android 7.0;) AppleWebKit/537.36 (KHTML, like Gecko) Mobile Safari/537.36 (compatible; PetalBot;+https://aspiegel.com/petalbot)"
54.37.23.114 - - [26/Dec/2020:07:32:40 +0100] "GET /images/big_prod_2/8424346356645C.jpg HTTP/1.1" 200 497843 "-" "-"
54.37.23.114 - - [26/Dec/2020:07:33:17 +0100] "GET /images/big_prod_3/8424346356621D.jpg HTTP/1.1" 200 65057 "-" "-"
54.37.23.114 - - [26/Dec/2020:07:33:56 +0100] "GET /images/big_prod_1/8424346356645B.jpg HTTP/1.1" 200 182152 "-" "-"
223.205.20.84 - - [26/Dec/2020:07:33:59 +0100] "GET /images/med_prod/1341689418243.jpg HTTP/1.1" 200 82108 "-" "Mozilla/5.0 (Macintosh; Intel Mac OS X 10_12_6) AppleWebKit/605.1.15 (KHTML, like Gecko) Version/12.1.2 Safari/605.1.15"
223.205.20.84 - - [26/Dec/2020:07:34:00 +0100] "GET /images/1341689418267.jpg HTTP/1.1" 200 103261 "-" "Mozilla/5.0 (Macintosh; Intel Mac OS X 10_12_6) AppleWebKit/605.1.15 (KHTML, like Gecko) Version/12.1.2 Safari/605.1.15"
223.205.20.84 - - [26/Dec/2020:07:34:17 +0100] "GET /images/med_prod/1341689482435.jpg HTTP/1.1" 200 73164 "-" "Mozilla/5.0 (Macintosh; Intel Mac OS X 10_12_6) AppleWebKit/605.1.15 (KHTML, like Gecko) Version/12.1.2 Safari/605.1.15"
223.205.20.84 - - [26/Dec/2020:07:34:18 +0100] "GET /images/med_prod/1341689439002.jpg HTTP/1.1" 200 90786 "-" "Mozilla/5.0 (Macintosh; Intel Mac OS X 10_12_6) AppleWebKit/605.1.15 (KHTML, like Gecko) Version/12.1.2 Safari/605.1.15"
114.119.147.45 - - [26/Dec/2020:07:34:45 +0100] "GET /images/big_prod/8422017795946.jpg HTTP/1.1" 200 104396 "-" "Mozilla/5.0 (Linux; Android 7.0;) AppleWebKit/537.36 (KHTML, like Gecko) Mobile Safari/537.36 (compatible; PetalBot;+https://aspiegel.com/petalbot)"
66.249.70.36 - - [26/Dec/2020:07:35:15 +0100] "GET /images/8028501263566.jpg HTTP/1.1" 200 28473 "-" "Googlebot-Image/1.0"
77.75.77.54 - - [26/Dec/2020:07:35:51 +0100] "GET /robots.txt HTTP/1.1" 200 2438 "-" "Mozilla/5.0 (compatible; SeznamBot/3.2; +http://napoveda.seznam.cz/en/seznambot-intro/)"
77.75.77.54 - - [26/Dec/2020:07:35:51 +0100] "GET /images/mini_prod/3560600311991.jpg HTTP/1.1" 200 5278 "-" "Mozilla/5.0 (compatible; SeznamBot/3.2; +http://napoveda.seznam.cz/en/seznambot-intro/)"
114.119.158.196 - - [26/Dec/2020:07:39:05 +0100] "GET /images/big_prod_1/8424346355129B.jpg HTTP/1.1" 200 68774 "-" "Mozilla/5.0 (Linux; Android 7.0;) AppleWebKit/537.36 (KHTML, like Gecko) Mobile Safari/537.36 (compatible; PetalBot;+https://aspiegel.com/petalbot)"
114.119.132.105 - - [26/Dec/2020:07:43:26 +0100] "GET /images/big_prod/4036113307459.jpg HTTP/1.1" 200 114207 "-" "Mozilla/5.0 (Linux; Android 7.0;) AppleWebKit/537.36 (KHTML, like Gecko) Mobile Safari/537.36 (compatible; PetalBot;+https://aspiegel.com/petalbot)"
114.119.151.113 - - [26/Dec/2020:07:52:03 +0100] "GET /images/big_prod/1384010190029.jpg HTTP/1.1" 200 78292 "-" "Mozilla/5.0 (Linux; Android 7.0;) AppleWebKit/537.36 (KHTML, like Gecko) Mobile Safari/537.36 (compatible; PetalBot;+https://aspiegel.com/petalbot)"
5.255.231.71 - - [26/Dec/2020:07:53:57 +0100] "GET /robots.txt HTTP/1.1" 200 2438 "-" "Mozilla/5.0 (compatible; YandexBot/3.0; +http://yandex.com/bots)"
5.255.231.71 - - [26/Dec/2020:07:54:01 +0100] "GET /images/med_prod/8435107795085.jpg HTTP/1.1" 200 128429 "-" "Mozilla/5.0 (compatible; YandexImages/3.0; +http://yandex.com/bots)"
66.249.70.36 - - [26/Dec/2020:07:55:26 +0100] "GET /images/mini_prod/3453131133753.jpg HTTP/1.1" 200 4827 "-" "Googlebot-Image/1.0"
114.119.150.15 - - [26/Dec/2020:07:56:26 +0100] "GET /images/med_prod/000000000000corse.jpg HTTP/1.1" 200 77886 "-" "Mozilla/5.0 (Linux; Android 7.0;) AppleWebKit/537.36 (KHTML, like Gecko) Mobile Safari/537.36 (compatible; PetalBot;+https://aspiegel.com/petalbot)"
157.55.39.94 - - [26/Dec/2020:07:56:37 +0100] "GET /images/big_prod/3438100334362NN.jpg HTTP/1.1" 200 51107 "-" "Mozilla/5.0 (compatible; bingbot/2.0; +http://www.bing.com/bingbot.htm)"
114.119.147.45 - - [26/Dec/2020:08:00:44 +0100] "GET /images/mini_prod/1345544960021.jpg HTTP/1.1" 200 6218 "-" "Mozilla/5.0 (Linux; Android 7.0;) AppleWebKit/537.36 (KHTML, like Gecko) Mobile Safari/537.36 (compatible; PetalBot;+https://aspiegel.com/petalbot)"
114.119.132.105 - - [26/Dec/2020:08:09:27 +0100] "GET /images/big_prod/3608860071832.jpg HTTP/1.1" 200 111720 "-" "Mozilla/5.0 (Linux; Android 7.0;) AppleWebKit/537.36 (KHTML, like Gecko) Mobile Safari/537.36 (compatible; PetalBot;+https://aspiegel.com/petalbot)"
17.58.101.145 - - [26/Dec/2020:08:12:54 +0100] "GET /images/mini_prod/041689200657.jpg HTTP/1.1" 200 7784 "-" "Mozilla/5.0 (Macintosh; Intel Mac OS X 10_15_5) AppleWebKit/605.1.15 (KHTML, like Gecko) Version/13.1.1 Safari/605.1.15 (Applebot/0.1; +http://www.apple.com/go/applebot)"
66.249.70.62 - - [26/Dec/2020:08:15:35 +0100] "GET /images/mini_prod/8422001017689.jpg HTTP/1.1" 200 5363 "-" "Googlebot-Image/1.0"
114.119.147.45 - - [26/Dec/2020:08:18:05 +0100] "GET /images/big_prod/1300000021272.jpg HTTP/1.1" 200 79329 "-" "Mozilla/5.0 (Linux; Android 7.0;) AppleWebKit/537.36 (KHTML, like Gecko) Mobile Safari/537.36 (compatible; PetalBot;+https://aspiegel.com/petalbot)"
114.119.145.117 - - [26/Dec/2020:08:22:25 +0100] "GET /images/mini_prod/8433933760963.jpg HTTP/1.1" 200 4177 "-" "Mozilla/5.0 (Linux; Android 7.0;) AppleWebKit/537.36 (KHTML, like Gecko) Mobile Safari/537.36 (compatible; PetalBot;+https://aspiegel.com/petalbot)"
66.249.70.33 - - [26/Dec/2020:08:25:45 +0100] "GET /images/mini_prod/8433933735466.jpg HTTP/1.1" 200 10875 "-" "Googlebot-Image/1.0"
114.119.145.117 - - [26/Dec/2020:08:26:46 +0100] "GET /images/3700815390149.jpg HTTP/1.1" 200 155946 "-" "Mozilla/5.0 (Linux; Android 7.0;) AppleWebKit/537.36 (KHTML, like Gecko) Mobile Safari/537.36 (compatible; PetalBot;+https://aspiegel.com/petalbot)"
77.75.79.17 - - [26/Dec/2020:08:30:19 +0100] "GET /robots.txt HTTP/1.1" 200 2438 "-" "Mozilla/5.0 (compatible; SeznamBot/3.2; +http://napoveda.seznam.cz/en/seznambot-intro/)"
77.75.79.17 - - [26/Dec/2020:08:30:20 +0100] "GET /images/mini_prod/8424346356577.jpg HTTP/1.1" 200 4261 "-" "Mozilla/5.0 (compatible; SeznamBot/3.2; +http://napoveda.seznam.cz/en/seznambot-intro/)"
114.119.158.196 - - [26/Dec/2020:08:31:07 +0100] "GET /images/big_prod/693GJ16.jpg HTTP/1.1" 200 125240 "-" "Mozilla/5.0 (Linux; Android 7.0;) AppleWebKit/537.36 (KHTML, like Gecko) Mobile Safari/537.36 (compatible; PetalBot;+https://aspiegel.com/petalbot)"
66.249.70.62 - - [26/Dec/2020:08:35:55 +0100] "GET /images/mini_prod/8422054030000B.jpg HTTP/1.1" 200 3869 "-" "Googlebot-Image/1.0"
114.119.145.117 - - [26/Dec/2020:08:39:50 +0100] "GET /images/mini_prod/5701359708412.jpg HTTP/1.1" 200 10939 "-" "Mozilla/5.0 (Linux; Android 7.0;) AppleWebKit/537.36 (KHTML, like Gecko) Mobile Safari/537.36 (compatible; PetalBot;+https://aspiegel.com/petalbot)"
66.249.70.62 - - [26/Dec/2020:08:45:56 +0100] "GET /images/big_prod/8422021418312.jpg HTTP/1.1" 200 284733 "-" "Googlebot-Image/1.0"
114.119.132.105 - - [26/Dec/2020:08:52:47 +0100] "GET /images/mini_prod/8422010086744.jpg HTTP/1.1" 200 8053 "-" "Mozilla/5.0 (Linux; Android 7.0;) AppleWebKit/537.36 (KHTML, like Gecko) Mobile Safari/537.36 (compatible; PetalBot;+https://aspiegel.com/petalbot)"
114.119.130.202 - - [26/Dec/2020:09:05:50 +0100] "GET /images/big_prod_1/3665269006452.jpg HTTP/1.1" 200 71753 "-" "Mozilla/5.0 (Linux; Android 7.0;) AppleWebKit/537.36 (KHTML, like Gecko) Mobile Safari/537.36 (compatible; PetalBot;+https://aspiegel.com/petalbot)"
66.249.70.36 - - [26/Dec/2020:09:06:15 +0100] "GET /images/mini_prod/3700407613243.jpg HTTP/1.1" 200 4617 "-" "Googlebot-Image/1.0"
85.208.98.25 - - [26/Dec/2020:09:07:00 +0100] "GET /robots.txt HTTP/1.1" 200 2438 "-" "Mozilla/5.0 (compatible; SemrushBot; +http://www.semrush.com/bot.html)"
114.119.154.200 - - [26/Dec/2020:09:10:11 +0100] "GET /images/big_prod_1/8424345302896B.jpg HTTP/1.1" 200 59132 "-" "Mozilla/5.0 (Linux; Android 7.0;) AppleWebKit/537.36 (KHTML, like Gecko) Mobile Safari/537.36 (compatible; PetalBot;+https://aspiegel.com/petalbot)"
114.119.145.117 - - [26/Dec/2020:09:14:32 +0100] "GET /images/big_prod/3453131151511.jpg HTTP/1.1" 200 64088 "-" "Mozilla/5.0 (Linux; Android 7.0;) AppleWebKit/537.36 (KHTML, like Gecko) Mobile Safari/537.36 (compatible; PetalBot;+https://aspiegel.com/petalbot)"
66.249.70.62 - - [26/Dec/2020:09:16:15 +0100] "GET /images/mini_prod/8433933714560.jpg HTTP/1.1" 200 7238 "-" "Googlebot-Image/1.0"
114.119.132.105 - - [26/Dec/2020:09:18:49 +0100] "GET /images/big_prod/8433933180587.jpg HTTP/1.1" 200 117412 "-" "Mozilla/5.0 (Linux; Android 7.0;) AppleWebKit/537.36 (KHTML, like Gecko) Mobile Safari/537.36 (compatible; PetalBot;+https://aspiegel.com/petalbot)"
114.119.158.196 - - [26/Dec/2020:09:23:10 +0100] "GET /images/mini_prod/8424001468430.jpg HTTP/1.1" 200 9993 "-" "Mozilla/5.0 (Linux; Android 7.0;) AppleWebKit/537.36 (KHTML, like Gecko) Mobile Safari/537.36 (compatible; PetalBot;+https://aspiegel.com/petalbot)"
66.249.70.62 - - [26/Dec/2020:09:26:14 +0100] "GET /images/big_prod_1/1328399270569B.jpg HTTP/1.1" 200 271746 "-" "Googlebot-Image/1.0"
114.119.158.196 - - [26/Dec/2020:09:27:30 +0100] "GET /images/big_prod/9316188076043.jpg HTTP/1.1" 200 117381 "-" "Mozilla/5.0 (Linux; Android 7.0;) AppleWebKit/537.36 (KHTML, like Gecko) Mobile Safari/537.36 (compatible; PetalBot;+https://aspiegel.com/petalbot)"
114.119.129.36 - - [26/Dec/2020:09:36:12 +0100] "GET /images/mini_prod/7630024997227.jpg HTTP/1.1" 200 5115 "-" "Mozilla/5.0 (Linux; Android 7.0;) AppleWebKit/537.36 (KHTML, like Gecko) Mobile Safari/537.36 (compatible; PetalBot;+https://aspiegel.com/petalbot)"
66.249.70.36 - - [26/Dec/2020:09:36:17 +0100] "GET /images/big_prod_1/1328399270460B.jpg HTTP/1.1" 200 307953 "-" "Googlebot-Image/1.0"
114.119.132.105 - - [26/Dec/2020:09:40:35 +0100] "GET /images/med_prod/5051276182773.jpg HTTP/1.1" 200 96620 "-" "Mozilla/5.0 (Linux; Android 7.0;) AppleWebKit/537.36 (KHTML, like Gecko) Mobile Safari/537.36 (compatible; PetalBot;+https://aspiegel.com/petalbot)"
66.249.70.33 - - [26/Dec/2020:09:42:45 +0100] "GET /js/modernizr-transitions.js HTTP/1.1" 200 2026 "http://www.wonder-geek.com/tea-pot-c-12_175.html" "Mozilla/5.0 (Linux; Android 6.0.1; Nexus 5X Build/MMB29P) AppleWebKit/537.36 (KHTML, like Gecko) Chrome/87.0.4280.90 Mobile Safari/537.36 (compatible; Googlebot/2.1; +http://www.google.com/bot.html)"
114.119.147.45 - - [26/Dec/2020:09:44:54 +0100] "GET /images/mini_prod/8424345292906.jpg HTTP/1.1" 200 4694 "-" "Mozilla/5.0 (Linux; Android 7.0;) AppleWebKit/537.36 (KHTML, like Gecko) Mobile Safari/537.36 (compatible; PetalBot;+https://aspiegel.com/petalbot)"
114.119.151.113 - - [26/Dec/2020:09:49:10 +0100] "GET /images/mini_prod/klimt4.jpg HTTP/1.1" 200 8473 "-" "Mozilla/5.0 (Linux; Android 7.0;) AppleWebKit/537.36 (KHTML, like Gecko) Mobile Safari/537.36 (compatible; PetalBot;+https://aspiegel.com/petalbot)"
77.75.78.164 - - [26/Dec/2020:09:50:57 +0100] "GET /robots.txt HTTP/1.1" 200 2438 "-" "Mozilla/5.0 (compatible; SeznamBot/3.2; +http://napoveda.seznam.cz/en/seznambot-intro/)"
77.75.78.164 - - [26/Dec/2020:09:50:58 +0100] "GET /images/mini_prod/3612872111363.jpg HTTP/1.1" 200 7213 "-" "Mozilla/5.0 (compatible; SeznamBot/3.2; +http://napoveda.seznam.cz/en/seznambot-intro/)"
114.119.132.105 - - [26/Dec/2020:09:53:32 +0100] "GET /images/med_prod/8433933011805.jpg HTTP/1.1" 200 129326 "-" "Mozilla/5.0 (Linux; Android 7.0;) AppleWebKit/537.36 (KHTML, like Gecko) Mobile Safari/537.36 (compatible; PetalBot;+https://aspiegel.com/petalbot)"
66.249.81.168 - - [26/Dec/2020:09:55:20 +0100] "GET /images/big_prod/3760119606575.jpg HTTP/1.1" 200 64955 "-" "Mozilla/5.0 (Windows NT 5.1; rv:11.0) Gecko Firefox/11.0 (via ggpht.com GoogleImageProxy)"
66.249.70.36 - - [26/Dec/2020:09:55:56 +0100] "GET /images/mini_prod/3565750277951.jpg HTTP/1.1" 200 3858 "-" "Googlebot-Image/1.0"
95.90.205.63 - - [26/Dec/2020:09:55:57 +0100] "GET /templates/Pixame_v1/stylesheet.css HTTP/1.1" 200 56057 "http://www.wonder-geek.com/" "Mozilla/5.0 (iPhone; CPU iPhone OS 14_2 like Mac OS X) AppleWebKit/605.1.15 (KHTML, like Gecko) Version/14.0.1 Mobile/15E148 Safari/604.1"
95.90.205.63 - - [26/Dec/2020:09:55:57 +0100] "GET /js/jquery.jqzoom.js HTTP/1.1" 200 4761 "http://www.wonder-geek.com/" "Mozilla/5.0 (iPhone; CPU iPhone OS 14_2 like Mac OS X) AppleWebKit/605.1.15 (KHTML, like Gecko) Version/14.0.1 Mobile/15E148 Safari/604.1"
95.90.205.63 - - [26/Dec/2020:09:55:57 +0100] "GET /highslide/highslide.js HTTP/1.1" 200 42909 "http://www.wonder-geek.com/" "Mozilla/5.0 (iPhone; CPU iPhone OS 14_2 like Mac OS X) AppleWebKit/605.1.15 (KHTML, like Gecko) Version/14.0.1 Mobile/15E148 Safari/604.1"
95.90.205.63 - - [26/Dec/2020:09:55:57 +0100] "GET /js/jquery.js HTTP/1.1" 200 54075 "http://www.wonder-geek.com/" "Mozilla/5.0 (iPhone; CPU iPhone OS 14_2 like Mac OS X) AppleWebKit/605.1.15 (KHTML, like Gecko) Version/14.0.1 Mobile/15E148 Safari/604.1"
95.90.205.63 - - [26/Dec/2020:09:55:57 +0100] "GET /templates/Pixame_v1/images/icon_accueil2.png HTTP/1.1" 200 1137 "http://www.wonder-geek.com/" "Mozilla/5.0 (iPhone; CPU iPhone OS 14_2 like Mac OS X) AppleWebKit/605.1.15 (KHTML, like Gecko) Version/14.0.1 Mobile/15E148 Safari/604.1"
95.90.205.63 - - [26/Dec/2020:09:55:57 +0100] "GET /mondial_relay/js/jquery-1.3.2.min.js HTTP/1.1" 200 57254 "http://www.wonder-geek.com/" "Mozilla/5.0 (iPhone; CPU iPhone OS 14_2 like Mac OS X) AppleWebKit/605.1.15 (KHTML, like Gecko) Version/14.0.1 Mobile/15E148 Safari/604.1"
95.90.205.63 - - [26/Dec/2020:09:55:57 +0100] "GET /images/big_prod/3760119606575.jpg HTTP/1.1" 200 64955 "http://www.wonder-geek.com/" "Mozilla/5.0 (iPhone; CPU iPhone OS 14_2 like Mac OS X) AppleWebKit/605.1.15 (KHTML, like Gecko) Version/14.0.1 Mobile/15E148 Safari/604.1"
95.90.205.63 - - [26/Dec/2020:09:55:57 +0100] "GET /templates/Pixame_v1/images/buttons/english/button_in_cart.gif HTTP/1.1" 200 1212 "http://www.wonder-geek.com/" "Mozilla/5.0 (iPhone; CPU iPhone OS 14_2 like Mac OS X) AppleWebKit/605.1.15 (KHTML, like Gecko) Version/14.0.1 Mobile/15E148 Safari/604.1"
95.90.205.63 - - [26/Dec/2020:09:55:57 +0100] "GET /images/mini_prod/3760119600214.jpg HTTP/1.1" 200 5440 "http://www.wonder-geek.com/" "Mozilla/5.0 (iPhone; CPU iPhone OS 14_2 like Mac OS X) AppleWebKit/605.1.15 (KHTML, like Gecko) Version/14.0.1 Mobile/15E148 Safari/604.1"
95.90.205.63 - - [26/Dec/2020:09:55:57 +0100] "GET /images/big_prod_1/b3760119606575.jpg HTTP/1.1" 200 89589 "http://www.wonder-geek.com/" "Mozilla/5.0 (iPhone; CPU iPhone OS 14_2 like Mac OS X) AppleWebKit/605.1.15 (KHTML, like Gecko) Version/14.0.1 Mobile/15E148 Safari/604.1"
95.90.205.63 - - [26/Dec/2020:09:55:57 +0100] "GET /templates/Pixame_v1/images/nav.png HTTP/1.1" 200 1283 "http://www.wonder-geek.com/" "Mozilla/5.0 (iPhone; CPU iPhone OS 14_2 like Mac OS X) AppleWebKit/605.1.15 (KHTML, like Gecko) Version/14.0.1 Mobile/15E148 Safari/604.1"
95.90.205.63 - - [26/Dec/2020:09:55:57 +0100] "GET /templates/Pixame_v1/images/Bottom_texture.jpg HTTP/1.1" 200 56290 "http://www.wonder-geek.com/" "Mozilla/5.0 (iPhone; CPU iPhone OS 14_2 like Mac OS X) AppleWebKit/605.1.15 (KHTML, like Gecko) Version/14.0.1 Mobile/15E148 Safari/604.1"
95.90.205.63 - - [26/Dec/2020:09:55:57 +0100] "GET /templates/Pixame_v1/images/header.png HTTP/1.1" 200 70245 "http://www.wonder-geek.com/" "Mozilla/5.0 (iPhone; CPU iPhone OS 14_2 like Mac OS X) AppleWebKit/605.1.15 (KHTML, like Gecko) Version/14.0.1 Mobile/15E148 Safari/604.1"
95.90.205.63 - - [26/Dec/2020:09:55:57 +0100] "GET /design/productsenstock.png HTTP/1.1" 200 4743 "http://www.wonder-geek.com/" "Mozilla/5.0 (iPhone; CPU iPhone OS 14_2 like Mac OS X) AppleWebKit/605.1.15 (KHTML, like Gecko) Version/14.0.1 Mobile/15E148 Safari/604.1"
95.90.205.63 - - [26/Dec/2020:09:55:57 +0100] "GET /templates/Pixame_v1/images/header-object.png HTTP/1.1" 200 106050 "http://www.wonder-geek.com/" "Mozilla/5.0 (iPhone; CPU iPhone OS 14_2 like Mac OS X) AppleWebKit/605.1.15 (KHTML, like Gecko) Version/14.0.1 Mobile/15E148 Safari/604.1"
95.90.205.63 - - [26/Dec/2020:09:55:57 +0100] "GET /templates/Pixame_v1/images/Middle_texture.jpg HTTP/1.1" 200 249620 "http://www.wonder-geek.com/" "Mozilla/5.0 (iPhone; CPU iPhone OS 14_2 like Mac OS X) AppleWebKit/605.1.15 (KHTML, like Gecko) Version/14.0.1 Mobile/15E148 Safari/604.1"
95.90.205.63 - - [26/Dec/2020:09:55:57 +0100] "GET /highslide/graphics/outlines/drop-shadow.png HTTP/1.1" 200 2022 "http://www.wonder-geek.com/" "Mozilla/5.0 (iPhone; CPU iPhone OS 14_2 like Mac OS X) AppleWebKit/605.1.15 (KHTML, like Gecko) Version/14.0.1 Mobile/15E148 Safari/604.1"
95.90.205.63 - - [26/Dec/2020:09:55:58 +0100] "GET /favicon.ico HTTP/1.1" 200 1591 "http://www.wonder-geek.com/" "Mozilla/5.0 (iPhone; CPU iPhone OS 14_2 like Mac OS X) AppleWebKit/605.1.15 (KHTML, like Gecko) Version/14.0.1 Mobile/15E148 Safari/604.1"
40.77.188.75 - - [26/Dec/2020:09:58:57 +0100] "GET /templates/Pixame_v1/stylesheet.css HTTP/1.1" 200 56057 "-" "Mozilla/5.0 (Windows NT 6.1; WOW64) AppleWebKit/534+ (KHTML, like Gecko) BingPreview/1.0b"
66.249.70.62 - - [26/Dec/2020:10:05:47 +0100] "GET /images/mini_prod/8433933378274.jpg HTTP/1.1" 200 6670 "-" "Googlebot-Image/1.0"
86.47.106.197 - - [26/Dec/2020:10:06:36 +0100] "GET /templates/Pixame_v1/stylesheet.css HTTP/1.1" 200 56057 "http://www.wonder-geek.com/monster-frankenstein-money-box-p-28127.html" "Mozilla/5.0 (iPhone; CPU iPhone OS 14_2 like Mac OS X) AppleWebKit/605.1.15 (KHTML, like Gecko) Version/14.0.1 Mobile/15E148 Safari/604.1"
86.47.106.197 - - [26/Dec/2020:10:06:36 +0100] "GET /js/jquery.jqzoom.js HTTP/1.1" 200 4761 "http://www.wonder-geek.com/monster-frankenstein-money-box-p-28127.html" "Mozilla/5.0 (iPhone; CPU iPhone OS 14_2 like Mac OS X) AppleWebKit/605.1.15 (KHTML, like Gecko) Version/14.0.1 Mobile/15E148 Safari/604.1"
86.47.106.197 - - [26/Dec/2020:10:06:36 +0100] "GET /mondial_relay/js/jquery-1.3.2.min.js HTTP/1.1" 200 57254 "http://www.wonder-geek.com/monster-frankenstein-money-box-p-28127.html" "Mozilla/5.0 (iPhone; CPU iPhone OS 14_2 like Mac OS X) AppleWebKit/605.1.15 (KHTML, like Gecko) Version/14.0.1 Mobile/15E148 Safari/604.1"
86.47.106.197 - - [26/Dec/2020:10:06:36 +0100] "GET /highslide/highslide.js HTTP/1.1" 200 42909 "http://www.wonder-geek.com/monster-frankenstein-money-box-p-28127.html" "Mozilla/5.0 (iPhone; CPU iPhone OS 14_2 like Mac OS X) AppleWebKit/605.1.15 (KHTML, like Gecko) Version/14.0.1 Mobile/15E148 Safari/604.1"
86.47.106.197 - - [26/Dec/2020:10:06:36 +0100] "GET /templates/Pixame_v1/images/icon_accueil2.png HTTP/1.1" 200 1137 "http://www.wonder-geek.com/monster-frankenstein-money-box-p-28127.html" "Mozilla/5.0 (iPhone; CPU iPhone OS 14_2 like Mac OS X) AppleWebKit/605.1.15 (KHTML, like Gecko) Version/14.0.1 Mobile/15E148 Safari/604.1"
86.47.106.197 - - [26/Dec/2020:10:06:36 +0100] "GET /js/jquery.js HTTP/1.1" 200 54075 "http://www.wonder-geek.com/monster-frankenstein-money-box-p-28127.html" "Mozilla/5.0 (iPhone; CPU iPhone OS 14_2 like Mac OS X) AppleWebKit/605.1.15 (KHTML, like Gecko) Version/14.0.1 Mobile/15E148 Safari/604.1"
86.47.106.197 - - [26/Dec/2020:10:06:36 +0100] "GET /templates/Pixame_v1/images/nav.png HTTP/1.1" 200 1283 "http://www.wonder-geek.com/monster-frankenstein-money-box-p-28127.html" "Mozilla/5.0 (iPhone; CPU iPhone OS 14_2 like Mac OS X) AppleWebKit/605.1.15 (KHTML, like Gecko) Version/14.0.1 Mobile/15E148 Safari/604.1"
86.47.106.197 - - [26/Dec/2020:10:06:36 +0100] "GET /templates/Pixame_v1/images/Bottom_texture.jpg HTTP/1.1" 200 56290 "http://www.wonder-geek.com/monster-frankenstein-money-box-p-28127.html" "Mozilla/5.0 (iPhone; CPU iPhone OS 14_2 like Mac OS X) AppleWebKit/605.1.15 (KHTML, like Gecko) Version/14.0.1 Mobile/15E148 Safari/604.1"
86.47.106.197 - - [26/Dec/2020:10:06:36 +0100] "GET /templates/Pixame_v1/images/header.png HTTP/1.1" 200 70245 "http://www.wonder-geek.com/monster-frankenstein-money-box-p-28127.html" "Mozilla/5.0 (iPhone; CPU iPhone OS 14_2 like Mac OS X) AppleWebKit/605.1.15 (KHTML, like Gecko) Version/14.0.1 Mobile/15E148 Safari/604.1"
86.47.106.197 - - [26/Dec/2020:10:06:36 +0100] "GET /design/productsenstock.png HTTP/1.1" 200 4743 "http://www.wonder-geek.com/monster-frankenstein-money-box-p-28127.html" "Mozilla/5.0 (iPhone; CPU iPhone OS 14_2 like Mac OS X) AppleWebKit/605.1.15 (KHTML, like Gecko) Version/14.0.1 Mobile/15E148 Safari/604.1"
86.47.106.197 - - [26/Dec/2020:10:06:36 +0100] "GET /templates/Pixame_v1/images/header-object.png HTTP/1.1" 200 106050 "http://www.wonder-geek.com/monster-frankenstein-money-box-p-28127.html" "Mozilla/5.0 (iPhone; CPU iPhone OS 14_2 like Mac OS X) AppleWebKit/605.1.15 (KHTML, like Gecko) Version/14.0.1 Mobile/15E148 Safari/604.1"
86.47.106.197 - - [26/Dec/2020:10:06:36 +0100] "GET /templates/Pixame_v1/images/Middle_texture.jpg HTTP/1.1" 200 249620 "http://www.wonder-geek.com/monster-frankenstein-money-box-p-28127.html" "Mozilla/5.0 (iPhone; CPU iPhone OS 14_2 like Mac OS X) AppleWebKit/605.1.15 (KHTML, like Gecko) Version/14.0.1 Mobile/15E148 Safari/604.1"
86.47.106.197 - - [26/Dec/2020:10:06:36 +0100] "GET /highslide/graphics/outlines/drop-shadow.png HTTP/1.1" 200 2022 "http://www.wonder-geek.com/monster-frankenstein-money-box-p-28127.html" "Mozilla/5.0 (iPhone; CPU iPhone OS 14_2 like Mac OS X) AppleWebKit/605.1.15 (KHTML, like Gecko) Version/14.0.1 Mobile/15E148 Safari/604.1"
86.47.106.197 - - [26/Dec/2020:10:06:36 +0100] "GET /favicon.ico HTTP/1.1" 200 1591 "http://www.wonder-geek.com/monster-frankenstein-money-box-p-28127.html" "Mozilla/5.0 (iPhone; CPU iPhone OS 14_2 like Mac OS X) AppleWebKit/605.1.15 (KHTML, like Gecko) Version/14.0.1 Mobile/15E148 Safari/604.1"
114.119.154.200 - - [26/Dec/2020:10:10:55 +0100] "GET /images/mini_prod/3565750286298.jpg HTTP/1.1" 200 4408 "-" "Mozilla/5.0 (Linux; Android 7.0;) AppleWebKit/537.36 (KHTML, like Gecko) Mobile Safari/537.36 (compatible; PetalBot;+https://aspiegel.com/petalbot)"
66.249.83.79 - - [26/Dec/2020:10:14:36 +0100] "GET /favicon.ico HTTP/1.1" 200 1591 "-" "Mozilla/5.0 (X11; Linux x86_64) AppleWebKit/537.36 (KHTML, like Gecko) Chrome/49.0.2623.75 Safari/537.36 Google Favicon"
66.249.70.62 - - [26/Dec/2020:10:15:35 +0100] "GET /images/mini_prod/8422051900009.jpg HTTP/1.1" 200 5506 "-" "Googlebot-Image/1.0"
114.119.132.105 - - [26/Dec/2020:10:19:33 +0100] "GET /images/big_prod_2/3665269082005b.jpg HTTP/1.1" 200 134453 "-" "Mozilla/5.0 (Linux; Android 7.0;) AppleWebKit/537.36 (KHTML, like Gecko) Mobile Safari/537.36 (compatible; PetalBot;+https://aspiegel.com/petalbot)"
114.119.147.45 - - [26/Dec/2020:10:23:57 +0100] "GET /images/mini_prod/3503420121333.jpg HTTP/1.1" 200 6087 "-" "Mozilla/5.0 (Linux; Android 7.0;) AppleWebKit/537.36 (KHTML, like Gecko) Mobile Safari/537.36 (compatible; PetalBot;+https://aspiegel.com/petalbot)"
114.119.158.196 - - [26/Dec/2020:10:28:15 +0100] "GET /images/big_prod/1300000024051NN.jpg HTTP/1.1" 200 48961 "-" "Mozilla/5.0 (Linux; Android 7.0;) AppleWebKit/537.36 (KHTML, like Gecko) Mobile Safari/537.36 (compatible; PetalBot;+https://aspiegel.com/petalbot)"
5.255.231.71 - - [26/Dec/2020:10:32:27 +0100] "GET /robots.txt HTTP/1.1" 200 2438 "-" "Mozilla/5.0 (compatible; YandexBot/3.0; +http://yandex.com/bots)"
5.255.231.71 - - [26/Dec/2020:10:32:31 +0100] "GET /images/med_prod/N1384010176153N.jpg HTTP/1.1" 200 76146 "-" "Mozilla/5.0 (compatible; YandexImages/3.0; +http://yandex.com/bots)"
114.119.150.15 - - [26/Dec/2020:10:32:36 +0100] "GET /images/big_prod/5051276212487.jpg HTTP/1.1" 200 85468 "-" "Mozilla/5.0 (Linux; Android 7.0;) AppleWebKit/537.36 (KHTML, like Gecko) Mobile Safari/537.36 (compatible; PetalBot;+https://aspiegel.com/petalbot)"
66.249.70.62 - - [26/Dec/2020:10:35:36 +0100] "GET /images/big_prod_1/3520071714707a.jpg HTTP/1.1" 200 202371 "-" "Googlebot-Image/1.0"
66.249.70.62 - - [26/Dec/2020:10:45:45 +0100] "GET /images/big_prod_1/1328399270477B.jpg HTTP/1.1" 200 180609 "-" "Googlebot-Image/1.0"
5.255.231.71 - - [26/Dec/2020:10:49:34 +0100] "GET /images/041689210618.jpg HTTP/1.1" 200 82816 "-" "Mozilla/5.0 (compatible; YandexImages/3.0; +http://yandex.com/bots)"
5.255.231.71 - - [26/Dec/2020:10:49:38 +0100] "GET /images/041689210595.jpg HTTP/1.1" 200 103257 "-" "Mozilla/5.0 (compatible; YandexImages/3.0; +http://yandex.com/bots)"
114.119.145.117 - - [26/Dec/2020:10:49:54 +0100] "GET /images/mini_prod/8424346366798.jpg HTTP/1.1" 200 10930 "-" "Mozilla/5.0 (Linux; Android 7.0;) AppleWebKit/537.36 (KHTML, like Gecko) Mobile Safari/537.36 (compatible; PetalBot;+https://aspiegel.com/petalbot)"
5.255.231.71 - - [26/Dec/2020:10:54:00 +0100] "GET /images/med_prod/1341689418243.jpg HTTP/1.1" 200 82108 "-" "Mozilla/5.0 (compatible; YandexImages/3.0; +http://yandex.com/bots)"
5.255.231.71 - - [26/Dec/2020:10:54:07 +0100] "GET /images/1341689418267.jpg HTTP/1.1" 200 103261 "-" "Mozilla/5.0 (compatible; YandexImages/3.0; +http://yandex.com/bots)"
114.119.151.113 - - [26/Dec/2020:10:54:16 +0100] "GET /images/big_prod/1399986100828.jpg HTTP/1.1" 200 116460 "-" "Mozilla/5.0 (Linux; Android 7.0;) AppleWebKit/537.36 (KHTML, like Gecko) Mobile Safari/537.36 (compatible; PetalBot;+https://aspiegel.com/petalbot)"
114.119.158.196 - - [26/Dec/2020:10:58:36 +0100] "GET /images/mini_prod/3503420190629.jpg HTTP/1.1" 200 4694 "-" "Mozilla/5.0 (Linux; Android 7.0;) AppleWebKit/537.36 (KHTML, like Gecko) Mobile Safari/537.36 (compatible; PetalBot;+https://aspiegel.com/petalbot)"
114.119.129.36 - - [26/Dec/2020:11:02:58 +0100] "GET /images/big_prod_2/8413930772985C.jpg HTTP/1.1" 200 109260 "-" "Mozilla/5.0 (Linux; Android 7.0;) AppleWebKit/537.36 (KHTML, like Gecko) Mobile Safari/537.36 (compatible; PetalBot;+https://aspiegel.com/petalbot)"
66.249.70.33 - - [26/Dec/2020:11:06:07 +0100] "GET /images/mini_prod/8718375752265.jpg HTTP/1.1" 200 7119 "-" "Googlebot-Image/1.0"
114.119.151.113 - - [26/Dec/2020:11:11:40 +0100] "GET /images/big_prod/8424001544752.jpg HTTP/1.1" 200 64564 "-" "Mozilla/5.0 (Linux; Android 7.0;) AppleWebKit/537.36 (KHTML, like Gecko) Mobile Safari/537.36 (compatible; PetalBot;+https://aspiegel.com/petalbot)"
114.119.130.202 - - [26/Dec/2020:11:15:56 +0100] "GET /images/mini_prod/3453131154024.jpg HTTP/1.1" 200 4762 "-" "Mozilla/5.0 (Linux; Android 7.0;) AppleWebKit/537.36 (KHTML, like Gecko) Mobile Safari/537.36 (compatible; PetalBot;+https://aspiegel.com/petalbot)"
66.249.70.62 - - [26/Dec/2020:11:16:06 +0100] "GET /images/mini_prod/1384010177235.jpg HTTP/1.1" 200 4929 "-" "Googlebot-Image/1.0"
67.195.177.128 - - [26/Dec/2020:11:19:56 +0100] "GET /images/4895028507718.jpg HTTP/1.1" 200 114064 "https://es.images.search.yahoo.com/" "YahooCacheSystem; YahooWebServiceClient"
66.249.81.168 - - [26/Dec/2020:11:20:58 +0100] "GET /images/big_prod/3520071778488.jpg HTTP/1.1" 200 125051 "-" "Mozilla/5.0 (Windows NT 5.1; rv:11.0) Gecko Firefox/11.0 (via ggpht.com GoogleImageProxy)"
87.1.51.193 - - [26/Dec/2020:11:21:06 +0100] "GET /js/jquery.jqzoom.js HTTP/1.1" 200 4761 "http://www.wonder-geek.com/giraffe-wall-decoration-in-resin-p-52575.html" "Mozilla/5.0 (Linux; Android 9; ANE-LX1) AppleWebKit/537.36 (KHTML, like Gecko) Chrome/87.0.4280.101 Mobile Safari/537.36"
87.1.51.193 - - [26/Dec/2020:11:21:06 +0100] "GET /templates/Pixame_v1/stylesheet.css HTTP/1.1" 200 56057 "http://www.wonder-geek.com/giraffe-wall-decoration-in-resin-p-52575.html" "Mozilla/5.0 (Linux; Android 9; ANE-LX1) AppleWebKit/537.36 (KHTML, like Gecko) Chrome/87.0.4280.101 Mobile Safari/537.36"
87.1.51.193 - - [26/Dec/2020:11:21:06 +0100] "GET /highslide/highslide.js HTTP/1.1" 200 42909 "http://www.wonder-geek.com/giraffe-wall-decoration-in-resin-p-52575.html" "Mozilla/5.0 (Linux; Android 9; ANE-LX1) AppleWebKit/537.36 (KHTML, like Gecko) Chrome/87.0.4280.101 Mobile Safari/537.36"
87.1.51.193 - - [26/Dec/2020:11:21:06 +0100] "GET /js/jquery.js HTTP/1.1" 200 54075 "http://www.wonder-geek.com/giraffe-wall-decoration-in-resin-p-52575.html" "Mozilla/5.0 (Linux; Android 9; ANE-LX1) AppleWebKit/537.36 (KHTML, like Gecko) Chrome/87.0.4280.101 Mobile Safari/537.36"
87.1.51.193 - - [26/Dec/2020:11:21:06 +0100] "GET /mondial_relay/js/jquery-1.3.2.min.js HTTP/1.1" 200 57254 "http://www.wonder-geek.com/giraffe-wall-decoration-in-resin-p-52575.html" "Mozilla/5.0 (Linux; Android 9; ANE-LX1) AppleWebKit/537.36 (KHTML, like Gecko) Chrome/87.0.4280.101 Mobile Safari/537.36"
87.1.51.193 - - [26/Dec/2020:11:21:06 +0100] "GET /templates/Pixame_v1/images/icon_accueil2.png HTTP/1.1" 200 1137 "http://www.wonder-geek.com/giraffe-wall-decoration-in-resin-p-52575.html" "Mozilla/5.0 (Linux; Android 9; ANE-LX1) AppleWebKit/537.36 (KHTML, like Gecko) Chrome/87.0.4280.101 Mobile Safari/537.36"
87.1.51.193 - - [26/Dec/2020:11:21:06 +0100] "GET /templates/Pixame_v1/images/buttons/english/button_in_cart.gif HTTP/1.1" 200 1212 "http://www.wonder-geek.com/giraffe-wall-decoration-in-resin-p-52575.html" "Mozilla/5.0 (Linux; Android 9; ANE-LX1) AppleWebKit/537.36 (KHTML, like Gecko) Chrome/87.0.4280.101 Mobile Safari/537.36"
87.1.51.193 - - [26/Dec/2020:11:21:06 +0100] "GET /images/big_prod/3520071778488.jpg HTTP/1.1" 200 125051 "http://www.wonder-geek.com/giraffe-wall-decoration-in-resin-p-52575.html" "Mozilla/5.0 (Linux; Android 9; ANE-LX1) AppleWebKit/537.36 (KHTML, like Gecko) Chrome/87.0.4280.101 Mobile Safari/537.36"
87.1.51.193 - - [26/Dec/2020:11:21:06 +0100] "GET /templates/Pixame_v1/images/nav.png HTTP/1.1" 200 1283 "http://www.wonder-geek.com/templates/Pixame_v1/stylesheet.css" "Mozilla/5.0 (Linux; Android 9; ANE-LX1) AppleWebKit/537.36 (KHTML, like Gecko) Chrome/87.0.4280.101 Mobile Safari/537.36"
87.1.51.193 - - [26/Dec/2020:11:21:06 +0100] "GET /templates/Pixame_v1/images/header.png HTTP/1.1" 200 70245 "http://www.wonder-geek.com/templates/Pixame_v1/stylesheet.css" "Mozilla/5.0 (Linux; Android 9; ANE-LX1) AppleWebKit/537.36 (KHTML, like Gecko) Chrome/87.0.4280.101 Mobile Safari/537.36"
87.1.51.193 - - [26/Dec/2020:11:21:06 +0100] "GET /templates/Pixame_v1/images/Bottom_texture.jpg HTTP/1.1" 200 56290 "http://www.wonder-geek.com/templates/Pixame_v1/stylesheet.css" "Mozilla/5.0 (Linux; Android 9; ANE-LX1) AppleWebKit/537.36 (KHTML, like Gecko) Chrome/87.0.4280.101 Mobile Safari/537.36"
87.1.51.193 - - [26/Dec/2020:11:21:06 +0100] "GET /templates/Pixame_v1/images/Middle_texture.jpg HTTP/1.1" 200 249620 "http://www.wonder-geek.com/templates/Pixame_v1/stylesheet.css" "Mozilla/5.0 (Linux; Android 9; ANE-LX1) AppleWebKit/537.36 (KHTML, like Gecko) Chrome/87.0.4280.101 Mobile Safari/537.36"
