13.66.139.153 - - [11/Jan/2021:23:34:13 +0100] "GET /disney-by-britto-mickey-and-minnie-mouse-limited-edition-p-47684.html HTTP/1.0" 200 73423 "-" "Mozilla/5.0 (compatible; bingbot/2.0; +http://www.bing.com/bingbot.htm)"
13.66.139.153 - - [11/Jan/2021:23:34:14 +0100] "GET /my-little-poney-post-p-18102.html HTTP/1.0" 200 71825 "-" "Mozilla/5.0 (compatible; bingbot/2.0; +http://www.bing.com/bingbot.htm)"
13.66.139.153 - - [11/Jan/2021:23:34:15 +0100] "GET /mickey-ceiling-light-glass-p-6798.html HTTP/1.0" 200 72048 "-" "Mozilla/5.0 (compatible; bingbot/2.0; +http://www.bing.com/bingbot.htm)"
13.66.139.153 - - [11/Jan/2021:23:34:16 +0100] "GET /maya-the-bees-suitcase-lunch-box-p-14417.html HTTP/1.0" 200 72217 "-" "Mozilla/5.0 (compatible; bingbot/2.0; +http://www.bing.com/bingbot.htm)"
13.66.139.153 - - [11/Jan/2021:23:34:17 +0100] "GET /cccp-logo-adult-cap-by-cbkreation-p-36533.html HTTP/1.0" 200 71986 "-" "Mozilla/5.0 (compatible; bingbot/2.0; +http://www.bing.com/bingbot.htm)"
13.66.139.153 - - [11/Jan/2021:23:34:18 +0100] "GET /mani-lucky-cat-fuchsia-pen-p-37336.html HTTP/1.0" 200 71937 "-" "Mozilla/5.0 (compatible; bingbot/2.0; +http://www.bing.com/bingbot.htm)"
13.66.139.153 - - [11/Jan/2021:23:34:19 +0100] "GET /large-triptych-hanging-clock-airplane-metal-and-wood-207-cm-p-51998.html HTTP/1.0" 200 73483 "-" "Mozilla/5.0 (compatible; bingbot/2.0; +http://www.bing.com/bingbot.htm)"
13.66.139.153 - - [11/Jan/2021:23:34:20 +0100] "GET /hello-kitty-camomilla-cosmetic-bag-lilac-and-glitters-p-18442.html HTTP/1.0" 200 72590 "-" "Mozilla/5.0 (compatible; bingbot/2.0; +http://www.bing.com/bingbot.htm)"
13.66.139.153 - - [11/Jan/2021:23:34:21 +0100] "GET /tiana-princess-passion-figurine-p-52399.html HTTP/1.0" 200 73288 "-" "Mozilla/5.0 (compatible; bingbot/2.0; +http://www.bing.com/bingbot.htm)"
13.66.139.153 - - [11/Jan/2021:23:34:22 +0100] "GET /tetsubin-light-teapot-japanese-06-liter-p-40139.html HTTP/1.0" 200 72177 "-" "Mozilla/5.0 (compatible; bingbot/2.0; +http://www.bing.com/bingbot.htm)"
13.66.139.153 - - [11/Jan/2021:23:34:23 +0100] "GET /betty-boop-cap-glove-set-for-child-p-22126.html HTTP/1.0" 200 76173 "-" "Mozilla/5.0 (compatible; bingbot/2.0; +http://www.bing.com/bingbot.htm)"
13.66.139.153 - - [11/Jan/2021:23:34:23 +0100] "GET /betty-boop-strass-mug-p-6850.html HTTP/1.0" 301 69256 "-" "Mozilla/5.0 (compatible; bingbot/2.0; +http://www.bing.com/bingbot.htm)"
13.66.139.153 - - [11/Jan/2021:23:34:24 +0100] "GET /small-postcard-plate-with-envelope-15-105-cm-p-40126.html HTTP/1.0" 200 72093 "-" "Mozilla/5.0 (compatible; bingbot/2.0; +http://www.bing.com/bingbot.htm)"
13.66.139.153 - - [11/Jan/2021:23:34:25 +0100] "GET /russian-dolls-mouse-pad-by-cbkreation-p-18687.html HTTP/1.0" 200 71908 "-" "Mozilla/5.0 (compatible; bingbot/2.0; +http://www.bing.com/bingbot.htm)"
13.66.139.153 - - [11/Jan/2021:23:34:26 +0100] "GET /blue-butterfly-women-tee-shirt-p-30728.html HTTP/1.0" 200 73879 "-" "Mozilla/5.0 (compatible; bingbot/2.0; +http://www.bing.com/bingbot.htm)"
185.191.171.10 - - [11/Jan/2021:23:34:27 +0100] "GET /tablecloth-washed-linen-170-250-cm-paon-p-48125.html HTTP/1.0" 301 69259 "-" "Mozilla/5.0 (compatible; SemrushBot/7~bl; +http://www.semrush.com/bot.html)"
13.66.139.153 - - [11/Jan/2021:23:34:27 +0100] "GET /tooth-glass-paris-eau-de-parfum-p-37460.html HTTP/1.0" 200 71933 "-" "Mozilla/5.0 (compatible; bingbot/2.0; +http://www.bing.com/bingbot.htm)"
13.66.139.153 - - [11/Jan/2021:23:34:28 +0100] "GET /angel-glitter-ball-p-27610.html HTTP/1.0" 200 72056 "-" "Mozilla/5.0 (compatible; bingbot/2.0; +http://www.bing.com/bingbot.htm)"
13.66.139.153 - - [11/Jan/2021:23:34:29 +0100] "GET /tinted-candle-in-the-mass-dark-blue-color-p-48926.html HTTP/1.0" 200 71967 "-" "Mozilla/5.0 (compatible; bingbot/2.0; +http://www.bing.com/bingbot.htm)"
13.66.139.153 - - [11/Jan/2021:23:34:30 +0100] "GET /the-simpsons-team-beach-towel-p-18820.html HTTP/1.0" 200 72009 "-" "Mozilla/5.0 (compatible; bingbot/2.0; +http://www.bing.com/bingbot.htm)"
185.191.171.16 - - [11/Jan/2021:23:34:29 +0100] "GET /-p-48125.html HTTP/1.0" 200 69192 "-" "Mozilla/5.0 (compatible; SemrushBot/7~bl; +http://www.semrush.com/bot.html)"
13.66.139.153 - - [11/Jan/2021:23:34:31 +0100] "GET /gift-box-tea-infuser-mug-mandala-green-p-46302.html HTTP/1.0" 200 73291 "-" "Mozilla/5.0 (compatible; bingbot/2.0; +http://www.bing.com/bingbot.htm)"
13.66.139.153 - - [11/Jan/2021:23:34:32 +0100] "GET /tenue-de-soiree-underpants-p-30207.html HTTP/1.0" 200 72872 "-" "Mozilla/5.0 (compatible; bingbot/2.0; +http://www.bing.com/bingbot.htm)"
13.66.139.153 - - [11/Jan/2021:23:34:33 +0100] "GET /tea-for-one-mandala-p-44265.html HTTP/1.0" 200 72294 "-" "Mozilla/5.0 (compatible; bingbot/2.0; +http://www.bing.com/bingbot.htm)"
13.66.139.153 - - [11/Jan/2021:23:34:34 +0100] "GET /zippo-genuine-wick-p-29792.html HTTP/1.0" 200 71904 "-" "Mozilla/5.0 (compatible; bingbot/2.0; +http://www.bing.com/bingbot.htm)"
13.66.139.153 - - [11/Jan/2021:23:34:35 +0100] "GET /cats-by-dubout-figurine-mum-and-her-babies-p-33339.html HTTP/1.0" 200 72426 "-" "Mozilla/5.0 (compatible; bingbot/2.0; +http://www.bing.com/bingbot.htm)"
13.66.139.153 - - [11/Jan/2021:23:34:36 +0100] "GET /nici-love-cats-notebook-set-p-12299.html HTTP/1.0" 200 71946 "-" "Mozilla/5.0 (compatible; bingbot/2.0; +http://www.bing.com/bingbot.htm)"
13.66.139.153 - - [11/Jan/2021:23:34:36 +0100] "GET /game-of-thrones-episodes-poster-p-32309.html HTTP/1.0" 200 71933 "-" "Mozilla/5.0 (compatible; bingbot/2.0; +http://www.bing.com/bingbot.htm)"
13.66.139.153 - - [11/Jan/2021:23:34:37 +0100] "GET /morgan-paris-watch-p-38193.html HTTP/1.0" 200 72057 "-" "Mozilla/5.0 (compatible; bingbot/2.0; +http://www.bing.com/bingbot.htm)"
13.66.139.153 - - [11/Jan/2021:23:34:38 +0100] "GET /minnie-mouse-mug-milk-p-27655.html HTTP/1.0" 200 71832 "-" "Mozilla/5.0 (compatible; bingbot/2.0; +http://www.bing.com/bingbot.htm)"
13.66.139.153 - - [11/Jan/2021:23:34:39 +0100] "GET /led-nightlight-green-bob-despicable-me-p-33708.html HTTP/1.0" 200 72122 "-" "Mozilla/5.0 (compatible; bingbot/2.0; +http://www.bing.com/bingbot.htm)"
13.66.139.153 - - [11/Jan/2021:23:34:40 +0100] "GET /large-tassen-porcelain-hopeful-bowl-made-in-germany-p-52576.html HTTP/1.0" 200 72961 "-" "Mozilla/5.0 (compatible; bingbot/2.0; +http://www.bing.com/bingbot.htm)"
185.191.171.24 - - [11/Jan/2021:23:34:40 +0100] "GET /kimmidoll-doll-10-cm-p-47587.html HTTP/1.0" 200 69283 "-" "Mozilla/5.0 (compatible; SemrushBot/7~bl; +http://www.semrush.com/bot.html)"
13.66.139.153 - - [11/Jan/2021:23:34:41 +0100] "GET /wooden-wall-decoration-to-hang-ici-est-le-paradis-p-49979.html HTTP/1.0" 200 72107 "-" "Mozilla/5.0 (compatible; bingbot/2.0; +http://www.bing.com/bingbot.htm)"
13.66.139.153 - - [11/Jan/2021:23:34:42 +0100] "GET /beyblade-inflatable-boat-p-14361.html HTTP/1.0" 200 72239 "-" "Mozilla/5.0 (compatible; bingbot/2.0; +http://www.bing.com/bingbot.htm)"
13.66.139.153 - - [11/Jan/2021:23:34:43 +0100] "GET /volkswagen-beetle-black-p-26267.html HTTP/1.0" 301 69259 "-" "Mozilla/5.0 (compatible; bingbot/2.0; +http://www.bing.com/bingbot.htm)"
13.66.139.153 - - [11/Jan/2021:23:34:44 +0100] "GET /british-cat-round-box-p-15931.html HTTP/1.0" 200 71952 "-" "Mozilla/5.0 (compatible; bingbot/2.0; +http://www.bing.com/bingbot.htm)"
185.191.171.37 - - [11/Jan/2021:23:34:43 +0100] "GET /taurus-classic-mug-cbkreation-p-29027.html HTTP/1.0" 200 71846 "-" "Mozilla/5.0 (compatible; SemrushBot/7~bl; +http://www.semrush.com/bot.html)"
13.66.139.153 - - [11/Jan/2021:23:34:45 +0100] "GET /decorative-wooden-plate-habite-chez-mon-chien-white-p-47827.html HTTP/1.0" 200 72332 "-" "Mozilla/5.0 (compatible; bingbot/2.0; +http://www.bing.com/bingbot.htm)"
13.66.139.153 - - [11/Jan/2021:23:34:46 +0100] "GET /buddha-canvas-frame-20-20-cm-p-33995.html HTTP/1.0" 200 71986 "-" "Mozilla/5.0 (compatible; bingbot/2.0; +http://www.bing.com/bingbot.htm)"
13.66.139.153 - - [11/Jan/2021:23:34:47 +0100] "GET /clock-plane-color-rust-325-cm-p-38742.html HTTP/1.0" 200 72010 "-" "Mozilla/5.0 (compatible; bingbot/2.0; +http://www.bing.com/bingbot.htm)"
66.249.66.64 - - [11/Jan/2021:23:34:47 +0100] "GET /statue-skull-and-ax-p-48768.html HTTP/1.0" 200 72458 "-" "Mozilla/5.0 (Linux; Android 6.0.1; Nexus 5X Build/MMB29P) AppleWebKit/537.36 (KHTML, like Gecko) Chrome/87.0.4280.90 Mobile Safari/537.36 (compatible; Googlebot/2.1; +http://www.google.com/bot.html)"
13.66.139.153 - - [11/Jan/2021:23:34:48 +0100] "GET /disney-princesses-aurora-wood-armchair-p-18806.html HTTP/1.0" 200 69334 "-" "Mozilla/5.0 (compatible; bingbot/2.0; +http://www.bing.com/bingbot.htm)"
13.66.139.153 - - [11/Jan/2021:23:34:49 +0100] "GET /-p-15989.html HTTP/1.0" 200 69192 "-" "Mozilla/5.0 (compatible; bingbot/2.0; +http://www.bing.com/bingbot.htm)"
13.66.139.153 - - [11/Jan/2021:23:34:50 +0100] "GET /-p-22743.html HTTP/1.0" 200 69192 "-" "Mozilla/5.0 (compatible; bingbot/2.0; +http://www.bing.com/bingbot.htm)"
13.66.139.153 - - [11/Jan/2021:23:34:50 +0100] "GET /-p-14718.html HTTP/1.0" 200 69192 "-" "Mozilla/5.0 (compatible; bingbot/2.0; +http://www.bing.com/bingbot.htm)"
13.66.139.153 - - [11/Jan/2021:23:34:51 +0100] "GET /-p-21940.html HTTP/1.0" 200 69192 "-" "Mozilla/5.0 (compatible; bingbot/2.0; +http://www.bing.com/bingbot.htm)"
13.66.139.153 - - [11/Jan/2021:23:34:52 +0100] "GET /gorjuss-the-scarf-manicure-set-p-38213.html HTTP/1.0" 200 69333 "-" "Mozilla/5.0 (compatible; bingbot/2.0; +http://www.bing.com/bingbot.htm)"
13.66.139.153 - - [11/Jan/2021:23:34:53 +0100] "GET /joli-chaton-mug-p-38169.html HTTP/1.0" 301 69259 "-" "Mozilla/5.0 (compatible; bingbot/2.0; +http://www.bing.com/bingbot.htm)"
13.66.139.153 - - [11/Jan/2021:23:34:54 +0100] "GET /laissez-lucie-faire-byako-card-holders-p-38966.html HTTP/1.0" 200 69355 "-" "Mozilla/5.0 (compatible; bingbot/2.0; +http://www.bing.com/bingbot.htm)"
13.66.139.153 - - [11/Jan/2021:23:34:55 +0100] "GET /sweet-snow-fall-dumbo-75th-anniversary-piece-p-36421.html HTTP/1.0" 301 69259 "-" "Mozilla/5.0 (compatible; bingbot/2.0; +http://www.bing.com/bingbot.htm)"
13.66.139.153 - - [11/Jan/2021:23:34:56 +0100] "GET /panda-mini-emery-board-random-model-p-34192.html HTTP/1.0" 200 69364 "-" "Mozilla/5.0 (compatible; bingbot/2.0; +http://www.bing.com/bingbot.htm)"
13.66.139.153 - - [11/Jan/2021:23:34:57 +0100] "GET /model-vespa-125-giorni-1952-p-18638.html HTTP/1.0" 200 69324 "-" "Mozilla/5.0 (compatible; bingbot/2.0; +http://www.bing.com/bingbot.htm)"
185.191.171.23 - - [11/Jan/2021:23:34:57 +0100] "GET /giant-pendant-in-aged-metal-p-48070.html HTTP/1.0" 200 69318 "-" "Mozilla/5.0 (compatible; SemrushBot/7~bl; +http://www.semrush.com/bot.html)"
13.66.139.153 - - [11/Jan/2021:23:34:58 +0100] "GET /titeuf-no-math-figure-p-4596.html HTTP/1.0" 200 69286 "-" "Mozilla/5.0 (compatible; bingbot/2.0; +http://www.bing.com/bingbot.htm)"
13.66.139.153 - - [11/Jan/2021:23:34:58 +0100] "GET /uk-carlin-phone-cover-for-galaxy-note-by-cbkreation-p-30088.html HTTP/1.0" 200 69423 "-" "Mozilla/5.0 (compatible; bingbot/2.0; +http://www.bing.com/bingbot.htm)"
13.66.139.153 - - [11/Jan/2021:23:34:59 +0100] "GET /cars-kids-school-bag-p-10350.html HTTP/1.0" 200 69262 "-" "Mozilla/5.0 (compatible; bingbot/2.0; +http://www.bing.com/bingbot.htm)"
17.58.101.147 - - [11/Jan/2021:23:34:59 +0100] "GET /glass-trivet-au-bistrot-black-p-47886.html HTTP/1.0" 200 69264 "-" "Mozilla/5.0 (Macintosh; Intel Mac OS X 10_15_5) AppleWebKit/605.1.15 (KHTML, like Gecko) Version/13.1.1 Safari/605.1.15 (Applebot/0.1; +http://www.apple.com/go/applebot)"
13.66.139.153 - - [11/Jan/2021:23:35:00 +0100] "GET /-p-7324.html HTTP/1.0" 200 69190 "-" "Mozilla/5.0 (compatible; bingbot/2.0; +http://www.bing.com/bingbot.htm)"
13.66.139.153 - - [11/Jan/2021:23:35:01 +0100] "GET /-p-28205.html HTTP/1.0" 200 69192 "-" "Mozilla/5.0 (compatible; bingbot/2.0; +http://www.bing.com/bingbot.htm)"
66.249.66.64 - - [11/Jan/2021:23:35:03 +0100] "GET /skull-uk-flag-figure-p-34177.html HTTP/1.0" 200 71860 "-" "Mozilla/5.0 (Linux; Android 6.0.1; Nexus 5X Build/MMB29P) AppleWebKit/537.36 (KHTML, like Gecko) Chrome/87.0.4280.90 Mobile Safari/537.36 (compatible; Googlebot/2.1; +http://www.google.com/bot.html)"
13.66.139.153 - - [11/Jan/2021:23:35:05 +0100] "GET /-p-26115.html HTTP/1.0" 200 69192 "-" "Mozilla/5.0 (compatible; bingbot/2.0; +http://www.bing.com/bingbot.htm)"
13.66.139.153 - - [11/Jan/2021:23:35:06 +0100] "GET /-p-26097.html HTTP/1.0" 200 69192 "-" "Mozilla/5.0 (compatible; bingbot/2.0; +http://www.bing.com/bingbot.htm)"
13.66.139.153 - - [11/Jan/2021:23:35:07 +0100] "GET /-p-25940.html HTTP/1.0" 200 69192 "-" "Mozilla/5.0 (compatible; bingbot/2.0; +http://www.bing.com/bingbot.htm)"
13.66.139.153 - - [11/Jan/2021:23:35:08 +0100] "GET /-p-24933.html HTTP/1.0" 200 69192 "-" "Mozilla/5.0 (compatible; bingbot/2.0; +http://www.bing.com/bingbot.htm)"
13.66.139.153 - - [11/Jan/2021:23:35:08 +0100] "GET /-p-19352.html HTTP/1.0" 200 69192 "-" "Mozilla/5.0 (compatible; bingbot/2.0; +http://www.bing.com/bingbot.htm)"
13.66.139.14 - - [11/Jan/2021:23:35:10 +0100] "GET /little-peach-color-purse-le-petit-prince-p-47476.html HTTP/1.0" 200 72020 "-" "Mozilla/5.0 (compatible; bingbot/2.0; +http://www.bing.com/bingbot.htm)"
13.66.139.14 - - [11/Jan/2021:23:35:11 +0100] "GET /kitchen-towel-holder-hooks-p-52710.html HTTP/1.0" 200 72479 "-" "Mozilla/5.0 (compatible; bingbot/2.0; +http://www.bing.com/bingbot.htm)"
185.191.171.18 - - [11/Jan/2021:23:35:12 +0100] "GET /computer-bag-and-briefcase-c-31_82.html HTTP/1.0" 200 83210 "-" "Mozilla/5.0 (compatible; SemrushBot/7~bl; +http://www.semrush.com/bot.html)"
13.66.139.14 - - [11/Jan/2021:23:35:12 +0100] "GET /jewelry-holder-flower-dress-p-47489.html HTTP/1.0" 200 71997 "-" "Mozilla/5.0 (compatible; bingbot/2.0; +http://www.bing.com/bingbot.htm)"
13.66.139.14 - - [11/Jan/2021:23:35:14 +0100] "GET /inuit-bedclothes-220-240-cm-p-28332.html HTTP/1.0" 200 72089 "-" "Mozilla/5.0 (compatible; bingbot/2.0; +http://www.bing.com/bingbot.htm)"
13.66.139.14 - - [11/Jan/2021:23:35:15 +0100] "GET /disney-princess-personal-diary-p-17198.html HTTP/1.0" 200 72039 "-" "Mozilla/5.0 (compatible; bingbot/2.0; +http://www.bing.com/bingbot.htm)"
13.66.139.14 - - [11/Jan/2021:23:35:16 +0100] "GET /decorative-wooden-plate-entree-interdite-aux-raleurs-light-grey-p-47814.html HTTP/1.0" 200 72395 "-" "Mozilla/5.0 (compatible; bingbot/2.0; +http://www.bing.com/bingbot.htm)"
13.66.139.14 - - [11/Jan/2021:23:35:17 +0100] "GET /company-name-retro-malle-38-cm-p-45881.html HTTP/1.0" 200 71942 "-" "Mozilla/5.0 (compatible; bingbot/2.0; +http://www.bing.com/bingbot.htm)"
54.36.148.254 - - [11/Jan/2021:23:35:18 +0100] "GET /paris-saint-germain-psg-set-of-beer-glasses-p-33916.html HTTP/1.0" 200 72015 "-" "Mozilla/5.0 (compatible; AhrefsBot/7.0; +http://ahrefs.com/robot/)"
13.66.139.14 - - [11/Jan/2021:23:35:18 +0100] "GET /cotton-bed-base-cover-140-190-cm-mastic-p-44226.html HTTP/1.0" 200 72006 "-" "Mozilla/5.0 (compatible; bingbot/2.0; +http://www.bing.com/bingbot.htm)"
13.66.139.14 - - [11/Jan/2021:23:35:20 +0100] "GET /cats-bowl-p-45494.html HTTP/1.0" 200 71714 "-" "Mozilla/5.0 (compatible; bingbot/2.0; +http://www.bing.com/bingbot.htm)"
13.66.139.14 - - [11/Jan/2021:23:35:21 +0100] "GET /vintage-pin-up-cola-cola-canvas-frame-35-35-cm-p-33386.html HTTP/1.0" 200 72125 "-" "Mozilla/5.0 (compatible; bingbot/2.0; +http://www.bing.com/bingbot.htm)"
13.66.139.14 - - [11/Jan/2021:23:35:22 +0100] "GET /-p-18667.html HTTP/1.0" 200 69192 "-" "Mozilla/5.0 (compatible; bingbot/2.0; +http://www.bing.com/bingbot.htm)"
13.66.139.14 - - [11/Jan/2021:23:35:23 +0100] "GET /-p-17244.html HTTP/1.0" 200 69192 "-" "Mozilla/5.0 (compatible; bingbot/2.0; +http://www.bing.com/bingbot.htm)"
13.66.139.14 - - [11/Jan/2021:23:35:24 +0100] "GET /-p-23205.html HTTP/1.0" 200 69192 "-" "Mozilla/5.0 (compatible; bingbot/2.0; +http://www.bing.com/bingbot.htm)"
185.191.171.17 - - [11/Jan/2021:23:35:24 +0100] "GET /pencil-case-c-31_75.html?page=2 HTTP/1.0" 200 93909 "-" "Mozilla/5.0 (compatible; SemrushBot/7~bl; +http://www.semrush.com/bot.html)"
13.66.139.14 - - [11/Jan/2021:23:35:24 +0100] "GET /-p-16217.html HTTP/1.0" 200 69192 "-" "Mozilla/5.0 (compatible; bingbot/2.0; +http://www.bing.com/bingbot.htm)"
13.66.139.14 - - [11/Jan/2021:23:35:25 +0100] "GET /-p-15882.html HTTP/1.0" 200 69192 "-" "Mozilla/5.0 (compatible; bingbot/2.0; +http://www.bing.com/bingbot.htm)"
66.249.66.64 - - [11/Jan/2021:23:35:26 +0100] "GET /surfer-shells-wall-sticker-p-36400.html HTTP/1.0" 200 71965 "-" "Mozilla/5.0 (Linux; Android 6.0.1; Nexus 5X Build/MMB29P) AppleWebKit/537.36 (KHTML, like Gecko) Chrome/87.0.4280.90 Mobile Safari/537.36 (compatible; Googlebot/2.1; +http://www.google.com/bot.html)"
185.191.171.25 - - [11/Jan/2021:23:35:26 +0100] "GET /wooden-ethnic-bedhead-wall-sticker-p-42898.html HTTP/1.0" 200 72071 "-" "Mozilla/5.0 (compatible; SemrushBot/7~bl; +http://www.semrush.com/bot.html)"
13.66.139.14 - - [11/Jan/2021:23:35:26 +0100] "GET /kimmidoll-storage-cardboard-boxes-p-31956.html HTTP/1.0" 200 69318 "-" "Mozilla/5.0 (compatible; bingbot/2.0; +http://www.bing.com/bingbot.htm)"
13.66.139.14 - - [11/Jan/2021:23:35:28 +0100] "GET /suntime-bedclothes-240-260-cm-p-39652.html HTTP/1.0" 301 69259 "-" "Mozilla/5.0 (compatible; bingbot/2.0; +http://www.bing.com/bingbot.htm)"
13.66.139.14 - - [11/Jan/2021:23:35:29 +0100] "GET /microfibre-bed-base-cover-140-190-cm-brown-p-43763.html HTTP/1.0" 200 69358 "-" "Mozilla/5.0 (compatible; bingbot/2.0; +http://www.bing.com/bingbot.htm)"
13.66.139.14 - - [11/Jan/2021:23:35:30 +0100] "GET /minnie-mouse-flush-wooden-p-22741.html HTTP/1.0" 200 69308 "-" "Mozilla/5.0 (compatible; bingbot/2.0; +http://www.bing.com/bingbot.htm)"
13.66.139.14 - - [11/Jan/2021:23:35:31 +0100] "GET /mug-with-infuser-for-tea-cutty-p-47847.html HTTP/1.0" 200 69290 "-" "Mozilla/5.0 (compatible; bingbot/2.0; +http://www.bing.com/bingbot.htm)"
13.66.139.14 - - [11/Jan/2021:23:35:31 +0100] "GET /nightlight-shaped-angel-multicolor-led-p-42890.html HTTP/1.0" 301 69259 "-" "Mozilla/5.0 (compatible; bingbot/2.0; +http://www.bing.com/bingbot.htm)"
13.66.139.14 - - [11/Jan/2021:23:35:32 +0100] "GET /christmas-decoration-small-snow-globe-p-31898.html HTTP/1.0" 200 69368 "-" "Mozilla/5.0 (compatible; bingbot/2.0; +http://www.bing.com/bingbot.htm)"
13.66.139.14 - - [11/Jan/2021:23:35:33 +0100] "GET /cats-in-love-butter-dish-p-34515.html HTTP/1.0" 200 69303 "-" "Mozilla/5.0 (compatible; bingbot/2.0; +http://www.bing.com/bingbot.htm)"
13.66.139.14 - - [11/Jan/2021:23:35:34 +0100] "GET /-p-19409.html HTTP/1.0" 200 69192 "-" "Mozilla/5.0 (compatible; bingbot/2.0; +http://www.bing.com/bingbot.htm)"
13.66.139.14 - - [11/Jan/2021:23:35:35 +0100] "GET /-p-32478.html HTTP/1.0" 200 69192 "-" "Mozilla/5.0 (compatible; bingbot/2.0; +http://www.bing.com/bingbot.htm)"
13.66.139.14 - - [11/Jan/2021:23:35:36 +0100] "GET /-p-27872.html HTTP/1.0" 200 69192 "-" "Mozilla/5.0 (compatible; bingbot/2.0; +http://www.bing.com/bingbot.htm)"
13.66.139.14 - - [11/Jan/2021:23:35:37 +0100] "GET /-p-27458.html HTTP/1.0" 200 69192 "-" "Mozilla/5.0 (compatible; bingbot/2.0; +http://www.bing.com/bingbot.htm)"
13.66.139.14 - - [11/Jan/2021:23:35:37 +0100] "GET /-p-26510.html HTTP/1.0" 200 69192 "-" "Mozilla/5.0 (compatible; bingbot/2.0; +http://www.bing.com/bingbot.htm)"
185.191.171.34 - - [11/Jan/2021:23:35:37 +0100] "GET /white-cover-ipad-little-green-hearts-by-cbkreation-p-17893.html HTTP/1.0" 200 69418 "-" "Mozilla/5.0 (compatible; SemrushBot/7~bl; +http://www.semrush.com/bot.html)"
13.66.139.14 - - [11/Jan/2021:23:35:38 +0100] "GET /-p-24473.html HTTP/1.0" 200 69192 "-" "Mozilla/5.0 (compatible; bingbot/2.0; +http://www.bing.com/bingbot.htm)"
13.66.139.14 - - [11/Jan/2021:23:35:39 +0100] "GET /-p-19026.html HTTP/1.0" 200 69192 "-" "Mozilla/5.0 (compatible; bingbot/2.0; +http://www.bing.com/bingbot.htm)"
185.191.171.36 - - [11/Jan/2021:23:35:40 +0100] "GET /cotton-bath-mat-50-80-cm-ivory-color-p-48699.html HTTP/1.0" 200 69334 "-" "Mozilla/5.0 (compatible; SemrushBot/7~bl; +http://www.semrush.com/bot.html)"
13.66.139.14 - - [11/Jan/2021:23:35:40 +0100] "GET /-p-18805.html HTTP/1.0" 200 69192 "-" "Mozilla/5.0 (compatible; bingbot/2.0; +http://www.bing.com/bingbot.htm)"
13.66.139.14 - - [11/Jan/2021:23:35:41 +0100] "GET /london-academy-backpack-41-cm-p-44926.html HTTP/1.0" 200 72802 "-" "Mozilla/5.0 (compatible; bingbot/2.0; +http://www.bing.com/bingbot.htm)"
13.66.139.14 - - [11/Jan/2021:23:35:41 +0100] "GET /laissez-lucie-faire-cup-p-48202.html HTTP/1.0" 200 71849 "-" "Mozilla/5.0 (compatible; bingbot/2.0; +http://www.bing.com/bingbot.htm)"
13.66.139.14 - - [11/Jan/2021:23:35:42 +0100] "GET /quartz-geode-size-about-170-p-44409.html HTTP/1.0" 200 72926 "-" "Mozilla/5.0 (compatible; bingbot/2.0; +http://www.bing.com/bingbot.htm)"
13.66.139.14 - - [11/Jan/2021:23:35:43 +0100] "GET /statuette-jesus-christ-sacred-heart-inside-and-outside-p-51648.html HTTP/1.0" 200 73158 "-" "Mozilla/5.0 (compatible; bingbot/2.0; +http://www.bing.com/bingbot.htm)"
13.66.139.14 - - [11/Jan/2021:23:35:44 +0100] "GET /merci-gustave-eiffel-tower-minnie-mouse-black-and-white-p-31344.html HTTP/1.0" 200 72298 "-" "Mozilla/5.0 (compatible; bingbot/2.0; +http://www.bing.com/bingbot.htm)"
13.66.139.14 - - [11/Jan/2021:23:35:45 +0100] "GET /espresso-set-allen-desings-p-48229.html HTTP/1.0" 200 72546 "-" "Mozilla/5.0 (compatible; bingbot/2.0; +http://www.bing.com/bingbot.htm)"
13.66.139.14 - - [11/Jan/2021:23:35:46 +0100] "GET /pucca-towel-p-2356.html HTTP/1.0" 200 71891 "-" "Mozilla/5.0 (compatible; bingbot/2.0; +http://www.bing.com/bingbot.htm)"
66.249.66.62 - - [11/Jan/2021:23:35:46 +0100] "GET /sonny-angel-tree-ornament-by-la-duree-p-32514.html HTTP/1.0" 200 72263 "-" "Mozilla/5.0 (Linux; Android 6.0.1; Nexus 5X Build/MMB29P) AppleWebKit/537.36 (KHTML, like Gecko) Chrome/87.0.4280.90 Mobile Safari/537.36 (compatible; Googlebot/2.1; +http://www.google.com/bot.html)"
13.66.139.14 - - [11/Jan/2021:23:35:47 +0100] "GET /beige-small-box-for-baby-teeth-p-33507.html HTTP/1.0" 200 72011 "-" "Mozilla/5.0 (compatible; bingbot/2.0; +http://www.bing.com/bingbot.htm)"
13.66.139.14 - - [11/Jan/2021:23:35:48 +0100] "GET /dora-the-explorer-ceiling-light-p-18707.html HTTP/1.0" 200 72271 "-" "Mozilla/5.0 (compatible; bingbot/2.0; +http://www.bing.com/bingbot.htm)"
13.66.139.14 - - [11/Jan/2021:23:35:49 +0100] "GET /hello-kitty-by-camomilla-large-handbag-p-4408.html HTTP/1.0" 200 72188 "-" "Mozilla/5.0 (compatible; bingbot/2.0; +http://www.bing.com/bingbot.htm)"
13.66.139.14 - - [11/Jan/2021:23:35:50 +0100] "GET /cats-les-vilaines-filles-teapot-p-48612.html HTTP/1.0" 200 72582 "-" "Mozilla/5.0 (compatible; bingbot/2.0; +http://www.bing.com/bingbot.htm)"
13.66.139.14 - - [11/Jan/2021:23:35:51 +0100] "GET /cement-tile-stickers-15-15-cm-p-51629.html HTTP/1.0" 200 72163 "-" "Mozilla/5.0 (compatible; bingbot/2.0; +http://www.bing.com/bingbot.htm)"
13.66.139.14 - - [11/Jan/2021:23:35:52 +0100] "GET /medusa-glass-paperweight-p-49430.html HTTP/1.0" 200 71841 "-" "Mozilla/5.0 (compatible; bingbot/2.0; +http://www.bing.com/bingbot.htm)"
13.66.139.14 - - [11/Jan/2021:23:35:53 +0100] "GET /fanny-door-mat-coconut-fiber-p-47880.html HTTP/1.0" 200 72028 "-" "Mozilla/5.0 (compatible; bingbot/2.0; +http://www.bing.com/bingbot.htm)"
13.66.139.14 - - [11/Jan/2021:23:35:54 +0100] "GET /zen-canvas-frame-p-38319.html HTTP/1.0" 200 71845 "-" "Mozilla/5.0 (compatible; bingbot/2.0; +http://www.bing.com/bingbot.htm)"
13.66.139.14 - - [11/Jan/2021:23:35:55 +0100] "GET /phone-cover-for-iphone-3g-3gs-p-20609.html HTTP/1.0" 200 72647 "-" "Mozilla/5.0 (compatible; bingbot/2.0; +http://www.bing.com/bingbot.htm)"
13.66.139.153 - - [11/Jan/2021:23:35:57 +0100] "GET /kimmi-junior-polar-plaid-p-13087.html HTTP/1.0" 200 71995 "-" "Mozilla/5.0 (compatible; bingbot/2.0; +http://www.bing.com/bingbot.htm)"
13.66.139.153 - - [11/Jan/2021:23:35:58 +0100] "GET /enjoy-life-vanity-23-18-12-cm-p-45022.html HTTP/1.0" 200 71993 "-" "Mozilla/5.0 (compatible; bingbot/2.0; +http://www.bing.com/bingbot.htm)"
13.66.139.153 - - [11/Jan/2021:23:35:59 +0100] "GET /looney-tunes-black-shirt-p-30146.html HTTP/1.0" 200 73573 "-" "Mozilla/5.0 (compatible; bingbot/2.0; +http://www.bing.com/bingbot.htm)"
13.66.139.153 - - [11/Jan/2021:23:36:00 +0100] "GET /incense-sticks-burner-and-storage-box-flower-of-life-p-39336.html HTTP/1.0" 200 73028 "-" "Mozilla/5.0 (compatible; bingbot/2.0; +http://www.bing.com/bingbot.htm)"
13.66.139.153 - - [11/Jan/2021:23:36:01 +0100] "GET /taz-pencil-case-p-10348.html HTTP/1.0" 200 71947 "-" "Mozilla/5.0 (compatible; bingbot/2.0; +http://www.bing.com/bingbot.htm)"
185.191.171.42 - - [11/Jan/2021:23:36:00 +0100] "GET /pepa-bedclothes-220-240-cm-p-44805.html HTTP/1.0" 301 69259 "-" "Mozilla/5.0 (compatible; SemrushBot/7~bl; +http://www.semrush.com/bot.html)"
13.66.139.153 - - [11/Jan/2021:23:36:02 +0100] "GET /set-of-coffee-cups-cupcakes-p-17352.html HTTP/1.0" 200 72039 "-" "Mozilla/5.0 (compatible; bingbot/2.0; +http://www.bing.com/bingbot.htm)"
13.66.139.153 - - [11/Jan/2021:23:36:03 +0100] "GET /cars-pairs-of-bobby-socks-size-19-22-p-25690.html HTTP/1.0" 200 71820 "-" "Mozilla/5.0 (compatible; bingbot/2.0; +http://www.bing.com/bingbot.htm)"
185.191.171.3 - - [11/Jan/2021:23:36:04 +0100] "GET /-p-44805.html HTTP/1.0" 200 69192 "-" "Mozilla/5.0 (compatible; SemrushBot/7~bl; +http://www.semrush.com/bot.html)"
13.66.139.153 - - [11/Jan/2021:23:36:04 +0100] "GET /strawberry-shortcake-tights-model-p-34656.html HTTP/1.0" 200 73058 "-" "Mozilla/5.0 (compatible; bingbot/2.0; +http://www.bing.com/bingbot.htm)"
13.66.139.153 - - [11/Jan/2021:23:36:05 +0100] "GET /soy-luna-small-box-p-44806.html HTTP/1.0" 200 71901 "-" "Mozilla/5.0 (compatible; bingbot/2.0; +http://www.bing.com/bingbot.htm)"
13.66.139.153 - - [11/Jan/2021:23:36:06 +0100] "GET /hello-kitty-adult-umbrella-p-20509.html HTTP/1.0" 200 72717 "-" "Mozilla/5.0 (compatible; bingbot/2.0; +http://www.bing.com/bingbot.htm)"
185.191.171.6 - - [11/Jan/2021:23:36:07 +0100] "GET /ikks-kids-school-bag-red-and-navy-blue-p-44877.html HTTP/1.0" 301 69259 "-" "Mozilla/5.0 (compatible; SemrushBot/7~bl; +http://www.semrush.com/bot.html)"
13.66.139.153 - - [11/Jan/2021:23:36:07 +0100] "GET /small-tinbox-retro-motorcycle-75-cm-p-41353.html HTTP/1.0" 200 72144 "-" "Mozilla/5.0 (compatible; bingbot/2.0; +http://www.bing.com/bingbot.htm)"
13.66.139.153 - - [11/Jan/2021:23:36:08 +0100] "GET /cushion-cover-40-40-cm-cacatoeas-p-52019.html HTTP/1.0" 200 71949 "-" "Mozilla/5.0 (compatible; bingbot/2.0; +http://www.bing.com/bingbot.htm)"
185.191.171.15 - - [11/Jan/2021:23:36:09 +0100] "GET /-p-44877.html HTTP/1.0" 200 69192 "-" "Mozilla/5.0 (compatible; SemrushBot/7~bl; +http://www.semrush.com/bot.html)"
13.66.139.153 - - [11/Jan/2021:23:36:09 +0100] "GET /cotton-floor-cushion-40-cm-elisabeth-p-52550.html HTTP/1.0" 200 71910 "-" "Mozilla/5.0 (compatible; bingbot/2.0; +http://www.bing.com/bingbot.htm)"
13.66.139.153 - - [11/Jan/2021:23:36:10 +0100] "GET /101-dalmatians-rolly-figure-p-19358.html HTTP/1.0" 200 71716 "-" "Mozilla/5.0 (compatible; bingbot/2.0; +http://www.bing.com/bingbot.htm)"
13.66.139.153 - - [11/Jan/2021:23:36:11 +0100] "GET /weapon-metal-keyring-p-31993.html HTTP/1.0" 200 71826 "-" "Mozilla/5.0 (compatible; bingbot/2.0; +http://www.bing.com/bingbot.htm)"
13.66.139.153 - - [11/Jan/2021:23:36:12 +0100] "GET /asterix-holding-his-braces-figure-p-15700.html HTTP/1.0" 200 71789 "-" "Mozilla/5.0 (compatible; bingbot/2.0; +http://www.bing.com/bingbot.htm)"
13.66.139.153 - - [11/Jan/2021:23:36:13 +0100] "GET /paul-frank-blue-computer-bag-p-6062.html HTTP/1.0" 200 72762 "-" "Mozilla/5.0 (compatible; bingbot/2.0; +http://www.bing.com/bingbot.htm)"
13.66.139.153 - - [11/Jan/2021:23:36:14 +0100] "GET /gorjuss-fiesta-lockable-notebook-the-dreamer-p-47754.html HTTP/1.0" 200 73438 "-" "Mozilla/5.0 (compatible; bingbot/2.0; +http://www.bing.com/bingbot.htm)"
157.55.39.22 - - [11/Jan/2021:23:36:15 +0100] "GET /becassine-cutting-board-p-27375.html HTTP/1.0" 200 69298 "-" "Mozilla/5.0 (compatible; bingbot/2.0; +http://www.bing.com/bingbot.htm)"
66.249.66.36 - - [11/Jan/2021:23:36:15 +0100] "GET /white-glass-and-metal-desk-lamp-p-50107.html HTTP/1.0" 200 71930 "-" "Mozilla/5.0 (Linux; Android 6.0.1; Nexus 5X Build/MMB29P) AppleWebKit/537.36 (KHTML, like Gecko) Chrome/87.0.4280.90 Mobile Safari/537.36 (compatible; Googlebot/2.1; +http://www.google.com/bot.html)"
13.66.139.93 - - [11/Jan/2021:23:36:20 +0100] "GET /industrial-pouf-storage-box-small-size-26-cm-only-p-45099.html HTTP/1.0" 200 72796 "-" "Mozilla/5.0 (compatible; bingbot/2.0; +http://www.bing.com/bingbot.htm)"
13.66.139.93 - - [11/Jan/2021:23:36:21 +0100] "GET /rock-crystal-obelisk-p-51172.html HTTP/1.0" 200 72054 "-" "Mozilla/5.0 (compatible; bingbot/2.0; +http://www.bing.com/bingbot.htm)"
13.66.139.93 - - [11/Jan/2021:23:36:22 +0100] "GET /robot-retro-salt-p-46874.html HTTP/1.0" 200 72391 "-" "Mozilla/5.0 (compatible; bingbot/2.0; +http://www.bing.com/bingbot.htm)"
13.66.139.93 - - [11/Jan/2021:23:36:23 +0100] "GET /provencal-arabesques-carpet-130-180-cm-p-48573.html HTTP/1.0" 200 72786 "-" "Mozilla/5.0 (compatible; bingbot/2.0; +http://www.bing.com/bingbot.htm)"
13.66.139.93 - - [11/Jan/2021:23:36:24 +0100] "GET /pillow-case-65-65-cm-red-p-39127.html HTTP/1.0" 200 72073 "-" "Mozilla/5.0 (compatible; bingbot/2.0; +http://www.bing.com/bingbot.htm)"
114.119.130.202 - - [11/Jan/2021:23:36:25 +0100] "GET /images/8422099990253.jpg HTTP/1.0" 200 259 "-" "Mozilla/5.0 (Linux; Android 7.0;) AppleWebKit/537.36 (KHTML, like Gecko) Mobile Safari/537.36 (compatible; PetalBot;+https://aspiegel.com/petalbot)"
13.66.139.93 - - [11/Jan/2021:23:36:25 +0100] "GET /personalized-photo-album-kimmidoll-love-p-21751.html HTTP/1.0" 200 72343 "-" "Mozilla/5.0 (compatible; bingbot/2.0; +http://www.bing.com/bingbot.htm)"
13.66.139.93 - - [11/Jan/2021:23:36:26 +0100] "GET /mat-for-bowls-chat-thon-p-46830.html HTTP/1.0" 200 71692 "-" "Mozilla/5.0 (compatible; bingbot/2.0; +http://www.bing.com/bingbot.htm)"
13.66.139.93 - - [11/Jan/2021:23:36:27 +0100] "GET /la-ferrari-race-and-play-124-red-p-37804.html HTTP/1.0" 200 71955 "-" "Mozilla/5.0 (compatible; bingbot/2.0; +http://www.bing.com/bingbot.htm)"
13.66.139.93 - - [11/Jan/2021:23:36:28 +0100] "GET /incense-satya-nag-champa-sandalwood-15-grams-or-about-15-sticks-p-44398.html HTTP/1.0" 200 72508 "-" "Mozilla/5.0 (compatible; bingbot/2.0; +http://www.bing.com/bingbot.htm)"
13.66.139.93 - - [11/Jan/2021:23:36:29 +0100] "GET /golfer-statuette-p-51566.html HTTP/1.0" 200 71827 "-" "Mozilla/5.0 (compatible; bingbot/2.0; +http://www.bing.com/bingbot.htm)"
13.66.139.93 - - [11/Jan/2021:23:36:30 +0100] "GET /zodiac-black-women-tee-shirt-p-30811.html HTTP/1.0" 200 73838 "-" "Mozilla/5.0 (compatible; bingbot/2.0; +http://www.bing.com/bingbot.htm)"
13.66.139.93 - - [11/Jan/2021:23:36:30 +0100] "GET /gund-mini-cat-sound-plush-beige-p-36874.html HTTP/1.0" 200 72012 "-" "Mozilla/5.0 (compatible; bingbot/2.0; +http://www.bing.com/bingbot.htm)"
13.66.139.93 - - [11/Jan/2021:23:36:31 +0100] "GET /wunzees-doll-65-cm-series-bella-the-rabbit-p-45122.html HTTP/1.0" 200 72726 "-" "Mozilla/5.0 (compatible; bingbot/2.0; +http://www.bing.com/bingbot.htm)"
13.66.139.93 - - [11/Jan/2021:23:36:32 +0100] "GET /wind-chime-angel-purple-p-40218.html HTTP/1.0" 200 72743 "-" "Mozilla/5.0 (compatible; bingbot/2.0; +http://www.bing.com/bingbot.htm)"
13.66.139.93 - - [11/Jan/2021:23:36:33 +0100] "GET /vintage-hook-bolt-hole-p-48555.html HTTP/1.0" 200 72451 "-" "Mozilla/5.0 (compatible; bingbot/2.0; +http://www.bing.com/bingbot.htm)"
13.66.139.93 - - [11/Jan/2021:23:36:34 +0100] "GET /hello-kitty-set-of-hair-clips-p-13576.html HTTP/1.0" 200 71976 "-" "Mozilla/5.0 (compatible; bingbot/2.0; +http://www.bing.com/bingbot.htm)"
13.66.139.93 - - [11/Jan/2021:23:36:35 +0100] "GET /beautiful-babushka-by-kimmidoll-black-notebook-p-33221.html HTTP/1.0" 200 72132 "-" "Mozilla/5.0 (compatible; bingbot/2.0; +http://www.bing.com/bingbot.htm)"
13.66.139.93 - - [11/Jan/2021:23:36:36 +0100] "GET /charmmy-kitty-large-cosmetic-bag-p-26752.html HTTP/1.0" 200 72119 "-" "Mozilla/5.0 (compatible; bingbot/2.0; +http://www.bing.com/bingbot.htm)"
13.66.139.93 - - [11/Jan/2021:23:36:37 +0100] "GET /star-wars-vehicle-miniature-with-miniature-character-p-33427.html HTTP/1.0" 200 72271 "-" "Mozilla/5.0 (compatible; bingbot/2.0; +http://www.bing.com/bingbot.htm)"
13.66.139.93 - - [11/Jan/2021:23:36:38 +0100] "GET /set-tray-and-small-cactus-pots-p-48107.html HTTP/1.0" 200 72594 "-" "Mozilla/5.0 (compatible; bingbot/2.0; +http://www.bing.com/bingbot.htm)"
66.249.66.64 - - [11/Jan/2021:23:36:39 +0100] "GET /wall-decoration-wooden-slate-to-hang-surf-p-41381.html HTTP/1.0" 200 72092 "-" "Mozilla/5.0 (Linux; Android 6.0.1; Nexus 5X Build/MMB29P) AppleWebKit/537.36 (KHTML, like Gecko) Chrome/87.0.4280.90 Mobile Safari/537.36 (compatible; Googlebot/2.1; +http://www.google.com/bot.html)"
13.66.139.93 - - [11/Jan/2021:23:36:39 +0100] "GET /sausage-box-with-knife-happy-therapie-p-47686.html HTTP/1.0" 200 71930 "-" "Mozilla/5.0 (compatible; bingbot/2.0; +http://www.bing.com/bingbot.htm)"
13.66.139.93 - - [11/Jan/2021:23:36:41 +0100] "GET /provence-metal-plate-30-15-cm-p-47634.html HTTP/1.0" 200 71852 "-" "Mozilla/5.0 (compatible; bingbot/2.0; +http://www.bing.com/bingbot.htm)"
13.66.139.93 - - [11/Jan/2021:23:36:42 +0100] "GET /funky-bears-smiley-nice-day-keychains-p-19199.html HTTP/1.0" 200 73126 "-" "Mozilla/5.0 (compatible; bingbot/2.0; +http://www.bing.com/bingbot.htm)"
13.66.139.93 - - [11/Jan/2021:23:36:43 +0100] "GET /italia-small-oddments-p-25933.html HTTP/1.0" 200 71883 "-" "Mozilla/5.0 (compatible; bingbot/2.0; +http://www.bing.com/bingbot.htm)"
185.191.171.35 - - [11/Jan/2021:23:36:44 +0100] "GET /world-flag-cover-for-samsung-s4-cbkreation-p-27024.html HTTP/1.0" 200 69360 "-" "Mozilla/5.0 (compatible; SemrushBot/7~bl; +http://www.semrush.com/bot.html)"
13.66.139.93 - - [11/Jan/2021:23:36:44 +0100] "GET /aperophile-steel-sign-30-40-cm-p-47676.html HTTP/1.0" 200 71895 "-" "Mozilla/5.0 (compatible; bingbot/2.0; +http://www.bing.com/bingbot.htm)"
13.66.139.93 - - [11/Jan/2021:23:36:46 +0100] "GET /hello-kitty-picnic-bag-p-17166.html HTTP/1.0" 200 72250 "-" "Mozilla/5.0 (compatible; bingbot/2.0; +http://www.bing.com/bingbot.htm)"
13.66.139.93 - - [11/Jan/2021:23:36:47 +0100] "GET /gund-mini-monkey-sound-plush-p-34855.html HTTP/1.0" 200 71975 "-" "Mozilla/5.0 (compatible; bingbot/2.0; +http://www.bing.com/bingbot.htm)"
13.66.139.93 - - [11/Jan/2021:23:36:48 +0100] "GET /-c-146.html HTTP/1.0" 200 67879 "-" "Mozilla/5.0 (compatible; bingbot/2.0; +http://www.bing.com/bingbot.htm)"
13.66.139.93 - - [11/Jan/2021:23:36:49 +0100] "GET /basket-in-black-and-natural-palm-leaves-38-28-cm-p-48057.html HTTP/1.0" 200 72076 "-" "Mozilla/5.0 (compatible; bingbot/2.0; +http://www.bing.com/bingbot.htm)"
13.66.139.93 - - [11/Jan/2021:23:36:49 +0100] "GET /frozen-flat-pocket-p-34132.html HTTP/1.0" 200 71899 "-" "Mozilla/5.0 (compatible; bingbot/2.0; +http://www.bing.com/bingbot.htm)"
13.66.139.93 - - [11/Jan/2021:23:36:51 +0100] "GET /donkey-eggcup-p-33471.html HTTP/1.0" 301 69259 "-" "Mozilla/5.0 (compatible; bingbot/2.0; +http://www.bing.com/bingbot.htm)"
13.66.139.93 - - [11/Jan/2021:23:36:51 +0100] "GET /blue-dog-alarm-clock-p-38250.html HTTP/1.0" 200 71862 "-" "Mozilla/5.0 (compatible; bingbot/2.0; +http://www.bing.com/bingbot.htm)"
13.66.139.93 - - [11/Jan/2021:23:36:52 +0100] "GET /doh-vinci-photo-tour-p-27709.html HTTP/1.0" 200 72310 "-" "Mozilla/5.0 (compatible; bingbot/2.0; +http://www.bing.com/bingbot.htm)"
13.66.139.93 - - [11/Jan/2021:23:36:53 +0100] "GET /dessert-dish-glass-with-anti-slip-feet-p-47332.html HTTP/1.0" 200 71928 "-" "Mozilla/5.0 (compatible; bingbot/2.0; +http://www.bing.com/bingbot.htm)"
13.66.139.93 - - [11/Jan/2021:23:36:54 +0100] "GET /buddha-canvas-frame-40-40-cm-p-38507.html HTTP/1.0" 200 71951 "-" "Mozilla/5.0 (compatible; bingbot/2.0; +http://www.bing.com/bingbot.htm)"
185.191.171.4 - - [11/Jan/2021:23:36:53 +0100] "GET /london-shopping-bag-p-26502.html HTTP/1.0" 200 72051 "-" "Mozilla/5.0 (compatible; SemrushBot/7~bl; +http://www.semrush.com/bot.html)"
13.66.139.93 - - [11/Jan/2021:23:36:55 +0100] "GET /cars-backpack-p-10777.html HTTP/1.0" 200 71976 "-" "Mozilla/5.0 (compatible; bingbot/2.0; +http://www.bing.com/bingbot.htm)"
13.66.139.93 - - [11/Jan/2021:23:36:56 +0100] "GET /coffee-box-retro-metal-wood-pattern-p-38825.html HTTP/1.0" 301 69259 "-" "Mozilla/5.0 (compatible; bingbot/2.0; +http://www.bing.com/bingbot.htm)"
13.66.139.93 - - [11/Jan/2021:23:36:57 +0100] "GET /van-gogh-nuit-toilee-tote-bag-p-47659.html HTTP/1.0" 200 72582 "-" "Mozilla/5.0 (compatible; bingbot/2.0; +http://www.bing.com/bingbot.htm)"
13.66.139.93 - - [11/Jan/2021:23:36:58 +0100] "GET /-p-18556.html HTTP/1.0" 200 69192 "-" "Mozilla/5.0 (compatible; bingbot/2.0; +http://www.bing.com/bingbot.htm)"
13.66.139.93 - - [11/Jan/2021:23:36:59 +0100] "GET /-p-14639.html HTTP/1.0" 200 69192 "-" "Mozilla/5.0 (compatible; bingbot/2.0; +http://www.bing.com/bingbot.htm)"
13.66.139.93 - - [11/Jan/2021:23:37:00 +0100] "GET /harley-davidson-small-metal-plate-p-29712.html HTTP/1.0" 200 69314 "-" "Mozilla/5.0 (compatible; bingbot/2.0; +http://www.bing.com/bingbot.htm)"
13.66.139.93 - - [11/Jan/2021:23:37:01 +0100] "GET /mini-magnetic-plate-retro-cant-cook-who-cares-p-34414.html HTTP/1.0" 200 69423 "-" "Mozilla/5.0 (compatible; bingbot/2.0; +http://www.bing.com/bingbot.htm)"
13.66.139.93 - - [11/Jan/2021:23:37:01 +0100] "GET /provence-lavender-soap-dispenser-p-30706.html HTTP/1.0" 301 69259 "-" "Mozilla/5.0 (compatible; bingbot/2.0; +http://www.bing.com/bingbot.htm)"
13.66.139.93 - - [11/Jan/2021:23:37:02 +0100] "GET /coca-cola-money-box-p-12392.html HTTP/1.0" 200 69278 "-" "Mozilla/5.0 (compatible; bingbot/2.0; +http://www.bing.com/bingbot.htm)"
116.202.237.40 - - [11/Jan/2021:23:37:03 +0100] "GET /images/big_prod_1/a4542202653760.jpg HTTP/1.0" 200 271 "-" "Mozilla/5.0 (X11; Fedora; Linux x86_64) AppleWebKit/537.36 (KHTML, like Gecko) Chrome/79.0.3945.117 Safari/537.36"
13.66.139.93 - - [11/Jan/2021:23:37:03 +0100] "GET /big-mirror-combi-peace-and-love-p-35362.html HTTP/1.0" 200 69338 "-" "Mozilla/5.0 (compatible; bingbot/2.0; +http://www.bing.com/bingbot.htm)"
13.66.139.93 - - [11/Jan/2021:23:37:04 +0100] "GET /beyblade-stationery-set-p-15983.html HTTP/1.0" 200 69298 "-" "Mozilla/5.0 (compatible; bingbot/2.0; +http://www.bing.com/bingbot.htm)"
13.66.139.93 - - [11/Jan/2021:23:37:05 +0100] "GET /detective-pusheen-backpack-clip-p-38719.html HTTP/1.0" 301 69259 "-" "Mozilla/5.0 (compatible; bingbot/2.0; +http://www.bing.com/bingbot.htm)"
13.66.139.93 - - [11/Jan/2021:23:37:06 +0100] "GET /-p-8585.html HTTP/1.0" 200 69190 "-" "Mozilla/5.0 (compatible; bingbot/2.0; +http://www.bing.com/bingbot.htm)"
13.66.139.93 - - [11/Jan/2021:23:37:07 +0100] "GET /-p-48729.html HTTP/1.0" 200 69192 "-" "Mozilla/5.0 (compatible; bingbot/2.0; +http://www.bing.com/bingbot.htm)"
66.249.66.193 - - [11/Jan/2021:23:37:07 +0100] "GET /skull-with-army-helmet-and-bullets-moneybox-p-48698.html HTTP/1.0" 200 72623 "-" "Mozilla/5.0 (Linux; Android 6.0.1; Nexus 5X Build/MMB29P) AppleWebKit/537.36 (KHTML, like Gecko) Chrome/87.0.4280.90 Mobile Safari/537.36 (compatible; Googlebot/2.1; +http://www.google.com/bot.html)"
13.66.139.93 - - [11/Jan/2021:23:37:07 +0100] "GET /-p-33664.html HTTP/1.0" 200 69192 "-" "Mozilla/5.0 (compatible; bingbot/2.0; +http://www.bing.com/bingbot.htm)"
13.66.139.93 - - [11/Jan/2021:23:37:08 +0100] "GET /-p-33410.html HTTP/1.0" 200 69192 "-" "Mozilla/5.0 (compatible; bingbot/2.0; +http://www.bing.com/bingbot.htm)"
13.66.139.93 - - [11/Jan/2021:23:37:09 +0100] "GET /-p-24881.html HTTP/1.0" 200 69192 "-" "Mozilla/5.0 (compatible; bingbot/2.0; +http://www.bing.com/bingbot.htm)"
13.66.139.93 - - [11/Jan/2021:23:37:10 +0100] "GET /-p-24208.html HTTP/1.0" 200 69192 "-" "Mozilla/5.0 (compatible; bingbot/2.0; +http://www.bing.com/bingbot.htm)"
13.66.139.93 - - [11/Jan/2021:23:37:11 +0100] "GET /-p-1928.html HTTP/1.0" 200 69190 "-" "Mozilla/5.0 (compatible; bingbot/2.0; +http://www.bing.com/bingbot.htm)"
13.66.139.93 - - [11/Jan/2021:23:37:12 +0100] "GET /-p-23834.html HTTP/1.0" 200 69192 "-" "Mozilla/5.0 (compatible; bingbot/2.0; +http://www.bing.com/bingbot.htm)"
13.66.139.93 - - [11/Jan/2021:23:37:13 +0100] "GET /new-york-gotham-cushion-p-28722.html HTTP/1.0" 200 71985 "-" "Mozilla/5.0 (compatible; bingbot/2.0; +http://www.bing.com/bingbot.htm)"
13.66.139.93 - - [11/Jan/2021:23:37:14 +0100] "GET /plaid-sofa-throw-portofino-with-fringes-125-150-cm-grey-p-47922.html HTTP/1.0" 301 72876 "-" "Mozilla/5.0 (compatible; bingbot/2.0; +http://www.bing.com/bingbot.htm)"
13.66.139.93 - - [11/Jan/2021:23:37:15 +0100] "GET /trolley-backpack-the-dreamer-gorjuss-p-47752.html HTTP/1.0" 200 73812 "-" "Mozilla/5.0 (compatible; bingbot/2.0; +http://www.bing.com/bingbot.htm)"
13.66.139.93 - - [11/Jan/2021:23:37:16 +0100] "GET /love-and-peace-purple-shirt-p-30152.html HTTP/1.0" 200 73607 "-" "Mozilla/5.0 (compatible; bingbot/2.0; +http://www.bing.com/bingbot.htm)"
13.66.139.93 - - [11/Jan/2021:23:37:17 +0100] "GET /provence-opener-p-44555.html HTTP/1.0" 200 71836 "-" "Mozilla/5.0 (compatible; bingbot/2.0; +http://www.bing.com/bingbot.htm)"
51.68.224.127 - - [11/Jan/2021:23:37:19 +0100] "GET /adminweb/export_orders_xml.php?token=256de2z6edz6ed2z6DFSFsed2zed6zeDSFDSGdzedezfzf&maxorders=10&orderstart=1&status=14&start_date=2018-10-01 HTTP/1.0" 200 285 "-" "GesCom CharlotteBoutik Serveur"
51.68.224.127 - - [11/Jan/2021:23:37:19 +0100] "GET /adminweb/export_orders_xml.php?token=256de2z6edz6ed2z6DFSFsed2zed6zeDSFDSGdzedezfzf&maxorders=10&orderstart=1&status=6&start_date=2018-10-01 HTTP/1.0" 200 29990 "-" "GesCom CharlotteBoutik Serveur"
185.191.171.44 - - [11/Jan/2021:23:37:19 +0100] "GET /paper-currency-mug-by-cbkreation-p-26474.html HTTP/1.0" 200 71906 "-" "Mozilla/5.0 (compatible; SemrushBot/7~bl; +http://www.semrush.com/bot.html)"
40.77.167.56 - - [11/Jan/2021:23:37:20 +0100] "GET /hello-kitty-large-backpack-p-15101.html HTTP/1.0" 200 69286 "-" "Mozilla/5.0 (compatible; bingbot/2.0; +http://www.bing.com/bingbot.htm)"
13.66.139.93 - - [11/Jan/2021:23:37:30 +0100] "GET /high-cup-steinlen-le-chat-noir-p-47904.html HTTP/1.0" 200 72507 "-" "Mozilla/5.0 (compatible; bingbot/2.0; +http://www.bing.com/bingbot.htm)"
13.66.139.93 - - [11/Jan/2021:23:37:31 +0100] "GET /tasty-road-tray-p-24902.html HTTP/1.0" 200 71832 "-" "Mozilla/5.0 (compatible; bingbot/2.0; +http://www.bing.com/bingbot.htm)"
13.66.139.93 - - [11/Jan/2021:23:37:32 +0100] "GET /spongebob-metal-money-box-p-8592.html HTTP/1.0" 200 71827 "-" "Mozilla/5.0 (compatible; bingbot/2.0; +http://www.bing.com/bingbot.htm)"
13.66.139.93 - - [11/Jan/2021:23:37:33 +0100] "GET /microfibre-bed-base-cover-160-200-cm-brown-p-43764.html HTTP/1.0" 200 72191 "-" "Mozilla/5.0 (compatible; bingbot/2.0; +http://www.bing.com/bingbot.htm)"
13.66.139.93 - - [11/Jan/2021:23:37:34 +0100] "GET /liberty-russian-doll-money-box-by-cbkreation-p-18490.html HTTP/1.0" 200 72057 "-" "Mozilla/5.0 (compatible; bingbot/2.0; +http://www.bing.com/bingbot.htm)"
13.66.139.93 - - [11/Jan/2021:23:37:35 +0100] "GET /pvc-table-protector-under-round-tablecloth-diameter-140-cm-p-48560.html HTTP/1.0" 200 72238 "-" "Mozilla/5.0 (compatible; bingbot/2.0; +http://www.bing.com/bingbot.htm)"
13.66.139.93 - - [11/Jan/2021:23:37:36 +0100] "GET /mini-metal-tray-banania-patchwork-p-35252.html HTTP/1.0" 200 72011 "-" "Mozilla/5.0 (compatible; bingbot/2.0; +http://www.bing.com/bingbot.htm)"
13.66.139.93 - - [11/Jan/2021:23:37:37 +0100] "GET /trolley-backpack-you-brought-me-love-gorjuss-p-47753.html HTTP/1.0" 200 73811 "-" "Mozilla/5.0 (compatible; bingbot/2.0; +http://www.bing.com/bingbot.htm)"
13.66.139.93 - - [11/Jan/2021:23:37:38 +0100] "GET /bag-for-shopping-the-cats-of-dubout-big-dodo-40-40-cm-p-44030.html HTTP/1.0" 200 72849 "-" "Mozilla/5.0 (compatible; bingbot/2.0; +http://www.bing.com/bingbot.htm)"
13.66.139.93 - - [11/Jan/2021:23:37:39 +0100] "GET /barbapapa-wooden-car-p-16076.html HTTP/1.0" 200 71988 "-" "Mozilla/5.0 (compatible; bingbot/2.0; +http://www.bing.com/bingbot.htm)"
13.66.139.93 - - [11/Jan/2021:23:37:40 +0100] "GET /set-cube-candle-holders-chakras-p-48358.html HTTP/1.0" 200 72011 "-" "Mozilla/5.0 (compatible; bingbot/2.0; +http://www.bing.com/bingbot.htm)"
13.66.139.93 - - [11/Jan/2021:23:37:41 +0100] "GET /protective-fleece-pillow-cover-50-70-cm-p-39151.html HTTP/1.0" 200 71980 "-" "Mozilla/5.0 (compatible; bingbot/2.0; +http://www.bing.com/bingbot.htm)"
13.66.139.93 - - [11/Jan/2021:23:37:42 +0100] "GET /set-of-snowman-fir-decoration-11-cm-p-41953.html HTTP/1.0" 200 71989 "-" "Mozilla/5.0 (compatible; bingbot/2.0; +http://www.bing.com/bingbot.htm)"
13.66.139.93 - - [11/Jan/2021:23:37:43 +0100] "GET /chinese-ceramic-perfume-diffuser-beige-p-47197.html HTTP/1.0" 200 72689 "-" "Mozilla/5.0 (compatible; bingbot/2.0; +http://www.bing.com/bingbot.htm)"
13.66.139.93 - - [11/Jan/2021:23:37:43 +0100] "GET /frozen-disney-pink-pencil-pot-p-37024.html HTTP/1.0" 200 71924 "-" "Mozilla/5.0 (compatible; bingbot/2.0; +http://www.bing.com/bingbot.htm)"
13.66.139.93 - - [11/Jan/2021:23:37:44 +0100] "GET /cccp-alarm-clock-by-cbkreation-p-25010.html HTTP/1.0" 200 71933 "-" "Mozilla/5.0 (compatible; bingbot/2.0; +http://www.bing.com/bingbot.htm)"
13.66.139.93 - - [11/Jan/2021:23:37:45 +0100] "GET /pencil-pot-cbkreation-p-43449.html HTTP/1.0" 200 71839 "-" "Mozilla/5.0 (compatible; bingbot/2.0; +http://www.bing.com/bingbot.htm)"
13.66.139.93 - - [11/Jan/2021:23:37:46 +0100] "GET /pillow-case-75-75-cm-red-p-33865.html HTTP/1.0" 200 72068 "-" "Mozilla/5.0 (compatible; bingbot/2.0; +http://www.bing.com/bingbot.htm)"
13.66.139.93 - - [11/Jan/2021:23:37:47 +0100] "GET /zen-fantasy-bedclothes-240-220-cm-p-39078.html HTTP/1.0" 200 71950 "-" "Mozilla/5.0 (compatible; bingbot/2.0; +http://www.bing.com/bingbot.htm)"
13.66.139.93 - - [11/Jan/2021:23:37:48 +0100] "GET /winter-candle-shade-red-angel-p-38180.html HTTP/1.0" 200 72841 "-" "Mozilla/5.0 (compatible; bingbot/2.0; +http://www.bing.com/bingbot.htm)"
185.191.171.11 - - [11/Jan/2021:23:37:58 +0100] "GET /usb-night-light-shaped-bear-26-cm-p-47516.html HTTP/1.0" 301 69259 "-" "Mozilla/5.0 (compatible; SemrushBot/7~bl; +http://www.semrush.com/bot.html)"
66.249.66.134 - - [11/Jan/2021:23:37:58 +0100] "GET /vintage-car-long-beach-wooden-wall-decoration-to-hang-p-36035.html HTTP/1.0" 200 72188 "-" "Mozilla/5.0 (Linux; Android 6.0.1; Nexus 5X Build/MMB29P) AppleWebKit/537.36 (KHTML, like Gecko) Chrome/87.0.4280.90 Mobile Safari/537.36 (compatible; Googlebot/2.1; +http://www.google.com/bot.html)"
185.191.171.38 - - [11/Jan/2021:23:38:00 +0100] "GET /-p-47516.html HTTP/1.0" 200 69192 "-" "Mozilla/5.0 (compatible; SemrushBot/7~bl; +http://www.semrush.com/bot.html)"
185.191.171.41 - - [11/Jan/2021:23:38:02 +0100] "GET /stop-cat-shaped-books-p-41577.html HTTP/1.0" 200 71823 "-" "Mozilla/5.0 (compatible; SemrushBot/7~bl; +http://www.semrush.com/bot.html)"
185.191.171.12 - - [11/Jan/2021:23:38:22 +0100] "GET /teo-jasmin-trivet-p-41618.html HTTP/1.0" 200 69250 "-" "Mozilla/5.0 (compatible; SemrushBot/7~bl; +http://www.semrush.com/bot.html)"
185.191.171.4 - - [11/Jan/2021:23:38:24 +0100] "GET /incense-stick-holder-ohm-p-35505.html HTTP/1.0" 200 72029 "-" "Mozilla/5.0 (compatible; SemrushBot/7~bl; +http://www.semrush.com/bot.html)"
185.191.171.2 - - [11/Jan/2021:23:38:39 +0100] "GET /paradise-stickers-20-70-cm-p-39342.html HTTP/1.0" 200 71920 "-" "Mozilla/5.0 (compatible; SemrushBot/7~bl; +http://www.semrush.com/bot.html)"
185.191.171.9 - - [11/Jan/2021:23:38:49 +0100] "GET /cheshire-cat-notepad-by-romero-britto-p-17860.html HTTP/1.0" 200 72044 "-" "Mozilla/5.0 (compatible; SemrushBot/7~bl; +http://www.semrush.com/bot.html)"
185.191.171.44 - - [11/Jan/2021:23:38:51 +0100] "GET /cat-bedclothes-140-200-cm-p-49148.html HTTP/1.0" 200 69278 "-" "Mozilla/5.0 (compatible; SemrushBot/7~bl; +http://www.semrush.com/bot.html)"
185.191.171.23 - - [11/Jan/2021:23:39:00 +0100] "GET /beer-metal-tray-p-48335.html HTTP/1.0" 200 71950 "-" "Mozilla/5.0 (compatible; SemrushBot/7~bl; +http://www.semrush.com/bot.html)"
54.36.148.145 - - [11/Jan/2021:23:39:04 +0100] "GET /hello-kitty-chocolate-node-wallet-by-camomilla-p-16304.html HTTP/1.0" 200 72908 "-" "Mozilla/5.0 (compatible; AhrefsBot/7.0; +http://ahrefs.com/robot/)"
185.191.171.19 - - [11/Jan/2021:23:39:15 +0100] "GET /home-and-decoration-c-13.html?page=181 HTTP/1.0" 200 92185 "-" "Mozilla/5.0 (compatible; SemrushBot/7~bl; +http://www.semrush.com/bot.html)"
13.66.139.153 - - [11/Jan/2021:23:39:21 +0100] "GET /bob-marley-zippo-lighter-p-29779.html HTTP/1.0" 200 72314 "-" "Mozilla/5.0 (compatible; bingbot/2.0; +http://www.bing.com/bingbot.htm)"
13.66.139.153 - - [11/Jan/2021:23:39:22 +0100] "GET /looney-toons-oval-placemat-p-17126.html HTTP/1.0" 200 72073 "-" "Mozilla/5.0 (compatible; bingbot/2.0; +http://www.bing.com/bingbot.htm)"
13.66.139.153 - - [11/Jan/2021:23:39:23 +0100] "GET /patinated-metal-headlight-clock-p-45930.html HTTP/1.0" 200 72145 "-" "Mozilla/5.0 (compatible; bingbot/2.0; +http://www.bing.com/bingbot.htm)"
13.66.139.153 - - [11/Jan/2021:23:39:24 +0100] "GET /betty-boop-bathing-suits-metal-magnet-p-8181.html HTTP/1.0" 200 71887 "-" "Mozilla/5.0 (compatible; bingbot/2.0; +http://www.bing.com/bingbot.htm)"
13.66.139.153 - - [11/Jan/2021:23:39:25 +0100] "GET /cats-by-dubout-sugar-box-p-40099.html HTTP/1.0" 200 71993 "-" "Mozilla/5.0 (compatible; bingbot/2.0; +http://www.bing.com/bingbot.htm)"
13.66.139.153 - - [11/Jan/2021:23:39:25 +0100] "GET /talent-cup-william-shakespeare-tassen-p-46345.html HTTP/1.0" 200 74422 "-" "Mozilla/5.0 (compatible; bingbot/2.0; +http://www.bing.com/bingbot.htm)"
13.66.139.153 - - [11/Jan/2021:23:39:26 +0100] "GET /mickey-mouse-red-swimsuit-p-30575.html HTTP/1.0" 200 73284 "-" "Mozilla/5.0 (compatible; bingbot/2.0; +http://www.bing.com/bingbot.htm)"
