34.75.185.85 - - [11/Jan/2021:06:50:33 +0100] "GET /adaptable-decorative-caps-c-12_249.html HTTP/1.0" 200 79878 "-" "ZoominfoBot (zoominfobot at zoominfo dot com)"
114.119.144.233 - - [11/Jan/2021:06:50:40 +0100] "GET /cats-by-dubout-figurine-the-hunt-p-52022.html HTTP/1.0" 200 73182 "-" "Mozilla/5.0 (Linux; Android 7.0;) AppleWebKit/537.36 (KHTML, like Gecko) Mobile Safari/537.36 (compatible; PetalBot;+https://aspiegel.com/petalbot)"
178.151.245.174 - - [11/Jan/2021:06:50:36 +0100] "GET /adults-c-53.html?page=11 HTTP/1.0" 200 89127 "-" "Mozilla/5.0 (compatible; MJ12bot/v1.4.8; http://mj12bot.com/)"
178.151.245.174 - - [11/Jan/2021:06:50:48 +0100] "GET /adults-c-53.html?page=16 HTTP/1.0" 200 79123 "-" "Mozilla/5.0 (compatible; MJ12bot/v1.4.8; http://mj12bot.com/)"
178.151.245.174 - - [11/Jan/2021:06:51:00 +0100] "GET /adults-c-53.html?page=17 HTTP/1.0" 200 79123 "-" "Mozilla/5.0 (compatible; MJ12bot/v1.4.8; http://mj12bot.com/)"
185.191.171.42 - - [11/Jan/2021:06:51:02 +0100] "GET /noddy-baby-training-cup-p-18269.html HTTP/1.0" 200 71862 "-" "Mozilla/5.0 (compatible; SemrushBot/7~bl; +http://www.semrush.com/bot.html)"
185.191.171.33 - - [11/Jan/2021:06:51:08 +0100] "GET /headrest-cushion-45-70-cm-harlan-p-45246.html HTTP/1.0" 301 69259 "-" "Mozilla/5.0 (compatible; SemrushBot/7~bl; +http://www.semrush.com/bot.html)"
54.36.149.79 - - [11/Jan/2021:06:51:09 +0100] "GET /minnie-money-box-p-6903.html HTTP/1.0" 301 69256 "-" "Mozilla/5.0 (compatible; AhrefsBot/7.0; +http://ahrefs.com/robot/)"
185.191.171.35 - - [11/Jan/2021:06:51:10 +0100] "GET /-p-45246.html HTTP/1.0" 200 69192 "-" "Mozilla/5.0 (compatible; SemrushBot/7~bl; +http://www.semrush.com/bot.html)"
185.191.171.44 - - [11/Jan/2021:06:51:12 +0100] "GET /fresh-brewed-coffee-metal-tray-40-30-cm-p-35046.html HTTP/1.0" 200 69342 "-" "Mozilla/5.0 (compatible; SemrushBot/7~bl; +http://www.semrush.com/bot.html)"
178.151.245.174 - - [11/Jan/2021:06:51:14 +0100] "GET /adults-c-53.html?page=18 HTTP/1.0" 200 79123 "-" "Mozilla/5.0 (compatible; MJ12bot/v1.4.8; http://mj12bot.com/)"
34.75.185.85 - - [11/Jan/2021:06:51:12 +0100] "GET /egg-cups-c-12_248.html HTTP/1.0" 200 82207 "-" "ZoominfoBot (zoominfobot at zoominfo dot com)"
185.191.171.40 - - [11/Jan/2021:06:51:17 +0100] "GET /la-table-des-copains-burlap-placemat-p-53498.html HTTP/1.0" 200 72528 "-" "Mozilla/5.0 (compatible; SemrushBot/7~bl; +http://www.semrush.com/bot.html)"
178.151.245.174 - - [11/Jan/2021:06:51:24 +0100] "GET /adults-c-53.html?page=19 HTTP/1.0" 200 79123 "-" "Mozilla/5.0 (compatible; MJ12bot/v1.4.8; http://mj12bot.com/)"
185.191.171.16 - - [11/Jan/2021:06:51:35 +0100] "GET /natural-floor-carpet-120-60-cm-p-52149.html HTTP/1.0" 200 72662 "-" "Mozilla/5.0 (compatible; SemrushBot/7~bl; +http://www.semrush.com/bot.html)"
178.151.245.174 - - [11/Jan/2021:06:51:33 +0100] "GET /adults-c-53.html?page=2 HTTP/1.0" 200 92356 "-" "Mozilla/5.0 (compatible; MJ12bot/v1.4.8; http://mj12bot.com/)"
178.151.245.174 - - [11/Jan/2021:06:51:43 +0100] "GET /adults-c-53.html?page=20 HTTP/1.0" 200 79123 "-" "Mozilla/5.0 (compatible; MJ12bot/v1.4.8; http://mj12bot.com/)"
207.46.13.26 - - [11/Jan/2021:06:51:53 +0100] "GET /swfobject.js HTTP/1.0" 404 1308 "-" "Mozilla/5.0 (compatible; bingbot/2.0; +http://www.bing.com/bingbot.htm)"
34.75.185.85 - - [11/Jan/2021:06:51:50 +0100] "GET /pet-shop-c-155.html HTTP/1.0" 200 88370 "-" "ZoominfoBot (zoominfobot at zoominfo dot com)"
178.151.245.174 - - [11/Jan/2021:06:51:53 +0100] "GET /adults-c-53.html?page=21 HTTP/1.0" 200 79123 "-" "Mozilla/5.0 (compatible; MJ12bot/v1.4.8; http://mj12bot.com/)"
178.151.245.174 - - [11/Jan/2021:06:52:01 +0100] "GET /adults-c-53.html?page=3 HTTP/1.0" 200 92104 "-" "Mozilla/5.0 (compatible; MJ12bot/v1.4.8; http://mj12bot.com/)"
54.36.148.88 - - [11/Jan/2021:06:52:11 +0100] "GET /decorative-fruit-figurine-cherry-matte-white-22-cm-p-52715.html HTTP/1.0" 200 72127 "-" "Mozilla/5.0 (compatible; AhrefsBot/7.0; +http://ahrefs.com/robot/)"
178.151.245.174 - - [11/Jan/2021:06:52:12 +0100] "GET /adults-c-53.html?page=8 HTTP/1.0" 200 90565 "-" "Mozilla/5.0 (compatible; MJ12bot/v1.4.8; http://mj12bot.com/)"
157.55.39.22 - - [11/Jan/2021:06:52:16 +0100] "GET /images/J1399984256619.JPG HTTP/1.0" 200 260 "-" "Mozilla/5.0 (compatible; bingbot/2.0; +http://www.bing.com/bingbot.htm)"
178.151.245.174 - - [11/Jan/2021:06:52:20 +0100] "GET /adults-c-53.html?page=9 HTTP/1.0" 200 90995 "-" "Mozilla/5.0 (compatible; MJ12bot/v1.4.8; http://mj12bot.com/)"
17.58.101.147 - - [11/Jan/2021:06:52:29 +0100] "GET /it-your-party-small-glass-cups-by-michelle-allen-designs-p-36961.html HTTP/1.0" 200 72329 "-" "Mozilla/5.0 (Macintosh; Intel Mac OS X 10_15_5) AppleWebKit/605.1.15 (KHTML, like Gecko) Version/13.1.1 Safari/605.1.15 (Applebot/0.1; +http://www.apple.com/go/applebot)"
178.151.245.174 - - [11/Jan/2021:06:52:31 +0100] "GET /adults/men/acdc-back-black-size-tshirt-p-20640.html HTTP/1.0" 301 69259 "-" "Mozilla/5.0 (compatible; MJ12bot/v1.4.8; http://mj12bot.com/)"
178.151.245.174 - - [11/Jan/2021:06:52:40 +0100] "GET /-p-20640.html HTTP/1.0" 200 69192 "-" "Mozilla/5.0 (compatible; MJ12bot/v1.4.8; http://mj12bot.com/)"
185.191.171.2 - - [11/Jan/2021:06:52:50 +0100] "GET /andalusia-tea-box-150-p-50768.html HTTP/1.0" 200 74310 "-" "Mozilla/5.0 (compatible; SemrushBot/7~bl; +http://www.semrush.com/bot.html)"
178.151.245.174 - - [11/Jan/2021:06:52:52 +0100] "GET /adults/men/anarchie-tshirt-size-p-20427.html HTTP/1.0" 301 69259 "-" "Mozilla/5.0 (compatible; MJ12bot/v1.4.8; http://mj12bot.com/)"
178.151.245.174 - - [11/Jan/2021:06:52:59 +0100] "GET /-p-20427.html HTTP/1.0" 200 69192 "-" "Mozilla/5.0 (compatible; MJ12bot/v1.4.8; http://mj12bot.com/)"
40.77.167.56 - - [11/Jan/2021:06:53:07 +0100] "GET /resin-statue-monks-hear-see-seeing-p-48283.html HTTP/1.0" 200 72006 "-" "Mozilla/5.0 (compatible; bingbot/2.0; +http://www.bing.com/bingbot.htm)"
178.151.245.174 - - [11/Jan/2021:06:53:09 +0100] "GET /adults/men/anarchie-tshirt-size-p-20430.html HTTP/1.0" 301 69259 "-" "Mozilla/5.0 (compatible; MJ12bot/v1.4.8; http://mj12bot.com/)"
34.75.185.85 - - [11/Jan/2021:06:53:05 +0100] "GET /coasters-c-12_157.html HTTP/1.0" 200 91067 "-" "ZoominfoBot (zoominfobot at zoominfo dot com)"
17.58.101.147 - - [11/Jan/2021:06:53:16 +0100] "GET /london-keyring-p-22603.html HTTP/1.0" 200 71730 "-" "Mozilla/5.0 (Macintosh; Intel Mac OS X 10_15_5) AppleWebKit/605.1.15 (KHTML, like Gecko) Version/13.1.1 Safari/605.1.15 (Applebot/0.1; +http://www.apple.com/go/applebot)"
178.151.245.174 - - [11/Jan/2021:06:53:21 +0100] "GET /-p-20430.html HTTP/1.0" 200 69192 "-" "Mozilla/5.0 (compatible; MJ12bot/v1.4.8; http://mj12bot.com/)"
185.191.171.45 - - [11/Jan/2021:06:53:19 +0100] "GET /notebook-notebook-diary-c-129_185.html?page=5 HTTP/1.0" 200 84136 "-" "Mozilla/5.0 (compatible; SemrushBot/7~bl; +http://www.semrush.com/bot.html)"
185.191.171.41 - - [11/Jan/2021:06:53:24 +0100] "GET /silver-and-gold-owl-statuette-15-cm-p-47377.html HTTP/1.0" 200 71965 "-" "Mozilla/5.0 (compatible; SemrushBot/7~bl; +http://www.semrush.com/bot.html)"
178.151.245.174 - - [11/Jan/2021:06:53:30 +0100] "GET /adults/men/captain-america-tshirt-size-xxl-p-20436.html HTTP/1.0" 301 69259 "-" "Mozilla/5.0 (compatible; MJ12bot/v1.4.8; http://mj12bot.com/)"
178.151.245.174 - - [11/Jan/2021:06:53:38 +0100] "GET /-p-20436.html HTTP/1.0" 200 69192 "-" "Mozilla/5.0 (compatible; MJ12bot/v1.4.8; http://mj12bot.com/)"
178.151.245.174 - - [11/Jan/2021:06:53:47 +0100] "GET /adults/men/dexter-tshirt-size-p-16018.html HTTP/1.0" 301 69259 "-" "Mozilla/5.0 (compatible; MJ12bot/v1.4.8; http://mj12bot.com/)"
178.151.245.174 - - [11/Jan/2021:06:53:55 +0100] "GET /-p-16018.html HTTP/1.0" 200 69192 "-" "Mozilla/5.0 (compatible; MJ12bot/v1.4.8; http://mj12bot.com/)"
178.151.245.174 - - [11/Jan/2021:06:54:06 +0100] "GET /adults/men/fiat-500-men-black-tshirt-size-p-18621.html HTTP/1.0" 301 69259 "-" "Mozilla/5.0 (compatible; MJ12bot/v1.4.8; http://mj12bot.com/)"
17.58.101.147 - - [11/Jan/2021:06:54:11 +0100] "GET /small-tinbox-retro-motorcycle-55-25-cm-p-41334.html HTTP/1.0" 200 69350 "-" "Mozilla/5.0 (Macintosh; Intel Mac OS X 10_15_5) AppleWebKit/605.1.15 (KHTML, like Gecko) Version/13.1.1 Safari/605.1.15 (Applebot/0.1; +http://www.apple.com/go/applebot)"
178.151.245.174 - - [11/Jan/2021:06:54:13 +0100] "GET /-p-18621.html HTTP/1.0" 200 69192 "-" "Mozilla/5.0 (compatible; MJ12bot/v1.4.8; http://mj12bot.com/)"
178.151.245.174 - - [11/Jan/2021:06:54:23 +0100] "GET /adults/men/gaming-master-yoda-tshirt-size-p-20404.html HTTP/1.0" 301 69259 "-" "Mozilla/5.0 (compatible; MJ12bot/v1.4.8; http://mj12bot.com/)"
185.191.171.7 - - [11/Jan/2021:06:54:27 +0100] "GET /lion-clasic-keyring-by-cbkreation-p-43250.html HTTP/1.0" 200 71966 "-" "Mozilla/5.0 (compatible; SemrushBot/7~bl; +http://www.semrush.com/bot.html)"
185.191.171.43 - - [11/Jan/2021:06:54:30 +0100] "GET /hand-of-fatma-acrylic-magnet-p-52885.html HTTP/1.0" 200 71873 "-" "Mozilla/5.0 (compatible; SemrushBot/7~bl; +http://www.semrush.com/bot.html)"
178.151.245.174 - - [11/Jan/2021:06:54:31 +0100] "GET /-p-20404.html HTTP/1.0" 200 69192 "-" "Mozilla/5.0 (compatible; MJ12bot/v1.4.8; http://mj12bot.com/)"
34.75.185.85 - - [11/Jan/2021:06:54:30 +0100] "GET /specials.php HTTP/1.0" 200 129945 "-" "ZoominfoBot (zoominfobot at zoominfo dot com)"
178.151.245.174 - - [11/Jan/2021:06:54:38 +0100] "GET /adults/men/gaming-master-yoda-tshirt-size-p-20409.html HTTP/1.0" 301 69259 "-" "Mozilla/5.0 (compatible; MJ12bot/v1.4.8; http://mj12bot.com/)"
178.151.245.174 - - [11/Jan/2021:06:54:44 +0100] "GET /-p-20409.html HTTP/1.0" 200 69192 "-" "Mozilla/5.0 (compatible; MJ12bot/v1.4.8; http://mj12bot.com/)"
185.191.171.34 - - [11/Jan/2021:06:54:45 +0100] "GET /stitch-illuminated-figurine-p-47009.html HTTP/1.0" 200 72606 "-" "Mozilla/5.0 (compatible; SemrushBot/7~bl; +http://www.semrush.com/bot.html)"
178.151.245.174 - - [11/Jan/2021:06:54:55 +0100] "GET /adults/men/homme-femme-geek-tshirt-size-p-20415.html HTTP/1.0" 301 69259 "-" "Mozilla/5.0 (compatible; MJ12bot/v1.4.8; http://mj12bot.com/)"
114.119.147.45 - - [11/Jan/2021:06:54:56 +0100] "GET /images/big_prod_1/8435337088124B.jpg HTTP/1.0" 200 271 "-" "Mozilla/5.0 (Linux; Android 7.0;) AppleWebKit/537.36 (KHTML, like Gecko) Mobile Safari/537.36 (compatible; PetalBot;+https://aspiegel.com/petalbot)"
178.151.245.174 - - [11/Jan/2021:06:55:04 +0100] "GET /-p-20415.html HTTP/1.0" 200 69192 "-" "Mozilla/5.0 (compatible; MJ12bot/v1.4.8; http://mj12bot.com/)"
157.55.39.110 - - [11/Jan/2021:06:55:12 +0100] "GET /images/big_prod/8433933980873.jpg HTTP/1.0" 200 268 "-" "Mozilla/5.0 (compatible; bingbot/2.0; +http://www.bing.com/bingbot.htm)"
178.151.245.174 - - [11/Jan/2021:06:55:14 +0100] "GET /adults/men/j39essuie-ton-pere-tshirt-size-p-20399.html HTTP/1.0" 301 69259 "-" "Mozilla/5.0 (compatible; MJ12bot/v1.4.8; http://mj12bot.com/)"
185.191.171.38 - - [11/Jan/2021:06:55:17 +0100] "GET /quote-wall-sticker-tout-travail-merite-sa-biere-p-53543.html HTTP/1.0" 200 72934 "-" "Mozilla/5.0 (compatible; SemrushBot/7~bl; +http://www.semrush.com/bot.html)"
178.151.245.174 - - [11/Jan/2021:06:55:24 +0100] "GET /-p-20399.html HTTP/1.0" 200 69192 "-" "Mozilla/5.0 (compatible; MJ12bot/v1.4.8; http://mj12bot.com/)"
178.151.245.174 - - [11/Jan/2021:06:55:34 +0100] "GET /adults/men/j39essuie-ton-pere-tshirt-size-p-20400.html HTTP/1.0" 301 69259 "-" "Mozilla/5.0 (compatible; MJ12bot/v1.4.8; http://mj12bot.com/)"
178.151.245.174 - - [11/Jan/2021:06:55:41 +0100] "GET /-p-20400.html HTTP/1.0" 200 69192 "-" "Mozilla/5.0 (compatible; MJ12bot/v1.4.8; http://mj12bot.com/)"
185.191.171.45 - - [11/Jan/2021:06:55:43 +0100] "GET /fitted-sheet-dark-grey-140-200-cm-p-43578.html?action=add_product HTTP/1.0" 302 476 "-" "Mozilla/5.0 (compatible; SemrushBot/7~bl; +http://www.semrush.com/bot.html)"
178.151.245.174 - - [11/Jan/2021:06:55:50 +0100] "GET /adults/men/jack-daniel39s-tshirt-size-p-17290.html HTTP/1.0" 301 69259 "-" "Mozilla/5.0 (compatible; MJ12bot/v1.4.8; http://mj12bot.com/)"
178.151.245.174 - - [11/Jan/2021:06:55:56 +0100] "GET /-p-17290.html HTTP/1.0" 200 69192 "-" "Mozilla/5.0 (compatible; MJ12bot/v1.4.8; http://mj12bot.com/)"
185.191.171.34 - - [11/Jan/2021:06:55:58 +0100] "GET /corsica-trivet-p-44852.html HTTP/1.0" 200 71741 "-" "Mozilla/5.0 (compatible; SemrushBot/7~bl; +http://www.semrush.com/bot.html)"
178.151.245.174 - - [11/Jan/2021:06:56:06 +0100] "GET /adults/men/les-jeux-video-ont-ruine-vie-tshirt-size-p-20421.html HTTP/1.0" 301 69259 "-" "Mozilla/5.0 (compatible; MJ12bot/v1.4.8; http://mj12bot.com/)"
207.46.13.239 - - [11/Jan/2021:06:56:09 +0100] "GET /images/med_prod/3520071451770.jpg HTTP/1.0" 200 268 "-" "Mozilla/5.0 (compatible; bingbot/2.0; +http://www.bing.com/bingbot.htm)"
207.46.13.239 - - [11/Jan/2021:06:56:10 +0100] "GET /images/TRODZ3070.jpg HTTP/1.0" 200 255 "-" "Mozilla/5.0 (compatible; bingbot/2.0; +http://www.bing.com/bingbot.htm)"
178.151.245.174 - - [11/Jan/2021:06:56:12 +0100] "GET /-p-20421.html HTTP/1.0" 200 69192 "-" "Mozilla/5.0 (compatible; MJ12bot/v1.4.8; http://mj12bot.com/)"
178.151.245.174 - - [11/Jan/2021:06:56:21 +0100] "GET /adults/men/nintendo-power-hoodies-p-11692.html HTTP/1.0" 301 69259 "-" "Mozilla/5.0 (compatible; MJ12bot/v1.4.8; http://mj12bot.com/)"
178.151.245.174 - - [11/Jan/2021:06:56:32 +0100] "GET /-p-11692.html HTTP/1.0" 200 69192 "-" "Mozilla/5.0 (compatible; MJ12bot/v1.4.8; http://mj12bot.com/)"
34.75.185.85 - - [11/Jan/2021:06:56:31 +0100] "GET /luggages-schoolbags-leather-shop-c-31.html HTTP/1.0" 200 91292 "-" "ZoominfoBot (zoominfobot at zoominfo dot com)"
178.151.245.174 - - [11/Jan/2021:06:56:41 +0100] "GET /adults/men/nintendo-power-navy-hoodies-p-11694.html HTTP/1.0" 301 69259 "-" "Mozilla/5.0 (compatible; MJ12bot/v1.4.8; http://mj12bot.com/)"
40.77.167.56 - - [11/Jan/2021:06:56:42 +0100] "GET /images/3760194799933.jpg HTTP/1.0" 200 259 "-" "Mozilla/5.0 (compatible; bingbot/2.0; +http://www.bing.com/bingbot.htm)"
178.151.245.174 - - [11/Jan/2021:06:56:49 +0100] "GET /-p-11694.html HTTP/1.0" 200 69192 "-" "Mozilla/5.0 (compatible; MJ12bot/v1.4.8; http://mj12bot.com/)"
185.191.171.22 - - [11/Jan/2021:06:56:55 +0100] "GET /round-tablecloth-valdrome-blue-180-cm-p-43969.html HTTP/1.0" 200 72951 "-" "Mozilla/5.0 (compatible; SemrushBot/7~bl; +http://www.semrush.com/bot.html)"
178.151.245.174 - - [11/Jan/2021:06:56:55 +0100] "GET /adults/men/nintendo-yoshi-hoodies-p-11682.html HTTP/1.0" 301 69259 "-" "Mozilla/5.0 (compatible; MJ12bot/v1.4.8; http://mj12bot.com/)"
178.151.245.174 - - [11/Jan/2021:06:57:00 +0100] "GET /-p-11682.html HTTP/1.0" 200 69192 "-" "Mozilla/5.0 (compatible; MJ12bot/v1.4.8; http://mj12bot.com/)"
178.151.245.174 - - [11/Jan/2021:06:57:06 +0100] "GET /adults/men/raving-rabbids-vinci-black-hoodies-size-p-16010.html HTTP/1.0" 301 69259 "-" "Mozilla/5.0 (compatible; MJ12bot/v1.4.8; http://mj12bot.com/)"
178.151.245.174 - - [11/Jan/2021:06:57:15 +0100] "GET /-p-16010.html HTTP/1.0" 200 69192 "-" "Mozilla/5.0 (compatible; MJ12bot/v1.4.8; http://mj12bot.com/)"
157.55.39.220 - - [11/Jan/2021:06:57:21 +0100] "GET /images/big_prod_1/b8435333824245.jpg HTTP/1.0" 200 271 "-" "Mozilla/5.0 (compatible; bingbot/2.0; +http://www.bing.com/bingbot.htm)"
178.151.245.174 - - [11/Jan/2021:06:57:23 +0100] "GET /adults/men/raving-rabbids-vinci-black-hoodies-size-p-16011.html HTTP/1.0" 301 69259 "-" "Mozilla/5.0 (compatible; MJ12bot/v1.4.8; http://mj12bot.com/)"
157.55.39.110 - - [11/Jan/2021:06:57:26 +0100] "GET /blue-pens-marseille-colors-p-14941.html HTTP/1.0" 301 69259 "-" "Mozilla/5.0 (compatible; bingbot/2.0; +http://www.bing.com/bingbot.htm)"
207.46.13.26 - - [11/Jan/2021:06:57:31 +0100] "GET /images/330721281312917072012.jpg HTTP/1.0" 200 267 "-" "Mozilla/5.0 (compatible; bingbot/2.0; +http://www.bing.com/bingbot.htm)"
178.151.245.174 - - [11/Jan/2021:06:57:32 +0100] "GET /-p-16011.html HTTP/1.0" 200 69192 "-" "Mozilla/5.0 (compatible; MJ12bot/v1.4.8; http://mj12bot.com/)"
54.36.149.77 - - [11/Jan/2021:06:57:40 +0100] "GET /cotton-bed-base-cover-160-200-cm-mastic-p-44229.html HTTP/1.0" 200 72007 "-" "Mozilla/5.0 (compatible; AhrefsBot/7.0; +http://ahrefs.com/robot/)"
178.151.245.174 - - [11/Jan/2021:06:57:41 +0100] "GET /adults/men/reflechis-tshirt-size-p-20395.html HTTP/1.0" 301 69259 "-" "Mozilla/5.0 (compatible; MJ12bot/v1.4.8; http://mj12bot.com/)"
178.151.245.174 - - [11/Jan/2021:06:57:48 +0100] "GET /-p-20395.html HTTP/1.0" 200 69192 "-" "Mozilla/5.0 (compatible; MJ12bot/v1.4.8; http://mj12bot.com/)"
185.191.171.37 - - [11/Jan/2021:06:57:49 +0100] "GET /cement-tile-stickers-15-15-cm-p-50332.html HTTP/1.0" 200 72782 "-" "Mozilla/5.0 (compatible; SemrushBot/7~bl; +http://www.semrush.com/bot.html)"
178.151.245.174 - - [11/Jan/2021:06:57:55 +0100] "GET /adults/men/sauvez-bambou-mangez-panda-tshirt-size-p-20424.html HTTP/1.0" 301 69259 "-" "Mozilla/5.0 (compatible; MJ12bot/v1.4.8; http://mj12bot.com/)"
185.191.171.13 - - [11/Jan/2021:06:58:08 +0100] "GET /pusheen-sticker-sheet-p-42602.html HTTP/1.0" 200 72083 "-" "Mozilla/5.0 (compatible; SemrushBot/7~bl; +http://www.semrush.com/bot.html)"
178.151.245.174 - - [11/Jan/2021:06:58:10 +0100] "GET /-p-20424.html HTTP/1.0" 200 69192 "-" "Mozilla/5.0 (compatible; MJ12bot/v1.4.8; http://mj12bot.com/)"
185.191.171.24 - - [11/Jan/2021:06:58:10 +0100] "GET /mini-magnetic-plate-retro-wine-lovers-age-gracefully-p-34407.html HTTP/1.0" 200 72123 "-" "Mozilla/5.0 (compatible; SemrushBot/7~bl; +http://www.semrush.com/bot.html)"
51.68.224.127 - - [11/Jan/2021:06:58:18 +0100] "GET /adminweb/export_orders_xml.php?token=256de2z6edz6ed2z6DFSFsed2zed6zeDSFDSGdzedezfzf&maxorders=10&orderstart=1&status=14&start_date=2018-10-01 HTTP/1.0" 200 285 "-" "GesCom CharlotteBoutik Serveur"
51.68.224.127 - - [11/Jan/2021:06:58:18 +0100] "GET /adminweb/export_orders_xml.php?token=256de2z6edz6ed2z6DFSFsed2zed6zeDSFDSGdzedezfzf&maxorders=10&orderstart=1&status=6&start_date=2018-10-01 HTTP/1.0" 200 29990 "-" "GesCom CharlotteBoutik Serveur"
34.75.185.85 - - [11/Jan/2021:06:58:18 +0100] "GET /wastebasket-c-129_184.html HTTP/1.0" 200 82151 "-" "ZoominfoBot (zoominfobot at zoominfo dot com)"
178.151.245.174 - - [11/Jan/2021:06:58:20 +0100] "GET /adults/men/sauvez-bambou-mangez-panda-tshirt-size-p-20426.html HTTP/1.0" 301 69259 "-" "Mozilla/5.0 (compatible; MJ12bot/v1.4.8; http://mj12bot.com/)"
34.75.185.85 - - [11/Jan/2021:06:58:22 +0100] "GET /bag-for-shopping-van-gogh-iris-40-40-cm-p-53536.html HTTP/1.0" 200 72072 "-" "ZoominfoBot (zoominfobot at zoominfo dot com)"
178.151.245.174 - - [11/Jan/2021:06:58:29 +0100] "GET /-p-20426.html HTTP/1.0" 200 69192 "-" "Mozilla/5.0 (compatible; MJ12bot/v1.4.8; http://mj12bot.com/)"
157.55.39.110 - - [11/Jan/2021:06:58:32 +0100] "GET /images/med_prod/00000000000000000lion.jpg HTTP/1.0" 200 276 "-" "Mozilla/5.0 (compatible; bingbot/2.0; +http://www.bing.com/bingbot.htm)"
178.151.245.174 - - [11/Jan/2021:06:58:38 +0100] "GET /adults/men/vespa-men-black-tshirt-size-p-18615.html HTTP/1.0" 301 69259 "-" "Mozilla/5.0 (compatible; MJ12bot/v1.4.8; http://mj12bot.com/)"
178.151.245.174 - - [11/Jan/2021:06:58:45 +0100] "GET /-p-18615.html HTTP/1.0" 200 69192 "-" "Mozilla/5.0 (compatible; MJ12bot/v1.4.8; http://mj12bot.com/)"
178.151.245.174 - - [11/Jan/2021:06:58:53 +0100] "GET /adults/men/vespa-men-black-tshirt-size-p-18617.html HTTP/1.0" 301 69259 "-" "Mozilla/5.0 (compatible; MJ12bot/v1.4.8; http://mj12bot.com/)"
185.191.171.14 - - [11/Jan/2021:06:58:59 +0100] "GET /specials.php?page=60 HTTP/1.0" 200 129147 "-" "Mozilla/5.0 (compatible; SemrushBot/7~bl; +http://www.semrush.com/bot.html)"
178.151.245.174 - - [11/Jan/2021:06:59:01 +0100] "GET /-p-18617.html HTTP/1.0" 200 69192 "-" "Mozilla/5.0 (compatible; MJ12bot/v1.4.8; http://mj12bot.com/)"
178.151.245.174 - - [11/Jan/2021:06:59:09 +0100] "GET /adults/men/vespa-men-black-tshirt-size-p-18618.html HTTP/1.0" 301 69259 "-" "Mozilla/5.0 (compatible; MJ12bot/v1.4.8; http://mj12bot.com/)"
178.151.245.174 - - [11/Jan/2021:06:59:18 +0100] "GET /-p-18618.html HTTP/1.0" 200 69192 "-" "Mozilla/5.0 (compatible; MJ12bot/v1.4.8; http://mj12bot.com/)"
114.119.151.113 - - [11/Jan/2021:06:59:19 +0100] "GET /images/big_prod/5052282086017.jpg HTTP/1.0" 200 268 "-" "Mozilla/5.0 (Linux; Android 7.0;) AppleWebKit/537.36 (KHTML, like Gecko) Mobile Safari/537.36 (compatible; PetalBot;+https://aspiegel.com/petalbot)"
185.191.171.8 - - [11/Jan/2021:06:59:23 +0100] "GET /wall-stickers-indian-style-lion-p-42968.html HTTP/1.0" 200 71954 "-" "Mozilla/5.0 (compatible; SemrushBot/7~bl; +http://www.semrush.com/bot.html)"
178.151.245.174 - - [11/Jan/2021:06:59:24 +0100] "GET /adults/men/vespa-men-black-tshirt-size-xxl-p-18616.html HTTP/1.0" 301 69259 "-" "Mozilla/5.0 (compatible; MJ12bot/v1.4.8; http://mj12bot.com/)"
178.151.245.174 - - [11/Jan/2021:06:59:30 +0100] "GET /-p-18616.html HTTP/1.0" 200 69192 "-" "Mozilla/5.0 (compatible; MJ12bot/v1.4.8; http://mj12bot.com/)"
178.151.245.174 - - [11/Jan/2021:06:59:38 +0100] "GET /adults/tshirts-and-sweatshirts-men/happy-gray-tshirt-etienne-boyer-size-p-25223.html HTTP/1.0" 301 69259 "-" "Mozilla/5.0 (compatible; MJ12bot/v1.4.8; http://mj12bot.com/)"
178.151.245.174 - - [11/Jan/2021:06:59:47 +0100] "GET /-p-25223.html HTTP/1.0" 200 69192 "-" "Mozilla/5.0 (compatible; MJ12bot/v1.4.8; http://mj12bot.com/)"
185.191.171.38 - - [11/Jan/2021:06:59:52 +0100] "GET /candy-cloud-unicorn-bubbles-p-49792.html HTTP/1.0" 200 72377 "-" "Mozilla/5.0 (compatible; SemrushBot/7~bl; +http://www.semrush.com/bot.html)"
54.36.148.215 - - [11/Jan/2021:06:59:52 +0100] "GET /keith-haring-box-white-p-29680.html HTTP/1.0" 301 69259 "-" "Mozilla/5.0 (compatible; AhrefsBot/7.0; +http://ahrefs.com/robot/)"
185.191.171.9 - - [11/Jan/2021:06:59:57 +0100] "GET /ceramic-vase-silver-tree-23-cm-p-53020.html HTTP/1.0" 200 71936 "-" "Mozilla/5.0 (compatible; SemrushBot/7~bl; +http://www.semrush.com/bot.html)"
178.151.245.174 - - [11/Jan/2021:06:59:57 +0100] "GET /adults/tshirts-and-sweatshirts-men/happy-gray-tshirt-etienne-boyer-size-p-25229.html HTTP/1.0" 301 69259 "-" "Mozilla/5.0 (compatible; MJ12bot/v1.4.8; http://mj12bot.com/)"
178.151.245.174 - - [11/Jan/2021:07:00:06 +0100] "GET /-p-25229.html HTTP/1.0" 200 69192 "-" "Mozilla/5.0 (compatible; MJ12bot/v1.4.8; http://mj12bot.com/)"
178.151.245.174 - - [11/Jan/2021:07:00:13 +0100] "GET /adults/tshirts-and-sweatshirts-men/jimi-hendrix-tshirt-size-p-27047.html HTTP/1.0" 301 69259 "-" "Mozilla/5.0 (compatible; MJ12bot/v1.4.8; http://mj12bot.com/)"
207.46.13.26 - - [11/Jan/2021:07:00:14 +0100] "GET /swfobject.js HTTP/1.0" 404 1308 "-" "Mozilla/5.0 (compatible; bingbot/2.0; +http://www.bing.com/bingbot.htm)"
207.46.13.26 - - [11/Jan/2021:07:00:14 +0100] "GET /swfobject.js HTTP/1.0" 404 1308 "-" "Mozilla/5.0 (compatible; bingbot/2.0; +http://www.bing.com/bingbot.htm)"
178.151.245.174 - - [11/Jan/2021:07:00:21 +0100] "GET /-p-27047.html HTTP/1.0" 200 69192 "-" "Mozilla/5.0 (compatible; MJ12bot/v1.4.8; http://mj12bot.com/)"
54.236.1.13 - - [11/Jan/2021:07:00:21 +0100] "GET /coca-cola-sugar-box-p-33734.html HTTP/1.0" 200 71932 "-" "Mozilla/5.0 (compatible; Pinterestbot/1.0; +http://www.pinterest.com/bot.html)"
178.151.245.174 - - [11/Jan/2021:07:00:27 +0100] "GET /adults/tshirts-and-sweatshirts-men/life-gray-tshirt-etienne-boyer-size-p-25225.html HTTP/1.0" 301 69259 "-" "Mozilla/5.0 (compatible; MJ12bot/v1.4.8; http://mj12bot.com/)"
185.191.171.8 - - [11/Jan/2021:07:00:31 +0100] "GET /pot-retro-glass-cleaning-day-happy-time-p-36022.html HTTP/1.0" 200 69342 "-" "Mozilla/5.0 (compatible; SemrushBot/7~bl; +http://www.semrush.com/bot.html)"
178.151.245.174 - - [11/Jan/2021:07:00:35 +0100] "GET /-p-25225.html HTTP/1.0" 200 69192 "-" "Mozilla/5.0 (compatible; MJ12bot/v1.4.8; http://mj12bot.com/)"
207.46.13.36 - - [11/Jan/2021:07:00:37 +0100] "GET /images/DSCN4001.jpg HTTP/1.0" 200 254 "-" "Mozilla/5.0 (compatible; bingbot/2.0; +http://www.bing.com/bingbot.htm)"
185.191.171.9 - - [11/Jan/2021:07:00:37 +0100] "GET /dubout-cats-soap-box-10-65-28-cm-p-40107.html HTTP/1.0" 200 72171 "-" "Mozilla/5.0 (compatible; SemrushBot/7~bl; +http://www.semrush.com/bot.html)"
66.249.66.66 - - [11/Jan/2021:07:00:40 +0100] "GET /flamingo-training-bottle-by-cbkreation-p-43339.html HTTP/1.0" 200 72226 "-" "Mozilla/5.0 (Linux; Android 6.0.1; Nexus 5X Build/MMB29P) AppleWebKit/537.36 (KHTML, like Gecko) Chrome/87.0.4280.90 Mobile Safari/537.36 (compatible; Googlebot/2.1; +http://www.google.com/bot.html)"
178.151.245.174 - - [11/Jan/2021:07:00:46 +0100] "GET /adults/tshirts-and-sweatshirts-men/life-gray-tshirt-etienne-boyer-size-xxl-p-25227.html HTTP/1.0" 301 69259 "-" "Mozilla/5.0 (compatible; MJ12bot/v1.4.8; http://mj12bot.com/)"
178.151.245.174 - - [11/Jan/2021:07:00:54 +0100] "GET /-p-25227.html HTTP/1.0" 200 69192 "-" "Mozilla/5.0 (compatible; MJ12bot/v1.4.8; http://mj12bot.com/)"
178.151.245.174 - - [11/Jan/2021:07:01:02 +0100] "GET /adults/tshirts-and-sweatshirts-women/black-mustache-cbk-tshirt-size-p-21757.html HTTP/1.0" 301 69259 "-" "Mozilla/5.0 (compatible; MJ12bot/v1.4.8; http://mj12bot.com/)"
178.151.245.174 - - [11/Jan/2021:07:01:10 +0100] "GET /-p-21757.html HTTP/1.0" 200 69192 "-" "Mozilla/5.0 (compatible; MJ12bot/v1.4.8; http://mj12bot.com/)"
185.191.171.25 - - [11/Jan/2021:07:01:13 +0100] "GET /little-sheep-bedside-lamp-p-40450.html HTTP/1.0" 200 71952 "-" "Mozilla/5.0 (compatible; SemrushBot/7~bl; +http://www.semrush.com/bot.html)"
40.77.167.56 - - [11/Jan/2021:07:01:13 +0100] "GET /images/med_prod/1384010178423.jpg HTTP/1.0" 200 268 "-" "Mozilla/5.0 (compatible; bingbot/2.0; +http://www.bing.com/bingbot.htm)"
66.249.66.64 - - [11/Jan/2021:07:01:16 +0100] "GET /usa-by-cbkreation-training-bottle-p-24335.html HTTP/1.0" 200 72168 "-" "Mozilla/5.0 (Linux; Android 6.0.1; Nexus 5X Build/MMB29P) AppleWebKit/537.36 (KHTML, like Gecko) Chrome/87.0.4280.90 Mobile Safari/537.36 (compatible; Googlebot/2.1; +http://www.google.com/bot.html)"
207.46.13.26 - - [11/Jan/2021:07:01:18 +0100] "GET /images/8435333807699.jpg HTTP/1.0" 200 259 "-" "Mozilla/5.0 (compatible; bingbot/2.0; +http://www.bing.com/bingbot.htm)"
178.151.245.174 - - [11/Jan/2021:07:01:20 +0100] "GET /adults/tshirts-and-sweatshirts-women/car-cbk-tshirt-white-size-p-21797.html HTTP/1.0" 301 69259 "-" "Mozilla/5.0 (compatible; MJ12bot/v1.4.8; http://mj12bot.com/)"
178.151.245.174 - - [11/Jan/2021:07:01:26 +0100] "GET /-p-21797.html HTTP/1.0" 200 69192 "-" "Mozilla/5.0 (compatible; MJ12bot/v1.4.8; http://mj12bot.com/)"
178.151.245.174 - - [11/Jan/2021:07:01:33 +0100] "GET /adults/tshirts-and-sweatshirts-women/corsica-cbk-tshirt-white-size-p-21966.html HTTP/1.0" 301 69259 "-" "Mozilla/5.0 (compatible; MJ12bot/v1.4.8; http://mj12bot.com/)"
178.151.245.174 - - [11/Jan/2021:07:01:42 +0100] "GET /-p-21966.html HTTP/1.0" 200 69192 "-" "Mozilla/5.0 (compatible; MJ12bot/v1.4.8; http://mj12bot.com/)"
185.191.171.4 - - [11/Jan/2021:07:01:43 +0100] "GET /bright-wooden-frame-the-little-prince-of-st-exupery-p-49746.html HTTP/1.0" 200 72211 "-" "Mozilla/5.0 (compatible; SemrushBot/7~bl; +http://www.semrush.com/bot.html)"
40.77.167.56 - - [11/Jan/2021:07:01:48 +0100] "GET /expresso-set-paris-macaron-p-24314.html HTTP/1.0" 200 72305 "-" "Mozilla/5.0 (compatible; bingbot/2.0; +http://www.bing.com/bingbot.htm)"
178.151.245.174 - - [11/Jan/2021:07:01:51 +0100] "GET /adults/tshirts-and-sweatshirts-women/corsica-cbk-tshirt-white-size-p-21968.html HTTP/1.0" 301 69259 "-" "Mozilla/5.0 (compatible; MJ12bot/v1.4.8; http://mj12bot.com/)"
185.191.171.10 - - [11/Jan/2021:07:01:54 +0100] "GET /salt-and-pepper-set-p-52772.html HTTP/1.0" 200 72670 "-" "Mozilla/5.0 (compatible; SemrushBot/7~bl; +http://www.semrush.com/bot.html)"
178.151.245.174 - - [11/Jan/2021:07:01:58 +0100] "GET /-p-21968.html HTTP/1.0" 200 69192 "-" "Mozilla/5.0 (compatible; MJ12bot/v1.4.8; http://mj12bot.com/)"
178.151.245.174 - - [11/Jan/2021:07:02:03 +0100] "GET /adults/tshirts-and-sweatshirts-women/mother-white-tshirt-etienne-boyer-size-p-24697.html HTTP/1.0" 301 69259 "-" "Mozilla/5.0 (compatible; MJ12bot/v1.4.8; http://mj12bot.com/)"
178.151.245.174 - - [11/Jan/2021:07:02:13 +0100] "GET /-p-24697.html HTTP/1.0" 200 69192 "-" "Mozilla/5.0 (compatible; MJ12bot/v1.4.8; http://mj12bot.com/)"
207.46.13.229 - - [11/Jan/2021:07:02:16 +0100] "GET /images/med_prod/3014627829996.jpg HTTP/1.0" 200 268 "-" "Mozilla/5.0 (compatible; bingbot/2.0; +http://www.bing.com/bingbot.htm)"
178.151.245.174 - - [11/Jan/2021:07:02:22 +0100] "GET /adults/tshirts-and-sweatshirts-women/muerte-cbk-tshirt-size-p-21706.html HTTP/1.0" 301 69259 "-" "Mozilla/5.0 (compatible; MJ12bot/v1.4.8; http://mj12bot.com/)"
185.191.171.17 - - [11/Jan/2021:07:02:24 +0100] "GET /despicable-me-pencil-case-p-35773.html HTTP/1.0" 200 71871 "-" "Mozilla/5.0 (compatible; SemrushBot/7~bl; +http://www.semrush.com/bot.html)"
66.249.66.66 - - [11/Jan/2021:07:02:29 +0100] "GET /buddha-training-bottle-by-cbkreation-p-43338.html HTTP/1.0" 200 72210 "-" "Mozilla/5.0 (Linux; Android 6.0.1; Nexus 5X Build/MMB29P) AppleWebKit/537.36 (KHTML, like Gecko) Chrome/87.0.4280.90 Mobile Safari/537.36 (compatible; Googlebot/2.1; +http://www.google.com/bot.html)"
178.151.245.174 - - [11/Jan/2021:07:02:35 +0100] "GET /-p-21706.html HTTP/1.0" 200 69192 "-" "Mozilla/5.0 (compatible; MJ12bot/v1.4.8; http://mj12bot.com/)"
178.151.245.174 - - [11/Jan/2021:07:02:47 +0100] "GET /adults/tshirts-and-sweatshirts-women/muerte-cbk-tshirt-size-p-21717.html HTTP/1.0" 301 69259 "-" "Mozilla/5.0 (compatible; MJ12bot/v1.4.8; http://mj12bot.com/)"
178.151.245.174 - - [11/Jan/2021:07:02:55 +0100] "GET /-p-21717.html HTTP/1.0" 200 69192 "-" "Mozilla/5.0 (compatible; MJ12bot/v1.4.8; http://mj12bot.com/)"
178.151.245.174 - - [11/Jan/2021:07:03:04 +0100] "GET /adults/tshirts-and-sweatshirts-women/peace-and-love-cbk-tshirt-white-p-22064.html HTTP/1.0" 301 69259 "-" "Mozilla/5.0 (compatible; MJ12bot/v1.4.8; http://mj12bot.com/)"
185.191.171.43 - - [11/Jan/2021:07:03:10 +0100] "GET /water-bottles-and-sport-bottles-c-12_161.html?page=1 HTTP/1.0" 200 90998 "-" "Mozilla/5.0 (compatible; SemrushBot/7~bl; +http://www.semrush.com/bot.html)"
34.75.185.85 - - [11/Jan/2021:07:03:12 +0100] "GET /dishes-and-pie-dishes-c-12_251.html HTTP/1.0" 200 88737 "-" "ZoominfoBot (zoominfobot at zoominfo dot com)"
178.151.245.174 - - [11/Jan/2021:07:03:12 +0100] "GET /-p-22064.html HTTP/1.0" 200 69192 "-" "Mozilla/5.0 (compatible; MJ12bot/v1.4.8; http://mj12bot.com/)"
178.151.245.174 - - [11/Jan/2021:07:03:21 +0100] "GET /adults/tshirts-and-sweatshirts-women/russian-dolls-cbk-tshirt-white-size-p-21982.html HTTP/1.0" 301 69259 "-" "Mozilla/5.0 (compatible; MJ12bot/v1.4.8; http://mj12bot.com/)"
54.36.148.87 - - [11/Jan/2021:07:03:24 +0100] "GET /large-bowl-p-40459.html HTTP/1.0" 200 71707 "-" "Mozilla/5.0 (compatible; AhrefsBot/7.0; +http://ahrefs.com/robot/)"
34.75.185.85 - - [11/Jan/2021:07:03:25 +0100] "GET /butter-dish-c-12_222.html HTTP/1.0" 200 81873 "-" "ZoominfoBot (zoominfobot at zoominfo dot com)"
178.151.245.174 - - [11/Jan/2021:07:03:29 +0100] "GET /-p-21982.html HTTP/1.0" 200 69192 "-" "Mozilla/5.0 (compatible; MJ12bot/v1.4.8; http://mj12bot.com/)"
185.191.171.2 - - [11/Jan/2021:07:03:31 +0100] "GET /plush-keel-toys-chimpanzee-p-50194.html HTTP/1.0" 200 71935 "-" "Mozilla/5.0 (compatible; SemrushBot/7~bl; +http://www.semrush.com/bot.html)"
178.151.245.174 - - [11/Jan/2021:07:03:36 +0100] "GET /adults/tshirts-and-sweatshirts-women/sea-white-tshirt-etienne-boyer-size-p-25116.html HTTP/1.0" 301 69259 "-" "Mozilla/5.0 (compatible; MJ12bot/v1.4.8; http://mj12bot.com/)"
185.191.171.26 - - [11/Jan/2021:07:03:37 +0100] "GET /looney-tunes-daffy-duck-large-coin-purse-p-5498.html HTTP/1.0" 200 72137 "-" "Mozilla/5.0 (compatible; SemrushBot/7~bl; +http://www.semrush.com/bot.html)"
66.249.66.66 - - [11/Jan/2021:07:03:38 +0100] "GET /uk-training-bottle-by-cbkreation-p-24336.html HTTP/1.0" 200 72159 "-" "Mozilla/5.0 (Linux; Android 6.0.1; Nexus 5X Build/MMB29P) AppleWebKit/537.36 (KHTML, like Gecko) Chrome/87.0.4280.90 Mobile Safari/537.36 (compatible; Googlebot/2.1; +http://www.google.com/bot.html)"
40.77.167.56 - - [11/Jan/2021:07:03:41 +0100] "GET /images/med_prod/1384010183687.jpg HTTP/1.0" 200 268 "-" "Mozilla/5.0 (compatible; bingbot/2.0; +http://www.bing.com/bingbot.htm)"
114.119.151.113 - - [11/Jan/2021:07:03:43 +0100] "GET /images/mini_prod/8424346540327.jpg HTTP/1.0" 200 269 "-" "Mozilla/5.0 (Linux; Android 7.0;) AppleWebKit/537.36 (KHTML, like Gecko) Mobile Safari/537.36 (compatible; PetalBot;+https://aspiegel.com/petalbot)"
178.151.245.174 - - [11/Jan/2021:07:03:44 +0100] "GET /-p-25116.html HTTP/1.0" 200 69192 "-" "Mozilla/5.0 (compatible; MJ12bot/v1.4.8; http://mj12bot.com/)"
178.151.245.174 - - [11/Jan/2021:07:03:50 +0100] "GET /adults/women/blue-betterfly-tshirt-p-18119.html HTTP/1.0" 301 69259 "-" "Mozilla/5.0 (compatible; MJ12bot/v1.4.8; http://mj12bot.com/)"
178.151.245.174 - - [11/Jan/2021:07:04:00 +0100] "GET /-p-18119.html HTTP/1.0" 200 69192 "-" "Mozilla/5.0 (compatible; MJ12bot/v1.4.8; http://mj12bot.com/)"
178.151.245.174 - - [11/Jan/2021:07:04:13 +0100] "GET /adults/women/les-jeux-video-ont-ruine-vie-tshirt-size-p-20379.html HTTP/1.0" 301 69259 "-" "Mozilla/5.0 (compatible; MJ12bot/v1.4.8; http://mj12bot.com/)"
185.191.171.42 - - [11/Jan/2021:07:04:21 +0100] "GET /little-buddha-collection-keychain-p-53298.html?action=add_product HTTP/1.0" 302 476 "-" "Mozilla/5.0 (compatible; SemrushBot/7~bl; +http://www.semrush.com/bot.html)"
178.151.245.174 - - [11/Jan/2021:07:04:23 +0100] "GET /-p-20379.html HTTP/1.0" 200 69192 "-" "Mozilla/5.0 (compatible; MJ12bot/v1.4.8; http://mj12bot.com/)"
178.151.245.174 - - [11/Jan/2021:07:04:33 +0100] "GET /adults/women/les-jeux-video-ont-ruine-vie-tshirt-size-p-20380.html HTTP/1.0" 301 69259 "-" "Mozilla/5.0 (compatible; MJ12bot/v1.4.8; http://mj12bot.com/)"
185.191.171.25 - - [11/Jan/2021:07:04:33 +0100] "GET /world-flag-cover-for-samsung-s4-cbkreation-p-27026.html HTTP/1.0" 200 69360 "-" "Mozilla/5.0 (compatible; SemrushBot/7~bl; +http://www.semrush.com/bot.html)"
185.191.171.20 - - [11/Jan/2021:07:04:37 +0100] "GET /poster-corsica-50-70-cm-p-43685.html HTTP/1.0" 200 71861 "-" "Mozilla/5.0 (compatible; SemrushBot/7~bl; +http://www.semrush.com/bot.html)"
185.191.171.2 - - [11/Jan/2021:07:04:44 +0100] "GET /la-bodega-by-cbk-cbkreation-p-24118.html HTTP/1.0" 200 71862 "-" "Mozilla/5.0 (compatible; SemrushBot/7~bl; +http://www.semrush.com/bot.html)"
178.151.245.174 - - [11/Jan/2021:07:04:45 +0100] "GET /-p-20380.html HTTP/1.0" 200 69192 "-" "Mozilla/5.0 (compatible; MJ12bot/v1.4.8; http://mj12bot.com/)"
66.249.66.95 - - [11/Jan/2021:07:04:50 +0100] "GET /bucolic-atmosphere-training-bottle-by-cbkreation-p-49143.html HTTP/1.0" 200 72301 "-" "Mozilla/5.0 (Linux; Android 6.0.1; Nexus 5X Build/MMB29P) AppleWebKit/537.36 (KHTML, like Gecko) Chrome/87.0.4280.90 Mobile Safari/537.36 (compatible; Googlebot/2.1; +http://www.google.com/bot.html)"
178.151.245.174 - - [11/Jan/2021:07:04:53 +0100] "GET /adults/women/les-jeux-video-ont-ruine-vie-tshirt-size-p-20381.html HTTP/1.0" 301 69259 "-" "Mozilla/5.0 (compatible; MJ12bot/v1.4.8; http://mj12bot.com/)"
178.151.245.174 - - [11/Jan/2021:07:05:02 +0100] "GET /-p-20381.html HTTP/1.0" 200 69192 "-" "Mozilla/5.0 (compatible; MJ12bot/v1.4.8; http://mj12bot.com/)"
185.191.171.38 - - [11/Jan/2021:07:05:04 +0100] "GET /johnny-hallyday-mouse-pad-p-10933.html HTTP/1.0" 200 71831 "-" "Mozilla/5.0 (compatible; SemrushBot/7~bl; +http://www.semrush.com/bot.html)"
178.151.245.174 - - [11/Jan/2021:07:05:06 +0100] "GET /adults/women/love-and-peace-pink-tshirt-size-p-20926.html HTTP/1.0" 301 69259 "-" "Mozilla/5.0 (compatible; MJ12bot/v1.4.8; http://mj12bot.com/)"
178.151.245.174 - - [11/Jan/2021:07:05:13 +0100] "GET /-p-20926.html HTTP/1.0" 200 69192 "-" "Mozilla/5.0 (compatible; MJ12bot/v1.4.8; http://mj12bot.com/)"
40.77.167.56 - - [11/Jan/2021:07:05:38 +0100] "GET /images/big_prod/8433978414623.jpg HTTP/1.0" 200 268 "-" "Mozilla/5.0 (compatible; bingbot/2.0; +http://www.bing.com/bingbot.htm)"
207.46.13.229 - - [11/Jan/2021:07:05:46 +0100] "GET /images/3760116326407.jpg HTTP/1.0" 200 259 "-" "Mozilla/5.0 (compatible; bingbot/2.0; +http://www.bing.com/bingbot.htm)"
185.191.171.13 - - [11/Jan/2021:07:06:04 +0100] "GET /pink-flamingo-white-women-tee-shirt-p-34207.html HTTP/1.0" 200 74147 "-" "Mozilla/5.0 (compatible; SemrushBot/7~bl; +http://www.semrush.com/bot.html)"
185.191.171.10 - - [11/Jan/2021:07:06:06 +0100] "GET /teo-jasmin-jasmine-companion-portfolio-morioka-p-44224.html HTTP/1.0" 200 73106 "-" "Mozilla/5.0 (compatible; SemrushBot/7~bl; +http://www.semrush.com/bot.html)"
66.249.66.95 - - [11/Jan/2021:07:06:13 +0100] "GET /moustache-training-bottle-by-cbkreation-p-26753.html HTTP/1.0" 200 72251 "-" "Mozilla/5.0 (Linux; Android 6.0.1; Nexus 5X Build/MMB29P) AppleWebKit/537.36 (KHTML, like Gecko) Chrome/87.0.4280.90 Mobile Safari/537.36 (compatible; Googlebot/2.1; +http://www.google.com/bot.html)"
185.191.171.18 - - [11/Jan/2021:07:06:16 +0100] "GET /rendez-vous-des-amis-placemat-p-40662.html HTTP/1.0" 200 69328 "-" "Mozilla/5.0 (compatible; SemrushBot/7~bl; +http://www.semrush.com/bot.html)"
185.191.171.25 - - [11/Jan/2021:07:06:18 +0100] "GET /banania-placemat-p-27369.html HTTP/1.0" 200 69246 "-" "Mozilla/5.0 (compatible; SemrushBot/7~bl; +http://www.semrush.com/bot.html)"
185.191.171.25 - - [11/Jan/2021:07:06:23 +0100] "GET /surfboard-wooden-wall-decoration-47-cm-p-44255.html HTTP/1.0" 301 69259 "-" "Mozilla/5.0 (compatible; SemrushBot/7~bl; +http://www.semrush.com/bot.html)"
185.191.171.38 - - [11/Jan/2021:07:06:25 +0100] "GET /-p-44255.html HTTP/1.0" 200 69192 "-" "Mozilla/5.0 (compatible; SemrushBot/7~bl; +http://www.semrush.com/bot.html)"
185.191.171.10 - - [11/Jan/2021:07:06:39 +0100] "GET /night-light-jade-the-peacock-p-50819.html HTTP/1.0" 200 72746 "-" "Mozilla/5.0 (compatible; SemrushBot/7~bl; +http://www.semrush.com/bot.html)"
40.77.167.56 - - [11/Jan/2021:07:07:03 +0100] "GET /images/3700235441193.jpg HTTP/1.0" 200 259 "-" "Mozilla/5.0 (compatible; bingbot/2.0; +http://www.bing.com/bingbot.htm)"
34.75.185.85 - - [11/Jan/2021:07:07:02 +0100] "GET /barbecue-and-aperitif-c-12_254.html HTTP/1.0" 200 85320 "-" "ZoominfoBot (zoominfobot at zoominfo dot com)"
66.249.66.95 - - [11/Jan/2021:07:07:06 +0100] "GET /earrings-flower-of-life-925-silver-with-amethyst-p-49029.html HTTP/1.0" 200 72759 "-" "Mozilla/5.0 (Linux; Android 6.0.1; Nexus 5X Build/MMB29P) AppleWebKit/537.36 (KHTML, like Gecko) Chrome/87.0.4280.90 Mobile Safari/537.36 (compatible; Googlebot/2.1; +http://www.google.com/bot.html)"
207.46.13.26 - - [11/Jan/2021:07:07:08 +0100] "GET /images/8849233801259.jpg HTTP/1.0" 200 259 "-" "Mozilla/5.0 (compatible; bingbot/2.0; +http://www.bing.com/bingbot.htm)"
185.191.171.37 - - [11/Jan/2021:07:07:11 +0100] "GET /cats-by-dubout-paperweight-p-43669.html HTTP/1.0" 200 72263 "-" "Mozilla/5.0 (compatible; SemrushBot/7~bl; +http://www.semrush.com/bot.html)"
185.191.171.38 - - [11/Jan/2021:07:07:17 +0100] "GET /pairs-of-socks-disney-tinkerbell-27-30-p-50912.html HTTP/1.0" 200 69338 "-" "Mozilla/5.0 (compatible; SemrushBot/7~bl; +http://www.semrush.com/bot.html)"
185.191.171.43 - - [11/Jan/2021:07:07:20 +0100] "GET /round-bath-towel-corsica-170-cm-p-44927.html HTTP/1.0" 200 71905 "-" "Mozilla/5.0 (compatible; SemrushBot/7~bl; +http://www.semrush.com/bot.html)"
185.191.171.21 - - [11/Jan/2021:07:07:31 +0100] "GET /two-cats-kitchen-towel-p-45539.html HTTP/1.0" 200 69270 "-" "Mozilla/5.0 (compatible; SemrushBot/7~bl; +http://www.semrush.com/bot.html)"
40.77.167.56 - - [11/Jan/2021:07:08:04 +0100] "GET /images/045544755771.jpg HTTP/1.0" 200 258 "-" "Mozilla/5.0 (compatible; bingbot/2.0; +http://www.bing.com/bingbot.htm)"
114.119.154.200 - - [11/Jan/2021:07:08:05 +0100] "GET /images/big_prod/5051276271828.jpg HTTP/1.0" 200 268 "-" "Mozilla/5.0 (Linux; Android 7.0;) AppleWebKit/537.36 (KHTML, like Gecko) Mobile Safari/537.36 (compatible; PetalBot;+https://aspiegel.com/petalbot)"
207.46.13.239 - - [11/Jan/2021:07:08:08 +0100] "GET /images/3585190554016.jpg HTTP/1.0" 200 259 "-" "Mozilla/5.0 (compatible; bingbot/2.0; +http://www.bing.com/bingbot.htm)"
54.36.148.167 - - [11/Jan/2021:07:08:13 +0100] "GET /kimmidoll-masayo-jewelry-box-p-27427.html HTTP/1.0" 301 69259 "-" "Mozilla/5.0 (compatible; AhrefsBot/7.0; +http://ahrefs.com/robot/)"
185.191.171.38 - - [11/Jan/2021:07:08:16 +0100] "GET /horses-mug-by-cbkreation-p-28499.html HTTP/1.0" 200 71827 "-" "Mozilla/5.0 (compatible; SemrushBot/7~bl; +http://www.semrush.com/bot.html)"
185.191.171.37 - - [11/Jan/2021:07:08:44 +0100] "GET /streetlight-lamp-tube-50-cm-p-18958.html HTTP/1.0" 200 71938 "-" "Mozilla/5.0 (compatible; SemrushBot/7~bl; +http://www.semrush.com/bot.html)"
54.36.148.87 - - [11/Jan/2021:07:08:47 +0100] "GET /mister-men-black-reporter-bag-p-3314.html HTTP/1.0" 200 72069 "-" "Mozilla/5.0 (compatible; AhrefsBot/7.0; +http://ahrefs.com/robot/)"
185.191.171.6 - - [11/Jan/2021:07:08:53 +0100] "GET /bear-on-ice-soup-bowl-with-spoon-p-45601.html HTTP/1.0" 200 71876 "-" "Mozilla/5.0 (compatible; SemrushBot/7~bl; +http://www.semrush.com/bot.html)"
157.55.39.110 - - [11/Jan/2021:07:09:13 +0100] "GET /images/3298260223148.jpg HTTP/1.0" 200 259 "-" "Mozilla/5.0 (compatible; bingbot/2.0; +http://www.bing.com/bingbot.htm)"
207.46.13.36 - - [11/Jan/2021:07:09:18 +0100] "GET /images/med_prod/1399984280591.jpg HTTP/1.0" 200 268 "-" "Mozilla/5.0 (compatible; bingbot/2.0; +http://www.bing.com/bingbot.htm)"
34.75.185.85 - - [11/Jan/2021:07:09:36 +0100] "GET /cellar-and-slicer-sausage-c-12_252.html HTTP/1.0" 200 78640 "-" "ZoominfoBot (zoominfobot at zoominfo dot com)"
185.191.171.40 - - [11/Jan/2021:07:09:43 +0100] "GET /dishes-c-12.html?page=110 HTTP/1.0" 200 91819 "-" "Mozilla/5.0 (compatible; SemrushBot/7~bl; +http://www.semrush.com/bot.html)"
185.191.171.40 - - [11/Jan/2021:07:09:48 +0100] "GET /matriochka-black-women-tee-shirt-p-30988.html HTTP/1.0" 200 73850 "-" "Mozilla/5.0 (compatible; SemrushBot/7~bl; +http://www.semrush.com/bot.html)"
157.55.39.110 - - [11/Jan/2021:07:10:05 +0100] "GET /images/3700276232675.jpg HTTP/1.0" 200 259 "-" "Mozilla/5.0 (compatible; bingbot/2.0; +http://www.bing.com/bingbot.htm)"
185.191.171.14 - - [11/Jan/2021:07:10:07 +0100] "GET /only-you-by-etienne-boyer-white-tee-shirt-p-33852.html HTTP/1.0" 200 74237 "-" "Mozilla/5.0 (compatible; SemrushBot/7~bl; +http://www.semrush.com/bot.html)"
185.191.171.13 - - [11/Jan/2021:07:10:10 +0100] "GET /magnet-resin-camembert-made-in-france-p-39110.html HTTP/1.0" 200 72813 "-" "Mozilla/5.0 (compatible; SemrushBot/7~bl; +http://www.semrush.com/bot.html)"
185.191.171.13 - - [11/Jan/2021:07:10:13 +0100] "GET /le-meilleur-vin-clock-39-cm-p-45896.html HTTP/1.0" 301 69259 "-" "Mozilla/5.0 (compatible; SemrushBot/7~bl; +http://www.semrush.com/bot.html)"
185.191.171.7 - - [11/Jan/2021:07:10:15 +0100] "GET /-p-45896.html HTTP/1.0" 200 69192 "-" "Mozilla/5.0 (compatible; SemrushBot/7~bl; +http://www.semrush.com/bot.html)"
207.46.13.26 - - [11/Jan/2021:07:10:38 +0100] "GET /images/7316191480150.jpg HTTP/1.0" 200 259 "-" "Mozilla/5.0 (compatible; bingbot/2.0; +http://www.bing.com/bingbot.htm)"
207.46.13.229 - - [11/Jan/2021:07:10:42 +0100] "GET /images/big_prod/3608860071832.jpg HTTP/1.0" 200 268 "-" "Mozilla/5.0 (compatible; bingbot/2.0; +http://www.bing.com/bingbot.htm)"
34.75.185.85 - - [11/Jan/2021:07:11:41 +0100] "GET /bowls-c-12_255.html HTTP/1.0" 200 77324 "-" "ZoominfoBot (zoominfobot at zoominfo dot com)"
185.191.171.33 - - [11/Jan/2021:07:11:58 +0100] "GET /elephant-collection-teapot-by-britto-p-44150.html HTTP/1.0" 200 71938 "-" "Mozilla/5.0 (compatible; SemrushBot/7~bl; +http://www.semrush.com/bot.html)"
34.75.185.85 - - [11/Jan/2021:07:12:13 +0100] "GET /glasses-and-drinking-cup-c-12_62.html HTTP/1.0" 200 90258 "-" "ZoominfoBot (zoominfobot at zoominfo dot com)"
34.75.185.85 - - [11/Jan/2021:07:12:17 +0100] "GET /corkscrew-bottle-opener-sommelier-kit-c-12_213.html HTTP/1.0" 200 89092 "-" "ZoominfoBot (zoominfobot at zoominfo dot com)"
40.77.167.56 - - [11/Jan/2021:07:12:19 +0100] "GET /the-little-mermaid-money-box-p-4671.html HTTP/1.0" 200 71872 "-" "Mozilla/5.0 (compatible; bingbot/2.0; +http://www.bing.com/bingbot.htm)"
114.119.129.36 - - [11/Jan/2021:07:12:29 +0100] "GET /images/mini_prod/8422810090446a.jpg HTTP/1.0" 200 270 "-" "Mozilla/5.0 (Linux; Android 7.0;) AppleWebKit/537.36 (KHTML, like Gecko) Mobile Safari/537.36 (compatible; PetalBot;+https://aspiegel.com/petalbot)"
185.191.171.12 - - [11/Jan/2021:07:12:31 +0100] "GET /sea-horse-gold-resin-and-metal-43-cm-p-48891.html?action=add_product HTTP/1.0" 302 476 "-" "Mozilla/5.0 (compatible; SemrushBot/7~bl; +http://www.semrush.com/bot.html)"
185.191.171.39 - - [11/Jan/2021:07:13:24 +0100] "GET /wind-chime-angel-glow-in-the-dark-yellow-p-40219.html HTTP/1.0" 200 72863 "-" "Mozilla/5.0 (compatible; SemrushBot/7~bl; +http://www.semrush.com/bot.html)"
185.191.171.41 - - [11/Jan/2021:07:13:45 +0100] "GET /calimero-set-of-shooters-p-11940.html HTTP/1.0" 200 71877 "-" "Mozilla/5.0 (compatible; SemrushBot/7~bl; +http://www.semrush.com/bot.html)"
54.36.148.12 - - [11/Jan/2021:07:14:01 +0100] "GET /schoolbag-caramel-and-cie-glitter-p-48782.html HTTP/1.0" 200 73196 "-" "Mozilla/5.0 (compatible; AhrefsBot/7.0; +http://ahrefs.com/robot/)"
157.55.39.22 - - [11/Jan/2021:07:14:08 +0100] "GET /images/med_prod/1384010179796.jpg HTTP/1.0" 200 268 "-" "Mozilla/5.0 (compatible; bingbot/2.0; +http://www.bing.com/bingbot.htm)"
34.75.185.85 - - [11/Jan/2021:07:14:17 +0100] "GET /products_new.php HTTP/1.0" 200 90099 "-" "ZoominfoBot (zoominfobot at zoominfo dot com)"
51.68.224.127 - - [11/Jan/2021:07:14:24 +0100] "GET /adminweb/export_orders_xml.php?token=256de2z6edz6ed2z6DFSFsed2zed6zeDSFDSGdzedezfzf&maxorders=10&orderstart=1&status=14&start_date=2018-10-01 HTTP/1.0" 200 285 "-" "GesCom CharlotteBoutik Serveur"
51.68.224.127 - - [11/Jan/2021:07:14:24 +0100] "GET /adminweb/export_orders_xml.php?token=256de2z6edz6ed2z6DFSFsed2zed6zeDSFDSGdzedezfzf&maxorders=10&orderstart=1&status=6&start_date=2018-10-01 HTTP/1.0" 200 29990 "-" "GesCom CharlotteBoutik Serveur"
34.75.185.85 - - [11/Jan/2021:07:14:26 +0100] "GET /checkout_shipping.php HTTP/1.0" 302 468 "-" "ZoominfoBot (zoominfobot at zoominfo dot com)"
185.191.171.45 - - [11/Jan/2021:07:14:26 +0100] "GET /petit-akio-led-night-light-rabbit-p-47267.html HTTP/1.0" 200 73300 "-" "Mozilla/5.0 (compatible; SemrushBot/7~bl; +http://www.semrush.com/bot.html)"
207.46.13.239 - - [11/Jan/2021:07:14:38 +0100] "GET /images/5025123281384c.jpg HTTP/1.0" 200 260 "-" "Mozilla/5.0 (compatible; bingbot/2.0; +http://www.bing.com/bingbot.htm)"
185.191.171.18 - - [11/Jan/2021:07:14:43 +0100] "GET /cement-tile-stickers-15-15-cm-p-51626.html HTTP/1.0" 200 72163 "-" "Mozilla/5.0 (compatible; SemrushBot/7~bl; +http://www.semrush.com/bot.html)"
34.75.185.85 - - [11/Jan/2021:07:14:50 +0100] "GET /bottle-holder-beer-bucket-c-12_224.html HTTP/1.0" 200 89342 "-" "ZoominfoBot (zoominfobot at zoominfo dot com)"
34.75.185.85 - - [11/Jan/2021:07:15:15 +0100] "GET /manicure-articles-c-31_204.html HTTP/1.0" 200 88551 "-" "ZoominfoBot (zoominfobot at zoominfo dot com)"
185.191.171.2 - - [11/Jan/2021:07:15:25 +0100] "GET /silver-wall-mirror-p-51800.html HTTP/1.0" 200 72595 "-" "Mozilla/5.0 (compatible; SemrushBot/7~bl; +http://www.semrush.com/bot.html)"
157.55.39.22 - - [11/Jan/2021:07:15:38 +0100] "GET /images/big_prod/4029811336074.jpg HTTP/1.0" 200 268 "-" "Mozilla/5.0 (compatible; bingbot/2.0; +http://www.bing.com/bingbot.htm)"
157.55.39.220 - - [11/Jan/2021:07:15:43 +0100] "GET /images/big_prod/7601020000105.jpg HTTP/1.0" 200 268 "-" "Mozilla/5.0 (compatible; bingbot/2.0; +http://www.bing.com/bingbot.htm)"
185.191.171.34 - - [11/Jan/2021:07:15:44 +0100] "GET /star-wars-inflatable-swimming-ring-p-49369.html HTTP/1.0" 200 69318 "-" "Mozilla/5.0 (compatible; SemrushBot/7~bl; +http://www.semrush.com/bot.html)"
207.46.13.26 - - [11/Jan/2021:07:16:06 +0100] "GET /swfobject.js HTTP/1.0" 404 1308 "-" "Mozilla/5.0 (compatible; bingbot/2.0; +http://www.bing.com/bingbot.htm)"
185.191.171.8 - - [11/Jan/2021:07:16:13 +0100] "GET /skull-sailor-figure-beige-p-34148.html HTTP/1.0" 200 69286 "-" "Mozilla/5.0 (compatible; SemrushBot/7~bl; +http://www.semrush.com/bot.html)"
114.119.144.233 - - [11/Jan/2021:07:16:51 +0100] "GET /images/mini_prod/1384000000758.jpg HTTP/1.0" 200 269 "-" "Mozilla/5.0 (Linux; Android 7.0;) AppleWebKit/537.36 (KHTML, like Gecko) Mobile Safari/537.36 (compatible; PetalBot;+https://aspiegel.com/petalbot)"
54.36.148.102 - - [11/Jan/2021:07:16:53 +0100] "GET /shirts-and-sweatshirts-men-c-54.html HTTP/1.0" 301 92782 "-" "Mozilla/5.0 (compatible; AhrefsBot/7.0; +http://ahrefs.com/robot/)"
185.191.171.1 - - [11/Jan/2021:07:16:57 +0100] "GET /mini-magnetic-plate-retro-p-30542.html HTTP/1.0" 200 69308 "-" "Mozilla/5.0 (compatible; SemrushBot/7~bl; +http://www.semrush.com/bot.html)"
185.191.171.2 - - [11/Jan/2021:07:17:02 +0100] "GET /cushion-for-upholstery-cover-40-60-cm-p-48173.html HTTP/1.0" 200 69374 "-" "Mozilla/5.0 (compatible; SemrushBot/7~bl; +http://www.semrush.com/bot.html)"
185.191.171.23 - - [11/Jan/2021:07:18:08 +0100] "GET /small-chubby-rabbit-boy-kaloo-zen-p-19232.html HTTP/1.0" 200 69348 "-" "Mozilla/5.0 (compatible; SemrushBot/7~bl; +http://www.semrush.com/bot.html)"
40.77.167.56 - - [11/Jan/2021:07:18:16 +0100] "GET /small-postcard-plate-with-envelope-15-105-cm-p-40126.html HTTP/1.0" 200 72093 "-" "Mozilla/5.0 (compatible; bingbot/2.0; +http://www.bing.com/bingbot.htm)"
40.77.167.56 - - [11/Jan/2021:07:18:17 +0100] "GET /images/med_prod/1384010178423.jpg HTTP/1.0" 200 268 "-" "Mozilla/5.0 (compatible; bingbot/2.0; +http://www.bing.com/bingbot.htm)"
185.191.171.21 - - [11/Jan/2021:07:18:24 +0100] "GET /teo-jasmin-medium-cabas-p-44209.html HTTP/1.0" 200 69298 "-" "Mozilla/5.0 (compatible; SemrushBot/7~bl; +http://www.semrush.com/bot.html)"
