13.66.139.2 - - [12/Jan/2021:00:03:31 +0100] "GET /-p-19203.html HTTP/1.0" 200 69192 "-" "Mozilla/5.0 (compatible; bingbot/2.0; +http://www.bing.com/bingbot.htm)"
13.66.139.2 - - [12/Jan/2021:00:03:32 +0100] "GET /massai-round-side-table-p-51938.html HTTP/1.0" 200 69274 "-" "Mozilla/5.0 (compatible; bingbot/2.0; +http://www.bing.com/bingbot.htm)"
13.66.139.2 - - [12/Jan/2021:00:03:32 +0100] "GET /-p-23106.html HTTP/1.0" 200 69192 "-" "Mozilla/5.0 (compatible; bingbot/2.0; +http://www.bing.com/bingbot.htm)"
13.66.139.2 - - [12/Jan/2021:00:03:33 +0100] "GET /coca-cola-pink-swimsuit-p-30308.html HTTP/1.0" 200 69298 "-" "Mozilla/5.0 (compatible; bingbot/2.0; +http://www.bing.com/bingbot.htm)"
13.66.139.2 - - [12/Jan/2021:00:03:34 +0100] "GET /-p-12670.html HTTP/1.0" 200 69192 "-" "Mozilla/5.0 (compatible; bingbot/2.0; +http://www.bing.com/bingbot.htm)"
13.66.139.2 - - [12/Jan/2021:00:03:35 +0100] "GET /zen-canvas-frame-p-38317.html HTTP/1.0" 301 69259 "-" "Mozilla/5.0 (compatible; bingbot/2.0; +http://www.bing.com/bingbot.htm)"
13.66.139.2 - - [12/Jan/2021:00:03:36 +0100] "GET /betty-boop-beach-towel-p-14855.html HTTP/1.0" 200 69293 "-" "Mozilla/5.0 (compatible; bingbot/2.0; +http://www.bing.com/bingbot.htm)"
13.66.139.93 - - [12/Jan/2021:00:03:38 +0100] "GET /marsupilami-soft-toy-20cm-p-14378.html HTTP/1.0" 200 69282 "-" "Mozilla/5.0 (compatible; bingbot/2.0; +http://www.bing.com/bingbot.htm)"
13.66.139.93 - - [12/Jan/2021:00:03:39 +0100] "GET /-p-24472.html HTTP/1.0" 200 69192 "-" "Mozilla/5.0 (compatible; bingbot/2.0; +http://www.bing.com/bingbot.htm)"
13.66.139.93 - - [12/Jan/2021:00:03:40 +0100] "GET /-p-11466.html HTTP/1.0" 200 69192 "-" "Mozilla/5.0 (compatible; bingbot/2.0; +http://www.bing.com/bingbot.htm)"
13.66.139.93 - - [12/Jan/2021:00:03:41 +0100] "GET /angry-birds-under-the-sun-beach-towel-p-29769.html HTTP/1.0" 200 69368 "-" "Mozilla/5.0 (compatible; bingbot/2.0; +http://www.bing.com/bingbot.htm)"
13.66.139.93 - - [12/Jan/2021:00:03:42 +0100] "GET /sophie-the-giraffe-tee-shirt-p-30925.html HTTP/1.0" 200 69323 "-" "Mozilla/5.0 (compatible; bingbot/2.0; +http://www.bing.com/bingbot.htm)"
13.66.139.93 - - [12/Jan/2021:00:03:43 +0100] "GET /-p-33395.html HTTP/1.0" 200 69192 "-" "Mozilla/5.0 (compatible; bingbot/2.0; +http://www.bing.com/bingbot.htm)"
13.66.139.93 - - [12/Jan/2021:00:03:43 +0100] "GET /juventus-pot-pencil-p-30614.html HTTP/1.0" 200 69278 "-" "Mozilla/5.0 (compatible; bingbot/2.0; +http://www.bing.com/bingbot.htm)"
13.66.139.93 - - [12/Jan/2021:00:03:44 +0100] "GET /gorjuss-glass-frame-print-30-30-cm-p-29676.html HTTP/1.0" 200 69359 "-" "Mozilla/5.0 (compatible; bingbot/2.0; +http://www.bing.com/bingbot.htm)"
13.66.139.93 - - [12/Jan/2021:00:03:45 +0100] "GET /peugeot-large-metal-plate-deco-p-34123.html HTTP/1.0" 200 69302 "-" "Mozilla/5.0 (compatible; bingbot/2.0; +http://www.bing.com/bingbot.htm)"
66.249.66.132 - - [12/Jan/2021:00:03:45 +0100] "GET /boho-wooden-frame-30-30-cm-be-brave-p-45083.html HTTP/1.0" 200 71984 "-" "Mozilla/5.0 (Linux; Android 6.0.1; Nexus 5X Build/MMB29P) AppleWebKit/537.36 (KHTML, like Gecko) Chrome/87.0.4280.90 Mobile Safari/537.36 (compatible; Googlebot/2.1; +http://www.google.com/bot.html)"
13.66.139.93 - - [12/Jan/2021:00:03:46 +0100] "GET /happy-colors-love-pink-door-mat-p-18959.html HTTP/1.0" 200 69338 "-" "Mozilla/5.0 (compatible; bingbot/2.0; +http://www.bing.com/bingbot.htm)"
13.66.139.93 - - [12/Jan/2021:00:03:47 +0100] "GET /sonny-angel-figure-easter-series-p-34302.html HTTP/1.0" 200 69314 "-" "Mozilla/5.0 (compatible; bingbot/2.0; +http://www.bing.com/bingbot.htm)"
13.66.139.93 - - [12/Jan/2021:00:03:48 +0100] "GET /cars-kids-school-bag-p-20064.html HTTP/1.0" 200 69262 "-" "Mozilla/5.0 (compatible; bingbot/2.0; +http://www.bing.com/bingbot.htm)"
13.66.139.93 - - [12/Jan/2021:00:03:49 +0100] "GET /tigger-tree-ornament-p-31817.html HTTP/1.0" 301 69259 "-" "Mozilla/5.0 (compatible; bingbot/2.0; +http://www.bing.com/bingbot.htm)"
185.191.171.8 - - [12/Jan/2021:00:03:50 +0100] "GET /decorative-wooden-plate-zen-p-51587.html HTTP/1.0" 200 72602 "-" "Mozilla/5.0 (compatible; SemrushBot/7~bl; +http://www.semrush.com/bot.html)"
157.55.39.220 - - [12/Jan/2021:00:03:52 +0100] "GET /highslide/highslide.js HTTP/1.0" 200 262 "-" "Mozilla/5.0 (compatible; bingbot/2.0; +http://www.bing.com/bingbot.htm)"
207.46.13.26 - - [12/Jan/2021:00:03:57 +0100] "GET /images/B12618.jpg HTTP/1.0" 200 252 "-" "Mozilla/5.0 (compatible; bingbot/2.0; +http://www.bing.com/bingbot.htm)"
185.191.171.6 - - [12/Jan/2021:00:04:03 +0100] "GET /shoulder-bag-by-teo-jasmin-jasmine-stardust-p-41280.html HTTP/1.0" 200 72206 "-" "Mozilla/5.0 (compatible; SemrushBot/7~bl; +http://www.semrush.com/bot.html)"
185.191.171.11 - - [12/Jan/2021:00:04:28 +0100] "GET /liban-rectangulary-cushion-by-cbkreation-p-36791.html HTTP/1.0" 200 72191 "-" "Mozilla/5.0 (compatible; SemrushBot/7~bl; +http://www.semrush.com/bot.html)"
185.191.171.2 - - [12/Jan/2021:00:04:31 +0100] "GET /vintage-adult-apron-p-38478.html HTTP/1.0" 200 71800 "-" "Mozilla/5.0 (compatible; SemrushBot/7~bl; +http://www.semrush.com/bot.html)"
17.58.101.147 - - [12/Jan/2021:00:04:35 +0100] "GET /cement-tile-stickers-15-15-cm-white-p-45008.html HTTP/1.0" 200 72198 "-" "Mozilla/5.0 (Macintosh; Intel Mac OS X 10_15_5) AppleWebKit/605.1.15 (KHTML, like Gecko) Version/13.1.1 Safari/605.1.15 (Applebot/0.1; +http://www.apple.com/go/applebot)"
185.191.171.24 - - [12/Jan/2021:00:04:43 +0100] "GET /set-and-breakfast-set-c-12_61.html HTTP/1.0" 200 90635 "-" "Mozilla/5.0 (compatible; SemrushBot/7~bl; +http://www.semrush.com/bot.html)"
185.191.171.9 - - [12/Jan/2021:00:05:00 +0100] "GET /traction-citren-clock-p-23283.html HTTP/1.0" 301 69259 "-" "Mozilla/5.0 (compatible; SemrushBot/7~bl; +http://www.semrush.com/bot.html)"
185.191.171.39 - - [12/Jan/2021:00:05:03 +0100] "GET /-p-23283.html HTTP/1.0" 200 69192 "-" "Mozilla/5.0 (compatible; SemrushBot/7~bl; +http://www.semrush.com/bot.html)"
13.66.139.14 - - [12/Jan/2021:00:05:06 +0100] "GET /black-samsung-galaxy-note-cupcakes-phone-cover-cbkreation-p-17342.html HTTP/1.0" 200 69441 "-" "Mozilla/5.0 (compatible; bingbot/2.0; +http://www.bing.com/bingbot.htm)"
13.66.139.14 - - [12/Jan/2021:00:05:07 +0100] "GET /-p-3608.html HTTP/1.0" 200 69190 "-" "Mozilla/5.0 (compatible; bingbot/2.0; +http://www.bing.com/bingbot.htm)"
13.66.139.14 - - [12/Jan/2021:00:05:08 +0100] "GET /daisy-duck-coin-purse-p-9695.html HTTP/1.0" 200 69286 "-" "Mozilla/5.0 (compatible; bingbot/2.0; +http://www.bing.com/bingbot.htm)"
13.66.139.14 - - [12/Jan/2021:00:05:09 +0100] "GET /-p-35459.html HTTP/1.0" 200 69192 "-" "Mozilla/5.0 (compatible; bingbot/2.0; +http://www.bing.com/bingbot.htm)"
13.66.139.14 - - [12/Jan/2021:00:05:10 +0100] "GET /-p-24798.html HTTP/1.0" 200 69192 "-" "Mozilla/5.0 (compatible; bingbot/2.0; +http://www.bing.com/bingbot.htm)"
13.66.139.14 - - [12/Jan/2021:00:05:10 +0100] "GET /-p-31304.html HTTP/1.0" 200 69192 "-" "Mozilla/5.0 (compatible; bingbot/2.0; +http://www.bing.com/bingbot.htm)"
13.66.139.14 - - [12/Jan/2021:00:05:11 +0100] "GET /dubout-cats-pill-box-p-32230.html HTTP/1.0" 200 69283 "-" "Mozilla/5.0 (compatible; bingbot/2.0; +http://www.bing.com/bingbot.htm)"
13.66.139.14 - - [12/Jan/2021:00:05:12 +0100] "GET /-p-6232.html HTTP/1.0" 200 69190 "-" "Mozilla/5.0 (compatible; bingbot/2.0; +http://www.bing.com/bingbot.htm)"
13.66.139.14 - - [12/Jan/2021:00:05:13 +0100] "GET /the-little-prince-animated-music-box-p-16467.html HTTP/1.0" 200 69326 "-" "Mozilla/5.0 (compatible; bingbot/2.0; +http://www.bing.com/bingbot.htm)"
185.191.171.1 - - [12/Jan/2021:00:05:13 +0100] "GET /cotton-bath-mat-50-80-cm-white-p-49242.html HTTP/1.0" 200 72852 "-" "Mozilla/5.0 (compatible; SemrushBot/7~bl; +http://www.semrush.com/bot.html)"
13.66.139.14 - - [12/Jan/2021:00:05:14 +0100] "GET /-p-30596.html HTTP/1.0" 200 69192 "-" "Mozilla/5.0 (compatible; bingbot/2.0; +http://www.bing.com/bingbot.htm)"
13.66.139.14 - - [12/Jan/2021:00:05:15 +0100] "GET /-p-24493.html HTTP/1.0" 200 69192 "-" "Mozilla/5.0 (compatible; bingbot/2.0; +http://www.bing.com/bingbot.htm)"
13.66.139.14 - - [12/Jan/2021:00:05:16 +0100] "GET /-p-24883.html HTTP/1.0" 200 69192 "-" "Mozilla/5.0 (compatible; bingbot/2.0; +http://www.bing.com/bingbot.htm)"
13.66.139.14 - - [12/Jan/2021:00:05:17 +0100] "GET /buddha-aluminium-box-p-37612.html HTTP/1.0" 200 69286 "-" "Mozilla/5.0 (compatible; bingbot/2.0; +http://www.bing.com/bingbot.htm)"
13.66.139.14 - - [12/Jan/2021:00:05:17 +0100] "GET /ty-rainbow-dash-pluch-keyring-p-32127.html HTTP/1.0" 200 69328 "-" "Mozilla/5.0 (compatible; bingbot/2.0; +http://www.bing.com/bingbot.htm)"
13.66.139.14 - - [12/Jan/2021:00:05:18 +0100] "GET /minnie-mouse-dessert-plate-p-31762.html HTTP/1.0" 200 69313 "-" "Mozilla/5.0 (compatible; bingbot/2.0; +http://www.bing.com/bingbot.htm)"
13.66.139.14 - - [12/Jan/2021:00:05:19 +0100] "GET /marsupilami-figures-in-tube-p-22572.html HTTP/1.0" 200 69324 "-" "Mozilla/5.0 (compatible; bingbot/2.0; +http://www.bing.com/bingbot.htm)"
13.66.139.14 - - [12/Jan/2021:00:05:20 +0100] "GET /-p-23714.html HTTP/1.0" 200 69192 "-" "Mozilla/5.0 (compatible; bingbot/2.0; +http://www.bing.com/bingbot.htm)"
13.66.139.14 - - [12/Jan/2021:00:05:21 +0100] "GET /vespa-navy-blue-mug-p-15553.html HTTP/1.0" 200 69278 "-" "Mozilla/5.0 (compatible; bingbot/2.0; +http://www.bing.com/bingbot.htm)"
13.66.139.14 - - [12/Jan/2021:00:05:21 +0100] "GET /union-jack-suitcase-60-cm-p-25114.html HTTP/1.0" 200 69308 "-" "Mozilla/5.0 (compatible; bingbot/2.0; +http://www.bing.com/bingbot.htm)"
13.66.139.14 - - [12/Jan/2021:00:05:22 +0100] "GET /-p-25185.html HTTP/1.0" 200 69192 "-" "Mozilla/5.0 (compatible; bingbot/2.0; +http://www.bing.com/bingbot.htm)"
185.191.171.5 - - [12/Jan/2021:00:05:39 +0100] "GET /polar-blankets-blankets-c-11_73.html HTTP/1.0" 200 90429 "-" "Mozilla/5.0 (compatible; SemrushBot/7~bl; +http://www.semrush.com/bot.html)"
185.191.171.14 - - [12/Jan/2021:00:05:43 +0100] "GET /comptoir-du-cafe-rectangular-tray-p-51427.html HTTP/1.0" 200 72007 "-" "Mozilla/5.0 (compatible; SemrushBot/7~bl; +http://www.semrush.com/bot.html)"
34.73.181.4 - - [12/Jan/2021:00:05:50 +0100] "GET /adaptable-decorative-caps-c-12_249.html HTTP/1.0" 200 79878 "-" "ZoominfoBot (zoominfobot at zoominfo dot com)"
54.36.149.95 - - [12/Jan/2021:00:06:02 +0100] "GET /spiderman-pairs-of-socks-size-31-35-p-46846.html HTTP/1.0" 200 71600 "-" "Mozilla/5.0 (compatible; AhrefsBot/7.0; +http://ahrefs.com/robot/)"
66.249.66.36 - - [12/Jan/2021:00:06:10 +0100] "GET /boho-wooden-frame-30-30-cm-dream-love-p-39228.html HTTP/1.0" 200 72014 "-" "Mozilla/5.0 (Linux; Android 6.0.1; Nexus 5X Build/MMB29P) AppleWebKit/537.36 (KHTML, like Gecko) Chrome/87.0.4280.90 Mobile Safari/537.36 (compatible; Googlebot/2.1; +http://www.google.com/bot.html)"
185.191.171.10 - - [12/Jan/2021:00:06:19 +0100] "GET /harley-davidson-cross-lighter-p-45323.html HTTP/1.0" 200 72929 "-" "Mozilla/5.0 (compatible; SemrushBot/7~bl; +http://www.semrush.com/bot.html)"
34.73.181.4 - - [12/Jan/2021:00:06:33 +0100] "GET /egg-cups-c-12_248.html HTTP/1.0" 200 82207 "-" "ZoominfoBot (zoominfobot at zoominfo dot com)"
40.64.105.247 - - [12/Jan/2021:00:07:03 +0100] "GET /images/8435333804506.jpg HTTP/1.0" 200 259 "-" "DuckDuckBot/1.1; (+http://duckduckgo.com/duckduckbot.html)"
114.119.154.200 - - [12/Jan/2021:00:07:08 +0100] "GET /industrial-clock-with-gears-p-53019.html HTTP/1.0" 200 72561 "-" "Mozilla/5.0 (Linux; Android 7.0;) AppleWebKit/537.36 (KHTML, like Gecko) Mobile Safari/537.36 (compatible; PetalBot;+https://aspiegel.com/petalbot)"
34.73.181.4 - - [12/Jan/2021:00:07:10 +0100] "GET /pet-shop-c-155.html HTTP/1.0" 200 88370 "-" "ZoominfoBot (zoominfobot at zoominfo dot com)"
185.191.171.4 - - [12/Jan/2021:00:07:33 +0100] "GET /bear-pedestal-table-in-resin-p-52744.html HTTP/1.0" 301 69259 "-" "Mozilla/5.0 (compatible; SemrushBot/7~bl; +http://www.semrush.com/bot.html)"
185.191.171.6 - - [12/Jan/2021:00:07:35 +0100] "GET /-p-52744.html HTTP/1.0" 200 69192 "-" "Mozilla/5.0 (compatible; SemrushBot/7~bl; +http://www.semrush.com/bot.html)"
185.191.171.3 - - [12/Jan/2021:00:07:51 +0100] "GET /tea-glass-double-wall-tree-of-life-400-ml-p-51478.html HTTP/1.0" 200 72022 "-" "Mozilla/5.0 (compatible; SemrushBot/7~bl; +http://www.semrush.com/bot.html)"
185.191.171.38 - - [12/Jan/2021:00:07:56 +0100] "GET /smith-and-wesson-metal-plate-deco-405-215-cm-p-41074.html HTTP/1.0" 200 72020 "-" "Mozilla/5.0 (compatible; SemrushBot/7~bl; +http://www.semrush.com/bot.html)"
13.66.139.14 - - [12/Jan/2021:00:07:57 +0100] "GET /trudi-elephant-paul-soft-toy-28-cm-p-16214.html HTTP/1.0" 200 71768 "-" "Mozilla/5.0 (compatible; bingbot/2.0; +http://www.bing.com/bingbot.htm)"
13.66.139.14 - - [12/Jan/2021:00:07:59 +0100] "GET /cats-in-love-teapot-p-37392.html HTTP/1.0" 200 71812 "-" "Mozilla/5.0 (compatible; bingbot/2.0; +http://www.bing.com/bingbot.htm)"
13.66.139.14 - - [12/Jan/2021:00:08:00 +0100] "GET /shadoks-pencil-case-p-19626.html HTTP/1.0" 200 71964 "-" "Mozilla/5.0 (compatible; bingbot/2.0; +http://www.bing.com/bingbot.htm)"
13.66.139.14 - - [12/Jan/2021:00:08:01 +0100] "GET /fox-set-cups-espresso-p-45598.html HTTP/1.0" 200 71860 "-" "Mozilla/5.0 (compatible; bingbot/2.0; +http://www.bing.com/bingbot.htm)"
13.66.139.14 - - [12/Jan/2021:00:08:01 +0100] "GET /white-adult-cotton-apron-p-39044.html HTTP/1.0" 200 71822 "-" "Mozilla/5.0 (compatible; bingbot/2.0; +http://www.bing.com/bingbot.htm)"
13.66.139.14 - - [12/Jan/2021:00:08:02 +0100] "GET /disney-showcase-figurine-collection-mulan-p-38721.html HTTP/1.0" 200 72545 "-" "Mozilla/5.0 (compatible; bingbot/2.0; +http://www.bing.com/bingbot.htm)"
13.66.139.14 - - [12/Jan/2021:00:08:03 +0100] "GET /clock-dreaming-making-round-wooden-28-cm-p-47340.html HTTP/1.0" 301 69259 "-" "Mozilla/5.0 (compatible; bingbot/2.0; +http://www.bing.com/bingbot.htm)"
13.66.139.14 - - [12/Jan/2021:00:08:04 +0100] "GET /laundry-basket-in-braided-jute-large-size-p-48065.html HTTP/1.0" 200 72628 "-" "Mozilla/5.0 (compatible; bingbot/2.0; +http://www.bing.com/bingbot.htm)"
13.66.139.14 - - [12/Jan/2021:00:08:05 +0100] "GET /teo-jasmin-saucer-for-tea-bag-p-37959.html HTTP/1.0" 200 71885 "-" "Mozilla/5.0 (compatible; bingbot/2.0; +http://www.bing.com/bingbot.htm)"
13.66.139.14 - - [12/Jan/2021:00:08:06 +0100] "GET /winx-oval-placemat-p-17121.html HTTP/1.0" 200 72000 "-" "Mozilla/5.0 (compatible; bingbot/2.0; +http://www.bing.com/bingbot.htm)"
13.66.139.14 - - [12/Jan/2021:00:08:07 +0100] "GET /sonny-angel-figure-series-hawaii-beach-p-30967.html HTTP/1.0" 200 72181 "-" "Mozilla/5.0 (compatible; bingbot/2.0; +http://www.bing.com/bingbot.htm)"
13.66.139.14 - - [12/Jan/2021:00:08:08 +0100] "GET /princesse-sofia-book-figure-p-23410.html HTTP/1.0" 200 71758 "-" "Mozilla/5.0 (compatible; bingbot/2.0; +http://www.bing.com/bingbot.htm)"
13.66.139.14 - - [12/Jan/2021:00:08:09 +0100] "GET /fragrance-sachet-sweet-black-cherries-p-40543.html HTTP/1.0" 200 72620 "-" "Mozilla/5.0 (compatible; bingbot/2.0; +http://www.bing.com/bingbot.htm)"
13.66.139.14 - - [12/Jan/2021:00:08:09 +0100] "GET /citation-confucius-white-women-tee-shirt-p-34202.html HTTP/1.0" 200 74187 "-" "Mozilla/5.0 (compatible; bingbot/2.0; +http://www.bing.com/bingbot.htm)"
13.66.139.14 - - [12/Jan/2021:00:08:10 +0100] "GET /monkey-statue-resin-p-47520.html HTTP/1.0" 200 71863 "-" "Mozilla/5.0 (compatible; bingbot/2.0; +http://www.bing.com/bingbot.htm)"
13.66.139.14 - - [12/Jan/2021:00:08:11 +0100] "GET /monster-money-box-p-28123.html HTTP/1.0" 200 71769 "-" "Mozilla/5.0 (compatible; bingbot/2.0; +http://www.bing.com/bingbot.htm)"
13.66.139.14 - - [12/Jan/2021:00:08:12 +0100] "GET /sons-of-anarchy-zippo-lighter-p-30268.html HTTP/1.0" 200 73824 "-" "Mozilla/5.0 (compatible; bingbot/2.0; +http://www.bing.com/bingbot.htm)"
185.191.171.4 - - [12/Jan/2021:00:08:13 +0100] "GET /forest-friends-snow-white-figurine-p-45968.html HTTP/1.0" 200 73597 "-" "Mozilla/5.0 (compatible; SemrushBot/7~bl; +http://www.semrush.com/bot.html)"
13.66.139.14 - - [12/Jan/2021:00:08:13 +0100] "GET /plaid-sofa-throw-portofino-with-fringes-125-150-cm-grey-p-47921.html HTTP/1.0" 200 72792 "-" "Mozilla/5.0 (compatible; bingbot/2.0; +http://www.bing.com/bingbot.htm)"
13.66.139.14 - - [12/Jan/2021:00:08:15 +0100] "GET /tinted-candle-in-the-mass-honey-color-p-48914.html HTTP/1.0" 200 71937 "-" "Mozilla/5.0 (compatible; bingbot/2.0; +http://www.bing.com/bingbot.htm)"
13.66.139.14 - - [12/Jan/2021:00:08:16 +0100] "GET /cotton-floor-cushion-40-cm-guernezey-p-51660.html HTTP/1.0" 200 72764 "-" "Mozilla/5.0 (compatible; bingbot/2.0; +http://www.bing.com/bingbot.htm)"
13.66.139.14 - - [12/Jan/2021:00:08:17 +0100] "GET /usa-cushion-p-32882.html HTTP/1.0" 200 71887 "-" "Mozilla/5.0 (compatible; bingbot/2.0; +http://www.bing.com/bingbot.htm)"
185.191.171.19 - - [12/Jan/2021:00:08:17 +0100] "GET /klimt-eyeglass-case-p-51198.html HTTP/1.0" 200 71817 "-" "Mozilla/5.0 (compatible; SemrushBot/7~bl; +http://www.semrush.com/bot.html)"
13.66.139.14 - - [12/Jan/2021:00:08:18 +0100] "GET /jimi-hendrix-large-metal-plate-deco-p-34122.html HTTP/1.0" 200 71933 "-" "Mozilla/5.0 (compatible; bingbot/2.0; +http://www.bing.com/bingbot.htm)"
13.66.139.153 - - [12/Jan/2021:00:08:18 +0100] "GET /-p-34574.html HTTP/1.0" 200 69192 "-" "Mozilla/5.0 (compatible; bingbot/2.0; +http://www.bing.com/bingbot.htm)"
13.66.139.153 - - [12/Jan/2021:00:08:20 +0100] "GET /london-union-jack-small-lamp-p-35748.html HTTP/1.0" 301 69259 "-" "Mozilla/5.0 (compatible; bingbot/2.0; +http://www.bing.com/bingbot.htm)"
13.66.139.153 - - [12/Jan/2021:00:08:21 +0100] "GET /-p-22827.html HTTP/1.0" 200 69192 "-" "Mozilla/5.0 (compatible; bingbot/2.0; +http://www.bing.com/bingbot.htm)"
13.66.139.153 - - [12/Jan/2021:00:08:22 +0100] "GET /-p-31415.html HTTP/1.0" 200 69192 "-" "Mozilla/5.0 (compatible; bingbot/2.0; +http://www.bing.com/bingbot.htm)"
13.66.139.153 - - [12/Jan/2021:00:08:22 +0100] "GET /-p-29829.html HTTP/1.0" 200 69192 "-" "Mozilla/5.0 (compatible; bingbot/2.0; +http://www.bing.com/bingbot.htm)"
13.66.139.153 - - [12/Jan/2021:00:08:23 +0100] "GET /-p-22234.html HTTP/1.0" 200 69192 "-" "Mozilla/5.0 (compatible; bingbot/2.0; +http://www.bing.com/bingbot.htm)"
13.66.139.153 - - [12/Jan/2021:00:08:24 +0100] "GET /vespa-black-alarm-clock-p-15543.html HTTP/1.0" 200 69274 "-" "Mozilla/5.0 (compatible; bingbot/2.0; +http://www.bing.com/bingbot.htm)"
13.66.139.153 - - [12/Jan/2021:00:08:25 +0100] "GET /-p-30670.html HTTP/1.0" 200 69192 "-" "Mozilla/5.0 (compatible; bingbot/2.0; +http://www.bing.com/bingbot.htm)"
34.73.181.4 - - [12/Jan/2021:00:08:26 +0100] "GET /coasters-c-12_157.html HTTP/1.0" 200 91067 "-" "ZoominfoBot (zoominfobot at zoominfo dot com)"
66.249.66.33 - - [12/Jan/2021:00:08:27 +0100] "GET /metal-push-ashtray-ceramic-tiles-p-47356.html HTTP/1.0" 200 71873 "-" "Mozilla/5.0 (Linux; Android 6.0.1; Nexus 5X Build/MMB29P) AppleWebKit/537.36 (KHTML, like Gecko) Chrome/87.0.4280.90 Mobile Safari/537.36 (compatible; Googlebot/2.1; +http://www.google.com/bot.html)"
13.66.139.153 - - [12/Jan/2021:00:08:26 +0100] "GET /gorjuss-found-my-family-in-book-figure-collection-p-28065.html HTTP/1.0" 301 69259 "-" "Mozilla/5.0 (compatible; bingbot/2.0; +http://www.bing.com/bingbot.htm)"
13.66.139.153 - - [12/Jan/2021:00:08:28 +0100] "GET /-p-17537.html HTTP/1.0" 200 69192 "-" "Mozilla/5.0 (compatible; bingbot/2.0; +http://www.bing.com/bingbot.htm)"
13.66.139.153 - - [12/Jan/2021:00:08:29 +0100] "GET /-p-29126.html HTTP/1.0" 200 69192 "-" "Mozilla/5.0 (compatible; bingbot/2.0; +http://www.bing.com/bingbot.htm)"
13.66.139.153 - - [12/Jan/2021:00:08:29 +0100] "GET /the-little-mermaid-musical-disney-traditions-statue-p-30670.html HTTP/1.0" 301 69259 "-" "Mozilla/5.0 (compatible; bingbot/2.0; +http://www.bing.com/bingbot.htm)"
13.66.139.153 - - [12/Jan/2021:00:08:30 +0100] "GET /-p-16593.html HTTP/1.0" 200 69192 "-" "Mozilla/5.0 (compatible; bingbot/2.0; +http://www.bing.com/bingbot.htm)"
13.66.139.153 - - [12/Jan/2021:00:08:31 +0100] "GET /-p-14444.html HTTP/1.0" 200 69192 "-" "Mozilla/5.0 (compatible; bingbot/2.0; +http://www.bing.com/bingbot.htm)"
13.66.139.153 - - [12/Jan/2021:00:08:32 +0100] "GET /nici-snow-rabbit-lying-plush-50-cm-p-33402.html HTTP/1.0" 200 69318 "-" "Mozilla/5.0 (compatible; bingbot/2.0; +http://www.bing.com/bingbot.htm)"
13.66.139.153 - - [12/Jan/2021:00:08:33 +0100] "GET /polar-blanket-brown-180-220-cm-p-39681.html HTTP/1.0" 301 69259 "-" "Mozilla/5.0 (compatible; bingbot/2.0; +http://www.bing.com/bingbot.htm)"
13.66.139.93 - - [12/Jan/2021:00:08:34 +0100] "GET /-p-28845.html HTTP/1.0" 200 69192 "-" "Mozilla/5.0 (compatible; bingbot/2.0; +http://www.bing.com/bingbot.htm)"
13.66.139.93 - - [12/Jan/2021:00:08:34 +0100] "GET /-p-23197.html HTTP/1.0" 200 69192 "-" "Mozilla/5.0 (compatible; bingbot/2.0; +http://www.bing.com/bingbot.htm)"
185.191.171.9 - - [12/Jan/2021:00:08:35 +0100] "GET /hourglass-decoration-glass-and-sand-glitter-p-51968.html HTTP/1.0" 200 72006 "-" "Mozilla/5.0 (compatible; SemrushBot/7~bl; +http://www.semrush.com/bot.html)"
13.66.139.93 - - [12/Jan/2021:00:08:35 +0100] "GET /-p-38162.html HTTP/1.0" 200 69192 "-" "Mozilla/5.0 (compatible; bingbot/2.0; +http://www.bing.com/bingbot.htm)"
13.66.139.93 - - [12/Jan/2021:00:08:36 +0100] "GET /-p-6907.html HTTP/1.0" 200 69190 "-" "Mozilla/5.0 (compatible; bingbot/2.0; +http://www.bing.com/bingbot.htm)"
13.66.139.93 - - [12/Jan/2021:00:08:37 +0100] "GET /eeyore-thanks-for-noticin-me-figure-collection-p-33737.html HTTP/1.0" 301 69259 "-" "Mozilla/5.0 (compatible; bingbot/2.0; +http://www.bing.com/bingbot.htm)"
13.66.139.93 - - [12/Jan/2021:00:08:38 +0100] "GET /-p-15992.html HTTP/1.0" 200 69192 "-" "Mozilla/5.0 (compatible; bingbot/2.0; +http://www.bing.com/bingbot.htm)"
13.66.139.93 - - [12/Jan/2021:00:08:39 +0100] "GET /teo-jasmin-titi-gavroche-handbag-hanger-p-34888.html HTTP/1.0" 200 69378 "-" "Mozilla/5.0 (compatible; bingbot/2.0; +http://www.bing.com/bingbot.htm)"
185.191.171.24 - - [12/Jan/2021:00:08:39 +0100] "GET /polar-blanket-beige-130-160-cm-p-43662.html HTTP/1.0" 301 69259 "-" "Mozilla/5.0 (compatible; SemrushBot/7~bl; +http://www.semrush.com/bot.html)"
13.66.139.93 - - [12/Jan/2021:00:08:40 +0100] "GET /-p-49112.html HTTP/1.0" 200 69192 "-" "Mozilla/5.0 (compatible; bingbot/2.0; +http://www.bing.com/bingbot.htm)"
13.66.139.93 - - [12/Jan/2021:00:08:41 +0100] "GET /-p-6621.html HTTP/1.0" 200 69190 "-" "Mozilla/5.0 (compatible; bingbot/2.0; +http://www.bing.com/bingbot.htm)"
185.191.171.12 - - [12/Jan/2021:00:08:41 +0100] "GET /-p-43662.html HTTP/1.0" 200 69192 "-" "Mozilla/5.0 (compatible; SemrushBot/7~bl; +http://www.semrush.com/bot.html)"
13.66.139.93 - - [12/Jan/2021:00:08:41 +0100] "GET /retro-paris-bread-bag-p-39541.html HTTP/1.0" 200 69288 "-" "Mozilla/5.0 (compatible; bingbot/2.0; +http://www.bing.com/bingbot.htm)"
13.66.139.93 - - [12/Jan/2021:00:08:42 +0100] "GET /-p-20170.html HTTP/1.0" 200 69192 "-" "Mozilla/5.0 (compatible; bingbot/2.0; +http://www.bing.com/bingbot.htm)"
13.66.139.93 - - [12/Jan/2021:00:08:43 +0100] "GET /-p-17200.html HTTP/1.0" 200 69192 "-" "Mozilla/5.0 (compatible; bingbot/2.0; +http://www.bing.com/bingbot.htm)"
185.191.171.22 - - [12/Jan/2021:00:08:56 +0100] "GET /metal-wall-mirror-sun-p-49268.html HTTP/1.0" 200 71853 "-" "Mozilla/5.0 (compatible; SemrushBot/7~bl; +http://www.semrush.com/bot.html)"
157.55.39.110 - - [12/Jan/2021:00:09:06 +0100] "GET /shadow-cats-tray-41-29-cm-p-45514.html HTTP/1.0" 200 71950 "-" "Mozilla/5.0 (compatible; bingbot/2.0; +http://www.bing.com/bingbot.htm)"
13.66.139.93 - - [12/Jan/2021:00:09:11 +0100] "GET /titanic-small-metal-plate-p-15217.html HTTP/1.0" 200 69308 "-" "Mozilla/5.0 (compatible; bingbot/2.0; +http://www.bing.com/bingbot.htm)"
13.66.139.93 - - [12/Jan/2021:00:09:12 +0100] "GET /-p-16762.html HTTP/1.0" 200 69192 "-" "Mozilla/5.0 (compatible; bingbot/2.0; +http://www.bing.com/bingbot.htm)"
13.66.139.93 - - [12/Jan/2021:00:09:12 +0100] "GET /pepe-jeans-leather-wallet-beige-p-38145.html HTTP/1.0" 200 69344 "-" "Mozilla/5.0 (compatible; bingbot/2.0; +http://www.bing.com/bingbot.htm)"
185.191.171.43 - - [12/Jan/2021:00:09:13 +0100] "GET /wax-melt-fresh-linen-p-39002.html HTTP/1.0" 200 72454 "-" "Mozilla/5.0 (compatible; SemrushBot/7~bl; +http://www.semrush.com/bot.html)"
13.66.139.93 - - [12/Jan/2021:00:09:13 +0100] "GET /keith-haring-glass-clock-p-27746.html HTTP/1.0" 301 69259 "-" "Mozilla/5.0 (compatible; bingbot/2.0; +http://www.bing.com/bingbot.htm)"
51.68.224.127 - - [12/Jan/2021:00:09:15 +0100] "GET /adminweb/export_orders_xml.php?token=256de2z6edz6ed2z6DFSFsed2zed6zeDSFDSGdzedezfzf&maxorders=10&orderstart=1&status=14&start_date=2018-10-01 HTTP/1.0" 200 285 "-" "GesCom CharlotteBoutik Serveur"
51.68.224.127 - - [12/Jan/2021:00:09:15 +0100] "GET /adminweb/export_orders_xml.php?token=256de2z6edz6ed2z6DFSFsed2zed6zeDSFDSGdzedezfzf&maxorders=10&orderstart=1&status=6&start_date=2018-10-01 HTTP/1.0" 200 29990 "-" "GesCom CharlotteBoutik Serveur"
13.66.139.93 - - [12/Jan/2021:00:09:15 +0100] "GET /star-white-wood-tray-40-cm-p-34704.html HTTP/1.0" 301 69259 "-" "Mozilla/5.0 (compatible; bingbot/2.0; +http://www.bing.com/bingbot.htm)"
13.66.139.93 - - [12/Jan/2021:00:09:16 +0100] "GET /-p-29212.html HTTP/1.0" 200 69192 "-" "Mozilla/5.0 (compatible; bingbot/2.0; +http://www.bing.com/bingbot.htm)"
13.66.139.93 - - [12/Jan/2021:00:09:17 +0100] "GET /kimmidoll-yua-metal-keyring-p-17489.html HTTP/1.0" 200 69318 "-" "Mozilla/5.0 (compatible; bingbot/2.0; +http://www.bing.com/bingbot.htm)"
74.125.210.35 - - [12/Jan/2021:00:09:18 +0100] "GET /images/big_prod/3612875118079.jpg HTTP/1.0" 200 268 "-" "Mozilla/5.0 (Windows NT 5.1; rv:11.0) Gecko Firefox/11.0 (via ggpht.com GoogleImageProxy)"
13.66.139.93 - - [12/Jan/2021:00:09:18 +0100] "GET /-p-10639.html HTTP/1.0" 200 69192 "-" "Mozilla/5.0 (compatible; bingbot/2.0; +http://www.bing.com/bingbot.htm)"
13.66.139.93 - - [12/Jan/2021:00:09:18 +0100] "GET /disney-universe-suitcase-p-17270.html HTTP/1.0" 200 69303 "-" "Mozilla/5.0 (compatible; bingbot/2.0; +http://www.bing.com/bingbot.htm)"
185.191.171.15 - - [12/Jan/2021:00:09:19 +0100] "GET /empire-state-building-wall-sticker-p-38338.html HTTP/1.0" 301 69259 "-" "Mozilla/5.0 (compatible; SemrushBot/7~bl; +http://www.semrush.com/bot.html)"
13.66.139.93 - - [12/Jan/2021:00:09:19 +0100] "GET /bottle-despicable-me-p-36838.html HTTP/1.0" 200 71812 "-" "Mozilla/5.0 (compatible; bingbot/2.0; +http://www.bing.com/bingbot.htm)"
13.66.139.93 - - [12/Jan/2021:00:09:21 +0100] "GET /rococo-retro-phone-p-37502.html HTTP/1.0" 200 72009 "-" "Mozilla/5.0 (compatible; bingbot/2.0; +http://www.bing.com/bingbot.htm)"
13.66.139.93 - - [12/Jan/2021:00:09:22 +0100] "GET /pillowcase-50-70-cm-color-lila-powder-p-46740.html HTTP/1.0" 200 72645 "-" "Mozilla/5.0 (compatible; bingbot/2.0; +http://www.bing.com/bingbot.htm)"
185.191.171.2 - - [12/Jan/2021:00:09:21 +0100] "GET /-p-38338.html HTTP/1.0" 200 69192 "-" "Mozilla/5.0 (compatible; SemrushBot/7~bl; +http://www.semrush.com/bot.html)"
13.66.139.93 - - [12/Jan/2021:00:09:23 +0100] "GET /tiger-white-porcelain-bowl-480-ml-p-47861.html HTTP/1.0" 200 71842 "-" "Mozilla/5.0 (compatible; bingbot/2.0; +http://www.bing.com/bingbot.htm)"
13.66.139.93 - - [12/Jan/2021:00:09:24 +0100] "GET /bamboo-fiber-plant-cover-sparrow-p-49558.html HTTP/1.0" 200 71928 "-" "Mozilla/5.0 (compatible; bingbot/2.0; +http://www.bing.com/bingbot.htm)"
13.66.139.153 - - [12/Jan/2021:00:09:25 +0100] "GET /volkswagen-electronic-lighter-p-47731.html HTTP/1.0" 301 69259 "-" "Mozilla/5.0 (compatible; bingbot/2.0; +http://www.bing.com/bingbot.htm)"
13.66.139.153 - - [12/Jan/2021:00:09:26 +0100] "GET /-p-15820.html HTTP/1.0" 200 69192 "-" "Mozilla/5.0 (compatible; bingbot/2.0; +http://www.bing.com/bingbot.htm)"
13.66.139.153 - - [12/Jan/2021:00:09:26 +0100] "GET /-p-20340.html HTTP/1.0" 200 69192 "-" "Mozilla/5.0 (compatible; bingbot/2.0; +http://www.bing.com/bingbot.htm)"
13.66.139.153 - - [12/Jan/2021:00:09:27 +0100] "GET /ogc-nice-flag-p-38276.html HTTP/1.0" 200 69248 "-" "Mozilla/5.0 (compatible; bingbot/2.0; +http://www.bing.com/bingbot.htm)"
13.66.139.153 - - [12/Jan/2021:00:09:28 +0100] "GET /-p-10531.html HTTP/1.0" 200 69192 "-" "Mozilla/5.0 (compatible; bingbot/2.0; +http://www.bing.com/bingbot.htm)"
13.66.139.153 - - [12/Jan/2021:00:09:29 +0100] "GET /-p-18661.html HTTP/1.0" 200 69192 "-" "Mozilla/5.0 (compatible; bingbot/2.0; +http://www.bing.com/bingbot.htm)"
13.66.139.153 - - [12/Jan/2021:00:09:30 +0100] "GET /-p-32857.html HTTP/1.0" 200 69192 "-" "Mozilla/5.0 (compatible; bingbot/2.0; +http://www.bing.com/bingbot.htm)"
13.66.139.153 - - [12/Jan/2021:00:09:30 +0100] "GET /-p-30154.html HTTP/1.0" 200 69192 "-" "Mozilla/5.0 (compatible; bingbot/2.0; +http://www.bing.com/bingbot.htm)"
13.66.139.153 - - [12/Jan/2021:00:09:31 +0100] "GET /-p-29569.html HTTP/1.0" 200 69192 "-" "Mozilla/5.0 (compatible; bingbot/2.0; +http://www.bing.com/bingbot.htm)"
13.66.139.153 - - [12/Jan/2021:00:09:32 +0100] "GET /-p-1848.html HTTP/1.0" 200 69190 "-" "Mozilla/5.0 (compatible; bingbot/2.0; +http://www.bing.com/bingbot.htm)"
13.66.139.153 - - [12/Jan/2021:00:09:33 +0100] "GET /ecru-burundi-stool-p-51594.html HTTP/1.0" 200 72421 "-" "Mozilla/5.0 (compatible; bingbot/2.0; +http://www.bing.com/bingbot.htm)"
13.66.139.153 - - [12/Jan/2021:00:09:34 +0100] "GET /burlap-round-table-set-free-p-48453.html HTTP/1.0" 200 72427 "-" "Mozilla/5.0 (compatible; bingbot/2.0; +http://www.bing.com/bingbot.htm)"
13.66.139.153 - - [12/Jan/2021:00:09:35 +0100] "GET /provence-lavender-salt-and-pepper-shaker-p-30683.html HTTP/1.0" 200 72058 "-" "Mozilla/5.0 (compatible; bingbot/2.0; +http://www.bing.com/bingbot.htm)"
13.66.139.153 - - [12/Jan/2021:00:09:36 +0100] "GET /goldorak-mug-p-30225.html HTTP/1.0" 200 71801 "-" "Mozilla/5.0 (compatible; bingbot/2.0; +http://www.bing.com/bingbot.htm)"
13.66.139.153 - - [12/Jan/2021:00:09:37 +0100] "GET /world-map-metal-clock-43-cm-p-47947.html HTTP/1.0" 200 71889 "-" "Mozilla/5.0 (compatible; bingbot/2.0; +http://www.bing.com/bingbot.htm)"
54.36.148.87 - - [12/Jan/2021:00:09:45 +0100] "GET /georges-clounet-napkins-dispenser-p-39502.html HTTP/1.0" 200 71912 "-" "Mozilla/5.0 (compatible; AhrefsBot/7.0; +http://ahrefs.com/robot/)"
66.249.66.64 - - [12/Jan/2021:00:09:48 +0100] "GET /metal-push-ashtray-ceramic-tiles-p-47355.html HTTP/1.0" 200 71861 "-" "Mozilla/5.0 (Linux; Android 6.0.1; Nexus 5X Build/MMB29P) AppleWebKit/537.36 (KHTML, like Gecko) Chrome/87.0.4280.90 Mobile Safari/537.36 (compatible; Googlebot/2.1; +http://www.google.com/bot.html)"
34.73.181.4 - - [12/Jan/2021:00:09:57 +0100] "GET /specials.php HTTP/1.0" 200 129945 "-" "ZoominfoBot (zoominfobot at zoominfo dot com)"
185.191.171.20 - - [12/Jan/2021:00:10:00 +0100] "GET /teo-jasmin-scarf-p-32502.html HTTP/1.0" 200 71792 "-" "Mozilla/5.0 (compatible; SemrushBot/7~bl; +http://www.semrush.com/bot.html)"
185.191.171.10 - - [12/Jan/2021:00:10:26 +0100] "GET /mexique-clock-by-cbkreation-p-28476.html HTTP/1.0" 200 71824 "-" "Mozilla/5.0 (compatible; SemrushBot/7~bl; +http://www.semrush.com/bot.html)"
185.191.171.7 - - [12/Jan/2021:00:10:29 +0100] "GET /strawberries-oilcloth-240-160-cm-p-48559.html HTTP/1.0" 200 71944 "-" "Mozilla/5.0 (compatible; SemrushBot/7~bl; +http://www.semrush.com/bot.html)"
13.66.139.153 - - [12/Jan/2021:00:10:41 +0100] "GET /russian-doll-alarm-clock-by-cbkreation-p-25001.html HTTP/1.0" 200 71986 "-" "Mozilla/5.0 (compatible; bingbot/2.0; +http://www.bing.com/bingbot.htm)"
13.66.139.153 - - [12/Jan/2021:00:10:42 +0100] "GET /dog-head-wallet-model-p-39441.html HTTP/1.0" 200 71855 "-" "Mozilla/5.0 (compatible; bingbot/2.0; +http://www.bing.com/bingbot.htm)"
13.66.139.153 - - [12/Jan/2021:00:10:43 +0100] "GET /gund-plush-chocolate-rabbit-wispers-25-cm-p-21364.html HTTP/1.0" 200 76811 "-" "Mozilla/5.0 (compatible; bingbot/2.0; +http://www.bing.com/bingbot.htm)"
13.66.139.153 - - [12/Jan/2021:00:10:44 +0100] "GET /disney-princess-dinner-set-p-16561.html HTTP/1.0" 200 72522 "-" "Mozilla/5.0 (compatible; bingbot/2.0; +http://www.bing.com/bingbot.htm)"
13.66.139.153 - - [12/Jan/2021:00:10:45 +0100] "GET /au-bistrot-oven-mitt-p-47943.html HTTP/1.0" 200 71860 "-" "Mozilla/5.0 (compatible; bingbot/2.0; +http://www.bing.com/bingbot.htm)"
13.66.139.153 - - [12/Jan/2021:00:10:46 +0100] "GET /live-to-ride-hoodies-p-33758.html HTTP/1.0" 200 74580 "-" "Mozilla/5.0 (compatible; bingbot/2.0; +http://www.bing.com/bingbot.htm)"
13.66.139.153 - - [12/Jan/2021:00:10:47 +0100] "GET /support-metal-bottle-the-barbecue-p-39629.html HTTP/1.0" 301 69259 "-" "Mozilla/5.0 (compatible; bingbot/2.0; +http://www.bing.com/bingbot.htm)"
13.66.139.153 - - [12/Jan/2021:00:10:47 +0100] "GET /golden-pentagon-mirror-30-cm-p-48540.html HTTP/1.0" 200 71898 "-" "Mozilla/5.0 (compatible; bingbot/2.0; +http://www.bing.com/bingbot.htm)"
13.66.139.153 - - [12/Jan/2021:00:10:48 +0100] "GET /microfibre-bed-base-cover-140-190-cm-white-p-47366.html HTTP/1.0" 200 72032 "-" "Mozilla/5.0 (compatible; bingbot/2.0; +http://www.bing.com/bingbot.htm)"
13.66.139.153 - - [12/Jan/2021:00:10:49 +0100] "GET /dog-head-wallet-model-p-39440.html HTTP/1.0" 200 71855 "-" "Mozilla/5.0 (compatible; bingbot/2.0; +http://www.bing.com/bingbot.htm)"
13.66.139.153 - - [12/Jan/2021:00:10:50 +0100] "GET /hello-kitty-grey-tiara-p-13515.html HTTP/1.0" 200 71821 "-" "Mozilla/5.0 (compatible; bingbot/2.0; +http://www.bing.com/bingbot.htm)"
13.66.139.153 - - [12/Jan/2021:00:10:51 +0100] "GET /rolling-stones-zippo-lighter-p-29788.html HTTP/1.0" 200 69323 "-" "Mozilla/5.0 (compatible; bingbot/2.0; +http://www.bing.com/bingbot.htm)"
13.66.139.153 - - [12/Jan/2021:00:10:52 +0100] "GET /small-chubby-rabbit-boy-kaloo-zen-p-19232.html HTTP/1.0" 200 69348 "-" "Mozilla/5.0 (compatible; bingbot/2.0; +http://www.bing.com/bingbot.htm)"
13.66.139.153 - - [12/Jan/2021:00:10:53 +0100] "GET /-p-5555.html HTTP/1.0" 200 69190 "-" "Mozilla/5.0 (compatible; bingbot/2.0; +http://www.bing.com/bingbot.htm)"
66.249.66.196 - - [12/Jan/2021:00:10:54 +0100] "GET /images/big_prod/191693065992.jpg HTTP/1.0" 200 267 "-" "Googlebot-Image/1.0"
13.66.139.153 - - [12/Jan/2021:00:10:54 +0100] "GET /winnie-the-pooh-plush-by-britto-30-cm-p-24305.html HTTP/1.0" 301 69259 "-" "Mozilla/5.0 (compatible; bingbot/2.0; +http://www.bing.com/bingbot.htm)"
13.66.139.153 - - [12/Jan/2021:00:10:55 +0100] "GET /avengers-large-backpack-with-wheels-p-30769.html HTTP/1.0" 200 69322 "-" "Mozilla/5.0 (compatible; bingbot/2.0; +http://www.bing.com/bingbot.htm)"
13.66.139.153 - - [12/Jan/2021:00:10:56 +0100] "GET /-p-25430.html HTTP/1.0" 200 69192 "-" "Mozilla/5.0 (compatible; bingbot/2.0; +http://www.bing.com/bingbot.htm)"
13.66.139.153 - - [12/Jan/2021:00:10:56 +0100] "GET /-p-18768.html HTTP/1.0" 200 69192 "-" "Mozilla/5.0 (compatible; bingbot/2.0; +http://www.bing.com/bingbot.htm)"
13.66.139.153 - - [12/Jan/2021:00:10:57 +0100] "GET /-p-7863.html HTTP/1.0" 200 69190 "-" "Mozilla/5.0 (compatible; bingbot/2.0; +http://www.bing.com/bingbot.htm)"
13.66.139.153 - - [12/Jan/2021:00:10:58 +0100] "GET /-p-22696.html HTTP/1.0" 200 69192 "-" "Mozilla/5.0 (compatible; bingbot/2.0; +http://www.bing.com/bingbot.htm)"
13.66.139.14 - - [12/Jan/2021:00:11:00 +0100] "GET /bon-anniversaire-card-p-20020.html HTTP/1.0" 200 69288 "-" "Mozilla/5.0 (compatible; bingbot/2.0; +http://www.bing.com/bingbot.htm)"
13.66.139.14 - - [12/Jan/2021:00:11:01 +0100] "GET /sixtine-microfiber-pillowcase-65-65-cm-p-51364.html HTTP/1.0" 200 69338 "-" "Mozilla/5.0 (compatible; bingbot/2.0; +http://www.bing.com/bingbot.htm)"
13.66.139.14 - - [12/Jan/2021:00:11:02 +0100] "GET /spiderman-large-trolley-p-15135.html HTTP/1.0" 200 69274 "-" "Mozilla/5.0 (compatible; bingbot/2.0; +http://www.bing.com/bingbot.htm)"
13.66.139.14 - - [12/Jan/2021:00:11:03 +0100] "GET /bolster-case-45-185-cm-pink-p-34839.html HTTP/1.0" 301 69259 "-" "Mozilla/5.0 (compatible; bingbot/2.0; +http://www.bing.com/bingbot.htm)"
13.66.139.14 - - [12/Jan/2021:00:11:04 +0100] "GET /star-wars-darth-vader-in-room-guard-torch-voice-changer-p-30099.html HTTP/1.0" 200 69410 "-" "Mozilla/5.0 (compatible; bingbot/2.0; +http://www.bing.com/bingbot.htm)"
185.191.171.37 - - [12/Jan/2021:00:11:03 +0100] "GET /jamaica-keyring-by-cbkreation-p-43229.html HTTP/1.0" 200 71934 "-" "Mozilla/5.0 (compatible; SemrushBot/7~bl; +http://www.semrush.com/bot.html)"
13.66.139.14 - - [12/Jan/2021:00:11:04 +0100] "GET /star-wars-large-backpack-p-30762.html HTTP/1.0" 301 69259 "-" "Mozilla/5.0 (compatible; bingbot/2.0; +http://www.bing.com/bingbot.htm)"
13.66.139.14 - - [12/Jan/2021:00:11:05 +0100] "GET /betty-boop-cushion-p-17411.html HTTP/1.0" 200 69262 "-" "Mozilla/5.0 (compatible; bingbot/2.0; +http://www.bing.com/bingbot.htm)"
13.66.139.14 - - [12/Jan/2021:00:11:06 +0100] "GET /-p-21575.html HTTP/1.0" 200 69192 "-" "Mozilla/5.0 (compatible; bingbot/2.0; +http://www.bing.com/bingbot.htm)"
13.66.139.14 - - [12/Jan/2021:00:11:06 +0100] "GET /babar-the-elephant-m-5.html HTTP/1.0" 200 67980 "-" "Mozilla/5.0 (compatible; bingbot/2.0; +http://www.bing.com/bingbot.htm)"
13.66.139.14 - - [12/Jan/2021:00:11:07 +0100] "GET /-p-14223.html HTTP/1.0" 200 69192 "-" "Mozilla/5.0 (compatible; bingbot/2.0; +http://www.bing.com/bingbot.htm)"
13.66.139.14 - - [12/Jan/2021:00:11:08 +0100] "GET /-p-22025.html HTTP/1.0" 200 69192 "-" "Mozilla/5.0 (compatible; bingbot/2.0; +http://www.bing.com/bingbot.htm)"
13.66.139.14 - - [12/Jan/2021:00:11:09 +0100] "GET /-p-17409.html HTTP/1.0" 200 69192 "-" "Mozilla/5.0 (compatible; bingbot/2.0; +http://www.bing.com/bingbot.htm)"
13.66.139.14 - - [12/Jan/2021:00:11:10 +0100] "GET /-p-17808.html HTTP/1.0" 200 69192 "-" "Mozilla/5.0 (compatible; bingbot/2.0; +http://www.bing.com/bingbot.htm)"
13.66.139.14 - - [12/Jan/2021:00:11:11 +0100] "GET /-p-22409.html HTTP/1.0" 200 69192 "-" "Mozilla/5.0 (compatible; bingbot/2.0; +http://www.bing.com/bingbot.htm)"
13.66.139.14 - - [12/Jan/2021:00:11:12 +0100] "GET /-p-6602.html HTTP/1.0" 200 69190 "-" "Mozilla/5.0 (compatible; bingbot/2.0; +http://www.bing.com/bingbot.htm)"
13.66.139.14 - - [12/Jan/2021:00:11:12 +0100] "GET /-p-35415.html HTTP/1.0" 200 69192 "-" "Mozilla/5.0 (compatible; bingbot/2.0; +http://www.bing.com/bingbot.htm)"
13.66.139.93 - - [12/Jan/2021:00:11:16 +0100] "GET /route-66-logo-cosmetic-bag-p-10991.html HTTP/1.0" 200 71795 "-" "Mozilla/5.0 (compatible; bingbot/2.0; +http://www.bing.com/bingbot.htm)"
13.66.139.93 - - [12/Jan/2021:00:11:17 +0100] "GET /funny-pets-mobile-sock-p-33094.html HTTP/1.0" 200 72000 "-" "Mozilla/5.0 (compatible; bingbot/2.0; +http://www.bing.com/bingbot.htm)"
13.66.139.93 - - [12/Jan/2021:00:11:18 +0100] "GET /star-wars-inflatable-swimming-ring-p-34885.html HTTP/1.0" 200 72181 "-" "Mozilla/5.0 (compatible; bingbot/2.0; +http://www.bing.com/bingbot.htm)"
13.66.139.93 - - [12/Jan/2021:00:11:19 +0100] "GET /football-clock-by-cbkreation-p-24709.html HTTP/1.0" 200 71980 "-" "Mozilla/5.0 (compatible; bingbot/2.0; +http://www.bing.com/bingbot.htm)"
13.66.139.93 - - [12/Jan/2021:00:11:20 +0100] "GET /glass-cutting-board-by-cbkreation-p-51319.html HTTP/1.0" 200 71912 "-" "Mozilla/5.0 (compatible; bingbot/2.0; +http://www.bing.com/bingbot.htm)"
13.66.139.93 - - [12/Jan/2021:00:11:21 +0100] "GET /round-tray-tropical-leaves-monstera-30-cm-p-49311.html HTTP/1.0" 200 72073 "-" "Mozilla/5.0 (compatible; bingbot/2.0; +http://www.bing.com/bingbot.htm)"
13.66.139.93 - - [12/Jan/2021:00:11:22 +0100] "GET /winnie-the-pooh-yellow-swimsuit-p-30253.html HTTP/1.0" 200 73634 "-" "Mozilla/5.0 (compatible; bingbot/2.0; +http://www.bing.com/bingbot.htm)"
13.66.139.93 - - [12/Jan/2021:00:11:23 +0100] "GET /-p-20692.html HTTP/1.0" 200 69192 "-" "Mozilla/5.0 (compatible; bingbot/2.0; +http://www.bing.com/bingbot.htm)"
13.66.139.93 - - [12/Jan/2021:00:11:23 +0100] "GET /boutis-bedspread-and-pillowcases-bastetti-260-240-cm-p-44186.html HTTP/1.0" 301 69259 "-" "Mozilla/5.0 (compatible; bingbot/2.0; +http://www.bing.com/bingbot.htm)"
114.119.129.36 - - [12/Jan/2021:00:11:24 +0100] "GET /cotton-floor-cushion-45-cm-scandi-blue-p-49312.html HTTP/1.0" 301 69259 "-" "Mozilla/5.0 (Linux; Android 7.0;) AppleWebKit/537.36 (KHTML, like Gecko) Mobile Safari/537.36 (compatible; PetalBot;+https://aspiegel.com/petalbot)"
13.66.139.93 - - [12/Jan/2021:00:11:24 +0100] "GET /set-of-pair-of-socks-strawberry-shortcake-size-27-30-p-24832.html HTTP/1.0" 301 69259 "-" "Mozilla/5.0 (compatible; bingbot/2.0; +http://www.bing.com/bingbot.htm)"
114.119.129.36 - - [12/Jan/2021:00:11:25 +0100] "GET /-p-49312.html HTTP/1.0" 200 69192 "-" "Mozilla/5.0 (Linux; Android 7.0;) AppleWebKit/537.36 (KHTML, like Gecko) Mobile Safari/537.36 (compatible; PetalBot;+https://aspiegel.com/petalbot)"
13.66.139.93 - - [12/Jan/2021:00:11:25 +0100] "GET /tablecloth-washed-linen-170-250-cm-paon-p-48125.html HTTP/1.0" 301 69259 "-" "Mozilla/5.0 (compatible; bingbot/2.0; +http://www.bing.com/bingbot.htm)"
13.66.139.93 - - [12/Jan/2021:00:11:26 +0100] "GET /teo-jasmin-purse-jasmine-diner-p-38703.html HTTP/1.0" 200 69321 "-" "Mozilla/5.0 (compatible; bingbot/2.0; +http://www.bing.com/bingbot.htm)"
13.66.139.93 - - [12/Jan/2021:00:11:27 +0100] "GET /-p-12929.html HTTP/1.0" 200 69192 "-" "Mozilla/5.0 (compatible; bingbot/2.0; +http://www.bing.com/bingbot.htm)"
13.66.139.93 - - [12/Jan/2021:00:11:28 +0100] "GET /atlantic-surf-spot-wooden-wall-decoration-to-hang-p-39693.html HTTP/1.0" 200 69378 "-" "Mozilla/5.0 (compatible; bingbot/2.0; +http://www.bing.com/bingbot.htm)"
13.66.139.93 - - [12/Jan/2021:00:11:29 +0100] "GET /101-dalmatians-lucky-figure-p-19364.html HTTP/1.0" 200 69292 "-" "Mozilla/5.0 (compatible; bingbot/2.0; +http://www.bing.com/bingbot.htm)"
13.66.139.93 - - [12/Jan/2021:00:11:29 +0100] "GET /-p-921.html HTTP/1.0" 200 69188 "-" "Mozilla/5.0 (compatible; bingbot/2.0; +http://www.bing.com/bingbot.htm)"
13.66.139.93 - - [12/Jan/2021:00:11:30 +0100] "GET /-p-22194.html HTTP/1.0" 200 69192 "-" "Mozilla/5.0 (compatible; bingbot/2.0; +http://www.bing.com/bingbot.htm)"
13.66.139.93 - - [12/Jan/2021:00:11:31 +0100] "GET /-p-19986.html HTTP/1.0" 200 69192 "-" "Mozilla/5.0 (compatible; bingbot/2.0; +http://www.bing.com/bingbot.htm)"
13.66.139.93 - - [12/Jan/2021:00:11:32 +0100] "GET /-p-3937.html HTTP/1.0" 200 69190 "-" "Mozilla/5.0 (compatible; bingbot/2.0; +http://www.bing.com/bingbot.htm)"
13.66.139.93 - - [12/Jan/2021:00:11:33 +0100] "GET /-p-30746.html HTTP/1.0" 200 69192 "-" "Mozilla/5.0 (compatible; bingbot/2.0; +http://www.bing.com/bingbot.htm)"
13.66.139.93 - - [12/Jan/2021:00:11:34 +0100] "GET /kimmi-junior-billie-wooden-pen-p-15843.html HTTP/1.0" 200 69302 "-" "Mozilla/5.0 (compatible; bingbot/2.0; +http://www.bing.com/bingbot.htm)"
185.191.171.10 - - [12/Jan/2021:00:11:34 +0100] "GET /12-elmer-colored-pencil-p-14305.html HTTP/1.0" 200 71533 "-" "Mozilla/5.0 (compatible; SemrushBot/7~bl; +http://www.semrush.com/bot.html)"
13.66.139.93 - - [12/Jan/2021:00:11:35 +0100] "GET /candle-holder-crown-chakra-p-48643.html HTTP/1.0" 200 71951 "-" "Mozilla/5.0 (compatible; bingbot/2.0; +http://www.bing.com/bingbot.htm)"
13.66.139.93 - - [12/Jan/2021:00:11:36 +0100] "GET /paris-tree-decoration-hanging-p-31811.html HTTP/1.0" 200 71920 "-" "Mozilla/5.0 (compatible; bingbot/2.0; +http://www.bing.com/bingbot.htm)"
13.66.139.93 - - [12/Jan/2021:00:11:37 +0100] "GET /gift-box-in-wood-towels-30-30-cm-290-gr-m2-p-50734.html HTTP/1.0" 200 72074 "-" "Mozilla/5.0 (compatible; bingbot/2.0; +http://www.bing.com/bingbot.htm)"
185.191.171.18 - - [12/Jan/2021:00:11:37 +0100] "GET /dishes-c-13_12.html?page=100 HTTP/1.0" 200 90606 "-" "Mozilla/5.0 (compatible; SemrushBot/7~bl; +http://www.semrush.com/bot.html)"
13.66.139.93 - - [12/Jan/2021:00:11:37 +0100] "GET /old-red-radio-moneybox-p-41305.html HTTP/1.0" 200 71821 "-" "Mozilla/5.0 (compatible; bingbot/2.0; +http://www.bing.com/bingbot.htm)"
66.249.66.134 - - [12/Jan/2021:00:11:39 +0100] "GET /poster-marseille-50-70-cm-p-40159.html HTTP/1.0" 200 71890 "-" "Mozilla/5.0 (Linux; Android 6.0.1; Nexus 5X Build/MMB29P) AppleWebKit/537.36 (KHTML, like Gecko) Chrome/87.0.4280.90 Mobile Safari/537.36 (compatible; Googlebot/2.1; +http://www.google.com/bot.html)"
185.191.171.39 - - [12/Jan/2021:00:11:56 +0100] "GET /metal-small-box-for-baby-teeth-pink-p-47100.html HTTP/1.0" 200 72673 "-" "Mozilla/5.0 (compatible; SemrushBot/7~bl; +http://www.semrush.com/bot.html)"
185.191.171.23 - - [12/Jan/2021:00:12:01 +0100] "GET /transparent-gemstone-holder-spheres-eggs-or-lingams-p-46292.html HTTP/1.0" 200 69392 "-" "Mozilla/5.0 (compatible; SemrushBot/7~bl; +http://www.semrush.com/bot.html)"
34.73.181.4 - - [12/Jan/2021:00:12:09 +0100] "GET /luggages-schoolbags-leather-shop-c-31.html HTTP/1.0" 200 91292 "-" "ZoominfoBot (zoominfobot at zoominfo dot com)"
66.249.66.132 - - [12/Jan/2021:00:12:11 +0100] "GET /la-vie-est-un-voyage-stickers-20-70-cm-p-39329.html HTTP/1.0" 200 72027 "-" "Mozilla/5.0 (Linux; Android 6.0.1; Nexus 5X Build/MMB29P) AppleWebKit/537.36 (KHTML, like Gecko) Chrome/87.0.4280.90 Mobile Safari/537.36 (compatible; Googlebot/2.1; +http://www.google.com/bot.html)"
66.249.66.33 - - [12/Jan/2021:00:12:21 +0100] "GET /monaco-1936-poster-p-40151.html HTTP/1.0" 200 71816 "-" "Mozilla/5.0 (Linux; Android 6.0.1; Nexus 5X Build/MMB29P) AppleWebKit/537.36 (KHTML, like Gecko) Chrome/87.0.4280.90 Mobile Safari/537.36 (compatible; Googlebot/2.1; +http://www.google.com/bot.html)"
185.191.171.26 - - [12/Jan/2021:00:12:44 +0100] "GET /-p-49410.html?action=add_product HTTP/1.0" 302 476 "-" "Mozilla/5.0 (compatible; SemrushBot/7~bl; +http://www.semrush.com/bot.html)"
185.191.171.15 - - [12/Jan/2021:00:13:04 +0100] "GET /kyoto-cherry-tea-box-p-39304.html HTTP/1.0" 200 72013 "-" "Mozilla/5.0 (compatible; SemrushBot/7~bl; +http://www.semrush.com/bot.html)"
207.46.13.239 - - [12/Jan/2021:00:13:11 +0100] "GET /avengers-marvel-kids-school-bag-38-cm-p-36229.html HTTP/1.0" 200 72123 "-" "Mozilla/5.0 (compatible; bingbot/2.0; +http://www.bing.com/bingbot.htm)"
54.36.148.112 - - [12/Jan/2021:00:13:27 +0100] "GET /barbecue-metal-tray-p-47715.html HTTP/1.0" 200 71971 "-" "Mozilla/5.0 (compatible; AhrefsBot/7.0; +http://ahrefs.com/robot/)"
66.249.66.193 - - [12/Jan/2021:00:13:30 +0100] "GET /la-tete-dans-les-nuages-wall-sticker-p-41567.html HTTP/1.0" 200 71974 "-" "Mozilla/5.0 (Linux; Android 6.0.1; Nexus 5X Build/MMB29P) AppleWebKit/537.36 (KHTML, like Gecko) Chrome/87.0.4280.90 Mobile Safari/537.36 (compatible; Googlebot/2.1; +http://www.google.com/bot.html)"
34.73.181.4 - - [12/Jan/2021:00:13:49 +0100] "GET /wastebasket-c-129_184.html HTTP/1.0" 200 82151 "-" "ZoominfoBot (zoominfobot at zoominfo dot com)"
34.73.181.4 - - [12/Jan/2021:00:13:53 +0100] "GET /bag-for-shopping-van-gogh-iris-40-40-cm-p-53536.html HTTP/1.0" 200 72072 "-" "ZoominfoBot (zoominfobot at zoominfo dot com)"
185.191.171.37 - - [12/Jan/2021:00:13:55 +0100] "GET /ma-maman-elle-dechire-white-tee-shirt-p-48998.html HTTP/1.0" 200 73899 "-" "Mozilla/5.0 (compatible; SemrushBot/7~bl; +http://www.semrush.com/bot.html)"
13.66.139.14 - - [12/Jan/2021:00:13:57 +0100] "GET /-p-35281.html HTTP/1.0" 200 69192 "-" "Mozilla/5.0 (compatible; bingbot/2.0; +http://www.bing.com/bingbot.htm)"
13.66.139.14 - - [12/Jan/2021:00:13:58 +0100] "GET /-p-23453.html HTTP/1.0" 200 69192 "-" "Mozilla/5.0 (compatible; bingbot/2.0; +http://www.bing.com/bingbot.htm)"
13.66.139.14 - - [12/Jan/2021:00:13:59 +0100] "GET /-p-24216.html HTTP/1.0" 200 69192 "-" "Mozilla/5.0 (compatible; bingbot/2.0; +http://www.bing.com/bingbot.htm)"
13.66.139.14 - - [12/Jan/2021:00:13:59 +0100] "GET /-p-28572.html HTTP/1.0" 200 69192 "-" "Mozilla/5.0 (compatible; bingbot/2.0; +http://www.bing.com/bingbot.htm)"
185.191.171.16 - - [12/Jan/2021:00:14:00 +0100] "GET /anna-poster-p-30914.html HTTP/1.0" 200 71757 "-" "Mozilla/5.0 (compatible; SemrushBot/7~bl; +http://www.semrush.com/bot.html)"
13.66.139.14 - - [12/Jan/2021:00:14:00 +0100] "GET /-p-32205.html HTTP/1.0" 200 69192 "-" "Mozilla/5.0 (compatible; bingbot/2.0; +http://www.bing.com/bingbot.htm)"
13.66.139.14 - - [12/Jan/2021:00:14:01 +0100] "GET /-p-29955.html HTTP/1.0" 200 69192 "-" "Mozilla/5.0 (compatible; bingbot/2.0; +http://www.bing.com/bingbot.htm)"
13.66.139.14 - - [12/Jan/2021:00:14:02 +0100] "GET /-p-24823.html HTTP/1.0" 200 69192 "-" "Mozilla/5.0 (compatible; bingbot/2.0; +http://www.bing.com/bingbot.htm)"
13.66.139.14 - - [12/Jan/2021:00:14:03 +0100] "GET /-p-24868.html HTTP/1.0" 200 69192 "-" "Mozilla/5.0 (compatible; bingbot/2.0; +http://www.bing.com/bingbot.htm)"
13.66.139.14 - - [12/Jan/2021:00:14:03 +0100] "GET /-p-25101.html HTTP/1.0" 200 69192 "-" "Mozilla/5.0 (compatible; bingbot/2.0; +http://www.bing.com/bingbot.htm)"
13.66.139.14 - - [12/Jan/2021:00:14:04 +0100] "GET /moon-messenger-bag-and-backpack-p-38311.html HTTP/1.0" 200 69306 "-" "Mozilla/5.0 (compatible; bingbot/2.0; +http://www.bing.com/bingbot.htm)"
185.191.171.6 - - [12/Jan/2021:00:14:05 +0100] "GET /101-dalmatians-cruella-devil-figure-p-4704.html HTTP/1.0" 200 69359 "-" "Mozilla/5.0 (compatible; SemrushBot/7~bl; +http://www.semrush.com/bot.html)"
13.66.139.14 - - [12/Jan/2021:00:14:05 +0100] "GET /mickey-mouse-surprise-collection-figure-p-17335.html HTTP/1.0" 301 69259 "-" "Mozilla/5.0 (compatible; bingbot/2.0; +http://www.bing.com/bingbot.htm)"
13.66.139.14 - - [12/Jan/2021:00:14:07 +0100] "GET /haddock-and-tintin-figures-and-accessories-p-12374.html HTTP/1.0" 200 69393 "-" "Mozilla/5.0 (compatible; bingbot/2.0; +http://www.bing.com/bingbot.htm)"
13.66.139.14 - - [12/Jan/2021:00:14:08 +0100] "GET /candy-cloud-hair-brush-pistachio-p-46654.html HTTP/1.0" 200 72532 "-" "Mozilla/5.0 (compatible; bingbot/2.0; +http://www.bing.com/bingbot.htm)"
13.66.139.14 - - [12/Jan/2021:00:14:09 +0100] "GET /bob-marley-lion-mini-magnet-mirror-p-19669.html HTTP/1.0" 200 71966 "-" "Mozilla/5.0 (compatible; bingbot/2.0; +http://www.bing.com/bingbot.htm)"
185.191.171.12 - - [12/Jan/2021:00:14:09 +0100] "GET /household-linen-c-11.html?page=50 HTTP/1.0" 200 92106 "-" "Mozilla/5.0 (compatible; SemrushBot/7~bl; +http://www.semrush.com/bot.html)"
