185.191.171.40 - - [11/Jan/2021:08:12:57 +0100] "GET /marseille-tea-cup-by-cbkreation-p-31256.html HTTP/1.0" 200 71882 "-" "Mozilla/5.0 (compatible; SemrushBot/7~bl; +http://www.semrush.com/bot.html)"
185.191.171.4 - - [11/Jan/2021:08:13:01 +0100] "GET /atlantic-surf-spot-wooden-wall-hook-p-40249.html HTTP/1.0" 200 69322 "-" "Mozilla/5.0 (compatible; SemrushBot/7~bl; +http://www.semrush.com/bot.html)"
54.36.149.104 - - [11/Jan/2021:08:13:08 +0100] "GET /fitted-sheet-red-p-24467.html HTTP/1.0" 200 73010 "-" "Mozilla/5.0 (compatible; AhrefsBot/7.0; +http://ahrefs.com/robot/)"
185.191.171.4 - - [11/Jan/2021:08:13:12 +0100] "GET /dishes-c-13_12.html?page=119 HTTP/1.0" 200 91737 "-" "Mozilla/5.0 (compatible; SemrushBot/7~bl; +http://www.semrush.com/bot.html)"
185.191.171.21 - - [11/Jan/2021:08:13:30 +0100] "GET /wall-hanging-ganesha-god-75-115-cm-p-49457.html HTTP/1.0" 200 72029 "-" "Mozilla/5.0 (compatible; SemrushBot/7~bl; +http://www.semrush.com/bot.html)"
114.119.145.117 - - [11/Jan/2021:08:13:37 +0100] "GET /images/mini_prod/8718657462592.jpg HTTP/1.0" 200 269 "-" "Mozilla/5.0 (Linux; Android 7.0;) AppleWebKit/537.36 (KHTML, like Gecko) Mobile Safari/537.36 (compatible; PetalBot;+https://aspiegel.com/petalbot)"
185.191.171.4 - - [11/Jan/2021:08:13:41 +0100] "GET /bodega-potholder-p-51441.html HTTP/1.0" 200 71839 "-" "Mozilla/5.0 (compatible; SemrushBot/7~bl; +http://www.semrush.com/bot.html)"
185.191.171.10 - - [11/Jan/2021:08:14:02 +0100] "GET /golfing-metal-wall-decoration-p-51995.html HTTP/1.0" 200 71885 "-" "Mozilla/5.0 (compatible; SemrushBot/7~bl; +http://www.semrush.com/bot.html)"
207.46.13.239 - - [11/Jan/2021:08:14:11 +0100] "GET /images/med_prod/5028486297597.jpg HTTP/1.0" 200 268 "-" "Mozilla/5.0 (compatible; bingbot/2.0; +http://www.bing.com/bingbot.htm)"
185.191.171.13 - - [11/Jan/2021:08:14:19 +0100] "GET /mugs-and-mazagrans-c-12_57.html?page=18 HTTP/1.0" 200 97009 "-" "Mozilla/5.0 (compatible; SemrushBot/7~bl; +http://www.semrush.com/bot.html)"
157.55.39.110 - - [11/Jan/2021:08:14:19 +0100] "GET /images/big_prod/1384010207802.jpg HTTP/1.0" 200 268 "-" "Mozilla/5.0 (compatible; bingbot/2.0; +http://www.bing.com/bingbot.htm)"
157.55.39.22 - - [11/Jan/2021:08:14:36 +0100] "GET /images/3609810000193.jpg HTTP/1.0" 200 259 "-" "Mozilla/5.0 (compatible; bingbot/2.0; +http://www.bing.com/bingbot.htm)"
17.58.101.147 - - [11/Jan/2021:08:15:14 +0100] "GET /minions-cushion-p-31727.html HTTP/1.0" 200 69242 "-" "Mozilla/5.0 (Macintosh; Intel Mac OS X 10_15_5) AppleWebKit/605.1.15 (KHTML, like Gecko) Version/13.1.1 Safari/605.1.15 (Applebot/0.1; +http://www.apple.com/go/applebot)"
185.191.171.14 - - [11/Jan/2021:08:15:29 +0100] "GET /green-giraffe-phone-cover-for-iphone-cbkreation-p-14196.html HTTP/1.0" 200 69352 "-" "Mozilla/5.0 (compatible; SemrushBot/7~bl; +http://www.semrush.com/bot.html)"
40.77.167.56 - - [11/Jan/2021:08:15:31 +0100] "GET /images/8006180204155.jpg HTTP/1.0" 200 259 "-" "Mozilla/5.0 (compatible; bingbot/2.0; +http://www.bing.com/bingbot.htm)"
185.191.171.11 - - [11/Jan/2021:08:15:35 +0100] "GET /gorjuss-the-hatter-shopping-bag-p-48416.html HTTP/1.0" 200 73577 "-" "Mozilla/5.0 (compatible; SemrushBot/7~bl; +http://www.semrush.com/bot.html)"
185.191.171.45 - - [11/Jan/2021:08:16:17 +0100] "GET /set-of-healing-mini-stones-p-49036.html HTTP/1.0" 200 72689 "-" "Mozilla/5.0 (compatible; SemrushBot/7~bl; +http://www.semrush.com/bot.html)"
5.255.231.71 - - [11/Jan/2021:08:16:24 +0100] "GET /candles-and-scents-c-13_162.html HTTP/1.0" 301 89242 "-" "Mozilla/5.0 (compatible; YandexBot/3.0; +http://yandex.com/bots)"
5.255.231.71 - - [11/Jan/2021:08:16:28 +0100] "GET /diffuser-of-perfume-and-essential-oils-c-162.html HTTP/1.0" 301 89122 "-" "Mozilla/5.0 (compatible; YandexBot/3.0; +http://yandex.com/bots)"
213.180.203.24 - - [11/Jan/2021:08:16:31 +0100] "GET /diffuser-of-perfume-and-essential-oils-c-231_162.html HTTP/1.0" 200 89153 "-" "Mozilla/5.0 (compatible; YandexBot/3.0; +http://yandex.com/bots)"
207.46.13.36 - - [11/Jan/2021:08:16:37 +0100] "GET /images/orange.jpg HTTP/1.0" 200 252 "-" "Mozilla/5.0 (compatible; bingbot/2.0; +http://www.bing.com/bingbot.htm)"
213.180.203.85 - - [11/Jan/2021:08:16:38 +0100] "GET /diffuser-of-perfume-and-essential-oils-c-162.html HTTP/1.0" 301 89122 "-" "Mozilla/5.0 (compatible; YandexBot/3.0; +http://yandex.com/bots)"
185.191.171.9 - - [11/Jan/2021:08:16:38 +0100] "GET /merci-gustave-mickey-and-minnie-big-ben-mug-p-34904.html HTTP/1.0" 200 72070 "-" "Mozilla/5.0 (compatible; SemrushBot/7~bl; +http://www.semrush.com/bot.html)"
213.180.203.2 - - [11/Jan/2021:08:16:41 +0100] "GET /diffuser-of-perfume-and-essential-oils-c-231_162.html HTTP/1.0" 200 89153 "-" "Mozilla/5.0 (compatible; YandexBot/3.0; +http://yandex.com/bots)"
185.191.171.4 - - [11/Jan/2021:08:16:50 +0100] "GET /jewelry-boxes-and-holders-c-13_150_131.html HTTP/1.0" 200 89931 "-" "Mozilla/5.0 (compatible; SemrushBot/7~bl; +http://www.semrush.com/bot.html)"
185.191.171.2 - - [11/Jan/2021:08:16:53 +0100] "GET /boho-wooden-frame-60-40-cm-dream-catcher-p-41820.html HTTP/1.0" 200 72027 "-" "Mozilla/5.0 (compatible; SemrushBot/7~bl; +http://www.semrush.com/bot.html)"
157.55.39.220 - - [11/Jan/2021:08:17:09 +0100] "GET /images/big_prod/3609810094970.jpg HTTP/1.0" 200 268 "-" "Mozilla/5.0 (compatible; bingbot/2.0; +http://www.bing.com/bingbot.htm)"
185.191.171.2 - - [11/Jan/2021:08:17:18 +0100] "GET /flower-white-table-lamp-p-52974.html HTTP/1.0" 200 72528 "-" "Mozilla/5.0 (compatible; SemrushBot/7~bl; +http://www.semrush.com/bot.html)"
114.119.154.200 - - [11/Jan/2021:08:18:00 +0100] "GET /images/big_prod/3609810072152.jpg HTTP/1.0" 200 268 "-" "Mozilla/5.0 (Linux; Android 7.0;) AppleWebKit/537.36 (KHTML, like Gecko) Mobile Safari/537.36 (compatible; PetalBot;+https://aspiegel.com/petalbot)"
54.36.148.87 - - [11/Jan/2021:08:18:04 +0100] "GET /tinted-candle-gold-color-p-48933.html HTTP/1.0" 200 71589 "-" "Mozilla/5.0 (compatible; AhrefsBot/7.0; +http://ahrefs.com/robot/)"
185.191.171.44 - - [11/Jan/2021:08:18:15 +0100] "GET /tetsubin-red-teapot-japanese-p-37374.html HTTP/1.0" 200 72096 "-" "Mozilla/5.0 (compatible; SemrushBot/7~bl; +http://www.semrush.com/bot.html)"
40.77.167.56 - - [11/Jan/2021:08:18:48 +0100] "GET /dog-head-wallet-model-p-39443.html HTTP/1.0" 200 71854 "-" "Mozilla/5.0 (compatible; bingbot/2.0; +http://www.bing.com/bingbot.htm)"
51.68.224.127 - - [11/Jan/2021:08:19:01 +0100] "GET /adminweb/export_orders_xml.php?token=256de2z6edz6ed2z6DFSFsed2zed6zeDSFDSGdzedezfzf&maxorders=10&orderstart=1&status=14&start_date=2018-10-01 HTTP/1.0" 200 285 "-" "GesCom CharlotteBoutik Serveur"
51.68.224.127 - - [11/Jan/2021:08:19:01 +0100] "GET /adminweb/export_orders_xml.php?token=256de2z6edz6ed2z6DFSFsed2zed6zeDSFDSGdzedezfzf&maxorders=10&orderstart=1&status=6&start_date=2018-10-01 HTTP/1.0" 200 29990 "-" "GesCom CharlotteBoutik Serveur"
185.191.171.45 - - [11/Jan/2021:08:19:13 +0100] "GET /boho-wooden-frame-30-30-cm-buffalo-head-p-39227.html HTTP/1.0" 301 69259 "-" "Mozilla/5.0 (compatible; SemrushBot/7~bl; +http://www.semrush.com/bot.html)"
157.55.39.22 - - [11/Jan/2021:08:19:15 +0100] "GET /images/big_prod/8433933110829.jpg HTTP/1.0" 200 268 "-" "Mozilla/5.0 (compatible; bingbot/2.0; +http://www.bing.com/bingbot.htm)"
185.191.171.2 - - [11/Jan/2021:08:19:16 +0100] "GET /-p-39227.html HTTP/1.0" 200 69192 "-" "Mozilla/5.0 (compatible; SemrushBot/7~bl; +http://www.semrush.com/bot.html)"
157.55.39.110 - - [11/Jan/2021:08:19:21 +0100] "GET /-p-14526.html HTTP/1.0" 200 69192 "-" "Mozilla/5.0 (compatible; bingbot/2.0; +http://www.bing.com/bingbot.htm)"
66.249.66.66 - - [11/Jan/2021:08:19:29 +0100] "GET /miracle-tattoos-augmented-reality-p-30664.html HTTP/1.0" 200 72798 "-" "Mozilla/5.0 (Linux; Android 6.0.1; Nexus 5X Build/MMB29P) AppleWebKit/537.36 (KHTML, like Gecko) Chrome/87.0.4280.90 Mobile Safari/537.36 (compatible; Googlebot/2.1; +http://www.google.com/bot.html)"
185.191.171.15 - - [11/Jan/2021:08:19:38 +0100] "GET /blue-coat-rack-fatima-hand-wooden-hooks-p-50570.html HTTP/1.0" 200 69342 "-" "Mozilla/5.0 (compatible; SemrushBot/7~bl; +http://www.semrush.com/bot.html)"
207.46.13.239 - - [11/Jan/2021:08:19:45 +0100] "GET /images/med_prod/1384010178683.jpg HTTP/1.0" 200 268 "-" "Mozilla/5.0 (compatible; bingbot/2.0; +http://www.bing.com/bingbot.htm)"
157.55.39.220 - - [11/Jan/2021:08:20:41 +0100] "GET /images/3272760377433.jpg HTTP/1.0" 200 259 "-" "Mozilla/5.0 (compatible; bingbot/2.0; +http://www.bing.com/bingbot.htm)"
185.191.171.24 - - [11/Jan/2021:08:20:52 +0100] "GET /white-skeleton-statuette-nothing-hear-p-46099.html HTTP/1.0" 200 71998 "-" "Mozilla/5.0 (compatible; SemrushBot/7~bl; +http://www.semrush.com/bot.html)"
207.46.13.26 - - [11/Jan/2021:08:21:07 +0100] "GET /images/med_prod/4036113222370.jpg HTTP/1.0" 200 268 "-" "Mozilla/5.0 (compatible; bingbot/2.0; +http://www.bing.com/bingbot.htm)"
185.191.171.44 - - [11/Jan/2021:08:21:25 +0100] "GET /stone-polychrome-jasper-140-150-grams-p-46584.html HTTP/1.0" 200 73173 "-" "Mozilla/5.0 (compatible; SemrushBot/7~bl; +http://www.semrush.com/bot.html)"
54.36.148.197 - - [11/Jan/2021:08:21:41 +0100] "GET /darth-vader-miniature-figure-p-29893.html HTTP/1.0" 301 69259 "-" "Mozilla/5.0 (compatible; AhrefsBot/7.0; +http://ahrefs.com/robot/)"
185.191.171.43 - - [11/Jan/2021:08:21:56 +0100] "GET /taurus-soap-dish-14-cm-p-44522.html HTTP/1.0" 200 71835 "-" "Mozilla/5.0 (compatible; SemrushBot/7~bl; +http://www.semrush.com/bot.html)"
66.249.66.66 - - [11/Jan/2021:08:21:56 +0100] "GET /statue-the-white-bear-of-francois-pompon-anthracite-p-53533.html HTTP/1.0" 200 72777 "-" "Mozilla/5.0 (Linux; Android 6.0.1; Nexus 5X Build/MMB29P) AppleWebKit/537.36 (KHTML, like Gecko) Chrome/87.0.4280.90 Mobile Safari/537.36 (compatible; Googlebot/2.1; +http://www.google.com/bot.html)"
40.77.167.56 - - [11/Jan/2021:08:22:04 +0100] "GET /images/3609810010697.jpg HTTP/1.0" 200 259 "-" "Mozilla/5.0 (compatible; bingbot/2.0; +http://www.bing.com/bingbot.htm)"
157.55.39.220 - - [11/Jan/2021:08:22:20 +0100] "GET /images/8012052101606.jpg HTTP/1.0" 200 259 "-" "Mozilla/5.0 (compatible; bingbot/2.0; +http://www.bing.com/bingbot.htm)"
114.119.130.202 - - [11/Jan/2021:08:22:23 +0100] "GET /images/big_prod/3560600311939.jpg HTTP/1.0" 200 268 "-" "Mozilla/5.0 (Linux; Android 7.0;) AppleWebKit/537.36 (KHTML, like Gecko) Mobile Safari/537.36 (compatible; PetalBot;+https://aspiegel.com/petalbot)"
54.162.102.36 - - [11/Jan/2021:08:22:39 +0100] "GET /robots.txt HTTP/1.0" 301 531 "-" "MixnodeCache/1.8(+https://cache.mixnode.com/)"
54.162.102.36 - - [11/Jan/2021:08:22:40 +0100] "GET /robots.txt HTTP/1.0" 200 245 "-" "MixnodeCache/1.8(+https://cache.mixnode.com/)"
54.162.102.36 - - [11/Jan/2021:08:22:40 +0100] "GET /ads.txt HTTP/1.0" 301 525 "-" "MixnodeCache/1.8(+https://cache.mixnode.com/)"
207.46.13.26 - - [11/Jan/2021:08:22:48 +0100] "GET /images/8012052100456b.jpg HTTP/1.0" 200 260 "-" "Mozilla/5.0 (compatible; bingbot/2.0; +http://www.bing.com/bingbot.htm)"
157.55.39.22 - - [11/Jan/2021:08:22:53 +0100] "GET /cat-wine-michelle-allen-cup-glass-p-47696.html HTTP/1.0" 200 72599 "-" "Mozilla/5.0 (compatible; bingbot/2.0; +http://www.bing.com/bingbot.htm)"
185.191.171.8 - - [11/Jan/2021:08:22:57 +0100] "GET /jeanne-arc-flag-90-150-cm-p-41654.html HTTP/1.0" 200 69290 "-" "Mozilla/5.0 (compatible; SemrushBot/7~bl; +http://www.semrush.com/bot.html)"
185.191.171.8 - - [11/Jan/2021:08:23:18 +0100] "GET /products_new.php?page=14 HTTP/1.0" 200 87221 "-" "Mozilla/5.0 (compatible; SemrushBot/7~bl; +http://www.semrush.com/bot.html)"
54.36.149.80 - - [11/Jan/2021:08:23:21 +0100] "GET /egg-cups-c-12_248.html HTTP/1.0" 200 82207 "-" "Mozilla/5.0 (compatible; AhrefsBot/7.0; +http://ahrefs.com/robot/)"
157.55.39.220 - - [11/Jan/2021:08:23:50 +0100] "GET /images/big_prod/8435333824245.jpg HTTP/1.0" 200 268 "-" "Mozilla/5.0 (compatible; bingbot/2.0; +http://www.bing.com/bingbot.htm)"
40.77.167.56 - - [11/Jan/2021:08:24:01 +0100] "GET /indian-fancy-bracelet-finish-golden-color-p-43740.html HTTP/1.0" 200 71938 "-" "Mozilla/5.0 (compatible; bingbot/2.0; +http://www.bing.com/bingbot.htm)"
40.77.167.56 - - [11/Jan/2021:08:24:02 +0100] "GET /coasters-c-12_157.html?page=2 HTTP/1.0" 200 91819 "-" "Mozilla/5.0 (compatible; bingbot/2.0; +http://www.bing.com/bingbot.htm)"
185.191.171.16 - - [11/Jan/2021:08:24:01 +0100] "GET /calimero-red-alarm-clock-p-14110.html HTTP/1.0" 301 69259 "-" "Mozilla/5.0 (compatible; SemrushBot/7~bl; +http://www.semrush.com/bot.html)"
185.191.171.19 - - [11/Jan/2021:08:24:04 +0100] "GET /-p-14110.html HTTP/1.0" 200 69192 "-" "Mozilla/5.0 (compatible; SemrushBot/7~bl; +http://www.semrush.com/bot.html)"
185.191.171.35 - - [11/Jan/2021:08:24:07 +0100] "GET /verity-rose-moonstruck-photo-frame-p-29148.html HTTP/1.0" 200 71962 "-" "Mozilla/5.0 (compatible; SemrushBot/7~bl; +http://www.semrush.com/bot.html)"
157.55.39.220 - - [11/Jan/2021:08:25:22 +0100] "GET /images/big_prod/1399984283264N.jpg HTTP/1.0" 200 269 "-" "Mozilla/5.0 (compatible; bingbot/2.0; +http://www.bing.com/bingbot.htm)"
185.191.171.13 - - [11/Jan/2021:08:25:26 +0100] "GET /dishes-c-13_12.html?page=40 HTTP/1.0" 200 90161 "-" "Mozilla/5.0 (compatible; SemrushBot/7~bl; +http://www.semrush.com/bot.html)"
40.77.167.56 - - [11/Jan/2021:08:25:30 +0100] "GET /angry-birds-training-bottle-p-18798.html HTTP/1.0" 200 72001 "-" "Mozilla/5.0 (compatible; bingbot/2.0; +http://www.bing.com/bingbot.htm)"
185.191.171.41 - - [11/Jan/2021:08:25:41 +0100] "GET /phone-cover-for-iphone-cbkreation-p-13933.html HTTP/1.0" 200 69321 "-" "Mozilla/5.0 (compatible; SemrushBot/7~bl; +http://www.semrush.com/bot.html)"
185.191.171.42 - - [11/Jan/2021:08:26:02 +0100] "GET /corsica-shooter-p-48511.html HTTP/1.0" 200 71757 "-" "Mozilla/5.0 (compatible; SemrushBot/7~bl; +http://www.semrush.com/bot.html)"
185.191.171.18 - - [11/Jan/2021:08:26:09 +0100] "GET /home-and-decoration-c-13.html?page=136 HTTP/1.0" 200 91406 "-" "Mozilla/5.0 (compatible; SemrushBot/7~bl; +http://www.semrush.com/bot.html)"
207.46.13.36 - - [11/Jan/2021:08:26:18 +0100] "GET /marmot-mini-melamine-tray-p-37948.html HTTP/1.0" 200 71917 "-" "Mozilla/5.0 (compatible; bingbot/2.0; +http://www.bing.com/bingbot.htm)"
185.191.171.2 - - [11/Jan/2021:08:26:32 +0100] "GET /nature-spirit-placemat-p-39850.html HTTP/1.0" 200 71781 "-" "Mozilla/5.0 (compatible; SemrushBot/7~bl; +http://www.semrush.com/bot.html)"
114.119.130.202 - - [11/Jan/2021:08:26:39 +0100] "GET /images/mini_prod/3609810083332.jpg HTTP/1.0" 200 269 "-" "Mozilla/5.0 (Linux; Android 7.0;) AppleWebKit/537.36 (KHTML, like Gecko) Mobile Safari/537.36 (compatible; PetalBot;+https://aspiegel.com/petalbot)"
40.77.167.56 - - [11/Jan/2021:08:26:41 +0100] "GET /images/8435306266157.jpg HTTP/1.0" 200 259 "-" "Mozilla/5.0 (compatible; bingbot/2.0; +http://www.bing.com/bingbot.htm)"
185.191.171.10 - - [11/Jan/2021:08:26:53 +0100] "GET /wallet-coca-cola-velvet-p-24020.html HTTP/1.0" 200 72106 "-" "Mozilla/5.0 (compatible; SemrushBot/7~bl; +http://www.semrush.com/bot.html)"
54.36.149.106 - - [11/Jan/2021:08:27:07 +0100] "GET /barbabright-box-p-4143.html HTTP/1.0" 301 69256 "-" "Mozilla/5.0 (compatible; AhrefsBot/7.0; +http://ahrefs.com/robot/)"
185.191.171.7 - - [11/Jan/2021:08:27:15 +0100] "GET /frozen-poster-p-28278.html HTTP/1.0" 200 71730 "-" "Mozilla/5.0 (compatible; SemrushBot/7~bl; +http://www.semrush.com/bot.html)"
157.55.39.220 - - [11/Jan/2021:08:27:27 +0100] "GET /highslide/highslide.js HTTP/1.0" 200 262 "-" "Mozilla/5.0 (compatible; bingbot/2.0; +http://www.bing.com/bingbot.htm)"
185.191.171.15 - - [11/Jan/2021:08:27:46 +0100] "GET /little-buddha-glasses-case-p-53306.html?action=add_product HTTP/1.0" 302 476 "-" "Mozilla/5.0 (compatible; SemrushBot/7~bl; +http://www.semrush.com/bot.html)"
207.46.13.239 - - [11/Jan/2021:08:27:59 +0100] "GET /images/big_prod/630JASPLA.jpg HTTP/1.0" 200 264 "-" "Mozilla/5.0 (compatible; bingbot/2.0; +http://www.bing.com/bingbot.htm)"
185.191.171.1 - - [11/Jan/2021:08:28:12 +0100] "GET /new-york-pot-cookware-cbkreation-p-29700.html HTTP/1.0" 200 71896 "-" "Mozilla/5.0 (compatible; SemrushBot/7~bl; +http://www.semrush.com/bot.html)"
54.36.148.87 - - [11/Jan/2021:08:28:39 +0100] "GET /flower-fairies-jewelry-box-p-53247.html HTTP/1.0" 200 72835 "-" "Mozilla/5.0 (compatible; AhrefsBot/7.0; +http://ahrefs.com/robot/)"
185.191.171.33 - - [11/Jan/2021:08:29:09 +0100] "GET /harmony-cotton-bedspread-240-260-cm-granite-p-48143.html HTTP/1.0" 200 69380 "-" "Mozilla/5.0 (compatible; SemrushBot/7~bl; +http://www.semrush.com/bot.html)"
185.191.171.2 - - [11/Jan/2021:08:29:37 +0100] "GET /stars-phosphorescent-polar-plaid-p-45223.html HTTP/1.0" 301 69259 "-" "Mozilla/5.0 (compatible; SemrushBot/7~bl; +http://www.semrush.com/bot.html)"
185.191.171.35 - - [11/Jan/2021:08:29:39 +0100] "GET /-p-45223.html HTTP/1.0" 200 69192 "-" "Mozilla/5.0 (compatible; SemrushBot/7~bl; +http://www.semrush.com/bot.html)"
185.191.171.17 - - [11/Jan/2021:08:29:41 +0100] "GET /suspension-bear-34-cm-92-cm-with-cable-p-52761.html HTTP/1.0" 200 72661 "-" "Mozilla/5.0 (compatible; SemrushBot/7~bl; +http://www.semrush.com/bot.html)"
185.191.171.1 - - [11/Jan/2021:08:29:51 +0100] "GET /table-lamp-white-matt-and-wood-p-41365.html HTTP/1.0" 200 72665 "-" "Mozilla/5.0 (compatible; SemrushBot/7~bl; +http://www.semrush.com/bot.html)"
185.191.171.25 - - [11/Jan/2021:08:30:00 +0100] "GET /bistrot-de-paris-napkins-dispenser-p-39504.html HTTP/1.0" 200 69353 "-" "Mozilla/5.0 (compatible; SemrushBot/7~bl; +http://www.semrush.com/bot.html)"
185.191.171.24 - - [11/Jan/2021:08:30:04 +0100] "GET /wall-decoration-in-relief-bath-vintage-60-45-cm-p-46103.html HTTP/1.0" 200 72085 "-" "Mozilla/5.0 (compatible; SemrushBot/7~bl; +http://www.semrush.com/bot.html)"
185.191.171.14 - - [11/Jan/2021:08:30:21 +0100] "GET /large-graphic-tray-43-cm-p-44934.html HTTP/1.0" 200 69303 "-" "Mozilla/5.0 (compatible; SemrushBot/7~bl; +http://www.semrush.com/bot.html)"
185.191.171.8 - - [11/Jan/2021:08:30:51 +0100] "GET /resin-boxes-and-storage-c-13_150_84.html HTTP/1.0" 200 80586 "-" "Mozilla/5.0 (compatible; SemrushBot/7~bl; +http://www.semrush.com/bot.html)"
114.119.154.200 - - [11/Jan/2021:08:31:02 +0100] "GET /images/mini_prod/00000000000000corseg.jpg HTTP/1.0" 200 276 "-" "Mozilla/5.0 (Linux; Android 7.0;) AppleWebKit/537.36 (KHTML, like Gecko) Mobile Safari/537.36 (compatible; PetalBot;+https://aspiegel.com/petalbot)"
40.77.167.56 - - [11/Jan/2021:08:31:05 +0100] "GET /images/big_prod/5018997627709.jpg HTTP/1.0" 200 268 "-" "Mozilla/5.0 (compatible; bingbot/2.0; +http://www.bing.com/bingbot.htm)"
207.46.13.229 - - [11/Jan/2021:08:31:17 +0100] "GET /images/8435306246500bis.jpg HTTP/1.0" 200 262 "-" "Mozilla/5.0 (compatible; bingbot/2.0; +http://www.bing.com/bingbot.htm)"
185.191.171.23 - - [11/Jan/2021:08:31:43 +0100] "GET /customized-decorative-metal-plate-by-cbkreation-p-51480.html HTTP/1.0" 200 72048 "-" "Mozilla/5.0 (compatible; SemrushBot/7~bl; +http://www.semrush.com/bot.html)"
40.77.167.56 - - [11/Jan/2021:08:31:47 +0100] "GET /images/5012994628660.jpg HTTP/1.0" 200 259 "-" "Mozilla/5.0 (compatible; bingbot/2.0; +http://www.bing.com/bingbot.htm)"
157.55.39.22 - - [11/Jan/2021:08:31:57 +0100] "GET /images/3619810008679.jpg HTTP/1.0" 200 259 "-" "Mozilla/5.0 (compatible; bingbot/2.0; +http://www.bing.com/bingbot.htm)"
17.58.101.147 - - [11/Jan/2021:08:31:57 +0100] "GET /owl-cup-by-michelle-allen-designs-15-cm-p-36959.html HTTP/1.0" 200 72049 "-" "Mozilla/5.0 (Macintosh; Intel Mac OS X 10_15_5) AppleWebKit/605.1.15 (KHTML, like Gecko) Version/13.1.1 Safari/605.1.15 (Applebot/0.1; +http://www.apple.com/go/applebot)"
185.191.171.4 - - [11/Jan/2021:08:32:00 +0100] "GET /industrial-chandelier-in-patinated-copper-metal-p-38628.html HTTP/1.0" 200 72099 "-" "Mozilla/5.0 (compatible; SemrushBot/7~bl; +http://www.semrush.com/bot.html)"
45.133.182.18 - - [11/Jan/2021:08:32:16 +0100] "GET /contact_us.php HTTP/1.0" 200 26241 "http://www.wonder-geek.com/contact_us.php" "Mozilla/5.0 (Windows NT 6.1; WOW64) AppleWebKit/537.36 (KHTML, like Gecko) Chrome/83.0.4102.0 Safari/537.36"
45.133.182.18 - - [11/Jan/2021:08:32:17 +0100] "POST /contact_us.php?action=send HTTP/1.0" 200 26481 "http://www.wonder-geek.com/contact_us.php" "Mozilla/5.0 (Windows NT 6.1; WOW64) AppleWebKit/537.36 (KHTML, like Gecko) Chrome/83.0.4102.0 Safari/537.36"
157.55.39.220 - - [11/Jan/2021:08:32:52 +0100] "GET /images/4007176425602.jpg HTTP/1.0" 200 259 "-" "Mozilla/5.0 (compatible; bingbot/2.0; +http://www.bing.com/bingbot.htm)"
40.77.167.56 - - [11/Jan/2021:08:32:56 +0100] "GET /images/720322246145.jpg HTTP/1.0" 200 258 "-" "Mozilla/5.0 (compatible; bingbot/2.0; +http://www.bing.com/bingbot.htm)"
207.46.13.26 - - [11/Jan/2021:08:33:03 +0100] "GET /images/3660173138213.jpg HTTP/1.0" 200 259 "-" "Mozilla/5.0 (compatible; bingbot/2.0; +http://www.bing.com/bingbot.htm)"
185.191.171.8 - - [11/Jan/2021:08:33:11 +0100] "GET /golden-retriever-pencil-case-p-40829.html HTTP/1.0" 200 71908 "-" "Mozilla/5.0 (compatible; SemrushBot/7~bl; +http://www.semrush.com/bot.html)"
185.191.171.22 - - [11/Jan/2021:08:33:17 +0100] "GET /wicker-basket-17-cm-p-48602.html HTTP/1.0" 200 71814 "-" "Mozilla/5.0 (compatible; SemrushBot/7~bl; +http://www.semrush.com/bot.html)"
185.191.171.35 - - [11/Jan/2021:08:33:25 +0100] "GET /bowls-c-12_60.html?page=5 HTTP/1.0" 200 91624 "-" "Mozilla/5.0 (compatible; SemrushBot/7~bl; +http://www.semrush.com/bot.html)"
207.46.13.229 - - [11/Jan/2021:08:33:26 +0100] "GET /images/med_prod/1384010176344.jpg HTTP/1.0" 200 268 "-" "Mozilla/5.0 (compatible; bingbot/2.0; +http://www.bing.com/bingbot.htm)"
207.46.13.229 - - [11/Jan/2021:08:33:27 +0100] "GET /images/PM01W.jpg HTTP/1.0" 200 251 "-" "Mozilla/5.0 (compatible; bingbot/2.0; +http://www.bing.com/bingbot.htm)"
54.36.148.87 - - [11/Jan/2021:08:34:01 +0100] "GET /cat-lighting-p-52564.html HTTP/1.0" 200 72704 "-" "Mozilla/5.0 (compatible; AhrefsBot/7.0; +http://ahrefs.com/robot/)"
185.191.171.40 - - [11/Jan/2021:08:34:02 +0100] "GET /wicker-basket-20-cm-p-48603.html HTTP/1.0" 200 71814 "-" "Mozilla/5.0 (compatible; SemrushBot/7~bl; +http://www.semrush.com/bot.html)"
185.191.171.35 - - [11/Jan/2021:08:34:24 +0100] "GET /paperweight-danseuse-sur-scene-by-degas-p-53522.html HTTP/1.0" 200 73302 "-" "Mozilla/5.0 (compatible; SemrushBot/7~bl; +http://www.semrush.com/bot.html)"
207.46.13.239 - - [11/Jan/2021:08:34:31 +0100] "GET /images/8006180201703.jpg HTTP/1.0" 200 259 "-" "Mozilla/5.0 (compatible; bingbot/2.0; +http://www.bing.com/bingbot.htm)"
207.46.13.239 - - [11/Jan/2021:08:34:32 +0100] "GET /images/4007176129043.jpg HTTP/1.0" 200 259 "-" "Mozilla/5.0 (compatible; bingbot/2.0; +http://www.bing.com/bingbot.htm)"
51.68.224.127 - - [11/Jan/2021:08:35:05 +0100] "GET /adminweb/export_orders_xml.php?token=256de2z6edz6ed2z6DFSFsed2zed6zeDSFDSGdzedezfzf&maxorders=10&orderstart=1&status=14&start_date=2018-10-01 HTTP/1.0" 200 285 "-" "GesCom CharlotteBoutik Serveur"
51.68.224.127 - - [11/Jan/2021:08:35:05 +0100] "GET /adminweb/export_orders_xml.php?token=256de2z6edz6ed2z6DFSFsed2zed6zeDSFDSGdzedezfzf&maxorders=10&orderstart=1&status=6&start_date=2018-10-01 HTTP/1.0" 200 29990 "-" "GesCom CharlotteBoutik Serveur"
157.55.39.22 - - [11/Jan/2021:08:35:15 +0100] "GET /images/big_prod/1384010191682.jpg HTTP/1.0" 200 268 "-" "Mozilla/5.0 (compatible; bingbot/2.0; +http://www.bing.com/bingbot.htm)"
114.119.150.15 - - [11/Jan/2021:08:35:25 +0100] "GET /images/med_prod/1384010177808.jpg HTTP/1.0" 200 268 "-" "Mozilla/5.0 (Linux; Android 7.0;) AppleWebKit/537.36 (KHTML, like Gecko) Mobile Safari/537.36 (compatible; PetalBot;+https://aspiegel.com/petalbot)"
13.66.139.153 - - [11/Jan/2021:08:35:33 +0100] "GET /collectible-figurines-and-decorative-c-13_135.html HTTP/1.0" 200 95418 "-" "Mozilla/5.0 (compatible; bingbot/2.0; +http://www.bing.com/bingbot.htm)"
17.58.101.147 - - [11/Jan/2021:08:35:56 +0100] "GET /strawberry-shortcake-poncho-years-p-31119.html HTTP/1.0" 200 73092 "-" "Mozilla/5.0 (Macintosh; Intel Mac OS X 10_15_5) AppleWebKit/605.1.15 (KHTML, like Gecko) Version/13.1.1 Safari/605.1.15 (Applebot/0.1; +http://www.apple.com/go/applebot)"
185.191.171.8 - - [11/Jan/2021:08:36:33 +0100] "GET /gorjuss-heart-shaped-tin-oops-daisy-p-34738.html HTTP/1.0" 200 69330 "-" "Mozilla/5.0 (compatible; SemrushBot/7~bl; +http://www.semrush.com/bot.html)"
185.191.171.26 - - [11/Jan/2021:08:36:53 +0100] "GET /coca-cola-large-metal-plate-deco-p-27969.html HTTP/1.0" 200 71890 "-" "Mozilla/5.0 (compatible; SemrushBot/7~bl; +http://www.semrush.com/bot.html)"
185.191.171.42 - - [11/Jan/2021:08:36:57 +0100] "GET /csi-les-experts-mousepad-p-18072.html HTTP/1.0" 200 71991 "-" "Mozilla/5.0 (compatible; SemrushBot/7~bl; +http://www.semrush.com/bot.html)"
185.191.171.39 - - [11/Jan/2021:08:37:16 +0100] "GET /red-van-wooden-wall-decoration-to-hang-p-41393.html HTTP/1.0" 301 69259 "-" "Mozilla/5.0 (compatible; SemrushBot/7~bl; +http://www.semrush.com/bot.html)"
185.191.171.1 - - [11/Jan/2021:08:37:18 +0100] "GET /-p-41393.html HTTP/1.0" 200 69192 "-" "Mozilla/5.0 (compatible; SemrushBot/7~bl; +http://www.semrush.com/bot.html)"
157.55.39.22 - - [11/Jan/2021:08:37:26 +0100] "GET /images/3609080316130.jpg HTTP/1.0" 200 259 "-" "Mozilla/5.0 (compatible; bingbot/2.0; +http://www.bing.com/bingbot.htm)"
185.191.171.45 - - [11/Jan/2021:08:37:39 +0100] "GET /child-apron-taupe-p-24386.html HTTP/1.0" 301 69259 "-" "Mozilla/5.0 (compatible; SemrushBot/7~bl; +http://www.semrush.com/bot.html)"
185.191.171.43 - - [11/Jan/2021:08:37:41 +0100] "GET /-p-24386.html HTTP/1.0" 200 69192 "-" "Mozilla/5.0 (compatible; SemrushBot/7~bl; +http://www.semrush.com/bot.html)"
185.191.171.45 - - [11/Jan/2021:08:38:30 +0100] "GET /hot-dogs-plate-deco-p-38405.html HTTP/1.0" 200 69258 "-" "Mozilla/5.0 (compatible; SemrushBot/7~bl; +http://www.semrush.com/bot.html)"
185.191.171.25 - - [11/Jan/2021:08:38:43 +0100] "GET /cheshire-cat-figure-by-britto-p-36170.html HTTP/1.0" 200 72440 "-" "Mozilla/5.0 (compatible; SemrushBot/7~bl; +http://www.semrush.com/bot.html)"
157.55.39.22 - - [11/Jan/2021:08:38:48 +0100] "GET /images/big_prod/1384010204061.jpg HTTP/1.0" 200 268 "-" "Mozilla/5.0 (compatible; bingbot/2.0; +http://www.bing.com/bingbot.htm)"
185.191.171.42 - - [11/Jan/2021:08:38:52 +0100] "GET /losc-messenger-bag-p-36272.html HTTP/1.0" 200 72232 "-" "Mozilla/5.0 (compatible; SemrushBot/7~bl; +http://www.semrush.com/bot.html)"
54.36.148.92 - - [11/Jan/2021:08:39:00 +0100] "GET /box-good-point-c-13_150_151.html HTTP/1.0" 200 80689 "-" "Mozilla/5.0 (compatible; AhrefsBot/7.0; +http://ahrefs.com/robot/)"
207.46.13.26 - - [11/Jan/2021:08:39:28 +0100] "GET /images/DSCN3969.jpg HTTP/1.0" 200 254 "-" "Mozilla/5.0 (compatible; bingbot/2.0; +http://www.bing.com/bingbot.htm)"
207.46.13.26 - - [11/Jan/2021:08:39:28 +0100] "GET /images/big_prod/1345544564526.jpg HTTP/1.0" 200 268 "-" "Mozilla/5.0 (compatible; bingbot/2.0; +http://www.bing.com/bingbot.htm)"
157.55.39.220 - - [11/Jan/2021:08:39:42 +0100] "GET /images/8003990616086.jpg HTTP/1.0" 200 259 "-" "Mozilla/5.0 (compatible; bingbot/2.0; +http://www.bing.com/bingbot.htm)"
114.119.130.202 - - [11/Jan/2021:08:39:48 +0100] "GET /images/mini_prod/8433933011881.jpg HTTP/1.0" 200 269 "-" "Mozilla/5.0 (Linux; Android 7.0;) AppleWebKit/537.36 (KHTML, like Gecko) Mobile Safari/537.36 (compatible; PetalBot;+https://aspiegel.com/petalbot)"
207.46.13.239 - - [11/Jan/2021:08:40:14 +0100] "GET /images/3553567139166.jpg HTTP/1.0" 200 259 "-" "Mozilla/5.0 (compatible; bingbot/2.0; +http://www.bing.com/bingbot.htm)"
40.77.167.56 - - [11/Jan/2021:08:40:20 +0100] "GET /images/big_prod/8718317633317.jpg HTTP/1.0" 200 268 "-" "Mozilla/5.0 (compatible; bingbot/2.0; +http://www.bing.com/bingbot.htm)"
40.77.167.56 - - [11/Jan/2021:08:40:21 +0100] "GET /-p-3734.html HTTP/1.0" 200 69190 "-" "Mozilla/5.0 (compatible; bingbot/2.0; +http://www.bing.com/bingbot.htm)"
185.191.171.40 - - [11/Jan/2021:08:40:25 +0100] "GET /bathroom-accessories-c-13_172.html?page=6 HTTP/1.0" 200 83840 "-" "Mozilla/5.0 (compatible; SemrushBot/7~bl; +http://www.semrush.com/bot.html)"
185.191.171.4 - - [11/Jan/2021:08:40:28 +0100] "GET /sky-challenger-attack-set-of-products-p-29390.html HTTP/1.0" 200 71914 "-" "Mozilla/5.0 (compatible; SemrushBot/7~bl; +http://www.semrush.com/bot.html)"
207.46.13.229 - - [11/Jan/2021:08:40:59 +0100] "GET /images/med_prod/8435107811716.jpg HTTP/1.0" 200 268 "-" "Mozilla/5.0 (compatible; bingbot/2.0; +http://www.bing.com/bingbot.htm)"
185.191.171.8 - - [11/Jan/2021:08:41:01 +0100] "GET /coat-rack-brackets-iron-ink-marine-p-46006.html HTTP/1.0" 200 72653 "-" "Mozilla/5.0 (compatible; SemrushBot/7~bl; +http://www.semrush.com/bot.html)"
157.55.39.220 - - [11/Jan/2021:08:41:12 +0100] "GET /images/big_prod_2/5055071685101c.jpg HTTP/1.0" 200 271 "-" "Mozilla/5.0 (compatible; bingbot/2.0; +http://www.bing.com/bingbot.htm)"
185.191.171.6 - - [11/Jan/2021:08:41:14 +0100] "GET /gund-mini-elephant-sound-plush-p-34856.html HTTP/1.0" 301 69259 "-" "Mozilla/5.0 (compatible; SemrushBot/7~bl; +http://www.semrush.com/bot.html)"
185.191.171.38 - - [11/Jan/2021:08:41:16 +0100] "GET /-p-34856.html HTTP/1.0" 200 69192 "-" "Mozilla/5.0 (compatible; SemrushBot/7~bl; +http://www.semrush.com/bot.html)"
185.191.171.24 - - [11/Jan/2021:08:41:22 +0100] "GET /small-art-deco-jewelry-box-p-50218.html?action=add_product HTTP/1.0" 302 476 "-" "Mozilla/5.0 (compatible; SemrushBot/7~bl; +http://www.semrush.com/bot.html)"
207.46.13.26 - - [11/Jan/2021:08:41:40 +0100] "GET /images/big_prod_3/76001110TFc.jpg HTTP/1.0" 200 268 "-" "Mozilla/5.0 (compatible; bingbot/2.0; +http://www.bing.com/bingbot.htm)"
17.58.101.147 - - [11/Jan/2021:08:41:48 +0100] "GET /glass-and-ceramic-hermetic-pot-21-cm-p-41245.html HTTP/1.0" 200 71945 "-" "Mozilla/5.0 (Macintosh; Intel Mac OS X 10_15_5) AppleWebKit/605.1.15 (KHTML, like Gecko) Version/13.1.1 Safari/605.1.15 (Applebot/0.1; +http://www.apple.com/go/applebot)"
185.191.171.45 - - [11/Jan/2021:08:41:52 +0100] "GET /cow-flower-power-potholder-and-glove-set-p-39862.html HTTP/1.0" 200 71993 "-" "Mozilla/5.0 (compatible; SemrushBot/7~bl; +http://www.semrush.com/bot.html)"
207.46.13.239 - - [11/Jan/2021:08:42:48 +0100] "GET /plush-keeleco-eco-friendly-lion-p-51845.html HTTP/1.0" 200 73090 "-" "Mozilla/5.0 (compatible; bingbot/2.0; +http://www.bing.com/bingbot.htm)"
207.46.13.26 - - [11/Jan/2021:08:43:00 +0100] "GET /images/big_prod/8424001118601B.jpg HTTP/1.0" 200 269 "-" "Mozilla/5.0 (compatible; bingbot/2.0; +http://www.bing.com/bingbot.htm)"
185.191.171.34 - - [11/Jan/2021:08:43:23 +0100] "GET /polar-blanket-purple-220-240-cm-p-34642.html HTTP/1.0" 200 71928 "-" "Mozilla/5.0 (compatible; SemrushBot/7~bl; +http://www.semrush.com/bot.html)"
185.191.171.36 - - [11/Jan/2021:08:43:38 +0100] "GET /resin-statuette-chinese-with-mandolin-p-42955.html HTTP/1.0" 301 69259 "-" "Mozilla/5.0 (compatible; SemrushBot/7~bl; +http://www.semrush.com/bot.html)"
185.191.171.7 - - [11/Jan/2021:08:43:40 +0100] "GET /-p-42955.html HTTP/1.0" 200 69192 "-" "Mozilla/5.0 (compatible; SemrushBot/7~bl; +http://www.semrush.com/bot.html)"
185.191.171.26 - - [11/Jan/2021:08:43:47 +0100] "GET /burlap-round-table-set-corsica-p-50936.html HTTP/1.0" 200 71861 "-" "Mozilla/5.0 (compatible; SemrushBot/7~bl; +http://www.semrush.com/bot.html)"
13.66.139.48 - - [11/Jan/2021:08:43:47 +0100] "GET / HTTP/1.0" 200 150348 "-" "Mozilla/5.0 (compatible; bingbot/2.0; +http://www.bing.com/bingbot.htm)"
185.191.171.37 - - [11/Jan/2021:08:44:01 +0100] "GET /create-your-top-model-design-studio-p-43040.html HTTP/1.0" 200 69358 "-" "Mozilla/5.0 (compatible; SemrushBot/7~bl; +http://www.semrush.com/bot.html)"
114.119.150.15 - - [11/Jan/2021:08:44:11 +0100] "GET /images/mini_prod/1300010237717.jpg HTTP/1.0" 200 269 "-" "Mozilla/5.0 (Linux; Android 7.0;) AppleWebKit/537.36 (KHTML, like Gecko) Mobile Safari/537.36 (compatible; PetalBot;+https://aspiegel.com/petalbot)"
54.36.148.87 - - [11/Jan/2021:08:44:11 +0100] "GET /butter-dish-c-12_222.html HTTP/1.0" 200 81873 "-" "Mozilla/5.0 (compatible; AhrefsBot/7.0; +http://ahrefs.com/robot/)"
207.46.13.229 - - [11/Jan/2021:08:44:17 +0100] "GET /images/minniedebout.jpg HTTP/1.0" 200 258 "-" "Mozilla/5.0 (compatible; bingbot/2.0; +http://www.bing.com/bingbot.htm)"
185.191.171.38 - - [11/Jan/2021:08:44:24 +0100] "GET /the-little-prince-of-saint-exupery-wall-decoration-18-125-cm-p-51868.html HTTP/1.0" 200 72172 "-" "Mozilla/5.0 (compatible; SemrushBot/7~bl; +http://www.semrush.com/bot.html)"
185.191.171.40 - - [11/Jan/2021:08:44:30 +0100] "GET /love-personnalized-set-of-coffee-cups-p-17676.html HTTP/1.0" 200 69463 "-" "Mozilla/5.0 (compatible; SemrushBot/7~bl; +http://www.semrush.com/bot.html)"
185.191.171.36 - - [11/Jan/2021:08:45:29 +0100] "GET /zen-wooden-wall-decoration-to-hang-40-40-cm-p-41534.html HTTP/1.0" 200 72119 "-" "Mozilla/5.0 (compatible; SemrushBot/7~bl; +http://www.semrush.com/bot.html)"
185.191.171.23 - - [11/Jan/2021:08:45:57 +0100] "GET /furnishings-c-13_87.html?page=3 HTTP/1.0" 200 91382 "-" "Mozilla/5.0 (compatible; SemrushBot/7~bl; +http://www.semrush.com/bot.html)"
185.191.171.10 - - [11/Jan/2021:08:46:42 +0100] "GET /candy-cloud-unicorn-dancer-p-51815.html HTTP/1.0" 200 72372 "-" "Mozilla/5.0 (compatible; SemrushBot/7~bl; +http://www.semrush.com/bot.html)"
157.55.39.110 - - [11/Jan/2021:08:46:53 +0100] "GET /images/big_prod/3700230606245.jpg HTTP/1.0" 200 268 "-" "Mozilla/5.0 (compatible; bingbot/2.0; +http://www.bing.com/bingbot.htm)"
185.191.171.36 - - [11/Jan/2021:08:46:59 +0100] "GET /mani-the-lucky-cat-cm-p-47605.html HTTP/1.0" 200 69270 "-" "Mozilla/5.0 (compatible; SemrushBot/7~bl; +http://www.semrush.com/bot.html)"
185.191.171.36 - - [11/Jan/2021:08:47:31 +0100] "GET /stones-rock-crystal-80-90-grams-p-46608.html HTTP/1.0" 200 73245 "-" "Mozilla/5.0 (compatible; SemrushBot/7~bl; +http://www.semrush.com/bot.html)"
185.191.171.42 - - [11/Jan/2021:08:47:33 +0100] "GET /cement-tile-stickers-15-15-cm-white-p-45008.html HTTP/1.0" 200 72198 "-" "Mozilla/5.0 (compatible; SemrushBot/7~bl; +http://www.semrush.com/bot.html)"
185.191.171.23 - - [11/Jan/2021:08:47:36 +0100] "GET /dishes-c-13_12.html?page=39 HTTP/1.0" 200 90968 "-" "Mozilla/5.0 (compatible; SemrushBot/7~bl; +http://www.semrush.com/bot.html)"
185.191.171.37 - - [11/Jan/2021:08:47:53 +0100] "GET /yggdrasil-wooden-dish-22-cm-p-44258.html HTTP/1.0" 200 69318 "-" "Mozilla/5.0 (compatible; SemrushBot/7~bl; +http://www.semrush.com/bot.html)"
207.46.13.239 - - [11/Jan/2021:08:48:30 +0100] "GET /images/4008789054197.jpg HTTP/1.0" 200 259 "-" "Mozilla/5.0 (compatible; bingbot/2.0; +http://www.bing.com/bingbot.htm)"
114.119.147.45 - - [11/Jan/2021:08:48:34 +0100] "GET /images/mini_prod/1384010190029.jpg HTTP/1.0" 200 269 "-" "Mozilla/5.0 (Linux; Android 7.0;) AppleWebKit/537.36 (KHTML, like Gecko) Mobile Safari/537.36 (compatible; PetalBot;+https://aspiegel.com/petalbot)"
185.191.171.24 - - [11/Jan/2021:08:48:41 +0100] "GET /robots.txt HTTP/1.0" 301 531 "-" "Mozilla/5.0 (compatible; SemrushBot/7~bl; +http://www.semrush.com/bot.html)"
185.191.171.37 - - [11/Jan/2021:08:48:41 +0100] "GET /robots.txt HTTP/1.0" 200 245 "-" "Mozilla/5.0 (compatible; SemrushBot/7~bl; +http://www.semrush.com/bot.html)"
185.191.171.16 - - [11/Jan/2021:08:48:42 +0100] "GET /alarms-clocks-clocks-and-watches/watches/minnie-mouse-heart-analog-watch-with-flashlight-p-14694.html HTTP/1.0" 301 713 "-" "Mozilla/5.0 (compatible; SemrushBot/7~bl; +http://www.semrush.com/bot.html)"
185.191.171.11 - - [11/Jan/2021:08:48:42 +0100] "GET /alarms-clocks-clocks-and-watches/watches/minnie-mouse-heart-analog-watch-with-flashlight-p-14694.html HTTP/1.0" 301 69532 "-" "Mozilla/5.0 (compatible; SemrushBot/7~bl; +http://www.semrush.com/bot.html)"
185.191.171.42 - - [11/Jan/2021:08:48:44 +0100] "GET /minnie-mouse-heart-analog-watch-with-flashlight-p-14694.html HTTP/1.0" 200 69418 "-" "Mozilla/5.0 (compatible; SemrushBot/7~bl; +http://www.semrush.com/bot.html)"
185.191.171.36 - - [11/Jan/2021:08:48:57 +0100] "GET /lambretta-evolution-poster-p-15758.html HTTP/1.0" 200 69286 "-" "Mozilla/5.0 (compatible; SemrushBot/7~bl; +http://www.semrush.com/bot.html)"
185.191.171.45 - - [11/Jan/2021:08:49:06 +0100] "GET /mani-the-lucky-cat-keychain-p-44115.html?action=add_product HTTP/1.0" 302 476 "-" "Mozilla/5.0 (compatible; SemrushBot/7~bl; +http://www.semrush.com/bot.html)"
64.233.173.116 - - [11/Jan/2021:08:49:22 +0100] "GET /images/big_prod_1/b3760119606575.jpg HTTP/1.0" 200 271 "-" "Mozilla/5.0 (Windows NT 5.1; rv:11.0) Gecko Firefox/11.0 (via ggpht.com GoogleImageProxy)"
40.77.167.56 - - [11/Jan/2021:08:49:24 +0100] "GET /images/DSCN0893.jpg HTTP/1.0" 200 254 "-" "Mozilla/5.0 (compatible; bingbot/2.0; +http://www.bing.com/bingbot.htm)"
54.36.149.71 - - [11/Jan/2021:08:49:26 +0100] "GET /metal-boxes-and-storage-c-13_150_218.html HTTP/1.0" 200 89450 "-" "Mozilla/5.0 (compatible; AhrefsBot/7.0; +http://ahrefs.com/robot/)"
66.249.66.66 - - [11/Jan/2021:08:49:31 +0100] "GET / HTTP/1.0" 200 150227 "-" "Mozilla/5.0 (compatible; Googlebot/2.1; +http://www.google.com/bot.html)"
66.249.66.95 - - [11/Jan/2021:08:49:34 +0100] "GET /js/jquery.min.js HTTP/1.0" 404 1308 "http://www.wonder-geek.com/" "Mozilla/5.0 AppleWebKit/537.36 (KHTML, like Gecko; compatible; Googlebot/2.1; +http://www.google.com/bot.html) Chrome/87.0.4280.90 Safari/537.36"
185.191.171.35 - - [11/Jan/2021:08:49:40 +0100] "GET /hello-kitty-kiss-diamond-laptop-case-15-inches-p-17656.html HTTP/1.0" 200 69366 "-" "Mozilla/5.0 (compatible; SemrushBot/7~bl; +http://www.semrush.com/bot.html)"
40.77.167.56 - - [11/Jan/2021:08:49:43 +0100] "GET /images/3524550007120.jpg HTTP/1.0" 200 259 "-" "Mozilla/5.0 (compatible; bingbot/2.0; +http://www.bing.com/bingbot.htm)"
185.191.171.44 - - [11/Jan/2021:08:50:58 +0100] "GET /worth-melting-for-frozen-birch-carved-by-heart-figure-collection-p-31972.html HTTP/1.0" 301 69259 "-" "Mozilla/5.0 (compatible; SemrushBot/7~bl; +http://www.semrush.com/bot.html)"
185.191.171.25 - - [11/Jan/2021:08:51:00 +0100] "GET /-p-31972.html HTTP/1.0" 200 69192 "-" "Mozilla/5.0 (compatible; SemrushBot/7~bl; +http://www.semrush.com/bot.html)"
185.191.171.4 - - [11/Jan/2021:08:51:04 +0100] "GET /dog-bowl-french-kiss-paris-p-37290.html HTTP/1.0" 301 69259 "-" "Mozilla/5.0 (compatible; SemrushBot/7~bl; +http://www.semrush.com/bot.html)"
185.191.171.44 - - [11/Jan/2021:08:51:07 +0100] "GET /-p-37290.html HTTP/1.0" 200 69192 "-" "Mozilla/5.0 (compatible; SemrushBot/7~bl; +http://www.semrush.com/bot.html)"
207.46.13.229 - - [11/Jan/2021:08:51:22 +0100] "GET /raving-rabbids-magnetic-clock-p-17394.html HTTP/1.0" 200 71952 "-" "Mozilla/5.0 (compatible; bingbot/2.0; +http://www.bing.com/bingbot.htm)"
185.191.171.11 - - [11/Jan/2021:08:51:27 +0100] "GET /pillowcases-bolstercases-c-11_166.html?page=4 HTTP/1.0" 200 86747 "-" "Mozilla/5.0 (compatible; SemrushBot/7~bl; +http://www.semrush.com/bot.html)"
207.46.13.36 - - [11/Jan/2021:08:51:28 +0100] "GET /images/4010070219277bis.jpg HTTP/1.0" 200 262 "-" "Mozilla/5.0 (compatible; bingbot/2.0; +http://www.bing.com/bingbot.htm)"
207.46.13.36 - - [11/Jan/2021:08:51:28 +0100] "GET /images/4012390362534.jpg HTTP/1.0" 200 259 "-" "Mozilla/5.0 (compatible; bingbot/2.0; +http://www.bing.com/bingbot.htm)"
54.36.149.102 - - [11/Jan/2021:08:52:01 +0100] "GET /les-caouettes-nono-the-ouranosaurus-plush-25-cm-p-33411.html HTTP/1.0" 301 69259 "-" "Mozilla/5.0 (compatible; AhrefsBot/7.0; +http://ahrefs.com/robot/)"
51.68.224.127 - - [11/Jan/2021:08:52:10 +0100] "GET /adminweb/export_orders_xml.php?token=256de2z6edz6ed2z6DFSFsed2zed6zeDSFDSGdzedezfzf&maxorders=10&orderstart=1&status=14&start_date=2018-10-01 HTTP/1.0" 200 285 "-" "GesCom CharlotteBoutik Serveur"
51.68.224.127 - - [11/Jan/2021:08:52:10 +0100] "GET /adminweb/export_orders_xml.php?token=256de2z6edz6ed2z6DFSFsed2zed6zeDSFDSGdzedezfzf&maxorders=10&orderstart=1&status=6&start_date=2018-10-01 HTTP/1.0" 200 29990 "-" "GesCom CharlotteBoutik Serveur"
207.46.13.36 - - [11/Jan/2021:08:52:28 +0100] "GET /images/8028501699259.jpg HTTP/1.0" 200 259 "-" "Mozilla/5.0 (compatible; bingbot/2.0; +http://www.bing.com/bingbot.htm)"
185.191.171.17 - - [11/Jan/2021:08:52:34 +0100] "GET /bedclothes-140-200-cm-geomix-p-51704.html HTTP/1.0" 301 69259 "-" "Mozilla/5.0 (compatible; SemrushBot/7~bl; +http://www.semrush.com/bot.html)"
185.191.171.38 - - [11/Jan/2021:08:52:36 +0100] "GET /-p-51704.html HTTP/1.0" 200 69192 "-" "Mozilla/5.0 (compatible; SemrushBot/7~bl; +http://www.semrush.com/bot.html)"
185.191.171.2 - - [11/Jan/2021:08:52:40 +0100] "GET /union-jack-carlin-phone-cover-for-galaxy-s4-by-cbkreation-p-30084.html HTTP/1.0" 200 69447 "-" "Mozilla/5.0 (compatible; SemrushBot/7~bl; +http://www.semrush.com/bot.html)"
114.119.144.233 - - [11/Jan/2021:08:52:50 +0100] "GET /images/mini_prod/3574640155279.jpg HTTP/1.0" 200 269 "-" "Mozilla/5.0 (Linux; Android 7.0;) AppleWebKit/537.36 (KHTML, like Gecko) Mobile Safari/537.36 (compatible; PetalBot;+https://aspiegel.com/petalbot)"
17.58.101.147 - - [11/Jan/2021:08:52:51 +0100] "GET /gift-box-made-of-metal-towels-30-30-cm-300-gr-m2-p-45275.html HTTP/1.0" 200 72122 "-" "Mozilla/5.0 (Macintosh; Intel Mac OS X 10_15_5) AppleWebKit/605.1.15 (KHTML, like Gecko) Version/13.1.1 Safari/605.1.15 (Applebot/0.1; +http://www.apple.com/go/applebot)"
185.191.171.21 - - [11/Jan/2021:08:53:03 +0100] "GET /dark-blue-boat-hanging-metal-wall-decoration-p-49489.html HTTP/1.0" 301 69259 "-" "Mozilla/5.0 (compatible; SemrushBot/7~bl; +http://www.semrush.com/bot.html)"
185.191.171.34 - - [11/Jan/2021:08:53:05 +0100] "GET /-p-49489.html HTTP/1.0" 200 69192 "-" "Mozilla/5.0 (compatible; SemrushBot/7~bl; +http://www.semrush.com/bot.html)"
185.191.171.40 - - [11/Jan/2021:08:53:09 +0100] "GET /mobile-bells-metal-elephants-90-cm-p-42075.html HTTP/1.0" 200 71974 "-" "Mozilla/5.0 (compatible; SemrushBot/7~bl; +http://www.semrush.com/bot.html)"
185.191.171.34 - - [11/Jan/2021:08:53:23 +0100] "GET /silver-horse-head-statue-p-40351.html HTTP/1.0" 200 69278 "-" "Mozilla/5.0 (compatible; SemrushBot/7~bl; +http://www.semrush.com/bot.html)"
207.46.13.36 - - [11/Jan/2021:08:53:47 +0100] "GET /cat-pretty-kitty-allen-clock-p-52390.html HTTP/1.0" 200 72617 "-" "Mozilla/5.0 (compatible; bingbot/2.0; +http://www.bing.com/bingbot.htm)"
185.191.171.19 - - [11/Jan/2021:08:53:50 +0100] "GET /gund-plush-dog-love-patch-28-cm-p-24294.html HTTP/1.0" 200 76416 "-" "Mozilla/5.0 (compatible; SemrushBot/7~bl; +http://www.semrush.com/bot.html)"
157.55.39.110 - - [11/Jan/2021:08:54:24 +0100] "GET / HTTP/1.0" 200 150868 "-" "Mozilla/5.0 (compatible; bingbot/2.0; +http://www.bing.com/bingbot.htm)"
54.36.148.87 - - [11/Jan/2021:08:54:35 +0100] "GET /utensil-and-cutlery-pot-c-12_244.html HTTP/1.0" 200 88928 "-" "Mozilla/5.0 (compatible; AhrefsBot/7.0; +http://ahrefs.com/robot/)"
34.222.100.180 - - [11/Jan/2021:08:54:37 +0100] "GET / HTTP/1.0" 200 150390 "-" "Mozilla/5.0 (Windows NT 6.1; Win64; x64) AppleWebKit/537.36 (KHTML, like Gecko) Chrome/72.0.3626.109 Safari/537.36"
13.64.93.136 - - [11/Jan/2021:08:54:37 +0100] "GET / HTTP/1.0" 200 150387 "-" "Mozilla/5.0 (Windows NT 10.0; WOW64) AppleWebKit/537.36 (KHTML, like Gecko) Chrome/63.0.3239.84 Safari/537.36"
185.191.171.13 - - [11/Jan/2021:08:54:49 +0100] "GET /the-little-prince-soap-box-10-65-28-cm-p-40109.html HTTP/1.0" 200 72195 "-" "Mozilla/5.0 (compatible; SemrushBot/7~bl; +http://www.semrush.com/bot.html)"
185.191.171.11 - - [11/Jan/2021:08:55:05 +0100] "GET /robots.txt HTTP/1.0" 200 245 "-" "Mozilla/5.0 (compatible; SemrushBot/7~bl; +http://www.semrush.com/bot.html)"
185.191.171.33 - - [11/Jan/2021:08:55:06 +0100] "GET /che-guevara-floor-standing-ashtray-p-6827.html HTTP/1.0" 200 71929 "-" "Mozilla/5.0 (compatible; SemrushBot/7~bl; +http://www.semrush.com/bot.html)"
207.46.13.239 - - [11/Jan/2021:08:55:20 +0100] "GET /mouse-pad-c-129_85.html HTTP/1.0" 200 91252 "-" "Mozilla/5.0 (compatible; bingbot/2.0; +http://www.bing.com/bingbot.htm)"
34.219.35.220 - - [11/Jan/2021:08:55:43 +0100] "GET / HTTP/1.0" 200 150563 "-" "Mozilla/5.0 (Windows NT 6.1; Win64; x64) AppleWebKit/537.36 (KHTML, like Gecko) Chrome/72.0.3626.109 Safari/537.36"
207.46.13.26 - - [11/Jan/2021:08:55:48 +0100] "GET /swfobject.js HTTP/1.0" 404 1308 "-" "Mozilla/5.0 (compatible; bingbot/2.0; +http://www.bing.com/bingbot.htm)"
207.46.13.239 - - [11/Jan/2021:08:56:04 +0100] "GET /images/med_prod/8435306288838.jpg HTTP/1.0" 200 268 "-" "Mozilla/5.0 (compatible; bingbot/2.0; +http://www.bing.com/bingbot.htm)"
40.77.167.56 - - [11/Jan/2021:08:56:11 +0100] "GET /images/TROBP3545.jpg HTTP/1.0" 200 255 "-" "Mozilla/5.0 (compatible; bingbot/2.0; +http://www.bing.com/bingbot.htm)"
185.191.171.34 - - [11/Jan/2021:08:56:11 +0100] "GET /home-and-decoration-c-13.html?page=95 HTTP/1.0" 200 92872 "-" "Mozilla/5.0 (compatible; SemrushBot/7~bl; +http://www.semrush.com/bot.html)"
157.55.39.220 - - [11/Jan/2021:08:56:20 +0100] "GET /-p-33955.html HTTP/1.0" 200 69192 "-" "Mozilla/5.0 (compatible; bingbot/2.0; +http://www.bing.com/bingbot.htm)"
40.77.167.56 - - [11/Jan/2021:08:56:44 +0100] "GET /images/100_1885.jpg HTTP/1.0" 200 254 "-" "Mozilla/5.0 (compatible; bingbot/2.0; +http://www.bing.com/bingbot.htm)"
185.191.171.38 - - [11/Jan/2021:08:56:47 +0100] "GET /coasters-mandala-set-of-p-47003.html HTTP/1.0" 200 72412 "-" "Mozilla/5.0 (compatible; SemrushBot/7~bl; +http://www.semrush.com/bot.html)"
185.191.171.37 - - [11/Jan/2021:08:56:53 +0100] "GET /retro-camera-clock-p-50214.html HTTP/1.0" 301 69259 "-" "Mozilla/5.0 (compatible; SemrushBot/7~bl; +http://www.semrush.com/bot.html)"
185.191.171.7 - - [11/Jan/2021:08:56:55 +0100] "GET /-p-50214.html HTTP/1.0" 200 69192 "-" "Mozilla/5.0 (compatible; SemrushBot/7~bl; +http://www.semrush.com/bot.html)"
207.46.13.36 - - [11/Jan/2021:08:56:57 +0100] "GET /-p-21779.html HTTP/1.0" 200 69192 "-" "Mozilla/5.0 (compatible; bingbot/2.0; +http://www.bing.com/bingbot.htm)"
114.119.129.36 - - [11/Jan/2021:08:57:13 +0100] "GET /images/big_prod/8719075395110b.jpg HTTP/1.0" 200 269 "-" "Mozilla/5.0 (Linux; Android 7.0;) AppleWebKit/537.36 (KHTML, like Gecko) Mobile Safari/537.36 (compatible; PetalBot;+https://aspiegel.com/petalbot)"
185.191.171.39 - - [11/Jan/2021:08:57:22 +0100] "GET /natural-wood-basket-size-p-42159.html HTTP/1.0" 200 69286 "-" "Mozilla/5.0 (compatible; SemrushBot/7~bl; +http://www.semrush.com/bot.html)"
185.191.171.25 - - [11/Jan/2021:08:57:29 +0100] "GET /dog-hot-water-bottle-p-45356.html HTTP/1.0" 301 69259 "-" "Mozilla/5.0 (compatible; SemrushBot/7~bl; +http://www.semrush.com/bot.html)"
185.191.171.38 - - [11/Jan/2021:08:57:31 +0100] "GET /-p-45356.html HTTP/1.0" 200 69192 "-" "Mozilla/5.0 (compatible; SemrushBot/7~bl; +http://www.semrush.com/bot.html)"
185.191.171.36 - - [11/Jan/2021:08:57:46 +0100] "GET /figurine-pieta-by-michelangelo-26-cm-p-42065.html HTTP/1.0" 200 72017 "-" "Mozilla/5.0 (compatible; SemrushBot/7~bl; +http://www.semrush.com/bot.html)"
185.191.171.17 - - [11/Jan/2021:08:58:24 +0100] "GET /incense-holder-selenite-with-flower-of-life-p-47675.html HTTP/1.0" 200 72088 "-" "Mozilla/5.0 (compatible; SemrushBot/7~bl; +http://www.semrush.com/bot.html)"
74.208.47.198 - - [11/Jan/2021:08:58:24 +0100] "GET /.env HTTP/1.0" 404 1308 "-" "Mozilla/5.0 (X11; Linux x86_64) AppleWebKit/537.36 (KHTML, like Gecko) Chrome/81.0.4044.129 Safari/537.36"
74.208.47.198 - - [11/Jan/2021:08:58:27 +0100] "POST / HTTP/1.0" 200 150298 "-" "Mozilla/5.0 (X11; Linux x86_64) AppleWebKit/537.36 (KHTML, like Gecko) Chrome/81.0.4044.129 Safari/537.36"
185.191.171.4 - - [11/Jan/2021:08:58:43 +0100] "GET /mum-and-baby-monkey-statuette-p-46703.html HTTP/1.0" 200 69298 "-" "Mozilla/5.0 (compatible; SemrushBot/7~bl; +http://www.semrush.com/bot.html)"
185.191.171.15 - - [11/Jan/2021:08:58:51 +0100] "GET /marsupilami-soft-toy-20cm-p-14378.html HTTP/1.0" 200 69282 "-" "Mozilla/5.0 (compatible; SemrushBot/7~bl; +http://www.semrush.com/bot.html)"
185.191.171.22 - - [11/Jan/2021:08:59:19 +0100] "GET /fitted-sheet-in-cotton-percale-80-threads-140-190-30-cm-p-48197.html HTTP/1.0" 200 72187 "-" "Mozilla/5.0 (compatible; SemrushBot/7~bl; +http://www.semrush.com/bot.html)"
167.114.101.80 - - [11/Jan/2021:08:59:21 +0100] "GET /robots.txt HTTP/1.0" 200 245 "-" "Mozilla/5.0 (compatible; MJ12bot/v1.4.8; http://mj12bot.com/)"
54.36.148.189 - - [11/Jan/2021:08:59:20 +0100] "GET /fatma-hand-coaster-p-53506.html HTTP/1.0" 200 71784 "-" "Mozilla/5.0 (compatible; AhrefsBot/7.0; +http://ahrefs.com/robot/)"
185.191.171.37 - - [11/Jan/2021:08:59:22 +0100] "GET /small-cupcakes-mug-by-cbkreation-p-17351.html HTTP/1.0" 200 71971 "-" "Mozilla/5.0 (compatible; SemrushBot/7~bl; +http://www.semrush.com/bot.html)"
157.55.39.110 - - [11/Jan/2021:08:59:54 +0100] "GET /images/3521320605487.jpg HTTP/1.0" 200 259 "-" "Mozilla/5.0 (compatible; bingbot/2.0; +http://www.bing.com/bingbot.htm)"
207.46.13.239 - - [11/Jan/2021:09:00:06 +0100] "GET /images/5010065555228.jpg HTTP/1.0" 200 259 "-" "Mozilla/5.0 (compatible; bingbot/2.0; +http://www.bing.com/bingbot.htm)"
207.46.13.239 - - [11/Jan/2021:09:00:07 +0100] "GET /images/6953270923965.jpg HTTP/1.0" 200 259 "-" "Mozilla/5.0 (compatible; bingbot/2.0; +http://www.bing.com/bingbot.htm)"
167.114.101.80 - - [11/Jan/2021:09:00:15 +0100] "GET /large-jar-candle-oud-bloom-p-49926.html HTTP/1.0" 200 72400 "-" "Mozilla/5.0 (compatible; MJ12bot/v1.4.8; http://mj12bot.com/)"
54.236.1.11 - - [11/Jan/2021:09:00:44 +0100] "GET /dishes/plates/melamine-plate-daisy-duck-p-14887.html HTTP/1.0" 301 69374 "-" "Mozilla/5.0 (compatible; Pinterestbot/1.0; +http://www.pinterest.com/bot.html)"
54.236.1.11 - - [11/Jan/2021:09:00:45 +0100] "GET /melamine-plate-daisy-duck-p-14887.html HTTP/1.0" 200 69282 "-" "Mozilla/5.0 (compatible; Pinterestbot/1.0; +http://www.pinterest.com/bot.html)"
54.236.1.13 - - [11/Jan/2021:09:00:47 +0100] "GET /dishes/plates/melamine-plate-daisy-duck-p-14887.html HTTP/1.0" 301 69374 "-" "Mozilla/5.0 (compatible; Pinterestbot/1.0; +http://www.pinterest.com/bot.html)"
