185.191.171.17 - - [11/Jan/2021:03:27:47 +0100] "GET /wooden-cup-on-feet-style-natural-diameter-20-cm-p-49703.html HTTP/1.0" 200 72103 "-" "Mozilla/5.0 (compatible; SemrushBot/7~bl; +http://www.semrush.com/bot.html)"
54.36.148.87 - - [11/Jan/2021:03:27:59 +0100] "GET /creative-hobbies-and-coloring-c-129_30.html HTTP/1.0" 200 90296 "-" "Mozilla/5.0 (compatible; AhrefsBot/7.0; +http://ahrefs.com/robot/)"
185.191.171.9 - - [11/Jan/2021:03:28:11 +0100] "GET /retro-sugar-bowl-la-vache-qui-rit-p-43602.html HTTP/1.0" 200 69280 "-" "Mozilla/5.0 (compatible; SemrushBot/7~bl; +http://www.semrush.com/bot.html)"
207.46.13.26 - - [11/Jan/2021:03:28:28 +0100] "GET /images/big_prod/9316188073332.jpg HTTP/1.0" 200 268 "-" "Mozilla/5.0 (compatible; bingbot/2.0; +http://www.bing.com/bingbot.htm)"
185.191.171.13 - - [11/Jan/2021:03:28:33 +0100] "GET /little-buddha-collection-keychain-p-53297.html HTTP/1.0" 200 71915 "-" "Mozilla/5.0 (compatible; SemrushBot/7~bl; +http://www.semrush.com/bot.html)"
185.191.171.2 - - [11/Jan/2021:03:28:46 +0100] "GET /anti-rfid-card-holder-cards-anthracite-p-50171.html HTTP/1.0" 200 73205 "-" "Mozilla/5.0 (compatible; SemrushBot/7~bl; +http://www.semrush.com/bot.html)"
40.77.167.56 - - [11/Jan/2021:03:29:10 +0100] "GET /images/med_prod/1341689801502.jpg HTTP/1.0" 200 268 "-" "Mozilla/5.0 (compatible; bingbot/2.0; +http://www.bing.com/bingbot.htm)"
40.77.167.56 - - [11/Jan/2021:03:29:34 +0100] "GET /images/4007176125175.jpg HTTP/1.0" 200 259 "-" "Mozilla/5.0 (compatible; bingbot/2.0; +http://www.bing.com/bingbot.htm)"
114.119.129.36 - - [11/Jan/2021:03:29:43 +0100] "GET /images/mini_prod/170208_102235_PEEL_tF7hca.jpg HTTP/1.0" 200 281 "-" "Mozilla/5.0 (Linux; Android 7.0;) AppleWebKit/537.36 (KHTML, like Gecko) Mobile Safari/537.36 (compatible; PetalBot;+https://aspiegel.com/petalbot)"
157.55.39.22 - - [11/Jan/2021:03:29:53 +0100] "GET /images/big_prod/1384010207987.jpg HTTP/1.0" 200 268 "-" "Mozilla/5.0 (compatible; bingbot/2.0; +http://www.bing.com/bingbot.htm)"
185.191.171.9 - - [11/Jan/2021:03:30:12 +0100] "GET /gardena-ethnic-rug-60-90-cm-p-45414.html HTTP/1.0" 200 73018 "-" "Mozilla/5.0 (compatible; SemrushBot/7~bl; +http://www.semrush.com/bot.html)"
185.191.171.18 - - [11/Jan/2021:03:30:21 +0100] "GET /cats-by-dubout-trivet-p-27384.html HTTP/1.0" 200 71786 "-" "Mozilla/5.0 (compatible; SemrushBot/7~bl; +http://www.semrush.com/bot.html)"
185.191.171.22 - - [11/Jan/2021:03:30:23 +0100] "GET /cat-in-teapot-p-52918.html HTTP/1.0" 200 71758 "-" "Mozilla/5.0 (compatible; SemrushBot/7~bl; +http://www.semrush.com/bot.html)"
185.191.171.2 - - [11/Jan/2021:03:30:47 +0100] "GET /poster-pastis-olive-50-70-cm-p-44865.html HTTP/1.0" 200 69302 "-" "Mozilla/5.0 (compatible; SemrushBot/7~bl; +http://www.semrush.com/bot.html)"
207.46.13.26 - - [11/Jan/2021:03:30:53 +0100] "GET /images/1399984254189.jpg HTTP/1.0" 200 259 "-" "Mozilla/5.0 (compatible; bingbot/2.0; +http://www.bing.com/bingbot.htm)"
185.191.171.35 - - [11/Jan/2021:03:31:02 +0100] "GET /mug-white-ceramic-wine-bar-p-45685.html HTTP/1.0" 200 71866 "-" "Mozilla/5.0 (compatible; SemrushBot/7~bl; +http://www.semrush.com/bot.html)"
157.55.39.110 - - [11/Jan/2021:03:31:03 +0100] "GET /mini-magnetic-plate-retro-eat-drink-be-merry-p-34409.html HTTP/1.0" 200 69409 "-" "Mozilla/5.0 (compatible; bingbot/2.0; +http://www.bing.com/bingbot.htm)"
185.191.171.40 - - [11/Jan/2021:03:31:13 +0100] "GET /meditation-cushion-6th-chakra-aja-indigo-p-45370.html HTTP/1.0" 200 73092 "-" "Mozilla/5.0 (compatible; SemrushBot/7~bl; +http://www.semrush.com/bot.html)"
185.191.171.36 - - [11/Jan/2021:03:31:22 +0100] "GET /noddy-melamine-plate-p-12427.html HTTP/1.0" 200 69262 "-" "Mozilla/5.0 (compatible; SemrushBot/7~bl; +http://www.semrush.com/bot.html)"
185.191.171.3 - - [11/Jan/2021:03:31:26 +0100] "GET /robots.txt HTTP/1.0" 200 245 "-" "Mozilla/5.0 (compatible; SemrushBot/7~bl; +http://www.semrush.com/bot.html)"
185.191.171.24 - - [11/Jan/2021:03:31:26 +0100] "GET /spiderman-red-windbreaker-p-32636.html HTTP/1.0" 200 69308 "-" "Mozilla/5.0 (compatible; SemrushBot/7~bl; +http://www.semrush.com/bot.html)"
185.191.171.33 - - [11/Jan/2021:03:31:39 +0100] "GET /blue-pens-marseille-colors-p-14941.html HTTP/1.0" 301 69259 "-" "Mozilla/5.0 (compatible; SemrushBot/7~bl; +http://www.semrush.com/bot.html)"
185.191.171.18 - - [11/Jan/2021:03:31:41 +0100] "GET /-p-14941.html HTTP/1.0" 200 69192 "-" "Mozilla/5.0 (compatible; SemrushBot/7~bl; +http://www.semrush.com/bot.html)"
54.36.148.27 - - [11/Jan/2021:03:32:01 +0100] "GET /placemats-c-12_156.html HTTP/1.0" 200 90984 "-" "Mozilla/5.0 (compatible; AhrefsBot/7.0; +http://ahrefs.com/robot/)"
207.46.13.26 - - [11/Jan/2021:03:32:03 +0100] "GET /images/big_prod/1384010184493.jpg HTTP/1.0" 200 268 "-" "Mozilla/5.0 (compatible; bingbot/2.0; +http://www.bing.com/bingbot.htm)"
185.191.171.26 - - [11/Jan/2021:03:32:10 +0100] "GET /small-wooden-box-butterflies-and-ribbon-p-37616.html HTTP/1.0" 200 72145 "-" "Mozilla/5.0 (compatible; SemrushBot/7~bl; +http://www.semrush.com/bot.html)"
185.191.171.3 - - [11/Jan/2021:03:32:47 +0100] "GET /zippo-genuine-flints-p-29791.html HTTP/1.0" 200 71949 "-" "Mozilla/5.0 (compatible; SemrushBot/7~bl; +http://www.semrush.com/bot.html)"
185.191.171.33 - - [11/Jan/2021:03:33:45 +0100] "GET /cool-bag-lunch-box-29-20-18-cm-p-47250.html HTTP/1.0" 200 69310 "-" "Mozilla/5.0 (compatible; SemrushBot/7~bl; +http://www.semrush.com/bot.html)"
114.119.129.36 - - [11/Jan/2021:03:34:06 +0100] "GET /images/big_prod/3012585002239.jpg HTTP/1.0" 200 268 "-" "Mozilla/5.0 (Linux; Android 7.0;) AppleWebKit/537.36 (KHTML, like Gecko) Mobile Safari/537.36 (compatible; PetalBot;+https://aspiegel.com/petalbot)"
157.55.39.22 - - [11/Jan/2021:03:34:11 +0100] "GET /images/3438100341247.jpg HTTP/1.0" 200 259 "-" "Mozilla/5.0 (compatible; bingbot/2.0; +http://www.bing.com/bingbot.htm)"
207.46.13.26 - - [11/Jan/2021:03:34:31 +0100] "GET /swfobject.js HTTP/1.0" 404 1308 "-" "Mozilla/5.0 (compatible; bingbot/2.0; +http://www.bing.com/bingbot.htm)"
185.191.171.11 - - [11/Jan/2021:03:34:31 +0100] "GET /bookends-hands-asian-spirit-p-50011.html HTTP/1.0" 200 72883 "-" "Mozilla/5.0 (compatible; SemrushBot/7~bl; +http://www.semrush.com/bot.html)"
185.191.171.26 - - [11/Jan/2021:03:34:34 +0100] "GET /wood-key-box-p-44752.html HTTP/1.0" 200 71988 "-" "Mozilla/5.0 (compatible; SemrushBot/7~bl; +http://www.semrush.com/bot.html)"
185.191.171.3 - - [11/Jan/2021:03:34:37 +0100] "GET /bamboo-pot-cats-p-49516.html HTTP/1.0" 200 71823 "-" "Mozilla/5.0 (compatible; SemrushBot/7~bl; +http://www.semrush.com/bot.html)"
185.191.171.38 - - [11/Jan/2021:03:34:40 +0100] "GET /harry-potter-figurine-p-49391.html HTTP/1.0" 301 69259 "-" "Mozilla/5.0 (compatible; SemrushBot/7~bl; +http://www.semrush.com/bot.html)"
185.191.171.38 - - [11/Jan/2021:03:34:42 +0100] "GET /-p-49391.html HTTP/1.0" 200 69192 "-" "Mozilla/5.0 (compatible; SemrushBot/7~bl; +http://www.semrush.com/bot.html)"
185.191.171.23 - - [11/Jan/2021:03:35:00 +0100] "GET /natural-rattan-bread-box-p-49280.html HTTP/1.0" 200 72575 "-" "Mozilla/5.0 (compatible; SemrushBot/7~bl; +http://www.semrush.com/bot.html)"
185.191.171.36 - - [11/Jan/2021:03:35:43 +0100] "GET /little-toiletry-bag-p-43381.html HTTP/1.0" 200 71915 "-" "Mozilla/5.0 (compatible; SemrushBot/7~bl; +http://www.semrush.com/bot.html)"
185.191.171.34 - - [11/Jan/2021:03:35:47 +0100] "GET /dishes-c-13_12.html?page=121 HTTP/1.0" 200 91633 "-" "Mozilla/5.0 (compatible; SemrushBot/7~bl; +http://www.semrush.com/bot.html)"
54.36.149.59 - - [11/Jan/2021:03:35:58 +0100] "GET /small-appliances-and-hifi-c-13_88.html HTTP/1.0" 200 88777 "-" "Mozilla/5.0 (compatible; AhrefsBot/7.0; +http://ahrefs.com/robot/)"
185.191.171.1 - - [11/Jan/2021:03:36:03 +0100] "GET /postcard-with-envelope-cat-on-flower-p-48847.html HTTP/1.0" 200 72026 "-" "Mozilla/5.0 (compatible; SemrushBot/7~bl; +http://www.semrush.com/bot.html)"
207.46.13.229 - - [11/Jan/2021:03:36:22 +0100] "GET /images/med_prod/1384010181928.jpg HTTP/1.0" 200 268 "-" "Mozilla/5.0 (compatible; bingbot/2.0; +http://www.bing.com/bingbot.htm)"
185.191.171.26 - - [11/Jan/2021:03:36:53 +0100] "GET /mickey-mouse-with-candy-canes-figurine-p-53260.html HTTP/1.0" 200 73576 "-" "Mozilla/5.0 (compatible; SemrushBot/7~bl; +http://www.semrush.com/bot.html)"
17.58.101.147 - - [11/Jan/2021:03:36:55 +0100] "GET /images/mini_prod/3384656585089.jpg HTTP/1.0" 200 269 "-" "Mozilla/5.0 (Macintosh; Intel Mac OS X 10_15_5) AppleWebKit/605.1.15 (KHTML, like Gecko) Version/13.1.1 Safari/605.1.15 (Applebot/0.1; +http://www.apple.com/go/applebot)"
157.55.39.22 - - [11/Jan/2021:03:37:24 +0100] "GET /images/5010065075092.jpg HTTP/1.0" 200 259 "-" "Mozilla/5.0 (compatible; bingbot/2.0; +http://www.bing.com/bingbot.htm)"
185.191.171.45 - - [11/Jan/2021:03:37:24 +0100] "GET /au-fil-du-temps-mug-p-44941.html HTTP/1.0" 200 69258 "-" "Mozilla/5.0 (compatible; SemrushBot/7~bl; +http://www.semrush.com/bot.html)"
185.191.171.26 - - [11/Jan/2021:03:37:56 +0100] "GET /sainte-therese-prayer-candle-novena-p-44459.html HTTP/1.0" 200 72699 "-" "Mozilla/5.0 (compatible; SemrushBot/7~bl; +http://www.semrush.com/bot.html)"
185.191.171.22 - - [11/Jan/2021:03:38:06 +0100] "GET /fitted-sheet-orange-140-190-cm-p-39689.html HTTP/1.0" 301 69259 "-" "Mozilla/5.0 (compatible; SemrushBot/7~bl; +http://www.semrush.com/bot.html)"
185.191.171.33 - - [11/Jan/2021:03:38:08 +0100] "GET /-p-39689.html HTTP/1.0" 200 69192 "-" "Mozilla/5.0 (compatible; SemrushBot/7~bl; +http://www.semrush.com/bot.html)"
185.191.171.24 - - [11/Jan/2021:03:38:10 +0100] "GET /votive-candle-home-for-christmas-p-46035.html HTTP/1.0" 200 72545 "-" "Mozilla/5.0 (compatible; SemrushBot/7~bl; +http://www.semrush.com/bot.html)"
207.46.13.26 - - [11/Jan/2021:03:38:14 +0100] "GET /images/big_prod_1/1028160011918N.jpg HTTP/1.0" 200 271 "-" "Mozilla/5.0 (compatible; bingbot/2.0; +http://www.bing.com/bingbot.htm)"
207.46.13.26 - - [11/Jan/2021:03:38:15 +0100] "GET /images/donaldpouce.jpg HTTP/1.0" 200 257 "-" "Mozilla/5.0 (compatible; bingbot/2.0; +http://www.bing.com/bingbot.htm)"
185.191.171.12 - - [11/Jan/2021:03:38:31 +0100] "GET /cbkreation-toiletry-bag-p-41154.html HTTP/1.0" 200 71955 "-" "Mozilla/5.0 (compatible; SemrushBot/7~bl; +http://www.semrush.com/bot.html)"
114.119.132.105 - - [11/Jan/2021:03:38:31 +0100] "GET /polypropylene-grey-outdoor-carpet-120-180-cm-p-44049.html HTTP/1.0" 200 72155 "-" "Mozilla/5.0 (Linux; Android 7.0;) AppleWebKit/537.36 (KHTML, like Gecko) Mobile Safari/537.36 (compatible; PetalBot;+https://aspiegel.com/petalbot)"
185.191.171.20 - - [11/Jan/2021:03:38:34 +0100] "GET /candy-cloud-unicorn-twinkles-p-46646.html HTTP/1.0" 200 69296 "-" "Mozilla/5.0 (compatible; SemrushBot/7~bl; +http://www.semrush.com/bot.html)"
40.77.167.56 - - [11/Jan/2021:03:38:46 +0100] "GET /images/big_prod/5018997632116.jpg HTTP/1.0" 200 268 "-" "Mozilla/5.0 (compatible; bingbot/2.0; +http://www.bing.com/bingbot.htm)"
207.46.13.36 - - [11/Jan/2021:03:39:19 +0100] "GET /metal-small-box-for-baby-teeth-p-50821.html HTTP/1.0" 200 72015 "-" "Mozilla/5.0 (compatible; bingbot/2.0; +http://www.bing.com/bingbot.htm)"
185.191.171.36 - - [11/Jan/2021:03:39:19 +0100] "GET /volkswagen-large-metal-plate-deco-p-37084.html HTTP/1.0" 200 71923 "-" "Mozilla/5.0 (compatible; SemrushBot/7~bl; +http://www.semrush.com/bot.html)"
185.191.171.37 - - [11/Jan/2021:03:39:30 +0100] "GET /keyrings-c-31_52.html?page=14 HTTP/1.0" 200 92133 "-" "Mozilla/5.0 (compatible; SemrushBot/7~bl; +http://www.semrush.com/bot.html)"
207.46.13.229 - - [11/Jan/2021:03:39:31 +0100] "GET /images/big_prod/1384010204399.jpg HTTP/1.0" 200 268 "-" "Mozilla/5.0 (compatible; bingbot/2.0; +http://www.bing.com/bingbot.htm)"
157.55.39.220 - - [11/Jan/2021:03:39:37 +0100] "GET /highslide/highslide.js HTTP/1.0" 200 262 "-" "Mozilla/5.0 (compatible; bingbot/2.0; +http://www.bing.com/bingbot.htm)"
185.191.171.37 - - [11/Jan/2021:03:39:47 +0100] "GET /frames-flags-and-decorative-paintings-c-13_148.html?page=27 HTTP/1.0" 200 82734 "-" "Mozilla/5.0 (compatible; SemrushBot/7~bl; +http://www.semrush.com/bot.html)"
185.191.171.2 - - [11/Jan/2021:03:39:52 +0100] "GET /home-and-decoration-c-13.html?page=262 HTTP/1.0" 200 92092 "-" "Mozilla/5.0 (compatible; SemrushBot/7~bl; +http://www.semrush.com/bot.html)"
54.36.148.158 - - [11/Jan/2021:03:40:10 +0100] "GET /microfibre-bed-base-cover-90-190-cm-black-p-47980.html HTTP/1.0" 200 72033 "-" "Mozilla/5.0 (compatible; AhrefsBot/7.0; +http://ahrefs.com/robot/)"
185.191.171.35 - - [11/Jan/2021:03:40:18 +0100] "GET /puppy-pencil-case-p-15801.html HTTP/1.0" 200 71900 "-" "Mozilla/5.0 (compatible; SemrushBot/7~bl; +http://www.semrush.com/bot.html)"
185.191.171.3 - - [11/Jan/2021:03:40:32 +0100] "GET /union-jack-flag-italian-vintage-car-clock-30-cm-p-33378.html HTTP/1.0" 200 72068 "-" "Mozilla/5.0 (compatible; SemrushBot/7~bl; +http://www.semrush.com/bot.html)"
207.46.13.26 - - [11/Jan/2021:03:40:35 +0100] "GET /images/big_prod/3662049060444.jpg HTTP/1.0" 200 268 "-" "Mozilla/5.0 (compatible; bingbot/2.0; +http://www.bing.com/bingbot.htm)"
185.191.171.8 - - [11/Jan/2021:03:40:35 +0100] "GET /boho-indian-pouch-22-18-cm-tree-of-life-p-42923.html HTTP/1.0" 200 72058 "-" "Mozilla/5.0 (compatible; SemrushBot/7~bl; +http://www.semrush.com/bot.html)"
157.55.39.110 - - [11/Jan/2021:03:40:42 +0100] "GET /images/1399984252161.jpg HTTP/1.0" 200 259 "-" "Mozilla/5.0 (compatible; bingbot/2.0; +http://www.bing.com/bingbot.htm)"
157.55.39.110 - - [11/Jan/2021:03:40:43 +0100] "GET /images/big_prod/4010070323318.jpg HTTP/1.0" 200 268 "-" "Mozilla/5.0 (compatible; bingbot/2.0; +http://www.bing.com/bingbot.htm)"
185.191.171.44 - - [11/Jan/2021:03:40:59 +0100] "GET /boys-power-small-mug-by-cbkreation-p-14991.html HTTP/1.0" 200 71936 "-" "Mozilla/5.0 (compatible; SemrushBot/7~bl; +http://www.semrush.com/bot.html)"
40.77.167.56 - - [11/Jan/2021:03:41:10 +0100] "GET /images/8423599064406.jpg HTTP/1.0" 200 259 "-" "Mozilla/5.0 (compatible; bingbot/2.0; +http://www.bing.com/bingbot.htm)"
185.191.171.13 - - [11/Jan/2021:03:41:30 +0100] "GET /dream-catcher-40-cm-white-p-43016.html HTTP/1.0" 200 71982 "-" "Mozilla/5.0 (compatible; SemrushBot/7~bl; +http://www.semrush.com/bot.html)"
13.66.139.153 - - [11/Jan/2021:03:41:34 +0100] "GET /dog-eyeglass-case-p-30557.html HTTP/1.0" 200 71841 "-" "Mozilla/5.0 (compatible; bingbot/2.0; +http://www.bing.com/bingbot.htm)"
13.66.139.153 - - [11/Jan/2021:03:41:35 +0100] "GET /-p-7163.html HTTP/1.0" 200 69190 "-" "Mozilla/5.0 (compatible; bingbot/2.0; +http://www.bing.com/bingbot.htm)"
185.191.171.44 - - [11/Jan/2021:03:41:43 +0100] "GET /tablecloth-lisboa-140-250-cm-p-39413.html HTTP/1.0" 301 69259 "-" "Mozilla/5.0 (compatible; SemrushBot/7~bl; +http://www.semrush.com/bot.html)"
185.191.171.18 - - [11/Jan/2021:03:41:45 +0100] "GET /-p-39413.html HTTP/1.0" 200 69192 "-" "Mozilla/5.0 (compatible; SemrushBot/7~bl; +http://www.semrush.com/bot.html)"
185.191.171.18 - - [11/Jan/2021:03:42:05 +0100] "GET /retro-chest-575-cm-p-34949.html HTTP/1.0" 200 71813 "-" "Mozilla/5.0 (compatible; SemrushBot/7~bl; +http://www.semrush.com/bot.html)"
207.46.13.26 - - [11/Jan/2021:03:42:11 +0100] "GET /swfobject.js HTTP/1.0" 404 1308 "-" "Mozilla/5.0 (compatible; bingbot/2.0; +http://www.bing.com/bingbot.htm)"
51.68.224.127 - - [11/Jan/2021:03:42:16 +0100] "GET /adminweb/export_orders_xml.php?token=256de2z6edz6ed2z6DFSFsed2zed6zeDSFDSGdzedezfzf&maxorders=10&orderstart=1&status=14&start_date=2018-10-01 HTTP/1.0" 200 285 "-" "GesCom CharlotteBoutik Serveur"
51.68.224.127 - - [11/Jan/2021:03:42:16 +0100] "GET /adminweb/export_orders_xml.php?token=256de2z6edz6ed2z6DFSFsed2zed6zeDSFDSGdzedezfzf&maxorders=10&orderstart=1&status=6&start_date=2018-10-01 HTTP/1.0" 200 29990 "-" "GesCom CharlotteBoutik Serveur"
185.191.171.3 - - [11/Jan/2021:03:42:28 +0100] "GET /regal-pc-mini-nativity-jim-shore-heartwood-creek-p-38182.html HTTP/1.0" 301 69259 "-" "Mozilla/5.0 (compatible; SemrushBot/7~bl; +http://www.semrush.com/bot.html)"
157.55.39.220 - - [11/Jan/2021:03:42:31 +0100] "GET /images/big_prod/8422020139447.jpg HTTP/1.0" 200 268 "-" "Mozilla/5.0 (compatible; bingbot/2.0; +http://www.bing.com/bingbot.htm)"
185.191.171.23 - - [11/Jan/2021:03:42:30 +0100] "GET /-p-38182.html HTTP/1.0" 200 69192 "-" "Mozilla/5.0 (compatible; SemrushBot/7~bl; +http://www.semrush.com/bot.html)"
157.55.39.220 - - [11/Jan/2021:03:42:31 +0100] "GET /images/DSCN5292.jpg HTTP/1.0" 200 254 "-" "Mozilla/5.0 (compatible; bingbot/2.0; +http://www.bing.com/bingbot.htm)"
40.77.167.56 - - [11/Jan/2021:03:42:52 +0100] "GET /images/J1399984249239J.jpg HTTP/1.0" 200 261 "-" "Mozilla/5.0 (compatible; bingbot/2.0; +http://www.bing.com/bingbot.htm)"
114.119.144.233 - - [11/Jan/2021:03:42:52 +0100] "GET /the-little-prince-money-box-p-45850.html HTTP/1.0" 200 71917 "-" "Mozilla/5.0 (Linux; Android 7.0;) AppleWebKit/537.36 (KHTML, like Gecko) Mobile Safari/537.36 (compatible; PetalBot;+https://aspiegel.com/petalbot)"
185.191.171.40 - - [11/Jan/2021:03:42:56 +0100] "GET /alarm-clock-le-chat-noir-theophile-alexandre-steinlen-p-38934.html HTTP/1.0" 200 72253 "-" "Mozilla/5.0 (compatible; SemrushBot/7~bl; +http://www.semrush.com/bot.html)"
185.191.171.8 - - [11/Jan/2021:03:43:06 +0100] "GET /little-buddha-collection-keychain-p-53293.html?action=add_product HTTP/1.0" 302 476 "-" "Mozilla/5.0 (compatible; SemrushBot/7~bl; +http://www.semrush.com/bot.html)"
185.191.171.26 - - [11/Jan/2021:03:43:47 +0100] "GET /stainless-steel-piece-barbecue-set-p-41218.html HTTP/1.0" 200 71983 "-" "Mozilla/5.0 (compatible; SemrushBot/7~bl; +http://www.semrush.com/bot.html)"
185.191.171.12 - - [11/Jan/2021:03:44:25 +0100] "GET /chair-cushion-40-cm-p-52165.html HTTP/1.0" 200 71827 "-" "Mozilla/5.0 (compatible; SemrushBot/7~bl; +http://www.semrush.com/bot.html)"
13.66.139.48 - - [11/Jan/2021:03:44:38 +0100] "GET /lot-of-pairs-of-mickey-mouse-socks-size-31-35-p-46847.html HTTP/1.0" 200 69414 "-" "Mozilla/5.0 (compatible; bingbot/2.0; +http://www.bing.com/bingbot.htm)"
185.191.171.39 - - [11/Jan/2021:03:44:39 +0100] "GET /home-fragrance-heart-and-home-white-musk-cedarwood-p-52818.html HTTP/1.0" 200 73310 "-" "Mozilla/5.0 (compatible; SemrushBot/7~bl; +http://www.semrush.com/bot.html)"
13.66.139.48 - - [11/Jan/2021:03:44:39 +0100] "GET /-p-4702.html HTTP/1.0" 200 69190 "-" "Mozilla/5.0 (compatible; bingbot/2.0; +http://www.bing.com/bingbot.htm)"
13.66.139.48 - - [11/Jan/2021:03:44:40 +0100] "GET /-p-21828.html HTTP/1.0" 200 69192 "-" "Mozilla/5.0 (compatible; bingbot/2.0; +http://www.bing.com/bingbot.htm)"
54.36.148.137 - - [11/Jan/2021:03:44:39 +0100] "GET /microfibre-bed-base-cover-90-190-cm-grey-p-47368.html HTTP/1.0" 200 72028 "-" "Mozilla/5.0 (compatible; AhrefsBot/7.0; +http://ahrefs.com/robot/)"
13.66.139.48 - - [11/Jan/2021:03:44:40 +0100] "GET /-p-19822.html HTTP/1.0" 200 69192 "-" "Mozilla/5.0 (compatible; bingbot/2.0; +http://www.bing.com/bingbot.htm)"
13.66.139.48 - - [11/Jan/2021:03:44:41 +0100] "GET /-p-19847.html HTTP/1.0" 200 69192 "-" "Mozilla/5.0 (compatible; bingbot/2.0; +http://www.bing.com/bingbot.htm)"
207.46.13.26 - - [11/Jan/2021:03:44:54 +0100] "GET /images/med_prod/3760226372530.jpg HTTP/1.0" 200 268 "-" "Mozilla/5.0 (compatible; bingbot/2.0; +http://www.bing.com/bingbot.htm)"
157.55.39.220 - - [11/Jan/2021:03:45:01 +0100] "GET /images/big_prod/8011717796409.jpg HTTP/1.0" 200 268 "-" "Mozilla/5.0 (compatible; bingbot/2.0; +http://www.bing.com/bingbot.htm)"
185.191.171.38 - - [11/Jan/2021:03:45:01 +0100] "GET /lola-shower-towel-70-130-cm-420-gr-grey-p-41786.html HTTP/1.0" 200 72771 "-" "Mozilla/5.0 (compatible; SemrushBot/7~bl; +http://www.semrush.com/bot.html)"
185.191.171.26 - - [11/Jan/2021:03:45:10 +0100] "GET /indoor-buddha-fountain-27-cm-p-48808.html HTTP/1.0" 200 72038 "-" "Mozilla/5.0 (compatible; SemrushBot/7~bl; +http://www.semrush.com/bot.html)"
185.191.171.44 - - [11/Jan/2021:03:45:19 +0100] "GET /attention-chat-metal-plate-deco-p-45073.html HTTP/1.0" 200 71854 "-" "Mozilla/5.0 (compatible; SemrushBot/7~bl; +http://www.semrush.com/bot.html)"
185.191.171.14 - - [11/Jan/2021:03:45:40 +0100] "GET /disney-showcase-figurine-collection-mulan-p-38721.html HTTP/1.0" 200 72545 "-" "Mozilla/5.0 (compatible; SemrushBot/7~bl; +http://www.semrush.com/bot.html)"
185.191.171.6 - - [11/Jan/2021:03:45:44 +0100] "GET /set-of-beer-glasses-all-blacks-p-31410.html HTTP/1.0" 200 71928 "-" "Mozilla/5.0 (compatible; SemrushBot/7~bl; +http://www.semrush.com/bot.html)"
185.191.171.6 - - [11/Jan/2021:03:46:21 +0100] "GET /little-buddha-collection-statuette-blue-p-50236.html HTTP/1.0" 200 69328 "-" "Mozilla/5.0 (compatible; SemrushBot/7~bl; +http://www.semrush.com/bot.html)"
185.191.171.10 - - [11/Jan/2021:03:46:28 +0100] "GET /cats-dubout-cotton-kitchen-towel-made-in-france-p-36635.html HTTP/1.0" 200 69424 "-" "Mozilla/5.0 (compatible; SemrushBot/7~bl; +http://www.semrush.com/bot.html)"
157.55.39.22 - - [11/Jan/2021:03:46:55 +0100] "GET /images/C11379caliente.jpg HTTP/1.0" 200 260 "-" "Mozilla/5.0 (compatible; bingbot/2.0; +http://www.bing.com/bingbot.htm)"
114.119.154.200 - - [11/Jan/2021:03:47:16 +0100] "GET /rolling-stones-pencil-case-p-40889.html HTTP/1.0" 200 71892 "-" "Mozilla/5.0 (Linux; Android 7.0;) AppleWebKit/537.36 (KHTML, like Gecko) Mobile Safari/537.36 (compatible; PetalBot;+https://aspiegel.com/petalbot)"
207.46.13.229 - - [11/Jan/2021:03:47:33 +0100] "GET /images/big_prod/8011717795945.jpg HTTP/1.0" 200 268 "-" "Mozilla/5.0 (compatible; bingbot/2.0; +http://www.bing.com/bingbot.htm)"
185.191.171.18 - - [11/Jan/2021:03:47:38 +0100] "GET /vanity-beauty-bags-c-31_78.html HTTP/1.0" 200 79225 "-" "Mozilla/5.0 (compatible; SemrushBot/7~bl; +http://www.semrush.com/bot.html)"
185.191.171.44 - - [11/Jan/2021:03:48:14 +0100] "GET /nici-love-pooh-wallet-p-23167.html HTTP/1.0" 200 72096 "-" "Mozilla/5.0 (compatible; SemrushBot/7~bl; +http://www.semrush.com/bot.html)"
54.36.149.32 - - [11/Jan/2021:03:48:15 +0100] "GET /galactik-football-pairs-of-socks-size-27-30-p-25640.html HTTP/1.0" 301 69259 "-" "Mozilla/5.0 (compatible; AhrefsBot/7.0; +http://ahrefs.com/robot/)"
17.58.101.147 - - [11/Jan/2021:03:48:18 +0100] "GET /box-good-point-c-13_150_151.html HTTP/1.0" 200 80689 "-" "Mozilla/5.0 (Macintosh; Intel Mac OS X 10_15_5) AppleWebKit/605.1.15 (KHTML, like Gecko) Version/13.1.1 Safari/605.1.15 (Applebot/0.1; +http://www.apple.com/go/applebot)"
185.191.171.45 - - [11/Jan/2021:03:48:26 +0100] "GET /rapunzel-daring-heights-figure-collection-p-29064.html HTTP/1.0" 301 69259 "-" "Mozilla/5.0 (compatible; SemrushBot/7~bl; +http://www.semrush.com/bot.html)"
185.191.171.34 - - [11/Jan/2021:03:48:28 +0100] "GET /-p-29064.html HTTP/1.0" 200 69192 "-" "Mozilla/5.0 (compatible; SemrushBot/7~bl; +http://www.semrush.com/bot.html)"
185.191.171.20 - - [11/Jan/2021:03:48:42 +0100] "GET /minou-cat-cushion-40-40-cm-p-42727.html HTTP/1.0" 301 69259 "-" "Mozilla/5.0 (compatible; SemrushBot/7~bl; +http://www.semrush.com/bot.html)"
185.191.171.33 - - [11/Jan/2021:03:48:44 +0100] "GET /-p-42727.html HTTP/1.0" 200 69192 "-" "Mozilla/5.0 (compatible; SemrushBot/7~bl; +http://www.semrush.com/bot.html)"
185.191.171.1 - - [11/Jan/2021:03:48:48 +0100] "GET /la-cuisine-du-chef-clock-28-cm-p-41551.html HTTP/1.0" 200 69333 "-" "Mozilla/5.0 (compatible; SemrushBot/7~bl; +http://www.semrush.com/bot.html)"
185.191.171.33 - - [11/Jan/2021:03:48:51 +0100] "GET /pine-wood-chest-p-53538.html HTTP/1.0" 200 72403 "-" "Mozilla/5.0 (compatible; SemrushBot/7~bl; +http://www.semrush.com/bot.html)"
185.191.171.23 - - [11/Jan/2021:03:49:01 +0100] "GET /banania-large-metal-plate-30-40-cm-p-27377.html HTTP/1.0" 200 71939 "-" "Mozilla/5.0 (compatible; SemrushBot/7~bl; +http://www.semrush.com/bot.html)"
185.191.171.33 - - [11/Jan/2021:03:49:11 +0100] "GET /figurine-angel-and-nativity-p-42063.html HTTP/1.0" 200 71936 "-" "Mozilla/5.0 (compatible; SemrushBot/7~bl; +http://www.semrush.com/bot.html)"
54.36.148.78 - - [11/Jan/2021:03:49:12 +0100] "GET /microfibre-bed-base-cover-90-190-cm-light-brown-p-47981.html HTTP/1.0" 200 72063 "-" "Mozilla/5.0 (compatible; AhrefsBot/7.0; +http://ahrefs.com/robot/)"
185.191.171.18 - - [11/Jan/2021:03:49:24 +0100] "GET /bilbao-coated-tablecloth-grey-and-orange-p-45343.html HTTP/1.0" 200 72001 "-" "Mozilla/5.0 (compatible; SemrushBot/7~bl; +http://www.semrush.com/bot.html)"
185.191.171.44 - - [11/Jan/2021:03:49:27 +0100] "GET /kidcat-set-salt-and-pepper-p-46876.html HTTP/1.0" 200 72443 "-" "Mozilla/5.0 (compatible; SemrushBot/7~bl; +http://www.semrush.com/bot.html)"
185.191.171.7 - - [11/Jan/2021:03:50:04 +0100] "GET /home-and-decoration-c-13.html?page=180 HTTP/1.0" 200 92085 "-" "Mozilla/5.0 (compatible; SemrushBot/7~bl; +http://www.semrush.com/bot.html)"
185.191.171.35 - - [11/Jan/2021:03:50:14 +0100] "GET /nici-ayumi-pink-and-brown-shoulder-bag-p-33440.html HTTP/1.0" 200 72350 "-" "Mozilla/5.0 (compatible; SemrushBot/7~bl; +http://www.semrush.com/bot.html)"
185.191.171.12 - - [11/Jan/2021:03:50:58 +0100] "GET /embroidered-rectangular-tablecloth-kolam-140-240-cm-p-46468.html HTTP/1.0" 301 69259 "-" "Mozilla/5.0 (compatible; SemrushBot/7~bl; +http://www.semrush.com/bot.html)"
185.191.171.9 - - [11/Jan/2021:03:51:00 +0100] "GET /-p-46468.html HTTP/1.0" 200 69192 "-" "Mozilla/5.0 (compatible; SemrushBot/7~bl; +http://www.semrush.com/bot.html)"
207.46.13.26 - - [11/Jan/2021:03:51:06 +0100] "GET /images/3681643301715.jpg HTTP/1.0" 200 259 "-" "Mozilla/5.0 (compatible; bingbot/2.0; +http://www.bing.com/bingbot.htm)"
185.191.171.8 - - [11/Jan/2021:03:51:11 +0100] "GET /playboy-bedclothes-200-cm-p-31651.html HTTP/1.0" 301 69259 "-" "Mozilla/5.0 (compatible; SemrushBot/7~bl; +http://www.semrush.com/bot.html)"
185.191.171.39 - - [11/Jan/2021:03:51:13 +0100] "GET /-p-31651.html HTTP/1.0" 200 69192 "-" "Mozilla/5.0 (compatible; SemrushBot/7~bl; +http://www.semrush.com/bot.html)"
40.77.167.56 - - [11/Jan/2021:03:51:31 +0100] "GET /images/1399984241981.jpg HTTP/1.0" 200 259 "-" "Mozilla/5.0 (compatible; bingbot/2.0; +http://www.bing.com/bingbot.htm)"
114.119.130.202 - - [11/Jan/2021:03:51:39 +0100] "GET /images/mini_prod/3700829400131N.jpg HTTP/1.0" 200 270 "-" "Mozilla/5.0 (Linux; Android 7.0;) AppleWebKit/537.36 (KHTML, like Gecko) Mobile Safari/537.36 (compatible; PetalBot;+https://aspiegel.com/petalbot)"
185.191.171.40 - - [11/Jan/2021:03:51:51 +0100] "GET /gorjuss-keyring-sugar-and-spice-p-46945.html HTTP/1.0" 200 72725 "-" "Mozilla/5.0 (compatible; SemrushBot/7~bl; +http://www.semrush.com/bot.html)"
185.191.171.12 - - [11/Jan/2021:03:51:53 +0100] "GET /set-bedspread-boutis-and-pillowcases-250-230-cm-p-52161.html HTTP/1.0" 200 72775 "-" "Mozilla/5.0 (compatible; SemrushBot/7~bl; +http://www.semrush.com/bot.html)"
40.77.167.56 - - [11/Jan/2021:03:51:54 +0100] "GET /images/med_prod/8430269235240.jpg HTTP/1.0" 200 268 "-" "Mozilla/5.0 (compatible; bingbot/2.0; +http://www.bing.com/bingbot.htm)"
185.191.171.22 - - [11/Jan/2021:03:52:22 +0100] "GET /corsica-metal-plate-p-52514.html HTTP/1.0" 200 71802 "-" "Mozilla/5.0 (compatible; SemrushBot/7~bl; +http://www.semrush.com/bot.html)"
185.191.171.8 - - [11/Jan/2021:03:52:32 +0100] "GET /towel-dispenser-c-12_225.html?page=1 HTTP/1.0" 200 86856 "-" "Mozilla/5.0 (compatible; SemrushBot/7~bl; +http://www.semrush.com/bot.html)"
185.191.171.4 - - [11/Jan/2021:03:52:50 +0100] "GET /marseille-white-women-tee-shirt-p-31250.html HTTP/1.0" 200 73912 "-" "Mozilla/5.0 (compatible; SemrushBot/7~bl; +http://www.semrush.com/bot.html)"
207.46.13.239 - - [11/Jan/2021:03:52:53 +0100] "GET /images/8028501267021B.jpg HTTP/1.0" 200 260 "-" "Mozilla/5.0 (compatible; bingbot/2.0; +http://www.bing.com/bingbot.htm)"
185.191.171.6 - - [11/Jan/2021:03:52:54 +0100] "GET /laissez-lucie-faire-toiletry-bag-roberto-p-44826.html HTTP/1.0" 200 69326 "-" "Mozilla/5.0 (compatible; SemrushBot/7~bl; +http://www.semrush.com/bot.html)"
185.191.171.45 - - [11/Jan/2021:03:52:57 +0100] "GET /games-and-toys-c-4.html?page=6 HTTP/1.0" 200 91607 "-" "Mozilla/5.0 (compatible; SemrushBot/7~bl; +http://www.semrush.com/bot.html)"
40.77.167.56 - - [11/Jan/2021:03:52:58 +0100] "GET /images/big_prod/b045544960052.jpg HTTP/1.0" 200 268 "-" "Mozilla/5.0 (compatible; bingbot/2.0; +http://www.bing.com/bingbot.htm)"
207.46.13.229 - - [11/Jan/2021:03:53:26 +0100] "GET /images/4007176129319.jpg HTTP/1.0" 200 259 "-" "Mozilla/5.0 (compatible; bingbot/2.0; +http://www.bing.com/bingbot.htm)"
207.46.13.229 - - [11/Jan/2021:03:53:26 +0100] "GET /images/big_prod_1/1345544960069b.jpg HTTP/1.0" 200 271 "-" "Mozilla/5.0 (compatible; bingbot/2.0; +http://www.bing.com/bingbot.htm)"
54.36.148.243 - - [11/Jan/2021:03:53:47 +0100] "GET /microfibre-bed-base-cover-90-190-cm-white-p-47369.html HTTP/1.0" 200 72033 "-" "Mozilla/5.0 (compatible; AhrefsBot/7.0; +http://ahrefs.com/robot/)"
157.55.39.220 - - [11/Jan/2021:03:53:50 +0100] "GET /images/4008789048202.jpg HTTP/1.0" 200 259 "-" "Mozilla/5.0 (compatible; bingbot/2.0; +http://www.bing.com/bingbot.htm)"
185.191.171.4 - - [11/Jan/2021:03:53:50 +0100] "GET /espresso-set-salvador-dali-butterfly-valentine-p-39723.html HTTP/1.0" 200 69370 "-" "Mozilla/5.0 (compatible; SemrushBot/7~bl; +http://www.semrush.com/bot.html)"
207.46.13.229 - - [11/Jan/2021:03:54:25 +0100] "GET /images/med_prod/3520071097725.jpg HTTP/1.0" 200 268 "-" "Mozilla/5.0 (compatible; bingbot/2.0; +http://www.bing.com/bingbot.htm)"
40.77.167.56 - - [11/Jan/2021:03:54:31 +0100] "GET /images/big_prod/3520071760056.jpg HTTP/1.0" 200 268 "-" "Mozilla/5.0 (compatible; bingbot/2.0; +http://www.bing.com/bingbot.htm)"
207.46.13.229 - - [11/Jan/2021:03:54:55 +0100] "GET /images/big_prod/1310000010169.jpg HTTP/1.0" 200 268 "-" "Mozilla/5.0 (compatible; bingbot/2.0; +http://www.bing.com/bingbot.htm)"
185.191.171.24 - - [11/Jan/2021:03:54:58 +0100] "GET /mani-the-lucky-cat-keychain-p-44119.html HTTP/1.0" 200 69318 "-" "Mozilla/5.0 (compatible; SemrushBot/7~bl; +http://www.semrush.com/bot.html)"
106.38.241.190 - - [11/Jan/2021:03:55:15 +0100] "GET / HTTP/1.0" 200 150312 "-" "Sogou web spider/4.0(+http://www.sogou.com/docs/help/webmasters.htm#07)"
157.55.39.110 - - [11/Jan/2021:03:55:24 +0100] "GET /-p-15524.html HTTP/1.0" 200 69192 "-" "Mozilla/5.0 (compatible; bingbot/2.0; +http://www.bing.com/bingbot.htm)"
185.191.171.42 - - [11/Jan/2021:03:55:26 +0100] "GET /phone-cover-for-iphone-cbkreation-p-13958.html HTTP/1.0" 200 69321 "-" "Mozilla/5.0 (compatible; SemrushBot/7~bl; +http://www.semrush.com/bot.html)"
185.191.171.2 - - [11/Jan/2021:03:55:51 +0100] "GET /harley-davidson-logo-zippo-lighter-p-32556.html HTTP/1.0" 200 72399 "-" "Mozilla/5.0 (compatible; SemrushBot/7~bl; +http://www.semrush.com/bot.html)"
114.119.130.202 - - [11/Jan/2021:03:55:54 +0100] "GET /images/big_prod/1399986100033.jpg HTTP/1.0" 200 268 "-" "Mozilla/5.0 (Linux; Android 7.0;) AppleWebKit/537.36 (KHTML, like Gecko) Mobile Safari/537.36 (compatible; PetalBot;+https://aspiegel.com/petalbot)"
185.191.171.12 - - [11/Jan/2021:03:56:00 +0100] "GET /cat-to-paris-mug-p-27280.html HTTP/1.0" 200 71774 "-" "Mozilla/5.0 (compatible; SemrushBot/7~bl; +http://www.semrush.com/bot.html)"
189.4.82.102 - - [11/Jan/2021:03:56:05 +0100] "GET /images/big_prod/1304038301153.jpg HTTP/1.0" 200 268 "-" "Dalvik/2.1.0 (Linux; U; Android 9; SM-J415G Build/PPR1.180610.011)"
207.46.13.26 - - [11/Jan/2021:03:56:07 +0100] "GET /images/med_prod/7316197615600.jpg HTTP/1.0" 200 268 "-" "Mozilla/5.0 (compatible; bingbot/2.0; +http://www.bing.com/bingbot.htm)"
185.191.171.5 - - [11/Jan/2021:03:56:30 +0100] "GET /fragrances-of-ambiance-c-231.html?page=4 HTTP/1.0" 200 92087 "-" "Mozilla/5.0 (compatible; SemrushBot/7~bl; +http://www.semrush.com/bot.html)"
185.191.171.4 - - [11/Jan/2021:03:56:46 +0100] "GET /gorjuss-fiesta-triple-pocket-rucksack-my-gift-to-you-p-47757.html HTTP/1.0" 200 69390 "-" "Mozilla/5.0 (compatible; SemrushBot/7~bl; +http://www.semrush.com/bot.html)"
54.37.150.251 - - [11/Jan/2021:03:56:48 +0100] "GET /images/big_prod_3/028399270200c.jpg HTTP/1.0" 200 270 "-" "-"
54.37.150.251 - - [11/Jan/2021:03:56:48 +0100] "GET /images/big_prod_1/028399270200a.jpg HTTP/1.0" 200 270 "-" "-"
185.191.171.41 - - [11/Jan/2021:03:57:04 +0100] "GET /plus-plus-20-pieces-midi-basic-set-p-19762.html?action=add_product HTTP/1.0" 302 476 "-" "Mozilla/5.0 (compatible; SemrushBot/7~bl; +http://www.semrush.com/bot.html)"
185.191.171.9 - - [11/Jan/2021:03:57:05 +0100] "GET /tinted-candle-in-the-mass-green-p-52038.html HTTP/1.0" 200 71907 "-" "Mozilla/5.0 (compatible; SemrushBot/7~bl; +http://www.semrush.com/bot.html)"
54.37.150.251 - - [11/Jan/2021:03:57:08 +0100] "GET /images/big_prod_2/028399270200b.jpg HTTP/1.0" 200 270 "-" "-"
185.191.171.16 - - [11/Jan/2021:03:57:27 +0100] "GET /kyoto-black-tea-box-p-39303.html HTTP/1.0" 200 72005 "-" "Mozilla/5.0 (compatible; SemrushBot/7~bl; +http://www.semrush.com/bot.html)"
207.46.13.229 - - [11/Jan/2021:03:57:28 +0100] "GET /images/1399984252543.jpg HTTP/1.0" 200 259 "-" "Mozilla/5.0 (compatible; bingbot/2.0; +http://www.bing.com/bingbot.htm)"
185.191.171.42 - - [11/Jan/2021:03:57:29 +0100] "GET /cafe-coffee-cutting-board-23-14-cm-p-40648.html HTTP/1.0" 200 71943 "-" "Mozilla/5.0 (compatible; SemrushBot/7~bl; +http://www.semrush.com/bot.html)"
207.46.13.239 - - [11/Jan/2021:03:57:37 +0100] "GET /images/med_prod/8435306283031.jpg HTTP/1.0" 200 268 "-" "Mozilla/5.0 (compatible; bingbot/2.0; +http://www.bing.com/bingbot.htm)"
207.46.13.36 - - [11/Jan/2021:03:57:47 +0100] "GET /images/big_prod/4045233009549.jpg HTTP/1.0" 200 268 "-" "Mozilla/5.0 (compatible; bingbot/2.0; +http://www.bing.com/bingbot.htm)"
40.77.167.56 - - [11/Jan/2021:03:57:54 +0100] "GET /images/8435306267031.jpg HTTP/1.0" 200 259 "-" "Mozilla/5.0 (compatible; bingbot/2.0; +http://www.bing.com/bingbot.htm)"
51.68.224.127 - - [11/Jan/2021:03:58:20 +0100] "GET /adminweb/export_orders_xml.php?token=256de2z6edz6ed2z6DFSFsed2zed6zeDSFDSGdzedezfzf&maxorders=10&orderstart=1&status=14&start_date=2018-10-01 HTTP/1.0" 200 285 "-" "GesCom CharlotteBoutik Serveur"
51.68.224.127 - - [11/Jan/2021:03:58:20 +0100] "GET /adminweb/export_orders_xml.php?token=256de2z6edz6ed2z6DFSFsed2zed6zeDSFDSGdzedezfzf&maxorders=10&orderstart=1&status=6&start_date=2018-10-01 HTTP/1.0" 200 29990 "-" "GesCom CharlotteBoutik Serveur"
54.36.148.55 - - [11/Jan/2021:03:58:29 +0100] "GET /wise-monkeys-gold-table-lamp-54-cm-p-52530.html HTTP/1.0" 200 73059 "-" "Mozilla/5.0 (compatible; AhrefsBot/7.0; +http://ahrefs.com/robot/)"
185.191.171.5 - - [11/Jan/2021:03:58:41 +0100] "GET /patinated-copper-hammered-metal-box-20-cm-p-46444.html HTTP/1.0" 200 72128 "-" "Mozilla/5.0 (compatible; SemrushBot/7~bl; +http://www.semrush.com/bot.html)"
185.191.171.38 - - [11/Jan/2021:03:59:02 +0100] "GET /led-buddha-lamp-17-cm-p-48681.html HTTP/1.0" 200 69266 "-" "Mozilla/5.0 (compatible; SemrushBot/7~bl; +http://www.semrush.com/bot.html)"
207.46.13.26 - - [11/Jan/2021:03:59:10 +0100] "GET /christmas-2015-figurine-sonny-angel-p-32515.html HTTP/1.0" 200 69364 "-" "Mozilla/5.0 (compatible; bingbot/2.0; +http://www.bing.com/bingbot.htm)"
185.191.171.23 - - [11/Jan/2021:03:59:23 +0100] "GET /black-planisphere-wall-sticker-p-51614.html HTTP/1.0" 200 71995 "-" "Mozilla/5.0 (compatible; SemrushBot/7~bl; +http://www.semrush.com/bot.html)"
157.55.39.22 - - [11/Jan/2021:03:59:26 +0100] "GET /images/med_prod/5013138643839.jpg HTTP/1.0" 200 268 "-" "Mozilla/5.0 (compatible; bingbot/2.0; +http://www.bing.com/bingbot.htm)"
185.191.171.21 - - [11/Jan/2021:03:59:27 +0100] "GET /finding-dory-bath-squirters-p-35301.html HTTP/1.0" 200 69318 "-" "Mozilla/5.0 (compatible; SemrushBot/7~bl; +http://www.semrush.com/bot.html)"
185.191.171.14 - - [11/Jan/2021:03:59:40 +0100] "GET /mug-with-infuser-for-tea-hana-purple-p-52652.html HTTP/1.0" 200 71958 "-" "Mozilla/5.0 (compatible; SemrushBot/7~bl; +http://www.semrush.com/bot.html)"
207.46.13.239 - - [11/Jan/2021:03:59:59 +0100] "GET /images/4007176124222.jpg HTTP/1.0" 200 259 "-" "Mozilla/5.0 (compatible; bingbot/2.0; +http://www.bing.com/bingbot.htm)"
185.191.171.45 - - [11/Jan/2021:04:00:13 +0100] "GET /candle-made-in-france-40-hours-patchouli-p-43864.html HTTP/1.0" 200 71963 "-" "Mozilla/5.0 (compatible; SemrushBot/7~bl; +http://www.semrush.com/bot.html)"
114.119.147.45 - - [11/Jan/2021:04:00:18 +0100] "GET /images/big_prod/8433933107041.jpg HTTP/1.0" 200 268 "-" "Mozilla/5.0 (Linux; Android 7.0;) AppleWebKit/537.36 (KHTML, like Gecko) Mobile Safari/537.36 (compatible; PetalBot;+https://aspiegel.com/petalbot)"
185.191.171.23 - - [11/Jan/2021:04:00:27 +0100] "GET /zippo-candle-utility-lighter-p-43700.html HTTP/1.0" 200 71948 "-" "Mozilla/5.0 (compatible; SemrushBot/7~bl; +http://www.semrush.com/bot.html)"
185.191.171.45 - - [11/Jan/2021:04:00:30 +0100] "GET /tetsubin-black-teapot-japanese-13-liter-p-39976.html HTTP/1.0" 200 72167 "-" "Mozilla/5.0 (compatible; SemrushBot/7~bl; +http://www.semrush.com/bot.html)"
185.191.171.20 - - [11/Jan/2021:04:00:54 +0100] "GET /marseille-soap-pot-brush-teeth-p-38816.html HTTP/1.0" 200 69302 "-" "Mozilla/5.0 (compatible; SemrushBot/7~bl; +http://www.semrush.com/bot.html)"
185.191.171.44 - - [11/Jan/2021:04:01:00 +0100] "GET /ceramic-salt-box-with-spoon-milk-p-50620.html HTTP/1.0" 200 71890 "-" "Mozilla/5.0 (compatible; SemrushBot/7~bl; +http://www.semrush.com/bot.html)"
207.46.13.26 - - [11/Jan/2021:04:01:14 +0100] "GET /swfobject.js HTTP/1.0" 404 1308 "-" "Mozilla/5.0 (compatible; bingbot/2.0; +http://www.bing.com/bingbot.htm)"
192.42.116.16 - - [11/Jan/2021:04:01:16 +0100] "GET /contact_us.php HTTP/1.0" 200 26241 "http://www.wonder-geek.com/contact_us.php" "Mozilla/5.0 (Windows NT 10.0; Win64; x64) AppleWebKit/537.36 (KHTML, like Gecko) Chrome/83.0.4103.61 Safari/537.36 Edg/83.0.478.37"
192.42.116.16 - - [11/Jan/2021:04:01:18 +0100] "POST /contact_us.php?action=send HTTP/1.0" 200 26683 "http://www.wonder-geek.com/contact_us.php" "Mozilla/5.0 (Windows NT 10.0; Win64; x64) AppleWebKit/537.36 (KHTML, like Gecko) Chrome/83.0.4103.61 Safari/537.36 Edg/83.0.478.37"
192.42.116.16 - - [11/Jan/2021:04:01:18 +0100] "GET /contact_us.php HTTP/1.0" 200 26241 "http://www.wonder-geek.com/contact_us.php" "Mozilla/5.0 (Windows NT 10.0; Win64; x64) AppleWebKit/537.36 (KHTML, like Gecko) Chrome/83.0.4103.61 Safari/537.36 Edg/83.0.478.37"
185.191.171.8 - - [11/Jan/2021:04:01:19 +0100] "GET /cherries-red-sponge-holder-p-34500.html HTTP/1.0" 200 71831 "-" "Mozilla/5.0 (compatible; SemrushBot/7~bl; +http://www.semrush.com/bot.html)"
157.55.39.220 - - [11/Jan/2021:04:01:33 +0100] "GET /brown-horse-mouse-pad-p-17398.html HTTP/1.0" 200 69288 "-" "Mozilla/5.0 (compatible; bingbot/2.0; +http://www.bing.com/bingbot.htm)"
185.191.171.43 - - [11/Jan/2021:04:01:51 +0100] "GET /bohemian-ethnic-carpet-p-50875.html HTTP/1.0" 200 72537 "-" "Mozilla/5.0 (compatible; SemrushBot/7~bl; +http://www.semrush.com/bot.html)"
40.77.167.56 - - [11/Jan/2021:04:02:15 +0100] "GET /images/big_prod/5018997613061.jpg HTTP/1.0" 200 268 "-" "Mozilla/5.0 (compatible; bingbot/2.0; +http://www.bing.com/bingbot.htm)"
185.191.171.23 - - [11/Jan/2021:04:02:24 +0100] "GET /le-petit-prince-de-st-exupery-collection-mug-p-51371.html HTTP/1.0" 200 72030 "-" "Mozilla/5.0 (compatible; SemrushBot/7~bl; +http://www.semrush.com/bot.html)"
185.191.171.25 - - [11/Jan/2021:04:03:06 +0100] "GET /flower-pot-matte-mustard-p-49683.html HTTP/1.0" 200 71870 "-" "Mozilla/5.0 (compatible; SemrushBot/7~bl; +http://www.semrush.com/bot.html)"
185.191.171.14 - - [11/Jan/2021:04:03:11 +0100] "GET /20-saint-anthony-aromatika-incense-sticks-p-53455.html HTTP/1.0" 200 71995 "-" "Mozilla/5.0 (compatible; SemrushBot/7~bl; +http://www.semrush.com/bot.html)"
13.66.139.153 - - [11/Jan/2021:04:03:26 +0100] "GET /sophie-the-giraffe-glitter-globe-p-30604.html HTTP/1.0" 200 72039 "-" "Mozilla/5.0 (compatible; bingbot/2.0; +http://www.bing.com/bingbot.htm)"
54.36.148.63 - - [11/Jan/2021:04:03:31 +0100] "GET /furnishings-c-13_87.html?page=4 HTTP/1.0" 200 91118 "-" "Mozilla/5.0 (compatible; AhrefsBot/7.0; +http://ahrefs.com/robot/)"
185.191.171.10 - - [11/Jan/2021:04:04:09 +0100] "GET /dragonfly-wall-decoration-31-cm-p-47465.html HTTP/1.0" 200 69344 "-" "Mozilla/5.0 (compatible; SemrushBot/7~bl; +http://www.semrush.com/bot.html)"
185.191.171.39 - - [11/Jan/2021:04:04:22 +0100] "GET /titeuf-sticker-p-24724.html HTTP/1.0" 200 71889 "-" "Mozilla/5.0 (compatible; SemrushBot/7~bl; +http://www.semrush.com/bot.html)"
185.191.171.39 - - [11/Jan/2021:04:04:27 +0100] "GET /robots.txt HTTP/1.0" 200 245 "-" "Mozilla/5.0 (compatible; SemrushBot/7~bl; +http://www.semrush.com/bot.html)"
185.191.171.39 - - [11/Jan/2021:04:04:27 +0100] "GET /elvis-rock-small-steel-fridge-magnets-p-12539.html HTTP/1.0" 200 69368 "-" "Mozilla/5.0 (compatible; SemrushBot/7~bl; +http://www.semrush.com/bot.html)"
114.119.130.202 - - [11/Jan/2021:04:04:40 +0100] "GET /images/1300010239759.jpg HTTP/1.0" 200 259 "-" "Mozilla/5.0 (Linux; Android 7.0;) AppleWebKit/537.36 (KHTML, like Gecko) Mobile Safari/537.36 (compatible; PetalBot;+https://aspiegel.com/petalbot)"
185.191.171.40 - - [11/Jan/2021:04:04:42 +0100] "GET /portugal-cushion-cbkreation-p-16242.html HTTP/1.0" 200 72163 "-" "Mozilla/5.0 (compatible; SemrushBot/7~bl; +http://www.semrush.com/bot.html)"
185.191.171.24 - - [11/Jan/2021:04:04:44 +0100] "GET /skull-black-phone-p-33054.html HTTP/1.0" 301 69259 "-" "Mozilla/5.0 (compatible; SemrushBot/7~bl; +http://www.semrush.com/bot.html)"
185.191.171.8 - - [11/Jan/2021:04:04:46 +0100] "GET /-p-33054.html HTTP/1.0" 200 69192 "-" "Mozilla/5.0 (compatible; SemrushBot/7~bl; +http://www.semrush.com/bot.html)"
185.191.171.40 - - [11/Jan/2021:04:04:48 +0100] "GET /bolster-case-in-cotton-percale-80-threads-43-190-cm-p-43861.html HTTP/1.0" 200 72827 "-" "Mozilla/5.0 (compatible; SemrushBot/7~bl; +http://www.semrush.com/bot.html)"
185.191.171.39 - - [11/Jan/2021:04:04:54 +0100] "GET /porcelain-mug-with-infuser-p-48050.html HTTP/1.0" 200 71870 "-" "Mozilla/5.0 (compatible; SemrushBot/7~bl; +http://www.semrush.com/bot.html)"
17.58.101.147 - - [11/Jan/2021:04:05:07 +0100] "GET /minnie-mouse-cosmetic-bag-p-26064.html HTTP/1.0" 200 71898 "-" "Mozilla/5.0 (Macintosh; Intel Mac OS X 10_15_5) AppleWebKit/605.1.15 (KHTML, like Gecko) Version/13.1.1 Safari/605.1.15 (Applebot/0.1; +http://www.apple.com/go/applebot)"
66.249.66.95 - - [11/Jan/2021:04:05:27 +0100] "GET /images/big_prod_2/4250255859175c.jpg HTTP/1.0" 200 271 "-" "Googlebot-Image/1.0"
207.46.13.229 - - [11/Jan/2021:04:05:26 +0100] "GET /sentiment-tea-towel-kitchen-towel-70-35-cm-p-43639.html HTTP/1.0" 200 72639 "-" "Mozilla/5.0 (compatible; bingbot/2.0; +http://www.bing.com/bingbot.htm)"
185.191.171.11 - - [11/Jan/2021:04:05:28 +0100] "GET /large-sandstone-vase-51-cm-p-52244.html HTTP/1.0" 200 72507 "-" "Mozilla/5.0 (compatible; SemrushBot/7~bl; +http://www.semrush.com/bot.html)"
185.191.171.4 - - [11/Jan/2021:04:06:00 +0100] "GET /italian-scooter-white-women-tee-shirt-p-30954.html HTTP/1.0" 200 73932 "-" "Mozilla/5.0 (compatible; SemrushBot/7~bl; +http://www.semrush.com/bot.html)"
185.191.171.43 - - [11/Jan/2021:04:06:03 +0100] "GET /set-and-breakfast-set-c-12_61.html?page=4 HTTP/1.0" 200 91484 "-" "Mozilla/5.0 (compatible; SemrushBot/7~bl; +http://www.semrush.com/bot.html)"
207.46.13.36 - - [11/Jan/2021:04:06:09 +0100] "GET /images/big_prod/5027148061767.jpg HTTP/1.0" 200 268 "-" "Mozilla/5.0 (compatible; bingbot/2.0; +http://www.bing.com/bingbot.htm)"
185.191.171.41 - - [11/Jan/2021:04:06:40 +0100] "GET /home-and-decoration-c-13.html?page=13 HTTP/1.0" 200 91555 "-" "Mozilla/5.0 (compatible; SemrushBot/7~bl; +http://www.semrush.com/bot.html)"
185.191.171.5 - - [11/Jan/2021:04:06:51 +0100] "GET /ethnic-decorative-tray-38-cm-p-48801.html HTTP/1.0" 200 72562 "-" "Mozilla/5.0 (compatible; SemrushBot/7~bl; +http://www.semrush.com/bot.html)"
185.191.171.1 - - [11/Jan/2021:04:07:41 +0100] "GET /stationery-and-cardmaking-c-129.html?page=7 HTTP/1.0" 200 92330 "-" "Mozilla/5.0 (compatible; SemrushBot/7~bl; +http://www.semrush.com/bot.html)"
185.191.171.45 - - [11/Jan/2021:04:07:46 +0100] "GET /microfibre-bed-base-cover-90-190-cm-light-brown-p-47981.html HTTP/1.0" 200 72063 "-" "Mozilla/5.0 (compatible; SemrushBot/7~bl; +http://www.semrush.com/bot.html)"
185.191.171.11 - - [11/Jan/2021:04:07:51 +0100] "GET /selenite-spirale-10-cm-p-44370.html HTTP/1.0" 200 72492 "-" "Mozilla/5.0 (compatible; SemrushBot/7~bl; +http://www.semrush.com/bot.html)"
54.36.148.43 - - [11/Jan/2021:04:08:10 +0100] "GET /tinted-candle-in-the-mass-pink-color-p-52036.html HTTP/1.0" 200 71931 "-" "Mozilla/5.0 (compatible; AhrefsBot/7.0; +http://ahrefs.com/robot/)"
185.191.171.34 - - [11/Jan/2021:04:08:18 +0100] "GET /panther-wall-decoration-in-resin-p-52573.html HTTP/1.0" 200 71965 "-" "Mozilla/5.0 (compatible; SemrushBot/7~bl; +http://www.semrush.com/bot.html)"
17.58.101.147 - - [11/Jan/2021:04:08:21 +0100] "GET /car-air-freshener-heart-and-home-welcome-home-p-40609.html HTTP/1.0" 200 72224 "-" "Mozilla/5.0 (Macintosh; Intel Mac OS X 10_15_5) AppleWebKit/605.1.15 (KHTML, like Gecko) Version/13.1.1 Safari/605.1.15 (Applebot/0.1; +http://www.apple.com/go/applebot)"
185.191.171.43 - - [11/Jan/2021:04:08:37 +0100] "GET /magnet-tour-de-france-p-51687.html HTTP/1.0" 200 71800 "-" "Mozilla/5.0 (compatible; SemrushBot/7~bl; +http://www.semrush.com/bot.html)"
185.191.171.33 - - [11/Jan/2021:04:08:44 +0100] "GET /butterfly-hanging-decoration-p-50488.html HTTP/1.0" 200 71928 "-" "Mozilla/5.0 (compatible; SemrushBot/7~bl; +http://www.semrush.com/bot.html)"
114.119.130.202 - - [11/Jan/2021:04:09:04 +0100] "GET /images/big_prod/3665269006360.jpg HTTP/1.0" 200 268 "-" "Mozilla/5.0 (Linux; Android 7.0;) AppleWebKit/537.36 (KHTML, like Gecko) Mobile Safari/537.36 (compatible; PetalBot;+https://aspiegel.com/petalbot)"
185.191.171.1 - - [11/Jan/2021:04:09:36 +0100] "GET /dog-bowl-dog-p-31702.html HTTP/1.0" 200 71754 "-" "Mozilla/5.0 (compatible; SemrushBot/7~bl; +http://www.semrush.com/bot.html)"
207.46.13.229 - - [11/Jan/2021:04:09:39 +0100] "GET /images/big_prod/8433933141298N.jpg HTTP/1.0" 200 269 "-" "Mozilla/5.0 (compatible; bingbot/2.0; +http://www.bing.com/bingbot.htm)"
185.191.171.18 - - [11/Jan/2021:04:10:24 +0100] "GET /little-buddha-collection-statuette-p-53286.html HTTP/1.0" 200 71982 "-" "Mozilla/5.0 (compatible; SemrushBot/7~bl; +http://www.semrush.com/bot.html)"
185.191.171.15 - - [11/Jan/2021:04:10:31 +0100] "GET /old-american-motorcycle-pencil-pot-and-picture-frame-p-37628.html HTTP/1.0" 200 69390 "-" "Mozilla/5.0 (compatible; SemrushBot/7~bl; +http://www.semrush.com/bot.html)"
185.191.171.2 - - [11/Jan/2021:04:10:41 +0100] "GET /cotton-floor-cushion-terracota-40-40-30-cm-p-47908.html HTTP/1.0" 301 69259 "-" "Mozilla/5.0 (compatible; SemrushBot/7~bl; +http://www.semrush.com/bot.html)"
185.191.171.41 - - [11/Jan/2021:04:10:43 +0100] "GET /-p-47908.html HTTP/1.0" 200 69192 "-" "Mozilla/5.0 (compatible; SemrushBot/7~bl; +http://www.semrush.com/bot.html)"
185.191.171.39 - - [11/Jan/2021:04:11:20 +0100] "GET /large-metal-plate-collection-vespa-piaggio-p-35023.html HTTP/1.0" 200 72422 "-" "Mozilla/5.0 (compatible; SemrushBot/7~bl; +http://www.semrush.com/bot.html)"
40.77.167.56 - - [11/Jan/2021:04:11:46 +0100] "GET /images/c4010070229269.jpg HTTP/1.0" 200 260 "-" "Mozilla/5.0 (compatible; bingbot/2.0; +http://www.bing.com/bingbot.htm)"
185.191.171.11 - - [11/Jan/2021:04:11:56 +0100] "GET /rooster-metal-decoration-25-cm-p-35455.html HTTP/1.0" 200 69302 "-" "Mozilla/5.0 (compatible; SemrushBot/7~bl; +http://www.semrush.com/bot.html)"
185.191.171.43 - - [11/Jan/2021:04:12:19 +0100] "GET /large-pendulum-to-hang-bordeaux-p-53209.html HTTP/1.0" 200 72014 "-" "Mozilla/5.0 (compatible; SemrushBot/7~bl; +http://www.semrush.com/bot.html)"
185.191.171.45 - - [11/Jan/2021:04:12:37 +0100] "GET /decorative-blue-globe-41-cm-p-45095.html HTTP/1.0" 200 71900 "-" "Mozilla/5.0 (compatible; SemrushBot/7~bl; +http://www.semrush.com/bot.html)"
54.36.149.44 - - [11/Jan/2021:04:12:44 +0100] "GET /embroidered-rectangular-tablecloth-kolam-140-140-cm-p-46463.html HTTP/1.0" 200 72062 "-" "Mozilla/5.0 (compatible; AhrefsBot/7.0; +http://ahrefs.com/robot/)"
40.77.167.56 - - [11/Jan/2021:04:12:58 +0100] "GET /images/8435333831632.jpg HTTP/1.0" 200 259 "-" "Mozilla/5.0 (compatible; bingbot/2.0; +http://www.bing.com/bingbot.htm)"
114.119.130.202 - - [11/Jan/2021:04:13:26 +0100] "GET /images/mini_prod/8433933773765.jpg HTTP/1.0" 200 269 "-" "Mozilla/5.0 (Linux; Android 7.0;) AppleWebKit/537.36 (KHTML, like Gecko) Mobile Safari/537.36 (compatible; PetalBot;+https://aspiegel.com/petalbot)"
207.46.13.26 - - [11/Jan/2021:04:13:38 +0100] "GET /images/7316191504764.jpg HTTP/1.0" 200 259 "-" "Mozilla/5.0 (compatible; bingbot/2.0; +http://www.bing.com/bingbot.htm)"
207.46.13.36 - - [11/Jan/2021:04:13:49 +0100] "GET /images/1399984246979.gif HTTP/1.0" 200 258 "-" "Mozilla/5.0 (compatible; bingbot/2.0; +http://www.bing.com/bingbot.htm)"
185.191.171.35 - - [11/Jan/2021:04:13:50 +0100] "GET /quote-cutting-board-p-51904.html HTTP/1.0" 200 71812 "-" "Mozilla/5.0 (compatible; SemrushBot/7~bl; +http://www.semrush.com/bot.html)"
207.46.13.26 - - [11/Jan/2021:04:13:58 +0100] "GET /images/med_prod/8435306283048.jpg HTTP/1.0" 200 268 "-" "Mozilla/5.0 (compatible; bingbot/2.0; +http://www.bing.com/bingbot.htm)"
185.191.171.18 - - [11/Jan/2021:04:14:18 +0100] "GET /candy-cloud-unicorn-daisy-p-49787.html HTTP/1.0" 200 72367 "-" "Mozilla/5.0 (compatible; SemrushBot/7~bl; +http://www.semrush.com/bot.html)"
66.249.66.95 - - [11/Jan/2021:04:14:50 +0100] "GET /retro-garage-box-38-cm-p-35734.html HTTP/1.0" 200 71885 "-" "Mozilla/5.0 (compatible; Googlebot/2.1; +http://www.google.com/bot.html)"
51.68.224.127 - - [11/Jan/2021:04:14:50 +0100] "GET /adminweb/export_orders_xml.php?token=256de2z6edz6ed2z6DFSFsed2zed6zeDSFDSGdzedezfzf&maxorders=10&orderstart=1&status=14&start_date=2018-10-01 HTTP/1.0" 200 285 "-" "GesCom CharlotteBoutik Serveur"
