13.66.139.153 - - [11/Jan/2021:23:39:27 +0100] "GET /disney-princess-rainwear-p-31243.html HTTP/1.0" 200 72988 "-" "Mozilla/5.0 (compatible; bingbot/2.0; +http://www.bing.com/bingbot.htm)"
13.66.139.153 - - [11/Jan/2021:23:39:28 +0100] "GET /ceramic-lamp-27-cm-p-52608.html HTTP/1.0" 200 72646 "-" "Mozilla/5.0 (compatible; bingbot/2.0; +http://www.bing.com/bingbot.htm)"
13.66.139.153 - - [11/Jan/2021:23:39:29 +0100] "GET /microfibre-bed-base-cover-90-190-cm-black-p-47980.html HTTP/1.0" 200 72033 "-" "Mozilla/5.0 (compatible; bingbot/2.0; +http://www.bing.com/bingbot.htm)"
13.66.139.153 - - [11/Jan/2021:23:39:30 +0100] "GET /20-sacred-heart-of-jesus-aromatika-incense-sticks-p-47133.html HTTP/1.0" 200 72035 "-" "Mozilla/5.0 (compatible; bingbot/2.0; +http://www.bing.com/bingbot.htm)"
103.131.71.173 - - [11/Jan/2021:23:39:31 +0100] "GET /robots.txt HTTP/1.0" 301 531 "-" "Mozilla/5.0 (compatible; coccocbot-web/1.0; +http://help.coccoc.com/searchengine)"
13.66.139.153 - - [11/Jan/2021:23:39:31 +0100] "GET /support-metal-bottle-the-guitarist-p-41012.html HTTP/1.0" 200 72003 "-" "Mozilla/5.0 (compatible; bingbot/2.0; +http://www.bing.com/bingbot.htm)"
13.66.139.153 - - [11/Jan/2021:23:39:32 +0100] "GET /peugeot-magnets-58-78-cm-p-49373.html HTTP/1.0" 200 71880 "-" "Mozilla/5.0 (compatible; bingbot/2.0; +http://www.bing.com/bingbot.htm)"
103.131.71.173 - - [11/Jan/2021:23:39:33 +0100] "GET /robots.txt HTTP/1.0" 200 245 "-" "Mozilla/5.0 (compatible; coccocbot-web/1.0; +http://help.coccoc.com/searchengine)"
13.66.139.153 - - [11/Jan/2021:23:39:33 +0100] "GET /skull-punk-moneybox-p-30012.html HTTP/1.0" 200 71801 "-" "Mozilla/5.0 (compatible; bingbot/2.0; +http://www.bing.com/bingbot.htm)"
13.66.139.153 - - [11/Jan/2021:23:39:34 +0100] "GET /iphone-case-silicone-audiocassette-p-25374.html HTTP/1.0" 200 74627 "-" "Mozilla/5.0 (compatible; bingbot/2.0; +http://www.bing.com/bingbot.htm)"
13.66.139.153 - - [11/Jan/2021:23:39:35 +0100] "GET /gorilla-teapot-by-paul-cardew-p-35268.html HTTP/1.0" 200 71871 "-" "Mozilla/5.0 (compatible; bingbot/2.0; +http://www.bing.com/bingbot.htm)"
13.66.139.153 - - [11/Jan/2021:23:39:36 +0100] "GET /puppy-pencil-case-p-15801.html HTTP/1.0" 200 71900 "-" "Mozilla/5.0 (compatible; bingbot/2.0; +http://www.bing.com/bingbot.htm)"
13.66.139.153 - - [11/Jan/2021:23:39:37 +0100] "GET /car-air-freshener-heart-and-home-cerulean-sky-p-40605.html HTTP/1.0" 200 72240 "-" "Mozilla/5.0 (compatible; bingbot/2.0; +http://www.bing.com/bingbot.htm)"
13.66.139.153 - - [11/Jan/2021:23:39:38 +0100] "GET /cote-azur-soap-box-10-65-35-cm-p-39425.html HTTP/1.0" 200 72161 "-" "Mozilla/5.0 (compatible; bingbot/2.0; +http://www.bing.com/bingbot.htm)"
13.66.139.153 - - [11/Jan/2021:23:39:39 +0100] "GET /bolster-case-in-cotton-percale-80-threads-43-190-cm-p-48189.html HTTP/1.0" 200 72169 "-" "Mozilla/5.0 (compatible; bingbot/2.0; +http://www.bing.com/bingbot.htm)"
13.66.139.14 - - [11/Jan/2021:23:39:41 +0100] "GET /marseille-women-black-tee-shirt-p-31251.html HTTP/1.0" 200 73602 "-" "Mozilla/5.0 (compatible; bingbot/2.0; +http://www.bing.com/bingbot.htm)"
13.66.139.14 - - [11/Jan/2021:23:39:41 +0100] "GET /love-and-peace-pink-shirt-p-30150.html HTTP/1.0" 200 73579 "-" "Mozilla/5.0 (compatible; bingbot/2.0; +http://www.bing.com/bingbot.htm)"
13.66.139.14 - - [11/Jan/2021:23:39:42 +0100] "GET /cars-straws-box-p-16548.html HTTP/1.0" 200 72190 "-" "Mozilla/5.0 (compatible; bingbot/2.0; +http://www.bing.com/bingbot.htm)"
13.66.139.14 - - [11/Jan/2021:23:39:43 +0100] "GET /black-fitted-sheet-90-190-cm-p-34830.html HTTP/1.0" 200 71862 "-" "Mozilla/5.0 (compatible; bingbot/2.0; +http://www.bing.com/bingbot.htm)"
13.66.139.14 - - [11/Jan/2021:23:39:44 +0100] "GET /gorjuss-double-pouch-accessory-case-autumn-leaves-p-50958.html HTTP/1.0" 200 73643 "-" "Mozilla/5.0 (compatible; bingbot/2.0; +http://www.bing.com/bingbot.htm)"
13.66.139.14 - - [11/Jan/2021:23:39:45 +0100] "GET /mickey-club-house-melamine-bowl-p-20359.html HTTP/1.0" 200 71959 "-" "Mozilla/5.0 (compatible; bingbot/2.0; +http://www.bing.com/bingbot.htm)"
13.66.139.14 - - [11/Jan/2021:23:39:46 +0100] "GET /bistrot-white-metal-tray-p-47722.html HTTP/1.0" 301 69259 "-" "Mozilla/5.0 (compatible; bingbot/2.0; +http://www.bing.com/bingbot.htm)"
13.66.139.14 - - [11/Jan/2021:23:39:47 +0100] "GET /cats-by-dubout-bowl-p-45217.html HTTP/1.0" 200 71797 "-" "Mozilla/5.0 (compatible; bingbot/2.0; +http://www.bing.com/bingbot.htm)"
13.66.139.14 - - [11/Jan/2021:23:39:48 +0100] "GET /selenite-pyramid-cm-p-46313.html HTTP/1.0" 200 71884 "-" "Mozilla/5.0 (compatible; bingbot/2.0; +http://www.bing.com/bingbot.htm)"
13.66.139.14 - - [11/Jan/2021:23:39:49 +0100] "GET /dubout-cats-soap-box-10-65-28-cm-p-40103.html HTTP/1.0" 200 72172 "-" "Mozilla/5.0 (compatible; bingbot/2.0; +http://www.bing.com/bingbot.htm)"
13.66.139.14 - - [11/Jan/2021:23:39:50 +0100] "GET /pucca-mobile-sock-p-66.html HTTP/1.0" 200 71646 "-" "Mozilla/5.0 (compatible; bingbot/2.0; +http://www.bing.com/bingbot.htm)"
13.66.139.14 - - [11/Jan/2021:23:39:51 +0100] "GET /barbapapa-pink-kids-school-bag-p-14471.html HTTP/1.0" 200 72152 "-" "Mozilla/5.0 (compatible; bingbot/2.0; +http://www.bing.com/bingbot.htm)"
13.66.139.14 - - [11/Jan/2021:23:39:52 +0100] "GET /coca-cola-cherry-coke-pink-shirt-p-30045.html HTTP/1.0" 200 73093 "-" "Mozilla/5.0 (compatible; bingbot/2.0; +http://www.bing.com/bingbot.htm)"
185.191.171.34 - - [11/Jan/2021:23:39:52 +0100] "GET /bamboo-basket-black-and-white-22-cm-p-50135.html HTTP/1.0" 200 71913 "-" "Mozilla/5.0 (compatible; SemrushBot/7~bl; +http://www.semrush.com/bot.html)"
13.66.139.14 - - [11/Jan/2021:23:39:53 +0100] "GET /manual-pouch-umbrella-gorjuss-the-foxes-p-48435.html HTTP/1.0" 200 73076 "-" "Mozilla/5.0 (compatible; bingbot/2.0; +http://www.bing.com/bingbot.htm)"
13.66.139.14 - - [11/Jan/2021:23:39:54 +0100] "GET /che-guevara-zippo-lighter-p-29759.html HTTP/1.0" 200 72300 "-" "Mozilla/5.0 (compatible; bingbot/2.0; +http://www.bing.com/bingbot.htm)"
13.66.139.14 - - [11/Jan/2021:23:39:54 +0100] "GET /statuette-jesus-christ-sacred-heart-20-cm-p-47139.html HTTP/1.0" 200 72005 "-" "Mozilla/5.0 (compatible; bingbot/2.0; +http://www.bing.com/bingbot.htm)"
13.66.139.14 - - [11/Jan/2021:23:39:55 +0100] "GET /teo-jasmin-coasters-p-34892.html HTTP/1.0" 200 71817 "-" "Mozilla/5.0 (compatible; bingbot/2.0; +http://www.bing.com/bingbot.htm)"
13.66.139.14 - - [11/Jan/2021:23:39:56 +0100] "GET /buddha-perfume-diffuser-p-52261.html HTTP/1.0" 200 72562 "-" "Mozilla/5.0 (compatible; bingbot/2.0; +http://www.bing.com/bingbot.htm)"
13.66.139.14 - - [11/Jan/2021:23:39:57 +0100] "GET /street-fighter-mousepad-p-16003.html HTTP/1.0" 200 71983 "-" "Mozilla/5.0 (compatible; bingbot/2.0; +http://www.bing.com/bingbot.htm)"
13.66.139.14 - - [11/Jan/2021:23:39:58 +0100] "GET /wicker-basket-24-cm-p-48598.html HTTP/1.0" 200 71798 "-" "Mozilla/5.0 (compatible; bingbot/2.0; +http://www.bing.com/bingbot.htm)"
13.66.139.14 - - [11/Jan/2021:23:39:59 +0100] "GET /russian-doll-green-figure-cm-p-27615.html HTTP/1.0" 200 71916 "-" "Mozilla/5.0 (compatible; bingbot/2.0; +http://www.bing.com/bingbot.htm)"
13.66.139.14 - - [11/Jan/2021:23:40:00 +0100] "GET /harley-davidson-ride-metal-plate-p-33720.html HTTP/1.0" 200 71926 "-" "Mozilla/5.0 (compatible; bingbot/2.0; +http://www.bing.com/bingbot.htm)"
13.66.139.14 - - [11/Jan/2021:23:40:01 +0100] "GET /guardian-angel-statue-angel-baptism-p-51132.html HTTP/1.0" 200 72025 "-" "Mozilla/5.0 (compatible; bingbot/2.0; +http://www.bing.com/bingbot.htm)"
13.66.139.14 - - [11/Jan/2021:23:40:02 +0100] "GET /london-bus-metal-keyring-p-18872.html HTTP/1.0" 200 71839 "-" "Mozilla/5.0 (compatible; bingbot/2.0; +http://www.bing.com/bingbot.htm)"
13.66.139.14 - - [11/Jan/2021:23:40:03 +0100] "GET /pucca-pencil-case-p-2966.html HTTP/1.0" 200 71931 "-" "Mozilla/5.0 (compatible; bingbot/2.0; +http://www.bing.com/bingbot.htm)"
13.66.139.14 - - [11/Jan/2021:23:40:04 +0100] "GET /cotton-floor-cushion-40-cm-st-maxime-p-51081.html HTTP/1.0" 301 69259 "-" "Mozilla/5.0 (compatible; bingbot/2.0; +http://www.bing.com/bingbot.htm)"
13.66.139.14 - - [11/Jan/2021:23:40:05 +0100] "GET /decoration-pen-trees-p-21333.html HTTP/1.0" 200 71995 "-" "Mozilla/5.0 (compatible; bingbot/2.0; +http://www.bing.com/bingbot.htm)"
185.191.171.43 - - [11/Jan/2021:23:40:06 +0100] "GET /black-fancy-elastic-bracelet-p-43722.html HTTP/1.0" 200 71832 "-" "Mozilla/5.0 (compatible; SemrushBot/7~bl; +http://www.semrush.com/bot.html)"
13.66.139.14 - - [11/Jan/2021:23:40:06 +0100] "GET /disney-princess-dress-p-31106.html HTTP/1.0" 200 72955 "-" "Mozilla/5.0 (compatible; bingbot/2.0; +http://www.bing.com/bingbot.htm)"
13.66.139.14 - - [11/Jan/2021:23:40:08 +0100] "GET /white-memo-frame-to-hang-p-40587.html HTTP/1.0" 301 69259 "-" "Mozilla/5.0 (compatible; bingbot/2.0; +http://www.bing.com/bingbot.htm)"
13.66.139.14 - - [11/Jan/2021:23:40:09 +0100] "GET /high-school-musical-cap-and-scarf-set-51-cm-p-22254.html HTTP/1.0" 200 72064 "-" "Mozilla/5.0 (compatible; bingbot/2.0; +http://www.bing.com/bingbot.htm)"
207.46.13.26 - - [11/Jan/2021:23:40:10 +0100] "GET /swfobject.js HTTP/1.0" 404 1308 "-" "Mozilla/5.0 (compatible; bingbot/2.0; +http://www.bing.com/bingbot.htm)"
13.66.139.93 - - [11/Jan/2021:23:40:21 +0100] "GET /cars-pairs-of-socks-size-19-22-p-25731.html HTTP/1.0" 200 71765 "-" "Mozilla/5.0 (compatible; bingbot/2.0; +http://www.bing.com/bingbot.htm)"
13.66.139.93 - - [11/Jan/2021:23:40:22 +0100] "GET /gund-my-first-teddy-bear-blue-38-cm-p-29246.html HTTP/1.0" 301 69259 "-" "Mozilla/5.0 (compatible; bingbot/2.0; +http://www.bing.com/bingbot.htm)"
13.66.139.93 - - [11/Jan/2021:23:40:23 +0100] "GET /fitted-sheet-in-cotton-percale-80-threads-140-190-30-cm-p-48198.html HTTP/1.0" 200 72187 "-" "Mozilla/5.0 (compatible; bingbot/2.0; +http://www.bing.com/bingbot.htm)"
13.66.139.93 - - [11/Jan/2021:23:40:24 +0100] "GET /paris-shopping-bag-p-46248.html HTTP/1.0" 200 71904 "-" "Mozilla/5.0 (compatible; bingbot/2.0; +http://www.bing.com/bingbot.htm)"
13.66.139.93 - - [11/Jan/2021:23:40:25 +0100] "GET /mug-dragon-ball-goku-vs-freezer-p-30217.html HTTP/1.0" 200 71952 "-" "Mozilla/5.0 (compatible; bingbot/2.0; +http://www.bing.com/bingbot.htm)"
13.66.139.93 - - [11/Jan/2021:23:40:26 +0100] "GET /paris-mug-with-spoon-vintage-four-color-process-p-38589.html HTTP/1.0" 200 72058 "-" "Mozilla/5.0 (compatible; bingbot/2.0; +http://www.bing.com/bingbot.htm)"
13.66.139.93 - - [11/Jan/2021:23:40:27 +0100] "GET /cat-head-wallet-model-p-39435.html HTTP/1.0" 200 71855 "-" "Mozilla/5.0 (compatible; bingbot/2.0; +http://www.bing.com/bingbot.htm)"
13.66.139.93 - - [11/Jan/2021:23:40:27 +0100] "GET /gto-by-neko-shirt-p-29601.html HTTP/1.0" 200 72933 "-" "Mozilla/5.0 (compatible; bingbot/2.0; +http://www.bing.com/bingbot.htm)"
13.66.139.93 - - [11/Jan/2021:23:40:28 +0100] "GET /kimmidoll-love-bonbon-earrings-p-21704.html HTTP/1.0" 200 71884 "-" "Mozilla/5.0 (compatible; bingbot/2.0; +http://www.bing.com/bingbot.htm)"
13.66.139.93 - - [11/Jan/2021:23:40:29 +0100] "GET /julie-bedclothes-140-200-cm-p-51606.html HTTP/1.0" 301 69259 "-" "Mozilla/5.0 (compatible; bingbot/2.0; +http://www.bing.com/bingbot.htm)"
13.66.139.93 - - [11/Jan/2021:23:40:30 +0100] "GET /nici-dragon-mug-p-22318.html HTTP/1.0" 200 71760 "-" "Mozilla/5.0 (compatible; bingbot/2.0; +http://www.bing.com/bingbot.htm)"
13.66.139.93 - - [11/Jan/2021:23:40:31 +0100] "GET /cement-tile-stickers-15-15-cm-black-and-white-p-45011.html HTTP/1.0" 200 72248 "-" "Mozilla/5.0 (compatible; bingbot/2.0; +http://www.bing.com/bingbot.htm)"
13.66.139.93 - - [11/Jan/2021:23:40:32 +0100] "GET /jamaican-clock-by-cbkreation-p-24418.html HTTP/1.0" 200 71832 "-" "Mozilla/5.0 (compatible; bingbot/2.0; +http://www.bing.com/bingbot.htm)"
13.66.139.93 - - [11/Jan/2021:23:40:33 +0100] "GET /frozen-elsa-and-anna-jewelry-box-p-37028.html HTTP/1.0" 200 72791 "-" "Mozilla/5.0 (compatible; bingbot/2.0; +http://www.bing.com/bingbot.htm)"
13.66.139.93 - - [11/Jan/2021:23:40:34 +0100] "GET /dora-the-explorer-swimming-ring-p-14353.html HTTP/1.0" 200 72308 "-" "Mozilla/5.0 (compatible; bingbot/2.0; +http://www.bing.com/bingbot.htm)"
13.66.139.93 - - [11/Jan/2021:23:40:35 +0100] "GET /french-bulldog-and-chihuahua-mug-p-34850.html HTTP/1.0" 200 71933 "-" "Mozilla/5.0 (compatible; bingbot/2.0; +http://www.bing.com/bingbot.htm)"
13.66.139.93 - - [11/Jan/2021:23:40:36 +0100] "GET /harley-quinn-poster-p-30901.html HTTP/1.0" 200 71829 "-" "Mozilla/5.0 (compatible; bingbot/2.0; +http://www.bing.com/bingbot.htm)"
13.66.139.14 - - [11/Jan/2021:23:40:37 +0100] "GET /barbapapa-m-7.html HTTP/1.0" 200 90635 "-" "Mozilla/5.0 (compatible; bingbot/2.0; +http://www.bing.com/bingbot.htm)"
114.119.129.36 - - [11/Jan/2021:23:40:47 +0100] "GET /images/big_prod/4036113461397.jpg HTTP/1.0" 200 268 "-" "Mozilla/5.0 (Linux; Android 7.0;) AppleWebKit/537.36 (KHTML, like Gecko) Mobile Safari/537.36 (compatible; PetalBot;+https://aspiegel.com/petalbot)"
185.191.171.13 - - [11/Jan/2021:23:40:54 +0100] "GET /belle-small-flexible-molds-p-28217.html HTTP/1.0" 200 72046 "-" "Mozilla/5.0 (compatible; SemrushBot/7~bl; +http://www.semrush.com/bot.html)"
17.58.101.147 - - [11/Jan/2021:23:41:15 +0100] "GET /maya-the-bees-toddler-flatware-set-p-14393.html HTTP/1.0" 200 69318 "-" "Mozilla/5.0 (Macintosh; Intel Mac OS X 10_15_5) AppleWebKit/605.1.15 (KHTML, like Gecko) Version/13.1.1 Safari/605.1.15 (Applebot/0.1; +http://www.apple.com/go/applebot)"
185.191.171.17 - - [11/Jan/2021:23:41:31 +0100] "GET /set-and-breakfast-set-c-12_61.html?page=2 HTTP/1.0" 200 91294 "-" "Mozilla/5.0 (compatible; SemrushBot/7~bl; +http://www.semrush.com/bot.html)"
66.249.66.196 - - [11/Jan/2021:23:41:32 +0100] "GET /industrial-clock-with-gears-p-53019.html HTTP/1.0" 200 72561 "-" "Mozilla/5.0 (Linux; Android 6.0.1; Nexus 5X Build/MMB29P) AppleWebKit/537.36 (KHTML, like Gecko) Chrome/87.0.4280.90 Mobile Safari/537.36 (compatible; Googlebot/2.1; +http://www.google.com/bot.html)"
66.249.66.132 - - [11/Jan/2021:23:41:33 +0100] "GET /taiji-quan-statuette-model-p-50081.html HTTP/1.0" 200 71941 "-" "Mozilla/5.0 (Linux; Android 6.0.1; Nexus 5X Build/MMB29P) AppleWebKit/537.36 (KHTML, like Gecko) Chrome/87.0.4280.90 Mobile Safari/537.36 (compatible; Googlebot/2.1; +http://www.google.com/bot.html)"
185.191.171.25 - - [11/Jan/2021:23:41:42 +0100] "GET /paw-patrol-swimming-armband-p-35063.html HTTP/1.0" 200 72049 "-" "Mozilla/5.0 (compatible; SemrushBot/7~bl; +http://www.semrush.com/bot.html)"
185.191.171.16 - - [11/Jan/2021:23:42:04 +0100] "GET /buddha-feng-shui-tealight-porcelain-p-35500.html HTTP/1.0" 200 72003 "-" "Mozilla/5.0 (compatible; SemrushBot/7~bl; +http://www.semrush.com/bot.html)"
185.191.171.45 - - [11/Jan/2021:23:42:09 +0100] "GET /flower-pot-braided-willow-13-cm-p-49691.html HTTP/1.0" 200 69316 "-" "Mozilla/5.0 (compatible; SemrushBot/7~bl; +http://www.semrush.com/bot.html)"
185.191.171.45 - - [11/Jan/2021:23:42:23 +0100] "GET /london-metal-keyring-welsh-guard-p-35353.html HTTP/1.0" 200 71928 "-" "Mozilla/5.0 (compatible; SemrushBot/7~bl; +http://www.semrush.com/bot.html)"
207.46.13.239 - - [11/Jan/2021:23:42:30 +0100] "GET /bathroom-metal-plate-deco-p-36042.html HTTP/1.0" 200 71884 "-" "Mozilla/5.0 (compatible; bingbot/2.0; +http://www.bing.com/bingbot.htm)"
185.191.171.40 - - [11/Jan/2021:23:42:31 +0100] "GET /mire-alarm-clock-by-cbkreation-p-25011.html HTTP/1.0" 200 71933 "-" "Mozilla/5.0 (compatible; SemrushBot/7~bl; +http://www.semrush.com/bot.html)"
185.191.171.9 - - [11/Jan/2021:23:42:34 +0100] "GET /collectible-figurines-and-decorative-c-13_135.html?page=11 HTTP/1.0" 200 96382 "-" "Mozilla/5.0 (compatible; SemrushBot/7~bl; +http://www.semrush.com/bot.html)"
185.191.171.26 - - [11/Jan/2021:23:42:36 +0100] "GET /bolster-case-45-185-cm-brown-p-36587.html HTTP/1.0" 200 72109 "-" "Mozilla/5.0 (compatible; SemrushBot/7~bl; +http://www.semrush.com/bot.html)"
54.36.148.87 - - [11/Jan/2021:23:42:42 +0100] "GET /large-and-maxi-trays-c-12_159_262.html?page=2 HTTP/1.0" 200 77581 "-" "Mozilla/5.0 (compatible; AhrefsBot/7.0; +http://ahrefs.com/robot/)"
185.191.171.6 - - [11/Jan/2021:23:42:45 +0100] "GET /superman-silver-age-p-48295.html HTTP/1.0" 200 72714 "-" "Mozilla/5.0 (compatible; SemrushBot/7~bl; +http://www.semrush.com/bot.html)"
157.55.39.22 - - [11/Jan/2021:23:42:46 +0100] "GET /glass-cup-with-porcelain-infuser-p-41870.html HTTP/1.0" 200 71934 "-" "Mozilla/5.0 (compatible; bingbot/2.0; +http://www.bing.com/bingbot.htm)"
185.191.171.16 - - [11/Jan/2021:23:42:53 +0100] "GET /dishes-c-13_12.html?page=17 HTTP/1.0" 200 91385 "-" "Mozilla/5.0 (compatible; SemrushBot/7~bl; +http://www.semrush.com/bot.html)"
13.66.139.93 - - [11/Jan/2021:23:43:21 +0100] "GET /selenite-lamp-p-38794.html HTTP/1.0" 200 72563 "-" "Mozilla/5.0 (compatible; bingbot/2.0; +http://www.bing.com/bingbot.htm)"
185.191.171.1 - - [11/Jan/2021:23:43:28 +0100] "GET /wind-chime-agate-natural-p-47044.html HTTP/1.0" 200 72923 "-" "Mozilla/5.0 (compatible; SemrushBot/7~bl; +http://www.semrush.com/bot.html)"
185.191.171.15 - - [11/Jan/2021:23:43:45 +0100] "GET /mona-flower-pot-p-51554.html HTTP/1.0" 200 72432 "-" "Mozilla/5.0 (compatible; SemrushBot/7~bl; +http://www.semrush.com/bot.html)"
66.249.66.62 - - [11/Jan/2021:23:43:49 +0100] "GET /images/mini_prod/028399270491.jpg HTTP/1.0" 200 268 "-" "Googlebot-Image/1.0"
207.46.13.36 - - [11/Jan/2021:23:44:24 +0100] "GET /grand-prix-moto-glasses-box-p-41486.html HTTP/1.0" 200 71914 "-" "Mozilla/5.0 (compatible; bingbot/2.0; +http://www.bing.com/bingbot.htm)"
185.191.171.43 - - [11/Jan/2021:23:44:26 +0100] "GET /glass-cutting-board-flammy-p-47883.html HTTP/1.0" 200 71853 "-" "Mozilla/5.0 (compatible; SemrushBot/7~bl; +http://www.semrush.com/bot.html)"
13.66.139.2 - - [11/Jan/2021:23:44:31 +0100] "GET /calendar-workbook-organizer-c-129_189.html HTTP/1.0" 200 90141 "-" "Mozilla/5.0 (compatible; bingbot/2.0; +http://www.bing.com/bingbot.htm)"
157.55.39.220 - - [11/Jan/2021:23:44:48 +0100] "GET /highslide/highslide.js HTTP/1.0" 200 262 "-" "Mozilla/5.0 (compatible; bingbot/2.0; +http://www.bing.com/bingbot.htm)"
114.119.129.36 - - [11/Jan/2021:23:45:06 +0100] "GET /plant-suspensions-wall-sticker-p-52433.html HTTP/1.0" 200 72607 "-" "Mozilla/5.0 (Linux; Android 7.0;) AppleWebKit/537.36 (KHTML, like Gecko) Mobile Safari/537.36 (compatible; PetalBot;+https://aspiegel.com/petalbot)"
185.191.171.38 - - [11/Jan/2021:23:45:18 +0100] "GET /stitch-figure-collection-by-romero-britto-p-51468.html HTTP/1.0" 200 73499 "-" "Mozilla/5.0 (compatible; SemrushBot/7~bl; +http://www.semrush.com/bot.html)"
185.191.171.45 - - [11/Jan/2021:23:45:35 +0100] "GET /cats-dubout-ballpoint-pen-and-pen-tablet-p-32240.html HTTP/1.0" 200 72158 "-" "Mozilla/5.0 (compatible; SemrushBot/7~bl; +http://www.semrush.com/bot.html)"
185.191.171.26 - - [11/Jan/2021:23:45:44 +0100] "GET /decorative-statuettes-monkeys-of-wisdom-brown-p-52741.html?action=add_product HTTP/1.0" 302 476 "-" "Mozilla/5.0 (compatible; SemrushBot/7~bl; +http://www.semrush.com/bot.html)"
91.250.242.12 - - [11/Jan/2021:23:45:45 +0100] "GET /contact_us.php HTTP/1.0" 200 26241 "http://www.wonder-geek.com/contact_us.php" "Mozilla/5.0 (Windows NT 10.0; Win64; x64) AppleWebKit/537.36 (KHTML, like Gecko) Chrome/83.0.4103.34 Safari/537.36 Edg/83.0.478.25"
91.250.242.12 - - [11/Jan/2021:23:45:46 +0100] "POST /contact_us.php?action=send HTTP/1.0" 200 26691 "http://www.wonder-geek.com/contact_us.php" "Mozilla/5.0 (Windows NT 10.0; Win64; x64) AppleWebKit/537.36 (KHTML, like Gecko) Chrome/83.0.4103.34 Safari/537.36 Edg/83.0.478.25"
185.191.171.4 - - [11/Jan/2021:23:46:09 +0100] "GET /cement-tiles-placemat-p-49950.html HTTP/1.0" 200 71949 "-" "Mozilla/5.0 (compatible; SemrushBot/7~bl; +http://www.semrush.com/bot.html)"
185.191.171.22 - - [11/Jan/2021:23:46:13 +0100] "GET /dog-bowls-so-british-p-31522.html HTTP/1.0" 200 71779 "-" "Mozilla/5.0 (compatible; SemrushBot/7~bl; +http://www.semrush.com/bot.html)"
54.36.149.34 - - [11/Jan/2021:23:46:36 +0100] "GET /winnie-the-pooh-pirate-figure-p-4716.html HTTP/1.0" 200 71990 "-" "Mozilla/5.0 (compatible; AhrefsBot/7.0; +http://ahrefs.com/robot/)"
185.191.171.45 - - [11/Jan/2021:23:46:46 +0100] "GET /the-simpsons-shadow-tray-p-17921.html HTTP/1.0" 200 69278 "-" "Mozilla/5.0 (compatible; SemrushBot/7~bl; +http://www.semrush.com/bot.html)"
17.58.101.147 - - [11/Jan/2021:23:46:57 +0100] "GET /images/mini_prod/3503420053658.jpg HTTP/1.0" 200 269 "-" "Mozilla/5.0 (Macintosh; Intel Mac OS X 10_15_5) AppleWebKit/605.1.15 (KHTML, like Gecko) Version/13.1.1 Safari/605.1.15 (Applebot/0.1; +http://www.apple.com/go/applebot)"
66.249.66.136 - - [11/Jan/2021:23:46:58 +0100] "GET /adults-c-53.html HTTP/1.0" 200 91946 "-" "Mozilla/5.0 (Linux; Android 6.0.1; Nexus 5X Build/MMB29P) AppleWebKit/537.36 (KHTML, like Gecko) Chrome/87.0.4280.90 Mobile Safari/537.36 (compatible; Googlebot/2.1; +http://www.google.com/bot.html)"
185.191.171.36 - - [11/Jan/2021:23:47:00 +0100] "GET /candle-made-in-france-40-hours-opium-p-43885.html HTTP/1.0" 200 71911 "-" "Mozilla/5.0 (compatible; SemrushBot/7~bl; +http://www.semrush.com/bot.html)"
185.191.171.41 - - [11/Jan/2021:23:47:14 +0100] "GET /marilyn-monroe-white-and-red-small-wallet-p-19406.html HTTP/1.0" 200 74101 "-" "Mozilla/5.0 (compatible; SemrushBot/7~bl; +http://www.semrush.com/bot.html)"
185.220.100.252 - - [11/Jan/2021:23:47:25 +0100] "GET /contact_us.php HTTP/1.0" 200 26241 "http://www.wonder-geek.com/contact_us.php" "Mozilla/5.0 (Windows NT 10.0; Win64; x64) AppleWebKit/537.36 (KHTML, like Gecko) Chrome/83.0.4093.3 Safari/537.36"
185.220.100.252 - - [11/Jan/2021:23:47:25 +0100] "POST /contact_us.php?action=send HTTP/1.0" 200 26647 "http://www.wonder-geek.com/contact_us.php" "Mozilla/5.0 (Windows NT 10.0; Win64; x64) AppleWebKit/537.36 (KHTML, like Gecko) Chrome/83.0.4093.3 Safari/537.36"
185.191.171.25 - - [11/Jan/2021:23:47:38 +0100] "GET /crocodile-gold-resin-and-metal-p-48875.html HTTP/1.0" 200 69302 "-" "Mozilla/5.0 (compatible; SemrushBot/7~bl; +http://www.semrush.com/bot.html)"
185.191.171.26 - - [11/Jan/2021:23:47:48 +0100] "GET /small-sound-plush-character-the-lion-guard-p-38381.html HTTP/1.0" 200 69393 "-" "Mozilla/5.0 (compatible; SemrushBot/7~bl; +http://www.semrush.com/bot.html)"
185.191.171.7 - - [11/Jan/2021:23:47:51 +0100] "GET /nici-bison-keyring-p-6881.html HTTP/1.0" 200 71520 "-" "Mozilla/5.0 (compatible; SemrushBot/7~bl; +http://www.semrush.com/bot.html)"
185.191.171.43 - - [11/Jan/2021:23:47:58 +0100] "GET /fudge-buddha-perfume-diffuser-cracked-ceramic-p-36552.html HTTP/1.0" 200 72216 "-" "Mozilla/5.0 (compatible; SemrushBot/7~bl; +http://www.semrush.com/bot.html)"
66.249.66.136 - - [11/Jan/2021:23:48:00 +0100] "GET /teo-jasmin-melamine-dish-cake-p-41623.html HTTP/1.0" 200 71878 "-" "Mozilla/5.0 (Linux; Android 6.0.1; Nexus 5X Build/MMB29P) AppleWebKit/537.36 (KHTML, like Gecko) Chrome/87.0.4280.90 Mobile Safari/537.36 (compatible; Googlebot/2.1; +http://www.google.com/bot.html)"
185.191.171.12 - - [11/Jan/2021:23:48:06 +0100] "GET /yellow-kitchen-timer-clock-p-40588.html HTTP/1.0" 200 72002 "-" "Mozilla/5.0 (compatible; SemrushBot/7~bl; +http://www.semrush.com/bot.html)"
66.249.66.222 - - [11/Jan/2021:23:48:37 +0100] "GET /zen-spa-stickers-20-70-cm-p-35379.html HTTP/1.0" 200 71893 "-" "Mozilla/5.0 (Linux; Android 6.0.1; Nexus 5X Build/MMB29P) AppleWebKit/537.36 (KHTML, like Gecko) Chrome/87.0.4280.90 Mobile Safari/537.36 (compatible; Googlebot/2.1; +http://www.google.com/bot.html)"
185.191.171.38 - - [11/Jan/2021:23:48:47 +0100] "GET /deco-wooden-carved-drum-29-16-cm-p-46278.html HTTP/1.0" 200 69314 "-" "Mozilla/5.0 (compatible; SemrushBot/7~bl; +http://www.semrush.com/bot.html)"
66.249.66.36 - - [11/Jan/2021:23:49:02 +0100] "GET /liberte-stickers-20-70-cm-p-39341.html HTTP/1.0" 200 71915 "-" "Mozilla/5.0 (Linux; Android 6.0.1; Nexus 5X Build/MMB29P) AppleWebKit/537.36 (KHTML, like Gecko) Chrome/87.0.4280.90 Mobile Safari/537.36 (compatible; Googlebot/2.1; +http://www.google.com/bot.html)"
185.191.171.34 - - [11/Jan/2021:23:49:16 +0100] "GET /dragonfly-wall-decoration-235-cm-p-50791.html HTTP/1.0" 200 69312 "-" "Mozilla/5.0 (compatible; SemrushBot/7~bl; +http://www.semrush.com/bot.html)"
157.55.39.22 - - [11/Jan/2021:23:49:17 +0100] "GET /games-and-toys/figures/asterix-and-obelix-asterix-figure-p-3925.html HTTP/1.0" 301 647 "-" "Mozilla/5.0 (compatible; bingbot/2.0; +http://www.bing.com/bingbot.htm)"
114.119.147.45 - - [11/Jan/2021:23:49:28 +0100] "GET /cuba-toothpick-display-p-53466.html HTTP/1.0" 200 71803 "-" "Mozilla/5.0 (Linux; Android 7.0;) AppleWebKit/537.36 (KHTML, like Gecko) Mobile Safari/537.36 (compatible; PetalBot;+https://aspiegel.com/petalbot)"
66.249.66.62 - - [11/Jan/2021:23:49:30 +0100] "GET /citroen-metal-plate-postcard-p-15155.html HTTP/1.0" 200 71932 "-" "Mozilla/5.0 (Linux; Android 6.0.1; Nexus 5X Build/MMB29P) AppleWebKit/537.36 (KHTML, like Gecko) Chrome/87.0.4280.90 Mobile Safari/537.36 (compatible; Googlebot/2.1; +http://www.google.com/bot.html)"
185.191.171.1 - - [11/Jan/2021:23:49:45 +0100] "GET /mug-you-are-an-angel-in-french-p-40438.html HTTP/1.0" 200 71958 "-" "Mozilla/5.0 (compatible; SemrushBot/7~bl; +http://www.semrush.com/bot.html)"
207.46.13.229 - - [11/Jan/2021:23:49:45 +0100] "GET /-p-26604.html HTTP/1.0" 200 69192 "-" "Mozilla/5.0 (compatible; bingbot/2.0; +http://www.bing.com/bingbot.htm)"
40.77.167.56 - - [11/Jan/2021:23:49:52 +0100] "GET /-p-11098.html HTTP/1.0" 200 69192 "-" "Mozilla/5.0 (compatible; bingbot/2.0; +http://www.bing.com/bingbot.htm)"
40.77.167.56 - - [11/Jan/2021:23:49:53 +0100] "GET /-p-20322.html HTTP/1.0" 200 69192 "-" "Mozilla/5.0 (compatible; bingbot/2.0; +http://www.bing.com/bingbot.htm)"
66.249.66.62 - - [11/Jan/2021:23:49:57 +0100] "GET /zen-bouddha-stickers-20-70-cm-p-35380.html HTTP/1.0" 200 71925 "-" "Mozilla/5.0 (Linux; Android 6.0.1; Nexus 5X Build/MMB29P) AppleWebKit/537.36 (KHTML, like Gecko) Chrome/87.0.4280.90 Mobile Safari/537.36 (compatible; Googlebot/2.1; +http://www.google.com/bot.html)"
185.191.171.38 - - [11/Jan/2021:23:50:07 +0100] "GET /parrot-figurine-in-pottery-26-cm-p-44979.html HTTP/1.0" 200 71945 "-" "Mozilla/5.0 (compatible; SemrushBot/7~bl; +http://www.semrush.com/bot.html)"
13.66.139.2 - - [11/Jan/2021:23:50:09 +0100] "GET /mickael-white-shirt-p-30158.html HTTP/1.0" 200 72977 "-" "Mozilla/5.0 (compatible; bingbot/2.0; +http://www.bing.com/bingbot.htm)"
185.191.171.22 - - [11/Jan/2021:23:50:20 +0100] "GET /vase-flower-pot-and-soliflore-c-13_232.html?page=3 HTTP/1.0" 200 91643 "-" "Mozilla/5.0 (compatible; SemrushBot/7~bl; +http://www.semrush.com/bot.html)"
54.36.148.111 - - [11/Jan/2021:23:50:25 +0100] "GET /ceramic-salt-pot-with-spoon-cabourg-p-50636.html HTTP/1.0" 200 71911 "-" "Mozilla/5.0 (compatible; AhrefsBot/7.0; +http://ahrefs.com/robot/)"
66.249.66.136 - - [11/Jan/2021:23:50:25 +0100] "GET /zen-french-quote-stickers-20-70-cm-p-35382.html HTTP/1.0" 200 71964 "-" "Mozilla/5.0 (Linux; Android 6.0.1; Nexus 5X Build/MMB29P) AppleWebKit/537.36 (KHTML, like Gecko) Chrome/87.0.4280.90 Mobile Safari/537.36 (compatible; Googlebot/2.1; +http://www.google.com/bot.html)"
66.249.66.132 - - [11/Jan/2021:23:50:53 +0100] "GET /la-vie-est-un-voyage-stickers-20-70-cm-p-39329.html HTTP/1.0" 200 72027 "-" "Mozilla/5.0 (Linux; Android 6.0.1; Nexus 5X Build/MMB29P) AppleWebKit/537.36 (KHTML, like Gecko) Chrome/87.0.4280.90 Mobile Safari/537.36 (compatible; Googlebot/2.1; +http://www.google.com/bot.html)"
185.191.171.17 - - [11/Jan/2021:23:51:14 +0100] "GET /cars-crayola-set-color-by-number-p-16613.html HTTP/1.0" 200 69343 "-" "Mozilla/5.0 (compatible; SemrushBot/7~bl; +http://www.semrush.com/bot.html)"
185.191.171.41 - - [11/Jan/2021:23:51:20 +0100] "GET /amazon-love-mug-macaws-p-50275.html HTTP/1.0" 200 72686 "-" "Mozilla/5.0 (compatible; SemrushBot/7~bl; +http://www.semrush.com/bot.html)"
66.249.66.95 - - [11/Jan/2021:23:51:21 +0100] "GET /citation-and-dandelion-wall-stickers-20-70-cm-p-39343.html HTTP/1.0" 200 72088 "-" "Mozilla/5.0 (Linux; Android 6.0.1; Nexus 5X Build/MMB29P) AppleWebKit/537.36 (KHTML, like Gecko) Chrome/87.0.4280.90 Mobile Safari/537.36 (compatible; Googlebot/2.1; +http://www.google.com/bot.html)"
185.191.171.14 - - [11/Jan/2021:23:51:27 +0100] "GET /flared-lamp-in-multicolored-glass-p-49602.html HTTP/1.0" 200 71965 "-" "Mozilla/5.0 (compatible; SemrushBot/7~bl; +http://www.semrush.com/bot.html)"
185.191.171.23 - - [11/Jan/2021:23:51:36 +0100] "GET /cats-cutty-door-plate-toilettes-p-50640.html HTTP/1.0" 200 71970 "-" "Mozilla/5.0 (compatible; SemrushBot/7~bl; +http://www.semrush.com/bot.html)"
66.249.66.64 - - [11/Jan/2021:23:51:39 +0100] "GET /home-and-decoration-c-13.html HTTP/1.0" 200 91145 "-" "Mozilla/5.0 (Linux; Android 6.0.1; Nexus 5X Build/MMB29P) AppleWebKit/537.36 (KHTML, like Gecko) Chrome/87.0.4280.90 Mobile Safari/537.36 (compatible; Googlebot/2.1; +http://www.google.com/bot.html)"
66.249.66.95 - - [11/Jan/2021:23:51:45 +0100] "GET /js/jquery.masonry.min.js HTTP/1.0" 200 264 "http://www.wonder-geek.com/home-and-decoration-c-13.html" "Mozilla/5.0 (Linux; Android 6.0.1; Nexus 5X Build/MMB29P) AppleWebKit/537.36 (KHTML, like Gecko) Chrome/87.0.4280.90 Mobile Safari/537.36 (compatible; Googlebot/2.1; +http://www.google.com/bot.html)"
185.191.171.12 - - [11/Jan/2021:23:51:47 +0100] "GET /newton-wiege-p-28326.html HTTP/1.0" 200 71742 "-" "Mozilla/5.0 (compatible; SemrushBot/7~bl; +http://www.semrush.com/bot.html)"
66.249.66.95 - - [11/Jan/2021:23:51:48 +0100] "GET /est-beau-la-vie-stickers-20-70-cm-p-39328.html HTTP/1.0" 200 72007 "-" "Mozilla/5.0 (Linux; Android 6.0.1; Nexus 5X Build/MMB29P) AppleWebKit/537.36 (KHTML, like Gecko) Chrome/87.0.4280.90 Mobile Safari/537.36 (compatible; Googlebot/2.1; +http://www.google.com/bot.html)"
66.249.66.222 - - [11/Jan/2021:23:52:16 +0100] "GET /oscar-wilde-quote-wall-stickers-50-70-cm-p-42957.html HTTP/1.0" 200 72000 "-" "Mozilla/5.0 (Linux; Android 6.0.1; Nexus 5X Build/MMB29P) AppleWebKit/537.36 (KHTML, like Gecko) Chrome/87.0.4280.90 Mobile Safari/537.36 (compatible; Googlebot/2.1; +http://www.google.com/bot.html)"
185.191.171.33 - - [11/Jan/2021:23:52:40 +0100] "GET /usa-clock-by-cbkreation-p-24710.html HTTP/1.0" 200 71941 "-" "Mozilla/5.0 (compatible; SemrushBot/7~bl; +http://www.semrush.com/bot.html)"
66.249.66.134 - - [11/Jan/2021:23:52:44 +0100] "GET /il-faut-faire-de-la-vie-un-reve-stickers-20-70-cm-p-39331.html HTTP/1.0" 200 72130 "-" "Mozilla/5.0 (Linux; Android 6.0.1; Nexus 5X Build/MMB29P) AppleWebKit/537.36 (KHTML, like Gecko) Chrome/87.0.4280.90 Mobile Safari/537.36 (compatible; Googlebot/2.1; +http://www.google.com/bot.html)"
34.73.181.4 - - [11/Jan/2021:23:53:04 +0100] "GET /robots.txt HTTP/1.0" 200 245 "-" "ZoominfoBot (zoominfobot at zoominfo dot com)"
34.73.181.4 - - [11/Jan/2021:23:53:04 +0100] "GET /bowls-c-12_60.html HTTP/1.0" 200 91532 "-" "ZoominfoBot (zoominfobot at zoominfo dot com)"
185.191.171.36 - - [11/Jan/2021:23:53:04 +0100] "GET /boho-canvas-frame-40-40-cm-p-41545.html HTTP/1.0" 200 71968 "-" "Mozilla/5.0 (compatible; SemrushBot/7~bl; +http://www.semrush.com/bot.html)"
34.73.181.4 - - [11/Jan/2021:23:53:08 +0100] "GET /dishes-c-12.html HTTP/1.0" 200 90411 "-" "ZoominfoBot (zoominfobot at zoominfo dot com)"
66.249.66.62 - - [11/Jan/2021:23:53:12 +0100] "GET /home-and-decoration-c-13.html?page=32 HTTP/1.0" 200 90476 "-" "Mozilla/5.0 (Linux; Android 6.0.1; Nexus 5X Build/MMB29P) AppleWebKit/537.36 (KHTML, like Gecko) Chrome/87.0.4280.90 Mobile Safari/537.36 (compatible; Googlebot/2.1; +http://www.google.com/bot.html)"
185.191.171.1 - - [11/Jan/2021:23:53:16 +0100] "GET /russian-dolls-white-samsung-s2-phone-cover-by-cbkreation-p-18763.html HTTP/1.0" 200 69469 "-" "Mozilla/5.0 (compatible; SemrushBot/7~bl; +http://www.semrush.com/bot.html)"
51.68.224.127 - - [11/Jan/2021:23:53:24 +0100] "GET /adminweb/export_orders_xml.php?token=256de2z6edz6ed2z6DFSFsed2zed6zeDSFDSGdzedezfzf&maxorders=10&orderstart=1&status=14&start_date=2018-10-01 HTTP/1.0" 200 285 "-" "GesCom CharlotteBoutik Serveur"
51.68.224.127 - - [11/Jan/2021:23:53:24 +0100] "GET /adminweb/export_orders_xml.php?token=256de2z6edz6ed2z6DFSFsed2zed6zeDSFDSGdzedezfzf&maxorders=10&orderstart=1&status=6&start_date=2018-10-01 HTTP/1.0" 200 29990 "-" "GesCom CharlotteBoutik Serveur"
66.249.66.222 - - [11/Jan/2021:23:53:41 +0100] "GET /home-and-decoration-c-13.html?page=35 HTTP/1.0" 200 90809 "-" "Mozilla/5.0 (Linux; Android 6.0.1; Nexus 5X Build/MMB29P) AppleWebKit/537.36 (KHTML, like Gecko) Chrome/87.0.4280.90 Mobile Safari/537.36 (compatible; Googlebot/2.1; +http://www.google.com/bot.html)"
185.191.171.23 - - [11/Jan/2021:23:53:48 +0100] "GET /marble-carrara-cube-lamp-p-50663.html HTTP/1.0" 200 69278 "-" "Mozilla/5.0 (compatible; SemrushBot/7~bl; +http://www.semrush.com/bot.html)"
185.191.171.43 - - [11/Jan/2021:23:53:50 +0100] "GET /strawberry-shortcake-visor-52-cm-p-20458.html HTTP/1.0" 200 72027 "-" "Mozilla/5.0 (compatible; SemrushBot/7~bl; +http://www.semrush.com/bot.html)"
114.119.151.113 - - [11/Jan/2021:23:53:53 +0100] "GET /monkey-table-lamp-in-resin-62-cm-p-52747.html HTTP/1.0" 200 72651 "-" "Mozilla/5.0 (Linux; Android 7.0;) AppleWebKit/537.36 (KHTML, like Gecko) Mobile Safari/537.36 (compatible; PetalBot;+https://aspiegel.com/petalbot)"
66.249.66.95 - - [11/Jan/2021:23:54:09 +0100] "GET /home-and-decoration-c-13.html?page=38 HTTP/1.0" 200 92170 "-" "Mozilla/5.0 (Linux; Android 6.0.1; Nexus 5X Build/MMB29P) AppleWebKit/537.36 (KHTML, like Gecko) Chrome/87.0.4280.90 Mobile Safari/537.36 (compatible; Googlebot/2.1; +http://www.google.com/bot.html)"
54.36.148.87 - - [11/Jan/2021:23:54:31 +0100] "GET /mobile-bells-metal-elephants-p-41508.html HTTP/1.0" 200 71896 "-" "Mozilla/5.0 (compatible; AhrefsBot/7.0; +http://ahrefs.com/robot/)"
66.249.66.132 - - [11/Jan/2021:23:54:35 +0100] "GET /home-and-decoration-c-13.html?page=33 HTTP/1.0" 200 92167 "-" "Mozilla/5.0 (Linux; Android 6.0.1; Nexus 5X Build/MMB29P) AppleWebKit/537.36 (KHTML, like Gecko) Chrome/87.0.4280.90 Mobile Safari/537.36 (compatible; Googlebot/2.1; +http://www.google.com/bot.html)"
147.135.219.225 - - [11/Jan/2021:23:54:38 +0100] "GET /images/big_prod_2/b028399188536.jpg HTTP/1.0" 200 270 "-" "-"
66.249.66.222 - - [11/Jan/2021:23:54:49 +0100] "GET /poster-corsica-50-70-cm-p-43691.html HTTP/1.0" 200 71859 "-" "Mozilla/5.0 (Linux; Android 6.0.1; Nexus 5X Build/MMB29P) AppleWebKit/537.36 (KHTML, like Gecko) Chrome/87.0.4280.90 Mobile Safari/537.36 (compatible; Googlebot/2.1; +http://www.google.com/bot.html)"
147.135.219.225 - - [11/Jan/2021:23:54:56 +0100] "GET /images/big_prod_1/c028399188536.jpg HTTP/1.0" 200 270 "-" "-"
185.191.171.12 - - [11/Jan/2021:23:54:58 +0100] "GET /fragrance-magnet-from-provence-p-48345.html HTTP/1.0" 200 71933 "-" "Mozilla/5.0 (compatible; SemrushBot/7~bl; +http://www.semrush.com/bot.html)"
185.191.171.44 - - [11/Jan/2021:23:55:00 +0100] "GET /flamingo-wall-decoration-50-18-cm-p-46783.html HTTP/1.0" 200 71951 "-" "Mozilla/5.0 (compatible; SemrushBot/7~bl; +http://www.semrush.com/bot.html)"
185.191.171.2 - - [11/Jan/2021:23:55:03 +0100] "GET /robots.txt HTTP/1.0" 200 245 "-" "Mozilla/5.0 (compatible; SemrushBot/7~bl; +http://www.semrush.com/bot.html)"
185.191.171.41 - - [11/Jan/2021:23:55:04 +0100] "GET /tooth-glass-lavender-parma-p-39762.html HTTP/1.0" 200 71884 "-" "Mozilla/5.0 (compatible; SemrushBot/7~bl; +http://www.semrush.com/bot.html)"
66.249.66.64 - - [11/Jan/2021:23:55:08 +0100] "GET /poster-corsica-50-70-cm-p-43689.html HTTP/1.0" 200 71884 "-" "Mozilla/5.0 (Linux; Android 6.0.1; Nexus 5X Build/MMB29P) AppleWebKit/537.36 (KHTML, like Gecko) Chrome/87.0.4280.90 Mobile Safari/537.36 (compatible; Googlebot/2.1; +http://www.google.com/bot.html)"
147.135.219.225 - - [11/Jan/2021:23:55:14 +0100] "GET /images/big_prod_3/a028399188536.jpg HTTP/1.0" 200 270 "-" "-"
66.249.66.33 - - [11/Jan/2021:23:55:24 +0100] "GET /poster-corsica-50-70-cm-p-43690.html HTTP/1.0" 200 71857 "-" "Mozilla/5.0 (Linux; Android 6.0.1; Nexus 5X Build/MMB29P) AppleWebKit/537.36 (KHTML, like Gecko) Chrome/87.0.4280.90 Mobile Safari/537.36 (compatible; Googlebot/2.1; +http://www.google.com/bot.html)"
185.191.171.17 - - [11/Jan/2021:23:55:31 +0100] "GET /cotton-kitchen-towel-50-70-cm-made-in-france-p-43978.html HTTP/1.0" 200 72047 "-" "Mozilla/5.0 (compatible; SemrushBot/7~bl; +http://www.semrush.com/bot.html)"
66.249.66.95 - - [11/Jan/2021:23:55:40 +0100] "GET /persienne-bedhead-wall-sticker-p-38335.html HTTP/1.0" 200 72035 "-" "Mozilla/5.0 (Linux; Android 6.0.1; Nexus 5X Build/MMB29P) AppleWebKit/537.36 (KHTML, like Gecko) Chrome/87.0.4280.90 Mobile Safari/537.36 (compatible; Googlebot/2.1; +http://www.google.com/bot.html)"
66.249.66.62 - - [11/Jan/2021:23:55:53 +0100] "GET /welcome-to-california-wooden-wall-decoration-to-hang-p-36034.html HTTP/1.0" 200 72180 "-" "Mozilla/5.0 (Linux; Android 6.0.1; Nexus 5X Build/MMB29P) AppleWebKit/537.36 (KHTML, like Gecko) Chrome/87.0.4280.90 Mobile Safari/537.36 (compatible; Googlebot/2.1; +http://www.google.com/bot.html)"
66.249.66.132 - - [11/Jan/2021:23:56:09 +0100] "GET /home-and-decoration-c-13.html?page=34 HTTP/1.0" 200 92425 "-" "Mozilla/5.0 (Linux; Android 6.0.1; Nexus 5X Build/MMB29P) AppleWebKit/537.36 (KHTML, like Gecko) Chrome/87.0.4280.90 Mobile Safari/537.36 (compatible; Googlebot/2.1; +http://www.google.com/bot.html)"
207.46.13.36 - - [11/Jan/2021:23:56:15 +0100] "GET /graffiti-compact-mirror-p-26196.html HTTP/1.0" 200 71959 "-" "Mozilla/5.0 (compatible; bingbot/2.0; +http://www.bing.com/bingbot.htm)"
185.191.171.33 - - [11/Jan/2021:23:56:18 +0100] "GET /decorations-and-furnishings/decorations/guinness-mirror-p-19674.html HTTP/1.0" 301 69259 "-" "Mozilla/5.0 (compatible; SemrushBot/7~bl; +http://www.semrush.com/bot.html)"
185.191.171.5 - - [11/Jan/2021:23:56:20 +0100] "GET /-p-19674.html HTTP/1.0" 200 69192 "-" "Mozilla/5.0 (compatible; SemrushBot/7~bl; +http://www.semrush.com/bot.html)"
66.249.66.62 - - [11/Jan/2021:23:56:23 +0100] "GET /home-and-decoration-c-13.html?page=37 HTTP/1.0" 200 91731 "-" "Mozilla/5.0 (Linux; Android 6.0.1; Nexus 5X Build/MMB29P) AppleWebKit/537.36 (KHTML, like Gecko) Chrome/87.0.4280.90 Mobile Safari/537.36 (compatible; Googlebot/2.1; +http://www.google.com/bot.html)"
185.191.171.38 - - [11/Jan/2021:23:56:33 +0100] "GET /set-of-psg-paris-saint-germain-water-glasses-p-46521.html HTTP/1.0" 200 72690 "-" "Mozilla/5.0 (compatible; SemrushBot/7~bl; +http://www.semrush.com/bot.html)"
185.191.171.5 - - [11/Jan/2021:23:56:37 +0100] "GET /flamingo-cotton-adult-apron-p-42220.html HTTP/1.0" 200 71840 "-" "Mozilla/5.0 (compatible; SemrushBot/7~bl; +http://www.semrush.com/bot.html)"
66.249.66.62 - - [11/Jan/2021:23:56:38 +0100] "GET /home-and-decoration-c-13.html?page=39 HTTP/1.0" 200 92006 "-" "Mozilla/5.0 (Linux; Android 6.0.1; Nexus 5X Build/MMB29P) AppleWebKit/537.36 (KHTML, like Gecko) Chrome/87.0.4280.90 Mobile Safari/537.36 (compatible; Googlebot/2.1; +http://www.google.com/bot.html)"
185.191.171.45 - - [11/Jan/2021:23:57:10 +0100] "GET /hexagon-tile-stickers-15-13-cm-p-51952.html HTTP/1.0" 200 72587 "-" "Mozilla/5.0 (compatible; SemrushBot/7~bl; +http://www.semrush.com/bot.html)"
34.73.181.4 - - [11/Jan/2021:23:57:16 +0100] "GET /flatwares-c-12_63.html HTTP/1.0" 200 88643 "-" "ZoominfoBot (zoominfobot at zoominfo dot com)"
66.249.66.193 - - [11/Jan/2021:23:57:25 +0100] "GET /andalusia-tea-box-150-p-50767.html HTTP/1.0" 200 72634 "-" "Mozilla/5.0 (Linux; Android 6.0.1; Nexus 5X Build/MMB29P) AppleWebKit/537.36 (KHTML, like Gecko) Chrome/87.0.4280.90 Mobile Safari/537.36 (compatible; Googlebot/2.1; +http://www.google.com/bot.html)"
185.191.171.8 - - [11/Jan/2021:23:57:28 +0100] "GET /lady-and-the-tramp-figure-p-4711.html HTTP/1.0" 200 71689 "-" "Mozilla/5.0 (compatible; SemrushBot/7~bl; +http://www.semrush.com/bot.html)"
185.191.171.18 - - [11/Jan/2021:23:57:33 +0100] "GET /little-toiletry-bag-p-43393.html HTTP/1.0" 200 71915 "-" "Mozilla/5.0 (compatible; SemrushBot/7~bl; +http://www.semrush.com/bot.html)"
13.66.139.14 - - [11/Jan/2021:23:57:35 +0100] "GET /pin-up-pill-box-passion-p-34377.html HTTP/1.0" 200 73706 "-" "Mozilla/5.0 (compatible; bingbot/2.0; +http://www.bing.com/bingbot.htm)"
185.191.171.39 - - [11/Jan/2021:23:57:48 +0100] "GET /dubout-cats-pouch-bag-p-32245.html HTTP/1.0" 200 71912 "-" "Mozilla/5.0 (compatible; SemrushBot/7~bl; +http://www.semrush.com/bot.html)"
40.77.167.56 - - [11/Jan/2021:23:58:12 +0100] "GET /-p-24438.html HTTP/1.0" 200 69192 "-" "Mozilla/5.0 (compatible; bingbot/2.0; +http://www.bing.com/bingbot.htm)"
114.119.158.196 - - [11/Jan/2021:23:58:18 +0100] "GET /gold-medusa-glass-paperweight-p-52216.html HTTP/1.0" 200 71880 "-" "Mozilla/5.0 (Linux; Android 7.0;) AppleWebKit/537.36 (KHTML, like Gecko) Mobile Safari/537.36 (compatible; PetalBot;+https://aspiegel.com/petalbot)"
34.73.181.4 - - [11/Jan/2021:23:58:21 +0100] "GET /flasks-c-12_245.html HTTP/1.0" 200 77814 "-" "ZoominfoBot (zoominfobot at zoominfo dot com)"
34.73.181.4 - - [11/Jan/2021:23:58:23 +0100] "GET /personalized-products-c-97.html HTTP/1.0" 200 89436 "-" "ZoominfoBot (zoominfobot at zoominfo dot com)"
185.191.171.39 - - [11/Jan/2021:23:58:26 +0100] "GET /napy-bedclothes-240-220-cm-p-45165.html HTTP/1.0" 301 69259 "-" "Mozilla/5.0 (compatible; SemrushBot/7~bl; +http://www.semrush.com/bot.html)"
54.36.148.87 - - [11/Jan/2021:23:58:28 +0100] "GET /musical-box-c-13_150_149.html?page=1 HTTP/1.0" 200 90123 "-" "Mozilla/5.0 (compatible; AhrefsBot/7.0; +http://ahrefs.com/robot/)"
185.191.171.2 - - [11/Jan/2021:23:58:29 +0100] "GET /-p-45165.html HTTP/1.0" 200 69192 "-" "Mozilla/5.0 (compatible; SemrushBot/7~bl; +http://www.semrush.com/bot.html)"
185.191.171.1 - - [11/Jan/2021:23:58:41 +0100] "GET /shirts-and-sweatshirts-men-c-53_54.html HTTP/1.0" 200 92793 "-" "Mozilla/5.0 (compatible; SemrushBot/7~bl; +http://www.semrush.com/bot.html)"
185.191.171.25 - - [11/Jan/2021:23:59:11 +0100] "GET /corsica-small-cushion-cbkreation-30-cm-p-17317.html HTTP/1.0" 200 72121 "-" "Mozilla/5.0 (compatible; SemrushBot/7~bl; +http://www.semrush.com/bot.html)"
66.249.66.132 - - [11/Jan/2021:23:59:35 +0100] "GET /andalusia-tea-box-150-p-50768.html HTTP/1.0" 200 74310 "-" "Mozilla/5.0 (Linux; Android 6.0.1; Nexus 5X Build/MMB29P) AppleWebKit/537.36 (KHTML, like Gecko) Chrome/87.0.4280.90 Mobile Safari/537.36 (compatible; Googlebot/2.1; +http://www.google.com/bot.html)"
185.191.171.37 - - [12/Jan/2021:00:01:04 +0100] "GET /jesus-prayer-candle-p-48962.html HTTP/1.0" 200 69258 "-" "Mozilla/5.0 (compatible; SemrushBot/7~bl; +http://www.semrush.com/bot.html)"
185.191.171.42 - - [12/Jan/2021:00:01:09 +0100] "GET /apple-in-resin-gold-and-patina-17-cm-p-44692.html HTTP/1.0" 200 71971 "-" "Mozilla/5.0 (compatible; SemrushBot/7~bl; +http://www.semrush.com/bot.html)"
185.191.171.37 - - [12/Jan/2021:00:01:23 +0100] "GET /little-buddha-collection-statuette-orange-p-50238.html HTTP/1.0" 200 69332 "-" "Mozilla/5.0 (compatible; SemrushBot/7~bl; +http://www.semrush.com/bot.html)"
66.249.66.134 - - [12/Jan/2021:00:01:35 +0100] "GET /andalusia-tea-box-150-p-50766.html HTTP/1.0" 200 72637 "-" "Mozilla/5.0 (Linux; Android 6.0.1; Nexus 5X Build/MMB29P) AppleWebKit/537.36 (KHTML, like Gecko) Chrome/87.0.4280.90 Mobile Safari/537.36 (compatible; Googlebot/2.1; +http://www.google.com/bot.html)"
66.249.66.95 - - [12/Jan/2021:00:01:50 +0100] "GET /night-clothes-c-1_24.html HTTP/1.0" 200 74685 "-" "Mozilla/5.0 (Linux; Android 6.0.1; Nexus 5X Build/MMB29P) AppleWebKit/537.36 (KHTML, like Gecko) Chrome/87.0.4280.90 Mobile Safari/537.36 (compatible; Googlebot/2.1; +http://www.google.com/bot.html)"
185.191.171.13 - - [12/Jan/2021:00:02:06 +0100] "GET /round-natural-jute-table-mat-p-49450.html HTTP/1.0" 200 69294 "-" "Mozilla/5.0 (compatible; SemrushBot/7~bl; +http://www.semrush.com/bot.html)"
42.236.10.123 - - [12/Jan/2021:00:02:11 +0100] "GET / HTTP/1.0" 200 150086 "http://www.wonder-geek.com/" "Mozilla/5.0 (Windows NT 6.1; WOW64) AppleWebKit/537.36 (KHTML, like Gecko) Chrome/50.4.2661.102 Safari/537.36; 360Spider"
54.36.148.255 - - [12/Jan/2021:00:02:16 +0100] "GET /kimmi-junior-large-backpack-p-19838.html HTTP/1.0" 200 74091 "-" "Mozilla/5.0 (compatible; AhrefsBot/7.0; +http://ahrefs.com/robot/)"
207.46.13.26 - - [12/Jan/2021:00:02:22 +0100] "GET /swfobject.js HTTP/1.0" 404 1308 "-" "Mozilla/5.0 (compatible; bingbot/2.0; +http://www.bing.com/bingbot.htm)"
185.191.171.16 - - [12/Jan/2021:00:02:41 +0100] "GET /maoi-candle-25-hours-p-42282.html HTTP/1.0" 200 71944 "-" "Mozilla/5.0 (compatible; SemrushBot/7~bl; +http://www.semrush.com/bot.html)"
114.119.158.196 - - [12/Jan/2021:00:02:43 +0100] "GET /portugal-by-cbkreation-mug-p-13976.html HTTP/1.0" 200 71848 "-" "Mozilla/5.0 (Linux; Android 7.0;) AppleWebKit/537.36 (KHTML, like Gecko) Mobile Safari/537.36 (compatible; PetalBot;+https://aspiegel.com/petalbot)"
34.73.181.4 - - [12/Jan/2021:00:02:52 +0100] "GET /cake-molds-ice-cube-molds-c-12_246.html HTTP/1.0" 200 84966 "-" "ZoominfoBot (zoominfobot at zoominfo dot com)"
185.191.171.44 - - [12/Jan/2021:00:02:54 +0100] "GET /harley-davidson-metal-plate-p-52943.html HTTP/1.0" 200 71945 "-" "Mozilla/5.0 (compatible; SemrushBot/7~bl; +http://www.semrush.com/bot.html)"
13.66.139.14 - - [12/Jan/2021:00:03:06 +0100] "GET /101-dalmatians-cruella-devil-figure-p-4704.html HTTP/1.0" 200 69359 "-" "Mozilla/5.0 (compatible; bingbot/2.0; +http://www.bing.com/bingbot.htm)"
13.66.139.14 - - [12/Jan/2021:00:03:07 +0100] "GET /alice-in-wonderland-disney-masquerade-figurine-p-34522.html HTTP/1.0" 301 69259 "-" "Mozilla/5.0 (compatible; bingbot/2.0; +http://www.bing.com/bingbot.htm)"
13.66.139.14 - - [12/Jan/2021:00:03:08 +0100] "GET /mickey-flush-wooden-p-22740.html HTTP/1.0" 200 69278 "-" "Mozilla/5.0 (compatible; bingbot/2.0; +http://www.bing.com/bingbot.htm)"
13.66.139.14 - - [12/Jan/2021:00:03:09 +0100] "GET /-p-21445.html HTTP/1.0" 200 69192 "-" "Mozilla/5.0 (compatible; bingbot/2.0; +http://www.bing.com/bingbot.htm)"
13.66.139.14 - - [12/Jan/2021:00:03:09 +0100] "GET /-p-16657.html HTTP/1.0" 200 69192 "-" "Mozilla/5.0 (compatible; bingbot/2.0; +http://www.bing.com/bingbot.htm)"
13.66.139.14 - - [12/Jan/2021:00:03:10 +0100] "GET /top-model-personal-diary-p-29697.html HTTP/1.0" 200 69303 "-" "Mozilla/5.0 (compatible; bingbot/2.0; +http://www.bing.com/bingbot.htm)"
13.66.139.14 - - [12/Jan/2021:00:03:11 +0100] "GET /-p-24741.html HTTP/1.0" 200 69192 "-" "Mozilla/5.0 (compatible; bingbot/2.0; +http://www.bing.com/bingbot.htm)"
13.66.139.14 - - [12/Jan/2021:00:03:12 +0100] "GET /vespa-sports-bag-p-12449.html HTTP/1.0" 200 69263 "-" "Mozilla/5.0 (compatible; bingbot/2.0; +http://www.bing.com/bingbot.htm)"
13.66.139.14 - - [12/Jan/2021:00:03:13 +0100] "GET /kimmidoll-shopper-bag-beige-satin-collection-p-13363.html HTTP/1.0" 200 69403 "-" "Mozilla/5.0 (compatible; bingbot/2.0; +http://www.bing.com/bingbot.htm)"
13.66.139.14 - - [12/Jan/2021:00:03:14 +0100] "GET /mickey-ears-blue-box-collection-by-romano-britto-p-20764.html HTTP/1.0" 301 69259 "-" "Mozilla/5.0 (compatible; bingbot/2.0; +http://www.bing.com/bingbot.htm)"
13.66.139.14 - - [12/Jan/2021:00:03:15 +0100] "GET /-p-19675.html HTTP/1.0" 200 69192 "-" "Mozilla/5.0 (compatible; bingbot/2.0; +http://www.bing.com/bingbot.htm)"
13.66.139.14 - - [12/Jan/2021:00:03:15 +0100] "GET /russian-dolls-black-samsung-galaxy-note-phone-cover-by-cbkreat-p-18761.html HTTP/1.0" 200 69508 "-" "Mozilla/5.0 (compatible; bingbot/2.0; +http://www.bing.com/bingbot.htm)"
13.66.139.14 - - [12/Jan/2021:00:03:16 +0100] "GET /-p-35007.html HTTP/1.0" 200 69192 "-" "Mozilla/5.0 (compatible; bingbot/2.0; +http://www.bing.com/bingbot.htm)"
13.66.139.14 - - [12/Jan/2021:00:03:17 +0100] "GET /-p-34011.html HTTP/1.0" 200 69192 "-" "Mozilla/5.0 (compatible; bingbot/2.0; +http://www.bing.com/bingbot.htm)"
13.66.139.14 - - [12/Jan/2021:00:03:18 +0100] "GET /hush-little-bunny-vintage-gorjuss-post-card-p-34612.html HTTP/1.0" 200 69398 "-" "Mozilla/5.0 (compatible; bingbot/2.0; +http://www.bing.com/bingbot.htm)"
13.66.139.14 - - [12/Jan/2021:00:03:19 +0100] "GET /-p-20452.html HTTP/1.0" 200 69192 "-" "Mozilla/5.0 (compatible; bingbot/2.0; +http://www.bing.com/bingbot.htm)"
13.66.139.14 - - [12/Jan/2021:00:03:20 +0100] "GET /-p-26497.html HTTP/1.0" 200 69192 "-" "Mozilla/5.0 (compatible; bingbot/2.0; +http://www.bing.com/bingbot.htm)"
13.66.139.14 - - [12/Jan/2021:00:03:21 +0100] "GET /oops-daisy-vintage-gorjuss-post-card-p-34617.html HTTP/1.0" 200 69369 "-" "Mozilla/5.0 (compatible; bingbot/2.0; +http://www.bing.com/bingbot.htm)"
13.66.139.2 - - [12/Jan/2021:00:03:24 +0100] "GET /buddha-resin-gold-statue-10-cm-not-say-p-38078.html HTTP/1.0" 200 69349 "-" "Mozilla/5.0 (compatible; bingbot/2.0; +http://www.bing.com/bingbot.htm)"
13.66.139.2 - - [12/Jan/2021:00:03:25 +0100] "GET /cushion-chambord-40-cm-p-39142.html HTTP/1.0" 301 69259 "-" "Mozilla/5.0 (compatible; bingbot/2.0; +http://www.bing.com/bingbot.htm)"
13.66.139.2 - - [12/Jan/2021:00:03:26 +0100] "GET /-p-3359.html HTTP/1.0" 200 69190 "-" "Mozilla/5.0 (compatible; bingbot/2.0; +http://www.bing.com/bingbot.htm)"
13.66.139.2 - - [12/Jan/2021:00:03:27 +0100] "GET /-p-23231.html HTTP/1.0" 200 69192 "-" "Mozilla/5.0 (compatible; bingbot/2.0; +http://www.bing.com/bingbot.htm)"
13.66.139.2 - - [12/Jan/2021:00:03:27 +0100] "GET /-p-20344.html HTTP/1.0" 200 69192 "-" "Mozilla/5.0 (compatible; bingbot/2.0; +http://www.bing.com/bingbot.htm)"
13.66.139.2 - - [12/Jan/2021:00:03:28 +0100] "GET /skeleton-and-roses-black-shirt-p-30126.html HTTP/1.0" 200 69339 "-" "Mozilla/5.0 (compatible; bingbot/2.0; +http://www.bing.com/bingbot.htm)"
13.66.139.2 - - [12/Jan/2021:00:03:29 +0100] "GET /-p-24428.html HTTP/1.0" 200 69192 "-" "Mozilla/5.0 (compatible; bingbot/2.0; +http://www.bing.com/bingbot.htm)"
13.66.139.2 - - [12/Jan/2021:00:03:30 +0100] "GET /-p-13205.html HTTP/1.0" 200 69192 "-" "Mozilla/5.0 (compatible; bingbot/2.0; +http://www.bing.com/bingbot.htm)"
