40.77.167.56 - - [11/Jan/2021:09:54:58 +0100] "GET /images/5018997517512.jpg HTTP/1.0" 200 259 "-" "Mozilla/5.0 (compatible; bingbot/2.0; +http://www.bing.com/bingbot.htm)"
207.46.13.26 - - [11/Jan/2021:09:55:04 +0100] "GET /images/big_prod/1399184100187N.jpg HTTP/1.0" 200 269 "-" "Mozilla/5.0 (compatible; bingbot/2.0; +http://www.bing.com/bingbot.htm)"
66.249.66.64 - - [11/Jan/2021:09:55:34 +0100] "GET /-m-457.html HTTP/1.0" 200 90291 "-" "Mozilla/5.0 (Linux; Android 6.0.1; Nexus 5X Build/MMB29P) AppleWebKit/537.36 (KHTML, like Gecko) Chrome/87.0.4280.90 Mobile Safari/537.36 (compatible; Googlebot/2.1; +http://www.google.com/bot.html)"
185.191.171.19 - - [11/Jan/2021:09:56:02 +0100] "GET /candy-cloud-bamboo-cup-jazzy-p-49781.html HTTP/1.0" 200 69274 "-" "Mozilla/5.0 (compatible; SemrushBot/7~bl; +http://www.semrush.com/bot.html)"
13.66.139.48 - - [11/Jan/2021:09:56:05 +0100] "GET /snow-and-glitter-ball-c-13_259.html HTTP/1.0" 200 89062 "-" "Mozilla/5.0 (compatible; bingbot/2.0; +http://www.bing.com/bingbot.htm)"
66.249.66.64 - - [11/Jan/2021:09:56:20 +0100] "GET /images/5701359681937.jpg HTTP/1.0" 200 259 "-" "Googlebot-Image/1.0"
185.191.171.8 - - [11/Jan/2021:09:56:44 +0100] "GET /decorative-vase-of-indian-inspiration-13-cm-p-41524.html HTTP/1.0" 200 72050 "-" "Mozilla/5.0 (compatible; SemrushBot/7~bl; +http://www.semrush.com/bot.html)"
207.46.13.239 - - [11/Jan/2021:09:57:04 +0100] "GET /images/1300010236703.jpg HTTP/1.0" 200 259 "-" "Mozilla/5.0 (compatible; bingbot/2.0; +http://www.bing.com/bingbot.htm)"
185.191.171.23 - - [11/Jan/2021:09:57:30 +0100] "GET /lego-superman-led-lite-dc-super-heroes-keychains-p-27072.html HTTP/1.0" 200 72177 "-" "Mozilla/5.0 (compatible; SemrushBot/7~bl; +http://www.semrush.com/bot.html)"
54.36.148.217 - - [11/Jan/2021:09:57:50 +0100] "GET /pusheen-the-grey-cat-soft-toy-25-cm-p-33824.html HTTP/1.0" 301 69259 "-" "Mozilla/5.0 (compatible; AhrefsBot/7.0; +http://ahrefs.com/robot/)"
185.191.171.14 - - [11/Jan/2021:09:58:03 +0100] "GET /cotton-kitchen-towel-bordeaux-p-44198.html HTTP/1.0" 200 71867 "-" "Mozilla/5.0 (compatible; SemrushBot/7~bl; +http://www.semrush.com/bot.html)"
114.119.145.117 - - [11/Jan/2021:09:58:23 +0100] "GET /daisy-and-minnie-bag-lunch-box-and-bottle-p-31685.html HTTP/1.0" 200 72163 "-" "Mozilla/5.0 (Linux; Android 7.0;) AppleWebKit/537.36 (KHTML, like Gecko) Mobile Safari/537.36 (compatible; PetalBot;+https://aspiegel.com/petalbot)"
185.191.171.42 - - [11/Jan/2021:09:58:30 +0100] "GET /betty-boop-ashtray-p-28833.html HTTP/1.0" 200 71757 "-" "Mozilla/5.0 (compatible; SemrushBot/7~bl; +http://www.semrush.com/bot.html)"
54.36.148.87 - - [11/Jan/2021:09:58:49 +0100] "GET /products_new.php HTTP/1.0" 200 90099 "-" "Mozilla/5.0 (compatible; AhrefsBot/7.0; +http://ahrefs.com/robot/)"
40.77.167.56 - - [11/Jan/2021:09:58:57 +0100] "GET /images/big_prod/3565750294071.jpg HTTP/1.0" 200 268 "-" "Mozilla/5.0 (compatible; bingbot/2.0; +http://www.bing.com/bingbot.htm)"
157.55.39.110 - - [11/Jan/2021:09:59:02 +0100] "GET /-p-22015.html HTTP/1.0" 200 69192 "-" "Mozilla/5.0 (compatible; bingbot/2.0; +http://www.bing.com/bingbot.htm)"
40.77.167.56 - - [11/Jan/2021:09:59:09 +0100] "GET /images/med_prod/N1384010176153N.jpg HTTP/1.0" 200 270 "-" "Mozilla/5.0 (compatible; bingbot/2.0; +http://www.bing.com/bingbot.htm)"
157.55.39.22 - - [11/Jan/2021:09:59:22 +0100] "GET /images/5018997610701.jpg HTTP/1.0" 200 259 "-" "Mozilla/5.0 (compatible; bingbot/2.0; +http://www.bing.com/bingbot.htm)"
185.191.171.16 - - [11/Jan/2021:09:59:40 +0100] "GET /set-c-2_34.html HTTP/1.0" 200 75528 "-" "Mozilla/5.0 (compatible; SemrushBot/7~bl; +http://www.semrush.com/bot.html)"
51.68.224.127 - - [11/Jan/2021:09:59:40 +0100] "GET /adminweb/export_orders_xml.php?token=256de2z6edz6ed2z6DFSFsed2zed6zeDSFDSGdzedezfzf&maxorders=10&orderstart=1&status=14&start_date=2018-10-01 HTTP/1.0" 200 285 "-" "GesCom CharlotteBoutik Serveur"
51.68.224.127 - - [11/Jan/2021:09:59:41 +0100] "GET /adminweb/export_orders_xml.php?token=256de2z6edz6ed2z6DFSFsed2zed6zeDSFDSGdzedezfzf&maxorders=10&orderstart=1&status=6&start_date=2018-10-01 HTTP/1.0" 200 29990 "-" "GesCom CharlotteBoutik Serveur"
185.191.171.14 - - [11/Jan/2021:10:00:08 +0100] "GET /pepe-jeans-grey-backpack-laptop-p-33488.html HTTP/1.0" 200 72242 "-" "Mozilla/5.0 (compatible; SemrushBot/7~bl; +http://www.semrush.com/bot.html)"
13.66.139.14 - - [11/Jan/2021:10:00:15 +0100] "GET /images/big_prod/8719172837452.jpg HTTP/1.0" 200 268 "-" "Mozilla/5.0 (compatible; bingbot/2.0; +http://www.bing.com/bingbot.htm)"
185.191.171.15 - - [11/Jan/2021:10:00:25 +0100] "GET /retro-case-for-cigarettes-pack-p-42576.html HTTP/1.0" 200 71922 "-" "Mozilla/5.0 (compatible; SemrushBot/7~bl; +http://www.semrush.com/bot.html)"
189.91.84.25 - - [11/Jan/2021:10:00:45 +0100] "GET /contact_us.php HTTP/1.0" 200 26241 "http://www.wonder-geek.com/contact_us.php" "Mozilla/5.0 (Windows NT 10.0; Win64; x64) AppleWebKit/537.36 (KHTML, like Gecko) Chrome/83.0.4087.0 Safari/537.36"
189.91.84.25 - - [11/Jan/2021:10:00:48 +0100] "POST /contact_us.php?action=send HTTP/1.0" 200 26475 "http://www.wonder-geek.com/contact_us.php" "Mozilla/5.0 (Windows NT 10.0; Win64; x64) AppleWebKit/537.36 (KHTML, like Gecko) Chrome/83.0.4087.0 Safari/537.36"
185.191.171.1 - - [11/Jan/2021:10:00:55 +0100] "GET /dishes-c-13_12.html?page=26 HTTP/1.0" 200 90406 "-" "Mozilla/5.0 (compatible; SemrushBot/7~bl; +http://www.semrush.com/bot.html)"
185.191.171.3 - - [11/Jan/2021:10:01:09 +0100] "GET /cats-by-dubout-figurine-so-chic-white-p-44149.html HTTP/1.0" 200 72377 "-" "Mozilla/5.0 (compatible; SemrushBot/7~bl; +http://www.semrush.com/bot.html)"
157.55.39.110 - - [11/Jan/2021:10:01:10 +0100] "GET /js/jquery.jqzoom.js HTTP/1.0" 200 259 "-" "Mozilla/5.0 (compatible; bingbot/2.0; +http://www.bing.com/bingbot.htm)"
185.191.171.3 - - [11/Jan/2021:10:01:14 +0100] "GET /flower-fairies-jewelry-box-p-53246.html HTTP/1.0" 200 72843 "-" "Mozilla/5.0 (compatible; SemrushBot/7~bl; +http://www.semrush.com/bot.html)"
157.55.39.220 - - [11/Jan/2021:10:01:18 +0100] "GET /highslide/highslide.js HTTP/1.0" 200 262 "-" "Mozilla/5.0 (compatible; bingbot/2.0; +http://www.bing.com/bingbot.htm)"
40.77.167.56 - - [11/Jan/2021:10:01:27 +0100] "GET /images/5018997519806.jpg HTTP/1.0" 200 259 "-" "Mozilla/5.0 (compatible; bingbot/2.0; +http://www.bing.com/bingbot.htm)"
17.58.101.147 - - [11/Jan/2021:10:01:34 +0100] "GET /charmmy-kitty-blue-swimsuit-p-30290.html HTTP/1.0" 200 69318 "-" "Mozilla/5.0 (Macintosh; Intel Mac OS X 10_15_5) AppleWebKit/605.1.15 (KHTML, like Gecko) Version/13.1.1 Safari/605.1.15 (Applebot/0.1; +http://www.apple.com/go/applebot)"
185.191.171.45 - - [11/Jan/2021:10:02:03 +0100] "GET /handy-manny-disney-paper-lampshade-p-24749.html HTTP/1.0" 200 72744 "-" "Mozilla/5.0 (compatible; SemrushBot/7~bl; +http://www.semrush.com/bot.html)"
157.55.39.110 - - [11/Jan/2021:10:02:30 +0100] "GET /images/med_prod/3609810033863.jpg HTTP/1.0" 200 268 "-" "Mozilla/5.0 (compatible; bingbot/2.0; +http://www.bing.com/bingbot.htm)"
185.191.171.45 - - [11/Jan/2021:10:02:35 +0100] "GET /sagittarius-classic-mug-cbkreation-p-29033.html HTTP/1.0" 200 71891 "-" "Mozilla/5.0 (compatible; SemrushBot/7~bl; +http://www.semrush.com/bot.html)"
114.119.151.113 - - [11/Jan/2021:10:02:51 +0100] "GET /you-miss-me-bedclothes-240-220-cm-p-39154.html HTTP/1.0" 200 71962 "-" "Mozilla/5.0 (Linux; Android 7.0;) AppleWebKit/537.36 (KHTML, like Gecko) Mobile Safari/537.36 (compatible; PetalBot;+https://aspiegel.com/petalbot)"
185.191.171.23 - - [11/Jan/2021:10:03:46 +0100] "GET /whites-rabbits-decorative-statue-p-48595.html HTTP/1.0" 200 69310 "-" "Mozilla/5.0 (compatible; SemrushBot/7~bl; +http://www.semrush.com/bot.html)"
17.58.101.147 - - [11/Jan/2021:10:03:55 +0100] "GET /mickey-mouse-disney-glitter-globe-p-33588.html HTTP/1.0" 200 72047 "-" "Mozilla/5.0 (Macintosh; Intel Mac OS X 10_15_5) AppleWebKit/605.1.15 (KHTML, like Gecko) Version/13.1.1 Safari/605.1.15 (Applebot/0.1; +http://www.apple.com/go/applebot)"
54.36.148.87 - - [11/Jan/2021:10:04:00 +0100] "GET /retro-sugar-box-matte-black-metal-p-37706.html HTTP/1.0" 200 72035 "-" "Mozilla/5.0 (compatible; AhrefsBot/7.0; +http://ahrefs.com/robot/)"
185.191.171.45 - - [11/Jan/2021:10:04:11 +0100] "GET /retro-blue-eyeglass-case-p-30016.html HTTP/1.0" 200 71889 "-" "Mozilla/5.0 (compatible; SemrushBot/7~bl; +http://www.semrush.com/bot.html)"
207.46.13.229 - - [11/Jan/2021:10:04:22 +0100] "GET /images/big_prod/1300010239742.jpg HTTP/1.0" 200 268 "-" "Mozilla/5.0 (compatible; bingbot/2.0; +http://www.bing.com/bingbot.htm)"
157.55.39.220 - - [11/Jan/2021:10:04:28 +0100] "GET /images/magnet70041.jpg HTTP/1.0" 200 257 "-" "Mozilla/5.0 (compatible; bingbot/2.0; +http://www.bing.com/bingbot.htm)"
185.191.171.22 - - [11/Jan/2021:10:04:39 +0100] "GET /pillow-case-65-65-cm-olive-green-p-51991.html HTTP/1.0" 200 72138 "-" "Mozilla/5.0 (compatible; SemrushBot/7~bl; +http://www.semrush.com/bot.html)"
185.191.171.23 - - [11/Jan/2021:10:05:02 +0100] "GET /double-bamboo-mirror-p-52470.html HTTP/1.0" 200 72613 "-" "Mozilla/5.0 (compatible; SemrushBot/7~bl; +http://www.semrush.com/bot.html)"
185.191.171.2 - - [11/Jan/2021:10:05:09 +0100] "GET /wooden-wall-decoration-chakras-90-cm-p-46275.html HTTP/1.0" 200 71963 "-" "Mozilla/5.0 (compatible; SemrushBot/7~bl; +http://www.semrush.com/bot.html)"
185.191.171.37 - - [11/Jan/2021:10:05:13 +0100] "GET /robots.txt HTTP/1.0" 301 531 "-" "Mozilla/5.0 (compatible; SemrushBot/7~bl; +http://www.semrush.com/bot.html)"
185.191.171.3 - - [11/Jan/2021:10:05:14 +0100] "GET /robots.txt HTTP/1.0" 200 245 "-" "Mozilla/5.0 (compatible; SemrushBot/7~bl; +http://www.semrush.com/bot.html)"
185.191.171.10 - - [11/Jan/2021:10:05:14 +0100] "GET /games-and-toys/figures/asterix-and-obelix-redbeard-pirate-figure-p-15698.html HTTP/1.0" 301 665 "-" "Mozilla/5.0 (compatible; SemrushBot/7~bl; +http://www.semrush.com/bot.html)"
185.191.171.17 - - [11/Jan/2021:10:05:15 +0100] "GET /games-and-toys/figures/asterix-and-obelix-redbeard-pirate-figure-p-15698.html HTTP/1.0" 301 69259 "-" "Mozilla/5.0 (compatible; SemrushBot/7~bl; +http://www.semrush.com/bot.html)"
185.191.171.45 - - [11/Jan/2021:10:05:17 +0100] "GET /-p-15698.html HTTP/1.0" 200 69192 "-" "Mozilla/5.0 (compatible; SemrushBot/7~bl; +http://www.semrush.com/bot.html)"
207.46.13.239 - - [11/Jan/2021:10:05:36 +0100] "GET /images/5010065008786.jpg HTTP/1.0" 200 259 "-" "Mozilla/5.0 (compatible; bingbot/2.0; +http://www.bing.com/bingbot.htm)"
185.191.171.21 - - [11/Jan/2021:10:05:44 +0100] "GET /garage-service-station-metal-wall-decoration-60-cm-p-44440.html HTTP/1.0" 200 72086 "-" "Mozilla/5.0 (compatible; SemrushBot/7~bl; +http://www.semrush.com/bot.html)"
185.191.171.22 - - [11/Jan/2021:10:06:01 +0100] "GET /small-jar-candle-lemon-of-amalfi-p-47630.html HTTP/1.0" 200 72368 "-" "Mozilla/5.0 (compatible; SemrushBot/7~bl; +http://www.semrush.com/bot.html)"
185.191.171.8 - - [11/Jan/2021:10:06:44 +0100] "GET /pencil-pooby-ylvi-and-the-minimoomis-p-33972.html HTTP/1.0" 200 73834 "-" "Mozilla/5.0 (compatible; SemrushBot/7~bl; +http://www.semrush.com/bot.html)"
185.191.171.14 - - [11/Jan/2021:10:07:03 +0100] "GET /fish-large-bowl-p-48619.html HTTP/1.0" 200 69242 "-" "Mozilla/5.0 (compatible; SemrushBot/7~bl; +http://www.semrush.com/bot.html)"
114.119.145.117 - - [11/Jan/2021:10:07:09 +0100] "GET /terracotta-soldier-statue-of-emperor-qin-large-model-p-50015.html HTTP/1.0" 200 73278 "-" "Mozilla/5.0 (Linux; Android 7.0;) AppleWebKit/537.36 (KHTML, like Gecko) Mobile Safari/537.36 (compatible; PetalBot;+https://aspiegel.com/petalbot)"
185.191.171.23 - - [11/Jan/2021:10:07:12 +0100] "GET /ceramic-salt-pot-with-spoon-dory-p-51426.html HTTP/1.0" 200 71890 "-" "Mozilla/5.0 (compatible; SemrushBot/7~bl; +http://www.semrush.com/bot.html)"
185.191.171.10 - - [11/Jan/2021:10:07:28 +0100] "GET /tweety-pencil-case-p-520.html HTTP/1.0" 200 71994 "-" "Mozilla/5.0 (compatible; SemrushBot/7~bl; +http://www.semrush.com/bot.html)"
185.191.171.1 - - [11/Jan/2021:10:07:32 +0100] "GET /home-and-decoration-c-13.html?page=89 HTTP/1.0" 200 91579 "-" "Mozilla/5.0 (compatible; SemrushBot/7~bl; +http://www.semrush.com/bot.html)"
185.191.171.42 - - [11/Jan/2021:10:08:22 +0100] "GET /anise-ganesh-glass-lamp-p-50580.html HTTP/1.0" 200 72505 "-" "Mozilla/5.0 (compatible; SemrushBot/7~bl; +http://www.semrush.com/bot.html)"
207.46.13.36 - - [11/Jan/2021:10:08:24 +0100] "GET /images/big_prod/8433933224052.jpg HTTP/1.0" 200 268 "-" "Mozilla/5.0 (compatible; bingbot/2.0; +http://www.bing.com/bingbot.htm)"
185.191.171.6 - - [11/Jan/2021:10:08:35 +0100] "GET /lois-black-leather-wallet-p-38158.html HTTP/1.0" 200 72760 "-" "Mozilla/5.0 (compatible; SemrushBot/7~bl; +http://www.semrush.com/bot.html)"
185.191.171.34 - - [11/Jan/2021:10:08:37 +0100] "GET /light-blue-articulated-table-lamp-p-48082.html HTTP/1.0" 200 69314 "-" "Mozilla/5.0 (compatible; SemrushBot/7~bl; +http://www.semrush.com/bot.html)"
185.191.171.15 - - [11/Jan/2021:10:08:46 +0100] "GET /minnie-mouse-swimming-armband-p-19979.html HTTP/1.0" 200 71927 "-" "Mozilla/5.0 (compatible; SemrushBot/7~bl; +http://www.semrush.com/bot.html)"
185.191.171.37 - - [11/Jan/2021:10:08:49 +0100] "GET /bretagne-phone-cover-for-iphone-cbkreation-p-13961.html HTTP/1.0" 200 69332 "-" "Mozilla/5.0 (compatible; SemrushBot/7~bl; +http://www.semrush.com/bot.html)"
54.36.148.250 - - [11/Jan/2021:10:08:50 +0100] "GET /retro-wooden-chest-50-cm-p-52932.html HTTP/1.0" 200 72425 "-" "Mozilla/5.0 (compatible; AhrefsBot/7.0; +http://ahrefs.com/robot/)"
185.191.171.12 - - [11/Jan/2021:10:08:52 +0100] "GET /disney-showcase-figurine-collection-maleficent-p-45976.html HTTP/1.0" 200 73455 "-" "Mozilla/5.0 (compatible; SemrushBot/7~bl; +http://www.semrush.com/bot.html)"
40.77.167.56 - - [11/Jan/2021:10:09:34 +0100] "GET /images/big_prod/5018997627679.jpg HTTP/1.0" 200 268 "-" "Mozilla/5.0 (compatible; bingbot/2.0; +http://www.bing.com/bingbot.htm)"
185.191.171.43 - - [11/Jan/2021:10:09:43 +0100] "GET /ganesh-statue-29-cm-p-36848.html HTTP/1.0" 200 71845 "-" "Mozilla/5.0 (compatible; SemrushBot/7~bl; +http://www.semrush.com/bot.html)"
157.55.39.110 - - [11/Jan/2021:10:09:53 +0100] "GET /pepe-jeans-navy-blue-pencil-case-p-41317.html HTTP/1.0" 200 71963 "-" "Mozilla/5.0 (compatible; bingbot/2.0; +http://www.bing.com/bingbot.htm)"
207.46.13.229 - - [11/Jan/2021:10:10:26 +0100] "GET /images/big_prod_1/3700407618552B.jpg HTTP/1.0" 200 271 "-" "Mozilla/5.0 (compatible; bingbot/2.0; +http://www.bing.com/bingbot.htm)"
185.191.171.14 - - [11/Jan/2021:10:10:33 +0100] "GET /harley-davidson-set-of-magnets-p-45946.html HTTP/1.0" 200 71949 "-" "Mozilla/5.0 (compatible; SemrushBot/7~bl; +http://www.semrush.com/bot.html)"
185.191.171.19 - - [11/Jan/2021:10:10:42 +0100] "GET /white-cat-statuette-22-cm-p-43102.html HTTP/1.0" 200 71921 "-" "Mozilla/5.0 (compatible; SemrushBot/7~bl; +http://www.semrush.com/bot.html)"
66.249.66.66 - - [11/Jan/2021:10:10:50 +0100] "GET /teo-jasmin-jasmine-rockabilly-companion-portfolio-p-39129.html HTTP/1.0" 200 72934 "-" "Mozilla/5.0 (Linux; Android 6.0.1; Nexus 5X Build/MMB29P) AppleWebKit/537.36 (KHTML, like Gecko) Chrome/87.0.4280.90 Mobile Safari/537.36 (compatible; Googlebot/2.1; +http://www.google.com/bot.html)"
207.46.13.36 - - [11/Jan/2021:10:10:54 +0100] "GET /images/1300010239964.jpg HTTP/1.0" 200 259 "-" "Mozilla/5.0 (compatible; bingbot/2.0; +http://www.bing.com/bingbot.htm)"
185.191.171.1 - - [11/Jan/2021:10:11:07 +0100] "GET /frames-flags-and-decorative-paintings-c-13_148.html?page=5 HTTP/1.0" 200 94316 "-" "Mozilla/5.0 (compatible; SemrushBot/7~bl; +http://www.semrush.com/bot.html)"
13.66.139.48 - - [11/Jan/2021:10:11:16 +0100] "GET /images/big_prod/8433933117538.jpg HTTP/1.0" 200 268 "-" "Mozilla/5.0 (compatible; bingbot/2.0; +http://www.bing.com/bingbot.htm)"
185.191.171.40 - - [11/Jan/2021:10:11:26 +0100] "GET /rectangular-ceramic-oven-dish-hens-33-cm-laurine-p-45676.html HTTP/1.0" 200 69382 "-" "Mozilla/5.0 (compatible; SemrushBot/7~bl; +http://www.semrush.com/bot.html)"
114.119.154.200 - - [11/Jan/2021:10:11:32 +0100] "GET /large-van-gogh-umbrella-p-52394.html HTTP/1.0" 200 72537 "-" "Mozilla/5.0 (Linux; Android 7.0;) AppleWebKit/537.36 (KHTML, like Gecko) Mobile Safari/537.36 (compatible; PetalBot;+https://aspiegel.com/petalbot)"
185.191.171.42 - - [11/Jan/2021:10:12:04 +0100] "GET /cancer-mousepad-by-cbkreation-p-43299.html HTTP/1.0" 200 71915 "-" "Mozilla/5.0 (compatible; SemrushBot/7~bl; +http://www.semrush.com/bot.html)"
207.46.13.229 - - [11/Jan/2021:10:12:27 +0100] "GET /images/5018997610855.jpg HTTP/1.0" 200 259 "-" "Mozilla/5.0 (compatible; bingbot/2.0; +http://www.bing.com/bingbot.htm)"
207.46.13.36 - - [11/Jan/2021:10:12:31 +0100] "GET /-p-2634.html HTTP/1.0" 200 69190 "-" "Mozilla/5.0 (compatible; bingbot/2.0; +http://www.bing.com/bingbot.htm)"
185.191.171.2 - - [11/Jan/2021:10:12:37 +0100] "GET /jake-and-the-never-land-pirates-pvc-money-box-p-32144.html HTTP/1.0" 200 72132 "-" "Mozilla/5.0 (compatible; SemrushBot/7~bl; +http://www.semrush.com/bot.html)"
185.191.171.4 - - [11/Jan/2021:10:12:53 +0100] "GET /support-metal-bottle-lovers-p-44893.html HTTP/1.0" 200 71914 "-" "Mozilla/5.0 (compatible; SemrushBot/7~bl; +http://www.semrush.com/bot.html)"
207.46.13.26 - - [11/Jan/2021:10:12:59 +0100] "GET /images/1300010240311.jpg HTTP/1.0" 200 259 "-" "Mozilla/5.0 (compatible; bingbot/2.0; +http://www.bing.com/bingbot.htm)"
185.191.171.9 - - [11/Jan/2021:10:13:14 +0100] "GET /owl-saltshaker-and-pepper-pot-p-42259.html HTTP/1.0" 200 71879 "-" "Mozilla/5.0 (compatible; SemrushBot/7~bl; +http://www.semrush.com/bot.html)"
40.77.167.56 - - [11/Jan/2021:10:13:14 +0100] "GET /mani-the-lucky-cat-glasses-case-p-47576.html HTTP/1.0" 200 72574 "-" "Mozilla/5.0 (compatible; bingbot/2.0; +http://www.bing.com/bingbot.htm)"
54.36.148.87 - - [11/Jan/2021:10:13:27 +0100] "GET /new-york-yankees-vertical-shoulder-bag-p-11585.html HTTP/1.0" 200 72358 "-" "Mozilla/5.0 (compatible; AhrefsBot/7.0; +http://ahrefs.com/robot/)"
207.46.13.239 - - [11/Jan/2021:10:13:41 +0100] "GET /images/med_prod/8435107822545.jpg HTTP/1.0" 200 268 "-" "Mozilla/5.0 (compatible; bingbot/2.0; +http://www.bing.com/bingbot.htm)"
185.191.171.9 - - [11/Jan/2021:10:13:59 +0100] "GET /lion-phone-cover-for-iphone-cbkreation-p-14059.html HTTP/1.0" 200 69346 "-" "Mozilla/5.0 (compatible; SemrushBot/7~bl; +http://www.semrush.com/bot.html)"
207.46.13.36 - - [11/Jan/2021:10:14:05 +0100] "GET /images/3281640390738.jpg HTTP/1.0" 200 259 "-" "Mozilla/5.0 (compatible; bingbot/2.0; +http://www.bing.com/bingbot.htm)"
157.55.39.110 - - [11/Jan/2021:10:14:42 +0100] "GET /fff-beer-glass-p-33911.html HTTP/1.0" 200 71744 "-" "Mozilla/5.0 (compatible; bingbot/2.0; +http://www.bing.com/bingbot.htm)"
13.66.139.48 - - [11/Jan/2021:10:14:47 +0100] "GET /images/big_prod/1384220390806.jpg HTTP/1.0" 200 268 "-" "Mozilla/5.0 (compatible; bingbot/2.0; +http://www.bing.com/bingbot.htm)"
185.191.171.3 - - [11/Jan/2021:10:15:02 +0100] "GET /monkey-statue-resin-not-see-anything-p-46705.html HTTP/1.0" 200 69330 "-" "Mozilla/5.0 (compatible; SemrushBot/7~bl; +http://www.semrush.com/bot.html)"
157.55.39.110 - - [11/Jan/2021:10:15:32 +0100] "GET /games-and-toys/soft-toys-security-blanket/burglar-pink-panther-little-soft-toy-p-18794.html HTTP/1.0" 301 693 "-" "Mozilla/5.0 (compatible; bingbot/2.0; +http://www.bing.com/bingbot.htm)"
185.191.171.26 - - [11/Jan/2021:10:15:32 +0100] "GET /embossed-clutch-bag-we-can-all-shine-p-32774.html HTTP/1.0" 200 73269 "-" "Mozilla/5.0 (compatible; SemrushBot/7~bl; +http://www.semrush.com/bot.html)"
185.191.171.39 - - [11/Jan/2021:10:15:36 +0100] "GET /corsica-kitchen-towel-p-38781.html HTTP/1.0" 200 71809 "-" "Mozilla/5.0 (compatible; SemrushBot/7~bl; +http://www.semrush.com/bot.html)"
185.191.171.35 - - [11/Jan/2021:10:15:50 +0100] "GET /luggages-schoolbags-leather-shop-c-31.html?page=24 HTTP/1.0" 200 91744 "-" "Mozilla/5.0 (compatible; SemrushBot/7~bl; +http://www.semrush.com/bot.html)"
114.119.145.117 - - [11/Jan/2021:10:15:55 +0100] "GET /ceramic-lamp-22-cm-p-52406.html HTTP/1.0" 200 72528 "-" "Mozilla/5.0 (Linux; Android 7.0;) AppleWebKit/537.36 (KHTML, like Gecko) Mobile Safari/537.36 (compatible; PetalBot;+https://aspiegel.com/petalbot)"
157.55.39.22 - - [11/Jan/2021:10:15:58 +0100] "GET /images/3700276265567.jpg HTTP/1.0" 200 259 "-" "Mozilla/5.0 (compatible; bingbot/2.0; +http://www.bing.com/bingbot.htm)"
157.55.39.22 - - [11/Jan/2021:10:15:58 +0100] "GET /images/DSCN0952b.jpg HTTP/1.0" 200 255 "-" "Mozilla/5.0 (compatible; bingbot/2.0; +http://www.bing.com/bingbot.htm)"
185.191.171.22 - - [11/Jan/2021:10:15:58 +0100] "GET /tetsubin-plum-teapot-japanese-liter-p-40901.html HTTP/1.0" 200 72152 "-" "Mozilla/5.0 (compatible; SemrushBot/7~bl; +http://www.semrush.com/bot.html)"
51.68.224.127 - - [11/Jan/2021:10:16:05 +0100] "GET /adminweb/export_orders_xml.php?token=256de2z6edz6ed2z6DFSFsed2zed6zeDSFDSGdzedezfzf&maxorders=10&orderstart=1&status=14&start_date=2018-10-01 HTTP/1.0" 200 285 "-" "GesCom CharlotteBoutik Serveur"
51.68.224.127 - - [11/Jan/2021:10:16:05 +0100] "GET /adminweb/export_orders_xml.php?token=256de2z6edz6ed2z6DFSFsed2zed6zeDSFDSGdzedezfzf&maxorders=10&orderstart=1&status=6&start_date=2018-10-01 HTTP/1.0" 200 29990 "-" "GesCom CharlotteBoutik Serveur"
185.191.171.8 - - [11/Jan/2021:10:16:19 +0100] "GET /hens-ceramic-pie-dish-red-model-only-p-44496.html HTTP/1.0" 200 69326 "-" "Mozilla/5.0 (compatible; SemrushBot/7~bl; +http://www.semrush.com/bot.html)"
207.46.13.26 - - [11/Jan/2021:10:16:39 +0100] "GET /images/big_prod/8718657460741.jpg HTTP/1.0" 200 268 "-" "Mozilla/5.0 (compatible; bingbot/2.0; +http://www.bing.com/bingbot.htm)"
46.17.106.61 - - [11/Jan/2021:10:16:47 +0100] "GET / HTTP/1.0" 301 511 "-" "Mozilla/5.0 (Windows NT 6.3; Win64; x64) AppleWebKit/537.36 (KHTML, like Gecko) Chrome/75.0.3770.100 Safari/537.36"
46.17.106.61 - - [11/Jan/2021:10:16:47 +0100] "GET / HTTP/1.0" 200 150184 "-" "Mozilla/5.0 (Windows NT 6.3; Win64; x64) AppleWebKit/537.36 (KHTML, like Gecko) Chrome/75.0.3770.100 Safari/537.36"
185.191.171.21 - - [11/Jan/2021:10:16:57 +0100] "GET /jungle-shower-curtain-180-200-cm-p-52157.html HTTP/1.0" 200 72568 "-" "Mozilla/5.0 (compatible; SemrushBot/7~bl; +http://www.semrush.com/bot.html)"
185.191.171.45 - - [11/Jan/2021:10:17:01 +0100] "GET /montenegro-clock-by-cbkreation-p-36925.html HTTP/1.0" 200 71876 "-" "Mozilla/5.0 (compatible; SemrushBot/7~bl; +http://www.semrush.com/bot.html)"
185.191.171.25 - - [11/Jan/2021:10:17:29 +0100] "GET /great-dog-bowls-nom-un-chien-ai-faim-p-31430.html HTTP/1.0" 200 72116 "-" "Mozilla/5.0 (compatible; SemrushBot/7~bl; +http://www.semrush.com/bot.html)"
185.191.171.42 - - [11/Jan/2021:10:17:37 +0100] "GET /candle-made-in-france-40-hours-lemongrass-p-43876.html HTTP/1.0" 200 71968 "-" "Mozilla/5.0 (compatible; SemrushBot/7~bl; +http://www.semrush.com/bot.html)"
207.46.13.26 - - [11/Jan/2021:10:17:40 +0100] "GET /whisky-jb-mirror-p-37750.html HTTP/1.0" 200 69263 "-" "Mozilla/5.0 (compatible; bingbot/2.0; +http://www.bing.com/bingbot.htm)"
54.36.149.47 - - [11/Jan/2021:10:18:06 +0100] "GET /ceramic-and-cork-trivet-18-cm-mandala-p-53070.html HTTP/1.0" 200 71965 "-" "Mozilla/5.0 (compatible; AhrefsBot/7.0; +http://ahrefs.com/robot/)"
185.191.171.3 - - [11/Jan/2021:10:18:59 +0100] "GET /raving-rabbits-bag-lunch-box-and-bottle-p-31688.html HTTP/1.0" 200 69381 "-" "Mozilla/5.0 (compatible; SemrushBot/7~bl; +http://www.semrush.com/bot.html)"
157.55.39.220 - - [11/Jan/2021:10:19:13 +0100] "GET /images/big_prod/1345544823869.jpg HTTP/1.0" 200 268 "-" "Mozilla/5.0 (compatible; bingbot/2.0; +http://www.bing.com/bingbot.htm)"
207.46.13.36 - - [11/Jan/2021:10:19:27 +0100] "GET /chakra-banner-120-30-cm-p-44402.html HTTP/1.0" 200 72247 "-" "Mozilla/5.0 (compatible; bingbot/2.0; +http://www.bing.com/bingbot.htm)"
185.191.171.13 - - [11/Jan/2021:10:19:45 +0100] "GET /il-est-jamais-trop-tard-pour-ne-rien-faire-metal-plate-deco-p-45081.html HTTP/1.0" 200 72027 "-" "Mozilla/5.0 (compatible; SemrushBot/7~bl; +http://www.semrush.com/bot.html)"
207.46.13.229 - - [11/Jan/2021:10:19:48 +0100] "GET /images/med_prod/8435306290596.jpg HTTP/1.0" 200 268 "-" "Mozilla/5.0 (compatible; bingbot/2.0; +http://www.bing.com/bingbot.htm)"
114.119.130.202 - - [11/Jan/2021:10:20:19 +0100] "GET /daisy-duck-cosmetic-pouch-p-28836.html HTTP/1.0" 200 71924 "-" "Mozilla/5.0 (Linux; Android 7.0;) AppleWebKit/537.36 (KHTML, like Gecko) Mobile Safari/537.36 (compatible; PetalBot;+https://aspiegel.com/petalbot)"
185.191.171.14 - - [11/Jan/2021:10:20:35 +0100] "GET /zodiac-high-ceramic-mug-p-30779.html HTTP/1.0" 200 71796 "-" "Mozilla/5.0 (compatible; SemrushBot/7~bl; +http://www.semrush.com/bot.html)"
13.66.139.14 - - [11/Jan/2021:10:20:47 +0100] "GET /images/big_prod/8433933181249.jpg HTTP/1.0" 200 268 "-" "Mozilla/5.0 (compatible; bingbot/2.0; +http://www.bing.com/bingbot.htm)"
185.191.171.4 - - [11/Jan/2021:10:20:50 +0100] "GET /moldavite-pendant-silver-bail-p-47235.html HTTP/1.0" 200 69302 "-" "Mozilla/5.0 (compatible; SemrushBot/7~bl; +http://www.semrush.com/bot.html)"
157.55.39.220 - - [11/Jan/2021:10:20:53 +0100] "GET /sex-pistols-pencil-case-p-15066.html HTTP/1.0" 200 72003 "-" "Mozilla/5.0 (compatible; bingbot/2.0; +http://www.bing.com/bingbot.htm)"
40.77.167.56 - - [11/Jan/2021:10:20:58 +0100] "GET /images/big_prod/8422014032815A.jpg HTTP/1.0" 200 269 "-" "Mozilla/5.0 (compatible; bingbot/2.0; +http://www.bing.com/bingbot.htm)"
66.249.66.64 - - [11/Jan/2021:10:20:59 +0100] "GET /gorjuss-deluxe-journal-little-wings-p-50956.html HTTP/1.0" 200 73356 "-" "Mozilla/5.0 (Linux; Android 6.0.1; Nexus 5X Build/MMB29P) AppleWebKit/537.36 (KHTML, like Gecko) Chrome/87.0.4280.90 Mobile Safari/537.36 (compatible; Googlebot/2.1; +http://www.google.com/bot.html)"
13.66.139.14 - - [11/Jan/2021:10:21:27 +0100] "GET /tablecloths-c-11_176.html HTTP/1.0" 200 90956 "-" "Mozilla/5.0 (compatible; bingbot/2.0; +http://www.bing.com/bingbot.htm)"
207.46.13.26 - - [11/Jan/2021:10:21:32 +0100] "GET /images/med_prod/1384010177815.jpg HTTP/1.0" 200 268 "-" "Mozilla/5.0 (compatible; bingbot/2.0; +http://www.bing.com/bingbot.htm)"
157.55.39.110 - - [11/Jan/2021:10:21:42 +0100] "GET /images/6953270928403.jpg HTTP/1.0" 200 259 "-" "Mozilla/5.0 (compatible; bingbot/2.0; +http://www.bing.com/bingbot.htm)"
157.55.39.110 - - [11/Jan/2021:10:21:42 +0100] "GET /images/big_prod/1399985000174.jpg HTTP/1.0" 200 268 "-" "Mozilla/5.0 (compatible; bingbot/2.0; +http://www.bing.com/bingbot.htm)"
185.191.171.26 - - [11/Jan/2021:10:21:44 +0100] "GET /mugs-and-mazagrans-c-12_57.html?page=28 HTTP/1.0" 200 95782 "-" "Mozilla/5.0 (compatible; SemrushBot/7~bl; +http://www.semrush.com/bot.html)"
185.191.171.34 - - [11/Jan/2021:10:22:01 +0100] "GET /zodiac-white-women-tee-shirt-p-30796.html HTTP/1.0" 200 73865 "-" "Mozilla/5.0 (compatible; SemrushBot/7~bl; +http://www.semrush.com/bot.html)"
185.191.171.43 - - [11/Jan/2021:10:22:03 +0100] "GET /pusheen-the-grey-cat-soft-toy-14-cm-p-34845.html HTTP/1.0" 200 72112 "-" "Mozilla/5.0 (compatible; SemrushBot/7~bl; +http://www.semrush.com/bot.html)"
185.191.171.4 - - [11/Jan/2021:10:22:18 +0100] "GET /robots.txt HTTP/1.0" 200 245 "-" "Mozilla/5.0 (compatible; SemrushBot/7~bl; +http://www.semrush.com/bot.html)"
185.191.171.23 - - [11/Jan/2021:10:22:19 +0100] "GET /suchard-deco-thermometer-p-17014.html HTTP/1.0" 200 73586 "-" "Mozilla/5.0 (compatible; SemrushBot/7~bl; +http://www.semrush.com/bot.html)"
40.77.167.56 - - [11/Jan/2021:10:22:42 +0100] "GET /images/med_prod/1384010179031.jpg HTTP/1.0" 200 268 "-" "Mozilla/5.0 (compatible; bingbot/2.0; +http://www.bing.com/bingbot.htm)"
157.55.39.22 - - [11/Jan/2021:10:22:47 +0100] "GET /the-shadow-frame-cats-by-dubout-cat-nap-p-38858.html HTTP/1.0" 200 72437 "-" "Mozilla/5.0 (compatible; bingbot/2.0; +http://www.bing.com/bingbot.htm)"
54.36.148.87 - - [11/Jan/2021:10:22:54 +0100] "GET /hello-kitty-by-camomilla-handbag-p-4409.html HTTP/1.0" 200 74437 "-" "Mozilla/5.0 (compatible; AhrefsBot/7.0; +http://ahrefs.com/robot/)"
157.55.39.220 - - [11/Jan/2021:10:23:13 +0100] "GET /images/big_prod/8430301756399.jpg HTTP/1.0" 200 268 "-" "Mozilla/5.0 (compatible; bingbot/2.0; +http://www.bing.com/bingbot.htm)"
13.66.139.48 - - [11/Jan/2021:10:24:06 +0100] "GET /coffee-and-tea-box-c-13_150_153.html HTTP/1.0" 200 89459 "-" "Mozilla/5.0 (compatible; bingbot/2.0; +http://www.bing.com/bingbot.htm)"
185.191.171.5 - - [11/Jan/2021:10:24:12 +0100] "GET /gorjuss-coaster-toadstools-p-46918.html HTTP/1.0" 200 72005 "-" "Mozilla/5.0 (compatible; SemrushBot/7~bl; +http://www.semrush.com/bot.html)"
114.119.151.113 - - [11/Jan/2021:10:24:35 +0100] "GET /lois-black-leather-wallet-p-38158.html HTTP/1.0" 200 72760 "-" "Mozilla/5.0 (Linux; Android 7.0;) AppleWebKit/537.36 (KHTML, like Gecko) Mobile Safari/537.36 (compatible; PetalBot;+https://aspiegel.com/petalbot)"
185.191.171.33 - - [11/Jan/2021:10:24:38 +0100] "GET /fancy-the-grey-cat-soft-toy-24-cm-p-43123.html HTTP/1.0" 200 72330 "-" "Mozilla/5.0 (compatible; SemrushBot/7~bl; +http://www.semrush.com/bot.html)"
185.191.171.7 - - [11/Jan/2021:10:24:42 +0100] "GET /tower-decorative-chess-piece-gold-p-49299.html HTTP/1.0" 301 69259 "-" "Mozilla/5.0 (compatible; SemrushBot/7~bl; +http://www.semrush.com/bot.html)"
185.191.171.33 - - [11/Jan/2021:10:24:44 +0100] "GET /-p-49299.html HTTP/1.0" 200 69192 "-" "Mozilla/5.0 (compatible; SemrushBot/7~bl; +http://www.semrush.com/bot.html)"
13.66.139.14 - - [11/Jan/2021:10:24:57 +0100] "GET /chimes-and-suspensions-c-13_241.html HTTP/1.0" 200 89684 "-" "Mozilla/5.0 (compatible; bingbot/2.0; +http://www.bing.com/bingbot.htm)"
13.66.139.48 - - [11/Jan/2021:10:25:07 +0100] "GET /round-trays-c-12_159_263.html HTTP/1.0" 200 89598 "-" "Mozilla/5.0 (compatible; bingbot/2.0; +http://www.bing.com/bingbot.htm)"
185.191.171.12 - - [11/Jan/2021:10:25:26 +0100] "GET /fitted-sheet-in-cotton-percale-80-threads-180-200-30-cm-p-51242.html HTTP/1.0" 200 72202 "-" "Mozilla/5.0 (compatible; SemrushBot/7~bl; +http://www.semrush.com/bot.html)"
207.46.13.239 - - [11/Jan/2021:10:25:26 +0100] "GET /images/3454121118699.jpg HTTP/1.0" 200 259 "-" "Mozilla/5.0 (compatible; bingbot/2.0; +http://www.bing.com/bingbot.htm)"
185.191.171.2 - - [11/Jan/2021:10:25:32 +0100] "GET /elephants-wall-decoration-p-46716.html HTTP/1.0" 200 71888 "-" "Mozilla/5.0 (compatible; SemrushBot/7~bl; +http://www.semrush.com/bot.html)"
185.191.171.5 - - [11/Jan/2021:10:25:34 +0100] "GET /red-hen-figurine-decorative-p-34554.html HTTP/1.0" 200 71914 "-" "Mozilla/5.0 (compatible; SemrushBot/7~bl; +http://www.semrush.com/bot.html)"
185.191.171.17 - - [11/Jan/2021:10:25:47 +0100] "GET /austin-mini-metal-plate-30-20-cm-p-33711.html HTTP/1.0" 200 71921 "-" "Mozilla/5.0 (compatible; SemrushBot/7~bl; +http://www.semrush.com/bot.html)"
185.191.171.45 - - [11/Jan/2021:10:26:23 +0100] "GET /tartiflette-ceramic-dish-p-44493.html HTTP/1.0" 200 69278 "-" "Mozilla/5.0 (compatible; SemrushBot/7~bl; +http://www.semrush.com/bot.html)"
185.191.171.42 - - [11/Jan/2021:10:27:27 +0100] "GET /home-and-decoration-c-13.html?page=161 HTTP/1.0" 200 91638 "-" "Mozilla/5.0 (compatible; SemrushBot/7~bl; +http://www.semrush.com/bot.html)"
185.191.171.16 - - [11/Jan/2021:10:27:30 +0100] "GET /raving-rabbids-ballpoint-pen-pirate-p-38027.html HTTP/1.0" 301 69259 "-" "Mozilla/5.0 (compatible; SemrushBot/7~bl; +http://www.semrush.com/bot.html)"
185.191.171.44 - - [11/Jan/2021:10:27:33 +0100] "GET /-p-38027.html HTTP/1.0" 200 69192 "-" "Mozilla/5.0 (compatible; SemrushBot/7~bl; +http://www.semrush.com/bot.html)"
40.77.167.56 - - [11/Jan/2021:10:27:41 +0100] "GET /images/8410446461686.jpg HTTP/1.0" 200 259 "-" "Mozilla/5.0 (compatible; bingbot/2.0; +http://www.bing.com/bingbot.htm)"
54.36.148.187 - - [11/Jan/2021:10:27:46 +0100] "GET /plush-keeleco-eco-friendly-chimpanzee-p-51818.html HTTP/1.0" 200 73132 "-" "Mozilla/5.0 (compatible; AhrefsBot/7.0; +http://ahrefs.com/robot/)"
185.191.171.15 - - [11/Jan/2021:10:27:51 +0100] "GET /support-metal-bottle-the-biker-p-34476.html HTTP/1.0" 200 71941 "-" "Mozilla/5.0 (compatible; SemrushBot/7~bl; +http://www.semrush.com/bot.html)"
157.55.39.110 - - [11/Jan/2021:10:27:53 +0100] "GET /retro-cookie-tin-p-39497.html HTTP/1.0" 200 69246 "-" "Mozilla/5.0 (compatible; bingbot/2.0; +http://www.bing.com/bingbot.htm)"
185.191.171.13 - - [11/Jan/2021:10:27:55 +0100] "GET /beer-chope-metal-plate-deco-p-34328.html HTTP/1.0" 200 71902 "-" "Mozilla/5.0 (compatible; SemrushBot/7~bl; +http://www.semrush.com/bot.html)"
5.255.231.71 - - [11/Jan/2021:10:28:15 +0100] "GET /robots.txt HTTP/1.0" 200 245 "-" "Mozilla/5.0 (compatible; YandexBot/3.0; +http://yandex.com/bots)"
5.255.231.71 - - [11/Jan/2021:10:28:19 +0100] "GET /backpacks-c-77.html HTTP/1.0" 301 92916 "-" "Mozilla/5.0 (compatible; YandexBot/3.0; +http://yandex.com/bots)"
185.191.171.26 - - [11/Jan/2021:10:28:23 +0100] "GET /set-of-glasses-olympique-de-marseille-p-46523.html HTTP/1.0" 200 72605 "-" "Mozilla/5.0 (compatible; SemrushBot/7~bl; +http://www.semrush.com/bot.html)"
213.180.203.24 - - [11/Jan/2021:10:28:23 +0100] "GET /backpacks-c-31_77.html HTTP/1.0" 200 92998 "-" "Mozilla/5.0 (compatible; YandexBot/3.0; +http://yandex.com/bots)"
157.55.39.22 - - [11/Jan/2021:10:28:39 +0100] "GET /images/3660173162119.jpg HTTP/1.0" 200 259 "-" "Mozilla/5.0 (compatible; bingbot/2.0; +http://www.bing.com/bingbot.htm)"
18.207.211.7 - - [11/Jan/2021:10:28:50 +0100] "GET / HTTP/1.0" 200 150371 "-" "Mozilla/5.0 (Windows NT 10.0; Win64; x64) AppleWebKit/537.36 (KHTML, like Gecko) Chrome/63.0.3239.84 Safari/537.36"
18.207.211.7 - - [11/Jan/2021:10:28:51 +0100] "GET /favicon.ico HTTP/1.0" 200 260 "-" "Mozilla/5.0 (Windows NT 10.0; Win64; x64) AppleWebKit/537.36 (KHTML, like Gecko) Chrome/63.0.3239.84 Safari/537.36"
114.119.132.105 - - [11/Jan/2021:10:28:58 +0100] "GET /images/med_prod/1399984284933.jpg HTTP/1.0" 200 268 "-" "Mozilla/5.0 (Linux; Android 7.0;) AppleWebKit/537.36 (KHTML, like Gecko) Mobile Safari/537.36 (compatible; PetalBot;+https://aspiegel.com/petalbot)"
185.191.171.45 - - [11/Jan/2021:10:29:03 +0100] "GET /van-gogh-iris-adult-apron-p-47667.html HTTP/1.0" 200 71814 "-" "Mozilla/5.0 (compatible; SemrushBot/7~bl; +http://www.semrush.com/bot.html)"
40.77.167.56 - - [11/Jan/2021:10:29:53 +0100] "GET /images/big_prod_2/1328399219612b.jpg HTTP/1.0" 200 271 "-" "Mozilla/5.0 (compatible; bingbot/2.0; +http://www.bing.com/bingbot.htm)"
207.46.13.229 - - [11/Jan/2021:10:30:10 +0100] "GET /images/med_prod/4029811281688.jpg HTTP/1.0" 200 268 "-" "Mozilla/5.0 (compatible; bingbot/2.0; +http://www.bing.com/bingbot.htm)"
207.46.13.239 - - [11/Jan/2021:10:31:01 +0100] "GET /images/9316188013277.jpg HTTP/1.0" 200 259 "-" "Mozilla/5.0 (compatible; bingbot/2.0; +http://www.bing.com/bingbot.htm)"
66.249.66.66 - - [11/Jan/2021:10:31:10 +0100] "GET /table-setting-c-97_99.html HTTP/1.0" 200 79502 "-" "Mozilla/5.0 (Linux; Android 6.0.1; Nexus 5X Build/MMB29P) AppleWebKit/537.36 (KHTML, like Gecko) Chrome/87.0.4280.90 Mobile Safari/537.36 (compatible; Googlebot/2.1; +http://www.google.com/bot.html)"
185.191.171.40 - - [11/Jan/2021:10:31:13 +0100] "GET /cosmetic-bags-and-flat-purse-c-31_239.html?page=7 HTTP/1.0" 200 94755 "-" "Mozilla/5.0 (compatible; SemrushBot/7~bl; +http://www.semrush.com/bot.html)"
185.191.171.11 - - [11/Jan/2021:10:31:25 +0100] "GET /black-samsung-s2-little-green-hearts-phone-cover-cbkreation-p-17898.html HTTP/1.0" 200 69445 "-" "Mozilla/5.0 (compatible; SemrushBot/7~bl; +http://www.semrush.com/bot.html)"
185.191.171.40 - - [11/Jan/2021:10:31:28 +0100] "GET /what-wonderful-nightmare-p-47020.html HTTP/1.0" 200 72978 "-" "Mozilla/5.0 (compatible; SemrushBot/7~bl; +http://www.semrush.com/bot.html)"
40.77.167.56 - - [11/Jan/2021:10:31:34 +0100] "GET /images/big_prod/1345544960069.jpg HTTP/1.0" 200 268 "-" "Mozilla/5.0 (compatible; bingbot/2.0; +http://www.bing.com/bingbot.htm)"
185.191.171.36 - - [11/Jan/2021:10:31:46 +0100] "GET /snow-white-peel-and-stick-wall-decals-p-22539.html HTTP/1.0" 200 72101 "-" "Mozilla/5.0 (compatible; SemrushBot/7~bl; +http://www.semrush.com/bot.html)"
157.55.39.22 - - [11/Jan/2021:10:31:48 +0100] "GET /images/8435333848197.jpg HTTP/1.0" 200 259 "-" "Mozilla/5.0 (compatible; bingbot/2.0; +http://www.bing.com/bingbot.htm)"
185.191.171.18 - - [11/Jan/2021:10:32:00 +0100] "GET /wax-melt-winter-wonderland-p-51054.html HTTP/1.0" 200 72617 "-" "Mozilla/5.0 (compatible; SemrushBot/7~bl; +http://www.semrush.com/bot.html)"
51.68.224.127 - - [11/Jan/2021:10:32:05 +0100] "GET /adminweb/export_orders_xml.php?token=256de2z6edz6ed2z6DFSFsed2zed6zeDSFDSGdzedezfzf&maxorders=10&orderstart=1&status=14&start_date=2018-10-01 HTTP/1.0" 200 285 "-" "GesCom CharlotteBoutik Serveur"
51.68.224.127 - - [11/Jan/2021:10:32:05 +0100] "GET /adminweb/export_orders_xml.php?token=256de2z6edz6ed2z6DFSFsed2zed6zeDSFDSGdzedezfzf&maxorders=10&orderstart=1&status=6&start_date=2018-10-01 HTTP/1.0" 200 29990 "-" "GesCom CharlotteBoutik Serveur"
207.46.13.26 - - [11/Jan/2021:10:32:25 +0100] "GET /images/7316191504764.jpg HTTP/1.0" 200 259 "-" "Mozilla/5.0 (compatible; bingbot/2.0; +http://www.bing.com/bingbot.htm)"
54.36.149.107 - - [11/Jan/2021:10:32:34 +0100] "GET /ottomans-and-storage-ottomans-c-13_209.html HTTP/1.0" 200 89708 "-" "Mozilla/5.0 (compatible; AhrefsBot/7.0; +http://ahrefs.com/robot/)"
207.46.13.36 - - [11/Jan/2021:10:33:17 +0100] "GET /images/4891813846451.jpg HTTP/1.0" 200 259 "-" "Mozilla/5.0 (compatible; bingbot/2.0; +http://www.bing.com/bingbot.htm)"
114.119.150.15 - - [11/Jan/2021:10:33:21 +0100] "GET /images/big_prod_1/3574645763509b.jpg HTTP/1.0" 200 271 "-" "Mozilla/5.0 (Linux; Android 7.0;) AppleWebKit/537.36 (KHTML, like Gecko) Mobile Safari/537.36 (compatible; PetalBot;+https://aspiegel.com/petalbot)"
157.55.39.220 - - [11/Jan/2021:10:33:33 +0100] "GET /images/big_prod/1384010208373.jpg HTTP/1.0" 200 268 "-" "Mozilla/5.0 (compatible; bingbot/2.0; +http://www.bing.com/bingbot.htm)"
54.36.148.194 - - [11/Jan/2021:10:33:33 +0100] "GET /golden-resin-shark-statue-79-cm-p-48968.html HTTP/1.0" 301 73076 "-" "Mozilla/5.0 (compatible; AhrefsBot/7.0; +http://ahrefs.com/robot/)"
157.55.39.220 - - [11/Jan/2021:10:33:34 +0100] "GET /images/80285016691151.jpg HTTP/1.0" 200 260 "-" "Mozilla/5.0 (compatible; bingbot/2.0; +http://www.bing.com/bingbot.htm)"
185.191.171.3 - - [11/Jan/2021:10:33:46 +0100] "GET /industrial-storage-box-large-size-52-cm-only-p-45108.html HTTP/1.0" 200 69362 "-" "Mozilla/5.0 (compatible; SemrushBot/7~bl; +http://www.semrush.com/bot.html)"
207.46.13.229 - - [11/Jan/2021:10:33:50 +0100] "GET /images/big_prod/3609810097872.jpg HTTP/1.0" 200 268 "-" "Mozilla/5.0 (compatible; bingbot/2.0; +http://www.bing.com/bingbot.htm)"
157.55.39.22 - - [11/Jan/2021:10:34:47 +0100] "GET /images/8028501269568.jpg HTTP/1.0" 200 259 "-" "Mozilla/5.0 (compatible; bingbot/2.0; +http://www.bing.com/bingbot.htm)"
185.191.171.40 - - [11/Jan/2021:10:34:58 +0100] "GET /adults-c-53.html?page=14 HTTP/1.0" 200 79123 "-" "Mozilla/5.0 (compatible; SemrushBot/7~bl; +http://www.semrush.com/bot.html)"
185.191.171.12 - - [11/Jan/2021:10:35:09 +0100] "GET /large-kimmidoll-cardboard-storage-box-p-47967.html HTTP/1.0" 200 69330 "-" "Mozilla/5.0 (compatible; SemrushBot/7~bl; +http://www.semrush.com/bot.html)"
40.77.167.56 - - [11/Jan/2021:10:35:32 +0100] "GET /images/med_prod/1384010181836.jpg HTTP/1.0" 200 268 "-" "Mozilla/5.0 (compatible; bingbot/2.0; +http://www.bing.com/bingbot.htm)"
185.191.171.33 - - [11/Jan/2021:10:35:33 +0100] "GET /set-of-baskets-with-handles-p-50701.html HTTP/1.0" 200 72811 "-" "Mozilla/5.0 (compatible; SemrushBot/7~bl; +http://www.semrush.com/bot.html)"
13.66.139.153 - - [11/Jan/2021:10:36:04 +0100] "GET /luggages-schoolbags-leather-shop-c-31.html HTTP/1.0" 200 91292 "-" "Mozilla/5.0 (compatible; bingbot/2.0; +http://www.bing.com/bingbot.htm)"
185.191.171.36 - - [11/Jan/2021:10:37:21 +0100] "GET /fitted-sheet-160-200-cm-color-light-brown-p-39690.html HTTP/1.0" 200 72051 "-" "Mozilla/5.0 (compatible; SemrushBot/7~bl; +http://www.semrush.com/bot.html)"
54.36.149.33 - - [11/Jan/2021:10:37:23 +0100] "GET /leonard-de-vinci-paperweight-the-vitruvian-man-p-44146.html HTTP/1.0" 200 73312 "-" "Mozilla/5.0 (compatible; AhrefsBot/7.0; +http://ahrefs.com/robot/)"
185.191.171.23 - - [11/Jan/2021:10:37:26 +0100] "GET /winnie-the-pooh-peel-and-stick-wall-decals-p-14429.html HTTP/1.0" 200 69393 "-" "Mozilla/5.0 (compatible; SemrushBot/7~bl; +http://www.semrush.com/bot.html)"
40.77.167.56 - - [11/Jan/2021:10:37:30 +0100] "GET /images/big_prod/4022158874407.jpg HTTP/1.0" 200 268 "-" "Mozilla/5.0 (compatible; bingbot/2.0; +http://www.bing.com/bingbot.htm)"
114.119.145.117 - - [11/Jan/2021:10:37:44 +0100] "GET /images/big_prod/1384010188163.jpg HTTP/1.0" 200 268 "-" "Mozilla/5.0 (Linux; Android 7.0;) AppleWebKit/537.36 (KHTML, like Gecko) Mobile Safari/537.36 (compatible; PetalBot;+https://aspiegel.com/petalbot)"
157.55.39.220 - - [11/Jan/2021:10:37:57 +0100] "GET /dubout-cats-compact-mirror-p-32233.html HTTP/1.0" 200 71914 "-" "Mozilla/5.0 (compatible; bingbot/2.0; +http://www.bing.com/bingbot.htm)"
40.77.167.56 - - [11/Jan/2021:10:38:01 +0100] "GET /images/med_prod/8433933773765.jpg HTTP/1.0" 200 268 "-" "Mozilla/5.0 (compatible; bingbot/2.0; +http://www.bing.com/bingbot.htm)"
13.66.139.48 - - [11/Jan/2021:10:38:29 +0100] "GET /images/big_prod/3784322266500.jpg HTTP/1.0" 200 268 "-" "Mozilla/5.0 (compatible; bingbot/2.0; +http://www.bing.com/bingbot.htm)"
185.191.171.3 - - [11/Jan/2021:10:38:39 +0100] "GET /small-box-for-baby-teeth-pink-p-36446.html HTTP/1.0" 200 72010 "-" "Mozilla/5.0 (compatible; SemrushBot/7~bl; +http://www.semrush.com/bot.html)"
185.191.171.17 - - [11/Jan/2021:10:38:49 +0100] "GET /home-fragrance-heart-and-home-bamboo-ginger-p-52817.html HTTP/1.0" 200 73219 "-" "Mozilla/5.0 (compatible; SemrushBot/7~bl; +http://www.semrush.com/bot.html)"
207.46.13.239 - - [11/Jan/2021:10:38:54 +0100] "GET /images/8435306246654.jpg HTTP/1.0" 200 259 "-" "Mozilla/5.0 (compatible; bingbot/2.0; +http://www.bing.com/bingbot.htm)"
185.191.171.16 - - [11/Jan/2021:10:39:09 +0100] "GET /green-notes-manga-model-p-39452.html HTTP/1.0" 200 72572 "-" "Mozilla/5.0 (compatible; SemrushBot/7~bl; +http://www.semrush.com/bot.html)"
66.249.66.64 - - [11/Jan/2021:10:39:29 +0100] "GET /mister-bump-mouse-pad-p-5356.html HTTP/1.0" 301 69256 "-" "Mozilla/5.0 (compatible; Googlebot/2.1; +http://www.google.com/bot.html)"
66.249.66.66 - - [11/Jan/2021:10:39:30 +0100] "GET /lulu-castagnette-watch-girl-pop-kids-p-38233.html HTTP/1.0" 200 69369 "-" "Mozilla/5.0 (compatible; Googlebot/2.1; +http://www.google.com/bot.html)"
66.249.66.95 - - [11/Jan/2021:10:39:30 +0100] "GET /-p-5356.html HTTP/1.0" 200 69190 "-" "Mozilla/5.0 (compatible; Googlebot/2.1; +http://www.google.com/bot.html)"
66.249.66.95 - - [11/Jan/2021:10:39:31 +0100] "GET /home-and-decoration/boxes-and-storage-box/box-retro-metal-garage-p-28511.html HTTP/1.0" 301 69259 "-" "Mozilla/5.0 (compatible; Googlebot/2.1; +http://www.google.com/bot.html)"
66.249.66.66 - - [11/Jan/2021:10:39:31 +0100] "GET /britto-bottle-stoppers-butterfly-p-32677.html HTTP/1.0" 200 71903 "-" "Mozilla/5.0 (compatible; Googlebot/2.1; +http://www.google.com/bot.html)"
66.249.66.66 - - [11/Jan/2021:10:39:32 +0100] "GET /-p-28511.html HTTP/1.0" 200 69192 "-" "Mozilla/5.0 (compatible; Googlebot/2.1; +http://www.google.com/bot.html)"
185.191.171.18 - - [11/Jan/2021:10:39:36 +0100] "GET /tealight-holders-and-candle-holders-c-231_230.html HTTP/1.0" 200 90779 "-" "Mozilla/5.0 (compatible; SemrushBot/7~bl; +http://www.semrush.com/bot.html)"
207.46.13.239 - - [11/Jan/2021:10:39:54 +0100] "GET /images/8033667513738.jpg HTTP/1.0" 200 259 "-" "Mozilla/5.0 (compatible; bingbot/2.0; +http://www.bing.com/bingbot.htm)"
157.55.39.22 - - [11/Jan/2021:10:40:01 +0100] "GET /che-guevara-mini-magnet-mirror-p-19667.html HTTP/1.0" 200 71941 "-" "Mozilla/5.0 (compatible; bingbot/2.0; +http://www.bing.com/bingbot.htm)"
157.55.39.110 - - [11/Jan/2021:10:40:05 +0100] "GET /images/med_prod/1384010184240.jpg HTTP/1.0" 200 268 "-" "Mozilla/5.0 (compatible; bingbot/2.0; +http://www.bing.com/bingbot.htm)"
40.77.167.56 - - [11/Jan/2021:10:40:24 +0100] "GET /images/TROBP3545.jpg HTTP/1.0" 200 255 "-" "Mozilla/5.0 (compatible; bingbot/2.0; +http://www.bing.com/bingbot.htm)"
185.191.171.8 - - [11/Jan/2021:10:40:36 +0100] "GET /to-the-rescue-bernard-and-bianca-40th-anniversary-piece-p-39574.html HTTP/1.0" 200 72611 "-" "Mozilla/5.0 (compatible; SemrushBot/7~bl; +http://www.semrush.com/bot.html)"
207.46.13.239 - - [11/Jan/2021:10:41:15 +0100] "GET /images/8435333804506.jpg HTTP/1.0" 200 259 "-" "Mozilla/5.0 (compatible; bingbot/2.0; +http://www.bing.com/bingbot.htm)"
66.249.66.95 - - [11/Jan/2021:10:41:20 +0100] "GET /decorations-c-13_89.html HTTP/1.0" 200 89400 "-" "Mozilla/5.0 (Linux; Android 6.0.1; Nexus 5X Build/MMB29P) AppleWebKit/537.36 (KHTML, like Gecko) Chrome/87.0.4280.90 Mobile Safari/537.36 (compatible; Googlebot/2.1; +http://www.google.com/bot.html)"
66.249.66.64 - - [11/Jan/2021:10:41:21 +0100] "GET /beatles-paris-phone-cover-for-iphone-and-p-14159.html HTTP/1.0" 200 72808 "-" "Mozilla/5.0 (Linux; Android 6.0.1; Nexus 5X Build/MMB29P) AppleWebKit/537.36 (KHTML, like Gecko) Chrome/87.0.4280.90 Mobile Safari/537.36 (compatible; Googlebot/2.1; +http://www.google.com/bot.html)"
185.191.171.17 - - [11/Jan/2021:10:41:23 +0100] "GET /orange-and-green-buddha-head-glass-lamp-p-47221.html HTTP/1.0" 200 72652 "-" "Mozilla/5.0 (compatible; SemrushBot/7~bl; +http://www.semrush.com/bot.html)"
185.191.171.43 - - [11/Jan/2021:10:41:42 +0100] "GET /black-metal-flask-bourbon-p-37761.html HTTP/1.0" 200 71856 "-" "Mozilla/5.0 (compatible; SemrushBot/7~bl; +http://www.semrush.com/bot.html)"
40.77.167.56 - - [11/Jan/2021:10:41:58 +0100] "GET /duvet-cover-in-cotton-percale-80-threads-140-200-cm-p-51263.html HTTP/1.0" 200 72165 "-" "Mozilla/5.0 (compatible; bingbot/2.0; +http://www.bing.com/bingbot.htm)"
117.30.104.147 - - [11/Jan/2021:10:42:00 +0100] "HEAD / HTTP/1.0" 200 386 "-" "Mozilla/5.0 (Windows NT 10.0; WOW64; Trident/7.0; rv:11.0) like Gecko"
117.30.104.147 - - [11/Jan/2021:10:42:01 +0100] "GET / HTTP/1.0" 200 150181 "-" "Mozilla/5.0 (Windows NT 10.0; WOW64; Trident/7.0; rv:11.0) like Gecko"
13.66.139.14 - - [11/Jan/2021:10:42:02 +0100] "GET /storage-and-cups-c-12_159_264.html HTTP/1.0" 200 89111 "-" "Mozilla/5.0 (compatible; bingbot/2.0; +http://www.bing.com/bingbot.htm)"
54.36.149.50 - - [11/Jan/2021:10:42:06 +0100] "GET /poncho-towels-and-bathrobes-c-11_72.html HTTP/1.0" 200 80410 "-" "Mozilla/5.0 (compatible; AhrefsBot/7.0; +http://ahrefs.com/robot/)"
114.119.150.15 - - [11/Jan/2021:10:42:08 +0100] "GET /images/big_prod/5018997523339.jpg HTTP/1.0" 200 268 "-" "Mozilla/5.0 (Linux; Android 7.0;) AppleWebKit/537.36 (KHTML, like Gecko) Mobile Safari/537.36 (compatible; PetalBot;+https://aspiegel.com/petalbot)"
185.191.171.39 - - [11/Jan/2021:10:42:09 +0100] "GET /polypropylene-black-and-gray-outdoor-carpet-120-180-cm-p-49665.html HTTP/1.0" 301 69259 "-" "Mozilla/5.0 (compatible; SemrushBot/7~bl; +http://www.semrush.com/bot.html)"
185.191.171.37 - - [11/Jan/2021:10:42:11 +0100] "GET /-p-49665.html HTTP/1.0" 200 69192 "-" "Mozilla/5.0 (compatible; SemrushBot/7~bl; +http://www.semrush.com/bot.html)"
185.191.171.20 - - [11/Jan/2021:10:42:28 +0100] "GET /fitted-sheet-red-p-24467.html HTTP/1.0" 200 73010 "-" "Mozilla/5.0 (compatible; SemrushBot/7~bl; +http://www.semrush.com/bot.html)"
117.30.104.147 - - [11/Jan/2021:10:42:32 +0100] "HEAD /contact_us.php HTTP/1.0" 200 386 "-" "Mozilla/5.0 (Windows NT 10.0; WOW64; Trident/7.0; rv:11.0) like Gecko"
117.30.104.147 - - [11/Jan/2021:10:42:32 +0100] "GET /contact_us.php HTTP/1.0" 200 26241 "-" "Mozilla/5.0 (Windows NT 10.0; WOW64; Trident/7.0; rv:11.0) like Gecko"
117.30.104.147 - - [11/Jan/2021:10:42:36 +0100] "HEAD / HTTP/1.0" 200 386 "-" "Mozilla/5.0 (Windows NT 10.0; WOW64; Trident/7.0; rv:11.0) like Gecko"
117.30.104.147 - - [11/Jan/2021:10:42:39 +0100] "GET / HTTP/1.0" 200 150319 "-" "Mozilla/5.0 (Windows NT 10.0; WOW64; Trident/7.0; rv:11.0) like Gecko"
117.30.104.147 - - [11/Jan/2021:10:42:42 +0100] "HEAD /create_account.php HTTP/1.0" 200 386 "-" "Mozilla/5.0 (Windows NT 10.0; WOW64; Trident/7.0; rv:11.0) like Gecko"
117.30.104.147 - - [11/Jan/2021:10:42:43 +0100] "GET /create_account.php HTTP/1.0" 200 33633 "-" "Mozilla/5.0 (Windows NT 10.0; WOW64; Trident/7.0; rv:11.0) like Gecko"
185.191.171.44 - - [11/Jan/2021:10:42:47 +0100] "GET /boho-wooden-frame-55-55-cm-dream-catcher-p-41821.html HTTP/1.0" 200 72025 "-" "Mozilla/5.0 (compatible; SemrushBot/7~bl; +http://www.semrush.com/bot.html)"
117.30.104.147 - - [11/Jan/2021:10:42:47 +0100] "HEAD /checkout_shipping.php HTTP/1.0" 302 449 "-" "Mozilla/5.0 (Windows NT 10.0; WOW64; Trident/7.0; rv:11.0) like Gecko"
117.30.104.147 - - [11/Jan/2021:10:42:48 +0100] "HEAD /login.php HTTP/1.0" 200 386 "-" "Mozilla/5.0 (Windows NT 10.0; WOW64; Trident/7.0; rv:11.0) like Gecko"
117.30.104.147 - - [11/Jan/2021:10:42:49 +0100] "GET /checkout_shipping.php HTTP/1.0" 302 468 "-" "Mozilla/5.0 (Windows NT 10.0; WOW64; Trident/7.0; rv:11.0) like Gecko"
117.30.104.147 - - [11/Jan/2021:10:42:52 +0100] "GET /login.php HTTP/1.0" 200 17155 "-" "Mozilla/5.0 (Windows NT 10.0; WOW64; Trident/7.0; rv:11.0) like Gecko"
117.30.104.147 - - [11/Jan/2021:10:42:56 +0100] "HEAD /shopping_cart.php HTTP/1.0" 200 386 "-" "Mozilla/5.0 (Windows NT 10.0; WOW64; Trident/7.0; rv:11.0) like Gecko"
117.30.104.147 - - [11/Jan/2021:10:42:57 +0100] "GET /shopping_cart.php HTTP/1.0" 200 13298 "-" "Mozilla/5.0 (Windows NT 10.0; WOW64; Trident/7.0; rv:11.0) like Gecko"
117.30.104.147 - - [11/Jan/2021:10:42:59 +0100] "HEAD /login.php HTTP/1.0" 200 386 "-" "Mozilla/5.0 (Windows NT 10.0; WOW64; Trident/7.0; rv:11.0) like Gecko"
117.30.104.147 - - [11/Jan/2021:10:42:59 +0100] "GET /login.php HTTP/1.0" 200 17155 "-" "Mozilla/5.0 (Windows NT 10.0; WOW64; Trident/7.0; rv:11.0) like Gecko"
