35.195.229.200 - - [11/Jan/2021:21:26:03 +0100] "GET /cake-molds-ice-cube-molds-c-12_246.html HTTP/1.0" 301 89829 "-" "Mozilla/5.0 (Macintosh; Intel Mac OS X 10.11; rv:52.0) Gecko/20100101 Firefox/52.0"
35.195.229.200 - - [11/Jan/2021:21:26:03 +0100] "GET /cadre-en-toile-boho-indien-free-wild-tete-de-buffle-p-53537.html HTTP/1.0" 200 75041 "-" "Mozilla/5.0 (Macintosh; Intel Mac OS X 10.11; rv:52.0) Gecko/20100101 Firefox/52.0"
35.195.229.200 - - [11/Jan/2021:21:26:04 +0100] "GET /calecons-c-139.html HTTP/1.0" 301 77474 "-" "Mozilla/5.0 (Macintosh; Intel Mac OS X 10.11; rv:52.0) Gecko/20100101 Firefox/52.0"
35.195.229.200 - - [11/Jan/2021:21:26:04 +0100] "GET /beurriers-c-222.html HTTP/1.0" 301 86378 "-" "Mozilla/5.0 (Macintosh; Intel Mac OS X 10.11; rv:52.0) Gecko/20100101 Firefox/52.0"
35.195.229.200 - - [11/Jan/2021:21:26:04 +0100] "GET /calendar-workbook-organizer-c-129_189.html HTTP/1.0" 301 95159 "-" "Mozilla/5.0 (Macintosh; Intel Mac OS X 10.11; rv:52.0) Gecko/20100101 Firefox/52.0"
35.195.229.200 - - [11/Jan/2021:21:26:06 +0100] "GET /caps-and-scarfs-adults-c-53_138.html HTTP/1.0" 301 92078 "-" "Mozilla/5.0 (Macintosh; Intel Mac OS X 10.11; rv:52.0) Gecko/20100101 Firefox/52.0"
62.210.188.222 - - [11/Jan/2021:21:26:10 +0100] "GET /dishes-c-12.html?page=29 HTTP/1.0" 200 90679 "-" "Mozilla/5.0 (compatible; Barkrowler/0.9; +https://babbar.tech/crawler)"
62.210.188.222 - - [11/Jan/2021:21:26:20 +0100] "GET /dishes-c-12.html?page=11 HTTP/1.0" 200 90637 "-" "Mozilla/5.0 (compatible; Barkrowler/0.9; +https://babbar.tech/crawler)"
62.210.188.222 - - [11/Jan/2021:21:26:29 +0100] "GET /dishes-c-12.html?page=37 HTTP/1.0" 200 90425 "-" "Mozilla/5.0 (compatible; Barkrowler/0.9; +https://babbar.tech/crawler)"
35.195.229.200 - - [11/Jan/2021:21:26:31 +0100] "GET /agenda-cahier-de-texte-organiseur-calendrier-c-189.html HTTP/1.0" 301 95027 "-" "Mozilla/5.0 (Macintosh; Intel Mac OS X 10.11; rv:52.0) Gecko/20100101 Firefox/52.0"
35.195.229.200 - - [11/Jan/2021:21:26:32 +0100] "GET /cardmaking-c-129_128.html HTTP/1.0" 301 95739 "-" "Mozilla/5.0 (Macintosh; Intel Mac OS X 10.11; rv:52.0) Gecko/20100101 Firefox/52.0"
35.195.229.200 - - [11/Jan/2021:21:26:32 +0100] "GET /carterie-c-128.html HTTP/1.0" 301 95607 "-" "Mozilla/5.0 (Macintosh; Intel Mac OS X 10.11; rv:52.0) Gecko/20100101 Firefox/52.0"
35.195.229.200 - - [11/Jan/2021:21:26:31 +0100] "GET /cardboard-boxes-and-storage-c-13_150_216.html HTTP/1.0" 301 80763 "-" "Mozilla/5.0 (Macintosh; Intel Mac OS X 10.11; rv:52.0) Gecko/20100101 Firefox/52.0"
35.195.229.200 - - [11/Jan/2021:21:26:31 +0100] "GET /card-holders-and-passport-cases-c-31_236.html HTTP/1.0" 301 95030 "-" "Mozilla/5.0 (Macintosh; Intel Mac OS X 10.11; rv:52.0) Gecko/20100101 Firefox/52.0"
35.195.229.200 - - [11/Jan/2021:21:26:33 +0100] "GET /casquettes-et-foulards-adultes-c-138.html HTTP/1.0" 301 91975 "-" "Mozilla/5.0 (Macintosh; Intel Mac OS X 10.11; rv:52.0) Gecko/20100101 Firefox/52.0"
35.195.229.200 - - [11/Jan/2021:21:26:33 +0100] "GET /cellar-and-slicer-sausage-c-12_252.html HTTP/1.0" 301 83004 "-" "Mozilla/5.0 (Macintosh; Intel Mac OS X 10.11; rv:52.0) Gecko/20100101 Firefox/52.0"
35.195.229.200 - - [11/Jan/2021:21:26:33 +0100] "GET /boites-deco-rangement-en-carton-c-216.html HTTP/1.0" 301 80525 "-" "Mozilla/5.0 (Macintosh; Intel Mac OS X 10.11; rv:52.0) Gecko/20100101 Firefox/52.0"
35.195.229.200 - - [11/Jan/2021:21:26:33 +0100] "GET /cave-et-trancheuse-saucisson-c-252.html HTTP/1.0" 301 82897 "-" "Mozilla/5.0 (Macintosh; Intel Mac OS X 10.11; rv:52.0) Gecko/20100101 Firefox/52.0"
35.195.229.200 - - [11/Jan/2021:21:26:33 +0100] "GET /cendriers-c-240.html HTTP/1.0" 301 95527 "-" "Mozilla/5.0 (Macintosh; Intel Mac OS X 10.11; rv:52.0) Gecko/20100101 Firefox/52.0"
35.195.229.200 - - [11/Jan/2021:21:26:33 +0100] "GET /ceramic-vase-klimt-the-kiss-p-53523.html HTTP/1.0" 301 75590 "-" "Mozilla/5.0 (Macintosh; Intel Mac OS X 10.11; rv:52.0) Gecko/20100101 Firefox/52.0"
35.195.229.200 - - [11/Jan/2021:21:26:35 +0100] "GET /ceramic-vase-van-gogh-the-starry-night-p-53524.html HTTP/1.0" 301 75765 "-" "Mozilla/5.0 (Macintosh; Intel Mac OS X 10.11; rv:52.0) Gecko/20100101 Firefox/52.0"
35.195.229.200 - - [11/Jan/2021:21:26:35 +0100] "GET /chairs-and-stools-c-13_207.html HTTP/1.0" 301 81479 "-" "Mozilla/5.0 (Macintosh; Intel Mac OS X 10.11; rv:52.0) Gecko/20100101 Firefox/52.0"
35.195.229.200 - - [11/Jan/2021:21:26:35 +0100] "GET /chairs-cushion-c-11_165.html HTTP/1.0" 301 93947 "-" "Mozilla/5.0 (Macintosh; Intel Mac OS X 10.11; rv:52.0) Gecko/20100101 Firefox/52.0"
62.210.188.222 - - [11/Jan/2021:21:26:39 +0100] "GET /dishes-c-12.html?page=17 HTTP/1.0" 200 91174 "-" "Mozilla/5.0 (compatible; Barkrowler/0.9; +https://babbar.tech/crawler)"
62.210.188.222 - - [11/Jan/2021:21:26:48 +0100] "GET /dishes-c-12.html?page=19 HTTP/1.0" 200 90374 "-" "Mozilla/5.0 (compatible; Barkrowler/0.9; +https://babbar.tech/crawler)"
185.191.171.39 - - [11/Jan/2021:21:26:51 +0100] "GET /giraffe-phone-cover-for-iphone-and-cbkreation-p-14150.html HTTP/1.0" 200 69393 "-" "Mozilla/5.0 (compatible; SemrushBot/7~bl; +http://www.semrush.com/bot.html)"
62.210.188.222 - - [11/Jan/2021:21:26:57 +0100] "GET /dishes-c-12.html?page=38 HTTP/1.0" 200 90823 "-" "Mozilla/5.0 (compatible; Barkrowler/0.9; +https://babbar.tech/crawler)"
35.195.229.200 - - [11/Jan/2021:21:27:05 +0100] "GET /checkout_shipping.php HTTP/1.0" 302 468 "-" "Mozilla/5.0 (Macintosh; Intel Mac OS X 10.11; rv:52.0) Gecko/20100101 Firefox/52.0"
35.195.229.200 - - [11/Jan/2021:21:27:05 +0100] "GET /chaises-et-tabourets-c-207.html HTTP/1.0" 301 81350 "-" "Mozilla/5.0 (Macintosh; Intel Mac OS X 10.11; rv:52.0) Gecko/20100101 Firefox/52.0"
35.195.229.200 - - [11/Jan/2021:21:27:05 +0100] "GET /childrens-beds-c-13_210.html HTTP/1.0" 301 77977 "-" "Mozilla/5.0 (Macintosh; Intel Mac OS X 10.11; rv:52.0) Gecko/20100101 Firefox/52.0"
35.195.229.200 - - [11/Jan/2021:21:27:05 +0100] "GET /chimes-and-suspensions-c-13_241.html HTTP/1.0" 301 94474 "-" "Mozilla/5.0 (Macintosh; Intel Mac OS X 10.11; rv:52.0) Gecko/20100101 Firefox/52.0"
35.195.229.200 - - [11/Jan/2021:21:27:05 +0100] "GET /christmas-tree-ornament-christmas-balls-c-13_271.html HTTP/1.0" 301 93464 "-" "Mozilla/5.0 (Macintosh; Intel Mac OS X 10.11; rv:52.0) Gecko/20100101 Firefox/52.0"
35.195.229.200 - - [11/Jan/2021:21:27:05 +0100] "GET /cloche-et-cloche-murale-c-270.html HTTP/1.0" 301 92767 "-" "Mozilla/5.0 (Macintosh; Intel Mac OS X 10.11; rv:52.0) Gecko/20100101 Firefox/52.0"
35.195.229.200 - - [11/Jan/2021:21:27:05 +0100] "GET /carillons-et-mobiles-c-241.html HTTP/1.0" 301 94345 "-" "Mozilla/5.0 (Macintosh; Intel Mac OS X 10.11; rv:52.0) Gecko/20100101 Firefox/52.0"
35.195.229.200 - - [11/Jan/2021:21:27:06 +0100] "GET /clocks-c-13_67.html HTTP/1.0" 301 96716 "-" "Mozilla/5.0 (Macintosh; Intel Mac OS X 10.11; rv:52.0) Gecko/20100101 Firefox/52.0"
35.195.229.200 - - [11/Jan/2021:21:27:06 +0100] "GET /coasters-c-12_157.html HTTP/1.0" 301 97657 "-" "Mozilla/5.0 (Macintosh; Intel Mac OS X 10.11; rv:52.0) Gecko/20100101 Firefox/52.0"
35.195.229.200 - - [11/Jan/2021:21:27:06 +0100] "GET /coffee-and-tea-box-c-13_150_153.html HTTP/1.0" 301 96078 "-" "Mozilla/5.0 (Macintosh; Intel Mac OS X 10.11; rv:52.0) Gecko/20100101 Firefox/52.0"
35.195.229.200 - - [11/Jan/2021:21:27:06 +0100] "GET /boites-cafe-et-the-c-153.html HTTP/1.0" 301 95840 "-" "Mozilla/5.0 (Macintosh; Intel Mac OS X 10.11; rv:52.0) Gecko/20100101 Firefox/52.0"
35.195.229.200 - - [11/Jan/2021:21:27:06 +0100] "GET /companion-wallet-c-31_238.html HTTP/1.0" 301 96034 "-" "Mozilla/5.0 (Macintosh; Intel Mac OS X 10.11; rv:52.0) Gecko/20100101 Firefox/52.0"
35.195.229.200 - - [11/Jan/2021:21:27:06 +0100] "GET /collectible-figurines-and-decorative-c-13_135.html HTTP/1.0" 301 98758 "-" "Mozilla/5.0 (Macintosh; Intel Mac OS X 10.11; rv:52.0) Gecko/20100101 Firefox/52.0"
35.195.229.200 - - [11/Jan/2021:21:27:07 +0100] "GET /computer-bag-and-briefcase-c-31_82.html HTTP/1.0" 301 87068 "-" "Mozilla/5.0 (Macintosh; Intel Mac OS X 10.11; rv:52.0) Gecko/20100101 Firefox/52.0"
35.195.229.200 - - [11/Jan/2021:21:27:07 +0100] "GET /corkscrew-bottle-opener-sommelier-kit-c-12_213.html HTTP/1.0" 301 93431 "-" "Mozilla/5.0 (Macintosh; Intel Mac OS X 10.11; rv:52.0) Gecko/20100101 Firefox/52.0"
35.195.229.200 - - [11/Jan/2021:21:27:07 +0100] "GET /cosmetic-bags-and-flat-purse-c-31_239.html HTTP/1.0" 301 100268 "-" "Mozilla/5.0 (Macintosh; Intel Mac OS X 10.11; rv:52.0) Gecko/20100101 Firefox/52.0"
35.195.229.200 - - [11/Jan/2021:21:27:07 +0100] "GET /cotton-floor-cushion-beely-40-cm-p-53570.html HTTP/1.0" 301 75198 "-" "Mozilla/5.0 (Macintosh; Intel Mac OS X 10.11; rv:52.0) Gecko/20100101 Firefox/52.0"
35.195.229.200 - - [11/Jan/2021:21:27:07 +0100] "GET /cotton-floor-cushion-beely-45-cm-p-53569.html HTTP/1.0" 301 75148 "-" "Mozilla/5.0 (Macintosh; Intel Mac OS X 10.11; rv:52.0) Gecko/20100101 Firefox/52.0"
35.195.229.200 - - [11/Jan/2021:21:27:07 +0100] "GET /court-sleeves-shirts-c-1_22.html HTTP/1.0" 301 71216 "-" "Mozilla/5.0 (Macintosh; Intel Mac OS X 10.11; rv:52.0) Gecko/20100101 Firefox/52.0"
35.195.229.200 - - [11/Jan/2021:21:27:08 +0100] "GET /court-sleeves-shirts-c-2_39.html HTTP/1.0" 301 80367 "-" "Mozilla/5.0 (Macintosh; Intel Mac OS X 10.11; rv:52.0) Gecko/20100101 Firefox/52.0"
62.210.188.222 - - [11/Jan/2021:21:27:07 +0100] "GET /dishes-c-12.html?page=21 HTTP/1.0" 200 90533 "-" "Mozilla/5.0 (compatible; Barkrowler/0.9; +https://babbar.tech/crawler)"
54.36.149.26 - - [11/Jan/2021:21:27:08 +0100] "GET /santa-claus-in-motor-train-sculpture-jim-shore-p-52405.html HTTP/1.0" 200 73294 "-" "Mozilla/5.0 (compatible; AhrefsBot/7.0; +http://ahrefs.com/robot/)"
62.210.188.222 - - [11/Jan/2021:21:27:17 +0100] "GET /dishes-c-12.html?page=49 HTTP/1.0" 200 90943 "-" "Mozilla/5.0 (compatible; Barkrowler/0.9; +https://babbar.tech/crawler)"
35.195.229.200 - - [11/Jan/2021:21:27:26 +0100] "GET /create_account.php HTTP/1.0" 200 33753 "-" "Mozilla/5.0 (Macintosh; Intel Mac OS X 10.11; rv:52.0) Gecko/20100101 Firefox/52.0"
35.195.229.200 - - [11/Jan/2021:21:27:26 +0100] "GET /creative-hobbies-and-coloring-c-129_30.html HTTP/1.0" 301 95599 "-" "Mozilla/5.0 (Macintosh; Intel Mac OS X 10.11; rv:52.0) Gecko/20100101 Firefox/52.0"
35.195.229.200 - - [11/Jan/2021:21:27:26 +0100] "GET /coussin-de-sol-en-coton-45-45-10-cm-beely-p-53569.html HTTP/1.0" 200 75040 "-" "Mozilla/5.0 (Macintosh; Intel Mac OS X 10.11; rv:52.0) Gecko/20100101 Firefox/52.0"
35.195.229.200 - - [11/Jan/2021:21:27:26 +0100] "GET /curtains-lace-curtains-c-11_69.html HTTP/1.0" 301 93734 "-" "Mozilla/5.0 (Macintosh; Intel Mac OS X 10.11; rv:52.0) Gecko/20100101 Firefox/52.0"
35.195.229.200 - - [11/Jan/2021:21:27:26 +0100] "GET /cushion-headboard-c-11_173.html HTTP/1.0" 301 92196 "-" "Mozilla/5.0 (Macintosh; Intel Mac OS X 10.11; rv:52.0) Gecko/20100101 Firefox/52.0"
35.195.229.200 - - [11/Jan/2021:21:27:26 +0100] "GET /cushions-c-11_71.html HTTP/1.0" 301 97846 "-" "Mozilla/5.0 (Macintosh; Intel Mac OS X 10.11; rv:52.0) Gecko/20100101 Firefox/52.0"
35.195.229.200 - - [11/Jan/2021:21:27:26 +0100] "GET /decoration-thermometers-c-13_145.html HTTP/1.0" 301 93292 "-" "Mozilla/5.0 (Macintosh; Intel Mac OS X 10.11; rv:52.0) Gecko/20100101 Firefox/52.0"
35.195.229.200 - - [11/Jan/2021:21:27:27 +0100] "GET /decorations-c-13_89.html HTTP/1.0" 301 93664 "-" "Mozilla/5.0 (Macintosh; Intel Mac OS X 10.11; rv:52.0) Gecko/20100101 Firefox/52.0"
35.195.229.200 - - [11/Jan/2021:21:27:27 +0100] "GET /coussins-c-71.html HTTP/1.0" 301 97727 "-" "Mozilla/5.0 (Macintosh; Intel Mac OS X 10.11; rv:52.0) Gecko/20100101 Firefox/52.0"
35.195.229.200 - - [11/Jan/2021:21:27:27 +0100] "GET /decorative-carpets-c-11_269_167.html HTTP/1.0" 301 94182 "-" "Mozilla/5.0 (Macintosh; Intel Mac OS X 10.11; rv:52.0) Gecko/20100101 Firefox/52.0"
35.195.229.200 - - [11/Jan/2021:21:27:28 +0100] "GET /util/login.aspx HTTP/1.0" 301 541 "-" "Mozilla/5.0 (Macintosh; Intel Mac OS X 10.11; rv:52.0) Gecko/20100101 Firefox/52.0"
35.195.229.200 - - [11/Jan/2021:21:27:28 +0100] "GET /install.php HTTP/1.0" 301 533 "-" "Mozilla/5.0 (Macintosh; Intel Mac OS X 10.11; rv:52.0) Gecko/20100101 Firefox/52.0"
35.195.229.200 - - [11/Jan/2021:21:27:28 +0100] "GET /magento_version HTTP/1.0" 301 541 "-" "Mozilla/5.0 (Macintosh; Intel Mac OS X 10.11; rv:52.0) Gecko/20100101 Firefox/52.0"
35.195.229.200 - - [11/Jan/2021:21:27:28 +0100] "GET /util/login.aspx HTTP/1.0" 404 1308 "-" "Mozilla/5.0 (Macintosh; Intel Mac OS X 10.11; rv:52.0) Gecko/20100101 Firefox/52.0"
35.195.229.200 - - [11/Jan/2021:21:27:28 +0100] "GET /install.php HTTP/1.0" 404 1308 "-" "Mozilla/5.0 (Macintosh; Intel Mac OS X 10.11; rv:52.0) Gecko/20100101 Firefox/52.0"
35.195.229.200 - - [11/Jan/2021:21:27:28 +0100] "GET /magento_version HTTP/1.0" 404 1308 "-" "Mozilla/5.0 (Macintosh; Intel Mac OS X 10.11; rv:52.0) Gecko/20100101 Firefox/52.0"
62.210.188.222 - - [11/Jan/2021:21:27:27 +0100] "GET /dishes-c-12.html?page=16 HTTP/1.0" 200 90600 "-" "Mozilla/5.0 (compatible; Barkrowler/0.9; +https://babbar.tech/crawler)"
40.77.167.56 - - [11/Jan/2021:21:27:33 +0100] "GET /olaf-disney-trolley-bag-p-30351.html HTTP/1.0" 200 72131 "-" "Mozilla/5.0 (compatible; bingbot/2.0; +http://www.bing.com/bingbot.htm)"
40.77.167.56 - - [11/Jan/2021:21:27:33 +0100] "GET /love-and-peace-pink-portfolio-p-8763.html HTTP/1.0" 200 72125 "-" "Mozilla/5.0 (compatible; bingbot/2.0; +http://www.bing.com/bingbot.htm)"
62.210.188.222 - - [11/Jan/2021:21:27:37 +0100] "GET /dishes-c-12.html?page=28 HTTP/1.0" 200 90779 "-" "Mozilla/5.0 (compatible; Barkrowler/0.9; +https://babbar.tech/crawler)"
185.191.171.2 - - [11/Jan/2021:21:27:45 +0100] "GET /deco-horse-head-statue-p-44643.html HTTP/1.0" 200 71884 "-" "Mozilla/5.0 (compatible; SemrushBot/7~bl; +http://www.semrush.com/bot.html)"
62.210.188.222 - - [11/Jan/2021:21:27:47 +0100] "GET /dishes-c-12.html?page=13 HTTP/1.0" 200 90716 "-" "Mozilla/5.0 (compatible; Barkrowler/0.9; +https://babbar.tech/crawler)"
62.210.188.222 - - [11/Jan/2021:21:27:56 +0100] "GET /dishes-c-12.html?page=22 HTTP/1.0" 200 91108 "-" "Mozilla/5.0 (compatible; Barkrowler/0.9; +https://babbar.tech/crawler)"
207.46.13.229 - - [11/Jan/2021:21:28:01 +0100] "GET /stationery-and-cardmaking-c-129.html?page=6 HTTP/1.0" 200 93434 "-" "Mozilla/5.0 (compatible; bingbot/2.0; +http://www.bing.com/bingbot.htm)"
62.210.188.222 - - [11/Jan/2021:21:28:06 +0100] "GET /dishes-c-12.html?page=45 HTTP/1.0" 200 91243 "-" "Mozilla/5.0 (compatible; Barkrowler/0.9; +https://babbar.tech/crawler)"
62.210.188.222 - - [11/Jan/2021:21:28:15 +0100] "GET /dishes-c-12.html?page=39 HTTP/1.0" 200 90757 "-" "Mozilla/5.0 (compatible; Barkrowler/0.9; +https://babbar.tech/crawler)"
185.191.171.34 - - [11/Jan/2021:21:28:18 +0100] "GET /usa-blue-shower-curtain-180-180-cm-p-34865.html HTTP/1.0" 200 71963 "-" "Mozilla/5.0 (compatible; SemrushBot/7~bl; +http://www.semrush.com/bot.html)"
62.210.188.222 - - [11/Jan/2021:21:28:25 +0100] "GET /dishes-c-12.html?page=5 HTTP/1.0" 200 90068 "-" "Mozilla/5.0 (compatible; Barkrowler/0.9; +https://babbar.tech/crawler)"
62.210.188.222 - - [11/Jan/2021:21:28:34 +0100] "GET /dishes-c-12.html?page=6 HTTP/1.0" 200 90071 "-" "Mozilla/5.0 (compatible; Barkrowler/0.9; +https://babbar.tech/crawler)"
157.55.39.110 - - [11/Jan/2021:21:28:36 +0100] "GET /spiderman-blue-sweater-p-31338.html HTTP/1.0" 200 72250 "-" "Mozilla/5.0 (compatible; bingbot/2.0; +http://www.bing.com/bingbot.htm)"
114.119.129.36 - - [11/Jan/2021:21:28:40 +0100] "GET /images/mini_prod/8433933159729.jpg HTTP/1.0" 200 269 "-" "Mozilla/5.0 (Linux; Android 7.0;) AppleWebKit/537.36 (KHTML, like Gecko) Mobile Safari/537.36 (compatible; PetalBot;+https://aspiegel.com/petalbot)"
62.210.188.222 - - [11/Jan/2021:21:28:43 +0100] "GET /dishes-c-12.html?page=7 HTTP/1.0" 200 90503 "-" "Mozilla/5.0 (compatible; Barkrowler/0.9; +https://babbar.tech/crawler)"
62.210.188.222 - - [11/Jan/2021:21:28:53 +0100] "GET /dishes-c-12.html?page=20 HTTP/1.0" 200 90571 "-" "Mozilla/5.0 (compatible; Barkrowler/0.9; +https://babbar.tech/crawler)"
62.210.188.222 - - [11/Jan/2021:21:29:02 +0100] "GET /dishes-c-12.html?page=3 HTTP/1.0" 200 90533 "-" "Mozilla/5.0 (compatible; Barkrowler/0.9; +https://babbar.tech/crawler)"
62.210.188.222 - - [11/Jan/2021:21:29:12 +0100] "GET /dishes-c-12.html?page=2 HTTP/1.0" 200 90969 "-" "Mozilla/5.0 (compatible; Barkrowler/0.9; +https://babbar.tech/crawler)"
62.210.188.222 - - [11/Jan/2021:21:29:21 +0100] "GET /dishes-c-12.html?page=9 HTTP/1.0" 200 90812 "-" "Mozilla/5.0 (compatible; Barkrowler/0.9; +https://babbar.tech/crawler)"
51.68.224.127 - - [11/Jan/2021:21:29:30 +0100] "GET /adminweb/export_orders_xml.php?token=256de2z6edz6ed2z6DFSFsed2zed6zeDSFDSGdzedezfzf&maxorders=10&orderstart=1&status=14&start_date=2018-10-01 HTTP/1.0" 200 285 "-" "GesCom CharlotteBoutik Serveur"
51.68.224.127 - - [11/Jan/2021:21:29:30 +0100] "GET /adminweb/export_orders_xml.php?token=256de2z6edz6ed2z6DFSFsed2zed6zeDSFDSGdzedezfzf&maxorders=10&orderstart=1&status=6&start_date=2018-10-01 HTTP/1.0" 200 29990 "-" "GesCom CharlotteBoutik Serveur"
62.210.188.222 - - [11/Jan/2021:21:29:31 +0100] "GET /dishes-c-12.html?page=1 HTTP/1.0" 200 90422 "-" "Mozilla/5.0 (compatible; Barkrowler/0.9; +https://babbar.tech/crawler)"
66.249.66.64 - - [11/Jan/2021:21:29:32 +0100] "GET /table-setting-c-97_99.html HTTP/1.0" 200 79502 "-" "Mozilla/5.0 (compatible; Googlebot/2.1; +http://www.google.com/bot.html)"
62.210.188.222 - - [11/Jan/2021:21:29:40 +0100] "GET /dishes-c-12.html?page=8 HTTP/1.0" 200 91126 "-" "Mozilla/5.0 (compatible; Barkrowler/0.9; +https://babbar.tech/crawler)"
185.191.171.42 - - [11/Jan/2021:21:29:41 +0100] "GET /only-you-by-etienne-boyer-tee-shirt-p-33854.html HTTP/1.0" 200 74416 "-" "Mozilla/5.0 (compatible; SemrushBot/7~bl; +http://www.semrush.com/bot.html)"
185.191.171.4 - - [11/Jan/2021:21:29:46 +0100] "GET /dora-the-explorer-large-sticker-p-27889.html HTTP/1.0" 200 71988 "-" "Mozilla/5.0 (compatible; SemrushBot/7~bl; +http://www.semrush.com/bot.html)"
62.210.188.222 - - [11/Jan/2021:21:29:50 +0100] "GET /dishes-c-12.html?page=4 HTTP/1.0" 200 89881 "-" "Mozilla/5.0 (compatible; Barkrowler/0.9; +https://babbar.tech/crawler)"
62.210.188.222 - - [11/Jan/2021:21:29:59 +0100] "GET /bracelets-c-3_200.html?page=5 HTTP/1.0" 200 82430 "-" "Mozilla/5.0 (compatible; Barkrowler/0.9; +https://babbar.tech/crawler)"
62.210.188.222 - - [11/Jan/2021:21:30:08 +0100] "GET /bracelets-c-3_200.html?page=3 HTTP/1.0" 200 90538 "-" "Mozilla/5.0 (compatible; Barkrowler/0.9; +https://babbar.tech/crawler)"
62.210.188.222 - - [11/Jan/2021:21:30:18 +0100] "GET /bracelets-c-3_200.html?page=2 HTTP/1.0" 200 90021 "-" "Mozilla/5.0 (compatible; Barkrowler/0.9; +https://babbar.tech/crawler)"
185.191.171.6 - - [11/Jan/2021:21:30:23 +0100] "GET /panda-ground-sheet-45-75-cm-p-45411.html HTTP/1.0" 200 72612 "-" "Mozilla/5.0 (compatible; SemrushBot/7~bl; +http://www.semrush.com/bot.html)"
62.210.188.222 - - [11/Jan/2021:21:30:27 +0100] "GET /bracelets-c-3_200.html?page=1 HTTP/1.0" 200 89772 "-" "Mozilla/5.0 (compatible; Barkrowler/0.9; +https://babbar.tech/crawler)"
185.191.171.14 - - [11/Jan/2021:21:30:28 +0100] "GET /household-linen/towel-bath-towels/smurf-beach-towel-p-13089.html HTTP/1.0" 301 69259 "-" "Mozilla/5.0 (compatible; SemrushBot/7~bl; +http://www.semrush.com/bot.html)"
185.191.171.17 - - [11/Jan/2021:21:30:30 +0100] "GET /-p-13089.html HTTP/1.0" 200 69192 "-" "Mozilla/5.0 (compatible; SemrushBot/7~bl; +http://www.semrush.com/bot.html)"
62.210.188.222 - - [11/Jan/2021:21:30:37 +0100] "GET /bracelets-c-3_200.html?page=4 HTTP/1.0" 200 90673 "-" "Mozilla/5.0 (compatible; Barkrowler/0.9; +https://babbar.tech/crawler)"
62.210.188.222 - - [11/Jan/2021:21:30:46 +0100] "GET /kitchen-shelf-p-49046.html HTTP/1.0" 200 72564 "-" "Mozilla/5.0 (compatible; Barkrowler/0.9; +https://babbar.tech/crawler)"
62.210.188.222 - - [11/Jan/2021:21:30:55 +0100] "GET /frozen-workbook-p-52057.html HTTP/1.0" 200 71783 "-" "Mozilla/5.0 (compatible; Barkrowler/0.9; +https://babbar.tech/crawler)"
62.210.188.222 - - [11/Jan/2021:21:31:05 +0100] "GET /frozen-workbook-p-52055.html HTTP/1.0" 200 71792 "-" "Mozilla/5.0 (compatible; Barkrowler/0.9; +https://babbar.tech/crawler)"
62.210.188.222 - - [11/Jan/2021:21:31:14 +0100] "GET /frozen-keyring-p-28271.html HTTP/1.0" 200 71447 "-" "Mozilla/5.0 (compatible; Barkrowler/0.9; +https://babbar.tech/crawler)"
62.210.188.222 - - [11/Jan/2021:21:31:23 +0100] "GET /italian-style-mirror-p-21298.html HTTP/1.0" 200 71761 "-" "Mozilla/5.0 (compatible; Barkrowler/0.9; +https://babbar.tech/crawler)"
185.191.171.39 - - [11/Jan/2021:21:31:25 +0100] "GET /mango-statue-head-of-buddha-46-cm-p-44723.html HTTP/1.0" 301 69259 "-" "Mozilla/5.0 (compatible; SemrushBot/7~bl; +http://www.semrush.com/bot.html)"
185.191.171.41 - - [11/Jan/2021:21:31:27 +0100] "GET /-p-44723.html HTTP/1.0" 200 69192 "-" "Mozilla/5.0 (compatible; SemrushBot/7~bl; +http://www.semrush.com/bot.html)"
54.36.148.44 - - [11/Jan/2021:21:31:29 +0100] "GET /disney-princess-rainwear-p-31243.html HTTP/1.0" 200 72988 "-" "Mozilla/5.0 (compatible; AhrefsBot/7.0; +http://ahrefs.com/robot/)"
62.210.188.222 - - [11/Jan/2021:21:31:33 +0100] "GET /mini-stickers-animals-p-22596.html HTTP/1.0" 200 71845 "-" "Mozilla/5.0 (compatible; Barkrowler/0.9; +https://babbar.tech/crawler)"
62.210.188.222 - - [11/Jan/2021:21:31:42 +0100] "GET /mini-stickers-animals-p-22597.html HTTP/1.0" 200 71845 "-" "Mozilla/5.0 (compatible; Barkrowler/0.9; +https://babbar.tech/crawler)"
62.210.188.222 - - [11/Jan/2021:21:31:51 +0100] "GET /morgan-paris-watch-p-38193.html HTTP/1.0" 200 72057 "-" "Mozilla/5.0 (compatible; Barkrowler/0.9; +https://babbar.tech/crawler)"
62.210.188.222 - - [11/Jan/2021:21:32:01 +0100] "GET /pants-capri-pants-c-1_20.html HTTP/1.0" 200 79696 "-" "Mozilla/5.0 (compatible; Barkrowler/0.9; +https://babbar.tech/crawler)"
62.210.188.222 - - [11/Jan/2021:21:32:10 +0100] "GET /cafe-placemat-p-49103.html HTTP/1.0" 200 71948 "-" "Mozilla/5.0 (compatible; Barkrowler/0.9; +https://babbar.tech/crawler)"
13.66.139.153 - - [11/Jan/2021:21:32:16 +0100] "GET /peanuts-retro-red-reporter-bag-p-6344.html HTTP/1.0" 200 69331 "-" "Mozilla/5.0 (compatible; bingbot/2.0; +http://www.bing.com/bingbot.htm)"
13.66.139.153 - - [11/Jan/2021:21:32:17 +0100] "GET /cats-by-dubout-figurine-happy-days-p-33344.html HTTP/1.0" 200 69322 "-" "Mozilla/5.0 (compatible; bingbot/2.0; +http://www.bing.com/bingbot.htm)"
13.66.139.153 - - [11/Jan/2021:21:32:18 +0100] "GET /teo-jasmin-medium-cabas-teo-america-denim-p-38675.html HTTP/1.0" 200 69334 "-" "Mozilla/5.0 (compatible; bingbot/2.0; +http://www.bing.com/bingbot.htm)"
13.66.139.153 - - [11/Jan/2021:21:32:18 +0100] "GET /jacquard-anti-stain-tablecloth-light-gray-140-140-cm-p-34053.html HTTP/1.0" 301 69259 "-" "Mozilla/5.0 (compatible; bingbot/2.0; +http://www.bing.com/bingbot.htm)"
13.66.139.153 - - [11/Jan/2021:21:32:19 +0100] "GET /wood-alarm-clock-p-39703.html HTTP/1.0" 301 69259 "-" "Mozilla/5.0 (compatible; bingbot/2.0; +http://www.bing.com/bingbot.htm)"
62.210.188.222 - - [11/Jan/2021:21:32:20 +0100] "GET /decorations-c-13_89.html?page=3 HTTP/1.0" 200 90060 "-" "Mozilla/5.0 (compatible; Barkrowler/0.9; +https://babbar.tech/crawler)"
13.66.139.153 - - [11/Jan/2021:21:32:20 +0100] "GET /-p-4478.html HTTP/1.0" 200 69190 "-" "Mozilla/5.0 (compatible; bingbot/2.0; +http://www.bing.com/bingbot.htm)"
13.66.139.153 - - [11/Jan/2021:21:32:22 +0100] "GET /-p-22714.html HTTP/1.0" 200 69192 "-" "Mozilla/5.0 (compatible; bingbot/2.0; +http://www.bing.com/bingbot.htm)"
13.66.139.153 - - [11/Jan/2021:21:32:23 +0100] "GET /-p-34048.html HTTP/1.0" 200 69192 "-" "Mozilla/5.0 (compatible; bingbot/2.0; +http://www.bing.com/bingbot.htm)"
13.66.139.153 - - [11/Jan/2021:21:32:23 +0100] "GET /-p-16158.html HTTP/1.0" 200 69192 "-" "Mozilla/5.0 (compatible; bingbot/2.0; +http://www.bing.com/bingbot.htm)"
13.66.139.153 - - [11/Jan/2021:21:32:24 +0100] "GET /-p-24630.html HTTP/1.0" 200 69192 "-" "Mozilla/5.0 (compatible; bingbot/2.0; +http://www.bing.com/bingbot.htm)"
13.66.139.153 - - [11/Jan/2021:21:32:25 +0100] "GET /-p-16052.html HTTP/1.0" 200 69192 "-" "Mozilla/5.0 (compatible; bingbot/2.0; +http://www.bing.com/bingbot.htm)"
13.66.139.64 - - [11/Jan/2021:21:32:26 +0100] "GET /bob-marley-zippo-lighter-p-29773.html HTTP/1.0" 200 69303 "-" "Mozilla/5.0 (compatible; bingbot/2.0; +http://www.bing.com/bingbot.htm)"
13.66.139.64 - - [11/Jan/2021:21:32:27 +0100] "GET /marilyn-monroe-ashtray-p-39349.html HTTP/1.0" 301 69259 "-" "Mozilla/5.0 (compatible; bingbot/2.0; +http://www.bing.com/bingbot.htm)"
13.66.139.64 - - [11/Jan/2021:21:32:28 +0100] "GET /pretty-doe-glass-clock-p-34007.html HTTP/1.0" 200 69293 "-" "Mozilla/5.0 (compatible; bingbot/2.0; +http://www.bing.com/bingbot.htm)"
13.66.139.64 - - [11/Jan/2021:21:32:28 +0100] "GET /beautiful-babushka-by-kimmidoll-green-pen-p-33218.html HTTP/1.0" 200 69346 "-" "Mozilla/5.0 (compatible; bingbot/2.0; +http://www.bing.com/bingbot.htm)"
62.210.188.222 - - [11/Jan/2021:21:32:29 +0100] "GET /decorations-c-13_89.html?page=2 HTTP/1.0" 200 90118 "-" "Mozilla/5.0 (compatible; Barkrowler/0.9; +https://babbar.tech/crawler)"
13.66.139.64 - - [11/Jan/2021:21:32:29 +0100] "GET /simpsons-sugar-box-p-17918.html HTTP/1.0" 200 69273 "-" "Mozilla/5.0 (compatible; bingbot/2.0; +http://www.bing.com/bingbot.htm)"
13.66.139.64 - - [11/Jan/2021:21:32:31 +0100] "GET /maleficent-figure-p-3602.html HTTP/1.0" 200 69266 "-" "Mozilla/5.0 (compatible; bingbot/2.0; +http://www.bing.com/bingbot.htm)"
13.66.139.64 - - [11/Jan/2021:21:32:32 +0100] "GET /-p-17481.html HTTP/1.0" 200 69192 "-" "Mozilla/5.0 (compatible; bingbot/2.0; +http://www.bing.com/bingbot.htm)"
13.66.139.64 - - [11/Jan/2021:21:32:32 +0100] "GET /-p-22027.html HTTP/1.0" 200 69192 "-" "Mozilla/5.0 (compatible; bingbot/2.0; +http://www.bing.com/bingbot.htm)"
13.66.139.64 - - [11/Jan/2021:21:32:33 +0100] "GET /stormtrooper-miniature-character-p-32467.html HTTP/1.0" 200 69343 "-" "Mozilla/5.0 (compatible; bingbot/2.0; +http://www.bing.com/bingbot.htm)"
13.66.139.64 - - [11/Jan/2021:21:32:34 +0100] "GET /winx-club-toddler-flatware-set-p-17136.html HTTP/1.0" 200 73125 "-" "Mozilla/5.0 (compatible; bingbot/2.0; +http://www.bing.com/bingbot.htm)"
13.66.139.64 - - [11/Jan/2021:21:32:35 +0100] "GET /-p-17183.html HTTP/1.0" 200 69192 "-" "Mozilla/5.0 (compatible; bingbot/2.0; +http://www.bing.com/bingbot.htm)"
13.66.139.64 - - [11/Jan/2021:21:32:36 +0100] "GET /-p-11973.html HTTP/1.0" 200 69192 "-" "Mozilla/5.0 (compatible; bingbot/2.0; +http://www.bing.com/bingbot.htm)"
13.66.139.64 - - [11/Jan/2021:21:32:37 +0100] "GET /-p-23351.html HTTP/1.0" 200 69192 "-" "Mozilla/5.0 (compatible; bingbot/2.0; +http://www.bing.com/bingbot.htm)"
13.66.139.64 - - [11/Jan/2021:21:32:38 +0100] "GET /grumpy-dwarf-statement-figurine-collection-disney-p-29256.html HTTP/1.0" 301 69259 "-" "Mozilla/5.0 (compatible; bingbot/2.0; +http://www.bing.com/bingbot.htm)"
62.210.188.222 - - [11/Jan/2021:21:32:38 +0100] "GET /decorations-c-13_89.html?page=1 HTTP/1.0" 200 89411 "-" "Mozilla/5.0 (compatible; Barkrowler/0.9; +https://babbar.tech/crawler)"
13.66.139.64 - - [11/Jan/2021:21:32:38 +0100] "GET /-p-34312.html HTTP/1.0" 200 69192 "-" "Mozilla/5.0 (compatible; bingbot/2.0; +http://www.bing.com/bingbot.htm)"
13.66.139.64 - - [11/Jan/2021:21:32:40 +0100] "GET /-p-29445.html HTTP/1.0" 200 69192 "-" "Mozilla/5.0 (compatible; bingbot/2.0; +http://www.bing.com/bingbot.htm)"
13.66.139.64 - - [11/Jan/2021:21:32:41 +0100] "GET /black-horse-head-statue-p-39354.html HTTP/1.0" 200 69298 "-" "Mozilla/5.0 (compatible; bingbot/2.0; +http://www.bing.com/bingbot.htm)"
13.66.139.14 - - [11/Jan/2021:21:32:43 +0100] "GET /nici-sweet-hearts-green-turtle-plush-25-cm-p-35178.html HTTP/1.0" 200 69350 "-" "Mozilla/5.0 (compatible; bingbot/2.0; +http://www.bing.com/bingbot.htm)"
13.66.139.14 - - [11/Jan/2021:21:32:44 +0100] "GET /retro-post-card-box-57-cm-p-35732.html HTTP/1.0" 200 69308 "-" "Mozilla/5.0 (compatible; bingbot/2.0; +http://www.bing.com/bingbot.htm)"
13.66.139.14 - - [11/Jan/2021:21:32:45 +0100] "GET /simpsons-alarm-clock-p-1938.html HTTP/1.0" 301 69256 "-" "Mozilla/5.0 (compatible; bingbot/2.0; +http://www.bing.com/bingbot.htm)"
13.66.139.14 - - [11/Jan/2021:21:32:46 +0100] "GET /-p-18812.html HTTP/1.0" 200 69192 "-" "Mozilla/5.0 (compatible; bingbot/2.0; +http://www.bing.com/bingbot.htm)"
13.66.139.14 - - [11/Jan/2021:21:32:47 +0100] "GET /solar-powered-sunflower-dancing-p-33553.html HTTP/1.0" 200 69338 "-" "Mozilla/5.0 (compatible; bingbot/2.0; +http://www.bing.com/bingbot.htm)"
13.66.139.14 - - [11/Jan/2021:21:32:47 +0100] "GET /-p-47328.html HTTP/1.0" 200 69192 "-" "Mozilla/5.0 (compatible; bingbot/2.0; +http://www.bing.com/bingbot.htm)"
13.66.139.14 - - [11/Jan/2021:21:32:48 +0100] "GET /-p-15009.html HTTP/1.0" 200 69192 "-" "Mozilla/5.0 (compatible; bingbot/2.0; +http://www.bing.com/bingbot.htm)"
62.210.188.222 - - [11/Jan/2021:21:32:48 +0100] "GET /decorations-c-13_89.html?page=4 HTTP/1.0" 200 84358 "-" "Mozilla/5.0 (compatible; Barkrowler/0.9; +https://babbar.tech/crawler)"
13.66.139.14 - - [11/Jan/2021:21:32:49 +0100] "GET /-p-39262.html HTTP/1.0" 200 69192 "-" "Mozilla/5.0 (compatible; bingbot/2.0; +http://www.bing.com/bingbot.htm)"
13.66.139.14 - - [11/Jan/2021:21:32:50 +0100] "GET /-p-11128.html HTTP/1.0" 200 69192 "-" "Mozilla/5.0 (compatible; bingbot/2.0; +http://www.bing.com/bingbot.htm)"
13.66.139.14 - - [11/Jan/2021:21:32:51 +0100] "GET /decorative-candle-elephant-gold-p-37728.html HTTP/1.0" 301 69259 "-" "Mozilla/5.0 (compatible; bingbot/2.0; +http://www.bing.com/bingbot.htm)"
13.66.139.14 - - [11/Jan/2021:21:32:52 +0100] "GET /hello-kitty-large-backpack-p-23250.html HTTP/1.0" 200 69286 "-" "Mozilla/5.0 (compatible; bingbot/2.0; +http://www.bing.com/bingbot.htm)"
13.66.139.14 - - [11/Jan/2021:21:32:53 +0100] "GET /-p-12903.html HTTP/1.0" 200 69192 "-" "Mozilla/5.0 (compatible; bingbot/2.0; +http://www.bing.com/bingbot.htm)"
13.66.139.14 - - [11/Jan/2021:21:32:54 +0100] "GET /-p-15474.html HTTP/1.0" 200 69192 "-" "Mozilla/5.0 (compatible; bingbot/2.0; +http://www.bing.com/bingbot.htm)"
13.66.139.14 - - [11/Jan/2021:21:32:55 +0100] "GET /-p-16587.html HTTP/1.0" 200 69192 "-" "Mozilla/5.0 (compatible; bingbot/2.0; +http://www.bing.com/bingbot.htm)"
13.66.139.14 - - [11/Jan/2021:21:32:55 +0100] "GET /-p-13890.html HTTP/1.0" 200 69192 "-" "Mozilla/5.0 (compatible; bingbot/2.0; +http://www.bing.com/bingbot.htm)"
13.66.139.14 - - [11/Jan/2021:21:32:56 +0100] "GET /diner-oven-mitt-p-37765.html HTTP/1.0" 200 69242 "-" "Mozilla/5.0 (compatible; bingbot/2.0; +http://www.bing.com/bingbot.htm)"
13.66.139.14 - - [11/Jan/2021:21:32:57 +0100] "GET /-p-30833.html HTTP/1.0" 200 69192 "-" "Mozilla/5.0 (compatible; bingbot/2.0; +http://www.bing.com/bingbot.htm)"
62.210.188.222 - - [11/Jan/2021:21:32:58 +0100] "GET /decorative-globe-p-49400.html HTTP/1.0" 200 69246 "-" "Mozilla/5.0 (compatible; Barkrowler/0.9; +https://babbar.tech/crawler)"
13.66.139.14 - - [11/Jan/2021:21:32:58 +0100] "GET /-p-29836.html HTTP/1.0" 200 69192 "-" "Mozilla/5.0 (compatible; bingbot/2.0; +http://www.bing.com/bingbot.htm)"
13.66.139.14 - - [11/Jan/2021:21:33:00 +0100] "GET /-p-3610.html HTTP/1.0" 200 69190 "-" "Mozilla/5.0 (compatible; bingbot/2.0; +http://www.bing.com/bingbot.htm)"
13.66.139.14 - - [11/Jan/2021:21:33:01 +0100] "GET /-p-24215.html HTTP/1.0" 200 69192 "-" "Mozilla/5.0 (compatible; bingbot/2.0; +http://www.bing.com/bingbot.htm)"
13.66.139.14 - - [11/Jan/2021:21:33:02 +0100] "GET /elvis-presley-small-metal-plate-p-12507.html HTTP/1.0" 200 69338 "-" "Mozilla/5.0 (compatible; bingbot/2.0; +http://www.bing.com/bingbot.htm)"
13.66.139.14 - - [11/Jan/2021:21:33:03 +0100] "GET /frog-by-allen-mug-p-30709.html HTTP/1.0" 301 69259 "-" "Mozilla/5.0 (compatible; bingbot/2.0; +http://www.bing.com/bingbot.htm)"
13.66.139.14 - - [11/Jan/2021:21:33:04 +0100] "GET /-p-25786.html HTTP/1.0" 200 69192 "-" "Mozilla/5.0 (compatible; bingbot/2.0; +http://www.bing.com/bingbot.htm)"
13.66.139.14 - - [11/Jan/2021:21:33:05 +0100] "GET /moto-guzzi-black-shoulder-bag-p-11802.html HTTP/1.0" 200 69328 "-" "Mozilla/5.0 (compatible; bingbot/2.0; +http://www.bing.com/bingbot.htm)"
13.66.139.14 - - [11/Jan/2021:21:33:05 +0100] "GET /-p-18339.html HTTP/1.0" 200 69192 "-" "Mozilla/5.0 (compatible; bingbot/2.0; +http://www.bing.com/bingbot.htm)"
13.66.139.14 - - [11/Jan/2021:21:33:06 +0100] "GET /masha-and-the-bear-desk-p-32470.html HTTP/1.0" 200 69298 "-" "Mozilla/5.0 (compatible; bingbot/2.0; +http://www.bing.com/bingbot.htm)"
62.210.188.222 - - [11/Jan/2021:21:33:07 +0100] "GET /decorative-globe-p-40905.html HTTP/1.0" 200 71826 "-" "Mozilla/5.0 (compatible; Barkrowler/0.9; +https://babbar.tech/crawler)"
207.46.13.26 - - [11/Jan/2021:21:33:14 +0100] "GET /swfobject.js HTTP/1.0" 404 1308 "-" "Mozilla/5.0 (compatible; bingbot/2.0; +http://www.bing.com/bingbot.htm)"
207.46.13.26 - - [11/Jan/2021:21:33:14 +0100] "GET /swfobject.js HTTP/1.0" 404 1308 "-" "Mozilla/5.0 (compatible; bingbot/2.0; +http://www.bing.com/bingbot.htm)"
62.210.188.222 - - [11/Jan/2021:21:33:17 +0100] "GET /decorative-globe-p-40904.html HTTP/1.0" 200 71854 "-" "Mozilla/5.0 (compatible; Barkrowler/0.9; +https://babbar.tech/crawler)"
185.191.171.39 - - [11/Jan/2021:21:33:19 +0100] "GET /pet-rug-60-40-cm-pacha-p-49540.html HTTP/1.0" 200 71716 "-" "Mozilla/5.0 (compatible; SemrushBot/7~bl; +http://www.semrush.com/bot.html)"
157.55.39.220 - - [11/Jan/2021:21:33:22 +0100] "GET /highslide/highslide.js HTTP/1.0" 200 262 "-" "Mozilla/5.0 (compatible; bingbot/2.0; +http://www.bing.com/bingbot.htm)"
62.210.188.222 - - [11/Jan/2021:21:33:26 +0100] "GET /planes-mug-p-24526.html HTTP/1.0" 200 71891 "-" "Mozilla/5.0 (compatible; Barkrowler/0.9; +https://babbar.tech/crawler)"
62.210.188.222 - - [11/Jan/2021:21:33:35 +0100] "GET /planes-cushion-p-25909.html HTTP/1.0" 200 71739 "-" "Mozilla/5.0 (compatible; Barkrowler/0.9; +https://babbar.tech/crawler)"
185.191.171.1 - - [11/Jan/2021:21:33:36 +0100] "GET /lighting-c-13_86.html?page=12 HTTP/1.0" 200 93825 "-" "Mozilla/5.0 (compatible; SemrushBot/7~bl; +http://www.semrush.com/bot.html)"
62.210.188.222 - - [11/Jan/2021:21:33:45 +0100] "GET /planes-cushion-p-25908.html HTTP/1.0" 200 71739 "-" "Mozilla/5.0 (compatible; Barkrowler/0.9; +https://babbar.tech/crawler)"
62.210.188.222 - - [11/Jan/2021:21:33:54 +0100] "GET /childrens-beds-c-13_210.html HTTP/1.0" 200 74783 "-" "Mozilla/5.0 (compatible; Barkrowler/0.9; +https://babbar.tech/crawler)"
62.210.188.222 - - [11/Jan/2021:21:34:04 +0100] "GET /planes-placemat-p-31796.html HTTP/1.0" 200 71859 "-" "Mozilla/5.0 (compatible; Barkrowler/0.9; +https://babbar.tech/crawler)"
185.191.171.34 - - [11/Jan/2021:21:34:05 +0100] "GET /robots.txt HTTP/1.0" 200 245 "-" "Mozilla/5.0 (compatible; SemrushBot/7~bl; +http://www.semrush.com/bot.html)"
185.191.171.19 - - [11/Jan/2021:21:34:05 +0100] "GET /evil-queen-figurine-disney-showcase-p-44598.html HTTP/1.0" 200 72531 "-" "Mozilla/5.0 (compatible; SemrushBot/7~bl; +http://www.semrush.com/bot.html)"
62.210.188.222 - - [11/Jan/2021:21:34:13 +0100] "GET /planes-placemat-p-31795.html HTTP/1.0" 200 71859 "-" "Mozilla/5.0 (compatible; Barkrowler/0.9; +https://babbar.tech/crawler)"
62.210.188.222 - - [11/Jan/2021:21:34:22 +0100] "GET /acdc-shirt-p-29538.html HTTP/1.0" 200 73579 "-" "Mozilla/5.0 (compatible; Barkrowler/0.9; +https://babbar.tech/crawler)"
185.191.171.23 - - [11/Jan/2021:21:34:30 +0100] "GET /trays-c-12_159.html?page=5 HTTP/1.0" 200 90577 "-" "Mozilla/5.0 (compatible; SemrushBot/7~bl; +http://www.semrush.com/bot.html)"
62.210.188.222 - - [11/Jan/2021:21:34:32 +0100] "GET /ac-dc-bowl-p-5203.html HTTP/1.0" 301 69256 "-" "Mozilla/5.0 (compatible; Barkrowler/0.9; +https://babbar.tech/crawler)"
62.210.188.222 - - [11/Jan/2021:21:34:32 +0100] "GET /-p-5203.html HTTP/1.0" 200 69190 "-" "Mozilla/5.0 (compatible; Barkrowler/0.9; +https://babbar.tech/crawler)"
62.210.188.222 - - [11/Jan/2021:21:34:32 +0100] "GET /ac-dc-bowl-p-5203.html HTTP/1.0" 301 69256 "-" "Mozilla/5.0 (compatible; Barkrowler/0.9; +https://babbar.tech/crawler)"
185.191.171.5 - - [11/Jan/2021:21:34:32 +0100] "GET /marine-laundry-basket-black-and-white-45-cm-p-48910.html HTTP/1.0" 200 72866 "-" "Mozilla/5.0 (compatible; SemrushBot/7~bl; +http://www.semrush.com/bot.html)"
62.210.188.222 - - [11/Jan/2021:21:34:41 +0100] "GET /avengers-mug-p-37514.html HTTP/1.0" 200 71968 "-" "Mozilla/5.0 (compatible; Barkrowler/0.9; +https://babbar.tech/crawler)"
62.210.188.222 - - [11/Jan/2021:21:34:51 +0100] "GET /vanity-beauty-bags-c-31_78.html HTTP/1.0" 200 79225 "-" "Mozilla/5.0 (compatible; Barkrowler/0.9; +https://babbar.tech/crawler)"
62.210.188.222 - - [11/Jan/2021:21:35:00 +0100] "GET /wall-stickers-music-p-51126.html HTTP/1.0" 200 72133 "-" "Mozilla/5.0 (compatible; Barkrowler/0.9; +https://babbar.tech/crawler)"
185.191.171.33 - - [11/Jan/2021:21:35:05 +0100] "GET /powder-candle-250-grs-la-bougie-autrement-golden-night-p-53075.html?action=add_product HTTP/1.0" 302 476 "-" "Mozilla/5.0 (compatible; SemrushBot/7~bl; +http://www.semrush.com/bot.html)"
62.210.188.222 - - [11/Jan/2021:21:35:10 +0100] "GET /horses-stickers-p-19590.html HTTP/1.0" 200 71822 "-" "Mozilla/5.0 (compatible; Barkrowler/0.9; +https://babbar.tech/crawler)"
62.210.188.222 - - [11/Jan/2021:21:35:19 +0100] "GET /horses-stickers-p-19589.html HTTP/1.0" 200 71548 "-" "Mozilla/5.0 (compatible; Barkrowler/0.9; +https://babbar.tech/crawler)"
62.210.188.222 - - [11/Jan/2021:21:35:28 +0100] "GET /horses-stickers-p-19586.html HTTP/1.0" 200 71823 "-" "Mozilla/5.0 (compatible; Barkrowler/0.9; +https://babbar.tech/crawler)"
13.66.139.64 - - [11/Jan/2021:21:35:35 +0100] "GET /accessories-mobiles-c-3_17.html HTTP/1.0" 200 93504 "-" "Mozilla/5.0 (compatible; bingbot/2.0; +http://www.bing.com/bingbot.htm)"
62.210.188.222 - - [11/Jan/2021:21:35:38 +0100] "GET /horses-keyring-p-33560.html HTTP/1.0" 200 73005 "-" "Mozilla/5.0 (compatible; Barkrowler/0.9; +https://babbar.tech/crawler)"
185.191.171.38 - - [11/Jan/2021:21:35:43 +0100] "GET /paperweight-c-129_188.html?page=3 HTTP/1.0" 200 83312 "-" "Mozilla/5.0 (compatible; SemrushBot/7~bl; +http://www.semrush.com/bot.html)"
62.210.188.222 - - [11/Jan/2021:21:35:47 +0100] "GET /wooden-wall-mirror-p-49267.html HTTP/1.0" 200 71813 "-" "Mozilla/5.0 (compatible; Barkrowler/0.9; +https://babbar.tech/crawler)"
54.36.148.19 - - [11/Jan/2021:21:35:47 +0100] "GET /st-michel-statue-11-cm-p-53049.html HTTP/1.0" 200 71906 "-" "Mozilla/5.0 (compatible; AhrefsBot/7.0; +http://ahrefs.com/robot/)"
185.191.171.6 - - [11/Jan/2021:21:35:53 +0100] "GET /cement-tile-stickers-15-15-cm-p-51625.html HTTP/1.0" 200 72162 "-" "Mozilla/5.0 (compatible; SemrushBot/7~bl; +http://www.semrush.com/bot.html)"
185.191.171.10 - - [11/Jan/2021:21:35:56 +0100] "GET /daddy-little-princess-ariel-and-triton-figurine-p-45824.html HTTP/1.0" 200 74193 "-" "Mozilla/5.0 (compatible; SemrushBot/7~bl; +http://www.semrush.com/bot.html)"
62.210.188.222 - - [11/Jan/2021:21:35:56 +0100] "GET /fresh-story-card-p-20035.html HTTP/1.0" 200 71849 "-" "Mozilla/5.0 (compatible; Barkrowler/0.9; +https://babbar.tech/crawler)"
62.210.188.222 - - [11/Jan/2021:21:36:06 +0100] "GET /kids-school-bag-c-31_80.html HTTP/1.0" 200 89759 "-" "Mozilla/5.0 (compatible; Barkrowler/0.9; +https://babbar.tech/crawler)"
62.210.188.222 - - [11/Jan/2021:21:36:15 +0100] "GET /metal-table-lamp-p-51785.html HTTP/1.0" 200 72643 "-" "Mozilla/5.0 (compatible; Barkrowler/0.9; +https://babbar.tech/crawler)"
62.210.188.222 - - [11/Jan/2021:21:36:24 +0100] "GET /metal-table-lamp-p-51784.html HTTP/1.0" 200 72643 "-" "Mozilla/5.0 (compatible; Barkrowler/0.9; +https://babbar.tech/crawler)"
62.210.188.222 - - [11/Jan/2021:21:36:34 +0100] "GET /swimsuit-c-1_18.html?page=2 HTTP/1.0" 200 77625 "-" "Mozilla/5.0 (compatible; Barkrowler/0.9; +https://babbar.tech/crawler)"
62.210.188.222 - - [11/Jan/2021:21:36:43 +0100] "GET /swimsuit-c-1_18.html?page=1 HTTP/1.0" 200 90963 "-" "Mozilla/5.0 (compatible; Barkrowler/0.9; +https://babbar.tech/crawler)"
62.210.188.222 - - [11/Jan/2021:21:36:52 +0100] "GET /thai-coffee-table-p-49216.html HTTP/1.0" 200 72383 "-" "Mozilla/5.0 (compatible; Barkrowler/0.9; +https://babbar.tech/crawler)"
62.210.188.222 - - [11/Jan/2021:21:37:02 +0100] "GET /buster-figure-p-8557.html HTTP/1.0" 200 71866 "-" "Mozilla/5.0 (compatible; Barkrowler/0.9; +https://babbar.tech/crawler)"
13.66.139.153 - - [11/Jan/2021:21:37:06 +0100] "GET /cars-3d-placemat-p-22495.html HTTP/1.0" 200 71852 "-" "Mozilla/5.0 (compatible; bingbot/2.0; +http://www.bing.com/bingbot.htm)"
13.66.139.153 - - [11/Jan/2021:21:37:07 +0100] "GET /patinated-metal-boat-clock-p-45712.html HTTP/1.0" 200 71827 "-" "Mozilla/5.0 (compatible; bingbot/2.0; +http://www.bing.com/bingbot.htm)"
13.66.139.153 - - [11/Jan/2021:21:37:08 +0100] "GET /big-hero-polar-plaid-p-33186.html HTTP/1.0" 200 72000 "-" "Mozilla/5.0 (compatible; bingbot/2.0; +http://www.bing.com/bingbot.htm)"
13.66.139.153 - - [11/Jan/2021:21:37:09 +0100] "GET /set-of-rectangular-kitchen-linen-of-cotton-50-70-cm-p-37964.html HTTP/1.0" 301 69259 "-" "Mozilla/5.0 (compatible; bingbot/2.0; +http://www.bing.com/bingbot.htm)"
13.66.139.153 - - [11/Jan/2021:21:37:10 +0100] "GET /christmas-spirit-hot-water-bottle-p-52607.html HTTP/1.0" 200 71905 "-" "Mozilla/5.0 (compatible; bingbot/2.0; +http://www.bing.com/bingbot.htm)"
13.66.139.153 - - [11/Jan/2021:21:37:11 +0100] "GET /cats-by-dubout-photo-frame-threesome-p-33752.html HTTP/1.0" 200 72370 "-" "Mozilla/5.0 (compatible; bingbot/2.0; +http://www.bing.com/bingbot.htm)"
13.66.139.153 - - [11/Jan/2021:21:37:12 +0100] "GET /tweety-pencil-case-p-520.html HTTP/1.0" 200 71994 "-" "Mozilla/5.0 (compatible; bingbot/2.0; +http://www.bing.com/bingbot.htm)"
62.210.188.222 - - [11/Jan/2021:21:37:11 +0100] "GET /bravo-card-p-20037.html HTTP/1.0" 200 71801 "-" "Mozilla/5.0 (compatible; Barkrowler/0.9; +https://babbar.tech/crawler)"
13.66.139.153 - - [11/Jan/2021:21:37:13 +0100] "GET /aime-la-cote-azur-little-tray-20-14-cm-p-44547.html HTTP/1.0" 200 72003 "-" "Mozilla/5.0 (compatible; bingbot/2.0; +http://www.bing.com/bingbot.htm)"
13.66.139.153 - - [11/Jan/2021:21:37:14 +0100] "GET /pusheen-sticker-sheet-p-42602.html HTTP/1.0" 200 72083 "-" "Mozilla/5.0 (compatible; bingbot/2.0; +http://www.bing.com/bingbot.htm)"
13.66.139.153 - - [11/Jan/2021:21:37:15 +0100] "GET /ceramic-lamb-bank-13-cm-p-49169.html HTTP/1.0" 200 72500 "-" "Mozilla/5.0 (compatible; bingbot/2.0; +http://www.bing.com/bingbot.htm)"
13.66.139.153 - - [11/Jan/2021:21:37:16 +0100] "GET /provencal-boutis-240-260-cm-with-pillowcases-color-saffron-p-48534.html HTTP/1.0" 200 72234 "-" "Mozilla/5.0 (compatible; bingbot/2.0; +http://www.bing.com/bingbot.htm)"
13.66.139.153 - - [11/Jan/2021:21:37:17 +0100] "GET /usa-flag-red-and-blue-cushion-p-34588.html HTTP/1.0" 200 72056 "-" "Mozilla/5.0 (compatible; bingbot/2.0; +http://www.bing.com/bingbot.htm)"
13.66.139.153 - - [11/Jan/2021:21:37:18 +0100] "GET /huey-figurine-p-20561.html HTTP/1.0" 200 71859 "-" "Mozilla/5.0 (compatible; bingbot/2.0; +http://www.bing.com/bingbot.htm)"
13.66.139.153 - - [11/Jan/2021:21:37:19 +0100] "GET /the-diver-figurine-p-51097.html HTTP/1.0" 301 69259 "-" "Mozilla/5.0 (compatible; bingbot/2.0; +http://www.bing.com/bingbot.htm)"
13.66.139.153 - - [11/Jan/2021:21:37:20 +0100] "GET /calavera-de-la-muerte-by-etienne-boyer-tee-shirt-p-30773.html HTTP/1.0" 200 74051 "-" "Mozilla/5.0 (compatible; bingbot/2.0; +http://www.bing.com/bingbot.htm)"
13.66.139.153 - - [11/Jan/2021:21:37:20 +0100] "GET /disney-doc-mcstuffins-lunchbox-p-37035.html HTTP/1.0" 200 71919 "-" "Mozilla/5.0 (compatible; bingbot/2.0; +http://www.bing.com/bingbot.htm)"
13.66.139.153 - - [11/Jan/2021:21:37:21 +0100] "GET /tablecloth-azulejos-treated-anti-stain-blue-150-150-cm-p-48519.html HTTP/1.0" 200 72800 "-" "Mozilla/5.0 (compatible; bingbot/2.0; +http://www.bing.com/bingbot.htm)"
62.210.188.222 - - [11/Jan/2021:21:37:22 +0100] "GET /musical-box-c-13_150_149.html HTTP/1.0" 200 90112 "-" "Mozilla/5.0 (compatible; Barkrowler/0.9; +https://babbar.tech/crawler)"
13.66.139.14 - - [11/Jan/2021:21:37:22 +0100] "GET /pusheenosaurus-the-grey-cat-soft-toy-24-cm-p-34524.html HTTP/1.0" 200 72492 "-" "Mozilla/5.0 (compatible; bingbot/2.0; +http://www.bing.com/bingbot.htm)"
13.66.139.14 - - [11/Jan/2021:21:37:23 +0100] "GET /cement-tile-stickers-15-15-cm-beige-and-gold-p-45005.html HTTP/1.0" 200 72243 "-" "Mozilla/5.0 (compatible; bingbot/2.0; +http://www.bing.com/bingbot.htm)"
13.66.139.14 - - [11/Jan/2021:21:37:24 +0100] "GET /pvc-table-protector-under-tablecloth-140-300-cm-p-48563.html HTTP/1.0" 200 72153 "-" "Mozilla/5.0 (compatible; bingbot/2.0; +http://www.bing.com/bingbot.htm)"
13.66.139.14 - - [11/Jan/2021:21:37:25 +0100] "GET /franklin-purple-swimsuit-p-30244.html HTTP/1.0" 200 74120 "-" "Mozilla/5.0 (compatible; bingbot/2.0; +http://www.bing.com/bingbot.htm)"
13.66.139.14 - - [11/Jan/2021:21:37:26 +0100] "GET /plush-keeleco-eco-friendly-whale-p-51855.html HTTP/1.0" 200 73097 "-" "Mozilla/5.0 (compatible; bingbot/2.0; +http://www.bing.com/bingbot.htm)"
13.66.139.14 - - [11/Jan/2021:21:37:27 +0100] "GET /incense-satya-nag-champa-palo-santo-15-grams-or-about-15-sticks-p-44397.html HTTP/1.0" 200 72509 "-" "Mozilla/5.0 (compatible; bingbot/2.0; +http://www.bing.com/bingbot.htm)"
13.66.139.14 - - [11/Jan/2021:21:37:28 +0100] "GET /decorative-wooden-plate-habite-chez-mon-chien-azure-blue-p-47828.html HTTP/1.0" 200 72357 "-" "Mozilla/5.0 (compatible; bingbot/2.0; +http://www.bing.com/bingbot.htm)"
13.66.139.14 - - [11/Jan/2021:21:37:29 +0100] "GET /florialys-fragrance-in-provence-bergamot-tea-p-48500.html HTTP/1.0" 200 72131 "-" "Mozilla/5.0 (compatible; bingbot/2.0; +http://www.bing.com/bingbot.htm)"
13.66.139.14 - - [11/Jan/2021:21:37:30 +0100] "GET /white-owl-decorative-statue-p-31563.html HTTP/1.0" 200 71931 "-" "Mozilla/5.0 (compatible; bingbot/2.0; +http://www.bing.com/bingbot.htm)"
62.210.188.222 - - [11/Jan/2021:21:37:31 +0100] "GET /stationery-c-129_191.html HTTP/1.0" 200 89850 "-" "Mozilla/5.0 (compatible; Barkrowler/0.9; +https://babbar.tech/crawler)"
13.66.139.14 - - [11/Jan/2021:21:37:31 +0100] "GET /disney-princess-table-p-12245.html HTTP/1.0" 200 71999 "-" "Mozilla/5.0 (compatible; bingbot/2.0; +http://www.bing.com/bingbot.htm)"
114.119.132.105 - - [11/Jan/2021:21:37:32 +0100] "GET /images/mini_prod/8718317730238.jpg HTTP/1.0" 200 269 "-" "Mozilla/5.0 (Linux; Android 7.0;) AppleWebKit/537.36 (KHTML, like Gecko) Mobile Safari/537.36 (compatible; PetalBot;+https://aspiegel.com/petalbot)"
13.66.139.14 - - [11/Jan/2021:21:37:32 +0100] "GET /bolster-case-in-cotton-percale-80-threads-43-190-cm-p-43859.html HTTP/1.0" 200 72827 "-" "Mozilla/5.0 (compatible; bingbot/2.0; +http://www.bing.com/bingbot.htm)"
13.66.139.14 - - [11/Jan/2021:21:37:33 +0100] "GET /star-wars-blue-training-bottle-p-29945.html HTTP/1.0" 200 71983 "-" "Mozilla/5.0 (compatible; bingbot/2.0; +http://www.bing.com/bingbot.htm)"
13.66.139.14 - - [11/Jan/2021:21:37:34 +0100] "GET /barbapapa-placemat-p-11714.html HTTP/1.0" 200 71734 "-" "Mozilla/5.0 (compatible; bingbot/2.0; +http://www.bing.com/bingbot.htm)"
13.66.139.14 - - [11/Jan/2021:21:37:35 +0100] "GET /bamboo-retro-tray-p-51684.html HTTP/1.0" 200 71860 "-" "Mozilla/5.0 (compatible; bingbot/2.0; +http://www.bing.com/bingbot.htm)"
13.66.139.14 - - [11/Jan/2021:21:37:36 +0100] "GET /buddhist-bracelet-wooden-beads-black-p-37664.html HTTP/1.0" 200 71876 "-" "Mozilla/5.0 (compatible; bingbot/2.0; +http://www.bing.com/bingbot.htm)"
13.66.139.14 - - [11/Jan/2021:21:37:37 +0100] "GET /zen-shower-curtain-180-200-cm-p-50726.html HTTP/1.0" 200 72748 "-" "Mozilla/5.0 (compatible; bingbot/2.0; +http://www.bing.com/bingbot.htm)"
13.66.139.14 - - [11/Jan/2021:21:37:39 +0100] "GET /nightlight-shaped-squirrel-multicolor-led-p-35348.html HTTP/1.0" 200 71996 "-" "Mozilla/5.0 (compatible; bingbot/2.0; +http://www.bing.com/bingbot.htm)"
62.210.188.222 - - [11/Jan/2021:21:37:40 +0100] "GET /cushion-headboard-c-11_173.html HTTP/1.0" 200 88853 "-" "Mozilla/5.0 (compatible; Barkrowler/0.9; +https://babbar.tech/crawler)"
13.66.139.64 - - [11/Jan/2021:21:37:47 +0100] "GET /lotus-candleholder-chakra-yellow-silverlining-p-35526.html HTTP/1.0" 200 72826 "-" "Mozilla/5.0 (compatible; bingbot/2.0; +http://www.bing.com/bingbot.htm)"
185.191.171.23 - - [11/Jan/2021:21:37:47 +0100] "GET /cats-dubout-placemat-p-36473.html HTTP/1.0" 200 71859 "-" "Mozilla/5.0 (compatible; SemrushBot/7~bl; +http://www.semrush.com/bot.html)"
13.66.139.64 - - [11/Jan/2021:21:37:48 +0100] "GET /cock-salt-and-pepper-p-35945.html HTTP/1.0" 200 71815 "-" "Mozilla/5.0 (compatible; bingbot/2.0; +http://www.bing.com/bingbot.htm)"
13.66.139.64 - - [11/Jan/2021:21:37:48 +0100] "GET /fragrance-sachet-cerulean-sky-p-40546.html HTTP/1.0" 200 72572 "-" "Mozilla/5.0 (compatible; bingbot/2.0; +http://www.bing.com/bingbot.htm)"
13.66.139.64 - - [11/Jan/2021:21:37:49 +0100] "GET /300-elastic-loom-bands-p-26855.html HTTP/1.0" 200 71851 "-" "Mozilla/5.0 (compatible; bingbot/2.0; +http://www.bing.com/bingbot.htm)"
62.210.188.222 - - [11/Jan/2021:21:37:50 +0100] "GET /fairy-accessories-p-27850.html HTTP/1.0" 200 72120 "-" "Mozilla/5.0 (compatible; Barkrowler/0.9; +https://babbar.tech/crawler)"
13.66.139.64 - - [11/Jan/2021:21:37:50 +0100] "GET /yoga-strap-ring-black-cotton-p-48336.html HTTP/1.0" 200 73217 "-" "Mozilla/5.0 (compatible; bingbot/2.0; +http://www.bing.com/bingbot.htm)"
157.55.39.32 - - [11/Jan/2021:21:37:51 +0100] "GET /robots.txt HTTP/1.0" 200 245 "-" "Mozilla/5.0 (compatible; bingbot/2.0; +http://www.bing.com/bingbot.htm)"
13.66.139.64 - - [11/Jan/2021:21:37:52 +0100] "GET /cotton-bath-mat-50-80-cm-grey-p-48776.html HTTP/1.0" 200 72810 "-" "Mozilla/5.0 (compatible; bingbot/2.0; +http://www.bing.com/bingbot.htm)"
