54.236.1.13 - - [11/Jan/2021:09:00:48 +0100] "GET /melamine-plate-daisy-duck-p-14887.html HTTP/1.0" 200 69282 "-" "Mozilla/5.0 (compatible; Pinterestbot/1.0; +http://www.pinterest.com/bot.html)"
185.191.171.39 - - [11/Jan/2021:09:01:15 +0100] "GET /trays-medium-size-c-12_159_265.html?page=1 HTTP/1.0" 200 89659 "-" "Mozilla/5.0 (compatible; SemrushBot/7~bl; +http://www.semrush.com/bot.html)"
114.119.145.117 - - [11/Jan/2021:09:01:36 +0100] "GET /images/big_prod/1345544761390.jpg HTTP/1.0" 200 268 "-" "Mozilla/5.0 (Linux; Android 7.0;) AppleWebKit/537.36 (KHTML, like Gecko) Mobile Safari/537.36 (compatible; PetalBot;+https://aspiegel.com/petalbot)"
207.46.13.36 - - [11/Jan/2021:09:01:48 +0100] "GET /images/045544554374.jpg HTTP/1.0" 200 258 "-" "Mozilla/5.0 (compatible; bingbot/2.0; +http://www.bing.com/bingbot.htm)"
185.191.171.9 - - [11/Jan/2021:09:01:56 +0100] "GET /tetsubin-orange-teapot-japanese-11-liter-p-38426.html HTTP/1.0" 200 72185 "-" "Mozilla/5.0 (compatible; SemrushBot/7~bl; +http://www.semrush.com/bot.html)"
185.191.171.43 - - [11/Jan/2021:09:02:00 +0100] "GET /versailles-flower-pot-grey-p-51544.html HTTP/1.0" 200 72772 "-" "Mozilla/5.0 (compatible; SemrushBot/7~bl; +http://www.semrush.com/bot.html)"
157.55.39.110 - - [11/Jan/2021:09:02:14 +0100] "GET /images/8432699030273.jpg HTTP/1.0" 200 259 "-" "Mozilla/5.0 (compatible; bingbot/2.0; +http://www.bing.com/bingbot.htm)"
185.191.171.39 - - [11/Jan/2021:09:02:06 +0100] "GET /collectible-figurines-and-decorative-c-13_135.html?page=16 HTTP/1.0" 200 95327 "-" "Mozilla/5.0 (compatible; SemrushBot/7~bl; +http://www.semrush.com/bot.html)"
185.191.171.16 - - [11/Jan/2021:09:02:25 +0100] "GET /curtain-eyelet-lin-washed-140-280-cm-celadon-p-48730.html HTTP/1.0" 200 69346 "-" "Mozilla/5.0 (compatible; SemrushBot/7~bl; +http://www.semrush.com/bot.html)"
185.191.171.37 - - [11/Jan/2021:09:02:55 +0100] "GET /chypre-bedclothes-260-240-cm-p-52083.html HTTP/1.0" 200 71901 "-" "Mozilla/5.0 (compatible; SemrushBot/7~bl; +http://www.semrush.com/bot.html)"
34.221.74.161 - - [11/Jan/2021:09:03:08 +0100] "GET / HTTP/1.0" 200 150279 "-" "Mozilla/5.0 (Windows NT 6.1; Win64; x64) AppleWebKit/537.36 (KHTML, like Gecko) Chrome/72.0.3626.109 Safari/537.36"
17.58.101.147 - - [11/Jan/2021:09:03:31 +0100] "GET /images/med_prod/4029811331451.jpg HTTP/1.0" 200 268 "-" "Mozilla/5.0 (Macintosh; Intel Mac OS X 10_15_5) AppleWebKit/605.1.15 (KHTML, like Gecko) Version/13.1.1 Safari/605.1.15 (Applebot/0.1; +http://www.apple.com/go/applebot)"
185.191.171.36 - - [11/Jan/2021:09:03:33 +0100] "GET /kimmidoll-keyring-miwa-p-49769.html HTTP/1.0" 200 71844 "-" "Mozilla/5.0 (compatible; SemrushBot/7~bl; +http://www.semrush.com/bot.html)"
207.46.13.239 - - [11/Jan/2021:09:03:37 +0100] "GET /images/pyjama2009dbzanthracyte.jpg HTTP/1.0" 200 269 "-" "Mozilla/5.0 (compatible; bingbot/2.0; +http://www.bing.com/bingbot.htm)"
54.36.148.195 - - [11/Jan/2021:09:04:04 +0100] "GET /box-of-12-sonny-angel-flowers-series-new-version-p-53496.html HTTP/1.0" 200 73136 "-" "Mozilla/5.0 (compatible; AhrefsBot/7.0; +http://ahrefs.com/robot/)"
185.191.171.34 - - [11/Jan/2021:09:04:41 +0100] "GET /little-buddha-notebook-155-112-cm-p-53281.html HTTP/1.0" 200 71999 "-" "Mozilla/5.0 (compatible; SemrushBot/7~bl; +http://www.semrush.com/bot.html)"
185.191.171.36 - - [11/Jan/2021:09:05:28 +0100] "GET /decorative-and-useful-fan-klimt-p-52199.html HTTP/1.0" 200 72517 "-" "Mozilla/5.0 (compatible; SemrushBot/7~bl; +http://www.semrush.com/bot.html)"
185.191.171.23 - - [11/Jan/2021:09:05:42 +0100] "GET /gorjuss-metal-pen-the-collector-p-41202.html HTTP/1.0" 200 69310 "-" "Mozilla/5.0 (compatible; SemrushBot/7~bl; +http://www.semrush.com/bot.html)"
114.119.158.196 - - [11/Jan/2021:09:05:59 +0100] "GET /images/mini_prod/8717202559671.jpg HTTP/1.0" 200 269 "-" "Mozilla/5.0 (Linux; Android 7.0;) AppleWebKit/537.36 (KHTML, like Gecko) Mobile Safari/537.36 (compatible; PetalBot;+https://aspiegel.com/petalbot)"
185.191.171.41 - - [11/Jan/2021:09:06:02 +0100] "GET /fitted-sheet-for-bed-with-head-and-foot-lifting-80-200-cm-p-41125.html HTTP/1.0" 200 69442 "-" "Mozilla/5.0 (compatible; SemrushBot/7~bl; +http://www.semrush.com/bot.html)"
185.191.171.12 - - [11/Jan/2021:09:06:05 +0100] "GET /have-fun-surfboard-wooden-wall-decoration-p-46271.html HTTP/1.0" 200 71978 "-" "Mozilla/5.0 (compatible; SemrushBot/7~bl; +http://www.semrush.com/bot.html)"
185.191.171.41 - - [11/Jan/2021:09:06:08 +0100] "GET /grey-and-beige-bath-soap-dish-p-39758.html HTTP/1.0" 301 69259 "-" "Mozilla/5.0 (compatible; SemrushBot/7~bl; +http://www.semrush.com/bot.html)"
185.191.171.45 - - [11/Jan/2021:09:06:11 +0100] "GET /-p-39758.html HTTP/1.0" 200 69192 "-" "Mozilla/5.0 (compatible; SemrushBot/7~bl; +http://www.semrush.com/bot.html)"
185.191.171.4 - - [11/Jan/2021:09:06:44 +0100] "GET /set-of-bed-linen-c-11_68.html?page=3 HTTP/1.0" 200 91217 "-" "Mozilla/5.0 (compatible; SemrushBot/7~bl; +http://www.semrush.com/bot.html)"
185.191.171.45 - - [11/Jan/2021:09:07:02 +0100] "GET /removable-cushion-beast-40-cm-p-50885.html HTTP/1.0" 200 73978 "-" "Mozilla/5.0 (compatible; SemrushBot/7~bl; +http://www.semrush.com/bot.html)"
157.55.39.220 - - [11/Jan/2021:09:07:06 +0100] "GET /images/big_prod/8419810093386.jpg HTTP/1.0" 200 268 "-" "Mozilla/5.0 (compatible; bingbot/2.0; +http://www.bing.com/bingbot.htm)"
207.46.13.239 - - [11/Jan/2021:09:07:10 +0100] "GET /images/GormitiBassa.jpg HTTP/1.0" 200 258 "-" "Mozilla/5.0 (compatible; bingbot/2.0; +http://www.bing.com/bingbot.htm)"
207.46.13.26 - - [11/Jan/2021:09:07:22 +0100] "GET /images/med_prod/1384010176917.jpg HTTP/1.0" 200 268 "-" "Mozilla/5.0 (compatible; bingbot/2.0; +http://www.bing.com/bingbot.htm)"
185.191.171.18 - - [11/Jan/2021:09:07:30 +0100] "GET /pill-box-lavande-p-51388.html HTTP/1.0" 200 72540 "-" "Mozilla/5.0 (compatible; SemrushBot/7~bl; +http://www.semrush.com/bot.html)"
207.46.13.26 - - [11/Jan/2021:09:09:12 +0100] "GET /images/big_prod/8433331671342.jpg HTTP/1.0" 200 268 "-" "Mozilla/5.0 (compatible; bingbot/2.0; +http://www.bing.com/bingbot.htm)"
54.36.149.23 - - [11/Jan/2021:09:09:02 +0100] "GET /sponge-stand-c-12_256.html HTTP/1.0" 200 75688 "-" "Mozilla/5.0 (compatible; AhrefsBot/7.0; +http://ahrefs.com/robot/)"
40.77.167.56 - - [11/Jan/2021:09:09:31 +0100] "GET /images/big_prod/4005086220096.jpg HTTP/1.0" 200 268 "-" "Mozilla/5.0 (compatible; bingbot/2.0; +http://www.bing.com/bingbot.htm)"
185.191.171.11 - - [11/Jan/2021:09:09:44 +0100] "GET /peg-wooden-kitchen-with-clock-p-32058.html HTTP/1.0" 200 71935 "-" "Mozilla/5.0 (compatible; SemrushBot/7~bl; +http://www.semrush.com/bot.html)"
185.191.171.38 - - [11/Jan/2021:09:09:49 +0100] "GET /pot-cookware-orange-p-41669.html HTTP/1.0" 200 71823 "-" "Mozilla/5.0 (compatible; SemrushBot/7~bl; +http://www.semrush.com/bot.html)"
66.249.66.95 - - [11/Jan/2021:09:10:00 +0100] "GET /doc-mcstuffins-poster-p-30882.html HTTP/1.0" 200 71847 "-" "Mozilla/5.0 (Linux; Android 6.0.1; Nexus 5X Build/MMB29P) AppleWebKit/537.36 (KHTML, like Gecko) Chrome/87.0.4280.90 Mobile Safari/537.36 (compatible; Googlebot/2.1; +http://www.google.com/bot.html)"
66.249.66.64 - - [11/Jan/2021:09:10:04 +0100] "GET /industrial-clock-with-gears-p-53019.html HTTP/1.0" 200 72561 "-" "Mozilla/5.0 (Linux; Android 6.0.1; Nexus 5X Build/MMB29P) AppleWebKit/537.36 (KHTML, like Gecko) Chrome/87.0.4280.90 Mobile Safari/537.36 (compatible; Googlebot/2.1; +http://www.google.com/bot.html)"
185.191.171.43 - - [11/Jan/2021:09:10:07 +0100] "GET /quadriptych-buddha-wood-carved-and-patinated-50-32-cm-p-47201.html HTTP/1.0" 200 69398 "-" "Mozilla/5.0 (compatible; SemrushBot/7~bl; +http://www.semrush.com/bot.html)"
114.119.151.113 - - [11/Jan/2021:09:10:23 +0100] "GET /images/big_prod/8422011476193.jpg HTTP/1.0" 200 268 "-" "Mozilla/5.0 (Linux; Android 7.0;) AppleWebKit/537.36 (KHTML, like Gecko) Mobile Safari/537.36 (compatible; PetalBot;+https://aspiegel.com/petalbot)"
185.191.171.2 - - [11/Jan/2021:09:10:30 +0100] "GET /luggages-schoolbags-leather-shop-c-31.html?page=33 HTTP/1.0" 200 91229 "-" "Mozilla/5.0 (compatible; SemrushBot/7~bl; +http://www.semrush.com/bot.html)"
185.191.171.3 - - [11/Jan/2021:09:10:41 +0100] "GET /waterproof-pillow-cover-60-60-cm-p-50923.html HTTP/1.0" 200 72102 "-" "Mozilla/5.0 (compatible; SemrushBot/7~bl; +http://www.semrush.com/bot.html)"
207.46.13.26 - - [11/Jan/2021:09:10:50 +0100] "GET /images/5018997519745.jpg HTTP/1.0" 200 259 "-" "Mozilla/5.0 (compatible; bingbot/2.0; +http://www.bing.com/bingbot.htm)"
51.68.224.127 - - [11/Jan/2021:09:10:55 +0100] "GET /adminweb/export_orders_xml.php?token=256de2z6edz6ed2z6DFSFsed2zed6zeDSFDSGdzedezfzf&maxorders=10&orderstart=1&status=14&start_date=2018-10-01 HTTP/1.0" 200 285 "-" "GesCom CharlotteBoutik Serveur"
51.68.224.127 - - [11/Jan/2021:09:10:55 +0100] "GET /adminweb/export_orders_xml.php?token=256de2z6edz6ed2z6DFSFsed2zed6zeDSFDSGdzedezfzf&maxorders=10&orderstart=1&status=6&start_date=2018-10-01 HTTP/1.0" 200 29990 "-" "GesCom CharlotteBoutik Serveur"
185.191.171.6 - - [11/Jan/2021:09:11:00 +0100] "GET /barbapapa-tray-p-10317.html HTTP/1.0" 200 71842 "-" "Mozilla/5.0 (compatible; SemrushBot/7~bl; +http://www.semrush.com/bot.html)"
116.231.35.17 - - [11/Jan/2021:09:11:53 +0100] "GET /contact_us.php HTTP/1.0" 200 26241 "http://www.wonder-geek.com/contact_us.php" "Mozilla/5.0 (Windows NT 6.1; ) AppleWebKit/537.36 (KHTML, like Gecko) Chrome/83.0.4103.61 Safari/537.36"
207.46.13.26 - - [11/Jan/2021:09:12:02 +0100] "GET /small-tinbox-retro-motorcycle-75-cm-p-41350.html HTTP/1.0" 200 69340 "-" "Mozilla/5.0 (compatible; bingbot/2.0; +http://www.bing.com/bingbot.htm)"
116.231.35.17 - - [11/Jan/2021:09:12:03 +0100] "POST /contact_us.php?action=send HTTP/1.0" 200 26474 "http://www.wonder-geek.com/contact_us.php" "Mozilla/5.0 (Windows NT 6.1; ) AppleWebKit/537.36 (KHTML, like Gecko) Chrome/83.0.4103.61 Safari/537.36"
185.191.171.9 - - [11/Jan/2021:09:12:17 +0100] "GET /mobile-metallic-tealight-pink-house-p-38564.html HTTP/1.0" 200 72018 "-" "Mozilla/5.0 (compatible; SemrushBot/7~bl; +http://www.semrush.com/bot.html)"
157.55.39.22 - - [11/Jan/2021:09:13:11 +0100] "GET /images/3760194799926.jpg HTTP/1.0" 200 259 "-" "Mozilla/5.0 (compatible; bingbot/2.0; +http://www.bing.com/bingbot.htm)"
185.191.171.9 - - [11/Jan/2021:09:13:17 +0100] "GET /guardian-angel-statuette-saint-michael-p-51141.html HTTP/1.0" 200 72008 "-" "Mozilla/5.0 (compatible; SemrushBot/7~bl; +http://www.semrush.com/bot.html)"
54.36.149.67 - - [11/Jan/2021:09:13:48 +0100] "GET /round-trays-c-12_159_263.html HTTP/1.0" 200 89598 "-" "Mozilla/5.0 (compatible; AhrefsBot/7.0; +http://ahrefs.com/robot/)"
185.191.171.40 - - [11/Jan/2021:09:13:52 +0100] "GET /harley-davidson-small-metal-plate-p-15215.html HTTP/1.0" 200 72000 "-" "Mozilla/5.0 (compatible; SemrushBot/7~bl; +http://www.semrush.com/bot.html)"
185.191.171.34 - - [11/Jan/2021:09:13:55 +0100] "GET /austin-mini-cooper-large-metal-plate-deco-p-37104.html HTTP/1.0" 200 71980 "-" "Mozilla/5.0 (compatible; SemrushBot/7~bl; +http://www.semrush.com/bot.html)"
185.191.171.8 - - [11/Jan/2021:09:14:20 +0100] "GET /mug-with-personalized-picture-p-47057.html HTTP/1.0" 200 72409 "-" "Mozilla/5.0 (compatible; SemrushBot/7~bl; +http://www.semrush.com/bot.html)"
114.119.150.15 - - [11/Jan/2021:09:14:45 +0100] "GET /images/mini_prod/3565750327663.jpg HTTP/1.0" 200 269 "-" "Mozilla/5.0 (Linux; Android 7.0;) AppleWebKit/537.36 (KHTML, like Gecko) Mobile Safari/537.36 (compatible; PetalBot;+https://aspiegel.com/petalbot)"
207.46.13.229 - - [11/Jan/2021:09:14:45 +0100] "GET /images/B5014994698971B.jpg HTTP/1.0" 200 261 "-" "Mozilla/5.0 (compatible; bingbot/2.0; +http://www.bing.com/bingbot.htm)"
13.66.139.153 - - [11/Jan/2021:09:14:49 +0100] "GET /bell-and-wall-bell-c-13_270.html HTTP/1.0" 200 88532 "-" "Mozilla/5.0 (compatible; bingbot/2.0; +http://www.bing.com/bingbot.htm)"
157.55.39.220 - - [11/Jan/2021:09:14:54 +0100] "GET /egg-cups-c-12_248.html HTTP/1.0" 200 82207 "-" "Mozilla/5.0 (compatible; bingbot/2.0; +http://www.bing.com/bingbot.htm)"
157.55.39.220 - - [11/Jan/2021:09:15:35 +0100] "GET /christmas-tree-decoration-hanging-p-49632.html HTTP/1.0" 200 72589 "-" "Mozilla/5.0 (compatible; bingbot/2.0; +http://www.bing.com/bingbot.htm)"
207.46.13.26 - - [11/Jan/2021:09:15:40 +0100] "GET /swfobject.js HTTP/1.0" 404 1308 "-" "Mozilla/5.0 (compatible; bingbot/2.0; +http://www.bing.com/bingbot.htm)"
185.191.171.33 - - [11/Jan/2021:09:15:41 +0100] "GET /despicable-me-puzzle-45-pieces-p-27685.html HTTP/1.0" 200 69302 "-" "Mozilla/5.0 (compatible; SemrushBot/7~bl; +http://www.semrush.com/bot.html)"
185.191.171.21 - - [11/Jan/2021:09:15:53 +0100] "GET /dora-the-explorer-mirror-p-12237.html HTTP/1.0" 200 71990 "-" "Mozilla/5.0 (compatible; SemrushBot/7~bl; +http://www.semrush.com/bot.html)"
185.191.171.38 - - [11/Jan/2021:09:16:01 +0100] "GET /kothai-box-p-26706.html HTTP/1.0" 200 71869 "-" "Mozilla/5.0 (compatible; SemrushBot/7~bl; +http://www.semrush.com/bot.html)"
207.46.13.26 - - [11/Jan/2021:09:16:33 +0100] "GET /images/med_prod/8435306269882.jpg HTTP/1.0" 200 268 "-" "Mozilla/5.0 (compatible; bingbot/2.0; +http://www.bing.com/bingbot.htm)"
185.191.171.3 - - [11/Jan/2021:09:16:38 +0100] "GET /catches-dreams-diameter-of-16-cm-p-43945.html HTTP/1.0" 200 71984 "-" "Mozilla/5.0 (compatible; SemrushBot/7~bl; +http://www.semrush.com/bot.html)"
64.233.173.114 - - [11/Jan/2021:09:16:43 +0100] "GET /images/3272760394720.jpg HTTP/1.0" 200 259 "-" "Mozilla/5.0 (Windows NT 5.1; rv:11.0) Gecko Firefox/11.0 (via ggpht.com GoogleImageProxy)"
37.113.175.244 - - [11/Jan/2021:09:16:45 +0100] "GET /images/3700235441681.jpg HTTP/1.0" 200 259 "http://quoizeltableslamps.blogspot.com/2012/10/nostalgia-metal-shade-table-lamp.html" "Mozilla/5.0 (compatible; MSIE 10.0; Windows NT 6.2; WOW64; Trident/6.0; Touch; MASMJS)"
185.191.171.9 - - [11/Jan/2021:09:16:49 +0100] "GET /wall-decoration-in-wood-and-mdf-c-13_274.html?page=8 HTTP/1.0" 200 93804 "-" "Mozilla/5.0 (compatible; SemrushBot/7~bl; +http://www.semrush.com/bot.html)"
157.55.39.110 - - [11/Jan/2021:09:17:37 +0100] "GET /images/med_prod/1384010184240.jpg HTTP/1.0" 200 268 "-" "Mozilla/5.0 (compatible; bingbot/2.0; +http://www.bing.com/bingbot.htm)"
207.46.13.229 - - [11/Jan/2021:09:17:42 +0100] "GET /gothic-lolita-white-cushion-p-22188.html HTTP/1.0" 200 71960 "-" "Mozilla/5.0 (compatible; bingbot/2.0; +http://www.bing.com/bingbot.htm)"
185.191.171.2 - - [11/Jan/2021:09:18:19 +0100] "GET /bird-table-lamp-pink-p-52283.html HTTP/1.0" 200 72503 "-" "Mozilla/5.0 (compatible; SemrushBot/7~bl; +http://www.semrush.com/bot.html)"
185.191.171.20 - - [11/Jan/2021:09:18:27 +0100] "GET /gorjuss-lockable-journal-with-heart-shaped-lock-bubble-fairy-p-46971.html HTTP/1.0" 200 69422 "-" "Mozilla/5.0 (compatible; SemrushBot/7~bl; +http://www.semrush.com/bot.html)"
54.36.148.99 - - [11/Jan/2021:09:18:33 +0100] "GET /tea-pot-c-12_175.html HTTP/1.0" 200 89142 "-" "Mozilla/5.0 (compatible; AhrefsBot/7.0; +http://ahrefs.com/robot/)"
185.191.171.6 - - [11/Jan/2021:09:19:00 +0100] "GET /lotus-candleholder-chakra-orange-silverlining-p-35529.html HTTP/1.0" 200 72826 "-" "Mozilla/5.0 (compatible; SemrushBot/7~bl; +http://www.semrush.com/bot.html)"
185.191.171.25 - - [11/Jan/2021:09:19:03 +0100] "GET /pill-box-provence-p-51387.html HTTP/1.0" 301 69259 "-" "Mozilla/5.0 (compatible; SemrushBot/7~bl; +http://www.semrush.com/bot.html)"
185.191.171.37 - - [11/Jan/2021:09:19:05 +0100] "GET /-p-51387.html HTTP/1.0" 200 69192 "-" "Mozilla/5.0 (compatible; SemrushBot/7~bl; +http://www.semrush.com/bot.html)"
185.191.171.12 - - [11/Jan/2021:09:19:10 +0100] "GET /pink-angel-candle-p-50104.html HTTP/1.0" 200 71792 "-" "Mozilla/5.0 (compatible; SemrushBot/7~bl; +http://www.semrush.com/bot.html)"
185.191.171.13 - - [11/Jan/2021:09:19:23 +0100] "GET /stone-green-opal-90-100-grs-p-46617.html HTTP/1.0" 200 72996 "-" "Mozilla/5.0 (compatible; SemrushBot/7~bl; +http://www.semrush.com/bot.html)"
157.55.39.110 - - [11/Jan/2021:09:19:36 +0100] "GET /images/big_prod/1384010203422.jpg HTTP/1.0" 200 268 "-" "Mozilla/5.0 (compatible; bingbot/2.0; +http://www.bing.com/bingbot.htm)"
185.191.171.3 - - [11/Jan/2021:09:19:40 +0100] "GET /coca-cola-red-round-pencil-case-p-12394.html HTTP/1.0" 200 71873 "-" "Mozilla/5.0 (compatible; SemrushBot/7~bl; +http://www.semrush.com/bot.html)"
185.191.171.25 - - [11/Jan/2021:09:19:45 +0100] "GET /au-fil-du-temps-large-bowl-p-45339.html HTTP/1.0" 200 69313 "-" "Mozilla/5.0 (compatible; SemrushBot/7~bl; +http://www.semrush.com/bot.html)"
207.46.13.36 - - [11/Jan/2021:09:19:49 +0100] "GET /images/3701276289683.jpg HTTP/1.0" 200 259 "-" "Mozilla/5.0 (compatible; bingbot/2.0; +http://www.bing.com/bingbot.htm)"
157.55.39.110 - - [11/Jan/2021:09:19:58 +0100] "GET /yellow-vintage-motorcycle-coat-rack-p-46692.html HTTP/1.0" 200 72052 "-" "Mozilla/5.0 (compatible; bingbot/2.0; +http://www.bing.com/bingbot.htm)"
185.191.171.15 - - [11/Jan/2021:09:20:26 +0100] "GET /ceramic-salt-pot-with-spoon-cordelia-p-50630.html HTTP/1.0" 200 71914 "-" "Mozilla/5.0 (compatible; SemrushBot/7~bl; +http://www.semrush.com/bot.html)"
157.55.39.32 - - [11/Jan/2021:09:20:30 +0100] "GET /robots.txt HTTP/1.0" 200 245 "-" "Mozilla/5.0 (compatible; bingbot/2.0; +http://www.bing.com/bingbot.htm)"
185.191.171.11 - - [11/Jan/2021:09:20:53 +0100] "GET /hot-dog-van-wooden-wall-decoration-to-hang-p-37232.html HTTP/1.0" 200 72103 "-" "Mozilla/5.0 (compatible; SemrushBot/7~bl; +http://www.semrush.com/bot.html)"
185.191.171.34 - - [11/Jan/2021:09:20:55 +0100] "GET /old-phone-red-clock-p-37409.html HTTP/1.0" 200 69258 "-" "Mozilla/5.0 (compatible; SemrushBot/7~bl; +http://www.semrush.com/bot.html)"
157.55.39.22 - - [11/Jan/2021:09:21:04 +0100] "GET /natural-floor-carpet-130-170-cm-p-52151.html HTTP/1.0" 200 72054 "-" "Mozilla/5.0 (compatible; bingbot/2.0; +http://www.bing.com/bingbot.htm)"
185.191.171.34 - - [11/Jan/2021:09:21:05 +0100] "GET /spiderman-cushion-p-27522.html HTTP/1.0" 200 69268 "-" "Mozilla/5.0 (compatible; SemrushBot/7~bl; +http://www.semrush.com/bot.html)"
185.191.171.26 - - [11/Jan/2021:09:21:48 +0100] "GET /purse-and-wallet-c-31_76.html?page=6 HTTP/1.0" 200 84706 "-" "Mozilla/5.0 (compatible; SemrushBot/7~bl; +http://www.semrush.com/bot.html)"
185.191.171.10 - - [11/Jan/2021:09:21:58 +0100] "GET /barbapapa-soft-toy-14-cm-p-6216.html HTTP/1.0" 301 69256 "-" "Mozilla/5.0 (compatible; SemrushBot/7~bl; +http://www.semrush.com/bot.html)"
185.191.171.45 - - [11/Jan/2021:09:22:00 +0100] "GET /-p-6216.html HTTP/1.0" 200 69190 "-" "Mozilla/5.0 (compatible; SemrushBot/7~bl; +http://www.semrush.com/bot.html)"
40.77.167.56 - - [11/Jan/2021:09:22:27 +0100] "GET /images/med_prod/3296580235551.jpg HTTP/1.0" 200 268 "-" "Mozilla/5.0 (compatible; bingbot/2.0; +http://www.bing.com/bingbot.htm)"
157.55.39.220 - - [11/Jan/2021:09:22:36 +0100] "GET /images/5601392209900.jpg HTTP/1.0" 200 259 "-" "Mozilla/5.0 (compatible; bingbot/2.0; +http://www.bing.com/bingbot.htm)"
185.191.171.13 - - [11/Jan/2021:09:22:43 +0100] "GET /lama-hot-water-bottle-p-45234.html HTTP/1.0" 200 71835 "-" "Mozilla/5.0 (compatible; SemrushBot/7~bl; +http://www.semrush.com/bot.html)"
185.191.171.6 - - [11/Jan/2021:09:22:45 +0100] "GET /large-jar-candle-70-hours-sandalwood-and-vanilla-p-37311.html HTTP/1.0" 200 73276 "-" "Mozilla/5.0 (compatible; SemrushBot/7~bl; +http://www.semrush.com/bot.html)"
185.191.171.40 - - [11/Jan/2021:09:23:05 +0100] "GET /peas-russian-doll-white-samsung-s2-phone-cover-by-cbkreation-p-18566.html HTTP/1.0" 200 69483 "-" "Mozilla/5.0 (compatible; SemrushBot/7~bl; +http://www.semrush.com/bot.html)"
185.191.171.45 - - [11/Jan/2021:09:23:10 +0100] "GET /led-table-lamp-in-glass-tropical-foliage-p-50018.html HTTP/1.0" 200 73164 "-" "Mozilla/5.0 (compatible; SemrushBot/7~bl; +http://www.semrush.com/bot.html)"
114.119.158.196 - - [11/Jan/2021:09:23:25 +0100] "GET /images/mini_prod/8717202557882.jpg HTTP/1.0" 200 269 "-" "Mozilla/5.0 (Linux; Android 7.0;) AppleWebKit/537.36 (KHTML, like Gecko) Mobile Safari/537.36 (compatible; PetalBot;+https://aspiegel.com/petalbot)"
185.191.171.2 - - [11/Jan/2021:09:23:38 +0100] "GET /paris-cover-for-iphone-and-4s-by-etienne-boyer-p-24664.html HTTP/1.0" 200 69422 "-" "Mozilla/5.0 (compatible; SemrushBot/7~bl; +http://www.semrush.com/bot.html)"
54.36.148.130 - - [11/Jan/2021:09:23:42 +0100] "GET /desk-blotter-c-129_190.html HTTP/1.0" 200 74682 "-" "Mozilla/5.0 (compatible; AhrefsBot/7.0; +http://ahrefs.com/robot/)"
185.191.171.26 - - [11/Jan/2021:09:24:02 +0100] "GET /talent-cup-wolfgang-amadeus-mozart-tassen-made-in-germany-p-46342.html HTTP/1.0" 200 74769 "-" "Mozilla/5.0 (compatible; SemrushBot/7~bl; +http://www.semrush.com/bot.html)"
17.58.101.149 - - [11/Jan/2021:09:24:05 +0100] "GET /curtain-eyelets-lin-and-yellow-135-250-cm-p-49126.html HTTP/1.0" 200 74200 "-" "Mozilla/5.0 (Macintosh; Intel Mac OS X 10_15_5) AppleWebKit/605.1.15 (KHTML, like Gecko) Version/13.1.1 Safari/605.1.15 (Applebot/0.1; +http://www.apple.com/go/applebot)"
207.46.13.229 - - [11/Jan/2021:09:24:07 +0100] "GET /images/big_prod/5018997752906.jpg HTTP/1.0" 200 268 "-" "Mozilla/5.0 (compatible; bingbot/2.0; +http://www.bing.com/bingbot.htm)"
185.191.171.11 - - [11/Jan/2021:09:24:10 +0100] "GET /verity-rose-metal-keyrings-p-29178.html HTTP/1.0" 200 71910 "-" "Mozilla/5.0 (compatible; SemrushBot/7~bl; +http://www.semrush.com/bot.html)"
40.77.167.56 - - [11/Jan/2021:09:24:22 +0100] "GET /images/4012390324556.jpg HTTP/1.0" 200 259 "-" "Mozilla/5.0 (compatible; bingbot/2.0; +http://www.bing.com/bingbot.htm)"
185.191.171.12 - - [11/Jan/2021:09:24:52 +0100] "GET /lavender-soap-dish-p-39763.html HTTP/1.0" 200 71812 "-" "Mozilla/5.0 (compatible; SemrushBot/7~bl; +http://www.semrush.com/bot.html)"
185.191.171.24 - - [11/Jan/2021:09:25:03 +0100] "GET /dubout-cats-white-ceramic-plate-p-52495.html HTTP/1.0" 200 71869 "-" "Mozilla/5.0 (compatible; SemrushBot/7~bl; +http://www.semrush.com/bot.html)"
185.191.171.34 - - [11/Jan/2021:09:25:08 +0100] "GET /theme-cats-tisaniere-p-44911.html HTTP/1.0" 200 71893 "-" "Mozilla/5.0 (compatible; SemrushBot/7~bl; +http://www.semrush.com/bot.html)"
40.77.167.56 - - [11/Jan/2021:09:25:32 +0100] "GET /images/med_prod/3700276293218.jpg HTTP/1.0" 200 268 "-" "Mozilla/5.0 (compatible; bingbot/2.0; +http://www.bing.com/bingbot.htm)"
40.77.167.56 - - [11/Jan/2021:09:25:32 +0100] "GET /images/4891813830634.jpg HTTP/1.0" 200 259 "-" "Mozilla/5.0 (compatible; bingbot/2.0; +http://www.bing.com/bingbot.htm)"
40.77.167.56 - - [11/Jan/2021:09:25:33 +0100] "GET /-p-34667.html HTTP/1.0" 200 69192 "-" "Mozilla/5.0 (compatible; bingbot/2.0; +http://www.bing.com/bingbot.htm)"
185.191.171.22 - - [11/Jan/2021:09:26:09 +0100] "GET /snow-white-statuette-by-britto-p-51926.html HTTP/1.0" 200 72975 "-" "Mozilla/5.0 (compatible; SemrushBot/7~bl; +http://www.semrush.com/bot.html)"
185.191.171.25 - - [11/Jan/2021:09:26:13 +0100] "GET /hedgehogs-large-bowl-p-42243.html HTTP/1.0" 200 71784 "-" "Mozilla/5.0 (compatible; SemrushBot/7~bl; +http://www.semrush.com/bot.html)"
207.46.13.26 - - [11/Jan/2021:09:26:23 +0100] "GET /images/med_prod/8435306276309.jpg HTTP/1.0" 200 268 "-" "Mozilla/5.0 (compatible; bingbot/2.0; +http://www.bing.com/bingbot.htm)"
185.191.171.15 - - [11/Jan/2021:09:26:43 +0100] "GET /paris-je-aime-set-cups-espresso-p-28396.html HTTP/1.0" 200 71917 "-" "Mozilla/5.0 (compatible; SemrushBot/7~bl; +http://www.semrush.com/bot.html)"
185.191.171.34 - - [11/Jan/2021:09:27:19 +0100] "GET /mani-the-lucky-cat-mug-p-44058.html HTTP/1.0" 200 69293 "-" "Mozilla/5.0 (compatible; SemrushBot/7~bl; +http://www.semrush.com/bot.html)"
51.68.224.127 - - [11/Jan/2021:09:27:24 +0100] "GET /adminweb/export_orders_xml.php?token=256de2z6edz6ed2z6DFSFsed2zed6zeDSFDSGdzedezfzf&maxorders=10&orderstart=1&status=14&start_date=2018-10-01 HTTP/1.0" 200 285 "-" "GesCom CharlotteBoutik Serveur"
51.68.224.127 - - [11/Jan/2021:09:27:24 +0100] "GET /adminweb/export_orders_xml.php?token=256de2z6edz6ed2z6DFSFsed2zed6zeDSFDSGdzedezfzf&maxorders=10&orderstart=1&status=6&start_date=2018-10-01 HTTP/1.0" 200 29990 "-" "GesCom CharlotteBoutik Serveur"
40.77.167.56 - - [11/Jan/2021:09:27:25 +0100] "GET /-p-48550.html HTTP/1.0" 200 69192 "-" "Mozilla/5.0 (compatible; bingbot/2.0; +http://www.bing.com/bingbot.htm)"
207.46.13.36 - - [11/Jan/2021:09:27:40 +0100] "GET /-p-12334.html HTTP/1.0" 200 69192 "-" "Mozilla/5.0 (compatible; bingbot/2.0; +http://www.bing.com/bingbot.htm)"
207.46.13.36 - - [11/Jan/2021:09:27:41 +0100] "GET /images/med_prod/34203.jpg HTTP/1.0" 200 260 "-" "Mozilla/5.0 (compatible; bingbot/2.0; +http://www.bing.com/bingbot.htm)"
185.191.171.38 - - [11/Jan/2021:09:27:42 +0100] "GET /top-model-long-sleeve-shirt-p-50920.html HTTP/1.0" 200 75932 "-" "Mozilla/5.0 (compatible; SemrushBot/7~bl; +http://www.semrush.com/bot.html)"
114.119.154.200 - - [11/Jan/2021:09:27:49 +0100] "GET /images/big_prod/1348422000277.jpg HTTP/1.0" 200 268 "-" "Mozilla/5.0 (Linux; Android 7.0;) AppleWebKit/537.36 (KHTML, like Gecko) Mobile Safari/537.36 (compatible; PetalBot;+https://aspiegel.com/petalbot)"
185.191.171.22 - - [11/Jan/2021:09:27:50 +0100] "GET /che-guevara-hasta-la-victoria-siempre-zippo-lighter-p-37645.html HTTP/1.0" 200 72498 "-" "Mozilla/5.0 (compatible; SemrushBot/7~bl; +http://www.semrush.com/bot.html)"
185.191.171.43 - - [11/Jan/2021:09:28:37 +0100] "GET /hello-kitty-by-camomilla-handbag-p-4409.html HTTP/1.0" 200 74437 "-" "Mozilla/5.0 (compatible; SemrushBot/7~bl; +http://www.semrush.com/bot.html)"
54.36.149.0 - - [11/Jan/2021:09:28:41 +0100] "GET /bowls-c-12_60.html HTTP/1.0" 200 91532 "-" "Mozilla/5.0 (compatible; AhrefsBot/7.0; +http://ahrefs.com/robot/)"
185.191.171.35 - - [11/Jan/2021:09:29:05 +0100] "GET /golden-birds-teapot-p-37902.html HTTP/1.0" 200 71761 "-" "Mozilla/5.0 (compatible; SemrushBot/7~bl; +http://www.semrush.com/bot.html)"
207.46.13.229 - - [11/Jan/2021:09:29:27 +0100] "GET /images/1300010240281.jpg HTTP/1.0" 200 259 "-" "Mozilla/5.0 (compatible; bingbot/2.0; +http://www.bing.com/bingbot.htm)"
185.191.171.15 - - [11/Jan/2021:09:29:30 +0100] "GET /bowl-tasty-white-porcelain-1000-ml-made-in-germany-p-47553.html?action=add_product HTTP/1.0" 302 476 "-" "Mozilla/5.0 (compatible; SemrushBot/7~bl; +http://www.semrush.com/bot.html)"
13.66.139.153 - - [11/Jan/2021:09:29:32 +0100] "GET /dishes-and-pie-dishes-c-12_251.html HTTP/1.0" 200 88737 "-" "Mozilla/5.0 (compatible; bingbot/2.0; +http://www.bing.com/bingbot.htm)"
207.46.13.26 - - [11/Jan/2021:09:29:53 +0100] "GET /images/4008789051752.jpg HTTP/1.0" 200 259 "-" "Mozilla/5.0 (compatible; bingbot/2.0; +http://www.bing.com/bingbot.htm)"
185.191.171.6 - - [11/Jan/2021:09:30:03 +0100] "GET /collection-plate-metal-vespa-un-avventura-p-16829.html HTTP/1.0" 200 69348 "-" "Mozilla/5.0 (compatible; SemrushBot/7~bl; +http://www.semrush.com/bot.html)"
17.58.101.149 - - [11/Jan/2021:09:30:05 +0100] "GET /beer-metal-tray-p-48335.html HTTP/1.0" 200 71950 "-" "Mozilla/5.0 (Macintosh; Intel Mac OS X 10_15_5) AppleWebKit/605.1.15 (KHTML, like Gecko) Version/13.1.1 Safari/605.1.15 (Applebot/0.1; +http://www.apple.com/go/applebot)"
66.249.66.64 - - [11/Jan/2021:09:30:12 +0100] "GET /frozen-rectangular-mirror-p-29000.html HTTP/1.0" 200 69296 "-" "Mozilla/5.0 (Linux; Android 6.0.1; Nexus 5X Build/MMB29P) AppleWebKit/537.36 (KHTML, like Gecko) Chrome/87.0.4280.90 Mobile Safari/537.36 (compatible; Googlebot/2.1; +http://www.google.com/bot.html)"
185.191.171.44 - - [11/Jan/2021:09:30:20 +0100] "GET /strawberry-shortcake-raincoat-p-31187.html HTTP/1.0" 200 73117 "-" "Mozilla/5.0 (compatible; SemrushBot/7~bl; +http://www.semrush.com/bot.html)"
207.46.13.239 - - [11/Jan/2021:09:30:21 +0100] "GET /images/big_prod/5027148061811.jpg HTTP/1.0" 200 268 "-" "Mozilla/5.0 (compatible; bingbot/2.0; +http://www.bing.com/bingbot.htm)"
207.46.13.229 - - [11/Jan/2021:09:30:37 +0100] "GET /images/1399984230060.jpg HTTP/1.0" 200 259 "-" "Mozilla/5.0 (compatible; bingbot/2.0; +http://www.bing.com/bingbot.htm)"
185.191.171.24 - - [11/Jan/2021:09:30:52 +0100] "GET /raving-rabbids-mug-p-25925.html HTTP/1.0" 200 71858 "-" "Mozilla/5.0 (compatible; SemrushBot/7~bl; +http://www.semrush.com/bot.html)"
185.191.171.25 - - [11/Jan/2021:09:31:09 +0100] "GET /bird-thermometer-patinated-metal-p-32862.html HTTP/1.0" 200 69343 "-" "Mozilla/5.0 (compatible; SemrushBot/7~bl; +http://www.semrush.com/bot.html)"
185.191.171.18 - - [11/Jan/2021:09:31:17 +0100] "GET /bookmark-lenticular-rabbit-p-19155.html HTTP/1.0" 200 72016 "-" "Mozilla/5.0 (compatible; SemrushBot/7~bl; +http://www.semrush.com/bot.html)"
185.191.171.5 - - [11/Jan/2021:09:31:19 +0100] "GET /paris-black-cotton-pouch-p-47655.html HTTP/1.0" 200 72491 "-" "Mozilla/5.0 (compatible; SemrushBot/7~bl; +http://www.semrush.com/bot.html)"
185.191.171.24 - - [11/Jan/2021:09:32:05 +0100] "GET /surfboard-ceramic-magnet-10-cm-p-42050.html HTTP/1.0" 200 72779 "-" "Mozilla/5.0 (compatible; SemrushBot/7~bl; +http://www.semrush.com/bot.html)"
114.119.151.113 - - [11/Jan/2021:09:32:12 +0100] "GET /images/big_prod/3521320800042.jpg HTTP/1.0" 200 268 "-" "Mozilla/5.0 (Linux; Android 7.0;) AppleWebKit/537.36 (KHTML, like Gecko) Mobile Safari/537.36 (compatible; PetalBot;+https://aspiegel.com/petalbot)"
185.191.171.41 - - [11/Jan/2021:09:32:28 +0100] "GET /decorative-wooden-plate-habite-chez-mon-chien-light-brown-p-47829.html HTTP/1.0" 200 72362 "-" "Mozilla/5.0 (compatible; SemrushBot/7~bl; +http://www.semrush.com/bot.html)"
185.191.171.1 - - [11/Jan/2021:09:32:40 +0100] "GET /skull-money-box-resin-skated-gold-p-37766.html HTTP/1.0" 200 72024 "-" "Mozilla/5.0 (compatible; SemrushBot/7~bl; +http://www.semrush.com/bot.html)"
185.191.171.8 - - [11/Jan/2021:09:33:20 +0100] "GET /hanging-board-vintage-motard-deco-born-to-ride-34-cm-p-49492.html HTTP/1.0" 200 72130 "-" "Mozilla/5.0 (compatible; SemrushBot/7~bl; +http://www.semrush.com/bot.html)"
54.36.148.87 - - [11/Jan/2021:09:33:39 +0100] "GET /jackets-coats-parkas-c-1_27.html HTTP/1.0" 200 82427 "-" "Mozilla/5.0 (compatible; AhrefsBot/7.0; +http://ahrefs.com/robot/)"
157.55.39.110 - - [11/Jan/2021:09:34:08 +0100] "GET /images/37006535002050.jpg HTTP/1.0" 200 260 "-" "Mozilla/5.0 (compatible; bingbot/2.0; +http://www.bing.com/bingbot.htm)"
185.191.171.11 - - [11/Jan/2021:09:34:38 +0100] "GET /retro-wooden-photo-frame-36-cm-p-42194.html HTTP/1.0" 200 72041 "-" "Mozilla/5.0 (compatible; SemrushBot/7~bl; +http://www.semrush.com/bot.html)"
185.191.171.2 - - [11/Jan/2021:09:34:45 +0100] "GET /olaf-fruit-juice-glasses-p-31751.html HTTP/1.0" 200 71895 "-" "Mozilla/5.0 (compatible; SemrushBot/7~bl; +http://www.semrush.com/bot.html)"
185.191.171.10 - - [11/Jan/2021:09:34:49 +0100] "GET /fragrances-of-ambiance-c-231.html?page=13 HTTP/1.0" 200 92181 "-" "Mozilla/5.0 (compatible; SemrushBot/7~bl; +http://www.semrush.com/bot.html)"
185.191.171.39 - - [11/Jan/2021:09:34:57 +0100] "GET /dream-catcher-23-cm-white-p-42017.html HTTP/1.0" 301 69259 "-" "Mozilla/5.0 (compatible; SemrushBot/7~bl; +http://www.semrush.com/bot.html)"
185.191.171.5 - - [11/Jan/2021:09:35:00 +0100] "GET /-p-42017.html HTTP/1.0" 200 69192 "-" "Mozilla/5.0 (compatible; SemrushBot/7~bl; +http://www.semrush.com/bot.html)"
207.46.13.239 - - [11/Jan/2021:09:35:12 +0100] "GET /images/big_prod/5414629176414.jpg HTTP/1.0" 200 268 "-" "Mozilla/5.0 (compatible; bingbot/2.0; +http://www.bing.com/bingbot.htm)"
185.191.171.24 - - [11/Jan/2021:09:36:08 +0100] "GET /small-box-for-baby-teeth-maya-yellow-p-49174.html HTTP/1.0" 200 69302 "-" "Mozilla/5.0 (compatible; SemrushBot/7~bl; +http://www.semrush.com/bot.html)"
185.191.171.4 - - [11/Jan/2021:09:36:22 +0100] "GET /bedding-protection-c-11_192.html?page=1 HTTP/1.0" 200 90317 "-" "Mozilla/5.0 (compatible; SemrushBot/7~bl; +http://www.semrush.com/bot.html)"
66.249.66.64 - - [11/Jan/2021:09:36:27 +0100] "GET /flasks-c-12_245.html HTTP/1.0" 200 77814 "-" "Mozilla/5.0 (compatible; Googlebot/2.1; +http://www.google.com/bot.html)"
114.119.151.113 - - [11/Jan/2021:09:36:35 +0100] "GET /images/mini_prod/8430301756399.jpg HTTP/1.0" 200 269 "-" "Mozilla/5.0 (Linux; Android 7.0;) AppleWebKit/537.36 (KHTML, like Gecko) Mobile Safari/537.36 (compatible; PetalBot;+https://aspiegel.com/petalbot)"
185.191.171.24 - - [11/Jan/2021:09:37:03 +0100] "GET /giant-cotton-floor-cushion-light-grey-p-50069.html HTTP/1.0" 301 69259 "-" "Mozilla/5.0 (compatible; SemrushBot/7~bl; +http://www.semrush.com/bot.html)"
185.191.171.3 - - [11/Jan/2021:09:37:05 +0100] "GET /-p-50069.html HTTP/1.0" 200 69192 "-" "Mozilla/5.0 (compatible; SemrushBot/7~bl; +http://www.semrush.com/bot.html)"
185.191.171.8 - - [11/Jan/2021:09:37:19 +0100] "GET /bell-golden-brass-and-wood-table-235-12-cm-p-41447.html HTTP/1.0" 200 72021 "-" "Mozilla/5.0 (compatible; SemrushBot/7~bl; +http://www.semrush.com/bot.html)"
185.191.171.9 - - [11/Jan/2021:09:37:22 +0100] "GET /robots.txt HTTP/1.0" 200 245 "-" "Mozilla/5.0 (compatible; SemrushBot/7~bl; +http://www.semrush.com/bot.html)"
185.191.171.10 - - [11/Jan/2021:09:37:22 +0100] "GET /lighting-c-13_86.html?page=5 HTTP/1.0" 200 92125 "-" "Mozilla/5.0 (compatible; SemrushBot/7~bl; +http://www.semrush.com/bot.html)"
66.249.66.95 - - [11/Jan/2021:09:37:43 +0100] "GET /exotic-floor-mat-p-53475.html HTTP/1.0" 200 72714 "-" "Mozilla/5.0 (Linux; Android 6.0.1; Nexus 5X Build/MMB29P) AppleWebKit/537.36 (KHTML, like Gecko) Chrome/87.0.4280.90 Mobile Safari/537.36 (compatible; Googlebot/2.1; +http://www.google.com/bot.html)"
17.58.101.147 - - [11/Jan/2021:09:38:14 +0100] "GET /candy-cloud-hair-brush-gigglepot-p-47350.html HTTP/1.0" 200 69290 "-" "Mozilla/5.0 (Macintosh; Intel Mac OS X 10_15_5) AppleWebKit/605.1.15 (KHTML, like Gecko) Version/13.1.1 Safari/605.1.15 (Applebot/0.1; +http://www.apple.com/go/applebot)"
185.191.171.36 - - [11/Jan/2021:09:38:22 +0100] "GET /citroen-sm-metal-plate-20-15-cm-p-37175.html HTTP/1.0" 200 71964 "-" "Mozilla/5.0 (compatible; SemrushBot/7~bl; +http://www.semrush.com/bot.html)"
185.191.171.7 - - [11/Jan/2021:09:38:31 +0100] "GET /clowdeen-wolf-figure-p-22569.html HTTP/1.0" 200 69283 "-" "Mozilla/5.0 (compatible; SemrushBot/7~bl; +http://www.semrush.com/bot.html)"
54.36.148.88 - - [11/Jan/2021:09:38:43 +0100] "GET /chairs-cushion-c-11_165.html HTTP/1.0" 200 89786 "-" "Mozilla/5.0 (compatible; AhrefsBot/7.0; +http://ahrefs.com/robot/)"
185.191.171.8 - - [11/Jan/2021:09:38:52 +0100] "GET /bolster-case-45-185-cm-white-p-46742.html?action=add_product HTTP/1.0" 302 476 "-" "Mozilla/5.0 (compatible; SemrushBot/7~bl; +http://www.semrush.com/bot.html)"
185.191.171.36 - - [11/Jan/2021:09:39:12 +0100] "GET /dishes-c-13_12.html?page=127 HTTP/1.0" 200 91972 "-" "Mozilla/5.0 (compatible; SemrushBot/7~bl; +http://www.semrush.com/bot.html)"
207.46.13.229 - - [11/Jan/2021:09:39:19 +0100] "GET /-p-12905.html HTTP/1.0" 200 69192 "-" "Mozilla/5.0 (compatible; bingbot/2.0; +http://www.bing.com/bingbot.htm)"
185.191.171.20 - - [11/Jan/2021:09:39:37 +0100] "GET /black-metal-table-lamp-p-50113.html HTTP/1.0" 200 71870 "-" "Mozilla/5.0 (compatible; SemrushBot/7~bl; +http://www.semrush.com/bot.html)"
66.249.66.64 - - [11/Jan/2021:09:40:31 +0100] "GET /mani-the-lucky-cat-glasses-case-p-49903.html HTTP/1.0" 200 71959 "-" "Mozilla/5.0 (Linux; Android 6.0.1; Nexus 5X Build/MMB29P) AppleWebKit/537.36 (KHTML, like Gecko) Chrome/87.0.4280.90 Mobile Safari/537.36 (compatible; Googlebot/2.1; +http://www.google.com/bot.html)"
185.191.171.5 - - [11/Jan/2021:09:40:39 +0100] "GET /princesse-sofia-rabbit-figure-p-23408.html HTTP/1.0" 200 71770 "-" "Mozilla/5.0 (compatible; SemrushBot/7~bl; +http://www.semrush.com/bot.html)"
114.119.154.200 - - [11/Jan/2021:09:40:58 +0100] "GET /images/big_prod/8422017821034.jpg HTTP/1.0" 200 268 "-" "Mozilla/5.0 (Linux; Android 7.0;) AppleWebKit/537.36 (KHTML, like Gecko) Mobile Safari/537.36 (compatible; PetalBot;+https://aspiegel.com/petalbot)"
185.191.171.3 - - [11/Jan/2021:09:40:59 +0100] "GET /fragrances-of-ambiance-c-231.html?page=17 HTTP/1.0" 200 92455 "-" "Mozilla/5.0 (compatible; SemrushBot/7~bl; +http://www.semrush.com/bot.html)"
185.191.171.14 - - [11/Jan/2021:09:41:32 +0100] "GET /dog-coin-purse-p-29980.html HTTP/1.0" 200 71815 "-" "Mozilla/5.0 (compatible; SemrushBot/7~bl; +http://www.semrush.com/bot.html)"
157.55.39.220 - - [11/Jan/2021:09:41:36 +0100] "GET /images/big_prod_1/1491693094695B.jpg HTTP/1.0" 200 271 "-" "Mozilla/5.0 (compatible; bingbot/2.0; +http://www.bing.com/bingbot.htm)"
185.191.171.18 - - [11/Jan/2021:09:41:38 +0100] "GET /harley-davidson-set-of-magnets-p-40277.html HTTP/1.0" 200 71949 "-" "Mozilla/5.0 (compatible; SemrushBot/7~bl; +http://www.semrush.com/bot.html)"
185.191.171.26 - - [11/Jan/2021:09:41:56 +0100] "GET /large-jar-candle-rose-quartz-p-51063.html HTTP/1.0" 200 72340 "-" "Mozilla/5.0 (compatible; SemrushBot/7~bl; +http://www.semrush.com/bot.html)"
157.55.39.22 - - [11/Jan/2021:09:42:02 +0100] "GET /images/med_prod/3661977002793.jpg HTTP/1.0" 200 268 "-" "Mozilla/5.0 (compatible; bingbot/2.0; +http://www.bing.com/bingbot.htm)"
207.46.13.26 - - [11/Jan/2021:09:42:13 +0100] "GET /images/big_prod/8435333821862.jpg HTTP/1.0" 200 268 "-" "Mozilla/5.0 (compatible; bingbot/2.0; +http://www.bing.com/bingbot.htm)"
185.191.171.34 - - [11/Jan/2021:09:42:13 +0100] "GET /great-patina-horse-statuette-p-41846.html HTTP/1.0" 200 71935 "-" "Mozilla/5.0 (compatible; SemrushBot/7~bl; +http://www.semrush.com/bot.html)"
185.191.171.5 - - [11/Jan/2021:09:42:29 +0100] "GET /russian-dolls-cushion-by-cbkreation-p-18573.html HTTP/1.0" 200 72189 "-" "Mozilla/5.0 (compatible; SemrushBot/7~bl; +http://www.semrush.com/bot.html)"
185.191.171.34 - - [11/Jan/2021:09:42:33 +0100] "GET /hats-and-caps-c-1_44.html HTTP/1.0" 200 90721 "-" "Mozilla/5.0 (compatible; SemrushBot/7~bl; +http://www.semrush.com/bot.html)"
185.191.171.14 - - [11/Jan/2021:09:42:44 +0100] "GET /tinker-bell-disney-birthday-3d-card-with-envelope-p-34436.html HTTP/1.0" 200 69378 "-" "Mozilla/5.0 (compatible; SemrushBot/7~bl; +http://www.semrush.com/bot.html)"
185.191.171.4 - - [11/Jan/2021:09:43:17 +0100] "GET /tealight-holders-and-candle-holders-c-231_230.html?page=2 HTTP/1.0" 200 91928 "-" "Mozilla/5.0 (compatible; SemrushBot/7~bl; +http://www.semrush.com/bot.html)"
207.46.13.229 - - [11/Jan/2021:09:43:19 +0100] "GET /images/big_prod/1384010202470.jpg HTTP/1.0" 200 268 "-" "Mozilla/5.0 (compatible; bingbot/2.0; +http://www.bing.com/bingbot.htm)"
51.68.224.127 - - [11/Jan/2021:09:43:28 +0100] "GET /adminweb/export_orders_xml.php?token=256de2z6edz6ed2z6DFSFsed2zed6zeDSFDSGdzedezfzf&maxorders=10&orderstart=1&status=14&start_date=2018-10-01 HTTP/1.0" 200 285 "-" "GesCom CharlotteBoutik Serveur"
51.68.224.127 - - [11/Jan/2021:09:43:28 +0100] "GET /adminweb/export_orders_xml.php?token=256de2z6edz6ed2z6DFSFsed2zed6zeDSFDSGdzedezfzf&maxorders=10&orderstart=1&status=6&start_date=2018-10-01 HTTP/1.0" 200 29990 "-" "GesCom CharlotteBoutik Serveur"
54.36.148.87 - - [11/Jan/2021:09:43:35 +0100] "GET /trunks-c-13_208.html HTTP/1.0" 200 88723 "-" "Mozilla/5.0 (compatible; AhrefsBot/7.0; +http://ahrefs.com/robot/)"
207.46.13.229 - - [11/Jan/2021:09:44:18 +0100] "GET /images/hiver059.jpg HTTP/1.0" 200 254 "-" "Mozilla/5.0 (compatible; bingbot/2.0; +http://www.bing.com/bingbot.htm)"
185.191.171.22 - - [11/Jan/2021:09:44:24 +0100] "GET /espresso-set-eccentric-cat-p-39753.html HTTP/1.0" 200 71965 "-" "Mozilla/5.0 (compatible; SemrushBot/7~bl; +http://www.semrush.com/bot.html)"
185.191.171.17 - - [11/Jan/2021:09:44:31 +0100] "GET /round-carpet-150-cm-p-52535.html HTTP/1.0" 200 72718 "-" "Mozilla/5.0 (compatible; SemrushBot/7~bl; +http://www.semrush.com/bot.html)"
185.191.171.21 - - [11/Jan/2021:09:44:35 +0100] "GET /luffy-pirates-one-piece-poster-p-15390.html HTTP/1.0" 301 69259 "-" "Mozilla/5.0 (compatible; SemrushBot/7~bl; +http://www.semrush.com/bot.html)"
185.191.171.21 - - [11/Jan/2021:09:44:37 +0100] "GET /-p-15390.html HTTP/1.0" 200 69192 "-" "Mozilla/5.0 (compatible; SemrushBot/7~bl; +http://www.semrush.com/bot.html)"
17.58.101.147 - - [11/Jan/2021:09:44:43 +0100] "GET /rectangular-kitchen-towel-in-cotton-aoli-p-51354.html HTTP/1.0" 200 72005 "-" "Mozilla/5.0 (Macintosh; Intel Mac OS X 10_15_5) AppleWebKit/605.1.15 (KHTML, like Gecko) Version/13.1.1 Safari/605.1.15 (Applebot/0.1; +http://www.apple.com/go/applebot)"
185.191.171.15 - - [11/Jan/2021:09:44:54 +0100] "GET /ceramic-salt-pot-with-spoon-aderne-p-50644.html HTTP/1.0" 200 71907 "-" "Mozilla/5.0 (compatible; SemrushBot/7~bl; +http://www.semrush.com/bot.html)"
54.36.149.89 - - [11/Jan/2021:09:44:54 +0100] "GET /linen-of-bed-c-13_11_68.html?page=15 HTTP/1.0" 301 83193 "-" "Mozilla/5.0 (compatible; AhrefsBot/7.0; +http://ahrefs.com/robot/)"
157.55.39.22 - - [11/Jan/2021:09:45:01 +0100] "GET /images/1399984234846.jpg HTTP/1.0" 200 259 "-" "Mozilla/5.0 (compatible; bingbot/2.0; +http://www.bing.com/bingbot.htm)"
185.191.171.9 - - [11/Jan/2021:09:45:19 +0100] "GET /olivia-in-paris-cosmetic-bag-p-16805.html HTTP/1.0" 200 72037 "-" "Mozilla/5.0 (compatible; SemrushBot/7~bl; +http://www.semrush.com/bot.html)"
114.119.144.233 - - [11/Jan/2021:09:45:21 +0100] "GET /images/mini_prod/8433833063607.jpg HTTP/1.0" 200 269 "-" "Mozilla/5.0 (Linux; Android 7.0;) AppleWebKit/537.36 (KHTML, like Gecko) Mobile Safari/537.36 (compatible; PetalBot;+https://aspiegel.com/petalbot)"
207.46.13.26 - - [11/Jan/2021:09:45:24 +0100] "GET /images/3521320805306.jpg HTTP/1.0" 200 259 "-" "Mozilla/5.0 (compatible; bingbot/2.0; +http://www.bing.com/bingbot.htm)"
185.191.171.10 - - [11/Jan/2021:09:45:26 +0100] "GET /sons-of-anarchy-samcro-zippo-lighter-p-30266.html HTTP/1.0" 200 73887 "-" "Mozilla/5.0 (compatible; SemrushBot/7~bl; +http://www.semrush.com/bot.html)"
185.191.171.43 - - [11/Jan/2021:09:45:48 +0100] "GET /decorations-and-furnishings/boxes-and-storage-box/che-guevara-plasters-box-p-5133.html HTTP/1.0" 301 69256 "-" "Mozilla/5.0 (compatible; SemrushBot/7~bl; +http://www.semrush.com/bot.html)"
185.191.171.19 - - [11/Jan/2021:09:45:50 +0100] "GET /-p-5133.html HTTP/1.0" 200 69190 "-" "Mozilla/5.0 (compatible; SemrushBot/7~bl; +http://www.semrush.com/bot.html)"
185.191.171.25 - - [11/Jan/2021:09:45:52 +0100] "GET /tour-de-france-ceramic-money-box-p-52191.html HTTP/1.0" 200 71958 "-" "Mozilla/5.0 (compatible; SemrushBot/7~bl; +http://www.semrush.com/bot.html)"
185.191.171.8 - - [11/Jan/2021:09:48:07 +0100] "GET /incense-elephant-rose-15-gr-maharani-p-42041.html HTTP/1.0" 200 72247 "-" "Mozilla/5.0 (compatible; SemrushBot/7~bl; +http://www.semrush.com/bot.html)"
185.191.171.34 - - [11/Jan/2021:09:48:12 +0100] "GET /small-jar-candle-ruby-pomegranate-p-51061.html HTTP/1.0" 200 72385 "-" "Mozilla/5.0 (compatible; SemrushBot/7~bl; +http://www.semrush.com/bot.html)"
185.191.171.24 - - [11/Jan/2021:09:48:14 +0100] "GET /lord-brian-london-tea-box-p-39518.html HTTP/1.0" 200 72000 "-" "Mozilla/5.0 (compatible; SemrushBot/7~bl; +http://www.semrush.com/bot.html)"
54.36.148.198 - - [11/Jan/2021:09:48:33 +0100] "GET /tealight-holders-and-candle-holders-c-231_230.html HTTP/1.0" 200 90779 "-" "Mozilla/5.0 (compatible; AhrefsBot/7.0; +http://ahrefs.com/robot/)"
207.46.13.36 - - [11/Jan/2021:09:48:42 +0100] "GET /images/5010994048372.jpg HTTP/1.0" 200 259 "-" "Mozilla/5.0 (compatible; bingbot/2.0; +http://www.bing.com/bingbot.htm)"
207.46.13.239 - - [11/Jan/2021:09:49:29 +0100] "GET /images/8435306246487bis.jpg HTTP/1.0" 200 262 "-" "Mozilla/5.0 (compatible; bingbot/2.0; +http://www.bing.com/bingbot.htm)"
185.191.171.24 - - [11/Jan/2021:09:49:30 +0100] "GET /route-66-metal-plate-20-30-cm-p-37155.html HTTP/1.0" 200 71903 "-" "Mozilla/5.0 (compatible; SemrushBot/7~bl; +http://www.semrush.com/bot.html)"
114.119.150.15 - - [11/Jan/2021:09:49:44 +0100] "GET /stitch-guitar-collection-statuette-p-47678.html HTTP/1.0" 200 73567 "-" "Mozilla/5.0 (Linux; Android 7.0;) AppleWebKit/537.36 (KHTML, like Gecko) Mobile Safari/537.36 (compatible; PetalBot;+https://aspiegel.com/petalbot)"
40.77.167.56 - - [11/Jan/2021:09:50:05 +0100] "GET /images/1399984255544.jpg HTTP/1.0" 200 259 "-" "Mozilla/5.0 (compatible; bingbot/2.0; +http://www.bing.com/bingbot.htm)"
185.191.171.17 - - [11/Jan/2021:09:50:12 +0100] "GET /high-cup-steinlen-le-chat-noir-p-47904.html HTTP/1.0" 200 72507 "-" "Mozilla/5.0 (compatible; SemrushBot/7~bl; +http://www.semrush.com/bot.html)"
54.36.148.189 - - [11/Jan/2021:09:50:17 +0100] "GET /coca-cola-frame-memo-p-27933.html HTTP/1.0" 301 69259 "-" "Mozilla/5.0 (compatible; AhrefsBot/7.0; +http://ahrefs.com/robot/)"
66.249.66.66 - - [11/Jan/2021:09:50:29 +0100] "GET /set-angry-birds-stickers-and-stationery-p-22218.html HTTP/1.0" 200 72158 "-" "Mozilla/5.0 (Linux; Android 6.0.1; Nexus 5X Build/MMB29P) AppleWebKit/537.36 (KHTML, like Gecko) Chrome/87.0.4280.90 Mobile Safari/537.36 (compatible; Googlebot/2.1; +http://www.google.com/bot.html)"
66.249.66.64 - - [11/Jan/2021:09:50:30 +0100] "GET /purse-and-wallet-c-31_76.html HTTP/1.0" 200 90138 "-" "Mozilla/5.0 (Linux; Android 6.0.1; Nexus 5X Build/MMB29P) AppleWebKit/537.36 (KHTML, like Gecko) Chrome/87.0.4280.90 Mobile Safari/537.36 (compatible; Googlebot/2.1; +http://www.google.com/bot.html)"
66.249.66.95 - - [11/Jan/2021:09:50:33 +0100] "GET /industrial-clock-with-gears-p-53019.html HTTP/1.0" 200 72561 "-" "Mozilla/5.0 (Linux; Android 6.0.1; Nexus 5X Build/MMB29P) AppleWebKit/537.36 (KHTML, like Gecko) Chrome/87.0.4280.90 Mobile Safari/537.36 (compatible; Googlebot/2.1; +http://www.google.com/bot.html)"
66.249.66.64 - - [11/Jan/2021:09:50:36 +0100] "GET /js/jquery.min.js HTTP/1.0" 404 1308 "http://www.wonder-geek.com/purse-and-wallet-c-31_76.html" "Mozilla/5.0 (Linux; Android 6.0.1; Nexus 5X Build/MMB29P) AppleWebKit/537.36 (KHTML, like Gecko) Chrome/87.0.4280.90 Mobile Safari/537.36 (compatible; Googlebot/2.1; +http://www.google.com/bot.html)"
185.191.171.26 - - [11/Jan/2021:09:50:41 +0100] "GET /votive-candle-15-hours-christmas-tree-p-38126.html HTTP/1.0" 200 69374 "-" "Mozilla/5.0 (compatible; SemrushBot/7~bl; +http://www.semrush.com/bot.html)"
185.191.171.25 - - [11/Jan/2021:09:50:44 +0100] "GET /usa-by-cbkreation-training-bottle-p-24335.html HTTP/1.0" 200 72168 "-" "Mozilla/5.0 (compatible; SemrushBot/7~bl; +http://www.semrush.com/bot.html)"
185.191.171.7 - - [11/Jan/2021:09:50:59 +0100] "GET /decorative-box-with-measuring-vase-p-53072.html HTTP/1.0" 200 72035 "-" "Mozilla/5.0 (compatible; SemrushBot/7~bl; +http://www.semrush.com/bot.html)"
207.46.13.26 - - [11/Jan/2021:09:51:34 +0100] "GET /images/8420406800547.jpg HTTP/1.0" 200 259 "-" "Mozilla/5.0 (compatible; bingbot/2.0; +http://www.bing.com/bingbot.htm)"
185.191.171.12 - - [11/Jan/2021:09:51:43 +0100] "GET /chouchou-tea-cup-tisaniere-p-52619.html HTTP/1.0" 200 71874 "-" "Mozilla/5.0 (compatible; SemrushBot/7~bl; +http://www.semrush.com/bot.html)"
185.191.171.6 - - [11/Jan/2021:09:51:47 +0100] "GET /home-and-decoration-c-13.html?page=81 HTTP/1.0" 200 91378 "-" "Mozilla/5.0 (compatible; SemrushBot/7~bl; +http://www.semrush.com/bot.html)"
207.46.13.229 - - [11/Jan/2021:09:51:52 +0100] "GET /images/big_prod/1384010203262.jpg HTTP/1.0" 200 268 "-" "Mozilla/5.0 (compatible; bingbot/2.0; +http://www.bing.com/bingbot.htm)"
185.191.171.17 - - [11/Jan/2021:09:51:53 +0100] "GET /bottle-holder-hunter-with-his-dog-table-decoration-p-45752.html HTTP/1.0" 200 69433 "-" "Mozilla/5.0 (compatible; SemrushBot/7~bl; +http://www.semrush.com/bot.html)"
185.191.171.5 - - [11/Jan/2021:09:52:41 +0100] "GET /aromatic-candle-stearin-7th-chakra-100-hours-p-39565.html HTTP/1.0" 200 73545 "-" "Mozilla/5.0 (compatible; SemrushBot/7~bl; +http://www.semrush.com/bot.html)"
185.191.171.25 - - [11/Jan/2021:09:53:02 +0100] "GET /mickey-mouse-sports-bottle-p-25061.html HTTP/1.0" 200 71855 "-" "Mozilla/5.0 (compatible; SemrushBot/7~bl; +http://www.semrush.com/bot.html)"
185.191.171.35 - - [11/Jan/2021:09:53:05 +0100] "GET /mustache-purple-women-tee-shirt-p-35910.html HTTP/1.0" 200 73846 "-" "Mozilla/5.0 (compatible; SemrushBot/7~bl; +http://www.semrush.com/bot.html)"
207.46.13.229 - - [11/Jan/2021:09:53:11 +0100] "GET /images/med_prod/4891813832744.jpg HTTP/1.0" 200 268 "-" "Mozilla/5.0 (compatible; bingbot/2.0; +http://www.bing.com/bingbot.htm)"
157.55.39.22 - - [11/Jan/2021:09:53:15 +0100] "GET /images/med_prod/5018997610176.jpg HTTP/1.0" 200 268 "-" "Mozilla/5.0 (compatible; bingbot/2.0; +http://www.bing.com/bingbot.htm)"
157.55.39.22 - - [11/Jan/2021:09:53:16 +0100] "GET /images/3279396049970.jpg HTTP/1.0" 200 259 "-" "Mozilla/5.0 (compatible; bingbot/2.0; +http://www.bing.com/bingbot.htm)"
54.36.148.75 - - [11/Jan/2021:09:53:40 +0100] "GET /london-lord-brian-opener-p-53488.html HTTP/1.0" 200 71887 "-" "Mozilla/5.0 (compatible; AhrefsBot/7.0; +http://ahrefs.com/robot/)"
114.119.129.36 - - [11/Jan/2021:09:54:00 +0100] "GET /world-map-large-clock-p-52866.html HTTP/1.0" 200 71836 "-" "Mozilla/5.0 (Linux; Android 7.0;) AppleWebKit/537.36 (KHTML, like Gecko) Mobile Safari/537.36 (compatible; PetalBot;+https://aspiegel.com/petalbot)"
185.191.171.1 - - [11/Jan/2021:09:54:14 +0100] "GET /mani-the-lucky-cat-figurine-11-cm-p-46166.html HTTP/1.0" 200 69314 "-" "Mozilla/5.0 (compatible; SemrushBot/7~bl; +http://www.semrush.com/bot.html)"
185.191.171.7 - - [11/Jan/2021:09:54:16 +0100] "GET /home-and-decoration-c-13.html?page=59 HTTP/1.0" 200 91357 "-" "Mozilla/5.0 (compatible; SemrushBot/7~bl; +http://www.semrush.com/bot.html)"
13.66.139.48 - - [11/Jan/2021:09:54:24 +0100] "GET /images/big_prod/9316188086738.jpg HTTP/1.0" 200 268 "-" "Mozilla/5.0 (compatible; bingbot/2.0; +http://www.bing.com/bingbot.htm)"
40.77.167.56 - - [11/Jan/2021:09:54:46 +0100] "GET /images/5025123281384b.jpg HTTP/1.0" 200 260 "-" "Mozilla/5.0 (compatible; bingbot/2.0; +http://www.bing.com/bingbot.htm)"
54.36.148.145 - - [11/Jan/2021:09:54:53 +0100] "GET /candy-mouse-pad-p-13988.html HTTP/1.0" 301 71898 "-" "Mozilla/5.0 (compatible; AhrefsBot/7.0; +http://ahrefs.com/robot/)"
