185.191.171.10 - - [11/Jan/2021:05:11:02 +0100] "GET /robots.txt HTTP/1.0" 200 245 "-" "Mozilla/5.0 (compatible; SemrushBot/7~bl; +http://www.semrush.com/bot.html)"
185.191.171.38 - - [11/Jan/2021:05:11:02 +0100] "GET /home-and-decoration-c-13.html?page=235 HTTP/1.0" 200 91509 "-" "Mozilla/5.0 (compatible; SemrushBot/7~bl; +http://www.semrush.com/bot.html)"
185.191.171.24 - - [11/Jan/2021:05:11:25 +0100] "GET /phone-cover-for-iphone-and-cbkreation-p-14177.html HTTP/1.0" 200 69353 "-" "Mozilla/5.0 (compatible; SemrushBot/7~bl; +http://www.semrush.com/bot.html)"
185.191.171.20 - - [11/Jan/2021:05:11:32 +0100] "GET /flasks-c-12_245.html HTTP/1.0" 200 77814 "-" "Mozilla/5.0 (compatible; SemrushBot/7~bl; +http://www.semrush.com/bot.html)"
157.55.39.220 - - [11/Jan/2021:05:11:47 +0100] "GET /highslide/highslide.js HTTP/1.0" 200 262 "-" "Mozilla/5.0 (compatible; bingbot/2.0; +http://www.bing.com/bingbot.htm)"
185.191.171.38 - - [11/Jan/2021:05:11:47 +0100] "GET /tetsubin-black-teapot-japanese-085-liter-p-39977.html HTTP/1.0" 200 72181 "-" "Mozilla/5.0 (compatible; SemrushBot/7~bl; +http://www.semrush.com/bot.html)"
185.191.171.9 - - [11/Jan/2021:05:12:02 +0100] "GET /nasa-bedclothes-200-200-cm-p-49669.html HTTP/1.0" 200 69294 "-" "Mozilla/5.0 (compatible; SemrushBot/7~bl; +http://www.semrush.com/bot.html)"
185.191.171.42 - - [11/Jan/2021:05:12:14 +0100] "GET /may-lin-blue-tea-box-p-42847.html HTTP/1.0" 200 69262 "-" "Mozilla/5.0 (compatible; SemrushBot/7~bl; +http://www.semrush.com/bot.html)"
185.191.171.13 - - [11/Jan/2021:05:12:33 +0100] "GET /little-tortoise-statuette-p-43104.html HTTP/1.0" 200 71931 "-" "Mozilla/5.0 (compatible; SemrushBot/7~bl; +http://www.semrush.com/bot.html)"
185.191.171.40 - - [11/Jan/2021:05:12:35 +0100] "GET /league-justice-pencil-case-p-41080.html HTTP/1.0" 200 71884 "-" "Mozilla/5.0 (compatible; SemrushBot/7~bl; +http://www.semrush.com/bot.html)"
207.46.13.229 - - [11/Jan/2021:05:12:41 +0100] "GET /images/big_prod/1304038301153.jpg HTTP/1.0" 200 268 "-" "Mozilla/5.0 (compatible; bingbot/2.0; +http://www.bing.com/bingbot.htm)"
185.191.171.3 - - [11/Jan/2021:05:12:57 +0100] "GET /musical-jewelry-box-p-42719.html HTTP/1.0" 200 71959 "-" "Mozilla/5.0 (compatible; SemrushBot/7~bl; +http://www.semrush.com/bot.html)"
207.46.13.239 - - [11/Jan/2021:05:13:06 +0100] "GET /images/med_prod/3354370000342.jpg HTTP/1.0" 200 268 "-" "Mozilla/5.0 (compatible; bingbot/2.0; +http://www.bing.com/bingbot.htm)"
185.191.171.25 - - [11/Jan/2021:05:13:22 +0100] "GET /pink-flamingos-small-melamine-tray-p-45167.html HTTP/1.0" 200 72009 "-" "Mozilla/5.0 (compatible; SemrushBot/7~bl; +http://www.semrush.com/bot.html)"
185.191.171.1 - - [11/Jan/2021:05:13:26 +0100] "GET /protective-bamboo-pillow-cover-60-60-cm-p-43573.html HTTP/1.0" 200 72014 "-" "Mozilla/5.0 (compatible; SemrushBot/7~bl; +http://www.semrush.com/bot.html)"
157.55.39.110 - - [11/Jan/2021:05:13:32 +0100] "GET /images/8432699066869.jpg HTTP/1.0" 200 259 "-" "Mozilla/5.0 (compatible; bingbot/2.0; +http://www.bing.com/bingbot.htm)"
54.36.148.87 - - [11/Jan/2021:05:13:39 +0100] "GET /cosmetic-bags-and-flat-purse-c-31_239.html?page=9 HTTP/1.0" 200 92913 "-" "Mozilla/5.0 (compatible; AhrefsBot/7.0; +http://ahrefs.com/robot/)"
207.46.13.239 - - [11/Jan/2021:05:13:39 +0100] "GET /images/big_prod/8717318172405.jpg HTTP/1.0" 200 268 "-" "Mozilla/5.0 (compatible; bingbot/2.0; +http://www.bing.com/bingbot.htm)"
185.191.171.9 - - [11/Jan/2021:05:14:07 +0100] "GET /gorjuss-toadstools-maxi-portfolio-p-30845.html HTTP/1.0" 200 72108 "-" "Mozilla/5.0 (compatible; SemrushBot/7~bl; +http://www.semrush.com/bot.html)"
185.191.171.24 - - [11/Jan/2021:05:14:10 +0100] "GET /eyelets-screen-curtain-white-p-46236.html HTTP/1.0" 200 74061 "-" "Mozilla/5.0 (compatible; SemrushBot/7~bl; +http://www.semrush.com/bot.html)"
114.119.154.200 - - [11/Jan/2021:05:14:35 +0100] "GET /mani-the-lucky-cat-charm-size-chance-p-33279.html HTTP/1.0" 200 72177 "-" "Mozilla/5.0 (Linux; Android 7.0;) AppleWebKit/537.36 (KHTML, like Gecko) Mobile Safari/537.36 (compatible; PetalBot;+https://aspiegel.com/petalbot)"
185.191.171.11 - - [11/Jan/2021:05:14:42 +0100] "GET /dishes-c-12.html?page=63 HTTP/1.0" 200 91114 "-" "Mozilla/5.0 (compatible; SemrushBot/7~bl; +http://www.semrush.com/bot.html)"
207.46.13.239 - - [11/Jan/2021:05:14:48 +0100] "GET /images/8435333807729.jpg HTTP/1.0" 200 259 "-" "Mozilla/5.0 (compatible; bingbot/2.0; +http://www.bing.com/bingbot.htm)"
185.191.171.2 - - [11/Jan/2021:05:14:57 +0100] "GET /set-angry-birds-stickers-and-stationery-p-22218.html HTTP/1.0" 200 72158 "-" "Mozilla/5.0 (compatible; SemrushBot/7~bl; +http://www.semrush.com/bot.html)"
185.191.171.12 - - [11/Jan/2021:05:15:01 +0100] "GET /the-shadow-frame-cats-by-dubout-cat-nap-p-38858.html HTTP/1.0" 200 72437 "-" "Mozilla/5.0 (compatible; SemrushBot/7~bl; +http://www.semrush.com/bot.html)"
207.46.13.239 - - [11/Jan/2021:05:15:07 +0100] "GET /images/30300.jpg HTTP/1.0" 200 251 "-" "Mozilla/5.0 (compatible; bingbot/2.0; +http://www.bing.com/bingbot.htm)"
185.191.171.35 - - [11/Jan/2021:05:15:08 +0100] "GET /mickey-mouse-disney-small-suitcase-p-33679.html HTTP/1.0" 200 69353 "-" "Mozilla/5.0 (compatible; SemrushBot/7~bl; +http://www.semrush.com/bot.html)"
207.46.13.26 - - [11/Jan/2021:05:16:01 +0100] "GET /white-piggy-bank-p-49221.html HTTP/1.0" 200 71750 "-" "Mozilla/5.0 (compatible; bingbot/2.0; +http://www.bing.com/bingbot.htm)"
185.191.171.39 - - [11/Jan/2021:05:16:08 +0100] "GET /scent-cup-heart-and-home-winter-wonderment-p-49934.html HTTP/1.0" 200 73015 "-" "Mozilla/5.0 (compatible; SemrushBot/7~bl; +http://www.semrush.com/bot.html)"
185.191.171.35 - - [11/Jan/2021:05:16:14 +0100] "GET /windchime-chimes-80-cm-p-43539.html HTTP/1.0" 200 71842 "-" "Mozilla/5.0 (compatible; SemrushBot/7~bl; +http://www.semrush.com/bot.html)"
157.55.39.22 - - [11/Jan/2021:05:16:15 +0100] "GET /images/5610401603967.jpg HTTP/1.0" 200 259 "-" "Mozilla/5.0 (compatible; bingbot/2.0; +http://www.bing.com/bingbot.htm)"
157.55.39.22 - - [11/Jan/2021:05:16:15 +0100] "GET /images/5010065083448.jpg HTTP/1.0" 200 259 "-" "Mozilla/5.0 (compatible; bingbot/2.0; +http://www.bing.com/bingbot.htm)"
114.27.6.147 - - [11/Jan/2021:05:16:26 +0100] "GET /contact_us.php HTTP/1.0" 200 26241 "http://www.wonder-geek.com/contact_us.php" "Mozilla/5.0 (Windows NT 6.3; ) AppleWebKit/537.36 (KHTML, like Gecko) Chrome/83.0.4103.61 Safari/537.36"
114.27.6.147 - - [11/Jan/2021:05:16:28 +0100] "POST /contact_us.php?action=send HTTP/1.0" 200 26483 "http://www.wonder-geek.com/contact_us.php" "Mozilla/5.0 (Windows NT 6.3; ) AppleWebKit/537.36 (KHTML, like Gecko) Chrome/83.0.4103.61 Safari/537.36"
185.191.171.19 - - [11/Jan/2021:05:16:37 +0100] "GET /be-happy-wall-stickers-p-36117.html HTTP/1.0" 200 71867 "-" "Mozilla/5.0 (compatible; SemrushBot/7~bl; +http://www.semrush.com/bot.html)"
185.191.171.4 - - [11/Jan/2021:05:16:39 +0100] "GET /indoor-buddha-fountain-40-cm-p-47422.html HTTP/1.0" 200 69294 "-" "Mozilla/5.0 (compatible; SemrushBot/7~bl; +http://www.semrush.com/bot.html)"
185.191.171.7 - - [11/Jan/2021:05:16:49 +0100] "GET /retro-small-cool-bag-lunch-box-24-15-15-cm-p-47252.html HTTP/1.0" 200 72081 "-" "Mozilla/5.0 (compatible; SemrushBot/7~bl; +http://www.semrush.com/bot.html)"
157.55.39.110 - - [11/Jan/2021:05:16:52 +0100] "GET /images/8435306225574.jpg HTTP/1.0" 200 259 "-" "Mozilla/5.0 (compatible; bingbot/2.0; +http://www.bing.com/bingbot.htm)"
40.77.167.56 - - [11/Jan/2021:05:17:04 +0100] "GET /images/med_prod/4010070303013.jpg HTTP/1.0" 200 268 "-" "Mozilla/5.0 (compatible; bingbot/2.0; +http://www.bing.com/bingbot.htm)"
17.58.101.147 - - [11/Jan/2021:05:17:07 +0100] "GET /images/mini_prod/8422024026026.jpg HTTP/1.0" 200 269 "-" "Mozilla/5.0 (Macintosh; Intel Mac OS X 10_15_5) AppleWebKit/605.1.15 (KHTML, like Gecko) Version/13.1.1 Safari/605.1.15 (Applebot/0.1; +http://www.apple.com/go/applebot)"
185.191.171.14 - - [11/Jan/2021:05:17:39 +0100] "GET /austria-mug-by-cbkreation-p-33766.html HTTP/1.0" 200 71855 "-" "Mozilla/5.0 (compatible; SemrushBot/7~bl; +http://www.semrush.com/bot.html)"
207.46.13.26 - - [11/Jan/2021:05:17:43 +0100] "GET /swfobject.js HTTP/1.0" 404 1308 "-" "Mozilla/5.0 (compatible; bingbot/2.0; +http://www.bing.com/bingbot.htm)"
66.249.66.95 - - [11/Jan/2021:05:17:43 +0100] "GET /adults/women-c-53_55.html HTTP/1.0" 301 93241 "-" "Mozilla/5.0 (Linux; Android 6.0.1; Nexus 5X Build/MMB29P) AppleWebKit/537.36 (KHTML, like Gecko) Chrome/87.0.4280.90 Mobile Safari/537.36 (compatible; Googlebot/2.1; +http://www.google.com/bot.html)"
66.249.66.66 - - [11/Jan/2021:05:17:44 +0100] "GET /artist-barcelos-cockerel-sonny-angel-figure-lucky-galo-p-38851.html HTTP/1.0" 200 69459 "-" "Mozilla/5.0 (Linux; Android 6.0.1; Nexus 5X Build/MMB29P) AppleWebKit/537.36 (KHTML, like Gecko) Chrome/87.0.4280.90 Mobile Safari/537.36 (compatible; Googlebot/2.1; +http://www.google.com/bot.html)"
66.249.66.95 - - [11/Jan/2021:05:17:45 +0100] "GET /shirts-and-sweatshirts-women-c-55.html HTTP/1.0" 301 93140 "-" "Mozilla/5.0 (Linux; Android 6.0.1; Nexus 5X Build/MMB29P) AppleWebKit/537.36 (KHTML, like Gecko) Chrome/87.0.4280.90 Mobile Safari/537.36 (compatible; Googlebot/2.1; +http://www.google.com/bot.html)"
66.249.66.66 - - [11/Jan/2021:05:17:45 +0100] "GET /shirts-and-sweatshirts-women-c-53_55.html HTTP/1.0" 200 93149 "-" "Mozilla/5.0 (Linux; Android 6.0.1; Nexus 5X Build/MMB29P) AppleWebKit/537.36 (KHTML, like Gecko) Chrome/87.0.4280.90 Mobile Safari/537.36 (compatible; Googlebot/2.1; +http://www.google.com/bot.html)"
17.58.101.147 - - [11/Jan/2021:05:17:56 +0100] "GET /cat-cup-by-michelle-allen-designs-15-cm-p-36958.html HTTP/1.0" 200 72050 "-" "Mozilla/5.0 (Macintosh; Intel Mac OS X 10_15_5) AppleWebKit/605.1.15 (KHTML, like Gecko) Version/13.1.1 Safari/605.1.15 (Applebot/0.1; +http://www.apple.com/go/applebot)"
185.191.171.37 - - [11/Jan/2021:05:17:58 +0100] "GET /ceramic-flower-pots-lamp-28-cm-p-52531.html HTTP/1.0" 301 73122 "-" "Mozilla/5.0 (compatible; SemrushBot/7~bl; +http://www.semrush.com/bot.html)"
185.191.171.9 - - [11/Jan/2021:05:18:00 +0100] "GET /ceramic-flower-pots-lamp-30-cm-p-52531.html HTTP/1.0" 200 73025 "-" "Mozilla/5.0 (compatible; SemrushBot/7~bl; +http://www.semrush.com/bot.html)"
185.191.171.21 - - [11/Jan/2021:05:18:34 +0100] "GET /mani-the-lucky-cat-grey-keychain-p-42474.html HTTP/1.0" 200 69328 "-" "Mozilla/5.0 (compatible; SemrushBot/7~bl; +http://www.semrush.com/bot.html)"
54.36.148.87 - - [11/Jan/2021:05:18:34 +0100] "GET /girls-c-1.html HTTP/1.0" 200 90681 "-" "Mozilla/5.0 (compatible; AhrefsBot/7.0; +http://ahrefs.com/robot/)"
185.191.171.44 - - [11/Jan/2021:05:18:37 +0100] "GET /petit-akio-led-night-light-bear-p-46405.html HTTP/1.0" 200 69296 "-" "Mozilla/5.0 (compatible; SemrushBot/7~bl; +http://www.semrush.com/bot.html)"
157.55.39.220 - - [11/Jan/2021:05:18:38 +0100] "GET /images/big_prod/3453131129695.jpg HTTP/1.0" 200 268 "-" "Mozilla/5.0 (compatible; bingbot/2.0; +http://www.bing.com/bingbot.htm)"
207.46.13.229 - - [11/Jan/2021:05:18:52 +0100] "GET /images/Pucca-Surfing-75x150.jpg HTTP/1.0" 200 266 "-" "Mozilla/5.0 (compatible; bingbot/2.0; +http://www.bing.com/bingbot.htm)"
185.191.171.44 - - [11/Jan/2021:05:18:55 +0100] "GET /strawberry-shortcake-fleece-cap-and-scarf-set-p-22134.html HTTP/1.0" 200 72187 "-" "Mozilla/5.0 (compatible; SemrushBot/7~bl; +http://www.semrush.com/bot.html)"
114.119.132.105 - - [11/Jan/2021:05:18:58 +0100] "GET /images/mini_prod/5415203601537.jpg HTTP/1.0" 200 269 "-" "Mozilla/5.0 (Linux; Android 7.0;) AppleWebKit/537.36 (KHTML, like Gecko) Mobile Safari/537.36 (compatible; PetalBot;+https://aspiegel.com/petalbot)"
207.46.13.26 - - [11/Jan/2021:05:19:13 +0100] "GET /swfobject.js HTTP/1.0" 404 1308 "-" "Mozilla/5.0 (compatible; bingbot/2.0; +http://www.bing.com/bingbot.htm)"
207.46.13.26 - - [11/Jan/2021:05:19:33 +0100] "GET /swfobject.js HTTP/1.0" 404 1308 "-" "Mozilla/5.0 (compatible; bingbot/2.0; +http://www.bing.com/bingbot.htm)"
185.191.171.8 - - [11/Jan/2021:05:19:46 +0100] "GET /iron-man-flying-heroes-avengers-p-30293.html HTTP/1.0" 200 69310 "-" "Mozilla/5.0 (compatible; SemrushBot/7~bl; +http://www.semrush.com/bot.html)"
185.191.171.8 - - [11/Jan/2021:05:19:48 +0100] "GET /large-jar-candle-red-rose-p-42629.html HTTP/1.0" 200 72298 "-" "Mozilla/5.0 (compatible; SemrushBot/7~bl; +http://www.semrush.com/bot.html)"
185.191.171.33 - - [11/Jan/2021:05:19:52 +0100] "GET /indian-the-roadking-collection-metal-plate-deco-p-37166.html HTTP/1.0" 200 72077 "-" "Mozilla/5.0 (compatible; SemrushBot/7~bl; +http://www.semrush.com/bot.html)"
185.191.171.1 - - [11/Jan/2021:05:20:06 +0100] "GET /indian-craft-box-drawers-p-37257.html HTTP/1.0" 200 72176 "-" "Mozilla/5.0 (compatible; SemrushBot/7~bl; +http://www.semrush.com/bot.html)"
185.191.171.25 - - [11/Jan/2021:05:20:18 +0100] "GET /meditation-cushion-red-organic-cotton-p-51650.html HTTP/1.0" 200 72838 "-" "Mozilla/5.0 (compatible; SemrushBot/7~bl; +http://www.semrush.com/bot.html)"
185.191.171.13 - - [11/Jan/2021:05:20:25 +0100] "GET /fragrance-sachet-lavender-and-sage-p-40542.html HTTP/1.0" 200 72611 "-" "Mozilla/5.0 (compatible; SemrushBot/7~bl; +http://www.semrush.com/bot.html)"
39.104.61.98 - - [11/Jan/2021:05:20:41 +0100] "HEAD / HTTP/1.0" 200 386 "-" "Mozilla/5.0 (Windows NT 10.0; Win64; x64) AppleWebKit/537.36 (KHTML, like Gecko) Chrome/80.0.3987.149 Safari/537.36"
51.68.224.127 - - [11/Jan/2021:05:20:42 +0100] "GET /adminweb/export_orders_xml.php?token=256de2z6edz6ed2z6DFSFsed2zed6zeDSFDSGdzedezfzf&maxorders=10&orderstart=1&status=14&start_date=2018-10-01 HTTP/1.0" 200 285 "-" "GesCom CharlotteBoutik Serveur"
51.68.224.127 - - [11/Jan/2021:05:20:42 +0100] "GET /adminweb/export_orders_xml.php?token=256de2z6edz6ed2z6DFSFsed2zed6zeDSFDSGdzedezfzf&maxorders=10&orderstart=1&status=6&start_date=2018-10-01 HTTP/1.0" 200 29990 "-" "GesCom CharlotteBoutik Serveur"
39.104.61.98 - - [11/Jan/2021:05:20:44 +0100] "GET / HTTP/1.0" 200 150742 "-" "Mozilla/5.0 (Windows NT 10.0; Win64; x64) AppleWebKit/537.36 (KHTML, like Gecko) Chrome/80.0.3987.149 Safari/537.36"
39.104.61.98 - - [11/Jan/2021:05:20:45 +0100] "GET /highslide/highslide.js HTTP/1.0" 200 262 "http://www.wonder-geek.com/" "Mozilla/5.0 (Windows NT 10.0; Win64; x64) AppleWebKit/537.36 (KHTML, like Gecko) Chrome/80.0.3987.149 Safari/537.36"
39.104.61.98 - - [11/Jan/2021:05:20:45 +0100] "GET /templates/Pixame_v1/stylesheet.css HTTP/1.0" 200 267 "http://www.wonder-geek.com/" "Mozilla/5.0 (Windows NT 10.0; Win64; x64) AppleWebKit/537.36 (KHTML, like Gecko) Chrome/80.0.3987.149 Safari/537.36"
39.104.61.98 - - [11/Jan/2021:05:20:45 +0100] "GET /js/jquery.js HTTP/1.0" 200 252 "http://www.wonder-geek.com/" "Mozilla/5.0 (Windows NT 10.0; Win64; x64) AppleWebKit/537.36 (KHTML, like Gecko) Chrome/80.0.3987.149 Safari/537.36"
39.104.61.98 - - [11/Jan/2021:05:20:45 +0100] "GET /js/jquery.jqzoom.js HTTP/1.0" 200 259 "http://www.wonder-geek.com/" "Mozilla/5.0 (Windows NT 10.0; Win64; x64) AppleWebKit/537.36 (KHTML, like Gecko) Chrome/80.0.3987.149 Safari/537.36"
39.104.61.98 - - [11/Jan/2021:05:20:45 +0100] "GET /mondial_relay/js/jquery-1.3.2.min.js HTTP/1.0" 200 276 "http://www.wonder-geek.com/" "Mozilla/5.0 (Windows NT 10.0; Win64; x64) AppleWebKit/537.36 (KHTML, like Gecko) Chrome/80.0.3987.149 Safari/537.36"
39.104.61.98 - - [11/Jan/2021:05:20:49 +0100] "GET /swfobject.js HTTP/1.0" 404 1308 "http://www.wonder-geek.com/" "Mozilla/5.0 (Windows NT 10.0; Win64; x64) AppleWebKit/537.36 (KHTML, like Gecko) Chrome/80.0.3987.149 Safari/537.36"
39.104.61.98 - - [11/Jan/2021:05:20:49 +0100] "GET /js/jquery.min.js HTTP/1.0" 404 1308 "http://www.wonder-geek.com/" "Mozilla/5.0 (Windows NT 10.0; Win64; x64) AppleWebKit/537.36 (KHTML, like Gecko) Chrome/80.0.3987.149 Safari/537.36"
39.104.61.98 - - [11/Jan/2021:05:20:49 +0100] "GET /js/jquery.masonry.min.js HTTP/1.0" 200 264 "http://www.wonder-geek.com/" "Mozilla/5.0 (Windows NT 10.0; Win64; x64) AppleWebKit/537.36 (KHTML, like Gecko) Chrome/80.0.3987.149 Safari/537.36"
39.104.61.98 - - [11/Jan/2021:05:20:50 +0100] "GET /js/modernizr-transitions.js HTTP/1.0" 200 267 "http://www.wonder-geek.com/" "Mozilla/5.0 (Windows NT 10.0; Win64; x64) AppleWebKit/537.36 (KHTML, like Gecko) Chrome/80.0.3987.149 Safari/537.36"
39.104.61.98 - - [11/Jan/2021:05:20:50 +0100] "GET /templates/Pixame_v1/images/icon_accueil2.png HTTP/1.0" 200 278 "http://www.wonder-geek.com/" "Mozilla/5.0 (Windows NT 10.0; Win64; x64) AppleWebKit/537.36 (KHTML, like Gecko) Chrome/80.0.3987.149 Safari/537.36"
39.104.61.98 - - [11/Jan/2021:05:20:50 +0100] "GET /templates/Pixame_v1/images/pixel_trans.gif HTTP/1.0" 200 328 "http://www.wonder-geek.com/" "Mozilla/5.0 (Windows NT 10.0; Win64; x64) AppleWebKit/537.36 (KHTML, like Gecko) Chrome/80.0.3987.149 Safari/537.36"
39.104.61.98 - - [11/Jan/2021:05:20:50 +0100] "GET /images/pixel_trans.gif HTTP/1.0" 200 328 "http://www.wonder-geek.com/" "Mozilla/5.0 (Windows NT 10.0; Win64; x64) AppleWebKit/537.36 (KHTML, like Gecko) Chrome/80.0.3987.149 Safari/537.36"
39.104.61.98 - - [11/Jan/2021:05:20:50 +0100] "GET /templates/Pixame_v1/images/infobox/pixel_trans.gif HTTP/1.0" 200 328 "http://www.wonder-geek.com/" "Mozilla/5.0 (Windows NT 10.0; Win64; x64) AppleWebKit/537.36 (KHTML, like Gecko) Chrome/80.0.3987.149 Safari/537.36"
39.104.61.98 - - [11/Jan/2021:05:20:50 +0100] "GET /templates/Pixame_v1/images/Middle_texture.jpg HTTP/1.0" 200 280 "http://www.wonder-geek.com/templates/Pixame_v1/stylesheet.css" "Mozilla/5.0 (Windows NT 10.0; Win64; x64) AppleWebKit/537.36 (KHTML, like Gecko) Chrome/80.0.3987.149 Safari/537.36"
39.104.61.98 - - [11/Jan/2021:05:20:50 +0100] "GET /templates/Pixame_v1/images/Bottom_texture.jpg HTTP/1.0" 200 280 "http://www.wonder-geek.com/templates/Pixame_v1/stylesheet.css" "Mozilla/5.0 (Windows NT 10.0; Win64; x64) AppleWebKit/537.36 (KHTML, like Gecko) Chrome/80.0.3987.149 Safari/537.36"
39.104.61.98 - - [11/Jan/2021:05:20:50 +0100] "GET /templates/Pixame_v1/images/header.png HTTP/1.0" 200 271 "http://www.wonder-geek.com/templates/Pixame_v1/stylesheet.css" "Mozilla/5.0 (Windows NT 10.0; Win64; x64) AppleWebKit/537.36 (KHTML, like Gecko) Chrome/80.0.3987.149 Safari/537.36"
39.104.61.98 - - [11/Jan/2021:05:20:50 +0100] "GET /templates/Pixame_v1/images/header-object.png HTTP/1.0" 200 278 "http://www.wonder-geek.com/templates/Pixame_v1/stylesheet.css" "Mozilla/5.0 (Windows NT 10.0; Win64; x64) AppleWebKit/537.36 (KHTML, like Gecko) Chrome/80.0.3987.149 Safari/537.36"
39.104.61.98 - - [11/Jan/2021:05:20:50 +0100] "GET /templates/Pixame_v1/images/nav.png HTTP/1.0" 200 268 "http://www.wonder-geek.com/templates/Pixame_v1/stylesheet.css" "Mozilla/5.0 (Windows NT 10.0; Win64; x64) AppleWebKit/537.36 (KHTML, like Gecko) Chrome/80.0.3987.149 Safari/537.36"
39.104.61.98 - - [11/Jan/2021:05:20:51 +0100] "GET /swfobject.js HTTP/1.0" 404 1308 "http://www.wonder-geek.com/" "Mozilla/5.0 (Windows NT 10.0; Win64; x64) AppleWebKit/537.36 (KHTML, like Gecko) Chrome/80.0.3987.149 Safari/537.36"
39.104.61.98 - - [11/Jan/2021:05:20:51 +0100] "GET /images/mini_prod/3700281645682.jpg HTTP/1.0" 200 269 "http://www.wonder-geek.com/" "Mozilla/5.0 (Windows NT 10.0; Win64; x64) AppleWebKit/537.36 (KHTML, like Gecko) Chrome/80.0.3987.149 Safari/537.36"
39.104.61.98 - - [11/Jan/2021:05:20:52 +0100] "GET /design/productsenstock.png HTTP/1.0" 200 260 "http://www.wonder-geek.com/templates/Pixame_v1/stylesheet.css" "Mozilla/5.0 (Windows NT 10.0; Win64; x64) AppleWebKit/537.36 (KHTML, like Gecko) Chrome/80.0.3987.149 Safari/537.36"
39.104.61.98 - - [11/Jan/2021:05:20:52 +0100] "GET /templates/Pixame_v1/images/infobox/infobox_footer_middle.gif HTTP/1.0" 200 357 "http://www.wonder-geek.com/" "Mozilla/5.0 (Windows NT 10.0; Win64; x64) AppleWebKit/537.36 (KHTML, like Gecko) Chrome/80.0.3987.149 Safari/537.36"
39.104.61.98 - - [11/Jan/2021:05:20:52 +0100] "GET /js/jquery.min.js HTTP/1.0" 404 1308 "http://www.wonder-geek.com/" "Mozilla/5.0 (Windows NT 10.0; Win64; x64) AppleWebKit/537.36 (KHTML, like Gecko) Chrome/80.0.3987.149 Safari/537.36"
39.104.61.98 - - [11/Jan/2021:05:20:53 +0100] "GET /images/mini_prod/VANGOGH.jpg HTTP/1.0" 200 263 "http://www.wonder-geek.com/" "Mozilla/5.0 (Windows NT 10.0; Win64; x64) AppleWebKit/537.36 (KHTML, like Gecko) Chrome/80.0.3987.149 Safari/537.36"
39.104.61.98 - - [11/Jan/2021:05:20:53 +0100] "GET /images/mini_prod/3609810093331.jpg HTTP/1.0" 200 269 "http://www.wonder-geek.com/" "Mozilla/5.0 (Windows NT 10.0; Win64; x64) AppleWebKit/537.36 (KHTML, like Gecko) Chrome/80.0.3987.149 Safari/537.36"
39.104.61.98 - - [11/Jan/2021:05:20:53 +0100] "GET /images/mini_prod/3609810091238.jpg HTTP/1.0" 200 269 "http://www.wonder-geek.com/" "Mozilla/5.0 (Windows NT 10.0; Win64; x64) AppleWebKit/537.36 (KHTML, like Gecko) Chrome/80.0.3987.149 Safari/537.36"
39.104.61.98 - - [11/Jan/2021:05:20:54 +0100] "GET /images/mini_prod/3609810091214.jpg HTTP/1.0" 200 269 "http://www.wonder-geek.com/" "Mozilla/5.0 (Windows NT 10.0; Win64; x64) AppleWebKit/537.36 (KHTML, like Gecko) Chrome/80.0.3987.149 Safari/537.36"
39.104.61.98 - - [11/Jan/2021:05:20:54 +0100] "GET /images/mini_prod/8718375755112.jpg HTTP/1.0" 200 269 "http://www.wonder-geek.com/" "Mozilla/5.0 (Windows NT 10.0; Win64; x64) AppleWebKit/537.36 (KHTML, like Gecko) Chrome/80.0.3987.149 Safari/537.36"
39.104.61.98 - - [11/Jan/2021:05:20:54 +0100] "GET /images/mini_prod/1328399270569.jpg HTTP/1.0" 200 269 "http://www.wonder-geek.com/" "Mozilla/5.0 (Windows NT 10.0; Win64; x64) AppleWebKit/537.36 (KHTML, like Gecko) Chrome/80.0.3987.149 Safari/537.36"
39.104.61.98 - - [11/Jan/2021:05:20:55 +0100] "GET /images/mini_prod/1328399270088.jpg HTTP/1.0" 200 269 "http://www.wonder-geek.com/" "Mozilla/5.0 (Windows NT 10.0; Win64; x64) AppleWebKit/537.36 (KHTML, like Gecko) Chrome/80.0.3987.149 Safari/537.36"
39.104.61.98 - - [11/Jan/2021:05:20:55 +0100] "GET /images/mini_prod/8422010206777.jpg HTTP/1.0" 200 269 "http://www.wonder-geek.com/" "Mozilla/5.0 (Windows NT 10.0; Win64; x64) AppleWebKit/537.36 (KHTML, like Gecko) Chrome/80.0.3987.149 Safari/537.36"
39.104.61.98 - - [11/Jan/2021:05:20:55 +0100] "GET /images/mini_prod/3700281645446.jpg HTTP/1.0" 200 269 "http://www.wonder-geek.com/" "Mozilla/5.0 (Windows NT 10.0; Win64; x64) AppleWebKit/537.36 (KHTML, like Gecko) Chrome/80.0.3987.149 Safari/537.36"
39.104.61.98 - - [11/Jan/2021:05:20:55 +0100] "GET /images/mini_prod/8720088291047.jpg HTTP/1.0" 200 269 "http://www.wonder-geek.com/" "Mozilla/5.0 (Windows NT 10.0; Win64; x64) AppleWebKit/537.36 (KHTML, like Gecko) Chrome/80.0.3987.149 Safari/537.36"
39.104.61.98 - - [11/Jan/2021:05:20:55 +0100] "GET /images/mini_prod/8718375753538.jpg HTTP/1.0" 200 269 "http://www.wonder-geek.com/" "Mozilla/5.0 (Windows NT 10.0; Win64; x64) AppleWebKit/537.36 (KHTML, like Gecko) Chrome/80.0.3987.149 Safari/537.36"
39.104.61.98 - - [11/Jan/2021:05:20:56 +0100] "GET /images/mini_prod/8718375751268.jpg HTTP/1.0" 200 269 "http://www.wonder-geek.com/" "Mozilla/5.0 (Windows NT 10.0; Win64; x64) AppleWebKit/537.36 (KHTML, like Gecko) Chrome/80.0.3987.149 Safari/537.36"
39.104.61.98 - - [11/Jan/2021:05:20:56 +0100] "GET /images/mini_prod/3700281645354.jpg HTTP/1.0" 200 269 "http://www.wonder-geek.com/" "Mozilla/5.0 (Windows NT 10.0; Win64; x64) AppleWebKit/537.36 (KHTML, like Gecko) Chrome/80.0.3987.149 Safari/537.36"
39.104.61.98 - - [11/Jan/2021:05:20:56 +0100] "GET /images/mini_prod/8718375752906.jpg HTTP/1.0" 200 269 "http://www.wonder-geek.com/" "Mozilla/5.0 (Windows NT 10.0; Win64; x64) AppleWebKit/537.36 (KHTML, like Gecko) Chrome/80.0.3987.149 Safari/537.36"
39.104.61.98 - - [11/Jan/2021:05:20:57 +0100] "GET /images/mini_prod/3700281645460.jpg HTTP/1.0" 200 269 "http://www.wonder-geek.com/" "Mozilla/5.0 (Windows NT 10.0; Win64; x64) AppleWebKit/537.36 (KHTML, like Gecko) Chrome/80.0.3987.149 Safari/537.36"
39.104.61.98 - - [11/Jan/2021:05:20:57 +0100] "GET /images/mini_prod/8718375750308b.jpg HTTP/1.0" 200 270 "http://www.wonder-geek.com/" "Mozilla/5.0 (Windows NT 10.0; Win64; x64) AppleWebKit/537.36 (KHTML, like Gecko) Chrome/80.0.3987.149 Safari/537.36"
39.104.61.98 - - [11/Jan/2021:05:20:58 +0100] "GET /images/mini_prod/3609810091207.jpg HTTP/1.0" 200 269 "http://www.wonder-geek.com/" "Mozilla/5.0 (Windows NT 10.0; Win64; x64) AppleWebKit/537.36 (KHTML, like Gecko) Chrome/80.0.3987.149 Safari/537.36"
39.104.61.98 - - [11/Jan/2021:05:20:58 +0100] "GET /images/mini_prod/3700281645385.jpg HTTP/1.0" 200 269 "http://www.wonder-geek.com/" "Mozilla/5.0 (Windows NT 10.0; Win64; x64) AppleWebKit/537.36 (KHTML, like Gecko) Chrome/80.0.3987.149 Safari/537.36"
39.104.61.98 - - [11/Jan/2021:05:20:59 +0100] "GET /images/mini_prod/3700281645453.jpg HTTP/1.0" 200 269 "http://www.wonder-geek.com/" "Mozilla/5.0 (Windows NT 10.0; Win64; x64) AppleWebKit/537.36 (KHTML, like Gecko) Chrome/80.0.3987.149 Safari/537.36"
39.104.61.98 - - [11/Jan/2021:05:20:59 +0100] "GET /images/mini_prod/3609810091245.jpg HTTP/1.0" 200 269 "http://www.wonder-geek.com/" "Mozilla/5.0 (Windows NT 10.0; Win64; x64) AppleWebKit/537.36 (KHTML, like Gecko) Chrome/80.0.3987.149 Safari/537.36"
39.104.61.98 - - [11/Jan/2021:05:20:59 +0100] "GET /images/mini_prod/3700281647761.jpg HTTP/1.0" 200 269 "http://www.wonder-geek.com/" "Mozilla/5.0 (Windows NT 10.0; Win64; x64) AppleWebKit/537.36 (KHTML, like Gecko) Chrome/80.0.3987.149 Safari/537.36"
39.104.61.98 - - [11/Jan/2021:05:20:59 +0100] "GET /images/mini_prod/8718375753682.jpg HTTP/1.0" 200 269 "http://www.wonder-geek.com/" "Mozilla/5.0 (Windows NT 10.0; Win64; x64) AppleWebKit/537.36 (KHTML, like Gecko) Chrome/80.0.3987.149 Safari/537.36"
39.104.61.98 - - [11/Jan/2021:05:20:59 +0100] "GET /images/mini_prod/WU76787.jpg HTTP/1.0" 200 263 "http://www.wonder-geek.com/" "Mozilla/5.0 (Windows NT 10.0; Win64; x64) AppleWebKit/537.36 (KHTML, like Gecko) Chrome/80.0.3987.149 Safari/537.36"
39.104.61.98 - - [11/Jan/2021:05:21:00 +0100] "GET /images/mini_prod/8718375754344.jpg HTTP/1.0" 200 269 "http://www.wonder-geek.com/" "Mozilla/5.0 (Windows NT 10.0; Win64; x64) AppleWebKit/537.36 (KHTML, like Gecko) Chrome/80.0.3987.149 Safari/537.36"
39.104.61.98 - - [11/Jan/2021:05:21:00 +0100] "GET /images/mini_prod/3609810051980.jpg HTTP/1.0" 200 269 "http://www.wonder-geek.com/" "Mozilla/5.0 (Windows NT 10.0; Win64; x64) AppleWebKit/537.36 (KHTML, like Gecko) Chrome/80.0.3987.149 Safari/537.36"
39.104.61.98 - - [11/Jan/2021:05:21:00 +0100] "GET /images/mini_prod/3609810096370.jpg HTTP/1.0" 200 269 "http://www.wonder-geek.com/" "Mozilla/5.0 (Windows NT 10.0; Win64; x64) AppleWebKit/537.36 (KHTML, like Gecko) Chrome/80.0.3987.149 Safari/537.36"
39.104.61.98 - - [11/Jan/2021:05:21:00 +0100] "GET /images/mini_prod/8718375751381.jpg HTTP/1.0" 200 269 "http://www.wonder-geek.com/" "Mozilla/5.0 (Windows NT 10.0; Win64; x64) AppleWebKit/537.36 (KHTML, like Gecko) Chrome/80.0.3987.149 Safari/537.36"
39.104.61.98 - - [11/Jan/2021:05:21:01 +0100] "GET /images/mini_prod/Kandinsky.jpg HTTP/1.0" 200 265 "http://www.wonder-geek.com/" "Mozilla/5.0 (Windows NT 10.0; Win64; x64) AppleWebKit/537.36 (KHTML, like Gecko) Chrome/80.0.3987.149 Safari/537.36"
39.104.61.98 - - [11/Jan/2021:05:21:01 +0100] "GET /images/mini_prod/8422022523015.jpg HTTP/1.0" 200 269 "http://www.wonder-geek.com/" "Mozilla/5.0 (Windows NT 10.0; Win64; x64) AppleWebKit/537.36 (KHTML, like Gecko) Chrome/80.0.3987.149 Safari/537.36"
39.104.61.98 - - [11/Jan/2021:05:21:01 +0100] "GET /images/mini_prod/8422810093348.jpg HTTP/1.0" 200 269 "http://www.wonder-geek.com/" "Mozilla/5.0 (Windows NT 10.0; Win64; x64) AppleWebKit/537.36 (KHTML, like Gecko) Chrome/80.0.3987.149 Safari/537.36"
185.191.171.36 - - [11/Jan/2021:05:21:01 +0100] "GET /kimmidoll-doll-10-cm-sonomi-p-49801.html HTTP/1.0" 200 69276 "-" "Mozilla/5.0 (compatible; SemrushBot/7~bl; +http://www.semrush.com/bot.html)"
39.104.61.98 - - [11/Jan/2021:05:21:01 +0100] "GET /images/mini_prod/3609810093324.jpg HTTP/1.0" 200 269 "http://www.wonder-geek.com/" "Mozilla/5.0 (Windows NT 10.0; Win64; x64) AppleWebKit/537.36 (KHTML, like Gecko) Chrome/80.0.3987.149 Safari/537.36"
39.104.61.98 - - [11/Jan/2021:05:21:01 +0100] "GET /images/mini_prod/8720088295830.jpg HTTP/1.0" 200 269 "http://www.wonder-geek.com/" "Mozilla/5.0 (Windows NT 10.0; Win64; x64) AppleWebKit/537.36 (KHTML, like Gecko) Chrome/80.0.3987.149 Safari/537.36"
39.104.61.98 - - [11/Jan/2021:05:21:02 +0100] "GET /images/mini_prod/8720088295847.jpg HTTP/1.0" 200 269 "http://www.wonder-geek.com/" "Mozilla/5.0 (Windows NT 10.0; Win64; x64) AppleWebKit/537.36 (KHTML, like Gecko) Chrome/80.0.3987.149 Safari/537.36"
39.104.61.98 - - [11/Jan/2021:05:21:03 +0100] "GET /images/mini_prod/3665269007817.jpg HTTP/1.0" 200 269 "http://www.wonder-geek.com/" "Mozilla/5.0 (Windows NT 10.0; Win64; x64) AppleWebKit/537.36 (KHTML, like Gecko) Chrome/80.0.3987.149 Safari/537.36"
39.104.61.98 - - [11/Jan/2021:05:21:03 +0100] "GET /images/mini_prod/1345544936675.jpg HTTP/1.0" 200 269 "http://www.wonder-geek.com/" "Mozilla/5.0 (Windows NT 10.0; Win64; x64) AppleWebKit/537.36 (KHTML, like Gecko) Chrome/80.0.3987.149 Safari/537.36"
39.104.61.98 - - [11/Jan/2021:05:21:03 +0100] "GET /images/mini_prod/8718375752739b.jpg HTTP/1.0" 200 270 "http://www.wonder-geek.com/" "Mozilla/5.0 (Windows NT 10.0; Win64; x64) AppleWebKit/537.36 (KHTML, like Gecko) Chrome/80.0.3987.149 Safari/537.36"
39.104.61.98 - - [11/Jan/2021:05:21:03 +0100] "GET /images/mini_prod/8717202558889.jpg HTTP/1.0" 200 269 "http://www.wonder-geek.com/" "Mozilla/5.0 (Windows NT 10.0; Win64; x64) AppleWebKit/537.36 (KHTML, like Gecko) Chrome/80.0.3987.149 Safari/537.36"
39.104.61.98 - - [11/Jan/2021:05:21:03 +0100] "GET /images/mini_prod/1328399270460.jpg HTTP/1.0" 200 269 "http://www.wonder-geek.com/" "Mozilla/5.0 (Windows NT 10.0; Win64; x64) AppleWebKit/537.36 (KHTML, like Gecko) Chrome/80.0.3987.149 Safari/537.36"
39.104.61.98 - - [11/Jan/2021:05:21:04 +0100] "GET /images/mini_prod/3665269030662.jpg HTTP/1.0" 200 269 "http://www.wonder-geek.com/" "Mozilla/5.0 (Windows NT 10.0; Win64; x64) AppleWebKit/537.36 (KHTML, like Gecko) Chrome/80.0.3987.149 Safari/537.36"
39.104.61.98 - - [11/Jan/2021:05:21:04 +0100] "GET /images/mini_prod/8720088291078.jpg HTTP/1.0" 200 269 "http://www.wonder-geek.com/" "Mozilla/5.0 (Windows NT 10.0; Win64; x64) AppleWebKit/537.36 (KHTML, like Gecko) Chrome/80.0.3987.149 Safari/537.36"
39.104.61.98 - - [11/Jan/2021:05:21:04 +0100] "GET /images/mini_prod/WU75115.jpg HTTP/1.0" 200 263 "http://www.wonder-geek.com/" "Mozilla/5.0 (Windows NT 10.0; Win64; x64) AppleWebKit/537.36 (KHTML, like Gecko) Chrome/80.0.3987.149 Safari/537.36"
39.104.61.98 - - [11/Jan/2021:05:21:04 +0100] "GET /images/mini_prod/8422056789838.jpg HTTP/1.0" 200 269 "http://www.wonder-geek.com/" "Mozilla/5.0 (Windows NT 10.0; Win64; x64) AppleWebKit/537.36 (KHTML, like Gecko) Chrome/80.0.3987.149 Safari/537.36"
39.104.61.98 - - [11/Jan/2021:05:21:04 +0100] "GET /images/mini_prod/8718375750865.jpg HTTP/1.0" 200 269 "http://www.wonder-geek.com/" "Mozilla/5.0 (Windows NT 10.0; Win64; x64) AppleWebKit/537.36 (KHTML, like Gecko) Chrome/80.0.3987.149 Safari/537.36"
39.104.61.98 - - [11/Jan/2021:05:21:04 +0100] "GET /images/mini_prod/8720088295809.jpg HTTP/1.0" 200 269 "http://www.wonder-geek.com/" "Mozilla/5.0 (Windows NT 10.0; Win64; x64) AppleWebKit/537.36 (KHTML, like Gecko) Chrome/80.0.3987.149 Safari/537.36"
39.104.61.98 - - [11/Jan/2021:05:21:04 +0100] "GET /images/mini_prod/8718375755594.jpg HTTP/1.0" 200 269 "http://www.wonder-geek.com/" "Mozilla/5.0 (Windows NT 10.0; Win64; x64) AppleWebKit/537.36 (KHTML, like Gecko) Chrome/80.0.3987.149 Safari/537.36"
39.104.61.98 - - [11/Jan/2021:05:21:05 +0100] "GET /images/mini_prod/8720088291054.jpg HTTP/1.0" 200 269 "http://www.wonder-geek.com/" "Mozilla/5.0 (Windows NT 10.0; Win64; x64) AppleWebKit/537.36 (KHTML, like Gecko) Chrome/80.0.3987.149 Safari/537.36"
39.104.61.98 - - [11/Jan/2021:05:21:05 +0100] "GET /images/mini_prod/1328399270330.jpg HTTP/1.0" 200 269 "http://www.wonder-geek.com/" "Mozilla/5.0 (Windows NT 10.0; Win64; x64) AppleWebKit/537.36 (KHTML, like Gecko) Chrome/80.0.3987.149 Safari/537.36"
39.104.61.98 - - [11/Jan/2021:05:21:05 +0100] "GET /images/mini_prod/3665269030617.jpg HTTP/1.0" 200 269 "http://www.wonder-geek.com/" "Mozilla/5.0 (Windows NT 10.0; Win64; x64) AppleWebKit/537.36 (KHTML, like Gecko) Chrome/80.0.3987.149 Safari/537.36"
39.104.61.98 - - [11/Jan/2021:05:21:06 +0100] "GET /images/mini_prod/4542202653821.jpg HTTP/1.0" 200 269 "http://www.wonder-geek.com/" "Mozilla/5.0 (Windows NT 10.0; Win64; x64) AppleWebKit/537.36 (KHTML, like Gecko) Chrome/80.0.3987.149 Safari/537.36"
39.104.61.98 - - [11/Jan/2021:05:21:07 +0100] "GET /images/mini_prod/3700281645378.jpg HTTP/1.0" 200 269 "http://www.wonder-geek.com/" "Mozilla/5.0 (Windows NT 10.0; Win64; x64) AppleWebKit/537.36 (KHTML, like Gecko) Chrome/80.0.3987.149 Safari/537.36"
39.104.61.98 - - [11/Jan/2021:05:21:07 +0100] "GET /images/mini_prod/1328399270477.jpg HTTP/1.0" 200 269 "http://www.wonder-geek.com/" "Mozilla/5.0 (Windows NT 10.0; Win64; x64) AppleWebKit/537.36 (KHTML, like Gecko) Chrome/80.0.3987.149 Safari/537.36"
39.104.61.98 - - [11/Jan/2021:05:21:07 +0100] "GET /images/mini_prod/3700281647785.jpg HTTP/1.0" 200 269 "http://www.wonder-geek.com/" "Mozilla/5.0 (Windows NT 10.0; Win64; x64) AppleWebKit/537.36 (KHTML, like Gecko) Chrome/80.0.3987.149 Safari/537.36"
39.104.61.98 - - [11/Jan/2021:05:21:07 +0100] "GET /images/mini_prod/8422810051645.jpg HTTP/1.0" 200 269 "http://www.wonder-geek.com/" "Mozilla/5.0 (Windows NT 10.0; Win64; x64) AppleWebKit/537.36 (KHTML, like Gecko) Chrome/80.0.3987.149 Safari/537.36"
39.104.61.98 - - [11/Jan/2021:05:21:07 +0100] "GET /images/mini_prod/8718375755570.jpg HTTP/1.0" 200 269 "http://www.wonder-geek.com/" "Mozilla/5.0 (Windows NT 10.0; Win64; x64) AppleWebKit/537.36 (KHTML, like Gecko) Chrome/80.0.3987.149 Safari/537.36"
39.104.61.98 - - [11/Jan/2021:05:21:08 +0100] "GET /images/mini_prod/8718375752890b.jpg HTTP/1.0" 200 270 "http://www.wonder-geek.com/" "Mozilla/5.0 (Windows NT 10.0; Win64; x64) AppleWebKit/537.36 (KHTML, like Gecko) Chrome/80.0.3987.149 Safari/537.36"
39.104.61.98 - - [11/Jan/2021:05:21:08 +0100] "GET /images/mini_prod/8422022523008.jpg HTTP/1.0" 200 269 "http://www.wonder-geek.com/" "Mozilla/5.0 (Windows NT 10.0; Win64; x64) AppleWebKit/537.36 (KHTML, like Gecko) Chrome/80.0.3987.149 Safari/537.36"
39.104.61.98 - - [11/Jan/2021:05:21:08 +0100] "GET /images/mini_prod/a1328399270071.jpg HTTP/1.0" 200 270 "http://www.wonder-geek.com/" "Mozilla/5.0 (Windows NT 10.0; Win64; x64) AppleWebKit/537.36 (KHTML, like Gecko) Chrome/80.0.3987.149 Safari/537.36"
39.104.61.98 - - [11/Jan/2021:05:21:08 +0100] "GET /images/mini_prod/8718375752593.jpg HTTP/1.0" 200 269 "http://www.wonder-geek.com/" "Mozilla/5.0 (Windows NT 10.0; Win64; x64) AppleWebKit/537.36 (KHTML, like Gecko) Chrome/80.0.3987.149 Safari/537.36"
39.104.61.98 - - [11/Jan/2021:05:21:09 +0100] "GET /images/mini_prod/1962360000009.jpg HTTP/1.0" 200 269 "http://www.wonder-geek.com/" "Mozilla/5.0 (Windows NT 10.0; Win64; x64) AppleWebKit/537.36 (KHTML, like Gecko) Chrome/80.0.3987.149 Safari/537.36"
39.104.61.98 - - [11/Jan/2021:05:21:09 +0100] "GET /images/mini_prod/8422056789630.jpg HTTP/1.0" 200 269 "http://www.wonder-geek.com/" "Mozilla/5.0 (Windows NT 10.0; Win64; x64) AppleWebKit/537.36 (KHTML, like Gecko) Chrome/80.0.3987.149 Safari/537.36"
39.104.61.98 - - [11/Jan/2021:05:21:09 +0100] "GET /images/mini_prod/8718375755617.jpg HTTP/1.0" 200 269 "http://www.wonder-geek.com/" "Mozilla/5.0 (Windows NT 10.0; Win64; x64) AppleWebKit/537.36 (KHTML, like Gecko) Chrome/80.0.3987.149 Safari/537.36"
39.104.61.98 - - [11/Jan/2021:05:21:10 +0100] "GET /images/mini_prod/8719075391679.jpg HTTP/1.0" 200 269 "http://www.wonder-geek.com/" "Mozilla/5.0 (Windows NT 10.0; Win64; x64) AppleWebKit/537.36 (KHTML, like Gecko) Chrome/80.0.3987.149 Safari/537.36"
39.104.61.98 - - [11/Jan/2021:05:21:10 +0100] "GET /images/mini_prod/8422010206760.jpg HTTP/1.0" 200 269 "http://www.wonder-geek.com/" "Mozilla/5.0 (Windows NT 10.0; Win64; x64) AppleWebKit/537.36 (KHTML, like Gecko) Chrome/80.0.3987.149 Safari/537.36"
39.104.61.98 - - [11/Jan/2021:05:21:10 +0100] "GET /images/mini_prod/8422021418312.jpg HTTP/1.0" 200 269 "http://www.wonder-geek.com/" "Mozilla/5.0 (Windows NT 10.0; Win64; x64) AppleWebKit/537.36 (KHTML, like Gecko) Chrome/80.0.3987.149 Safari/537.36"
39.104.61.98 - - [11/Jan/2021:05:21:13 +0100] "GET /highslide/graphics/loader.white.gif HTTP/1.0" 200 960 "http://www.wonder-geek.com/templates/Pixame_v1/stylesheet.css" "Mozilla/5.0 (Windows NT 10.0; Win64; x64) AppleWebKit/537.36 (KHTML, like Gecko) Chrome/80.0.3987.149 Safari/537.36"
39.104.61.98 - - [11/Jan/2021:05:21:13 +0100] "GET /highslide/graphics/outlines/drop-shadow.png HTTP/1.0" 200 277 "http://www.wonder-geek.com/" "Mozilla/5.0 (Windows NT 10.0; Win64; x64) AppleWebKit/537.36 (KHTML, like Gecko) Chrome/80.0.3987.149 Safari/537.36"
39.104.61.98 - - [11/Jan/2021:05:21:13 +0100] "GET /highslide/graphics/zoomout.cur HTTP/1.0" 200 614 "http://www.wonder-geek.com/" "Mozilla/5.0 (Windows NT 10.0; Win64; x64) AppleWebKit/537.36 (KHTML, like Gecko) Chrome/80.0.3987.149 Safari/537.36"
207.46.13.229 - - [11/Jan/2021:05:21:23 +0100] "GET /images/8435306266867.jpg HTTP/1.0" 200 259 "-" "Mozilla/5.0 (compatible; bingbot/2.0; +http://www.bing.com/bingbot.htm)"
157.55.39.220 - - [11/Jan/2021:05:21:28 +0100] "GET /images/big_prod/8902276106245.jpg HTTP/1.0" 200 268 "-" "Mozilla/5.0 (compatible; bingbot/2.0; +http://www.bing.com/bingbot.htm)"
207.46.13.36 - - [11/Jan/2021:05:21:47 +0100] "GET /images/4220.jpg HTTP/1.0" 200 250 "-" "Mozilla/5.0 (compatible; bingbot/2.0; +http://www.bing.com/bingbot.htm)"
207.46.13.229 - - [11/Jan/2021:05:21:53 +0100] "GET /images/4025055993929.jpg HTTP/1.0" 200 259 "-" "Mozilla/5.0 (compatible; bingbot/2.0; +http://www.bing.com/bingbot.htm)"
185.191.171.19 - - [11/Jan/2021:05:22:12 +0100] "GET /atlantic-surf-spot-wooden-wall-decoration-to-hang-p-39679.html HTTP/1.0" 200 69378 "-" "Mozilla/5.0 (compatible; SemrushBot/7~bl; +http://www.semrush.com/bot.html)"
185.191.171.24 - - [11/Jan/2021:05:22:23 +0100] "GET /wooden-retro-chest-345-cm-p-50139.html HTTP/1.0" 200 69284 "-" "Mozilla/5.0 (compatible; SemrushBot/7~bl; +http://www.semrush.com/bot.html)"
185.191.171.40 - - [11/Jan/2021:05:22:36 +0100] "GET /eagle-black-tee-shirt-p-34205.html HTTP/1.0" 200 73754 "-" "Mozilla/5.0 (compatible; SemrushBot/7~bl; +http://www.semrush.com/bot.html)"
54.36.148.20 - - [11/Jan/2021:05:22:44 +0100] "GET /barbapapa-logo-messenger-bag-p-10500.html HTTP/1.0" 301 69259 "-" "Mozilla/5.0 (compatible; AhrefsBot/7.0; +http://ahrefs.com/robot/)"
207.46.13.26 - - [11/Jan/2021:05:23:05 +0100] "GET /images/1308421410057.jpg HTTP/1.0" 200 259 "-" "Mozilla/5.0 (compatible; bingbot/2.0; +http://www.bing.com/bingbot.htm)"
54.36.148.214 - - [11/Jan/2021:05:23:08 +0100] "GET /wall-decoration-in-wood-and-mdf-c-13_274.html HTTP/1.0" 200 92082 "-" "Mozilla/5.0 (compatible; AhrefsBot/7.0; +http://ahrefs.com/robot/)"
185.191.171.25 - - [11/Jan/2021:05:23:11 +0100] "GET /dishes-c-13_12.html?page=10 HTTP/1.0" 200 90000 "-" "Mozilla/5.0 (compatible; SemrushBot/7~bl; +http://www.semrush.com/bot.html)"
114.119.144.233 - - [11/Jan/2021:05:23:21 +0100] "GET /gingerbread-cake-dish-p-33301.html HTTP/1.0" 200 71805 "-" "Mozilla/5.0 (Linux; Android 7.0;) AppleWebKit/537.36 (KHTML, like Gecko) Mobile Safari/537.36 (compatible; PetalBot;+https://aspiegel.com/petalbot)"
185.191.171.6 - - [11/Jan/2021:05:23:23 +0100] "GET /dark-blue-adult-cotton-apron-p-44331.html HTTP/1.0" 200 71818 "-" "Mozilla/5.0 (compatible; SemrushBot/7~bl; +http://www.semrush.com/bot.html)"
157.55.39.110 - - [11/Jan/2021:05:23:32 +0100] "GET /images/big_prod/1384220059376.jpg HTTP/1.0" 200 268 "-" "Mozilla/5.0 (compatible; bingbot/2.0; +http://www.bing.com/bingbot.htm)"
185.191.171.7 - - [11/Jan/2021:05:23:34 +0100] "GET /stone-polychrome-jasper-100-110-grams-p-46581.html HTTP/1.0" 200 73172 "-" "Mozilla/5.0 (compatible; SemrushBot/7~bl; +http://www.semrush.com/bot.html)"
185.191.171.23 - - [11/Jan/2021:05:23:50 +0100] "GET /white-samsung-galaxy-note-paris-phone-cover-cbkreation-p-17254.html HTTP/1.0" 200 69420 "-" "Mozilla/5.0 (compatible; SemrushBot/7~bl; +http://www.semrush.com/bot.html)"
185.191.171.17 - - [11/Jan/2021:05:23:57 +0100] "GET /salvador-dali-butterfly-valentine-mug-p-39717.html HTTP/1.0" 200 69334 "-" "Mozilla/5.0 (compatible; SemrushBot/7~bl; +http://www.semrush.com/bot.html)"
185.191.171.17 - - [11/Jan/2021:05:23:59 +0100] "GET /harley-davidson-sugar-box-p-27958.html HTTP/1.0" 200 69282 "-" "Mozilla/5.0 (compatible; SemrushBot/7~bl; +http://www.semrush.com/bot.html)"
207.46.13.36 - - [11/Jan/2021:05:24:07 +0100] "GET /images/8714274565029.jpg HTTP/1.0" 200 259 "-" "Mozilla/5.0 (compatible; bingbot/2.0; +http://www.bing.com/bingbot.htm)"
185.191.171.3 - - [11/Jan/2021:05:24:17 +0100] "GET /fox-set-cups-espresso-p-45598.html HTTP/1.0" 200 71860 "-" "Mozilla/5.0 (compatible; SemrushBot/7~bl; +http://www.semrush.com/bot.html)"
185.191.171.4 - - [11/Jan/2021:05:24:27 +0100] "GET /unholy-messenger-bag-and-backpack-p-45785.html HTTP/1.0" 200 73496 "-" "Mozilla/5.0 (compatible; SemrushBot/7~bl; +http://www.semrush.com/bot.html)"
185.191.171.14 - - [11/Jan/2021:05:24:36 +0100] "GET /little-buddha-collection-mug-green-p-50251.html HTTP/1.0" 200 69306 "-" "Mozilla/5.0 (compatible; SemrushBot/7~bl; +http://www.semrush.com/bot.html)"
54.36.148.176 - - [11/Jan/2021:05:24:39 +0100] "GET /maison-parfumeur-bedclothes-240-220-cm-p-37848.html HTTP/1.0" 301 69259 "-" "Mozilla/5.0 (compatible; AhrefsBot/7.0; +http://ahrefs.com/robot/)"
207.46.13.239 - - [11/Jan/2021:05:24:51 +0100] "GET /images/med_prod/8435306265587.jpg HTTP/1.0" 200 268 "-" "Mozilla/5.0 (compatible; bingbot/2.0; +http://www.bing.com/bingbot.htm)"
40.77.167.56 - - [11/Jan/2021:05:25:16 +0100] "GET /images/med_prod/8435306288548.jpg HTTP/1.0" 200 268 "-" "Mozilla/5.0 (compatible; bingbot/2.0; +http://www.bing.com/bingbot.htm)"
40.77.167.56 - - [11/Jan/2021:05:25:26 +0100] "GET /images/big_prod/1341689438982.jpg HTTP/1.0" 200 268 "-" "Mozilla/5.0 (compatible; bingbot/2.0; +http://www.bing.com/bingbot.htm)"
185.191.171.9 - - [11/Jan/2021:05:25:52 +0100] "GET /bistrot-steel-sign-30-40-cm-p-47058.html HTTP/1.0" 200 69300 "-" "Mozilla/5.0 (compatible; SemrushBot/7~bl; +http://www.semrush.com/bot.html)"
185.191.171.42 - - [11/Jan/2021:05:26:11 +0100] "GET /dishes-c-12.html?page=47 HTTP/1.0" 200 89846 "-" "Mozilla/5.0 (compatible; SemrushBot/7~bl; +http://www.semrush.com/bot.html)"
207.46.13.229 - - [11/Jan/2021:05:26:22 +0100] "GET /images/med_prod/3457010951223.jpg HTTP/1.0" 200 268 "-" "Mozilla/5.0 (compatible; bingbot/2.0; +http://www.bing.com/bingbot.htm)"
185.191.171.35 - - [11/Jan/2021:05:26:35 +0100] "GET /teo-jasmin-chandelier-p-31376.html HTTP/1.0" 200 72013 "-" "Mozilla/5.0 (compatible; SemrushBot/7~bl; +http://www.semrush.com/bot.html)"
185.191.171.6 - - [11/Jan/2021:05:27:01 +0100] "GET /ben-10-pairs-of-socks-size-23-26-p-25679.html HTTP/1.0" 200 69349 "-" "Mozilla/5.0 (compatible; SemrushBot/7~bl; +http://www.semrush.com/bot.html)"
185.191.171.35 - - [11/Jan/2021:05:27:20 +0100] "GET /lighting-c-13_86.html HTTP/1.0" 200 94371 "-" "Mozilla/5.0 (compatible; SemrushBot/7~bl; +http://www.semrush.com/bot.html)"
185.191.171.8 - - [11/Jan/2021:05:27:28 +0100] "GET /industrial-retro-clock-in-aged-metal-165-175-cm-p-48586.html HTTP/1.0" 301 69486 "-" "Mozilla/5.0 (compatible; SemrushBot/7~bl; +http://www.semrush.com/bot.html)"
185.191.171.25 - - [11/Jan/2021:05:27:30 +0100] "GET /industrial-retro-clock-in-aged-metal-20-17-cm-p-48586.html HTTP/1.0" 200 69374 "-" "Mozilla/5.0 (compatible; SemrushBot/7~bl; +http://www.semrush.com/bot.html)"
185.191.171.3 - - [11/Jan/2021:05:27:32 +0100] "GET /box-little-stars-birth-p-33522.html HTTP/1.0" 200 69270 "-" "Mozilla/5.0 (compatible; SemrushBot/7~bl; +http://www.semrush.com/bot.html)"
114.119.145.117 - - [11/Jan/2021:05:27:37 +0100] "GET /images/big_prod_1/8720088292686a.jpg HTTP/1.0" 200 271 "-" "Mozilla/5.0 (Linux; Android 7.0;) AppleWebKit/537.36 (KHTML, like Gecko) Mobile Safari/537.36 (compatible; PetalBot;+https://aspiegel.com/petalbot)"
54.36.148.129 - - [11/Jan/2021:05:27:49 +0100] "GET /table-setting-c-97_99.html HTTP/1.0" 200 79502 "-" "Mozilla/5.0 (compatible; AhrefsBot/7.0; +http://ahrefs.com/robot/)"
66.249.66.66 - - [11/Jan/2021:05:27:51 +0100] "GET /shirts-and-sweatshirts-women-c-53_55.html HTTP/1.0" 200 93149 "-" "Mozilla/5.0 (Linux; Android 6.0.1; Nexus 5X Build/MMB29P) AppleWebKit/537.36 (KHTML, like Gecko) Chrome/87.0.4280.90 Mobile Safari/537.36 (compatible; Googlebot/2.1; +http://www.google.com/bot.html)"
185.191.171.8 - - [11/Jan/2021:05:27:53 +0100] "GET /lighting-c-13_86.html?page=18 HTTP/1.0" 200 93589 "-" "Mozilla/5.0 (compatible; SemrushBot/7~bl; +http://www.semrush.com/bot.html)"
185.191.171.5 - - [11/Jan/2021:05:27:56 +0100] "GET /embossed-large-handbag-new-heights-p-32781.html HTTP/1.0" 200 69322 "-" "Mozilla/5.0 (compatible; SemrushBot/7~bl; +http://www.semrush.com/bot.html)"
185.191.171.22 - - [11/Jan/2021:05:27:58 +0100] "GET /marilyn-monroe-the-seven-year-itch-mirror-p-29037.html HTTP/1.0" 200 71952 "-" "Mozilla/5.0 (compatible; SemrushBot/7~bl; +http://www.semrush.com/bot.html)"
185.191.171.41 - - [11/Jan/2021:05:28:04 +0100] "GET /home-and-decoration-c-13.html?page=151 HTTP/1.0" 200 92199 "-" "Mozilla/5.0 (compatible; SemrushBot/7~bl; +http://www.semrush.com/bot.html)"
185.191.171.35 - - [11/Jan/2021:05:28:06 +0100] "GET /bilbao-coated-tablecloth-blue-p-45348.html HTTP/1.0" 200 71946 "-" "Mozilla/5.0 (compatible; SemrushBot/7~bl; +http://www.semrush.com/bot.html)"
185.191.171.21 - - [11/Jan/2021:05:28:08 +0100] "GET /lu-petit-beurre-nantais-mini-metal-tray-p-40092.html HTTP/1.0" 200 72039 "-" "Mozilla/5.0 (compatible; SemrushBot/7~bl; +http://www.semrush.com/bot.html)"
207.46.13.229 - - [11/Jan/2021:05:28:14 +0100] "GET /images/8435306241260.jpg HTTP/1.0" 200 259 "-" "Mozilla/5.0 (compatible; bingbot/2.0; +http://www.bing.com/bingbot.htm)"
185.191.171.25 - - [11/Jan/2021:05:28:18 +0100] "GET /star-wars-yoda-stackable-lunch-set-p-34030.html HTTP/1.0" 200 72060 "-" "Mozilla/5.0 (compatible; SemrushBot/7~bl; +http://www.semrush.com/bot.html)"
207.46.13.36 - - [11/Jan/2021:05:28:26 +0100] "GET /images/med_prod/1384010176313.jpg HTTP/1.0" 200 268 "-" "Mozilla/5.0 (compatible; bingbot/2.0; +http://www.bing.com/bingbot.htm)"
185.191.171.36 - - [11/Jan/2021:05:28:41 +0100] "GET /small-box-for-baby-teeth-irina-p-45387.html HTTP/1.0" 200 69290 "-" "Mozilla/5.0 (compatible; SemrushBot/7~bl; +http://www.semrush.com/bot.html)"
185.191.171.38 - - [11/Jan/2021:05:28:53 +0100] "GET /yoga-lotus-anjali-mudra-statuette-p-51727.html HTTP/1.0" 200 71968 "-" "Mozilla/5.0 (compatible; SemrushBot/7~bl; +http://www.semrush.com/bot.html)"
13.66.139.153 - - [11/Jan/2021:05:29:14 +0100] "GET /boys-c-2.html?page=8 HTTP/1.0" 200 89357 "-" "Mozilla/5.0 (compatible; bingbot/2.0; +http://www.bing.com/bingbot.htm)"
185.191.171.5 - - [11/Jan/2021:05:29:51 +0100] "GET /statue-the-white-bear-of-francois-pompon-65-cm-p-48518.html HTTP/1.0" 200 72743 "-" "Mozilla/5.0 (compatible; SemrushBot/7~bl; +http://www.semrush.com/bot.html)"
157.55.39.220 - - [11/Jan/2021:05:29:59 +0100] "GET /images/230908_204027_PEEL_MwGfcs.jpg HTTP/1.0" 200 271 "-" "Mozilla/5.0 (compatible; bingbot/2.0; +http://www.bing.com/bingbot.htm)"
207.46.13.26 - - [11/Jan/2021:05:30:14 +0100] "GET /swfobject.js HTTP/1.0" 404 1308 "-" "Mozilla/5.0 (compatible; bingbot/2.0; +http://www.bing.com/bingbot.htm)"
207.46.13.26 - - [11/Jan/2021:05:30:14 +0100] "GET /swfobject.js HTTP/1.0" 404 1308 "-" "Mozilla/5.0 (compatible; bingbot/2.0; +http://www.bing.com/bingbot.htm)"
185.191.171.1 - - [11/Jan/2021:05:30:16 +0100] "GET /ayana-kimmidoll-dolls-10-cm-p-21691.html HTTP/1.0" 200 69290 "-" "Mozilla/5.0 (compatible; SemrushBot/7~bl; +http://www.semrush.com/bot.html)"
40.77.167.56 - - [11/Jan/2021:05:30:21 +0100] "GET /images/8430269357751.jpg HTTP/1.0" 200 259 "-" "Mozilla/5.0 (compatible; bingbot/2.0; +http://www.bing.com/bingbot.htm)"
40.77.167.56 - - [11/Jan/2021:05:30:22 +0100] "GET /mickey-mouse-glass-p-17151.html HTTP/1.0" 200 69254 "-" "Mozilla/5.0 (compatible; bingbot/2.0; +http://www.bing.com/bingbot.htm)"
185.191.171.25 - - [11/Jan/2021:05:30:57 +0100] "GET /wax-melt-warmer-sun-p-46882.html HTTP/1.0" 200 72487 "-" "Mozilla/5.0 (compatible; SemrushBot/7~bl; +http://www.semrush.com/bot.html)"
185.191.171.6 - - [11/Jan/2021:05:30:59 +0100] "GET /specials.php?page=37 HTTP/1.0" 200 129975 "-" "Mozilla/5.0 (compatible; SemrushBot/7~bl; +http://www.semrush.com/bot.html)"
185.191.171.10 - - [11/Jan/2021:05:31:10 +0100] "GET /the-kiss-statue-by-rodin-95-cm-p-46887.html HTTP/1.0" 200 72785 "-" "Mozilla/5.0 (compatible; SemrushBot/7~bl; +http://www.semrush.com/bot.html)"
192.0.102.50 - - [11/Jan/2021:05:31:12 +0100] "GET /images/big_prod/4012390388299.jpg HTTP/1.0" 200 268 "-" "Photon/1.0"
185.191.171.7 - - [11/Jan/2021:05:31:26 +0100] "GET /retro-industriel-chandelier-p-37256.html HTTP/1.0" 200 71926 "-" "Mozilla/5.0 (compatible; SemrushBot/7~bl; +http://www.semrush.com/bot.html)"
185.191.171.41 - - [11/Jan/2021:05:31:29 +0100] "GET /expresso-set-rugby-p-24311.html HTTP/1.0" 200 72230 "-" "Mozilla/5.0 (compatible; SemrushBot/7~bl; +http://www.semrush.com/bot.html)"
185.191.171.44 - - [11/Jan/2021:05:31:40 +0100] "GET /hedgehogs-set-cups-espresso-p-42257.html HTTP/1.0" 200 71869 "-" "Mozilla/5.0 (compatible; SemrushBot/7~bl; +http://www.semrush.com/bot.html)"
185.191.171.15 - - [11/Jan/2021:05:31:45 +0100] "GET /scents-of-provence-teapot-p-52686.html HTTP/1.0" 200 71840 "-" "Mozilla/5.0 (compatible; SemrushBot/7~bl; +http://www.semrush.com/bot.html)"
185.191.171.1 - - [11/Jan/2021:05:31:54 +0100] "GET /kimmidoll-keyring-p-44092.html HTTP/1.0" 200 69268 "-" "Mozilla/5.0 (compatible; SemrushBot/7~bl; +http://www.semrush.com/bot.html)"
