103.131.71.19 - - [11/Jan/2021:23:01:59 +0100] "GET /images/big_prod/3014627944958.jpg HTTP/1.0" 200 268 "-" "Mozilla/5.0 (compatible; coccocbot-image/1.0; +http://help.coccoc.com/searchengine)"
185.191.171.4 - - [11/Jan/2021:23:02:04 +0100] "GET /chair-cushion-with-fringes-beige-p-48316.html HTTP/1.0" 200 72502 "-" "Mozilla/5.0 (compatible; SemrushBot/7~bl; +http://www.semrush.com/bot.html)"
13.66.139.153 - - [11/Jan/2021:23:02:34 +0100] "GET /hats-and-caps-c-1_44.html HTTP/1.0" 200 90721 "-" "Mozilla/5.0 (compatible; bingbot/2.0; +http://www.bing.com/bingbot.htm)"
185.191.171.38 - - [11/Jan/2021:23:02:35 +0100] "GET /bolster-case-45-185-cm-red-p-36450.html HTTP/1.0" 200 72087 "-" "Mozilla/5.0 (compatible; SemrushBot/7~bl; +http://www.semrush.com/bot.html)"
66.249.66.64 - - [11/Jan/2021:23:02:40 +0100] "GET /union-jack-flag-italian-vintage-car-clock-30-cm-p-33378.html HTTP/1.0" 200 72068 "-" "Mozilla/5.0 (Linux; Android 6.0.1; Nexus 5X Build/MMB29P) AppleWebKit/537.36 (KHTML, like Gecko) Chrome/87.0.4280.90 Mobile Safari/537.36 (compatible; Googlebot/2.1; +http://www.google.com/bot.html)"
185.191.171.35 - - [11/Jan/2021:23:02:53 +0100] "GET /adults-c-53.html?page=5 HTTP/1.0" 200 90657 "-" "Mozilla/5.0 (compatible; SemrushBot/7~bl; +http://www.semrush.com/bot.html)"
185.191.171.15 - - [11/Jan/2021:23:02:58 +0100] "GET /dubout-cats-white-ceramic-plate-p-40048.html HTTP/1.0" 200 69306 "-" "Mozilla/5.0 (compatible; SemrushBot/7~bl; +http://www.semrush.com/bot.html)"
54.36.149.4 - - [11/Jan/2021:23:03:11 +0100] "GET /aperophiles-cubis-door-in-wood-liters-p-47688.html HTTP/1.0" 200 71975 "-" "Mozilla/5.0 (compatible; AhrefsBot/7.0; +http://ahrefs.com/robot/)"
185.191.171.35 - - [11/Jan/2021:23:03:13 +0100] "GET /owls-mug-p-27604.html HTTP/1.0" 200 69214 "-" "Mozilla/5.0 (compatible; SemrushBot/7~bl; +http://www.semrush.com/bot.html)"
185.191.171.38 - - [11/Jan/2021:23:03:38 +0100] "GET /star-wars-poe-dameron-figure-p-34608.html HTTP/1.0" 200 72068 "-" "Mozilla/5.0 (compatible; SemrushBot/7~bl; +http://www.semrush.com/bot.html)"
185.191.171.7 - - [11/Jan/2021:23:03:49 +0100] "GET /andorra-mousepad-by-cbkreation-p-36710.html HTTP/1.0" 200 71922 "-" "Mozilla/5.0 (compatible; SemrushBot/7~bl; +http://www.semrush.com/bot.html)"
185.191.171.24 - - [11/Jan/2021:23:04:29 +0100] "GET /cat-and-birds-small-ashtray-p-45762.html HTTP/1.0" 200 71869 "-" "Mozilla/5.0 (compatible; SemrushBot/7~bl; +http://www.semrush.com/bot.html)"
51.68.224.127 - - [11/Jan/2021:23:05:10 +0100] "GET /adminweb/export_orders_xml.php?token=256de2z6edz6ed2z6DFSFsed2zed6zeDSFDSGdzedezfzf&maxorders=10&orderstart=1&status=14&start_date=2018-10-01 HTTP/1.0" 200 285 "-" "GesCom CharlotteBoutik Serveur"
51.68.224.127 - - [11/Jan/2021:23:05:10 +0100] "GET /adminweb/export_orders_xml.php?token=256de2z6edz6ed2z6DFSFsed2zed6zeDSFDSGdzedezfzf&maxorders=10&orderstart=1&status=6&start_date=2018-10-01 HTTP/1.0" 200 29990 "-" "GesCom CharlotteBoutik Serveur"
185.191.171.18 - - [11/Jan/2021:23:05:19 +0100] "GET /teo-jasmin-cowboy-pencil-case-p-35965.html HTTP/1.0" 200 71971 "-" "Mozilla/5.0 (compatible; SemrushBot/7~bl; +http://www.semrush.com/bot.html)"
185.191.171.26 - - [11/Jan/2021:23:05:27 +0100] "GET /grey-polyvinyl-messenger-bag-p-48747.html HTTP/1.0" 200 72021 "-" "Mozilla/5.0 (compatible; SemrushBot/7~bl; +http://www.semrush.com/bot.html)"
185.191.171.40 - - [11/Jan/2021:23:05:29 +0100] "GET /corsica-metal-plate-deco-p-50943.html HTTP/1.0" 200 71843 "-" "Mozilla/5.0 (compatible; SemrushBot/7~bl; +http://www.semrush.com/bot.html)"
185.191.171.33 - - [11/Jan/2021:23:05:32 +0100] "GET /soft-toys-security-blanket-c-4_46.html?page=5 HTTP/1.0" 200 92005 "-" "Mozilla/5.0 (compatible; SemrushBot/7~bl; +http://www.semrush.com/bot.html)"
114.119.129.36 - - [11/Jan/2021:23:05:36 +0100] "GET /images/3661443610439.jpg HTTP/1.0" 200 259 "-" "Mozilla/5.0 (Linux; Android 7.0;) AppleWebKit/537.36 (KHTML, like Gecko) Mobile Safari/537.36 (compatible; PetalBot;+https://aspiegel.com/petalbot)"
66.249.66.196 - - [11/Jan/2021:23:05:44 +0100] "GET /johnny-hallyday-wooden-clock-p-8249.html HTTP/1.0" 200 71605 "-" "Mozilla/5.0 (Linux; Android 6.0.1; Nexus 5X Build/MMB29P) AppleWebKit/537.36 (KHTML, like Gecko) Chrome/87.0.4280.90 Mobile Safari/537.36 (compatible; Googlebot/2.1; +http://www.google.com/bot.html)"
185.191.171.25 - - [11/Jan/2021:23:06:11 +0100] "GET /retro-wooden-motorcycle-riders-frame-to-hang-p-46409.html HTTP/1.0" 200 72122 "-" "Mozilla/5.0 (compatible; SemrushBot/7~bl; +http://www.semrush.com/bot.html)"
185.191.171.43 - - [11/Jan/2021:23:06:22 +0100] "GET /hello-kitty-swimming-armband-p-20701.html HTTP/1.0" 200 69323 "-" "Mozilla/5.0 (compatible; SemrushBot/7~bl; +http://www.semrush.com/bot.html)"
185.191.171.39 - - [11/Jan/2021:23:06:30 +0100] "GET /vache-qui-rit-metal-tray-30-cm-p-49716.html HTTP/1.0" 200 71950 "-" "Mozilla/5.0 (compatible; SemrushBot/7~bl; +http://www.semrush.com/bot.html)"
185.191.171.25 - - [11/Jan/2021:23:06:48 +0100] "GET /cactus-cats-potholder-and-glove-set-p-45321.html HTTP/1.0" 200 71955 "-" "Mozilla/5.0 (compatible; SemrushBot/7~bl; +http://www.semrush.com/bot.html)"
66.249.66.136 - - [11/Jan/2021:23:07:03 +0100] "GET /round-mirror-hanging-indian-spirit-p-44036.html HTTP/1.0" 200 71904 "-" "Mozilla/5.0 (Linux; Android 6.0.1; Nexus 5X Build/MMB29P) AppleWebKit/537.36 (KHTML, like Gecko) Chrome/87.0.4280.90 Mobile Safari/537.36 (compatible; Googlebot/2.1; +http://www.google.com/bot.html)"
13.66.139.153 - - [11/Jan/2021:23:07:07 +0100] "GET /socks-c-1_141.html HTTP/1.0" 200 78234 "-" "Mozilla/5.0 (compatible; bingbot/2.0; +http://www.bing.com/bingbot.htm)"
185.191.171.17 - - [11/Jan/2021:23:07:08 +0100] "GET /pillow-case-65-65-cm-white-p-39126.html HTTP/1.0" 200 72089 "-" "Mozilla/5.0 (compatible; SemrushBot/7~bl; +http://www.semrush.com/bot.html)"
157.55.39.220 - - [11/Jan/2021:23:07:11 +0100] "GET /cats-in-love-oven-mitt-p-43813.html HTTP/1.0" 200 71837 "-" "Mozilla/5.0 (compatible; bingbot/2.0; +http://www.bing.com/bingbot.htm)"
66.249.66.64 - - [11/Jan/2021:23:07:15 +0100] "GET /decoration-hedgehog-in-beige-resin-p-45435.html HTTP/1.0" 200 71967 "-" "Mozilla/5.0 (Linux; Android 6.0.1; Nexus 5X Build/MMB29P) AppleWebKit/537.36 (KHTML, like Gecko) Chrome/87.0.4280.90 Mobile Safari/537.36 (compatible; Googlebot/2.1; +http://www.google.com/bot.html)"
185.191.171.36 - - [11/Jan/2021:23:07:16 +0100] "GET /home-and-decoration-c-13.html?page=110 HTTP/1.0" 200 91509 "-" "Mozilla/5.0 (compatible; SemrushBot/7~bl; +http://www.semrush.com/bot.html)"
185.191.171.20 - - [11/Jan/2021:23:07:27 +0100] "GET /bolster-case-in-cotton-percale-80-threads-43-190-cm-p-53220.html HTTP/1.0" 200 72171 "-" "Mozilla/5.0 (compatible; SemrushBot/7~bl; +http://www.semrush.com/bot.html)"
185.191.171.8 - - [11/Jan/2021:23:07:30 +0100] "GET /trunk-suitcase-66-cm-p-49048.html HTTP/1.0" 200 69262 "-" "Mozilla/5.0 (compatible; SemrushBot/7~bl; +http://www.semrush.com/bot.html)"
54.36.149.77 - - [11/Jan/2021:23:07:39 +0100] "GET /corsica-metal-plate-p-52528.html HTTP/1.0" 200 71804 "-" "Mozilla/5.0 (compatible; AhrefsBot/7.0; +http://ahrefs.com/robot/)"
185.191.171.13 - - [11/Jan/2021:23:08:06 +0100] "GET /buddha-small-notebook-model-p-38473.html HTTP/1.0" 200 71989 "-" "Mozilla/5.0 (compatible; SemrushBot/7~bl; +http://www.semrush.com/bot.html)"
185.191.171.45 - - [11/Jan/2021:23:08:54 +0100] "GET /yoga-bolster-or-meditation-cushion-4th-chakra-anahata-p-45368.html HTTP/1.0" 200 73183 "-" "Mozilla/5.0 (compatible; SemrushBot/7~bl; +http://www.semrush.com/bot.html)"
185.191.171.26 - - [11/Jan/2021:23:09:00 +0100] "GET /game-of-thrones-poster-p-28284.html HTTP/1.0" 200 69293 "-" "Mozilla/5.0 (compatible; SemrushBot/7~bl; +http://www.semrush.com/bot.html)"
185.191.171.13 - - [11/Jan/2021:23:09:03 +0100] "GET /little-buddha-collection-mug-blue-p-46056.html HTTP/1.0" 200 69333 "-" "Mozilla/5.0 (compatible; SemrushBot/7~bl; +http://www.semrush.com/bot.html)"
185.191.171.17 - - [11/Jan/2021:23:09:11 +0100] "GET /east-asian-goddess-statuette-p-50073.html HTTP/1.0" 200 72740 "-" "Mozilla/5.0 (compatible; SemrushBot/7~bl; +http://www.semrush.com/bot.html)"
66.249.66.33 - - [11/Jan/2021:23:09:14 +0100] "GET /-i-17.html HTTP/1.0" 200 98349 "-" "Mozilla/5.0 (compatible; Googlebot/2.1; +http://www.google.com/bot.html)"
157.55.39.220 - - [11/Jan/2021:23:09:15 +0100] "GET /decorations/mirror/coca-cola-mirror-p-24225.html HTTP/1.0" 301 607 "-" "Mozilla/5.0 (compatible; bingbot/2.0; +http://www.bing.com/bingbot.htm)"
13.66.139.2 - - [11/Jan/2021:23:09:17 +0100] "GET /water-and-outdoor-games-c-4_143.html HTTP/1.0" 200 91285 "-" "Mozilla/5.0 (compatible; bingbot/2.0; +http://www.bing.com/bingbot.htm)"
185.191.171.12 - - [11/Jan/2021:23:09:41 +0100] "GET /red-lamp-spirit-70-usb-charger-p-34692.html HTTP/1.0" 200 72059 "-" "Mozilla/5.0 (compatible; SemrushBot/7~bl; +http://www.semrush.com/bot.html)"
185.191.171.4 - - [11/Jan/2021:23:09:46 +0100] "GET /disney-showcase-christmas-belle-figurine-and-chip-p-41974.html HTTP/1.0" 200 72659 "-" "Mozilla/5.0 (compatible; SemrushBot/7~bl; +http://www.semrush.com/bot.html)"
185.191.171.20 - - [11/Jan/2021:23:10:00 +0100] "GET /stones-rock-crystal-100-110-grams-p-46609.html HTTP/1.0" 200 73259 "-" "Mozilla/5.0 (compatible; SemrushBot/7~bl; +http://www.semrush.com/bot.html)"
114.119.151.113 - - [11/Jan/2021:23:10:02 +0100] "GET /images/mini_prod/8422012314449.jpg HTTP/1.0" 200 269 "-" "Mozilla/5.0 (Linux; Android 7.0;) AppleWebKit/537.36 (KHTML, like Gecko) Mobile Safari/537.36 (compatible; PetalBot;+https://aspiegel.com/petalbot)"
185.191.171.38 - - [11/Jan/2021:23:10:47 +0100] "GET /paris-adore-mini-mug-p-44935.html HTTP/1.0" 200 71816 "-" "Mozilla/5.0 (compatible; SemrushBot/7~bl; +http://www.semrush.com/bot.html)"
66.249.66.136 - - [11/Jan/2021:23:11:02 +0100] "GET /calimero-mousepad-p-31836.html HTTP/1.0" 200 71781 "-" "Mozilla/5.0 (Linux; Android 6.0.1; Nexus 5X Build/MMB29P) AppleWebKit/537.36 (KHTML, like Gecko) Chrome/87.0.4280.90 Mobile Safari/537.36 (compatible; Googlebot/2.1; +http://www.google.com/bot.html)"
185.191.171.20 - - [11/Jan/2021:23:11:14 +0100] "GET /love-personnalized-ipad-pink-shell-p-17685.html HTTP/1.0" 200 72190 "-" "Mozilla/5.0 (compatible; SemrushBot/7~bl; +http://www.semrush.com/bot.html)"
185.191.171.3 - - [11/Jan/2021:23:11:36 +0100] "GET /punisher-figure-p-23425.html HTTP/1.0" 200 71961 "-" "Mozilla/5.0 (compatible; SemrushBot/7~bl; +http://www.semrush.com/bot.html)"
185.191.171.24 - - [11/Jan/2021:23:11:39 +0100] "GET /white-ceramic-dish-little-prince-p-52500.html HTTP/1.0" 200 71887 "-" "Mozilla/5.0 (compatible; SemrushBot/7~bl; +http://www.semrush.com/bot.html)"
54.36.148.87 - - [11/Jan/2021:23:11:49 +0100] "GET /cold-beer-retro-ottoman-storage-box-40-cm-p-40927.html HTTP/1.0" 200 72098 "-" "Mozilla/5.0 (compatible; AhrefsBot/7.0; +http://ahrefs.com/robot/)"
66.249.66.62 - - [11/Jan/2021:23:11:58 +0100] "GET /-p-12997.html HTTP/1.0" 200 69192 "-" "Mozilla/5.0 (Linux; Android 6.0.1; Nexus 5X Build/MMB29P) AppleWebKit/537.36 (KHTML, like Gecko) Chrome/87.0.4280.90 Mobile Safari/537.36 (compatible; Googlebot/2.1; +http://www.google.com/bot.html)"
185.191.171.8 - - [11/Jan/2021:23:12:21 +0100] "GET /black-retro-alarm-clock-p-50205.html HTTP/1.0" 200 69274 "-" "Mozilla/5.0 (compatible; SemrushBot/7~bl; +http://www.semrush.com/bot.html)"
185.191.171.24 - - [11/Jan/2021:23:12:33 +0100] "GET /corsica-white-mug-p-43554.html HTTP/1.0" 200 71787 "-" "Mozilla/5.0 (compatible; SemrushBot/7~bl; +http://www.semrush.com/bot.html)"
185.191.171.42 - - [11/Jan/2021:23:12:46 +0100] "GET /peas-russian-doll-small-cushion-by-cbkreation-p-18571.html HTTP/1.0" 200 72266 "-" "Mozilla/5.0 (compatible; SemrushBot/7~bl; +http://www.semrush.com/bot.html)"
13.66.139.64 - - [11/Jan/2021:23:12:56 +0100] "GET /chairs-and-stools-c-13_207.html HTTP/1.0" 200 77897 "-" "Mozilla/5.0 (compatible; bingbot/2.0; +http://www.bing.com/bingbot.htm)"
185.191.171.20 - - [11/Jan/2021:23:13:04 +0100] "GET /pot-retro-glass-cleaning-day-happy-time-small-model-12-cm-p-41248.html HTTP/1.0" 200 72121 "-" "Mozilla/5.0 (compatible; SemrushBot/7~bl; +http://www.semrush.com/bot.html)"
185.191.171.25 - - [11/Jan/2021:23:13:23 +0100] "GET /little-mariners-bowl-p-38769.html HTTP/1.0" 200 71791 "-" "Mozilla/5.0 (compatible; SemrushBot/7~bl; +http://www.semrush.com/bot.html)"
185.191.171.39 - - [11/Jan/2021:23:13:29 +0100] "GET /star-wars-kylo-ren-little-suitcase-p-34775.html HTTP/1.0" 200 69318 "-" "Mozilla/5.0 (compatible; SemrushBot/7~bl; +http://www.semrush.com/bot.html)"
73.250.131.47 - - [11/Jan/2021:23:13:58 +0100] "GET /images/5013138634622.jpg HTTP/1.0" 200 259 "-" "Mozilla/5.0 (Macintosh; Intel Mac OS X 10_15_6) AppleWebKit/605.1.15 (KHTML, like Gecko) Version/14.0.2 Safari/605.1.15"
185.191.171.4 - - [11/Jan/2021:23:14:11 +0100] "GET /scooter-green-girly-keyring-p-28752.html HTTP/1.0" 200 71854 "-" "Mozilla/5.0 (compatible; SemrushBot/7~bl; +http://www.semrush.com/bot.html)"
114.119.130.202 - - [11/Jan/2021:23:14:18 +0100] "GET /images/big_prod/8422019067492.jpg HTTP/1.0" 200 268 "-" "Mozilla/5.0 (Linux; Android 7.0;) AppleWebKit/537.36 (KHTML, like Gecko) Mobile Safari/537.36 (compatible; PetalBot;+https://aspiegel.com/petalbot)"
185.191.171.3 - - [11/Jan/2021:23:14:23 +0100] "GET /eyelet-curtain-135-240-cm-p-52357.html HTTP/1.0" 200 74032 "-" "Mozilla/5.0 (compatible; SemrushBot/7~bl; +http://www.semrush.com/bot.html)"
185.191.171.10 - - [11/Jan/2021:23:14:26 +0100] "GET /happy-life-wall-decor-30-57-cm-p-47925.html?action=add_product HTTP/1.0" 302 476 "-" "Mozilla/5.0 (compatible; SemrushBot/7~bl; +http://www.semrush.com/bot.html)"
157.55.39.220 - - [11/Jan/2021:23:14:35 +0100] "GET /highslide/highslide.js HTTP/1.0" 200 262 "-" "Mozilla/5.0 (compatible; bingbot/2.0; +http://www.bing.com/bingbot.htm)"
66.249.66.36 - - [11/Jan/2021:23:14:51 +0100] "GET /cuba-cork-coaster-p-40268.html HTTP/1.0" 200 71761 "-" "Mozilla/5.0 (Linux; Android 6.0.1; Nexus 5X Build/MMB29P) AppleWebKit/537.36 (KHTML, like Gecko) Chrome/87.0.4280.90 Mobile Safari/537.36 (compatible; Googlebot/2.1; +http://www.google.com/bot.html)"
185.191.171.39 - - [11/Jan/2021:23:15:23 +0100] "GET /create-your-dino-world-colouring-book-p-29699.html HTTP/1.0" 200 69334 "-" "Mozilla/5.0 (compatible; SemrushBot/7~bl; +http://www.semrush.com/bot.html)"
185.191.171.37 - - [11/Jan/2021:23:15:39 +0100] "GET /yoga-statuette-utthita-parsvakonasana-side-angle-posture-p-50077.html HTTP/1.0" 200 69410 "-" "Mozilla/5.0 (compatible; SemrushBot/7~bl; +http://www.semrush.com/bot.html)"
185.191.171.20 - - [11/Jan/2021:23:15:44 +0100] "GET /tea-for-one-little-hearts-p-52288.html HTTP/1.0" 200 72465 "-" "Mozilla/5.0 (compatible; SemrushBot/7~bl; +http://www.semrush.com/bot.html)"
185.191.171.25 - - [11/Jan/2021:23:15:49 +0100] "GET /glitter-adhesive-roll-45-150-cm-parma-p-52235.html HTTP/1.0" 200 72184 "-" "Mozilla/5.0 (compatible; SemrushBot/7~bl; +http://www.semrush.com/bot.html)"
54.36.148.95 - - [11/Jan/2021:23:15:54 +0100] "GET /nippon-doll-portfolio-p-26862.html HTTP/1.0" 200 72133 "-" "Mozilla/5.0 (compatible; AhrefsBot/7.0; +http://ahrefs.com/robot/)"
185.191.171.8 - - [11/Jan/2021:23:15:55 +0100] "GET /dishes-c-12.html?page=106 HTTP/1.0" 200 91372 "-" "Mozilla/5.0 (compatible; SemrushBot/7~bl; +http://www.semrush.com/bot.html)"
185.191.171.39 - - [11/Jan/2021:23:16:23 +0100] "GET /jiminy-cricket-mini-figurine-p-51180.html HTTP/1.0" 200 73472 "-" "Mozilla/5.0 (compatible; SemrushBot/7~bl; +http://www.semrush.com/bot.html)"
185.191.171.15 - - [11/Jan/2021:23:16:26 +0100] "GET /little-buddha-collection-statuette-p-53290.html HTTP/1.0" 200 71982 "-" "Mozilla/5.0 (compatible; SemrushBot/7~bl; +http://www.semrush.com/bot.html)"
185.191.171.4 - - [11/Jan/2021:23:16:37 +0100] "GET /bratz-cap-scarf-and-glove-set-p-22129.html HTTP/1.0" 200 72080 "-" "Mozilla/5.0 (compatible; SemrushBot/7~bl; +http://www.semrush.com/bot.html)"
185.191.171.2 - - [11/Jan/2021:23:17:05 +0100] "GET /star-wars-inflatable-swimming-ring-p-34885.html HTTP/1.0" 200 72181 "-" "Mozilla/5.0 (compatible; SemrushBot/7~bl; +http://www.semrush.com/bot.html)"
13.66.139.93 - - [11/Jan/2021:23:17:18 +0100] "GET /swimwear-c-2_35.html HTTP/1.0" 200 89676 "-" "Mozilla/5.0 (compatible; bingbot/2.0; +http://www.bing.com/bingbot.htm)"
185.191.171.41 - - [11/Jan/2021:23:17:30 +0100] "GET /mani-lucky-cat-pastel-blue-pen-p-37340.html HTTP/1.0" 200 71969 "-" "Mozilla/5.0 (compatible; SemrushBot/7~bl; +http://www.semrush.com/bot.html)"
185.191.171.7 - - [11/Jan/2021:23:17:32 +0100] "GET /usa-pencil-pot-cbkreation-p-33816.html HTTP/1.0" 200 71872 "-" "Mozilla/5.0 (compatible; SemrushBot/7~bl; +http://www.semrush.com/bot.html)"
66.249.66.132 - - [11/Jan/2021:23:17:40 +0100] "GET /taiji-quan-statuette-model-p-50078.html HTTP/1.0" 200 71939 "-" "Mozilla/5.0 (Linux; Android 6.0.1; Nexus 5X Build/MMB29P) AppleWebKit/537.36 (KHTML, like Gecko) Chrome/87.0.4280.90 Mobile Safari/537.36 (compatible; Googlebot/2.1; +http://www.google.com/bot.html)"
185.191.171.16 - - [11/Jan/2021:23:17:43 +0100] "GET /cache-flower-pot-white-graphic-face-345-cm-p-50055.html HTTP/1.0" 200 72667 "-" "Mozilla/5.0 (compatible; SemrushBot/7~bl; +http://www.semrush.com/bot.html)"
185.191.171.7 - - [11/Jan/2021:23:18:06 +0100] "GET /cote-obscur-case-for-cigarettes-pack-p-42577.html HTTP/1.0" 200 69363 "-" "Mozilla/5.0 (compatible; SemrushBot/7~bl; +http://www.semrush.com/bot.html)"
66.249.66.95 - - [11/Jan/2021:23:18:19 +0100] "GET /taiji-quan-statuette-model-p-50079.html HTTP/1.0" 200 71941 "-" "Mozilla/5.0 (Linux; Android 6.0.1; Nexus 5X Build/MMB29P) AppleWebKit/537.36 (KHTML, like Gecko) Chrome/87.0.4280.90 Mobile Safari/537.36 (compatible; Googlebot/2.1; +http://www.google.com/bot.html)"
185.191.171.22 - - [11/Jan/2021:23:18:21 +0100] "GET /boxes-and-storage-box-c-13_150.html?page=10 HTTP/1.0" 200 93200 "-" "Mozilla/5.0 (compatible; SemrushBot/7~bl; +http://www.semrush.com/bot.html)"
114.119.132.105 - - [11/Jan/2021:23:18:43 +0100] "GET /niro-bedclothes-220-240-cm-p-51601.html HTTP/1.0" 200 71891 "-" "Mozilla/5.0 (Linux; Android 7.0;) AppleWebKit/537.36 (KHTML, like Gecko) Mobile Safari/537.36 (compatible; PetalBot;+https://aspiegel.com/petalbot)"
66.249.66.134 - - [11/Jan/2021:23:19:06 +0100] "GET /taiji-quan-statuette-model-p-50080.html HTTP/1.0" 200 71939 "-" "Mozilla/5.0 (Linux; Android 6.0.1; Nexus 5X Build/MMB29P) AppleWebKit/537.36 (KHTML, like Gecko) Chrome/87.0.4280.90 Mobile Safari/537.36 (compatible; Googlebot/2.1; +http://www.google.com/bot.html)"
185.191.171.2 - - [11/Jan/2021:23:19:08 +0100] "GET /mother-love-mrs-potts-and-chip-figurine-p-45553.html HTTP/1.0" 200 73215 "-" "Mozilla/5.0 (compatible; SemrushBot/7~bl; +http://www.semrush.com/bot.html)"
185.191.171.14 - - [11/Jan/2021:23:19:11 +0100] "GET /white-cover-ipad-cupcakes-by-cbkcbkreation-p-17361.html HTTP/1.0" 200 69369 "-" "Mozilla/5.0 (compatible; SemrushBot/7~bl; +http://www.semrush.com/bot.html)"
185.191.171.45 - - [11/Jan/2021:23:19:13 +0100] "GET /figurine-dog-pug-bling-bling-17-cm-p-42786.html HTTP/1.0" 301 69259 "-" "Mozilla/5.0 (compatible; SemrushBot/7~bl; +http://www.semrush.com/bot.html)"
13.66.139.14 - - [11/Jan/2021:23:19:14 +0100] "GET /-p-25185.html HTTP/1.0" 200 69192 "-" "Mozilla/5.0 (compatible; bingbot/2.0; +http://www.bing.com/bingbot.htm)"
185.191.171.13 - - [11/Jan/2021:23:19:14 +0100] "GET /-p-42786.html HTTP/1.0" 200 69192 "-" "Mozilla/5.0 (compatible; SemrushBot/7~bl; +http://www.semrush.com/bot.html)"
185.191.171.34 - - [11/Jan/2021:23:19:17 +0100] "GET /star-wars-stationery-set-pieces-p-34089.html HTTP/1.0" 200 71956 "-" "Mozilla/5.0 (compatible; SemrushBot/7~bl; +http://www.semrush.com/bot.html)"
157.55.39.110 - - [11/Jan/2021:23:19:23 +0100] "GET /js/jquery.jqzoom.js HTTP/1.0" 200 259 "-" "Mozilla/5.0 (compatible; bingbot/2.0; +http://www.bing.com/bingbot.htm)"
185.191.171.41 - - [11/Jan/2021:23:19:32 +0100] "GET /legends-never-die-made-in-the-usa-metal-clock-49-cm-p-44431.html HTTP/1.0" 200 72082 "-" "Mozilla/5.0 (compatible; SemrushBot/7~bl; +http://www.semrush.com/bot.html)"
185.191.171.42 - - [11/Jan/2021:23:19:39 +0100] "GET /allen-designs-eyeglass-case-dogs-p-41702.html HTTP/1.0" 301 69259 "-" "Mozilla/5.0 (compatible; SemrushBot/7~bl; +http://www.semrush.com/bot.html)"
185.191.171.38 - - [11/Jan/2021:23:19:40 +0100] "GET /-p-41702.html HTTP/1.0" 200 69192 "-" "Mozilla/5.0 (compatible; SemrushBot/7~bl; +http://www.semrush.com/bot.html)"
185.191.171.25 - - [11/Jan/2021:23:19:47 +0100] "GET /cotton-bath-mat-50-80-cm-grey-p-48776.html HTTP/1.0" 200 72810 "-" "Mozilla/5.0 (compatible; SemrushBot/7~bl; +http://www.semrush.com/bot.html)"
66.249.66.193 - - [11/Jan/2021:23:19:50 +0100] "GET /harry-potter-figurine-ron-weasley-p-49389.html HTTP/1.0" 200 72661 "-" "Mozilla/5.0 (Linux; Android 6.0.1; Nexus 5X Build/MMB29P) AppleWebKit/537.36 (KHTML, like Gecko) Chrome/87.0.4280.90 Mobile Safari/537.36 (compatible; Googlebot/2.1; +http://www.google.com/bot.html)"
54.36.148.31 - - [11/Jan/2021:23:19:50 +0100] "GET /chimes-and-suspensions-c-13_241.html?page=1 HTTP/1.0" 200 89695 "-" "Mozilla/5.0 (compatible; AhrefsBot/7.0; +http://ahrefs.com/robot/)"
185.191.171.34 - - [11/Jan/2021:23:20:03 +0100] "GET /usa-cushion-cbkreation-p-21348.html HTTP/1.0" 200 72136 "-" "Mozilla/5.0 (compatible; SemrushBot/7~bl; +http://www.semrush.com/bot.html)"
185.191.171.1 - - [11/Jan/2021:23:20:06 +0100] "GET /duvet-cover-in-cotton-percale-80-threads-140-200-cm-p-53224.html HTTP/1.0" 200 72165 "-" "Mozilla/5.0 (compatible; SemrushBot/7~bl; +http://www.semrush.com/bot.html)"
185.191.171.44 - - [11/Jan/2021:23:20:10 +0100] "GET /gorjuss-eraser-p-43171.html HTTP/1.0" 200 71819 "-" "Mozilla/5.0 (compatible; SemrushBot/7~bl; +http://www.semrush.com/bot.html)"
185.191.171.23 - - [11/Jan/2021:23:20:30 +0100] "GET /silver-skull-money-box-p-27602.html HTTP/1.0" 200 71832 "-" "Mozilla/5.0 (compatible; SemrushBot/7~bl; +http://www.semrush.com/bot.html)"
66.249.66.134 - - [11/Jan/2021:23:20:36 +0100] "GET /figurine-resin-parrot-37-cm-p-49706.html HTTP/1.0" 200 71929 "-" "Mozilla/5.0 (Linux; Android 6.0.1; Nexus 5X Build/MMB29P) AppleWebKit/537.36 (KHTML, like Gecko) Chrome/87.0.4280.90 Mobile Safari/537.36 (compatible; Googlebot/2.1; +http://www.google.com/bot.html)"
17.58.101.147 - - [11/Jan/2021:23:21:08 +0100] "GET /nature-spirit-placemat-p-39850.html HTTP/1.0" 200 71781 "-" "Mozilla/5.0 (Macintosh; Intel Mac OS X 10_15_5) AppleWebKit/605.1.15 (KHTML, like Gecko) Version/13.1.1 Safari/605.1.15 (Applebot/0.1; +http://www.apple.com/go/applebot)"
51.68.224.127 - - [11/Jan/2021:23:21:11 +0100] "GET /adminweb/export_orders_xml.php?token=256de2z6edz6ed2z6DFSFsed2zed6zeDSFDSGdzedezfzf&maxorders=10&orderstart=1&status=14&start_date=2018-10-01 HTTP/1.0" 200 285 "-" "GesCom CharlotteBoutik Serveur"
51.68.224.127 - - [11/Jan/2021:23:21:11 +0100] "GET /adminweb/export_orders_xml.php?token=256de2z6edz6ed2z6DFSFsed2zed6zeDSFDSGdzedezfzf&maxorders=10&orderstart=1&status=6&start_date=2018-10-01 HTTP/1.0" 200 29990 "-" "GesCom CharlotteBoutik Serveur"
66.249.66.64 - - [11/Jan/2021:23:21:14 +0100] "GET /frosted-glass-betty-boop-quarantine-p-15441.html HTTP/1.0" 200 71693 "-" "Mozilla/5.0 (Linux; Android 6.0.1; Nexus 5X Build/MMB29P) AppleWebKit/537.36 (KHTML, like Gecko) Chrome/87.0.4280.90 Mobile Safari/537.36 (compatible; Googlebot/2.1; +http://www.google.com/bot.html)"
54.36.148.94 - - [11/Jan/2021:23:21:17 +0100] "GET /dledmv-logo-classic-mug-p-35597.html HTTP/1.0" 301 69259 "-" "Mozilla/5.0 (compatible; AhrefsBot/7.0; +http://ahrefs.com/robot/)"
66.249.66.222 - - [11/Jan/2021:23:21:22 +0100] "GET /home-and-decoration-c-13.html?page=151 HTTP/1.0" 200 92335 "-" "Mozilla/5.0 (Linux; Android 6.0.1; Nexus 5X Build/MMB29P) AppleWebKit/537.36 (KHTML, like Gecko) Chrome/87.0.4280.90 Mobile Safari/537.36 (compatible; Googlebot/2.1; +http://www.google.com/bot.html)"
185.191.171.36 - - [11/Jan/2021:23:21:26 +0100] "GET /marilyn-monroe-vertical-shopping-bag-p-5399.html HTTP/1.0" 200 69324 "-" "Mozilla/5.0 (compatible; SemrushBot/7~bl; +http://www.semrush.com/bot.html)"
185.191.171.22 - - [11/Jan/2021:23:21:37 +0100] "GET /pendulum-color-silver-chrome-20-gr-p-40956.html HTTP/1.0" 200 71822 "-" "Mozilla/5.0 (compatible; SemrushBot/7~bl; +http://www.semrush.com/bot.html)"
185.191.171.37 - - [11/Jan/2021:23:21:41 +0100] "GET /laissez-lucie-faire-toiletry-bag-byako-p-38977.html HTTP/1.0" 200 69322 "-" "Mozilla/5.0 (compatible; SemrushBot/7~bl; +http://www.semrush.com/bot.html)"
66.249.66.95 - - [11/Jan/2021:23:22:08 +0100] "GET /decorative-wooden-plate-donkey-corsica-yellow-and-blue-p-47839.html HTTP/1.0" 200 72355 "-" "Mozilla/5.0 (Linux; Android 6.0.1; Nexus 5X Build/MMB29P) AppleWebKit/537.36 (KHTML, like Gecko) Chrome/87.0.4280.90 Mobile Safari/537.36 (compatible; Googlebot/2.1; +http://www.google.com/bot.html)"
185.191.171.40 - - [11/Jan/2021:23:22:50 +0100] "GET /tweety-hawa-figurine-p-42738.html HTTP/1.0" 200 69268 "-" "Mozilla/5.0 (compatible; SemrushBot/7~bl; +http://www.semrush.com/bot.html)"
66.249.66.62 - - [11/Jan/2021:23:22:55 +0100] "GET /home-and-decoration-c-13.html?page=147 HTTP/1.0" 200 91884 "-" "Mozilla/5.0 (Linux; Android 6.0.1; Nexus 5X Build/MMB29P) AppleWebKit/537.36 (KHTML, like Gecko) Chrome/87.0.4280.90 Mobile Safari/537.36 (compatible; Googlebot/2.1; +http://www.google.com/bot.html)"
185.191.171.34 - - [11/Jan/2021:23:22:55 +0100] "GET /norika-protective-hard-case-for-iphone-and-4s-p-11365.html HTTP/1.0" 200 72131 "-" "Mozilla/5.0 (compatible; SemrushBot/7~bl; +http://www.semrush.com/bot.html)"
114.119.151.113 - - [11/Jan/2021:23:23:07 +0100] "GET /images/mini_prod/3453131150286.jpg HTTP/1.0" 200 269 "-" "Mozilla/5.0 (Linux; Android 7.0;) AppleWebKit/537.36 (KHTML, like Gecko) Mobile Safari/537.36 (compatible; PetalBot;+https://aspiegel.com/petalbot)"
185.191.171.6 - - [11/Jan/2021:23:23:14 +0100] "GET /glass-cutting-board-by-cbkreation-p-51349.html HTTP/1.0" 200 71912 "-" "Mozilla/5.0 (compatible; SemrushBot/7~bl; +http://www.semrush.com/bot.html)"
185.191.171.14 - - [11/Jan/2021:23:23:39 +0100] "GET /restaurant-mustache-little-tray-p-26500.html HTTP/1.0" 200 71947 "-" "Mozilla/5.0 (compatible; SemrushBot/7~bl; +http://www.semrush.com/bot.html)"
66.249.66.222 - - [11/Jan/2021:23:23:39 +0100] "GET /home-and-decoration-c-13.html?page=150 HTTP/1.0" 200 91749 "-" "Mozilla/5.0 (Linux; Android 6.0.1; Nexus 5X Build/MMB29P) AppleWebKit/537.36 (KHTML, like Gecko) Chrome/87.0.4280.90 Mobile Safari/537.36 (compatible; Googlebot/2.1; +http://www.google.com/bot.html)"
54.36.148.87 - - [11/Jan/2021:23:23:47 +0100] "GET /buddhist-bracelet-wooden-beads-red-p-37667.html HTTP/1.0" 200 71866 "-" "Mozilla/5.0 (compatible; AhrefsBot/7.0; +http://ahrefs.com/robot/)"
185.191.171.7 - - [11/Jan/2021:23:23:57 +0100] "GET /russian-cavalier-mug-illustrated-by-etienne-boyer-p-29202.html HTTP/1.0" 200 72104 "-" "Mozilla/5.0 (compatible; SemrushBot/7~bl; +http://www.semrush.com/bot.html)"
13.66.139.14 - - [11/Jan/2021:23:24:05 +0100] "GET /typewriter-wooden-frame-p-31875.html HTTP/1.0" 200 73577 "-" "Mozilla/5.0 (compatible; bingbot/2.0; +http://www.bing.com/bingbot.htm)"
185.191.171.42 - - [11/Jan/2021:23:24:06 +0100] "GET /sam-pick-up-venus-firefighter-p-46446.html HTTP/1.0" 200 72206 "-" "Mozilla/5.0 (compatible; SemrushBot/7~bl; +http://www.semrush.com/bot.html)"
185.191.171.19 - - [11/Jan/2021:23:24:08 +0100] "GET /umbrella-stand-mosaic-of-ecru-and-brown-mother-of-pearl-p-48042.html HTTP/1.0" 200 69378 "-" "Mozilla/5.0 (compatible; SemrushBot/7~bl; +http://www.semrush.com/bot.html)"
13.66.139.14 - - [11/Jan/2021:23:24:15 +0100] "GET /-p-3095.html HTTP/1.0" 200 69190 "-" "Mozilla/5.0 (compatible; bingbot/2.0; +http://www.bing.com/bingbot.htm)"
13.66.139.14 - - [11/Jan/2021:23:24:16 +0100] "GET /-p-21921.html HTTP/1.0" 200 69192 "-" "Mozilla/5.0 (compatible; bingbot/2.0; +http://www.bing.com/bingbot.htm)"
13.66.139.14 - - [11/Jan/2021:23:24:17 +0100] "GET /-p-24842.html HTTP/1.0" 200 69192 "-" "Mozilla/5.0 (compatible; bingbot/2.0; +http://www.bing.com/bingbot.htm)"
13.66.139.14 - - [11/Jan/2021:23:24:17 +0100] "GET /-p-14550.html HTTP/1.0" 200 69192 "-" "Mozilla/5.0 (compatible; bingbot/2.0; +http://www.bing.com/bingbot.htm)"
13.66.139.14 - - [11/Jan/2021:23:24:18 +0100] "GET /set-expresso-fiat-500-p-11784.html HTTP/1.0" 200 69288 "-" "Mozilla/5.0 (compatible; bingbot/2.0; +http://www.bing.com/bingbot.htm)"
13.66.139.14 - - [11/Jan/2021:23:24:19 +0100] "GET /-p-11995.html HTTP/1.0" 200 69192 "-" "Mozilla/5.0 (compatible; bingbot/2.0; +http://www.bing.com/bingbot.htm)"
13.66.139.14 - - [11/Jan/2021:23:24:20 +0100] "GET /-p-6455.html HTTP/1.0" 200 69190 "-" "Mozilla/5.0 (compatible; bingbot/2.0; +http://www.bing.com/bingbot.htm)"
13.66.139.14 - - [11/Jan/2021:23:24:21 +0100] "GET /-p-6216.html HTTP/1.0" 200 69190 "-" "Mozilla/5.0 (compatible; bingbot/2.0; +http://www.bing.com/bingbot.htm)"
13.66.139.14 - - [11/Jan/2021:23:24:22 +0100] "GET /-p-6177.html HTTP/1.0" 200 69190 "-" "Mozilla/5.0 (compatible; bingbot/2.0; +http://www.bing.com/bingbot.htm)"
13.66.139.14 - - [11/Jan/2021:23:24:23 +0100] "GET /-p-16151.html HTTP/1.0" 200 69192 "-" "Mozilla/5.0 (compatible; bingbot/2.0; +http://www.bing.com/bingbot.htm)"
13.66.139.14 - - [11/Jan/2021:23:24:23 +0100] "GET /teo-jasmin-make-up-pouch-teo-koala-grey-p-38838.html HTTP/1.0" 200 69333 "-" "Mozilla/5.0 (compatible; bingbot/2.0; +http://www.bing.com/bingbot.htm)"
13.66.139.14 - - [11/Jan/2021:23:24:24 +0100] "GET /-p-4176.html HTTP/1.0" 200 69190 "-" "Mozilla/5.0 (compatible; bingbot/2.0; +http://www.bing.com/bingbot.htm)"
13.66.139.14 - - [11/Jan/2021:23:24:25 +0100] "GET /top-model-pocket-album-create-your-topmodel-p-28577.html HTTP/1.0" 200 69404 "-" "Mozilla/5.0 (compatible; bingbot/2.0; +http://www.bing.com/bingbot.htm)"
66.249.66.66 - - [11/Jan/2021:23:24:26 +0100] "GET /home-and-decoration-c-13.html?page=145 HTTP/1.0" 200 91181 "-" "Mozilla/5.0 (Linux; Android 6.0.1; Nexus 5X Build/MMB29P) AppleWebKit/537.36 (KHTML, like Gecko) Chrome/87.0.4280.90 Mobile Safari/537.36 (compatible; Googlebot/2.1; +http://www.google.com/bot.html)"
13.66.139.14 - - [11/Jan/2021:23:24:26 +0100] "GET /minnie-mouse-melamine-bowl-p-34723.html HTTP/1.0" 200 69286 "-" "Mozilla/5.0 (compatible; bingbot/2.0; +http://www.bing.com/bingbot.htm)"
13.66.139.14 - - [11/Jan/2021:23:24:28 +0100] "GET /-p-12030.html HTTP/1.0" 200 69192 "-" "Mozilla/5.0 (compatible; bingbot/2.0; +http://www.bing.com/bingbot.htm)"
13.66.139.14 - - [11/Jan/2021:23:24:29 +0100] "GET /monchhichi-bebichhichi-plush-p-30282.html HTTP/1.0" 200 69323 "-" "Mozilla/5.0 (compatible; bingbot/2.0; +http://www.bing.com/bingbot.htm)"
13.66.139.14 - - [11/Jan/2021:23:24:30 +0100] "GET /jar-candle-30-hours-simply-spa-p-33052.html HTTP/1.0" 200 69339 "-" "Mozilla/5.0 (compatible; bingbot/2.0; +http://www.bing.com/bingbot.htm)"
13.66.139.14 - - [11/Jan/2021:23:24:31 +0100] "GET /hello-kitty-adult-umbrella-p-20510.html HTTP/1.0" 200 69313 "-" "Mozilla/5.0 (compatible; bingbot/2.0; +http://www.bing.com/bingbot.htm)"
13.66.139.14 - - [11/Jan/2021:23:24:31 +0100] "GET /vespa-mini-green-flashlight-and-keychain-p-18626.html HTTP/1.0" 200 69342 "-" "Mozilla/5.0 (compatible; bingbot/2.0; +http://www.bing.com/bingbot.htm)"
13.66.139.14 - - [11/Jan/2021:23:24:32 +0100] "GET /-p-12751.html HTTP/1.0" 200 69192 "-" "Mozilla/5.0 (compatible; bingbot/2.0; +http://www.bing.com/bingbot.htm)"
13.66.139.14 - - [11/Jan/2021:23:24:33 +0100] "GET /radio-60-wood-colors-p-19020.html HTTP/1.0" 200 69289 "-" "Mozilla/5.0 (compatible; bingbot/2.0; +http://www.bing.com/bingbot.htm)"
13.66.139.14 - - [11/Jan/2021:23:24:34 +0100] "GET /mrhappy-usa-reporter-bag-p-16872.html HTTP/1.0" 200 69309 "-" "Mozilla/5.0 (compatible; bingbot/2.0; +http://www.bing.com/bingbot.htm)"
13.66.139.14 - - [11/Jan/2021:23:24:35 +0100] "GET /-p-19368.html HTTP/1.0" 200 69192 "-" "Mozilla/5.0 (compatible; bingbot/2.0; +http://www.bing.com/bingbot.htm)"
13.66.139.14 - - [11/Jan/2021:23:24:36 +0100] "GET /-p-31861.html HTTP/1.0" 200 69192 "-" "Mozilla/5.0 (compatible; bingbot/2.0; +http://www.bing.com/bingbot.htm)"
13.66.139.153 - - [11/Jan/2021:23:24:39 +0100] "GET /-p-21440.html HTTP/1.0" 200 69192 "-" "Mozilla/5.0 (compatible; bingbot/2.0; +http://www.bing.com/bingbot.htm)"
13.66.139.153 - - [11/Jan/2021:23:24:40 +0100] "GET /-p-29867.html HTTP/1.0" 200 69192 "-" "Mozilla/5.0 (compatible; bingbot/2.0; +http://www.bing.com/bingbot.htm)"
13.66.139.153 - - [11/Jan/2021:23:24:41 +0100] "GET /-p-29471.html HTTP/1.0" 200 69192 "-" "Mozilla/5.0 (compatible; bingbot/2.0; +http://www.bing.com/bingbot.htm)"
13.66.139.153 - - [11/Jan/2021:23:24:42 +0100] "GET /-p-22642.html HTTP/1.0" 200 69192 "-" "Mozilla/5.0 (compatible; bingbot/2.0; +http://www.bing.com/bingbot.htm)"
13.66.139.153 - - [11/Jan/2021:23:24:43 +0100] "GET /simpsons-bart-polar-blanket-p-22990.html HTTP/1.0" 301 69259 "-" "Mozilla/5.0 (compatible; bingbot/2.0; +http://www.bing.com/bingbot.htm)"
13.66.139.153 - - [11/Jan/2021:23:24:43 +0100] "GET /skull-beach-towel-p-25789.html HTTP/1.0" 301 69259 "-" "Mozilla/5.0 (compatible; bingbot/2.0; +http://www.bing.com/bingbot.htm)"
13.66.139.153 - - [11/Jan/2021:23:24:44 +0100] "GET /batman-arkham-knight-poster-p-30242.html HTTP/1.0" 200 69318 "-" "Mozilla/5.0 (compatible; bingbot/2.0; +http://www.bing.com/bingbot.htm)"
13.66.139.153 - - [11/Jan/2021:23:24:45 +0100] "GET /-p-15287.html HTTP/1.0" 200 69192 "-" "Mozilla/5.0 (compatible; bingbot/2.0; +http://www.bing.com/bingbot.htm)"
13.66.139.153 - - [11/Jan/2021:23:24:46 +0100] "GET /marmot-laissez-lucie-faire-soup-bowl-with-spoon-p-38788.html HTTP/1.0" 200 69370 "-" "Mozilla/5.0 (compatible; bingbot/2.0; +http://www.bing.com/bingbot.htm)"
13.66.139.153 - - [11/Jan/2021:23:24:47 +0100] "GET /teo-jasmin-large-cabas-teo-rockabilly-p-39275.html HTTP/1.0" 200 69300 "-" "Mozilla/5.0 (compatible; bingbot/2.0; +http://www.bing.com/bingbot.htm)"
185.191.171.44 - - [11/Jan/2021:23:24:48 +0100] "GET /robots.txt HTTP/1.0" 200 245 "-" "Mozilla/5.0 (compatible; SemrushBot/7~bl; +http://www.semrush.com/bot.html)"
13.66.139.153 - - [11/Jan/2021:23:24:48 +0100] "GET /messenger-bag-vw-beetle-blue-p-33827.html HTTP/1.0" 301 69259 "-" "Mozilla/5.0 (compatible; bingbot/2.0; +http://www.bing.com/bingbot.htm)"
185.191.171.1 - - [11/Jan/2021:23:24:49 +0100] "GET /decoration-elephant-head-35-cm-p-46693.html HTTP/1.0" 200 71965 "-" "Mozilla/5.0 (compatible; SemrushBot/7~bl; +http://www.semrush.com/bot.html)"
13.66.139.153 - - [11/Jan/2021:23:24:49 +0100] "GET /-p-38377.html HTTP/1.0" 200 69192 "-" "Mozilla/5.0 (compatible; bingbot/2.0; +http://www.bing.com/bingbot.htm)"
13.66.139.153 - - [11/Jan/2021:23:24:51 +0100] "GET /-p-12141.html HTTP/1.0" 200 69192 "-" "Mozilla/5.0 (compatible; bingbot/2.0; +http://www.bing.com/bingbot.htm)"
185.191.171.37 - - [11/Jan/2021:23:24:51 +0100] "GET /scented-candles-and-novenas-c-231_227.html?page=9 HTTP/1.0" 200 93364 "-" "Mozilla/5.0 (compatible; SemrushBot/7~bl; +http://www.semrush.com/bot.html)"
13.66.139.153 - - [11/Jan/2021:23:24:52 +0100] "GET /goofy-great-wall-sticker-repositionable-p-18833.html HTTP/1.0" 301 69259 "-" "Mozilla/5.0 (compatible; bingbot/2.0; +http://www.bing.com/bingbot.htm)"
13.66.139.153 - - [11/Jan/2021:23:24:52 +0100] "GET /pouncin-is-what-tiggers-do-best-disney-figure-collection-p-33353.html HTTP/1.0" 301 69259 "-" "Mozilla/5.0 (compatible; bingbot/2.0; +http://www.bing.com/bingbot.htm)"
185.191.171.9 - - [11/Jan/2021:23:24:53 +0100] "GET /luggages-schoolbags-leather-shop-c-31.html?page=47 HTTP/1.0" 200 92732 "-" "Mozilla/5.0 (compatible; SemrushBot/7~bl; +http://www.semrush.com/bot.html)"
13.66.139.153 - - [11/Jan/2021:23:24:53 +0100] "GET /pokemon-tee-shirt-p-31063.html HTTP/1.0" 200 69268 "-" "Mozilla/5.0 (compatible; bingbot/2.0; +http://www.bing.com/bingbot.htm)"
13.66.139.153 - - [11/Jan/2021:23:24:55 +0100] "GET /-p-18059.html HTTP/1.0" 200 69192 "-" "Mozilla/5.0 (compatible; bingbot/2.0; +http://www.bing.com/bingbot.htm)"
13.66.139.93 - - [11/Jan/2021:23:24:55 +0100] "GET /-p-21915.html HTTP/1.0" 200 69192 "-" "Mozilla/5.0 (compatible; bingbot/2.0; +http://www.bing.com/bingbot.htm)"
13.66.139.93 - - [11/Jan/2021:23:24:57 +0100] "GET /-p-10286.html HTTP/1.0" 200 69192 "-" "Mozilla/5.0 (compatible; bingbot/2.0; +http://www.bing.com/bingbot.htm)"
66.249.66.134 - - [11/Jan/2021:23:24:58 +0100] "GET /monaco-1937-vintage-poster-p-44867.html HTTP/1.0" 200 71880 "-" "Mozilla/5.0 (Linux; Android 6.0.1; Nexus 5X Build/MMB29P) AppleWebKit/537.36 (KHTML, like Gecko) Chrome/87.0.4280.90 Mobile Safari/537.36 (compatible; Googlebot/2.1; +http://www.google.com/bot.html)"
13.66.139.93 - - [11/Jan/2021:23:24:58 +0100] "GET /-p-7750.html HTTP/1.0" 200 69190 "-" "Mozilla/5.0 (compatible; bingbot/2.0; +http://www.bing.com/bingbot.htm)"
185.191.171.42 - - [11/Jan/2021:23:24:58 +0100] "GET /little-marcel-mug-p-40940.html HTTP/1.0" 200 71782 "-" "Mozilla/5.0 (compatible; SemrushBot/7~bl; +http://www.semrush.com/bot.html)"
13.66.139.93 - - [11/Jan/2021:23:25:00 +0100] "GET /keep-calm-and-carry-on-rectangular-mirror-p-29005.html HTTP/1.0" 200 69346 "-" "Mozilla/5.0 (compatible; bingbot/2.0; +http://www.bing.com/bingbot.htm)"
13.66.139.93 - - [11/Jan/2021:23:25:01 +0100] "GET /kaloo-plume-natural-rabbit-soft-toy-p-15730.html HTTP/1.0" 200 69358 "-" "Mozilla/5.0 (compatible; bingbot/2.0; +http://www.bing.com/bingbot.htm)"
13.66.139.93 - - [11/Jan/2021:23:25:02 +0100] "GET /happily-ever-after-cinderella-and-prince-figurine-p-39114.html HTTP/1.0" 301 69259 "-" "Mozilla/5.0 (compatible; bingbot/2.0; +http://www.bing.com/bingbot.htm)"
13.66.139.93 - - [11/Jan/2021:23:25:03 +0100] "GET /ferrari-towel-80-160-cm-p-39108.html HTTP/1.0" 200 69304 "-" "Mozilla/5.0 (compatible; bingbot/2.0; +http://www.bing.com/bingbot.htm)"
13.66.139.93 - - [11/Jan/2021:23:25:03 +0100] "GET /pin-up-demonia-figure-by-stephan-saint-emett-p-35270.html HTTP/1.0" 200 69403 "-" "Mozilla/5.0 (compatible; bingbot/2.0; +http://www.bing.com/bingbot.htm)"
13.66.139.93 - - [11/Jan/2021:23:25:04 +0100] "GET /nici-schoolbag-on-wheels-p-20101.html HTTP/1.0" 200 69278 "-" "Mozilla/5.0 (compatible; bingbot/2.0; +http://www.bing.com/bingbot.htm)"
13.66.139.93 - - [11/Jan/2021:23:25:05 +0100] "GET /-p-17243.html HTTP/1.0" 200 69192 "-" "Mozilla/5.0 (compatible; bingbot/2.0; +http://www.bing.com/bingbot.htm)"
13.66.139.93 - - [11/Jan/2021:23:25:06 +0100] "GET /-p-20689.html HTTP/1.0" 200 69192 "-" "Mozilla/5.0 (compatible; bingbot/2.0; +http://www.bing.com/bingbot.htm)"
66.249.66.66 - - [11/Jan/2021:23:25:40 +0100] "GET /home-and-decoration-c-13.html?page=148 HTTP/1.0" 200 92094 "-" "Mozilla/5.0 (Linux; Android 6.0.1; Nexus 5X Build/MMB29P) AppleWebKit/537.36 (KHTML, like Gecko) Chrome/87.0.4280.90 Mobile Safari/537.36 (compatible; Googlebot/2.1; +http://www.google.com/bot.html)"
66.249.66.62 - - [11/Jan/2021:23:26:16 +0100] "GET /taiji-quan-statuette-model-p-50081.html HTTP/1.0" 200 71941 "-" "Mozilla/5.0 (Linux; Android 6.0.1; Nexus 5X Build/MMB29P) AppleWebKit/537.36 (KHTML, like Gecko) Chrome/87.0.4280.90 Mobile Safari/537.36 (compatible; Googlebot/2.1; +http://www.google.com/bot.html)"
185.191.171.19 - - [11/Jan/2021:23:26:16 +0100] "GET /red-old-phone-clock-p-46083.html HTTP/1.0" 200 69258 "-" "Mozilla/5.0 (compatible; SemrushBot/7~bl; +http://www.semrush.com/bot.html)"
185.191.171.12 - - [11/Jan/2021:23:26:47 +0100] "GET /ceramic-lamp-33-cm-p-52412.html HTTP/1.0" 200 72646 "-" "Mozilla/5.0 (compatible; SemrushBot/7~bl; +http://www.semrush.com/bot.html)"
77.75.76.163 - - [11/Jan/2021:23:27:09 +0100] "GET /robots.txt HTTP/1.0" 200 245 "-" "Mozilla/5.0 (compatible; SeznamBot/3.2; +http://napoveda.seznam.cz/en/seznambot-intro/)"
77.75.76.163 - - [11/Jan/2021:23:27:09 +0100] "GET /images/big_prod/3660173220833.jpg HTTP/1.0" 200 268 "-" "Mozilla/5.0 (compatible; SeznamBot/3.2; +http://napoveda.seznam.cz/en/seznambot-intro/)"
185.191.171.43 - - [11/Jan/2021:23:27:27 +0100] "GET /psg-table-lamp-p-38021.html HTTP/1.0" 200 69253 "-" "Mozilla/5.0 (compatible; SemrushBot/7~bl; +http://www.semrush.com/bot.html)"
114.119.150.15 - - [11/Jan/2021:23:27:33 +0100] "GET /yogi-yogini-yogamat-purple-p-48661.html HTTP/1.0" 200 72480 "-" "Mozilla/5.0 (Linux; Android 7.0;) AppleWebKit/537.36 (KHTML, like Gecko) Mobile Safari/537.36 (compatible; PetalBot;+https://aspiegel.com/petalbot)"
185.191.171.21 - - [11/Jan/2021:23:27:40 +0100] "GET /becassine-large-metal-plate-30-40-cm-p-48238.html HTTP/1.0" 200 71975 "-" "Mozilla/5.0 (compatible; SemrushBot/7~bl; +http://www.semrush.com/bot.html)"
54.36.148.4 - - [11/Jan/2021:23:27:42 +0100] "GET /fir-green-lampshade-p-53343.html HTTP/1.0" 200 71866 "-" "Mozilla/5.0 (compatible; AhrefsBot/7.0; +http://ahrefs.com/robot/)"
185.191.171.35 - - [11/Jan/2021:23:27:43 +0100] "GET /cactus-led-ornament-p-40740.html HTTP/1.0" 200 69278 "-" "Mozilla/5.0 (compatible; SemrushBot/7~bl; +http://www.semrush.com/bot.html)"
185.191.171.43 - - [11/Jan/2021:23:28:03 +0100] "GET /little-buddha-notebook-155-112-cm-p-53279.html HTTP/1.0" 200 69322 "-" "Mozilla/5.0 (compatible; SemrushBot/7~bl; +http://www.semrush.com/bot.html)"
185.191.171.13 - - [11/Jan/2021:23:28:09 +0100] "GET /square-box-carved-and-gilded-p-47408.html HTTP/1.0" 200 69294 "-" "Mozilla/5.0 (compatible; SemrushBot/7~bl; +http://www.semrush.com/bot.html)"
185.191.171.3 - - [11/Jan/2021:23:28:18 +0100] "GET /round-carpet-120-cm-p-48048.html HTTP/1.0" 200 72712 "-" "Mozilla/5.0 (compatible; SemrushBot/7~bl; +http://www.semrush.com/bot.html)"
185.191.171.25 - - [11/Jan/2021:23:28:27 +0100] "GET /black-gorilla-resin-39-30-415-cm-p-45879.html HTTP/1.0" 200 72859 "-" "Mozilla/5.0 (compatible; SemrushBot/7~bl; +http://www.semrush.com/bot.html)"
185.191.171.44 - - [11/Jan/2021:23:28:30 +0100] "GET /paris-cat-large-bowl-p-28386.html HTTP/1.0" 200 69262 "-" "Mozilla/5.0 (compatible; SemrushBot/7~bl; +http://www.semrush.com/bot.html)"
185.191.171.33 - - [11/Jan/2021:23:28:34 +0100] "GET /route-66-logo-cosmetic-bag-p-10991.html HTTP/1.0" 200 71795 "-" "Mozilla/5.0 (compatible; SemrushBot/7~bl; +http://www.semrush.com/bot.html)"
13.66.139.93 - - [11/Jan/2021:23:28:39 +0100] "GET /mini-led-flashlight-light-blue-spiderman-p-35783.html HTTP/1.0" 200 69342 "-" "Mozilla/5.0 (compatible; bingbot/2.0; +http://www.bing.com/bingbot.htm)"
13.66.139.93 - - [11/Jan/2021:23:28:40 +0100] "GET /support-metal-bottle-the-huntsman-p-39636.html HTTP/1.0" 200 69354 "-" "Mozilla/5.0 (compatible; bingbot/2.0; +http://www.bing.com/bingbot.htm)"
13.66.139.93 - - [11/Jan/2021:23:28:41 +0100] "GET /-p-12894.html HTTP/1.0" 200 69192 "-" "Mozilla/5.0 (compatible; bingbot/2.0; +http://www.bing.com/bingbot.htm)"
13.66.139.93 - - [11/Jan/2021:23:28:41 +0100] "GET /panda-pop-plush-by-britto-22-cm-p-11218.html HTTP/1.0" 200 69306 "-" "Mozilla/5.0 (compatible; bingbot/2.0; +http://www.bing.com/bingbot.htm)"
13.66.139.93 - - [11/Jan/2021:23:28:42 +0100] "GET /crayola-set-of-first-markers-p-16588.html HTTP/1.0" 200 69298 "-" "Mozilla/5.0 (compatible; bingbot/2.0; +http://www.bing.com/bingbot.htm)"
13.66.139.93 - - [11/Jan/2021:23:28:43 +0100] "GET /-p-33310.html HTTP/1.0" 200 69192 "-" "Mozilla/5.0 (compatible; bingbot/2.0; +http://www.bing.com/bingbot.htm)"
13.66.139.93 - - [11/Jan/2021:23:28:44 +0100] "GET /-p-34116.html HTTP/1.0" 200 69192 "-" "Mozilla/5.0 (compatible; bingbot/2.0; +http://www.bing.com/bingbot.htm)"
13.66.139.93 - - [11/Jan/2021:23:28:44 +0100] "GET /coca-cola-large-box-p-31654.html HTTP/1.0" 200 69258 "-" "Mozilla/5.0 (compatible; bingbot/2.0; +http://www.bing.com/bingbot.htm)"
13.66.139.93 - - [11/Jan/2021:23:28:45 +0100] "GET /garden-gnomes-clock-p-32004.html HTTP/1.0" 200 69278 "-" "Mozilla/5.0 (compatible; bingbot/2.0; +http://www.bing.com/bingbot.htm)"
13.66.139.93 - - [11/Jan/2021:23:28:46 +0100] "GET /-p-36489.html HTTP/1.0" 200 69192 "-" "Mozilla/5.0 (compatible; bingbot/2.0; +http://www.bing.com/bingbot.htm)"
13.66.139.93 - - [11/Jan/2021:23:28:47 +0100] "GET /-p-11177.html HTTP/1.0" 200 69192 "-" "Mozilla/5.0 (compatible; bingbot/2.0; +http://www.bing.com/bingbot.htm)"
13.66.139.93 - - [11/Jan/2021:23:28:48 +0100] "GET /pepe-jeans-leather-wallet-brown-p-38142.html HTTP/1.0" 200 69344 "-" "Mozilla/5.0 (compatible; bingbot/2.0; +http://www.bing.com/bingbot.htm)"
13.66.139.14 - - [11/Jan/2021:23:28:50 +0100] "GET /mickey-and-minnie-mouse-comics-retro-red-suitcase-p-36303.html HTTP/1.0" 301 69259 "-" "Mozilla/5.0 (compatible; bingbot/2.0; +http://www.bing.com/bingbot.htm)"
13.66.139.14 - - [11/Jan/2021:23:28:51 +0100] "GET /-p-2849.html HTTP/1.0" 200 69190 "-" "Mozilla/5.0 (compatible; bingbot/2.0; +http://www.bing.com/bingbot.htm)"
13.66.139.14 - - [11/Jan/2021:23:28:52 +0100] "GET /disney-princess-cushion-p-6763.html HTTP/1.0" 200 69296 "-" "Mozilla/5.0 (compatible; bingbot/2.0; +http://www.bing.com/bingbot.htm)"
13.66.139.14 - - [11/Jan/2021:23:28:52 +0100] "GET /teo-jasmin-pencil-case-teo-apache-pink-p-38000.html HTTP/1.0" 200 69325 "-" "Mozilla/5.0 (compatible; bingbot/2.0; +http://www.bing.com/bingbot.htm)"
13.66.139.14 - - [11/Jan/2021:23:28:53 +0100] "GET /marilyn-monroe-bedclothes-240x220-p-15121.html HTTP/1.0" 301 69259 "-" "Mozilla/5.0 (compatible; bingbot/2.0; +http://www.bing.com/bingbot.htm)"
13.66.139.14 - - [11/Jan/2021:23:28:54 +0100] "GET /-p-30111.html HTTP/1.0" 200 69192 "-" "Mozilla/5.0 (compatible; bingbot/2.0; +http://www.bing.com/bingbot.htm)"
13.66.139.14 - - [11/Jan/2021:23:28:55 +0100] "GET /dessert-dish-glass-with-anti-slip-feet-p-47333.html HTTP/1.0" 200 71928 "-" "Mozilla/5.0 (compatible; bingbot/2.0; +http://www.bing.com/bingbot.htm)"
13.66.139.14 - - [11/Jan/2021:23:28:56 +0100] "GET /-p-31797.html HTTP/1.0" 200 69192 "-" "Mozilla/5.0 (compatible; bingbot/2.0; +http://www.bing.com/bingbot.htm)"
13.66.139.14 - - [11/Jan/2021:23:28:57 +0100] "GET /-p-8472.html HTTP/1.0" 200 69190 "-" "Mozilla/5.0 (compatible; bingbot/2.0; +http://www.bing.com/bingbot.htm)"
13.66.139.14 - - [11/Jan/2021:23:28:58 +0100] "GET /-p-32185.html HTTP/1.0" 200 69192 "-" "Mozilla/5.0 (compatible; bingbot/2.0; +http://www.bing.com/bingbot.htm)"
185.191.171.25 - - [11/Jan/2021:23:28:57 +0100] "GET /great-head-of-moai-of-easter-island-statuette-p-50064.html HTTP/1.0" 200 69362 "-" "Mozilla/5.0 (compatible; SemrushBot/7~bl; +http://www.semrush.com/bot.html)"
13.66.139.14 - - [11/Jan/2021:23:28:58 +0100] "GET /magnet-resin-camembert-president-made-in-france-p-39119.html HTTP/1.0" 301 69259 "-" "Mozilla/5.0 (compatible; bingbot/2.0; +http://www.bing.com/bingbot.htm)"
13.66.139.14 - - [11/Jan/2021:23:28:59 +0100] "GET /-p-10015.html HTTP/1.0" 200 69192 "-" "Mozilla/5.0 (compatible; bingbot/2.0; +http://www.bing.com/bingbot.htm)"
13.66.139.14 - - [11/Jan/2021:23:29:00 +0100] "GET /retro-cookie-tin-p-39497.html HTTP/1.0" 200 69246 "-" "Mozilla/5.0 (compatible; bingbot/2.0; +http://www.bing.com/bingbot.htm)"
13.66.139.14 - - [11/Jan/2021:23:29:01 +0100] "GET /-p-15409.html HTTP/1.0" 200 69192 "-" "Mozilla/5.0 (compatible; bingbot/2.0; +http://www.bing.com/bingbot.htm)"
13.66.139.14 - - [11/Jan/2021:23:29:02 +0100] "GET /cotton-floor-cushion-blue-45-cm-p-43506.html HTTP/1.0" 301 69259 "-" "Mozilla/5.0 (compatible; bingbot/2.0; +http://www.bing.com/bingbot.htm)"
13.66.139.14 - - [11/Jan/2021:23:29:03 +0100] "GET /-p-5101.html HTTP/1.0" 200 69190 "-" "Mozilla/5.0 (compatible; bingbot/2.0; +http://www.bing.com/bingbot.htm)"
13.66.139.14 - - [11/Jan/2021:23:29:04 +0100] "GET /set-of-classic-sticks-of-modeling-clay-by-play-doh-p-21536.html HTTP/1.0" 200 69439 "-" "Mozilla/5.0 (compatible; bingbot/2.0; +http://www.bing.com/bingbot.htm)"
13.66.139.14 - - [11/Jan/2021:23:29:04 +0100] "GET /monster-high-black-skull-mug-p-17816.html HTTP/1.0" 301 69259 "-" "Mozilla/5.0 (compatible; bingbot/2.0; +http://www.bing.com/bingbot.htm)"
13.66.139.14 - - [11/Jan/2021:23:29:05 +0100] "GET /-p-37388.html HTTP/1.0" 200 69192 "-" "Mozilla/5.0 (compatible; bingbot/2.0; +http://www.bing.com/bingbot.htm)"
13.66.139.14 - - [11/Jan/2021:23:29:06 +0100] "GET /cinderella-shy-and-romantic-disney-water-ball-p-31279.html HTTP/1.0" 301 69259 "-" "Mozilla/5.0 (compatible; bingbot/2.0; +http://www.bing.com/bingbot.htm)"
13.66.139.14 - - [11/Jan/2021:23:29:07 +0100] "GET /nici-bat-keyring-plush-p-33452.html HTTP/1.0" 200 69293 "-" "Mozilla/5.0 (compatible; bingbot/2.0; +http://www.bing.com/bingbot.htm)"
13.66.139.14 - - [11/Jan/2021:23:29:08 +0100] "GET /-p-16051.html HTTP/1.0" 200 69192 "-" "Mozilla/5.0 (compatible; bingbot/2.0; +http://www.bing.com/bingbot.htm)"
13.66.139.14 - - [11/Jan/2021:23:29:09 +0100] "GET /-p-16063.html HTTP/1.0" 200 69192 "-" "Mozilla/5.0 (compatible; bingbot/2.0; +http://www.bing.com/bingbot.htm)"
13.66.139.14 - - [11/Jan/2021:23:29:10 +0100] "GET /-p-13271.html HTTP/1.0" 200 69192 "-" "Mozilla/5.0 (compatible; bingbot/2.0; +http://www.bing.com/bingbot.htm)"
13.66.139.14 - - [11/Jan/2021:23:29:10 +0100] "GET /-p-19741.html HTTP/1.0" 200 69192 "-" "Mozilla/5.0 (compatible; bingbot/2.0; +http://www.bing.com/bingbot.htm)"
13.66.139.14 - - [11/Jan/2021:23:29:11 +0100] "GET /tinkerbell-holly-figurine-ornement-collection-disney-p-17334.html HTTP/1.0" 301 69259 "-" "Mozilla/5.0 (compatible; bingbot/2.0; +http://www.bing.com/bingbot.htm)"
13.66.139.14 - - [11/Jan/2021:23:29:12 +0100] "GET /set-of-sticks-of-modeling-clay-by-play-doh-p-21534.html HTTP/1.0" 200 69399 "-" "Mozilla/5.0 (compatible; bingbot/2.0; +http://www.bing.com/bingbot.htm)"
13.66.139.14 - - [11/Jan/2021:23:29:13 +0100] "GET /-p-24259.html HTTP/1.0" 200 69192 "-" "Mozilla/5.0 (compatible; bingbot/2.0; +http://www.bing.com/bingbot.htm)"
13.66.139.14 - - [11/Jan/2021:23:29:14 +0100] "GET /-p-18787.html HTTP/1.0" 200 69192 "-" "Mozilla/5.0 (compatible; bingbot/2.0; +http://www.bing.com/bingbot.htm)"
13.66.139.14 - - [11/Jan/2021:23:29:15 +0100] "GET /-p-18160.html HTTP/1.0" 200 69192 "-" "Mozilla/5.0 (compatible; bingbot/2.0; +http://www.bing.com/bingbot.htm)"
