114.119.158.196 - - [11/Jan/2021:05:32:00 +0100] "GET /images/big_prod_1/8424001604692B.jpg HTTP/1.0" 200 271 "-" "Mozilla/5.0 (Linux; Android 7.0;) AppleWebKit/537.36 (KHTML, like Gecko) Mobile Safari/537.36 (compatible; PetalBot;+https://aspiegel.com/petalbot)"
40.77.167.56 - - [11/Jan/2021:05:32:01 +0100] "GET /images/8435333848159.jpg HTTP/1.0" 200 259 "-" "Mozilla/5.0 (compatible; bingbot/2.0; +http://www.bing.com/bingbot.htm)"
54.36.148.87 - - [11/Jan/2021:05:32:15 +0100] "GET /cardboard-boxes-and-storage-c-13_150_216.html HTTP/1.0" 200 77444 "-" "Mozilla/5.0 (compatible; AhrefsBot/7.0; +http://ahrefs.com/robot/)"
106.38.241.190 - - [11/Jan/2021:05:32:19 +0100] "GET / HTTP/1.0" 200 150253 "-" "Sogou web spider/4.0(+http://www.sogou.com/docs/help/webmasters.htm#07)"
185.191.171.33 - - [11/Jan/2021:05:32:21 +0100] "GET /planes-cushion-p-25909.html HTTP/1.0" 200 71739 "-" "Mozilla/5.0 (compatible; SemrushBot/7~bl; +http://www.semrush.com/bot.html)"
185.191.171.2 - - [11/Jan/2021:05:32:24 +0100] "GET /industrial-pouf-storage-box-large-size-36-cm-only-p-45098.html HTTP/1.0" 200 72852 "-" "Mozilla/5.0 (compatible; SemrushBot/7~bl; +http://www.semrush.com/bot.html)"
185.191.171.1 - - [11/Jan/2021:05:32:27 +0100] "GET /mobile-bells-metal-elephants-p-41509.html HTTP/1.0" 200 71896 "-" "Mozilla/5.0 (compatible; SemrushBot/7~bl; +http://www.semrush.com/bot.html)"
185.191.171.34 - - [11/Jan/2021:05:32:30 +0100] "GET /basket-in-braided-willow-31-cm-p-49696.html HTTP/1.0" 200 71930 "-" "Mozilla/5.0 (compatible; SemrushBot/7~bl; +http://www.semrush.com/bot.html)"
207.46.13.239 - - [11/Jan/2021:05:33:05 +0100] "GET /images/4025055994865.jpg HTTP/1.0" 200 259 "-" "Mozilla/5.0 (compatible; bingbot/2.0; +http://www.bing.com/bingbot.htm)"
185.191.171.25 - - [11/Jan/2021:05:33:08 +0100] "GET /poppies-wall-sticker-p-38342.html HTTP/1.0" 301 69259 "-" "Mozilla/5.0 (compatible; SemrushBot/7~bl; +http://www.semrush.com/bot.html)"
207.46.13.229 - - [11/Jan/2021:05:33:10 +0100] "GET /images/5411329064317.jpg HTTP/1.0" 200 259 "-" "Mozilla/5.0 (compatible; bingbot/2.0; +http://www.bing.com/bingbot.htm)"
185.191.171.40 - - [11/Jan/2021:05:33:11 +0100] "GET /-p-38342.html HTTP/1.0" 200 69192 "-" "Mozilla/5.0 (compatible; SemrushBot/7~bl; +http://www.semrush.com/bot.html)"
185.191.171.20 - - [11/Jan/2021:05:33:18 +0100] "GET /flamingo-cushion-by-cbkreation-p-43238.html HTTP/1.0" 200 72183 "-" "Mozilla/5.0 (compatible; SemrushBot/7~bl; +http://www.semrush.com/bot.html)"
185.191.171.45 - - [11/Jan/2021:05:33:29 +0100] "GET /soft-toys-security-blanket-c-4_46.html?page=11 HTTP/1.0" 200 91445 "-" "Mozilla/5.0 (compatible; SemrushBot/7~bl; +http://www.semrush.com/bot.html)"
66.249.66.95 - - [11/Jan/2021:05:33:34 +0100] "GET /images/mini_prod/3384370185084.gif HTTP/1.0" 200 268 "-" "Googlebot-Image/1.0"
66.249.66.64 - - [11/Jan/2021:05:33:35 +0100] "GET /images/mini_prod/3384371185076b.jpg HTTP/1.0" 200 270 "-" "Googlebot-Image/1.0"
207.46.13.239 - - [11/Jan/2021:05:33:45 +0100] "GET /images/big_prod_3/a5018997628232.jpg HTTP/1.0" 200 271 "-" "Mozilla/5.0 (compatible; bingbot/2.0; +http://www.bing.com/bingbot.htm)"
185.191.171.18 - - [11/Jan/2021:05:34:23 +0100] "GET /cars-disney-children-stool-p-18808.html HTTP/1.0" 200 72115 "-" "Mozilla/5.0 (compatible; SemrushBot/7~bl; +http://www.semrush.com/bot.html)"
185.191.171.37 - - [11/Jan/2021:05:34:46 +0100] "GET /panda-paris-glass-coasters-p-46533.html HTTP/1.0" 200 71851 "-" "Mozilla/5.0 (compatible; SemrushBot/7~bl; +http://www.semrush.com/bot.html)"
54.36.148.185 - - [11/Jan/2021:05:35:13 +0100] "GET /nerf-strike-elite-strongarm-p-34581.html HTTP/1.0" 301 69259 "-" "Mozilla/5.0 (compatible; AhrefsBot/7.0; +http://ahrefs.com/robot/)"
40.77.167.56 - - [11/Jan/2021:05:35:14 +0100] "GET /images/3521320003306.jpg HTTP/1.0" 200 259 "-" "Mozilla/5.0 (compatible; bingbot/2.0; +http://www.bing.com/bingbot.htm)"
40.77.167.56 - - [11/Jan/2021:05:35:14 +0100] "GET /handy-manny-pencil-case-p-13370.html HTTP/1.0" 200 72216 "-" "Mozilla/5.0 (compatible; bingbot/2.0; +http://www.bing.com/bingbot.htm)"
13.66.139.14 - - [11/Jan/2021:05:35:19 +0100] "GET /bottle-holder-beer-bucket-c-12_224.html?page=2 HTTP/1.0" 200 89939 "-" "Mozilla/5.0 (compatible; bingbot/2.0; +http://www.bing.com/bingbot.htm)"
185.191.171.44 - - [11/Jan/2021:05:35:33 +0100] "GET /flowerblast-isothermic-stainless-steel-bottle-by-allen-p-52004.html HTTP/1.0" 200 72109 "-" "Mozilla/5.0 (compatible; SemrushBot/7~bl; +http://www.semrush.com/bot.html)"
157.55.39.220 - - [11/Jan/2021:05:35:51 +0100] "GET /images/big_prod/1384010205327.jpg HTTP/1.0" 200 268 "-" "Mozilla/5.0 (compatible; bingbot/2.0; +http://www.bing.com/bingbot.htm)"
185.191.171.4 - - [11/Jan/2021:05:35:54 +0100] "GET /coca-cola-beach-towel-p-24599.html HTTP/1.0" 200 69288 "-" "Mozilla/5.0 (compatible; SemrushBot/7~bl; +http://www.semrush.com/bot.html)"
185.191.171.36 - - [11/Jan/2021:05:35:58 +0100] "GET /wooden-boxes-and-storage-c-13_150_220.html?page=5 HTTP/1.0" 200 78206 "-" "Mozilla/5.0 (compatible; SemrushBot/7~bl; +http://www.semrush.com/bot.html)"
114.119.151.113 - - [11/Jan/2021:05:36:23 +0100] "GET /images/big_prod/3700786500356.jpg HTTP/1.0" 200 268 "-" "Mozilla/5.0 (Linux; Android 7.0;) AppleWebKit/537.36 (KHTML, like Gecko) Mobile Safari/537.36 (compatible; PetalBot;+https://aspiegel.com/petalbot)"
54.36.148.228 - - [11/Jan/2021:05:36:25 +0100] "GET /paris-my-love-bedclothes-140-200-cm-p-36343.html HTTP/1.0" 301 69259 "-" "Mozilla/5.0 (compatible; AhrefsBot/7.0; +http://ahrefs.com/robot/)"
185.191.171.42 - - [11/Jan/2021:05:36:26 +0100] "GET /decorative-wooden-plate-chien-mechant-azure-blue-p-47799.html HTTP/1.0" 200 72281 "-" "Mozilla/5.0 (compatible; SemrushBot/7~bl; +http://www.semrush.com/bot.html)"
185.191.171.26 - - [11/Jan/2021:05:36:32 +0100] "GET /teo-jasmin-blue-melamine-tray-p-50098.html HTTP/1.0" 200 69298 "-" "Mozilla/5.0 (compatible; SemrushBot/7~bl; +http://www.semrush.com/bot.html)"
207.46.13.26 - - [11/Jan/2021:05:36:34 +0100] "GET /swfobject.js HTTP/1.0" 404 1308 "-" "Mozilla/5.0 (compatible; bingbot/2.0; +http://www.bing.com/bingbot.htm)"
54.36.149.62 - - [11/Jan/2021:05:36:36 +0100] "GET /wallet-c-31_237.html HTTP/1.0" 200 90633 "-" "Mozilla/5.0 (compatible; AhrefsBot/7.0; +http://ahrefs.com/robot/)"
207.46.13.239 - - [11/Jan/2021:05:36:44 +0100] "GET /italian-dolce-vita-black-women-tee-shirt-p-30958.html HTTP/1.0" 200 73922 "-" "Mozilla/5.0 (compatible; bingbot/2.0; +http://www.bing.com/bingbot.htm)"
51.68.224.127 - - [11/Jan/2021:05:36:47 +0100] "GET /adminweb/export_orders_xml.php?token=256de2z6edz6ed2z6DFSFsed2zed6zeDSFDSGdzedezfzf&maxorders=10&orderstart=1&status=14&start_date=2018-10-01 HTTP/1.0" 200 285 "-" "GesCom CharlotteBoutik Serveur"
51.68.224.127 - - [11/Jan/2021:05:36:47 +0100] "GET /adminweb/export_orders_xml.php?token=256de2z6edz6ed2z6DFSFsed2zed6zeDSFDSGdzedezfzf&maxorders=10&orderstart=1&status=6&start_date=2018-10-01 HTTP/1.0" 200 29990 "-" "GesCom CharlotteBoutik Serveur"
185.191.171.17 - - [11/Jan/2021:05:36:49 +0100] "GET /adults-c-53.html?page=15 HTTP/1.0" 200 79123 "-" "Mozilla/5.0 (compatible; SemrushBot/7~bl; +http://www.semrush.com/bot.html)"
185.191.171.40 - - [11/Jan/2021:05:36:52 +0100] "GET /holder-for-sticks-and-incense-cones-fatma-hand-p-43934.html HTTP/1.0" 200 72142 "-" "Mozilla/5.0 (compatible; SemrushBot/7~bl; +http://www.semrush.com/bot.html)"
157.55.39.220 - - [11/Jan/2021:05:36:52 +0100] "GET /images/big_prod/3589362850098.jpg HTTP/1.0" 200 268 "-" "Mozilla/5.0 (compatible; bingbot/2.0; +http://www.bing.com/bingbot.htm)"
185.191.171.19 - - [11/Jan/2021:05:36:54 +0100] "GET /green-adult-cotton-apron-p-44361.html HTTP/1.0" 200 71816 "-" "Mozilla/5.0 (compatible; SemrushBot/7~bl; +http://www.semrush.com/bot.html)"
185.191.171.44 - - [11/Jan/2021:05:37:06 +0100] "GET /betty-boop-photo-frame-p-17824.html HTTP/1.0" 200 71872 "-" "Mozilla/5.0 (compatible; SemrushBot/7~bl; +http://www.semrush.com/bot.html)"
185.191.171.33 - - [11/Jan/2021:05:37:09 +0100] "GET /sticker-un-tit-cafe-70-cm-p-49079.html HTTP/1.0" 200 71958 "-" "Mozilla/5.0 (compatible; SemrushBot/7~bl; +http://www.semrush.com/bot.html)"
54.36.149.106 - - [11/Jan/2021:05:37:31 +0100] "GET /drachme-money-box-by-cbk-p-24142.html HTTP/1.0" 301 72027 "-" "Mozilla/5.0 (compatible; AhrefsBot/7.0; +http://ahrefs.com/robot/)"
185.191.171.4 - - [11/Jan/2021:05:37:36 +0100] "GET /doll-minisophie-dangling-plush-30-cm-p-33420.html HTTP/1.0" 301 69259 "-" "Mozilla/5.0 (compatible; SemrushBot/7~bl; +http://www.semrush.com/bot.html)"
185.191.171.1 - - [11/Jan/2021:05:37:38 +0100] "GET /-p-33420.html HTTP/1.0" 200 69192 "-" "Mozilla/5.0 (compatible; SemrushBot/7~bl; +http://www.semrush.com/bot.html)"
185.191.171.43 - - [11/Jan/2021:05:37:56 +0100] "GET /large-metal-plate-light-arrow-p-47990.html HTTP/1.0" 200 69302 "-" "Mozilla/5.0 (compatible; SemrushBot/7~bl; +http://www.semrush.com/bot.html)"
157.55.39.110 - - [11/Jan/2021:05:38:05 +0100] "GET /images/med_prod/00000000corsica.jpg HTTP/1.0" 200 270 "-" "Mozilla/5.0 (compatible; bingbot/2.0; +http://www.bing.com/bingbot.htm)"
185.191.171.19 - - [11/Jan/2021:05:39:03 +0100] "GET /usa-grey-tee-shirt-p-33811.html HTTP/1.0" 200 73719 "-" "Mozilla/5.0 (compatible; SemrushBot/7~bl; +http://www.semrush.com/bot.html)"
40.77.167.56 - - [11/Jan/2021:05:39:24 +0100] "GET /images/med_prod/1328399077830.jpg HTTP/1.0" 200 268 "-" "Mozilla/5.0 (compatible; bingbot/2.0; +http://www.bing.com/bingbot.htm)"
185.191.171.24 - - [11/Jan/2021:05:39:42 +0100] "GET /laissez-lucie-faire-liberty-adult-apron-p-39875.html HTTP/1.0" 200 71936 "-" "Mozilla/5.0 (compatible; SemrushBot/7~bl; +http://www.semrush.com/bot.html)"
185.191.171.18 - - [11/Jan/2021:05:40:12 +0100] "GET /light-grey-fitted-sheet-160-200-cm-p-41416.html HTTP/1.0" 200 71923 "-" "Mozilla/5.0 (compatible; SemrushBot/7~bl; +http://www.semrush.com/bot.html)"
185.191.171.21 - - [11/Jan/2021:05:40:26 +0100] "GET /resin-statue-little-monk-in-yellow-dress-p-51510.html HTTP/1.0" 200 72028 "-" "Mozilla/5.0 (compatible; SemrushBot/7~bl; +http://www.semrush.com/bot.html)"
185.191.171.45 - - [11/Jan/2021:05:40:28 +0100] "GET /robots.txt HTTP/1.0" 200 245 "-" "Mozilla/5.0 (compatible; SemrushBot/7~bl; +http://www.semrush.com/bot.html)"
185.191.171.6 - - [11/Jan/2021:05:40:29 +0100] "GET /maisy-bowl-p-19457.html HTTP/1.0" 200 69233 "-" "Mozilla/5.0 (compatible; SemrushBot/7~bl; +http://www.semrush.com/bot.html)"
185.191.171.16 - - [11/Jan/2021:05:40:35 +0100] "GET /britto-flower-pill-box-p-32625.html HTTP/1.0" 200 69293 "-" "Mozilla/5.0 (compatible; SemrushBot/7~bl; +http://www.semrush.com/bot.html)"
185.191.171.19 - - [11/Jan/2021:05:40:38 +0100] "GET /mug-with-infuser-for-tea-asia-pink-p-52651.html HTTP/1.0" 200 71944 "-" "Mozilla/5.0 (compatible; SemrushBot/7~bl; +http://www.semrush.com/bot.html)"
185.191.171.19 - - [11/Jan/2021:05:40:42 +0100] "GET /frozen-small-box-p-40841.html HTTP/1.0" 301 69259 "-" "Mozilla/5.0 (compatible; SemrushBot/7~bl; +http://www.semrush.com/bot.html)"
185.191.171.22 - - [11/Jan/2021:05:40:45 +0100] "GET /-p-40841.html HTTP/1.0" 200 69192 "-" "Mozilla/5.0 (compatible; SemrushBot/7~bl; +http://www.semrush.com/bot.html)"
114.119.154.200 - - [11/Jan/2021:05:40:46 +0100] "GET /bolster-case-45-185-cm-grey-p-36588.html HTTP/1.0" 200 72101 "-" "Mozilla/5.0 (Linux; Android 7.0;) AppleWebKit/537.36 (KHTML, like Gecko) Mobile Safari/537.36 (compatible; PetalBot;+https://aspiegel.com/petalbot)"
185.191.171.33 - - [11/Jan/2021:05:41:14 +0100] "GET /corsica-phone-cover-for-iphone-cbkreation-p-13963.html HTTP/1.0" 200 69361 "-" "Mozilla/5.0 (compatible; SemrushBot/7~bl; +http://www.semrush.com/bot.html)"
54.36.148.114 - - [11/Jan/2021:05:41:16 +0100] "GET /wastebasket-c-129_184.html HTTP/1.0" 200 82151 "-" "Mozilla/5.0 (compatible; AhrefsBot/7.0; +http://ahrefs.com/robot/)"
185.191.171.9 - - [11/Jan/2021:05:41:19 +0100] "GET /boxes-and-storage-box-c-13_150.html?page=4 HTTP/1.0" 200 93461 "-" "Mozilla/5.0 (compatible; SemrushBot/7~bl; +http://www.semrush.com/bot.html)"
185.191.171.5 - - [11/Jan/2021:05:42:11 +0100] "GET /nintendo-logo-laptop-cover-p-17627.html HTTP/1.0" 200 74590 "-" "Mozilla/5.0 (compatible; SemrushBot/7~bl; +http://www.semrush.com/bot.html)"
185.191.171.7 - - [11/Jan/2021:05:42:19 +0100] "GET /verona-sheer-eyelet-curtain-135-260-cm-p-38908.html HTTP/1.0" 200 74998 "-" "Mozilla/5.0 (compatible; SemrushBot/7~bl; +http://www.semrush.com/bot.html)"
185.191.171.23 - - [11/Jan/2021:05:42:52 +0100] "GET /harley-davidson-large-metal-plate-p-40291.html HTTP/1.0" 200 71974 "-" "Mozilla/5.0 (compatible; SemrushBot/7~bl; +http://www.semrush.com/bot.html)"
157.55.39.22 - - [11/Jan/2021:05:43:04 +0100] "GET /french-riviera-white-and-pink-large-shopping-bag-p-38647.html HTTP/1.0" 200 72340 "-" "Mozilla/5.0 (compatible; bingbot/2.0; +http://www.bing.com/bingbot.htm)"
185.191.171.18 - - [11/Jan/2021:05:43:19 +0100] "GET /fitted-sheet-c-11_193.html?page=3 HTTP/1.0" 200 90422 "-" "Mozilla/5.0 (compatible; SemrushBot/7~bl; +http://www.semrush.com/bot.html)"
185.191.171.12 - - [11/Jan/2021:05:43:36 +0100] "GET /rapunzel-story-book-figure-collection-p-29063.html HTTP/1.0" 200 72266 "-" "Mozilla/5.0 (compatible; SemrushBot/7~bl; +http://www.semrush.com/bot.html)"
66.249.66.66 - - [11/Jan/2021:05:43:38 +0100] "GET /indian-craft-box-drawers-p-37257.html HTTP/1.0" 200 72176 "-" "Mozilla/5.0 (Linux; Android 6.0.1; Nexus 5X Build/MMB29P) AppleWebKit/537.36 (KHTML, like Gecko) Chrome/87.0.4280.90 Mobile Safari/537.36 (compatible; Googlebot/2.1; +http://www.google.com/bot.html)"
185.191.171.4 - - [11/Jan/2021:05:43:49 +0100] "GET /disney-princesses-cardigan-p-31129.html HTTP/1.0" 200 73326 "-" "Mozilla/5.0 (compatible; SemrushBot/7~bl; +http://www.semrush.com/bot.html)"
40.77.167.56 - - [11/Jan/2021:05:43:57 +0100] "GET /backpacks-c-31_77.html?page=6 HTTP/1.0" 200 87488 "-" "Mozilla/5.0 (compatible; bingbot/2.0; +http://www.bing.com/bingbot.htm)"
185.191.171.24 - - [11/Jan/2021:05:44:11 +0100] "GET /white-cotton-kitchen-towel-45-70-cm-le-chat-noir-p-42548.html HTTP/1.0" 200 69390 "-" "Mozilla/5.0 (compatible; SemrushBot/7~bl; +http://www.semrush.com/bot.html)"
157.55.39.220 - - [11/Jan/2021:05:44:20 +0100] "GET /highslide/highslide.js HTTP/1.0" 200 262 "-" "Mozilla/5.0 (compatible; bingbot/2.0; +http://www.bing.com/bingbot.htm)"
185.191.171.18 - - [11/Jan/2021:05:44:47 +0100] "GET /coated-placemat-azulejos-p-51358.html HTTP/1.0" 200 71889 "-" "Mozilla/5.0 (compatible; SemrushBot/7~bl; +http://www.semrush.com/bot.html)"
207.46.13.239 - - [11/Jan/2021:05:45:03 +0100] "GET /images/big_prod/8433933684863.jpg HTTP/1.0" 200 268 "-" "Mozilla/5.0 (compatible; bingbot/2.0; +http://www.bing.com/bingbot.htm)"
114.119.129.36 - - [11/Jan/2021:05:45:09 +0100] "GET /images/mini_prod/8718657462851.jpg HTTP/1.0" 200 269 "-" "Mozilla/5.0 (Linux; Android 7.0;) AppleWebKit/537.36 (KHTML, like Gecko) Mobile Safari/537.36 (compatible; PetalBot;+https://aspiegel.com/petalbot)"
40.77.167.56 - - [11/Jan/2021:05:45:35 +0100] "GET /images/4008421369119.jpg HTTP/1.0" 200 259 "-" "Mozilla/5.0 (compatible; bingbot/2.0; +http://www.bing.com/bingbot.htm)"
185.191.171.10 - - [11/Jan/2021:05:45:39 +0100] "GET /chairs-and-stools-c-13_207.html HTTP/1.0" 200 77897 "-" "Mozilla/5.0 (compatible; SemrushBot/7~bl; +http://www.semrush.com/bot.html)"
185.191.171.18 - - [11/Jan/2021:05:45:53 +0100] "GET /glass-cutting-board-by-cbkreation-p-51288.html HTTP/1.0" 200 71912 "-" "Mozilla/5.0 (compatible; SemrushBot/7~bl; +http://www.semrush.com/bot.html)"
185.191.171.10 - - [11/Jan/2021:05:45:57 +0100] "GET /flamingo-tisaniere-p-42272.html HTTP/1.0" 200 71856 "-" "Mozilla/5.0 (compatible; SemrushBot/7~bl; +http://www.semrush.com/bot.html)"
185.191.171.21 - - [11/Jan/2021:05:45:59 +0100] "GET /dishes-c-13_12.html?page=124 HTTP/1.0" 200 91323 "-" "Mozilla/5.0 (compatible; SemrushBot/7~bl; +http://www.semrush.com/bot.html)"
54.36.148.87 - - [11/Jan/2021:05:46:00 +0100] "GET /pine-wood-chest-p-53538.html HTTP/1.0" 200 72403 "-" "Mozilla/5.0 (compatible; AhrefsBot/7.0; +http://ahrefs.com/robot/)"
207.46.13.229 - - [11/Jan/2021:05:46:00 +0100] "GET /images/5110994699472.jpg HTTP/1.0" 200 259 "-" "Mozilla/5.0 (compatible; bingbot/2.0; +http://www.bing.com/bingbot.htm)"
185.191.171.44 - - [11/Jan/2021:05:46:01 +0100] "GET /teo-jasmin-large-cabas-jasmine-diner-shadow-p-38685.html HTTP/1.0" 200 69332 "-" "Mozilla/5.0 (compatible; SemrushBot/7~bl; +http://www.semrush.com/bot.html)"
66.249.66.64 - - [11/Jan/2021:05:46:34 +0100] "GET /images/mini_prod/1384010190647.jpg HTTP/1.0" 200 269 "-" "Googlebot-Image/1.0"
207.46.13.229 - - [11/Jan/2021:05:46:38 +0100] "GET /images/med_prod/4036113803029.jpg HTTP/1.0" 200 268 "-" "Mozilla/5.0 (compatible; bingbot/2.0; +http://www.bing.com/bingbot.htm)"
157.55.39.22 - - [11/Jan/2021:05:46:48 +0100] "GET /images/9316188050197.jpg HTTP/1.0" 200 259 "-" "Mozilla/5.0 (compatible; bingbot/2.0; +http://www.bing.com/bingbot.htm)"
185.191.171.35 - - [11/Jan/2021:05:46:48 +0100] "GET /votive-candle-sugar-and-spice-p-42626.html HTTP/1.0" 200 72500 "-" "Mozilla/5.0 (compatible; SemrushBot/7~bl; +http://www.semrush.com/bot.html)"
185.191.171.6 - - [11/Jan/2021:05:46:55 +0100] "GET /glitter-adhesive-roll-45-150-cm-grey-p-42999.html HTTP/1.0" 200 72153 "-" "Mozilla/5.0 (compatible; SemrushBot/7~bl; +http://www.semrush.com/bot.html)"
157.55.39.22 - - [11/Jan/2021:05:46:56 +0100] "GET /disney-princess-sunglasses-for-child-p-29950.html HTTP/1.0" 200 69363 "-" "Mozilla/5.0 (compatible; bingbot/2.0; +http://www.bing.com/bingbot.htm)"
185.191.171.12 - - [11/Jan/2021:05:46:57 +0100] "GET /corsica-poster-50-70-cm-p-42453.html HTTP/1.0" 200 71888 "-" "Mozilla/5.0 (compatible; SemrushBot/7~bl; +http://www.semrush.com/bot.html)"
185.191.171.14 - - [11/Jan/2021:05:47:21 +0100] "GET /smiski-figure-series-toilet-note-there-is-single-figure-p-43107.html HTTP/1.0" 200 72532 "-" "Mozilla/5.0 (compatible; SemrushBot/7~bl; +http://www.semrush.com/bot.html)"
185.191.171.6 - - [11/Jan/2021:05:47:24 +0100] "GET /paris-glass-wall-clock-p-10446.html HTTP/1.0" 200 71830 "-" "Mozilla/5.0 (compatible; SemrushBot/7~bl; +http://www.semrush.com/bot.html)"
157.55.39.110 - - [11/Jan/2021:05:47:25 +0100] "GET /images/med_prod/00000000000000corseg.jpg HTTP/1.0" 200 275 "-" "Mozilla/5.0 (compatible; bingbot/2.0; +http://www.bing.com/bingbot.htm)"
207.46.13.229 - - [11/Jan/2021:05:47:30 +0100] "GET /images/720322259794.jpg HTTP/1.0" 200 258 "-" "Mozilla/5.0 (compatible; bingbot/2.0; +http://www.bing.com/bingbot.htm)"
185.191.171.15 - - [11/Jan/2021:05:48:28 +0100] "GET /emperor-qin-terracotta-soldier-statuette-p-50012.html HTTP/1.0" 200 72882 "-" "Mozilla/5.0 (compatible; SemrushBot/7~bl; +http://www.semrush.com/bot.html)"
207.46.13.229 - - [11/Jan/2021:05:49:09 +0100] "GET /images/8009233802209.jpg HTTP/1.0" 200 259 "-" "Mozilla/5.0 (compatible; bingbot/2.0; +http://www.bing.com/bingbot.htm)"
157.55.39.22 - - [11/Jan/2021:05:49:13 +0100] "GET /disney-princess-birthday-3d-card-with-envelope-p-34453.html HTTP/1.0" 200 69413 "-" "Mozilla/5.0 (compatible; bingbot/2.0; +http://www.bing.com/bingbot.htm)"
207.46.13.26 - - [11/Jan/2021:05:49:18 +0100] "GET /swfobject.js HTTP/1.0" 404 1308 "-" "Mozilla/5.0 (compatible; bingbot/2.0; +http://www.bing.com/bingbot.htm)"
185.191.171.12 - - [11/Jan/2021:05:49:26 +0100] "GET /bamboo-black-tray-p-48014.html HTTP/1.0" 200 69250 "-" "Mozilla/5.0 (compatible; SemrushBot/7~bl; +http://www.semrush.com/bot.html)"
114.119.144.233 - - [11/Jan/2021:05:49:32 +0100] "GET /images/big_prod/8424346542635.jpg HTTP/1.0" 200 268 "-" "Mozilla/5.0 (Linux; Android 7.0;) AppleWebKit/537.36 (KHTML, like Gecko) Mobile Safari/537.36 (compatible; PetalBot;+https://aspiegel.com/petalbot)"
185.191.171.15 - - [11/Jan/2021:05:49:34 +0100] "GET /blue-surfboard-wooden-wall-decoration-p-42117.html HTTP/1.0" 301 69259 "-" "Mozilla/5.0 (compatible; SemrushBot/7~bl; +http://www.semrush.com/bot.html)"
185.191.171.26 - - [11/Jan/2021:05:49:36 +0100] "GET /-p-42117.html HTTP/1.0" 200 69192 "-" "Mozilla/5.0 (compatible; SemrushBot/7~bl; +http://www.semrush.com/bot.html)"
185.191.171.14 - - [11/Jan/2021:05:49:41 +0100] "GET /candys-clock-by-cbkreation-p-24405.html HTTP/1.0" 200 71965 "-" "Mozilla/5.0 (compatible; SemrushBot/7~bl; +http://www.semrush.com/bot.html)"
207.46.13.239 - - [11/Jan/2021:05:49:46 +0100] "GET /images/big_prod/1384010204054.jpg HTTP/1.0" 200 268 "-" "Mozilla/5.0 (compatible; bingbot/2.0; +http://www.bing.com/bingbot.htm)"
185.191.171.20 - - [11/Jan/2021:05:49:51 +0100] "GET /wind-chime-agate-purple-p-47043.html HTTP/1.0" 200 72713 "-" "Mozilla/5.0 (compatible; SemrushBot/7~bl; +http://www.semrush.com/bot.html)"
207.46.13.26 - - [11/Jan/2021:05:49:58 +0100] "GET /images/big_prod/mickey1384010188521.jpg HTTP/1.0" 200 274 "-" "Mozilla/5.0 (compatible; bingbot/2.0; +http://www.bing.com/bingbot.htm)"
185.191.171.9 - - [11/Jan/2021:05:50:15 +0100] "GET /bowl-oh-please-sand-inside-made-in-germany-p-53184.html HTTP/1.0" 200 73319 "-" "Mozilla/5.0 (compatible; SemrushBot/7~bl; +http://www.semrush.com/bot.html)"
66.249.66.64 - - [11/Jan/2021:05:50:22 +0100] "GET /quote-wall-sticker-tout-travail-merite-sa-biere-p-53543.html HTTP/1.0" 200 72934 "-" "Mozilla/5.0 (Linux; Android 6.0.1; Nexus 5X Build/MMB29P) AppleWebKit/537.36 (KHTML, like Gecko) Chrome/87.0.4280.90 Mobile Safari/537.36 (compatible; Googlebot/2.1; +http://www.google.com/bot.html)"
185.191.171.3 - - [11/Jan/2021:05:50:24 +0100] "GET /cat-ceramic-timbale-p-48627.html HTTP/1.0" 200 71777 "-" "Mozilla/5.0 (compatible; SemrushBot/7~bl; +http://www.semrush.com/bot.html)"
185.191.171.41 - - [11/Jan/2021:05:50:33 +0100] "GET /basket-in-black-and-natural-palm-leaves-38-28-cm-p-48057.html HTTP/1.0" 200 72076 "-" "Mozilla/5.0 (compatible; SemrushBot/7~bl; +http://www.semrush.com/bot.html)"
185.191.171.16 - - [11/Jan/2021:05:50:38 +0100] "GET /winnie-the-pooh-pirate-figure-p-4716.html HTTP/1.0" 200 71990 "-" "Mozilla/5.0 (compatible; SemrushBot/7~bl; +http://www.semrush.com/bot.html)"
54.36.148.111 - - [11/Jan/2021:05:50:43 +0100] "GET /body-talk-man-resin-statue-p-53532.html HTTP/1.0" 200 71955 "-" "Mozilla/5.0 (compatible; AhrefsBot/7.0; +http://ahrefs.com/robot/)"
40.77.167.56 - - [11/Jan/2021:05:50:58 +0100] "GET /images/3519570005560.jpg HTTP/1.0" 200 259 "-" "Mozilla/5.0 (compatible; bingbot/2.0; +http://www.bing.com/bingbot.htm)"
185.191.171.8 - - [11/Jan/2021:05:51:02 +0100] "GET /tetsubin-black-teapot-japanese-07-liter-p-49380.html HTTP/1.0" 200 69340 "-" "Mozilla/5.0 (compatible; SemrushBot/7~bl; +http://www.semrush.com/bot.html)"
185.191.171.12 - - [11/Jan/2021:05:51:05 +0100] "GET /home-and-decoration-c-13.html?page=241 HTTP/1.0" 200 92191 "-" "Mozilla/5.0 (compatible; SemrushBot/7~bl; +http://www.semrush.com/bot.html)"
185.191.171.34 - - [11/Jan/2021:05:51:31 +0100] "GET /houndstooth-russian-doll-black-cover-ipad-by-cbkreation-p-18430.html HTTP/1.0" 200 69443 "-" "Mozilla/5.0 (compatible; SemrushBot/7~bl; +http://www.semrush.com/bot.html)"
185.191.171.4 - - [11/Jan/2021:05:52:11 +0100] "GET /welcome-door-mat-coconut-fiber-p-45691.html HTTP/1.0" 301 69259 "-" "Mozilla/5.0 (compatible; SemrushBot/7~bl; +http://www.semrush.com/bot.html)"
157.55.39.220 - - [11/Jan/2021:05:52:14 +0100] "GET /images/big_prod/4025055092158NN.jpg HTTP/1.0" 200 270 "-" "Mozilla/5.0 (compatible; bingbot/2.0; +http://www.bing.com/bingbot.htm)"
185.191.171.24 - - [11/Jan/2021:05:52:19 +0100] "GET /-p-45691.html HTTP/1.0" 200 69192 "-" "Mozilla/5.0 (compatible; SemrushBot/7~bl; +http://www.semrush.com/bot.html)"
185.191.171.16 - - [11/Jan/2021:05:52:26 +0100] "GET /mat-for-bowls-chat-thon-p-46830.html HTTP/1.0" 200 71692 "-" "Mozilla/5.0 (compatible; SemrushBot/7~bl; +http://www.semrush.com/bot.html)"
51.68.224.127 - - [11/Jan/2021:05:53:17 +0100] "GET /adminweb/export_orders_xml.php?token=256de2z6edz6ed2z6DFSFsed2zed6zeDSFDSGdzedezfzf&maxorders=10&orderstart=1&status=14&start_date=2018-10-01 HTTP/1.0" 200 285 "-" "GesCom CharlotteBoutik Serveur"
51.68.224.127 - - [11/Jan/2021:05:53:17 +0100] "GET /adminweb/export_orders_xml.php?token=256de2z6edz6ed2z6DFSFsed2zed6zeDSFDSGdzedezfzf&maxorders=10&orderstart=1&status=6&start_date=2018-10-01 HTTP/1.0" 200 29990 "-" "GesCom CharlotteBoutik Serveur"
185.191.171.6 - - [11/Jan/2021:05:53:26 +0100] "GET /the-little-prince-soap-box-10-65-28-cm-p-40111.html HTTP/1.0" 200 72194 "-" "Mozilla/5.0 (compatible; SemrushBot/7~bl; +http://www.semrush.com/bot.html)"
157.55.39.22 - - [11/Jan/2021:05:53:39 +0100] "GET /images/5018997517574.jpg HTTP/1.0" 200 259 "-" "Mozilla/5.0 (compatible; bingbot/2.0; +http://www.bing.com/bingbot.htm)"
185.191.171.38 - - [11/Jan/2021:05:53:54 +0100] "GET /pot-for-flowers-boho-11-cm-p-50800.html HTTP/1.0" 301 72600 "-" "Mozilla/5.0 (compatible; SemrushBot/7~bl; +http://www.semrush.com/bot.html)"
114.119.151.113 - - [11/Jan/2021:05:53:55 +0100] "GET /images/big_prod/8422048012289.jpg HTTP/1.0" 200 268 "-" "Mozilla/5.0 (Linux; Android 7.0;) AppleWebKit/537.36 (KHTML, like Gecko) Mobile Safari/537.36 (compatible; PetalBot;+https://aspiegel.com/petalbot)"
185.191.171.21 - - [11/Jan/2021:05:53:56 +0100] "GET /pot-for-flowers-boho-10-cm-p-50800.html HTTP/1.0" 200 72507 "-" "Mozilla/5.0 (compatible; SemrushBot/7~bl; +http://www.semrush.com/bot.html)"
185.191.171.18 - - [11/Jan/2021:05:53:58 +0100] "GET /union-jack-carlin-phone-cover-for-iphone-by-cbkreation-p-30079.html HTTP/1.0" 200 69438 "-" "Mozilla/5.0 (compatible; SemrushBot/7~bl; +http://www.semrush.com/bot.html)"
185.191.171.38 - - [11/Jan/2021:05:54:05 +0100] "GET /wax-melt-bergamot-oak-moss-white-musk-p-46870.html HTTP/1.0" 200 72582 "-" "Mozilla/5.0 (compatible; SemrushBot/7~bl; +http://www.semrush.com/bot.html)"
185.191.171.3 - - [11/Jan/2021:05:54:07 +0100] "GET /gorjuss-scarf-bag-p-40519.html HTTP/1.0" 200 69250 "-" "Mozilla/5.0 (compatible; SemrushBot/7~bl; +http://www.semrush.com/bot.html)"
185.191.171.13 - - [11/Jan/2021:05:54:22 +0100] "GET /chair-cushion-reversible-red-and-lin-38-cm-p-39586.html HTTP/1.0" 200 72024 "-" "Mozilla/5.0 (compatible; SemrushBot/7~bl; +http://www.semrush.com/bot.html)"
157.55.39.22 - - [11/Jan/2021:05:54:41 +0100] "GET /pillow-case-75-75-cm-pink-light-p-33864.html HTTP/1.0" 200 72124 "-" "Mozilla/5.0 (compatible; bingbot/2.0; +http://www.bing.com/bingbot.htm)"
185.191.171.10 - - [11/Jan/2021:05:54:45 +0100] "GET /wiggles-gund-animated-plush-35-cm-p-40392.html HTTP/1.0" 301 69259 "-" "Mozilla/5.0 (compatible; SemrushBot/7~bl; +http://www.semrush.com/bot.html)"
185.191.171.16 - - [11/Jan/2021:05:54:47 +0100] "GET /-p-40392.html HTTP/1.0" 200 69192 "-" "Mozilla/5.0 (compatible; SemrushBot/7~bl; +http://www.semrush.com/bot.html)"
185.191.171.2 - - [11/Jan/2021:05:54:55 +0100] "GET /cats-white-mug-p-49734.html HTTP/1.0" 200 71725 "-" "Mozilla/5.0 (compatible; SemrushBot/7~bl; +http://www.semrush.com/bot.html)"
54.36.148.183 - - [11/Jan/2021:05:55:13 +0100] "GET /pine-wood-chest-p-53539.html HTTP/1.0" 200 71867 "-" "Mozilla/5.0 (compatible; AhrefsBot/7.0; +http://ahrefs.com/robot/)"
185.191.171.41 - - [11/Jan/2021:05:55:35 +0100] "GET /piston-skull-zippo-lighter-p-42864.html HTTP/1.0" 200 72307 "-" "Mozilla/5.0 (compatible; SemrushBot/7~bl; +http://www.semrush.com/bot.html)"
185.191.171.33 - - [11/Jan/2021:05:55:41 +0100] "GET /home-and-decoration/lighting/hello-kitty-ceiling-light-glass-p-16156.html HTTP/1.0" 301 69259 "-" "Mozilla/5.0 (compatible; SemrushBot/7~bl; +http://www.semrush.com/bot.html)"
185.191.171.37 - - [11/Jan/2021:05:55:43 +0100] "GET /-p-16156.html HTTP/1.0" 200 69192 "-" "Mozilla/5.0 (compatible; SemrushBot/7~bl; +http://www.semrush.com/bot.html)"
157.55.39.110 - - [11/Jan/2021:05:55:55 +0100] "GET /images/med_prod/5010994923167.jpg HTTP/1.0" 200 268 "-" "Mozilla/5.0 (compatible; bingbot/2.0; +http://www.bing.com/bingbot.htm)"
157.55.39.220 - - [11/Jan/2021:05:56:44 +0100] "GET /images/med_prod/0082686355285.jpg HTTP/1.0" 200 268 "-" "Mozilla/5.0 (compatible; bingbot/2.0; +http://www.bing.com/bingbot.htm)"
157.55.39.32 - - [11/Jan/2021:05:56:49 +0100] "GET /robots.txt HTTP/1.0" 301 531 "-" "Mozilla/5.0 (compatible; bingbot/2.0; +http://www.bing.com/bingbot.htm)"
40.77.167.56 - - [11/Jan/2021:05:56:49 +0100] "GET /images/4007176152140.jpg HTTP/1.0" 200 259 "-" "Mozilla/5.0 (compatible; bingbot/2.0; +http://www.bing.com/bingbot.htm)"
157.55.39.32 - - [11/Jan/2021:05:56:52 +0100] "GET /robots.txt HTTP/1.0" 200 245 "-" "Mozilla/5.0 (compatible; bingbot/2.0; +http://www.bing.com/bingbot.htm)"
185.191.171.19 - - [11/Jan/2021:05:57:02 +0100] "GET /wood-box-carved-hand-of-fatma-p-50146.html HTTP/1.0" 200 69302 "-" "Mozilla/5.0 (compatible; SemrushBot/7~bl; +http://www.semrush.com/bot.html)"
40.77.167.56 - - [11/Jan/2021:05:57:16 +0100] "GET /luggages-schoolbags-leather-shop/bagshandbags-shoulder-bags/hello-kitty-camomilla-blue-travel-bag-p-18126.html HTTP/1.0" 301 731 "-" "Mozilla/5.0 (compatible; bingbot/2.0; +http://www.bing.com/bingbot.htm)"
185.191.171.6 - - [11/Jan/2021:05:57:37 +0100] "GET /frames-angels-wall-stickers-20-70-cm-p-36144.html HTTP/1.0" 301 69259 "-" "Mozilla/5.0 (compatible; SemrushBot/7~bl; +http://www.semrush.com/bot.html)"
185.191.171.13 - - [11/Jan/2021:05:57:39 +0100] "GET /-p-36144.html HTTP/1.0" 200 69192 "-" "Mozilla/5.0 (compatible; SemrushBot/7~bl; +http://www.semrush.com/bot.html)"
185.191.171.1 - - [11/Jan/2021:05:57:49 +0100] "GET /pusheen-surprise-plush-mystery-box-series-p-43022.html HTTP/1.0" 301 69259 "-" "Mozilla/5.0 (compatible; SemrushBot/7~bl; +http://www.semrush.com/bot.html)"
207.46.13.26 - - [11/Jan/2021:05:57:50 +0100] "GET /images/med_prod/3609810031395.jpg HTTP/1.0" 200 268 "-" "Mozilla/5.0 (compatible; bingbot/2.0; +http://www.bing.com/bingbot.htm)"
185.191.171.42 - - [11/Jan/2021:05:57:52 +0100] "GET /-p-43022.html HTTP/1.0" 200 69192 "-" "Mozilla/5.0 (compatible; SemrushBot/7~bl; +http://www.semrush.com/bot.html)"
114.119.151.113 - - [11/Jan/2021:05:58:12 +0100] "GET /images/1399984249437.jpg HTTP/1.0" 200 259 "-" "Mozilla/5.0 (Linux; Android 7.0;) AppleWebKit/537.36 (KHTML, like Gecko) Mobile Safari/537.36 (compatible; PetalBot;+https://aspiegel.com/petalbot)"
185.191.171.41 - - [11/Jan/2021:05:58:12 +0100] "GET /so-british-metal-case-for-business-cards-p-11853.html HTTP/1.0" 200 72141 "-" "Mozilla/5.0 (compatible; SemrushBot/7~bl; +http://www.semrush.com/bot.html)"
185.191.171.44 - - [11/Jan/2021:05:58:16 +0100] "GET /decorative-wooden-plate-chien-mechant-red-herms-p-47803.html HTTP/1.0" 200 72279 "-" "Mozilla/5.0 (compatible; SemrushBot/7~bl; +http://www.semrush.com/bot.html)"
207.46.13.26 - - [11/Jan/2021:05:58:31 +0100] "GET /images/big_prod/8001011166282.jpg HTTP/1.0" 200 268 "-" "Mozilla/5.0 (compatible; bingbot/2.0; +http://www.bing.com/bingbot.htm)"
207.46.13.26 - - [11/Jan/2021:05:58:32 +0100] "GET /swfobject.js HTTP/1.0" 404 1308 "-" "Mozilla/5.0 (compatible; bingbot/2.0; +http://www.bing.com/bingbot.htm)"
185.191.171.17 - - [11/Jan/2021:05:58:33 +0100] "GET /dragonfly-wall-decoration-235-cm-p-40997.html HTTP/1.0" 200 71972 "-" "Mozilla/5.0 (compatible; SemrushBot/7~bl; +http://www.semrush.com/bot.html)"
13.66.139.153 - - [11/Jan/2021:05:58:47 +0100] "GET /-m-35.html?page=6 HTTP/1.0" 200 92881 "-" "Mozilla/5.0 (compatible; bingbot/2.0; +http://www.bing.com/bingbot.htm)"
207.46.13.229 - - [11/Jan/2021:05:58:52 +0100] "GET /images/big_prod/8422945482703.jpg HTTP/1.0" 200 268 "-" "Mozilla/5.0 (compatible; bingbot/2.0; +http://www.bing.com/bingbot.htm)"
185.191.171.22 - - [11/Jan/2021:05:58:57 +0100] "GET /cotton-floor-cushion-tiksi-40-40-30-cm-p-52934.html HTTP/1.0" 200 72832 "-" "Mozilla/5.0 (compatible; SemrushBot/7~bl; +http://www.semrush.com/bot.html)"
185.191.171.14 - - [11/Jan/2021:05:59:00 +0100] "GET /surfboard-ceramic-magnet-10-cm-p-42056.html HTTP/1.0" 200 69302 "-" "Mozilla/5.0 (compatible; SemrushBot/7~bl; +http://www.semrush.com/bot.html)"
185.191.171.7 - - [11/Jan/2021:05:59:09 +0100] "GET /cotton-floor-cushion-blue-45-cm-p-49654.html HTTP/1.0" 301 69259 "-" "Mozilla/5.0 (compatible; SemrushBot/7~bl; +http://www.semrush.com/bot.html)"
185.191.171.13 - - [11/Jan/2021:05:59:12 +0100] "GET /-p-49654.html HTTP/1.0" 200 69192 "-" "Mozilla/5.0 (compatible; SemrushBot/7~bl; +http://www.semrush.com/bot.html)"
185.191.171.10 - - [11/Jan/2021:05:59:17 +0100] "GET /home-and-decoration-c-13.html?page=138 HTTP/1.0" 200 91424 "-" "Mozilla/5.0 (compatible; SemrushBot/7~bl; +http://www.semrush.com/bot.html)"
54.36.148.87 - - [11/Jan/2021:05:59:22 +0100] "GET /duvet-cover-c-11_195.html HTTP/1.0" 200 90984 "-" "Mozilla/5.0 (compatible; AhrefsBot/7.0; +http://ahrefs.com/robot/)"
157.55.39.220 - - [11/Jan/2021:05:59:24 +0100] "GET /schleich-peanuts-snoopy-walking-p-35071.html HTTP/1.0" 200 72074 "-" "Mozilla/5.0 (compatible; bingbot/2.0; +http://www.bing.com/bingbot.htm)"
185.191.171.9 - - [11/Jan/2021:05:59:35 +0100] "GET /comptoir-du-cafe-oven-mitt-p-51422.html HTTP/1.0" 200 71915 "-" "Mozilla/5.0 (compatible; SemrushBot/7~bl; +http://www.semrush.com/bot.html)"
185.191.171.9 - - [11/Jan/2021:05:59:37 +0100] "GET /stones-rock-crystal-100-110-grams-p-46609.html?action=add_product HTTP/1.0" 302 476 "-" "Mozilla/5.0 (compatible; SemrushBot/7~bl; +http://www.semrush.com/bot.html)"
13.66.139.14 - - [11/Jan/2021:06:00:02 +0100] "GET /bagshandbags-shoulder-bags-c-31_81.html?page=2 HTTP/1.0" 200 96313 "-" "Mozilla/5.0 (compatible; bingbot/2.0; +http://www.bing.com/bingbot.htm)"
17.58.101.147 - - [11/Jan/2021:06:00:42 +0100] "GET /wax-melt-amber-forest-p-43766.html HTTP/1.0" 200 72431 "-" "Mozilla/5.0 (Macintosh; Intel Mac OS X 10_15_5) AppleWebKit/605.1.15 (KHTML, like Gecko) Version/13.1.1 Safari/605.1.15 (Applebot/0.1; +http://www.apple.com/go/applebot)"
185.191.171.33 - - [11/Jan/2021:06:01:08 +0100] "GET /teo-jasmin-small-box-p-41169.html HTTP/1.0" 200 71951 "-" "Mozilla/5.0 (compatible; SemrushBot/7~bl; +http://www.semrush.com/bot.html)"
40.77.167.56 - - [11/Jan/2021:06:01:22 +0100] "GET /images/big_prod/1384010188484.jpg HTTP/1.0" 200 268 "-" "Mozilla/5.0 (compatible; bingbot/2.0; +http://www.bing.com/bingbot.htm)"
185.191.171.39 - - [11/Jan/2021:06:01:29 +0100] "GET /the-green-life-wooden-tray-34-24-cm-p-45518.html HTTP/1.0" 200 72054 "-" "Mozilla/5.0 (compatible; SemrushBot/7~bl; +http://www.semrush.com/bot.html)"
185.191.171.40 - - [11/Jan/2021:06:01:39 +0100] "GET /wooden-and-zinc-tray-chez-claude-p-52673.html HTTP/1.0" 200 72007 "-" "Mozilla/5.0 (compatible; SemrushBot/7~bl; +http://www.semrush.com/bot.html)"
185.191.171.13 - - [11/Jan/2021:06:01:54 +0100] "GET /black-steampunk-clock-gears-satchel-bag-p-28990.html HTTP/1.0" 200 69338 "-" "Mozilla/5.0 (compatible; SemrushBot/7~bl; +http://www.semrush.com/bot.html)"
185.191.171.13 - - [11/Jan/2021:06:01:56 +0100] "GET /kimmi-junior-large-backpack-p-19838.html HTTP/1.0" 200 74091 "-" "Mozilla/5.0 (compatible; SemrushBot/7~bl; +http://www.semrush.com/bot.html)"
114.119.158.196 - - [11/Jan/2021:06:02:34 +0100] "GET /images/mini_prod/1399984257210.jpg HTTP/1.0" 200 269 "-" "Mozilla/5.0 (Linux; Android 7.0;) AppleWebKit/537.36 (KHTML, like Gecko) Mobile Safari/537.36 (compatible; PetalBot;+https://aspiegel.com/petalbot)"
185.191.171.3 - - [11/Jan/2021:06:02:43 +0100] "GET /fff-federation-francaise-de-football-backpack-p-52061.html HTTP/1.0" 200 72865 "-" "Mozilla/5.0 (compatible; SemrushBot/7~bl; +http://www.semrush.com/bot.html)"
185.191.171.44 - - [11/Jan/2021:06:02:45 +0100] "GET /forest-white-table-lamp-p-52975.html HTTP/1.0" 200 72529 "-" "Mozilla/5.0 (compatible; SemrushBot/7~bl; +http://www.semrush.com/bot.html)"
185.191.171.42 - - [11/Jan/2021:06:02:55 +0100] "GET /cat-and-cactus-set-cup-and-teapot-p-45201.html HTTP/1.0" 200 69348 "-" "Mozilla/5.0 (compatible; SemrushBot/7~bl; +http://www.semrush.com/bot.html)"
185.191.171.15 - - [11/Jan/2021:06:03:05 +0100] "GET /winx-club-swimsuit-p-30421.html HTTP/1.0" 200 69273 "-" "Mozilla/5.0 (compatible; SemrushBot/7~bl; +http://www.semrush.com/bot.html)"
185.191.171.12 - - [11/Jan/2021:06:03:34 +0100] "GET /set-of-mappemonde-coasters-p-52605.html HTTP/1.0" 200 71824 "-" "Mozilla/5.0 (compatible; SemrushBot/7~bl; +http://www.semrush.com/bot.html)"
207.46.13.26 - - [11/Jan/2021:06:03:48 +0100] "GET /swfobject.js HTTP/1.0" 404 1308 "-" "Mozilla/5.0 (compatible; bingbot/2.0; +http://www.bing.com/bingbot.htm)"
54.36.149.13 - - [11/Jan/2021:06:03:59 +0100] "GET /long-sleeves-shirts-c-2_40.html HTTP/1.0" 200 68175 "-" "Mozilla/5.0 (compatible; AhrefsBot/7.0; +http://ahrefs.com/robot/)"
185.191.171.40 - - [11/Jan/2021:06:04:34 +0100] "GET /large-jar-candle-70-hours-sweet-pea-p-34631.html HTTP/1.0" 200 73002 "-" "Mozilla/5.0 (compatible; SemrushBot/7~bl; +http://www.semrush.com/bot.html)"
185.191.171.13 - - [11/Jan/2021:06:04:49 +0100] "GET /harley-davidson-zippo-lighter-p-52758.html HTTP/1.0" 200 74196 "-" "Mozilla/5.0 (compatible; SemrushBot/7~bl; +http://www.semrush.com/bot.html)"
185.191.171.13 - - [11/Jan/2021:06:05:09 +0100] "GET /welcome-to-california-wooden-wall-decoration-to-hang-p-36034.html HTTP/1.0" 200 72180 "-" "Mozilla/5.0 (compatible; SemrushBot/7~bl; +http://www.semrush.com/bot.html)"
185.191.171.16 - - [11/Jan/2021:06:05:15 +0100] "GET /disney-planes-storage-stool-p-24530.html HTTP/1.0" 200 71752 "-" "Mozilla/5.0 (compatible; SemrushBot/7~bl; +http://www.semrush.com/bot.html)"
185.191.171.14 - - [11/Jan/2021:06:05:18 +0100] "GET /chime-owl-metal-and-glass-green-p-37204.html HTTP/1.0" 200 71940 "-" "Mozilla/5.0 (compatible; SemrushBot/7~bl; +http://www.semrush.com/bot.html)"
185.191.171.4 - - [11/Jan/2021:06:05:26 +0100] "GET /the-raving-rabbits-table-lamp-p-37547.html HTTP/1.0" 200 69298 "-" "Mozilla/5.0 (compatible; SemrushBot/7~bl; +http://www.semrush.com/bot.html)"
185.191.171.12 - - [11/Jan/2021:06:05:37 +0100] "GET /frozen-rectangular-mirror-p-29000.html?action=add_product HTTP/1.0" 302 476 "-" "Mozilla/5.0 (compatible; SemrushBot/7~bl; +http://www.semrush.com/bot.html)"
185.191.171.44 - - [11/Jan/2021:06:05:40 +0100] "GET /cinderella-night-light-stars-projector-musical-p-41987.html HTTP/1.0" 200 69366 "-" "Mozilla/5.0 (compatible; SemrushBot/7~bl; +http://www.semrush.com/bot.html)"
40.77.167.56 - - [11/Jan/2021:06:05:56 +0100] "GET /images/1300010240274.jpg HTTP/1.0" 200 259 "-" "Mozilla/5.0 (compatible; bingbot/2.0; +http://www.bing.com/bingbot.htm)"
185.191.171.42 - - [11/Jan/2021:06:06:00 +0100] "GET /boho-canvas-frame-40-30-cm-dream-catcher-p-39217.html HTTP/1.0" 200 72063 "-" "Mozilla/5.0 (compatible; SemrushBot/7~bl; +http://www.semrush.com/bot.html)"
185.191.171.40 - - [11/Jan/2021:06:06:36 +0100] "GET /cooking-peg-wooden-antique-white-p-31742.html HTTP/1.0" 200 72152 "-" "Mozilla/5.0 (compatible; SemrushBot/7~bl; +http://www.semrush.com/bot.html)"
207.46.13.26 - - [11/Jan/2021:06:06:41 +0100] "GET /images/big_prod/5027148842205.jpg HTTP/1.0" 200 268 "-" "Mozilla/5.0 (compatible; bingbot/2.0; +http://www.bing.com/bingbot.htm)"
185.191.171.25 - - [11/Jan/2021:06:06:42 +0100] "GET /zen-wall-decoration-to-hang-40-40-cm-p-42749.html HTTP/1.0" 200 72004 "-" "Mozilla/5.0 (compatible; SemrushBot/7~bl; +http://www.semrush.com/bot.html)"
66.249.85.70 - - [11/Jan/2021:06:06:45 +0100] "GET /images/med_prod/8435107822026.jpg HTTP/1.0" 200 268 "-" "Mozilla/5.0 (Windows NT 5.1; rv:11.0) Gecko Firefox/11.0 (via ggpht.com GoogleImageProxy)"
114.119.144.233 - - [11/Jan/2021:06:06:57 +0100] "GET /spaceship-star-wars-mug-p-18077.html HTTP/1.0" 200 71815 "-" "Mozilla/5.0 (Linux; Android 7.0;) AppleWebKit/537.36 (KHTML, like Gecko) Mobile Safari/537.36 (compatible; PetalBot;+https://aspiegel.com/petalbot)"
185.191.171.23 - - [11/Jan/2021:06:07:09 +0100] "GET /grand-canyon-harley-davidson-metal-plate-p-52948.html HTTP/1.0" 200 72020 "-" "Mozilla/5.0 (compatible; SemrushBot/7~bl; +http://www.semrush.com/bot.html)"
185.191.171.37 - - [11/Jan/2021:06:07:18 +0100] "GET /rabbit-shaped-night-light-p-52630.html HTTP/1.0" 200 72493 "-" "Mozilla/5.0 (compatible; SemrushBot/7~bl; +http://www.semrush.com/bot.html)"
185.191.171.25 - - [11/Jan/2021:06:07:45 +0100] "GET /accessories-c-3.html?page=17 HTTP/1.0" 200 91495 "-" "Mozilla/5.0 (compatible; SemrushBot/7~bl; +http://www.semrush.com/bot.html)"
54.36.148.87 - - [11/Jan/2021:06:07:53 +0100] "GET /klimt-candle-holders-p-53529.html HTTP/1.0" 200 72751 "-" "Mozilla/5.0 (compatible; AhrefsBot/7.0; +http://ahrefs.com/robot/)"
185.191.171.44 - - [11/Jan/2021:06:08:23 +0100] "GET /candy-cloud-hair-brush-pistachio-p-46654.html HTTP/1.0" 200 72532 "-" "Mozilla/5.0 (compatible; SemrushBot/7~bl; +http://www.semrush.com/bot.html)"
185.191.171.43 - - [11/Jan/2021:06:08:52 +0100] "GET /catches-dreams-diameter-of-cm-p-44676.html HTTP/1.0" 200 71971 "-" "Mozilla/5.0 (compatible; SemrushBot/7~bl; +http://www.semrush.com/bot.html)"
157.55.39.220 - - [11/Jan/2021:06:08:54 +0100] "GET /images/3298060221382.b.jpg HTTP/1.0" 200 261 "-" "Mozilla/5.0 (compatible; bingbot/2.0; +http://www.bing.com/bingbot.htm)"
185.191.171.41 - - [11/Jan/2021:06:08:54 +0100] "GET /fdm-fiers-etre-marseillais-blue-track-jacket-p-29914.html HTTP/1.0" 200 73294 "-" "Mozilla/5.0 (compatible; SemrushBot/7~bl; +http://www.semrush.com/bot.html)"
185.191.171.12 - - [11/Jan/2021:06:08:59 +0100] "GET /zen-shower-curtain-180-200-cm-p-50725.html HTTP/1.0" 200 72537 "-" "Mozilla/5.0 (compatible; SemrushBot/7~bl; +http://www.semrush.com/bot.html)"
51.68.224.127 - - [11/Jan/2021:06:09:20 +0100] "GET /adminweb/export_orders_xml.php?token=256de2z6edz6ed2z6DFSFsed2zed6zeDSFDSGdzedezfzf&maxorders=10&orderstart=1&status=14&start_date=2018-10-01 HTTP/1.0" 200 285 "-" "GesCom CharlotteBoutik Serveur"
51.68.224.127 - - [11/Jan/2021:06:09:20 +0100] "GET /adminweb/export_orders_xml.php?token=256de2z6edz6ed2z6DFSFsed2zed6zeDSFDSGdzedezfzf&maxorders=10&orderstart=1&status=6&start_date=2018-10-01 HTTP/1.0" 200 29990 "-" "GesCom CharlotteBoutik Serveur"
185.191.171.21 - - [11/Jan/2021:06:09:23 +0100] "GET /boutis-bedspread-and-pillowcases-arkansas-p-38894.html HTTP/1.0" 200 72043 "-" "Mozilla/5.0 (compatible; SemrushBot/7~bl; +http://www.semrush.com/bot.html)"
40.77.167.56 - - [11/Jan/2021:06:09:32 +0100] "GET /images/big_prod/5018997628225.jpg HTTP/1.0" 200 268 "-" "Mozilla/5.0 (compatible; bingbot/2.0; +http://www.bing.com/bingbot.htm)"
185.191.171.34 - - [11/Jan/2021:06:09:59 +0100] "GET /bistro-decorative-metal-plate-20-50-cm-p-47952.html HTTP/1.0" 200 71936 "-" "Mozilla/5.0 (compatible; SemrushBot/7~bl; +http://www.semrush.com/bot.html)"
185.191.171.10 - - [11/Jan/2021:06:10:23 +0100] "GET /mandala-wooden-tray-35-24-cm-p-52248.html HTTP/1.0" 200 71965 "-" "Mozilla/5.0 (compatible; SemrushBot/7~bl; +http://www.semrush.com/bot.html)"
207.46.13.229 - - [11/Jan/2021:06:10:25 +0100] "GET /images/big_prod_2/8422013606109c.jpg HTTP/1.0" 200 271 "-" "Mozilla/5.0 (compatible; bingbot/2.0; +http://www.bing.com/bingbot.htm)"
207.46.13.36 - - [11/Jan/2021:06:10:32 +0100] "GET /images/8435306246463bis.jpg HTTP/1.0" 200 262 "-" "Mozilla/5.0 (compatible; bingbot/2.0; +http://www.bing.com/bingbot.htm)"
185.191.171.16 - - [11/Jan/2021:06:10:45 +0100] "GET /luggages-schoolbags-leather-shop-c-31.html?page=12 HTTP/1.0" 200 92142 "-" "Mozilla/5.0 (compatible; SemrushBot/7~bl; +http://www.semrush.com/bot.html)"
185.191.171.15 - - [11/Jan/2021:06:10:51 +0100] "GET /gift-box-made-of-metal-towels-30-30-cm-300-gr-m2-p-45275.html HTTP/1.0" 200 72122 "-" "Mozilla/5.0 (compatible; SemrushBot/7~bl; +http://www.semrush.com/bot.html)"
185.191.171.10 - - [11/Jan/2021:06:11:03 +0100] "GET /salamander-wall-decoration-29-cm-p-40932.html HTTP/1.0" 200 72013 "-" "Mozilla/5.0 (compatible; SemrushBot/7~bl; +http://www.semrush.com/bot.html)"
114.119.154.200 - - [11/Jan/2021:06:11:20 +0100] "GET /orange-apple-shaped-moneybox-p-36477.html HTTP/1.0" 200 71900 "-" "Mozilla/5.0 (Linux; Android 7.0;) AppleWebKit/537.36 (KHTML, like Gecko) Mobile Safari/537.36 (compatible; PetalBot;+https://aspiegel.com/petalbot)"
185.191.171.40 - - [11/Jan/2021:06:11:30 +0100] "GET /robots.txt HTTP/1.0" 200 245 "-" "Mozilla/5.0 (compatible; SemrushBot/7~bl; +http://www.semrush.com/bot.html)"
185.191.171.26 - - [11/Jan/2021:06:11:30 +0100] "GET /the-rugs-c-11_269.html HTTP/1.0" 200 89666 "-" "Mozilla/5.0 (compatible; SemrushBot/7~bl; +http://www.semrush.com/bot.html)"
185.191.171.37 - - [11/Jan/2021:06:11:46 +0100] "GET /laundry-basket-50-cm-p-52236.html HTTP/1.0" 200 71885 "-" "Mozilla/5.0 (compatible; SemrushBot/7~bl; +http://www.semrush.com/bot.html)"
54.36.149.69 - - [11/Jan/2021:06:11:50 +0100] "GET /luggages-schoolbags-leather-shop-c-31.html HTTP/1.0" 200 91292 "-" "Mozilla/5.0 (compatible; AhrefsBot/7.0; +http://ahrefs.com/robot/)"
185.191.171.11 - - [11/Jan/2021:06:11:53 +0100] "GET /disney-princess-aurora-cap-size-48-cm-p-22157.html HTTP/1.0" 301 69259 "-" "Mozilla/5.0 (compatible; SemrushBot/7~bl; +http://www.semrush.com/bot.html)"
185.191.171.26 - - [11/Jan/2021:06:11:56 +0100] "GET /-p-22157.html HTTP/1.0" 200 69192 "-" "Mozilla/5.0 (compatible; SemrushBot/7~bl; +http://www.semrush.com/bot.html)"
17.58.101.147 - - [11/Jan/2021:06:12:33 +0100] "GET /kimmi-junior-meika-pocket-mirror-p-15846.html HTTP/1.0" 200 74925 "-" "Mozilla/5.0 (Macintosh; Intel Mac OS X 10_15_5) AppleWebKit/605.1.15 (KHTML, like Gecko) Version/13.1.1 Safari/605.1.15 (Applebot/0.1; +http://www.apple.com/go/applebot)"
185.191.171.2 - - [11/Jan/2021:06:12:35 +0100] "GET /paris-large-bowl-p-31082.html HTTP/1.0" 200 69246 "-" "Mozilla/5.0 (compatible; SemrushBot/7~bl; +http://www.semrush.com/bot.html)"
185.191.171.26 - - [11/Jan/2021:06:12:37 +0100] "GET /flowerpot-holder-black-face-p-52329.html HTTP/1.0" 200 72726 "-" "Mozilla/5.0 (compatible; SemrushBot/7~bl; +http://www.semrush.com/bot.html)"
185.191.171.9 - - [11/Jan/2021:06:13:30 +0100] "GET /decorative-fruit-figurine-cherry-glossy-white-43-cm-p-52717.html HTTP/1.0" 200 72154 "-" "Mozilla/5.0 (compatible; SemrushBot/7~bl; +http://www.semrush.com/bot.html)"
40.77.167.56 - - [11/Jan/2021:06:13:32 +0100] "GET /gift-box-made-of-metal-towels-30-30-cm-300-gr-m2-p-50887.html HTTP/1.0" 200 72122 "-" "Mozilla/5.0 (compatible; bingbot/2.0; +http://www.bing.com/bingbot.htm)"
13.66.139.48 - - [11/Jan/2021:06:13:42 +0100] "GET /aprons-c-11_74.html?page=2 HTTP/1.0" 200 90527 "-" "Mozilla/5.0 (compatible; bingbot/2.0; +http://www.bing.com/bingbot.htm)"
207.46.13.229 - - [11/Jan/2021:06:13:47 +0100] "GET /images/1328399029723.jpg HTTP/1.0" 200 259 "-" "Mozilla/5.0 (compatible; bingbot/2.0; +http://www.bing.com/bingbot.htm)"
185.191.171.37 - - [11/Jan/2021:06:13:57 +0100] "GET /fox-gorjuss-mug-p-34725.html HTTP/1.0" 200 69242 "-" "Mozilla/5.0 (compatible; SemrushBot/7~bl; +http://www.semrush.com/bot.html)"
157.55.39.110 - - [11/Jan/2021:06:14:07 +0100] "GET /images/3702276256866.jpg HTTP/1.0" 200 259 "-" "Mozilla/5.0 (compatible; bingbot/2.0; +http://www.bing.com/bingbot.htm)"
207.46.13.36 - - [11/Jan/2021:06:14:22 +0100] "GET /images/5018997517215.jpg HTTP/1.0" 200 259 "-" "Mozilla/5.0 (compatible; bingbot/2.0; +http://www.bing.com/bingbot.htm)"
207.46.13.26 - - [11/Jan/2021:06:14:49 +0100] "GET /swfobject.js HTTP/1.0" 404 1308 "-" "Mozilla/5.0 (compatible; bingbot/2.0; +http://www.bing.com/bingbot.htm)"
207.46.13.26 - - [11/Jan/2021:06:14:49 +0100] "GET /swfobject.js HTTP/1.0" 404 1308 "-" "Mozilla/5.0 (compatible; bingbot/2.0; +http://www.bing.com/bingbot.htm)"
185.191.171.12 - - [11/Jan/2021:06:14:49 +0100] "GET /home-and-decoration-c-13.html?page=37 HTTP/1.0" 200 91732 "-" "Mozilla/5.0 (compatible; SemrushBot/7~bl; +http://www.semrush.com/bot.html)"
185.191.171.1 - - [11/Jan/2021:06:14:52 +0100] "GET /gato-bedclothes-220-240-cm-p-44053.html HTTP/1.0" 301 69259 "-" "Mozilla/5.0 (compatible; SemrushBot/7~bl; +http://www.semrush.com/bot.html)"
157.55.39.220 - - [11/Jan/2021:06:14:53 +0100] "GET /highslide/highslide.js HTTP/1.0" 200 262 "-" "Mozilla/5.0 (compatible; bingbot/2.0; +http://www.bing.com/bingbot.htm)"
185.191.171.40 - - [11/Jan/2021:06:14:54 +0100] "GET /-p-44053.html HTTP/1.0" 200 69192 "-" "Mozilla/5.0 (compatible; SemrushBot/7~bl; +http://www.semrush.com/bot.html)"
51.79.69.241 - - [11/Jan/2021:06:15:20 +0100] "GET /contact_us.php HTTP/1.0" 200 26241 "http://www.wonder-geek.com/contact_us.php" "Mozilla/5.0 (Windows NT 6.1; Win64; x64) AppleWebKit/537.36 (KHTML, like Gecko) Chrome/83.0.4093.3 Safari/537.36"
185.191.171.24 - - [11/Jan/2021:06:15:21 +0100] "GET /tasty-road-tray-p-24902.html HTTP/1.0" 200 71832 "-" "Mozilla/5.0 (compatible; SemrushBot/7~bl; +http://www.semrush.com/bot.html)"
51.79.69.241 - - [11/Jan/2021:06:15:21 +0100] "POST /contact_us.php?action=send HTTP/1.0" 200 26676 "http://www.wonder-geek.com/contact_us.php" "Mozilla/5.0 (Windows NT 6.1; Win64; x64) AppleWebKit/537.36 (KHTML, like Gecko) Chrome/83.0.4093.3 Safari/537.36"
207.46.13.239 - - [11/Jan/2021:06:15:23 +0100] "GET /-p-13562.html HTTP/1.0" 200 69192 "-" "Mozilla/5.0 (compatible; bingbot/2.0; +http://www.bing.com/bingbot.htm)"
185.191.171.14 - - [11/Jan/2021:06:15:26 +0100] "GET /mani-the-lucky-cat-keychain-p-46161.html HTTP/1.0" 200 71954 "-" "Mozilla/5.0 (compatible; SemrushBot/7~bl; +http://www.semrush.com/bot.html)"
185.191.171.1 - - [11/Jan/2021:06:15:29 +0100] "GET /yogini-yogini-yoga-mat-jute-p-51549.html HTTP/1.0" 200 73355 "-" "Mozilla/5.0 (compatible; SemrushBot/7~bl; +http://www.semrush.com/bot.html)"
40.77.167.56 - - [11/Jan/2021:06:15:34 +0100] "GET /images/cirecendrillon2009.jpg HTTP/1.0" 200 264 "-" "Mozilla/5.0 (compatible; bingbot/2.0; +http://www.bing.com/bingbot.htm)"
114.119.154.200 - - [11/Jan/2021:06:15:43 +0100] "GET /images/big_prod/1399986101900.jpg HTTP/1.0" 200 268 "-" "Mozilla/5.0 (Linux; Android 7.0;) AppleWebKit/537.36 (KHTML, like Gecko) Mobile Safari/537.36 (compatible; PetalBot;+https://aspiegel.com/petalbot)"
54.36.149.25 - - [11/Jan/2021:06:16:10 +0100] "GET /sugar-box-c-13_150_152.html HTTP/1.0" 200 89349 "-" "Mozilla/5.0 (compatible; AhrefsBot/7.0; +http://ahrefs.com/robot/)"
