13.66.139.153 - - [11/Jan/2021:06:38:24 +0100] "GET /-p-30670.html HTTP/1.0" 200 69192 "-" "Mozilla/5.0 (compatible; bingbot/2.0; +http://www.bing.com/bingbot.htm)"
13.66.139.153 - - [11/Jan/2021:06:38:25 +0100] "GET /-p-20570.html HTTP/1.0" 200 69192 "-" "Mozilla/5.0 (compatible; bingbot/2.0; +http://www.bing.com/bingbot.htm)"
13.66.139.48 - - [11/Jan/2021:06:38:25 +0100] "GET /sophie-the-giraffe-tee-shirt-p-30925.html HTTP/1.0" 200 69323 "-" "Mozilla/5.0 (compatible; bingbot/2.0; +http://www.bing.com/bingbot.htm)"
13.66.139.48 - - [11/Jan/2021:06:38:26 +0100] "GET /frozen-flat-pocket-p-34132.html HTTP/1.0" 200 71899 "-" "Mozilla/5.0 (compatible; bingbot/2.0; +http://www.bing.com/bingbot.htm)"
13.66.139.48 - - [11/Jan/2021:06:38:27 +0100] "GET /london-mirror-bag-p-29319.html HTTP/1.0" 200 71861 "-" "Mozilla/5.0 (compatible; bingbot/2.0; +http://www.bing.com/bingbot.htm)"
13.66.139.48 - - [11/Jan/2021:06:38:28 +0100] "GET /schleich-peanuts-lucy-p-35082.html HTTP/1.0" 200 69288 "-" "Mozilla/5.0 (compatible; bingbot/2.0; +http://www.bing.com/bingbot.htm)"
178.151.245.174 - - [11/Jan/2021:06:38:28 +0100] "GET /-p-11575.html HTTP/1.0" 200 69192 "-" "Mozilla/5.0 (compatible; MJ12bot/v1.4.8; http://mj12bot.com/)"
13.66.139.48 - - [11/Jan/2021:06:38:28 +0100] "GET /new-york-gotham-cushion-p-28722.html HTTP/1.0" 200 71985 "-" "Mozilla/5.0 (compatible; bingbot/2.0; +http://www.bing.com/bingbot.htm)"
13.66.139.153 - - [11/Jan/2021:06:38:30 +0100] "GET /-p-14718.html HTTP/1.0" 200 69192 "-" "Mozilla/5.0 (compatible; bingbot/2.0; +http://www.bing.com/bingbot.htm)"
185.191.171.18 - - [11/Jan/2021:06:38:34 +0100] "GET /crystal-salt-lamp-sphere-grey-p-48663.html HTTP/1.0" 200 73497 "-" "Mozilla/5.0 (compatible; SemrushBot/7~bl; +http://www.semrush.com/bot.html)"
178.151.245.174 - - [11/Jan/2021:06:38:35 +0100] "GET /-p-11599.html HTTP/1.0" 200 69192 "-" "Mozilla/5.0 (compatible; MJ12bot/v1.4.8; http://mj12bot.com/)"
13.66.139.48 - - [11/Jan/2021:06:38:35 +0100] "GET /mini-metal-tray-citron-type-p-35255.html HTTP/1.0" 200 71986 "-" "Mozilla/5.0 (compatible; bingbot/2.0; +http://www.bing.com/bingbot.htm)"
13.66.139.48 - - [11/Jan/2021:06:38:36 +0100] "GET /paris-glass-wall-clock-p-10446.html HTTP/1.0" 200 71830 "-" "Mozilla/5.0 (compatible; bingbot/2.0; +http://www.bing.com/bingbot.htm)"
13.66.139.48 - - [11/Jan/2021:06:38:37 +0100] "GET /-p-20310.html HTTP/1.0" 200 69192 "-" "Mozilla/5.0 (compatible; bingbot/2.0; +http://www.bing.com/bingbot.htm)"
13.66.139.48 - - [11/Jan/2021:06:38:38 +0100] "GET /-p-21586.html HTTP/1.0" 200 69192 "-" "Mozilla/5.0 (compatible; bingbot/2.0; +http://www.bing.com/bingbot.htm)"
13.66.139.48 - - [11/Jan/2021:06:38:39 +0100] "GET /-p-22192.html HTTP/1.0" 200 69192 "-" "Mozilla/5.0 (compatible; bingbot/2.0; +http://www.bing.com/bingbot.htm)"
178.151.245.174 - - [11/Jan/2021:06:38:42 +0100] "GET /-p-11630.html HTTP/1.0" 200 69192 "-" "Mozilla/5.0 (compatible; MJ12bot/v1.4.8; http://mj12bot.com/)"
207.46.13.26 - - [11/Jan/2021:06:38:45 +0100] "GET /home/stationery-school-supplies/kimmidoll-satoko-notebook-with-pen-p-18153.html HTTP/1.0" 301 69259 "-" "Mozilla/5.0 (compatible; bingbot/2.0; +http://www.bing.com/bingbot.htm)"
13.66.139.48 - - [11/Jan/2021:06:38:50 +0100] "GET /-p-20606.html HTTP/1.0" 200 69192 "-" "Mozilla/5.0 (compatible; bingbot/2.0; +http://www.bing.com/bingbot.htm)"
13.66.139.48 - - [11/Jan/2021:06:38:50 +0100] "GET /-p-19006.html HTTP/1.0" 200 69192 "-" "Mozilla/5.0 (compatible; bingbot/2.0; +http://www.bing.com/bingbot.htm)"
13.66.139.48 - - [11/Jan/2021:06:38:51 +0100] "GET /-p-23351.html HTTP/1.0" 200 69192 "-" "Mozilla/5.0 (compatible; bingbot/2.0; +http://www.bing.com/bingbot.htm)"
178.151.245.174 - - [11/Jan/2021:06:38:51 +0100] "GET /-p-11631.html HTTP/1.0" 200 69192 "-" "Mozilla/5.0 (compatible; MJ12bot/v1.4.8; http://mj12bot.com/)"
13.66.139.48 - - [11/Jan/2021:06:38:52 +0100] "GET /-p-11177.html HTTP/1.0" 200 69192 "-" "Mozilla/5.0 (compatible; bingbot/2.0; +http://www.bing.com/bingbot.htm)"
13.66.139.14 - - [11/Jan/2021:06:38:55 +0100] "GET /fiat-500-orange-desk-lamp-p-17064.html HTTP/1.0" 200 72624 "-" "Mozilla/5.0 (compatible; bingbot/2.0; +http://www.bing.com/bingbot.htm)"
13.66.139.14 - - [11/Jan/2021:06:38:56 +0100] "GET /disney-princess-bathrobe-years-p-7915.html HTTP/1.0" 200 69343 "-" "Mozilla/5.0 (compatible; bingbot/2.0; +http://www.bing.com/bingbot.htm)"
13.66.139.14 - - [11/Jan/2021:06:38:57 +0100] "GET /star-wars-kylo-ren-door-poster-p-33532.html HTTP/1.0" 200 69333 "-" "Mozilla/5.0 (compatible; bingbot/2.0; +http://www.bing.com/bingbot.htm)"
13.66.139.14 - - [11/Jan/2021:06:38:58 +0100] "GET /incense-stick-holder-elephant-p-35503.html HTTP/1.0" 200 72042 "-" "Mozilla/5.0 (compatible; bingbot/2.0; +http://www.bing.com/bingbot.htm)"
185.191.171.8 - - [11/Jan/2021:06:38:58 +0100] "GET /wooden-wall-decoration-flamingo-p-42798.html HTTP/1.0" 200 71935 "-" "Mozilla/5.0 (compatible; SemrushBot/7~bl; +http://www.semrush.com/bot.html)"
13.66.139.14 - - [11/Jan/2021:06:38:59 +0100] "GET /vespa-blue-keyring-p-31627.html HTTP/1.0" 200 69254 "-" "Mozilla/5.0 (compatible; bingbot/2.0; +http://www.bing.com/bingbot.htm)"
178.151.245.174 - - [11/Jan/2021:06:39:02 +0100] "GET /-p-11646.html HTTP/1.0" 200 69192 "-" "Mozilla/5.0 (compatible; MJ12bot/v1.4.8; http://mj12bot.com/)"
13.66.139.14 - - [11/Jan/2021:06:39:05 +0100] "GET /coca-cola-sugar-box-p-31660.html HTTP/1.0" 200 71932 "-" "Mozilla/5.0 (compatible; bingbot/2.0; +http://www.bing.com/bingbot.htm)"
13.66.139.14 - - [11/Jan/2021:06:39:06 +0100] "GET /medusa-glass-paperweight-p-48034.html HTTP/1.0" 200 71838 "-" "Mozilla/5.0 (compatible; bingbot/2.0; +http://www.bing.com/bingbot.htm)"
13.66.139.14 - - [11/Jan/2021:06:39:07 +0100] "GET /monster-high-pen-in-p-18676.html HTTP/1.0" 200 72063 "-" "Mozilla/5.0 (compatible; bingbot/2.0; +http://www.bing.com/bingbot.htm)"
13.66.139.14 - - [11/Jan/2021:06:39:08 +0100] "GET /top-model-brush-p-37164.html HTTP/1.0" 200 69258 "-" "Mozilla/5.0 (compatible; bingbot/2.0; +http://www.bing.com/bingbot.htm)"
13.66.139.14 - - [11/Jan/2021:06:39:09 +0100] "GET /-p-21575.html HTTP/1.0" 200 69192 "-" "Mozilla/5.0 (compatible; bingbot/2.0; +http://www.bing.com/bingbot.htm)"
178.151.245.174 - - [11/Jan/2021:06:39:12 +0100] "GET /-p-11648.html HTTP/1.0" 200 69192 "-" "Mozilla/5.0 (compatible; MJ12bot/v1.4.8; http://mj12bot.com/)"
13.66.139.14 - - [11/Jan/2021:06:39:15 +0100] "GET /-p-22401.html HTTP/1.0" 200 69192 "-" "Mozilla/5.0 (compatible; bingbot/2.0; +http://www.bing.com/bingbot.htm)"
13.66.139.14 - - [11/Jan/2021:06:39:16 +0100] "GET /-p-26978.html HTTP/1.0" 200 69192 "-" "Mozilla/5.0 (compatible; bingbot/2.0; +http://www.bing.com/bingbot.htm)"
13.66.139.14 - - [11/Jan/2021:06:39:17 +0100] "GET /-p-19518.html HTTP/1.0" 200 69192 "-" "Mozilla/5.0 (compatible; bingbot/2.0; +http://www.bing.com/bingbot.htm)"
13.66.139.14 - - [11/Jan/2021:06:39:17 +0100] "GET /-p-16151.html HTTP/1.0" 200 69192 "-" "Mozilla/5.0 (compatible; bingbot/2.0; +http://www.bing.com/bingbot.htm)"
13.66.139.14 - - [11/Jan/2021:06:39:18 +0100] "GET /-p-30833.html HTTP/1.0" 200 69192 "-" "Mozilla/5.0 (compatible; bingbot/2.0; +http://www.bing.com/bingbot.htm)"
178.151.245.174 - - [11/Jan/2021:06:39:24 +0100] "GET /-p-11650.html HTTP/1.0" 200 69192 "-" "Mozilla/5.0 (compatible; MJ12bot/v1.4.8; http://mj12bot.com/)"
13.66.139.14 - - [11/Jan/2021:06:39:26 +0100] "GET /-p-7308.html HTTP/1.0" 200 69190 "-" "Mozilla/5.0 (compatible; bingbot/2.0; +http://www.bing.com/bingbot.htm)"
13.66.139.14 - - [11/Jan/2021:06:39:26 +0100] "GET /-p-9188.html HTTP/1.0" 200 69190 "-" "Mozilla/5.0 (compatible; bingbot/2.0; +http://www.bing.com/bingbot.htm)"
13.66.139.14 - - [11/Jan/2021:06:39:27 +0100] "GET /-p-33415.html HTTP/1.0" 200 69192 "-" "Mozilla/5.0 (compatible; bingbot/2.0; +http://www.bing.com/bingbot.htm)"
13.66.139.14 - - [11/Jan/2021:06:39:28 +0100] "GET /-p-34076.html HTTP/1.0" 200 69192 "-" "Mozilla/5.0 (compatible; bingbot/2.0; +http://www.bing.com/bingbot.htm)"
13.66.139.14 - - [11/Jan/2021:06:39:29 +0100] "GET /-p-17914.html HTTP/1.0" 200 69192 "-" "Mozilla/5.0 (compatible; bingbot/2.0; +http://www.bing.com/bingbot.htm)"
178.151.245.174 - - [11/Jan/2021:06:39:33 +0100] "GET /-p-11666.html HTTP/1.0" 200 69192 "-" "Mozilla/5.0 (compatible; MJ12bot/v1.4.8; http://mj12bot.com/)"
185.191.171.14 - - [11/Jan/2021:06:39:37 +0100] "GET /corsica-metal-plate-p-52526.html HTTP/1.0" 200 71802 "-" "Mozilla/5.0 (compatible; SemrushBot/7~bl; +http://www.semrush.com/bot.html)"
157.55.39.220 - - [11/Jan/2021:06:39:39 +0100] "GET /images/3700653504050.jpg HTTP/1.0" 200 259 "-" "Mozilla/5.0 (compatible; bingbot/2.0; +http://www.bing.com/bingbot.htm)"
178.151.245.174 - - [11/Jan/2021:06:39:44 +0100] "GET /-p-11667.html HTTP/1.0" 200 69192 "-" "Mozilla/5.0 (compatible; MJ12bot/v1.4.8; http://mj12bot.com/)"
207.46.13.239 - - [11/Jan/2021:06:39:51 +0100] "GET /images/med_prod/1384010179680N.jpg HTTP/1.0" 200 269 "-" "Mozilla/5.0 (compatible; bingbot/2.0; +http://www.bing.com/bingbot.htm)"
178.151.245.174 - - [11/Jan/2021:06:39:52 +0100] "GET /-p-11668.html HTTP/1.0" 200 69192 "-" "Mozilla/5.0 (compatible; MJ12bot/v1.4.8; http://mj12bot.com/)"
185.191.171.37 - - [11/Jan/2021:06:39:52 +0100] "GET /jamaica-coasters-p-24228.html HTTP/1.0" 200 71759 "-" "Mozilla/5.0 (compatible; SemrushBot/7~bl; +http://www.semrush.com/bot.html)"
54.36.148.109 - - [11/Jan/2021:06:39:57 +0100] "GET /winx-club-swimsuit-p-30422.html HTTP/1.0" 301 69259 "-" "Mozilla/5.0 (compatible; AhrefsBot/7.0; +http://ahrefs.com/robot/)"
178.151.245.174 - - [11/Jan/2021:06:40:03 +0100] "GET /-p-11669.html HTTP/1.0" 200 69192 "-" "Mozilla/5.0 (compatible; MJ12bot/v1.4.8; http://mj12bot.com/)"
40.77.167.56 - - [11/Jan/2021:06:40:04 +0100] "GET /vintage-hook-bolt-hole-p-48554.html HTTP/1.0" 200 72450 "-" "Mozilla/5.0 (compatible; bingbot/2.0; +http://www.bing.com/bingbot.htm)"
185.191.171.23 - - [11/Jan/2021:06:40:08 +0100] "GET /decoration-world-map-p-48248.html HTTP/1.0" 200 69262 "-" "Mozilla/5.0 (compatible; SemrushBot/7~bl; +http://www.semrush.com/bot.html)"
13.66.139.48 - - [11/Jan/2021:06:40:09 +0100] "GET /frozen-elsa-and-anna-jewelry-box-p-37028.html HTTP/1.0" 200 72791 "-" "Mozilla/5.0 (compatible; bingbot/2.0; +http://www.bing.com/bingbot.htm)"
13.66.139.48 - - [11/Jan/2021:06:40:10 +0100] "GET /hello-kitty-stripes-bellows-purse-p-9664.html HTTP/1.0" 200 72284 "-" "Mozilla/5.0 (compatible; bingbot/2.0; +http://www.bing.com/bingbot.htm)"
185.191.171.15 - - [11/Jan/2021:06:40:11 +0100] "GET /petit-akio-led-night-light-tree-p-46404.html HTTP/1.0" 200 72995 "-" "Mozilla/5.0 (compatible; SemrushBot/7~bl; +http://www.semrush.com/bot.html)"
13.66.139.48 - - [11/Jan/2021:06:40:11 +0100] "GET /kaloo-plume-lilac-bear-soft-toy-p-15729.html HTTP/1.0" 200 69338 "-" "Mozilla/5.0 (compatible; bingbot/2.0; +http://www.bing.com/bingbot.htm)"
13.66.139.48 - - [11/Jan/2021:06:40:12 +0100] "GET /fragrance-sachet-cerulean-sky-p-40546.html HTTP/1.0" 200 72572 "-" "Mozilla/5.0 (compatible; bingbot/2.0; +http://www.bing.com/bingbot.htm)"
178.151.245.174 - - [11/Jan/2021:06:40:13 +0100] "GET /-p-1167.html HTTP/1.0" 200 69190 "-" "Mozilla/5.0 (compatible; MJ12bot/v1.4.8; http://mj12bot.com/)"
13.66.139.48 - - [11/Jan/2021:06:40:13 +0100] "GET /travel-trunk-lie-de-vin-45-cm-p-49060.html HTTP/1.0" 200 69298 "-" "Mozilla/5.0 (compatible; bingbot/2.0; +http://www.bing.com/bingbot.htm)"
185.191.171.25 - - [11/Jan/2021:06:40:14 +0100] "GET /yellow-peace-and-love-paper-towel-dispenser-p-17438.html HTTP/1.0" 200 71948 "-" "Mozilla/5.0 (compatible; SemrushBot/7~bl; +http://www.semrush.com/bot.html)"
13.66.139.48 - - [11/Jan/2021:06:40:15 +0100] "GET /take-the-cake-bag-chrie-party-p-48105.html HTTP/1.0" 200 72526 "-" "Mozilla/5.0 (compatible; bingbot/2.0; +http://www.bing.com/bingbot.htm)"
13.66.139.48 - - [11/Jan/2021:06:40:16 +0100] "GET /andorra-mousepad-by-cbkreation-p-36710.html HTTP/1.0" 200 71922 "-" "Mozilla/5.0 (compatible; bingbot/2.0; +http://www.bing.com/bingbot.htm)"
13.66.139.48 - - [11/Jan/2021:06:40:17 +0100] "GET /unicorn-jewelry-holder-black-cup-p-48881.html HTTP/1.0" 200 72050 "-" "Mozilla/5.0 (compatible; bingbot/2.0; +http://www.bing.com/bingbot.htm)"
185.191.171.44 - - [11/Jan/2021:06:40:18 +0100] "GET /pendulum-amethyst-drop-shaped-with-flower-of-life-p-43799.html HTTP/1.0" 200 73097 "-" "Mozilla/5.0 (compatible; SemrushBot/7~bl; +http://www.semrush.com/bot.html)"
13.66.139.48 - - [11/Jan/2021:06:40:18 +0100] "GET /ken-khaki-messenger-bag-p-11248.html HTTP/1.0" 200 69298 "-" "Mozilla/5.0 (compatible; bingbot/2.0; +http://www.bing.com/bingbot.htm)"
13.66.139.14 - - [11/Jan/2021:06:40:19 +0100] "GET /kimmidoll-airi-shopping-bag-p-31945.html HTTP/1.0" 200 69318 "-" "Mozilla/5.0 (compatible; bingbot/2.0; +http://www.bing.com/bingbot.htm)"
13.66.139.14 - - [11/Jan/2021:06:40:20 +0100] "GET /inuit-bedclothes-220-240-cm-p-28332.html HTTP/1.0" 200 72089 "-" "Mozilla/5.0 (compatible; bingbot/2.0; +http://www.bing.com/bingbot.htm)"
13.66.139.48 - - [11/Jan/2021:06:40:20 +0100] "GET /300-elastic-loom-bands-p-26855.html HTTP/1.0" 200 71851 "-" "Mozilla/5.0 (compatible; bingbot/2.0; +http://www.bing.com/bingbot.htm)"
13.66.139.14 - - [11/Jan/2021:06:40:21 +0100] "GET /versailles-flower-pot-blue-p-51540.html HTTP/1.0" 200 72772 "-" "Mozilla/5.0 (compatible; bingbot/2.0; +http://www.bing.com/bingbot.htm)"
13.66.139.14 - - [11/Jan/2021:06:40:22 +0100] "GET /coca-cola-university-cosmetic-bag-p-18868.html HTTP/1.0" 200 72195 "-" "Mozilla/5.0 (compatible; bingbot/2.0; +http://www.bing.com/bingbot.htm)"
13.66.139.14 - - [11/Jan/2021:06:40:23 +0100] "GET /skeleton-black-shirt-p-30118.html HTTP/1.0" 200 73003 "-" "Mozilla/5.0 (compatible; bingbot/2.0; +http://www.bing.com/bingbot.htm)"
13.66.139.48 - - [11/Jan/2021:06:40:25 +0100] "GET /tarot-box-buddha-p-46792.html HTTP/1.0" 200 72699 "-" "Mozilla/5.0 (compatible; bingbot/2.0; +http://www.bing.com/bingbot.htm)"
178.151.245.174 - - [11/Jan/2021:06:40:26 +0100] "GET /-p-11671.html HTTP/1.0" 200 69192 "-" "Mozilla/5.0 (compatible; MJ12bot/v1.4.8; http://mj12bot.com/)"
13.66.139.48 - - [11/Jan/2021:06:40:26 +0100] "GET /paris-soap-dispenser-p-13953.html HTTP/1.0" 200 71903 "-" "Mozilla/5.0 (compatible; bingbot/2.0; +http://www.bing.com/bingbot.htm)"
13.66.139.48 - - [11/Jan/2021:06:40:28 +0100] "GET /violetta-badges-set-p-28293.html HTTP/1.0" 200 71803 "-" "Mozilla/5.0 (compatible; bingbot/2.0; +http://www.bing.com/bingbot.htm)"
13.66.139.48 - - [11/Jan/2021:06:40:29 +0100] "GET /cars-round-table-p-18801.html HTTP/1.0" 200 71961 "-" "Mozilla/5.0 (compatible; bingbot/2.0; +http://www.bing.com/bingbot.htm)"
13.66.139.14 - - [11/Jan/2021:06:40:30 +0100] "GET /black-metal-flask-bourbon-p-37761.html HTTP/1.0" 200 71856 "-" "Mozilla/5.0 (compatible; bingbot/2.0; +http://www.bing.com/bingbot.htm)"
13.66.139.48 - - [11/Jan/2021:06:40:30 +0100] "GET /marseille-set-bar-p-14931.html HTTP/1.0" 200 72621 "-" "Mozilla/5.0 (compatible; bingbot/2.0; +http://www.bing.com/bingbot.htm)"
13.66.139.14 - - [11/Jan/2021:06:40:30 +0100] "GET /la-vache-qui-rit-pitcher-p-44861.html HTTP/1.0" 200 71850 "-" "Mozilla/5.0 (compatible; bingbot/2.0; +http://www.bing.com/bingbot.htm)"
13.66.139.14 - - [11/Jan/2021:06:40:31 +0100] "GET /angry-birds-sports-bag-p-29472.html HTTP/1.0" 200 72071 "-" "Mozilla/5.0 (compatible; bingbot/2.0; +http://www.bing.com/bingbot.htm)"
13.66.139.14 - - [11/Jan/2021:06:40:32 +0100] "GET /mickey-mouse-smile-suitcase-p-34798.html HTTP/1.0" 200 69318 "-" "Mozilla/5.0 (compatible; bingbot/2.0; +http://www.bing.com/bingbot.htm)"
13.66.139.14 - - [11/Jan/2021:06:40:33 +0100] "GET /mango-eye-board-30-20-cm-p-47439.html HTTP/1.0" 200 72557 "-" "Mozilla/5.0 (compatible; bingbot/2.0; +http://www.bing.com/bingbot.htm)"
207.46.13.239 - - [11/Jan/2021:06:40:34 +0100] "GET /images/8028501669139.jpg HTTP/1.0" 200 259 "-" "Mozilla/5.0 (compatible; bingbot/2.0; +http://www.bing.com/bingbot.htm)"
178.151.245.174 - - [11/Jan/2021:06:40:33 +0100] "GET /-p-11673.html HTTP/1.0" 200 69192 "-" "Mozilla/5.0 (compatible; MJ12bot/v1.4.8; http://mj12bot.com/)"
13.66.139.48 - - [11/Jan/2021:06:40:39 +0100] "GET /ball-shaped-lamp-marble-effect-p-52848.html HTTP/1.0" 200 72531 "-" "Mozilla/5.0 (compatible; bingbot/2.0; +http://www.bing.com/bingbot.htm)"
13.66.139.48 - - [11/Jan/2021:06:40:40 +0100] "GET /disney-princess-sports-bottle-p-25063.html HTTP/1.0" 200 71879 "-" "Mozilla/5.0 (compatible; bingbot/2.0; +http://www.bing.com/bingbot.htm)"
13.66.139.48 - - [11/Jan/2021:06:40:41 +0100] "GET /happy-colors-love-pink-door-mat-p-18959.html HTTP/1.0" 200 69338 "-" "Mozilla/5.0 (compatible; bingbot/2.0; +http://www.bing.com/bingbot.htm)"
13.66.139.48 - - [11/Jan/2021:06:40:42 +0100] "GET /tony-parker-nba-polar-blanket-p-31999.html HTTP/1.0" 200 69328 "-" "Mozilla/5.0 (compatible; bingbot/2.0; +http://www.bing.com/bingbot.htm)"
13.66.139.48 - - [11/Jan/2021:06:40:43 +0100] "GET /buster-figure-p-8557.html HTTP/1.0" 200 71866 "-" "Mozilla/5.0 (compatible; bingbot/2.0; +http://www.bing.com/bingbot.htm)"
13.66.139.153 - - [11/Jan/2021:06:40:45 +0100] "GET /candytuft-flower-fairies-teapot-p-40075.html HTTP/1.0" 200 73570 "-" "Mozilla/5.0 (compatible; bingbot/2.0; +http://www.bing.com/bingbot.htm)"
13.66.139.153 - - [11/Jan/2021:06:40:46 +0100] "GET /pillow-case-75-75-cm-white-p-31983.html HTTP/1.0" 200 72085 "-" "Mozilla/5.0 (compatible; bingbot/2.0; +http://www.bing.com/bingbot.htm)"
178.151.245.174 - - [11/Jan/2021:06:40:45 +0100] "GET /-p-11676.html HTTP/1.0" 200 69192 "-" "Mozilla/5.0 (compatible; MJ12bot/v1.4.8; http://mj12bot.com/)"
13.66.139.153 - - [11/Jan/2021:06:40:47 +0100] "GET /enjoy-life-vanity-23-18-12-cm-p-45022.html HTTP/1.0" 200 71993 "-" "Mozilla/5.0 (compatible; bingbot/2.0; +http://www.bing.com/bingbot.htm)"
13.66.139.153 - - [11/Jan/2021:06:40:48 +0100] "GET /princess-sofia-storage-cupboard-p-28200.html HTTP/1.0" 200 71924 "-" "Mozilla/5.0 (compatible; bingbot/2.0; +http://www.bing.com/bingbot.htm)"
13.66.139.153 - - [11/Jan/2021:06:40:49 +0100] "GET /doc-mcstuffins-and-stuffy-figure-p-23404.html HTTP/1.0" 200 69343 "-" "Mozilla/5.0 (compatible; bingbot/2.0; +http://www.bing.com/bingbot.htm)"
13.66.139.48 - - [11/Jan/2021:06:40:49 +0100] "GET /frozen-disney-pink-pencil-pot-p-37024.html HTTP/1.0" 200 71924 "-" "Mozilla/5.0 (compatible; bingbot/2.0; +http://www.bing.com/bingbot.htm)"
13.66.139.48 - - [11/Jan/2021:06:40:50 +0100] "GET /retro-phone-box-mirror-p-35680.html HTTP/1.0" 200 69293 "-" "Mozilla/5.0 (compatible; bingbot/2.0; +http://www.bing.com/bingbot.htm)"
13.66.139.48 - - [11/Jan/2021:06:40:51 +0100] "GET /the-spongebob-wall-light-p-11192.html HTTP/1.0" 200 72030 "-" "Mozilla/5.0 (compatible; bingbot/2.0; +http://www.bing.com/bingbot.htm)"
13.66.139.48 - - [11/Jan/2021:06:40:52 +0100] "GET /mickey-mouse-folding-chair-p-20554.html HTTP/1.0" 200 71592 "-" "Mozilla/5.0 (compatible; bingbot/2.0; +http://www.bing.com/bingbot.htm)"
13.66.139.48 - - [11/Jan/2021:06:40:53 +0100] "GET /vespa-red-pocket-keychain-p-32660.html HTTP/1.0" 200 72522 "-" "Mozilla/5.0 (compatible; bingbot/2.0; +http://www.bing.com/bingbot.htm)"
13.66.139.153 - - [11/Jan/2021:06:40:54 +0100] "GET /matriochka-white-women-tee-shirt-p-30987.html HTTP/1.0" 200 73889 "-" "Mozilla/5.0 (compatible; bingbot/2.0; +http://www.bing.com/bingbot.htm)"
13.66.139.153 - - [11/Jan/2021:06:40:55 +0100] "GET /clock-plane-color-rust-325-cm-p-38742.html HTTP/1.0" 200 72010 "-" "Mozilla/5.0 (compatible; bingbot/2.0; +http://www.bing.com/bingbot.htm)"
13.66.139.153 - - [11/Jan/2021:06:40:56 +0100] "GET /taz-pencil-case-p-3528.html HTTP/1.0" 200 71973 "-" "Mozilla/5.0 (compatible; bingbot/2.0; +http://www.bing.com/bingbot.htm)"
13.66.139.153 - - [11/Jan/2021:06:40:57 +0100] "GET /dog-head-wallet-model-p-39440.html HTTP/1.0" 200 71855 "-" "Mozilla/5.0 (compatible; bingbot/2.0; +http://www.bing.com/bingbot.htm)"
54.36.148.87 - - [11/Jan/2021:06:40:57 +0100] "GET /dishes-c-12.html?page=5 HTTP/1.0" 200 90068 "-" "Mozilla/5.0 (compatible; AhrefsBot/7.0; +http://ahrefs.com/robot/)"
178.151.245.174 - - [11/Jan/2021:06:40:58 +0100] "GET /-p-11679.html HTTP/1.0" 200 69192 "-" "Mozilla/5.0 (compatible; MJ12bot/v1.4.8; http://mj12bot.com/)"
13.66.139.153 - - [11/Jan/2021:06:40:58 +0100] "GET /cat-large-bowl-p-48617.html HTTP/1.0" 200 71730 "-" "Mozilla/5.0 (compatible; bingbot/2.0; +http://www.bing.com/bingbot.htm)"
157.55.39.220 - - [11/Jan/2021:06:41:00 +0100] "GET /highslide/highslide.js HTTP/1.0" 200 262 "-" "Mozilla/5.0 (compatible; bingbot/2.0; +http://www.bing.com/bingbot.htm)"
13.66.139.153 - - [11/Jan/2021:06:41:04 +0100] "GET /fitted-sheet-red-p-27502.html HTTP/1.0" 200 71742 "-" "Mozilla/5.0 (compatible; bingbot/2.0; +http://www.bing.com/bingbot.htm)"
13.66.139.153 - - [11/Jan/2021:06:41:05 +0100] "GET /helia-small-ashtray-p-47852.html HTTP/1.0" 200 71782 "-" "Mozilla/5.0 (compatible; bingbot/2.0; +http://www.bing.com/bingbot.htm)"
13.66.139.153 - - [11/Jan/2021:06:41:06 +0100] "GET /hello-kitty-wall-light-p-11191.html HTTP/1.0" 200 71971 "-" "Mozilla/5.0 (compatible; bingbot/2.0; +http://www.bing.com/bingbot.htm)"
13.66.139.153 - - [11/Jan/2021:06:41:07 +0100] "GET /doc-mcstuffins-placemat-p-37019.html HTTP/1.0" 200 71810 "-" "Mozilla/5.0 (compatible; bingbot/2.0; +http://www.bing.com/bingbot.htm)"
178.151.245.174 - - [11/Jan/2021:06:41:08 +0100] "GET /-p-11682.html HTTP/1.0" 200 69192 "-" "Mozilla/5.0 (compatible; MJ12bot/v1.4.8; http://mj12bot.com/)"
13.66.139.153 - - [11/Jan/2021:06:41:08 +0100] "GET /skull-sailor-figure-red-p-34151.html HTTP/1.0" 200 69304 "-" "Mozilla/5.0 (compatible; bingbot/2.0; +http://www.bing.com/bingbot.htm)"
13.66.139.48 - - [11/Jan/2021:06:41:10 +0100] "GET /set-of-rubbers-wwe-p-13881.html HTTP/1.0" 200 72183 "-" "Mozilla/5.0 (compatible; bingbot/2.0; +http://www.bing.com/bingbot.htm)"
13.66.139.48 - - [11/Jan/2021:06:41:11 +0100] "GET /kimmidoll-brush-p-44811.html HTTP/1.0" 200 71821 "-" "Mozilla/5.0 (compatible; bingbot/2.0; +http://www.bing.com/bingbot.htm)"
13.66.139.48 - - [11/Jan/2021:06:41:11 +0100] "GET /-p-34312.html HTTP/1.0" 200 69192 "-" "Mozilla/5.0 (compatible; bingbot/2.0; +http://www.bing.com/bingbot.htm)"
13.66.139.48 - - [11/Jan/2021:06:41:12 +0100] "GET /-p-10639.html HTTP/1.0" 200 69192 "-" "Mozilla/5.0 (compatible; bingbot/2.0; +http://www.bing.com/bingbot.htm)"
13.66.139.48 - - [11/Jan/2021:06:41:13 +0100] "GET /-p-23197.html HTTP/1.0" 200 69192 "-" "Mozilla/5.0 (compatible; bingbot/2.0; +http://www.bing.com/bingbot.htm)"
13.66.139.153 - - [11/Jan/2021:06:41:14 +0100] "GET /beatles-storage-box-p-5111.html HTTP/1.0" 200 71945 "-" "Mozilla/5.0 (compatible; bingbot/2.0; +http://www.bing.com/bingbot.htm)"
13.66.139.153 - - [11/Jan/2021:06:41:15 +0100] "GET /the-little-mermaid-money-box-p-4671.html HTTP/1.0" 200 71872 "-" "Mozilla/5.0 (compatible; bingbot/2.0; +http://www.bing.com/bingbot.htm)"
13.66.139.153 - - [11/Jan/2021:06:41:16 +0100] "GET /-p-19434.html HTTP/1.0" 200 69192 "-" "Mozilla/5.0 (compatible; bingbot/2.0; +http://www.bing.com/bingbot.htm)"
178.151.245.174 - - [11/Jan/2021:06:41:16 +0100] "GET /-p-11684.html HTTP/1.0" 200 69192 "-" "Mozilla/5.0 (compatible; MJ12bot/v1.4.8; http://mj12bot.com/)"
13.66.139.153 - - [11/Jan/2021:06:41:17 +0100] "GET /-p-23462.html HTTP/1.0" 200 69192 "-" "Mozilla/5.0 (compatible; bingbot/2.0; +http://www.bing.com/bingbot.htm)"
13.66.139.153 - - [11/Jan/2021:06:41:18 +0100] "GET /-p-13951.html HTTP/1.0" 200 69192 "-" "Mozilla/5.0 (compatible; bingbot/2.0; +http://www.bing.com/bingbot.htm)"
13.66.139.14 - - [11/Jan/2021:06:41:20 +0100] "GET /cat-rectangulary-cushion-by-jo-p-39718.html HTTP/1.0" 200 72107 "-" "Mozilla/5.0 (compatible; bingbot/2.0; +http://www.bing.com/bingbot.htm)"
13.66.139.14 - - [11/Jan/2021:06:41:21 +0100] "GET /dubout-cats-cover-for-the-pillow-p-32247.html HTTP/1.0" 200 71978 "-" "Mozilla/5.0 (compatible; bingbot/2.0; +http://www.bing.com/bingbot.htm)"
13.66.139.14 - - [11/Jan/2021:06:41:22 +0100] "GET /dora-the-explorer-ceiling-light-p-18707.html HTTP/1.0" 200 72271 "-" "Mozilla/5.0 (compatible; bingbot/2.0; +http://www.bing.com/bingbot.htm)"
13.66.139.14 - - [11/Jan/2021:06:41:23 +0100] "GET /tinted-candle-in-the-mass-beige-p-48917.html HTTP/1.0" 200 71925 "-" "Mozilla/5.0 (compatible; bingbot/2.0; +http://www.bing.com/bingbot.htm)"
13.66.139.14 - - [11/Jan/2021:06:41:24 +0100] "GET /anna-poster-p-30914.html HTTP/1.0" 200 71757 "-" "Mozilla/5.0 (compatible; bingbot/2.0; +http://www.bing.com/bingbot.htm)"
13.66.139.153 - - [11/Jan/2021:06:41:24 +0100] "GET /-p-14557.html HTTP/1.0" 200 69192 "-" "Mozilla/5.0 (compatible; bingbot/2.0; +http://www.bing.com/bingbot.htm)"
13.66.139.153 - - [11/Jan/2021:06:41:25 +0100] "GET /-p-29569.html HTTP/1.0" 200 69192 "-" "Mozilla/5.0 (compatible; bingbot/2.0; +http://www.bing.com/bingbot.htm)"
13.66.139.153 - - [11/Jan/2021:06:41:26 +0100] "GET /-p-17537.html HTTP/1.0" 200 69192 "-" "Mozilla/5.0 (compatible; bingbot/2.0; +http://www.bing.com/bingbot.htm)"
178.151.245.174 - - [11/Jan/2021:06:41:27 +0100] "GET /-p-11685.html HTTP/1.0" 200 69192 "-" "Mozilla/5.0 (compatible; MJ12bot/v1.4.8; http://mj12bot.com/)"
13.66.139.153 - - [11/Jan/2021:06:41:27 +0100] "GET /-p-19671.html HTTP/1.0" 200 69192 "-" "Mozilla/5.0 (compatible; bingbot/2.0; +http://www.bing.com/bingbot.htm)"
13.66.139.153 - - [11/Jan/2021:06:41:29 +0100] "GET /-p-22744.html HTTP/1.0" 200 69192 "-" "Mozilla/5.0 (compatible; bingbot/2.0; +http://www.bing.com/bingbot.htm)"
13.66.139.14 - - [11/Jan/2021:06:41:29 +0100] "GET /teo-jasmin-companion-portfolio-p-38837.html HTTP/1.0" 200 73301 "-" "Mozilla/5.0 (compatible; bingbot/2.0; +http://www.bing.com/bingbot.htm)"
13.66.139.14 - - [11/Jan/2021:06:41:31 +0100] "GET /beyblade-beach-towel-p-14854.html HTTP/1.0" 200 69283 "-" "Mozilla/5.0 (compatible; bingbot/2.0; +http://www.bing.com/bingbot.htm)"
13.66.139.14 - - [11/Jan/2021:06:41:31 +0100] "GET /cats-in-love-teapot-p-37392.html HTTP/1.0" 200 71812 "-" "Mozilla/5.0 (compatible; bingbot/2.0; +http://www.bing.com/bingbot.htm)"
13.66.139.14 - - [11/Jan/2021:06:41:32 +0100] "GET /batman-black-shirt-p-29544.html HTTP/1.0" 200 72940 "-" "Mozilla/5.0 (compatible; bingbot/2.0; +http://www.bing.com/bingbot.htm)"
185.191.171.40 - - [11/Jan/2021:06:41:33 +0100] "GET /that-italia-pink-triangular-alarm-clock-p-24930.html HTTP/1.0" 200 72042 "-" "Mozilla/5.0 (compatible; SemrushBot/7~bl; +http://www.semrush.com/bot.html)"
13.66.139.14 - - [11/Jan/2021:06:41:33 +0100] "GET /winnie-the-pooh-sticker-p-20474.html HTTP/1.0" 200 74059 "-" "Mozilla/5.0 (compatible; bingbot/2.0; +http://www.bing.com/bingbot.htm)"
13.66.139.48 - - [11/Jan/2021:06:41:35 +0100] "GET /-p-36489.html HTTP/1.0" 200 69192 "-" "Mozilla/5.0 (compatible; bingbot/2.0; +http://www.bing.com/bingbot.htm)"
178.151.245.174 - - [11/Jan/2021:06:41:36 +0100] "GET /-p-1169.html HTTP/1.0" 200 69190 "-" "Mozilla/5.0 (compatible; MJ12bot/v1.4.8; http://mj12bot.com/)"
13.66.139.48 - - [11/Jan/2021:06:41:36 +0100] "GET /cocacola-m-190.html HTTP/1.0" 200 88885 "-" "Mozilla/5.0 (compatible; bingbot/2.0; +http://www.bing.com/bingbot.htm)"
13.66.139.48 - - [11/Jan/2021:06:41:37 +0100] "GET /-p-17943.html HTTP/1.0" 200 69192 "-" "Mozilla/5.0 (compatible; bingbot/2.0; +http://www.bing.com/bingbot.htm)"
13.66.139.48 - - [11/Jan/2021:06:41:38 +0100] "GET /-p-18187.html HTTP/1.0" 200 69192 "-" "Mozilla/5.0 (compatible; bingbot/2.0; +http://www.bing.com/bingbot.htm)"
13.66.139.48 - - [11/Jan/2021:06:41:39 +0100] "GET /-p-20220.html HTTP/1.0" 200 69192 "-" "Mozilla/5.0 (compatible; bingbot/2.0; +http://www.bing.com/bingbot.htm)"
13.66.139.14 - - [11/Jan/2021:06:41:39 +0100] "GET /fairies-tinkerbell-m-26.html HTTP/1.0" 200 89885 "-" "Mozilla/5.0 (compatible; bingbot/2.0; +http://www.bing.com/bingbot.htm)"
13.66.139.14 - - [11/Jan/2021:06:41:41 +0100] "GET /boxers-c-53_139.html HTTP/1.0" 200 74517 "-" "Mozilla/5.0 (compatible; bingbot/2.0; +http://www.bing.com/bingbot.htm)"
13.66.139.14 - - [11/Jan/2021:06:41:42 +0100] "GET /-p-14332.html HTTP/1.0" 200 69192 "-" "Mozilla/5.0 (compatible; bingbot/2.0; +http://www.bing.com/bingbot.htm)"
13.66.139.14 - - [11/Jan/2021:06:41:43 +0100] "GET /-p-24983.html HTTP/1.0" 200 69192 "-" "Mozilla/5.0 (compatible; bingbot/2.0; +http://www.bing.com/bingbot.htm)"
13.66.139.14 - - [11/Jan/2021:06:41:44 +0100] "GET /-p-38385.html HTTP/1.0" 200 69192 "-" "Mozilla/5.0 (compatible; bingbot/2.0; +http://www.bing.com/bingbot.htm)"
185.191.171.25 - - [11/Jan/2021:06:41:44 +0100] "GET /glass-cutting-board-by-cbkreation-p-51332.html HTTP/1.0" 200 71912 "-" "Mozilla/5.0 (compatible; SemrushBot/7~bl; +http://www.semrush.com/bot.html)"
13.66.139.14 - - [11/Jan/2021:06:41:45 +0100] "GET /-p-28773.html HTTP/1.0" 200 69192 "-" "Mozilla/5.0 (compatible; bingbot/2.0; +http://www.bing.com/bingbot.htm)"
178.151.245.174 - - [11/Jan/2021:06:41:46 +0100] "GET /-p-11692.html HTTP/1.0" 200 69192 "-" "Mozilla/5.0 (compatible; MJ12bot/v1.4.8; http://mj12bot.com/)"
13.66.139.14 - - [11/Jan/2021:06:41:46 +0100] "GET /-p-21608.html HTTP/1.0" 200 69192 "-" "Mozilla/5.0 (compatible; bingbot/2.0; +http://www.bing.com/bingbot.htm)"
13.66.139.14 - - [11/Jan/2021:06:41:48 +0100] "GET /-p-31861.html HTTP/1.0" 200 69192 "-" "Mozilla/5.0 (compatible; bingbot/2.0; +http://www.bing.com/bingbot.htm)"
13.66.139.14 - - [11/Jan/2021:06:41:49 +0100] "GET /-p-15474.html HTTP/1.0" 200 69192 "-" "Mozilla/5.0 (compatible; bingbot/2.0; +http://www.bing.com/bingbot.htm)"
51.68.224.127 - - [11/Jan/2021:06:41:49 +0100] "GET /adminweb/export_orders_xml.php?token=256de2z6edz6ed2z6DFSFsed2zed6zeDSFDSGdzedezfzf&maxorders=10&orderstart=1&status=14&start_date=2018-10-01 HTTP/1.0" 200 285 "-" "GesCom CharlotteBoutik Serveur"
51.68.224.127 - - [11/Jan/2021:06:41:50 +0100] "GET /adminweb/export_orders_xml.php?token=256de2z6edz6ed2z6DFSFsed2zed6zeDSFDSGdzedezfzf&maxorders=10&orderstart=1&status=6&start_date=2018-10-01 HTTP/1.0" 200 29990 "-" "GesCom CharlotteBoutik Serveur"
13.66.139.48 - - [11/Jan/2021:06:41:49 +0100] "GET /-p-29445.html HTTP/1.0" 200 69192 "-" "Mozilla/5.0 (compatible; bingbot/2.0; +http://www.bing.com/bingbot.htm)"
13.66.139.48 - - [11/Jan/2021:06:41:51 +0100] "GET /-p-11466.html HTTP/1.0" 200 69192 "-" "Mozilla/5.0 (compatible; bingbot/2.0; +http://www.bing.com/bingbot.htm)"
13.66.139.48 - - [11/Jan/2021:06:41:51 +0100] "GET /-p-34821.html HTTP/1.0" 200 69192 "-" "Mozilla/5.0 (compatible; bingbot/2.0; +http://www.bing.com/bingbot.htm)"
13.66.139.48 - - [11/Jan/2021:06:41:52 +0100] "GET /-p-11973.html HTTP/1.0" 200 69192 "-" "Mozilla/5.0 (compatible; bingbot/2.0; +http://www.bing.com/bingbot.htm)"
13.66.139.48 - - [11/Jan/2021:06:41:53 +0100] "GET /-p-39595.html HTTP/1.0" 200 69192 "-" "Mozilla/5.0 (compatible; bingbot/2.0; +http://www.bing.com/bingbot.htm)"
114.119.145.117 - - [11/Jan/2021:06:41:54 +0100] "GET /watches-c-3_66.html HTTP/1.0" 200 89984 "-" "Mozilla/5.0 (Linux; Android 7.0;) AppleWebKit/537.36 (KHTML, like Gecko) Mobile Safari/537.36 (compatible; PetalBot;+https://aspiegel.com/petalbot)"
13.66.139.48 - - [11/Jan/2021:06:41:55 +0100] "GET /-p-15992.html HTTP/1.0" 200 69192 "-" "Mozilla/5.0 (compatible; bingbot/2.0; +http://www.bing.com/bingbot.htm)"
178.151.245.174 - - [11/Jan/2021:06:41:58 +0100] "GET /-p-11694.html HTTP/1.0" 200 69192 "-" "Mozilla/5.0 (compatible; MJ12bot/v1.4.8; http://mj12bot.com/)"
13.66.139.14 - - [11/Jan/2021:06:42:00 +0100] "GET /-p-18805.html HTTP/1.0" 200 69192 "-" "Mozilla/5.0 (compatible; bingbot/2.0; +http://www.bing.com/bingbot.htm)"
13.66.139.14 - - [11/Jan/2021:06:42:01 +0100] "GET /-p-16159.html HTTP/1.0" 200 69192 "-" "Mozilla/5.0 (compatible; bingbot/2.0; +http://www.bing.com/bingbot.htm)"
13.66.139.14 - - [11/Jan/2021:06:42:02 +0100] "GET /-p-3610.html HTTP/1.0" 200 69190 "-" "Mozilla/5.0 (compatible; bingbot/2.0; +http://www.bing.com/bingbot.htm)"
13.66.139.14 - - [11/Jan/2021:06:42:02 +0100] "GET /-p-920.html HTTP/1.0" 200 69188 "-" "Mozilla/5.0 (compatible; bingbot/2.0; +http://www.bing.com/bingbot.htm)"
13.66.139.14 - - [11/Jan/2021:06:42:03 +0100] "GET /-p-6232.html HTTP/1.0" 200 69190 "-" "Mozilla/5.0 (compatible; bingbot/2.0; +http://www.bing.com/bingbot.htm)"
13.66.139.14 - - [11/Jan/2021:06:42:04 +0100] "GET /-p-4997.html HTTP/1.0" 200 69190 "-" "Mozilla/5.0 (compatible; bingbot/2.0; +http://www.bing.com/bingbot.htm)"
157.55.39.220 - - [11/Jan/2021:06:42:06 +0100] "GET /highslide/highslide.js HTTP/1.0" 200 262 "-" "Mozilla/5.0 (compatible; bingbot/2.0; +http://www.bing.com/bingbot.htm)"
178.151.245.174 - - [11/Jan/2021:06:42:08 +0100] "GET /-p-12018.html HTTP/1.0" 200 69192 "-" "Mozilla/5.0 (compatible; MJ12bot/v1.4.8; http://mj12bot.com/)"
178.151.245.174 - - [11/Jan/2021:06:42:14 +0100] "GET /-p-16011.html HTTP/1.0" 200 69192 "-" "Mozilla/5.0 (compatible; MJ12bot/v1.4.8; http://mj12bot.com/)"
34.75.185.85 - - [11/Jan/2021:06:42:16 +0100] "GET /flatwares-c-12_63.html HTTP/1.0" 200 88643 "-" "ZoominfoBot (zoominfobot at zoominfo dot com)"
13.66.139.14 - - [11/Jan/2021:06:42:16 +0100] "GET /-p-10509.html HTTP/1.0" 200 69192 "-" "Mozilla/5.0 (compatible; bingbot/2.0; +http://www.bing.com/bingbot.htm)"
13.66.139.14 - - [11/Jan/2021:06:42:17 +0100] "GET /-p-5558.html HTTP/1.0" 200 69190 "-" "Mozilla/5.0 (compatible; bingbot/2.0; +http://www.bing.com/bingbot.htm)"
13.66.139.14 - - [11/Jan/2021:06:42:18 +0100] "GET /-p-6455.html HTTP/1.0" 200 69190 "-" "Mozilla/5.0 (compatible; bingbot/2.0; +http://www.bing.com/bingbot.htm)"
13.66.139.14 - - [11/Jan/2021:06:42:18 +0100] "GET /-p-38300.html HTTP/1.0" 200 69192 "-" "Mozilla/5.0 (compatible; bingbot/2.0; +http://www.bing.com/bingbot.htm)"
178.151.245.174 - - [11/Jan/2021:06:42:26 +0100] "GET /-p-16018.html HTTP/1.0" 200 69192 "-" "Mozilla/5.0 (compatible; MJ12bot/v1.4.8; http://mj12bot.com/)"
185.191.171.16 - - [11/Jan/2021:06:42:36 +0100] "GET /paris-mug-p-25807.html HTTP/1.0" 200 71681 "-" "Mozilla/5.0 (compatible; SemrushBot/7~bl; +http://www.semrush.com/bot.html)"
178.151.245.174 - - [11/Jan/2021:06:42:39 +0100] "GET /-p-17290.html HTTP/1.0" 200 69192 "-" "Mozilla/5.0 (compatible; MJ12bot/v1.4.8; http://mj12bot.com/)"
178.151.245.174 - - [11/Jan/2021:06:42:50 +0100] "GET /-p-18118.html HTTP/1.0" 200 69192 "-" "Mozilla/5.0 (compatible; MJ12bot/v1.4.8; http://mj12bot.com/)"
178.151.245.174 - - [11/Jan/2021:06:43:00 +0100] "GET /-p-18119.html HTTP/1.0" 200 69192 "-" "Mozilla/5.0 (compatible; MJ12bot/v1.4.8; http://mj12bot.com/)"
178.151.245.174 - - [11/Jan/2021:06:43:09 +0100] "GET /-p-18120.html HTTP/1.0" 200 69192 "-" "Mozilla/5.0 (compatible; MJ12bot/v1.4.8; http://mj12bot.com/)"
185.191.171.2 - - [11/Jan/2021:06:43:10 +0100] "GET /pikaly-bedclothes-240-220-cm-p-45418.html HTTP/1.0" 200 72037 "-" "Mozilla/5.0 (compatible; SemrushBot/7~bl; +http://www.semrush.com/bot.html)"
49.7.20.122 - - [11/Jan/2021:06:43:15 +0100] "GET / HTTP/1.0" 200 150492 "-" "Sogou web spider/4.0(+http://www.sogou.com/docs/help/webmasters.htm#07)"
178.151.245.174 - - [11/Jan/2021:06:43:18 +0100] "GET /-p-20371.html HTTP/1.0" 200 69192 "-" "Mozilla/5.0 (compatible; MJ12bot/v1.4.8; http://mj12bot.com/)"
34.75.185.85 - - [11/Jan/2021:06:43:20 +0100] "GET /flasks-c-12_245.html HTTP/1.0" 200 77814 "-" "ZoominfoBot (zoominfobot at zoominfo dot com)"
34.75.185.85 - - [11/Jan/2021:06:43:23 +0100] "GET /personalized-products-c-97.html HTTP/1.0" 200 89436 "-" "ZoominfoBot (zoominfobot at zoominfo dot com)"
5.255.231.71 - - [11/Jan/2021:06:43:24 +0100] "GET /robots.txt HTTP/1.0" 200 245 "-" "Mozilla/5.0 (compatible; YandexBot/3.0; +http://yandex.com/bots)"
5.255.231.71 - - [11/Jan/2021:06:43:28 +0100] "GET /images/3760194799926.jpg HTTP/1.0" 200 259 "-" "Mozilla/5.0 (compatible; YandexImages/3.0; +http://yandex.com/bots)"
178.151.245.174 - - [11/Jan/2021:06:43:28 +0100] "GET /-p-20381.html HTTP/1.0" 200 69192 "-" "Mozilla/5.0 (compatible; MJ12bot/v1.4.8; http://mj12bot.com/)"
178.151.245.174 - - [11/Jan/2021:06:43:38 +0100] "GET /-p-20399.html HTTP/1.0" 200 69192 "-" "Mozilla/5.0 (compatible; MJ12bot/v1.4.8; http://mj12bot.com/)"
157.55.39.110 - - [11/Jan/2021:06:43:41 +0100] "GET /images/big_prod/4010070314224.jpg HTTP/1.0" 200 268 "-" "Mozilla/5.0 (compatible; bingbot/2.0; +http://www.bing.com/bingbot.htm)"
178.151.245.174 - - [11/Jan/2021:06:43:47 +0100] "GET /-p-20400.html HTTP/1.0" 200 69192 "-" "Mozilla/5.0 (compatible; MJ12bot/v1.4.8; http://mj12bot.com/)"
185.191.171.39 - - [11/Jan/2021:06:43:48 +0100] "GET /salt-and-pepper-pot-henette-collection-p-52670.html HTTP/1.0" 200 71957 "-" "Mozilla/5.0 (compatible; SemrushBot/7~bl; +http://www.semrush.com/bot.html)"
185.191.171.13 - - [11/Jan/2021:06:43:51 +0100] "GET /barbapapa-breakfast-set-p-19467.html HTTP/1.0" 200 69274 "-" "Mozilla/5.0 (compatible; SemrushBot/7~bl; +http://www.semrush.com/bot.html)"
178.151.245.174 - - [11/Jan/2021:06:43:55 +0100] "GET /-p-20421.html HTTP/1.0" 200 69192 "-" "Mozilla/5.0 (compatible; MJ12bot/v1.4.8; http://mj12bot.com/)"
185.191.171.4 - - [11/Jan/2021:06:44:01 +0100] "GET /savane-bedclothes-240-220-cm-p-42599.html HTTP/1.0" 301 69259 "-" "Mozilla/5.0 (compatible; SemrushBot/7~bl; +http://www.semrush.com/bot.html)"
185.191.171.25 - - [11/Jan/2021:06:44:04 +0100] "GET /-p-42599.html HTTP/1.0" 200 69192 "-" "Mozilla/5.0 (compatible; SemrushBot/7~bl; +http://www.semrush.com/bot.html)"
178.151.245.174 - - [11/Jan/2021:06:44:04 +0100] "GET /-p-20424.html HTTP/1.0" 200 69192 "-" "Mozilla/5.0 (compatible; MJ12bot/v1.4.8; http://mj12bot.com/)"
185.191.171.24 - - [11/Jan/2021:06:44:07 +0100] "GET /despecable-me-led-keyring-p-33103.html HTTP/1.0" 200 72547 "-" "Mozilla/5.0 (compatible; SemrushBot/7~bl; +http://www.semrush.com/bot.html)"
178.151.245.174 - - [11/Jan/2021:06:44:14 +0100] "GET /-p-20426.html HTTP/1.0" 200 69192 "-" "Mozilla/5.0 (compatible; MJ12bot/v1.4.8; http://mj12bot.com/)"
178.151.245.174 - - [11/Jan/2021:06:44:22 +0100] "GET /-p-20430.html HTTP/1.0" 200 69192 "-" "Mozilla/5.0 (compatible; MJ12bot/v1.4.8; http://mj12bot.com/)"
157.55.39.22 - - [11/Jan/2021:06:44:27 +0100] "GET /harley-davidson-small-metal-plate-p-29713.html HTTP/1.0" 200 71954 "-" "Mozilla/5.0 (compatible; bingbot/2.0; +http://www.bing.com/bingbot.htm)"
178.151.245.174 - - [11/Jan/2021:06:44:33 +0100] "GET /-p-20434.html HTTP/1.0" 200 69192 "-" "Mozilla/5.0 (compatible; MJ12bot/v1.4.8; http://mj12bot.com/)"
185.191.171.39 - - [11/Jan/2021:06:44:38 +0100] "GET /set-of-bear-glasses-p-47048.html HTTP/1.0" 200 69284 "-" "Mozilla/5.0 (compatible; SemrushBot/7~bl; +http://www.semrush.com/bot.html)"
178.151.245.174 - - [11/Jan/2021:06:44:42 +0100] "GET /-p-20872.html HTTP/1.0" 200 69192 "-" "Mozilla/5.0 (compatible; MJ12bot/v1.4.8; http://mj12bot.com/)"
178.151.245.174 - - [11/Jan/2021:06:44:52 +0100] "GET /-p-24697.html HTTP/1.0" 200 69192 "-" "Mozilla/5.0 (compatible; MJ12bot/v1.4.8; http://mj12bot.com/)"
54.36.148.53 - - [11/Jan/2021:06:45:01 +0100] "GET /figurine-collection-mickey-with-birthday-cake-p-21432.html HTTP/1.0" 301 69259 "-" "Mozilla/5.0 (compatible; AhrefsBot/7.0; +http://ahrefs.com/robot/)"
178.151.245.174 - - [11/Jan/2021:06:45:02 +0100] "GET /-p-25225.html HTTP/1.0" 200 69192 "-" "Mozilla/5.0 (compatible; MJ12bot/v1.4.8; http://mj12bot.com/)"
207.46.13.239 - - [11/Jan/2021:06:45:03 +0100] "GET /images/big_prod/3609810046528.jpg HTTP/1.0" 200 268 "-" "Mozilla/5.0 (compatible; bingbot/2.0; +http://www.bing.com/bingbot.htm)"
178.151.245.174 - - [11/Jan/2021:06:45:13 +0100] "GET /-p-25227.html HTTP/1.0" 200 69192 "-" "Mozilla/5.0 (compatible; MJ12bot/v1.4.8; http://mj12bot.com/)"
185.191.171.37 - - [11/Jan/2021:06:45:14 +0100] "GET /blue-duck-fitted-sheet-160-200-cm-p-51985.html HTTP/1.0" 200 71875 "-" "Mozilla/5.0 (compatible; SemrushBot/7~bl; +http://www.semrush.com/bot.html)"
178.151.245.174 - - [11/Jan/2021:06:45:22 +0100] "GET /-p-34265.html HTTP/1.0" 200 69192 "-" "Mozilla/5.0 (compatible; MJ12bot/v1.4.8; http://mj12bot.com/)"
40.77.167.56 - - [11/Jan/2021:06:45:28 +0100] "GET /luggages-schoolbags-leather-shop/bagshandbags-shoulder-bags/hannah-montana-shopping-bag-and-coin-purse-set-p-7617.html HTTP/1.0" 301 72580 "-" "Mozilla/5.0 (compatible; bingbot/2.0; +http://www.bing.com/bingbot.htm)"
157.55.39.220 - - [11/Jan/2021:06:45:36 +0100] "GET /highslide/highslide.js HTTP/1.0" 200 262 "-" "Mozilla/5.0 (compatible; bingbot/2.0; +http://www.bing.com/bingbot.htm)"
185.191.171.22 - - [11/Jan/2021:06:45:37 +0100] "GET /retro-blue-van-wooden-wall-decoration-to-hang-p-36860.html HTTP/1.0" 200 72136 "-" "Mozilla/5.0 (compatible; SemrushBot/7~bl; +http://www.semrush.com/bot.html)"
178.151.245.174 - - [11/Jan/2021:06:45:37 +0100] "GET /-p-38538.html HTTP/1.0" 200 69192 "-" "Mozilla/5.0 (compatible; MJ12bot/v1.4.8; http://mj12bot.com/)"
178.151.245.174 - - [11/Jan/2021:06:45:48 +0100] "GET /-p-40420.html HTTP/1.0" 200 69192 "-" "Mozilla/5.0 (compatible; MJ12bot/v1.4.8; http://mj12bot.com/)"
178.151.245.174 - - [11/Jan/2021:06:45:57 +0100] "GET /-p-40421.html HTTP/1.0" 200 69192 "-" "Mozilla/5.0 (compatible; MJ12bot/v1.4.8; http://mj12bot.com/)"
185.191.171.7 - - [11/Jan/2021:06:46:04 +0100] "GET /renault-alpine-large-metal-plate-deco-p-26448.html HTTP/1.0" 200 71930 "-" "Mozilla/5.0 (compatible; SemrushBot/7~bl; +http://www.semrush.com/bot.html)"
178.151.245.174 - - [11/Jan/2021:06:46:06 +0100] "GET /-p-42600.html HTTP/1.0" 200 69192 "-" "Mozilla/5.0 (compatible; MJ12bot/v1.4.8; http://mj12bot.com/)"
178.151.245.174 - - [11/Jan/2021:06:46:16 +0100] "GET /-p-45927.html HTTP/1.0" 200 69192 "-" "Mozilla/5.0 (compatible; MJ12bot/v1.4.8; http://mj12bot.com/)"
114.119.144.233 - - [11/Jan/2021:06:46:18 +0100] "GET /wooden-tray-with-handles-45-cm-p-49699.html HTTP/1.0" 200 72027 "-" "Mozilla/5.0 (Linux; Android 7.0;) AppleWebKit/537.36 (KHTML, like Gecko) Mobile Safari/537.36 (compatible; PetalBot;+https://aspiegel.com/petalbot)"
178.151.245.174 - - [11/Jan/2021:06:46:21 +0100] "GET /-p-49665.html HTTP/1.0" 200 69192 "-" "Mozilla/5.0 (compatible; MJ12bot/v1.4.8; http://mj12bot.com/)"
185.191.171.12 - - [11/Jan/2021:06:46:24 +0100] "GET /frida-mug-with-infuser-pink-p-52863.html?action=add_product HTTP/1.0" 302 476 "-" "Mozilla/5.0 (compatible; SemrushBot/7~bl; +http://www.semrush.com/bot.html)"
178.151.245.174 - - [11/Jan/2021:06:46:29 +0100] "GET /-p-5474.html HTTP/1.0" 200 69190 "-" "Mozilla/5.0 (compatible; MJ12bot/v1.4.8; http://mj12bot.com/)"
54.36.148.103 - - [11/Jan/2021:06:46:37 +0100] "GET /cotton-bed-base-cover-160-200-cm-canon-de-fusil-p-44228.html HTTP/1.0" 200 72044 "-" "Mozilla/5.0 (compatible; AhrefsBot/7.0; +http://ahrefs.com/robot/)"
178.151.245.174 - - [11/Jan/2021:06:46:42 +0100] "GET /acdc-covers-poster-p-36700.html HTTP/1.0" 200 71821 "-" "Mozilla/5.0 (compatible; MJ12bot/v1.4.8; http://mj12bot.com/)"
17.58.101.147 - - [11/Jan/2021:06:46:47 +0100] "GET /images/mini_prod/8719075395172.jpg HTTP/1.0" 200 269 "-" "Mozilla/5.0 (Macintosh; Intel Mac OS X 10_15_5) AppleWebKit/605.1.15 (KHTML, like Gecko) Version/13.1.1 Safari/605.1.15 (Applebot/0.1; +http://www.apple.com/go/applebot)"
185.191.171.23 - - [11/Jan/2021:06:46:42 +0100] "GET /scented-candles-and-novenas-c-231_227.html?page=2 HTTP/1.0" 200 92117 "-" "Mozilla/5.0 (compatible; SemrushBot/7~bl; +http://www.semrush.com/bot.html)"
178.151.245.174 - - [11/Jan/2021:06:46:50 +0100] "GET /acdc-gift-set-p-49679.html HTTP/1.0" 200 69236 "-" "Mozilla/5.0 (compatible; MJ12bot/v1.4.8; http://mj12bot.com/)"
178.151.245.174 - - [11/Jan/2021:06:46:58 +0100] "GET /acdc-lighter-p-29760.html HTTP/1.0" 200 69243 "-" "Mozilla/5.0 (compatible; MJ12bot/v1.4.8; http://mj12bot.com/)"
17.58.101.147 - - [11/Jan/2021:06:47:02 +0100] "GET /take-the-cake-bag-chrie-party-p-48105.html HTTP/1.0" 200 72526 "-" "Mozilla/5.0 (Macintosh; Intel Mac OS X 10_15_5) AppleWebKit/605.1.15 (KHTML, like Gecko) Version/13.1.1 Safari/605.1.15 (Applebot/0.1; +http://www.apple.com/go/applebot)"
185.191.171.45 - - [11/Jan/2021:06:47:07 +0100] "GET /robots.txt HTTP/1.0" 200 245 "-" "Mozilla/5.0 (compatible; SemrushBot/7~bl; +http://www.semrush.com/bot.html)"
178.151.245.174 - - [11/Jan/2021:06:47:07 +0100] "GET /acdc-notebook-set-p-49807.html HTTP/1.0" 200 69250 "-" "Mozilla/5.0 (compatible; MJ12bot/v1.4.8; http://mj12bot.com/)"
185.191.171.44 - - [11/Jan/2021:06:47:08 +0100] "GET /italian-dolce-vita-black-women-tee-shirt-p-30958.html HTTP/1.0" 200 73922 "-" "Mozilla/5.0 (compatible; SemrushBot/7~bl; +http://www.semrush.com/bot.html)"
178.151.245.174 - - [11/Jan/2021:06:47:20 +0100] "GET /acdc-poster-p-30869.html HTTP/1.0" 200 69241 "-" "Mozilla/5.0 (compatible; MJ12bot/v1.4.8; http://mj12bot.com/)"
178.151.245.174 - - [11/Jan/2021:06:47:29 +0100] "GET /acdc-shirt-p-29538.html HTTP/1.0" 200 73579 "-" "Mozilla/5.0 (compatible; MJ12bot/v1.4.8; http://mj12bot.com/)"
185.191.171.44 - - [11/Jan/2021:06:47:27 +0100] "GET /money-boxes-c-13_83.html?page=12 HTTP/1.0" 200 83552 "-" "Mozilla/5.0 (compatible; SemrushBot/7~bl; +http://www.semrush.com/bot.html)"
185.191.171.5 - - [11/Jan/2021:06:47:36 +0100] "GET /russian-dolls-white-cover-ipad-by-cbkreation-p-18750.html HTTP/1.0" 200 69394 "-" "Mozilla/5.0 (compatible; SemrushBot/7~bl; +http://www.semrush.com/bot.html)"
178.151.245.174 - - [11/Jan/2021:06:47:37 +0100] "GET /acdc-towel-p-38361.html HTTP/1.0" 200 69236 "-" "Mozilla/5.0 (compatible; MJ12bot/v1.4.8; http://mj12bot.com/)"
185.191.171.44 - - [11/Jan/2021:06:47:38 +0100] "GET /cupcakes-mouse-pad-by-cbkreation-p-17364.html HTTP/1.0" 200 71874 "-" "Mozilla/5.0 (compatible; SemrushBot/7~bl; +http://www.semrush.com/bot.html)"
185.191.171.4 - - [11/Jan/2021:06:47:41 +0100] "GET /teo-jasmin-medium-cabas-p-43479.html HTTP/1.0" 200 69274 "-" "Mozilla/5.0 (compatible; SemrushBot/7~bl; +http://www.semrush.com/bot.html)"
207.46.13.239 - - [11/Jan/2021:06:47:46 +0100] "GET /forest-friends-glasses-case-fox-p-51863.html HTTP/1.0" 200 69298 "-" "Mozilla/5.0 (compatible; bingbot/2.0; +http://www.bing.com/bingbot.htm)"
178.151.245.174 - - [11/Jan/2021:06:47:48 +0100] "GET /achshund-bookend-p-51892.html HTTP/1.0" 200 72572 "-" "Mozilla/5.0 (compatible; MJ12bot/v1.4.8; http://mj12bot.com/)"
34.75.185.85 - - [11/Jan/2021:06:47:45 +0100] "GET /cake-molds-ice-cube-molds-c-12_246.html HTTP/1.0" 200 84966 "-" "ZoominfoBot (zoominfobot at zoominfo dot com)"
178.151.245.174 - - [11/Jan/2021:06:47:57 +0100] "GET /act-of-love-storybook-frozen-figurine-p-34265.html HTTP/1.0" 301 69259 "-" "Mozilla/5.0 (compatible; MJ12bot/v1.4.8; http://mj12bot.com/)"
178.151.245.174 - - [11/Jan/2021:06:48:06 +0100] "GET /-p-34265.html HTTP/1.0" 200 69192 "-" "Mozilla/5.0 (compatible; MJ12bot/v1.4.8; http://mj12bot.com/)"
178.151.245.174 - - [11/Jan/2021:06:48:15 +0100] "GET /adhesive-decoration-in-relief-psg-p-52033.html HTTP/1.0" 200 72618 "-" "Mozilla/5.0 (compatible; MJ12bot/v1.4.8; http://mj12bot.com/)"
178.151.245.174 - - [11/Jan/2021:06:48:25 +0100] "GET /adhesive-decoration-in-relief-psg-p-52034.html HTTP/1.0" 200 72618 "-" "Mozilla/5.0 (compatible; MJ12bot/v1.4.8; http://mj12bot.com/)"
157.55.39.110 - - [11/Jan/2021:06:48:31 +0100] "GET /images/3662468004319.jpg HTTP/1.0" 200 259 "-" "Mozilla/5.0 (compatible; bingbot/2.0; +http://www.bing.com/bingbot.htm)"
178.151.245.174 - - [11/Jan/2021:06:48:37 +0100] "GET /adjustable-desk-lamp-in-wood-and-metal-p-47502.html HTTP/1.0" 200 71981 "-" "Mozilla/5.0 (compatible; MJ12bot/v1.4.8; http://mj12bot.com/)"
207.46.13.36 - - [11/Jan/2021:06:48:45 +0100] "GET /images/med_prod/1345544794213.jpg HTTP/1.0" 200 268 "-" "Mozilla/5.0 (compatible; bingbot/2.0; +http://www.bing.com/bingbot.htm)"
178.151.245.174 - - [11/Jan/2021:06:48:46 +0100] "GET /adult-apron-p-45926.html HTTP/1.0" 200 71734 "-" "Mozilla/5.0 (compatible; MJ12bot/v1.4.8; http://mj12bot.com/)"
178.151.245.174 - - [11/Jan/2021:06:48:54 +0100] "GET /adult-apron-p-45927.html HTTP/1.0" 301 69259 "-" "Mozilla/5.0 (compatible; MJ12bot/v1.4.8; http://mj12bot.com/)"
178.151.245.174 - - [11/Jan/2021:06:49:05 +0100] "GET /-p-45927.html HTTP/1.0" 200 69192 "-" "Mozilla/5.0 (compatible; MJ12bot/v1.4.8; http://mj12bot.com/)"
178.151.245.174 - - [11/Jan/2021:06:49:11 +0100] "GET /adult-apron-p-45928.html HTTP/1.0" 200 71732 "-" "Mozilla/5.0 (compatible; MJ12bot/v1.4.8; http://mj12bot.com/)"
185.191.171.8 - - [11/Jan/2021:06:49:16 +0100] "GET /little-toiletry-bag-p-43389.html HTTP/1.0" 200 71914 "-" "Mozilla/5.0 (compatible; SemrushBot/7~bl; +http://www.semrush.com/bot.html)"
178.151.245.174 - - [11/Jan/2021:06:49:25 +0100] "GET /adultes-c-53.html HTTP/1.0" 301 92016 "-" "Mozilla/5.0 (compatible; MJ12bot/v1.4.8; http://mj12bot.com/)"
207.46.13.229 - - [11/Jan/2021:06:49:33 +0100] "GET /images/big_prod_2/1491693047073C.jpg HTTP/1.0" 200 271 "-" "Mozilla/5.0 (compatible; bingbot/2.0; +http://www.bing.com/bingbot.htm)"
178.151.245.174 - - [11/Jan/2021:06:49:34 +0100] "GET /adults-c-53.html HTTP/1.0" 200 91946 "-" "Mozilla/5.0 (compatible; MJ12bot/v1.4.8; http://mj12bot.com/)"
185.191.171.1 - - [11/Jan/2021:06:49:43 +0100] "GET /small-box-for-baby-teeth-gold-p-36445.html HTTP/1.0" 200 72011 "-" "Mozilla/5.0 (compatible; SemrushBot/7~bl; +http://www.semrush.com/bot.html)"
178.151.245.174 - - [11/Jan/2021:06:49:45 +0100] "GET /adults-apron-cotton-yuco-curry-p-48217.html HTTP/1.0" 200 71943 "-" "Mozilla/5.0 (compatible; MJ12bot/v1.4.8; http://mj12bot.com/)"
178.151.245.174 - - [11/Jan/2021:06:49:57 +0100] "GET /adults-apron-cotton-yuco-jade-p-48218.html HTTP/1.0" 200 71938 "-" "Mozilla/5.0 (compatible; MJ12bot/v1.4.8; http://mj12bot.com/)"
178.151.245.174 - - [11/Jan/2021:06:50:07 +0100] "GET /adults-apron-cotton-yuco-tomette-p-48219.html HTTP/1.0" 200 71955 "-" "Mozilla/5.0 (compatible; MJ12bot/v1.4.8; http://mj12bot.com/)"
157.55.39.110 - - [11/Jan/2021:06:50:21 +0100] "GET /images/med_prod/00000000corsica.jpg HTTP/1.0" 200 270 "-" "Mozilla/5.0 (compatible; bingbot/2.0; +http://www.bing.com/bingbot.htm)"
178.151.245.174 - - [11/Jan/2021:06:50:18 +0100] "GET /adults-c-53.html?page=10 HTTP/1.0" 200 90223 "-" "Mozilla/5.0 (compatible; MJ12bot/v1.4.8; http://mj12bot.com/)"
