51.68.224.127 - - [11/Jan/2021:04:14:50 +0100] "GET /adminweb/export_orders_xml.php?token=256de2z6edz6ed2z6DFSFsed2zed6zeDSFDSGdzedezfzf&maxorders=10&orderstart=1&status=6&start_date=2018-10-01 HTTP/1.0" 200 29990 "-" "GesCom CharlotteBoutik Serveur"
185.191.171.11 - - [11/Jan/2021:04:14:52 +0100] "GET /bonheur-et-dream-wall-sticker-p-51529.html HTTP/1.0" 200 71924 "-" "Mozilla/5.0 (compatible; SemrushBot/7~bl; +http://www.semrush.com/bot.html)"
185.191.171.21 - - [11/Jan/2021:04:14:54 +0100] "GET /tetsubin-black-teapot-japanese-05-liter-p-41375.html HTTP/1.0" 200 72177 "-" "Mozilla/5.0 (compatible; SemrushBot/7~bl; +http://www.semrush.com/bot.html)"
185.191.171.1 - - [11/Jan/2021:04:15:34 +0100] "GET /home-and-decoration-c-13.html?page=165 HTTP/1.0" 200 92198 "-" "Mozilla/5.0 (compatible; SemrushBot/7~bl; +http://www.semrush.com/bot.html)"
157.55.39.22 - - [11/Jan/2021:04:15:48 +0100] "GET /images/DSCN4046.jpg HTTP/1.0" 200 254 "-" "Mozilla/5.0 (compatible; bingbot/2.0; +http://www.bing.com/bingbot.htm)"
207.46.13.36 - - [11/Jan/2021:04:15:52 +0100] "GET /images/big_prod/3700653512291.jpg HTTP/1.0" 200 268 "-" "Mozilla/5.0 (compatible; bingbot/2.0; +http://www.bing.com/bingbot.htm)"
207.46.13.229 - - [11/Jan/2021:04:16:00 +0100] "GET /images/big_prod_2/1345544939966c.jpg HTTP/1.0" 200 271 "-" "Mozilla/5.0 (compatible; bingbot/2.0; +http://www.bing.com/bingbot.htm)"
185.191.171.38 - - [11/Jan/2021:04:16:06 +0100] "GET /carlin-eyeglass-case-p-30553.html HTTP/1.0" 301 69259 "-" "Mozilla/5.0 (compatible; SemrushBot/7~bl; +http://www.semrush.com/bot.html)"
185.191.171.36 - - [11/Jan/2021:04:16:08 +0100] "GET /-p-30553.html HTTP/1.0" 200 69192 "-" "Mozilla/5.0 (compatible; SemrushBot/7~bl; +http://www.semrush.com/bot.html)"
185.191.171.21 - - [11/Jan/2021:04:16:10 +0100] "GET /skulls-mug-p-53006.html HTTP/1.0" 301 71812 "-" "Mozilla/5.0 (compatible; SemrushBot/7~bl; +http://www.semrush.com/bot.html)"
185.191.171.1 - - [11/Jan/2021:04:16:12 +0100] "GET /skull-mug-p-53006.html HTTP/1.0" 200 71736 "-" "Mozilla/5.0 (compatible; SemrushBot/7~bl; +http://www.semrush.com/bot.html)"
185.191.171.38 - - [11/Jan/2021:04:16:15 +0100] "GET /owls-mug-p-27633.html HTTP/1.0" 200 71679 "-" "Mozilla/5.0 (compatible; SemrushBot/7~bl; +http://www.semrush.com/bot.html)"
185.191.171.22 - - [11/Jan/2021:04:16:28 +0100] "GET /dog-bowl-french-kiss-paris-p-37291.html HTTP/1.0" 200 71844 "-" "Mozilla/5.0 (compatible; SemrushBot/7~bl; +http://www.semrush.com/bot.html)"
77.75.76.171 - - [11/Jan/2021:04:16:49 +0100] "GET /robots.txt HTTP/1.0" 200 245 "-" "Mozilla/5.0 (compatible; SeznamBot/3.2; +http://napoveda.seznam.cz/en/seznambot-intro/)"
77.75.76.171 - - [11/Jan/2021:04:16:49 +0100] "GET /athena-statuette-in-bronze-aspect-resin-p-52834.html HTTP/1.0" 200 72017 "-" "Mozilla/5.0 (compatible; SeznamBot/3.2; +http://napoveda.seznam.cz/en/seznambot-intro/)"
185.191.171.11 - - [11/Jan/2021:04:16:58 +0100] "GET /tree-of-life-candle-holder-p-48031.html HTTP/1.0" 200 69313 "-" "Mozilla/5.0 (compatible; SemrushBot/7~bl; +http://www.semrush.com/bot.html)"
54.36.148.191 - - [11/Jan/2021:04:17:10 +0100] "GET /miracle-tattoos-augmented-reality-p-30661.html HTTP/1.0" 200 72685 "-" "Mozilla/5.0 (compatible; AhrefsBot/7.0; +http://ahrefs.com/robot/)"
185.191.171.33 - - [11/Jan/2021:04:17:25 +0100] "GET /gund-boo-plush-13-cm-p-44581.html HTTP/1.0" 200 71886 "-" "Mozilla/5.0 (compatible; SemrushBot/7~bl; +http://www.semrush.com/bot.html)"
207.46.13.239 - - [11/Jan/2021:04:17:28 +0100] "GET /decorations-and-furnishings/lighting/hello-kitty-mini-led-night-light-p-11933.html HTTP/1.0" 301 675 "-" "Mozilla/5.0 (compatible; bingbot/2.0; +http://www.bing.com/bingbot.htm)"
114.119.144.233 - - [11/Jan/2021:04:17:53 +0100] "GET /images/big_prod_2/8424346365937C.jpg HTTP/1.0" 200 271 "-" "Mozilla/5.0 (Linux; Android 7.0;) AppleWebKit/537.36 (KHTML, like Gecko) Mobile Safari/537.36 (compatible; PetalBot;+https://aspiegel.com/petalbot)"
207.46.13.26 - - [11/Jan/2021:04:17:56 +0100] "GET /swfobject.js HTTP/1.0" 404 1308 "-" "Mozilla/5.0 (compatible; bingbot/2.0; +http://www.bing.com/bingbot.htm)"
13.66.139.48 - - [11/Jan/2021:04:18:01 +0100] "GET /figure-simba-p-11245.html HTTP/1.0" 200 69243 "-" "Mozilla/5.0 (compatible; bingbot/2.0; +http://www.bing.com/bingbot.htm)"
13.66.139.48 - - [11/Jan/2021:04:18:02 +0100] "GET /barbabeau-postcard-p-19475.html HTTP/1.0" 200 71901 "-" "Mozilla/5.0 (compatible; bingbot/2.0; +http://www.bing.com/bingbot.htm)"
13.66.139.48 - - [11/Jan/2021:04:18:03 +0100] "GET /teo-jasmin-jasmine-rockabilly-companion-portfolio-p-39129.html HTTP/1.0" 200 72934 "-" "Mozilla/5.0 (compatible; bingbot/2.0; +http://www.bing.com/bingbot.htm)"
13.66.139.48 - - [11/Jan/2021:04:18:04 +0100] "GET /small-tins-box-gorjuss-sugar-and-spice-p-48406.html HTTP/1.0" 200 73143 "-" "Mozilla/5.0 (compatible; bingbot/2.0; +http://www.bing.com/bingbot.htm)"
13.66.139.48 - - [11/Jan/2021:04:18:05 +0100] "GET /metal-ding-dong-bell-for-bike-black-p-40743.html HTTP/1.0" 200 71943 "-" "Mozilla/5.0 (compatible; bingbot/2.0; +http://www.bing.com/bingbot.htm)"
207.46.13.26 - - [11/Jan/2021:04:18:06 +0100] "GET /swfobject.js HTTP/1.0" 404 1308 "-" "Mozilla/5.0 (compatible; bingbot/2.0; +http://www.bing.com/bingbot.htm)"
185.191.171.33 - - [11/Jan/2021:04:18:14 +0100] "GET /strawberry-shortcake-swimsuit-p-30289.html HTTP/1.0" 200 73017 "-" "Mozilla/5.0 (compatible; SemrushBot/7~bl; +http://www.semrush.com/bot.html)"
185.191.171.9 - - [11/Jan/2021:04:18:22 +0100] "GET /fitted-sheet-for-bed-with-head-and-foot-lifting-80-200-cm-p-43761.html HTTP/1.0" 200 72608 "-" "Mozilla/5.0 (compatible; SemrushBot/7~bl; +http://www.semrush.com/bot.html)"
207.46.13.239 - - [11/Jan/2021:04:18:27 +0100] "GET /teo-jasmin-jockey-pencil-case-p-40867.html HTTP/1.0" 200 71969 "-" "Mozilla/5.0 (compatible; bingbot/2.0; +http://www.bing.com/bingbot.htm)"
185.191.171.14 - - [11/Jan/2021:04:18:30 +0100] "GET /yoga-statuette-p-53027.html HTTP/1.0" 200 71836 "-" "Mozilla/5.0 (compatible; SemrushBot/7~bl; +http://www.semrush.com/bot.html)"
157.55.39.220 - - [11/Jan/2021:04:18:31 +0100] "GET /highslide/highslide.js HTTP/1.0" 200 262 "-" "Mozilla/5.0 (compatible; bingbot/2.0; +http://www.bing.com/bingbot.htm)"
185.191.171.4 - - [11/Jan/2021:04:19:13 +0100] "GET /pusheen-the-grey-cat-soft-toy-27-cm-ice-cream-sundae-p-44588.html HTTP/1.0" 200 72179 "-" "Mozilla/5.0 (compatible; SemrushBot/7~bl; +http://www.semrush.com/bot.html)"
185.191.171.8 - - [11/Jan/2021:04:19:17 +0100] "GET /red-polyester-round-chair-cushion-p-46460.html HTTP/1.0" 200 71932 "-" "Mozilla/5.0 (compatible; SemrushBot/7~bl; +http://www.semrush.com/bot.html)"
13.66.139.153 - - [11/Jan/2021:04:19:17 +0100] "GET /vespa-1955-collection-small-mug-p-13036.html HTTP/1.0" 200 69338 "-" "Mozilla/5.0 (compatible; bingbot/2.0; +http://www.bing.com/bingbot.htm)"
185.191.171.17 - - [11/Jan/2021:04:19:20 +0100] "GET /cats-by-dubout-figurine-cats-in-row-extra-p-35861.html HTTP/1.0" 200 72429 "-" "Mozilla/5.0 (compatible; SemrushBot/7~bl; +http://www.semrush.com/bot.html)"
185.191.171.3 - - [11/Jan/2021:04:19:43 +0100] "GET /cats-by-dubout-pie-dish-p-42361.html HTTP/1.0" 200 71822 "-" "Mozilla/5.0 (compatible; SemrushBot/7~bl; +http://www.semrush.com/bot.html)"
185.191.171.15 - - [11/Jan/2021:04:19:54 +0100] "GET /branch-of-white-orchid-wall-sticker-p-39307.html HTTP/1.0" 200 71996 "-" "Mozilla/5.0 (compatible; SemrushBot/7~bl; +http://www.semrush.com/bot.html)"
185.191.171.44 - - [11/Jan/2021:04:20:06 +0100] "GET /nightlight-shaped-owl-multicolor-led-p-35349.html HTTP/1.0" 200 71957 "-" "Mozilla/5.0 (compatible; SemrushBot/7~bl; +http://www.semrush.com/bot.html)"
207.46.13.26 - - [11/Jan/2021:04:20:39 +0100] "GET /images/5010994693749.jpg HTTP/1.0" 200 259 "-" "Mozilla/5.0 (compatible; bingbot/2.0; +http://www.bing.com/bingbot.htm)"
207.46.13.26 - - [11/Jan/2021:04:20:40 +0100] "GET /images/big_prod/5018997632079.jpg HTTP/1.0" 200 268 "-" "Mozilla/5.0 (compatible; bingbot/2.0; +http://www.bing.com/bingbot.htm)"
185.191.171.4 - - [11/Jan/2021:04:20:51 +0100] "GET /retro-sugar-tin-box-p-40718.html HTTP/1.0" 200 69258 "-" "Mozilla/5.0 (compatible; SemrushBot/7~bl; +http://www.semrush.com/bot.html)"
185.220.100.251 - - [11/Jan/2021:04:21:06 +0100] "GET /contact_us.php HTTP/1.0" 200 26241 "http://www.wonder-geek.com/contact_us.php" "Mozilla/5.0 (Windows NT 10.0; Win64; x64) AppleWebKit/537.36 (KHTML, like Gecko) Chrome/83.0.4096.0 Safari/537.36"
185.220.100.251 - - [11/Jan/2021:04:21:13 +0100] "POST /contact_us.php?action=send HTTP/1.0" 200 26640 "http://www.wonder-geek.com/contact_us.php" "Mozilla/5.0 (Windows NT 10.0; Win64; x64) AppleWebKit/537.36 (KHTML, like Gecko) Chrome/83.0.4096.0 Safari/537.36"
185.220.100.251 - - [11/Jan/2021:04:21:14 +0100] "GET /contact_us.php HTTP/1.0" 200 26241 "http://www.wonder-geek.com/contact_us.php" "Mozilla/5.0 (Windows NT 10.0; Win64; x64) AppleWebKit/537.36 (KHTML, like Gecko) Chrome/83.0.4096.0 Safari/537.36"
185.191.171.43 - - [11/Jan/2021:04:21:18 +0100] "GET /pencil-case-c-31_75.html?page=3 HTTP/1.0" 200 93028 "-" "Mozilla/5.0 (compatible; SemrushBot/7~bl; +http://www.semrush.com/bot.html)"
207.46.13.26 - - [11/Jan/2021:04:21:40 +0100] "GET /images/med_prod/3520071399256N.jpg HTTP/1.0" 200 269 "-" "Mozilla/5.0 (compatible; bingbot/2.0; +http://www.bing.com/bingbot.htm)"
40.77.167.56 - - [11/Jan/2021:04:21:46 +0100] "GET /images/mini_prod/8718317653162.jpg HTTP/1.0" 200 269 "-" "Mozilla/5.0 (compatible; bingbot/2.0; +http://www.bing.com/bingbot.htm)"
40.77.167.56 - - [11/Jan/2021:04:21:46 +0100] "GET /padded-headboard-157-cm-p-49070.html HTTP/1.0" 200 69274 "-" "Mozilla/5.0 (compatible; bingbot/2.0; +http://www.bing.com/bingbot.htm)"
185.191.171.25 - - [11/Jan/2021:04:21:47 +0100] "GET /domo-black-shirt-p-30048.html HTTP/1.0" 200 72961 "-" "Mozilla/5.0 (compatible; SemrushBot/7~bl; +http://www.semrush.com/bot.html)"
54.36.148.87 - - [11/Jan/2021:04:21:53 +0100] "GET /charline-lampshade-p-51598.html HTTP/1.0" 200 72648 "-" "Mozilla/5.0 (compatible; AhrefsBot/7.0; +http://ahrefs.com/robot/)"
207.46.13.26 - - [11/Jan/2021:04:22:10 +0100] "GET /images/36DSCN8194.jpg HTTP/1.0" 200 256 "-" "Mozilla/5.0 (compatible; bingbot/2.0; +http://www.bing.com/bingbot.htm)"
114.119.130.202 - - [11/Jan/2021:04:22:13 +0100] "GET /images/mini_prod/3503420121425.jpg HTTP/1.0" 200 269 "-" "Mozilla/5.0 (Linux; Android 7.0;) AppleWebKit/537.36 (KHTML, like Gecko) Mobile Safari/537.36 (compatible; PetalBot;+https://aspiegel.com/petalbot)"
35.231.172.79 - - [11/Jan/2021:04:22:15 +0100] "GET /robots.txt HTTP/1.0" 200 245 "-" "ZoominfoBot (zoominfobot at zoominfo dot com)"
35.231.172.79 - - [11/Jan/2021:04:22:15 +0100] "GET / HTTP/1.0" 200 150621 "-" "ZoominfoBot (zoominfobot at zoominfo dot com)"
185.191.171.14 - - [11/Jan/2021:04:22:16 +0100] "GET /collectible-figurines-and-decorative-c-13_135.html?page=13 HTTP/1.0" 200 95882 "-" "Mozilla/5.0 (compatible; SemrushBot/7~bl; +http://www.semrush.com/bot.html)"
207.46.13.239 - - [11/Jan/2021:04:22:30 +0100] "GET /images/big_prod/1399980107755.jpg HTTP/1.0" 200 268 "-" "Mozilla/5.0 (compatible; bingbot/2.0; +http://www.bing.com/bingbot.htm)"
185.191.171.23 - - [11/Jan/2021:04:22:48 +0100] "GET /flower-bowl-model-p-49587.html HTTP/1.0" 200 69258 "-" "Mozilla/5.0 (compatible; SemrushBot/7~bl; +http://www.semrush.com/bot.html)"
185.191.171.45 - - [11/Jan/2021:04:22:55 +0100] "GET /bird-glass-trivet-p-41602.html HTTP/1.0" 200 71761 "-" "Mozilla/5.0 (compatible; SemrushBot/7~bl; +http://www.semrush.com/bot.html)"
185.191.171.23 - - [11/Jan/2021:04:22:58 +0100] "GET /child-apron-the-little-prince-p-47663.html HTTP/1.0" 200 71963 "-" "Mozilla/5.0 (compatible; SemrushBot/7~bl; +http://www.semrush.com/bot.html)"
17.58.101.147 - - [11/Jan/2021:04:23:07 +0100] "GET /images/mini_prod/1384010203095.jpg HTTP/1.0" 200 269 "-" "Mozilla/5.0 (Macintosh; Intel Mac OS X 10_15_5) AppleWebKit/605.1.15 (KHTML, like Gecko) Version/13.1.1 Safari/605.1.15 (Applebot/0.1; +http://www.apple.com/go/applebot)"
157.55.39.110 - - [11/Jan/2021:04:23:08 +0100] "GET /daddy-little-princess-ariel-and-triton-figurine-p-45824.html HTTP/1.0" 200 74193 "-" "Mozilla/5.0 (compatible; bingbot/2.0; +http://www.bing.com/bingbot.htm)"
207.46.13.36 - - [11/Jan/2021:04:23:20 +0100] "GET /images/1399984236093.jpg HTTP/1.0" 200 259 "-" "Mozilla/5.0 (compatible; bingbot/2.0; +http://www.bing.com/bingbot.htm)"
185.191.171.9 - - [11/Jan/2021:04:23:32 +0100] "GET /paris-romance-great-lamp-57-cm-p-41903.html HTTP/1.0" 200 69333 "-" "Mozilla/5.0 (compatible; SemrushBot/7~bl; +http://www.semrush.com/bot.html)"
185.191.171.5 - - [11/Jan/2021:04:23:39 +0100] "GET /starry-russian-doll-black-samsung-s2-phone-cover-by-cbkreation-p-18569.html HTTP/1.0" 200 69493 "-" "Mozilla/5.0 (compatible; SemrushBot/7~bl; +http://www.semrush.com/bot.html)"
185.191.171.35 - - [11/Jan/2021:04:23:46 +0100] "GET /black-metal-table-lamp-p-50111.html HTTP/1.0" 301 69259 "-" "Mozilla/5.0 (compatible; SemrushBot/7~bl; +http://www.semrush.com/bot.html)"
185.191.171.6 - - [11/Jan/2021:04:23:48 +0100] "GET /-p-50111.html HTTP/1.0" 200 69192 "-" "Mozilla/5.0 (compatible; SemrushBot/7~bl; +http://www.semrush.com/bot.html)"
185.191.171.4 - - [11/Jan/2021:04:24:27 +0100] "GET /gorjuss-glass-tile-wooden-trinket-box-new-heights-p-38224.html HTTP/1.0" 200 69382 "-" "Mozilla/5.0 (compatible; SemrushBot/7~bl; +http://www.semrush.com/bot.html)"
207.46.13.229 - - [11/Jan/2021:04:24:32 +0100] "GET /images/med_prod/8435333834480.jpg HTTP/1.0" 200 268 "-" "Mozilla/5.0 (compatible; bingbot/2.0; +http://www.bing.com/bingbot.htm)"
185.191.171.7 - - [11/Jan/2021:04:24:44 +0100] "GET /verity-rose-set-of-hair-clips-retro-p-29186.html HTTP/1.0" 200 71912 "-" "Mozilla/5.0 (compatible; SemrushBot/7~bl; +http://www.semrush.com/bot.html)"
185.191.171.23 - - [11/Jan/2021:04:24:52 +0100] "GET /figurine-buddhist-little-monk-say-nothing-16-cm-p-46818.html HTTP/1.0" 200 69374 "-" "Mozilla/5.0 (compatible; SemrushBot/7~bl; +http://www.semrush.com/bot.html)"
207.46.13.26 - - [11/Jan/2021:04:25:17 +0100] "GET /swfobject.js HTTP/1.0" 404 1308 "-" "Mozilla/5.0 (compatible; bingbot/2.0; +http://www.bing.com/bingbot.htm)"
185.191.171.3 - - [11/Jan/2021:04:26:04 +0100] "GET /retro-delicacies-round-clock-p-31474.html HTTP/1.0" 200 71913 "-" "Mozilla/5.0 (compatible; SemrushBot/7~bl; +http://www.semrush.com/bot.html)"
17.58.101.147 - - [11/Jan/2021:04:26:11 +0100] "GET /illuminating-book-clamp-the-nightmare-before-christmas-p-47023.html HTTP/1.0" 200 69402 "-" "Mozilla/5.0 (Macintosh; Intel Mac OS X 10_15_5) AppleWebKit/605.1.15 (KHTML, like Gecko) Version/13.1.1 Safari/605.1.15 (Applebot/0.1; +http://www.apple.com/go/applebot)"
157.55.39.220 - - [11/Jan/2021:04:26:23 +0100] "GET /-p-22847.html HTTP/1.0" 200 69192 "-" "Mozilla/5.0 (compatible; bingbot/2.0; +http://www.bing.com/bingbot.htm)"
114.119.129.36 - - [11/Jan/2021:04:26:29 +0100] "GET /images/mini_prod/5027148062337.jpg HTTP/1.0" 200 269 "-" "Mozilla/5.0 (Linux; Android 7.0;) AppleWebKit/537.36 (KHTML, like Gecko) Mobile Safari/537.36 (compatible; PetalBot;+https://aspiegel.com/petalbot)"
54.36.149.84 - - [11/Jan/2021:04:26:38 +0100] "GET /miracle-tattoos-augmented-reality-p-30664.html HTTP/1.0" 200 72798 "-" "Mozilla/5.0 (compatible; AhrefsBot/7.0; +http://ahrefs.com/robot/)"
207.46.13.36 - - [11/Jan/2021:04:26:40 +0100] "GET /images/big_prod/1384010184486.jpg HTTP/1.0" 200 268 "-" "Mozilla/5.0 (compatible; bingbot/2.0; +http://www.bing.com/bingbot.htm)"
35.231.172.79 - - [11/Jan/2021:04:27:03 +0100] "GET /robots.txt HTTP/1.0" 301 531 "-" "ZoominfoBot (zoominfobot at zoominfo dot com)"
35.231.172.79 - - [11/Jan/2021:04:27:03 +0100] "GET /robots.txt HTTP/1.0" 200 245 "-" "ZoominfoBot (zoominfobot at zoominfo dot com)"
35.231.172.79 - - [11/Jan/2021:04:27:03 +0100] "GET / HTTP/1.0" 301 511 "-" "ZoominfoBot (zoominfobot at zoominfo dot com)"
185.191.171.15 - - [11/Jan/2021:04:27:04 +0100] "GET /abstract-ceramic-motif-lamp-55-cm-p-49334.html HTTP/1.0" 200 71943 "-" "Mozilla/5.0 (compatible; SemrushBot/7~bl; +http://www.semrush.com/bot.html)"
185.191.171.23 - - [11/Jan/2021:04:27:11 +0100] "GET /mouse-pad-c-13_85.html?page=6 HTTP/1.0" 200 90560 "-" "Mozilla/5.0 (compatible; SemrushBot/7~bl; +http://www.semrush.com/bot.html)"
185.191.171.42 - - [11/Jan/2021:04:27:35 +0100] "GET /retro-bag-isotherm-for-bottle-15-p-41498.html HTTP/1.0" 200 69352 "-" "Mozilla/5.0 (compatible; SemrushBot/7~bl; +http://www.semrush.com/bot.html)"
185.191.171.11 - - [11/Jan/2021:04:27:57 +0100] "GET /rectangulary-cushion-by-cbkreation-p-41916.html HTTP/1.0" 200 72149 "-" "Mozilla/5.0 (compatible; SemrushBot/7~bl; +http://www.semrush.com/bot.html)"
185.191.171.14 - - [11/Jan/2021:04:28:08 +0100] "GET /allen-desings-cat-win-mug-p-44322.html HTTP/1.0" 200 71818 "-" "Mozilla/5.0 (compatible; SemrushBot/7~bl; +http://www.semrush.com/bot.html)"
185.191.171.36 - - [11/Jan/2021:04:28:12 +0100] "GET /quote-canvas-frame-60-40-cm-p-43096.html HTTP/1.0" 301 69259 "-" "Mozilla/5.0 (compatible; SemrushBot/7~bl; +http://www.semrush.com/bot.html)"
185.191.171.25 - - [11/Jan/2021:04:28:13 +0100] "GET /-p-43096.html HTTP/1.0" 200 69192 "-" "Mozilla/5.0 (compatible; SemrushBot/7~bl; +http://www.semrush.com/bot.html)"
207.46.13.229 - - [11/Jan/2021:04:28:24 +0100] "GET /images/big_prod/klimt4.jpg HTTP/1.0" 200 261 "-" "Mozilla/5.0 (compatible; bingbot/2.0; +http://www.bing.com/bingbot.htm)"
207.46.13.26 - - [11/Jan/2021:04:28:30 +0100] "GET /images/big_prod/1341689160111.jpg HTTP/1.0" 200 268 "-" "Mozilla/5.0 (compatible; bingbot/2.0; +http://www.bing.com/bingbot.htm)"
185.191.171.12 - - [11/Jan/2021:04:28:31 +0100] "GET /dishes-c-13_12.html?page=49 HTTP/1.0" 200 91154 "-" "Mozilla/5.0 (compatible; SemrushBot/7~bl; +http://www.semrush.com/bot.html)"
185.191.171.10 - - [11/Jan/2021:04:28:59 +0100] "GET /removable-red-cushion-beast-40-cm-p-45393.html HTTP/1.0" 200 72555 "-" "Mozilla/5.0 (compatible; SemrushBot/7~bl; +http://www.semrush.com/bot.html)"
185.191.171.43 - - [11/Jan/2021:04:29:02 +0100] "GET /industrial-retro-clock-in-aged-metal-225-75-17-cm-p-48589.html HTTP/1.0" 200 72207 "-" "Mozilla/5.0 (compatible; SemrushBot/7~bl; +http://www.semrush.com/bot.html)"
185.191.171.37 - - [11/Jan/2021:04:29:18 +0100] "GET /home-and-decoration-c-13.html?page=62 HTTP/1.0" 200 91407 "-" "Mozilla/5.0 (compatible; SemrushBot/7~bl; +http://www.semrush.com/bot.html)"
185.191.171.12 - - [11/Jan/2021:04:29:21 +0100] "GET /dishes-c-12.html?page=120 HTTP/1.0" 200 91522 "-" "Mozilla/5.0 (compatible; SemrushBot/7~bl; +http://www.semrush.com/bot.html)"
185.191.171.4 - - [11/Jan/2021:04:29:47 +0100] "GET /marie-figure-collection-by-romero-britto-p-41688.html HTTP/1.0" 200 72878 "-" "Mozilla/5.0 (compatible; SemrushBot/7~bl; +http://www.semrush.com/bot.html)"
185.191.171.5 - - [11/Jan/2021:04:29:49 +0100] "GET /bird-large-glass-sold-individually-p-41591.html HTTP/1.0" 200 69322 "-" "Mozilla/5.0 (compatible; SemrushBot/7~bl; +http://www.semrush.com/bot.html)"
40.77.167.56 - - [11/Jan/2021:04:30:05 +0100] "GET /barbapapa-personal-diary-with-magic-pen-p-11460.html HTTP/1.0" 200 72191 "-" "Mozilla/5.0 (compatible; bingbot/2.0; +http://www.bing.com/bingbot.htm)"
13.66.139.48 - - [11/Jan/2021:04:30:12 +0100] "GET /-p-51269.html HTTP/1.0" 200 69192 "-" "Mozilla/5.0 (compatible; bingbot/2.0; +http://www.bing.com/bingbot.htm)"
13.66.139.48 - - [11/Jan/2021:04:30:13 +0100] "GET /marseille-wastebasket-p-48436.html HTTP/1.0" 200 71818 "-" "Mozilla/5.0 (compatible; bingbot/2.0; +http://www.bing.com/bingbot.htm)"
13.66.139.48 - - [11/Jan/2021:04:30:14 +0100] "GET /marseille-classic-mug-cbkreation-p-31257.html HTTP/1.0" 200 71849 "-" "Mozilla/5.0 (compatible; bingbot/2.0; +http://www.bing.com/bingbot.htm)"
13.66.139.48 - - [11/Jan/2021:04:30:15 +0100] "GET /csi-les-experts-mousepad-p-18072.html HTTP/1.0" 200 71991 "-" "Mozilla/5.0 (compatible; bingbot/2.0; +http://www.bing.com/bingbot.htm)"
17.58.101.147 - - [11/Jan/2021:04:30:14 +0100] "GET /-p-40363.html HTTP/1.0" 200 69192 "-" "Mozilla/5.0 (Macintosh; Intel Mac OS X 10_15_5) AppleWebKit/605.1.15 (KHTML, like Gecko) Version/13.1.1 Safari/605.1.15 (Applebot/0.1; +http://www.apple.com/go/applebot)"
185.191.171.36 - - [11/Jan/2021:04:30:33 +0100] "GET /laissez-lucie-faire-zipped-purse-aladin-p-49013.html HTTP/1.0" 200 72716 "-" "Mozilla/5.0 (compatible; SemrushBot/7~bl; +http://www.semrush.com/bot.html)"
1.129.110.70 - - [11/Jan/2021:04:30:48 +0100] "GET /images/4008421369072.jpg HTTP/1.0" 200 259 "-" "Dalvik/2.1.0 (Linux; U; Android 9; SM-T290 Build/PPR1.180610.011)"
114.119.151.113 - - [11/Jan/2021:04:30:52 +0100] "GET /images/big_prod/8719497617449b.jpg HTTP/1.0" 200 269 "-" "Mozilla/5.0 (Linux; Android 7.0;) AppleWebKit/537.36 (KHTML, like Gecko) Mobile Safari/537.36 (compatible; PetalBot;+https://aspiegel.com/petalbot)"
185.191.171.33 - - [11/Jan/2021:04:31:22 +0100] "GET /anna-frozen-tree-ornament-p-30724.html HTTP/1.0" 200 71969 "-" "Mozilla/5.0 (compatible; SemrushBot/7~bl; +http://www.semrush.com/bot.html)"
54.36.148.165 - - [11/Jan/2021:04:31:25 +0100] "GET /pedestal-monkey-ethnic-resin-p-52332.html HTTP/1.0" 200 72735 "-" "Mozilla/5.0 (compatible; AhrefsBot/7.0; +http://ahrefs.com/robot/)"
51.68.224.127 - - [11/Jan/2021:04:31:26 +0100] "GET /adminweb/export_orders_xml.php?token=256de2z6edz6ed2z6DFSFsed2zed6zeDSFDSGdzedezfzf&maxorders=10&orderstart=1&status=14&start_date=2018-10-01 HTTP/1.0" 200 285 "-" "GesCom CharlotteBoutik Serveur"
51.68.224.127 - - [11/Jan/2021:04:31:26 +0100] "GET /adminweb/export_orders_xml.php?token=256de2z6edz6ed2z6DFSFsed2zed6zeDSFDSGdzedezfzf&maxorders=10&orderstart=1&status=6&start_date=2018-10-01 HTTP/1.0" 200 29990 "-" "GesCom CharlotteBoutik Serveur"
185.191.171.3 - - [11/Jan/2021:04:31:49 +0100] "GET /led-chameleon-nightlight-p-53140.html HTTP/1.0" 200 73295 "-" "Mozilla/5.0 (compatible; SemrushBot/7~bl; +http://www.semrush.com/bot.html)"
185.191.171.1 - - [11/Jan/2021:04:31:51 +0100] "GET /harley-davidson-skull-lighter-p-45316.html HTTP/1.0" 200 72926 "-" "Mozilla/5.0 (compatible; SemrushBot/7~bl; +http://www.semrush.com/bot.html)"
185.191.171.38 - - [11/Jan/2021:04:31:54 +0100] "GET /pop-art-french-president-by-cbkreation-mug-p-13833.html HTTP/1.0" 200 72004 "-" "Mozilla/5.0 (compatible; SemrushBot/7~bl; +http://www.semrush.com/bot.html)"
185.191.171.17 - - [11/Jan/2021:04:31:57 +0100] "GET /sagittarus-mousepad-by-cbkreation-p-43307.html HTTP/1.0" 200 71947 "-" "Mozilla/5.0 (compatible; SemrushBot/7~bl; +http://www.semrush.com/bot.html)"
185.191.171.22 - - [11/Jan/2021:04:31:59 +0100] "GET /teo-jasmin-teo-liberty-companion-portfolio-p-39131.html HTTP/1.0" 200 69350 "-" "Mozilla/5.0 (compatible; SemrushBot/7~bl; +http://www.semrush.com/bot.html)"
207.46.13.36 - - [11/Jan/2021:04:32:01 +0100] "GET /images/4012390362541.jpg HTTP/1.0" 200 259 "-" "Mozilla/5.0 (compatible; bingbot/2.0; +http://www.bing.com/bingbot.htm)"
185.191.171.44 - - [11/Jan/2021:04:32:05 +0100] "GET /cement-tile-stickers-15-15-cm-p-50338.html HTTP/1.0" 200 72782 "-" "Mozilla/5.0 (compatible; SemrushBot/7~bl; +http://www.semrush.com/bot.html)"
157.55.39.220 - - [11/Jan/2021:04:32:05 +0100] "GET /images/big_prod/8435333807804.jpg HTTP/1.0" 200 268 "-" "Mozilla/5.0 (compatible; bingbot/2.0; +http://www.bing.com/bingbot.htm)"
185.191.171.42 - - [11/Jan/2021:04:32:23 +0100] "GET /cupcakes-cookie-tin-p-24317.html HTTP/1.0" 200 72106 "-" "Mozilla/5.0 (compatible; SemrushBot/7~bl; +http://www.semrush.com/bot.html)"
185.191.171.38 - - [11/Jan/2021:04:32:33 +0100] "GET /london-dream-metal-plate-45-15-cm-p-27584.html HTTP/1.0" 200 71930 "-" "Mozilla/5.0 (compatible; SemrushBot/7~bl; +http://www.semrush.com/bot.html)"
185.191.171.43 - - [11/Jan/2021:04:32:39 +0100] "GET /double-walled-porcelain-mug-with-infuser-p-52998.html HTTP/1.0" 200 71996 "-" "Mozilla/5.0 (compatible; SemrushBot/7~bl; +http://www.semrush.com/bot.html)"
17.58.101.147 - - [11/Jan/2021:04:32:51 +0100] "GET /pedal-bin-gray-p-52587.html HTTP/1.0" 200 72724 "-" "Mozilla/5.0 (Macintosh; Intel Mac OS X 10_15_5) AppleWebKit/605.1.15 (KHTML, like Gecko) Version/13.1.1 Safari/605.1.15 (Applebot/0.1; +http://www.apple.com/go/applebot)"
207.46.13.229 - - [11/Jan/2021:04:33:03 +0100] "GET /images/5411329064317.jpg HTTP/1.0" 200 259 "-" "Mozilla/5.0 (compatible; bingbot/2.0; +http://www.bing.com/bingbot.htm)"
157.55.39.220 - - [11/Jan/2021:04:33:07 +0100] "GET /images/med_prod/4029811349050.jpg HTTP/1.0" 200 268 "-" "Mozilla/5.0 (compatible; bingbot/2.0; +http://www.bing.com/bingbot.htm)"
185.191.171.7 - - [11/Jan/2021:04:33:19 +0100] "GET /minnie-mouse-apron-and-chef-hat-p-29525.html HTTP/1.0" 200 69338 "-" "Mozilla/5.0 (compatible; SemrushBot/7~bl; +http://www.semrush.com/bot.html)"
185.191.171.38 - - [11/Jan/2021:04:33:21 +0100] "GET /skateboarding-buddies-charlie-brown-and-snoopy-figurines-p-37217.html HTTP/1.0" 301 69259 "-" "Mozilla/5.0 (compatible; SemrushBot/7~bl; +http://www.semrush.com/bot.html)"
185.191.171.6 - - [11/Jan/2021:04:33:24 +0100] "GET /-p-37217.html HTTP/1.0" 200 69192 "-" "Mozilla/5.0 (compatible; SemrushBot/7~bl; +http://www.semrush.com/bot.html)"
157.55.39.110 - - [11/Jan/2021:04:33:48 +0100] "GET /images/big_prod/1304038301221.jpg HTTP/1.0" 200 268 "-" "Mozilla/5.0 (compatible; bingbot/2.0; +http://www.bing.com/bingbot.htm)"
207.46.13.229 - - [11/Jan/2021:04:33:57 +0100] "GET /leaf-buddha-statuette-20-cm-p-53041.html HTTP/1.0" 200 71919 "-" "Mozilla/5.0 (compatible; bingbot/2.0; +http://www.bing.com/bingbot.htm)"
207.46.13.26 - - [11/Jan/2021:04:34:08 +0100] "GET /swfobject.js HTTP/1.0" 404 1308 "-" "Mozilla/5.0 (compatible; bingbot/2.0; +http://www.bing.com/bingbot.htm)"
207.46.13.26 - - [11/Jan/2021:04:34:09 +0100] "GET /images/3438100351949.jpg HTTP/1.0" 200 259 "-" "Mozilla/5.0 (compatible; bingbot/2.0; +http://www.bing.com/bingbot.htm)"
13.66.139.153 - - [11/Jan/2021:04:34:59 +0100] "GET /top-model-green-glitter-gel-p-15847.html HTTP/1.0" 200 72547 "-" "Mozilla/5.0 (compatible; bingbot/2.0; +http://www.bing.com/bingbot.htm)"
13.66.139.153 - - [11/Jan/2021:04:35:00 +0100] "GET /spiderman-mattress-swimming-pool-p-14357.html HTTP/1.0" 200 72030 "-" "Mozilla/5.0 (compatible; bingbot/2.0; +http://www.bing.com/bingbot.htm)"
13.66.139.153 - - [11/Jan/2021:04:35:01 +0100] "GET /johnny-hallyday-mouse-pad-p-38853.html HTTP/1.0" 200 71835 "-" "Mozilla/5.0 (compatible; bingbot/2.0; +http://www.bing.com/bingbot.htm)"
13.66.139.153 - - [11/Jan/2021:04:35:02 +0100] "GET /help-me-shower-curtain-180-180-cm-p-39388.html HTTP/1.0" 200 71942 "-" "Mozilla/5.0 (compatible; bingbot/2.0; +http://www.bing.com/bingbot.htm)"
13.66.139.153 - - [11/Jan/2021:04:35:03 +0100] "GET /teo-jasmin-large-cabas-jasmine-ski-black-p-38367.html HTTP/1.0" 200 72905 "-" "Mozilla/5.0 (compatible; bingbot/2.0; +http://www.bing.com/bingbot.htm)"
13.66.139.48 - - [11/Jan/2021:04:35:03 +0100] "GET /bmw-retro-deco-thermometer-p-31636.html HTTP/1.0" 200 69313 "-" "Mozilla/5.0 (compatible; bingbot/2.0; +http://www.bing.com/bingbot.htm)"
13.66.139.48 - - [11/Jan/2021:04:35:05 +0100] "GET /marilyn-monroe-computer-bag-p-5787.html HTTP/1.0" 200 72047 "-" "Mozilla/5.0 (compatible; bingbot/2.0; +http://www.bing.com/bingbot.htm)"
13.66.139.48 - - [11/Jan/2021:04:35:06 +0100] "GET /winnie-the-pooh-yellow-swimsuit-p-30253.html HTTP/1.0" 200 73634 "-" "Mozilla/5.0 (compatible; bingbot/2.0; +http://www.bing.com/bingbot.htm)"
13.66.139.48 - - [11/Jan/2021:04:35:07 +0100] "GET /disney-princess-snow-white-parka-p-31246.html HTTP/1.0" 200 73101 "-" "Mozilla/5.0 (compatible; bingbot/2.0; +http://www.bing.com/bingbot.htm)"
13.66.139.48 - - [11/Jan/2021:04:35:08 +0100] "GET /buddha-canvas-frame-40-40-cm-p-38507.html HTTP/1.0" 200 71951 "-" "Mozilla/5.0 (compatible; bingbot/2.0; +http://www.bing.com/bingbot.htm)"
207.46.13.26 - - [11/Jan/2021:04:35:08 +0100] "GET /images/4008789048233.jpg HTTP/1.0" 200 259 "-" "Mozilla/5.0 (compatible; bingbot/2.0; +http://www.bing.com/bingbot.htm)"
185.191.171.34 - - [11/Jan/2021:04:35:11 +0100] "GET /great-wallet-pocket-pepe-jeans-bohemian-p-38580.html HTTP/1.0" 200 72773 "-" "Mozilla/5.0 (compatible; SemrushBot/7~bl; +http://www.semrush.com/bot.html)"
13.66.139.153 - - [11/Jan/2021:04:35:14 +0100] "GET /costaud-backpack-p-8297.html HTTP/1.0" 200 69250 "-" "Mozilla/5.0 (compatible; bingbot/2.0; +http://www.bing.com/bingbot.htm)"
114.119.158.196 - - [11/Jan/2021:04:35:15 +0100] "GET /images/big_prod/3014627932535.jpg HTTP/1.0" 200 268 "-" "Mozilla/5.0 (Linux; Android 7.0;) AppleWebKit/537.36 (KHTML, like Gecko) Mobile Safari/537.36 (compatible; PetalBot;+https://aspiegel.com/petalbot)"
13.66.139.153 - - [11/Jan/2021:04:35:14 +0100] "GET /winx-picnic-set-p-17167.html HTTP/1.0" 200 72688 "-" "Mozilla/5.0 (compatible; bingbot/2.0; +http://www.bing.com/bingbot.htm)"
13.66.139.153 - - [11/Jan/2021:04:35:15 +0100] "GET /dog-head-wallet-model-p-39441.html HTTP/1.0" 200 71855 "-" "Mozilla/5.0 (compatible; bingbot/2.0; +http://www.bing.com/bingbot.htm)"
13.66.139.153 - - [11/Jan/2021:04:35:16 +0100] "GET /raving-rabbids-square-box-p-16501.html HTTP/1.0" 200 69308 "-" "Mozilla/5.0 (compatible; bingbot/2.0; +http://www.bing.com/bingbot.htm)"
13.66.139.153 - - [11/Jan/2021:04:35:17 +0100] "GET /model-vespa-125-giorni-1952-p-18638.html HTTP/1.0" 200 69324 "-" "Mozilla/5.0 (compatible; bingbot/2.0; +http://www.bing.com/bingbot.htm)"
13.66.139.153 - - [11/Jan/2021:04:35:19 +0100] "GET /kimmidoll-masayo-nail-files-p-31932.html HTTP/1.0" 200 71930 "-" "Mozilla/5.0 (compatible; bingbot/2.0; +http://www.bing.com/bingbot.htm)"
13.66.139.153 - - [11/Jan/2021:04:35:20 +0100] "GET /humor-color-ashtray-p-47372.html HTTP/1.0" 200 71774 "-" "Mozilla/5.0 (compatible; bingbot/2.0; +http://www.bing.com/bingbot.htm)"
13.66.139.153 - - [11/Jan/2021:04:35:21 +0100] "GET /lu-petit-beurre-bowl-p-41062.html HTTP/1.0" 200 71785 "-" "Mozilla/5.0 (compatible; bingbot/2.0; +http://www.bing.com/bingbot.htm)"
13.66.139.153 - - [11/Jan/2021:04:35:22 +0100] "GET /deco-horse-head-statue-p-33493.html HTTP/1.0" 200 69293 "-" "Mozilla/5.0 (compatible; bingbot/2.0; +http://www.bing.com/bingbot.htm)"
13.66.139.153 - - [11/Jan/2021:04:35:23 +0100] "GET /-p-24875.html HTTP/1.0" 200 69192 "-" "Mozilla/5.0 (compatible; bingbot/2.0; +http://www.bing.com/bingbot.htm)"
13.66.139.48 - - [11/Jan/2021:04:35:24 +0100] "GET /mini-cooper-union-jack-figurine-p-28503.html HTTP/1.0" 200 71993 "-" "Mozilla/5.0 (compatible; bingbot/2.0; +http://www.bing.com/bingbot.htm)"
13.66.139.48 - - [11/Jan/2021:04:35:25 +0100] "GET /vive-paris-hairbrush-p-18965.html HTTP/1.0" 200 71820 "-" "Mozilla/5.0 (compatible; bingbot/2.0; +http://www.bing.com/bingbot.htm)"
13.66.139.48 - - [11/Jan/2021:04:35:26 +0100] "GET /franklin-green-swimsuit-p-30241.html HTTP/1.0" 200 74112 "-" "Mozilla/5.0 (compatible; bingbot/2.0; +http://www.bing.com/bingbot.htm)"
13.66.139.48 - - [11/Jan/2021:04:35:27 +0100] "GET /cars-kids-school-bag-p-20064.html HTTP/1.0" 200 69262 "-" "Mozilla/5.0 (compatible; bingbot/2.0; +http://www.bing.com/bingbot.htm)"
13.66.139.48 - - [11/Jan/2021:04:35:28 +0100] "GET /winnie-the-pooh-ball-filled-p-11522.html HTTP/1.0" 200 72312 "-" "Mozilla/5.0 (compatible; bingbot/2.0; +http://www.bing.com/bingbot.htm)"
13.66.139.153 - - [11/Jan/2021:04:35:28 +0100] "GET /tribal-cow-white-tee-shirt-p-39393.html HTTP/1.0" 200 78151 "-" "Mozilla/5.0 (compatible; bingbot/2.0; +http://www.bing.com/bingbot.htm)"
13.66.139.153 - - [11/Jan/2021:04:35:29 +0100] "GET /tour-de-france-adult-apron-p-51197.html HTTP/1.0" 200 71813 "-" "Mozilla/5.0 (compatible; bingbot/2.0; +http://www.bing.com/bingbot.htm)"
13.66.139.153 - - [11/Jan/2021:04:35:30 +0100] "GET /nici-bubble-mouse-keyring-plush-p-35197.html HTTP/1.0" 200 71903 "-" "Mozilla/5.0 (compatible; bingbot/2.0; +http://www.bing.com/bingbot.htm)"
13.66.139.153 - - [11/Jan/2021:04:35:31 +0100] "GET /pucca-towel-p-2355.html HTTP/1.0" 200 71878 "-" "Mozilla/5.0 (compatible; bingbot/2.0; +http://www.bing.com/bingbot.htm)"
13.66.139.153 - - [11/Jan/2021:04:35:32 +0100] "GET /cars-kids-school-bag-p-10350.html HTTP/1.0" 200 69262 "-" "Mozilla/5.0 (compatible; bingbot/2.0; +http://www.bing.com/bingbot.htm)"
185.191.171.8 - - [11/Jan/2021:04:35:32 +0100] "GET /keyrings-c-31_52.html HTTP/1.0" 200 93026 "-" "Mozilla/5.0 (compatible; SemrushBot/7~bl; +http://www.semrush.com/bot.html)"
13.66.139.48 - - [11/Jan/2021:04:35:34 +0100] "GET /minions-melamine-dinner-box-p-34022.html HTTP/1.0" 200 72065 "-" "Mozilla/5.0 (compatible; bingbot/2.0; +http://www.bing.com/bingbot.htm)"
13.66.139.48 - - [11/Jan/2021:04:35:35 +0100] "GET /kimmidoll-love-bonbon-earrings-p-21704.html HTTP/1.0" 200 71884 "-" "Mozilla/5.0 (compatible; bingbot/2.0; +http://www.bing.com/bingbot.htm)"
13.66.139.48 - - [11/Jan/2021:04:35:36 +0100] "GET /laissez-lucie-faire-scarf-byako-p-38969.html HTTP/1.0" 200 71892 "-" "Mozilla/5.0 (compatible; bingbot/2.0; +http://www.bing.com/bingbot.htm)"
13.66.139.48 - - [11/Jan/2021:04:35:37 +0100] "GET /set-cube-candle-holders-chakras-p-48358.html HTTP/1.0" 200 72011 "-" "Mozilla/5.0 (compatible; bingbot/2.0; +http://www.bing.com/bingbot.htm)"
13.66.139.48 - - [11/Jan/2021:04:35:38 +0100] "GET /jewels-beauty-accessories-c-3_29.html HTTP/1.0" 200 85698 "-" "Mozilla/5.0 (compatible; bingbot/2.0; +http://www.bing.com/bingbot.htm)"
185.191.171.37 - - [11/Jan/2021:04:35:38 +0100] "GET /arabica-potholder-p-52679.html HTTP/1.0" 200 71817 "-" "Mozilla/5.0 (compatible; SemrushBot/7~bl; +http://www.semrush.com/bot.html)"
13.66.139.153 - - [11/Jan/2021:04:35:39 +0100] "GET /pusheen-sticker-sheet-p-42602.html HTTP/1.0" 200 72083 "-" "Mozilla/5.0 (compatible; bingbot/2.0; +http://www.bing.com/bingbot.htm)"
185.191.171.44 - - [11/Jan/2021:04:35:40 +0100] "GET /smiski-figure-series-note-there-is-single-figure-p-48332.html HTTP/1.0" 200 73050 "-" "Mozilla/5.0 (compatible; SemrushBot/7~bl; +http://www.semrush.com/bot.html)"
13.66.139.153 - - [11/Jan/2021:04:35:41 +0100] "GET /cuba-large-metal-plate-deco-p-33727.html HTTP/1.0" 200 71875 "-" "Mozilla/5.0 (compatible; bingbot/2.0; +http://www.bing.com/bingbot.htm)"
13.66.139.153 - - [11/Jan/2021:04:35:43 +0100] "GET /set-of-coffee-cups-cupcakes-p-17352.html HTTP/1.0" 200 72039 "-" "Mozilla/5.0 (compatible; bingbot/2.0; +http://www.bing.com/bingbot.htm)"
185.191.171.26 - - [11/Jan/2021:04:35:43 +0100] "GET /ikat-wooden-tray-50-30-cm-p-47116.html HTTP/1.0" 200 69314 "-" "Mozilla/5.0 (compatible; SemrushBot/7~bl; +http://www.semrush.com/bot.html)"
13.66.139.48 - - [11/Jan/2021:04:35:43 +0100] "GET /motocycle-and-more-red-tee-shirt-p-35447.html HTTP/1.0" 200 73820 "-" "Mozilla/5.0 (compatible; bingbot/2.0; +http://www.bing.com/bingbot.htm)"
13.66.139.48 - - [11/Jan/2021:04:35:44 +0100] "GET /lu-trivet-p-27387.html HTTP/1.0" 200 71683 "-" "Mozilla/5.0 (compatible; bingbot/2.0; +http://www.bing.com/bingbot.htm)"
13.66.139.153 - - [11/Jan/2021:04:35:43 +0100] "GET /-p-22216.html HTTP/1.0" 200 69192 "-" "Mozilla/5.0 (compatible; bingbot/2.0; +http://www.bing.com/bingbot.htm)"
13.66.139.48 - - [11/Jan/2021:04:35:45 +0100] "GET /garden-gnomes-clock-p-32004.html HTTP/1.0" 200 69278 "-" "Mozilla/5.0 (compatible; bingbot/2.0; +http://www.bing.com/bingbot.htm)"
13.66.139.153 - - [11/Jan/2021:04:35:45 +0100] "GET /-p-15669.html HTTP/1.0" 200 69192 "-" "Mozilla/5.0 (compatible; bingbot/2.0; +http://www.bing.com/bingbot.htm)"
13.66.139.48 - - [11/Jan/2021:04:35:46 +0100] "GET /bulldog-cushion-p-44357.html HTTP/1.0" 200 71769 "-" "Mozilla/5.0 (compatible; bingbot/2.0; +http://www.bing.com/bingbot.htm)"
13.66.139.48 - - [11/Jan/2021:04:35:47 +0100] "GET /hello-kitty-picnic-bag-p-17166.html HTTP/1.0" 200 72250 "-" "Mozilla/5.0 (compatible; bingbot/2.0; +http://www.bing.com/bingbot.htm)"
13.66.139.153 - - [11/Jan/2021:04:35:49 +0100] "GET /-p-12141.html HTTP/1.0" 200 69192 "-" "Mozilla/5.0 (compatible; bingbot/2.0; +http://www.bing.com/bingbot.htm)"
13.66.139.153 - - [11/Jan/2021:04:35:50 +0100] "GET /-p-16044.html HTTP/1.0" 200 69192 "-" "Mozilla/5.0 (compatible; bingbot/2.0; +http://www.bing.com/bingbot.htm)"
13.66.139.153 - - [11/Jan/2021:04:35:51 +0100] "GET /-p-15720.html HTTP/1.0" 200 69192 "-" "Mozilla/5.0 (compatible; bingbot/2.0; +http://www.bing.com/bingbot.htm)"
13.66.139.153 - - [11/Jan/2021:04:35:51 +0100] "GET /-p-7324.html HTTP/1.0" 200 69190 "-" "Mozilla/5.0 (compatible; bingbot/2.0; +http://www.bing.com/bingbot.htm)"
13.66.139.153 - - [11/Jan/2021:04:35:52 +0100] "GET /-p-16052.html HTTP/1.0" 200 69192 "-" "Mozilla/5.0 (compatible; bingbot/2.0; +http://www.bing.com/bingbot.htm)"
13.66.139.48 - - [11/Jan/2021:04:35:53 +0100] "GET /pillow-case-75-75-cm-red-p-33865.html HTTP/1.0" 200 72068 "-" "Mozilla/5.0 (compatible; bingbot/2.0; +http://www.bing.com/bingbot.htm)"
13.66.139.48 - - [11/Jan/2021:04:35:54 +0100] "GET /hello-kitty-bedside-lamp-p-13490.html HTTP/1.0" 200 69303 "-" "Mozilla/5.0 (compatible; bingbot/2.0; +http://www.bing.com/bingbot.htm)"
13.66.139.48 - - [11/Jan/2021:04:35:55 +0100] "GET /pink-flamingo-white-women-tee-shirt-p-34203.html HTTP/1.0" 200 74147 "-" "Mozilla/5.0 (compatible; bingbot/2.0; +http://www.bing.com/bingbot.htm)"
13.66.139.48 - - [11/Jan/2021:04:35:56 +0100] "GET /pocket-watch-map-collection-gorjuss-p-23142.html HTTP/1.0" 200 69358 "-" "Mozilla/5.0 (compatible; bingbot/2.0; +http://www.bing.com/bingbot.htm)"
13.66.139.48 - - [11/Jan/2021:04:35:57 +0100] "GET /gto-by-neko-shirt-p-29601.html HTTP/1.0" 200 72933 "-" "Mozilla/5.0 (compatible; bingbot/2.0; +http://www.bing.com/bingbot.htm)"
40.77.167.56 - - [11/Jan/2021:04:35:59 +0100] "GET /images/mini_prod/8717318049912.jpg HTTP/1.0" 200 269 "-" "Mozilla/5.0 (compatible; bingbot/2.0; +http://www.bing.com/bingbot.htm)"
185.191.171.3 - - [11/Jan/2021:04:36:01 +0100] "GET /flees-eyelets-sheer-curtain-p-41796.html HTTP/1.0" 200 74035 "-" "Mozilla/5.0 (compatible; SemrushBot/7~bl; +http://www.semrush.com/bot.html)"
207.46.13.36 - - [11/Jan/2021:04:36:04 +0100] "GET /images/big_prod/5018997622070.jpg HTTP/1.0" 200 268 "-" "Mozilla/5.0 (compatible; bingbot/2.0; +http://www.bing.com/bingbot.htm)"
185.191.171.14 - - [11/Jan/2021:04:36:04 +0100] "GET /shirts-and-sweatshirts-men-c-53_54.html?page=3 HTTP/1.0" 200 91031 "-" "Mozilla/5.0 (compatible; SemrushBot/7~bl; +http://www.semrush.com/bot.html)"
13.66.139.153 - - [11/Jan/2021:04:36:09 +0100] "GET /-p-23231.html HTTP/1.0" 200 69192 "-" "Mozilla/5.0 (compatible; bingbot/2.0; +http://www.bing.com/bingbot.htm)"
13.66.139.153 - - [11/Jan/2021:04:36:10 +0100] "GET /-p-14962.html HTTP/1.0" 200 69192 "-" "Mozilla/5.0 (compatible; bingbot/2.0; +http://www.bing.com/bingbot.htm)"
13.66.139.153 - - [11/Jan/2021:04:36:11 +0100] "GET /-p-17240.html HTTP/1.0" 200 69192 "-" "Mozilla/5.0 (compatible; bingbot/2.0; +http://www.bing.com/bingbot.htm)"
54.36.148.243 - - [11/Jan/2021:04:36:11 +0100] "GET /corsica-white-mug-p-43550.html HTTP/1.0" 200 71769 "-" "Mozilla/5.0 (compatible; AhrefsBot/7.0; +http://ahrefs.com/robot/)"
13.66.139.153 - - [11/Jan/2021:04:36:12 +0100] "GET /-p-18334.html HTTP/1.0" 200 69192 "-" "Mozilla/5.0 (compatible; bingbot/2.0; +http://www.bing.com/bingbot.htm)"
13.66.139.153 - - [11/Jan/2021:04:36:12 +0100] "GET /-p-32857.html HTTP/1.0" 200 69192 "-" "Mozilla/5.0 (compatible; bingbot/2.0; +http://www.bing.com/bingbot.htm)"
13.66.139.153 - - [11/Jan/2021:04:36:13 +0100] "GET /-p-24428.html HTTP/1.0" 200 69192 "-" "Mozilla/5.0 (compatible; bingbot/2.0; +http://www.bing.com/bingbot.htm)"
13.66.139.48 - - [11/Jan/2021:04:36:15 +0100] "GET /frankie-stein-figure-p-22565.html HTTP/1.0" 200 71893 "-" "Mozilla/5.0 (compatible; bingbot/2.0; +http://www.bing.com/bingbot.htm)"
13.66.139.48 - - [11/Jan/2021:04:36:16 +0100] "GET /horse-metal-trivet-p-37452.html HTTP/1.0" 200 71785 "-" "Mozilla/5.0 (compatible; bingbot/2.0; +http://www.bing.com/bingbot.htm)"
13.66.139.48 - - [11/Jan/2021:04:36:17 +0100] "GET /moroccan-orange-ashtray-p-31883.html HTTP/1.0" 200 71831 "-" "Mozilla/5.0 (compatible; bingbot/2.0; +http://www.bing.com/bingbot.htm)"
13.66.139.48 - - [11/Jan/2021:04:36:18 +0100] "GET /set-retro-cups-espresso-p-39523.html HTTP/1.0" 200 71855 "-" "Mozilla/5.0 (compatible; bingbot/2.0; +http://www.bing.com/bingbot.htm)"
13.66.139.48 - - [11/Jan/2021:04:36:19 +0100] "GET /titeuf-sticker-p-24724.html HTTP/1.0" 200 71889 "-" "Mozilla/5.0 (compatible; bingbot/2.0; +http://www.bing.com/bingbot.htm)"
13.66.139.48 - - [11/Jan/2021:04:36:19 +0100] "GET /-p-14368.html HTTP/1.0" 200 69192 "-" "Mozilla/5.0 (compatible; bingbot/2.0; +http://www.bing.com/bingbot.htm)"
157.55.39.110 - - [11/Jan/2021:04:36:21 +0100] "GET /images/med_prod/5415203585219.jpg HTTP/1.0" 200 268 "-" "Mozilla/5.0 (compatible; bingbot/2.0; +http://www.bing.com/bingbot.htm)"
185.191.171.23 - - [11/Jan/2021:04:36:22 +0100] "GET /graphic-variations-mini-mug-black-p-44937.html HTTP/1.0" 200 71888 "-" "Mozilla/5.0 (compatible; SemrushBot/7~bl; +http://www.semrush.com/bot.html)"
185.191.171.5 - - [11/Jan/2021:04:36:25 +0100] "GET /french-delicacies-glass-coaster-p-32861.html HTTP/1.0" 200 71888 "-" "Mozilla/5.0 (compatible; SemrushBot/7~bl; +http://www.semrush.com/bot.html)"
13.66.139.48 - - [11/Jan/2021:04:36:26 +0100] "GET /water-bottles-and-sport-bottles-c-12_161.html HTTP/1.0" 200 90987 "-" "Mozilla/5.0 (compatible; bingbot/2.0; +http://www.bing.com/bingbot.htm)"
13.66.139.48 - - [11/Jan/2021:04:36:27 +0100] "GET /-p-14523.html HTTP/1.0" 200 69192 "-" "Mozilla/5.0 (compatible; bingbot/2.0; +http://www.bing.com/bingbot.htm)"
13.66.139.48 - - [11/Jan/2021:04:36:28 +0100] "GET /-p-23703.html HTTP/1.0" 200 69192 "-" "Mozilla/5.0 (compatible; bingbot/2.0; +http://www.bing.com/bingbot.htm)"
13.66.139.48 - - [11/Jan/2021:04:36:29 +0100] "GET /teletubbies-towel-p-3188.html HTTP/1.0" 200 69266 "-" "Mozilla/5.0 (compatible; bingbot/2.0; +http://www.bing.com/bingbot.htm)"
13.66.139.48 - - [11/Jan/2021:04:36:29 +0100] "GET /-p-2452.html HTTP/1.0" 200 69190 "-" "Mozilla/5.0 (compatible; bingbot/2.0; +http://www.bing.com/bingbot.htm)"
157.55.39.22 - - [11/Jan/2021:04:36:31 +0100] "GET /images/3784276293287.jpg HTTP/1.0" 200 259 "-" "Mozilla/5.0 (compatible; bingbot/2.0; +http://www.bing.com/bingbot.htm)"
13.66.139.48 - - [11/Jan/2021:04:36:36 +0100] "GET /-p-4701.html HTTP/1.0" 200 69190 "-" "Mozilla/5.0 (compatible; bingbot/2.0; +http://www.bing.com/bingbot.htm)"
13.66.139.48 - - [11/Jan/2021:04:36:37 +0100] "GET /-p-7309.html HTTP/1.0" 200 69190 "-" "Mozilla/5.0 (compatible; bingbot/2.0; +http://www.bing.com/bingbot.htm)"
13.66.139.48 - - [11/Jan/2021:04:36:37 +0100] "GET /-p-7755.html HTTP/1.0" 200 69190 "-" "Mozilla/5.0 (compatible; bingbot/2.0; +http://www.bing.com/bingbot.htm)"
13.66.139.48 - - [11/Jan/2021:04:36:38 +0100] "GET /-p-21362.html HTTP/1.0" 200 69192 "-" "Mozilla/5.0 (compatible; bingbot/2.0; +http://www.bing.com/bingbot.htm)"
13.66.139.48 - - [11/Jan/2021:04:36:39 +0100] "GET /-p-22194.html HTTP/1.0" 200 69192 "-" "Mozilla/5.0 (compatible; bingbot/2.0; +http://www.bing.com/bingbot.htm)"
13.66.139.48 - - [11/Jan/2021:04:36:43 +0100] "GET /-p-17243.html HTTP/1.0" 200 69192 "-" "Mozilla/5.0 (compatible; bingbot/2.0; +http://www.bing.com/bingbot.htm)"
13.66.139.48 - - [11/Jan/2021:04:36:44 +0100] "GET /-p-22682.html HTTP/1.0" 200 69192 "-" "Mozilla/5.0 (compatible; bingbot/2.0; +http://www.bing.com/bingbot.htm)"
13.66.139.48 - - [11/Jan/2021:04:36:45 +0100] "GET /-p-19545.html HTTP/1.0" 200 69192 "-" "Mozilla/5.0 (compatible; bingbot/2.0; +http://www.bing.com/bingbot.htm)"
13.66.139.48 - - [11/Jan/2021:04:36:46 +0100] "GET /-p-31252.html HTTP/1.0" 200 69192 "-" "Mozilla/5.0 (compatible; bingbot/2.0; +http://www.bing.com/bingbot.htm)"
13.66.139.48 - - [11/Jan/2021:04:36:47 +0100] "GET /-p-18781.html HTTP/1.0" 200 69192 "-" "Mozilla/5.0 (compatible; bingbot/2.0; +http://www.bing.com/bingbot.htm)"
13.66.139.48 - - [11/Jan/2021:04:36:48 +0100] "GET /-p-20689.html HTTP/1.0" 200 69192 "-" "Mozilla/5.0 (compatible; bingbot/2.0; +http://www.bing.com/bingbot.htm)"
13.66.139.48 - - [11/Jan/2021:04:36:48 +0100] "GET /-p-33664.html HTTP/1.0" 200 69192 "-" "Mozilla/5.0 (compatible; bingbot/2.0; +http://www.bing.com/bingbot.htm)"
13.66.139.48 - - [11/Jan/2021:04:36:49 +0100] "GET /-p-22588.html HTTP/1.0" 200 69192 "-" "Mozilla/5.0 (compatible; bingbot/2.0; +http://www.bing.com/bingbot.htm)"
13.66.139.14 - - [11/Jan/2021:04:36:51 +0100] "GET /mani-the-lucky-cat-brush-p-44110.html HTTP/1.0" 200 71871 "-" "Mozilla/5.0 (compatible; bingbot/2.0; +http://www.bing.com/bingbot.htm)"
13.66.139.14 - - [11/Jan/2021:04:36:52 +0100] "GET /lulu-castagnette-cushion-p-24567.html HTTP/1.0" 200 69278 "-" "Mozilla/5.0 (compatible; bingbot/2.0; +http://www.bing.com/bingbot.htm)"
13.66.139.14 - - [11/Jan/2021:04:36:53 +0100] "GET /cactus-flower-pot-in-resin-p-48535.html HTTP/1.0" 200 71889 "-" "Mozilla/5.0 (compatible; bingbot/2.0; +http://www.bing.com/bingbot.htm)"
13.66.139.14 - - [11/Jan/2021:04:36:54 +0100] "GET /star-wars-stormtroopers-vehicle-p-29851.html HTTP/1.0" 200 69338 "-" "Mozilla/5.0 (compatible; bingbot/2.0; +http://www.bing.com/bingbot.htm)"
13.66.139.14 - - [11/Jan/2021:04:36:54 +0100] "GET /model-vespa-150-gs-1955-silver-p-18645.html HTTP/1.0" 200 69333 "-" "Mozilla/5.0 (compatible; bingbot/2.0; +http://www.bing.com/bingbot.htm)"
13.66.139.14 - - [11/Jan/2021:04:36:55 +0100] "GET /betty-boop-pot-toothbrush-p-16569.html HTTP/1.0" 200 72425 "-" "Mozilla/5.0 (compatible; bingbot/2.0; +http://www.bing.com/bingbot.htm)"
13.66.139.14 - - [11/Jan/2021:04:36:56 +0100] "GET /buddha-canvas-frame-20-20-cm-p-33994.html HTTP/1.0" 200 71956 "-" "Mozilla/5.0 (compatible; bingbot/2.0; +http://www.bing.com/bingbot.htm)"
13.66.139.14 - - [11/Jan/2021:04:36:57 +0100] "GET /elvis-presley-small-metal-plate-p-12507.html HTTP/1.0" 200 69338 "-" "Mozilla/5.0 (compatible; bingbot/2.0; +http://www.bing.com/bingbot.htm)"
13.66.139.48 - - [11/Jan/2021:04:36:59 +0100] "GET /-p-33688.html HTTP/1.0" 200 69192 "-" "Mozilla/5.0 (compatible; bingbot/2.0; +http://www.bing.com/bingbot.htm)"
13.66.139.14 - - [11/Jan/2021:04:37:04 +0100] "GET /nici-jolly-lynn-sheep-plush-35-cm-p-35185.html HTTP/1.0" 200 72041 "-" "Mozilla/5.0 (compatible; bingbot/2.0; +http://www.bing.com/bingbot.htm)"
13.66.139.14 - - [11/Jan/2021:04:37:05 +0100] "GET /fresh-brewed-coffee-cutting-board-p-35942.html HTTP/1.0" 200 71912 "-" "Mozilla/5.0 (compatible; bingbot/2.0; +http://www.bing.com/bingbot.htm)"
13.66.139.14 - - [11/Jan/2021:04:37:06 +0100] "GET /charmmy-kitty-in-paris-swimsuit-p-30305.html HTTP/1.0" 200 69338 "-" "Mozilla/5.0 (compatible; bingbot/2.0; +http://www.bing.com/bingbot.htm)"
13.66.139.14 - - [11/Jan/2021:04:37:07 +0100] "GET /tarot-box-ohm-p-37142.html HTTP/1.0" 200 72096 "-" "Mozilla/5.0 (compatible; bingbot/2.0; +http://www.bing.com/bingbot.htm)"
13.66.139.14 - - [11/Jan/2021:04:37:07 +0100] "GET /love-map-collection-gorjuss-p-23144.html HTTP/1.0" 200 69318 "-" "Mozilla/5.0 (compatible; bingbot/2.0; +http://www.bing.com/bingbot.htm)"
40.77.167.56 - - [11/Jan/2021:04:37:09 +0100] "GET /jewelry-holder-flower-dress-p-47489.html HTTP/1.0" 200 71997 "-" "Mozilla/5.0 (compatible; bingbot/2.0; +http://www.bing.com/bingbot.htm)"
13.66.139.14 - - [11/Jan/2021:04:37:14 +0100] "GET /white-fitted-sheet-p-27506.html HTTP/1.0" 200 71753 "-" "Mozilla/5.0 (compatible; bingbot/2.0; +http://www.bing.com/bingbot.htm)"
13.66.139.14 - - [11/Jan/2021:04:37:15 +0100] "GET /hello-kitty-mirror-p-20731.html HTTP/1.0" 200 71899 "-" "Mozilla/5.0 (compatible; bingbot/2.0; +http://www.bing.com/bingbot.htm)"
13.66.139.14 - - [11/Jan/2021:04:37:16 +0100] "GET /keith-haring-tote-bag-p-39089.html HTTP/1.0" 200 71867 "-" "Mozilla/5.0 (compatible; bingbot/2.0; +http://www.bing.com/bingbot.htm)"
13.66.139.14 - - [11/Jan/2021:04:37:17 +0100] "GET /diner-oven-mitt-p-37765.html HTTP/1.0" 200 69242 "-" "Mozilla/5.0 (compatible; bingbot/2.0; +http://www.bing.com/bingbot.htm)"
13.66.139.14 - - [11/Jan/2021:04:37:18 +0100] "GET /snow-white-witch-figure-p-2885.html HTTP/1.0" 200 69299 "-" "Mozilla/5.0 (compatible; bingbot/2.0; +http://www.bing.com/bingbot.htm)"
13.66.139.14 - - [11/Jan/2021:04:37:24 +0100] "GET /mrhappy-usa-reporter-bag-p-16872.html HTTP/1.0" 200 69309 "-" "Mozilla/5.0 (compatible; bingbot/2.0; +http://www.bing.com/bingbot.htm)"
13.66.139.14 - - [11/Jan/2021:04:37:24 +0100] "GET /small-pucca-alarm-clock-p-15438.html HTTP/1.0" 200 72033 "-" "Mozilla/5.0 (compatible; bingbot/2.0; +http://www.bing.com/bingbot.htm)"
13.66.139.14 - - [11/Jan/2021:04:37:25 +0100] "GET /simpsons-duff-coffee-box-p-17916.html HTTP/1.0" 200 69303 "-" "Mozilla/5.0 (compatible; bingbot/2.0; +http://www.bing.com/bingbot.htm)"
13.66.139.14 - - [11/Jan/2021:04:37:26 +0100] "GET /minnie-mouse-cereals-bowl-p-31767.html HTTP/1.0" 200 69282 "-" "Mozilla/5.0 (compatible; bingbot/2.0; +http://www.bing.com/bingbot.htm)"
13.66.139.14 - - [11/Jan/2021:04:37:27 +0100] "GET /metal-cylindrical-tea-box-p-52613.html HTTP/1.0" 200 69282 "-" "Mozilla/5.0 (compatible; bingbot/2.0; +http://www.bing.com/bingbot.htm)"
13.66.139.14 - - [11/Jan/2021:04:37:34 +0100] "GET /hello-kitty-adult-umbrella-p-20510.html HTTP/1.0" 200 69313 "-" "Mozilla/5.0 (compatible; bingbot/2.0; +http://www.bing.com/bingbot.htm)"
13.66.139.14 - - [11/Jan/2021:04:37:35 +0100] "GET /union-jack-small-stapler-p-33362.html HTTP/1.0" 200 71876 "-" "Mozilla/5.0 (compatible; bingbot/2.0; +http://www.bing.com/bingbot.htm)"
13.66.139.14 - - [11/Jan/2021:04:37:36 +0100] "GET /cars-small-satchel-p-19688.html HTTP/1.0" 200 69254 "-" "Mozilla/5.0 (compatible; bingbot/2.0; +http://www.bing.com/bingbot.htm)"
13.66.139.14 - - [11/Jan/2021:04:37:37 +0100] "GET /charmmy-kitty-backpack-p-14542.html HTTP/1.0" 200 69278 "-" "Mozilla/5.0 (compatible; bingbot/2.0; +http://www.bing.com/bingbot.htm)"
13.66.139.14 - - [11/Jan/2021:04:37:37 +0100] "GET /bottle-opener-corsica-p-48337.html HTTP/1.0" 200 71846 "-" "Mozilla/5.0 (compatible; bingbot/2.0; +http://www.bing.com/bingbot.htm)"
