13.66.139.64 - - [11/Jan/2021:21:37:53 +0100] "GET /industrial-pouf-storage-box-small-size-27-cm-only-p-48580.html HTTP/1.0" 200 72753 "-" "Mozilla/5.0 (compatible; bingbot/2.0; +http://www.bing.com/bingbot.htm)"
13.66.139.64 - - [11/Jan/2021:21:37:54 +0100] "GET /boho-canvas-frame-34-23-cm-buffalo-head-p-39213.html HTTP/1.0" 200 72057 "-" "Mozilla/5.0 (compatible; bingbot/2.0; +http://www.bing.com/bingbot.htm)"
13.66.139.64 - - [11/Jan/2021:21:37:55 +0100] "GET /retro-phone-clock-p-51729.html HTTP/1.0" 200 71817 "-" "Mozilla/5.0 (compatible; bingbot/2.0; +http://www.bing.com/bingbot.htm)"
13.66.139.64 - - [11/Jan/2021:21:37:56 +0100] "GET /motocycle-and-more-red-tee-shirt-p-35447.html HTTP/1.0" 200 73820 "-" "Mozilla/5.0 (compatible; bingbot/2.0; +http://www.bing.com/bingbot.htm)"
13.66.139.64 - - [11/Jan/2021:21:37:57 +0100] "GET /despicable-me-calendar-school-year-2016-2017-p-35834.html HTTP/1.0" 200 72404 "-" "Mozilla/5.0 (compatible; bingbot/2.0; +http://www.bing.com/bingbot.htm)"
13.66.139.64 - - [11/Jan/2021:21:37:57 +0100] "GET /mr-men-chocolate-fondue-set-p-3364.html HTTP/1.0" 200 71884 "-" "Mozilla/5.0 (compatible; bingbot/2.0; +http://www.bing.com/bingbot.htm)"
13.66.139.64 - - [11/Jan/2021:21:37:58 +0100] "GET /strawberry-shortcake-capri-pants-p-30233.html HTTP/1.0" 200 72376 "-" "Mozilla/5.0 (compatible; bingbot/2.0; +http://www.bing.com/bingbot.htm)"
62.210.188.222 - - [11/Jan/2021:21:37:59 +0100] "GET /triskel-shooter-p-46327.html HTTP/1.0" 200 71757 "-" "Mozilla/5.0 (compatible; Barkrowler/0.9; +https://babbar.tech/crawler)"
13.66.139.64 - - [11/Jan/2021:21:37:59 +0100] "GET /tarot-box-buddha-p-46792.html HTTP/1.0" 200 72699 "-" "Mozilla/5.0 (compatible; bingbot/2.0; +http://www.bing.com/bingbot.htm)"
13.66.139.64 - - [11/Jan/2021:21:38:01 +0100] "GET /glass-cutting-board-by-cbkreation-p-51308.html HTTP/1.0" 200 71912 "-" "Mozilla/5.0 (compatible; bingbot/2.0; +http://www.bing.com/bingbot.htm)"
13.66.139.64 - - [11/Jan/2021:21:38:02 +0100] "GET /white-and-grey-moroccan-ashtray-p-52625.html HTTP/1.0" 200 71837 "-" "Mozilla/5.0 (compatible; bingbot/2.0; +http://www.bing.com/bingbot.htm)"
13.66.139.64 - - [11/Jan/2021:21:38:03 +0100] "GET /milan-phone-cover-for-iphone-and-p-13214.html HTTP/1.0" 200 72140 "-" "Mozilla/5.0 (compatible; bingbot/2.0; +http://www.bing.com/bingbot.htm)"
13.66.139.64 - - [11/Jan/2021:21:38:04 +0100] "GET /betty-boop-new-york-mirror-p-9907.html HTTP/1.0" 200 71867 "-" "Mozilla/5.0 (compatible; bingbot/2.0; +http://www.bing.com/bingbot.htm)"
13.66.139.64 - - [11/Jan/2021:21:38:05 +0100] "GET /old-stop-sign-metal-plate-deco-p-35654.html HTTP/1.0" 200 71893 "-" "Mozilla/5.0 (compatible; bingbot/2.0; +http://www.bing.com/bingbot.htm)"
13.66.139.64 - - [11/Jan/2021:21:38:06 +0100] "GET /cat-head-wallet-model-p-39439.html HTTP/1.0" 200 71854 "-" "Mozilla/5.0 (compatible; bingbot/2.0; +http://www.bing.com/bingbot.htm)"
13.66.139.64 - - [11/Jan/2021:21:38:07 +0100] "GET /high-school-musical-red-shopping-bag-p-24267.html HTTP/1.0" 200 72237 "-" "Mozilla/5.0 (compatible; bingbot/2.0; +http://www.bing.com/bingbot.htm)"
62.210.188.222 - - [11/Jan/2021:21:38:09 +0100] "GET /triskel-shooter-p-46328.html HTTP/1.0" 200 71773 "-" "Mozilla/5.0 (compatible; Barkrowler/0.9; +https://babbar.tech/crawler)"
17.58.101.147 - - [11/Jan/2021:21:38:15 +0100] "GET /images/mini_prod/8422022313005.jpg HTTP/1.0" 200 269 "-" "Mozilla/5.0 (Macintosh; Intel Mac OS X 10_15_5) AppleWebKit/605.1.15 (KHTML, like Gecko) Version/13.1.1 Safari/605.1.15 (Applebot/0.1; +http://www.apple.com/go/applebot)"
62.210.188.222 - - [11/Jan/2021:21:38:18 +0100] "GET /triskel-shooter-p-46326.html HTTP/1.0" 200 71773 "-" "Mozilla/5.0 (compatible; Barkrowler/0.9; +https://babbar.tech/crawler)"
62.210.188.222 - - [11/Jan/2021:21:38:27 +0100] "GET /long-sleeves-shirts-c-2_40.html HTTP/1.0" 200 68175 "-" "Mozilla/5.0 (compatible; Barkrowler/0.9; +https://babbar.tech/crawler)"
62.210.188.222 - - [11/Jan/2021:21:38:37 +0100] "GET /long-sleeves-shirts-c-1_21.html HTTP/1.0" 200 77468 "-" "Mozilla/5.0 (compatible; Barkrowler/0.9; +https://babbar.tech/crawler)"
185.191.171.41 - - [11/Jan/2021:21:38:41 +0100] "GET /olaf-little-backpack-p-30378.html HTTP/1.0" 200 72039 "-" "Mozilla/5.0 (compatible; SemrushBot/7~bl; +http://www.semrush.com/bot.html)"
62.210.188.222 - - [11/Jan/2021:21:38:46 +0100] "GET /partys-decoration-c-12_51.html HTTP/1.0" 200 68163 "-" "Mozilla/5.0 (compatible; Barkrowler/0.9; +https://babbar.tech/crawler)"
62.210.188.222 - - [11/Jan/2021:21:38:55 +0100] "GET /skull-white-phone-p-33055.html HTTP/1.0" 200 71953 "-" "Mozilla/5.0 (compatible; Barkrowler/0.9; +https://babbar.tech/crawler)"
62.210.188.222 - - [11/Jan/2021:21:39:05 +0100] "GET /games-and-toys-c-4.html?page=10 HTTP/1.0" 200 92211 "-" "Mozilla/5.0 (compatible; Barkrowler/0.9; +https://babbar.tech/crawler)"
62.210.188.222 - - [11/Jan/2021:21:39:14 +0100] "GET /games-and-toys-c-4.html?page=12 HTTP/1.0" 200 90066 "-" "Mozilla/5.0 (compatible; Barkrowler/0.9; +https://babbar.tech/crawler)"
62.210.188.222 - - [11/Jan/2021:21:39:23 +0100] "GET /games-and-toys-c-4.html?page=15 HTTP/1.0" 200 91044 "-" "Mozilla/5.0 (compatible; Barkrowler/0.9; +https://babbar.tech/crawler)"
185.191.171.2 - - [11/Jan/2021:21:39:25 +0100] "GET /cyclades-carpet-120-170-cm-navy-blue-model-p-47958.html HTTP/1.0" 200 69399 "-" "Mozilla/5.0 (compatible; SemrushBot/7~bl; +http://www.semrush.com/bot.html)"
185.191.171.42 - - [11/Jan/2021:21:39:30 +0100] "GET /home-and-decoration-c-13.html?page=260 HTTP/1.0" 200 91887 "-" "Mozilla/5.0 (compatible; SemrushBot/7~bl; +http://www.semrush.com/bot.html)"
62.210.188.222 - - [11/Jan/2021:21:39:33 +0100] "GET /games-and-toys-c-4.html?page=18 HTTP/1.0" 200 87084 "-" "Mozilla/5.0 (compatible; Barkrowler/0.9; +https://babbar.tech/crawler)"
62.210.188.222 - - [11/Jan/2021:21:39:42 +0100] "GET /games-and-toys-c-4.html?page=14 HTTP/1.0" 200 90695 "-" "Mozilla/5.0 (compatible; Barkrowler/0.9; +https://babbar.tech/crawler)"
74.125.212.136 - - [11/Jan/2021:21:39:44 +0100] "GET /images/med_prod/1341689419929.jpg HTTP/1.0" 200 268 "-" "Mozilla/5.0 (Windows NT 5.1; rv:11.0) Gecko Firefox/11.0 (via ggpht.com GoogleImageProxy)"
62.210.188.222 - - [11/Jan/2021:21:39:51 +0100] "GET /games-and-toys-c-4.html?page=11 HTTP/1.0" 200 90721 "-" "Mozilla/5.0 (compatible; Barkrowler/0.9; +https://babbar.tech/crawler)"
54.36.148.87 - - [11/Jan/2021:21:39:56 +0100] "GET /socks-for-adults-c-53_137.html HTTP/1.0" 200 68264 "-" "Mozilla/5.0 (compatible; AhrefsBot/7.0; +http://ahrefs.com/robot/)"
62.210.188.222 - - [11/Jan/2021:21:40:01 +0100] "GET /games-and-toys-c-4.html?page=17 HTTP/1.0" 200 87084 "-" "Mozilla/5.0 (compatible; Barkrowler/0.9; +https://babbar.tech/crawler)"
62.210.188.222 - - [11/Jan/2021:21:40:10 +0100] "GET /games-and-toys-c-4.html?page=16 HTTP/1.0" 200 90639 "-" "Mozilla/5.0 (compatible; Barkrowler/0.9; +https://babbar.tech/crawler)"
62.210.188.222 - - [11/Jan/2021:21:40:20 +0100] "GET /games-and-toys-c-4.html?page=13 HTTP/1.0" 200 90655 "-" "Mozilla/5.0 (compatible; Barkrowler/0.9; +https://babbar.tech/crawler)"
62.210.188.222 - - [11/Jan/2021:21:40:29 +0100] "GET /games-and-toys-c-4.html?page=5 HTTP/1.0" 200 92771 "-" "Mozilla/5.0 (compatible; Barkrowler/0.9; +https://babbar.tech/crawler)"
62.210.188.222 - - [11/Jan/2021:21:40:38 +0100] "GET /games-and-toys-c-4.html?page=6 HTTP/1.0" 200 91607 "-" "Mozilla/5.0 (compatible; Barkrowler/0.9; +https://babbar.tech/crawler)"
62.210.188.222 - - [11/Jan/2021:21:40:48 +0100] "GET /games-and-toys-c-4.html?page=7 HTTP/1.0" 200 91593 "-" "Mozilla/5.0 (compatible; Barkrowler/0.9; +https://babbar.tech/crawler)"
66.249.66.95 - - [11/Jan/2021:21:40:53 +0100] "GET /charmmy-kitty-mattress-swimming-pool-p-5989.html HTTP/1.0" 200 71824 "-" "Mozilla/5.0 (Linux; Android 6.0.1; Nexus 5X Build/MMB29P) AppleWebKit/537.36 (KHTML, like Gecko) Chrome/87.0.4280.90 Mobile Safari/537.36 (compatible; Googlebot/2.1; +http://www.google.com/bot.html)"
62.210.188.222 - - [11/Jan/2021:21:40:57 +0100] "GET /games-and-toys-c-4.html?page=3 HTTP/1.0" 200 92206 "-" "Mozilla/5.0 (compatible; Barkrowler/0.9; +https://babbar.tech/crawler)"
62.210.188.222 - - [11/Jan/2021:21:41:06 +0100] "GET /games-and-toys-c-4.html?page=2 HTTP/1.0" 200 92257 "-" "Mozilla/5.0 (compatible; Barkrowler/0.9; +https://babbar.tech/crawler)"
62.210.188.222 - - [11/Jan/2021:21:41:16 +0100] "GET /games-and-toys-c-4.html?page=9 HTTP/1.0" 200 90963 "-" "Mozilla/5.0 (compatible; Barkrowler/0.9; +https://babbar.tech/crawler)"
62.210.188.222 - - [11/Jan/2021:21:41:25 +0100] "GET /games-and-toys-c-4.html?page=1 HTTP/1.0" 200 91981 "-" "Mozilla/5.0 (compatible; Barkrowler/0.9; +https://babbar.tech/crawler)"
185.191.171.8 - - [11/Jan/2021:21:41:26 +0100] "GET /pencil-case-turning-into-pencil-pot-pig-p-49230.html HTTP/1.0" 200 69334 "-" "Mozilla/5.0 (compatible; SemrushBot/7~bl; +http://www.semrush.com/bot.html)"
62.210.188.222 - - [11/Jan/2021:21:41:35 +0100] "GET /games-and-toys-c-4.html?page=8 HTTP/1.0" 200 91990 "-" "Mozilla/5.0 (compatible; Barkrowler/0.9; +https://babbar.tech/crawler)"
185.191.171.5 - - [11/Jan/2021:21:41:38 +0100] "GET /animals-cushion-by-cbkreation-p-43800.html HTTP/1.0" 200 72176 "-" "Mozilla/5.0 (compatible; SemrushBot/7~bl; +http://www.semrush.com/bot.html)"
62.210.188.222 - - [11/Jan/2021:21:41:44 +0100] "GET /games-and-toys-c-4.html?page=4 HTTP/1.0" 200 92000 "-" "Mozilla/5.0 (compatible; Barkrowler/0.9; +https://babbar.tech/crawler)"
114.119.132.105 - - [11/Jan/2021:21:41:48 +0100] "GET /images/mini_prod/1399984263792.jpg HTTP/1.0" 200 269 "-" "Mozilla/5.0 (Linux; Android 7.0;) AppleWebKit/537.36 (KHTML, like Gecko) Mobile Safari/537.36 (compatible; PetalBot;+https://aspiegel.com/petalbot)"
62.210.188.222 - - [11/Jan/2021:21:41:53 +0100] "GET /bread-box-c-13_150_211.html HTTP/1.0" 200 78397 "-" "Mozilla/5.0 (compatible; Barkrowler/0.9; +https://babbar.tech/crawler)"
62.210.188.222 - - [11/Jan/2021:21:42:03 +0100] "GET /harley-davidson-magnet-p-12520.html HTTP/1.0" 200 71784 "-" "Mozilla/5.0 (compatible; Barkrowler/0.9; +https://babbar.tech/crawler)"
185.191.171.24 - - [11/Jan/2021:21:42:03 +0100] "GET /fishes-set-cups-espresso-p-48604.html HTTP/1.0" 200 69268 "-" "Mozilla/5.0 (compatible; SemrushBot/7~bl; +http://www.semrush.com/bot.html)"
62.210.188.222 - - [11/Jan/2021:21:42:12 +0100] "GET /love-paris-mug-p-39709.html HTTP/1.0" 200 71787 "-" "Mozilla/5.0 (compatible; Barkrowler/0.9; +https://babbar.tech/crawler)"
54.36.148.214 - - [11/Jan/2021:21:42:20 +0100] "GET /cats-by-dubout-tour-eiffel-box-p-26846.html HTTP/1.0" 301 69259 "-" "Mozilla/5.0 (compatible; AhrefsBot/7.0; +http://ahrefs.com/robot/)"
62.210.188.222 - - [11/Jan/2021:21:42:21 +0100] "GET /court-sleeves-shirts-c-2_39.html HTTP/1.0" 200 77214 "-" "Mozilla/5.0 (compatible; Barkrowler/0.9; +https://babbar.tech/crawler)"
62.210.188.222 - - [11/Jan/2021:21:42:31 +0100] "GET /court-sleeves-shirts-c-1_22.html HTTP/1.0" 200 68184 "-" "Mozilla/5.0 (compatible; Barkrowler/0.9; +https://babbar.tech/crawler)"
62.210.188.222 - - [11/Jan/2021:21:42:40 +0100] "GET /manicure-articles-c-31_204.html HTTP/1.0" 200 88551 "-" "Mozilla/5.0 (compatible; Barkrowler/0.9; +https://babbar.tech/crawler)"
62.210.188.222 - - [11/Jan/2021:21:42:49 +0100] "GET /figc-clock-p-23049.html HTTP/1.0" 200 72074 "-" "Mozilla/5.0 (compatible; Barkrowler/0.9; +https://babbar.tech/crawler)"
185.191.171.15 - - [11/Jan/2021:21:42:50 +0100] "GET /buffalo-skull-glass-cutting-board-by-cbkreation-p-51464.html HTTP/1.0" 200 72012 "-" "Mozilla/5.0 (compatible; SemrushBot/7~bl; +http://www.semrush.com/bot.html)"
62.210.188.222 - - [11/Jan/2021:21:42:59 +0100] "GET /pet-shop-c-155.html?page=3 HTTP/1.0" 200 79211 "-" "Mozilla/5.0 (compatible; Barkrowler/0.9; +https://babbar.tech/crawler)"
185.191.171.33 - - [11/Jan/2021:21:42:59 +0100] "GET /kitchen-towel-holder-hooks-p-52708.html HTTP/1.0" 200 72479 "-" "Mozilla/5.0 (compatible; SemrushBot/7~bl; +http://www.semrush.com/bot.html)"
185.191.171.7 - - [11/Jan/2021:21:43:02 +0100] "GET /household-linen/towel-bath-towels/spongebob-punk-not-dead-towel-p-13464.html HTTP/1.0" 301 69259 "-" "Mozilla/5.0 (compatible; SemrushBot/7~bl; +http://www.semrush.com/bot.html)"
185.191.171.6 - - [11/Jan/2021:21:43:04 +0100] "GET /-p-13464.html HTTP/1.0" 200 69192 "-" "Mozilla/5.0 (compatible; SemrushBot/7~bl; +http://www.semrush.com/bot.html)"
62.210.188.222 - - [11/Jan/2021:21:43:08 +0100] "GET /pet-shop-c-155.html?page=2 HTTP/1.0" 200 89013 "-" "Mozilla/5.0 (compatible; Barkrowler/0.9; +https://babbar.tech/crawler)"
185.191.171.19 - - [11/Jan/2021:21:43:08 +0100] "GET /figurine-scorcerer-mickey-p-53352.html HTTP/1.0" 200 73440 "-" "Mozilla/5.0 (compatible; SemrushBot/7~bl; +http://www.semrush.com/bot.html)"
62.210.188.222 - - [11/Jan/2021:21:43:17 +0100] "GET /pet-shop-c-155.html?page=1 HTTP/1.0" 200 88381 "-" "Mozilla/5.0 (compatible; Barkrowler/0.9; +https://babbar.tech/crawler)"
62.210.188.222 - - [11/Jan/2021:21:43:27 +0100] "GET /fox-tray-p-45566.html HTTP/1.0" 200 71788 "-" "Mozilla/5.0 (compatible; Barkrowler/0.9; +https://babbar.tech/crawler)"
62.210.188.222 - - [11/Jan/2021:21:43:36 +0100] "GET /pill-box-provence-p-51390.html HTTP/1.0" 301 69259 "-" "Mozilla/5.0 (compatible; Barkrowler/0.9; +https://babbar.tech/crawler)"
62.210.188.222 - - [11/Jan/2021:21:43:36 +0100] "GET /-p-51390.html HTTP/1.0" 200 69192 "-" "Mozilla/5.0 (compatible; Barkrowler/0.9; +https://babbar.tech/crawler)"
62.210.188.222 - - [11/Jan/2021:21:43:37 +0100] "GET /pill-box-provence-p-51390.html HTTP/1.0" 301 69259 "-" "Mozilla/5.0 (compatible; Barkrowler/0.9; +https://babbar.tech/crawler)"
62.210.188.222 - - [11/Jan/2021:21:43:46 +0100] "GET /pill-box-provence-p-51387.html HTTP/1.0" 301 69259 "-" "Mozilla/5.0 (compatible; Barkrowler/0.9; +https://babbar.tech/crawler)"
62.210.188.222 - - [11/Jan/2021:21:43:46 +0100] "GET /-p-51387.html HTTP/1.0" 200 69192 "-" "Mozilla/5.0 (compatible; Barkrowler/0.9; +https://babbar.tech/crawler)"
62.210.188.222 - - [11/Jan/2021:21:43:47 +0100] "GET /pill-box-provence-p-51387.html HTTP/1.0" 301 69259 "-" "Mozilla/5.0 (compatible; Barkrowler/0.9; +https://babbar.tech/crawler)"
207.46.13.36 - - [11/Jan/2021:21:43:56 +0100] "GET /lyon-isothermic-stainless-steel-bottle-by-cbkreation-p-50976.html HTTP/1.0" 200 72079 "-" "Mozilla/5.0 (compatible; bingbot/2.0; +http://www.bing.com/bingbot.htm)"
62.210.188.222 - - [11/Jan/2021:21:43:56 +0100] "GET /beatles-storage-box-p-8262.html HTTP/1.0" 200 71955 "-" "Mozilla/5.0 (compatible; Barkrowler/0.9; +https://babbar.tech/crawler)"
185.191.171.5 - - [11/Jan/2021:21:44:05 +0100] "GET /specials.php?page=27 HTTP/1.0" 200 130197 "-" "Mozilla/5.0 (compatible; SemrushBot/7~bl; +http://www.semrush.com/bot.html)"
62.210.188.222 - - [11/Jan/2021:21:44:06 +0100] "GET /beatles-storage-box-p-5111.html HTTP/1.0" 200 71945 "-" "Mozilla/5.0 (compatible; Barkrowler/0.9; +https://babbar.tech/crawler)"
54.36.149.57 - - [11/Jan/2021:21:44:07 +0100] "GET /specials.php HTTP/1.0" 200 129945 "-" "Mozilla/5.0 (compatible; AhrefsBot/7.0; +http://ahrefs.com/robot/)"
62.210.188.222 - - [11/Jan/2021:21:44:16 +0100] "GET /beatles-story-notebook-p-17105.html HTTP/1.0" 200 73598 "-" "Mozilla/5.0 (compatible; Barkrowler/0.9; +https://babbar.tech/crawler)"
62.210.188.222 - - [11/Jan/2021:21:44:25 +0100] "GET /beatles-notebook-p-17107.html HTTP/1.0" 200 71990 "-" "Mozilla/5.0 (compatible; Barkrowler/0.9; +https://babbar.tech/crawler)"
62.210.188.222 - - [11/Jan/2021:21:44:34 +0100] "GET /beatles-notebook-p-10273.html HTTP/1.0" 200 71956 "-" "Mozilla/5.0 (compatible; Barkrowler/0.9; +https://babbar.tech/crawler)"
62.210.188.222 - - [11/Jan/2021:21:44:44 +0100] "GET /horse-photo-frame-p-26643.html HTTP/1.0" 200 71837 "-" "Mozilla/5.0 (compatible; Barkrowler/0.9; +https://babbar.tech/crawler)"
62.210.188.222 - - [11/Jan/2021:21:44:53 +0100] "GET /horse-wastebasket-p-50761.html HTTP/1.0" 200 69258 "-" "Mozilla/5.0 (compatible; Barkrowler/0.9; +https://babbar.tech/crawler)"
207.46.13.239 - - [11/Jan/2021:21:44:55 +0100] "GET /hem-incense-sticks-camphor-p-51691.html HTTP/1.0" 200 72083 "-" "Mozilla/5.0 (compatible; bingbot/2.0; +http://www.bing.com/bingbot.htm)"
62.210.188.222 - - [11/Jan/2021:21:45:02 +0100] "GET /horse-wastebasket-p-50762.html HTTP/1.0" 200 71794 "-" "Mozilla/5.0 (compatible; Barkrowler/0.9; +https://babbar.tech/crawler)"
62.210.188.222 - - [11/Jan/2021:21:45:12 +0100] "GET /horse-large-mirror-p-26650.html HTTP/1.0" 200 71776 "-" "Mozilla/5.0 (compatible; Barkrowler/0.9; +https://babbar.tech/crawler)"
62.210.188.222 - - [11/Jan/2021:21:45:21 +0100] "GET /horse-small-lamp-p-28107.html HTTP/1.0" 200 71850 "-" "Mozilla/5.0 (compatible; Barkrowler/0.9; +https://babbar.tech/crawler)"
62.210.188.222 - - [11/Jan/2021:21:45:30 +0100] "GET /jackets-coats-parkas-c-2_41.html HTTP/1.0" 200 76835 "-" "Mozilla/5.0 (compatible; Barkrowler/0.9; +https://babbar.tech/crawler)"
51.68.224.127 - - [11/Jan/2021:21:45:33 +0100] "GET /adminweb/export_orders_xml.php?token=256de2z6edz6ed2z6DFSFsed2zed6zeDSFDSGdzedezfzf&maxorders=10&orderstart=1&status=14&start_date=2018-10-01 HTTP/1.0" 200 285 "-" "GesCom CharlotteBoutik Serveur"
51.68.224.127 - - [11/Jan/2021:21:45:33 +0100] "GET /adminweb/export_orders_xml.php?token=256de2z6edz6ed2z6DFSFsed2zed6zeDSFDSGdzedezfzf&maxorders=10&orderstart=1&status=6&start_date=2018-10-01 HTTP/1.0" 200 29990 "-" "GesCom CharlotteBoutik Serveur"
185.191.171.33 - - [11/Jan/2021:21:45:38 +0100] "GET /lavande-soap-box-soap-10-65-28-cm-p-40113.html HTTP/1.0" 200 72166 "-" "Mozilla/5.0 (compatible; SemrushBot/7~bl; +http://www.semrush.com/bot.html)"
62.210.188.222 - - [11/Jan/2021:21:45:40 +0100] "GET /paris-pill-box-p-52009.html HTTP/1.0" 200 72499 "-" "Mozilla/5.0 (compatible; Barkrowler/0.9; +https://babbar.tech/crawler)"
185.191.171.6 - - [11/Jan/2021:21:45:49 +0100] "GET /dishes-c-12.html?page=71 HTTP/1.0" 200 90842 "-" "Mozilla/5.0 (compatible; SemrushBot/7~bl; +http://www.semrush.com/bot.html)"
62.210.188.222 - - [11/Jan/2021:21:45:49 +0100] "GET /paris-pill-box-p-52011.html HTTP/1.0" 200 72499 "-" "Mozilla/5.0 (compatible; Barkrowler/0.9; +https://babbar.tech/crawler)"
62.210.188.222 - - [11/Jan/2021:21:46:00 +0100] "GET /paris-pill-box-p-52010.html HTTP/1.0" 200 72498 "-" "Mozilla/5.0 (compatible; Barkrowler/0.9; +https://babbar.tech/crawler)"
62.210.188.222 - - [11/Jan/2021:21:46:09 +0100] "GET /paris-snow-globe-p-52189.html HTTP/1.0" 200 71808 "-" "Mozilla/5.0 (compatible; Barkrowler/0.9; +https://babbar.tech/crawler)"
114.119.145.117 - - [11/Jan/2021:21:46:13 +0100] "GET /images/mini_prod/3388760924574.jpg HTTP/1.0" 200 269 "-" "Mozilla/5.0 (Linux; Android 7.0;) AppleWebKit/537.36 (KHTML, like Gecko) Mobile Safari/537.36 (compatible; PetalBot;+https://aspiegel.com/petalbot)"
162.210.196.97 - - [11/Jan/2021:21:46:16 +0100] "GET /robots.txt HTTP/1.0" 200 245 "-" "Mozilla/5.0 (compatible; MJ12bot/v1.4.8; http://mj12bot.com/)"
62.210.188.222 - - [11/Jan/2021:21:46:18 +0100] "GET /paris-glass-clock-p-18506.html HTTP/1.0" 200 71932 "-" "Mozilla/5.0 (compatible; Barkrowler/0.9; +https://babbar.tech/crawler)"
185.191.171.11 - - [11/Jan/2021:21:46:19 +0100] "GET /dishes-c-13_12.html?page=92 HTTP/1.0" 200 91323 "-" "Mozilla/5.0 (compatible; SemrushBot/7~bl; +http://www.semrush.com/bot.html)"
162.210.196.97 - - [11/Jan/2021:21:46:22 +0100] "GET / HTTP/1.0" 200 149923 "-" "Mozilla/5.0 (compatible; MJ12bot/v1.4.8; http://mj12bot.com/)"
185.191.171.11 - - [11/Jan/2021:21:46:23 +0100] "GET /bamboo-white-tray-p-48013.html HTTP/1.0" 200 69250 "-" "Mozilla/5.0 (compatible; SemrushBot/7~bl; +http://www.semrush.com/bot.html)"
62.210.188.222 - - [11/Jan/2021:21:46:28 +0100] "GET /paris-paperweight-p-32049.html HTTP/1.0" 200 71782 "-" "Mozilla/5.0 (compatible; Barkrowler/0.9; +https://babbar.tech/crawler)"
185.191.171.5 - - [11/Jan/2021:21:46:33 +0100] "GET /owl-guest-towel-p-41612.html HTTP/1.0" 200 69242 "-" "Mozilla/5.0 (compatible; SemrushBot/7~bl; +http://www.semrush.com/bot.html)"
62.210.188.222 - - [11/Jan/2021:21:46:37 +0100] "GET /paris-cv-shooter-p-30710.html HTTP/1.0" 200 71777 "-" "Mozilla/5.0 (compatible; Barkrowler/0.9; +https://babbar.tech/crawler)"
62.210.188.222 - - [11/Jan/2021:21:46:46 +0100] "GET /paris-money-box-p-42893.html HTTP/1.0" 200 71756 "-" "Mozilla/5.0 (compatible; Barkrowler/0.9; +https://babbar.tech/crawler)"
185.191.171.17 - - [11/Jan/2021:21:46:53 +0100] "GET /cushion-for-dog-90-65-cm-p-49535.html HTTP/1.0" 200 72383 "-" "Mozilla/5.0 (compatible; SemrushBot/7~bl; +http://www.semrush.com/bot.html)"
62.210.188.222 - - [11/Jan/2021:21:46:56 +0100] "GET /paris-money-box-p-49153.html HTTP/1.0" 200 71743 "-" "Mozilla/5.0 (compatible; Barkrowler/0.9; +https://babbar.tech/crawler)"
62.210.188.222 - - [11/Jan/2021:21:47:05 +0100] "GET /paris-vintage-clock-p-32085.html HTTP/1.0" 200 71913 "-" "Mozilla/5.0 (compatible; Barkrowler/0.9; +https://babbar.tech/crawler)"
62.210.188.222 - - [11/Jan/2021:21:47:14 +0100] "GET /paris-retro-mug-p-42555.html HTTP/1.0" 200 72325 "-" "Mozilla/5.0 (compatible; Barkrowler/0.9; +https://babbar.tech/crawler)"
62.210.188.222 - - [11/Jan/2021:21:47:24 +0100] "GET /paris-placemat-p-40660.html HTTP/1.0" 200 71972 "-" "Mozilla/5.0 (compatible; Barkrowler/0.9; +https://babbar.tech/crawler)"
62.210.188.222 - - [11/Jan/2021:21:47:33 +0100] "GET /vintage-trivet-p-40821.html HTTP/1.0" 200 71747 "-" "Mozilla/5.0 (compatible; Barkrowler/0.9; +https://babbar.tech/crawler)"
62.210.188.222 - - [11/Jan/2021:21:47:42 +0100] "GET /vintage-trivet-p-40819.html HTTP/1.0" 200 71747 "-" "Mozilla/5.0 (compatible; Barkrowler/0.9; +https://babbar.tech/crawler)"
62.210.188.222 - - [11/Jan/2021:21:47:52 +0100] "GET /vintage-trivet-p-40818.html HTTP/1.0" 200 71747 "-" "Mozilla/5.0 (compatible; Barkrowler/0.9; +https://babbar.tech/crawler)"
62.210.188.222 - - [11/Jan/2021:21:48:01 +0100] "GET /vintage-trivet-p-40820.html HTTP/1.0" 200 71747 "-" "Mozilla/5.0 (compatible; Barkrowler/0.9; +https://babbar.tech/crawler)"
62.210.188.222 - - [11/Jan/2021:21:48:11 +0100] "GET /vintage-black-clock-p-46778.html HTTP/1.0" 200 71923 "-" "Mozilla/5.0 (compatible; Barkrowler/0.9; +https://babbar.tech/crawler)"
17.58.101.147 - - [11/Jan/2021:21:48:14 +0100] "GET /images/mini_prod/3453131132442.jpg HTTP/1.0" 200 269 "-" "Mozilla/5.0 (Macintosh; Intel Mac OS X 10_15_5) AppleWebKit/605.1.15 (KHTML, like Gecko) Version/13.1.1 Safari/605.1.15 (Applebot/0.1; +http://www.apple.com/go/applebot)"
54.36.148.87 - - [11/Jan/2021:21:48:16 +0100] "GET /20-our-lady-of-fatima-aromatika-incense-sticks-p-53449.html HTTP/1.0" 200 72020 "-" "Mozilla/5.0 (compatible; AhrefsBot/7.0; +http://ahrefs.com/robot/)"
62.210.188.222 - - [11/Jan/2021:21:48:20 +0100] "GET /vintage-pvc-clock-p-40518.html HTTP/1.0" 200 72035 "-" "Mozilla/5.0 (compatible; Barkrowler/0.9; +https://babbar.tech/crawler)"
62.210.188.222 - - [11/Jan/2021:21:48:29 +0100] "GET /bib-barbabelle-p-13335.html HTTP/1.0" 200 71919 "-" "Mozilla/5.0 (compatible; Barkrowler/0.9; +https://babbar.tech/crawler)"
207.46.13.26 - - [11/Jan/2021:21:48:35 +0100] "GET /swfobject.js HTTP/1.0" 404 1308 "-" "Mozilla/5.0 (compatible; bingbot/2.0; +http://www.bing.com/bingbot.htm)"
62.210.188.222 - - [11/Jan/2021:21:48:39 +0100] "GET /tealight-metal-p-31497.html HTTP/1.0" 200 71923 "-" "Mozilla/5.0 (compatible; Barkrowler/0.9; +https://babbar.tech/crawler)"
62.210.188.222 - - [11/Jan/2021:21:48:48 +0100] "GET /cars-sports-bottle-p-25062.html HTTP/1.0" 200 71791 "-" "Mozilla/5.0 (compatible; Barkrowler/0.9; +https://babbar.tech/crawler)"
185.191.171.42 - - [11/Jan/2021:21:48:50 +0100] "GET /bon-anniv-flamingos-card-p-20048.html HTTP/1.0" 200 71915 "-" "Mozilla/5.0 (compatible; SemrushBot/7~bl; +http://www.semrush.com/bot.html)"
62.210.188.222 - - [11/Jan/2021:21:48:57 +0100] "GET /cars-backpack-p-10776.html HTTP/1.0" 200 71681 "-" "Mozilla/5.0 (compatible; Barkrowler/0.9; +https://babbar.tech/crawler)"
62.210.188.222 - - [11/Jan/2021:21:49:07 +0100] "GET /cars-backpack-p-10771.html HTTP/1.0" 200 71992 "-" "Mozilla/5.0 (compatible; Barkrowler/0.9; +https://babbar.tech/crawler)"
62.210.188.222 - - [11/Jan/2021:21:49:16 +0100] "GET /cars-backpack-p-10775.html HTTP/1.0" 200 71967 "-" "Mozilla/5.0 (compatible; Barkrowler/0.9; +https://babbar.tech/crawler)"
185.191.171.33 - - [11/Jan/2021:21:49:25 +0100] "GET /amazon-love-cosmetic-purse-sloths-p-50281.html HTTP/1.0" 200 72306 "-" "Mozilla/5.0 (compatible; SemrushBot/7~bl; +http://www.semrush.com/bot.html)"
62.210.188.222 - - [11/Jan/2021:21:49:25 +0100] "GET /cars-backpack-p-13339.html HTTP/1.0" 200 72146 "-" "Mozilla/5.0 (compatible; Barkrowler/0.9; +https://babbar.tech/crawler)"
207.46.13.229 - - [11/Jan/2021:21:49:27 +0100] "GET /kimmidoll-shopper-bag-beige-satin-collection-p-13363.html HTTP/1.0" 200 69403 "-" "Mozilla/5.0 (compatible; bingbot/2.0; +http://www.bing.com/bingbot.htm)"
62.210.188.222 - - [11/Jan/2021:21:49:36 +0100] "GET /tour-de-france-magnet-p-51214.html HTTP/1.0" 200 71815 "-" "Mozilla/5.0 (compatible; Barkrowler/0.9; +https://babbar.tech/crawler)"
62.210.188.222 - - [11/Jan/2021:21:49:45 +0100] "GET /snow-white-swimsuit-p-30313.html HTTP/1.0" 200 72927 "-" "Mozilla/5.0 (compatible; Barkrowler/0.9; +https://babbar.tech/crawler)"
62.210.188.222 - - [11/Jan/2021:21:49:54 +0100] "GET /disney-princess-table-p-12245.html HTTP/1.0" 200 71999 "-" "Mozilla/5.0 (compatible; Barkrowler/0.9; +https://babbar.tech/crawler)"
185.191.171.25 - - [11/Jan/2021:21:49:56 +0100] "GET /magician-tweety-mirror-p-17421.html HTTP/1.0" 200 71781 "-" "Mozilla/5.0 (compatible; SemrushBot/7~bl; +http://www.semrush.com/bot.html)"
62.210.188.222 - - [11/Jan/2021:21:50:04 +0100] "GET /disney-princess-dress-p-31106.html HTTP/1.0" 200 72955 "-" "Mozilla/5.0 (compatible; Barkrowler/0.9; +https://babbar.tech/crawler)"
157.55.39.220 - - [11/Jan/2021:21:50:05 +0100] "GET /betty-boop-photo-frame-p-17823.html HTTP/1.0" 200 71872 "-" "Mozilla/5.0 (compatible; bingbot/2.0; +http://www.bing.com/bingbot.htm)"
207.46.13.36 - - [11/Jan/2021:21:50:09 +0100] "GET /-p-11413.html HTTP/1.0" 200 69192 "-" "Mozilla/5.0 (compatible; bingbot/2.0; +http://www.bing.com/bingbot.htm)"
62.210.188.222 - - [11/Jan/2021:21:50:13 +0100] "GET /disney-princess-dress-p-31107.html HTTP/1.0" 200 73511 "-" "Mozilla/5.0 (compatible; Barkrowler/0.9; +https://babbar.tech/crawler)"
185.191.171.18 - - [11/Jan/2021:21:50:15 +0100] "GET /retro-mug-p-47047.html HTTP/1.0" 200 69228 "-" "Mozilla/5.0 (compatible; SemrushBot/7~bl; +http://www.semrush.com/bot.html)"
40.77.167.56 - - [11/Jan/2021:21:50:16 +0100] "GET /-p-12862.html HTTP/1.0" 200 69192 "-" "Mozilla/5.0 (compatible; bingbot/2.0; +http://www.bing.com/bingbot.htm)"
62.210.188.222 - - [11/Jan/2021:21:50:23 +0100] "GET /moon-bookends-p-50758.html HTTP/1.0" 200 72313 "-" "Mozilla/5.0 (compatible; Barkrowler/0.9; +https://babbar.tech/crawler)"
185.191.171.26 - - [11/Jan/2021:21:50:25 +0100] "GET /cement-tiles-placemat-p-52176.html HTTP/1.0" 200 71950 "-" "Mozilla/5.0 (compatible; SemrushBot/7~bl; +http://www.semrush.com/bot.html)"
62.210.188.222 - - [11/Jan/2021:21:50:32 +0100] "GET /pedal-bin-blue-p-52592.html HTTP/1.0" 200 72737 "-" "Mozilla/5.0 (compatible; Barkrowler/0.9; +https://babbar.tech/crawler)"
114.119.132.105 - - [11/Jan/2021:21:50:39 +0100] "GET /images/big_prod/5400924053291.jpg HTTP/1.0" 200 268 "-" "Mozilla/5.0 (Linux; Android 7.0;) AppleWebKit/537.36 (KHTML, like Gecko) Mobile Safari/537.36 (compatible; PetalBot;+https://aspiegel.com/petalbot)"
62.210.188.222 - - [11/Jan/2021:21:50:41 +0100] "GET /lighting-c-13_86.html?page=7 HTTP/1.0" 200 92449 "-" "Mozilla/5.0 (compatible; Barkrowler/0.9; +https://babbar.tech/crawler)"
185.191.171.25 - - [11/Jan/2021:21:50:45 +0100] "GET /spiderman-yellow-swimsuit-p-30821.html HTTP/1.0" 200 73020 "-" "Mozilla/5.0 (compatible; SemrushBot/7~bl; +http://www.semrush.com/bot.html)"
185.191.171.25 - - [11/Jan/2021:21:50:47 +0100] "GET /le-chat-noir-rouge-magnet-p-14650.html HTTP/1.0" 200 71880 "-" "Mozilla/5.0 (compatible; SemrushBot/7~bl; +http://www.semrush.com/bot.html)"
157.55.39.110 - - [11/Jan/2021:21:50:49 +0100] "GET /motocycle-and-more-red-tee-shirt-p-35447.html HTTP/1.0" 200 73820 "-" "Mozilla/5.0 (compatible; bingbot/2.0; +http://www.bing.com/bingbot.htm)"
62.210.188.222 - - [11/Jan/2021:21:50:51 +0100] "GET /lighting-c-13_86.html?page=3 HTTP/1.0" 200 92705 "-" "Mozilla/5.0 (compatible; Barkrowler/0.9; +https://babbar.tech/crawler)"
62.210.188.222 - - [11/Jan/2021:21:51:00 +0100] "GET /lighting-c-13_86.html?page=1 HTTP/1.0" 200 94382 "-" "Mozilla/5.0 (compatible; Barkrowler/0.9; +https://babbar.tech/crawler)"
185.191.171.24 - - [11/Jan/2021:21:51:01 +0100] "GET /set-of-golden-monkey-bookends-p-52755.html HTTP/1.0" 200 71888 "-" "Mozilla/5.0 (compatible; SemrushBot/7~bl; +http://www.semrush.com/bot.html)"
66.249.66.66 - - [11/Jan/2021:21:51:03 +0100] "GET /plates-and-cups-c-58.html HTTP/1.0" 301 89735 "-" "Mozilla/5.0 (Linux; Android 6.0.1; Nexus 5X Build/MMB29P) AppleWebKit/537.36 (KHTML, like Gecko) Chrome/87.0.4280.90 Mobile Safari/537.36 (compatible; Googlebot/2.1; +http://www.google.com/bot.html)"
66.249.66.64 - - [11/Jan/2021:21:51:05 +0100] "GET /plates-and-cups-c-12_58.html HTTP/1.0" 200 89757 "-" "Mozilla/5.0 (Linux; Android 6.0.1; Nexus 5X Build/MMB29P) AppleWebKit/537.36 (KHTML, like Gecko) Chrome/87.0.4280.90 Mobile Safari/537.36 (compatible; Googlebot/2.1; +http://www.google.com/bot.html)"
62.210.188.222 - - [11/Jan/2021:21:51:10 +0100] "GET /lighting-c-13_86.html?page=5 HTTP/1.0" 200 92125 "-" "Mozilla/5.0 (compatible; Barkrowler/0.9; +https://babbar.tech/crawler)"
62.210.188.222 - - [11/Jan/2021:21:51:19 +0100] "GET /lighting-c-13_86.html?page=6 HTTP/1.0" 200 93038 "-" "Mozilla/5.0 (compatible; Barkrowler/0.9; +https://babbar.tech/crawler)"
62.210.188.222 - - [11/Jan/2021:21:51:28 +0100] "GET /lighting-c-13_86.html?page=8 HTTP/1.0" 200 92315 "-" "Mozilla/5.0 (compatible; Barkrowler/0.9; +https://babbar.tech/crawler)"
62.210.188.222 - - [11/Jan/2021:21:51:38 +0100] "GET /lighting-c-13_86.html?page=2 HTTP/1.0" 200 93634 "-" "Mozilla/5.0 (compatible; Barkrowler/0.9; +https://babbar.tech/crawler)"
62.210.188.222 - - [11/Jan/2021:21:51:47 +0100] "GET /lighting-c-13_86.html?page=20 HTTP/1.0" 200 93067 "-" "Mozilla/5.0 (compatible; Barkrowler/0.9; +https://babbar.tech/crawler)"
62.210.188.222 - - [11/Jan/2021:21:51:57 +0100] "GET /lighting-c-13_86.html?page=4 HTTP/1.0" 200 93413 "-" "Mozilla/5.0 (compatible; Barkrowler/0.9; +https://babbar.tech/crawler)"
62.210.188.222 - - [11/Jan/2021:21:52:06 +0100] "GET /lighting-c-13_86.html?page=9 HTTP/1.0" 200 93537 "-" "Mozilla/5.0 (compatible; Barkrowler/0.9; +https://babbar.tech/crawler)"
62.210.188.222 - - [11/Jan/2021:21:52:15 +0100] "GET /100-paris-mug-p-38511.html HTTP/1.0" 200 71734 "-" "Mozilla/5.0 (compatible; Barkrowler/0.9; +https://babbar.tech/crawler)"
54.36.148.87 - - [11/Jan/2021:21:52:21 +0100] "GET /pillowcases-bolstercases-c-11_166.html HTTP/1.0" 200 89574 "-" "Mozilla/5.0 (compatible; AhrefsBot/7.0; +http://ahrefs.com/robot/)"
62.210.188.222 - - [11/Jan/2021:21:52:25 +0100] "GET /rock-little-mirror-p-8846.html HTTP/1.0" 200 71933 "-" "Mozilla/5.0 (compatible; Barkrowler/0.9; +https://babbar.tech/crawler)"
185.191.171.24 - - [11/Jan/2021:21:52:30 +0100] "GET /games-and-toys-c-4.html?page=2 HTTP/1.0" 200 92257 "-" "Mozilla/5.0 (compatible; SemrushBot/7~bl; +http://www.semrush.com/bot.html)"
62.210.188.222 - - [11/Jan/2021:21:52:34 +0100] "GET /spiderman-glasses-p-2388.html HTTP/1.0" 200 71788 "-" "Mozilla/5.0 (compatible; Barkrowler/0.9; +https://babbar.tech/crawler)"
62.210.188.222 - - [11/Jan/2021:21:52:43 +0100] "GET /moulin-rouge-mug-p-13001.html HTTP/1.0" 200 71737 "-" "Mozilla/5.0 (compatible; Barkrowler/0.9; +https://babbar.tech/crawler)"
62.210.188.222 - - [11/Jan/2021:21:52:53 +0100] "GET /butter-dish-c-12_222.html HTTP/1.0" 200 81873 "-" "Mozilla/5.0 (compatible; Barkrowler/0.9; +https://babbar.tech/crawler)"
62.210.188.222 - - [11/Jan/2021:21:53:02 +0100] "GET /all-blacks-glass-p-51694.html HTTP/1.0" 200 71759 "-" "Mozilla/5.0 (compatible; Barkrowler/0.9; +https://babbar.tech/crawler)"
62.210.188.222 - - [11/Jan/2021:21:53:11 +0100] "GET /hairbrushes-c-3_203.html?page=1 HTTP/1.0" 200 88007 "-" "Mozilla/5.0 (compatible; Barkrowler/0.9; +https://babbar.tech/crawler)"
185.191.171.45 - - [11/Jan/2021:21:53:18 +0100] "GET /sentiment-tea-towel-kitchen-towel-70-35-cm-p-43644.html HTTP/1.0" 200 72639 "-" "Mozilla/5.0 (compatible; SemrushBot/7~bl; +http://www.semrush.com/bot.html)"
62.210.188.222 - - [11/Jan/2021:21:53:21 +0100] "GET /red-head-lamp-p-33812.html HTTP/1.0" 200 71839 "-" "Mozilla/5.0 (compatible; Barkrowler/0.9; +https://babbar.tech/crawler)"
185.191.171.22 - - [11/Jan/2021:21:53:28 +0100] "GET /large-jar-candle-70-hours-eastern-promise-p-38114.html HTTP/1.0" 200 69350 "-" "Mozilla/5.0 (compatible; SemrushBot/7~bl; +http://www.semrush.com/bot.html)"
62.210.188.222 - - [11/Jan/2021:21:53:30 +0100] "GET /flower-tea-cup-p-52634.html HTTP/1.0" 200 71798 "-" "Mozilla/5.0 (compatible; Barkrowler/0.9; +https://babbar.tech/crawler)"
62.210.188.222 - - [11/Jan/2021:21:53:39 +0100] "GET /indoor-fountains-c-13_272.html HTTP/1.0" 200 80874 "-" "Mozilla/5.0 (compatible; Barkrowler/0.9; +https://babbar.tech/crawler)"
62.210.188.222 - - [11/Jan/2021:21:53:49 +0100] "GET /white-wall-mirror-p-52473.html HTTP/1.0" 200 72394 "-" "Mozilla/5.0 (compatible; Barkrowler/0.9; +https://babbar.tech/crawler)"
185.191.171.25 - - [11/Jan/2021:21:53:51 +0100] "GET /scented-candles-and-novenas-c-13_227.html?page=1 HTTP/1.0" 200 92718 "-" "Mozilla/5.0 (compatible; SemrushBot/7~bl; +http://www.semrush.com/bot.html)"
185.191.171.38 - - [11/Jan/2021:21:53:56 +0100] "GET /wax-melt-welcome-home-p-37445.html HTTP/1.0" 200 72422 "-" "Mozilla/5.0 (compatible; SemrushBot/7~bl; +http://www.semrush.com/bot.html)"
62.210.188.222 - - [11/Jan/2021:21:53:58 +0100] "GET /white-angel-candle-p-50105.html HTTP/1.0" 301 69259 "-" "Mozilla/5.0 (compatible; Barkrowler/0.9; +https://babbar.tech/crawler)"
62.210.188.222 - - [11/Jan/2021:21:53:58 +0100] "GET /-p-50105.html HTTP/1.0" 200 69192 "-" "Mozilla/5.0 (compatible; Barkrowler/0.9; +https://babbar.tech/crawler)"
62.210.188.222 - - [11/Jan/2021:21:53:59 +0100] "GET /white-angel-candle-p-50105.html HTTP/1.0" 301 69259 "-" "Mozilla/5.0 (compatible; Barkrowler/0.9; +https://babbar.tech/crawler)"
66.249.66.64 - - [11/Jan/2021:21:54:04 +0100] "GET /images/mini_prod/3560600262996.jpg HTTP/1.0" 404 1308 "-" "Googlebot-Image/1.0"
185.191.171.45 - - [11/Jan/2021:21:54:07 +0100] "GET /rectangular-clock-indian-spirit-70-cm-p-42949.html HTTP/1.0" 200 71979 "-" "Mozilla/5.0 (compatible; SemrushBot/7~bl; +http://www.semrush.com/bot.html)"
62.210.188.222 - - [11/Jan/2021:21:54:08 +0100] "GET /minnie-umbrella-p-6094.html HTTP/1.0" 200 71962 "-" "Mozilla/5.0 (compatible; Barkrowler/0.9; +https://babbar.tech/crawler)"
13.66.139.153 - - [11/Jan/2021:21:54:08 +0100] "GET /pedal-bin-green-p-52588.html HTTP/1.0" 200 72938 "-" "Mozilla/5.0 (compatible; bingbot/2.0; +http://www.bing.com/bingbot.htm)"
185.191.171.23 - - [11/Jan/2021:21:54:12 +0100] "GET /cotton-floor-cushion-45-cm-p-51755.html HTTP/1.0" 200 72660 "-" "Mozilla/5.0 (compatible; SemrushBot/7~bl; +http://www.semrush.com/bot.html)"
62.210.188.222 - - [11/Jan/2021:21:54:17 +0100] "GET /garden-gnome-solar-p-29280.html HTTP/1.0" 200 72006 "-" "Mozilla/5.0 (compatible; Barkrowler/0.9; +https://babbar.tech/crawler)"
185.191.171.7 - - [11/Jan/2021:21:54:21 +0100] "GET /dragon-round-mirror-hanging-gold-p-46243.html HTTP/1.0" 200 69328 "-" "Mozilla/5.0 (compatible; SemrushBot/7~bl; +http://www.semrush.com/bot.html)"
185.191.171.5 - - [11/Jan/2021:21:54:25 +0100] "GET /carafe-with-multi-function-infuser-cherry-blossom-p-51733.html HTTP/1.0" 200 73403 "-" "Mozilla/5.0 (compatible; SemrushBot/7~bl; +http://www.semrush.com/bot.html)"
62.210.188.222 - - [11/Jan/2021:21:54:27 +0100] "GET /playmobil-rule-p-13388.html HTTP/1.0" 200 71755 "-" "Mozilla/5.0 (compatible; Barkrowler/0.9; +https://babbar.tech/crawler)"
185.191.171.45 - - [11/Jan/2021:21:54:30 +0100] "GET /captain-america-keyring-p-32339.html HTTP/1.0" 200 71840 "-" "Mozilla/5.0 (compatible; SemrushBot/7~bl; +http://www.semrush.com/bot.html)"
62.210.188.222 - - [11/Jan/2021:21:54:36 +0100] "GET /shower-curtain-c-11_168.html HTTP/1.0" 200 89216 "-" "Mozilla/5.0 (compatible; Barkrowler/0.9; +https://babbar.tech/crawler)"
62.210.188.222 - - [11/Jan/2021:21:54:45 +0100] "GET /paperweight-cm-p-50129.html HTTP/1.0" 200 71768 "-" "Mozilla/5.0 (compatible; Barkrowler/0.9; +https://babbar.tech/crawler)"
62.210.188.222 - - [11/Jan/2021:21:54:55 +0100] "GET /simpsons-towel-p-15143.html HTTP/1.0" 200 71883 "-" "Mozilla/5.0 (compatible; Barkrowler/0.9; +https://babbar.tech/crawler)"
62.210.188.222 - - [11/Jan/2021:21:55:04 +0100] "GET /simpsons-tray-p-27368.html HTTP/1.0" 200 71794 "-" "Mozilla/5.0 (compatible; Barkrowler/0.9; +https://babbar.tech/crawler)"
114.119.130.202 - - [11/Jan/2021:21:55:05 +0100] "GET /images/big_prod/3665269051735.jpg HTTP/1.0" 200 268 "-" "Mozilla/5.0 (Linux; Android 7.0;) AppleWebKit/537.36 (KHTML, like Gecko) Mobile Safari/537.36 (compatible; PetalBot;+https://aspiegel.com/petalbot)"
185.191.171.25 - - [11/Jan/2021:21:55:10 +0100] "GET /decorative-carpets-c-11_269_167.html HTTP/1.0" 200 89667 "-" "Mozilla/5.0 (compatible; SemrushBot/7~bl; +http://www.semrush.com/bot.html)"
62.210.188.222 - - [11/Jan/2021:21:55:14 +0100] "GET /elvis-lighter-p-22420.html HTTP/1.0" 200 74072 "-" "Mozilla/5.0 (compatible; Barkrowler/0.9; +https://babbar.tech/crawler)"
62.210.188.222 - - [11/Jan/2021:21:55:23 +0100] "GET /head-lamp-red-p-27917.html HTTP/1.0" 200 71796 "-" "Mozilla/5.0 (compatible; Barkrowler/0.9; +https://babbar.tech/crawler)"
62.210.188.222 - - [11/Jan/2021:21:55:32 +0100] "GET /pillow-bolster-c-11_199.html HTTP/1.0" 200 83135 "-" "Mozilla/5.0 (compatible; Barkrowler/0.9; +https://babbar.tech/crawler)"
62.210.188.222 - - [11/Jan/2021:21:55:42 +0100] "GET /mario-vintage-shirt-p-29610.html HTTP/1.0" 200 72930 "-" "Mozilla/5.0 (compatible; Barkrowler/0.9; +https://babbar.tech/crawler)"
62.210.188.222 - - [11/Jan/2021:21:55:51 +0100] "GET /owls-mug-p-27606.html HTTP/1.0" 200 71689 "-" "Mozilla/5.0 (compatible; Barkrowler/0.9; +https://babbar.tech/crawler)"
62.210.188.222 - - [11/Jan/2021:21:56:00 +0100] "GET /owls-mug-p-27633.html HTTP/1.0" 200 71679 "-" "Mozilla/5.0 (compatible; Barkrowler/0.9; +https://babbar.tech/crawler)"
185.191.171.42 - - [11/Jan/2021:21:56:01 +0100] "GET /postcard-with-envelope-anniversary-30-years-p-48851.html HTTP/1.0" 200 72053 "-" "Mozilla/5.0 (compatible; SemrushBot/7~bl; +http://www.semrush.com/bot.html)"
62.210.188.222 - - [11/Jan/2021:21:56:10 +0100] "GET /owls-mug-p-27605.html HTTP/1.0" 200 69223 "-" "Mozilla/5.0 (compatible; Barkrowler/0.9; +https://babbar.tech/crawler)"
62.210.188.222 - - [11/Jan/2021:21:56:19 +0100] "GET /naruto-picture-frame-p-1481.html HTTP/1.0" 200 71859 "-" "Mozilla/5.0 (compatible; Barkrowler/0.9; +https://babbar.tech/crawler)"
62.210.188.222 - - [11/Jan/2021:21:56:28 +0100] "GET /jamaica-coasters-p-24228.html HTTP/1.0" 200 71759 "-" "Mozilla/5.0 (compatible; Barkrowler/0.9; +https://babbar.tech/crawler)"
54.36.148.121 - - [11/Jan/2021:21:56:31 +0100] "GET /manicure-articles-c-31_204.html HTTP/1.0" 200 88551 "-" "Mozilla/5.0 (compatible; AhrefsBot/7.0; +http://ahrefs.com/robot/)"
207.46.13.26 - - [11/Jan/2021:21:56:36 +0100] "GET /swfobject.js HTTP/1.0" 404 1308 "-" "Mozilla/5.0 (compatible; bingbot/2.0; +http://www.bing.com/bingbot.htm)"
62.210.188.222 - - [11/Jan/2021:21:56:38 +0100] "GET /vive-paris-umbrella-p-18979.html HTTP/1.0" 200 72141 "-" "Mozilla/5.0 (compatible; Barkrowler/0.9; +https://babbar.tech/crawler)"
157.55.39.110 - - [11/Jan/2021:21:56:40 +0100] "GET /-p-10437.html HTTP/1.0" 200 69192 "-" "Mozilla/5.0 (compatible; bingbot/2.0; +http://www.bing.com/bingbot.htm)"
13.66.139.64 - - [11/Jan/2021:21:56:46 +0100] "GET /-m-98.html HTTP/1.0" 200 76206 "-" "Mozilla/5.0 (compatible; bingbot/2.0; +http://www.bing.com/bingbot.htm)"
62.210.188.222 - - [11/Jan/2021:21:56:47 +0100] "GET /real-black-bowl-p-43111.html HTTP/1.0" 200 71458 "-" "Mozilla/5.0 (compatible; Barkrowler/0.9; +https://babbar.tech/crawler)"
185.191.171.5 - - [11/Jan/2021:21:56:56 +0100] "GET /coca-cola-black-metal-plate-30-20-cm-p-33713.html HTTP/1.0" 200 71951 "-" "Mozilla/5.0 (compatible; SemrushBot/7~bl; +http://www.semrush.com/bot.html)"
62.210.188.222 - - [11/Jan/2021:21:56:56 +0100] "GET /miss-bad-wallet-p-2683.html HTTP/1.0" 200 72044 "-" "Mozilla/5.0 (compatible; Barkrowler/0.9; +https://babbar.tech/crawler)"
62.210.188.222 - - [11/Jan/2021:21:57:06 +0100] "GET /key-holders-c-13_150_201.html HTTP/1.0" 200 86894 "-" "Mozilla/5.0 (compatible; Barkrowler/0.9; +https://babbar.tech/crawler)"
62.210.188.222 - - [11/Jan/2021:21:57:15 +0100] "GET /inside-out-backpack-p-31286.html HTTP/1.0" 200 72029 "-" "Mozilla/5.0 (compatible; Barkrowler/0.9; +https://babbar.tech/crawler)"
62.210.188.222 - - [11/Jan/2021:21:57:24 +0100] "GET /tweety-clock-p-17436.html HTTP/1.0" 200 71716 "-" "Mozilla/5.0 (compatible; Barkrowler/0.9; +https://babbar.tech/crawler)"
207.46.13.229 - - [11/Jan/2021:21:57:25 +0100] "GET /strawberry-shortcake-hat-years-p-22143.html HTTP/1.0" 200 71985 "-" "Mozilla/5.0 (compatible; bingbot/2.0; +http://www.bing.com/bingbot.htm)"
185.191.171.5 - - [11/Jan/2021:21:57:30 +0100] "GET /household-linen-c-11.html?page=10 HTTP/1.0" 200 91744 "-" "Mozilla/5.0 (compatible; SemrushBot/7~bl; +http://www.semrush.com/bot.html)"
62.210.188.222 - - [11/Jan/2021:21:57:34 +0100] "GET /minions-stickers-p-31216.html HTTP/1.0" 200 71793 "-" "Mozilla/5.0 (compatible; Barkrowler/0.9; +https://babbar.tech/crawler)"
62.210.188.222 - - [11/Jan/2021:21:57:43 +0100] "GET /minions-cushion-p-31201.html HTTP/1.0" 200 71902 "-" "Mozilla/5.0 (compatible; Barkrowler/0.9; +https://babbar.tech/crawler)"
106.11.159.36 - - [11/Jan/2021:21:57:48 +0100] "GET /templates/Pixame_v1/stylesheet.css HTTP/1.0" 200 267 "http://www.wonder-geek.com/yogi-yogini-rubber-yoga-mat-mint-green-p-45294.html" "Mozilla/5.0 (Windows NT 6.1; Win64; x64) AppleWebKit/537.36 (KHTML, like Gecko) Chrome/69.0.3497.81 YisouSpider/5.0 Safari/537.36"
106.11.158.100 - - [11/Jan/2021:21:57:48 +0100] "GET /js/jquery.jqzoom.js HTTP/1.0" 200 259 "http://www.wonder-geek.com/yogi-yogini-rubber-yoga-mat-mint-green-p-45294.html" "Mozilla/5.0 (Windows NT 6.1; Win64; x64) AppleWebKit/537.36 (KHTML, like Gecko) Chrome/69.0.3497.81 YisouSpider/5.0 Safari/537.36"
42.120.160.119 - - [11/Jan/2021:21:57:48 +0100] "GET /mondial_relay/js/jquery-1.3.2.min.js HTTP/1.0" 200 276 "http://www.wonder-geek.com/yogi-yogini-rubber-yoga-mat-mint-green-p-45294.html" "Mozilla/5.0 (Windows NT 6.1; Win64; x64) AppleWebKit/537.36 (KHTML, like Gecko) Chrome/69.0.3497.81 YisouSpider/5.0 Safari/537.36"
106.11.155.99 - - [11/Jan/2021:21:57:49 +0100] "GET /js/jquery.js HTTP/1.0" 200 252 "http://www.wonder-geek.com/yogi-yogini-rubber-yoga-mat-mint-green-p-45294.html" "Mozilla/5.0 (Windows NT 6.1; Win64; x64) AppleWebKit/537.36 (KHTML, like Gecko) Chrome/69.0.3497.81 YisouSpider/5.0 Safari/537.36"
42.156.254.96 - - [11/Jan/2021:21:57:49 +0100] "GET /highslide/highslide.js HTTP/1.0" 200 262 "http://www.wonder-geek.com/yogi-yogini-rubber-yoga-mat-mint-green-p-45294.html" "Mozilla/5.0 (Windows NT 6.1; Win64; x64) AppleWebKit/537.36 (KHTML, like Gecko) Chrome/69.0.3497.81 YisouSpider/5.0 Safari/537.36"
106.11.152.37 - - [11/Jan/2021:21:57:50 +0100] "GET /swfobject.js HTTP/1.0" 404 1308 "http://www.wonder-geek.com/yogi-yogini-rubber-yoga-mat-mint-green-p-45294.html" "Mozilla/5.0 (Windows NT 6.1; Win64; x64) AppleWebKit/537.36 (KHTML, like Gecko) Chrome/69.0.3497.81 YisouSpider/5.0 Safari/537.36"
62.210.188.222 - - [11/Jan/2021:21:57:52 +0100] "GET /uk-tablet-cover-p-25016.html HTTP/1.0" 200 71966 "-" "Mozilla/5.0 (compatible; Barkrowler/0.9; +https://babbar.tech/crawler)"
185.191.171.33 - - [11/Jan/2021:21:57:57 +0100] "GET /clocks-c-13_67.html?page=12 HTTP/1.0" 200 91572 "-" "Mozilla/5.0 (compatible; SemrushBot/7~bl; +http://www.semrush.com/bot.html)"
62.210.188.222 - - [11/Jan/2021:21:58:02 +0100] "GET /reste-zen-card-p-20050.html HTTP/1.0" 200 71799 "-" "Mozilla/5.0 (compatible; Barkrowler/0.9; +https://babbar.tech/crawler)"
185.191.171.36 - - [11/Jan/2021:21:58:05 +0100] "GET /sextant-in-brass-with-box-p-47427.html HTTP/1.0" 200 69282 "-" "Mozilla/5.0 (compatible; SemrushBot/7~bl; +http://www.semrush.com/bot.html)"
62.210.188.222 - - [11/Jan/2021:21:58:11 +0100] "GET /pearl-side-table-p-52911.html HTTP/1.0" 301 69259 "-" "Mozilla/5.0 (compatible; Barkrowler/0.9; +https://babbar.tech/crawler)"
62.210.188.222 - - [11/Jan/2021:21:58:11 +0100] "GET /-p-52911.html HTTP/1.0" 200 69192 "-" "Mozilla/5.0 (compatible; Barkrowler/0.9; +https://babbar.tech/crawler)"
62.210.188.222 - - [11/Jan/2021:21:58:12 +0100] "GET /pearl-side-table-p-52911.html HTTP/1.0" 301 69259 "-" "Mozilla/5.0 (compatible; Barkrowler/0.9; +https://babbar.tech/crawler)"
185.191.171.11 - - [11/Jan/2021:21:58:16 +0100] "GET /hand-of-fatma-acrylic-magnet-p-52882.html HTTP/1.0" 200 71873 "-" "Mozilla/5.0 (compatible; SemrushBot/7~bl; +http://www.semrush.com/bot.html)"
62.210.188.222 - - [11/Jan/2021:21:58:21 +0100] "GET /pearl-side-table-p-53423.html HTTP/1.0" 200 72400 "-" "Mozilla/5.0 (compatible; Barkrowler/0.9; +https://babbar.tech/crawler)"
62.210.188.222 - - [11/Jan/2021:21:58:30 +0100] "GET /hello-kitty-figure-p-2906.html HTTP/1.0" 200 71896 "-" "Mozilla/5.0 (compatible; Barkrowler/0.9; +https://babbar.tech/crawler)"
185.191.171.19 - - [11/Jan/2021:21:58:37 +0100] "GET /zhu-zhu-pets-polar-blanket-p-8422.html HTTP/1.0" 200 72000 "-" "Mozilla/5.0 (compatible; SemrushBot/7~bl; +http://www.semrush.com/bot.html)"
185.191.171.8 - - [11/Jan/2021:21:58:39 +0100] "GET /verity-rose-destiny-emery-board-p-29140.html HTTP/1.0" 200 71945 "-" "Mozilla/5.0 (compatible; SemrushBot/7~bl; +http://www.semrush.com/bot.html)"
62.210.188.222 - - [11/Jan/2021:21:58:40 +0100] "GET /hello-kitty-figure-p-2903.html HTTP/1.0" 200 71895 "-" "Mozilla/5.0 (compatible; Barkrowler/0.9; +https://babbar.tech/crawler)"
62.210.188.222 - - [11/Jan/2021:21:58:50 +0100] "GET /hello-kitty-figure-p-2904.html HTTP/1.0" 200 71898 "-" "Mozilla/5.0 (compatible; Barkrowler/0.9; +https://babbar.tech/crawler)"
62.210.188.222 - - [11/Jan/2021:21:58:59 +0100] "GET /hello-kitty-jean-p-30213.html HTTP/1.0" 200 73271 "-" "Mozilla/5.0 (compatible; Barkrowler/0.9; +https://babbar.tech/crawler)"
62.210.188.222 - - [11/Jan/2021:21:59:09 +0100] "GET /incense-satya-nag-champa-jasmine-15-grams-or-about-15-sticks-p-44396.html HTTP/1.0" 200 72559 "-" "Mozilla/5.0 (compatible; Barkrowler/0.9; +https://babbar.tech/crawler)"
114.119.144.233 - - [11/Jan/2021:21:59:30 +0100] "GET /flower-pot-summer-collection-gray-cat-p-52692.html HTTP/1.0" 200 72007 "-" "Mozilla/5.0 (Linux; Android 7.0;) AppleWebKit/537.36 (KHTML, like Gecko) Mobile Safari/537.36 (compatible; PetalBot;+https://aspiegel.com/petalbot)"
185.191.171.15 - - [11/Jan/2021:21:59:43 +0100] "GET /lamas-large-bowl-p-45766.html HTTP/1.0" 200 71755 "-" "Mozilla/5.0 (compatible; SemrushBot/7~bl; +http://www.semrush.com/bot.html)"
185.191.171.2 - - [11/Jan/2021:22:00:28 +0100] "GET /verity-rose-gift-card-p-29169.html HTTP/1.0" 200 69266 "-" "Mozilla/5.0 (compatible; SemrushBot/7~bl; +http://www.semrush.com/bot.html)"
185.191.171.24 - - [11/Jan/2021:22:00:31 +0100] "GET /decoration-and-protection-of-animal-iphone-cable-p-47281.html HTTP/1.0" 200 73549 "-" "Mozilla/5.0 (compatible; SemrushBot/7~bl; +http://www.semrush.com/bot.html)"
54.36.148.87 - - [11/Jan/2021:22:00:51 +0100] "GET /bathroom-accessories-c-13_172.html HTTP/1.0" 200 90026 "-" "Mozilla/5.0 (compatible; AhrefsBot/7.0; +http://ahrefs.com/robot/)"
185.191.171.19 - - [11/Jan/2021:22:01:14 +0100] "GET /volkswagen-small-metal-plate-p-29715.html HTTP/1.0" 200 71914 "-" "Mozilla/5.0 (compatible; SemrushBot/7~bl; +http://www.semrush.com/bot.html)"
51.68.224.127 - - [11/Jan/2021:22:01:42 +0100] "GET /adminweb/export_orders_xml.php?token=256de2z6edz6ed2z6DFSFsed2zed6zeDSFDSGdzedezfzf&maxorders=10&orderstart=1&status=14&start_date=2018-10-01 HTTP/1.0" 200 285 "-" "GesCom CharlotteBoutik Serveur"
51.68.224.127 - - [11/Jan/2021:22:01:42 +0100] "GET /adminweb/export_orders_xml.php?token=256de2z6edz6ed2z6DFSFsed2zed6zeDSFDSGdzedezfzf&maxorders=10&orderstart=1&status=6&start_date=2018-10-01 HTTP/1.0" 200 29990 "-" "GesCom CharlotteBoutik Serveur"
185.191.171.13 - - [11/Jan/2021:22:01:43 +0100] "GET /cardmaking-c-129_128.html?page=7 HTTP/1.0" 200 78440 "-" "Mozilla/5.0 (compatible; SemrushBot/7~bl; +http://www.semrush.com/bot.html)"
185.191.171.5 - - [11/Jan/2021:22:01:47 +0100] "GET /weapon-metal-keyring-fn-five-seven-p-31989.html HTTP/1.0" 200 71944 "-" "Mozilla/5.0 (compatible; SemrushBot/7~bl; +http://www.semrush.com/bot.html)"
185.191.171.36 - - [11/Jan/2021:22:01:49 +0100] "GET /scent-cup-heart-and-home-christmas-tree-p-49935.html HTTP/1.0" 200 73007 "-" "Mozilla/5.0 (compatible; SemrushBot/7~bl; +http://www.semrush.com/bot.html)"
185.191.171.40 - - [11/Jan/2021:22:02:16 +0100] "GET /buddha-head-decoration-p-45857.html HTTP/1.0" 200 72660 "-" "Mozilla/5.0 (compatible; SemrushBot/7~bl; +http://www.semrush.com/bot.html)"
185.191.171.41 - - [11/Jan/2021:22:02:23 +0100] "GET /metal-cylindrical-box-p-52612.html HTTP/1.0" 200 71961 "-" "Mozilla/5.0 (compatible; SemrushBot/7~bl; +http://www.semrush.com/bot.html)"
185.191.171.7 - - [11/Jan/2021:22:02:25 +0100] "GET /pendulum-rose-quartz-drop-shaped-with-flower-of-life-p-43797.html HTTP/1.0" 200 73133 "-" "Mozilla/5.0 (compatible; SemrushBot/7~bl; +http://www.semrush.com/bot.html)"
13.66.139.14 - - [11/Jan/2021:22:02:48 +0100] "GET /-m-236.html HTTP/1.0" 200 79325 "-" "Mozilla/5.0 (compatible; bingbot/2.0; +http://www.bing.com/bingbot.htm)"
