54.36.148.179 - - [11/Jan/2021:20:46:19 +0100] "GET /mani-the-lucky-cat-charm-size-chance-p-33279.html HTTP/1.0" 200 72177 "-" "Mozilla/5.0 (compatible; AhrefsBot/7.0; +http://ahrefs.com/robot/)"
62.210.188.222 - - [11/Jan/2021:20:46:23 +0100] "GET /lighting-c-13_86.html HTTP/1.0" 200 94371 "-" "Mozilla/5.0 (compatible; Barkrowler/0.9; +https://babbar.tech/crawler)"
62.210.188.222 - - [11/Jan/2021:20:46:32 +0100] "GET /accessories-c-3.html?page=7 HTTP/1.0" 200 90455 "-" "Mozilla/5.0 (compatible; Barkrowler/0.9; +https://babbar.tech/crawler)"
185.191.171.40 - - [11/Jan/2021:20:46:33 +0100] "GET /soap-dish-paris-eau-de-parfum-p-37461.html HTTP/1.0" 200 69302 "-" "Mozilla/5.0 (compatible; SemrushBot/7~bl; +http://www.semrush.com/bot.html)"
62.210.188.222 - - [11/Jan/2021:20:46:42 +0100] "GET /accessories-c-3.html?page=3 HTTP/1.0" 200 92687 "-" "Mozilla/5.0 (compatible; Barkrowler/0.9; +https://babbar.tech/crawler)"
62.210.188.222 - - [11/Jan/2021:20:46:51 +0100] "GET /accessories-c-3.html?page=2 HTTP/1.0" 200 92242 "-" "Mozilla/5.0 (compatible; Barkrowler/0.9; +https://babbar.tech/crawler)"
62.210.188.222 - - [11/Jan/2021:20:47:01 +0100] "GET /accessories-c-3.html?page=1 HTTP/1.0" 200 92500 "-" "Mozilla/5.0 (compatible; Barkrowler/0.9; +https://babbar.tech/crawler)"
66.249.66.64 - - [11/Jan/2021:20:47:01 +0100] "GET /3d-pvc-stickers-despicable-me-p-34106.html HTTP/1.0" 200 71915 "-" "Mozilla/5.0 (Linux; Android 6.0.1; Nexus 5X Build/MMB29P) AppleWebKit/537.36 (KHTML, like Gecko) Chrome/87.0.4280.90 Mobile Safari/537.36 (compatible; Googlebot/2.1; +http://www.google.com/bot.html)"
62.210.188.222 - - [11/Jan/2021:20:47:10 +0100] "GET /accessories-c-3.html?page=5 HTTP/1.0" 200 91111 "-" "Mozilla/5.0 (compatible; Barkrowler/0.9; +https://babbar.tech/crawler)"
185.191.171.43 - - [11/Jan/2021:20:47:13 +0100] "GET /household-linen-c-11.html?page=36 HTTP/1.0" 200 91103 "-" "Mozilla/5.0 (compatible; SemrushBot/7~bl; +http://www.semrush.com/bot.html)"
17.58.101.147 - - [11/Jan/2021:20:47:15 +0100] "GET /pedal-bin-green-p-52588.html HTTP/1.0" 200 72938 "-" "Mozilla/5.0 (Macintosh; Intel Mac OS X 10_15_5) AppleWebKit/605.1.15 (KHTML, like Gecko) Version/13.1.1 Safari/605.1.15 (Applebot/0.1; +http://www.apple.com/go/applebot)"
62.210.188.222 - - [11/Jan/2021:20:47:19 +0100] "GET /accessories-c-3.html?page=4 HTTP/1.0" 200 90941 "-" "Mozilla/5.0 (compatible; Barkrowler/0.9; +https://babbar.tech/crawler)"
66.249.66.95 - - [11/Jan/2021:20:47:21 +0100] "GET /3d-pvc-stickers-despicable-me-p-37020.html HTTP/1.0" 200 71911 "-" "Mozilla/5.0 (Linux; Android 6.0.1; Nexus 5X Build/MMB29P) AppleWebKit/537.36 (KHTML, like Gecko) Chrome/87.0.4280.90 Mobile Safari/537.36 (compatible; Googlebot/2.1; +http://www.google.com/bot.html)"
62.210.188.222 - - [11/Jan/2021:20:47:29 +0100] "GET /accessories-c-3.html?page=6 HTTP/1.0" 200 91665 "-" "Mozilla/5.0 (compatible; Barkrowler/0.9; +https://babbar.tech/crawler)"
185.191.171.2 - - [11/Jan/2021:20:47:35 +0100] "GET /schoolbag-caramel-and-cie-pink-wings-p-48794.html HTTP/1.0" 200 69330 "-" "Mozilla/5.0 (compatible; SemrushBot/7~bl; +http://www.semrush.com/bot.html)"
62.210.188.222 - - [11/Jan/2021:20:47:38 +0100] "GET /accessories-c-3.html?page=9 HTTP/1.0" 200 92795 "-" "Mozilla/5.0 (compatible; Barkrowler/0.9; +https://babbar.tech/crawler)"
62.210.188.222 - - [11/Jan/2021:20:47:47 +0100] "GET /accessories-c-3.html?page=8 HTTP/1.0" 200 91710 "-" "Mozilla/5.0 (compatible; Barkrowler/0.9; +https://babbar.tech/crawler)"
185.191.171.37 - - [11/Jan/2021:20:47:54 +0100] "GET /unicorne-small-bank-p-42513.html HTTP/1.0" 200 71795 "-" "Mozilla/5.0 (compatible; SemrushBot/7~bl; +http://www.semrush.com/bot.html)"
62.210.188.222 - - [11/Jan/2021:20:47:57 +0100] "GET /accessories-c-97_98.html HTTP/1.0" 200 83149 "-" "Mozilla/5.0 (compatible; Barkrowler/0.9; +https://babbar.tech/crawler)"
185.191.171.24 - - [11/Jan/2021:20:48:02 +0100] "GET /bracelets-c-3_200.html?page=4 HTTP/1.0" 200 90673 "-" "Mozilla/5.0 (compatible; SemrushBot/7~bl; +http://www.semrush.com/bot.html)"
62.210.188.222 - - [11/Jan/2021:20:48:06 +0100] "GET /wallet-c-31_237.html HTTP/1.0" 200 90633 "-" "Mozilla/5.0 (compatible; Barkrowler/0.9; +https://babbar.tech/crawler)"
62.210.188.222 - - [11/Jan/2021:20:48:15 +0100] "GET /underclothes-c-1_25.html HTTP/1.0" 200 68118 "-" "Mozilla/5.0 (compatible; Barkrowler/0.9; +https://babbar.tech/crawler)"
62.210.188.222 - - [11/Jan/2021:20:48:25 +0100] "GET /hairbrushes-c-3_203.html HTTP/1.0" 200 87996 "-" "Mozilla/5.0 (compatible; Barkrowler/0.9; +https://babbar.tech/crawler)"
185.191.171.9 - - [11/Jan/2021:20:48:27 +0100] "GET /elastic-bracelet-hematite-and-rose-quartz-p-48646.html HTTP/1.0" 200 72322 "-" "Mozilla/5.0 (compatible; SemrushBot/7~bl; +http://www.semrush.com/bot.html)"
62.210.188.222 - - [11/Jan/2021:20:48:34 +0100] "GET /flatwares-c-12_63.html HTTP/1.0" 200 88643 "-" "Mozilla/5.0 (compatible; Barkrowler/0.9; +https://babbar.tech/crawler)"
185.191.171.18 - - [11/Jan/2021:20:48:39 +0100] "GET /kimmijunior-summer-girly-set-p-17995.html HTTP/1.0" 200 72231 "-" "Mozilla/5.0 (compatible; SemrushBot/7~bl; +http://www.semrush.com/bot.html)"
62.210.188.222 - - [11/Jan/2021:20:48:43 +0100] "GET /sleepwear-c-2_42.html HTTP/1.0" 200 68107 "-" "Mozilla/5.0 (compatible; Barkrowler/0.9; +https://babbar.tech/crawler)"
13.66.139.153 - - [11/Jan/2021:20:48:53 +0100] "GET /-p-14718.html HTTP/1.0" 200 69192 "-" "Mozilla/5.0 (compatible; bingbot/2.0; +http://www.bing.com/bingbot.htm)"
62.210.188.222 - - [11/Jan/2021:20:48:53 +0100] "GET /stickers-c-129_50.html HTTP/1.0" 200 88214 "-" "Mozilla/5.0 (compatible; Barkrowler/0.9; +https://babbar.tech/crawler)"
114.119.147.45 - - [11/Jan/2021:20:48:57 +0100] "GET /urss-mouse-pad-by-cbkreation-p-13992.html HTTP/1.0" 200 71811 "-" "Mozilla/5.0 (Linux; Android 7.0;) AppleWebKit/537.36 (KHTML, like Gecko) Mobile Safari/537.36 (compatible; PetalBot;+https://aspiegel.com/petalbot)"
62.210.188.222 - - [11/Jan/2021:20:49:03 +0100] "GET /wall-sticker-c-13_187.html HTTP/1.0" 200 92242 "-" "Mozilla/5.0 (compatible; Barkrowler/0.9; +https://babbar.tech/crawler)"
13.66.139.14 - - [11/Jan/2021:20:49:11 +0100] "GET /white-moon-table-lamp-p-52568.html HTTP/1.0" 200 72509 "-" "Mozilla/5.0 (compatible; bingbot/2.0; +http://www.bing.com/bingbot.htm)"
62.210.188.222 - - [11/Jan/2021:20:49:12 +0100] "GET /tights-c-1_48.html HTTP/1.0" 200 78136 "-" "Mozilla/5.0 (compatible; Barkrowler/0.9; +https://babbar.tech/crawler)"
62.210.188.222 - - [11/Jan/2021:20:49:22 +0100] "GET /wooden-calendar-p-48672.html HTTP/1.0" 200 71768 "-" "Mozilla/5.0 (compatible; Barkrowler/0.9; +https://babbar.tech/crawler)"
62.210.188.222 - - [11/Jan/2021:20:49:31 +0100] "GET /metal-lamp-p-53106.html HTTP/1.0" 200 72737 "-" "Mozilla/5.0 (compatible; Barkrowler/0.9; +https://babbar.tech/crawler)"
62.210.188.222 - - [11/Jan/2021:20:49:40 +0100] "GET /metal-lamp-p-53382.html HTTP/1.0" 200 72737 "-" "Mozilla/5.0 (compatible; Barkrowler/0.9; +https://babbar.tech/crawler)"
62.210.188.222 - - [11/Jan/2021:20:49:50 +0100] "GET /personalized-products-c-97.html HTTP/1.0" 200 89436 "-" "Mozilla/5.0 (compatible; Barkrowler/0.9; +https://babbar.tech/crawler)"
207.46.13.229 - - [11/Jan/2021:20:49:56 +0100] "GET /figurine-caricature-in-polyresine-145-cm-the-baker-p-48690.html HTTP/1.0" 200 72805 "-" "Mozilla/5.0 (compatible; bingbot/2.0; +http://www.bing.com/bingbot.htm)"
62.210.188.222 - - [11/Jan/2021:20:49:59 +0100] "GET /swimsuit-c-1_18.html HTTP/1.0" 200 90952 "-" "Mozilla/5.0 (compatible; Barkrowler/0.9; +https://babbar.tech/crawler)"
157.55.39.110 - - [11/Jan/2021:20:50:03 +0100] "GET /-p-15108.html HTTP/1.0" 200 69192 "-" "Mozilla/5.0 (compatible; bingbot/2.0; +http://www.bing.com/bingbot.htm)"
62.210.188.222 - - [11/Jan/2021:20:50:08 +0100] "GET /duvet-cover-c-11_195.html HTTP/1.0" 200 90984 "-" "Mozilla/5.0 (compatible; Barkrowler/0.9; +https://babbar.tech/crawler)"
62.210.188.222 - - [11/Jan/2021:20:50:18 +0100] "GET /om-mug-p-52127.html HTTP/1.0" 200 71661 "-" "Mozilla/5.0 (compatible; Barkrowler/0.9; +https://babbar.tech/crawler)"
62.210.188.222 - - [11/Jan/2021:20:50:27 +0100] "GET /watches-c-3_66.html?page=1 HTTP/1.0" 200 89995 "-" "Mozilla/5.0 (compatible; Barkrowler/0.9; +https://babbar.tech/crawler)"
66.249.66.95 - - [11/Jan/2021:20:50:34 +0100] "GET /the-little-mermaid-money-box-p-4671.html HTTP/1.0" 200 71872 "-" "Mozilla/5.0 (Linux; Android 6.0.1; Nexus 5X Build/MMB29P) AppleWebKit/537.36 (KHTML, like Gecko) Chrome/87.0.4280.90 Mobile Safari/537.36 (compatible; Googlebot/2.1; +http://www.google.com/bot.html)"
62.210.188.222 - - [11/Jan/2021:20:50:37 +0100] "GET /watches-c-3_66.html?page=2 HTTP/1.0" 200 83625 "-" "Mozilla/5.0 (compatible; Barkrowler/0.9; +https://babbar.tech/crawler)"
62.210.188.222 - - [11/Jan/2021:20:50:46 +0100] "GET /keyrings-c-31_52.html HTTP/1.0" 200 93026 "-" "Mozilla/5.0 (compatible; Barkrowler/0.9; +https://babbar.tech/crawler)"
62.210.188.222 - - [11/Jan/2021:20:50:55 +0100] "GET /hair-accessories-c-3_205.html HTTP/1.0" 200 89296 "-" "Mozilla/5.0 (compatible; Barkrowler/0.9; +https://babbar.tech/crawler)"
62.210.188.222 - - [11/Jan/2021:20:51:05 +0100] "GET /door-plate-p-50999.html HTTP/1.0" 200 71762 "-" "Mozilla/5.0 (compatible; Barkrowler/0.9; +https://babbar.tech/crawler)"
54.36.148.93 - - [11/Jan/2021:20:51:07 +0100] "GET /piggy-bank-with-small-hammer-50-years-p-38525.html HTTP/1.0" 200 72035 "-" "Mozilla/5.0 (compatible; AhrefsBot/7.0; +http://ahrefs.com/robot/)"
185.191.171.12 - - [11/Jan/2021:20:51:09 +0100] "GET /confederes-flag-90-150-cm-p-41660.html HTTP/1.0" 200 69287 "-" "Mozilla/5.0 (compatible; SemrushBot/7~bl; +http://www.semrush.com/bot.html)"
62.210.188.222 - - [11/Jan/2021:20:51:14 +0100] "GET /door-plate-p-53154.html HTTP/1.0" 200 72334 "-" "Mozilla/5.0 (compatible; Barkrowler/0.9; +https://babbar.tech/crawler)"
157.55.39.22 - - [11/Jan/2021:20:51:18 +0100] "GET /cats-by-dubout-sugar-box-p-28594.html HTTP/1.0" 200 71975 "-" "Mozilla/5.0 (compatible; bingbot/2.0; +http://www.bing.com/bingbot.htm)"
13.66.139.64 - - [11/Jan/2021:20:51:23 +0100] "GET /-p-4100.html HTTP/1.0" 200 69190 "-" "Mozilla/5.0 (compatible; bingbot/2.0; +http://www.bing.com/bingbot.htm)"
62.210.188.222 - - [11/Jan/2021:20:51:23 +0100] "GET /door-plate-p-53153.html HTTP/1.0" 200 72334 "-" "Mozilla/5.0 (compatible; Barkrowler/0.9; +https://babbar.tech/crawler)"
62.210.188.222 - - [11/Jan/2021:20:51:33 +0100] "GET /bruce-figure-p-2896.html HTTP/1.0" 200 71855 "-" "Mozilla/5.0 (compatible; Barkrowler/0.9; +https://babbar.tech/crawler)"
185.191.171.4 - - [11/Jan/2021:20:51:42 +0100] "GET /music-map-collection-gorjuss-p-23147.html HTTP/1.0" 200 69294 "-" "Mozilla/5.0 (compatible; SemrushBot/7~bl; +http://www.semrush.com/bot.html)"
62.210.188.222 - - [11/Jan/2021:20:51:42 +0100] "GET /chairs-cushion-c-11_165.html HTTP/1.0" 200 89786 "-" "Mozilla/5.0 (compatible; Barkrowler/0.9; +https://babbar.tech/crawler)"
62.210.188.222 - - [11/Jan/2021:20:51:51 +0100] "GET /bookend-c-13_202.html HTTP/1.0" 200 87940 "-" "Mozilla/5.0 (compatible; Barkrowler/0.9; +https://babbar.tech/crawler)"
212.34.239.253 - - [11/Jan/2021:20:51:59 +0100] "GET /contact_us.php HTTP/1.0" 200 26241 "http://www.wonder-geek.com/contact_us.php" "Mozilla/5.0 (Windows NT 10.0; ) AppleWebKit/537.36 (KHTML, like Gecko) Chrome/83.0.4086.0 Safari/537.36"
212.34.239.253 - - [11/Jan/2021:20:52:01 +0100] "POST /contact_us.php?action=send HTTP/1.0" 200 26506 "http://www.wonder-geek.com/contact_us.php" "Mozilla/5.0 (Windows NT 10.0; ) AppleWebKit/537.36 (KHTML, like Gecko) Chrome/83.0.4086.0 Safari/537.36"
62.210.188.222 - - [11/Jan/2021:20:52:01 +0100] "GET /egg-cups-c-12_248.html HTTP/1.0" 200 82207 "-" "Mozilla/5.0 (compatible; Barkrowler/0.9; +https://babbar.tech/crawler)"
62.210.188.222 - - [11/Jan/2021:20:52:10 +0100] "GET /coasters-c-12_157.html HTTP/1.0" 200 91067 "-" "Mozilla/5.0 (compatible; Barkrowler/0.9; +https://babbar.tech/crawler)"
185.191.171.14 - - [11/Jan/2021:20:52:14 +0100] "GET /figurine-rodin-cathedral-95-cm-p-51169.html HTTP/1.0" 200 72783 "-" "Mozilla/5.0 (compatible; SemrushBot/7~bl; +http://www.semrush.com/bot.html)"
62.210.188.222 - - [11/Jan/2021:20:52:20 +0100] "GET /beatles-box-p-8311.html HTTP/1.0" 200 71835 "-" "Mozilla/5.0 (compatible; Barkrowler/0.9; +https://babbar.tech/crawler)"
185.191.171.36 - - [11/Jan/2021:20:52:22 +0100] "GET /vanity-by-teo-jasmin-teo-labaule-p-43151.html HTTP/1.0" 200 69307 "-" "Mozilla/5.0 (compatible; SemrushBot/7~bl; +http://www.semrush.com/bot.html)"
62.210.188.222 - - [11/Jan/2021:20:52:29 +0100] "GET /horse-clock-p-23446.html HTTP/1.0" 200 71765 "-" "Mozilla/5.0 (compatible; Barkrowler/0.9; +https://babbar.tech/crawler)"
62.210.188.222 - - [11/Jan/2021:20:52:38 +0100] "GET /horse-backpack-p-23430.html HTTP/1.0" 200 71827 "-" "Mozilla/5.0 (compatible; Barkrowler/0.9; +https://babbar.tech/crawler)"
157.55.39.220 - - [11/Jan/2021:20:52:47 +0100] "GET /highslide/highslide.js HTTP/1.0" 200 262 "-" "Mozilla/5.0 (compatible; bingbot/2.0; +http://www.bing.com/bingbot.htm)"
62.210.188.222 - - [11/Jan/2021:20:52:48 +0100] "GET /paris-mug-p-30431.html HTTP/1.0" 200 71699 "-" "Mozilla/5.0 (compatible; Barkrowler/0.9; +https://babbar.tech/crawler)"
62.210.188.222 - - [11/Jan/2021:20:52:57 +0100] "GET /paris-mug-p-25807.html HTTP/1.0" 200 71681 "-" "Mozilla/5.0 (compatible; Barkrowler/0.9; +https://babbar.tech/crawler)"
185.191.171.20 - - [11/Jan/2021:20:53:00 +0100] "GET /kimmidoll-keyring-michi-p-49773.html HTTP/1.0" 200 71848 "-" "Mozilla/5.0 (compatible; SemrushBot/7~bl; +http://www.semrush.com/bot.html)"
62.210.188.222 - - [11/Jan/2021:20:53:06 +0100] "GET /paris-cushion-p-24499.html HTTP/1.0" 200 72095 "-" "Mozilla/5.0 (compatible; Barkrowler/0.9; +https://babbar.tech/crawler)"
62.210.188.222 - - [11/Jan/2021:20:53:16 +0100] "GET /paris-cushion-p-24497.html HTTP/1.0" 200 72095 "-" "Mozilla/5.0 (compatible; Barkrowler/0.9; +https://babbar.tech/crawler)"
114.119.132.105 - - [11/Jan/2021:20:53:23 +0100] "GET /wax-melt-rambling-rose-p-39001.html HTTP/1.0" 200 72450 "-" "Mozilla/5.0 (Linux; Android 7.0;) AppleWebKit/537.36 (KHTML, like Gecko) Mobile Safari/537.36 (compatible; PetalBot;+https://aspiegel.com/petalbot)"
62.210.188.222 - - [11/Jan/2021:20:53:25 +0100] "GET /paris-cushion-p-24500.html HTTP/1.0" 200 72095 "-" "Mozilla/5.0 (compatible; Barkrowler/0.9; +https://babbar.tech/crawler)"
66.249.66.95 - - [11/Jan/2021:20:53:33 +0100] "GET /images/big_prod_2/4250255859212b.jpg HTTP/1.0" 200 271 "-" "Googlebot-Image/1.0"
62.210.188.222 - - [11/Jan/2021:20:53:34 +0100] "GET /paris-cushion-p-38514.html HTTP/1.0" 200 71761 "-" "Mozilla/5.0 (compatible; Barkrowler/0.9; +https://babbar.tech/crawler)"
62.210.188.222 - - [11/Jan/2021:20:53:44 +0100] "GET /paris-magnet-p-51207.html HTTP/1.0" 200 71743 "-" "Mozilla/5.0 (compatible; Barkrowler/0.9; +https://babbar.tech/crawler)"
62.210.188.222 - - [11/Jan/2021:20:53:53 +0100] "GET /paris-gift-set-p-29571.html HTTP/1.0" 200 72414 "-" "Mozilla/5.0 (compatible; Barkrowler/0.9; +https://babbar.tech/crawler)"
62.210.188.222 - - [11/Jan/2021:20:54:03 +0100] "GET /paris-clock-p-8635.html HTTP/1.0" 200 71740 "-" "Mozilla/5.0 (compatible; Barkrowler/0.9; +https://babbar.tech/crawler)"
66.249.66.66 - - [11/Jan/2021:20:54:04 +0100] "GET /images/mini_prod/8422056789630.jpg HTTP/1.0" 200 269 "-" "Googlebot-Image/1.0"
62.210.188.222 - - [11/Jan/2021:20:54:12 +0100] "GET /tea-pot-c-12_175.html HTTP/1.0" 200 89142 "-" "Mozilla/5.0 (compatible; Barkrowler/0.9; +https://babbar.tech/crawler)"
62.210.188.222 - - [11/Jan/2021:20:54:21 +0100] "GET /the-rugs-c-11_269.html HTTP/1.0" 200 89666 "-" "Mozilla/5.0 (compatible; Barkrowler/0.9; +https://babbar.tech/crawler)"
62.210.188.222 - - [11/Jan/2021:20:54:31 +0100] "GET /pencil-case-c-31_75.html HTTP/1.0" 200 93454 "-" "Mozilla/5.0 (compatible; Barkrowler/0.9; +https://babbar.tech/crawler)"
62.210.188.222 - - [11/Jan/2021:20:54:40 +0100] "GET /accessories-c-3.html?page=19 HTTP/1.0" 200 92199 "-" "Mozilla/5.0 (compatible; Barkrowler/0.9; +https://babbar.tech/crawler)"
185.191.171.12 - - [11/Jan/2021:20:54:41 +0100] "GET /je-ne-vieillis-pas-adult-apron-p-53178.html HTTP/1.0" 200 71833 "-" "Mozilla/5.0 (compatible; SemrushBot/7~bl; +http://www.semrush.com/bot.html)"
62.210.188.222 - - [11/Jan/2021:20:54:49 +0100] "GET /accessories-c-3.html?page=24 HTTP/1.0" 200 89543 "-" "Mozilla/5.0 (compatible; Barkrowler/0.9; +https://babbar.tech/crawler)"
62.210.188.222 - - [11/Jan/2021:20:54:59 +0100] "GET /accessories-c-3.html?page=12 HTTP/1.0" 200 91873 "-" "Mozilla/5.0 (compatible; Barkrowler/0.9; +https://babbar.tech/crawler)"
185.191.171.15 - - [11/Jan/2021:20:55:01 +0100] "GET /iphone-silicone-white-shell-audiocassette-p-18938.html HTTP/1.0" 200 75250 "-" "Mozilla/5.0 (compatible; SemrushBot/7~bl; +http://www.semrush.com/bot.html)"
62.210.188.222 - - [11/Jan/2021:20:55:08 +0100] "GET /accessories-c-3.html?page=10 HTTP/1.0" 200 91921 "-" "Mozilla/5.0 (compatible; Barkrowler/0.9; +https://babbar.tech/crawler)"
62.210.188.222 - - [11/Jan/2021:20:55:17 +0100] "GET /accessories-c-3.html?page=13 HTTP/1.0" 200 92910 "-" "Mozilla/5.0 (compatible; Barkrowler/0.9; +https://babbar.tech/crawler)"
62.210.188.222 - - [11/Jan/2021:20:55:27 +0100] "GET /accessories-c-3.html?page=15 HTTP/1.0" 200 91971 "-" "Mozilla/5.0 (compatible; Barkrowler/0.9; +https://babbar.tech/crawler)"
54.36.148.189 - - [11/Jan/2021:20:55:28 +0100] "GET /gorjuss-hush-little-bunny-accessory-case-p-25948.html HTTP/1.0" 301 69259 "-" "Mozilla/5.0 (compatible; AhrefsBot/7.0; +http://ahrefs.com/robot/)"
54.36.148.87 - - [11/Jan/2021:20:55:32 +0100] "GET /decorative-fruit-figurine-cherry-matte-white-43-cm-p-52719.html HTTP/1.0" 200 72132 "-" "Mozilla/5.0 (compatible; AhrefsBot/7.0; +http://ahrefs.com/robot/)"
62.210.188.222 - - [11/Jan/2021:20:55:36 +0100] "GET /accessories-c-3.html?page=22 HTTP/1.0" 200 89434 "-" "Mozilla/5.0 (compatible; Barkrowler/0.9; +https://babbar.tech/crawler)"
62.210.188.222 - - [11/Jan/2021:20:55:46 +0100] "GET /accessories-c-3.html?page=23 HTTP/1.0" 200 89448 "-" "Mozilla/5.0 (compatible; Barkrowler/0.9; +https://babbar.tech/crawler)"
185.191.171.6 - - [11/Jan/2021:20:55:54 +0100] "GET /cacao-tea-cup-tisaniere-p-50624.html HTTP/1.0" 200 71860 "-" "Mozilla/5.0 (compatible; SemrushBot/7~bl; +http://www.semrush.com/bot.html)"
62.210.188.222 - - [11/Jan/2021:20:55:55 +0100] "GET /accessories-c-3.html?page=11 HTTP/1.0" 200 90684 "-" "Mozilla/5.0 (compatible; Barkrowler/0.9; +https://babbar.tech/crawler)"
157.55.39.110 - - [11/Jan/2021:20:55:54 +0100] "GET /coca-cola-large-metal-plate-deco-p-27959.html HTTP/1.0" 200 71890 "-" "Mozilla/5.0 (compatible; bingbot/2.0; +http://www.bing.com/bingbot.htm)"
62.210.188.222 - - [11/Jan/2021:20:56:04 +0100] "GET /accessories-c-3.html?page=21 HTTP/1.0" 200 89555 "-" "Mozilla/5.0 (compatible; Barkrowler/0.9; +https://babbar.tech/crawler)"
62.210.188.222 - - [11/Jan/2021:20:56:14 +0100] "GET /accessories-c-3.html?page=20 HTTP/1.0" 200 91287 "-" "Mozilla/5.0 (compatible; Barkrowler/0.9; +https://babbar.tech/crawler)"
62.210.188.222 - - [11/Jan/2021:20:56:23 +0100] "GET /accessories-c-3.html?page=16 HTTP/1.0" 200 91945 "-" "Mozilla/5.0 (compatible; Barkrowler/0.9; +https://babbar.tech/crawler)"
62.210.188.222 - - [11/Jan/2021:20:56:32 +0100] "GET /accessories-c-3.html?page=14 HTTP/1.0" 200 92374 "-" "Mozilla/5.0 (compatible; Barkrowler/0.9; +https://babbar.tech/crawler)"
62.210.188.222 - - [11/Jan/2021:20:56:42 +0100] "GET /accessories-c-3.html?page=17 HTTP/1.0" 200 91495 "-" "Mozilla/5.0 (compatible; Barkrowler/0.9; +https://babbar.tech/crawler)"
62.210.188.222 - - [11/Jan/2021:20:56:51 +0100] "GET /accessories-c-3.html?page=18 HTTP/1.0" 200 91968 "-" "Mozilla/5.0 (compatible; Barkrowler/0.9; +https://babbar.tech/crawler)"
62.210.188.222 - - [11/Jan/2021:20:57:00 +0100] "GET /accessories-c-3.html?page=25 HTTP/1.0" 200 88048 "-" "Mozilla/5.0 (compatible; Barkrowler/0.9; +https://babbar.tech/crawler)"
185.191.171.10 - - [11/Jan/2021:20:57:02 +0100] "GET /wicker-basket-50-cm-p-44996.html HTTP/1.0" 200 71814 "-" "Mozilla/5.0 (compatible; SemrushBot/7~bl; +http://www.semrush.com/bot.html)"
62.210.188.222 - - [11/Jan/2021:20:57:10 +0100] "GET /anna-figure-p-32169.html HTTP/1.0" 200 71885 "-" "Mozilla/5.0 (compatible; Barkrowler/0.9; +https://babbar.tech/crawler)"
62.210.188.222 - - [11/Jan/2021:20:57:19 +0100] "GET /anna-poster-p-30914.html HTTP/1.0" 200 71757 "-" "Mozilla/5.0 (compatible; Barkrowler/0.9; +https://babbar.tech/crawler)"
62.210.188.222 - - [11/Jan/2021:20:57:28 +0100] "GET /tiger-hoodies-p-33741.html HTTP/1.0" 200 74494 "-" "Mozilla/5.0 (compatible; Barkrowler/0.9; +https://babbar.tech/crawler)"
185.191.171.2 - - [11/Jan/2021:20:57:29 +0100] "GET /star-wars-blue-training-bottle-p-29945.html HTTP/1.0" 200 71983 "-" "Mozilla/5.0 (compatible; SemrushBot/7~bl; +http://www.semrush.com/bot.html)"
62.210.188.222 - - [11/Jan/2021:20:57:38 +0100] "GET /dresses-skirts-c-1_19.html HTTP/1.0" 200 78860 "-" "Mozilla/5.0 (compatible; Barkrowler/0.9; +https://babbar.tech/crawler)"
62.210.188.222 - - [11/Jan/2021:20:57:47 +0100] "GET /hats-and-caps-c-1_44.html HTTP/1.0" 200 90721 "-" "Mozilla/5.0 (compatible; Barkrowler/0.9; +https://babbar.tech/crawler)"
114.119.154.200 - - [11/Jan/2021:20:57:49 +0100] "GET /bamboo-laundry-basket-60-cm-p-52484.html HTTP/1.0" 200 72672 "-" "Mozilla/5.0 (Linux; Android 7.0;) AppleWebKit/537.36 (KHTML, like Gecko) Mobile Safari/537.36 (compatible; PetalBot;+https://aspiegel.com/petalbot)"
51.68.224.127 - - [11/Jan/2021:20:57:49 +0100] "GET /adminweb/export_orders_xml.php?token=256de2z6edz6ed2z6DFSFsed2zed6zeDSFDSGdzedezfzf&maxorders=10&orderstart=1&status=14&start_date=2018-10-01 HTTP/1.0" 200 285 "-" "GesCom CharlotteBoutik Serveur"
51.68.224.127 - - [11/Jan/2021:20:57:49 +0100] "GET /adminweb/export_orders_xml.php?token=256de2z6edz6ed2z6DFSFsed2zed6zeDSFDSGdzedezfzf&maxorders=10&orderstart=1&status=6&start_date=2018-10-01 HTTP/1.0" 200 29990 "-" "GesCom CharlotteBoutik Serveur"
62.210.188.222 - - [11/Jan/2021:20:57:56 +0100] "GET /furnishings-c-13_87.html HTTP/1.0" 200 89977 "-" "Mozilla/5.0 (compatible; Barkrowler/0.9; +https://babbar.tech/crawler)"
62.210.188.222 - - [11/Jan/2021:20:58:06 +0100] "GET /peugeot-magnet-p-15273.html HTTP/1.0" 200 71789 "-" "Mozilla/5.0 (compatible; Barkrowler/0.9; +https://babbar.tech/crawler)"
62.210.188.222 - - [11/Jan/2021:20:58:15 +0100] "GET /flower-pot-p-52423.html HTTP/1.0" 200 71796 "-" "Mozilla/5.0 (compatible; Barkrowler/0.9; +https://babbar.tech/crawler)"
54.36.148.194 - - [11/Jan/2021:20:58:24 +0100] "GET /mini-notebook-european-kitten-p-26233.html HTTP/1.0" 301 69259 "-" "Mozilla/5.0 (compatible; AhrefsBot/7.0; +http://ahrefs.com/robot/)"
62.210.188.222 - - [11/Jan/2021:20:58:25 +0100] "GET /sea-cushion-p-25128.html HTTP/1.0" 200 72081 "-" "Mozilla/5.0 (compatible; Barkrowler/0.9; +https://babbar.tech/crawler)"
62.210.188.222 - - [11/Jan/2021:20:58:34 +0100] "GET /sea-cushion-p-25129.html HTTP/1.0" 200 72081 "-" "Mozilla/5.0 (compatible; Barkrowler/0.9; +https://babbar.tech/crawler)"
62.210.188.222 - - [11/Jan/2021:20:58:43 +0100] "GET /chin-card-p-20033.html HTTP/1.0" 200 71818 "-" "Mozilla/5.0 (compatible; Barkrowler/0.9; +https://babbar.tech/crawler)"
62.210.188.222 - - [11/Jan/2021:20:58:53 +0100] "GET /large-bowl-p-40459.html HTTP/1.0" 200 71707 "-" "Mozilla/5.0 (compatible; Barkrowler/0.9; +https://babbar.tech/crawler)"
62.210.188.222 - - [11/Jan/2021:20:59:02 +0100] "GET /large-bowl-p-53014.html HTTP/1.0" 200 71692 "-" "Mozilla/5.0 (compatible; Barkrowler/0.9; +https://babbar.tech/crawler)"
62.210.188.222 - - [11/Jan/2021:20:59:11 +0100] "GET /large-bowl-p-53015.html HTTP/1.0" 200 71692 "-" "Mozilla/5.0 (compatible; Barkrowler/0.9; +https://babbar.tech/crawler)"
62.210.188.222 - - [11/Jan/2021:20:59:21 +0100] "GET /large-bowl-p-53012.html HTTP/1.0" 200 71692 "-" "Mozilla/5.0 (compatible; Barkrowler/0.9; +https://babbar.tech/crawler)"
185.191.171.37 - - [11/Jan/2021:20:59:27 +0100] "GET /gund-boo-13-cm-plush-itty-bitty-boo-quackin-up-easter-hoodie-p-32805.html HTTP/1.0" 200 76712 "-" "Mozilla/5.0 (compatible; SemrushBot/7~bl; +http://www.semrush.com/bot.html)"
62.210.188.222 - - [11/Jan/2021:20:59:30 +0100] "GET /large-bowl-p-52621.html HTTP/1.0" 200 71712 "-" "Mozilla/5.0 (compatible; Barkrowler/0.9; +https://babbar.tech/crawler)"
185.191.171.40 - - [11/Jan/2021:20:59:32 +0100] "GET /moroccan-ashtray-p-52729.html HTTP/1.0" 200 71762 "-" "Mozilla/5.0 (compatible; SemrushBot/7~bl; +http://www.semrush.com/bot.html)"
62.210.188.222 - - [11/Jan/2021:20:59:39 +0100] "GET /flasks-c-12_245.html HTTP/1.0" 200 77814 "-" "Mozilla/5.0 (compatible; Barkrowler/0.9; +https://babbar.tech/crawler)"
62.210.188.222 - - [11/Jan/2021:20:59:49 +0100] "GET /money-boxes-c-13_83.html HTTP/1.0" 200 91836 "-" "Mozilla/5.0 (compatible; Barkrowler/0.9; +https://babbar.tech/crawler)"
62.210.188.222 - - [11/Jan/2021:20:59:58 +0100] "GET /adults-c-53.html?page=14 HTTP/1.0" 200 79123 "-" "Mozilla/5.0 (compatible; Barkrowler/0.9; +https://babbar.tech/crawler)"
62.210.188.222 - - [11/Jan/2021:21:00:07 +0100] "GET /adults-c-53.html?page=11 HTTP/1.0" 200 89127 "-" "Mozilla/5.0 (compatible; Barkrowler/0.9; +https://babbar.tech/crawler)"
54.36.148.87 - - [11/Jan/2021:21:00:12 +0100] "GET /bamboo-tray-tous-en-mayo-p-46453.html HTTP/1.0" 200 72436 "-" "Mozilla/5.0 (compatible; AhrefsBot/7.0; +http://ahrefs.com/robot/)"
62.210.188.222 - - [11/Jan/2021:21:00:17 +0100] "GET /adults-c-53.html?page=13 HTTP/1.0" 200 88470 "-" "Mozilla/5.0 (compatible; Barkrowler/0.9; +https://babbar.tech/crawler)"
185.191.171.20 - - [11/Jan/2021:21:00:18 +0100] "GET /corsica-mug-by-cbkreation-p-13972.html HTTP/1.0" 200 71862 "-" "Mozilla/5.0 (compatible; SemrushBot/7~bl; +http://www.semrush.com/bot.html)"
157.55.39.220 - - [11/Jan/2021:21:00:19 +0100] "GET /despicable-me-puzzle-45-pieces-p-27684.html HTTP/1.0" 200 72051 "-" "Mozilla/5.0 (compatible; bingbot/2.0; +http://www.bing.com/bingbot.htm)"
62.210.188.222 - - [11/Jan/2021:21:00:26 +0100] "GET /adults-c-53.html?page=10 HTTP/1.0" 200 90223 "-" "Mozilla/5.0 (compatible; Barkrowler/0.9; +https://babbar.tech/crawler)"
185.191.171.5 - - [11/Jan/2021:21:00:27 +0100] "GET /new-york-city-wall-sticker-p-48086.html HTTP/1.0" 301 69259 "-" "Mozilla/5.0 (compatible; SemrushBot/7~bl; +http://www.semrush.com/bot.html)"
185.191.171.37 - - [11/Jan/2021:21:00:30 +0100] "GET /-p-48086.html HTTP/1.0" 200 69192 "-" "Mozilla/5.0 (compatible; SemrushBot/7~bl; +http://www.semrush.com/bot.html)"
62.210.188.222 - - [11/Jan/2021:21:00:36 +0100] "GET /adults-c-53.html?page=12 HTTP/1.0" 200 89934 "-" "Mozilla/5.0 (compatible; Barkrowler/0.9; +https://babbar.tech/crawler)"
62.210.188.222 - - [11/Jan/2021:21:00:45 +0100] "GET /adults-c-53.html?page=5 HTTP/1.0" 200 90657 "-" "Mozilla/5.0 (compatible; Barkrowler/0.9; +https://babbar.tech/crawler)"
185.191.171.40 - - [11/Jan/2021:21:00:46 +0100] "GET /ul13-ink-large-metal-plate-deco-p-34120.html HTTP/1.0" 200 71901 "-" "Mozilla/5.0 (compatible; SemrushBot/7~bl; +http://www.semrush.com/bot.html)"
62.210.188.222 - - [11/Jan/2021:21:00:55 +0100] "GET /adults-c-53.html?page=6 HTTP/1.0" 200 90621 "-" "Mozilla/5.0 (compatible; Barkrowler/0.9; +https://babbar.tech/crawler)"
54.36.148.50 - - [11/Jan/2021:21:01:04 +0100] "GET /star-wars-stormtrooper-big-repositionable-wall-sticker-p-15411.html HTTP/1.0" 301 69259 "-" "Mozilla/5.0 (compatible; AhrefsBot/7.0; +http://ahrefs.com/robot/)"
62.210.188.222 - - [11/Jan/2021:21:01:04 +0100] "GET /adults-c-53.html?page=7 HTTP/1.0" 200 90742 "-" "Mozilla/5.0 (compatible; Barkrowler/0.9; +https://babbar.tech/crawler)"
62.210.188.222 - - [11/Jan/2021:21:01:15 +0100] "GET /adults-c-53.html?page=3 HTTP/1.0" 200 92104 "-" "Mozilla/5.0 (compatible; Barkrowler/0.9; +https://babbar.tech/crawler)"
62.210.188.222 - - [11/Jan/2021:21:01:24 +0100] "GET /adults-c-53.html?page=2 HTTP/1.0" 200 92356 "-" "Mozilla/5.0 (compatible; Barkrowler/0.9; +https://babbar.tech/crawler)"
62.210.188.222 - - [11/Jan/2021:21:01:34 +0100] "GET /adults-c-53.html?page=9 HTTP/1.0" 200 90995 "-" "Mozilla/5.0 (compatible; Barkrowler/0.9; +https://babbar.tech/crawler)"
13.66.139.153 - - [11/Jan/2021:21:01:42 +0100] "GET /cushion-cover-40-40-cm-birds-p-49955.html HTTP/1.0" 200 71948 "-" "Mozilla/5.0 (compatible; bingbot/2.0; +http://www.bing.com/bingbot.htm)"
62.210.188.222 - - [11/Jan/2021:21:01:43 +0100] "GET /adults-c-53.html?page=1 HTTP/1.0" 200 91957 "-" "Mozilla/5.0 (compatible; Barkrowler/0.9; +https://babbar.tech/crawler)"
62.210.188.222 - - [11/Jan/2021:21:01:52 +0100] "GET /adults-c-53.html?page=8 HTTP/1.0" 200 90565 "-" "Mozilla/5.0 (compatible; Barkrowler/0.9; +https://babbar.tech/crawler)"
62.210.188.222 - - [11/Jan/2021:21:02:02 +0100] "GET /adults-c-53.html?page=4 HTTP/1.0" 200 91158 "-" "Mozilla/5.0 (compatible; Barkrowler/0.9; +https://babbar.tech/crawler)"
185.191.171.9 - - [11/Jan/2021:21:02:04 +0100] "GET /mug-with-infuser-for-tea-cutty-p-47847.html HTTP/1.0" 200 69290 "-" "Mozilla/5.0 (compatible; SemrushBot/7~bl; +http://www.semrush.com/bot.html)"
62.210.188.222 - - [11/Jan/2021:21:02:11 +0100] "GET /figures-c-4_15.html?page=3 HTTP/1.0" 200 92386 "-" "Mozilla/5.0 (compatible; Barkrowler/0.9; +https://babbar.tech/crawler)"
185.191.171.6 - - [11/Jan/2021:21:02:12 +0100] "GET /cats-in-love-egg-cup-p-39645.html HTTP/1.0" 200 71782 "-" "Mozilla/5.0 (compatible; SemrushBot/7~bl; +http://www.semrush.com/bot.html)"
62.210.188.222 - - [11/Jan/2021:21:02:20 +0100] "GET /figures-c-4_15.html?page=2 HTTP/1.0" 200 91704 "-" "Mozilla/5.0 (compatible; Barkrowler/0.9; +https://babbar.tech/crawler)"
62.210.188.222 - - [11/Jan/2021:21:02:30 +0100] "GET /figures-c-4_15.html?page=1 HTTP/1.0" 200 91330 "-" "Mozilla/5.0 (compatible; Barkrowler/0.9; +https://babbar.tech/crawler)"
62.210.188.222 - - [11/Jan/2021:21:02:39 +0100] "GET /figures-c-4_15.html?page=4 HTTP/1.0" 200 78330 "-" "Mozilla/5.0 (compatible; Barkrowler/0.9; +https://babbar.tech/crawler)"
114.119.147.45 - - [11/Jan/2021:21:02:46 +0100] "GET /eccentric-dog-mug-p-39706.html HTTP/1.0" 200 71801 "-" "Mozilla/5.0 (Linux; Android 7.0;) AppleWebKit/537.36 (KHTML, like Gecko) Mobile Safari/537.36 (compatible; PetalBot;+https://aspiegel.com/petalbot)"
74.125.210.38 - - [11/Jan/2021:21:02:47 +0100] "GET /images/4025055165890.jpg HTTP/1.0" 200 259 "-" "Mozilla/5.0 (Windows NT 5.1; rv:11.0) Gecko Firefox/11.0 (via ggpht.com GoogleImageProxy)"
62.210.188.222 - - [11/Jan/2021:21:02:48 +0100] "GET /floor-cushions-c-11_182.html HTTP/1.0" 200 90499 "-" "Mozilla/5.0 (compatible; Barkrowler/0.9; +https://babbar.tech/crawler)"
185.191.171.33 - - [11/Jan/2021:21:02:50 +0100] "GET /home-and-decoration-c-13.html?page=140 HTTP/1.0" 200 92511 "-" "Mozilla/5.0 (compatible; SemrushBot/7~bl; +http://www.semrush.com/bot.html)"
62.210.188.222 - - [11/Jan/2021:21:02:58 +0100] "GET /toys-c-4_45.html?page=2 HTTP/1.0" 200 76726 "-" "Mozilla/5.0 (compatible; Barkrowler/0.9; +https://babbar.tech/crawler)"
62.210.188.222 - - [11/Jan/2021:21:03:07 +0100] "GET /toys-c-4_45.html?page=1 HTTP/1.0" 200 90381 "-" "Mozilla/5.0 (compatible; Barkrowler/0.9; +https://babbar.tech/crawler)"
185.191.171.10 - - [11/Jan/2021:21:03:08 +0100] "GET /photo-frames-and-memo-clips-c-13_132.html?page=3 HTTP/1.0" 200 79111 "-" "Mozilla/5.0 (compatible; SemrushBot/7~bl; +http://www.semrush.com/bot.html)"
74.125.209.50 - - [11/Jan/2021:21:03:13 +0100] "GET /images/big_prod/4029811324033.jpg HTTP/1.0" 200 268 "-" "Mozilla/5.0 (Windows NT 5.1; rv:11.0) Gecko Firefox/11.0 (via ggpht.com GoogleImageProxy)"
62.210.188.222 - - [11/Jan/2021:21:03:16 +0100] "GET /placemats-c-12_156.html HTTP/1.0" 200 90984 "-" "Mozilla/5.0 (compatible; Barkrowler/0.9; +https://babbar.tech/crawler)"
62.210.188.222 - - [11/Jan/2021:21:03:26 +0100] "GET /uk-stickers-p-32990.html HTTP/1.0" 200 71768 "-" "Mozilla/5.0 (compatible; Barkrowler/0.9; +https://babbar.tech/crawler)"
62.210.188.222 - - [11/Jan/2021:21:03:35 +0100] "GET /trays-c-12_159.html HTTP/1.0" 200 91193 "-" "Mozilla/5.0 (compatible; Barkrowler/0.9; +https://babbar.tech/crawler)"
62.210.188.222 - - [11/Jan/2021:21:03:44 +0100] "GET /cat-clock-p-24301.html HTTP/1.0" 200 71836 "-" "Mozilla/5.0 (compatible; Barkrowler/0.9; +https://babbar.tech/crawler)"
185.191.171.3 - - [11/Jan/2021:21:03:47 +0100] "GET /double-walled-porcelain-mug-with-infuser-p-53002.html HTTP/1.0" 200 71996 "-" "Mozilla/5.0 (compatible; SemrushBot/7~bl; +http://www.semrush.com/bot.html)"
62.210.188.222 - - [11/Jan/2021:21:03:54 +0100] "GET /night-clothes-c-1_24.html HTTP/1.0" 200 74685 "-" "Mozilla/5.0 (compatible; Barkrowler/0.9; +https://babbar.tech/crawler)"
185.191.171.6 - - [11/Jan/2021:21:03:54 +0100] "GET /candy-cloud-pen-bubblegum-p-49878.html HTTP/1.0" 200 72205 "-" "Mozilla/5.0 (compatible; SemrushBot/7~bl; +http://www.semrush.com/bot.html)"
185.191.171.26 - - [11/Jan/2021:21:04:02 +0100] "GET /isothermic-stainless-steel-bottle-lovely-panda-by-cbkreation-p-51046.html HTTP/1.0" 200 72156 "-" "Mozilla/5.0 (compatible; SemrushBot/7~bl; +http://www.semrush.com/bot.html)"
62.210.188.222 - - [11/Jan/2021:21:04:03 +0100] "GET /nba-backpack-p-44946.html HTTP/1.0" 200 72528 "-" "Mozilla/5.0 (compatible; Barkrowler/0.9; +https://babbar.tech/crawler)"
62.210.188.222 - - [11/Jan/2021:21:04:12 +0100] "GET /frozen-poster-p-28278.html HTTP/1.0" 200 71730 "-" "Mozilla/5.0 (compatible; Barkrowler/0.9; +https://babbar.tech/crawler)"
62.210.188.222 - - [11/Jan/2021:21:04:22 +0100] "GET /french-flag-p-38273.html HTTP/1.0" 200 71809 "-" "Mozilla/5.0 (compatible; Barkrowler/0.9; +https://babbar.tech/crawler)"
185.191.171.43 - - [11/Jan/2021:21:04:26 +0100] "GET /polar-cover-wolf-150-130-cm-p-39093.html HTTP/1.0" 200 69294 "-" "Mozilla/5.0 (compatible; SemrushBot/7~bl; +http://www.semrush.com/bot.html)"
185.191.171.3 - - [11/Jan/2021:21:04:27 +0100] "GET /hexagon-tile-stickers-15-13-cm-p-51950.html HTTP/1.0" 200 72587 "-" "Mozilla/5.0 (compatible; SemrushBot/7~bl; +http://www.semrush.com/bot.html)"
62.210.188.222 - - [11/Jan/2021:21:04:31 +0100] "GET /london-poster-p-14409.html HTTP/1.0" 200 71736 "-" "Mozilla/5.0 (compatible; Barkrowler/0.9; +https://babbar.tech/crawler)"
54.36.148.7 - - [11/Jan/2021:21:04:39 +0100] "GET /grey-dledmv-team-tee-shirt-p-35846.html HTTP/1.0" 301 69259 "-" "Mozilla/5.0 (compatible; AhrefsBot/7.0; +http://ahrefs.com/robot/)"
62.210.188.222 - - [11/Jan/2021:21:04:41 +0100] "GET /london-mug-p-26185.html HTTP/1.0" 200 71720 "-" "Mozilla/5.0 (compatible; Barkrowler/0.9; +https://babbar.tech/crawler)"
185.191.171.4 - - [11/Jan/2021:21:04:46 +0100] "GET /ohm-pendant-925-silver-with-amethyst-p-45458.html HTTP/1.0" 200 71984 "-" "Mozilla/5.0 (compatible; SemrushBot/7~bl; +http://www.semrush.com/bot.html)"
62.210.188.222 - - [11/Jan/2021:21:04:50 +0100] "GET /london-keyring-p-22603.html HTTP/1.0" 200 71730 "-" "Mozilla/5.0 (compatible; Barkrowler/0.9; +https://babbar.tech/crawler)"
54.36.148.76 - - [11/Jan/2021:21:04:53 +0100] "GET /mani-the-lucky-cat-charm-size-ma-cagnotte-p-33276.html HTTP/1.0" 200 72216 "-" "Mozilla/5.0 (compatible; AhrefsBot/7.0; +http://ahrefs.com/robot/)"
62.210.188.222 - - [11/Jan/2021:21:04:59 +0100] "GET /ashtrays-c-13_240.html HTTP/1.0" 200 90528 "-" "Mozilla/5.0 (compatible; Barkrowler/0.9; +https://babbar.tech/crawler)"
62.210.188.222 - - [11/Jan/2021:21:05:09 +0100] "GET /trunks-c-13_208.html?page=2 HTTP/1.0" 200 89211 "-" "Mozilla/5.0 (compatible; Barkrowler/0.9; +https://babbar.tech/crawler)"
62.210.188.222 - - [11/Jan/2021:21:05:18 +0100] "GET /trunks-c-13_208.html?page=1 HTTP/1.0" 200 88734 "-" "Mozilla/5.0 (compatible; Barkrowler/0.9; +https://babbar.tech/crawler)"
62.210.188.222 - - [11/Jan/2021:21:05:28 +0100] "GET /planes-mug-p-24525.html HTTP/1.0" 200 71892 "-" "Mozilla/5.0 (compatible; Barkrowler/0.9; +https://babbar.tech/crawler)"
185.191.171.20 - - [11/Jan/2021:21:05:34 +0100] "GET /clock-the-greatest-happiness-28-cm-p-47341.html HTTP/1.0" 200 72580 "-" "Mozilla/5.0 (compatible; SemrushBot/7~bl; +http://www.semrush.com/bot.html)"
62.210.188.222 - - [11/Jan/2021:21:05:37 +0100] "GET /horses-mirror-p-33036.html HTTP/1.0" 200 71745 "-" "Mozilla/5.0 (compatible; Barkrowler/0.9; +https://babbar.tech/crawler)"
62.210.188.222 - - [11/Jan/2021:21:05:46 +0100] "GET /horses-mirror-p-33037.html HTTP/1.0" 200 71731 "-" "Mozilla/5.0 (compatible; Barkrowler/0.9; +https://babbar.tech/crawler)"
185.191.171.44 - - [11/Jan/2021:21:05:52 +0100] "GET /tour-eiffel-cushion-p-8653.html HTTP/1.0" 301 69256 "-" "Mozilla/5.0 (compatible; SemrushBot/7~bl; +http://www.semrush.com/bot.html)"
185.191.171.7 - - [11/Jan/2021:21:05:54 +0100] "GET /-p-8653.html HTTP/1.0" 200 69190 "-" "Mozilla/5.0 (compatible; SemrushBot/7~bl; +http://www.semrush.com/bot.html)"
62.210.188.222 - - [11/Jan/2021:21:05:56 +0100] "GET /horses-mirror-p-33035.html HTTP/1.0" 200 71745 "-" "Mozilla/5.0 (compatible; Barkrowler/0.9; +https://babbar.tech/crawler)"
62.210.188.222 - - [11/Jan/2021:21:06:05 +0100] "GET /horses-poster-p-36324.html HTTP/1.0" 200 71806 "-" "Mozilla/5.0 (compatible; Barkrowler/0.9; +https://babbar.tech/crawler)"
62.210.188.222 - - [11/Jan/2021:21:06:14 +0100] "GET /thor-poster-p-30864.html HTTP/1.0" 200 71751 "-" "Mozilla/5.0 (compatible; Barkrowler/0.9; +https://babbar.tech/crawler)"
185.191.171.11 - - [11/Jan/2021:21:06:23 +0100] "GET /golf-club-metal-keyring-p-37839.html HTTP/1.0" 200 71848 "-" "Mozilla/5.0 (compatible; SemrushBot/7~bl; +http://www.semrush.com/bot.html)"
62.210.188.222 - - [11/Jan/2021:21:06:24 +0100] "GET /thor-figure-p-32171.html HTTP/1.0" 200 71884 "-" "Mozilla/5.0 (compatible; Barkrowler/0.9; +https://babbar.tech/crawler)"
62.210.188.222 - - [11/Jan/2021:21:06:33 +0100] "GET /bowls-c-12_60.html?page=5 HTTP/1.0" 200 91624 "-" "Mozilla/5.0 (compatible; Barkrowler/0.9; +https://babbar.tech/crawler)"
185.191.171.37 - - [11/Jan/2021:21:06:34 +0100] "GET /teo-jasmin-jasmine-mug-p-43458.html HTTP/1.0" 200 69293 "-" "Mozilla/5.0 (compatible; SemrushBot/7~bl; +http://www.semrush.com/bot.html)"
185.191.171.17 - - [11/Jan/2021:21:06:39 +0100] "GET /mandala-wood-malle-195-cm-p-45998.html HTTP/1.0" 200 69311 "-" "Mozilla/5.0 (compatible; SemrushBot/7~bl; +http://www.semrush.com/bot.html)"
114.119.129.36 - - [11/Jan/2021:21:06:41 +0100] "GET /images/big_prod/3014627973514.jpg HTTP/1.0" 200 268 "-" "Mozilla/5.0 (Linux; Android 7.0;) AppleWebKit/537.36 (KHTML, like Gecko) Mobile Safari/537.36 (compatible; PetalBot;+https://aspiegel.com/petalbot)"
62.210.188.222 - - [11/Jan/2021:21:06:43 +0100] "GET /bowls-c-12_60.html?page=6 HTTP/1.0" 200 90718 "-" "Mozilla/5.0 (compatible; Barkrowler/0.9; +https://babbar.tech/crawler)"
62.210.188.222 - - [11/Jan/2021:21:06:52 +0100] "GET /bowls-c-12_60.html?page=3 HTTP/1.0" 200 91518 "-" "Mozilla/5.0 (compatible; Barkrowler/0.9; +https://babbar.tech/crawler)"
40.77.167.56 - - [11/Jan/2021:21:06:59 +0100] "GET /images/pyjama2009dbzbleu.jpg HTTP/1.0" 200 263 "-" "Mozilla/5.0 (compatible; bingbot/2.0; +http://www.bing.com/bingbot.htm)"
62.210.188.222 - - [11/Jan/2021:21:07:01 +0100] "GET /bowls-c-12_60.html?page=2 HTTP/1.0" 200 90876 "-" "Mozilla/5.0 (compatible; Barkrowler/0.9; +https://babbar.tech/crawler)"
62.210.188.222 - - [11/Jan/2021:21:07:11 +0100] "GET /bowls-c-12_60.html?page=1 HTTP/1.0" 200 91543 "-" "Mozilla/5.0 (compatible; Barkrowler/0.9; +https://babbar.tech/crawler)"
62.210.188.222 - - [11/Jan/2021:21:07:20 +0100] "GET /bowls-c-12_60.html?page=8 HTTP/1.0" 200 92864 "-" "Mozilla/5.0 (compatible; Barkrowler/0.9; +https://babbar.tech/crawler)"
62.210.188.222 - - [11/Jan/2021:21:07:29 +0100] "GET /bowls-c-12_60.html?page=4 HTTP/1.0" 200 90946 "-" "Mozilla/5.0 (compatible; Barkrowler/0.9; +https://babbar.tech/crawler)"
51.38.45.96 - - [11/Jan/2021:21:07:33 +0100] "GET /images/big_prod_2/8424346356645C.jpg HTTP/1.0" 200 271 "-" "-"
62.210.188.222 - - [11/Jan/2021:21:07:39 +0100] "GET /bowls-c-12_60.html?page=7 HTTP/1.0" 200 92403 "-" "Mozilla/5.0 (compatible; Barkrowler/0.9; +https://babbar.tech/crawler)"
62.210.188.222 - - [11/Jan/2021:21:07:48 +0100] "GET /cushions-c-11_71.html?page=10 HTTP/1.0" 200 93764 "-" "Mozilla/5.0 (compatible; Barkrowler/0.9; +https://babbar.tech/crawler)"
185.191.171.35 - - [11/Jan/2021:21:07:50 +0100] "GET /bamboo-fiber-plant-cover-p-51942.html HTTP/1.0" 200 72486 "-" "Mozilla/5.0 (compatible; SemrushBot/7~bl; +http://www.semrush.com/bot.html)"
51.38.45.96 - - [11/Jan/2021:21:07:52 +0100] "GET /images/big_prod_3/8424346356621D.jpg HTTP/1.0" 200 271 "-" "-"
62.210.188.222 - - [11/Jan/2021:21:07:57 +0100] "GET /cushions-c-11_71.html?page=5 HTTP/1.0" 200 92452 "-" "Mozilla/5.0 (compatible; Barkrowler/0.9; +https://babbar.tech/crawler)"
185.191.171.18 - - [11/Jan/2021:21:08:02 +0100] "GET /teo-jasmin-glass-coasters-p-34893.html HTTP/1.0" 200 71849 "-" "Mozilla/5.0 (compatible; SemrushBot/7~bl; +http://www.semrush.com/bot.html)"
62.210.188.222 - - [11/Jan/2021:21:08:07 +0100] "GET /cushions-c-11_71.html?page=6 HTTP/1.0" 200 93330 "-" "Mozilla/5.0 (compatible; Barkrowler/0.9; +https://babbar.tech/crawler)"
90.200.85.185 - - [11/Jan/2021:21:08:09 +0100] "GET /images/1399984246160.gif HTTP/1.0" 200 258 "https://www.bing.com/" "Mozilla/5.0 (Linux; Android 9; KFMUWI) AppleWebKit/537.36 (KHTML, like Gecko) Silk/86.3.23 like Chrome/86.0.4240.198 Safari/537.36"
51.38.45.96 - - [11/Jan/2021:21:08:13 +0100] "GET /images/big_prod_1/8424346356645B.jpg HTTP/1.0" 200 271 "-" "-"
62.210.188.222 - - [11/Jan/2021:21:08:16 +0100] "GET /cushions-c-11_71.html?page=3 HTTP/1.0" 200 92396 "-" "Mozilla/5.0 (compatible; Barkrowler/0.9; +https://babbar.tech/crawler)"
185.191.171.23 - - [11/Jan/2021:21:08:19 +0100] "GET /beyblade-black-perpetual-agenda-p-27937.html HTTP/1.0" 200 69306 "-" "Mozilla/5.0 (compatible; SemrushBot/7~bl; +http://www.semrush.com/bot.html)"
185.191.171.20 - - [11/Jan/2021:21:08:25 +0100] "GET /home-and-decoration-c-13.html?page=158 HTTP/1.0" 200 92130 "-" "Mozilla/5.0 (compatible; SemrushBot/7~bl; +http://www.semrush.com/bot.html)"
62.210.188.222 - - [11/Jan/2021:21:08:25 +0100] "GET /cushions-c-11_71.html?page=2 HTTP/1.0" 200 93175 "-" "Mozilla/5.0 (compatible; Barkrowler/0.9; +https://babbar.tech/crawler)"
62.210.188.222 - - [11/Jan/2021:21:08:36 +0100] "GET /cushions-c-11_71.html?page=9 HTTP/1.0" 200 93107 "-" "Mozilla/5.0 (compatible; Barkrowler/0.9; +https://babbar.tech/crawler)"
62.210.188.222 - - [11/Jan/2021:21:08:45 +0100] "GET /cushions-c-11_71.html?page=1 HTTP/1.0" 200 93338 "-" "Mozilla/5.0 (compatible; Barkrowler/0.9; +https://babbar.tech/crawler)"
62.210.188.222 - - [11/Jan/2021:21:08:55 +0100] "GET /cushions-c-11_71.html?page=8 HTTP/1.0" 200 93598 "-" "Mozilla/5.0 (compatible; Barkrowler/0.9; +https://babbar.tech/crawler)"
157.55.39.220 - - [11/Jan/2021:21:09:01 +0100] "GET /games-and-toys/figures/goofy-goof-figure-p-2860.html HTTP/1.0" 301 615 "-" "Mozilla/5.0 (compatible; bingbot/2.0; +http://www.bing.com/bingbot.htm)"
62.210.188.222 - - [11/Jan/2021:21:09:04 +0100] "GET /cushions-c-11_71.html?page=4 HTTP/1.0" 200 91872 "-" "Mozilla/5.0 (compatible; Barkrowler/0.9; +https://babbar.tech/crawler)"
157.55.39.110 - - [11/Jan/2021:21:09:05 +0100] "GET /alarms-clocks-clocks-and-watches/alarms-clocks/vespa-headlight-style-alarm-clock-p-15541.html HTTP/1.0" 301 697 "-" "Mozilla/5.0 (compatible; bingbot/2.0; +http://www.bing.com/bingbot.htm)"
62.210.188.222 - - [11/Jan/2021:21:09:13 +0100] "GET /cushions-c-11_71.html?page=11 HTTP/1.0" 200 91322 "-" "Mozilla/5.0 (compatible; Barkrowler/0.9; +https://babbar.tech/crawler)"
185.191.171.22 - - [11/Jan/2021:21:09:22 +0100] "GET /buddhist-monk-indoor-mini-fountain-27-cm-p-49604.html HTTP/1.0" 200 72179 "-" "Mozilla/5.0 (compatible; SemrushBot/7~bl; +http://www.semrush.com/bot.html)"
62.210.188.222 - - [11/Jan/2021:21:09:23 +0100] "GET /cushions-c-11_71.html?page=13 HTTP/1.0" 200 88841 "-" "Mozilla/5.0 (compatible; Barkrowler/0.9; +https://babbar.tech/crawler)"
185.191.171.5 - - [11/Jan/2021:21:09:25 +0100] "GET /little-miss-sunshine-large-coin-purse-p-3365.html HTTP/1.0" 200 71929 "-" "Mozilla/5.0 (compatible; SemrushBot/7~bl; +http://www.semrush.com/bot.html)"
54.36.148.16 - - [11/Jan/2021:21:09:29 +0100] "GET /set-of-bed-linen-c-11_68.html?page=1 HTTP/1.0" 200 91597 "-" "Mozilla/5.0 (compatible; AhrefsBot/7.0; +http://ahrefs.com/robot/)"
40.77.167.56 - - [11/Jan/2021:21:09:30 +0100] "GET /games-and-toys/toys/set-pirate-accessories-for-children-p-22593.html HTTP/1.0" 301 69259 "-" "Mozilla/5.0 (compatible; bingbot/2.0; +http://www.bing.com/bingbot.htm)"
62.210.188.222 - - [11/Jan/2021:21:09:32 +0100] "GET /cushions-c-11_71.html?page=12 HTTP/1.0" 200 88841 "-" "Mozilla/5.0 (compatible; Barkrowler/0.9; +https://babbar.tech/crawler)"
62.210.188.222 - - [11/Jan/2021:21:09:41 +0100] "GET /cushions-c-11_71.html?page=7 HTTP/1.0" 200 93563 "-" "Mozilla/5.0 (compatible; Barkrowler/0.9; +https://babbar.tech/crawler)"
62.210.188.222 - - [11/Jan/2021:21:09:51 +0100] "GET /skull-mug-p-53006.html HTTP/1.0" 200 71736 "-" "Mozilla/5.0 (compatible; Barkrowler/0.9; +https://babbar.tech/crawler)"
62.210.188.222 - - [11/Jan/2021:21:10:00 +0100] "GET /skull-mug-p-53212.html HTTP/1.0" 200 71738 "-" "Mozilla/5.0 (compatible; Barkrowler/0.9; +https://babbar.tech/crawler)"
185.191.171.6 - - [11/Jan/2021:21:10:01 +0100] "GET /perry-deco-ceramic-wood-look-28-cm-p-45409.html HTTP/1.0" 301 69259 "-" "Mozilla/5.0 (compatible; SemrushBot/7~bl; +http://www.semrush.com/bot.html)"
185.191.171.40 - - [11/Jan/2021:21:10:03 +0100] "GET /-p-45409.html HTTP/1.0" 200 69192 "-" "Mozilla/5.0 (compatible; SemrushBot/7~bl; +http://www.semrush.com/bot.html)"
173.21.101.174 - - [11/Jan/2021:21:10:05 +0100] "GET /images/big_prod/1384010184943.jpg HTTP/1.0" 200 268 "https://images.search.yahoo.com/search/images;_ylt=A0geJGorsPxff7cAc2pXNyoA;_ylu=Y29sbwNiZjEEcG9zAzMEdnRpZAMEc2VjA3Nj?p=being+Zen+Singing+bowl&fr=aaplw" "Mozilla/5.0 (Macintosh; Intel Mac OS X 10_13_4) AppleWebKit/605.1.15 (KHTML, like Gecko) Version/11.1 Safari/605.1.15"
185.191.171.16 - - [11/Jan/2021:21:10:05 +0100] "GET /decorative-magnifier-in-wooden-box-p-47446.html HTTP/1.0" 200 72014 "-" "Mozilla/5.0 (compatible; SemrushBot/7~bl; +http://www.semrush.com/bot.html)"
62.210.188.222 - - [11/Jan/2021:21:10:09 +0100] "GET /skull-bottle-p-42717.html HTTP/1.0" 200 71753 "-" "Mozilla/5.0 (compatible; Barkrowler/0.9; +https://babbar.tech/crawler)"
185.191.171.36 - - [11/Jan/2021:21:10:11 +0100] "GET /gund-boo-22-cm-plush-p-14610.html HTTP/1.0" 301 69259 "-" "Mozilla/5.0 (compatible; SemrushBot/7~bl; +http://www.semrush.com/bot.html)"
185.191.171.10 - - [11/Jan/2021:21:10:13 +0100] "GET /-p-14610.html HTTP/1.0" 200 69192 "-" "Mozilla/5.0 (compatible; SemrushBot/7~bl; +http://www.semrush.com/bot.html)"
13.66.139.153 - - [11/Jan/2021:21:10:13 +0100] "GET /jigsaws-c-4_144.html HTTP/1.0" 200 78270 "-" "Mozilla/5.0 (compatible; bingbot/2.0; +http://www.bing.com/bingbot.htm)"
62.210.188.222 - - [11/Jan/2021:21:10:19 +0100] "GET /retro-mug-p-42560.html HTTP/1.0" 200 71712 "-" "Mozilla/5.0 (compatible; Barkrowler/0.9; +https://babbar.tech/crawler)"
62.210.188.222 - - [11/Jan/2021:21:10:28 +0100] "GET /usa-cushion-p-32882.html HTTP/1.0" 200 71887 "-" "Mozilla/5.0 (compatible; Barkrowler/0.9; +https://babbar.tech/crawler)"
62.210.188.222 - - [11/Jan/2021:21:10:38 +0100] "GET /aprons-c-11_74.html?page=5 HTTP/1.0" 200 90675 "-" "Mozilla/5.0 (compatible; Barkrowler/0.9; +https://babbar.tech/crawler)"
62.210.188.222 - - [11/Jan/2021:21:10:47 +0100] "GET /aprons-c-11_74.html?page=6 HTTP/1.0" 200 87292 "-" "Mozilla/5.0 (compatible; Barkrowler/0.9; +https://babbar.tech/crawler)"
185.191.171.35 - - [11/Jan/2021:21:10:49 +0100] "GET /rasta-duck-frame-canvas-p-31824.html HTTP/1.0" 200 71914 "-" "Mozilla/5.0 (compatible; SemrushBot/7~bl; +http://www.semrush.com/bot.html)"
66.249.66.64 - - [11/Jan/2021:21:10:52 +0100] "GET /small-tins-box-gorjuss-sugar-and-spice-p-48406.html HTTP/1.0" 200 73143 "-" "Mozilla/5.0 (Linux; Android 6.0.1; Nexus 5X Build/MMB29P) AppleWebKit/537.36 (KHTML, like Gecko) Chrome/87.0.4280.90 Mobile Safari/537.36 (compatible; Googlebot/2.1; +http://www.google.com/bot.html)"
62.210.188.222 - - [11/Jan/2021:21:10:56 +0100] "GET /aprons-c-11_74.html?page=3 HTTP/1.0" 200 90600 "-" "Mozilla/5.0 (compatible; Barkrowler/0.9; +https://babbar.tech/crawler)"
114.119.151.113 - - [11/Jan/2021:21:10:57 +0100] "GET /batman-the-joker-mug-p-5777.html HTTP/1.0" 200 71786 "-" "Mozilla/5.0 (Linux; Android 7.0;) AppleWebKit/537.36 (KHTML, like Gecko) Mobile Safari/537.36 (compatible; PetalBot;+https://aspiegel.com/petalbot)"
62.210.188.222 - - [11/Jan/2021:21:11:06 +0100] "GET /aprons-c-11_74.html?page=2 HTTP/1.0" 200 90527 "-" "Mozilla/5.0 (compatible; Barkrowler/0.9; +https://babbar.tech/crawler)"
185.191.171.24 - - [11/Jan/2021:21:11:08 +0100] "GET /corsica-mini-metal-tray-p-42355.html HTTP/1.0" 200 71911 "-" "Mozilla/5.0 (compatible; SemrushBot/7~bl; +http://www.semrush.com/bot.html)"
62.210.188.222 - - [11/Jan/2021:21:11:15 +0100] "GET /aprons-c-11_74.html?page=1 HTTP/1.0" 200 90799 "-" "Mozilla/5.0 (compatible; Barkrowler/0.9; +https://babbar.tech/crawler)"
62.210.188.222 - - [11/Jan/2021:21:11:24 +0100] "GET /aprons-c-11_74.html?page=4 HTTP/1.0" 200 90168 "-" "Mozilla/5.0 (compatible; Barkrowler/0.9; +https://babbar.tech/crawler)"
185.191.171.33 - - [11/Jan/2021:21:11:26 +0100] "GET /resin-photo-frame-the-little-prince-p-47068.html HTTP/1.0" 200 72000 "-" "Mozilla/5.0 (compatible; SemrushBot/7~bl; +http://www.semrush.com/bot.html)"
62.210.188.222 - - [11/Jan/2021:21:11:34 +0100] "GET /lily-mug-p-22549.html HTTP/1.0" 200 71801 "-" "Mozilla/5.0 (compatible; Barkrowler/0.9; +https://babbar.tech/crawler)"
185.191.171.39 - - [11/Jan/2021:21:11:40 +0100] "GET /small-cupcakes-mug-by-cbkreation-p-17355.html HTTP/1.0" 200 71961 "-" "Mozilla/5.0 (compatible; SemrushBot/7~bl; +http://www.semrush.com/bot.html)"
