185.191.171.33 - - [11/Jan/2021:22:28:18 +0100] "GET /superman-mug-p-49623.html HTTP/1.0" 200 71858 "-" "Mozilla/5.0 (compatible; SemrushBot/7~bl; +http://www.semrush.com/bot.html)"
185.191.171.1 - - [11/Jan/2021:22:28:41 +0100] "GET /star-wars-darth-vader-stackable-lunch-set-p-34029.html HTTP/1.0" 200 72123 "-" "Mozilla/5.0 (compatible; SemrushBot/7~bl; +http://www.semrush.com/bot.html)"
185.191.171.42 - - [11/Jan/2021:22:28:43 +0100] "GET /large-bamboo-bowl-with-lid-fish-p-49510.html HTTP/1.0" 200 69296 "-" "Mozilla/5.0 (compatible; SemrushBot/7~bl; +http://www.semrush.com/bot.html)"
157.55.39.110 - - [11/Jan/2021:22:28:44 +0100] "GET /-p-38674.html HTTP/1.0" 200 69192 "-" "Mozilla/5.0 (compatible; bingbot/2.0; +http://www.bing.com/bingbot.htm)"
157.55.39.110 - - [11/Jan/2021:22:28:53 +0100] "GET /decorations-and-furnishings/decorations/minnie-mouse-surprise-collection-figure-p-17337.html HTTP/1.0" 301 695 "-" "Mozilla/5.0 (compatible; bingbot/2.0; +http://www.bing.com/bingbot.htm)"
185.191.171.24 - - [11/Jan/2021:22:28:59 +0100] "GET /so-funky-pencil-case-p-19067.html HTTP/1.0" 200 72390 "-" "Mozilla/5.0 (compatible; SemrushBot/7~bl; +http://www.semrush.com/bot.html)"
207.46.13.239 - - [11/Jan/2021:22:29:34 +0100] "GET /-p-12199.html HTTP/1.0" 200 69192 "-" "Mozilla/5.0 (compatible; bingbot/2.0; +http://www.bing.com/bingbot.htm)"
207.46.13.26 - - [11/Jan/2021:22:29:43 +0100] "GET /-p-22837.html HTTP/1.0" 200 69192 "-" "Mozilla/5.0 (compatible; bingbot/2.0; +http://www.bing.com/bingbot.htm)"
185.191.171.23 - - [11/Jan/2021:22:29:43 +0100] "GET /round-tray-exotic-leaves-p-53193.html HTTP/1.0" 200 71930 "-" "Mozilla/5.0 (compatible; SemrushBot/7~bl; +http://www.semrush.com/bot.html)"
207.46.13.229 - - [11/Jan/2021:22:29:47 +0100] "GET /games-and-toys/figures/donald-duck-figure-p-2931.html HTTP/1.0" 301 69355 "-" "Mozilla/5.0 (compatible; bingbot/2.0; +http://www.bing.com/bingbot.htm)"
185.191.171.45 - - [11/Jan/2021:22:29:48 +0100] "GET /pin-up-large-metal-plate-deco-p-26440.html HTTP/1.0" 200 69328 "-" "Mozilla/5.0 (compatible; SemrushBot/7~bl; +http://www.semrush.com/bot.html)"
54.36.148.87 - - [11/Jan/2021:22:29:55 +0100] "GET /kimmi-junior-set-of-10-felt-p-15815.html HTTP/1.0" 200 74198 "-" "Mozilla/5.0 (compatible; AhrefsBot/7.0; +http://ahrefs.com/robot/)"
114.119.147.45 - - [11/Jan/2021:22:30:20 +0100] "GET /images/mini_prod/1399986101665.jpg HTTP/1.0" 200 269 "-" "Mozilla/5.0 (Linux; Android 7.0;) AppleWebKit/537.36 (KHTML, like Gecko) Mobile Safari/537.36 (compatible; PetalBot;+https://aspiegel.com/petalbot)"
185.191.171.6 - - [11/Jan/2021:22:30:44 +0100] "GET /terrasses-parisiennes-tray-p-12439.html HTTP/1.0" 200 72080 "-" "Mozilla/5.0 (compatible; SemrushBot/7~bl; +http://www.semrush.com/bot.html)"
66.249.66.64 - - [11/Jan/2021:22:31:02 +0100] "GET /frozen-elsa-and-anna-jewelry-box-p-37028.html HTTP/1.0" 200 72791 "-" "Mozilla/5.0 (Linux; Android 6.0.1; Nexus 5X Build/MMB29P) AppleWebKit/537.36 (KHTML, like Gecko) Chrome/87.0.4280.90 Mobile Safari/537.36 (compatible; Googlebot/2.1; +http://www.google.com/bot.html)"
185.191.171.42 - - [11/Jan/2021:22:31:16 +0100] "GET /everlast-blue-backpack-p-33367.html HTTP/1.0" 301 69259 "-" "Mozilla/5.0 (compatible; SemrushBot/7~bl; +http://www.semrush.com/bot.html)"
185.191.171.5 - - [11/Jan/2021:22:31:19 +0100] "GET /-p-33367.html HTTP/1.0" 200 69192 "-" "Mozilla/5.0 (compatible; SemrushBot/7~bl; +http://www.semrush.com/bot.html)"
185.191.171.5 - - [11/Jan/2021:22:31:41 +0100] "GET /odin-resin-figure-25-cm-p-35417.html HTTP/1.0" 200 71910 "-" "Mozilla/5.0 (compatible; SemrushBot/7~bl; +http://www.semrush.com/bot.html)"
185.191.171.42 - - [11/Jan/2021:22:31:52 +0100] "GET /owl-michelle-allen-breakfast-set-p-32827.html HTTP/1.0" 200 71969 "-" "Mozilla/5.0 (compatible; SemrushBot/7~bl; +http://www.semrush.com/bot.html)"
185.191.171.14 - - [11/Jan/2021:22:32:30 +0100] "GET /taipei-bedclothes-260-240-cm-p-51523.html HTTP/1.0" 200 71982 "-" "Mozilla/5.0 (compatible; SemrushBot/7~bl; +http://www.semrush.com/bot.html)"
185.191.171.8 - - [11/Jan/2021:22:32:37 +0100] "GET /jolie-provence-adult-apron-p-47693.html HTTP/1.0" 200 69256 "-" "Mozilla/5.0 (compatible; SemrushBot/7~bl; +http://www.semrush.com/bot.html)"
40.77.167.56 - - [11/Jan/2021:22:32:39 +0100] "GET /anise-ganesh-glass-lamp-p-50580.html HTTP/1.0" 200 72505 "-" "Mozilla/5.0 (compatible; bingbot/2.0; +http://www.bing.com/bingbot.htm)"
185.191.171.23 - - [11/Jan/2021:22:32:47 +0100] "GET /ring-flower-of-life-brass-pink-gold-colour-p-44684.html HTTP/1.0" 301 69259 "-" "Mozilla/5.0 (compatible; SemrushBot/7~bl; +http://www.semrush.com/bot.html)"
185.191.171.15 - - [11/Jan/2021:22:32:49 +0100] "GET /-p-44684.html HTTP/1.0" 200 69192 "-" "Mozilla/5.0 (compatible; SemrushBot/7~bl; +http://www.semrush.com/bot.html)"
185.191.171.8 - - [11/Jan/2021:22:33:15 +0100] "GET /tennis-player-statuette-p-51567.html HTTP/1.0" 200 71883 "-" "Mozilla/5.0 (compatible; SemrushBot/7~bl; +http://www.semrush.com/bot.html)"
51.68.224.127 - - [11/Jan/2021:22:33:25 +0100] "GET /adminweb/export_orders_xml.php?token=256de2z6edz6ed2z6DFSFsed2zed6zeDSFDSGdzedezfzf&maxorders=10&orderstart=1&status=14&start_date=2018-10-01 HTTP/1.0" 200 285 "-" "GesCom CharlotteBoutik Serveur"
51.68.224.127 - - [11/Jan/2021:22:33:25 +0100] "GET /adminweb/export_orders_xml.php?token=256de2z6edz6ed2z6DFSFsed2zed6zeDSFDSGdzedezfzf&maxorders=10&orderstart=1&status=6&start_date=2018-10-01 HTTP/1.0" 200 29990 "-" "GesCom CharlotteBoutik Serveur"
185.191.171.7 - - [11/Jan/2021:22:33:37 +0100] "GET /flatwares-c-12_63.html?page=1 HTTP/1.0" 200 88654 "-" "Mozilla/5.0 (compatible; SemrushBot/7~bl; +http://www.semrush.com/bot.html)"
185.191.171.20 - - [11/Jan/2021:22:33:39 +0100] "GET /durga-statue-28-cm-p-40228.html HTTP/1.0" 200 71877 "-" "Mozilla/5.0 (compatible; SemrushBot/7~bl; +http://www.semrush.com/bot.html)"
54.36.148.254 - - [11/Jan/2021:22:34:04 +0100] "GET /mobile-bells-metal-elephants-p-41509.html HTTP/1.0" 200 71896 "-" "Mozilla/5.0 (compatible; AhrefsBot/7.0; +http://ahrefs.com/robot/)"
185.191.171.3 - - [11/Jan/2021:22:34:25 +0100] "GET /minnie-mouse-large-metal-box-p-26704.html HTTP/1.0" 200 71998 "-" "Mozilla/5.0 (compatible; SemrushBot/7~bl; +http://www.semrush.com/bot.html)"
114.119.154.200 - - [11/Jan/2021:22:34:45 +0100] "GET /images/mini_prod/3565750273182.jpg HTTP/1.0" 200 269 "-" "Mozilla/5.0 (Linux; Android 7.0;) AppleWebKit/537.36 (KHTML, like Gecko) Mobile Safari/537.36 (compatible; PetalBot;+https://aspiegel.com/petalbot)"
185.191.171.20 - - [11/Jan/2021:22:34:49 +0100] "GET /incense-satya-nag-champa-palo-santo-15-grams-or-about-15-sticks-p-44397.html HTTP/1.0" 200 72509 "-" "Mozilla/5.0 (compatible; SemrushBot/7~bl; +http://www.semrush.com/bot.html)"
35.183.27.125 - - [11/Jan/2021:22:35:39 +0100] "GET //.env HTTP/1.0" 404 1308 "-" "Mozilla/5.0 (Macintosh; U; Intel Mac OS X 10_6_8; en-us) AppleWebKit/534.50 (KHTML, like Gecko) Version/5.1 Safari/534.50"
185.191.171.39 - - [11/Jan/2021:22:35:45 +0100] "GET /gorjuss-classic-stripe-beauty-bag-oops-daisy-p-43176.html HTTP/1.0" 200 69366 "-" "Mozilla/5.0 (compatible; SemrushBot/7~bl; +http://www.semrush.com/bot.html)"
185.191.171.39 - - [11/Jan/2021:22:36:13 +0100] "GET /high-cup-van-gogh-tournesols-p-47905.html HTTP/1.0" 200 69329 "-" "Mozilla/5.0 (compatible; SemrushBot/7~bl; +http://www.semrush.com/bot.html)"
185.191.171.1 - - [11/Jan/2021:22:36:16 +0100] "GET /chimpanze-wall-sticker-p-52321.html HTTP/1.0" 200 72735 "-" "Mozilla/5.0 (compatible; SemrushBot/7~bl; +http://www.semrush.com/bot.html)"
185.191.171.42 - - [11/Jan/2021:22:36:43 +0100] "GET /wall-sticker-c-13_187.html?page=13 HTTP/1.0" 200 91364 "-" "Mozilla/5.0 (compatible; SemrushBot/7~bl; +http://www.semrush.com/bot.html)"
185.191.171.38 - - [11/Jan/2021:22:36:57 +0100] "GET /great-patina-orangutan-statuette-nothing-saw-p-45980.html HTTP/1.0" 200 72064 "-" "Mozilla/5.0 (compatible; SemrushBot/7~bl; +http://www.semrush.com/bot.html)"
185.191.171.11 - - [11/Jan/2021:22:37:04 +0100] "GET /harley-davidson-genuine-metal-plate-p-23294.html HTTP/1.0" 200 72041 "-" "Mozilla/5.0 (compatible; SemrushBot/7~bl; +http://www.semrush.com/bot.html)"
185.191.171.25 - - [11/Jan/2021:22:37:20 +0100] "GET /hello-kitty-pink-wristband-p-11966.html HTTP/1.0" 200 71831 "-" "Mozilla/5.0 (compatible; SemrushBot/7~bl; +http://www.semrush.com/bot.html)"
54.36.148.190 - - [11/Jan/2021:22:38:09 +0100] "GET /metal-bottle-holder-santa-claus-p-53249.html HTTP/1.0" 200 71970 "-" "Mozilla/5.0 (compatible; AhrefsBot/7.0; +http://ahrefs.com/robot/)"
185.191.171.6 - - [11/Jan/2021:22:38:30 +0100] "GET /feathers-catch-dreams-set-cups-espresso-p-37860.html HTTP/1.0" 200 71986 "-" "Mozilla/5.0 (compatible; SemrushBot/7~bl; +http://www.semrush.com/bot.html)"
13.66.139.64 - - [11/Jan/2021:22:38:38 +0100] "GET /jackets-coats-parkas-c-1_27.html HTTP/1.0" 200 82427 "-" "Mozilla/5.0 (compatible; bingbot/2.0; +http://www.bing.com/bingbot.htm)"
185.191.171.15 - - [11/Jan/2021:22:38:47 +0100] "GET /hirondelle-jewelery-holder-p-48888.html HTTP/1.0" 200 72025 "-" "Mozilla/5.0 (compatible; SemrushBot/7~bl; +http://www.semrush.com/bot.html)"
13.66.139.14 - - [11/Jan/2021:22:38:51 +0100] "GET /red-telephone-box-egg-cup-with-salt-cellar-top-p-28901.html HTTP/1.0" 200 69366 "-" "Mozilla/5.0 (compatible; bingbot/2.0; +http://www.bing.com/bingbot.htm)"
13.66.139.14 - - [11/Jan/2021:22:38:52 +0100] "GET /batman-the-joker-black-shirt-p-29546.html HTTP/1.0" 200 69298 "-" "Mozilla/5.0 (compatible; bingbot/2.0; +http://www.bing.com/bingbot.htm)"
13.66.139.14 - - [11/Jan/2021:22:38:53 +0100] "GET /-p-37015.html HTTP/1.0" 200 69192 "-" "Mozilla/5.0 (compatible; bingbot/2.0; +http://www.bing.com/bingbot.htm)"
185.191.171.11 - - [11/Jan/2021:22:38:52 +0100] "GET /indigo-tulip-alarm-clock-p-47273.html HTTP/1.0" 200 73178 "-" "Mozilla/5.0 (compatible; SemrushBot/7~bl; +http://www.semrush.com/bot.html)"
13.66.139.14 - - [11/Jan/2021:22:38:54 +0100] "GET /dubout-cats-mug-p-33315.html HTTP/1.0" 200 69258 "-" "Mozilla/5.0 (compatible; bingbot/2.0; +http://www.bing.com/bingbot.htm)"
13.66.139.14 - - [11/Jan/2021:22:38:54 +0100] "GET /star-wars-kylo-ren-and-captain-phasma-suitcase-58-cm-p-35547.html HTTP/1.0" 301 69259 "-" "Mozilla/5.0 (compatible; bingbot/2.0; +http://www.bing.com/bingbot.htm)"
13.66.139.14 - - [11/Jan/2021:22:38:55 +0100] "GET /-p-11624.html HTTP/1.0" 200 69192 "-" "Mozilla/5.0 (compatible; bingbot/2.0; +http://www.bing.com/bingbot.htm)"
13.66.139.14 - - [11/Jan/2021:22:38:56 +0100] "GET /-p-21419.html HTTP/1.0" 200 69192 "-" "Mozilla/5.0 (compatible; bingbot/2.0; +http://www.bing.com/bingbot.htm)"
13.66.139.14 - - [11/Jan/2021:22:38:57 +0100] "GET /funky-dolls-small-jewelry-box-p-18878.html HTTP/1.0" 200 69328 "-" "Mozilla/5.0 (compatible; bingbot/2.0; +http://www.bing.com/bingbot.htm)"
13.66.139.14 - - [11/Jan/2021:22:38:58 +0100] "GET /-p-14578.html HTTP/1.0" 200 69192 "-" "Mozilla/5.0 (compatible; bingbot/2.0; +http://www.bing.com/bingbot.htm)"
13.66.139.14 - - [11/Jan/2021:22:38:59 +0100] "GET /bag-of-300-grams-of-chewing-gum-machine-compatible-p-39031.html HTTP/1.0" 200 69382 "-" "Mozilla/5.0 (compatible; bingbot/2.0; +http://www.bing.com/bingbot.htm)"
13.66.139.14 - - [11/Jan/2021:22:39:00 +0100] "GET /-p-2844.html HTTP/1.0" 200 69190 "-" "Mozilla/5.0 (compatible; bingbot/2.0; +http://www.bing.com/bingbot.htm)"
66.249.66.193 - - [11/Jan/2021:22:39:00 +0100] "GET /decorations/collectible-figurines-and-decorative/sora-kimmidoll-dolls-p-12974.html HTTP/1.0" 301 69259 "-" "Mozilla/5.0 (Linux; Android 6.0.1; Nexus 5X Build/MMB29P) AppleWebKit/537.36 (KHTML, like Gecko) Chrome/87.0.4280.90 Mobile Safari/537.36 (compatible; Googlebot/2.1; +http://www.google.com/bot.html)"
66.249.66.196 - - [11/Jan/2021:22:39:01 +0100] "GET /-p-12974.html HTTP/1.0" 200 69192 "-" "Mozilla/5.0 (Linux; Android 6.0.1; Nexus 5X Build/MMB29P) AppleWebKit/537.36 (KHTML, like Gecko) Chrome/87.0.4280.90 Mobile Safari/537.36 (compatible; Googlebot/2.1; +http://www.google.com/bot.html)"
13.66.139.14 - - [11/Jan/2021:22:39:01 +0100] "GET /-p-23260.html HTTP/1.0" 200 69192 "-" "Mozilla/5.0 (compatible; bingbot/2.0; +http://www.bing.com/bingbot.htm)"
13.66.139.14 - - [11/Jan/2021:22:39:02 +0100] "GET /all-decked-out-mickey-mouse-figurine-collection-p-34266.html HTTP/1.0" 301 69259 "-" "Mozilla/5.0 (compatible; bingbot/2.0; +http://www.bing.com/bingbot.htm)"
13.66.139.14 - - [11/Jan/2021:22:39:03 +0100] "GET /dastardly-and-muttley-fast-food-shirt-p-29622.html HTTP/1.0" 200 69334 "-" "Mozilla/5.0 (compatible; bingbot/2.0; +http://www.bing.com/bingbot.htm)"
13.66.139.14 - - [11/Jan/2021:22:39:04 +0100] "GET /ma-petite-cremerie-cutting-board-p-34844.html HTTP/1.0" 301 69259 "-" "Mozilla/5.0 (compatible; bingbot/2.0; +http://www.bing.com/bingbot.htm)"
13.66.139.14 - - [11/Jan/2021:22:39:05 +0100] "GET /-p-13567.html HTTP/1.0" 200 69192 "-" "Mozilla/5.0 (compatible; bingbot/2.0; +http://www.bing.com/bingbot.htm)"
13.66.139.14 - - [11/Jan/2021:22:39:06 +0100] "GET /-p-9327.html HTTP/1.0" 200 69190 "-" "Mozilla/5.0 (compatible; bingbot/2.0; +http://www.bing.com/bingbot.htm)"
13.66.139.64 - - [11/Jan/2021:22:39:07 +0100] "GET /-p-7290.html HTTP/1.0" 200 69190 "-" "Mozilla/5.0 (compatible; bingbot/2.0; +http://www.bing.com/bingbot.htm)"
13.66.139.64 - - [11/Jan/2021:22:39:08 +0100] "GET /french-riviera-navy-blue-shopper-bag-p-38650.html HTTP/1.0" 200 69363 "-" "Mozilla/5.0 (compatible; bingbot/2.0; +http://www.bing.com/bingbot.htm)"
13.66.139.64 - - [11/Jan/2021:22:39:09 +0100] "GET /-p-19006.html HTTP/1.0" 200 69192 "-" "Mozilla/5.0 (compatible; bingbot/2.0; +http://www.bing.com/bingbot.htm)"
13.66.139.64 - - [11/Jan/2021:22:39:10 +0100] "GET /-p-13263.html HTTP/1.0" 200 69192 "-" "Mozilla/5.0 (compatible; bingbot/2.0; +http://www.bing.com/bingbot.htm)"
13.66.139.64 - - [11/Jan/2021:22:39:11 +0100] "GET /-p-22682.html HTTP/1.0" 200 69192 "-" "Mozilla/5.0 (compatible; bingbot/2.0; +http://www.bing.com/bingbot.htm)"
114.119.145.117 - - [11/Jan/2021:22:39:11 +0100] "GET /images/mini_prod/3560600311168.jpg HTTP/1.0" 200 269 "-" "Mozilla/5.0 (Linux; Android 7.0;) AppleWebKit/537.36 (KHTML, like Gecko) Mobile Safari/537.36 (compatible; PetalBot;+https://aspiegel.com/petalbot)"
13.66.139.64 - - [11/Jan/2021:22:39:12 +0100] "GET /-p-17283.html HTTP/1.0" 200 69192 "-" "Mozilla/5.0 (compatible; bingbot/2.0; +http://www.bing.com/bingbot.htm)"
13.66.139.64 - - [11/Jan/2021:22:39:13 +0100] "GET /-p-19827.html HTTP/1.0" 200 69192 "-" "Mozilla/5.0 (compatible; bingbot/2.0; +http://www.bing.com/bingbot.htm)"
13.66.139.64 - - [11/Jan/2021:22:39:13 +0100] "GET /-p-29875.html HTTP/1.0" 200 69192 "-" "Mozilla/5.0 (compatible; bingbot/2.0; +http://www.bing.com/bingbot.htm)"
13.66.139.64 - - [11/Jan/2021:22:39:14 +0100] "GET /-p-21586.html HTTP/1.0" 200 69192 "-" "Mozilla/5.0 (compatible; bingbot/2.0; +http://www.bing.com/bingbot.htm)"
13.66.139.64 - - [11/Jan/2021:22:39:15 +0100] "GET /iki-buddha-statue-p-29801.html HTTP/1.0" 301 69259 "-" "Mozilla/5.0 (compatible; bingbot/2.0; +http://www.bing.com/bingbot.htm)"
13.66.139.64 - - [11/Jan/2021:22:39:16 +0100] "GET /pocket-watch-map-collection-gorjuss-p-23142.html HTTP/1.0" 200 69358 "-" "Mozilla/5.0 (compatible; bingbot/2.0; +http://www.bing.com/bingbot.htm)"
13.66.139.64 - - [11/Jan/2021:22:39:17 +0100] "GET /ecru-and-gray-curtain-eyelets-manoir-135-260-cm-p-39038.html HTTP/1.0" 301 69259 "-" "Mozilla/5.0 (compatible; bingbot/2.0; +http://www.bing.com/bingbot.htm)"
13.66.139.64 - - [11/Jan/2021:22:39:18 +0100] "GET /-p-31252.html HTTP/1.0" 200 69192 "-" "Mozilla/5.0 (compatible; bingbot/2.0; +http://www.bing.com/bingbot.htm)"
13.66.139.64 - - [11/Jan/2021:22:39:19 +0100] "GET /paris-saint-germain-psg-beer-glass-p-33910.html HTTP/1.0" 200 69318 "-" "Mozilla/5.0 (compatible; bingbot/2.0; +http://www.bing.com/bingbot.htm)"
157.55.39.110 - - [11/Jan/2021:22:39:21 +0100] "GET /mickal-statue-in-polyresin-23-cm-p-51746.html HTTP/1.0" 200 72818 "-" "Mozilla/5.0 (compatible; bingbot/2.0; +http://www.bing.com/bingbot.htm)"
13.66.139.153 - - [11/Jan/2021:22:39:27 +0100] "GET /doc-figure-p-2925.html HTTP/1.0" 200 69231 "-" "Mozilla/5.0 (compatible; bingbot/2.0; +http://www.bing.com/bingbot.htm)"
13.66.139.153 - - [11/Jan/2021:22:39:28 +0100] "GET /-p-10475.html HTTP/1.0" 200 69192 "-" "Mozilla/5.0 (compatible; bingbot/2.0; +http://www.bing.com/bingbot.htm)"
13.66.139.153 - - [11/Jan/2021:22:39:28 +0100] "GET /-p-8473.html HTTP/1.0" 200 69190 "-" "Mozilla/5.0 (compatible; bingbot/2.0; +http://www.bing.com/bingbot.htm)"
13.66.139.153 - - [11/Jan/2021:22:39:29 +0100] "GET /-p-17974.html HTTP/1.0" 200 69192 "-" "Mozilla/5.0 (compatible; bingbot/2.0; +http://www.bing.com/bingbot.htm)"
13.66.139.153 - - [11/Jan/2021:22:39:30 +0100] "GET /-p-31328.html HTTP/1.0" 200 69192 "-" "Mozilla/5.0 (compatible; bingbot/2.0; +http://www.bing.com/bingbot.htm)"
13.66.139.153 - - [11/Jan/2021:22:39:31 +0100] "GET /-p-4501.html HTTP/1.0" 200 69190 "-" "Mozilla/5.0 (compatible; bingbot/2.0; +http://www.bing.com/bingbot.htm)"
13.66.139.153 - - [11/Jan/2021:22:39:32 +0100] "GET /olympique-de-marseille-puzzle-calculator-p-18784.html HTTP/1.0" 200 69383 "-" "Mozilla/5.0 (compatible; bingbot/2.0; +http://www.bing.com/bingbot.htm)"
13.66.139.153 - - [11/Jan/2021:22:39:33 +0100] "GET /candy-cloud-hair-brush-bubblegum-p-49779.html HTTP/1.0" 200 69290 "-" "Mozilla/5.0 (compatible; bingbot/2.0; +http://www.bing.com/bingbot.htm)"
13.66.139.153 - - [11/Jan/2021:22:39:34 +0100] "GET /vanity-by-teo-jasmin-jasmine-diner-pink-p-38707.html HTTP/1.0" 200 69321 "-" "Mozilla/5.0 (compatible; bingbot/2.0; +http://www.bing.com/bingbot.htm)"
185.191.171.15 - - [11/Jan/2021:22:39:33 +0100] "GET /boxes-and-storage-box-c-13_150.html?page=2 HTTP/1.0" 200 93134 "-" "Mozilla/5.0 (compatible; SemrushBot/7~bl; +http://www.semrush.com/bot.html)"
13.66.139.153 - - [11/Jan/2021:22:39:34 +0100] "GET /danger-metal-plate-deco-p-37608.html HTTP/1.0" 200 69298 "-" "Mozilla/5.0 (compatible; bingbot/2.0; +http://www.bing.com/bingbot.htm)"
13.66.139.153 - - [11/Jan/2021:22:39:35 +0100] "GET /the-beatles-shirt-p-29552.html HTTP/1.0" 200 69274 "-" "Mozilla/5.0 (compatible; bingbot/2.0; +http://www.bing.com/bingbot.htm)"
13.66.139.153 - - [11/Jan/2021:22:39:36 +0100] "GET /-p-15707.html HTTP/1.0" 200 69192 "-" "Mozilla/5.0 (compatible; bingbot/2.0; +http://www.bing.com/bingbot.htm)"
13.66.139.153 - - [11/Jan/2021:22:39:37 +0100] "GET /disney-princess-umbrella-p-6041.html HTTP/1.0" 200 69301 "-" "Mozilla/5.0 (compatible; bingbot/2.0; +http://www.bing.com/bingbot.htm)"
13.66.139.153 - - [11/Jan/2021:22:39:38 +0100] "GET /matriochka-glass-cup-size-p-33304.html HTTP/1.0" 301 69259 "-" "Mozilla/5.0 (compatible; bingbot/2.0; +http://www.bing.com/bingbot.htm)"
13.66.139.153 - - [11/Jan/2021:22:39:39 +0100] "GET /-p-20026.html HTTP/1.0" 200 69192 "-" "Mozilla/5.0 (compatible; bingbot/2.0; +http://www.bing.com/bingbot.htm)"
13.66.139.153 - - [11/Jan/2021:22:39:40 +0100] "GET /-p-30214.html HTTP/1.0" 200 69192 "-" "Mozilla/5.0 (compatible; bingbot/2.0; +http://www.bing.com/bingbot.htm)"
13.66.139.153 - - [11/Jan/2021:22:39:40 +0100] "GET /betty-boop-rectangular-metal-plate-p-12383.html HTTP/1.0" 200 69353 "-" "Mozilla/5.0 (compatible; bingbot/2.0; +http://www.bing.com/bingbot.htm)"
13.66.139.153 - - [11/Jan/2021:22:39:41 +0100] "GET /-p-21576.html HTTP/1.0" 200 69192 "-" "Mozilla/5.0 (compatible; bingbot/2.0; +http://www.bing.com/bingbot.htm)"
13.66.139.153 - - [11/Jan/2021:22:39:42 +0100] "GET /deco-horse-head-statue-p-33493.html HTTP/1.0" 200 69293 "-" "Mozilla/5.0 (compatible; bingbot/2.0; +http://www.bing.com/bingbot.htm)"
13.66.139.153 - - [11/Jan/2021:22:39:43 +0100] "GET /r2-d2-and-r2-q5-star-wars-salt-and-pepper-p-29268.html HTTP/1.0" 200 69388 "-" "Mozilla/5.0 (compatible; bingbot/2.0; +http://www.bing.com/bingbot.htm)"
185.191.171.45 - - [11/Jan/2021:22:39:49 +0100] "GET /teo-jasmin-inuit-small-melamine-tray-p-37941.html HTTP/1.0" 200 72014 "-" "Mozilla/5.0 (compatible; SemrushBot/7~bl; +http://www.semrush.com/bot.html)"
207.46.13.26 - - [11/Jan/2021:22:39:52 +0100] "GET /swfobject.js HTTP/1.0" 404 1308 "-" "Mozilla/5.0 (compatible; bingbot/2.0; +http://www.bing.com/bingbot.htm)"
185.191.171.9 - - [11/Jan/2021:22:39:57 +0100] "GET /accessories-c-3.html?page=26 HTTP/1.0" 200 88048 "-" "Mozilla/5.0 (compatible; SemrushBot/7~bl; +http://www.semrush.com/bot.html)"
185.191.171.10 - - [11/Jan/2021:22:40:22 +0100] "GET /tropical-ambience-table-lamp-33-cm-p-49886.html HTTP/1.0" 200 69322 "-" "Mozilla/5.0 (compatible; SemrushBot/7~bl; +http://www.semrush.com/bot.html)"
185.191.171.25 - - [11/Jan/2021:22:40:24 +0100] "GET /the-little-prince-eyeglass-case-p-45822.html HTTP/1.0" 200 71941 "-" "Mozilla/5.0 (compatible; SemrushBot/7~bl; +http://www.semrush.com/bot.html)"
66.249.66.66 - - [11/Jan/2021:22:41:17 +0100] "GET /gorjuss-ladybird-large-pencil-case-limited-edition-p-35136.html HTTP/1.0" 200 72776 "-" "Mozilla/5.0 (Linux; Android 6.0.1; Nexus 5X Build/MMB29P) AppleWebKit/537.36 (KHTML, like Gecko) Chrome/87.0.4280.90 Mobile Safari/537.36 (compatible; Googlebot/2.1; +http://www.google.com/bot.html)"
185.191.171.41 - - [11/Jan/2021:22:42:07 +0100] "GET /ceramic-bowl-in-relief-flemme-en-rose-p-47055.html HTTP/1.0" 200 71871 "-" "Mozilla/5.0 (compatible; SemrushBot/7~bl; +http://www.semrush.com/bot.html)"
54.36.148.87 - - [11/Jan/2021:22:42:18 +0100] "GET /ethnic-style-burlap-table-p-48451.html HTTP/1.0" 200 71815 "-" "Mozilla/5.0 (compatible; AhrefsBot/7.0; +http://ahrefs.com/robot/)"
185.191.171.19 - - [11/Jan/2021:22:42:20 +0100] "GET /flower-of-life-large-cabas-p-39394.html HTTP/1.0" 200 71903 "-" "Mozilla/5.0 (compatible; SemrushBot/7~bl; +http://www.semrush.com/bot.html)"
185.191.171.17 - - [11/Jan/2021:22:43:05 +0100] "GET /cement-tile-stickers-15-15-cm-p-50329.html HTTP/1.0" 200 72163 "-" "Mozilla/5.0 (compatible; SemrushBot/7~bl; +http://www.semrush.com/bot.html)"
185.191.171.8 - - [11/Jan/2021:22:43:23 +0100] "GET /isothermic-stainless-steel-bottle-cuba-by-cbkreation-p-51218.html HTTP/1.0" 200 72087 "-" "Mozilla/5.0 (compatible; SemrushBot/7~bl; +http://www.semrush.com/bot.html)"
185.191.171.3 - - [11/Jan/2021:22:43:27 +0100] "GET /noddy-blue-cap-p-14215.html HTTP/1.0" 301 69259 "-" "Mozilla/5.0 (compatible; SemrushBot/7~bl; +http://www.semrush.com/bot.html)"
114.119.154.200 - - [11/Jan/2021:22:43:28 +0100] "GET /images/big_prod/3014627949014.jpg HTTP/1.0" 200 268 "-" "Mozilla/5.0 (Linux; Android 7.0;) AppleWebKit/537.36 (KHTML, like Gecko) Mobile Safari/537.36 (compatible; PetalBot;+https://aspiegel.com/petalbot)"
185.191.171.6 - - [11/Jan/2021:22:43:29 +0100] "GET /-p-14215.html HTTP/1.0" 200 69192 "-" "Mozilla/5.0 (compatible; SemrushBot/7~bl; +http://www.semrush.com/bot.html)"
185.191.171.5 - - [11/Jan/2021:22:43:33 +0100] "GET /cars-mug-milk-p-27658.html HTTP/1.0" 200 71768 "-" "Mozilla/5.0 (compatible; SemrushBot/7~bl; +http://www.semrush.com/bot.html)"
13.66.139.14 - - [11/Jan/2021:22:43:41 +0100] "GET /cat-and-birds-small-ashtray-p-45762.html HTTP/1.0" 200 71869 "-" "Mozilla/5.0 (compatible; bingbot/2.0; +http://www.bing.com/bingbot.htm)"
13.66.139.14 - - [11/Jan/2021:22:43:42 +0100] "GET /cotton-kitchen-towel-allen-design-cat-wine-p-47658.html HTTP/1.0" 200 72640 "-" "Mozilla/5.0 (compatible; bingbot/2.0; +http://www.bing.com/bingbot.htm)"
13.66.139.14 - - [11/Jan/2021:22:43:43 +0100] "GET /toucan-money-box-12-cm-green-p-47935.html HTTP/1.0" 200 71900 "-" "Mozilla/5.0 (compatible; bingbot/2.0; +http://www.bing.com/bingbot.htm)"
13.66.139.14 - - [11/Jan/2021:22:43:44 +0100] "GET /white-home-sweet-home-perfume-diffuser-p-40551.html HTTP/1.0" 301 69259 "-" "Mozilla/5.0 (compatible; bingbot/2.0; +http://www.bing.com/bingbot.htm)"
13.66.139.14 - - [11/Jan/2021:22:43:45 +0100] "GET /charmmy-kitty-mattress-swimming-pool-p-5989.html HTTP/1.0" 200 71824 "-" "Mozilla/5.0 (compatible; bingbot/2.0; +http://www.bing.com/bingbot.htm)"
13.66.139.14 - - [11/Jan/2021:22:43:46 +0100] "GET /daisy-duck-set-of-hair-ornements-p-19277.html HTTP/1.0" 200 74489 "-" "Mozilla/5.0 (compatible; bingbot/2.0; +http://www.bing.com/bingbot.htm)"
13.66.139.14 - - [11/Jan/2021:22:43:47 +0100] "GET /coca-cola-red-round-pencil-case-p-12394.html HTTP/1.0" 200 71873 "-" "Mozilla/5.0 (compatible; bingbot/2.0; +http://www.bing.com/bingbot.htm)"
13.66.139.14 - - [11/Jan/2021:22:43:48 +0100] "GET /zodiac-high-ceramic-mug-p-30790.html HTTP/1.0" 200 71796 "-" "Mozilla/5.0 (compatible; bingbot/2.0; +http://www.bing.com/bingbot.htm)"
13.66.139.14 - - [11/Jan/2021:22:43:49 +0100] "GET /gorjuss-chronicles-wooden-brooch-ruby8203-p-38198.html HTTP/1.0" 200 73428 "-" "Mozilla/5.0 (compatible; bingbot/2.0; +http://www.bing.com/bingbot.htm)"
13.66.139.14 - - [11/Jan/2021:22:43:50 +0100] "GET /happy-colours-love-vinyl-beauty-bag-p-19009.html HTTP/1.0" 200 71845 "-" "Mozilla/5.0 (compatible; bingbot/2.0; +http://www.bing.com/bingbot.htm)"
13.66.139.14 - - [11/Jan/2021:22:43:51 +0100] "GET /hello-kitty-melamine-bowl-p-17118.html HTTP/1.0" 200 71941 "-" "Mozilla/5.0 (compatible; bingbot/2.0; +http://www.bing.com/bingbot.htm)"
13.66.139.14 - - [11/Jan/2021:22:43:52 +0100] "GET /hello-kitty-set-of-hair-ornements-p-13568.html HTTP/1.0" 200 72009 "-" "Mozilla/5.0 (compatible; bingbot/2.0; +http://www.bing.com/bingbot.htm)"
13.66.139.14 - - [11/Jan/2021:22:43:53 +0100] "GET /keith-haring-tote-bag-p-39089.html HTTP/1.0" 200 71867 "-" "Mozilla/5.0 (compatible; bingbot/2.0; +http://www.bing.com/bingbot.htm)"
13.66.139.14 - - [11/Jan/2021:22:43:54 +0100] "GET /kimmi-junior-sunshine-glass-p-15825.html HTTP/1.0" 200 71835 "-" "Mozilla/5.0 (compatible; bingbot/2.0; +http://www.bing.com/bingbot.htm)"
13.66.139.14 - - [11/Jan/2021:22:43:55 +0100] "GET /frozen-for-ever-poster-p-32316.html HTTP/1.0" 200 71849 "-" "Mozilla/5.0 (compatible; bingbot/2.0; +http://www.bing.com/bingbot.htm)"
185.191.171.21 - - [11/Jan/2021:22:43:56 +0100] "GET /hello-kitty-adult-umbrella-p-20510.html HTTP/1.0" 200 69313 "-" "Mozilla/5.0 (compatible; SemrushBot/7~bl; +http://www.semrush.com/bot.html)"
13.66.139.14 - - [11/Jan/2021:22:43:56 +0100] "GET /lagoona-blue-figure-p-22568.html HTTP/1.0" 200 71888 "-" "Mozilla/5.0 (compatible; bingbot/2.0; +http://www.bing.com/bingbot.htm)"
13.66.139.14 - - [11/Jan/2021:22:43:58 +0100] "GET /little-geisha-red-small-tea-box-p-39302.html HTTP/1.0" 200 72101 "-" "Mozilla/5.0 (compatible; bingbot/2.0; +http://www.bing.com/bingbot.htm)"
13.66.139.14 - - [11/Jan/2021:22:43:59 +0100] "GET /loovy-ground-sheet-45-75-cm-p-39032.html HTTP/1.0" 301 69259 "-" "Mozilla/5.0 (compatible; bingbot/2.0; +http://www.bing.com/bingbot.htm)"
13.66.139.14 - - [11/Jan/2021:22:44:00 +0100] "GET /bamboo-fiber-plant-cover-hummingbird-p-49555.html HTTP/1.0" 200 71947 "-" "Mozilla/5.0 (compatible; bingbot/2.0; +http://www.bing.com/bingbot.htm)"
13.66.139.14 - - [11/Jan/2021:22:44:00 +0100] "GET /owl-decoration-statuette-p-47104.html HTTP/1.0" 200 71887 "-" "Mozilla/5.0 (compatible; bingbot/2.0; +http://www.bing.com/bingbot.htm)"
13.66.139.14 - - [11/Jan/2021:22:44:01 +0100] "GET /pillow-case-65-65-cm-black-p-34836.html HTTP/1.0" 200 72089 "-" "Mozilla/5.0 (compatible; bingbot/2.0; +http://www.bing.com/bingbot.htm)"
207.46.13.26 - - [11/Jan/2021:22:44:02 +0100] "GET /swfobject.js HTTP/1.0" 404 1308 "-" "Mozilla/5.0 (compatible; bingbot/2.0; +http://www.bing.com/bingbot.htm)"
13.66.139.14 - - [11/Jan/2021:22:44:02 +0100] "GET /cats-cutty-door-plate-toilettes-p-50640.html HTTP/1.0" 200 71970 "-" "Mozilla/5.0 (compatible; bingbot/2.0; +http://www.bing.com/bingbot.htm)"
13.66.139.153 - - [11/Jan/2021:22:44:13 +0100] "GET /cement-tile-stickers-15-15-cm-beige-and-gold-p-45007.html HTTP/1.0" 200 72243 "-" "Mozilla/5.0 (compatible; bingbot/2.0; +http://www.bing.com/bingbot.htm)"
13.66.139.153 - - [11/Jan/2021:22:44:14 +0100] "GET /tweety-glitter-globe-p-5207.html HTTP/1.0" 200 71855 "-" "Mozilla/5.0 (compatible; bingbot/2.0; +http://www.bing.com/bingbot.htm)"
13.66.139.153 - - [11/Jan/2021:22:44:15 +0100] "GET /tribal-cow-white-tee-shirt-p-39393.html HTTP/1.0" 200 78151 "-" "Mozilla/5.0 (compatible; bingbot/2.0; +http://www.bing.com/bingbot.htm)"
13.66.139.153 - - [11/Jan/2021:22:44:16 +0100] "GET /embroidered-rectangular-tablecloth-kolam-140-140-cm-p-44469.html HTTP/1.0" 200 72721 "-" "Mozilla/5.0 (compatible; bingbot/2.0; +http://www.bing.com/bingbot.htm)"
13.66.139.153 - - [11/Jan/2021:22:44:16 +0100] "GET /white-wooden-tray-aged-appearance-15-15-cm-p-40590.html HTTP/1.0" 200 72064 "-" "Mozilla/5.0 (compatible; bingbot/2.0; +http://www.bing.com/bingbot.htm)"
13.66.139.153 - - [11/Jan/2021:22:44:17 +0100] "GET /despicable-me-large-flat-pocket-p-34125.html HTTP/1.0" 200 72004 "-" "Mozilla/5.0 (compatible; bingbot/2.0; +http://www.bing.com/bingbot.htm)"
13.66.139.153 - - [11/Jan/2021:22:44:18 +0100] "GET /volkswagen-bully-red-picnic-mats-p-31976.html HTTP/1.0" 200 72310 "-" "Mozilla/5.0 (compatible; bingbot/2.0; +http://www.bing.com/bingbot.htm)"
185.191.171.1 - - [11/Jan/2021:22:44:18 +0100] "GET /jewel-box-tree-of-life-p-48484.html HTTP/1.0" 200 72581 "-" "Mozilla/5.0 (compatible; SemrushBot/7~bl; +http://www.semrush.com/bot.html)"
13.66.139.153 - - [11/Jan/2021:22:44:19 +0100] "GET /cotton-floor-cushion-45-cm-londres-p-51079.html HTTP/1.0" 200 71900 "-" "Mozilla/5.0 (compatible; bingbot/2.0; +http://www.bing.com/bingbot.htm)"
13.66.139.153 - - [11/Jan/2021:22:44:20 +0100] "GET /suchard-deco-thermometer-p-17014.html HTTP/1.0" 200 73586 "-" "Mozilla/5.0 (compatible; bingbot/2.0; +http://www.bing.com/bingbot.htm)"
13.66.139.153 - - [11/Jan/2021:22:44:21 +0100] "GET /kimmidoll-airi-nail-files-p-31933.html HTTP/1.0" 200 71914 "-" "Mozilla/5.0 (compatible; bingbot/2.0; +http://www.bing.com/bingbot.htm)"
13.66.139.153 - - [11/Jan/2021:22:44:22 +0100] "GET /matriochka-white-women-tee-shirt-p-30987.html HTTP/1.0" 200 73889 "-" "Mozilla/5.0 (compatible; bingbot/2.0; +http://www.bing.com/bingbot.htm)"
13.66.139.153 - - [11/Jan/2021:22:44:23 +0100] "GET /microfiber-bolster-160-20-cm-p-39799.html HTTP/1.0" 200 71977 "-" "Mozilla/5.0 (compatible; bingbot/2.0; +http://www.bing.com/bingbot.htm)"
13.66.139.153 - - [11/Jan/2021:22:44:24 +0100] "GET /blue-moneybox-safe-p-40191.html HTTP/1.0" 200 71615 "-" "Mozilla/5.0 (compatible; bingbot/2.0; +http://www.bing.com/bingbot.htm)"
185.191.171.8 - - [11/Jan/2021:22:44:24 +0100] "GET /small-jar-candle-baubles-and-berries-p-53331.html HTTP/1.0" 200 72294 "-" "Mozilla/5.0 (compatible; SemrushBot/7~bl; +http://www.semrush.com/bot.html)"
13.66.139.153 - - [11/Jan/2021:22:44:25 +0100] "GET /pillow-case-65-65-cm-grey-p-34834.html HTTP/1.0" 200 72082 "-" "Mozilla/5.0 (compatible; bingbot/2.0; +http://www.bing.com/bingbot.htm)"
13.66.139.64 - - [11/Jan/2021:22:44:26 +0100] "GET /schleich-peanuts-snoopy-walking-p-35071.html HTTP/1.0" 200 72074 "-" "Mozilla/5.0 (compatible; bingbot/2.0; +http://www.bing.com/bingbot.htm)"
13.66.139.64 - - [11/Jan/2021:22:44:27 +0100] "GET /route-66-mini-magnet-mirror-p-19662.html HTTP/1.0" 200 71910 "-" "Mozilla/5.0 (compatible; bingbot/2.0; +http://www.bing.com/bingbot.htm)"
13.66.139.64 - - [11/Jan/2021:22:44:28 +0100] "GET /cafe-de-la-tour-paris-clock-p-10888.html HTTP/1.0" 200 71897 "-" "Mozilla/5.0 (compatible; bingbot/2.0; +http://www.bing.com/bingbot.htm)"
13.66.139.64 - - [11/Jan/2021:22:44:29 +0100] "GET /walking-dead-shirt-p-29586.html HTTP/1.0" 200 73490 "-" "Mozilla/5.0 (compatible; bingbot/2.0; +http://www.bing.com/bingbot.htm)"
13.66.139.64 - - [11/Jan/2021:22:44:30 +0100] "GET /vespa-pink-phone-cover-for-iphone-p-23052.html HTTP/1.0" 200 74855 "-" "Mozilla/5.0 (compatible; bingbot/2.0; +http://www.bing.com/bingbot.htm)"
13.66.139.64 - - [11/Jan/2021:22:44:31 +0100] "GET /volkswagen-small-metal-plate-p-29717.html HTTP/1.0" 200 71914 "-" "Mozilla/5.0 (compatible; bingbot/2.0; +http://www.bing.com/bingbot.htm)"
13.66.139.64 - - [11/Jan/2021:22:44:32 +0100] "GET /the-spongebob-wall-light-p-11192.html HTTP/1.0" 200 72030 "-" "Mozilla/5.0 (compatible; bingbot/2.0; +http://www.bing.com/bingbot.htm)"
13.66.139.64 - - [11/Jan/2021:22:44:33 +0100] "GET /strawberry-shortcake-poncho-years-p-31118.html HTTP/1.0" 200 73085 "-" "Mozilla/5.0 (compatible; bingbot/2.0; +http://www.bing.com/bingbot.htm)"
13.66.139.64 - - [11/Jan/2021:22:44:34 +0100] "GET /emoticon-cushion-30-cm-p-40453.html HTTP/1.0" 200 71827 "-" "Mozilla/5.0 (compatible; bingbot/2.0; +http://www.bing.com/bingbot.htm)"
13.66.139.64 - - [11/Jan/2021:22:44:35 +0100] "GET /decorative-wooden-mask-statue-105-cm-p-48039.html HTTP/1.0" 200 73088 "-" "Mozilla/5.0 (compatible; bingbot/2.0; +http://www.bing.com/bingbot.htm)"
13.66.139.64 - - [11/Jan/2021:22:44:36 +0100] "GET /kimmidoll-brush-p-44811.html HTTP/1.0" 200 71821 "-" "Mozilla/5.0 (compatible; bingbot/2.0; +http://www.bing.com/bingbot.htm)"
13.66.139.64 - - [11/Jan/2021:22:44:37 +0100] "GET /london-puzzles-by-nathalie-lete-p-27751.html HTTP/1.0" 200 72153 "-" "Mozilla/5.0 (compatible; bingbot/2.0; +http://www.bing.com/bingbot.htm)"
13.66.139.64 - - [11/Jan/2021:22:44:37 +0100] "GET /mat-for-bowls-les-toutous-flingueurs-p-46829.html HTTP/1.0" 200 71743 "-" "Mozilla/5.0 (compatible; bingbot/2.0; +http://www.bing.com/bingbot.htm)"
13.66.139.64 - - [11/Jan/2021:22:44:38 +0100] "GET /golden-buddha-incense-15-grams-or-about-15-sticks-p-35493.html HTTP/1.0" 200 72335 "-" "Mozilla/5.0 (compatible; bingbot/2.0; +http://www.bing.com/bingbot.htm)"
185.191.171.16 - - [11/Jan/2021:22:44:46 +0100] "GET /happy-colors-creativity-mini-mug-p-22336.html HTTP/1.0" 200 69343 "-" "Mozilla/5.0 (compatible; SemrushBot/7~bl; +http://www.semrush.com/bot.html)"
185.191.171.2 - - [11/Jan/2021:22:45:32 +0100] "GET /stationery-and-cardmaking-c-129.html?page=34 HTTP/1.0" 200 90803 "-" "Mozilla/5.0 (compatible; SemrushBot/7~bl; +http://www.semrush.com/bot.html)"
40.77.167.56 - - [11/Jan/2021:22:45:36 +0100] "GET /kimmidoll-doll-10-cm-p-47588.html HTTP/1.0" 200 69283 "-" "Mozilla/5.0 (compatible; bingbot/2.0; +http://www.bing.com/bingbot.htm)"
185.191.171.1 - - [11/Jan/2021:22:45:41 +0100] "GET /household-linen-c-11.html?page=60 HTTP/1.0" 200 91501 "-" "Mozilla/5.0 (compatible; SemrushBot/7~bl; +http://www.semrush.com/bot.html)"
185.191.171.33 - - [11/Jan/2021:22:46:00 +0100] "GET /protecting-cotton-pillow-60-60-cm-boil-p-48984.html HTTP/1.0" 200 72043 "-" "Mozilla/5.0 (compatible; SemrushBot/7~bl; +http://www.semrush.com/bot.html)"
54.36.148.82 - - [11/Jan/2021:22:46:11 +0100] "GET /stainless-steel-piece-barbecue-set-p-41218.html HTTP/1.0" 200 71983 "-" "Mozilla/5.0 (compatible; AhrefsBot/7.0; +http://ahrefs.com/robot/)"
185.191.171.34 - - [11/Jan/2021:22:46:31 +0100] "GET /boat-decoration-with-rowers-63-cm-p-48293.html HTTP/1.0" 301 69259 "-" "Mozilla/5.0 (compatible; SemrushBot/7~bl; +http://www.semrush.com/bot.html)"
185.191.171.40 - - [11/Jan/2021:22:46:44 +0100] "GET /petit-akio-led-night-light-cloud-p-46403.html HTTP/1.0" 200 73004 "-" "Mozilla/5.0 (compatible; SemrushBot/7~bl; +http://www.semrush.com/bot.html)"
54.36.148.85 - - [11/Jan/2021:22:46:48 +0100] "GET /la-coq-sportif-blue-messenger-bag-p-35852.html HTTP/1.0" 301 69259 "-" "Mozilla/5.0 (compatible; AhrefsBot/7.0; +http://ahrefs.com/robot/)"
185.191.171.20 - - [11/Jan/2021:22:47:00 +0100] "GET /decoration-pen-musical-notes-p-21331.html HTTP/1.0" 200 72059 "-" "Mozilla/5.0 (compatible; SemrushBot/7~bl; +http://www.semrush.com/bot.html)"
185.191.171.35 - - [11/Jan/2021:22:47:02 +0100] "GET /usa-black-tee-shirt-p-33743.html HTTP/1.0" 200 73776 "-" "Mozilla/5.0 (compatible; SemrushBot/7~bl; +http://www.semrush.com/bot.html)"
40.77.167.56 - - [11/Jan/2021:22:47:13 +0100] "GET /ceramic-planter-turquoise-blue-large-model-p-52571.html HTTP/1.0" 200 72723 "-" "Mozilla/5.0 (compatible; bingbot/2.0; +http://www.bing.com/bingbot.htm)"
114.119.154.200 - - [11/Jan/2021:22:47:52 +0100] "GET /images/mini_prod/4036113231303.jpg HTTP/1.0" 200 269 "-" "Mozilla/5.0 (Linux; Android 7.0;) AppleWebKit/537.36 (KHTML, like Gecko) Mobile Safari/537.36 (compatible; PetalBot;+https://aspiegel.com/petalbot)"
185.191.171.34 - - [11/Jan/2021:22:47:52 +0100] "GET /winnie-the-pooh-bath-towel-p-10121.html HTTP/1.0" 200 71987 "-" "Mozilla/5.0 (compatible; SemrushBot/7~bl; +http://www.semrush.com/bot.html)"
185.191.171.8 - - [11/Jan/2021:22:48:02 +0100] "GET /topmodel-expanding-organiser-file-p-43030.html HTTP/1.0" 200 69348 "-" "Mozilla/5.0 (compatible; SemrushBot/7~bl; +http://www.semrush.com/bot.html)"
185.191.171.23 - - [11/Jan/2021:22:48:26 +0100] "GET /memory-pillow-60-60-cm-p-39086.html HTTP/1.0" 200 72510 "-" "Mozilla/5.0 (compatible; SemrushBot/7~bl; +http://www.semrush.com/bot.html)"
185.191.171.11 - - [11/Jan/2021:22:48:42 +0100] "GET /green-moonstone-sold-by-weight-115-grs-p-48725.html HTTP/1.0" 200 69322 "-" "Mozilla/5.0 (compatible; SemrushBot/7~bl; +http://www.semrush.com/bot.html)"
185.191.171.5 - - [11/Jan/2021:22:49:03 +0100] "GET /mustache-white-women-tee-shirt-p-31174.html HTTP/1.0" 200 73876 "-" "Mozilla/5.0 (compatible; SemrushBot/7~bl; +http://www.semrush.com/bot.html)"
51.68.224.127 - - [11/Jan/2021:22:49:16 +0100] "GET /adminweb/export_orders_xml.php?token=256de2z6edz6ed2z6DFSFsed2zed6zeDSFDSGdzedezfzf&maxorders=10&orderstart=1&status=14&start_date=2018-10-01 HTTP/1.0" 200 285 "-" "GesCom CharlotteBoutik Serveur"
51.68.224.127 - - [11/Jan/2021:22:49:16 +0100] "GET /adminweb/export_orders_xml.php?token=256de2z6edz6ed2z6DFSFsed2zed6zeDSFDSGdzedezfzf&maxorders=10&orderstart=1&status=6&start_date=2018-10-01 HTTP/1.0" 200 29990 "-" "GesCom CharlotteBoutik Serveur"
185.191.171.34 - - [11/Jan/2021:22:49:23 +0100] "GET /mani-the-lucky-cat-figurine-11-cm-p-49897.html HTTP/1.0" 200 72202 "-" "Mozilla/5.0 (compatible; SemrushBot/7~bl; +http://www.semrush.com/bot.html)"
185.191.171.26 - - [11/Jan/2021:22:49:28 +0100] "GET /curtain-eyelet-lin-washed-140-280-cm-white-p-48134.html HTTP/1.0" 200 69381 "-" "Mozilla/5.0 (compatible; SemrushBot/7~bl; +http://www.semrush.com/bot.html)"
207.46.13.239 - - [11/Jan/2021:22:49:29 +0100] "GET /dishes/suitcase-lunch-and-lunch-box/taz-lunch-bag-p-10531.html HTTP/1.0" 301 635 "-" "Mozilla/5.0 (compatible; bingbot/2.0; +http://www.bing.com/bingbot.htm)"
54.36.148.107 - - [11/Jan/2021:22:49:54 +0100] "GET /peace-and-love-shirt-by-cbk-p-30070.html HTTP/1.0" 301 69259 "-" "Mozilla/5.0 (compatible; AhrefsBot/7.0; +http://ahrefs.com/robot/)"
13.66.139.64 - - [11/Jan/2021:22:50:09 +0100] "GET /marine-laundry-basket-black-and-white-50-cm-p-48829.html HTTP/1.0" 200 72874 "-" "Mozilla/5.0 (compatible; bingbot/2.0; +http://www.bing.com/bingbot.htm)"
54.36.148.242 - - [11/Jan/2021:22:50:12 +0100] "GET /one-wax-melt-heart-and-home-cedarwood-white-musk-p-52812.html HTTP/1.0" 200 73260 "-" "Mozilla/5.0 (compatible; AhrefsBot/7.0; +http://ahrefs.com/robot/)"
185.191.171.34 - - [11/Jan/2021:22:50:19 +0100] "GET /keel-toys-plush-pipp-the-panda-15-cm-p-51010.html HTTP/1.0" 200 72019 "-" "Mozilla/5.0 (compatible; SemrushBot/7~bl; +http://www.semrush.com/bot.html)"
185.191.171.42 - - [11/Jan/2021:22:50:58 +0100] "GET /coca-cola-black-metal-plate-30-20-cm-p-37157.html HTTP/1.0" 200 71953 "-" "Mozilla/5.0 (compatible; SemrushBot/7~bl; +http://www.semrush.com/bot.html)"
185.191.171.7 - - [11/Jan/2021:22:51:02 +0100] "GET /mini-motsu-keel-toys-plush-p-46189.html HTTP/1.0" 200 69313 "-" "Mozilla/5.0 (compatible; SemrushBot/7~bl; +http://www.semrush.com/bot.html)"
185.191.171.43 - - [11/Jan/2021:22:51:03 +0100] "GET /robots.txt HTTP/1.0" 301 531 "-" "Mozilla/5.0 (compatible; SemrushBot/7~bl; +http://www.semrush.com/bot.html)"
185.191.171.34 - - [11/Jan/2021:22:51:04 +0100] "GET /robots.txt HTTP/1.0" 200 245 "-" "Mozilla/5.0 (compatible; SemrushBot/7~bl; +http://www.semrush.com/bot.html)"
185.191.171.22 - - [11/Jan/2021:22:51:04 +0100] "GET /luggages-schoolbags-leather-shop/bagshandbags-shoulder-bags/vespa-small-bag-p-23051.html HTTP/1.0" 301 687 "-" "Mozilla/5.0 (compatible; SemrushBot/7~bl; +http://www.semrush.com/bot.html)"
185.191.171.8 - - [11/Jan/2021:22:51:04 +0100] "GET /luggages-schoolbags-leather-shop/bagshandbags-shoulder-bags/vespa-small-bag-p-23051.html HTTP/1.0" 301 69259 "-" "Mozilla/5.0 (compatible; SemrushBot/7~bl; +http://www.semrush.com/bot.html)"
185.191.171.2 - - [11/Jan/2021:22:51:06 +0100] "GET /-p-23051.html HTTP/1.0" 200 69192 "-" "Mozilla/5.0 (compatible; SemrushBot/7~bl; +http://www.semrush.com/bot.html)"
185.191.171.4 - - [11/Jan/2021:22:51:38 +0100] "GET /lot-of-mirrors-with-floral-inspiration-p-52925.html HTTP/1.0" 200 72098 "-" "Mozilla/5.0 (compatible; SemrushBot/7~bl; +http://www.semrush.com/bot.html)"
185.191.171.16 - - [11/Jan/2021:22:52:04 +0100] "GET /bmw-large-metal-plate-deco-p-31679.html HTTP/1.0" 200 71860 "-" "Mozilla/5.0 (compatible; SemrushBot/7~bl; +http://www.semrush.com/bot.html)"
185.191.171.34 - - [11/Jan/2021:22:52:15 +0100] "GET /robots.txt HTTP/1.0" 200 245 "-" "Mozilla/5.0 (compatible; SemrushBot/7~bl; +http://www.semrush.com/bot.html)"
185.191.171.11 - - [11/Jan/2021:22:52:16 +0100] "GET /set-of-glitter-glue-washable-crayola-p-19380.html HTTP/1.0" 200 69369 "-" "Mozilla/5.0 (compatible; SemrushBot/7~bl; +http://www.semrush.com/bot.html)"
114.119.132.105 - - [11/Jan/2021:22:52:18 +0100] "GET /mickal-statue-in-polyresin-175-cm-p-51745.html HTTP/1.0" 200 71999 "-" "Mozilla/5.0 (Linux; Android 7.0;) AppleWebKit/537.36 (KHTML, like Gecko) Mobile Safari/537.36 (compatible; PetalBot;+https://aspiegel.com/petalbot)"
185.191.171.13 - - [11/Jan/2021:22:52:38 +0100] "GET /massai-round-side-table-p-51938.html HTTP/1.0" 200 69274 "-" "Mozilla/5.0 (compatible; SemrushBot/7~bl; +http://www.semrush.com/bot.html)"
185.191.171.41 - - [11/Jan/2021:22:52:52 +0100] "GET /luggages-schoolbags-leather-shop-c-31.html?page=85 HTTP/1.0" 200 82907 "-" "Mozilla/5.0 (compatible; SemrushBot/7~bl; +http://www.semrush.com/bot.html)"
40.77.167.56 - - [11/Jan/2021:22:53:05 +0100] "GET /paul-frank-black-briefcase-p-7068.html HTTP/1.0" 200 72074 "-" "Mozilla/5.0 (compatible; bingbot/2.0; +http://www.bing.com/bingbot.htm)"
185.191.171.10 - - [11/Jan/2021:22:53:16 +0100] "GET /the-simpsons-tee-shirt-p-29593.html HTTP/1.0" 200 73231 "-" "Mozilla/5.0 (compatible; SemrushBot/7~bl; +http://www.semrush.com/bot.html)"
13.66.139.64 - - [11/Jan/2021:22:53:32 +0100] "GET /-p-15705.html HTTP/1.0" 200 69192 "-" "Mozilla/5.0 (compatible; bingbot/2.0; +http://www.bing.com/bingbot.htm)"
66.249.66.64 - - [11/Jan/2021:22:53:56 +0100] "GET /images/big_prod/8424346049424.jpg HTTP/1.0" 200 268 "-" "Googlebot-Image/1.0"
66.249.66.95 - - [11/Jan/2021:22:54:04 +0100] "GET /images/big_prod/a4542202656297.jpg HTTP/1.0" 200 269 "-" "Googlebot-Image/1.0"
185.191.171.17 - - [11/Jan/2021:22:54:10 +0100] "GET /tinker-bell-mini-figurine-by-romero-britto-p-32583.html HTTP/1.0" 200 72953 "-" "Mozilla/5.0 (compatible; SemrushBot/7~bl; +http://www.semrush.com/bot.html)"
54.36.148.183 - - [11/Jan/2021:22:54:20 +0100] "GET /amazon-love-glasses-case-blue-p-50270.html HTTP/1.0" 200 72909 "-" "Mozilla/5.0 (compatible; AhrefsBot/7.0; +http://ahrefs.com/robot/)"
185.191.171.34 - - [11/Jan/2021:22:54:34 +0100] "GET /blue-moneybox-safe-p-40191.html HTTP/1.0" 200 71615 "-" "Mozilla/5.0 (compatible; SemrushBot/7~bl; +http://www.semrush.com/bot.html)"
185.191.171.7 - - [11/Jan/2021:22:54:43 +0100] "GET /cement-tile-stickers-15-15-cm-blue-p-45003.html HTTP/1.0" 200 72194 "-" "Mozilla/5.0 (compatible; SemrushBot/7~bl; +http://www.semrush.com/bot.html)"
157.55.39.22 - - [11/Jan/2021:22:54:58 +0100] "GET /ball-lamp-in-polished-pebbles-of-rock-crystal-13-cm-p-47200.html HTTP/1.0" 200 72965 "-" "Mozilla/5.0 (compatible; bingbot/2.0; +http://www.bing.com/bingbot.htm)"
185.191.171.22 - - [11/Jan/2021:22:55:16 +0100] "GET /wall-decoration-in-wood-and-mdf-c-13_274.html?page=9 HTTP/1.0" 200 94091 "-" "Mozilla/5.0 (compatible; SemrushBot/7~bl; +http://www.semrush.com/bot.html)"
185.191.171.7 - - [11/Jan/2021:22:55:26 +0100] "GET /on-ne-dit-pas-set-of-coasters-p-42564.html HTTP/1.0" 200 71845 "-" "Mozilla/5.0 (compatible; SemrushBot/7~bl; +http://www.semrush.com/bot.html)"
185.191.171.1 - - [11/Jan/2021:22:55:33 +0100] "GET /cats-dubout-placemat-p-27370.html HTTP/1.0" 200 71840 "-" "Mozilla/5.0 (compatible; SemrushBot/7~bl; +http://www.semrush.com/bot.html)"
207.46.13.229 - - [11/Jan/2021:22:55:43 +0100] "GET /images/1300010240281.jpg HTTP/1.0" 200 259 "-" "Mozilla/5.0 (compatible; bingbot/2.0; +http://www.bing.com/bingbot.htm)"
185.191.171.10 - - [11/Jan/2021:22:55:48 +0100] "GET /metal-bell-hanging-lamp-p-45420.html HTTP/1.0" 200 71928 "-" "Mozilla/5.0 (compatible; SemrushBot/7~bl; +http://www.semrush.com/bot.html)"
185.191.171.21 - - [11/Jan/2021:22:55:51 +0100] "GET /disney-princess-belive-poster-p-37819.html HTTP/1.0" 200 71917 "-" "Mozilla/5.0 (compatible; SemrushBot/7~bl; +http://www.semrush.com/bot.html)"
157.55.39.110 - - [11/Jan/2021:22:55:57 +0100] "GET /glitter-adhesive-roll-45-150-cm-multicolored-tiles-p-47308.html HTTP/1.0" 200 72223 "-" "Mozilla/5.0 (compatible; bingbot/2.0; +http://www.bing.com/bingbot.htm)"
185.191.171.11 - - [11/Jan/2021:22:56:20 +0100] "GET /lord-brian-london-tea-box-compartments-p-39521.html HTTP/1.0" 200 69342 "-" "Mozilla/5.0 (compatible; SemrushBot/7~bl; +http://www.semrush.com/bot.html)"
13.66.139.14 - - [11/Jan/2021:22:56:23 +0100] "GET /-m-79.html HTTP/1.0" 200 90701 "-" "Mozilla/5.0 (compatible; bingbot/2.0; +http://www.bing.com/bingbot.htm)"
185.191.171.11 - - [11/Jan/2021:22:56:34 +0100] "GET /white-skeleton-statuette-nothing-said-p-46101.html HTTP/1.0" 200 71994 "-" "Mozilla/5.0 (compatible; SemrushBot/7~bl; +http://www.semrush.com/bot.html)"
114.119.130.202 - - [11/Jan/2021:22:56:45 +0100] "GET /images/mini_prod/5018997752937.jpg HTTP/1.0" 200 269 "-" "Mozilla/5.0 (Linux; Android 7.0;) AppleWebKit/537.36 (KHTML, like Gecko) Mobile Safari/537.36 (compatible; PetalBot;+https://aspiegel.com/petalbot)"
185.191.171.43 - - [11/Jan/2021:22:56:53 +0100] "GET /light-wood-pave-lamp-and-neo-vintage-bulb-p-52170.html HTTP/1.0" 200 72705 "-" "Mozilla/5.0 (compatible; SemrushBot/7~bl; +http://www.semrush.com/bot.html)"
95.163.255.121 - - [11/Jan/2021:22:57:21 +0100] "GET /robots.txt HTTP/1.0" 200 245 "-" "Mozilla/5.0 (compatible; Linux x86_64; Mail.RU_Bot/Img/2.0; +http://go.mail.ru/help/robots)"
95.163.255.130 - - [11/Jan/2021:22:57:24 +0100] "GET /images/big_prod/8435333820513.jpg HTTP/1.0" 200 268 "http://go.mail.ru/search_images" "Mozilla/5.0 (compatible; Linux x86_64; Mail.RU_Bot/Img/2.0; +http://go.mail.ru/help/robots)"
185.191.171.10 - - [11/Jan/2021:22:57:42 +0100] "GET /barbabelle-small-coin-purse-p-16803.html HTTP/1.0" 200 71994 "-" "Mozilla/5.0 (compatible; SemrushBot/7~bl; +http://www.semrush.com/bot.html)"
185.191.171.34 - - [11/Jan/2021:22:58:14 +0100] "GET /la-vache-qui-rit-large-metal-plate-30-40-cm-p-27380.html HTTP/1.0" 200 71980 "-" "Mozilla/5.0 (compatible; SemrushBot/7~bl; +http://www.semrush.com/bot.html)"
54.36.149.38 - - [11/Jan/2021:22:58:44 +0100] "GET /amazon-love-glasses-case-pink-p-50267.html HTTP/1.0" 200 72909 "-" "Mozilla/5.0 (compatible; AhrefsBot/7.0; +http://ahrefs.com/robot/)"
185.191.171.24 - - [11/Jan/2021:22:58:56 +0100] "GET /laissez-lucie-faire-make-up-kit-wendy-p-49000.html HTTP/1.0" 200 69330 "-" "Mozilla/5.0 (compatible; SemrushBot/7~bl; +http://www.semrush.com/bot.html)"
185.191.171.43 - - [11/Jan/2021:22:58:59 +0100] "GET /dishes-c-12.html?page=125 HTTP/1.0" 200 91053 "-" "Mozilla/5.0 (compatible; SemrushBot/7~bl; +http://www.semrush.com/bot.html)"
185.191.171.8 - - [11/Jan/2021:22:59:18 +0100] "GET /brave-merida-plastic-plate-p-17134.html HTTP/1.0" 200 71981 "-" "Mozilla/5.0 (compatible; SemrushBot/7~bl; +http://www.semrush.com/bot.html)"
185.191.171.20 - - [11/Jan/2021:22:59:24 +0100] "GET /you-miss-me-bedclothes-240-220-cm-p-39154.html HTTP/1.0" 200 71962 "-" "Mozilla/5.0 (compatible; SemrushBot/7~bl; +http://www.semrush.com/bot.html)"
185.191.171.26 - - [11/Jan/2021:22:59:26 +0100] "GET /jar-candle-heart-and-home-tuscan-fig-p-53333.html HTTP/1.0" 200 72505 "-" "Mozilla/5.0 (compatible; SemrushBot/7~bl; +http://www.semrush.com/bot.html)"
66.249.66.64 - - [11/Jan/2021:22:59:29 +0100] "GET /the-spongebob-3d-clock-p-12220.html HTTP/1.0" 200 71822 "-" "Mozilla/5.0 (Linux; Android 6.0.1; Nexus 5X Build/MMB29P) AppleWebKit/537.36 (KHTML, like Gecko) Chrome/87.0.4280.90 Mobile Safari/537.36 (compatible; Googlebot/2.1; +http://www.google.com/bot.html)"
185.191.171.7 - - [11/Jan/2021:23:00:12 +0100] "GET /buddhist-bracelet-wooden-beads-orange-p-37668.html HTTP/1.0" 200 71881 "-" "Mozilla/5.0 (compatible; SemrushBot/7~bl; +http://www.semrush.com/bot.html)"
66.249.66.132 - - [11/Jan/2021:23:00:53 +0100] "GET /plush-froggy-yoopy-star-16-cm-p-42702.html HTTP/1.0" 200 71991 "-" "Mozilla/5.0 (Linux; Android 6.0.1; Nexus 5X Build/MMB29P) AppleWebKit/537.36 (KHTML, like Gecko) Chrome/87.0.4280.90 Mobile Safari/537.36 (compatible; Googlebot/2.1; +http://www.google.com/bot.html)"
114.119.132.105 - - [11/Jan/2021:23:01:10 +0100] "GET /images/big_prod/4029811386529.jpg HTTP/1.0" 200 268 "-" "Mozilla/5.0 (Linux; Android 7.0;) AppleWebKit/537.36 (KHTML, like Gecko) Mobile Safari/537.36 (compatible; PetalBot;+https://aspiegel.com/petalbot)"
185.191.171.34 - - [11/Jan/2021:23:01:35 +0100] "GET /set-cap-scarf-and-gloves-bratz-yellow-color-p-22128.html HTTP/1.0" 200 72160 "-" "Mozilla/5.0 (compatible; SemrushBot/7~bl; +http://www.semrush.com/bot.html)"
103.131.71.28 - - [11/Jan/2021:23:01:37 +0100] "GET /robots.txt HTTP/1.0" 301 531 "-" "Mozilla/5.0 (compatible; coccocbot-image/1.0; +http://help.coccoc.com/searchengine)"
103.131.71.28 - - [11/Jan/2021:23:01:41 +0100] "GET /robots.txt HTTP/1.0" 200 245 "-" "Mozilla/5.0 (compatible; coccocbot-image/1.0; +http://help.coccoc.com/searchengine)"
103.131.71.27 - - [11/Jan/2021:23:01:44 +0100] "GET /robots.txt HTTP/1.0" 200 245 "-" "Mozilla/5.0 (compatible; coccocbot-image/1.0; +http://help.coccoc.com/searchengine)"
