157.55.39.22 - - [11/Jan/2021:06:16:12 +0100] "GET /images/b1399984237205.jpg HTTP/1.0" 200 260 "-" "Mozilla/5.0 (compatible; bingbot/2.0; +http://www.bing.com/bingbot.htm)"
207.46.13.229 - - [11/Jan/2021:06:16:17 +0100] "GET /images/big_prod/1384010204337.jpg HTTP/1.0" 200 268 "-" "Mozilla/5.0 (compatible; bingbot/2.0; +http://www.bing.com/bingbot.htm)"
185.191.171.34 - - [11/Jan/2021:06:16:47 +0100] "GET /florialys-fragrance-in-provence-divine-rose-p-48504.html HTTP/1.0" 200 72157 "-" "Mozilla/5.0 (compatible; SemrushBot/7~bl; +http://www.semrush.com/bot.html)"
185.191.171.25 - - [11/Jan/2021:06:16:49 +0100] "GET /whisky-set-of-cork-coasters-p-39783.html HTTP/1.0" 200 69324 "-" "Mozilla/5.0 (compatible; SemrushBot/7~bl; +http://www.semrush.com/bot.html)"
207.46.13.36 - - [11/Jan/2021:06:16:52 +0100] "GET /images/big_prod_1/3700407618576B.jpg HTTP/1.0" 200 271 "-" "Mozilla/5.0 (compatible; bingbot/2.0; +http://www.bing.com/bingbot.htm)"
66.249.66.95 - - [11/Jan/2021:06:17:01 +0100] "GET /bowls-c-12_60.html HTTP/1.0" 200 91532 "-" "Mozilla/5.0 (compatible; Googlebot/2.1; +http://www.google.com/bot.html)"
207.46.13.36 - - [11/Jan/2021:06:17:13 +0100] "GET /stationery-and-cardmaking/stationery-school-supplies/disney-princess-crayola-set-color-number-p-16622.html HTTP/1.0" 301 69259 "-" "Mozilla/5.0 (compatible; bingbot/2.0; +http://www.bing.com/bingbot.htm)"
207.46.13.239 - - [11/Jan/2021:06:17:31 +0100] "GET /images/med_prod/1384010178683.jpg HTTP/1.0" 200 268 "-" "Mozilla/5.0 (compatible; bingbot/2.0; +http://www.bing.com/bingbot.htm)"
185.191.171.11 - - [11/Jan/2021:06:18:06 +0100] "GET /espresso-retro-deco-thermometer-p-27631.html HTTP/1.0" 200 71970 "-" "Mozilla/5.0 (compatible; SemrushBot/7~bl; +http://www.semrush.com/bot.html)"
185.191.171.12 - - [11/Jan/2021:06:18:27 +0100] "GET /cbkreation-toiletry-bag-p-40656.html HTTP/1.0" 200 71955 "-" "Mozilla/5.0 (compatible; SemrushBot/7~bl; +http://www.semrush.com/bot.html)"
185.191.171.42 - - [11/Jan/2021:06:18:33 +0100] "GET /kori-kumi-cover-for-ipad-mini-p-30488.html HTTP/1.0" 200 72065 "-" "Mozilla/5.0 (compatible; SemrushBot/7~bl; +http://www.semrush.com/bot.html)"
185.191.171.14 - - [11/Jan/2021:06:18:40 +0100] "GET /specials.php?page=73 HTTP/1.0" 200 129147 "-" "Mozilla/5.0 (compatible; SemrushBot/7~bl; +http://www.semrush.com/bot.html)"
207.46.13.26 - - [11/Jan/2021:06:18:46 +0100] "GET /-p-24435.html HTTP/1.0" 200 69192 "-" "Mozilla/5.0 (compatible; bingbot/2.0; +http://www.bing.com/bingbot.htm)"
185.191.171.39 - - [11/Jan/2021:06:18:59 +0100] "GET /candytuft-flower-fairies-teapot-p-40075.html HTTP/1.0" 200 73570 "-" "Mozilla/5.0 (compatible; SemrushBot/7~bl; +http://www.semrush.com/bot.html)"
185.191.171.4 - - [11/Jan/2021:06:19:08 +0100] "GET /mme-beaute-photo-frame-p-12686.html HTTP/1.0" 200 71840 "-" "Mozilla/5.0 (compatible; SemrushBot/7~bl; +http://www.semrush.com/bot.html)"
40.77.167.56 - - [11/Jan/2021:06:19:09 +0100] "GET /images/big_prod/5701359740665.jpg HTTP/1.0" 200 268 "-" "Mozilla/5.0 (compatible; bingbot/2.0; +http://www.bing.com/bingbot.htm)"
114.119.147.45 - - [11/Jan/2021:06:20:07 +0100] "GET /images/big_prod/8435465002016.jpg HTTP/1.0" 200 268 "-" "Mozilla/5.0 (Linux; Android 7.0;) AppleWebKit/537.36 (KHTML, like Gecko) Mobile Safari/537.36 (compatible; PetalBot;+https://aspiegel.com/petalbot)"
185.191.171.24 - - [11/Jan/2021:06:20:13 +0100] "GET /despicable-me-bag-lunch-box-and-bottle-p-35776.html HTTP/1.0" 200 69336 "-" "Mozilla/5.0 (compatible; SemrushBot/7~bl; +http://www.semrush.com/bot.html)"
40.77.167.56 - - [11/Jan/2021:06:20:19 +0100] "GET /images/med_prod/8422535858628.jpg HTTP/1.0" 200 268 "-" "Mozilla/5.0 (compatible; bingbot/2.0; +http://www.bing.com/bingbot.htm)"
157.55.39.22 - - [11/Jan/2021:06:20:23 +0100] "GET /images/1300010240380.jpg HTTP/1.0" 200 259 "-" "Mozilla/5.0 (compatible; bingbot/2.0; +http://www.bing.com/bingbot.htm)"
185.191.171.25 - - [11/Jan/2021:06:20:23 +0100] "GET /blue-and-gold-owl-statuette-16-cm-p-35431.html HTTP/1.0" 200 69348 "-" "Mozilla/5.0 (compatible; SemrushBot/7~bl; +http://www.semrush.com/bot.html)"
185.191.171.45 - - [11/Jan/2021:06:20:25 +0100] "GET /suitcase-braiding-and-imitation-leather-715-cm-p-49990.html HTTP/1.0" 200 72932 "-" "Mozilla/5.0 (compatible; SemrushBot/7~bl; +http://www.semrush.com/bot.html)"
54.36.148.9 - - [11/Jan/2021:06:20:26 +0100] "GET /shower-curtain-c-11_168.html HTTP/1.0" 200 89216 "-" "Mozilla/5.0 (compatible; AhrefsBot/7.0; +http://ahrefs.com/robot/)"
40.77.167.56 - - [11/Jan/2021:06:20:28 +0100] "GET /us-route-66-wastebasket-p-32904.html HTTP/1.0" 200 71837 "-" "Mozilla/5.0 (compatible; bingbot/2.0; +http://www.bing.com/bingbot.htm)"
207.46.13.26 - - [11/Jan/2021:06:20:56 +0100] "GET /cachepot-with-floral-reliefs-gray-29-cm-p-51102.html HTTP/1.0" 200 72260 "-" "Mozilla/5.0 (compatible; bingbot/2.0; +http://www.bing.com/bingbot.htm)"
185.191.171.14 - - [11/Jan/2021:06:21:14 +0100] "GET /gorjuss-the-dreamer-rectangular-keyring-p-25959.html HTTP/1.0" 200 72083 "-" "Mozilla/5.0 (compatible; SemrushBot/7~bl; +http://www.semrush.com/bot.html)"
66.249.66.66 - - [11/Jan/2021:06:21:40 +0100] "GET /images/mini_prod/3574642576584.jpg HTTP/1.0" 200 269 "-" "Googlebot-Image/1.0"
40.77.167.56 - - [11/Jan/2021:06:21:47 +0100] "GET /images/DSCN4044.jpg HTTP/1.0" 200 254 "-" "Mozilla/5.0 (compatible; bingbot/2.0; +http://www.bing.com/bingbot.htm)"
207.46.13.229 - - [11/Jan/2021:06:21:51 +0100] "GET /-p-31131.html HTTP/1.0" 200 69192 "-" "Mozilla/5.0 (compatible; bingbot/2.0; +http://www.bing.com/bingbot.htm)"
185.191.171.34 - - [11/Jan/2021:06:21:52 +0100] "GET /james-towel-90-170-cm-p-39104.html HTTP/1.0" 200 71842 "-" "Mozilla/5.0 (compatible; SemrushBot/7~bl; +http://www.semrush.com/bot.html)"
157.55.39.22 - - [11/Jan/2021:06:22:15 +0100] "GET /cats-by-dubout-paperweight-p-43669.html HTTP/1.0" 200 72263 "-" "Mozilla/5.0 (compatible; bingbot/2.0; +http://www.bing.com/bingbot.htm)"
185.191.171.16 - - [11/Jan/2021:06:22:23 +0100] "GET /esotericism-lithotherapy-c-174.html?page=2 HTTP/1.0" 200 90247 "-" "Mozilla/5.0 (compatible; SemrushBot/7~bl; +http://www.semrush.com/bot.html)"
185.191.171.10 - - [11/Jan/2021:06:22:25 +0100] "GET /gorjuss-teacup-and-saucer-ladybird-ruby-set-of-teacups-p-46966.html HTTP/1.0" 200 74333 "-" "Mozilla/5.0 (compatible; SemrushBot/7~bl; +http://www.semrush.com/bot.html)"
178.151.245.174 - - [11/Jan/2021:06:22:25 +0100] "GET /robots.txt HTTP/1.0" 200 245 "-" "Mozilla/5.0 (compatible; MJ12bot/v1.4.8; http://mj12bot.com/)"
185.191.171.7 - - [11/Jan/2021:06:22:27 +0100] "GET /make-it-happen-isothermic-stainless-steel-bottle-by-allen-p-52007.html HTTP/1.0" 200 72133 "-" "Mozilla/5.0 (compatible; SemrushBot/7~bl; +http://www.semrush.com/bot.html)"
178.151.245.174 - - [11/Jan/2021:06:22:35 +0100] "GET /-p-1009.html HTTP/1.0" 200 69190 "-" "Mozilla/5.0 (compatible; MJ12bot/v1.4.8; http://mj12bot.com/)"
157.55.39.110 - - [11/Jan/2021:06:22:38 +0100] "GET /images/big_prod/1304038301146.jpg HTTP/1.0" 200 268 "-" "Mozilla/5.0 (compatible; bingbot/2.0; +http://www.bing.com/bingbot.htm)"
185.191.171.17 - - [11/Jan/2021:06:22:42 +0100] "GET /window-stickers-butterflies-p-49968.html HTTP/1.0" 200 71910 "-" "Mozilla/5.0 (compatible; SemrushBot/7~bl; +http://www.semrush.com/bot.html)"
178.151.245.174 - - [11/Jan/2021:06:22:50 +0100] "GET /-p-1010.html HTTP/1.0" 200 69190 "-" "Mozilla/5.0 (compatible; MJ12bot/v1.4.8; http://mj12bot.com/)"
185.191.171.1 - - [11/Jan/2021:06:22:52 +0100] "GET /support-metal-bottle-the-old-car-p-34483.html HTTP/1.0" 200 71959 "-" "Mozilla/5.0 (compatible; SemrushBot/7~bl; +http://www.semrush.com/bot.html)"
185.191.171.40 - - [11/Jan/2021:06:22:56 +0100] "GET /kimmidoll-naomi-pen-p-25975.html HTTP/1.0" 200 71927 "-" "Mozilla/5.0 (compatible; SemrushBot/7~bl; +http://www.semrush.com/bot.html)"
185.191.171.3 - - [11/Jan/2021:06:22:58 +0100] "GET /ganesh-statue-28-cm-p-41998.html HTTP/1.0" 200 71865 "-" "Mozilla/5.0 (compatible; SemrushBot/7~bl; +http://www.semrush.com/bot.html)"
178.151.245.174 - - [11/Jan/2021:06:23:02 +0100] "GET /-p-1013.html HTTP/1.0" 200 69190 "-" "Mozilla/5.0 (compatible; MJ12bot/v1.4.8; http://mj12bot.com/)"
207.46.13.36 - - [11/Jan/2021:06:23:13 +0100] "GET /images/med_prod/1384010184271.jpg HTTP/1.0" 200 268 "-" "Mozilla/5.0 (compatible; bingbot/2.0; +http://www.bing.com/bingbot.htm)"
178.151.245.174 - - [11/Jan/2021:06:23:15 +0100] "GET /-p-10131.html HTTP/1.0" 200 69192 "-" "Mozilla/5.0 (compatible; MJ12bot/v1.4.8; http://mj12bot.com/)"
185.191.171.34 - - [11/Jan/2021:06:23:25 +0100] "GET /black-decorative-game-dice-p-49250.html HTTP/1.0" 200 71899 "-" "Mozilla/5.0 (compatible; SemrushBot/7~bl; +http://www.semrush.com/bot.html)"
178.151.245.174 - - [11/Jan/2021:06:23:25 +0100] "GET /-p-1014.html HTTP/1.0" 200 69190 "-" "Mozilla/5.0 (compatible; MJ12bot/v1.4.8; http://mj12bot.com/)"
185.191.171.37 - - [11/Jan/2021:06:23:33 +0100] "GET /guimard-bedclothes-220-240-cm-p-49345.html HTTP/1.0" 301 69259 "-" "Mozilla/5.0 (compatible; SemrushBot/7~bl; +http://www.semrush.com/bot.html)"
185.191.171.18 - - [11/Jan/2021:06:23:35 +0100] "GET /-p-49345.html HTTP/1.0" 200 69192 "-" "Mozilla/5.0 (compatible; SemrushBot/7~bl; +http://www.semrush.com/bot.html)"
178.151.245.174 - - [11/Jan/2021:06:23:36 +0100] "GET /-p-10179.html HTTP/1.0" 200 69192 "-" "Mozilla/5.0 (compatible; MJ12bot/v1.4.8; http://mj12bot.com/)"
178.151.245.174 - - [11/Jan/2021:06:23:43 +0100] "GET /-p-10184.html HTTP/1.0" 200 69192 "-" "Mozilla/5.0 (compatible; MJ12bot/v1.4.8; http://mj12bot.com/)"
185.191.171.15 - - [11/Jan/2021:06:23:50 +0100] "GET /zodiac-black-women-tee-shirt-p-30813.html HTTP/1.0" 200 73832 "-" "Mozilla/5.0 (compatible; SemrushBot/7~bl; +http://www.semrush.com/bot.html)"
185.191.171.1 - - [11/Jan/2021:06:23:53 +0100] "GET /zen-canvas-frame-40-40-cm-p-38508.html HTTP/1.0" 200 71927 "-" "Mozilla/5.0 (compatible; SemrushBot/7~bl; +http://www.semrush.com/bot.html)"
178.151.245.174 - - [11/Jan/2021:06:23:57 +0100] "GET /-p-1020.html HTTP/1.0" 200 69190 "-" "Mozilla/5.0 (compatible; MJ12bot/v1.4.8; http://mj12bot.com/)"
185.191.171.1 - - [11/Jan/2021:06:24:01 +0100] "GET /waterproof-polyester-mattress-protector-160-200-25-cm-p-49343.html HTTP/1.0" 200 72129 "-" "Mozilla/5.0 (compatible; SemrushBot/7~bl; +http://www.semrush.com/bot.html)"
178.151.245.174 - - [11/Jan/2021:06:24:05 +0100] "GET /-p-1021.html HTTP/1.0" 200 69190 "-" "Mozilla/5.0 (compatible; MJ12bot/v1.4.8; http://mj12bot.com/)"
178.151.245.174 - - [11/Jan/2021:06:24:16 +0100] "GET /-p-10278.html HTTP/1.0" 200 69192 "-" "Mozilla/5.0 (compatible; MJ12bot/v1.4.8; http://mj12bot.com/)"
114.119.154.200 - - [11/Jan/2021:06:24:22 +0100] "GET /images/mini_prod/3609810098879NN.jpg HTTP/1.0" 200 271 "-" "Mozilla/5.0 (Linux; Android 7.0;) AppleWebKit/537.36 (KHTML, like Gecko) Mobile Safari/537.36 (compatible; PetalBot;+https://aspiegel.com/petalbot)"
178.151.245.174 - - [11/Jan/2021:06:24:23 +0100] "GET /-p-1028.html HTTP/1.0" 200 69190 "-" "Mozilla/5.0 (compatible; MJ12bot/v1.4.8; http://mj12bot.com/)"
178.151.245.174 - - [11/Jan/2021:06:24:40 +0100] "GET /-p-10282.html HTTP/1.0" 200 69192 "-" "Mozilla/5.0 (compatible; MJ12bot/v1.4.8; http://mj12bot.com/)"
178.151.245.174 - - [11/Jan/2021:06:24:50 +0100] "GET /-p-10421.html HTTP/1.0" 200 69192 "-" "Mozilla/5.0 (compatible; MJ12bot/v1.4.8; http://mj12bot.com/)"
178.151.245.174 - - [11/Jan/2021:06:24:57 +0100] "GET /-p-1043.html HTTP/1.0" 200 69190 "-" "Mozilla/5.0 (compatible; MJ12bot/v1.4.8; http://mj12bot.com/)"
185.191.171.40 - - [11/Jan/2021:06:24:57 +0100] "GET /zen-wooden-wall-decoration-to-hang-p-41526.html HTTP/1.0" 200 72036 "-" "Mozilla/5.0 (compatible; SemrushBot/7~bl; +http://www.semrush.com/bot.html)"
178.151.245.174 - - [11/Jan/2021:06:25:03 +0100] "GET /-p-10441.html HTTP/1.0" 200 69192 "-" "Mozilla/5.0 (compatible; MJ12bot/v1.4.8; http://mj12bot.com/)"
54.36.149.65 - - [11/Jan/2021:06:25:08 +0100] "GET /dishes-c-12.html?page=3 HTTP/1.0" 200 90530 "-" "Mozilla/5.0 (compatible; AhrefsBot/7.0; +http://ahrefs.com/robot/)"
178.151.245.174 - - [11/Jan/2021:06:25:10 +0100] "GET /-p-1049.html HTTP/1.0" 200 69190 "-" "Mozilla/5.0 (compatible; MJ12bot/v1.4.8; http://mj12bot.com/)"
185.191.171.9 - - [11/Jan/2021:06:25:12 +0100] "GET /spiderman-bust-bank-p-30237.html HTTP/1.0" 200 71804 "-" "Mozilla/5.0 (compatible; SemrushBot/7~bl; +http://www.semrush.com/bot.html)"
178.151.245.174 - - [11/Jan/2021:06:25:19 +0100] "GET /-p-1050.html HTTP/1.0" 200 69190 "-" "Mozilla/5.0 (compatible; MJ12bot/v1.4.8; http://mj12bot.com/)"
178.151.245.174 - - [11/Jan/2021:06:25:29 +0100] "GET /-p-10527.html HTTP/1.0" 200 69192 "-" "Mozilla/5.0 (compatible; MJ12bot/v1.4.8; http://mj12bot.com/)"
185.191.171.40 - - [11/Jan/2021:06:25:29 +0100] "GET /lille-losc-kids-school-bag-p-41163.html HTTP/1.0" 200 69286 "-" "Mozilla/5.0 (compatible; SemrushBot/7~bl; +http://www.semrush.com/bot.html)"
178.151.245.174 - - [11/Jan/2021:06:25:39 +0100] "GET /-p-10533.html HTTP/1.0" 200 69192 "-" "Mozilla/5.0 (compatible; MJ12bot/v1.4.8; http://mj12bot.com/)"
51.68.224.127 - - [11/Jan/2021:06:25:42 +0100] "GET /adminweb/export_orders_xml.php?token=256de2z6edz6ed2z6DFSFsed2zed6zeDSFDSGdzedezfzf&maxorders=10&orderstart=1&status=14&start_date=2018-10-01 HTTP/1.0" 200 285 "-" "GesCom CharlotteBoutik Serveur"
51.68.224.127 - - [11/Jan/2021:06:25:42 +0100] "GET /adminweb/export_orders_xml.php?token=256de2z6edz6ed2z6DFSFsed2zed6zeDSFDSGdzedezfzf&maxorders=10&orderstart=1&status=6&start_date=2018-10-01 HTTP/1.0" 200 29990 "-" "GesCom CharlotteBoutik Serveur"
178.151.245.174 - - [11/Jan/2021:06:25:47 +0100] "GET /-p-10534.html HTTP/1.0" 200 69192 "-" "Mozilla/5.0 (compatible; MJ12bot/v1.4.8; http://mj12bot.com/)"
185.191.171.18 - - [11/Jan/2021:06:25:53 +0100] "GET /travel-documents-set-cb-passport-and-boarding-pass-p-47347.html HTTP/1.0" 200 72879 "-" "Mozilla/5.0 (compatible; SemrushBot/7~bl; +http://www.semrush.com/bot.html)"
185.191.171.39 - - [11/Jan/2021:06:25:56 +0100] "GET /spiderman-large-trolley-p-15135.html HTTP/1.0" 200 69274 "-" "Mozilla/5.0 (compatible; SemrushBot/7~bl; +http://www.semrush.com/bot.html)"
178.151.245.174 - - [11/Jan/2021:06:25:57 +0100] "GET /-p-10535.html HTTP/1.0" 200 69192 "-" "Mozilla/5.0 (compatible; MJ12bot/v1.4.8; http://mj12bot.com/)"
178.151.245.174 - - [11/Jan/2021:06:26:06 +0100] "GET /-p-10536.html HTTP/1.0" 200 69192 "-" "Mozilla/5.0 (compatible; MJ12bot/v1.4.8; http://mj12bot.com/)"
185.191.171.23 - - [11/Jan/2021:06:26:16 +0100] "GET /teo-jasmin-companion-portfolio-p-44800.html HTTP/1.0" 200 69302 "-" "Mozilla/5.0 (compatible; SemrushBot/7~bl; +http://www.semrush.com/bot.html)"
178.151.245.174 - - [11/Jan/2021:06:26:16 +0100] "GET /-p-10538.html HTTP/1.0" 200 69192 "-" "Mozilla/5.0 (compatible; MJ12bot/v1.4.8; http://mj12bot.com/)"
178.151.245.174 - - [11/Jan/2021:06:26:26 +0100] "GET /-p-10539.html HTTP/1.0" 200 69192 "-" "Mozilla/5.0 (compatible; MJ12bot/v1.4.8; http://mj12bot.com/)"
178.151.245.174 - - [11/Jan/2021:06:26:34 +0100] "GET /-p-10540.html HTTP/1.0" 200 69192 "-" "Mozilla/5.0 (compatible; MJ12bot/v1.4.8; http://mj12bot.com/)"
185.191.171.2 - - [11/Jan/2021:06:26:34 +0100] "GET /champagne-kitchen-apron-p-36649.html HTTP/1.0" 200 69298 "-" "Mozilla/5.0 (compatible; SemrushBot/7~bl; +http://www.semrush.com/bot.html)"
185.191.171.37 - - [11/Jan/2021:06:26:50 +0100] "GET /provence-enamelled-key-ring-p-46909.html HTTP/1.0" 200 72495 "-" "Mozilla/5.0 (compatible; SemrushBot/7~bl; +http://www.semrush.com/bot.html)"
178.151.245.174 - - [11/Jan/2021:06:26:51 +0100] "GET /-p-10541.html HTTP/1.0" 200 69192 "-" "Mozilla/5.0 (compatible; MJ12bot/v1.4.8; http://mj12bot.com/)"
185.191.171.23 - - [11/Jan/2021:06:26:58 +0100] "GET /tetsubin-green-teapot-japanese-06-liter-p-38415.html HTTP/1.0" 200 72177 "-" "Mozilla/5.0 (compatible; SemrushBot/7~bl; +http://www.semrush.com/bot.html)"
178.151.245.174 - - [11/Jan/2021:06:26:58 +0100] "GET /-p-10542.html HTTP/1.0" 200 69192 "-" "Mozilla/5.0 (compatible; MJ12bot/v1.4.8; http://mj12bot.com/)"
66.249.66.66 - - [11/Jan/2021:06:27:07 +0100] "GET /klimt-little-tray-p-51680.html HTTP/1.0" 200 71853 "-" "Mozilla/5.0 (Linux; Android 6.0.1; Nexus 5X Build/MMB29P) AppleWebKit/537.36 (KHTML, like Gecko) Chrome/87.0.4280.90 Mobile Safari/537.36 (compatible; Googlebot/2.1; +http://www.google.com/bot.html)"
178.151.245.174 - - [11/Jan/2021:06:27:15 +0100] "GET /-p-10568.html HTTP/1.0" 200 69192 "-" "Mozilla/5.0 (compatible; MJ12bot/v1.4.8; http://mj12bot.com/)"
178.151.245.174 - - [11/Jan/2021:06:27:25 +0100] "GET /-p-10569.html HTTP/1.0" 200 69192 "-" "Mozilla/5.0 (compatible; MJ12bot/v1.4.8; http://mj12bot.com/)"
185.191.171.9 - - [11/Jan/2021:06:27:26 +0100] "GET /sukhasana-chakras-wooden-plate-40-cm-p-46223.html HTTP/1.0" 200 71962 "-" "Mozilla/5.0 (compatible; SemrushBot/7~bl; +http://www.semrush.com/bot.html)"
178.151.245.174 - - [11/Jan/2021:06:27:34 +0100] "GET /-p-1057.html HTTP/1.0" 200 69190 "-" "Mozilla/5.0 (compatible; MJ12bot/v1.4.8; http://mj12bot.com/)"
185.191.171.2 - - [11/Jan/2021:06:27:35 +0100] "GET /teo-jasmin-large-cabas-morioka-p-43139.html HTTP/1.0" 200 72790 "-" "Mozilla/5.0 (compatible; SemrushBot/7~bl; +http://www.semrush.com/bot.html)"
178.151.245.174 - - [11/Jan/2021:06:27:41 +0100] "GET /-p-10577.html HTTP/1.0" 200 69192 "-" "Mozilla/5.0 (compatible; MJ12bot/v1.4.8; http://mj12bot.com/)"
178.151.245.174 - - [11/Jan/2021:06:27:48 +0100] "GET /-p-1058.html HTTP/1.0" 200 69190 "-" "Mozilla/5.0 (compatible; MJ12bot/v1.4.8; http://mj12bot.com/)"
185.191.171.42 - - [11/Jan/2021:06:27:48 +0100] "GET /salt-boxes-and-jars-c-12_223.html HTTP/1.0" 200 89152 "-" "Mozilla/5.0 (compatible; SemrushBot/7~bl; +http://www.semrush.com/bot.html)"
178.151.245.174 - - [11/Jan/2021:06:28:06 +0100] "GET /-p-1059.html HTTP/1.0" 200 69190 "-" "Mozilla/5.0 (compatible; MJ12bot/v1.4.8; http://mj12bot.com/)"
178.151.245.174 - - [11/Jan/2021:06:28:12 +0100] "GET /-p-1063.html HTTP/1.0" 200 69190 "-" "Mozilla/5.0 (compatible; MJ12bot/v1.4.8; http://mj12bot.com/)"
178.151.245.174 - - [11/Jan/2021:06:28:26 +0100] "GET /-p-1068.html HTTP/1.0" 200 69190 "-" "Mozilla/5.0 (compatible; MJ12bot/v1.4.8; http://mj12bot.com/)"
178.151.245.174 - - [11/Jan/2021:06:28:34 +0100] "GET /-p-10682.html HTTP/1.0" 200 69192 "-" "Mozilla/5.0 (compatible; MJ12bot/v1.4.8; http://mj12bot.com/)"
178.151.245.174 - - [11/Jan/2021:06:28:41 +0100] "GET /-p-1073.html HTTP/1.0" 200 69190 "-" "Mozilla/5.0 (compatible; MJ12bot/v1.4.8; http://mj12bot.com/)"
114.119.129.36 - - [11/Jan/2021:06:28:45 +0100] "GET /images/big_prod_2/8719497615384b.jpg HTTP/1.0" 200 271 "-" "Mozilla/5.0 (Linux; Android 7.0;) AppleWebKit/537.36 (KHTML, like Gecko) Mobile Safari/537.36 (compatible; PetalBot;+https://aspiegel.com/petalbot)"
178.151.245.174 - - [11/Jan/2021:06:28:48 +0100] "GET /-p-1081.html HTTP/1.0" 200 69190 "-" "Mozilla/5.0 (compatible; MJ12bot/v1.4.8; http://mj12bot.com/)"
40.77.167.56 - - [11/Jan/2021:06:28:51 +0100] "GET /images/1300010240403.jpg HTTP/1.0" 200 259 "-" "Mozilla/5.0 (compatible; bingbot/2.0; +http://www.bing.com/bingbot.htm)"
178.151.245.174 - - [11/Jan/2021:06:28:56 +0100] "GET /-p-10826.html HTTP/1.0" 200 69192 "-" "Mozilla/5.0 (compatible; MJ12bot/v1.4.8; http://mj12bot.com/)"
178.151.245.174 - - [11/Jan/2021:06:29:04 +0100] "GET /-p-10851.html HTTP/1.0" 200 69192 "-" "Mozilla/5.0 (compatible; MJ12bot/v1.4.8; http://mj12bot.com/)"
185.191.171.5 - - [11/Jan/2021:06:29:07 +0100] "GET /household-linen-c-11.html?page=53 HTTP/1.0" 200 91622 "-" "Mozilla/5.0 (compatible; SemrushBot/7~bl; +http://www.semrush.com/bot.html)"
178.151.245.174 - - [11/Jan/2021:06:29:13 +0100] "GET /-p-10854.html HTTP/1.0" 200 69192 "-" "Mozilla/5.0 (compatible; MJ12bot/v1.4.8; http://mj12bot.com/)"
17.58.101.147 - - [11/Jan/2021:06:29:23 +0100] "GET /images/mini_prod/1384010202876.jpg HTTP/1.0" 200 269 "-" "Mozilla/5.0 (Macintosh; Intel Mac OS X 10_15_5) AppleWebKit/605.1.15 (KHTML, like Gecko) Version/13.1.1 Safari/605.1.15 (Applebot/0.1; +http://www.apple.com/go/applebot)"
178.151.245.174 - - [11/Jan/2021:06:29:23 +0100] "GET /-p-10856.html HTTP/1.0" 200 69192 "-" "Mozilla/5.0 (compatible; MJ12bot/v1.4.8; http://mj12bot.com/)"
178.151.245.174 - - [11/Jan/2021:06:29:33 +0100] "GET /-p-1087.html HTTP/1.0" 200 69190 "-" "Mozilla/5.0 (compatible; MJ12bot/v1.4.8; http://mj12bot.com/)"
178.151.245.174 - - [11/Jan/2021:06:29:39 +0100] "GET /-p-10875.html HTTP/1.0" 200 69192 "-" "Mozilla/5.0 (compatible; MJ12bot/v1.4.8; http://mj12bot.com/)"
178.151.245.174 - - [11/Jan/2021:06:29:50 +0100] "GET /-p-1089.html HTTP/1.0" 200 69190 "-" "Mozilla/5.0 (compatible; MJ12bot/v1.4.8; http://mj12bot.com/)"
178.151.245.174 - - [11/Jan/2021:06:30:04 +0100] "GET /-p-10914.html HTTP/1.0" 200 69192 "-" "Mozilla/5.0 (compatible; MJ12bot/v1.4.8; http://mj12bot.com/)"
157.55.39.220 - - [11/Jan/2021:06:30:05 +0100] "GET /-p-17646.html HTTP/1.0" 200 69192 "-" "Mozilla/5.0 (compatible; bingbot/2.0; +http://www.bing.com/bingbot.htm)"
54.36.148.17 - - [11/Jan/2021:06:30:11 +0100] "GET /dishes-c-12.html?page=4 HTTP/1.0" 200 89881 "-" "Mozilla/5.0 (compatible; AhrefsBot/7.0; +http://ahrefs.com/robot/)"
178.151.245.174 - - [11/Jan/2021:06:30:13 +0100] "GET /-p-10924.html HTTP/1.0" 200 69192 "-" "Mozilla/5.0 (compatible; MJ12bot/v1.4.8; http://mj12bot.com/)"
185.191.171.45 - - [11/Jan/2021:06:30:16 +0100] "GET /gemini-clasic-keyring-by-cbkreation-p-43249.html HTTP/1.0" 200 71982 "-" "Mozilla/5.0 (compatible; SemrushBot/7~bl; +http://www.semrush.com/bot.html)"
185.191.171.18 - - [11/Jan/2021:06:30:18 +0100] "GET /mustache-green-liberty-cushion-p-16236.html HTTP/1.0" 200 72310 "-" "Mozilla/5.0 (compatible; SemrushBot/7~bl; +http://www.semrush.com/bot.html)"
178.151.245.174 - - [11/Jan/2021:06:30:19 +0100] "GET /-p-10972.html HTTP/1.0" 200 69192 "-" "Mozilla/5.0 (compatible; MJ12bot/v1.4.8; http://mj12bot.com/)"
185.191.171.39 - - [11/Jan/2021:06:30:23 +0100] "GET /boxes-and-storage-box-c-13_150.html?page=12 HTTP/1.0" 200 94000 "-" "Mozilla/5.0 (compatible; SemrushBot/7~bl; +http://www.semrush.com/bot.html)"
178.151.245.174 - - [11/Jan/2021:06:30:33 +0100] "GET /-p-11084.html HTTP/1.0" 200 69192 "-" "Mozilla/5.0 (compatible; MJ12bot/v1.4.8; http://mj12bot.com/)"
185.191.171.41 - - [11/Jan/2021:06:30:33 +0100] "GET /mini-motsu-christmas-keel-toys-plush-p-50314.html HTTP/1.0" 200 69326 "-" "Mozilla/5.0 (compatible; SemrushBot/7~bl; +http://www.semrush.com/bot.html)"
178.151.245.174 - - [11/Jan/2021:06:30:42 +0100] "GET /-p-11087.html HTTP/1.0" 200 69192 "-" "Mozilla/5.0 (compatible; MJ12bot/v1.4.8; http://mj12bot.com/)"
178.151.245.174 - - [11/Jan/2021:06:30:52 +0100] "GET /-p-11088.html HTTP/1.0" 200 69192 "-" "Mozilla/5.0 (compatible; MJ12bot/v1.4.8; http://mj12bot.com/)"
178.151.245.174 - - [11/Jan/2021:06:31:00 +0100] "GET /-p-11089.html HTTP/1.0" 200 69192 "-" "Mozilla/5.0 (compatible; MJ12bot/v1.4.8; http://mj12bot.com/)"
185.191.171.23 - - [11/Jan/2021:06:31:03 +0100] "GET /brazil-by-cbkreation-mug-p-24119.html HTTP/1.0" 200 71827 "-" "Mozilla/5.0 (compatible; SemrushBot/7~bl; +http://www.semrush.com/bot.html)"
207.46.13.36 - - [11/Jan/2021:06:31:04 +0100] "GET /images/med_prod/1384010182819.jpg HTTP/1.0" 200 268 "-" "Mozilla/5.0 (compatible; bingbot/2.0; +http://www.bing.com/bingbot.htm)"
185.191.171.34 - - [11/Jan/2021:06:31:07 +0100] "GET /retro-ceramic-flatware-20-15-cm-retro-combi-p-42153.html HTTP/1.0" 200 72037 "-" "Mozilla/5.0 (compatible; SemrushBot/7~bl; +http://www.semrush.com/bot.html)"
185.191.171.5 - - [11/Jan/2021:06:31:09 +0100] "GET /teddy-bear-christmas-tree-decoration-cm-p-49647.html HTTP/1.0" 200 72004 "-" "Mozilla/5.0 (compatible; SemrushBot/7~bl; +http://www.semrush.com/bot.html)"
178.151.245.174 - - [11/Jan/2021:06:31:10 +0100] "GET /-p-11090.html HTTP/1.0" 200 69192 "-" "Mozilla/5.0 (compatible; MJ12bot/v1.4.8; http://mj12bot.com/)"
178.151.245.174 - - [11/Jan/2021:06:31:16 +0100] "GET /-p-11091.html HTTP/1.0" 200 69192 "-" "Mozilla/5.0 (compatible; MJ12bot/v1.4.8; http://mj12bot.com/)"
178.151.245.174 - - [11/Jan/2021:06:31:25 +0100] "GET /-p-11188.html HTTP/1.0" 200 69192 "-" "Mozilla/5.0 (compatible; MJ12bot/v1.4.8; http://mj12bot.com/)"
185.191.171.43 - - [11/Jan/2021:06:31:30 +0100] "GET /hot-dogs-wooden-wall-decoration-to-hang-p-36039.html HTTP/1.0" 200 69338 "-" "Mozilla/5.0 (compatible; SemrushBot/7~bl; +http://www.semrush.com/bot.html)"
178.151.245.174 - - [11/Jan/2021:06:31:36 +0100] "GET /-p-11190.html HTTP/1.0" 200 69192 "-" "Mozilla/5.0 (compatible; MJ12bot/v1.4.8; http://mj12bot.com/)"
178.151.245.174 - - [11/Jan/2021:06:31:42 +0100] "GET /-p-11225.html HTTP/1.0" 200 69192 "-" "Mozilla/5.0 (compatible; MJ12bot/v1.4.8; http://mj12bot.com/)"
207.46.13.26 - - [11/Jan/2021:06:31:50 +0100] "GET /swfobject.js HTTP/1.0" 404 1308 "-" "Mozilla/5.0 (compatible; bingbot/2.0; +http://www.bing.com/bingbot.htm)"
178.151.245.174 - - [11/Jan/2021:06:31:55 +0100] "GET /-p-11265.html HTTP/1.0" 200 69192 "-" "Mozilla/5.0 (compatible; MJ12bot/v1.4.8; http://mj12bot.com/)"
207.46.13.239 - - [11/Jan/2021:06:32:07 +0100] "GET /images/big_prod_1/a5018997632116.jpg HTTP/1.0" 200 271 "-" "Mozilla/5.0 (compatible; bingbot/2.0; +http://www.bing.com/bingbot.htm)"
207.46.13.239 - - [11/Jan/2021:06:32:07 +0100] "GET /jewel-box-om-p-48485.html HTTP/1.0" 200 72481 "-" "Mozilla/5.0 (compatible; bingbot/2.0; +http://www.bing.com/bingbot.htm)"
178.151.245.174 - - [11/Jan/2021:06:32:09 +0100] "GET /-p-11280.html HTTP/1.0" 200 69192 "-" "Mozilla/5.0 (compatible; MJ12bot/v1.4.8; http://mj12bot.com/)"
185.191.171.24 - - [11/Jan/2021:06:32:17 +0100] "GET /elmer-apron-p-41572.html HTTP/1.0" 200 72010 "-" "Mozilla/5.0 (compatible; SemrushBot/7~bl; +http://www.semrush.com/bot.html)"
178.151.245.174 - - [11/Jan/2021:06:32:19 +0100] "GET /-p-11281.html HTTP/1.0" 200 69192 "-" "Mozilla/5.0 (compatible; MJ12bot/v1.4.8; http://mj12bot.com/)"
178.151.245.174 - - [11/Jan/2021:06:32:31 +0100] "GET /-p-11282.html HTTP/1.0" 200 69192 "-" "Mozilla/5.0 (compatible; MJ12bot/v1.4.8; http://mj12bot.com/)"
185.191.171.21 - - [11/Jan/2021:06:32:31 +0100] "GET /beige-bunny-plush-28-cm-p-25884.html HTTP/1.0" 200 71668 "-" "Mozilla/5.0 (compatible; SemrushBot/7~bl; +http://www.semrush.com/bot.html)"
207.46.13.36 - - [11/Jan/2021:06:32:33 +0100] "GET /images/med_prod/4029811331451.jpg HTTP/1.0" 200 268 "-" "Mozilla/5.0 (compatible; bingbot/2.0; +http://www.bing.com/bingbot.htm)"
185.191.171.3 - - [11/Jan/2021:06:32:39 +0100] "GET /buddha-decorative-statue-255-cm-p-38542.html HTTP/1.0" 200 71974 "-" "Mozilla/5.0 (compatible; SemrushBot/7~bl; +http://www.semrush.com/bot.html)"
178.151.245.174 - - [11/Jan/2021:06:32:41 +0100] "GET /-p-11283.html HTTP/1.0" 200 69192 "-" "Mozilla/5.0 (compatible; MJ12bot/v1.4.8; http://mj12bot.com/)"
185.191.171.43 - - [11/Jan/2021:06:32:45 +0100] "GET /mug-with-spoon-van-gogh-terrasse-du-cafe-le-soir-p-48224.html HTTP/1.0" 200 72609 "-" "Mozilla/5.0 (compatible; SemrushBot/7~bl; +http://www.semrush.com/bot.html)"
178.151.245.174 - - [11/Jan/2021:06:32:49 +0100] "GET /-p-11284.html HTTP/1.0" 200 69192 "-" "Mozilla/5.0 (compatible; MJ12bot/v1.4.8; http://mj12bot.com/)"
178.151.245.174 - - [11/Jan/2021:06:33:00 +0100] "GET /-p-11285.html HTTP/1.0" 200 69192 "-" "Mozilla/5.0 (compatible; MJ12bot/v1.4.8; http://mj12bot.com/)"
185.191.171.15 - - [11/Jan/2021:06:33:01 +0100] "GET /chakras-wooden-plate-39-cm-p-46227.html HTTP/1.0" 200 71883 "-" "Mozilla/5.0 (compatible; SemrushBot/7~bl; +http://www.semrush.com/bot.html)"
114.119.150.15 - - [11/Jan/2021:06:33:08 +0100] "GET /images/mini_prod/4036113461014.jpg HTTP/1.0" 200 269 "-" "Mozilla/5.0 (Linux; Android 7.0;) AppleWebKit/537.36 (KHTML, like Gecko) Mobile Safari/537.36 (compatible; PetalBot;+https://aspiegel.com/petalbot)"
178.151.245.174 - - [11/Jan/2021:06:33:15 +0100] "GET /-p-11286.html HTTP/1.0" 200 69192 "-" "Mozilla/5.0 (compatible; MJ12bot/v1.4.8; http://mj12bot.com/)"
178.151.245.174 - - [11/Jan/2021:06:33:25 +0100] "GET /-p-11287.html HTTP/1.0" 200 69192 "-" "Mozilla/5.0 (compatible; MJ12bot/v1.4.8; http://mj12bot.com/)"
178.151.245.174 - - [11/Jan/2021:06:33:33 +0100] "GET /-p-11288.html HTTP/1.0" 200 69192 "-" "Mozilla/5.0 (compatible; MJ12bot/v1.4.8; http://mj12bot.com/)"
17.58.101.147 - - [11/Jan/2021:06:33:36 +0100] "GET /avengers-placemat-p-37537.html HTTP/1.0" 200 69268 "-" "Mozilla/5.0 (Macintosh; Intel Mac OS X 10_15_5) AppleWebKit/605.1.15 (KHTML, like Gecko) Version/13.1.1 Safari/605.1.15 (Applebot/0.1; +http://www.apple.com/go/applebot)"
178.151.245.174 - - [11/Jan/2021:06:33:37 +0100] "GET /-p-11290.html HTTP/1.0" 200 69192 "-" "Mozilla/5.0 (compatible; MJ12bot/v1.4.8; http://mj12bot.com/)"
221.163.177.186 - - [11/Jan/2021:06:33:48 +0100] "GET /-m-7.html?page=14 HTTP/1.0" 200 78829 "-" "Mozilla/5.0 (iPhone; CPU iPhone OS 14_3 like Mac OS X) AppleWebKit/605.1.15 (KHTML, like Gecko) Version/14.0.2 Mobile/15E148 Safari/604.1"
221.163.177.186 - - [11/Jan/2021:06:33:49 +0100] "GET /templates/Pixame_v1/stylesheet.css HTTP/1.0" 200 267 "http://www.wonder-geek.com/-m-7.html?page=14" "Mozilla/5.0 (iPhone; CPU iPhone OS 14_3 like Mac OS X) AppleWebKit/605.1.15 (KHTML, like Gecko) Version/14.0.2 Mobile/15E148 Safari/604.1"
221.163.177.186 - - [11/Jan/2021:06:33:49 +0100] "GET /highslide/highslide.js HTTP/1.0" 200 262 "http://www.wonder-geek.com/-m-7.html?page=14" "Mozilla/5.0 (iPhone; CPU iPhone OS 14_3 like Mac OS X) AppleWebKit/605.1.15 (KHTML, like Gecko) Version/14.0.2 Mobile/15E148 Safari/604.1"
178.151.245.174 - - [11/Jan/2021:06:33:48 +0100] "GET /-p-11291.html HTTP/1.0" 200 69192 "-" "Mozilla/5.0 (compatible; MJ12bot/v1.4.8; http://mj12bot.com/)"
221.163.177.186 - - [11/Jan/2021:06:33:49 +0100] "GET /js/jquery.js HTTP/1.0" 200 252 "http://www.wonder-geek.com/-m-7.html?page=14" "Mozilla/5.0 (iPhone; CPU iPhone OS 14_3 like Mac OS X) AppleWebKit/605.1.15 (KHTML, like Gecko) Version/14.0.2 Mobile/15E148 Safari/604.1"
185.191.171.38 - - [11/Jan/2021:06:33:48 +0100] "GET /gold-retro-lamp-in-patinated-metal-68-cm-p-49594.html HTTP/1.0" 200 72075 "-" "Mozilla/5.0 (compatible; SemrushBot/7~bl; +http://www.semrush.com/bot.html)"
221.163.177.186 - - [11/Jan/2021:06:33:49 +0100] "GET /js/jquery.jqzoom.js HTTP/1.0" 200 259 "http://www.wonder-geek.com/-m-7.html?page=14" "Mozilla/5.0 (iPhone; CPU iPhone OS 14_3 like Mac OS X) AppleWebKit/605.1.15 (KHTML, like Gecko) Version/14.0.2 Mobile/15E148 Safari/604.1"
221.163.177.186 - - [11/Jan/2021:06:33:50 +0100] "GET /mondial_relay/js/jquery-1.3.2.min.js HTTP/1.0" 200 276 "http://www.wonder-geek.com/-m-7.html?page=14" "Mozilla/5.0 (iPhone; CPU iPhone OS 14_3 like Mac OS X) AppleWebKit/605.1.15 (KHTML, like Gecko) Version/14.0.2 Mobile/15E148 Safari/604.1"
221.163.177.186 - - [11/Jan/2021:06:33:50 +0100] "GET /swfobject.js HTTP/1.0" 404 1308 "http://www.wonder-geek.com/-m-7.html?page=14" "Mozilla/5.0 (iPhone; CPU iPhone OS 14_3 like Mac OS X) AppleWebKit/605.1.15 (KHTML, like Gecko) Version/14.0.2 Mobile/15E148 Safari/604.1"
221.163.177.186 - - [11/Jan/2021:06:33:50 +0100] "GET /js/jquery.min.js HTTP/1.0" 404 1308 "http://www.wonder-geek.com/-m-7.html?page=14" "Mozilla/5.0 (iPhone; CPU iPhone OS 14_3 like Mac OS X) AppleWebKit/605.1.15 (KHTML, like Gecko) Version/14.0.2 Mobile/15E148 Safari/604.1"
221.163.177.186 - - [11/Jan/2021:06:33:50 +0100] "GET /js/jquery.masonry.min.js HTTP/1.0" 200 264 "http://www.wonder-geek.com/-m-7.html?page=14" "Mozilla/5.0 (iPhone; CPU iPhone OS 14_3 like Mac OS X) AppleWebKit/605.1.15 (KHTML, like Gecko) Version/14.0.2 Mobile/15E148 Safari/604.1"
221.163.177.186 - - [11/Jan/2021:06:33:50 +0100] "GET /templates/Pixame_v1/images/icon_accueil2.png HTTP/1.0" 200 278 "http://www.wonder-geek.com/-m-7.html?page=14" "Mozilla/5.0 (iPhone; CPU iPhone OS 14_3 like Mac OS X) AppleWebKit/605.1.15 (KHTML, like Gecko) Version/14.0.2 Mobile/15E148 Safari/604.1"
221.163.177.186 - - [11/Jan/2021:06:33:50 +0100] "GET /js/modernizr-transitions.js HTTP/1.0" 200 267 "http://www.wonder-geek.com/-m-7.html?page=14" "Mozilla/5.0 (iPhone; CPU iPhone OS 14_3 like Mac OS X) AppleWebKit/605.1.15 (KHTML, like Gecko) Version/14.0.2 Mobile/15E148 Safari/604.1"
221.163.177.186 - - [11/Jan/2021:06:33:50 +0100] "GET /templates/Pixame_v1/images/infobox/pixel_trans.gif HTTP/1.0" 200 328 "http://www.wonder-geek.com/-m-7.html?page=14" "Mozilla/5.0 (iPhone; CPU iPhone OS 14_3 like Mac OS X) AppleWebKit/605.1.15 (KHTML, like Gecko) Version/14.0.2 Mobile/15E148 Safari/604.1"
221.163.177.186 - - [11/Jan/2021:06:33:50 +0100] "GET /images/pixel_trans.gif HTTP/1.0" 200 328 "http://www.wonder-geek.com/-m-7.html?page=14" "Mozilla/5.0 (iPhone; CPU iPhone OS 14_3 like Mac OS X) AppleWebKit/605.1.15 (KHTML, like Gecko) Version/14.0.2 Mobile/15E148 Safari/604.1"
221.163.177.186 - - [11/Jan/2021:06:33:50 +0100] "GET /images/mini_prod/BAP13010r.jpg HTTP/1.0" 200 265 "http://www.wonder-geek.com/-m-7.html?page=14" "Mozilla/5.0 (iPhone; CPU iPhone OS 14_3 like Mac OS X) AppleWebKit/605.1.15 (KHTML, like Gecko) Version/14.0.2 Mobile/15E148 Safari/604.1"
221.163.177.186 - - [11/Jan/2021:06:33:50 +0100] "GET /templates/Pixame_v1/images/pixel_trans.gif HTTP/1.0" 200 328 "http://www.wonder-geek.com/-m-7.html?page=14" "Mozilla/5.0 (iPhone; CPU iPhone OS 14_3 like Mac OS X) AppleWebKit/605.1.15 (KHTML, like Gecko) Version/14.0.2 Mobile/15E148 Safari/604.1"
221.163.177.186 - - [11/Jan/2021:06:33:51 +0100] "GET /images/mini_prod/3048700058171.gif HTTP/1.0" 200 268 "http://www.wonder-geek.com/-m-7.html?page=14" "Mozilla/5.0 (iPhone; CPU iPhone OS 14_3 like Mac OS X) AppleWebKit/605.1.15 (KHTML, like Gecko) Version/14.0.2 Mobile/15E148 Safari/604.1"
221.163.177.186 - - [11/Jan/2021:06:33:51 +0100] "GET /images/mini_prod/3521320800127.gif HTTP/1.0" 200 268 "http://www.wonder-geek.com/-m-7.html?page=14" "Mozilla/5.0 (iPhone; CPU iPhone OS 14_3 like Mac OS X) AppleWebKit/605.1.15 (KHTML, like Gecko) Version/14.0.2 Mobile/15E148 Safari/604.1"
221.163.177.186 - - [11/Jan/2021:06:33:51 +0100] "GET /images/mini_prod/3048700058669.jpg HTTP/1.0" 200 269 "http://www.wonder-geek.com/-m-7.html?page=14" "Mozilla/5.0 (iPhone; CPU iPhone OS 14_3 like Mac OS X) AppleWebKit/605.1.15 (KHTML, like Gecko) Version/14.0.2 Mobile/15E148 Safari/604.1"
221.163.177.186 - - [11/Jan/2021:06:33:51 +0100] "GET /templates/Pixame_v1/images/Bottom_texture.jpg HTTP/1.0" 200 280 "http://www.wonder-geek.com/-m-7.html?page=14" "Mozilla/5.0 (iPhone; CPU iPhone OS 14_3 like Mac OS X) AppleWebKit/605.1.15 (KHTML, like Gecko) Version/14.0.2 Mobile/15E148 Safari/604.1"
221.163.177.186 - - [11/Jan/2021:06:33:51 +0100] "GET /templates/Pixame_v1/images/Middle_texture.jpg HTTP/1.0" 200 280 "http://www.wonder-geek.com/-m-7.html?page=14" "Mozilla/5.0 (iPhone; CPU iPhone OS 14_3 like Mac OS X) AppleWebKit/605.1.15 (KHTML, like Gecko) Version/14.0.2 Mobile/15E148 Safari/604.1"
221.163.177.186 - - [11/Jan/2021:06:33:51 +0100] "GET /templates/Pixame_v1/images/header.png HTTP/1.0" 200 271 "http://www.wonder-geek.com/-m-7.html?page=14" "Mozilla/5.0 (iPhone; CPU iPhone OS 14_3 like Mac OS X) AppleWebKit/605.1.15 (KHTML, like Gecko) Version/14.0.2 Mobile/15E148 Safari/604.1"
221.163.177.186 - - [11/Jan/2021:06:33:51 +0100] "GET /templates/Pixame_v1/images/header-object.png HTTP/1.0" 200 278 "http://www.wonder-geek.com/-m-7.html?page=14" "Mozilla/5.0 (iPhone; CPU iPhone OS 14_3 like Mac OS X) AppleWebKit/605.1.15 (KHTML, like Gecko) Version/14.0.2 Mobile/15E148 Safari/604.1"
221.163.177.186 - - [11/Jan/2021:06:33:51 +0100] "GET /templates/Pixame_v1/images/nav.png HTTP/1.0" 200 268 "http://www.wonder-geek.com/-m-7.html?page=14" "Mozilla/5.0 (iPhone; CPU iPhone OS 14_3 like Mac OS X) AppleWebKit/605.1.15 (KHTML, like Gecko) Version/14.0.2 Mobile/15E148 Safari/604.1"
221.163.177.186 - - [11/Jan/2021:06:33:52 +0100] "GET /design/productsenstock.png HTTP/1.0" 200 260 "http://www.wonder-geek.com/-m-7.html?page=14" "Mozilla/5.0 (iPhone; CPU iPhone OS 14_3 like Mac OS X) AppleWebKit/605.1.15 (KHTML, like Gecko) Version/14.0.2 Mobile/15E148 Safari/604.1"
221.163.177.186 - - [11/Jan/2021:06:33:52 +0100] "GET /templates/Pixame_v1/images/infobox/infobox_footer_middle.gif HTTP/1.0" 200 357 "http://www.wonder-geek.com/-m-7.html?page=14" "Mozilla/5.0 (iPhone; CPU iPhone OS 14_3 like Mac OS X) AppleWebKit/605.1.15 (KHTML, like Gecko) Version/14.0.2 Mobile/15E148 Safari/604.1"
221.163.177.186 - - [11/Jan/2021:06:33:52 +0100] "GET /design/fondcurrent.jpg HTTP/1.0" 200 683 "http://www.wonder-geek.com/-m-7.html?page=14" "Mozilla/5.0 (iPhone; CPU iPhone OS 14_3 like Mac OS X) AppleWebKit/605.1.15 (KHTML, like Gecko) Version/14.0.2 Mobile/15E148 Safari/604.1"
221.163.177.186 - - [11/Jan/2021:06:33:52 +0100] "GET /design/fondothers.jpg HTTP/1.0" 200 667 "http://www.wonder-geek.com/-m-7.html?page=14" "Mozilla/5.0 (iPhone; CPU iPhone OS 14_3 like Mac OS X) AppleWebKit/605.1.15 (KHTML, like Gecko) Version/14.0.2 Mobile/15E148 Safari/604.1"
221.163.177.186 - - [11/Jan/2021:06:33:53 +0100] "GET /highslide/graphics/outlines/drop-shadow.png HTTP/1.0" 200 277 "http://www.wonder-geek.com/-m-7.html?page=14" "Mozilla/5.0 (iPhone; CPU iPhone OS 14_3 like Mac OS X) AppleWebKit/605.1.15 (KHTML, like Gecko) Version/14.0.2 Mobile/15E148 Safari/604.1"
221.163.177.186 - - [11/Jan/2021:06:33:53 +0100] "GET /highslide/graphics/loader.white.gif HTTP/1.0" 200 960 "http://www.wonder-geek.com/-m-7.html?page=14" "Mozilla/5.0 (iPhone; CPU iPhone OS 14_3 like Mac OS X) AppleWebKit/605.1.15 (KHTML, like Gecko) Version/14.0.2 Mobile/15E148 Safari/604.1"
221.163.177.186 - - [11/Jan/2021:06:33:53 +0100] "GET /highslide/graphics/zoomout.cur HTTP/1.0" 200 614 "http://www.wonder-geek.com/-m-7.html?page=14" "Mozilla/5.0 (iPhone; CPU iPhone OS 14_3 like Mac OS X) AppleWebKit/605.1.15 (KHTML, like Gecko) Version/14.0.2 Mobile/15E148 Safari/604.1"
221.163.177.186 - - [11/Jan/2021:06:33:53 +0100] "GET /favicon.ico HTTP/1.0" 200 260 "http://www.wonder-geek.com/-m-7.html?page=14" "Mozilla/5.0 (iPhone; CPU iPhone OS 14_3 like Mac OS X) AppleWebKit/605.1.15 (KHTML, like Gecko) Version/14.0.2 Mobile/15E148 Safari/604.1"
185.191.171.39 - - [11/Jan/2021:06:33:58 +0100] "GET /le-rendez-vous-des-bons-amis-clock-28-cm-p-45025.html HTTP/1.0" 200 71991 "-" "Mozilla/5.0 (compatible; SemrushBot/7~bl; +http://www.semrush.com/bot.html)"
178.151.245.174 - - [11/Jan/2021:06:34:01 +0100] "GET /-p-11293.html HTTP/1.0" 200 69192 "-" "Mozilla/5.0 (compatible; MJ12bot/v1.4.8; http://mj12bot.com/)"
185.191.171.43 - - [11/Jan/2021:06:34:06 +0100] "GET /corsica-white-mug-p-43546.html HTTP/1.0" 200 69268 "-" "Mozilla/5.0 (compatible; SemrushBot/7~bl; +http://www.semrush.com/bot.html)"
185.191.171.33 - - [11/Jan/2021:06:34:10 +0100] "GET /cement-tile-stickers-15-15-cm-gray-p-45002.html HTTP/1.0" 200 72219 "-" "Mozilla/5.0 (compatible; SemrushBot/7~bl; +http://www.semrush.com/bot.html)"
49.7.20.122 - - [11/Jan/2021:06:34:10 +0100] "GET / HTTP/1.0" 301 511 "-" "Sogou web spider/4.0(+http://www.sogou.com/docs/help/webmasters.htm#07)"
178.151.245.174 - - [11/Jan/2021:06:34:10 +0100] "GET /-p-11294.html HTTP/1.0" 200 69192 "-" "Mozilla/5.0 (compatible; MJ12bot/v1.4.8; http://mj12bot.com/)"
185.191.171.10 - - [11/Jan/2021:06:34:20 +0100] "GET /kitchen-gloves-and-potholders-c-11_178.html?page=2 HTTP/1.0" 200 89363 "-" "Mozilla/5.0 (compatible; SemrushBot/7~bl; +http://www.semrush.com/bot.html)"
178.151.245.174 - - [11/Jan/2021:06:34:22 +0100] "GET /-p-11295.html HTTP/1.0" 200 69192 "-" "Mozilla/5.0 (compatible; MJ12bot/v1.4.8; http://mj12bot.com/)"
178.151.245.174 - - [11/Jan/2021:06:34:30 +0100] "GET /-p-11297.html HTTP/1.0" 200 69192 "-" "Mozilla/5.0 (compatible; MJ12bot/v1.4.8; http://mj12bot.com/)"
178.151.245.174 - - [11/Jan/2021:06:34:40 +0100] "GET /-p-11299.html HTTP/1.0" 200 69192 "-" "Mozilla/5.0 (compatible; MJ12bot/v1.4.8; http://mj12bot.com/)"
185.191.171.12 - - [11/Jan/2021:06:34:52 +0100] "GET /bear-on-ice-guest-towel-p-45574.html HTTP/1.0" 200 69274 "-" "Mozilla/5.0 (compatible; SemrushBot/7~bl; +http://www.semrush.com/bot.html)"
178.151.245.174 - - [11/Jan/2021:06:34:52 +0100] "GET /-p-11300.html HTTP/1.0" 200 69192 "-" "Mozilla/5.0 (compatible; MJ12bot/v1.4.8; http://mj12bot.com/)"
178.151.245.174 - - [11/Jan/2021:06:35:05 +0100] "GET /-p-11305.html HTTP/1.0" 200 69192 "-" "Mozilla/5.0 (compatible; MJ12bot/v1.4.8; http://mj12bot.com/)"
185.191.171.11 - - [11/Jan/2021:06:35:12 +0100] "GET /tweety-cactus-figurine-p-42732.html HTTP/1.0" 200 71841 "-" "Mozilla/5.0 (compatible; SemrushBot/7~bl; +http://www.semrush.com/bot.html)"
178.151.245.174 - - [11/Jan/2021:06:35:15 +0100] "GET /-p-11306.html HTTP/1.0" 200 69192 "-" "Mozilla/5.0 (compatible; MJ12bot/v1.4.8; http://mj12bot.com/)"
178.151.245.174 - - [11/Jan/2021:06:35:28 +0100] "GET /-p-11311.html HTTP/1.0" 200 69192 "-" "Mozilla/5.0 (compatible; MJ12bot/v1.4.8; http://mj12bot.com/)"
54.36.148.87 - - [11/Jan/2021:06:35:32 +0100] "GET /mini-table-vacuum-mushroom-p-41584.html HTTP/1.0" 200 71961 "-" "Mozilla/5.0 (compatible; AhrefsBot/7.0; +http://ahrefs.com/robot/)"
178.151.245.174 - - [11/Jan/2021:06:35:40 +0100] "GET /-p-11312.html HTTP/1.0" 200 69192 "-" "Mozilla/5.0 (compatible; MJ12bot/v1.4.8; http://mj12bot.com/)"
178.151.245.174 - - [11/Jan/2021:06:35:49 +0100] "GET /-p-11314.html HTTP/1.0" 200 69192 "-" "Mozilla/5.0 (compatible; MJ12bot/v1.4.8; http://mj12bot.com/)"
40.77.167.56 - - [11/Jan/2021:06:35:49 +0100] "GET /images/big_prod_1/8433933141298.jpg HTTP/1.0" 200 270 "-" "Mozilla/5.0 (compatible; bingbot/2.0; +http://www.bing.com/bingbot.htm)"
185.191.171.6 - - [11/Jan/2021:06:35:51 +0100] "GET /yellow-apple-shaped-moneybox-p-36476.html HTTP/1.0" 200 71900 "-" "Mozilla/5.0 (compatible; SemrushBot/7~bl; +http://www.semrush.com/bot.html)"
178.151.245.174 - - [11/Jan/2021:06:35:57 +0100] "GET /-p-11315.html HTTP/1.0" 200 69192 "-" "Mozilla/5.0 (compatible; MJ12bot/v1.4.8; http://mj12bot.com/)"
178.151.245.174 - - [11/Jan/2021:06:36:06 +0100] "GET /-p-11316.html HTTP/1.0" 200 69192 "-" "Mozilla/5.0 (compatible; MJ12bot/v1.4.8; http://mj12bot.com/)"
157.55.39.110 - - [11/Jan/2021:06:36:10 +0100] "GET /images/med_prod/1384010176146.jpg HTTP/1.0" 200 268 "-" "Mozilla/5.0 (compatible; bingbot/2.0; +http://www.bing.com/bingbot.htm)"
185.191.171.2 - - [11/Jan/2021:06:36:11 +0100] "GET /wise-wings-gratitude-owl-figurine-p-51820.html HTTP/1.0" 200 73224 "-" "Mozilla/5.0 (compatible; SemrushBot/7~bl; +http://www.semrush.com/bot.html)"
178.151.245.174 - - [11/Jan/2021:06:36:13 +0100] "GET /-p-11320.html HTTP/1.0" 200 69192 "-" "Mozilla/5.0 (compatible; MJ12bot/v1.4.8; http://mj12bot.com/)"
185.191.171.7 - - [11/Jan/2021:06:36:18 +0100] "GET /kimmidoll-brush-p-44813.html HTTP/1.0" 200 71821 "-" "Mozilla/5.0 (compatible; SemrushBot/7~bl; +http://www.semrush.com/bot.html)"
178.151.245.174 - - [11/Jan/2021:06:36:21 +0100] "GET /-p-11343.html HTTP/1.0" 200 69192 "-" "Mozilla/5.0 (compatible; MJ12bot/v1.4.8; http://mj12bot.com/)"
178.151.245.174 - - [11/Jan/2021:06:36:26 +0100] "GET /-p-11347.html HTTP/1.0" 200 69192 "-" "Mozilla/5.0 (compatible; MJ12bot/v1.4.8; http://mj12bot.com/)"
207.46.13.229 - - [11/Jan/2021:06:36:28 +0100] "GET /images/med_prod/7316197615532.jpg HTTP/1.0" 200 268 "-" "Mozilla/5.0 (compatible; bingbot/2.0; +http://www.bing.com/bingbot.htm)"
185.191.171.10 - - [11/Jan/2021:06:36:30 +0100] "GET /le-chat-noir-paper-towel-dispenser-p-26826.html HTTP/1.0" 200 69318 "-" "Mozilla/5.0 (compatible; SemrushBot/7~bl; +http://www.semrush.com/bot.html)"
178.151.245.174 - - [11/Jan/2021:06:36:36 +0100] "GET /-p-11351.html HTTP/1.0" 200 69192 "-" "Mozilla/5.0 (compatible; MJ12bot/v1.4.8; http://mj12bot.com/)"
178.151.245.174 - - [11/Jan/2021:06:36:41 +0100] "GET /-p-11359.html HTTP/1.0" 200 69192 "-" "Mozilla/5.0 (compatible; MJ12bot/v1.4.8; http://mj12bot.com/)"
178.151.245.174 - - [11/Jan/2021:06:36:48 +0100] "GET /-p-11360.html HTTP/1.0" 200 69192 "-" "Mozilla/5.0 (compatible; MJ12bot/v1.4.8; http://mj12bot.com/)"
178.151.245.174 - - [11/Jan/2021:06:36:55 +0100] "GET /-p-11364.html HTTP/1.0" 200 69192 "-" "Mozilla/5.0 (compatible; MJ12bot/v1.4.8; http://mj12bot.com/)"
178.151.245.174 - - [11/Jan/2021:06:37:05 +0100] "GET /-p-11369.html HTTP/1.0" 200 69192 "-" "Mozilla/5.0 (compatible; MJ12bot/v1.4.8; http://mj12bot.com/)"
178.151.245.174 - - [11/Jan/2021:06:37:16 +0100] "GET /-p-11370.html HTTP/1.0" 200 69192 "-" "Mozilla/5.0 (compatible; MJ12bot/v1.4.8; http://mj12bot.com/)"
185.191.171.12 - - [11/Jan/2021:06:37:25 +0100] "GET /paris-cafe-de-la-gare-vintage-clock-70-cm-p-50367.html HTTP/1.0" 200 72094 "-" "Mozilla/5.0 (compatible; SemrushBot/7~bl; +http://www.semrush.com/bot.html)"
178.151.245.174 - - [11/Jan/2021:06:37:30 +0100] "GET /-p-11437.html HTTP/1.0" 200 69192 "-" "Mozilla/5.0 (compatible; MJ12bot/v1.4.8; http://mj12bot.com/)"
114.119.130.202 - - [11/Jan/2021:06:37:31 +0100] "GET /images/mini_prod/klimt3.jpg HTTP/1.0" 200 262 "-" "Mozilla/5.0 (Linux; Android 7.0;) AppleWebKit/537.36 (KHTML, like Gecko) Mobile Safari/537.36 (compatible; PetalBot;+https://aspiegel.com/petalbot)"
178.151.245.174 - - [11/Jan/2021:06:37:39 +0100] "GET /-p-11506.html HTTP/1.0" 200 69192 "-" "Mozilla/5.0 (compatible; MJ12bot/v1.4.8; http://mj12bot.com/)"
178.151.245.174 - - [11/Jan/2021:06:37:46 +0100] "GET /-p-11566.html HTTP/1.0" 200 69192 "-" "Mozilla/5.0 (compatible; MJ12bot/v1.4.8; http://mj12bot.com/)"
185.191.171.22 - - [11/Jan/2021:06:37:51 +0100] "GET /harley-quinn-poster-p-30901.html HTTP/1.0" 200 71829 "-" "Mozilla/5.0 (compatible; SemrushBot/7~bl; +http://www.semrush.com/bot.html)"
178.151.245.174 - - [11/Jan/2021:06:37:59 +0100] "GET /-p-11570.html HTTP/1.0" 200 69192 "-" "Mozilla/5.0 (compatible; MJ12bot/v1.4.8; http://mj12bot.com/)"
13.66.139.153 - - [11/Jan/2021:06:38:01 +0100] "GET /cushion-cover-40-40-cm-cacatoeas-p-52019.html HTTP/1.0" 200 71949 "-" "Mozilla/5.0 (compatible; bingbot/2.0; +http://www.bing.com/bingbot.htm)"
34.75.185.85 - - [11/Jan/2021:06:38:01 +0100] "GET /robots.txt HTTP/1.0" 200 245 "-" "ZoominfoBot (zoominfobot at zoominfo dot com)"
34.75.185.85 - - [11/Jan/2021:06:38:01 +0100] "GET /bowls-c-12_60.html HTTP/1.0" 200 91532 "-" "ZoominfoBot (zoominfobot at zoominfo dot com)"
13.66.139.153 - - [11/Jan/2021:06:38:02 +0100] "GET /buddha-canvas-frame-20-20-cm-p-33995.html HTTP/1.0" 200 71986 "-" "Mozilla/5.0 (compatible; bingbot/2.0; +http://www.bing.com/bingbot.htm)"
13.66.139.153 - - [11/Jan/2021:06:38:03 +0100] "GET /maximus-horse-figure-p-15657.html HTTP/1.0" 200 69262 "-" "Mozilla/5.0 (compatible; bingbot/2.0; +http://www.bing.com/bingbot.htm)"
13.66.139.153 - - [11/Jan/2021:06:38:04 +0100] "GET /zippo-genuine-wick-p-29792.html HTTP/1.0" 200 71904 "-" "Mozilla/5.0 (compatible; bingbot/2.0; +http://www.bing.com/bingbot.htm)"
13.66.139.153 - - [11/Jan/2021:06:38:05 +0100] "GET /barbamama-melamine-plate-p-9351.html HTTP/1.0" 200 71977 "-" "Mozilla/5.0 (compatible; bingbot/2.0; +http://www.bing.com/bingbot.htm)"
13.66.139.48 - - [11/Jan/2021:06:38:05 +0100] "GET /nici-donkey-keyring-plush-p-33668.html HTTP/1.0" 200 69308 "-" "Mozilla/5.0 (compatible; bingbot/2.0; +http://www.bing.com/bingbot.htm)"
13.66.139.48 - - [11/Jan/2021:06:38:06 +0100] "GET /nintendo-logo-hooded-jacket-p-30199.html HTTP/1.0" 200 69290 "-" "Mozilla/5.0 (compatible; bingbot/2.0; +http://www.bing.com/bingbot.htm)"
34.75.185.85 - - [11/Jan/2021:06:38:05 +0100] "GET /dishes-c-12.html HTTP/1.0" 200 90411 "-" "ZoominfoBot (zoominfobot at zoominfo dot com)"
13.66.139.48 - - [11/Jan/2021:06:38:07 +0100] "GET /glass-cutting-board-by-cbkreation-p-51308.html HTTP/1.0" 200 71912 "-" "Mozilla/5.0 (compatible; bingbot/2.0; +http://www.bing.com/bingbot.htm)"
178.151.245.174 - - [11/Jan/2021:06:38:07 +0100] "GET /-p-11571.html HTTP/1.0" 200 69192 "-" "Mozilla/5.0 (compatible; MJ12bot/v1.4.8; http://mj12bot.com/)"
13.66.139.48 - - [11/Jan/2021:06:38:08 +0100] "GET /cars-backpack-p-10777.html HTTP/1.0" 200 71976 "-" "Mozilla/5.0 (compatible; bingbot/2.0; +http://www.bing.com/bingbot.htm)"
13.66.139.48 - - [11/Jan/2021:06:38:08 +0100] "GET /so-vintage-khaki-computer-bag-p-19016.html HTTP/1.0" 200 74866 "-" "Mozilla/5.0 (compatible; bingbot/2.0; +http://www.bing.com/bingbot.htm)"
13.66.139.153 - - [11/Jan/2021:06:38:11 +0100] "GET /patinated-metal-boat-clock-p-45712.html HTTP/1.0" 200 71827 "-" "Mozilla/5.0 (compatible; bingbot/2.0; +http://www.bing.com/bingbot.htm)"
13.66.139.153 - - [11/Jan/2021:06:38:12 +0100] "GET /ibiza-poster-p-32261.html HTTP/1.0" 200 69243 "-" "Mozilla/5.0 (compatible; bingbot/2.0; +http://www.bing.com/bingbot.htm)"
13.66.139.153 - - [11/Jan/2021:06:38:13 +0100] "GET /elvis-lighter-p-22420.html HTTP/1.0" 200 74072 "-" "Mozilla/5.0 (compatible; bingbot/2.0; +http://www.bing.com/bingbot.htm)"
13.66.139.153 - - [11/Jan/2021:06:38:14 +0100] "GET /skull-punk-moneybox-p-30012.html HTTP/1.0" 200 71801 "-" "Mozilla/5.0 (compatible; bingbot/2.0; +http://www.bing.com/bingbot.htm)"
13.66.139.153 - - [11/Jan/2021:06:38:15 +0100] "GET /puppy-pencil-case-p-15801.html HTTP/1.0" 200 71900 "-" "Mozilla/5.0 (compatible; bingbot/2.0; +http://www.bing.com/bingbot.htm)"
207.46.13.36 - - [11/Jan/2021:06:38:15 +0100] "GET /stationery-and-cardmaking/cardmaking/joyeux-anniversaire-toi-card-p-20026.html HTTP/1.0" 301 69259 "-" "Mozilla/5.0 (compatible; bingbot/2.0; +http://www.bing.com/bingbot.htm)"
178.151.245.174 - - [11/Jan/2021:06:38:18 +0100] "GET /-p-11573.html HTTP/1.0" 200 69192 "-" "Mozilla/5.0 (compatible; MJ12bot/v1.4.8; http://mj12bot.com/)"
13.66.139.153 - - [11/Jan/2021:06:38:21 +0100] "GET /tweety-glitter-globe-p-5207.html HTTP/1.0" 200 71855 "-" "Mozilla/5.0 (compatible; bingbot/2.0; +http://www.bing.com/bingbot.htm)"
13.66.139.153 - - [11/Jan/2021:06:38:22 +0100] "GET /crayola-coloring-album-p-25052.html HTTP/1.0" 200 69270 "-" "Mozilla/5.0 (compatible; bingbot/2.0; +http://www.bing.com/bingbot.htm)"
13.66.139.153 - - [11/Jan/2021:06:38:23 +0100] "GET /diamond-carpet-80-50-cm-p-50745.html HTTP/1.0" 200 72784 "-" "Mozilla/5.0 (compatible; bingbot/2.0; +http://www.bing.com/bingbot.htm)"
