13.66.139.14 - - [11/Jan/2021:04:37:44 +0100] "GET /paul-frank-round-pencil-case-p-20066.html HTTP/1.0" 200 71902 "-" "Mozilla/5.0 (compatible; bingbot/2.0; +http://www.bing.com/bingbot.htm)"
13.66.139.14 - - [11/Jan/2021:04:37:45 +0100] "GET /cats-in-love-butter-dish-p-34515.html HTTP/1.0" 200 69303 "-" "Mozilla/5.0 (compatible; bingbot/2.0; +http://www.bing.com/bingbot.htm)"
13.66.139.14 - - [11/Jan/2021:04:37:46 +0100] "GET /-p-24449.html HTTP/1.0" 200 69192 "-" "Mozilla/5.0 (compatible; bingbot/2.0; +http://www.bing.com/bingbot.htm)"
13.66.139.14 - - [11/Jan/2021:04:37:47 +0100] "GET /-p-24822.html HTTP/1.0" 200 69192 "-" "Mozilla/5.0 (compatible; bingbot/2.0; +http://www.bing.com/bingbot.htm)"
13.66.139.14 - - [11/Jan/2021:04:37:48 +0100] "GET /-p-23453.html HTTP/1.0" 200 69192 "-" "Mozilla/5.0 (compatible; bingbot/2.0; +http://www.bing.com/bingbot.htm)"
185.191.171.23 - - [11/Jan/2021:04:37:47 +0100] "GET /rectangular-signboard-arrow-wood-model-p-45477.html HTTP/1.0" 200 72022 "-" "Mozilla/5.0 (compatible; SemrushBot/7~bl; +http://www.semrush.com/bot.html)"
54.36.148.48 - - [11/Jan/2021:04:37:49 +0100] "GET /gorjuss-rainy-daze-figure-collection-p-27752.html HTTP/1.0" 301 69259 "-" "Mozilla/5.0 (compatible; AhrefsBot/7.0; +http://ahrefs.com/robot/)"
13.66.139.14 - - [11/Jan/2021:04:37:54 +0100] "GET /marsupilami-figures-in-tube-p-22572.html HTTP/1.0" 200 69324 "-" "Mozilla/5.0 (compatible; bingbot/2.0; +http://www.bing.com/bingbot.htm)"
13.66.139.14 - - [11/Jan/2021:04:37:55 +0100] "GET /-p-13890.html HTTP/1.0" 200 69192 "-" "Mozilla/5.0 (compatible; bingbot/2.0; +http://www.bing.com/bingbot.htm)"
13.66.139.14 - - [11/Jan/2021:04:37:56 +0100] "GET /-p-25100.html HTTP/1.0" 200 69192 "-" "Mozilla/5.0 (compatible; bingbot/2.0; +http://www.bing.com/bingbot.htm)"
13.66.139.14 - - [11/Jan/2021:04:37:57 +0100] "GET /-p-22994.html HTTP/1.0" 200 69192 "-" "Mozilla/5.0 (compatible; bingbot/2.0; +http://www.bing.com/bingbot.htm)"
13.66.139.14 - - [11/Jan/2021:04:37:58 +0100] "GET /-p-11624.html HTTP/1.0" 200 69192 "-" "Mozilla/5.0 (compatible; bingbot/2.0; +http://www.bing.com/bingbot.htm)"
13.66.139.14 - - [11/Jan/2021:04:37:58 +0100] "GET /-p-20881.html HTTP/1.0" 200 69192 "-" "Mozilla/5.0 (compatible; bingbot/2.0; +http://www.bing.com/bingbot.htm)"
13.66.139.14 - - [11/Jan/2021:04:37:59 +0100] "GET /-p-11098.html HTTP/1.0" 200 69192 "-" "Mozilla/5.0 (compatible; bingbot/2.0; +http://www.bing.com/bingbot.htm)"
13.66.139.14 - - [11/Jan/2021:04:38:00 +0100] "GET /-p-19170.html HTTP/1.0" 200 69192 "-" "Mozilla/5.0 (compatible; bingbot/2.0; +http://www.bing.com/bingbot.htm)"
13.66.139.14 - - [11/Jan/2021:04:38:01 +0100] "GET /-p-12751.html HTTP/1.0" 200 69192 "-" "Mozilla/5.0 (compatible; bingbot/2.0; +http://www.bing.com/bingbot.htm)"
13.66.139.14 - - [11/Jan/2021:04:38:02 +0100] "GET /-p-31238.html HTTP/1.0" 200 69192 "-" "Mozilla/5.0 (compatible; bingbot/2.0; +http://www.bing.com/bingbot.htm)"
13.66.139.14 - - [11/Jan/2021:04:38:04 +0100] "GET /-p-9451.html HTTP/1.0" 200 69190 "-" "Mozilla/5.0 (compatible; bingbot/2.0; +http://www.bing.com/bingbot.htm)"
13.66.139.14 - - [11/Jan/2021:04:38:05 +0100] "GET /-p-3889.html HTTP/1.0" 200 69190 "-" "Mozilla/5.0 (compatible; bingbot/2.0; +http://www.bing.com/bingbot.htm)"
185.191.171.2 - - [11/Jan/2021:04:38:06 +0100] "GET /the-little-prince-wallet-french-manufacturing-p-52350.html HTTP/1.0" 200 72791 "-" "Mozilla/5.0 (compatible; SemrushBot/7~bl; +http://www.semrush.com/bot.html)"
66.249.66.64 - - [11/Jan/2021:04:38:05 +0100] "GET /fireplace-bottle-holder-fire-hydrant-metal-p-45755.html HTTP/1.0" 200 72020 "-" "Mozilla/5.0 (Linux; Android 6.0.1; Nexus 5X Build/MMB29P) AppleWebKit/537.36 (KHTML, like Gecko) Chrome/87.0.4280.90 Mobile Safari/537.36 (compatible; Googlebot/2.1; +http://www.google.com/bot.html)"
13.66.139.14 - - [11/Jan/2021:04:38:06 +0100] "GET /-p-22837.html HTTP/1.0" 200 69192 "-" "Mozilla/5.0 (compatible; bingbot/2.0; +http://www.bing.com/bingbot.htm)"
13.66.139.14 - - [11/Jan/2021:04:38:07 +0100] "GET /-p-9547.html HTTP/1.0" 200 69190 "-" "Mozilla/5.0 (compatible; bingbot/2.0; +http://www.bing.com/bingbot.htm)"
13.66.139.14 - - [11/Jan/2021:04:38:08 +0100] "GET /-p-31215.html HTTP/1.0" 200 69192 "-" "Mozilla/5.0 (compatible; bingbot/2.0; +http://www.bing.com/bingbot.htm)"
185.191.171.1 - - [11/Jan/2021:04:38:22 +0100] "GET /robots.txt HTTP/1.0" 200 245 "-" "Mozilla/5.0 (compatible; SemrushBot/7~bl; +http://www.semrush.com/bot.html)"
185.191.171.36 - - [11/Jan/2021:04:38:22 +0100] "GET /my-favourite-friends-puppy-kids-school-backpack-p-49047.html HTTP/1.0" 200 69370 "-" "Mozilla/5.0 (compatible; SemrushBot/7~bl; +http://www.semrush.com/bot.html)"
185.191.171.44 - - [11/Jan/2021:04:38:24 +0100] "GET /pig-mac-metal-all-metal-paper-reel-p-42682.html HTTP/1.0" 200 71983 "-" "Mozilla/5.0 (compatible; SemrushBot/7~bl; +http://www.semrush.com/bot.html)"
185.191.171.3 - - [11/Jan/2021:04:38:27 +0100] "GET /chef-du-barbecue-adult-apron-p-47692.html HTTP/1.0" 200 72433 "-" "Mozilla/5.0 (compatible; SemrushBot/7~bl; +http://www.semrush.com/bot.html)"
185.191.171.18 - - [11/Jan/2021:04:39:21 +0100] "GET /retro-beach-and-surf-box-55-cm-p-40333.html HTTP/1.0" 200 72534 "-" "Mozilla/5.0 (compatible; SemrushBot/7~bl; +http://www.semrush.com/bot.html)"
114.119.145.117 - - [11/Jan/2021:04:39:38 +0100] "GET /images/big_prod_2/8424015226460C.jpg HTTP/1.0" 200 271 "-" "Mozilla/5.0 (Linux; Android 7.0;) AppleWebKit/537.36 (KHTML, like Gecko) Mobile Safari/537.36 (compatible; PetalBot;+https://aspiegel.com/petalbot)"
185.191.171.38 - - [11/Jan/2021:04:39:55 +0100] "GET /bowl-happy-white-porcelain-1000-ml-made-in-germany-p-47554.html HTTP/1.0" 200 74393 "-" "Mozilla/5.0 (compatible; SemrushBot/7~bl; +http://www.semrush.com/bot.html)"
185.191.171.36 - - [11/Jan/2021:04:39:58 +0100] "GET /we-are-open-led-light-decoration-p-52230.html HTTP/1.0" 200 72765 "-" "Mozilla/5.0 (compatible; SemrushBot/7~bl; +http://www.semrush.com/bot.html)"
185.191.171.22 - - [11/Jan/2021:04:40:00 +0100] "GET /pot-for-flowers-owl-cm-p-50806.html HTTP/1.0" 200 71886 "-" "Mozilla/5.0 (compatible; SemrushBot/7~bl; +http://www.semrush.com/bot.html)"
185.191.171.9 - - [11/Jan/2021:04:40:03 +0100] "GET /iron-maiden-zippo-lighter-p-39528.html HTTP/1.0" 200 74168 "-" "Mozilla/5.0 (compatible; SemrushBot/7~bl; +http://www.semrush.com/bot.html)"
207.46.13.26 - - [11/Jan/2021:04:40:07 +0100] "GET /trays-c-12_159.html?page=5 HTTP/1.0" 200 90577 "-" "Mozilla/5.0 (compatible; bingbot/2.0; +http://www.bing.com/bingbot.htm)"
40.77.167.56 - - [11/Jan/2021:04:40:24 +0100] "GET /images/big_prod_1/b3032160040494.jpg HTTP/1.0" 200 271 "-" "Mozilla/5.0 (compatible; bingbot/2.0; +http://www.bing.com/bingbot.htm)"
54.36.148.128 - - [11/Jan/2021:04:40:49 +0100] "GET /difference-accessoriess-c-12_59.html HTTP/1.0" 200 83078 "-" "Mozilla/5.0 (compatible; AhrefsBot/7.0; +http://ahrefs.com/robot/)"
185.191.171.9 - - [11/Jan/2021:04:41:17 +0100] "GET /bib-barbabelle-p-13335.html HTTP/1.0" 200 71919 "-" "Mozilla/5.0 (compatible; SemrushBot/7~bl; +http://www.semrush.com/bot.html)"
185.191.171.23 - - [11/Jan/2021:04:41:19 +0100] "GET /clock-bonhomme-man-p-50666.html HTTP/1.0" 200 72435 "-" "Mozilla/5.0 (compatible; SemrushBot/7~bl; +http://www.semrush.com/bot.html)"
185.191.171.16 - - [11/Jan/2021:04:41:32 +0100] "GET /hello-kitty-camomilla-cosmetic-bag-white-and-glitters-p-18441.html HTTP/1.0" 200 72590 "-" "Mozilla/5.0 (compatible; SemrushBot/7~bl; +http://www.semrush.com/bot.html)"
185.191.171.2 - - [11/Jan/2021:04:41:47 +0100] "GET /britain-mug-p-28662.html HTTP/1.0" 200 71697 "-" "Mozilla/5.0 (compatible; SemrushBot/7~bl; +http://www.semrush.com/bot.html)"
185.191.171.16 - - [11/Jan/2021:04:42:00 +0100] "GET /the-unexpected-ford-mustang-metal-plate-deco-405-215-cm-p-47180.html HTTP/1.0" 200 72187 "-" "Mozilla/5.0 (compatible; SemrushBot/7~bl; +http://www.semrush.com/bot.html)"
185.191.171.14 - - [11/Jan/2021:04:42:23 +0100] "GET /retro-camper-storage-stool-p-34228.html HTTP/1.0" 200 72050 "-" "Mozilla/5.0 (compatible; SemrushBot/7~bl; +http://www.semrush.com/bot.html)"
185.191.171.36 - - [11/Jan/2021:04:42:32 +0100] "GET /set-of-tassen-porcelain-mood-mini-bowls-made-in-germany-p-52159.html HTTP/1.0" 200 73069 "-" "Mozilla/5.0 (compatible; SemrushBot/7~bl; +http://www.semrush.com/bot.html)"
185.191.171.8 - - [11/Jan/2021:04:42:57 +0100] "GET /paperweight-almond-blossom-by-van-gogh-p-53517.html HTTP/1.0" 200 72865 "-" "Mozilla/5.0 (compatible; SemrushBot/7~bl; +http://www.semrush.com/bot.html)"
185.191.171.45 - - [11/Jan/2021:04:43:14 +0100] "GET /schoolbag-caramel-and-cie-wolf-p-48781.html HTTP/1.0" 200 69292 "-" "Mozilla/5.0 (compatible; SemrushBot/7~bl; +http://www.semrush.com/bot.html)"
185.191.171.43 - - [11/Jan/2021:04:43:25 +0100] "GET /samurai-statue-in-resin-p-50898.html HTTP/1.0" 200 69274 "-" "Mozilla/5.0 (compatible; SemrushBot/7~bl; +http://www.semrush.com/bot.html)"
185.191.171.4 - - [11/Jan/2021:04:43:29 +0100] "GET /new-york-white-tee-shirt-p-30908.html HTTP/1.0" 200 73778 "-" "Mozilla/5.0 (compatible; SemrushBot/7~bl; +http://www.semrush.com/bot.html)"
157.55.39.220 - - [11/Jan/2021:04:43:36 +0100] "GET /images/3760194750347.jpg HTTP/1.0" 200 259 "-" "Mozilla/5.0 (compatible; bingbot/2.0; +http://www.bing.com/bingbot.htm)"
185.191.171.4 - - [11/Jan/2021:04:43:40 +0100] "GET /votive-candle-15-hours-true-enchantment-p-33129.html HTTP/1.0" 200 73166 "-" "Mozilla/5.0 (compatible; SemrushBot/7~bl; +http://www.semrush.com/bot.html)"
207.46.13.26 - - [11/Jan/2021:04:43:41 +0100] "GET /images/5901130026753.jpg HTTP/1.0" 200 259 "-" "Mozilla/5.0 (compatible; bingbot/2.0; +http://www.bing.com/bingbot.htm)"
40.77.167.56 - - [11/Jan/2021:04:43:51 +0100] "GET /dog-bowl-brice-de-niche-p-47781.html HTTP/1.0" 200 71782 "-" "Mozilla/5.0 (compatible; bingbot/2.0; +http://www.bing.com/bingbot.htm)"
185.191.171.33 - - [11/Jan/2021:04:43:53 +0100] "GET /britto-heart-pill-box-p-32626.html HTTP/1.0" 301 69259 "-" "Mozilla/5.0 (compatible; SemrushBot/7~bl; +http://www.semrush.com/bot.html)"
185.191.171.18 - - [11/Jan/2021:04:43:56 +0100] "GET /-p-32626.html HTTP/1.0" 200 69192 "-" "Mozilla/5.0 (compatible; SemrushBot/7~bl; +http://www.semrush.com/bot.html)"
157.55.39.220 - - [11/Jan/2021:04:44:36 +0100] "GET /images/1399984280126.jpg HTTP/1.0" 200 259 "-" "Mozilla/5.0 (compatible; bingbot/2.0; +http://www.bing.com/bingbot.htm)"
185.191.171.23 - - [11/Jan/2021:04:44:48 +0100] "GET /blue-dog-alarm-clock-p-38250.html?action=add_product HTTP/1.0" 302 476 "-" "Mozilla/5.0 (compatible; SemrushBot/7~bl; +http://www.semrush.com/bot.html)"
13.66.139.14 - - [11/Jan/2021:04:44:44 +0100] "GET /lighting-c-13_86.html?page=16 HTTP/1.0" 200 93554 "-" "Mozilla/5.0 (compatible; bingbot/2.0; +http://www.bing.com/bingbot.htm)"
185.191.171.18 - - [11/Jan/2021:04:44:55 +0100] "GET /harley-davidson-zippo-lighter-p-43717.html HTTP/1.0" 200 72344 "-" "Mozilla/5.0 (compatible; SemrushBot/7~bl; +http://www.semrush.com/bot.html)"
40.77.167.56 - - [11/Jan/2021:04:45:06 +0100] "GET /images/4895028507718.jpg HTTP/1.0" 200 259 "-" "Mozilla/5.0 (compatible; bingbot/2.0; +http://www.bing.com/bingbot.htm)"
185.191.171.33 - - [11/Jan/2021:04:45:32 +0100] "GET /flower-of-life-earrings-925-silver-p-44403.html HTTP/1.0" 200 71924 "-" "Mozilla/5.0 (compatible; SemrushBot/7~bl; +http://www.semrush.com/bot.html)"
66.249.66.95 - - [11/Jan/2021:04:45:30 +0100] "GET /girls-c-1.html HTTP/1.0" 200 90681 "-" "Mozilla/5.0 (compatible; Googlebot/2.1; +http://www.google.com/bot.html)"
207.46.13.229 - - [11/Jan/2021:04:45:37 +0100] "GET /images/big_prod/8422011475974.jpg HTTP/1.0" 200 268 "-" "Mozilla/5.0 (compatible; bingbot/2.0; +http://www.bing.com/bingbot.htm)"
54.36.148.154 - - [11/Jan/2021:04:45:38 +0100] "GET /lighting-c-13_86.html?page=24 HTTP/1.0" 200 87970 "-" "Mozilla/5.0 (compatible; AhrefsBot/7.0; +http://ahrefs.com/robot/)"
185.191.171.8 - - [11/Jan/2021:04:45:58 +0100] "GET /shiny-skull-moneybox-p-45238.html HTTP/1.0" 200 71830 "-" "Mozilla/5.0 (compatible; SemrushBot/7~bl; +http://www.semrush.com/bot.html)"
13.66.139.153 - - [11/Jan/2021:04:46:00 +0100] "GET /-p-22813.html HTTP/1.0" 200 69192 "-" "Mozilla/5.0 (compatible; bingbot/2.0; +http://www.bing.com/bingbot.htm)"
207.46.13.26 - - [11/Jan/2021:04:46:04 +0100] "GET /images/8435141376134.jpg HTTP/1.0" 200 259 "-" "Mozilla/5.0 (compatible; bingbot/2.0; +http://www.bing.com/bingbot.htm)"
13.66.139.14 - - [11/Jan/2021:04:47:04 +0100] "GET /curtains-lace-curtains-c-11_69.html?page=2 HTTP/1.0" 200 88675 "-" "Mozilla/5.0 (compatible; bingbot/2.0; +http://www.bing.com/bingbot.htm)"
13.66.139.48 - - [11/Jan/2021:04:47:24 +0100] "GET /solar-powered-dancing-angel-p-34859.html HTTP/1.0" 200 72119 "-" "Mozilla/5.0 (compatible; bingbot/2.0; +http://www.bing.com/bingbot.htm)"
13.66.139.48 - - [11/Jan/2021:04:47:27 +0100] "GET /buddha-statue-polyresin-65-cm-p-36729.html HTTP/1.0" 200 71945 "-" "Mozilla/5.0 (compatible; bingbot/2.0; +http://www.bing.com/bingbot.htm)"
13.66.139.14 - - [11/Jan/2021:04:47:28 +0100] "GET /quartz-geode-size-about-170-p-44409.html HTTP/1.0" 200 72926 "-" "Mozilla/5.0 (compatible; bingbot/2.0; +http://www.bing.com/bingbot.htm)"
185.191.171.22 - - [11/Jan/2021:04:47:22 +0100] "GET /mugs-and-mazagrans-c-12_57.html?page=11 HTTP/1.0" 200 96718 "-" "Mozilla/5.0 (compatible; SemrushBot/7~bl; +http://www.semrush.com/bot.html)"
13.66.139.48 - - [11/Jan/2021:04:47:29 +0100] "GET /bob-marley-song-zippo-lighter-p-13400.html HTTP/1.0" 200 72329 "-" "Mozilla/5.0 (compatible; bingbot/2.0; +http://www.bing.com/bingbot.htm)"
13.66.139.14 - - [11/Jan/2021:04:47:30 +0100] "GET /stone-green-opal-90-100-grs-p-46617.html HTTP/1.0" 200 72996 "-" "Mozilla/5.0 (compatible; bingbot/2.0; +http://www.bing.com/bingbot.htm)"
13.66.139.48 - - [11/Jan/2021:04:47:32 +0100] "GET /nici-wallet-and-mirror-p-19274.html HTTP/1.0" 200 72388 "-" "Mozilla/5.0 (compatible; bingbot/2.0; +http://www.bing.com/bingbot.htm)"
13.66.139.14 - - [11/Jan/2021:04:47:33 +0100] "GET /headrest-cushion-blue-50-70-cm-p-44365.html HTTP/1.0" 200 71884 "-" "Mozilla/5.0 (compatible; bingbot/2.0; +http://www.bing.com/bingbot.htm)"
185.191.171.4 - - [11/Jan/2021:04:47:33 +0100] "GET /zen-japanese-garden-sticker-p-35389.html HTTP/1.0" 200 71884 "-" "Mozilla/5.0 (compatible; SemrushBot/7~bl; +http://www.semrush.com/bot.html)"
13.66.139.153 - - [11/Jan/2021:04:47:33 +0100] "GET /skeleton-and-roses-black-shirt-p-30126.html HTTP/1.0" 200 69339 "-" "Mozilla/5.0 (compatible; bingbot/2.0; +http://www.bing.com/bingbot.htm)"
13.66.139.48 - - [11/Jan/2021:04:47:33 +0100] "GET /hello-kitty-large-backpack-p-19832.html HTTP/1.0" 200 71919 "-" "Mozilla/5.0 (compatible; bingbot/2.0; +http://www.bing.com/bingbot.htm)"
13.66.139.153 - - [11/Jan/2021:04:47:36 +0100] "GET /angel-heavenly-prayer-small-box-p-34200.html HTTP/1.0" 200 69306 "-" "Mozilla/5.0 (compatible; bingbot/2.0; +http://www.bing.com/bingbot.htm)"
13.66.139.14 - - [11/Jan/2021:04:47:35 +0100] "GET /calimero-mousepad-p-10929.html HTTP/1.0" 200 71796 "-" "Mozilla/5.0 (compatible; bingbot/2.0; +http://www.bing.com/bingbot.htm)"
13.66.139.153 - - [11/Jan/2021:04:47:37 +0100] "GET /ceramic-lamb-bank-13-cm-p-49169.html HTTP/1.0" 200 72500 "-" "Mozilla/5.0 (compatible; bingbot/2.0; +http://www.bing.com/bingbot.htm)"
13.66.139.14 - - [11/Jan/2021:04:47:37 +0100] "GET /fox-set-cups-espresso-p-45598.html HTTP/1.0" 200 71860 "-" "Mozilla/5.0 (compatible; bingbot/2.0; +http://www.bing.com/bingbot.htm)"
13.66.139.153 - - [11/Jan/2021:04:47:39 +0100] "GET /magnet-citron-79-54-cm-p-40123.html HTTP/1.0" 200 71860 "-" "Mozilla/5.0 (compatible; bingbot/2.0; +http://www.bing.com/bingbot.htm)"
13.66.139.48 - - [11/Jan/2021:04:47:38 +0100] "GET /cock-salt-and-pepper-p-35945.html HTTP/1.0" 200 71815 "-" "Mozilla/5.0 (compatible; bingbot/2.0; +http://www.bing.com/bingbot.htm)"
13.66.139.48 - - [11/Jan/2021:04:47:41 +0100] "GET /mickael-white-shirt-p-30159.html HTTP/1.0" 200 73246 "-" "Mozilla/5.0 (compatible; bingbot/2.0; +http://www.bing.com/bingbot.htm)"
13.66.139.48 - - [11/Jan/2021:04:47:43 +0100] "GET /wax-melt-rambling-rose-p-39001.html HTTP/1.0" 200 72450 "-" "Mozilla/5.0 (compatible; bingbot/2.0; +http://www.bing.com/bingbot.htm)"
13.66.139.48 - - [11/Jan/2021:04:47:45 +0100] "GET /-p-12894.html HTTP/1.0" 200 69192 "-" "Mozilla/5.0 (compatible; bingbot/2.0; +http://www.bing.com/bingbot.htm)"
13.66.139.153 - - [11/Jan/2021:04:47:44 +0100] "GET /james-dean-rebel-metal-plate-p-8163.html HTTP/1.0" 200 69321 "-" "Mozilla/5.0 (compatible; bingbot/2.0; +http://www.bing.com/bingbot.htm)"
13.66.139.48 - - [11/Jan/2021:04:47:46 +0100] "GET /-p-34583.html HTTP/1.0" 200 69192 "-" "Mozilla/5.0 (compatible; bingbot/2.0; +http://www.bing.com/bingbot.htm)"
13.66.139.153 - - [11/Jan/2021:04:47:41 +0100] "GET /hats-and-caps-c-1_44.html HTTP/1.0" 200 90721 "-" "Mozilla/5.0 (compatible; bingbot/2.0; +http://www.bing.com/bingbot.htm)"
13.66.139.48 - - [11/Jan/2021:04:47:48 +0100] "GET /-p-29393.html HTTP/1.0" 200 69192 "-" "Mozilla/5.0 (compatible; bingbot/2.0; +http://www.bing.com/bingbot.htm)"
13.66.139.48 - - [11/Jan/2021:04:47:49 +0100] "GET /-p-23153.html HTTP/1.0" 200 69192 "-" "Mozilla/5.0 (compatible; bingbot/2.0; +http://www.bing.com/bingbot.htm)"
13.66.139.48 - - [11/Jan/2021:04:47:51 +0100] "GET /-p-30761.html HTTP/1.0" 200 69192 "-" "Mozilla/5.0 (compatible; bingbot/2.0; +http://www.bing.com/bingbot.htm)"
13.66.139.153 - - [11/Jan/2021:04:47:54 +0100] "GET /teo-jasmin-pencil-case-p-31568.html HTTP/1.0" 200 71909 "-" "Mozilla/5.0 (compatible; bingbot/2.0; +http://www.bing.com/bingbot.htm)"
13.66.139.153 - - [11/Jan/2021:04:47:46 +0100] "GET /money-boxes-c-13_83.html HTTP/1.0" 200 91836 "-" "Mozilla/5.0 (compatible; bingbot/2.0; +http://www.bing.com/bingbot.htm)"
13.66.139.153 - - [11/Jan/2021:04:47:55 +0100] "GET /the-beatles-travel-mug-p-12698.html HTTP/1.0" 200 71745 "-" "Mozilla/5.0 (compatible; bingbot/2.0; +http://www.bing.com/bingbot.htm)"
13.66.139.153 - - [11/Jan/2021:04:47:57 +0100] "GET /-p-13928.html HTTP/1.0" 200 69192 "-" "Mozilla/5.0 (compatible; bingbot/2.0; +http://www.bing.com/bingbot.htm)"
13.66.139.153 - - [11/Jan/2021:04:47:58 +0100] "GET /-p-26115.html HTTP/1.0" 200 69192 "-" "Mozilla/5.0 (compatible; bingbot/2.0; +http://www.bing.com/bingbot.htm)"
13.66.139.14 - - [11/Jan/2021:04:47:59 +0100] "GET /cars-inflatable-balloon-p-19974.html HTTP/1.0" 200 71739 "-" "Mozilla/5.0 (compatible; bingbot/2.0; +http://www.bing.com/bingbot.htm)"
13.66.139.153 - - [11/Jan/2021:04:47:59 +0100] "GET /-p-22234.html HTTP/1.0" 200 69192 "-" "Mozilla/5.0 (compatible; bingbot/2.0; +http://www.bing.com/bingbot.htm)"
13.66.139.14 - - [11/Jan/2021:04:48:00 +0100] "GET /white-owl-decorative-statue-p-31563.html HTTP/1.0" 200 71931 "-" "Mozilla/5.0 (compatible; bingbot/2.0; +http://www.bing.com/bingbot.htm)"
13.66.139.153 - - [11/Jan/2021:04:48:04 +0100] "GET /-p-17974.html HTTP/1.0" 200 69192 "-" "Mozilla/5.0 (compatible; bingbot/2.0; +http://www.bing.com/bingbot.htm)"
13.66.139.153 - - [11/Jan/2021:04:48:05 +0100] "GET /-p-35055.html HTTP/1.0" 200 69192 "-" "Mozilla/5.0 (compatible; bingbot/2.0; +http://www.bing.com/bingbot.htm)"
13.66.139.153 - - [11/Jan/2021:04:48:06 +0100] "GET /-p-10475.html HTTP/1.0" 200 69192 "-" "Mozilla/5.0 (compatible; bingbot/2.0; +http://www.bing.com/bingbot.htm)"
13.66.139.153 - - [11/Jan/2021:04:48:08 +0100] "GET /-p-20067.html HTTP/1.0" 200 69192 "-" "Mozilla/5.0 (compatible; bingbot/2.0; +http://www.bing.com/bingbot.htm)"
185.191.171.19 - - [11/Jan/2021:04:48:08 +0100] "GET /littlest-petshop-lace-curtain-p-3965.html HTTP/1.0" 200 69296 "-" "Mozilla/5.0 (compatible; SemrushBot/7~bl; +http://www.semrush.com/bot.html)"
13.66.139.14 - - [11/Jan/2021:04:48:09 +0100] "GET /iron-maiden-zippo-lighter-p-39528.html HTTP/1.0" 200 74168 "-" "Mozilla/5.0 (compatible; bingbot/2.0; +http://www.bing.com/bingbot.htm)"
17.58.101.147 - - [11/Jan/2021:04:48:11 +0100] "GET /images/mini_prod/3442440105858.jpg HTTP/1.0" 200 269 "-" "Mozilla/5.0 (Macintosh; Intel Mac OS X 10_15_5) AppleWebKit/605.1.15 (KHTML, like Gecko) Version/13.1.1 Safari/605.1.15 (Applebot/0.1; +http://www.apple.com/go/applebot)"
13.66.139.14 - - [11/Jan/2021:04:48:10 +0100] "GET /windchime-wood-five-chimes-p-43517.html HTTP/1.0" 200 71877 "-" "Mozilla/5.0 (compatible; bingbot/2.0; +http://www.bing.com/bingbot.htm)"
51.68.224.127 - - [11/Jan/2021:04:48:12 +0100] "GET /adminweb/export_orders_xml.php?token=256de2z6edz6ed2z6DFSFsed2zed6zeDSFDSGdzedezfzf&maxorders=10&orderstart=1&status=14&start_date=2018-10-01 HTTP/1.0" 200 285 "-" "GesCom CharlotteBoutik Serveur"
13.66.139.14 - - [11/Jan/2021:04:48:02 +0100] "GET /chimes-and-suspensions-c-13_241.html HTTP/1.0" 200 89684 "-" "Mozilla/5.0 (compatible; bingbot/2.0; +http://www.bing.com/bingbot.htm)"
13.66.139.14 - - [11/Jan/2021:04:48:12 +0100] "GET /hello-kitty-large-backpack-p-23250.html HTTP/1.0" 200 69286 "-" "Mozilla/5.0 (compatible; bingbot/2.0; +http://www.bing.com/bingbot.htm)"
51.68.224.127 - - [11/Jan/2021:04:48:12 +0100] "GET /adminweb/export_orders_xml.php?token=256de2z6edz6ed2z6DFSFsed2zed6zeDSFDSGdzedezfzf&maxorders=10&orderstart=1&status=6&start_date=2018-10-01 HTTP/1.0" 200 29990 "-" "GesCom CharlotteBoutik Serveur"
207.46.13.239 - - [11/Jan/2021:04:48:14 +0100] "GET /images/8422360068315.jpg HTTP/1.0" 200 259 "-" "Mozilla/5.0 (compatible; bingbot/2.0; +http://www.bing.com/bingbot.htm)"
13.66.139.14 - - [11/Jan/2021:04:48:13 +0100] "GET /nintendo-logo-laptop-cover-p-17627.html HTTP/1.0" 200 74590 "-" "Mozilla/5.0 (compatible; bingbot/2.0; +http://www.bing.com/bingbot.htm)"
195.176.3.20 - - [11/Jan/2021:04:48:15 +0100] "GET /contact_us.php HTTP/1.0" 200 26241 "http://www.wonder-geek.com/contact_us.php" "Mozilla/5.0 (Windows NT 6.1; Win64; x64) AppleWebKit/537.36 (KHTML, like Gecko) Chrome/83.0.4103.61 Safari/537.36 Edg/83.0.478.37"
185.191.171.37 - - [11/Jan/2021:04:48:14 +0100] "GET /small-metal-beer-bucket-18-18-cm-barbecue-p-41207.html HTTP/1.0" 200 71982 "-" "Mozilla/5.0 (compatible; SemrushBot/7~bl; +http://www.semrush.com/bot.html)"
195.176.3.20 - - [11/Jan/2021:04:48:15 +0100] "POST /contact_us.php?action=send HTTP/1.0" 200 26643 "http://www.wonder-geek.com/contact_us.php" "Mozilla/5.0 (Windows NT 6.1; Win64; x64) AppleWebKit/537.36 (KHTML, like Gecko) Chrome/83.0.4103.61 Safari/537.36 Edg/83.0.478.37"
13.66.139.14 - - [11/Jan/2021:04:48:15 +0100] "GET /star-wars-kylo-ren-little-suitcase-p-34775.html HTTP/1.0" 200 69318 "-" "Mozilla/5.0 (compatible; bingbot/2.0; +http://www.bing.com/bingbot.htm)"
195.176.3.20 - - [11/Jan/2021:04:48:16 +0100] "GET /contact_us.php HTTP/1.0" 200 26241 "http://www.wonder-geek.com/contact_us.php" "Mozilla/5.0 (Windows NT 6.1; Win64; x64) AppleWebKit/537.36 (KHTML, like Gecko) Chrome/83.0.4103.61 Safari/537.36 Edg/83.0.478.37"
13.66.139.14 - - [11/Jan/2021:04:48:19 +0100] "GET /snow-white-figure-p-2868.html HTTP/1.0" 200 69248 "-" "Mozilla/5.0 (compatible; bingbot/2.0; +http://www.bing.com/bingbot.htm)"
13.66.139.14 - - [11/Jan/2021:04:48:20 +0100] "GET /magnet-decoration-aum-p-47526.html HTTP/1.0" 200 71849 "-" "Mozilla/5.0 (compatible; bingbot/2.0; +http://www.bing.com/bingbot.htm)"
13.66.139.14 - - [11/Jan/2021:04:48:22 +0100] "GET /-p-29836.html HTTP/1.0" 200 69192 "-" "Mozilla/5.0 (compatible; bingbot/2.0; +http://www.bing.com/bingbot.htm)"
114.119.130.202 - - [11/Jan/2021:04:48:24 +0100] "GET /images/big_prod_1/8424346084586B.jpg HTTP/1.0" 200 271 "-" "Mozilla/5.0 (Linux; Android 7.0;) AppleWebKit/537.36 (KHTML, like Gecko) Mobile Safari/537.36 (compatible; PetalBot;+https://aspiegel.com/petalbot)"
13.66.139.14 - - [11/Jan/2021:04:48:23 +0100] "GET /-p-33970.html HTTP/1.0" 200 69192 "-" "Mozilla/5.0 (compatible; bingbot/2.0; +http://www.bing.com/bingbot.htm)"
13.66.139.14 - - [11/Jan/2021:04:48:24 +0100] "GET /-p-4527.html HTTP/1.0" 200 69190 "-" "Mozilla/5.0 (compatible; bingbot/2.0; +http://www.bing.com/bingbot.htm)"
13.66.139.14 - - [11/Jan/2021:04:48:25 +0100] "GET /-p-24473.html HTTP/1.0" 200 69192 "-" "Mozilla/5.0 (compatible; bingbot/2.0; +http://www.bing.com/bingbot.htm)"
13.66.139.14 - - [11/Jan/2021:04:48:27 +0100] "GET /-p-3095.html HTTP/1.0" 200 69190 "-" "Mozilla/5.0 (compatible; bingbot/2.0; +http://www.bing.com/bingbot.htm)"
13.66.139.14 - - [11/Jan/2021:04:48:28 +0100] "GET /-p-21921.html HTTP/1.0" 200 69192 "-" "Mozilla/5.0 (compatible; bingbot/2.0; +http://www.bing.com/bingbot.htm)"
13.66.139.14 - - [11/Jan/2021:04:48:30 +0100] "GET /-p-11454.html HTTP/1.0" 200 69192 "-" "Mozilla/5.0 (compatible; bingbot/2.0; +http://www.bing.com/bingbot.htm)"
157.55.39.220 - - [11/Jan/2021:04:48:37 +0100] "GET /images/1308421360833.jpg HTTP/1.0" 200 259 "-" "Mozilla/5.0 (compatible; bingbot/2.0; +http://www.bing.com/bingbot.htm)"
185.191.171.22 - - [11/Jan/2021:04:49:05 +0100] "GET /love-and-peace-pink-shirt-p-30150.html HTTP/1.0" 200 73579 "-" "Mozilla/5.0 (compatible; SemrushBot/7~bl; +http://www.semrush.com/bot.html)"
185.191.171.22 - - [11/Jan/2021:04:49:11 +0100] "GET /vintage-trivet-p-40817.html HTTP/1.0" 200 69238 "-" "Mozilla/5.0 (compatible; SemrushBot/7~bl; +http://www.semrush.com/bot.html)"
40.77.167.56 - - [11/Jan/2021:04:49:16 +0100] "GET /images/med_prod/1399984288900.jpg HTTP/1.0" 200 268 "-" "Mozilla/5.0 (compatible; bingbot/2.0; +http://www.bing.com/bingbot.htm)"
185.191.171.20 - - [11/Jan/2021:04:49:22 +0100] "GET /psg-adult-apron-p-38013.html HTTP/1.0" 200 69258 "-" "Mozilla/5.0 (compatible; SemrushBot/7~bl; +http://www.semrush.com/bot.html)"
207.46.13.229 - - [11/Jan/2021:04:49:48 +0100] "GET /images/big_prod_1/3700407618569A.jpg HTTP/1.0" 200 271 "-" "Mozilla/5.0 (compatible; bingbot/2.0; +http://www.bing.com/bingbot.htm)"
207.46.13.26 - - [11/Jan/2021:04:49:54 +0100] "GET /cherry-blossoms-green-tea-box-p-39293.html HTTP/1.0" 200 69298 "-" "Mozilla/5.0 (compatible; bingbot/2.0; +http://www.bing.com/bingbot.htm)"
207.46.13.26 - - [11/Jan/2021:04:49:55 +0100] "GET /swfobject.js HTTP/1.0" 404 1308 "-" "Mozilla/5.0 (compatible; bingbot/2.0; +http://www.bing.com/bingbot.htm)"
54.36.148.87 - - [11/Jan/2021:04:50:09 +0100] "GET /gaston-potholder-p-52680.html HTTP/1.0" 200 71810 "-" "Mozilla/5.0 (compatible; AhrefsBot/7.0; +http://ahrefs.com/robot/)"
185.191.171.5 - - [11/Jan/2021:04:50:22 +0100] "GET /couture-wooden-box-p-32096.html HTTP/1.0" 301 69259 "-" "Mozilla/5.0 (compatible; SemrushBot/7~bl; +http://www.semrush.com/bot.html)"
185.191.171.22 - - [11/Jan/2021:04:50:25 +0100] "GET /-p-32096.html HTTP/1.0" 200 69192 "-" "Mozilla/5.0 (compatible; SemrushBot/7~bl; +http://www.semrush.com/bot.html)"
157.55.39.220 - - [11/Jan/2021:04:50:27 +0100] "GET /images/1399984251805.jpg HTTP/1.0" 200 259 "-" "Mozilla/5.0 (compatible; bingbot/2.0; +http://www.bing.com/bingbot.htm)"
185.191.171.16 - - [11/Jan/2021:04:51:18 +0100] "GET /funny-pets-mug-by-cbkreation-p-43387.html HTTP/1.0" 200 71917 "-" "Mozilla/5.0 (compatible; SemrushBot/7~bl; +http://www.semrush.com/bot.html)"
185.191.171.14 - - [11/Jan/2021:04:51:27 +0100] "GET /suspended-key-hanger-19-cm-p-40449.html HTTP/1.0" 200 69286 "-" "Mozilla/5.0 (compatible; SemrushBot/7~bl; +http://www.semrush.com/bot.html)"
185.191.171.9 - - [11/Jan/2021:04:51:41 +0100] "GET /mickal-statue-in-polyresin-23-cm-p-51746.html HTTP/1.0" 200 72818 "-" "Mozilla/5.0 (compatible; SemrushBot/7~bl; +http://www.semrush.com/bot.html)"
13.66.139.48 - - [11/Jan/2021:04:51:44 +0100] "GET /fairy-kitchen-towel-p-38812.html HTTP/1.0" 200 71795 "-" "Mozilla/5.0 (compatible; bingbot/2.0; +http://www.bing.com/bingbot.htm)"
185.191.171.41 - - [11/Jan/2021:04:51:49 +0100] "GET /minnie-mouse-disney-suitcase-p-31207.html HTTP/1.0" 200 72293 "-" "Mozilla/5.0 (compatible; SemrushBot/7~bl; +http://www.semrush.com/bot.html)"
185.191.171.23 - - [11/Jan/2021:04:51:53 +0100] "GET /horse-large-mirror-p-26650.html HTTP/1.0" 200 71776 "-" "Mozilla/5.0 (compatible; SemrushBot/7~bl; +http://www.semrush.com/bot.html)"
13.66.139.48 - - [11/Jan/2021:04:51:46 +0100] "GET /wall-sticker-c-13_187.html?page=1 HTTP/1.0" 200 92252 "-" "Mozilla/5.0 (compatible; bingbot/2.0; +http://www.bing.com/bingbot.htm)"
185.191.171.3 - - [11/Jan/2021:04:52:02 +0100] "GET /incense-c-231_226.html?page=1 HTTP/1.0" 200 90760 "-" "Mozilla/5.0 (compatible; SemrushBot/7~bl; +http://www.semrush.com/bot.html)"
185.191.171.26 - - [11/Jan/2021:04:52:08 +0100] "GET /provence-soap-dispenser-as-soap-p-39760.html HTTP/1.0" 301 69259 "-" "Mozilla/5.0 (compatible; SemrushBot/7~bl; +http://www.semrush.com/bot.html)"
185.191.171.25 - - [11/Jan/2021:04:52:11 +0100] "GET /-p-39760.html HTTP/1.0" 200 69192 "-" "Mozilla/5.0 (compatible; SemrushBot/7~bl; +http://www.semrush.com/bot.html)"
207.46.13.239 - - [11/Jan/2021:04:52:35 +0100] "GET /images/big_prod/8717318154029.jpg HTTP/1.0" 200 268 "-" "Mozilla/5.0 (compatible; bingbot/2.0; +http://www.bing.com/bingbot.htm)"
114.119.145.117 - - [11/Jan/2021:04:52:47 +0100] "GET /polar-blanket-wildcat-160-130-cm-p-52354.html HTTP/1.0" 200 71936 "-" "Mozilla/5.0 (Linux; Android 7.0;) AppleWebKit/537.36 (KHTML, like Gecko) Mobile Safari/537.36 (compatible; PetalBot;+https://aspiegel.com/petalbot)"
207.46.13.26 - - [11/Jan/2021:04:52:53 +0100] "GET /images/big_prod/8435306270062.jpg HTTP/1.0" 200 268 "-" "Mozilla/5.0 (compatible; bingbot/2.0; +http://www.bing.com/bingbot.htm)"
157.55.39.110 - - [11/Jan/2021:04:53:10 +0100] "GET /images/med_prod/8435306290558.jpg HTTP/1.0" 200 268 "-" "Mozilla/5.0 (compatible; bingbot/2.0; +http://www.bing.com/bingbot.htm)"
185.191.171.4 - - [11/Jan/2021:04:53:23 +0100] "GET /fancy-elastic-bracelet-buddha-p-43738.html HTTP/1.0" 200 71888 "-" "Mozilla/5.0 (compatible; SemrushBot/7~bl; +http://www.semrush.com/bot.html)"
185.191.171.39 - - [11/Jan/2021:04:53:26 +0100] "GET /mini-magnetic-plate-retro-live-laugh-feast-p-34408.html HTTP/1.0" 200 69399 "-" "Mozilla/5.0 (compatible; SemrushBot/7~bl; +http://www.semrush.com/bot.html)"
185.191.171.4 - - [11/Jan/2021:04:53:28 +0100] "GET /home-and-decoration-c-13.html?page=108 HTTP/1.0" 200 91354 "-" "Mozilla/5.0 (compatible; SemrushBot/7~bl; +http://www.semrush.com/bot.html)"
185.191.171.44 - - [11/Jan/2021:04:53:39 +0100] "GET /white-coat-rack-dream-catchers-wooden-hooks-p-50575.html HTTP/1.0" 200 72665 "-" "Mozilla/5.0 (compatible; SemrushBot/7~bl; +http://www.semrush.com/bot.html)"
207.46.13.26 - - [11/Jan/2021:04:53:43 +0100] "GET /images/med_prod/00039897677330.jpg HTTP/1.0" 200 269 "-" "Mozilla/5.0 (compatible; bingbot/2.0; +http://www.bing.com/bingbot.htm)"
185.191.171.21 - - [11/Jan/2021:04:53:43 +0100] "GET /ethnic-style-burlap-table-p-48448.html HTTP/1.0" 200 71815 "-" "Mozilla/5.0 (compatible; SemrushBot/7~bl; +http://www.semrush.com/bot.html)"
185.191.171.44 - - [11/Jan/2021:04:53:48 +0100] "GET /metal-beer-bucket-blue-p-44737.html HTTP/1.0" 200 71833 "-" "Mozilla/5.0 (compatible; SemrushBot/7~bl; +http://www.semrush.com/bot.html)"
185.191.171.3 - - [11/Jan/2021:04:53:51 +0100] "GET /teo-jasmin-pencil-case-p-31567.html HTTP/1.0" 200 69293 "-" "Mozilla/5.0 (compatible; SemrushBot/7~bl; +http://www.semrush.com/bot.html)"
54.36.148.87 - - [11/Jan/2021:04:54:34 +0100] "GET /fitted-sheet-c-11_193.html?page=1 HTTP/1.0" 200 89840 "-" "Mozilla/5.0 (compatible; AhrefsBot/7.0; +http://ahrefs.com/robot/)"
185.191.171.42 - - [11/Jan/2021:04:54:50 +0100] "GET /alien-cup-in-green-ceramic-p-48689.html HTTP/1.0" 200 72457 "-" "Mozilla/5.0 (compatible; SemrushBot/7~bl; +http://www.semrush.com/bot.html)"
5.255.231.71 - - [11/Jan/2021:04:54:59 +0100] "GET /robots.txt HTTP/1.0" 200 245 "-" "Mozilla/5.0 (compatible; YandexBot/3.0; +http://yandex.com/bots)"
185.191.171.15 - - [11/Jan/2021:04:54:58 +0100] "GET /dragon-ball-blue-postal-bag-p-3843.html HTTP/1.0" 200 72072 "-" "Mozilla/5.0 (compatible; SemrushBot/7~bl; +http://www.semrush.com/bot.html)"
5.255.231.71 - - [11/Jan/2021:04:55:03 +0100] "GET /thor-poster-p-30864.html HTTP/1.0" 200 71751 "-" "Mozilla/5.0 (compatible; YandexBot/3.0; +http://yandex.com/bots)"
185.191.171.8 - - [11/Jan/2021:04:55:24 +0100] "GET /sonny-angel-animals-series-figure-p-53434.html HTTP/1.0" 200 72156 "-" "Mozilla/5.0 (compatible; SemrushBot/7~bl; +http://www.semrush.com/bot.html)"
17.58.101.147 - - [11/Jan/2021:04:55:20 +0100] "GET /mattress-cover-c-11_197.html HTTP/1.0" 200 88307 "-" "Mozilla/5.0 (Macintosh; Intel Mac OS X 10_15_5) AppleWebKit/605.1.15 (KHTML, like Gecko) Version/13.1.1 Safari/605.1.15 (Applebot/0.1; +http://www.apple.com/go/applebot)"
185.191.171.20 - - [11/Jan/2021:04:55:29 +0100] "GET /lyon-white-women-tee-shirt-p-31278.html HTTP/1.0" 200 73849 "-" "Mozilla/5.0 (compatible; SemrushBot/7~bl; +http://www.semrush.com/bot.html)"
13.66.139.48 - - [11/Jan/2021:04:55:35 +0100] "GET /cinderella-film-figure-p-32168.html HTTP/1.0" 200 71984 "-" "Mozilla/5.0 (compatible; bingbot/2.0; +http://www.bing.com/bingbot.htm)"
185.191.171.40 - - [11/Jan/2021:04:55:38 +0100] "GET /accessories-c-3.html?page=12 HTTP/1.0" 200 91873 "-" "Mozilla/5.0 (compatible; SemrushBot/7~bl; +http://www.semrush.com/bot.html)"
185.191.171.43 - - [11/Jan/2021:04:55:45 +0100] "GET /toiletry-bag-p-41058.html HTTP/1.0" 200 71873 "-" "Mozilla/5.0 (compatible; SemrushBot/7~bl; +http://www.semrush.com/bot.html)"
185.191.171.37 - - [11/Jan/2021:04:55:49 +0100] "GET /monks-on-sheet-41-cm-p-48286.html HTTP/1.0" 200 71883 "-" "Mozilla/5.0 (compatible; SemrushBot/7~bl; +http://www.semrush.com/bot.html)"
40.77.167.56 - - [11/Jan/2021:04:56:09 +0100] "GET /images/big_prod/3453131144940.jpg HTTP/1.0" 200 268 "-" "Mozilla/5.0 (compatible; bingbot/2.0; +http://www.bing.com/bingbot.htm)"
185.191.171.37 - - [11/Jan/2021:04:56:47 +0100] "GET /african-woman-decoration-37-cm-p-50053.html HTTP/1.0" 301 72863 "-" "Mozilla/5.0 (compatible; SemrushBot/7~bl; +http://www.semrush.com/bot.html)"
157.55.39.22 - - [11/Jan/2021:04:56:49 +0100] "GET /images/3438100330586.jpg HTTP/1.0" 200 259 "-" "Mozilla/5.0 (compatible; bingbot/2.0; +http://www.bing.com/bingbot.htm)"
157.55.39.22 - - [11/Jan/2021:04:56:49 +0100] "GET /images/med_prod/3700789214632.jpg HTTP/1.0" 200 268 "-" "Mozilla/5.0 (compatible; bingbot/2.0; +http://www.bing.com/bingbot.htm)"
185.191.171.3 - - [11/Jan/2021:04:56:49 +0100] "GET /african-woman-decoration-36-cm-p-50053.html HTTP/1.0" 200 72766 "-" "Mozilla/5.0 (compatible; SemrushBot/7~bl; +http://www.semrush.com/bot.html)"
17.58.101.147 - - [11/Jan/2021:04:57:01 +0100] "GET /dancer-ballerina-jewelry-box-phosphorescent-p-50834.html HTTP/1.0" 200 73476 "-" "Mozilla/5.0 (Macintosh; Intel Mac OS X 10_15_5) AppleWebKit/605.1.15 (KHTML, like Gecko) Version/13.1.1 Safari/605.1.15 (Applebot/0.1; +http://www.apple.com/go/applebot)"
185.191.171.34 - - [11/Jan/2021:04:57:02 +0100] "GET /taz-pencil-case-p-3528.html HTTP/1.0" 200 71973 "-" "Mozilla/5.0 (compatible; SemrushBot/7~bl; +http://www.semrush.com/bot.html)"
114.119.154.200 - - [11/Jan/2021:04:57:03 +0100] "GET /world-map-large-clock-blue-and-beige-p-52869.html HTTP/1.0" 301 72062 "-" "Mozilla/5.0 (Linux; Android 7.0;) AppleWebKit/537.36 (KHTML, like Gecko) Mobile Safari/537.36 (compatible; PetalBot;+https://aspiegel.com/petalbot)"
114.119.154.200 - - [11/Jan/2021:04:57:04 +0100] "GET /world-map-large-clock-brown-and-beige-p-52869.html HTTP/1.0" 200 71958 "-" "Mozilla/5.0 (Linux; Android 7.0;) AppleWebKit/537.36 (KHTML, like Gecko) Mobile Safari/537.36 (compatible; PetalBot;+https://aspiegel.com/petalbot)"
185.191.171.40 - - [11/Jan/2021:04:57:06 +0100] "GET /moroccan-ashtray-p-53147.html HTTP/1.0" 200 71765 "-" "Mozilla/5.0 (compatible; SemrushBot/7~bl; +http://www.semrush.com/bot.html)"
185.191.171.39 - - [11/Jan/2021:04:57:18 +0100] "GET /kimmidoll-makeup-kit-23-cm-p-46151.html HTTP/1.0" 200 72583 "-" "Mozilla/5.0 (compatible; SemrushBot/7~bl; +http://www.semrush.com/bot.html)"
185.191.171.24 - - [11/Jan/2021:04:57:23 +0100] "GET /blue-polyester-round-chair-cushion-p-47038.html HTTP/1.0" 200 71937 "-" "Mozilla/5.0 (compatible; SemrushBot/7~bl; +http://www.semrush.com/bot.html)"
157.55.39.22 - - [11/Jan/2021:04:57:52 +0100] "GET /barbapapa-breakfast-set-p-19467.html HTTP/1.0" 200 69274 "-" "Mozilla/5.0 (compatible; bingbot/2.0; +http://www.bing.com/bingbot.htm)"
207.46.13.26 - - [11/Jan/2021:04:57:56 +0100] "GET /images/big_prod/3609810083325b.jpg HTTP/1.0" 200 269 "-" "Mozilla/5.0 (compatible; bingbot/2.0; +http://www.bing.com/bingbot.htm)"
207.46.13.229 - - [11/Jan/2021:04:58:11 +0100] "GET /images/mini_prod/8717202559831.jpg HTTP/1.0" 200 269 "-" "Mozilla/5.0 (compatible; bingbot/2.0; +http://www.bing.com/bingbot.htm)"
185.191.171.7 - - [11/Jan/2021:04:58:23 +0100] "GET /large-white-rhinoceros-statue-p-48022.html HTTP/1.0" 200 71943 "-" "Mozilla/5.0 (compatible; SemrushBot/7~bl; +http://www.semrush.com/bot.html)"
185.191.171.16 - - [11/Jan/2021:04:58:58 +0100] "GET /pen-holder-in-recycled-metal-elements-cock-p-42325.html HTTP/1.0" 200 72028 "-" "Mozilla/5.0 (compatible; SemrushBot/7~bl; +http://www.semrush.com/bot.html)"
185.191.171.24 - - [11/Jan/2021:04:59:01 +0100] "GET /mojito-metal-plate-deco-p-50003.html HTTP/1.0" 200 71814 "-" "Mozilla/5.0 (compatible; SemrushBot/7~bl; +http://www.semrush.com/bot.html)"
185.191.171.24 - - [11/Jan/2021:04:59:03 +0100] "GET /football-clock-by-cbkreation-p-24709.html HTTP/1.0" 200 71980 "-" "Mozilla/5.0 (compatible; SemrushBot/7~bl; +http://www.semrush.com/bot.html)"
185.191.171.25 - - [11/Jan/2021:04:59:12 +0100] "GET /california-usa-khaki-backpack-p-37099.html HTTP/1.0" 200 72178 "-" "Mozilla/5.0 (compatible; SemrushBot/7~bl; +http://www.semrush.com/bot.html)"
40.77.167.56 - - [11/Jan/2021:04:59:13 +0100] "GET /images/pyjama2009dbzbleu.jpg HTTP/1.0" 200 263 "-" "Mozilla/5.0 (compatible; bingbot/2.0; +http://www.bing.com/bingbot.htm)"
54.36.148.4 - - [11/Jan/2021:04:59:20 +0100] "GET /pots-and-cookie-jars-c-12_250.html?page=1 HTTP/1.0" 200 90170 "-" "Mozilla/5.0 (compatible; AhrefsBot/7.0; +http://ahrefs.com/robot/)"
185.191.171.24 - - [11/Jan/2021:04:59:42 +0100] "GET /no-smoking-wooden-frame-p-46086.html HTTP/1.0" 200 72745 "-" "Mozilla/5.0 (compatible; SemrushBot/7~bl; +http://www.semrush.com/bot.html)"
40.77.167.56 - - [11/Jan/2021:05:00:31 +0100] "GET /images/big_prod/JASMINERACINGBOUDOIR.jpg HTTP/1.0" 200 275 "-" "Mozilla/5.0 (compatible; bingbot/2.0; +http://www.bing.com/bingbot.htm)"
185.191.171.19 - - [11/Jan/2021:05:00:38 +0100] "GET /retro-glass-cutting-board-30-20-cm-p-48515.html HTTP/1.0" 200 72257 "-" "Mozilla/5.0 (compatible; SemrushBot/7~bl; +http://www.semrush.com/bot.html)"
185.191.171.43 - - [11/Jan/2021:05:00:41 +0100] "GET /premium-percale-cotton-bed-set-220-240-cm-p-46750.html HTTP/1.0" 301 69259 "-" "Mozilla/5.0 (compatible; SemrushBot/7~bl; +http://www.semrush.com/bot.html)"
185.191.171.38 - - [11/Jan/2021:05:00:45 +0100] "GET /-p-46750.html HTTP/1.0" 200 69192 "-" "Mozilla/5.0 (compatible; SemrushBot/7~bl; +http://www.semrush.com/bot.html)"
185.191.171.9 - - [11/Jan/2021:05:00:48 +0100] "GET /luggages-schoolbags-leather-shop-c-31.html?page=3 HTTP/1.0" 200 90650 "-" "Mozilla/5.0 (compatible; SemrushBot/7~bl; +http://www.semrush.com/bot.html)"
207.46.13.26 - - [11/Jan/2021:05:01:02 +0100] "GET /images/big_prod/5406924021049.jpg HTTP/1.0" 200 268 "-" "Mozilla/5.0 (compatible; bingbot/2.0; +http://www.bing.com/bingbot.htm)"
114.119.158.196 - - [11/Jan/2021:05:01:26 +0100] "GET /magnet-p-51206.html HTTP/1.0" 200 71695 "-" "Mozilla/5.0 (Linux; Android 7.0;) AppleWebKit/537.36 (KHTML, like Gecko) Mobile Safari/537.36 (compatible; PetalBot;+https://aspiegel.com/petalbot)"
185.191.171.16 - - [11/Jan/2021:05:01:43 +0100] "GET /paris-clock-p-8635.html HTTP/1.0" 200 71740 "-" "Mozilla/5.0 (compatible; SemrushBot/7~bl; +http://www.semrush.com/bot.html)"
17.58.101.147 - - [11/Jan/2021:05:02:06 +0100] "GET /pencil-pot-c-129_183.html HTTP/1.0" 200 89508 "-" "Mozilla/5.0 (Macintosh; Intel Mac OS X 10_15_5) AppleWebKit/605.1.15 (KHTML, like Gecko) Version/13.1.1 Safari/605.1.15 (Applebot/0.1; +http://www.apple.com/go/applebot)"
207.46.13.26 - - [11/Jan/2021:05:02:11 +0100] "GET /swfobject.js HTTP/1.0" 404 1308 "-" "Mozilla/5.0 (compatible; bingbot/2.0; +http://www.bing.com/bingbot.htm)"
185.191.171.38 - - [11/Jan/2021:05:02:12 +0100] "GET /pillow-bolster-c-11_199.html HTTP/1.0" 200 83135 "-" "Mozilla/5.0 (compatible; SemrushBot/7~bl; +http://www.semrush.com/bot.html)"
207.46.13.26 - - [11/Jan/2021:05:02:21 +0100] "GET /swfobject.js HTTP/1.0" 404 1308 "-" "Mozilla/5.0 (compatible; bingbot/2.0; +http://www.bing.com/bingbot.htm)"
185.191.171.13 - - [11/Jan/2021:05:02:39 +0100] "GET /happy-birthday-card-p-20044.html HTTP/1.0" 200 71868 "-" "Mozilla/5.0 (compatible; SemrushBot/7~bl; +http://www.semrush.com/bot.html)"
185.191.171.38 - - [11/Jan/2021:05:02:41 +0100] "GET /barbabright-marine-figure-p-468.html HTTP/1.0" 200 69304 "-" "Mozilla/5.0 (compatible; SemrushBot/7~bl; +http://www.semrush.com/bot.html)"
185.191.171.9 - - [11/Jan/2021:05:02:43 +0100] "GET /renault-gordini-large-metal-plate-deco-p-34127.html HTTP/1.0" 200 71957 "-" "Mozilla/5.0 (compatible; SemrushBot/7~bl; +http://www.semrush.com/bot.html)"
185.191.171.9 - - [11/Jan/2021:05:02:45 +0100] "GET /doc-figure-collection-disney-leading-dwarf-p-23116.html HTTP/1.0" 301 69259 "-" "Mozilla/5.0 (compatible; SemrushBot/7~bl; +http://www.semrush.com/bot.html)"
185.191.171.38 - - [11/Jan/2021:05:02:47 +0100] "GET /-p-23116.html HTTP/1.0" 200 69192 "-" "Mozilla/5.0 (compatible; SemrushBot/7~bl; +http://www.semrush.com/bot.html)"
207.46.13.229 - - [11/Jan/2021:05:03:26 +0100] "GET /scented-candles-and-novenas-c-231_227.html?page=4 HTTP/1.0" 200 92749 "-" "Mozilla/5.0 (compatible; bingbot/2.0; +http://www.bing.com/bingbot.htm)"
185.191.171.42 - - [11/Jan/2021:05:03:37 +0100] "GET /teo-jasmin-jasmine-stardust-companion-portfolio-p-40984.html HTTP/1.0" 200 69391 "-" "Mozilla/5.0 (compatible; SemrushBot/7~bl; +http://www.semrush.com/bot.html)"
185.191.171.42 - - [11/Jan/2021:05:03:56 +0100] "GET /kori-kumi-green-wallet-p-30493.html HTTP/1.0" 200 71856 "-" "Mozilla/5.0 (compatible; SemrushBot/7~bl; +http://www.semrush.com/bot.html)"
207.46.13.239 - - [11/Jan/2021:05:04:13 +0100] "GET /images/big_prod/8433933445907.jpg HTTP/1.0" 200 268 "-" "Mozilla/5.0 (compatible; bingbot/2.0; +http://www.bing.com/bingbot.htm)"
185.191.171.12 - - [11/Jan/2021:05:04:14 +0100] "GET /car-air-freshener-heart-and-home-fresh-linen-p-40611.html?action=add_product HTTP/1.0" 302 476 "-" "Mozilla/5.0 (compatible; SemrushBot/7~bl; +http://www.semrush.com/bot.html)"
51.68.224.127 - - [11/Jan/2021:05:04:15 +0100] "GET /adminweb/export_orders_xml.php?token=256de2z6edz6ed2z6DFSFsed2zed6zeDSFDSGdzedezfzf&maxorders=10&orderstart=1&status=14&start_date=2018-10-01 HTTP/1.0" 200 285 "-" "GesCom CharlotteBoutik Serveur"
51.68.224.127 - - [11/Jan/2021:05:04:15 +0100] "GET /adminweb/export_orders_xml.php?token=256de2z6edz6ed2z6DFSFsed2zed6zeDSFDSGdzedezfzf&maxorders=10&orderstart=1&status=6&start_date=2018-10-01 HTTP/1.0" 200 29990 "-" "GesCom CharlotteBoutik Serveur"
54.36.149.37 - - [11/Jan/2021:05:04:17 +0100] "GET /mugs-and-mazagrans-c-12_57.html?page=13 HTTP/1.0" 200 95717 "-" "Mozilla/5.0 (compatible; AhrefsBot/7.0; +http://ahrefs.com/robot/)"
185.191.171.39 - - [11/Jan/2021:05:04:27 +0100] "GET /disney-planes-slate-p-27806.html HTTP/1.0" 200 71858 "-" "Mozilla/5.0 (compatible; SemrushBot/7~bl; +http://www.semrush.com/bot.html)"
185.191.171.41 - - [11/Jan/2021:05:04:32 +0100] "GET /route-66-us-ceiling-light-p-29405.html HTTP/1.0" 200 69308 "-" "Mozilla/5.0 (compatible; SemrushBot/7~bl; +http://www.semrush.com/bot.html)"
185.191.171.40 - - [11/Jan/2021:05:04:53 +0100] "GET /vase-flower-pot-and-soliflore-c-13_232.html?page=1 HTTP/1.0" 200 90765 "-" "Mozilla/5.0 (compatible; SemrushBot/7~bl; +http://www.semrush.com/bot.html)"
185.191.171.12 - - [11/Jan/2021:05:05:16 +0100] "GET /paris-cat-set-cups-espresso-p-28397.html HTTP/1.0" 200 71860 "-" "Mozilla/5.0 (compatible; SemrushBot/7~bl; +http://www.semrush.com/bot.html)"
185.191.171.42 - - [11/Jan/2021:05:05:18 +0100] "GET /avengers-age-of-ultron-poster-p-32313.html HTTP/1.0" 200 69328 "-" "Mozilla/5.0 (compatible; SemrushBot/7~bl; +http://www.semrush.com/bot.html)"
185.191.171.1 - - [11/Jan/2021:05:05:22 +0100] "GET /monster-money-box-p-28122.html HTTP/1.0" 301 69259 "-" "Mozilla/5.0 (compatible; SemrushBot/7~bl; +http://www.semrush.com/bot.html)"
207.46.13.26 - - [11/Jan/2021:05:05:25 +0100] "GET /images/big_prod/8422096017618.jpg HTTP/1.0" 200 268 "-" "Mozilla/5.0 (compatible; bingbot/2.0; +http://www.bing.com/bingbot.htm)"
185.191.171.15 - - [11/Jan/2021:05:05:25 +0100] "GET /-p-28122.html HTTP/1.0" 200 69192 "-" "Mozilla/5.0 (compatible; SemrushBot/7~bl; +http://www.semrush.com/bot.html)"
114.119.132.105 - - [11/Jan/2021:05:05:49 +0100] "GET /pharaoh-figurine-bronze-aspect-23-cm-p-52827.html HTTP/1.0" 200 72015 "-" "Mozilla/5.0 (Linux; Android 7.0;) AppleWebKit/537.36 (KHTML, like Gecko) Mobile Safari/537.36 (compatible; PetalBot;+https://aspiegel.com/petalbot)"
207.46.13.26 - - [11/Jan/2021:05:06:02 +0100] "GET /swfobject.js HTTP/1.0" 404 1308 "-" "Mozilla/5.0 (compatible; bingbot/2.0; +http://www.bing.com/bingbot.htm)"
185.191.171.4 - - [11/Jan/2021:05:06:16 +0100] "GET /frozen-homework-notebooks-p-35842.html HTTP/1.0" 200 72213 "-" "Mozilla/5.0 (compatible; SemrushBot/7~bl; +http://www.semrush.com/bot.html)"
185.191.171.19 - - [11/Jan/2021:05:06:23 +0100] "GET /the-despicable-me-homework-notebooks-p-35840.html HTTP/1.0" 200 72302 "-" "Mozilla/5.0 (compatible; SemrushBot/7~bl; +http://www.semrush.com/bot.html)"
185.191.171.26 - - [11/Jan/2021:05:06:25 +0100] "GET /skulls-mug-p-39403.html HTTP/1.0" 200 71744 "-" "Mozilla/5.0 (compatible; SemrushBot/7~bl; +http://www.semrush.com/bot.html)"
185.191.171.24 - - [11/Jan/2021:05:06:28 +0100] "GET /cats-by-dubout-photo-frame-the-third-eye-p-33753.html HTTP/1.0" 200 72400 "-" "Mozilla/5.0 (compatible; SemrushBot/7~bl; +http://www.semrush.com/bot.html)"
157.55.39.220 - - [11/Jan/2021:05:07:19 +0100] "GET /images/1020322250364.jpg HTTP/1.0" 200 259 "-" "Mozilla/5.0 (compatible; bingbot/2.0; +http://www.bing.com/bingbot.htm)"
40.77.167.56 - - [11/Jan/2021:05:07:23 +0100] "GET /-p-35418.html HTTP/1.0" 200 69192 "-" "Mozilla/5.0 (compatible; bingbot/2.0; +http://www.bing.com/bingbot.htm)"
207.46.13.36 - - [11/Jan/2021:05:07:28 +0100] "GET /images/big_prod/045544960090.jpg HTTP/1.0" 200 267 "-" "Mozilla/5.0 (compatible; bingbot/2.0; +http://www.bing.com/bingbot.htm)"
185.191.171.43 - - [11/Jan/2021:05:07:31 +0100] "GET /fitted-sheet-in-cotton-percale-80-threads-160-200-30-cm-p-43828.html HTTP/1.0" 200 72192 "-" "Mozilla/5.0 (compatible; SemrushBot/7~bl; +http://www.semrush.com/bot.html)"
207.46.13.26 - - [11/Jan/2021:05:07:36 +0100] "GET /images/big_prod/8422001573390.jpg HTTP/1.0" 200 268 "-" "Mozilla/5.0 (compatible; bingbot/2.0; +http://www.bing.com/bingbot.htm)"
207.46.13.239 - - [11/Jan/2021:05:07:44 +0100] "GET /images/big_prod_1/1348422000215.jpg HTTP/1.0" 200 270 "-" "Mozilla/5.0 (compatible; bingbot/2.0; +http://www.bing.com/bingbot.htm)"
54.36.148.187 - - [11/Jan/2021:05:07:49 +0100] "GET /pink-bulldog-moneybox-p-35590.html HTTP/1.0" 301 69259 "-" "Mozilla/5.0 (compatible; AhrefsBot/7.0; +http://ahrefs.com/robot/)"
185.191.171.2 - - [11/Jan/2021:05:07:55 +0100] "GET /mango-stand-storage-chest-p-52258.html HTTP/1.0" 200 73045 "-" "Mozilla/5.0 (compatible; SemrushBot/7~bl; +http://www.semrush.com/bot.html)"
157.55.39.22 - - [11/Jan/2021:05:08:20 +0100] "GET /naruto-black-swimsuit-p-30583.html HTTP/1.0" 200 72977 "-" "Mozilla/5.0 (compatible; bingbot/2.0; +http://www.bing.com/bingbot.htm)"
185.191.171.9 - - [11/Jan/2021:05:08:24 +0100] "GET /jolie-provence-metal-tray-35-25-cm-p-47717.html HTTP/1.0" 200 71969 "-" "Mozilla/5.0 (compatible; SemrushBot/7~bl; +http://www.semrush.com/bot.html)"
207.46.13.239 - - [11/Jan/2021:05:08:45 +0100] "GET /images/4027950.jpg HTTP/1.0" 200 253 "-" "Mozilla/5.0 (compatible; bingbot/2.0; +http://www.bing.com/bingbot.htm)"
185.191.171.41 - - [11/Jan/2021:05:08:51 +0100] "GET /tea-pot-small-hens-ceramic-p-35953.html HTTP/1.0" 200 69313 "-" "Mozilla/5.0 (compatible; SemrushBot/7~bl; +http://www.semrush.com/bot.html)"
185.191.171.45 - - [11/Jan/2021:05:09:01 +0100] "GET /african-woman-carrying-water-and-her-daughter-decoration-p-52879.html HTTP/1.0" 200 72156 "-" "Mozilla/5.0 (compatible; SemrushBot/7~bl; +http://www.semrush.com/bot.html)"
54.36.148.87 - - [11/Jan/2021:05:09:03 +0100] "GET /dishes-c-12.html?page=6 HTTP/1.0" 200 90071 "-" "Mozilla/5.0 (compatible; AhrefsBot/7.0; +http://ahrefs.com/robot/)"
17.58.101.147 - - [11/Jan/2021:05:09:33 +0100] "GET /-p-15264.html HTTP/1.0" 200 69192 "-" "Mozilla/5.0 (Macintosh; Intel Mac OS X 10_15_5) AppleWebKit/605.1.15 (KHTML, like Gecko) Version/13.1.1 Safari/605.1.15 (Applebot/0.1; +http://www.apple.com/go/applebot)"
185.191.171.15 - - [11/Jan/2021:05:09:47 +0100] "GET /retro-box-oval-aged-metal-look-p-52539.html HTTP/1.0" 200 69310 "-" "Mozilla/5.0 (compatible; SemrushBot/7~bl; +http://www.semrush.com/bot.html)"
185.191.171.36 - - [11/Jan/2021:05:09:49 +0100] "GET /the-little-prince-lunch-box-p-30326.html HTTP/1.0" 200 69309 "-" "Mozilla/5.0 (compatible; SemrushBot/7~bl; +http://www.semrush.com/bot.html)"
157.55.39.110 - - [11/Jan/2021:05:09:51 +0100] "GET /johnny-hallyday-zippo-lighter-p-49852.html HTTP/1.0" 200 72952 "-" "Mozilla/5.0 (compatible; bingbot/2.0; +http://www.bing.com/bingbot.htm)"
185.191.171.39 - - [11/Jan/2021:05:09:57 +0100] "GET /espresso-cups-with-spoon-prose-gourmande-p-42700.html HTTP/1.0" 200 72096 "-" "Mozilla/5.0 (compatible; SemrushBot/7~bl; +http://www.semrush.com/bot.html)"
114.119.130.202 - - [11/Jan/2021:05:10:12 +0100] "GET /avengers-mug-p-37514.html HTTP/1.0" 200 71968 "-" "Mozilla/5.0 (Linux; Android 7.0;) AppleWebKit/537.36 (KHTML, like Gecko) Mobile Safari/537.36 (compatible; PetalBot;+https://aspiegel.com/petalbot)"
185.191.171.16 - - [11/Jan/2021:05:10:29 +0100] "GET /us-route-66-mouse-pad-p-24202.html HTTP/1.0" 200 71771 "-" "Mozilla/5.0 (compatible; SemrushBot/7~bl; +http://www.semrush.com/bot.html)"
