17.58.101.147 - - [11/Jan/2021:22:03:12 +0100] "GET /images/mini_prod/8003990616086.jpg HTTP/1.0" 200 269 "-" "Mozilla/5.0 (Macintosh; Intel Mac OS X 10_15_5) AppleWebKit/605.1.15 (KHTML, like Gecko) Version/13.1.1 Safari/605.1.15 (Applebot/0.1; +http://www.apple.com/go/applebot)"
185.191.171.43 - - [11/Jan/2021:22:03:25 +0100] "GET /unicorne-small-bank-p-42514.html HTTP/1.0" 200 71795 "-" "Mozilla/5.0 (compatible; SemrushBot/7~bl; +http://www.semrush.com/bot.html)"
114.119.130.202 - - [11/Jan/2021:22:03:56 +0100] "GET /images/med_prod/00000000000000corse.jpg HTTP/1.0" 200 274 "-" "Mozilla/5.0 (Linux; Android 7.0;) AppleWebKit/537.36 (KHTML, like Gecko) Mobile Safari/537.36 (compatible; PetalBot;+https://aspiegel.com/petalbot)"
185.191.171.42 - - [11/Jan/2021:22:04:04 +0100] "GET /cotton-floor-cushion-bohemian-40-40-30-cm-p-47898.html HTTP/1.0" 301 69259 "-" "Mozilla/5.0 (compatible; SemrushBot/7~bl; +http://www.semrush.com/bot.html)"
185.191.171.43 - - [11/Jan/2021:22:04:06 +0100] "GET /-p-47898.html HTTP/1.0" 200 69192 "-" "Mozilla/5.0 (compatible; SemrushBot/7~bl; +http://www.semrush.com/bot.html)"
185.191.171.21 - - [11/Jan/2021:22:04:08 +0100] "GET /despicable-me-minion-lamp-p-31850.html HTTP/1.0" 200 72074 "-" "Mozilla/5.0 (compatible; SemrushBot/7~bl; +http://www.semrush.com/bot.html)"
185.191.171.37 - - [11/Jan/2021:22:04:10 +0100] "GET /taipei-bedclothes-220-240-cm-p-51522.html HTTP/1.0" 200 71982 "-" "Mozilla/5.0 (compatible; SemrushBot/7~bl; +http://www.semrush.com/bot.html)"
207.46.13.26 - - [11/Jan/2021:22:04:16 +0100] "GET /swfobject.js HTTP/1.0" 404 1308 "-" "Mozilla/5.0 (compatible; bingbot/2.0; +http://www.bing.com/bingbot.htm)"
207.46.13.26 - - [11/Jan/2021:22:04:26 +0100] "GET /swfobject.js HTTP/1.0" 404 1308 "-" "Mozilla/5.0 (compatible; bingbot/2.0; +http://www.bing.com/bingbot.htm)"
5.255.231.71 - - [11/Jan/2021:22:04:33 +0100] "GET /robots.txt HTTP/1.0" 200 245 "-" "Mozilla/5.0 (compatible; YandexBot/3.0; +http://yandex.com/bots)"
5.255.231.71 - - [11/Jan/2021:22:04:37 +0100] "GET /us-route-66-logo-metal-magnet-p-8188.html HTTP/1.0" 200 71839 "-" "Mozilla/5.0 (compatible; YandexBot/3.0; +http://yandex.com/bots)"
185.191.171.34 - - [11/Jan/2021:22:04:42 +0100] "GET /stationery-and-cardmaking-c-129.html?page=25 HTTP/1.0" 200 91660 "-" "Mozilla/5.0 (compatible; SemrushBot/7~bl; +http://www.semrush.com/bot.html)"
54.36.148.130 - - [11/Jan/2021:22:05:02 +0100] "GET /bagshandbags-shoulder-bags-c-31_81.html HTTP/1.0" 200 96113 "-" "Mozilla/5.0 (compatible; AhrefsBot/7.0; +http://ahrefs.com/robot/)"
185.191.171.8 - - [11/Jan/2021:22:05:08 +0100] "GET /violetta-badges-set-p-28293.html HTTP/1.0" 200 71803 "-" "Mozilla/5.0 (compatible; SemrushBot/7~bl; +http://www.semrush.com/bot.html)"
185.191.171.24 - - [11/Jan/2021:22:05:18 +0100] "GET /kimmidoll-keyring-ayana-p-49767.html HTTP/1.0" 200 71848 "-" "Mozilla/5.0 (compatible; SemrushBot/7~bl; +http://www.semrush.com/bot.html)"
52.175.247.95 - - [11/Jan/2021:22:05:19 +0100] "GET /wp-admin/admin-ajax.php?action=revslider_show_image&img=../wp-config.php HTTP/1.0" 404 1308 "-" "Mozlila/5.0 (Linux; Android 7.0; SM-G892A Bulid/NRD90M; wv) AppleWebKit/537.36 (KHTML, like Gecko) Version/4.0 Chrome/60.0.3112.107 Moblie Safari/537.36"
185.191.171.1 - - [11/Jan/2021:22:05:27 +0100] "GET /home-and-decoration-c-13.html?page=102 HTTP/1.0" 200 91763 "-" "Mozilla/5.0 (compatible; SemrushBot/7~bl; +http://www.semrush.com/bot.html)"
185.191.171.3 - - [11/Jan/2021:22:05:33 +0100] "GET /mobile-bells-metal-elephants-80-cm-p-42074.html HTTP/1.0" 200 71969 "-" "Mozilla/5.0 (compatible; SemrushBot/7~bl; +http://www.semrush.com/bot.html)"
52.175.247.95 - - [11/Jan/2021:22:05:35 +0100] "GET /.env HTTP/1.0" 404 1308 "-" "Mozlila/5.0 (Linux; Android 7.0; SM-G892A Bulid/NRD90M; wv) AppleWebKit/537.36 (KHTML, like Gecko) Version/4.0 Chrome/60.0.3112.107 Moblie Safari/537.36"
54.36.148.158 - - [11/Jan/2021:22:05:45 +0100] "GET /white-dledmv-tee-shirt-p-35623.html HTTP/1.0" 301 69259 "-" "Mozilla/5.0 (compatible; AhrefsBot/7.0; +http://ahrefs.com/robot/)"
185.191.171.1 - - [11/Jan/2021:22:05:53 +0100] "GET /tetsubin-grey-teapot-japanese-liter-p-36061.html HTTP/1.0" 200 72183 "-" "Mozilla/5.0 (compatible; SemrushBot/7~bl; +http://www.semrush.com/bot.html)"
185.191.171.9 - - [11/Jan/2021:22:05:57 +0100] "GET /cat-small-cool-bag-by-allen-p-48517.html HTTP/1.0" 200 71933 "-" "Mozilla/5.0 (compatible; SemrushBot/7~bl; +http://www.semrush.com/bot.html)"
13.66.139.14 - - [11/Jan/2021:22:05:58 +0100] "GET /shirts-and-sweatshirts-women-c-53_55.html HTTP/1.0" 200 93149 "-" "Mozilla/5.0 (compatible; bingbot/2.0; +http://www.bing.com/bingbot.htm)"
54.36.149.10 - - [11/Jan/2021:22:06:27 +0100] "GET /dragon-ball-pencil-case-p-33191.html HTTP/1.0" 301 69259 "-" "Mozilla/5.0 (compatible; AhrefsBot/7.0; +http://ahrefs.com/robot/)"
185.191.171.13 - - [11/Jan/2021:22:08:09 +0100] "GET /mickey-and-minnie-wedding-figurine-disney-traditions-p-47685.html HTTP/1.0" 200 73196 "-" "Mozilla/5.0 (compatible; SemrushBot/7~bl; +http://www.semrush.com/bot.html)"
114.119.132.105 - - [11/Jan/2021:22:08:22 +0100] "GET /images/big_prod/1780013000004.jpg HTTP/1.0" 200 268 "-" "Mozilla/5.0 (Linux; Android 7.0;) AppleWebKit/537.36 (KHTML, like Gecko) Mobile Safari/537.36 (compatible; PetalBot;+https://aspiegel.com/petalbot)"
185.191.171.2 - - [11/Jan/2021:22:08:28 +0100] "GET /cushion-with-mandala-motif-45-cm-p-44031.html HTTP/1.0" 200 71957 "-" "Mozilla/5.0 (compatible; SemrushBot/7~bl; +http://www.semrush.com/bot.html)"
148.3.255.249 - - [11/Jan/2021:22:08:45 +0100] "GET /images/med_prod/1384010184240.jpg HTTP/1.0" 200 268 "-" "WhatsApp/2.20.206.24 Android/10 Device/Xiaomi-M2004J19C"
185.191.171.18 - - [11/Jan/2021:22:08:46 +0100] "GET /legionary-asterix-figure-p-3930.html HTTP/1.0" 200 69301 "-" "Mozilla/5.0 (compatible; SemrushBot/7~bl; +http://www.semrush.com/bot.html)"
185.191.171.13 - - [11/Jan/2021:22:08:49 +0100] "GET /gorjuss-ladybird-and-hush-little-bunny-glasses-box-p-34720.html HTTP/1.0" 200 72106 "-" "Mozilla/5.0 (compatible; SemrushBot/7~bl; +http://www.semrush.com/bot.html)"
185.191.171.43 - - [11/Jan/2021:22:08:51 +0100] "GET /pencil-case-c-31_75.html?page=9 HTTP/1.0" 200 87502 "-" "Mozilla/5.0 (compatible; SemrushBot/7~bl; +http://www.semrush.com/bot.html)"
185.191.171.7 - - [11/Jan/2021:22:08:54 +0100] "GET /marseille-box-of-coasters-p-44318.html HTTP/1.0" 200 71820 "-" "Mozilla/5.0 (compatible; SemrushBot/7~bl; +http://www.semrush.com/bot.html)"
185.191.171.10 - - [11/Jan/2021:22:08:56 +0100] "GET /provence-soap-box-marseille-soap-10-65-35-cm-p-39421.html HTTP/1.0" 301 69259 "-" "Mozilla/5.0 (compatible; SemrushBot/7~bl; +http://www.semrush.com/bot.html)"
185.191.171.44 - - [11/Jan/2021:22:08:58 +0100] "GET /-p-39421.html HTTP/1.0" 200 69192 "-" "Mozilla/5.0 (compatible; SemrushBot/7~bl; +http://www.semrush.com/bot.html)"
54.36.148.103 - - [11/Jan/2021:22:09:21 +0100] "GET /adhesive-roll-45-150-cm-wood-p-53552.html HTTP/1.0" 200 72709 "-" "Mozilla/5.0 (compatible; AhrefsBot/7.0; +http://ahrefs.com/robot/)"
157.55.39.110 - - [11/Jan/2021:22:09:30 +0100] "GET /games-and-toys/figures/tigger-great-detective-figure-p-3608.html HTTP/1.0" 301 639 "-" "Mozilla/5.0 (compatible; bingbot/2.0; +http://www.bing.com/bingbot.htm)"
185.191.171.37 - - [11/Jan/2021:22:10:03 +0100] "GET /pink-and-grey-eyelets-sheer-curtain-p-36969.html HTTP/1.0" 200 74722 "-" "Mozilla/5.0 (compatible; SemrushBot/7~bl; +http://www.semrush.com/bot.html)"
185.191.171.44 - - [11/Jan/2021:22:10:15 +0100] "GET /the-little-prince-of-saint-exupery-wall-decoration-19-19-cm-p-45844.html HTTP/1.0" 200 72184 "-" "Mozilla/5.0 (compatible; SemrushBot/7~bl; +http://www.semrush.com/bot.html)"
185.191.171.18 - - [11/Jan/2021:22:10:35 +0100] "GET /nintendo-mario-vintage-laptop-cover-p-17628.html HTTP/1.0" 200 74658 "-" "Mozilla/5.0 (compatible; SemrushBot/7~bl; +http://www.semrush.com/bot.html)"
185.191.171.5 - - [11/Jan/2021:22:10:53 +0100] "GET /medal-of-honor-calm-tier-one-poster-p-15753.html HTTP/1.0" 200 71967 "-" "Mozilla/5.0 (compatible; SemrushBot/7~bl; +http://www.semrush.com/bot.html)"
185.191.171.13 - - [11/Jan/2021:22:11:39 +0100] "GET /dogs-rectangulary-cushion-by-cbkreation-p-26475.html HTTP/1.0" 200 72200 "-" "Mozilla/5.0 (compatible; SemrushBot/7~bl; +http://www.semrush.com/bot.html)"
185.191.171.12 - - [11/Jan/2021:22:11:46 +0100] "GET /glass-cutting-board-au-bistrot-p-47882.html HTTP/1.0" 200 69300 "-" "Mozilla/5.0 (compatible; SemrushBot/7~bl; +http://www.semrush.com/bot.html)"
185.191.171.8 - - [11/Jan/2021:22:12:08 +0100] "GET /hourglass-decoration-in-olive-wood-p-50862.html HTTP/1.0" 200 71932 "-" "Mozilla/5.0 (compatible; SemrushBot/7~bl; +http://www.semrush.com/bot.html)"
185.191.171.38 - - [11/Jan/2021:22:12:28 +0100] "GET /flower-pot-matte-mustard-p-49685.html HTTP/1.0" 200 71871 "-" "Mozilla/5.0 (compatible; SemrushBot/7~bl; +http://www.semrush.com/bot.html)"
185.191.171.14 - - [11/Jan/2021:22:12:30 +0100] "GET /van-gogh-nuit-toilee-tote-bag-p-47659.html HTTP/1.0" 200 72582 "-" "Mozilla/5.0 (compatible; SemrushBot/7~bl; +http://www.semrush.com/bot.html)"
52.175.247.95 - - [11/Jan/2021:22:12:34 +0100] "GET /api/.env HTTP/1.0" 404 1308 "-" "Mozlila/5.0 (Linux; Android 7.0; SM-G892A Bulid/NRD90M; wv) AppleWebKit/537.36 (KHTML, like Gecko) Version/4.0 Chrome/60.0.3112.107 Moblie Safari/537.36"
185.191.171.1 - - [11/Jan/2021:22:12:34 +0100] "GET /rectangular-clock-quote-50-cm-p-42930.html HTTP/1.0" 200 71917 "-" "Mozilla/5.0 (compatible; SemrushBot/7~bl; +http://www.semrush.com/bot.html)"
185.191.171.41 - - [11/Jan/2021:22:12:36 +0100] "GET /peanuts-charly-brown-figure-p-11182.html HTTP/1.0" 200 69290 "-" "Mozilla/5.0 (compatible; SemrushBot/7~bl; +http://www.semrush.com/bot.html)"
114.119.144.233 - - [11/Jan/2021:22:12:37 +0100] "GET /images/big_prod/3609810061408.jpg HTTP/1.0" 200 268 "-" "Mozilla/5.0 (Linux; Android 7.0;) AppleWebKit/537.36 (KHTML, like Gecko) Mobile Safari/537.36 (compatible; PetalBot;+https://aspiegel.com/petalbot)"
13.66.139.14 - - [11/Jan/2021:22:12:39 +0100] "GET /empire-state-building-wall-sticker-p-38338.html HTTP/1.0" 301 69259 "-" "Mozilla/5.0 (compatible; bingbot/2.0; +http://www.bing.com/bingbot.htm)"
13.66.139.14 - - [11/Jan/2021:22:12:40 +0100] "GET /-p-27352.html HTTP/1.0" 200 69192 "-" "Mozilla/5.0 (compatible; bingbot/2.0; +http://www.bing.com/bingbot.htm)"
13.66.139.14 - - [11/Jan/2021:22:12:40 +0100] "GET /-p-25571.html HTTP/1.0" 200 69192 "-" "Mozilla/5.0 (compatible; bingbot/2.0; +http://www.bing.com/bingbot.htm)"
13.66.139.14 - - [11/Jan/2021:22:12:41 +0100] "GET /great-wall-decor-old-orange-scooter-p-36513.html HTTP/1.0" 200 69322 "-" "Mozilla/5.0 (compatible; bingbot/2.0; +http://www.bing.com/bingbot.htm)"
13.66.139.14 - - [11/Jan/2021:22:12:42 +0100] "GET /-p-25100.html HTTP/1.0" 200 69192 "-" "Mozilla/5.0 (compatible; bingbot/2.0; +http://www.bing.com/bingbot.htm)"
13.66.139.14 - - [11/Jan/2021:22:12:42 +0100] "GET /-p-24755.html HTTP/1.0" 200 69192 "-" "Mozilla/5.0 (compatible; bingbot/2.0; +http://www.bing.com/bingbot.htm)"
13.66.139.14 - - [11/Jan/2021:22:12:43 +0100] "GET /hello-kitty-kiss-diamond-laptop-case-15-inches-p-17656.html HTTP/1.0" 200 69366 "-" "Mozilla/5.0 (compatible; bingbot/2.0; +http://www.bing.com/bingbot.htm)"
13.66.139.14 - - [11/Jan/2021:22:12:44 +0100] "GET /donald-duck-with-chip-and-dale-mini-bust-p-30667.html HTTP/1.0" 301 69259 "-" "Mozilla/5.0 (compatible; bingbot/2.0; +http://www.bing.com/bingbot.htm)"
13.66.139.14 - - [11/Jan/2021:22:12:45 +0100] "GET /-p-12122.html HTTP/1.0" 200 69192 "-" "Mozilla/5.0 (compatible; bingbot/2.0; +http://www.bing.com/bingbot.htm)"
13.66.139.14 - - [11/Jan/2021:22:12:46 +0100] "GET /kimmidoll-mirror-pendant-bag-p-12993.html HTTP/1.0" 301 69259 "-" "Mozilla/5.0 (compatible; bingbot/2.0; +http://www.bing.com/bingbot.htm)"
13.66.139.14 - - [11/Jan/2021:22:12:47 +0100] "GET /-p-15698.html HTTP/1.0" 200 69192 "-" "Mozilla/5.0 (compatible; bingbot/2.0; +http://www.bing.com/bingbot.htm)"
13.66.139.14 - - [11/Jan/2021:22:12:48 +0100] "GET /-p-3889.html HTTP/1.0" 200 69190 "-" "Mozilla/5.0 (compatible; bingbot/2.0; +http://www.bing.com/bingbot.htm)"
13.66.139.14 - - [11/Jan/2021:22:12:49 +0100] "GET /star-wars-kylo-ren-little-suitcase-p-34775.html HTTP/1.0" 200 69318 "-" "Mozilla/5.0 (compatible; bingbot/2.0; +http://www.bing.com/bingbot.htm)"
13.66.139.14 - - [11/Jan/2021:22:12:49 +0100] "GET /-p-6588.html HTTP/1.0" 200 69190 "-" "Mozilla/5.0 (compatible; bingbot/2.0; +http://www.bing.com/bingbot.htm)"
13.66.139.14 - - [11/Jan/2021:22:12:50 +0100] "GET /-p-920.html HTTP/1.0" 200 69188 "-" "Mozilla/5.0 (compatible; bingbot/2.0; +http://www.bing.com/bingbot.htm)"
13.66.139.14 - - [11/Jan/2021:22:12:51 +0100] "GET /-p-34076.html HTTP/1.0" 200 69192 "-" "Mozilla/5.0 (compatible; bingbot/2.0; +http://www.bing.com/bingbot.htm)"
13.66.139.14 - - [11/Jan/2021:22:12:52 +0100] "GET /-p-17199.html HTTP/1.0" 200 69192 "-" "Mozilla/5.0 (compatible; bingbot/2.0; +http://www.bing.com/bingbot.htm)"
13.66.139.14 - - [11/Jan/2021:22:12:53 +0100] "GET /charmmy-kitty-in-paris-swimsuit-p-30305.html HTTP/1.0" 200 69338 "-" "Mozilla/5.0 (compatible; bingbot/2.0; +http://www.bing.com/bingbot.htm)"
13.66.139.14 - - [11/Jan/2021:22:12:54 +0100] "GET /-p-22991.html HTTP/1.0" 200 69192 "-" "Mozilla/5.0 (compatible; bingbot/2.0; +http://www.bing.com/bingbot.htm)"
13.66.139.14 - - [11/Jan/2021:22:12:55 +0100] "GET /bob-marley-floor-standing-ashtray-p-9859.html HTTP/1.0" 301 69256 "-" "Mozilla/5.0 (compatible; bingbot/2.0; +http://www.bing.com/bingbot.htm)"
13.66.139.14 - - [11/Jan/2021:22:12:55 +0100] "GET /-p-32055.html HTTP/1.0" 200 69192 "-" "Mozilla/5.0 (compatible; bingbot/2.0; +http://www.bing.com/bingbot.htm)"
13.66.139.14 - - [11/Jan/2021:22:12:56 +0100] "GET /-p-17914.html HTTP/1.0" 200 69192 "-" "Mozilla/5.0 (compatible; bingbot/2.0; +http://www.bing.com/bingbot.htm)"
13.66.139.14 - - [11/Jan/2021:22:12:57 +0100] "GET /marseille-keyring-p-12444.html HTTP/1.0" 301 69259 "-" "Mozilla/5.0 (compatible; bingbot/2.0; +http://www.bing.com/bingbot.htm)"
13.66.139.14 - - [11/Jan/2021:22:12:58 +0100] "GET /-p-31396.html HTTP/1.0" 200 69192 "-" "Mozilla/5.0 (compatible; bingbot/2.0; +http://www.bing.com/bingbot.htm)"
13.66.139.14 - - [11/Jan/2021:22:12:59 +0100] "GET /pucca-shopping-bag-p-3306.html HTTP/1.0" 200 69252 "-" "Mozilla/5.0 (compatible; bingbot/2.0; +http://www.bing.com/bingbot.htm)"
13.66.139.153 - - [11/Jan/2021:22:13:03 +0100] "GET /gorjuss-photo-album-p-29667.html HTTP/1.0" 200 69278 "-" "Mozilla/5.0 (compatible; bingbot/2.0; +http://www.bing.com/bingbot.htm)"
13.66.139.153 - - [11/Jan/2021:22:13:04 +0100] "GET /-p-18334.html HTTP/1.0" 200 69192 "-" "Mozilla/5.0 (compatible; bingbot/2.0; +http://www.bing.com/bingbot.htm)"
13.66.139.153 - - [11/Jan/2021:22:13:04 +0100] "GET /vespa-orange-metal-keyring-p-18647.html HTTP/1.0" 200 69313 "-" "Mozilla/5.0 (compatible; bingbot/2.0; +http://www.bing.com/bingbot.htm)"
13.66.139.153 - - [11/Jan/2021:22:13:05 +0100] "GET /-p-24509.html HTTP/1.0" 200 69192 "-" "Mozilla/5.0 (compatible; bingbot/2.0; +http://www.bing.com/bingbot.htm)"
13.66.139.153 - - [11/Jan/2021:22:13:06 +0100] "GET /-p-11974.html HTTP/1.0" 200 69192 "-" "Mozilla/5.0 (compatible; bingbot/2.0; +http://www.bing.com/bingbot.htm)"
13.66.139.153 - - [11/Jan/2021:22:13:06 +0100] "GET /paul-frank-red-briefcase-p-9924.html HTTP/1.0" 200 69276 "-" "Mozilla/5.0 (compatible; bingbot/2.0; +http://www.bing.com/bingbot.htm)"
13.66.139.153 - - [11/Jan/2021:22:13:07 +0100] "GET /-p-35055.html HTTP/1.0" 200 69192 "-" "Mozilla/5.0 (compatible; bingbot/2.0; +http://www.bing.com/bingbot.htm)"
13.66.139.153 - - [11/Jan/2021:22:13:08 +0100] "GET /winnie-the-pooh-glass-clock-p-33738.html HTTP/1.0" 301 69259 "-" "Mozilla/5.0 (compatible; bingbot/2.0; +http://www.bing.com/bingbot.htm)"
13.66.139.153 - - [11/Jan/2021:22:13:09 +0100] "GET /charmmy-kitty-pink-patch-p-19253.html HTTP/1.0" 200 69303 "-" "Mozilla/5.0 (compatible; bingbot/2.0; +http://www.bing.com/bingbot.htm)"
13.66.139.153 - - [11/Jan/2021:22:13:10 +0100] "GET /-p-17746.html HTTP/1.0" 200 69192 "-" "Mozilla/5.0 (compatible; bingbot/2.0; +http://www.bing.com/bingbot.htm)"
13.66.139.153 - - [11/Jan/2021:22:13:11 +0100] "GET /-p-21255.html HTTP/1.0" 200 69192 "-" "Mozilla/5.0 (compatible; bingbot/2.0; +http://www.bing.com/bingbot.htm)"
13.66.139.64 - - [11/Jan/2021:22:13:14 +0100] "GET /-p-30841.html HTTP/1.0" 200 69192 "-" "Mozilla/5.0 (compatible; bingbot/2.0; +http://www.bing.com/bingbot.htm)"
13.66.139.64 - - [11/Jan/2021:22:13:15 +0100] "GET /-p-19674.html HTTP/1.0" 200 69192 "-" "Mozilla/5.0 (compatible; bingbot/2.0; +http://www.bing.com/bingbot.htm)"
13.66.139.64 - - [11/Jan/2021:22:13:16 +0100] "GET /beyblade-dvd-p-31769.html HTTP/1.0" 200 69243 "-" "Mozilla/5.0 (compatible; bingbot/2.0; +http://www.bing.com/bingbot.htm)"
13.66.139.64 - - [11/Jan/2021:22:13:16 +0100] "GET /-p-19023.html HTTP/1.0" 200 69192 "-" "Mozilla/5.0 (compatible; bingbot/2.0; +http://www.bing.com/bingbot.htm)"
13.66.139.64 - - [11/Jan/2021:22:13:17 +0100] "GET /-p-35551.html HTTP/1.0" 200 69192 "-" "Mozilla/5.0 (compatible; bingbot/2.0; +http://www.bing.com/bingbot.htm)"
13.66.139.64 - - [11/Jan/2021:22:13:18 +0100] "GET /-p-10284.html HTTP/1.0" 200 69192 "-" "Mozilla/5.0 (compatible; bingbot/2.0; +http://www.bing.com/bingbot.htm)"
13.66.139.64 - - [11/Jan/2021:22:13:19 +0100] "GET /-p-13248.html HTTP/1.0" 200 69192 "-" "Mozilla/5.0 (compatible; bingbot/2.0; +http://www.bing.com/bingbot.htm)"
13.66.139.64 - - [11/Jan/2021:22:13:20 +0100] "GET /young-thumper-figure-p-2918.html HTTP/1.0" 200 69281 "-" "Mozilla/5.0 (compatible; bingbot/2.0; +http://www.bing.com/bingbot.htm)"
13.66.139.64 - - [11/Jan/2021:22:13:21 +0100] "GET /coca-cola-box-p-23341.html HTTP/1.0" 200 69234 "-" "Mozilla/5.0 (compatible; bingbot/2.0; +http://www.bing.com/bingbot.htm)"
13.66.139.64 - - [11/Jan/2021:22:13:22 +0100] "GET /-p-14602.html HTTP/1.0" 200 69192 "-" "Mozilla/5.0 (compatible; bingbot/2.0; +http://www.bing.com/bingbot.htm)"
13.66.139.64 - - [11/Jan/2021:22:13:22 +0100] "GET /hello-kitty-bedside-lamp-p-13490.html HTTP/1.0" 200 69303 "-" "Mozilla/5.0 (compatible; bingbot/2.0; +http://www.bing.com/bingbot.htm)"
13.66.139.64 - - [11/Jan/2021:22:13:23 +0100] "GET /-p-16227.html HTTP/1.0" 200 69192 "-" "Mozilla/5.0 (compatible; bingbot/2.0; +http://www.bing.com/bingbot.htm)"
13.66.139.64 - - [11/Jan/2021:22:13:24 +0100] "GET /top-model-fantasy-cat-brush-p-33976.html HTTP/1.0" 200 69318 "-" "Mozilla/5.0 (compatible; bingbot/2.0; +http://www.bing.com/bingbot.htm)"
13.66.139.64 - - [11/Jan/2021:22:13:25 +0100] "GET /blue-kimmidoll-cardboard-boxe-small-p-47965.html HTTP/1.0" 200 69326 "-" "Mozilla/5.0 (compatible; bingbot/2.0; +http://www.bing.com/bingbot.htm)"
13.66.139.64 - - [11/Jan/2021:22:13:26 +0100] "GET /-p-32133.html HTTP/1.0" 200 69192 "-" "Mozilla/5.0 (compatible; bingbot/2.0; +http://www.bing.com/bingbot.htm)"
13.66.139.64 - - [11/Jan/2021:22:13:27 +0100] "GET /-p-21362.html HTTP/1.0" 200 69192 "-" "Mozilla/5.0 (compatible; bingbot/2.0; +http://www.bing.com/bingbot.htm)"
13.66.139.64 - - [11/Jan/2021:22:13:28 +0100] "GET /mani-the-lucky-cat-white-green-collar-hearts-11-cm-p-33259.html HTTP/1.0" 200 69445 "-" "Mozilla/5.0 (compatible; bingbot/2.0; +http://www.bing.com/bingbot.htm)"
13.66.139.64 - - [11/Jan/2021:22:13:28 +0100] "GET /teletubbies-towel-p-3188.html HTTP/1.0" 200 69266 "-" "Mozilla/5.0 (compatible; bingbot/2.0; +http://www.bing.com/bingbot.htm)"
13.66.139.64 - - [11/Jan/2021:22:13:29 +0100] "GET /humor-color-ashtray-p-38313.html HTTP/1.0" 301 69259 "-" "Mozilla/5.0 (compatible; bingbot/2.0; +http://www.bing.com/bingbot.htm)"
13.66.139.64 - - [11/Jan/2021:22:13:30 +0100] "GET /london-lord-brian-opener-p-19942.html HTTP/1.0" 200 69278 "-" "Mozilla/5.0 (compatible; bingbot/2.0; +http://www.bing.com/bingbot.htm)"
13.66.139.64 - - [11/Jan/2021:22:13:31 +0100] "GET /mickey-mouse-comics-vintage-suitcase-58-cm-p-34770.html HTTP/1.0" 301 69259 "-" "Mozilla/5.0 (compatible; bingbot/2.0; +http://www.bing.com/bingbot.htm)"
13.66.139.64 - - [11/Jan/2021:22:13:32 +0100] "GET /-p-17943.html HTTP/1.0" 200 69192 "-" "Mozilla/5.0 (compatible; bingbot/2.0; +http://www.bing.com/bingbot.htm)"
13.66.139.64 - - [11/Jan/2021:22:13:33 +0100] "GET /cars-tumbler-with-straw-p-31690.html HTTP/1.0" 200 69298 "-" "Mozilla/5.0 (compatible; bingbot/2.0; +http://www.bing.com/bingbot.htm)"
157.55.39.22 - - [11/Jan/2021:22:13:37 +0100] "GET /mondial_relay/js/jquery-1.3.2.min.js HTTP/1.0" 200 276 "-" "Mozilla/5.0 (compatible; bingbot/2.0; +http://www.bing.com/bingbot.htm)"
52.175.247.95 - - [11/Jan/2021:22:13:41 +0100] "GET /laravel/.env HTTP/1.0" 404 1308 "-" "Mozlila/5.0 (Linux; Android 7.0; SM-G892A Bulid/NRD90M; wv) AppleWebKit/537.36 (KHTML, like Gecko) Version/4.0 Chrome/60.0.3112.107 Moblie Safari/537.36"
157.55.39.220 - - [11/Jan/2021:22:13:45 +0100] "GET /highslide/highslide.js HTTP/1.0" 200 262 "-" "Mozilla/5.0 (compatible; bingbot/2.0; +http://www.bing.com/bingbot.htm)"
157.55.39.220 - - [11/Jan/2021:22:13:46 +0100] "GET /highslide/highslide.js HTTP/1.0" 200 262 "-" "Mozilla/5.0 (compatible; bingbot/2.0; +http://www.bing.com/bingbot.htm)"
157.55.39.220 - - [11/Jan/2021:22:13:47 +0100] "GET /highslide/highslide.js HTTP/1.0" 200 262 "-" "Mozilla/5.0 (compatible; bingbot/2.0; +http://www.bing.com/bingbot.htm)"
185.191.171.38 - - [11/Jan/2021:22:13:48 +0100] "GET /washed-linen-towel-46-70-cm-tomette-p-48133.html HTTP/1.0" 200 69346 "-" "Mozilla/5.0 (compatible; SemrushBot/7~bl; +http://www.semrush.com/bot.html)"
54.36.149.67 - - [11/Jan/2021:22:13:51 +0100] "GET /freegun-white-bath-sheet-p-33328.html HTTP/1.0" 200 71849 "-" "Mozilla/5.0 (compatible; AhrefsBot/7.0; +http://ahrefs.com/robot/)"
52.175.247.95 - - [11/Jan/2021:22:14:01 +0100] "GET /test/.env HTTP/1.0" 404 1308 "-" "Mozlila/5.0 (Linux; Android 7.0; SM-G892A Bulid/NRD90M; wv) AppleWebKit/537.36 (KHTML, like Gecko) Version/4.0 Chrome/60.0.3112.107 Moblie Safari/537.36"
52.175.247.95 - - [11/Jan/2021:22:14:20 +0100] "GET /admin/.env HTTP/1.0" 404 1308 "-" "Mozlila/5.0 (Linux; Android 7.0; SM-G892A Bulid/NRD90M; wv) AppleWebKit/537.36 (KHTML, like Gecko) Version/4.0 Chrome/60.0.3112.107 Moblie Safari/537.36"
185.191.171.20 - - [11/Jan/2021:22:14:38 +0100] "GET /shopping-bag-cats-p-45438.html HTTP/1.0" 200 71894 "-" "Mozilla/5.0 (compatible; SemrushBot/7~bl; +http://www.semrush.com/bot.html)"
185.191.171.2 - - [11/Jan/2021:22:14:49 +0100] "GET /spanish-kitchen-towel-p-38868.html HTTP/1.0" 200 71809 "-" "Mozilla/5.0 (compatible; SemrushBot/7~bl; +http://www.semrush.com/bot.html)"
185.191.171.44 - - [11/Jan/2021:22:15:04 +0100] "GET /road-66-bike-large-metal-plate-p-12553.html HTTP/1.0" 200 71928 "-" "Mozilla/5.0 (compatible; SemrushBot/7~bl; +http://www.semrush.com/bot.html)"
185.191.171.17 - - [11/Jan/2021:22:15:25 +0100] "GET /blue-wood-key-box-p-40637.html HTTP/1.0" 200 72043 "-" "Mozilla/5.0 (compatible; SemrushBot/7~bl; +http://www.semrush.com/bot.html)"
185.191.171.39 - - [11/Jan/2021:22:15:27 +0100] "GET /accessories-mobiles-c-3_17.html?page=2 HTTP/1.0" 200 94493 "-" "Mozilla/5.0 (compatible; SemrushBot/7~bl; +http://www.semrush.com/bot.html)"
74.125.212.134 - - [11/Jan/2021:22:15:30 +0100] "GET /images/big_prod_2/c8718657466859.jpg HTTP/1.0" 200 271 "-" "Mozilla/5.0 (Windows NT 5.1; rv:11.0) Gecko Firefox/11.0 (via ggpht.com GoogleImageProxy)"
52.175.247.95 - - [11/Jan/2021:22:15:39 +0100] "GET /vendor/.env HTTP/1.0" 404 1308 "-" "Mozlila/5.0 (Linux; Android 7.0; SM-G892A Bulid/NRD90M; wv) AppleWebKit/537.36 (KHTML, like Gecko) Version/4.0 Chrome/60.0.3112.107 Moblie Safari/537.36"
40.77.167.56 - - [11/Jan/2021:22:15:40 +0100] "GET /images/med_prod/1399984272213.jpg HTTP/1.0" 200 268 "-" "Mozilla/5.0 (compatible; bingbot/2.0; +http://www.bing.com/bingbot.htm)"
185.191.171.13 - - [11/Jan/2021:22:15:54 +0100] "GET /crayola-set-of-10-pencils-erasable-p-19382.html HTTP/1.0" 200 72885 "-" "Mozilla/5.0 (compatible; SemrushBot/7~bl; +http://www.semrush.com/bot.html)"
185.191.171.35 - - [11/Jan/2021:22:15:56 +0100] "GET /fishes-stickers-p-48937.html HTTP/1.0" 200 69242 "-" "Mozilla/5.0 (compatible; SemrushBot/7~bl; +http://www.semrush.com/bot.html)"
185.191.171.36 - - [11/Jan/2021:22:16:04 +0100] "GET /robots.txt HTTP/1.0" 200 245 "-" "Mozilla/5.0 (compatible; SemrushBot/7~bl; +http://www.semrush.com/bot.html)"
185.191.171.4 - - [11/Jan/2021:22:16:05 +0100] "GET /minnie-mouse-round-table-p-27477.html HTTP/1.0" 301 69259 "-" "Mozilla/5.0 (compatible; SemrushBot/7~bl; +http://www.semrush.com/bot.html)"
185.191.171.17 - - [11/Jan/2021:22:16:07 +0100] "GET /-p-27477.html HTTP/1.0" 200 69192 "-" "Mozilla/5.0 (compatible; SemrushBot/7~bl; +http://www.semrush.com/bot.html)"
77.75.79.17 - - [11/Jan/2021:22:16:14 +0100] "GET /robots.txt HTTP/1.0" 200 245 "-" "Mozilla/5.0 (compatible; SeznamBot/3.2; +http://napoveda.seznam.cz/en/seznambot-intro/)"
77.75.79.17 - - [11/Jan/2021:22:16:15 +0100] "GET /mouse-pad-c-13_85.html HTTP/1.0" 200 91226 "-" "Mozilla/5.0 (compatible; SeznamBot/3.2; +http://napoveda.seznam.cz/en/seznambot-intro/)"
185.220.102.244 - - [11/Jan/2021:22:16:21 +0100] "GET /contact_us.php HTTP/1.0" 200 26241 "http://www.wonder-geek.com/contact_us.php" "Mozilla/5.0 (Windows NT 10.0; Win64; x64) AppleWebKit/537.36 (KHTML, like Gecko) Chrome/83.0.4103.34 Safari/537.36"
185.220.102.244 - - [11/Jan/2021:22:16:26 +0100] "POST /contact_us.php?action=send HTTP/1.0" 200 26631 "http://www.wonder-geek.com/contact_us.php" "Mozilla/5.0 (Windows NT 10.0; Win64; x64) AppleWebKit/537.36 (KHTML, like Gecko) Chrome/83.0.4103.34 Safari/537.36"
185.220.102.244 - - [11/Jan/2021:22:16:26 +0100] "GET /contact_us.php HTTP/1.0" 200 26241 "http://www.wonder-geek.com/contact_us.php" "Mozilla/5.0 (Windows NT 10.0; Win64; x64) AppleWebKit/537.36 (KHTML, like Gecko) Chrome/83.0.4103.34 Safari/537.36"
66.249.93.52 - - [11/Jan/2021:22:16:50 +0100] "GET /images/big_prod/0410DSCN8264.jpg HTTP/1.0" 200 267 "-" "Mozilla/5.0 (Windows NT 5.1; rv:11.0) Gecko Firefox/11.0 (via ggpht.com GoogleImageProxy)"
114.119.132.105 - - [11/Jan/2021:22:17:03 +0100] "GET /images/mini_prod/1384010207642.jpg HTTP/1.0" 200 269 "-" "Mozilla/5.0 (Linux; Android 7.0;) AppleWebKit/537.36 (KHTML, like Gecko) Mobile Safari/537.36 (compatible; PetalBot;+https://aspiegel.com/petalbot)"
185.191.171.37 - - [11/Jan/2021:22:17:25 +0100] "GET /amazon-love-tote-bag-jungle-p-50284.html HTTP/1.0" 200 72928 "-" "Mozilla/5.0 (compatible; SemrushBot/7~bl; +http://www.semrush.com/bot.html)"
13.66.139.64 - - [11/Jan/2021:22:17:26 +0100] "GET /paris-soap-dispenser-p-13953.html HTTP/1.0" 200 71903 "-" "Mozilla/5.0 (compatible; bingbot/2.0; +http://www.bing.com/bingbot.htm)"
13.66.139.64 - - [11/Jan/2021:22:17:27 +0100] "GET /dessert-dish-glass-with-anti-slip-feet-p-47337.html HTTP/1.0" 200 72557 "-" "Mozilla/5.0 (compatible; bingbot/2.0; +http://www.bing.com/bingbot.htm)"
13.66.139.64 - - [11/Jan/2021:22:17:28 +0100] "GET /marseille-soap-box-soap-10-65-28-cm-p-40115.html HTTP/1.0" 200 72182 "-" "Mozilla/5.0 (compatible; bingbot/2.0; +http://www.bing.com/bingbot.htm)"
185.191.171.9 - - [11/Jan/2021:22:17:29 +0100] "GET /ceramic-vase-silver-tree-20-cm-p-53021.html HTTP/1.0" 200 71932 "-" "Mozilla/5.0 (compatible; SemrushBot/7~bl; +http://www.semrush.com/bot.html)"
13.66.139.64 - - [11/Jan/2021:22:17:29 +0100] "GET /disney-princess-snow-white-parka-p-31246.html HTTP/1.0" 200 73101 "-" "Mozilla/5.0 (compatible; bingbot/2.0; +http://www.bing.com/bingbot.htm)"
13.66.139.64 - - [11/Jan/2021:22:17:31 +0100] "GET /paris-grand-hotel-clock-p-26130.html HTTP/1.0" 200 71849 "-" "Mozilla/5.0 (compatible; bingbot/2.0; +http://www.bing.com/bingbot.htm)"
13.66.139.64 - - [11/Jan/2021:22:17:32 +0100] "GET /raving-rabbids-tray-p-24508.html HTTP/1.0" 200 71823 "-" "Mozilla/5.0 (compatible; bingbot/2.0; +http://www.bing.com/bingbot.htm)"
185.191.171.18 - - [11/Jan/2021:22:17:31 +0100] "GET /wall-decoration-mirror-sun-p-48721.html HTTP/1.0" 200 72504 "-" "Mozilla/5.0 (compatible; SemrushBot/7~bl; +http://www.semrush.com/bot.html)"
13.66.139.64 - - [11/Jan/2021:22:17:33 +0100] "GET /vintage-rugby-ball-keyring-p-29901.html HTTP/1.0" 200 71899 "-" "Mozilla/5.0 (compatible; bingbot/2.0; +http://www.bing.com/bingbot.htm)"
13.66.139.64 - - [11/Jan/2021:22:17:34 +0100] "GET /france-to-great-britain-adapter-black-p-52728.html HTTP/1.0" 200 72133 "-" "Mozilla/5.0 (compatible; bingbot/2.0; +http://www.bing.com/bingbot.htm)"
51.68.224.127 - - [11/Jan/2021:22:17:34 +0100] "GET /adminweb/export_orders_xml.php?token=256de2z6edz6ed2z6DFSFsed2zed6zeDSFDSGdzedezfzf&maxorders=10&orderstart=1&status=14&start_date=2018-10-01 HTTP/1.0" 200 285 "-" "GesCom CharlotteBoutik Serveur"
51.68.224.127 - - [11/Jan/2021:22:17:34 +0100] "GET /adminweb/export_orders_xml.php?token=256de2z6edz6ed2z6DFSFsed2zed6zeDSFDSGdzedezfzf&maxorders=10&orderstart=1&status=6&start_date=2018-10-01 HTTP/1.0" 200 29990 "-" "GesCom CharlotteBoutik Serveur"
13.66.139.64 - - [11/Jan/2021:22:17:35 +0100] "GET /usa-kitchen-towel-p-38789.html HTTP/1.0" 200 71780 "-" "Mozilla/5.0 (compatible; bingbot/2.0; +http://www.bing.com/bingbot.htm)"
13.66.139.64 - - [11/Jan/2021:22:17:36 +0100] "GET /funny-little-bugs-pairs-of-socks-size-19-22-p-25326.html HTTP/1.0" 200 71857 "-" "Mozilla/5.0 (compatible; bingbot/2.0; +http://www.bing.com/bingbot.htm)"
13.66.139.64 - - [11/Jan/2021:22:17:37 +0100] "GET /verity-rose-cupcake-mirror-bag-p-29171.html HTTP/1.0" 200 72003 "-" "Mozilla/5.0 (compatible; bingbot/2.0; +http://www.bing.com/bingbot.htm)"
13.66.139.64 - - [11/Jan/2021:22:17:38 +0100] "GET /cotton-floor-cushion-terracotta-and-lin-45-cm-p-47392.html HTTP/1.0" 200 71949 "-" "Mozilla/5.0 (compatible; bingbot/2.0; +http://www.bing.com/bingbot.htm)"
13.66.139.64 - - [11/Jan/2021:22:17:39 +0100] "GET /headrest-cushion-blue-45-70-cm-p-45243.html HTTP/1.0" 200 71894 "-" "Mozilla/5.0 (compatible; bingbot/2.0; +http://www.bing.com/bingbot.htm)"
13.66.139.64 - - [11/Jan/2021:22:17:40 +0100] "GET /harley-davidson-mini-box-p-31640.html HTTP/1.0" 200 72016 "-" "Mozilla/5.0 (compatible; bingbot/2.0; +http://www.bing.com/bingbot.htm)"
13.66.139.64 - - [11/Jan/2021:22:17:41 +0100] "GET /traditional-hot-water-bottle-cat-p-52639.html HTTP/1.0" 200 71929 "-" "Mozilla/5.0 (compatible; bingbot/2.0; +http://www.bing.com/bingbot.htm)"
13.66.139.64 - - [11/Jan/2021:22:17:42 +0100] "GET /strawberry-shortcake-poncho-years-p-31120.html HTTP/1.0" 200 73090 "-" "Mozilla/5.0 (compatible; bingbot/2.0; +http://www.bing.com/bingbot.htm)"
13.66.139.64 - - [11/Jan/2021:22:17:43 +0100] "GET /paris-glass-wall-clock-p-10446.html HTTP/1.0" 200 71830 "-" "Mozilla/5.0 (compatible; bingbot/2.0; +http://www.bing.com/bingbot.htm)"
54.36.149.68 - - [11/Jan/2021:22:17:48 +0100] "GET /winnie-the-pooh-bath-towel-p-10120.html HTTP/1.0" 200 71987 "-" "Mozilla/5.0 (compatible; AhrefsBot/7.0; +http://ahrefs.com/robot/)"
13.66.139.14 - - [11/Jan/2021:22:17:48 +0100] "GET /pineapple-orange-deco-box-32-cm-p-44636.html HTTP/1.0" 200 72111 "-" "Mozilla/5.0 (compatible; bingbot/2.0; +http://www.bing.com/bingbot.htm)"
13.66.139.14 - - [11/Jan/2021:22:17:49 +0100] "GET /retro-small-steel-fridge-magnets-p-31629.html HTTP/1.0" 200 72012 "-" "Mozilla/5.0 (compatible; bingbot/2.0; +http://www.bing.com/bingbot.htm)"
13.66.139.14 - - [11/Jan/2021:22:17:50 +0100] "GET /looney-tunes-bugs-and-lola-bunny-mobile-sock-p-18017.html HTTP/1.0" 200 71875 "-" "Mozilla/5.0 (compatible; bingbot/2.0; +http://www.bing.com/bingbot.htm)"
13.66.139.14 - - [11/Jan/2021:22:17:51 +0100] "GET /resin-statue-little-monk-in-yellow-dress-p-51510.html HTTP/1.0" 200 72028 "-" "Mozilla/5.0 (compatible; bingbot/2.0; +http://www.bing.com/bingbot.htm)"
13.66.139.14 - - [11/Jan/2021:22:17:52 +0100] "GET /god-ganesh-pencil-pot-hammered-aluminum-p-47215.html HTTP/1.0" 200 73459 "-" "Mozilla/5.0 (compatible; bingbot/2.0; +http://www.bing.com/bingbot.htm)"
13.66.139.14 - - [11/Jan/2021:22:17:53 +0100] "GET /resin-skull-ashtray-p-30011.html HTTP/1.0" 200 71777 "-" "Mozilla/5.0 (compatible; bingbot/2.0; +http://www.bing.com/bingbot.htm)"
13.66.139.14 - - [11/Jan/2021:22:17:54 +0100] "GET /mirabelle-calendar-year-2016-p-31180.html HTTP/1.0" 200 72065 "-" "Mozilla/5.0 (compatible; bingbot/2.0; +http://www.bing.com/bingbot.htm)"
13.66.139.14 - - [11/Jan/2021:22:17:55 +0100] "GET /che-guevara-mini-magnet-mirror-p-19667.html HTTP/1.0" 200 71941 "-" "Mozilla/5.0 (compatible; bingbot/2.0; +http://www.bing.com/bingbot.htm)"
13.66.139.14 - - [11/Jan/2021:22:17:56 +0100] "GET /monaco-shoulder-bag-black-and-pink-p-38324.html HTTP/1.0" 200 72280 "-" "Mozilla/5.0 (compatible; bingbot/2.0; +http://www.bing.com/bingbot.htm)"
13.66.139.14 - - [11/Jan/2021:22:17:57 +0100] "GET /radio-60-wood-look-with-bluetooth-p-39011.html HTTP/1.0" 200 72219 "-" "Mozilla/5.0 (compatible; bingbot/2.0; +http://www.bing.com/bingbot.htm)"
13.66.139.14 - - [11/Jan/2021:22:17:58 +0100] "GET /dancer-jewelery-box-p-42718.html HTTP/1.0" 200 72588 "-" "Mozilla/5.0 (compatible; bingbot/2.0; +http://www.bing.com/bingbot.htm)"
13.66.139.14 - - [11/Jan/2021:22:17:59 +0100] "GET /cars-inflatable-balloon-p-19974.html HTTP/1.0" 200 71739 "-" "Mozilla/5.0 (compatible; bingbot/2.0; +http://www.bing.com/bingbot.htm)"
13.66.139.14 - - [11/Jan/2021:22:18:00 +0100] "GET /horses-keyring-p-33559.html HTTP/1.0" 200 73005 "-" "Mozilla/5.0 (compatible; bingbot/2.0; +http://www.bing.com/bingbot.htm)"
13.66.139.14 - - [11/Jan/2021:22:18:01 +0100] "GET /high-school-musical-waterproof-parka-p-31265.html HTTP/1.0" 200 73753 "-" "Mozilla/5.0 (compatible; bingbot/2.0; +http://www.bing.com/bingbot.htm)"
13.66.139.14 - - [11/Jan/2021:22:18:02 +0100] "GET /headrest-cushion-blue-50-70-cm-p-44365.html HTTP/1.0" 200 71884 "-" "Mozilla/5.0 (compatible; bingbot/2.0; +http://www.bing.com/bingbot.htm)"
13.66.139.14 - - [11/Jan/2021:22:18:02 +0100] "GET /cotton-floor-cushion-light-pink-45-cm-p-43508.html HTTP/1.0" 200 71909 "-" "Mozilla/5.0 (compatible; bingbot/2.0; +http://www.bing.com/bingbot.htm)"
13.66.139.14 - - [11/Jan/2021:22:18:03 +0100] "GET /figurine-frog-on-water-lily-aged-effect-p-45641.html HTTP/1.0" 200 72007 "-" "Mozilla/5.0 (compatible; bingbot/2.0; +http://www.bing.com/bingbot.htm)"
13.66.139.14 - - [11/Jan/2021:22:18:04 +0100] "GET /buddha-small-notebook-model-p-38472.html HTTP/1.0" 200 71989 "-" "Mozilla/5.0 (compatible; bingbot/2.0; +http://www.bing.com/bingbot.htm)"
13.66.139.14 - - [11/Jan/2021:22:18:05 +0100] "GET /buddha-resin-box-p-38531.html HTTP/1.0" 200 71971 "-" "Mozilla/5.0 (compatible; bingbot/2.0; +http://www.bing.com/bingbot.htm)"
185.191.171.2 - - [11/Jan/2021:22:18:06 +0100] "GET /home-and-decoration-c-13.html?page=178 HTTP/1.0" 200 92706 "-" "Mozilla/5.0 (compatible; SemrushBot/7~bl; +http://www.semrush.com/bot.html)"
13.66.139.14 - - [11/Jan/2021:22:18:06 +0100] "GET /buddha-canvas-frame-20-20-cm-p-33994.html HTTP/1.0" 200 71956 "-" "Mozilla/5.0 (compatible; bingbot/2.0; +http://www.bing.com/bingbot.htm)"
13.66.139.14 - - [11/Jan/2021:22:18:08 +0100] "GET /brave-merida-melamine-bowl-p-17122.html HTTP/1.0" 200 71949 "-" "Mozilla/5.0 (compatible; bingbot/2.0; +http://www.bing.com/bingbot.htm)"
13.66.139.14 - - [11/Jan/2021:22:18:09 +0100] "GET /tweety-money-box-p-8595.html HTTP/1.0" 200 71948 "-" "Mozilla/5.0 (compatible; bingbot/2.0; +http://www.bing.com/bingbot.htm)"
13.66.139.14 - - [11/Jan/2021:22:18:10 +0100] "GET /minnie-mouse-mini-figurine-by-romero-britto-p-32582.html HTTP/1.0" 200 72989 "-" "Mozilla/5.0 (compatible; bingbot/2.0; +http://www.bing.com/bingbot.htm)"
13.66.139.14 - - [11/Jan/2021:22:18:11 +0100] "GET /anise-green-polyester-round-chair-cushion-p-47394.html HTTP/1.0" 301 69259 "-" "Mozilla/5.0 (compatible; bingbot/2.0; +http://www.bing.com/bingbot.htm)"
13.66.139.14 - - [11/Jan/2021:22:18:12 +0100] "GET /fiat-500-yellow-pencil-case-p-17069.html HTTP/1.0" 200 72092 "-" "Mozilla/5.0 (compatible; bingbot/2.0; +http://www.bing.com/bingbot.htm)"
13.66.139.14 - - [11/Jan/2021:22:18:12 +0100] "GET /little-miss-super-cawaii-cosmetic-bag-p-21781.html HTTP/1.0" 200 71962 "-" "Mozilla/5.0 (compatible; bingbot/2.0; +http://www.bing.com/bingbot.htm)"
13.66.139.14 - - [11/Jan/2021:22:18:13 +0100] "GET /minnie-mouse-placemat-p-31701.html HTTP/1.0" 200 71912 "-" "Mozilla/5.0 (compatible; bingbot/2.0; +http://www.bing.com/bingbot.htm)"
13.66.139.14 - - [11/Jan/2021:22:18:14 +0100] "GET /us-route-66-logo-metal-magnet-p-8188.html HTTP/1.0" 200 71839 "-" "Mozilla/5.0 (compatible; bingbot/2.0; +http://www.bing.com/bingbot.htm)"
13.66.139.14 - - [11/Jan/2021:22:18:15 +0100] "GET /stone-polychrome-jasper-110-120-grams-p-46582.html HTTP/1.0" 200 73172 "-" "Mozilla/5.0 (compatible; bingbot/2.0; +http://www.bing.com/bingbot.htm)"
13.66.139.14 - - [11/Jan/2021:22:18:16 +0100] "GET /sponge-bob-plastic-plate-p-17131.html HTTP/1.0" 200 71966 "-" "Mozilla/5.0 (compatible; bingbot/2.0; +http://www.bing.com/bingbot.htm)"
13.66.139.153 - - [11/Jan/2021:22:18:18 +0100] "GET /happy-colors-pink-hairbrush-p-22735.html HTTP/1.0" 200 71876 "-" "Mozilla/5.0 (compatible; bingbot/2.0; +http://www.bing.com/bingbot.htm)"
13.66.139.153 - - [11/Jan/2021:22:18:19 +0100] "GET /nici-bubble-mouse-keyring-plush-p-35197.html HTTP/1.0" 200 71903 "-" "Mozilla/5.0 (compatible; bingbot/2.0; +http://www.bing.com/bingbot.htm)"
13.66.139.153 - - [11/Jan/2021:22:18:20 +0100] "GET /magnet-decoration-flower-of-life-p-44406.html HTTP/1.0" 200 71915 "-" "Mozilla/5.0 (compatible; bingbot/2.0; +http://www.bing.com/bingbot.htm)"
13.66.139.153 - - [11/Jan/2021:22:18:21 +0100] "GET /clock-pastis-olive-p-49727.html HTTP/1.0" 200 71850 "-" "Mozilla/5.0 (compatible; bingbot/2.0; +http://www.bing.com/bingbot.htm)"
13.66.139.153 - - [11/Jan/2021:22:18:22 +0100] "GET /votive-candle-15-hours-basil-lime-and-mandarin-p-47624.html HTTP/1.0" 200 72558 "-" "Mozilla/5.0 (compatible; bingbot/2.0; +http://www.bing.com/bingbot.htm)"
13.66.139.153 - - [11/Jan/2021:22:18:23 +0100] "GET /dora-the-explorer-picnic-bag-p-16808.html HTTP/1.0" 200 73094 "-" "Mozilla/5.0 (compatible; bingbot/2.0; +http://www.bing.com/bingbot.htm)"
13.66.139.153 - - [11/Jan/2021:22:18:23 +0100] "GET /zen-canvas-frame-p-38318.html HTTP/1.0" 200 71845 "-" "Mozilla/5.0 (compatible; bingbot/2.0; +http://www.bing.com/bingbot.htm)"
13.66.139.153 - - [11/Jan/2021:22:18:24 +0100] "GET /car-air-freshener-heart-and-home-welcome-home-p-40609.html HTTP/1.0" 200 72224 "-" "Mozilla/5.0 (compatible; bingbot/2.0; +http://www.bing.com/bingbot.htm)"
13.66.139.153 - - [11/Jan/2021:22:18:25 +0100] "GET /wax-melt-warmer-moroccan-lattice-p-48096.html HTTP/1.0" 200 72582 "-" "Mozilla/5.0 (compatible; bingbot/2.0; +http://www.bing.com/bingbot.htm)"
13.66.139.153 - - [11/Jan/2021:22:18:26 +0100] "GET /le-chat-noir-sugar-box-p-26836.html HTTP/1.0" 200 71959 "-" "Mozilla/5.0 (compatible; bingbot/2.0; +http://www.bing.com/bingbot.htm)"
13.66.139.153 - - [11/Jan/2021:22:18:27 +0100] "GET /assassin-creed-zippo-lighter-p-39526.html HTTP/1.0" 200 74217 "-" "Mozilla/5.0 (compatible; bingbot/2.0; +http://www.bing.com/bingbot.htm)"
185.191.171.38 - - [11/Jan/2021:22:18:28 +0100] "GET /purple-elephant-piggy-bank-p-47730.html HTTP/1.0" 200 71858 "-" "Mozilla/5.0 (compatible; SemrushBot/7~bl; +http://www.semrush.com/bot.html)"
13.66.139.153 - - [11/Jan/2021:22:18:28 +0100] "GET /tour-de-france-adult-apron-p-51197.html HTTP/1.0" 200 71813 "-" "Mozilla/5.0 (compatible; bingbot/2.0; +http://www.bing.com/bingbot.htm)"
13.66.139.153 - - [11/Jan/2021:22:18:30 +0100] "GET /cars-metal-storage-box-p-12653.html HTTP/1.0" 200 71961 "-" "Mozilla/5.0 (compatible; bingbot/2.0; +http://www.bing.com/bingbot.htm)"
13.66.139.153 - - [11/Jan/2021:22:18:31 +0100] "GET /mug-with-infuser-for-tea-britanny-p-47846.html HTTP/1.0" 200 71937 "-" "Mozilla/5.0 (compatible; bingbot/2.0; +http://www.bing.com/bingbot.htm)"
13.66.139.153 - - [11/Jan/2021:22:18:32 +0100] "GET /beyblade-blue-swimsuit-p-30447.html HTTP/1.0" 200 73570 "-" "Mozilla/5.0 (compatible; bingbot/2.0; +http://www.bing.com/bingbot.htm)"
207.46.13.229 - - [11/Jan/2021:22:18:33 +0100] "GET /fiat-500-white-mug-p-11776.html HTTP/1.0" 200 71757 "-" "Mozilla/5.0 (compatible; bingbot/2.0; +http://www.bing.com/bingbot.htm)"
185.191.171.5 - - [11/Jan/2021:22:18:37 +0100] "GET /petites-poules-ceramic-pie-dish-p-40260.html HTTP/1.0" 200 69310 "-" "Mozilla/5.0 (compatible; SemrushBot/7~bl; +http://www.semrush.com/bot.html)"
207.46.13.26 - - [11/Jan/2021:22:18:38 +0100] "GET /swfobject.js HTTP/1.0" 404 1308 "-" "Mozilla/5.0 (compatible; bingbot/2.0; +http://www.bing.com/bingbot.htm)"
13.66.139.14 - - [11/Jan/2021:22:18:43 +0100] "GET /small-tins-box-gorjuss-every-summer-has-story-p-48408.html HTTP/1.0" 200 73247 "-" "Mozilla/5.0 (compatible; bingbot/2.0; +http://www.bing.com/bingbot.htm)"
13.66.139.14 - - [11/Jan/2021:22:18:44 +0100] "GET /skeleton-black-shirt-p-30118.html HTTP/1.0" 200 73003 "-" "Mozilla/5.0 (compatible; bingbot/2.0; +http://www.bing.com/bingbot.htm)"
185.191.171.41 - - [11/Jan/2021:22:18:48 +0100] "GET /album-coloring-and-stickers-paw-patrol-p-37133.html HTTP/1.0" 200 69373 "-" "Mozilla/5.0 (compatible; SemrushBot/7~bl; +http://www.semrush.com/bot.html)"
13.66.139.14 - - [11/Jan/2021:22:18:50 +0100] "GET /avengers-marvel-kids-school-bag-41-cm-p-36230.html HTTP/1.0" 200 72099 "-" "Mozilla/5.0 (compatible; bingbot/2.0; +http://www.bing.com/bingbot.htm)"
185.191.171.4 - - [11/Jan/2021:22:19:27 +0100] "GET /cement-tile-stickers-15-15-cm-p-50341.html HTTP/1.0" 200 72162 "-" "Mozilla/5.0 (compatible; SemrushBot/7~bl; +http://www.semrush.com/bot.html)"
207.46.13.36 - - [11/Jan/2021:22:19:31 +0100] "GET /images/big_prod/3307215588154.jpg HTTP/1.0" 200 268 "-" "Mozilla/5.0 (compatible; bingbot/2.0; +http://www.bing.com/bingbot.htm)"
185.191.171.2 - - [11/Jan/2021:22:19:41 +0100] "GET /wooden-range-bottle-old-style-pink-p-35876.html HTTP/1.0" 200 69365 "-" "Mozilla/5.0 (compatible; SemrushBot/7~bl; +http://www.semrush.com/bot.html)"
185.191.171.9 - - [11/Jan/2021:22:19:46 +0100] "GET /scented-candles-and-novenas-c-13_227.html?page=12 HTTP/1.0" 200 92732 "-" "Mozilla/5.0 (compatible; SemrushBot/7~bl; +http://www.semrush.com/bot.html)"
207.46.13.229 - - [11/Jan/2021:22:20:42 +0100] "GET /diffuser-of-perfume-and-essential-oils-c-231_162.html HTTP/1.0" 200 89153 "-" "Mozilla/5.0 (compatible; bingbot/2.0; +http://www.bing.com/bingbot.htm)"
66.249.66.66 - - [11/Jan/2021:22:21:03 +0100] "GET /child-apron-the-little-prince-p-47662.html HTTP/1.0" 200 71963 "-" "Mozilla/5.0 (Linux; Android 6.0.1; Nexus 5X Build/MMB29P) AppleWebKit/537.36 (KHTML, like Gecko) Chrome/87.0.4280.90 Mobile Safari/537.36 (compatible; Googlebot/2.1; +http://www.google.com/bot.html)"
66.249.66.95 - - [11/Jan/2021:22:21:06 +0100] "GET /decoration-thermometers-c-13_145.html HTTP/1.0" 200 89450 "-" "Mozilla/5.0 (Linux; Android 6.0.1; Nexus 5X Build/MMB29P) AppleWebKit/537.36 (KHTML, like Gecko) Chrome/87.0.4280.90 Mobile Safari/537.36 (compatible; Googlebot/2.1; +http://www.google.com/bot.html)"
185.191.171.3 - - [11/Jan/2021:22:21:18 +0100] "GET /angry-birds-wallet-p-19173.html HTTP/1.0" 200 72044 "-" "Mozilla/5.0 (compatible; SemrushBot/7~bl; +http://www.semrush.com/bot.html)"
114.119.132.105 - - [11/Jan/2021:22:21:29 +0100] "GET /images/341K206.jpg HTTP/1.0" 200 253 "-" "Mozilla/5.0 (Linux; Android 7.0;) AppleWebKit/537.36 (KHTML, like Gecko) Mobile Safari/537.36 (compatible; PetalBot;+https://aspiegel.com/petalbot)"
52.175.247.95 - - [11/Jan/2021:22:21:33 +0100] "GET /sites/.env HTTP/1.0" 404 1308 "-" "Mozlila/5.0 (Linux; Android 7.0; SM-G892A Bulid/NRD90M; wv) AppleWebKit/537.36 (KHTML, like Gecko) Version/4.0 Chrome/60.0.3112.107 Moblie Safari/537.36"
185.191.171.10 - - [11/Jan/2021:22:21:42 +0100] "GET /white-horse-mug-cbkreation-p-25998.html HTTP/1.0" 200 71865 "-" "Mozilla/5.0 (compatible; SemrushBot/7~bl; +http://www.semrush.com/bot.html)"
54.36.149.53 - - [11/Jan/2021:22:21:54 +0100] "GET /placemats-c-12_156.html?page=4 HTTP/1.0" 200 90679 "-" "Mozilla/5.0 (compatible; AhrefsBot/7.0; +http://ahrefs.com/robot/)"
185.191.171.13 - - [11/Jan/2021:22:22:06 +0100] "GET /oggun-resin-figure-25-cm-p-40231.html HTTP/1.0" 200 71936 "-" "Mozilla/5.0 (compatible; SemrushBot/7~bl; +http://www.semrush.com/bot.html)"
185.191.171.34 - - [11/Jan/2021:22:22:25 +0100] "GET /cherries-grey-set-salt-and-pepper-p-37399.html HTTP/1.0" 200 71968 "-" "Mozilla/5.0 (compatible; SemrushBot/7~bl; +http://www.semrush.com/bot.html)"
52.175.247.95 - - [11/Jan/2021:22:22:26 +0100] "GET /blog/.env HTTP/1.0" 404 1308 "-" "Mozlila/5.0 (Linux; Android 7.0; SM-G892A Bulid/NRD90M; wv) AppleWebKit/537.36 (KHTML, like Gecko) Version/4.0 Chrome/60.0.3112.107 Moblie Safari/537.36"
185.191.171.26 - - [11/Jan/2021:22:22:35 +0100] "GET /sentiment-tea-towel-kitchen-towel-70-35-cm-p-43639.html HTTP/1.0" 200 72639 "-" "Mozilla/5.0 (compatible; SemrushBot/7~bl; +http://www.semrush.com/bot.html)"
185.191.171.12 - - [11/Jan/2021:22:22:49 +0100] "GET /curtain-eyelet-lin-washed-140-280-cm-granite-p-48135.html HTTP/1.0" 200 69385 "-" "Mozilla/5.0 (compatible; SemrushBot/7~bl; +http://www.semrush.com/bot.html)"
185.191.171.8 - - [11/Jan/2021:22:23:05 +0100] "GET /corsica-wall-decoration-p-44562.html HTTP/1.0" 200 71863 "-" "Mozilla/5.0 (compatible; SemrushBot/7~bl; +http://www.semrush.com/bot.html)"
185.191.171.37 - - [11/Jan/2021:22:23:30 +0100] "GET /chakra-banner-33-180-cm-p-47232.html HTTP/1.0" 200 72009 "-" "Mozilla/5.0 (compatible; SemrushBot/7~bl; +http://www.semrush.com/bot.html)"
185.191.171.12 - - [11/Jan/2021:22:23:37 +0100] "GET /wall-decoration-mirror-sun-p-51799.html HTTP/1.0" 200 72675 "-" "Mozilla/5.0 (compatible; SemrushBot/7~bl; +http://www.semrush.com/bot.html)"
185.191.171.45 - - [11/Jan/2021:22:24:25 +0100] "GET /bamboo-laundry-basket-53-cm-p-48965.html HTTP/1.0" 200 71899 "-" "Mozilla/5.0 (compatible; SemrushBot/7~bl; +http://www.semrush.com/bot.html)"
66.249.66.95 - - [11/Jan/2021:22:24:34 +0100] "GET /games-and-toys/soft-toys-security-blanket/classic-plush-wild-wild-best-iceberg-the-polar-bear-p-11123.html HTTP/1.0" 301 69259 "-" "Mozilla/5.0 (Linux; Android 6.0.1; Nexus 5X Build/MMB29P) AppleWebKit/537.36 (KHTML, like Gecko) Chrome/87.0.4280.90 Mobile Safari/537.36 (compatible; Googlebot/2.1; +http://www.google.com/bot.html)"
66.249.66.64 - - [11/Jan/2021:22:24:35 +0100] "GET /-p-11123.html HTTP/1.0" 200 69192 "-" "Mozilla/5.0 (Linux; Android 6.0.1; Nexus 5X Build/MMB29P) AppleWebKit/537.36 (KHTML, like Gecko) Chrome/87.0.4280.90 Mobile Safari/537.36 (compatible; Googlebot/2.1; +http://www.google.com/bot.html)"
185.191.171.26 - - [11/Jan/2021:22:24:38 +0100] "GET /bagshandbags-shoulder-bags-c-31_81.html?page=11 HTTP/1.0" 200 93613 "-" "Mozilla/5.0 (compatible; SemrushBot/7~bl; +http://www.semrush.com/bot.html)"
185.191.171.25 - - [11/Jan/2021:22:24:59 +0100] "GET /decorative-candle-elephant-gold-p-37728.html HTTP/1.0" 301 69259 "-" "Mozilla/5.0 (compatible; SemrushBot/7~bl; +http://www.semrush.com/bot.html)"
185.191.171.24 - - [11/Jan/2021:22:25:05 +0100] "GET /-p-37728.html HTTP/1.0" 200 69192 "-" "Mozilla/5.0 (compatible; SemrushBot/7~bl; +http://www.semrush.com/bot.html)"
185.191.171.13 - - [11/Jan/2021:22:25:08 +0100] "GET /fox-hot-water-bottle-p-53411.html HTTP/1.0" 200 72627 "-" "Mozilla/5.0 (compatible; SemrushBot/7~bl; +http://www.semrush.com/bot.html)"
185.191.171.3 - - [11/Jan/2021:22:25:20 +0100] "GET /bottle-rack-guitar-bottles-p-50195.html HTTP/1.0" 200 71953 "-" "Mozilla/5.0 (compatible; SemrushBot/7~bl; +http://www.semrush.com/bot.html)"
54.36.148.87 - - [11/Jan/2021:22:25:52 +0100] "GET /winnie-the-pooh-umbrella-p-20501.html HTTP/1.0" 200 72052 "-" "Mozilla/5.0 (compatible; AhrefsBot/7.0; +http://ahrefs.com/robot/)"
114.119.132.105 - - [11/Jan/2021:22:25:56 +0100] "GET /images/mini_prod/1284220063048.jpg HTTP/1.0" 200 269 "-" "Mozilla/5.0 (Linux; Android 7.0;) AppleWebKit/537.36 (KHTML, like Gecko) Mobile Safari/537.36 (compatible; PetalBot;+https://aspiegel.com/petalbot)"
185.191.171.45 - - [11/Jan/2021:22:26:15 +0100] "GET /hello-kitty-pencil-case-p-20695.html HTTP/1.0" 200 72008 "-" "Mozilla/5.0 (compatible; SemrushBot/7~bl; +http://www.semrush.com/bot.html)"
185.191.171.4 - - [11/Jan/2021:22:26:17 +0100] "GET /black-bamboo-box-p-48024.html HTTP/1.0" 200 71918 "-" "Mozilla/5.0 (compatible; SemrushBot/7~bl; +http://www.semrush.com/bot.html)"
185.191.171.23 - - [11/Jan/2021:22:27:06 +0100] "GET /emily-the-strange-round-kit-p-15088.html HTTP/1.0" 200 72123 "-" "Mozilla/5.0 (compatible; SemrushBot/7~bl; +http://www.semrush.com/bot.html)"
185.191.171.23 - - [11/Jan/2021:22:27:09 +0100] "GET /grand-prix-moto-glasses-box-p-41486.html HTTP/1.0" 200 71914 "-" "Mozilla/5.0 (compatible; SemrushBot/7~bl; +http://www.semrush.com/bot.html)"
45.170.18.198 - - [11/Jan/2021:22:27:17 +0100] "GET /images/big_prod_1/1384010205938b.jpg HTTP/1.0" 200 271 "https://www.bing.com/" "Mozilla/5.0 (Windows NT 10.0; Win64; x64) AppleWebKit/537.36 (KHTML, like Gecko) Chrome/87.0.4280.88 Safari/537.36 Edg/87.0.664.66"
185.191.171.19 - - [11/Jan/2021:22:27:39 +0100] "GET /sentiment-tea-towel-kitchen-towel-70-35-cm-p-43634.html HTTP/1.0" 200 72639 "-" "Mozilla/5.0 (compatible; SemrushBot/7~bl; +http://www.semrush.com/bot.html)"
66.249.66.95 - - [11/Jan/2021:22:27:58 +0100] "GET /set-c-1_8.html HTTP/1.0" 200 68053 "-" "Mozilla/5.0 (Linux; Android 6.0.1; Nexus 5X Build/MMB29P) AppleWebKit/537.36 (KHTML, like Gecko) Chrome/87.0.4280.90 Mobile Safari/537.36 (compatible; Googlebot/2.1; +http://www.google.com/bot.html)"
185.191.171.25 - - [11/Jan/2021:22:28:04 +0100] "GET /new-york-yankees-school-bag-38-cm-p-41167.html HTTP/1.0" 200 72360 "-" "Mozilla/5.0 (compatible; SemrushBot/7~bl; +http://www.semrush.com/bot.html)"
185.191.171.13 - - [11/Jan/2021:22:28:11 +0100] "GET /nintendo-logo-hooded-jacket-p-30199.html HTTP/1.0" 200 69290 "-" "Mozilla/5.0 (compatible; SemrushBot/7~bl; +http://www.semrush.com/bot.html)"
