114.119.158.196 - - [11/Jan/2021:12:00:33 +0100] "GET /images/8028501935098.jpg HTTP/1.1" 200 23530 "-" "Mozilla/5.0 (Linux; Android 7.0;) AppleWebKit/537.36 (KHTML, like Gecko) Mobile Safari/537.36 (compatible; PetalBot;+https://aspiegel.com/petalbot)"
40.77.167.56 - - [11/Jan/2021:12:00:53 +0100] "GET /images/med_prod/8435306270055.jpg HTTP/1.1" 200 100387 "-" "Mozilla/5.0 (compatible; bingbot/2.0; +http://www.bing.com/bingbot.htm)"
207.46.13.239 - - [11/Jan/2021:12:01:44 +0100] "GET /images/1300010238158.jpg HTTP/1.1" 200 94690 "-" "Mozilla/5.0 (compatible; bingbot/2.0; +http://www.bing.com/bingbot.htm)"
157.55.39.220 - - [11/Jan/2021:12:01:48 +0100] "GET /images/280670.jpg HTTP/1.1" 200 15190 "-" "Mozilla/5.0 (compatible; bingbot/2.0; +http://www.bing.com/bingbot.htm)"
207.46.13.239 - - [11/Jan/2021:12:03:26 +0100] "GET /images/6942138999990.jpg HTTP/1.1" 200 39238 "-" "Mozilla/5.0 (compatible; bingbot/2.0; +http://www.bing.com/bingbot.htm)"
157.55.39.110 - - [11/Jan/2021:12:04:04 +0100] "GET /images/4025055902754.jpg HTTP/1.1" 200 38656 "-" "Mozilla/5.0 (compatible; bingbot/2.0; +http://www.bing.com/bingbot.htm)"
157.55.39.22 - - [11/Jan/2021:12:04:16 +0100] "GET /js/modernizr-transitions.js HTTP/1.1" 200 2026 "-" "Mozilla/5.0 (compatible; bingbot/2.0; +http://www.bing.com/bingbot.htm)"
157.55.39.220 - - [11/Jan/2021:12:04:46 +0100] "GET /images/6942138919509.jpg HTTP/1.1" 200 94374 "-" "Mozilla/5.0 (compatible; bingbot/2.0; +http://www.bing.com/bingbot.htm)"
114.119.158.196 - - [11/Jan/2021:12:04:57 +0100] "GET /images/big_prod/8433933208786.jpg HTTP/1.1" 200 161297 "-" "Mozilla/5.0 (Linux; Android 7.0;) AppleWebKit/537.36 (KHTML, like Gecko) Mobile Safari/537.36 (compatible; PetalBot;+https://aspiegel.com/petalbot)"
157.55.39.110 - - [11/Jan/2021:12:05:13 +0100] "GET /images/070309_152834_PEEL_h3CWsx.jpg HTTP/1.1" 200 66448 "-" "Mozilla/5.0 (compatible; bingbot/2.0; +http://www.bing.com/bingbot.htm)"
157.55.39.220 - - [11/Jan/2021:12:06:53 +0100] "GET /images/mini_prod/5400924022280.jpg HTTP/1.1" 200 5516 "-" "Mozilla/5.0 (compatible; bingbot/2.0; +http://www.bing.com/bingbot.htm)"
207.46.13.239 - - [11/Jan/2021:12:07:27 +0100] "GET /images/big_prod/1345544761390.jpg HTTP/1.1" 200 76674 "-" "Mozilla/5.0 (compatible; bingbot/2.0; +http://www.bing.com/bingbot.htm)"
114.119.145.117 - - [11/Jan/2021:12:09:19 +0100] "GET /images/big_prod/3560600314114.jpg HTTP/1.1" 200 64957 "-" "Mozilla/5.0 (Linux; Android 7.0;) AppleWebKit/537.36 (KHTML, like Gecko) Mobile Safari/537.36 (compatible; PetalBot;+https://aspiegel.com/petalbot)"
157.55.39.110 - - [11/Jan/2021:12:09:24 +0100] "GET /images/med_prod/3700653593177.jpg HTTP/1.1" 200 123066 "-" "Mozilla/5.0 (compatible; bingbot/2.0; +http://www.bing.com/bingbot.htm)"
207.46.13.239 - - [11/Jan/2021:12:10:19 +0100] "GET /images/1300010236703.jpg HTTP/1.1" 200 101730 "-" "Mozilla/5.0 (compatible; bingbot/2.0; +http://www.bing.com/bingbot.htm)"
157.55.39.22 - - [11/Jan/2021:12:10:38 +0100] "GET /images/8435339303133.jpg HTTP/1.1" 200 38279 "-" "Mozilla/5.0 (compatible; bingbot/2.0; +http://www.bing.com/bingbot.htm)"
157.55.39.22 - - [11/Jan/2021:12:10:50 +0100] "GET /images/big_prod/5051276373157.jpg HTTP/1.1" 200 81239 "-" "Mozilla/5.0 (compatible; bingbot/2.0; +http://www.bing.com/bingbot.htm)"
40.77.167.56 - - [11/Jan/2021:12:11:37 +0100] "GET /images/5702015124928.jpg HTTP/1.1" 200 173552 "-" "Mozilla/5.0 (compatible; bingbot/2.0; +http://www.bing.com/bingbot.htm)"
207.46.13.239 - - [11/Jan/2021:12:12:20 +0100] "GET /images/3438100342398.jpg HTTP/1.1" 200 25629 "-" "Mozilla/5.0 (compatible; bingbot/2.0; +http://www.bing.com/bingbot.htm)"
157.55.39.110 - - [11/Jan/2021:12:12:44 +0100] "GET /images/TROUS3083.jpg HTTP/1.1" 200 23001 "-" "Mozilla/5.0 (compatible; bingbot/2.0; +http://www.bing.com/bingbot.htm)"
157.55.39.110 - - [11/Jan/2021:12:12:44 +0100] "GET /images/slipouioui.jpg HTTP/1.1" 200 62789 "-" "Mozilla/5.0 (compatible; bingbot/2.0; +http://www.bing.com/bingbot.htm)"
207.46.13.36 - - [11/Jan/2021:12:12:58 +0100] "GET /images/med_prod/8435333830697N.jpg HTTP/1.1" 200 155044 "-" "Mozilla/5.0 (compatible; bingbot/2.0; +http://www.bing.com/bingbot.htm)"
114.119.151.113 - - [11/Jan/2021:12:13:42 +0100] "GET /images/mini_prod/4010070275402NN.jpg HTTP/1.1" 200 7503 "-" "Mozilla/5.0 (Linux; Android 7.0;) AppleWebKit/537.36 (KHTML, like Gecko) Mobile Safari/537.36 (compatible; PetalBot;+https://aspiegel.com/petalbot)"
207.46.13.229 - - [11/Jan/2021:12:14:02 +0100] "GET /images/8435306262005.jpg HTTP/1.1" 200 89786 "-" "Mozilla/5.0 (compatible; bingbot/2.0; +http://www.bing.com/bingbot.htm)"
40.77.167.56 - - [11/Jan/2021:12:14:37 +0100] "GET /images/DSCN2422.jpg HTTP/1.1" 200 28954 "-" "Mozilla/5.0 (compatible; bingbot/2.0; +http://www.bing.com/bingbot.htm)"
207.46.13.239 - - [11/Jan/2021:12:14:42 +0100] "GET /images/1300010237809.jpg HTTP/1.1" 200 71350 "-" "Mozilla/5.0 (compatible; bingbot/2.0; +http://www.bing.com/bingbot.htm)"
40.77.167.56 - - [11/Jan/2021:12:14:47 +0100] "GET /images/big_prod/1384010190883.jpg HTTP/1.1" 200 101789 "-" "Mozilla/5.0 (compatible; bingbot/2.0; +http://www.bing.com/bingbot.htm)"
207.46.13.229 - - [11/Jan/2021:12:16:51 +0100] "GET /images/5027417021201.jpg HTTP/1.1" 200 26715 "-" "Mozilla/5.0 (compatible; bingbot/2.0; +http://www.bing.com/bingbot.htm)"
114.119.151.113 - - [11/Jan/2021:12:18:06 +0100] "GET /images/big_prod/5051276247571.jpg HTTP/1.1" 200 97920 "-" "Mozilla/5.0 (Linux; Android 7.0;) AppleWebKit/537.36 (KHTML, like Gecko) Mobile Safari/537.36 (compatible; PetalBot;+https://aspiegel.com/petalbot)"
114.119.158.196 - - [11/Jan/2021:12:22:21 +0100] "GET /images/mini_prod/3296580329793.jpg HTTP/1.1" 200 5416 "-" "Mozilla/5.0 (Linux; Android 7.0;) AppleWebKit/537.36 (KHTML, like Gecko) Mobile Safari/537.36 (compatible; PetalBot;+https://aspiegel.com/petalbot)"
157.55.39.22 - - [11/Jan/2021:12:24:42 +0100] "GET /images/big_prod/3609810097889.jpg HTTP/1.1" 200 176721 "-" "Mozilla/5.0 (compatible; bingbot/2.0; +http://www.bing.com/bingbot.htm)"
114.119.129.36 - - [11/Jan/2021:12:26:45 +0100] "GET /images/5055071642241.jpg HTTP/1.1" 200 91238 "-" "Mozilla/5.0 (Linux; Android 7.0;) AppleWebKit/537.36 (KHTML, like Gecko) Mobile Safari/537.36 (compatible; PetalBot;+https://aspiegel.com/petalbot)"
5.255.231.71 - - [11/Jan/2021:12:27:07 +0100] "GET /robots.txt HTTP/1.1" 200 2438 "-" "Mozilla/5.0 (compatible; YandexBot/3.0; +http://yandex.com/bots)"
207.46.13.239 - - [11/Jan/2021:12:31:15 +0100] "GET /images/med_prod/8435306288838.jpg HTTP/1.1" 200 155144 "-" "Mozilla/5.0 (compatible; bingbot/2.0; +http://www.bing.com/bingbot.htm)"
157.55.39.220 - - [11/Jan/2021:12:31:19 +0100] "GET /images/big_prod/3700742703647.jpg HTTP/1.1" 200 110820 "-" "Mozilla/5.0 (compatible; bingbot/2.0; +http://www.bing.com/bingbot.htm)"
114.119.150.15 - - [11/Jan/2021:12:35:31 +0100] "GET /images/mini_prod/3574641150075.jpg HTTP/1.1" 200 6296 "-" "Mozilla/5.0 (Linux; Android 7.0;) AppleWebKit/537.36 (KHTML, like Gecko) Mobile Safari/537.36 (compatible; PetalBot;+https://aspiegel.com/petalbot)"
66.249.66.66 - - [11/Jan/2021:12:41:30 +0100] "GET /images/big_prod/NN3453131149754.jpg HTTP/1.1" 200 172198 "-" "Googlebot-Image/1.0"
40.77.167.56 - - [11/Jan/2021:12:41:53 +0100] "GET /images/big_prod_3/1328399219612c.jpg HTTP/1.1" 200 63435 "-" "Mozilla/5.0 (compatible; bingbot/2.0; +http://www.bing.com/bingbot.htm)"
185.191.171.24 - - [11/Jan/2021:12:44:06 +0100] "GET /robots.txt HTTP/1.1" 200 2438 "-" "Mozilla/5.0 (compatible; SemrushBot/7~bl; +http://www.semrush.com/bot.html)"
114.119.132.105 - - [11/Jan/2021:12:44:16 +0100] "GET /images/big_prod/1341689182328.jpg HTTP/1.1" 200 37244 "-" "Mozilla/5.0 (Linux; Android 7.0;) AppleWebKit/537.36 (KHTML, like Gecko) Mobile Safari/537.36 (compatible; PetalBot;+https://aspiegel.com/petalbot)"
157.55.39.220 - - [11/Jan/2021:12:45:10 +0100] "GET /images/mirroirBBoop2.jpg HTTP/1.1" 200 55740 "-" "Mozilla/5.0 (compatible; bingbot/2.0; +http://www.bing.com/bingbot.htm)"
112.201.164.128 - - [11/Jan/2021:12:50:49 +0100] "GET /images/med_prod/3457010954057.jpg HTTP/1.1" 200 124679 "https://www.bing.com/" "Mozilla/5.0 (Linux; Android 5.1.1; KFFOWI) AppleWebKit/537.36 (KHTML, like Gecko) Silk/86.3.23 like Chrome/86.0.4240.198 Safari/537.36"
112.201.164.128 - - [11/Jan/2021:12:51:00 +0100] "GET /highslide/highslide.js HTTP/1.1" 200 42909 "http://www.wonder-geek.com/frozen-musical-jewelry-box-p-33685.html" "Mozilla/5.0 (Linux; Android 5.1.1; KFFOWI) AppleWebKit/537.36 (KHTML, like Gecko) Silk/86.3.23 like Chrome/86.0.4240.198 Safari/537.36"
112.201.164.128 - - [11/Jan/2021:12:51:00 +0100] "GET /js/jquery.jqzoom.js HTTP/1.1" 200 4761 "http://www.wonder-geek.com/frozen-musical-jewelry-box-p-33685.html" "Mozilla/5.0 (Linux; Android 5.1.1; KFFOWI) AppleWebKit/537.36 (KHTML, like Gecko) Silk/86.3.23 like Chrome/86.0.4240.198 Safari/537.36"
112.201.164.128 - - [11/Jan/2021:12:51:00 +0100] "GET /templates/Pixame_v1/stylesheet.css HTTP/1.1" 200 56057 "http://www.wonder-geek.com/frozen-musical-jewelry-box-p-33685.html" "Mozilla/5.0 (Linux; Android 5.1.1; KFFOWI) AppleWebKit/537.36 (KHTML, like Gecko) Silk/86.3.23 like Chrome/86.0.4240.198 Safari/537.36"
112.201.164.128 - - [11/Jan/2021:12:51:00 +0100] "GET /js/jquery.js HTTP/1.1" 200 54075 "http://www.wonder-geek.com/frozen-musical-jewelry-box-p-33685.html" "Mozilla/5.0 (Linux; Android 5.1.1; KFFOWI) AppleWebKit/537.36 (KHTML, like Gecko) Silk/86.3.23 like Chrome/86.0.4240.198 Safari/537.36"
112.201.164.128 - - [11/Jan/2021:12:51:00 +0100] "GET /mondial_relay/js/jquery-1.3.2.min.js HTTP/1.1" 200 57254 "http://www.wonder-geek.com/frozen-musical-jewelry-box-p-33685.html" "Mozilla/5.0 (Linux; Android 5.1.1; KFFOWI) AppleWebKit/537.36 (KHTML, like Gecko) Silk/86.3.23 like Chrome/86.0.4240.198 Safari/537.36"
112.201.164.128 - - [11/Jan/2021:12:51:01 +0100] "GET /templates/Pixame_v1/images/icon_accueil2.png HTTP/1.1" 200 1137 "http://www.wonder-geek.com/frozen-musical-jewelry-box-p-33685.html" "Mozilla/5.0 (Linux; Android 5.1.1; KFFOWI) AppleWebKit/537.36 (KHTML, like Gecko) Silk/86.3.23 like Chrome/86.0.4240.198 Safari/537.36"
112.201.164.128 - - [11/Jan/2021:12:51:01 +0100] "GET /templates/Pixame_v1/images/Bottom_texture.jpg HTTP/1.1" 200 56290 "http://www.wonder-geek.com/templates/Pixame_v1/stylesheet.css" "Mozilla/5.0 (Linux; Android 5.1.1; KFFOWI) AppleWebKit/537.36 (KHTML, like Gecko) Silk/86.3.23 like Chrome/86.0.4240.198 Safari/537.36"
112.201.164.128 - - [11/Jan/2021:12:51:01 +0100] "GET /templates/Pixame_v1/images/nav.png HTTP/1.1" 200 1283 "http://www.wonder-geek.com/templates/Pixame_v1/stylesheet.css" "Mozilla/5.0 (Linux; Android 5.1.1; KFFOWI) AppleWebKit/537.36 (KHTML, like Gecko) Silk/86.3.23 like Chrome/86.0.4240.198 Safari/537.36"
112.201.164.128 - - [11/Jan/2021:12:51:01 +0100] "GET /design/productsenstock.png HTTP/1.1" 200 4743 "http://www.wonder-geek.com/templates/Pixame_v1/stylesheet.css" "Mozilla/5.0 (Linux; Android 5.1.1; KFFOWI) AppleWebKit/537.36 (KHTML, like Gecko) Silk/86.3.23 like Chrome/86.0.4240.198 Safari/537.36"
112.201.164.128 - - [11/Jan/2021:12:51:01 +0100] "GET /templates/Pixame_v1/images/header.png HTTP/1.1" 200 70245 "http://www.wonder-geek.com/templates/Pixame_v1/stylesheet.css" "Mozilla/5.0 (Linux; Android 5.1.1; KFFOWI) AppleWebKit/537.36 (KHTML, like Gecko) Silk/86.3.23 like Chrome/86.0.4240.198 Safari/537.36"
112.201.164.128 - - [11/Jan/2021:12:51:02 +0100] "GET /templates/Pixame_v1/images/header-object.png HTTP/1.1" 200 106050 "http://www.wonder-geek.com/templates/Pixame_v1/stylesheet.css" "Mozilla/5.0 (Linux; Android 5.1.1; KFFOWI) AppleWebKit/537.36 (KHTML, like Gecko) Silk/86.3.23 like Chrome/86.0.4240.198 Safari/537.36"
112.201.164.128 - - [11/Jan/2021:12:51:02 +0100] "GET /templates/Pixame_v1/images/Middle_texture.jpg HTTP/1.1" 200 249620 "http://www.wonder-geek.com/templates/Pixame_v1/stylesheet.css" "Mozilla/5.0 (Linux; Android 5.1.1; KFFOWI) AppleWebKit/537.36 (KHTML, like Gecko) Silk/86.3.23 like Chrome/86.0.4240.198 Safari/537.36"
112.201.164.128 - - [11/Jan/2021:12:51:02 +0100] "GET /highslide/graphics/outlines/drop-shadow.png HTTP/1.1" 200 2022 "http://www.wonder-geek.com/frozen-musical-jewelry-box-p-33685.html" "Mozilla/5.0 (Linux; Android 5.1.1; KFFOWI) AppleWebKit/537.36 (KHTML, like Gecko) Silk/86.3.23 like Chrome/86.0.4240.198 Safari/537.36"
112.201.164.128 - - [11/Jan/2021:12:51:03 +0100] "GET /favicon.ico HTTP/1.1" 200 1591 "http://www.wonder-geek.com/frozen-musical-jewelry-box-p-33685.html" "Mozilla/5.0 (Linux; Android 5.1.1; KFFOWI) AppleWebKit/537.36 (KHTML, like Gecko) Silk/86.3.23 like Chrome/86.0.4240.198 Safari/537.36"
114.119.158.196 - - [11/Jan/2021:12:52:56 +0100] "GET /images/big_prod/b4036113461465.jpg HTTP/1.1" 200 67910 "-" "Mozilla/5.0 (Linux; Android 7.0;) AppleWebKit/537.36 (KHTML, like Gecko) Mobile Safari/537.36 (compatible; PetalBot;+https://aspiegel.com/petalbot)"
66.249.66.64 - - [11/Jan/2021:12:53:30 +0100] "GET /images/mini_prod/4036113232287.jpg HTTP/1.1" 200 8356 "-" "Googlebot-Image/1.0"
207.46.13.26 - - [11/Jan/2021:12:55:27 +0100] "GET /images/1341689284886.jpg HTTP/1.1" 200 123218 "-" "Mozilla/5.0 (compatible; bingbot/2.0; +http://www.bing.com/bingbot.htm)"
114.119.144.233 - - [11/Jan/2021:12:57:19 +0100] "GET /images/mini_prod/5036278058585.jpg HTTP/1.1" 200 8938 "-" "Mozilla/5.0 (Linux; Android 7.0;) AppleWebKit/537.36 (KHTML, like Gecko) Mobile Safari/537.36 (compatible; PetalBot;+https://aspiegel.com/petalbot)"
157.55.39.220 - - [11/Jan/2021:13:01:08 +0100] "GET /highslide/highslide.js HTTP/1.1" 200 42909 "-" "Mozilla/5.0 (compatible; bingbot/2.0; +http://www.bing.com/bingbot.htm)"
77.75.77.11 - - [11/Jan/2021:13:01:39 +0100] "GET /robots.txt HTTP/1.1" 200 2438 "-" "Mozilla/5.0 (compatible; SeznamBot/3.2; +http://napoveda.seznam.cz/en/seznambot-intro/)"
114.119.150.15 - - [11/Jan/2021:13:01:42 +0100] "GET /images/big_prod/8435306245251.jpg HTTP/1.1" 200 79104 "-" "Mozilla/5.0 (Linux; Android 7.0;) AppleWebKit/537.36 (KHTML, like Gecko) Mobile Safari/537.36 (compatible; PetalBot;+https://aspiegel.com/petalbot)"
157.55.39.22 - - [11/Jan/2021:13:02:05 +0100] "GET /images/1399984253281.jpg HTTP/1.1" 200 72024 "-" "Mozilla/5.0 (compatible; bingbot/2.0; +http://www.bing.com/bingbot.htm)"
40.77.167.56 - - [11/Jan/2021:13:05:47 +0100] "GET /images/1399984257678.jpg HTTP/1.1" 200 136857 "-" "Mozilla/5.0 (compatible; bingbot/2.0; +http://www.bing.com/bingbot.htm)"
64.233.173.112 - - [11/Jan/2021:13:06:32 +0100] "GET /images/med_prod/3457010951209.jpg HTTP/1.1" 200 97337 "-" "Mozilla/5.0 (Windows NT 5.1; rv:11.0) Gecko Firefox/11.0 (via ggpht.com GoogleImageProxy)"
114.119.147.45 - - [11/Jan/2021:13:19:15 +0100] "GET /images/mini_prod/8717202559404b.jpg HTTP/1.1" 200 4771 "-" "Mozilla/5.0 (Linux; Android 7.0;) AppleWebKit/537.36 (KHTML, like Gecko) Mobile Safari/537.36 (compatible; PetalBot;+https://aspiegel.com/petalbot)"
114.119.132.105 - - [11/Jan/2021:13:23:31 +0100] "GET /images/mini_prod/0000lucky.jpg HTTP/1.1" 200 5758 "-" "Mozilla/5.0 (Linux; Android 7.0;) AppleWebKit/537.36 (KHTML, like Gecko) Mobile Safari/537.36 (compatible; PetalBot;+https://aspiegel.com/petalbot)"
185.191.171.14 - - [11/Jan/2021:13:23:39 +0100] "GET /robots.txt HTTP/1.1" 200 2438 "-" "Mozilla/5.0 (compatible; SemrushBot/7~bl; +http://www.semrush.com/bot.html)"
66.249.81.163 - - [11/Jan/2021:13:24:33 +0100] "GET /images/4012390362688.jpg HTTP/1.1" 200 64213 "-" "Mozilla/5.0 (Windows NT 5.1; rv:11.0) Gecko Firefox/11.0 (via ggpht.com GoogleImageProxy)"
207.46.13.36 - - [11/Jan/2021:13:25:18 +0100] "GET /images/med_prod/3608860165296.jpg HTTP/1.1" 200 103587 "-" "Mozilla/5.0 (compatible; bingbot/2.0; +http://www.bing.com/bingbot.htm)"
212.36.24.130 - - [11/Jan/2021:13:26:25 +0100] "GET /js/jquery.jqzoom.js HTTP/1.1" 200 4761 "http://www.wonder-geek.com/nici-bear-phone-case-p-23181.html" "Mozilla/5.0 (Windows NT 10.0; Win64; x64) AppleWebKit/537.36 (KHTML, like Gecko) Chrome/87.0.4280.88 Safari/537.36"
212.36.24.130 - - [11/Jan/2021:13:26:25 +0100] "GET /highslide/highslide.js HTTP/1.1" 200 42909 "http://www.wonder-geek.com/nici-bear-phone-case-p-23181.html" "Mozilla/5.0 (Windows NT 10.0; Win64; x64) AppleWebKit/537.36 (KHTML, like Gecko) Chrome/87.0.4280.88 Safari/537.36"
212.36.24.130 - - [11/Jan/2021:13:26:26 +0100] "GET /js/jquery.js HTTP/1.1" 200 54075 "http://www.wonder-geek.com/nici-bear-phone-case-p-23181.html" "Mozilla/5.0 (Windows NT 10.0; Win64; x64) AppleWebKit/537.36 (KHTML, like Gecko) Chrome/87.0.4280.88 Safari/537.36"
212.36.24.130 - - [11/Jan/2021:13:26:26 +0100] "GET /templates/Pixame_v1/stylesheet.css HTTP/1.1" 200 56057 "http://www.wonder-geek.com/nici-bear-phone-case-p-23181.html" "Mozilla/5.0 (Windows NT 10.0; Win64; x64) AppleWebKit/537.36 (KHTML, like Gecko) Chrome/87.0.4280.88 Safari/537.36"
212.36.24.130 - - [11/Jan/2021:13:26:26 +0100] "GET /mondial_relay/js/jquery-1.3.2.min.js HTTP/1.1" 200 57254 "http://www.wonder-geek.com/nici-bear-phone-case-p-23181.html" "Mozilla/5.0 (Windows NT 10.0; Win64; x64) AppleWebKit/537.36 (KHTML, like Gecko) Chrome/87.0.4280.88 Safari/537.36"
212.36.24.130 - - [11/Jan/2021:13:26:26 +0100] "GET /templates/Pixame_v1/images/icon_accueil2.png HTTP/1.1" 200 1137 "http://www.wonder-geek.com/nici-bear-phone-case-p-23181.html" "Mozilla/5.0 (Windows NT 10.0; Win64; x64) AppleWebKit/537.36 (KHTML, like Gecko) Chrome/87.0.4280.88 Safari/537.36"
212.36.24.130 - - [11/Jan/2021:13:26:26 +0100] "GET /templates/Pixame_v1/images/buttons/english/button_in_cart.gif HTTP/1.1" 200 1212 "http://www.wonder-geek.com/nici-bear-phone-case-p-23181.html" "Mozilla/5.0 (Windows NT 10.0; Win64; x64) AppleWebKit/537.36 (KHTML, like Gecko) Chrome/87.0.4280.88 Safari/537.36"
212.36.24.130 - - [11/Jan/2021:13:26:26 +0100] "GET /templates/Pixame_v1/images/nav.png HTTP/1.1" 200 1283 "http://www.wonder-geek.com/templates/Pixame_v1/stylesheet.css" "Mozilla/5.0 (Windows NT 10.0; Win64; x64) AppleWebKit/537.36 (KHTML, like Gecko) Chrome/87.0.4280.88 Safari/537.36"
212.36.24.130 - - [11/Jan/2021:13:26:26 +0100] "GET /templates/Pixame_v1/images/Bottom_texture.jpg HTTP/1.1" 200 56290 "http://www.wonder-geek.com/templates/Pixame_v1/stylesheet.css" "Mozilla/5.0 (Windows NT 10.0; Win64; x64) AppleWebKit/537.36 (KHTML, like Gecko) Chrome/87.0.4280.88 Safari/537.36"
212.36.24.130 - - [11/Jan/2021:13:26:26 +0100] "GET /templates/Pixame_v1/images/header-object.png HTTP/1.1" 200 106050 "http://www.wonder-geek.com/templates/Pixame_v1/stylesheet.css" "Mozilla/5.0 (Windows NT 10.0; Win64; x64) AppleWebKit/537.36 (KHTML, like Gecko) Chrome/87.0.4280.88 Safari/537.36"
212.36.24.130 - - [11/Jan/2021:13:26:26 +0100] "GET /images/4012390362688.jpg HTTP/1.1" 200 64213 "http://www.wonder-geek.com/nici-bear-phone-case-p-23181.html" "Mozilla/5.0 (Windows NT 10.0; Win64; x64) AppleWebKit/537.36 (KHTML, like Gecko) Chrome/87.0.4280.88 Safari/537.36"
212.36.24.130 - - [11/Jan/2021:13:26:26 +0100] "GET /templates/Pixame_v1/images/header.png HTTP/1.1" 200 70245 "http://www.wonder-geek.com/templates/Pixame_v1/stylesheet.css" "Mozilla/5.0 (Windows NT 10.0; Win64; x64) AppleWebKit/537.36 (KHTML, like Gecko) Chrome/87.0.4280.88 Safari/537.36"
212.36.24.130 - - [11/Jan/2021:13:26:26 +0100] "GET /design/productsenstock.png HTTP/1.1" 200 4743 "http://www.wonder-geek.com/templates/Pixame_v1/stylesheet.css" "Mozilla/5.0 (Windows NT 10.0; Win64; x64) AppleWebKit/537.36 (KHTML, like Gecko) Chrome/87.0.4280.88 Safari/537.36"
212.36.24.130 - - [11/Jan/2021:13:26:26 +0100] "GET /templates/Pixame_v1/images/Middle_texture.jpg HTTP/1.1" 200 249620 "http://www.wonder-geek.com/templates/Pixame_v1/stylesheet.css" "Mozilla/5.0 (Windows NT 10.0; Win64; x64) AppleWebKit/537.36 (KHTML, like Gecko) Chrome/87.0.4280.88 Safari/537.36"
212.36.24.130 - - [11/Jan/2021:13:26:26 +0100] "GET /highslide/graphics/outlines/drop-shadow.png HTTP/1.1" 200 2022 "http://www.wonder-geek.com/nici-bear-phone-case-p-23181.html" "Mozilla/5.0 (Windows NT 10.0; Win64; x64) AppleWebKit/537.36 (KHTML, like Gecko) Chrome/87.0.4280.88 Safari/537.36"
212.36.24.130 - - [11/Jan/2021:13:26:26 +0100] "GET /favicon.ico HTTP/1.1" 200 1591 "http://www.wonder-geek.com/nici-bear-phone-case-p-23181.html" "Mozilla/5.0 (Windows NT 10.0; Win64; x64) AppleWebKit/537.36 (KHTML, like Gecko) Chrome/87.0.4280.88 Safari/537.36"
76.100.190.20 - - [11/Jan/2021:13:27:53 +0100] "GET /images/4008421369119.jpg HTTP/1.1" 200 40017 "https://www.bing.com/" "Mozilla/5.0 (Linux; Android 9; KFONWI) AppleWebKit/537.36 (KHTML, like Gecko) Silk/86.3.23 like Chrome/86.0.4240.198 Safari/537.36"
185.191.171.24 - - [11/Jan/2021:13:33:28 +0100] "GET /robots.txt HTTP/1.1" 200 2438 "-" "Mozilla/5.0 (compatible; SemrushBot/7~bl; +http://www.semrush.com/bot.html)"
105.213.68.65 - - [11/Jan/2021:13:33:33 +0100] "GET /images/J1399984256619.JPG HTTP/1.1" 200 58740 "-" "Mozilla/5.0 (Windows NT 10.0; Win64; x64; rv:84.0) Gecko/20100101 Firefox/84.0"
66.249.66.95 - - [11/Jan/2021:13:35:03 +0100] "GET /images/big_prod/8424346229185.jpg HTTP/1.1" 200 146212 "-" "Googlebot-Image/1.0"
66.249.66.95 - - [11/Jan/2021:13:35:04 +0100] "GET /images/big_prod_2/8424346229185C.jpg HTTP/1.1" 200 162398 "-" "Googlebot-Image/1.0"
114.119.132.105 - - [11/Jan/2021:13:36:40 +0100] "GET /images/mini_prod/1300070829624.jpg HTTP/1.1" 200 3595 "-" "Mozilla/5.0 (Linux; Android 7.0;) AppleWebKit/537.36 (KHTML, like Gecko) Mobile Safari/537.36 (compatible; PetalBot;+https://aspiegel.com/petalbot)"
66.249.66.64 - - [11/Jan/2021:13:40:04 +0100] "GET /images/big_prod_1/8424346229185B.jpg HTTP/1.1" 200 162657 "-" "Googlebot-Image/1.0"
114.119.151.113 - - [11/Jan/2021:13:41:03 +0100] "GET /images/mini_prod/1334878119199.jpg HTTP/1.1" 200 12194 "-" "Mozilla/5.0 (Linux; Android 7.0;) AppleWebKit/537.36 (KHTML, like Gecko) Mobile Safari/537.36 (compatible; PetalBot;+https://aspiegel.com/petalbot)"
66.249.66.134 - - [11/Jan/2021:13:42:53 +0100] "GET /images/big_prod_1/a5018997627778.jpg HTTP/1.1" 200 136458 "-" "Googlebot-Image/1.0"
66.249.66.66 - - [11/Jan/2021:13:43:44 +0100] "GET /images/3135258902503.jpg HTTP/1.1" 200 20554 "-" "Googlebot-Image/1.0"
114.119.151.113 - - [11/Jan/2021:13:45:26 +0100] "GET /images/big_prod_2/8424001575756C.jpg HTTP/1.1" 200 343642 "-" "Mozilla/5.0 (Linux; Android 7.0;) AppleWebKit/537.36 (KHTML, like Gecko) Mobile Safari/537.36 (compatible; PetalBot;+https://aspiegel.com/petalbot)"
114.119.158.196 - - [11/Jan/2021:13:49:48 +0100] "GET /images/mini_prod/MISES-EN-SITUATION-14.jpg HTTP/1.1" 200 5997 "-" "Mozilla/5.0 (Linux; Android 7.0;) AppleWebKit/537.36 (KHTML, like Gecko) Mobile Safari/537.36 (compatible; PetalBot;+https://aspiegel.com/petalbot)"
66.249.66.134 - - [11/Jan/2021:13:52:23 +0100] "GET /images/big_prod/5018997632130.jpg HTTP/1.1" 200 60372 "-" "Googlebot-Image/1.0"
66.249.66.64 - - [11/Jan/2021:13:53:26 +0100] "GET /images/big_prod_1/b5018997632130.jpg HTTP/1.1" 200 61646 "-" "Googlebot-Image/1.0"
66.249.66.95 - - [11/Jan/2021:13:53:30 +0100] "GET /images/mini_prod/3609810091214.jpg HTTP/1.1" 200 7587 "-" "Googlebot-Image/1.0"
114.119.129.36 - - [11/Jan/2021:13:54:05 +0100] "GET /images/big_prod/8422053140007.jpg HTTP/1.1" 200 36820 "-" "Mozilla/5.0 (Linux; Android 7.0;) AppleWebKit/537.36 (KHTML, like Gecko) Mobile Safari/537.36 (compatible; PetalBot;+https://aspiegel.com/petalbot)"
207.46.13.26 - - [11/Jan/2021:13:54:11 +0100] "GET /images/1300010240311.jpg HTTP/1.1" 200 165252 "-" "Mozilla/5.0 (compatible; bingbot/2.0; +http://www.bing.com/bingbot.htm)"
114.119.144.233 - - [11/Jan/2021:13:58:27 +0100] "GET /images/big_prod/8424346049424.jpg HTTP/1.1" 200 127057 "-" "Mozilla/5.0 (Linux; Android 7.0;) AppleWebKit/537.36 (KHTML, like Gecko) Mobile Safari/537.36 (compatible; PetalBot;+https://aspiegel.com/petalbot)"
66.249.66.64 - - [11/Jan/2021:14:02:42 +0100] "GET /mondial_relay/js/jquery-1.3.2.min.js HTTP/1.1" 200 57254 "http://www.wonder-geek.com/nici-ayumi-pink-mirror-bag-p-33431.html" "Mozilla/5.0 (Linux; Android 6.0.1; Nexus 5X Build/MMB29P) AppleWebKit/537.36 (KHTML, like Gecko) Chrome/87.0.4280.90 Mobile Safari/537.36 (compatible; Googlebot/2.1; +http://www.google.com/bot.html)"
114.119.154.200 - - [11/Jan/2021:14:02:51 +0100] "GET /images/big_prod/3442440234343.jpg HTTP/1.1" 200 81746 "-" "Mozilla/5.0 (Linux; Android 7.0;) AppleWebKit/537.36 (KHTML, like Gecko) Mobile Safari/537.36 (compatible; PetalBot;+https://aspiegel.com/petalbot)"
114.119.158.196 - - [11/Jan/2021:14:07:13 +0100] "GET /images/3281640331458.jpg HTTP/1.1" 200 66764 "-" "Mozilla/5.0 (Linux; Android 7.0;) AppleWebKit/537.36 (KHTML, like Gecko) Mobile Safari/537.36 (compatible; PetalBot;+https://aspiegel.com/petalbot)"
157.55.39.220 - - [11/Jan/2021:14:09:36 +0100] "GET /highslide/highslide.js HTTP/1.1" 200 42909 "-" "Mozilla/5.0 (compatible; bingbot/2.0; +http://www.bing.com/bingbot.htm)"
157.55.39.22 - - [11/Jan/2021:14:09:41 +0100] "GET /mondial_relay/js/jquery-1.3.2.min.js HTTP/1.1" 200 57254 "-" "Mozilla/5.0 (compatible; bingbot/2.0; +http://www.bing.com/bingbot.htm)"
157.55.39.110 - - [11/Jan/2021:14:09:45 +0100] "GET /js/jquery.jqzoom.js HTTP/1.1" 200 4761 "-" "Mozilla/5.0 (compatible; bingbot/2.0; +http://www.bing.com/bingbot.htm)"
114.119.129.36 - - [11/Jan/2021:14:11:36 +0100] "GET /images/big_prod/3660218964487.jpg HTTP/1.1" 200 156373 "-" "Mozilla/5.0 (Linux; Android 7.0;) AppleWebKit/537.36 (KHTML, like Gecko) Mobile Safari/537.36 (compatible; PetalBot;+https://aspiegel.com/petalbot)"
114.119.145.117 - - [11/Jan/2021:14:15:59 +0100] "GET /images/mini_prod/8717202552535.jpg HTTP/1.1" 200 6389 "-" "Mozilla/5.0 (Linux; Android 7.0;) AppleWebKit/537.36 (KHTML, like Gecko) Mobile Safari/537.36 (compatible; PetalBot;+https://aspiegel.com/petalbot)"
66.249.66.95 - - [11/Jan/2021:14:23:30 +0100] "GET /images/med_prod/8718291503101.jpg HTTP/1.1" 200 101742 "-" "Googlebot-Image/1.0"
185.191.171.24 - - [11/Jan/2021:14:24:21 +0100] "GET /robots.txt HTTP/1.1" 200 2438 "-" "Mozilla/5.0 (compatible; SemrushBot/7~bl; +http://www.semrush.com/bot.html)"
114.119.144.233 - - [11/Jan/2021:14:24:43 +0100] "GET /images/mini_prod/9316188082136.jpg HTTP/1.1" 200 4691 "-" "Mozilla/5.0 (Linux; Android 7.0;) AppleWebKit/537.36 (KHTML, like Gecko) Mobile Safari/537.36 (compatible; PetalBot;+https://aspiegel.com/petalbot)"
114.119.147.45 - - [11/Jan/2021:14:29:01 +0100] "GET /images/mini_prod/8421598020225.jpg HTTP/1.1" 200 7814 "-" "Mozilla/5.0 (Linux; Android 7.0;) AppleWebKit/537.36 (KHTML, like Gecko) Mobile Safari/537.36 (compatible; PetalBot;+https://aspiegel.com/petalbot)"
66.249.66.132 - - [11/Jan/2021:14:33:24 +0100] "GET /images/med_prod/9316188060677.jpg HTTP/1.1" 200 80658 "-" "Googlebot-Image/1.0"
114.119.150.15 - - [11/Jan/2021:14:33:24 +0100] "GET /images/big_prod_1/3609810063662b.jpg HTTP/1.1" 200 133967 "-" "Mozilla/5.0 (Linux; Android 7.0;) AppleWebKit/537.36 (KHTML, like Gecko) Mobile Safari/537.36 (compatible; PetalBot;+https://aspiegel.com/petalbot)"
114.119.147.45 - - [11/Jan/2021:14:37:47 +0100] "GET /images/mini_prod/3503420168932.jpg HTTP/1.1" 200 5219 "-" "Mozilla/5.0 (Linux; Android 7.0;) AppleWebKit/537.36 (KHTML, like Gecko) Mobile Safari/537.36 (compatible; PetalBot;+https://aspiegel.com/petalbot)"
40.77.189.96 - - [11/Jan/2021:14:39:26 +0100] "GET /templates/Pixame_v1/stylesheet.css HTTP/1.1" 200 56057 "http://www.wonder-geek.com/" "Mozilla/5.0 (Windows NT 6.1; WOW64) AppleWebKit/534+ (KHTML, like Gecko) BingPreview/1.0b"
66.249.66.132 - - [11/Jan/2021:14:42:07 +0100] "GET /images/med_prod/4012390381313.jpg HTTP/1.1" 200 161100 "-" "Googlebot-Image/1.0"
114.119.144.233 - - [11/Jan/2021:14:42:10 +0100] "GET /images/mini_prod/3565750325935.jpg HTTP/1.1" 200 13294 "-" "Mozilla/5.0 (Linux; Android 7.0;) AppleWebKit/537.36 (KHTML, like Gecko) Mobile Safari/537.36 (compatible; PetalBot;+https://aspiegel.com/petalbot)"
157.55.39.220 - - [11/Jan/2021:14:45:08 +0100] "GET /highslide/highslide.js HTTP/1.1" 200 42909 "-" "Mozilla/5.0 (compatible; bingbot/2.0; +http://www.bing.com/bingbot.htm)"
66.249.66.132 - - [11/Jan/2021:14:45:35 +0100] "GET /images/mini_prod/8720088291054.jpg HTTP/1.1" 200 6038 "-" "Googlebot-Image/1.0"
66.249.66.62 - - [11/Jan/2021:14:47:34 +0100] "GET /images/big_prod/5414451899994.jpg HTTP/1.1" 200 65963 "-" "Googlebot-Image/1.0"
40.77.167.50 - - [11/Jan/2021:14:51:14 +0100] "GET /js/jquery.js HTTP/1.1" 200 54075 "-" "Mozilla/5.0 (compatible; bingbot/2.0; +http://www.bing.com/bingbot.htm)"
66.249.66.196 - - [11/Jan/2021:14:55:35 +0100] "GET /images/mini_prod/3700281645347.jpg HTTP/1.1" 200 4001 "-" "Googlebot-Image/1.0"
40.77.167.50 - - [11/Jan/2021:14:56:08 +0100] "GET /design/productsenstock.png HTTP/1.1" 200 4743 "-" "Mozilla/5.0 (compatible; bingbot/2.0; +http://www.bing.com/bingbot.htm)"
66.249.66.33 - - [11/Jan/2021:15:05:35 +0100] "GET /images/mini_prod/8435107812300.jpg HTTP/1.1" 200 5448 "-" "Googlebot-Image/1.0"
114.119.151.113 - - [11/Jan/2021:15:08:23 +0100] "GET /images/mini_prod/3565750043174.jpg HTTP/1.1" 200 5834 "-" "Mozilla/5.0 (Linux; Android 7.0;) AppleWebKit/537.36 (KHTML, like Gecko) Mobile Safari/537.36 (compatible; PetalBot;+https://aspiegel.com/petalbot)"
5.255.231.71 - - [11/Jan/2021:15:10:36 +0100] "GET /robots.txt HTTP/1.1" 200 2438 "-" "Mozilla/5.0 (compatible; YandexBot/3.0; +http://yandex.com/bots)"
185.191.171.20 - - [11/Jan/2021:15:14:50 +0100] "GET /robots.txt HTTP/1.1" 200 2438 "-" "Mozilla/5.0 (compatible; SemrushBot/7~bl; +http://www.semrush.com/bot.html)"
66.249.66.95 - - [11/Jan/2021:15:15:35 +0100] "GET /images/mini_prod/3700574900016.jpg HTTP/1.1" 200 4598 "-" "Googlebot-Image/1.0"
207.46.13.239 - - [11/Jan/2021:15:15:53 +0100] "GET /images/big_prod/4029811354597.jpg HTTP/1.1" 200 161364 "-" "Mozilla/5.0 (compatible; bingbot/2.0; +http://www.bing.com/bingbot.htm)"
114.119.150.15 - - [11/Jan/2021:15:17:09 +0100] "GET /images/big_prod/3418178591584.jpg HTTP/1.1" 200 163203 "-" "Mozilla/5.0 (Linux; Android 7.0;) AppleWebKit/537.36 (KHTML, like Gecko) Mobile Safari/537.36 (compatible; PetalBot;+https://aspiegel.com/petalbot)"
95.79.137.199 - - [11/Jan/2021:15:18:15 +0100] "GET /images/3700235441681.jpg HTTP/1.1" 200 25681 "http://quoizeltableslamps.blogspot.com/2012/10/nostalgia-metal-shade-table-lamp.html" "Mozilla/5.0 (compatible; MSIE 10.0; Windows NT 6.2; WOW64; Trident/6.0; Touch; MASMJS)"
114.119.144.233 - - [11/Jan/2021:15:21:25 +0100] "GET /images/big_prod_1/3665269089141a.jpg HTTP/1.1" 200 236442 "-" "Mozilla/5.0 (Linux; Android 7.0;) AppleWebKit/537.36 (KHTML, like Gecko) Mobile Safari/537.36 (compatible; PetalBot;+https://aspiegel.com/petalbot)"
66.249.66.60 - - [11/Jan/2021:15:25:35 +0100] "GET /images/mini_prod/3298060226783.jpg HTTP/1.1" 200 9307 "-" "Googlebot-Image/1.0"
114.119.151.113 - - [11/Jan/2021:15:34:35 +0100] "GET /images/big_prod/8422021629008.jpg HTTP/1.1" 200 177625 "-" "Mozilla/5.0 (Linux; Android 7.0;) AppleWebKit/537.36 (KHTML, like Gecko) Mobile Safari/537.36 (compatible; PetalBot;+https://aspiegel.com/petalbot)"
66.249.66.95 - - [11/Jan/2021:15:35:36 +0100] "GET /images/3272760376924.jpg HTTP/1.1" 200 118042 "-" "Googlebot-Image/1.0"
114.119.150.15 - - [11/Jan/2021:15:38:57 +0100] "GET /images/mini_prod/3700334551243.jpg HTTP/1.1" 200 8754 "-" "Mozilla/5.0 (Linux; Android 7.0;) AppleWebKit/537.36 (KHTML, like Gecko) Mobile Safari/537.36 (compatible; PetalBot;+https://aspiegel.com/petalbot)"
114.119.129.36 - - [11/Jan/2021:15:43:20 +0100] "GET /images/mini_prod/1302097000000.jpg HTTP/1.1" 200 6162 "-" "Mozilla/5.0 (Linux; Android 7.0;) AppleWebKit/537.36 (KHTML, like Gecko) Mobile Safari/537.36 (compatible; PetalBot;+https://aspiegel.com/petalbot)"
66.249.66.95 - - [11/Jan/2021:15:43:27 +0100] "GET /images/mini_prod/3453131147712.jpg HTTP/1.1" 200 6147 "-" "Googlebot-Image/1.0"
17.58.101.147 - - [11/Jan/2021:15:43:49 +0100] "GET /images/mini_prod/3700653507495.jpg HTTP/1.1" 200 7217 "-" "Mozilla/5.0 (Macintosh; Intel Mac OS X 10_15_5) AppleWebKit/605.1.15 (KHTML, like Gecko) Version/13.1.1 Safari/605.1.15 (Applebot/0.1; +http://www.apple.com/go/applebot)"
40.77.167.56 - - [11/Jan/2021:15:43:52 +0100] "GET /images/med_prod/8435306276187.jpg HTTP/1.1" 200 97404 "-" "Mozilla/5.0 (compatible; bingbot/2.0; +http://www.bing.com/bingbot.htm)"
66.249.66.62 - - [11/Jan/2021:15:45:36 +0100] "GET /images/med_prod/3661977002892.jpg HTTP/1.1" 200 69717 "-" "Googlebot-Image/1.0"
157.55.39.220 - - [11/Jan/2021:15:46:24 +0100] "GET /highslide/highslide.js HTTP/1.1" 200 42909 "-" "Mozilla/5.0 (compatible; bingbot/2.0; +http://www.bing.com/bingbot.htm)"
114.119.130.202 - - [11/Jan/2021:15:51:59 +0100] "GET /images/big_prod_1/8719497617609b.jpg HTTP/1.1" 200 74488 "-" "Mozilla/5.0 (Linux; Android 7.0;) AppleWebKit/537.36 (KHTML, like Gecko) Mobile Safari/537.36 (compatible; PetalBot;+https://aspiegel.com/petalbot)"
185.191.171.25 - - [11/Jan/2021:15:54:58 +0100] "GET /robots.txt HTTP/1.1" 200 2438 "-" "Mozilla/5.0 (compatible; SemrushBot/7~bl; +http://www.semrush.com/bot.html)"
114.119.145.117 - - [11/Jan/2021:15:56:22 +0100] "GET /images/big_prod/3609810091689.jpg HTTP/1.1" 200 145639 "-" "Mozilla/5.0 (Linux; Android 7.0;) AppleWebKit/537.36 (KHTML, like Gecko) Mobile Safari/537.36 (compatible; PetalBot;+https://aspiegel.com/petalbot)"
66.249.66.193 - - [11/Jan/2021:15:56:24 +0100] "GET /images/mini_prod/8435306265839.jpg HTTP/1.1" 200 6650 "-" "Googlebot-Image/1.0"
114.119.134.127 - - [11/Jan/2021:16:00:45 +0100] "GET /robots.txt HTTP/1.1" 200 2438 "-" "(compatible;PetalBot;+https://aspiegel.com/petalbot)"
185.191.171.2 - - [11/Jan/2021:16:05:58 +0100] "GET /robots.txt HTTP/1.1" 200 2438 "-" "Mozilla/5.0 (compatible; SemrushBot/7~bl; +http://www.semrush.com/bot.html)"
17.58.101.147 - - [11/Jan/2021:16:07:38 +0100] "GET /images/mini_prod/1384010202050.jpg HTTP/1.1" 200 6470 "-" "Mozilla/5.0 (Macintosh; Intel Mac OS X 10_15_5) AppleWebKit/605.1.15 (KHTML, like Gecko) Version/13.1.1 Safari/605.1.15 (Applebot/0.1; +http://www.apple.com/go/applebot)"
157.55.39.22 - - [11/Jan/2021:16:08:38 +0100] "GET /images/C11379caliente.jpg HTTP/1.1" 200 52090 "-" "Mozilla/5.0 (compatible; bingbot/2.0; +http://www.bing.com/bingbot.htm)"
114.119.151.113 - - [11/Jan/2021:16:13:56 +0100] "GET /images/big_prod/8433933145043.jpg HTTP/1.1" 200 106797 "-" "Mozilla/5.0 (Linux; Android 7.0;) AppleWebKit/537.36 (KHTML, like Gecko) Mobile Safari/537.36 (compatible; PetalBot;+https://aspiegel.com/petalbot)"
114.119.132.105 - - [11/Jan/2021:16:22:35 +0100] "GET /images/mini_prod/3503420219726SC001.jpg HTTP/1.1" 200 4224 "-" "Mozilla/5.0 (Linux; Android 7.0;) AppleWebKit/537.36 (KHTML, like Gecko) Mobile Safari/537.36 (compatible; PetalBot;+https://aspiegel.com/petalbot)"
74.125.210.38 - - [11/Jan/2021:16:26:20 +0100] "GET /images/big_prod/B1399985000228.jpg HTTP/1.1" 200 135519 "-" "Mozilla/5.0 (Windows NT 5.1; rv:11.0) Gecko Firefox/11.0 (via ggpht.com GoogleImageProxy)"
114.119.150.15 - - [11/Jan/2021:16:27:00 +0100] "GET /images/med_prod/5051276182902.jpg HTTP/1.1" 200 107759 "-" "Mozilla/5.0 (Linux; Android 7.0;) AppleWebKit/537.36 (KHTML, like Gecko) Mobile Safari/537.36 (compatible; PetalBot;+https://aspiegel.com/petalbot)"
65.131.159.143 - - [11/Jan/2021:16:27:58 +0100] "GET /images/5010065555228.jpg HTTP/1.1" 200 55176 "https://www.bing.com/" "Mozilla/5.0 (Windows NT 10.0; Win64; x64) AppleWebKit/537.36 (KHTML, like Gecko) Chrome/87.0.4280.141 Safari/537.36 Edg/87.0.664.75"
17.58.101.147 - - [11/Jan/2021:16:30:14 +0100] "GET /images/mini_prod/8433933011195.jpg HTTP/1.1" 200 7532 "-" "Mozilla/5.0 (Macintosh; Intel Mac OS X 10_15_5) AppleWebKit/605.1.15 (KHTML, like Gecko) Version/13.1.1 Safari/605.1.15 (Applebot/0.1; +http://www.apple.com/go/applebot)"
114.119.151.113 - - [11/Jan/2021:16:31:23 +0100] "GET /images/mini_prod/5055071696022.jpg HTTP/1.1" 200 6161 "-" "Mozilla/5.0 (Linux; Android 7.0;) AppleWebKit/537.36 (KHTML, like Gecko) Mobile Safari/537.36 (compatible; PetalBot;+https://aspiegel.com/petalbot)"
114.119.130.202 - - [11/Jan/2021:16:35:47 +0100] "GET /images/mini_prod/3681643102077.jpg HTTP/1.1" 200 9319 "-" "Mozilla/5.0 (Linux; Android 7.0;) AppleWebKit/537.36 (KHTML, like Gecko) Mobile Safari/537.36 (compatible; PetalBot;+https://aspiegel.com/petalbot)"
114.119.151.113 - - [11/Jan/2021:16:40:10 +0100] "GET /images/mini_prod/8433933100738.jpg HTTP/1.1" 200 5510 "-" "Mozilla/5.0 (Linux; Android 7.0;) AppleWebKit/537.36 (KHTML, like Gecko) Mobile Safari/537.36 (compatible; PetalBot;+https://aspiegel.com/petalbot)"
5.64.77.114 - - [11/Jan/2021:16:40:38 +0100] "GET /images/big_prod/8435333820513.jpg HTTP/1.1" 200 129526 "-" "Dalvik/2.1.0 (Linux; U; Android 10; SM-G960F Build/QP1A.190711.020)"
114.119.132.105 - - [11/Jan/2021:16:44:33 +0100] "GET /images/mini_prod/3565750232059.jpg HTTP/1.1" 200 6379 "-" "Mozilla/5.0 (Linux; Android 7.0;) AppleWebKit/537.36 (KHTML, like Gecko) Mobile Safari/537.36 (compatible; PetalBot;+https://aspiegel.com/petalbot)"
95.163.255.121 - - [11/Jan/2021:16:46:19 +0100] "GET /robots.txt HTTP/1.0" 200 2438 "-" "Mozilla/5.0 (compatible; Linux x86_64; Mail.RU_Bot/Img/2.0; +http://go.mail.ru/help/robots)"
95.163.255.111 - - [11/Jan/2021:16:46:20 +0100] "GET /images/med_prod/5706773400355.jpg HTTP/1.1" 200 36900 "http://go.mail.ru/search_images" "Mozilla/5.0 (compatible; Linux x86_64; Mail.RU_Bot/Img/2.0; +http://go.mail.ru/help/robots)"
185.191.171.25 - - [11/Jan/2021:16:48:21 +0100] "GET /robots.txt HTTP/1.1" 200 2438 "-" "Mozilla/5.0 (compatible; SemrushBot/7~bl; +http://www.semrush.com/bot.html)"
114.119.145.117 - - [11/Jan/2021:16:48:49 +0100] "GET /images/big_prod/028399186747.jpg HTTP/1.1" 200 27737 "-" "Mozilla/5.0 (Linux; Android 7.0;) AppleWebKit/537.36 (KHTML, like Gecko) Mobile Safari/537.36 (compatible; PetalBot;+https://aspiegel.com/petalbot)"
114.119.154.200 - - [11/Jan/2021:16:57:35 +0100] "GET /images/big_prod/8422099381136.jpg HTTP/1.1" 200 51588 "-" "Mozilla/5.0 (Linux; Android 7.0;) AppleWebKit/537.36 (KHTML, like Gecko) Mobile Safari/537.36 (compatible; PetalBot;+https://aspiegel.com/petalbot)"
183.253.74.34 - - [11/Jan/2021:17:00:17 +0100] "GET /images/med_prod/8435107823979.jpg HTTP/1.1" 200 105120 "https://cn.bing.com/" "Mozilla/5.0 (Windows NT 10.0; Win64; x64; rv:84.0) Gecko/20100101 Firefox/84.0"
114.119.158.196 - - [11/Jan/2021:17:06:20 +0100] "GET /images/mini_prod/DUB31.jpg HTTP/1.1" 200 7767 "-" "Mozilla/5.0 (Linux; Android 7.0;) AppleWebKit/537.36 (KHTML, like Gecko) Mobile Safari/537.36 (compatible; PetalBot;+https://aspiegel.com/petalbot)"
114.119.132.105 - - [11/Jan/2021:17:10:44 +0100] "GET /images/mini_prod/8718657461151.jpg HTTP/1.1" 200 3319 "-" "Mozilla/5.0 (Linux; Android 7.0;) AppleWebKit/537.36 (KHTML, like Gecko) Mobile Safari/537.36 (compatible; PetalBot;+https://aspiegel.com/petalbot)"
17.58.101.147 - - [11/Jan/2021:17:13:43 +0100] "GET /images/mini_prod/1384010202067.jpg HTTP/1.1" 200 6589 "-" "Mozilla/5.0 (Macintosh; Intel Mac OS X 10_15_5) AppleWebKit/605.1.15 (KHTML, like Gecko) Version/13.1.1 Safari/605.1.15 (Applebot/0.1; +http://www.apple.com/go/applebot)"
207.46.13.229 - - [11/Jan/2021:17:14:02 +0100] "GET /images/8435306266867.jpg HTTP/1.1" 200 63826 "-" "Mozilla/5.0 (compatible; bingbot/2.0; +http://www.bing.com/bingbot.htm)"
17.58.101.147 - - [11/Jan/2021:17:14:48 +0100] "GET /images/mini_prod/8435333830635.jpg HTTP/1.1" 200 10465 "-" "Mozilla/5.0 (Macintosh; Intel Mac OS X 10_15_5) AppleWebKit/605.1.15 (KHTML, like Gecko) Version/13.1.1 Safari/605.1.15 (Applebot/0.1; +http://www.apple.com/go/applebot)"
157.55.39.110 - - [11/Jan/2021:17:15:36 +0100] "GET /images/med_prod/1384010182017.jpg HTTP/1.1" 200 169555 "-" "Mozilla/5.0 (compatible; bingbot/2.0; +http://www.bing.com/bingbot.htm)"
82.193.104.168 - - [11/Jan/2021:17:15:58 +0100] "GET /robots.txt HTTP/1.1" 200 2438 "-" "Mozilla/5.0 (compatible; Domains Project/1.3.2; +https://domainsproject.org)"
157.55.39.22 - - [11/Jan/2021:17:22:46 +0100] "GET /images/5010065083448.jpg HTTP/1.1" 200 56378 "-" "Mozilla/5.0 (compatible; bingbot/2.0; +http://www.bing.com/bingbot.htm)"
114.119.144.233 - - [11/Jan/2021:17:23:45 +0100] "GET /images/mini_prod/9316188078047.jpg HTTP/1.1" 200 3351 "-" "Mozilla/5.0 (Linux; Android 7.0;) AppleWebKit/537.36 (KHTML, like Gecko) Mobile Safari/537.36 (compatible; PetalBot;+https://aspiegel.com/petalbot)"
157.55.39.220 - - [11/Jan/2021:17:27:14 +0100] "GET /highslide/highslide.js HTTP/1.1" 200 42909 "-" "Mozilla/5.0 (compatible; bingbot/2.0; +http://www.bing.com/bingbot.htm)"
114.119.144.233 - - [11/Jan/2021:17:28:09 +0100] "GET /images/mini_prod/1000000918007.jpg HTTP/1.1" 200 8512 "-" "Mozilla/5.0 (Linux; Android 7.0;) AppleWebKit/537.36 (KHTML, like Gecko) Mobile Safari/537.36 (compatible; PetalBot;+https://aspiegel.com/petalbot)"
103.131.71.165 - - [11/Jan/2021:17:29:44 +0100] "GET /robots.txt HTTP/1.1" 200 2438 "-" "Mozilla/5.0 (compatible; coccocbot-web/1.0; +http://help.coccoc.com/searchengine)"
114.119.132.105 - - [11/Jan/2021:17:32:31 +0100] "GET /images/mini_prod/5410574484369.jpg HTTP/1.1" 200 7420 "-" "Mozilla/5.0 (Linux; Android 7.0;) AppleWebKit/537.36 (KHTML, like Gecko) Mobile Safari/537.36 (compatible; PetalBot;+https://aspiegel.com/petalbot)"
17.58.101.147 - - [11/Jan/2021:17:35:35 +0100] "GET /images/mini_prod/3014627829873.jpg HTTP/1.1" 200 4067 "-" "Mozilla/5.0 (Macintosh; Intel Mac OS X 10_15_5) AppleWebKit/605.1.15 (KHTML, like Gecko) Version/13.1.1 Safari/605.1.15 (Applebot/0.1; +http://www.apple.com/go/applebot)"
111.225.149.104 - - [11/Jan/2021:17:36:41 +0100] "GET /robots.txt HTTP/1.1" 200 2438 "-" "Mozilla/5.0 (Linux; Android 5.0) AppleWebKit/537.36 (KHTML, like Gecko) Mobile Safari/537.36 (compatible; Bytespider; https://zhanzhang.toutiao.com/)"
114.119.144.233 - - [11/Jan/2021:17:36:55 +0100] "GET /images/big_prod/8433933104453.jpg HTTP/1.1" 200 94821 "-" "Mozilla/5.0 (Linux; Android 7.0;) AppleWebKit/537.36 (KHTML, like Gecko) Mobile Safari/537.36 (compatible; PetalBot;+https://aspiegel.com/petalbot)"
185.191.171.10 - - [11/Jan/2021:17:37:25 +0100] "GET /robots.txt HTTP/1.1" 200 2438 "-" "Mozilla/5.0 (compatible; SemrushBot/7~bl; +http://www.semrush.com/bot.html)"
79.176.161.107 - - [11/Jan/2021:17:37:48 +0100] "GET /templates/Pixame_v1/stylesheet.css HTTP/1.1" 200 56057 "http://www.wonder-geek.com/may-lin-blue-tea-box-p-45709.html" "Mozilla/5.0 (iPhone; CPU iPhone OS 14_2 like Mac OS X) AppleWebKit/605.1.15 (KHTML, like Gecko) CriOS/87.0.4280.77 Mobile/15E148 Safari/604.1"
79.176.161.107 - - [11/Jan/2021:17:37:48 +0100] "GET /js/jquery.jqzoom.js HTTP/1.1" 200 4761 "http://www.wonder-geek.com/may-lin-blue-tea-box-p-45709.html" "Mozilla/5.0 (iPhone; CPU iPhone OS 14_2 like Mac OS X) AppleWebKit/605.1.15 (KHTML, like Gecko) CriOS/87.0.4280.77 Mobile/15E148 Safari/604.1"
79.176.161.107 - - [11/Jan/2021:17:37:48 +0100] "GET /js/jquery.js HTTP/1.1" 200 54075 "http://www.wonder-geek.com/may-lin-blue-tea-box-p-45709.html" "Mozilla/5.0 (iPhone; CPU iPhone OS 14_2 like Mac OS X) AppleWebKit/605.1.15 (KHTML, like Gecko) CriOS/87.0.4280.77 Mobile/15E148 Safari/604.1"
79.176.161.107 - - [11/Jan/2021:17:37:48 +0100] "GET /highslide/highslide.js HTTP/1.1" 200 42909 "http://www.wonder-geek.com/may-lin-blue-tea-box-p-45709.html" "Mozilla/5.0 (iPhone; CPU iPhone OS 14_2 like Mac OS X) AppleWebKit/605.1.15 (KHTML, like Gecko) CriOS/87.0.4280.77 Mobile/15E148 Safari/604.1"
79.176.161.107 - - [11/Jan/2021:17:37:48 +0100] "GET /mondial_relay/js/jquery-1.3.2.min.js HTTP/1.1" 200 57254 "http://www.wonder-geek.com/may-lin-blue-tea-box-p-45709.html" "Mozilla/5.0 (iPhone; CPU iPhone OS 14_2 like Mac OS X) AppleWebKit/605.1.15 (KHTML, like Gecko) CriOS/87.0.4280.77 Mobile/15E148 Safari/604.1"
79.176.161.107 - - [11/Jan/2021:17:37:48 +0100] "GET /templates/Pixame_v1/images/icon_accueil2.png HTTP/1.1" 200 1137 "http://www.wonder-geek.com/may-lin-blue-tea-box-p-45709.html" "Mozilla/5.0 (iPhone; CPU iPhone OS 14_2 like Mac OS X) AppleWebKit/605.1.15 (KHTML, like Gecko) CriOS/87.0.4280.77 Mobile/15E148 Safari/604.1"
79.176.161.107 - - [11/Jan/2021:17:37:48 +0100] "GET /templates/Pixame_v1/images/buttons/english/button_in_cart.gif HTTP/1.1" 200 1212 "http://www.wonder-geek.com/may-lin-blue-tea-box-p-45709.html" "Mozilla/5.0 (iPhone; CPU iPhone OS 14_2 like Mac OS X) AppleWebKit/605.1.15 (KHTML, like Gecko) CriOS/87.0.4280.77 Mobile/15E148 Safari/604.1"
79.176.161.107 - - [11/Jan/2021:17:37:49 +0100] "GET /images/big_prod_1/MAY-LIN.jpg HTTP/1.1" 200 176275 "http://www.wonder-geek.com/may-lin-blue-tea-box-p-45709.html" "Mozilla/5.0 (iPhone; CPU iPhone OS 14_2 like Mac OS X) AppleWebKit/605.1.15 (KHTML, like Gecko) CriOS/87.0.4280.77 Mobile/15E148 Safari/604.1"
79.176.161.107 - - [11/Jan/2021:17:37:49 +0100] "GET /templates/Pixame_v1/images/Bottom_texture.jpg HTTP/1.1" 200 56290 "http://www.wonder-geek.com/may-lin-blue-tea-box-p-45709.html" "Mozilla/5.0 (iPhone; CPU iPhone OS 14_2 like Mac OS X) AppleWebKit/605.1.15 (KHTML, like Gecko) CriOS/87.0.4280.77 Mobile/15E148 Safari/604.1"
79.176.161.107 - - [11/Jan/2021:17:37:49 +0100] "GET /favicon.ico HTTP/1.1" 200 1591 "-" "Mozilla/5.0 (iPhone; CPU iPhone OS 14_2 like Mac OS X) AppleWebKit/605.1.15 (KHTML, like Gecko) CriOS/87.0.4280.77 Mobile/15E148 Safari/604.1"
79.176.161.107 - - [11/Jan/2021:17:37:49 +0100] "GET /templates/Pixame_v1/images/nav.png HTTP/1.1" 200 1283 "http://www.wonder-geek.com/may-lin-blue-tea-box-p-45709.html" "Mozilla/5.0 (iPhone; CPU iPhone OS 14_2 like Mac OS X) AppleWebKit/605.1.15 (KHTML, like Gecko) CriOS/87.0.4280.77 Mobile/15E148 Safari/604.1"
79.176.161.107 - - [11/Jan/2021:17:37:49 +0100] "GET /images/big_prod/4260082935836.jpg HTTP/1.1" 200 123515 "http://www.wonder-geek.com/may-lin-blue-tea-box-p-45709.html" "Mozilla/5.0 (iPhone; CPU iPhone OS 14_2 like Mac OS X) AppleWebKit/605.1.15 (KHTML, like Gecko) CriOS/87.0.4280.77 Mobile/15E148 Safari/604.1"
79.176.161.107 - - [11/Jan/2021:17:37:49 +0100] "GET /templates/Pixame_v1/images/header-object.png HTTP/1.1" 200 106050 "http://www.wonder-geek.com/may-lin-blue-tea-box-p-45709.html" "Mozilla/5.0 (iPhone; CPU iPhone OS 14_2 like Mac OS X) AppleWebKit/605.1.15 (KHTML, like Gecko) CriOS/87.0.4280.77 Mobile/15E148 Safari/604.1"
79.176.161.107 - - [11/Jan/2021:17:37:49 +0100] "GET /templates/Pixame_v1/images/header.png HTTP/1.1" 200 70245 "http://www.wonder-geek.com/may-lin-blue-tea-box-p-45709.html" "Mozilla/5.0 (iPhone; CPU iPhone OS 14_2 like Mac OS X) AppleWebKit/605.1.15 (KHTML, like Gecko) CriOS/87.0.4280.77 Mobile/15E148 Safari/604.1"
79.176.161.107 - - [11/Jan/2021:17:37:49 +0100] "GET /design/productsenstock.png HTTP/1.1" 200 4743 "http://www.wonder-geek.com/may-lin-blue-tea-box-p-45709.html" "Mozilla/5.0 (iPhone; CPU iPhone OS 14_2 like Mac OS X) AppleWebKit/605.1.15 (KHTML, like Gecko) CriOS/87.0.4280.77 Mobile/15E148 Safari/604.1"
79.176.161.107 - - [11/Jan/2021:17:37:49 +0100] "GET /templates/Pixame_v1/images/Middle_texture.jpg HTTP/1.1" 200 249620 "http://www.wonder-geek.com/may-lin-blue-tea-box-p-45709.html" "Mozilla/5.0 (iPhone; CPU iPhone OS 14_2 like Mac OS X) AppleWebKit/605.1.15 (KHTML, like Gecko) CriOS/87.0.4280.77 Mobile/15E148 Safari/604.1"
79.176.161.107 - - [11/Jan/2021:17:37:49 +0100] "GET /highslide/graphics/outlines/drop-shadow.png HTTP/1.1" 200 2022 "http://www.wonder-geek.com/may-lin-blue-tea-box-p-45709.html" "Mozilla/5.0 (iPhone; CPU iPhone OS 14_2 like Mac OS X) AppleWebKit/605.1.15 (KHTML, like Gecko) CriOS/87.0.4280.77 Mobile/15E148 Safari/604.1"
40.77.167.50 - - [11/Jan/2021:17:41:12 +0100] "GET /images/big_prod/8422001017733.jpg HTTP/1.1" 200 68048 "-" "Mozilla/5.0 (Windows NT 6.1; WOW64) AppleWebKit/534+ (KHTML, like Gecko) BingPreview/1.0b"
207.46.13.26 - - [11/Jan/2021:17:41:14 +0100] "GET /images/big_prod/8422001017627.jpg HTTP/1.1" 200 67571 "-" "Mozilla/5.0 (Windows NT 6.1; WOW64) AppleWebKit/534+ (KHTML, like Gecko) BingPreview/1.0b"
114.119.151.113 - - [11/Jan/2021:17:41:18 +0100] "GET /images/mini_prod/BB7601019993487B.jpg HTTP/1.1" 200 6423 "-" "Mozilla/5.0 (Linux; Android 7.0;) AppleWebKit/537.36 (KHTML, like Gecko) Mobile Safari/537.36 (compatible; PetalBot;+https://aspiegel.com/petalbot)"
207.46.13.229 - - [11/Jan/2021:17:41:19 +0100] "GET /images/big_prod/1384010204399.jpg HTTP/1.1" 200 58798 "-" "Mozilla/5.0 (compatible; adidxbot/2.0; +http://www.bing.com/bingbot.htm)"
40.77.167.50 - - [11/Jan/2021:17:41:36 +0100] "GET /images/3660173175256.jpg HTTP/1.1" 200 41964 "-" "Mozilla/5.0 (compatible; bingbot/2.0; +http://www.bing.com/bingbot.htm)"
114.119.147.45 - - [11/Jan/2021:17:45:40 +0100] "GET /images/mini_prod/8466201017957.jpg HTTP/1.1" 200 3938 "-" "Mozilla/5.0 (Linux; Android 7.0;) AppleWebKit/537.36 (KHTML, like Gecko) Mobile Safari/537.36 (compatible; PetalBot;+https://aspiegel.com/petalbot)"
86.41.65.62 - - [11/Jan/2021:17:47:18 +0100] "GET /js/jquery.jqzoom.js HTTP/1.1" 200 4761 "http://www.wonder-geek.com/meditation-cushion-organic-cotton-p-52924.html" "Mozilla/5.0 (Windows NT 10.0; Win64; x64) AppleWebKit/537.36 (KHTML, like Gecko) Chrome/87.0.4280.141 Safari/537.36"
86.41.65.62 - - [11/Jan/2021:17:47:18 +0100] "GET /highslide/highslide.js HTTP/1.1" 200 42909 "http://www.wonder-geek.com/meditation-cushion-organic-cotton-p-52924.html" "Mozilla/5.0 (Windows NT 10.0; Win64; x64) AppleWebKit/537.36 (KHTML, like Gecko) Chrome/87.0.4280.141 Safari/537.36"
86.41.65.62 - - [11/Jan/2021:17:47:18 +0100] "GET /templates/Pixame_v1/stylesheet.css HTTP/1.1" 200 56057 "http://www.wonder-geek.com/meditation-cushion-organic-cotton-p-52924.html" "Mozilla/5.0 (Windows NT 10.0; Win64; x64) AppleWebKit/537.36 (KHTML, like Gecko) Chrome/87.0.4280.141 Safari/537.36"
86.41.65.62 - - [11/Jan/2021:17:47:18 +0100] "GET /js/jquery.js HTTP/1.1" 200 54075 "http://www.wonder-geek.com/meditation-cushion-organic-cotton-p-52924.html" "Mozilla/5.0 (Windows NT 10.0; Win64; x64) AppleWebKit/537.36 (KHTML, like Gecko) Chrome/87.0.4280.141 Safari/537.36"
