114.119.130.202 - - [11/Jan/2021:08:26:39 +0100] "GET /images/mini_prod/3609810083332.jpg HTTP/1.1" 200 5847 "-" "Mozilla/5.0 (Linux; Android 7.0;) AppleWebKit/537.36 (KHTML, like Gecko) Mobile Safari/537.36 (compatible; PetalBot;+https://aspiegel.com/petalbot)"
40.77.167.56 - - [11/Jan/2021:08:26:42 +0100] "GET /images/8435306266157.jpg HTTP/1.1" 200 93099 "-" "Mozilla/5.0 (compatible; bingbot/2.0; +http://www.bing.com/bingbot.htm)"
157.55.39.220 - - [11/Jan/2021:08:27:28 +0100] "GET /highslide/highslide.js HTTP/1.1" 200 42909 "-" "Mozilla/5.0 (compatible; bingbot/2.0; +http://www.bing.com/bingbot.htm)"
207.46.13.239 - - [11/Jan/2021:08:27:59 +0100] "GET /images/big_prod/630JASPLA.jpg HTTP/1.1" 200 89550 "-" "Mozilla/5.0 (compatible; bingbot/2.0; +http://www.bing.com/bingbot.htm)"
114.119.154.200 - - [11/Jan/2021:08:31:02 +0100] "GET /images/mini_prod/00000000000000corseg.jpg HTTP/1.1" 200 5351 "-" "Mozilla/5.0 (Linux; Android 7.0;) AppleWebKit/537.36 (KHTML, like Gecko) Mobile Safari/537.36 (compatible; PetalBot;+https://aspiegel.com/petalbot)"
40.77.167.56 - - [11/Jan/2021:08:31:05 +0100] "GET /images/big_prod/5018997627709.jpg HTTP/1.1" 200 45593 "-" "Mozilla/5.0 (compatible; bingbot/2.0; +http://www.bing.com/bingbot.htm)"
207.46.13.229 - - [11/Jan/2021:08:31:18 +0100] "GET /images/8435306246500bis.jpg HTTP/1.1" 200 111310 "-" "Mozilla/5.0 (compatible; bingbot/2.0; +http://www.bing.com/bingbot.htm)"
40.77.167.56 - - [11/Jan/2021:08:31:47 +0100] "GET /images/5012994628660.jpg HTTP/1.1" 200 22584 "-" "Mozilla/5.0 (compatible; bingbot/2.0; +http://www.bing.com/bingbot.htm)"
157.55.39.22 - - [11/Jan/2021:08:31:57 +0100] "GET /images/3619810008679.jpg HTTP/1.1" 200 40582 "-" "Mozilla/5.0 (compatible; bingbot/2.0; +http://www.bing.com/bingbot.htm)"
157.55.39.220 - - [11/Jan/2021:08:32:52 +0100] "GET /images/4007176425602.jpg HTTP/1.1" 200 18260 "-" "Mozilla/5.0 (compatible; bingbot/2.0; +http://www.bing.com/bingbot.htm)"
40.77.167.56 - - [11/Jan/2021:08:32:56 +0100] "GET /images/720322246145.jpg HTTP/1.1" 200 17240 "-" "Mozilla/5.0 (compatible; bingbot/2.0; +http://www.bing.com/bingbot.htm)"
207.46.13.26 - - [11/Jan/2021:08:33:03 +0100] "GET /images/3660173138213.jpg HTTP/1.1" 200 45165 "-" "Mozilla/5.0 (compatible; bingbot/2.0; +http://www.bing.com/bingbot.htm)"
207.46.13.229 - - [11/Jan/2021:08:33:27 +0100] "GET /images/med_prod/1384010176344.jpg HTTP/1.1" 200 55315 "-" "Mozilla/5.0 (compatible; bingbot/2.0; +http://www.bing.com/bingbot.htm)"
207.46.13.229 - - [11/Jan/2021:08:33:27 +0100] "GET /images/PM01W.jpg HTTP/1.1" 200 49120 "-" "Mozilla/5.0 (compatible; bingbot/2.0; +http://www.bing.com/bingbot.htm)"
207.46.13.239 - - [11/Jan/2021:08:34:32 +0100] "GET /images/8006180201703.jpg HTTP/1.1" 200 116746 "-" "Mozilla/5.0 (compatible; bingbot/2.0; +http://www.bing.com/bingbot.htm)"
207.46.13.239 - - [11/Jan/2021:08:34:32 +0100] "GET /images/4007176129043.jpg HTTP/1.1" 200 49703 "-" "Mozilla/5.0 (compatible; bingbot/2.0; +http://www.bing.com/bingbot.htm)"
157.55.39.22 - - [11/Jan/2021:08:35:16 +0100] "GET /images/big_prod/1384010191682.jpg HTTP/1.1" 200 65938 "-" "Mozilla/5.0 (compatible; bingbot/2.0; +http://www.bing.com/bingbot.htm)"
114.119.150.15 - - [11/Jan/2021:08:35:25 +0100] "GET /images/med_prod/1384010177808.jpg HTTP/1.1" 200 117569 "-" "Mozilla/5.0 (Linux; Android 7.0;) AppleWebKit/537.36 (KHTML, like Gecko) Mobile Safari/537.36 (compatible; PetalBot;+https://aspiegel.com/petalbot)"
157.55.39.22 - - [11/Jan/2021:08:37:27 +0100] "GET /images/3609080316130.jpg HTTP/1.1" 200 72262 "-" "Mozilla/5.0 (compatible; bingbot/2.0; +http://www.bing.com/bingbot.htm)"
157.55.39.22 - - [11/Jan/2021:08:38:48 +0100] "GET /images/big_prod/1384010204061.jpg HTTP/1.1" 200 99733 "-" "Mozilla/5.0 (compatible; bingbot/2.0; +http://www.bing.com/bingbot.htm)"
207.46.13.26 - - [11/Jan/2021:08:39:28 +0100] "GET /images/DSCN3969.jpg HTTP/1.1" 200 14818 "-" "Mozilla/5.0 (compatible; bingbot/2.0; +http://www.bing.com/bingbot.htm)"
207.46.13.26 - - [11/Jan/2021:08:39:28 +0100] "GET /images/big_prod/1345544564526.jpg HTTP/1.1" 200 76628 "-" "Mozilla/5.0 (compatible; bingbot/2.0; +http://www.bing.com/bingbot.htm)"
157.55.39.220 - - [11/Jan/2021:08:39:42 +0100] "GET /images/8003990616086.jpg HTTP/1.1" 200 40110 "-" "Mozilla/5.0 (compatible; bingbot/2.0; +http://www.bing.com/bingbot.htm)"
114.119.130.202 - - [11/Jan/2021:08:39:48 +0100] "GET /images/mini_prod/8433933011881.jpg HTTP/1.1" 200 9921 "-" "Mozilla/5.0 (Linux; Android 7.0;) AppleWebKit/537.36 (KHTML, like Gecko) Mobile Safari/537.36 (compatible; PetalBot;+https://aspiegel.com/petalbot)"
207.46.13.239 - - [11/Jan/2021:08:40:14 +0100] "GET /images/3553567139166.jpg HTTP/1.1" 200 38692 "-" "Mozilla/5.0 (compatible; bingbot/2.0; +http://www.bing.com/bingbot.htm)"
40.77.167.56 - - [11/Jan/2021:08:40:21 +0100] "GET /images/big_prod/8718317633317.jpg HTTP/1.1" 200 86979 "-" "Mozilla/5.0 (compatible; bingbot/2.0; +http://www.bing.com/bingbot.htm)"
207.46.13.229 - - [11/Jan/2021:08:41:00 +0100] "GET /images/med_prod/8435107811716.jpg HTTP/1.1" 200 114227 "-" "Mozilla/5.0 (compatible; bingbot/2.0; +http://www.bing.com/bingbot.htm)"
157.55.39.220 - - [11/Jan/2021:08:41:13 +0100] "GET /images/big_prod_2/5055071685101c.jpg HTTP/1.1" 200 70204 "-" "Mozilla/5.0 (compatible; bingbot/2.0; +http://www.bing.com/bingbot.htm)"
207.46.13.26 - - [11/Jan/2021:08:41:40 +0100] "GET /images/big_prod_3/76001110TFc.jpg HTTP/1.1" 200 69201 "-" "Mozilla/5.0 (compatible; bingbot/2.0; +http://www.bing.com/bingbot.htm)"
207.46.13.26 - - [11/Jan/2021:08:43:00 +0100] "GET /images/big_prod/8424001118601B.jpg HTTP/1.1" 200 97437 "-" "Mozilla/5.0 (compatible; bingbot/2.0; +http://www.bing.com/bingbot.htm)"
114.119.150.15 - - [11/Jan/2021:08:44:11 +0100] "GET /images/mini_prod/1300010237717.jpg HTTP/1.1" 200 6426 "-" "Mozilla/5.0 (Linux; Android 7.0;) AppleWebKit/537.36 (KHTML, like Gecko) Mobile Safari/537.36 (compatible; PetalBot;+https://aspiegel.com/petalbot)"
207.46.13.229 - - [11/Jan/2021:08:44:18 +0100] "GET /images/minniedebout.jpg HTTP/1.1" 200 17049 "-" "Mozilla/5.0 (compatible; bingbot/2.0; +http://www.bing.com/bingbot.htm)"
157.55.39.110 - - [11/Jan/2021:08:46:53 +0100] "GET /images/big_prod/3700230606245.jpg HTTP/1.1" 200 75363 "-" "Mozilla/5.0 (compatible; bingbot/2.0; +http://www.bing.com/bingbot.htm)"
207.46.13.239 - - [11/Jan/2021:08:48:31 +0100] "GET /images/4008789054197.jpg HTTP/1.1" 200 160173 "-" "Mozilla/5.0 (compatible; bingbot/2.0; +http://www.bing.com/bingbot.htm)"
114.119.147.45 - - [11/Jan/2021:08:48:34 +0100] "GET /images/mini_prod/1384010190029.jpg HTTP/1.1" 200 9181 "-" "Mozilla/5.0 (Linux; Android 7.0;) AppleWebKit/537.36 (KHTML, like Gecko) Mobile Safari/537.36 (compatible; PetalBot;+https://aspiegel.com/petalbot)"
185.191.171.37 - - [11/Jan/2021:08:48:42 +0100] "GET /robots.txt HTTP/1.1" 200 2438 "-" "Mozilla/5.0 (compatible; SemrushBot/7~bl; +http://www.semrush.com/bot.html)"
64.233.173.116 - - [11/Jan/2021:08:49:22 +0100] "GET /images/big_prod_1/b3760119606575.jpg HTTP/1.1" 200 89589 "-" "Mozilla/5.0 (Windows NT 5.1; rv:11.0) Gecko Firefox/11.0 (via ggpht.com GoogleImageProxy)"
40.77.167.56 - - [11/Jan/2021:08:49:24 +0100] "GET /images/DSCN0893.jpg HTTP/1.1" 200 30551 "-" "Mozilla/5.0 (compatible; bingbot/2.0; +http://www.bing.com/bingbot.htm)"
40.77.167.56 - - [11/Jan/2021:08:49:43 +0100] "GET /images/3524550007120.jpg HTTP/1.1" 200 56510 "-" "Mozilla/5.0 (compatible; bingbot/2.0; +http://www.bing.com/bingbot.htm)"
207.46.13.36 - - [11/Jan/2021:08:51:28 +0100] "GET /images/4010070219277bis.jpg HTTP/1.1" 200 59619 "-" "Mozilla/5.0 (compatible; bingbot/2.0; +http://www.bing.com/bingbot.htm)"
207.46.13.36 - - [11/Jan/2021:08:51:28 +0100] "GET /images/4012390362534.jpg HTTP/1.1" 200 25036 "-" "Mozilla/5.0 (compatible; bingbot/2.0; +http://www.bing.com/bingbot.htm)"
207.46.13.36 - - [11/Jan/2021:08:52:28 +0100] "GET /images/8028501699259.jpg HTTP/1.1" 200 41231 "-" "Mozilla/5.0 (compatible; bingbot/2.0; +http://www.bing.com/bingbot.htm)"
114.119.144.233 - - [11/Jan/2021:08:52:50 +0100] "GET /images/mini_prod/3574640155279.jpg HTTP/1.1" 200 9214 "-" "Mozilla/5.0 (Linux; Android 7.0;) AppleWebKit/537.36 (KHTML, like Gecko) Mobile Safari/537.36 (compatible; PetalBot;+https://aspiegel.com/petalbot)"
185.191.171.11 - - [11/Jan/2021:08:55:05 +0100] "GET /robots.txt HTTP/1.1" 200 2438 "-" "Mozilla/5.0 (compatible; SemrushBot/7~bl; +http://www.semrush.com/bot.html)"
207.46.13.239 - - [11/Jan/2021:08:56:05 +0100] "GET /images/med_prod/8435306288838.jpg HTTP/1.1" 200 155144 "-" "Mozilla/5.0 (compatible; bingbot/2.0; +http://www.bing.com/bingbot.htm)"
40.77.167.56 - - [11/Jan/2021:08:56:11 +0100] "GET /images/TROBP3545.jpg HTTP/1.1" 200 19039 "-" "Mozilla/5.0 (compatible; bingbot/2.0; +http://www.bing.com/bingbot.htm)"
40.77.167.56 - - [11/Jan/2021:08:56:44 +0100] "GET /images/100_1885.jpg HTTP/1.1" 200 13622 "-" "Mozilla/5.0 (compatible; bingbot/2.0; +http://www.bing.com/bingbot.htm)"
114.119.129.36 - - [11/Jan/2021:08:57:14 +0100] "GET /images/big_prod/8719075395110b.jpg HTTP/1.1" 200 52277 "-" "Mozilla/5.0 (Linux; Android 7.0;) AppleWebKit/537.36 (KHTML, like Gecko) Mobile Safari/537.36 (compatible; PetalBot;+https://aspiegel.com/petalbot)"
167.114.101.80 - - [11/Jan/2021:08:59:21 +0100] "GET /robots.txt HTTP/1.1" 200 2438 "-" "Mozilla/5.0 (compatible; MJ12bot/v1.4.8; http://mj12bot.com/)"
157.55.39.110 - - [11/Jan/2021:08:59:54 +0100] "GET /images/3521320605487.jpg HTTP/1.1" 200 65766 "-" "Mozilla/5.0 (compatible; bingbot/2.0; +http://www.bing.com/bingbot.htm)"
207.46.13.239 - - [11/Jan/2021:09:00:07 +0100] "GET /images/5010065555228.jpg HTTP/1.1" 200 57989 "-" "Mozilla/5.0 (compatible; bingbot/2.0; +http://www.bing.com/bingbot.htm)"
207.46.13.239 - - [11/Jan/2021:09:00:07 +0100] "GET /images/6953270923965.jpg HTTP/1.1" 200 34766 "-" "Mozilla/5.0 (compatible; bingbot/2.0; +http://www.bing.com/bingbot.htm)"
114.119.145.117 - - [11/Jan/2021:09:01:37 +0100] "GET /images/big_prod/1345544761390.jpg HTTP/1.1" 200 76674 "-" "Mozilla/5.0 (Linux; Android 7.0;) AppleWebKit/537.36 (KHTML, like Gecko) Mobile Safari/537.36 (compatible; PetalBot;+https://aspiegel.com/petalbot)"
207.46.13.36 - - [11/Jan/2021:09:01:48 +0100] "GET /images/045544554374.jpg HTTP/1.1" 200 31212 "-" "Mozilla/5.0 (compatible; bingbot/2.0; +http://www.bing.com/bingbot.htm)"
157.55.39.110 - - [11/Jan/2021:09:02:14 +0100] "GET /images/8432699030273.jpg HTTP/1.1" 200 37032 "-" "Mozilla/5.0 (compatible; bingbot/2.0; +http://www.bing.com/bingbot.htm)"
17.58.101.147 - - [11/Jan/2021:09:03:32 +0100] "GET /images/med_prod/4029811331451.jpg HTTP/1.1" 200 77704 "-" "Mozilla/5.0 (Macintosh; Intel Mac OS X 10_15_5) AppleWebKit/605.1.15 (KHTML, like Gecko) Version/13.1.1 Safari/605.1.15 (Applebot/0.1; +http://www.apple.com/go/applebot)"
207.46.13.239 - - [11/Jan/2021:09:03:37 +0100] "GET /images/pyjama2009dbzanthracyte.jpg HTTP/1.1" 200 18920 "-" "Mozilla/5.0 (compatible; bingbot/2.0; +http://www.bing.com/bingbot.htm)"
114.119.158.196 - - [11/Jan/2021:09:05:59 +0100] "GET /images/mini_prod/8717202559671.jpg HTTP/1.1" 200 7623 "-" "Mozilla/5.0 (Linux; Android 7.0;) AppleWebKit/537.36 (KHTML, like Gecko) Mobile Safari/537.36 (compatible; PetalBot;+https://aspiegel.com/petalbot)"
157.55.39.220 - - [11/Jan/2021:09:07:06 +0100] "GET /images/big_prod/8419810093386.jpg HTTP/1.1" 200 37352 "-" "Mozilla/5.0 (compatible; bingbot/2.0; +http://www.bing.com/bingbot.htm)"
207.46.13.239 - - [11/Jan/2021:09:07:11 +0100] "GET /images/GormitiBassa.jpg HTTP/1.1" 200 29928 "-" "Mozilla/5.0 (compatible; bingbot/2.0; +http://www.bing.com/bingbot.htm)"
207.46.13.26 - - [11/Jan/2021:09:07:22 +0100] "GET /images/med_prod/1384010176917.jpg HTTP/1.1" 200 136375 "-" "Mozilla/5.0 (compatible; bingbot/2.0; +http://www.bing.com/bingbot.htm)"
207.46.13.26 - - [11/Jan/2021:09:09:12 +0100] "GET /images/big_prod/8433331671342.jpg HTTP/1.1" 200 123167 "-" "Mozilla/5.0 (compatible; bingbot/2.0; +http://www.bing.com/bingbot.htm)"
40.77.167.56 - - [11/Jan/2021:09:09:31 +0100] "GET /images/big_prod/4005086220096.jpg HTTP/1.1" 200 49906 "-" "Mozilla/5.0 (compatible; bingbot/2.0; +http://www.bing.com/bingbot.htm)"
114.119.151.113 - - [11/Jan/2021:09:10:23 +0100] "GET /images/big_prod/8422011476193.jpg HTTP/1.1" 200 146613 "-" "Mozilla/5.0 (Linux; Android 7.0;) AppleWebKit/537.36 (KHTML, like Gecko) Mobile Safari/537.36 (compatible; PetalBot;+https://aspiegel.com/petalbot)"
207.46.13.26 - - [11/Jan/2021:09:10:51 +0100] "GET /images/5018997519745.jpg HTTP/1.1" 200 109811 "-" "Mozilla/5.0 (compatible; bingbot/2.0; +http://www.bing.com/bingbot.htm)"
157.55.39.22 - - [11/Jan/2021:09:13:11 +0100] "GET /images/3760194799926.jpg HTTP/1.1" 200 28437 "-" "Mozilla/5.0 (compatible; bingbot/2.0; +http://www.bing.com/bingbot.htm)"
114.119.150.15 - - [11/Jan/2021:09:14:45 +0100] "GET /images/mini_prod/3565750327663.jpg HTTP/1.1" 200 5346 "-" "Mozilla/5.0 (Linux; Android 7.0;) AppleWebKit/537.36 (KHTML, like Gecko) Mobile Safari/537.36 (compatible; PetalBot;+https://aspiegel.com/petalbot)"
207.46.13.229 - - [11/Jan/2021:09:14:46 +0100] "GET /images/B5014994698971B.jpg HTTP/1.1" 200 171076 "-" "Mozilla/5.0 (compatible; bingbot/2.0; +http://www.bing.com/bingbot.htm)"
207.46.13.26 - - [11/Jan/2021:09:16:34 +0100] "GET /images/med_prod/8435306269882.jpg HTTP/1.1" 200 96584 "-" "Mozilla/5.0 (compatible; bingbot/2.0; +http://www.bing.com/bingbot.htm)"
64.233.173.114 - - [11/Jan/2021:09:16:44 +0100] "GET /images/3272760394720.jpg HTTP/1.1" 200 25990 "-" "Mozilla/5.0 (Windows NT 5.1; rv:11.0) Gecko Firefox/11.0 (via ggpht.com GoogleImageProxy)"
37.113.175.244 - - [11/Jan/2021:09:16:45 +0100] "GET /images/3700235441681.jpg HTTP/1.1" 200 25681 "http://quoizeltableslamps.blogspot.com/2012/10/nostalgia-metal-shade-table-lamp.html" "Mozilla/5.0 (compatible; MSIE 10.0; Windows NT 6.2; WOW64; Trident/6.0; Touch; MASMJS)"
157.55.39.110 - - [11/Jan/2021:09:17:38 +0100] "GET /images/med_prod/1384010184240.jpg HTTP/1.1" 200 212412 "-" "Mozilla/5.0 (compatible; bingbot/2.0; +http://www.bing.com/bingbot.htm)"
157.55.39.110 - - [11/Jan/2021:09:19:36 +0100] "GET /images/big_prod/1384010203422.jpg HTTP/1.1" 200 39648 "-" "Mozilla/5.0 (compatible; bingbot/2.0; +http://www.bing.com/bingbot.htm)"
207.46.13.36 - - [11/Jan/2021:09:19:50 +0100] "GET /images/3701276289683.jpg HTTP/1.1" 200 38885 "-" "Mozilla/5.0 (compatible; bingbot/2.0; +http://www.bing.com/bingbot.htm)"
157.55.39.32 - - [11/Jan/2021:09:20:30 +0100] "GET /robots.txt HTTP/1.1" 200 2438 "-" "Mozilla/5.0 (compatible; bingbot/2.0; +http://www.bing.com/bingbot.htm)"
40.77.167.56 - - [11/Jan/2021:09:22:27 +0100] "GET /images/med_prod/3296580235551.jpg HTTP/1.1" 200 138860 "-" "Mozilla/5.0 (compatible; bingbot/2.0; +http://www.bing.com/bingbot.htm)"
157.55.39.220 - - [11/Jan/2021:09:22:36 +0100] "GET /images/5601392209900.jpg HTTP/1.1" 200 50658 "-" "Mozilla/5.0 (compatible; bingbot/2.0; +http://www.bing.com/bingbot.htm)"
114.119.158.196 - - [11/Jan/2021:09:23:25 +0100] "GET /images/mini_prod/8717202557882.jpg HTTP/1.1" 200 7188 "-" "Mozilla/5.0 (Linux; Android 7.0;) AppleWebKit/537.36 (KHTML, like Gecko) Mobile Safari/537.36 (compatible; PetalBot;+https://aspiegel.com/petalbot)"
207.46.13.229 - - [11/Jan/2021:09:24:08 +0100] "GET /images/big_prod/5018997752906.jpg HTTP/1.1" 200 151464 "-" "Mozilla/5.0 (compatible; bingbot/2.0; +http://www.bing.com/bingbot.htm)"
40.77.167.56 - - [11/Jan/2021:09:24:22 +0100] "GET /images/4012390324556.jpg HTTP/1.1" 200 47310 "-" "Mozilla/5.0 (compatible; bingbot/2.0; +http://www.bing.com/bingbot.htm)"
40.77.167.56 - - [11/Jan/2021:09:25:32 +0100] "GET /images/med_prod/3700276293218.jpg HTTP/1.1" 200 85209 "-" "Mozilla/5.0 (compatible; bingbot/2.0; +http://www.bing.com/bingbot.htm)"
40.77.167.56 - - [11/Jan/2021:09:25:32 +0100] "GET /images/4891813830634.jpg HTTP/1.1" 200 36496 "-" "Mozilla/5.0 (compatible; bingbot/2.0; +http://www.bing.com/bingbot.htm)"
207.46.13.26 - - [11/Jan/2021:09:26:23 +0100] "GET /images/med_prod/8435306276309.jpg HTTP/1.1" 200 119002 "-" "Mozilla/5.0 (compatible; bingbot/2.0; +http://www.bing.com/bingbot.htm)"
207.46.13.36 - - [11/Jan/2021:09:27:41 +0100] "GET /images/med_prod/34203.jpg HTTP/1.1" 200 39912 "-" "Mozilla/5.0 (compatible; bingbot/2.0; +http://www.bing.com/bingbot.htm)"
114.119.154.200 - - [11/Jan/2021:09:27:49 +0100] "GET /images/big_prod/1348422000277.jpg HTTP/1.1" 200 235427 "-" "Mozilla/5.0 (Linux; Android 7.0;) AppleWebKit/537.36 (KHTML, like Gecko) Mobile Safari/537.36 (compatible; PetalBot;+https://aspiegel.com/petalbot)"
207.46.13.229 - - [11/Jan/2021:09:29:28 +0100] "GET /images/1300010240281.jpg HTTP/1.1" 200 104017 "-" "Mozilla/5.0 (compatible; bingbot/2.0; +http://www.bing.com/bingbot.htm)"
207.46.13.26 - - [11/Jan/2021:09:29:54 +0100] "GET /images/4008789051752.jpg HTTP/1.1" 200 152024 "-" "Mozilla/5.0 (compatible; bingbot/2.0; +http://www.bing.com/bingbot.htm)"
207.46.13.239 - - [11/Jan/2021:09:30:21 +0100] "GET /images/big_prod/5027148061811.jpg HTTP/1.1" 200 125056 "-" "Mozilla/5.0 (compatible; bingbot/2.0; +http://www.bing.com/bingbot.htm)"
207.46.13.229 - - [11/Jan/2021:09:30:37 +0100] "GET /images/1399984230060.jpg HTTP/1.1" 200 19662 "-" "Mozilla/5.0 (compatible; bingbot/2.0; +http://www.bing.com/bingbot.htm)"
114.119.151.113 - - [11/Jan/2021:09:32:13 +0100] "GET /images/big_prod/3521320800042.jpg HTTP/1.1" 200 55121 "-" "Mozilla/5.0 (Linux; Android 7.0;) AppleWebKit/537.36 (KHTML, like Gecko) Mobile Safari/537.36 (compatible; PetalBot;+https://aspiegel.com/petalbot)"
157.55.39.110 - - [11/Jan/2021:09:34:08 +0100] "GET /images/37006535002050.jpg HTTP/1.1" 200 31808 "-" "Mozilla/5.0 (compatible; bingbot/2.0; +http://www.bing.com/bingbot.htm)"
207.46.13.239 - - [11/Jan/2021:09:35:13 +0100] "GET /images/big_prod/5414629176414.jpg HTTP/1.1" 200 148529 "-" "Mozilla/5.0 (compatible; bingbot/2.0; +http://www.bing.com/bingbot.htm)"
114.119.151.113 - - [11/Jan/2021:09:36:35 +0100] "GET /images/mini_prod/8430301756399.jpg HTTP/1.1" 200 7543 "-" "Mozilla/5.0 (Linux; Android 7.0;) AppleWebKit/537.36 (KHTML, like Gecko) Mobile Safari/537.36 (compatible; PetalBot;+https://aspiegel.com/petalbot)"
185.191.171.9 - - [11/Jan/2021:09:37:22 +0100] "GET /robots.txt HTTP/1.1" 200 2438 "-" "Mozilla/5.0 (compatible; SemrushBot/7~bl; +http://www.semrush.com/bot.html)"
114.119.154.200 - - [11/Jan/2021:09:40:58 +0100] "GET /images/big_prod/8422017821034.jpg HTTP/1.1" 200 26228 "-" "Mozilla/5.0 (Linux; Android 7.0;) AppleWebKit/537.36 (KHTML, like Gecko) Mobile Safari/537.36 (compatible; PetalBot;+https://aspiegel.com/petalbot)"
157.55.39.220 - - [11/Jan/2021:09:41:37 +0100] "GET /images/big_prod_1/1491693094695B.jpg HTTP/1.1" 200 129884 "-" "Mozilla/5.0 (compatible; bingbot/2.0; +http://www.bing.com/bingbot.htm)"
157.55.39.22 - - [11/Jan/2021:09:42:03 +0100] "GET /images/med_prod/3661977002793.jpg HTTP/1.1" 200 141272 "-" "Mozilla/5.0 (compatible; bingbot/2.0; +http://www.bing.com/bingbot.htm)"
207.46.13.26 - - [11/Jan/2021:09:42:14 +0100] "GET /images/big_prod/8435333821862.jpg HTTP/1.1" 200 148467 "-" "Mozilla/5.0 (compatible; bingbot/2.0; +http://www.bing.com/bingbot.htm)"
207.46.13.229 - - [11/Jan/2021:09:43:19 +0100] "GET /images/big_prod/1384010202470.jpg HTTP/1.1" 200 66074 "-" "Mozilla/5.0 (compatible; bingbot/2.0; +http://www.bing.com/bingbot.htm)"
207.46.13.229 - - [11/Jan/2021:09:44:18 +0100] "GET /images/hiver059.jpg HTTP/1.1" 200 51580 "-" "Mozilla/5.0 (compatible; bingbot/2.0; +http://www.bing.com/bingbot.htm)"
157.55.39.22 - - [11/Jan/2021:09:45:02 +0100] "GET /images/1399984234846.jpg HTTP/1.1" 200 170240 "-" "Mozilla/5.0 (compatible; bingbot/2.0; +http://www.bing.com/bingbot.htm)"
114.119.144.233 - - [11/Jan/2021:09:45:21 +0100] "GET /images/mini_prod/8433833063607.jpg HTTP/1.1" 200 7645 "-" "Mozilla/5.0 (Linux; Android 7.0;) AppleWebKit/537.36 (KHTML, like Gecko) Mobile Safari/537.36 (compatible; PetalBot;+https://aspiegel.com/petalbot)"
207.46.13.26 - - [11/Jan/2021:09:45:24 +0100] "GET /images/3521320805306.jpg HTTP/1.1" 200 26480 "-" "Mozilla/5.0 (compatible; bingbot/2.0; +http://www.bing.com/bingbot.htm)"
207.46.13.36 - - [11/Jan/2021:09:48:43 +0100] "GET /images/5010994048372.jpg HTTP/1.1" 200 46061 "-" "Mozilla/5.0 (compatible; bingbot/2.0; +http://www.bing.com/bingbot.htm)"
207.46.13.239 - - [11/Jan/2021:09:49:29 +0100] "GET /images/8435306246487bis.jpg HTTP/1.1" 200 101681 "-" "Mozilla/5.0 (compatible; bingbot/2.0; +http://www.bing.com/bingbot.htm)"
40.77.167.56 - - [11/Jan/2021:09:50:05 +0100] "GET /images/1399984255544.jpg HTTP/1.1" 200 103662 "-" "Mozilla/5.0 (compatible; bingbot/2.0; +http://www.bing.com/bingbot.htm)"
207.46.13.26 - - [11/Jan/2021:09:51:34 +0100] "GET /images/8420406800547.jpg HTTP/1.1" 200 61671 "-" "Mozilla/5.0 (compatible; bingbot/2.0; +http://www.bing.com/bingbot.htm)"
207.46.13.229 - - [11/Jan/2021:09:51:52 +0100] "GET /images/big_prod/1384010203262.jpg HTTP/1.1" 200 73637 "-" "Mozilla/5.0 (compatible; bingbot/2.0; +http://www.bing.com/bingbot.htm)"
207.46.13.229 - - [11/Jan/2021:09:53:12 +0100] "GET /images/med_prod/4891813832744.jpg HTTP/1.1" 200 118996 "-" "Mozilla/5.0 (compatible; bingbot/2.0; +http://www.bing.com/bingbot.htm)"
157.55.39.22 - - [11/Jan/2021:09:53:16 +0100] "GET /images/med_prod/5018997610176.jpg HTTP/1.1" 200 165738 "-" "Mozilla/5.0 (compatible; bingbot/2.0; +http://www.bing.com/bingbot.htm)"
157.55.39.22 - - [11/Jan/2021:09:53:16 +0100] "GET /images/3279396049970.jpg HTTP/1.1" 200 85298 "-" "Mozilla/5.0 (compatible; bingbot/2.0; +http://www.bing.com/bingbot.htm)"
13.66.139.48 - - [11/Jan/2021:09:54:24 +0100] "GET /images/big_prod/9316188086738.jpg HTTP/1.1" 200 73382 "-" "Mozilla/5.0 (compatible; bingbot/2.0; +http://www.bing.com/bingbot.htm)"
40.77.167.56 - - [11/Jan/2021:09:54:46 +0100] "GET /images/5025123281384b.jpg HTTP/1.1" 200 122238 "-" "Mozilla/5.0 (compatible; bingbot/2.0; +http://www.bing.com/bingbot.htm)"
40.77.167.56 - - [11/Jan/2021:09:54:58 +0100] "GET /images/5018997517512.jpg HTTP/1.1" 200 115251 "-" "Mozilla/5.0 (compatible; bingbot/2.0; +http://www.bing.com/bingbot.htm)"
207.46.13.26 - - [11/Jan/2021:09:55:04 +0100] "GET /images/big_prod/1399184100187N.jpg HTTP/1.1" 200 89362 "-" "Mozilla/5.0 (compatible; bingbot/2.0; +http://www.bing.com/bingbot.htm)"
66.249.66.64 - - [11/Jan/2021:09:56:20 +0100] "GET /images/5701359681937.jpg HTTP/1.1" 200 51031 "-" "Googlebot-Image/1.0"
207.46.13.239 - - [11/Jan/2021:09:57:04 +0100] "GET /images/1300010236703.jpg HTTP/1.1" 200 101730 "-" "Mozilla/5.0 (compatible; bingbot/2.0; +http://www.bing.com/bingbot.htm)"
40.77.167.56 - - [11/Jan/2021:09:58:57 +0100] "GET /images/big_prod/3565750294071.jpg HTTP/1.1" 200 56788 "-" "Mozilla/5.0 (compatible; bingbot/2.0; +http://www.bing.com/bingbot.htm)"
40.77.167.56 - - [11/Jan/2021:09:59:09 +0100] "GET /images/med_prod/N1384010176153N.jpg HTTP/1.1" 200 76146 "-" "Mozilla/5.0 (compatible; bingbot/2.0; +http://www.bing.com/bingbot.htm)"
157.55.39.22 - - [11/Jan/2021:09:59:23 +0100] "GET /images/5018997610701.jpg HTTP/1.1" 200 140970 "-" "Mozilla/5.0 (compatible; bingbot/2.0; +http://www.bing.com/bingbot.htm)"
13.66.139.14 - - [11/Jan/2021:10:00:15 +0100] "GET /images/big_prod/8719172837452.jpg HTTP/1.1" 200 58638 "-" "Mozilla/5.0 (compatible; bingbot/2.0; +http://www.bing.com/bingbot.htm)"
157.55.39.110 - - [11/Jan/2021:10:01:10 +0100] "GET /js/jquery.jqzoom.js HTTP/1.1" 200 4761 "-" "Mozilla/5.0 (compatible; bingbot/2.0; +http://www.bing.com/bingbot.htm)"
157.55.39.220 - - [11/Jan/2021:10:01:18 +0100] "GET /highslide/highslide.js HTTP/1.1" 200 42909 "-" "Mozilla/5.0 (compatible; bingbot/2.0; +http://www.bing.com/bingbot.htm)"
40.77.167.56 - - [11/Jan/2021:10:01:27 +0100] "GET /images/5018997519806.jpg HTTP/1.1" 200 107047 "-" "Mozilla/5.0 (compatible; bingbot/2.0; +http://www.bing.com/bingbot.htm)"
157.55.39.110 - - [11/Jan/2021:10:02:30 +0100] "GET /images/med_prod/3609810033863.jpg HTTP/1.1" 200 68324 "-" "Mozilla/5.0 (compatible; bingbot/2.0; +http://www.bing.com/bingbot.htm)"
207.46.13.229 - - [11/Jan/2021:10:04:22 +0100] "GET /images/big_prod/1300010239742.jpg HTTP/1.1" 200 119622 "-" "Mozilla/5.0 (compatible; bingbot/2.0; +http://www.bing.com/bingbot.htm)"
157.55.39.220 - - [11/Jan/2021:10:04:28 +0100] "GET /images/magnet70041.jpg HTTP/1.1" 200 24036 "-" "Mozilla/5.0 (compatible; bingbot/2.0; +http://www.bing.com/bingbot.htm)"
185.191.171.3 - - [11/Jan/2021:10:05:14 +0100] "GET /robots.txt HTTP/1.1" 200 2438 "-" "Mozilla/5.0 (compatible; SemrushBot/7~bl; +http://www.semrush.com/bot.html)"
207.46.13.239 - - [11/Jan/2021:10:05:36 +0100] "GET /images/5010065008786.jpg HTTP/1.1" 200 47189 "-" "Mozilla/5.0 (compatible; bingbot/2.0; +http://www.bing.com/bingbot.htm)"
207.46.13.36 - - [11/Jan/2021:10:08:24 +0100] "GET /images/big_prod/8433933224052.jpg HTTP/1.1" 200 113980 "-" "Mozilla/5.0 (compatible; bingbot/2.0; +http://www.bing.com/bingbot.htm)"
40.77.167.56 - - [11/Jan/2021:10:09:34 +0100] "GET /images/big_prod/5018997627679.jpg HTTP/1.1" 200 44075 "-" "Mozilla/5.0 (compatible; bingbot/2.0; +http://www.bing.com/bingbot.htm)"
207.46.13.229 - - [11/Jan/2021:10:10:26 +0100] "GET /images/big_prod_1/3700407618552B.jpg HTTP/1.1" 200 83184 "-" "Mozilla/5.0 (compatible; bingbot/2.0; +http://www.bing.com/bingbot.htm)"
207.46.13.36 - - [11/Jan/2021:10:10:55 +0100] "GET /images/1300010239964.jpg HTTP/1.1" 200 125095 "-" "Mozilla/5.0 (compatible; bingbot/2.0; +http://www.bing.com/bingbot.htm)"
13.66.139.48 - - [11/Jan/2021:10:11:16 +0100] "GET /images/big_prod/8433933117538.jpg HTTP/1.1" 200 129589 "-" "Mozilla/5.0 (compatible; bingbot/2.0; +http://www.bing.com/bingbot.htm)"
207.46.13.229 - - [11/Jan/2021:10:12:27 +0100] "GET /images/5018997610855.jpg HTTP/1.1" 200 107656 "-" "Mozilla/5.0 (compatible; bingbot/2.0; +http://www.bing.com/bingbot.htm)"
207.46.13.26 - - [11/Jan/2021:10:13:00 +0100] "GET /images/1300010240311.jpg HTTP/1.1" 200 165252 "-" "Mozilla/5.0 (compatible; bingbot/2.0; +http://www.bing.com/bingbot.htm)"
207.46.13.239 - - [11/Jan/2021:10:13:42 +0100] "GET /images/med_prod/8435107822545.jpg HTTP/1.1" 200 142649 "-" "Mozilla/5.0 (compatible; bingbot/2.0; +http://www.bing.com/bingbot.htm)"
207.46.13.36 - - [11/Jan/2021:10:14:05 +0100] "GET /images/3281640390738.jpg HTTP/1.1" 200 32195 "-" "Mozilla/5.0 (compatible; bingbot/2.0; +http://www.bing.com/bingbot.htm)"
13.66.139.48 - - [11/Jan/2021:10:14:47 +0100] "GET /images/big_prod/1384220390806.jpg HTTP/1.1" 200 144909 "-" "Mozilla/5.0 (compatible; bingbot/2.0; +http://www.bing.com/bingbot.htm)"
157.55.39.22 - - [11/Jan/2021:10:15:58 +0100] "GET /images/3700276265567.jpg HTTP/1.1" 200 48648 "-" "Mozilla/5.0 (compatible; bingbot/2.0; +http://www.bing.com/bingbot.htm)"
157.55.39.22 - - [11/Jan/2021:10:15:58 +0100] "GET /images/DSCN0952b.jpg HTTP/1.1" 200 33189 "-" "Mozilla/5.0 (compatible; bingbot/2.0; +http://www.bing.com/bingbot.htm)"
207.46.13.26 - - [11/Jan/2021:10:16:39 +0100] "GET /images/big_prod/8718657460741.jpg HTTP/1.1" 200 53834 "-" "Mozilla/5.0 (compatible; bingbot/2.0; +http://www.bing.com/bingbot.htm)"
157.55.39.220 - - [11/Jan/2021:10:19:13 +0100] "GET /images/big_prod/1345544823869.jpg HTTP/1.1" 200 66518 "-" "Mozilla/5.0 (compatible; bingbot/2.0; +http://www.bing.com/bingbot.htm)"
207.46.13.229 - - [11/Jan/2021:10:19:49 +0100] "GET /images/med_prod/8435306290596.jpg HTTP/1.1" 200 154361 "-" "Mozilla/5.0 (compatible; bingbot/2.0; +http://www.bing.com/bingbot.htm)"
13.66.139.14 - - [11/Jan/2021:10:20:47 +0100] "GET /images/big_prod/8433933181249.jpg HTTP/1.1" 200 53396 "-" "Mozilla/5.0 (compatible; bingbot/2.0; +http://www.bing.com/bingbot.htm)"
40.77.167.56 - - [11/Jan/2021:10:20:59 +0100] "GET /images/big_prod/8422014032815A.jpg HTTP/1.1" 200 91203 "-" "Mozilla/5.0 (compatible; bingbot/2.0; +http://www.bing.com/bingbot.htm)"
207.46.13.26 - - [11/Jan/2021:10:21:32 +0100] "GET /images/med_prod/1384010177815.jpg HTTP/1.1" 200 113600 "-" "Mozilla/5.0 (compatible; bingbot/2.0; +http://www.bing.com/bingbot.htm)"
157.55.39.110 - - [11/Jan/2021:10:21:42 +0100] "GET /images/6953270928403.jpg HTTP/1.1" 200 30939 "-" "Mozilla/5.0 (compatible; bingbot/2.0; +http://www.bing.com/bingbot.htm)"
157.55.39.110 - - [11/Jan/2021:10:21:43 +0100] "GET /images/big_prod/1399985000174.jpg HTTP/1.1" 200 190606 "-" "Mozilla/5.0 (compatible; bingbot/2.0; +http://www.bing.com/bingbot.htm)"
185.191.171.4 - - [11/Jan/2021:10:22:18 +0100] "GET /robots.txt HTTP/1.1" 200 2438 "-" "Mozilla/5.0 (compatible; SemrushBot/7~bl; +http://www.semrush.com/bot.html)"
40.77.167.56 - - [11/Jan/2021:10:22:43 +0100] "GET /images/med_prod/1384010179031.jpg HTTP/1.1" 200 144685 "-" "Mozilla/5.0 (compatible; bingbot/2.0; +http://www.bing.com/bingbot.htm)"
157.55.39.220 - - [11/Jan/2021:10:23:14 +0100] "GET /images/big_prod/8430301756399.jpg HTTP/1.1" 200 101967 "-" "Mozilla/5.0 (compatible; bingbot/2.0; +http://www.bing.com/bingbot.htm)"
207.46.13.239 - - [11/Jan/2021:10:25:27 +0100] "GET /images/3454121118699.jpg HTTP/1.1" 200 96582 "-" "Mozilla/5.0 (compatible; bingbot/2.0; +http://www.bing.com/bingbot.htm)"
40.77.167.56 - - [11/Jan/2021:10:27:41 +0100] "GET /images/8410446461686.jpg HTTP/1.1" 200 146681 "-" "Mozilla/5.0 (compatible; bingbot/2.0; +http://www.bing.com/bingbot.htm)"
5.255.231.71 - - [11/Jan/2021:10:28:15 +0100] "GET /robots.txt HTTP/1.1" 200 2438 "-" "Mozilla/5.0 (compatible; YandexBot/3.0; +http://yandex.com/bots)"
157.55.39.22 - - [11/Jan/2021:10:28:39 +0100] "GET /images/3660173162119.jpg HTTP/1.1" 200 72421 "-" "Mozilla/5.0 (compatible; bingbot/2.0; +http://www.bing.com/bingbot.htm)"
18.207.211.7 - - [11/Jan/2021:10:28:51 +0100] "GET /favicon.ico HTTP/1.1" 200 1591 "-" "Mozilla/5.0 (Windows NT 10.0; Win64; x64) AppleWebKit/537.36 (KHTML, like Gecko) Chrome/63.0.3239.84 Safari/537.36"
114.119.132.105 - - [11/Jan/2021:10:28:58 +0100] "GET /images/med_prod/1399984284933.jpg HTTP/1.1" 200 221309 "-" "Mozilla/5.0 (Linux; Android 7.0;) AppleWebKit/537.36 (KHTML, like Gecko) Mobile Safari/537.36 (compatible; PetalBot;+https://aspiegel.com/petalbot)"
40.77.167.56 - - [11/Jan/2021:10:29:53 +0100] "GET /images/big_prod_2/1328399219612b.jpg HTTP/1.1" 200 61913 "-" "Mozilla/5.0 (compatible; bingbot/2.0; +http://www.bing.com/bingbot.htm)"
207.46.13.229 - - [11/Jan/2021:10:30:11 +0100] "GET /images/med_prod/4029811281688.jpg HTTP/1.1" 200 111264 "-" "Mozilla/5.0 (compatible; bingbot/2.0; +http://www.bing.com/bingbot.htm)"
207.46.13.239 - - [11/Jan/2021:10:31:01 +0100] "GET /images/9316188013277.jpg HTTP/1.1" 200 27972 "-" "Mozilla/5.0 (compatible; bingbot/2.0; +http://www.bing.com/bingbot.htm)"
40.77.167.56 - - [11/Jan/2021:10:31:34 +0100] "GET /images/big_prod/1345544960069.jpg HTTP/1.1" 200 82581 "-" "Mozilla/5.0 (compatible; bingbot/2.0; +http://www.bing.com/bingbot.htm)"
157.55.39.22 - - [11/Jan/2021:10:31:48 +0100] "GET /images/8435333848197.jpg HTTP/1.1" 200 35529 "-" "Mozilla/5.0 (compatible; bingbot/2.0; +http://www.bing.com/bingbot.htm)"
207.46.13.26 - - [11/Jan/2021:10:32:25 +0100] "GET /images/7316191504764.jpg HTTP/1.1" 200 43007 "-" "Mozilla/5.0 (compatible; bingbot/2.0; +http://www.bing.com/bingbot.htm)"
207.46.13.36 - - [11/Jan/2021:10:33:18 +0100] "GET /images/4891813846451.jpg HTTP/1.1" 200 107775 "-" "Mozilla/5.0 (compatible; bingbot/2.0; +http://www.bing.com/bingbot.htm)"
114.119.150.15 - - [11/Jan/2021:10:33:21 +0100] "GET /images/big_prod_1/3574645763509b.jpg HTTP/1.1" 200 65457 "-" "Mozilla/5.0 (Linux; Android 7.0;) AppleWebKit/537.36 (KHTML, like Gecko) Mobile Safari/537.36 (compatible; PetalBot;+https://aspiegel.com/petalbot)"
157.55.39.220 - - [11/Jan/2021:10:33:34 +0100] "GET /images/big_prod/1384010208373.jpg HTTP/1.1" 200 75166 "-" "Mozilla/5.0 (compatible; bingbot/2.0; +http://www.bing.com/bingbot.htm)"
157.55.39.220 - - [11/Jan/2021:10:33:34 +0100] "GET /images/80285016691151.jpg HTTP/1.1" 200 29148 "-" "Mozilla/5.0 (compatible; bingbot/2.0; +http://www.bing.com/bingbot.htm)"
207.46.13.229 - - [11/Jan/2021:10:33:51 +0100] "GET /images/big_prod/3609810097872.jpg HTTP/1.1" 200 163997 "-" "Mozilla/5.0 (compatible; bingbot/2.0; +http://www.bing.com/bingbot.htm)"
157.55.39.22 - - [11/Jan/2021:10:34:48 +0100] "GET /images/8028501269568.jpg HTTP/1.1" 200 95626 "-" "Mozilla/5.0 (compatible; bingbot/2.0; +http://www.bing.com/bingbot.htm)"
40.77.167.56 - - [11/Jan/2021:10:35:32 +0100] "GET /images/med_prod/1384010181836.jpg HTTP/1.1" 200 73834 "-" "Mozilla/5.0 (compatible; bingbot/2.0; +http://www.bing.com/bingbot.htm)"
40.77.167.56 - - [11/Jan/2021:10:37:30 +0100] "GET /images/big_prod/4022158874407.jpg HTTP/1.1" 200 89940 "-" "Mozilla/5.0 (compatible; bingbot/2.0; +http://www.bing.com/bingbot.htm)"
114.119.145.117 - - [11/Jan/2021:10:37:44 +0100] "GET /images/big_prod/1384010188163.jpg HTTP/1.1" 200 58724 "-" "Mozilla/5.0 (Linux; Android 7.0;) AppleWebKit/537.36 (KHTML, like Gecko) Mobile Safari/537.36 (compatible; PetalBot;+https://aspiegel.com/petalbot)"
40.77.167.56 - - [11/Jan/2021:10:38:02 +0100] "GET /images/med_prod/8433933773765.jpg HTTP/1.1" 200 115582 "-" "Mozilla/5.0 (compatible; bingbot/2.0; +http://www.bing.com/bingbot.htm)"
13.66.139.48 - - [11/Jan/2021:10:38:29 +0100] "GET /images/big_prod/3784322266500.jpg HTTP/1.1" 200 100269 "-" "Mozilla/5.0 (compatible; bingbot/2.0; +http://www.bing.com/bingbot.htm)"
207.46.13.239 - - [11/Jan/2021:10:38:55 +0100] "GET /images/8435306246654.jpg HTTP/1.1" 200 89478 "-" "Mozilla/5.0 (compatible; bingbot/2.0; +http://www.bing.com/bingbot.htm)"
207.46.13.239 - - [11/Jan/2021:10:39:54 +0100] "GET /images/8033667513738.jpg HTTP/1.1" 200 25840 "-" "Mozilla/5.0 (compatible; bingbot/2.0; +http://www.bing.com/bingbot.htm)"
157.55.39.110 - - [11/Jan/2021:10:40:06 +0100] "GET /images/med_prod/1384010184240.jpg HTTP/1.1" 200 212412 "-" "Mozilla/5.0 (compatible; bingbot/2.0; +http://www.bing.com/bingbot.htm)"
40.77.167.56 - - [11/Jan/2021:10:40:24 +0100] "GET /images/TROBP3545.jpg HTTP/1.1" 200 19039 "-" "Mozilla/5.0 (compatible; bingbot/2.0; +http://www.bing.com/bingbot.htm)"
207.46.13.239 - - [11/Jan/2021:10:41:16 +0100] "GET /images/8435333804506.jpg HTTP/1.1" 200 128518 "-" "Mozilla/5.0 (compatible; bingbot/2.0; +http://www.bing.com/bingbot.htm)"
114.119.150.15 - - [11/Jan/2021:10:42:08 +0100] "GET /images/big_prod/5018997523339.jpg HTTP/1.1" 200 174831 "-" "Mozilla/5.0 (Linux; Android 7.0;) AppleWebKit/537.36 (KHTML, like Gecko) Mobile Safari/537.36 (compatible; PetalBot;+https://aspiegel.com/petalbot)"
207.46.13.26 - - [11/Jan/2021:10:44:22 +0100] "GET /images/5414629676815.jpg HTTP/1.1" 200 69577 "-" "Mozilla/5.0 (compatible; bingbot/2.0; +http://www.bing.com/bingbot.htm)"
144.76.120.197 - - [11/Jan/2021:10:45:17 +0100] "GET /robots.txt HTTP/1.1" 200 2438 "-" "Mozilla/5.0 (compatible; MJ12bot/v1.4.8; http://mj12bot.com/)"
66.249.66.95 - - [11/Jan/2021:10:45:22 +0100] "GET /images/big_prod_3/a5018997632277.jpg HTTP/1.1" 200 90842 "-" "Googlebot-Image/1.0"
66.249.66.95 - - [11/Jan/2021:10:45:23 +0100] "GET /images/big_prod/5018997632277.jpg HTTP/1.1" 200 115436 "-" "Googlebot-Image/1.0"
5.255.231.71 - - [11/Jan/2021:10:46:23 +0100] "GET /images/big_prod/8904245400514.jpg HTTP/1.1" 304 0 "-" "Mozilla/5.0 (compatible; YandexImages/3.0; +http://yandex.com/bots)"
114.119.158.196 - - [11/Jan/2021:10:46:30 +0100] "GET /images/big_prod/3612875120041.jpg HTTP/1.1" 200 58682 "-" "Mozilla/5.0 (Linux; Android 7.0;) AppleWebKit/537.36 (KHTML, like Gecko) Mobile Safari/537.36 (compatible; PetalBot;+https://aspiegel.com/petalbot)"
207.46.13.26 - - [11/Jan/2021:10:46:33 +0100] "GET /images/big_prod_2/76001110TFa.jpg HTTP/1.1" 200 64066 "-" "Mozilla/5.0 (compatible; bingbot/2.0; +http://www.bing.com/bingbot.htm)"
157.55.39.22 - - [11/Jan/2021:10:47:41 +0100] "GET /images/big_prod/1384010203583.jpg HTTP/1.1" 200 137631 "-" "Mozilla/5.0 (compatible; bingbot/2.0; +http://www.bing.com/bingbot.htm)"
157.55.39.22 - - [11/Jan/2021:10:49:41 +0100] "GET /images/big_prod/4036113232232.jpg HTTP/1.1" 200 176963 "-" "Mozilla/5.0 (compatible; bingbot/2.0; +http://www.bing.com/bingbot.htm)"
157.55.39.110 - - [11/Jan/2021:10:49:45 +0100] "GET /images/1020322242437.jpg HTTP/1.1" 200 62638 "-" "Mozilla/5.0 (compatible; bingbot/2.0; +http://www.bing.com/bingbot.htm)"
207.46.13.239 - - [11/Jan/2021:10:52:45 +0100] "GET /images/3700276275009.jpg HTTP/1.1" 200 27389 "-" "Mozilla/5.0 (compatible; bingbot/2.0; +http://www.bing.com/bingbot.htm)"
66.249.66.95 - - [11/Jan/2021:10:53:42 +0100] "GET /images/med_prod/1020322274148.jpg HTTP/1.1" 200 80173 "-" "Googlebot-Image/1.0"
17.58.96.224 - - [11/Jan/2021:10:55:18 +0100] "GET /robots.txt HTTP/1.1" 200 2438 "-" "Mozilla/5.0 (Macintosh; Intel Mac OS X 10_15_5) AppleWebKit/605.1.15 (KHTML, like Gecko) Version/13.1.1 Safari/605.1.15 (Applebot/0.1; +http://www.apple.com/go/applebot)"
157.55.39.110 - - [11/Jan/2021:10:58:46 +0100] "GET /images/spi2.jpg HTTP/1.1" 200 95145 "-" "Mozilla/5.0 (compatible; bingbot/2.0; +http://www.bing.com/bingbot.htm)"
207.46.13.36 - - [11/Jan/2021:11:01:30 +0100] "GET /images/big_prod/7316197616034.jpg HTTP/1.1" 200 116916 "-" "Mozilla/5.0 (compatible; bingbot/2.0; +http://www.bing.com/bingbot.htm)"
207.46.13.36 - - [11/Jan/2021:11:01:31 +0100] "GET /images/med_prod/4010070303938.jpg HTTP/1.1" 200 119332 "-" "Mozilla/5.0 (compatible; bingbot/2.0; +http://www.bing.com/bingbot.htm)"
40.77.167.56 - - [11/Jan/2021:11:01:58 +0100] "GET /images/3438100321324.jpg HTTP/1.1" 200 33554 "-" "Mozilla/5.0 (compatible; bingbot/2.0; +http://www.bing.com/bingbot.htm)"
157.55.39.220 - - [11/Jan/2021:11:02:27 +0100] "GET /images/big_prod/8433933164440.jpg HTTP/1.1" 200 79110 "-" "Mozilla/5.0 (compatible; bingbot/2.0; +http://www.bing.com/bingbot.htm)"
207.46.13.36 - - [11/Jan/2021:11:03:21 +0100] "GET /images/big_prod/720322264866.jpg HTTP/1.1" 200 124417 "-" "Mozilla/5.0 (compatible; bingbot/2.0; +http://www.bing.com/bingbot.htm)"
207.46.13.239 - - [11/Jan/2021:11:03:26 +0100] "GET /images/8033667513707.jpg HTTP/1.1" 200 31367 "-" "Mozilla/5.0 (compatible; bingbot/2.0; +http://www.bing.com/bingbot.htm)"
114.119.151.113 - - [11/Jan/2021:11:03:55 +0100] "GET /images/big_prod_2/havelirectangle.jpg HTTP/1.1" 200 154736 "-" "Mozilla/5.0 (Linux; Android 7.0;) AppleWebKit/537.36 (KHTML, like Gecko) Mobile Safari/537.36 (compatible; PetalBot;+https://aspiegel.com/petalbot)"
40.77.167.56 - - [11/Jan/2021:11:03:57 +0100] "GET /images/med_prod/3457010954057.jpg HTTP/1.1" 200 124679 "-" "Mozilla/5.0 (compatible; bingbot/2.0; +http://www.bing.com/bingbot.htm)"
207.46.13.229 - - [11/Jan/2021:11:04:16 +0100] "GET /images/mini_prod/1399984243428.jpg HTTP/1.1" 200 4851 "-" "Mozilla/5.0 (compatible; bingbot/2.0; +http://www.bing.com/bingbot.htm)"
207.46.13.36 - - [11/Jan/2021:11:04:22 +0100] "GET /images/big_prod/8422015012012.jpg HTTP/1.1" 200 175033 "-" "Mozilla/5.0 (compatible; bingbot/2.0; +http://www.bing.com/bingbot.htm)"
207.46.13.26 - - [11/Jan/2021:11:05:54 +0100] "GET /images/med_prod/3609810042148.jpg HTTP/1.1" 200 82920 "-" "Mozilla/5.0 (compatible; bingbot/2.0; +http://www.bing.com/bingbot.htm)"
40.77.167.56 - - [11/Jan/2021:11:06:36 +0100] "GET /images/12485-strega-biancaneve.jpg HTTP/1.1" 200 28011 "-" "Mozilla/5.0 (compatible; bingbot/2.0; +http://www.bing.com/bingbot.htm)"
157.55.39.110 - - [11/Jan/2021:11:06:41 +0100] "GET /images/12339.jpg HTTP/1.1" 200 26558 "-" "Mozilla/5.0 (compatible; bingbot/2.0; +http://www.bing.com/bingbot.htm)"
207.46.13.239 - - [11/Jan/2021:11:07:08 +0100] "GET /images/8036281601133.jpg HTTP/1.1" 200 43067 "-" "Mozilla/5.0 (compatible; bingbot/2.0; +http://www.bing.com/bingbot.htm)"
114.119.150.15 - - [11/Jan/2021:11:08:18 +0100] "GET /images/big_prod/3665269056228.jpg HTTP/1.1" 200 91445 "-" "Mozilla/5.0 (Linux; Android 7.0;) AppleWebKit/537.36 (KHTML, like Gecko) Mobile Safari/537.36 (compatible; PetalBot;+https://aspiegel.com/petalbot)"
185.191.171.43 - - [11/Jan/2021:11:10:36 +0100] "GET /robots.txt HTTP/1.1" 200 2438 "-" "Mozilla/5.0 (compatible; SemrushBot/7~bl; +http://www.semrush.com/bot.html)"
207.46.13.36 - - [11/Jan/2021:11:11:32 +0100] "GET /images/orange.jpg HTTP/1.1" 200 94809 "-" "Mozilla/5.0 (compatible; bingbot/2.0; +http://www.bing.com/bingbot.htm)"
40.77.167.56 - - [11/Jan/2021:11:11:48 +0100] "GET /images/med_prod/8435306281419.jpg HTTP/1.1" 200 91925 "-" "Mozilla/5.0 (compatible; bingbot/2.0; +http://www.bing.com/bingbot.htm)"
207.46.13.239 - - [11/Jan/2021:11:12:40 +0100] "GET /images/8028501260640.jpg HTTP/1.1" 200 77779 "-" "Mozilla/5.0 (compatible; bingbot/2.0; +http://www.bing.com/bingbot.htm)"
157.55.39.22 - - [11/Jan/2021:11:14:55 +0100] "GET /images/med_prod/8435107823979.jpg HTTP/1.1" 200 166533 "-" "Mozilla/5.0 (compatible; bingbot/2.0; +http://www.bing.com/bingbot.htm)"
40.77.167.56 - - [11/Jan/2021:11:15:32 +0100] "GET /images/8001583026090.jpg HTTP/1.1" 200 31633 "-" "Mozilla/5.0 (compatible; bingbot/2.0; +http://www.bing.com/bingbot.htm)"
157.55.39.220 - - [11/Jan/2021:11:17:40 +0100] "GET /images/big_prod/802GJ08.jpg HTTP/1.1" 200 147010 "-" "Mozilla/5.0 (compatible; bingbot/2.0; +http://www.bing.com/bingbot.htm)"
157.55.39.22 - - [11/Jan/2021:11:19:34 +0100] "GET /images/3700516205032.jpg HTTP/1.1" 200 100494 "-" "Mozilla/5.0 (compatible; bingbot/2.0; +http://www.bing.com/bingbot.htm)"
66.249.66.64 - - [11/Jan/2021:11:20:43 +0100] "GET /images/mini_prod/4029811406661B.jpg HTTP/1.1" 200 9028 "-" "Googlebot-Image/1.0"
66.249.66.66 - - [11/Jan/2021:11:20:44 +0100] "GET /images/mini_prod/1399985100959.jpg HTTP/1.1" 200 9793 "-" "Googlebot-Image/1.0"
114.119.158.196 - - [11/Jan/2021:11:21:15 +0100] "GET /images/mini_prod/75256bis.jpg HTTP/1.1" 200 7897 "-" "Mozilla/5.0 (Linux; Android 7.0;) AppleWebKit/537.36 (KHTML, like Gecko) Mobile Safari/537.36 (compatible; PetalBot;+https://aspiegel.com/petalbot)"
157.55.39.220 - - [11/Jan/2021:11:21:57 +0100] "GET /highslide/highslide.js HTTP/1.1" 200 42909 "-" "Mozilla/5.0 (compatible; bingbot/2.0; +http://www.bing.com/bingbot.htm)"
207.46.13.239 - - [11/Jan/2021:11:23:24 +0100] "GET /images/big_prod_1/76000210FBa.jpg HTTP/1.1" 200 52986 "-" "Mozilla/5.0 (compatible; bingbot/2.0; +http://www.bing.com/bingbot.htm)"
157.55.39.22 - - [11/Jan/2021:11:23:35 +0100] "GET /images/big_prod/8718317632303.jpg HTTP/1.1" 200 106299 "-" "Mozilla/5.0 (compatible; bingbot/2.0; +http://www.bing.com/bingbot.htm)"
157.55.39.22 - - [11/Jan/2021:11:24:56 +0100] "GET /images/med_prod/5415203516114.jpg HTTP/1.1" 200 66168 "-" "Mozilla/5.0 (compatible; bingbot/2.0; +http://www.bing.com/bingbot.htm)"
40.77.167.56 - - [11/Jan/2021:11:25:06 +0100] "GET /images/med_prod/8435333831052.jpg HTTP/1.1" 200 95173 "-" "Mozilla/5.0 (compatible; bingbot/2.0; +http://www.bing.com/bingbot.htm)"
40.77.167.56 - - [11/Jan/2021:11:26:35 +0100] "GET /images/8435333831632.jpg HTTP/1.1" 200 68249 "-" "Mozilla/5.0 (compatible; bingbot/2.0; +http://www.bing.com/bingbot.htm)"
157.55.39.22 - - [11/Jan/2021:11:26:56 +0100] "GET /images/3453131113137.jpg HTTP/1.1" 200 69324 "-" "Mozilla/5.0 (compatible; bingbot/2.0; +http://www.bing.com/bingbot.htm)"
157.55.39.22 - - [11/Jan/2021:11:26:56 +0100] "GET /images/3272760369599.jpg HTTP/1.1" 200 25508 "-" "Mozilla/5.0 (compatible; bingbot/2.0; +http://www.bing.com/bingbot.htm)"
157.55.39.110 - - [11/Jan/2021:11:27:39 +0100] "GET /images/big_prod/5701359747039.jpg HTTP/1.1" 200 167977 "-" "Mozilla/5.0 (compatible; bingbot/2.0; +http://www.bing.com/bingbot.htm)"
157.55.39.110 - - [11/Jan/2021:11:29:50 +0100] "GET /images/med_prod/00000000000breton.jpg HTTP/1.1" 200 41036 "-" "Mozilla/5.0 (compatible; bingbot/2.0; +http://www.bing.com/bingbot.htm)"
114.119.154.200 - - [11/Jan/2021:11:29:59 +0100] "GET /images/doudounepetshop.jpg HTTP/1.1" 200 24362 "-" "Mozilla/5.0 (Linux; Android 7.0;) AppleWebKit/537.36 (KHTML, like Gecko) Mobile Safari/537.36 (compatible; PetalBot;+https://aspiegel.com/petalbot)"
157.55.39.22 - - [11/Jan/2021:11:32:15 +0100] "GET /images/big_prod/1384010184257.jpg HTTP/1.1" 200 94786 "-" "Mozilla/5.0 (compatible; bingbot/2.0; +http://www.bing.com/bingbot.htm)"
207.46.13.26 - - [11/Jan/2021:11:33:06 +0100] "GET /images/3521320605425.jpg HTTP/1.1" 200 20957 "-" "Mozilla/5.0 (compatible; bingbot/2.0; +http://www.bing.com/bingbot.htm)"
5.255.231.71 - - [11/Jan/2021:11:34:14 +0100] "GET /images/big_prod/3453131139175.jpg HTTP/1.1" 200 58443 "-" "Mozilla/5.0 (compatible; YandexImages/3.0; +http://yandex.com/bots)"
114.119.158.196 - - [11/Jan/2021:11:34:22 +0100] "GET /images/big_prod/1384010203330.jpg HTTP/1.1" 200 100209 "-" "Mozilla/5.0 (Linux; Android 7.0;) AppleWebKit/537.36 (KHTML, like Gecko) Mobile Safari/537.36 (compatible; PetalBot;+https://aspiegel.com/petalbot)"
40.77.167.56 - - [11/Jan/2021:11:34:39 +0100] "GET /images/med_prod/1399984272213.jpg HTTP/1.1" 200 165417 "-" "Mozilla/5.0 (compatible; bingbot/2.0; +http://www.bing.com/bingbot.htm)"
157.55.39.22 - - [11/Jan/2021:11:35:04 +0100] "GET /images/med_prod/1384010176306.jpg HTTP/1.1" 200 55758 "-" "Mozilla/5.0 (compatible; bingbot/2.0; +http://www.bing.com/bingbot.htm)"
157.55.39.220 - - [11/Jan/2021:11:37:31 +0100] "GET /images/mini_prod/8422011490007.jpg HTTP/1.1" 200 7880 "-" "Mozilla/5.0 (compatible; bingbot/2.0; +http://www.bing.com/bingbot.htm)"
157.55.39.110 - - [11/Jan/2021:11:37:40 +0100] "GET /images/med_prod/1384010181775.jpg HTTP/1.1" 200 56998 "-" "Mozilla/5.0 (compatible; bingbot/2.0; +http://www.bing.com/bingbot.htm)"
157.55.39.110 - - [11/Jan/2021:11:37:40 +0100] "GET /images/med_prod/3453131119771.jpg HTTP/1.1" 200 52320 "-" "Mozilla/5.0 (compatible; bingbot/2.0; +http://www.bing.com/bingbot.htm)"
207.46.13.239 - - [11/Jan/2021:11:37:52 +0100] "GET /images/med_prod/8435306269776.jpg HTTP/1.1" 200 110610 "-" "Mozilla/5.0 (compatible; bingbot/2.0; +http://www.bing.com/bingbot.htm)"
40.77.167.56 - - [11/Jan/2021:11:38:10 +0100] "GET /images/big_prod_1/z5018997632260.jpg HTTP/1.1" 200 481534 "-" "Mozilla/5.0 (compatible; bingbot/2.0; +http://www.bing.com/bingbot.htm)"
40.77.167.56 - - [11/Jan/2021:11:39:47 +0100] "GET /images/1345544513807.jpg HTTP/1.1" 200 128155 "-" "Mozilla/5.0 (compatible; bingbot/2.0; +http://www.bing.com/bingbot.htm)"
40.77.167.56 - - [11/Jan/2021:11:39:47 +0100] "GET /images/5601392210166.jpg HTTP/1.1" 200 56780 "-" "Mozilla/5.0 (compatible; bingbot/2.0; +http://www.bing.com/bingbot.htm)"
157.55.39.220 - - [11/Jan/2021:11:40:42 +0100] "GET /images/1020322242390.jpg HTTP/1.1" 200 49630 "-" "Mozilla/5.0 (compatible; bingbot/2.0; +http://www.bing.com/bingbot.htm)"
66.249.66.66 - - [11/Jan/2021:11:41:03 +0100] "GET /images/4007176122174.jpg HTTP/1.1" 200 27061 "-" "Googlebot-Image/1.0"
40.77.167.56 - - [11/Jan/2021:11:41:31 +0100] "GET /images/8435333807712.jpg HTTP/1.1" 200 92409 "-" "Mozilla/5.0 (compatible; bingbot/2.0; +http://www.bing.com/bingbot.htm)"
207.46.13.229 - - [11/Jan/2021:11:42:35 +0100] "GET /images/1300010240366.jpg HTTP/1.1" 200 165051 "-" "Mozilla/5.0 (compatible; bingbot/2.0; +http://www.bing.com/bingbot.htm)"
114.119.132.105 - - [11/Jan/2021:11:43:09 +0100] "GET /images/med_prod/4036113232034.jpg HTTP/1.1" 200 133800 "-" "Mozilla/5.0 (Linux; Android 7.0;) AppleWebKit/537.36 (KHTML, like Gecko) Mobile Safari/537.36 (compatible; PetalBot;+https://aspiegel.com/petalbot)"
40.77.167.56 - - [11/Jan/2021:11:43:31 +0100] "GET /images/5010065082236.jpg HTTP/1.1" 200 53511 "-" "Mozilla/5.0 (compatible; bingbot/2.0; +http://www.bing.com/bingbot.htm)"
207.46.13.26 - - [11/Jan/2021:11:43:58 +0100] "GET /images/med_prod/3438100363287.jpg HTTP/1.1" 200 135985 "-" "Mozilla/5.0 (compatible; bingbot/2.0; +http://www.bing.com/bingbot.htm)"
207.46.13.26 - - [11/Jan/2021:11:44:58 +0100] "GET /images/5701359668365.jpg HTTP/1.1" 200 52313 "-" "Mozilla/5.0 (compatible; bingbot/2.0; +http://www.bing.com/bingbot.htm)"
114.119.151.113 - - [11/Jan/2021:11:47:32 +0100] "GET /images/big_prod/5018997751329.jpg HTTP/1.1" 200 122241 "-" "Mozilla/5.0 (Linux; Android 7.0;) AppleWebKit/537.36 (KHTML, like Gecko) Mobile Safari/537.36 (compatible; PetalBot;+https://aspiegel.com/petalbot)"
114.119.150.15 - - [11/Jan/2021:11:51:47 +0100] "GET /images/3524550045153.jpg HTTP/1.1" 200 35114 "-" "Mozilla/5.0 (Linux; Android 7.0;) AppleWebKit/537.36 (KHTML, like Gecko) Mobile Safari/537.36 (compatible; PetalBot;+https://aspiegel.com/petalbot)"
207.46.13.26 - - [11/Jan/2021:11:52:51 +0100] "GET /images/041689210618.jpg HTTP/1.1" 200 82816 "-" "Mozilla/5.0 (compatible; bingbot/2.0; +http://www.bing.com/bingbot.htm)"
207.46.13.36 - - [11/Jan/2021:11:53:26 +0100] "GET /images/big_prod/3307215588154.jpg HTTP/1.1" 200 133481 "-" "Mozilla/5.0 (compatible; bingbot/2.0; +http://www.bing.com/bingbot.htm)"
66.249.66.64 - - [11/Jan/2021:11:53:46 +0100] "GET /images/med_prod/1341689805791.jpg HTTP/1.1" 200 122634 "-" "Googlebot-Image/1.0"
207.46.13.26 - - [11/Jan/2021:11:55:30 +0100] "GET /images/DSCN1754.jpg HTTP/1.1" 200 22080 "-" "Mozilla/5.0 (compatible; bingbot/2.0; +http://www.bing.com/bingbot.htm)"
207.46.13.36 - - [11/Jan/2021:11:55:41 +0100] "GET /images/3700276274989.jpg HTTP/1.1" 200 20725 "-" "Mozilla/5.0 (compatible; bingbot/2.0; +http://www.bing.com/bingbot.htm)"
185.191.171.6 - - [11/Jan/2021:11:56:15 +0100] "GET /robots.txt HTTP/1.1" 200 2438 "-" "Mozilla/5.0 (compatible; SemrushBot/7~bl; +http://www.semrush.com/bot.html)"
157.55.39.220 - - [11/Jan/2021:11:59:11 +0100] "GET /highslide/highslide.js HTTP/1.1" 200 42909 "-" "Mozilla/5.0 (compatible; bingbot/2.0; +http://www.bing.com/bingbot.htm)"
157.55.39.110 - - [11/Jan/2021:11:59:32 +0100] "GET /images/B8412497371747B.jpg HTTP/1.1" 200 64604 "-" "Mozilla/5.0 (compatible; bingbot/2.0; +http://www.bing.com/bingbot.htm)"
207.46.13.26 - - [11/Jan/2021:12:00:20 +0100] "GET /images/3700235425650.jpg HTTP/1.1" 200 30102 "-" "Mozilla/5.0 (compatible; bingbot/2.0; +http://www.bing.com/bingbot.htm)"
