207.46.13.26 - - [11/Jan/2021:03:28:29 +0100] "GET /images/big_prod/9316188073332.jpg HTTP/1.1" 200 48804 "-" "Mozilla/5.0 (compatible; bingbot/2.0; +http://www.bing.com/bingbot.htm)"
40.77.167.56 - - [11/Jan/2021:03:29:10 +0100] "GET /images/med_prod/1341689801502.jpg HTTP/1.1" 200 129026 "-" "Mozilla/5.0 (compatible; bingbot/2.0; +http://www.bing.com/bingbot.htm)"
40.77.167.56 - - [11/Jan/2021:03:29:34 +0100] "GET /images/4007176125175.jpg HTTP/1.1" 200 17435 "-" "Mozilla/5.0 (compatible; bingbot/2.0; +http://www.bing.com/bingbot.htm)"
114.119.129.36 - - [11/Jan/2021:03:29:43 +0100] "GET /images/mini_prod/170208_102235_PEEL_tF7hca.jpg HTTP/1.1" 200 20652 "-" "Mozilla/5.0 (Linux; Android 7.0;) AppleWebKit/537.36 (KHTML, like Gecko) Mobile Safari/537.36 (compatible; PetalBot;+https://aspiegel.com/petalbot)"
157.55.39.22 - - [11/Jan/2021:03:29:54 +0100] "GET /images/big_prod/1384010207987.jpg HTTP/1.1" 200 140324 "-" "Mozilla/5.0 (compatible; bingbot/2.0; +http://www.bing.com/bingbot.htm)"
207.46.13.26 - - [11/Jan/2021:03:30:54 +0100] "GET /images/1399984254189.jpg HTTP/1.1" 200 217816 "-" "Mozilla/5.0 (compatible; bingbot/2.0; +http://www.bing.com/bingbot.htm)"
185.191.171.3 - - [11/Jan/2021:03:31:26 +0100] "GET /robots.txt HTTP/1.1" 200 2438 "-" "Mozilla/5.0 (compatible; SemrushBot/7~bl; +http://www.semrush.com/bot.html)"
207.46.13.26 - - [11/Jan/2021:03:32:04 +0100] "GET /images/big_prod/1384010184493.jpg HTTP/1.1" 200 92686 "-" "Mozilla/5.0 (compatible; bingbot/2.0; +http://www.bing.com/bingbot.htm)"
114.119.129.36 - - [11/Jan/2021:03:34:07 +0100] "GET /images/big_prod/3012585002239.jpg HTTP/1.1" 200 135572 "-" "Mozilla/5.0 (Linux; Android 7.0;) AppleWebKit/537.36 (KHTML, like Gecko) Mobile Safari/537.36 (compatible; PetalBot;+https://aspiegel.com/petalbot)"
157.55.39.22 - - [11/Jan/2021:03:34:11 +0100] "GET /images/3438100341247.jpg HTTP/1.1" 200 18831 "-" "Mozilla/5.0 (compatible; bingbot/2.0; +http://www.bing.com/bingbot.htm)"
207.46.13.229 - - [11/Jan/2021:03:36:22 +0100] "GET /images/med_prod/1384010181928.jpg HTTP/1.1" 200 60708 "-" "Mozilla/5.0 (compatible; bingbot/2.0; +http://www.bing.com/bingbot.htm)"
17.58.101.147 - - [11/Jan/2021:03:36:55 +0100] "GET /images/mini_prod/3384656585089.jpg HTTP/1.1" 200 5124 "-" "Mozilla/5.0 (Macintosh; Intel Mac OS X 10_15_5) AppleWebKit/605.1.15 (KHTML, like Gecko) Version/13.1.1 Safari/605.1.15 (Applebot/0.1; +http://www.apple.com/go/applebot)"
157.55.39.22 - - [11/Jan/2021:03:37:24 +0100] "GET /images/5010065075092.jpg HTTP/1.1" 200 53154 "-" "Mozilla/5.0 (compatible; bingbot/2.0; +http://www.bing.com/bingbot.htm)"
207.46.13.26 - - [11/Jan/2021:03:38:15 +0100] "GET /images/big_prod_1/1028160011918N.jpg HTTP/1.1" 200 133465 "-" "Mozilla/5.0 (compatible; bingbot/2.0; +http://www.bing.com/bingbot.htm)"
207.46.13.26 - - [11/Jan/2021:03:38:15 +0100] "GET /images/donaldpouce.jpg HTTP/1.1" 200 18633 "-" "Mozilla/5.0 (compatible; bingbot/2.0; +http://www.bing.com/bingbot.htm)"
40.77.167.56 - - [11/Jan/2021:03:38:46 +0100] "GET /images/big_prod/5018997632116.jpg HTTP/1.1" 200 58688 "-" "Mozilla/5.0 (compatible; bingbot/2.0; +http://www.bing.com/bingbot.htm)"
207.46.13.229 - - [11/Jan/2021:03:39:31 +0100] "GET /images/big_prod/1384010204399.jpg HTTP/1.1" 200 58798 "-" "Mozilla/5.0 (compatible; bingbot/2.0; +http://www.bing.com/bingbot.htm)"
157.55.39.220 - - [11/Jan/2021:03:39:37 +0100] "GET /highslide/highslide.js HTTP/1.1" 200 42909 "-" "Mozilla/5.0 (compatible; bingbot/2.0; +http://www.bing.com/bingbot.htm)"
207.46.13.26 - - [11/Jan/2021:03:40:36 +0100] "GET /images/big_prod/3662049060444.jpg HTTP/1.1" 200 201082 "-" "Mozilla/5.0 (compatible; bingbot/2.0; +http://www.bing.com/bingbot.htm)"
157.55.39.110 - - [11/Jan/2021:03:40:43 +0100] "GET /images/1399984252161.jpg HTTP/1.1" 200 68676 "-" "Mozilla/5.0 (compatible; bingbot/2.0; +http://www.bing.com/bingbot.htm)"
157.55.39.110 - - [11/Jan/2021:03:40:43 +0100] "GET /images/big_prod/4010070323318.jpg HTTP/1.1" 200 136682 "-" "Mozilla/5.0 (compatible; bingbot/2.0; +http://www.bing.com/bingbot.htm)"
40.77.167.56 - - [11/Jan/2021:03:41:10 +0100] "GET /images/8423599064406.jpg HTTP/1.1" 200 31463 "-" "Mozilla/5.0 (compatible; bingbot/2.0; +http://www.bing.com/bingbot.htm)"
157.55.39.220 - - [11/Jan/2021:03:42:31 +0100] "GET /images/big_prod/8422020139447.jpg HTTP/1.1" 200 42361 "-" "Mozilla/5.0 (compatible; bingbot/2.0; +http://www.bing.com/bingbot.htm)"
157.55.39.220 - - [11/Jan/2021:03:42:31 +0100] "GET /images/DSCN5292.jpg HTTP/1.1" 200 24908 "-" "Mozilla/5.0 (compatible; bingbot/2.0; +http://www.bing.com/bingbot.htm)"
40.77.167.56 - - [11/Jan/2021:03:42:52 +0100] "GET /images/J1399984249239J.jpg HTTP/1.1" 200 223438 "-" "Mozilla/5.0 (compatible; bingbot/2.0; +http://www.bing.com/bingbot.htm)"
207.46.13.26 - - [11/Jan/2021:03:44:54 +0100] "GET /images/med_prod/3760226372530.jpg HTTP/1.1" 200 97032 "-" "Mozilla/5.0 (compatible; bingbot/2.0; +http://www.bing.com/bingbot.htm)"
157.55.39.220 - - [11/Jan/2021:03:45:02 +0100] "GET /images/big_prod/8011717796409.jpg HTTP/1.1" 200 125234 "-" "Mozilla/5.0 (compatible; bingbot/2.0; +http://www.bing.com/bingbot.htm)"
157.55.39.22 - - [11/Jan/2021:03:46:55 +0100] "GET /images/C11379caliente.jpg HTTP/1.1" 200 52090 "-" "Mozilla/5.0 (compatible; bingbot/2.0; +http://www.bing.com/bingbot.htm)"
207.46.13.229 - - [11/Jan/2021:03:47:33 +0100] "GET /images/big_prod/8011717795945.jpg HTTP/1.1" 200 101360 "-" "Mozilla/5.0 (compatible; bingbot/2.0; +http://www.bing.com/bingbot.htm)"
207.46.13.26 - - [11/Jan/2021:03:51:06 +0100] "GET /images/3681643301715.jpg HTTP/1.1" 200 22050 "-" "Mozilla/5.0 (compatible; bingbot/2.0; +http://www.bing.com/bingbot.htm)"
40.77.167.56 - - [11/Jan/2021:03:51:31 +0100] "GET /images/1399984241981.jpg HTTP/1.1" 200 68456 "-" "Mozilla/5.0 (compatible; bingbot/2.0; +http://www.bing.com/bingbot.htm)"
114.119.130.202 - - [11/Jan/2021:03:51:39 +0100] "GET /images/mini_prod/3700829400131N.jpg HTTP/1.1" 200 4322 "-" "Mozilla/5.0 (Linux; Android 7.0;) AppleWebKit/537.36 (KHTML, like Gecko) Mobile Safari/537.36 (compatible; PetalBot;+https://aspiegel.com/petalbot)"
40.77.167.56 - - [11/Jan/2021:03:51:54 +0100] "GET /images/med_prod/8430269235240.jpg HTTP/1.1" 200 95600 "-" "Mozilla/5.0 (compatible; bingbot/2.0; +http://www.bing.com/bingbot.htm)"
207.46.13.239 - - [11/Jan/2021:03:52:53 +0100] "GET /images/8028501267021B.jpg HTTP/1.1" 200 72308 "-" "Mozilla/5.0 (compatible; bingbot/2.0; +http://www.bing.com/bingbot.htm)"
40.77.167.56 - - [11/Jan/2021:03:52:58 +0100] "GET /images/big_prod/b045544960052.jpg HTTP/1.1" 200 103034 "-" "Mozilla/5.0 (compatible; bingbot/2.0; +http://www.bing.com/bingbot.htm)"
207.46.13.229 - - [11/Jan/2021:03:53:26 +0100] "GET /images/4007176129319.jpg HTTP/1.1" 200 49485 "-" "Mozilla/5.0 (compatible; bingbot/2.0; +http://www.bing.com/bingbot.htm)"
207.46.13.229 - - [11/Jan/2021:03:53:27 +0100] "GET /images/big_prod_1/1345544960069b.jpg HTTP/1.1" 200 63675 "-" "Mozilla/5.0 (compatible; bingbot/2.0; +http://www.bing.com/bingbot.htm)"
157.55.39.220 - - [11/Jan/2021:03:53:51 +0100] "GET /images/4008789048202.jpg HTTP/1.1" 200 159950 "-" "Mozilla/5.0 (compatible; bingbot/2.0; +http://www.bing.com/bingbot.htm)"
207.46.13.229 - - [11/Jan/2021:03:54:25 +0100] "GET /images/med_prod/3520071097725.jpg HTTP/1.1" 200 59598 "-" "Mozilla/5.0 (compatible; bingbot/2.0; +http://www.bing.com/bingbot.htm)"
40.77.167.56 - - [11/Jan/2021:03:54:32 +0100] "GET /images/big_prod/3520071760056.jpg HTTP/1.1" 200 66622 "-" "Mozilla/5.0 (compatible; bingbot/2.0; +http://www.bing.com/bingbot.htm)"
207.46.13.229 - - [11/Jan/2021:03:54:56 +0100] "GET /images/big_prod/1310000010169.jpg HTTP/1.1" 200 57042 "-" "Mozilla/5.0 (compatible; bingbot/2.0; +http://www.bing.com/bingbot.htm)"
114.119.130.202 - - [11/Jan/2021:03:55:55 +0100] "GET /images/big_prod/1399986100033.jpg HTTP/1.1" 200 117857 "-" "Mozilla/5.0 (Linux; Android 7.0;) AppleWebKit/537.36 (KHTML, like Gecko) Mobile Safari/537.36 (compatible; PetalBot;+https://aspiegel.com/petalbot)"
189.4.82.102 - - [11/Jan/2021:03:56:06 +0100] "GET /images/big_prod/1304038301153.jpg HTTP/1.1" 200 60673 "-" "Dalvik/2.1.0 (Linux; U; Android 9; SM-J415G Build/PPR1.180610.011)"
207.46.13.26 - - [11/Jan/2021:03:56:08 +0100] "GET /images/med_prod/7316197615600.jpg HTTP/1.1" 200 242118 "-" "Mozilla/5.0 (compatible; bingbot/2.0; +http://www.bing.com/bingbot.htm)"
54.37.150.251 - - [11/Jan/2021:03:56:48 +0100] "GET /images/big_prod_3/028399270200c.jpg HTTP/1.1" 200 186910 "-" "-"
54.37.150.251 - - [11/Jan/2021:03:56:48 +0100] "GET /images/big_prod_1/028399270200a.jpg HTTP/1.1" 200 199915 "-" "-"
54.37.150.251 - - [11/Jan/2021:03:57:08 +0100] "GET /images/big_prod_2/028399270200b.jpg HTTP/1.1" 200 193744 "-" "-"
207.46.13.229 - - [11/Jan/2021:03:57:28 +0100] "GET /images/1399984252543.jpg HTTP/1.1" 200 80157 "-" "Mozilla/5.0 (compatible; bingbot/2.0; +http://www.bing.com/bingbot.htm)"
207.46.13.239 - - [11/Jan/2021:03:57:38 +0100] "GET /images/med_prod/8435306283031.jpg HTTP/1.1" 200 97083 "-" "Mozilla/5.0 (compatible; bingbot/2.0; +http://www.bing.com/bingbot.htm)"
207.46.13.36 - - [11/Jan/2021:03:57:48 +0100] "GET /images/big_prod/4045233009549.jpg HTTP/1.1" 200 164427 "-" "Mozilla/5.0 (compatible; bingbot/2.0; +http://www.bing.com/bingbot.htm)"
40.77.167.56 - - [11/Jan/2021:03:57:54 +0100] "GET /images/8435306267031.jpg HTTP/1.1" 200 120584 "-" "Mozilla/5.0 (compatible; bingbot/2.0; +http://www.bing.com/bingbot.htm)"
157.55.39.22 - - [11/Jan/2021:03:59:26 +0100] "GET /images/med_prod/5013138643839.jpg HTTP/1.1" 200 97209 "-" "Mozilla/5.0 (compatible; bingbot/2.0; +http://www.bing.com/bingbot.htm)"
207.46.13.239 - - [11/Jan/2021:03:59:59 +0100] "GET /images/4007176124222.jpg HTTP/1.1" 200 28685 "-" "Mozilla/5.0 (compatible; bingbot/2.0; +http://www.bing.com/bingbot.htm)"
114.119.147.45 - - [11/Jan/2021:04:00:18 +0100] "GET /images/big_prod/8433933107041.jpg HTTP/1.1" 200 109666 "-" "Mozilla/5.0 (Linux; Android 7.0;) AppleWebKit/537.36 (KHTML, like Gecko) Mobile Safari/537.36 (compatible; PetalBot;+https://aspiegel.com/petalbot)"
40.77.167.56 - - [11/Jan/2021:04:02:15 +0100] "GET /images/big_prod/5018997613061.jpg HTTP/1.1" 200 122856 "-" "Mozilla/5.0 (compatible; bingbot/2.0; +http://www.bing.com/bingbot.htm)"
185.191.171.39 - - [11/Jan/2021:04:04:27 +0100] "GET /robots.txt HTTP/1.1" 200 2438 "-" "Mozilla/5.0 (compatible; SemrushBot/7~bl; +http://www.semrush.com/bot.html)"
114.119.130.202 - - [11/Jan/2021:04:04:41 +0100] "GET /images/1300010239759.jpg HTTP/1.1" 200 78673 "-" "Mozilla/5.0 (Linux; Android 7.0;) AppleWebKit/537.36 (KHTML, like Gecko) Mobile Safari/537.36 (compatible; PetalBot;+https://aspiegel.com/petalbot)"
66.249.66.95 - - [11/Jan/2021:04:05:27 +0100] "GET /images/big_prod_2/4250255859175c.jpg HTTP/1.1" 200 68153 "-" "Googlebot-Image/1.0"
207.46.13.36 - - [11/Jan/2021:04:06:09 +0100] "GET /images/big_prod/5027148061767.jpg HTTP/1.1" 200 56254 "-" "Mozilla/5.0 (compatible; bingbot/2.0; +http://www.bing.com/bingbot.htm)"
114.119.130.202 - - [11/Jan/2021:04:09:04 +0100] "GET /images/big_prod/3665269006360.jpg HTTP/1.1" 200 56070 "-" "Mozilla/5.0 (Linux; Android 7.0;) AppleWebKit/537.36 (KHTML, like Gecko) Mobile Safari/537.36 (compatible; PetalBot;+https://aspiegel.com/petalbot)"
207.46.13.229 - - [11/Jan/2021:04:09:40 +0100] "GET /images/big_prod/8433933141298N.jpg HTTP/1.1" 200 119729 "-" "Mozilla/5.0 (compatible; bingbot/2.0; +http://www.bing.com/bingbot.htm)"
40.77.167.56 - - [11/Jan/2021:04:11:46 +0100] "GET /images/c4010070229269.jpg HTTP/1.1" 200 90993 "-" "Mozilla/5.0 (compatible; bingbot/2.0; +http://www.bing.com/bingbot.htm)"
40.77.167.56 - - [11/Jan/2021:04:12:58 +0100] "GET /images/8435333831632.jpg HTTP/1.1" 200 68249 "-" "Mozilla/5.0 (compatible; bingbot/2.0; +http://www.bing.com/bingbot.htm)"
114.119.130.202 - - [11/Jan/2021:04:13:26 +0100] "GET /images/mini_prod/8433933773765.jpg HTTP/1.1" 200 8240 "-" "Mozilla/5.0 (Linux; Android 7.0;) AppleWebKit/537.36 (KHTML, like Gecko) Mobile Safari/537.36 (compatible; PetalBot;+https://aspiegel.com/petalbot)"
207.46.13.26 - - [11/Jan/2021:04:13:38 +0100] "GET /images/7316191504764.jpg HTTP/1.1" 200 43007 "-" "Mozilla/5.0 (compatible; bingbot/2.0; +http://www.bing.com/bingbot.htm)"
207.46.13.36 - - [11/Jan/2021:04:13:50 +0100] "GET /images/1399984246979.gif HTTP/1.1" 200 74651 "-" "Mozilla/5.0 (compatible; bingbot/2.0; +http://www.bing.com/bingbot.htm)"
207.46.13.26 - - [11/Jan/2021:04:13:59 +0100] "GET /images/med_prod/8435306283048.jpg HTTP/1.1" 200 111250 "-" "Mozilla/5.0 (compatible; bingbot/2.0; +http://www.bing.com/bingbot.htm)"
157.55.39.22 - - [11/Jan/2021:04:15:48 +0100] "GET /images/DSCN4046.jpg HTTP/1.1" 200 21523 "-" "Mozilla/5.0 (compatible; bingbot/2.0; +http://www.bing.com/bingbot.htm)"
207.46.13.36 - - [11/Jan/2021:04:15:53 +0100] "GET /images/big_prod/3700653512291.jpg HTTP/1.1" 200 40301 "-" "Mozilla/5.0 (compatible; bingbot/2.0; +http://www.bing.com/bingbot.htm)"
207.46.13.229 - - [11/Jan/2021:04:16:01 +0100] "GET /images/big_prod_2/1345544939966c.jpg HTTP/1.1" 200 90836 "-" "Mozilla/5.0 (compatible; bingbot/2.0; +http://www.bing.com/bingbot.htm)"
77.75.76.171 - - [11/Jan/2021:04:16:49 +0100] "GET /robots.txt HTTP/1.1" 200 2438 "-" "Mozilla/5.0 (compatible; SeznamBot/3.2; +http://napoveda.seznam.cz/en/seznambot-intro/)"
114.119.144.233 - - [11/Jan/2021:04:17:53 +0100] "GET /images/big_prod_2/8424346365937C.jpg HTTP/1.1" 200 114682 "-" "Mozilla/5.0 (Linux; Android 7.0;) AppleWebKit/537.36 (KHTML, like Gecko) Mobile Safari/537.36 (compatible; PetalBot;+https://aspiegel.com/petalbot)"
157.55.39.220 - - [11/Jan/2021:04:18:31 +0100] "GET /highslide/highslide.js HTTP/1.1" 200 42909 "-" "Mozilla/5.0 (compatible; bingbot/2.0; +http://www.bing.com/bingbot.htm)"
207.46.13.26 - - [11/Jan/2021:04:20:40 +0100] "GET /images/5010994693749.jpg HTTP/1.1" 200 48281 "-" "Mozilla/5.0 (compatible; bingbot/2.0; +http://www.bing.com/bingbot.htm)"
207.46.13.26 - - [11/Jan/2021:04:20:40 +0100] "GET /images/big_prod/5018997632079.jpg HTTP/1.1" 200 85727 "-" "Mozilla/5.0 (compatible; bingbot/2.0; +http://www.bing.com/bingbot.htm)"
207.46.13.26 - - [11/Jan/2021:04:21:40 +0100] "GET /images/med_prod/3520071399256N.jpg HTTP/1.1" 200 69092 "-" "Mozilla/5.0 (compatible; bingbot/2.0; +http://www.bing.com/bingbot.htm)"
40.77.167.56 - - [11/Jan/2021:04:21:46 +0100] "GET /images/mini_prod/8718317653162.jpg HTTP/1.1" 200 10146 "-" "Mozilla/5.0 (compatible; bingbot/2.0; +http://www.bing.com/bingbot.htm)"
207.46.13.26 - - [11/Jan/2021:04:22:10 +0100] "GET /images/36DSCN8194.jpg HTTP/1.1" 200 34728 "-" "Mozilla/5.0 (compatible; bingbot/2.0; +http://www.bing.com/bingbot.htm)"
114.119.130.202 - - [11/Jan/2021:04:22:13 +0100] "GET /images/mini_prod/3503420121425.jpg HTTP/1.1" 200 7676 "-" "Mozilla/5.0 (Linux; Android 7.0;) AppleWebKit/537.36 (KHTML, like Gecko) Mobile Safari/537.36 (compatible; PetalBot;+https://aspiegel.com/petalbot)"
35.231.172.79 - - [11/Jan/2021:04:22:15 +0100] "GET /robots.txt HTTP/1.0" 200 2438 "-" "ZoominfoBot (zoominfobot at zoominfo dot com)"
207.46.13.239 - - [11/Jan/2021:04:22:31 +0100] "GET /images/big_prod/1399980107755.jpg HTTP/1.1" 200 177254 "-" "Mozilla/5.0 (compatible; bingbot/2.0; +http://www.bing.com/bingbot.htm)"
17.58.101.147 - - [11/Jan/2021:04:23:07 +0100] "GET /images/mini_prod/1384010203095.jpg HTTP/1.1" 200 8521 "-" "Mozilla/5.0 (Macintosh; Intel Mac OS X 10_15_5) AppleWebKit/605.1.15 (KHTML, like Gecko) Version/13.1.1 Safari/605.1.15 (Applebot/0.1; +http://www.apple.com/go/applebot)"
207.46.13.36 - - [11/Jan/2021:04:23:21 +0100] "GET /images/1399984236093.jpg HTTP/1.1" 200 104074 "-" "Mozilla/5.0 (compatible; bingbot/2.0; +http://www.bing.com/bingbot.htm)"
207.46.13.229 - - [11/Jan/2021:04:24:33 +0100] "GET /images/med_prod/8435333834480.jpg HTTP/1.1" 200 54561 "-" "Mozilla/5.0 (compatible; bingbot/2.0; +http://www.bing.com/bingbot.htm)"
114.119.129.36 - - [11/Jan/2021:04:26:29 +0100] "GET /images/mini_prod/5027148062337.jpg HTTP/1.1" 200 7365 "-" "Mozilla/5.0 (Linux; Android 7.0;) AppleWebKit/537.36 (KHTML, like Gecko) Mobile Safari/537.36 (compatible; PetalBot;+https://aspiegel.com/petalbot)"
207.46.13.36 - - [11/Jan/2021:04:26:41 +0100] "GET /images/big_prod/1384010184486.jpg HTTP/1.1" 200 120532 "-" "Mozilla/5.0 (compatible; bingbot/2.0; +http://www.bing.com/bingbot.htm)"
35.231.172.79 - - [11/Jan/2021:04:27:03 +0100] "GET /robots.txt HTTP/1.1" 200 2438 "-" "ZoominfoBot (zoominfobot at zoominfo dot com)"
207.46.13.229 - - [11/Jan/2021:04:28:25 +0100] "GET /images/big_prod/klimt4.jpg HTTP/1.1" 200 130360 "-" "Mozilla/5.0 (compatible; bingbot/2.0; +http://www.bing.com/bingbot.htm)"
207.46.13.26 - - [11/Jan/2021:04:28:31 +0100] "GET /images/big_prod/1341689160111.jpg HTTP/1.1" 200 108727 "-" "Mozilla/5.0 (compatible; bingbot/2.0; +http://www.bing.com/bingbot.htm)"
1.129.110.70 - - [11/Jan/2021:04:30:49 +0100] "GET /images/4008421369072.jpg HTTP/1.1" 200 38659 "-" "Dalvik/2.1.0 (Linux; U; Android 9; SM-T290 Build/PPR1.180610.011)"
114.119.151.113 - - [11/Jan/2021:04:30:52 +0100] "GET /images/big_prod/8719497617449b.jpg HTTP/1.1" 200 119437 "-" "Mozilla/5.0 (Linux; Android 7.0;) AppleWebKit/537.36 (KHTML, like Gecko) Mobile Safari/537.36 (compatible; PetalBot;+https://aspiegel.com/petalbot)"
207.46.13.36 - - [11/Jan/2021:04:32:01 +0100] "GET /images/4012390362541.jpg HTTP/1.1" 200 33568 "-" "Mozilla/5.0 (compatible; bingbot/2.0; +http://www.bing.com/bingbot.htm)"
157.55.39.220 - - [11/Jan/2021:04:32:06 +0100] "GET /images/big_prod/8435333807804.jpg HTTP/1.1" 200 103805 "-" "Mozilla/5.0 (compatible; bingbot/2.0; +http://www.bing.com/bingbot.htm)"
207.46.13.229 - - [11/Jan/2021:04:33:03 +0100] "GET /images/5411329064317.jpg HTTP/1.1" 200 41071 "-" "Mozilla/5.0 (compatible; bingbot/2.0; +http://www.bing.com/bingbot.htm)"
157.55.39.220 - - [11/Jan/2021:04:33:08 +0100] "GET /images/med_prod/4029811349050.jpg HTTP/1.1" 200 47277 "-" "Mozilla/5.0 (compatible; bingbot/2.0; +http://www.bing.com/bingbot.htm)"
157.55.39.110 - - [11/Jan/2021:04:33:48 +0100] "GET /images/big_prod/1304038301221.jpg HTTP/1.1" 200 64991 "-" "Mozilla/5.0 (compatible; bingbot/2.0; +http://www.bing.com/bingbot.htm)"
207.46.13.26 - - [11/Jan/2021:04:34:09 +0100] "GET /images/3438100351949.jpg HTTP/1.1" 200 64484 "-" "Mozilla/5.0 (compatible; bingbot/2.0; +http://www.bing.com/bingbot.htm)"
207.46.13.26 - - [11/Jan/2021:04:35:09 +0100] "GET /images/4008789048233.jpg HTTP/1.1" 200 141985 "-" "Mozilla/5.0 (compatible; bingbot/2.0; +http://www.bing.com/bingbot.htm)"
114.119.158.196 - - [11/Jan/2021:04:35:15 +0100] "GET /images/big_prod/3014627932535.jpg HTTP/1.1" 200 102121 "-" "Mozilla/5.0 (Linux; Android 7.0;) AppleWebKit/537.36 (KHTML, like Gecko) Mobile Safari/537.36 (compatible; PetalBot;+https://aspiegel.com/petalbot)"
40.77.167.56 - - [11/Jan/2021:04:35:59 +0100] "GET /images/mini_prod/8717318049912.jpg HTTP/1.1" 200 7748 "-" "Mozilla/5.0 (compatible; bingbot/2.0; +http://www.bing.com/bingbot.htm)"
207.46.13.36 - - [11/Jan/2021:04:36:05 +0100] "GET /images/big_prod/5018997622070.jpg HTTP/1.1" 200 252675 "-" "Mozilla/5.0 (compatible; bingbot/2.0; +http://www.bing.com/bingbot.htm)"
157.55.39.110 - - [11/Jan/2021:04:36:21 +0100] "GET /images/med_prod/5415203585219.jpg HTTP/1.1" 200 67299 "-" "Mozilla/5.0 (compatible; bingbot/2.0; +http://www.bing.com/bingbot.htm)"
157.55.39.22 - - [11/Jan/2021:04:36:31 +0100] "GET /images/3784276293287.jpg HTTP/1.1" 200 60064 "-" "Mozilla/5.0 (compatible; bingbot/2.0; +http://www.bing.com/bingbot.htm)"
185.191.171.1 - - [11/Jan/2021:04:38:22 +0100] "GET /robots.txt HTTP/1.1" 200 2438 "-" "Mozilla/5.0 (compatible; SemrushBot/7~bl; +http://www.semrush.com/bot.html)"
114.119.145.117 - - [11/Jan/2021:04:39:38 +0100] "GET /images/big_prod_2/8424015226460C.jpg HTTP/1.1" 200 107377 "-" "Mozilla/5.0 (Linux; Android 7.0;) AppleWebKit/537.36 (KHTML, like Gecko) Mobile Safari/537.36 (compatible; PetalBot;+https://aspiegel.com/petalbot)"
40.77.167.56 - - [11/Jan/2021:04:40:24 +0100] "GET /images/big_prod_1/b3032160040494.jpg HTTP/1.1" 200 105777 "-" "Mozilla/5.0 (compatible; bingbot/2.0; +http://www.bing.com/bingbot.htm)"
157.55.39.220 - - [11/Jan/2021:04:43:36 +0100] "GET /images/3760194750347.jpg HTTP/1.1" 200 15116 "-" "Mozilla/5.0 (compatible; bingbot/2.0; +http://www.bing.com/bingbot.htm)"
207.46.13.26 - - [11/Jan/2021:04:43:42 +0100] "GET /images/5901130026753.jpg HTTP/1.1" 200 56782 "-" "Mozilla/5.0 (compatible; bingbot/2.0; +http://www.bing.com/bingbot.htm)"
157.55.39.220 - - [11/Jan/2021:04:44:37 +0100] "GET /images/1399984280126.jpg HTTP/1.1" 200 114963 "-" "Mozilla/5.0 (compatible; bingbot/2.0; +http://www.bing.com/bingbot.htm)"
40.77.167.56 - - [11/Jan/2021:04:45:06 +0100] "GET /images/4895028507718.jpg HTTP/1.1" 200 114064 "-" "Mozilla/5.0 (compatible; bingbot/2.0; +http://www.bing.com/bingbot.htm)"
207.46.13.229 - - [11/Jan/2021:04:45:37 +0100] "GET /images/big_prod/8422011475974.jpg HTTP/1.1" 200 54430 "-" "Mozilla/5.0 (compatible; bingbot/2.0; +http://www.bing.com/bingbot.htm)"
207.46.13.26 - - [11/Jan/2021:04:46:05 +0100] "GET /images/8435141376134.jpg HTTP/1.1" 200 45100 "-" "Mozilla/5.0 (compatible; bingbot/2.0; +http://www.bing.com/bingbot.htm)"
17.58.101.147 - - [11/Jan/2021:04:48:11 +0100] "GET /images/mini_prod/3442440105858.jpg HTTP/1.1" 200 3696 "-" "Mozilla/5.0 (Macintosh; Intel Mac OS X 10_15_5) AppleWebKit/605.1.15 (KHTML, like Gecko) Version/13.1.1 Safari/605.1.15 (Applebot/0.1; +http://www.apple.com/go/applebot)"
207.46.13.239 - - [11/Jan/2021:04:48:14 +0100] "GET /images/8422360068315.jpg HTTP/1.1" 200 39915 "-" "Mozilla/5.0 (compatible; bingbot/2.0; +http://www.bing.com/bingbot.htm)"
114.119.130.202 - - [11/Jan/2021:04:48:24 +0100] "GET /images/big_prod_1/8424346084586B.jpg HTTP/1.1" 200 195810 "-" "Mozilla/5.0 (Linux; Android 7.0;) AppleWebKit/537.36 (KHTML, like Gecko) Mobile Safari/537.36 (compatible; PetalBot;+https://aspiegel.com/petalbot)"
157.55.39.220 - - [11/Jan/2021:04:48:38 +0100] "GET /images/1308421360833.jpg HTTP/1.1" 200 174748 "-" "Mozilla/5.0 (compatible; bingbot/2.0; +http://www.bing.com/bingbot.htm)"
40.77.167.56 - - [11/Jan/2021:04:49:17 +0100] "GET /images/med_prod/1399984288900.jpg HTTP/1.1" 200 92940 "-" "Mozilla/5.0 (compatible; bingbot/2.0; +http://www.bing.com/bingbot.htm)"
207.46.13.229 - - [11/Jan/2021:04:49:49 +0100] "GET /images/big_prod_1/3700407618569A.jpg HTTP/1.1" 200 78746 "-" "Mozilla/5.0 (compatible; bingbot/2.0; +http://www.bing.com/bingbot.htm)"
157.55.39.220 - - [11/Jan/2021:04:50:28 +0100] "GET /images/1399984251805.jpg HTTP/1.1" 200 96931 "-" "Mozilla/5.0 (compatible; bingbot/2.0; +http://www.bing.com/bingbot.htm)"
207.46.13.239 - - [11/Jan/2021:04:52:36 +0100] "GET /images/big_prod/8717318154029.jpg HTTP/1.1" 200 88412 "-" "Mozilla/5.0 (compatible; bingbot/2.0; +http://www.bing.com/bingbot.htm)"
207.46.13.26 - - [11/Jan/2021:04:52:54 +0100] "GET /images/big_prod/8435306270062.jpg HTTP/1.1" 200 92313 "-" "Mozilla/5.0 (compatible; bingbot/2.0; +http://www.bing.com/bingbot.htm)"
157.55.39.110 - - [11/Jan/2021:04:53:10 +0100] "GET /images/med_prod/8435306290558.jpg HTTP/1.1" 200 133936 "-" "Mozilla/5.0 (compatible; bingbot/2.0; +http://www.bing.com/bingbot.htm)"
207.46.13.26 - - [11/Jan/2021:04:53:43 +0100] "GET /images/med_prod/00039897677330.jpg HTTP/1.1" 200 73307 "-" "Mozilla/5.0 (compatible; bingbot/2.0; +http://www.bing.com/bingbot.htm)"
5.255.231.71 - - [11/Jan/2021:04:54:59 +0100] "GET /robots.txt HTTP/1.1" 200 2438 "-" "Mozilla/5.0 (compatible; YandexBot/3.0; +http://yandex.com/bots)"
40.77.167.56 - - [11/Jan/2021:04:56:10 +0100] "GET /images/big_prod/3453131144940.jpg HTTP/1.1" 200 153664 "-" "Mozilla/5.0 (compatible; bingbot/2.0; +http://www.bing.com/bingbot.htm)"
157.55.39.22 - - [11/Jan/2021:04:56:49 +0100] "GET /images/3438100330586.jpg HTTP/1.1" 200 40730 "-" "Mozilla/5.0 (compatible; bingbot/2.0; +http://www.bing.com/bingbot.htm)"
157.55.39.22 - - [11/Jan/2021:04:56:50 +0100] "GET /images/med_prod/3700789214632.jpg HTTP/1.1" 200 139889 "-" "Mozilla/5.0 (compatible; bingbot/2.0; +http://www.bing.com/bingbot.htm)"
207.46.13.26 - - [11/Jan/2021:04:57:56 +0100] "GET /images/big_prod/3609810083325b.jpg HTTP/1.1" 200 75561 "-" "Mozilla/5.0 (compatible; bingbot/2.0; +http://www.bing.com/bingbot.htm)"
207.46.13.229 - - [11/Jan/2021:04:58:11 +0100] "GET /images/mini_prod/8717202559831.jpg HTTP/1.1" 200 3699 "-" "Mozilla/5.0 (compatible; bingbot/2.0; +http://www.bing.com/bingbot.htm)"
40.77.167.56 - - [11/Jan/2021:04:59:13 +0100] "GET /images/pyjama2009dbzbleu.jpg HTTP/1.1" 200 18566 "-" "Mozilla/5.0 (compatible; bingbot/2.0; +http://www.bing.com/bingbot.htm)"
40.77.167.56 - - [11/Jan/2021:05:00:31 +0100] "GET /images/big_prod/JASMINERACINGBOUDOIR.jpg HTTP/1.1" 200 73488 "-" "Mozilla/5.0 (compatible; bingbot/2.0; +http://www.bing.com/bingbot.htm)"
207.46.13.26 - - [11/Jan/2021:05:01:02 +0100] "GET /images/big_prod/5406924021049.jpg HTTP/1.1" 200 29717 "-" "Mozilla/5.0 (compatible; bingbot/2.0; +http://www.bing.com/bingbot.htm)"
207.46.13.239 - - [11/Jan/2021:05:04:14 +0100] "GET /images/big_prod/8433933445907.jpg HTTP/1.1" 200 73641 "-" "Mozilla/5.0 (compatible; bingbot/2.0; +http://www.bing.com/bingbot.htm)"
207.46.13.26 - - [11/Jan/2021:05:05:26 +0100] "GET /images/big_prod/8422096017618.jpg HTTP/1.1" 200 110371 "-" "Mozilla/5.0 (compatible; bingbot/2.0; +http://www.bing.com/bingbot.htm)"
157.55.39.220 - - [11/Jan/2021:05:07:19 +0100] "GET /images/1020322250364.jpg HTTP/1.1" 200 17968 "-" "Mozilla/5.0 (compatible; bingbot/2.0; +http://www.bing.com/bingbot.htm)"
207.46.13.36 - - [11/Jan/2021:05:07:28 +0100] "GET /images/big_prod/045544960090.jpg HTTP/1.1" 200 122129 "-" "Mozilla/5.0 (compatible; bingbot/2.0; +http://www.bing.com/bingbot.htm)"
207.46.13.26 - - [11/Jan/2021:05:07:36 +0100] "GET /images/big_prod/8422001573390.jpg HTTP/1.1" 200 48933 "-" "Mozilla/5.0 (compatible; bingbot/2.0; +http://www.bing.com/bingbot.htm)"
207.46.13.239 - - [11/Jan/2021:05:07:46 +0100] "GET /images/big_prod_1/1348422000215.jpg HTTP/1.1" 200 365652 "-" "Mozilla/5.0 (compatible; bingbot/2.0; +http://www.bing.com/bingbot.htm)"
207.46.13.239 - - [11/Jan/2021:05:08:45 +0100] "GET /images/4027950.jpg HTTP/1.1" 200 39594 "-" "Mozilla/5.0 (compatible; bingbot/2.0; +http://www.bing.com/bingbot.htm)"
185.191.171.10 - - [11/Jan/2021:05:11:02 +0100] "GET /robots.txt HTTP/1.1" 200 2438 "-" "Mozilla/5.0 (compatible; SemrushBot/7~bl; +http://www.semrush.com/bot.html)"
157.55.39.220 - - [11/Jan/2021:05:11:47 +0100] "GET /highslide/highslide.js HTTP/1.1" 200 42909 "-" "Mozilla/5.0 (compatible; bingbot/2.0; +http://www.bing.com/bingbot.htm)"
207.46.13.229 - - [11/Jan/2021:05:12:42 +0100] "GET /images/big_prod/1304038301153.jpg HTTP/1.1" 200 60673 "-" "Mozilla/5.0 (compatible; bingbot/2.0; +http://www.bing.com/bingbot.htm)"
207.46.13.239 - - [11/Jan/2021:05:13:06 +0100] "GET /images/med_prod/3354370000342.jpg HTTP/1.1" 200 62231 "-" "Mozilla/5.0 (compatible; bingbot/2.0; +http://www.bing.com/bingbot.htm)"
157.55.39.110 - - [11/Jan/2021:05:13:32 +0100] "GET /images/8432699066869.jpg HTTP/1.1" 200 49120 "-" "Mozilla/5.0 (compatible; bingbot/2.0; +http://www.bing.com/bingbot.htm)"
207.46.13.239 - - [11/Jan/2021:05:13:40 +0100] "GET /images/big_prod/8717318172405.jpg HTTP/1.1" 200 109030 "-" "Mozilla/5.0 (compatible; bingbot/2.0; +http://www.bing.com/bingbot.htm)"
207.46.13.239 - - [11/Jan/2021:05:14:49 +0100] "GET /images/8435333807729.jpg HTTP/1.1" 200 99416 "-" "Mozilla/5.0 (compatible; bingbot/2.0; +http://www.bing.com/bingbot.htm)"
207.46.13.239 - - [11/Jan/2021:05:15:08 +0100] "GET /images/30300.jpg HTTP/1.1" 200 29711 "-" "Mozilla/5.0 (compatible; bingbot/2.0; +http://www.bing.com/bingbot.htm)"
157.55.39.22 - - [11/Jan/2021:05:16:15 +0100] "GET /images/5610401603967.jpg HTTP/1.1" 200 28465 "-" "Mozilla/5.0 (compatible; bingbot/2.0; +http://www.bing.com/bingbot.htm)"
157.55.39.22 - - [11/Jan/2021:05:16:15 +0100] "GET /images/5010065083448.jpg HTTP/1.1" 200 56378 "-" "Mozilla/5.0 (compatible; bingbot/2.0; +http://www.bing.com/bingbot.htm)"
157.55.39.110 - - [11/Jan/2021:05:16:52 +0100] "GET /images/8435306225574.jpg HTTP/1.1" 200 42444 "-" "Mozilla/5.0 (compatible; bingbot/2.0; +http://www.bing.com/bingbot.htm)"
40.77.167.56 - - [11/Jan/2021:05:17:04 +0100] "GET /images/med_prod/4010070303013.jpg HTTP/1.1" 200 157110 "-" "Mozilla/5.0 (compatible; bingbot/2.0; +http://www.bing.com/bingbot.htm)"
17.58.101.147 - - [11/Jan/2021:05:17:07 +0100] "GET /images/mini_prod/8422024026026.jpg HTTP/1.1" 200 6235 "-" "Mozilla/5.0 (Macintosh; Intel Mac OS X 10_15_5) AppleWebKit/605.1.15 (KHTML, like Gecko) Version/13.1.1 Safari/605.1.15 (Applebot/0.1; +http://www.apple.com/go/applebot)"
157.55.39.220 - - [11/Jan/2021:05:18:39 +0100] "GET /images/big_prod/3453131129695.jpg HTTP/1.1" 200 91786 "-" "Mozilla/5.0 (compatible; bingbot/2.0; +http://www.bing.com/bingbot.htm)"
207.46.13.229 - - [11/Jan/2021:05:18:52 +0100] "GET /images/Pucca-Surfing-75x150.jpg HTTP/1.1" 200 47550 "-" "Mozilla/5.0 (compatible; bingbot/2.0; +http://www.bing.com/bingbot.htm)"
114.119.132.105 - - [11/Jan/2021:05:18:58 +0100] "GET /images/mini_prod/5415203601537.jpg HTTP/1.1" 200 3573 "-" "Mozilla/5.0 (Linux; Android 7.0;) AppleWebKit/537.36 (KHTML, like Gecko) Mobile Safari/537.36 (compatible; PetalBot;+https://aspiegel.com/petalbot)"
39.104.61.98 - - [11/Jan/2021:05:20:45 +0100] "GET /js/jquery.jqzoom.js HTTP/1.1" 200 4761 "http://www.wonder-geek.com/" "Mozilla/5.0 (Windows NT 10.0; Win64; x64) AppleWebKit/537.36 (KHTML, like Gecko) Chrome/80.0.3987.149 Safari/537.36"
39.104.61.98 - - [11/Jan/2021:05:20:45 +0100] "GET /highslide/highslide.js HTTP/1.1" 200 42909 "http://www.wonder-geek.com/" "Mozilla/5.0 (Windows NT 10.0; Win64; x64) AppleWebKit/537.36 (KHTML, like Gecko) Chrome/80.0.3987.149 Safari/537.36"
39.104.61.98 - - [11/Jan/2021:05:20:45 +0100] "GET /js/jquery.js HTTP/1.1" 200 54075 "http://www.wonder-geek.com/" "Mozilla/5.0 (Windows NT 10.0; Win64; x64) AppleWebKit/537.36 (KHTML, like Gecko) Chrome/80.0.3987.149 Safari/537.36"
39.104.61.98 - - [11/Jan/2021:05:20:47 +0100] "GET /mondial_relay/js/jquery-1.3.2.min.js HTTP/1.1" 200 57254 "http://www.wonder-geek.com/" "Mozilla/5.0 (Windows NT 10.0; Win64; x64) AppleWebKit/537.36 (KHTML, like Gecko) Chrome/80.0.3987.149 Safari/537.36"
39.104.61.98 - - [11/Jan/2021:05:20:49 +0100] "GET /templates/Pixame_v1/stylesheet.css HTTP/1.1" 200 56057 "http://www.wonder-geek.com/" "Mozilla/5.0 (Windows NT 10.0; Win64; x64) AppleWebKit/537.36 (KHTML, like Gecko) Chrome/80.0.3987.149 Safari/537.36"
39.104.61.98 - - [11/Jan/2021:05:20:49 +0100] "GET /js/jquery.masonry.min.js HTTP/1.1" 200 5392 "http://www.wonder-geek.com/" "Mozilla/5.0 (Windows NT 10.0; Win64; x64) AppleWebKit/537.36 (KHTML, like Gecko) Chrome/80.0.3987.149 Safari/537.36"
39.104.61.98 - - [11/Jan/2021:05:20:50 +0100] "GET /js/modernizr-transitions.js HTTP/1.1" 200 2026 "http://www.wonder-geek.com/" "Mozilla/5.0 (Windows NT 10.0; Win64; x64) AppleWebKit/537.36 (KHTML, like Gecko) Chrome/80.0.3987.149 Safari/537.36"
39.104.61.98 - - [11/Jan/2021:05:20:50 +0100] "GET /templates/Pixame_v1/images/icon_accueil2.png HTTP/1.1" 200 1137 "http://www.wonder-geek.com/" "Mozilla/5.0 (Windows NT 10.0; Win64; x64) AppleWebKit/537.36 (KHTML, like Gecko) Chrome/80.0.3987.149 Safari/537.36"
39.104.61.98 - - [11/Jan/2021:05:20:50 +0100] "GET /templates/Pixame_v1/images/nav.png HTTP/1.1" 200 1283 "http://www.wonder-geek.com/templates/Pixame_v1/stylesheet.css" "Mozilla/5.0 (Windows NT 10.0; Win64; x64) AppleWebKit/537.36 (KHTML, like Gecko) Chrome/80.0.3987.149 Safari/537.36"
39.104.61.98 - - [11/Jan/2021:05:20:51 +0100] "GET /images/mini_prod/3700281645682.jpg HTTP/1.1" 200 7688 "http://www.wonder-geek.com/" "Mozilla/5.0 (Windows NT 10.0; Win64; x64) AppleWebKit/537.36 (KHTML, like Gecko) Chrome/80.0.3987.149 Safari/537.36"
39.104.61.98 - - [11/Jan/2021:05:20:51 +0100] "GET /templates/Pixame_v1/images/header.png HTTP/1.1" 200 70245 "http://www.wonder-geek.com/templates/Pixame_v1/stylesheet.css" "Mozilla/5.0 (Windows NT 10.0; Win64; x64) AppleWebKit/537.36 (KHTML, like Gecko) Chrome/80.0.3987.149 Safari/537.36"
39.104.61.98 - - [11/Jan/2021:05:20:52 +0100] "GET /design/productsenstock.png HTTP/1.1" 200 4743 "http://www.wonder-geek.com/templates/Pixame_v1/stylesheet.css" "Mozilla/5.0 (Windows NT 10.0; Win64; x64) AppleWebKit/537.36 (KHTML, like Gecko) Chrome/80.0.3987.149 Safari/537.36"
39.104.61.98 - - [11/Jan/2021:05:20:53 +0100] "GET /images/mini_prod/VANGOGH.jpg HTTP/1.1" 200 7416 "http://www.wonder-geek.com/" "Mozilla/5.0 (Windows NT 10.0; Win64; x64) AppleWebKit/537.36 (KHTML, like Gecko) Chrome/80.0.3987.149 Safari/537.36"
39.104.61.98 - - [11/Jan/2021:05:20:53 +0100] "GET /images/mini_prod/3609810093331.jpg HTTP/1.1" 200 8351 "http://www.wonder-geek.com/" "Mozilla/5.0 (Windows NT 10.0; Win64; x64) AppleWebKit/537.36 (KHTML, like Gecko) Chrome/80.0.3987.149 Safari/537.36"
39.104.61.98 - - [11/Jan/2021:05:20:53 +0100] "GET /images/mini_prod/3609810091238.jpg HTTP/1.1" 200 8502 "http://www.wonder-geek.com/" "Mozilla/5.0 (Windows NT 10.0; Win64; x64) AppleWebKit/537.36 (KHTML, like Gecko) Chrome/80.0.3987.149 Safari/537.36"
39.104.61.98 - - [11/Jan/2021:05:20:54 +0100] "GET /images/mini_prod/3609810091214.jpg HTTP/1.1" 200 7587 "http://www.wonder-geek.com/" "Mozilla/5.0 (Windows NT 10.0; Win64; x64) AppleWebKit/537.36 (KHTML, like Gecko) Chrome/80.0.3987.149 Safari/537.36"
39.104.61.98 - - [11/Jan/2021:05:20:54 +0100] "GET /images/mini_prod/8718375755112.jpg HTTP/1.1" 200 6943 "http://www.wonder-geek.com/" "Mozilla/5.0 (Windows NT 10.0; Win64; x64) AppleWebKit/537.36 (KHTML, like Gecko) Chrome/80.0.3987.149 Safari/537.36"
39.104.61.98 - - [11/Jan/2021:05:20:54 +0100] "GET /images/mini_prod/1328399270569.jpg HTTP/1.1" 200 6465 "http://www.wonder-geek.com/" "Mozilla/5.0 (Windows NT 10.0; Win64; x64) AppleWebKit/537.36 (KHTML, like Gecko) Chrome/80.0.3987.149 Safari/537.36"
39.104.61.98 - - [11/Jan/2021:05:20:55 +0100] "GET /images/mini_prod/1328399270088.jpg HTTP/1.1" 200 6920 "http://www.wonder-geek.com/" "Mozilla/5.0 (Windows NT 10.0; Win64; x64) AppleWebKit/537.36 (KHTML, like Gecko) Chrome/80.0.3987.149 Safari/537.36"
39.104.61.98 - - [11/Jan/2021:05:20:55 +0100] "GET /images/mini_prod/8422010206777.jpg HTTP/1.1" 200 2997 "http://www.wonder-geek.com/" "Mozilla/5.0 (Windows NT 10.0; Win64; x64) AppleWebKit/537.36 (KHTML, like Gecko) Chrome/80.0.3987.149 Safari/537.36"
39.104.61.98 - - [11/Jan/2021:05:20:55 +0100] "GET /images/mini_prod/3700281645446.jpg HTTP/1.1" 200 9515 "http://www.wonder-geek.com/" "Mozilla/5.0 (Windows NT 10.0; Win64; x64) AppleWebKit/537.36 (KHTML, like Gecko) Chrome/80.0.3987.149 Safari/537.36"
39.104.61.98 - - [11/Jan/2021:05:20:55 +0100] "GET /images/mini_prod/8720088291047.jpg HTTP/1.1" 200 5027 "http://www.wonder-geek.com/" "Mozilla/5.0 (Windows NT 10.0; Win64; x64) AppleWebKit/537.36 (KHTML, like Gecko) Chrome/80.0.3987.149 Safari/537.36"
39.104.61.98 - - [11/Jan/2021:05:20:55 +0100] "GET /images/mini_prod/8718375753538.jpg HTTP/1.1" 200 6279 "http://www.wonder-geek.com/" "Mozilla/5.0 (Windows NT 10.0; Win64; x64) AppleWebKit/537.36 (KHTML, like Gecko) Chrome/80.0.3987.149 Safari/537.36"
39.104.61.98 - - [11/Jan/2021:05:20:56 +0100] "GET /images/mini_prod/8718375751268.jpg HTTP/1.1" 200 7659 "http://www.wonder-geek.com/" "Mozilla/5.0 (Windows NT 10.0; Win64; x64) AppleWebKit/537.36 (KHTML, like Gecko) Chrome/80.0.3987.149 Safari/537.36"
39.104.61.98 - - [11/Jan/2021:05:20:56 +0100] "GET /images/mini_prod/3700281645354.jpg HTTP/1.1" 200 6565 "http://www.wonder-geek.com/" "Mozilla/5.0 (Windows NT 10.0; Win64; x64) AppleWebKit/537.36 (KHTML, like Gecko) Chrome/80.0.3987.149 Safari/537.36"
39.104.61.98 - - [11/Jan/2021:05:20:56 +0100] "GET /images/mini_prod/8718375752906.jpg HTTP/1.1" 200 5569 "http://www.wonder-geek.com/" "Mozilla/5.0 (Windows NT 10.0; Win64; x64) AppleWebKit/537.36 (KHTML, like Gecko) Chrome/80.0.3987.149 Safari/537.36"
39.104.61.98 - - [11/Jan/2021:05:20:57 +0100] "GET /images/mini_prod/3700281645460.jpg HTTP/1.1" 200 9465 "http://www.wonder-geek.com/" "Mozilla/5.0 (Windows NT 10.0; Win64; x64) AppleWebKit/537.36 (KHTML, like Gecko) Chrome/80.0.3987.149 Safari/537.36"
39.104.61.98 - - [11/Jan/2021:05:20:57 +0100] "GET /images/mini_prod/8718375750308b.jpg HTTP/1.1" 200 6064 "http://www.wonder-geek.com/" "Mozilla/5.0 (Windows NT 10.0; Win64; x64) AppleWebKit/537.36 (KHTML, like Gecko) Chrome/80.0.3987.149 Safari/537.36"
39.104.61.98 - - [11/Jan/2021:05:20:58 +0100] "GET /images/mini_prod/3609810091207.jpg HTTP/1.1" 200 7773 "http://www.wonder-geek.com/" "Mozilla/5.0 (Windows NT 10.0; Win64; x64) AppleWebKit/537.36 (KHTML, like Gecko) Chrome/80.0.3987.149 Safari/537.36"
39.104.61.98 - - [11/Jan/2021:05:20:58 +0100] "GET /images/mini_prod/3700281645385.jpg HTTP/1.1" 200 5983 "http://www.wonder-geek.com/" "Mozilla/5.0 (Windows NT 10.0; Win64; x64) AppleWebKit/537.36 (KHTML, like Gecko) Chrome/80.0.3987.149 Safari/537.36"
39.104.61.98 - - [11/Jan/2021:05:20:59 +0100] "GET /templates/Pixame_v1/images/Bottom_texture.jpg HTTP/1.1" 200 56290 "http://www.wonder-geek.com/templates/Pixame_v1/stylesheet.css" "Mozilla/5.0 (Windows NT 10.0; Win64; x64) AppleWebKit/537.36 (KHTML, like Gecko) Chrome/80.0.3987.149 Safari/537.36"
39.104.61.98 - - [11/Jan/2021:05:20:59 +0100] "GET /images/mini_prod/3700281645453.jpg HTTP/1.1" 200 9476 "http://www.wonder-geek.com/" "Mozilla/5.0 (Windows NT 10.0; Win64; x64) AppleWebKit/537.36 (KHTML, like Gecko) Chrome/80.0.3987.149 Safari/537.36"
39.104.61.98 - - [11/Jan/2021:05:20:59 +0100] "GET /images/mini_prod/3609810091245.jpg HTTP/1.1" 200 6974 "http://www.wonder-geek.com/" "Mozilla/5.0 (Windows NT 10.0; Win64; x64) AppleWebKit/537.36 (KHTML, like Gecko) Chrome/80.0.3987.149 Safari/537.36"
39.104.61.98 - - [11/Jan/2021:05:20:59 +0100] "GET /images/mini_prod/3700281647761.jpg HTTP/1.1" 200 7866 "http://www.wonder-geek.com/" "Mozilla/5.0 (Windows NT 10.0; Win64; x64) AppleWebKit/537.36 (KHTML, like Gecko) Chrome/80.0.3987.149 Safari/537.36"
39.104.61.98 - - [11/Jan/2021:05:20:59 +0100] "GET /images/mini_prod/8718375753682.jpg HTTP/1.1" 200 5972 "http://www.wonder-geek.com/" "Mozilla/5.0 (Windows NT 10.0; Win64; x64) AppleWebKit/537.36 (KHTML, like Gecko) Chrome/80.0.3987.149 Safari/537.36"
39.104.61.98 - - [11/Jan/2021:05:20:59 +0100] "GET /images/mini_prod/WU76787.jpg HTTP/1.1" 200 4497 "http://www.wonder-geek.com/" "Mozilla/5.0 (Windows NT 10.0; Win64; x64) AppleWebKit/537.36 (KHTML, like Gecko) Chrome/80.0.3987.149 Safari/537.36"
39.104.61.98 - - [11/Jan/2021:05:21:00 +0100] "GET /images/mini_prod/8718375754344.jpg HTTP/1.1" 200 8570 "http://www.wonder-geek.com/" "Mozilla/5.0 (Windows NT 10.0; Win64; x64) AppleWebKit/537.36 (KHTML, like Gecko) Chrome/80.0.3987.149 Safari/537.36"
39.104.61.98 - - [11/Jan/2021:05:21:00 +0100] "GET /templates/Pixame_v1/images/header-object.png HTTP/1.1" 200 106050 "http://www.wonder-geek.com/templates/Pixame_v1/stylesheet.css" "Mozilla/5.0 (Windows NT 10.0; Win64; x64) AppleWebKit/537.36 (KHTML, like Gecko) Chrome/80.0.3987.149 Safari/537.36"
39.104.61.98 - - [11/Jan/2021:05:21:00 +0100] "GET /images/mini_prod/3609810051980.jpg HTTP/1.1" 200 4229 "http://www.wonder-geek.com/" "Mozilla/5.0 (Windows NT 10.0; Win64; x64) AppleWebKit/537.36 (KHTML, like Gecko) Chrome/80.0.3987.149 Safari/537.36"
39.104.61.98 - - [11/Jan/2021:05:21:00 +0100] "GET /images/mini_prod/3609810096370.jpg HTTP/1.1" 200 8782 "http://www.wonder-geek.com/" "Mozilla/5.0 (Windows NT 10.0; Win64; x64) AppleWebKit/537.36 (KHTML, like Gecko) Chrome/80.0.3987.149 Safari/537.36"
39.104.61.98 - - [11/Jan/2021:05:21:00 +0100] "GET /images/mini_prod/8718375751381.jpg HTTP/1.1" 200 6767 "http://www.wonder-geek.com/" "Mozilla/5.0 (Windows NT 10.0; Win64; x64) AppleWebKit/537.36 (KHTML, like Gecko) Chrome/80.0.3987.149 Safari/537.36"
39.104.61.98 - - [11/Jan/2021:05:21:01 +0100] "GET /images/mini_prod/Kandinsky.jpg HTTP/1.1" 200 6574 "http://www.wonder-geek.com/" "Mozilla/5.0 (Windows NT 10.0; Win64; x64) AppleWebKit/537.36 (KHTML, like Gecko) Chrome/80.0.3987.149 Safari/537.36"
39.104.61.98 - - [11/Jan/2021:05:21:01 +0100] "GET /images/mini_prod/8422022523015.jpg HTTP/1.1" 200 9789 "http://www.wonder-geek.com/" "Mozilla/5.0 (Windows NT 10.0; Win64; x64) AppleWebKit/537.36 (KHTML, like Gecko) Chrome/80.0.3987.149 Safari/537.36"
39.104.61.98 - - [11/Jan/2021:05:21:01 +0100] "GET /images/mini_prod/8422810093348.jpg HTTP/1.1" 200 8804 "http://www.wonder-geek.com/" "Mozilla/5.0 (Windows NT 10.0; Win64; x64) AppleWebKit/537.36 (KHTML, like Gecko) Chrome/80.0.3987.149 Safari/537.36"
39.104.61.98 - - [11/Jan/2021:05:21:01 +0100] "GET /images/mini_prod/3609810093324.jpg HTTP/1.1" 200 8404 "http://www.wonder-geek.com/" "Mozilla/5.0 (Windows NT 10.0; Win64; x64) AppleWebKit/537.36 (KHTML, like Gecko) Chrome/80.0.3987.149 Safari/537.36"
39.104.61.98 - - [11/Jan/2021:05:21:01 +0100] "GET /images/mini_prod/8720088295830.jpg HTTP/1.1" 200 5684 "http://www.wonder-geek.com/" "Mozilla/5.0 (Windows NT 10.0; Win64; x64) AppleWebKit/537.36 (KHTML, like Gecko) Chrome/80.0.3987.149 Safari/537.36"
39.104.61.98 - - [11/Jan/2021:05:21:02 +0100] "GET /images/mini_prod/8720088295847.jpg HTTP/1.1" 200 5827 "http://www.wonder-geek.com/" "Mozilla/5.0 (Windows NT 10.0; Win64; x64) AppleWebKit/537.36 (KHTML, like Gecko) Chrome/80.0.3987.149 Safari/537.36"
39.104.61.98 - - [11/Jan/2021:05:21:03 +0100] "GET /images/mini_prod/3665269007817.jpg HTTP/1.1" 200 8904 "http://www.wonder-geek.com/" "Mozilla/5.0 (Windows NT 10.0; Win64; x64) AppleWebKit/537.36 (KHTML, like Gecko) Chrome/80.0.3987.149 Safari/537.36"
39.104.61.98 - - [11/Jan/2021:05:21:03 +0100] "GET /images/mini_prod/1345544936675.jpg HTTP/1.1" 200 6845 "http://www.wonder-geek.com/" "Mozilla/5.0 (Windows NT 10.0; Win64; x64) AppleWebKit/537.36 (KHTML, like Gecko) Chrome/80.0.3987.149 Safari/537.36"
39.104.61.98 - - [11/Jan/2021:05:21:03 +0100] "GET /images/mini_prod/8718375752739b.jpg HTTP/1.1" 200 6527 "http://www.wonder-geek.com/" "Mozilla/5.0 (Windows NT 10.0; Win64; x64) AppleWebKit/537.36 (KHTML, like Gecko) Chrome/80.0.3987.149 Safari/537.36"
39.104.61.98 - - [11/Jan/2021:05:21:03 +0100] "GET /images/mini_prod/8717202558889.jpg HTTP/1.1" 200 5318 "http://www.wonder-geek.com/" "Mozilla/5.0 (Windows NT 10.0; Win64; x64) AppleWebKit/537.36 (KHTML, like Gecko) Chrome/80.0.3987.149 Safari/537.36"
39.104.61.98 - - [11/Jan/2021:05:21:03 +0100] "GET /images/mini_prod/1328399270460.jpg HTTP/1.1" 200 6820 "http://www.wonder-geek.com/" "Mozilla/5.0 (Windows NT 10.0; Win64; x64) AppleWebKit/537.36 (KHTML, like Gecko) Chrome/80.0.3987.149 Safari/537.36"
39.104.61.98 - - [11/Jan/2021:05:21:04 +0100] "GET /images/mini_prod/3665269030662.jpg HTTP/1.1" 200 7214 "http://www.wonder-geek.com/" "Mozilla/5.0 (Windows NT 10.0; Win64; x64) AppleWebKit/537.36 (KHTML, like Gecko) Chrome/80.0.3987.149 Safari/537.36"
39.104.61.98 - - [11/Jan/2021:05:21:04 +0100] "GET /images/mini_prod/8720088291078.jpg HTTP/1.1" 200 3920 "http://www.wonder-geek.com/" "Mozilla/5.0 (Windows NT 10.0; Win64; x64) AppleWebKit/537.36 (KHTML, like Gecko) Chrome/80.0.3987.149 Safari/537.36"
39.104.61.98 - - [11/Jan/2021:05:21:04 +0100] "GET /images/mini_prod/WU75115.jpg HTTP/1.1" 200 7386 "http://www.wonder-geek.com/" "Mozilla/5.0 (Windows NT 10.0; Win64; x64) AppleWebKit/537.36 (KHTML, like Gecko) Chrome/80.0.3987.149 Safari/537.36"
39.104.61.98 - - [11/Jan/2021:05:21:04 +0100] "GET /images/mini_prod/8422056789838.jpg HTTP/1.1" 200 8457 "http://www.wonder-geek.com/" "Mozilla/5.0 (Windows NT 10.0; Win64; x64) AppleWebKit/537.36 (KHTML, like Gecko) Chrome/80.0.3987.149 Safari/537.36"
39.104.61.98 - - [11/Jan/2021:05:21:04 +0100] "GET /images/mini_prod/8718375750865.jpg HTTP/1.1" 200 4763 "http://www.wonder-geek.com/" "Mozilla/5.0 (Windows NT 10.0; Win64; x64) AppleWebKit/537.36 (KHTML, like Gecko) Chrome/80.0.3987.149 Safari/537.36"
39.104.61.98 - - [11/Jan/2021:05:21:04 +0100] "GET /images/mini_prod/8720088295809.jpg HTTP/1.1" 200 5060 "http://www.wonder-geek.com/" "Mozilla/5.0 (Windows NT 10.0; Win64; x64) AppleWebKit/537.36 (KHTML, like Gecko) Chrome/80.0.3987.149 Safari/537.36"
39.104.61.98 - - [11/Jan/2021:05:21:04 +0100] "GET /images/mini_prod/8718375755594.jpg HTTP/1.1" 200 9037 "http://www.wonder-geek.com/" "Mozilla/5.0 (Windows NT 10.0; Win64; x64) AppleWebKit/537.36 (KHTML, like Gecko) Chrome/80.0.3987.149 Safari/537.36"
39.104.61.98 - - [11/Jan/2021:05:21:05 +0100] "GET /images/mini_prod/8720088291054.jpg HTTP/1.1" 200 6038 "http://www.wonder-geek.com/" "Mozilla/5.0 (Windows NT 10.0; Win64; x64) AppleWebKit/537.36 (KHTML, like Gecko) Chrome/80.0.3987.149 Safari/537.36"
39.104.61.98 - - [11/Jan/2021:05:21:05 +0100] "GET /images/mini_prod/1328399270330.jpg HTTP/1.1" 200 6605 "http://www.wonder-geek.com/" "Mozilla/5.0 (Windows NT 10.0; Win64; x64) AppleWebKit/537.36 (KHTML, like Gecko) Chrome/80.0.3987.149 Safari/537.36"
39.104.61.98 - - [11/Jan/2021:05:21:05 +0100] "GET /images/mini_prod/3665269030617.jpg HTTP/1.1" 200 5990 "http://www.wonder-geek.com/" "Mozilla/5.0 (Windows NT 10.0; Win64; x64) AppleWebKit/537.36 (KHTML, like Gecko) Chrome/80.0.3987.149 Safari/537.36"
39.104.61.98 - - [11/Jan/2021:05:21:06 +0100] "GET /images/mini_prod/4542202653821.jpg HTTP/1.1" 200 6705 "http://www.wonder-geek.com/" "Mozilla/5.0 (Windows NT 10.0; Win64; x64) AppleWebKit/537.36 (KHTML, like Gecko) Chrome/80.0.3987.149 Safari/537.36"
39.104.61.98 - - [11/Jan/2021:05:21:07 +0100] "GET /images/mini_prod/3700281645378.jpg HTTP/1.1" 200 9644 "http://www.wonder-geek.com/" "Mozilla/5.0 (Windows NT 10.0; Win64; x64) AppleWebKit/537.36 (KHTML, like Gecko) Chrome/80.0.3987.149 Safari/537.36"
39.104.61.98 - - [11/Jan/2021:05:21:07 +0100] "GET /images/mini_prod/1328399270477.jpg HTTP/1.1" 200 4922 "http://www.wonder-geek.com/" "Mozilla/5.0 (Windows NT 10.0; Win64; x64) AppleWebKit/537.36 (KHTML, like Gecko) Chrome/80.0.3987.149 Safari/537.36"
39.104.61.98 - - [11/Jan/2021:05:21:07 +0100] "GET /images/mini_prod/3700281647785.jpg HTTP/1.1" 200 7509 "http://www.wonder-geek.com/" "Mozilla/5.0 (Windows NT 10.0; Win64; x64) AppleWebKit/537.36 (KHTML, like Gecko) Chrome/80.0.3987.149 Safari/537.36"
39.104.61.98 - - [11/Jan/2021:05:21:07 +0100] "GET /images/mini_prod/8422810051645.jpg HTTP/1.1" 200 12100 "http://www.wonder-geek.com/" "Mozilla/5.0 (Windows NT 10.0; Win64; x64) AppleWebKit/537.36 (KHTML, like Gecko) Chrome/80.0.3987.149 Safari/537.36"
39.104.61.98 - - [11/Jan/2021:05:21:07 +0100] "GET /images/mini_prod/8718375755570.jpg HTTP/1.1" 200 7722 "http://www.wonder-geek.com/" "Mozilla/5.0 (Windows NT 10.0; Win64; x64) AppleWebKit/537.36 (KHTML, like Gecko) Chrome/80.0.3987.149 Safari/537.36"
39.104.61.98 - - [11/Jan/2021:05:21:08 +0100] "GET /images/mini_prod/8718375752890b.jpg HTTP/1.1" 200 5798 "http://www.wonder-geek.com/" "Mozilla/5.0 (Windows NT 10.0; Win64; x64) AppleWebKit/537.36 (KHTML, like Gecko) Chrome/80.0.3987.149 Safari/537.36"
39.104.61.98 - - [11/Jan/2021:05:21:08 +0100] "GET /images/mini_prod/8422022523008.jpg HTTP/1.1" 200 9669 "http://www.wonder-geek.com/" "Mozilla/5.0 (Windows NT 10.0; Win64; x64) AppleWebKit/537.36 (KHTML, like Gecko) Chrome/80.0.3987.149 Safari/537.36"
39.104.61.98 - - [11/Jan/2021:05:21:08 +0100] "GET /images/mini_prod/a1328399270071.jpg HTTP/1.1" 200 6496 "http://www.wonder-geek.com/" "Mozilla/5.0 (Windows NT 10.0; Win64; x64) AppleWebKit/537.36 (KHTML, like Gecko) Chrome/80.0.3987.149 Safari/537.36"
39.104.61.98 - - [11/Jan/2021:05:21:08 +0100] "GET /images/mini_prod/8718375752593.jpg HTTP/1.1" 200 6033 "http://www.wonder-geek.com/" "Mozilla/5.0 (Windows NT 10.0; Win64; x64) AppleWebKit/537.36 (KHTML, like Gecko) Chrome/80.0.3987.149 Safari/537.36"
39.104.61.98 - - [11/Jan/2021:05:21:09 +0100] "GET /images/mini_prod/1962360000009.jpg HTTP/1.1" 200 5941 "http://www.wonder-geek.com/" "Mozilla/5.0 (Windows NT 10.0; Win64; x64) AppleWebKit/537.36 (KHTML, like Gecko) Chrome/80.0.3987.149 Safari/537.36"
39.104.61.98 - - [11/Jan/2021:05:21:09 +0100] "GET /images/mini_prod/8422056789630.jpg HTTP/1.1" 200 6943 "http://www.wonder-geek.com/" "Mozilla/5.0 (Windows NT 10.0; Win64; x64) AppleWebKit/537.36 (KHTML, like Gecko) Chrome/80.0.3987.149 Safari/537.36"
39.104.61.98 - - [11/Jan/2021:05:21:09 +0100] "GET /images/mini_prod/8718375755617.jpg HTTP/1.1" 200 7471 "http://www.wonder-geek.com/" "Mozilla/5.0 (Windows NT 10.0; Win64; x64) AppleWebKit/537.36 (KHTML, like Gecko) Chrome/80.0.3987.149 Safari/537.36"
39.104.61.98 - - [11/Jan/2021:05:21:09 +0100] "GET /templates/Pixame_v1/images/Middle_texture.jpg HTTP/1.1" 200 249620 "http://www.wonder-geek.com/templates/Pixame_v1/stylesheet.css" "Mozilla/5.0 (Windows NT 10.0; Win64; x64) AppleWebKit/537.36 (KHTML, like Gecko) Chrome/80.0.3987.149 Safari/537.36"
39.104.61.98 - - [11/Jan/2021:05:21:10 +0100] "GET /images/mini_prod/8719075391679.jpg HTTP/1.1" 200 4031 "http://www.wonder-geek.com/" "Mozilla/5.0 (Windows NT 10.0; Win64; x64) AppleWebKit/537.36 (KHTML, like Gecko) Chrome/80.0.3987.149 Safari/537.36"
39.104.61.98 - - [11/Jan/2021:05:21:10 +0100] "GET /images/mini_prod/8422010206760.jpg HTTP/1.1" 200 3312 "http://www.wonder-geek.com/" "Mozilla/5.0 (Windows NT 10.0; Win64; x64) AppleWebKit/537.36 (KHTML, like Gecko) Chrome/80.0.3987.149 Safari/537.36"
39.104.61.98 - - [11/Jan/2021:05:21:10 +0100] "GET /images/mini_prod/8422021418312.jpg HTTP/1.1" 200 6474 "http://www.wonder-geek.com/" "Mozilla/5.0 (Windows NT 10.0; Win64; x64) AppleWebKit/537.36 (KHTML, like Gecko) Chrome/80.0.3987.149 Safari/537.36"
39.104.61.98 - - [11/Jan/2021:05:21:13 +0100] "GET /highslide/graphics/outlines/drop-shadow.png HTTP/1.1" 200 2022 "http://www.wonder-geek.com/" "Mozilla/5.0 (Windows NT 10.0; Win64; x64) AppleWebKit/537.36 (KHTML, like Gecko) Chrome/80.0.3987.149 Safari/537.36"
