86.41.65.62 - - [11/Jan/2021:17:47:18 +0100] "GET /mondial_relay/js/jquery-1.3.2.min.js HTTP/1.1" 200 57254 "http://www.wonder-geek.com/meditation-cushion-organic-cotton-p-52924.html" "Mozilla/5.0 (Windows NT 10.0; Win64; x64) AppleWebKit/537.36 (KHTML, like Gecko) Chrome/87.0.4280.141 Safari/537.36"
86.41.65.62 - - [11/Jan/2021:17:47:18 +0100] "GET /templates/Pixame_v1/images/icon_accueil2.png HTTP/1.1" 200 1137 "http://www.wonder-geek.com/meditation-cushion-organic-cotton-p-52924.html" "Mozilla/5.0 (Windows NT 10.0; Win64; x64) AppleWebKit/537.36 (KHTML, like Gecko) Chrome/87.0.4280.141 Safari/537.36"
86.41.65.62 - - [11/Jan/2021:17:47:18 +0100] "GET /templates/Pixame_v1/images/buttons/english/button_in_cart.gif HTTP/1.1" 200 1212 "http://www.wonder-geek.com/meditation-cushion-organic-cotton-p-52924.html" "Mozilla/5.0 (Windows NT 10.0; Win64; x64) AppleWebKit/537.36 (KHTML, like Gecko) Chrome/87.0.4280.141 Safari/537.36"
86.41.65.62 - - [11/Jan/2021:17:47:18 +0100] "GET /templates/Pixame_v1/images/nav.png HTTP/1.1" 200 1283 "http://www.wonder-geek.com/templates/Pixame_v1/stylesheet.css" "Mozilla/5.0 (Windows NT 10.0; Win64; x64) AppleWebKit/537.36 (KHTML, like Gecko) Chrome/87.0.4280.141 Safari/537.36"
86.41.65.62 - - [11/Jan/2021:17:47:18 +0100] "GET /templates/Pixame_v1/images/Bottom_texture.jpg HTTP/1.1" 200 56290 "http://www.wonder-geek.com/templates/Pixame_v1/stylesheet.css" "Mozilla/5.0 (Windows NT 10.0; Win64; x64) AppleWebKit/537.36 (KHTML, like Gecko) Chrome/87.0.4280.141 Safari/537.36"
86.41.65.62 - - [11/Jan/2021:17:47:19 +0100] "GET /templates/Pixame_v1/images/header-object.png HTTP/1.1" 200 106050 "http://www.wonder-geek.com/templates/Pixame_v1/stylesheet.css" "Mozilla/5.0 (Windows NT 10.0; Win64; x64) AppleWebKit/537.36 (KHTML, like Gecko) Chrome/87.0.4280.141 Safari/537.36"
86.41.65.62 - - [11/Jan/2021:17:47:19 +0100] "GET /templates/Pixame_v1/images/header.png HTTP/1.1" 200 70245 "http://www.wonder-geek.com/templates/Pixame_v1/stylesheet.css" "Mozilla/5.0 (Windows NT 10.0; Win64; x64) AppleWebKit/537.36 (KHTML, like Gecko) Chrome/87.0.4280.141 Safari/537.36"
86.41.65.62 - - [11/Jan/2021:17:47:19 +0100] "GET /images/big_prod/8719172834697.jpg HTTP/1.1" 200 131909 "http://www.wonder-geek.com/meditation-cushion-organic-cotton-p-52924.html" "Mozilla/5.0 (Windows NT 10.0; Win64; x64) AppleWebKit/537.36 (KHTML, like Gecko) Chrome/87.0.4280.141 Safari/537.36"
86.41.65.62 - - [11/Jan/2021:17:47:19 +0100] "GET /design/productsenstock.png HTTP/1.1" 200 4743 "http://www.wonder-geek.com/templates/Pixame_v1/stylesheet.css" "Mozilla/5.0 (Windows NT 10.0; Win64; x64) AppleWebKit/537.36 (KHTML, like Gecko) Chrome/87.0.4280.141 Safari/537.36"
86.41.65.62 - - [11/Jan/2021:17:47:19 +0100] "GET /templates/Pixame_v1/images/Middle_texture.jpg HTTP/1.1" 200 249620 "http://www.wonder-geek.com/templates/Pixame_v1/stylesheet.css" "Mozilla/5.0 (Windows NT 10.0; Win64; x64) AppleWebKit/537.36 (KHTML, like Gecko) Chrome/87.0.4280.141 Safari/537.36"
86.41.65.62 - - [11/Jan/2021:17:47:19 +0100] "GET /highslide/graphics/outlines/drop-shadow.png HTTP/1.1" 200 2022 "http://www.wonder-geek.com/meditation-cushion-organic-cotton-p-52924.html" "Mozilla/5.0 (Windows NT 10.0; Win64; x64) AppleWebKit/537.36 (KHTML, like Gecko) Chrome/87.0.4280.141 Safari/537.36"
86.41.65.62 - - [11/Jan/2021:17:47:19 +0100] "GET /favicon.ico HTTP/1.1" 200 1591 "http://www.wonder-geek.com/meditation-cushion-organic-cotton-p-52924.html" "Mozilla/5.0 (Windows NT 10.0; Win64; x64) AppleWebKit/537.36 (KHTML, like Gecko) Chrome/87.0.4280.141 Safari/537.36"
66.249.66.64 - - [11/Jan/2021:17:47:42 +0100] "GET /images/mini_prod/1328399156924.jpg HTTP/1.1" 200 6694 "-" "Googlebot-Image/1.0"
114.119.129.36 - - [11/Jan/2021:17:49:57 +0100] "GET /images/1345544700771.jpg HTTP/1.1" 200 78172 "-" "Mozilla/5.0 (Linux; Android 7.0;) AppleWebKit/537.36 (KHTML, like Gecko) Mobile Safari/537.36 (compatible; PetalBot;+https://aspiegel.com/petalbot)"
114.119.150.15 - - [11/Jan/2021:17:54:19 +0100] "GET /images/big_prod/8718317649004.jpg HTTP/1.1" 200 62612 "-" "Mozilla/5.0 (Linux; Android 7.0;) AppleWebKit/537.36 (KHTML, like Gecko) Mobile Safari/537.36 (compatible; PetalBot;+https://aspiegel.com/petalbot)"
106.11.152.111 - - [11/Jan/2021:17:55:19 +0100] "GET /templates/Pixame_v1/stylesheet.css HTTP/1.1" 200 56057 "http://www.wonder-geek.com/stickers-c-129_50.html" "Mozilla/5.0 (Windows NT 6.1; Win64; x64) AppleWebKit/537.36 (KHTML, like Gecko) Chrome/69.0.3497.81 YisouSpider/5.0 Safari/537.36"
157.55.39.220 - - [11/Jan/2021:17:56:18 +0100] "GET /highslide/highslide.js HTTP/1.1" 200 42909 "-" "Mozilla/5.0 (compatible; bingbot/2.0; +http://www.bing.com/bingbot.htm)"
92.221.145.57 - - [11/Jan/2021:17:56:28 +0100] "GET /robots.txt HTTP/1.1" 200 2438 "-" "Mozilla/5.0 (compatible; MJ12bot/v1.4.8; http://mj12bot.com/)"
77.75.79.31 - - [11/Jan/2021:17:58:34 +0100] "GET /robots.txt HTTP/1.1" 200 2438 "-" "Mozilla/5.0 (compatible; SeznamBot/4.0-RC1; +http://napoveda.seznam.cz/seznambot-intro/)"
77.75.79.31 - - [11/Jan/2021:17:58:36 +0100] "GET /favicon.ico HTTP/1.1" 200 1591 "-" "Mozilla/5.0 (compatible; SeznamBot/4.0-RC1; +http://napoveda.seznam.cz/seznambot-intro/)"
114.119.133.78 - - [11/Jan/2021:17:58:41 +0100] "GET /robots.txt HTTP/1.1" 200 2438 "-" "(compatible;PetalBot;+https://aspiegel.com/petalbot)"
17.58.101.147 - - [11/Jan/2021:17:59:31 +0100] "GET /images/mini_prod/4029811411856.jpg HTTP/1.1" 200 8048 "-" "Mozilla/5.0 (Macintosh; Intel Mac OS X 10_15_5) AppleWebKit/605.1.15 (KHTML, like Gecko) Version/13.1.1 Safari/605.1.15 (Applebot/0.1; +http://www.apple.com/go/applebot)"
54.236.1.13 - - [11/Jan/2021:18:00:23 +0100] "GET /images/3700276295816.jpg HTTP/1.1" 200 44206 "-" "Mozilla/5.0 (compatible; Pinterestbot/1.0; +http://www.pinterest.com/bot.html)"
107.72.162.126 - - [11/Jan/2021:18:00:27 +0100] "GET /images/3700276295816.jpg HTTP/1.1" 200 44206 "http://www.pinterest.com/pin/423619908675376974" "Mozilla/5.0 (iPhone; CPU iPhone OS 14_3 like Mac OS X) AppleWebKit/605.1.15 (KHTML, like Gecko) Mobile/15E148 [Pinterest/iOS]"
71.115.166.25 - - [11/Jan/2021:18:02:22 +0100] "GET /images/8033667001914.jpg HTTP/1.1" 200 68380 "-" "Mozilla/5.0 (X11; CrOS x86_64 12239.92.2) AppleWebKit/537.36 (KHTML, like Gecko) Chrome/76.0.3809.136 Safari/537.36"
114.119.151.113 - - [11/Jan/2021:18:03:05 +0100] "GET /images/mini_prod/1384010204733.jpg HTTP/1.1" 200 9456 "-" "Mozilla/5.0 (Linux; Android 7.0;) AppleWebKit/537.36 (KHTML, like Gecko) Mobile Safari/537.36 (compatible; PetalBot;+https://aspiegel.com/petalbot)"
207.46.13.26 - - [11/Jan/2021:18:03:12 +0100] "GET /images/big_prod/7601020000372.jpg HTTP/1.1" 200 125155 "-" "Mozilla/5.0 (compatible; bingbot/2.0; +http://www.bing.com/bingbot.htm)"
114.119.130.202 - - [11/Jan/2021:18:07:29 +0100] "GET /images/big_prod/9316188081986.jpg HTTP/1.1" 200 84483 "-" "Mozilla/5.0 (Linux; Android 7.0;) AppleWebKit/537.36 (KHTML, like Gecko) Mobile Safari/537.36 (compatible; PetalBot;+https://aspiegel.com/petalbot)"
17.58.101.147 - - [11/Jan/2021:18:12:31 +0100] "GET /images/mini_prod/8011717795549.jpg HTTP/1.1" 200 9171 "-" "Mozilla/5.0 (Macintosh; Intel Mac OS X 10_15_5) AppleWebKit/605.1.15 (KHTML, like Gecko) Version/13.1.1 Safari/605.1.15 (Applebot/0.1; +http://www.apple.com/go/applebot)"
17.58.101.147 - - [11/Jan/2021:18:13:52 +0100] "GET /images/mini_prod/8003990629673.jpg HTTP/1.1" 200 7148 "-" "Mozilla/5.0 (Macintosh; Intel Mac OS X 10_15_5) AppleWebKit/605.1.15 (KHTML, like Gecko) Version/13.1.1 Safari/605.1.15 (Applebot/0.1; +http://www.apple.com/go/applebot)"
114.119.130.202 - - [11/Jan/2021:18:14:22 +0100] "GET /images/big_prod/028399107834.jpg HTTP/1.1" 200 97403 "-" "Mozilla/5.0 (Linux; Android 7.0;) AppleWebKit/537.36 (KHTML, like Gecko) Mobile Safari/537.36 (compatible; PetalBot;+https://aspiegel.com/petalbot)"
66.249.66.66 - - [11/Jan/2021:18:17:44 +0100] "GET /images/mini_prod/8719075391679.jpg HTTP/1.1" 200 4031 "-" "Googlebot-Image/1.0"
114.119.154.200 - - [11/Jan/2021:18:18:51 +0100] "GET /images/big_prod/3453131048927.jpg HTTP/1.1" 200 60821 "-" "Mozilla/5.0 (Linux; Android 7.0;) AppleWebKit/537.36 (KHTML, like Gecko) Mobile Safari/537.36 (compatible; PetalBot;+https://aspiegel.com/petalbot)"
185.191.171.6 - - [11/Jan/2021:18:19:00 +0100] "GET /robots.txt HTTP/1.1" 200 2438 "-" "Mozilla/5.0 (compatible; SemrushBot/7~bl; +http://www.semrush.com/bot.html)"
114.119.151.113 - - [11/Jan/2021:18:23:18 +0100] "GET /images/mini_prod/1000000479003NN.jpg HTTP/1.1" 200 9487 "-" "Mozilla/5.0 (Linux; Android 7.0;) AppleWebKit/537.36 (KHTML, like Gecko) Mobile Safari/537.36 (compatible; PetalBot;+https://aspiegel.com/petalbot)"
114.119.129.36 - - [11/Jan/2021:18:27:45 +0100] "GET /images/big_prod_1/8424345292890B.jpg HTTP/1.1" 200 74122 "-" "Mozilla/5.0 (Linux; Android 7.0;) AppleWebKit/537.36 (KHTML, like Gecko) Mobile Safari/537.36 (compatible; PetalBot;+https://aspiegel.com/petalbot)"
54.36.148.172 - - [11/Jan/2021:18:27:51 +0100] "GET /robots.txt HTTP/1.1" 200 2438 "-" "Mozilla/5.0 (compatible; AhrefsBot/6.1; +http://ahrefs.com/robot/)"
157.55.39.220 - - [11/Jan/2021:18:29:00 +0100] "GET /highslide/highslide.js HTTP/1.1" 200 42909 "-" "Mozilla/5.0 (compatible; bingbot/2.0; +http://www.bing.com/bingbot.htm)"
114.119.151.113 - - [11/Jan/2021:18:32:14 +0100] "GET /images/big_prod/1750371000008.jpg HTTP/1.1" 200 247218 "-" "Mozilla/5.0 (Linux; Android 7.0;) AppleWebKit/537.36 (KHTML, like Gecko) Mobile Safari/537.36 (compatible; PetalBot;+https://aspiegel.com/petalbot)"
114.119.147.45 - - [11/Jan/2021:18:36:39 +0100] "GET /images/mini_prod/9316188040969.jpg HTTP/1.1" 200 8458 "-" "Mozilla/5.0 (Linux; Android 7.0;) AppleWebKit/537.36 (KHTML, like Gecko) Mobile Safari/537.36 (compatible; PetalBot;+https://aspiegel.com/petalbot)"
17.58.101.147 - - [11/Jan/2021:18:40:20 +0100] "GET /images/mini_prod/1384220059383.jpg HTTP/1.1" 200 9344 "-" "Mozilla/5.0 (Macintosh; Intel Mac OS X 10_15_5) AppleWebKit/605.1.15 (KHTML, like Gecko) Version/13.1.1 Safari/605.1.15 (Applebot/0.1; +http://www.apple.com/go/applebot)"
114.119.158.196 - - [11/Jan/2021:18:40:56 +0100] "GET /images/big_prod_1/3665269066012b.jpg HTTP/1.1" 200 142718 "-" "Mozilla/5.0 (Linux; Android 7.0;) AppleWebKit/537.36 (KHTML, like Gecko) Mobile Safari/537.36 (compatible; PetalBot;+https://aspiegel.com/petalbot)"
114.119.132.105 - - [11/Jan/2021:18:45:22 +0100] "GET /images/mini_prod/CD3530c.jpg HTTP/1.1" 200 5711 "-" "Mozilla/5.0 (Linux; Android 7.0;) AppleWebKit/537.36 (KHTML, like Gecko) Mobile Safari/537.36 (compatible; PetalBot;+https://aspiegel.com/petalbot)"
157.55.39.22 - - [11/Jan/2021:18:45:41 +0100] "GET /images/med_prod/5055071694615.jpg HTTP/1.1" 200 45940 "-" "Mozilla/5.0 (compatible; bingbot/2.0; +http://www.bing.com/bingbot.htm)"
66.102.9.70 - - [11/Jan/2021:18:48:16 +0100] "GET /images/big_prod_3/d1300000019972.jpg HTTP/1.1" 200 123666 "-" "Mozilla/5.0 (Windows NT 5.1; rv:11.0) Gecko Firefox/11.0 (via ggpht.com GoogleImageProxy)"
114.119.154.200 - - [11/Jan/2021:18:49:49 +0100] "GET /images/mini_prod/4036113830186.jpg HTTP/1.1" 200 11176 "-" "Mozilla/5.0 (Linux; Android 7.0;) AppleWebKit/537.36 (KHTML, like Gecko) Mobile Safari/537.36 (compatible; PetalBot;+https://aspiegel.com/petalbot)"
207.46.13.26 - - [11/Jan/2021:18:50:46 +0100] "GET /images/med_prod/4036113301310N.jpg HTTP/1.1" 200 122812 "-" "Mozilla/5.0 (Windows NT 6.1; WOW64) AppleWebKit/534+ (KHTML, like Gecko) BingPreview/1.0b"
114.119.147.45 - - [11/Jan/2021:18:54:16 +0100] "GET /images/big_prod_2/5415203852670C.jpg HTTP/1.1" 200 33139 "-" "Mozilla/5.0 (Linux; Android 7.0;) AppleWebKit/537.36 (KHTML, like Gecko) Mobile Safari/537.36 (compatible; PetalBot;+https://aspiegel.com/petalbot)"
66.249.81.168 - - [11/Jan/2021:18:56:20 +0100] "GET /images/big_prod/4029811324033.jpg HTTP/1.1" 200 42185 "-" "Mozilla/5.0 (Windows NT 5.1; rv:11.0) Gecko Firefox/11.0 (via ggpht.com GoogleImageProxy)"
17.58.101.147 - - [11/Jan/2021:18:56:28 +0100] "GET /images/mini_prod/8435333807729.jpg HTTP/1.1" 200 7337 "-" "Mozilla/5.0 (Macintosh; Intel Mac OS X 10_15_5) AppleWebKit/605.1.15 (KHTML, like Gecko) Version/13.1.1 Safari/605.1.15 (Applebot/0.1; +http://www.apple.com/go/applebot)"
114.119.129.36 - - [11/Jan/2021:18:58:57 +0100] "GET /images/mini_prod/3418176226105.jpg HTTP/1.1" 200 6080 "-" "Mozilla/5.0 (Linux; Android 7.0;) AppleWebKit/537.36 (KHTML, like Gecko) Mobile Safari/537.36 (compatible; PetalBot;+https://aspiegel.com/petalbot)"
114.119.151.113 - - [11/Jan/2021:19:03:09 +0100] "GET /images/mini_prod/1384010204474.jpg HTTP/1.1" 200 11434 "-" "Mozilla/5.0 (Linux; Android 7.0;) AppleWebKit/537.36 (KHTML, like Gecko) Mobile Safari/537.36 (compatible; PetalBot;+https://aspiegel.com/petalbot)"
114.119.151.113 - - [11/Jan/2021:19:07:37 +0100] "GET /images/big_prod/8422019609012.jpg HTTP/1.1" 200 101295 "-" "Mozilla/5.0 (Linux; Android 7.0;) AppleWebKit/537.36 (KHTML, like Gecko) Mobile Safari/537.36 (compatible; PetalBot;+https://aspiegel.com/petalbot)"
185.191.171.34 - - [11/Jan/2021:19:10:39 +0100] "GET /robots.txt HTTP/1.1" 200 2438 "-" "Mozilla/5.0 (compatible; SemrushBot/7~bl; +http://www.semrush.com/bot.html)"
114.119.151.113 - - [11/Jan/2021:19:11:52 +0100] "GET /images/mini_prod/1399986100507.jpg HTTP/1.1" 200 5244 "-" "Mozilla/5.0 (Linux; Android 7.0;) AppleWebKit/537.36 (KHTML, like Gecko) Mobile Safari/537.36 (compatible; PetalBot;+https://aspiegel.com/petalbot)"
81.36.135.84 - - [11/Jan/2021:19:12:00 +0100] "GET /images/3048700059000.jpg HTTP/1.1" 200 49147 "https://www.bing.com/" "Mozilla/5.0 (Windows NT 10.0; Win64; x64) AppleWebKit/537.36 (KHTML, like Gecko) Chrome/87.0.4280.141 Safari/537.36 Edg/87.0.664.75"
114.119.132.105 - - [11/Jan/2021:19:16:19 +0100] "GET /images/mini_prod/4250255859151.jpg HTTP/1.1" 200 4081 "-" "Mozilla/5.0 (Linux; Android 7.0;) AppleWebKit/537.36 (KHTML, like Gecko) Mobile Safari/537.36 (compatible; PetalBot;+https://aspiegel.com/petalbot)"
114.119.145.117 - - [11/Jan/2021:19:25:12 +0100] "GET /images/mini_prod/5414629126112.jpg HTTP/1.1" 200 6772 "-" "Mozilla/5.0 (Linux; Android 7.0;) AppleWebKit/537.36 (KHTML, like Gecko) Mobile Safari/537.36 (compatible; PetalBot;+https://aspiegel.com/petalbot)"
66.249.81.168 - - [11/Jan/2021:19:26:26 +0100] "GET /images/big_prod_2/bambou1.jpg HTTP/1.1" 200 518303 "-" "Mozilla/5.0 (Windows NT 5.1; rv:11.0) Gecko Firefox/11.0 (via ggpht.com GoogleImageProxy)"
66.249.81.168 - - [11/Jan/2021:19:26:31 +0100] "GET /images/big_prod/5051276388113.jpg HTTP/1.1" 200 204427 "-" "Mozilla/5.0 (Windows NT 5.1; rv:11.0) Gecko Firefox/11.0 (via ggpht.com GoogleImageProxy)"
66.249.66.95 - - [11/Jan/2021:19:27:02 +0100] "GET /images/big_prod/8435333824245.jpg HTTP/1.1" 200 127041 "-" "Googlebot-Image/1.0"
157.55.39.220 - - [11/Jan/2021:19:28:54 +0100] "GET /images/1399984280126.jpg HTTP/1.1" 200 114963 "-" "Mozilla/5.0 (compatible; bingbot/2.0; +http://www.bing.com/bingbot.htm)"
114.119.158.196 - - [11/Jan/2021:19:29:37 +0100] "GET /images/mini_prod/5051276242248.jpg HTTP/1.1" 200 6333 "-" "Mozilla/5.0 (Linux; Android 7.0;) AppleWebKit/537.36 (KHTML, like Gecko) Mobile Safari/537.36 (compatible; PetalBot;+https://aspiegel.com/petalbot)"
71.198.192.90 - - [11/Jan/2021:19:30:11 +0100] "GET /js/jquery.jqzoom.js HTTP/1.1" 200 4761 "http://www.wonder-geek.com/cats-by-dubout-bowl-p-40055.html" "Mozilla/5.0 (Macintosh; Intel Mac OS X 11_1_0) AppleWebKit/537.36 (KHTML, like Gecko) Chrome/87.0.4280.88 Safari/537.36"
71.198.192.90 - - [11/Jan/2021:19:30:11 +0100] "GET /highslide/highslide.js HTTP/1.1" 200 42909 "http://www.wonder-geek.com/cats-by-dubout-bowl-p-40055.html" "Mozilla/5.0 (Macintosh; Intel Mac OS X 11_1_0) AppleWebKit/537.36 (KHTML, like Gecko) Chrome/87.0.4280.88 Safari/537.36"
71.198.192.90 - - [11/Jan/2021:19:30:11 +0100] "GET /templates/Pixame_v1/stylesheet.css HTTP/1.1" 200 56057 "http://www.wonder-geek.com/cats-by-dubout-bowl-p-40055.html" "Mozilla/5.0 (Macintosh; Intel Mac OS X 11_1_0) AppleWebKit/537.36 (KHTML, like Gecko) Chrome/87.0.4280.88 Safari/537.36"
71.198.192.90 - - [11/Jan/2021:19:30:11 +0100] "GET /js/jquery.js HTTP/1.1" 200 54075 "http://www.wonder-geek.com/cats-by-dubout-bowl-p-40055.html" "Mozilla/5.0 (Macintosh; Intel Mac OS X 11_1_0) AppleWebKit/537.36 (KHTML, like Gecko) Chrome/87.0.4280.88 Safari/537.36"
71.198.192.90 - - [11/Jan/2021:19:30:11 +0100] "GET /mondial_relay/js/jquery-1.3.2.min.js HTTP/1.1" 200 57254 "http://www.wonder-geek.com/cats-by-dubout-bowl-p-40055.html" "Mozilla/5.0 (Macintosh; Intel Mac OS X 11_1_0) AppleWebKit/537.36 (KHTML, like Gecko) Chrome/87.0.4280.88 Safari/537.36"
71.198.192.90 - - [11/Jan/2021:19:30:11 +0100] "GET /templates/Pixame_v1/images/icon_accueil2.png HTTP/1.1" 200 1137 "http://www.wonder-geek.com/cats-by-dubout-bowl-p-40055.html" "Mozilla/5.0 (Macintosh; Intel Mac OS X 11_1_0) AppleWebKit/537.36 (KHTML, like Gecko) Chrome/87.0.4280.88 Safari/537.36"
71.198.192.90 - - [11/Jan/2021:19:30:11 +0100] "GET /templates/Pixame_v1/images/nav.png HTTP/1.1" 200 1283 "http://www.wonder-geek.com/templates/Pixame_v1/stylesheet.css" "Mozilla/5.0 (Macintosh; Intel Mac OS X 11_1_0) AppleWebKit/537.36 (KHTML, like Gecko) Chrome/87.0.4280.88 Safari/537.36"
71.198.192.90 - - [11/Jan/2021:19:30:11 +0100] "GET /images/big_prod/3565750277746.jpg HTTP/1.1" 200 40483 "http://www.wonder-geek.com/cats-by-dubout-bowl-p-40055.html" "Mozilla/5.0 (Macintosh; Intel Mac OS X 11_1_0) AppleWebKit/537.36 (KHTML, like Gecko) Chrome/87.0.4280.88 Safari/537.36"
71.198.192.90 - - [11/Jan/2021:19:30:12 +0100] "GET /templates/Pixame_v1/images/header.png HTTP/1.1" 200 70245 "http://www.wonder-geek.com/templates/Pixame_v1/stylesheet.css" "Mozilla/5.0 (Macintosh; Intel Mac OS X 11_1_0) AppleWebKit/537.36 (KHTML, like Gecko) Chrome/87.0.4280.88 Safari/537.36"
71.198.192.90 - - [11/Jan/2021:19:30:12 +0100] "GET /design/productsenstock.png HTTP/1.1" 200 4743 "http://www.wonder-geek.com/templates/Pixame_v1/stylesheet.css" "Mozilla/5.0 (Macintosh; Intel Mac OS X 11_1_0) AppleWebKit/537.36 (KHTML, like Gecko) Chrome/87.0.4280.88 Safari/537.36"
71.198.192.90 - - [11/Jan/2021:19:30:12 +0100] "GET /templates/Pixame_v1/images/header-object.png HTTP/1.1" 200 106050 "http://www.wonder-geek.com/templates/Pixame_v1/stylesheet.css" "Mozilla/5.0 (Macintosh; Intel Mac OS X 11_1_0) AppleWebKit/537.36 (KHTML, like Gecko) Chrome/87.0.4280.88 Safari/537.36"
71.198.192.90 - - [11/Jan/2021:19:30:12 +0100] "GET /templates/Pixame_v1/images/buttons/english/button_in_cart.gif HTTP/1.1" 200 1212 "http://www.wonder-geek.com/cats-by-dubout-bowl-p-40055.html" "Mozilla/5.0 (Macintosh; Intel Mac OS X 11_1_0) AppleWebKit/537.36 (KHTML, like Gecko) Chrome/87.0.4280.88 Safari/537.36"
71.198.192.90 - - [11/Jan/2021:19:30:12 +0100] "GET /templates/Pixame_v1/images/Bottom_texture.jpg HTTP/1.1" 200 56290 "http://www.wonder-geek.com/templates/Pixame_v1/stylesheet.css" "Mozilla/5.0 (Macintosh; Intel Mac OS X 11_1_0) AppleWebKit/537.36 (KHTML, like Gecko) Chrome/87.0.4280.88 Safari/537.36"
71.198.192.90 - - [11/Jan/2021:19:30:13 +0100] "GET /templates/Pixame_v1/images/Middle_texture.jpg HTTP/1.1" 200 249620 "http://www.wonder-geek.com/templates/Pixame_v1/stylesheet.css" "Mozilla/5.0 (Macintosh; Intel Mac OS X 11_1_0) AppleWebKit/537.36 (KHTML, like Gecko) Chrome/87.0.4280.88 Safari/537.36"
71.198.192.90 - - [11/Jan/2021:19:30:13 +0100] "GET /highslide/graphics/outlines/drop-shadow.png HTTP/1.1" 200 2022 "http://www.wonder-geek.com/cats-by-dubout-bowl-p-40055.html" "Mozilla/5.0 (Macintosh; Intel Mac OS X 11_1_0) AppleWebKit/537.36 (KHTML, like Gecko) Chrome/87.0.4280.88 Safari/537.36"
71.198.192.90 - - [11/Jan/2021:19:30:13 +0100] "GET /favicon.ico HTTP/1.1" 200 1591 "http://www.wonder-geek.com/cats-by-dubout-bowl-p-40055.html" "Mozilla/5.0 (Macintosh; Intel Mac OS X 11_1_0) AppleWebKit/537.36 (KHTML, like Gecko) Chrome/87.0.4280.88 Safari/537.36"
207.46.13.239 - - [11/Jan/2021:19:33:29 +0100] "GET /images/4008789054197.jpg HTTP/1.1" 200 160173 "-" "Mozilla/5.0 (compatible; bingbot/2.0; +http://www.bing.com/bingbot.htm)"
114.119.145.117 - - [11/Jan/2021:19:34:04 +0100] "GET /images/big_prod/8719497610464.jpg HTTP/1.1" 200 45556 "-" "Mozilla/5.0 (Linux; Android 7.0;) AppleWebKit/537.36 (KHTML, like Gecko) Mobile Safari/537.36 (compatible; PetalBot;+https://aspiegel.com/petalbot)"
99.182.36.108 - - [11/Jan/2021:19:37:38 +0100] "GET /images/4007176129333.jpg HTTP/1.1" 200 64290 "-" "Mozilla/5.0 (Windows NT 10.0; Trident/7.0; rv:11.0) like Gecko"
17.58.101.147 - - [11/Jan/2021:19:38:05 +0100] "GET /images/mini_prod/3272760369674.jpg HTTP/1.1" 200 3336 "-" "Mozilla/5.0 (Macintosh; Intel Mac OS X 10_15_5) AppleWebKit/605.1.15 (KHTML, like Gecko) Version/13.1.1 Safari/605.1.15 (Applebot/0.1; +http://www.apple.com/go/applebot)"
114.119.145.117 - - [11/Jan/2021:19:38:30 +0100] "GET /images/mini_prod/1384220121431.jpg HTTP/1.1" 200 4360 "-" "Mozilla/5.0 (Linux; Android 7.0;) AppleWebKit/537.36 (KHTML, like Gecko) Mobile Safari/537.36 (compatible; PetalBot;+https://aspiegel.com/petalbot)"
66.249.66.66 - - [11/Jan/2021:19:39:54 +0100] "GET /robots.txt HTTP/1.1" 200 2438 "-" "Mozilla/5.0 (compatible; Googlebot/2.1; +http://www.google.com/bot.html)"
114.119.144.233 - - [11/Jan/2021:19:42:47 +0100] "GET /images/mini_prod/5051276329611.jpg HTTP/1.1" 200 5797 "-" "Mozilla/5.0 (Linux; Android 7.0;) AppleWebKit/537.36 (KHTML, like Gecko) Mobile Safari/537.36 (compatible; PetalBot;+https://aspiegel.com/petalbot)"
114.119.147.45 - - [11/Jan/2021:19:47:13 +0100] "GET /images/big_prod/8422099381129.jpg HTTP/1.1" 200 58231 "-" "Mozilla/5.0 (Linux; Android 7.0;) AppleWebKit/537.36 (KHTML, like Gecko) Mobile Safari/537.36 (compatible; PetalBot;+https://aspiegel.com/petalbot)"
17.58.101.147 - - [11/Jan/2021:19:49:53 +0100] "GET /images/mini_prod/3609810028876.jpg HTTP/1.1" 200 6337 "-" "Mozilla/5.0 (Macintosh; Intel Mac OS X 10_15_5) AppleWebKit/605.1.15 (KHTML, like Gecko) Version/13.1.1 Safari/605.1.15 (Applebot/0.1; +http://www.apple.com/go/applebot)"
24.23.163.119 - - [11/Jan/2021:19:50:07 +0100] "GET /images/big_prod/8904245400477.jpg HTTP/1.1" 200 89677 "http://pos.kit-systems.com/?display=dual" "Mozilla/5.0 (Windows NT 6.2; WOW64) AppleWebKit/537.36 (KHTML, like Gecko) (KioWare Client Platform r3727) Chrome/78.0.3904.108 Safari/537.36"
157.55.39.22 - - [11/Jan/2021:19:51:13 +0100] "GET /js/modernizr-transitions.js HTTP/1.1" 200 2026 "-" "Mozilla/5.0 (compatible; bingbot/2.0; +http://www.bing.com/bingbot.htm)"
157.55.39.220 - - [11/Jan/2021:19:51:19 +0100] "GET /highslide/highslide.js HTTP/1.1" 200 42909 "-" "Mozilla/5.0 (compatible; bingbot/2.0; +http://www.bing.com/bingbot.htm)"
114.119.147.45 - - [11/Jan/2021:19:51:38 +0100] "GET /images/mini_prod/1384010192344.jpg HTTP/1.1" 200 7985 "-" "Mozilla/5.0 (Linux; Android 7.0;) AppleWebKit/537.36 (KHTML, like Gecko) Mobile Safari/537.36 (compatible; PetalBot;+https://aspiegel.com/petalbot)"
185.191.171.7 - - [11/Jan/2021:19:52:36 +0100] "GET /robots.txt HTTP/1.1" 200 2438 "-" "Mozilla/5.0 (compatible; SemrushBot/7~bl; +http://www.semrush.com/bot.html)"
66.249.66.95 - - [11/Jan/2021:19:53:33 +0100] "GET /images/big_prod_1/5018997519356.jpg HTTP/1.1" 200 132824 "-" "Googlebot-Image/1.0"
114.119.132.105 - - [11/Jan/2021:19:56:04 +0100] "GET /images/mini_prod/8719497615780.jpg HTTP/1.1" 200 5650 "-" "Mozilla/5.0 (Linux; Android 7.0;) AppleWebKit/537.36 (KHTML, like Gecko) Mobile Safari/537.36 (compatible; PetalBot;+https://aspiegel.com/petalbot)"
114.119.151.113 - - [11/Jan/2021:20:01:03 +0100] "GET /images/mini_prod/3681643506899.jpg HTTP/1.1" 200 8321 "-" "Mozilla/5.0 (Linux; Android 7.0;) AppleWebKit/537.36 (KHTML, like Gecko) Mobile Safari/537.36 (compatible; PetalBot;+https://aspiegel.com/petalbot)"
5.255.231.71 - - [11/Jan/2021:20:03:20 +0100] "GET /robots.txt HTTP/1.1" 200 2438 "-" "Mozilla/5.0 (compatible; YandexBot/3.0; +http://yandex.com/bots)"
5.255.231.71 - - [11/Jan/2021:20:03:24 +0100] "GET /images/4036113261355.jpg HTTP/1.1" 304 0 "-" "Mozilla/5.0 (compatible; YandexImages/3.0; +http://yandex.com/bots)"
66.249.66.95 - - [11/Jan/2021:20:04:33 +0100] "GET /images/big_prod_1/8424345292913B.jpg HTTP/1.1" 200 73029 "-" "Googlebot-Image/1.0"
17.58.101.147 - - [11/Jan/2021:20:08:11 +0100] "GET /images/mini_prod/5055071708978.jpg HTTP/1.1" 200 7506 "-" "Mozilla/5.0 (Macintosh; Intel Mac OS X 10_15_5) AppleWebKit/605.1.15 (KHTML, like Gecko) Version/13.1.1 Safari/605.1.15 (Applebot/0.1; +http://www.apple.com/go/applebot)"
114.119.147.45 - - [11/Jan/2021:20:09:23 +0100] "GET /images/big_prod/4036113307459.jpg HTTP/1.1" 200 114207 "-" "Mozilla/5.0 (Linux; Android 7.0;) AppleWebKit/537.36 (KHTML, like Gecko) Mobile Safari/537.36 (compatible; PetalBot;+https://aspiegel.com/petalbot)"
207.46.13.229 - - [11/Jan/2021:20:09:51 +0100] "GET /images/med_prod/1384010181164.jpg HTTP/1.1" 200 51192 "-" "Mozilla/5.0 (compatible; bingbot/2.0; +http://www.bing.com/bingbot.htm)"
114.119.129.36 - - [11/Jan/2021:20:13:39 +0100] "GET /images/3661443612228.jpg HTTP/1.1" 200 21476 "-" "Mozilla/5.0 (Linux; Android 7.0;) AppleWebKit/537.36 (KHTML, like Gecko) Mobile Safari/537.36 (compatible; PetalBot;+https://aspiegel.com/petalbot)"
151.165.212.92 - - [11/Jan/2021:20:14:01 +0100] "GET /images/med_prod/1300010241196.jpg HTTP/1.1" 200 51808 "-" "Mozilla/5.0 (Windows NT 10.0; WOW64; Trident/7.0; rv:11.0) like Gecko"
114.119.147.45 - - [11/Jan/2021:20:18:05 +0100] "GET /images/8028501260404.jpg HTTP/1.1" 200 20252 "-" "Mozilla/5.0 (Linux; Android 7.0;) AppleWebKit/537.36 (KHTML, like Gecko) Mobile Safari/537.36 (compatible; PetalBot;+https://aspiegel.com/petalbot)"
17.58.101.147 - - [11/Jan/2021:20:22:51 +0100] "GET /images/mini_prod/8011717795945.jpg HTTP/1.1" 200 5822 "-" "Mozilla/5.0 (Macintosh; Intel Mac OS X 10_15_5) AppleWebKit/605.1.15 (KHTML, like Gecko) Version/13.1.1 Safari/605.1.15 (Applebot/0.1; +http://www.apple.com/go/applebot)"
66.249.66.95 - - [11/Jan/2021:20:23:33 +0100] "GET /images/mini_prod/3612872112773.jpg HTTP/1.1" 200 7760 "-" "Googlebot-Image/1.0"
31.13.115.12 - - [11/Jan/2021:20:26:53 +0100] "GET /images/4036113261355.jpg HTTP/1.1" 200 77669 "-" "facebookexternalhit/1.1 (+http://www.facebook.com/externalhit_uatext.php)"
31.13.115.11 - - [11/Jan/2021:20:26:54 +0100] "GET /images/4036113261355.jpg HTTP/1.1" 200 77669 "-" "facebookexternalhit/1.1 (+http://www.facebook.com/externalhit_uatext.php)"
114.119.151.113 - - [11/Jan/2021:20:26:57 +0100] "GET /images/big_prod/3453131139175.jpg HTTP/1.1" 200 58443 "-" "Mozilla/5.0 (Linux; Android 7.0;) AppleWebKit/537.36 (KHTML, like Gecko) Mobile Safari/537.36 (compatible; PetalBot;+https://aspiegel.com/petalbot)"
62.210.188.222 - - [11/Jan/2021:20:29:00 +0100] "GET /robots.txt HTTP/1.1" 200 2438 "-" "Mozilla/5.0 (compatible; Barkrowler/0.9; +https://babbar.tech/crawler)"
114.119.151.113 - - [11/Jan/2021:20:31:23 +0100] "GET /images/1399984259078.jpg HTTP/1.1" 200 86388 "-" "Mozilla/5.0 (Linux; Android 7.0;) AppleWebKit/537.36 (KHTML, like Gecko) Mobile Safari/537.36 (compatible; PetalBot;+https://aspiegel.com/petalbot)"
185.191.171.9 - - [11/Jan/2021:20:32:05 +0100] "GET /robots.txt HTTP/1.1" 200 2438 "-" "Mozilla/5.0 (compatible; SemrushBot/7~bl; +http://www.semrush.com/bot.html)"
114.119.144.233 - - [11/Jan/2021:20:35:49 +0100] "GET /images/mini_prod/5018997629680b.jpg HTTP/1.1" 200 8261 "-" "Mozilla/5.0 (Linux; Android 7.0;) AppleWebKit/537.36 (KHTML, like Gecko) Mobile Safari/537.36 (compatible; PetalBot;+https://aspiegel.com/petalbot)"
17.58.101.147 - - [11/Jan/2021:20:36:33 +0100] "GET /images/mini_prod/8718657469287.jpg HTTP/1.1" 200 6419 "-" "Mozilla/5.0 (Macintosh; Intel Mac OS X 10_15_5) AppleWebKit/605.1.15 (KHTML, like Gecko) Version/13.1.1 Safari/605.1.15 (Applebot/0.1; +http://www.apple.com/go/applebot)"
5.255.231.71 - - [11/Jan/2021:20:38:29 +0100] "GET /images/big_prod/9316188068239.jpg HTTP/1.1" 200 70766 "-" "Mozilla/5.0 (compatible; YandexImages/3.0; +http://yandex.com/bots)"
40.114.177.32 - - [11/Jan/2021:20:40:05 +0100] "GET /images/med_prod/4010070275525.jpg HTTP/1.1" 200 85036 "-" "DuckDuckBot/1.1; (+http://duckduckgo.com/duckduckbot.html)"
114.119.145.117 - - [11/Jan/2021:20:40:15 +0100] "GET /images/mini_prod/8422099381440.jpg HTTP/1.1" 200 6304 "-" "Mozilla/5.0 (Linux; Android 7.0;) AppleWebKit/537.36 (KHTML, like Gecko) Mobile Safari/537.36 (compatible; PetalBot;+https://aspiegel.com/petalbot)"
66.38.57.40 - - [11/Jan/2021:20:41:09 +0100] "GET /images/big_prod/8436048153217.jpg HTTP/1.1" 200 83635 "https://www.bing.com/" "Mozilla/5.0 (Windows NT 10.0; Win64; x64) AppleWebKit/537.36 (KHTML, like Gecko) Chrome/70.0.3538.102 Safari/537.36 Edge/18.18362"
185.191.171.18 - - [11/Jan/2021:20:41:39 +0100] "GET /robots.txt HTTP/1.1" 200 2438 "-" "Mozilla/5.0 (compatible; SemrushBot/7~bl; +http://www.semrush.com/bot.html)"
66.38.57.40 - - [11/Jan/2021:20:42:30 +0100] "GET /js/jquery.jqzoom.js HTTP/1.1" 200 4761 "http://www.wonder-geek.com/-p-39103.html" "Mozilla/5.0 (Windows NT 10.0; Win64; x64) AppleWebKit/537.36 (KHTML, like Gecko) Chrome/70.0.3538.102 Safari/537.36 Edge/18.18362"
66.38.57.40 - - [11/Jan/2021:20:42:30 +0100] "GET /templates/Pixame_v1/images/icon_accueil2.png HTTP/1.1" 200 1137 "http://www.wonder-geek.com/-p-39103.html" "Mozilla/5.0 (Windows NT 10.0; Win64; x64) AppleWebKit/537.36 (KHTML, like Gecko) Chrome/70.0.3538.102 Safari/537.36 Edge/18.18362"
66.38.57.40 - - [11/Jan/2021:20:42:30 +0100] "GET /highslide/highslide.js HTTP/1.1" 200 42909 "http://www.wonder-geek.com/-p-39103.html" "Mozilla/5.0 (Windows NT 10.0; Win64; x64) AppleWebKit/537.36 (KHTML, like Gecko) Chrome/70.0.3538.102 Safari/537.36 Edge/18.18362"
66.38.57.40 - - [11/Jan/2021:20:42:30 +0100] "GET /templates/Pixame_v1/stylesheet.css HTTP/1.1" 200 56057 "http://www.wonder-geek.com/-p-39103.html" "Mozilla/5.0 (Windows NT 10.0; Win64; x64) AppleWebKit/537.36 (KHTML, like Gecko) Chrome/70.0.3538.102 Safari/537.36 Edge/18.18362"
66.38.57.40 - - [11/Jan/2021:20:42:30 +0100] "GET /mondial_relay/js/jquery-1.3.2.min.js HTTP/1.1" 200 57254 "http://www.wonder-geek.com/-p-39103.html" "Mozilla/5.0 (Windows NT 10.0; Win64; x64) AppleWebKit/537.36 (KHTML, like Gecko) Chrome/70.0.3538.102 Safari/537.36 Edge/18.18362"
66.38.57.40 - - [11/Jan/2021:20:42:30 +0100] "GET /js/jquery.js HTTP/1.1" 200 54075 "http://www.wonder-geek.com/-p-39103.html" "Mozilla/5.0 (Windows NT 10.0; Win64; x64) AppleWebKit/537.36 (KHTML, like Gecko) Chrome/70.0.3538.102 Safari/537.36 Edge/18.18362"
66.38.57.40 - - [11/Jan/2021:20:42:31 +0100] "GET /templates/Pixame_v1/images/Bottom_texture.jpg HTTP/1.1" 200 56290 "http://www.wonder-geek.com/-p-39103.html" "Mozilla/5.0 (Windows NT 10.0; Win64; x64) AppleWebKit/537.36 (KHTML, like Gecko) Chrome/70.0.3538.102 Safari/537.36 Edge/18.18362"
66.38.57.40 - - [11/Jan/2021:20:42:31 +0100] "GET /templates/Pixame_v1/images/nav.png HTTP/1.1" 200 1283 "http://www.wonder-geek.com/-p-39103.html" "Mozilla/5.0 (Windows NT 10.0; Win64; x64) AppleWebKit/537.36 (KHTML, like Gecko) Chrome/70.0.3538.102 Safari/537.36 Edge/18.18362"
66.38.57.40 - - [11/Jan/2021:20:42:31 +0100] "GET /favicon.ico HTTP/1.1" 200 1591 "-" "Mozilla/5.0 (Windows NT 10.0; Win64; x64) AppleWebKit/537.36 (KHTML, like Gecko) Chrome/70.0.3538.102 Safari/537.36 Edge/18.18362"
66.38.57.40 - - [11/Jan/2021:20:42:31 +0100] "GET /design/productsenstock.png HTTP/1.1" 200 4743 "http://www.wonder-geek.com/-p-39103.html" "Mozilla/5.0 (Windows NT 10.0; Win64; x64) AppleWebKit/537.36 (KHTML, like Gecko) Chrome/70.0.3538.102 Safari/537.36 Edge/18.18362"
66.38.57.40 - - [11/Jan/2021:20:42:31 +0100] "GET /templates/Pixame_v1/images/header.png HTTP/1.1" 200 70245 "http://www.wonder-geek.com/-p-39103.html" "Mozilla/5.0 (Windows NT 10.0; Win64; x64) AppleWebKit/537.36 (KHTML, like Gecko) Chrome/70.0.3538.102 Safari/537.36 Edge/18.18362"
66.38.57.40 - - [11/Jan/2021:20:42:31 +0100] "GET /templates/Pixame_v1/images/Middle_texture.jpg HTTP/1.1" 200 249620 "http://www.wonder-geek.com/-p-39103.html" "Mozilla/5.0 (Windows NT 10.0; Win64; x64) AppleWebKit/537.36 (KHTML, like Gecko) Chrome/70.0.3538.102 Safari/537.36 Edge/18.18362"
66.38.57.40 - - [11/Jan/2021:20:42:31 +0100] "GET /templates/Pixame_v1/images/header-object.png HTTP/1.1" 200 106050 "http://www.wonder-geek.com/-p-39103.html" "Mozilla/5.0 (Windows NT 10.0; Win64; x64) AppleWebKit/537.36 (KHTML, like Gecko) Chrome/70.0.3538.102 Safari/537.36 Edge/18.18362"
66.38.57.40 - - [11/Jan/2021:20:42:31 +0100] "GET /highslide/graphics/outlines/drop-shadow.png HTTP/1.1" 200 2022 "http://www.wonder-geek.com/-p-39103.html" "Mozilla/5.0 (Windows NT 10.0; Win64; x64) AppleWebKit/537.36 (KHTML, like Gecko) Chrome/70.0.3538.102 Safari/537.36 Edge/18.18362"
157.55.39.220 - - [11/Jan/2021:20:52:47 +0100] "GET /highslide/highslide.js HTTP/1.1" 200 42909 "-" "Mozilla/5.0 (compatible; bingbot/2.0; +http://www.bing.com/bingbot.htm)"
66.249.66.95 - - [11/Jan/2021:20:53:33 +0100] "GET /images/big_prod_2/4250255859212b.jpg HTTP/1.1" 200 36681 "-" "Googlebot-Image/1.0"
66.249.66.66 - - [11/Jan/2021:20:54:04 +0100] "GET /images/mini_prod/8422056789630.jpg HTTP/1.1" 200 6943 "-" "Googlebot-Image/1.0"
74.125.210.38 - - [11/Jan/2021:21:02:48 +0100] "GET /images/4025055165890.jpg HTTP/1.1" 200 137723 "-" "Mozilla/5.0 (Windows NT 5.1; rv:11.0) Gecko Firefox/11.0 (via ggpht.com GoogleImageProxy)"
74.125.209.50 - - [11/Jan/2021:21:03:13 +0100] "GET /images/big_prod/4029811324033.jpg HTTP/1.1" 200 42185 "-" "Mozilla/5.0 (Windows NT 5.1; rv:11.0) Gecko Firefox/11.0 (via ggpht.com GoogleImageProxy)"
114.119.129.36 - - [11/Jan/2021:21:06:41 +0100] "GET /images/big_prod/3014627973514.jpg HTTP/1.1" 200 65035 "-" "Mozilla/5.0 (Linux; Android 7.0;) AppleWebKit/537.36 (KHTML, like Gecko) Mobile Safari/537.36 (compatible; PetalBot;+https://aspiegel.com/petalbot)"
40.77.167.56 - - [11/Jan/2021:21:06:59 +0100] "GET /images/pyjama2009dbzbleu.jpg HTTP/1.1" 200 18566 "-" "Mozilla/5.0 (compatible; bingbot/2.0; +http://www.bing.com/bingbot.htm)"
51.38.45.96 - - [11/Jan/2021:21:07:33 +0100] "GET /images/big_prod_2/8424346356645C.jpg HTTP/1.1" 200 497843 "-" "-"
51.38.45.96 - - [11/Jan/2021:21:07:52 +0100] "GET /images/big_prod_3/8424346356621D.jpg HTTP/1.1" 200 65057 "-" "-"
90.200.85.185 - - [11/Jan/2021:21:08:09 +0100] "GET /images/1399984246160.gif HTTP/1.1" 200 59124 "https://www.bing.com/" "Mozilla/5.0 (Linux; Android 9; KFMUWI) AppleWebKit/537.36 (KHTML, like Gecko) Silk/86.3.23 like Chrome/86.0.4240.198 Safari/537.36"
51.38.45.96 - - [11/Jan/2021:21:08:13 +0100] "GET /images/big_prod_1/8424346356645B.jpg HTTP/1.1" 200 182152 "-" "-"
173.21.101.174 - - [11/Jan/2021:21:10:06 +0100] "GET /images/big_prod/1384010184943.jpg HTTP/1.1" 200 93155 "https://images.search.yahoo.com/search/images;_ylt=A0geJGorsPxff7cAc2pXNyoA;_ylu=Y29sbwNiZjEEcG9zAzMEdnRpZAMEc2VjA3Nj?p=being+Zen+Singing+bowl&fr=aaplw" "Mozilla/5.0 (Macintosh; Intel Mac OS X 10_13_4) AppleWebKit/605.1.15 (KHTML, like Gecko) Version/11.1 Safari/605.1.15"
46.249.68.215 - - [11/Jan/2021:21:13:17 +0100] "GET /templates/Pixame_v1/stylesheet.css HTTP/1.1" 200 56057 "http://www.wonder-geek.com/white-ceramic-teapot-the-little-prince-of-saint-exupery-p-44860.html" "Mozilla/5.0 (Windows NT 10.0; Win64; x64) AppleWebKit/537.36 (KHTML, like Gecko) Chrome/87.0.4280.88 Safari/537.36"
46.249.68.215 - - [11/Jan/2021:21:13:17 +0100] "GET /highslide/highslide.js HTTP/1.1" 200 42909 "http://www.wonder-geek.com/white-ceramic-teapot-the-little-prince-of-saint-exupery-p-44860.html" "Mozilla/5.0 (Windows NT 10.0; Win64; x64) AppleWebKit/537.36 (KHTML, like Gecko) Chrome/87.0.4280.88 Safari/537.36"
46.249.68.215 - - [11/Jan/2021:21:13:17 +0100] "GET /js/jquery.js HTTP/1.1" 200 54075 "http://www.wonder-geek.com/white-ceramic-teapot-the-little-prince-of-saint-exupery-p-44860.html" "Mozilla/5.0 (Windows NT 10.0; Win64; x64) AppleWebKit/537.36 (KHTML, like Gecko) Chrome/87.0.4280.88 Safari/537.36"
46.249.68.215 - - [11/Jan/2021:21:13:17 +0100] "GET /js/jquery.jqzoom.js HTTP/1.1" 200 4761 "http://www.wonder-geek.com/white-ceramic-teapot-the-little-prince-of-saint-exupery-p-44860.html" "Mozilla/5.0 (Windows NT 10.0; Win64; x64) AppleWebKit/537.36 (KHTML, like Gecko) Chrome/87.0.4280.88 Safari/537.36"
46.249.68.215 - - [11/Jan/2021:21:13:17 +0100] "GET /mondial_relay/js/jquery-1.3.2.min.js HTTP/1.1" 200 57254 "http://www.wonder-geek.com/white-ceramic-teapot-the-little-prince-of-saint-exupery-p-44860.html" "Mozilla/5.0 (Windows NT 10.0; Win64; x64) AppleWebKit/537.36 (KHTML, like Gecko) Chrome/87.0.4280.88 Safari/537.36"
46.249.68.215 - - [11/Jan/2021:21:13:18 +0100] "GET /templates/Pixame_v1/images/icon_accueil2.png HTTP/1.1" 200 1137 "http://www.wonder-geek.com/white-ceramic-teapot-the-little-prince-of-saint-exupery-p-44860.html" "Mozilla/5.0 (Windows NT 10.0; Win64; x64) AppleWebKit/537.36 (KHTML, like Gecko) Chrome/87.0.4280.88 Safari/537.36"
46.249.68.215 - - [11/Jan/2021:21:13:18 +0100] "GET /images/big_prod/3565750290028.jpg HTTP/1.1" 200 40073 "http://www.wonder-geek.com/white-ceramic-teapot-the-little-prince-of-saint-exupery-p-44860.html" "Mozilla/5.0 (Windows NT 10.0; Win64; x64) AppleWebKit/537.36 (KHTML, like Gecko) Chrome/87.0.4280.88 Safari/537.36"
46.249.68.215 - - [11/Jan/2021:21:13:18 +0100] "GET /templates/Pixame_v1/images/buttons/english/button_in_cart.gif HTTP/1.1" 200 1212 "http://www.wonder-geek.com/white-ceramic-teapot-the-little-prince-of-saint-exupery-p-44860.html" "Mozilla/5.0 (Windows NT 10.0; Win64; x64) AppleWebKit/537.36 (KHTML, like Gecko) Chrome/87.0.4280.88 Safari/537.36"
46.249.68.215 - - [11/Jan/2021:21:13:19 +0100] "GET /templates/Pixame_v1/images/Bottom_texture.jpg HTTP/1.1" 200 56290 "http://www.wonder-geek.com/templates/Pixame_v1/stylesheet.css" "Mozilla/5.0 (Windows NT 10.0; Win64; x64) AppleWebKit/537.36 (KHTML, like Gecko) Chrome/87.0.4280.88 Safari/537.36"
46.249.68.215 - - [11/Jan/2021:21:13:19 +0100] "GET /templates/Pixame_v1/images/header.png HTTP/1.1" 200 70245 "http://www.wonder-geek.com/templates/Pixame_v1/stylesheet.css" "Mozilla/5.0 (Windows NT 10.0; Win64; x64) AppleWebKit/537.36 (KHTML, like Gecko) Chrome/87.0.4280.88 Safari/537.36"
46.249.68.215 - - [11/Jan/2021:21:13:19 +0100] "GET /templates/Pixame_v1/images/nav.png HTTP/1.1" 200 1283 "http://www.wonder-geek.com/templates/Pixame_v1/stylesheet.css" "Mozilla/5.0 (Windows NT 10.0; Win64; x64) AppleWebKit/537.36 (KHTML, like Gecko) Chrome/87.0.4280.88 Safari/537.36"
46.249.68.215 - - [11/Jan/2021:21:13:19 +0100] "GET /templates/Pixame_v1/images/header-object.png HTTP/1.1" 200 106050 "http://www.wonder-geek.com/templates/Pixame_v1/stylesheet.css" "Mozilla/5.0 (Windows NT 10.0; Win64; x64) AppleWebKit/537.36 (KHTML, like Gecko) Chrome/87.0.4280.88 Safari/537.36"
46.249.68.215 - - [11/Jan/2021:21:13:19 +0100] "GET /design/productsenstock.png HTTP/1.1" 200 4743 "http://www.wonder-geek.com/templates/Pixame_v1/stylesheet.css" "Mozilla/5.0 (Windows NT 10.0; Win64; x64) AppleWebKit/537.36 (KHTML, like Gecko) Chrome/87.0.4280.88 Safari/537.36"
46.249.68.215 - - [11/Jan/2021:21:13:19 +0100] "GET /templates/Pixame_v1/images/Middle_texture.jpg HTTP/1.1" 200 249620 "http://www.wonder-geek.com/templates/Pixame_v1/stylesheet.css" "Mozilla/5.0 (Windows NT 10.0; Win64; x64) AppleWebKit/537.36 (KHTML, like Gecko) Chrome/87.0.4280.88 Safari/537.36"
46.249.68.215 - - [11/Jan/2021:21:13:20 +0100] "GET /highslide/graphics/outlines/drop-shadow.png HTTP/1.1" 200 2022 "http://www.wonder-geek.com/white-ceramic-teapot-the-little-prince-of-saint-exupery-p-44860.html" "Mozilla/5.0 (Windows NT 10.0; Win64; x64) AppleWebKit/537.36 (KHTML, like Gecko) Chrome/87.0.4280.88 Safari/537.36"
46.249.68.215 - - [11/Jan/2021:21:13:20 +0100] "GET /favicon.ico HTTP/1.1" 200 1591 "http://www.wonder-geek.com/white-ceramic-teapot-the-little-prince-of-saint-exupery-p-44860.html" "Mozilla/5.0 (Windows NT 10.0; Win64; x64) AppleWebKit/537.36 (KHTML, like Gecko) Chrome/87.0.4280.88 Safari/537.36"
66.249.66.95 - - [11/Jan/2021:21:14:03 +0100] "GET /images/big_prod/3609810062283A.jpg HTTP/1.1" 200 209840 "-" "Googlebot-Image/1.0"
114.119.158.196 - - [11/Jan/2021:21:19:49 +0100] "GET /images/3681643300213.jpg HTTP/1.1" 200 21421 "-" "Mozilla/5.0 (Linux; Android 7.0;) AppleWebKit/537.36 (KHTML, like Gecko) Mobile Safari/537.36 (compatible; PetalBot;+https://aspiegel.com/petalbot)"
77.75.76.168 - - [11/Jan/2021:21:20:55 +0100] "GET /robots.txt HTTP/1.1" 200 2438 "-" "Mozilla/5.0 (compatible; SeznamBot/3.2; +http://napoveda.seznam.cz/en/seznambot-intro/)"
35.195.229.200 - - [11/Jan/2021:21:23:25 +0100] "GET /robots.txt HTTP/1.1" 200 2438 "-" "Mozilla/5.0 (Macintosh; Intel Mac OS X 10.11; rv:52.0) Gecko/20100101 Firefox/52.0"
114.119.154.200 - - [11/Jan/2021:21:24:14 +0100] "GET /images/mini_prod/1300017910026.jpg HTTP/1.1" 200 9945 "-" "Mozilla/5.0 (Linux; Android 7.0;) AppleWebKit/537.36 (KHTML, like Gecko) Mobile Safari/537.36 (compatible; PetalBot;+https://aspiegel.com/petalbot)"
35.195.229.200 - - [11/Jan/2021:21:24:27 +0100] "GET /js/jquery.jqzoom.js HTTP/1.1" 304 0 "-" "Mozilla/5.0 (Macintosh; Intel Mac OS X 10.11; rv:52.0) Gecko/20100101 Firefox/52.0"
35.195.229.200 - - [11/Jan/2021:21:24:27 +0100] "GET /highslide/highslide.js HTTP/1.1" 304 0 "-" "Mozilla/5.0 (Macintosh; Intel Mac OS X 10.11; rv:52.0) Gecko/20100101 Firefox/52.0"
35.195.229.200 - - [11/Jan/2021:21:24:28 +0100] "GET /js/jquery.js HTTP/1.1" 304 0 "-" "Mozilla/5.0 (Macintosh; Intel Mac OS X 10.11; rv:52.0) Gecko/20100101 Firefox/52.0"
35.195.229.200 - - [11/Jan/2021:21:24:35 +0100] "GET /js/jquery.masonry.min.js HTTP/1.1" 304 0 "-" "Mozilla/5.0 (Macintosh; Intel Mac OS X 10.11; rv:52.0) Gecko/20100101 Firefox/52.0"
35.195.229.200 - - [11/Jan/2021:21:24:35 +0100] "GET /js/modernizr-transitions.js HTTP/1.1" 304 0 "-" "Mozilla/5.0 (Macintosh; Intel Mac OS X 10.11; rv:52.0) Gecko/20100101 Firefox/52.0"
35.195.229.200 - - [11/Jan/2021:21:24:35 +0100] "GET /mondial_relay/js/jquery-1.3.2.min.js HTTP/1.1" 304 0 "-" "Mozilla/5.0 (Macintosh; Intel Mac OS X 10.11; rv:52.0) Gecko/20100101 Firefox/52.0"
114.119.129.36 - - [11/Jan/2021:21:28:40 +0100] "GET /images/mini_prod/8433933159729.jpg HTTP/1.1" 200 6546 "-" "Mozilla/5.0 (Linux; Android 7.0;) AppleWebKit/537.36 (KHTML, like Gecko) Mobile Safari/537.36 (compatible; PetalBot;+https://aspiegel.com/petalbot)"
157.55.39.220 - - [11/Jan/2021:21:33:22 +0100] "GET /highslide/highslide.js HTTP/1.1" 200 42909 "-" "Mozilla/5.0 (compatible; bingbot/2.0; +http://www.bing.com/bingbot.htm)"
185.191.171.34 - - [11/Jan/2021:21:34:05 +0100] "GET /robots.txt HTTP/1.1" 200 2438 "-" "Mozilla/5.0 (compatible; SemrushBot/7~bl; +http://www.semrush.com/bot.html)"
114.119.132.105 - - [11/Jan/2021:21:37:32 +0100] "GET /images/mini_prod/8718317730238.jpg HTTP/1.1" 200 3312 "-" "Mozilla/5.0 (Linux; Android 7.0;) AppleWebKit/537.36 (KHTML, like Gecko) Mobile Safari/537.36 (compatible; PetalBot;+https://aspiegel.com/petalbot)"
157.55.39.32 - - [11/Jan/2021:21:37:51 +0100] "GET /robots.txt HTTP/1.1" 200 2438 "-" "Mozilla/5.0 (compatible; bingbot/2.0; +http://www.bing.com/bingbot.htm)"
17.58.101.147 - - [11/Jan/2021:21:38:15 +0100] "GET /images/mini_prod/8422022313005.jpg HTTP/1.1" 200 7975 "-" "Mozilla/5.0 (Macintosh; Intel Mac OS X 10_15_5) AppleWebKit/605.1.15 (KHTML, like Gecko) Version/13.1.1 Safari/605.1.15 (Applebot/0.1; +http://www.apple.com/go/applebot)"
74.125.212.136 - - [11/Jan/2021:21:39:44 +0100] "GET /images/med_prod/1341689419929.jpg HTTP/1.1" 200 154632 "-" "Mozilla/5.0 (Windows NT 5.1; rv:11.0) Gecko Firefox/11.0 (via ggpht.com GoogleImageProxy)"
114.119.132.105 - - [11/Jan/2021:21:41:48 +0100] "GET /images/mini_prod/1399984263792.jpg HTTP/1.1" 200 8858 "-" "Mozilla/5.0 (Linux; Android 7.0;) AppleWebKit/537.36 (KHTML, like Gecko) Mobile Safari/537.36 (compatible; PetalBot;+https://aspiegel.com/petalbot)"
114.119.145.117 - - [11/Jan/2021:21:46:13 +0100] "GET /images/mini_prod/3388760924574.jpg HTTP/1.1" 200 7160 "-" "Mozilla/5.0 (Linux; Android 7.0;) AppleWebKit/537.36 (KHTML, like Gecko) Mobile Safari/537.36 (compatible; PetalBot;+https://aspiegel.com/petalbot)"
162.210.196.97 - - [11/Jan/2021:21:46:16 +0100] "GET /robots.txt HTTP/1.1" 200 2438 "-" "Mozilla/5.0 (compatible; MJ12bot/v1.4.8; http://mj12bot.com/)"
17.58.101.147 - - [11/Jan/2021:21:48:14 +0100] "GET /images/mini_prod/3453131132442.jpg HTTP/1.1" 200 8421 "-" "Mozilla/5.0 (Macintosh; Intel Mac OS X 10_15_5) AppleWebKit/605.1.15 (KHTML, like Gecko) Version/13.1.1 Safari/605.1.15 (Applebot/0.1; +http://www.apple.com/go/applebot)"
114.119.132.105 - - [11/Jan/2021:21:50:39 +0100] "GET /images/big_prod/5400924053291.jpg HTTP/1.1" 200 79391 "-" "Mozilla/5.0 (Linux; Android 7.0;) AppleWebKit/537.36 (KHTML, like Gecko) Mobile Safari/537.36 (compatible; PetalBot;+https://aspiegel.com/petalbot)"
114.119.130.202 - - [11/Jan/2021:21:55:06 +0100] "GET /images/big_prod/3665269051735.jpg HTTP/1.1" 200 86037 "-" "Mozilla/5.0 (Linux; Android 7.0;) AppleWebKit/537.36 (KHTML, like Gecko) Mobile Safari/537.36 (compatible; PetalBot;+https://aspiegel.com/petalbot)"
106.11.158.100 - - [11/Jan/2021:21:57:48 +0100] "GET /js/jquery.jqzoom.js HTTP/1.1" 200 4761 "http://www.wonder-geek.com/yogi-yogini-rubber-yoga-mat-mint-green-p-45294.html" "Mozilla/5.0 (Windows NT 6.1; Win64; x64) AppleWebKit/537.36 (KHTML, like Gecko) Chrome/69.0.3497.81 YisouSpider/5.0 Safari/537.36"
106.11.159.36 - - [11/Jan/2021:21:57:49 +0100] "GET /templates/Pixame_v1/stylesheet.css HTTP/1.1" 200 56057 "http://www.wonder-geek.com/yogi-yogini-rubber-yoga-mat-mint-green-p-45294.html" "Mozilla/5.0 (Windows NT 6.1; Win64; x64) AppleWebKit/537.36 (KHTML, like Gecko) Chrome/69.0.3497.81 YisouSpider/5.0 Safari/537.36"
42.120.160.119 - - [11/Jan/2021:21:57:49 +0100] "GET /mondial_relay/js/jquery-1.3.2.min.js HTTP/1.1" 200 57254 "http://www.wonder-geek.com/yogi-yogini-rubber-yoga-mat-mint-green-p-45294.html" "Mozilla/5.0 (Windows NT 6.1; Win64; x64) AppleWebKit/537.36 (KHTML, like Gecko) Chrome/69.0.3497.81 YisouSpider/5.0 Safari/537.36"
106.11.155.99 - - [11/Jan/2021:21:57:49 +0100] "GET /js/jquery.js HTTP/1.1" 200 54075 "http://www.wonder-geek.com/yogi-yogini-rubber-yoga-mat-mint-green-p-45294.html" "Mozilla/5.0 (Windows NT 6.1; Win64; x64) AppleWebKit/537.36 (KHTML, like Gecko) Chrome/69.0.3497.81 YisouSpider/5.0 Safari/537.36"
42.156.254.96 - - [11/Jan/2021:21:57:49 +0100] "GET /highslide/highslide.js HTTP/1.1" 200 42909 "http://www.wonder-geek.com/yogi-yogini-rubber-yoga-mat-mint-green-p-45294.html" "Mozilla/5.0 (Windows NT 6.1; Win64; x64) AppleWebKit/537.36 (KHTML, like Gecko) Chrome/69.0.3497.81 YisouSpider/5.0 Safari/537.36"
17.58.101.147 - - [11/Jan/2021:22:03:12 +0100] "GET /images/mini_prod/8003990616086.jpg HTTP/1.1" 200 8714 "-" "Mozilla/5.0 (Macintosh; Intel Mac OS X 10_15_5) AppleWebKit/605.1.15 (KHTML, like Gecko) Version/13.1.1 Safari/605.1.15 (Applebot/0.1; +http://www.apple.com/go/applebot)"
114.119.130.202 - - [11/Jan/2021:22:03:56 +0100] "GET /images/med_prod/00000000000000corse.jpg HTTP/1.1" 200 109518 "-" "Mozilla/5.0 (Linux; Android 7.0;) AppleWebKit/537.36 (KHTML, like Gecko) Mobile Safari/537.36 (compatible; PetalBot;+https://aspiegel.com/petalbot)"
5.255.231.71 - - [11/Jan/2021:22:04:33 +0100] "GET /robots.txt HTTP/1.1" 200 2438 "-" "Mozilla/5.0 (compatible; YandexBot/3.0; +http://yandex.com/bots)"
114.119.132.105 - - [11/Jan/2021:22:08:22 +0100] "GET /images/big_prod/1780013000004.jpg HTTP/1.1" 200 73142 "-" "Mozilla/5.0 (Linux; Android 7.0;) AppleWebKit/537.36 (KHTML, like Gecko) Mobile Safari/537.36 (compatible; PetalBot;+https://aspiegel.com/petalbot)"
148.3.255.249 - - [11/Jan/2021:22:08:45 +0100] "GET /images/med_prod/1384010184240.jpg HTTP/1.1" 200 212412 "-" "WhatsApp/2.20.206.24 Android/10 Device/Xiaomi-M2004J19C"
114.119.144.233 - - [11/Jan/2021:22:12:38 +0100] "GET /images/big_prod/3609810061408.jpg HTTP/1.1" 200 152786 "-" "Mozilla/5.0 (Linux; Android 7.0;) AppleWebKit/537.36 (KHTML, like Gecko) Mobile Safari/537.36 (compatible; PetalBot;+https://aspiegel.com/petalbot)"
157.55.39.22 - - [11/Jan/2021:22:13:38 +0100] "GET /mondial_relay/js/jquery-1.3.2.min.js HTTP/1.1" 200 57254 "-" "Mozilla/5.0 (compatible; bingbot/2.0; +http://www.bing.com/bingbot.htm)"
157.55.39.220 - - [11/Jan/2021:22:13:46 +0100] "GET /highslide/highslide.js HTTP/1.1" 200 42909 "-" "Mozilla/5.0 (compatible; bingbot/2.0; +http://www.bing.com/bingbot.htm)"
157.55.39.220 - - [11/Jan/2021:22:13:46 +0100] "GET /highslide/highslide.js HTTP/1.1" 200 42909 "-" "Mozilla/5.0 (compatible; bingbot/2.0; +http://www.bing.com/bingbot.htm)"
157.55.39.220 - - [11/Jan/2021:22:13:47 +0100] "GET /highslide/highslide.js HTTP/1.1" 200 42909 "-" "Mozilla/5.0 (compatible; bingbot/2.0; +http://www.bing.com/bingbot.htm)"
74.125.212.134 - - [11/Jan/2021:22:15:30 +0100] "GET /images/big_prod_2/c8718657466859.jpg HTTP/1.1" 200 61613 "-" "Mozilla/5.0 (Windows NT 5.1; rv:11.0) Gecko Firefox/11.0 (via ggpht.com GoogleImageProxy)"
40.77.167.56 - - [11/Jan/2021:22:15:41 +0100] "GET /images/med_prod/1399984272213.jpg HTTP/1.1" 200 165417 "-" "Mozilla/5.0 (compatible; bingbot/2.0; +http://www.bing.com/bingbot.htm)"
185.191.171.36 - - [11/Jan/2021:22:16:04 +0100] "GET /robots.txt HTTP/1.1" 200 2438 "-" "Mozilla/5.0 (compatible; SemrushBot/7~bl; +http://www.semrush.com/bot.html)"
77.75.79.17 - - [11/Jan/2021:22:16:14 +0100] "GET /robots.txt HTTP/1.1" 200 2438 "-" "Mozilla/5.0 (compatible; SeznamBot/3.2; +http://napoveda.seznam.cz/en/seznambot-intro/)"
66.249.93.52 - - [11/Jan/2021:22:16:50 +0100] "GET /images/big_prod/0410DSCN8264.jpg HTTP/1.1" 200 49370 "-" "Mozilla/5.0 (Windows NT 5.1; rv:11.0) Gecko Firefox/11.0 (via ggpht.com GoogleImageProxy)"
114.119.132.105 - - [11/Jan/2021:22:17:03 +0100] "GET /images/mini_prod/1384010207642.jpg HTTP/1.1" 200 9373 "-" "Mozilla/5.0 (Linux; Android 7.0;) AppleWebKit/537.36 (KHTML, like Gecko) Mobile Safari/537.36 (compatible; PetalBot;+https://aspiegel.com/petalbot)"
