207.46.13.229 - - [11/Jan/2021:05:21:23 +0100] "GET /images/8435306266867.jpg HTTP/1.1" 200 63826 "-" "Mozilla/5.0 (compatible; bingbot/2.0; +http://www.bing.com/bingbot.htm)"
157.55.39.220 - - [11/Jan/2021:05:21:29 +0100] "GET /images/big_prod/8902276106245.jpg HTTP/1.1" 200 102705 "-" "Mozilla/5.0 (compatible; bingbot/2.0; +http://www.bing.com/bingbot.htm)"
207.46.13.36 - - [11/Jan/2021:05:21:47 +0100] "GET /images/4220.jpg HTTP/1.1" 200 22892 "-" "Mozilla/5.0 (compatible; bingbot/2.0; +http://www.bing.com/bingbot.htm)"
207.46.13.229 - - [11/Jan/2021:05:21:53 +0100] "GET /images/4025055993929.jpg HTTP/1.1" 200 29436 "-" "Mozilla/5.0 (compatible; bingbot/2.0; +http://www.bing.com/bingbot.htm)"
207.46.13.26 - - [11/Jan/2021:05:23:05 +0100] "GET /images/1308421410057.jpg HTTP/1.1" 200 103632 "-" "Mozilla/5.0 (compatible; bingbot/2.0; +http://www.bing.com/bingbot.htm)"
157.55.39.110 - - [11/Jan/2021:05:23:33 +0100] "GET /images/big_prod/1384220059376.jpg HTTP/1.1" 200 142813 "-" "Mozilla/5.0 (compatible; bingbot/2.0; +http://www.bing.com/bingbot.htm)"
207.46.13.36 - - [11/Jan/2021:05:24:08 +0100] "GET /images/8714274565029.jpg HTTP/1.1" 200 61108 "-" "Mozilla/5.0 (compatible; bingbot/2.0; +http://www.bing.com/bingbot.htm)"
207.46.13.239 - - [11/Jan/2021:05:24:52 +0100] "GET /images/med_prod/8435306265587.jpg HTTP/1.1" 200 126247 "-" "Mozilla/5.0 (compatible; bingbot/2.0; +http://www.bing.com/bingbot.htm)"
40.77.167.56 - - [11/Jan/2021:05:25:16 +0100] "GET /images/med_prod/8435306288548.jpg HTTP/1.1" 200 62514 "-" "Mozilla/5.0 (compatible; bingbot/2.0; +http://www.bing.com/bingbot.htm)"
40.77.167.56 - - [11/Jan/2021:05:25:26 +0100] "GET /images/big_prod/1341689438982.jpg HTTP/1.1" 200 139616 "-" "Mozilla/5.0 (compatible; bingbot/2.0; +http://www.bing.com/bingbot.htm)"
207.46.13.229 - - [11/Jan/2021:05:26:23 +0100] "GET /images/med_prod/3457010951223.jpg HTTP/1.1" 200 80641 "-" "Mozilla/5.0 (compatible; bingbot/2.0; +http://www.bing.com/bingbot.htm)"
114.119.145.117 - - [11/Jan/2021:05:27:37 +0100] "GET /images/big_prod_1/8720088292686a.jpg HTTP/1.1" 200 73528 "-" "Mozilla/5.0 (Linux; Android 7.0;) AppleWebKit/537.36 (KHTML, like Gecko) Mobile Safari/537.36 (compatible; PetalBot;+https://aspiegel.com/petalbot)"
207.46.13.229 - - [11/Jan/2021:05:28:14 +0100] "GET /images/8435306241260.jpg HTTP/1.1" 200 42575 "-" "Mozilla/5.0 (compatible; bingbot/2.0; +http://www.bing.com/bingbot.htm)"
207.46.13.36 - - [11/Jan/2021:05:28:27 +0100] "GET /images/med_prod/1384010176313.jpg HTTP/1.1" 200 53111 "-" "Mozilla/5.0 (compatible; bingbot/2.0; +http://www.bing.com/bingbot.htm)"
157.55.39.220 - - [11/Jan/2021:05:29:59 +0100] "GET /images/230908_204027_PEEL_MwGfcs.jpg HTTP/1.1" 200 33104 "-" "Mozilla/5.0 (compatible; bingbot/2.0; +http://www.bing.com/bingbot.htm)"
40.77.167.56 - - [11/Jan/2021:05:30:22 +0100] "GET /images/8430269357751.jpg HTTP/1.1" 200 42345 "-" "Mozilla/5.0 (compatible; bingbot/2.0; +http://www.bing.com/bingbot.htm)"
192.0.102.50 - - [11/Jan/2021:05:31:12 +0100] "GET /images/big_prod/4012390388299.jpg HTTP/1.1" 200 59457 "-" "Photon/1.0"
114.119.158.196 - - [11/Jan/2021:05:32:01 +0100] "GET /images/big_prod_1/8424001604692B.jpg HTTP/1.1" 200 54651 "-" "Mozilla/5.0 (Linux; Android 7.0;) AppleWebKit/537.36 (KHTML, like Gecko) Mobile Safari/537.36 (compatible; PetalBot;+https://aspiegel.com/petalbot)"
40.77.167.56 - - [11/Jan/2021:05:32:01 +0100] "GET /images/8435333848159.jpg HTTP/1.1" 200 33425 "-" "Mozilla/5.0 (compatible; bingbot/2.0; +http://www.bing.com/bingbot.htm)"
207.46.13.239 - - [11/Jan/2021:05:33:05 +0100] "GET /images/4025055994865.jpg HTTP/1.1" 200 29690 "-" "Mozilla/5.0 (compatible; bingbot/2.0; +http://www.bing.com/bingbot.htm)"
207.46.13.229 - - [11/Jan/2021:05:33:10 +0100] "GET /images/5411329064317.jpg HTTP/1.1" 200 41071 "-" "Mozilla/5.0 (compatible; bingbot/2.0; +http://www.bing.com/bingbot.htm)"
66.249.66.95 - - [11/Jan/2021:05:33:34 +0100] "GET /images/mini_prod/3384370185084.gif HTTP/1.1" 200 4343 "-" "Googlebot-Image/1.0"
66.249.66.64 - - [11/Jan/2021:05:33:35 +0100] "GET /images/mini_prod/3384371185076b.jpg HTTP/1.1" 200 9078 "-" "Googlebot-Image/1.0"
207.46.13.239 - - [11/Jan/2021:05:33:45 +0100] "GET /images/big_prod_3/a5018997628232.jpg HTTP/1.1" 200 126314 "-" "Mozilla/5.0 (compatible; bingbot/2.0; +http://www.bing.com/bingbot.htm)"
40.77.167.56 - - [11/Jan/2021:05:35:14 +0100] "GET /images/3521320003306.jpg HTTP/1.1" 200 49992 "-" "Mozilla/5.0 (compatible; bingbot/2.0; +http://www.bing.com/bingbot.htm)"
157.55.39.220 - - [11/Jan/2021:05:35:52 +0100] "GET /images/big_prod/1384010205327.jpg HTTP/1.1" 200 73369 "-" "Mozilla/5.0 (compatible; bingbot/2.0; +http://www.bing.com/bingbot.htm)"
114.119.151.113 - - [11/Jan/2021:05:36:23 +0100] "GET /images/big_prod/3700786500356.jpg HTTP/1.1" 200 60512 "-" "Mozilla/5.0 (Linux; Android 7.0;) AppleWebKit/537.36 (KHTML, like Gecko) Mobile Safari/537.36 (compatible; PetalBot;+https://aspiegel.com/petalbot)"
157.55.39.220 - - [11/Jan/2021:05:36:53 +0100] "GET /images/big_prod/3589362850098.jpg HTTP/1.1" 200 93611 "-" "Mozilla/5.0 (compatible; bingbot/2.0; +http://www.bing.com/bingbot.htm)"
157.55.39.110 - - [11/Jan/2021:05:38:05 +0100] "GET /images/med_prod/00000000corsica.jpg HTTP/1.1" 200 58456 "-" "Mozilla/5.0 (compatible; bingbot/2.0; +http://www.bing.com/bingbot.htm)"
40.77.167.56 - - [11/Jan/2021:05:39:24 +0100] "GET /images/med_prod/1328399077830.jpg HTTP/1.1" 200 89189 "-" "Mozilla/5.0 (compatible; bingbot/2.0; +http://www.bing.com/bingbot.htm)"
185.191.171.45 - - [11/Jan/2021:05:40:28 +0100] "GET /robots.txt HTTP/1.1" 200 2438 "-" "Mozilla/5.0 (compatible; SemrushBot/7~bl; +http://www.semrush.com/bot.html)"
157.55.39.220 - - [11/Jan/2021:05:44:20 +0100] "GET /highslide/highslide.js HTTP/1.1" 200 42909 "-" "Mozilla/5.0 (compatible; bingbot/2.0; +http://www.bing.com/bingbot.htm)"
207.46.13.239 - - [11/Jan/2021:05:45:04 +0100] "GET /images/big_prod/8433933684863.jpg HTTP/1.1" 200 81668 "-" "Mozilla/5.0 (compatible; bingbot/2.0; +http://www.bing.com/bingbot.htm)"
114.119.129.36 - - [11/Jan/2021:05:45:09 +0100] "GET /images/mini_prod/8718657462851.jpg HTTP/1.1" 200 6300 "-" "Mozilla/5.0 (Linux; Android 7.0;) AppleWebKit/537.36 (KHTML, like Gecko) Mobile Safari/537.36 (compatible; PetalBot;+https://aspiegel.com/petalbot)"
40.77.167.56 - - [11/Jan/2021:05:45:35 +0100] "GET /images/4008421369119.jpg HTTP/1.1" 200 40017 "-" "Mozilla/5.0 (compatible; bingbot/2.0; +http://www.bing.com/bingbot.htm)"
207.46.13.229 - - [11/Jan/2021:05:46:00 +0100] "GET /images/5110994699472.jpg HTTP/1.1" 200 31785 "-" "Mozilla/5.0 (compatible; bingbot/2.0; +http://www.bing.com/bingbot.htm)"
66.249.66.64 - - [11/Jan/2021:05:46:34 +0100] "GET /images/mini_prod/1384010190647.jpg HTTP/1.1" 200 4357 "-" "Googlebot-Image/1.0"
207.46.13.229 - - [11/Jan/2021:05:46:39 +0100] "GET /images/med_prod/4036113803029.jpg HTTP/1.1" 200 96043 "-" "Mozilla/5.0 (compatible; bingbot/2.0; +http://www.bing.com/bingbot.htm)"
157.55.39.22 - - [11/Jan/2021:05:46:48 +0100] "GET /images/9316188050197.jpg HTTP/1.1" 200 109470 "-" "Mozilla/5.0 (compatible; bingbot/2.0; +http://www.bing.com/bingbot.htm)"
157.55.39.110 - - [11/Jan/2021:05:47:26 +0100] "GET /images/med_prod/00000000000000corseg.jpg HTTP/1.1" 200 78063 "-" "Mozilla/5.0 (compatible; bingbot/2.0; +http://www.bing.com/bingbot.htm)"
207.46.13.229 - - [11/Jan/2021:05:47:31 +0100] "GET /images/720322259794.jpg HTTP/1.1" 200 79516 "-" "Mozilla/5.0 (compatible; bingbot/2.0; +http://www.bing.com/bingbot.htm)"
207.46.13.229 - - [11/Jan/2021:05:49:09 +0100] "GET /images/8009233802209.jpg HTTP/1.1" 200 36086 "-" "Mozilla/5.0 (compatible; bingbot/2.0; +http://www.bing.com/bingbot.htm)"
114.119.144.233 - - [11/Jan/2021:05:49:32 +0100] "GET /images/big_prod/8424346542635.jpg HTTP/1.1" 200 37585 "-" "Mozilla/5.0 (Linux; Android 7.0;) AppleWebKit/537.36 (KHTML, like Gecko) Mobile Safari/537.36 (compatible; PetalBot;+https://aspiegel.com/petalbot)"
207.46.13.239 - - [11/Jan/2021:05:49:46 +0100] "GET /images/big_prod/1384010204054.jpg HTTP/1.1" 200 92080 "-" "Mozilla/5.0 (compatible; bingbot/2.0; +http://www.bing.com/bingbot.htm)"
207.46.13.26 - - [11/Jan/2021:05:49:59 +0100] "GET /images/big_prod/mickey1384010188521.jpg HTTP/1.1" 200 109918 "-" "Mozilla/5.0 (compatible; bingbot/2.0; +http://www.bing.com/bingbot.htm)"
40.77.167.56 - - [11/Jan/2021:05:50:58 +0100] "GET /images/3519570005560.jpg HTTP/1.1" 200 154883 "-" "Mozilla/5.0 (compatible; bingbot/2.0; +http://www.bing.com/bingbot.htm)"
157.55.39.220 - - [11/Jan/2021:05:52:15 +0100] "GET /images/big_prod/4025055092158NN.jpg HTTP/1.1" 200 133632 "-" "Mozilla/5.0 (compatible; bingbot/2.0; +http://www.bing.com/bingbot.htm)"
157.55.39.22 - - [11/Jan/2021:05:53:40 +0100] "GET /images/5018997517574.jpg HTTP/1.1" 200 129054 "-" "Mozilla/5.0 (compatible; bingbot/2.0; +http://www.bing.com/bingbot.htm)"
114.119.151.113 - - [11/Jan/2021:05:53:55 +0100] "GET /images/big_prod/8422048012289.jpg HTTP/1.1" 200 84050 "-" "Mozilla/5.0 (Linux; Android 7.0;) AppleWebKit/537.36 (KHTML, like Gecko) Mobile Safari/537.36 (compatible; PetalBot;+https://aspiegel.com/petalbot)"
157.55.39.110 - - [11/Jan/2021:05:55:56 +0100] "GET /images/med_prod/5010994923167.jpg HTTP/1.1" 200 158534 "-" "Mozilla/5.0 (compatible; bingbot/2.0; +http://www.bing.com/bingbot.htm)"
157.55.39.220 - - [11/Jan/2021:05:56:45 +0100] "GET /images/med_prod/0082686355285.jpg HTTP/1.1" 200 90577 "-" "Mozilla/5.0 (compatible; bingbot/2.0; +http://www.bing.com/bingbot.htm)"
40.77.167.56 - - [11/Jan/2021:05:56:50 +0100] "GET /images/4007176152140.jpg HTTP/1.1" 200 78345 "-" "Mozilla/5.0 (compatible; bingbot/2.0; +http://www.bing.com/bingbot.htm)"
157.55.39.32 - - [11/Jan/2021:05:56:52 +0100] "GET /robots.txt HTTP/1.1" 200 2438 "-" "Mozilla/5.0 (compatible; bingbot/2.0; +http://www.bing.com/bingbot.htm)"
207.46.13.26 - - [11/Jan/2021:05:57:51 +0100] "GET /images/med_prod/3609810031395.jpg HTTP/1.1" 200 84527 "-" "Mozilla/5.0 (compatible; bingbot/2.0; +http://www.bing.com/bingbot.htm)"
114.119.151.113 - - [11/Jan/2021:05:58:12 +0100] "GET /images/1399984249437.jpg HTTP/1.1" 200 98994 "-" "Mozilla/5.0 (Linux; Android 7.0;) AppleWebKit/537.36 (KHTML, like Gecko) Mobile Safari/537.36 (compatible; PetalBot;+https://aspiegel.com/petalbot)"
207.46.13.26 - - [11/Jan/2021:05:58:31 +0100] "GET /images/big_prod/8001011166282.jpg HTTP/1.1" 200 147389 "-" "Mozilla/5.0 (compatible; bingbot/2.0; +http://www.bing.com/bingbot.htm)"
207.46.13.229 - - [11/Jan/2021:05:58:52 +0100] "GET /images/big_prod/8422945482703.jpg HTTP/1.1" 200 60577 "-" "Mozilla/5.0 (compatible; bingbot/2.0; +http://www.bing.com/bingbot.htm)"
40.77.167.56 - - [11/Jan/2021:06:01:22 +0100] "GET /images/big_prod/1384010188484.jpg HTTP/1.1" 200 47241 "-" "Mozilla/5.0 (compatible; bingbot/2.0; +http://www.bing.com/bingbot.htm)"
114.119.158.196 - - [11/Jan/2021:06:02:34 +0100] "GET /images/mini_prod/1399984257210.jpg HTTP/1.1" 200 8930 "-" "Mozilla/5.0 (Linux; Android 7.0;) AppleWebKit/537.36 (KHTML, like Gecko) Mobile Safari/537.36 (compatible; PetalBot;+https://aspiegel.com/petalbot)"
40.77.167.56 - - [11/Jan/2021:06:05:56 +0100] "GET /images/1300010240274.jpg HTTP/1.1" 200 89484 "-" "Mozilla/5.0 (compatible; bingbot/2.0; +http://www.bing.com/bingbot.htm)"
207.46.13.26 - - [11/Jan/2021:06:06:41 +0100] "GET /images/big_prod/5027148842205.jpg HTTP/1.1" 200 93973 "-" "Mozilla/5.0 (compatible; bingbot/2.0; +http://www.bing.com/bingbot.htm)"
66.249.85.70 - - [11/Jan/2021:06:06:46 +0100] "GET /images/med_prod/8435107822026.jpg HTTP/1.1" 200 173520 "-" "Mozilla/5.0 (Windows NT 5.1; rv:11.0) Gecko Firefox/11.0 (via ggpht.com GoogleImageProxy)"
157.55.39.220 - - [11/Jan/2021:06:08:54 +0100] "GET /images/3298060221382.b.jpg HTTP/1.1" 200 17084 "-" "Mozilla/5.0 (compatible; bingbot/2.0; +http://www.bing.com/bingbot.htm)"
40.77.167.56 - - [11/Jan/2021:06:09:33 +0100] "GET /images/big_prod/5018997628225.jpg HTTP/1.1" 200 118444 "-" "Mozilla/5.0 (compatible; bingbot/2.0; +http://www.bing.com/bingbot.htm)"
207.46.13.229 - - [11/Jan/2021:06:10:25 +0100] "GET /images/big_prod_2/8422013606109c.jpg HTTP/1.1" 200 82722 "-" "Mozilla/5.0 (compatible; bingbot/2.0; +http://www.bing.com/bingbot.htm)"
207.46.13.36 - - [11/Jan/2021:06:10:33 +0100] "GET /images/8435306246463bis.jpg HTTP/1.1" 200 113230 "-" "Mozilla/5.0 (compatible; bingbot/2.0; +http://www.bing.com/bingbot.htm)"
185.191.171.40 - - [11/Jan/2021:06:11:30 +0100] "GET /robots.txt HTTP/1.1" 200 2438 "-" "Mozilla/5.0 (compatible; SemrushBot/7~bl; +http://www.semrush.com/bot.html)"
207.46.13.229 - - [11/Jan/2021:06:13:47 +0100] "GET /images/1328399029723.jpg HTTP/1.1" 200 80776 "-" "Mozilla/5.0 (compatible; bingbot/2.0; +http://www.bing.com/bingbot.htm)"
157.55.39.110 - - [11/Jan/2021:06:14:07 +0100] "GET /images/3702276256866.jpg HTTP/1.1" 200 29697 "-" "Mozilla/5.0 (compatible; bingbot/2.0; +http://www.bing.com/bingbot.htm)"
207.46.13.36 - - [11/Jan/2021:06:14:23 +0100] "GET /images/5018997517215.jpg HTTP/1.1" 200 116643 "-" "Mozilla/5.0 (compatible; bingbot/2.0; +http://www.bing.com/bingbot.htm)"
157.55.39.220 - - [11/Jan/2021:06:14:54 +0100] "GET /highslide/highslide.js HTTP/1.1" 200 42909 "-" "Mozilla/5.0 (compatible; bingbot/2.0; +http://www.bing.com/bingbot.htm)"
40.77.167.56 - - [11/Jan/2021:06:15:34 +0100] "GET /images/cirecendrillon2009.jpg HTTP/1.1" 200 25525 "-" "Mozilla/5.0 (compatible; bingbot/2.0; +http://www.bing.com/bingbot.htm)"
114.119.154.200 - - [11/Jan/2021:06:15:44 +0100] "GET /images/big_prod/1399986101900.jpg HTTP/1.1" 200 163856 "-" "Mozilla/5.0 (Linux; Android 7.0;) AppleWebKit/537.36 (KHTML, like Gecko) Mobile Safari/537.36 (compatible; PetalBot;+https://aspiegel.com/petalbot)"
157.55.39.22 - - [11/Jan/2021:06:16:12 +0100] "GET /images/b1399984237205.jpg HTTP/1.1" 200 44846 "-" "Mozilla/5.0 (compatible; bingbot/2.0; +http://www.bing.com/bingbot.htm)"
207.46.13.229 - - [11/Jan/2021:06:16:18 +0100] "GET /images/big_prod/1384010204337.jpg HTTP/1.1" 200 68707 "-" "Mozilla/5.0 (compatible; bingbot/2.0; +http://www.bing.com/bingbot.htm)"
207.46.13.36 - - [11/Jan/2021:06:16:52 +0100] "GET /images/big_prod_1/3700407618576B.jpg HTTP/1.1" 200 75441 "-" "Mozilla/5.0 (compatible; bingbot/2.0; +http://www.bing.com/bingbot.htm)"
207.46.13.239 - - [11/Jan/2021:06:17:31 +0100] "GET /images/med_prod/1384010178683.jpg HTTP/1.1" 200 52216 "-" "Mozilla/5.0 (compatible; bingbot/2.0; +http://www.bing.com/bingbot.htm)"
40.77.167.56 - - [11/Jan/2021:06:19:09 +0100] "GET /images/big_prod/5701359740665.jpg HTTP/1.1" 200 151781 "-" "Mozilla/5.0 (compatible; bingbot/2.0; +http://www.bing.com/bingbot.htm)"
114.119.147.45 - - [11/Jan/2021:06:20:07 +0100] "GET /images/big_prod/8435465002016.jpg HTTP/1.1" 200 124911 "-" "Mozilla/5.0 (Linux; Android 7.0;) AppleWebKit/537.36 (KHTML, like Gecko) Mobile Safari/537.36 (compatible; PetalBot;+https://aspiegel.com/petalbot)"
40.77.167.56 - - [11/Jan/2021:06:20:19 +0100] "GET /images/med_prod/8422535858628.jpg HTTP/1.1" 200 104760 "-" "Mozilla/5.0 (compatible; bingbot/2.0; +http://www.bing.com/bingbot.htm)"
157.55.39.22 - - [11/Jan/2021:06:20:24 +0100] "GET /images/1300010240380.jpg HTTP/1.1" 200 188563 "-" "Mozilla/5.0 (compatible; bingbot/2.0; +http://www.bing.com/bingbot.htm)"
66.249.66.66 - - [11/Jan/2021:06:21:40 +0100] "GET /images/mini_prod/3574642576584.jpg HTTP/1.1" 200 4074 "-" "Googlebot-Image/1.0"
40.77.167.56 - - [11/Jan/2021:06:21:47 +0100] "GET /images/DSCN4044.jpg HTTP/1.1" 200 24798 "-" "Mozilla/5.0 (compatible; bingbot/2.0; +http://www.bing.com/bingbot.htm)"
178.151.245.174 - - [11/Jan/2021:06:22:25 +0100] "GET /robots.txt HTTP/1.1" 200 2438 "-" "Mozilla/5.0 (compatible; MJ12bot/v1.4.8; http://mj12bot.com/)"
157.55.39.110 - - [11/Jan/2021:06:22:38 +0100] "GET /images/big_prod/1304038301146.jpg HTTP/1.1" 200 77339 "-" "Mozilla/5.0 (compatible; bingbot/2.0; +http://www.bing.com/bingbot.htm)"
207.46.13.36 - - [11/Jan/2021:06:23:13 +0100] "GET /images/med_prod/1384010184271.jpg HTTP/1.1" 200 93088 "-" "Mozilla/5.0 (compatible; bingbot/2.0; +http://www.bing.com/bingbot.htm)"
114.119.154.200 - - [11/Jan/2021:06:24:22 +0100] "GET /images/mini_prod/3609810098879NN.jpg HTTP/1.1" 200 9541 "-" "Mozilla/5.0 (Linux; Android 7.0;) AppleWebKit/537.36 (KHTML, like Gecko) Mobile Safari/537.36 (compatible; PetalBot;+https://aspiegel.com/petalbot)"
114.119.129.36 - - [11/Jan/2021:06:28:46 +0100] "GET /images/big_prod_2/8719497615384b.jpg HTTP/1.1" 200 104690 "-" "Mozilla/5.0 (Linux; Android 7.0;) AppleWebKit/537.36 (KHTML, like Gecko) Mobile Safari/537.36 (compatible; PetalBot;+https://aspiegel.com/petalbot)"
40.77.167.56 - - [11/Jan/2021:06:28:51 +0100] "GET /images/1300010240403.jpg HTTP/1.1" 200 146523 "-" "Mozilla/5.0 (compatible; bingbot/2.0; +http://www.bing.com/bingbot.htm)"
17.58.101.147 - - [11/Jan/2021:06:29:23 +0100] "GET /images/mini_prod/1384010202876.jpg HTTP/1.1" 200 6067 "-" "Mozilla/5.0 (Macintosh; Intel Mac OS X 10_15_5) AppleWebKit/605.1.15 (KHTML, like Gecko) Version/13.1.1 Safari/605.1.15 (Applebot/0.1; +http://www.apple.com/go/applebot)"
207.46.13.36 - - [11/Jan/2021:06:31:05 +0100] "GET /images/med_prod/1384010182819.jpg HTTP/1.1" 200 200333 "-" "Mozilla/5.0 (compatible; bingbot/2.0; +http://www.bing.com/bingbot.htm)"
207.46.13.239 - - [11/Jan/2021:06:32:07 +0100] "GET /images/big_prod_1/a5018997632116.jpg HTTP/1.1" 200 63431 "-" "Mozilla/5.0 (compatible; bingbot/2.0; +http://www.bing.com/bingbot.htm)"
207.46.13.36 - - [11/Jan/2021:06:32:34 +0100] "GET /images/med_prod/4029811331451.jpg HTTP/1.1" 200 77704 "-" "Mozilla/5.0 (compatible; bingbot/2.0; +http://www.bing.com/bingbot.htm)"
114.119.150.15 - - [11/Jan/2021:06:33:08 +0100] "GET /images/mini_prod/4036113461014.jpg HTTP/1.1" 200 9192 "-" "Mozilla/5.0 (Linux; Android 7.0;) AppleWebKit/537.36 (KHTML, like Gecko) Mobile Safari/537.36 (compatible; PetalBot;+https://aspiegel.com/petalbot)"
221.163.177.186 - - [11/Jan/2021:06:33:49 +0100] "GET /templates/Pixame_v1/stylesheet.css HTTP/1.1" 200 56057 "http://www.wonder-geek.com/-m-7.html?page=14" "Mozilla/5.0 (iPhone; CPU iPhone OS 14_3 like Mac OS X) AppleWebKit/605.1.15 (KHTML, like Gecko) Version/14.0.2 Mobile/15E148 Safari/604.1"
221.163.177.186 - - [11/Jan/2021:06:33:49 +0100] "GET /highslide/highslide.js HTTP/1.1" 200 42909 "http://www.wonder-geek.com/-m-7.html?page=14" "Mozilla/5.0 (iPhone; CPU iPhone OS 14_3 like Mac OS X) AppleWebKit/605.1.15 (KHTML, like Gecko) Version/14.0.2 Mobile/15E148 Safari/604.1"
221.163.177.186 - - [11/Jan/2021:06:33:49 +0100] "GET /js/jquery.jqzoom.js HTTP/1.1" 200 4761 "http://www.wonder-geek.com/-m-7.html?page=14" "Mozilla/5.0 (iPhone; CPU iPhone OS 14_3 like Mac OS X) AppleWebKit/605.1.15 (KHTML, like Gecko) Version/14.0.2 Mobile/15E148 Safari/604.1"
221.163.177.186 - - [11/Jan/2021:06:33:50 +0100] "GET /mondial_relay/js/jquery-1.3.2.min.js HTTP/1.1" 200 57254 "http://www.wonder-geek.com/-m-7.html?page=14" "Mozilla/5.0 (iPhone; CPU iPhone OS 14_3 like Mac OS X) AppleWebKit/605.1.15 (KHTML, like Gecko) Version/14.0.2 Mobile/15E148 Safari/604.1"
221.163.177.186 - - [11/Jan/2021:06:33:50 +0100] "GET /js/jquery.js HTTP/1.1" 200 54075 "http://www.wonder-geek.com/-m-7.html?page=14" "Mozilla/5.0 (iPhone; CPU iPhone OS 14_3 like Mac OS X) AppleWebKit/605.1.15 (KHTML, like Gecko) Version/14.0.2 Mobile/15E148 Safari/604.1"
221.163.177.186 - - [11/Jan/2021:06:33:50 +0100] "GET /js/jquery.masonry.min.js HTTP/1.1" 200 5392 "http://www.wonder-geek.com/-m-7.html?page=14" "Mozilla/5.0 (iPhone; CPU iPhone OS 14_3 like Mac OS X) AppleWebKit/605.1.15 (KHTML, like Gecko) Version/14.0.2 Mobile/15E148 Safari/604.1"
221.163.177.186 - - [11/Jan/2021:06:33:50 +0100] "GET /templates/Pixame_v1/images/icon_accueil2.png HTTP/1.1" 200 1137 "http://www.wonder-geek.com/-m-7.html?page=14" "Mozilla/5.0 (iPhone; CPU iPhone OS 14_3 like Mac OS X) AppleWebKit/605.1.15 (KHTML, like Gecko) Version/14.0.2 Mobile/15E148 Safari/604.1"
221.163.177.186 - - [11/Jan/2021:06:33:50 +0100] "GET /js/modernizr-transitions.js HTTP/1.1" 200 2026 "http://www.wonder-geek.com/-m-7.html?page=14" "Mozilla/5.0 (iPhone; CPU iPhone OS 14_3 like Mac OS X) AppleWebKit/605.1.15 (KHTML, like Gecko) Version/14.0.2 Mobile/15E148 Safari/604.1"
221.163.177.186 - - [11/Jan/2021:06:33:50 +0100] "GET /images/mini_prod/BAP13010r.jpg HTTP/1.1" 200 7938 "http://www.wonder-geek.com/-m-7.html?page=14" "Mozilla/5.0 (iPhone; CPU iPhone OS 14_3 like Mac OS X) AppleWebKit/605.1.15 (KHTML, like Gecko) Version/14.0.2 Mobile/15E148 Safari/604.1"
221.163.177.186 - - [11/Jan/2021:06:33:51 +0100] "GET /images/mini_prod/3048700058171.gif HTTP/1.1" 200 10227 "http://www.wonder-geek.com/-m-7.html?page=14" "Mozilla/5.0 (iPhone; CPU iPhone OS 14_3 like Mac OS X) AppleWebKit/605.1.15 (KHTML, like Gecko) Version/14.0.2 Mobile/15E148 Safari/604.1"
221.163.177.186 - - [11/Jan/2021:06:33:51 +0100] "GET /images/mini_prod/3521320800127.gif HTTP/1.1" 200 9652 "http://www.wonder-geek.com/-m-7.html?page=14" "Mozilla/5.0 (iPhone; CPU iPhone OS 14_3 like Mac OS X) AppleWebKit/605.1.15 (KHTML, like Gecko) Version/14.0.2 Mobile/15E148 Safari/604.1"
221.163.177.186 - - [11/Jan/2021:06:33:51 +0100] "GET /images/mini_prod/3048700058669.jpg HTTP/1.1" 200 5220 "http://www.wonder-geek.com/-m-7.html?page=14" "Mozilla/5.0 (iPhone; CPU iPhone OS 14_3 like Mac OS X) AppleWebKit/605.1.15 (KHTML, like Gecko) Version/14.0.2 Mobile/15E148 Safari/604.1"
221.163.177.186 - - [11/Jan/2021:06:33:51 +0100] "GET /templates/Pixame_v1/images/Bottom_texture.jpg HTTP/1.1" 200 56290 "http://www.wonder-geek.com/-m-7.html?page=14" "Mozilla/5.0 (iPhone; CPU iPhone OS 14_3 like Mac OS X) AppleWebKit/605.1.15 (KHTML, like Gecko) Version/14.0.2 Mobile/15E148 Safari/604.1"
221.163.177.186 - - [11/Jan/2021:06:33:51 +0100] "GET /templates/Pixame_v1/images/header.png HTTP/1.1" 200 70245 "http://www.wonder-geek.com/-m-7.html?page=14" "Mozilla/5.0 (iPhone; CPU iPhone OS 14_3 like Mac OS X) AppleWebKit/605.1.15 (KHTML, like Gecko) Version/14.0.2 Mobile/15E148 Safari/604.1"
221.163.177.186 - - [11/Jan/2021:06:33:51 +0100] "GET /templates/Pixame_v1/images/header-object.png HTTP/1.1" 200 106050 "http://www.wonder-geek.com/-m-7.html?page=14" "Mozilla/5.0 (iPhone; CPU iPhone OS 14_3 like Mac OS X) AppleWebKit/605.1.15 (KHTML, like Gecko) Version/14.0.2 Mobile/15E148 Safari/604.1"
221.163.177.186 - - [11/Jan/2021:06:33:51 +0100] "GET /templates/Pixame_v1/images/nav.png HTTP/1.1" 200 1283 "http://www.wonder-geek.com/-m-7.html?page=14" "Mozilla/5.0 (iPhone; CPU iPhone OS 14_3 like Mac OS X) AppleWebKit/605.1.15 (KHTML, like Gecko) Version/14.0.2 Mobile/15E148 Safari/604.1"
221.163.177.186 - - [11/Jan/2021:06:33:52 +0100] "GET /design/productsenstock.png HTTP/1.1" 200 4743 "http://www.wonder-geek.com/-m-7.html?page=14" "Mozilla/5.0 (iPhone; CPU iPhone OS 14_3 like Mac OS X) AppleWebKit/605.1.15 (KHTML, like Gecko) Version/14.0.2 Mobile/15E148 Safari/604.1"
221.163.177.186 - - [11/Jan/2021:06:33:52 +0100] "GET /templates/Pixame_v1/images/Middle_texture.jpg HTTP/1.1" 200 249620 "http://www.wonder-geek.com/-m-7.html?page=14" "Mozilla/5.0 (iPhone; CPU iPhone OS 14_3 like Mac OS X) AppleWebKit/605.1.15 (KHTML, like Gecko) Version/14.0.2 Mobile/15E148 Safari/604.1"
221.163.177.186 - - [11/Jan/2021:06:33:53 +0100] "GET /highslide/graphics/outlines/drop-shadow.png HTTP/1.1" 200 2022 "http://www.wonder-geek.com/-m-7.html?page=14" "Mozilla/5.0 (iPhone; CPU iPhone OS 14_3 like Mac OS X) AppleWebKit/605.1.15 (KHTML, like Gecko) Version/14.0.2 Mobile/15E148 Safari/604.1"
221.163.177.186 - - [11/Jan/2021:06:33:53 +0100] "GET /favicon.ico HTTP/1.1" 200 1591 "http://www.wonder-geek.com/-m-7.html?page=14" "Mozilla/5.0 (iPhone; CPU iPhone OS 14_3 like Mac OS X) AppleWebKit/605.1.15 (KHTML, like Gecko) Version/14.0.2 Mobile/15E148 Safari/604.1"
40.77.167.56 - - [11/Jan/2021:06:35:50 +0100] "GET /images/big_prod_1/8433933141298.jpg HTTP/1.1" 200 112936 "-" "Mozilla/5.0 (compatible; bingbot/2.0; +http://www.bing.com/bingbot.htm)"
157.55.39.110 - - [11/Jan/2021:06:36:10 +0100] "GET /images/med_prod/1384010176146.jpg HTTP/1.1" 200 76529 "-" "Mozilla/5.0 (compatible; bingbot/2.0; +http://www.bing.com/bingbot.htm)"
207.46.13.229 - - [11/Jan/2021:06:36:29 +0100] "GET /images/med_prod/7316197615532.jpg HTTP/1.1" 200 213745 "-" "Mozilla/5.0 (compatible; bingbot/2.0; +http://www.bing.com/bingbot.htm)"
114.119.130.202 - - [11/Jan/2021:06:37:31 +0100] "GET /images/mini_prod/klimt3.jpg HTTP/1.1" 200 8041 "-" "Mozilla/5.0 (Linux; Android 7.0;) AppleWebKit/537.36 (KHTML, like Gecko) Mobile Safari/537.36 (compatible; PetalBot;+https://aspiegel.com/petalbot)"
34.75.185.85 - - [11/Jan/2021:06:38:01 +0100] "GET /robots.txt HTTP/1.0" 200 2438 "-" "ZoominfoBot (zoominfobot at zoominfo dot com)"
157.55.39.220 - - [11/Jan/2021:06:39:39 +0100] "GET /images/3700653504050.jpg HTTP/1.1" 200 25411 "-" "Mozilla/5.0 (compatible; bingbot/2.0; +http://www.bing.com/bingbot.htm)"
207.46.13.239 - - [11/Jan/2021:06:39:52 +0100] "GET /images/med_prod/1384010179680N.jpg HTTP/1.1" 200 164812 "-" "Mozilla/5.0 (compatible; bingbot/2.0; +http://www.bing.com/bingbot.htm)"
207.46.13.239 - - [11/Jan/2021:06:40:35 +0100] "GET /images/8028501669139.jpg HTTP/1.1" 200 56587 "-" "Mozilla/5.0 (compatible; bingbot/2.0; +http://www.bing.com/bingbot.htm)"
157.55.39.220 - - [11/Jan/2021:06:41:00 +0100] "GET /highslide/highslide.js HTTP/1.1" 200 42909 "-" "Mozilla/5.0 (compatible; bingbot/2.0; +http://www.bing.com/bingbot.htm)"
157.55.39.220 - - [11/Jan/2021:06:42:06 +0100] "GET /highslide/highslide.js HTTP/1.1" 200 42909 "-" "Mozilla/5.0 (compatible; bingbot/2.0; +http://www.bing.com/bingbot.htm)"
5.255.231.71 - - [11/Jan/2021:06:43:24 +0100] "GET /robots.txt HTTP/1.1" 200 2438 "-" "Mozilla/5.0 (compatible; YandexBot/3.0; +http://yandex.com/bots)"
5.255.231.71 - - [11/Jan/2021:06:43:28 +0100] "GET /images/3760194799926.jpg HTTP/1.1" 304 0 "-" "Mozilla/5.0 (compatible; YandexImages/3.0; +http://yandex.com/bots)"
157.55.39.110 - - [11/Jan/2021:06:43:41 +0100] "GET /images/big_prod/4010070314224.jpg HTTP/1.1" 200 117241 "-" "Mozilla/5.0 (compatible; bingbot/2.0; +http://www.bing.com/bingbot.htm)"
207.46.13.239 - - [11/Jan/2021:06:45:04 +0100] "GET /images/big_prod/3609810046528.jpg HTTP/1.1" 200 173888 "-" "Mozilla/5.0 (compatible; bingbot/2.0; +http://www.bing.com/bingbot.htm)"
157.55.39.220 - - [11/Jan/2021:06:45:37 +0100] "GET /highslide/highslide.js HTTP/1.1" 200 42909 "-" "Mozilla/5.0 (compatible; bingbot/2.0; +http://www.bing.com/bingbot.htm)"
17.58.101.147 - - [11/Jan/2021:06:46:47 +0100] "GET /images/mini_prod/8719075395172.jpg HTTP/1.1" 200 4680 "-" "Mozilla/5.0 (Macintosh; Intel Mac OS X 10_15_5) AppleWebKit/605.1.15 (KHTML, like Gecko) Version/13.1.1 Safari/605.1.15 (Applebot/0.1; +http://www.apple.com/go/applebot)"
185.191.171.45 - - [11/Jan/2021:06:47:07 +0100] "GET /robots.txt HTTP/1.1" 200 2438 "-" "Mozilla/5.0 (compatible; SemrushBot/7~bl; +http://www.semrush.com/bot.html)"
157.55.39.110 - - [11/Jan/2021:06:48:32 +0100] "GET /images/3662468004319.jpg HTTP/1.1" 200 140228 "-" "Mozilla/5.0 (compatible; bingbot/2.0; +http://www.bing.com/bingbot.htm)"
207.46.13.36 - - [11/Jan/2021:06:48:46 +0100] "GET /images/med_prod/1345544794213.jpg HTTP/1.1" 200 101498 "-" "Mozilla/5.0 (compatible; bingbot/2.0; +http://www.bing.com/bingbot.htm)"
207.46.13.229 - - [11/Jan/2021:06:49:34 +0100] "GET /images/big_prod_2/1491693047073C.jpg HTTP/1.1" 200 106144 "-" "Mozilla/5.0 (compatible; bingbot/2.0; +http://www.bing.com/bingbot.htm)"
157.55.39.110 - - [11/Jan/2021:06:50:21 +0100] "GET /images/med_prod/00000000corsica.jpg HTTP/1.1" 200 58456 "-" "Mozilla/5.0 (compatible; bingbot/2.0; +http://www.bing.com/bingbot.htm)"
157.55.39.22 - - [11/Jan/2021:06:52:17 +0100] "GET /images/J1399984256619.JPG HTTP/1.1" 200 58740 "-" "Mozilla/5.0 (compatible; bingbot/2.0; +http://www.bing.com/bingbot.htm)"
114.119.147.45 - - [11/Jan/2021:06:54:57 +0100] "GET /images/big_prod_1/8435337088124B.jpg HTTP/1.1" 200 210149 "-" "Mozilla/5.0 (Linux; Android 7.0;) AppleWebKit/537.36 (KHTML, like Gecko) Mobile Safari/537.36 (compatible; PetalBot;+https://aspiegel.com/petalbot)"
157.55.39.110 - - [11/Jan/2021:06:55:12 +0100] "GET /images/big_prod/8433933980873.jpg HTTP/1.1" 200 100446 "-" "Mozilla/5.0 (compatible; bingbot/2.0; +http://www.bing.com/bingbot.htm)"
207.46.13.239 - - [11/Jan/2021:06:56:10 +0100] "GET /images/med_prod/3520071451770.jpg HTTP/1.1" 200 56377 "-" "Mozilla/5.0 (compatible; bingbot/2.0; +http://www.bing.com/bingbot.htm)"
207.46.13.239 - - [11/Jan/2021:06:56:10 +0100] "GET /images/TRODZ3070.jpg HTTP/1.1" 200 52505 "-" "Mozilla/5.0 (compatible; bingbot/2.0; +http://www.bing.com/bingbot.htm)"
40.77.167.56 - - [11/Jan/2021:06:56:42 +0100] "GET /images/3760194799933.jpg HTTP/1.1" 200 44709 "-" "Mozilla/5.0 (compatible; bingbot/2.0; +http://www.bing.com/bingbot.htm)"
157.55.39.220 - - [11/Jan/2021:06:57:22 +0100] "GET /images/big_prod_1/b8435333824245.jpg HTTP/1.1" 200 75433 "-" "Mozilla/5.0 (compatible; bingbot/2.0; +http://www.bing.com/bingbot.htm)"
207.46.13.26 - - [11/Jan/2021:06:57:32 +0100] "GET /images/330721281312917072012.jpg HTTP/1.1" 200 63390 "-" "Mozilla/5.0 (compatible; bingbot/2.0; +http://www.bing.com/bingbot.htm)"
157.55.39.110 - - [11/Jan/2021:06:58:32 +0100] "GET /images/med_prod/00000000000000000lion.jpg HTTP/1.1" 200 101768 "-" "Mozilla/5.0 (compatible; bingbot/2.0; +http://www.bing.com/bingbot.htm)"
114.119.151.113 - - [11/Jan/2021:06:59:20 +0100] "GET /images/big_prod/5052282086017.jpg HTTP/1.1" 200 74152 "-" "Mozilla/5.0 (Linux; Android 7.0;) AppleWebKit/537.36 (KHTML, like Gecko) Mobile Safari/537.36 (compatible; PetalBot;+https://aspiegel.com/petalbot)"
207.46.13.36 - - [11/Jan/2021:07:00:37 +0100] "GET /images/DSCN4001.jpg HTTP/1.1" 200 23030 "-" "Mozilla/5.0 (compatible; bingbot/2.0; +http://www.bing.com/bingbot.htm)"
40.77.167.56 - - [11/Jan/2021:07:01:14 +0100] "GET /images/med_prod/1384010178423.jpg HTTP/1.1" 200 76130 "-" "Mozilla/5.0 (compatible; bingbot/2.0; +http://www.bing.com/bingbot.htm)"
207.46.13.26 - - [11/Jan/2021:07:01:19 +0100] "GET /images/8435333807699.jpg HTTP/1.1" 200 100833 "-" "Mozilla/5.0 (compatible; bingbot/2.0; +http://www.bing.com/bingbot.htm)"
207.46.13.229 - - [11/Jan/2021:07:02:17 +0100] "GET /images/med_prod/3014627829996.jpg HTTP/1.1" 200 31975 "-" "Mozilla/5.0 (compatible; bingbot/2.0; +http://www.bing.com/bingbot.htm)"
40.77.167.56 - - [11/Jan/2021:07:03:41 +0100] "GET /images/med_prod/1384010183687.jpg HTTP/1.1" 200 98586 "-" "Mozilla/5.0 (compatible; bingbot/2.0; +http://www.bing.com/bingbot.htm)"
114.119.151.113 - - [11/Jan/2021:07:03:43 +0100] "GET /images/mini_prod/8424346540327.jpg HTTP/1.1" 200 5618 "-" "Mozilla/5.0 (Linux; Android 7.0;) AppleWebKit/537.36 (KHTML, like Gecko) Mobile Safari/537.36 (compatible; PetalBot;+https://aspiegel.com/petalbot)"
40.77.167.56 - - [11/Jan/2021:07:05:39 +0100] "GET /images/big_prod/8433978414623.jpg HTTP/1.1" 200 44931 "-" "Mozilla/5.0 (compatible; bingbot/2.0; +http://www.bing.com/bingbot.htm)"
207.46.13.229 - - [11/Jan/2021:07:05:46 +0100] "GET /images/3760116326407.jpg HTTP/1.1" 200 53312 "-" "Mozilla/5.0 (compatible; bingbot/2.0; +http://www.bing.com/bingbot.htm)"
40.77.167.56 - - [11/Jan/2021:07:07:03 +0100] "GET /images/3700235441193.jpg HTTP/1.1" 200 23758 "-" "Mozilla/5.0 (compatible; bingbot/2.0; +http://www.bing.com/bingbot.htm)"
207.46.13.26 - - [11/Jan/2021:07:07:08 +0100] "GET /images/8849233801259.jpg HTTP/1.1" 200 35310 "-" "Mozilla/5.0 (compatible; bingbot/2.0; +http://www.bing.com/bingbot.htm)"
40.77.167.56 - - [11/Jan/2021:07:08:04 +0100] "GET /images/045544755771.jpg HTTP/1.1" 200 104595 "-" "Mozilla/5.0 (compatible; bingbot/2.0; +http://www.bing.com/bingbot.htm)"
114.119.154.200 - - [11/Jan/2021:07:08:06 +0100] "GET /images/big_prod/5051276271828.jpg HTTP/1.1" 200 107598 "-" "Mozilla/5.0 (Linux; Android 7.0;) AppleWebKit/537.36 (KHTML, like Gecko) Mobile Safari/537.36 (compatible; PetalBot;+https://aspiegel.com/petalbot)"
207.46.13.239 - - [11/Jan/2021:07:08:08 +0100] "GET /images/3585190554016.jpg HTTP/1.1" 200 33854 "-" "Mozilla/5.0 (compatible; bingbot/2.0; +http://www.bing.com/bingbot.htm)"
157.55.39.110 - - [11/Jan/2021:07:09:13 +0100] "GET /images/3298260223148.jpg HTTP/1.1" 200 30758 "-" "Mozilla/5.0 (compatible; bingbot/2.0; +http://www.bing.com/bingbot.htm)"
207.46.13.36 - - [11/Jan/2021:07:09:19 +0100] "GET /images/med_prod/1399984280591.jpg HTTP/1.1" 200 213582 "-" "Mozilla/5.0 (compatible; bingbot/2.0; +http://www.bing.com/bingbot.htm)"
157.55.39.110 - - [11/Jan/2021:07:10:06 +0100] "GET /images/3700276232675.jpg HTTP/1.1" 200 129617 "-" "Mozilla/5.0 (compatible; bingbot/2.0; +http://www.bing.com/bingbot.htm)"
207.46.13.26 - - [11/Jan/2021:07:10:38 +0100] "GET /images/7316191480150.jpg HTTP/1.1" 200 31193 "-" "Mozilla/5.0 (compatible; bingbot/2.0; +http://www.bing.com/bingbot.htm)"
207.46.13.229 - - [11/Jan/2021:07:10:43 +0100] "GET /images/big_prod/3608860071832.jpg HTTP/1.1" 200 111720 "-" "Mozilla/5.0 (compatible; bingbot/2.0; +http://www.bing.com/bingbot.htm)"
114.119.129.36 - - [11/Jan/2021:07:12:29 +0100] "GET /images/mini_prod/8422810090446a.jpg HTTP/1.1" 200 6666 "-" "Mozilla/5.0 (Linux; Android 7.0;) AppleWebKit/537.36 (KHTML, like Gecko) Mobile Safari/537.36 (compatible; PetalBot;+https://aspiegel.com/petalbot)"
157.55.39.22 - - [11/Jan/2021:07:14:09 +0100] "GET /images/med_prod/1384010179796.jpg HTTP/1.1" 200 168292 "-" "Mozilla/5.0 (compatible; bingbot/2.0; +http://www.bing.com/bingbot.htm)"
207.46.13.239 - - [11/Jan/2021:07:14:38 +0100] "GET /images/5025123281384c.jpg HTTP/1.1" 200 135299 "-" "Mozilla/5.0 (compatible; bingbot/2.0; +http://www.bing.com/bingbot.htm)"
157.55.39.22 - - [11/Jan/2021:07:15:39 +0100] "GET /images/big_prod/4029811336074.jpg HTTP/1.1" 200 84128 "-" "Mozilla/5.0 (compatible; bingbot/2.0; +http://www.bing.com/bingbot.htm)"
157.55.39.220 - - [11/Jan/2021:07:15:44 +0100] "GET /images/big_prod/7601020000105.jpg HTTP/1.1" 200 64853 "-" "Mozilla/5.0 (compatible; bingbot/2.0; +http://www.bing.com/bingbot.htm)"
114.119.144.233 - - [11/Jan/2021:07:16:51 +0100] "GET /images/mini_prod/1384000000758.jpg HTTP/1.1" 200 5761 "-" "Mozilla/5.0 (Linux; Android 7.0;) AppleWebKit/537.36 (KHTML, like Gecko) Mobile Safari/537.36 (compatible; PetalBot;+https://aspiegel.com/petalbot)"
40.77.167.56 - - [11/Jan/2021:07:18:17 +0100] "GET /images/med_prod/1384010178423.jpg HTTP/1.1" 200 76130 "-" "Mozilla/5.0 (compatible; bingbot/2.0; +http://www.bing.com/bingbot.htm)"
103.131.71.163 - - [11/Jan/2021:07:18:54 +0100] "GET /robots.txt HTTP/1.1" 200 2438 "-" "Mozilla/5.0 (compatible; coccocbot-web/1.0; +http://help.coccoc.com/searchengine)"
114.119.145.117 - - [11/Jan/2021:07:21:15 +0100] "GET /images/mini_prod/1399986100644.jpg HTTP/1.1" 200 6040 "-" "Mozilla/5.0 (Linux; Android 7.0;) AppleWebKit/537.36 (KHTML, like Gecko) Mobile Safari/537.36 (compatible; PetalBot;+https://aspiegel.com/petalbot)"
66.249.66.66 - - [11/Jan/2021:07:21:40 +0100] "GET /images/3438100344811.jpg HTTP/1.1" 200 47562 "-" "Googlebot-Image/1.0"
157.55.39.220 - - [11/Jan/2021:07:22:54 +0100] "GET /images/8028501269933.jpg HTTP/1.1" 200 91358 "-" "Mozilla/5.0 (compatible; bingbot/2.0; +http://www.bing.com/bingbot.htm)"
207.46.13.36 - - [11/Jan/2021:07:23:30 +0100] "GET /images/med_prod/3609080717609.jpg HTTP/1.1" 200 149315 "-" "Mozilla/5.0 (compatible; bingbot/2.0; +http://www.bing.com/bingbot.htm)"
157.55.39.110 - - [11/Jan/2021:07:23:34 +0100] "GET /images/big_prod/8422001017610B.jpg HTTP/1.1" 200 67584 "-" "Mozilla/5.0 (compatible; bingbot/2.0; +http://www.bing.com/bingbot.htm)"
114.119.132.105 - - [11/Jan/2021:07:25:31 +0100] "GET /images/mini_prod/4029811295814.jpg HTTP/1.1" 200 8351 "-" "Mozilla/5.0 (Linux; Android 7.0;) AppleWebKit/537.36 (KHTML, like Gecko) Mobile Safari/537.36 (compatible; PetalBot;+https://aspiegel.com/petalbot)"
157.55.39.220 - - [11/Jan/2021:07:25:54 +0100] "GET /images/big_prod/4250255859472.jpg HTTP/1.1" 200 28826 "-" "Mozilla/5.0 (compatible; bingbot/2.0; +http://www.bing.com/bingbot.htm)"
157.55.39.110 - - [11/Jan/2021:07:26:45 +0100] "GET /images/8435306266546.jpg HTTP/1.1" 200 85672 "-" "Mozilla/5.0 (compatible; bingbot/2.0; +http://www.bing.com/bingbot.htm)"
157.55.39.110 - - [11/Jan/2021:07:27:15 +0100] "GET /images/med_prod/3760226372332.jpg HTTP/1.1" 200 101050 "-" "Mozilla/5.0 (compatible; bingbot/2.0; +http://www.bing.com/bingbot.htm)"
185.191.171.35 - - [11/Jan/2021:07:27:53 +0100] "GET /robots.txt HTTP/1.1" 200 2438 "-" "Mozilla/5.0 (compatible; SemrushBot/7~bl; +http://www.semrush.com/bot.html)"
157.55.39.32 - - [11/Jan/2021:07:28:14 +0100] "GET /robots.txt HTTP/1.1" 200 2438 "-" "Mozilla/5.0 (compatible; bingbot/2.0; +http://www.bing.com/bingbot.htm)"
207.46.13.239 - - [11/Jan/2021:07:28:26 +0100] "GET /images/med_prod/1399984237700.jpg HTTP/1.1" 200 33410 "-" "Mozilla/5.0 (compatible; bingbot/2.0; +http://www.bing.com/bingbot.htm)"
207.46.13.239 - - [11/Jan/2021:07:29:15 +0100] "GET /images/med_prod/3272760423567.jpg HTTP/1.1" 200 97248 "-" "Mozilla/5.0 (compatible; bingbot/2.0; +http://www.bing.com/bingbot.htm)"
185.191.171.1 - - [11/Jan/2021:07:29:39 +0100] "GET /robots.txt HTTP/1.1" 200 2438 "-" "Mozilla/5.0 (compatible; SemrushBot/7~bl; +http://www.semrush.com/bot.html)"
207.46.13.26 - - [11/Jan/2021:07:29:43 +0100] "GET /images/big_prod/802GJ06.jpg HTTP/1.1" 200 150681 "-" "Mozilla/5.0 (compatible; bingbot/2.0; +http://www.bing.com/bingbot.htm)"
114.119.150.15 - - [11/Jan/2021:07:29:54 +0100] "GET /images/mini_prod/7601019991193.jpg HTTP/1.1" 200 4533 "-" "Mozilla/5.0 (Linux; Android 7.0;) AppleWebKit/537.36 (KHTML, like Gecko) Mobile Safari/537.36 (compatible; PetalBot;+https://aspiegel.com/petalbot)"
157.55.39.110 - - [11/Jan/2021:07:29:55 +0100] "GET /images/med_prod/5414451289627.jpg HTTP/1.1" 200 70477 "-" "Mozilla/5.0 (compatible; bingbot/2.0; +http://www.bing.com/bingbot.htm)"
157.55.39.22 - - [11/Jan/2021:07:30:10 +0100] "GET /images/big_prod/3700407609956.jpg HTTP/1.1" 200 251715 "-" "Mozilla/5.0 (compatible; bingbot/2.0; +http://www.bing.com/bingbot.htm)"
66.249.81.168 - - [11/Jan/2021:07:32:38 +0100] "GET /images/big_prod_1/5027148011052.jpg HTTP/1.1" 200 119144 "-" "Mozilla/5.0 (Windows NT 5.1; rv:11.0) Gecko Firefox/11.0 (via ggpht.com GoogleImageProxy)"
207.46.13.229 - - [11/Jan/2021:07:32:53 +0100] "GET /images/big_prod/3418179830033.jpg HTTP/1.1" 200 49569 "-" "Mozilla/5.0 (compatible; bingbot/2.0; +http://www.bing.com/bingbot.htm)"
157.55.39.22 - - [11/Jan/2021:07:33:00 +0100] "GET /images/7316191713234.jpg HTTP/1.1" 200 150227 "-" "Mozilla/5.0 (compatible; bingbot/2.0; +http://www.bing.com/bingbot.htm)"
114.119.158.196 - - [11/Jan/2021:07:34:17 +0100] "GET /images/mini_prod/191693065992.jpg HTTP/1.1" 200 4830 "-" "Mozilla/5.0 (Linux; Android 7.0;) AppleWebKit/537.36 (KHTML, like Gecko) Mobile Safari/537.36 (compatible; PetalBot;+https://aspiegel.com/petalbot)"
207.46.13.239 - - [11/Jan/2021:07:35:29 +0100] "GET /images/big_prod/5018997626931.jpg HTTP/1.1" 200 187712 "-" "Mozilla/5.0 (compatible; bingbot/2.0; +http://www.bing.com/bingbot.htm)"
66.249.66.95 - - [11/Jan/2021:07:38:27 +0100] "GET /robots.txt HTTP/1.1" 200 2438 "-" "Mozilla/5.0 (compatible; Googlebot/2.1; +http://www.google.com/bot.html)"
40.77.167.56 - - [11/Jan/2021:07:38:29 +0100] "GET /images/big_prod/4010070293130.jpg HTTP/1.1" 200 96474 "-" "Mozilla/5.0 (compatible; bingbot/2.0; +http://www.bing.com/bingbot.htm)"
114.119.129.36 - - [11/Jan/2021:07:38:40 +0100] "GET /images/mini_prod/3453131144438.jpg HTTP/1.1" 200 6336 "-" "Mozilla/5.0 (Linux; Android 7.0;) AppleWebKit/537.36 (KHTML, like Gecko) Mobile Safari/537.36 (compatible; PetalBot;+https://aspiegel.com/petalbot)"
207.46.13.239 - - [11/Jan/2021:07:39:42 +0100] "GET /images/30252.jpg HTTP/1.1" 200 29755 "-" "Mozilla/5.0 (compatible; bingbot/2.0; +http://www.bing.com/bingbot.htm)"
40.77.167.56 - - [11/Jan/2021:07:39:46 +0100] "GET /images/big_prod/5018997523339.jpg HTTP/1.1" 200 174831 "-" "Mozilla/5.0 (compatible; bingbot/2.0; +http://www.bing.com/bingbot.htm)"
207.46.13.26 - - [11/Jan/2021:07:39:53 +0100] "GET /images/9999988041529.jpg HTTP/1.1" 200 34853 "-" "Mozilla/5.0 (compatible; bingbot/2.0; +http://www.bing.com/bingbot.htm)"
207.46.13.229 - - [11/Jan/2021:07:42:06 +0100] "GET /images/med_prod/1399984261651.jpg HTTP/1.1" 200 122727 "-" "Mozilla/5.0 (compatible; bingbot/2.0; +http://www.bing.com/bingbot.htm)"
207.46.13.229 - - [11/Jan/2021:07:42:06 +0100] "GET /images/4008421369072.jpg HTTP/1.1" 200 38659 "-" "Mozilla/5.0 (compatible; bingbot/2.0; +http://www.bing.com/bingbot.htm)"
157.55.39.220 - - [11/Jan/2021:07:42:27 +0100] "GET /images/med_prod/1399984272190.jpg HTTP/1.1" 200 155055 "-" "Mozilla/5.0 (compatible; bingbot/2.0; +http://www.bing.com/bingbot.htm)"
40.77.167.56 - - [11/Jan/2021:07:42:37 +0100] "GET /images/8003990631287.jpg HTTP/1.1" 200 65691 "-" "Mozilla/5.0 (compatible; bingbot/2.0; +http://www.bing.com/bingbot.htm)"
207.46.13.229 - - [11/Jan/2021:07:44:37 +0100] "GET /images/med_prod/8006180201741.jpg HTTP/1.1" 200 86884 "-" "Mozilla/5.0 (compatible; bingbot/2.0; +http://www.bing.com/bingbot.htm)"
157.55.39.220 - - [11/Jan/2021:07:44:41 +0100] "GET /images/big_prod/8419810093379.jpg HTTP/1.1" 200 80701 "-" "Mozilla/5.0 (compatible; bingbot/2.0; +http://www.bing.com/bingbot.htm)"
71.202.153.248 - - [11/Jan/2021:07:45:48 +0100] "GET /images/8435306266867.jpg HTTP/1.1" 200 63826 "-" "Mozilla/5.0 (Macintosh; Intel Mac OS X 10_15_6) AppleWebKit/605.1.15 (KHTML, like Gecko) Version/14.0.1 Safari/605.1.15"
71.202.153.248 - - [11/Jan/2021:07:45:49 +0100] "GET /images/big_prod/8435306270062.jpg HTTP/1.1" 200 92313 "-" "Mozilla/5.0 (Macintosh; Intel Mac OS X 10_15_6) AppleWebKit/605.1.15 (KHTML, like Gecko) Version/14.0.1 Safari/605.1.15"
207.46.13.26 - - [11/Jan/2021:07:46:13 +0100] "GET /images/8422111018095b2.jpg HTTP/1.1" 200 29259 "-" "Mozilla/5.0 (compatible; bingbot/2.0; +http://www.bing.com/bingbot.htm)"
114.119.129.36 - - [11/Jan/2021:07:47:26 +0100] "GET /images/big_prod/8435306244346.jpg HTTP/1.1" 200 51342 "-" "Mozilla/5.0 (Linux; Android 7.0;) AppleWebKit/537.36 (KHTML, like Gecko) Mobile Safari/537.36 (compatible; PetalBot;+https://aspiegel.com/petalbot)"
207.46.13.229 - - [11/Jan/2021:07:47:38 +0100] "GET /images/big_prod/8433978414333.jpg HTTP/1.1" 200 83486 "-" "Mozilla/5.0 (compatible; bingbot/2.0; +http://www.bing.com/bingbot.htm)"
157.55.39.220 - - [11/Jan/2021:07:47:43 +0100] "GET /highslide/highslide.js HTTP/1.1" 200 42909 "-" "Mozilla/5.0 (compatible; bingbot/2.0; +http://www.bing.com/bingbot.htm)"
207.46.13.26 - - [11/Jan/2021:07:48:16 +0100] "GET /images/med_prod/720322271543.jpg HTTP/1.1" 200 67509 "-" "Mozilla/5.0 (compatible; bingbot/2.0; +http://www.bing.com/bingbot.htm)"
40.77.167.56 - - [11/Jan/2021:07:48:48 +0100] "GET /images/med_prod/8435306290862.jpg HTTP/1.1" 200 108563 "-" "Mozilla/5.0 (compatible; bingbot/2.0; +http://www.bing.com/bingbot.htm)"
157.55.39.220 - - [11/Jan/2021:07:48:57 +0100] "GET /images/big_prod_1/b3014627874392.jpg HTTP/1.1" 200 127194 "-" "Mozilla/5.0 (compatible; bingbot/2.0; +http://www.bing.com/bingbot.htm)"
66.249.82.163 - - [11/Jan/2021:07:51:00 +0100] "GET /images/big_prod/8433933197172.jpg HTTP/1.1" 200 118533 "-" "Mozilla/5.0 (Windows NT 5.1; rv:11.0) Gecko Firefox/11.0 (via ggpht.com GoogleImageProxy)"
40.77.167.56 - - [11/Jan/2021:07:51:27 +0100] "GET /images/30792.jpg HTTP/1.1" 200 43683 "-" "Mozilla/5.0 (compatible; bingbot/2.0; +http://www.bing.com/bingbot.htm)"
114.119.150.15 - - [11/Jan/2021:07:51:49 +0100] "GET /images/mini_prod/8435337082184.jpg HTTP/1.1" 200 4059 "-" "Mozilla/5.0 (Linux; Android 7.0;) AppleWebKit/537.36 (KHTML, like Gecko) Mobile Safari/537.36 (compatible; PetalBot;+https://aspiegel.com/petalbot)"
207.46.13.229 - - [11/Jan/2021:07:52:58 +0100] "GET /images/8028501693547.jpg HTTP/1.1" 200 33855 "-" "Mozilla/5.0 (compatible; bingbot/2.0; +http://www.bing.com/bingbot.htm)"
157.55.39.220 - - [11/Jan/2021:07:54:49 +0100] "GET /images/med_prod/5013138655641.jpg HTTP/1.1" 200 72160 "-" "Mozilla/5.0 (compatible; bingbot/2.0; +http://www.bing.com/bingbot.htm)"
157.55.39.220 - - [11/Jan/2021:07:55:59 +0100] "GET /images/1300010240564.jpg HTTP/1.1" 200 156381 "-" "Mozilla/5.0 (compatible; bingbot/2.0; +http://www.bing.com/bingbot.htm)"
157.55.39.220 - - [11/Jan/2021:07:56:57 +0100] "GET /images/8029759059925.jpg HTTP/1.1" 200 46498 "-" "Mozilla/5.0 (compatible; bingbot/2.0; +http://www.bing.com/bingbot.htm)"
157.55.39.22 - - [11/Jan/2021:08:00:53 +0100] "GET /images/3609080552651.jpg HTTP/1.1" 200 94373 "-" "Mozilla/5.0 (compatible; bingbot/2.0; +http://www.bing.com/bingbot.htm)"
157.55.39.22 - - [11/Jan/2021:08:00:54 +0100] "GET /images/med_prod/8435306285783.jpg HTTP/1.1" 200 170074 "-" "Mozilla/5.0 (compatible; bingbot/2.0; +http://www.bing.com/bingbot.htm)"
207.46.13.229 - - [11/Jan/2021:08:01:11 +0100] "GET /images/big_prod/1384010205525.jpg HTTP/1.1" 200 87879 "-" "Mozilla/5.0 (compatible; bingbot/2.0; +http://www.bing.com/bingbot.htm)"
207.46.13.26 - - [11/Jan/2021:08:01:42 +0100] "GET /images/3660173138213.jpg HTTP/1.1" 200 45165 "-" "Mozilla/5.0 (compatible; bingbot/2.0; +http://www.bing.com/bingbot.htm)"
157.55.39.220 - - [11/Jan/2021:08:04:47 +0100] "GET /images/med_prod/1399984284643.jpg HTTP/1.1" 200 104596 "-" "Mozilla/5.0 (compatible; bingbot/2.0; +http://www.bing.com/bingbot.htm)"
157.55.39.110 - - [11/Jan/2021:08:07:29 +0100] "GET /images/3609810010642.jpg HTTP/1.1" 200 58548 "-" "Mozilla/5.0 (compatible; bingbot/2.0; +http://www.bing.com/bingbot.htm)"
40.77.167.56 - - [11/Jan/2021:08:08:19 +0100] "GET /images/8006181601137B.jpg HTTP/1.1" 200 50102 "-" "Mozilla/5.0 (compatible; bingbot/2.0; +http://www.bing.com/bingbot.htm)"
207.46.13.36 - - [11/Jan/2021:08:10:44 +0100] "GET /images/4025055094251.jpg HTTP/1.1" 200 39110 "-" "Mozilla/5.0 (compatible; bingbot/2.0; +http://www.bing.com/bingbot.htm)"
40.77.167.56 - - [11/Jan/2021:08:12:18 +0100] "GET /images/3700276281048.jpg HTTP/1.1" 200 35102 "-" "Mozilla/5.0 (compatible; bingbot/2.0; +http://www.bing.com/bingbot.htm)"
185.191.171.22 - - [11/Jan/2021:08:12:57 +0100] "GET /robots.txt HTTP/1.1" 200 2438 "-" "Mozilla/5.0 (compatible; SemrushBot/7~bl; +http://www.semrush.com/bot.html)"
114.119.145.117 - - [11/Jan/2021:08:13:37 +0100] "GET /images/mini_prod/8718657462592.jpg HTTP/1.1" 200 4345 "-" "Mozilla/5.0 (Linux; Android 7.0;) AppleWebKit/537.36 (KHTML, like Gecko) Mobile Safari/537.36 (compatible; PetalBot;+https://aspiegel.com/petalbot)"
207.46.13.239 - - [11/Jan/2021:08:14:11 +0100] "GET /images/med_prod/5028486297597.jpg HTTP/1.1" 200 133410 "-" "Mozilla/5.0 (compatible; bingbot/2.0; +http://www.bing.com/bingbot.htm)"
157.55.39.110 - - [11/Jan/2021:08:14:20 +0100] "GET /images/big_prod/1384010207802.jpg HTTP/1.1" 200 82110 "-" "Mozilla/5.0 (compatible; bingbot/2.0; +http://www.bing.com/bingbot.htm)"
157.55.39.22 - - [11/Jan/2021:08:14:36 +0100] "GET /images/3609810000193.jpg HTTP/1.1" 200 29778 "-" "Mozilla/5.0 (compatible; bingbot/2.0; +http://www.bing.com/bingbot.htm)"
40.77.167.56 - - [11/Jan/2021:08:15:31 +0100] "GET /images/8006180204155.jpg HTTP/1.1" 200 127639 "-" "Mozilla/5.0 (compatible; bingbot/2.0; +http://www.bing.com/bingbot.htm)"
207.46.13.36 - - [11/Jan/2021:08:16:38 +0100] "GET /images/orange.jpg HTTP/1.1" 200 94809 "-" "Mozilla/5.0 (compatible; bingbot/2.0; +http://www.bing.com/bingbot.htm)"
157.55.39.220 - - [11/Jan/2021:08:17:09 +0100] "GET /images/big_prod/3609810094970.jpg HTTP/1.1" 200 74733 "-" "Mozilla/5.0 (compatible; bingbot/2.0; +http://www.bing.com/bingbot.htm)"
114.119.154.200 - - [11/Jan/2021:08:18:01 +0100] "GET /images/big_prod/3609810072152.jpg HTTP/1.1" 200 177683 "-" "Mozilla/5.0 (Linux; Android 7.0;) AppleWebKit/537.36 (KHTML, like Gecko) Mobile Safari/537.36 (compatible; PetalBot;+https://aspiegel.com/petalbot)"
157.55.39.22 - - [11/Jan/2021:08:19:16 +0100] "GET /images/big_prod/8433933110829.jpg HTTP/1.1" 200 149440 "-" "Mozilla/5.0 (compatible; bingbot/2.0; +http://www.bing.com/bingbot.htm)"
207.46.13.239 - - [11/Jan/2021:08:19:45 +0100] "GET /images/med_prod/1384010178683.jpg HTTP/1.1" 200 52216 "-" "Mozilla/5.0 (compatible; bingbot/2.0; +http://www.bing.com/bingbot.htm)"
157.55.39.220 - - [11/Jan/2021:08:20:42 +0100] "GET /images/3272760377433.jpg HTTP/1.1" 200 77100 "-" "Mozilla/5.0 (compatible; bingbot/2.0; +http://www.bing.com/bingbot.htm)"
207.46.13.26 - - [11/Jan/2021:08:21:08 +0100] "GET /images/med_prod/4036113222370.jpg HTTP/1.1" 200 158808 "-" "Mozilla/5.0 (compatible; bingbot/2.0; +http://www.bing.com/bingbot.htm)"
40.77.167.56 - - [11/Jan/2021:08:22:04 +0100] "GET /images/3609810010697.jpg HTTP/1.1" 200 56848 "-" "Mozilla/5.0 (compatible; bingbot/2.0; +http://www.bing.com/bingbot.htm)"
157.55.39.220 - - [11/Jan/2021:08:22:20 +0100] "GET /images/8012052101606.jpg HTTP/1.1" 200 38848 "-" "Mozilla/5.0 (compatible; bingbot/2.0; +http://www.bing.com/bingbot.htm)"
114.119.130.202 - - [11/Jan/2021:08:22:23 +0100] "GET /images/big_prod/3560600311939.jpg HTTP/1.1" 200 76014 "-" "Mozilla/5.0 (Linux; Android 7.0;) AppleWebKit/537.36 (KHTML, like Gecko) Mobile Safari/537.36 (compatible; PetalBot;+https://aspiegel.com/petalbot)"
54.162.102.36 - - [11/Jan/2021:08:22:40 +0100] "GET /robots.txt HTTP/1.1" 200 2438 "-" "MixnodeCache/1.8(+https://cache.mixnode.com/)"
207.46.13.26 - - [11/Jan/2021:08:22:48 +0100] "GET /images/8012052100456b.jpg HTTP/1.1" 200 60360 "-" "Mozilla/5.0 (compatible; bingbot/2.0; +http://www.bing.com/bingbot.htm)"
157.55.39.220 - - [11/Jan/2021:08:23:51 +0100] "GET /images/big_prod/8435333824245.jpg HTTP/1.1" 200 127041 "-" "Mozilla/5.0 (compatible; bingbot/2.0; +http://www.bing.com/bingbot.htm)"
157.55.39.220 - - [11/Jan/2021:08:25:23 +0100] "GET /images/big_prod/1399984283264N.jpg HTTP/1.1" 200 92320 "-" "Mozilla/5.0 (compatible; bingbot/2.0; +http://www.bing.com/bingbot.htm)"
