185.191.171.3 - - [13/Jan/2021:04:12:52 +0100] "GET /robots.txt HTTP/1.1" 200 2438 "-" "Mozilla/5.0 (compatible; SemrushBot/7~bl; +http://www.semrush.com/bot.html)"
66.249.66.66 - - [13/Jan/2021:04:18:49 +0100] "GET /images/mini_prod/3609810063716.jpg HTTP/1.1" 200 4893 "-" "Googlebot-Image/1.0"
216.244.66.242 - - [13/Jan/2021:04:20:54 +0100] "GET /robots.txt HTTP/1.1" 200 2438 "-" "Mozilla/5.0 (compatible; DotBot/1.1; http://www.opensiteexplorer.org/dotbot, help@moz.com)"
157.55.39.106 - - [13/Jan/2021:04:27:03 +0100] "GET /images/big_prod/1384010205525.jpg HTTP/1.1" 200 87879 "-" "Mozilla/5.0 (compatible; bingbot/2.0; +http://www.bing.com/bingbot.htm)"
66.249.66.66 - - [13/Jan/2021:04:30:01 +0100] "GET /images/mini_prod/1020322275718.jpg HTTP/1.1" 200 5498 "-" "Googlebot-Image/1.0"
157.55.39.220 - - [13/Jan/2021:04:31:22 +0100] "GET /highslide/highslide.js HTTP/1.1" 200 42909 "-" "Mozilla/5.0 (compatible; bingbot/2.0; +http://www.bing.com/bingbot.htm)"
114.119.132.105 - - [13/Jan/2021:04:33:45 +0100] "GET /images/med_prod/1399984272190.jpg HTTP/1.1" 200 155055 "-" "Mozilla/5.0 (Linux; Android 7.0;) AppleWebKit/537.36 (KHTML, like Gecko) Mobile Safari/537.36 (compatible; PetalBot;+https://aspiegel.com/petalbot)"
185.191.171.41 - - [13/Jan/2021:04:39:09 +0100] "GET /robots.txt HTTP/1.1" 200 2438 "-" "Mozilla/5.0 (compatible; SemrushBot/7~bl; +http://www.semrush.com/bot.html)"
157.55.39.32 - - [13/Jan/2021:04:40:50 +0100] "GET /robots.txt HTTP/1.1" 200 2438 "-" "Mozilla/5.0 (compatible; bingbot/2.0; +http://www.bing.com/bingbot.htm)"
64.62.252.174 - - [13/Jan/2021:04:47:01 +0100] "GET /robots.txt HTTP/1.1" 200 2438 "-" "The Knowledge AI"
66.249.66.66 - - [13/Jan/2021:04:47:09 +0100] "GET /images/mini_prod/3442440232110.jpg HTTP/1.1" 200 3298 "-" "Googlebot-Image/1.0"
185.191.171.19 - - [13/Jan/2021:05:05:14 +0100] "GET /robots.txt HTTP/1.1" 200 2438 "-" "Mozilla/5.0 (compatible; SemrushBot/7~bl; +http://www.semrush.com/bot.html)"
50.33.39.48 - - [13/Jan/2021:05:09:58 +0100] "GET /images/B2807201314024.jpg HTTP/1.1" 200 26606 "-" "Mozilla/5.0 (Windows NT 6.1; WOW64; Trident/7.0; rv:11.0) like Gecko"
157.55.39.220 - - [13/Jan/2021:05:11:25 +0100] "GET /highslide/highslide.js HTTP/1.1" 200 42909 "-" "Mozilla/5.0 (compatible; bingbot/2.0; +http://www.bing.com/bingbot.htm)"
5.255.231.71 - - [13/Jan/2021:05:11:40 +0100] "GET /robots.txt HTTP/1.1" 200 2438 "-" "Mozilla/5.0 (compatible; YandexBot/3.0; +http://yandex.com/bots)"
5.255.231.71 - - [13/Jan/2021:05:11:43 +0100] "GET /images/big_prod/4029811363988.jpg HTTP/1.1" 304 0 "-" "Mozilla/5.0 (compatible; YandexImages/3.0; +http://yandex.com/bots)"
114.119.144.233 - - [13/Jan/2021:05:17:20 +0100] "GET /images/mini_prod/4029811376018.jpg HTTP/1.1" 200 8589 "-" "Mozilla/5.0 (Linux; Android 7.0;) AppleWebKit/537.36 (KHTML, like Gecko) Mobile Safari/537.36 (compatible; PetalBot;+https://aspiegel.com/petalbot)"
5.255.231.71 - - [13/Jan/2021:05:20:12 +0100] "GET /favicon.ico HTTP/1.1" 200 1591 "-" "Mozilla/5.0 (compatible; YandexFavicons/1.0; +http://yandex.com/bots)"
157.55.39.32 - - [13/Jan/2021:05:20:56 +0100] "GET /robots.txt HTTP/1.1" 200 2438 "-" "Mozilla/5.0 (compatible; bingbot/2.0; +http://www.bing.com/bingbot.htm)"
216.244.66.242 - - [13/Jan/2021:05:23:17 +0100] "GET /robots.txt HTTP/1.1" 200 2438 "-" "Mozilla/5.0 (compatible; DotBot/1.1; http://www.opensiteexplorer.org/dotbot, help@moz.com)"
157.55.39.53 - - [13/Jan/2021:05:29:21 +0100] "GET /images/4010070239060.jpg HTTP/1.1" 200 117631 "-" "Mozilla/5.0 (compatible; bingbot/2.0; +http://www.bing.com/bingbot.htm)"
66.249.80.40 - - [13/Jan/2021:05:30:18 +0100] "GET /images/102_4340.jpg HTTP/1.1" 200 16123 "-" "Mozilla/5.0 (Windows NT 5.1; rv:11.0) Gecko Firefox/11.0 (via ggpht.com GoogleImageProxy)"
54.37.150.153 - - [13/Jan/2021:05:30:20 +0100] "GET /images/big_prod_3/028399270200c.jpg HTTP/1.1" 200 186910 "-" "-"
54.37.150.153 - - [13/Jan/2021:05:30:44 +0100] "GET /images/big_prod_1/028399270200a.jpg HTTP/1.1" 200 199915 "-" "-"
54.37.150.153 - - [13/Jan/2021:05:31:07 +0100] "GET /images/big_prod_2/028399270200b.jpg HTTP/1.1" 200 193744 "-" "-"
157.55.39.220 - - [13/Jan/2021:05:31:08 +0100] "GET /highslide/highslide.js HTTP/1.1" 200 42909 "-" "Mozilla/5.0 (compatible; bingbot/2.0; +http://www.bing.com/bingbot.htm)"
178.150.14.250 - - [13/Jan/2021:05:32:59 +0100] "GET /robots.txt HTTP/1.1" 200 2438 "-" "Mozilla/5.0 (compatible; MJ12bot/v1.4.8; http://mj12bot.com/)"
185.191.171.13 - - [13/Jan/2021:05:33:57 +0100] "GET /robots.txt HTTP/1.1" 200 2438 "-" "Mozilla/5.0 (compatible; SemrushBot/7~bl; +http://www.semrush.com/bot.html)"
66.249.66.64 - - [13/Jan/2021:05:35:51 +0100] "GET /images/big_prod_2/3665269082012a.jpg HTTP/1.1" 200 150744 "-" "Googlebot-Image/1.0"
66.249.66.95 - - [13/Jan/2021:05:35:52 +0100] "GET /images/big_prod_1/3665269082005b.jpg HTTP/1.1" 200 134453 "-" "Googlebot-Image/1.0"
149.202.82.11 - - [13/Jan/2021:05:43:13 +0100] "GET /robots.txt HTTP/1.1" 200 2438 "-" "Mozilla/5.0 (compatible; MJ12bot/v1.4.8; http://mj12bot.com/)"
66.249.66.66 - - [13/Jan/2021:05:44:18 +0100] "GET /images/mini_prod/8422669061178.jpg HTTP/1.1" 200 4125 "-" "Googlebot-Image/1.0"
144.76.29.149 - - [13/Jan/2021:05:51:38 +0100] "GET /robots.txt HTTP/1.1" 200 2438 "-" "Mozilla/5.0 (compatible; MJ12bot/v1.4.8; http://mj12bot.com/)"
207.46.13.36 - - [13/Jan/2021:05:51:39 +0100] "GET /images/241208_121646_PEEL_4aHFkG.jpg HTTP/1.1" 200 61438 "-" "Mozilla/5.0 (compatible; bingbot/2.0; +http://www.bing.com/bingbot.htm)"
157.55.39.110 - - [13/Jan/2021:05:52:19 +0100] "GET /images/med_prod/1341689418243.jpg HTTP/1.1" 200 82108 "-" "Mozilla/5.0 (compatible; bingbot/2.0; +http://www.bing.com/bingbot.htm)"
144.76.120.197 - - [13/Jan/2021:06:02:46 +0100] "GET /robots.txt HTTP/1.1" 200 2438 "-" "Mozilla/5.0 (compatible; MJ12bot/v1.4.8; http://mj12bot.com/)"
185.191.171.11 - - [13/Jan/2021:06:04:27 +0100] "GET /robots.txt HTTP/1.1" 200 2438 "-" "Mozilla/5.0 (compatible; SemrushBot/7~bl; +http://www.semrush.com/bot.html)"
157.55.39.22 - - [13/Jan/2021:06:07:34 +0100] "GET /images/big_prod/1384010203514.jpg HTTP/1.1" 200 95751 "-" "Mozilla/5.0 (compatible; bingbot/2.0; +http://www.bing.com/bingbot.htm)"
157.55.39.220 - - [13/Jan/2021:06:11:35 +0100] "GET /highslide/highslide.js HTTP/1.1" 200 42909 "-" "Mozilla/5.0 (compatible; bingbot/2.0; +http://www.bing.com/bingbot.htm)"
157.55.39.220 - - [13/Jan/2021:06:11:35 +0100] "GET /highslide/highslide.js HTTP/1.1" 200 42909 "-" "Mozilla/5.0 (compatible; bingbot/2.0; +http://www.bing.com/bingbot.htm)"
176.72.22.187 - - [13/Jan/2021:06:13:38 +0100] "GET /images/DSCN0652vert.jpg HTTP/1.1" 200 37053 "-" "Mozilla/5.0 (Linux; Android 8.1.0; TA-1004) AppleWebKit/537.36 (KHTML, like Gecko) Chrome/79.0.3945.116 Mobile Safari/537.36"
176.72.22.187 - - [13/Jan/2021:06:13:39 +0100] "GET /favicon.ico HTTP/1.1" 200 1591 "http://www.wonder-geek.com/images/DSCN0652vert.jpg" "Mozilla/5.0 (Linux; Android 8.1.0; TA-1004) AppleWebKit/537.36 (KHTML, like Gecko) Chrome/79.0.3945.116 Mobile Safari/537.36"
216.244.66.242 - - [13/Jan/2021:06:28:12 +0100] "GET /robots.txt HTTP/1.1" 200 2438 "-" "Mozilla/5.0 (compatible; DotBot/1.1; http://www.opensiteexplorer.org/dotbot, help@moz.com)"
64.180.39.91 - - [13/Jan/2021:06:28:20 +0100] "GET /images/1341689709792.jpg HTTP/1.1" 200 161921 "https://www.bing.com/" "Mozilla/5.0 (iPhone; CPU iPhone OS 14_3 like Mac OS X) AppleWebKit/605.1.15 (KHTML, like Gecko) Version/14.0.2 Mobile/15E148 Safari/604.1"
77.75.78.170 - - [13/Jan/2021:06:28:49 +0100] "GET /robots.txt HTTP/1.1" 200 2438 "-" "Mozilla/5.0 (compatible; SeznamBot/3.2; +http://napoveda.seznam.cz/en/seznambot-intro/)"
77.75.78.170 - - [13/Jan/2021:06:28:49 +0100] "GET /images/big_prod/5400924064662B.jpg HTTP/1.1" 200 90296 "-" "Mozilla/5.0 (compatible; SeznamBot/3.2; +http://napoveda.seznam.cz/en/seznambot-intro/)"
185.191.171.22 - - [13/Jan/2021:06:35:55 +0100] "GET /robots.txt HTTP/1.1" 200 2438 "-" "Mozilla/5.0 (compatible; SemrushBot/7~bl; +http://www.semrush.com/bot.html)"
157.55.39.220 - - [13/Jan/2021:06:36:24 +0100] "GET /highslide/highslide.js HTTP/1.1" 200 42909 "-" "Mozilla/5.0 (compatible; bingbot/2.0; +http://www.bing.com/bingbot.htm)"
114.119.129.36 - - [13/Jan/2021:06:39:11 +0100] "GET /images/mini_prod/8422011475196.jpg HTTP/1.1" 200 3355 "-" "Mozilla/5.0 (Linux; Android 7.0;) AppleWebKit/537.36 (KHTML, like Gecko) Mobile Safari/537.36 (compatible; PetalBot;+https://aspiegel.com/petalbot)"
157.55.39.32 - - [13/Jan/2021:06:40:56 +0100] "GET /robots.txt HTTP/1.1" 200 2438 "-" "Mozilla/5.0 (compatible; bingbot/2.0; +http://www.bing.com/bingbot.htm)"
157.55.39.110 - - [13/Jan/2021:06:44:15 +0100] "GET /images/4011745cendrilllon.jpg HTTP/1.1" 200 34359 "-" "Mozilla/5.0 (Windows NT 6.1; WOW64) AppleWebKit/534+ (KHTML, like Gecko) BingPreview/1.0b"
216.244.66.242 - - [13/Jan/2021:06:44:36 +0100] "GET /images/8435333807729.jpg HTTP/1.1" 200 99416 "-" "Mozilla/5.0 (compatible; DotBot/1.1; http://www.opensiteexplorer.org/dotbot, help@moz.com)"
216.18.204.215 - - [13/Jan/2021:06:46:43 +0100] "GET /robots.txt HTTP/1.1" 200 2438 "-" "Mozilla/5.0 (compatible; Adsbot/3.1)"
5.9.140.242 - - [13/Jan/2021:06:46:53 +0100] "GET /robots.txt HTTP/1.1" 200 2438 "-" "Mozilla/5.0 (compatible; MJ12bot/v1.4.8; http://mj12bot.com/)"
114.119.151.113 - - [13/Jan/2021:06:47:55 +0100] "GET /images/1399984251799.jpg HTTP/1.1" 200 93338 "-" "Mozilla/5.0 (Linux; Android 7.0;) AppleWebKit/537.36 (KHTML, like Gecko) Mobile Safari/537.36 (compatible; PetalBot;+https://aspiegel.com/petalbot)"
66.249.66.95 - - [13/Jan/2021:06:48:55 +0100] "GET /images/mini_prod/NN3442440296877.jpg HTTP/1.1" 200 5436 "-" "Googlebot-Image/1.0"
185.191.171.4 - - [13/Jan/2021:06:49:49 +0100] "GET /robots.txt HTTP/1.1" 200 2438 "-" "Mozilla/5.0 (compatible; SemrushBot/7~bl; +http://www.semrush.com/bot.html)"
42.156.139.122 - - [13/Jan/2021:06:51:51 +0100] "GET /templates/Pixame_v1/stylesheet.css HTTP/1.1" 200 56057 "http://www.wonder-geek.com/pet-shop-c-155.html" "Mozilla/5.0 (Windows NT 6.1; Win64; x64) AppleWebKit/537.36 (KHTML, like Gecko) Chrome/69.0.3497.81 YisouSpider/5.0 Safari/537.36"
157.55.39.53 - - [13/Jan/2021:06:52:38 +0100] "GET /images/big_prod/9316188073332.jpg HTTP/1.1" 200 48804 "-" "Mozilla/5.0 (compatible; bingbot/2.0; +http://www.bing.com/bingbot.htm)"
114.119.132.105 - - [13/Jan/2021:06:57:35 +0100] "GET /images/GEE-SORRY-1.jpg HTTP/1.1" 200 164109 "-" "Mozilla/5.0 (Linux; Android 7.0;) AppleWebKit/537.36 (KHTML, like Gecko) Mobile Safari/537.36 (compatible; PetalBot;+https://aspiegel.com/petalbot)"
157.55.39.220 - - [13/Jan/2021:07:00:16 +0100] "GET /highslide/highslide.js HTTP/1.1" 200 42909 "-" "Mozilla/5.0 (compatible; bingbot/2.0; +http://www.bing.com/bingbot.htm)"
40.77.189.82 - - [13/Jan/2021:07:01:48 +0100] "GET /templates/Pixame_v1/stylesheet.css HTTP/1.1" 200 56057 "http://www.wonder-geek.com/index.php" "Mozilla/5.0 (Windows NT 6.1; WOW64) AppleWebKit/534+ (KHTML, like Gecko) BingPreview/1.0b"
157.55.39.53 - - [13/Jan/2021:07:01:49 +0100] "GET /images/donaldpouce.jpg HTTP/1.1" 200 18633 "-" "Mozilla/5.0 (compatible; bingbot/2.0; +http://www.bing.com/bingbot.htm)"
185.191.171.13 - - [13/Jan/2021:07:06:07 +0100] "GET /robots.txt HTTP/1.1" 200 2438 "-" "Mozilla/5.0 (compatible; SemrushBot/7~bl; +http://www.semrush.com/bot.html)"
66.249.66.95 - - [13/Jan/2021:07:10:47 +0100] "GET /images/110507_162420_PEEL_DuPhzU.jpg HTTP/1.1" 200 62420 "-" "Googlebot-Image/1.0"
66.249.66.95 - - [13/Jan/2021:07:13:49 +0100] "GET /images/mini_prod/3700281644500.jpg HTTP/1.1" 200 9422 "-" "Googlebot-Image/1.0"
66.249.66.95 - - [13/Jan/2021:07:14:46 +0100] "GET /images/5706501171809.jpg HTTP/1.1" 200 16760 "-" "Googlebot-Image/1.0"
114.119.150.15 - - [13/Jan/2021:07:19:21 +0100] "GET /images/mini_prod/4029811349234.jpg HTTP/1.1" 200 8024 "-" "Mozilla/5.0 (Linux; Android 7.0;) AppleWebKit/537.36 (KHTML, like Gecko) Mobile Safari/537.36 (compatible; PetalBot;+https://aspiegel.com/petalbot)"
157.55.39.220 - - [13/Jan/2021:07:21:48 +0100] "GET /highslide/highslide.js HTTP/1.1" 200 42909 "-" "Mozilla/5.0 (compatible; bingbot/2.0; +http://www.bing.com/bingbot.htm)"
66.249.66.95 - - [13/Jan/2021:07:25:03 +0100] "GET /images/med_prod/1341689418304.jpg HTTP/1.1" 200 74697 "-" "Googlebot-Image/1.0"
157.55.39.110 - - [13/Jan/2021:07:27:50 +0100] "GET /js/jquery.jqzoom.js HTTP/1.1" 200 4761 "-" "Mozilla/5.0 (compatible; bingbot/2.0; +http://www.bing.com/bingbot.htm)"
114.119.145.117 - - [13/Jan/2021:07:34:35 +0100] "GET /images/big_prod_1/3014627558179.jpg HTTP/1.1" 200 213558 "-" "Mozilla/5.0 (Linux; Android 7.0;) AppleWebKit/537.36 (KHTML, like Gecko) Mobile Safari/537.36 (compatible; PetalBot;+https://aspiegel.com/petalbot)"
216.244.66.242 - - [13/Jan/2021:07:34:38 +0100] "GET /robots.txt HTTP/1.1" 200 2438 "-" "Mozilla/5.0 (compatible; DotBot/1.1; http://www.opensiteexplorer.org/dotbot, help@moz.com)"
185.191.171.33 - - [13/Jan/2021:07:37:18 +0100] "GET /robots.txt HTTP/1.1" 200 2438 "-" "Mozilla/5.0 (compatible; SemrushBot/7~bl; +http://www.semrush.com/bot.html)"
114.119.150.15 - - [13/Jan/2021:07:38:56 +0100] "GET /images/big_prod_1/1399984288825.jpg HTTP/1.1" 200 78131 "-" "Mozilla/5.0 (Linux; Android 7.0;) AppleWebKit/537.36 (KHTML, like Gecko) Mobile Safari/537.36 (compatible; PetalBot;+https://aspiegel.com/petalbot)"
66.249.66.95 - - [13/Jan/2021:07:44:18 +0100] "GET /images/mini_prod/8422057789271.jpg HTTP/1.1" 200 5352 "-" "Googlebot-Image/1.0"
80.11.253.192 - - [13/Jan/2021:07:48:02 +0100] "GET /adminweb/includes/index.css HTTP/1.1" 200 1318 "http://www.wonder-geek.com/adminweb/login.php" "Mozilla/5.0 (Windows NT 10.0; Win64; x64) AppleWebKit/537.36 (KHTML, like Gecko) Chrome/87.0.4280.141 Safari/537.36"
80.11.253.192 - - [13/Jan/2021:07:48:02 +0100] "GET /adminweb/includes/stylesheet.css HTTP/1.1" 200 21750 "http://www.wonder-geek.com/adminweb/login.php" "Mozilla/5.0 (Windows NT 10.0; Win64; x64) AppleWebKit/537.36 (KHTML, like Gecko) Chrome/87.0.4280.141 Safari/537.36"
80.11.253.192 - - [13/Jan/2021:07:48:02 +0100] "GET /adminweb/includes/javascript/helptip.js HTTP/1.1" 200 2949 "http://www.wonder-geek.com/adminweb/login.php" "Mozilla/5.0 (Windows NT 10.0; Win64; x64) AppleWebKit/537.36 (KHTML, like Gecko) Chrome/87.0.4280.141 Safari/537.36"
80.11.253.192 - - [13/Jan/2021:07:48:02 +0100] "GET /adminweb/images/logo_mini.png HTTP/1.1" 200 47706 "http://www.wonder-geek.com/adminweb/login.php" "Mozilla/5.0 (Windows NT 10.0; Win64; x64) AppleWebKit/537.36 (KHTML, like Gecko) Chrome/87.0.4280.141 Safari/537.36"
80.11.253.192 - - [13/Jan/2021:07:48:02 +0100] "GET /adminweb/images/artoisweb.jpg HTTP/1.1" 200 38128 "http://www.wonder-geek.com/adminweb/login.php" "Mozilla/5.0 (Windows NT 10.0; Win64; x64) AppleWebKit/537.36 (KHTML, like Gecko) Chrome/87.0.4280.141 Safari/537.36"
80.11.253.192 - - [13/Jan/2021:07:48:02 +0100] "GET /adminweb/includes/languages/french/images/buttons/button_confirm.gif HTTP/1.1" 200 1090 "http://www.wonder-geek.com/adminweb/login.php" "Mozilla/5.0 (Windows NT 10.0; Win64; x64) AppleWebKit/537.36 (KHTML, like Gecko) Chrome/87.0.4280.141 Safari/537.36"
80.11.253.192 - - [13/Jan/2021:07:48:02 +0100] "GET /favicon.ico HTTP/1.1" 200 1591 "http://www.wonder-geek.com/adminweb/login.php" "Mozilla/5.0 (Windows NT 10.0; Win64; x64) AppleWebKit/537.36 (KHTML, like Gecko) Chrome/87.0.4280.141 Safari/537.36"
77.75.79.119 - - [13/Jan/2021:07:48:25 +0100] "GET /robots.txt HTTP/1.1" 200 2438 "-" "Mozilla/5.0 (compatible; SeznamBot/3.2; +http://napoveda.seznam.cz/en/seznambot-intro/)"
5.16.110.70 - - [13/Jan/2021:07:49:49 +0100] "GET /images/3700235441681.jpg HTTP/1.1" 200 25681 "http://quoizeltableslamps.blogspot.com/2012/10/nostalgia-metal-shade-table-lamp.html" "Mozilla/5.0 (compatible; MSIE 10.0; Windows NT 6.2; WOW64; Trident/6.0; Touch; MASMJS)"
157.55.39.220 - - [13/Jan/2021:07:49:51 +0100] "GET /highslide/highslide.js HTTP/1.1" 200 42909 "-" "Mozilla/5.0 (compatible; bingbot/2.0; +http://www.bing.com/bingbot.htm)"
66.249.80.40 - - [13/Jan/2021:07:51:24 +0100] "GET /images/big_prod/9316188076043.jpg HTTP/1.1" 200 117381 "-" "Mozilla/5.0 (Windows NT 5.1; rv:11.0) Gecko Firefox/11.0 (via ggpht.com GoogleImageProxy)"
114.119.146.145 - - [13/Jan/2021:07:54:53 +0100] "GET /robots.txt HTTP/1.1" 200 2438 "-" "(compatible;PetalBot;+https://aspiegel.com/petalbot)"
185.191.171.44 - - [13/Jan/2021:07:56:25 +0100] "GET /robots.txt HTTP/1.1" 200 2438 "-" "Mozilla/5.0 (compatible; SemrushBot/7~bl; +http://www.semrush.com/bot.html)"
66.249.66.64 - - [13/Jan/2021:07:56:36 +0100] "GET /images/big_prod_2/b028399270224.jpg HTTP/1.1" 200 110815 "-" "Googlebot-Image/1.0"
157.55.39.220 - - [13/Jan/2021:08:07:02 +0100] "GET /highslide/highslide.js HTTP/1.1" 200 42909 "-" "Mozilla/5.0 (compatible; bingbot/2.0; +http://www.bing.com/bingbot.htm)"
185.191.171.42 - - [13/Jan/2021:08:07:37 +0100] "GET /robots.txt HTTP/1.1" 200 2438 "-" "Mozilla/5.0 (compatible; SemrushBot/7~bl; +http://www.semrush.com/bot.html)"
157.55.39.53 - - [13/Jan/2021:08:10:58 +0100] "GET /images/big_prod/mickey1384010188521.jpg HTTP/1.1" 200 109918 "-" "Mozilla/5.0 (compatible; bingbot/2.0; +http://www.bing.com/bingbot.htm)"
114.119.132.105 - - [13/Jan/2021:08:12:25 +0100] "GET /images/3585190850071.jpg HTTP/1.1" 200 37919 "-" "Mozilla/5.0 (Linux; Android 7.0;) AppleWebKit/537.36 (KHTML, like Gecko) Mobile Safari/537.36 (compatible; PetalBot;+https://aspiegel.com/petalbot)"
157.55.39.22 - - [13/Jan/2021:08:20:57 +0100] "GET /images/3438100330586.jpg HTTP/1.1" 200 40730 "-" "Mozilla/5.0 (compatible; bingbot/2.0; +http://www.bing.com/bingbot.htm)"
95.91.104.66 - - [13/Jan/2021:08:26:04 +0100] "GET /robots.txt HTTP/1.1" 200 2438 "-" "Mozilla/5.0 (compatible; MJ12bot/v1.4.8; http://mj12bot.com/)"
77.75.78.162 - - [13/Jan/2021:08:29:24 +0100] "GET /robots.txt HTTP/1.1" 200 2438 "-" "Mozilla/5.0 (compatible; SeznamBot/3.2; +http://napoveda.seznam.cz/en/seznambot-intro/)"
77.75.78.162 - - [13/Jan/2021:08:29:24 +0100] "GET /images/big_prod/8433933224090.jpg HTTP/1.1" 200 117584 "-" "Mozilla/5.0 (compatible; SeznamBot/3.2; +http://napoveda.seznam.cz/en/seznambot-intro/)"
157.55.39.220 - - [13/Jan/2021:08:29:45 +0100] "GET /highslide/highslide.js HTTP/1.1" 200 42909 "-" "Mozilla/5.0 (compatible; bingbot/2.0; +http://www.bing.com/bingbot.htm)"
185.191.171.9 - - [13/Jan/2021:08:36:12 +0100] "GET /robots.txt HTTP/1.1" 200 2438 "-" "Mozilla/5.0 (compatible; SemrushBot/7~bl; +http://www.semrush.com/bot.html)"
192.151.157.210 - - [13/Jan/2021:08:36:31 +0100] "GET /robots.txt HTTP/1.1" 200 2438 "-" "Mozilla/5.0 (compatible; MJ12bot/v1.4.8; http://mj12bot.com/)"
114.119.158.196 - - [13/Jan/2021:08:36:43 +0100] "GET /images/med_prod/000000000ba.jpg HTTP/1.1" 200 45779 "-" "Mozilla/5.0 (Linux; Android 7.0;) AppleWebKit/537.36 (KHTML, like Gecko) Mobile Safari/537.36 (compatible; PetalBot;+https://aspiegel.com/petalbot)"
216.244.66.242 - - [13/Jan/2021:08:40:00 +0100] "GET /robots.txt HTTP/1.1" 200 2438 "-" "Mozilla/5.0 (compatible; DotBot/1.1; http://www.opensiteexplorer.org/dotbot, help@moz.com)"
66.249.66.95 - - [13/Jan/2021:08:43:57 +0100] "GET /images/mini_prod/3700281644524.jpg HTTP/1.1" 200 7963 "-" "Googlebot-Image/1.0"
66.249.66.66 - - [13/Jan/2021:08:47:39 +0100] "GET /images/mini_prod/3418179830026.jpg HTTP/1.1" 200 4391 "-" "Googlebot-Image/1.0"
95.91.76.137 - - [13/Jan/2021:08:47:40 +0100] "GET /robots.txt HTTP/1.1" 200 2438 "-" "Mozilla/5.0 (compatible; MJ12bot/v1.4.8; http://mj12bot.com/)"
157.55.39.220 - - [13/Jan/2021:08:48:27 +0100] "GET /highslide/highslide.js HTTP/1.1" 200 42909 "-" "Mozilla/5.0 (compatible; bingbot/2.0; +http://www.bing.com/bingbot.htm)"
114.119.132.105 - - [13/Jan/2021:08:52:29 +0100] "GET /images/mini_prod/8151.jpg HTTP/1.1" 200 5403 "-" "Mozilla/5.0 (Linux; Android 7.0;) AppleWebKit/537.36 (KHTML, like Gecko) Mobile Safari/537.36 (compatible; PetalBot;+https://aspiegel.com/petalbot)"
66.249.66.95 - - [13/Jan/2021:08:52:39 +0100] "GET /images/mini_prod/3418179830019.jpg HTTP/1.1" 200 4195 "-" "Googlebot-Image/1.0"
66.249.81.163 - - [13/Jan/2021:08:54:45 +0100] "GET /images/3299738511446.jpg HTTP/1.1" 200 32448 "-" "Mozilla/5.0 (Windows NT 5.1; rv:11.0) Gecko Firefox/11.0 (via ggpht.com GoogleImageProxy)"
185.191.171.25 - - [13/Jan/2021:09:06:01 +0100] "GET /robots.txt HTTP/1.1" 200 2438 "-" "Mozilla/5.0 (compatible; SemrushBot/7~bl; +http://www.semrush.com/bot.html)"
157.55.39.220 - - [13/Jan/2021:09:10:29 +0100] "GET /highslide/highslide.js HTTP/1.1" 200 42909 "-" "Mozilla/5.0 (compatible; bingbot/2.0; +http://www.bing.com/bingbot.htm)"
94.130.18.163 - - [13/Jan/2021:09:11:35 +0100] "GET /robots.txt HTTP/1.1" 200 2438 "-" "Mozilla/5.0 (compatible; BLEXBot/1.0; +http://webmeup-crawler.com/)"
114.119.150.15 - - [13/Jan/2021:09:19:54 +0100] "GET /images/8421440076059.jpg HTTP/1.1" 200 43311 "-" "Mozilla/5.0 (Linux; Android 7.0;) AppleWebKit/537.36 (KHTML, like Gecko) Mobile Safari/537.36 (compatible; PetalBot;+https://aspiegel.com/petalbot)"
114.119.130.202 - - [13/Jan/2021:09:24:16 +0100] "GET /images/mini_prod/8422010052206.jpg HTTP/1.1" 200 9032 "-" "Mozilla/5.0 (Linux; Android 7.0;) AppleWebKit/537.36 (KHTML, like Gecko) Mobile Safari/537.36 (compatible; PetalBot;+https://aspiegel.com/petalbot)"
77.75.78.171 - - [13/Jan/2021:09:24:16 +0100] "GET /robots.txt HTTP/1.1" 200 2438 "-" "Mozilla/5.0 (compatible; SeznamBot/3.2; +http://napoveda.seznam.cz/en/seznambot-intro/)"
66.249.66.66 - - [13/Jan/2021:09:24:29 +0100] "GET /robots.txt HTTP/1.1" 200 2438 "-" "Mozilla/5.0 (compatible; Googlebot/2.1; +http://www.google.com/bot.html)"
157.55.39.220 - - [13/Jan/2021:09:29:58 +0100] "GET /highslide/highslide.js HTTP/1.1" 200 42909 "-" "Mozilla/5.0 (compatible; bingbot/2.0; +http://www.bing.com/bingbot.htm)"
114.119.129.36 - - [13/Jan/2021:09:32:55 +0100] "GET /images/mini_prod/1300000022101.jpg HTTP/1.1" 200 10464 "-" "Mozilla/5.0 (Linux; Android 7.0;) AppleWebKit/537.36 (KHTML, like Gecko) Mobile Safari/537.36 (compatible; PetalBot;+https://aspiegel.com/petalbot)"
212.56.198.118 - - [13/Jan/2021:09:32:58 +0100] "GET /highslide/highslide.js HTTP/1.1" 200 42909 "http://www.wonder-geek.com/mater-money-box-p-15642.html" "Mozilla/5.0 (X11; Linux x86_64) AppleWebKit/537.36 (KHTML, like Gecko) Chrome/87.0.4280.66 Safari/537.36"
212.56.198.118 - - [13/Jan/2021:09:32:58 +0100] "GET /templates/Pixame_v1/stylesheet.css HTTP/1.1" 200 56057 "http://www.wonder-geek.com/mater-money-box-p-15642.html" "Mozilla/5.0 (X11; Linux x86_64) AppleWebKit/537.36 (KHTML, like Gecko) Chrome/87.0.4280.66 Safari/537.36"
212.56.198.118 - - [13/Jan/2021:09:32:58 +0100] "GET /js/jquery.jqzoom.js HTTP/1.1" 200 4761 "http://www.wonder-geek.com/mater-money-box-p-15642.html" "Mozilla/5.0 (X11; Linux x86_64) AppleWebKit/537.36 (KHTML, like Gecko) Chrome/87.0.4280.66 Safari/537.36"
212.56.198.118 - - [13/Jan/2021:09:32:58 +0100] "GET /js/jquery.js HTTP/1.1" 200 54075 "http://www.wonder-geek.com/mater-money-box-p-15642.html" "Mozilla/5.0 (X11; Linux x86_64) AppleWebKit/537.36 (KHTML, like Gecko) Chrome/87.0.4280.66 Safari/537.36"
212.56.198.118 - - [13/Jan/2021:09:32:58 +0100] "GET /mondial_relay/js/jquery-1.3.2.min.js HTTP/1.1" 200 57254 "http://www.wonder-geek.com/mater-money-box-p-15642.html" "Mozilla/5.0 (X11; Linux x86_64) AppleWebKit/537.36 (KHTML, like Gecko) Chrome/87.0.4280.66 Safari/537.36"
212.56.198.118 - - [13/Jan/2021:09:32:58 +0100] "GET /templates/Pixame_v1/images/icon_accueil2.png HTTP/1.1" 200 1137 "http://www.wonder-geek.com/mater-money-box-p-15642.html" "Mozilla/5.0 (X11; Linux x86_64) AppleWebKit/537.36 (KHTML, like Gecko) Chrome/87.0.4280.66 Safari/537.36"
212.56.198.118 - - [13/Jan/2021:09:32:58 +0100] "GET /images/4007176121870.jpg HTTP/1.1" 200 38048 "http://www.wonder-geek.com/mater-money-box-p-15642.html" "Mozilla/5.0 (X11; Linux x86_64) AppleWebKit/537.36 (KHTML, like Gecko) Chrome/87.0.4280.66 Safari/537.36"
212.56.198.118 - - [13/Jan/2021:09:32:58 +0100] "GET /templates/Pixame_v1/images/buttons/english/button_in_cart.gif HTTP/1.1" 200 1212 "http://www.wonder-geek.com/mater-money-box-p-15642.html" "Mozilla/5.0 (X11; Linux x86_64) AppleWebKit/537.36 (KHTML, like Gecko) Chrome/87.0.4280.66 Safari/537.36"
212.56.198.118 - - [13/Jan/2021:09:32:59 +0100] "GET /templates/Pixame_v1/images/Bottom_texture.jpg HTTP/1.1" 200 56290 "http://www.wonder-geek.com/templates/Pixame_v1/stylesheet.css" "Mozilla/5.0 (X11; Linux x86_64) AppleWebKit/537.36 (KHTML, like Gecko) Chrome/87.0.4280.66 Safari/537.36"
212.56.198.118 - - [13/Jan/2021:09:32:59 +0100] "GET /templates/Pixame_v1/images/header.png HTTP/1.1" 200 70245 "http://www.wonder-geek.com/templates/Pixame_v1/stylesheet.css" "Mozilla/5.0 (X11; Linux x86_64) AppleWebKit/537.36 (KHTML, like Gecko) Chrome/87.0.4280.66 Safari/537.36"
212.56.198.118 - - [13/Jan/2021:09:32:59 +0100] "GET /templates/Pixame_v1/images/nav.png HTTP/1.1" 200 1283 "http://www.wonder-geek.com/templates/Pixame_v1/stylesheet.css" "Mozilla/5.0 (X11; Linux x86_64) AppleWebKit/537.36 (KHTML, like Gecko) Chrome/87.0.4280.66 Safari/537.36"
212.56.198.118 - - [13/Jan/2021:09:32:59 +0100] "GET /templates/Pixame_v1/images/header-object.png HTTP/1.1" 200 106050 "http://www.wonder-geek.com/templates/Pixame_v1/stylesheet.css" "Mozilla/5.0 (X11; Linux x86_64) AppleWebKit/537.36 (KHTML, like Gecko) Chrome/87.0.4280.66 Safari/537.36"
212.56.198.118 - - [13/Jan/2021:09:32:59 +0100] "GET /design/productsenstock.png HTTP/1.1" 200 4743 "http://www.wonder-geek.com/templates/Pixame_v1/stylesheet.css" "Mozilla/5.0 (X11; Linux x86_64) AppleWebKit/537.36 (KHTML, like Gecko) Chrome/87.0.4280.66 Safari/537.36"
212.56.198.118 - - [13/Jan/2021:09:32:59 +0100] "GET /templates/Pixame_v1/images/Middle_texture.jpg HTTP/1.1" 200 249620 "http://www.wonder-geek.com/templates/Pixame_v1/stylesheet.css" "Mozilla/5.0 (X11; Linux x86_64) AppleWebKit/537.36 (KHTML, like Gecko) Chrome/87.0.4280.66 Safari/537.36"
212.56.198.118 - - [13/Jan/2021:09:33:00 +0100] "GET /highslide/graphics/outlines/drop-shadow.png HTTP/1.1" 200 2022 "http://www.wonder-geek.com/mater-money-box-p-15642.html" "Mozilla/5.0 (X11; Linux x86_64) AppleWebKit/537.36 (KHTML, like Gecko) Chrome/87.0.4280.66 Safari/537.36"
212.56.198.118 - - [13/Jan/2021:09:33:00 +0100] "GET /favicon.ico HTTP/1.1" 200 1591 "http://www.wonder-geek.com/mater-money-box-p-15642.html" "Mozilla/5.0 (X11; Linux x86_64) AppleWebKit/537.36 (KHTML, like Gecko) Chrome/87.0.4280.66 Safari/537.36"
94.130.18.163 - - [13/Jan/2021:09:33:38 +0100] "GET /robots.txt HTTP/1.1" 200 2438 "-" "Mozilla/5.0 (compatible; BLEXBot/1.0; +http://webmeup-crawler.com/)"
185.191.171.17 - - [13/Jan/2021:09:34:55 +0100] "GET /robots.txt HTTP/1.1" 200 2438 "-" "Mozilla/5.0 (compatible; SemrushBot/7~bl; +http://www.semrush.com/bot.html)"
66.249.66.66 - - [13/Jan/2021:09:35:04 +0100] "GET /images/mini_prod/3700281645163.jpg HTTP/1.1" 200 8741 "-" "Googlebot-Image/1.0"
185.191.171.17 - - [13/Jan/2021:09:35:52 +0100] "GET /robots.txt HTTP/1.1" 200 2438 "-" "Mozilla/5.0 (compatible; SemrushBot/7~bl; +http://www.semrush.com/bot.html)"
114.119.147.45 - - [13/Jan/2021:09:37:15 +0100] "GET /images/mini_prod/5018997616239.jpg HTTP/1.1" 200 6228 "-" "Mozilla/5.0 (Linux; Android 7.0;) AppleWebKit/537.36 (KHTML, like Gecko) Mobile Safari/537.36 (compatible; PetalBot;+https://aspiegel.com/petalbot)"
207.46.13.239 - - [13/Jan/2021:09:41:17 +0100] "GET /images/med_prod/1384010178683.jpg HTTP/1.1" 200 52216 "-" "Mozilla/5.0 (compatible; bingbot/2.0; +http://www.bing.com/bingbot.htm)"
66.249.66.64 - - [13/Jan/2021:09:44:18 +0100] "GET /images/mini_prod/WU75115.jpg HTTP/1.1" 200 7386 "-" "Googlebot-Image/1.0"
216.244.66.242 - - [13/Jan/2021:09:45:16 +0100] "GET /robots.txt HTTP/1.1" 200 2438 "-" "Mozilla/5.0 (compatible; DotBot/1.1; http://www.opensiteexplorer.org/dotbot, help@moz.com)"
157.55.39.220 - - [13/Jan/2021:09:50:32 +0100] "GET /highslide/highslide.js HTTP/1.1" 200 42909 "-" "Mozilla/5.0 (compatible; bingbot/2.0; +http://www.bing.com/bingbot.htm)"
3.35.0.248 - - [13/Jan/2021:10:02:55 +0100] "GET /js/jquery.jqzoom.js HTTP/1.1" 200 4761 "http://www.wonder-geek.com/" "Mozilla/5.0 (Windows NT 6.1; WOW64) AppleWebKit/537.36 (KHTML, like Gecko) Chrome/69.0.3947.100 Safari/537.36"
3.35.0.248 - - [13/Jan/2021:10:02:55 +0100] "GET /highslide/highslide.js HTTP/1.1" 200 42909 "http://www.wonder-geek.com/" "Mozilla/5.0 (Windows NT 6.1; WOW64) AppleWebKit/537.36 (KHTML, like Gecko) Chrome/69.0.3947.100 Safari/537.36"
3.35.0.248 - - [13/Jan/2021:10:02:55 +0100] "GET /templates/Pixame_v1/stylesheet.css HTTP/1.1" 200 56057 "http://www.wonder-geek.com/" "Mozilla/5.0 (Windows NT 6.1; WOW64) AppleWebKit/537.36 (KHTML, like Gecko) Chrome/69.0.3947.100 Safari/537.36"
3.35.0.248 - - [13/Jan/2021:10:02:55 +0100] "GET /mondial_relay/js/jquery-1.3.2.min.js HTTP/1.1" 200 57254 "http://www.wonder-geek.com/" "Mozilla/5.0 (Windows NT 6.1; WOW64) AppleWebKit/537.36 (KHTML, like Gecko) Chrome/69.0.3947.100 Safari/537.36"
3.35.0.248 - - [13/Jan/2021:10:02:55 +0100] "GET /js/jquery.js HTTP/1.1" 200 54075 "http://www.wonder-geek.com/" "Mozilla/5.0 (Windows NT 6.1; WOW64) AppleWebKit/537.36 (KHTML, like Gecko) Chrome/69.0.3947.100 Safari/537.36"
3.35.0.248 - - [13/Jan/2021:10:02:56 +0100] "GET /templates/Pixame_v1/images/icon_accueil2.png HTTP/1.1" 200 1137 "http://www.wonder-geek.com/" "Mozilla/5.0 (Windows NT 6.1; WOW64) AppleWebKit/537.36 (KHTML, like Gecko) Chrome/69.0.3947.100 Safari/537.36"
3.35.0.248 - - [13/Jan/2021:10:02:56 +0100] "GET /js/jquery.masonry.min.js HTTP/1.1" 200 5392 "http://www.wonder-geek.com/" "Mozilla/5.0 (Windows NT 6.1; WOW64) AppleWebKit/537.36 (KHTML, like Gecko) Chrome/69.0.3947.100 Safari/537.36"
3.35.0.248 - - [13/Jan/2021:10:02:56 +0100] "GET /js/modernizr-transitions.js HTTP/1.1" 200 2026 "http://www.wonder-geek.com/" "Mozilla/5.0 (Windows NT 6.1; WOW64) AppleWebKit/537.36 (KHTML, like Gecko) Chrome/69.0.3947.100 Safari/537.36"
3.35.0.248 - - [13/Jan/2021:10:02:58 +0100] "GET /templates/Pixame_v1/images/nav.png HTTP/1.1" 200 1283 "http://www.wonder-geek.com/templates/Pixame_v1/stylesheet.css" "Mozilla/5.0 (Windows NT 6.1; WOW64) AppleWebKit/537.36 (KHTML, like Gecko) Chrome/69.0.3947.100 Safari/537.36"
3.35.0.248 - - [13/Jan/2021:10:02:59 +0100] "GET /templates/Pixame_v1/images/Bottom_texture.jpg HTTP/1.1" 200 56290 "http://www.wonder-geek.com/templates/Pixame_v1/stylesheet.css" "Mozilla/5.0 (Windows NT 6.1; WOW64) AppleWebKit/537.36 (KHTML, like Gecko) Chrome/69.0.3947.100 Safari/537.36"
3.35.0.248 - - [13/Jan/2021:10:02:59 +0100] "GET /templates/Pixame_v1/images/header.png HTTP/1.1" 200 70245 "http://www.wonder-geek.com/templates/Pixame_v1/stylesheet.css" "Mozilla/5.0 (Windows NT 6.1; WOW64) AppleWebKit/537.36 (KHTML, like Gecko) Chrome/69.0.3947.100 Safari/537.36"
3.35.0.248 - - [13/Jan/2021:10:02:59 +0100] "GET /design/productsenstock.png HTTP/1.1" 200 4743 "http://www.wonder-geek.com/templates/Pixame_v1/stylesheet.css" "Mozilla/5.0 (Windows NT 6.1; WOW64) AppleWebKit/537.36 (KHTML, like Gecko) Chrome/69.0.3947.100 Safari/537.36"
3.35.0.248 - - [13/Jan/2021:10:02:59 +0100] "GET /templates/Pixame_v1/images/header-object.png HTTP/1.1" 200 106050 "http://www.wonder-geek.com/templates/Pixame_v1/stylesheet.css" "Mozilla/5.0 (Windows NT 6.1; WOW64) AppleWebKit/537.36 (KHTML, like Gecko) Chrome/69.0.3947.100 Safari/537.36"
3.35.0.248 - - [13/Jan/2021:10:03:00 +0100] "GET /templates/Pixame_v1/images/Middle_texture.jpg HTTP/1.1" 200 249620 "http://www.wonder-geek.com/templates/Pixame_v1/stylesheet.css" "Mozilla/5.0 (Windows NT 6.1; WOW64) AppleWebKit/537.36 (KHTML, like Gecko) Chrome/69.0.3947.100 Safari/537.36"
3.35.0.248 - - [13/Jan/2021:10:03:00 +0100] "GET /images/mini_prod/3700281645170.jpg HTTP/1.1" 200 10579 "http://www.wonder-geek.com/" "Mozilla/5.0 (Windows NT 6.1; WOW64) AppleWebKit/537.36 (KHTML, like Gecko) Chrome/69.0.3947.100 Safari/537.36"
3.35.0.248 - - [13/Jan/2021:10:03:00 +0100] "GET /images/mini_prod/3700281645187.jpg HTTP/1.1" 200 9958 "http://www.wonder-geek.com/" "Mozilla/5.0 (Windows NT 6.1; WOW64) AppleWebKit/537.36 (KHTML, like Gecko) Chrome/69.0.3947.100 Safari/537.36"
3.35.0.248 - - [13/Jan/2021:10:03:00 +0100] "GET /images/mini_prod/3700281645156.jpg HTTP/1.1" 200 9727 "http://www.wonder-geek.com/" "Mozilla/5.0 (Windows NT 6.1; WOW64) AppleWebKit/537.36 (KHTML, like Gecko) Chrome/69.0.3947.100 Safari/537.36"
3.35.0.248 - - [13/Jan/2021:10:03:00 +0100] "GET /images/mini_prod/3609810093331.jpg HTTP/1.1" 200 8351 "http://www.wonder-geek.com/" "Mozilla/5.0 (Windows NT 6.1; WOW64) AppleWebKit/537.36 (KHTML, like Gecko) Chrome/69.0.3947.100 Safari/537.36"
3.35.0.248 - - [13/Jan/2021:10:03:00 +0100] "GET /images/mini_prod/1328399270477.jpg HTTP/1.1" 200 4922 "http://www.wonder-geek.com/" "Mozilla/5.0 (Windows NT 6.1; WOW64) AppleWebKit/537.36 (KHTML, like Gecko) Chrome/69.0.3947.100 Safari/537.36"
3.35.0.248 - - [13/Jan/2021:10:03:00 +0100] "GET /images/mini_prod/3700281645354.jpg HTTP/1.1" 200 6565 "http://www.wonder-geek.com/" "Mozilla/5.0 (Windows NT 6.1; WOW64) AppleWebKit/537.36 (KHTML, like Gecko) Chrome/69.0.3947.100 Safari/537.36"
3.35.0.248 - - [13/Jan/2021:10:03:00 +0100] "GET /images/mini_prod/8720088295847.jpg HTTP/1.1" 200 5827 "http://www.wonder-geek.com/" "Mozilla/5.0 (Windows NT 6.1; WOW64) AppleWebKit/537.36 (KHTML, like Gecko) Chrome/69.0.3947.100 Safari/537.36"
3.35.0.248 - - [13/Jan/2021:10:03:00 +0100] "GET /images/mini_prod/3609810093324.jpg HTTP/1.1" 200 8404 "http://www.wonder-geek.com/" "Mozilla/5.0 (Windows NT 6.1; WOW64) AppleWebKit/537.36 (KHTML, like Gecko) Chrome/69.0.3947.100 Safari/537.36"
3.35.0.248 - - [13/Jan/2021:10:03:01 +0100] "GET /images/mini_prod/8422022523022.jpg HTTP/1.1" 200 9634 "http://www.wonder-geek.com/" "Mozilla/5.0 (Windows NT 6.1; WOW64) AppleWebKit/537.36 (KHTML, like Gecko) Chrome/69.0.3947.100 Safari/537.36"
3.35.0.248 - - [13/Jan/2021:10:03:01 +0100] "GET /images/mini_prod/a1328399270071.jpg HTTP/1.1" 200 6496 "http://www.wonder-geek.com/" "Mozilla/5.0 (Windows NT 6.1; WOW64) AppleWebKit/537.36 (KHTML, like Gecko) Chrome/69.0.3947.100 Safari/537.36"
3.35.0.248 - - [13/Jan/2021:10:03:01 +0100] "GET /images/mini_prod/8718375752562.jpg HTTP/1.1" 200 5446 "http://www.wonder-geek.com/" "Mozilla/5.0 (Windows NT 6.1; WOW64) AppleWebKit/537.36 (KHTML, like Gecko) Chrome/69.0.3947.100 Safari/537.36"
3.35.0.248 - - [13/Jan/2021:10:03:01 +0100] "GET /images/mini_prod/1328399270460.jpg HTTP/1.1" 200 6820 "http://www.wonder-geek.com/" "Mozilla/5.0 (Windows NT 6.1; WOW64) AppleWebKit/537.36 (KHTML, like Gecko) Chrome/69.0.3947.100 Safari/537.36"
3.35.0.248 - - [13/Jan/2021:10:03:01 +0100] "GET /images/mini_prod/8719075391679.jpg HTTP/1.1" 200 4031 "http://www.wonder-geek.com/" "Mozilla/5.0 (Windows NT 6.1; WOW64) AppleWebKit/537.36 (KHTML, like Gecko) Chrome/69.0.3947.100 Safari/537.36"
3.35.0.248 - - [13/Jan/2021:10:03:01 +0100] "GET /images/mini_prod/Kandinsky.jpg HTTP/1.1" 200 6574 "http://www.wonder-geek.com/" "Mozilla/5.0 (Windows NT 6.1; WOW64) AppleWebKit/537.36 (KHTML, like Gecko) Chrome/69.0.3947.100 Safari/537.36"
3.35.0.248 - - [13/Jan/2021:10:03:01 +0100] "GET /images/mini_prod/8720088291054.jpg HTTP/1.1" 200 6038 "http://www.wonder-geek.com/" "Mozilla/5.0 (Windows NT 6.1; WOW64) AppleWebKit/537.36 (KHTML, like Gecko) Chrome/69.0.3947.100 Safari/537.36"
3.35.0.248 - - [13/Jan/2021:10:03:02 +0100] "GET /images/mini_prod/3700281645439.jpg HTTP/1.1" 200 9597 "http://www.wonder-geek.com/" "Mozilla/5.0 (Windows NT 6.1; WOW64) AppleWebKit/537.36 (KHTML, like Gecko) Chrome/69.0.3947.100 Safari/537.36"
3.35.0.248 - - [13/Jan/2021:10:03:02 +0100] "GET /images/mini_prod/3700281645361.jpg HTTP/1.1" 200 6430 "http://www.wonder-geek.com/" "Mozilla/5.0 (Windows NT 6.1; WOW64) AppleWebKit/537.36 (KHTML, like Gecko) Chrome/69.0.3947.100 Safari/537.36"
3.35.0.248 - - [13/Jan/2021:10:03:02 +0100] "GET /images/mini_prod/WU76787.jpg HTTP/1.1" 200 4497 "http://www.wonder-geek.com/" "Mozilla/5.0 (Windows NT 6.1; WOW64) AppleWebKit/537.36 (KHTML, like Gecko) Chrome/69.0.3947.100 Safari/537.36"
3.35.0.248 - - [13/Jan/2021:10:03:02 +0100] "GET /images/mini_prod/3700281644500.jpg HTTP/1.1" 200 9422 "http://www.wonder-geek.com/" "Mozilla/5.0 (Windows NT 6.1; WOW64) AppleWebKit/537.36 (KHTML, like Gecko) Chrome/69.0.3947.100 Safari/537.36"
3.35.0.248 - - [13/Jan/2021:10:03:02 +0100] "GET /images/mini_prod/3609810051867.jpg HTTP/1.1" 200 6940 "http://www.wonder-geek.com/" "Mozilla/5.0 (Windows NT 6.1; WOW64) AppleWebKit/537.36 (KHTML, like Gecko) Chrome/69.0.3947.100 Safari/537.36"
3.35.0.248 - - [13/Jan/2021:10:03:02 +0100] "GET /images/mini_prod/3700281647785.jpg HTTP/1.1" 200 7509 "http://www.wonder-geek.com/" "Mozilla/5.0 (Windows NT 6.1; WOW64) AppleWebKit/537.36 (KHTML, like Gecko) Chrome/69.0.3947.100 Safari/537.36"
3.35.0.248 - - [13/Jan/2021:10:03:03 +0100] "GET /images/mini_prod/8720088295809.jpg HTTP/1.1" 200 5060 "http://www.wonder-geek.com/" "Mozilla/5.0 (Windows NT 6.1; WOW64) AppleWebKit/537.36 (KHTML, like Gecko) Chrome/69.0.3947.100 Safari/537.36"
3.35.0.248 - - [13/Jan/2021:10:03:03 +0100] "GET /images/mini_prod/1328399270330.jpg HTTP/1.1" 200 6605 "http://www.wonder-geek.com/" "Mozilla/5.0 (Windows NT 6.1; WOW64) AppleWebKit/537.36 (KHTML, like Gecko) Chrome/69.0.3947.100 Safari/537.36"
3.35.0.248 - - [13/Jan/2021:10:03:03 +0100] "GET /images/mini_prod/8422022523008.jpg HTTP/1.1" 200 9669 "http://www.wonder-geek.com/" "Mozilla/5.0 (Windows NT 6.1; WOW64) AppleWebKit/537.36 (KHTML, like Gecko) Chrome/69.0.3947.100 Safari/537.36"
3.35.0.248 - - [13/Jan/2021:10:03:03 +0100] "GET /images/mini_prod/8422057160018.jpg HTTP/1.1" 200 8788 "http://www.wonder-geek.com/" "Mozilla/5.0 (Windows NT 6.1; WOW64) AppleWebKit/537.36 (KHTML, like Gecko) Chrome/69.0.3947.100 Safari/537.36"
3.35.0.248 - - [13/Jan/2021:10:03:03 +0100] "GET /images/mini_prod/3700281645163.jpg HTTP/1.1" 200 8741 "http://www.wonder-geek.com/" "Mozilla/5.0 (Windows NT 6.1; WOW64) AppleWebKit/537.36 (KHTML, like Gecko) Chrome/69.0.3947.100 Safari/537.36"
3.35.0.248 - - [13/Jan/2021:10:03:03 +0100] "GET /images/mini_prod/8720088291078.jpg HTTP/1.1" 200 3920 "http://www.wonder-geek.com/" "Mozilla/5.0 (Windows NT 6.1; WOW64) AppleWebKit/537.36 (KHTML, like Gecko) Chrome/69.0.3947.100 Safari/537.36"
3.35.0.248 - - [13/Jan/2021:10:03:04 +0100] "GET /images/mini_prod/3609810091207.jpg HTTP/1.1" 200 7773 "http://www.wonder-geek.com/" "Mozilla/5.0 (Windows NT 6.1; WOW64) AppleWebKit/537.36 (KHTML, like Gecko) Chrome/69.0.3947.100 Safari/537.36"
3.35.0.248 - - [13/Jan/2021:10:03:04 +0100] "GET /images/mini_prod/8717202558889.jpg HTTP/1.1" 200 5318 "http://www.wonder-geek.com/" "Mozilla/5.0 (Windows NT 6.1; WOW64) AppleWebKit/537.36 (KHTML, like Gecko) Chrome/69.0.3947.100 Safari/537.36"
3.35.0.248 - - [13/Jan/2021:10:03:04 +0100] "GET /images/mini_prod/8718375755570.jpg HTTP/1.1" 200 7722 "http://www.wonder-geek.com/" "Mozilla/5.0 (Windows NT 6.1; WOW64) AppleWebKit/537.36 (KHTML, like Gecko) Chrome/69.0.3947.100 Safari/537.36"
3.35.0.248 - - [13/Jan/2021:10:03:04 +0100] "GET /images/mini_prod/3609810096370.jpg HTTP/1.1" 200 8782 "http://www.wonder-geek.com/" "Mozilla/5.0 (Windows NT 6.1; WOW64) AppleWebKit/537.36 (KHTML, like Gecko) Chrome/69.0.3947.100 Safari/537.36"
3.35.0.248 - - [13/Jan/2021:10:03:04 +0100] "GET /images/mini_prod/8422057160025.jpg HTTP/1.1" 200 8246 "http://www.wonder-geek.com/" "Mozilla/5.0 (Windows NT 6.1; WOW64) AppleWebKit/537.36 (KHTML, like Gecko) Chrome/69.0.3947.100 Safari/537.36"
3.35.0.248 - - [13/Jan/2021:10:03:04 +0100] "GET /images/mini_prod/3665269030662.jpg HTTP/1.1" 200 7214 "http://www.wonder-geek.com/" "Mozilla/5.0 (Windows NT 6.1; WOW64) AppleWebKit/537.36 (KHTML, like Gecko) Chrome/69.0.3947.100 Safari/537.36"
3.35.0.248 - - [13/Jan/2021:10:03:05 +0100] "GET /images/mini_prod/3609810051980.jpg HTTP/1.1" 200 4229 "http://www.wonder-geek.com/" "Mozilla/5.0 (Windows NT 6.1; WOW64) AppleWebKit/537.36 (KHTML, like Gecko) Chrome/69.0.3947.100 Safari/537.36"
3.35.0.248 - - [13/Jan/2021:10:03:05 +0100] "GET /images/mini_prod/8718375753682.jpg HTTP/1.1" 200 5972 "http://www.wonder-geek.com/" "Mozilla/5.0 (Windows NT 6.1; WOW64) AppleWebKit/537.36 (KHTML, like Gecko) Chrome/69.0.3947.100 Safari/537.36"
3.35.0.248 - - [13/Jan/2021:10:03:05 +0100] "GET /images/mini_prod/3700281645682.jpg HTTP/1.1" 200 7688 "http://www.wonder-geek.com/" "Mozilla/5.0 (Windows NT 6.1; WOW64) AppleWebKit/537.36 (KHTML, like Gecko) Chrome/69.0.3947.100 Safari/537.36"
3.35.0.248 - - [13/Jan/2021:10:03:05 +0100] "GET /images/mini_prod/8422021418312.jpg HTTP/1.1" 200 6474 "http://www.wonder-geek.com/" "Mozilla/5.0 (Windows NT 6.1; WOW64) AppleWebKit/537.36 (KHTML, like Gecko) Chrome/69.0.3947.100 Safari/537.36"
3.35.0.248 - - [13/Jan/2021:10:03:05 +0100] "GET /images/mini_prod/3700281645347.jpg HTTP/1.1" 200 4001 "http://www.wonder-geek.com/" "Mozilla/5.0 (Windows NT 6.1; WOW64) AppleWebKit/537.36 (KHTML, like Gecko) Chrome/69.0.3947.100 Safari/537.36"
3.35.0.248 - - [13/Jan/2021:10:03:05 +0100] "GET /images/mini_prod/8718375751268.jpg HTTP/1.1" 200 7659 "http://www.wonder-geek.com/" "Mozilla/5.0 (Windows NT 6.1; WOW64) AppleWebKit/537.36 (KHTML, like Gecko) Chrome/69.0.3947.100 Safari/537.36"
3.35.0.248 - - [13/Jan/2021:10:03:05 +0100] "GET /images/mini_prod/3665269030617.jpg HTTP/1.1" 200 5990 "http://www.wonder-geek.com/" "Mozilla/5.0 (Windows NT 6.1; WOW64) AppleWebKit/537.36 (KHTML, like Gecko) Chrome/69.0.3947.100 Safari/537.36"
3.35.0.248 - - [13/Jan/2021:10:03:05 +0100] "GET /images/mini_prod/3665269007817.jpg HTTP/1.1" 200 8904 "http://www.wonder-geek.com/" "Mozilla/5.0 (Windows NT 6.1; WOW64) AppleWebKit/537.36 (KHTML, like Gecko) Chrome/69.0.3947.100 Safari/537.36"
3.35.0.248 - - [13/Jan/2021:10:03:06 +0100] "GET /images/mini_prod/8422056789630.jpg HTTP/1.1" 200 6943 "http://www.wonder-geek.com/" "Mozilla/5.0 (Windows NT 6.1; WOW64) AppleWebKit/537.36 (KHTML, like Gecko) Chrome/69.0.3947.100 Safari/537.36"
3.35.0.248 - - [13/Jan/2021:10:03:06 +0100] "GET /images/mini_prod/8422057160001.jpg HTTP/1.1" 200 8637 "http://www.wonder-geek.com/" "Mozilla/5.0 (Windows NT 6.1; WOW64) AppleWebKit/537.36 (KHTML, like Gecko) Chrome/69.0.3947.100 Safari/537.36"
3.35.0.248 - - [13/Jan/2021:10:03:06 +0100] "GET /images/mini_prod/8718375751381.jpg HTTP/1.1" 200 6767 "http://www.wonder-geek.com/" "Mozilla/5.0 (Windows NT 6.1; WOW64) AppleWebKit/537.36 (KHTML, like Gecko) Chrome/69.0.3947.100 Safari/537.36"
3.35.0.248 - - [13/Jan/2021:10:03:06 +0100] "GET /images/mini_prod/8718375755594.jpg HTTP/1.1" 200 9037 "http://www.wonder-geek.com/" "Mozilla/5.0 (Windows NT 6.1; WOW64) AppleWebKit/537.36 (KHTML, like Gecko) Chrome/69.0.3947.100 Safari/537.36"
3.35.0.248 - - [13/Jan/2021:10:03:06 +0100] "GET /images/mini_prod/8718375753538.jpg HTTP/1.1" 200 6279 "http://www.wonder-geek.com/" "Mozilla/5.0 (Windows NT 6.1; WOW64) AppleWebKit/537.36 (KHTML, like Gecko) Chrome/69.0.3947.100 Safari/537.36"
3.35.0.248 - - [13/Jan/2021:10:03:06 +0100] "GET /images/mini_prod/8422022523015.jpg HTTP/1.1" 200 9789 "http://www.wonder-geek.com/" "Mozilla/5.0 (Windows NT 6.1; WOW64) AppleWebKit/537.36 (KHTML, like Gecko) Chrome/69.0.3947.100 Safari/537.36"
3.35.0.248 - - [13/Jan/2021:10:03:06 +0100] "GET /images/mini_prod/1328399270477D.jpg HTTP/1.1" 200 5662 "http://www.wonder-geek.com/" "Mozilla/5.0 (Windows NT 6.1; WOW64) AppleWebKit/537.36 (KHTML, like Gecko) Chrome/69.0.3947.100 Safari/537.36"
3.35.0.248 - - [13/Jan/2021:10:03:06 +0100] "GET /images/mini_prod/3700281644517.jpg HTTP/1.1" 200 9636 "http://www.wonder-geek.com/" "Mozilla/5.0 (Windows NT 6.1; WOW64) AppleWebKit/537.36 (KHTML, like Gecko) Chrome/69.0.3947.100 Safari/537.36"
3.35.0.248 - - [13/Jan/2021:10:03:06 +0100] "GET /images/mini_prod/8718375752906.jpg HTTP/1.1" 200 5569 "http://www.wonder-geek.com/" "Mozilla/5.0 (Windows NT 6.1; WOW64) AppleWebKit/537.36 (KHTML, like Gecko) Chrome/69.0.3947.100 Safari/537.36"
3.35.0.248 - - [13/Jan/2021:10:03:07 +0100] "GET /images/mini_prod/8718375754344.jpg HTTP/1.1" 200 8570 "http://www.wonder-geek.com/" "Mozilla/5.0 (Windows NT 6.1; WOW64) AppleWebKit/537.36 (KHTML, like Gecko) Chrome/69.0.3947.100 Safari/537.36"
3.35.0.248 - - [13/Jan/2021:10:03:07 +0100] "GET /images/mini_prod/8422810093348.jpg HTTP/1.1" 200 8804 "http://www.wonder-geek.com/" "Mozilla/5.0 (Windows NT 6.1; WOW64) AppleWebKit/537.36 (KHTML, like Gecko) Chrome/69.0.3947.100 Safari/537.36"
3.35.0.248 - - [13/Jan/2021:10:03:07 +0100] "GET /images/mini_prod/8422057789271.jpg HTTP/1.1" 200 5352 "http://www.wonder-geek.com/" "Mozilla/5.0 (Windows NT 6.1; WOW64) AppleWebKit/537.36 (KHTML, like Gecko) Chrome/69.0.3947.100 Safari/537.36"
3.35.0.248 - - [13/Jan/2021:10:03:07 +0100] "GET /images/mini_prod/1328399270569.jpg HTTP/1.1" 200 6465 "http://www.wonder-geek.com/" "Mozilla/5.0 (Windows NT 6.1; WOW64) AppleWebKit/537.36 (KHTML, like Gecko) Chrome/69.0.3947.100 Safari/537.36"
3.35.0.248 - - [13/Jan/2021:10:03:07 +0100] "GET /images/mini_prod/3700281644531.jpg HTTP/1.1" 200 10083 "http://www.wonder-geek.com/" "Mozilla/5.0 (Windows NT 6.1; WOW64) AppleWebKit/537.36 (KHTML, like Gecko) Chrome/69.0.3947.100 Safari/537.36"
3.35.0.248 - - [13/Jan/2021:10:03:08 +0100] "GET /images/mini_prod/8718375752739b.jpg HTTP/1.1" 200 6527 "http://www.wonder-geek.com/" "Mozilla/5.0 (Windows NT 6.1; WOW64) AppleWebKit/537.36 (KHTML, like Gecko) Chrome/69.0.3947.100 Safari/537.36"
3.35.0.248 - - [13/Jan/2021:10:03:08 +0100] "GET /images/mini_prod/028399270224.jpg HTTP/1.1" 200 6002 "http://www.wonder-geek.com/" "Mozilla/5.0 (Windows NT 6.1; WOW64) AppleWebKit/537.36 (KHTML, like Gecko) Chrome/69.0.3947.100 Safari/537.36"
3.35.0.248 - - [13/Jan/2021:10:03:08 +0100] "GET /images/mini_prod/3700281645446.jpg HTTP/1.1" 200 9515 "http://www.wonder-geek.com/" "Mozilla/5.0 (Windows NT 6.1; WOW64) AppleWebKit/537.36 (KHTML, like Gecko) Chrome/69.0.3947.100 Safari/537.36"
3.35.0.248 - - [13/Jan/2021:10:03:08 +0100] "GET /images/mini_prod/8718375752593.jpg HTTP/1.1" 200 6033 "http://www.wonder-geek.com/" "Mozilla/5.0 (Windows NT 6.1; WOW64) AppleWebKit/537.36 (KHTML, like Gecko) Chrome/69.0.3947.100 Safari/537.36"
3.35.0.248 - - [13/Jan/2021:10:03:08 +0100] "GET /images/mini_prod/3609810091238.jpg HTTP/1.1" 200 8502 "http://www.wonder-geek.com/" "Mozilla/5.0 (Windows NT 6.1; WOW64) AppleWebKit/537.36 (KHTML, like Gecko) Chrome/69.0.3947.100 Safari/537.36"
3.35.0.248 - - [13/Jan/2021:10:03:09 +0100] "GET /images/mini_prod/8422056789838.jpg HTTP/1.1" 200 8457 "http://www.wonder-geek.com/" "Mozilla/5.0 (Windows NT 6.1; WOW64) AppleWebKit/537.36 (KHTML, like Gecko) Chrome/69.0.3947.100 Safari/537.36"
3.35.0.248 - - [13/Jan/2021:10:03:09 +0100] "GET /images/mini_prod/8718375755112.jpg HTTP/1.1" 200 6943 "http://www.wonder-geek.com/" "Mozilla/5.0 (Windows NT 6.1; WOW64) AppleWebKit/537.36 (KHTML, like Gecko) Chrome/69.0.3947.100 Safari/537.36"
3.35.0.248 - - [13/Jan/2021:10:03:09 +0100] "GET /images/mini_prod/VANGOGH.jpg HTTP/1.1" 200 7416 "http://www.wonder-geek.com/" "Mozilla/5.0 (Windows NT 6.1; WOW64) AppleWebKit/537.36 (KHTML, like Gecko) Chrome/69.0.3947.100 Safari/537.36"
3.35.0.248 - - [13/Jan/2021:10:03:09 +0100] "GET /images/mini_prod/8720088291047.jpg HTTP/1.1" 200 5027 "http://www.wonder-geek.com/" "Mozilla/5.0 (Windows NT 6.1; WOW64) AppleWebKit/537.36 (KHTML, like Gecko) Chrome/69.0.3947.100 Safari/537.36"
3.35.0.248 - - [13/Jan/2021:10:03:11 +0100] "GET /images/mini_prod/8718375755617.jpg HTTP/1.1" 200 7471 "http://www.wonder-geek.com/" "Mozilla/5.0 (Windows NT 6.1; WOW64) AppleWebKit/537.36 (KHTML, like Gecko) Chrome/69.0.3947.100 Safari/537.36"
3.35.0.248 - - [13/Jan/2021:10:03:12 +0100] "GET /favicon.ico HTTP/1.1" 200 1591 "http://www.wonder-geek.com/" "Mozilla/5.0 (Windows NT 6.1; WOW64) AppleWebKit/537.36 (KHTML, like Gecko) Chrome/69.0.3947.100 Safari/537.36"
3.35.0.248 - - [13/Jan/2021:10:03:12 +0100] "GET /highslide/graphics/outlines/drop-shadow.png HTTP/1.1" 200 2022 "http://www.wonder-geek.com/" "Mozilla/5.0 (Windows NT 6.1; WOW64) AppleWebKit/537.36 (KHTML, like Gecko) Chrome/69.0.3947.100 Safari/537.36"
114.119.130.202 - - [13/Jan/2021:10:03:19 +0100] "GET /images/big_prod/1384010189542.jpg HTTP/1.1" 200 128459 "-" "Mozilla/5.0 (Linux; Android 7.0;) AppleWebKit/537.36 (KHTML, like Gecko) Mobile Safari/537.36 (compatible; PetalBot;+https://aspiegel.com/petalbot)"
185.191.171.18 - - [13/Jan/2021:10:09:19 +0100] "GET /robots.txt HTTP/1.1" 200 2438 "-" "Mozilla/5.0 (compatible; SemrushBot/7~bl; +http://www.semrush.com/bot.html)"
157.55.39.220 - - [13/Jan/2021:10:12:29 +0100] "GET /highslide/highslide.js HTTP/1.1" 200 42909 "-" "Mozilla/5.0 (compatible; bingbot/2.0; +http://www.bing.com/bingbot.htm)"
157.55.39.220 - - [13/Jan/2021:10:12:45 +0100] "GET /highslide/highslide.js HTTP/1.1" 200 42909 "-" "Mozilla/5.0 (compatible; bingbot/2.0; +http://www.bing.com/bingbot.htm)"
13.66.139.93 - - [13/Jan/2021:10:18:30 +0100] "GET /images/mini_prod/4260082935706.jpg HTTP/1.1" 200 8083 "-" "Mozilla/5.0 (compatible; bingbot/2.0; +http://www.bing.com/bingbot.htm)"
212.56.198.118 - - [13/Jan/2021:10:18:52 +0100] "GET /images/4007176129012.jpg HTTP/1.1" 200 67654 "http://www.wonder-geek.com/doc-mcstuffins-and-lambie-figure-p-23403.html" "Mozilla/5.0 (X11; Linux x86_64) AppleWebKit/537.36 (KHTML, like Gecko) Chrome/87.0.4280.66 Safari/537.36"
212.56.198.118 - - [13/Jan/2021:10:18:52 +0100] "GET /templates/Pixame_v1/images/header-object.png HTTP/1.1" 200 106050 "http://www.wonder-geek.com/templates/Pixame_v1/stylesheet.css" "Mozilla/5.0 (X11; Linux x86_64) AppleWebKit/537.36 (KHTML, like Gecko) Chrome/87.0.4280.66 Safari/537.36"
212.56.198.118 - - [13/Jan/2021:10:18:52 +0100] "GET /templates/Pixame_v1/images/Middle_texture.jpg HTTP/1.1" 200 249620 "http://www.wonder-geek.com/templates/Pixame_v1/stylesheet.css" "Mozilla/5.0 (X11; Linux x86_64) AppleWebKit/537.36 (KHTML, like Gecko) Chrome/87.0.4280.66 Safari/537.36"
