13.66.139.14 - - [13/Jan/2021:10:19:18 +0100] "GET /images/mini_prod/3700516272690.jpg HTTP/1.1" 200 5953 "-" "Mozilla/5.0 (compatible; bingbot/2.0; +http://www.bing.com/bingbot.htm)"
148.69.22.72 - - [13/Jan/2021:10:19:48 +0100] "GET /js/jquery.jqzoom.js HTTP/1.1" 200 4761 "http://www.wonder-geek.com/earth-globe-in-cork-for-coloring-p-52913.html" "Mozilla/5.0 (Linux; Android 10; MI 9) AppleWebKit/537.36 (KHTML, like Gecko) Chrome/87.0.4280.141 Mobile Safari/537.36"
148.69.22.72 - - [13/Jan/2021:10:19:48 +0100] "GET /templates/Pixame_v1/stylesheet.css HTTP/1.1" 200 56057 "http://www.wonder-geek.com/earth-globe-in-cork-for-coloring-p-52913.html" "Mozilla/5.0 (Linux; Android 10; MI 9) AppleWebKit/537.36 (KHTML, like Gecko) Chrome/87.0.4280.141 Mobile Safari/537.36"
148.69.22.72 - - [13/Jan/2021:10:19:48 +0100] "GET /highslide/highslide.js HTTP/1.1" 200 42909 "http://www.wonder-geek.com/earth-globe-in-cork-for-coloring-p-52913.html" "Mozilla/5.0 (Linux; Android 10; MI 9) AppleWebKit/537.36 (KHTML, like Gecko) Chrome/87.0.4280.141 Mobile Safari/537.36"
148.69.22.72 - - [13/Jan/2021:10:19:48 +0100] "GET /js/jquery.js HTTP/1.1" 200 54075 "http://www.wonder-geek.com/earth-globe-in-cork-for-coloring-p-52913.html" "Mozilla/5.0 (Linux; Android 10; MI 9) AppleWebKit/537.36 (KHTML, like Gecko) Chrome/87.0.4280.141 Mobile Safari/537.36"
148.69.22.72 - - [13/Jan/2021:10:19:48 +0100] "GET /mondial_relay/js/jquery-1.3.2.min.js HTTP/1.1" 200 57254 "http://www.wonder-geek.com/earth-globe-in-cork-for-coloring-p-52913.html" "Mozilla/5.0 (Linux; Android 10; MI 9) AppleWebKit/537.36 (KHTML, like Gecko) Chrome/87.0.4280.141 Mobile Safari/537.36"
148.69.22.72 - - [13/Jan/2021:10:19:48 +0100] "GET /templates/Pixame_v1/images/icon_accueil2.png HTTP/1.1" 200 1137 "http://www.wonder-geek.com/earth-globe-in-cork-for-coloring-p-52913.html" "Mozilla/5.0 (Linux; Android 10; MI 9) AppleWebKit/537.36 (KHTML, like Gecko) Chrome/87.0.4280.141 Mobile Safari/537.36"
148.69.22.72 - - [13/Jan/2021:10:19:48 +0100] "GET /templates/Pixame_v1/images/nav.png HTTP/1.1" 200 1283 "http://www.wonder-geek.com/templates/Pixame_v1/stylesheet.css" "Mozilla/5.0 (Linux; Android 10; MI 9) AppleWebKit/537.36 (KHTML, like Gecko) Chrome/87.0.4280.141 Mobile Safari/537.36"
148.69.22.72 - - [13/Jan/2021:10:19:48 +0100] "GET /templates/Pixame_v1/images/Bottom_texture.jpg HTTP/1.1" 200 56290 "http://www.wonder-geek.com/templates/Pixame_v1/stylesheet.css" "Mozilla/5.0 (Linux; Android 10; MI 9) AppleWebKit/537.36 (KHTML, like Gecko) Chrome/87.0.4280.141 Mobile Safari/537.36"
148.69.22.72 - - [13/Jan/2021:10:19:48 +0100] "GET /images/big_prod/3520071714202.jpg HTTP/1.1" 200 81693 "http://www.wonder-geek.com/earth-globe-in-cork-for-coloring-p-52913.html" "Mozilla/5.0 (Linux; Android 10; MI 9) AppleWebKit/537.36 (KHTML, like Gecko) Chrome/87.0.4280.141 Mobile Safari/537.36"
148.69.22.72 - - [13/Jan/2021:10:19:48 +0100] "GET /design/productsenstock.png HTTP/1.1" 200 4743 "http://www.wonder-geek.com/templates/Pixame_v1/stylesheet.css" "Mozilla/5.0 (Linux; Android 10; MI 9) AppleWebKit/537.36 (KHTML, like Gecko) Chrome/87.0.4280.141 Mobile Safari/537.36"
148.69.22.72 - - [13/Jan/2021:10:19:48 +0100] "GET /templates/Pixame_v1/images/header-object.png HTTP/1.1" 200 106050 "http://www.wonder-geek.com/templates/Pixame_v1/stylesheet.css" "Mozilla/5.0 (Linux; Android 10; MI 9) AppleWebKit/537.36 (KHTML, like Gecko) Chrome/87.0.4280.141 Mobile Safari/537.36"
148.69.22.72 - - [13/Jan/2021:10:19:48 +0100] "GET /templates/Pixame_v1/images/header.png HTTP/1.1" 200 70245 "http://www.wonder-geek.com/templates/Pixame_v1/stylesheet.css" "Mozilla/5.0 (Linux; Android 10; MI 9) AppleWebKit/537.36 (KHTML, like Gecko) Chrome/87.0.4280.141 Mobile Safari/537.36"
148.69.22.72 - - [13/Jan/2021:10:19:48 +0100] "GET /templates/Pixame_v1/images/buttons/english/button_in_cart.gif HTTP/1.1" 200 1212 "http://www.wonder-geek.com/earth-globe-in-cork-for-coloring-p-52913.html" "Mozilla/5.0 (Linux; Android 10; MI 9) AppleWebKit/537.36 (KHTML, like Gecko) Chrome/87.0.4280.141 Mobile Safari/537.36"
148.69.22.72 - - [13/Jan/2021:10:19:48 +0100] "GET /templates/Pixame_v1/images/Middle_texture.jpg HTTP/1.1" 200 249620 "http://www.wonder-geek.com/templates/Pixame_v1/stylesheet.css" "Mozilla/5.0 (Linux; Android 10; MI 9) AppleWebKit/537.36 (KHTML, like Gecko) Chrome/87.0.4280.141 Mobile Safari/537.36"
148.69.22.72 - - [13/Jan/2021:10:19:49 +0100] "GET /highslide/graphics/outlines/drop-shadow.png HTTP/1.1" 200 2022 "http://www.wonder-geek.com/earth-globe-in-cork-for-coloring-p-52913.html" "Mozilla/5.0 (Linux; Android 10; MI 9) AppleWebKit/537.36 (KHTML, like Gecko) Chrome/87.0.4280.141 Mobile Safari/537.36"
148.69.22.72 - - [13/Jan/2021:10:19:49 +0100] "GET /favicon.ico HTTP/1.1" 200 1591 "http://www.wonder-geek.com/earth-globe-in-cork-for-coloring-p-52913.html" "Mozilla/5.0 (Linux; Android 10; MI 9) AppleWebKit/537.36 (KHTML, like Gecko) Chrome/87.0.4280.141 Mobile Safari/537.36"
13.66.139.14 - - [13/Jan/2021:10:19:55 +0100] "GET /images/mini_prod/8435465018505.jpg HTTP/1.1" 200 3729 "-" "Mozilla/5.0 (compatible; bingbot/2.0; +http://www.bing.com/bingbot.htm)"
13.66.139.153 - - [13/Jan/2021:10:20:32 +0100] "GET /images/mini_prod/4029811392568.jpg HTTP/1.1" 200 6415 "-" "Mozilla/5.0 (compatible; bingbot/2.0; +http://www.bing.com/bingbot.htm)"
149.154.161.2 - - [13/Jan/2021:10:20:58 +0100] "GET /images/dorine.jpg HTTP/1.1" 200 20090 "-" "TelegramBot (like TwitterBot)"
13.66.139.93 - - [13/Jan/2021:10:21:14 +0100] "GET /images/mini_prod/775GJ11.jpg HTTP/1.1" 200 5143 "-" "Mozilla/5.0 (compatible; bingbot/2.0; +http://www.bing.com/bingbot.htm)"
157.55.39.53 - - [13/Jan/2021:10:25:12 +0100] "GET /images/8435333807699.jpg HTTP/1.1" 200 100833 "-" "Mozilla/5.0 (compatible; bingbot/2.0; +http://www.bing.com/bingbot.htm)"
13.66.139.14 - - [13/Jan/2021:10:28:06 +0100] "GET /images/med_prod/1341689482435.jpg HTTP/1.1" 200 73164 "-" "Mozilla/5.0 (compatible; bingbot/2.0; +http://www.bing.com/bingbot.htm)"
13.66.139.14 - - [13/Jan/2021:10:28:17 +0100] "GET /images/big_prod/8422014991204B.jpg HTTP/1.1" 200 286578 "-" "Mozilla/5.0 (compatible; bingbot/2.0; +http://www.bing.com/bingbot.htm)"
212.56.198.118 - - [13/Jan/2021:10:29:06 +0100] "GET /images/4007176127674.jpg HTTP/1.1" 200 43738 "http://www.wonder-geek.com/toy-story-mr-prickles-figure-p-6754.html" "Mozilla/5.0 (X11; Linux x86_64) AppleWebKit/537.36 (KHTML, like Gecko) Chrome/87.0.4280.66 Safari/537.36"
212.56.198.118 - - [13/Jan/2021:10:29:06 +0100] "GET /templates/Pixame_v1/images/Middle_texture.jpg HTTP/1.1" 200 249620 "http://www.wonder-geek.com/templates/Pixame_v1/stylesheet.css" "Mozilla/5.0 (X11; Linux x86_64) AppleWebKit/537.36 (KHTML, like Gecko) Chrome/87.0.4280.66 Safari/537.36"
114.119.129.36 - - [13/Jan/2021:10:29:51 +0100] "GET /images/big_prod_1/865GJ01a.jpg HTTP/1.1" 200 80463 "-" "Mozilla/5.0 (Linux; Android 7.0;) AppleWebKit/537.36 (KHTML, like Gecko) Mobile Safari/537.36 (compatible; PetalBot;+https://aspiegel.com/petalbot)"
13.66.139.153 - - [13/Jan/2021:10:31:23 +0100] "GET /images/mini_prod/8422810090446a.jpg HTTP/1.1" 200 6666 "-" "Mozilla/5.0 (compatible; bingbot/2.0; +http://www.bing.com/bingbot.htm)"
13.66.139.14 - - [13/Jan/2021:10:33:17 +0100] "GET /images/big_prod/8422092340062.jpg HTTP/1.1" 200 77738 "-" "Mozilla/5.0 (compatible; bingbot/2.0; +http://www.bing.com/bingbot.htm)"
157.55.39.220 - - [13/Jan/2021:10:33:26 +0100] "GET /highslide/highslide.js HTTP/1.1" 200 42909 "-" "Mozilla/5.0 (compatible; bingbot/2.0; +http://www.bing.com/bingbot.htm)"
157.55.39.220 - - [13/Jan/2021:10:34:57 +0100] "GET /highslide/highslide.js HTTP/1.1" 200 42909 "-" "Mozilla/5.0 (compatible; bingbot/2.0; +http://www.bing.com/bingbot.htm)"
157.55.39.220 - - [13/Jan/2021:10:34:57 +0100] "GET /highslide/highslide.js HTTP/1.1" 200 42909 "-" "Mozilla/5.0 (compatible; bingbot/2.0; +http://www.bing.com/bingbot.htm)"
188.146.224.15 - - [13/Jan/2021:10:38:11 +0100] "GET /images/med_prod/1384010179802.jpg HTTP/1.1" 200 177193 "https://www.bing.com/" "Mozilla/5.0 (Windows NT 6.1; Win64; x64) AppleWebKit/537.36 (KHTML, like Gecko) Chrome/87.0.4280.141 Safari/537.36 Edg/87.0.664.75"
162.210.196.98 - - [13/Jan/2021:10:39:33 +0100] "GET /robots.txt HTTP/1.1" 200 2438 "-" "Mozilla/5.0 (compatible; MJ12bot/v1.4.8; http://mj12bot.com/)"
185.191.171.20 - - [13/Jan/2021:10:42:17 +0100] "GET /robots.txt HTTP/1.1" 200 2438 "-" "Mozilla/5.0 (compatible; SemrushBot/7~bl; +http://www.semrush.com/bot.html)"
77.75.78.172 - - [13/Jan/2021:10:44:05 +0100] "GET /robots.txt HTTP/1.1" 200 2438 "-" "Mozilla/5.0 (compatible; SeznamBot/3.2; +http://napoveda.seznam.cz/en/seznambot-intro/)"
77.75.78.172 - - [13/Jan/2021:10:44:07 +0100] "GET /images/8435333831618.jpg HTTP/1.1" 200 62413 "-" "Mozilla/5.0 (compatible; SeznamBot/3.2; +http://napoveda.seznam.cz/en/seznambot-intro/)"
66.249.66.95 - - [13/Jan/2021:10:44:19 +0100] "GET /images/mini_prod/8422012213308.jpg HTTP/1.1" 200 4021 "-" "Googlebot-Image/1.0"
13.66.139.14 - - [13/Jan/2021:10:46:27 +0100] "GET /images/mini_prod/1961330000001.jpg HTTP/1.1" 200 6012 "-" "Mozilla/5.0 (compatible; bingbot/2.0; +http://www.bing.com/bingbot.htm)"
216.244.66.242 - - [13/Jan/2021:10:49:41 +0100] "GET /robots.txt HTTP/1.1" 200 2438 "-" "Mozilla/5.0 (compatible; DotBot/1.1; http://www.opensiteexplorer.org/dotbot, help@moz.com)"
157.55.39.220 - - [13/Jan/2021:10:50:39 +0100] "GET /highslide/highslide.js HTTP/1.1" 200 42909 "-" "Mozilla/5.0 (compatible; bingbot/2.0; +http://www.bing.com/bingbot.htm)"
103.131.71.168 - - [13/Jan/2021:10:51:48 +0100] "GET /robots.txt HTTP/1.1" 200 2438 "-" "Mozilla/5.0 (compatible; coccocbot-web/1.0; +http://help.coccoc.com/searchengine)"
13.66.139.153 - - [13/Jan/2021:10:54:44 +0100] "GET /images/mini_prod/3661443605688.jpg HTTP/1.1" 200 5027 "-" "Mozilla/5.0 (compatible; bingbot/2.0; +http://www.bing.com/bingbot.htm)"
80.98.107.185 - - [13/Jan/2021:11:01:40 +0100] "GET /templates/Pixame_v1/stylesheet.css HTTP/1.1" 200 56057 "http://www.wonder-geek.com/zippo-outdoor-utility-lighter-p-29793.html" "Mozilla/5.0 (Windows NT 10.0; Win64; x64) AppleWebKit/537.36 (KHTML, like Gecko) Chrome/87.0.4280.141 Safari/537.36"
80.98.107.185 - - [13/Jan/2021:11:01:40 +0100] "GET /js/jquery.jqzoom.js HTTP/1.1" 200 4761 "http://www.wonder-geek.com/zippo-outdoor-utility-lighter-p-29793.html" "Mozilla/5.0 (Windows NT 10.0; Win64; x64) AppleWebKit/537.36 (KHTML, like Gecko) Chrome/87.0.4280.141 Safari/537.36"
80.98.107.185 - - [13/Jan/2021:11:01:41 +0100] "GET /highslide/highslide.js HTTP/1.1" 200 42909 "http://www.wonder-geek.com/zippo-outdoor-utility-lighter-p-29793.html" "Mozilla/5.0 (Windows NT 10.0; Win64; x64) AppleWebKit/537.36 (KHTML, like Gecko) Chrome/87.0.4280.141 Safari/537.36"
80.98.107.185 - - [13/Jan/2021:11:01:41 +0100] "GET /js/jquery.js HTTP/1.1" 200 54075 "http://www.wonder-geek.com/zippo-outdoor-utility-lighter-p-29793.html" "Mozilla/5.0 (Windows NT 10.0; Win64; x64) AppleWebKit/537.36 (KHTML, like Gecko) Chrome/87.0.4280.141 Safari/537.36"
80.98.107.185 - - [13/Jan/2021:11:01:41 +0100] "GET /mondial_relay/js/jquery-1.3.2.min.js HTTP/1.1" 200 57254 "http://www.wonder-geek.com/zippo-outdoor-utility-lighter-p-29793.html" "Mozilla/5.0 (Windows NT 10.0; Win64; x64) AppleWebKit/537.36 (KHTML, like Gecko) Chrome/87.0.4280.141 Safari/537.36"
80.98.107.185 - - [13/Jan/2021:11:01:41 +0100] "GET /templates/Pixame_v1/images/icon_accueil2.png HTTP/1.1" 200 1137 "http://www.wonder-geek.com/zippo-outdoor-utility-lighter-p-29793.html" "Mozilla/5.0 (Windows NT 10.0; Win64; x64) AppleWebKit/537.36 (KHTML, like Gecko) Chrome/87.0.4280.141 Safari/537.36"
80.98.107.185 - - [13/Jan/2021:11:01:41 +0100] "GET /templates/Pixame_v1/images/buttons/english/button_in_cart.gif HTTP/1.1" 200 1212 "http://www.wonder-geek.com/zippo-outdoor-utility-lighter-p-29793.html" "Mozilla/5.0 (Windows NT 10.0; Win64; x64) AppleWebKit/537.36 (KHTML, like Gecko) Chrome/87.0.4280.141 Safari/537.36"
80.98.107.185 - - [13/Jan/2021:11:01:41 +0100] "GET /templates/Pixame_v1/images/nav.png HTTP/1.1" 200 1283 "http://www.wonder-geek.com/templates/Pixame_v1/stylesheet.css" "Mozilla/5.0 (Windows NT 10.0; Win64; x64) AppleWebKit/537.36 (KHTML, like Gecko) Chrome/87.0.4280.141 Safari/537.36"
80.98.107.185 - - [13/Jan/2021:11:01:41 +0100] "GET /images/1341689196004.jpg HTTP/1.1" 200 86457 "http://www.wonder-geek.com/zippo-outdoor-utility-lighter-p-29793.html" "Mozilla/5.0 (Windows NT 10.0; Win64; x64) AppleWebKit/537.36 (KHTML, like Gecko) Chrome/87.0.4280.141 Safari/537.36"
80.98.107.185 - - [13/Jan/2021:11:01:41 +0100] "GET /templates/Pixame_v1/images/header.png HTTP/1.1" 200 70245 "http://www.wonder-geek.com/templates/Pixame_v1/stylesheet.css" "Mozilla/5.0 (Windows NT 10.0; Win64; x64) AppleWebKit/537.36 (KHTML, like Gecko) Chrome/87.0.4280.141 Safari/537.36"
80.98.107.185 - - [13/Jan/2021:11:01:41 +0100] "GET /design/productsenstock.png HTTP/1.1" 200 4743 "http://www.wonder-geek.com/templates/Pixame_v1/stylesheet.css" "Mozilla/5.0 (Windows NT 10.0; Win64; x64) AppleWebKit/537.36 (KHTML, like Gecko) Chrome/87.0.4280.141 Safari/537.36"
80.98.107.185 - - [13/Jan/2021:11:01:41 +0100] "GET /templates/Pixame_v1/images/Bottom_texture.jpg HTTP/1.1" 200 56290 "http://www.wonder-geek.com/templates/Pixame_v1/stylesheet.css" "Mozilla/5.0 (Windows NT 10.0; Win64; x64) AppleWebKit/537.36 (KHTML, like Gecko) Chrome/87.0.4280.141 Safari/537.36"
80.98.107.185 - - [13/Jan/2021:11:01:41 +0100] "GET /templates/Pixame_v1/images/header-object.png HTTP/1.1" 200 106050 "http://www.wonder-geek.com/templates/Pixame_v1/stylesheet.css" "Mozilla/5.0 (Windows NT 10.0; Win64; x64) AppleWebKit/537.36 (KHTML, like Gecko) Chrome/87.0.4280.141 Safari/537.36"
80.98.107.185 - - [13/Jan/2021:11:01:41 +0100] "GET /templates/Pixame_v1/images/Middle_texture.jpg HTTP/1.1" 200 249620 "http://www.wonder-geek.com/templates/Pixame_v1/stylesheet.css" "Mozilla/5.0 (Windows NT 10.0; Win64; x64) AppleWebKit/537.36 (KHTML, like Gecko) Chrome/87.0.4280.141 Safari/537.36"
80.98.107.185 - - [13/Jan/2021:11:01:41 +0100] "GET /highslide/graphics/outlines/drop-shadow.png HTTP/1.1" 200 2022 "http://www.wonder-geek.com/zippo-outdoor-utility-lighter-p-29793.html" "Mozilla/5.0 (Windows NT 10.0; Win64; x64) AppleWebKit/537.36 (KHTML, like Gecko) Chrome/87.0.4280.141 Safari/537.36"
80.98.107.185 - - [13/Jan/2021:11:01:41 +0100] "GET /favicon.ico HTTP/1.1" 200 1591 "http://www.wonder-geek.com/zippo-outdoor-utility-lighter-p-29793.html" "Mozilla/5.0 (Windows NT 10.0; Win64; x64) AppleWebKit/537.36 (KHTML, like Gecko) Chrome/87.0.4280.141 Safari/537.36"
212.56.198.118 - - [13/Jan/2021:11:05:36 +0100] "GET /templates/Pixame_v1/stylesheet.css HTTP/1.1" 200 56057 "http://www.wonder-geek.com/huey-figurine-p-20561.html" "Mozilla/5.0 (X11; Linux x86_64) AppleWebKit/537.36 (KHTML, like Gecko) Chrome/87.0.4280.66 Safari/537.36"
212.56.198.118 - - [13/Jan/2021:11:05:36 +0100] "GET /js/jquery.js HTTP/1.1" 200 54075 "http://www.wonder-geek.com/huey-figurine-p-20561.html" "Mozilla/5.0 (X11; Linux x86_64) AppleWebKit/537.36 (KHTML, like Gecko) Chrome/87.0.4280.66 Safari/537.36"
212.56.198.118 - - [13/Jan/2021:11:05:36 +0100] "GET /mondial_relay/js/jquery-1.3.2.min.js HTTP/1.1" 200 57254 "http://www.wonder-geek.com/huey-figurine-p-20561.html" "Mozilla/5.0 (X11; Linux x86_64) AppleWebKit/537.36 (KHTML, like Gecko) Chrome/87.0.4280.66 Safari/537.36"
212.56.198.118 - - [13/Jan/2021:11:05:37 +0100] "GET /images/4007176153123.jpg HTTP/1.1" 200 18452 "http://www.wonder-geek.com/huey-figurine-p-20561.html" "Mozilla/5.0 (X11; Linux x86_64) AppleWebKit/537.36 (KHTML, like Gecko) Chrome/87.0.4280.66 Safari/537.36"
212.56.198.118 - - [13/Jan/2021:11:05:37 +0100] "GET /templates/Pixame_v1/images/Bottom_texture.jpg HTTP/1.1" 200 56290 "http://www.wonder-geek.com/templates/Pixame_v1/stylesheet.css" "Mozilla/5.0 (X11; Linux x86_64) AppleWebKit/537.36 (KHTML, like Gecko) Chrome/87.0.4280.66 Safari/537.36"
212.56.198.118 - - [13/Jan/2021:11:05:37 +0100] "GET /templates/Pixame_v1/images/header.png HTTP/1.1" 200 70245 "http://www.wonder-geek.com/templates/Pixame_v1/stylesheet.css" "Mozilla/5.0 (X11; Linux x86_64) AppleWebKit/537.36 (KHTML, like Gecko) Chrome/87.0.4280.66 Safari/537.36"
212.56.198.118 - - [13/Jan/2021:11:05:38 +0100] "GET /templates/Pixame_v1/images/Middle_texture.jpg HTTP/1.1" 200 249620 "http://www.wonder-geek.com/templates/Pixame_v1/stylesheet.css" "Mozilla/5.0 (X11; Linux x86_64) AppleWebKit/537.36 (KHTML, like Gecko) Chrome/87.0.4280.66 Safari/537.36"
212.56.198.118 - - [13/Jan/2021:11:05:38 +0100] "GET /templates/Pixame_v1/images/header-object.png HTTP/1.1" 200 106050 "http://www.wonder-geek.com/templates/Pixame_v1/stylesheet.css" "Mozilla/5.0 (X11; Linux x86_64) AppleWebKit/537.36 (KHTML, like Gecko) Chrome/87.0.4280.66 Safari/537.36"
66.249.66.95 - - [13/Jan/2021:11:11:27 +0100] "GET /images/mini_prod/3660532001417.gif HTTP/1.1" 200 13271 "-" "Googlebot-Image/1.0"
157.55.39.220 - - [13/Jan/2021:11:13:21 +0100] "GET /highslide/highslide.js HTTP/1.1" 200 42909 "-" "Mozilla/5.0 (compatible; bingbot/2.0; +http://www.bing.com/bingbot.htm)"
185.191.171.44 - - [13/Jan/2021:11:13:50 +0100] "GET /robots.txt HTTP/1.1" 200 2438 "-" "Mozilla/5.0 (compatible; SemrushBot/7~bl; +http://www.semrush.com/bot.html)"
212.56.198.118 - - [13/Jan/2021:11:18:01 +0100] "GET /images/4007176128923.jpg HTTP/1.1" 200 57503 "http://www.wonder-geek.com/jake-and-the-never-land-pirates-jack-figure-p-27306.html" "Mozilla/5.0 (X11; Linux x86_64) AppleWebKit/537.36 (KHTML, like Gecko) Chrome/87.0.4280.66 Safari/537.36"
212.56.198.118 - - [13/Jan/2021:11:18:02 +0100] "GET /templates/Pixame_v1/images/Middle_texture.jpg HTTP/1.1" 200 249620 "http://www.wonder-geek.com/templates/Pixame_v1/stylesheet.css" "Mozilla/5.0 (X11; Linux x86_64) AppleWebKit/537.36 (KHTML, like Gecko) Chrome/87.0.4280.66 Safari/537.36"
212.56.198.118 - - [13/Jan/2021:11:23:08 +0100] "GET /images/4007176129319.jpg HTTP/1.1" 200 49485 "http://www.wonder-geek.com/princesse-sofia-book-figure-p-23410.html" "Mozilla/5.0 (X11; Linux x86_64) AppleWebKit/537.36 (KHTML, like Gecko) Chrome/87.0.4280.66 Safari/537.36"
66.249.66.66 - - [13/Jan/2021:11:26:27 +0100] "GET /images/mini_prod/1399984254189.jpg HTTP/1.1" 200 14707 "-" "Googlebot-Image/1.0"
66.249.66.95 - - [13/Jan/2021:11:29:59 +0100] "GET /images/mini_prod/3609810091207.jpg HTTP/1.1" 200 7773 "-" "Googlebot-Image/1.0"
77.75.78.172 - - [13/Jan/2021:11:32:02 +0100] "GET /robots.txt HTTP/1.1" 200 2438 "-" "Mozilla/5.0 (compatible; SeznamBot/3.2; +http://napoveda.seznam.cz/en/seznambot-intro/)"
66.249.66.64 - - [13/Jan/2021:11:33:31 +0100] "GET /images/mini_prod/8717202558889.jpg HTTP/1.1" 200 5318 "-" "Googlebot-Image/1.0"
157.55.39.220 - - [13/Jan/2021:11:35:34 +0100] "GET /highslide/highslide.js HTTP/1.1" 200 42909 "-" "Mozilla/5.0 (compatible; bingbot/2.0; +http://www.bing.com/bingbot.htm)"
66.249.66.66 - - [13/Jan/2021:11:37:03 +0100] "GET /images/mini_prod/1384010202067.jpg HTTP/1.1" 200 6589 "-" "Googlebot-Image/1.0"
207.46.13.36 - - [13/Jan/2021:11:40:21 +0100] "GET /images/orange.jpg HTTP/1.1" 200 94809 "-" "Mozilla/5.0 (compatible; bingbot/2.0; +http://www.bing.com/bingbot.htm)"
66.249.66.95 - - [13/Jan/2021:11:40:35 +0100] "GET /images/mini_prod/3700516250186.jpg HTTP/1.1" 200 7174 "-" "Googlebot-Image/1.0"
66.249.66.66 - - [13/Jan/2021:11:44:06 +0100] "GET /images/mini_prod/8718375751381.jpg HTTP/1.1" 200 6767 "-" "Googlebot-Image/1.0"
185.191.171.21 - - [13/Jan/2021:11:45:56 +0100] "GET /robots.txt HTTP/1.1" 200 2438 "-" "Mozilla/5.0 (compatible; SemrushBot/7~bl; +http://www.semrush.com/bot.html)"
114.119.144.233 - - [13/Jan/2021:11:46:02 +0100] "GET /images/mini_prod/8028501263726.jpg HTTP/1.1" 200 4912 "-" "Mozilla/5.0 (Linux; Android 7.0;) AppleWebKit/537.36 (KHTML, like Gecko) Mobile Safari/537.36 (compatible; PetalBot;+https://aspiegel.com/petalbot)"
66.249.66.95 - - [13/Jan/2021:11:47:40 +0100] "GET /images/big_prod_1/8424346366132B.jpg HTTP/1.1" 200 195001 "-" "Googlebot-Image/1.0"
114.119.145.117 - - [13/Jan/2021:11:50:24 +0100] "GET /images/mini_prod/8424001718900.jpg HTTP/1.1" 200 4011 "-" "Mozilla/5.0 (Linux; Android 7.0;) AppleWebKit/537.36 (KHTML, like Gecko) Mobile Safari/537.36 (compatible; PetalBot;+https://aspiegel.com/petalbot)"
216.244.66.242 - - [13/Jan/2021:11:54:03 +0100] "GET /robots.txt HTTP/1.1" 200 2438 "-" "Mozilla/5.0 (compatible; DotBot/1.1; http://www.opensiteexplorer.org/dotbot, help@moz.com)"
66.249.66.95 - - [13/Jan/2021:11:54:42 +0100] "GET /images/mini_prod/3442440287585.jpg HTTP/1.1" 200 5964 "-" "Googlebot-Image/1.0"
144.76.96.236 - - [13/Jan/2021:11:55:53 +0100] "GET /robots.txt HTTP/1.1" 200 2438 "-" "Mozilla/5.0 (compatible; MJ12bot/v1.4.8; http://mj12bot.com/)"
66.102.9.70 - - [13/Jan/2021:11:56:16 +0100] "GET /images/big_prod/5051276242279.jpg HTTP/1.1" 200 277093 "-" "Mozilla/5.0 (Windows NT 5.1; rv:11.0) Gecko Firefox/11.0 (via ggpht.com GoogleImageProxy)"
178.29.85.209 - - [13/Jan/2021:11:56:19 +0100] "GET /js/jquery.jqzoom.js HTTP/1.1" 200 4761 "http://www.wonder-geek.com/heart-and-home-bamboo-wax-diffuser-p-52822.html" "Mozilla/5.0 (Windows NT 10.0; Win64; x64) AppleWebKit/537.36 (KHTML, like Gecko) Chrome/87.0.4280.141 Safari/537.36"
178.29.85.209 - - [13/Jan/2021:11:56:19 +0100] "GET /highslide/highslide.js HTTP/1.1" 200 42909 "http://www.wonder-geek.com/heart-and-home-bamboo-wax-diffuser-p-52822.html" "Mozilla/5.0 (Windows NT 10.0; Win64; x64) AppleWebKit/537.36 (KHTML, like Gecko) Chrome/87.0.4280.141 Safari/537.36"
178.29.85.209 - - [13/Jan/2021:11:56:19 +0100] "GET /templates/Pixame_v1/stylesheet.css HTTP/1.1" 200 56057 "http://www.wonder-geek.com/heart-and-home-bamboo-wax-diffuser-p-52822.html" "Mozilla/5.0 (Windows NT 10.0; Win64; x64) AppleWebKit/537.36 (KHTML, like Gecko) Chrome/87.0.4280.141 Safari/537.36"
178.29.85.209 - - [13/Jan/2021:11:56:19 +0100] "GET /js/jquery.js HTTP/1.1" 200 54075 "http://www.wonder-geek.com/heart-and-home-bamboo-wax-diffuser-p-52822.html" "Mozilla/5.0 (Windows NT 10.0; Win64; x64) AppleWebKit/537.36 (KHTML, like Gecko) Chrome/87.0.4280.141 Safari/537.36"
178.29.85.209 - - [13/Jan/2021:11:56:19 +0100] "GET /mondial_relay/js/jquery-1.3.2.min.js HTTP/1.1" 200 57254 "http://www.wonder-geek.com/heart-and-home-bamboo-wax-diffuser-p-52822.html" "Mozilla/5.0 (Windows NT 10.0; Win64; x64) AppleWebKit/537.36 (KHTML, like Gecko) Chrome/87.0.4280.141 Safari/537.36"
178.29.85.209 - - [13/Jan/2021:11:56:20 +0100] "GET /templates/Pixame_v1/images/icon_accueil2.png HTTP/1.1" 200 1137 "http://www.wonder-geek.com/heart-and-home-bamboo-wax-diffuser-p-52822.html" "Mozilla/5.0 (Windows NT 10.0; Win64; x64) AppleWebKit/537.36 (KHTML, like Gecko) Chrome/87.0.4280.141 Safari/537.36"
178.29.85.209 - - [13/Jan/2021:11:56:20 +0100] "GET /templates/Pixame_v1/images/Bottom_texture.jpg HTTP/1.1" 200 56290 "http://www.wonder-geek.com/templates/Pixame_v1/stylesheet.css" "Mozilla/5.0 (Windows NT 10.0; Win64; x64) AppleWebKit/537.36 (KHTML, like Gecko) Chrome/87.0.4280.141 Safari/537.36"
178.29.85.209 - - [13/Jan/2021:11:56:20 +0100] "GET /templates/Pixame_v1/images/header.png HTTP/1.1" 200 70245 "http://www.wonder-geek.com/templates/Pixame_v1/stylesheet.css" "Mozilla/5.0 (Windows NT 10.0; Win64; x64) AppleWebKit/537.36 (KHTML, like Gecko) Chrome/87.0.4280.141 Safari/537.36"
178.29.85.209 - - [13/Jan/2021:11:56:20 +0100] "GET /templates/Pixame_v1/images/nav.png HTTP/1.1" 200 1283 "http://www.wonder-geek.com/templates/Pixame_v1/stylesheet.css" "Mozilla/5.0 (Windows NT 10.0; Win64; x64) AppleWebKit/537.36 (KHTML, like Gecko) Chrome/87.0.4280.141 Safari/537.36"
178.29.85.209 - - [13/Jan/2021:11:56:20 +0100] "GET /templates/Pixame_v1/images/Middle_texture.jpg HTTP/1.1" 200 249620 "http://www.wonder-geek.com/templates/Pixame_v1/stylesheet.css" "Mozilla/5.0 (Windows NT 10.0; Win64; x64) AppleWebKit/537.36 (KHTML, like Gecko) Chrome/87.0.4280.141 Safari/537.36"
178.29.85.209 - - [13/Jan/2021:11:56:20 +0100] "GET /images/big_prod/5051276242279.jpg HTTP/1.1" 200 277093 "http://www.wonder-geek.com/heart-and-home-bamboo-wax-diffuser-p-52822.html" "Mozilla/5.0 (Windows NT 10.0; Win64; x64) AppleWebKit/537.36 (KHTML, like Gecko) Chrome/87.0.4280.141 Safari/537.36"
178.29.85.209 - - [13/Jan/2021:11:56:20 +0100] "GET /templates/Pixame_v1/images/header-object.png HTTP/1.1" 200 106050 "http://www.wonder-geek.com/templates/Pixame_v1/stylesheet.css" "Mozilla/5.0 (Windows NT 10.0; Win64; x64) AppleWebKit/537.36 (KHTML, like Gecko) Chrome/87.0.4280.141 Safari/537.36"
178.29.85.209 - - [13/Jan/2021:11:56:20 +0100] "GET /templates/Pixame_v1/images/buttons/english/button_in_cart.gif HTTP/1.1" 200 1212 "http://www.wonder-geek.com/heart-and-home-bamboo-wax-diffuser-p-52822.html" "Mozilla/5.0 (Windows NT 10.0; Win64; x64) AppleWebKit/537.36 (KHTML, like Gecko) Chrome/87.0.4280.141 Safari/537.36"
178.29.85.209 - - [13/Jan/2021:11:56:20 +0100] "GET /images/big_prod_1/diffuseurgalet.jpg HTTP/1.1" 200 353354 "http://www.wonder-geek.com/heart-and-home-bamboo-wax-diffuser-p-52822.html" "Mozilla/5.0 (Windows NT 10.0; Win64; x64) AppleWebKit/537.36 (KHTML, like Gecko) Chrome/87.0.4280.141 Safari/537.36"
178.29.85.209 - - [13/Jan/2021:11:56:20 +0100] "GET /images/big_prod_2/bambou1.jpg HTTP/1.1" 200 518303 "http://www.wonder-geek.com/heart-and-home-bamboo-wax-diffuser-p-52822.html" "Mozilla/5.0 (Windows NT 10.0; Win64; x64) AppleWebKit/537.36 (KHTML, like Gecko) Chrome/87.0.4280.141 Safari/537.36"
178.29.85.209 - - [13/Jan/2021:11:56:21 +0100] "GET /design/productsenstock.png HTTP/1.1" 200 4743 "http://www.wonder-geek.com/templates/Pixame_v1/stylesheet.css" "Mozilla/5.0 (Windows NT 10.0; Win64; x64) AppleWebKit/537.36 (KHTML, like Gecko) Chrome/87.0.4280.141 Safari/537.36"
178.29.85.209 - - [13/Jan/2021:11:56:21 +0100] "GET /highslide/graphics/outlines/drop-shadow.png HTTP/1.1" 200 2022 "http://www.wonder-geek.com/heart-and-home-bamboo-wax-diffuser-p-52822.html" "Mozilla/5.0 (Windows NT 10.0; Win64; x64) AppleWebKit/537.36 (KHTML, like Gecko) Chrome/87.0.4280.141 Safari/537.36"
178.29.85.209 - - [13/Jan/2021:11:56:21 +0100] "GET /favicon.ico HTTP/1.1" 200 1591 "http://www.wonder-geek.com/heart-and-home-bamboo-wax-diffuser-p-52822.html" "Mozilla/5.0 (Windows NT 10.0; Win64; x64) AppleWebKit/537.36 (KHTML, like Gecko) Chrome/87.0.4280.141 Safari/537.36"
207.46.13.239 - - [13/Jan/2021:11:58:58 +0100] "GET /images/big_prod/8717202559862.jpg HTTP/1.1" 200 34007 "-" "Mozilla/5.0 (compatible; bingbot/2.0; +http://www.bing.com/bingbot.htm)"
157.55.39.90 - - [13/Jan/2021:12:02:36 +0100] "GET /images/big_prod/8422033225311.jpg HTTP/1.1" 200 182653 "-" "Mozilla/5.0 (compatible; bingbot/2.0; +http://www.bing.com/bingbot.htm)"
157.55.39.220 - - [13/Jan/2021:12:02:46 +0100] "GET /highslide/highslide.js HTTP/1.1" 200 42909 "-" "Mozilla/5.0 (compatible; bingbot/2.0; +http://www.bing.com/bingbot.htm)"
78.30.16.239 - - [13/Jan/2021:12:06:29 +0100] "GET /js/jquery.jqzoom.js HTTP/1.1" 200 4761 "http://www.wonder-geek.com/the-mandalorian-ii-ceramic-mug-p-53481.html" "Mozilla/5.0 (Windows NT 10.0; Win64; x64) AppleWebKit/537.36 (KHTML, like Gecko) Chrome/87.0.4280.88 Safari/537.36 OPR/73.0.3856.329"
78.30.16.239 - - [13/Jan/2021:12:06:29 +0100] "GET /highslide/highslide.js HTTP/1.1" 200 42909 "http://www.wonder-geek.com/the-mandalorian-ii-ceramic-mug-p-53481.html" "Mozilla/5.0 (Windows NT 10.0; Win64; x64) AppleWebKit/537.36 (KHTML, like Gecko) Chrome/87.0.4280.88 Safari/537.36 OPR/73.0.3856.329"
78.30.16.239 - - [13/Jan/2021:12:06:29 +0100] "GET /templates/Pixame_v1/stylesheet.css HTTP/1.1" 200 56057 "http://www.wonder-geek.com/the-mandalorian-ii-ceramic-mug-p-53481.html" "Mozilla/5.0 (Windows NT 10.0; Win64; x64) AppleWebKit/537.36 (KHTML, like Gecko) Chrome/87.0.4280.88 Safari/537.36 OPR/73.0.3856.329"
78.30.16.239 - - [13/Jan/2021:12:06:29 +0100] "GET /js/jquery.js HTTP/1.1" 200 54075 "http://www.wonder-geek.com/the-mandalorian-ii-ceramic-mug-p-53481.html" "Mozilla/5.0 (Windows NT 10.0; Win64; x64) AppleWebKit/537.36 (KHTML, like Gecko) Chrome/87.0.4280.88 Safari/537.36 OPR/73.0.3856.329"
78.30.16.239 - - [13/Jan/2021:12:06:29 +0100] "GET /mondial_relay/js/jquery-1.3.2.min.js HTTP/1.1" 200 57254 "http://www.wonder-geek.com/the-mandalorian-ii-ceramic-mug-p-53481.html" "Mozilla/5.0 (Windows NT 10.0; Win64; x64) AppleWebKit/537.36 (KHTML, like Gecko) Chrome/87.0.4280.88 Safari/537.36 OPR/73.0.3856.329"
78.30.16.239 - - [13/Jan/2021:12:06:30 +0100] "GET /templates/Pixame_v1/images/icon_accueil2.png HTTP/1.1" 200 1137 "http://www.wonder-geek.com/the-mandalorian-ii-ceramic-mug-p-53481.html" "Mozilla/5.0 (Windows NT 10.0; Win64; x64) AppleWebKit/537.36 (KHTML, like Gecko) Chrome/87.0.4280.88 Safari/537.36 OPR/73.0.3856.329"
78.30.16.239 - - [13/Jan/2021:12:06:30 +0100] "GET /templates/Pixame_v1/images/nav.png HTTP/1.1" 200 1283 "http://www.wonder-geek.com/templates/Pixame_v1/stylesheet.css" "Mozilla/5.0 (Windows NT 10.0; Win64; x64) AppleWebKit/537.36 (KHTML, like Gecko) Chrome/87.0.4280.88 Safari/537.36 OPR/73.0.3856.329"
78.30.16.239 - - [13/Jan/2021:12:06:30 +0100] "GET /templates/Pixame_v1/images/Bottom_texture.jpg HTTP/1.1" 200 56290 "http://www.wonder-geek.com/templates/Pixame_v1/stylesheet.css" "Mozilla/5.0 (Windows NT 10.0; Win64; x64) AppleWebKit/537.36 (KHTML, like Gecko) Chrome/87.0.4280.88 Safari/537.36 OPR/73.0.3856.329"
78.30.16.239 - - [13/Jan/2021:12:06:30 +0100] "GET /templates/Pixame_v1/images/header.png HTTP/1.1" 200 70245 "http://www.wonder-geek.com/templates/Pixame_v1/stylesheet.css" "Mozilla/5.0 (Windows NT 10.0; Win64; x64) AppleWebKit/537.36 (KHTML, like Gecko) Chrome/87.0.4280.88 Safari/537.36 OPR/73.0.3856.329"
78.30.16.239 - - [13/Jan/2021:12:06:30 +0100] "GET /templates/Pixame_v1/images/header-object.png HTTP/1.1" 200 106050 "http://www.wonder-geek.com/templates/Pixame_v1/stylesheet.css" "Mozilla/5.0 (Windows NT 10.0; Win64; x64) AppleWebKit/537.36 (KHTML, like Gecko) Chrome/87.0.4280.88 Safari/537.36 OPR/73.0.3856.329"
78.30.16.239 - - [13/Jan/2021:12:06:30 +0100] "GET /design/productsenstock.png HTTP/1.1" 200 4743 "http://www.wonder-geek.com/templates/Pixame_v1/stylesheet.css" "Mozilla/5.0 (Windows NT 10.0; Win64; x64) AppleWebKit/537.36 (KHTML, like Gecko) Chrome/87.0.4280.88 Safari/537.36 OPR/73.0.3856.329"
78.30.16.239 - - [13/Jan/2021:12:06:30 +0100] "GET /templates/Pixame_v1/images/buttons/english/button_in_cart.gif HTTP/1.1" 200 1212 "http://www.wonder-geek.com/the-mandalorian-ii-ceramic-mug-p-53481.html" "Mozilla/5.0 (Windows NT 10.0; Win64; x64) AppleWebKit/537.36 (KHTML, like Gecko) Chrome/87.0.4280.88 Safari/537.36 OPR/73.0.3856.329"
78.30.16.239 - - [13/Jan/2021:12:06:30 +0100] "GET /images/big_prod/4029811451333.jpg HTTP/1.1" 200 185938 "http://www.wonder-geek.com/the-mandalorian-ii-ceramic-mug-p-53481.html" "Mozilla/5.0 (Windows NT 10.0; Win64; x64) AppleWebKit/537.36 (KHTML, like Gecko) Chrome/87.0.4280.88 Safari/537.36 OPR/73.0.3856.329"
78.30.16.239 - - [13/Jan/2021:12:06:31 +0100] "GET /templates/Pixame_v1/images/Middle_texture.jpg HTTP/1.1" 200 249620 "http://www.wonder-geek.com/templates/Pixame_v1/stylesheet.css" "Mozilla/5.0 (Windows NT 10.0; Win64; x64) AppleWebKit/537.36 (KHTML, like Gecko) Chrome/87.0.4280.88 Safari/537.36 OPR/73.0.3856.329"
78.30.16.239 - - [13/Jan/2021:12:06:31 +0100] "GET /highslide/graphics/outlines/drop-shadow.png HTTP/1.1" 200 2022 "http://www.wonder-geek.com/the-mandalorian-ii-ceramic-mug-p-53481.html" "Mozilla/5.0 (Windows NT 10.0; Win64; x64) AppleWebKit/537.36 (KHTML, like Gecko) Chrome/87.0.4280.88 Safari/537.36 OPR/73.0.3856.329"
78.30.16.239 - - [13/Jan/2021:12:06:31 +0100] "GET /favicon.ico HTTP/1.1" 200 1591 "http://www.wonder-geek.com/the-mandalorian-ii-ceramic-mug-p-53481.html" "Mozilla/5.0 (Windows NT 10.0; Win64; x64) AppleWebKit/537.36 (KHTML, like Gecko) Chrome/87.0.4280.88 Safari/537.36 OPR/73.0.3856.329"
66.249.66.95 - - [13/Jan/2021:12:08:49 +0100] "GET /images/big_prod/8011717795945.jpg HTTP/1.1" 200 101360 "-" "Googlebot-Image/1.0"
17.58.96.224 - - [13/Jan/2021:12:10:49 +0100] "GET /robots.txt HTTP/1.1" 200 2438 "-" "Mozilla/5.0 (Macintosh; Intel Mac OS X 10_15_5) AppleWebKit/605.1.15 (KHTML, like Gecko) Version/13.1.1 Safari/605.1.15 (Applebot/0.1; +http://www.apple.com/go/applebot)"
114.119.147.45 - - [13/Jan/2021:12:11:52 +0100] "GET /images/mini_prod/8421693144901b.jpg HTTP/1.1" 200 7646 "-" "Mozilla/5.0 (Linux; Android 7.0;) AppleWebKit/537.36 (KHTML, like Gecko) Mobile Safari/537.36 (compatible; PetalBot;+https://aspiegel.com/petalbot)"
185.191.171.8 - - [13/Jan/2021:12:13:42 +0100] "GET /robots.txt HTTP/1.1" 200 2438 "-" "Mozilla/5.0 (compatible; SemrushBot/7~bl; +http://www.semrush.com/bot.html)"
185.191.171.40 - - [13/Jan/2021:12:14:59 +0100] "GET /robots.txt HTTP/1.1" 200 2438 "-" "Mozilla/5.0 (compatible; SemrushBot/7~bl; +http://www.semrush.com/bot.html)"
66.249.66.95 - - [13/Jan/2021:12:15:52 +0100] "GET /images/mini_prod/3574642576669.jpg HTTP/1.1" 200 3511 "-" "Googlebot-Image/1.0"
114.119.154.200 - - [13/Jan/2021:12:16:09 +0100] "GET /images/big_prod/8433933122891.jpg HTTP/1.1" 200 146591 "-" "Mozilla/5.0 (Linux; Android 7.0;) AppleWebKit/537.36 (KHTML, like Gecko) Mobile Safari/537.36 (compatible; PetalBot;+https://aspiegel.com/petalbot)"
175.136.133.25 - - [13/Jan/2021:12:21:10 +0100] "GET /images/med_prod/3457010954057.jpg HTTP/1.1" 200 124679 "-" "Mozilla/5.0 (Windows NT 10.0; Win64; x64; rv:84.0) Gecko/20100101 Firefox/84.0"
40.127.242.153 - - [13/Jan/2021:12:24:36 +0100] "GET /images/3521320608723.jpg HTTP/1.1" 200 36060 "-" "DuckDuckBot/1.1; (+http://duckduckgo.com/duckduckbot.html)"
157.55.39.220 - - [13/Jan/2021:12:26:38 +0100] "GET /highslide/highslide.js HTTP/1.1" 200 42909 "-" "Mozilla/5.0 (compatible; bingbot/2.0; +http://www.bing.com/bingbot.htm)"
66.249.66.66 - - [13/Jan/2021:12:28:30 +0100] "GET /images/1300010238196.jpg HTTP/1.1" 200 110349 "-" "Googlebot-Image/1.0"
66.249.66.66 - - [13/Jan/2021:12:33:16 +0100] "GET /images/big_prod/5051276329550.jpg HTTP/1.1" 200 218768 "-" "Googlebot-Image/1.0"
66.249.93.48 - - [13/Jan/2021:12:33:57 +0100] "GET /images/big_prod_1/5018997622094B.jpg HTTP/1.1" 200 87522 "-" "Mozilla/5.0 (Windows NT 5.1; rv:11.0) Gecko Firefox/11.0 (via ggpht.com GoogleImageProxy)"
185.191.171.42 - - [13/Jan/2021:12:38:48 +0100] "GET /robots.txt HTTP/1.1" 200 2438 "-" "Mozilla/5.0 (compatible; SemrushBot/7~bl; +http://www.semrush.com/bot.html)"
208.127.199.202 - - [13/Jan/2021:12:39:07 +0100] "GET /images/3799653503039.jpg HTTP/1.1" 200 23941 "-" "Mozilla/5.0 (Windows NT 10.0; WOW64; Trident/7.0; rv:11.0) like Gecko"
208.127.199.202 - - [13/Jan/2021:12:39:17 +0100] "GET /templates/Pixame_v1/stylesheet.css HTTP/1.1" 200 56057 "http://www.wonder-geek.com/disney-princess-bed-curtain-p-16576.html" "Mozilla/5.0 (Windows NT 10.0; WOW64; Trident/7.0; rv:11.0) like Gecko"
208.127.199.202 - - [13/Jan/2021:12:39:17 +0100] "GET /templates/Pixame_v1/images/icon_accueil2.png HTTP/1.1" 200 1137 "http://www.wonder-geek.com/disney-princess-bed-curtain-p-16576.html" "Mozilla/5.0 (Windows NT 10.0; WOW64; Trident/7.0; rv:11.0) like Gecko"
208.127.199.202 - - [13/Jan/2021:12:39:17 +0100] "GET /highslide/highslide.js HTTP/1.1" 200 42909 "http://www.wonder-geek.com/disney-princess-bed-curtain-p-16576.html" "Mozilla/5.0 (Windows NT 10.0; WOW64; Trident/7.0; rv:11.0) like Gecko"
208.127.199.202 - - [13/Jan/2021:12:39:17 +0100] "GET /js/jquery.jqzoom.js HTTP/1.1" 200 4761 "http://www.wonder-geek.com/disney-princess-bed-curtain-p-16576.html" "Mozilla/5.0 (Windows NT 10.0; WOW64; Trident/7.0; rv:11.0) like Gecko"
208.127.199.202 - - [13/Jan/2021:12:39:17 +0100] "GET /mondial_relay/js/jquery-1.3.2.min.js HTTP/1.1" 200 57254 "http://www.wonder-geek.com/disney-princess-bed-curtain-p-16576.html" "Mozilla/5.0 (Windows NT 10.0; WOW64; Trident/7.0; rv:11.0) like Gecko"
208.127.199.202 - - [13/Jan/2021:12:39:17 +0100] "GET /js/jquery.js HTTP/1.1" 200 54075 "http://www.wonder-geek.com/disney-princess-bed-curtain-p-16576.html" "Mozilla/5.0 (Windows NT 10.0; WOW64; Trident/7.0; rv:11.0) like Gecko"
208.127.199.202 - - [13/Jan/2021:12:39:17 +0100] "GET /templates/Pixame_v1/images/Bottom_texture.jpg HTTP/1.1" 200 56290 "http://www.wonder-geek.com/disney-princess-bed-curtain-p-16576.html" "Mozilla/5.0 (Windows NT 10.0; WOW64; Trident/7.0; rv:11.0) like Gecko"
208.127.199.202 - - [13/Jan/2021:12:39:17 +0100] "GET /templates/Pixame_v1/images/flash.swf HTTP/1.1" 200 2868 "http://www.wonder-geek.com/disney-princess-bed-curtain-p-16576.html" "Mozilla/5.0 (Windows NT 10.0; WOW64; Trident/7.0; rv:11.0) like Gecko"
208.127.199.202 - - [13/Jan/2021:12:39:18 +0100] "GET /templates/Pixame_v1/images/Middle_texture.jpg HTTP/1.1" 200 249620 "http://www.wonder-geek.com/disney-princess-bed-curtain-p-16576.html" "Mozilla/5.0 (Windows NT 10.0; WOW64; Trident/7.0; rv:11.0) like Gecko"
208.127.199.202 - - [13/Jan/2021:12:39:18 +0100] "GET /templates/Pixame_v1/images/nav.png HTTP/1.1" 200 1283 "http://www.wonder-geek.com/disney-princess-bed-curtain-p-16576.html" "Mozilla/5.0 (Windows NT 10.0; WOW64; Trident/7.0; rv:11.0) like Gecko"
208.127.199.202 - - [13/Jan/2021:12:39:18 +0100] "GET /templates/Pixame_v1/images/header.png HTTP/1.1" 200 70245 "http://www.wonder-geek.com/disney-princess-bed-curtain-p-16576.html" "Mozilla/5.0 (Windows NT 10.0; WOW64; Trident/7.0; rv:11.0) like Gecko"
208.127.199.202 - - [13/Jan/2021:12:39:18 +0100] "GET /templates/Pixame_v1/images/header-object.png HTTP/1.1" 200 106050 "http://www.wonder-geek.com/disney-princess-bed-curtain-p-16576.html" "Mozilla/5.0 (Windows NT 10.0; WOW64; Trident/7.0; rv:11.0) like Gecko"
208.127.199.202 - - [13/Jan/2021:12:39:19 +0100] "GET /design/productsenstock.png HTTP/1.1" 200 4743 "http://www.wonder-geek.com/disney-princess-bed-curtain-p-16576.html" "Mozilla/5.0 (Windows NT 10.0; WOW64; Trident/7.0; rv:11.0) like Gecko"
66.249.66.64 - - [13/Jan/2021:12:39:52 +0100] "GET /images/mini_prod/1328399097289.jpg HTTP/1.1" 200 6434 "-" "Googlebot-Image/1.0"
157.55.39.110 - - [13/Jan/2021:12:40:05 +0100] "GET /images/med_prod/1384010184240.jpg HTTP/1.1" 200 212412 "-" "Mozilla/5.0 (compatible; bingbot/2.0; +http://www.bing.com/bingbot.htm)"
88.113.162.146 - - [13/Jan/2021:12:44:40 +0100] "GET /images/DSCN0652vert.jpg HTTP/1.1" 200 37053 "-" "Mozilla/5.0 (Windows NT 10.0; Win64; x64) AppleWebKit/537.36 (KHTML, like Gecko) Chrome/87.0.4280.141 Safari/537.36"
88.113.162.146 - - [13/Jan/2021:12:44:40 +0100] "GET /favicon.ico HTTP/1.1" 200 1591 "http://www.wonder-geek.com/images/DSCN0652vert.jpg" "Mozilla/5.0 (Windows NT 10.0; Win64; x64) AppleWebKit/537.36 (KHTML, like Gecko) Chrome/87.0.4280.141 Safari/537.36"
114.119.144.233 - - [13/Jan/2021:12:50:59 +0100] "GET /images/mini_prod/9316188070225.jpg HTTP/1.1" 200 5288 "-" "Mozilla/5.0 (Linux; Android 7.0;) AppleWebKit/537.36 (KHTML, like Gecko) Mobile Safari/537.36 (compatible; PetalBot;+https://aspiegel.com/petalbot)"
66.249.66.64 - - [13/Jan/2021:12:51:53 +0100] "GET /images/med_prod/4036113222370.jpg HTTP/1.1" 200 158808 "-" "Googlebot-Image/1.0"
5.255.231.71 - - [13/Jan/2021:12:56:43 +0100] "GET /robots.txt HTTP/1.1" 200 2438 "-" "Mozilla/5.0 (compatible; YandexBot/3.0; +http://yandex.com/bots)"
77.75.76.167 - - [13/Jan/2021:12:59:25 +0100] "GET /robots.txt HTTP/1.1" 200 2438 "-" "Mozilla/5.0 (compatible; SeznamBot/3.2; +http://napoveda.seznam.cz/en/seznambot-intro/)"
216.244.66.242 - - [13/Jan/2021:13:00:10 +0100] "GET /robots.txt HTTP/1.1" 200 2438 "-" "Mozilla/5.0 (compatible; DotBot/1.1; http://www.opensiteexplorer.org/dotbot, help@moz.com)"
185.191.171.23 - - [13/Jan/2021:13:13:10 +0100] "GET /robots.txt HTTP/1.1" 200 2438 "-" "Mozilla/5.0 (compatible; SemrushBot/7~bl; +http://www.semrush.com/bot.html)"
66.249.66.64 - - [13/Jan/2021:13:15:53 +0100] "GET /images/big_prod_1/b067103254549.jpg HTTP/1.1" 200 120784 "-" "Googlebot-Image/1.0"
157.55.39.220 - - [13/Jan/2021:13:16:53 +0100] "GET /highslide/highslide.js HTTP/1.1" 200 42909 "-" "Mozilla/5.0 (compatible; bingbot/2.0; +http://www.bing.com/bingbot.htm)"
192.0.100.59 - - [13/Jan/2021:13:24:39 +0100] "GET /images/1399984259238.jpg HTTP/1.1" 200 88818 "-" "Photon/1.0"
66.249.66.136 - - [13/Jan/2021:13:28:07 +0100] "GET /images/big_prod/5010994626853.jpg HTTP/1.1" 200 90437 "-" "Googlebot-Image/1.0"
185.191.171.4 - - [13/Jan/2021:13:43:41 +0100] "GET /robots.txt HTTP/1.1" 200 2438 "-" "Mozilla/5.0 (compatible; SemrushBot/7~bl; +http://www.semrush.com/bot.html)"
66.249.66.196 - - [13/Jan/2021:13:43:53 +0100] "GET /images/big_prod/3014627897193.jpg HTTP/1.1" 200 152579 "-" "Googlebot-Image/1.0"
66.249.66.222 - - [13/Jan/2021:13:51:53 +0100] "GET /images/med_prod/1384010184264.jpg HTTP/1.1" 200 94861 "-" "Googlebot-Image/1.0"
157.55.39.53 - - [13/Jan/2021:13:53:12 +0100] "GET /images/7316191504764.jpg HTTP/1.1" 200 43007 "-" "Mozilla/5.0 (compatible; bingbot/2.0; +http://www.bing.com/bingbot.htm)"
66.249.66.222 - - [13/Jan/2021:13:59:53 +0100] "GET /images/med_prod/5018997519950.jpg HTTP/1.1" 200 101268 "-" "Googlebot-Image/1.0"
157.55.39.32 - - [13/Jan/2021:14:01:26 +0100] "GET /robots.txt HTTP/1.1" 200 2438 "-" "Mozilla/5.0 (compatible; bingbot/2.0; +http://www.bing.com/bingbot.htm)"
95.91.104.66 - - [13/Jan/2021:14:03:35 +0100] "GET /robots.txt HTTP/1.1" 200 2438 "-" "Mozilla/5.0 (compatible; MJ12bot/v1.4.8; http://mj12bot.com/)"
216.244.66.242 - - [13/Jan/2021:14:06:32 +0100] "GET /robots.txt HTTP/1.1" 200 2438 "-" "Mozilla/5.0 (compatible; DotBot/1.1; http://www.opensiteexplorer.org/dotbot, help@moz.com)"
66.249.66.132 - - [13/Jan/2021:14:07:52 +0100] "GET /images/mini_prod/3574386800396.jpg HTTP/1.1" 200 8095 "-" "Googlebot-Image/1.0"
192.99.14.117 - - [13/Jan/2021:14:13:39 +0100] "GET /robots.txt HTTP/1.1" 200 2438 "-" "Mozilla/5.0 (compatible; MJ12bot/v1.4.8; http://mj12bot.com/)"
114.119.151.113 - - [13/Jan/2021:14:15:03 +0100] "GET /images/mini_prod/8717318115525.jpg HTTP/1.1" 200 7733 "-" "Mozilla/5.0 (Linux; Android 7.0;) AppleWebKit/537.36 (KHTML, like Gecko) Mobile Safari/537.36 (compatible; PetalBot;+https://aspiegel.com/petalbot)"
66.249.66.66 - - [13/Jan/2021:14:15:53 +0100] "GET /images/big_prod/8433933118740.jpg HTTP/1.1" 200 207121 "-" "Googlebot-Image/1.0"
157.55.39.220 - - [13/Jan/2021:14:18:18 +0100] "GET /highslide/highslide.js HTTP/1.1" 200 42909 "-" "Mozilla/5.0 (compatible; bingbot/2.0; +http://www.bing.com/bingbot.htm)"
86.60.168.33 - - [13/Jan/2021:14:20:15 +0100] "GET /images/DSCN0652vert.jpg HTTP/1.1" 200 37053 "-" "Mozilla/5.0 (X11; Linux x86_64; rv:78.0) Gecko/20100101 Firefox/78.0"
86.60.168.33 - - [13/Jan/2021:14:20:16 +0100] "GET /favicon.ico HTTP/1.1" 200 1591 "-" "Mozilla/5.0 (X11; Linux x86_64; rv:78.0) Gecko/20100101 Firefox/78.0"
157.55.39.90 - - [13/Jan/2021:14:22:34 +0100] "GET /images/B5010994722616B.jpg HTTP/1.1" 200 171149 "-" "Mozilla/5.0 (compatible; bingbot/2.0; +http://www.bing.com/bingbot.htm)"
185.191.171.35 - - [13/Jan/2021:14:22:52 +0100] "GET /robots.txt HTTP/1.1" 200 2438 "-" "Mozilla/5.0 (compatible; SemrushBot/7~bl; +http://www.semrush.com/bot.html)"
66.249.66.33 - - [13/Jan/2021:14:23:40 +0100] "GET /images/big_prod/b3660173195643.jpg HTTP/1.1" 200 52541 "-" "Googlebot-Image/1.0"
66.249.66.132 - - [13/Jan/2021:14:23:52 +0100] "GET /images/mini_prod/8435306299780.jpg HTTP/1.1" 200 5462 "-" "Googlebot-Image/1.0"
40.77.167.56 - - [13/Jan/2021:14:24:44 +0100] "GET /images/TROBP3545.jpg HTTP/1.1" 200 19039 "-" "Mozilla/5.0 (compatible; bingbot/2.0; +http://www.bing.com/bingbot.htm)"
114.119.147.45 - - [13/Jan/2021:14:25:53 +0100] "GET /images/big_prod/8422048011107.jpg HTTP/1.1" 200 88132 "-" "Mozilla/5.0 (Linux; Android 7.0;) AppleWebKit/537.36 (KHTML, like Gecko) Mobile Safari/537.36 (compatible; PetalBot;+https://aspiegel.com/petalbot)"
66.249.66.64 - - [13/Jan/2021:14:31:52 +0100] "GET /images/mini_prod/8420406603223.jpg HTTP/1.1" 200 5391 "-" "Googlebot-Image/1.0"
114.119.151.113 - - [13/Jan/2021:14:31:54 +0100] "GET /images/3710276264996.jpg HTTP/1.1" 200 29677 "-" "Mozilla/5.0 (Linux; Android 7.0;) AppleWebKit/537.36 (KHTML, like Gecko) Mobile Safari/537.36 (compatible; PetalBot;+https://aspiegel.com/petalbot)"
5.164.163.214 - - [13/Jan/2021:14:35:52 +0100] "GET /images/3700235441681.jpg HTTP/1.1" 200 25681 "http://quoizeltableslamps.blogspot.com/2012/10/nostalgia-metal-shade-table-lamp.html" "Mozilla/5.0 (compatible; MSIE 10.0; Windows NT 6.2; WOW64; Trident/6.0; Touch; MASMJS)"
157.55.39.90 - - [13/Jan/2021:14:36:12 +0100] "GET /images/big_prod/8422033225311.jpg HTTP/1.1" 200 182653 "-" "Mozilla/5.0 (compatible; bingbot/2.0; +http://www.bing.com/bingbot.htm)"
40.77.167.56 - - [13/Jan/2021:14:36:16 +0100] "GET /highslide/graphics/outlines/drop-shadow.png HTTP/1.1" 200 2022 "-" "Mozilla/5.0 (compatible; bingbot/2.0; +http://www.bing.com/bingbot.htm)"
66.249.66.95 - - [13/Jan/2021:14:39:53 +0100] "GET /images/big_prod/1399986102808.jpg HTTP/1.1" 200 71860 "-" "Googlebot-Image/1.0"
66.249.66.136 - - [13/Jan/2021:14:46:57 +0100] "GET /images/mini_prod/4036113222165.jpg HTTP/1.1" 200 7399 "-" "Googlebot-Image/1.0"
66.249.66.33 - - [13/Jan/2021:14:47:38 +0100] "GET /images/mini_prod/9316188079464.jpg HTTP/1.1" 200 6311 "-" "Googlebot-Image/1.0"
66.249.66.193 - - [13/Jan/2021:14:47:53 +0100] "GET /images/4036113221885.jpg HTTP/1.1" 200 150696 "-" "Googlebot-Image/1.0"
66.249.66.64 - - [13/Jan/2021:14:48:24 +0100] "GET /images/mini_prod/4036113222240.jpg HTTP/1.1" 200 11110 "-" "Googlebot-Image/1.0"
66.249.66.62 - - [13/Jan/2021:14:49:09 +0100] "GET /images/mini_prod/9316188079471.jpg HTTP/1.1" 200 6916 "-" "Googlebot-Image/1.0"
66.249.66.64 - - [13/Jan/2021:14:49:55 +0100] "GET /images/mini_prod/8422064960137.jpg HTTP/1.1" 200 5537 "-" "Googlebot-Image/1.0"
66.249.66.64 - - [13/Jan/2021:14:50:40 +0100] "GET /images/mini_prod/9316188076159.jpg HTTP/1.1" 200 7150 "-" "Googlebot-Image/1.0"
66.249.66.196 - - [13/Jan/2021:14:51:26 +0100] "GET /images/mini_prod/1300000021791.jpg HTTP/1.1" 200 6646 "-" "Googlebot-Image/1.0"
66.249.66.193 - - [13/Jan/2021:14:52:13 +0100] "GET /images/mini_prod/4036113222158.jpg HTTP/1.1" 200 10442 "-" "Googlebot-Image/1.0"
66.249.66.136 - - [13/Jan/2021:14:53:02 +0100] "GET /images/mini_prod/280373.gif HTTP/1.1" 200 8288 "-" "Googlebot-Image/1.0"
66.249.66.193 - - [13/Jan/2021:14:53:57 +0100] "GET /images/mini_prod/1384010206768.jpg HTTP/1.1" 200 4145 "-" "Googlebot-Image/1.0"
66.249.66.132 - - [13/Jan/2021:14:55:53 +0100] "GET /images/3700791210028.jpg HTTP/1.1" 200 155328 "-" "Googlebot-Image/1.0"
40.77.167.56 - - [13/Jan/2021:15:01:26 +0100] "GET /images/5601392210166.jpg HTTP/1.1" 200 56780 "-" "Mozilla/5.0 (compatible; bingbot/2.0; +http://www.bing.com/bingbot.htm)"
185.191.171.45 - - [13/Jan/2021:15:03:42 +0100] "GET /robots.txt HTTP/1.1" 200 2438 "-" "Mozilla/5.0 (compatible; SemrushBot/7~bl; +http://www.semrush.com/bot.html)"
66.249.66.64 - - [13/Jan/2021:15:03:53 +0100] "GET /images/mini_prod/1439122000008.jpg HTTP/1.1" 200 7103 "-" "Googlebot-Image/1.0"
157.55.39.22 - - [13/Jan/2021:15:04:06 +0100] "GET /mondial_relay/js/jquery-1.3.2.min.js HTTP/1.1" 200 57254 "-" "Mozilla/5.0 (compatible; bingbot/2.0; +http://www.bing.com/bingbot.htm)"
75.9.76.109 - - [13/Jan/2021:15:08:51 +0100] "GET /images/4007176129043.jpg HTTP/1.1" 200 49703 "-" "masterpiece/3.3.2.284 -anonymous-device, Handheld, iPad3,1, iPhone OS 9.3.5- +gzip"
77.75.77.54 - - [13/Jan/2021:15:11:50 +0100] "GET /robots.txt HTTP/1.1" 200 2438 "-" "Mozilla/5.0 (compatible; SeznamBot/3.2; +http://napoveda.seznam.cz/en/seznambot-intro/)"
66.249.66.134 - - [13/Jan/2021:15:11:53 +0100] "GET /images/big_prod/3565750030877.jpg HTTP/1.1" 200 123135 "-" "Googlebot-Image/1.0"
157.55.39.106 - - [13/Jan/2021:15:12:48 +0100] "GET /images/1399984259238.jpg HTTP/1.1" 200 88818 "-" "Mozilla/5.0 (compatible; bingbot/2.0; +http://www.bing.com/bingbot.htm)"
216.244.66.242 - - [13/Jan/2021:15:13:56 +0100] "GET /robots.txt HTTP/1.1" 200 2438 "-" "Mozilla/5.0 (compatible; DotBot/1.1; http://www.opensiteexplorer.org/dotbot, help@moz.com)"
66.249.66.64 - - [13/Jan/2021:15:19:53 +0100] "GET /images/med_prod/4029811336296.jpg HTTP/1.1" 200 77815 "-" "Googlebot-Image/1.0"
157.55.39.220 - - [13/Jan/2021:15:26:55 +0100] "GET /highslide/highslide.js HTTP/1.1" 200 42909 "-" "Mozilla/5.0 (compatible; bingbot/2.0; +http://www.bing.com/bingbot.htm)"
87.95.123.84 - - [13/Jan/2021:15:27:11 +0100] "GET /images/DSCN0652vert.jpg HTTP/1.1" 200 37053 "-" "Mozilla/5.0 (Windows NT 10.0; Win64; x64) AppleWebKit/537.36 (KHTML, like Gecko) Chrome/87.0.4280.141 Safari/537.36"
87.95.123.84 - - [13/Jan/2021:15:27:11 +0100] "GET /favicon.ico HTTP/1.1" 200 1591 "http://www.wonder-geek.com/images/DSCN0652vert.jpg" "Mozilla/5.0 (Windows NT 10.0; Win64; x64) AppleWebKit/537.36 (KHTML, like Gecko) Chrome/87.0.4280.141 Safari/537.36"
114.119.132.105 - - [13/Jan/2021:15:27:20 +0100] "GET /images/big_prod/3014627833122.jpg HTTP/1.1" 200 43565 "-" "Mozilla/5.0 (Linux; Android 7.0;) AppleWebKit/537.36 (KHTML, like Gecko) Mobile Safari/537.36 (compatible; PetalBot;+https://aspiegel.com/petalbot)"
74.125.210.35 - - [13/Jan/2021:15:30:13 +0100] "GET /images/DSCN4071.jpg HTTP/1.1" 200 13477 "-" "Mozilla/5.0 (Windows NT 5.1; rv:11.0) Gecko Firefox/11.0 (via ggpht.com GoogleImageProxy)"
66.249.93.50 - - [13/Jan/2021:15:32:14 +0100] "GET /images/big_prod_3/d1300000019972.jpg HTTP/1.1" 200 123666 "-" "Mozilla/5.0 (Windows NT 5.1; rv:11.0) Gecko Firefox/11.0 (via ggpht.com GoogleImageProxy)"
157.55.39.106 - - [13/Jan/2021:15:34:50 +0100] "GET /images/big_prod/1384010202470.jpg HTTP/1.1" 200 66074 "-" "Mozilla/5.0 (compatible; bingbot/2.0; +http://www.bing.com/bingbot.htm)"
66.249.66.136 - - [13/Jan/2021:15:39:53 +0100] "GET /images/big_prod_1/8424001597734B.jpg HTTP/1.1" 200 452237 "-" "Googlebot-Image/1.0"
17.58.101.147 - - [13/Jan/2021:15:41:21 +0100] "GET /images/mini_prod/8424001715053.jpg HTTP/1.1" 200 3943 "-" "Mozilla/5.0 (Macintosh; Intel Mac OS X 10_15_5) AppleWebKit/605.1.15 (KHTML, like Gecko) Version/13.1.1 Safari/605.1.15 (Applebot/0.1; +http://www.apple.com/go/applebot)"
