216.18.204.215 - - [27/Jan/2021:00:15:09 +0100] "GET /frida-khalo-rectangular-presentation-dish-model-p-49531.html HTTP/1.0" 200 72175 "http://www.wonder-geek.com/" "Mozilla/5.0 (compatible; Adsbot/3.1)"
216.244.66.242 - - [27/Jan/2021:00:15:18 +0100] "GET /bamboo-basket-black-and-white-22-cm-p-50135.html HTTP/1.0" 200 71910 "-" "Mozilla/5.0 (compatible; DotBot/1.1; http://www.opensiteexplorer.org/dotbot, help@moz.com)"
216.244.66.242 - - [27/Jan/2021:00:15:20 +0100] "GET /umbrella-shaped-surfing-style-37-cm-p-46508.html HTTP/1.0" 200 71966 "-" "Mozilla/5.0 (compatible; DotBot/1.1; http://www.opensiteexplorer.org/dotbot, help@moz.com)"
216.18.204.215 - - [27/Jan/2021:00:15:28 +0100] "GET /frida-khalo-rectangular-presentation-dish-model-p-49545.html HTTP/1.0" 200 72169 "http://www.wonder-geek.com/" "Mozilla/5.0 (compatible; Adsbot/3.1)"
216.244.66.242 - - [27/Jan/2021:00:15:28 +0100] "GET /animals-rectangulary-cushion-by-cbkreation-p-43379.html HTTP/1.0" 200 72210 "-" "Mozilla/5.0 (compatible; DotBot/1.1; http://www.opensiteexplorer.org/dotbot, help@moz.com)"
216.244.66.242 - - [27/Jan/2021:00:15:31 +0100] "GET /cats-large-glass-p-48608.html HTTP/1.0" 200 71778 "-" "Mozilla/5.0 (compatible; DotBot/1.1; http://www.opensiteexplorer.org/dotbot, help@moz.com)"
216.244.66.242 - - [27/Jan/2021:00:15:34 +0100] "GET /pink-adult-cotton-apron-p-44329.html HTTP/1.0" 200 71790 "-" "Mozilla/5.0 (compatible; DotBot/1.1; http://www.opensiteexplorer.org/dotbot, help@moz.com)"
216.244.66.242 - - [27/Jan/2021:00:15:37 +0100] "GET /small-gorilla-nici-charm-phone-charm-p-33461.html HTTP/1.0" 200 71954 "-" "Mozilla/5.0 (compatible; DotBot/1.1; http://www.opensiteexplorer.org/dotbot, help@moz.com)"
216.244.66.242 - - [27/Jan/2021:00:15:44 +0100] "GET /usa-blue-shower-curtain-180-180-cm-p-34865.html HTTP/1.0" 200 71960 "-" "Mozilla/5.0 (compatible; DotBot/1.1; http://www.opensiteexplorer.org/dotbot, help@moz.com)"
216.244.66.242 - - [27/Jan/2021:00:15:49 +0100] "GET /britto-bottle-stoppers-cat-p-32679.html HTTP/1.0" 200 71850 "-" "Mozilla/5.0 (compatible; DotBot/1.1; http://www.opensiteexplorer.org/dotbot, help@moz.com)"
216.244.66.242 - - [27/Jan/2021:00:15:53 +0100] "GET /elephants-wood-jewelry-box-15-cm-p-45999.html HTTP/1.0" 200 72920 "-" "Mozilla/5.0 (compatible; DotBot/1.1; http://www.opensiteexplorer.org/dotbot, help@moz.com)"
54.36.148.9 - - [27/Jan/2021:00:15:54 +0100] "GET /our-lady-of-mount-carmel-prayer-candle-novena-p-51642.html HTTP/1.0" 200 72757 "-" "Mozilla/5.0 (compatible; AhrefsBot/7.0; +http://ahrefs.com/robot/)"
216.244.66.242 - - [27/Jan/2021:00:15:57 +0100] "GET /rococo-retro-phone-p-37502.html HTTP/1.0" 200 72006 "-" "Mozilla/5.0 (compatible; DotBot/1.1; http://www.opensiteexplorer.org/dotbot, help@moz.com)"
216.18.204.215 - - [27/Jan/2021:00:15:58 +0100] "GET /hello-kitty-chocolate-heart-wallet-by-camomilla-p-16298.html HTTP/1.0" 200 72913 "http://www.wonder-geek.com/" "Mozilla/5.0 (compatible; Adsbot/3.1)"
216.244.66.242 - - [27/Jan/2021:00:16:01 +0100] "GET /horn-decoration-in-brass-p-40142.html HTTP/1.0" 200 71841 "-" "Mozilla/5.0 (compatible; DotBot/1.1; http://www.opensiteexplorer.org/dotbot, help@moz.com)"
216.244.66.242 - - [27/Jan/2021:00:16:04 +0100] "GET /straw-basket-25-27-cm-p-40134.html HTTP/1.0" 200 71834 "-" "Mozilla/5.0 (compatible; DotBot/1.1; http://www.opensiteexplorer.org/dotbot, help@moz.com)"
216.18.204.215 - - [27/Jan/2021:00:16:29 +0100] "GET /union-jack-flag-italian-vintage-car-clock-30-cm-p-33378.html HTTP/1.0" 200 72065 "http://www.wonder-geek.com/" "Mozilla/5.0 (compatible; Adsbot/3.1)"
216.244.66.242 - - [27/Jan/2021:00:16:31 +0100] "GET /calendar-workbook-organizer-c-129_189.html?page=1 HTTP/1.0" 200 90101 "-" "Mozilla/5.0 (compatible; DotBot/1.1; http://www.opensiteexplorer.org/dotbot, help@moz.com)"
216.244.66.242 - - [27/Jan/2021:00:16:48 +0100] "GET /red-van-glass-ashtray-p-36384.html HTTP/1.0" 200 71799 "-" "Mozilla/5.0 (compatible; DotBot/1.1; http://www.opensiteexplorer.org/dotbot, help@moz.com)"
216.18.204.215 - - [27/Jan/2021:00:16:59 +0100] "GET /decoration-and-protection-of-animal-iphone-cable-p-47277.html HTTP/1.0" 200 73546 "http://www.wonder-geek.com/" "Mozilla/5.0 (compatible; Adsbot/3.1)"
207.46.13.55 - - [27/Jan/2021:00:17:09 +0100] "GET /101-dalmatians-cruella-devil-figure-p-4704.html HTTP/1.0" 200 69356 "-" "Mozilla/5.0 (compatible; bingbot/2.0; +http://www.bing.com/bingbot.htm)"
216.18.204.215 - - [27/Jan/2021:00:17:19 +0100] "GET /decoration-and-protection-of-animal-iphone-cable-p-47278.html HTTP/1.0" 200 75998 "http://www.wonder-geek.com/" "Mozilla/5.0 (compatible; Adsbot/3.1)"
216.18.204.215 - - [27/Jan/2021:00:17:40 +0100] "GET /decoration-and-protection-of-animal-iphone-cable-p-47279.html HTTP/1.0" 200 75998 "http://www.wonder-geek.com/" "Mozilla/5.0 (compatible; Adsbot/3.1)"
114.119.158.196 - - [27/Jan/2021:00:17:42 +0100] "GET /images/big_prod/3014627939664.jpg HTTP/1.0" 200 268 "-" "Mozilla/5.0 (Linux; Android 7.0;) AppleWebKit/537.36 (KHTML, like Gecko) Mobile Safari/537.36 (compatible; PetalBot;+https://aspiegel.com/petalbot)"
216.18.204.215 - - [27/Jan/2021:00:17:57 +0100] "GET /decoration-and-protection-of-animal-iphone-cable-p-47280.html HTTP/1.0" 200 75998 "http://www.wonder-geek.com/" "Mozilla/5.0 (compatible; Adsbot/3.1)"
216.18.204.215 - - [27/Jan/2021:00:18:16 +0100] "GET /decoration-and-protection-of-animal-iphone-cable-p-47281.html HTTP/1.0" 200 73546 "http://www.wonder-geek.com/" "Mozilla/5.0 (compatible; Adsbot/3.1)"
157.55.39.153 - - [27/Jan/2021:00:18:20 +0100] "GET /images/big_prod/1328399219629.jpg HTTP/1.0" 200 268 "-" "Mozilla/5.0 (compatible; bingbot/2.0; +http://www.bing.com/bingbot.htm)"
216.18.204.215 - - [27/Jan/2021:00:18:39 +0100] "GET /decoration-and-protection-of-animal-iphone-cable-p-47282.html HTTP/1.0" 200 75998 "http://www.wonder-geek.com/" "Mozilla/5.0 (compatible; Adsbot/3.1)"
216.18.204.215 - - [27/Jan/2021:00:19:00 +0100] "GET /decoration-and-protection-of-animal-iphone-cable-p-47283.html HTTP/1.0" 200 73546 "http://www.wonder-geek.com/" "Mozilla/5.0 (compatible; Adsbot/3.1)"
207.46.13.37 - - [27/Jan/2021:00:19:05 +0100] "GET /images/big_prod/3609810062054.jpg HTTP/1.0" 200 268 "-" "Mozilla/5.0 (compatible; bingbot/2.0; +http://www.bing.com/bingbot.htm)"
157.55.39.153 - - [27/Jan/2021:00:19:07 +0100] "GET /vespa-headlight-style-alarm-clock-p-23037.html HTTP/1.0" 200 69297 "-" "Mozilla/5.0 (compatible; bingbot/2.0; +http://www.bing.com/bingbot.htm)"
157.55.39.149 - - [27/Jan/2021:00:19:12 +0100] "GET /images/big_prod/3609810081536.jpg HTTP/1.0" 200 268 "-" "Mozilla/5.0 (compatible; bingbot/2.0; +http://www.bing.com/bingbot.htm)"
216.18.204.215 - - [27/Jan/2021:00:19:16 +0100] "GET /decoration-and-protection-of-animal-iphone-cable-p-47284.html HTTP/1.0" 200 75998 "http://www.wonder-geek.com/" "Mozilla/5.0 (compatible; Adsbot/3.1)"
216.18.204.215 - - [27/Jan/2021:00:19:29 +0100] "GET /decoration-and-protection-of-animal-iphone-cable-p-47286.html HTTP/1.0" 200 75998 "http://www.wonder-geek.com/" "Mozilla/5.0 (compatible; Adsbot/3.1)"
216.18.204.215 - - [27/Jan/2021:00:19:46 +0100] "GET /decoration-and-protection-of-animal-iphone-cable-p-47287.html HTTP/1.0" 200 75998 "http://www.wonder-geek.com/" "Mozilla/5.0 (compatible; Adsbot/3.1)"
216.18.204.215 - - [27/Jan/2021:00:19:58 +0100] "GET /decoration-and-protection-of-animal-iphone-cable-p-47288.html HTTP/1.0" 200 73546 "http://www.wonder-geek.com/" "Mozilla/5.0 (compatible; Adsbot/3.1)"
216.18.204.215 - - [27/Jan/2021:00:20:17 +0100] "GET /industrial-retro-clock-in-aged-metal-25-17-17-cm-p-45093.html HTTP/1.0" 200 72181 "http://www.wonder-geek.com/" "Mozilla/5.0 (compatible; Adsbot/3.1)"
54.36.148.196 - - [27/Jan/2021:00:20:29 +0100] "GET /gund-kalidou-lavender-teddy-bear-p-44324.html HTTP/1.0" 200 72023 "-" "Mozilla/5.0 (compatible; AhrefsBot/7.0; +http://ahrefs.com/robot/)"
216.18.204.215 - - [27/Jan/2021:00:20:32 +0100] "GET /large-tassen-porcelain-mood-bowl-made-in-germany-p-43271.html HTTP/1.0" 200 72028 "http://www.wonder-geek.com/" "Mozilla/5.0 (compatible; Adsbot/3.1)"
54.36.149.41 - - [27/Jan/2021:00:20:49 +0100] "GET /resin-boxes-and-storage-c-84.html?page=8 HTTP/1.0" 301 80430 "-" "Mozilla/5.0 (compatible; AhrefsBot/7.0; +http://ahrefs.com/robot/)"
216.18.204.215 - - [27/Jan/2021:00:20:57 +0100] "GET /large-tassen-porcelain-mood-bowl-made-in-germany-p-43275.html HTTP/1.0" 200 72028 "http://www.wonder-geek.com/" "Mozilla/5.0 (compatible; Adsbot/3.1)"
157.55.39.153 - - [27/Jan/2021:00:21:10 +0100] "GET /images/med_prod/3520071392981.jpg HTTP/1.0" 200 268 "-" "Mozilla/5.0 (compatible; bingbot/2.0; +http://www.bing.com/bingbot.htm)"
157.55.39.153 - - [27/Jan/2021:00:21:11 +0100] "GET /images/big_prod/3503420030291.jpg HTTP/1.0" 200 268 "-" "Mozilla/5.0 (compatible; bingbot/2.0; +http://www.bing.com/bingbot.htm)"
216.18.204.215 - - [27/Jan/2021:00:21:14 +0100] "GET /large-tassen-porcelain-mood-bowl-made-in-germany-p-43276.html HTTP/1.0" 200 72028 "http://www.wonder-geek.com/" "Mozilla/5.0 (compatible; Adsbot/3.1)"
216.18.204.215 - - [27/Jan/2021:00:21:33 +0100] "GET /large-tassen-porcelain-mood-bowl-made-in-germany-p-43277.html HTTP/1.0" 200 72028 "http://www.wonder-geek.com/" "Mozilla/5.0 (compatible; Adsbot/3.1)"
216.18.204.215 - - [27/Jan/2021:00:21:48 +0100] "GET /large-tassen-porcelain-mood-bowl-made-in-germany-p-43278.html HTTP/1.0" 200 72032 "http://www.wonder-geek.com/" "Mozilla/5.0 (compatible; Adsbot/3.1)"
114.119.144.233 - - [27/Jan/2021:00:22:00 +0100] "GET /niro-bedclothes-260-240-cm-p-51602.html HTTP/1.0" 200 71893 "-" "Mozilla/5.0 (Linux; Android 7.0;) AppleWebKit/537.36 (KHTML, like Gecko) Mobile Safari/537.36 (compatible; PetalBot;+https://aspiegel.com/petalbot)"
216.18.204.215 - - [27/Jan/2021:00:22:02 +0100] "GET /large-tassen-porcelain-mood-bowl-made-in-germany-p-43279.html HTTP/1.0" 200 72030 "http://www.wonder-geek.com/" "Mozilla/5.0 (compatible; Adsbot/3.1)"
216.18.204.215 - - [27/Jan/2021:00:22:17 +0100] "GET /large-tassen-porcelain-mood-bowl-made-in-germany-p-47548.html HTTP/1.0" 200 73167 "http://www.wonder-geek.com/" "Mozilla/5.0 (compatible; Adsbot/3.1)"
216.18.204.215 - - [27/Jan/2021:00:22:31 +0100] "GET /large-tassen-porcelain-mood-bowl-made-in-germany-p-47549.html HTTP/1.0" 200 73167 "http://www.wonder-geek.com/" "Mozilla/5.0 (compatible; Adsbot/3.1)"
216.18.204.215 - - [27/Jan/2021:00:22:46 +0100] "GET /large-tassen-porcelain-mood-bowl-made-in-germany-p-47550.html HTTP/1.0" 200 73167 "http://www.wonder-geek.com/" "Mozilla/5.0 (compatible; Adsbot/3.1)"
216.18.204.215 - - [27/Jan/2021:00:23:03 +0100] "GET /large-tassen-porcelain-mood-bowl-made-in-germany-p-47551.html HTTP/1.0" 200 73167 "http://www.wonder-geek.com/" "Mozilla/5.0 (compatible; Adsbot/3.1)"
66.249.70.62 - - [27/Jan/2021:00:23:14 +0100] "GET /images/mini_prod/4036113222141.jpg HTTP/1.0" 200 269 "-" "Googlebot-Image/1.0"
216.18.204.215 - - [27/Jan/2021:00:23:15 +0100] "GET /mirror-blue-combi-aged-and-dented-metal-50-45-cm-p-42125.html HTTP/1.0" 200 72079 "http://www.wonder-geek.com/" "Mozilla/5.0 (compatible; Adsbot/3.1)"
66.249.70.33 - - [27/Jan/2021:00:23:53 +0100] "GET /images/mini_prod/3014627898749.jpg HTTP/1.0" 200 269 "-" "Googlebot-Image/1.0"
66.249.70.62 - - [27/Jan/2021:00:23:53 +0100] "GET /images/mini_prod/1399984272589.jpg HTTP/1.0" 200 269 "-" "Googlebot-Image/1.0"
66.249.70.33 - - [27/Jan/2021:00:23:53 +0100] "GET /images/mini_prod/1300010236956.jpg HTTP/1.0" 200 269 "-" "Googlebot-Image/1.0"
13.66.139.139 - - [27/Jan/2021:00:24:14 +0100] "GET /franklin-green-swimsuit-p-30241.html HTTP/1.0" 200 74109 "-" "Mozilla/5.0 (compatible; bingbot/2.0; +http://www.bing.com/bingbot.htm)"
66.249.70.36 - - [27/Jan/2021:00:24:32 +0100] "GET /teo-jasmin-chandelier-p-31378.html HTTP/1.0" 200 69285 "-" "Mozilla/5.0 (compatible; Googlebot/2.1; +http://www.google.com/bot.html)"
54.36.148.45 - - [27/Jan/2021:00:24:50 +0100] "GET /towel-bath-towels-c-11_70.html HTTP/1.0" 200 91220 "-" "Mozilla/5.0 (compatible; AhrefsBot/7.0; +http://ahrefs.com/robot/)"
54.36.148.98 - - [27/Jan/2021:00:25:53 +0100] "GET /tennino-original-ping-pong-cardboard-p-29903.html HTTP/1.0" 301 69256 "-" "Mozilla/5.0 (compatible; AhrefsBot/7.0; +http://ahrefs.com/robot/)"
207.46.13.55 - - [27/Jan/2021:00:26:12 +0100] "GET /umbrella-stand-mosaic-white-mother-of-pearl-p-48040.html HTTP/1.0" 200 69395 "-" "Mozilla/5.0 (compatible; bingbot/2.0; +http://www.bing.com/bingbot.htm)"
157.55.39.153 - - [27/Jan/2021:00:26:16 +0100] "GET /images/1399984257234.jpg HTTP/1.0" 200 259 "-" "Mozilla/5.0 (compatible; bingbot/2.0; +http://www.bing.com/bingbot.htm)"
51.68.224.127 - - [27/Jan/2021:00:26:21 +0100] "GET /adminweb/export_orders_xml.php?token=256de2z6edz6ed2z6DFSFsed2zed6zeDSFDSGdzedezfzf&maxorders=10&orderstart=1&status=14&start_date=2018-10-01 HTTP/1.0" 200 285 "-" "GesCom CharlotteBoutik Serveur"
51.68.224.127 - - [27/Jan/2021:00:26:21 +0100] "GET /adminweb/export_orders_xml.php?token=256de2z6edz6ed2z6DFSFsed2zed6zeDSFDSGdzedezfzf&maxorders=10&orderstart=1&status=6&start_date=2018-10-01 HTTP/1.0" 200 29990 "-" "GesCom CharlotteBoutik Serveur"
114.119.151.113 - - [27/Jan/2021:00:27:53 +0100] "GET /images/big_prod_1/b8719497611157.jpg HTTP/1.0" 200 271 "-" "Mozilla/5.0 (Linux; Android 7.0;) AppleWebKit/537.36 (KHTML, like Gecko) Mobile Safari/537.36 (compatible; PetalBot;+https://aspiegel.com/petalbot)"
207.46.13.53 - - [27/Jan/2021:00:28:02 +0100] "GET /-p-21920.html HTTP/1.0" 200 69189 "-" "Mozilla/5.0 (compatible; bingbot/2.0; +http://www.bing.com/bingbot.htm)"
157.55.39.149 - - [27/Jan/2021:00:28:13 +0100] "GET /images/big_prod/3453131131452.jpg HTTP/1.0" 200 268 "-" "Mozilla/5.0 (compatible; bingbot/2.0; +http://www.bing.com/bingbot.htm)"
17.58.101.147 - - [27/Jan/2021:00:28:54 +0100] "GET /industrial-storage-box-small-size-41-cm-only-p-45110.html HTTP/1.0" 200 72857 "-" "Mozilla/5.0 (Macintosh; Intel Mac OS X 10_15_5) AppleWebKit/605.1.15 (KHTML, like Gecko) Version/13.1.1 Safari/605.1.15 (Applebot/0.1; +http://www.apple.com/go/applebot)"
54.36.148.205 - - [27/Jan/2021:00:29:17 +0100] "GET /large-glass-flower-of-life-p-51473.html HTTP/1.0" 200 71893 "-" "Mozilla/5.0 (compatible; AhrefsBot/7.0; +http://ahrefs.com/robot/)"
157.55.39.228 - - [27/Jan/2021:00:29:57 +0100] "GET /images/big_prod/maboiteadentdelait.jpg HTTP/1.0" 200 273 "-" "Mozilla/5.0 (compatible; bingbot/2.0; +http://www.bing.com/bingbot.htm)"
157.55.39.153 - - [27/Jan/2021:00:30:25 +0100] "GET /paris-chalut-de-paris-mug-p-30708.html HTTP/1.0" 301 69256 "-" "Mozilla/5.0 (compatible; bingbot/2.0; +http://www.bing.com/bingbot.htm)"
157.55.39.149 - - [27/Jan/2021:00:31:14 +0100] "GET /images/big_prod_1/5404006045211a.jpg HTTP/1.0" 200 271 "-" "Mozilla/5.0 (compatible; bingbot/2.0; +http://www.bing.com/bingbot.htm)"
157.55.39.153 - - [27/Jan/2021:00:31:35 +0100] "GET /images/big_prod/3665269061055z.jpg HTTP/1.0" 200 269 "-" "Mozilla/5.0 (compatible; bingbot/2.0; +http://www.bing.com/bingbot.htm)"
114.119.130.202 - - [27/Jan/2021:00:32:13 +0100] "GET /images/big_prod/8422021476473.jpg HTTP/1.0" 200 268 "-" "Mozilla/5.0 (Linux; Android 7.0;) AppleWebKit/537.36 (KHTML, like Gecko) Mobile Safari/537.36 (compatible; PetalBot;+https://aspiegel.com/petalbot)"
157.55.39.153 - - [27/Jan/2021:00:32:34 +0100] "GET /images/b045544409650.jpg HTTP/1.0" 200 259 "-" "Mozilla/5.0 (compatible; bingbot/2.0; +http://www.bing.com/bingbot.htm)"
54.36.149.98 - - [27/Jan/2021:00:33:38 +0100] "GET /cupcakes-small-white-cushion-with-personalized-picture-p-16982.html HTTP/1.0" 200 72568 "-" "Mozilla/5.0 (compatible; AhrefsBot/7.0; +http://ahrefs.com/robot/)"
13.66.139.139 - - [27/Jan/2021:00:34:45 +0100] "GET /beer-glass-and-bottle-opener-set-p-53490.html HTTP/1.0" 200 72871 "-" "Mozilla/5.0 (compatible; bingbot/2.0; +http://www.bing.com/bingbot.htm)"
207.46.13.53 - - [27/Jan/2021:00:34:54 +0100] "GET /one-hundred-and-one-dalmatians-birthday-3d-card-with-envelope-p-34443.html HTTP/1.0" 200 72139 "-" "Mozilla/5.0 (compatible; bingbot/2.0; +http://www.bing.com/bingbot.htm)"
114.119.151.113 - - [27/Jan/2021:00:36:31 +0100] "GET /images/mini_prod/3665269032109.jpg HTTP/1.0" 200 269 "-" "Mozilla/5.0 (Linux; Android 7.0;) AppleWebKit/537.36 (KHTML, like Gecko) Mobile Safari/537.36 (compatible; PetalBot;+https://aspiegel.com/petalbot)"
66.249.70.33 - - [27/Jan/2021:00:36:51 +0100] "GET /handy-manny-figure-p-6922.html HTTP/1.0" 200 71879 "-" "Mozilla/5.0 (Linux; Android 6.0.1; Nexus 5X Build/MMB29P) AppleWebKit/537.36 (KHTML, like Gecko) Chrome/88.0.4324.113 Mobile Safari/537.36 (compatible; Googlebot/2.1; +http://www.google.com/bot.html)"
157.55.39.153 - - [27/Jan/2021:00:37:16 +0100] "GET /images/big_prod_1/8422014754403B.jpg HTTP/1.0" 200 271 "-" "Mozilla/5.0 (compatible; bingbot/2.0; +http://www.bing.com/bingbot.htm)"
157.55.39.153 - - [27/Jan/2021:00:37:54 +0100] "GET /images/big_prod/3503420030291.jpg HTTP/1.0" 200 268 "-" "Mozilla/5.0 (compatible; bingbot/2.0; +http://www.bing.com/bingbot.htm)"
54.36.148.87 - - [27/Jan/2021:00:37:57 +0100] "GET /incense-aura-cleansing-15-grams-or-about-15-sticks-p-52435.html HTTP/1.0" 200 72377 "-" "Mozilla/5.0 (compatible; AhrefsBot/7.0; +http://ahrefs.com/robot/)"
157.55.39.228 - - [27/Jan/2021:00:38:10 +0100] "GET /images/8003990585764.jpg HTTP/1.0" 200 259 "-" "Mozilla/5.0 (compatible; bingbot/2.0; +http://www.bing.com/bingbot.htm)"
17.58.101.147 - - [27/Jan/2021:00:38:37 +0100] "GET /van-gogh-magnet-p-51215.html HTTP/1.0" 200 71764 "-" "Mozilla/5.0 (Macintosh; Intel Mac OS X 10_15_5) AppleWebKit/605.1.15 (KHTML, like Gecko) Version/13.1.1 Safari/605.1.15 (Applebot/0.1; +http://www.apple.com/go/applebot)"
157.55.39.153 - - [27/Jan/2021:00:39:07 +0100] "GET /images/4012390325362.jpg HTTP/1.0" 200 259 "-" "Mozilla/5.0 (compatible; bingbot/2.0; +http://www.bing.com/bingbot.htm)"
13.66.139.139 - - [27/Jan/2021:00:39:25 +0100] "GET /ice-cold-beer-served-here-metal-plate-deco-p-36106.html HTTP/1.0" 200 71992 "-" "Mozilla/5.0 (compatible; bingbot/2.0; +http://www.bing.com/bingbot.htm)"
13.66.139.5 - - [27/Jan/2021:00:39:46 +0100] "GET /products_new.php HTTP/1.0" 200 92480 "-" "Mozilla/5.0 (compatible; bingbot/2.0; +http://www.bing.com/bingbot.htm)"
54.36.148.47 - - [27/Jan/2021:00:40:06 +0100] "GET /mickey-mouse-mug-p-28175.html HTTP/1.0" 301 69256 "-" "Mozilla/5.0 (compatible; AhrefsBot/7.0; +http://ahrefs.com/robot/)"
114.119.158.196 - - [27/Jan/2021:00:40:48 +0100] "GET /images/big_prod_1/8482002796006B.jpg HTTP/1.0" 200 271 "-" "Mozilla/5.0 (Linux; Android 7.0;) AppleWebKit/537.36 (KHTML, like Gecko) Mobile Safari/537.36 (compatible; PetalBot;+https://aspiegel.com/petalbot)"
54.36.148.194 - - [27/Jan/2021:00:41:13 +0100] "GET /minions-bad-at-math-metal-moneybox-p-34076.html HTTP/1.0" 301 69256 "-" "Mozilla/5.0 (compatible; AhrefsBot/7.0; +http://ahrefs.com/robot/)"
106.11.156.44 - - [27/Jan/2021:00:42:01 +0100] "GET /images/mini_prod/1339897782317.jpg HTTP/1.0" 200 269 "http://www.wonder-geek.com/toys-c-4_45.html" "YisouSpider"
54.36.148.106 - - [27/Jan/2021:00:42:04 +0100] "GET /small-boxes-and-pill-c-13_150_154.html HTTP/1.0" 200 90092 "-" "Mozilla/5.0 (compatible; AhrefsBot/7.0; +http://ahrefs.com/robot/)"
51.68.224.127 - - [27/Jan/2021:00:42:24 +0100] "GET /adminweb/export_orders_xml.php?token=256de2z6edz6ed2z6DFSFsed2zed6zeDSFDSGdzedezfzf&maxorders=10&orderstart=1&status=14&start_date=2018-10-01 HTTP/1.0" 200 285 "-" "GesCom CharlotteBoutik Serveur"
51.68.224.127 - - [27/Jan/2021:00:42:24 +0100] "GET /adminweb/export_orders_xml.php?token=256de2z6edz6ed2z6DFSFsed2zed6zeDSFDSGdzedezfzf&maxorders=10&orderstart=1&status=6&start_date=2018-10-01 HTTP/1.0" 200 29990 "-" "GesCom CharlotteBoutik Serveur"
207.46.13.55 - - [27/Jan/2021:00:42:51 +0100] "GET /unicorne-small-bank-p-45203.html HTTP/1.0" 200 71792 "-" "Mozilla/5.0 (compatible; bingbot/2.0; +http://www.bing.com/bingbot.htm)"
157.55.39.149 - - [27/Jan/2021:00:43:05 +0100] "GET /images/big_prod_1/8719497615339b.jpg HTTP/1.0" 200 271 "-" "Mozilla/5.0 (compatible; bingbot/2.0; +http://www.bing.com/bingbot.htm)"
13.66.139.5 - - [27/Jan/2021:00:43:09 +0100] "GET /-p-27908.html HTTP/1.0" 200 69189 "-" "Mozilla/5.0 (compatible; bingbot/2.0; +http://www.bing.com/bingbot.htm)"
106.38.241.69 - - [27/Jan/2021:00:44:22 +0100] "GET / HTTP/1.0" 200 94663 "-" "Sogou web spider/4.0(+http://www.sogou.com/docs/help/webmasters.htm#07)"
207.46.13.55 - - [27/Jan/2021:00:45:02 +0100] "GET /images/big_prod/8433978414647.jpg HTTP/1.0" 200 268 "-" "Mozilla/5.0 (compatible; bingbot/2.0; +http://www.bing.com/bingbot.htm)"
114.119.144.233 - - [27/Jan/2021:00:45:06 +0100] "GET /images/mini_prod/3520071445830.jpg HTTP/1.0" 200 269 "-" "Mozilla/5.0 (Linux; Android 7.0;) AppleWebKit/537.36 (KHTML, like Gecko) Mobile Safari/537.36 (compatible; PetalBot;+https://aspiegel.com/petalbot)"
157.55.39.228 - - [27/Jan/2021:00:46:10 +0100] "GET /images/big_prod_2/b8424346228621.jpg HTTP/1.0" 200 271 "-" "Mozilla/5.0 (compatible; bingbot/2.0; +http://www.bing.com/bingbot.htm)"
54.36.148.55 - - [27/Jan/2021:00:46:16 +0100] "GET /cushions-c-11_71.html HTTP/1.0" 200 93323 "-" "Mozilla/5.0 (compatible; AhrefsBot/7.0; +http://ahrefs.com/robot/)"
54.36.149.68 - - [27/Jan/2021:00:46:20 +0100] "GET /world-flag-cover-for-samsung-s4-p-27031.html HTTP/1.0" 301 69466 "-" "Mozilla/5.0 (compatible; AhrefsBot/7.0; +http://ahrefs.com/robot/)"
157.55.39.153 - - [27/Jan/2021:00:48:09 +0100] "GET /union-jack-handbag-p-48433.html HTTP/1.0" 200 69270 "-" "Mozilla/5.0 (compatible; bingbot/2.0; +http://www.bing.com/bingbot.htm)"
207.46.13.53 - - [27/Jan/2021:00:50:31 +0100] "GET /skull-zippo-lighter-p-49083.html HTTP/1.0" 200 74896 "-" "Mozilla/5.0 (compatible; bingbot/2.0; +http://www.bing.com/bingbot.htm)"
157.55.39.153 - - [27/Jan/2021:00:50:36 +0100] "GET /images/med_prod/1384010183823.jpg HTTP/1.0" 200 268 "-" "Mozilla/5.0 (compatible; bingbot/2.0; +http://www.bing.com/bingbot.htm)"
54.36.149.105 - - [27/Jan/2021:00:50:40 +0100] "GET /bagshandbags-shoulder-bags-c-31_81.html HTTP/1.0" 200 96110 "-" "Mozilla/5.0 (compatible; AhrefsBot/7.0; +http://ahrefs.com/robot/)"
13.66.139.136 - - [27/Jan/2021:00:51:05 +0100] "GET /images/med_prod/1384010178683.jpg HTTP/1.0" 200 268 "-" "Mozilla/5.0 (compatible; bingbot/2.0; +http://www.bing.com/bingbot.htm)"
157.55.39.153 - - [27/Jan/2021:00:51:23 +0100] "GET /dubout-cats-compact-double-mirror-p-37046.html HTTP/1.0" 200 73461 "-" "Mozilla/5.0 (compatible; bingbot/2.0; +http://www.bing.com/bingbot.htm)"
157.55.39.153 - - [27/Jan/2021:00:52:04 +0100] "GET /dishes/mugs-and-mazagrans/disney-princess-mug-p-16508.html HTTP/1.0" 301 69256 "-" "Mozilla/5.0 (compatible; bingbot/2.0; +http://www.bing.com/bingbot.htm)"
114.119.132.105 - - [27/Jan/2021:00:52:05 +0100] "GET /mickey-by-romero-britto-small-notebook-p-27938.html HTTP/1.0" 200 71985 "-" "Mozilla/5.0 (Linux; Android 7.0;) AppleWebKit/537.36 (KHTML, like Gecko) Mobile Safari/537.36 (compatible; PetalBot;+https://aspiegel.com/petalbot)"
66.249.70.62 - - [27/Jan/2021:00:52:13 +0100] "GET /images/mini_prod/1399986100644.jpg HTTP/1.0" 200 269 "-" "Googlebot-Image/1.0"
13.66.139.139 - - [27/Jan/2021:00:52:27 +0100] "GET /furnishings-c-13_87.html HTTP/1.0" 200 89974 "-" "Mozilla/5.0 (compatible; bingbot/2.0; +http://www.bing.com/bingbot.htm)"
157.55.39.149 - - [27/Jan/2021:00:53:25 +0100] "GET /images/big_prod/8422081961377.jpg HTTP/1.0" 200 268 "-" "Mozilla/5.0 (compatible; bingbot/2.0; +http://www.bing.com/bingbot.htm)"
157.55.39.149 - - [27/Jan/2021:00:54:38 +0100] "GET /images/med_prod/3609810039599.jpg HTTP/1.0" 200 268 "-" "Mozilla/5.0 (Windows NT 6.1; WOW64) AppleWebKit/534+ (KHTML, like Gecko) BingPreview/1.0b"
54.36.148.185 - - [27/Jan/2021:00:54:53 +0100] "GET /mattress-cover-c-11_197.html HTTP/1.0" 200 88303 "-" "Mozilla/5.0 (compatible; AhrefsBot/7.0; +http://ahrefs.com/robot/)"
13.66.139.5 - - [27/Jan/2021:00:55:47 +0100] "GET /images/med_prod/00000esp.jpg HTTP/1.0" 200 263 "-" "Mozilla/5.0 (compatible; bingbot/2.0; +http://www.bing.com/bingbot.htm)"
185.191.171.7 - - [27/Jan/2021:00:56:11 +0100] "GET /robots.txt HTTP/1.0" 200 245 "-" "Mozilla/5.0 (compatible; SemrushBot/7~bl; +http://www.semrush.com/bot.html)"
185.191.171.10 - - [27/Jan/2021:00:56:11 +0100] "GET /christmas-2020-figurine-sonny-angel-p-53390.html HTTP/1.0" 200 72130 "-" "Mozilla/5.0 (compatible; SemrushBot/7~bl; +http://www.semrush.com/bot.html)"
114.119.132.105 - - [27/Jan/2021:00:56:21 +0100] "GET /ceramic-mug-with-mini-metal-flask-p-41944.html HTTP/1.0" 200 72084 "-" "Mozilla/5.0 (Linux; Android 7.0;) AppleWebKit/537.36 (KHTML, like Gecko) Mobile Safari/537.36 (compatible; PetalBot;+https://aspiegel.com/petalbot)"
207.46.13.53 - - [27/Jan/2021:00:56:32 +0100] "GET /butane-lighter-insert-double-torch-p-51930.html HTTP/1.0" 200 73236 "-" "Mozilla/5.0 (compatible; bingbot/2.0; +http://www.bing.com/bingbot.htm)"
207.46.13.53 - - [27/Jan/2021:00:58:04 +0100] "GET /images/big_prod_2/c8717202557592.jpg HTTP/1.0" 200 271 "-" "Mozilla/5.0 (compatible; bingbot/2.0; +http://www.bing.com/bingbot.htm)"
51.68.224.127 - - [27/Jan/2021:00:58:14 +0100] "GET /adminweb/export_orders_xml.php?token=256de2z6edz6ed2z6DFSFsed2zed6zeDSFDSGdzedezfzf&maxorders=10&orderstart=1&status=14&start_date=2018-10-01 HTTP/1.0" 200 285 "-" "GesCom CharlotteBoutik Serveur"
51.68.224.127 - - [27/Jan/2021:00:58:15 +0100] "GET /adminweb/export_orders_xml.php?token=256de2z6edz6ed2z6DFSFsed2zed6zeDSFDSGdzedezfzf&maxorders=10&orderstart=1&status=6&start_date=2018-10-01 HTTP/1.0" 200 29990 "-" "GesCom CharlotteBoutik Serveur"
66.249.70.33 - - [27/Jan/2021:00:58:31 +0100] "GET /rock-candle-60-hours-black-p-42105.html HTTP/1.0" 200 71998 "-" "Mozilla/5.0 (Linux; Android 6.0.1; Nexus 5X Build/MMB29P) AppleWebKit/537.36 (KHTML, like Gecko) Chrome/88.0.4324.113 Mobile Safari/537.36 (compatible; Googlebot/2.1; +http://www.google.com/bot.html)"
54.36.148.239 - - [27/Jan/2021:00:59:07 +0100] "GET /shirts-and-sweatshirts-men-c-53_54.html HTTP/1.0" 200 92790 "-" "Mozilla/5.0 (compatible; AhrefsBot/7.0; +http://ahrefs.com/robot/)"
157.55.39.149 - - [27/Jan/2021:00:59:16 +0100] "GET /images/big_prod_2/1345544973335N.jpg HTTP/1.0" 200 271 "-" "Mozilla/5.0 (compatible; bingbot/2.0; +http://www.bing.com/bingbot.htm)"
157.55.39.153 - - [27/Jan/2021:00:59:58 +0100] "GET /images/big_prod/8719075391372a.jpg HTTP/1.0" 200 269 "-" "Mozilla/5.0 (compatible; bingbot/2.0; +http://www.bing.com/bingbot.htm)"
157.55.39.153 - - [27/Jan/2021:01:00:21 +0100] "GET /images/b045544409650.jpg HTTP/1.0" 200 259 "-" "Mozilla/5.0 (compatible; bingbot/2.0; +http://www.bing.com/bingbot.htm)"
157.55.39.149 - - [27/Jan/2021:01:00:26 +0100] "GET /images/med_prod/4045233015793.jpg HTTP/1.0" 200 268 "-" "Mozilla/5.0 (compatible; bingbot/2.0; +http://www.bing.com/bingbot.htm)"
114.119.158.196 - - [27/Jan/2021:01:01:15 +0100] "GET /statuette-moai-of-easter-island-model-p-50060.html HTTP/1.0" 200 69337 "-" "Mozilla/5.0 (Linux; Android 7.0;) AppleWebKit/537.36 (KHTML, like Gecko) Mobile Safari/537.36 (compatible; PetalBot;+https://aspiegel.com/petalbot)"
13.66.139.136 - - [27/Jan/2021:01:03:16 +0100] "GET /spongebob-figure-p-15670.html HTTP/1.0" 200 69260 "-" "Mozilla/5.0 (compatible; bingbot/2.0; +http://www.bing.com/bingbot.htm)"
216.18.204.215 - - [27/Jan/2021:01:03:18 +0100] "GET /mrs-barbecue-party-set-of-apron-square-and-glove-p-19740.html HTTP/1.0" 200 72040 "http://www.wonder-geek.com/" "Mozilla/5.0 (compatible; Adsbot/3.1)"
54.36.148.87 - - [27/Jan/2021:01:03:22 +0100] "GET /box-of-12-sonny-angel-flowers-series-new-version-p-53496.html HTTP/1.0" 200 73133 "-" "Mozilla/5.0 (compatible; AhrefsBot/7.0; +http://ahrefs.com/robot/)"
13.66.139.5 - - [27/Jan/2021:01:03:48 +0100] "GET /-p-25100.html HTTP/1.0" 200 69189 "-" "Mozilla/5.0 (compatible; bingbot/2.0; +http://www.bing.com/bingbot.htm)"
216.244.66.242 - - [27/Jan/2021:01:04:16 +0100] "GET /robots.txt HTTP/1.0" 200 245 "-" "Mozilla/5.0 (compatible; DotBot/1.1; http://www.opensiteexplorer.org/dotbot, help@moz.com)"
216.18.204.215 - - [27/Jan/2021:01:04:26 +0100] "GET /round-mirror-catches-golden-dreams-to-hang-38-cm-p-45740.html HTTP/1.0" 200 72008 "http://www.wonder-geek.com/" "Mozilla/5.0 (compatible; Adsbot/3.1)"
157.55.39.228 - - [27/Jan/2021:01:04:48 +0100] "GET /images/big_prod_1/3453131145671B.jpg HTTP/1.0" 200 271 "-" "Mozilla/5.0 (compatible; bingbot/2.0; +http://www.bing.com/bingbot.htm)"
216.18.204.215 - - [27/Jan/2021:01:04:59 +0100] "GET /corsica-white-women-tee-shirt-drawing-in-the-back-p-31002.html HTTP/1.0" 200 74001 "http://www.wonder-geek.com/" "Mozilla/5.0 (compatible; Adsbot/3.1)"
216.18.204.215 - - [27/Jan/2021:01:05:29 +0100] "GET /corsica-women-black-tee-shirt-drawing-in-the-back-p-31003.html HTTP/1.0" 200 74049 "http://www.wonder-geek.com/" "Mozilla/5.0 (compatible; Adsbot/3.1)"
157.55.39.153 - - [27/Jan/2021:01:06:00 +0100] "GET /images/big_prod/3665269061055z.jpg HTTP/1.0" 200 269 "-" "Mozilla/5.0 (compatible; bingbot/2.0; +http://www.bing.com/bingbot.htm)"
13.66.139.139 - - [27/Jan/2021:01:06:08 +0100] "GET /jackets-coats-parkas-c-1_27.html HTTP/1.0" 200 82424 "-" "Mozilla/5.0 (compatible; bingbot/2.0; +http://www.bing.com/bingbot.htm)"
216.18.204.215 - - [27/Jan/2021:01:06:08 +0100] "GET /industrial-retro-clock-in-aged-metal-225-75-17-cm-p-48588.html HTTP/1.0" 200 72204 "http://www.wonder-geek.com/" "Mozilla/5.0 (compatible; Adsbot/3.1)"
216.18.204.215 - - [27/Jan/2021:01:06:47 +0100] "GET /industrial-retro-clock-in-aged-metal-225-75-17-cm-p-48589.html HTTP/1.0" 200 72204 "http://www.wonder-geek.com/" "Mozilla/5.0 (compatible; Adsbot/3.1)"
54.36.148.27 - - [27/Jan/2021:01:06:55 +0100] "GET /sponge-stand-c-12_256.html HTTP/1.0" 200 75685 "-" "Mozilla/5.0 (compatible; AhrefsBot/7.0; +http://ahrefs.com/robot/)"
13.66.139.5 - - [27/Jan/2021:01:06:58 +0100] "GET /-p-29256.html HTTP/1.0" 200 69189 "-" "Mozilla/5.0 (compatible; bingbot/2.0; +http://www.bing.com/bingbot.htm)"
13.66.139.5 - - [27/Jan/2021:01:06:59 +0100] "GET /green-moonstone-sold-by-weight-125-grs-p-48724.html HTTP/1.0" 200 69319 "-" "Mozilla/5.0 (compatible; bingbot/2.0; +http://www.bing.com/bingbot.htm)"
13.66.139.5 - - [27/Jan/2021:01:07:00 +0100] "GET /minnie-mouse-cereals-bowl-p-31767.html HTTP/1.0" 200 69279 "-" "Mozilla/5.0 (compatible; bingbot/2.0; +http://www.bing.com/bingbot.htm)"
13.66.139.5 - - [27/Jan/2021:01:07:01 +0100] "GET /washed-linen-sheet-160-200-cm-natural-p-48160.html HTTP/1.0" 200 69347 "-" "Mozilla/5.0 (compatible; bingbot/2.0; +http://www.bing.com/bingbot.htm)"
13.66.139.5 - - [27/Jan/2021:01:07:01 +0100] "GET /-p-14640.html HTTP/1.0" 200 69189 "-" "Mozilla/5.0 (compatible; bingbot/2.0; +http://www.bing.com/bingbot.htm)"
13.66.139.5 - - [27/Jan/2021:01:07:02 +0100] "GET /-p-16151.html HTTP/1.0" 200 69189 "-" "Mozilla/5.0 (compatible; bingbot/2.0; +http://www.bing.com/bingbot.htm)"
13.66.139.5 - - [27/Jan/2021:01:07:03 +0100] "GET /snow-white-figure-p-2868.html HTTP/1.0" 301 69253 "-" "Mozilla/5.0 (compatible; bingbot/2.0; +http://www.bing.com/bingbot.htm)"
13.66.139.5 - - [27/Jan/2021:01:07:04 +0100] "GET /spiderman-large-trolley-p-15135.html HTTP/1.0" 200 69271 "-" "Mozilla/5.0 (compatible; bingbot/2.0; +http://www.bing.com/bingbot.htm)"
13.66.139.5 - - [27/Jan/2021:01:07:05 +0100] "GET /figure-finding-dory-collectible-surprise-p-35273.html HTTP/1.0" 200 69386 "-" "Mozilla/5.0 (compatible; bingbot/2.0; +http://www.bing.com/bingbot.htm)"
13.66.139.5 - - [27/Jan/2021:01:07:06 +0100] "GET /-p-21920.html HTTP/1.0" 200 69189 "-" "Mozilla/5.0 (compatible; bingbot/2.0; +http://www.bing.com/bingbot.htm)"
13.66.139.5 - - [27/Jan/2021:01:07:07 +0100] "GET /-p-6177.html HTTP/1.0" 200 69187 "-" "Mozilla/5.0 (compatible; bingbot/2.0; +http://www.bing.com/bingbot.htm)"
13.66.139.5 - - [27/Jan/2021:01:07:08 +0100] "GET /-p-22316.html HTTP/1.0" 200 69189 "-" "Mozilla/5.0 (compatible; bingbot/2.0; +http://www.bing.com/bingbot.htm)"
13.66.139.5 - - [27/Jan/2021:01:07:08 +0100] "GET /-p-39262.html HTTP/1.0" 200 69189 "-" "Mozilla/5.0 (compatible; bingbot/2.0; +http://www.bing.com/bingbot.htm)"
13.66.139.5 - - [27/Jan/2021:01:07:09 +0100] "GET /-p-24216.html HTTP/1.0" 200 69189 "-" "Mozilla/5.0 (compatible; bingbot/2.0; +http://www.bing.com/bingbot.htm)"
13.66.139.5 - - [27/Jan/2021:01:07:10 +0100] "GET /-p-32490.html HTTP/1.0" 200 69189 "-" "Mozilla/5.0 (compatible; bingbot/2.0; +http://www.bing.com/bingbot.htm)"
13.66.139.5 - - [27/Jan/2021:01:07:11 +0100] "GET /cement-tile-stickers-15-15-cm-beige-p-45004.html HTTP/1.0" 200 72195 "-" "Mozilla/5.0 (compatible; bingbot/2.0; +http://www.bing.com/bingbot.htm)"
13.66.139.5 - - [27/Jan/2021:01:07:12 +0100] "GET /coca-cola-sugar-box-p-31660.html HTTP/1.0" 200 71929 "-" "Mozilla/5.0 (compatible; bingbot/2.0; +http://www.bing.com/bingbot.htm)"
13.66.139.5 - - [27/Jan/2021:01:07:13 +0100] "GET /hirondelle-jewelery-holder-p-48887.html HTTP/1.0" 200 72022 "-" "Mozilla/5.0 (compatible; bingbot/2.0; +http://www.bing.com/bingbot.htm)"
13.66.139.5 - - [27/Jan/2021:01:07:14 +0100] "GET /betty-boop-bunny-coin-purse-p-13694.html HTTP/1.0" 200 72130 "-" "Mozilla/5.0 (compatible; bingbot/2.0; +http://www.bing.com/bingbot.htm)"
13.66.139.5 - - [27/Jan/2021:01:07:15 +0100] "GET /animals-alarm-clock-by-cbkreation-p-43812.html HTTP/1.0" 200 71988 "-" "Mozilla/5.0 (compatible; bingbot/2.0; +http://www.bing.com/bingbot.htm)"
13.66.139.5 - - [27/Jan/2021:01:07:16 +0100] "GET /disney-showcase-figurine-collection-mulan-p-38721.html HTTP/1.0" 200 72542 "-" "Mozilla/5.0 (compatible; bingbot/2.0; +http://www.bing.com/bingbot.htm)"
13.66.139.5 - - [27/Jan/2021:01:07:17 +0100] "GET /glass-cutting-board-by-cbkreation-p-51337.html HTTP/1.0" 200 71909 "-" "Mozilla/5.0 (compatible; bingbot/2.0; +http://www.bing.com/bingbot.htm)"
13.66.139.5 - - [27/Jan/2021:01:07:18 +0100] "GET /zodiac-black-women-tee-shirt-p-30808.html HTTP/1.0" 200 73833 "-" "Mozilla/5.0 (compatible; bingbot/2.0; +http://www.bing.com/bingbot.htm)"
13.66.139.5 - - [27/Jan/2021:01:07:19 +0100] "GET /votive-candle-15-hours-pink-grapefruit-and-cassis-p-35341.html HTTP/1.0" 200 73273 "-" "Mozilla/5.0 (compatible; bingbot/2.0; +http://www.bing.com/bingbot.htm)"
13.66.139.5 - - [27/Jan/2021:01:07:20 +0100] "GET /la-vie-est-formidable-shirt-by-etienne-boyer-p-29565.html HTTP/1.0" 200 74432 "-" "Mozilla/5.0 (compatible; bingbot/2.0; +http://www.bing.com/bingbot.htm)"
13.66.139.5 - - [27/Jan/2021:01:07:21 +0100] "GET /horses-cosmetic-bag-p-24232.html HTTP/1.0" 200 71891 "-" "Mozilla/5.0 (compatible; bingbot/2.0; +http://www.bing.com/bingbot.htm)"
13.66.139.5 - - [27/Jan/2021:01:07:21 +0100] "GET /monaco-shoulder-bag-black-and-pink-p-38324.html HTTP/1.0" 200 72277 "-" "Mozilla/5.0 (compatible; bingbot/2.0; +http://www.bing.com/bingbot.htm)"
13.66.139.5 - - [27/Jan/2021:01:07:22 +0100] "GET /windchime-wood-five-chimes-p-43517.html HTTP/1.0" 200 71874 "-" "Mozilla/5.0 (compatible; bingbot/2.0; +http://www.bing.com/bingbot.htm)"
157.55.39.149 - - [27/Jan/2021:01:07:25 +0100] "GET /js/jquery.jqzoom.js HTTP/1.0" 200 259 "-" "Mozilla/5.0 (compatible; bingbot/2.0; +http://www.bing.com/bingbot.htm)"
157.55.39.149 - - [27/Jan/2021:01:07:25 +0100] "GET /js/jquery.jqzoom.js HTTP/1.0" 200 259 "-" "Mozilla/5.0 (compatible; bingbot/2.0; +http://www.bing.com/bingbot.htm)"
13.66.139.136 - - [27/Jan/2021:01:07:30 +0100] "GET /-p-10496.html HTTP/1.0" 200 69189 "-" "Mozilla/5.0 (compatible; bingbot/2.0; +http://www.bing.com/bingbot.htm)"
13.66.139.136 - - [27/Jan/2021:01:07:31 +0100] "GET /-p-29829.html HTTP/1.0" 200 69189 "-" "Mozilla/5.0 (compatible; bingbot/2.0; +http://www.bing.com/bingbot.htm)"
13.66.139.136 - - [27/Jan/2021:01:07:32 +0100] "GET /lego-cones-white-storage-box-p-32596.html HTTP/1.0" 200 69328 "-" "Mozilla/5.0 (compatible; bingbot/2.0; +http://www.bing.com/bingbot.htm)"
13.66.139.136 - - [27/Jan/2021:01:07:33 +0100] "GET /-p-14557.html HTTP/1.0" 200 69189 "-" "Mozilla/5.0 (compatible; bingbot/2.0; +http://www.bing.com/bingbot.htm)"
216.18.204.215 - - [27/Jan/2021:01:07:33 +0100] "GET /star-wars-the-black-series-wing-pilot-asty-figure-p-34591.html HTTP/1.0" 200 72253 "http://www.wonder-geek.com/" "Mozilla/5.0 (compatible; Adsbot/3.1)"
13.66.139.136 - - [27/Jan/2021:01:07:34 +0100] "GET /-p-19671.html HTTP/1.0" 200 69189 "-" "Mozilla/5.0 (compatible; bingbot/2.0; +http://www.bing.com/bingbot.htm)"
13.66.139.136 - - [27/Jan/2021:01:07:35 +0100] "GET /-p-20026.html HTTP/1.0" 200 69189 "-" "Mozilla/5.0 (compatible; bingbot/2.0; +http://www.bing.com/bingbot.htm)"
13.66.139.136 - - [27/Jan/2021:01:07:36 +0100] "GET /-p-20345.html HTTP/1.0" 200 69189 "-" "Mozilla/5.0 (compatible; bingbot/2.0; +http://www.bing.com/bingbot.htm)"
13.66.139.136 - - [27/Jan/2021:01:07:37 +0100] "GET /godmother-cinderella-figure-p-2913.html HTTP/1.0" 200 69313 "-" "Mozilla/5.0 (compatible; bingbot/2.0; +http://www.bing.com/bingbot.htm)"
13.66.139.136 - - [27/Jan/2021:01:07:38 +0100] "GET /beyblade-red-trolley-backpack-p-15996.html HTTP/1.0" 200 69295 "-" "Mozilla/5.0 (compatible; bingbot/2.0; +http://www.bing.com/bingbot.htm)"
13.66.139.136 - - [27/Jan/2021:01:07:39 +0100] "GET /babar-cap-glove-set-52-cm-p-22949.html HTTP/1.0" 200 69290 "-" "Mozilla/5.0 (compatible; bingbot/2.0; +http://www.bing.com/bingbot.htm)"
13.66.139.136 - - [27/Jan/2021:01:07:40 +0100] "GET /-p-492.html HTTP/1.0" 200 69185 "-" "Mozilla/5.0 (compatible; bingbot/2.0; +http://www.bing.com/bingbot.htm)"
13.66.139.136 - - [27/Jan/2021:01:07:41 +0100] "GET /-p-34597.html HTTP/1.0" 200 69189 "-" "Mozilla/5.0 (compatible; bingbot/2.0; +http://www.bing.com/bingbot.htm)"
13.66.139.136 - - [27/Jan/2021:01:07:42 +0100] "GET /-p-3359.html HTTP/1.0" 200 69187 "-" "Mozilla/5.0 (compatible; bingbot/2.0; +http://www.bing.com/bingbot.htm)"
13.66.139.136 - - [27/Jan/2021:01:07:42 +0100] "GET /calavera-de-la-muerte-by-etienne-boyer-white-tee-shirt-p-30767.html HTTP/1.0" 200 74324 "-" "Mozilla/5.0 (compatible; bingbot/2.0; +http://www.bing.com/bingbot.htm)"
13.66.139.136 - - [27/Jan/2021:01:07:43 +0100] "GET /jolly-mah-nici-charm-phone-charm-p-33460.html HTTP/1.0" 200 71922 "-" "Mozilla/5.0 (compatible; bingbot/2.0; +http://www.bing.com/bingbot.htm)"
13.66.139.136 - - [27/Jan/2021:01:07:44 +0100] "GET /strawberry-shortcake-towel-p-9040.html HTTP/1.0" 200 71746 "-" "Mozilla/5.0 (compatible; bingbot/2.0; +http://www.bing.com/bingbot.htm)"
13.66.139.136 - - [27/Jan/2021:01:07:45 +0100] "GET /teo-jasmin-medium-cabas-teo-nova-p-43482.html HTTP/1.0" 200 72815 "-" "Mozilla/5.0 (compatible; bingbot/2.0; +http://www.bing.com/bingbot.htm)"
13.66.139.136 - - [27/Jan/2021:01:07:46 +0100] "GET /black-fancy-elastic-bracelet-p-43722.html HTTP/1.0" 200 71829 "-" "Mozilla/5.0 (compatible; bingbot/2.0; +http://www.bing.com/bingbot.htm)"
13.66.139.136 - - [27/Jan/2021:01:07:47 +0100] "GET /dubout-cats-compact-mirror-p-32233.html HTTP/1.0" 200 71911 "-" "Mozilla/5.0 (compatible; bingbot/2.0; +http://www.bing.com/bingbot.htm)"
13.66.139.136 - - [27/Jan/2021:01:07:48 +0100] "GET /the-beatles-travel-mug-p-12698.html HTTP/1.0" 200 71742 "-" "Mozilla/5.0 (compatible; bingbot/2.0; +http://www.bing.com/bingbot.htm)"
13.66.139.136 - - [27/Jan/2021:01:07:49 +0100] "GET /20-sacred-heart-of-jesus-aromatika-incense-sticks-p-47133.html HTTP/1.0" 200 72032 "-" "Mozilla/5.0 (compatible; bingbot/2.0; +http://www.bing.com/bingbot.htm)"
13.66.139.136 - - [27/Jan/2021:01:07:50 +0100] "GET /the-shadow-frame-cats-by-dubout-cat-nap-p-38858.html HTTP/1.0" 200 72434 "-" "Mozilla/5.0 (compatible; bingbot/2.0; +http://www.bing.com/bingbot.htm)"
13.66.139.136 - - [27/Jan/2021:01:07:51 +0100] "GET /harley-davidson-metal-plate-20-10-cm-p-40285.html HTTP/1.0" 200 71990 "-" "Mozilla/5.0 (compatible; bingbot/2.0; +http://www.bing.com/bingbot.htm)"
13.66.139.136 - - [27/Jan/2021:01:07:52 +0100] "GET /bolster-case-in-cotton-percale-80-threads-43-190-cm-p-43862.html HTTP/1.0" 200 72824 "-" "Mozilla/5.0 (compatible; bingbot/2.0; +http://www.bing.com/bingbot.htm)"
13.66.139.136 - - [27/Jan/2021:01:07:53 +0100] "GET /votive-candle-15-hours-pearl-bouquet-p-34629.html HTTP/1.0" 200 73217 "-" "Mozilla/5.0 (compatible; bingbot/2.0; +http://www.bing.com/bingbot.htm)"
13.66.139.136 - - [27/Jan/2021:01:07:54 +0100] "GET /hello-kitty-purple-square-leisure-bag-p-20563.html HTTP/1.0" 200 72289 "-" "Mozilla/5.0 (compatible; bingbot/2.0; +http://www.bing.com/bingbot.htm)"
13.66.139.136 - - [27/Jan/2021:01:07:55 +0100] "GET /bedclothes-140-200-cm-beige-striped-p-44342.html HTTP/1.0" 200 72031 "-" "Mozilla/5.0 (compatible; bingbot/2.0; +http://www.bing.com/bingbot.htm)"
13.66.139.136 - - [27/Jan/2021:01:07:56 +0100] "GET /microfibre-bed-base-cover-90-190-cm-black-p-47980.html HTTP/1.0" 200 72030 "-" "Mozilla/5.0 (compatible; bingbot/2.0; +http://www.bing.com/bingbot.htm)"
157.55.39.153 - - [27/Jan/2021:01:07:58 +0100] "GET /js/jquery.js HTTP/1.0" 200 252 "-" "Mozilla/5.0 (compatible; bingbot/2.0; +http://www.bing.com/bingbot.htm)"
157.55.39.153 - - [27/Jan/2021:01:07:59 +0100] "GET /images/3565750158564.jpg HTTP/1.0" 200 259 "-" "Mozilla/5.0 (compatible; bingbot/2.0; +http://www.bing.com/bingbot.htm)"
157.55.39.153 - - [27/Jan/2021:01:07:59 +0100] "GET /js/jquery.js HTTP/1.0" 200 252 "-" "Mozilla/5.0 (compatible; bingbot/2.0; +http://www.bing.com/bingbot.htm)"
157.55.39.153 - - [27/Jan/2021:01:07:59 +0100] "GET /js/jquery.js HTTP/1.0" 200 252 "-" "Mozilla/5.0 (compatible; bingbot/2.0; +http://www.bing.com/bingbot.htm)"
157.55.39.153 - - [27/Jan/2021:01:08:00 +0100] "GET /js/jquery.js HTTP/1.0" 200 252 "-" "Mozilla/5.0 (compatible; bingbot/2.0; +http://www.bing.com/bingbot.htm)"
13.66.139.139 - - [27/Jan/2021:01:08:09 +0100] "GET /-p-16694.html HTTP/1.0" 200 69189 "-" "Mozilla/5.0 (compatible; bingbot/2.0; +http://www.bing.com/bingbot.htm)"
13.66.139.139 - - [27/Jan/2021:01:08:09 +0100] "GET /coca-cola-rectangular-large-metal-plate-p-33725.html HTTP/1.0" 200 69335 "-" "Mozilla/5.0 (compatible; bingbot/2.0; +http://www.bing.com/bingbot.htm)"
13.66.139.139 - - [27/Jan/2021:01:08:10 +0100] "GET /-p-9387.html HTTP/1.0" 200 69187 "-" "Mozilla/5.0 (compatible; bingbot/2.0; +http://www.bing.com/bingbot.htm)"
13.66.139.139 - - [27/Jan/2021:01:08:11 +0100] "GET /jacquard-anti-stain-tablecloth-charcoal-grey-140-140-cm-p-34054.html HTTP/1.0" 200 72125 "-" "Mozilla/5.0 (compatible; bingbot/2.0; +http://www.bing.com/bingbot.htm)"
13.66.139.139 - - [27/Jan/2021:01:08:12 +0100] "GET /mini-cooper-union-jack-figurine-p-28503.html HTTP/1.0" 200 71990 "-" "Mozilla/5.0 (compatible; bingbot/2.0; +http://www.bing.com/bingbot.htm)"
13.66.139.139 - - [27/Jan/2021:01:08:13 +0100] "GET /images/med_prod/8435306290862.jpg HTTP/1.0" 200 268 "-" "Mozilla/5.0 (compatible; bingbot/2.0; +http://www.bing.com/bingbot.htm)"
13.66.139.139 - - [27/Jan/2021:01:08:14 +0100] "GET /dessert-dish-glass-with-anti-slip-feet-p-47331.html HTTP/1.0" 200 71925 "-" "Mozilla/5.0 (compatible; bingbot/2.0; +http://www.bing.com/bingbot.htm)"
13.66.139.139 - - [27/Jan/2021:01:08:15 +0100] "GET /fragrance-sachet-baked-apple-p-40548.html HTTP/1.0" 200 72544 "-" "Mozilla/5.0 (compatible; bingbot/2.0; +http://www.bing.com/bingbot.htm)"
13.66.139.139 - - [27/Jan/2021:01:08:16 +0100] "GET /marseille-set-bar-p-14931.html HTTP/1.0" 200 72618 "-" "Mozilla/5.0 (compatible; bingbot/2.0; +http://www.bing.com/bingbot.htm)"
13.66.139.139 - - [27/Jan/2021:01:08:16 +0100] "GET /beatles-story-notebook-p-17105.html HTTP/1.0" 200 73595 "-" "Mozilla/5.0 (compatible; bingbot/2.0; +http://www.bing.com/bingbot.htm)"
13.66.139.139 - - [27/Jan/2021:01:08:17 +0100] "GET /usa-retro-ottoman-storage-box-40-cm-p-40326.html HTTP/1.0" 200 72078 "-" "Mozilla/5.0 (compatible; bingbot/2.0; +http://www.bing.com/bingbot.htm)"
13.66.139.139 - - [27/Jan/2021:01:08:18 +0100] "GET /lu-trivet-p-27387.html HTTP/1.0" 200 71680 "-" "Mozilla/5.0 (compatible; bingbot/2.0; +http://www.bing.com/bingbot.htm)"
13.66.139.139 - - [27/Jan/2021:01:08:19 +0100] "GET /vespa-blue-card-holder-p-15578.html HTTP/1.0" 200 71940 "-" "Mozilla/5.0 (compatible; bingbot/2.0; +http://www.bing.com/bingbot.htm)"
13.66.139.139 - - [27/Jan/2021:01:08:20 +0100] "GET /zodiac-high-ceramic-mug-p-30781.html HTTP/1.0" 200 71793 "-" "Mozilla/5.0 (compatible; bingbot/2.0; +http://www.bing.com/bingbot.htm)"
13.66.139.139 - - [27/Jan/2021:01:08:21 +0100] "GET /kawasaki-metal-plate-p-51152.html HTTP/1.0" 200 71933 "-" "Mozilla/5.0 (compatible; bingbot/2.0; +http://www.bing.com/bingbot.htm)"
13.66.139.139 - - [27/Jan/2021:01:08:22 +0100] "GET /jakarta-yellow-carpet-60-120-cm-p-48420.html HTTP/1.0" 200 72662 "-" "Mozilla/5.0 (compatible; bingbot/2.0; +http://www.bing.com/bingbot.htm)"
13.66.139.139 - - [27/Jan/2021:01:08:23 +0100] "GET /nici-ayumi-black-plush-20-cm-p-33423.html HTTP/1.0" 200 78720 "-" "Mozilla/5.0 (compatible; bingbot/2.0; +http://www.bing.com/bingbot.htm)"
13.66.139.139 - - [27/Jan/2021:01:08:24 +0100] "GET /large-sheet-metal-coca-cola-blue-p-12354.html HTTP/1.0" 200 74063 "-" "Mozilla/5.0 (compatible; bingbot/2.0; +http://www.bing.com/bingbot.htm)"
13.66.139.139 - - [27/Jan/2021:01:08:25 +0100] "GET /cats-by-dubout-salt-and-pepper-p-32697.html HTTP/1.0" 200 71873 "-" "Mozilla/5.0 (compatible; bingbot/2.0; +http://www.bing.com/bingbot.htm)"
13.66.139.139 - - [27/Jan/2021:01:08:26 +0100] "GET /paris-grand-hotel-clock-p-26130.html HTTP/1.0" 200 71846 "-" "Mozilla/5.0 (compatible; bingbot/2.0; +http://www.bing.com/bingbot.htm)"
13.66.139.139 - - [27/Jan/2021:01:08:28 +0100] "GET /pokemon-tee-shirt-p-31060.html HTTP/1.0" 200 73513 "-" "Mozilla/5.0 (compatible; bingbot/2.0; +http://www.bing.com/bingbot.htm)"
216.18.204.215 - - [27/Jan/2021:01:08:54 +0100] "GET /bowl-happy-white-porcelain-1000-ml-made-in-germany-p-47554.html HTTP/1.0" 200 74390 "http://www.wonder-geek.com/" "Mozilla/5.0 (compatible; Adsbot/3.1)"
13.66.139.139 - - [27/Jan/2021:01:09:09 +0100] "GET /-p-11122.html HTTP/1.0" 200 69189 "-" "Mozilla/5.0 (compatible; bingbot/2.0; +http://www.bing.com/bingbot.htm)"
13.66.139.139 - - [27/Jan/2021:01:09:10 +0100] "GET / HTTP/1.0" 200 93985 "-" "Mozilla/5.0 (compatible; bingbot/2.0; +http://www.bing.com/bingbot.htm)"
216.18.204.215 - - [27/Jan/2021:01:10:04 +0100] "GET /gorjuss-zip-wallet-pastel-pattern-print-toadstools-p-34748.html HTTP/1.0" 200 73225 "http://www.wonder-geek.com/" "Mozilla/5.0 (compatible; Adsbot/3.1)"
80.95.44.211 - - [27/Jan/2021:01:10:19 +0100] "GET / HTTP/1.0" 200 94451 "-" "Mozilla/5.0 (Windows NT 6.3; Win64; x64) AppleWebKit/537.36 (KHTML, like Gecko) Chrome/75.0.3770.100 Safari/537.36"
13.66.139.139 - - [27/Jan/2021:01:10:29 +0100] "GET /-p-20164.html HTTP/1.0" 200 69189 "-" "Mozilla/5.0 (compatible; bingbot/2.0; +http://www.bing.com/bingbot.htm)"
13.66.139.136 - - [27/Jan/2021:01:10:37 +0100] "GET /images/1300010240274.jpg HTTP/1.0" 200 259 "-" "Mozilla/5.0 (compatible; bingbot/2.0; +http://www.bing.com/bingbot.htm)"
54.36.148.229 - - [27/Jan/2021:01:11:02 +0100] "GET /long-sleeves-shirts-c-2_40.html HTTP/1.0" 200 68172 "-" "Mozilla/5.0 (compatible; AhrefsBot/7.0; +http://ahrefs.com/robot/)"
207.46.13.53 - - [27/Jan/2021:01:11:04 +0100] "GET /images/big_prod/1345544941891N.jpg HTTP/1.0" 200 269 "-" "Mozilla/5.0 (compatible; bingbot/2.0; +http://www.bing.com/bingbot.htm)"
216.18.204.215 - - [27/Jan/2021:01:11:26 +0100] "GET /industrial-retro-clock-in-aged-metal-185-85-435-cm-p-48587.html HTTP/1.0" 200 72875 "http://www.wonder-geek.com/" "Mozilla/5.0 (compatible; Adsbot/3.1)"
216.18.204.215 - - [27/Jan/2021:01:12:30 +0100] "GET /russian-dolls-by-cbk-white-shirt-printed-in-france-p-33744.html HTTP/1.0" 200 74116 "http://www.wonder-geek.com/" "Mozilla/5.0 (compatible; Adsbot/3.1)"
216.18.204.215 - - [27/Jan/2021:01:12:49 +0100] "GET /the-marseillaise-expressions-white-women-tee-shirt-p-35575.html HTTP/1.0" 200 73991 "http://www.wonder-geek.com/" "Mozilla/5.0 (compatible; Adsbot/3.1)"
216.18.204.215 - - [27/Jan/2021:01:13:16 +0100] "GET /large-tassen-porcelain-hopeful-bowl-made-in-germany-p-52576.html HTTP/1.0" 200 72958 "http://www.wonder-geek.com/" "Mozilla/5.0 (compatible; Adsbot/3.1)"
207.46.13.37 - - [27/Jan/2021:01:13:24 +0100] "GET /images/1399984242520.jpg HTTP/1.0" 200 259 "-" "Mozilla/5.0 (compatible; bingbot/2.0; +http://www.bing.com/bingbot.htm)"
207.46.13.37 - - [27/Jan/2021:01:13:25 +0100] "GET /marilyn-monroe-carrying-case-25-cm-p-29443.html HTTP/1.0" 200 71955 "-" "Mozilla/5.0 (compatible; bingbot/2.0; +http://www.bing.com/bingbot.htm)"
207.46.13.37 - - [27/Jan/2021:01:13:26 +0100] "GET /decorations-and-furnishings/zippo-harley-davidson-lighter-belt-case-p-13408.html HTTP/1.0" 301 72757 "-" "Mozilla/5.0 (compatible; bingbot/2.0; +http://www.bing.com/bingbot.htm)"
207.46.13.37 - - [27/Jan/2021:01:13:27 +0100] "GET /images/big_prod_2/1328399219575b.jpg HTTP/1.0" 200 271 "-" "Mozilla/5.0 (compatible; bingbot/2.0; +http://www.bing.com/bingbot.htm)"
207.46.13.37 - - [27/Jan/2021:01:13:28 +0100] "GET /images/10350.jpg HTTP/1.0" 200 251 "-" "Mozilla/5.0 (compatible; bingbot/2.0; +http://www.bing.com/bingbot.htm)"
116.202.237.217 - - [27/Jan/2021:01:13:29 +0100] "GET /images/3700235419345.jpg HTTP/1.0" 200 259 "-" "Mozilla/5.0 (X11; Fedora; Linux x86_64) AppleWebKit/537.36 (KHTML, like Gecko) Chrome/79.0.3945.117 Safari/537.36"
216.18.204.215 - - [27/Jan/2021:01:13:39 +0100] "GET /legends-never-die-made-in-the-usa-metal-clock-49-cm-p-44431.html HTTP/1.0" 200 72079 "http://www.wonder-geek.com/" "Mozilla/5.0 (compatible; Adsbot/3.1)"
216.18.204.215 - - [27/Jan/2021:01:13:58 +0100] "GET /star-wars-the-black-series-tie-fighter-pilot-figure-p-34593.html HTTP/1.0" 200 72257 "http://www.wonder-geek.com/" "Mozilla/5.0 (compatible; Adsbot/3.1)"
51.68.224.127 - - [27/Jan/2021:01:14:05 +0100] "GET /adminweb/export_orders_xml.php?token=256de2z6edz6ed2z6DFSFsed2zed6zeDSFDSGdzedezfzf&maxorders=10&orderstart=1&status=14&start_date=2018-10-01 HTTP/1.0" 200 285 "-" "GesCom CharlotteBoutik Serveur"
