13.66.139.5 - - [26/Jan/2021:17:43:10 +0100] "GET /beatles-cover-smartphone-p-8883.html HTTP/1.0" 200 72126 "-" "Mozilla/5.0 (compatible; bingbot/2.0; +http://www.bing.com/bingbot.htm)"
13.66.139.5 - - [26/Jan/2021:17:43:11 +0100] "GET /mr-men-melamine-plate-p-4256.html HTTP/1.0" 200 69261 "-" "Mozilla/5.0 (compatible; bingbot/2.0; +http://www.bing.com/bingbot.htm)"
13.66.139.5 - - [26/Jan/2021:17:43:12 +0100] "GET /wine-metal-plate-deco-p-36125.html HTTP/1.0" 200 71823 "-" "Mozilla/5.0 (compatible; bingbot/2.0; +http://www.bing.com/bingbot.htm)"
13.66.139.5 - - [26/Jan/2021:17:43:13 +0100] "GET /horses-keyring-p-33561.html HTTP/1.0" 200 73002 "-" "Mozilla/5.0 (compatible; bingbot/2.0; +http://www.bing.com/bingbot.htm)"
13.66.139.5 - - [26/Jan/2021:17:43:14 +0100] "GET /cars-straws-box-p-16548.html HTTP/1.0" 200 72187 "-" "Mozilla/5.0 (compatible; bingbot/2.0; +http://www.bing.com/bingbot.htm)"
13.66.139.5 - - [26/Jan/2021:17:43:15 +0100] "GET /gund-boo-13-cm-plush-itty-bitty-boo-quackin-up-easter-hoodie-p-32805.html HTTP/1.0" 200 76709 "-" "Mozilla/5.0 (compatible; bingbot/2.0; +http://www.bing.com/bingbot.htm)"
13.66.139.5 - - [26/Jan/2021:17:43:16 +0100] "GET /mouse-pad-c-13_85.html HTTP/1.0" 200 91223 "-" "Mozilla/5.0 (compatible; bingbot/2.0; +http://www.bing.com/bingbot.htm)"
13.66.139.5 - - [26/Jan/2021:17:43:17 +0100] "GET /-p-32726.html HTTP/1.0" 200 69189 "-" "Mozilla/5.0 (compatible; bingbot/2.0; +http://www.bing.com/bingbot.htm)"
207.46.13.37 - - [26/Jan/2021:17:43:18 +0100] "GET /glasses-case-c-31_164.html?page=2 HTTP/1.0" 200 89874 "-" "Mozilla/5.0 (compatible; bingbot/2.0; +http://www.bing.com/bingbot.htm)"
13.66.139.136 - - [26/Jan/2021:17:43:23 +0100] "GET /sleepwear-c-2_42.html HTTP/1.0" 200 68104 "-" "Mozilla/5.0 (compatible; bingbot/2.0; +http://www.bing.com/bingbot.htm)"
13.66.139.136 - - [26/Jan/2021:17:43:24 +0100] "GET /glasses-case-c-31_164.html HTTP/1.0" 200 89535 "-" "Mozilla/5.0 (compatible; bingbot/2.0; +http://www.bing.com/bingbot.htm)"
13.66.139.136 - - [26/Jan/2021:17:43:25 +0100] "GET /-p-33194.html HTTP/1.0" 200 69189 "-" "Mozilla/5.0 (compatible; bingbot/2.0; +http://www.bing.com/bingbot.htm)"
13.66.139.136 - - [26/Jan/2021:17:43:26 +0100] "GET /alarms-clocks-c-13_65.html HTTP/1.0" 200 90172 "-" "Mozilla/5.0 (compatible; bingbot/2.0; +http://www.bing.com/bingbot.htm)"
13.66.139.136 - - [26/Jan/2021:17:43:27 +0100] "GET /-p-22546.html HTTP/1.0" 200 69189 "-" "Mozilla/5.0 (compatible; bingbot/2.0; +http://www.bing.com/bingbot.htm)"
66.249.70.33 - - [26/Jan/2021:17:43:26 +0100] "GET /spanish-kitchen-towel-p-38868.html HTTP/1.0" 200 71806 "-" "Mozilla/5.0 (Linux; Android 6.0.1; Nexus 5X Build/MMB29P) AppleWebKit/537.36 (KHTML, like Gecko) Chrome/88.0.4324.113 Mobile Safari/537.36 (compatible; Googlebot/2.1; +http://www.google.com/bot.html)"
13.66.139.136 - - [26/Jan/2021:17:43:28 +0100] "GET /-p-19065.html HTTP/1.0" 200 69189 "-" "Mozilla/5.0 (compatible; bingbot/2.0; +http://www.bing.com/bingbot.htm)"
13.66.139.136 - - [26/Jan/2021:17:43:29 +0100] "GET /-p-29839.html HTTP/1.0" 200 69189 "-" "Mozilla/5.0 (compatible; bingbot/2.0; +http://www.bing.com/bingbot.htm)"
13.66.139.5 - - [26/Jan/2021:17:43:30 +0100] "GET /industrial-retro-clock-in-aged-metal-31-285-cm-p-48585.html HTTP/1.0" 200 72184 "-" "Mozilla/5.0 (compatible; bingbot/2.0; +http://www.bing.com/bingbot.htm)"
13.66.139.5 - - [26/Jan/2021:17:43:31 +0100] "GET /trays-c-12_159.html HTTP/1.0" 200 91190 "-" "Mozilla/5.0 (compatible; bingbot/2.0; +http://www.bing.com/bingbot.htm)"
13.66.139.5 - - [26/Jan/2021:17:43:32 +0100] "GET /-p-25586.html HTTP/1.0" 200 69189 "-" "Mozilla/5.0 (compatible; bingbot/2.0; +http://www.bing.com/bingbot.htm)"
13.66.139.5 - - [26/Jan/2021:17:43:33 +0100] "GET /-p-32223.html HTTP/1.0" 200 69189 "-" "Mozilla/5.0 (compatible; bingbot/2.0; +http://www.bing.com/bingbot.htm)"
13.66.139.5 - - [26/Jan/2021:17:43:34 +0100] "GET /-p-39591.html HTTP/1.0" 200 69189 "-" "Mozilla/5.0 (compatible; bingbot/2.0; +http://www.bing.com/bingbot.htm)"
13.66.139.5 - - [26/Jan/2021:17:43:35 +0100] "GET /-p-24703.html HTTP/1.0" 200 69189 "-" "Mozilla/5.0 (compatible; bingbot/2.0; +http://www.bing.com/bingbot.htm)"
13.66.139.5 - - [26/Jan/2021:17:43:36 +0100] "GET /-p-10283.html HTTP/1.0" 200 69189 "-" "Mozilla/5.0 (compatible; bingbot/2.0; +http://www.bing.com/bingbot.htm)"
13.66.139.5 - - [26/Jan/2021:17:43:37 +0100] "GET /-p-17658.html HTTP/1.0" 200 69189 "-" "Mozilla/5.0 (compatible; bingbot/2.0; +http://www.bing.com/bingbot.htm)"
5.255.231.71 - - [26/Jan/2021:17:43:37 +0100] "GET /robots.txt HTTP/1.0" 200 245 "-" "Mozilla/5.0 (compatible; YandexBot/3.0; +http://yandex.com/bots)"
13.66.139.136 - - [26/Jan/2021:17:43:38 +0100] "GET /-p-15707.html HTTP/1.0" 200 69189 "-" "Mozilla/5.0 (compatible; bingbot/2.0; +http://www.bing.com/bingbot.htm)"
13.66.139.136 - - [26/Jan/2021:17:43:39 +0100] "GET /-p-24875.html HTTP/1.0" 200 69189 "-" "Mozilla/5.0 (compatible; bingbot/2.0; +http://www.bing.com/bingbot.htm)"
13.66.139.136 - - [26/Jan/2021:17:43:40 +0100] "GET /-p-29838.html HTTP/1.0" 200 69189 "-" "Mozilla/5.0 (compatible; bingbot/2.0; +http://www.bing.com/bingbot.htm)"
13.66.139.136 - - [26/Jan/2021:17:43:41 +0100] "GET /-p-38836.html HTTP/1.0" 200 69189 "-" "Mozilla/5.0 (compatible; bingbot/2.0; +http://www.bing.com/bingbot.htm)"
5.255.231.71 - - [26/Jan/2021:17:43:41 +0100] "GET /nici-ayumi-green-mirror-bag-p-33428.html HTTP/1.0" 200 71910 "-" "Mozilla/5.0 (compatible; YandexBot/3.0; +http://yandex.com/bots)"
13.66.139.136 - - [26/Jan/2021:17:43:42 +0100] "GET /-p-19145.html HTTP/1.0" 200 69189 "-" "Mozilla/5.0 (compatible; bingbot/2.0; +http://www.bing.com/bingbot.htm)"
13.66.139.136 - - [26/Jan/2021:17:43:43 +0100] "GET /-p-18289.html HTTP/1.0" 200 69189 "-" "Mozilla/5.0 (compatible; bingbot/2.0; +http://www.bing.com/bingbot.htm)"
13.66.139.136 - - [26/Jan/2021:17:43:43 +0100] "GET /-p-25629.html HTTP/1.0" 200 69189 "-" "Mozilla/5.0 (compatible; bingbot/2.0; +http://www.bing.com/bingbot.htm)"
13.66.139.136 - - [26/Jan/2021:17:43:45 +0100] "GET /-p-22835.html HTTP/1.0" 200 69189 "-" "Mozilla/5.0 (compatible; bingbot/2.0; +http://www.bing.com/bingbot.htm)"
13.66.139.136 - - [26/Jan/2021:17:43:46 +0100] "GET /-p-20344.html HTTP/1.0" 200 69189 "-" "Mozilla/5.0 (compatible; bingbot/2.0; +http://www.bing.com/bingbot.htm)"
13.66.139.136 - - [26/Jan/2021:17:43:47 +0100] "GET /beyblade-m-236.html HTTP/1.0" 200 79322 "-" "Mozilla/5.0 (compatible; bingbot/2.0; +http://www.bing.com/bingbot.htm)"
66.249.70.62 - - [26/Jan/2021:17:43:48 +0100] "GET /mojito-kitchen-towel-p-42971.html HTTP/1.0" 200 71799 "-" "Mozilla/5.0 (Linux; Android 6.0.1; Nexus 5X Build/MMB29P) AppleWebKit/537.36 (KHTML, like Gecko) Chrome/88.0.4324.113 Mobile Safari/537.36 (compatible; Googlebot/2.1; +http://www.google.com/bot.html)"
13.66.139.136 - - [26/Jan/2021:17:43:48 +0100] "GET /-p-10496.html HTTP/1.0" 200 69189 "-" "Mozilla/5.0 (compatible; bingbot/2.0; +http://www.bing.com/bingbot.htm)"
13.66.139.136 - - [26/Jan/2021:17:43:49 +0100] "GET /table-setting-c-97_99.html HTTP/1.0" 200 79499 "-" "Mozilla/5.0 (compatible; bingbot/2.0; +http://www.bing.com/bingbot.htm)"
157.55.39.149 - - [26/Jan/2021:17:43:50 +0100] "GET /images/8435306240188.jpg HTTP/1.0" 200 259 "-" "Mozilla/5.0 (compatible; bingbot/2.0; +http://www.bing.com/bingbot.htm)"
13.66.139.136 - - [26/Jan/2021:17:43:55 +0100] "GET /-p-39103.html HTTP/1.0" 200 69189 "-" "Mozilla/5.0 (compatible; bingbot/2.0; +http://www.bing.com/bingbot.htm)"
13.66.139.136 - - [26/Jan/2021:17:43:56 +0100] "GET /-p-19908.html HTTP/1.0" 200 69189 "-" "Mozilla/5.0 (compatible; bingbot/2.0; +http://www.bing.com/bingbot.htm)"
13.66.139.136 - - [26/Jan/2021:17:43:57 +0100] "GET /-p-19701.html HTTP/1.0" 200 69189 "-" "Mozilla/5.0 (compatible; bingbot/2.0; +http://www.bing.com/bingbot.htm)"
13.66.139.136 - - [26/Jan/2021:17:43:58 +0100] "GET /-p-16048.html HTTP/1.0" 200 69189 "-" "Mozilla/5.0 (compatible; bingbot/2.0; +http://www.bing.com/bingbot.htm)"
13.66.139.136 - - [26/Jan/2021:17:43:59 +0100] "GET /tablecloth-azulejos-treated-anti-stain-blue-150-150-cm-p-48519.html HTTP/1.0" 200 72797 "-" "Mozilla/5.0 (compatible; bingbot/2.0; +http://www.bing.com/bingbot.htm)"
13.66.139.136 - - [26/Jan/2021:17:44:00 +0100] "GET /the-little-mermaid-money-box-p-4671.html HTTP/1.0" 200 71869 "-" "Mozilla/5.0 (compatible; bingbot/2.0; +http://www.bing.com/bingbot.htm)"
13.66.139.136 - - [26/Jan/2021:17:44:01 +0100] "GET /periodic-system-shower-curtain-180-180-cm-p-41939.html HTTP/1.0" 200 72016 "-" "Mozilla/5.0 (compatible; bingbot/2.0; +http://www.bing.com/bingbot.htm)"
13.66.139.136 - - [26/Jan/2021:17:44:03 +0100] "GET /beatles-storage-box-p-5111.html HTTP/1.0" 200 71942 "-" "Mozilla/5.0 (compatible; bingbot/2.0; +http://www.bing.com/bingbot.htm)"
13.66.139.136 - - [26/Jan/2021:17:44:04 +0100] "GET /paris-eiffel-tower-metal-key-ring-skull-p-38616.html HTTP/1.0" 200 71968 "-" "Mozilla/5.0 (compatible; bingbot/2.0; +http://www.bing.com/bingbot.htm)"
13.66.139.136 - - [26/Jan/2021:17:44:05 +0100] "GET /square-wooden-box-with-metal-stud-decorations-p-48059.html HTTP/1.0" 200 72278 "-" "Mozilla/5.0 (compatible; bingbot/2.0; +http://www.bing.com/bingbot.htm)"
13.66.139.136 - - [26/Jan/2021:17:44:06 +0100] "GET /jamaican-by-cbkreation-alarm-clock-p-25002.html HTTP/1.0" 200 71958 "-" "Mozilla/5.0 (compatible; bingbot/2.0; +http://www.bing.com/bingbot.htm)"
13.66.139.5 - - [26/Jan/2021:17:44:08 +0100] "GET /-p-29883.html HTTP/1.0" 200 69189 "-" "Mozilla/5.0 (compatible; bingbot/2.0; +http://www.bing.com/bingbot.htm)"
13.66.139.5 - - [26/Jan/2021:17:44:08 +0100] "GET /-p-22409.html HTTP/1.0" 200 69189 "-" "Mozilla/5.0 (compatible; bingbot/2.0; +http://www.bing.com/bingbot.htm)"
13.66.139.5 - - [26/Jan/2021:17:44:09 +0100] "GET /-p-30765.html HTTP/1.0" 200 69189 "-" "Mozilla/5.0 (compatible; bingbot/2.0; +http://www.bing.com/bingbot.htm)"
13.66.139.5 - - [26/Jan/2021:17:44:10 +0100] "GET /-p-21979.html HTTP/1.0" 200 69189 "-" "Mozilla/5.0 (compatible; bingbot/2.0; +http://www.bing.com/bingbot.htm)"
13.66.139.5 - - [26/Jan/2021:17:44:11 +0100] "GET /-p-12122.html HTTP/1.0" 200 69189 "-" "Mozilla/5.0 (compatible; bingbot/2.0; +http://www.bing.com/bingbot.htm)"
13.66.139.5 - - [26/Jan/2021:17:44:12 +0100] "GET /-p-29473.html HTTP/1.0" 200 69189 "-" "Mozilla/5.0 (compatible; bingbot/2.0; +http://www.bing.com/bingbot.htm)"
66.249.70.33 - - [26/Jan/2021:17:44:13 +0100] "GET /yuco-quilted-glove-and-potholder-tomette-p-48216.html HTTP/1.0" 200 72969 "-" "Mozilla/5.0 (Linux; Android 6.0.1; Nexus 5X Build/MMB29P) AppleWebKit/537.36 (KHTML, like Gecko) Chrome/88.0.4324.113 Mobile Safari/537.36 (compatible; Googlebot/2.1; +http://www.google.com/bot.html)"
13.66.139.5 - - [26/Jan/2021:17:44:13 +0100] "GET /-p-6455.html HTTP/1.0" 200 69187 "-" "Mozilla/5.0 (compatible; bingbot/2.0; +http://www.bing.com/bingbot.htm)"
13.66.139.5 - - [26/Jan/2021:17:44:15 +0100] "GET /-p-11624.html HTTP/1.0" 200 69189 "-" "Mozilla/5.0 (compatible; bingbot/2.0; +http://www.bing.com/bingbot.htm)"
13.66.139.5 - - [26/Jan/2021:17:44:16 +0100] "GET /provence-soap-dish-p-44566.html HTTP/1.0" 200 71805 "-" "Mozilla/5.0 (compatible; bingbot/2.0; +http://www.bing.com/bingbot.htm)"
13.66.139.5 - - [26/Jan/2021:17:44:17 +0100] "GET /salt-and-pepper-pot-milk-p-47918.html HTTP/1.0" 200 71860 "-" "Mozilla/5.0 (compatible; bingbot/2.0; +http://www.bing.com/bingbot.htm)"
13.66.139.5 - - [26/Jan/2021:17:44:18 +0100] "GET /bib-barbabelle-p-13335.html HTTP/1.0" 200 71916 "-" "Mozilla/5.0 (compatible; bingbot/2.0; +http://www.bing.com/bingbot.htm)"
13.66.139.5 - - [26/Jan/2021:17:44:18 +0100] "GET /cotton-floor-cushion-40-cm-st-maxime-p-51080.html HTTP/1.0" 301 69256 "-" "Mozilla/5.0 (compatible; bingbot/2.0; +http://www.bing.com/bingbot.htm)"
13.66.139.5 - - [26/Jan/2021:17:44:19 +0100] "GET /kimmidoll-mizuyo-jewelry-box-p-31948.html HTTP/1.0" 200 72070 "-" "Mozilla/5.0 (compatible; bingbot/2.0; +http://www.bing.com/bingbot.htm)"
13.66.139.5 - - [26/Jan/2021:17:44:20 +0100] "GET /hello-kitty-by-camomilla-large-handbag-p-4408.html HTTP/1.0" 200 72185 "-" "Mozilla/5.0 (compatible; bingbot/2.0; +http://www.bing.com/bingbot.htm)"
13.66.139.5 - - [26/Jan/2021:17:44:24 +0100] "GET /decorative-and-useful-fan-klimt-p-52200.html HTTP/1.0" 200 72511 "-" "Mozilla/5.0 (compatible; bingbot/2.0; +http://www.bing.com/bingbot.htm)"
13.66.139.5 - - [26/Jan/2021:17:44:25 +0100] "GET /small-box-for-baby-teeth-the-small-mouse-p-49165.html HTTP/1.0" 200 72099 "-" "Mozilla/5.0 (compatible; bingbot/2.0; +http://www.bing.com/bingbot.htm)"
51.68.224.127 - - [26/Jan/2021:17:44:44 +0100] "GET /adminweb/export_orders_xml.php?token=256de2z6edz6ed2z6DFSFsed2zed6zeDSFDSGdzedezfzf&maxorders=10&orderstart=1&status=14&start_date=2018-10-01 HTTP/1.0" 200 285 "-" "GesCom CharlotteBoutik Serveur"
51.68.224.127 - - [26/Jan/2021:17:44:44 +0100] "GET /adminweb/export_orders_xml.php?token=256de2z6edz6ed2z6DFSFsed2zed6zeDSFDSGdzedezfzf&maxorders=10&orderstart=1&status=6&start_date=2018-10-01 HTTP/1.0" 200 29990 "-" "GesCom CharlotteBoutik Serveur"
54.36.148.87 - - [26/Jan/2021:17:44:52 +0100] "GET /nintendo-1up-mushroom-shirt-p-29606.html HTTP/1.0" 200 73022 "-" "Mozilla/5.0 (compatible; AhrefsBot/7.0; +http://ahrefs.com/robot/)"
66.249.70.36 - - [26/Jan/2021:17:45:07 +0100] "GET /yuco-quilted-glove-and-potholder-jade-p-48215.html HTTP/1.0" 200 72942 "-" "Mozilla/5.0 (Linux; Android 6.0.1; Nexus 5X Build/MMB29P) AppleWebKit/537.36 (KHTML, like Gecko) Chrome/88.0.4324.113 Mobile Safari/537.36 (compatible; Googlebot/2.1; +http://www.google.com/bot.html)"
66.249.70.36 - - [26/Jan/2021:17:46:14 +0100] "GET /vintage-kitchen-towel-p-43126.html HTTP/1.0" 200 71814 "-" "Mozilla/5.0 (Linux; Android 6.0.1; Nexus 5X Build/MMB29P) AppleWebKit/537.36 (KHTML, like Gecko) Chrome/88.0.4324.113 Mobile Safari/537.36 (compatible; Googlebot/2.1; +http://www.google.com/bot.html)"
66.249.70.62 - - [26/Jan/2021:17:47:34 +0100] "GET /dragonflies-kitchen-towel-p-47525.html HTTP/1.0" 200 71834 "-" "Mozilla/5.0 (Linux; Android 6.0.1; Nexus 5X Build/MMB29P) AppleWebKit/537.36 (KHTML, like Gecko) Chrome/88.0.4324.113 Mobile Safari/537.36 (compatible; Googlebot/2.1; +http://www.google.com/bot.html)"
66.249.70.62 - - [26/Jan/2021:17:48:27 +0100] "GET /waterproof-terry-bolster-protective-cover-90-70-cm-p-53661.html HTTP/1.0" 200 72256 "-" "Mozilla/5.0 (Linux; Android 6.0.1; Nexus 5X Build/MMB29P) AppleWebKit/537.36 (KHTML, like Gecko) Chrome/88.0.4324.113 Mobile Safari/537.36 (compatible; Googlebot/2.1; +http://www.google.com/bot.html)"
157.55.39.149 - - [26/Jan/2021:17:48:38 +0100] "GET /crayola-farm-stamper-kit-p-16685.html HTTP/1.0" 200 69300 "-" "Mozilla/5.0 (compatible; bingbot/2.0; +http://www.bing.com/bingbot.htm)"
207.46.13.53 - - [26/Jan/2021:17:48:55 +0100] "GET /images/med_prod/000000000000008760N.jpg HTTP/1.0" 200 274 "-" "Mozilla/5.0 (compatible; bingbot/2.0; +http://www.bing.com/bingbot.htm)"
66.249.70.33 - - [26/Jan/2021:17:49:07 +0100] "GET /marseille-kitchen-towel-p-38791.html HTTP/1.0" 200 71843 "-" "Mozilla/5.0 (Linux; Android 6.0.1; Nexus 5X Build/MMB29P) AppleWebKit/537.36 (KHTML, like Gecko) Chrome/88.0.4324.113 Mobile Safari/537.36 (compatible; Googlebot/2.1; +http://www.google.com/bot.html)"
54.36.148.111 - - [26/Jan/2021:17:49:11 +0100] "GET /mugs-and-mazagrans-c-12_57.html?page=19 HTTP/1.0" 200 96693 "-" "Mozilla/5.0 (compatible; AhrefsBot/7.0; +http://ahrefs.com/robot/)"
207.46.13.53 - - [26/Jan/2021:17:49:16 +0100] "GET /images/big_prod/5018997616239.jpg HTTP/1.0" 200 268 "-" "Mozilla/5.0 (compatible; bingbot/2.0; +http://www.bing.com/bingbot.htm)"
66.249.70.62 - - [26/Jan/2021:17:49:39 +0100] "GET /chair-cushion-roma-40-40-cm-p-43317.html HTTP/1.0" 200 71882 "-" "Mozilla/5.0 (Linux; Android 6.0.1; Nexus 5X Build/MMB29P) AppleWebKit/537.36 (KHTML, like Gecko) Chrome/88.0.4324.113 Mobile Safari/537.36 (compatible; Googlebot/2.1; +http://www.google.com/bot.html)"
207.46.13.55 - - [26/Jan/2021:17:49:51 +0100] "GET /images/big_prod/3349600105690.jpg HTTP/1.0" 200 268 "-" "Mozilla/5.0 (compatible; bingbot/2.0; +http://www.bing.com/bingbot.htm)"
66.249.70.62 - - [26/Jan/2021:17:50:02 +0100] "GET /tania-velvet-chair-cushion-green-40-cm-p-49353.html HTTP/1.0" 200 72814 "-" "Mozilla/5.0 (Linux; Android 6.0.1; Nexus 5X Build/MMB29P) AppleWebKit/537.36 (KHTML, like Gecko) Chrome/88.0.4324.113 Mobile Safari/537.36 (compatible; Googlebot/2.1; +http://www.google.com/bot.html)"
207.46.13.37 - - [26/Jan/2021:17:50:17 +0100] "GET /images/med_prod/9316188060349.jpg HTTP/1.0" 200 268 "-" "Mozilla/5.0 (compatible; bingbot/2.0; +http://www.bing.com/bingbot.htm)"
157.55.39.153 - - [26/Jan/2021:17:50:20 +0100] "GET /images/big_prod/3453131145060BB.jpg HTTP/1.0" 200 270 "-" "Mozilla/5.0 (compatible; bingbot/2.0; +http://www.bing.com/bingbot.htm)"
66.249.70.62 - - [26/Jan/2021:17:50:22 +0100] "GET /yuco-quilted-glove-and-potholder-curry-p-48214.html HTTP/1.0" 200 72951 "-" "Mozilla/5.0 (Linux; Android 6.0.1; Nexus 5X Build/MMB29P) AppleWebKit/537.36 (KHTML, like Gecko) Chrome/88.0.4324.113 Mobile Safari/537.36 (compatible; Googlebot/2.1; +http://www.google.com/bot.html)"
66.249.70.62 - - [26/Jan/2021:17:50:45 +0100] "GET /tania-velvet-chair-cushion-grey-40-cm-p-49317.html HTTP/1.0" 200 72806 "-" "Mozilla/5.0 (Linux; Android 6.0.1; Nexus 5X Build/MMB29P) AppleWebKit/537.36 (KHTML, like Gecko) Chrome/88.0.4324.113 Mobile Safari/537.36 (compatible; Googlebot/2.1; +http://www.google.com/bot.html)"
66.249.70.33 - - [26/Jan/2021:17:51:10 +0100] "GET /tania-velvet-chair-cushion-beige-40-cm-p-49352.html HTTP/1.0" 200 72814 "-" "Mozilla/5.0 (Linux; Android 6.0.1; Nexus 5X Build/MMB29P) AppleWebKit/537.36 (KHTML, like Gecko) Chrome/88.0.4324.113 Mobile Safari/537.36 (compatible; Googlebot/2.1; +http://www.google.com/bot.html)"
66.249.70.33 - - [26/Jan/2021:17:51:35 +0100] "GET /sentiment-tea-towel-kitchen-towel-70-35-cm-p-43645.html HTTP/1.0" 200 72636 "-" "Mozilla/5.0 (Linux; Android 6.0.1; Nexus 5X Build/MMB29P) AppleWebKit/537.36 (KHTML, like Gecko) Chrome/88.0.4324.113 Mobile Safari/537.36 (compatible; Googlebot/2.1; +http://www.google.com/bot.html)"
66.249.70.62 - - [26/Jan/2021:17:51:47 +0100] "GET /sentiment-tea-towel-kitchen-towel-70-35-cm-p-43648.html HTTP/1.0" 200 72636 "-" "Mozilla/5.0 (Linux; Android 6.0.1; Nexus 5X Build/MMB29P) AppleWebKit/537.36 (KHTML, like Gecko) Chrome/88.0.4324.113 Mobile Safari/537.36 (compatible; Googlebot/2.1; +http://www.google.com/bot.html)"
66.249.70.62 - - [26/Jan/2021:17:52:01 +0100] "GET /tania-velvet-chair-cushion-burgundy-40-cm-p-49316.html HTTP/1.0" 200 72841 "-" "Mozilla/5.0 (Linux; Android 6.0.1; Nexus 5X Build/MMB29P) AppleWebKit/537.36 (KHTML, like Gecko) Chrome/88.0.4324.113 Mobile Safari/537.36 (compatible; Googlebot/2.1; +http://www.google.com/bot.html)"
66.249.70.62 - - [26/Jan/2021:17:52:15 +0100] "GET /tania-velvet-chair-cushion-brick-color-40-cm-p-49354.html HTTP/1.0" 200 72869 "-" "Mozilla/5.0 (Linux; Android 6.0.1; Nexus 5X Build/MMB29P) AppleWebKit/537.36 (KHTML, like Gecko) Chrome/88.0.4324.113 Mobile Safari/537.36 (compatible; Googlebot/2.1; +http://www.google.com/bot.html)"
66.249.70.62 - - [26/Jan/2021:17:52:30 +0100] "GET /chair-cushion-40-cm-p-52165.html HTTP/1.0" 200 71824 "-" "Mozilla/5.0 (Linux; Android 6.0.1; Nexus 5X Build/MMB29P) AppleWebKit/537.36 (KHTML, like Gecko) Chrome/88.0.4324.113 Mobile Safari/537.36 (compatible; Googlebot/2.1; +http://www.google.com/bot.html)"
66.249.70.62 - - [26/Jan/2021:17:52:44 +0100] "GET /sentiment-tea-towel-kitchen-towel-70-35-cm-p-43649.html HTTP/1.0" 200 72636 "-" "Mozilla/5.0 (Linux; Android 6.0.1; Nexus 5X Build/MMB29P) AppleWebKit/537.36 (KHTML, like Gecko) Chrome/88.0.4324.113 Mobile Safari/537.36 (compatible; Googlebot/2.1; +http://www.google.com/bot.html)"
66.249.70.62 - - [26/Jan/2021:17:52:57 +0100] "GET /sentiment-tea-towel-kitchen-towel-70-35-cm-p-43637.html HTTP/1.0" 200 72636 "-" "Mozilla/5.0 (Linux; Android 6.0.1; Nexus 5X Build/MMB29P) AppleWebKit/537.36 (KHTML, like Gecko) Chrome/88.0.4324.113 Mobile Safari/537.36 (compatible; Googlebot/2.1; +http://www.google.com/bot.html)"
54.36.148.26 - - [26/Jan/2021:17:53:06 +0100] "GET /american-legend-full-service-mirror-p-21293.html HTTP/1.0" 200 71866 "-" "Mozilla/5.0 (compatible; AhrefsBot/7.0; +http://ahrefs.com/robot/)"
66.249.70.36 - - [26/Jan/2021:17:53:11 +0100] "GET /sentiment-tea-towel-kitchen-towel-70-35-cm-p-43626.html HTTP/1.0" 200 72636 "-" "Mozilla/5.0 (Linux; Android 6.0.1; Nexus 5X Build/MMB29P) AppleWebKit/537.36 (KHTML, like Gecko) Chrome/88.0.4324.113 Mobile Safari/537.36 (compatible; Googlebot/2.1; +http://www.google.com/bot.html)"
66.249.70.33 - - [26/Jan/2021:17:53:25 +0100] "GET /sentiment-tea-towel-kitchen-towel-70-35-cm-p-43636.html HTTP/1.0" 200 72636 "-" "Mozilla/5.0 (Linux; Android 6.0.1; Nexus 5X Build/MMB29P) AppleWebKit/537.36 (KHTML, like Gecko) Chrome/88.0.4324.113 Mobile Safari/537.36 (compatible; Googlebot/2.1; +http://www.google.com/bot.html)"
167.99.221.14 - - [26/Jan/2021:17:53:39 +0100] "GET / HTTP/1.0" 301 511 "-" "Mozilla/5.0 (Windows NT 10.0; Win64; x64) AppleWebKit/537.36 (KHTML, like Gecko) Chrome/78.0.3904.108 Safari/537.36"
66.249.70.62 - - [26/Jan/2021:17:53:39 +0100] "GET /sentiment-tea-towel-kitchen-towel-70-35-cm-p-43630.html HTTP/1.0" 200 72636 "-" "Mozilla/5.0 (Linux; Android 6.0.1; Nexus 5X Build/MMB29P) AppleWebKit/537.36 (KHTML, like Gecko) Chrome/88.0.4324.113 Mobile Safari/537.36 (compatible; Googlebot/2.1; +http://www.google.com/bot.html)"
66.249.70.62 - - [26/Jan/2021:17:53:54 +0100] "GET /sentiment-tea-towel-kitchen-towel-70-35-cm-p-43623.html HTTP/1.0" 200 72638 "-" "Mozilla/5.0 (Linux; Android 6.0.1; Nexus 5X Build/MMB29P) AppleWebKit/537.36 (KHTML, like Gecko) Chrome/88.0.4324.113 Mobile Safari/537.36 (compatible; Googlebot/2.1; +http://www.google.com/bot.html)"
66.249.70.33 - - [26/Jan/2021:17:54:07 +0100] "GET /sentiment-tea-towel-kitchen-towel-70-35-cm-p-43646.html HTTP/1.0" 200 72636 "-" "Mozilla/5.0 (Linux; Android 6.0.1; Nexus 5X Build/MMB29P) AppleWebKit/537.36 (KHTML, like Gecko) Chrome/88.0.4324.113 Mobile Safari/537.36 (compatible; Googlebot/2.1; +http://www.google.com/bot.html)"
66.249.70.33 - - [26/Jan/2021:17:54:23 +0100] "GET /sentiment-tea-towel-kitchen-towel-70-35-cm-p-43650.html HTTP/1.0" 200 72636 "-" "Mozilla/5.0 (Linux; Android 6.0.1; Nexus 5X Build/MMB29P) AppleWebKit/537.36 (KHTML, like Gecko) Chrome/88.0.4324.113 Mobile Safari/537.36 (compatible; Googlebot/2.1; +http://www.google.com/bot.html)"
66.249.70.62 - - [26/Jan/2021:17:54:35 +0100] "GET /sentiment-tea-towel-kitchen-towel-70-35-cm-p-43628.html HTTP/1.0" 200 72636 "-" "Mozilla/5.0 (Linux; Android 6.0.1; Nexus 5X Build/MMB29P) AppleWebKit/537.36 (KHTML, like Gecko) Chrome/88.0.4324.113 Mobile Safari/537.36 (compatible; Googlebot/2.1; +http://www.google.com/bot.html)"
66.249.70.62 - - [26/Jan/2021:17:54:45 +0100] "GET /potholder-and-glove-set-p-51739.html HTTP/1.0" 200 71856 "-" "Mozilla/5.0 (Linux; Android 6.0.1; Nexus 5X Build/MMB29P) AppleWebKit/537.36 (KHTML, like Gecko) Chrome/88.0.4324.113 Mobile Safari/537.36 (compatible; Googlebot/2.1; +http://www.google.com/bot.html)"
66.249.70.62 - - [26/Jan/2021:17:54:57 +0100] "GET /sentiment-tea-towel-kitchen-towel-70-35-cm-p-43620.html HTTP/1.0" 200 72636 "-" "Mozilla/5.0 (Linux; Android 6.0.1; Nexus 5X Build/MMB29P) AppleWebKit/537.36 (KHTML, like Gecko) Chrome/88.0.4324.113 Mobile Safari/537.36 (compatible; Googlebot/2.1; +http://www.google.com/bot.html)"
66.249.70.33 - - [26/Jan/2021:17:55:06 +0100] "GET /sentiment-tea-towel-kitchen-towel-70-35-cm-p-43641.html HTTP/1.0" 200 72636 "-" "Mozilla/5.0 (Linux; Android 6.0.1; Nexus 5X Build/MMB29P) AppleWebKit/537.36 (KHTML, like Gecko) Chrome/88.0.4324.113 Mobile Safari/537.36 (compatible; Googlebot/2.1; +http://www.google.com/bot.html)"
66.249.70.62 - - [26/Jan/2021:17:55:16 +0100] "GET /cotton-kitchen-towel-au-nom-des-bieres-p-45132.html HTTP/1.0" 200 71910 "-" "Mozilla/5.0 (Linux; Android 6.0.1; Nexus 5X Build/MMB29P) AppleWebKit/537.36 (KHTML, like Gecko) Chrome/88.0.4324.113 Mobile Safari/537.36 (compatible; Googlebot/2.1; +http://www.google.com/bot.html)"
66.249.70.62 - - [26/Jan/2021:17:55:25 +0100] "GET /sentiment-tea-towel-kitchen-towel-70-35-cm-p-43643.html HTTP/1.0" 200 72636 "-" "Mozilla/5.0 (Linux; Android 6.0.1; Nexus 5X Build/MMB29P) AppleWebKit/537.36 (KHTML, like Gecko) Chrome/88.0.4324.113 Mobile Safari/537.36 (compatible; Googlebot/2.1; +http://www.google.com/bot.html)"
66.249.70.62 - - [26/Jan/2021:17:55:34 +0100] "GET /protective-bamboo-pillow-cover-60-60-cm-p-43573.html HTTP/1.0" 200 72011 "-" "Mozilla/5.0 (Linux; Android 6.0.1; Nexus 5X Build/MMB29P) AppleWebKit/537.36 (KHTML, like Gecko) Chrome/88.0.4324.113 Mobile Safari/537.36 (compatible; Googlebot/2.1; +http://www.google.com/bot.html)"
66.249.70.62 - - [26/Jan/2021:17:55:45 +0100] "GET /sentiment-tea-towel-kitchen-towel-70-35-cm-p-43631.html HTTP/1.0" 200 72639 "-" "Mozilla/5.0 (Linux; Android 6.0.1; Nexus 5X Build/MMB29P) AppleWebKit/537.36 (KHTML, like Gecko) Chrome/88.0.4324.113 Mobile Safari/537.36 (compatible; Googlebot/2.1; +http://www.google.com/bot.html)"
66.249.70.62 - - [26/Jan/2021:17:55:54 +0100] "GET /sentiment-tea-towel-kitchen-towel-70-35-cm-p-43624.html HTTP/1.0" 200 72636 "-" "Mozilla/5.0 (Linux; Android 6.0.1; Nexus 5X Build/MMB29P) AppleWebKit/537.36 (KHTML, like Gecko) Chrome/88.0.4324.113 Mobile Safari/537.36 (compatible; Googlebot/2.1; +http://www.google.com/bot.html)"
66.249.70.36 - - [26/Jan/2021:17:56:03 +0100] "GET /sentiment-tea-towel-kitchen-towel-70-35-cm-p-43629.html HTTP/1.0" 200 72636 "-" "Mozilla/5.0 (Linux; Android 6.0.1; Nexus 5X Build/MMB29P) AppleWebKit/537.36 (KHTML, like Gecko) Chrome/88.0.4324.113 Mobile Safari/537.36 (compatible; Googlebot/2.1; +http://www.google.com/bot.html)"
66.249.70.62 - - [26/Jan/2021:17:56:14 +0100] "GET /sentiment-tea-towel-kitchen-towel-70-35-cm-p-43640.html HTTP/1.0" 200 72636 "-" "Mozilla/5.0 (Linux; Android 6.0.1; Nexus 5X Build/MMB29P) AppleWebKit/537.36 (KHTML, like Gecko) Chrome/88.0.4324.113 Mobile Safari/537.36 (compatible; Googlebot/2.1; +http://www.google.com/bot.html)"
66.249.70.62 - - [26/Jan/2021:17:56:22 +0100] "GET /protective-cover-for-cotton-fleece-140-70-cm-p-53658.html HTTP/1.0" 200 72018 "-" "Mozilla/5.0 (Linux; Android 6.0.1; Nexus 5X Build/MMB29P) AppleWebKit/537.36 (KHTML, like Gecko) Chrome/88.0.4324.113 Mobile Safari/537.36 (compatible; Googlebot/2.1; +http://www.google.com/bot.html)"
66.249.70.62 - - [26/Jan/2021:17:56:32 +0100] "GET /sentiment-tea-towel-kitchen-towel-70-35-cm-p-43634.html HTTP/1.0" 200 72636 "-" "Mozilla/5.0 (Linux; Android 6.0.1; Nexus 5X Build/MMB29P) AppleWebKit/537.36 (KHTML, like Gecko) Chrome/88.0.4324.113 Mobile Safari/537.36 (compatible; Googlebot/2.1; +http://www.google.com/bot.html)"
66.249.70.62 - - [26/Jan/2021:17:56:41 +0100] "GET /sentiment-tea-towel-kitchen-towel-70-35-cm-p-43635.html HTTP/1.0" 200 72636 "-" "Mozilla/5.0 (Linux; Android 6.0.1; Nexus 5X Build/MMB29P) AppleWebKit/537.36 (KHTML, like Gecko) Chrome/88.0.4324.113 Mobile Safari/537.36 (compatible; Googlebot/2.1; +http://www.google.com/bot.html)"
66.249.70.62 - - [26/Jan/2021:17:56:51 +0100] "GET /sentiment-tea-towel-kitchen-towel-70-35-cm-p-43642.html HTTP/1.0" 200 72636 "-" "Mozilla/5.0 (Linux; Android 6.0.1; Nexus 5X Build/MMB29P) AppleWebKit/537.36 (KHTML, like Gecko) Chrome/88.0.4324.113 Mobile Safari/537.36 (compatible; Googlebot/2.1; +http://www.google.com/bot.html)"
13.66.139.5 - - [26/Jan/2021:17:56:55 +0100] "GET /harley-davidson-towel-p-28531.html HTTP/1.0" 200 69285 "-" "Mozilla/5.0 (compatible; bingbot/2.0; +http://www.bing.com/bingbot.htm)"
192.0.99.11 - - [26/Jan/2021:17:57:01 +0100] "GET /images/4895028509248.jpg HTTP/1.0" 200 259 "-" "Photon/1.0"
207.46.13.55 - - [26/Jan/2021:17:57:03 +0100] "GET /images/big_prod/5027148061132.jpg HTTP/1.0" 200 268 "-" "Mozilla/5.0 (compatible; bingbot/2.0; +http://www.bing.com/bingbot.htm)"
54.36.149.64 - - [26/Jan/2021:17:57:21 +0100] "GET /wax-melt-french-vanilla-p-37442.html HTTP/1.0" 200 72432 "-" "Mozilla/5.0 (compatible; AhrefsBot/7.0; +http://ahrefs.com/robot/)"
66.249.70.62 - - [26/Jan/2021:17:58:21 +0100] "GET /household-linen-c-11.html?page=28 HTTP/1.0" 200 91599 "-" "Mozilla/5.0 (Linux; Android 6.0.1; Nexus 5X Build/MMB29P) AppleWebKit/537.36 (KHTML, like Gecko) Chrome/88.0.4324.113 Mobile Safari/537.36 (compatible; Googlebot/2.1; +http://www.google.com/bot.html)"
207.46.13.37 - - [26/Jan/2021:17:58:23 +0100] "GET /images/big_prod_1/8433933031452N.jpg HTTP/1.0" 200 271 "-" "Mozilla/5.0 (compatible; bingbot/2.0; +http://www.bing.com/bingbot.htm)"
157.55.39.153 - - [26/Jan/2021:17:58:50 +0100] "GET /small-parme-box-girl-for-baby-teeth-p-33509.html HTTP/1.0" 200 69355 "-" "Mozilla/5.0 (compatible; bingbot/2.0; +http://www.bing.com/bingbot.htm)"
13.66.139.136 - - [26/Jan/2021:17:59:04 +0100] "GET /the-marseillaise-expressions-white-women-tee-shirt-p-35575.html HTTP/1.0" 200 73991 "-" "Mozilla/5.0 (compatible; bingbot/2.0; +http://www.bing.com/bingbot.htm)"
54.36.149.103 - - [26/Jan/2021:17:59:29 +0100] "GET /robots.txt HTTP/1.0" 301 531 "-" "Mozilla/5.0 (compatible; AhrefsBot/6.1; +http://ahrefs.com/robot/)"
54.36.149.103 - - [26/Jan/2021:17:59:29 +0100] "GET /robots.txt HTTP/1.0" 200 245 "-" "Mozilla/5.0 (compatible; AhrefsBot/6.1; +http://ahrefs.com/robot/)"
54.36.149.7 - - [26/Jan/2021:17:59:30 +0100] "GET /games-and-toys/toys/the-hobbit-dwarven-battle-axe-roleplay-weapon-p-16589.html HTTP/1.0" 301 667 "-" "Mozilla/5.0 (compatible; AhrefsBot/7.0; +http://ahrefs.com/robot/)"
66.249.70.62 - - [26/Jan/2021:17:59:31 +0100] "GET /household-linen-c-11.html?page=25 HTTP/1.0" 200 91758 "-" "Mozilla/5.0 (Linux; Android 6.0.1; Nexus 5X Build/MMB29P) AppleWebKit/537.36 (KHTML, like Gecko) Chrome/88.0.4324.113 Mobile Safari/537.36 (compatible; Googlebot/2.1; +http://www.google.com/bot.html)"
66.249.70.62 - - [26/Jan/2021:18:00:40 +0100] "GET /household-linen-c-11.html?page=22 HTTP/1.0" 200 91067 "-" "Mozilla/5.0 (Linux; Android 6.0.1; Nexus 5X Build/MMB29P) AppleWebKit/537.36 (KHTML, like Gecko) Chrome/88.0.4324.113 Mobile Safari/537.36 (compatible; Googlebot/2.1; +http://www.google.com/bot.html)"
54.36.148.87 - - [26/Jan/2021:18:01:21 +0100] "GET /mickey-figure-collection-by-romano-britto-p-23114.html HTTP/1.0" 200 72681 "-" "Mozilla/5.0 (compatible; AhrefsBot/7.0; +http://ahrefs.com/robot/)"
66.249.70.36 - - [26/Jan/2021:18:01:50 +0100] "GET /household-linen-c-11.html?page=30 HTTP/1.0" 200 91861 "-" "Mozilla/5.0 (Linux; Android 6.0.1; Nexus 5X Build/MMB29P) AppleWebKit/537.36 (KHTML, like Gecko) Chrome/88.0.4324.113 Mobile Safari/537.36 (compatible; Googlebot/2.1; +http://www.google.com/bot.html)"
51.68.224.127 - - [26/Jan/2021:18:02:02 +0100] "GET /adminweb/export_orders_xml.php?token=256de2z6edz6ed2z6DFSFsed2zed6zeDSFDSGdzedezfzf&maxorders=10&orderstart=1&status=14&start_date=2018-10-01 HTTP/1.0" 200 285 "-" "GesCom CharlotteBoutik Serveur"
51.68.224.127 - - [26/Jan/2021:18:02:02 +0100] "GET /adminweb/export_orders_xml.php?token=256de2z6edz6ed2z6DFSFsed2zed6zeDSFDSGdzedezfzf&maxorders=10&orderstart=1&status=6&start_date=2018-10-01 HTTP/1.0" 200 29990 "-" "GesCom CharlotteBoutik Serveur"
66.249.70.33 - - [26/Jan/2021:18:02:39 +0100] "GET /corsica-kitchen-towel-p-38781.html HTTP/1.0" 200 71806 "-" "Mozilla/5.0 (Linux; Android 6.0.1; Nexus 5X Build/MMB29P) AppleWebKit/537.36 (KHTML, like Gecko) Chrome/88.0.4324.113 Mobile Safari/537.36 (compatible; Googlebot/2.1; +http://www.google.com/bot.html)"
207.46.13.55 - - [26/Jan/2021:18:03:03 +0100] "GET /images/4012390362688.jpg HTTP/1.0" 200 259 "-" "Mozilla/5.0 (compatible; bingbot/2.0; +http://www.bing.com/bingbot.htm)"
157.55.39.153 - - [26/Jan/2021:18:03:26 +0100] "GET /images/big_prod/8435465005734.jpg HTTP/1.0" 200 268 "-" "Mozilla/5.0 (compatible; bingbot/2.0; +http://www.bing.com/bingbot.htm)"
13.66.139.5 - - [26/Jan/2021:18:03:46 +0100] "GET /cats-by-dubout-paperweight-gros-dodo-p-33347.html HTTP/1.0" 200 72328 "-" "Mozilla/5.0 (compatible; bingbot/2.0; +http://www.bing.com/bingbot.htm)"
66.249.70.36 - - [26/Jan/2021:18:03:47 +0100] "GET /household-linen-c-11.html?page=26 HTTP/1.0" 200 92305 "-" "Mozilla/5.0 (Linux; Android 6.0.1; Nexus 5X Build/MMB29P) AppleWebKit/537.36 (KHTML, like Gecko) Chrome/88.0.4324.113 Mobile Safari/537.36 (compatible; Googlebot/2.1; +http://www.google.com/bot.html)"
66.249.70.62 - - [26/Jan/2021:18:03:57 +0100] "GET /images/big_prod/NN1905279121670.jpg HTTP/1.0" 200 270 "-" "Googlebot-Image/1.0"
207.46.13.53 - - [26/Jan/2021:18:04:12 +0100] "GET /light-wood-table-lamp-scandinavian-spirit-p-52769.html HTTP/1.0" 200 72958 "-" "Mozilla/5.0 (compatible; bingbot/2.0; +http://www.bing.com/bingbot.htm)"
66.249.70.36 - - [26/Jan/2021:18:04:34 +0100] "GET /panoramic-poster-superman-p-25844.html HTTP/1.0" 200 69279 "-" "Mozilla/5.0 (compatible; Googlebot/2.1; +http://www.google.com/bot.html)"
66.249.70.33 - - [26/Jan/2021:18:04:44 +0100] "GET /household-linen-c-11.html?page=23 HTTP/1.0" 200 91031 "-" "Mozilla/5.0 (Linux; Android 6.0.1; Nexus 5X Build/MMB29P) AppleWebKit/537.36 (KHTML, like Gecko) Chrome/88.0.4324.113 Mobile Safari/537.36 (compatible; Googlebot/2.1; +http://www.google.com/bot.html)"
157.55.39.153 - - [26/Jan/2021:18:04:59 +0100] "GET /wooden-hook-and-mirror-hooks-p-52864.html HTTP/1.0" 200 71968 "-" "Mozilla/5.0 (compatible; bingbot/2.0; +http://www.bing.com/bingbot.htm)"
54.36.148.3 - - [26/Jan/2021:18:05:22 +0100] "GET /specials.php?page=59 HTTP/1.0" 200 116009 "-" "Mozilla/5.0 (compatible; AhrefsBot/7.0; +http://ahrefs.com/robot/)"
66.249.70.36 - - [26/Jan/2021:18:05:47 +0100] "GET /household-linen-c-11.html?page=24 HTTP/1.0" 200 91701 "-" "Mozilla/5.0 (Linux; Android 6.0.1; Nexus 5X Build/MMB29P) AppleWebKit/537.36 (KHTML, like Gecko) Chrome/88.0.4324.113 Mobile Safari/537.36 (compatible; Googlebot/2.1; +http://www.google.com/bot.html)"
157.55.39.149 - - [26/Jan/2021:18:06:08 +0100] "GET /candy-cloud-hair-brush-stardust-p-46651.html HTTP/1.0" 200 72522 "-" "Mozilla/5.0 (compatible; bingbot/2.0; +http://www.bing.com/bingbot.htm)"
157.55.39.228 - - [26/Jan/2021:18:06:21 +0100] "GET /images/big_prod/8422088074483.jpg HTTP/1.0" 200 268 "-" "Mozilla/5.0 (compatible; bingbot/2.0; +http://www.bing.com/bingbot.htm)"
157.55.39.153 - - [26/Jan/2021:18:06:29 +0100] "GET /images/big_prod_1/b8422088074483.jpg HTTP/1.0" 200 271 "-" "Mozilla/5.0 (compatible; bingbot/2.0; +http://www.bing.com/bingbot.htm)"
207.46.13.55 - - [26/Jan/2021:18:06:45 +0100] "GET /images/big_prod/3565750037562.jpg HTTP/1.0" 200 268 "-" "Mozilla/5.0 (compatible; bingbot/2.0; +http://www.bing.com/bingbot.htm)"
54.236.1.11 - - [26/Jan/2021:18:07:09 +0100] "GET /robots.txt HTTP/1.0" 200 245 "-" "Mozilla/5.0 (compatible; Pinterestbot/1.0; +http://www.pinterest.com/bot.html)"
54.236.1.11 - - [26/Jan/2021:18:07:09 +0100] "GET /cat-eyeglass-case-p-30551.html HTTP/1.0" 301 69256 "-" "Mozilla/5.0 (compatible; Pinterestbot/1.0; +http://www.pinterest.com/bot.html)"
54.236.1.11 - - [26/Jan/2021:18:07:10 +0100] "GET /-p-30551.html HTTP/1.0" 200 69189 "-" "Mozilla/5.0 (compatible; Pinterestbot/1.0; +http://www.pinterest.com/bot.html)"
207.46.13.55 - - [26/Jan/2021:18:07:23 +0100] "GET /norway-rectangulary-cushion-by-cbkreation-p-36760.html HTTP/1.0" 200 72195 "-" "Mozilla/5.0 (compatible; bingbot/2.0; +http://www.bing.com/bingbot.htm)"
157.55.39.153 - - [26/Jan/2021:18:07:48 +0100] "GET /images/big_prod_1/1328399138296b.jpg HTTP/1.0" 200 271 "-" "Mozilla/5.0 (compatible; bingbot/2.0; +http://www.bing.com/bingbot.htm)"
66.249.70.62 - - [26/Jan/2021:18:08:36 +0100] "GET /accessories-mobiles-c-3_17.html HTTP/1.0" 200 93501 "-" "Mozilla/5.0 (Linux; Android 6.0.1; Nexus 5X Build/MMB29P) AppleWebKit/537.36 (KHTML, like Gecko) Chrome/88.0.4324.112 Mobile Safari/537.36 (compatible; Googlebot/2.1; +http://www.google.com/bot.html)"
95.163.255.138 - - [26/Jan/2021:18:08:38 +0100] "GET /robots.txt HTTP/1.0" 200 245 "-" "Mozilla/5.0 (compatible; Linux x86_64; Mail.RU_Bot/Img/2.0; +http://go.mail.ru/help/robots)"
95.163.255.138 - - [26/Jan/2021:18:08:39 +0100] "GET /images/med_prod/1308421361496.jpg HTTP/1.0" 200 268 "http://go.mail.ru/search_images" "Mozilla/5.0 (compatible; Linux x86_64; Mail.RU_Bot/Img/2.0; +http://go.mail.ru/help/robots)"
157.55.39.149 - - [26/Jan/2021:18:09:18 +0100] "GET /images/big_prod/3609810079748.jpg HTTP/1.0" 200 268 "-" "Mozilla/5.0 (compatible; bingbot/2.0; +http://www.bing.com/bingbot.htm)"
54.36.148.87 - - [26/Jan/2021:18:09:37 +0100] "GET /love-london-rectangular-mirror-p-29008.html HTTP/1.0" 200 71872 "-" "Mozilla/5.0 (compatible; AhrefsBot/7.0; +http://ahrefs.com/robot/)"
17.58.96.224 - - [26/Jan/2021:18:10:43 +0100] "GET /robots.txt HTTP/1.0" 200 245 "-" "Mozilla/5.0 (Macintosh; Intel Mac OS X 10_15_5) AppleWebKit/605.1.15 (KHTML, like Gecko) Version/13.1.1 Safari/605.1.15 (Applebot/0.1; +http://www.apple.com/go/applebot)"
17.58.101.147 - - [26/Jan/2021:18:10:44 +0100] "GET /kimmi-junior-large-backpack-p-19838.html HTTP/1.0" 200 74088 "-" "Mozilla/5.0 (Macintosh; Intel Mac OS X 10_15_5) AppleWebKit/605.1.15 (KHTML, like Gecko) Version/13.1.1 Safari/605.1.15 (Applebot/0.1; +http://www.apple.com/go/applebot)"
54.36.148.101 - - [26/Jan/2021:18:10:46 +0100] "GET /diego-pairs-of-socks-size-31-34-p-25619.html HTTP/1.0" 301 69256 "-" "Mozilla/5.0 (compatible; AhrefsBot/7.0; +http://ahrefs.com/robot/)"
17.58.101.147 - - [26/Jan/2021:18:11:12 +0100] "GET /mobile-bells-metal-elephants-p-41509.html HTTP/1.0" 200 71893 "-" "Mozilla/5.0 (Macintosh; Intel Mac OS X 10_15_5) AppleWebKit/605.1.15 (KHTML, like Gecko) Version/13.1.1 Safari/605.1.15 (Applebot/0.1; +http://www.apple.com/go/applebot)"
157.55.39.228 - - [26/Jan/2021:18:11:28 +0100] "GET /images/big_prod/4012390388299.jpg HTTP/1.0" 200 268 "-" "Mozilla/5.0 (Windows NT 6.1; WOW64) AppleWebKit/534+ (KHTML, like Gecko) BingPreview/1.0b"
17.58.101.147 - - [26/Jan/2021:18:13:14 +0100] "GET /my-little-pony-mini-led-glitter-shake-and-shine-p-31924.html HTTP/1.0" 200 72374 "-" "Mozilla/5.0 (Macintosh; Intel Mac OS X 10_15_5) AppleWebKit/605.1.15 (KHTML, like Gecko) Version/13.1.1 Safari/605.1.15 (Applebot/0.1; +http://www.apple.com/go/applebot)"
54.36.148.127 - - [26/Jan/2021:18:13:44 +0100] "GET /strawberry-shortcake-pink-swimsuit-p-30284.html HTTP/1.0" 200 73089 "-" "Mozilla/5.0 (compatible; AhrefsBot/7.0; +http://ahrefs.com/robot/)"
66.249.70.33 - - [26/Jan/2021:18:14:27 +0100] "GET /doormat-dogs-60-cm-p-53698.html HTTP/1.0" 200 72632 "-" "Mozilla/5.0 (Linux; Android 6.0.1; Nexus 5X Build/MMB29P) AppleWebKit/537.36 (KHTML, like Gecko) Chrome/88.0.4324.113 Mobile Safari/537.36 (compatible; Googlebot/2.1; +http://www.google.com/bot.html)"
66.249.70.33 - - [26/Jan/2021:18:14:49 +0100] "GET /gift-box-in-wood-towels-30-30-cm-290-gr-m2-p-52067.html HTTP/1.0" 200 72076 "-" "Mozilla/5.0 (Linux; Android 6.0.1; Nexus 5X Build/MMB29P) AppleWebKit/537.36 (KHTML, like Gecko) Chrome/88.0.4324.113 Mobile Safari/537.36 (compatible; Googlebot/2.1; +http://www.google.com/bot.html)"
207.46.13.55 - - [26/Jan/2021:18:15:45 +0100] "GET /kimmidoll-doll-10-cm-p-47587.html HTTP/1.0" 200 69280 "-" "Mozilla/5.0 (compatible; bingbot/2.0; +http://www.bing.com/bingbot.htm)"
66.249.70.33 - - [26/Jan/2021:18:16:17 +0100] "GET /orange-adult-cotton-apron-p-44334.html HTTP/1.0" 200 71800 "-" "Mozilla/5.0 (Linux; Android 6.0.1; Nexus 5X Build/MMB29P) AppleWebKit/537.36 (KHTML, like Gecko) Chrome/88.0.4324.113 Mobile Safari/537.36 (compatible; Googlebot/2.1; +http://www.google.com/bot.html)"
66.249.70.62 - - [26/Jan/2021:18:16:29 +0100] "GET /orange-adult-cotton-apron-p-44335.html HTTP/1.0" 200 71800 "-" "Mozilla/5.0 (Linux; Android 6.0.1; Nexus 5X Build/MMB29P) AppleWebKit/537.36 (KHTML, like Gecko) Chrome/88.0.4324.113 Mobile Safari/537.36 (compatible; Googlebot/2.1; +http://www.google.com/bot.html)"
66.249.70.62 - - [26/Jan/2021:18:16:48 +0100] "GET /protects-plastic-mattress-90-190-cm-p-39028.html HTTP/1.0" 200 71985 "-" "Mozilla/5.0 (Linux; Android 6.0.1; Nexus 5X Build/MMB29P) AppleWebKit/537.36 (KHTML, like Gecko) Chrome/88.0.4324.113 Mobile Safari/537.36 (compatible; Googlebot/2.1; +http://www.google.com/bot.html)"
13.66.139.136 - - [26/Jan/2021:18:16:56 +0100] "GET /-p-20721.html HTTP/1.0" 200 69189 "-" "Mozilla/5.0 (compatible; bingbot/2.0; +http://www.bing.com/bingbot.htm)"
66.249.70.62 - - [26/Jan/2021:18:16:56 +0100] "GET /pillowcases-bolstercases-c-11_166.html?page=2 HTTP/1.0" 200 90118 "-" "Mozilla/5.0 (Linux; Android 6.0.1; Nexus 5X Build/MMB29P) AppleWebKit/537.36 (KHTML, like Gecko) Chrome/88.0.4324.113 Mobile Safari/537.36 (compatible; Googlebot/2.1; +http://www.google.com/bot.html)"
54.36.148.129 - - [26/Jan/2021:18:17:38 +0100] "GET /home-fragrance-heart-and-home-vanilla-rosewood-p-52819.html HTTP/1.0" 200 73262 "-" "Mozilla/5.0 (compatible; AhrefsBot/7.0; +http://ahrefs.com/robot/)"
51.68.224.127 - - [26/Jan/2021:18:17:50 +0100] "GET /adminweb/export_orders_xml.php?token=256de2z6edz6ed2z6DFSFsed2zed6zeDSFDSGdzedezfzf&maxorders=10&orderstart=1&status=14&start_date=2018-10-01 HTTP/1.0" 200 285 "-" "GesCom CharlotteBoutik Serveur"
51.68.224.127 - - [26/Jan/2021:18:17:50 +0100] "GET /adminweb/export_orders_xml.php?token=256de2z6edz6ed2z6DFSFsed2zed6zeDSFDSGdzedezfzf&maxorders=10&orderstart=1&status=6&start_date=2018-10-01 HTTP/1.0" 200 29990 "-" "GesCom CharlotteBoutik Serveur"
66.249.70.33 - - [26/Jan/2021:18:17:57 +0100] "GET /set-and-breakfast-set-c-12_61.html HTTP/1.0" 200 90932 "-" "Mozilla/5.0 (Linux; Android 6.0.1; Nexus 5X Build/MMB29P) AppleWebKit/537.36 (KHTML, like Gecko) Chrome/88.0.4324.112 Mobile Safari/537.36 (compatible; Googlebot/2.1; +http://www.google.com/bot.html)"
157.55.39.228 - - [26/Jan/2021:18:18:52 +0100] "GET /images/big_prod/8433933201695.jpg HTTP/1.0" 200 268 "-" "Mozilla/5.0 (compatible; bingbot/2.0; +http://www.bing.com/bingbot.htm)"
66.249.70.62 - - [26/Jan/2021:18:20:31 +0100] "GET /paris-cotton-kitchen-towel-made-in-france-p-36627.html HTTP/1.0" 200 71999 "-" "Mozilla/5.0 (Linux; Android 6.0.1; Nexus 5X Build/MMB29P) AppleWebKit/537.36 (KHTML, like Gecko) Chrome/88.0.4324.113 Mobile Safari/537.36 (compatible; Googlebot/2.1; +http://www.google.com/bot.html)"
66.249.70.33 - - [26/Jan/2021:18:20:32 +0100] "GET /mattress-protector-tray-shape-160-200-cm-p-44817.html HTTP/1.0" 200 72037 "-" "Mozilla/5.0 (Linux; Android 6.0.1; Nexus 5X Build/MMB29P) AppleWebKit/537.36 (KHTML, like Gecko) Chrome/88.0.4324.113 Mobile Safari/537.36 (compatible; Googlebot/2.1; +http://www.google.com/bot.html)"
13.66.139.2 - - [26/Jan/2021:18:20:36 +0100] "GET /pouncin-is-what-tiggers-do-best-disney-figure-collection-p-33353.html HTTP/1.0" 301 69256 "-" "Mozilla/5.0 (compatible; bingbot/2.0; +http://www.bing.com/bingbot.htm)"
13.66.139.2 - - [26/Jan/2021:18:20:37 +0100] "GET /raving-rabbids-square-box-p-16501.html HTTP/1.0" 200 69305 "-" "Mozilla/5.0 (compatible; bingbot/2.0; +http://www.bing.com/bingbot.htm)"
13.66.139.2 - - [26/Jan/2021:18:20:38 +0100] "GET /marvel-avengers-backpack-40-cm-p-34801.html HTTP/1.0" 301 69256 "-" "Mozilla/5.0 (compatible; bingbot/2.0; +http://www.bing.com/bingbot.htm)"
13.66.139.2 - - [26/Jan/2021:18:20:39 +0100] "GET /star-wars-kylo-ren-suitcase-p-34776.html HTTP/1.0" 301 69256 "-" "Mozilla/5.0 (compatible; bingbot/2.0; +http://www.bing.com/bingbot.htm)"
13.66.139.2 - - [26/Jan/2021:18:20:40 +0100] "GET /volkswagen-electronic-lighter-p-47731.html HTTP/1.0" 301 69256 "-" "Mozilla/5.0 (compatible; bingbot/2.0; +http://www.bing.com/bingbot.htm)"
13.66.139.2 - - [26/Jan/2021:18:20:41 +0100] "GET /-p-34048.html HTTP/1.0" 200 69189 "-" "Mozilla/5.0 (compatible; bingbot/2.0; +http://www.bing.com/bingbot.htm)"
13.66.139.2 - - [26/Jan/2021:18:20:42 +0100] "GET /-p-14101.html HTTP/1.0" 200 69189 "-" "Mozilla/5.0 (compatible; bingbot/2.0; +http://www.bing.com/bingbot.htm)"
13.66.139.2 - - [26/Jan/2021:18:20:43 +0100] "GET /-p-30154.html HTTP/1.0" 200 69189 "-" "Mozilla/5.0 (compatible; bingbot/2.0; +http://www.bing.com/bingbot.htm)"
13.66.139.2 - - [26/Jan/2021:18:20:44 +0100] "GET /-p-17616.html HTTP/1.0" 200 69189 "-" "Mozilla/5.0 (compatible; bingbot/2.0; +http://www.bing.com/bingbot.htm)"
13.66.139.5 - - [26/Jan/2021:18:20:45 +0100] "GET /gorjuss-ruby-vintage-suitcase-58-cm-p-29820.html HTTP/1.0" 301 69256 "-" "Mozilla/5.0 (compatible; bingbot/2.0; +http://www.bing.com/bingbot.htm)"
13.66.139.5 - - [26/Jan/2021:18:20:46 +0100] "GET /donald-duck-with-chip-and-dale-mini-bust-p-30667.html HTTP/1.0" 301 69256 "-" "Mozilla/5.0 (compatible; bingbot/2.0; +http://www.bing.com/bingbot.htm)"
13.66.139.5 - - [26/Jan/2021:18:20:46 +0100] "GET /tigger-winnie-the-pooh-swimsuit-p-30835.html HTTP/1.0" 200 69335 "-" "Mozilla/5.0 (compatible; bingbot/2.0; +http://www.bing.com/bingbot.htm)"
13.66.139.5 - - [26/Jan/2021:18:20:48 +0100] "GET /ty-rainbow-dash-pluch-keyring-p-32127.html HTTP/1.0" 200 69325 "-" "Mozilla/5.0 (compatible; bingbot/2.0; +http://www.bing.com/bingbot.htm)"
13.66.139.5 - - [26/Jan/2021:18:20:48 +0100] "GET /bob-marley-floor-standing-ashtray-p-9859.html HTTP/1.0" 301 69253 "-" "Mozilla/5.0 (compatible; bingbot/2.0; +http://www.bing.com/bingbot.htm)"
13.66.139.5 - - [26/Jan/2021:18:20:49 +0100] "GET /-p-19550.html HTTP/1.0" 200 69189 "-" "Mozilla/5.0 (compatible; bingbot/2.0; +http://www.bing.com/bingbot.htm)"
13.66.139.5 - - [26/Jan/2021:18:20:50 +0100] "GET /kimmidoll-mirror-pendant-bag-p-12993.html HTTP/1.0" 301 69256 "-" "Mozilla/5.0 (compatible; bingbot/2.0; +http://www.bing.com/bingbot.htm)"
13.66.139.5 - - [26/Jan/2021:18:20:51 +0100] "GET /alice-in-wonderland-disney-masquerade-figurine-p-34522.html HTTP/1.0" 301 69256 "-" "Mozilla/5.0 (compatible; bingbot/2.0; +http://www.bing.com/bingbot.htm)"
13.66.139.5 - - [26/Jan/2021:18:20:52 +0100] "GET /-p-38450.html HTTP/1.0" 200 69189 "-" "Mozilla/5.0 (compatible; bingbot/2.0; +http://www.bing.com/bingbot.htm)"
13.66.139.5 - - [26/Jan/2021:18:20:53 +0100] "GET /-p-34076.html HTTP/1.0" 200 69189 "-" "Mozilla/5.0 (compatible; bingbot/2.0; +http://www.bing.com/bingbot.htm)"
13.66.139.5 - - [26/Jan/2021:18:20:54 +0100] "GET /-p-15919.html HTTP/1.0" 200 69189 "-" "Mozilla/5.0 (compatible; bingbot/2.0; +http://www.bing.com/bingbot.htm)"
13.66.139.5 - - [26/Jan/2021:18:20:55 +0100] "GET /-p-23260.html HTTP/1.0" 200 69189 "-" "Mozilla/5.0 (compatible; bingbot/2.0; +http://www.bing.com/bingbot.htm)"
13.66.139.5 - - [26/Jan/2021:18:20:55 +0100] "GET /-p-18805.html HTTP/1.0" 200 69189 "-" "Mozilla/5.0 (compatible; bingbot/2.0; +http://www.bing.com/bingbot.htm)"
13.66.139.5 - - [26/Jan/2021:18:20:56 +0100] "GET /simpsons-alarm-clock-p-1938.html HTTP/1.0" 301 69253 "-" "Mozilla/5.0 (compatible; bingbot/2.0; +http://www.bing.com/bingbot.htm)"
13.66.139.5 - - [26/Jan/2021:18:20:57 +0100] "GET /-p-19372.html HTTP/1.0" 200 69189 "-" "Mozilla/5.0 (compatible; bingbot/2.0; +http://www.bing.com/bingbot.htm)"
13.66.139.139 - - [26/Jan/2021:18:21:00 +0100] "GET /-p-20692.html HTTP/1.0" 200 69189 "-" "Mozilla/5.0 (compatible; bingbot/2.0; +http://www.bing.com/bingbot.htm)"
13.66.139.139 - - [26/Jan/2021:18:21:01 +0100] "GET /-p-28823.html HTTP/1.0" 200 69189 "-" "Mozilla/5.0 (compatible; bingbot/2.0; +http://www.bing.com/bingbot.htm)"
13.66.139.139 - - [26/Jan/2021:18:21:02 +0100] "GET /-p-10639.html HTTP/1.0" 200 69189 "-" "Mozilla/5.0 (compatible; bingbot/2.0; +http://www.bing.com/bingbot.htm)"
13.66.139.139 - - [26/Jan/2021:18:21:03 +0100] "GET /-p-12997.html HTTP/1.0" 200 69189 "-" "Mozilla/5.0 (compatible; bingbot/2.0; +http://www.bing.com/bingbot.htm)"
13.66.139.139 - - [26/Jan/2021:18:21:04 +0100] "GET /-p-15154.html HTTP/1.0" 200 69189 "-" "Mozilla/5.0 (compatible; bingbot/2.0; +http://www.bing.com/bingbot.htm)"
13.66.139.139 - - [26/Jan/2021:18:21:05 +0100] "GET /-p-24292.html HTTP/1.0" 200 69189 "-" "Mozilla/5.0 (compatible; bingbot/2.0; +http://www.bing.com/bingbot.htm)"
13.66.139.139 - - [26/Jan/2021:18:21:05 +0100] "GET /-p-19543.html HTTP/1.0" 200 69189 "-" "Mozilla/5.0 (compatible; bingbot/2.0; +http://www.bing.com/bingbot.htm)"
54.36.148.87 - - [26/Jan/2021:18:21:43 +0100] "GET /wax-melt-fresh-linen-p-39002.html HTTP/1.0" 200 72451 "-" "Mozilla/5.0 (compatible; AhrefsBot/7.0; +http://ahrefs.com/robot/)"
207.46.13.37 - - [26/Jan/2021:18:22:14 +0100] "GET /images/big_prod_1/8433933227534B.jpg HTTP/1.0" 200 271 "-" "Mozilla/5.0 (compatible; bingbot/2.0; +http://www.bing.com/bingbot.htm)"
207.46.13.53 - - [26/Jan/2021:18:22:19 +0100] "GET /images/med_prod/3388761924627.jpg HTTP/1.0" 200 268 "-" "Mozilla/5.0 (compatible; bingbot/2.0; +http://www.bing.com/bingbot.htm)"
13.66.139.5 - - [26/Jan/2021:18:22:28 +0100] "GET /-p-17409.html HTTP/1.0" 200 69189 "-" "Mozilla/5.0 (compatible; bingbot/2.0; +http://www.bing.com/bingbot.htm)"
157.55.39.149 - - [26/Jan/2021:18:23:25 +0100] "GET /customized-decorative-metal-plate-by-cbkreation-p-51480.html HTTP/1.0" 200 72045 "-" "Mozilla/5.0 (compatible; bingbot/2.0; +http://www.bing.com/bingbot.htm)"
207.46.13.37 - - [26/Jan/2021:18:24:41 +0100] "GET /bomb-marvel-super-hero-mashers-articulate-figurine-p-32445.html HTTP/1.0" 200 69436 "-" "Mozilla/5.0 (compatible; bingbot/2.0; +http://www.bing.com/bingbot.htm)"
13.66.139.136 - - [26/Jan/2021:18:25:18 +0100] "GET /the-simpsons-tee-shirt-p-29593.html HTTP/1.0" 200 73228 "-" "Mozilla/5.0 (compatible; bingbot/2.0; +http://www.bing.com/bingbot.htm)"
157.55.39.153 - - [26/Jan/2021:18:25:26 +0100] "GET /white-and-silver-horse-head-statue-p-34531.html HTTP/1.0" 200 69350 "-" "Mozilla/5.0 (compatible; bingbot/2.0; +http://www.bing.com/bingbot.htm)"
157.55.39.153 - - [26/Jan/2021:18:25:27 +0100] "GET /leopard-table-lamp-in-resin-silver-71-cm-p-52750.html HTTP/1.0" 200 72720 "-" "Mozilla/5.0 (compatible; bingbot/2.0; +http://www.bing.com/bingbot.htm)"
