207.46.13.6 - - [26/Jan/2021:15:17:59 +0100] "GET /-p-30746.html HTTP/1.0" 200 69189 "-" "Mozilla/5.0 (compatible; bingbot/2.0; +http://www.bing.com/bingbot.htm)"
207.46.13.6 - - [26/Jan/2021:15:18:00 +0100] "GET /images/big_prod/1399985100430.jpg HTTP/1.0" 200 268 "-" "Mozilla/5.0 (compatible; bingbot/2.0; +http://www.bing.com/bingbot.htm)"
207.46.13.37 - - [26/Jan/2021:15:19:00 +0100] "GET /images/big_prod/3665269061161.jpg HTTP/1.0" 200 268 "-" "Mozilla/5.0 (compatible; bingbot/2.0; +http://www.bing.com/bingbot.htm)"
13.66.139.136 - - [26/Jan/2021:15:19:09 +0100] "GET /images/big_prod_1/b3608860230260.jpg HTTP/1.0" 200 271 "-" "Mozilla/5.0 (compatible; bingbot/2.0; +http://www.bing.com/bingbot.htm)"
207.46.13.37 - - [26/Jan/2021:15:20:21 +0100] "GET /images/big_prod/5051276344430.jpg HTTP/1.0" 200 268 "-" "Mozilla/5.0 (compatible; bingbot/2.0; +http://www.bing.com/bingbot.htm)"
114.119.147.45 - - [26/Jan/2021:15:20:52 +0100] "GET /metal-cookie-box-p-50900.html HTTP/1.0" 200 69243 "-" "Mozilla/5.0 (Linux; Android 7.0;) AppleWebKit/537.36 (KHTML, like Gecko) Mobile Safari/537.36 (compatible; PetalBot;+https://aspiegel.com/petalbot)"
207.46.13.37 - - [26/Jan/2021:15:21:35 +0100] "GET /alarms-clocks-clocks-and-watches/clocks/eeyore-glass-clock-p-21445.html HTTP/1.0" 301 69256 "-" "Mozilla/5.0 (compatible; bingbot/2.0; +http://www.bing.com/bingbot.htm)"
51.68.224.127 - - [26/Jan/2021:15:21:58 +0100] "GET /adminweb/export_orders_xml.php?token=256de2z6edz6ed2z6DFSFsed2zed6zeDSFDSGdzedezfzf&maxorders=10&orderstart=1&status=14&start_date=2018-10-01 HTTP/1.0" 200 285 "-" "GesCom CharlotteBoutik Serveur"
51.68.224.127 - - [26/Jan/2021:15:21:58 +0100] "GET /adminweb/export_orders_xml.php?token=256de2z6edz6ed2z6DFSFsed2zed6zeDSFDSGdzedezfzf&maxorders=10&orderstart=1&status=6&start_date=2018-10-01 HTTP/1.0" 200 29990 "-" "GesCom CharlotteBoutik Serveur"
54.36.148.229 - - [26/Jan/2021:15:22:03 +0100] "GET /dishes-c-12.html?page=105 HTTP/1.0" 200 90822 "-" "Mozilla/5.0 (compatible; AhrefsBot/7.0; +http://ahrefs.com/robot/)"
157.55.39.153 - - [26/Jan/2021:15:22:10 +0100] "GET /images/B1399984242018B.jpg HTTP/1.0" 200 261 "-" "Mozilla/5.0 (Windows NT 6.1; WOW64) AppleWebKit/534+ (KHTML, like Gecko) BingPreview/1.0b"
157.55.39.149 - - [26/Jan/2021:15:22:23 +0100] "GET /images/big_prod/3014627556526.jpg HTTP/1.0" 200 268 "-" "Mozilla/5.0 (compatible; bingbot/2.0; +http://www.bing.com/bingbot.htm)"
207.46.13.53 - - [26/Jan/2021:15:22:28 +0100] "GET /images/8006180201956.jpg HTTP/1.0" 200 259 "-" "Mozilla/5.0 (compatible; bingbot/2.0; +http://www.bing.com/bingbot.htm)"
13.66.139.5 - - [26/Jan/2021:15:23:31 +0100] "GET /images/big_prod/8433933181249.jpg HTTP/1.0" 200 268 "-" "Mozilla/5.0 (compatible; bingbot/2.0; +http://www.bing.com/bingbot.htm)"
157.55.39.153 - - [26/Jan/2021:15:23:48 +0100] "GET /set-of-cement-tile-coasters-p-53117.html HTTP/1.0" 200 71851 "-" "Mozilla/5.0 (compatible; bingbot/2.0; +http://www.bing.com/bingbot.htm)"
157.55.39.153 - - [26/Jan/2021:15:23:49 +0100] "GET /decorative-zebra-statue-35-cm-p-44671.html HTTP/1.0" 301 69256 "-" "Mozilla/5.0 (compatible; bingbot/2.0; +http://www.bing.com/bingbot.htm)"
157.55.39.153 - - [26/Jan/2021:15:23:50 +0100] "GET /towel-bath-towels-c-11_70.html?page=1 HTTP/1.0" 200 91231 "-" "Mozilla/5.0 (compatible; bingbot/2.0; +http://www.bing.com/bingbot.htm)"
17.58.101.147 - - [26/Jan/2021:15:24:27 +0100] "GET /la-suite-au-prochain-apero-clock-28-cm-p-45026.html HTTP/1.0" 200 71979 "-" "Mozilla/5.0 (Macintosh; Intel Mac OS X 10_15_5) AppleWebKit/605.1.15 (KHTML, like Gecko) Version/13.1.1 Safari/605.1.15 (Applebot/0.1; +http://www.apple.com/go/applebot)"
66.249.70.33 - - [26/Jan/2021:15:24:33 +0100] "GET /chair-cushion-sides-lin-and-red-40-cm-p-34843.html HTTP/1.0" 200 72608 "-" "Mozilla/5.0 (compatible; Googlebot/2.1; +http://www.google.com/bot.html)"
114.119.158.196 - - [26/Jan/2021:15:25:08 +0100] "GET /sonny-angel-flowers-series-new-version-p-51491.html HTTP/1.0" 200 73076 "-" "Mozilla/5.0 (Linux; Android 7.0;) AppleWebKit/537.36 (KHTML, like Gecko) Mobile Safari/537.36 (compatible; PetalBot;+https://aspiegel.com/petalbot)"
13.66.139.139 - - [26/Jan/2021:15:25:10 +0100] "GET /images/med_prod/3014627829873.jpg HTTP/1.0" 200 268 "-" "Mozilla/5.0 (compatible; bingbot/2.0; +http://www.bing.com/bingbot.htm)"
54.36.149.56 - - [26/Jan/2021:15:26:54 +0100] "GET /it-your-party-michelle-allen-breakfast-set-p-38166.html HTTP/1.0" 200 72063 "-" "Mozilla/5.0 (compatible; AhrefsBot/7.0; +http://ahrefs.com/robot/)"
17.58.101.147 - - [26/Jan/2021:15:27:17 +0100] "GET /round-transparent-plastic-tablecloth-180-cm-p-48558.html HTTP/1.0" 200 71994 "-" "Mozilla/5.0 (Macintosh; Intel Mac OS X 10_15_5) AppleWebKit/605.1.15 (KHTML, like Gecko) Version/13.1.1 Safari/605.1.15 (Applebot/0.1; +http://www.apple.com/go/applebot)"
207.46.13.53 - - [26/Jan/2021:15:27:26 +0100] "GET /images/big_prod/1399984289631.jpg HTTP/1.0" 200 268 "-" "Mozilla/5.0 (compatible; bingbot/2.0; +http://www.bing.com/bingbot.htm)"
157.55.39.130 - - [26/Jan/2021:15:28:09 +0100] "GET /nintendo-1up-mushroom-shirt-p-29606.html HTTP/1.0" 200 73022 "-" "Mozilla/5.0 (compatible; bingbot/2.0; +http://www.bing.com/bingbot.htm)"
157.55.39.130 - - [26/Jan/2021:15:28:10 +0100] "GET /images/big_prod_1/3609810063181a.jpg HTTP/1.0" 200 271 "-" "Mozilla/5.0 (compatible; bingbot/2.0; +http://www.bing.com/bingbot.htm)"
157.55.39.130 - - [26/Jan/2021:15:28:11 +0100] "GET /-p-35282.html HTTP/1.0" 200 69189 "-" "Mozilla/5.0 (compatible; bingbot/2.0; +http://www.bing.com/bingbot.htm)"
157.55.39.149 - - [26/Jan/2021:15:30:36 +0100] "GET /-p-29019.html HTTP/1.0" 200 69189 "-" "Mozilla/5.0 (compatible; bingbot/2.0; +http://www.bing.com/bingbot.htm)"
54.36.148.158 - - [26/Jan/2021:15:31:40 +0100] "GET /dishes-c-12.html?page=93 HTTP/1.0" 200 91012 "-" "Mozilla/5.0 (compatible; AhrefsBot/7.0; +http://ahrefs.com/robot/)"
114.119.154.200 - - [26/Jan/2021:15:32:19 +0100] "GET /usa-mug-by-cbkreation-p-13415.html HTTP/1.0" 200 71801 "-" "Mozilla/5.0 (Linux; Android 7.0;) AppleWebKit/537.36 (KHTML, like Gecko) Mobile Safari/537.36 (compatible; PetalBot;+https://aspiegel.com/petalbot)"
207.46.13.53 - - [26/Jan/2021:15:33:58 +0100] "GET /images/8006180201956.jpg HTTP/1.0" 200 259 "-" "Mozilla/5.0 (compatible; bingbot/2.0; +http://www.bing.com/bingbot.htm)"
157.55.39.228 - - [26/Jan/2021:15:34:43 +0100] "GET /ceramic-table-lamp-silver-p-52775.html HTTP/1.0" 200 72754 "-" "Mozilla/5.0 (compatible; bingbot/2.0; +http://www.bing.com/bingbot.htm)"
157.55.39.228 - - [26/Jan/2021:15:34:44 +0100] "GET /images/7316191464822.jpg HTTP/1.0" 200 259 "-" "Mozilla/5.0 (compatible; bingbot/2.0; +http://www.bing.com/bingbot.htm)"
157.55.39.149 - - [26/Jan/2021:15:35:07 +0100] "GET /images/8435306240188.jpg HTTP/1.0" 200 259 "-" "Mozilla/5.0 (compatible; bingbot/2.0; +http://www.bing.com/bingbot.htm)"
207.46.13.55 - - [26/Jan/2021:15:35:16 +0100] "GET /grand-hotel-vintage-clock-70-cm-p-45888.html HTTP/1.0" 200 71988 "-" "Mozilla/5.0 (compatible; bingbot/2.0; +http://www.bing.com/bingbot.htm)"
157.55.39.153 - - [26/Jan/2021:15:35:33 +0100] "GET /orange-kimmidoll-cardboard-boxe-small-p-47962.html HTTP/1.0" 200 73058 "-" "Mozilla/5.0 (compatible; bingbot/2.0; +http://www.bing.com/bingbot.htm)"
17.58.101.147 - - [26/Jan/2021:15:35:40 +0100] "GET /mani-the-lucky-cat-figurine-11-cm-p-47603.html HTTP/1.0" 200 72199 "-" "Mozilla/5.0 (Macintosh; Intel Mac OS X 10_15_5) AppleWebKit/605.1.15 (KHTML, like Gecko) Version/13.1.1 Safari/605.1.15 (Applebot/0.1; +http://www.apple.com/go/applebot)"
207.46.13.53 - - [26/Jan/2021:15:36:19 +0100] "GET /bracelets-c-3_200.html?page=4 HTTP/1.0" 200 90670 "-" "Mozilla/5.0 (compatible; bingbot/2.0; +http://www.bing.com/bingbot.htm)"
114.119.150.15 - - [26/Jan/2021:15:36:38 +0100] "GET /periodic-system-shower-curtain-180-180-cm-p-41939.html HTTP/1.0" 200 72016 "-" "Mozilla/5.0 (Linux; Android 7.0;) AppleWebKit/537.36 (KHTML, like Gecko) Mobile Safari/537.36 (compatible; PetalBot;+https://aspiegel.com/petalbot)"
17.58.101.147 - - [26/Jan/2021:15:36:46 +0100] "GET /images/mini_prod/3281640406149b.jpg HTTP/1.0" 200 270 "-" "Mozilla/5.0 (Macintosh; Intel Mac OS X 10_15_5) AppleWebKit/605.1.15 (KHTML, like Gecko) Version/13.1.1 Safari/605.1.15 (Applebot/0.1; +http://www.apple.com/go/applebot)"
54.36.149.68 - - [26/Jan/2021:15:36:58 +0100] "GET /newton-wiege-p-28326.html HTTP/1.0" 200 71739 "-" "Mozilla/5.0 (compatible; AhrefsBot/7.0; +http://ahrefs.com/robot/)"
216.18.204.215 - - [26/Jan/2021:15:37:03 +0100] "GET /rectangular-burlap-placemat-corsica-p-50940.html HTTP/1.0" 200 71892 "http://www.wonder-geek.com/" "Mozilla/5.0 (compatible; Adsbot/3.1)"
51.68.224.127 - - [26/Jan/2021:15:38:01 +0100] "GET /adminweb/export_orders_xml.php?token=256de2z6edz6ed2z6DFSFsed2zed6zeDSFDSGdzedezfzf&maxorders=10&orderstart=1&status=14&start_date=2018-10-01 HTTP/1.0" 200 285 "-" "GesCom CharlotteBoutik Serveur"
51.68.224.127 - - [26/Jan/2021:15:38:01 +0100] "GET /adminweb/export_orders_xml.php?token=256de2z6edz6ed2z6DFSFsed2zed6zeDSFDSGdzedezfzf&maxorders=10&orderstart=1&status=6&start_date=2018-10-01 HTTP/1.0" 200 29990 "-" "GesCom CharlotteBoutik Serveur"
216.18.204.215 - - [26/Jan/2021:15:38:07 +0100] "GET /rectangular-burlap-placemat-corsica-p-50941.html HTTP/1.0" 200 71892 "http://www.wonder-geek.com/" "Mozilla/5.0 (compatible; Adsbot/3.1)"
216.18.204.215 - - [26/Jan/2021:15:38:58 +0100] "GET /rectangular-burlap-placemat-corsica-p-50942.html HTTP/1.0" 200 71892 "http://www.wonder-geek.com/" "Mozilla/5.0 (compatible; Adsbot/3.1)"
157.55.39.149 - - [26/Jan/2021:15:39:38 +0100] "GET /images/big_prod/4029811324033.jpg HTTP/1.0" 200 268 "-" "Mozilla/5.0 (compatible; bingbot/2.0; +http://www.bing.com/bingbot.htm)"
216.18.204.215 - - [26/Jan/2021:15:39:40 +0100] "GET /small-melamine-tray-hana-collection-p-52672.html HTTP/1.0" 200 72015 "http://www.wonder-geek.com/" "Mozilla/5.0 (compatible; Adsbot/3.1)"
216.18.204.215 - - [26/Jan/2021:15:40:03 +0100] "GET /star-wars-resistance-trooper-figure-p-34604.html HTTP/1.0" 200 72121 "http://www.wonder-geek.com/" "Mozilla/5.0 (compatible; Adsbot/3.1)"
216.18.204.215 - - [26/Jan/2021:15:40:27 +0100] "GET /stars-wars-darth-vader-figure-50-cm-p-29566.html HTTP/1.0" 301 69256 "http://www.wonder-geek.com/" "Mozilla/5.0 (compatible; Adsbot/3.1)"
216.18.204.215 - - [26/Jan/2021:15:40:42 +0100] "GET /teo-jasmin-bed-for-small-dog-or-cat-p-32291.html HTTP/1.0" 200 71990 "http://www.wonder-geek.com/" "Mozilla/5.0 (compatible; Adsbot/3.1)"
216.18.204.215 - - [26/Jan/2021:15:40:59 +0100] "GET /teo-jasmin-bed-for-small-dog-or-cat-p-32293.html HTTP/1.0" 200 71990 "http://www.wonder-geek.com/" "Mozilla/5.0 (compatible; Adsbot/3.1)"
216.18.204.215 - - [26/Jan/2021:15:41:19 +0100] "GET /the-funny-little-bugs-cars-fiona-fly-p-7302.html HTTP/1.0" 200 72052 "http://www.wonder-geek.com/" "Mozilla/5.0 (compatible; Adsbot/3.1)"
54.36.148.255 - - [26/Jan/2021:15:41:28 +0100] "GET /dishes-c-12.html?page=109 HTTP/1.0" 200 91840 "-" "Mozilla/5.0 (compatible; AhrefsBot/7.0; +http://ahrefs.com/robot/)"
216.18.204.215 - - [26/Jan/2021:15:41:38 +0100] "GET /thinkerbell-cap-and-scarf-set-51-cm-p-22148.html HTTP/1.0" 200 72084 "http://www.wonder-geek.com/" "Mozilla/5.0 (compatible; Adsbot/3.1)"
13.66.139.139 - - [26/Jan/2021:15:41:41 +0100] "GET /bottle-rack-wine-glass-p-50196.html HTTP/1.0" 200 71981 "-" "Mozilla/5.0 (compatible; bingbot/2.0; +http://www.bing.com/bingbot.htm)"
157.55.39.153 - - [26/Jan/2021:15:41:57 +0100] "GET /images/big_prod/8433933157350.jpg HTTP/1.0" 200 268 "-" "Mozilla/5.0 (compatible; bingbot/2.0; +http://www.bing.com/bingbot.htm)"
216.18.204.215 - - [26/Jan/2021:15:41:58 +0100] "GET /thinkerbell-cap-and-scarf-set-51-cm-p-22151.html HTTP/1.0" 200 72084 "http://www.wonder-geek.com/" "Mozilla/5.0 (compatible; Adsbot/3.1)"
216.18.204.215 - - [26/Jan/2021:15:42:28 +0100] "GET /thinkerbell-cap-and-scarf-set-54-cm-p-22150.html HTTP/1.0" 200 72084 "http://www.wonder-geek.com/" "Mozilla/5.0 (compatible; Adsbot/3.1)"
216.18.204.215 - - [26/Jan/2021:15:42:47 +0100] "GET /volkswagen-bully-rectangular-mirror-p-29010.html HTTP/1.0" 200 71900 "http://www.wonder-geek.com/" "Mozilla/5.0 (compatible; Adsbot/3.1)"
157.55.39.228 - - [26/Jan/2021:15:42:49 +0100] "GET /images/big_prod/720322285434.jpg HTTP/1.0" 200 267 "-" "Mozilla/5.0 (compatible; bingbot/2.0; +http://www.bing.com/bingbot.htm)"
216.18.204.215 - - [26/Jan/2021:15:43:10 +0100] "GET /wall-decoration-mirror-metal-flower-p-50498.html HTTP/1.0" 200 71939 "http://www.wonder-geek.com/" "Mozilla/5.0 (compatible; Adsbot/3.1)"
216.18.204.215 - - [26/Jan/2021:15:43:29 +0100] "GET /wall-decoration-mirror-metal-leaves-p-50499.html HTTP/1.0" 200 71939 "http://www.wonder-geek.com/" "Mozilla/5.0 (compatible; Adsbot/3.1)"
17.58.101.147 - - [26/Jan/2021:15:43:37 +0100] "GET /bamboo-fiber-plant-cover-p-51943.html HTTP/1.0" 200 72483 "-" "Mozilla/5.0 (Macintosh; Intel Mac OS X 10_15_5) AppleWebKit/605.1.15 (KHTML, like Gecko) Version/13.1.1 Safari/605.1.15 (Applebot/0.1; +http://www.apple.com/go/applebot)"
66.249.70.36 - - [26/Jan/2021:15:43:56 +0100] "GET /van-gogh-magnet-p-51215.html HTTP/1.0" 200 71764 "-" "Mozilla/5.0 (Linux; Android 6.0.1; Nexus 5X Build/MMB29P) AppleWebKit/537.36 (KHTML, like Gecko) Chrome/88.0.4324.113 Mobile Safari/537.36 (compatible; Googlebot/2.1; +http://www.google.com/bot.html)"
216.18.204.215 - - [26/Jan/2021:15:44:08 +0100] "GET /wall-decoration-mirror-metal-leaves-p-50500.html HTTP/1.0" 200 71939 "http://www.wonder-geek.com/" "Mozilla/5.0 (compatible; Adsbot/3.1)"
216.18.204.215 - - [26/Jan/2021:15:44:34 +0100] "GET /barbapapa-phone-cover-for-iphone-and-p-14167.html HTTP/1.0" 200 72277 "http://www.wonder-geek.com/" "Mozilla/5.0 (compatible; Adsbot/3.1)"
207.46.13.55 - - [26/Jan/2021:15:44:38 +0100] "GET /images/big_prod/8422011475783.jpg HTTP/1.0" 200 268 "-" "Mozilla/5.0 (compatible; bingbot/2.0; +http://www.bing.com/bingbot.htm)"
216.18.204.215 - - [26/Jan/2021:15:44:53 +0100] "GET /blue-butterfly-white-women-tee-shirt-p-30729.html HTTP/1.0" 200 73881 "http://www.wonder-geek.com/" "Mozilla/5.0 (compatible; Adsbot/3.1)"
192.0.99.106 - - [26/Jan/2021:15:45:17 +0100] "GET /images/3700276276990.jpg HTTP/1.0" 200 259 "-" "Photon/1.0"
216.18.204.215 - - [26/Jan/2021:15:45:35 +0100] "GET /bowl-grinning-purple-made-in-germany-p-52577.html HTTP/1.0" 200 72778 "http://www.wonder-geek.com/" "Mozilla/5.0 (compatible; Adsbot/3.1)"
54.36.148.225 - - [26/Jan/2021:15:46:02 +0100] "GET /renault-metal-can-money-box-p-52946.html HTTP/1.0" 200 71892 "-" "Mozilla/5.0 (compatible; AhrefsBot/7.0; +http://ahrefs.com/robot/)"
216.18.204.215 - - [26/Jan/2021:15:46:02 +0100] "GET /coca-cola-phone-cover-for-iphone-and-p-15951.html HTTP/1.0" 200 72797 "http://www.wonder-geek.com/" "Mozilla/5.0 (compatible; Adsbot/3.1)"
216.18.204.215 - - [26/Jan/2021:15:46:22 +0100] "GET /educational-watch-for-children-koala-p-51721.html HTTP/1.0" 200 73436 "http://www.wonder-geek.com/" "Mozilla/5.0 (compatible; Adsbot/3.1)"
216.18.204.215 - - [26/Jan/2021:15:46:43 +0100] "GET /freegun-liberty-cover-for-iphone-and-p-19120.html HTTP/1.0" 200 72209 "http://www.wonder-geek.com/" "Mozilla/5.0 (compatible; Adsbot/3.1)"
216.18.204.215 - - [26/Jan/2021:15:47:20 +0100] "GET /great-dog-bowls-nom-un-chien-ai-faim-p-31430.html HTTP/1.0" 200 72113 "http://www.wonder-geek.com/" "Mozilla/5.0 (compatible; Adsbot/3.1)"
157.55.39.149 - - [26/Jan/2021:15:47:33 +0100] "GET /images/big_prod/4010070323318.jpg HTTP/1.0" 200 268 "-" "Mozilla/5.0 (compatible; bingbot/2.0; +http://www.bing.com/bingbot.htm)"
216.18.204.215 - - [26/Jan/2021:15:47:39 +0100] "GET /huile-olive-extra-vierge-adult-apron-p-51189.html HTTP/1.0" 200 71869 "http://www.wonder-geek.com/" "Mozilla/5.0 (compatible; Adsbot/3.1)"
216.18.204.215 - - [26/Jan/2021:15:47:55 +0100] "GET /laissez-lucie-faire-liberty-placemat-p-39849.html HTTP/1.0" 200 71929 "http://www.wonder-geek.com/" "Mozilla/5.0 (compatible; Adsbot/3.1)"
207.46.13.37 - - [26/Jan/2021:15:48:14 +0100] "GET /carpet-mandala-60-90-cm-p-50744.html HTTP/1.0" 200 72790 "-" "Mozilla/5.0 (compatible; bingbot/2.0; +http://www.bing.com/bingbot.htm)"
207.46.13.37 - - [26/Jan/2021:15:48:15 +0100] "GET /-p-14960.html HTTP/1.0" 200 69189 "-" "Mozilla/5.0 (compatible; bingbot/2.0; +http://www.bing.com/bingbot.htm)"
216.18.204.215 - - [26/Jan/2021:15:48:23 +0100] "GET /lucky-boy-by-etienne-boyer-tee-shirt-p-30983.html HTTP/1.0" 200 73857 "http://www.wonder-geek.com/" "Mozilla/5.0 (compatible; Adsbot/3.1)"
216.18.204.215 - - [26/Jan/2021:15:49:04 +0100] "GET /merci-gustave-paris-so-chic-placemat-p-38455.html HTTP/1.0" 200 71945 "http://www.wonder-geek.com/" "Mozilla/5.0 (compatible; Adsbot/3.1)"
216.18.204.215 - - [26/Jan/2021:15:49:37 +0100] "GET /peace-and-love-white-women-tee-shirt-p-30999.html HTTP/1.0" 200 73933 "http://www.wonder-geek.com/" "Mozilla/5.0 (compatible; Adsbot/3.1)"
216.18.204.215 - - [26/Jan/2021:15:50:14 +0100] "GET /peter-pan-tinkerbell-kneeling-figure-p-15671.html HTTP/1.0" 200 71751 "http://www.wonder-geek.com/" "Mozilla/5.0 (compatible; Adsbot/3.1)"
54.36.148.87 - - [26/Jan/2021:15:50:35 +0100] "GET /mugs-and-mazagrans-c-12_57.html?page=23 HTTP/1.0" 200 96448 "-" "Mozilla/5.0 (compatible; AhrefsBot/7.0; +http://ahrefs.com/robot/)"
216.18.204.215 - - [26/Jan/2021:15:50:45 +0100] "GET /porcelain-bowl-plumes-480-ml-indians-p-39624.html HTTP/1.0" 200 71911 "http://www.wonder-geek.com/" "Mozilla/5.0 (compatible; Adsbot/3.1)"
216.18.204.215 - - [26/Jan/2021:15:51:17 +0100] "GET /small-gorilla-nici-charm-phone-charm-p-33461.html HTTP/1.0" 200 71954 "http://www.wonder-geek.com/" "Mozilla/5.0 (compatible; Adsbot/3.1)"
216.18.204.215 - - [26/Jan/2021:15:51:49 +0100] "GET /statue-of-liberty-rectangular-mirror-p-29017.html HTTP/1.0" 200 71908 "http://www.wonder-geek.com/" "Mozilla/5.0 (compatible; Adsbot/3.1)"
216.18.204.215 - - [26/Jan/2021:15:52:17 +0100] "GET /teo-jasmin-inuit-small-melamine-tray-p-37941.html HTTP/1.0" 200 72011 "http://www.wonder-geek.com/" "Mozilla/5.0 (compatible; Adsbot/3.1)"
216.18.204.215 - - [26/Jan/2021:15:52:37 +0100] "GET /teo-jasmin-teo-inuit-large-soup-bowl-p-41626.html HTTP/1.0" 200 71942 "http://www.wonder-geek.com/" "Mozilla/5.0 (compatible; Adsbot/3.1)"
216.18.204.215 - - [26/Jan/2021:15:52:56 +0100] "GET /vest-with-crop-steampunk-black-shirt-p-30129.html HTTP/1.0" 200 73410 "http://www.wonder-geek.com/" "Mozilla/5.0 (compatible; Adsbot/3.1)"
216.18.204.215 - - [26/Jan/2021:15:53:16 +0100] "GET /world-map-large-clock-beige-and-blue-p-52867.html HTTP/1.0" 200 71948 "http://www.wonder-geek.com/" "Mozilla/5.0 (compatible; Adsbot/3.1)"
207.46.13.37 - - [26/Jan/2021:15:53:23 +0100] "GET /images/big_prod_1/8422089456714.jpg HTTP/1.0" 200 270 "-" "Mozilla/5.0 (compatible; bingbot/2.0; +http://www.bing.com/bingbot.htm)"
207.46.13.37 - - [26/Jan/2021:15:53:24 +0100] "GET /images/big_prod/3609810076181.jpg HTTP/1.0" 200 268 "-" "Mozilla/5.0 (compatible; bingbot/2.0; +http://www.bing.com/bingbot.htm)"
157.55.39.153 - - [26/Jan/2021:15:53:40 +0100] "GET /-p-12939.html HTTP/1.0" 200 69189 "-" "Mozilla/5.0 (compatible; bingbot/2.0; +http://www.bing.com/bingbot.htm)"
157.55.39.153 - - [26/Jan/2021:15:53:40 +0100] "GET /images/big_prod_1/1328399138296b.jpg HTTP/1.0" 200 271 "-" "Mozilla/5.0 (compatible; bingbot/2.0; +http://www.bing.com/bingbot.htm)"
66.249.70.36 - - [26/Jan/2021:15:53:44 +0100] "GET /images/mini_prod/3700516221544.jpg HTTP/1.0" 200 269 "-" "Googlebot-Image/1.0"
216.18.204.215 - - [26/Jan/2021:15:53:49 +0100] "GET /zippo-wallet-with-camouflage-pattern-p-49089.html HTTP/1.0" 200 73018 "http://www.wonder-geek.com/" "Mozilla/5.0 (compatible; Adsbot/3.1)"
51.68.224.127 - - [26/Jan/2021:15:53:49 +0100] "GET /adminweb/export_orders_xml.php?token=256de2z6edz6ed2z6DFSFsed2zed6zeDSFDSGdzedezfzf&maxorders=10&orderstart=1&status=14&start_date=2018-10-01 HTTP/1.0" 200 285 "-" "GesCom CharlotteBoutik Serveur"
51.68.224.127 - - [26/Jan/2021:15:53:49 +0100] "GET /adminweb/export_orders_xml.php?token=256de2z6edz6ed2z6DFSFsed2zed6zeDSFDSGdzedezfzf&maxorders=10&orderstart=1&status=6&start_date=2018-10-01 HTTP/1.0" 200 29990 "-" "GesCom CharlotteBoutik Serveur"
114.119.151.113 - - [26/Jan/2021:15:54:19 +0100] "GET /pugsley-keel-toys-plush-unicorn-light-pink-14-cm-p-46897.html HTTP/1.0" 200 72198 "-" "Mozilla/5.0 (Linux; Android 7.0;) AppleWebKit/537.36 (KHTML, like Gecko) Mobile Safari/537.36 (compatible; PetalBot;+https://aspiegel.com/petalbot)"
216.18.204.215 - - [26/Jan/2021:15:54:25 +0100] "GET /bamboo-retro-tray-allergique-au-matin-p-51686.html HTTP/1.0" 200 71963 "http://www.wonder-geek.com/" "Mozilla/5.0 (compatible; Adsbot/3.1)"
54.36.148.166 - - [26/Jan/2021:15:54:50 +0100] "GET /cotton-floor-cushion-40-cm-p-52452.html HTTP/1.0" 200 72456 "-" "Mozilla/5.0 (compatible; AhrefsBot/7.0; +http://ahrefs.com/robot/)"
216.18.204.215 - - [26/Jan/2021:15:54:54 +0100] "GET /bowl-tasty-pin-inside-made-in-germany-p-53187.html HTTP/1.0" 200 73236 "http://www.wonder-geek.com/" "Mozilla/5.0 (compatible; Adsbot/3.1)"
207.46.13.53 - - [26/Jan/2021:15:54:57 +0100] "GET /images/big_prod/1384010206133B.jpg HTTP/1.0" 200 269 "-" "Mozilla/5.0 (compatible; bingbot/2.0; +http://www.bing.com/bingbot.htm)"
216.18.204.215 - - [26/Jan/2021:15:55:18 +0100] "GET /ceramic-bowl-in-relief-flemme-en-rose-p-47055.html HTTP/1.0" 200 71868 "http://www.wonder-geek.com/" "Mozilla/5.0 (compatible; Adsbot/3.1)"
216.18.204.215 - - [26/Jan/2021:15:55:40 +0100] "GET /clock-indian-spirit-60-cm-free-spirit-p-42951.html HTTP/1.0" 200 71978 "http://www.wonder-geek.com/" "Mozilla/5.0 (compatible; Adsbot/3.1)"
216.18.204.215 - - [26/Jan/2021:15:55:59 +0100] "GET /flamingo-porcelain-bowl-480-ml-flammy-p-52650.html HTTP/1.0" 200 71913 "http://www.wonder-geek.com/" "Mozilla/5.0 (compatible; Adsbot/3.1)"
216.18.204.215 - - [26/Jan/2021:15:56:17 +0100] "GET /green-butterfly-white-women-tee-shirt-p-30734.html HTTP/1.0" 200 73911 "http://www.wonder-geek.com/" "Mozilla/5.0 (compatible; Adsbot/3.1)"
216.18.204.215 - - [26/Jan/2021:15:56:42 +0100] "GET /italian-scooter-white-women-tee-shirt-p-30954.html HTTP/1.0" 200 73929 "http://www.wonder-geek.com/" "Mozilla/5.0 (compatible; Adsbot/3.1)"
216.18.204.215 - - [26/Jan/2021:15:56:57 +0100] "GET /ma-maman-elle-dechire-white-tee-shirt-p-48998.html HTTP/1.0" 200 73896 "http://www.wonder-geek.com/" "Mozilla/5.0 (compatible; Adsbot/3.1)"
54.36.148.42 - - [26/Jan/2021:15:57:22 +0100] "GET /simpsons-towel-p-6965.html HTTP/1.0" 301 69253 "-" "Mozilla/5.0 (compatible; AhrefsBot/7.0; +http://ahrefs.com/robot/)"
216.18.204.215 - - [26/Jan/2021:15:57:28 +0100] "GET /malle-usa-pink-car-trunk-metal-143-cm-p-34713.html HTTP/1.0" 200 73715 "http://www.wonder-geek.com/" "Mozilla/5.0 (compatible; Adsbot/3.1)"
216.18.204.215 - - [26/Jan/2021:15:57:48 +0100] "GET /peace-and-black-white-women-tee-shirt-p-30998.html HTTP/1.0" 200 73899 "http://www.wonder-geek.com/" "Mozilla/5.0 (compatible; Adsbot/3.1)"
216.18.204.215 - - [26/Jan/2021:15:58:08 +0100] "GET /rectangular-clock-indian-spirit-50-cm-p-42934.html HTTP/1.0" 200 71978 "http://www.wonder-geek.com/" "Mozilla/5.0 (compatible; Adsbot/3.1)"
5.255.231.71 - - [26/Jan/2021:15:58:19 +0100] "GET /dora-the-explorer-swimming-ring-p-14353.html HTTP/1.0" 200 72305 "-" "Mozilla/5.0 (compatible; YandexBot/3.0; +http://yandex.com/bots)"
216.18.204.215 - - [26/Jan/2021:15:58:33 +0100] "GET /rectangular-clock-indian-spirit-50-cm-p-42936.html HTTP/1.0" 200 71978 "http://www.wonder-geek.com/" "Mozilla/5.0 (compatible; Adsbot/3.1)"
157.55.39.153 - - [26/Jan/2021:15:58:39 +0100] "GET /images/big_prod/3418175613005.jpg HTTP/1.0" 200 268 "-" "Mozilla/5.0 (compatible; bingbot/2.0; +http://www.bing.com/bingbot.htm)"
216.18.204.215 - - [26/Jan/2021:15:58:48 +0100] "GET /rectangular-clock-indian-spirit-70-cm-p-42947.html HTTP/1.0" 200 71976 "http://www.wonder-geek.com/" "Mozilla/5.0 (compatible; Adsbot/3.1)"
207.46.13.53 - - [26/Jan/2021:15:58:48 +0100] "GET /images/big_prod/3014627948581.jpg HTTP/1.0" 200 268 "-" "Mozilla/5.0 (compatible; bingbot/2.0; +http://www.bing.com/bingbot.htm)"
216.18.204.215 - - [26/Jan/2021:15:59:06 +0100] "GET /rectangular-clock-indian-spirit-70-cm-p-42948.html HTTP/1.0" 200 71976 "http://www.wonder-geek.com/" "Mozilla/5.0 (compatible; Adsbot/3.1)"
54.36.148.63 - - [26/Jan/2021:15:59:16 +0100] "GET /wall-decoration-in-wood-and-mdf-c-13_274.html HTTP/1.0" 200 92076 "-" "Mozilla/5.0 (compatible; AhrefsBot/7.0; +http://ahrefs.com/robot/)"
216.18.204.215 - - [26/Jan/2021:15:59:26 +0100] "GET /rectangular-clock-indian-spirit-70-cm-p-42949.html HTTP/1.0" 200 71976 "http://www.wonder-geek.com/" "Mozilla/5.0 (compatible; Adsbot/3.1)"
66.249.81.163 - - [26/Jan/2021:15:59:33 +0100] "GET /images/big_prod_4/a5018997632260.jpg HTTP/1.0" 200 271 "-" "Mozilla/5.0 (Windows NT 5.1; rv:11.0) Gecko Firefox/11.0 (via ggpht.com GoogleImageProxy)"
89.205.136.37 - - [26/Jan/2021:15:59:35 +0100] "GET /gorjuss-deluxe-journal-autumn-leaves-p-50957.html HTTP/1.0" 200 73596 "https://www.google.nl/" "Mozilla/5.0 (Windows NT 6.1; Win64; x64) AppleWebKit/537.36 (KHTML, like Gecko) Chrome/87.0.4280.141 Safari/537.36"
89.205.136.37 - - [26/Jan/2021:15:59:36 +0100] "GET /templates/Pixame_v1/stylesheet.css HTTP/1.0" 200 267 "http://www.wonder-geek.com/gorjuss-deluxe-journal-autumn-leaves-p-50957.html" "Mozilla/5.0 (Windows NT 6.1; Win64; x64) AppleWebKit/537.36 (KHTML, like Gecko) Chrome/87.0.4280.141 Safari/537.36"
89.205.136.37 - - [26/Jan/2021:15:59:36 +0100] "GET /highslide/highslide.js HTTP/1.0" 200 262 "http://www.wonder-geek.com/gorjuss-deluxe-journal-autumn-leaves-p-50957.html" "Mozilla/5.0 (Windows NT 6.1; Win64; x64) AppleWebKit/537.36 (KHTML, like Gecko) Chrome/87.0.4280.141 Safari/537.36"
89.205.136.37 - - [26/Jan/2021:15:59:36 +0100] "GET /js/jquery.js HTTP/1.0" 200 252 "http://www.wonder-geek.com/gorjuss-deluxe-journal-autumn-leaves-p-50957.html" "Mozilla/5.0 (Windows NT 6.1; Win64; x64) AppleWebKit/537.36 (KHTML, like Gecko) Chrome/87.0.4280.141 Safari/537.36"
89.205.136.37 - - [26/Jan/2021:15:59:36 +0100] "GET /mondial_relay/js/jquery-1.3.2.min.js HTTP/1.0" 200 276 "http://www.wonder-geek.com/gorjuss-deluxe-journal-autumn-leaves-p-50957.html" "Mozilla/5.0 (Windows NT 6.1; Win64; x64) AppleWebKit/537.36 (KHTML, like Gecko) Chrome/87.0.4280.141 Safari/537.36"
89.205.136.37 - - [26/Jan/2021:15:59:36 +0100] "GET /js/jquery.jqzoom.js HTTP/1.0" 200 259 "http://www.wonder-geek.com/gorjuss-deluxe-journal-autumn-leaves-p-50957.html" "Mozilla/5.0 (Windows NT 6.1; Win64; x64) AppleWebKit/537.36 (KHTML, like Gecko) Chrome/87.0.4280.141 Safari/537.36"
89.205.136.37 - - [26/Jan/2021:15:59:36 +0100] "GET /swfobject.js HTTP/1.0" 404 1308 "http://www.wonder-geek.com/gorjuss-deluxe-journal-autumn-leaves-p-50957.html" "Mozilla/5.0 (Windows NT 6.1; Win64; x64) AppleWebKit/537.36 (KHTML, like Gecko) Chrome/87.0.4280.141 Safari/537.36"
89.205.136.37 - - [26/Jan/2021:15:59:36 +0100] "GET /templates/Pixame_v1/images/icon_accueil2.png HTTP/1.0" 200 278 "http://www.wonder-geek.com/gorjuss-deluxe-journal-autumn-leaves-p-50957.html" "Mozilla/5.0 (Windows NT 6.1; Win64; x64) AppleWebKit/537.36 (KHTML, like Gecko) Chrome/87.0.4280.141 Safari/537.36"
89.205.136.37 - - [26/Jan/2021:15:59:36 +0100] "GET /templates/Pixame_v1/images/infobox/pixel_trans.gif HTTP/1.0" 200 328 "http://www.wonder-geek.com/gorjuss-deluxe-journal-autumn-leaves-p-50957.html" "Mozilla/5.0 (Windows NT 6.1; Win64; x64) AppleWebKit/537.36 (KHTML, like Gecko) Chrome/87.0.4280.141 Safari/537.36"
89.205.136.37 - - [26/Jan/2021:15:59:36 +0100] "GET /images/pixel_trans.gif HTTP/1.0" 200 328 "http://www.wonder-geek.com/gorjuss-deluxe-journal-autumn-leaves-p-50957.html" "Mozilla/5.0 (Windows NT 6.1; Win64; x64) AppleWebKit/537.36 (KHTML, like Gecko) Chrome/87.0.4280.141 Safari/537.36"
89.205.136.37 - - [26/Jan/2021:15:59:36 +0100] "GET /templates/Pixame_v1/images/pixel_trans.gif HTTP/1.0" 200 328 "http://www.wonder-geek.com/gorjuss-deluxe-journal-autumn-leaves-p-50957.html" "Mozilla/5.0 (Windows NT 6.1; Win64; x64) AppleWebKit/537.36 (KHTML, like Gecko) Chrome/87.0.4280.141 Safari/537.36"
89.205.136.37 - - [26/Jan/2021:15:59:36 +0100] "GET /images/big_prod/5018997632260.jpg HTTP/1.0" 200 268 "http://www.wonder-geek.com/gorjuss-deluxe-journal-autumn-leaves-p-50957.html" "Mozilla/5.0 (Windows NT 6.1; Win64; x64) AppleWebKit/537.36 (KHTML, like Gecko) Chrome/87.0.4280.141 Safari/537.36"
89.205.136.37 - - [26/Jan/2021:15:59:36 +0100] "GET /images/big_prod_2/c5018997632260.jpg HTTP/1.0" 200 271 "http://www.wonder-geek.com/gorjuss-deluxe-journal-autumn-leaves-p-50957.html" "Mozilla/5.0 (Windows NT 6.1; Win64; x64) AppleWebKit/537.36 (KHTML, like Gecko) Chrome/87.0.4280.141 Safari/537.36"
89.205.136.37 - - [26/Jan/2021:15:59:36 +0100] "GET /images/big_prod_1/z5018997632260.jpg HTTP/1.0" 200 271 "http://www.wonder-geek.com/gorjuss-deluxe-journal-autumn-leaves-p-50957.html" "Mozilla/5.0 (Windows NT 6.1; Win64; x64) AppleWebKit/537.36 (KHTML, like Gecko) Chrome/87.0.4280.141 Safari/537.36"
89.205.136.37 - - [26/Jan/2021:15:59:36 +0100] "GET /images/big_prod_3/b5018997632260.jpg HTTP/1.0" 200 271 "http://www.wonder-geek.com/gorjuss-deluxe-journal-autumn-leaves-p-50957.html" "Mozilla/5.0 (Windows NT 6.1; Win64; x64) AppleWebKit/537.36 (KHTML, like Gecko) Chrome/87.0.4280.141 Safari/537.36"
89.205.136.37 - - [26/Jan/2021:15:59:36 +0100] "GET /images/big_prod_4/a5018997632260.jpg HTTP/1.0" 200 271 "http://www.wonder-geek.com/gorjuss-deluxe-journal-autumn-leaves-p-50957.html" "Mozilla/5.0 (Windows NT 6.1; Win64; x64) AppleWebKit/537.36 (KHTML, like Gecko) Chrome/87.0.4280.141 Safari/537.36"
89.205.136.37 - - [26/Jan/2021:15:59:36 +0100] "GET /templates/Pixame_v1/images/buttons/english/button_in_cart.gif HTTP/1.0" 200 295 "http://www.wonder-geek.com/gorjuss-deluxe-journal-autumn-leaves-p-50957.html" "Mozilla/5.0 (Windows NT 6.1; Win64; x64) AppleWebKit/537.36 (KHTML, like Gecko) Chrome/87.0.4280.141 Safari/537.36"
89.205.136.37 - - [26/Jan/2021:15:59:36 +0100] "GET /templates/Pixame_v1/images/Bottom_texture.jpg HTTP/1.0" 200 280 "http://www.wonder-geek.com/templates/Pixame_v1/stylesheet.css" "Mozilla/5.0 (Windows NT 6.1; Win64; x64) AppleWebKit/537.36 (KHTML, like Gecko) Chrome/87.0.4280.141 Safari/537.36"
89.205.136.37 - - [26/Jan/2021:15:59:36 +0100] "GET /templates/Pixame_v1/images/header.png HTTP/1.0" 200 271 "http://www.wonder-geek.com/templates/Pixame_v1/stylesheet.css" "Mozilla/5.0 (Windows NT 6.1; Win64; x64) AppleWebKit/537.36 (KHTML, like Gecko) Chrome/87.0.4280.141 Safari/537.36"
89.205.136.37 - - [26/Jan/2021:15:59:37 +0100] "GET /templates/Pixame_v1/images/Middle_texture.jpg HTTP/1.0" 200 280 "http://www.wonder-geek.com/templates/Pixame_v1/stylesheet.css" "Mozilla/5.0 (Windows NT 6.1; Win64; x64) AppleWebKit/537.36 (KHTML, like Gecko) Chrome/87.0.4280.141 Safari/537.36"
89.205.136.37 - - [26/Jan/2021:15:59:37 +0100] "GET /templates/Pixame_v1/images/header-object.png HTTP/1.0" 200 278 "http://www.wonder-geek.com/templates/Pixame_v1/stylesheet.css" "Mozilla/5.0 (Windows NT 6.1; Win64; x64) AppleWebKit/537.36 (KHTML, like Gecko) Chrome/87.0.4280.141 Safari/537.36"
89.205.136.37 - - [26/Jan/2021:15:59:37 +0100] "GET /templates/Pixame_v1/images/nav.png HTTP/1.0" 200 268 "http://www.wonder-geek.com/templates/Pixame_v1/stylesheet.css" "Mozilla/5.0 (Windows NT 6.1; Win64; x64) AppleWebKit/537.36 (KHTML, like Gecko) Chrome/87.0.4280.141 Safari/537.36"
89.205.136.37 - - [26/Jan/2021:15:59:37 +0100] "GET /templates/Pixame_v1/images/infobox/infobox_footer_middle.gif HTTP/1.0" 200 357 "http://www.wonder-geek.com/" "Mozilla/5.0 (Windows NT 6.1; Win64; x64) AppleWebKit/537.36 (KHTML, like Gecko) Chrome/87.0.4280.141 Safari/537.36"
89.205.136.37 - - [26/Jan/2021:15:59:37 +0100] "GET /highslide/graphics/zoomin.cur HTTP/1.0" 200 614 "http://www.wonder-geek.com/templates/Pixame_v1/stylesheet.css" "Mozilla/5.0 (Windows NT 6.1; Win64; x64) AppleWebKit/537.36 (KHTML, like Gecko) Chrome/87.0.4280.141 Safari/537.36"
89.205.136.37 - - [26/Jan/2021:15:59:37 +0100] "GET /design/productsenstock.png HTTP/1.0" 200 260 "http://www.wonder-geek.com/templates/Pixame_v1/stylesheet.css" "Mozilla/5.0 (Windows NT 6.1; Win64; x64) AppleWebKit/537.36 (KHTML, like Gecko) Chrome/87.0.4280.141 Safari/537.36"
89.205.136.37 - - [26/Jan/2021:15:59:37 +0100] "GET /highslide/graphics/outlines/drop-shadow.png HTTP/1.0" 200 277 "http://www.wonder-geek.com/gorjuss-deluxe-journal-autumn-leaves-p-50957.html" "Mozilla/5.0 (Windows NT 6.1; Win64; x64) AppleWebKit/537.36 (KHTML, like Gecko) Chrome/87.0.4280.141 Safari/537.36"
89.205.136.37 - - [26/Jan/2021:15:59:37 +0100] "GET /highslide/graphics/zoomout.cur HTTP/1.0" 200 614 "http://www.wonder-geek.com/gorjuss-deluxe-journal-autumn-leaves-p-50957.html" "Mozilla/5.0 (Windows NT 6.1; Win64; x64) AppleWebKit/537.36 (KHTML, like Gecko) Chrome/87.0.4280.141 Safari/537.36"
89.205.136.37 - - [26/Jan/2021:15:59:37 +0100] "GET /highslide/graphics/loader.white.gif HTTP/1.0" 200 960 "http://www.wonder-geek.com/templates/Pixame_v1/stylesheet.css" "Mozilla/5.0 (Windows NT 6.1; Win64; x64) AppleWebKit/537.36 (KHTML, like Gecko) Chrome/87.0.4280.141 Safari/537.36"
89.205.136.37 - - [26/Jan/2021:15:59:38 +0100] "GET /favicon.ico HTTP/1.0" 200 260 "http://www.wonder-geek.com/gorjuss-deluxe-journal-autumn-leaves-p-50957.html" "Mozilla/5.0 (Windows NT 6.1; Win64; x64) AppleWebKit/537.36 (KHTML, like Gecko) Chrome/87.0.4280.141 Safari/537.36"
216.18.204.215 - - [26/Jan/2021:15:59:48 +0100] "GET /round-mirror-with-flower-height-57-cm-p-49684.html HTTP/1.0" 200 71970 "http://www.wonder-geek.com/" "Mozilla/5.0 (compatible; Adsbot/3.1)"
216.18.204.215 - - [26/Jan/2021:16:00:04 +0100] "GET /union-jack-phone-cover-for-iphone-and-p-14165.html HTTP/1.0" 200 72806 "http://www.wonder-geek.com/" "Mozilla/5.0 (compatible; Adsbot/3.1)"
66.249.81.168 - - [26/Jan/2021:16:00:22 +0100] "GET /images/big_prod/5018997632260.jpg HTTP/1.0" 200 268 "-" "Mozilla/5.0 (Windows NT 5.1; rv:11.0) Gecko Firefox/11.0 (via ggpht.com GoogleImageProxy)"
216.18.204.215 - - [26/Jan/2021:16:00:22 +0100] "GET /weenicons-you-talking-to-me-tee-shirt-p-29585.html HTTP/1.0" 200 73103 "http://www.wonder-geek.com/" "Mozilla/5.0 (compatible; Adsbot/3.1)"
89.205.136.37 - - [26/Jan/2021:16:00:23 +0100] "GET /gorjuss-deluxe-journal-autumn-leaves-p-50957.html HTTP/1.0" 200 73596 "https://www.google.nl/" "Mozilla/5.0 (Windows NT 6.1; Win64; x64) AppleWebKit/537.36 (KHTML, like Gecko) Chrome/87.0.4280.141 Safari/537.36"
89.205.136.37 - - [26/Jan/2021:16:00:25 +0100] "GET /swfobject.js HTTP/1.0" 404 1308 "http://www.wonder-geek.com/gorjuss-deluxe-journal-autumn-leaves-p-50957.html" "Mozilla/5.0 (Windows NT 6.1; Win64; x64) AppleWebKit/537.36 (KHTML, like Gecko) Chrome/87.0.4280.141 Safari/537.36"
89.205.136.37 - - [26/Jan/2021:16:00:39 +0100] "POST /gorjuss-deluxe-journal-autumn-leaves-p-50957.html?action=add_product HTTP/1.0" 302 476 "http://www.wonder-geek.com/gorjuss-deluxe-journal-autumn-leaves-p-50957.html" "Mozilla/5.0 (Windows NT 6.1; Win64; x64) AppleWebKit/537.36 (KHTML, like Gecko) Chrome/87.0.4280.141 Safari/537.36"
89.205.136.37 - - [26/Jan/2021:16:00:40 +0100] "GET /shopping_cart.php HTTP/1.0" 200 29361 "http://www.wonder-geek.com/gorjuss-deluxe-journal-autumn-leaves-p-50957.html" "Mozilla/5.0 (Windows NT 6.1; Win64; x64) AppleWebKit/537.36 (KHTML, like Gecko) Chrome/87.0.4280.141 Safari/537.36"
89.205.136.37 - - [26/Jan/2021:16:00:40 +0100] "GET /images/table_background_cart.gif HTTP/1.0" 200 1094 "http://www.wonder-geek.com/shopping_cart.php" "Mozilla/5.0 (Windows NT 6.1; Win64; x64) AppleWebKit/537.36 (KHTML, like Gecko) Chrome/87.0.4280.141 Safari/537.36"
89.205.136.37 - - [26/Jan/2021:16:00:40 +0100] "GET /images/mini_prod/5018997632260.jpg HTTP/1.0" 200 269 "http://www.wonder-geek.com/shopping_cart.php" "Mozilla/5.0 (Windows NT 6.1; Win64; x64) AppleWebKit/537.36 (KHTML, like Gecko) Chrome/87.0.4280.141 Safari/537.36"
89.205.136.37 - - [26/Jan/2021:16:00:40 +0100] "GET /templates/Pixame_v1/images/buttons/english/button_update_cart.gif HTTP/1.0" 200 299 "http://www.wonder-geek.com/shopping_cart.php" "Mozilla/5.0 (Windows NT 6.1; Win64; x64) AppleWebKit/537.36 (KHTML, like Gecko) Chrome/87.0.4280.141 Safari/537.36"
89.205.136.37 - - [26/Jan/2021:16:00:40 +0100] "GET /templates/Pixame_v1/images/buttons/english/button_continue_shopping.gif HTTP/1.0" 200 305 "http://www.wonder-geek.com/shopping_cart.php" "Mozilla/5.0 (Windows NT 6.1; Win64; x64) AppleWebKit/537.36 (KHTML, like Gecko) Chrome/87.0.4280.141 Safari/537.36"
89.205.136.37 - - [26/Jan/2021:16:00:40 +0100] "GET /templates/Pixame_v1/images/buttons/english/button_checkout.gif HTTP/1.0" 200 296 "http://www.wonder-geek.com/shopping_cart.php" "Mozilla/5.0 (Windows NT 6.1; Win64; x64) AppleWebKit/537.36 (KHTML, like Gecko) Chrome/87.0.4280.141 Safari/537.36"
89.205.136.37 - - [26/Jan/2021:16:00:40 +0100] "GET /swfobject.js HTTP/1.0" 404 1308 "http://www.wonder-geek.com/shopping_cart.php" "Mozilla/5.0 (Windows NT 6.1; Win64; x64) AppleWebKit/537.36 (KHTML, like Gecko) Chrome/87.0.4280.141 Safari/537.36"
89.205.136.37 - - [26/Jan/2021:16:00:40 +0100] "GET /images/icons/warning.gif HTTP/1.0" 200 478 "http://www.wonder-geek.com/shopping_cart.php" "Mozilla/5.0 (Windows NT 6.1; Win64; x64) AppleWebKit/537.36 (KHTML, like Gecko) Chrome/87.0.4280.141 Safari/537.36"
89.205.136.37 - - [26/Jan/2021:16:00:40 +0100] "GET /images/pixel_black.gif HTTP/1.0" 200 320 "http://www.wonder-geek.com/shopping_cart.php" "Mozilla/5.0 (Windows NT 6.1; Win64; x64) AppleWebKit/537.36 (KHTML, like Gecko) Chrome/87.0.4280.141 Safari/537.36"
89.205.136.37 - - [26/Jan/2021:16:00:40 +0100] "GET /images/icons/colissimo.gif HTTP/1.0" 200 260 "http://www.wonder-geek.com/shopping_cart.php" "Mozilla/5.0 (Windows NT 6.1; Win64; x64) AppleWebKit/537.36 (KHTML, like Gecko) Chrome/87.0.4280.141 Safari/537.36"
216.18.204.215 - - [26/Jan/2021:16:00:46 +0100] "GET /world-map-large-clock-beige-and-black-p-52868.html HTTP/1.0" 200 71953 "http://www.wonder-geek.com/" "Mozilla/5.0 (compatible; Adsbot/3.1)"
89.205.136.37 - - [26/Jan/2021:16:00:55 +0100] "GET /checkout_shipping.php HTTP/1.0" 302 468 "http://www.wonder-geek.com/shopping_cart.php" "Mozilla/5.0 (Windows NT 6.1; Win64; x64) AppleWebKit/537.36 (KHTML, like Gecko) Chrome/87.0.4280.141 Safari/537.36"
89.205.136.37 - - [26/Jan/2021:16:00:55 +0100] "GET /login.php HTTP/1.0" 200 17554 "http://www.wonder-geek.com/shopping_cart.php" "Mozilla/5.0 (Windows NT 6.1; Win64; x64) AppleWebKit/537.36 (KHTML, like Gecko) Chrome/87.0.4280.141 Safari/537.36"
89.205.136.37 - - [26/Jan/2021:16:00:56 +0100] "GET /swfobject.js HTTP/1.0" 404 1308 "http://www.wonder-geek.com/login.php" "Mozilla/5.0 (Windows NT 6.1; Win64; x64) AppleWebKit/537.36 (KHTML, like Gecko) Chrome/87.0.4280.141 Safari/537.36"
89.205.136.37 - - [26/Jan/2021:16:00:56 +0100] "GET /templates/Pixame_v1/images/buttons/english/button_login.gif HTTP/1.0" 200 1197 "http://www.wonder-geek.com/login.php" "Mozilla/5.0 (Windows NT 6.1; Win64; x64) AppleWebKit/537.36 (KHTML, like Gecko) Chrome/87.0.4280.141 Safari/537.36"
89.205.136.37 - - [26/Jan/2021:16:00:56 +0100] "GET /templates/Pixame_v1/images/buttons/english/button_create_account.gif HTTP/1.0" 200 302 "http://www.wonder-geek.com/login.php" "Mozilla/5.0 (Windows NT 6.1; Win64; x64) AppleWebKit/537.36 (KHTML, like Gecko) Chrome/87.0.4280.141 Safari/537.36"
216.18.204.215 - - [26/Jan/2021:16:00:57 +0100] "GET /world-map-large-clock-brown-and-beige-p-52869.html HTTP/1.0" 200 71955 "http://www.wonder-geek.com/" "Mozilla/5.0 (compatible; Adsbot/3.1)"
89.205.136.37 - - [26/Jan/2021:16:01:02 +0100] "GET /create_account.php HTTP/1.0" 200 33630 "http://www.wonder-geek.com/login.php" "Mozilla/5.0 (Windows NT 6.1; Win64; x64) AppleWebKit/537.36 (KHTML, like Gecko) Chrome/87.0.4280.141 Safari/537.36"
89.205.136.37 - - [26/Jan/2021:16:01:02 +0100] "GET /swfobject.js HTTP/1.0" 404 1308 "http://www.wonder-geek.com/create_account.php" "Mozilla/5.0 (Windows NT 6.1; Win64; x64) AppleWebKit/537.36 (KHTML, like Gecko) Chrome/87.0.4280.141 Safari/537.36"
89.205.136.37 - - [26/Jan/2021:16:01:02 +0100] "GET /images/table_background_account.gif HTTP/1.0" 200 1094 "http://www.wonder-geek.com/create_account.php" "Mozilla/5.0 (Windows NT 6.1; Win64; x64) AppleWebKit/537.36 (KHTML, like Gecko) Chrome/87.0.4280.141 Safari/537.36"
89.205.136.37 - - [26/Jan/2021:16:01:02 +0100] "GET /templates/Pixame_v1/images/buttons/english/button_continue.gif HTTP/1.0" 200 1264 "http://www.wonder-geek.com/create_account.php" "Mozilla/5.0 (Windows NT 6.1; Win64; x64) AppleWebKit/537.36 (KHTML, like Gecko) Chrome/87.0.4280.141 Safari/537.36"
216.18.204.215 - - [26/Jan/2021:16:01:15 +0100] "GET /batman-and-the-joker-big-figures-50-cm-p-27766.html HTTP/1.0" 200 72049 "http://www.wonder-geek.com/" "Mozilla/5.0 (compatible; Adsbot/3.1)"
157.55.39.149 - - [26/Jan/2021:16:01:18 +0100] "GET /images/big_prod/4029811324033.jpg HTTP/1.0" 200 268 "-" "Mozilla/5.0 (compatible; bingbot/2.0; +http://www.bing.com/bingbot.htm)"
216.18.204.215 - - [26/Jan/2021:16:01:31 +0100] "GET /bowl-happy-jade-inside-made-in-germany-p-53185.html HTTP/1.0" 200 73252 "http://www.wonder-geek.com/" "Mozilla/5.0 (compatible; Adsbot/3.1)"
216.18.204.215 - - [26/Jan/2021:16:01:56 +0100] "GET /colonial-trunk-suit-green-canvas-80-cm-p-49056.html HTTP/1.0" 200 72807 "http://www.wonder-geek.com/" "Mozilla/5.0 (compatible; Adsbot/3.1)"
216.18.204.215 - - [26/Jan/2021:16:02:10 +0100] "GET /educational-watch-for-children-unicorn-p-51496.html HTTP/1.0" 200 73454 "http://www.wonder-geek.com/" "Mozilla/5.0 (compatible; Adsbot/3.1)"
89.205.136.37 - - [26/Jan/2021:16:02:30 +0100] "POST /create_account.php HTTP/1.0" 302 485 "http://www.wonder-geek.com/create_account.php" "Mozilla/5.0 (Windows NT 6.1; Win64; x64) AppleWebKit/537.36 (KHTML, like Gecko) Chrome/87.0.4280.141 Safari/537.36"
89.205.136.37 - - [26/Jan/2021:16:02:31 +0100] "GET /create_account_success.php HTTP/1.0" 200 69425 "http://www.wonder-geek.com/create_account.php" "Mozilla/5.0 (Windows NT 6.1; Win64; x64) AppleWebKit/537.36 (KHTML, like Gecko) Chrome/87.0.4280.141 Safari/537.36"
89.205.136.37 - - [26/Jan/2021:16:02:31 +0100] "GET /swfobject.js HTTP/1.0" 404 1308 "http://www.wonder-geek.com/create_account_success.php" "Mozilla/5.0 (Windows NT 6.1; Win64; x64) AppleWebKit/537.36 (KHTML, like Gecko) Chrome/87.0.4280.141 Safari/537.36"
89.205.136.37 - - [26/Jan/2021:16:02:31 +0100] "GET /images/table_background_man_on_board.gif HTTP/1.0" 200 1094 "http://www.wonder-geek.com/create_account_success.php" "Mozilla/5.0 (Windows NT 6.1; Win64; x64) AppleWebKit/537.36 (KHTML, like Gecko) Chrome/87.0.4280.141 Safari/537.36"
216.18.204.215 - - [26/Jan/2021:16:02:34 +0100] "GET /lot-of-mirrors-with-floral-inspiration-p-52925.html HTTP/1.0" 200 72096 "http://www.wonder-geek.com/" "Mozilla/5.0 (compatible; Adsbot/3.1)"
89.205.136.37 - - [26/Jan/2021:16:02:37 +0100] "GET /checkout_shipping.php HTTP/1.0" 200 23780 "http://www.wonder-geek.com/create_account_success.php" "Mozilla/5.0 (Windows NT 6.1; Win64; x64) AppleWebKit/537.36 (KHTML, like Gecko) Chrome/87.0.4280.141 Safari/537.36"
89.205.136.37 - - [26/Jan/2021:16:02:37 +0100] "GET /swfobject.js HTTP/1.0" 404 1308 "http://www.wonder-geek.com/checkout_shipping.php" "Mozilla/5.0 (Windows NT 6.1; Win64; x64) AppleWebKit/537.36 (KHTML, like Gecko) Chrome/87.0.4280.141 Safari/537.36"
89.205.136.37 - - [26/Jan/2021:16:02:37 +0100] "GET /images/table_background_delivery.gif HTTP/1.0" 200 1094 "http://www.wonder-geek.com/checkout_shipping.php" "Mozilla/5.0 (Windows NT 6.1; Win64; x64) AppleWebKit/537.36 (KHTML, like Gecko) Chrome/87.0.4280.141 Safari/537.36"
89.205.136.37 - - [26/Jan/2021:16:02:37 +0100] "GET /templates/Pixame_v1/images/buttons/english/button_change_address.gif HTTP/1.0" 200 302 "http://www.wonder-geek.com/checkout_shipping.php" "Mozilla/5.0 (Windows NT 6.1; Win64; x64) AppleWebKit/537.36 (KHTML, like Gecko) Chrome/87.0.4280.141 Safari/537.36"
89.205.136.37 - - [26/Jan/2021:16:02:37 +0100] "GET /images/arrow_south_east.gif HTTP/1.0" 200 261 "http://www.wonder-geek.com/checkout_shipping.php" "Mozilla/5.0 (Windows NT 6.1; Win64; x64) AppleWebKit/537.36 (KHTML, like Gecko) Chrome/87.0.4280.141 Safari/537.36"
89.205.136.37 - - [26/Jan/2021:16:02:37 +0100] "GET /images/icons/expertINT.gif HTTP/1.0" 200 260 "http://www.wonder-geek.com/checkout_shipping.php" "Mozilla/5.0 (Windows NT 6.1; Win64; x64) AppleWebKit/537.36 (KHTML, like Gecko) Chrome/87.0.4280.141 Safari/537.36"
89.205.136.37 - - [26/Jan/2021:16:02:37 +0100] "GET /images/checkout_bullet.gif HTTP/1.0" 200 820 "http://www.wonder-geek.com/checkout_shipping.php" "Mozilla/5.0 (Windows NT 6.1; Win64; x64) AppleWebKit/537.36 (KHTML, like Gecko) Chrome/87.0.4280.141 Safari/537.36"
89.205.136.37 - - [26/Jan/2021:16:02:37 +0100] "GET /images/pixel_silver.gif HTTP/1.0" 200 320 "http://www.wonder-geek.com/checkout_shipping.php" "Mozilla/5.0 (Windows NT 6.1; Win64; x64) AppleWebKit/537.36 (KHTML, like Gecko) Chrome/87.0.4280.141 Safari/537.36"
13.66.139.136 - - [26/Jan/2021:16:02:43 +0100] "GET /images/mini_prod/1384220103246.jpg HTTP/1.0" 200 269 "-" "Mozilla/5.0 (compatible; bingbot/2.0; +http://www.bing.com/bingbot.htm)"
13.66.139.136 - - [26/Jan/2021:16:02:44 +0100] "GET /clocks-c-13_67.html?page=11 HTTP/1.0" 200 91681 "-" "Mozilla/5.0 (compatible; bingbot/2.0; +http://www.bing.com/bingbot.htm)"
216.18.204.215 - - [26/Jan/2021:16:02:49 +0100] "GET /marilyn-monroe-white-long-sleeve-shirt-p-30156.html HTTP/1.0" 200 73396 "http://www.wonder-geek.com/" "Mozilla/5.0 (compatible; Adsbot/3.1)"
17.58.101.147 - - [26/Jan/2021:16:02:50 +0100] "GET /tour-de-france-ceramic-mug-with-its-spoon-p-52015.html HTTP/1.0" 200 72609 "-" "Mozilla/5.0 (Macintosh; Intel Mac OS X 10_15_5) AppleWebKit/605.1.15 (KHTML, like Gecko) Version/13.1.1 Safari/605.1.15 (Applebot/0.1; +http://www.apple.com/go/applebot)"
89.205.136.37 - - [26/Jan/2021:16:02:53 +0100] "POST /checkout_shipping.php HTTP/1.0" 302 479 "http://www.wonder-geek.com/checkout_shipping.php" "Mozilla/5.0 (Windows NT 6.1; Win64; x64) AppleWebKit/537.36 (KHTML, like Gecko) Chrome/87.0.4280.141 Safari/537.36"
89.205.136.37 - - [26/Jan/2021:16:02:53 +0100] "GET /checkout_payment.php HTTP/1.0" 302 476 "http://www.wonder-geek.com/checkout_shipping.php" "Mozilla/5.0 (Windows NT 6.1; Win64; x64) AppleWebKit/537.36 (KHTML, like Gecko) Chrome/87.0.4280.141 Safari/537.36"
89.205.136.37 - - [26/Jan/2021:16:02:54 +0100] "GET /shopping_cart.php HTTP/1.0" 200 18714 "http://www.wonder-geek.com/checkout_shipping.php" "Mozilla/5.0 (Windows NT 6.1; Win64; x64) AppleWebKit/537.36 (KHTML, like Gecko) Chrome/87.0.4280.141 Safari/537.36"
89.205.136.37 - - [26/Jan/2021:16:02:54 +0100] "GET /swfobject.js HTTP/1.0" 404 1308 "http://www.wonder-geek.com/shopping_cart.php" "Mozilla/5.0 (Windows NT 6.1; Win64; x64) AppleWebKit/537.36 (KHTML, like Gecko) Chrome/87.0.4280.141 Safari/537.36"
89.205.136.37 - - [26/Jan/2021:16:03:01 +0100] "GET /checkout_shipping.php HTTP/1.0" 200 23780 "http://www.wonder-geek.com/shopping_cart.php" "Mozilla/5.0 (Windows NT 6.1; Win64; x64) AppleWebKit/537.36 (KHTML, like Gecko) Chrome/87.0.4280.141 Safari/537.36"
89.205.136.37 - - [26/Jan/2021:16:03:02 +0100] "GET /swfobject.js HTTP/1.0" 404 1308 "http://www.wonder-geek.com/checkout_shipping.php" "Mozilla/5.0 (Windows NT 6.1; Win64; x64) AppleWebKit/537.36 (KHTML, like Gecko) Chrome/87.0.4280.141 Safari/537.36"
216.18.204.215 - - [26/Jan/2021:16:03:09 +0100] "GET /policeman-in-st-tropez-mini-metal-tray-p-45222.html HTTP/1.0" 200 72028 "http://www.wonder-geek.com/" "Mozilla/5.0 (compatible; Adsbot/3.1)"
54.36.148.87 - - [26/Jan/2021:16:03:11 +0100] "GET /earrings-c-3_242.html HTTP/1.0" 200 82203 "-" "Mozilla/5.0 (compatible; AhrefsBot/7.0; +http://ahrefs.com/robot/)"
89.205.136.37 - - [26/Jan/2021:16:03:25 +0100] "POST /checkout_shipping.php HTTP/1.0" 302 479 "http://www.wonder-geek.com/checkout_shipping.php" "Mozilla/5.0 (Windows NT 6.1; Win64; x64) AppleWebKit/537.36 (KHTML, like Gecko) Chrome/87.0.4280.141 Safari/537.36"
89.205.136.37 - - [26/Jan/2021:16:03:25 +0100] "GET /checkout_payment.php HTTP/1.0" 302 476 "http://www.wonder-geek.com/checkout_shipping.php" "Mozilla/5.0 (Windows NT 6.1; Win64; x64) AppleWebKit/537.36 (KHTML, like Gecko) Chrome/87.0.4280.141 Safari/537.36"
89.205.136.37 - - [26/Jan/2021:16:03:25 +0100] "GET /shopping_cart.php HTTP/1.0" 200 18714 "http://www.wonder-geek.com/checkout_shipping.php" "Mozilla/5.0 (Windows NT 6.1; Win64; x64) AppleWebKit/537.36 (KHTML, like Gecko) Chrome/87.0.4280.141 Safari/537.36"
89.205.136.37 - - [26/Jan/2021:16:03:25 +0100] "GET /swfobject.js HTTP/1.0" 404 1308 "http://www.wonder-geek.com/shopping_cart.php" "Mozilla/5.0 (Windows NT 6.1; Win64; x64) AppleWebKit/537.36 (KHTML, like Gecko) Chrome/87.0.4280.141 Safari/537.36"
216.18.204.215 - - [26/Jan/2021:16:03:36 +0100] "GET /small-paris-moulin-rouge-melamine-tray-p-21391.html HTTP/1.0" 200 72136 "http://www.wonder-geek.com/" "Mozilla/5.0 (compatible; Adsbot/3.1)"
89.205.136.37 - - [26/Jan/2021:16:03:54 +0100] "POST /shopping_cart.php?action=update_product HTTP/1.0" 302 476 "http://www.wonder-geek.com/shopping_cart.php" "Mozilla/5.0 (Windows NT 6.1; Win64; x64) AppleWebKit/537.36 (KHTML, like Gecko) Chrome/87.0.4280.141 Safari/537.36"
89.205.136.37 - - [26/Jan/2021:16:03:54 +0100] "GET /shopping_cart.php HTTP/1.0" 200 13300 "http://www.wonder-geek.com/shopping_cart.php" "Mozilla/5.0 (Windows NT 6.1; Win64; x64) AppleWebKit/537.36 (KHTML, like Gecko) Chrome/87.0.4280.141 Safari/537.36"
89.205.136.37 - - [26/Jan/2021:16:03:54 +0100] "GET /swfobject.js HTTP/1.0" 404 1308 "http://www.wonder-geek.com/shopping_cart.php" "Mozilla/5.0 (Windows NT 6.1; Win64; x64) AppleWebKit/537.36 (KHTML, like Gecko) Chrome/87.0.4280.141 Safari/537.36"
216.18.204.215 - - [26/Jan/2021:16:04:04 +0100] "GET /spain-sevillanas-black-women-tee-shirt-p-30952.html HTTP/1.0" 200 73896 "http://www.wonder-geek.com/" "Mozilla/5.0 (compatible; Adsbot/3.1)"
