157.55.39.149 - - [26/Jan/2021:11:13:01 +0100] "GET /images/med_prod/1384010179550.jpg HTTP/1.0" 200 268 "-" "Mozilla/5.0 (compatible; bingbot/2.0; +http://www.bing.com/bingbot.htm)"
157.55.39.153 - - [26/Jan/2021:11:13:42 +0100] "GET /images/3048700058485.jpg HTTP/1.0" 200 259 "-" "Mozilla/5.0 (compatible; bingbot/2.0; +http://www.bing.com/bingbot.htm)"
13.66.139.5 - - [26/Jan/2021:11:14:26 +0100] "GET /images/big_prod/8433933214077.jpg HTTP/1.0" 200 268 "-" "Mozilla/5.0 (compatible; bingbot/2.0; +http://www.bing.com/bingbot.htm)"
67.195.161.153 - - [26/Jan/2021:11:14:49 +0100] "GET /images/big_prod/3438100346686.jpg HTTP/1.0" 200 268 "https://search.yahoo.com/" "YahooCacheSystem; YahooWebServiceClient"
13.66.139.139 - - [26/Jan/2021:11:16:46 +0100] "GET /collectible-figurines-and-decorative-c-13_135.html?page=4 HTTP/1.0" 200 95490 "-" "Mozilla/5.0 (compatible; bingbot/2.0; +http://www.bing.com/bingbot.htm)"
54.36.149.20 - - [26/Jan/2021:11:17:06 +0100] "GET /sarah-kay-pairs-of-bobby-socks-size-27-30-p-25522.html HTTP/1.0" 301 69256 "-" "Mozilla/5.0 (compatible; AhrefsBot/7.0; +http://ahrefs.com/robot/)"
185.191.171.1 - - [26/Jan/2021:11:17:41 +0100] "GET /robots.txt HTTP/1.0" 200 245 "-" "Mozilla/5.0 (compatible; SemrushBot/7~bl; +http://www.semrush.com/bot.html)"
185.191.171.9 - - [26/Jan/2021:11:17:42 +0100] "GET /adhesive-roll-45-150-cm-wood-p-53551.html?action=add_product HTTP/1.0" 302 476 "-" "Mozilla/5.0 (compatible; SemrushBot/7~bl; +http://www.semrush.com/bot.html)"
207.46.13.55 - - [26/Jan/2021:11:17:50 +0100] "GET /images/big_prod/3503420174032.jpg HTTP/1.0" 200 268 "-" "Mozilla/5.0 (compatible; bingbot/2.0; +http://www.bing.com/bingbot.htm)"
54.36.149.53 - - [26/Jan/2021:11:18:00 +0100] "GET /specials.php?page=58 HTTP/1.0" 200 116009 "-" "Mozilla/5.0 (compatible; AhrefsBot/7.0; +http://ahrefs.com/robot/)"
66.102.9.67 - - [26/Jan/2021:11:18:13 +0100] "GET /images/big_prod/3453131131223.jpg HTTP/1.0" 200 268 "-" "Mozilla/5.0 (Windows NT 5.1; rv:11.0) Gecko Firefox/11.0 (via ggpht.com GoogleImageProxy)"
95.160.158.31 - - [26/Jan/2021:11:18:17 +0100] "GET /espresso-set-paris-and-le-chat-noir-p-39742.html HTTP/1.0" 200 71969 "-" "Mozilla/5.0 (iPhone; CPU iPhone OS 14_3 like Mac OS X) AppleWebKit/605.1.15 (KHTML, like Gecko) Version/14.0.2 Mobile/15E148 Safari/604.1"
95.160.158.31 - - [26/Jan/2021:11:18:18 +0100] "GET /templates/Pixame_v1/stylesheet.css HTTP/1.0" 200 267 "http://www.wonder-geek.com/" "Mozilla/5.0 (iPhone; CPU iPhone OS 14_3 like Mac OS X) AppleWebKit/605.1.15 (KHTML, like Gecko) Version/14.0.2 Mobile/15E148 Safari/604.1"
95.160.158.31 - - [26/Jan/2021:11:18:18 +0100] "GET /js/jquery.js HTTP/1.0" 200 252 "http://www.wonder-geek.com/" "Mozilla/5.0 (iPhone; CPU iPhone OS 14_3 like Mac OS X) AppleWebKit/605.1.15 (KHTML, like Gecko) Version/14.0.2 Mobile/15E148 Safari/604.1"
95.160.158.31 - - [26/Jan/2021:11:18:18 +0100] "GET /js/jquery.jqzoom.js HTTP/1.0" 200 259 "http://www.wonder-geek.com/" "Mozilla/5.0 (iPhone; CPU iPhone OS 14_3 like Mac OS X) AppleWebKit/605.1.15 (KHTML, like Gecko) Version/14.0.2 Mobile/15E148 Safari/604.1"
95.160.158.31 - - [26/Jan/2021:11:18:18 +0100] "GET /highslide/highslide.js HTTP/1.0" 200 262 "http://www.wonder-geek.com/" "Mozilla/5.0 (iPhone; CPU iPhone OS 14_3 like Mac OS X) AppleWebKit/605.1.15 (KHTML, like Gecko) Version/14.0.2 Mobile/15E148 Safari/604.1"
95.160.158.31 - - [26/Jan/2021:11:18:18 +0100] "GET /mondial_relay/js/jquery-1.3.2.min.js HTTP/1.0" 200 276 "http://www.wonder-geek.com/" "Mozilla/5.0 (iPhone; CPU iPhone OS 14_3 like Mac OS X) AppleWebKit/605.1.15 (KHTML, like Gecko) Version/14.0.2 Mobile/15E148 Safari/604.1"
95.160.158.31 - - [26/Jan/2021:11:18:18 +0100] "GET /swfobject.js HTTP/1.0" 404 1308 "http://www.wonder-geek.com/" "Mozilla/5.0 (iPhone; CPU iPhone OS 14_3 like Mac OS X) AppleWebKit/605.1.15 (KHTML, like Gecko) Version/14.0.2 Mobile/15E148 Safari/604.1"
95.160.158.31 - - [26/Jan/2021:11:18:18 +0100] "GET /templates/Pixame_v1/images/icon_accueil2.png HTTP/1.0" 200 278 "http://www.wonder-geek.com/" "Mozilla/5.0 (iPhone; CPU iPhone OS 14_3 like Mac OS X) AppleWebKit/605.1.15 (KHTML, like Gecko) Version/14.0.2 Mobile/15E148 Safari/604.1"
95.160.158.31 - - [26/Jan/2021:11:18:18 +0100] "GET /templates/Pixame_v1/images/infobox/pixel_trans.gif HTTP/1.0" 200 328 "http://www.wonder-geek.com/" "Mozilla/5.0 (iPhone; CPU iPhone OS 14_3 like Mac OS X) AppleWebKit/605.1.15 (KHTML, like Gecko) Version/14.0.2 Mobile/15E148 Safari/604.1"
95.160.158.31 - - [26/Jan/2021:11:18:18 +0100] "GET /templates/Pixame_v1/images/pixel_trans.gif HTTP/1.0" 200 328 "http://www.wonder-geek.com/" "Mozilla/5.0 (iPhone; CPU iPhone OS 14_3 like Mac OS X) AppleWebKit/605.1.15 (KHTML, like Gecko) Version/14.0.2 Mobile/15E148 Safari/604.1"
95.160.158.31 - - [26/Jan/2021:11:18:18 +0100] "GET /images/pixel_trans.gif HTTP/1.0" 200 328 "http://www.wonder-geek.com/" "Mozilla/5.0 (iPhone; CPU iPhone OS 14_3 like Mac OS X) AppleWebKit/605.1.15 (KHTML, like Gecko) Version/14.0.2 Mobile/15E148 Safari/604.1"
95.160.158.31 - - [26/Jan/2021:11:18:18 +0100] "GET /images/big_prod/3453131131223.jpg HTTP/1.0" 200 268 "http://www.wonder-geek.com/" "Mozilla/5.0 (iPhone; CPU iPhone OS 14_3 like Mac OS X) AppleWebKit/605.1.15 (KHTML, like Gecko) Version/14.0.2 Mobile/15E148 Safari/604.1"
95.160.158.31 - - [26/Jan/2021:11:18:18 +0100] "GET /templates/Pixame_v1/images/buttons/english/button_in_cart.gif HTTP/1.0" 200 295 "http://www.wonder-geek.com/" "Mozilla/5.0 (iPhone; CPU iPhone OS 14_3 like Mac OS X) AppleWebKit/605.1.15 (KHTML, like Gecko) Version/14.0.2 Mobile/15E148 Safari/604.1"
95.160.158.31 - - [26/Jan/2021:11:18:18 +0100] "GET /templates/Pixame_v1/images/nav.png HTTP/1.0" 200 268 "http://www.wonder-geek.com/" "Mozilla/5.0 (iPhone; CPU iPhone OS 14_3 like Mac OS X) AppleWebKit/605.1.15 (KHTML, like Gecko) Version/14.0.2 Mobile/15E148 Safari/604.1"
95.160.158.31 - - [26/Jan/2021:11:18:18 +0100] "GET /templates/Pixame_v1/images/Bottom_texture.jpg HTTP/1.0" 200 280 "http://www.wonder-geek.com/" "Mozilla/5.0 (iPhone; CPU iPhone OS 14_3 like Mac OS X) AppleWebKit/605.1.15 (KHTML, like Gecko) Version/14.0.2 Mobile/15E148 Safari/604.1"
95.160.158.31 - - [26/Jan/2021:11:18:18 +0100] "GET /templates/Pixame_v1/images/Middle_texture.jpg HTTP/1.0" 200 280 "http://www.wonder-geek.com/" "Mozilla/5.0 (iPhone; CPU iPhone OS 14_3 like Mac OS X) AppleWebKit/605.1.15 (KHTML, like Gecko) Version/14.0.2 Mobile/15E148 Safari/604.1"
95.160.158.31 - - [26/Jan/2021:11:18:18 +0100] "GET /templates/Pixame_v1/images/header.png HTTP/1.0" 200 271 "http://www.wonder-geek.com/" "Mozilla/5.0 (iPhone; CPU iPhone OS 14_3 like Mac OS X) AppleWebKit/605.1.15 (KHTML, like Gecko) Version/14.0.2 Mobile/15E148 Safari/604.1"
95.160.158.31 - - [26/Jan/2021:11:18:18 +0100] "GET /templates/Pixame_v1/images/header-object.png HTTP/1.0" 200 278 "http://www.wonder-geek.com/" "Mozilla/5.0 (iPhone; CPU iPhone OS 14_3 like Mac OS X) AppleWebKit/605.1.15 (KHTML, like Gecko) Version/14.0.2 Mobile/15E148 Safari/604.1"
95.160.158.31 - - [26/Jan/2021:11:18:18 +0100] "GET /design/productsenstock.png HTTP/1.0" 200 260 "http://www.wonder-geek.com/" "Mozilla/5.0 (iPhone; CPU iPhone OS 14_3 like Mac OS X) AppleWebKit/605.1.15 (KHTML, like Gecko) Version/14.0.2 Mobile/15E148 Safari/604.1"
95.160.158.31 - - [26/Jan/2021:11:18:18 +0100] "GET /templates/Pixame_v1/images/infobox/infobox_footer_middle.gif HTTP/1.0" 200 357 "http://www.wonder-geek.com/" "Mozilla/5.0 (iPhone; CPU iPhone OS 14_3 like Mac OS X) AppleWebKit/605.1.15 (KHTML, like Gecko) Version/14.0.2 Mobile/15E148 Safari/604.1"
95.160.158.31 - - [26/Jan/2021:11:18:18 +0100] "GET /highslide/graphics/zoomin.cur HTTP/1.0" 200 614 "http://www.wonder-geek.com/" "Mozilla/5.0 (iPhone; CPU iPhone OS 14_3 like Mac OS X) AppleWebKit/605.1.15 (KHTML, like Gecko) Version/14.0.2 Mobile/15E148 Safari/604.1"
95.160.158.31 - - [26/Jan/2021:11:18:18 +0100] "GET /highslide/graphics/outlines/drop-shadow.png HTTP/1.0" 200 277 "http://www.wonder-geek.com/" "Mozilla/5.0 (iPhone; CPU iPhone OS 14_3 like Mac OS X) AppleWebKit/605.1.15 (KHTML, like Gecko) Version/14.0.2 Mobile/15E148 Safari/604.1"
95.160.158.31 - - [26/Jan/2021:11:18:18 +0100] "GET /highslide/graphics/zoomout.cur HTTP/1.0" 200 614 "http://www.wonder-geek.com/" "Mozilla/5.0 (iPhone; CPU iPhone OS 14_3 like Mac OS X) AppleWebKit/605.1.15 (KHTML, like Gecko) Version/14.0.2 Mobile/15E148 Safari/604.1"
95.160.158.31 - - [26/Jan/2021:11:18:18 +0100] "GET /highslide/graphics/loader.white.gif HTTP/1.0" 200 960 "http://www.wonder-geek.com/" "Mozilla/5.0 (iPhone; CPU iPhone OS 14_3 like Mac OS X) AppleWebKit/605.1.15 (KHTML, like Gecko) Version/14.0.2 Mobile/15E148 Safari/604.1"
95.160.158.31 - - [26/Jan/2021:11:18:19 +0100] "GET /favicon.ico HTTP/1.0" 200 260 "http://www.wonder-geek.com/" "Mozilla/5.0 (iPhone; CPU iPhone OS 14_3 like Mac OS X) AppleWebKit/605.1.15 (KHTML, like Gecko) Version/14.0.2 Mobile/15E148 Safari/604.1"
207.46.13.37 - - [26/Jan/2021:11:18:41 +0100] "GET /images/big_prod_1/8719497614301b.jpg HTTP/1.0" 200 271 "-" "Mozilla/5.0 (compatible; bingbot/2.0; +http://www.bing.com/bingbot.htm)"
145.239.237.15 - - [26/Jan/2021:11:19:59 +0100] "GET /contact_us.php HTTP/1.0" 200 26238 "http://www.wonder-geek.com/contact_us.php" "Mozilla/5.0 (Windows NT 10.0; Win64; x64) AppleWebKit/537.36 (KHTML, like Gecko) Chrome/83.0.4103.61 Safari/537.36 Edg/83.0.478.37"
145.239.237.15 - - [26/Jan/2021:11:19:59 +0100] "POST /contact_us.php?action=send HTTP/1.0" 200 26696 "http://www.wonder-geek.com/contact_us.php" "Mozilla/5.0 (Windows NT 10.0; Win64; x64) AppleWebKit/537.36 (KHTML, like Gecko) Chrome/83.0.4103.61 Safari/537.36 Edg/83.0.478.37"
95.160.158.31 - - [26/Jan/2021:11:20:36 +0100] "GET /espresso-set-paris-and-le-chat-noir-p-39742.html HTTP/1.0" 200 71969 "-" "Mozilla/5.0 (iPhone; CPU iPhone OS 14_3 like Mac OS X) AppleWebKit/605.1.15 (KHTML, like Gecko) Version/14.0.2 Mobile/15E148 Safari/604.1"
207.46.13.53 - - [26/Jan/2021:11:22:07 +0100] "GET /decorations-and-furnishings/lighting/betty-boop-pin-lamp-p-18316.html HTTP/1.0" 301 69256 "-" "Mozilla/5.0 (compatible; bingbot/2.0; +http://www.bing.com/bingbot.htm)"
157.55.39.228 - - [26/Jan/2021:11:22:12 +0100] "GET /-p-2915.html HTTP/1.0" 200 69187 "-" "Mozilla/5.0 (compatible; bingbot/2.0; +http://www.bing.com/bingbot.htm)"
51.68.224.127 - - [26/Jan/2021:11:22:40 +0100] "GET /adminweb/export_orders_xml.php?token=256de2z6edz6ed2z6DFSFsed2zed6zeDSFDSGdzedezfzf&maxorders=10&orderstart=1&status=14&start_date=2018-10-01 HTTP/1.0" 200 285 "-" "GesCom CharlotteBoutik Serveur"
51.68.224.127 - - [26/Jan/2021:11:22:40 +0100] "GET /adminweb/export_orders_xml.php?token=256de2z6edz6ed2z6DFSFsed2zed6zeDSFDSGdzedezfzf&maxorders=10&orderstart=1&status=6&start_date=2018-10-01 HTTP/1.0" 200 29990 "-" "GesCom CharlotteBoutik Serveur"
54.36.149.43 - - [26/Jan/2021:11:23:38 +0100] "GET /dishes-c-12.html?page=82 HTTP/1.0" 200 90972 "-" "Mozilla/5.0 (compatible; AhrefsBot/7.0; +http://ahrefs.com/robot/)"
157.55.39.153 - - [26/Jan/2021:11:23:57 +0100] "GET /provencal-arabesques-carpet-130-180-cm-p-48573.html HTTP/1.0" 200 72783 "-" "Mozilla/5.0 (compatible; bingbot/2.0; +http://www.bing.com/bingbot.htm)"
157.55.39.153 - - [26/Jan/2021:11:23:58 +0100] "GET /-p-18510.html HTTP/1.0" 200 69189 "-" "Mozilla/5.0 (compatible; bingbot/2.0; +http://www.bing.com/bingbot.htm)"
54.36.148.210 - - [26/Jan/2021:11:24:45 +0100] "GET /star-wars-homework-notebooks-p-40847.html HTTP/1.0" 301 69256 "-" "Mozilla/5.0 (compatible; AhrefsBot/7.0; +http://ahrefs.com/robot/)"
13.66.139.136 - - [26/Jan/2021:11:24:47 +0100] "GET /images/big_prod/3609810070813.jpg HTTP/1.0" 200 268 "-" "Mozilla/5.0 (compatible; bingbot/2.0; +http://www.bing.com/bingbot.htm)"
13.66.139.5 - - [26/Jan/2021:11:25:57 +0100] "GET /images/big_prod_1/a5018997628140.jpg HTTP/1.0" 200 271 "-" "Mozilla/5.0 (compatible; bingbot/2.0; +http://www.bing.com/bingbot.htm)"
207.46.13.6 - - [26/Jan/2021:11:26:44 +0100] "GET /images/8427787043211.jpg HTTP/1.0" 200 259 "-" "Mozilla/5.0 (compatible; bingbot/2.0; +http://www.bing.com/bingbot.htm)"
207.46.13.6 - - [26/Jan/2021:11:26:44 +0100] "GET /images/big_prod/1341689182328.jpg HTTP/1.0" 200 268 "-" "Mozilla/5.0 (compatible; bingbot/2.0; +http://www.bing.com/bingbot.htm)"
207.46.13.6 - - [26/Jan/2021:11:26:45 +0100] "GET /man-resin-statue-p-53406.html HTTP/1.0" 200 72460 "-" "Mozilla/5.0 (compatible; bingbot/2.0; +http://www.bing.com/bingbot.htm)"
66.249.70.62 - - [26/Jan/2021:11:27:09 +0100] "GET /images/big_prod/1399986100439.jpg HTTP/1.0" 200 268 "-" "Googlebot-Image/1.0"
54.36.149.27 - - [26/Jan/2021:11:27:18 +0100] "GET /gormiti-pairs-trainer-liner-socks-size-27-30-p-25199.html HTTP/1.0" 301 69256 "-" "Mozilla/5.0 (compatible; AhrefsBot/7.0; +http://ahrefs.com/robot/)"
207.46.13.37 - - [26/Jan/2021:11:27:33 +0100] "GET /images/8033667001143.jpg HTTP/1.0" 200 259 "-" "Mozilla/5.0 (compatible; bingbot/2.0; +http://www.bing.com/bingbot.htm)"
157.55.39.153 - - [26/Jan/2021:11:28:20 +0100] "GET /images/med_prod/3681643114582N.jpg HTTP/1.0" 200 269 "-" "Mozilla/5.0 (compatible; bingbot/2.0; +http://www.bing.com/bingbot.htm)"
54.36.148.87 - - [26/Jan/2021:11:29:26 +0100] "GET /klimt-little-tray-p-51680.html HTTP/1.0" 200 71850 "-" "Mozilla/5.0 (compatible; AhrefsBot/7.0; +http://ahrefs.com/robot/)"
51.15.184.86 - - [26/Jan/2021:11:30:11 +0100] "GET /images/med_prod/3661977002632.jpg HTTP/1.0" 200 268 "-" "-"
51.15.184.86 - - [26/Jan/2021:11:30:11 +0100] "GET /images/med_prod/3661977002632.jpg HTTP/1.0" 200 268 "-" "-"
66.249.70.33 - - [26/Jan/2021:11:30:37 +0100] "GET /barbapapa-m-7.html?filter_id=81 HTTP/1.0" 200 75959 "-" "Mozilla/5.0 (Linux; Android 6.0.1; Nexus 5X Build/MMB29P) AppleWebKit/537.36 (KHTML, like Gecko) Chrome/88.0.4324.113 Mobile Safari/537.36 (compatible; Googlebot/2.1; +http://www.google.com/bot.html)"
66.249.70.36 - - [26/Jan/2021:11:30:39 +0100] "GET /beyblade-bookends-p-18659.html HTTP/1.0" 200 69247 "-" "Mozilla/5.0 (Linux; Android 6.0.1; Nexus 5X Build/MMB29P) AppleWebKit/537.36 (KHTML, like Gecko) Chrome/88.0.4324.113 Mobile Safari/537.36 (compatible; Googlebot/2.1; +http://www.google.com/bot.html)"
66.249.70.33 - - [26/Jan/2021:11:30:57 +0100] "GET /swfobject.js HTTP/1.0" 404 1308 "http://www.wonder-geek.com/barbapapa-m-7.html?filter_id=81" "Mozilla/5.0 (Linux; Android 6.0.1; Nexus 5X Build/MMB29P) AppleWebKit/537.36 (KHTML, like Gecko) Chrome/87.0.4280.90 Mobile Safari/537.36 (compatible; Googlebot/2.1; +http://www.google.com/bot.html)"
13.66.139.139 - - [26/Jan/2021:11:31:16 +0100] "GET /pillowcases-bolstercases-c-11_166.html HTTP/1.0" 200 89571 "-" "Mozilla/5.0 (compatible; bingbot/2.0; +http://www.bing.com/bingbot.htm)"
157.55.39.228 - - [26/Jan/2021:11:31:25 +0100] "GET /images/big_prod/8422001017627.jpg HTTP/1.0" 200 268 "-" "Mozilla/5.0 (compatible; bingbot/2.0; +http://www.bing.com/bingbot.htm)"
13.66.139.139 - - [26/Jan/2021:11:31:37 +0100] "GET /placemats-c-12_156.html?page=6 HTTP/1.0" 200 91254 "-" "Mozilla/5.0 (compatible; bingbot/2.0; +http://www.bing.com/bingbot.htm)"
157.55.39.149 - - [26/Jan/2021:11:33:56 +0100] "GET /images/big_prod/3612874117806.jpg HTTP/1.0" 200 268 "-" "Mozilla/5.0 (compatible; bingbot/2.0; +http://www.bing.com/bingbot.htm)"
54.36.149.101 - - [26/Jan/2021:11:35:07 +0100] "GET /incense-box-and-stick-holder-buddha-p-35509.html HTTP/1.0" 200 72249 "-" "Mozilla/5.0 (compatible; AhrefsBot/7.0; +http://ahrefs.com/robot/)"
13.66.139.5 - - [26/Jan/2021:11:35:48 +0100] "GET /images/8420406603230.jpg HTTP/1.0" 200 259 "-" "Mozilla/5.0 (compatible; bingbot/2.0; +http://www.bing.com/bingbot.htm)"
13.66.139.5 - - [26/Jan/2021:11:35:49 +0100] "GET /images/5055071654251.jpg HTTP/1.0" 200 259 "-" "Mozilla/5.0 (compatible; bingbot/2.0; +http://www.bing.com/bingbot.htm)"
17.58.101.147 - - [26/Jan/2021:11:36:08 +0100] "GET /le-chat-noir-sugar-box-p-26836.html HTTP/1.0" 200 71956 "-" "Mozilla/5.0 (Macintosh; Intel Mac OS X 10_15_5) AppleWebKit/605.1.15 (KHTML, like Gecko) Version/13.1.1 Safari/605.1.15 (Applebot/0.1; +http://www.apple.com/go/applebot)"
207.46.13.6 - - [26/Jan/2021:11:36:36 +0100] "GET /images/8427787034806.jpg HTTP/1.0" 200 259 "-" "Mozilla/5.0 (compatible; bingbot/2.0; +http://www.bing.com/bingbot.htm)"
157.55.39.130 - - [26/Jan/2021:11:37:00 +0100] "GET /robots.txt HTTP/1.0" 200 245 "-" "Mozilla/5.0 (compatible; bingbot/2.0; +http://www.bing.com/bingbot.htm)"
157.55.39.130 - - [26/Jan/2021:11:37:00 +0100] "GET /legionary-asterix-figure-p-3930.html HTTP/1.0" 200 69298 "-" "Mozilla/5.0 (compatible; bingbot/2.0; +http://www.bing.com/bingbot.htm)"
157.55.39.130 - - [26/Jan/2021:11:37:01 +0100] "GET /images/big_prod/3442440232141.jpg HTTP/1.0" 200 268 "-" "Mozilla/5.0 (compatible; bingbot/2.0; +http://www.bing.com/bingbot.htm)"
157.55.39.130 - - [26/Jan/2021:11:37:01 +0100] "GET /images/big_prod_1/045544960052.jpg HTTP/1.0" 200 269 "-" "Mozilla/5.0 (compatible; bingbot/2.0; +http://www.bing.com/bingbot.htm)"
157.55.39.130 - - [26/Jan/2021:11:37:02 +0100] "GET /images/4010070222550.jpg HTTP/1.0" 200 259 "-" "Mozilla/5.0 (compatible; bingbot/2.0; +http://www.bing.com/bingbot.htm)"
207.46.13.53 - - [26/Jan/2021:11:37:11 +0100] "GET /images/big_prod_1/637139832663375153.jpg HTTP/1.0" 200 275 "-" "Mozilla/5.0 (compatible; bingbot/2.0; +http://www.bing.com/bingbot.htm)"
157.55.39.130 - - [26/Jan/2021:11:37:21 +0100] "GET /images/big_prod_2/8422302656402a.jpg HTTP/1.0" 200 271 "-" "Mozilla/5.0 (compatible; bingbot/2.0; +http://www.bing.com/bingbot.htm)"
157.55.39.130 - - [26/Jan/2021:11:37:22 +0100] "GET /images/3700276254981.jpg HTTP/1.0" 200 259 "-" "Mozilla/5.0 (compatible; bingbot/2.0; +http://www.bing.com/bingbot.htm)"
157.55.39.130 - - [26/Jan/2021:11:37:22 +0100] "GET /robots.txt HTTP/1.0" 200 245 "-" "Mozilla/5.0 (compatible; bingbot/2.0; +http://www.bing.com/bingbot.htm)"
157.55.39.130 - - [26/Jan/2021:11:37:22 +0100] "GET /images/big_prod/8020912049258.jpg HTTP/1.0" 200 268 "-" "Mozilla/5.0 (compatible; bingbot/2.0; +http://www.bing.com/bingbot.htm)"
157.55.39.130 - - [26/Jan/2021:11:37:23 +0100] "GET /images/big_prod/3453131154130.jpg HTTP/1.0" 200 268 "-" "Mozilla/5.0 (compatible; bingbot/2.0; +http://www.bing.com/bingbot.htm)"
17.58.101.147 - - [26/Jan/2021:11:37:33 +0100] "GET /small-trays-c-12_159_261.html HTTP/1.0" 200 88731 "-" "Mozilla/5.0 (Macintosh; Intel Mac OS X 10_15_5) AppleWebKit/605.1.15 (KHTML, like Gecko) Version/13.1.1 Safari/605.1.15 (Applebot/0.1; +http://www.apple.com/go/applebot)"
157.55.39.130 - - [26/Jan/2021:11:37:37 +0100] "GET /images/med_prod/1399984287774.jpg HTTP/1.0" 200 268 "-" "Mozilla/5.0 (compatible; bingbot/2.0; +http://www.bing.com/bingbot.htm)"
157.55.39.130 - - [26/Jan/2021:11:37:38 +0100] "GET /images/634482306635.jpg HTTP/1.0" 200 258 "-" "Mozilla/5.0 (compatible; bingbot/2.0; +http://www.bing.com/bingbot.htm)"
157.55.39.130 - - [26/Jan/2021:11:37:38 +0100] "GET /robots.txt HTTP/1.0" 200 245 "-" "Mozilla/5.0 (compatible; bingbot/2.0; +http://www.bing.com/bingbot.htm)"
157.55.39.130 - - [26/Jan/2021:11:37:38 +0100] "GET /highslide/highslide.js HTTP/1.0" 200 262 "-" "Mozilla/5.0 (compatible; bingbot/2.0; +http://www.bing.com/bingbot.htm)"
157.55.39.130 - - [26/Jan/2021:11:37:39 +0100] "GET /js/jquery.min.js HTTP/1.0" 404 1308 "-" "Mozilla/5.0 (compatible; bingbot/2.0; +http://www.bing.com/bingbot.htm)"
13.66.139.139 - - [26/Jan/2021:11:38:08 +0100] "GET /clocks-c-13_67.html?page=9 HTTP/1.0" 200 92464 "-" "Mozilla/5.0 (compatible; bingbot/2.0; +http://www.bing.com/bingbot.htm)"
51.68.224.127 - - [26/Jan/2021:11:38:29 +0100] "GET /adminweb/export_orders_xml.php?token=256de2z6edz6ed2z6DFSFsed2zed6zeDSFDSGdzedezfzf&maxorders=10&orderstart=1&status=14&start_date=2018-10-01 HTTP/1.0" 200 285 "-" "GesCom CharlotteBoutik Serveur"
51.68.224.127 - - [26/Jan/2021:11:38:30 +0100] "GET /adminweb/export_orders_xml.php?token=256de2z6edz6ed2z6DFSFsed2zed6zeDSFDSGdzedezfzf&maxorders=10&orderstart=1&status=6&start_date=2018-10-01 HTTP/1.0" 200 29990 "-" "GesCom CharlotteBoutik Serveur"
54.36.148.107 - - [26/Jan/2021:11:39:03 +0100] "GET /usa-bedclothes-260-240-cm-and-fitted-sheet-p-38035.html HTTP/1.0" 301 69256 "-" "Mozilla/5.0 (compatible; AhrefsBot/7.0; +http://ahrefs.com/robot/)"
13.66.139.5 - - [26/Jan/2021:11:39:49 +0100] "GET /mugs-and-mazagrans-c-12_57.html?page=4 HTTP/1.0" 200 95481 "-" "Mozilla/5.0 (compatible; bingbot/2.0; +http://www.bing.com/bingbot.htm)"
54.36.148.87 - - [26/Jan/2021:11:40:09 +0100] "GET /specials.php?page=55 HTTP/1.0" 200 128144 "-" "Mozilla/5.0 (compatible; AhrefsBot/7.0; +http://ahrefs.com/robot/)"
114.119.145.117 - - [26/Jan/2021:11:41:30 +0100] "GET /bird-feeder-cement-p-45090.html HTTP/1.0" 200 71650 "-" "Mozilla/5.0 (Linux; Android 7.0;) AppleWebKit/537.36 (KHTML, like Gecko) Mobile Safari/537.36 (compatible; PetalBot;+https://aspiegel.com/petalbot)"
207.46.13.53 - - [26/Jan/2021:11:41:42 +0100] "GET /bob-marley-zippo-lighter-p-29775.html HTTP/1.0" 200 69300 "-" "Mozilla/5.0 (compatible; bingbot/2.0; +http://www.bing.com/bingbot.htm)"
207.46.13.53 - - [26/Jan/2021:11:41:43 +0100] "GET /images/8003990623916.jpg HTTP/1.0" 200 259 "-" "Mozilla/5.0 (compatible; bingbot/2.0; +http://www.bing.com/bingbot.htm)"
207.46.13.55 - - [26/Jan/2021:11:42:02 +0100] "GET /-p-20881.html HTTP/1.0" 200 69189 "-" "Mozilla/5.0 (compatible; bingbot/2.0; +http://www.bing.com/bingbot.htm)"
157.55.39.149 - - [26/Jan/2021:11:42:08 +0100] "GET /boys/socks/kung-panda-pairs-socks-size-3134-p-25622.html HTTP/1.0" 301 69256 "-" "Mozilla/5.0 (compatible; bingbot/2.0; +http://www.bing.com/bingbot.htm)"
207.46.13.6 - - [26/Jan/2021:11:42:42 +0100] "GET /images/8427787034806.jpg HTTP/1.0" 200 259 "-" "Mozilla/5.0 (compatible; bingbot/2.0; +http://www.bing.com/bingbot.htm)"
207.46.13.55 - - [26/Jan/2021:11:42:46 +0100] "GET /images/big_prod_2/5404006037964b.jpg HTTP/1.0" 200 271 "-" "Mozilla/5.0 (compatible; bingbot/2.0; +http://www.bing.com/bingbot.htm)"
13.66.139.5 - - [26/Jan/2021:11:42:51 +0100] "GET /images/big_prod/3281640406149b.jpg HTTP/1.0" 200 269 "-" "Mozilla/5.0 (compatible; bingbot/2.0; +http://www.bing.com/bingbot.htm)"
157.55.39.153 - - [26/Jan/2021:11:43:37 +0100] "GET /images/big_prod_1/3014627981281b.jpg HTTP/1.0" 200 271 "-" "Mozilla/5.0 (compatible; bingbot/2.0; +http://www.bing.com/bingbot.htm)"
207.46.13.37 - - [26/Jan/2021:11:44:39 +0100] "GET /images/big_prod/8422099381419.jpg HTTP/1.0" 200 268 "-" "Mozilla/5.0 (compatible; bingbot/2.0; +http://www.bing.com/bingbot.htm)"
207.46.13.55 - - [26/Jan/2021:11:44:45 +0100] "GET /images/med_prod/1345544787208.jpg HTTP/1.0" 200 268 "-" "Mozilla/5.0 (compatible; bingbot/2.0; +http://www.bing.com/bingbot.htm)"
13.66.139.139 - - [26/Jan/2021:11:44:49 +0100] "GET /wall-sticker-c-13_187.html HTTP/1.0" 200 92241 "-" "Mozilla/5.0 (compatible; bingbot/2.0; +http://www.bing.com/bingbot.htm)"
54.36.148.81 - - [26/Jan/2021:11:45:22 +0100] "GET /cushions-c-11_71.html?page=3 HTTP/1.0" 200 92393 "-" "Mozilla/5.0 (compatible; AhrefsBot/7.0; +http://ahrefs.com/robot/)"
114.119.130.202 - - [26/Jan/2021:11:45:49 +0100] "GET /route-66-motor-small-steel-fridge-magnets-p-8175.html HTTP/1.0" 200 73493 "-" "Mozilla/5.0 (Linux; Android 7.0;) AppleWebKit/537.36 (KHTML, like Gecko) Mobile Safari/537.36 (compatible; PetalBot;+https://aspiegel.com/petalbot)"
207.46.13.37 - - [26/Jan/2021:11:47:21 +0100] "GET /images/hiver048.jpg HTTP/1.0" 200 254 "-" "Mozilla/5.0 (compatible; bingbot/2.0; +http://www.bing.com/bingbot.htm)"
157.55.39.228 - - [26/Jan/2021:11:47:26 +0100] "GET /images/big_prod/3453131145671.jpg HTTP/1.0" 200 268 "-" "Mozilla/5.0 (compatible; bingbot/2.0; +http://www.bing.com/bingbot.htm)"
13.66.139.136 - - [26/Jan/2021:11:48:29 +0100] "GET /images/big_prod/3453131152594.jpg HTTP/1.0" 200 268 "-" "Mozilla/5.0 (compatible; bingbot/2.0; +http://www.bing.com/bingbot.htm)"
157.55.39.228 - - [26/Jan/2021:11:48:36 +0100] "GET /spiderman-marvel-super-hero-mashers-articulate-figure-p-29855.html HTTP/1.0" 200 69445 "-" "Mozilla/5.0 (compatible; bingbot/2.0; +http://www.bing.com/bingbot.htm)"
13.66.139.5 - - [26/Jan/2021:11:48:49 +0100] "GET /smokers-items-c-3_112.html HTTP/1.0" 200 90867 "-" "Mozilla/5.0 (compatible; bingbot/2.0; +http://www.bing.com/bingbot.htm)"
54.36.149.55 - - [26/Jan/2021:11:49:36 +0100] "GET /beyblade-red-swimsuit-p-30448.html HTTP/1.0" 200 73552 "-" "Mozilla/5.0 (compatible; AhrefsBot/7.0; +http://ahrefs.com/robot/)"
13.66.139.5 - - [26/Jan/2021:11:49:49 +0100] "GET /images/big_prod/3574642579837.jpg HTTP/1.0" 200 268 "-" "Mozilla/5.0 (compatible; bingbot/2.0; +http://www.bing.com/bingbot.htm)"
162.210.196.130 - - [26/Jan/2021:11:50:58 +0100] "GET /robots.txt HTTP/1.0" 200 245 "-" "Mozilla/5.0 (compatible; MJ12bot/v1.4.8; http://mj12bot.com/)"
162.210.196.130 - - [26/Jan/2021:11:51:02 +0100] "GET / HTTP/1.0" 200 94712 "-" "Mozilla/5.0 (compatible; MJ12bot/v1.4.8; http://mj12bot.com/)"
13.66.139.136 - - [26/Jan/2021:11:51:40 +0100] "GET /images/mini_prod/img11159.gif HTTP/1.0" 200 263 "-" "Mozilla/5.0 (compatible; bingbot/2.0; +http://www.bing.com/bingbot.htm)"
157.55.39.228 - - [26/Jan/2021:11:51:59 +0100] "GET /images/big_prod/8422001017627.jpg HTTP/1.0" 200 268 "-" "Mozilla/5.0 (compatible; bingbot/2.0; +http://www.bing.com/bingbot.htm)"
114.119.151.113 - - [26/Jan/2021:11:53:06 +0100] "GET /mango-mandala-ethnic-box-25-175-85-cm-p-44281.html HTTP/1.0" 200 69301 "-" "Mozilla/5.0 (Linux; Android 7.0;) AppleWebKit/537.36 (KHTML, like Gecko) Mobile Safari/537.36 (compatible; PetalBot;+https://aspiegel.com/petalbot)"
185.191.171.10 - - [26/Jan/2021:11:54:14 +0100] "GET /le-provencal-soap-dispenser-p-53459.html HTTP/1.0" 200 71910 "-" "Mozilla/5.0 (compatible; SemrushBot/7~bl; +http://www.semrush.com/bot.html)"
54.36.148.87 - - [26/Jan/2021:11:54:14 +0100] "GET /small-louis-philippe-pink-liberty-cushion-p-16230.html HTTP/1.0" 200 72640 "-" "Mozilla/5.0 (compatible; AhrefsBot/7.0; +http://ahrefs.com/robot/)"
51.68.224.127 - - [26/Jan/2021:11:54:32 +0100] "GET /adminweb/export_orders_xml.php?token=256de2z6edz6ed2z6DFSFsed2zed6zeDSFDSGdzedezfzf&maxorders=10&orderstart=1&status=14&start_date=2018-10-01 HTTP/1.0" 200 285 "-" "GesCom CharlotteBoutik Serveur"
51.68.224.127 - - [26/Jan/2021:11:54:32 +0100] "GET /adminweb/export_orders_xml.php?token=256de2z6edz6ed2z6DFSFsed2zed6zeDSFDSGdzedezfzf&maxorders=10&orderstart=1&status=6&start_date=2018-10-01 HTTP/1.0" 200 29990 "-" "GesCom CharlotteBoutik Serveur"
13.66.139.136 - - [26/Jan/2021:11:55:00 +0100] "GET /images/big_prod_1/8433933164440b.jpg HTTP/1.0" 200 271 "-" "Mozilla/5.0 (compatible; bingbot/2.0; +http://www.bing.com/bingbot.htm)"
13.66.139.136 - - [26/Jan/2021:11:55:01 +0100] "GET /images/big_prod/8422033176613.jpg HTTP/1.0" 200 268 "-" "Mozilla/5.0 (compatible; bingbot/2.0; +http://www.bing.com/bingbot.htm)"
66.249.70.36 - - [26/Jan/2021:11:55:07 +0100] "GET /images/big_prod_3/4250255859304c.jpg HTTP/1.0" 200 271 "-" "Googlebot-Image/1.0"
13.66.139.5 - - [26/Jan/2021:11:56:20 +0100] "GET /bracelets-c-3_200.html?page=2 HTTP/1.0" 200 90018 "-" "Mozilla/5.0 (compatible; bingbot/2.0; +http://www.bing.com/bingbot.htm)"
66.249.70.36 - - [26/Jan/2021:11:56:43 +0100] "GET /van-gogh-magnet-p-51217.html HTTP/1.0" 200 71764 "-" "Mozilla/5.0 (Linux; Android 6.0.1; Nexus 5X Build/MMB29P) AppleWebKit/537.36 (KHTML, like Gecko) Chrome/88.0.4324.113 Mobile Safari/537.36 (compatible; Googlebot/2.1; +http://www.google.com/bot.html)"
66.249.70.33 - - [26/Jan/2021:11:56:49 +0100] "GET /models-and-replicas-c-4_140.html?page=2 HTTP/1.0" 200 84610 "-" "Mozilla/5.0 (Linux; Android 6.0.1; Nexus 5X Build/MMB29P) AppleWebKit/537.36 (KHTML, like Gecko) Chrome/88.0.4324.112 Mobile Safari/537.36 (compatible; Googlebot/2.1; +http://www.google.com/bot.html)"
95.143.21.201 - - [26/Jan/2021:11:56:57 +0100] "GET /snowman-solar-powered-dancing-p-34143.html]Test HTTP/1.0" 301 609 "http://wonder-geek.com/snowman-solar-powered-dancing-p-34143.html]Test" "Mozilla/5.0 (Windows NT 6.3; Win64; x64) AppleWebKit/537.36 (KHTML, like Gecko) Chrome/83.0.4103.44 Safari/537.36"
95.143.21.201 - - [26/Jan/2021:11:56:58 +0100] "GET /snowman-solar-powered-dancing-p-34143.html%5dTest HTTP/1.0" 404 1308 "http://www.wonder-geek.com/snowman-solar-powered-dancing-p-34143.html%5dTest" "Mozilla/5.0 (Windows NT 6.3; Win64; x64) AppleWebKit/537.36 (KHTML, like Gecko) Chrome/83.0.4103.44 Safari/537.36"
95.143.21.201 - - [26/Jan/2021:11:56:58 +0100] "GET / HTTP/1.0" 301 511 "http://wonder-geek.com/" "Mozilla/5.0 (Windows NT 6.3; Win64; x64) AppleWebKit/537.36 (KHTML, like Gecko) Chrome/83.0.4103.44 Safari/537.36"
95.143.21.201 - - [26/Jan/2021:11:56:58 +0100] "GET / HTTP/1.0" 200 94216 "http://www.wonder-geek.com/" "Mozilla/5.0 (Windows NT 6.3; Win64; x64) AppleWebKit/537.36 (KHTML, like Gecko) Chrome/83.0.4103.44 Safari/537.36"
95.143.21.201 - - [26/Jan/2021:11:56:58 +0100] "GET /create_account.php HTTP/1.0" 200 33630 "http://www.wonder-geek.com/create_account.php" "Mozilla/5.0 (Windows NT 6.3; Win64; x64) AppleWebKit/537.36 (KHTML, like Gecko) Chrome/83.0.4103.44 Safari/537.36"
157.55.39.149 - - [26/Jan/2021:11:57:04 +0100] "GET /images/8006529251222.jpg HTTP/1.0" 200 259 "-" "Mozilla/5.0 (compatible; bingbot/2.0; +http://www.bing.com/bingbot.htm)"
13.66.139.2 - - [26/Jan/2021:11:57:20 +0100] "GET /bowls-c-12_255.html HTTP/1.0" 200 76542 "-" "Mozilla/5.0 (compatible; bingbot/2.0; +http://www.bing.com/bingbot.htm)"
95.143.21.201 - - [26/Jan/2021:11:57:26 +0100] "POST /create_account.php HTTP/1.0" 302 485 "http://www.wonder-geek.com/create_account.php" "Mozilla/5.0 (Windows NT 6.3; Win64; x64) AppleWebKit/537.36 (KHTML, like Gecko) Chrome/83.0.4103.44 Safari/537.36"
95.143.21.201 - - [26/Jan/2021:11:57:26 +0100] "GET /create_account_success.php HTTP/1.0" 200 69413 "http://www.wonder-geek.com/create_account_success.php" "Mozilla/5.0 (Windows NT 6.3; Win64; x64) AppleWebKit/537.36 (KHTML, like Gecko) Chrome/83.0.4103.44 Safari/537.36"
95.143.21.201 - - [26/Jan/2021:11:57:27 +0100] "GET /login.php HTTP/1.0" 200 17157 "http://www.wonder-geek.com/login.php" "Mozilla/5.0 (Windows NT 6.3; Win64; x64) AppleWebKit/537.36 (KHTML, like Gecko) Chrome/83.0.4103.44 Safari/537.36"
95.143.21.201 - - [26/Jan/2021:11:57:27 +0100] "POST /login.php?action=process HTTP/1.0" 200 17672 "http://www.wonder-geek.com/login.php" "Mozilla/5.0 (Windows NT 6.3; Win64; x64) AppleWebKit/537.36 (KHTML, like Gecko) Chrome/83.0.4103.44 Safari/537.36"
95.143.21.201 - - [26/Jan/2021:11:57:27 +0100] "GET /snowman-solar-powered-dancing-p-34143.html]Test HTTP/1.0" 301 609 "http://wonder-geek.com/snowman-solar-powered-dancing-p-34143.html]Test" "Mozilla/5.0 (Windows NT 6.3; Win64; x64) AppleWebKit/537.36 (KHTML, like Gecko) Chrome/83.0.4103.44 Safari/537.36"
95.143.21.201 - - [26/Jan/2021:11:57:27 +0100] "GET /contact_us.php HTTP/1.0" 200 26243 "http://www.wonder-geek.com/contact_us.php" "Mozilla/5.0 (Windows NT 6.3; Win64; x64) AppleWebKit/537.36 (KHTML, like Gecko) Chrome/83.0.4103.44 Safari/537.36"
34.75.21.143 - - [26/Jan/2021:11:57:43 +0100] "GET /robots.txt HTTP/1.0" 200 245 "-" "ZoominfoBot (zoominfobot at zoominfo dot com)"
34.75.21.143 - - [26/Jan/2021:11:57:43 +0100] "GET /bowls-c-12_60.html HTTP/1.0" 200 91529 "-" "ZoominfoBot (zoominfobot at zoominfo dot com)"
109.156.129.238 - - [26/Jan/2021:11:57:44 +0100] "GET /images/big_prod/8422014754311.jpg HTTP/1.0" 200 268 "-" "Mozilla/5.0 (Windows NT 6.1; Win64; x64; rv:84.0) Gecko/20100101 Firefox/84.0"
95.143.21.201 - - [26/Jan/2021:11:57:47 +0100] "GET /contact_us.php HTTP/1.0" 200 26243 "http://www.wonder-geek.com/contact_us.php" "Mozilla/5.0 (Windows NT 6.3; Win64; x64) AppleWebKit/537.36 (KHTML, like Gecko) Chrome/83.0.4103.44 Safari/537.36"
95.143.21.201 - - [26/Jan/2021:11:57:48 +0100] "GET /contact_us.php HTTP/1.0" 200 26243 "http://www.wonder-geek.com/contact_us.php" "Mozilla/5.0 (Windows NT 6.3; Win64; x64) AppleWebKit/537.36 (KHTML, like Gecko) Chrome/83.0.4103.44 Safari/537.36"
34.75.21.143 - - [26/Jan/2021:11:57:52 +0100] "GET /dishes-c-12.html HTTP/1.0" 200 90409 "-" "ZoominfoBot (zoominfobot at zoominfo dot com)"
66.249.70.36 - - [26/Jan/2021:11:58:09 +0100] "GET /white-tower-chess-piece-p-51213.html HTTP/1.0" 200 71878 "-" "Mozilla/5.0 (Linux; Android 6.0.1; Nexus 5X Build/MMB29P) AppleWebKit/537.36 (KHTML, like Gecko) Chrome/88.0.4324.112 Mobile Safari/537.36 (compatible; Googlebot/2.1; +http://www.google.com/bot.html)"
54.36.148.87 - - [26/Jan/2021:11:58:24 +0100] "GET /salt-and-pepper-shaker-sets-c-12_160.html?page=5 HTTP/1.0" 200 78170 "-" "Mozilla/5.0 (compatible; AhrefsBot/7.0; +http://ahrefs.com/robot/)"
13.66.139.5 - - [26/Jan/2021:12:00:11 +0100] "GET /boys-c-2.html HTTP/1.0" 200 89775 "-" "Mozilla/5.0 (compatible; bingbot/2.0; +http://www.bing.com/bingbot.htm)"
109.156.129.238 - - [26/Jan/2021:12:00:18 +0100] "GET /images/big_prod/8422014754304.jpg HTTP/1.0" 200 268 "-" "Mozilla/5.0 (Windows NT 6.1; Win64; x64; rv:84.0) Gecko/20100101 Firefox/84.0"
207.46.13.37 - - [26/Jan/2021:12:00:26 +0100] "GET /js/jquery.masonry.min.js HTTP/1.0" 200 264 "-" "Mozilla/5.0 (compatible; bingbot/2.0; +http://www.bing.com/bingbot.htm)"
207.46.13.37 - - [26/Jan/2021:12:00:43 +0100] "GET /images/big_prod_1/8719497614301b.jpg HTTP/1.0" 200 271 "-" "Mozilla/5.0 (compatible; bingbot/2.0; +http://www.bing.com/bingbot.htm)"
13.66.139.136 - - [26/Jan/2021:12:01:31 +0100] "GET /images/med_prod/1399984284520.jpg HTTP/1.0" 200 268 "-" "Mozilla/5.0 (compatible; bingbot/2.0; +http://www.bing.com/bingbot.htm)"
54.36.148.224 - - [26/Jan/2021:12:02:19 +0100] "GET /collectible-figurines-and-decorative-c-13_135.html?page=17 HTTP/1.0" 200 95547 "-" "Mozilla/5.0 (compatible; AhrefsBot/7.0; +http://ahrefs.com/robot/)"
13.66.139.5 - - [26/Jan/2021:12:02:21 +0100] "GET /watches-c-3_66.html HTTP/1.0" 200 89981 "-" "Mozilla/5.0 (compatible; bingbot/2.0; +http://www.bing.com/bingbot.htm)"
13.66.139.5 - - [26/Jan/2021:12:02:22 +0100] "GET /bob-marley-m-166.html HTTP/1.0" 200 87769 "-" "Mozilla/5.0 (compatible; bingbot/2.0; +http://www.bing.com/bingbot.htm)"
17.58.101.147 - - [26/Jan/2021:12:02:58 +0100] "GET /egg-cups-c-12_248.html HTTP/1.0" 200 82205 "-" "Mozilla/5.0 (Macintosh; Intel Mac OS X 10_15_5) AppleWebKit/605.1.15 (KHTML, like Gecko) Version/13.1.1 Safari/605.1.15 (Applebot/0.1; +http://www.apple.com/go/applebot)"
34.75.21.143 - - [26/Jan/2021:12:03:22 +0100] "GET /flatwares-c-12_63.html HTTP/1.0" 200 88640 "-" "ZoominfoBot (zoominfobot at zoominfo dot com)"
13.66.139.5 - - [26/Jan/2021:12:03:51 +0100] "GET /images/DSCN06493384372119384.jpg HTTP/1.0" 200 267 "-" "Mozilla/5.0 (compatible; bingbot/2.0; +http://www.bing.com/bingbot.htm)"
66.249.70.62 - - [26/Jan/2021:12:04:10 +0100] "GET /harley-davidson-2004-electa-glide-pickup-ford-super-duty-p-30396.html HTTP/1.0" 200 72391 "-" "Mozilla/5.0 (Linux; Android 6.0.1; Nexus 5X Build/MMB29P) AppleWebKit/537.36 (KHTML, like Gecko) Chrome/88.0.4324.113 Mobile Safari/537.36 (compatible; Googlebot/2.1; +http://www.google.com/bot.html)"
34.75.21.143 - - [26/Jan/2021:12:04:41 +0100] "GET /flasks-c-12_245.html HTTP/1.0" 200 77811 "-" "ZoominfoBot (zoominfobot at zoominfo dot com)"
34.75.21.143 - - [26/Jan/2021:12:04:44 +0100] "GET /personalized-products-c-97.html HTTP/1.0" 200 89724 "-" "ZoominfoBot (zoominfobot at zoominfo dot com)"
207.46.13.53 - - [26/Jan/2021:12:05:14 +0100] "GET /-p-31303.html HTTP/1.0" 200 69189 "-" "Mozilla/5.0 (compatible; bingbot/2.0; +http://www.bing.com/bingbot.htm)"
13.66.139.139 - - [26/Jan/2021:12:06:01 +0100] "GET /images/big_prod/4012390386738.jpg HTTP/1.0" 200 268 "-" "Mozilla/5.0 (compatible; bingbot/2.0; +http://www.bing.com/bingbot.htm)"
157.55.39.149 - - [26/Jan/2021:12:06:17 +0100] "GET /images/big_prod/1399986102747.jpg HTTP/1.0" 200 268 "-" "Mozilla/5.0 (compatible; bingbot/2.0; +http://www.bing.com/bingbot.htm)"
54.36.148.206 - - [26/Jan/2021:12:06:24 +0100] "GET /care-bear-pyjama-party-plush-20-cm-p-37296.html HTTP/1.0" 301 69256 "-" "Mozilla/5.0 (compatible; AhrefsBot/7.0; +http://ahrefs.com/robot/)"
114.119.132.105 - - [26/Jan/2021:12:06:40 +0100] "GET /set-of-mandala-coasters-p-53024.html HTTP/1.0" 200 71799 "-" "Mozilla/5.0 (Linux; Android 7.0;) AppleWebKit/537.36 (KHTML, like Gecko) Mobile Safari/537.36 (compatible; PetalBot;+https://aspiegel.com/petalbot)"
185.191.171.35 - - [26/Jan/2021:12:06:50 +0100] "GET /black-horse-head-statue-p-39354.html HTTP/1.0" 200 69295 "-" "Mozilla/5.0 (compatible; SemrushBot/7~bl; +http://www.semrush.com/bot.html)"
66.249.70.33 - - [26/Jan/2021:12:07:07 +0100] "GET /images/big_prod/5051276344560.jpg HTTP/1.0" 200 268 "-" "Googlebot-Image/1.0"
54.36.148.82 - - [26/Jan/2021:12:07:12 +0100] "GET /cheshire-cat-mini-figurine-p-39113.html HTTP/1.0" 200 72409 "-" "Mozilla/5.0 (compatible; AhrefsBot/7.0; +http://ahrefs.com/robot/)"
31.148.205.45 - - [26/Jan/2021:12:07:59 +0100] "GET /images/big_prod/3700742703814N.jpg HTTP/1.0" 200 269 "-" "Mozilla/5.0 (Linux; arm_64; Android 9; F1) AppleWebKit/537.36 (KHTML, like Gecko) Chrome/81.0.4044.138 YaBrowser/20.6.3.54.00 SA/1 Mobile Safari/537.36"
157.55.39.153 - - [26/Jan/2021:12:10:34 +0100] "GET /round-trays-c-12_159_263.html?page=3 HTTP/1.0" 200 89763 "-" "Mozilla/5.0 (compatible; bingbot/2.0; +http://www.bing.com/bingbot.htm)"
34.75.21.143 - - [26/Jan/2021:12:10:52 +0100] "GET /cake-molds-ice-cube-molds-c-12_246.html HTTP/1.0" 200 84963 "-" "ZoominfoBot (zoominfobot at zoominfo dot com)"
51.68.224.127 - - [26/Jan/2021:12:11:08 +0100] "GET /adminweb/export_orders_xml.php?token=256de2z6edz6ed2z6DFSFsed2zed6zeDSFDSGdzedezfzf&maxorders=10&orderstart=1&status=14&start_date=2018-10-01 HTTP/1.0" 200 285 "-" "GesCom CharlotteBoutik Serveur"
51.68.224.127 - - [26/Jan/2021:12:11:08 +0100] "GET /adminweb/export_orders_xml.php?token=256de2z6edz6ed2z6DFSFsed2zed6zeDSFDSGdzedezfzf&maxorders=10&orderstart=1&status=6&start_date=2018-10-01 HTTP/1.0" 200 29990 "-" "GesCom CharlotteBoutik Serveur"
157.55.39.153 - - [26/Jan/2021:12:12:00 +0100] "GET /-p-35286.html HTTP/1.0" 200 69189 "-" "Mozilla/5.0 (compatible; bingbot/2.0; +http://www.bing.com/bingbot.htm)"
54.36.148.39 - - [26/Jan/2021:12:12:07 +0100] "GET /littlest-petshop-white-swimsuit-p-30316.html HTTP/1.0" 200 73316 "-" "Mozilla/5.0 (compatible; AhrefsBot/7.0; +http://ahrefs.com/robot/)"
145.239.113.73 - - [26/Jan/2021:12:12:11 +0100] "GET / HTTP/1.0" 200 94309 "-" "Mozilla/5.0 (Windows NT 10.0; Win64; x64) AppleWebKit/537.36 (KHTML, like Gecko) Chrome/80.0.3987.132 Safari/537.36 Edg/80.0.361.66"
34.75.21.143 - - [26/Jan/2021:12:14:32 +0100] "GET /adaptable-decorative-caps-c-12_249.html HTTP/1.0" 200 79875 "-" "ZoominfoBot (zoominfobot at zoominfo dot com)"
34.75.21.143 - - [26/Jan/2021:12:15:27 +0100] "GET /egg-cups-c-12_248.html HTTP/1.0" 200 82205 "-" "ZoominfoBot (zoominfobot at zoominfo dot com)"
34.75.21.143 - - [26/Jan/2021:12:16:18 +0100] "GET /pet-shop-c-155.html HTTP/1.0" 200 88367 "-" "ZoominfoBot (zoominfobot at zoominfo dot com)"
54.36.148.39 - - [26/Jan/2021:12:16:58 +0100] "GET /salamander-wall-decoration-29-cm-p-40932.html HTTP/1.0" 200 72010 "-" "Mozilla/5.0 (compatible; AhrefsBot/7.0; +http://ahrefs.com/robot/)"
207.46.13.37 - - [26/Jan/2021:12:17:39 +0100] "GET /images/big_prod/3560600314114.jpg HTTP/1.0" 200 268 "-" "Mozilla/5.0 (compatible; bingbot/2.0; +http://www.bing.com/bingbot.htm)"
207.46.13.37 - - [26/Jan/2021:12:17:40 +0100] "GET /images/big_prod/5051276344430.jpg HTTP/1.0" 200 268 "-" "Mozilla/5.0 (compatible; bingbot/2.0; +http://www.bing.com/bingbot.htm)"
13.66.139.5 - - [26/Jan/2021:12:17:52 +0100] "GET /images/med_prod/1399984284704.jpg HTTP/1.0" 200 268 "-" "Mozilla/5.0 (compatible; bingbot/2.0; +http://www.bing.com/bingbot.htm)"
54.36.149.53 - - [26/Jan/2021:12:17:55 +0100] "GET /babar-mini-wooden-plane-p-6644.html HTTP/1.0" 301 69253 "-" "Mozilla/5.0 (compatible; AhrefsBot/7.0; +http://ahrefs.com/robot/)"
34.75.21.143 - - [26/Jan/2021:12:18:17 +0100] "GET /coasters-c-12_157.html HTTP/1.0" 200 91063 "-" "ZoominfoBot (zoominfobot at zoominfo dot com)"
66.249.70.33 - - [26/Jan/2021:12:19:07 +0100] "GET /images/mini_prod/7601020000433.jpg HTTP/1.0" 200 269 "-" "Googlebot-Image/1.0"
207.46.13.6 - - [26/Jan/2021:12:19:08 +0100] "GET /images/med_prod/1384010184059.jpg HTTP/1.0" 200 268 "-" "Mozilla/5.0 (compatible; bingbot/2.0; +http://www.bing.com/bingbot.htm)"
207.46.13.6 - - [26/Jan/2021:12:19:09 +0100] "GET /images/1399984253625.jpg HTTP/1.0" 200 259 "-" "Mozilla/5.0 (compatible; bingbot/2.0; +http://www.bing.com/bingbot.htm)"
207.46.13.6 - - [26/Jan/2021:12:19:09 +0100] "GET /images/1399984258774.jpg HTTP/1.0" 200 259 "-" "Mozilla/5.0 (compatible; bingbot/2.0; +http://www.bing.com/bingbot.htm)"
207.46.13.6 - - [26/Jan/2021:12:19:09 +0100] "GET /images/med_prod/1384010184059.jpg HTTP/1.0" 200 268 "-" "Mozilla/5.0 (compatible; bingbot/2.0; +http://www.bing.com/bingbot.htm)"
207.46.13.6 - - [26/Jan/2021:12:19:10 +0100] "GET /images/big_prod/3503420111143.jpg HTTP/1.0" 200 268 "-" "Mozilla/5.0 (compatible; bingbot/2.0; +http://www.bing.com/bingbot.htm)"
157.55.39.228 - - [26/Jan/2021:12:20:07 +0100] "GET /images/big_prod/1399985000341.jpg HTTP/1.0" 200 268 "-" "Mozilla/5.0 (compatible; bingbot/2.0; +http://www.bing.com/bingbot.htm)"
34.75.21.143 - - [26/Jan/2021:12:20:18 +0100] "GET /specials.php HTTP/1.0" 200 128987 "-" "ZoominfoBot (zoominfobot at zoominfo dot com)"
13.66.139.139 - - [26/Jan/2021:12:21:52 +0100] "GET /images/big_prod_1/b067103378290.jpg HTTP/1.0" 200 270 "-" "Mozilla/5.0 (compatible; bingbot/2.0; +http://www.bing.com/bingbot.htm)"
54.36.148.87 - - [26/Jan/2021:12:22:19 +0100] "GET /lotus-candleholder-pink-goldlining-p-47013.html HTTP/1.0" 200 73344 "-" "Mozilla/5.0 (compatible; AhrefsBot/7.0; +http://ahrefs.com/robot/)"
34.75.21.143 - - [26/Jan/2021:12:23:11 +0100] "GET /luggages-schoolbags-leather-shop-c-31.html HTTP/1.0" 200 91289 "-" "ZoominfoBot (zoominfobot at zoominfo dot com)"
13.66.139.136 - - [26/Jan/2021:12:24:33 +0100] "GET /images/big_prod/3560600293693.jpg HTTP/1.0" 200 268 "-" "Mozilla/5.0 (compatible; bingbot/2.0; +http://www.bing.com/bingbot.htm)"
157.55.39.153 - - [26/Jan/2021:12:25:09 +0100] "GET /images/big_prod/9316188068246.jpg HTTP/1.0" 200 268 "-" "Mozilla/5.0 (compatible; bingbot/2.0; +http://www.bing.com/bingbot.htm)"
34.75.21.143 - - [26/Jan/2021:12:25:30 +0100] "GET /wastebasket-c-129_184.html HTTP/1.0" 200 82147 "-" "ZoominfoBot (zoominfobot at zoominfo dot com)"
51.68.224.127 - - [26/Jan/2021:12:26:54 +0100] "GET /adminweb/export_orders_xml.php?token=256de2z6edz6ed2z6DFSFsed2zed6zeDSFDSGdzedezfzf&maxorders=10&orderstart=1&status=14&start_date=2018-10-01 HTTP/1.0" 200 285 "-" "GesCom CharlotteBoutik Serveur"
51.68.224.127 - - [26/Jan/2021:12:26:54 +0100] "GET /adminweb/export_orders_xml.php?token=256de2z6edz6ed2z6DFSFsed2zed6zeDSFDSGdzedezfzf&maxorders=10&orderstart=1&status=6&start_date=2018-10-01 HTTP/1.0" 200 29990 "-" "GesCom CharlotteBoutik Serveur"
106.11.152.78 - - [26/Jan/2021:12:27:22 +0100] "GET /board-games-c-4_47.html HTTP/1.0" 200 74557 "-" "Mozilla/5.0 (Windows NT 6.1; Win64; x64) AppleWebKit/537.36 (KHTML, like Gecko) Chrome/69.0.3497.81 YisouSpider/5.0 Safari/537.36"
106.11.157.72 - - [26/Jan/2021:12:27:23 +0100] "GET /templates/Pixame_v1/stylesheet.css HTTP/1.0" 200 267 "http://www.wonder-geek.com/board-games-c-4_47.html" "Mozilla/5.0 (Windows NT 6.1; Win64; x64) AppleWebKit/537.36 (KHTML, like Gecko) Chrome/69.0.3497.81 YisouSpider/5.0 Safari/537.36"
54.36.148.127 - - [26/Jan/2021:12:27:25 +0100] "GET /sponge-bob-melamine-bowl-p-17120.html HTTP/1.0" 200 71930 "-" "Mozilla/5.0 (compatible; AhrefsBot/7.0; +http://ahrefs.com/robot/)"
207.46.13.53 - - [26/Jan/2021:12:28:50 +0100] "GET /images/med_prod/000000000000008760N.jpg HTTP/1.0" 200 274 "-" "Mozilla/5.0 (compatible; bingbot/2.0; +http://www.bing.com/bingbot.htm)"
207.46.13.55 - - [26/Jan/2021:12:28:56 +0100] "GET /-p-45825.html HTTP/1.0" 200 69189 "-" "Mozilla/5.0 (compatible; bingbot/2.0; +http://www.bing.com/bingbot.htm)"
54.36.148.237 - - [26/Jan/2021:12:29:46 +0100] "GET /coca-cola-deco-lamp-p-24165.html HTTP/1.0" 301 69256 "-" "Mozilla/5.0 (compatible; AhrefsBot/7.0; +http://ahrefs.com/robot/)"
66.249.70.62 - - [26/Jan/2021:12:31:07 +0100] "GET /images/3565750199666.jpg HTTP/1.0" 200 259 "-" "Googlebot-Image/1.0"
34.75.21.143 - - [26/Jan/2021:12:31:37 +0100] "GET /dishes-and-pie-dishes-c-12_251.html HTTP/1.0" 200 88734 "-" "ZoominfoBot (zoominfobot at zoominfo dot com)"
34.75.21.143 - - [26/Jan/2021:12:31:55 +0100] "GET /butter-dish-c-12_222.html HTTP/1.0" 200 81870 "-" "ZoominfoBot (zoominfobot at zoominfo dot com)"
54.36.148.87 - - [26/Jan/2021:12:33:00 +0100] "GET /small-white-cushion-with-personalized-picture-p-16257.html HTTP/1.0" 200 72480 "-" "Mozilla/5.0 (compatible; AhrefsBot/7.0; +http://ahrefs.com/robot/)"
207.46.13.53 - - [26/Jan/2021:12:33:14 +0100] "GET /images/8003990623916.jpg HTTP/1.0" 200 259 "-" "Mozilla/5.0 (compatible; bingbot/2.0; +http://www.bing.com/bingbot.htm)"
207.46.13.53 - - [26/Jan/2021:12:33:42 +0100] "GET /images/big_prod/3453131126564.jpg HTTP/1.0" 200 268 "-" "Mozilla/5.0 (compatible; bingbot/2.0; +http://www.bing.com/bingbot.htm)"
54.36.148.182 - - [26/Jan/2021:12:34:36 +0100] "GET /wooden-plaque-regles-pour-sortir-avec-ma-fille-p-34947.html HTTP/1.0" 301 69256 "-" "Mozilla/5.0 (compatible; AhrefsBot/7.0; +http://ahrefs.com/robot/)"
207.46.13.55 - - [26/Jan/2021:12:35:09 +0100] "GET /images/big_prod/3565750269598.jpg HTTP/1.0" 200 268 "-" "Mozilla/5.0 (compatible; bingbot/2.0; +http://www.bing.com/bingbot.htm)"
54.36.149.41 - - [26/Jan/2021:12:35:42 +0100] "GET /magic-suitcase-janod-p-19489.html HTTP/1.0" 301 69256 "-" "Mozilla/5.0 (compatible; AhrefsBot/7.0; +http://ahrefs.com/robot/)"
207.46.13.37 - - [26/Jan/2021:12:35:52 +0100] "GET /images/med_prod/3681643611173.jpg HTTP/1.0" 200 268 "-" "Mozilla/5.0 (compatible; bingbot/2.0; +http://www.bing.com/bingbot.htm)"
34.75.21.143 - - [26/Jan/2021:12:36:30 +0100] "GET /littlest-petshop-pop-up-p-1192.html HTTP/1.0" 200 72126 "-" "ZoominfoBot (zoominfobot at zoominfo dot com)"
34.75.21.143 - - [26/Jan/2021:12:36:39 +0100] "GET /barbecue-and-aperitif-c-12_254.html HTTP/1.0" 200 85317 "-" "ZoominfoBot (zoominfobot at zoominfo dot com)"
66.160.140.184 - - [26/Jan/2021:12:37:18 +0100] "GET /robots.txt HTTP/1.0" 200 245 "-" "The Knowledge AI"
66.160.140.184 - - [26/Jan/2021:12:37:28 +0100] "GET / HTTP/1.0" 200 94378 "-" "The Knowledge AI"
54.36.148.253 - - [26/Jan/2021:12:38:06 +0100] "GET /cupcakes-tinbox-p-31904.html HTTP/1.0" 301 69256 "-" "Mozilla/5.0 (compatible; AhrefsBot/7.0; +http://ahrefs.com/robot/)"
54.36.148.48 - - [26/Jan/2021:12:38:10 +0100] "GET /fcb-keyring-p-38017.html HTTP/1.0" 200 71765 "-" "Mozilla/5.0 (compatible; AhrefsBot/7.0; +http://ahrefs.com/robot/)"
13.66.139.5 - - [26/Jan/2021:12:39:05 +0100] "GET /images/4010070231163.jpg HTTP/1.0" 200 259 "-" "Mozilla/5.0 (compatible; bingbot/2.0; +http://www.bing.com/bingbot.htm)"
114.119.150.15 - - [26/Jan/2021:12:40:01 +0100] "GET /images/big_prod_1/5018997619230B.jpg HTTP/1.0" 200 271 "-" "Mozilla/5.0 (Linux; Android 7.0;) AppleWebKit/537.36 (KHTML, like Gecko) Mobile Safari/537.36 (compatible; PetalBot;+https://aspiegel.com/petalbot)"
13.66.139.2 - - [26/Jan/2021:12:40:04 +0100] "GET /images/3760194999890.jpg HTTP/1.0" 200 259 "-" "Mozilla/5.0 (compatible; bingbot/2.0; +http://www.bing.com/bingbot.htm)"
34.75.21.143 - - [26/Jan/2021:12:40:08 +0100] "GET /cellar-and-slicer-sausage-c-12_252.html HTTP/1.0" 200 78637 "-" "ZoominfoBot (zoominfobot at zoominfo dot com)"
157.55.39.153 - - [26/Jan/2021:12:40:20 +0100] "GET /images/big_prod/501365013699138951.jpg HTTP/1.0" 200 273 "-" "Mozilla/5.0 (compatible; bingbot/2.0; +http://www.bing.com/bingbot.htm)"
157.55.39.228 - - [26/Jan/2021:12:40:40 +0100] "GET /frida-khalo-saucer-for-tea-bag-p-50164.html HTTP/1.0" 200 71883 "-" "Mozilla/5.0 (compatible; bingbot/2.0; +http://www.bing.com/bingbot.htm)"
207.46.13.53 - - [26/Jan/2021:12:40:46 +0100] "GET /images/big_prod/3014627948581.jpg HTTP/1.0" 200 268 "-" "Mozilla/5.0 (compatible; bingbot/2.0; +http://www.bing.com/bingbot.htm)"
17.58.101.147 - - [26/Jan/2021:12:41:10 +0100] "GET /school-trolley-c-31_169.html HTTP/1.0" 200 81540 "-" "Mozilla/5.0 (Macintosh; Intel Mac OS X 10_15_5) AppleWebKit/605.1.15 (KHTML, like Gecko) Version/13.1.1 Safari/605.1.15 (Applebot/0.1; +http://www.apple.com/go/applebot)"
66.249.70.36 - - [26/Jan/2021:12:41:19 +0100] "GET /cat-candle-35-hours-black-p-42096.html HTTP/1.0" 200 71978 "-" "Mozilla/5.0 (Linux; Android 6.0.1; Nexus 5X Build/MMB29P) AppleWebKit/537.36 (KHTML, like Gecko) Chrome/88.0.4324.113 Mobile Safari/537.36 (compatible; Googlebot/2.1; +http://www.google.com/bot.html)"
207.46.13.53 - - [26/Jan/2021:12:42:36 +0100] "GET /images/071662311025.jpg HTTP/1.0" 200 258 "-" "Mozilla/5.0 (compatible; bingbot/2.0; +http://www.bing.com/bingbot.htm)"
157.55.39.149 - - [26/Jan/2021:12:42:50 +0100] "GET /images/5010994734862.jpg HTTP/1.0" 200 259 "-" "Mozilla/5.0 (compatible; bingbot/2.0; +http://www.bing.com/bingbot.htm)"
51.68.224.127 - - [26/Jan/2021:12:42:57 +0100] "GET /adminweb/export_orders_xml.php?token=256de2z6edz6ed2z6DFSFsed2zed6zeDSFDSGdzedezfzf&maxorders=10&orderstart=1&status=14&start_date=2018-10-01 HTTP/1.0" 200 285 "-" "GesCom CharlotteBoutik Serveur"
51.68.224.127 - - [26/Jan/2021:12:42:57 +0100] "GET /adminweb/export_orders_xml.php?token=256de2z6edz6ed2z6DFSFsed2zed6zeDSFDSGdzedezfzf&maxorders=10&orderstart=1&status=6&start_date=2018-10-01 HTTP/1.0" 200 29990 "-" "GesCom CharlotteBoutik Serveur"
54.36.148.216 - - [26/Jan/2021:12:43:00 +0100] "GET /small-white-torn-paper-cushion-with-personalized-picture-p-16615.html HTTP/1.0" 200 72594 "-" "Mozilla/5.0 (compatible; AhrefsBot/7.0; +http://ahrefs.com/robot/)"
66.249.70.36 - - [26/Jan/2021:12:43:07 +0100] "GET /images/mini_prod/3612875116822.jpg HTTP/1.0" 200 269 "-" "Googlebot-Image/1.0"
