157.55.39.228 - - [26/Jan/2021:07:17:19 +0100] "GET /images/big_prod/3453131145671.jpg HTTP/1.0" 200 268 "-" "Mozilla/5.0 (compatible; bingbot/2.0; +http://www.bing.com/bingbot.htm)"
167.114.116.25 - - [26/Jan/2021:07:17:30 +0100] "GET /white-buddha-perfume-diffuser-p-31887.html HTTP/1.0" 301 72050 "-" "Mozilla/5.0 (compatible; MJ12bot/v1.4.8; http://mj12bot.com/)"
167.114.116.25 - - [26/Jan/2021:07:17:53 +0100] "GET /buddha-perfume-diffuser-p-31887.html HTTP/1.0" 200 71960 "-" "Mozilla/5.0 (compatible; MJ12bot/v1.4.8; http://mj12bot.com/)"
13.66.139.139 - - [26/Jan/2021:07:18:12 +0100] "GET /images/big_prod/3700407613151.jpg HTTP/1.0" 200 268 "-" "Mozilla/5.0 (compatible; bingbot/2.0; +http://www.bing.com/bingbot.htm)"
167.114.116.25 - - [26/Jan/2021:07:18:17 +0100] "GET /white-cat-statue-165-cm-p-37588.html HTTP/1.0" 200 69298 "-" "Mozilla/5.0 (compatible; MJ12bot/v1.4.8; http://mj12bot.com/)"
216.18.204.215 - - [26/Jan/2021:07:18:25 +0100] "GET /antigua-clock-by-cbkreation-p-36797.html HTTP/1.0" 200 71851 "http://www.wonder-geek.com/" "Mozilla/5.0 (compatible; Adsbot/3.1)"
167.114.116.25 - - [26/Jan/2021:07:18:38 +0100] "GET /white-dledmv-french-heritage-tee-shirt-p-35627.html HTTP/1.0" 301 69256 "-" "Mozilla/5.0 (compatible; MJ12bot/v1.4.8; http://mj12bot.com/)"
157.55.39.153 - - [26/Jan/2021:07:18:54 +0100] "GET /little-buddha-glasses-case-p-53303.html HTTP/1.0" 200 71923 "-" "Mozilla/5.0 (compatible; bingbot/2.0; +http://www.bing.com/bingbot.htm)"
157.55.39.153 - - [26/Jan/2021:07:18:55 +0100] "GET /images/230207_210747_PEEL_s6M5RA.jpg HTTP/1.0" 200 271 "-" "Mozilla/5.0 (compatible; bingbot/2.0; +http://www.bing.com/bingbot.htm)"
82.165.117.55 - - [26/Jan/2021:07:18:55 +0100] "GET /.env HTTP/1.0" 301 519 "-" "Mozilla/5.0 (X11; Linux x86_64) AppleWebKit/537.36 (KHTML, like Gecko) Chrome/81.0.4044.129 Safari/537.36"
82.165.117.55 - - [26/Jan/2021:07:18:55 +0100] "POST / HTTP/1.0" 301 511 "-" "Mozilla/5.0 (X11; Linux x86_64) AppleWebKit/537.36 (KHTML, like Gecko) Chrome/81.0.4044.129 Safari/537.36"
167.114.116.25 - - [26/Jan/2021:07:19:02 +0100] "GET /-p-35627.html HTTP/1.0" 200 69189 "-" "Mozilla/5.0 (compatible; MJ12bot/v1.4.8; http://mj12bot.com/)"
51.68.224.127 - - [26/Jan/2021:07:19:16 +0100] "GET /adminweb/export_orders_xml.php?token=256de2z6edz6ed2z6DFSFsed2zed6zeDSFDSGdzedezfzf&maxorders=10&orderstart=1&status=14&start_date=2018-10-01 HTTP/1.0" 200 285 "-" "GesCom CharlotteBoutik Serveur"
51.68.224.127 - - [26/Jan/2021:07:19:16 +0100] "GET /adminweb/export_orders_xml.php?token=256de2z6edz6ed2z6DFSFsed2zed6zeDSFDSGdzedezfzf&maxorders=10&orderstart=1&status=6&start_date=2018-10-01 HTTP/1.0" 200 29990 "-" "GesCom CharlotteBoutik Serveur"
167.114.116.25 - - [26/Jan/2021:07:19:26 +0100] "GET /white-dledmv-team-tee-shirt-p-35845.html HTTP/1.0" 301 69256 "-" "Mozilla/5.0 (compatible; MJ12bot/v1.4.8; http://mj12bot.com/)"
114.119.129.36 - - [26/Jan/2021:07:19:27 +0100] "GET /dotted-little-tray-p-29650.html HTTP/1.0" 200 71861 "-" "Mozilla/5.0 (Linux; Android 7.0;) AppleWebKit/537.36 (KHTML, like Gecko) Mobile Safari/537.36 (compatible; PetalBot;+https://aspiegel.com/petalbot)"
207.46.13.53 - - [26/Jan/2021:07:19:29 +0100] "GET /images/big_prod_1/3453131145060BBB.jpg HTTP/1.0" 200 273 "-" "Mozilla/5.0 (compatible; bingbot/2.0; +http://www.bing.com/bingbot.htm)"
216.18.204.215 - - [26/Jan/2021:07:19:46 +0100] "GET /au-menu-ce-soir-adult-apron-p-49747.html HTTP/1.0" 200 71815 "http://www.wonder-geek.com/" "Mozilla/5.0 (compatible; Adsbot/3.1)"
167.114.116.25 - - [26/Jan/2021:07:19:46 +0100] "GET /-p-35845.html HTTP/1.0" 200 69189 "-" "Mozilla/5.0 (compatible; MJ12bot/v1.4.8; http://mj12bot.com/)"
167.114.116.25 - - [26/Jan/2021:07:20:11 +0100] "GET /white-ganesh-statue-19-cm-p-38545.html HTTP/1.0" 301 69256 "-" "Mozilla/5.0 (compatible; MJ12bot/v1.4.8; http://mj12bot.com/)"
157.55.39.228 - - [26/Jan/2021:07:20:32 +0100] "GET /images/big_prod/3609810065079.jpg HTTP/1.0" 200 268 "-" "Mozilla/5.0 (compatible; bingbot/2.0; +http://www.bing.com/bingbot.htm)"
167.114.116.25 - - [26/Jan/2021:07:20:34 +0100] "GET /-p-38545.html HTTP/1.0" 200 69189 "-" "Mozilla/5.0 (compatible; MJ12bot/v1.4.8; http://mj12bot.com/)"
167.114.116.25 - - [26/Jan/2021:07:20:53 +0100] "GET /white-ganesh-statue-24-cm-p-38546.html HTTP/1.0" 200 69305 "-" "Mozilla/5.0 (compatible; MJ12bot/v1.4.8; http://mj12bot.com/)"
207.46.13.53 - - [26/Jan/2021:07:21:00 +0100] "GET /images/big_prod/4029811399482.jpg HTTP/1.0" 200 268 "-" "Mozilla/5.0 (compatible; bingbot/2.0; +http://www.bing.com/bingbot.htm)"
167.114.116.25 - - [26/Jan/2021:07:21:12 +0100] "GET /white-origami-panther-statue-47-cm-p-37288.html HTTP/1.0" 200 69350 "-" "Mozilla/5.0 (compatible; MJ12bot/v1.4.8; http://mj12bot.com/)"
216.18.204.215 - - [26/Jan/2021:07:21:17 +0100] "GET /austria-clock-by-cbkreation-p-36679.html HTTP/1.0" 200 71860 "http://www.wonder-geek.com/" "Mozilla/5.0 (compatible; Adsbot/3.1)"
167.114.116.25 - - [26/Jan/2021:07:21:39 +0100] "GET /white-owl-perfume-diffuser-p-31890.html HTTP/1.0" 200 69310 "-" "Mozilla/5.0 (compatible; MJ12bot/v1.4.8; http://mj12bot.com/)"
167.114.116.25 - - [26/Jan/2021:07:22:00 +0100] "GET /wick-ellipse-candle-heart-and-home-christmas-tree-p-53321.html HTTP/1.0" 200 72838 "-" "Mozilla/5.0 (compatible; MJ12bot/v1.4.8; http://mj12bot.com/)"
185.220.101.193 - - [26/Jan/2021:07:22:07 +0100] "GET /contact_us.php HTTP/1.0" 200 26238 "http://www.wonder-geek.com/contact_us.php" "Mozilla/5.0 (Windows NT 10.0; Win64; x64) AppleWebKit/537.36 (KHTML, like Gecko) Chrome/83.0.4103.24 Safari/537.36"
185.220.101.193 - - [26/Jan/2021:07:22:09 +0100] "POST /contact_us.php?action=send HTTP/1.0" 200 26660 "http://www.wonder-geek.com/contact_us.php" "Mozilla/5.0 (Windows NT 10.0; Win64; x64) AppleWebKit/537.36 (KHTML, like Gecko) Chrome/83.0.4103.24 Safari/537.36"
185.220.101.193 - - [26/Jan/2021:07:22:10 +0100] "GET /contact_us.php HTTP/1.0" 200 26238 "http://www.wonder-geek.com/contact_us.php" "Mozilla/5.0 (Windows NT 10.0; Win64; x64) AppleWebKit/537.36 (KHTML, like Gecko) Chrome/83.0.4103.24 Safari/537.36"
167.114.116.25 - - [26/Jan/2021:07:22:20 +0100] "GET /wick-ellipse-candle-heart-and-home-home-for-christmas-p-53317.html HTTP/1.0" 200 72731 "-" "Mozilla/5.0 (compatible; MJ12bot/v1.4.8; http://mj12bot.com/)"
216.18.204.215 - - [26/Jan/2021:07:22:31 +0100] "GET /bahamas-clock-by-cbkreation-p-36825.html HTTP/1.0" 200 71851 "http://www.wonder-geek.com/" "Mozilla/5.0 (compatible; Adsbot/3.1)"
167.114.116.25 - - [26/Jan/2021:07:22:39 +0100] "GET /wild-porcelain-bowl-480-ml-p-40247.html HTTP/1.0" 200 69283 "-" "Mozilla/5.0 (compatible; MJ12bot/v1.4.8; http://mj12bot.com/)"
167.114.116.25 - - [26/Jan/2021:07:23:08 +0100] "GET /wind-butterflies-stickers-20-70-cm-p-36142.html HTTP/1.0" 200 71950 "-" "Mozilla/5.0 (compatible; MJ12bot/v1.4.8; http://mj12bot.com/)"
167.114.116.25 - - [26/Jan/2021:07:23:24 +0100] "GET /wind-chime-agate-natural-p-47044.html HTTP/1.0" 200 72920 "-" "Mozilla/5.0 (compatible; MJ12bot/v1.4.8; http://mj12bot.com/)"
216.18.204.215 - - [26/Jan/2021:07:23:42 +0100] "GET /barbabelle-and-francois-car-p-15686.html HTTP/1.0" 200 72035 "http://www.wonder-geek.com/" "Mozilla/5.0 (compatible; Adsbot/3.1)"
167.114.116.25 - - [26/Jan/2021:07:23:47 +0100] "GET /wind-chime-agate-purple-p-47043.html HTTP/1.0" 200 72710 "-" "Mozilla/5.0 (compatible; MJ12bot/v1.4.8; http://mj12bot.com/)"
167.114.116.25 - - [26/Jan/2021:07:24:08 +0100] "GET /wind-chime-angel-purple-p-40218.html HTTP/1.0" 200 72740 "-" "Mozilla/5.0 (compatible; MJ12bot/v1.4.8; http://mj12bot.com/)"
167.114.116.25 - - [26/Jan/2021:07:24:31 +0100] "GET /winnie-the-pooh-disney-glitter-globe-p-33592.html HTTP/1.0" 200 69360 "-" "Mozilla/5.0 (compatible; MJ12bot/v1.4.8; http://mj12bot.com/)"
216.18.204.215 - - [26/Jan/2021:07:24:34 +0100] "GET /barbade-clock-by-cbkreation-p-36826.html HTTP/1.0" 200 71851 "http://www.wonder-geek.com/" "Mozilla/5.0 (compatible; Adsbot/3.1)"
185.191.171.4 - - [26/Jan/2021:07:24:43 +0100] "GET /-p-44354.html?action=add_product HTTP/1.0" 302 476 "-" "Mozilla/5.0 (compatible; SemrushBot/7~bl; +http://www.semrush.com/bot.html)"
167.114.116.25 - - [26/Jan/2021:07:24:54 +0100] "GET /winnie-the-pooh-presents-from-pooh-figure-collection-p-18146.html HTTP/1.0" 301 69256 "-" "Mozilla/5.0 (compatible; MJ12bot/v1.4.8; http://mj12bot.com/)"
167.114.116.25 - - [26/Jan/2021:07:25:17 +0100] "GET /-p-18146.html HTTP/1.0" 200 69189 "-" "Mozilla/5.0 (compatible; MJ12bot/v1.4.8; http://mj12bot.com/)"
207.46.13.37 - - [26/Jan/2021:07:25:17 +0100] "GET /images/8412199931898.jpg HTTP/1.0" 200 259 "-" "Mozilla/5.0 (compatible; bingbot/2.0; +http://www.bing.com/bingbot.htm)"
216.18.204.215 - - [26/Jan/2021:07:25:33 +0100] "GET /bhoutan-clock-by-cbkreation-p-36829.html HTTP/1.0" 200 71851 "http://www.wonder-geek.com/" "Mozilla/5.0 (compatible; Adsbot/3.1)"
13.66.139.139 - - [26/Jan/2021:07:25:43 +0100] "GET /images/big_prod_3/d028399219216.jpg HTTP/1.0" 200 270 "-" "Mozilla/5.0 (compatible; bingbot/2.0; +http://www.bing.com/bingbot.htm)"
167.114.116.25 - - [26/Jan/2021:07:25:44 +0100] "GET /winnie-the-pooh-storybook-p-31418.html HTTP/1.0" 301 69256 "-" "Mozilla/5.0 (compatible; MJ12bot/v1.4.8; http://mj12bot.com/)"
173.29.134.14 - - [26/Jan/2021:07:25:54 +0100] "GET /images/med_prod/3700653593177.jpg HTTP/1.0" 200 268 "-" "Mozilla/5.0 (Macintosh; Intel Mac OS X 10_15_6) AppleWebKit/605.1.15 (KHTML, like Gecko) Version/14.0.2 Safari/605.1.15"
167.114.116.25 - - [26/Jan/2021:07:26:06 +0100] "GET /-p-31418.html HTTP/1.0" 200 69189 "-" "Mozilla/5.0 (compatible; MJ12bot/v1.4.8; http://mj12bot.com/)"
216.18.204.215 - - [26/Jan/2021:07:26:17 +0100] "GET /bowl-black-ceramic-wine-bar-p-45681.html HTTP/1.0" 200 71885 "http://www.wonder-geek.com/" "Mozilla/5.0 (compatible; Adsbot/3.1)"
167.114.116.25 - - [26/Jan/2021:07:26:28 +0100] "GET /winter-chamonix-wooden-wall-decoration-to-hang-p-36862.html HTTP/1.0" 200 72043 "-" "Mozilla/5.0 (compatible; MJ12bot/v1.4.8; http://mj12bot.com/)"
207.46.13.53 - - [26/Jan/2021:07:26:32 +0100] "GET /images/8714274565036.jpg HTTP/1.0" 200 259 "-" "Mozilla/5.0 (compatible; bingbot/2.0; +http://www.bing.com/bingbot.htm)"
185.191.171.22 - - [26/Jan/2021:07:26:41 +0100] "GET /led-princess-swan-with-crown-nightlight-p-53137.html HTTP/1.0" 200 73514 "-" "Mozilla/5.0 (compatible; SemrushBot/7~bl; +http://www.semrush.com/bot.html)"
167.114.116.25 - - [26/Jan/2021:07:26:52 +0100] "GET /wolf-clock-by-lisa-parker-p-34142.html HTTP/1.0" 200 71858 "-" "Mozilla/5.0 (compatible; MJ12bot/v1.4.8; http://mj12bot.com/)"
216.18.204.215 - - [26/Jan/2021:07:26:54 +0100] "GET /bowl-white-ceramic-feathers-p-45765.html HTTP/1.0" 200 71831 "http://www.wonder-geek.com/" "Mozilla/5.0 (compatible; Adsbot/3.1)"
157.55.39.153 - - [26/Jan/2021:07:26:57 +0100] "GET /images/big_prod_1/5022271700507B.jpg HTTP/1.0" 200 271 "-" "Mozilla/5.0 (compatible; bingbot/2.0; +http://www.bing.com/bingbot.htm)"
157.55.39.153 - - [26/Jan/2021:07:26:58 +0100] "GET /teo-jasmin-medium-cabas-p-44162.html HTTP/1.0" 200 69295 "-" "Mozilla/5.0 (compatible; bingbot/2.0; +http://www.bing.com/bingbot.htm)"
180.183.6.215 - - [26/Jan/2021:07:26:59 +0100] "GET /contact_us.php HTTP/1.0" 200 26238 "http://www.wonder-geek.com/contact_us.php" "Mozilla/5.0 (Windows NT 10.0; Win64; x64) AppleWebKit/537.36 (KHTML, like Gecko) Chrome/83.0.4103.61 Safari/537.36"
45.132.227.249 - - [26/Jan/2021:07:27:00 +0100] "GET /adminer.php HTTP/1.0" 404 1308 "-" "Screaming Frog SEO Spider/12.4"
180.183.6.215 - - [26/Jan/2021:07:27:01 +0100] "POST /contact_us.php?action=send HTTP/1.0" 200 26480 "http://www.wonder-geek.com/contact_us.php" "Mozilla/5.0 (Windows NT 10.0; Win64; x64) AppleWebKit/537.36 (KHTML, like Gecko) Chrome/83.0.4103.61 Safari/537.36"
167.114.116.25 - - [26/Jan/2021:07:27:14 +0100] "GET /wooden-box-and-aluminum-effigy-buddha-p-46009.html HTTP/1.0" 200 69327 "-" "Mozilla/5.0 (compatible; MJ12bot/v1.4.8; http://mj12bot.com/)"
216.18.204.215 - - [26/Jan/2021:07:27:28 +0100] "GET /bowl-white-ceramic-wine-bar-p-45683.html HTTP/1.0" 200 71851 "http://www.wonder-geek.com/" "Mozilla/5.0 (compatible; Adsbot/3.1)"
167.114.116.25 - - [26/Jan/2021:07:27:30 +0100] "GET /wooden-box-carved-floral-pattern-21-cm-p-46053.html HTTP/1.0" 200 69370 "-" "Mozilla/5.0 (compatible; MJ12bot/v1.4.8; http://mj12bot.com/)"
157.55.39.153 - - [26/Jan/2021:07:27:38 +0100] "GET /images/big_prod/4029811411573.jpg HTTP/1.0" 200 268 "-" "Mozilla/5.0 (compatible; bingbot/2.0; +http://www.bing.com/bingbot.htm)"
157.55.39.6 - - [26/Jan/2021:07:27:51 +0100] "GET /robots.txt HTTP/1.0" 301 531 "-" "Mozilla/5.0 (compatible; bingbot/2.0; +http://www.bing.com/bingbot.htm)"
157.55.39.6 - - [26/Jan/2021:07:27:52 +0100] "GET /robots.txt HTTP/1.0" 200 245 "-" "Mozilla/5.0 (compatible; bingbot/2.0; +http://www.bing.com/bingbot.htm)"
167.114.116.25 - - [26/Jan/2021:07:27:54 +0100] "GET /wooden-box-carved-indian-floral-pattern-175-cm-p-46040.html HTTP/1.0" 200 69413 "-" "Mozilla/5.0 (compatible; MJ12bot/v1.4.8; http://mj12bot.com/)"
216.18.204.215 - - [26/Jan/2021:07:28:10 +0100] "GET /burlap-round-table-set-love-p-51117.html HTTP/1.0" 200 71814 "http://www.wonder-geek.com/" "Mozilla/5.0 (compatible; Adsbot/3.1)"
167.114.116.25 - - [26/Jan/2021:07:28:18 +0100] "GET /wooden-box-carved-indian-floral-pattern-255-cm-p-46032.html HTTP/1.0" 200 69365 "-" "Mozilla/5.0 (compatible; MJ12bot/v1.4.8; http://mj12bot.com/)"
167.114.116.25 - - [26/Jan/2021:07:28:36 +0100] "GET /wooden-box-carved-indian-floral-pattern-255-cm-p-46078.html HTTP/1.0" 200 69413 "-" "Mozilla/5.0 (compatible; MJ12bot/v1.4.8; http://mj12bot.com/)"
216.18.204.215 - - [26/Jan/2021:07:29:00 +0100] "GET /cafe-de-la-tour-paris-clock-p-10888.html HTTP/1.0" 200 71894 "http://www.wonder-geek.com/" "Mozilla/5.0 (compatible; Adsbot/3.1)"
167.114.116.25 - - [26/Jan/2021:07:29:00 +0100] "GET /wooden-box-hand-of-fatima-wood-blue-aged-and-brass-255-cm-p-46079.html HTTP/1.0" 200 73202 "-" "Mozilla/5.0 (compatible; MJ12bot/v1.4.8; http://mj12bot.com/)"
54.36.148.254 - - [26/Jan/2021:07:29:09 +0100] "GET /hannah-montana-postman-bag-p-1485.html HTTP/1.0" 200 72255 "-" "Mozilla/5.0 (compatible; AhrefsBot/7.0; +http://ahrefs.com/robot/)"
167.114.116.25 - - [26/Jan/2021:07:29:28 +0100] "GET /wooden-egg-cellar-18-16-cm-p-44517.html HTTP/1.0" 200 69328 "-" "Mozilla/5.0 (compatible; MJ12bot/v1.4.8; http://mj12bot.com/)"
216.18.204.215 - - [26/Jan/2021:07:29:49 +0100] "GET /campaign-spirit-adult-apron-p-44189.html HTTP/1.0" 200 71815 "http://www.wonder-geek.com/" "Mozilla/5.0 (compatible; Adsbot/3.1)"
167.114.116.25 - - [26/Jan/2021:07:29:51 +0100] "GET /wooden-magazine-rack-compartments-p-35665.html HTTP/1.0" 200 71984 "-" "Mozilla/5.0 (compatible; MJ12bot/v1.4.8; http://mj12bot.com/)"
167.114.116.25 - - [26/Jan/2021:07:30:15 +0100] "GET /wooden-range-bottle-old-style-green-p-35877.html HTTP/1.0" 200 69367 "-" "Mozilla/5.0 (compatible; MJ12bot/v1.4.8; http://mj12bot.com/)"
167.114.116.25 - - [26/Jan/2021:07:30:37 +0100] "GET /wooden-range-bottle-old-style-pink-p-35876.html HTTP/1.0" 200 69362 "-" "Mozilla/5.0 (compatible; MJ12bot/v1.4.8; http://mj12bot.com/)"
157.55.39.149 - - [26/Jan/2021:07:30:40 +0100] "GET /images/med_prod/1384010179550.jpg HTTP/1.0" 200 268 "-" "Mozilla/5.0 (compatible; bingbot/2.0; +http://www.bing.com/bingbot.htm)"
216.18.204.215 - - [26/Jan/2021:07:30:42 +0100] "GET /corsica-clock-by-cbkreation-p-24370.html HTTP/1.0" 200 71821 "http://www.wonder-geek.com/" "Mozilla/5.0 (compatible; Adsbot/3.1)"
167.114.116.25 - - [26/Jan/2021:07:30:56 +0100] "GET /wooden-range-bottle-old-style-white-p-35875.html HTTP/1.0" 200 69367 "-" "Mozilla/5.0 (compatible; MJ12bot/v1.4.8; http://mj12bot.com/)"
216.18.204.215 - - [26/Jan/2021:07:31:11 +0100] "GET /corsica-kitchen-apron-adult-p-35131.html HTTP/1.0" 200 71843 "http://www.wonder-geek.com/" "Mozilla/5.0 (compatible; Adsbot/3.1)"
167.114.116.25 - - [26/Jan/2021:07:31:18 +0100] "GET /yellow-cigarette-machine-peace-and-love-p-14143.html HTTP/1.0" 301 69256 "-" "Mozilla/5.0 (compatible; MJ12bot/v1.4.8; http://mj12bot.com/)"
167.114.116.25 - - [26/Jan/2021:07:31:40 +0100] "GET /-p-14143.html HTTP/1.0" 200 69189 "-" "Mozilla/5.0 (compatible; MJ12bot/v1.4.8; http://mj12bot.com/)"
13.66.139.5 - - [26/Jan/2021:07:31:44 +0100] "GET /images/med_prod/3457010951223.jpg HTTP/1.0" 200 268 "-" "Mozilla/5.0 (compatible; bingbot/2.0; +http://www.bing.com/bingbot.htm)"
167.114.116.25 - - [26/Jan/2021:07:31:57 +0100] "GET /zen-buddha-frame-with-metal-under-50-50-cm-p-37554.html HTTP/1.0" 200 69396 "-" "Mozilla/5.0 (compatible; MJ12bot/v1.4.8; http://mj12bot.com/)"
216.18.204.215 - - [26/Jan/2021:07:31:59 +0100] "GET /croatie-clock-by-cbkreation-p-36914.html HTTP/1.0" 200 71851 "http://www.wonder-geek.com/" "Mozilla/5.0 (compatible; Adsbot/3.1)"
114.119.158.196 - - [26/Jan/2021:07:32:13 +0100] "GET /cotton-floor-cushion-40-40-25-cm-halden-p-52540.html HTTP/1.0" 200 72885 "-" "Mozilla/5.0 (Linux; Android 7.0;) AppleWebKit/537.36 (KHTML, like Gecko) Mobile Safari/537.36 (compatible; PetalBot;+https://aspiegel.com/petalbot)"
167.114.116.25 - - [26/Jan/2021:07:32:19 +0100] "GET /zen-butterflies-stickers-20-70-cm-p-36143.html HTTP/1.0" 200 69357 "-" "Mozilla/5.0 (compatible; MJ12bot/v1.4.8; http://mj12bot.com/)"
167.114.116.25 - - [26/Jan/2021:07:32:39 +0100] "GET /zen-canvas-frame-40-40-cm-p-38504.html HTTP/1.0" 200 71928 "-" "Mozilla/5.0 (compatible; MJ12bot/v1.4.8; http://mj12bot.com/)"
167.114.116.25 - - [26/Jan/2021:07:33:02 +0100] "GET /zen-canvas-frame-40-40-cm-p-38505.html HTTP/1.0" 200 71924 "-" "Mozilla/5.0 (compatible; MJ12bot/v1.4.8; http://mj12bot.com/)"
216.18.204.215 - - [26/Jan/2021:07:33:04 +0100] "GET /devil-white-woman-tee-shirt-p-30744.html HTTP/1.0" 200 73858 "http://www.wonder-geek.com/" "Mozilla/5.0 (compatible; Adsbot/3.1)"
167.114.116.25 - - [26/Jan/2021:07:33:23 +0100] "GET /zen-canvas-frame-40-40-cm-p-38508.html HTTP/1.0" 200 71924 "-" "Mozilla/5.0 (compatible; MJ12bot/v1.4.8; http://mj12bot.com/)"
207.46.13.37 - - [26/Jan/2021:07:33:43 +0100] "GET /chair-cushion-with-fringes-purple-p-51742.html HTTP/1.0" 200 72508 "-" "Mozilla/5.0 (compatible; bingbot/2.0; +http://www.bing.com/bingbot.htm)"
167.114.116.25 - - [26/Jan/2021:07:33:53 +0100] "GET /zen-canvas-frame-p-38318.html HTTP/1.0" 200 71842 "-" "Mozilla/5.0 (compatible; MJ12bot/v1.4.8; http://mj12bot.com/)"
167.114.116.25 - - [26/Jan/2021:07:34:11 +0100] "GET /zen-ceramic-lamp-32-cm-p-52409.html HTTP/1.0" 200 72750 "-" "Mozilla/5.0 (compatible; MJ12bot/v1.4.8; http://mj12bot.com/)"
216.18.204.215 - - [26/Jan/2021:07:34:23 +0100] "GET /eccentric-cat-breakfast-set-p-39751.html HTTP/1.0" 200 71904 "http://www.wonder-geek.com/" "Mozilla/5.0 (compatible; Adsbot/3.1)"
167.114.116.25 - - [26/Jan/2021:07:34:25 +0100] "GET /zen-ceramic-lamp-33-cm-p-52409.html HTTP/1.0" 301 72839 "-" "Mozilla/5.0 (compatible; MJ12bot/v1.4.8; http://mj12bot.com/)"
167.114.116.25 - - [26/Jan/2021:07:34:45 +0100] "GET /zen-ceramic-lamp-32-cm-p-52409.html HTTP/1.0" 200 72750 "-" "Mozilla/5.0 (compatible; MJ12bot/v1.4.8; http://mj12bot.com/)"
51.68.224.127 - - [26/Jan/2021:07:35:10 +0100] "GET /adminweb/export_orders_xml.php?token=256de2z6edz6ed2z6DFSFsed2zed6zeDSFDSGdzedezfzf&maxorders=10&orderstart=1&status=14&start_date=2018-10-01 HTTP/1.0" 200 285 "-" "GesCom CharlotteBoutik Serveur"
51.68.224.127 - - [26/Jan/2021:07:35:10 +0100] "GET /adminweb/export_orders_xml.php?token=256de2z6edz6ed2z6DFSFsed2zed6zeDSFDSGdzedezfzf&maxorders=10&orderstart=1&status=6&start_date=2018-10-01 HTTP/1.0" 200 29990 "-" "GesCom CharlotteBoutik Serveur"
157.55.39.228 - - [26/Jan/2021:07:35:12 +0100] "GET /hello-kitty-glossy-red-handbag-by-camomilla-p-16996.html HTTP/1.0" 200 69351 "-" "Mozilla/5.0 (compatible; bingbot/2.0; +http://www.bing.com/bingbot.htm)"
167.114.116.25 - - [26/Jan/2021:07:35:12 +0100] "GET /zen-cushion-p-38298.html HTTP/1.0" 301 69256 "-" "Mozilla/5.0 (compatible; MJ12bot/v1.4.8; http://mj12bot.com/)"
157.55.39.228 - - [26/Jan/2021:07:35:12 +0100] "GET /images/12472.jpg HTTP/1.0" 200 251 "-" "Mozilla/5.0 (compatible; bingbot/2.0; +http://www.bing.com/bingbot.htm)"
216.18.204.215 - - [26/Jan/2021:07:35:26 +0100] "GET /eccentric-dog-breakfast-set-p-39752.html HTTP/1.0" 200 71904 "http://www.wonder-geek.com/" "Mozilla/5.0 (compatible; Adsbot/3.1)"
167.114.116.25 - - [26/Jan/2021:07:35:31 +0100] "GET /-p-38298.html HTTP/1.0" 200 69189 "-" "Mozilla/5.0 (compatible; MJ12bot/v1.4.8; http://mj12bot.com/)"
167.114.116.25 - - [26/Jan/2021:07:35:47 +0100] "GET /zen-singing-bowl-p-35426.html HTTP/1.0" 200 71782 "-" "Mozilla/5.0 (compatible; MJ12bot/v1.4.8; http://mj12bot.com/)"
167.114.116.25 - - [26/Jan/2021:07:36:09 +0100] "GET /zen-singing-bowl-p-36057.html HTTP/1.0" 200 71786 "-" "Mozilla/5.0 (compatible; MJ12bot/v1.4.8; http://mj12bot.com/)"
216.18.204.215 - - [26/Jan/2021:07:36:32 +0100] "GET /fairy-white-women-tee-shirt-p-33778.html HTTP/1.0" 200 74127 "http://www.wonder-geek.com/" "Mozilla/5.0 (compatible; Adsbot/3.1)"
157.55.39.228 - - [26/Jan/2021:07:36:32 +0100] "GET /decorations-and-furnishings/lighting/dora-the-explorer-pendant-light-fitting-p-18705.html HTTP/1.0" 301 69441 "-" "Mozilla/5.0 (compatible; bingbot/2.0; +http://www.bing.com/bingbot.htm)"
167.114.116.25 - - [26/Jan/2021:07:36:38 +0100] "GET /zen-singing-bowl-p-36058.html HTTP/1.0" 200 71789 "-" "Mozilla/5.0 (compatible; MJ12bot/v1.4.8; http://mj12bot.com/)"
167.114.116.25 - - [26/Jan/2021:07:37:04 +0100] "GET /zen-singing-bowl-p-42028.html HTTP/1.0" 301 69256 "-" "Mozilla/5.0 (compatible; MJ12bot/v1.4.8; http://mj12bot.com/)"
167.114.116.25 - - [26/Jan/2021:07:37:32 +0100] "GET /-p-42028.html HTTP/1.0" 200 69189 "-" "Mozilla/5.0 (compatible; MJ12bot/v1.4.8; http://mj12bot.com/)"
216.18.204.215 - - [26/Jan/2021:07:37:32 +0100] "GET /flamingo-cotton-adult-apron-p-42220.html HTTP/1.0" 200 71837 "http://www.wonder-geek.com/" "Mozilla/5.0 (compatible; Adsbot/3.1)"
13.66.139.5 - - [26/Jan/2021:07:37:45 +0100] "GET /chimes-and-suspensions-c-13_241.html HTTP/1.0" 200 89681 "-" "Mozilla/5.0 (compatible; bingbot/2.0; +http://www.bing.com/bingbot.htm)"
216.18.204.215 - - [26/Jan/2021:07:38:28 +0100] "GET /freegun-steel-watch-for-men-p-35083.html HTTP/1.0" 200 72407 "http://www.wonder-geek.com/" "Mozilla/5.0 (compatible; Adsbot/3.1)"
173.252.107.20 - - [26/Jan/2021:07:38:36 +0100] "GET /images/5055071696855.jpg HTTP/1.0" 200 259 "-" "facebookexternalhit/1.1 (+http://www.facebook.com/externalhit_uatext.php)"
173.252.107.120 - - [26/Jan/2021:07:38:37 +0100] "GET /images/5055071696855.jpg HTTP/1.0" 200 259 "-" "facebookexternalhit/1.1 (+http://www.facebook.com/externalhit_uatext.php)"
114.119.145.117 - - [26/Jan/2021:07:38:48 +0100] "GET /powder-candle-250-grs-la-bougie-autrement-glitter-pink-p-53089.html HTTP/1.0" 200 73216 "-" "Mozilla/5.0 (Linux; Android 7.0;) AppleWebKit/537.36 (KHTML, like Gecko) Mobile Safari/537.36 (compatible; PetalBot;+https://aspiegel.com/petalbot)"
207.46.13.6 - - [26/Jan/2021:07:39:01 +0100] "GET /images/1399984230855.jpg HTTP/1.0" 200 259 "-" "Mozilla/5.0 (compatible; bingbot/2.0; +http://www.bing.com/bingbot.htm)"
207.46.13.6 - - [26/Jan/2021:07:39:01 +0100] "GET /images/8012052102276.jpg HTTP/1.0" 200 259 "-" "Mozilla/5.0 (compatible; bingbot/2.0; +http://www.bing.com/bingbot.htm)"
207.46.13.6 - - [26/Jan/2021:07:39:01 +0100] "GET /images/img11158.jpg HTTP/1.0" 200 254 "-" "Mozilla/5.0 (compatible; bingbot/2.0; +http://www.bing.com/bingbot.htm)"
207.46.13.6 - - [26/Jan/2021:07:39:01 +0100] "GET /images/8427787043211.jpg HTTP/1.0" 200 259 "-" "Mozilla/5.0 (compatible; bingbot/2.0; +http://www.bing.com/bingbot.htm)"
216.18.204.215 - - [26/Jan/2021:07:39:27 +0100] "GET /gift-box-cat-bowl-and-plaid-p-31525.html HTTP/1.0" 200 72203 "http://www.wonder-geek.com/" "Mozilla/5.0 (compatible; Adsbot/3.1)"
13.66.139.139 - - [26/Jan/2021:07:39:34 +0100] "GET /images/8421440076011.jpg HTTP/1.0" 200 259 "-" "Mozilla/5.0 (compatible; bingbot/2.0; +http://www.bing.com/bingbot.htm)"
216.18.204.215 - - [26/Jan/2021:07:40:20 +0100] "GET /grenade-clock-by-cbkreation-p-36919.html HTTP/1.0" 200 71852 "http://www.wonder-geek.com/" "Mozilla/5.0 (compatible; Adsbot/3.1)"
216.18.204.215 - - [26/Jan/2021:07:40:54 +0100] "GET /hilly-porcelain-bowl-480-ml-p-47860.html HTTP/1.0" 200 71832 "http://www.wonder-geek.com/" "Mozilla/5.0 (compatible; Adsbot/3.1)"
207.46.13.53 - - [26/Jan/2021:07:41:18 +0100] "GET /images/big_prod/1345544930512.jpg HTTP/1.0" 200 268 "-" "Mozilla/5.0 (compatible; bingbot/2.0; +http://www.bing.com/bingbot.htm)"
216.18.204.215 - - [26/Jan/2021:07:41:23 +0100] "GET /indigo-adult-japenese-apron-p-45908.html HTTP/1.0" 200 72464 "http://www.wonder-geek.com/" "Mozilla/5.0 (compatible; Adsbot/3.1)"
216.18.204.215 - - [26/Jan/2021:07:41:49 +0100] "GET /industrial-decorative-chest-p-48074.html HTTP/1.0" 200 72867 "http://www.wonder-geek.com/" "Mozilla/5.0 (compatible; Adsbot/3.1)"
54.36.148.87 - - [26/Jan/2021:07:42:15 +0100] "GET /the-saddle-club-100-pieces-puzzle-p-27690.html HTTP/1.0" 200 72080 "-" "Mozilla/5.0 (compatible; AhrefsBot/7.0; +http://ahrefs.com/robot/)"
157.55.39.228 - - [26/Jan/2021:07:42:16 +0100] "GET /images/big_prod_1/5410574484604B.jpg HTTP/1.0" 200 271 "-" "Mozilla/5.0 (compatible; bingbot/2.0; +http://www.bing.com/bingbot.htm)"
216.18.204.215 - - [26/Jan/2021:07:42:23 +0100] "GET /irlande-clock-by-cbkreation-p-36922.html HTTP/1.0" 200 71851 "http://www.wonder-geek.com/" "Mozilla/5.0 (compatible; Adsbot/3.1)"
13.66.139.136 - - [26/Jan/2021:07:42:25 +0100] "GET /images/big_prod/8719497612819.jpg HTTP/1.0" 200 268 "-" "Mozilla/5.0 (compatible; bingbot/2.0; +http://www.bing.com/bingbot.htm)"
216.18.204.215 - - [26/Jan/2021:07:43:11 +0100] "GET /islande-clock-by-cbkreation-p-36923.html HTTP/1.0" 200 71852 "http://www.wonder-geek.com/" "Mozilla/5.0 (compatible; Adsbot/3.1)"
114.119.145.117 - - [26/Jan/2021:07:43:25 +0100] "GET /metal-tin-for-tea-capacity-250-gr-p-52989.html HTTP/1.0" 200 72104 "-" "Mozilla/5.0 (Linux; Android 7.0;) AppleWebKit/537.36 (KHTML, like Gecko) Mobile Safari/537.36 (compatible; PetalBot;+https://aspiegel.com/petalbot)"
13.66.139.139 - - [26/Jan/2021:07:43:35 +0100] "GET /images/big_prod/3453131155847.jpg HTTP/1.0" 200 268 "-" "Mozilla/5.0 (compatible; bingbot/2.0; +http://www.bing.com/bingbot.htm)"
216.18.204.215 - - [26/Jan/2021:07:43:51 +0100] "GET /italian-clock-by-cbkreation-p-28477.html HTTP/1.0" 200 71820 "http://www.wonder-geek.com/" "Mozilla/5.0 (compatible; Adsbot/3.1)"
17.58.101.147 - - [26/Jan/2021:07:43:54 +0100] "GET /anti-rfid-card-holder-cards-anthracite-p-50173.html HTTP/1.0" 200 73201 "-" "Mozilla/5.0 (Macintosh; Intel Mac OS X 10_15_5) AppleWebKit/605.1.15 (KHTML, like Gecko) Version/13.1.1 Safari/605.1.15 (Applebot/0.1; +http://www.apple.com/go/applebot)"
216.18.204.215 - - [26/Jan/2021:07:44:10 +0100] "GET /johnny-hallyday-wooden-clock-p-8249.html HTTP/1.0" 200 71602 "http://www.wonder-geek.com/" "Mozilla/5.0 (compatible; Adsbot/3.1)"
216.18.204.215 - - [26/Jan/2021:07:44:39 +0100] "GET /jolies-cocottes-adult-apron-p-43901.html HTTP/1.0" 200 71835 "http://www.wonder-geek.com/" "Mozilla/5.0 (compatible; Adsbot/3.1)"
13.66.139.5 - - [26/Jan/2021:07:44:46 +0100] "GET /images/big_prod_3/c9316188082143.jpg HTTP/1.0" 200 271 "-" "Mozilla/5.0 (compatible; bingbot/2.0; +http://www.bing.com/bingbot.htm)"
13.66.139.5 - - [26/Jan/2021:07:45:05 +0100] "GET /mouse-pad-c-13_85.html HTTP/1.0" 200 91223 "-" "Mozilla/5.0 (compatible; bingbot/2.0; +http://www.bing.com/bingbot.htm)"
216.18.204.215 - - [26/Jan/2021:07:45:06 +0100] "GET /kitty-and-puppy-glass-clock-p-16427.html HTTP/1.0" 200 71858 "http://www.wonder-geek.com/" "Mozilla/5.0 (compatible; Adsbot/3.1)"
216.18.204.215 - - [26/Jan/2021:07:45:31 +0100] "GET /large-hanging-clock-corsica-p-49728.html HTTP/1.0" 200 71986 "http://www.wonder-geek.com/" "Mozilla/5.0 (compatible; Adsbot/3.1)"
216.18.204.215 - - [26/Jan/2021:07:45:59 +0100] "GET /le-meilleur-vin-adult-apron-p-42605.html HTTP/1.0" 200 71815 "http://www.wonder-geek.com/" "Mozilla/5.0 (compatible; Adsbot/3.1)"
207.46.13.55 - - [26/Jan/2021:07:46:41 +0100] "GET /images/4007176535578.jpg HTTP/1.0" 200 259 "-" "Mozilla/5.0 (compatible; bingbot/2.0; +http://www.bing.com/bingbot.htm)"
216.18.204.215 - - [26/Jan/2021:07:46:45 +0100] "GET /love-phone-cover-for-iphone-p-18971.html HTTP/1.0" 200 74625 "http://www.wonder-geek.com/" "Mozilla/5.0 (compatible; Adsbot/3.1)"
207.46.13.37 - - [26/Jan/2021:07:46:48 +0100] "GET /images/3700653500694.jpg HTTP/1.0" 200 259 "-" "Mozilla/5.0 (compatible; bingbot/2.0; +http://www.bing.com/bingbot.htm)"
216.18.204.215 - - [26/Jan/2021:07:47:25 +0100] "GET /mexique-clock-by-cbkreation-p-28476.html HTTP/1.0" 200 71821 "http://www.wonder-geek.com/" "Mozilla/5.0 (compatible; Adsbot/3.1)"
216.18.204.215 - - [26/Jan/2021:07:48:04 +0100] "GET /mini-metal-tray-citron-type-p-35255.html HTTP/1.0" 200 71983 "http://www.wonder-geek.com/" "Mozilla/5.0 (compatible; Adsbot/3.1)"
111.202.101.87 - - [26/Jan/2021:07:48:12 +0100] "GET / HTTP/1.0" 301 511 "-" "Sogou web spider/4.0(+http://www.sogou.com/docs/help/webmasters.htm#07)"
216.18.204.215 - - [26/Jan/2021:07:48:35 +0100] "GET /mini-metal-tray-dubout-cats-p-35249.html HTTP/1.0" 200 71954 "http://www.wonder-geek.com/" "Mozilla/5.0 (compatible; Adsbot/3.1)"
157.55.39.153 - - [26/Jan/2021:07:48:45 +0100] "GET /images/9316188041478.jpg HTTP/1.0" 200 259 "-" "Mozilla/5.0 (compatible; bingbot/2.0; +http://www.bing.com/bingbot.htm)"
216.18.204.215 - - [26/Jan/2021:07:48:54 +0100] "GET /mini-metal-tray-dubout-cats-p-35250.html HTTP/1.0" 200 71954 "http://www.wonder-geek.com/" "Mozilla/5.0 (compatible; Adsbot/3.1)"
66.249.70.33 - - [26/Jan/2021:07:48:59 +0100] "GET /cat-candle-35-hours-white-p-42095.html HTTP/1.0" 200 71978 "-" "Mozilla/5.0 (Linux; Android 6.0.1; Nexus 5X Build/MMB29P) AppleWebKit/537.36 (KHTML, like Gecko) Chrome/88.0.4324.113 Mobile Safari/537.36 (compatible; Googlebot/2.1; +http://www.google.com/bot.html)"
66.249.70.33 - - [26/Jan/2021:07:49:07 +0100] "GET /topmodel-dance-coloring-book-p-33638.html HTTP/1.0" 200 69320 "-" "Mozilla/5.0 (compatible; Googlebot/2.1; +http://www.google.com/bot.html)"
66.249.70.62 - - [26/Jan/2021:07:49:08 +0100] "GET /decorations-and-furnishings/money-boxes/the-little-mermaid-money-box-p-4671.html HTTP/1.0" 301 71963 "-" "Mozilla/5.0 (Linux; Android 6.0.1; Nexus 5X Build/MMB29P) AppleWebKit/537.36 (KHTML, like Gecko) Chrome/88.0.4324.112 Mobile Safari/537.36 (compatible; Googlebot/2.1; +http://www.google.com/bot.html)"
66.249.70.36 - - [26/Jan/2021:07:49:09 +0100] "GET /the-little-mermaid-money-box-p-4671.html HTTP/1.0" 200 71869 "-" "Mozilla/5.0 (Linux; Android 6.0.1; Nexus 5X Build/MMB29P) AppleWebKit/537.36 (KHTML, like Gecko) Chrome/88.0.4324.112 Mobile Safari/537.36 (compatible; Googlebot/2.1; +http://www.google.com/bot.html)"
17.58.101.147 - - [26/Jan/2021:07:49:11 +0100] "GET /amazon-love-bookmark-butterflies-p-50286.html HTTP/1.0" 200 72211 "-" "Mozilla/5.0 (Macintosh; Intel Mac OS X 10_15_5) AppleWebKit/605.1.15 (KHTML, like Gecko) Version/13.1.1 Safari/605.1.15 (Applebot/0.1; +http://www.apple.com/go/applebot)"
216.18.204.215 - - [26/Jan/2021:07:49:13 +0100] "GET /mini-metal-tray-dubout-cats-p-36474.html HTTP/1.0" 200 71954 "http://www.wonder-geek.com/" "Mozilla/5.0 (compatible; Adsbot/3.1)"
111.202.101.87 - - [26/Jan/2021:07:49:22 +0100] "GET / HTTP/1.0" 200 94601 "-" "Sogou web spider/4.0(+http://www.sogou.com/docs/help/webmasters.htm#07)"
216.18.204.215 - - [26/Jan/2021:07:49:31 +0100] "GET /mini-metal-tray-dubout-cats-p-40090.html HTTP/1.0" 200 71954 "http://www.wonder-geek.com/" "Mozilla/5.0 (compatible; Adsbot/3.1)"
216.18.204.215 - - [26/Jan/2021:07:49:53 +0100] "GET /mini-metal-tray-dubout-cats-p-40091.html HTTP/1.0" 200 71954 "http://www.wonder-geek.com/" "Mozilla/5.0 (compatible; Adsbot/3.1)"
13.66.139.5 - - [26/Jan/2021:07:50:06 +0100] "GET /indoor-fountains-c-13_272.html HTTP/1.0" 200 80871 "-" "Mozilla/5.0 (compatible; bingbot/2.0; +http://www.bing.com/bingbot.htm)"
13.66.139.139 - - [26/Jan/2021:07:50:15 +0100] "GET /images/big_prod/3503420098031.jpg HTTP/1.0" 200 268 "-" "Mozilla/5.0 (compatible; bingbot/2.0; +http://www.bing.com/bingbot.htm)"
216.18.204.215 - - [26/Jan/2021:07:50:23 +0100] "GET /mini-metal-tray-dubout-cats-p-52475.html HTTP/1.0" 200 71954 "http://www.wonder-geek.com/" "Mozilla/5.0 (compatible; Adsbot/3.1)"
13.66.139.139 - - [26/Jan/2021:07:50:25 +0100] "GET /snow-and-glitter-ball-c-13_259.html HTTP/1.0" 200 89054 "-" "Mozilla/5.0 (compatible; bingbot/2.0; +http://www.bing.com/bingbot.htm)"
216.18.204.215 - - [26/Jan/2021:07:50:37 +0100] "GET /mini-metal-tray-dubout-cats-p-52476.html HTTP/1.0" 200 71954 "http://www.wonder-geek.com/" "Mozilla/5.0 (compatible; Adsbot/3.1)"
207.46.13.55 - - [26/Jan/2021:07:50:39 +0100] "GET /images/big_prod_1/8433933199497B.jpg HTTP/1.0" 200 271 "-" "Mozilla/5.0 (compatible; bingbot/2.0; +http://www.bing.com/bingbot.htm)"
216.18.204.215 - - [26/Jan/2021:07:51:02 +0100] "GET /mini-metal-tray-monte-carlo-p-40098.html HTTP/1.0" 200 71967 "http://www.wonder-geek.com/" "Mozilla/5.0 (compatible; Adsbot/3.1)"
216.18.204.215 - - [26/Jan/2021:07:51:21 +0100] "GET /mirror-eye-wall-decor-metal-p-47503.html HTTP/1.0" 200 71850 "http://www.wonder-geek.com/" "Mozilla/5.0 (compatible; Adsbot/3.1)"
207.46.13.55 - - [26/Jan/2021:07:51:33 +0100] "GET /coca-cola-rectangular-large-metal-plate-p-12360.html HTTP/1.0" 200 71944 "-" "Mozilla/5.0 (compatible; bingbot/2.0; +http://www.bing.com/bingbot.htm)"
216.18.204.215 - - [26/Jan/2021:07:51:34 +0100] "GET /mirror-sun-wall-decor-metal-p-50712.html HTTP/1.0" 200 71850 "http://www.wonder-geek.com/" "Mozilla/5.0 (compatible; Adsbot/3.1)"
13.66.139.5 - - [26/Jan/2021:07:51:37 +0100] "GET /caps-and-scarfs-adults-c-53_138.html HTTP/1.0" 200 86677 "-" "Mozilla/5.0 (compatible; bingbot/2.0; +http://www.bing.com/bingbot.htm)"
13.66.139.5 - - [26/Jan/2021:07:51:46 +0100] "GET /storage-and-cups-c-12_159_264.html HTTP/1.0" 200 89107 "-" "Mozilla/5.0 (compatible; bingbot/2.0; +http://www.bing.com/bingbot.htm)"
51.68.224.127 - - [26/Jan/2021:07:51:55 +0100] "GET /adminweb/export_orders_xml.php?token=256de2z6edz6ed2z6DFSFsed2zed6zeDSFDSGdzedezfzf&maxorders=10&orderstart=1&status=14&start_date=2018-10-01 HTTP/1.0" 200 285 "-" "GesCom CharlotteBoutik Serveur"
51.68.224.127 - - [26/Jan/2021:07:51:55 +0100] "GET /adminweb/export_orders_xml.php?token=256de2z6edz6ed2z6DFSFsed2zed6zeDSFDSGdzedezfzf&maxorders=10&orderstart=1&status=6&start_date=2018-10-01 HTTP/1.0" 200 29990 "-" "GesCom CharlotteBoutik Serveur"
114.119.129.36 - - [26/Jan/2021:07:52:04 +0100] "GET /yogi-yogini-yogamat-purple-p-48660.html HTTP/1.0" 200 72477 "-" "Mozilla/5.0 (Linux; Android 7.0;) AppleWebKit/537.36 (KHTML, like Gecko) Mobile Safari/537.36 (compatible; PetalBot;+https://aspiegel.com/petalbot)"
216.18.204.215 - - [26/Jan/2021:07:52:18 +0100] "GET /mirror-with-shelf-and-hooks-p-48820.html HTTP/1.0" 200 72692 "http://www.wonder-geek.com/" "Mozilla/5.0 (compatible; Adsbot/3.1)"
66.249.70.33 - - [26/Jan/2021:07:52:20 +0100] "GET /images/1399984228029.jpg HTTP/1.0" 200 259 "-" "Googlebot-Image/1.0"
216.18.204.215 - - [26/Jan/2021:07:52:37 +0100] "GET /panda-white-women-tee-shirt-p-31234.html HTTP/1.0" 200 73881 "http://www.wonder-geek.com/" "Mozilla/5.0 (compatible; Adsbot/3.1)"
157.55.39.149 - - [26/Jan/2021:07:52:39 +0100] "GET /images/big_prod_1/8422033158589N.jpg HTTP/1.0" 200 271 "-" "Mozilla/5.0 (compatible; bingbot/2.0; +http://www.bing.com/bingbot.htm)"
216.18.204.215 - - [26/Jan/2021:07:52:54 +0100] "GET /panda-women-black-tee-shirt-p-31235.html HTTP/1.0" 200 73851 "http://www.wonder-geek.com/" "Mozilla/5.0 (compatible; Adsbot/3.1)"
13.66.139.139 - - [26/Jan/2021:07:52:55 +0100] "GET /images/big_prod/1345544890328.jpg HTTP/1.0" 200 268 "-" "Mozilla/5.0 (compatible; bingbot/2.0; +http://www.bing.com/bingbot.htm)"
216.18.204.215 - - [26/Jan/2021:07:53:27 +0100] "GET /paris-white-women-tee-shirt-p-30991.html HTTP/1.0" 200 73837 "http://www.wonder-geek.com/" "Mozilla/5.0 (compatible; Adsbot/3.1)"
216.18.204.215 - - [26/Jan/2021:07:53:47 +0100] "GET /princess-mini-melamine-tray-p-45139.html HTTP/1.0" 200 71930 "http://www.wonder-geek.com/" "Mozilla/5.0 (compatible; Adsbot/3.1)"
216.18.204.215 - - [26/Jan/2021:07:54:08 +0100] "GET /princesse-sofia-book-figure-p-23410.html HTTP/1.0" 200 71755 "http://www.wonder-geek.com/" "Mozilla/5.0 (compatible; Adsbot/3.1)"
54.36.148.87 - - [26/Jan/2021:07:54:16 +0100] "GET /dora-the-explorer-bathrobe-size-years-p-12639.html HTTP/1.0" 200 72117 "-" "Mozilla/5.0 (compatible; AhrefsBot/7.0; +http://ahrefs.com/robot/)"
207.46.13.53 - - [26/Jan/2021:07:54:34 +0100] "GET /images/big_prod_3/5018997621714c.jpg HTTP/1.0" 200 271 "-" "Mozilla/5.0 (compatible; bingbot/2.0; +http://www.bing.com/bingbot.htm)"
216.18.204.215 - - [26/Jan/2021:07:54:52 +0100] "GET /rabab-porcelain-bowl-480-ml-p-47863.html HTTP/1.0" 200 71832 "http://www.wonder-geek.com/" "Mozilla/5.0 (compatible; Adsbot/3.1)"
216.18.204.215 - - [26/Jan/2021:07:55:22 +0100] "GET /rainbow-small-melamine-tray-p-45170.html HTTP/1.0" 200 71922 "http://www.wonder-geek.com/" "Mozilla/5.0 (compatible; Adsbot/3.1)"
216.18.204.215 - - [26/Jan/2021:07:55:50 +0100] "GET /skull-grey-leather-bracelet-p-38477.html HTTP/1.0" 200 71844 "http://www.wonder-geek.com/" "Mozilla/5.0 (compatible; Adsbot/3.1)"
216.18.204.215 - - [26/Jan/2021:07:56:07 +0100] "GET /skull-women-black-tee-shirt-p-34462.html HTTP/1.0" 200 74075 "http://www.wonder-geek.com/" "Mozilla/5.0 (compatible; Adsbot/3.1)"
216.18.204.215 - - [26/Jan/2021:07:56:19 +0100] "GET /stade-toulousain-black-bowl-p-43110.html HTTP/1.0" 200 71828 "http://www.wonder-geek.com/" "Mozilla/5.0 (compatible; Adsbot/3.1)"
157.55.39.153 - - [26/Jan/2021:07:56:29 +0100] "GET /images/big_prod/4012390386196.jpg HTTP/1.0" 200 268 "-" "Mozilla/5.0 (compatible; bingbot/2.0; +http://www.bing.com/bingbot.htm)"
216.18.204.215 - - [26/Jan/2021:07:56:38 +0100] "GET /star-wars-hassk-thug-figure-p-34609.html HTTP/1.0" 200 72057 "http://www.wonder-geek.com/" "Mozilla/5.0 (compatible; Adsbot/3.1)"
216.18.204.215 - - [26/Jan/2021:07:56:56 +0100] "GET /tiger-white-women-tee-shirt-p-31162.html HTTP/1.0" 200 73851 "http://www.wonder-geek.com/" "Mozilla/5.0 (compatible; Adsbot/3.1)"
216.18.204.215 - - [26/Jan/2021:07:57:08 +0100] "GET /toy-story-mr-prickles-figure-p-6754.html HTTP/1.0" 200 71981 "http://www.wonder-geek.com/" "Mozilla/5.0 (compatible; Adsbot/3.1)"
216.18.204.215 - - [26/Jan/2021:07:57:30 +0100] "GET /union-jack-flag-clock-30-cm-p-33377.html HTTP/1.0" 200 71901 "http://www.wonder-geek.com/" "Mozilla/5.0 (compatible; Adsbot/3.1)"
216.18.204.215 - - [26/Jan/2021:07:57:43 +0100] "GET /us-route-66-usa-flag-mirror-p-32538.html HTTP/1.0" 200 71812 "http://www.wonder-geek.com/" "Mozilla/5.0 (compatible; Adsbot/3.1)"
207.46.13.37 - - [26/Jan/2021:07:57:45 +0100] "GET /images/1300010239803.jpg HTTP/1.0" 200 259 "-" "Mozilla/5.0 (compatible; bingbot/2.0; +http://www.bing.com/bingbot.htm)"
216.18.204.215 - - [26/Jan/2021:07:57:52 +0100] "GET /us-route-66-usa-flag-mirror-p-37747.html HTTP/1.0" 200 71830 "http://www.wonder-geek.com/" "Mozilla/5.0 (compatible; Adsbot/3.1)"
49.7.20.121 - - [26/Jan/2021:07:58:16 +0100] "GET / HTTP/1.0" 200 94352 "-" "Sogou web spider/4.0(+http://www.sogou.com/docs/help/webmasters.htm#07)"
216.18.204.215 - - [26/Jan/2021:07:58:19 +0100] "GET /world-map-metal-clock-43-cm-p-47947.html HTTP/1.0" 200 71886 "http://www.wonder-geek.com/" "Mozilla/5.0 (compatible; Adsbot/3.1)"
216.18.204.215 - - [26/Jan/2021:07:58:40 +0100] "GET /authentic-mini-melamine-tray-p-45168.html HTTP/1.0" 200 71967 "http://www.wonder-geek.com/" "Mozilla/5.0 (compatible; Adsbot/3.1)"
216.18.204.215 - - [26/Jan/2021:07:58:50 +0100] "GET /bistrot-de-paris-adult-apron-p-47142.html HTTP/1.0" 200 71872 "http://www.wonder-geek.com/" "Mozilla/5.0 (compatible; Adsbot/3.1)"
216.18.204.215 - - [26/Jan/2021:07:58:57 +0100] "GET /boudoir-bowl-taupe-and-white-p-52648.html HTTP/1.0" 200 71856 "http://www.wonder-geek.com/" "Mozilla/5.0 (compatible; Adsbot/3.1)"
216.18.204.215 - - [26/Jan/2021:07:59:09 +0100] "GET /boudoir-bowl-white-and-taupe-p-52649.html HTTP/1.0" 200 71839 "http://www.wonder-geek.com/" "Mozilla/5.0 (compatible; Adsbot/3.1)"
17.58.101.147 - - [26/Jan/2021:07:59:11 +0100] "GET /gormiti-pairs-socks-size-23-26-p-50916.html HTTP/1.0" 200 71592 "-" "Mozilla/5.0 (Macintosh; Intel Mac OS X 10_15_5) AppleWebKit/605.1.15 (KHTML, like Gecko) Version/13.1.1 Safari/605.1.15 (Applebot/0.1; +http://www.apple.com/go/applebot)"
13.66.139.2 - - [26/Jan/2021:07:59:17 +0100] "GET /bottle-holder-beer-bucket-c-12_224.html HTTP/1.0" 200 89339 "-" "Mozilla/5.0 (compatible; bingbot/2.0; +http://www.bing.com/bingbot.htm)"
216.18.204.215 - - [26/Jan/2021:07:59:21 +0100] "GET /cactus-porcelain-bowl-480-ml-p-39622.html HTTP/1.0" 200 71864 "http://www.wonder-geek.com/" "Mozilla/5.0 (compatible; Adsbot/3.1)"
207.46.13.55 - - [26/Jan/2021:07:59:22 +0100] "GET /images/med_prod/1384010184271.jpg HTTP/1.0" 200 268 "-" "Mozilla/5.0 (compatible; bingbot/2.0; +http://www.bing.com/bingbot.htm)"
216.18.204.215 - - [26/Jan/2021:07:59:27 +0100] "GET /cambodge-clock-by-cbkreation-p-36831.html HTTP/1.0" 200 71858 "http://www.wonder-geek.com/" "Mozilla/5.0 (compatible; Adsbot/3.1)"
157.55.39.228 - - [26/Jan/2021:07:59:28 +0100] "GET /lotus-candleholder-purple-goldlining-p-47015.html HTTP/1.0" 200 73364 "-" "Mozilla/5.0 (compatible; bingbot/2.0; +http://www.bing.com/bingbot.htm)"
23.241.238.78 - - [26/Jan/2021:07:59:35 +0100] "GET /merci-gustave-eiffel-tower-mickey-mouse-red-p-32883.html HTTP/1.0" 200 69395 "https://www.google.com/" "Mozilla/5.0 (iPhone; CPU iPhone OS 14_3 like Mac OS X) AppleWebKit/605.1.15 (KHTML, like Gecko) Version/14.0.2 Mobile/15E148 Safari/604.1"
23.241.238.78 - - [26/Jan/2021:07:59:36 +0100] "GET /templates/Pixame_v1/stylesheet.css HTTP/1.0" 200 267 "http://www.wonder-geek.com/merci-gustave-eiffel-tower-mickey-mouse-red-p-32883.html" "Mozilla/5.0 (iPhone; CPU iPhone OS 14_3 like Mac OS X) AppleWebKit/605.1.15 (KHTML, like Gecko) Version/14.0.2 Mobile/15E148 Safari/604.1"
23.241.238.78 - - [26/Jan/2021:07:59:36 +0100] "GET /highslide/highslide.js HTTP/1.0" 200 262 "http://www.wonder-geek.com/merci-gustave-eiffel-tower-mickey-mouse-red-p-32883.html" "Mozilla/5.0 (iPhone; CPU iPhone OS 14_3 like Mac OS X) AppleWebKit/605.1.15 (KHTML, like Gecko) Version/14.0.2 Mobile/15E148 Safari/604.1"
23.241.238.78 - - [26/Jan/2021:07:59:36 +0100] "GET /js/jquery.js HTTP/1.0" 200 252 "http://www.wonder-geek.com/merci-gustave-eiffel-tower-mickey-mouse-red-p-32883.html" "Mozilla/5.0 (iPhone; CPU iPhone OS 14_3 like Mac OS X) AppleWebKit/605.1.15 (KHTML, like Gecko) Version/14.0.2 Mobile/15E148 Safari/604.1"
23.241.238.78 - - [26/Jan/2021:07:59:36 +0100] "GET /js/jquery.jqzoom.js HTTP/1.0" 200 259 "http://www.wonder-geek.com/merci-gustave-eiffel-tower-mickey-mouse-red-p-32883.html" "Mozilla/5.0 (iPhone; CPU iPhone OS 14_3 like Mac OS X) AppleWebKit/605.1.15 (KHTML, like Gecko) Version/14.0.2 Mobile/15E148 Safari/604.1"
23.241.238.78 - - [26/Jan/2021:07:59:37 +0100] "GET /mondial_relay/js/jquery-1.3.2.min.js HTTP/1.0" 200 276 "http://www.wonder-geek.com/merci-gustave-eiffel-tower-mickey-mouse-red-p-32883.html" "Mozilla/5.0 (iPhone; CPU iPhone OS 14_3 like Mac OS X) AppleWebKit/605.1.15 (KHTML, like Gecko) Version/14.0.2 Mobile/15E148 Safari/604.1"
23.241.238.78 - - [26/Jan/2021:07:59:37 +0100] "GET /swfobject.js HTTP/1.0" 404 1308 "http://www.wonder-geek.com/merci-gustave-eiffel-tower-mickey-mouse-red-p-32883.html" "Mozilla/5.0 (iPhone; CPU iPhone OS 14_3 like Mac OS X) AppleWebKit/605.1.15 (KHTML, like Gecko) Version/14.0.2 Mobile/15E148 Safari/604.1"
23.241.238.78 - - [26/Jan/2021:07:59:37 +0100] "GET /templates/Pixame_v1/images/icon_accueil2.png HTTP/1.0" 200 278 "http://www.wonder-geek.com/merci-gustave-eiffel-tower-mickey-mouse-red-p-32883.html" "Mozilla/5.0 (iPhone; CPU iPhone OS 14_3 like Mac OS X) AppleWebKit/605.1.15 (KHTML, like Gecko) Version/14.0.2 Mobile/15E148 Safari/604.1"
23.241.238.78 - - [26/Jan/2021:07:59:37 +0100] "GET /templates/Pixame_v1/images/infobox/pixel_trans.gif HTTP/1.0" 200 328 "http://www.wonder-geek.com/merci-gustave-eiffel-tower-mickey-mouse-red-p-32883.html" "Mozilla/5.0 (iPhone; CPU iPhone OS 14_3 like Mac OS X) AppleWebKit/605.1.15 (KHTML, like Gecko) Version/14.0.2 Mobile/15E148 Safari/604.1"
23.241.238.78 - - [26/Jan/2021:07:59:37 +0100] "GET /images/pixel_trans.gif HTTP/1.0" 200 328 "http://www.wonder-geek.com/merci-gustave-eiffel-tower-mickey-mouse-red-p-32883.html" "Mozilla/5.0 (iPhone; CPU iPhone OS 14_3 like Mac OS X) AppleWebKit/605.1.15 (KHTML, like Gecko) Version/14.0.2 Mobile/15E148 Safari/604.1"
23.241.238.78 - - [26/Jan/2021:07:59:37 +0100] "GET /templates/Pixame_v1/images/buttons/english/button_continue.gif HTTP/1.0" 200 1264 "http://www.wonder-geek.com/merci-gustave-eiffel-tower-mickey-mouse-red-p-32883.html" "Mozilla/5.0 (iPhone; CPU iPhone OS 14_3 like Mac OS X) AppleWebKit/605.1.15 (KHTML, like Gecko) Version/14.0.2 Mobile/15E148 Safari/604.1"
23.241.238.78 - - [26/Jan/2021:07:59:37 +0100] "GET /templates/Pixame_v1/images/pixel_trans.gif HTTP/1.0" 200 328 "http://www.wonder-geek.com/merci-gustave-eiffel-tower-mickey-mouse-red-p-32883.html" "Mozilla/5.0 (iPhone; CPU iPhone OS 14_3 like Mac OS X) AppleWebKit/605.1.15 (KHTML, like Gecko) Version/14.0.2 Mobile/15E148 Safari/604.1"
23.241.238.78 - - [26/Jan/2021:07:59:37 +0100] "GET /templates/Pixame_v1/images/Middle_texture.jpg HTTP/1.0" 200 280 "http://www.wonder-geek.com/merci-gustave-eiffel-tower-mickey-mouse-red-p-32883.html" "Mozilla/5.0 (iPhone; CPU iPhone OS 14_3 like Mac OS X) AppleWebKit/605.1.15 (KHTML, like Gecko) Version/14.0.2 Mobile/15E148 Safari/604.1"
23.241.238.78 - - [26/Jan/2021:07:59:37 +0100] "GET /templates/Pixame_v1/images/Bottom_texture.jpg HTTP/1.0" 200 280 "http://www.wonder-geek.com/merci-gustave-eiffel-tower-mickey-mouse-red-p-32883.html" "Mozilla/5.0 (iPhone; CPU iPhone OS 14_3 like Mac OS X) AppleWebKit/605.1.15 (KHTML, like Gecko) Version/14.0.2 Mobile/15E148 Safari/604.1"
23.241.238.78 - - [26/Jan/2021:07:59:37 +0100] "GET /templates/Pixame_v1/images/nav.png HTTP/1.0" 200 268 "http://www.wonder-geek.com/merci-gustave-eiffel-tower-mickey-mouse-red-p-32883.html" "Mozilla/5.0 (iPhone; CPU iPhone OS 14_3 like Mac OS X) AppleWebKit/605.1.15 (KHTML, like Gecko) Version/14.0.2 Mobile/15E148 Safari/604.1"
23.241.238.78 - - [26/Jan/2021:07:59:37 +0100] "GET /templates/Pixame_v1/images/header.png HTTP/1.0" 200 271 "http://www.wonder-geek.com/merci-gustave-eiffel-tower-mickey-mouse-red-p-32883.html" "Mozilla/5.0 (iPhone; CPU iPhone OS 14_3 like Mac OS X) AppleWebKit/605.1.15 (KHTML, like Gecko) Version/14.0.2 Mobile/15E148 Safari/604.1"
23.241.238.78 - - [26/Jan/2021:07:59:37 +0100] "GET /templates/Pixame_v1/images/header-object.png HTTP/1.0" 200 278 "http://www.wonder-geek.com/merci-gustave-eiffel-tower-mickey-mouse-red-p-32883.html" "Mozilla/5.0 (iPhone; CPU iPhone OS 14_3 like Mac OS X) AppleWebKit/605.1.15 (KHTML, like Gecko) Version/14.0.2 Mobile/15E148 Safari/604.1"
23.241.238.78 - - [26/Jan/2021:07:59:38 +0100] "GET /design/productsenstock.png HTTP/1.0" 200 260 "http://www.wonder-geek.com/merci-gustave-eiffel-tower-mickey-mouse-red-p-32883.html" "Mozilla/5.0 (iPhone; CPU iPhone OS 14_3 like Mac OS X) AppleWebKit/605.1.15 (KHTML, like Gecko) Version/14.0.2 Mobile/15E148 Safari/604.1"
23.241.238.78 - - [26/Jan/2021:07:59:38 +0100] "GET /templates/Pixame_v1/images/infobox/infobox_footer_middle.gif HTTP/1.0" 200 357 "http://www.wonder-geek.com/merci-gustave-eiffel-tower-mickey-mouse-red-p-32883.html" "Mozilla/5.0 (iPhone; CPU iPhone OS 14_3 like Mac OS X) AppleWebKit/605.1.15 (KHTML, like Gecko) Version/14.0.2 Mobile/15E148 Safari/604.1"
23.241.238.78 - - [26/Jan/2021:07:59:38 +0100] "GET /highslide/graphics/zoomout.cur HTTP/1.0" 200 614 "http://www.wonder-geek.com/merci-gustave-eiffel-tower-mickey-mouse-red-p-32883.html" "Mozilla/5.0 (iPhone; CPU iPhone OS 14_3 like Mac OS X) AppleWebKit/605.1.15 (KHTML, like Gecko) Version/14.0.2 Mobile/15E148 Safari/604.1"
23.241.238.78 - - [26/Jan/2021:07:59:38 +0100] "GET /highslide/graphics/loader.white.gif HTTP/1.0" 200 960 "http://www.wonder-geek.com/merci-gustave-eiffel-tower-mickey-mouse-red-p-32883.html" "Mozilla/5.0 (iPhone; CPU iPhone OS 14_3 like Mac OS X) AppleWebKit/605.1.15 (KHTML, like Gecko) Version/14.0.2 Mobile/15E148 Safari/604.1"
23.241.238.78 - - [26/Jan/2021:07:59:38 +0100] "GET /highslide/graphics/outlines/drop-shadow.png HTTP/1.0" 200 277 "http://www.wonder-geek.com/merci-gustave-eiffel-tower-mickey-mouse-red-p-32883.html" "Mozilla/5.0 (iPhone; CPU iPhone OS 14_3 like Mac OS X) AppleWebKit/605.1.15 (KHTML, like Gecko) Version/14.0.2 Mobile/15E148 Safari/604.1"
23.241.238.78 - - [26/Jan/2021:07:59:39 +0100] "GET /favicon.ico HTTP/1.0" 200 260 "http://www.wonder-geek.com/merci-gustave-eiffel-tower-mickey-mouse-red-p-32883.html" "Mozilla/5.0 (iPhone; CPU iPhone OS 14_3 like Mac OS X) AppleWebKit/605.1.15 (KHTML, like Gecko) Version/14.0.2 Mobile/15E148 Safari/604.1"
216.18.204.215 - - [26/Jan/2021:07:59:55 +0100] "GET /cat-newspaper-porcelain-bowl-p-31535.html HTTP/1.0" 200 71915 "http://www.wonder-geek.com/" "Mozilla/5.0 (compatible; Adsbot/3.1)"
216.18.204.215 - - [26/Jan/2021:08:00:11 +0100] "GET /chef-du-barbecue-adult-apron-p-47692.html HTTP/1.0" 200 72430 "http://www.wonder-geek.com/" "Mozilla/5.0 (compatible; Adsbot/3.1)"
157.55.39.153 - - [26/Jan/2021:08:00:20 +0100] "GET /images/4895029694646.jpg HTTP/1.0" 200 259 "-" "Mozilla/5.0 (compatible; bingbot/2.0; +http://www.bing.com/bingbot.htm)"
157.55.39.228 - - [26/Jan/2021:08:00:24 +0100] "GET /vintage-hook-bolt-hole-p-48555.html HTTP/1.0" 200 72448 "-" "Mozilla/5.0 (compatible; bingbot/2.0; +http://www.bing.com/bingbot.htm)"
