17.58.101.147 - - [26/Jan/2021:17:27:50 +0100] "GET /images/mini_prod/3014627557394.jpg HTTP/1.0" 200 269 "-" "Mozilla/5.0 (Macintosh; Intel Mac OS X 10_15_5) AppleWebKit/605.1.15 (KHTML, like Gecko) Version/13.1.1 Safari/605.1.15 (Applebot/0.1; +http://www.apple.com/go/applebot)"
17.58.101.147 - - [26/Jan/2021:17:28:07 +0100] "GET /waxed-concrete-tile-stickers-30-30-cm-p-51948.html HTTP/1.0" 200 72663 "-" "Mozilla/5.0 (Macintosh; Intel Mac OS X 10_15_5) AppleWebKit/605.1.15 (KHTML, like Gecko) Version/13.1.1 Safari/605.1.15 (Applebot/0.1; +http://www.apple.com/go/applebot)"
95.217.118.98 - - [26/Jan/2021:17:28:18 +0100] "GET /images/5110994699472.jpg HTTP/1.0" 200 259 "-" "Mozilla/5.0 (X11; Fedora; Linux x86_64) AppleWebKit/537.36 (KHTML, like Gecko) Chrome/79.0.3945.117 Safari/537.36"
66.249.70.62 - - [26/Jan/2021:17:28:20 +0100] "GET /world-map-large-clock-p-50183.html HTTP/1.0" 200 71843 "-" "Mozilla/5.0 (Linux; Android 6.0.1; Nexus 5X Build/MMB29P) AppleWebKit/537.36 (KHTML, like Gecko) Chrome/88.0.4324.113 Mobile Safari/537.36 (compatible; Googlebot/2.1; +http://www.google.com/bot.html)"
66.249.70.33 - - [26/Jan/2021:17:28:35 +0100] "GET /bolster-case-45-185-cm-white-p-46742.html HTTP/1.0" 200 72721 "-" "Mozilla/5.0 (Linux; Android 6.0.1; Nexus 5X Build/MMB29P) AppleWebKit/537.36 (KHTML, like Gecko) Chrome/88.0.4324.113 Mobile Safari/537.36 (compatible; Googlebot/2.1; +http://www.google.com/bot.html)"
51.68.224.127 - - [26/Jan/2021:17:28:57 +0100] "GET /adminweb/export_orders_xml.php?token=256de2z6edz6ed2z6DFSFsed2zed6zeDSFDSGdzedezfzf&maxorders=10&orderstart=1&status=14&start_date=2018-10-01 HTTP/1.0" 200 285 "-" "GesCom CharlotteBoutik Serveur"
51.68.224.127 - - [26/Jan/2021:17:28:57 +0100] "GET /adminweb/export_orders_xml.php?token=256de2z6edz6ed2z6DFSFsed2zed6zeDSFDSGdzedezfzf&maxorders=10&orderstart=1&status=6&start_date=2018-10-01 HTTP/1.0" 200 29990 "-" "GesCom CharlotteBoutik Serveur"
207.46.13.55 - - [26/Jan/2021:17:28:58 +0100] "GET /images/big_prod/3660173124520.jpg HTTP/1.0" 200 268 "-" "Mozilla/5.0 (compatible; bingbot/2.0; +http://www.bing.com/bingbot.htm)"
66.249.70.62 - - [26/Jan/2021:17:28:59 +0100] "GET /bolster-case-45-185-cm-light-grey-p-35967.html HTTP/1.0" 200 72139 "-" "Mozilla/5.0 (Linux; Android 6.0.1; Nexus 5X Build/MMB29P) AppleWebKit/537.36 (KHTML, like Gecko) Chrome/88.0.4324.113 Mobile Safari/537.36 (compatible; Googlebot/2.1; +http://www.google.com/bot.html)"
66.249.70.33 - - [26/Jan/2021:17:29:20 +0100] "GET /polyester-today-chair-cushion-beige-p-49344.html HTTP/1.0" 200 71963 "-" "Mozilla/5.0 (Linux; Android 6.0.1; Nexus 5X Build/MMB29P) AppleWebKit/537.36 (KHTML, like Gecko) Chrome/88.0.4324.113 Mobile Safari/537.36 (compatible; Googlebot/2.1; +http://www.google.com/bot.html)"
157.55.39.153 - - [26/Jan/2021:17:29:37 +0100] "GET /-p-30920.html HTTP/1.0" 200 69189 "-" "Mozilla/5.0 (compatible; bingbot/2.0; +http://www.bing.com/bingbot.htm)"
157.55.39.153 - - [26/Jan/2021:17:29:38 +0100] "GET /images/3272760376924.jpg HTTP/1.0" 200 259 "-" "Mozilla/5.0 (compatible; bingbot/2.0; +http://www.bing.com/bingbot.htm)"
66.249.70.33 - - [26/Jan/2021:17:29:42 +0100] "GET /chair-cushion-sides-beige-and-blue-40-cm-p-49315.html HTTP/1.0" 200 71994 "-" "Mozilla/5.0 (Linux; Android 6.0.1; Nexus 5X Build/MMB29P) AppleWebKit/537.36 (KHTML, like Gecko) Chrome/88.0.4324.113 Mobile Safari/537.36 (compatible; Googlebot/2.1; +http://www.google.com/bot.html)"
157.55.39.149 - - [26/Jan/2021:17:29:43 +0100] "GET /-p-12997.html HTTP/1.0" 200 69189 "-" "Mozilla/5.0 (compatible; bingbot/2.0; +http://www.bing.com/bingbot.htm)"
66.249.70.36 - - [26/Jan/2021:17:30:06 +0100] "GET /horn-decoration-in-brass-p-40142.html HTTP/1.0" 200 71841 "-" "Mozilla/5.0 (Linux; Android 6.0.1; Nexus 5X Build/MMB29P) AppleWebKit/537.36 (KHTML, like Gecko) Chrome/88.0.4324.113 Mobile Safari/537.36 (compatible; Googlebot/2.1; +http://www.google.com/bot.html)"
66.249.70.33 - - [26/Jan/2021:17:30:29 +0100] "GET /harley-davidson-large-metal-plate-deco-p-38403.html HTTP/1.0" 200 71953 "-" "Mozilla/5.0 (Linux; Android 6.0.1; Nexus 5X Build/MMB29P) AppleWebKit/537.36 (KHTML, like Gecko) Chrome/88.0.4324.113 Mobile Safari/537.36 (compatible; Googlebot/2.1; +http://www.google.com/bot.html)"
66.249.70.62 - - [26/Jan/2021:17:30:49 +0100] "GET /household-linen-c-11.html?page=15 HTTP/1.0" 200 92068 "-" "Mozilla/5.0 (Linux; Android 6.0.1; Nexus 5X Build/MMB29P) AppleWebKit/537.36 (KHTML, like Gecko) Chrome/88.0.4324.113 Mobile Safari/537.36 (compatible; Googlebot/2.1; +http://www.google.com/bot.html)"
66.249.70.36 - - [26/Jan/2021:17:31:13 +0100] "GET /gift-box-tetsubin-light-green-teapot-japanese-06-liter-p-38418.html HTTP/1.0" 200 72355 "-" "Mozilla/5.0 (Linux; Android 6.0.1; Nexus 5X Build/MMB29P) AppleWebKit/537.36 (KHTML, like Gecko) Chrome/88.0.4324.113 Mobile Safari/537.36 (compatible; Googlebot/2.1; +http://www.google.com/bot.html)"
207.46.13.37 - - [26/Jan/2021:17:31:30 +0100] "GET /unicorn-plush-pink-and-white-20-cm-p-47647.html HTTP/1.0" 200 71984 "-" "Mozilla/5.0 (compatible; bingbot/2.0; +http://www.bing.com/bingbot.htm)"
207.46.13.37 - - [26/Jan/2021:17:31:31 +0100] "GET /images/big_prod_1/8422089456714.jpg HTTP/1.0" 200 270 "-" "Mozilla/5.0 (compatible; bingbot/2.0; +http://www.bing.com/bingbot.htm)"
66.249.70.62 - - [26/Jan/2021:17:31:35 +0100] "GET /bolster-case-45-185-cm-grey-p-36588.html HTTP/1.0" 200 72098 "-" "Mozilla/5.0 (Linux; Android 6.0.1; Nexus 5X Build/MMB29P) AppleWebKit/537.36 (KHTML, like Gecko) Chrome/88.0.4324.113 Mobile Safari/537.36 (compatible; Googlebot/2.1; +http://www.google.com/bot.html)"
66.249.70.62 - - [26/Jan/2021:17:31:56 +0100] "GET /bolster-case-45-185-cm-green-p-43668.html HTTP/1.0" 200 72081 "-" "Mozilla/5.0 (Linux; Android 6.0.1; Nexus 5X Build/MMB29P) AppleWebKit/537.36 (KHTML, like Gecko) Chrome/88.0.4324.113 Mobile Safari/537.36 (compatible; Googlebot/2.1; +http://www.google.com/bot.html)"
54.36.148.87 - - [26/Jan/2021:17:31:59 +0100] "GET /dishes-and-pie-dishes-c-12_251.html HTTP/1.0" 200 88734 "-" "Mozilla/5.0 (compatible; AhrefsBot/7.0; +http://ahrefs.com/robot/)"
66.249.70.36 - - [26/Jan/2021:17:32:20 +0100] "GET /bolster-case-45-185-cm-black-p-34840.html HTTP/1.0" 200 72100 "-" "Mozilla/5.0 (Linux; Android 6.0.1; Nexus 5X Build/MMB29P) AppleWebKit/537.36 (KHTML, like Gecko) Chrome/88.0.4324.113 Mobile Safari/537.36 (compatible; Googlebot/2.1; +http://www.google.com/bot.html)"
66.249.70.33 - - [26/Jan/2021:17:32:41 +0100] "GET /pillow-case-65-65-cm-flamingo-p-51989.html HTTP/1.0" 200 72111 "-" "Mozilla/5.0 (Linux; Android 6.0.1; Nexus 5X Build/MMB29P) AppleWebKit/537.36 (KHTML, like Gecko) Chrome/88.0.4324.113 Mobile Safari/537.36 (compatible; Googlebot/2.1; +http://www.google.com/bot.html)"
157.55.39.153 - - [26/Jan/2021:17:32:56 +0100] "GET /images/3272760376924.jpg HTTP/1.0" 200 259 "-" "Mozilla/5.0 (compatible; bingbot/2.0; +http://www.bing.com/bingbot.htm)"
66.249.70.36 - - [26/Jan/2021:17:33:05 +0100] "GET /pillow-case-65-65-cm-blue-jean-p-36885.html HTTP/1.0" 200 72119 "-" "Mozilla/5.0 (Linux; Android 6.0.1; Nexus 5X Build/MMB29P) AppleWebKit/537.36 (KHTML, like Gecko) Chrome/88.0.4324.113 Mobile Safari/537.36 (compatible; Googlebot/2.1; +http://www.google.com/bot.html)"
66.249.70.33 - - [26/Jan/2021:17:33:28 +0100] "GET /bolster-case-45-185-cm-raspberry-p-39029.html HTTP/1.0" 200 72143 "-" "Mozilla/5.0 (Linux; Android 6.0.1; Nexus 5X Build/MMB29P) AppleWebKit/537.36 (KHTML, like Gecko) Chrome/88.0.4324.113 Mobile Safari/537.36 (compatible; Googlebot/2.1; +http://www.google.com/bot.html)"
66.249.70.62 - - [26/Jan/2021:17:33:50 +0100] "GET /bea-chair-cushion-lin-color-38-cm-p-49318.html HTTP/1.0" 200 72499 "-" "Mozilla/5.0 (Linux; Android 6.0.1; Nexus 5X Build/MMB29P) AppleWebKit/537.36 (KHTML, like Gecko) Chrome/88.0.4324.113 Mobile Safari/537.36 (compatible; Googlebot/2.1; +http://www.google.com/bot.html)"
114.119.145.117 - - [26/Jan/2021:17:33:53 +0100] "GET /pusheen-the-cat-pastel-purple-soft-toy-25-cm-p-41677.html HTTP/1.0" 200 72192 "-" "Mozilla/5.0 (Linux; Android 7.0;) AppleWebKit/537.36 (KHTML, like Gecko) Mobile Safari/537.36 (compatible; PetalBot;+https://aspiegel.com/petalbot)"
66.249.70.62 - - [26/Jan/2021:17:34:12 +0100] "GET /bolster-case-45-185-cm-green-blue-p-43618.html HTTP/1.0" 200 72107 "-" "Mozilla/5.0 (Linux; Android 6.0.1; Nexus 5X Build/MMB29P) AppleWebKit/537.36 (KHTML, like Gecko) Chrome/88.0.4324.113 Mobile Safari/537.36 (compatible; Googlebot/2.1; +http://www.google.com/bot.html)"
66.249.70.33 - - [26/Jan/2021:17:34:35 +0100] "GET /pillow-case-65-65-cm-mustard-yellow-p-51990.html HTTP/1.0" 200 72159 "-" "Mozilla/5.0 (Linux; Android 6.0.1; Nexus 5X Build/MMB29P) AppleWebKit/537.36 (KHTML, like Gecko) Chrome/88.0.4324.113 Mobile Safari/537.36 (compatible; Googlebot/2.1; +http://www.google.com/bot.html)"
66.249.70.62 - - [26/Jan/2021:17:34:57 +0100] "GET /household-linen-c-11.html?page=12 HTTP/1.0" 200 91911 "-" "Mozilla/5.0 (Linux; Android 6.0.1; Nexus 5X Build/MMB29P) AppleWebKit/537.36 (KHTML, like Gecko) Chrome/88.0.4324.113 Mobile Safari/537.36 (compatible; Googlebot/2.1; +http://www.google.com/bot.html)"
2.58.44.106 - - [26/Jan/2021:17:35:02 +0100] "GET /contact_us.php HTTP/1.0" 200 26238 "-" "Mozilla/5.0 (Windows NT 10.0; Win64; x64) AppleWebKit/537.36 (KHTML, like Gecko) Chrome/83.0.4089.0 Safari/537.36"
2.58.44.106 - - [26/Jan/2021:17:35:03 +0100] "POST /contact_us.php?action=send HTTP/1.0" 200 26582 "-" "Mozilla/5.0 (Windows NT 10.0; Win64; x64) AppleWebKit/537.36 (KHTML, like Gecko) Chrome/83.0.4089.0 Safari/537.36"
207.46.13.53 - - [26/Jan/2021:17:35:10 +0100] "GET /images/big_prod/1399984289631.jpg HTTP/1.0" 200 268 "-" "Mozilla/5.0 (compatible; bingbot/2.0; +http://www.bing.com/bingbot.htm)"
66.249.70.36 - - [26/Jan/2021:17:35:19 +0100] "GET /household-linen-c-11.html?page=14 HTTP/1.0" 200 92649 "-" "Mozilla/5.0 (Linux; Android 6.0.1; Nexus 5X Build/MMB29P) AppleWebKit/537.36 (KHTML, like Gecko) Chrome/88.0.4324.113 Mobile Safari/537.36 (compatible; Googlebot/2.1; +http://www.google.com/bot.html)"
66.249.70.62 - - [26/Jan/2021:17:35:41 +0100] "GET /household-linen-c-11.html?page=18 HTTP/1.0" 200 91453 "-" "Mozilla/5.0 (Linux; Android 6.0.1; Nexus 5X Build/MMB29P) AppleWebKit/537.36 (KHTML, like Gecko) Chrome/88.0.4324.113 Mobile Safari/537.36 (compatible; Googlebot/2.1; +http://www.google.com/bot.html)"
54.36.148.153 - - [26/Jan/2021:17:35:41 +0100] "GET /cotton-floor-cushion-surina-40-40-30-cm-p-43435.html HTTP/1.0" 301 69256 "-" "Mozilla/5.0 (compatible; AhrefsBot/7.0; +http://ahrefs.com/robot/)"
66.249.70.62 - - [26/Jan/2021:17:36:03 +0100] "GET /household-linen-c-11.html?page=20 HTTP/1.0" 200 90417 "-" "Mozilla/5.0 (Linux; Android 6.0.1; Nexus 5X Build/MMB29P) AppleWebKit/537.36 (KHTML, like Gecko) Chrome/88.0.4324.113 Mobile Safari/537.36 (compatible; Googlebot/2.1; +http://www.google.com/bot.html)"
13.66.139.136 - - [26/Jan/2021:17:36:12 +0100] "GET /panda-hot-water-bottle-p-48678.html HTTP/1.0" 200 71840 "-" "Mozilla/5.0 (compatible; bingbot/2.0; +http://www.bing.com/bingbot.htm)"
66.249.70.62 - - [26/Jan/2021:17:36:27 +0100] "GET /household-linen-c-11.html?page=13 HTTP/1.0" 200 92765 "-" "Mozilla/5.0 (Linux; Android 6.0.1; Nexus 5X Build/MMB29P) AppleWebKit/537.36 (KHTML, like Gecko) Chrome/88.0.4324.113 Mobile Safari/537.36 (compatible; Googlebot/2.1; +http://www.google.com/bot.html)"
54.36.149.88 - - [26/Jan/2021:17:36:37 +0100] "GET /mini-notebook-white-and-brown-horse-p-26211.html HTTP/1.0" 200 71935 "-" "Mozilla/5.0 (compatible; AhrefsBot/7.0; +http://ahrefs.com/robot/)"
13.66.139.136 - - [26/Jan/2021:17:36:43 +0100] "GET /-p-21308.html HTTP/1.0" 200 69189 "-" "Mozilla/5.0 (compatible; bingbot/2.0; +http://www.bing.com/bingbot.htm)"
13.66.139.136 - - [26/Jan/2021:17:36:43 +0100] "GET /coca-cola-pink-swimsuit-p-30308.html HTTP/1.0" 200 69295 "-" "Mozilla/5.0 (compatible; bingbot/2.0; +http://www.bing.com/bingbot.htm)"
13.66.139.136 - - [26/Jan/2021:17:36:44 +0100] "GET /brown-horse-mouse-pad-p-17398.html HTTP/1.0" 200 69285 "-" "Mozilla/5.0 (compatible; bingbot/2.0; +http://www.bing.com/bingbot.htm)"
13.66.139.136 - - [26/Jan/2021:17:36:45 +0100] "GET /-p-22714.html HTTP/1.0" 200 69189 "-" "Mozilla/5.0 (compatible; bingbot/2.0; +http://www.bing.com/bingbot.htm)"
13.66.139.136 - - [26/Jan/2021:17:36:46 +0100] "GET /-p-17869.html HTTP/1.0" 200 69189 "-" "Mozilla/5.0 (compatible; bingbot/2.0; +http://www.bing.com/bingbot.htm)"
13.66.139.136 - - [26/Jan/2021:17:36:46 +0100] "GET /-p-12860.html HTTP/1.0" 200 69189 "-" "Mozilla/5.0 (compatible; bingbot/2.0; +http://www.bing.com/bingbot.htm)"
13.66.139.136 - - [26/Jan/2021:17:36:47 +0100] "GET /-p-3946.html HTTP/1.0" 200 69187 "-" "Mozilla/5.0 (compatible; bingbot/2.0; +http://www.bing.com/bingbot.htm)"
13.66.139.136 - - [26/Jan/2021:17:36:48 +0100] "GET /-p-8028.html HTTP/1.0" 200 69187 "-" "Mozilla/5.0 (compatible; bingbot/2.0; +http://www.bing.com/bingbot.htm)"
13.66.139.136 - - [26/Jan/2021:17:36:49 +0100] "GET /pulp-fiction-mia-poster-p-32299.html HTTP/1.0" 200 69271 "-" "Mozilla/5.0 (compatible; bingbot/2.0; +http://www.bing.com/bingbot.htm)"
66.249.70.62 - - [26/Jan/2021:17:36:50 +0100] "GET /household-linen-c-11.html?page=21 HTTP/1.0" 200 91194 "-" "Mozilla/5.0 (Linux; Android 6.0.1; Nexus 5X Build/MMB29P) AppleWebKit/537.36 (KHTML, like Gecko) Chrome/88.0.4324.113 Mobile Safari/537.36 (compatible; Googlebot/2.1; +http://www.google.com/bot.html)"
13.66.139.5 - - [26/Jan/2021:17:36:51 +0100] "GET /-p-10548.html HTTP/1.0" 200 69189 "-" "Mozilla/5.0 (compatible; bingbot/2.0; +http://www.bing.com/bingbot.htm)"
13.66.139.5 - - [26/Jan/2021:17:36:52 +0100] "GET /-p-31861.html HTTP/1.0" 200 69189 "-" "Mozilla/5.0 (compatible; bingbot/2.0; +http://www.bing.com/bingbot.htm)"
13.66.139.5 - - [26/Jan/2021:17:36:53 +0100] "GET /strawberry-shortcake-polar-blanket-p-2057.html HTTP/1.0" 200 69348 "-" "Mozilla/5.0 (compatible; bingbot/2.0; +http://www.bing.com/bingbot.htm)"
13.66.139.5 - - [26/Jan/2021:17:36:54 +0100] "GET /-p-15120.html HTTP/1.0" 200 69189 "-" "Mozilla/5.0 (compatible; bingbot/2.0; +http://www.bing.com/bingbot.htm)"
13.66.139.5 - - [26/Jan/2021:17:36:54 +0100] "GET /tour-eiffel-2cv-bedclothes-p-15120.html HTTP/1.0" 301 69256 "-" "Mozilla/5.0 (compatible; bingbot/2.0; +http://www.bing.com/bingbot.htm)"
13.66.139.5 - - [26/Jan/2021:17:36:55 +0100] "GET /-p-14960.html HTTP/1.0" 200 69189 "-" "Mozilla/5.0 (compatible; bingbot/2.0; +http://www.bing.com/bingbot.htm)"
13.66.139.5 - - [26/Jan/2021:17:36:56 +0100] "GET /jar-candle-30-hours-simply-spa-p-33052.html HTTP/1.0" 200 69336 "-" "Mozilla/5.0 (compatible; bingbot/2.0; +http://www.bing.com/bingbot.htm)"
13.66.139.5 - - [26/Jan/2021:17:36:57 +0100] "GET /-p-20302.html HTTP/1.0" 200 69189 "-" "Mozilla/5.0 (compatible; bingbot/2.0; +http://www.bing.com/bingbot.htm)"
13.66.139.5 - - [26/Jan/2021:17:36:58 +0100] "GET /suntime-bedclothes-240-260-cm-p-39652.html HTTP/1.0" 301 69256 "-" "Mozilla/5.0 (compatible; bingbot/2.0; +http://www.bing.com/bingbot.htm)"
13.66.139.5 - - [26/Jan/2021:17:36:59 +0100] "GET /-p-14223.html HTTP/1.0" 200 69189 "-" "Mozilla/5.0 (compatible; bingbot/2.0; +http://www.bing.com/bingbot.htm)"
13.66.139.5 - - [26/Jan/2021:17:37:00 +0100] "GET /star-wars-covers-poster-p-33526.html HTTP/1.0" 200 69295 "-" "Mozilla/5.0 (compatible; bingbot/2.0; +http://www.bing.com/bingbot.htm)"
13.66.139.5 - - [26/Jan/2021:17:37:01 +0100] "GET /monster-high-black-skull-mug-p-17816.html HTTP/1.0" 301 69256 "-" "Mozilla/5.0 (compatible; bingbot/2.0; +http://www.bing.com/bingbot.htm)"
13.66.139.139 - - [26/Jan/2021:17:37:03 +0100] "GET /barbapapa-clock-shows-giant-p-12165.html HTTP/1.0" 200 69315 "-" "Mozilla/5.0 (compatible; bingbot/2.0; +http://www.bing.com/bingbot.htm)"
13.66.139.139 - - [26/Jan/2021:17:37:04 +0100] "GET /-p-30141.html HTTP/1.0" 200 69189 "-" "Mozilla/5.0 (compatible; bingbot/2.0; +http://www.bing.com/bingbot.htm)"
13.66.139.139 - - [26/Jan/2021:17:37:05 +0100] "GET /-p-33691.html HTTP/1.0" 200 69189 "-" "Mozilla/5.0 (compatible; bingbot/2.0; +http://www.bing.com/bingbot.htm)"
13.66.139.139 - - [26/Jan/2021:17:37:06 +0100] "GET /salamander-wall-decoration-29-cm-p-47400.html HTTP/1.0" 200 71961 "-" "Mozilla/5.0 (compatible; bingbot/2.0; +http://www.bing.com/bingbot.htm)"
13.66.139.139 - - [26/Jan/2021:17:37:06 +0100] "GET /keith-haring-glass-clock-p-27746.html HTTP/1.0" 301 69256 "-" "Mozilla/5.0 (compatible; bingbot/2.0; +http://www.bing.com/bingbot.htm)"
13.66.139.139 - - [26/Jan/2021:17:37:07 +0100] "GET /mani-the-lucky-cat-white-keychain-p-37426.html HTTP/1.0" 200 69345 "-" "Mozilla/5.0 (compatible; bingbot/2.0; +http://www.bing.com/bingbot.htm)"
13.66.139.139 - - [26/Jan/2021:17:37:08 +0100] "GET /bob-marley-floor-standing-ashtray-p-12862.html HTTP/1.0" 301 69256 "-" "Mozilla/5.0 (compatible; bingbot/2.0; +http://www.bing.com/bingbot.htm)"
207.46.13.53 - - [26/Jan/2021:17:37:10 +0100] "GET /mondial_relay/js/jquery-1.3.2.min.js HTTP/1.0" 200 276 "-" "Mozilla/5.0 (compatible; bingbot/2.0; +http://www.bing.com/bingbot.htm)"
66.249.70.33 - - [26/Jan/2021:17:37:12 +0100] "GET /household-linen-c-11.html?page=19 HTTP/1.0" 200 91125 "-" "Mozilla/5.0 (Linux; Android 6.0.1; Nexus 5X Build/MMB29P) AppleWebKit/537.36 (KHTML, like Gecko) Chrome/88.0.4324.113 Mobile Safari/537.36 (compatible; Googlebot/2.1; +http://www.google.com/bot.html)"
157.55.39.153 - - [26/Jan/2021:17:37:15 +0100] "GET /js/jquery.js HTTP/1.0" 200 252 "-" "Mozilla/5.0 (compatible; bingbot/2.0; +http://www.bing.com/bingbot.htm)"
157.55.39.130 - - [26/Jan/2021:17:37:27 +0100] "GET /highslide/highslide.js HTTP/1.0" 200 262 "-" "Mozilla/5.0 (compatible; bingbot/2.0; +http://www.bing.com/bingbot.htm)"
157.55.39.130 - - [26/Jan/2021:17:37:27 +0100] "GET /-p-11974.html HTTP/1.0" 200 69189 "-" "Mozilla/5.0 (compatible; bingbot/2.0; +http://www.bing.com/bingbot.htm)"
157.55.39.130 - - [26/Jan/2021:17:37:28 +0100] "GET /images/med_prod/8435306286179.jpg HTTP/1.0" 200 268 "-" "Mozilla/5.0 (compatible; bingbot/2.0; +http://www.bing.com/bingbot.htm)"
157.55.39.130 - - [26/Jan/2021:17:37:29 +0100] "GET /beer-glass-and-bottle-opener-set-p-53485.html HTTP/1.0" 200 72872 "-" "Mozilla/5.0 (compatible; bingbot/2.0; +http://www.bing.com/bingbot.htm)"
66.249.70.62 - - [26/Jan/2021:17:37:37 +0100] "GET /household-linen-c-11.html?page=16 HTTP/1.0" 200 91805 "-" "Mozilla/5.0 (Linux; Android 6.0.1; Nexus 5X Build/MMB29P) AppleWebKit/537.36 (KHTML, like Gecko) Chrome/88.0.4324.113 Mobile Safari/537.36 (compatible; Googlebot/2.1; +http://www.google.com/bot.html)"
13.66.139.136 - - [26/Jan/2021:17:39:13 +0100] "GET /monster-high-logo-led-keyring-p-17475.html HTTP/1.0" 200 72129 "-" "Mozilla/5.0 (compatible; bingbot/2.0; +http://www.bing.com/bingbot.htm)"
13.66.139.139 - - [26/Jan/2021:17:40:03 +0100] "GET /cotton-floor-cushion-green-45-cm-p-47894.html HTTP/1.0" 200 71881 "-" "Mozilla/5.0 (compatible; bingbot/2.0; +http://www.bing.com/bingbot.htm)"
13.66.139.139 - - [26/Jan/2021:17:40:04 +0100] "GET /watch-freegun-rocket-usa-p-35084.html HTTP/1.0" 200 69300 "-" "Mozilla/5.0 (compatible; bingbot/2.0; +http://www.bing.com/bingbot.htm)"
13.66.139.139 - - [26/Jan/2021:17:40:05 +0100] "GET /green-butterfly-women-tee-shirt-p-30733.html HTTP/1.0" 200 73889 "-" "Mozilla/5.0 (compatible; bingbot/2.0; +http://www.bing.com/bingbot.htm)"
13.66.139.139 - - [26/Jan/2021:17:40:06 +0100] "GET /betty-boop-stars-mobile-sock-p-18335.html HTTP/1.0" 200 72041 "-" "Mozilla/5.0 (compatible; bingbot/2.0; +http://www.bing.com/bingbot.htm)"
13.66.139.139 - - [26/Jan/2021:17:40:07 +0100] "GET /ball-shaped-lamp-marble-effect-p-52848.html HTTP/1.0" 200 72528 "-" "Mozilla/5.0 (compatible; bingbot/2.0; +http://www.bing.com/bingbot.htm)"
13.66.139.139 - - [26/Jan/2021:17:40:08 +0100] "GET /teo-jasmin-medium-cabas-jasmine-p-46981.html HTTP/1.0" 200 69287 "-" "Mozilla/5.0 (compatible; bingbot/2.0; +http://www.bing.com/bingbot.htm)"
13.66.139.139 - - [26/Jan/2021:17:40:09 +0100] "GET /olaf-et-sven-frozen-poster-p-30918.html HTTP/1.0" 200 71862 "-" "Mozilla/5.0 (compatible; bingbot/2.0; +http://www.bing.com/bingbot.htm)"
13.66.139.139 - - [26/Jan/2021:17:40:10 +0100] "GET /cherry-blossoms-red-tea-box-p-39296.html HTTP/1.0" 200 72071 "-" "Mozilla/5.0 (compatible; bingbot/2.0; +http://www.bing.com/bingbot.htm)"
13.66.139.139 - - [26/Jan/2021:17:40:11 +0100] "GET /marilyn-monroe-computer-bag-p-5787.html HTTP/1.0" 200 72044 "-" "Mozilla/5.0 (compatible; bingbot/2.0; +http://www.bing.com/bingbot.htm)"
13.66.139.5 - - [26/Jan/2021:17:40:12 +0100] "GET /marilyn-monroe-rectangular-mirror-p-48303.html HTTP/1.0" 200 71887 "-" "Mozilla/5.0 (compatible; bingbot/2.0; +http://www.bing.com/bingbot.htm)"
13.66.139.5 - - [26/Jan/2021:17:40:14 +0100] "GET /the-saddle-club-100-pieces-puzzle-p-27690.html HTTP/1.0" 200 72080 "-" "Mozilla/5.0 (compatible; bingbot/2.0; +http://www.bing.com/bingbot.htm)"
13.66.139.5 - - [26/Jan/2021:17:40:15 +0100] "GET /dubout-cats-cover-for-the-pillow-p-32248.html HTTP/1.0" 200 69340 "-" "Mozilla/5.0 (compatible; bingbot/2.0; +http://www.bing.com/bingbot.htm)"
13.66.139.5 - - [26/Jan/2021:17:40:16 +0100] "GET /bob-marley-rectangular-mirror-p-48297.html HTTP/1.0" 200 71858 "-" "Mozilla/5.0 (compatible; bingbot/2.0; +http://www.bing.com/bingbot.htm)"
13.66.139.5 - - [26/Jan/2021:17:40:17 +0100] "GET /fiat-500-orange-desk-lamp-p-17064.html HTTP/1.0" 200 72621 "-" "Mozilla/5.0 (compatible; bingbot/2.0; +http://www.bing.com/bingbot.htm)"
13.66.139.5 - - [26/Jan/2021:17:40:18 +0100] "GET /green-kitchen-towel-50-70-cm-p-44419.html HTTP/1.0" 200 71864 "-" "Mozilla/5.0 (compatible; bingbot/2.0; +http://www.bing.com/bingbot.htm)"
13.66.139.5 - - [26/Jan/2021:17:40:19 +0100] "GET /disney-frozen-olaf-large-bag-p-31219.html HTTP/1.0" 200 72135 "-" "Mozilla/5.0 (compatible; bingbot/2.0; +http://www.bing.com/bingbot.htm)"
13.66.139.5 - - [26/Jan/2021:17:40:19 +0100] "GET /candy-cloud-bamboo-cup-snowflake-p-51810.html HTTP/1.0" 200 71858 "-" "Mozilla/5.0 (compatible; bingbot/2.0; +http://www.bing.com/bingbot.htm)"
13.66.139.5 - - [26/Jan/2021:17:40:20 +0100] "GET /quebec-pot-cookware-cbkreation-p-29711.html HTTP/1.0" 200 71877 "-" "Mozilla/5.0 (compatible; bingbot/2.0; +http://www.bing.com/bingbot.htm)"
13.66.139.139 - - [26/Jan/2021:17:40:21 +0100] "GET /cats-mini-mug-p-48622.html HTTP/1.0" 200 72305 "-" "Mozilla/5.0 (compatible; bingbot/2.0; +http://www.bing.com/bingbot.htm)"
13.66.139.139 - - [26/Jan/2021:17:40:22 +0100] "GET /hootie-planter-allen-designs-owl-p-44577.html HTTP/1.0" 200 73017 "-" "Mozilla/5.0 (compatible; bingbot/2.0; +http://www.bing.com/bingbot.htm)"
13.66.139.5 - - [26/Jan/2021:17:40:21 +0100] "GET /mini-led-flashlight-light-cars-p-35788.html HTTP/1.0" 200 69299 "-" "Mozilla/5.0 (compatible; bingbot/2.0; +http://www.bing.com/bingbot.htm)"
13.66.139.139 - - [26/Jan/2021:17:40:23 +0100] "GET /exit-way-out-wooden-frame-p-34875.html HTTP/1.0" 200 69305 "-" "Mozilla/5.0 (compatible; bingbot/2.0; +http://www.bing.com/bingbot.htm)"
13.66.139.139 - - [26/Jan/2021:17:40:24 +0100] "GET /disney-princess-belle-metal-box-p-26698.html HTTP/1.0" 200 72009 "-" "Mozilla/5.0 (compatible; bingbot/2.0; +http://www.bing.com/bingbot.htm)"
13.66.139.139 - - [26/Jan/2021:17:40:25 +0100] "GET /harley-davidson-zippo-lighter-p-30270.html HTTP/1.0" 200 69325 "-" "Mozilla/5.0 (compatible; bingbot/2.0; +http://www.bing.com/bingbot.htm)"
13.66.139.139 - - [26/Jan/2021:17:40:26 +0100] "GET /french-wine-metal-plate-30-15-cm-p-47640.html HTTP/1.0" 200 71865 "-" "Mozilla/5.0 (compatible; bingbot/2.0; +http://www.bing.com/bingbot.htm)"
13.66.139.139 - - [26/Jan/2021:17:40:27 +0100] "GET /tropia-door-mat-coconut-fiber-p-45202.html HTTP/1.0" 200 72052 "-" "Mozilla/5.0 (compatible; bingbot/2.0; +http://www.bing.com/bingbot.htm)"
13.66.139.139 - - [26/Jan/2021:17:40:28 +0100] "GET /usa-lady-liberty-zippo-lighter-p-32566.html HTTP/1.0" 200 72389 "-" "Mozilla/5.0 (compatible; bingbot/2.0; +http://www.bing.com/bingbot.htm)"
13.66.139.139 - - [26/Jan/2021:17:40:29 +0100] "GET /decorative-white-cat-14-cm-p-47107.html HTTP/1.0" 200 72488 "-" "Mozilla/5.0 (compatible; bingbot/2.0; +http://www.bing.com/bingbot.htm)"
13.66.139.139 - - [26/Jan/2021:17:40:30 +0100] "GET /motocycle-and-more-red-tee-shirt-p-35447.html HTTP/1.0" 200 73817 "-" "Mozilla/5.0 (compatible; bingbot/2.0; +http://www.bing.com/bingbot.htm)"
66.249.70.33 - - [26/Jan/2021:17:40:30 +0100] "GET /js/jquery.min.js HTTP/1.0" 404 1308 "http://www.wonder-geek.com/household-linen-c-11.html?page=19" "Mozilla/5.0 (Linux; Android 6.0.1; Nexus 5X Build/MMB29P) AppleWebKit/537.36 (KHTML, like Gecko) Chrome/87.0.4280.90 Mobile Safari/537.36 (compatible; Googlebot/2.1; +http://www.google.com/bot.html)"
13.66.139.139 - - [26/Jan/2021:17:40:31 +0100] "GET /cotton-bath-mat-50-80-cm-grey-p-48776.html HTTP/1.0" 200 72807 "-" "Mozilla/5.0 (compatible; bingbot/2.0; +http://www.bing.com/bingbot.htm)"
13.66.139.139 - - [26/Jan/2021:17:40:32 +0100] "GET /bolster-case-45-185-cm-grey-p-34838.html HTTP/1.0" 200 72092 "-" "Mozilla/5.0 (compatible; bingbot/2.0; +http://www.bing.com/bingbot.htm)"
13.66.139.139 - - [26/Jan/2021:17:40:33 +0100] "GET /frozen-elsa-and-anna-jewelry-box-p-37027.html HTTP/1.0" 200 72788 "-" "Mozilla/5.0 (compatible; bingbot/2.0; +http://www.bing.com/bingbot.htm)"
13.66.139.139 - - [26/Jan/2021:17:40:33 +0100] "GET /stormtrooper-miniature-character-p-32467.html HTTP/1.0" 200 69340 "-" "Mozilla/5.0 (compatible; bingbot/2.0; +http://www.bing.com/bingbot.htm)"
13.66.139.139 - - [26/Jan/2021:17:40:34 +0100] "GET /cappuccino-retro-deco-thermometer-p-27630.html HTTP/1.0" 200 71985 "-" "Mozilla/5.0 (compatible; bingbot/2.0; +http://www.bing.com/bingbot.htm)"
13.66.139.139 - - [26/Jan/2021:17:40:35 +0100] "GET /horses-dreams-stickerbook-p-9606.html HTTP/1.0" 200 71617 "-" "Mozilla/5.0 (compatible; bingbot/2.0; +http://www.bing.com/bingbot.htm)"
13.66.139.139 - - [26/Jan/2021:17:40:36 +0100] "GET /small-box-for-baby-teeth-pink-p-32837.html HTTP/1.0" 200 69325 "-" "Mozilla/5.0 (compatible; bingbot/2.0; +http://www.bing.com/bingbot.htm)"
13.66.139.139 - - [26/Jan/2021:17:40:37 +0100] "GET /dubout-cats-soap-box-10-65-28-cm-p-40105.html HTTP/1.0" 200 69323 "-" "Mozilla/5.0 (compatible; bingbot/2.0; +http://www.bing.com/bingbot.htm)"
13.66.139.139 - - [26/Jan/2021:17:40:38 +0100] "GET /minnie-mouse-swimming-armband-p-25218.html HTTP/1.0" 200 69295 "-" "Mozilla/5.0 (compatible; bingbot/2.0; +http://www.bing.com/bingbot.htm)"
13.66.139.139 - - [26/Jan/2021:17:40:39 +0100] "GET /goodbye-kitty-alarm-clock-p-10848.html HTTP/1.0" 200 71997 "-" "Mozilla/5.0 (compatible; bingbot/2.0; +http://www.bing.com/bingbot.htm)"
13.66.139.139 - - [26/Jan/2021:17:40:41 +0100] "GET /ferrari-towel-80-160-cm-p-39108.html HTTP/1.0" 200 69301 "-" "Mozilla/5.0 (compatible; bingbot/2.0; +http://www.bing.com/bingbot.htm)"
13.66.139.139 - - [26/Jan/2021:17:40:42 +0100] "GET /zodiac-high-ceramic-mug-p-30781.html HTTP/1.0" 200 71793 "-" "Mozilla/5.0 (compatible; bingbot/2.0; +http://www.bing.com/bingbot.htm)"
13.66.139.139 - - [26/Jan/2021:17:40:43 +0100] "GET /selenite-lamp-p-38794.html HTTP/1.0" 200 72560 "-" "Mozilla/5.0 (compatible; bingbot/2.0; +http://www.bing.com/bingbot.htm)"
13.66.139.139 - - [26/Jan/2021:17:40:44 +0100] "GET /minnie-mouse-pencil-pot-p-22595.html HTTP/1.0" 200 72115 "-" "Mozilla/5.0 (compatible; bingbot/2.0; +http://www.bing.com/bingbot.htm)"
13.66.139.139 - - [26/Jan/2021:17:40:45 +0100] "GET /tarot-box-dreamcatcher-p-43802.html HTTP/1.0" 200 72159 "-" "Mozilla/5.0 (compatible; bingbot/2.0; +http://www.bing.com/bingbot.htm)"
13.66.139.139 - - [26/Jan/2021:17:40:46 +0100] "GET /batman-polar-blanket-p-31997.html HTTP/1.0" 200 71995 "-" "Mozilla/5.0 (compatible; bingbot/2.0; +http://www.bing.com/bingbot.htm)"
13.66.139.139 - - [26/Jan/2021:17:40:47 +0100] "GET /cats-dubout-placemat-p-32426.html HTTP/1.0" 200 71855 "-" "Mozilla/5.0 (compatible; bingbot/2.0; +http://www.bing.com/bingbot.htm)"
54.36.148.204 - - [26/Jan/2021:17:40:47 +0100] "GET /bowls-c-12_60.html HTTP/1.0" 200 91529 "-" "Mozilla/5.0 (compatible; AhrefsBot/7.0; +http://ahrefs.com/robot/)"
13.66.139.139 - - [26/Jan/2021:17:40:48 +0100] "GET /frankie-stein-figure-p-22565.html HTTP/1.0" 200 71890 "-" "Mozilla/5.0 (compatible; bingbot/2.0; +http://www.bing.com/bingbot.htm)"
13.66.139.139 - - [26/Jan/2021:17:40:49 +0100] "GET /ogc-nice-towel-p-38279.html HTTP/1.0" 200 69250 "-" "Mozilla/5.0 (compatible; bingbot/2.0; +http://www.bing.com/bingbot.htm)"
13.66.139.139 - - [26/Jan/2021:17:40:50 +0100] "GET /shopping-bag-cats-p-45438.html HTTP/1.0" 200 71891 "-" "Mozilla/5.0 (compatible; bingbot/2.0; +http://www.bing.com/bingbot.htm)"
13.66.139.139 - - [26/Jan/2021:17:40:51 +0100] "GET /tea-for-one-flowers-p-46833.html HTTP/1.0" 200 71786 "-" "Mozilla/5.0 (compatible; bingbot/2.0; +http://www.bing.com/bingbot.htm)"
13.66.139.139 - - [26/Jan/2021:17:40:52 +0100] "GET /bistro-des-arts-mug-p-39711.html HTTP/1.0" 200 71816 "-" "Mozilla/5.0 (compatible; bingbot/2.0; +http://www.bing.com/bingbot.htm)"
13.66.139.139 - - [26/Jan/2021:17:40:53 +0100] "GET /maisy-oilcloth-bib-p-20825.html HTTP/1.0" 200 72245 "-" "Mozilla/5.0 (compatible; bingbot/2.0; +http://www.bing.com/bingbot.htm)"
13.66.139.139 - - [26/Jan/2021:17:40:54 +0100] "GET /zen-nature-stickers-p-35386.html HTTP/1.0" 200 69275 "-" "Mozilla/5.0 (compatible; bingbot/2.0; +http://www.bing.com/bingbot.htm)"
13.66.139.139 - - [26/Jan/2021:17:40:55 +0100] "GET /grumpy-polar-blanket-p-39087.html HTTP/1.0" 200 71830 "-" "Mozilla/5.0 (compatible; bingbot/2.0; +http://www.bing.com/bingbot.htm)"
13.66.139.139 - - [26/Jan/2021:17:40:56 +0100] "GET /tea-for-one-lisboa-p-47118.html HTTP/1.0" 200 72611 "-" "Mozilla/5.0 (compatible; bingbot/2.0; +http://www.bing.com/bingbot.htm)"
157.55.39.153 - - [26/Jan/2021:17:40:57 +0100] "GET /route-66-metal-plate-20-30-cm-p-37155.html HTTP/1.0" 200 71900 "-" "Mozilla/5.0 (compatible; bingbot/2.0; +http://www.bing.com/bingbot.htm)"
13.66.139.139 - - [26/Jan/2021:17:41:03 +0100] "GET /maisy-oilcloth-bib-p-19470.html HTTP/1.0" 200 69251 "-" "Mozilla/5.0 (compatible; bingbot/2.0; +http://www.bing.com/bingbot.htm)"
13.66.139.139 - - [26/Jan/2021:17:41:04 +0100] "GET /mickey-mouse-backpack-p-3536.html HTTP/1.0" 200 69261 "-" "Mozilla/5.0 (compatible; bingbot/2.0; +http://www.bing.com/bingbot.htm)"
13.66.139.139 - - [26/Jan/2021:17:41:05 +0100] "GET /-p-33926.html HTTP/1.0" 200 69189 "-" "Mozilla/5.0 (compatible; bingbot/2.0; +http://www.bing.com/bingbot.htm)"
13.66.139.139 - - [26/Jan/2021:17:41:06 +0100] "GET /-p-14733.html HTTP/1.0" 200 69189 "-" "Mozilla/5.0 (compatible; bingbot/2.0; +http://www.bing.com/bingbot.htm)"
13.66.139.139 - - [26/Jan/2021:17:41:07 +0100] "GET /-p-35645.html HTTP/1.0" 200 69189 "-" "Mozilla/5.0 (compatible; bingbot/2.0; +http://www.bing.com/bingbot.htm)"
13.66.139.5 - - [26/Jan/2021:17:41:08 +0100] "GET /gund-plush-dog-love-patch-28-cm-p-24294.html HTTP/1.0" 200 76413 "-" "Mozilla/5.0 (compatible; bingbot/2.0; +http://www.bing.com/bingbot.htm)"
13.66.139.5 - - [26/Jan/2021:17:41:09 +0100] "GET /princess-disney-pink-swimsuit-p-30310.html HTTP/1.0" 200 73323 "-" "Mozilla/5.0 (compatible; bingbot/2.0; +http://www.bing.com/bingbot.htm)"
13.66.139.5 - - [26/Jan/2021:17:41:10 +0100] "GET /cat-hung-decorative-statue-p-31543.html HTTP/1.0" 200 69310 "-" "Mozilla/5.0 (compatible; bingbot/2.0; +http://www.bing.com/bingbot.htm)"
13.66.139.5 - - [26/Jan/2021:17:41:11 +0100] "GET /tour-de-france-metal-tray-p-51677.html HTTP/1.0" 200 71989 "-" "Mozilla/5.0 (compatible; bingbot/2.0; +http://www.bing.com/bingbot.htm)"
13.66.139.5 - - [26/Jan/2021:17:41:12 +0100] "GET /panda-in-paris-large-bowl-p-45610.html HTTP/1.0" 200 71826 "-" "Mozilla/5.0 (compatible; bingbot/2.0; +http://www.bing.com/bingbot.htm)"
13.66.139.5 - - [26/Jan/2021:17:41:13 +0100] "GET /pepe-jeans-grey-pencil-case-p-33491.html HTTP/1.0" 200 69315 "-" "Mozilla/5.0 (compatible; bingbot/2.0; +http://www.bing.com/bingbot.htm)"
13.66.139.5 - - [26/Jan/2021:17:41:14 +0100] "GET /tinted-candle-in-the-mass-beige-p-48917.html HTTP/1.0" 200 71922 "-" "Mozilla/5.0 (compatible; bingbot/2.0; +http://www.bing.com/bingbot.htm)"
13.66.139.5 - - [26/Jan/2021:17:41:15 +0100] "GET /pineapple-orange-deco-box-32-cm-p-44636.html HTTP/1.0" 200 72108 "-" "Mozilla/5.0 (compatible; bingbot/2.0; +http://www.bing.com/bingbot.htm)"
13.66.139.5 - - [26/Jan/2021:17:41:15 +0100] "GET /van-gogh-iris-jaune-eyeglass-case-p-47645.html HTTP/1.0" 200 71888 "-" "Mozilla/5.0 (compatible; bingbot/2.0; +http://www.bing.com/bingbot.htm)"
13.66.139.5 - - [26/Jan/2021:17:41:16 +0100] "GET /sexy-shower-curtain-180-180-cm-p-39390.html HTTP/1.0" 200 71928 "-" "Mozilla/5.0 (compatible; bingbot/2.0; +http://www.bing.com/bingbot.htm)"
13.66.139.5 - - [26/Jan/2021:17:41:17 +0100] "GET /black-metal-flask-bourbon-p-37761.html HTTP/1.0" 200 71853 "-" "Mozilla/5.0 (compatible; bingbot/2.0; +http://www.bing.com/bingbot.htm)"
13.66.139.5 - - [26/Jan/2021:17:41:18 +0100] "GET /violetta-apron-and-chef-hat-p-29524.html HTTP/1.0" 200 71985 "-" "Mozilla/5.0 (compatible; bingbot/2.0; +http://www.bing.com/bingbot.htm)"
13.66.139.5 - - [26/Jan/2021:17:41:19 +0100] "GET /teo-jasmin-medium-cabas-marley-p-40990.html HTTP/1.0" 200 72805 "-" "Mozilla/5.0 (compatible; bingbot/2.0; +http://www.bing.com/bingbot.htm)"
13.66.139.5 - - [26/Jan/2021:17:41:20 +0100] "GET /white-owl-decorative-statue-p-31563.html HTTP/1.0" 200 71928 "-" "Mozilla/5.0 (compatible; bingbot/2.0; +http://www.bing.com/bingbot.htm)"
13.66.139.5 - - [26/Jan/2021:17:41:21 +0100] "GET /happy-shirt-by-etienne-boyer-p-29564.html HTTP/1.0" 200 74304 "-" "Mozilla/5.0 (compatible; bingbot/2.0; +http://www.bing.com/bingbot.htm)"
13.66.139.5 - - [26/Jan/2021:17:41:22 +0100] "GET /incense-stick-holder-elephant-p-35503.html HTTP/1.0" 200 72039 "-" "Mozilla/5.0 (compatible; bingbot/2.0; +http://www.bing.com/bingbot.htm)"
13.66.139.5 - - [26/Jan/2021:17:41:23 +0100] "GET /british-no-stress-eyelets-sheer-p-39099.html HTTP/1.0" 200 74063 "-" "Mozilla/5.0 (compatible; bingbot/2.0; +http://www.bing.com/bingbot.htm)"
13.66.139.5 - - [26/Jan/2021:17:41:24 +0100] "GET /pepe-jeans-suitcase-48-cm-p-33484.html HTTP/1.0" 200 69330 "-" "Mozilla/5.0 (compatible; bingbot/2.0; +http://www.bing.com/bingbot.htm)"
13.66.139.5 - - [26/Jan/2021:17:41:25 +0100] "GET /yogi-yogini-yogamat-purple-p-48660.html HTTP/1.0" 200 72477 "-" "Mozilla/5.0 (compatible; bingbot/2.0; +http://www.bing.com/bingbot.htm)"
13.66.139.5 - - [26/Jan/2021:17:41:26 +0100] "GET /wax-melt-lemon-of-amalfi-p-47628.html HTTP/1.0" 200 72469 "-" "Mozilla/5.0 (compatible; bingbot/2.0; +http://www.bing.com/bingbot.htm)"
13.66.139.5 - - [26/Jan/2021:17:41:27 +0100] "GET /the-little-prince-backpack-p-2587.html HTTP/1.0" 200 69281 "-" "Mozilla/5.0 (compatible; bingbot/2.0; +http://www.bing.com/bingbot.htm)"
13.66.139.5 - - [26/Jan/2021:17:41:28 +0100] "GET /union-jack-small-ashtray-p-36620.html HTTP/1.0" 200 71831 "-" "Mozilla/5.0 (compatible; bingbot/2.0; +http://www.bing.com/bingbot.htm)"
13.66.139.5 - - [26/Jan/2021:17:41:29 +0100] "GET /calavera-yellow-beauty-nail-kit-p-29315.html HTTP/1.0" 200 72017 "-" "Mozilla/5.0 (compatible; bingbot/2.0; +http://www.bing.com/bingbot.htm)"
13.66.139.5 - - [26/Jan/2021:17:41:30 +0100] "GET /mustache-white-tee-shirt-p-31176.html HTTP/1.0" 200 73791 "-" "Mozilla/5.0 (compatible; bingbot/2.0; +http://www.bing.com/bingbot.htm)"
13.66.139.5 - - [26/Jan/2021:17:41:31 +0100] "GET /vespa-pink-pencil-case-p-15585.html HTTP/1.0" 200 71877 "-" "Mozilla/5.0 (compatible; bingbot/2.0; +http://www.bing.com/bingbot.htm)"
13.66.139.5 - - [26/Jan/2021:17:41:32 +0100] "GET /street-fighter-mousepad-p-16003.html HTTP/1.0" 200 71980 "-" "Mozilla/5.0 (compatible; bingbot/2.0; +http://www.bing.com/bingbot.htm)"
13.66.139.5 - - [26/Jan/2021:17:41:33 +0100] "GET /charmmy-kitty-backpack-p-14542.html HTTP/1.0" 200 69275 "-" "Mozilla/5.0 (compatible; bingbot/2.0; +http://www.bing.com/bingbot.htm)"
13.66.139.5 - - [26/Jan/2021:17:41:34 +0100] "GET /mme-beaute-photo-frame-p-12686.html HTTP/1.0" 200 71837 "-" "Mozilla/5.0 (compatible; bingbot/2.0; +http://www.bing.com/bingbot.htm)"
13.66.139.139 - - [26/Jan/2021:17:41:36 +0100] "GET /-p-29679.html HTTP/1.0" 200 69189 "-" "Mozilla/5.0 (compatible; bingbot/2.0; +http://www.bing.com/bingbot.htm)"
13.66.139.139 - - [26/Jan/2021:17:41:36 +0100] "GET /-p-18691.html HTTP/1.0" 200 69189 "-" "Mozilla/5.0 (compatible; bingbot/2.0; +http://www.bing.com/bingbot.htm)"
13.66.139.139 - - [26/Jan/2021:17:41:37 +0100] "GET /-p-17483.html HTTP/1.0" 200 69189 "-" "Mozilla/5.0 (compatible; bingbot/2.0; +http://www.bing.com/bingbot.htm)"
13.66.139.139 - - [26/Jan/2021:17:41:38 +0100] "GET /-p-17243.html HTTP/1.0" 200 69189 "-" "Mozilla/5.0 (compatible; bingbot/2.0; +http://www.bing.com/bingbot.htm)"
13.66.139.139 - - [26/Jan/2021:17:41:39 +0100] "GET /-p-25186.html HTTP/1.0" 200 69189 "-" "Mozilla/5.0 (compatible; bingbot/2.0; +http://www.bing.com/bingbot.htm)"
13.66.139.139 - - [26/Jan/2021:17:41:40 +0100] "GET /-p-23398.html HTTP/1.0" 200 69189 "-" "Mozilla/5.0 (compatible; bingbot/2.0; +http://www.bing.com/bingbot.htm)"
157.55.39.149 - - [26/Jan/2021:17:41:42 +0100] "GET /carpet-180-120-cm-p-52811.html HTTP/1.0" 200 71940 "-" "Mozilla/5.0 (compatible; bingbot/2.0; +http://www.bing.com/bingbot.htm)"
13.66.139.139 - - [26/Jan/2021:17:41:47 +0100] "GET /-p-20606.html HTTP/1.0" 200 69189 "-" "Mozilla/5.0 (compatible; bingbot/2.0; +http://www.bing.com/bingbot.htm)"
13.66.139.139 - - [26/Jan/2021:17:41:48 +0100] "GET /-p-23458.html HTTP/1.0" 200 69189 "-" "Mozilla/5.0 (compatible; bingbot/2.0; +http://www.bing.com/bingbot.htm)"
13.66.139.139 - - [26/Jan/2021:17:41:48 +0100] "GET /-p-10284.html HTTP/1.0" 200 69189 "-" "Mozilla/5.0 (compatible; bingbot/2.0; +http://www.bing.com/bingbot.htm)"
13.66.139.139 - - [26/Jan/2021:17:41:49 +0100] "GET /-p-19641.html HTTP/1.0" 200 69189 "-" "Mozilla/5.0 (compatible; bingbot/2.0; +http://www.bing.com/bingbot.htm)"
13.66.139.139 - - [26/Jan/2021:17:41:50 +0100] "GET /-p-13209.html HTTP/1.0" 200 69189 "-" "Mozilla/5.0 (compatible; bingbot/2.0; +http://www.bing.com/bingbot.htm)"
13.66.139.139 - - [26/Jan/2021:17:41:51 +0100] "GET /-p-17655.html HTTP/1.0" 200 69189 "-" "Mozilla/5.0 (compatible; bingbot/2.0; +http://www.bing.com/bingbot.htm)"
207.46.13.53 - - [26/Jan/2021:17:41:53 +0100] "GET /images/big_prod/1384010206133B.jpg HTTP/1.0" 200 269 "-" "Mozilla/5.0 (compatible; bingbot/2.0; +http://www.bing.com/bingbot.htm)"
13.66.139.2 - - [26/Jan/2021:17:41:57 +0100] "GET /strawberry-shortcake-embroidered-vest-p-36364.html HTTP/1.0" 200 73203 "-" "Mozilla/5.0 (compatible; bingbot/2.0; +http://www.bing.com/bingbot.htm)"
13.66.139.2 - - [26/Jan/2021:17:41:59 +0100] "GET /nici-bubble-mouse-keyring-plush-p-35197.html HTTP/1.0" 200 71900 "-" "Mozilla/5.0 (compatible; bingbot/2.0; +http://www.bing.com/bingbot.htm)"
13.66.139.2 - - [26/Jan/2021:17:42:00 +0100] "GET /golden-retriever-dog-glass-clock-p-34006.html HTTP/1.0" 200 71925 "-" "Mozilla/5.0 (compatible; bingbot/2.0; +http://www.bing.com/bingbot.htm)"
13.66.139.2 - - [26/Jan/2021:17:42:00 +0100] "GET /christmas-spirit-hot-water-bottle-p-52607.html HTTP/1.0" 200 71902 "-" "Mozilla/5.0 (compatible; bingbot/2.0; +http://www.bing.com/bingbot.htm)"
13.66.139.2 - - [26/Jan/2021:17:42:01 +0100] "GET /us-route-66-usa-flag-mirror-p-32538.html HTTP/1.0" 200 71812 "-" "Mozilla/5.0 (compatible; bingbot/2.0; +http://www.bing.com/bingbot.htm)"
13.66.139.2 - - [26/Jan/2021:17:42:02 +0100] "GET /aujourd-hui-est-ton-jour-card-p-20049.html HTTP/1.0" 200 71983 "-" "Mozilla/5.0 (compatible; bingbot/2.0; +http://www.bing.com/bingbot.htm)"
13.66.139.2 - - [26/Jan/2021:17:42:03 +0100] "GET /michelle-arlen-owl-glass-clock-p-24295.html HTTP/1.0" 200 72234 "-" "Mozilla/5.0 (compatible; bingbot/2.0; +http://www.bing.com/bingbot.htm)"
66.249.70.62 - - [26/Jan/2021:17:42:04 +0100] "GET /usa-kitchen-towel-p-38789.html HTTP/1.0" 200 71777 "-" "Mozilla/5.0 (Linux; Android 6.0.1; Nexus 5X Build/MMB29P) AppleWebKit/537.36 (KHTML, like Gecko) Chrome/88.0.4324.113 Mobile Safari/537.36 (compatible; Googlebot/2.1; +http://www.google.com/bot.html)"
13.66.139.2 - - [26/Jan/2021:17:42:04 +0100] "GET /gorilla-teapot-by-paul-cardew-p-35268.html HTTP/1.0" 200 71868 "-" "Mozilla/5.0 (compatible; bingbot/2.0; +http://www.bing.com/bingbot.htm)"
13.66.139.2 - - [26/Jan/2021:17:42:05 +0100] "GET /candle-the-virgin-and-child-p-48670.html HTTP/1.0" 200 71904 "-" "Mozilla/5.0 (compatible; bingbot/2.0; +http://www.bing.com/bingbot.htm)"
13.66.139.2 - - [26/Jan/2021:17:42:06 +0100] "GET /sticker-for-windows-chakra-p-48351.html HTTP/1.0" 200 71901 "-" "Mozilla/5.0 (compatible; bingbot/2.0; +http://www.bing.com/bingbot.htm)"
13.66.139.2 - - [26/Jan/2021:17:42:07 +0100] "GET /marseille-football-boot-money-box-p-27187.html HTTP/1.0" 200 71915 "-" "Mozilla/5.0 (compatible; bingbot/2.0; +http://www.bing.com/bingbot.htm)"
13.66.139.2 - - [26/Jan/2021:17:42:08 +0100] "GET /salt-and-pepper-pot-cote-mer-p-47912.html HTTP/1.0" 200 71897 "-" "Mozilla/5.0 (compatible; bingbot/2.0; +http://www.bing.com/bingbot.htm)"
13.66.139.2 - - [26/Jan/2021:17:42:13 +0100] "GET /bookmark-lenticular-dolphins-p-19160.html HTTP/1.0" 200 72027 "-" "Mozilla/5.0 (compatible; bingbot/2.0; +http://www.bing.com/bingbot.htm)"
13.66.139.2 - - [26/Jan/2021:17:42:14 +0100] "GET /angry-birds-set-of-hair-ornements-p-19410.html HTTP/1.0" 200 69351 "-" "Mozilla/5.0 (compatible; bingbot/2.0; +http://www.bing.com/bingbot.htm)"
13.66.139.2 - - [26/Jan/2021:17:42:15 +0100] "GET /betty-boop-broadway-mobile-sock-p-18336.html HTTP/1.0" 200 72068 "-" "Mozilla/5.0 (compatible; bingbot/2.0; +http://www.bing.com/bingbot.htm)"
13.66.139.2 - - [26/Jan/2021:17:42:15 +0100] "GET /winnie-the-pooh-lunch-box-p-18796.html HTTP/1.0" 200 71809 "-" "Mozilla/5.0 (compatible; bingbot/2.0; +http://www.bing.com/bingbot.htm)"
13.66.139.2 - - [26/Jan/2021:17:42:16 +0100] "GET /barbabravo-personal-diary-p-5116.html HTTP/1.0" 301 69253 "-" "Mozilla/5.0 (compatible; bingbot/2.0; +http://www.bing.com/bingbot.htm)"
13.66.139.2 - - [26/Jan/2021:17:42:17 +0100] "GET /teo-jasmin-teo-croisette-notebook-p-34953.html HTTP/1.0" 200 71998 "-" "Mozilla/5.0 (compatible; bingbot/2.0; +http://www.bing.com/bingbot.htm)"
13.66.139.2 - - [26/Jan/2021:17:42:18 +0100] "GET /sommelier-accessories-box-p-46565.html HTTP/1.0" 200 71976 "-" "Mozilla/5.0 (compatible; bingbot/2.0; +http://www.bing.com/bingbot.htm)"
13.66.139.139 - - [26/Jan/2021:17:42:19 +0100] "GET /swimwear-c-2_35.html HTTP/1.0" 200 88884 "-" "Mozilla/5.0 (compatible; bingbot/2.0; +http://www.bing.com/bingbot.htm)"
13.66.139.139 - - [26/Jan/2021:17:42:20 +0100] "GET /pucca-alarm-clock-p-22200.html HTTP/1.0" 200 72012 "-" "Mozilla/5.0 (compatible; bingbot/2.0; +http://www.bing.com/bingbot.htm)"
13.66.139.139 - - [26/Jan/2021:17:42:21 +0100] "GET /-p-9437.html HTTP/1.0" 200 69187 "-" "Mozilla/5.0 (compatible; bingbot/2.0; +http://www.bing.com/bingbot.htm)"
13.66.139.139 - - [26/Jan/2021:17:42:22 +0100] "GET /-p-19827.html HTTP/1.0" 200 69189 "-" "Mozilla/5.0 (compatible; bingbot/2.0; +http://www.bing.com/bingbot.htm)"
13.66.139.139 - - [26/Jan/2021:17:42:23 +0100] "GET /fitted-sheet-brown-140-190-cm-p-38809.html HTTP/1.0" 200 71863 "-" "Mozilla/5.0 (compatible; bingbot/2.0; +http://www.bing.com/bingbot.htm)"
13.66.139.139 - - [26/Jan/2021:17:42:24 +0100] "GET /frida-mug-with-infuser-blue-p-52861.html HTTP/1.0" 200 71874 "-" "Mozilla/5.0 (compatible; bingbot/2.0; +http://www.bing.com/bingbot.htm)"
13.66.139.2 - - [26/Jan/2021:17:42:26 +0100] "GET /mushroom-lamp-in-aged-metal-52-cm-p-48269.html HTTP/1.0" 200 72759 "-" "Mozilla/5.0 (compatible; bingbot/2.0; +http://www.bing.com/bingbot.htm)"
66.249.70.62 - - [26/Jan/2021:17:42:26 +0100] "GET /uk-kitchen-towel-p-38797.html HTTP/1.0" 200 71770 "-" "Mozilla/5.0 (Linux; Android 6.0.1; Nexus 5X Build/MMB29P) AppleWebKit/537.36 (KHTML, like Gecko) Chrome/88.0.4324.113 Mobile Safari/537.36 (compatible; Googlebot/2.1; +http://www.google.com/bot.html)"
13.66.139.2 - - [26/Jan/2021:17:42:27 +0100] "GET /strawberry-shortcake-curtain-p-3251.html HTTP/1.0" 200 69289 "-" "Mozilla/5.0 (compatible; bingbot/2.0; +http://www.bing.com/bingbot.htm)"
13.66.139.2 - - [26/Jan/2021:17:42:29 +0100] "GET /ethnic-style-burlap-table-p-48440.html HTTP/1.0" 200 71812 "-" "Mozilla/5.0 (compatible; bingbot/2.0; +http://www.bing.com/bingbot.htm)"
13.66.139.2 - - [26/Jan/2021:17:42:30 +0100] "GET /disney-princess-rainwear-p-31243.html HTTP/1.0" 200 72985 "-" "Mozilla/5.0 (compatible; bingbot/2.0; +http://www.bing.com/bingbot.htm)"
13.66.139.2 - - [26/Jan/2021:17:42:31 +0100] "GET /genie-figure-p-2841.html HTTP/1.0" 200 69238 "-" "Mozilla/5.0 (compatible; bingbot/2.0; +http://www.bing.com/bingbot.htm)"
207.46.13.37 - - [26/Jan/2021:17:42:32 +0100] "GET /images/med_prod/1399984287781.jpg HTTP/1.0" 200 268 "-" "Mozilla/5.0 (compatible; bingbot/2.0; +http://www.bing.com/bingbot.htm)"
13.66.139.2 - - [26/Jan/2021:17:42:32 +0100] "GET /harley-davidson-american-classic-metal-plate-p-23297.html HTTP/1.0" 200 72043 "-" "Mozilla/5.0 (compatible; bingbot/2.0; +http://www.bing.com/bingbot.htm)"
13.66.139.2 - - [26/Jan/2021:17:42:37 +0100] "GET /indian-motorcycle-ottoman-storage-box-37-cm-p-35723.html HTTP/1.0" 200 69395 "-" "Mozilla/5.0 (compatible; bingbot/2.0; +http://www.bing.com/bingbot.htm)"
13.66.139.2 - - [26/Jan/2021:17:42:38 +0100] "GET /route-66-folding-table-p-44435.html HTTP/1.0" 200 71805 "-" "Mozilla/5.0 (compatible; bingbot/2.0; +http://www.bing.com/bingbot.htm)"
13.66.139.2 - - [26/Jan/2021:17:42:39 +0100] "GET /sticker-for-windows-chakra-p-48349.html HTTP/1.0" 200 71901 "-" "Mozilla/5.0 (compatible; bingbot/2.0; +http://www.bing.com/bingbot.htm)"
13.66.139.2 - - [26/Jan/2021:17:42:40 +0100] "GET /beatles-mug-p-29681.html HTTP/1.0" 200 71701 "-" "Mozilla/5.0 (compatible; bingbot/2.0; +http://www.bing.com/bingbot.htm)"
13.66.139.2 - - [26/Jan/2021:17:42:41 +0100] "GET /little-mariners-bowl-p-38782.html HTTP/1.0" 200 69280 "-" "Mozilla/5.0 (compatible; bingbot/2.0; +http://www.bing.com/bingbot.htm)"
13.66.139.139 - - [26/Jan/2021:17:42:43 +0100] "GET /industrial-pouf-storage-box-small-size-27-cm-only-p-48580.html HTTP/1.0" 200 72750 "-" "Mozilla/5.0 (compatible; bingbot/2.0; +http://www.bing.com/bingbot.htm)"
13.66.139.139 - - [26/Jan/2021:17:42:44 +0100] "GET /superman-satchel-bag-p-30370.html HTTP/1.0" 200 72075 "-" "Mozilla/5.0 (compatible; bingbot/2.0; +http://www.bing.com/bingbot.htm)"
13.66.139.139 - - [26/Jan/2021:17:42:45 +0100] "GET /stitch-heart-collection-statuette-p-47669.html HTTP/1.0" 200 73569 "-" "Mozilla/5.0 (compatible; bingbot/2.0; +http://www.bing.com/bingbot.htm)"
13.66.139.139 - - [26/Jan/2021:17:42:46 +0100] "GET /decorative-wooden-plate-donkey-corsica-yellow-and-blue-p-47839.html HTTP/1.0" 200 72352 "-" "Mozilla/5.0 (compatible; bingbot/2.0; +http://www.bing.com/bingbot.htm)"
13.66.139.2 - - [26/Jan/2021:17:42:47 +0100] "GET /pokemon-umbrella-p-29469.html HTTP/1.0" 200 69260 "-" "Mozilla/5.0 (compatible; bingbot/2.0; +http://www.bing.com/bingbot.htm)"
13.66.139.2 - - [26/Jan/2021:17:42:48 +0100] "GET /dishes-and-pie-dishes-c-12_251.html HTTP/1.0" 200 88734 "-" "Mozilla/5.0 (compatible; bingbot/2.0; +http://www.bing.com/bingbot.htm)"
13.66.139.2 - - [26/Jan/2021:17:42:49 +0100] "GET /minecraft-shirt-p-29611.html HTTP/1.0" 200 69243 "-" "Mozilla/5.0 (compatible; bingbot/2.0; +http://www.bing.com/bingbot.htm)"
13.66.139.2 - - [26/Jan/2021:17:42:50 +0100] "GET /clock-pastis-olive-p-49727.html HTTP/1.0" 200 71847 "-" "Mozilla/5.0 (compatible; bingbot/2.0; +http://www.bing.com/bingbot.htm)"
13.66.139.2 - - [26/Jan/2021:17:42:51 +0100] "GET /coca-cola-wallet-p-18869.html HTTP/1.0" 200 69260 "-" "Mozilla/5.0 (compatible; bingbot/2.0; +http://www.bing.com/bingbot.htm)"
13.66.139.2 - - [26/Jan/2021:17:42:52 +0100] "GET /my-little-poney-post-p-18102.html HTTP/1.0" 200 71822 "-" "Mozilla/5.0 (compatible; bingbot/2.0; +http://www.bing.com/bingbot.htm)"
13.66.139.2 - - [26/Jan/2021:17:42:53 +0100] "GET /uk-tablet-cover-p-25016.html HTTP/1.0" 200 71963 "-" "Mozilla/5.0 (compatible; bingbot/2.0; +http://www.bing.com/bingbot.htm)"
157.55.39.149 - - [26/Jan/2021:17:42:55 +0100] "GET /black-mug-russian-dolls-by-cbkreation-p-18743.html HTTP/1.0" 200 71929 "-" "Mozilla/5.0 (compatible; bingbot/2.0; +http://www.bing.com/bingbot.htm)"
13.66.139.136 - - [26/Jan/2021:17:43:03 +0100] "GET /taz-pencil-case-p-10348.html HTTP/1.0" 200 71944 "-" "Mozilla/5.0 (compatible; bingbot/2.0; +http://www.bing.com/bingbot.htm)"
13.66.139.136 - - [26/Jan/2021:17:43:04 +0100] "GET /corsica-zippo-lighter-p-29767.html HTTP/1.0" 200 69285 "-" "Mozilla/5.0 (compatible; bingbot/2.0; +http://www.bing.com/bingbot.htm)"
13.66.139.136 - - [26/Jan/2021:17:43:05 +0100] "GET /minnie-mouse-mug-milk-p-27655.html HTTP/1.0" 200 71829 "-" "Mozilla/5.0 (compatible; bingbot/2.0; +http://www.bing.com/bingbot.htm)"
66.249.70.33 - - [26/Jan/2021:17:43:06 +0100] "GET /household-linen-c-11.html?page=17 HTTP/1.0" 200 92145 "-" "Mozilla/5.0 (Linux; Android 6.0.1; Nexus 5X Build/MMB29P) AppleWebKit/537.36 (KHTML, like Gecko) Chrome/88.0.4324.113 Mobile Safari/537.36 (compatible; Googlebot/2.1; +http://www.google.com/bot.html)"
13.66.139.136 - - [26/Jan/2021:17:43:06 +0100] "GET /spongebob-names-shirt-p-29557.html HTTP/1.0" 200 73237 "-" "Mozilla/5.0 (compatible; bingbot/2.0; +http://www.bing.com/bingbot.htm)"
13.66.139.136 - - [26/Jan/2021:17:43:08 +0100] "GET /coca-cola-clock-p-31650.html HTTP/1.0" 200 69255 "-" "Mozilla/5.0 (compatible; bingbot/2.0; +http://www.bing.com/bingbot.htm)"
13.66.139.136 - - [26/Jan/2021:17:43:09 +0100] "GET /shell-retro-sugar-box-p-39714.html HTTP/1.0" 200 71943 "-" "Mozilla/5.0 (compatible; bingbot/2.0; +http://www.bing.com/bingbot.htm)"
13.66.139.136 - - [26/Jan/2021:17:43:10 +0100] "GET /dresses-skirts-c-1_19.html HTTP/1.0" 200 78015 "-" "Mozilla/5.0 (compatible; bingbot/2.0; +http://www.bing.com/bingbot.htm)"
