167.114.116.25 - - [26/Jan/2021:06:29:40 +0100] "GET /-p-48122.html HTTP/1.0" 200 69189 "-" "Mozilla/5.0 (compatible; MJ12bot/v1.4.8; http://mj12bot.com/)"
167.114.116.25 - - [26/Jan/2021:06:30:00 +0100] "GET /taurus-decorative-statue-p-44609.html HTTP/1.0" 200 69300 "-" "Mozilla/5.0 (compatible; MJ12bot/v1.4.8; http://mj12bot.com/)"
167.114.116.25 - - [26/Jan/2021:06:30:17 +0100] "GET /tea-light-holder-pentacle-black-soapstone-wicca-25-cm-p-44680.html HTTP/1.0" 200 73581 "-" "Mozilla/5.0 (compatible; MJ12bot/v1.4.8; http://mj12bot.com/)"
167.114.116.25 - - [26/Jan/2021:06:30:32 +0100] "GET /tea-wooden-box-butterflies-and-ribbon-p-37613.html HTTP/1.0" 200 69371 "-" "Mozilla/5.0 (compatible; MJ12bot/v1.4.8; http://mj12bot.com/)"
192.0.101.142 - - [26/Jan/2021:06:30:45 +0100] "GET /images/100_1885.jpg HTTP/1.0" 200 254 "-" "Photon/1.0"
167.114.116.25 - - [26/Jan/2021:06:30:51 +0100] "GET /teo-jasmin-espresso-cups-p-28930.html HTTP/1.0" 301 69256 "-" "Mozilla/5.0 (compatible; MJ12bot/v1.4.8; http://mj12bot.com/)"
51.68.224.127 - - [26/Jan/2021:06:31:08 +0100] "GET /adminweb/export_orders_xml.php?token=256de2z6edz6ed2z6DFSFsed2zed6zeDSFDSGdzedezfzf&maxorders=10&orderstart=1&status=14&start_date=2018-10-01 HTTP/1.0" 200 285 "-" "GesCom CharlotteBoutik Serveur"
51.68.224.127 - - [26/Jan/2021:06:31:08 +0100] "GET /adminweb/export_orders_xml.php?token=256de2z6edz6ed2z6DFSFsed2zed6zeDSFDSGdzedezfzf&maxorders=10&orderstart=1&status=6&start_date=2018-10-01 HTTP/1.0" 200 29990 "-" "GesCom CharlotteBoutik Serveur"
167.114.116.25 - - [26/Jan/2021:06:31:13 +0100] "GET /-p-28930.html HTTP/1.0" 200 69189 "-" "Mozilla/5.0 (compatible; MJ12bot/v1.4.8; http://mj12bot.com/)"
167.114.116.25 - - [26/Jan/2021:06:31:32 +0100] "GET /teo-jasmin-large-cabas-p-44153.html HTTP/1.0" 200 69267 "-" "Mozilla/5.0 (compatible; MJ12bot/v1.4.8; http://mj12bot.com/)"
54.36.148.136 - - [26/Jan/2021:06:31:44 +0100] "GET /duvet-cover-in-cotton-percale-80-threads-260-240-cm-p-52104.html HTTP/1.0" 200 72161 "-" "Mozilla/5.0 (compatible; AhrefsBot/7.0; +http://ahrefs.com/robot/)"
167.114.116.25 - - [26/Jan/2021:06:31:48 +0100] "GET /teo-jasmin-set-cups-espresso-p-32923.html HTTP/1.0" 301 69256 "-" "Mozilla/5.0 (compatible; MJ12bot/v1.4.8; http://mj12bot.com/)"
167.114.116.25 - - [26/Jan/2021:06:32:10 +0100] "GET /-p-32923.html HTTP/1.0" 200 69189 "-" "Mozilla/5.0 (compatible; MJ12bot/v1.4.8; http://mj12bot.com/)"
66.249.70.33 - - [26/Jan/2021:06:32:20 +0100] "GET /images/mini_prod/1384010191941.jpg HTTP/1.0" 200 269 "-" "Googlebot-Image/1.0"
167.114.116.25 - - [26/Jan/2021:06:32:26 +0100] "GET /teo-jasmin-teo-jasmine-large-soup-bowl-p-42240.html HTTP/1.0" 200 69376 "-" "Mozilla/5.0 (compatible; MJ12bot/v1.4.8; http://mj12bot.com/)"
167.114.116.25 - - [26/Jan/2021:06:32:48 +0100] "GET /teo-jasmin-teo-surf-large-bowl-p-34912.html HTTP/1.0" 200 69336 "-" "Mozilla/5.0 (compatible; MJ12bot/v1.4.8; http://mj12bot.com/)"
13.66.139.136 - - [26/Jan/2021:06:32:49 +0100] "GET /images/big_prod/3453131152389.jpg HTTP/1.0" 200 268 "-" "Mozilla/5.0 (compatible; bingbot/2.0; +http://www.bing.com/bingbot.htm)"
207.46.13.55 - - [26/Jan/2021:06:32:54 +0100] "GET /household-linen/linen-bed/wwe-club-bedclothes-140x200-p-3253.html HTTP/1.0" 301 69253 "-" "Mozilla/5.0 (compatible; bingbot/2.0; +http://www.bing.com/bingbot.htm)"
167.114.116.25 - - [26/Jan/2021:06:33:05 +0100] "GET /the-best-summer-mono-wooden-peg-hook-p-37236.html HTTP/1.0" 200 72008 "-" "Mozilla/5.0 (compatible; MJ12bot/v1.4.8; http://mj12bot.com/)"
13.66.139.136 - - [26/Jan/2021:06:33:09 +0100] "GET /images/med_prod/3565750037616.jpg HTTP/1.0" 200 268 "-" "Mozilla/5.0 (compatible; bingbot/2.0; +http://www.bing.com/bingbot.htm)"
157.55.39.153 - - [26/Jan/2021:06:33:16 +0100] "GET /images/3438100313800.jpg HTTP/1.0" 200 259 "-" "Mozilla/5.0 (compatible; bingbot/2.0; +http://www.bing.com/bingbot.htm)"
157.55.39.153 - - [26/Jan/2021:06:33:16 +0100] "GET /-p-23889.html HTTP/1.0" 200 69189 "-" "Mozilla/5.0 (compatible; bingbot/2.0; +http://www.bing.com/bingbot.htm)"
157.55.39.228 - - [26/Jan/2021:06:33:20 +0100] "GET /images/6942138908671.jpg HTTP/1.0" 200 259 "-" "Mozilla/5.0 (compatible; bingbot/2.0; +http://www.bing.com/bingbot.htm)"
34.222.177.34 - - [26/Jan/2021:06:33:22 +0100] "GET / HTTP/1.0" 301 511 "-" "Mozilla/5.0 (Macintosh; Intel Mac OS X 10_8_3) AppleWebKit/537.31 (KHTML, like Gecko) Chrome/26.0.1410.65 Safari/537.31"
167.114.116.25 - - [26/Jan/2021:06:33:22 +0100] "GET /the-endless-summer-wooden-wall-decoration-to-hang-p-36037.html HTTP/1.0" 301 69256 "-" "Mozilla/5.0 (compatible; MJ12bot/v1.4.8; http://mj12bot.com/)"
34.222.177.34 - - [26/Jan/2021:06:33:23 +0100] "GET / HTTP/1.0" 200 94441 "-" "Mozilla/5.0 (Macintosh; Intel Mac OS X 10_8_3) AppleWebKit/537.31 (KHTML, like Gecko) Chrome/26.0.1410.65 Safari/537.31"
157.55.39.228 - - [26/Jan/2021:06:33:31 +0100] "GET /images/big_prod/3014627949489.jpg HTTP/1.0" 200 268 "-" "Mozilla/5.0 (compatible; bingbot/2.0; +http://www.bing.com/bingbot.htm)"
167.114.116.25 - - [26/Jan/2021:06:33:39 +0100] "GET /-p-36037.html HTTP/1.0" 200 69189 "-" "Mozilla/5.0 (compatible; MJ12bot/v1.4.8; http://mj12bot.com/)"
167.114.116.25 - - [26/Jan/2021:06:33:57 +0100] "GET /the-foxes-gorjuss-box-p-29448.html HTTP/1.0" 200 69263 "-" "Mozilla/5.0 (compatible; MJ12bot/v1.4.8; http://mj12bot.com/)"
54.36.148.44 - - [26/Jan/2021:06:34:04 +0100] "GET /child-cherries-apron-p-30698.html HTTP/1.0" 301 69256 "-" "Mozilla/5.0 (compatible; AhrefsBot/7.0; +http://ahrefs.com/robot/)"
167.114.116.25 - - [26/Jan/2021:06:34:13 +0100] "GET /the-girl-who-has-everything-ariel-figurine-p-37677.html HTTP/1.0" 301 69256 "-" "Mozilla/5.0 (compatible; MJ12bot/v1.4.8; http://mj12bot.com/)"
17.58.101.147 - - [26/Jan/2021:06:34:34 +0100] "GET /collectible-figurines-and-decorative-c-13_135.html HTTP/1.0" 200 95415 "-" "Mozilla/5.0 (Macintosh; Intel Mac OS X 10_15_5) AppleWebKit/605.1.15 (KHTML, like Gecko) Version/13.1.1 Safari/605.1.15 (Applebot/0.1; +http://www.apple.com/go/applebot)"
167.114.116.25 - - [26/Jan/2021:06:34:37 +0100] "GET /-p-37677.html HTTP/1.0" 200 69189 "-" "Mozilla/5.0 (compatible; MJ12bot/v1.4.8; http://mj12bot.com/)"
167.114.116.25 - - [26/Jan/2021:06:34:55 +0100] "GET /the-little-prince-green-jewelry-box-p-53235.html HTTP/1.0" 200 72947 "-" "Mozilla/5.0 (compatible; MJ12bot/v1.4.8; http://mj12bot.com/)"
207.46.13.53 - - [26/Jan/2021:06:35:03 +0100] "GET /paris-cv-shooter-p-30710.html HTTP/1.0" 200 71774 "-" "Mozilla/5.0 (compatible; bingbot/2.0; +http://www.bing.com/bingbot.htm)"
167.114.116.25 - - [26/Jan/2021:06:35:17 +0100] "GET /the-little-prince-money-box-p-45850.html HTTP/1.0" 200 71914 "-" "Mozilla/5.0 (compatible; MJ12bot/v1.4.8; http://mj12bot.com/)"
17.58.101.147 - - [26/Jan/2021:06:35:31 +0100] "GET /mickael-white-shirt-p-30158.html HTTP/1.0" 200 72974 "-" "Mozilla/5.0 (Macintosh; Intel Mac OS X 10_15_5) AppleWebKit/605.1.15 (KHTML, like Gecko) Version/13.1.1 Safari/605.1.15 (Applebot/0.1; +http://www.apple.com/go/applebot)"
167.114.116.25 - - [26/Jan/2021:06:35:32 +0100] "GET /the-little-prince-of-st-exupery-figurine-p-44603.html HTTP/1.0" 200 72006 "-" "Mozilla/5.0 (compatible; MJ12bot/v1.4.8; http://mj12bot.com/)"
167.114.116.25 - - [26/Jan/2021:06:35:48 +0100] "GET /the-nightmare-before-christmas-waterball-p-45974.html HTTP/1.0" 301 69256 "-" "Mozilla/5.0 (compatible; MJ12bot/v1.4.8; http://mj12bot.com/)"
167.114.116.25 - - [26/Jan/2021:06:36:05 +0100] "GET /-p-45974.html HTTP/1.0" 200 69189 "-" "Mozilla/5.0 (compatible; MJ12bot/v1.4.8; http://mj12bot.com/)"
167.114.116.25 - - [26/Jan/2021:06:36:26 +0100] "GET /the-white-bear-by-pompon-10cm-p-46907.html HTTP/1.0" 301 72878 "-" "Mozilla/5.0 (compatible; MJ12bot/v1.4.8; http://mj12bot.com/)"
54.36.149.88 - - [26/Jan/2021:06:36:32 +0100] "GET /barbamama-soft-toy-15-cm-p-14327.html HTTP/1.0" 301 69256 "-" "Mozilla/5.0 (compatible; AhrefsBot/7.0; +http://ahrefs.com/robot/)"
167.114.116.25 - - [26/Jan/2021:06:36:49 +0100] "GET /the-white-bear-by-pompon-10-cm-p-46907.html HTTP/1.0" 200 72781 "-" "Mozilla/5.0 (compatible; MJ12bot/v1.4.8; http://mj12bot.com/)"
167.114.116.25 - - [26/Jan/2021:06:37:02 +0100] "GET /thermometer-metal-plate-deco-25-20-cm-we-serve-good-food-p-40001.html HTTP/1.0" 200 69409 "-" "Mozilla/5.0 (compatible; MJ12bot/v1.4.8; http://mj12bot.com/)"
54.36.149.17 - - [26/Jan/2021:06:37:08 +0100] "GET /tiger-wall-sticker-p-38325.html HTTP/1.0" 301 69256 "-" "Mozilla/5.0 (compatible; AhrefsBot/7.0; +http://ahrefs.com/robot/)"
167.114.116.25 - - [26/Jan/2021:06:37:21 +0100] "GET /thinkerbell-disney-figure-collection-by-britto-p-21427.html HTTP/1.0" 301 69256 "-" "Mozilla/5.0 (compatible; MJ12bot/v1.4.8; http://mj12bot.com/)"
157.55.39.149 - - [26/Jan/2021:06:37:28 +0100] "GET /verity-rose-gift-card-p-29168.html HTTP/1.0" 200 69285 "-" "Mozilla/5.0 (compatible; bingbot/2.0; +http://www.bing.com/bingbot.htm)"
167.114.116.25 - - [26/Jan/2021:06:37:41 +0100] "GET /-p-21427.html HTTP/1.0" 200 69189 "-" "Mozilla/5.0 (compatible; MJ12bot/v1.4.8; http://mj12bot.com/)"
114.119.154.200 - - [26/Jan/2021:06:37:46 +0100] "GET /images/big_prod/8422810090361.jpg HTTP/1.0" 200 268 "-" "Mozilla/5.0 (Linux; Android 7.0;) AppleWebKit/537.36 (KHTML, like Gecko) Mobile Safari/537.36 (compatible; PetalBot;+https://aspiegel.com/petalbot)"
167.114.116.25 - - [26/Jan/2021:06:37:56 +0100] "GET /thompson-and-thompson-keyring-p-12357.html HTTP/1.0" 301 69256 "-" "Mozilla/5.0 (compatible; MJ12bot/v1.4.8; http://mj12bot.com/)"
54.36.149.66 - - [26/Jan/2021:06:38:11 +0100] "GET /boxes-and-storage-box-c-13_150_84.html?page=4 HTTP/1.0" 301 80688 "-" "Mozilla/5.0 (compatible; AhrefsBot/7.0; +http://ahrefs.com/robot/)"
167.114.116.25 - - [26/Jan/2021:06:38:14 +0100] "GET /-p-12357.html HTTP/1.0" 200 69189 "-" "Mozilla/5.0 (compatible; MJ12bot/v1.4.8; http://mj12bot.com/)"
167.114.116.25 - - [26/Jan/2021:06:38:35 +0100] "GET /three-little-pigs-naf-naf-figure-p-3610.html HTTP/1.0" 301 69253 "-" "Mozilla/5.0 (compatible; MJ12bot/v1.4.8; http://mj12bot.com/)"
13.66.139.136 - - [26/Jan/2021:06:39:00 +0100] "GET /images/big_prod/8422017795946.jpg HTTP/1.0" 200 268 "-" "Mozilla/5.0 (compatible; bingbot/2.0; +http://www.bing.com/bingbot.htm)"
167.114.116.25 - - [26/Jan/2021:06:39:00 +0100] "GET /-p-3610.html HTTP/1.0" 200 69187 "-" "Mozilla/5.0 (compatible; MJ12bot/v1.4.8; http://mj12bot.com/)"
167.114.116.25 - - [26/Jan/2021:06:39:25 +0100] "GET /tiana-princess-passion-figurine-p-52399.html HTTP/1.0" 200 73285 "-" "Mozilla/5.0 (compatible; MJ12bot/v1.4.8; http://mj12bot.com/)"
54.38.42.20 - - [26/Jan/2021:06:39:45 +0100] "GET /images/big_prod_3/028399270200c.jpg HTTP/1.0" 200 270 "-" "-"
167.114.116.25 - - [26/Jan/2021:06:39:45 +0100] "GET /tigger-winnie-the-pooh-disney-glitter-globe-p-33591.html HTTP/1.0" 301 69256 "-" "Mozilla/5.0 (compatible; MJ12bot/v1.4.8; http://mj12bot.com/)"
167.114.116.25 - - [26/Jan/2021:06:40:00 +0100] "GET /-p-33591.html HTTP/1.0" 200 69189 "-" "Mozilla/5.0 (compatible; MJ12bot/v1.4.8; http://mj12bot.com/)"
157.55.39.153 - - [26/Jan/2021:06:40:08 +0100] "GET /johnny-hallyday-set-bar-p-19526.html HTTP/1.0" 200 71953 "-" "Mozilla/5.0 (compatible; bingbot/2.0; +http://www.bing.com/bingbot.htm)"
167.114.116.25 - - [26/Jan/2021:06:40:15 +0100] "GET /tin-candle-heart-and-home-home-for-christmas-p-53315.html HTTP/1.0" 200 73422 "-" "Mozilla/5.0 (compatible; MJ12bot/v1.4.8; http://mj12bot.com/)"
54.38.42.20 - - [26/Jan/2021:06:40:19 +0100] "GET /images/big_prod_1/028399270200a.jpg HTTP/1.0" 200 270 "-" "-"
54.38.42.20 - - [26/Jan/2021:06:40:36 +0100] "GET /images/big_prod_2/028399270200b.jpg HTTP/1.0" 200 270 "-" "-"
167.114.116.25 - - [26/Jan/2021:06:40:38 +0100] "GET /tinker-bell-disney-figure-collection-by-britto-p-20774.html HTTP/1.0" 301 69256 "-" "Mozilla/5.0 (compatible; MJ12bot/v1.4.8; http://mj12bot.com/)"
167.114.116.25 - - [26/Jan/2021:06:40:56 +0100] "GET /-p-20774.html HTTP/1.0" 200 69189 "-" "Mozilla/5.0 (compatible; MJ12bot/v1.4.8; http://mj12bot.com/)"
167.114.116.25 - - [26/Jan/2021:06:41:16 +0100] "GET /tinker-bell-disney-grand-jester-figure-collection-p-26688.html HTTP/1.0" 301 69256 "-" "Mozilla/5.0 (compatible; MJ12bot/v1.4.8; http://mj12bot.com/)"
17.58.101.147 - - [26/Jan/2021:06:41:21 +0100] "GET /pet-rug-60-40-cm-je-medite-p-49538.html HTTP/1.0" 200 71739 "-" "Mozilla/5.0 (Macintosh; Intel Mac OS X 10_15_5) AppleWebKit/605.1.15 (KHTML, like Gecko) Version/13.1.1 Safari/605.1.15 (Applebot/0.1; +http://www.apple.com/go/applebot)"
167.114.116.25 - - [26/Jan/2021:06:41:33 +0100] "GET /-p-26688.html HTTP/1.0" 200 69189 "-" "Mozilla/5.0 (compatible; MJ12bot/v1.4.8; http://mj12bot.com/)"
185.191.171.14 - - [26/Jan/2021:06:41:39 +0100] "GET /robots.txt HTTP/1.0" 200 245 "-" "Mozilla/5.0 (compatible; SemrushBot/7~bl; +http://www.semrush.com/bot.html)"
185.191.171.4 - - [26/Jan/2021:06:41:40 +0100] "GET /cotton-kitchen-towel-50-70-cm-made-in-france-p-43983.html?action=add_product HTTP/1.0" 302 476 "-" "Mozilla/5.0 (compatible; SemrushBot/7~bl; +http://www.semrush.com/bot.html)"
167.114.116.25 - - [26/Jan/2021:06:41:54 +0100] "GET /tinker-bell-figurine-collection-disney-traditions-fun-elf-p-20188.html HTTP/1.0" 200 72152 "-" "Mozilla/5.0 (compatible; MJ12bot/v1.4.8; http://mj12bot.com/)"
114.119.150.15 - - [26/Jan/2021:06:42:12 +0100] "GET /pooh-mini-character-by-romero-britto-p-13946.html HTTP/1.0" 200 72038 "-" "Mozilla/5.0 (Linux; Android 7.0;) AppleWebKit/537.36 (KHTML, like Gecko) Mobile Safari/537.36 (compatible; PetalBot;+https://aspiegel.com/petalbot)"
167.114.116.25 - - [26/Jan/2021:06:42:17 +0100] "GET /tinker-bell-spring-figure-collection-disney-traditions-p-31439.html HTTP/1.0" 301 69256 "-" "Mozilla/5.0 (compatible; MJ12bot/v1.4.8; http://mj12bot.com/)"
13.66.139.5 - - [26/Jan/2021:06:42:19 +0100] "GET /sitemap.txt HTTP/1.0" 404 1308 "-" "Mozilla/5.0 (compatible; bingbot/2.0; +http://www.bing.com/bingbot.htm)"
13.66.139.139 - - [26/Jan/2021:06:42:28 +0100] "GET /round-trays-c-12_159_263.html HTTP/1.0" 200 89800 "-" "Mozilla/5.0 (compatible; bingbot/2.0; +http://www.bing.com/bingbot.htm)"
167.114.116.25 - - [26/Jan/2021:06:42:34 +0100] "GET /-p-31439.html HTTP/1.0" 200 69189 "-" "Mozilla/5.0 (compatible; MJ12bot/v1.4.8; http://mj12bot.com/)"
17.58.101.147 - - [26/Jan/2021:06:42:48 +0100] "GET /angry-birds-pencil-pot-p-19131.html HTTP/1.0" 200 72039 "-" "Mozilla/5.0 (Macintosh; Intel Mac OS X 10_15_5) AppleWebKit/605.1.15 (KHTML, like Gecko) Version/13.1.1 Safari/605.1.15 (Applebot/0.1; +http://www.apple.com/go/applebot)"
167.114.116.25 - - [26/Jan/2021:06:42:53 +0100] "GET /tinkerbell-collection-box-by-romano-britto-p-20287.html HTTP/1.0" 301 69256 "-" "Mozilla/5.0 (compatible; MJ12bot/v1.4.8; http://mj12bot.com/)"
54.36.148.138 - - [26/Jan/2021:06:42:55 +0100] "GET /high-school-musical-storage-box-p-1521.html HTTP/1.0" 200 72226 "-" "Mozilla/5.0 (compatible; AhrefsBot/7.0; +http://ahrefs.com/robot/)"
207.46.13.53 - - [26/Jan/2021:06:43:06 +0100] "GET /images/big_prod/8719497610846.jpg HTTP/1.0" 200 268 "-" "Mozilla/5.0 (compatible; bingbot/2.0; +http://www.bing.com/bingbot.htm)"
167.114.116.25 - - [26/Jan/2021:06:43:14 +0100] "GET /-p-20287.html HTTP/1.0" 200 69189 "-" "Mozilla/5.0 (compatible; MJ12bot/v1.4.8; http://mj12bot.com/)"
167.114.116.25 - - [26/Jan/2021:06:43:32 +0100] "GET /tinkerbell-figure-p-2869.html HTTP/1.0" 301 69253 "-" "Mozilla/5.0 (compatible; MJ12bot/v1.4.8; http://mj12bot.com/)"
167.114.116.25 - - [26/Jan/2021:06:43:49 +0100] "GET /-p-2869.html HTTP/1.0" 200 69187 "-" "Mozilla/5.0 (compatible; MJ12bot/v1.4.8; http://mj12bot.com/)"
157.55.39.153 - - [26/Jan/2021:06:44:07 +0100] "GET /images/3298060226363.jpg HTTP/1.0" 200 259 "-" "Mozilla/5.0 (compatible; bingbot/2.0; +http://www.bing.com/bingbot.htm)"
167.114.116.25 - - [26/Jan/2021:06:44:09 +0100] "GET /tinkerbell-flower-fairy-disney-figure-disney-traditions-p-24347.html HTTP/1.0" 301 69256 "-" "Mozilla/5.0 (compatible; MJ12bot/v1.4.8; http://mj12bot.com/)"
167.114.116.25 - - [26/Jan/2021:06:44:25 +0100] "GET /-p-24347.html HTTP/1.0" 200 69189 "-" "Mozilla/5.0 (compatible; MJ12bot/v1.4.8; http://mj12bot.com/)"
167.114.116.25 - - [26/Jan/2021:06:44:47 +0100] "GET /tinkerbell-let-the-season-ring-figure-disney-traditions-p-14043.html HTTP/1.0" 301 69256 "-" "Mozilla/5.0 (compatible; MJ12bot/v1.4.8; http://mj12bot.com/)"
54.36.148.12 - - [26/Jan/2021:06:44:49 +0100] "GET /cat-by-allen-mini-oddments-p-30693.html HTTP/1.0" 301 69256 "-" "Mozilla/5.0 (compatible; AhrefsBot/7.0; +http://ahrefs.com/robot/)"
54.36.149.18 - - [26/Jan/2021:06:45:10 +0100] "GET /lin-and-white-sheer-curtain-eyelets-nora-135-250-cm-p-35478.html HTTP/1.0" 301 69256 "-" "Mozilla/5.0 (compatible; AhrefsBot/7.0; +http://ahrefs.com/robot/)"
167.114.116.25 - - [26/Jan/2021:06:45:11 +0100] "GET /-p-14043.html HTTP/1.0" 200 69189 "-" "Mozilla/5.0 (compatible; MJ12bot/v1.4.8; http://mj12bot.com/)"
167.114.116.25 - - [26/Jan/2021:06:45:29 +0100] "GET /tintin-et-snowy-keyring-p-12359.html HTTP/1.0" 301 69256 "-" "Mozilla/5.0 (compatible; MJ12bot/v1.4.8; http://mj12bot.com/)"
54.236.1.13 - - [26/Jan/2021:06:45:43 +0100] "GET /pocket-watch-map-collection-gorjuss-p-23142.html HTTP/1.0" 200 69355 "-" "Mozilla/5.0 (compatible; Pinterestbot/1.0; +http://www.pinterest.com/bot.html)"
167.114.116.25 - - [26/Jan/2021:06:45:49 +0100] "GET /-p-12359.html HTTP/1.0" 200 69189 "-" "Mozilla/5.0 (compatible; MJ12bot/v1.4.8; http://mj12bot.com/)"
17.58.101.147 - - [26/Jan/2021:06:46:00 +0100] "GET /pot-for-flowers-boho-10-cm-p-50800.html HTTP/1.0" 200 72504 "-" "Mozilla/5.0 (Macintosh; Intel Mac OS X 10_15_5) AppleWebKit/605.1.15 (KHTML, like Gecko) Version/13.1.1 Safari/605.1.15 (Applebot/0.1; +http://www.apple.com/go/applebot)"
167.114.116.25 - - [26/Jan/2021:06:46:23 +0100] "GET /top-model-brush-p-24937.html HTTP/1.0" 301 69256 "-" "Mozilla/5.0 (compatible; MJ12bot/v1.4.8; http://mj12bot.com/)"
167.114.116.25 - - [26/Jan/2021:06:46:46 +0100] "GET /-p-24937.html HTTP/1.0" 200 69189 "-" "Mozilla/5.0 (compatible; MJ12bot/v1.4.8; http://mj12bot.com/)"
167.114.116.25 - - [26/Jan/2021:06:47:04 +0100] "GET /tourmaline-obelisk-p-51174.html HTTP/1.0" 200 72048 "-" "Mozilla/5.0 (compatible; MJ12bot/v1.4.8; http://mj12bot.com/)"
167.114.116.25 - - [26/Jan/2021:06:47:25 +0100] "GET /transformers-100-pieces-puzzle-p-27697.html HTTP/1.0" 301 69256 "-" "Mozilla/5.0 (compatible; MJ12bot/v1.4.8; http://mj12bot.com/)"
51.68.224.127 - - [26/Jan/2021:06:47:32 +0100] "GET /adminweb/export_orders_xml.php?token=256de2z6edz6ed2z6DFSFsed2zed6zeDSFDSGdzedezfzf&maxorders=10&orderstart=1&status=14&start_date=2018-10-01 HTTP/1.0" 200 285 "-" "GesCom CharlotteBoutik Serveur"
51.68.224.127 - - [26/Jan/2021:06:47:32 +0100] "GET /adminweb/export_orders_xml.php?token=256de2z6edz6ed2z6DFSFsed2zed6zeDSFDSGdzedezfzf&maxorders=10&orderstart=1&status=6&start_date=2018-10-01 HTTP/1.0" 200 29990 "-" "GesCom CharlotteBoutik Serveur"
167.114.116.25 - - [26/Jan/2021:06:47:50 +0100] "GET /-p-27697.html HTTP/1.0" 200 69189 "-" "Mozilla/5.0 (compatible; MJ12bot/v1.4.8; http://mj12bot.com/)"
13.66.139.136 - - [26/Jan/2021:06:48:10 +0100] "GET /images/big_prod/3609810076167.jpg HTTP/1.0" 200 268 "-" "Mozilla/5.0 (compatible; bingbot/2.0; +http://www.bing.com/bingbot.htm)"
167.114.116.25 - - [26/Jan/2021:06:48:15 +0100] "GET /transformers-100-pieces-puzzle-p-27702.html HTTP/1.0" 301 69256 "-" "Mozilla/5.0 (compatible; MJ12bot/v1.4.8; http://mj12bot.com/)"
167.114.116.25 - - [26/Jan/2021:06:48:42 +0100] "GET /-p-27702.html HTTP/1.0" 200 69189 "-" "Mozilla/5.0 (compatible; MJ12bot/v1.4.8; http://mj12bot.com/)"
167.114.116.25 - - [26/Jan/2021:06:49:00 +0100] "GET /tropical-surf-paradise-wooden-wall-decoration-to-hang-p-36852.html HTTP/1.0" 301 69256 "-" "Mozilla/5.0 (compatible; MJ12bot/v1.4.8; http://mj12bot.com/)"
167.114.116.25 - - [26/Jan/2021:06:49:24 +0100] "GET /-p-36852.html HTTP/1.0" 200 69189 "-" "Mozilla/5.0 (compatible; MJ12bot/v1.4.8; http://mj12bot.com/)"
167.114.116.25 - - [26/Jan/2021:06:49:43 +0100] "GET /turtle-wall-decoration-p-48972.html HTTP/1.0" 200 69267 "-" "Mozilla/5.0 (compatible; MJ12bot/v1.4.8; http://mj12bot.com/)"
167.114.116.25 - - [26/Jan/2021:06:50:06 +0100] "GET /tweety-glitter-globe-p-5207.html HTTP/1.0" 200 71852 "-" "Mozilla/5.0 (compatible; MJ12bot/v1.4.8; http://mj12bot.com/)"
114.119.132.105 - - [26/Jan/2021:06:50:24 +0100] "GET /scorpio-clasic-keyring-by-cbkreation-p-43253.html HTTP/1.0" 200 71987 "-" "Mozilla/5.0 (Linux; Android 7.0;) AppleWebKit/537.36 (KHTML, like Gecko) Mobile Safari/537.36 (compatible; PetalBot;+https://aspiegel.com/petalbot)"
167.114.116.25 - - [26/Jan/2021:06:50:28 +0100] "GET /uk-telephone-box-glass-clock-p-33038.html HTTP/1.0" 301 69256 "-" "Mozilla/5.0 (compatible; MJ12bot/v1.4.8; http://mj12bot.com/)"
17.58.101.147 - - [26/Jan/2021:06:50:35 +0100] "GET /crystal-glass-and-metal-lamp-p-52024.html HTTP/1.0" 200 72539 "-" "Mozilla/5.0 (Macintosh; Intel Mac OS X 10_15_5) AppleWebKit/605.1.15 (KHTML, like Gecko) Version/13.1.1 Safari/605.1.15 (Applebot/0.1; +http://www.apple.com/go/applebot)"
167.114.116.25 - - [26/Jan/2021:06:50:54 +0100] "GET /-p-33038.html HTTP/1.0" 200 69189 "-" "Mozilla/5.0 (compatible; MJ12bot/v1.4.8; http://mj12bot.com/)"
207.46.13.55 - - [26/Jan/2021:06:51:13 +0100] "GET /images/4007176125144B.jpg HTTP/1.0" 200 260 "-" "Mozilla/5.0 (compatible; bingbot/2.0; +http://www.bing.com/bingbot.htm)"
167.114.116.25 - - [26/Jan/2021:06:51:17 +0100] "GET /une-pincee-de-gaiete-canvas-frame-28-28-cm-p-38520.html HTTP/1.0" 301 69256 "-" "Mozilla/5.0 (compatible; MJ12bot/v1.4.8; http://mj12bot.com/)"
167.114.116.25 - - [26/Jan/2021:06:51:37 +0100] "GET /-p-38520.html HTTP/1.0" 200 69189 "-" "Mozilla/5.0 (compatible; MJ12bot/v1.4.8; http://mj12bot.com/)"
13.66.139.2 - - [26/Jan/2021:06:51:40 +0100] "GET /glasses-and-drinking-cup-c-12_62.html HTTP/1.0" 200 90255 "-" "Mozilla/5.0 (compatible; bingbot/2.0; +http://www.bing.com/bingbot.htm)"
13.66.139.2 - - [26/Jan/2021:06:51:50 +0100] "GET /lot-of-pairs-of-mickey-mouse-socks-size-15-18-p-25177.html HTTP/1.0" 200 71943 "-" "Mozilla/5.0 (compatible; bingbot/2.0; +http://www.bing.com/bingbot.htm)"
167.114.116.25 - - [26/Jan/2021:06:51:56 +0100] "GET /unicorn-hot-water-bottle-p-53277.html HTTP/1.0" 200 72673 "-" "Mozilla/5.0 (compatible; MJ12bot/v1.4.8; http://mj12bot.com/)"
13.66.225.138 - - [26/Jan/2021:06:52:04 +0100] "GET /images/smipsuperman.jpg HTTP/1.0" 200 258 "-" "Mozilla/5.0 (X11; Linux i686) AppleWebKit/537.17 (KHTML, like Gecko) Chrome/24.0.1312.27 Safari/537.17"
167.114.116.25 - - [26/Jan/2021:06:52:21 +0100] "GET /union-jack-clock-p-31845.html HTTP/1.0" 301 69256 "-" "Mozilla/5.0 (compatible; MJ12bot/v1.4.8; http://mj12bot.com/)"
13.66.139.139 - - [26/Jan/2021:06:52:40 +0100] "GET /images/big_prod/3503420082467.jpg HTTP/1.0" 200 268 "-" "Mozilla/5.0 (compatible; bingbot/2.0; +http://www.bing.com/bingbot.htm)"
167.114.116.25 - - [26/Jan/2021:06:52:42 +0100] "GET /-p-31845.html HTTP/1.0" 200 69189 "-" "Mozilla/5.0 (compatible; MJ12bot/v1.4.8; http://mj12bot.com/)"
167.114.116.25 - - [26/Jan/2021:06:52:58 +0100] "GET /union-jack-keep-calm-and-carry-on-clock-p-25428.html HTTP/1.0" 200 71977 "-" "Mozilla/5.0 (compatible; MJ12bot/v1.4.8; http://mj12bot.com/)"
167.114.116.25 - - [26/Jan/2021:06:53:21 +0100] "GET /united-states-of-america-air-force-cushion-p-36468.html HTTP/1.0" 301 69256 "-" "Mozilla/5.0 (compatible; MJ12bot/v1.4.8; http://mj12bot.com/)"
54.36.148.46 - - [26/Jan/2021:06:53:22 +0100] "GET /strawberry-shortcake-visor-52-cm-p-20458.html HTTP/1.0" 200 72024 "-" "Mozilla/5.0 (compatible; AhrefsBot/7.0; +http://ahrefs.com/robot/)"
66.249.70.36 - - [26/Jan/2021:06:53:26 +0100] "GET /trivet-and-boards-cut-c-12_158.html?page=11 HTTP/1.0" 200 86277 "-" "Mozilla/5.0 (Linux; Android 6.0.1; Nexus 5X Build/MMB29P) AppleWebKit/537.36 (KHTML, like Gecko) Chrome/88.0.4324.113 Mobile Safari/537.36 (compatible; Googlebot/2.1; +http://www.google.com/bot.html)"
167.114.116.25 - - [26/Jan/2021:06:53:43 +0100] "GET /-p-36468.html HTTP/1.0" 200 69189 "-" "Mozilla/5.0 (compatible; MJ12bot/v1.4.8; http://mj12bot.com/)"
207.46.13.37 - - [26/Jan/2021:06:54:05 +0100] "GET /images/hiver048.jpg HTTP/1.0" 200 254 "-" "Mozilla/5.0 (compatible; bingbot/2.0; +http://www.bing.com/bingbot.htm)"
207.46.13.37 - - [26/Jan/2021:06:54:05 +0100] "GET /images/big_prod/3565750277395.jpg HTTP/1.0" 200 268 "-" "Mozilla/5.0 (compatible; bingbot/2.0; +http://www.bing.com/bingbot.htm)"
167.114.116.25 - - [26/Jan/2021:06:54:06 +0100] "GET /united-states-of-america-cushion-p-36464.html HTTP/1.0" 301 69256 "-" "Mozilla/5.0 (compatible; MJ12bot/v1.4.8; http://mj12bot.com/)"
54.36.148.146 - - [26/Jan/2021:06:54:08 +0100] "GET /punky-duck-cushion-p-27157.html HTTP/1.0" 301 69256 "-" "Mozilla/5.0 (compatible; AhrefsBot/7.0; +http://ahrefs.com/robot/)"
167.114.116.25 - - [26/Jan/2021:06:54:25 +0100] "GET /-p-36464.html HTTP/1.0" 200 69189 "-" "Mozilla/5.0 (compatible; MJ12bot/v1.4.8; http://mj12bot.com/)"
114.119.151.113 - - [26/Jan/2021:06:54:40 +0100] "GET /pouf-covered-with-black-velvet-315-34-465-cm-p-44231.html HTTP/1.0" 200 73013 "-" "Mozilla/5.0 (Linux; Android 7.0;) AppleWebKit/537.36 (KHTML, like Gecko) Mobile Safari/537.36 (compatible; PetalBot;+https://aspiegel.com/petalbot)"
167.114.116.25 - - [26/Jan/2021:06:54:46 +0100] "GET /us-route-66-logo-metal-magnet-p-8188.html HTTP/1.0" 200 71836 "-" "Mozilla/5.0 (compatible; MJ12bot/v1.4.8; http://mj12bot.com/)"
167.114.116.25 - - [26/Jan/2021:06:55:06 +0100] "GET /veux-du-soleil-placemat-p-49106.html HTTP/1.0" 200 72011 "-" "Mozilla/5.0 (compatible; MJ12bot/v1.4.8; http://mj12bot.com/)"
167.114.116.25 - - [26/Jan/2021:06:55:29 +0100] "GET /vintage-best-surfing-wooden-wall-decoration-to-hang-p-36083.html HTTP/1.0" 200 72169 "-" "Mozilla/5.0 (compatible; MJ12bot/v1.4.8; http://mj12bot.com/)"
167.114.116.25 - - [26/Jan/2021:06:55:46 +0100] "GET /vintage-car-long-beach-wooden-wall-decoration-to-hang-p-36035.html HTTP/1.0" 200 72185 "-" "Mozilla/5.0 (compatible; MJ12bot/v1.4.8; http://mj12bot.com/)"
185.191.171.25 - - [26/Jan/2021:06:55:59 +0100] "GET /man-resin-statue-p-53408.html HTTP/1.0" 200 71868 "-" "Mozilla/5.0 (compatible; SemrushBot/7~bl; +http://www.semrush.com/bot.html)"
167.114.116.25 - - [26/Jan/2021:06:56:11 +0100] "GET /vintage-car-long-hawaii-wooden-wall-decoration-to-hang-p-36036.html HTTP/1.0" 200 72193 "-" "Mozilla/5.0 (compatible; MJ12bot/v1.4.8; http://mj12bot.com/)"
207.46.13.55 - - [26/Jan/2021:06:56:12 +0100] "GET /littlest-petshop-white-swimsuit-p-30316.html HTTP/1.0" 200 73316 "-" "Mozilla/5.0 (compatible; bingbot/2.0; +http://www.bing.com/bingbot.htm)"
167.114.116.25 - - [26/Jan/2021:06:56:30 +0100] "GET /vintage-metal-plate-deco-p-38041.html HTTP/1.0" 200 69300 "-" "Mozilla/5.0 (compatible; MJ12bot/v1.4.8; http://mj12bot.com/)"
167.114.116.25 - - [26/Jan/2021:06:56:50 +0100] "GET /vintage-super-surfer-wooden-wall-decoration-to-hang-p-36084.html HTTP/1.0" 200 72169 "-" "Mozilla/5.0 (compatible; MJ12bot/v1.4.8; http://mj12bot.com/)"
167.114.116.25 - - [26/Jan/2021:06:57:12 +0100] "GET /virgin-mary-statue-205-cm-p-37369.html HTTP/1.0" 301 69256 "-" "Mozilla/5.0 (compatible; MJ12bot/v1.4.8; http://mj12bot.com/)"
167.114.116.25 - - [26/Jan/2021:06:57:27 +0100] "GET /-p-37369.html HTTP/1.0" 200 69189 "-" "Mozilla/5.0 (compatible; MJ12bot/v1.4.8; http://mj12bot.com/)"
167.114.116.25 - - [26/Jan/2021:06:57:49 +0100] "GET /vivienne-hedgehog-in-cement-25-cm-p-44524.html HTTP/1.0" 200 71954 "-" "Mozilla/5.0 (compatible; MJ12bot/v1.4.8; http://mj12bot.com/)"
17.58.101.147 - - [26/Jan/2021:06:57:58 +0100] "GET /metal-cookie-box-p-50900.html HTTP/1.0" 200 69243 "-" "Mozilla/5.0 (Macintosh; Intel Mac OS X 10_15_5) AppleWebKit/605.1.15 (KHTML, like Gecko) Version/13.1.1 Safari/605.1.15 (Applebot/0.1; +http://www.apple.com/go/applebot)"
167.114.116.25 - - [26/Jan/2021:06:58:07 +0100] "GET /volkswagen-beetle-keyring-blue-p-37753.html HTTP/1.0" 301 69256 "-" "Mozilla/5.0 (compatible; MJ12bot/v1.4.8; http://mj12bot.com/)"
167.114.116.25 - - [26/Jan/2021:06:58:26 +0100] "GET /-p-37753.html HTTP/1.0" 200 69189 "-" "Mozilla/5.0 (compatible; MJ12bot/v1.4.8; http://mj12bot.com/)"
207.46.13.55 - - [26/Jan/2021:06:58:34 +0100] "GET /images/big_prod/3609810071674.jpg HTTP/1.0" 200 268 "-" "Mozilla/5.0 (compatible; bingbot/2.0; +http://www.bing.com/bingbot.htm)"
167.114.116.25 - - [26/Jan/2021:06:58:48 +0100] "GET /volkswagen-beetle-keyring-pink-p-37754.html HTTP/1.0" 301 69256 "-" "Mozilla/5.0 (compatible; MJ12bot/v1.4.8; http://mj12bot.com/)"
167.114.116.25 - - [26/Jan/2021:06:59:15 +0100] "GET /-p-37754.html HTTP/1.0" 200 69189 "-" "Mozilla/5.0 (compatible; MJ12bot/v1.4.8; http://mj12bot.com/)"
167.114.116.25 - - [26/Jan/2021:06:59:40 +0100] "GET /volkswagen-beetle-keyring-yellow-p-37755.html HTTP/1.0" 301 69256 "-" "Mozilla/5.0 (compatible; MJ12bot/v1.4.8; http://mj12bot.com/)"
216.18.204.215 - - [26/Jan/2021:06:59:46 +0100] "GET /lois-jean-wallet-for-women-p-41315.html HTTP/1.0" 200 72836 "http://www.wonder-geek.com/" "Mozilla/5.0 (compatible; Adsbot/3.1)"
167.114.116.25 - - [26/Jan/2021:07:00:10 +0100] "GET /-p-37755.html HTTP/1.0" 200 69189 "-" "Mozilla/5.0 (compatible; MJ12bot/v1.4.8; http://mj12bot.com/)"
13.66.139.139 - - [26/Jan/2021:07:00:10 +0100] "GET /large-and-maxi-trays-c-12_159_262.html HTTP/1.0" 200 88909 "-" "Mozilla/5.0 (compatible; bingbot/2.0; +http://www.bing.com/bingbot.htm)"
216.18.204.215 - - [26/Jan/2021:07:00:12 +0100] "GET /lyon-white-women-tee-shirt-p-31278.html HTTP/1.0" 200 73846 "http://www.wonder-geek.com/" "Mozilla/5.0 (compatible; Adsbot/3.1)"
167.114.116.25 - - [26/Jan/2021:07:00:31 +0100] "GET /votive-candle-gingerbread-house-p-46028.html HTTP/1.0" 200 69341 "-" "Mozilla/5.0 (compatible; MJ12bot/v1.4.8; http://mj12bot.com/)"
216.18.204.215 - - [26/Jan/2021:07:00:41 +0100] "GET /lyon-women-black-tee-shirt-p-31277.html HTTP/1.0" 200 73822 "http://www.wonder-geek.com/" "Mozilla/5.0 (compatible; Adsbot/3.1)"
167.114.116.25 - - [26/Jan/2021:07:00:56 +0100] "GET /votive-candle-home-for-christmas-p-46035.html HTTP/1.0" 200 72542 "-" "Mozilla/5.0 (compatible; MJ12bot/v1.4.8; http://mj12bot.com/)"
216.18.204.215 - - [26/Jan/2021:07:01:09 +0100] "GET /marseille-metal-tray-30-cm-p-47149.html HTTP/1.0" 200 71911 "http://www.wonder-geek.com/" "Mozilla/5.0 (compatible; Adsbot/3.1)"
167.114.116.25 - - [26/Jan/2021:07:01:21 +0100] "GET /votive-candle-plum-and-orange-blossom-p-46024.html HTTP/1.0" 200 72595 "-" "Mozilla/5.0 (compatible; MJ12bot/v1.4.8; http://mj12bot.com/)"
54.36.148.132 - - [26/Jan/2021:07:01:34 +0100] "GET /copper-horse-head-chess-piece-gold-p-45447.html HTTP/1.0" 301 69256 "-" "Mozilla/5.0 (compatible; AhrefsBot/7.0; +http://ahrefs.com/robot/)"
167.114.116.25 - - [26/Jan/2021:07:01:37 +0100] "GET /wall-buddha-heads-45-cm-p-40980.html HTTP/1.0" 301 69256 "-" "Mozilla/5.0 (compatible; MJ12bot/v1.4.8; http://mj12bot.com/)"
216.18.204.215 - - [26/Jan/2021:07:01:44 +0100] "GET /norway-clock-by-cbkreation-p-36929.html HTTP/1.0" 200 71845 "http://www.wonder-geek.com/" "Mozilla/5.0 (compatible; Adsbot/3.1)"
167.114.116.25 - - [26/Jan/2021:07:01:54 +0100] "GET /-p-40980.html HTTP/1.0" 200 69189 "-" "Mozilla/5.0 (compatible; MJ12bot/v1.4.8; http://mj12bot.com/)"
216.18.204.215 - - [26/Jan/2021:07:02:05 +0100] "GET /owl-chaque-jour-large-bowl-p-37870.html HTTP/1.0" 200 71808 "http://www.wonder-geek.com/" "Mozilla/5.0 (compatible; Adsbot/3.1)"
207.46.13.53 - - [26/Jan/2021:07:02:12 +0100] "GET /images/big_prod/1384010200582.jpg HTTP/1.0" 200 268 "-" "Mozilla/5.0 (compatible; bingbot/2.0; +http://www.bing.com/bingbot.htm)"
167.114.116.25 - - [26/Jan/2021:07:02:15 +0100] "GET /wall-carved-buddha-heads-p-37576.html HTTP/1.0" 200 69300 "-" "Mozilla/5.0 (compatible; MJ12bot/v1.4.8; http://mj12bot.com/)"
167.114.116.25 - - [26/Jan/2021:07:02:29 +0100] "GET /wall-deco-african-mask-tears-p-48949.html HTTP/1.0" 200 69299 "-" "Mozilla/5.0 (compatible; MJ12bot/v1.4.8; http://mj12bot.com/)"
216.18.204.215 - - [26/Jan/2021:07:02:30 +0100] "GET /owls-white-women-tee-shirt-p-34204.html HTTP/1.0" 200 74072 "http://www.wonder-geek.com/" "Mozilla/5.0 (compatible; Adsbot/3.1)"
167.114.116.25 - - [26/Jan/2021:07:03:02 +0100] "GET /wall-deco-smiling-african-mask-p-48948.html HTTP/1.0" 200 71932 "-" "Mozilla/5.0 (compatible; MJ12bot/v1.4.8; http://mj12bot.com/)"
216.18.204.215 - - [26/Jan/2021:07:03:05 +0100] "GET /patinated-metal-boat-clock-p-45712.html HTTP/1.0" 200 71824 "http://www.wonder-geek.com/" "Mozilla/5.0 (compatible; Adsbot/3.1)"
51.68.224.127 - - [26/Jan/2021:07:03:24 +0100] "GET /adminweb/export_orders_xml.php?token=256de2z6edz6ed2z6DFSFsed2zed6zeDSFDSGdzedezfzf&maxorders=10&orderstart=1&status=14&start_date=2018-10-01 HTTP/1.0" 200 285 "-" "GesCom CharlotteBoutik Serveur"
51.68.224.127 - - [26/Jan/2021:07:03:24 +0100] "GET /adminweb/export_orders_xml.php?token=256de2z6edz6ed2z6DFSFsed2zed6zeDSFDSGdzedezfzf&maxorders=10&orderstart=1&status=6&start_date=2018-10-01 HTTP/1.0" 200 29990 "-" "GesCom CharlotteBoutik Serveur"
167.114.116.25 - - [26/Jan/2021:07:03:30 +0100] "GET /wall-decoration-boat-48-cm-p-49099.html HTTP/1.0" 200 69283 "-" "Mozilla/5.0 (compatible; MJ12bot/v1.4.8; http://mj12bot.com/)"
216.18.204.215 - - [26/Jan/2021:07:03:48 +0100] "GET /quebec-clock-by-cbkreation-p-24406.html HTTP/1.0" 200 71812 "http://www.wonder-geek.com/" "Mozilla/5.0 (compatible; Adsbot/3.1)"
167.114.116.25 - - [26/Jan/2021:07:03:52 +0100] "GET /wall-decoration-boat-64-cm-p-37192.html HTTP/1.0" 301 69256 "-" "Mozilla/5.0 (compatible; MJ12bot/v1.4.8; http://mj12bot.com/)"
167.114.116.25 - - [26/Jan/2021:07:04:15 +0100] "GET /-p-37192.html HTTP/1.0" 200 69189 "-" "Mozilla/5.0 (compatible; MJ12bot/v1.4.8; http://mj12bot.com/)"
54.36.148.112 - - [26/Jan/2021:07:04:18 +0100] "GET /volkswagen-surf-messenger-bag-p-18921.html HTTP/1.0" 200 72723 "-" "Mozilla/5.0 (compatible; AhrefsBot/7.0; +http://ahrefs.com/robot/)"
216.18.204.215 - - [26/Jan/2021:07:04:29 +0100] "GET /spectra-vondergeist-figure-p-22567.html HTTP/1.0" 200 71932 "http://www.wonder-geek.com/" "Mozilla/5.0 (compatible; Adsbot/3.1)"
207.46.13.55 - - [26/Jan/2021:07:04:36 +0100] "GET /set-of-decorative-cotton-hearts-to-hang-10-cm-charline-p-51651.html HTTP/1.0" 200 73568 "-" "Mozilla/5.0 (compatible; bingbot/2.0; +http://www.bing.com/bingbot.htm)"
157.55.39.153 - - [26/Jan/2021:07:04:46 +0100] "GET /images/big_prod/3665269065916d.jpg HTTP/1.0" 200 269 "-" "Mozilla/5.0 (compatible; bingbot/2.0; +http://www.bing.com/bingbot.htm)"
167.114.116.25 - - [26/Jan/2021:07:04:46 +0100] "GET /wall-decoration-boats-58-cm-p-49120.html HTTP/1.0" 301 69256 "-" "Mozilla/5.0 (compatible; MJ12bot/v1.4.8; http://mj12bot.com/)"
157.55.39.153 - - [26/Jan/2021:07:04:47 +0100] "GET /images/1399984221303.jpg HTTP/1.0" 200 259 "-" "Mozilla/5.0 (compatible; bingbot/2.0; +http://www.bing.com/bingbot.htm)"
157.55.39.149 - - [26/Jan/2021:07:04:50 +0100] "GET /images/big_prod_1/3665269065916A.jpg HTTP/1.0" 200 271 "-" "Mozilla/5.0 (compatible; bingbot/2.0; +http://www.bing.com/bingbot.htm)"
157.55.39.149 - - [26/Jan/2021:07:04:51 +0100] "GET /images/big_prod_2/3665269065916C.jpg HTTP/1.0" 200 271 "-" "Mozilla/5.0 (compatible; bingbot/2.0; +http://www.bing.com/bingbot.htm)"
207.46.13.55 - - [26/Jan/2021:07:04:55 +0100] "GET /images/big_prod_3/3665269065916e.jpg HTTP/1.0" 200 271 "-" "Mozilla/5.0 (compatible; bingbot/2.0; +http://www.bing.com/bingbot.htm)"
207.46.13.6 - - [26/Jan/2021:07:05:00 +0100] "GET /images/big_prod_4/3665269065916f.jpg HTTP/1.0" 200 271 "-" "Mozilla/5.0 (compatible; bingbot/2.0; +http://www.bing.com/bingbot.htm)"
207.46.13.6 - - [26/Jan/2021:07:05:01 +0100] "GET /images/big_prod/VANGOGH2.jpg HTTP/1.0" 200 263 "-" "Mozilla/5.0 (compatible; bingbot/2.0; +http://www.bing.com/bingbot.htm)"
207.46.13.6 - - [26/Jan/2021:07:05:01 +0100] "GET /images/big_prod/4036113307503.jpg HTTP/1.0" 200 268 "-" "Mozilla/5.0 (compatible; bingbot/2.0; +http://www.bing.com/bingbot.htm)"
207.46.13.6 - - [26/Jan/2021:07:05:02 +0100] "GET /images/med_prod/4029811238682.jpg HTTP/1.0" 200 268 "-" "Mozilla/5.0 (compatible; bingbot/2.0; +http://www.bing.com/bingbot.htm)"
207.46.13.6 - - [26/Jan/2021:07:05:02 +0100] "GET /images/smipsuperman.jpg HTTP/1.0" 200 258 "-" "Mozilla/5.0 (compatible; bingbot/2.0; +http://www.bing.com/bingbot.htm)"
216.18.204.215 - - [26/Jan/2021:07:05:08 +0100] "GET /sweets-jar-cat-beige-22-cm-p-31686.html HTTP/1.0" 200 71767 "http://www.wonder-geek.com/" "Mozilla/5.0 (compatible; Adsbot/3.1)"
167.114.116.25 - - [26/Jan/2021:07:05:12 +0100] "GET /-p-49120.html HTTP/1.0" 200 69189 "-" "Mozilla/5.0 (compatible; MJ12bot/v1.4.8; http://mj12bot.com/)"
13.66.139.5 - - [26/Jan/2021:07:05:21 +0100] "GET /images/med_prod/3279396007345.jpg HTTP/1.0" 200 268 "-" "Mozilla/5.0 (compatible; bingbot/2.0; +http://www.bing.com/bingbot.htm)"
167.114.116.25 - - [26/Jan/2021:07:05:39 +0100] "GET /wall-decoration-cat-24-61-cm-p-45748.html HTTP/1.0" 200 69295 "-" "Mozilla/5.0 (compatible; MJ12bot/v1.4.8; http://mj12bot.com/)"
13.66.139.5 - - [26/Jan/2021:07:05:42 +0100] "GET /images/5051265800183.jpg HTTP/1.0" 200 259 "-" "Mozilla/5.0 (compatible; bingbot/2.0; +http://www.bing.com/bingbot.htm)"
216.18.204.215 - - [26/Jan/2021:07:05:49 +0100] "GET /sweets-jar-cat-white-22-cm-p-31689.html HTTP/1.0" 200 71767 "http://www.wonder-geek.com/" "Mozilla/5.0 (compatible; Adsbot/3.1)"
167.114.116.25 - - [26/Jan/2021:07:06:11 +0100] "GET /wall-decoration-cat-24-61cm-p-45748.html HTTP/1.0" 301 69390 "-" "Mozilla/5.0 (compatible; MJ12bot/v1.4.8; http://mj12bot.com/)"
216.18.204.215 - - [26/Jan/2021:07:06:30 +0100] "GET /sweets-jar-dog-beige-24-cm-p-31681.html HTTP/1.0" 200 71769 "http://www.wonder-geek.com/" "Mozilla/5.0 (compatible; Adsbot/3.1)"
167.114.116.25 - - [26/Jan/2021:07:06:38 +0100] "GET /wall-decoration-cat-24-61-cm-p-45748.html HTTP/1.0" 200 69295 "-" "Mozilla/5.0 (compatible; MJ12bot/v1.4.8; http://mj12bot.com/)"
167.114.116.25 - - [26/Jan/2021:07:06:56 +0100] "GET /wall-decoration-electric-guitar-82-cm-p-37190.html HTTP/1.0" 301 69256 "-" "Mozilla/5.0 (compatible; MJ12bot/v1.4.8; http://mj12bot.com/)"
216.18.204.215 - - [26/Jan/2021:07:07:10 +0100] "GET /tour-de-france-adult-apron-p-51197.html HTTP/1.0" 200 71810 "http://www.wonder-geek.com/" "Mozilla/5.0 (compatible; Adsbot/3.1)"
157.55.39.149 - - [26/Jan/2021:07:07:12 +0100] "GET /images/big_prod/8422099381174.jpg HTTP/1.0" 200 268 "-" "Mozilla/5.0 (compatible; bingbot/2.0; +http://www.bing.com/bingbot.htm)"
167.114.116.25 - - [26/Jan/2021:07:07:21 +0100] "GET /-p-37190.html HTTP/1.0" 200 69189 "-" "Mozilla/5.0 (compatible; MJ12bot/v1.4.8; http://mj12bot.com/)"
167.114.116.25 - - [26/Jan/2021:07:07:46 +0100] "GET /wall-decoration-in-relief-bath-vintage-60-45-cm-p-46063.html HTTP/1.0" 200 72082 "-" "Mozilla/5.0 (compatible; MJ12bot/v1.4.8; http://mj12bot.com/)"
216.18.204.215 - - [26/Jan/2021:07:07:59 +0100] "GET /tribal-cow-white-tee-shirt-p-39393.html HTTP/1.0" 200 78148 "http://www.wonder-geek.com/" "Mozilla/5.0 (compatible; Adsbot/3.1)"
167.114.116.25 - - [26/Jan/2021:07:08:08 +0100] "GET /wall-decoration-mandala-lotus-wooden-pastel-colors-50-cm-p-46059.html HTTP/1.0" 200 72123 "-" "Mozilla/5.0 (compatible; MJ12bot/v1.4.8; http://mj12bot.com/)"
88.198.43.207 - - [26/Jan/2021:07:08:24 +0100] "GET /nici-plush-collection-bubble-bunny-p-35157.html HTTP/1.0" 200 78775 "-" "Mozilla/5.0 (X11; Fedora; Linux x86_64; rv:83.0) Gecko/20100101 Firefox/83.0"
167.114.116.25 - - [26/Jan/2021:07:08:35 +0100] "GET /wall-decoration-music-50-cm-p-46763.html HTTP/1.0" 200 69315 "-" "Mozilla/5.0 (compatible; MJ12bot/v1.4.8; http://mj12bot.com/)"
91.192.103.24 - - [26/Jan/2021:07:08:51 +0100] "GET /contact_us.php HTTP/1.0" 200 26238 "http://www.wonder-geek.com/contact_us.php" "Mozilla/5.0 (Windows NT 10.0; Win64; x64) AppleWebKit/537.36 (KHTML, like Gecko) Chrome/83.0.4086.0 Safari/537.36"
91.192.103.24 - - [26/Jan/2021:07:08:53 +0100] "POST /contact_us.php?action=send HTTP/1.0" 200 26690 "http://www.wonder-geek.com/contact_us.php" "Mozilla/5.0 (Windows NT 10.0; Win64; x64) AppleWebKit/537.36 (KHTML, like Gecko) Chrome/83.0.4086.0 Safari/537.36"
91.192.103.24 - - [26/Jan/2021:07:08:53 +0100] "GET /contact_us.php HTTP/1.0" 200 26238 "http://www.wonder-geek.com/contact_us.php" "Mozilla/5.0 (Windows NT 10.0; Win64; x64) AppleWebKit/537.36 (KHTML, like Gecko) Chrome/83.0.4086.0 Safari/537.36"
167.114.116.25 - - [26/Jan/2021:07:08:59 +0100] "GET /wall-decoration-music-60-cm-p-46764.html HTTP/1.0" 301 69256 "-" "Mozilla/5.0 (compatible; MJ12bot/v1.4.8; http://mj12bot.com/)"
216.18.204.215 - - [26/Jan/2021:07:09:01 +0100] "GET /wall-decoration-mirror-sun-p-48718.html HTTP/1.0" 200 71858 "http://www.wonder-geek.com/" "Mozilla/5.0 (compatible; Adsbot/3.1)"
167.114.116.25 - - [26/Jan/2021:07:09:18 +0100] "GET /-p-46764.html HTTP/1.0" 200 69189 "-" "Mozilla/5.0 (compatible; MJ12bot/v1.4.8; http://mj12bot.com/)"
167.114.116.25 - - [26/Jan/2021:07:09:36 +0100] "GET /wall-decoration-music-90-cm-p-41092.html HTTP/1.0" 301 69256 "-" "Mozilla/5.0 (compatible; MJ12bot/v1.4.8; http://mj12bot.com/)"
216.18.204.215 - - [26/Jan/2021:07:09:49 +0100] "GET /wall-decoration-mirror-sun-p-48721.html HTTP/1.0" 200 72501 "http://www.wonder-geek.com/" "Mozilla/5.0 (compatible; Adsbot/3.1)"
167.114.116.25 - - [26/Jan/2021:07:10:02 +0100] "GET /-p-41092.html HTTP/1.0" 200 69189 "-" "Mozilla/5.0 (compatible; MJ12bot/v1.4.8; http://mj12bot.com/)"
54.36.149.102 - - [26/Jan/2021:07:10:13 +0100] "GET /resin-statuette-gymnast-on-the-world-38-cm-p-52840.html HTTP/1.0" 301 72152 "-" "Mozilla/5.0 (compatible; AhrefsBot/7.0; +http://ahrefs.com/robot/)"
167.114.116.25 - - [26/Jan/2021:07:10:21 +0100] "GET /wall-decoration-pump-gasoline-metal-80-cm-blue-p-44745.html HTTP/1.0" 200 72058 "-" "Mozilla/5.0 (compatible; MJ12bot/v1.4.8; http://mj12bot.com/)"
216.18.204.215 - - [26/Jan/2021:07:10:32 +0100] "GET /wall-decoration-mirror-sun-p-51799.html HTTP/1.0" 200 72672 "http://www.wonder-geek.com/" "Mozilla/5.0 (compatible; Adsbot/3.1)"
167.114.116.25 - - [26/Jan/2021:07:10:36 +0100] "GET /wall-decoration-theme-marine-60-cm-p-41093.html HTTP/1.0" 200 69315 "-" "Mozilla/5.0 (compatible; MJ12bot/v1.4.8; http://mj12bot.com/)"
13.66.139.5 - - [26/Jan/2021:07:10:42 +0100] "GET /images/big_prod/3760116324205.jpg HTTP/1.0" 200 268 "-" "Mozilla/5.0 (compatible; bingbot/2.0; +http://www.bing.com/bingbot.htm)"
167.114.116.25 - - [26/Jan/2021:07:11:05 +0100] "GET /wall-umbrella-p-6102.html HTTP/1.0" 301 69253 "-" "Mozilla/5.0 (compatible; MJ12bot/v1.4.8; http://mj12bot.com/)"
216.18.204.215 - - [26/Jan/2021:07:11:24 +0100] "GET /wolf-white-women-tee-shirt-p-31160.html HTTP/1.0" 200 73843 "http://www.wonder-geek.com/" "Mozilla/5.0 (compatible; Adsbot/3.1)"
167.114.116.25 - - [26/Jan/2021:07:11:26 +0100] "GET /-p-6102.html HTTP/1.0" 200 69187 "-" "Mozilla/5.0 (compatible; MJ12bot/v1.4.8; http://mj12bot.com/)"
17.58.101.147 - - [26/Jan/2021:07:11:37 +0100] "GET /stool-and-bar-table-c-13_212.html HTTP/1.0" 200 78278 "-" "Mozilla/5.0 (Macintosh; Intel Mac OS X 10_15_5) AppleWebKit/605.1.15 (KHTML, like Gecko) Version/13.1.1 Safari/605.1.15 (Applebot/0.1; +http://www.apple.com/go/applebot)"
167.114.116.25 - - [26/Jan/2021:07:11:45 +0100] "GET /washed-linen-bed-skirt-granite-color-140-200-cm-p-48113.html HTTP/1.0" 200 69427 "-" "Mozilla/5.0 (compatible; MJ12bot/v1.4.8; http://mj12bot.com/)"
13.66.139.5 - - [26/Jan/2021:07:12:03 +0100] "GET /images/mini_prod/1399984237038.jpg HTTP/1.0" 200 269 "-" "Mozilla/5.0 (compatible; bingbot/2.0; +http://www.bing.com/bingbot.htm)"
216.18.204.215 - - [26/Jan/2021:07:12:05 +0100] "GET /yellow-kitchen-timer-clock-p-40588.html HTTP/1.0" 200 71999 "http://www.wonder-geek.com/" "Mozilla/5.0 (compatible; Adsbot/3.1)"
167.114.116.25 - - [26/Jan/2021:07:12:08 +0100] "GET /washed-linen-bed-skirt-white-140-200-cm-p-48114.html HTTP/1.0" 200 69369 "-" "Mozilla/5.0 (compatible; MJ12bot/v1.4.8; http://mj12bot.com/)"
66.249.70.62 - - [26/Jan/2021:07:12:20 +0100] "GET /images/mini_prod/3281640289629.gif HTTP/1.0" 200 268 "-" "Googlebot-Image/1.0"
167.114.116.25 - - [26/Jan/2021:07:12:28 +0100] "GET /washed-linen-duvet-cover-240-260-cm-natural-p-48153.html HTTP/1.0" 301 69256 "-" "Mozilla/5.0 (compatible; MJ12bot/v1.4.8; http://mj12bot.com/)"
216.18.204.215 - - [26/Jan/2021:07:12:33 +0100] "GET /zippo-brown-leather-wallet-p-42884.html HTTP/1.0" 200 72778 "http://www.wonder-geek.com/" "Mozilla/5.0 (compatible; Adsbot/3.1)"
167.114.116.25 - - [26/Jan/2021:07:12:53 +0100] "GET /-p-48153.html HTTP/1.0" 200 69189 "-" "Mozilla/5.0 (compatible; MJ12bot/v1.4.8; http://mj12bot.com/)"
167.114.116.25 - - [26/Jan/2021:07:13:16 +0100] "GET /washed-linen-towel-46-70-cm-granite-p-48131.html HTTP/1.0" 200 69343 "-" "Mozilla/5.0 (compatible; MJ12bot/v1.4.8; http://mj12bot.com/)"
216.18.204.215 - - [26/Jan/2021:07:13:19 +0100] "GET /zombie-sniper-shirt-by-cbk-p-30201.html HTTP/1.0" 200 74338 "http://www.wonder-geek.com/" "Mozilla/5.0 (compatible; Adsbot/3.1)"
167.114.116.25 - - [26/Jan/2021:07:13:34 +0100] "GET /washed-linen-towel-46-70-cm-tomette-p-48133.html HTTP/1.0" 200 69343 "-" "Mozilla/5.0 (compatible; MJ12bot/v1.4.8; http://mj12bot.com/)"
13.66.139.136 - - [26/Jan/2021:07:13:43 +0100] "GET /dishes-and-pie-dishes-c-12_251.html HTTP/1.0" 200 88734 "-" "Mozilla/5.0 (compatible; bingbot/2.0; +http://www.bing.com/bingbot.htm)"
13.66.139.136 - - [26/Jan/2021:07:13:44 +0100] "GET /luggages-schoolbags-leather-shop-c-31.html HTTP/1.0" 200 91289 "-" "Mozilla/5.0 (compatible; bingbot/2.0; +http://www.bing.com/bingbot.htm)"
13.66.139.139 - - [26/Jan/2021:07:13:52 +0100] "GET /images/big_prod/3014627973460.jpg HTTP/1.0" 200 268 "-" "Mozilla/5.0 (compatible; bingbot/2.0; +http://www.bing.com/bingbot.htm)"
167.114.116.25 - - [26/Jan/2021:07:13:58 +0100] "GET /wax-melt-home-for-christmas-p-46036.html HTTP/1.0" 200 72494 "-" "Mozilla/5.0 (compatible; MJ12bot/v1.4.8; http://mj12bot.com/)"
13.66.139.5 - - [26/Jan/2021:07:14:03 +0100] "GET /trays-medium-size-c-12_159_265.html HTTP/1.0" 200 89647 "-" "Mozilla/5.0 (compatible; bingbot/2.0; +http://www.bing.com/bingbot.htm)"
216.18.204.215 - - [26/Jan/2021:07:14:09 +0100] "GET /albania-clock-by-cbkreation-p-36680.html HTTP/1.0" 200 71860 "http://www.wonder-geek.com/" "Mozilla/5.0 (compatible; Adsbot/3.1)"
167.114.116.25 - - [26/Jan/2021:07:14:20 +0100] "GET /we-don-have-wi-fi-wooden-plate-69-17-cm-p-37744.html HTTP/1.0" 200 72019 "-" "Mozilla/5.0 (compatible; MJ12bot/v1.4.8; http://mj12bot.com/)"
207.46.13.37 - - [26/Jan/2021:07:14:21 +0100] "GET /js/jquery.masonry.min.js HTTP/1.0" 200 264 "-" "Mozilla/5.0 (compatible; bingbot/2.0; +http://www.bing.com/bingbot.htm)"
167.114.116.25 - - [26/Jan/2021:07:14:47 +0100] "GET /welcome-cat-wipes-coconut-fiber-p-46019.html HTTP/1.0" 301 69256 "-" "Mozilla/5.0 (compatible; MJ12bot/v1.4.8; http://mj12bot.com/)"
114.119.147.45 - - [26/Jan/2021:07:15:07 +0100] "GET /batik-wall-hanging-elephant-blue-under-tree-75-115-cm-p-49454.html HTTP/1.0" 200 72179 "-" "Mozilla/5.0 (Linux; Android 7.0;) AppleWebKit/537.36 (KHTML, like Gecko) Mobile Safari/537.36 (compatible; PetalBot;+https://aspiegel.com/petalbot)"
167.114.116.25 - - [26/Jan/2021:07:15:09 +0100] "GET /-p-46019.html HTTP/1.0" 200 69189 "-" "Mozilla/5.0 (compatible; MJ12bot/v1.4.8; http://mj12bot.com/)"
216.18.204.215 - - [26/Jan/2021:07:15:09 +0100] "GET /andorre-clock-by-cbkreation-p-36827.html HTTP/1.0" 200 71851 "http://www.wonder-geek.com/" "Mozilla/5.0 (compatible; Adsbot/3.1)"
54.36.149.93 - - [26/Jan/2021:07:15:21 +0100] "GET /amazon-love-bookmark-butterflies-p-50286.html HTTP/1.0" 200 72211 "-" "Mozilla/5.0 (compatible; AhrefsBot/7.0; +http://ahrefs.com/robot/)"
167.114.116.25 - - [26/Jan/2021:07:15:29 +0100] "GET /welcome-to-california-wooden-wall-decoration-to-hang-p-36034.html HTTP/1.0" 200 72177 "-" "Mozilla/5.0 (compatible; MJ12bot/v1.4.8; http://mj12bot.com/)"
167.114.116.25 - - [26/Jan/2021:07:15:45 +0100] "GET /welcome-to-paradise-surfboard-wooden-wall-decoration-p-36079.html HTTP/1.0" 301 69256 "-" "Mozilla/5.0 (compatible; MJ12bot/v1.4.8; http://mj12bot.com/)"
167.114.116.25 - - [26/Jan/2021:07:16:09 +0100] "GET /-p-36079.html HTTP/1.0" 200 69189 "-" "Mozilla/5.0 (compatible; MJ12bot/v1.4.8; http://mj12bot.com/)"
216.18.204.215 - - [26/Jan/2021:07:16:14 +0100] "GET /angel-black-women-tee-shirt-p-30732.html HTTP/1.0" 200 73829 "http://www.wonder-geek.com/" "Mozilla/5.0 (compatible; Adsbot/3.1)"
167.114.116.25 - - [26/Jan/2021:07:16:29 +0100] "GET /what-up-doc-bugs-bunny-p-36946.html HTTP/1.0" 301 69256 "-" "Mozilla/5.0 (compatible; MJ12bot/v1.4.8; http://mj12bot.com/)"
13.66.139.139 - - [26/Jan/2021:07:16:32 +0100] "GET /images/med_prod/1384010179802.jpg HTTP/1.0" 200 268 "-" "Mozilla/5.0 (compatible; bingbot/2.0; +http://www.bing.com/bingbot.htm)"
167.114.116.25 - - [26/Jan/2021:07:16:45 +0100] "GET /-p-36946.html HTTP/1.0" 200 69189 "-" "Mozilla/5.0 (compatible; MJ12bot/v1.4.8; http://mj12bot.com/)"
157.55.39.149 - - [26/Jan/2021:07:16:49 +0100] "GET /industrial-retro-clock-in-aged-metal-225-75-17-cm-p-48589.html HTTP/1.0" 200 72204 "-" "Mozilla/5.0 (compatible; bingbot/2.0; +http://www.bing.com/bingbot.htm)"
66.249.70.33 - - [26/Jan/2021:07:16:57 +0100] "GET /bread-box-c-13_150_211.html HTTP/1.0" 200 78394 "-" "Mozilla/5.0 (compatible; Googlebot/2.1; +http://www.google.com/bot.html)"
207.46.13.53 - - [26/Jan/2021:07:16:58 +0100] "GET /images/3438100273920.jpg HTTP/1.0" 200 259 "-" "Mozilla/5.0 (compatible; bingbot/2.0; +http://www.bing.com/bingbot.htm)"
167.114.116.25 - - [26/Jan/2021:07:17:10 +0100] "GET /white-babouchka-table-lamp-size-xxl-p-44641.html HTTP/1.0" 200 72614 "-" "Mozilla/5.0 (compatible; MJ12bot/v1.4.8; http://mj12bot.com/)"
216.18.204.215 - - [26/Jan/2021:07:17:18 +0100] "GET /angel-white-women-tee-shirt-p-30731.html HTTP/1.0" 200 74108 "http://www.wonder-geek.com/" "Mozilla/5.0 (compatible; Adsbot/3.1)"
