109.10.71.82 - - [26/Jan/2021:19:35:25 +0100] "GET /templates/Pixame_v1/images/header-object.png HTTP/1.0" 200 278 "http://www.wonder-geek.com/templates/Pixame_v1/stylesheet.css" "Mozilla/5.0 (Windows NT 10.0; Win64; x64; rv:84.0) Gecko/20100101 Firefox/84.0"
109.10.71.82 - - [26/Jan/2021:19:35:25 +0100] "GET /images/icons/soldes_grand.jpg HTTP/1.0" 200 264 "http://www.wonder-geek.com/" "Mozilla/5.0 (Windows NT 10.0; Win64; x64; rv:84.0) Gecko/20100101 Firefox/84.0"
109.10.71.82 - - [26/Jan/2021:19:35:25 +0100] "GET /images/mini_prod/8421440065404.jpg HTTP/1.0" 200 269 "http://www.wonder-geek.com/" "Mozilla/5.0 (Windows NT 10.0; Win64; x64; rv:84.0) Gecko/20100101 Firefox/84.0"
109.10.71.82 - - [26/Jan/2021:19:35:25 +0100] "GET /templates/Pixame_v1/images/infobox/pixel_trans.gif HTTP/1.0" 200 328 "http://www.wonder-geek.com/" "Mozilla/5.0 (Windows NT 10.0; Win64; x64; rv:84.0) Gecko/20100101 Firefox/84.0"
109.10.71.82 - - [26/Jan/2021:19:35:25 +0100] "GET /templates/Pixame_v1/images/pixel_trans.gif HTTP/1.0" 200 328 "http://www.wonder-geek.com/" "Mozilla/5.0 (Windows NT 10.0; Win64; x64; rv:84.0) Gecko/20100101 Firefox/84.0"
109.10.71.82 - - [26/Jan/2021:19:35:25 +0100] "GET /images/pixel_trans.gif HTTP/1.0" 200 328 "http://www.wonder-geek.com/" "Mozilla/5.0 (Windows NT 10.0; Win64; x64; rv:84.0) Gecko/20100101 Firefox/84.0"
109.10.71.82 - - [26/Jan/2021:19:35:25 +0100] "GET /images/mini_prod/1900514900058.jpg HTTP/1.0" 200 269 "http://www.wonder-geek.com/" "Mozilla/5.0 (Windows NT 10.0; Win64; x64; rv:84.0) Gecko/20100101 Firefox/84.0"
109.10.71.82 - - [26/Jan/2021:19:35:25 +0100] "GET /images/mini_prod/8435306242021.jpg HTTP/1.0" 200 269 "http://www.wonder-geek.com/" "Mozilla/5.0 (Windows NT 10.0; Win64; x64; rv:84.0) Gecko/20100101 Firefox/84.0"
109.10.71.82 - - [26/Jan/2021:19:35:25 +0100] "GET /design/productsenstock.png HTTP/1.0" 200 260 "http://www.wonder-geek.com/templates/Pixame_v1/stylesheet.css" "Mozilla/5.0 (Windows NT 10.0; Win64; x64; rv:84.0) Gecko/20100101 Firefox/84.0"
109.10.71.82 - - [26/Jan/2021:19:35:25 +0100] "GET /images/mini_prod/mickey1384010188521.jpg HTTP/1.0" 200 275 "http://www.wonder-geek.com/" "Mozilla/5.0 (Windows NT 10.0; Win64; x64; rv:84.0) Gecko/20100101 Firefox/84.0"
109.10.71.82 - - [26/Jan/2021:19:35:25 +0100] "GET /images/mini_prod/8009233038400.gif HTTP/1.0" 200 268 "http://www.wonder-geek.com/" "Mozilla/5.0 (Windows NT 10.0; Win64; x64; rv:84.0) Gecko/20100101 Firefox/84.0"
109.10.71.82 - - [26/Jan/2021:19:35:25 +0100] "GET /images/mini_prod/8029759044358.jpg HTTP/1.0" 200 269 "http://www.wonder-geek.com/" "Mozilla/5.0 (Windows NT 10.0; Win64; x64; rv:84.0) Gecko/20100101 Firefox/84.0"
109.10.71.82 - - [26/Jan/2021:19:35:25 +0100] "GET /images/mini_prod/1399984251782.jpg HTTP/1.0" 200 269 "http://www.wonder-geek.com/" "Mozilla/5.0 (Windows NT 10.0; Win64; x64; rv:84.0) Gecko/20100101 Firefox/84.0"
109.10.71.82 - - [26/Jan/2021:19:35:25 +0100] "GET /images/mini_prod/200208_152034_PEEL_EYJ4qy.jpg HTTP/1.0" 200 281 "http://www.wonder-geek.com/" "Mozilla/5.0 (Windows NT 10.0; Win64; x64; rv:84.0) Gecko/20100101 Firefox/84.0"
109.10.71.82 - - [26/Jan/2021:19:35:25 +0100] "GET /images/mini_prod/8436047821490.jpg HTTP/1.0" 200 269 "http://www.wonder-geek.com/" "Mozilla/5.0 (Windows NT 10.0; Win64; x64; rv:84.0) Gecko/20100101 Firefox/84.0"
109.10.71.82 - - [26/Jan/2021:19:35:25 +0100] "GET /templates/Pixame_v1/images/infobox/infobox_footer_middle.gif HTTP/1.0" 200 357 "http://www.wonder-geek.com/" "Mozilla/5.0 (Windows NT 10.0; Win64; x64; rv:84.0) Gecko/20100101 Firefox/84.0"
109.10.71.82 - - [26/Jan/2021:19:35:25 +0100] "GET /images/mini_prod/3684643100319.jpg HTTP/1.0" 200 269 "http://www.wonder-geek.com/" "Mozilla/5.0 (Windows NT 10.0; Win64; x64; rv:84.0) Gecko/20100101 Firefox/84.0"
109.10.71.82 - - [26/Jan/2021:19:35:25 +0100] "GET /images/mini_prod/3079091105663.jpg HTTP/1.0" 200 269 "http://www.wonder-geek.com/" "Mozilla/5.0 (Windows NT 10.0; Win64; x64; rv:84.0) Gecko/20100101 Firefox/84.0"
109.10.71.82 - - [26/Jan/2021:19:35:25 +0100] "GET /images/mini_prod/1399984245323.jpg HTTP/1.0" 200 269 "http://www.wonder-geek.com/" "Mozilla/5.0 (Windows NT 10.0; Win64; x64; rv:84.0) Gecko/20100101 Firefox/84.0"
109.10.71.82 - - [26/Jan/2021:19:35:25 +0100] "GET /templates/Pixame_v1/images/flash.swf HTTP/1.0" 200 290 "http://www.wonder-geek.com/" "Mozilla/5.0 (Windows NT 10.0; Win64; x64; rv:84.0) Gecko/20100101 Firefox/84.0"
109.10.71.82 - - [26/Jan/2021:19:35:25 +0100] "GET /favicon.ico HTTP/1.0" 200 260 "http://www.wonder-geek.com/" "Mozilla/5.0 (Windows NT 10.0; Win64; x64; rv:84.0) Gecko/20100101 Firefox/84.0"
109.10.71.82 - - [26/Jan/2021:19:35:25 +0100] "GET /highslide/graphics/outlines/drop-shadow.png HTTP/1.0" 200 277 "http://www.wonder-geek.com/" "Mozilla/5.0 (Windows NT 10.0; Win64; x64; rv:84.0) Gecko/20100101 Firefox/84.0"
109.10.71.82 - - [26/Jan/2021:19:35:25 +0100] "GET /highslide/graphics/zoomout.cur HTTP/1.0" 200 614 "http://www.wonder-geek.com/" "Mozilla/5.0 (Windows NT 10.0; Win64; x64; rv:84.0) Gecko/20100101 Firefox/84.0"
109.10.71.82 - - [26/Jan/2021:19:35:25 +0100] "GET /highslide/graphics/loader.white.gif HTTP/1.0" 200 960 "http://www.wonder-geek.com/templates/Pixame_v1/stylesheet.css" "Mozilla/5.0 (Windows NT 10.0; Win64; x64; rv:84.0) Gecko/20100101 Firefox/84.0"
13.66.139.139 - - [26/Jan/2021:19:35:24 +0100] "GET /backpacks-c-31_77.html?page=3 HTTP/1.0" 200 92159 "-" "Mozilla/5.0 (compatible; bingbot/2.0; +http://www.bing.com/bingbot.htm)"
13.66.139.139 - - [26/Jan/2021:19:35:26 +0100] "GET /money-boxes-c-13_83.html?page=6 HTTP/1.0" 200 92853 "-" "Mozilla/5.0 (compatible; bingbot/2.0; +http://www.bing.com/bingbot.htm)"
207.46.13.55 - - [26/Jan/2021:19:35:29 +0100] "GET /waterdome-spirit-of-christmas-the-snowman-p-31895.html HTTP/1.0" 200 69391 "-" "Mozilla/5.0 (compatible; bingbot/2.0; +http://www.bing.com/bingbot.htm)"
207.46.13.53 - - [26/Jan/2021:19:36:09 +0100] "GET /the-little-prince-metal-box-p-31791.html HTTP/1.0" 200 69315 "-" "Mozilla/5.0 (compatible; bingbot/2.0; +http://www.bing.com/bingbot.htm)"
51.68.224.127 - - [26/Jan/2021:19:37:32 +0100] "GET /adminweb/export_orders_xml.php?token=256de2z6edz6ed2z6DFSFsed2zed6zeDSFDSGdzedezfzf&maxorders=10&orderstart=1&status=14&start_date=2018-10-01 HTTP/1.0" 200 285 "-" "GesCom CharlotteBoutik Serveur"
51.68.224.127 - - [26/Jan/2021:19:37:33 +0100] "GET /adminweb/export_orders_xml.php?token=256de2z6edz6ed2z6DFSFsed2zed6zeDSFDSGdzedezfzf&maxorders=10&orderstart=1&status=6&start_date=2018-10-01 HTTP/1.0" 200 29990 "-" "GesCom CharlotteBoutik Serveur"
17.58.101.147 - - [26/Jan/2021:19:37:33 +0100] "GET /images/mini_prod/b3281640406323.jpg HTTP/1.0" 200 270 "-" "Mozilla/5.0 (Macintosh; Intel Mac OS X 10_15_5) AppleWebKit/605.1.15 (KHTML, like Gecko) Version/13.1.1 Safari/605.1.15 (Applebot/0.1; +http://www.apple.com/go/applebot)"
161.35.180.15 - - [26/Jan/2021:19:37:37 +0100] "HEAD / HTTP/1.0" 200 386 "https://www.netcraft.com/survey/" "Mozilla/4.0 (compatible; Netcraft Web Server Survey)"
13.66.139.139 - - [26/Jan/2021:19:38:34 +0100] "GET /detective-pusheen-backpack-clip-p-38719.html HTTP/1.0" 301 69256 "-" "Mozilla/5.0 (compatible; bingbot/2.0; +http://www.bing.com/bingbot.htm)"
13.66.139.139 - - [26/Jan/2021:19:38:35 +0100] "GET /blue-kimmidoll-cardboard-boxe-small-p-47965.html HTTP/1.0" 200 69323 "-" "Mozilla/5.0 (compatible; bingbot/2.0; +http://www.bing.com/bingbot.htm)"
13.66.139.139 - - [26/Jan/2021:19:38:36 +0100] "GET /set-of-pair-of-socks-strawberry-shortcake-size-27-30-p-24832.html HTTP/1.0" 301 69256 "-" "Mozilla/5.0 (compatible; bingbot/2.0; +http://www.bing.com/bingbot.htm)"
13.66.139.139 - - [26/Jan/2021:19:38:37 +0100] "GET /-p-24881.html HTTP/1.0" 200 69189 "-" "Mozilla/5.0 (compatible; bingbot/2.0; +http://www.bing.com/bingbot.htm)"
13.66.139.139 - - [26/Jan/2021:19:38:38 +0100] "GET /regal-pc-mini-nativity-jim-shore-heartwood-creek-p-38182.html HTTP/1.0" 301 69256 "-" "Mozilla/5.0 (compatible; bingbot/2.0; +http://www.bing.com/bingbot.htm)"
13.66.139.139 - - [26/Jan/2021:19:38:39 +0100] "GET /-p-22630.html HTTP/1.0" 200 69189 "-" "Mozilla/5.0 (compatible; bingbot/2.0; +http://www.bing.com/bingbot.htm)"
13.66.139.139 - - [26/Jan/2021:19:38:40 +0100] "GET /-p-18026.html HTTP/1.0" 200 69189 "-" "Mozilla/5.0 (compatible; bingbot/2.0; +http://www.bing.com/bingbot.htm)"
13.66.139.139 - - [26/Jan/2021:19:38:41 +0100] "GET /tablecloth-washed-linen-170-250-cm-paon-p-48125.html HTTP/1.0" 301 69256 "-" "Mozilla/5.0 (compatible; bingbot/2.0; +http://www.bing.com/bingbot.htm)"
13.66.139.2 - - [26/Jan/2021:19:38:42 +0100] "GET /-p-22772.html HTTP/1.0" 200 69189 "-" "Mozilla/5.0 (compatible; bingbot/2.0; +http://www.bing.com/bingbot.htm)"
13.66.139.2 - - [26/Jan/2021:19:38:43 +0100] "GET /-p-26749.html HTTP/1.0" 200 69189 "-" "Mozilla/5.0 (compatible; bingbot/2.0; +http://www.bing.com/bingbot.htm)"
13.66.139.2 - - [26/Jan/2021:19:38:44 +0100] "GET /-p-35229.html HTTP/1.0" 200 69189 "-" "Mozilla/5.0 (compatible; bingbot/2.0; +http://www.bing.com/bingbot.htm)"
13.66.139.2 - - [26/Jan/2021:19:38:45 +0100] "GET /winnie-the-pooh-glass-clock-p-33738.html HTTP/1.0" 301 69256 "-" "Mozilla/5.0 (compatible; bingbot/2.0; +http://www.bing.com/bingbot.htm)"
13.66.139.2 - - [26/Jan/2021:19:38:45 +0100] "GET /chair-cushion-cock-40-cm-p-39289.html HTTP/1.0" 200 69300 "-" "Mozilla/5.0 (compatible; bingbot/2.0; +http://www.bing.com/bingbot.htm)"
13.66.139.5 - - [26/Jan/2021:19:38:47 +0100] "GET /-p-18667.html HTTP/1.0" 200 69189 "-" "Mozilla/5.0 (compatible; bingbot/2.0; +http://www.bing.com/bingbot.htm)"
13.66.139.5 - - [26/Jan/2021:19:38:48 +0100] "GET /candy-cloud-hair-brush-gigglepot-p-47350.html HTTP/1.0" 200 69287 "-" "Mozilla/5.0 (compatible; bingbot/2.0; +http://www.bing.com/bingbot.htm)"
13.66.139.5 - - [26/Jan/2021:19:38:49 +0100] "GET /-p-23714.html HTTP/1.0" 200 69189 "-" "Mozilla/5.0 (compatible; bingbot/2.0; +http://www.bing.com/bingbot.htm)"
13.66.139.5 - - [26/Jan/2021:19:38:50 +0100] "GET /funky-dolls-small-jewelry-box-p-18878.html HTTP/1.0" 200 69325 "-" "Mozilla/5.0 (compatible; bingbot/2.0; +http://www.bing.com/bingbot.htm)"
13.66.139.5 - - [26/Jan/2021:19:38:50 +0100] "GET /paris-chalut-de-paris-mug-p-30708.html HTTP/1.0" 301 69256 "-" "Mozilla/5.0 (compatible; bingbot/2.0; +http://www.bing.com/bingbot.htm)"
13.66.139.5 - - [26/Jan/2021:19:38:51 +0100] "GET /-p-19498.html HTTP/1.0" 200 69189 "-" "Mozilla/5.0 (compatible; bingbot/2.0; +http://www.bing.com/bingbot.htm)"
13.66.139.5 - - [26/Jan/2021:19:38:52 +0100] "GET /bag-of-300-grams-of-chewing-gum-machine-compatible-p-39031.html HTTP/1.0" 200 69379 "-" "Mozilla/5.0 (compatible; bingbot/2.0; +http://www.bing.com/bingbot.htm)"
13.66.139.5 - - [26/Jan/2021:19:38:53 +0100] "GET /mickey-and-minnie-mouse-comics-retro-red-suitcase-p-36303.html HTTP/1.0" 301 69256 "-" "Mozilla/5.0 (compatible; bingbot/2.0; +http://www.bing.com/bingbot.htm)"
54.36.149.40 - - [26/Jan/2021:19:39:28 +0100] "GET /101-dalmatians-rolly-figure-p-19358.html HTTP/1.0" 200 71713 "-" "Mozilla/5.0 (compatible; AhrefsBot/7.0; +http://ahrefs.com/robot/)"
13.66.139.136 - - [26/Jan/2021:19:39:45 +0100] "GET /figurine-disney-traditions-carved-by-heart-mickey-mouse-p-21440.html HTTP/1.0" 301 69256 "-" "Mozilla/5.0 (compatible; bingbot/2.0; +http://www.bing.com/bingbot.htm)"
13.66.139.136 - - [26/Jan/2021:19:39:46 +0100] "GET /-p-35298.html HTTP/1.0" 200 69189 "-" "Mozilla/5.0 (compatible; bingbot/2.0; +http://www.bing.com/bingbot.htm)"
13.66.139.136 - - [26/Jan/2021:19:39:47 +0100] "GET /-p-20655.html HTTP/1.0" 200 69189 "-" "Mozilla/5.0 (compatible; bingbot/2.0; +http://www.bing.com/bingbot.htm)"
13.66.139.5 - - [26/Jan/2021:19:39:49 +0100] "GET /zen-canvas-frame-p-38320.html HTTP/1.0" 301 69256 "-" "Mozilla/5.0 (compatible; bingbot/2.0; +http://www.bing.com/bingbot.htm)"
13.66.139.5 - - [26/Jan/2021:19:39:50 +0100] "GET /-p-29836.html HTTP/1.0" 200 69189 "-" "Mozilla/5.0 (compatible; bingbot/2.0; +http://www.bing.com/bingbot.htm)"
13.66.139.5 - - [26/Jan/2021:19:39:51 +0100] "GET /mini-cooper-union-jack-figurine-p-26242.html HTTP/1.0" 200 69303 "-" "Mozilla/5.0 (compatible; bingbot/2.0; +http://www.bing.com/bingbot.htm)"
13.66.139.5 - - [26/Jan/2021:19:39:52 +0100] "GET /snow-white-queen-figure-p-3603.html HTTP/1.0" 200 69296 "-" "Mozilla/5.0 (compatible; bingbot/2.0; +http://www.bing.com/bingbot.htm)"
13.66.139.5 - - [26/Jan/2021:19:39:53 +0100] "GET /cotton-floor-cushion-blue-45-cm-p-43506.html HTTP/1.0" 301 69256 "-" "Mozilla/5.0 (compatible; bingbot/2.0; +http://www.bing.com/bingbot.htm)"
13.66.139.5 - - [26/Jan/2021:19:39:54 +0100] "GET /jacquard-anti-stain-tablecloth-red-140-140-cm-p-34055.html HTTP/1.0" 301 69256 "-" "Mozilla/5.0 (compatible; bingbot/2.0; +http://www.bing.com/bingbot.htm)"
13.66.139.5 - - [26/Jan/2021:19:39:55 +0100] "GET /-p-16212.html HTTP/1.0" 200 69189 "-" "Mozilla/5.0 (compatible; bingbot/2.0; +http://www.bing.com/bingbot.htm)"
13.66.139.5 - - [26/Jan/2021:19:39:56 +0100] "GET /minnie-mouse-clock-glass-p-12658.html HTTP/1.0" 301 69256 "-" "Mozilla/5.0 (compatible; bingbot/2.0; +http://www.bing.com/bingbot.htm)"
13.66.139.5 - - [26/Jan/2021:19:39:56 +0100] "GET /-p-27176.html HTTP/1.0" 200 69189 "-" "Mozilla/5.0 (compatible; bingbot/2.0; +http://www.bing.com/bingbot.htm)"
13.66.139.5 - - [26/Jan/2021:19:39:57 +0100] "GET /coca-cola-box-p-12727.html HTTP/1.0" 200 69245 "-" "Mozilla/5.0 (compatible; bingbot/2.0; +http://www.bing.com/bingbot.htm)"
216.244.66.242 - - [26/Jan/2021:19:40:04 +0100] "GET /mani-the-lucky-cat-keychain-p-44124.html HTTP/1.0" 200 69315 "-" "Mozilla/5.0 (compatible; DotBot/1.1; http://www.opensiteexplorer.org/dotbot, help@moz.com)"
17.58.101.147 - - [26/Jan/2021:19:40:47 +0100] "GET /paperweight-c-129_188.html HTTP/1.0" 200 89089 "-" "Mozilla/5.0 (Macintosh; Intel Mac OS X 10_15_5) AppleWebKit/605.1.15 (KHTML, like Gecko) Version/13.1.1 Safari/605.1.15 (Applebot/0.1; +http://www.apple.com/go/applebot)"
207.46.13.37 - - [26/Jan/2021:19:41:06 +0100] "GET /images/1399984259832.jpg HTTP/1.0" 200 259 "-" "Mozilla/5.0 (compatible; bingbot/2.0; +http://www.bing.com/bingbot.htm)"
207.46.13.37 - - [26/Jan/2021:19:41:07 +0100] "GET /images/big_prod/3453131150446.jpg HTTP/1.0" 200 268 "-" "Mozilla/5.0 (compatible; bingbot/2.0; +http://www.bing.com/bingbot.htm)"
13.66.139.139 - - [26/Jan/2021:19:42:25 +0100] "GET /-p-12031.html HTTP/1.0" 200 69189 "-" "Mozilla/5.0 (compatible; bingbot/2.0; +http://www.bing.com/bingbot.htm)"
13.66.139.139 - - [26/Jan/2021:19:42:26 +0100] "GET /winx-club-toddler-flatware-set-p-17136.html HTTP/1.0" 200 73122 "-" "Mozilla/5.0 (compatible; bingbot/2.0; +http://www.bing.com/bingbot.htm)"
13.66.139.139 - - [26/Jan/2021:19:42:27 +0100] "GET /-p-17930.html HTTP/1.0" 200 69189 "-" "Mozilla/5.0 (compatible; bingbot/2.0; +http://www.bing.com/bingbot.htm)"
13.66.139.139 - - [26/Jan/2021:19:42:27 +0100] "GET /marilyn-monroe-ashtray-p-39349.html HTTP/1.0" 301 69256 "-" "Mozilla/5.0 (compatible; bingbot/2.0; +http://www.bing.com/bingbot.htm)"
13.66.139.139 - - [26/Jan/2021:19:42:28 +0100] "GET /my-favourite-friends-puppy-kids-school-backpack-p-36204.html HTTP/1.0" 200 69367 "-" "Mozilla/5.0 (compatible; bingbot/2.0; +http://www.bing.com/bingbot.htm)"
13.66.139.139 - - [26/Jan/2021:19:42:29 +0100] "GET /-p-20063.html HTTP/1.0" 200 69189 "-" "Mozilla/5.0 (compatible; bingbot/2.0; +http://www.bing.com/bingbot.htm)"
13.66.139.139 - - [26/Jan/2021:19:42:30 +0100] "GET /-p-12397.html HTTP/1.0" 200 69189 "-" "Mozilla/5.0 (compatible; bingbot/2.0; +http://www.bing.com/bingbot.htm)"
13.66.139.139 - - [26/Jan/2021:19:42:31 +0100] "GET /union-jack-piccadilly-circus-cushion-p-34635.html HTTP/1.0" 200 69323 "-" "Mozilla/5.0 (compatible; bingbot/2.0; +http://www.bing.com/bingbot.htm)"
13.66.139.139 - - [26/Jan/2021:19:42:32 +0100] "GET /-p-38162.html HTTP/1.0" 200 69189 "-" "Mozilla/5.0 (compatible; bingbot/2.0; +http://www.bing.com/bingbot.htm)"
13.66.139.139 - - [26/Jan/2021:19:42:33 +0100] "GET /-p-19980.html HTTP/1.0" 200 69189 "-" "Mozilla/5.0 (compatible; bingbot/2.0; +http://www.bing.com/bingbot.htm)"
13.66.139.5 - - [26/Jan/2021:19:42:36 +0100] "GET /-p-16159.html HTTP/1.0" 200 69189 "-" "Mozilla/5.0 (compatible; bingbot/2.0; +http://www.bing.com/bingbot.htm)"
13.66.139.5 - - [26/Jan/2021:19:42:37 +0100] "GET /-p-7913.html HTTP/1.0" 200 69187 "-" "Mozilla/5.0 (compatible; bingbot/2.0; +http://www.bing.com/bingbot.htm)"
13.66.139.5 - - [26/Jan/2021:19:42:37 +0100] "GET /hello-kitty-backpack-p-16383.html HTTP/1.0" 200 69259 "-" "Mozilla/5.0 (compatible; bingbot/2.0; +http://www.bing.com/bingbot.htm)"
13.66.139.5 - - [26/Jan/2021:19:42:38 +0100] "GET /empire-state-building-wall-sticker-p-38338.html HTTP/1.0" 301 69256 "-" "Mozilla/5.0 (compatible; bingbot/2.0; +http://www.bing.com/bingbot.htm)"
13.66.139.5 - - [26/Jan/2021:19:42:39 +0100] "GET /mickey-ears-blue-box-collection-by-romano-britto-p-20764.html HTTP/1.0" 301 69256 "-" "Mozilla/5.0 (compatible; bingbot/2.0; +http://www.bing.com/bingbot.htm)"
13.66.139.5 - - [26/Jan/2021:19:42:40 +0100] "GET /mickey-mouse-disney-large-suitcase-p-33678.html HTTP/1.0" 301 69256 "-" "Mozilla/5.0 (compatible; bingbot/2.0; +http://www.bing.com/bingbot.htm)"
13.66.139.5 - - [26/Jan/2021:19:42:41 +0100] "GET /spiderman-swimming-ring-p-14352.html HTTP/1.0" 200 69271 "-" "Mozilla/5.0 (compatible; bingbot/2.0; +http://www.bing.com/bingbot.htm)"
13.66.139.5 - - [26/Jan/2021:19:42:42 +0100] "GET /teo-jasmin-make-up-pouch-teo-koala-grey-p-38838.html HTTP/1.0" 200 69330 "-" "Mozilla/5.0 (compatible; bingbot/2.0; +http://www.bing.com/bingbot.htm)"
13.66.139.5 - - [26/Jan/2021:19:42:43 +0100] "GET /volkswagen-combi-green-clock-p-35305.html HTTP/1.0" 301 69256 "-" "Mozilla/5.0 (compatible; bingbot/2.0; +http://www.bing.com/bingbot.htm)"
13.66.139.5 - - [26/Jan/2021:19:42:44 +0100] "GET /marvel-avengers-clock-p-31607.html HTTP/1.0" 200 69263 "-" "Mozilla/5.0 (compatible; bingbot/2.0; +http://www.bing.com/bingbot.htm)"
216.244.66.242 - - [26/Jan/2021:19:42:44 +0100] "GET /luggages-schoolbags-leather-shop-c-31.html?page=6 HTTP/1.0" 200 91466 "-" "Mozilla/5.0 (compatible; DotBot/1.1; http://www.opensiteexplorer.org/dotbot, help@moz.com)"
13.66.139.5 - - [26/Jan/2021:19:42:45 +0100] "GET /white-and-silver-horse-head-statue-p-34531.html HTTP/1.0" 200 69350 "-" "Mozilla/5.0 (compatible; bingbot/2.0; +http://www.bing.com/bingbot.htm)"
13.66.139.5 - - [26/Jan/2021:19:42:45 +0100] "GET /-p-34981.html HTTP/1.0" 200 69189 "-" "Mozilla/5.0 (compatible; bingbot/2.0; +http://www.bing.com/bingbot.htm)"
216.244.66.242 - - [26/Jan/2021:19:42:50 +0100] "GET /stars-wars-darth-vader-phone-cover-for-iphone-and-p-16767.html HTTP/1.0" 200 72696 "-" "Mozilla/5.0 (compatible; DotBot/1.1; http://www.opensiteexplorer.org/dotbot, help@moz.com)"
13.66.139.139 - - [26/Jan/2021:19:43:25 +0100] "GET /box-of-sardines-blue-metal-clock-30-cm-p-48600.html HTTP/1.0" 200 69331 "-" "Mozilla/5.0 (compatible; bingbot/2.0; +http://www.bing.com/bingbot.htm)"
13.66.139.139 - - [26/Jan/2021:19:43:26 +0100] "GET /ecru-and-gray-curtain-eyelets-manoir-135-260-cm-p-39038.html HTTP/1.0" 301 69256 "-" "Mozilla/5.0 (compatible; bingbot/2.0; +http://www.bing.com/bingbot.htm)"
13.66.139.139 - - [26/Jan/2021:19:43:26 +0100] "GET /winnie-the-pooh-medium-metal-box-p-26699.html HTTP/1.0" 200 69307 "-" "Mozilla/5.0 (compatible; bingbot/2.0; +http://www.bing.com/bingbot.htm)"
13.66.139.139 - - [26/Jan/2021:19:43:27 +0100] "GET /winnie-the-pooh-table-p-6384.html HTTP/1.0" 301 69253 "-" "Mozilla/5.0 (compatible; bingbot/2.0; +http://www.bing.com/bingbot.htm)"
13.66.139.139 - - [26/Jan/2021:19:43:28 +0100] "GET /-p-25186.html HTTP/1.0" 200 69189 "-" "Mozilla/5.0 (compatible; bingbot/2.0; +http://www.bing.com/bingbot.htm)"
13.66.139.139 - - [26/Jan/2021:19:43:29 +0100] "GET /-p-30151.html HTTP/1.0" 200 69189 "-" "Mozilla/5.0 (compatible; bingbot/2.0; +http://www.bing.com/bingbot.htm)"
13.66.139.139 - - [26/Jan/2021:19:43:30 +0100] "GET /-p-31303.html HTTP/1.0" 200 69189 "-" "Mozilla/5.0 (compatible; bingbot/2.0; +http://www.bing.com/bingbot.htm)"
13.66.139.139 - - [26/Jan/2021:19:43:31 +0100] "GET /-p-4800.html HTTP/1.0" 200 69187 "-" "Mozilla/5.0 (compatible; bingbot/2.0; +http://www.bing.com/bingbot.htm)"
13.66.139.139 - - [26/Jan/2021:19:43:32 +0100] "GET /tinted-candle-in-the-mass-red-p-48912.html HTTP/1.0" 200 71894 "-" "Mozilla/5.0 (compatible; bingbot/2.0; +http://www.bing.com/bingbot.htm)"
13.66.139.139 - - [26/Jan/2021:19:43:32 +0100] "GET /paris-tour-eiffel-soap-dish-p-8642.html HTTP/1.0" 200 71859 "-" "Mozilla/5.0 (compatible; bingbot/2.0; +http://www.bing.com/bingbot.htm)"
13.66.139.139 - - [26/Jan/2021:19:43:33 +0100] "GET /daisy-duck-figure-p-2857.html HTTP/1.0" 200 71613 "-" "Mozilla/5.0 (compatible; bingbot/2.0; +http://www.bing.com/bingbot.htm)"
13.66.139.139 - - [26/Jan/2021:19:43:34 +0100] "GET /pink-flamingo-night-light-with-led-p-48680.html HTTP/1.0" 200 71947 "-" "Mozilla/5.0 (compatible; bingbot/2.0; +http://www.bing.com/bingbot.htm)"
13.66.139.136 - - [26/Jan/2021:19:43:36 +0100] "GET /-p-14718.html HTTP/1.0" 200 69189 "-" "Mozilla/5.0 (compatible; bingbot/2.0; +http://www.bing.com/bingbot.htm)"
13.66.139.136 - - [26/Jan/2021:19:43:37 +0100] "GET /-p-15994.html HTTP/1.0" 200 69189 "-" "Mozilla/5.0 (compatible; bingbot/2.0; +http://www.bing.com/bingbot.htm)"
13.66.139.136 - - [26/Jan/2021:19:43:38 +0100] "GET /-p-12087.html HTTP/1.0" 200 69189 "-" "Mozilla/5.0 (compatible; bingbot/2.0; +http://www.bing.com/bingbot.htm)"
13.66.139.136 - - [26/Jan/2021:19:43:38 +0100] "GET /-p-11992.html HTTP/1.0" 200 69189 "-" "Mozilla/5.0 (compatible; bingbot/2.0; +http://www.bing.com/bingbot.htm)"
13.66.139.136 - - [26/Jan/2021:19:43:39 +0100] "GET /disney-princess-sunglasses-for-child-p-29950.html HTTP/1.0" 200 69360 "-" "Mozilla/5.0 (compatible; bingbot/2.0; +http://www.bing.com/bingbot.htm)"
13.66.139.136 - - [26/Jan/2021:19:43:40 +0100] "GET /doc-mcstuffins-lambie-figure-p-23405.html HTTP/1.0" 200 69320 "-" "Mozilla/5.0 (compatible; bingbot/2.0; +http://www.bing.com/bingbot.htm)"
13.66.139.136 - - [26/Jan/2021:19:43:41 +0100] "GET /new-york-and-statue-of-liberty-stickers-p-35378.html HTTP/1.0" 301 69256 "-" "Mozilla/5.0 (compatible; bingbot/2.0; +http://www.bing.com/bingbot.htm)"
54.36.148.76 - - [26/Jan/2021:19:43:43 +0100] "GET /gund-boo-exercise-plush-22-cm-p-44578.html HTTP/1.0" 200 76470 "-" "Mozilla/5.0 (compatible; AhrefsBot/7.0; +http://ahrefs.com/robot/)"
13.66.139.2 - - [26/Jan/2021:19:43:46 +0100] "GET /nintendo-1up-mushroom-red-shirt-p-29608.html HTTP/1.0" 200 72300 "-" "Mozilla/5.0 (compatible; bingbot/2.0; +http://www.bing.com/bingbot.htm)"
13.66.139.2 - - [26/Jan/2021:19:43:47 +0100] "GET /bretagne-white-women-tee-shirt-p-31094.html HTTP/1.0" 200 76292 "-" "Mozilla/5.0 (compatible; bingbot/2.0; +http://www.bing.com/bingbot.htm)"
13.66.139.2 - - [26/Jan/2021:19:43:47 +0100] "GET /cotton-floor-cushion-45-cm-burundi-p-51050.html HTTP/1.0" 301 69256 "-" "Mozilla/5.0 (compatible; bingbot/2.0; +http://www.bing.com/bingbot.htm)"
13.66.139.2 - - [26/Jan/2021:19:43:48 +0100] "GET /blue-old-phone-clock-p-46082.html HTTP/1.0" 200 72789 "-" "Mozilla/5.0 (compatible; bingbot/2.0; +http://www.bing.com/bingbot.htm)"
13.66.139.2 - - [26/Jan/2021:19:43:49 +0100] "GET /marseille-little-tray-20-14-cm-p-47718.html HTTP/1.0" 200 71930 "-" "Mozilla/5.0 (compatible; bingbot/2.0; +http://www.bing.com/bingbot.htm)"
13.66.139.2 - - [26/Jan/2021:19:43:50 +0100] "GET /eeyore-money-box-p-6906.html HTTP/1.0" 200 71749 "-" "Mozilla/5.0 (compatible; bingbot/2.0; +http://www.bing.com/bingbot.htm)"
13.66.139.2 - - [26/Jan/2021:19:43:51 +0100] "GET /bistrot-white-metal-tray-p-47722.html HTTP/1.0" 301 69256 "-" "Mozilla/5.0 (compatible; bingbot/2.0; +http://www.bing.com/bingbot.htm)"
13.66.139.2 - - [26/Jan/2021:19:43:52 +0100] "GET /unicorns-light-garland-p-53144.html HTTP/1.0" 200 72917 "-" "Mozilla/5.0 (compatible; bingbot/2.0; +http://www.bing.com/bingbot.htm)"
13.66.139.2 - - [26/Jan/2021:19:43:53 +0100] "GET /love-and-peace-grey-shirt-p-30147.html HTTP/1.0" 200 73310 "-" "Mozilla/5.0 (compatible; bingbot/2.0; +http://www.bing.com/bingbot.htm)"
13.66.139.2 - - [26/Jan/2021:19:43:54 +0100] "GET /fragrance-sachet-fresh-linen-p-40545.html HTTP/1.0" 200 72575 "-" "Mozilla/5.0 (compatible; bingbot/2.0; +http://www.bing.com/bingbot.htm)"
13.66.139.2 - - [26/Jan/2021:19:43:55 +0100] "GET /cotton-bath-mat-50-80-cm-poudre-de-lila-p-47265.html HTTP/1.0" 200 72663 "-" "Mozilla/5.0 (compatible; bingbot/2.0; +http://www.bing.com/bingbot.htm)"
13.66.139.2 - - [26/Jan/2021:19:43:56 +0100] "GET /game-watch-iphone-cover-p-24918.html HTTP/1.0" 200 71689 "-" "Mozilla/5.0 (compatible; bingbot/2.0; +http://www.bing.com/bingbot.htm)"
13.66.139.2 - - [26/Jan/2021:19:43:57 +0100] "GET /microfibre-bed-base-cover-160-200-cm-light-brown-p-47977.html HTTP/1.0" 200 72059 "-" "Mozilla/5.0 (compatible; bingbot/2.0; +http://www.bing.com/bingbot.htm)"
13.66.139.2 - - [26/Jan/2021:19:43:58 +0100] "GET /rococo-retro-phone-p-37503.html HTTP/1.0" 200 72006 "-" "Mozilla/5.0 (compatible; bingbot/2.0; +http://www.bing.com/bingbot.htm)"
13.66.139.2 - - [26/Jan/2021:19:43:59 +0100] "GET /white-memo-frame-to-hang-p-40587.html HTTP/1.0" 301 69256 "-" "Mozilla/5.0 (compatible; bingbot/2.0; +http://www.bing.com/bingbot.htm)"
216.244.66.242 - - [26/Jan/2021:19:44:11 +0100] "GET /frozen-elsa-and-anna-jewelry-box-p-37028.html HTTP/1.0" 200 72788 "-" "Mozilla/5.0 (compatible; DotBot/1.1; http://www.opensiteexplorer.org/dotbot, help@moz.com)"
216.244.66.242 - - [26/Jan/2021:19:44:21 +0100] "GET /pink-flamingo-large-glass-sold-individually-p-45259.html HTTP/1.0" 200 71989 "-" "Mozilla/5.0 (compatible; DotBot/1.1; http://www.opensiteexplorer.org/dotbot, help@moz.com)"
13.66.139.139 - - [26/Jan/2021:19:44:35 +0100] "GET /provencal-arabesques-carpet-60-90-cm-p-48574.html HTTP/1.0" 200 72763 "-" "Mozilla/5.0 (compatible; bingbot/2.0; +http://www.bing.com/bingbot.htm)"
13.66.139.139 - - [26/Jan/2021:19:44:36 +0100] "GET /white-kitchen-towel-50-70-cm-p-38795.html HTTP/1.0" 200 71882 "-" "Mozilla/5.0 (compatible; bingbot/2.0; +http://www.bing.com/bingbot.htm)"
13.66.139.139 - - [26/Jan/2021:19:44:37 +0100] "GET /reparation-express-steel-sign-30-20-cm-p-47538.html HTTP/1.0" 200 71987 "-" "Mozilla/5.0 (compatible; bingbot/2.0; +http://www.bing.com/bingbot.htm)"
13.66.139.139 - - [26/Jan/2021:19:44:38 +0100] "GET /set-retro-cups-espresso-p-39500.html HTTP/1.0" 200 71841 "-" "Mozilla/5.0 (compatible; bingbot/2.0; +http://www.bing.com/bingbot.htm)"
13.66.139.139 - - [26/Jan/2021:19:44:39 +0100] "GET /ben-10-clock-p-8342.html HTTP/1.0" 200 71873 "-" "Mozilla/5.0 (compatible; bingbot/2.0; +http://www.bing.com/bingbot.htm)"
13.66.139.139 - - [26/Jan/2021:19:44:40 +0100] "GET /buddhist-bracelet-wooden-beads-beige-p-37669.html HTTP/1.0" 200 71873 "-" "Mozilla/5.0 (compatible; bingbot/2.0; +http://www.bing.com/bingbot.htm)"
13.66.139.139 - - [26/Jan/2021:19:44:41 +0100] "GET /llama-love-round-metal-storage-box-p-47619.html HTTP/1.0" 200 72095 "-" "Mozilla/5.0 (compatible; bingbot/2.0; +http://www.bing.com/bingbot.htm)"
13.66.139.139 - - [26/Jan/2021:19:44:42 +0100] "GET /mickey-club-house-rainwear-years-p-44013.html HTTP/1.0" 200 71852 "-" "Mozilla/5.0 (compatible; bingbot/2.0; +http://www.bing.com/bingbot.htm)"
13.66.139.139 - - [26/Jan/2021:19:44:42 +0100] "GET /cats-mini-mug-p-48622.html HTTP/1.0" 200 72305 "-" "Mozilla/5.0 (compatible; bingbot/2.0; +http://www.bing.com/bingbot.htm)"
13.66.139.139 - - [26/Jan/2021:19:44:43 +0100] "GET /che-guevara-zippo-lighter-p-29758.html HTTP/1.0" 200 72297 "-" "Mozilla/5.0 (compatible; bingbot/2.0; +http://www.bing.com/bingbot.htm)"
13.66.139.139 - - [26/Jan/2021:19:44:44 +0100] "GET /birdcage-tealight-metal-p-33512.html HTTP/1.0" 200 71920 "-" "Mozilla/5.0 (compatible; bingbot/2.0; +http://www.bing.com/bingbot.htm)"
13.66.139.139 - - [26/Jan/2021:19:44:45 +0100] "GET /gund-my-first-teddy-bear-blue-38-cm-p-29246.html HTTP/1.0" 301 69256 "-" "Mozilla/5.0 (compatible; bingbot/2.0; +http://www.bing.com/bingbot.htm)"
13.66.139.136 - - [26/Jan/2021:19:44:47 +0100] "GET /-p-26788.html HTTP/1.0" 200 69189 "-" "Mozilla/5.0 (compatible; bingbot/2.0; +http://www.bing.com/bingbot.htm)"
66.249.70.62 - - [26/Jan/2021:19:44:47 +0100] "GET /abs-suitcase-cabin-compatible-company-low-cost-p-37087.html HTTP/1.0" 200 69367 "-" "Mozilla/5.0 (Linux; Android 6.0.1; Nexus 5X Build/MMB29P) AppleWebKit/537.36 (KHTML, like Gecko) Chrome/88.0.4324.113 Mobile Safari/537.36 (compatible; Googlebot/2.1; +http://www.google.com/bot.html)"
13.66.139.136 - - [26/Jan/2021:19:44:47 +0100] "GET /-p-34872.html HTTP/1.0" 200 69189 "-" "Mozilla/5.0 (compatible; bingbot/2.0; +http://www.bing.com/bingbot.htm)"
13.66.139.136 - - [26/Jan/2021:19:44:48 +0100] "GET /-p-35534.html HTTP/1.0" 200 69189 "-" "Mozilla/5.0 (compatible; bingbot/2.0; +http://www.bing.com/bingbot.htm)"
13.66.139.136 - - [26/Jan/2021:19:44:49 +0100] "GET /lagoona-blue-monster-high-mug-p-17500.html HTTP/1.0" 200 71974 "-" "Mozilla/5.0 (compatible; bingbot/2.0; +http://www.bing.com/bingbot.htm)"
13.66.139.136 - - [26/Jan/2021:19:44:50 +0100] "GET /cotton-floor-cushion-beige-45-cm-p-47895.html HTTP/1.0" 200 71881 "-" "Mozilla/5.0 (compatible; bingbot/2.0; +http://www.bing.com/bingbot.htm)"
13.66.139.136 - - [26/Jan/2021:19:44:51 +0100] "GET /wind-chime-angel-blue-p-40217.html HTTP/1.0" 200 72726 "-" "Mozilla/5.0 (compatible; bingbot/2.0; +http://www.bing.com/bingbot.htm)"
13.66.139.136 - - [26/Jan/2021:19:44:52 +0100] "GET /butterfly-green-hoodies-p-31777.html HTTP/1.0" 200 74603 "-" "Mozilla/5.0 (compatible; bingbot/2.0; +http://www.bing.com/bingbot.htm)"
13.66.139.136 - - [26/Jan/2021:19:44:53 +0100] "GET /jamaica-mouse-pad-p-19554.html HTTP/1.0" 200 71888 "-" "Mozilla/5.0 (compatible; bingbot/2.0; +http://www.bing.com/bingbot.htm)"
13.66.139.136 - - [26/Jan/2021:19:44:54 +0100] "GET /pillow-case-65-65-cm-grey-p-34834.html HTTP/1.0" 200 72079 "-" "Mozilla/5.0 (compatible; bingbot/2.0; +http://www.bing.com/bingbot.htm)"
13.66.139.136 - - [26/Jan/2021:19:44:55 +0100] "GET /led-nightlight-green-bob-despicable-me-p-33708.html HTTP/1.0" 200 72119 "-" "Mozilla/5.0 (compatible; bingbot/2.0; +http://www.bing.com/bingbot.htm)"
13.66.139.136 - - [26/Jan/2021:19:44:56 +0100] "GET /disney-showcase-haute-couture-cinderella-wedding-figurine-p-29828.html HTTP/1.0" 301 69256 "-" "Mozilla/5.0 (compatible; bingbot/2.0; +http://www.bing.com/bingbot.htm)"
13.66.139.136 - - [26/Jan/2021:19:44:57 +0100] "GET /cow-pop-plush-by-britto-20-cm-p-24361.html HTTP/1.0" 200 76094 "-" "Mozilla/5.0 (compatible; bingbot/2.0; +http://www.bing.com/bingbot.htm)"
157.55.39.130 - - [26/Jan/2021:19:44:59 +0100] "GET /small-tinbox-retro-motorcycle-55-25-cm-p-41341.html HTTP/1.0" 200 72159 "-" "Mozilla/5.0 (compatible; bingbot/2.0; +http://www.bing.com/bingbot.htm)"
157.55.39.130 - - [26/Jan/2021:19:45:00 +0100] "GET /images/med_prod/7316197615563.jpg HTTP/1.0" 200 268 "-" "Mozilla/5.0 (compatible; bingbot/2.0; +http://www.bing.com/bingbot.htm)"
157.55.39.130 - - [26/Jan/2021:19:45:01 +0100] "GET /images/078257582280.jpg HTTP/1.0" 200 258 "-" "Mozilla/5.0 (compatible; bingbot/2.0; +http://www.bing.com/bingbot.htm)"
157.55.39.130 - - [26/Jan/2021:19:45:01 +0100] "GET /images/big_prod/8487012480242.jpg HTTP/1.0" 200 268 "-" "Mozilla/5.0 (compatible; bingbot/2.0; +http://www.bing.com/bingbot.htm)"
157.55.39.130 - - [26/Jan/2021:19:45:01 +0100] "GET /images/078257582280.jpg HTTP/1.0" 200 258 "-" "Mozilla/5.0 (compatible; bingbot/2.0; +http://www.bing.com/bingbot.htm)"
216.244.66.242 - - [26/Jan/2021:19:45:07 +0100] "GET /writing-and-correction-c-129_186.html?page=6 HTTP/1.0" 200 84571 "-" "Mozilla/5.0 (compatible; DotBot/1.1; http://www.opensiteexplorer.org/dotbot, help@moz.com)"
13.66.139.5 - - [26/Jan/2021:19:45:16 +0100] "GET /avengers-age-of-ultron-poster-p-32314.html HTTP/1.0" 200 71909 "-" "Mozilla/5.0 (compatible; bingbot/2.0; +http://www.bing.com/bingbot.htm)"
216.244.66.242 - - [26/Jan/2021:19:45:17 +0100] "GET /zebral-ground-sheet-45-75-cm-p-39033.html HTTP/1.0" 200 72829 "-" "Mozilla/5.0 (compatible; DotBot/1.1; http://www.opensiteexplorer.org/dotbot, help@moz.com)"
13.66.139.5 - - [26/Jan/2021:19:45:17 +0100] "GET /corsica-decorative-metal-plate-by-cbkreation-p-51910.html HTTP/1.0" 200 72015 "-" "Mozilla/5.0 (compatible; bingbot/2.0; +http://www.bing.com/bingbot.htm)"
13.66.139.5 - - [26/Jan/2021:19:45:19 +0100] "GET /happy-colors-kitchen-scale-p-24656.html HTTP/1.0" 200 72087 "-" "Mozilla/5.0 (compatible; bingbot/2.0; +http://www.bing.com/bingbot.htm)"
13.66.139.5 - - [26/Jan/2021:19:45:20 +0100] "GET /albania-mug-by-cbkreation-p-33768.html HTTP/1.0" 200 71858 "-" "Mozilla/5.0 (compatible; bingbot/2.0; +http://www.bing.com/bingbot.htm)"
13.66.139.5 - - [26/Jan/2021:19:45:21 +0100] "GET /little-miss-super-cawaii-cosmetic-bag-p-21781.html HTTP/1.0" 200 71959 "-" "Mozilla/5.0 (compatible; bingbot/2.0; +http://www.bing.com/bingbot.htm)"
13.66.139.5 - - [26/Jan/2021:19:45:22 +0100] "GET /miss-and-mister-saltshaker-and-pepper-pot-p-28748.html HTTP/1.0" 200 71949 "-" "Mozilla/5.0 (compatible; bingbot/2.0; +http://www.bing.com/bingbot.htm)"
13.66.139.5 - - [26/Jan/2021:19:45:23 +0100] "GET /bolster-case-45-185-cm-red-p-36450.html HTTP/1.0" 200 72084 "-" "Mozilla/5.0 (compatible; bingbot/2.0; +http://www.bing.com/bingbot.htm)"
13.66.139.5 - - [26/Jan/2021:19:45:24 +0100] "GET /russian-dolls-rectangulary-cushion-by-cbkreation-p-18690.html HTTP/1.0" 200 72372 "-" "Mozilla/5.0 (compatible; bingbot/2.0; +http://www.bing.com/bingbot.htm)"
13.66.139.5 - - [26/Jan/2021:19:45:25 +0100] "GET /beyblade-dvd-p-27883.html HTTP/1.0" 200 71931 "-" "Mozilla/5.0 (compatible; bingbot/2.0; +http://www.bing.com/bingbot.htm)"
13.66.139.5 - - [26/Jan/2021:19:45:26 +0100] "GET /uk-clock-by-cbkreation-p-24412.html HTTP/1.0" 200 71929 "-" "Mozilla/5.0 (compatible; bingbot/2.0; +http://www.bing.com/bingbot.htm)"
13.66.139.5 - - [26/Jan/2021:19:45:26 +0100] "GET /magical-snowman-olaf-figure-collection-p-34271.html HTTP/1.0" 301 69256 "-" "Mozilla/5.0 (compatible; bingbot/2.0; +http://www.bing.com/bingbot.htm)"
13.66.139.5 - - [26/Jan/2021:19:45:27 +0100] "GET /nici-ayumi-white-plush-20-cm-p-33422.html HTTP/1.0" 200 69291 "-" "Mozilla/5.0 (compatible; bingbot/2.0; +http://www.bing.com/bingbot.htm)"
13.66.139.5 - - [26/Jan/2021:19:45:28 +0100] "GET /-p-23525.html HTTP/1.0" 200 69189 "-" "Mozilla/5.0 (compatible; bingbot/2.0; +http://www.bing.com/bingbot.htm)"
13.66.139.5 - - [26/Jan/2021:19:45:29 +0100] "GET /radio-60-wood-colors-p-19020.html HTTP/1.0" 200 69286 "-" "Mozilla/5.0 (compatible; bingbot/2.0; +http://www.bing.com/bingbot.htm)"
13.66.139.5 - - [26/Jan/2021:19:45:30 +0100] "GET /nitro-backpack-stash-blur-orange-trims-49-cm-p-35706.html HTTP/1.0" 301 69256 "-" "Mozilla/5.0 (compatible; bingbot/2.0; +http://www.bing.com/bingbot.htm)"
13.66.139.5 - - [26/Jan/2021:19:45:31 +0100] "GET /charmmy-kitty-backpack-p-14542.html HTTP/1.0" 200 69275 "-" "Mozilla/5.0 (compatible; bingbot/2.0; +http://www.bing.com/bingbot.htm)"
13.66.139.5 - - [26/Jan/2021:19:45:32 +0100] "GET /phone-box-retro-console-80-cm-p-35691.html HTTP/1.0" 200 69325 "-" "Mozilla/5.0 (compatible; bingbot/2.0; +http://www.bing.com/bingbot.htm)"
13.66.139.5 - - [26/Jan/2021:19:45:33 +0100] "GET /-p-16657.html HTTP/1.0" 200 69189 "-" "Mozilla/5.0 (compatible; bingbot/2.0; +http://www.bing.com/bingbot.htm)"
13.66.139.5 - - [26/Jan/2021:19:45:34 +0100] "GET /-p-16820.html HTTP/1.0" 200 69189 "-" "Mozilla/5.0 (compatible; bingbot/2.0; +http://www.bing.com/bingbot.htm)"
13.66.139.5 - - [26/Jan/2021:19:45:35 +0100] "GET /-p-17244.html HTTP/1.0" 200 69189 "-" "Mozilla/5.0 (compatible; bingbot/2.0; +http://www.bing.com/bingbot.htm)"
13.66.139.139 - - [26/Jan/2021:19:45:35 +0100] "GET /long-playing-clock-by-cbkreation-p-24373.html HTTP/1.0" 200 72009 "-" "Mozilla/5.0 (compatible; bingbot/2.0; +http://www.bing.com/bingbot.htm)"
13.66.139.139 - - [26/Jan/2021:19:45:36 +0100] "GET /gorjuss-ladybird-large-pencil-case-limited-edition-p-35136.html HTTP/1.0" 200 72773 "-" "Mozilla/5.0 (compatible; bingbot/2.0; +http://www.bing.com/bingbot.htm)"
13.66.139.139 - - [26/Jan/2021:19:45:37 +0100] "GET /charmmy-kitty-dress-p-31105.html HTTP/1.0" 200 72940 "-" "Mozilla/5.0 (compatible; bingbot/2.0; +http://www.bing.com/bingbot.htm)"
13.66.139.139 - - [26/Jan/2021:19:45:38 +0100] "GET /blue-pens-marseille-colors-p-14941.html HTTP/1.0" 301 69256 "-" "Mozilla/5.0 (compatible; bingbot/2.0; +http://www.bing.com/bingbot.htm)"
13.66.139.139 - - [26/Jan/2021:19:45:39 +0100] "GET /sneezy-figure-collection-disney-sneezing-dwarf-p-23123.html HTTP/1.0" 301 69256 "-" "Mozilla/5.0 (compatible; bingbot/2.0; +http://www.bing.com/bingbot.htm)"
13.66.139.139 - - [26/Jan/2021:19:45:40 +0100] "GET /nintendo-mario-vintage-laptop-cover-p-17628.html HTTP/1.0" 200 74655 "-" "Mozilla/5.0 (compatible; bingbot/2.0; +http://www.bing.com/bingbot.htm)"
13.66.139.139 - - [26/Jan/2021:19:45:41 +0100] "GET /secret-garden-bedclothes-220-240-cm-p-39068.html HTTP/1.0" 301 69256 "-" "Mozilla/5.0 (compatible; bingbot/2.0; +http://www.bing.com/bingbot.htm)"
13.66.139.139 - - [26/Jan/2021:19:45:42 +0100] "GET /chickens-bread-bag-69-27-cm-p-45579.html HTTP/1.0" 200 71879 "-" "Mozilla/5.0 (compatible; bingbot/2.0; +http://www.bing.com/bingbot.htm)"
13.66.139.139 - - [26/Jan/2021:19:45:43 +0100] "GET /bugs-bunny-straight-shot-glass-p-4196.html HTTP/1.0" 200 69328 "-" "Mozilla/5.0 (compatible; bingbot/2.0; +http://www.bing.com/bingbot.htm)"
13.66.139.139 - - [26/Jan/2021:19:45:44 +0100] "GET /hamster-sticker-notes-p-17392.html HTTP/1.0" 301 69256 "-" "Mozilla/5.0 (compatible; bingbot/2.0; +http://www.bing.com/bingbot.htm)"
13.66.139.139 - - [26/Jan/2021:19:45:45 +0100] "GET /grumpy-dwarf-statement-figurine-collection-disney-p-29256.html HTTP/1.0" 301 69256 "-" "Mozilla/5.0 (compatible; bingbot/2.0; +http://www.bing.com/bingbot.htm)"
13.66.139.139 - - [26/Jan/2021:19:45:46 +0100] "GET /-p-21939.html HTTP/1.0" 200 69189 "-" "Mozilla/5.0 (compatible; bingbot/2.0; +http://www.bing.com/bingbot.htm)"
13.66.139.139 - - [26/Jan/2021:19:45:47 +0100] "GET /-p-11122.html HTTP/1.0" 200 69189 "-" "Mozilla/5.0 (compatible; bingbot/2.0; +http://www.bing.com/bingbot.htm)"
13.66.139.136 - - [26/Jan/2021:19:45:48 +0100] "GET /spiderman-sports-bottle-p-25059.html HTTP/1.0" 200 71828 "-" "Mozilla/5.0 (compatible; bingbot/2.0; +http://www.bing.com/bingbot.htm)"
13.66.139.136 - - [26/Jan/2021:19:45:49 +0100] "GET /candys-clock-by-cbkreation-p-24405.html HTTP/1.0" 200 71962 "-" "Mozilla/5.0 (compatible; bingbot/2.0; +http://www.bing.com/bingbot.htm)"
13.66.139.136 - - [26/Jan/2021:19:45:50 +0100] "GET /the-little-prince-gift-box-pieces-p-30323.html HTTP/1.0" 200 72026 "-" "Mozilla/5.0 (compatible; bingbot/2.0; +http://www.bing.com/bingbot.htm)"
13.66.139.136 - - [26/Jan/2021:19:45:51 +0100] "GET /corsica-shooter-p-48511.html HTTP/1.0" 200 71754 "-" "Mozilla/5.0 (compatible; bingbot/2.0; +http://www.bing.com/bingbot.htm)"
13.66.139.136 - - [26/Jan/2021:19:45:52 +0100] "GET /elvis-presley-black-shirt-p-29563.html HTTP/1.0" 200 73276 "-" "Mozilla/5.0 (compatible; bingbot/2.0; +http://www.bing.com/bingbot.htm)"
216.244.66.242 - - [26/Jan/2021:19:46:00 +0100] "GET /hello-kitty-set-of-fountain-pen-and-ballpoint-pen-p-7214.html HTTP/1.0" 200 72068 "-" "Mozilla/5.0 (compatible; DotBot/1.1; http://www.opensiteexplorer.org/dotbot, help@moz.com)"
13.66.139.136 - - [26/Jan/2021:19:46:05 +0100] "GET /the-little-prince-of-saint-exupery-wall-decoration-19-19-cm-p-45843.html HTTP/1.0" 200 72181 "-" "Mozilla/5.0 (compatible; bingbot/2.0; +http://www.bing.com/bingbot.htm)"
13.66.139.136 - - [26/Jan/2021:19:46:06 +0100] "GET /high-school-musical-sleeveless-padded-jacket-p-31264.html HTTP/1.0" 200 73932 "-" "Mozilla/5.0 (compatible; bingbot/2.0; +http://www.bing.com/bingbot.htm)"
216.244.66.242 - - [26/Jan/2021:19:46:06 +0100] "GET /london-union-jack-black-shirt-p-30145.html HTTP/1.0" 200 73334 "-" "Mozilla/5.0 (compatible; DotBot/1.1; http://www.opensiteexplorer.org/dotbot, help@moz.com)"
13.66.139.136 - - [26/Jan/2021:19:46:07 +0100] "GET /harley-davidson-large-box-p-38444.html HTTP/1.0" 200 72000 "-" "Mozilla/5.0 (compatible; bingbot/2.0; +http://www.bing.com/bingbot.htm)"
13.66.139.136 - - [26/Jan/2021:19:46:08 +0100] "GET /fairies-backpack-p-19685.html HTTP/1.0" 200 71800 "-" "Mozilla/5.0 (compatible; bingbot/2.0; +http://www.bing.com/bingbot.htm)"
13.66.139.136 - - [26/Jan/2021:19:46:09 +0100] "GET /tooth-glass-paris-eau-de-parfum-p-37460.html HTTP/1.0" 200 71930 "-" "Mozilla/5.0 (compatible; bingbot/2.0; +http://www.bing.com/bingbot.htm)"
13.66.139.136 - - [26/Jan/2021:19:46:09 +0100] "GET /raving-rabbids-eeerz-figure-serie-p-18097.html HTTP/1.0" 200 69319 "-" "Mozilla/5.0 (compatible; bingbot/2.0; +http://www.bing.com/bingbot.htm)"
13.66.139.136 - - [26/Jan/2021:19:46:10 +0100] "GET /the-little-mermaid-musical-disney-traditions-statue-p-30670.html HTTP/1.0" 301 69256 "-" "Mozilla/5.0 (compatible; bingbot/2.0; +http://www.bing.com/bingbot.htm)"
216.244.66.242 - - [26/Jan/2021:19:46:11 +0100] "GET /set-of-square-coasters-with-personalized-pictures-p-16333.html HTTP/1.0" 200 72533 "-" "Mozilla/5.0 (compatible; DotBot/1.1; http://www.opensiteexplorer.org/dotbot, help@moz.com)"
13.66.139.136 - - [26/Jan/2021:19:46:11 +0100] "GET /-p-29762.html HTTP/1.0" 200 69189 "-" "Mozilla/5.0 (compatible; bingbot/2.0; +http://www.bing.com/bingbot.htm)"
13.66.139.136 - - [26/Jan/2021:19:46:12 +0100] "GET /-p-28590.html HTTP/1.0" 200 69189 "-" "Mozilla/5.0 (compatible; bingbot/2.0; +http://www.bing.com/bingbot.htm)"
13.66.139.139 - - [26/Jan/2021:19:46:13 +0100] "GET /-p-29695.html HTTP/1.0" 200 69189 "-" "Mozilla/5.0 (compatible; bingbot/2.0; +http://www.bing.com/bingbot.htm)"
13.66.139.139 - - [26/Jan/2021:19:46:14 +0100] "GET /-p-28806.html HTTP/1.0" 200 69189 "-" "Mozilla/5.0 (compatible; bingbot/2.0; +http://www.bing.com/bingbot.htm)"
13.66.139.139 - - [26/Jan/2021:19:46:15 +0100] "GET /-p-33395.html HTTP/1.0" 200 69189 "-" "Mozilla/5.0 (compatible; bingbot/2.0; +http://www.bing.com/bingbot.htm)"
13.66.139.139 - - [26/Jan/2021:19:46:16 +0100] "GET /-p-2500.html HTTP/1.0" 200 69187 "-" "Mozilla/5.0 (compatible; bingbot/2.0; +http://www.bing.com/bingbot.htm)"
13.66.139.139 - - [26/Jan/2021:19:46:17 +0100] "GET /-p-19624.html HTTP/1.0" 200 69189 "-" "Mozilla/5.0 (compatible; bingbot/2.0; +http://www.bing.com/bingbot.htm)"
13.66.139.5 - - [26/Jan/2021:19:46:18 +0100] "GET /-p-19518.html HTTP/1.0" 200 69189 "-" "Mozilla/5.0 (compatible; bingbot/2.0; +http://www.bing.com/bingbot.htm)"
13.66.139.5 - - [26/Jan/2021:19:46:19 +0100] "GET /-p-18260.html HTTP/1.0" 200 69189 "-" "Mozilla/5.0 (compatible; bingbot/2.0; +http://www.bing.com/bingbot.htm)"
13.66.139.5 - - [26/Jan/2021:19:46:20 +0100] "GET /-p-18339.html HTTP/1.0" 200 69189 "-" "Mozilla/5.0 (compatible; bingbot/2.0; +http://www.bing.com/bingbot.htm)"
13.66.139.5 - - [26/Jan/2021:19:46:21 +0100] "GET /-p-22698.html HTTP/1.0" 200 69189 "-" "Mozilla/5.0 (compatible; bingbot/2.0; +http://www.bing.com/bingbot.htm)"
13.66.139.5 - - [26/Jan/2021:19:46:22 +0100] "GET /-p-1561.html HTTP/1.0" 200 69187 "-" "Mozilla/5.0 (compatible; bingbot/2.0; +http://www.bing.com/bingbot.htm)"
13.66.139.5 - - [26/Jan/2021:19:46:23 +0100] "GET /betty-boop-figure-collection-p-28451.html HTTP/1.0" 200 69320 "-" "Mozilla/5.0 (compatible; bingbot/2.0; +http://www.bing.com/bingbot.htm)"
13.66.139.5 - - [26/Jan/2021:19:46:24 +0100] "GET /-p-34031.html HTTP/1.0" 200 69189 "-" "Mozilla/5.0 (compatible; bingbot/2.0; +http://www.bing.com/bingbot.htm)"
13.66.139.5 - - [26/Jan/2021:19:46:24 +0100] "GET /-p-31396.html HTTP/1.0" 200 69189 "-" "Mozilla/5.0 (compatible; bingbot/2.0; +http://www.bing.com/bingbot.htm)"
13.66.139.5 - - [26/Jan/2021:19:46:25 +0100] "GET /black-samsung-galaxy-note-cupcakes-phone-cover-cbkreation-p-17342.html HTTP/1.0" 200 69438 "-" "Mozilla/5.0 (compatible; bingbot/2.0; +http://www.bing.com/bingbot.htm)"
13.66.139.5 - - [26/Jan/2021:19:46:26 +0100] "GET /bolster-case-45-185-cm-pink-p-34839.html HTTP/1.0" 301 69256 "-" "Mozilla/5.0 (compatible; bingbot/2.0; +http://www.bing.com/bingbot.htm)"
13.66.139.5 - - [26/Jan/2021:19:46:27 +0100] "GET /-p-6588.html HTTP/1.0" 200 69187 "-" "Mozilla/5.0 (compatible; bingbot/2.0; +http://www.bing.com/bingbot.htm)"
13.66.139.5 - - [26/Jan/2021:19:46:28 +0100] "GET /camargue-potholder-20-cm-p-43820.html HTTP/1.0" 200 69257 "-" "Mozilla/5.0 (compatible; bingbot/2.0; +http://www.bing.com/bingbot.htm)"
54.36.148.151 - - [26/Jan/2021:19:46:41 +0100] "GET /provence-lavender-toothbrush-pot-p-14663.html HTTP/1.0" 301 69256 "-" "Mozilla/5.0 (compatible; AhrefsBot/7.0; +http://ahrefs.com/robot/)"
216.244.66.242 - - [26/Jan/2021:19:46:50 +0100] "GET /blue-distributor-box-p-50101.html HTTP/1.0" 200 71967 "-" "Mozilla/5.0 (compatible; DotBot/1.1; http://www.opensiteexplorer.org/dotbot, help@moz.com)"
157.55.39.149 - - [26/Jan/2021:19:46:53 +0100] "GET /images/med_prod/9316188046169.jpg HTTP/1.0" 200 268 "-" "Mozilla/5.0 (compatible; bingbot/2.0; +http://www.bing.com/bingbot.htm)"
216.244.66.242 - - [26/Jan/2021:19:46:54 +0100] "GET /dog-mini-trolley-p-49044.html HTTP/1.0" 200 72501 "-" "Mozilla/5.0 (compatible; DotBot/1.1; http://www.opensiteexplorer.org/dotbot, help@moz.com)"
216.244.66.242 - - [26/Jan/2021:19:46:56 +0100] "GET /frida-khalo-saucer-for-tea-bag-p-50158.html HTTP/1.0" 200 71885 "-" "Mozilla/5.0 (compatible; DotBot/1.1; http://www.opensiteexplorer.org/dotbot, help@moz.com)"
216.244.66.242 - - [26/Jan/2021:19:47:03 +0100] "GET /rectangular-wooden-tray-avocado-large-p-47697.html HTTP/1.0" 200 72051 "-" "Mozilla/5.0 (compatible; DotBot/1.1; http://www.opensiteexplorer.org/dotbot, help@moz.com)"
13.66.139.136 - - [26/Jan/2021:19:47:15 +0100] "GET /-p-24312.html HTTP/1.0" 200 69189 "-" "Mozilla/5.0 (compatible; bingbot/2.0; +http://www.bing.com/bingbot.htm)"
13.66.139.136 - - [26/Jan/2021:19:47:16 +0100] "GET /lucky-luke-figurine-william-dalton-yellow-stripe-p-15688.html HTTP/1.0" 200 69423 "-" "Mozilla/5.0 (compatible; bingbot/2.0; +http://www.bing.com/bingbot.htm)"
13.66.139.136 - - [26/Jan/2021:19:47:16 +0100] "GET /winnie-the-pooh-plush-by-britto-30-cm-p-24305.html HTTP/1.0" 301 69256 "-" "Mozilla/5.0 (compatible; bingbot/2.0; +http://www.bing.com/bingbot.htm)"
216.244.66.242 - - [26/Jan/2021:19:47:16 +0100] "GET /cat-rectangulary-cushion-by-jo-p-39993.html HTTP/1.0" 200 72105 "-" "Mozilla/5.0 (compatible; DotBot/1.1; http://www.opensiteexplorer.org/dotbot, help@moz.com)"
13.66.139.136 - - [26/Jan/2021:19:47:17 +0100] "GET /decorative-metal-bell-with-rope-p-38658.html HTTP/1.0" 301 69256 "-" "Mozilla/5.0 (compatible; bingbot/2.0; +http://www.bing.com/bingbot.htm)"
13.66.139.136 - - [26/Jan/2021:19:47:19 +0100] "GET /lulu-castagnette-blue-watch-girl-p-35094.html HTTP/1.0" 200 69346 "-" "Mozilla/5.0 (compatible; bingbot/2.0; +http://www.bing.com/bingbot.htm)"
13.66.139.139 - - [26/Jan/2021:19:47:20 +0100] "GET /-p-6907.html HTTP/1.0" 200 69187 "-" "Mozilla/5.0 (compatible; bingbot/2.0; +http://www.bing.com/bingbot.htm)"
13.66.139.139 - - [26/Jan/2021:19:47:20 +0100] "GET /-p-6633.html HTTP/1.0" 200 69187 "-" "Mozilla/5.0 (compatible; bingbot/2.0; +http://www.bing.com/bingbot.htm)"
13.66.139.139 - - [26/Jan/2021:19:47:21 +0100] "GET /birds-and-branches-eyelets-sheer-curtain-p-36970.html HTTP/1.0" 301 69256 "-" "Mozilla/5.0 (compatible; bingbot/2.0; +http://www.bing.com/bingbot.htm)"
13.66.139.139 - - [26/Jan/2021:19:47:22 +0100] "GET /support-metal-bottle-the-huntsman-p-39636.html HTTP/1.0" 200 69351 "-" "Mozilla/5.0 (compatible; bingbot/2.0; +http://www.bing.com/bingbot.htm)"
216.244.66.242 - - [26/Jan/2021:19:47:21 +0100] "GET /retro-metal-tray-25-16-cm-p-48100.html HTTP/1.0" 200 71921 "-" "Mozilla/5.0 (compatible; DotBot/1.1; http://www.opensiteexplorer.org/dotbot, help@moz.com)"
13.66.139.139 - - [26/Jan/2021:19:47:23 +0100] "GET /harley-davidson-small-metal-plate-p-29712.html HTTP/1.0" 200 69311 "-" "Mozilla/5.0 (compatible; bingbot/2.0; +http://www.bing.com/bingbot.htm)"
13.66.139.139 - - [26/Jan/2021:19:47:24 +0100] "GET /-p-31848.html HTTP/1.0" 200 69189 "-" "Mozilla/5.0 (compatible; bingbot/2.0; +http://www.bing.com/bingbot.htm)"
13.66.139.139 - - [26/Jan/2021:19:47:25 +0100] "GET /-p-29604.html HTTP/1.0" 200 69189 "-" "Mozilla/5.0 (compatible; bingbot/2.0; +http://www.bing.com/bingbot.htm)"
13.66.139.136 - - [26/Jan/2021:19:47:26 +0100] "GET /olympique-de-marseille-puzzle-calculator-p-18784.html HTTP/1.0" 200 69380 "-" "Mozilla/5.0 (compatible; bingbot/2.0; +http://www.bing.com/bingbot.htm)"
13.66.139.136 - - [26/Jan/2021:19:47:27 +0100] "GET /-p-13281.html HTTP/1.0" 200 69189 "-" "Mozilla/5.0 (compatible; bingbot/2.0; +http://www.bing.com/bingbot.htm)"
13.66.139.136 - - [26/Jan/2021:19:47:28 +0100] "GET /-p-20601.html HTTP/1.0" 200 69189 "-" "Mozilla/5.0 (compatible; bingbot/2.0; +http://www.bing.com/bingbot.htm)"
13.66.139.136 - - [26/Jan/2021:19:47:29 +0100] "GET /-p-19571.html HTTP/1.0" 200 69189 "-" "Mozilla/5.0 (compatible; bingbot/2.0; +http://www.bing.com/bingbot.htm)"
13.66.139.136 - - [26/Jan/2021:19:47:29 +0100] "GET /-p-32940.html HTTP/1.0" 200 69189 "-" "Mozilla/5.0 (compatible; bingbot/2.0; +http://www.bing.com/bingbot.htm)"
216.244.66.242 - - [26/Jan/2021:19:47:34 +0100] "GET /cuba-mug-by-cbkreation-p-28589.html HTTP/1.0" 200 71819 "-" "Mozilla/5.0 (compatible; DotBot/1.1; http://www.opensiteexplorer.org/dotbot, help@moz.com)"
13.66.139.139 - - [26/Jan/2021:19:47:36 +0100] "GET /-p-17200.html HTTP/1.0" 200 69189 "-" "Mozilla/5.0 (compatible; bingbot/2.0; +http://www.bing.com/bingbot.htm)"
13.66.139.139 - - [26/Jan/2021:19:47:37 +0100] "GET /cars-round-table-p-18801.html HTTP/1.0" 200 71958 "-" "Mozilla/5.0 (compatible; bingbot/2.0; +http://www.bing.com/bingbot.htm)"
