13.66.139.5 - - [26/Jan/2021:08:39:28 +0100] "GET /betty-boop-large-bag-p-3351.html HTTP/1.0" 200 69278 "-" "Mozilla/5.0 (compatible; bingbot/2.0; +http://www.bing.com/bingbot.htm)"
13.66.139.5 - - [26/Jan/2021:08:39:29 +0100] "GET /rock-dog-cushion-p-22993.html HTTP/1.0" 200 71746 "-" "Mozilla/5.0 (compatible; bingbot/2.0; +http://www.bing.com/bingbot.htm)"
13.66.139.139 - - [26/Jan/2021:08:39:30 +0100] "GET /-p-19981.html HTTP/1.0" 200 69189 "-" "Mozilla/5.0 (compatible; bingbot/2.0; +http://www.bing.com/bingbot.htm)"
13.66.139.139 - - [26/Jan/2021:08:39:31 +0100] "GET /-p-18066.html HTTP/1.0" 200 69189 "-" "Mozilla/5.0 (compatible; bingbot/2.0; +http://www.bing.com/bingbot.htm)"
13.66.139.139 - - [26/Jan/2021:08:39:32 +0100] "GET /swimwear-c-2_35.html HTTP/1.0" 200 88884 "-" "Mozilla/5.0 (compatible; bingbot/2.0; +http://www.bing.com/bingbot.htm)"
13.66.139.139 - - [26/Jan/2021:08:39:33 +0100] "GET /-p-4800.html HTTP/1.0" 200 69187 "-" "Mozilla/5.0 (compatible; bingbot/2.0; +http://www.bing.com/bingbot.htm)"
13.66.139.139 - - [26/Jan/2021:08:39:34 +0100] "GET /-p-7755.html HTTP/1.0" 200 69187 "-" "Mozilla/5.0 (compatible; bingbot/2.0; +http://www.bing.com/bingbot.htm)"
13.66.139.5 - - [26/Jan/2021:08:39:35 +0100] "GET /love-paris-box-of-coasters-p-39750.html HTTP/1.0" 200 71879 "-" "Mozilla/5.0 (compatible; bingbot/2.0; +http://www.bing.com/bingbot.htm)"
13.66.139.5 - - [26/Jan/2021:08:39:36 +0100] "GET /dog-night-light-p-29898.html HTTP/1.0" 200 71847 "-" "Mozilla/5.0 (compatible; bingbot/2.0; +http://www.bing.com/bingbot.htm)"
13.66.139.5 - - [26/Jan/2021:08:39:37 +0100] "GET /mr-men-melamine-plate-p-4256.html HTTP/1.0" 200 69261 "-" "Mozilla/5.0 (compatible; bingbot/2.0; +http://www.bing.com/bingbot.htm)"
13.66.139.5 - - [26/Jan/2021:08:39:38 +0100] "GET /slicer-sausage-p-39699.html HTTP/1.0" 200 71971 "-" "Mozilla/5.0 (compatible; bingbot/2.0; +http://www.bing.com/bingbot.htm)"
13.66.139.5 - - [26/Jan/2021:08:39:39 +0100] "GET /thermometers-for-meat-p-48685.html HTTP/1.0" 200 71846 "-" "Mozilla/5.0 (compatible; bingbot/2.0; +http://www.bing.com/bingbot.htm)"
13.66.139.139 - - [26/Jan/2021:08:39:41 +0100] "GET /-p-6621.html HTTP/1.0" 200 69187 "-" "Mozilla/5.0 (compatible; bingbot/2.0; +http://www.bing.com/bingbot.htm)"
13.66.139.139 - - [26/Jan/2021:08:39:41 +0100] "GET /-p-2000.html HTTP/1.0" 200 69187 "-" "Mozilla/5.0 (compatible; bingbot/2.0; +http://www.bing.com/bingbot.htm)"
13.66.139.139 - - [26/Jan/2021:08:39:42 +0100] "GET /-m-98.html HTTP/1.0" 200 76203 "-" "Mozilla/5.0 (compatible; bingbot/2.0; +http://www.bing.com/bingbot.htm)"
13.66.139.139 - - [26/Jan/2021:08:39:43 +0100] "GET /-p-18781.html HTTP/1.0" 200 69189 "-" "Mozilla/5.0 (compatible; bingbot/2.0; +http://www.bing.com/bingbot.htm)"
13.66.139.139 - - [26/Jan/2021:08:39:44 +0100] "GET /-p-29130.html HTTP/1.0" 200 69189 "-" "Mozilla/5.0 (compatible; bingbot/2.0; +http://www.bing.com/bingbot.htm)"
13.66.139.5 - - [26/Jan/2021:08:39:45 +0100] "GET /-p-18322.html HTTP/1.0" 200 69189 "-" "Mozilla/5.0 (compatible; bingbot/2.0; +http://www.bing.com/bingbot.htm)"
13.66.139.5 - - [26/Jan/2021:08:39:46 +0100] "GET /-p-38300.html HTTP/1.0" 200 69189 "-" "Mozilla/5.0 (compatible; bingbot/2.0; +http://www.bing.com/bingbot.htm)"
13.66.139.5 - - [26/Jan/2021:08:39:47 +0100] "GET /-p-22994.html HTTP/1.0" 200 69189 "-" "Mozilla/5.0 (compatible; bingbot/2.0; +http://www.bing.com/bingbot.htm)"
13.66.139.5 - - [26/Jan/2021:08:39:48 +0100] "GET /-p-31304.html HTTP/1.0" 200 69189 "-" "Mozilla/5.0 (compatible; bingbot/2.0; +http://www.bing.com/bingbot.htm)"
13.66.139.5 - - [26/Jan/2021:08:39:49 +0100] "GET /-p-20881.html HTTP/1.0" 200 69189 "-" "Mozilla/5.0 (compatible; bingbot/2.0; +http://www.bing.com/bingbot.htm)"
13.66.139.136 - - [26/Jan/2021:08:39:50 +0100] "GET /-p-2123.html HTTP/1.0" 200 69187 "-" "Mozilla/5.0 (compatible; bingbot/2.0; +http://www.bing.com/bingbot.htm)"
13.66.139.136 - - [26/Jan/2021:08:39:51 +0100] "GET /mugs-and-mazagrans-c-12_57.html HTTP/1.0" 200 95987 "-" "Mozilla/5.0 (compatible; bingbot/2.0; +http://www.bing.com/bingbot.htm)"
13.66.139.136 - - [26/Jan/2021:08:39:52 +0100] "GET /-p-18768.html HTTP/1.0" 200 69189 "-" "Mozilla/5.0 (compatible; bingbot/2.0; +http://www.bing.com/bingbot.htm)"
13.66.139.5 - - [26/Jan/2021:08:39:55 +0100] "GET /-p-29478.html HTTP/1.0" 200 69189 "-" "Mozilla/5.0 (compatible; bingbot/2.0; +http://www.bing.com/bingbot.htm)"
13.66.139.5 - - [26/Jan/2021:08:39:56 +0100] "GET /-p-21445.html HTTP/1.0" 200 69189 "-" "Mozilla/5.0 (compatible; bingbot/2.0; +http://www.bing.com/bingbot.htm)"
13.66.139.5 - - [26/Jan/2021:08:39:57 +0100] "GET /-p-7308.html HTTP/1.0" 200 69187 "-" "Mozilla/5.0 (compatible; bingbot/2.0; +http://www.bing.com/bingbot.htm)"
13.66.139.5 - - [26/Jan/2021:08:39:58 +0100] "GET /-p-1759.html HTTP/1.0" 200 69187 "-" "Mozilla/5.0 (compatible; bingbot/2.0; +http://www.bing.com/bingbot.htm)"
13.66.139.5 - - [26/Jan/2021:08:39:59 +0100] "GET /-p-24883.html HTTP/1.0" 200 69189 "-" "Mozilla/5.0 (compatible; bingbot/2.0; +http://www.bing.com/bingbot.htm)"
13.66.139.5 - - [26/Jan/2021:08:40:01 +0100] "GET /-p-19518.html HTTP/1.0" 200 69189 "-" "Mozilla/5.0 (compatible; bingbot/2.0; +http://www.bing.com/bingbot.htm)"
51.68.224.127 - - [26/Jan/2021:08:40:06 +0100] "GET /adminweb/export_orders_xml.php?token=256de2z6edz6ed2z6DFSFsed2zed6zeDSFDSGdzedezfzf&maxorders=10&orderstart=1&status=14&start_date=2018-10-01 HTTP/1.0" 200 285 "-" "GesCom CharlotteBoutik Serveur"
51.68.224.127 - - [26/Jan/2021:08:40:06 +0100] "GET /adminweb/export_orders_xml.php?token=256de2z6edz6ed2z6DFSFsed2zed6zeDSFDSGdzedezfzf&maxorders=10&orderstart=1&status=6&start_date=2018-10-01 HTTP/1.0" 200 29990 "-" "GesCom CharlotteBoutik Serveur"
157.55.39.153 - - [26/Jan/2021:08:40:16 +0100] "GET /images/big_prod/5051276388229.jpg HTTP/1.0" 200 268 "-" "Mozilla/5.0 (compatible; bingbot/2.0; +http://www.bing.com/bingbot.htm)"
54.36.148.213 - - [26/Jan/2021:08:40:49 +0100] "GET /sex-pistols-large-backpack-blue-p-14543.html HTTP/1.0" 301 69256 "-" "Mozilla/5.0 (compatible; AhrefsBot/7.0; +http://ahrefs.com/robot/)"
54.36.148.232 - - [26/Jan/2021:08:41:10 +0100] "GET /eeyore-faithful-companion-figure-collection-p-20180.html HTTP/1.0" 301 69256 "-" "Mozilla/5.0 (compatible; AhrefsBot/7.0; +http://ahrefs.com/robot/)"
207.46.13.37 - - [26/Jan/2021:08:41:16 +0100] "GET /images/big_prod_1/3700230606238a.jpg HTTP/1.0" 200 271 "-" "Mozilla/5.0 (compatible; bingbot/2.0; +http://www.bing.com/bingbot.htm)"
207.46.13.37 - - [26/Jan/2021:08:41:17 +0100] "GET /pot-cookware-green-p-41670.html HTTP/1.0" 200 71810 "-" "Mozilla/5.0 (compatible; bingbot/2.0; +http://www.bing.com/bingbot.htm)"
157.55.39.149 - - [26/Jan/2021:08:41:58 +0100] "GET /images/med_prod/134554482lion.jpg HTTP/1.0" 200 268 "-" "Mozilla/5.0 (compatible; bingbot/2.0; +http://www.bing.com/bingbot.htm)"
157.55.39.153 - - [26/Jan/2021:08:42:12 +0100] "GET /images/big_prod/3609810037731.jpg HTTP/1.0" 200 268 "-" "Mozilla/5.0 (compatible; bingbot/2.0; +http://www.bing.com/bingbot.htm)"
13.66.139.136 - - [26/Jan/2021:08:43:01 +0100] "GET /kids-school-bag-c-31_80.html HTTP/1.0" 200 89756 "-" "Mozilla/5.0 (compatible; bingbot/2.0; +http://www.bing.com/bingbot.htm)"
54.36.149.97 - - [26/Jan/2021:08:43:15 +0100] "GET /vive-paris-spiral-notebook-p-20223.html HTTP/1.0" 200 71916 "-" "Mozilla/5.0 (compatible; AhrefsBot/7.0; +http://ahrefs.com/robot/)"
157.55.39.153 - - [26/Jan/2021:08:43:34 +0100] "GET /white-and-red-skull-keyrings-sound-and-light-p-40193.html HTTP/1.0" 200 72058 "-" "Mozilla/5.0 (compatible; bingbot/2.0; +http://www.bing.com/bingbot.htm)"
157.55.39.153 - - [26/Jan/2021:08:43:35 +0100] "GET /images/big_prod/4029811411573.jpg HTTP/1.0" 200 268 "-" "Mozilla/5.0 (compatible; bingbot/2.0; +http://www.bing.com/bingbot.htm)"
157.55.39.149 - - [26/Jan/2021:08:46:31 +0100] "GET /images/big_prod/3453131139571.jpg HTTP/1.0" 200 268 "-" "Mozilla/5.0 (compatible; bingbot/2.0; +http://www.bing.com/bingbot.htm)"
17.58.101.147 - - [26/Jan/2021:08:46:31 +0100] "GET /bread-box-c-13_150_211.html HTTP/1.0" 200 78394 "-" "Mozilla/5.0 (Macintosh; Intel Mac OS X 10_15_5) AppleWebKit/605.1.15 (KHTML, like Gecko) Version/13.1.1 Safari/605.1.15 (Applebot/0.1; +http://www.apple.com/go/applebot)"
157.55.39.228 - - [26/Jan/2021:08:46:35 +0100] "GET /images/big_prod/3453131150569.jpg HTTP/1.0" 200 268 "-" "Mozilla/5.0 (compatible; bingbot/2.0; +http://www.bing.com/bingbot.htm)"
157.55.39.153 - - [26/Jan/2021:08:47:11 +0100] "GET /images/big_prod/3503420104145.jpg HTTP/1.0" 200 268 "-" "Mozilla/5.0 (compatible; bingbot/2.0; +http://www.bing.com/bingbot.htm)"
157.55.39.228 - - [26/Jan/2021:08:47:25 +0100] "GET /katy-phone-cover-for-iphone-and-p-16764.html HTTP/1.0" 200 72566 "-" "Mozilla/5.0 (compatible; bingbot/2.0; +http://www.bing.com/bingbot.htm)"
54.36.148.73 - - [26/Jan/2021:08:49:11 +0100] "GET /decorative-blue-globe-34-cm-p-45094.html HTTP/1.0" 200 71897 "-" "Mozilla/5.0 (compatible; AhrefsBot/7.0; +http://ahrefs.com/robot/)"
13.66.139.2 - - [26/Jan/2021:08:49:42 +0100] "GET /images/big_prod/3609810072039.jpg HTTP/1.0" 200 268 "-" "Mozilla/5.0 (compatible; bingbot/2.0; +http://www.bing.com/bingbot.htm)"
13.66.139.2 - - [26/Jan/2021:08:49:43 +0100] "GET /bowls-c-12_60.html HTTP/1.0" 200 91529 "-" "Mozilla/5.0 (compatible; bingbot/2.0; +http://www.bing.com/bingbot.htm)"
114.119.150.15 - - [26/Jan/2021:08:49:52 +0100] "GET /plush-christmas-tree-decoration-11-cm-p-49651.html HTTP/1.0" 200 71974 "-" "Mozilla/5.0 (Linux; Android 7.0;) AppleWebKit/537.36 (KHTML, like Gecko) Mobile Safari/537.36 (compatible; PetalBot;+https://aspiegel.com/petalbot)"
157.55.39.149 - - [26/Jan/2021:08:50:13 +0100] "GET /images/4036113142234.jpg HTTP/1.0" 200 259 "-" "Mozilla/5.0 (compatible; bingbot/2.0; +http://www.bing.com/bingbot.htm)"
13.66.139.5 - - [26/Jan/2021:08:50:52 +0100] "GET /images/big_prod_1/3660173185552a.jpg HTTP/1.0" 200 271 "-" "Mozilla/5.0 (compatible; bingbot/2.0; +http://www.bing.com/bingbot.htm)"
207.46.13.37 - - [26/Jan/2021:08:51:51 +0100] "GET /new-york-taxis-flag-sticker-p-35396.html HTTP/1.0" 200 69315 "-" "Mozilla/5.0 (compatible; bingbot/2.0; +http://www.bing.com/bingbot.htm)"
207.46.13.37 - - [26/Jan/2021:08:51:52 +0100] "GET /images/med_prod/3681643611173.jpg HTTP/1.0" 200 268 "-" "Mozilla/5.0 (compatible; bingbot/2.0; +http://www.bing.com/bingbot.htm)"
207.46.13.55 - - [26/Jan/2021:08:51:55 +0100] "GET /images/big_prod_1/8433933201695B.jpg HTTP/1.0" 200 271 "-" "Mozilla/5.0 (compatible; bingbot/2.0; +http://www.bing.com/bingbot.htm)"
17.58.101.147 - - [26/Jan/2021:08:51:56 +0100] "GET /squirel-adult-apron-p-45318.html HTTP/1.0" 200 71773 "-" "Mozilla/5.0 (Macintosh; Intel Mac OS X 10_15_5) AppleWebKit/605.1.15 (KHTML, like Gecko) Version/13.1.1 Safari/605.1.15 (Applebot/0.1; +http://www.apple.com/go/applebot)"
207.46.13.53 - - [26/Jan/2021:08:52:05 +0100] "GET /jiminy-cricket-figure-collection-by-romero-britto-p-51461.html HTTP/1.0" 200 73545 "-" "Mozilla/5.0 (compatible; bingbot/2.0; +http://www.bing.com/bingbot.htm)"
13.66.139.139 - - [26/Jan/2021:08:53:21 +0100] "GET /tealight-holders-and-candle-holders-c-231_230.html HTTP/1.0" 200 90776 "-" "Mozilla/5.0 (compatible; bingbot/2.0; +http://www.bing.com/bingbot.htm)"
13.66.139.136 - - [26/Jan/2021:08:53:53 +0100] "GET /mirror-c-13_133.html HTTP/1.0" 200 90619 "-" "Mozilla/5.0 (compatible; bingbot/2.0; +http://www.bing.com/bingbot.htm)"
66.249.70.36 - - [26/Jan/2021:08:54:16 +0100] "GET /sons-of-anarchy-zippo-lighter-p-30268.html HTTP/1.0" 200 73821 "-" "Mozilla/5.0 (Linux; Android 6.0.1; Nexus 5X Build/MMB29P) AppleWebKit/537.36 (KHTML, like Gecko) Chrome/88.0.4324.112 Mobile Safari/537.36 (compatible; Googlebot/2.1; +http://www.google.com/bot.html)"
207.46.13.37 - - [26/Jan/2021:08:54:35 +0100] "GET /js/jquery.masonry.min.js HTTP/1.0" 200 264 "-" "Mozilla/5.0 (compatible; bingbot/2.0; +http://www.bing.com/bingbot.htm)"
54.36.148.50 - - [26/Jan/2021:08:56:09 +0100] "GET /french-kiss-paris-little-tray-20-14-cm-p-39730.html HTTP/1.0" 200 72043 "-" "Mozilla/5.0 (compatible; AhrefsBot/7.0; +http://ahrefs.com/robot/)"
51.68.224.127 - - [26/Jan/2021:08:56:32 +0100] "GET /adminweb/export_orders_xml.php?token=256de2z6edz6ed2z6DFSFsed2zed6zeDSFDSGdzedezfzf&maxorders=10&orderstart=1&status=14&start_date=2018-10-01 HTTP/1.0" 200 285 "-" "GesCom CharlotteBoutik Serveur"
51.68.224.127 - - [26/Jan/2021:08:56:32 +0100] "GET /adminweb/export_orders_xml.php?token=256de2z6edz6ed2z6DFSFsed2zed6zeDSFDSGdzedezfzf&maxorders=10&orderstart=1&status=6&start_date=2018-10-01 HTTP/1.0" 200 29990 "-" "GesCom CharlotteBoutik Serveur"
66.249.81.166 - - [26/Jan/2021:08:56:34 +0100] "GET /images/4007176122174.jpg HTTP/1.0" 200 259 "-" "Mozilla/5.0 (Windows NT 5.1; rv:11.0) Gecko Firefox/11.0 (via ggpht.com GoogleImageProxy)"
13.66.139.5 - - [26/Jan/2021:08:56:43 +0100] "GET /images/big_prod/1399984240137SPIDERMAN.jpg HTTP/1.0" 200 277 "-" "Mozilla/5.0 (compatible; bingbot/2.0; +http://www.bing.com/bingbot.htm)"
13.66.139.136 - - [26/Jan/2021:08:58:12 +0100] "GET /images/8009233806344.jpg HTTP/1.0" 200 259 "-" "Mozilla/5.0 (compatible; bingbot/2.0; +http://www.bing.com/bingbot.htm)"
54.176.188.51 - - [26/Jan/2021:08:58:22 +0100] "GET /wp-login.php HTTP/1.0" 301 535 "-" "Mozilla/5.0 (Windows NT 6.2; WOW64) AppleWebKit/537.36 (KHTML, like Gecko) Chrome/30.0.1599.17 Safari/537.36"
54.176.188.51 - - [26/Jan/2021:08:58:25 +0100] "GET /wp-login.php HTTP/1.0" 404 1308 "-" "Mozilla/5.0 (Windows NT 6.2; WOW64) AppleWebKit/537.36 (KHTML, like Gecko) Chrome/30.0.1599.17 Safari/537.36"
54.176.188.51 - - [26/Jan/2021:08:58:26 +0100] "GET /wp-login.php HTTP/1.0" 404 1308 "-" "Mozilla/5.0 (Windows NT 6.2; WOW64) AppleWebKit/537.36 (KHTML, like Gecko) Chrome/30.0.1599.17 Safari/537.36"
114.119.132.105 - - [26/Jan/2021:08:59:15 +0100] "GET /images/big_prod/5415203774804.jpg HTTP/1.0" 200 268 "-" "Mozilla/5.0 (Linux; Android 7.0;) AppleWebKit/537.36 (KHTML, like Gecko) Mobile Safari/537.36 (compatible; PetalBot;+https://aspiegel.com/petalbot)"
157.55.39.228 - - [26/Jan/2021:08:59:30 +0100] "GET /images/big_prod/4012390386240.jpg HTTP/1.0" 200 268 "-" "Mozilla/5.0 (compatible; bingbot/2.0; +http://www.bing.com/bingbot.htm)"
66.249.70.33 - - [26/Jan/2021:08:59:57 +0100] "GET /decorative-wooden-plate-donkey-corsica-white-and-light-brown-p-47838.html HTTP/1.0" 200 72400 "-" "Mozilla/5.0 (Linux; Android 6.0.1; Nexus 5X Build/MMB29P) AppleWebKit/537.36 (KHTML, like Gecko) Chrome/88.0.4324.113 Mobile Safari/537.36 (compatible; Googlebot/2.1; +http://www.google.com/bot.html)"
157.55.39.153 - - [26/Jan/2021:09:00:14 +0100] "GET /images/big_prod/9316188068246.jpg HTTP/1.0" 200 268 "-" "Mozilla/5.0 (compatible; bingbot/2.0; +http://www.bing.com/bingbot.htm)"
54.36.148.73 - - [26/Jan/2021:09:00:22 +0100] "GET /the-pink-panther-towel-p-39103.html HTTP/1.0" 301 69256 "-" "Mozilla/5.0 (compatible; AhrefsBot/7.0; +http://ahrefs.com/robot/)"
54.36.149.92 - - [26/Jan/2021:09:03:10 +0100] "GET /pinocchio-75th-anniversary-figure-collection-p-29069.html HTTP/1.0" 200 72340 "-" "Mozilla/5.0 (compatible; AhrefsBot/7.0; +http://ahrefs.com/robot/)"
157.55.39.149 - - [26/Jan/2021:09:03:48 +0100] "GET /images/big_prod/5401924021044.jpg HTTP/1.0" 200 268 "-" "Mozilla/5.0 (compatible; bingbot/2.0; +http://www.bing.com/bingbot.htm)"
157.55.39.228 - - [26/Jan/2021:09:07:55 +0100] "GET /lotus-candle-holder-in-glass-p-42826.html HTTP/1.0" 200 72982 "-" "Mozilla/5.0 (compatible; bingbot/2.0; +http://www.bing.com/bingbot.htm)"
207.46.13.55 - - [26/Jan/2021:09:09:37 +0100] "GET /images/1341689435295.jpg HTTP/1.0" 200 259 "-" "Mozilla/5.0 (compatible; bingbot/2.0; +http://www.bing.com/bingbot.htm)"
13.66.139.136 - - [26/Jan/2021:09:09:44 +0100] "GET /images/med_prod/1399984286142.jpg HTTP/1.0" 200 268 "-" "Mozilla/5.0 (compatible; bingbot/2.0; +http://www.bing.com/bingbot.htm)"
66.249.70.36 - - [26/Jan/2021:09:10:05 +0100] "GET /despecable-me-keyring-p-33477.html HTTP/1.0" 200 71907 "-" "Mozilla/5.0 (compatible; Googlebot/2.1; +http://www.google.com/bot.html)"
54.36.148.87 - - [26/Jan/2021:09:10:15 +0100] "GET /love-paris-little-tray-20-14-cm-p-39731.html HTTP/1.0" 200 71980 "-" "Mozilla/5.0 (compatible; AhrefsBot/7.0; +http://ahrefs.com/robot/)"
157.55.39.153 - - [26/Jan/2021:09:10:50 +0100] "GET /images/big_prod/720322284581.jpg HTTP/1.0" 200 267 "-" "Mozilla/5.0 (compatible; bingbot/2.0; +http://www.bing.com/bingbot.htm)"
13.66.139.5 - - [26/Jan/2021:09:12:34 +0100] "GET /images/3700276215906.jpg HTTP/1.0" 200 259 "-" "Mozilla/5.0 (compatible; bingbot/2.0; +http://www.bing.com/bingbot.htm)"
13.66.139.5 - - [26/Jan/2021:09:12:55 +0100] "GET /images/8430269165882.jpg HTTP/1.0" 200 259 "-" "Mozilla/5.0 (compatible; bingbot/2.0; +http://www.bing.com/bingbot.htm)"
13.66.139.5 - - [26/Jan/2021:09:13:04 +0100] "GET /images/mini_prod/3700217329648.jpg HTTP/1.0" 200 269 "-" "Mozilla/5.0 (compatible; bingbot/2.0; +http://www.bing.com/bingbot.htm)"
207.46.13.53 - - [26/Jan/2021:09:13:35 +0100] "GET /images/mini_prod/3503420089640.jpg HTTP/1.0" 200 269 "-" "Mozilla/5.0 (compatible; bingbot/2.0; +http://www.bing.com/bingbot.htm)"
13.66.139.136 - - [26/Jan/2021:09:14:04 +0100] "GET /images/big_prod/8424346357864.jpg HTTP/1.0" 200 268 "-" "Mozilla/5.0 (compatible; bingbot/2.0; +http://www.bing.com/bingbot.htm)"
157.55.39.153 - - [26/Jan/2021:09:14:10 +0100] "GET /images/big_prod_1/1328399219629a.jpg HTTP/1.0" 200 271 "-" "Mozilla/5.0 (compatible; bingbot/2.0; +http://www.bing.com/bingbot.htm)"
13.66.139.136 - - [26/Jan/2021:09:14:05 +0100] "GET /peg-and-coat-hook-c-13_198.html HTTP/1.0" 200 89711 "-" "Mozilla/5.0 (compatible; bingbot/2.0; +http://www.bing.com/bingbot.htm)"
51.68.224.127 - - [26/Jan/2021:09:14:49 +0100] "GET /adminweb/export_orders_xml.php?token=256de2z6edz6ed2z6DFSFsed2zed6zeDSFDSGdzedezfzf&maxorders=10&orderstart=1&status=14&start_date=2018-10-01 HTTP/1.0" 200 285 "-" "GesCom CharlotteBoutik Serveur"
51.68.224.127 - - [26/Jan/2021:09:14:49 +0100] "GET /adminweb/export_orders_xml.php?token=256de2z6edz6ed2z6DFSFsed2zed6zeDSFDSGdzedezfzf&maxorders=10&orderstart=1&status=6&start_date=2018-10-01 HTTP/1.0" 200 29990 "-" "GesCom CharlotteBoutik Serveur"
13.66.139.136 - - [26/Jan/2021:09:14:54 +0100] "GET /images/5901330013812.jpg HTTP/1.0" 200 259 "-" "Mozilla/5.0 (compatible; bingbot/2.0; +http://www.bing.com/bingbot.htm)"
157.55.39.149 - - [26/Jan/2021:09:15:32 +0100] "GET /images/big_prod/5401924021044.jpg HTTP/1.0" 200 268 "-" "Mozilla/5.0 (compatible; bingbot/2.0; +http://www.bing.com/bingbot.htm)"
207.46.13.53 - - [26/Jan/2021:09:15:36 +0100] "GET /images/5010065075092.jpg HTTP/1.0" 200 259 "-" "Mozilla/5.0 (compatible; bingbot/2.0; +http://www.bing.com/bingbot.htm)"
207.46.13.37 - - [26/Jan/2021:09:15:57 +0100] "GET /images/big_prod/1384010188361.jpg HTTP/1.0" 200 268 "-" "Mozilla/5.0 (compatible; bingbot/2.0; +http://www.bing.com/bingbot.htm)"
207.46.13.37 - - [26/Jan/2021:09:15:57 +0100] "GET /images/6953270921336.jpg HTTP/1.0" 200 259 "-" "Mozilla/5.0 (compatible; bingbot/2.0; +http://www.bing.com/bingbot.htm)"
54.36.148.87 - - [26/Jan/2021:09:17:13 +0100] "GET /love-and-heart-bedclothes-240-260-cm-p-39650.html HTTP/1.0" 200 71984 "-" "Mozilla/5.0 (compatible; AhrefsBot/7.0; +http://ahrefs.com/robot/)"
207.46.13.53 - - [26/Jan/2021:09:17:17 +0100] "GET /images/big_prod_1/637139832663375153.jpg HTTP/1.0" 200 275 "-" "Mozilla/5.0 (compatible; bingbot/2.0; +http://www.bing.com/bingbot.htm)"
157.55.39.153 - - [26/Jan/2021:09:17:51 +0100] "GET /images/mini_prod/3609810083301.jpg HTTP/1.0" 200 269 "-" "Mozilla/5.0 (compatible; bingbot/2.0; +http://www.bing.com/bingbot.htm)"
207.46.13.53 - - [26/Jan/2021:09:18:27 +0100] "GET /images/big_prod/3609810095083.jpg HTTP/1.0" 200 268 "-" "Mozilla/5.0 (compatible; bingbot/2.0; +http://www.bing.com/bingbot.htm)"
157.55.39.228 - - [26/Jan/2021:09:18:45 +0100] "GET /hannah-montana-white-swimsuit-p-30254.html HTTP/1.0" 301 69256 "-" "Mozilla/5.0 (compatible; bingbot/2.0; +http://www.bing.com/bingbot.htm)"
13.66.139.136 - - [26/Jan/2021:09:19:55 +0100] "GET /images/mini_prod/3665269032109.jpg HTTP/1.0" 200 269 "-" "Mozilla/5.0 (compatible; bingbot/2.0; +http://www.bing.com/bingbot.htm)"
157.55.39.153 - - [26/Jan/2021:09:20:33 +0100] "GET /images/big_prod/8422039530006.jpg HTTP/1.0" 200 268 "-" "Mozilla/5.0 (compatible; bingbot/2.0; +http://www.bing.com/bingbot.htm)"
13.66.139.139 - - [26/Jan/2021:09:21:24 +0100] "GET /images/med_prod/1300010241899.jpg HTTP/1.0" 200 268 "-" "Mozilla/5.0 (compatible; bingbot/2.0; +http://www.bing.com/bingbot.htm)"
207.46.13.37 - - [26/Jan/2021:09:21:52 +0100] "GET /images/big_prod_2/3665269069792b.jpg HTTP/1.0" 200 271 "-" "Mozilla/5.0 (compatible; bingbot/2.0; +http://www.bing.com/bingbot.htm)"
157.55.39.153 - - [26/Jan/2021:09:22:39 +0100] "GET /hanna-barbera-black-shirt-p-29597.html HTTP/1.0" 200 73268 "-" "Mozilla/5.0 (compatible; bingbot/2.0; +http://www.bing.com/bingbot.htm)"
13.66.139.136 - - [26/Jan/2021:09:22:45 +0100] "GET /images/big_prod_2/1328399219629b.jpg HTTP/1.0" 200 271 "-" "Mozilla/5.0 (compatible; bingbot/2.0; +http://www.bing.com/bingbot.htm)"
54.36.148.62 - - [26/Jan/2021:09:23:12 +0100] "GET /wastebasket-c-129_184.html HTTP/1.0" 200 82147 "-" "Mozilla/5.0 (compatible; AhrefsBot/7.0; +http://ahrefs.com/robot/)"
114.119.130.202 - - [26/Jan/2021:09:24:15 +0100] "GET /scented-candles-and-novenas-c-231_227.html?page=6 HTTP/1.0" 200 93024 "-" "Mozilla/5.0 (Linux; Android 7.0;) AppleWebKit/537.36 (KHTML, like Gecko) Mobile Safari/537.36 (compatible; PetalBot;+https://aspiegel.com/petalbot)"
207.46.13.37 - - [26/Jan/2021:09:25:05 +0100] "GET /images/1399984227282.jpg HTTP/1.0" 200 259 "-" "Mozilla/5.0 (compatible; bingbot/2.0; +http://www.bing.com/bingbot.htm)"
66.249.70.62 - - [26/Jan/2021:09:26:03 +0100] "GET /titeuf-sticker-p-24723.html HTTP/1.0" 200 71892 "-" "Mozilla/5.0 (Linux; Android 6.0.1; Nexus 5X Build/MMB29P) AppleWebKit/537.36 (KHTML, like Gecko) Chrome/88.0.4324.113 Mobile Safari/537.36 (compatible; Googlebot/2.1; +http://www.google.com/bot.html)"
13.66.139.139 - - [26/Jan/2021:09:26:45 +0100] "GET /images/big_prod/1304038301191.jpg HTTP/1.0" 200 268 "-" "Mozilla/5.0 (compatible; bingbot/2.0; +http://www.bing.com/bingbot.htm)"
95.79.84.231 - - [26/Jan/2021:09:27:04 +0100] "GET /images/3700235441681.jpg HTTP/1.0" 200 259 "http://quoizeltableslamps.blogspot.com/2012/10/nostalgia-metal-shade-table-lamp.html" "Mozilla/5.0 (compatible; MSIE 10.0; Windows NT 6.2; WOW64; Trident/6.0; Touch; MASMJS)"
54.36.148.178 - - [26/Jan/2021:09:28:12 +0100] "GET /pvc-table-protector-under-tablecloth-140-240-cm-p-48562.html HTTP/1.0" 200 72150 "-" "Mozilla/5.0 (compatible; AhrefsBot/7.0; +http://ahrefs.com/robot/)"
13.66.139.139 - - [26/Jan/2021:09:30:45 +0100] "GET /dragon-ball-m-23.html HTTP/1.0" 200 82718 "-" "Mozilla/5.0 (compatible; bingbot/2.0; +http://www.bing.com/bingbot.htm)"
51.68.224.127 - - [26/Jan/2021:09:31:05 +0100] "GET /adminweb/export_orders_xml.php?token=256de2z6edz6ed2z6DFSFsed2zed6zeDSFDSGdzedezfzf&maxorders=10&orderstart=1&status=14&start_date=2018-10-01 HTTP/1.0" 200 285 "-" "GesCom CharlotteBoutik Serveur"
51.68.224.127 - - [26/Jan/2021:09:31:05 +0100] "GET /adminweb/export_orders_xml.php?token=256de2z6edz6ed2z6DFSFsed2zed6zeDSFDSGdzedezfzf&maxorders=10&orderstart=1&status=6&start_date=2018-10-01 HTTP/1.0" 200 29990 "-" "GesCom CharlotteBoutik Serveur"
114.119.150.15 - - [26/Jan/2021:09:31:47 +0100] "GET /images/big_prod/3503420115431.jpg HTTP/1.0" 200 268 "-" "Mozilla/5.0 (Linux; Android 7.0;) AppleWebKit/537.36 (KHTML, like Gecko) Mobile Safari/537.36 (compatible; PetalBot;+https://aspiegel.com/petalbot)"
13.66.139.139 - - [26/Jan/2021:09:32:46 +0100] "GET /images/big_prod/3494157821026.jpg HTTP/1.0" 200 268 "-" "Mozilla/5.0 (compatible; bingbot/2.0; +http://www.bing.com/bingbot.htm)"
54.36.149.53 - - [26/Jan/2021:09:33:22 +0100] "GET /luggages-schoolbags-leather-shop-c-31.html HTTP/1.0" 200 91289 "-" "Mozilla/5.0 (compatible; AhrefsBot/7.0; +http://ahrefs.com/robot/)"
54.36.148.213 - - [26/Jan/2021:09:33:23 +0100] "GET /mickey-mouse-sweatshirts-zip-p-31322.html HTTP/1.0" 301 69256 "-" "Mozilla/5.0 (compatible; AhrefsBot/7.0; +http://ahrefs.com/robot/)"
157.55.39.228 - - [26/Jan/2021:09:34:57 +0100] "GET /images/5060021931467.jpg HTTP/1.0" 200 259 "-" "Mozilla/5.0 (compatible; bingbot/2.0; +http://www.bing.com/bingbot.htm)"
54.36.149.32 - - [26/Jan/2021:09:34:59 +0100] "GET /brown-polyester-round-chair-cushion-p-47395.html HTTP/1.0" 301 69256 "-" "Mozilla/5.0 (compatible; AhrefsBot/7.0; +http://ahrefs.com/robot/)"
207.46.13.55 - - [26/Jan/2021:09:38:09 +0100] "GET /images/big_prod_2/5404006037964b.jpg HTTP/1.0" 200 271 "-" "Mozilla/5.0 (compatible; bingbot/2.0; +http://www.bing.com/bingbot.htm)"
207.46.13.55 - - [26/Jan/2021:09:38:50 +0100] "GET /images/big_prod/3700276215982.jpg HTTP/1.0" 200 268 "-" "Mozilla/5.0 (compatible; bingbot/2.0; +http://www.bing.com/bingbot.htm)"
207.46.13.55 - - [26/Jan/2021:09:38:50 +0100] "GET /images/big_prod/1399984289204.jpg HTTP/1.0" 200 268 "-" "Mozilla/5.0 (compatible; bingbot/2.0; +http://www.bing.com/bingbot.htm)"
54.36.148.89 - - [26/Jan/2021:09:39:08 +0100] "GET /christmas-tree-ornament-christmas-balls-c-13_271.html HTTP/1.0" 200 89620 "-" "Mozilla/5.0 (compatible; AhrefsBot/7.0; +http://ahrefs.com/robot/)"
157.55.39.149 - - [26/Jan/2021:09:40:03 +0100] "GET /images/mini_prod/3608860260021.jpg HTTP/1.0" 200 269 "-" "Mozilla/5.0 (compatible; bingbot/2.0; +http://www.bing.com/bingbot.htm)"
207.46.13.53 - - [26/Jan/2021:09:41:06 +0100] "GET /teo-jasmin-medium-cabas-teo-racing-p-39772.html HTTP/1.0" 200 69293 "-" "Mozilla/5.0 (compatible; bingbot/2.0; +http://www.bing.com/bingbot.htm)"
207.46.13.37 - - [26/Jan/2021:09:41:36 +0100] "GET /images/big_prod/8422017821072.jpg HTTP/1.0" 200 268 "-" "Mozilla/5.0 (compatible; bingbot/2.0; +http://www.bing.com/bingbot.htm)"
207.46.13.37 - - [26/Jan/2021:09:41:37 +0100] "GET /images/big_prod/3560600316507.jpg HTTP/1.0" 200 268 "-" "Mozilla/5.0 (compatible; bingbot/2.0; +http://www.bing.com/bingbot.htm)"
157.55.39.130 - - [26/Jan/2021:09:42:09 +0100] "GET /-p-27235.html HTTP/1.0" 200 69189 "-" "Mozilla/5.0 (compatible; bingbot/2.0; +http://www.bing.com/bingbot.htm)"
157.55.39.130 - - [26/Jan/2021:09:42:10 +0100] "GET /images/big_prod_2/8424346256877D.jpg HTTP/1.0" 200 271 "-" "Mozilla/5.0 (compatible; bingbot/2.0; +http://www.bing.com/bingbot.htm)"
157.55.39.130 - - [26/Jan/2021:09:42:11 +0100] "GET /paris-money-box-by-cbkreation-p-17249.html HTTP/1.0" 200 71972 "-" "Mozilla/5.0 (compatible; bingbot/2.0; +http://www.bing.com/bingbot.htm)"
157.55.39.130 - - [26/Jan/2021:09:42:11 +0100] "GET /images/big_prod/3453131154130.jpg HTTP/1.0" 200 268 "-" "Mozilla/5.0 (compatible; bingbot/2.0; +http://www.bing.com/bingbot.htm)"
157.55.39.130 - - [26/Jan/2021:09:42:12 +0100] "GET /images/big_prod_1/8424346085446N.jpg HTTP/1.0" 200 271 "-" "Mozilla/5.0 (compatible; bingbot/2.0; +http://www.bing.com/bingbot.htm)"
157.55.39.228 - - [26/Jan/2021:09:42:30 +0100] "GET /images/8999991018434.jpg HTTP/1.0" 200 259 "-" "Mozilla/5.0 (compatible; bingbot/2.0; +http://www.bing.com/bingbot.htm)"
157.55.39.153 - - [26/Jan/2021:09:43:20 +0100] "GET /glass-votive-holder-heart-and-home-blue-owl-p-37446.html HTTP/1.0" 200 73123 "-" "Mozilla/5.0 (compatible; bingbot/2.0; +http://www.bing.com/bingbot.htm)"
157.55.39.153 - - [26/Jan/2021:09:43:21 +0100] "GET /images/big_prod/8499132034984.jpg HTTP/1.0" 200 268 "-" "Mozilla/5.0 (compatible; bingbot/2.0; +http://www.bing.com/bingbot.htm)"
207.46.13.55 - - [26/Jan/2021:09:43:24 +0100] "GET /images/big_prod/8718969178655.jpg HTTP/1.0" 200 268 "-" "Mozilla/5.0 (compatible; bingbot/2.0; +http://www.bing.com/bingbot.htm)"
54.36.149.67 - - [26/Jan/2021:09:43:38 +0100] "GET /tweety-and-sylvester-lamp-p-5079.html HTTP/1.0" 301 69253 "-" "Mozilla/5.0 (compatible; AhrefsBot/7.0; +http://ahrefs.com/robot/)"
54.36.148.108 - - [26/Jan/2021:09:43:48 +0100] "GET /alice-in-wonderland-set-of-hair-ornements-p-19282.html HTTP/1.0" 301 69256 "-" "Mozilla/5.0 (compatible; AhrefsBot/7.0; +http://ahrefs.com/robot/)"
157.55.39.228 - - [26/Jan/2021:09:44:04 +0100] "GET /strawberry-shortcake-capri-pants-p-30233.html HTTP/1.0" 301 69256 "-" "Mozilla/5.0 (compatible; bingbot/2.0; +http://www.bing.com/bingbot.htm)"
207.46.13.55 - - [26/Jan/2021:09:44:54 +0100] "GET /tweety-figurine-p-45066.html HTTP/1.0" 200 71805 "-" "Mozilla/5.0 (compatible; bingbot/2.0; +http://www.bing.com/bingbot.htm)"
54.36.148.87 - - [26/Jan/2021:09:44:57 +0100] "GET /mugs-and-mazagrans-c-12_57.html?page=27 HTTP/1.0" 200 96778 "-" "Mozilla/5.0 (compatible; AhrefsBot/7.0; +http://ahrefs.com/robot/)"
13.66.139.5 - - [26/Jan/2021:09:44:59 +0100] "GET /images/med_prod/1399984261651.jpg HTTP/1.0" 200 268 "-" "Mozilla/5.0 (compatible; bingbot/2.0; +http://www.bing.com/bingbot.htm)"
157.55.39.149 - - [26/Jan/2021:09:45:05 +0100] "GET /volkswagen-3d-poster-p-12748.html HTTP/1.0" 200 71801 "-" "Mozilla/5.0 (compatible; bingbot/2.0; +http://www.bing.com/bingbot.htm)"
13.66.139.2 - - [26/Jan/2021:09:45:17 +0100] "GET /images/big_prod/9316188082167.jpg HTTP/1.0" 200 268 "-" "Mozilla/5.0 (compatible; bingbot/2.0; +http://www.bing.com/bingbot.htm)"
51.68.224.127 - - [26/Jan/2021:09:46:55 +0100] "GET /adminweb/export_orders_xml.php?token=256de2z6edz6ed2z6DFSFsed2zed6zeDSFDSGdzedezfzf&maxorders=10&orderstart=1&status=14&start_date=2018-10-01 HTTP/1.0" 200 285 "-" "GesCom CharlotteBoutik Serveur"
51.68.224.127 - - [26/Jan/2021:09:46:56 +0100] "GET /adminweb/export_orders_xml.php?token=256de2z6edz6ed2z6DFSFsed2zed6zeDSFDSGdzedezfzf&maxorders=10&orderstart=1&status=6&start_date=2018-10-01 HTTP/1.0" 200 29990 "-" "GesCom CharlotteBoutik Serveur"
17.58.101.147 - - [26/Jan/2021:09:48:26 +0100] "GET /manicure-articles-c-31_204.html HTTP/1.0" 200 88548 "-" "Mozilla/5.0 (Macintosh; Intel Mac OS X 10_15_5) AppleWebKit/605.1.15 (KHTML, like Gecko) Version/13.1.1 Safari/605.1.15 (Applebot/0.1; +http://www.apple.com/go/applebot)"
13.66.139.2 - - [26/Jan/2021:09:48:29 +0100] "GET /images/4036113261348.jpg HTTP/1.0" 200 259 "-" "Mozilla/5.0 (compatible; bingbot/2.0; +http://www.bing.com/bingbot.htm)"
13.66.139.2 - - [26/Jan/2021:09:48:30 +0100] "GET /images/mini_prod/SMO65512.jpg HTTP/1.0" 200 264 "-" "Mozilla/5.0 (compatible; bingbot/2.0; +http://www.bing.com/bingbot.htm)"
66.249.70.33 - - [26/Jan/2021:09:48:33 +0100] "GET /purse-and-wallet-c-31_76.html HTTP/1.0" 200 90135 "-" "Mozilla/5.0 (compatible; Googlebot/2.1; +http://www.google.com/bot.html)"
86.137.49.160 - - [26/Jan/2021:09:48:40 +0100] "GET /images/3521320605098.jpg HTTP/1.0" 200 259 "http://kuzokoleweadseoxz.youdontcare.com/" "Mozilla/5.0 (Macintosh; Intel Mac OS X 10_15_6) AppleWebKit/605.1.15 (KHTML, like Gecko) Version/14.0.2 Safari/605.1.15"
13.66.139.5 - - [26/Jan/2021:09:48:59 +0100] "GET /images/mini_prod/8718375755594.jpg HTTP/1.0" 200 269 "-" "Mozilla/5.0 (compatible; bingbot/2.0; +http://www.bing.com/bingbot.htm)"
207.46.13.37 - - [26/Jan/2021:09:49:53 +0100] "GET /images/1300010239803.jpg HTTP/1.0" 200 259 "-" "Mozilla/5.0 (compatible; bingbot/2.0; +http://www.bing.com/bingbot.htm)"
13.66.139.139 - - [26/Jan/2021:09:49:58 +0100] "GET /images/big_prod/3609810096233.jpg HTTP/1.0" 200 268 "-" "Mozilla/5.0 (compatible; bingbot/2.0; +http://www.bing.com/bingbot.htm)"
54.36.148.87 - - [26/Jan/2021:09:50:25 +0100] "GET /sainte-rita-prayer-candle-novena-p-43998.html HTTP/1.0" 200 72694 "-" "Mozilla/5.0 (compatible; AhrefsBot/7.0; +http://ahrefs.com/robot/)"
95.217.119.62 - - [26/Jan/2021:09:51:51 +0100] "GET /images/big_prod/1399985000174.jpg HTTP/1.0" 200 268 "-" "Mozilla/5.0 (X11; Fedora; Linux x86_64) AppleWebKit/537.36 (KHTML, like Gecko) Chrome/79.0.3945.117 Safari/537.36"
157.55.39.153 - - [26/Jan/2021:09:52:20 +0100] "GET /images/3681643302101.jpg HTTP/1.0" 200 259 "-" "Mozilla/5.0 (compatible; bingbot/2.0; +http://www.bing.com/bingbot.htm)"
207.46.13.37 - - [26/Jan/2021:09:54:58 +0100] "GET /images/6953270921336.jpg HTTP/1.0" 200 259 "-" "Mozilla/5.0 (compatible; bingbot/2.0; +http://www.bing.com/bingbot.htm)"
207.46.13.55 - - [26/Jan/2021:09:55:22 +0100] "GET /images/big_prod_1/1345544554305b.jpg HTTP/1.0" 200 271 "-" "Mozilla/5.0 (compatible; bingbot/2.0; +http://www.bing.com/bingbot.htm)"
157.55.39.153 - - [26/Jan/2021:09:55:32 +0100] "GET /images/big_prod/1399986100736.jpg HTTP/1.0" 200 268 "-" "Mozilla/5.0 (compatible; bingbot/2.0; +http://www.bing.com/bingbot.htm)"
13.66.139.5 - - [26/Jan/2021:09:55:58 +0100] "GET /-m-7.html HTTP/1.0" 200 90361 "-" "Mozilla/5.0 (compatible; bingbot/2.0; +http://www.bing.com/bingbot.htm)"
54.36.148.8 - - [26/Jan/2021:09:56:00 +0100] "GET /home-and-decoration-c-13.html?page=107 HTTP/1.0" 200 92092 "-" "Mozilla/5.0 (compatible; AhrefsBot/7.0; +http://ahrefs.com/robot/)"
207.46.13.37 - - [26/Jan/2021:09:56:11 +0100] "GET /js/jquery.masonry.min.js HTTP/1.0" 200 264 "-" "Mozilla/5.0 (compatible; bingbot/2.0; +http://www.bing.com/bingbot.htm)"
13.66.139.136 - - [26/Jan/2021:09:56:49 +0100] "GET /images/mini_prod/3760049594560.jpg HTTP/1.0" 200 269 "-" "Mozilla/5.0 (compatible; bingbot/2.0; +http://www.bing.com/bingbot.htm)"
66.249.70.62 - - [26/Jan/2021:09:56:48 +0100] "GET /home-decoration-c-13.html HTTP/1.0" 301 91225 "-" "Mozilla/5.0 (Linux; Android 6.0.1; Nexus 5X Build/MMB29P) AppleWebKit/537.36 (KHTML, like Gecko) Chrome/88.0.4324.112 Mobile Safari/537.36 (compatible; Googlebot/2.1; +http://www.google.com/bot.html)"
66.249.70.36 - - [26/Jan/2021:09:56:49 +0100] "GET /home-and-decoration-c-13.html HTTP/1.0" 200 91142 "-" "Mozilla/5.0 (Linux; Android 6.0.1; Nexus 5X Build/MMB29P) AppleWebKit/537.36 (KHTML, like Gecko) Chrome/88.0.4324.112 Mobile Safari/537.36 (compatible; Googlebot/2.1; +http://www.google.com/bot.html)"
66.249.70.33 - - [26/Jan/2021:09:56:54 +0100] "GET /js/jquery.min.js HTTP/1.0" 404 1308 "http://www.wonder-geek.com/home-and-decoration-c-13.html" "Mozilla/5.0 (Linux; Android 6.0.1; Nexus 5X Build/MMB29P) AppleWebKit/537.36 (KHTML, like Gecko) Chrome/87.0.4280.90 Mobile Safari/537.36 (compatible; Googlebot/2.1; +http://www.google.com/bot.html)"
13.66.139.139 - - [26/Jan/2021:09:56:58 +0100] "GET /images/mini_prod/3700281645354.jpg HTTP/1.0" 200 269 "-" "Mozilla/5.0 (compatible; bingbot/2.0; +http://www.bing.com/bingbot.htm)"
13.66.139.139 - - [26/Jan/2021:09:56:58 +0100] "GET /mugs-and-mazagrans-c-12_57.html?page=2 HTTP/1.0" 200 95549 "-" "Mozilla/5.0 (compatible; bingbot/2.0; +http://www.bing.com/bingbot.htm)"
13.66.139.5 - - [26/Jan/2021:09:59:29 +0100] "GET /images/3438100329924.jpg HTTP/1.0" 200 259 "-" "Mozilla/5.0 (compatible; bingbot/2.0; +http://www.bing.com/bingbot.htm)"
157.55.39.149 - - [26/Jan/2021:09:59:59 +0100] "GET / HTTP/1.0" 200 94516 "-" "Mozilla/5.0 (compatible; bingbot/2.0; +http://www.bing.com/bingbot.htm)"
157.55.39.153 - - [26/Jan/2021:10:00:33 +0100] "GET /images/8029759043818.jpg HTTP/1.0" 200 259 "-" "Mozilla/5.0 (compatible; bingbot/2.0; +http://www.bing.com/bingbot.htm)"
54.36.148.6 - - [26/Jan/2021:10:01:42 +0100] "GET /large-storage-box-white-and-silver-p-52920.html HTTP/1.0" 200 72743 "-" "Mozilla/5.0 (compatible; AhrefsBot/7.0; +http://ahrefs.com/robot/)"
17.58.101.147 - - [26/Jan/2021:10:02:40 +0100] "GET /incense-stick-holder-ohm-p-35505.html HTTP/1.0" 200 72026 "-" "Mozilla/5.0 (Macintosh; Intel Mac OS X 10_15_5) AppleWebKit/605.1.15 (KHTML, like Gecko) Version/13.1.1 Safari/605.1.15 (Applebot/0.1; +http://www.apple.com/go/applebot)"
51.68.224.127 - - [26/Jan/2021:10:02:45 +0100] "GET /adminweb/export_orders_xml.php?token=256de2z6edz6ed2z6DFSFsed2zed6zeDSFDSGdzedezfzf&maxorders=10&orderstart=1&status=14&start_date=2018-10-01 HTTP/1.0" 200 285 "-" "GesCom CharlotteBoutik Serveur"
51.68.224.127 - - [26/Jan/2021:10:02:45 +0100] "GET /adminweb/export_orders_xml.php?token=256de2z6edz6ed2z6DFSFsed2zed6zeDSFDSGdzedezfzf&maxorders=10&orderstart=1&status=6&start_date=2018-10-01 HTTP/1.0" 200 29990 "-" "GesCom CharlotteBoutik Serveur"
13.66.139.2 - - [26/Jan/2021:10:03:09 +0100] "GET /tea-pot-c-12_175.html HTTP/1.0" 200 89139 "-" "Mozilla/5.0 (compatible; bingbot/2.0; +http://www.bing.com/bingbot.htm)"
207.46.13.55 - - [26/Jan/2021:10:04:11 +0100] "GET /images/big_prod/8422039530037.jpg HTTP/1.0" 200 268 "-" "Mozilla/5.0 (Windows NT 6.1; WOW64) AppleWebKit/534+ (KHTML, like Gecko) BingPreview/1.0b"
13.66.139.139 - - [26/Jan/2021:10:05:38 +0100] "GET /images/big_prod/3609810071001.jpg HTTP/1.0" 200 268 "-" "Mozilla/5.0 (compatible; bingbot/2.0; +http://www.bing.com/bingbot.htm)"
114.119.130.202 - - [26/Jan/2021:10:07:01 +0100] "GET /teo-jasmin-mood-purse-jasmine-playa-p-35514.html HTTP/1.0" 200 69323 "-" "Mozilla/5.0 (Linux; Android 7.0;) AppleWebKit/537.36 (KHTML, like Gecko) Mobile Safari/537.36 (compatible; PetalBot;+https://aspiegel.com/petalbot)"
54.36.148.22 - - [26/Jan/2021:10:07:28 +0100] "GET /dishes-c-12.html?page=84 HTTP/1.0" 200 91194 "-" "Mozilla/5.0 (compatible; AhrefsBot/7.0; +http://ahrefs.com/robot/)"
54.36.148.52 - - [26/Jan/2021:10:09:01 +0100] "GET /big-ben-bedclothes-220-240-cm-p-27150.html HTTP/1.0" 301 69256 "-" "Mozilla/5.0 (compatible; AhrefsBot/7.0; +http://ahrefs.com/robot/)"
13.66.139.136 - - [26/Jan/2021:10:09:09 +0100] "GET /photo-frames-and-memo-clips-c-13_132.html HTTP/1.0" 200 89731 "-" "Mozilla/5.0 (compatible; bingbot/2.0; +http://www.bing.com/bingbot.htm)"
157.55.39.149 - - [26/Jan/2021:10:09:45 +0100] "GET /images/8435306234354.jpg HTTP/1.0" 200 259 "-" "Mozilla/5.0 (compatible; bingbot/2.0; +http://www.bing.com/bingbot.htm)"
66.249.70.62 - - [26/Jan/2021:10:09:58 +0100] "GET /silver-statuette-haltero-43-cm-p-45401.html HTTP/1.0" 200 71957 "-" "Mozilla/5.0 (Linux; Android 6.0.1; Nexus 5X Build/MMB29P) AppleWebKit/537.36 (KHTML, like Gecko) Chrome/88.0.4324.113 Mobile Safari/537.36 (compatible; Googlebot/2.1; +http://www.google.com/bot.html)"
17.58.101.147 - - [26/Jan/2021:10:10:15 +0100] "GET /travel-documents-set-cb-passport-and-boarding-pass-p-47344.html HTTP/1.0" 200 72876 "-" "Mozilla/5.0 (Macintosh; Intel Mac OS X 10_15_5) AppleWebKit/605.1.15 (KHTML, like Gecko) Version/13.1.1 Safari/605.1.15 (Applebot/0.1; +http://www.apple.com/go/applebot)"
13.66.139.139 - - [26/Jan/2021:10:12:30 +0100] "GET /bath-mat-c-11_269_267.html HTTP/1.0" 200 80355 "-" "Mozilla/5.0 (compatible; bingbot/2.0; +http://www.bing.com/bingbot.htm)"
13.66.139.139 - - [26/Jan/2021:10:12:31 +0100] "GET /minions-melamine-dinner-box-p-34022.html HTTP/1.0" 200 72062 "-" "Mozilla/5.0 (compatible; bingbot/2.0; +http://www.bing.com/bingbot.htm)"
13.66.139.139 - - [26/Jan/2021:10:12:32 +0100] "GET /kimmidoll-brush-p-44811.html HTTP/1.0" 200 71818 "-" "Mozilla/5.0 (compatible; bingbot/2.0; +http://www.bing.com/bingbot.htm)"
13.66.139.139 - - [26/Jan/2021:10:12:33 +0100] "GET /difference-accessoriess-c-12_59.html HTTP/1.0" 200 85941 "-" "Mozilla/5.0 (compatible; bingbot/2.0; +http://www.bing.com/bingbot.htm)"
13.66.139.139 - - [26/Jan/2021:10:12:34 +0100] "GET /cat-kitchen-towel-p-38815.html HTTP/1.0" 200 71777 "-" "Mozilla/5.0 (compatible; bingbot/2.0; +http://www.bing.com/bingbot.htm)"
13.66.139.2 - - [26/Jan/2021:10:12:34 +0100] "GET /radio-60-wood-colors-p-19020.html HTTP/1.0" 200 69286 "-" "Mozilla/5.0 (compatible; bingbot/2.0; +http://www.bing.com/bingbot.htm)"
13.66.139.2 - - [26/Jan/2021:10:12:35 +0100] "GET /buddha-aluminium-box-p-37612.html HTTP/1.0" 200 69283 "-" "Mozilla/5.0 (compatible; bingbot/2.0; +http://www.bing.com/bingbot.htm)"
13.66.139.2 - - [26/Jan/2021:10:12:36 +0100] "GET /albania-mug-by-cbkreation-p-33768.html HTTP/1.0" 200 71858 "-" "Mozilla/5.0 (compatible; bingbot/2.0; +http://www.bing.com/bingbot.htm)"
13.66.139.2 - - [26/Jan/2021:10:12:37 +0100] "GET /monster-high-pencil-box-p-21803.html HTTP/1.0" 200 71971 "-" "Mozilla/5.0 (compatible; bingbot/2.0; +http://www.bing.com/bingbot.htm)"
13.66.139.2 - - [26/Jan/2021:10:12:38 +0100] "GET /moroccan-ashtray-p-40617.html HTTP/1.0" 200 71800 "-" "Mozilla/5.0 (compatible; bingbot/2.0; +http://www.bing.com/bingbot.htm)"
13.66.139.136 - - [26/Jan/2021:10:12:39 +0100] "GET /restaurant-metal-box-p-26486.html HTTP/1.0" 200 71909 "-" "Mozilla/5.0 (compatible; bingbot/2.0; +http://www.bing.com/bingbot.htm)"
13.66.139.136 - - [26/Jan/2021:10:12:40 +0100] "GET /sloth-moneybox-p-52234.html HTTP/1.0" 200 72371 "-" "Mozilla/5.0 (compatible; bingbot/2.0; +http://www.bing.com/bingbot.htm)"
13.66.139.136 - - [26/Jan/2021:10:12:41 +0100] "GET /-p-29837.html HTTP/1.0" 200 69189 "-" "Mozilla/5.0 (compatible; bingbot/2.0; +http://www.bing.com/bingbot.htm)"
13.66.139.136 - - [26/Jan/2021:10:12:42 +0100] "GET /puppy-glue-stick-21-grs-p-40831.html HTTP/1.0" 200 71815 "-" "Mozilla/5.0 (compatible; bingbot/2.0; +http://www.bing.com/bingbot.htm)"
13.66.139.136 - - [26/Jan/2021:10:12:43 +0100] "GET /fuel-pump-clock-p-38093.html HTTP/1.0" 200 69255 "-" "Mozilla/5.0 (compatible; bingbot/2.0; +http://www.bing.com/bingbot.htm)"
13.66.139.139 - - [26/Jan/2021:10:12:44 +0100] "GET /horse-metal-trivet-p-37452.html HTTP/1.0" 200 71782 "-" "Mozilla/5.0 (compatible; bingbot/2.0; +http://www.bing.com/bingbot.htm)"
13.66.139.139 - - [26/Jan/2021:10:12:45 +0100] "GET /cat-head-wallet-model-p-39439.html HTTP/1.0" 200 71851 "-" "Mozilla/5.0 (compatible; bingbot/2.0; +http://www.bing.com/bingbot.htm)"
13.66.139.139 - - [26/Jan/2021:10:12:46 +0100] "GET /pencil-pot-cbkreation-p-43446.html HTTP/1.0" 200 71837 "-" "Mozilla/5.0 (compatible; bingbot/2.0; +http://www.bing.com/bingbot.htm)"
13.66.139.139 - - [26/Jan/2021:10:12:47 +0100] "GET /paris-soap-dispenser-p-13953.html HTTP/1.0" 200 71900 "-" "Mozilla/5.0 (compatible; bingbot/2.0; +http://www.bing.com/bingbot.htm)"
13.66.139.139 - - [26/Jan/2021:10:12:48 +0100] "GET /underwear-c-2_38.html HTTP/1.0" 200 74485 "-" "Mozilla/5.0 (compatible; bingbot/2.0; +http://www.bing.com/bingbot.htm)"
13.66.139.139 - - [26/Jan/2021:10:12:49 +0100] "GET /cars-blue-pencil-case-p-19645.html HTTP/1.0" 200 72007 "-" "Mozilla/5.0 (compatible; bingbot/2.0; +http://www.bing.com/bingbot.htm)"
13.66.139.139 - - [26/Jan/2021:10:12:50 +0100] "GET /-p-17943.html HTTP/1.0" 200 69189 "-" "Mozilla/5.0 (compatible; bingbot/2.0; +http://www.bing.com/bingbot.htm)"
13.66.139.139 - - [26/Jan/2021:10:12:51 +0100] "GET /-p-29679.html HTTP/1.0" 200 69189 "-" "Mozilla/5.0 (compatible; bingbot/2.0; +http://www.bing.com/bingbot.htm)"
13.66.139.139 - - [26/Jan/2021:10:12:52 +0100] "GET /-p-29393.html HTTP/1.0" 200 69189 "-" "Mozilla/5.0 (compatible; bingbot/2.0; +http://www.bing.com/bingbot.htm)"
13.66.139.139 - - [26/Jan/2021:10:12:53 +0100] "GET /-p-29445.html HTTP/1.0" 200 69189 "-" "Mozilla/5.0 (compatible; bingbot/2.0; +http://www.bing.com/bingbot.htm)"
13.66.139.139 - - [26/Jan/2021:10:12:54 +0100] "GET /-p-33450.html HTTP/1.0" 200 69189 "-" "Mozilla/5.0 (compatible; bingbot/2.0; +http://www.bing.com/bingbot.htm)"
13.66.139.139 - - [26/Jan/2021:10:12:59 +0100] "GET /-p-33075.html HTTP/1.0" 200 69189 "-" "Mozilla/5.0 (compatible; bingbot/2.0; +http://www.bing.com/bingbot.htm)"
13.66.139.139 - - [26/Jan/2021:10:13:00 +0100] "GET /-p-24225.html HTTP/1.0" 200 69189 "-" "Mozilla/5.0 (compatible; bingbot/2.0; +http://www.bing.com/bingbot.htm)"
13.66.139.139 - - [26/Jan/2021:10:13:01 +0100] "GET /-p-24182.html HTTP/1.0" 200 69189 "-" "Mozilla/5.0 (compatible; bingbot/2.0; +http://www.bing.com/bingbot.htm)"
13.66.139.139 - - [26/Jan/2021:10:13:02 +0100] "GET /-p-19545.html HTTP/1.0" 200 69189 "-" "Mozilla/5.0 (compatible; bingbot/2.0; +http://www.bing.com/bingbot.htm)"
13.66.139.139 - - [26/Jan/2021:10:13:02 +0100] "GET /-p-1306.html HTTP/1.0" 200 69187 "-" "Mozilla/5.0 (compatible; bingbot/2.0; +http://www.bing.com/bingbot.htm)"
13.66.139.136 - - [26/Jan/2021:10:13:03 +0100] "GET /bamboo-pot-mister-sucre-p-48630.html HTTP/1.0" 200 71828 "-" "Mozilla/5.0 (compatible; bingbot/2.0; +http://www.bing.com/bingbot.htm)"
13.66.139.136 - - [26/Jan/2021:10:13:04 +0100] "GET /ma-petite-cremerie-pot-p-35608.html HTTP/1.0" 200 71831 "-" "Mozilla/5.0 (compatible; bingbot/2.0; +http://www.bing.com/bingbot.htm)"
13.66.139.136 - - [26/Jan/2021:10:13:05 +0100] "GET /hannah-montana-stationery-p-19924.html HTTP/1.0" 200 71990 "-" "Mozilla/5.0 (compatible; bingbot/2.0; +http://www.bing.com/bingbot.htm)"
13.66.139.136 - - [26/Jan/2021:10:13:06 +0100] "GET /minions-poster-p-30940.html HTTP/1.0" 200 69250 "-" "Mozilla/5.0 (compatible; bingbot/2.0; +http://www.bing.com/bingbot.htm)"
13.66.139.136 - - [26/Jan/2021:10:13:07 +0100] "GET /fitted-sheet-red-p-27502.html HTTP/1.0" 200 71739 "-" "Mozilla/5.0 (compatible; bingbot/2.0; +http://www.bing.com/bingbot.htm)"
13.66.139.136 - - [26/Jan/2021:10:13:08 +0100] "GET /bakugan-placemat-p-17143.html HTTP/1.0" 200 71859 "-" "Mozilla/5.0 (compatible; bingbot/2.0; +http://www.bing.com/bingbot.htm)"
13.66.139.136 - - [26/Jan/2021:10:13:09 +0100] "GET /skull-zippo-lighter-p-39538.html HTTP/1.0" 200 74896 "-" "Mozilla/5.0 (compatible; bingbot/2.0; +http://www.bing.com/bingbot.htm)"
13.66.139.136 - - [26/Jan/2021:10:13:10 +0100] "GET /cat-large-bowl-p-48617.html HTTP/1.0" 200 71727 "-" "Mozilla/5.0 (compatible; bingbot/2.0; +http://www.bing.com/bingbot.htm)"
13.66.139.139 - - [26/Jan/2021:10:13:12 +0100] "GET /-p-28823.html HTTP/1.0" 200 69189 "-" "Mozilla/5.0 (compatible; bingbot/2.0; +http://www.bing.com/bingbot.htm)"
13.66.139.139 - - [26/Jan/2021:10:13:12 +0100] "GET /-p-28806.html HTTP/1.0" 200 69189 "-" "Mozilla/5.0 (compatible; bingbot/2.0; +http://www.bing.com/bingbot.htm)"
13.66.139.139 - - [26/Jan/2021:10:13:13 +0100] "GET /-p-38731.html HTTP/1.0" 200 69189 "-" "Mozilla/5.0 (compatible; bingbot/2.0; +http://www.bing.com/bingbot.htm)"
54.36.148.187 - - [26/Jan/2021:10:13:15 +0100] "GET /cactus-round-side-table-p-51878.html HTTP/1.0" 200 71786 "-" "Mozilla/5.0 (compatible; AhrefsBot/7.0; +http://ahrefs.com/robot/)"
13.66.139.2 - - [26/Jan/2021:10:13:20 +0100] "GET /frozen-bowl-p-31750.html HTTP/1.0" 200 69235 "-" "Mozilla/5.0 (compatible; bingbot/2.0; +http://www.bing.com/bingbot.htm)"
13.66.139.2 - - [26/Jan/2021:10:13:21 +0100] "GET /amazon-zippo-lighter-p-49096.html HTTP/1.0" 200 74908 "-" "Mozilla/5.0 (compatible; bingbot/2.0; +http://www.bing.com/bingbot.htm)"
13.66.139.2 - - [26/Jan/2021:10:13:22 +0100] "GET /keith-haring-tote-bag-p-39089.html HTTP/1.0" 200 71864 "-" "Mozilla/5.0 (compatible; bingbot/2.0; +http://www.bing.com/bingbot.htm)"
13.66.139.2 - - [26/Jan/2021:10:13:23 +0100] "GET /bottle-opener-corsica-p-48339.html HTTP/1.0" 200 71841 "-" "Mozilla/5.0 (compatible; bingbot/2.0; +http://www.bing.com/bingbot.htm)"
13.66.139.2 - - [26/Jan/2021:10:13:23 +0100] "GET /barbapapa-black-shirt-p-29636.html HTTP/1.0" 200 72990 "-" "Mozilla/5.0 (compatible; bingbot/2.0; +http://www.bing.com/bingbot.htm)"
13.66.139.136 - - [26/Jan/2021:10:13:24 +0100] "GET /minecraft-shirt-p-29611.html HTTP/1.0" 200 69243 "-" "Mozilla/5.0 (compatible; bingbot/2.0; +http://www.bing.com/bingbot.htm)"
13.66.139.136 - - [26/Jan/2021:10:13:25 +0100] "GET /tweety-glitter-globe-p-5207.html HTTP/1.0" 200 71852 "-" "Mozilla/5.0 (compatible; bingbot/2.0; +http://www.bing.com/bingbot.htm)"
13.66.139.136 - - [26/Jan/2021:10:13:26 +0100] "GET /the-beatles-shirt-p-29552.html HTTP/1.0" 200 69271 "-" "Mozilla/5.0 (compatible; bingbot/2.0; +http://www.bing.com/bingbot.htm)"
13.66.139.136 - - [26/Jan/2021:10:13:27 +0100] "GET /winx-picnic-set-p-17167.html HTTP/1.0" 200 72685 "-" "Mozilla/5.0 (compatible; bingbot/2.0; +http://www.bing.com/bingbot.htm)"
13.66.139.136 - - [26/Jan/2021:10:13:28 +0100] "GET /long-sleeves-shirts-c-1_21.html HTTP/1.0" 200 76652 "-" "Mozilla/5.0 (compatible; bingbot/2.0; +http://www.bing.com/bingbot.htm)"
13.66.139.136 - - [26/Jan/2021:10:13:29 +0100] "GET /dresses-skirts-c-1_19.html HTTP/1.0" 200 78015 "-" "Mozilla/5.0 (compatible; bingbot/2.0; +http://www.bing.com/bingbot.htm)"
13.66.139.2 - - [26/Jan/2021:10:13:30 +0100] "GET /bon-anniversaire-card-p-20020.html HTTP/1.0" 200 69285 "-" "Mozilla/5.0 (compatible; bingbot/2.0; +http://www.bing.com/bingbot.htm)"
13.66.139.2 - - [26/Jan/2021:10:13:31 +0100] "GET /snow-white-queen-figure-p-3603.html HTTP/1.0" 200 69296 "-" "Mozilla/5.0 (compatible; bingbot/2.0; +http://www.bing.com/bingbot.htm)"
13.66.139.2 - - [26/Jan/2021:10:13:32 +0100] "GET /lyon-black-tee-shirt-p-31275.html HTTP/1.0" 200 73767 "-" "Mozilla/5.0 (compatible; bingbot/2.0; +http://www.bing.com/bingbot.htm)"
13.66.139.2 - - [26/Jan/2021:10:13:33 +0100] "GET /-p-35007.html HTTP/1.0" 200 69189 "-" "Mozilla/5.0 (compatible; bingbot/2.0; +http://www.bing.com/bingbot.htm)"
13.66.139.2 - - [26/Jan/2021:10:13:34 +0100] "GET /-p-13824.html HTTP/1.0" 200 69189 "-" "Mozilla/5.0 (compatible; bingbot/2.0; +http://www.bing.com/bingbot.htm)"
13.66.139.2 - - [26/Jan/2021:10:13:40 +0100] "GET /-p-23260.html HTTP/1.0" 200 69189 "-" "Mozilla/5.0 (compatible; bingbot/2.0; +http://www.bing.com/bingbot.htm)"
13.66.139.2 - - [26/Jan/2021:10:13:41 +0100] "GET /-p-16051.html HTTP/1.0" 200 69189 "-" "Mozilla/5.0 (compatible; bingbot/2.0; +http://www.bing.com/bingbot.htm)"
13.66.139.2 - - [26/Jan/2021:10:13:42 +0100] "GET /-p-18260.html HTTP/1.0" 200 69189 "-" "Mozilla/5.0 (compatible; bingbot/2.0; +http://www.bing.com/bingbot.htm)"
13.66.139.2 - - [26/Jan/2021:10:13:42 +0100] "GET /-p-37388.html HTTP/1.0" 200 69189 "-" "Mozilla/5.0 (compatible; bingbot/2.0; +http://www.bing.com/bingbot.htm)"
13.66.139.2 - - [26/Jan/2021:10:13:43 +0100] "GET /-p-20872.html HTTP/1.0" 200 69189 "-" "Mozilla/5.0 (compatible; bingbot/2.0; +http://www.bing.com/bingbot.htm)"
13.66.139.136 - - [26/Jan/2021:10:13:45 +0100] "GET /green-globe-decoration-p-52917.html HTTP/1.0" 200 71894 "-" "Mozilla/5.0 (compatible; bingbot/2.0; +http://www.bing.com/bingbot.htm)"
13.66.139.136 - - [26/Jan/2021:10:13:46 +0100] "GET /-p-32671.html HTTP/1.0" 200 69189 "-" "Mozilla/5.0 (compatible; bingbot/2.0; +http://www.bing.com/bingbot.htm)"
13.66.139.136 - - [26/Jan/2021:10:13:47 +0100] "GET /-p-15707.html HTTP/1.0" 200 69189 "-" "Mozilla/5.0 (compatible; bingbot/2.0; +http://www.bing.com/bingbot.htm)"
