13.66.139.136 - - [26/Jan/2021:10:13:47 +0100] "GET /-p-11208.html HTTP/1.0" 200 69189 "-" "Mozilla/5.0 (compatible; bingbot/2.0; +http://www.bing.com/bingbot.htm)"
13.66.139.136 - - [26/Jan/2021:10:13:48 +0100] "GET /-p-15785.html HTTP/1.0" 200 69189 "-" "Mozilla/5.0 (compatible; bingbot/2.0; +http://www.bing.com/bingbot.htm)"
13.66.139.2 - - [26/Jan/2021:10:13:50 +0100] "GET /-p-13368.html HTTP/1.0" 200 69189 "-" "Mozilla/5.0 (compatible; bingbot/2.0; +http://www.bing.com/bingbot.htm)"
13.66.139.2 - - [26/Jan/2021:10:13:51 +0100] "GET /-p-14895.html HTTP/1.0" 200 69189 "-" "Mozilla/5.0 (compatible; bingbot/2.0; +http://www.bing.com/bingbot.htm)"
13.66.139.2 - - [26/Jan/2021:10:13:52 +0100] "GET /-p-21986.html HTTP/1.0" 200 69189 "-" "Mozilla/5.0 (compatible; bingbot/2.0; +http://www.bing.com/bingbot.htm)"
13.66.139.2 - - [26/Jan/2021:10:13:53 +0100] "GET /frozen-musical-jewelry-box-p-33685.html HTTP/1.0" 200 69283 "-" "Mozilla/5.0 (compatible; bingbot/2.0; +http://www.bing.com/bingbot.htm)"
13.66.139.2 - - [26/Jan/2021:10:13:54 +0100] "GET /-p-9686.html HTTP/1.0" 200 69187 "-" "Mozilla/5.0 (compatible; bingbot/2.0; +http://www.bing.com/bingbot.htm)"
13.66.139.136 - - [26/Jan/2021:10:13:55 +0100] "GET /-p-10531.html HTTP/1.0" 200 69189 "-" "Mozilla/5.0 (compatible; bingbot/2.0; +http://www.bing.com/bingbot.htm)"
13.66.139.136 - - [26/Jan/2021:10:13:56 +0100] "GET /-p-33414.html HTTP/1.0" 200 69189 "-" "Mozilla/5.0 (compatible; bingbot/2.0; +http://www.bing.com/bingbot.htm)"
13.66.139.136 - - [26/Jan/2021:10:13:56 +0100] "GET /-p-29095.html HTTP/1.0" 200 69189 "-" "Mozilla/5.0 (compatible; bingbot/2.0; +http://www.bing.com/bingbot.htm)"
13.66.139.136 - - [26/Jan/2021:10:13:57 +0100] "GET /-p-34266.html HTTP/1.0" 200 69189 "-" "Mozilla/5.0 (compatible; bingbot/2.0; +http://www.bing.com/bingbot.htm)"
13.66.139.136 - - [26/Jan/2021:10:13:58 +0100] "GET /-p-15287.html HTTP/1.0" 200 69189 "-" "Mozilla/5.0 (compatible; bingbot/2.0; +http://www.bing.com/bingbot.htm)"
13.66.139.136 - - [26/Jan/2021:10:13:59 +0100] "GET /-p-16178.html HTTP/1.0" 200 69189 "-" "Mozilla/5.0 (compatible; bingbot/2.0; +http://www.bing.com/bingbot.htm)"
13.66.139.136 - - [26/Jan/2021:10:14:00 +0100] "GET /-p-13883.html HTTP/1.0" 200 69189 "-" "Mozilla/5.0 (compatible; bingbot/2.0; +http://www.bing.com/bingbot.htm)"
13.66.139.2 - - [26/Jan/2021:10:14:01 +0100] "GET /-p-14450.html HTTP/1.0" 200 69189 "-" "Mozilla/5.0 (compatible; bingbot/2.0; +http://www.bing.com/bingbot.htm)"
13.66.139.2 - - [26/Jan/2021:10:14:02 +0100] "GET /-p-17452.html HTTP/1.0" 200 69189 "-" "Mozilla/5.0 (compatible; bingbot/2.0; +http://www.bing.com/bingbot.htm)"
13.66.139.2 - - [26/Jan/2021:10:14:03 +0100] "GET /-p-18805.html HTTP/1.0" 200 69189 "-" "Mozilla/5.0 (compatible; bingbot/2.0; +http://www.bing.com/bingbot.htm)"
13.66.139.2 - - [26/Jan/2021:10:14:04 +0100] "GET /images/big_prod_2/028399219308b.jpg HTTP/1.0" 200 270 "-" "Mozilla/5.0 (compatible; bingbot/2.0; +http://www.bing.com/bingbot.htm)"
13.66.139.136 - - [26/Jan/2021:10:14:10 +0100] "GET /-p-17204.html HTTP/1.0" 200 69189 "-" "Mozilla/5.0 (compatible; bingbot/2.0; +http://www.bing.com/bingbot.htm)"
13.66.139.136 - - [26/Jan/2021:10:14:11 +0100] "GET /-p-11975.html HTTP/1.0" 200 69189 "-" "Mozilla/5.0 (compatible; bingbot/2.0; +http://www.bing.com/bingbot.htm)"
13.66.139.139 - - [26/Jan/2021:10:15:09 +0100] "GET /images/3681643402030.jpg HTTP/1.0" 200 259 "-" "Mozilla/5.0 (compatible; bingbot/2.0; +http://www.bing.com/bingbot.htm)"
13.66.139.139 - - [26/Jan/2021:10:15:40 +0100] "GET /images/big_prod/3565750232158.jpg HTTP/1.0" 200 268 "-" "Mozilla/5.0 (compatible; bingbot/2.0; +http://www.bing.com/bingbot.htm)"
157.55.39.228 - - [26/Jan/2021:10:15:45 +0100] "GET /images/med_prod/1384010181485.jpg HTTP/1.0" 200 268 "-" "Mozilla/5.0 (compatible; bingbot/2.0; +http://www.bing.com/bingbot.htm)"
13.66.139.139 - - [26/Jan/2021:10:15:50 +0100] "GET /images/mini_prod/1399984238103.jpg HTTP/1.0" 200 269 "-" "Mozilla/5.0 (compatible; bingbot/2.0; +http://www.bing.com/bingbot.htm)"
13.66.139.139 - - [26/Jan/2021:10:18:00 +0100] "GET /riverdale-bear-tom-brown-28-cm-p-31711.html HTTP/1.0" 200 72039 "-" "Mozilla/5.0 (compatible; bingbot/2.0; +http://www.bing.com/bingbot.htm)"
13.66.139.139 - - [26/Jan/2021:10:18:01 +0100] "GET /blue-cat-alarm-clock-p-28795.html HTTP/1.0" 200 71842 "-" "Mozilla/5.0 (compatible; bingbot/2.0; +http://www.bing.com/bingbot.htm)"
13.66.139.139 - - [26/Jan/2021:10:18:02 +0100] "GET /tarot-box-dreamcatcher-p-43802.html HTTP/1.0" 200 72159 "-" "Mozilla/5.0 (compatible; bingbot/2.0; +http://www.bing.com/bingbot.htm)"
13.66.139.139 - - [26/Jan/2021:10:18:03 +0100] "GET /wwe-batista-pencil-pot-p-13877.html HTTP/1.0" 200 71929 "-" "Mozilla/5.0 (compatible; bingbot/2.0; +http://www.bing.com/bingbot.htm)"
13.66.139.139 - - [26/Jan/2021:10:18:04 +0100] "GET /beatles-story-notebook-p-17105.html HTTP/1.0" 200 73595 "-" "Mozilla/5.0 (compatible; bingbot/2.0; +http://www.bing.com/bingbot.htm)"
13.66.139.136 - - [26/Jan/2021:10:18:04 +0100] "GET /moroccan-ashtray-p-40622.html HTTP/1.0" 200 71801 "-" "Mozilla/5.0 (compatible; bingbot/2.0; +http://www.bing.com/bingbot.htm)"
13.66.139.136 - - [26/Jan/2021:10:18:05 +0100] "GET /ogc-nice-flag-p-38276.html HTTP/1.0" 200 69245 "-" "Mozilla/5.0 (compatible; bingbot/2.0; +http://www.bing.com/bingbot.htm)"
13.66.139.136 - - [26/Jan/2021:10:18:06 +0100] "GET /flora-figure-p-15679.html HTTP/1.0" 200 69240 "-" "Mozilla/5.0 (compatible; bingbot/2.0; +http://www.bing.com/bingbot.htm)"
13.66.139.136 - - [26/Jan/2021:10:18:07 +0100] "GET /teo-jasmin-medium-cabas-p-44212.html HTTP/1.0" 200 69295 "-" "Mozilla/5.0 (compatible; bingbot/2.0; +http://www.bing.com/bingbot.htm)"
13.66.139.136 - - [26/Jan/2021:10:18:08 +0100] "GET /little-mariners-bowl-p-38782.html HTTP/1.0" 200 69280 "-" "Mozilla/5.0 (compatible; bingbot/2.0; +http://www.bing.com/bingbot.htm)"
13.66.139.139 - - [26/Jan/2021:10:18:10 +0100] "GET /emoticon-cushion-30-cm-p-40453.html HTTP/1.0" 200 71824 "-" "Mozilla/5.0 (compatible; bingbot/2.0; +http://www.bing.com/bingbot.htm)"
13.66.139.139 - - [26/Jan/2021:10:18:11 +0100] "GET /selenite-lamp-p-38794.html HTTP/1.0" 200 72560 "-" "Mozilla/5.0 (compatible; bingbot/2.0; +http://www.bing.com/bingbot.htm)"
13.66.139.139 - - [26/Jan/2021:10:18:12 +0100] "GET /magnet-grinning-tassen-p-47557.html HTTP/1.0" 200 72776 "-" "Mozilla/5.0 (compatible; bingbot/2.0; +http://www.bing.com/bingbot.htm)"
13.66.139.139 - - [26/Jan/2021:10:18:13 +0100] "GET /made-usa-eyelets-curtain-p-31459.html HTTP/1.0" 200 74006 "-" "Mozilla/5.0 (compatible; bingbot/2.0; +http://www.bing.com/bingbot.htm)"
13.66.139.139 - - [26/Jan/2021:10:18:14 +0100] "GET /bistro-des-arts-mug-p-39711.html HTTP/1.0" 200 71816 "-" "Mozilla/5.0 (compatible; bingbot/2.0; +http://www.bing.com/bingbot.htm)"
13.66.139.139 - - [26/Jan/2021:10:18:15 +0100] "GET /gto-by-neko-shirt-p-29601.html HTTP/1.0" 200 72930 "-" "Mozilla/5.0 (compatible; bingbot/2.0; +http://www.bing.com/bingbot.htm)"
13.66.139.139 - - [26/Jan/2021:10:18:16 +0100] "GET /skeleton-black-shirt-p-30128.html HTTP/1.0" 200 73012 "-" "Mozilla/5.0 (compatible; bingbot/2.0; +http://www.bing.com/bingbot.htm)"
13.66.139.139 - - [26/Jan/2021:10:18:16 +0100] "GET /usa-dollar-cushion-p-33034.html HTTP/1.0" 200 71940 "-" "Mozilla/5.0 (compatible; bingbot/2.0; +http://www.bing.com/bingbot.htm)"
13.66.139.139 - - [26/Jan/2021:10:18:17 +0100] "GET /cock-salt-and-pepper-p-35945.html HTTP/1.0" 200 71812 "-" "Mozilla/5.0 (compatible; bingbot/2.0; +http://www.bing.com/bingbot.htm)"
13.66.139.139 - - [26/Jan/2021:10:18:18 +0100] "GET /batman-polar-blanket-p-31997.html HTTP/1.0" 200 71995 "-" "Mozilla/5.0 (compatible; bingbot/2.0; +http://www.bing.com/bingbot.htm)"
13.66.139.5 - - [26/Jan/2021:10:18:19 +0100] "GET /vespa-pink-pencil-case-p-15585.html HTTP/1.0" 200 71877 "-" "Mozilla/5.0 (compatible; bingbot/2.0; +http://www.bing.com/bingbot.htm)"
13.66.139.5 - - [26/Jan/2021:10:18:21 +0100] "GET /zodiac-high-ceramic-mug-p-30784.html HTTP/1.0" 200 71793 "-" "Mozilla/5.0 (compatible; bingbot/2.0; +http://www.bing.com/bingbot.htm)"
13.66.139.5 - - [26/Jan/2021:10:18:22 +0100] "GET /pink-flamingos-placemat-p-43014.html HTTP/1.0" 200 71808 "-" "Mozilla/5.0 (compatible; bingbot/2.0; +http://www.bing.com/bingbot.htm)"
13.66.139.5 - - [26/Jan/2021:10:18:23 +0100] "GET /street-fighter-mousepad-p-16003.html HTTP/1.0" 200 71980 "-" "Mozilla/5.0 (compatible; bingbot/2.0; +http://www.bing.com/bingbot.htm)"
13.66.139.139 - - [26/Jan/2021:10:18:24 +0100] "GET /peanuts-figure-p-11179.html HTTP/1.0" 200 71863 "-" "Mozilla/5.0 (compatible; bingbot/2.0; +http://www.bing.com/bingbot.htm)"
13.66.139.139 - - [26/Jan/2021:10:18:25 +0100] "GET /james-towel-75-150-cm-p-39101.html HTTP/1.0" 200 71818 "-" "Mozilla/5.0 (compatible; bingbot/2.0; +http://www.bing.com/bingbot.htm)"
13.66.139.5 - - [26/Jan/2021:10:18:24 +0100] "GET /-p-19974.html HTTP/1.0" 200 69189 "-" "Mozilla/5.0 (compatible; bingbot/2.0; +http://www.bing.com/bingbot.htm)"
13.66.139.139 - - [26/Jan/2021:10:18:26 +0100] "GET /moroccan-orange-ashtray-p-31883.html HTTP/1.0" 200 71828 "-" "Mozilla/5.0 (compatible; bingbot/2.0; +http://www.bing.com/bingbot.htm)"
13.66.139.139 - - [26/Jan/2021:10:18:27 +0100] "GET /pink-flamingo-white-women-tee-shirt-p-34203.html HTTP/1.0" 200 74144 "-" "Mozilla/5.0 (compatible; bingbot/2.0; +http://www.bing.com/bingbot.htm)"
13.66.139.139 - - [26/Jan/2021:10:18:28 +0100] "GET /-p-21505.html HTTP/1.0" 200 69189 "-" "Mozilla/5.0 (compatible; bingbot/2.0; +http://www.bing.com/bingbot.htm)"
13.66.139.139 - - [26/Jan/2021:10:18:30 +0100] "GET /-p-17776.html HTTP/1.0" 200 69189 "-" "Mozilla/5.0 (compatible; bingbot/2.0; +http://www.bing.com/bingbot.htm)"
13.66.139.139 - - [26/Jan/2021:10:18:31 +0100] "GET /-p-25237.html HTTP/1.0" 200 69189 "-" "Mozilla/5.0 (compatible; bingbot/2.0; +http://www.bing.com/bingbot.htm)"
13.66.139.139 - - [26/Jan/2021:10:18:32 +0100] "GET /-p-33926.html HTTP/1.0" 200 69189 "-" "Mozilla/5.0 (compatible; bingbot/2.0; +http://www.bing.com/bingbot.htm)"
13.66.139.139 - - [26/Jan/2021:10:18:33 +0100] "GET /-p-23188.html HTTP/1.0" 200 69189 "-" "Mozilla/5.0 (compatible; bingbot/2.0; +http://www.bing.com/bingbot.htm)"
13.66.139.139 - - [26/Jan/2021:10:18:34 +0100] "GET /-p-13248.html HTTP/1.0" 200 69189 "-" "Mozilla/5.0 (compatible; bingbot/2.0; +http://www.bing.com/bingbot.htm)"
13.66.139.5 - - [26/Jan/2021:10:18:35 +0100] "GET /gorjuss-the-hatter-wallet-p-35568.html HTTP/1.0" 200 69305 "-" "Mozilla/5.0 (compatible; bingbot/2.0; +http://www.bing.com/bingbot.htm)"
51.68.224.127 - - [26/Jan/2021:10:18:36 +0100] "GET /adminweb/export_orders_xml.php?token=256de2z6edz6ed2z6DFSFsed2zed6zeDSFDSGdzedezfzf&maxorders=10&orderstart=1&status=14&start_date=2018-10-01 HTTP/1.0" 200 285 "-" "GesCom CharlotteBoutik Serveur"
51.68.224.127 - - [26/Jan/2021:10:18:36 +0100] "GET /adminweb/export_orders_xml.php?token=256de2z6edz6ed2z6DFSFsed2zed6zeDSFDSGdzedezfzf&maxorders=10&orderstart=1&status=6&start_date=2018-10-01 HTTP/1.0" 200 29990 "-" "GesCom CharlotteBoutik Serveur"
13.66.139.5 - - [26/Jan/2021:10:18:36 +0100] "GET /zippo-leather-wash-bag-p-49117.html HTTP/1.0" 200 72669 "-" "Mozilla/5.0 (compatible; bingbot/2.0; +http://www.bing.com/bingbot.htm)"
13.66.139.5 - - [26/Jan/2021:10:18:37 +0100] "GET /us-route-66-pencil-pot-p-24212.html HTTP/1.0" 200 71820 "-" "Mozilla/5.0 (compatible; bingbot/2.0; +http://www.bing.com/bingbot.htm)"
13.66.139.5 - - [26/Jan/2021:10:18:38 +0100] "GET /smurf-coin-bank-p-23436.html HTTP/1.0" 200 71777 "-" "Mozilla/5.0 (compatible; bingbot/2.0; +http://www.bing.com/bingbot.htm)"
13.66.139.5 - - [26/Jan/2021:10:18:39 +0100] "GET /cars-small-satchel-p-19688.html HTTP/1.0" 200 69251 "-" "Mozilla/5.0 (compatible; bingbot/2.0; +http://www.bing.com/bingbot.htm)"
13.66.139.136 - - [26/Jan/2021:10:18:40 +0100] "GET /metal-beer-bucket-p-44738.html HTTP/1.0" 200 71782 "-" "Mozilla/5.0 (compatible; bingbot/2.0; +http://www.bing.com/bingbot.htm)"
13.66.139.136 - - [26/Jan/2021:10:18:41 +0100] "GET /planes-placemat-p-31796.html HTTP/1.0" 200 71856 "-" "Mozilla/5.0 (compatible; bingbot/2.0; +http://www.bing.com/bingbot.htm)"
13.66.139.136 - - [26/Jan/2021:10:18:42 +0100] "GET /mirror-love-kittens-p-21301.html HTTP/1.0" 200 71738 "-" "Mozilla/5.0 (compatible; bingbot/2.0; +http://www.bing.com/bingbot.htm)"
13.66.139.136 - - [26/Jan/2021:10:18:43 +0100] "GET /live-to-ride-hoodies-p-33758.html HTTP/1.0" 200 74577 "-" "Mozilla/5.0 (compatible; bingbot/2.0; +http://www.bing.com/bingbot.htm)"
13.66.139.136 - - [26/Jan/2021:10:18:44 +0100] "GET /pusheen-sticker-sheet-p-42602.html HTTP/1.0" 200 72080 "-" "Mozilla/5.0 (compatible; bingbot/2.0; +http://www.bing.com/bingbot.htm)"
13.66.139.139 - - [26/Jan/2021:10:18:45 +0100] "GET /noddy-bingo-p-2579.html HTTP/1.0" 200 69233 "-" "Mozilla/5.0 (compatible; bingbot/2.0; +http://www.bing.com/bingbot.htm)"
13.66.139.139 - - [26/Jan/2021:10:18:46 +0100] "GET /playboy-pink-and-black-bar-stool-p-16758.html HTTP/1.0" 200 69340 "-" "Mozilla/5.0 (compatible; bingbot/2.0; +http://www.bing.com/bingbot.htm)"
13.66.139.139 - - [26/Jan/2021:10:18:47 +0100] "GET /pencil-pot-cbkreation-p-43449.html HTTP/1.0" 200 71836 "-" "Mozilla/5.0 (compatible; bingbot/2.0; +http://www.bing.com/bingbot.htm)"
13.66.139.139 - - [26/Jan/2021:10:18:48 +0100] "GET /teo-jasmin-medium-cabas-p-30000.html HTTP/1.0" 200 69295 "-" "Mozilla/5.0 (compatible; bingbot/2.0; +http://www.bing.com/bingbot.htm)"
13.66.139.139 - - [26/Jan/2021:10:18:48 +0100] "GET /angel-bell-metal-11-cm-p-38732.html HTTP/1.0" 200 71838 "-" "Mozilla/5.0 (compatible; bingbot/2.0; +http://www.bing.com/bingbot.htm)"
13.66.139.139 - - [26/Jan/2021:10:18:49 +0100] "GET /cats-mini-mug-p-48622.html HTTP/1.0" 200 72305 "-" "Mozilla/5.0 (compatible; bingbot/2.0; +http://www.bing.com/bingbot.htm)"
13.66.139.139 - - [26/Jan/2021:10:18:50 +0100] "GET /tiger-black-tee-shirt-p-31165.html HTTP/1.0" 200 73769 "-" "Mozilla/5.0 (compatible; bingbot/2.0; +http://www.bing.com/bingbot.htm)"
13.66.139.139 - - [26/Jan/2021:10:18:51 +0100] "GET /janod-farm-stamps-p-19504.html HTTP/1.0" 200 69265 "-" "Mozilla/5.0 (compatible; bingbot/2.0; +http://www.bing.com/bingbot.htm)"
13.66.139.139 - - [26/Jan/2021:10:18:52 +0100] "GET /frankie-stein-figure-p-22565.html HTTP/1.0" 200 71890 "-" "Mozilla/5.0 (compatible; bingbot/2.0; +http://www.bing.com/bingbot.htm)"
13.66.139.139 - - [26/Jan/2021:10:18:53 +0100] "GET /tarot-box-buddha-p-46792.html HTTP/1.0" 200 72696 "-" "Mozilla/5.0 (compatible; bingbot/2.0; +http://www.bing.com/bingbot.htm)"
13.66.139.136 - - [26/Jan/2021:10:18:55 +0100] "GET /collectible-figurines-and-decorative-c-13_135.html HTTP/1.0" 200 95415 "-" "Mozilla/5.0 (compatible; bingbot/2.0; +http://www.bing.com/bingbot.htm)"
13.66.139.136 - - [26/Jan/2021:10:18:56 +0100] "GET /angry-birds-stationery-set-p-23164.html HTTP/1.0" 200 72097 "-" "Mozilla/5.0 (compatible; bingbot/2.0; +http://www.bing.com/bingbot.htm)"
13.66.139.136 - - [26/Jan/2021:10:18:57 +0100] "GET /crayola-coloring-album-p-25052.html HTTP/1.0" 200 69267 "-" "Mozilla/5.0 (compatible; bingbot/2.0; +http://www.bing.com/bingbot.htm)"
13.66.139.136 - - [26/Jan/2021:10:18:58 +0100] "GET /ladybird-gorjuss-mug-p-38194.html HTTP/1.0" 200 69280 "-" "Mozilla/5.0 (compatible; bingbot/2.0; +http://www.bing.com/bingbot.htm)"
13.66.139.136 - - [26/Jan/2021:10:18:59 +0100] "GET /skull-white-phone-p-33055.html HTTP/1.0" 200 71950 "-" "Mozilla/5.0 (compatible; bingbot/2.0; +http://www.bing.com/bingbot.htm)"
13.66.139.139 - - [26/Jan/2021:10:19:00 +0100] "GET /box-coffee-mao-p-26172.html HTTP/1.0" 200 71898 "-" "Mozilla/5.0 (compatible; bingbot/2.0; +http://www.bing.com/bingbot.htm)"
13.66.139.139 - - [26/Jan/2021:10:19:01 +0100] "GET /beyblade-dvd-p-31769.html HTTP/1.0" 200 69240 "-" "Mozilla/5.0 (compatible; bingbot/2.0; +http://www.bing.com/bingbot.htm)"
13.66.139.139 - - [26/Jan/2021:10:19:02 +0100] "GET /-p-31200.html HTTP/1.0" 200 69189 "-" "Mozilla/5.0 (compatible; bingbot/2.0; +http://www.bing.com/bingbot.htm)"
13.66.139.139 - - [26/Jan/2021:10:19:03 +0100] "GET /-p-18346.html HTTP/1.0" 200 69189 "-" "Mozilla/5.0 (compatible; bingbot/2.0; +http://www.bing.com/bingbot.htm)"
13.66.139.139 - - [26/Jan/2021:10:19:03 +0100] "GET /office-items-c-97_100.html HTTP/1.0" 200 89321 "-" "Mozilla/5.0 (compatible; bingbot/2.0; +http://www.bing.com/bingbot.htm)"
13.66.139.136 - - [26/Jan/2021:10:19:05 +0100] "GET /big-hero-cushion-p-33183.html HTTP/1.0" 200 71919 "-" "Mozilla/5.0 (compatible; bingbot/2.0; +http://www.bing.com/bingbot.htm)"
13.66.139.136 - - [26/Jan/2021:10:19:06 +0100] "GET /paris-coffee-box-p-15279.html HTTP/1.0" 200 69243 "-" "Mozilla/5.0 (compatible; bingbot/2.0; +http://www.bing.com/bingbot.htm)"
13.66.139.136 - - [26/Jan/2021:10:19:07 +0100] "GET /tea-for-one-mandala-p-43383.html HTTP/1.0" 200 72898 "-" "Mozilla/5.0 (compatible; bingbot/2.0; +http://www.bing.com/bingbot.htm)"
13.66.139.136 - - [26/Jan/2021:10:19:08 +0100] "GET /dubout-cats-white-mug-p-52492.html HTTP/1.0" 200 71797 "-" "Mozilla/5.0 (compatible; bingbot/2.0; +http://www.bing.com/bingbot.htm)"
13.66.139.136 - - [26/Jan/2021:10:19:09 +0100] "GET /corsica-espresso-set-p-30430.html HTTP/1.0" 200 71862 "-" "Mozilla/5.0 (compatible; bingbot/2.0; +http://www.bing.com/bingbot.htm)"
13.66.139.139 - - [26/Jan/2021:10:19:10 +0100] "GET /-p-11466.html HTTP/1.0" 200 69189 "-" "Mozilla/5.0 (compatible; bingbot/2.0; +http://www.bing.com/bingbot.htm)"
13.66.139.139 - - [26/Jan/2021:10:19:11 +0100] "GET /-p-17481.html HTTP/1.0" 200 69189 "-" "Mozilla/5.0 (compatible; bingbot/2.0; +http://www.bing.com/bingbot.htm)"
13.66.139.139 - - [26/Jan/2021:10:19:11 +0100] "GET /-p-22588.html HTTP/1.0" 200 69189 "-" "Mozilla/5.0 (compatible; bingbot/2.0; +http://www.bing.com/bingbot.htm)"
13.66.139.139 - - [26/Jan/2021:10:19:12 +0100] "GET /-p-23051.html HTTP/1.0" 200 69189 "-" "Mozilla/5.0 (compatible; bingbot/2.0; +http://www.bing.com/bingbot.htm)"
13.66.139.139 - - [26/Jan/2021:10:19:13 +0100] "GET /-p-38162.html HTTP/1.0" 200 69189 "-" "Mozilla/5.0 (compatible; bingbot/2.0; +http://www.bing.com/bingbot.htm)"
13.66.139.136 - - [26/Jan/2021:10:19:15 +0100] "GET /spiderman-round-table-p-18800.html HTTP/1.0" 200 69285 "-" "Mozilla/5.0 (compatible; bingbot/2.0; +http://www.bing.com/bingbot.htm)"
13.66.139.136 - - [26/Jan/2021:10:19:16 +0100] "GET /cat-food-bowl-cat-p-31704.html HTTP/1.0" 200 69271 "-" "Mozilla/5.0 (compatible; bingbot/2.0; +http://www.bing.com/bingbot.htm)"
13.66.139.136 - - [26/Jan/2021:10:19:16 +0100] "GET /-p-19588.html HTTP/1.0" 200 69189 "-" "Mozilla/5.0 (compatible; bingbot/2.0; +http://www.bing.com/bingbot.htm)"
13.66.139.136 - - [26/Jan/2021:10:19:17 +0100] "GET /-p-12087.html HTTP/1.0" 200 69189 "-" "Mozilla/5.0 (compatible; bingbot/2.0; +http://www.bing.com/bingbot.htm)"
13.66.139.136 - - [26/Jan/2021:10:19:18 +0100] "GET /-p-11992.html HTTP/1.0" 200 69189 "-" "Mozilla/5.0 (compatible; bingbot/2.0; +http://www.bing.com/bingbot.htm)"
13.66.139.139 - - [26/Jan/2021:10:19:20 +0100] "GET /-p-9224.html HTTP/1.0" 200 69187 "-" "Mozilla/5.0 (compatible; bingbot/2.0; +http://www.bing.com/bingbot.htm)"
13.66.139.139 - - [26/Jan/2021:10:19:21 +0100] "GET /-p-6633.html HTTP/1.0" 200 69187 "-" "Mozilla/5.0 (compatible; bingbot/2.0; +http://www.bing.com/bingbot.htm)"
13.66.139.139 - - [26/Jan/2021:10:19:22 +0100] "GET /-p-9437.html HTTP/1.0" 200 69187 "-" "Mozilla/5.0 (compatible; bingbot/2.0; +http://www.bing.com/bingbot.htm)"
13.66.139.139 - - [26/Jan/2021:10:19:23 +0100] "GET /-p-563.html HTTP/1.0" 200 69185 "-" "Mozilla/5.0 (compatible; bingbot/2.0; +http://www.bing.com/bingbot.htm)"
13.66.139.139 - - [26/Jan/2021:10:19:23 +0100] "GET /-p-3460.html HTTP/1.0" 200 69187 "-" "Mozilla/5.0 (compatible; bingbot/2.0; +http://www.bing.com/bingbot.htm)"
13.66.139.5 - - [26/Jan/2021:10:19:24 +0100] "GET /bulldog-money-box-p-52598.html HTTP/1.0" 200 72369 "-" "Mozilla/5.0 (compatible; bingbot/2.0; +http://www.bing.com/bingbot.htm)"
13.66.139.5 - - [26/Jan/2021:10:19:25 +0100] "GET /color-phone-box-poster-p-32304.html HTTP/1.0" 200 71846 "-" "Mozilla/5.0 (compatible; bingbot/2.0; +http://www.bing.com/bingbot.htm)"
13.66.139.5 - - [26/Jan/2021:10:19:26 +0100] "GET /teo-jasmin-medium-cabas-p-44213.html HTTP/1.0" 200 72745 "-" "Mozilla/5.0 (compatible; bingbot/2.0; +http://www.bing.com/bingbot.htm)"
13.66.139.5 - - [26/Jan/2021:10:19:27 +0100] "GET /disney-princess-table-p-12245.html HTTP/1.0" 200 71996 "-" "Mozilla/5.0 (compatible; bingbot/2.0; +http://www.bing.com/bingbot.htm)"
13.66.139.5 - - [26/Jan/2021:10:19:28 +0100] "GET /uk-clock-by-cbkreation-p-24412.html HTTP/1.0" 200 71929 "-" "Mozilla/5.0 (compatible; bingbot/2.0; +http://www.bing.com/bingbot.htm)"
13.66.139.139 - - [26/Jan/2021:10:19:30 +0100] "GET /-p-26604.html HTTP/1.0" 200 69189 "-" "Mozilla/5.0 (compatible; bingbot/2.0; +http://www.bing.com/bingbot.htm)"
13.66.139.139 - - [26/Jan/2021:10:19:31 +0100] "GET /-p-22630.html HTTP/1.0" 200 69189 "-" "Mozilla/5.0 (compatible; bingbot/2.0; +http://www.bing.com/bingbot.htm)"
13.66.139.5 - - [26/Jan/2021:10:19:34 +0100] "GET /charmmy-kitty-backpack-p-14542.html HTTP/1.0" 200 69275 "-" "Mozilla/5.0 (compatible; bingbot/2.0; +http://www.bing.com/bingbot.htm)"
13.66.139.5 - - [26/Jan/2021:10:19:35 +0100] "GET /purple-lama-piggy-bank-p-47725.html HTTP/1.0" 200 72445 "-" "Mozilla/5.0 (compatible; bingbot/2.0; +http://www.bing.com/bingbot.htm)"
13.66.139.5 - - [26/Jan/2021:10:19:36 +0100] "GET /corsica-mini-metal-tray-p-44856.html HTTP/1.0" 200 71932 "-" "Mozilla/5.0 (compatible; bingbot/2.0; +http://www.bing.com/bingbot.htm)"
13.66.139.5 - - [26/Jan/2021:10:19:37 +0100] "GET /allen-the-owl-tote-bag-p-47660.html HTTP/1.0" 200 72472 "-" "Mozilla/5.0 (compatible; bingbot/2.0; +http://www.bing.com/bingbot.htm)"
13.66.139.5 - - [26/Jan/2021:10:19:38 +0100] "GET /wile-coyote-keyring-p-12745.html HTTP/1.0" 200 69281 "-" "Mozilla/5.0 (compatible; bingbot/2.0; +http://www.bing.com/bingbot.htm)"
13.66.139.5 - - [26/Jan/2021:10:19:39 +0100] "GET /provence-oven-mitt-p-44526.html HTTP/1.0" 200 71829 "-" "Mozilla/5.0 (compatible; bingbot/2.0; +http://www.bing.com/bingbot.htm)"
13.66.139.5 - - [26/Jan/2021:10:19:40 +0100] "GET /hello-kitty-stamp-set-p-6585.html HTTP/1.0" 200 69289 "-" "Mozilla/5.0 (compatible; bingbot/2.0; +http://www.bing.com/bingbot.htm)"
13.66.139.5 - - [26/Jan/2021:10:19:41 +0100] "GET /bob-the-builder-backpack-p-20702.html HTTP/1.0" 200 72011 "-" "Mozilla/5.0 (compatible; bingbot/2.0; +http://www.bing.com/bingbot.htm)"
13.66.139.5 - - [26/Jan/2021:10:19:42 +0100] "GET /-p-7303.html HTTP/1.0" 200 69187 "-" "Mozilla/5.0 (compatible; bingbot/2.0; +http://www.bing.com/bingbot.htm)"
13.66.139.5 - - [26/Jan/2021:10:19:43 +0100] "GET /london-mirror-bag-p-29317.html HTTP/1.0" 200 71854 "-" "Mozilla/5.0 (compatible; bingbot/2.0; +http://www.bing.com/bingbot.htm)"
13.66.139.5 - - [26/Jan/2021:10:19:44 +0100] "GET /zen-mug-by-cbkreation-p-37842.html HTTP/1.0" 200 71850 "-" "Mozilla/5.0 (compatible; bingbot/2.0; +http://www.bing.com/bingbot.htm)"
13.66.139.5 - - [26/Jan/2021:10:19:45 +0100] "GET /dubout-cats-mug-p-33315.html HTTP/1.0" 200 69255 "-" "Mozilla/5.0 (compatible; bingbot/2.0; +http://www.bing.com/bingbot.htm)"
13.66.139.5 - - [26/Jan/2021:10:19:46 +0100] "GET /monopoly-mousepad-p-18069.html HTTP/1.0" 200 71932 "-" "Mozilla/5.0 (compatible; bingbot/2.0; +http://www.bing.com/bingbot.htm)"
13.66.139.5 - - [26/Jan/2021:10:19:47 +0100] "GET /top-model-brush-p-37164.html HTTP/1.0" 200 69255 "-" "Mozilla/5.0 (compatible; bingbot/2.0; +http://www.bing.com/bingbot.htm)"
54.36.148.87 - - [26/Jan/2021:10:19:47 +0100] "GET /boxes-and-storage-box-c-13_150.html?page=22 HTTP/1.0" 200 90896 "-" "Mozilla/5.0 (compatible; AhrefsBot/7.0; +http://ahrefs.com/robot/)"
13.66.139.5 - - [26/Jan/2021:10:19:48 +0100] "GET /tweety-large-postbag-p-577.html HTTP/1.0" 200 69255 "-" "Mozilla/5.0 (compatible; bingbot/2.0; +http://www.bing.com/bingbot.htm)"
13.66.139.5 - - [26/Jan/2021:10:19:49 +0100] "GET /clowdeen-wolf-figure-p-22569.html HTTP/1.0" 200 69280 "-" "Mozilla/5.0 (compatible; bingbot/2.0; +http://www.bing.com/bingbot.htm)"
13.66.139.5 - - [26/Jan/2021:10:19:50 +0100] "GET /diner-oven-mitt-p-37765.html HTTP/1.0" 200 69239 "-" "Mozilla/5.0 (compatible; bingbot/2.0; +http://www.bing.com/bingbot.htm)"
13.66.139.5 - - [26/Jan/2021:10:19:51 +0100] "GET /coca-cola-sugar-box-p-31659.html HTTP/1.0" 200 69275 "-" "Mozilla/5.0 (compatible; bingbot/2.0; +http://www.bing.com/bingbot.htm)"
13.66.139.5 - - [26/Jan/2021:10:19:52 +0100] "GET /om-kids-school-bag-p-18788.html HTTP/1.0" 200 72180 "-" "Mozilla/5.0 (compatible; bingbot/2.0; +http://www.bing.com/bingbot.htm)"
13.66.139.5 - - [26/Jan/2021:10:19:53 +0100] "GET /dog-mug-by-cbkreation-p-26520.html HTTP/1.0" 200 71821 "-" "Mozilla/5.0 (compatible; bingbot/2.0; +http://www.bing.com/bingbot.htm)"
13.66.139.5 - - [26/Jan/2021:10:19:54 +0100] "GET /bottle-opener-corsica-p-48338.html HTTP/1.0" 200 71843 "-" "Mozilla/5.0 (compatible; bingbot/2.0; +http://www.bing.com/bingbot.htm)"
13.66.139.136 - - [26/Jan/2021:10:19:55 +0100] "GET /-p-32857.html HTTP/1.0" 200 69189 "-" "Mozilla/5.0 (compatible; bingbot/2.0; +http://www.bing.com/bingbot.htm)"
13.66.139.136 - - [26/Jan/2021:10:19:56 +0100] "GET /-p-21908.html HTTP/1.0" 200 69189 "-" "Mozilla/5.0 (compatible; bingbot/2.0; +http://www.bing.com/bingbot.htm)"
13.66.139.136 - - [26/Jan/2021:10:19:57 +0100] "GET /-p-24630.html HTTP/1.0" 200 69189 "-" "Mozilla/5.0 (compatible; bingbot/2.0; +http://www.bing.com/bingbot.htm)"
13.66.139.136 - - [26/Jan/2021:10:19:58 +0100] "GET /-p-24471.html HTTP/1.0" 200 69189 "-" "Mozilla/5.0 (compatible; bingbot/2.0; +http://www.bing.com/bingbot.htm)"
13.66.139.136 - - [26/Jan/2021:10:19:59 +0100] "GET /-p-30844.html HTTP/1.0" 200 69189 "-" "Mozilla/5.0 (compatible; bingbot/2.0; +http://www.bing.com/bingbot.htm)"
13.66.139.136 - - [26/Jan/2021:10:20:00 +0100] "GET /-p-19065.html HTTP/1.0" 200 69189 "-" "Mozilla/5.0 (compatible; bingbot/2.0; +http://www.bing.com/bingbot.htm)"
13.66.139.136 - - [26/Jan/2021:10:20:01 +0100] "GET /-p-34820.html HTTP/1.0" 200 69189 "-" "Mozilla/5.0 (compatible; bingbot/2.0; +http://www.bing.com/bingbot.htm)"
13.66.139.136 - - [26/Jan/2021:10:20:02 +0100] "GET /alarms-clocks-c-13_65.html HTTP/1.0" 200 90172 "-" "Mozilla/5.0 (compatible; bingbot/2.0; +http://www.bing.com/bingbot.htm)"
13.66.139.136 - - [26/Jan/2021:10:20:03 +0100] "GET /-p-20565.html HTTP/1.0" 200 69189 "-" "Mozilla/5.0 (compatible; bingbot/2.0; +http://www.bing.com/bingbot.htm)"
13.66.139.136 - - [26/Jan/2021:10:20:04 +0100] "GET /-p-24193.html HTTP/1.0" 200 69189 "-" "Mozilla/5.0 (compatible; bingbot/2.0; +http://www.bing.com/bingbot.htm)"
13.66.139.136 - - [26/Jan/2021:10:20:05 +0100] "GET /-p-23106.html HTTP/1.0" 200 69189 "-" "Mozilla/5.0 (compatible; bingbot/2.0; +http://www.bing.com/bingbot.htm)"
13.66.139.136 - - [26/Jan/2021:10:20:06 +0100] "GET /-p-24789.html HTTP/1.0" 200 69189 "-" "Mozilla/5.0 (compatible; bingbot/2.0; +http://www.bing.com/bingbot.htm)"
13.66.139.136 - - [26/Jan/2021:10:20:07 +0100] "GET /-p-24184.html HTTP/1.0" 200 69189 "-" "Mozilla/5.0 (compatible; bingbot/2.0; +http://www.bing.com/bingbot.htm)"
13.66.139.136 - - [26/Jan/2021:10:20:08 +0100] "GET /accessories-c-3.html HTTP/1.0" 200 92485 "-" "Mozilla/5.0 (compatible; bingbot/2.0; +http://www.bing.com/bingbot.htm)"
13.66.139.136 - - [26/Jan/2021:10:20:09 +0100] "GET /-p-19671.html HTTP/1.0" 200 69189 "-" "Mozilla/5.0 (compatible; bingbot/2.0; +http://www.bing.com/bingbot.htm)"
13.66.139.136 - - [26/Jan/2021:10:20:10 +0100] "GET /-p-21255.html HTTP/1.0" 200 69189 "-" "Mozilla/5.0 (compatible; bingbot/2.0; +http://www.bing.com/bingbot.htm)"
13.66.139.136 - - [26/Jan/2021:10:20:11 +0100] "GET /-p-24435.html HTTP/1.0" 200 69189 "-" "Mozilla/5.0 (compatible; bingbot/2.0; +http://www.bing.com/bingbot.htm)"
13.66.139.136 - - [26/Jan/2021:10:20:12 +0100] "GET /-p-12658.html HTTP/1.0" 200 69189 "-" "Mozilla/5.0 (compatible; bingbot/2.0; +http://www.bing.com/bingbot.htm)"
13.66.139.136 - - [26/Jan/2021:10:20:13 +0100] "GET /-p-26950.html HTTP/1.0" 200 69189 "-" "Mozilla/5.0 (compatible; bingbot/2.0; +http://www.bing.com/bingbot.htm)"
13.66.139.136 - - [26/Jan/2021:10:20:14 +0100] "GET /-p-22939.html HTTP/1.0" 200 69189 "-" "Mozilla/5.0 (compatible; bingbot/2.0; +http://www.bing.com/bingbot.htm)"
13.66.139.136 - - [26/Jan/2021:10:20:15 +0100] "GET /-p-34999.html HTTP/1.0" 200 69189 "-" "Mozilla/5.0 (compatible; bingbot/2.0; +http://www.bing.com/bingbot.htm)"
13.66.139.136 - - [26/Jan/2021:10:20:16 +0100] "GET /-p-12670.html HTTP/1.0" 200 69189 "-" "Mozilla/5.0 (compatible; bingbot/2.0; +http://www.bing.com/bingbot.htm)"
13.66.139.136 - - [26/Jan/2021:10:20:17 +0100] "GET /-p-24870.html HTTP/1.0" 200 69189 "-" "Mozilla/5.0 (compatible; bingbot/2.0; +http://www.bing.com/bingbot.htm)"
13.66.139.136 - - [26/Jan/2021:10:20:18 +0100] "GET /-p-22643.html HTTP/1.0" 200 69189 "-" "Mozilla/5.0 (compatible; bingbot/2.0; +http://www.bing.com/bingbot.htm)"
13.66.139.136 - - [26/Jan/2021:10:20:19 +0100] "GET /-p-10496.html HTTP/1.0" 200 69189 "-" "Mozilla/5.0 (compatible; bingbot/2.0; +http://www.bing.com/bingbot.htm)"
13.66.139.136 - - [26/Jan/2021:10:20:20 +0100] "GET /table-setting-c-97_99.html HTTP/1.0" 200 79499 "-" "Mozilla/5.0 (compatible; bingbot/2.0; +http://www.bing.com/bingbot.htm)"
13.66.139.136 - - [26/Jan/2021:10:20:21 +0100] "GET /stationery-and-cardmaking-c-129.html HTTP/1.0" 200 91451 "-" "Mozilla/5.0 (compatible; bingbot/2.0; +http://www.bing.com/bingbot.htm)"
13.66.139.136 - - [26/Jan/2021:10:20:22 +0100] "GET /-p-4501.html HTTP/1.0" 200 69187 "-" "Mozilla/5.0 (compatible; bingbot/2.0; +http://www.bing.com/bingbot.htm)"
13.66.139.136 - - [26/Jan/2021:10:20:23 +0100] "GET /-p-8028.html HTTP/1.0" 200 69187 "-" "Mozilla/5.0 (compatible; bingbot/2.0; +http://www.bing.com/bingbot.htm)"
13.66.139.136 - - [26/Jan/2021:10:20:24 +0100] "GET /-p-24764.html HTTP/1.0" 200 69189 "-" "Mozilla/5.0 (compatible; bingbot/2.0; +http://www.bing.com/bingbot.htm)"
13.66.139.5 - - [26/Jan/2021:10:20:30 +0100] "GET /-p-32903.html HTTP/1.0" 200 69189 "-" "Mozilla/5.0 (compatible; bingbot/2.0; +http://www.bing.com/bingbot.htm)"
13.66.139.5 - - [26/Jan/2021:10:20:31 +0100] "GET /-p-15120.html HTTP/1.0" 200 69189 "-" "Mozilla/5.0 (compatible; bingbot/2.0; +http://www.bing.com/bingbot.htm)"
13.66.139.5 - - [26/Jan/2021:10:20:32 +0100] "GET /trays-c-12_159.html HTTP/1.0" 200 91190 "-" "Mozilla/5.0 (compatible; bingbot/2.0; +http://www.bing.com/bingbot.htm)"
13.66.139.5 - - [26/Jan/2021:10:20:33 +0100] "GET /-p-27710.html HTTP/1.0" 200 69189 "-" "Mozilla/5.0 (compatible; bingbot/2.0; +http://www.bing.com/bingbot.htm)"
13.66.139.5 - - [26/Jan/2021:10:20:34 +0100] "GET /-p-18281.html HTTP/1.0" 200 69189 "-" "Mozilla/5.0 (compatible; bingbot/2.0; +http://www.bing.com/bingbot.htm)"
13.66.139.5 - - [26/Jan/2021:10:20:41 +0100] "GET /-p-18408.html HTTP/1.0" 200 69189 "-" "Mozilla/5.0 (compatible; bingbot/2.0; +http://www.bing.com/bingbot.htm)"
13.66.139.5 - - [26/Jan/2021:10:20:41 +0100] "GET /-p-28572.html HTTP/1.0" 200 69189 "-" "Mozilla/5.0 (compatible; bingbot/2.0; +http://www.bing.com/bingbot.htm)"
13.66.139.5 - - [26/Jan/2021:10:20:42 +0100] "GET /-p-29883.html HTTP/1.0" 200 69189 "-" "Mozilla/5.0 (compatible; bingbot/2.0; +http://www.bing.com/bingbot.htm)"
13.66.139.5 - - [26/Jan/2021:10:20:43 +0100] "GET /-p-17658.html HTTP/1.0" 200 69189 "-" "Mozilla/5.0 (compatible; bingbot/2.0; +http://www.bing.com/bingbot.htm)"
13.66.139.5 - - [26/Jan/2021:10:20:44 +0100] "GET /-p-17480.html HTTP/1.0" 200 69189 "-" "Mozilla/5.0 (compatible; bingbot/2.0; +http://www.bing.com/bingbot.htm)"
13.66.139.5 - - [26/Jan/2021:10:20:45 +0100] "GET /-p-25786.html HTTP/1.0" 200 69189 "-" "Mozilla/5.0 (compatible; bingbot/2.0; +http://www.bing.com/bingbot.htm)"
13.66.139.5 - - [26/Jan/2021:10:20:46 +0100] "GET /-p-20608.html HTTP/1.0" 200 69189 "-" "Mozilla/5.0 (compatible; bingbot/2.0; +http://www.bing.com/bingbot.htm)"
13.66.139.5 - - [26/Jan/2021:10:20:51 +0100] "GET /-p-24983.html HTTP/1.0" 200 69189 "-" "Mozilla/5.0 (compatible; bingbot/2.0; +http://www.bing.com/bingbot.htm)"
13.66.139.5 - - [26/Jan/2021:10:20:52 +0100] "GET /-p-13108.html HTTP/1.0" 200 69189 "-" "Mozilla/5.0 (compatible; bingbot/2.0; +http://www.bing.com/bingbot.htm)"
13.66.139.5 - - [26/Jan/2021:10:20:53 +0100] "GET /-p-13464.html HTTP/1.0" 200 69189 "-" "Mozilla/5.0 (compatible; bingbot/2.0; +http://www.bing.com/bingbot.htm)"
13.66.139.5 - - [26/Jan/2021:10:20:53 +0100] "GET /-p-24868.html HTTP/1.0" 200 69189 "-" "Mozilla/5.0 (compatible; bingbot/2.0; +http://www.bing.com/bingbot.htm)"
13.66.139.5 - - [26/Jan/2021:10:20:54 +0100] "GET /-p-12903.html HTTP/1.0" 200 69189 "-" "Mozilla/5.0 (compatible; bingbot/2.0; +http://www.bing.com/bingbot.htm)"
13.66.139.5 - - [26/Jan/2021:10:20:55 +0100] "GET /-p-38385.html HTTP/1.0" 200 69189 "-" "Mozilla/5.0 (compatible; bingbot/2.0; +http://www.bing.com/bingbot.htm)"
13.66.139.5 - - [26/Jan/2021:10:20:56 +0100] "GET /-p-24515.html HTTP/1.0" 200 69189 "-" "Mozilla/5.0 (compatible; bingbot/2.0; +http://www.bing.com/bingbot.htm)"
13.66.139.5 - - [26/Jan/2021:10:20:57 +0100] "GET /boxers-c-53_139.html HTTP/1.0" 200 74514 "-" "Mozilla/5.0 (compatible; bingbot/2.0; +http://www.bing.com/bingbot.htm)"
13.66.139.5 - - [26/Jan/2021:10:20:58 +0100] "GET /-p-6588.html HTTP/1.0" 200 69187 "-" "Mozilla/5.0 (compatible; bingbot/2.0; +http://www.bing.com/bingbot.htm)"
13.66.139.5 - - [26/Jan/2021:10:20:59 +0100] "GET /-p-7913.html HTTP/1.0" 200 69187 "-" "Mozilla/5.0 (compatible; bingbot/2.0; +http://www.bing.com/bingbot.htm)"
13.66.139.5 - - [26/Jan/2021:10:21:00 +0100] "GET /-p-9547.html HTTP/1.0" 200 69187 "-" "Mozilla/5.0 (compatible; bingbot/2.0; +http://www.bing.com/bingbot.htm)"
13.66.139.5 - - [26/Jan/2021:10:21:01 +0100] "GET /barbapapa-m-7.html HTTP/1.0" 200 90361 "-" "Mozilla/5.0 (compatible; bingbot/2.0; +http://www.bing.com/bingbot.htm)"
13.66.139.5 - - [26/Jan/2021:10:21:02 +0100] "GET /-p-30943.html HTTP/1.0" 200 69189 "-" "Mozilla/5.0 (compatible; bingbot/2.0; +http://www.bing.com/bingbot.htm)"
13.66.139.5 - - [26/Jan/2021:10:21:03 +0100] "GET /-p-920.html HTTP/1.0" 200 69185 "-" "Mozilla/5.0 (compatible; bingbot/2.0; +http://www.bing.com/bingbot.htm)"
80.82.64.217 - - [26/Jan/2021:10:21:44 +0100] "GET /wp-login.php HTTP/1.0" 301 535 "-" "Opera/8.01 (Windows NT 5.0; U; de)"
80.82.64.217 - - [26/Jan/2021:10:21:54 +0100] "GET /wp-login.php HTTP/1.0" 404 1308 "-" "Opera/8.01 (Windows NT 5.0; U; de)"
17.58.101.147 - - [26/Jan/2021:10:21:55 +0100] "GET /small-tins-box-gorjuss-little-red-riding-hood-p-48407.html HTTP/1.0" 200 73226 "-" "Mozilla/5.0 (Macintosh; Intel Mac OS X 10_15_5) AppleWebKit/605.1.15 (KHTML, like Gecko) Version/13.1.1 Safari/605.1.15 (Applebot/0.1; +http://www.apple.com/go/applebot)"
157.55.39.153 - - [26/Jan/2021:10:22:02 +0100] "GET /images/230207_210747_PEEL_s6M5RA.jpg HTTP/1.0" 200 271 "-" "Mozilla/5.0 (compatible; bingbot/2.0; +http://www.bing.com/bingbot.htm)"
157.55.39.153 - - [26/Jan/2021:10:22:03 +0100] "GET /usa-flag-bar-stool-p-17570.html HTTP/1.0" 200 71569 "-" "Mozilla/5.0 (compatible; bingbot/2.0; +http://www.bing.com/bingbot.htm)"
157.55.39.153 - - [26/Jan/2021:10:22:03 +0100] "GET /beige-twine-fitted-sheet-140-190-cm-p-51983.html HTTP/1.0" 200 71881 "-" "Mozilla/5.0 (compatible; bingbot/2.0; +http://www.bing.com/bingbot.htm)"
157.55.39.153 - - [26/Jan/2021:10:22:05 +0100] "GET /pillow-case-in-cotton-percale-80-threads-50-70-cm-p-51255.html HTTP/1.0" 200 72149 "-" "Mozilla/5.0 (compatible; bingbot/2.0; +http://www.bing.com/bingbot.htm)"
157.55.39.153 - - [26/Jan/2021:10:22:06 +0100] "GET /images/big_prod/3608860230680.jpg HTTP/1.0" 200 268 "-" "Mozilla/5.0 (compatible; bingbot/2.0; +http://www.bing.com/bingbot.htm)"
54.36.148.203 - - [26/Jan/2021:10:22:13 +0100] "GET /new-york-taxi-cushion-p-9866.html HTTP/1.0" 301 69253 "-" "Mozilla/5.0 (compatible; AhrefsBot/7.0; +http://ahrefs.com/robot/)"
157.55.39.228 - - [26/Jan/2021:10:22:59 +0100] "GET /images/5060021931467.jpg HTTP/1.0" 200 259 "-" "Mozilla/5.0 (compatible; bingbot/2.0; +http://www.bing.com/bingbot.htm)"
13.66.139.5 - - [26/Jan/2021:10:24:02 +0100] "GET /mugs-and-mazagrans-c-12_57.html?page=11 HTTP/1.0" 200 96715 "-" "Mozilla/5.0 (compatible; bingbot/2.0; +http://www.bing.com/bingbot.htm)"
114.119.147.45 - - [26/Jan/2021:10:25:09 +0100] "GET /pineapple-monkey-candle-holder-in-resin-p-48021.html HTTP/1.0" 200 72922 "-" "Mozilla/5.0 (Linux; Android 7.0;) AppleWebKit/537.36 (KHTML, like Gecko) Mobile Safari/537.36 (compatible; PetalBot;+https://aspiegel.com/petalbot)"
54.36.148.164 - - [26/Jan/2021:10:25:23 +0100] "GET /hamster-girly-cushion-p-28715.html HTTP/1.0" 301 69256 "-" "Mozilla/5.0 (compatible; AhrefsBot/7.0; +http://ahrefs.com/robot/)"
17.58.101.147 - - [26/Jan/2021:10:25:31 +0100] "GET /pairs-of-socks-charlotte-aux-fraises-27-30-p-50909.html HTTP/1.0" 301 69256 "-" "Mozilla/5.0 (Macintosh; Intel Mac OS X 10_15_5) AppleWebKit/605.1.15 (KHTML, like Gecko) Version/13.1.1 Safari/605.1.15 (Applebot/0.1; +http://www.apple.com/go/applebot)"
17.58.101.147 - - [26/Jan/2021:10:25:32 +0100] "GET /-p-50909.html HTTP/1.0" 200 69189 "-" "Mozilla/5.0 (Macintosh; Intel Mac OS X 10_15_5) AppleWebKit/605.1.15 (KHTML, like Gecko) Version/13.1.1 Safari/605.1.15 (Applebot/0.1; +http://www.apple.com/go/applebot)"
207.46.13.37 - - [26/Jan/2021:10:26:02 +0100] "GET /-p-18290.html HTTP/1.0" 200 69189 "-" "Mozilla/5.0 (compatible; bingbot/2.0; +http://www.bing.com/bingbot.htm)"
54.36.148.87 - - [26/Jan/2021:10:26:24 +0100] "GET /star-wars-vehicle-miniature-with-miniature-character-p-33427.html HTTP/1.0" 200 72268 "-" "Mozilla/5.0 (compatible; AhrefsBot/7.0; +http://ahrefs.com/robot/)"
66.249.70.62 - - [26/Jan/2021:10:26:48 +0100] "GET /top-model-purple-metal-money-box-p-27459.html HTTP/1.0" 301 69256 "-" "Mozilla/5.0 (compatible; Googlebot/2.1; +http://www.google.com/bot.html)"
66.249.70.36 - - [26/Jan/2021:10:26:49 +0100] "GET /-p-27459.html HTTP/1.0" 200 69189 "-" "Mozilla/5.0 (compatible; Googlebot/2.1; +http://www.google.com/bot.html)"
13.66.139.136 - - [26/Jan/2021:10:27:41 +0100] "GET /images/big_prod/8718375754368.jpg HTTP/1.0" 200 268 "-" "Mozilla/5.0 (compatible; bingbot/2.0; +http://www.bing.com/bingbot.htm)"
207.46.13.53 - - [26/Jan/2021:10:27:46 +0100] "GET /images/big_prod/8433933158289.jpg HTTP/1.0" 200 268 "-" "Mozilla/5.0 (compatible; bingbot/2.0; +http://www.bing.com/bingbot.htm)"
13.66.139.5 - - [26/Jan/2021:10:28:52 +0100] "GET /images/big_prod_5/6971640206074e.jpg HTTP/1.0" 200 271 "-" "Mozilla/5.0 (compatible; bingbot/2.0; +http://www.bing.com/bingbot.htm)"
157.55.39.153 - - [26/Jan/2021:10:29:15 +0100] "GET /images/big_prod/8422039530006.jpg HTTP/1.0" 200 268 "-" "Mozilla/5.0 (compatible; bingbot/2.0; +http://www.bing.com/bingbot.htm)"
157.55.39.149 - - [26/Jan/2021:10:30:51 +0100] "GET /minion-yellow-ceramic-mug-p-32733.html HTTP/1.0" 200 71875 "-" "Mozilla/5.0 (compatible; bingbot/2.0; +http://www.bing.com/bingbot.htm)"
54.36.148.87 - - [26/Jan/2021:10:31:49 +0100] "GET /jack-and-the-never-land-pirates-little-backpack-p-30384.html HTTP/1.0" 200 72271 "-" "Mozilla/5.0 (compatible; AhrefsBot/7.0; +http://ahrefs.com/robot/)"
147.92.153.8 - - [26/Jan/2021:10:33:08 +0100] "GET /robots.txt HTTP/1.0" 200 245 "-" "Mozilla/5.0 (compatible; Linespider/1.1; +https://lin.ee/4dwXkTH)"
147.92.153.5 - - [26/Jan/2021:10:33:10 +0100] "GET / HTTP/1.0" 200 94786 "-" "Mozilla/5.0 (compatible; Linespider/1.1; +https://lin.ee/4dwXkTH)"
147.92.153.20 - - [26/Jan/2021:10:33:12 +0100] "GET /highslide/highslide.js HTTP/1.0" 200 262 "http://www.wonder-geek.com/" "Mozilla/5.0 (Windows NT 6.1; Win64; x64) AppleWebit/537.36 (KHTML, like Gecko) Chrome/63.0.3239.0 Safari/537.36 (compatible; Linespider/1.1; +https://lin.ee/4dwXkTH)"
147.92.153.11 - - [26/Jan/2021:10:33:12 +0100] "GET /js/jquery.js HTTP/1.0" 200 252 "http://www.wonder-geek.com/" "Mozilla/5.0 (Windows NT 6.1; Win64; x64) AppleWebit/537.36 (KHTML, like Gecko) Chrome/63.0.3239.0 Safari/537.36 (compatible; Linespider/1.1; +https://lin.ee/4dwXkTH)"
147.92.153.9 - - [26/Jan/2021:10:33:12 +0100] "GET /js/jquery.jqzoom.js HTTP/1.0" 200 259 "http://www.wonder-geek.com/" "Mozilla/5.0 (Windows NT 6.1; Win64; x64) AppleWebit/537.36 (KHTML, like Gecko) Chrome/63.0.3239.0 Safari/537.36 (compatible; Linespider/1.1; +https://lin.ee/4dwXkTH)"
147.92.153.5 - - [26/Jan/2021:10:33:12 +0100] "GET /mondial_relay/js/jquery-1.3.2.min.js HTTP/1.0" 200 276 "http://www.wonder-geek.com/" "Mozilla/5.0 (Windows NT 6.1; Win64; x64) AppleWebit/537.36 (KHTML, like Gecko) Chrome/63.0.3239.0 Safari/537.36 (compatible; Linespider/1.1; +https://lin.ee/4dwXkTH)"
147.92.153.15 - - [26/Jan/2021:10:33:13 +0100] "GET /swfobject.js HTTP/1.0" 404 1308 "http://www.wonder-geek.com/" "Mozilla/5.0 (Windows NT 6.1; Win64; x64) AppleWebit/537.36 (KHTML, like Gecko) Chrome/63.0.3239.0 Safari/537.36 (compatible; Linespider/1.1; +https://lin.ee/4dwXkTH)"
147.92.153.13 - - [26/Jan/2021:10:33:15 +0100] "GET /favicon.ico HTTP/1.0" 200 260 "-" "Mozilla/5.0 (compatible; Linespider/1.1; +https://lin.ee/4dwXkTH)"
147.92.153.8 - - [26/Jan/2021:10:33:29 +0100] "GET /iphone-case-bump-silicone-p-25376.html HTTP/1.0" 200 72102 "-" "Mozilla/5.0 (compatible; Linespider/1.1; +https://lin.ee/4dwXkTH)"
147.92.153.18 - - [26/Jan/2021:10:33:48 +0100] "GET /gift-box-watch-vespa-black-women-and-keychain-p-32663.html HTTP/1.0" 200 72518 "-" "Mozilla/5.0 (compatible; Linespider/1.1; +https://lin.ee/4dwXkTH)"
147.92.153.3 - - [26/Jan/2021:10:34:09 +0100] "GET /images/9326889024205.jpg HTTP/1.0" 200 259 "-" "Mozilla/5.0 (compatible; Linespider/1.1; +https://lin.ee/4dwXkTH)"
51.68.224.127 - - [26/Jan/2021:10:34:25 +0100] "GET /adminweb/export_orders_xml.php?token=256de2z6edz6ed2z6DFSFsed2zed6zeDSFDSGdzedezfzf&maxorders=10&orderstart=1&status=14&start_date=2018-10-01 HTTP/1.0" 200 285 "-" "GesCom CharlotteBoutik Serveur"
51.68.224.127 - - [26/Jan/2021:10:34:25 +0100] "GET /adminweb/export_orders_xml.php?token=256de2z6edz6ed2z6DFSFsed2zed6zeDSFDSGdzedezfzf&maxorders=10&orderstart=1&status=6&start_date=2018-10-01 HTTP/1.0" 200 29990 "-" "GesCom CharlotteBoutik Serveur"
147.92.153.14 - - [26/Jan/2021:10:34:28 +0100] "GET /images/A84360429032013.jpg HTTP/1.0" 200 261 "-" "Mozilla/5.0 (compatible; Linespider/1.1; +https://lin.ee/4dwXkTH)"
216.18.204.215 - - [26/Jan/2021:10:34:38 +0100] "GET /colombie-clock-by-cbkreation-p-36916.html HTTP/1.0" 200 71858 "http://www.wonder-geek.com/" "Mozilla/5.0 (compatible; Adsbot/3.1)"
147.92.153.6 - - [26/Jan/2021:10:34:49 +0100] "GET /-i-17.html HTTP/1.0" 200 98346 "-" "Mozilla/5.0 (compatible; Linespider/1.1; +https://lin.ee/4dwXkTH)"
147.92.153.2 - - [26/Jan/2021:10:35:09 +0100] "GET /-c-95.html HTTP/1.0" 200 75579 "-" "Mozilla/5.0 (compatible; Linespider/1.1; +https://lin.ee/4dwXkTH)"
216.18.204.215 - - [26/Jan/2021:10:35:13 +0100] "GET /cork-oak-storage-chest-65-cm-p-52927.html HTTP/1.0" 200 71869 "http://www.wonder-geek.com/" "Mozilla/5.0 (compatible; Adsbot/3.1)"
49.7.20.112 - - [26/Jan/2021:10:35:18 +0100] "GET / HTTP/1.0" 200 94445 "-" "Sogou web spider/4.0(+http://www.sogou.com/docs/help/webmasters.htm#07)"
216.18.204.215 - - [26/Jan/2021:10:35:25 +0100] "GET /equateur-clock-by-cbkreation-p-36915.html HTTP/1.0" 200 71859 "http://www.wonder-geek.com/" "Mozilla/5.0 (compatible; Adsbot/3.1)"
147.92.153.13 - - [26/Jan/2021:10:35:28 +0100] "GET /specials.php HTTP/1.0" 200 128987 "-" "Mozilla/5.0 (compatible; Linespider/1.1; +https://lin.ee/4dwXkTH)"
216.18.204.215 - - [26/Jan/2021:10:35:35 +0100] "GET /finlande-clock-by-cbkreation-p-36918.html HTTP/1.0" 200 71859 "http://www.wonder-geek.com/" "Mozilla/5.0 (compatible; Adsbot/3.1)"
13.66.139.139 - - [26/Jan/2021:10:35:41 +0100] "GET /lighting-c-13_86.html?page=11 HTTP/1.0" 200 93630 "-" "Mozilla/5.0 (compatible; bingbot/2.0; +http://www.bing.com/bingbot.htm)"
207.46.13.53 - - [26/Jan/2021:10:35:47 +0100] "GET /images/big_prod_3/5018997621714c.jpg HTTP/1.0" 200 271 "-" "Mozilla/5.0 (compatible; bingbot/2.0; +http://www.bing.com/bingbot.htm)"
147.92.153.2 - - [26/Jan/2021:10:35:49 +0100] "GET /minions-lunchbox-p-33060.html HTTP/1.0" 200 71970 "-" "Mozilla/5.0 (compatible; Linespider/1.1; +https://lin.ee/4dwXkTH)"
207.46.13.37 - - [26/Jan/2021:10:35:51 +0100] "GET /images/8033667001143.jpg HTTP/1.0" 200 259 "-" "Mozilla/5.0 (compatible; bingbot/2.0; +http://www.bing.com/bingbot.htm)"
207.46.13.37 - - [26/Jan/2021:10:35:52 +0100] "GET /js/jquery.masonry.min.js HTTP/1.0" 200 264 "-" "Mozilla/5.0 (compatible; bingbot/2.0; +http://www.bing.com/bingbot.htm)"
13.66.139.136 - - [26/Jan/2021:10:35:56 +0100] "GET /images/3454141118716.jpg HTTP/1.0" 200 259 "-" "Mozilla/5.0 (compatible; bingbot/2.0; +http://www.bing.com/bingbot.htm)"
157.55.39.153 - - [26/Jan/2021:10:36:01 +0100] "GET /js/jquery.js HTTP/1.0" 200 252 "-" "Mozilla/5.0 (compatible; bingbot/2.0; +http://www.bing.com/bingbot.htm)"
157.55.39.149 - - [26/Jan/2021:10:36:06 +0100] "GET /js/jquery.jqzoom.js HTTP/1.0" 200 259 "-" "Mozilla/5.0 (compatible; bingbot/2.0; +http://www.bing.com/bingbot.htm)"
147.92.153.14 - - [26/Jan/2021:10:36:08 +0100] "GET /nici-pirate-wallet-p-9647.html HTTP/1.0" 200 72124 "-" "Mozilla/5.0 (compatible; Linespider/1.1; +https://lin.ee/4dwXkTH)"
216.18.204.215 - - [26/Jan/2021:10:36:09 +0100] "GET /football-clock-by-cbkreation-p-24709.html HTTP/1.0" 200 71977 "http://www.wonder-geek.com/" "Mozilla/5.0 (compatible; Adsbot/3.1)"
207.46.13.53 - - [26/Jan/2021:10:36:16 +0100] "GET /js/modernizr-transitions.js HTTP/1.0" 200 267 "-" "Mozilla/5.0 (compatible; bingbot/2.0; +http://www.bing.com/bingbot.htm)"
207.46.13.53 - - [26/Jan/2021:10:36:16 +0100] "GET /mondial_relay/js/jquery-1.3.2.min.js HTTP/1.0" 200 276 "-" "Mozilla/5.0 (compatible; bingbot/2.0; +http://www.bing.com/bingbot.htm)"
216.18.204.215 - - [26/Jan/2021:10:36:18 +0100] "GET /golden-pentagon-mirror-30-cm-p-48540.html HTTP/1.0" 200 71895 "http://www.wonder-geek.com/" "Mozilla/5.0 (compatible; Adsbot/3.1)"
147.92.153.8 - - [26/Jan/2021:10:36:28 +0100] "GET /images/big_prod/4012390327366.jpg HTTP/1.0" 200 268 "-" "Mozilla/5.0 (compatible; Linespider/1.1; +https://lin.ee/4dwXkTH)"
216.18.204.215 - - [26/Jan/2021:10:36:32 +0100] "GET /graphique-cotton-adult-apron-p-45252.html HTTP/1.0" 200 71815 "http://www.wonder-geek.com/" "Mozilla/5.0 (compatible; Adsbot/3.1)"
216.18.204.215 - - [26/Jan/2021:10:36:44 +0100] "GET /hedgehogs-cotton-adult-apron-p-42221.html HTTP/1.0" 200 71845 "http://www.wonder-geek.com/" "Mozilla/5.0 (compatible; Adsbot/3.1)"
147.92.153.10 - - [26/Jan/2021:10:36:49 +0100] "GET /losc-messenger-bag-p-36272.html HTTP/1.0" 200 72229 "-" "Mozilla/5.0 (compatible; Linespider/1.1; +https://lin.ee/4dwXkTH)"
13.66.139.136 - - [26/Jan/2021:10:36:52 +0100] "GET /images/big_prod/1301856000008.jpg HTTP/1.0" 200 268 "-" "Mozilla/5.0 (compatible; bingbot/2.0; +http://www.bing.com/bingbot.htm)"
216.18.204.215 - - [26/Jan/2021:10:36:54 +0100] "GET /hippie-time-wood-clock-33-cm-p-36097.html HTTP/1.0" 200 71903 "http://www.wonder-geek.com/" "Mozilla/5.0 (compatible; Adsbot/3.1)"
54.36.148.61 - - [26/Jan/2021:10:36:59 +0100] "GET /dishes-c-12.html?page=89 HTTP/1.0" 200 91071 "-" "Mozilla/5.0 (compatible; AhrefsBot/7.0; +http://ahrefs.com/robot/)"
147.92.153.8 - - [26/Jan/2021:10:37:08 +0100] "GET /bakugan-child-umbrella-p-7881.html HTTP/1.0" 200 71980 "-" "Mozilla/5.0 (compatible; Linespider/1.1; +https://lin.ee/4dwXkTH)"
216.18.204.215 - - [26/Jan/2021:10:37:15 +0100] "GET /indian-porcelain-bowl-480-ml-p-39623.html HTTP/1.0" 200 71865 "http://www.wonder-geek.com/" "Mozilla/5.0 (compatible; Adsbot/3.1)"
147.92.153.19 - - [26/Jan/2021:10:37:29 +0100] "GET /images/DSCN2820.jpg HTTP/1.0" 200 254 "-" "Mozilla/5.0 (compatible; Linespider/1.1; +https://lin.ee/4dwXkTH)"
216.18.204.215 - - [26/Jan/2021:10:37:31 +0100] "GET /iron-legion-miniature-figure-p-29865.html HTTP/1.0" 200 72007 "http://www.wonder-geek.com/" "Mozilla/5.0 (compatible; Adsbot/3.1)"
216.18.204.215 - - [26/Jan/2021:10:37:42 +0100] "GET /jamaican-clock-by-cbkreation-p-24418.html HTTP/1.0" 200 71829 "http://www.wonder-geek.com/" "Mozilla/5.0 (compatible; Adsbot/3.1)"
147.92.153.5 - - [26/Jan/2021:10:37:48 +0100] "GET /littlest-petshop-backpack-p-6365.html HTTP/1.0" 200 72101 "-" "Mozilla/5.0 (compatible; Linespider/1.1; +https://lin.ee/4dwXkTH)"
54.36.149.4 - - [26/Jan/2021:10:38:02 +0100] "GET /cat-killer-cushion-p-22996.html HTTP/1.0" 301 69256 "-" "Mozilla/5.0 (compatible; AhrefsBot/7.0; +http://ahrefs.com/robot/)"
216.18.204.215 - - [26/Jan/2021:10:38:02 +0100] "GET /laissez-lucie-faire-placemat-p-31116.html HTTP/1.0" 200 71854 "http://www.wonder-geek.com/" "Mozilla/5.0 (compatible; Adsbot/3.1)"
147.92.153.16 - - [26/Jan/2021:10:38:08 +0100] "GET /100-marseille-mobile-sock-p-14944.html HTTP/1.0" 200 71688 "-" "Mozilla/5.0 (compatible; Linespider/1.1; +https://lin.ee/4dwXkTH)"
216.18.204.215 - - [26/Jan/2021:10:38:10 +0100] "GET /laissez-lucie-faire-placemat-p-42715.html HTTP/1.0" 200 71866 "http://www.wonder-geek.com/" "Mozilla/5.0 (compatible; Adsbot/3.1)"
216.18.204.215 - - [26/Jan/2021:10:38:20 +0100] "GET /large-porcelain-bowl-botanic-p-51796.html HTTP/1.0" 200 72475 "http://www.wonder-geek.com/" "Mozilla/5.0 (compatible; Adsbot/3.1)"
147.92.153.12 - - [26/Jan/2021:10:38:28 +0100] "GET /kori-kumi-calendar-year-2017-p-36750.html HTTP/1.0" 200 72060 "-" "Mozilla/5.0 (compatible; Linespider/1.1; +https://lin.ee/4dwXkTH)"
216.18.204.215 - - [26/Jan/2021:10:38:31 +0100] "GET /large-porcelain-bowl-botanic-p-51797.html HTTP/1.0" 200 72684 "http://www.wonder-geek.com/" "Mozilla/5.0 (compatible; Adsbot/3.1)"
216.18.204.215 - - [26/Jan/2021:10:38:38 +0100] "GET /live-to-ride-black-tee-shirt-p-30592.html HTTP/1.0" 200 73823 "http://www.wonder-geek.com/" "Mozilla/5.0 (compatible; Adsbot/3.1)"
