74.125.209.52 - - [26/Jan/2021:13:40:36 +0100] "GET /images/3281640393609.jpg HTTP/1.0" 200 259 "-" "Mozilla/5.0 (Windows NT 5.1; rv:11.0) Gecko Firefox/11.0 (via ggpht.com GoogleImageProxy)"
157.55.39.153 - - [26/Jan/2021:13:41:27 +0100] "GET /-p-45921.html HTTP/1.0" 200 69189 "-" "Mozilla/5.0 (compatible; bingbot/2.0; +http://www.bing.com/bingbot.htm)"
157.55.39.153 - - [26/Jan/2021:13:41:28 +0100] "GET /game-of-thrones-episodes-poster-p-32309.html HTTP/1.0" 200 71930 "-" "Mozilla/5.0 (compatible; bingbot/2.0; +http://www.bing.com/bingbot.htm)"
66.249.81.163 - - [26/Jan/2021:13:42:57 +0100] "GET /images/big_prod_1/5027148011052.jpg HTTP/1.0" 200 270 "-" "Mozilla/5.0 (Windows NT 5.1; rv:11.0) Gecko Firefox/11.0 (via ggpht.com GoogleImageProxy)"
13.66.139.136 - - [26/Jan/2021:13:43:00 +0100] "GET /images/med_prod/4582497091533.jpg HTTP/1.0" 200 268 "-" "Mozilla/5.0 (compatible; bingbot/2.0; +http://www.bing.com/bingbot.htm)"
13.66.139.136 - - [26/Jan/2021:13:43:01 +0100] "GET /images/3438100334386.jpg HTTP/1.0" 200 259 "-" "Mozilla/5.0 (compatible; bingbot/2.0; +http://www.bing.com/bingbot.htm)"
54.36.148.87 - - [26/Jan/2021:13:43:31 +0100] "GET /lamp-the-squirrel-665-cm-p-51101.html HTTP/1.0" 200 71898 "-" "Mozilla/5.0 (compatible; AhrefsBot/7.0; +http://ahrefs.com/robot/)"
207.46.13.37 - - [26/Jan/2021:13:43:59 +0100] "GET /mini-led-flashlight-light-cars-p-35788.html HTTP/1.0" 200 69299 "-" "Mozilla/5.0 (compatible; bingbot/2.0; +http://www.bing.com/bingbot.htm)"
54.36.148.252 - - [26/Jan/2021:13:44:32 +0100] "GET /away-in-manger-mini-nativity-jim-shore-heartwood-creek-p-41965.html HTTP/1.0" 301 69256 "-" "Mozilla/5.0 (compatible; AhrefsBot/7.0; +http://ahrefs.com/robot/)"
54.36.148.41 - - [26/Jan/2021:13:45:53 +0100] "GET /kimmi-junior-sooki-homework-notebooks-p-19591.html HTTP/1.0" 301 69256 "-" "Mozilla/5.0 (compatible; AhrefsBot/7.0; +http://ahrefs.com/robot/)"
51.68.224.127 - - [26/Jan/2021:13:46:22 +0100] "GET /adminweb/export_orders_xml.php?token=256de2z6edz6ed2z6DFSFsed2zed6zeDSFDSGdzedezfzf&maxorders=10&orderstart=1&status=14&start_date=2018-10-01 HTTP/1.0" 200 285 "-" "GesCom CharlotteBoutik Serveur"
51.68.224.127 - - [26/Jan/2021:13:46:22 +0100] "GET /adminweb/export_orders_xml.php?token=256de2z6edz6ed2z6DFSFsed2zed6zeDSFDSGdzedezfzf&maxorders=10&orderstart=1&status=6&start_date=2018-10-01 HTTP/1.0" 200 29990 "-" "GesCom CharlotteBoutik Serveur"
157.55.39.153 - - [26/Jan/2021:13:47:00 +0100] "GET /images/1300010237915.jpg HTTP/1.0" 200 259 "-" "Mozilla/5.0 (compatible; bingbot/2.0; +http://www.bing.com/bingbot.htm)"
54.36.148.175 - - [26/Jan/2021:13:48:01 +0100] "GET /lavande-placemat-p-26851.html HTTP/1.0" 301 69256 "-" "Mozilla/5.0 (compatible; AhrefsBot/7.0; +http://ahrefs.com/robot/)"
207.46.13.53 - - [26/Jan/2021:13:48:18 +0100] "GET /images/big_prod/3560600315005.jpg HTTP/1.0" 200 268 "-" "Mozilla/5.0 (compatible; bingbot/2.0; +http://www.bing.com/bingbot.htm)"
54.36.148.108 - - [26/Jan/2021:13:48:25 +0100] "GET /white-stars-table-lamp-p-36479.html HTTP/1.0" 200 71909 "-" "Mozilla/5.0 (compatible; AhrefsBot/7.0; +http://ahrefs.com/robot/)"
13.66.139.139 - - [26/Jan/2021:13:49:00 +0100] "GET /images/4007176535578.jpg HTTP/1.0" 200 259 "-" "Mozilla/5.0 (compatible; bingbot/2.0; +http://www.bing.com/bingbot.htm)"
13.66.139.139 - - [26/Jan/2021:13:49:00 +0100] "GET /images/big_prod/3014627939664.jpg HTTP/1.0" 200 268 "-" "Mozilla/5.0 (compatible; bingbot/2.0; +http://www.bing.com/bingbot.htm)"
13.66.139.136 - - [26/Jan/2021:13:49:04 +0100] "GET /images/1399984260050.jpg HTTP/1.0" 200 259 "-" "Mozilla/5.0 (compatible; bingbot/2.0; +http://www.bing.com/bingbot.htm)"
66.249.70.62 - - [26/Jan/2021:13:49:07 +0100] "GET /images/mini_prod/1384010190487.jpg HTTP/1.0" 200 269 "-" "Googlebot-Image/1.0"
157.55.39.153 - - [26/Jan/2021:13:49:30 +0100] "GET /images/3760116321259.jpg HTTP/1.0" 200 259 "-" "Mozilla/5.0 (compatible; bingbot/2.0; +http://www.bing.com/bingbot.htm)"
13.66.139.139 - - [26/Jan/2021:13:49:34 +0100] "GET /images/DSCN3969.jpg HTTP/1.0" 200 254 "-" "Mozilla/5.0 (compatible; bingbot/2.0; +http://www.bing.com/bingbot.htm)"
54.36.148.104 - - [26/Jan/2021:13:49:57 +0100] "GET /kimmidoll-brush-p-44112.html HTTP/1.0" 301 69256 "-" "Mozilla/5.0 (compatible; AhrefsBot/7.0; +http://ahrefs.com/robot/)"
157.55.39.149 - - [26/Jan/2021:13:49:58 +0100] "GET /paris-saint-germain-kids-school-bag-p-41162.html HTTP/1.0" 200 72210 "-" "Mozilla/5.0 (compatible; bingbot/2.0; +http://www.bing.com/bingbot.htm)"
54.36.149.28 - - [26/Jan/2021:13:50:12 +0100] "GET /mire-alarm-clock-by-cbk-p-25011.html HTTP/1.0" 301 72027 "-" "Mozilla/5.0 (compatible; AhrefsBot/7.0; +http://ahrefs.com/robot/)"
157.55.39.153 - - [26/Jan/2021:13:50:32 +0100] "GET /images/big_prod_1/1328399219629a.jpg HTTP/1.0" 200 271 "-" "Mozilla/5.0 (compatible; bingbot/2.0; +http://www.bing.com/bingbot.htm)"
157.55.39.153 - - [26/Jan/2021:13:52:52 +0100] "GET /images/big_prod/1384010203170.jpg HTTP/1.0" 200 268 "-" "Mozilla/5.0 (compatible; bingbot/2.0; +http://www.bing.com/bingbot.htm)"
157.55.39.130 - - [26/Jan/2021:13:53:19 +0100] "GET /images/1341689750626.jpg HTTP/1.0" 200 259 "-" "Mozilla/5.0 (Windows NT 6.1; WOW64) AppleWebKit/534+ (KHTML, like Gecko) BingPreview/1.0b"
54.36.148.54 - - [26/Jan/2021:13:53:32 +0100] "GET /votive-candle-15-hours-cotton-soft-p-33121.html HTTP/1.0" 200 73120 "-" "Mozilla/5.0 (compatible; AhrefsBot/7.0; +http://ahrefs.com/robot/)"
207.46.13.37 - - [26/Jan/2021:13:54:42 +0100] "GET /images/big_prod/9316188065573.jpg HTTP/1.0" 200 268 "-" "Mozilla/5.0 (compatible; bingbot/2.0; +http://www.bing.com/bingbot.htm)"
13.66.139.5 - - [26/Jan/2021:13:55:11 +0100] "GET /images/med_prod/5010994918170.jpg HTTP/1.0" 200 268 "-" "Mozilla/5.0 (compatible; bingbot/2.0; +http://www.bing.com/bingbot.htm)"
207.46.13.53 - - [26/Jan/2021:13:55:30 +0100] "GET /images/mini_prod/3503420089640.jpg HTTP/1.0" 200 269 "-" "Mozilla/5.0 (compatible; bingbot/2.0; +http://www.bing.com/bingbot.htm)"
13.66.139.5 - - [26/Jan/2021:13:56:11 +0100] "GET /clocks-c-13_67.html?page=8 HTTP/1.0" 200 92624 "-" "Mozilla/5.0 (compatible; bingbot/2.0; +http://www.bing.com/bingbot.htm)"
207.46.13.37 - - [26/Jan/2021:13:56:34 +0100] "GET /js/jquery.masonry.min.js HTTP/1.0" 200 264 "-" "Mozilla/5.0 (compatible; bingbot/2.0; +http://www.bing.com/bingbot.htm)"
207.46.13.53 - - [26/Jan/2021:13:56:42 +0100] "GET /white-skull-keyring-p-28904.html HTTP/1.0" 200 71782 "-" "Mozilla/5.0 (compatible; bingbot/2.0; +http://www.bing.com/bingbot.htm)"
13.66.139.136 - - [26/Jan/2021:13:56:46 +0100] "GET /images/big_prod/8901810021006.jpg HTTP/1.0" 200 268 "-" "Mozilla/5.0 (compatible; bingbot/2.0; +http://www.bing.com/bingbot.htm)"
66.249.70.62 - - [26/Jan/2021:13:58:10 +0100] "GET /care-bear-surprise-bear-plush-35-cm-with-dvd-p-35822.html HTTP/1.0" 200 69355 "-" "Mozilla/5.0 (Linux; Android 6.0.1; Nexus 5X Build/MMB29P) AppleWebKit/537.36 (KHTML, like Gecko) Chrome/88.0.4324.112 Mobile Safari/537.36 (compatible; Googlebot/2.1; +http://www.google.com/bot.html)"
207.46.13.6 - - [26/Jan/2021:13:58:32 +0100] "GET /images/4012390361575.jpg HTTP/1.0" 200 259 "-" "Mozilla/5.0 (compatible; bingbot/2.0; +http://www.bing.com/bingbot.htm)"
207.46.13.6 - - [26/Jan/2021:13:58:33 +0100] "GET /-p-39068.html HTTP/1.0" 200 69189 "-" "Mozilla/5.0 (compatible; bingbot/2.0; +http://www.bing.com/bingbot.htm)"
207.46.13.6 - - [26/Jan/2021:13:58:34 +0100] "GET /images/1399984253625.jpg HTTP/1.0" 200 259 "-" "Mozilla/5.0 (compatible; bingbot/2.0; +http://www.bing.com/bingbot.htm)"
54.36.148.168 - - [26/Jan/2021:13:58:49 +0100] "GET /fff-sport-bag-p-52062.html HTTP/1.0" 200 72553 "-" "Mozilla/5.0 (compatible; AhrefsBot/7.0; +http://ahrefs.com/robot/)"
51.68.224.127 - - [26/Jan/2021:14:02:12 +0100] "GET /adminweb/export_orders_xml.php?token=256de2z6edz6ed2z6DFSFsed2zed6zeDSFDSGdzedezfzf&maxorders=10&orderstart=1&status=14&start_date=2018-10-01 HTTP/1.0" 200 285 "-" "GesCom CharlotteBoutik Serveur"
51.68.224.127 - - [26/Jan/2021:14:02:12 +0100] "GET /adminweb/export_orders_xml.php?token=256de2z6edz6ed2z6DFSFsed2zed6zeDSFDSGdzedezfzf&maxorders=10&orderstart=1&status=6&start_date=2018-10-01 HTTP/1.0" 200 29990 "-" "GesCom CharlotteBoutik Serveur"
13.66.139.5 - - [26/Jan/2021:14:02:32 +0100] "GET /images/3281640391483.jpg HTTP/1.0" 200 259 "-" "Mozilla/5.0 (compatible; bingbot/2.0; +http://www.bing.com/bingbot.htm)"
185.191.171.25 - - [26/Jan/2021:14:03:01 +0100] "GET /incense-spiritual-guide-hexagon-packs-p-52837.html?action=add_product HTTP/1.0" 302 476 "-" "Mozilla/5.0 (compatible; SemrushBot/7~bl; +http://www.semrush.com/bot.html)"
54.36.148.42 - - [26/Jan/2021:14:03:32 +0100] "GET /small-melamine-tray-hana-collection-p-52672.html HTTP/1.0" 200 72015 "-" "Mozilla/5.0 (compatible; AhrefsBot/7.0; +http://ahrefs.com/robot/)"
66.249.70.36 - - [26/Jan/2021:14:04:33 +0100] "GET /princess-sofia-storage-cupboard-p-28200.html HTTP/1.0" 200 71921 "-" "Mozilla/5.0 (compatible; Googlebot/2.1; +http://www.google.com/bot.html)"
207.46.13.37 - - [26/Jan/2021:14:06:15 +0100] "GET /images/big_prod/8422099381419.jpg HTTP/1.0" 200 268 "-" "Mozilla/5.0 (compatible; bingbot/2.0; +http://www.bing.com/bingbot.htm)"
147.92.153.11 - - [26/Jan/2021:14:06:22 +0100] "GET /boys-c-2.html HTTP/1.0" 200 89775 "-" "Mozilla/5.0 (compatible; Linespider/1.1; +https://lin.ee/4dwXkTH)"
157.55.39.149 - - [26/Jan/2021:14:06:41 +0100] "GET /frames-flags-and-decorative-paintings-c-13_148.html?page=10 HTTP/1.0" 200 95408 "-" "Mozilla/5.0 (compatible; bingbot/2.0; +http://www.bing.com/bingbot.htm)"
157.55.39.153 - - [26/Jan/2021:14:07:06 +0100] "GET /images/1300010237915.jpg HTTP/1.0" 200 259 "-" "Mozilla/5.0 (compatible; bingbot/2.0; +http://www.bing.com/bingbot.htm)"
13.66.139.2 - - [26/Jan/2021:14:07:23 +0100] "GET /images/big_prod/8422039530013.jpg HTTP/1.0" 200 268 "-" "Mozilla/5.0 (compatible; bingbot/2.0; +http://www.bing.com/bingbot.htm)"
13.66.139.5 - - [26/Jan/2021:14:07:53 +0100] "GET /kimmi-junior-large-backpack-p-19838.html HTTP/1.0" 200 74088 "-" "Mozilla/5.0 (compatible; bingbot/2.0; +http://www.bing.com/bingbot.htm)"
207.46.13.53 - - [26/Jan/2021:14:08:46 +0100] "GET /images/big_prod/9316188076043.jpg HTTP/1.0" 200 268 "-" "Mozilla/5.0 (compatible; bingbot/2.0; +http://www.bing.com/bingbot.htm)"
54.36.148.235 - - [26/Jan/2021:14:08:47 +0100] "GET /the-little-prince-of-saint-exupery-wall-decoration-17-12-cm-p-51867.html HTTP/1.0" 200 72158 "-" "Mozilla/5.0 (compatible; AhrefsBot/7.0; +http://ahrefs.com/robot/)"
13.66.139.5 - - [26/Jan/2021:14:08:53 +0100] "GET /images/mini_prod/A-PERSONNALISER-30.jpg HTTP/1.0" 200 274 "-" "Mozilla/5.0 (compatible; bingbot/2.0; +http://www.bing.com/bingbot.htm)"
13.66.139.5 - - [26/Jan/2021:14:09:53 +0100] "GET /images/big_prod/3565750040326.jpg HTTP/1.0" 200 268 "-" "Mozilla/5.0 (compatible; bingbot/2.0; +http://www.bing.com/bingbot.htm)"
13.66.139.136 - - [26/Jan/2021:14:10:02 +0100] "GET /images/4007176122174.jpg HTTP/1.0" 200 259 "-" "Mozilla/5.0 (compatible; bingbot/2.0; +http://www.bing.com/bingbot.htm)"
207.46.13.53 - - [26/Jan/2021:14:11:00 +0100] "GET /corsica-mug-p-44542.html HTTP/1.0" 200 71718 "-" "Mozilla/5.0 (compatible; bingbot/2.0; +http://www.bing.com/bingbot.htm)"
114.119.147.45 - - [26/Jan/2021:14:11:49 +0100] "GET /gourmandise-canvas-frame-28-28-cm-p-43093.html HTTP/1.0" 200 71986 "-" "Mozilla/5.0 (Linux; Android 7.0;) AppleWebKit/537.36 (KHTML, like Gecko) Mobile Safari/537.36 (compatible; PetalBot;+https://aspiegel.com/petalbot)"
192.0.99.179 - - [26/Jan/2021:14:12:09 +0100] "GET /images/med_prod/1399984284070.jpg HTTP/1.0" 200 268 "-" "Photon/1.0"
185.15.63.88 - - [26/Jan/2021:14:12:54 +0100] "GET /images/041689210618.jpg HTTP/1.0" 200 258 "-" "Mozilla/5.0 (Windows NT 10.0; Win64; x64) AppleWebKit/537.36 (KHTML, like Gecko) Chrome/87.0.4280.88 YaBrowser/20.12.1.179 Yowser/2.5 Safari/537.36"
54.36.148.24 - - [26/Jan/2021:14:13:43 +0100] "GET /glass-ball-lamp-18-cm-pink-p-48263.html HTTP/1.0" 200 72690 "-" "Mozilla/5.0 (compatible; AhrefsBot/7.0; +http://ahrefs.com/robot/)"
17.58.101.147 - - [26/Jan/2021:14:14:29 +0100] "GET /klimt-coffee-tumbler-and-spoon-set-p-51381.html HTTP/1.0" 200 71959 "-" "Mozilla/5.0 (Macintosh; Intel Mac OS X 10_15_5) AppleWebKit/605.1.15 (KHTML, like Gecko) Version/13.1.1 Safari/605.1.15 (Applebot/0.1; +http://www.apple.com/go/applebot)"
13.66.139.5 - - [26/Jan/2021:14:14:33 +0100] "GET /images/big_prod_2/4045233021619D.jpg HTTP/1.0" 200 271 "-" "Mozilla/5.0 (compatible; bingbot/2.0; +http://www.bing.com/bingbot.htm)"
157.55.39.228 - - [26/Jan/2021:14:16:25 +0100] "GET /images/big_prod/1399985000341.jpg HTTP/1.0" 200 268 "-" "Mozilla/5.0 (compatible; bingbot/2.0; +http://www.bing.com/bingbot.htm)"
51.68.224.127 - - [26/Jan/2021:14:18:00 +0100] "GET /adminweb/export_orders_xml.php?token=256de2z6edz6ed2z6DFSFsed2zed6zeDSFDSGdzedezfzf&maxorders=10&orderstart=1&status=14&start_date=2018-10-01 HTTP/1.0" 200 285 "-" "GesCom CharlotteBoutik Serveur"
51.68.224.127 - - [26/Jan/2021:14:18:00 +0100] "GET /adminweb/export_orders_xml.php?token=256de2z6edz6ed2z6DFSFsed2zed6zeDSFDSGdzedezfzf&maxorders=10&orderstart=1&status=6&start_date=2018-10-01 HTTP/1.0" 200 29990 "-" "GesCom CharlotteBoutik Serveur"
13.66.139.2 - - [26/Jan/2021:14:18:14 +0100] "GET /images/mini_prod/3272760376986.gif HTTP/1.0" 200 268 "-" "Mozilla/5.0 (compatible; bingbot/2.0; +http://www.bing.com/bingbot.htm)"
54.36.148.134 - - [26/Jan/2021:14:18:46 +0100] "GET /dishes-c-12.html?page=1 HTTP/1.0" 200 90420 "-" "Mozilla/5.0 (compatible; AhrefsBot/7.0; +http://ahrefs.com/robot/)"
207.46.13.53 - - [26/Jan/2021:14:18:50 +0100] "GET /-p-2742.html HTTP/1.0" 200 69187 "-" "Mozilla/5.0 (compatible; bingbot/2.0; +http://www.bing.com/bingbot.htm)"
147.92.153.14 - - [26/Jan/2021:14:19:09 +0100] "GET /images/med_prod/8718291503149.jpg HTTP/1.0" 200 268 "-" "Mozilla/5.0 (compatible; Linespider/1.1; +https://lin.ee/4dwXkTH)"
54.236.1.11 - - [26/Jan/2021:14:19:17 +0100] "GET /decorations/small-appliances-and-hifi/radio-retro-6039s-colors-wood-p-19020.html HTTP/1.0" 301 69373 "-" "Mozilla/5.0 (compatible; Pinterestbot/1.0; +http://www.pinterest.com/bot.html)"
54.236.1.11 - - [26/Jan/2021:14:19:17 +0100] "GET /radio-60-wood-colors-p-19020.html HTTP/1.0" 200 69286 "-" "Mozilla/5.0 (compatible; Pinterestbot/1.0; +http://www.pinterest.com/bot.html)"
54.236.1.11 - - [26/Jan/2021:14:19:18 +0100] "GET /apple-touch-icon.png HTTP/1.0" 404 1308 "-" "Mozilla/5.0 (compatible; Pinterestbot/1.0; +http://www.pinterest.com/bot.html)"
104.244.72.246 - - [26/Jan/2021:14:20:20 +0100] "GET /contact_us.php HTTP/1.0" 200 26238 "http://www.wonder-geek.com/contact_us.php" "Mozilla/5.0 (Windows NT 10.0; Win64; x64) AppleWebKit/537.36 (KHTML, like Gecko) Chrome/83.0.4103.44 Safari/537.36 OPR/69.0.3686.7 (Edition beta)"
104.244.72.246 - - [26/Jan/2021:14:20:20 +0100] "POST /contact_us.php?action=send HTTP/1.0" 200 26683 "http://www.wonder-geek.com/contact_us.php" "Mozilla/5.0 (Windows NT 10.0; Win64; x64) AppleWebKit/537.36 (KHTML, like Gecko) Chrome/83.0.4103.44 Safari/537.36 OPR/69.0.3686.7 (Edition beta)"
104.244.72.246 - - [26/Jan/2021:14:20:21 +0100] "GET /contact_us.php HTTP/1.0" 200 26238 "http://www.wonder-geek.com/contact_us.php" "Mozilla/5.0 (Windows NT 10.0; Win64; x64) AppleWebKit/537.36 (KHTML, like Gecko) Chrome/83.0.4103.44 Safari/537.36 OPR/69.0.3686.7 (Edition beta)"
13.66.139.139 - - [26/Jan/2021:14:20:33 +0100] "GET /images/big_prod_1/3661075002046N.jpg HTTP/1.0" 200 271 "-" "Mozilla/5.0 (compatible; bingbot/2.0; +http://www.bing.com/bingbot.htm)"
13.66.139.5 - - [26/Jan/2021:14:21:44 +0100] "GET /accessories-mobiles-c-3_17.html?page=6 HTTP/1.0" 200 90019 "-" "Mozilla/5.0 (compatible; bingbot/2.0; +http://www.bing.com/bingbot.htm)"
13.66.139.5 - - [26/Jan/2021:14:21:45 +0100] "GET /set-and-breakfast-set-c-12_61.html HTTP/1.0" 200 90932 "-" "Mozilla/5.0 (compatible; bingbot/2.0; +http://www.bing.com/bingbot.htm)"
207.46.13.53 - - [26/Jan/2021:14:22:09 +0100] "GET /bear-plush-26-cm-p-25888.html HTTP/1.0" 200 71887 "-" "Mozilla/5.0 (compatible; bingbot/2.0; +http://www.bing.com/bingbot.htm)"
54.36.148.236 - - [26/Jan/2021:14:23:29 +0100] "GET /powder-candle-250-grs-la-bougie-autrement-star-blue-p-53085.html HTTP/1.0" 200 73195 "-" "Mozilla/5.0 (compatible; AhrefsBot/7.0; +http://ahrefs.com/robot/)"
157.55.39.153 - - [26/Jan/2021:14:24:10 +0100] "GET /-p-21507.html HTTP/1.0" 200 69189 "-" "Mozilla/5.0 (compatible; bingbot/2.0; +http://www.bing.com/bingbot.htm)"
157.55.39.153 - - [26/Jan/2021:14:24:11 +0100] "GET /rectangular-serving-tray-frida-khalo-model-p-49549.html HTTP/1.0" 200 72121 "-" "Mozilla/5.0 (compatible; bingbot/2.0; +http://www.bing.com/bingbot.htm)"
157.55.39.153 - - [26/Jan/2021:14:24:12 +0100] "GET /mini-stickers-animals-p-22597.html HTTP/1.0" 200 71842 "-" "Mozilla/5.0 (compatible; bingbot/2.0; +http://www.bing.com/bingbot.htm)"
13.66.139.136 - - [26/Jan/2021:14:24:14 +0100] "GET /furnishings-c-13_87.html?page=3 HTTP/1.0" 200 91379 "-" "Mozilla/5.0 (compatible; bingbot/2.0; +http://www.bing.com/bingbot.htm)"
157.55.39.153 - - [26/Jan/2021:14:24:23 +0100] "GET /images/5051265800282.jpg HTTP/1.0" 200 259 "-" "Mozilla/5.0 (compatible; bingbot/2.0; +http://www.bing.com/bingbot.htm)"
13.66.139.5 - - [26/Jan/2021:14:24:55 +0100] "GET /images/med_prod/3574640156733.jpg HTTP/1.0" 200 268 "-" "Mozilla/5.0 (compatible; bingbot/2.0; +http://www.bing.com/bingbot.htm)"
147.92.153.10 - - [26/Jan/2021:14:26:01 +0100] "GET /images/big_prod/7630024997548.jpg HTTP/1.0" 200 268 "-" "Mozilla/5.0 (compatible; Linespider/1.1; +https://lin.ee/4dwXkTH)"
37.188.163.62 - - [26/Jan/2021:14:26:16 +0100] "GET /andalusia-tea-box-150-p-50766.html HTTP/1.0" 200 72634 "https://www.google.com/" "Mozilla/5.0 (Linux; Android 10; H9436) AppleWebKit/537.36 (KHTML, like Gecko) Chrome/88.0.4324.93 Mobile Safari/537.36"
37.188.163.62 - - [26/Jan/2021:14:26:17 +0100] "GET /templates/Pixame_v1/stylesheet.css HTTP/1.0" 200 267 "http://www.wonder-geek.com/andalusia-tea-box-150-p-50766.html" "Mozilla/5.0 (Linux; Android 10; H9436) AppleWebKit/537.36 (KHTML, like Gecko) Chrome/88.0.4324.93 Mobile Safari/537.36"
37.188.163.62 - - [26/Jan/2021:14:26:17 +0100] "GET /highslide/highslide.js HTTP/1.0" 200 262 "http://www.wonder-geek.com/andalusia-tea-box-150-p-50766.html" "Mozilla/5.0 (Linux; Android 10; H9436) AppleWebKit/537.36 (KHTML, like Gecko) Chrome/88.0.4324.93 Mobile Safari/537.36"
37.188.163.62 - - [26/Jan/2021:14:26:17 +0100] "GET /js/jquery.jqzoom.js HTTP/1.0" 200 259 "http://www.wonder-geek.com/andalusia-tea-box-150-p-50766.html" "Mozilla/5.0 (Linux; Android 10; H9436) AppleWebKit/537.36 (KHTML, like Gecko) Chrome/88.0.4324.93 Mobile Safari/537.36"
37.188.163.62 - - [26/Jan/2021:14:26:17 +0100] "GET /js/jquery.js HTTP/1.0" 200 252 "http://www.wonder-geek.com/andalusia-tea-box-150-p-50766.html" "Mozilla/5.0 (Linux; Android 10; H9436) AppleWebKit/537.36 (KHTML, like Gecko) Chrome/88.0.4324.93 Mobile Safari/537.36"
37.188.163.62 - - [26/Jan/2021:14:26:17 +0100] "GET /mondial_relay/js/jquery-1.3.2.min.js HTTP/1.0" 200 276 "http://www.wonder-geek.com/andalusia-tea-box-150-p-50766.html" "Mozilla/5.0 (Linux; Android 10; H9436) AppleWebKit/537.36 (KHTML, like Gecko) Chrome/88.0.4324.93 Mobile Safari/537.36"
37.188.163.62 - - [26/Jan/2021:14:26:17 +0100] "GET /swfobject.js HTTP/1.0" 404 1308 "http://www.wonder-geek.com/andalusia-tea-box-150-p-50766.html" "Mozilla/5.0 (Linux; Android 10; H9436) AppleWebKit/537.36 (KHTML, like Gecko) Chrome/88.0.4324.93 Mobile Safari/537.36"
37.188.163.62 - - [26/Jan/2021:14:26:17 +0100] "GET /templates/Pixame_v1/images/infobox/pixel_trans.gif HTTP/1.0" 200 328 "http://www.wonder-geek.com/andalusia-tea-box-150-p-50766.html" "Mozilla/5.0 (Linux; Android 10; H9436) AppleWebKit/537.36 (KHTML, like Gecko) Chrome/88.0.4324.93 Mobile Safari/537.36"
37.188.163.62 - - [26/Jan/2021:14:26:17 +0100] "GET /images/big_prod/4260082936451b.jpg HTTP/1.0" 200 269 "http://www.wonder-geek.com/andalusia-tea-box-150-p-50766.html" "Mozilla/5.0 (Linux; Android 10; H9436) AppleWebKit/537.36 (KHTML, like Gecko) Chrome/88.0.4324.93 Mobile Safari/537.36"
37.188.163.62 - - [26/Jan/2021:14:26:17 +0100] "GET /templates/Pixame_v1/images/icon_accueil2.png HTTP/1.0" 200 278 "http://www.wonder-geek.com/andalusia-tea-box-150-p-50766.html" "Mozilla/5.0 (Linux; Android 10; H9436) AppleWebKit/537.36 (KHTML, like Gecko) Chrome/88.0.4324.93 Mobile Safari/537.36"
37.188.163.62 - - [26/Jan/2021:14:26:17 +0100] "GET /templates/Pixame_v1/images/pixel_trans.gif HTTP/1.0" 200 328 "http://www.wonder-geek.com/andalusia-tea-box-150-p-50766.html" "Mozilla/5.0 (Linux; Android 10; H9436) AppleWebKit/537.36 (KHTML, like Gecko) Chrome/88.0.4324.93 Mobile Safari/537.36"
37.188.163.62 - - [26/Jan/2021:14:26:17 +0100] "GET /images/pixel_trans.gif HTTP/1.0" 200 328 "http://www.wonder-geek.com/andalusia-tea-box-150-p-50766.html" "Mozilla/5.0 (Linux; Android 10; H9436) AppleWebKit/537.36 (KHTML, like Gecko) Chrome/88.0.4324.93 Mobile Safari/537.36"
37.188.163.62 - - [26/Jan/2021:14:26:17 +0100] "GET /images/big_prod_1/4260082936451a.jpg HTTP/1.0" 200 271 "http://www.wonder-geek.com/andalusia-tea-box-150-p-50766.html" "Mozilla/5.0 (Linux; Android 10; H9436) AppleWebKit/537.36 (KHTML, like Gecko) Chrome/88.0.4324.93 Mobile Safari/537.36"
37.188.163.62 - - [26/Jan/2021:14:26:17 +0100] "GET /templates/Pixame_v1/images/Bottom_texture.jpg HTTP/1.0" 200 280 "http://www.wonder-geek.com/templates/Pixame_v1/stylesheet.css" "Mozilla/5.0 (Linux; Android 10; H9436) AppleWebKit/537.36 (KHTML, like Gecko) Chrome/88.0.4324.93 Mobile Safari/537.36"
37.188.163.62 - - [26/Jan/2021:14:26:17 +0100] "GET /templates/Pixame_v1/images/Middle_texture.jpg HTTP/1.0" 200 280 "http://www.wonder-geek.com/templates/Pixame_v1/stylesheet.css" "Mozilla/5.0 (Linux; Android 10; H9436) AppleWebKit/537.36 (KHTML, like Gecko) Chrome/88.0.4324.93 Mobile Safari/537.36"
37.188.163.62 - - [26/Jan/2021:14:26:18 +0100] "GET /templates/Pixame_v1/images/header.png HTTP/1.0" 200 271 "http://www.wonder-geek.com/templates/Pixame_v1/stylesheet.css" "Mozilla/5.0 (Linux; Android 10; H9436) AppleWebKit/537.36 (KHTML, like Gecko) Chrome/88.0.4324.93 Mobile Safari/537.36"
37.188.163.62 - - [26/Jan/2021:14:26:18 +0100] "GET /templates/Pixame_v1/images/header-object.png HTTP/1.0" 200 278 "http://www.wonder-geek.com/templates/Pixame_v1/stylesheet.css" "Mozilla/5.0 (Linux; Android 10; H9436) AppleWebKit/537.36 (KHTML, like Gecko) Chrome/88.0.4324.93 Mobile Safari/537.36"
37.188.163.62 - - [26/Jan/2021:14:26:18 +0100] "GET /templates/Pixame_v1/images/nav.png HTTP/1.0" 200 268 "http://www.wonder-geek.com/templates/Pixame_v1/stylesheet.css" "Mozilla/5.0 (Linux; Android 10; H9436) AppleWebKit/537.36 (KHTML, like Gecko) Chrome/88.0.4324.93 Mobile Safari/537.36"
37.188.163.62 - - [26/Jan/2021:14:26:18 +0100] "GET /highslide/graphics/zoomin.cur HTTP/1.0" 200 614 "http://www.wonder-geek.com/templates/Pixame_v1/stylesheet.css" "Mozilla/5.0 (Linux; Android 10; H9436) AppleWebKit/537.36 (KHTML, like Gecko) Chrome/88.0.4324.93 Mobile Safari/537.36"
37.188.163.62 - - [26/Jan/2021:14:26:18 +0100] "GET /design/productsenstock.png HTTP/1.0" 200 260 "http://www.wonder-geek.com/templates/Pixame_v1/stylesheet.css" "Mozilla/5.0 (Linux; Android 10; H9436) AppleWebKit/537.36 (KHTML, like Gecko) Chrome/88.0.4324.93 Mobile Safari/537.36"
37.188.163.62 - - [26/Jan/2021:14:26:18 +0100] "GET /templates/Pixame_v1/images/infobox/infobox_footer_middle.gif HTTP/1.0" 200 357 "http://www.wonder-geek.com/" "Mozilla/5.0 (Linux; Android 10; H9436) AppleWebKit/537.36 (KHTML, like Gecko) Chrome/88.0.4324.93 Mobile Safari/537.36"
37.188.163.62 - - [26/Jan/2021:14:26:18 +0100] "GET /templates/Pixame_v1/images/buttons/english/button_in_cart.gif HTTP/1.0" 200 295 "http://www.wonder-geek.com/andalusia-tea-box-150-p-50766.html" "Mozilla/5.0 (Linux; Android 10; H9436) AppleWebKit/537.36 (KHTML, like Gecko) Chrome/88.0.4324.93 Mobile Safari/537.36"
37.188.163.62 - - [26/Jan/2021:14:26:19 +0100] "GET /highslide/graphics/loader.white.gif HTTP/1.0" 200 960 "http://www.wonder-geek.com/templates/Pixame_v1/stylesheet.css" "Mozilla/5.0 (Linux; Android 10; H9436) AppleWebKit/537.36 (KHTML, like Gecko) Chrome/88.0.4324.93 Mobile Safari/537.36"
37.188.163.62 - - [26/Jan/2021:14:26:19 +0100] "GET /highslide/graphics/outlines/drop-shadow.png HTTP/1.0" 200 277 "http://www.wonder-geek.com/andalusia-tea-box-150-p-50766.html" "Mozilla/5.0 (Linux; Android 10; H9436) AppleWebKit/537.36 (KHTML, like Gecko) Chrome/88.0.4324.93 Mobile Safari/537.36"
37.188.163.62 - - [26/Jan/2021:14:26:19 +0100] "GET /highslide/graphics/zoomout.cur HTTP/1.0" 200 614 "http://www.wonder-geek.com/andalusia-tea-box-150-p-50766.html" "Mozilla/5.0 (Linux; Android 10; H9436) AppleWebKit/537.36 (KHTML, like Gecko) Chrome/88.0.4324.93 Mobile Safari/537.36"
37.188.163.62 - - [26/Jan/2021:14:26:19 +0100] "GET /favicon.ico HTTP/1.0" 200 260 "http://www.wonder-geek.com/andalusia-tea-box-150-p-50766.html" "Mozilla/5.0 (Linux; Android 10; H9436) AppleWebKit/537.36 (KHTML, like Gecko) Chrome/88.0.4324.93 Mobile Safari/537.36"
157.55.39.149 - - [26/Jan/2021:14:27:00 +0100] "GET /images/3388760924628.jpg HTTP/1.0" 200 259 "-" "Mozilla/5.0 (compatible; bingbot/2.0; +http://www.bing.com/bingbot.htm)"
17.58.101.147 - - [26/Jan/2021:14:27:06 +0100] "GET /sausage-box-with-knife-paris-p-47324.html HTTP/1.0" 200 71882 "-" "Mozilla/5.0 (Macintosh; Intel Mac OS X 10_15_5) AppleWebKit/605.1.15 (KHTML, like Gecko) Version/13.1.1 Safari/605.1.15 (Applebot/0.1; +http://www.apple.com/go/applebot)"
13.66.139.2 - - [26/Jan/2021:14:27:55 +0100] "GET /images/med_prod/8435306278679.jpg HTTP/1.0" 200 268 "-" "Mozilla/5.0 (compatible; bingbot/2.0; +http://www.bing.com/bingbot.htm)"
157.55.39.149 - - [26/Jan/2021:14:28:02 +0100] "GET /images/4893438001284.jpg HTTP/1.0" 200 259 "-" "Mozilla/5.0 (compatible; bingbot/2.0; +http://www.bing.com/bingbot.htm)"
66.249.70.33 - - [26/Jan/2021:14:28:09 +0100] "GET /wooden-calendar-p-48672.html HTTP/1.0" 200 71765 "-" "Mozilla/5.0 (Linux; Android 6.0.1; Nexus 5X Build/MMB29P) AppleWebKit/537.36 (KHTML, like Gecko) Chrome/88.0.4324.113 Mobile Safari/537.36 (compatible; Googlebot/2.1; +http://www.google.com/bot.html)"
54.36.148.188 - - [26/Jan/2021:14:28:12 +0100] "GET /esotericism-lithotherapy-c-174.html?page=6 HTTP/1.0" 200 90649 "-" "Mozilla/5.0 (compatible; AhrefsBot/7.0; +http://ahrefs.com/robot/)"
157.55.39.153 - - [26/Jan/2021:14:28:40 +0100] "GET /images/mini_prod/3014627927371.jpg HTTP/1.0" 200 269 "-" "Mozilla/5.0 (compatible; bingbot/2.0; +http://www.bing.com/bingbot.htm)"
66.249.70.33 - - [26/Jan/2021:14:30:39 +0100] "GET /images/mini_prod/3014627880249.jpg HTTP/1.0" 404 1308 "-" "Googlebot-Image/1.0"
185.191.171.10 - - [26/Jan/2021:14:32:11 +0100] "GET /robots.txt HTTP/1.0" 200 245 "-" "Mozilla/5.0 (compatible; SemrushBot/7~bl; +http://www.semrush.com/bot.html)"
185.191.171.11 - - [26/Jan/2021:14:32:11 +0100] "GET /fitted-sheet-in-cotton-percale-80-threads-90-190-30-cm-p-53218.html?action=add_product HTTP/1.0" 302 476 "-" "Mozilla/5.0 (compatible; SemrushBot/7~bl; +http://www.semrush.com/bot.html)"
54.36.148.15 - - [26/Jan/2021:14:32:24 +0100] "GET /vespa-trolley-p-26422.html?action=add_product HTTP/1.0" 302 476 "-" "Mozilla/5.0 (compatible; AhrefsBot/7.0; +http://ahrefs.com/robot/)"
66.249.70.36 - - [26/Jan/2021:14:32:53 +0100] "GET /corsica-keyring-by-cbkreation-p-43221.html HTTP/1.0" 200 71930 "-" "Mozilla/5.0 (Linux; Android 6.0.1; Nexus 5X Build/MMB29P) AppleWebKit/537.36 (KHTML, like Gecko) Chrome/88.0.4324.113 Mobile Safari/537.36 (compatible; Googlebot/2.1; +http://www.google.com/bot.html)"
54.36.148.87 - - [26/Jan/2021:14:33:28 +0100] "GET /bell-and-wall-bell-c-13_270.html HTTP/1.0" 200 88529 "-" "Mozilla/5.0 (compatible; AhrefsBot/7.0; +http://ahrefs.com/robot/)"
216.18.204.215 - - [26/Jan/2021:14:33:36 +0100] "GET /robots.txt HTTP/1.0" 200 245 "-" "Mozilla/5.0 (compatible; Adsbot/3.1)"
216.18.204.215 - - [26/Jan/2021:14:33:42 +0100] "GET /burlap-round-table-set-moor-head-p-50935.html HTTP/1.0" 200 71899 "http://www.wonder-geek.com/" "Mozilla/5.0 (compatible; Adsbot/3.1)"
13.66.139.136 - - [26/Jan/2021:14:33:45 +0100] "GET /images/big_prod/3014627880201.jpg HTTP/1.0" 200 268 "-" "Mozilla/5.0 (compatible; bingbot/2.0; +http://www.bing.com/bingbot.htm)"
51.68.224.127 - - [26/Jan/2021:14:33:48 +0100] "GET /adminweb/export_orders_xml.php?token=256de2z6edz6ed2z6DFSFsed2zed6zeDSFDSGdzedezfzf&maxorders=10&orderstart=1&status=14&start_date=2018-10-01 HTTP/1.0" 200 285 "-" "GesCom CharlotteBoutik Serveur"
51.68.224.127 - - [26/Jan/2021:14:33:48 +0100] "GET /adminweb/export_orders_xml.php?token=256de2z6edz6ed2z6DFSFsed2zed6zeDSFDSGdzedezfzf&maxorders=10&orderstart=1&status=6&start_date=2018-10-01 HTTP/1.0" 200 29990 "-" "GesCom CharlotteBoutik Serveur"
216.18.204.215 - - [26/Jan/2021:14:33:51 +0100] "GET /cafe-de-la-gare-wood-large-clock-p-38436.html HTTP/1.0" 200 71928 "http://www.wonder-geek.com/" "Mozilla/5.0 (compatible; Adsbot/3.1)"
216.18.204.215 - - [26/Jan/2021:14:33:59 +0100] "GET /cafe-de-la-tour-paris-grey-clock-p-10889.html HTTP/1.0" 200 71945 "http://www.wonder-geek.com/" "Mozilla/5.0 (compatible; Adsbot/3.1)"
216.18.204.215 - - [26/Jan/2021:14:34:07 +0100] "GET /car-door-mirror-road-66-45-41-cm-p-44443.html HTTP/1.0" 200 71967 "http://www.wonder-geek.com/" "Mozilla/5.0 (compatible; Adsbot/3.1)"
216.18.204.215 - - [26/Jan/2021:14:34:14 +0100] "GET /cat-and-heart-mini-melamine-tray-p-37951.html HTTP/1.0" 200 71970 "http://www.wonder-geek.com/" "Mozilla/5.0 (compatible; Adsbot/3.1)"
216.18.204.215 - - [26/Jan/2021:14:34:24 +0100] "GET /cat-michelle-allen-breakfast-set-p-32829.html HTTP/1.0" 200 71960 "http://www.wonder-geek.com/" "Mozilla/5.0 (compatible; Adsbot/3.1)"
216.18.204.215 - - [26/Jan/2021:14:34:34 +0100] "GET /ceramic-bowl-in-relief-saint-bol-p-45505.html HTTP/1.0" 200 71843 "http://www.wonder-geek.com/" "Mozilla/5.0 (compatible; Adsbot/3.1)"
13.66.139.136 - - [26/Jan/2021:14:34:35 +0100] "GET /images/big_prod/3608860225259.jpg HTTP/1.0" 200 268 "-" "Mozilla/5.0 (compatible; bingbot/2.0; +http://www.bing.com/bingbot.htm)"
216.18.204.215 - - [26/Jan/2021:14:34:45 +0100] "GET /doc-mcstuffins-and-lambie-figure-p-23403.html HTTP/1.0" 200 71812 "http://www.wonder-geek.com/" "Mozilla/5.0 (compatible; Adsbot/3.1)"
216.18.204.215 - - [26/Jan/2021:14:34:54 +0100] "GET /dolce-vita-black-women-tee-shirt-p-30955.html HTTP/1.0" 200 73851 "http://www.wonder-geek.com/" "Mozilla/5.0 (compatible; Adsbot/3.1)"
216.18.204.215 - - [26/Jan/2021:14:35:02 +0100] "GET /dolce-vita-white-women-tee-shirt-p-30956.html HTTP/1.0" 200 74126 "http://www.wonder-geek.com/" "Mozilla/5.0 (compatible; Adsbot/3.1)"
216.18.204.215 - - [26/Jan/2021:14:35:10 +0100] "GET /dolce-vita-white-women-tee-shirt-p-30957.html HTTP/1.0" 200 73857 "http://www.wonder-geek.com/" "Mozilla/5.0 (compatible; Adsbot/3.1)"
216.18.204.215 - - [26/Jan/2021:14:35:17 +0100] "GET /elvis-presley-rectangular-mirror-p-48298.html HTTP/1.0" 200 71875 "http://www.wonder-geek.com/" "Mozilla/5.0 (compatible; Adsbot/3.1)"
216.18.204.215 - - [26/Jan/2021:14:35:24 +0100] "GET /golden-retriever-dog-glass-clock-p-34006.html HTTP/1.0" 200 71925 "http://www.wonder-geek.com/" "Mozilla/5.0 (compatible; Adsbot/3.1)"
216.18.204.215 - - [26/Jan/2021:14:35:32 +0100] "GET /italian-scooter-wood-clock-33-cm-p-41360.html HTTP/1.0" 200 71937 "http://www.wonder-geek.com/" "Mozilla/5.0 (compatible; Adsbot/3.1)"
207.46.13.53 - - [26/Jan/2021:14:35:36 +0100] "GET /images/071662311025.jpg HTTP/1.0" 200 258 "-" "Mozilla/5.0 (compatible; bingbot/2.0; +http://www.bing.com/bingbot.htm)"
216.18.204.215 - - [26/Jan/2021:14:35:40 +0100] "GET /je-peux-pas-ai-apero-adult-apron-p-42606.html HTTP/1.0" 200 71855 "http://www.wonder-geek.com/" "Mozilla/5.0 (compatible; Adsbot/3.1)"
216.18.204.215 - - [26/Jan/2021:14:35:47 +0100] "GET /jolly-mah-nici-charm-phone-charm-p-33460.html HTTP/1.0" 200 71922 "http://www.wonder-geek.com/" "Mozilla/5.0 (compatible; Adsbot/3.1)"
216.18.204.215 - - [26/Jan/2021:14:35:56 +0100] "GET /la-caravelle-vintage-clock-60-cm-p-45890.html HTTP/1.0" 200 71978 "http://www.wonder-geek.com/" "Mozilla/5.0 (compatible; Adsbot/3.1)"
216.18.204.215 - - [26/Jan/2021:14:36:03 +0100] "GET /long-playing-clock-by-cbkreation-p-24373.html HTTP/1.0" 200 72009 "http://www.wonder-geek.com/" "Mozilla/5.0 (compatible; Adsbot/3.1)"
216.18.204.215 - - [26/Jan/2021:14:36:10 +0100] "GET /marilyn-monroe-rectangular-mirror-p-7145.html HTTP/1.0" 200 71886 "http://www.wonder-geek.com/" "Mozilla/5.0 (compatible; Adsbot/3.1)"
157.55.39.153 - - [26/Jan/2021:14:36:12 +0100] "GET /images/big_prod/5404006037964.jpg HTTP/1.0" 200 268 "-" "Mozilla/5.0 (compatible; bingbot/2.0; +http://www.bing.com/bingbot.htm)"
216.18.204.215 - - [26/Jan/2021:14:36:18 +0100] "GET /matriochka-black-women-tee-shirt-p-30988.html HTTP/1.0" 200 73847 "http://www.wonder-geek.com/" "Mozilla/5.0 (compatible; Adsbot/3.1)"
157.55.39.153 - - [26/Jan/2021:14:36:23 +0100] "GET /images/big_prod/1384010203170.jpg HTTP/1.0" 200 268 "-" "Mozilla/5.0 (compatible; bingbot/2.0; +http://www.bing.com/bingbot.htm)"
216.18.204.215 - - [26/Jan/2021:14:36:28 +0100] "GET /matriochka-white-women-tee-shirt-p-30984.html HTTP/1.0" 200 73882 "http://www.wonder-geek.com/" "Mozilla/5.0 (compatible; Adsbot/3.1)"
216.18.204.215 - - [26/Jan/2021:14:36:36 +0100] "GET /matriochka-white-women-tee-shirt-p-30985.html HTTP/1.0" 200 73880 "http://www.wonder-geek.com/" "Mozilla/5.0 (compatible; Adsbot/3.1)"
216.18.204.215 - - [26/Jan/2021:14:36:42 +0100] "GET /matriochka-white-women-tee-shirt-p-30987.html HTTP/1.0" 200 73886 "http://www.wonder-geek.com/" "Mozilla/5.0 (compatible; Adsbot/3.1)"
216.18.204.215 - - [26/Jan/2021:14:36:50 +0100] "GET /matriochka-white-women-tee-shirt-p-30989.html HTTP/1.0" 200 73841 "http://www.wonder-geek.com/" "Mozilla/5.0 (compatible; Adsbot/3.1)"
106.11.152.36 - - [26/Jan/2021:14:36:54 +0100] "GET /figures-c-4_15.html HTTP/1.0" 200 91026 "-" "Mozilla/5.0 (Windows NT 6.1; Win64; x64) AppleWebKit/537.36 (KHTML, like Gecko) Chrome/69.0.3497.81 YisouSpider/5.0 Safari/537.36"
106.11.154.52 - - [26/Jan/2021:14:36:55 +0100] "GET /templates/Pixame_v1/stylesheet.css HTTP/1.0" 200 267 "http://www.wonder-geek.com/figures-c-4_15.html" "Mozilla/5.0 (Windows NT 6.1; Win64; x64) AppleWebKit/537.36 (KHTML, like Gecko) Chrome/69.0.3497.81 YisouSpider/5.0 Safari/537.36"
216.18.204.215 - - [26/Jan/2021:14:36:58 +0100] "GET /metal-shaped-old-radio-red-clock-p-44502.html HTTP/1.0" 200 72049 "http://www.wonder-geek.com/" "Mozilla/5.0 (compatible; Adsbot/3.1)"
216.18.204.215 - - [26/Jan/2021:14:37:06 +0100] "GET /mirror-blue-combi-peace-and-love-p-42126.html HTTP/1.0" 200 71880 "http://www.wonder-geek.com/" "Mozilla/5.0 (compatible; Adsbot/3.1)"
216.18.204.215 - - [26/Jan/2021:14:37:14 +0100] "GET /motocycle-and-more-red-tee-shirt-p-35447.html HTTP/1.0" 200 73817 "http://www.wonder-geek.com/" "Mozilla/5.0 (compatible; Adsbot/3.1)"
216.18.204.215 - - [26/Jan/2021:14:37:23 +0100] "GET /mountain-bear-cotton-adult-apron-p-45550.html HTTP/1.0" 200 71902 "http://www.wonder-geek.com/" "Mozilla/5.0 (compatible; Adsbot/3.1)"
216.18.204.215 - - [26/Jan/2021:14:37:31 +0100] "GET /natural-rectangular-mirror-82-cm-p-48541.html HTTP/1.0" 200 71960 "http://www.wonder-geek.com/" "Mozilla/5.0 (compatible; Adsbot/3.1)"
216.18.204.215 - - [26/Jan/2021:14:37:38 +0100] "GET /new-york-city-rectangular-mirror-p-37749.html HTTP/1.0" 200 71894 "http://www.wonder-geek.com/" "Mozilla/5.0 (compatible; Adsbot/3.1)"
216.18.204.215 - - [26/Jan/2021:14:37:46 +0100] "GET /owl-michelle-allen-breakfast-set-p-32827.html HTTP/1.0" 200 71966 "http://www.wonder-geek.com/" "Mozilla/5.0 (compatible; Adsbot/3.1)"
216.18.204.215 - - [26/Jan/2021:14:37:55 +0100] "GET /pepe-jeans-jack-wallet-and-purse-p-41312.html HTTP/1.0" 200 72691 "http://www.wonder-geek.com/" "Mozilla/5.0 (compatible; Adsbot/3.1)"
216.18.204.215 - - [26/Jan/2021:14:38:02 +0100] "GET /picerie-fine-metal-tray-25-16-cm-p-41484.html HTTP/1.0" 200 71990 "http://www.wonder-geek.com/" "Mozilla/5.0 (compatible; Adsbot/3.1)"
216.18.204.215 - - [26/Jan/2021:14:38:10 +0100] "GET /russian-doll-clock-by-cbkreation-p-24374.html HTTP/1.0" 200 72010 "http://www.wonder-geek.com/" "Mozilla/5.0 (compatible; Adsbot/3.1)"
54.36.148.46 - - [26/Jan/2021:14:38:17 +0100] "GET /betty-boop-be-cool-memo-clip-p-14606.html HTTP/1.0" 301 69256 "-" "Mozilla/5.0 (compatible; AhrefsBot/7.0; +http://ahrefs.com/robot/)"
216.18.204.215 - - [26/Jan/2021:14:38:21 +0100] "GET /skull-black-leather-men-bracelet-p-38474.html HTTP/1.0" 200 71889 "http://www.wonder-geek.com/" "Mozilla/5.0 (compatible; Adsbot/3.1)"
54.36.148.87 - - [26/Jan/2021:14:38:22 +0100] "GET /candy-cane-caper-chip-dale-figurine-p-36419.html HTTP/1.0" 200 72568 "-" "Mozilla/5.0 (compatible; AhrefsBot/7.0; +http://ahrefs.com/robot/)"
216.18.204.215 - - [26/Jan/2021:14:38:30 +0100] "GET /skull-brown-leather-men-bracelet-p-38475.html HTTP/1.0" 200 71856 "http://www.wonder-geek.com/" "Mozilla/5.0 (compatible; Adsbot/3.1)"
216.18.204.215 - - [26/Jan/2021:14:38:39 +0100] "GET /star-wars-wing-pilot-asty-figure-p-34600.html HTTP/1.0" 200 72109 "http://www.wonder-geek.com/" "Mozilla/5.0 (compatible; Adsbot/3.1)"
157.55.39.149 - - [26/Jan/2021:14:38:45 +0100] "GET /images/big_prod/3453131139571.jpg HTTP/1.0" 200 268 "-" "Mozilla/5.0 (compatible; bingbot/2.0; +http://www.bing.com/bingbot.htm)"
216.18.204.215 - - [26/Jan/2021:14:38:46 +0100] "GET /tiger-blue-porcelain-bowl-480-ml-p-47862.html HTTP/1.0" 200 71834 "http://www.wonder-geek.com/" "Mozilla/5.0 (compatible; Adsbot/3.1)"
216.18.204.215 - - [26/Jan/2021:14:38:55 +0100] "GET /van-gogh-nuit-toilee-adult-apron-p-47665.html HTTP/1.0" 200 71849 "http://www.wonder-geek.com/" "Mozilla/5.0 (compatible; Adsbot/3.1)"
216.18.204.215 - - [26/Jan/2021:14:39:04 +0100] "GET /bowl-sulking-blue-made-in-germany-p-48476.html HTTP/1.0" 200 73387 "http://www.wonder-geek.com/" "Mozilla/5.0 (compatible; Adsbot/3.1)"
216.18.204.215 - - [26/Jan/2021:14:39:13 +0100] "GET /bowl-tasty-yellow-made-in-germany-p-48477.html HTTP/1.0" 200 73387 "http://www.wonder-geek.com/" "Mozilla/5.0 (compatible; Adsbot/3.1)"
216.18.204.215 - - [26/Jan/2021:14:39:24 +0100] "GET /box-of-sardines-metal-clock-30-cm-p-50638.html HTTP/1.0" 200 71940 "http://www.wonder-geek.com/" "Mozilla/5.0 (compatible; Adsbot/3.1)"
216.18.204.215 - - [26/Jan/2021:14:39:40 +0100] "GET /ceramic-bowl-in-relief-du-piquant-p-45506.html HTTP/1.0" 200 71871 "http://www.wonder-geek.com/" "Mozilla/5.0 (compatible; Adsbot/3.1)"
216.18.204.215 - - [26/Jan/2021:14:39:50 +0100] "GET /confiture-picon-placemat-45-30-cm-p-49719.html HTTP/1.0" 200 71875 "http://www.wonder-geek.com/" "Mozilla/5.0 (compatible; Adsbot/3.1)"
157.55.39.228 - - [26/Jan/2021:14:39:51 +0100] "GET /images/big_prod_1/b5018997627945.jpg HTTP/1.0" 200 271 "-" "Mozilla/5.0 (compatible; bingbot/2.0; +http://www.bing.com/bingbot.htm)"
216.18.204.215 - - [26/Jan/2021:14:40:00 +0100] "GET /corsica-woven-pvc-round-place-mat-p-50944.html HTTP/1.0" 200 71869 "http://www.wonder-geek.com/" "Mozilla/5.0 (compatible; Adsbot/3.1)"
157.55.39.149 - - [26/Jan/2021:14:40:05 +0100] "GET /images/big_prod_1/3014627889785.jpg HTTP/1.0" 200 270 "-" "Mozilla/5.0 (compatible; bingbot/2.0; +http://www.bing.com/bingbot.htm)"
216.18.204.215 - - [26/Jan/2021:14:40:10 +0100] "GET /corsica-woven-pvc-round-place-mat-p-50945.html HTTP/1.0" 200 71869 "http://www.wonder-geek.com/" "Mozilla/5.0 (compatible; Adsbot/3.1)"
216.18.204.215 - - [26/Jan/2021:14:40:19 +0100] "GET /cushion-for-big-dog-gentleman-dog-p-49536.html HTTP/1.0" 200 72431 "http://www.wonder-geek.com/" "Mozilla/5.0 (compatible; Adsbot/3.1)"
216.18.204.215 - - [26/Jan/2021:14:40:29 +0100] "GET /cushion-for-dog-maison-du-bonheur-p-50857.html HTTP/1.0" 200 72417 "http://www.wonder-geek.com/" "Mozilla/5.0 (compatible; Adsbot/3.1)"
216.18.204.215 - - [26/Jan/2021:14:40:41 +0100] "GET /elecathippo-white-women-tee-shirt-p-33792.html HTTP/1.0" 200 74128 "http://www.wonder-geek.com/" "Mozilla/5.0 (compatible; Adsbot/3.1)"
216.18.204.215 - - [26/Jan/2021:14:40:50 +0100] "GET /ethnic-chest-in-mango-wood-116-cm-p-48975.html HTTP/1.0" 200 73033 "http://www.wonder-geek.com/" "Mozilla/5.0 (compatible; Adsbot/3.1)"
157.55.39.228 - - [26/Jan/2021:14:40:53 +0100] "GET /book-lamp-in-real-wood-led-colors-size-p-52971.html HTTP/1.0" 200 73302 "-" "Mozilla/5.0 (compatible; bingbot/2.0; +http://www.bing.com/bingbot.htm)"
216.18.204.215 - - [26/Jan/2021:14:40:58 +0100] "GET /ethnic-chest-in-mango-wood-127-cm-p-48976.html HTTP/1.0" 200 72776 "http://www.wonder-geek.com/" "Mozilla/5.0 (compatible; Adsbot/3.1)"
216.18.204.215 - - [26/Jan/2021:14:41:08 +0100] "GET /lavender-and-rosemary-adult-apron-p-39736.html HTTP/1.0" 200 71911 "http://www.wonder-geek.com/" "Mozilla/5.0 (compatible; Adsbot/3.1)"
157.55.39.153 - - [26/Jan/2021:14:41:09 +0100] "GET /decorations/collectible-figurines-and-decorative/sleepy-figure-collection-disney-tired-dwarf-p-23122.html HTTP/1.0" 301 72169 "-" "Mozilla/5.0 (compatible; bingbot/2.0; +http://www.bing.com/bingbot.htm)"
157.55.39.153 - - [26/Jan/2021:14:41:10 +0100] "GET /images/big_prod_1/8422092340062B.jpg HTTP/1.0" 200 271 "-" "Mozilla/5.0 (compatible; bingbot/2.0; +http://www.bing.com/bingbot.htm)"
157.55.39.153 - - [26/Jan/2021:14:41:11 +0100] "GET /images/big_prod_3/8422092340062D.jpg HTTP/1.0" 200 271 "-" "Mozilla/5.0 (compatible; bingbot/2.0; +http://www.bing.com/bingbot.htm)"
157.55.39.130 - - [26/Jan/2021:14:41:13 +0100] "GET /images/big_prod/8422092340062.jpg HTTP/1.0" 200 268 "-" "Mozilla/5.0 (compatible; bingbot/2.0; +http://www.bing.com/bingbot.htm)"
157.55.39.130 - - [26/Jan/2021:14:41:14 +0100] "GET /crasy-cat-by-allen-cotton-pouch-p-53175.html HTTP/1.0" 200 71944 "-" "Mozilla/5.0 (compatible; bingbot/2.0; +http://www.bing.com/bingbot.htm)"
157.55.39.130 - - [26/Jan/2021:14:41:15 +0100] "GET /images/big_prod/1384010204641.jpg HTTP/1.0" 200 268 "-" "Mozilla/5.0 (compatible; bingbot/2.0; +http://www.bing.com/bingbot.htm)"
157.55.39.130 - - [26/Jan/2021:14:41:15 +0100] "GET /images/3609810021037.jpg HTTP/1.0" 200 259 "-" "Mozilla/5.0 (compatible; bingbot/2.0; +http://www.bing.com/bingbot.htm)"
216.18.204.215 - - [26/Jan/2021:14:41:15 +0100] "GET /liechtenstein-clock-by-cbkreation-p-36928.html HTTP/1.0" 200 71894 "http://www.wonder-geek.com/" "Mozilla/5.0 (compatible; Adsbot/3.1)"
207.46.13.55 - - [26/Jan/2021:14:41:24 +0100] "GET /images/big_prod_2/8422092340062C.jpg HTTP/1.0" 200 271 "-" "Mozilla/5.0 (compatible; bingbot/2.0; +http://www.bing.com/bingbot.htm)"
216.18.204.215 - - [26/Jan/2021:14:41:30 +0100] "GET /lulu-castagnette-cover-for-iphone-p-19094.html HTTP/1.0" 200 72171 "http://www.wonder-geek.com/" "Mozilla/5.0 (compatible; Adsbot/3.1)"
216.18.204.215 - - [26/Jan/2021:14:41:40 +0100] "GET /marilyn-monroe-rectangular-mirror-p-48303.html HTTP/1.0" 200 71887 "http://www.wonder-geek.com/" "Mozilla/5.0 (compatible; Adsbot/3.1)"
216.18.204.215 - - [26/Jan/2021:14:41:48 +0100] "GET /mini-metal-tray-banania-patchwork-p-35252.html HTTP/1.0" 200 72008 "http://www.wonder-geek.com/" "Mozilla/5.0 (compatible; Adsbot/3.1)"
216.18.204.215 - - [26/Jan/2021:14:42:01 +0100] "GET /mini-metal-tray-the-little-prince-p-33323.html HTTP/1.0" 200 72002 "http://www.wonder-geek.com/" "Mozilla/5.0 (compatible; Adsbot/3.1)"
216.18.204.215 - - [26/Jan/2021:14:42:10 +0100] "GET /new-york-yankees-cover-for-iphone-p-19097.html HTTP/1.0" 200 72153 "http://www.wonder-geek.com/" "Mozilla/5.0 (compatible; Adsbot/3.1)"
216.18.204.215 - - [26/Jan/2021:14:42:18 +0100] "GET /retro-coffee-place-clock-43-34-cm-p-41844.html HTTP/1.0" 200 71967 "http://www.wonder-geek.com/" "Mozilla/5.0 (compatible; Adsbot/3.1)"
216.18.204.215 - - [26/Jan/2021:14:42:27 +0100] "GET /sardines-de-marseille-adult-apron-p-51188.html HTTP/1.0" 200 71839 "http://www.wonder-geek.com/" "Mozilla/5.0 (compatible; Adsbot/3.1)"
216.18.204.215 - - [26/Jan/2021:14:42:36 +0100] "GET /the-spongebob-small-oval-placemat-p-17139.html HTTP/1.0" 200 72097 "http://www.wonder-geek.com/" "Mozilla/5.0 (compatible; Adsbot/3.1)"
216.18.204.215 - - [26/Jan/2021:14:42:45 +0100] "GET /tiger-white-porcelain-bowl-480-ml-p-47861.html HTTP/1.0" 200 71839 "http://www.wonder-geek.com/" "Mozilla/5.0 (compatible; Adsbot/3.1)"
216.18.204.215 - - [26/Jan/2021:14:42:54 +0100] "GET /union-jack-carlin-women-tee-shirt-p-30905.html HTTP/1.0" 200 73889 "http://www.wonder-geek.com/" "Mozilla/5.0 (compatible; Adsbot/3.1)"
216.18.204.215 - - [26/Jan/2021:14:43:01 +0100] "GET /wooden-magazine-rack-compartments-p-35665.html HTTP/1.0" 200 71984 "http://www.wonder-geek.com/" "Mozilla/5.0 (compatible; Adsbot/3.1)"
216.18.204.215 - - [26/Jan/2021:14:43:09 +0100] "GET /allen-desings-cat-wine-adult-apron-p-44192.html HTTP/1.0" 200 71850 "http://www.wonder-geek.com/" "Mozilla/5.0 (compatible; Adsbot/3.1)"
54.36.148.100 - - [26/Jan/2021:14:43:14 +0100] "GET /the-rugs-c-11_269.html?page=6 HTTP/1.0" 200 90023 "-" "Mozilla/5.0 (compatible; AhrefsBot/7.0; +http://ahrefs.com/robot/)"
216.18.204.215 - - [26/Jan/2021:14:43:18 +0100] "GET /angel-wings-black-shirt-cbkreation-p-30122.html HTTP/1.0" 200 72941 "http://www.wonder-geek.com/" "Mozilla/5.0 (compatible; Adsbot/3.1)"
114.119.129.36 - - [26/Jan/2021:14:43:27 +0100] "GET /wooden-wall-decoration-60-20-cm-tahitian-theme-p-47315.html HTTP/1.0" 301 69256 "-" "Mozilla/5.0 (Linux; Android 7.0;) AppleWebKit/537.36 (KHTML, like Gecko) Mobile Safari/537.36 (compatible; PetalBot;+https://aspiegel.com/petalbot)"
114.119.129.36 - - [26/Jan/2021:14:43:27 +0100] "GET /-p-47315.html HTTP/1.0" 200 69189 "-" "Mozilla/5.0 (Linux; Android 7.0;) AppleWebKit/537.36 (KHTML, like Gecko) Mobile Safari/537.36 (compatible; PetalBot;+https://aspiegel.com/petalbot)"
216.18.204.215 - - [26/Jan/2021:14:43:29 +0100] "GET /au-fil-du-temps-cotton-adult-apron-p-45253.html HTTP/1.0" 200 71845 "http://www.wonder-geek.com/" "Mozilla/5.0 (compatible; Adsbot/3.1)"
207.46.13.53 - - [26/Jan/2021:14:43:39 +0100] "GET /images/med_prod/3760167604141.jpg HTTP/1.0" 200 268 "-" "Mozilla/5.0 (compatible; bingbot/2.0; +http://www.bing.com/bingbot.htm)"
216.18.204.215 - - [26/Jan/2021:14:43:39 +0100] "GET /bowl-laughing-mint-made-in-germany-p-50708.html HTTP/1.0" 200 72537 "http://www.wonder-geek.com/" "Mozilla/5.0 (compatible; Adsbot/3.1)"
216.18.204.215 - - [26/Jan/2021:14:43:52 +0100] "GET /clock-indian-spirit-40-cm-be-brave-p-42950.html HTTP/1.0" 200 71920 "http://www.wonder-geek.com/" "Mozilla/5.0 (compatible; Adsbot/3.1)"
216.18.204.215 - - [26/Jan/2021:14:44:02 +0100] "GET /confucius-citation-white-tee-shirt-p-34201.html HTTP/1.0" 200 73857 "http://www.wonder-geek.com/" "Mozilla/5.0 (compatible; Adsbot/3.1)"
216.18.204.215 - - [26/Jan/2021:14:44:11 +0100] "GET /corsica-calanche-de-piana-placemat-p-49720.html HTTP/1.0" 200 71968 "http://www.wonder-geek.com/" "Mozilla/5.0 (compatible; Adsbot/3.1)"
13.66.139.139 - - [26/Jan/2021:14:44:25 +0100] "GET / HTTP/1.0" 200 94517 "-" "Mozilla/5.0 (compatible; bingbot/2.0; +http://www.bing.com/bingbot.htm)"
216.18.204.215 - - [26/Jan/2021:14:44:26 +0100] "GET /elastic-bracelet-iris-rock-crystal-p-48648.html HTTP/1.0" 200 72612 "http://www.wonder-geek.com/" "Mozilla/5.0 (compatible; Adsbot/3.1)"
66.249.70.36 - - [26/Jan/2021:14:44:33 +0100] "GET /cat-grey-tisaniere-p-34477.html HTTP/1.0" 200 69270 "-" "Mozilla/5.0 (compatible; Googlebot/2.1; +http://www.google.com/bot.html)"
216.18.204.215 - - [26/Jan/2021:14:44:36 +0100] "GET /iphone-case-silicone-audiocassette-p-25372.html HTTP/1.0" 200 74624 "http://www.wonder-geek.com/" "Mozilla/5.0 (compatible; Adsbot/3.1)"
216.18.204.215 - - [26/Jan/2021:14:44:45 +0100] "GET /iphone-case-silicone-audiocassette-p-25373.html HTTP/1.0" 200 74624 "http://www.wonder-geek.com/" "Mozilla/5.0 (compatible; Adsbot/3.1)"
216.18.204.215 - - [26/Jan/2021:14:44:54 +0100] "GET /iphone-case-silicone-audiocassette-p-25374.html HTTP/1.0" 200 74624 "http://www.wonder-geek.com/" "Mozilla/5.0 (compatible; Adsbot/3.1)"
216.18.204.215 - - [26/Jan/2021:14:45:06 +0100] "GET /large-clock-retro-clock-50-cm-blue-p-44779.html HTTP/1.0" 200 72059 "http://www.wonder-geek.com/" "Mozilla/5.0 (compatible; Adsbot/3.1)"
216.18.204.215 - - [26/Jan/2021:14:45:14 +0100] "GET /large-storage-box-white-and-silver-p-52920.html HTTP/1.0" 200 72743 "http://www.wonder-geek.com/" "Mozilla/5.0 (compatible; Adsbot/3.1)"
17.58.101.147 - - [26/Jan/2021:14:45:19 +0100] "GET /metal-boxes-and-storage-c-13_150_218.html HTTP/1.0" 200 89447 "-" "Mozilla/5.0 (Macintosh; Intel Mac OS X 10_15_5) AppleWebKit/605.1.15 (KHTML, like Gecko) Version/13.1.1 Safari/605.1.15 (Applebot/0.1; +http://www.apple.com/go/applebot)"
216.18.204.215 - - [26/Jan/2021:14:45:23 +0100] "GET /love-country-white-women-tee-shirt-p-33797.html HTTP/1.0" 200 74148 "http://www.wonder-geek.com/" "Mozilla/5.0 (compatible; Adsbot/3.1)"
216.18.204.215 - - [26/Jan/2021:14:45:31 +0100] "GET /metal-shaped-old-radio-brown-clock-p-44501.html HTTP/1.0" 200 72065 "http://www.wonder-geek.com/" "Mozilla/5.0 (compatible; Adsbot/3.1)"
216.18.204.215 - - [26/Jan/2021:14:45:41 +0100] "GET /mini-metal-tray-renault-gordini-r8-p-35256.html HTTP/1.0" 200 72010 "http://www.wonder-geek.com/" "Mozilla/5.0 (compatible; Adsbot/3.1)"
216.18.204.215 - - [26/Jan/2021:14:45:49 +0100] "GET /mojito-maker-white-women-tee-shirt-p-40981.html HTTP/1.0" 200 74191 "http://www.wonder-geek.com/" "Mozilla/5.0 (compatible; Adsbot/3.1)"
216.18.204.215 - - [26/Jan/2021:14:45:57 +0100] "GET /paris-kitchen-apron-made-in-france-p-36648.html HTTP/1.0" 200 71916 "http://www.wonder-geek.com/" "Mozilla/5.0 (compatible; Adsbot/3.1)"
216.18.204.215 - - [26/Jan/2021:14:46:07 +0100] "GET /pink-flamingos-small-melamine-tray-p-45167.html HTTP/1.0" 200 72006 "http://www.wonder-geek.com/" "Mozilla/5.0 (compatible; Adsbot/3.1)"
