13.66.139.5 - - [26/Jan/2021:20:22:32 +0100] "GET /fowl-temper-donald-duck-personality-pose-figurine-collection-p-18510.html HTTP/1.0" 301 69256 "-" "Mozilla/5.0 (compatible; bingbot/2.0; +http://www.bing.com/bingbot.htm)"
13.66.139.5 - - [26/Jan/2021:20:22:32 +0100] "GET /paris-tour-eiffel-small-metal-plate-postcard-p-15296.html HTTP/1.0" 200 69355 "-" "Mozilla/5.0 (compatible; bingbot/2.0; +http://www.bing.com/bingbot.htm)"
13.66.139.5 - - [26/Jan/2021:20:22:33 +0100] "GET /-p-22466.html HTTP/1.0" 200 69189 "-" "Mozilla/5.0 (compatible; bingbot/2.0; +http://www.bing.com/bingbot.htm)"
192.0.99.34 - - [26/Jan/2021:20:22:34 +0100] "GET /images/100_2552.jpg HTTP/1.0" 200 254 "-" "Photon/1.0"
13.66.139.5 - - [26/Jan/2021:20:22:34 +0100] "GET /vespa-blue-keyring-p-31627.html HTTP/1.0" 200 69251 "-" "Mozilla/5.0 (compatible; bingbot/2.0; +http://www.bing.com/bingbot.htm)"
13.66.139.5 - - [26/Jan/2021:20:22:35 +0100] "GET /-p-31215.html HTTP/1.0" 200 69189 "-" "Mozilla/5.0 (compatible; bingbot/2.0; +http://www.bing.com/bingbot.htm)"
13.66.139.5 - - [26/Jan/2021:20:22:36 +0100] "GET /-p-9327.html HTTP/1.0" 200 69187 "-" "Mozilla/5.0 (compatible; bingbot/2.0; +http://www.bing.com/bingbot.htm)"
13.66.139.5 - - [26/Jan/2021:20:22:37 +0100] "GET /microfibre-bed-base-cover-140-190-cm-brown-p-43763.html HTTP/1.0" 200 69355 "-" "Mozilla/5.0 (compatible; bingbot/2.0; +http://www.bing.com/bingbot.htm)"
13.66.139.5 - - [26/Jan/2021:20:22:38 +0100] "GET /-p-10283.html HTTP/1.0" 200 69189 "-" "Mozilla/5.0 (compatible; bingbot/2.0; +http://www.bing.com/bingbot.htm)"
13.66.139.5 - - [26/Jan/2021:20:22:39 +0100] "GET /mani-the-lucky-cat-brush-p-44110.html HTTP/1.0" 200 71868 "-" "Mozilla/5.0 (compatible; bingbot/2.0; +http://www.bing.com/bingbot.htm)"
13.66.139.5 - - [26/Jan/2021:20:22:40 +0100] "GET /selenite-pyramid-cm-p-46313.html HTTP/1.0" 200 71881 "-" "Mozilla/5.0 (compatible; bingbot/2.0; +http://www.bing.com/bingbot.htm)"
13.66.139.5 - - [26/Jan/2021:20:22:41 +0100] "GET /long-sleeves-shirts-c-2_40.html HTTP/1.0" 200 68172 "-" "Mozilla/5.0 (compatible; bingbot/2.0; +http://www.bing.com/bingbot.htm)"
13.66.139.5 - - [26/Jan/2021:20:22:41 +0100] "GET /princess-sofia-musical-jewelry-box-p-26782.html HTTP/1.0" 200 72070 "-" "Mozilla/5.0 (compatible; bingbot/2.0; +http://www.bing.com/bingbot.htm)"
13.66.139.5 - - [26/Jan/2021:20:22:42 +0100] "GET /buddha-canvas-frame-40-40-cm-p-38503.html HTTP/1.0" 200 71947 "-" "Mozilla/5.0 (compatible; bingbot/2.0; +http://www.bing.com/bingbot.htm)"
13.66.139.5 - - [26/Jan/2021:20:22:43 +0100] "GET /dora-the-explorater-ceiling-light-glass-p-18758.html HTTP/1.0" 200 73949 "-" "Mozilla/5.0 (compatible; bingbot/2.0; +http://www.bing.com/bingbot.htm)"
79.106.165.238 - - [26/Jan/2021:20:22:56 +0100] "GET /contact_us.php HTTP/1.0" 200 26238 "http://www.wonder-geek.com/contact_us.php" "Mozilla/5.0 (Windows NT 10.0; ) AppleWebKit/537.36 (KHTML, like Gecko) Chrome/83.0.4086.0 Safari/537.36"
79.106.165.238 - - [26/Jan/2021:20:22:57 +0100] "POST /contact_us.php?action=send HTTP/1.0" 200 26482 "http://www.wonder-geek.com/contact_us.php" "Mozilla/5.0 (Windows NT 10.0; ) AppleWebKit/537.36 (KHTML, like Gecko) Chrome/83.0.4086.0 Safari/537.36"
17.58.101.147 - - [26/Jan/2021:20:23:02 +0100] "GET /luggages-schoolbags-leather-shop-c-31.html HTTP/1.0" 200 91289 "-" "Mozilla/5.0 (Macintosh; Intel Mac OS X 10_15_5) AppleWebKit/605.1.15 (KHTML, like Gecko) Version/13.1.1 Safari/605.1.15 (Applebot/0.1; +http://www.apple.com/go/applebot)"
54.36.148.87 - - [26/Jan/2021:20:24:31 +0100] "GET /incense-holder-and-incense-burner-c-231_229.html?page=3 HTTP/1.0" 200 90760 "-" "Mozilla/5.0 (compatible; AhrefsBot/7.0; +http://ahrefs.com/robot/)"
66.249.81.163 - - [26/Jan/2021:20:25:58 +0100] "GET /images/big_prod_1/3612875114491a.jpg HTTP/1.0" 200 271 "-" "Mozilla/5.0 (Windows NT 5.1; rv:11.0) Gecko Firefox/11.0 (via ggpht.com GoogleImageProxy)"
185.191.171.4 - - [26/Jan/2021:20:25:59 +0100] "GET /metal-push-ashtray-p-53573.html?action=add_product HTTP/1.0" 302 476 "-" "Mozilla/5.0 (compatible; SemrushBot/7~bl; +http://www.semrush.com/bot.html)"
51.68.224.127 - - [26/Jan/2021:20:26:10 +0100] "GET /adminweb/export_orders_xml.php?token=256de2z6edz6ed2z6DFSFsed2zed6zeDSFDSGdzedezfzf&maxorders=10&orderstart=1&status=14&start_date=2018-10-01 HTTP/1.0" 200 285 "-" "GesCom CharlotteBoutik Serveur"
51.68.224.127 - - [26/Jan/2021:20:26:10 +0100] "GET /adminweb/export_orders_xml.php?token=256de2z6edz6ed2z6DFSFsed2zed6zeDSFDSGdzedezfzf&maxorders=10&orderstart=1&status=6&start_date=2018-10-01 HTTP/1.0" 200 29990 "-" "GesCom CharlotteBoutik Serveur"
157.55.39.149 - - [26/Jan/2021:20:26:35 +0100] "GET /bamboo-tray-tous-en-mayo-p-46453.html HTTP/1.0" 200 72433 "-" "Mozilla/5.0 (compatible; bingbot/2.0; +http://www.bing.com/bingbot.htm)"
54.36.148.175 - - [26/Jan/2021:20:27:10 +0100] "GET /happy-colors-dessert-plate-p-22346.html HTTP/1.0" 301 69256 "-" "Mozilla/5.0 (compatible; AhrefsBot/7.0; +http://ahrefs.com/robot/)"
157.55.39.149 - - [26/Jan/2021:20:27:37 +0100] "GET /hanging-wooden-wall-decoration-nol-merveilleux-p-53378.html HTTP/1.0" 200 72065 "-" "Mozilla/5.0 (compatible; bingbot/2.0; +http://www.bing.com/bingbot.htm)"
207.46.13.37 - - [26/Jan/2021:20:27:56 +0100] "GET /images/big_prod/3457098824204.jpg HTTP/1.0" 200 268 "-" "Mozilla/5.0 (compatible; bingbot/2.0; +http://www.bing.com/bingbot.htm)"
207.46.13.37 - - [26/Jan/2021:20:27:57 +0100] "GET /images/DSCN3998.jpg HTTP/1.0" 200 254 "-" "Mozilla/5.0 (compatible; bingbot/2.0; +http://www.bing.com/bingbot.htm)"
207.46.13.37 - - [26/Jan/2021:20:27:57 +0100] "GET /-p-11466.html HTTP/1.0" 200 69189 "-" "Mozilla/5.0 (compatible; bingbot/2.0; +http://www.bing.com/bingbot.htm)"
66.249.70.36 - - [26/Jan/2021:20:28:47 +0100] "GET /protective-fleece-pillow-cover-60-60-cm-p-39150.html HTTP/1.0" 200 71976 "-" "Mozilla/5.0 (Linux; Android 6.0.1; Nexus 5X Build/MMB29P) AppleWebKit/537.36 (KHTML, like Gecko) Chrome/88.0.4324.113 Mobile Safari/537.36 (compatible; Googlebot/2.1; +http://www.google.com/bot.html)"
54.36.149.87 - - [26/Jan/2021:20:28:52 +0100] "GET /salt-and-pepper-shaker-sets-c-12_160.html?page=2 HTTP/1.0" 200 90402 "-" "Mozilla/5.0 (compatible; AhrefsBot/7.0; +http://ahrefs.com/robot/)"
114.119.130.202 - - [26/Jan/2021:20:29:28 +0100] "GET /yankees-black-pencil-case-p-41170.html HTTP/1.0" 200 71895 "-" "Mozilla/5.0 (Linux; Android 7.0;) AppleWebKit/537.36 (KHTML, like Gecko) Mobile Safari/537.36 (compatible; PetalBot;+https://aspiegel.com/petalbot)"
13.66.139.136 - - [26/Jan/2021:20:31:39 +0100] "GET /tin-and-metal-signs-c-13_130.html?page=2 HTTP/1.0" 200 93142 "-" "Mozilla/5.0 (compatible; bingbot/2.0; +http://www.bing.com/bingbot.htm)"
13.66.139.5 - - [26/Jan/2021:20:31:43 +0100] "GET /clocks-c-13_67.html?page=8 HTTP/1.0" 200 92624 "-" "Mozilla/5.0 (compatible; bingbot/2.0; +http://www.bing.com/bingbot.htm)"
13.66.139.5 - - [26/Jan/2021:20:31:44 +0100] "GET /wine-metal-plate-deco-p-36125.html HTTP/1.0" 200 71823 "-" "Mozilla/5.0 (compatible; bingbot/2.0; +http://www.bing.com/bingbot.htm)"
13.66.139.5 - - [26/Jan/2021:20:31:45 +0100] "GET /buddha-perfume-diffuser-p-52261.html HTTP/1.0" 200 72559 "-" "Mozilla/5.0 (compatible; bingbot/2.0; +http://www.bing.com/bingbot.htm)"
13.66.139.5 - - [26/Jan/2021:20:31:46 +0100] "GET /winnie-the-pooh-sticker-p-20474.html HTTP/1.0" 200 74056 "-" "Mozilla/5.0 (compatible; bingbot/2.0; +http://www.bing.com/bingbot.htm)"
13.66.139.5 - - [26/Jan/2021:20:31:47 +0100] "GET /aromatic-stearin-candle-100-hours-flower-of-life-p-39494.html HTTP/1.0" 200 73549 "-" "Mozilla/5.0 (compatible; bingbot/2.0; +http://www.bing.com/bingbot.htm)"
157.55.39.228 - - [26/Jan/2021:20:31:56 +0100] "GET /squirrel-large-bowl-p-45262.html HTTP/1.0" 200 71772 "-" "Mozilla/5.0 (compatible; bingbot/2.0; +http://www.bing.com/bingbot.htm)"
13.66.139.136 - - [26/Jan/2021:20:32:09 +0100] "GET /coffee-and-tea-box-c-13_150_153.html?page=2 HTTP/1.0" 200 89574 "-" "Mozilla/5.0 (compatible; bingbot/2.0; +http://www.bing.com/bingbot.htm)"
13.66.139.136 - - [26/Jan/2021:20:32:11 +0100] "GET /clocks-c-13_67.html?page=11 HTTP/1.0" 200 91681 "-" "Mozilla/5.0 (compatible; bingbot/2.0; +http://www.bing.com/bingbot.htm)"
13.66.139.136 - - [26/Jan/2021:20:32:12 +0100] "GET /lighting-c-13_86.html?page=3 HTTP/1.0" 200 92778 "-" "Mozilla/5.0 (compatible; bingbot/2.0; +http://www.bing.com/bingbot.htm)"
13.66.139.136 - - [26/Jan/2021:20:32:13 +0100] "GET /towel-bath-towels-c-11_70.html?page=2 HTTP/1.0" 200 91033 "-" "Mozilla/5.0 (compatible; bingbot/2.0; +http://www.bing.com/bingbot.htm)"
13.66.139.139 - - [26/Jan/2021:20:32:14 +0100] "GET /accessories-mobiles-c-3_17.html?page=2 HTTP/1.0" 200 94490 "-" "Mozilla/5.0 (compatible; bingbot/2.0; +http://www.bing.com/bingbot.htm)"
13.66.139.139 - - [26/Jan/2021:20:32:15 +0100] "GET /soft-toys-security-blanket-c-4_46.html?page=9 HTTP/1.0" 200 91441 "-" "Mozilla/5.0 (compatible; bingbot/2.0; +http://www.bing.com/bingbot.htm)"
13.66.139.139 - - [26/Jan/2021:20:32:16 +0100] "GET /money-boxes-c-13_83.html?page=5 HTTP/1.0" 200 93461 "-" "Mozilla/5.0 (compatible; bingbot/2.0; +http://www.bing.com/bingbot.htm)"
13.66.139.139 - - [26/Jan/2021:20:32:17 +0100] "GET /placemats-c-12_156.html?page=6 HTTP/1.0" 200 91254 "-" "Mozilla/5.0 (compatible; bingbot/2.0; +http://www.bing.com/bingbot.htm)"
13.66.139.139 - - [26/Jan/2021:20:32:18 +0100] "GET /cement-tile-stickers-15-15-cm-p-50343.html HTTP/1.0" 200 72779 "-" "Mozilla/5.0 (compatible; bingbot/2.0; +http://www.bing.com/bingbot.htm)"
13.66.139.5 - - [26/Jan/2021:20:32:21 +0100] "GET /bowls-c-12_60.html?page=5 HTTP/1.0" 200 91562 "-" "Mozilla/5.0 (compatible; bingbot/2.0; +http://www.bing.com/bingbot.htm)"
13.66.139.5 - - [26/Jan/2021:20:32:22 +0100] "GET /clocks-c-13_67.html?page=5 HTTP/1.0" 200 93013 "-" "Mozilla/5.0 (compatible; bingbot/2.0; +http://www.bing.com/bingbot.htm)"
13.66.139.5 - - [26/Jan/2021:20:32:23 +0100] "GET /pencil-pot-c-129_183.html?page=4 HTTP/1.0" 200 82822 "-" "Mozilla/5.0 (compatible; bingbot/2.0; +http://www.bing.com/bingbot.htm)"
13.66.139.5 - - [26/Jan/2021:20:32:24 +0100] "GET /tea-pot-c-12_175.html?page=3 HTTP/1.0" 200 90660 "-" "Mozilla/5.0 (compatible; bingbot/2.0; +http://www.bing.com/bingbot.htm)"
13.66.139.5 - - [26/Jan/2021:20:32:25 +0100] "GET /frame-canvas-tits-chats-chats-chats-60-40-cm-p-37031.html HTTP/1.0" 200 72196 "-" "Mozilla/5.0 (compatible; bingbot/2.0; +http://www.bing.com/bingbot.htm)"
216.244.66.242 - - [26/Jan/2021:20:32:32 +0100] "GET /robots.txt HTTP/1.0" 200 245 "-" "Mozilla/5.0 (compatible; DotBot/1.1; http://www.opensiteexplorer.org/dotbot, help@moz.com)"
54.36.148.87 - - [26/Jan/2021:20:32:53 +0100] "GET /sex-pistols-pencil-case-p-14488.html HTTP/1.0" 200 71990 "-" "Mozilla/5.0 (compatible; AhrefsBot/7.0; +http://ahrefs.com/robot/)"
207.46.13.53 - - [26/Jan/2021:20:33:40 +0100] "GET /images/big_prod/067103004083.jpg HTTP/1.0" 200 267 "-" "Mozilla/5.0 (compatible; bingbot/2.0; +http://www.bing.com/bingbot.htm)"
66.249.70.33 - - [26/Jan/2021:20:34:15 +0100] "GET /images/mini_prod/3160704002650.jpg HTTP/1.0" 200 269 "-" "Googlebot-Image/1.0"
13.66.139.139 - - [26/Jan/2021:20:35:10 +0100] "GET /glasses-case-c-31_164.html?page=2 HTTP/1.0" 200 89874 "-" "Mozilla/5.0 (compatible; bingbot/2.0; +http://www.bing.com/bingbot.htm)"
13.66.139.139 - - [26/Jan/2021:20:35:11 +0100] "GET /money-boxes-c-13_83.html?page=6 HTTP/1.0" 200 92853 "-" "Mozilla/5.0 (compatible; bingbot/2.0; +http://www.bing.com/bingbot.htm)"
13.66.139.139 - - [26/Jan/2021:20:35:12 +0100] "GET /paris-corkscrew-notre-dame-de-paris-metal-copper-color-p-38611.html HTTP/1.0" 200 72058 "-" "Mozilla/5.0 (compatible; bingbot/2.0; +http://www.bing.com/bingbot.htm)"
13.66.139.139 - - [26/Jan/2021:20:35:13 +0100] "GET /tiger-black-tee-shirt-p-31165.html HTTP/1.0" 200 73769 "-" "Mozilla/5.0 (compatible; bingbot/2.0; +http://www.bing.com/bingbot.htm)"
13.66.139.5 - - [26/Jan/2021:20:35:14 +0100] "GET /pencil-case-c-31_75.html?page=6 HTTP/1.0" 200 93191 "-" "Mozilla/5.0 (compatible; bingbot/2.0; +http://www.bing.com/bingbot.htm)"
13.66.139.5 - - [26/Jan/2021:20:35:15 +0100] "GET /provence-soap-box-marseille-soap-10-65-35-cm-p-39421.html HTTP/1.0" 301 69256 "-" "Mozilla/5.0 (compatible; bingbot/2.0; +http://www.bing.com/bingbot.htm)"
13.66.139.139 - - [26/Jan/2021:20:35:14 +0100] "GET /old-fashioned-owl-biscuit-jar-p-38660.html HTTP/1.0" 200 71907 "-" "Mozilla/5.0 (compatible; bingbot/2.0; +http://www.bing.com/bingbot.htm)"
13.66.139.5 - - [26/Jan/2021:20:35:16 +0100] "GET /bmw-vintage-cars-small-steel-fridge-magnets-p-37060.html HTTP/1.0" 200 72090 "-" "Mozilla/5.0 (compatible; bingbot/2.0; +http://www.bing.com/bingbot.htm)"
13.66.139.5 - - [26/Jan/2021:20:35:17 +0100] "GET /cotton-floor-cushion-40-cm-st-maxime-p-51081.html HTTP/1.0" 301 69256 "-" "Mozilla/5.0 (compatible; bingbot/2.0; +http://www.bing.com/bingbot.htm)"
13.66.139.5 - - [26/Jan/2021:20:35:18 +0100] "GET /laundry-basket-50-cm-p-52238.html HTTP/1.0" 200 71836 "-" "Mozilla/5.0 (compatible; bingbot/2.0; +http://www.bing.com/bingbot.htm)"
13.66.139.5 - - [26/Jan/2021:20:35:22 +0100] "GET /mugs-and-mazagrans-c-12_57.html?page=6 HTTP/1.0" 200 95238 "-" "Mozilla/5.0 (compatible; bingbot/2.0; +http://www.bing.com/bingbot.htm)"
13.66.139.5 - - [26/Jan/2021:20:35:23 +0100] "GET /cats-by-dubout-candle-holder-p-33749.html HTTP/1.0" 200 72318 "-" "Mozilla/5.0 (compatible; bingbot/2.0; +http://www.bing.com/bingbot.htm)"
157.55.39.228 - - [26/Jan/2021:20:35:29 +0100] "GET /images/med_prod/4036113830230.jpg HTTP/1.0" 200 268 "-" "Mozilla/5.0 (compatible; bingbot/2.0; +http://www.bing.com/bingbot.htm)"
13.66.139.139 - - [26/Jan/2021:20:35:33 +0100] "GET /-p-3460.html HTTP/1.0" 200 69187 "-" "Mozilla/5.0 (compatible; bingbot/2.0; +http://www.bing.com/bingbot.htm)"
13.66.139.139 - - [26/Jan/2021:20:35:34 +0100] "GET /soft-toys-security-blanket-c-4_46.html?page=8 HTTP/1.0" 200 92402 "-" "Mozilla/5.0 (compatible; bingbot/2.0; +http://www.bing.com/bingbot.htm)"
114.119.150.15 - - [26/Jan/2021:20:36:42 +0100] "GET /images/big_prod/3453131150637.jpg HTTP/1.0" 200 268 "-" "Mozilla/5.0 (Linux; Android 7.0;) AppleWebKit/537.36 (KHTML, like Gecko) Mobile Safari/537.36 (compatible; PetalBot;+https://aspiegel.com/petalbot)"
13.66.139.2 - - [26/Jan/2021:20:36:50 +0100] "GET /chairs-cushion-c-11_165.html?page=3 HTTP/1.0" 200 90444 "-" "Mozilla/5.0 (compatible; bingbot/2.0; +http://www.bing.com/bingbot.htm)"
13.66.139.5 - - [26/Jan/2021:20:36:55 +0100] "GET /peg-and-coat-hook-c-13_198.html?page=2 HTTP/1.0" 200 89722 "-" "Mozilla/5.0 (compatible; bingbot/2.0; +http://www.bing.com/bingbot.htm)"
54.36.148.215 - - [26/Jan/2021:20:37:11 +0100] "GET /little-geisha-red-small-tea-box-p-39302.html HTTP/1.0" 200 72098 "-" "Mozilla/5.0 (compatible; AhrefsBot/7.0; +http://ahrefs.com/robot/)"
13.66.139.139 - - [26/Jan/2021:20:38:01 +0100] "GET /-p-26604.html HTTP/1.0" 200 69189 "-" "Mozilla/5.0 (compatible; bingbot/2.0; +http://www.bing.com/bingbot.htm)"
66.249.70.62 - - [26/Jan/2021:20:38:13 +0100] "GET /home-and-decoration-c-13.html?page=203 HTTP/1.0" 200 91797 "-" "Mozilla/5.0 (Linux; Android 6.0.1; Nexus 5X Build/MMB29P) AppleWebKit/537.36 (KHTML, like Gecko) Chrome/88.0.4324.112 Mobile Safari/537.36 (compatible; Googlebot/2.1; +http://www.google.com/bot.html)"
40.114.177.61 - - [26/Jan/2021:20:38:42 +0100] "GET /images/1399984242582.jpg HTTP/1.0" 200 259 "-" "DuckDuckBot/1.1; (+http://duckduckgo.com/duckduckbot.html)"
157.55.39.153 - - [26/Jan/2021:20:38:54 +0100] "GET /images/big_prod/76000210FB.jpg HTTP/1.0" 200 265 "-" "Mozilla/5.0 (compatible; bingbot/2.0; +http://www.bing.com/bingbot.htm)"
54.36.148.0 - - [26/Jan/2021:20:40:54 +0100] "GET /minions-swimming-armband-p-35064.html HTTP/1.0" 200 71994 "-" "Mozilla/5.0 (compatible; AhrefsBot/7.0; +http://ahrefs.com/robot/)"
51.68.224.127 - - [26/Jan/2021:20:41:59 +0100] "GET /adminweb/export_orders_xml.php?token=256de2z6edz6ed2z6DFSFsed2zed6zeDSFDSGdzedezfzf&maxorders=10&orderstart=1&status=14&start_date=2018-10-01 HTTP/1.0" 200 285 "-" "GesCom CharlotteBoutik Serveur"
51.68.224.127 - - [26/Jan/2021:20:41:59 +0100] "GET /adminweb/export_orders_xml.php?token=256de2z6edz6ed2z6DFSFsed2zed6zeDSFDSGdzedezfzf&maxorders=10&orderstart=1&status=6&start_date=2018-10-01 HTTP/1.0" 200 29990 "-" "GesCom CharlotteBoutik Serveur"
13.66.139.136 - - [26/Jan/2021:20:42:01 +0100] "GET /everlast-pencil-case-p-33368.html HTTP/1.0" 200 69259 "-" "Mozilla/5.0 (compatible; bingbot/2.0; +http://www.bing.com/bingbot.htm)"
13.66.139.136 - - [26/Jan/2021:20:42:11 +0100] "GET /disney-princess-rainwear-p-31243.html HTTP/1.0" 200 72985 "-" "Mozilla/5.0 (compatible; bingbot/2.0; +http://www.bing.com/bingbot.htm)"
54.36.148.30 - - [26/Jan/2021:20:45:23 +0100] "GET /small-tins-box-gorjuss-little-red-riding-hood-p-48407.html HTTP/1.0" 200 73226 "-" "Mozilla/5.0 (compatible; AhrefsBot/7.0; +http://ahrefs.com/robot/)"
13.66.139.136 - - [26/Jan/2021:20:45:31 +0100] "GET /teetering-tower-goofy-donald-duck-and-mickey-mouse-figurine-p-45588.html HTTP/1.0" 200 72709 "-" "Mozilla/5.0 (compatible; bingbot/2.0; +http://www.bing.com/bingbot.htm)"
114.119.144.233 - - [26/Jan/2021:20:45:47 +0100] "GET /fragrance-sachet-simply-spa-p-40561.html HTTP/1.0" 200 72556 "-" "Mozilla/5.0 (Linux; Android 7.0;) AppleWebKit/537.36 (KHTML, like Gecko) Mobile Safari/537.36 (compatible; PetalBot;+https://aspiegel.com/petalbot)"
207.46.13.55 - - [26/Jan/2021:20:45:54 +0100] "GET /luggages-schoolbags-leather-shop/pencil-case/looney-tunes-round-pencil-case-p-10632.html HTTP/1.0" 301 69427 "-" "Mozilla/5.0 (compatible; bingbot/2.0; +http://www.bing.com/bingbot.htm)"
13.66.139.139 - - [26/Jan/2021:20:46:11 +0100] "GET /aprons-c-11_74.html?page=2 HTTP/1.0" 200 90524 "-" "Mozilla/5.0 (compatible; bingbot/2.0; +http://www.bing.com/bingbot.htm)"
216.244.66.242 - - [26/Jan/2021:20:47:03 +0100] "GET /verity-rose-cupcake-decorative-plate-p-29157.html HTTP/1.0" 200 71991 "-" "Mozilla/5.0 (compatible; DotBot/1.1; http://www.opensiteexplorer.org/dotbot, help@moz.com)"
66.249.70.36 - - [26/Jan/2021:20:47:05 +0100] "GET /body-baby-knight-p-50931.html HTTP/1.0" 200 71731 "-" "Mozilla/5.0 (Linux; Android 6.0.1; Nexus 5X Build/MMB29P) AppleWebKit/537.36 (KHTML, like Gecko) Chrome/88.0.4324.113 Mobile Safari/537.36 (compatible; Googlebot/2.1; +http://www.google.com/bot.html)"
216.244.66.242 - - [26/Jan/2021:20:48:46 +0100] "GET /bagshandbags-shoulder-bags-c-31_81.html?page=7 HTTP/1.0" 200 96650 "-" "Mozilla/5.0 (compatible; DotBot/1.1; http://www.opensiteexplorer.org/dotbot, help@moz.com)"
54.36.149.55 - - [26/Jan/2021:20:49:30 +0100] "GET /stitch-heart-collection-statuette-p-47669.html HTTP/1.0" 200 73569 "-" "Mozilla/5.0 (compatible; AhrefsBot/7.0; +http://ahrefs.com/robot/)"
114.119.145.78 - - [26/Jan/2021:20:50:03 +0100] "GET /robots.txt HTTP/1.0" 301 531 "-" "(compatible;PetalBot;+https://aspiegel.com/petalbot)"
114.119.145.78 - - [26/Jan/2021:20:50:03 +0100] "GET /robots.txt HTTP/1.0" 200 245 "-" "(compatible;PetalBot;+https://aspiegel.com/petalbot)"
17.58.101.147 - - [26/Jan/2021:20:50:30 +0100] "GET /images/mini_prod/3014627846351N.jpg HTTP/1.0" 200 270 "-" "Mozilla/5.0 (Macintosh; Intel Mac OS X 10_15_5) AppleWebKit/605.1.15 (KHTML, like Gecko) Version/13.1.1 Safari/605.1.15 (Applebot/0.1; +http://www.apple.com/go/applebot)"
216.244.66.242 - - [26/Jan/2021:20:50:41 +0100] "GET /barbapapa-wooden-arch-p-6646.html HTTP/1.0" 200 71945 "-" "Mozilla/5.0 (compatible; DotBot/1.1; http://www.opensiteexplorer.org/dotbot, help@moz.com)"
207.46.13.53 - - [26/Jan/2021:20:50:49 +0100] "GET /images/big_prod_2/c8717202557592.jpg HTTP/1.0" 200 271 "-" "Mozilla/5.0 (compatible; bingbot/2.0; +http://www.bing.com/bingbot.htm)"
216.244.66.242 - - [26/Jan/2021:20:51:21 +0100] "GET /boys-c-2.html?page=6 HTTP/1.0" 200 84164 "-" "Mozilla/5.0 (compatible; DotBot/1.1; http://www.opensiteexplorer.org/dotbot, help@moz.com)"
216.244.66.242 - - [26/Jan/2021:20:51:32 +0100] "GET /norika-protective-hard-case-for-iphone-and-4s-p-11365.html HTTP/1.0" 200 72128 "-" "Mozilla/5.0 (compatible; DotBot/1.1; http://www.opensiteexplorer.org/dotbot, help@moz.com)"
207.46.13.55 - - [26/Jan/2021:20:51:56 +0100] "GET /images/big_prod_1/191693128666B.jpg HTTP/1.0" 200 270 "-" "Mozilla/5.0 (compatible; bingbot/2.0; +http://www.bing.com/bingbot.htm)"
216.244.66.242 - - [26/Jan/2021:20:52:38 +0100] "GET /101-dalmatians-rolly-figure-p-19358.html HTTP/1.0" 200 71713 "-" "Mozilla/5.0 (compatible; DotBot/1.1; http://www.opensiteexplorer.org/dotbot, help@moz.com)"
216.244.66.242 - - [26/Jan/2021:20:52:48 +0100] "GET /bob-marley-computer-bag-model-n2-p-21337.html HTTP/1.0" 200 72135 "-" "Mozilla/5.0 (compatible; DotBot/1.1; http://www.opensiteexplorer.org/dotbot, help@moz.com)"
185.191.171.7 - - [26/Jan/2021:20:53:09 +0100] "GET /accessories-c-3.html?page=36 HTTP/1.0" 200 88045 "-" "Mozilla/5.0 (compatible; SemrushBot/7~bl; +http://www.semrush.com/bot.html)"
216.244.66.242 - - [26/Jan/2021:20:53:10 +0100] "GET /cement-tile-stickers-15-15-cm-p-50334.html HTTP/1.0" 200 72779 "-" "Mozilla/5.0 (compatible; DotBot/1.1; http://www.opensiteexplorer.org/dotbot, help@moz.com)"
216.244.66.242 - - [26/Jan/2021:20:53:17 +0100] "GET /mercedes-benz-300-sl-p-27594.html HTTP/1.0" 200 71529 "-" "Mozilla/5.0 (compatible; DotBot/1.1; http://www.opensiteexplorer.org/dotbot, help@moz.com)"
216.244.66.242 - - [26/Jan/2021:20:53:24 +0100] "GET /iphone-silicone-black-shell-and-audiocassette-p-18936.html HTTP/1.0" 200 75322 "-" "Mozilla/5.0 (compatible; DotBot/1.1; http://www.opensiteexplorer.org/dotbot, help@moz.com)"
216.244.66.242 - - [26/Jan/2021:20:53:40 +0100] "GET /mat-for-bowls-chat-thon-p-46830.html HTTP/1.0" 200 71689 "-" "Mozilla/5.0 (compatible; DotBot/1.1; http://www.opensiteexplorer.org/dotbot, help@moz.com)"
216.244.66.242 - - [26/Jan/2021:20:53:44 +0100] "GET /set-of-paris-tea-towels-p-48625.html HTTP/1.0" 200 71848 "-" "Mozilla/5.0 (compatible; DotBot/1.1; http://www.opensiteexplorer.org/dotbot, help@moz.com)"
54.36.148.183 - - [26/Jan/2021:20:53:55 +0100] "GET /kimmi-junior-bella-coin-purse-p-8737.html HTTP/1.0" 200 72036 "-" "Mozilla/5.0 (compatible; AhrefsBot/7.0; +http://ahrefs.com/robot/)"
216.244.66.242 - - [26/Jan/2021:20:53:55 +0100] "GET /nightlight-shaped-bear-multicolor-led-p-42887.html HTTP/1.0" 200 71961 "-" "Mozilla/5.0 (compatible; DotBot/1.1; http://www.opensiteexplorer.org/dotbot, help@moz.com)"
216.244.66.242 - - [26/Jan/2021:20:54:14 +0100] "GET /little-cushion-uk-carlin-by-cbkreation-p-20739.html HTTP/1.0" 200 72192 "-" "Mozilla/5.0 (compatible; DotBot/1.1; http://www.opensiteexplorer.org/dotbot, help@moz.com)"
216.244.66.242 - - [26/Jan/2021:20:54:19 +0100] "GET /mini-metal-tray-paris-p-41052.html HTTP/1.0" 200 71912 "-" "Mozilla/5.0 (compatible; DotBot/1.1; http://www.opensiteexplorer.org/dotbot, help@moz.com)"
114.119.144.233 - - [26/Jan/2021:20:54:22 +0100] "GET /images/362981000158705072012.jpg HTTP/1.0" 200 267 "-" "Mozilla/5.0 (Linux; Android 7.0;) AppleWebKit/537.36 (KHTML, like Gecko) Mobile Safari/537.36 (compatible; PetalBot;+https://aspiegel.com/petalbot)"
216.244.66.242 - - [26/Jan/2021:20:54:22 +0100] "GET /the-marseillaise-expressions-white-women-tee-shirt-p-35575.html HTTP/1.0" 200 73991 "-" "Mozilla/5.0 (compatible; DotBot/1.1; http://www.opensiteexplorer.org/dotbot, help@moz.com)"
216.244.66.242 - - [26/Jan/2021:20:54:26 +0100] "GET /usa-lady-liberty-zippo-lighter-p-32566.html HTTP/1.0" 200 72389 "-" "Mozilla/5.0 (compatible; DotBot/1.1; http://www.opensiteexplorer.org/dotbot, help@moz.com)"
216.244.66.242 - - [26/Jan/2021:20:54:34 +0100] "GET /boys-power-mug-by-cbkreation-p-14990.html HTTP/1.0" 200 71868 "-" "Mozilla/5.0 (compatible; DotBot/1.1; http://www.opensiteexplorer.org/dotbot, help@moz.com)"
216.244.66.242 - - [26/Jan/2021:20:54:39 +0100] "GET /cold-beer-ottoman-storage-box-27-cm-p-40929.html HTTP/1.0" 200 72042 "-" "Mozilla/5.0 (compatible; DotBot/1.1; http://www.opensiteexplorer.org/dotbot, help@moz.com)"
216.244.66.242 - - [26/Jan/2021:20:54:43 +0100] "GET /dubout-cats-compact-double-mirror-p-37046.html HTTP/1.0" 200 73461 "-" "Mozilla/5.0 (compatible; DotBot/1.1; http://www.opensiteexplorer.org/dotbot, help@moz.com)"
216.244.66.242 - - [26/Jan/2021:20:54:46 +0100] "GET /dubout-cats-small-shoulder-bag-p-34471.html HTTP/1.0" 200 72030 "-" "Mozilla/5.0 (compatible; DotBot/1.1; http://www.opensiteexplorer.org/dotbot, help@moz.com)"
216.244.66.242 - - [26/Jan/2021:20:54:50 +0100] "GET /marseille-saltshaker-and-pepper-pot-p-22215.html HTTP/1.0" 200 71902 "-" "Mozilla/5.0 (compatible; DotBot/1.1; http://www.opensiteexplorer.org/dotbot, help@moz.com)"
216.244.66.242 - - [26/Jan/2021:20:54:53 +0100] "GET /metal-beer-bucket-p-44738.html HTTP/1.0" 200 71782 "-" "Mozilla/5.0 (compatible; DotBot/1.1; http://www.opensiteexplorer.org/dotbot, help@moz.com)"
216.244.66.242 - - [26/Jan/2021:20:54:55 +0100] "GET /paris-cotton-kitchen-towel-made-in-france-p-36627.html HTTP/1.0" 200 71999 "-" "Mozilla/5.0 (compatible; DotBot/1.1; http://www.opensiteexplorer.org/dotbot, help@moz.com)"
216.244.66.242 - - [26/Jan/2021:20:54:58 +0100] "GET /support-metal-bottle-the-guitarist-p-41012.html HTTP/1.0" 200 72000 "-" "Mozilla/5.0 (compatible; DotBot/1.1; http://www.opensiteexplorer.org/dotbot, help@moz.com)"
216.244.66.242 - - [26/Jan/2021:20:55:00 +0100] "GET /-p-17165.html HTTP/1.0" 200 69189 "-" "Mozilla/5.0 (compatible; DotBot/1.1; http://www.opensiteexplorer.org/dotbot, help@moz.com)"
216.244.66.242 - - [26/Jan/2021:20:55:02 +0100] "GET /-p-37296.html HTTP/1.0" 200 69189 "-" "Mozilla/5.0 (compatible; DotBot/1.1; http://www.opensiteexplorer.org/dotbot, help@moz.com)"
216.244.66.242 - - [26/Jan/2021:20:55:05 +0100] "GET /-p-39882.html HTTP/1.0" 200 69189 "-" "Mozilla/5.0 (compatible; DotBot/1.1; http://www.opensiteexplorer.org/dotbot, help@moz.com)"
216.244.66.242 - - [26/Jan/2021:20:55:07 +0100] "GET /bear-laissez-lucie-faire-soup-bowl-with-spoon-p-42241.html HTTP/1.0" 200 72008 "-" "Mozilla/5.0 (compatible; DotBot/1.1; http://www.opensiteexplorer.org/dotbot, help@moz.com)"
216.244.66.242 - - [26/Jan/2021:20:55:09 +0100] "GET /gorjuss-ladybird-saddle-bag-p-30848.html HTTP/1.0" 200 72030 "-" "Mozilla/5.0 (compatible; DotBot/1.1; http://www.opensiteexplorer.org/dotbot, help@moz.com)"
216.244.66.242 - - [26/Jan/2021:20:55:12 +0100] "GET /mirror-blue-combi-aged-and-dented-metal-50-45-cm-p-42125.html HTTP/1.0" 200 72079 "-" "Mozilla/5.0 (compatible; DotBot/1.1; http://www.opensiteexplorer.org/dotbot, help@moz.com)"
216.244.66.242 - - [26/Jan/2021:20:55:14 +0100] "GET /paul-frank-backpack-p-15109.html HTTP/1.0" 200 72686 "-" "Mozilla/5.0 (compatible; DotBot/1.1; http://www.opensiteexplorer.org/dotbot, help@moz.com)"
216.244.66.242 - - [26/Jan/2021:20:55:17 +0100] "GET /playboy-velvet-zippo-lighter-p-42880.html HTTP/1.0" 200 72371 "-" "Mozilla/5.0 (compatible; DotBot/1.1; http://www.opensiteexplorer.org/dotbot, help@moz.com)"
216.244.66.242 - - [26/Jan/2021:20:55:19 +0100] "GET /big-hero-little-backpack-p-30377.html HTTP/1.0" 200 69279 "-" "Mozilla/5.0 (compatible; DotBot/1.1; http://www.opensiteexplorer.org/dotbot, help@moz.com)"
13.66.139.136 - - [26/Jan/2021:20:55:22 +0100] "GET /jamaican-by-cbkreation-alarm-clock-p-25002.html HTTP/1.0" 200 71958 "-" "Mozilla/5.0 (compatible; bingbot/2.0; +http://www.bing.com/bingbot.htm)"
207.46.13.53 - - [26/Jan/2021:20:55:31 +0100] "GET /liberty-russian-doll-black-mug-by-cbkreation-p-18489.html HTTP/1.0" 200 71946 "-" "Mozilla/5.0 (compatible; bingbot/2.0; +http://www.bing.com/bingbot.htm)"
157.55.39.228 - - [26/Jan/2021:20:55:42 +0100] "GET /images/1399984246801.gif HTTP/1.0" 200 258 "-" "Mozilla/5.0 (compatible; bingbot/2.0; +http://www.bing.com/bingbot.htm)"
157.55.39.130 - - [26/Jan/2021:20:55:51 +0100] "GET /images/078257582280.jpg HTTP/1.0" 200 258 "-" "Mozilla/5.0 (Windows NT 6.1; WOW64) AppleWebKit/534+ (KHTML, like Gecko) BingPreview/1.0b"
157.55.39.153 - - [26/Jan/2021:20:57:45 +0100] "GET /images/3700276232651.jpg HTTP/1.0" 200 259 "-" "Mozilla/5.0 (Windows NT 6.1; WOW64) AppleWebKit/534+ (KHTML, like Gecko) BingPreview/1.0b"
54.36.148.87 - - [26/Jan/2021:20:58:06 +0100] "GET /stitch-flowers-collection-statuette-p-47670.html HTTP/1.0" 200 73603 "-" "Mozilla/5.0 (compatible; AhrefsBot/7.0; +http://ahrefs.com/robot/)"
51.68.224.127 - - [26/Jan/2021:20:58:07 +0100] "GET /adminweb/export_orders_xml.php?token=256de2z6edz6ed2z6DFSFsed2zed6zeDSFDSGdzedezfzf&maxorders=10&orderstart=1&status=14&start_date=2018-10-01 HTTP/1.0" 200 285 "-" "GesCom CharlotteBoutik Serveur"
51.68.224.127 - - [26/Jan/2021:20:58:07 +0100] "GET /adminweb/export_orders_xml.php?token=256de2z6edz6ed2z6DFSFsed2zed6zeDSFDSGdzedezfzf&maxorders=10&orderstart=1&status=6&start_date=2018-10-01 HTTP/1.0" 200 29990 "-" "GesCom CharlotteBoutik Serveur"
66.249.70.62 - - [26/Jan/2021:20:58:13 +0100] "GET /robots.txt HTTP/1.0" 200 245 "-" "Mozilla/5.0 (compatible; Googlebot/2.1; +http://www.google.com/bot.html)"
66.249.70.36 - - [26/Jan/2021:20:58:13 +0100] "GET /le-petit-prince-de-st-exupery-box-sets-of-cups-p-44601.html HTTP/1.0" 200 72118 "-" "Mozilla/5.0 (compatible; Googlebot/2.1; +http://www.google.com/bot.html)"
66.249.70.36 - - [26/Jan/2021:20:58:15 +0100] "GET /images/mini_prod/1384010192092.jpg HTTP/1.0" 200 269 "-" "Googlebot-Image/1.0"
114.119.150.15 - - [26/Jan/2021:20:58:39 +0100] "GET /pastis-glass-marseille-p-48513.html HTTP/1.0" 200 71817 "-" "Mozilla/5.0 (Linux; Android 7.0;) AppleWebKit/537.36 (KHTML, like Gecko) Mobile Safari/537.36 (compatible; PetalBot;+https://aspiegel.com/petalbot)"
157.55.39.228 - - [26/Jan/2021:20:59:05 +0100] "GET /images/3438100334539.jpg HTTP/1.0" 200 259 "-" "Mozilla/5.0 (compatible; bingbot/2.0; +http://www.bing.com/bingbot.htm)"
207.46.13.55 - - [26/Jan/2021:20:59:14 +0100] "GET /images/big_prod/5018997410936B.jpg HTTP/1.0" 200 269 "-" "Mozilla/5.0 (compatible; bingbot/2.0; +http://www.bing.com/bingbot.htm)"
207.46.13.55 - - [26/Jan/2021:21:02:05 +0100] "GET /coca-bottle-night-light-p-53132.html HTTP/1.0" 200 73116 "-" "Mozilla/5.0 (compatible; bingbot/2.0; +http://www.bing.com/bingbot.htm)"
54.36.149.38 - - [26/Jan/2021:21:02:21 +0100] "GET /lotus-candleholder-lilac-p-42873.html HTTP/1.0" 200 73250 "-" "Mozilla/5.0 (compatible; AhrefsBot/7.0; +http://ahrefs.com/robot/)"
82.24.8.121 - - [26/Jan/2021:21:02:43 +0100] "GET /fragrance-sachet-coconut-escape-p-40535.html HTTP/1.0" 200 72576 "-" "Mozilla/5.0 (Windows NT 10.0; Win64; x64) AppleWebKit/537.36 (KHTML, like Gecko) Chrome/87.0.4280.141 Safari/537.36"
114.119.130.202 - - [26/Jan/2021:21:02:58 +0100] "GET /humor-color-ashtray-p-47370.html HTTP/1.0" 301 69256 "-" "Mozilla/5.0 (Linux; Android 7.0;) AppleWebKit/537.36 (KHTML, like Gecko) Mobile Safari/537.36 (compatible; PetalBot;+https://aspiegel.com/petalbot)"
157.55.39.228 - - [26/Jan/2021:21:02:58 +0100] "GET /images/big_prod/3609810076280.jpg HTTP/1.0" 200 268 "-" "Mozilla/5.0 (compatible; bingbot/2.0; +http://www.bing.com/bingbot.htm)"
114.119.130.202 - - [26/Jan/2021:21:02:58 +0100] "GET /-p-47370.html HTTP/1.0" 200 69189 "-" "Mozilla/5.0 (Linux; Android 7.0;) AppleWebKit/537.36 (KHTML, like Gecko) Mobile Safari/537.36 (compatible; PetalBot;+https://aspiegel.com/petalbot)"
207.46.13.55 - - [26/Jan/2021:21:03:05 +0100] "GET /images/big_prod_2/b5018997612682.jpg HTTP/1.0" 200 271 "-" "Mozilla/5.0 (compatible; bingbot/2.0; +http://www.bing.com/bingbot.htm)"
13.66.139.5 - - [26/Jan/2021:21:03:34 +0100] "GET /teo-jasmin-orange-book-directory-p-30140.html HTTP/1.0" 200 71963 "-" "Mozilla/5.0 (compatible; bingbot/2.0; +http://www.bing.com/bingbot.htm)"
157.55.39.153 - - [26/Jan/2021:21:04:28 +0100] "GET /dragon-ball-m-23.html HTTP/1.0" 200 82718 "-" "Mozilla/5.0 (compatible; bingbot/2.0; +http://www.bing.com/bingbot.htm)"
157.55.39.153 - - [26/Jan/2021:21:04:29 +0100] "GET /images/big_prod/76000210FB.jpg HTTP/1.0" 200 265 "-" "Mozilla/5.0 (compatible; bingbot/2.0; +http://www.bing.com/bingbot.htm)"
157.55.39.153 - - [26/Jan/2021:21:04:30 +0100] "GET /images/big_prod/3453131145060BB.jpg HTTP/1.0" 200 270 "-" "Mozilla/5.0 (compatible; bingbot/2.0; +http://www.bing.com/bingbot.htm)"
13.66.139.2 - - [26/Jan/2021:21:05:25 +0100] "GET /hello-kitty-chalkboard-giant-wall-sticker-p-3804.html HTTP/1.0" 301 69253 "-" "Mozilla/5.0 (compatible; bingbot/2.0; +http://www.bing.com/bingbot.htm)"
13.66.139.2 - - [26/Jan/2021:21:05:26 +0100] "GET /-p-12831.html HTTP/1.0" 200 69189 "-" "Mozilla/5.0 (compatible; bingbot/2.0; +http://www.bing.com/bingbot.htm)"
13.66.139.2 - - [26/Jan/2021:21:05:26 +0100] "GET /hello-kitty-led-night-p-11931.html HTTP/1.0" 301 69256 "-" "Mozilla/5.0 (compatible; bingbot/2.0; +http://www.bing.com/bingbot.htm)"
13.66.139.2 - - [26/Jan/2021:21:05:27 +0100] "GET /star-wars-kylo-ren-and-captain-phasma-suitcase-58-cm-p-35547.html HTTP/1.0" 301 69256 "-" "Mozilla/5.0 (compatible; bingbot/2.0; +http://www.bing.com/bingbot.htm)"
13.66.139.2 - - [26/Jan/2021:21:05:28 +0100] "GET /-p-16587.html HTTP/1.0" 200 69189 "-" "Mozilla/5.0 (compatible; bingbot/2.0; +http://www.bing.com/bingbot.htm)"
13.66.139.2 - - [26/Jan/2021:21:05:29 +0100] "GET /top-model-personal-diary-p-29697.html HTTP/1.0" 200 69300 "-" "Mozilla/5.0 (compatible; bingbot/2.0; +http://www.bing.com/bingbot.htm)"
13.66.139.2 - - [26/Jan/2021:21:05:30 +0100] "GET /-p-18153.html HTTP/1.0" 200 69189 "-" "Mozilla/5.0 (compatible; bingbot/2.0; +http://www.bing.com/bingbot.htm)"
13.66.139.2 - - [26/Jan/2021:21:05:31 +0100] "GET /-p-19489.html HTTP/1.0" 200 69189 "-" "Mozilla/5.0 (compatible; bingbot/2.0; +http://www.bing.com/bingbot.htm)"
207.46.13.53 - - [26/Jan/2021:21:05:32 +0100] "GET /images/big_prod/3609810096172.jpg HTTP/1.0" 200 268 "-" "Mozilla/5.0 (compatible; bingbot/2.0; +http://www.bing.com/bingbot.htm)"
13.66.139.136 - - [26/Jan/2021:21:05:37 +0100] "GET /-p-22216.html HTTP/1.0" 200 69189 "-" "Mozilla/5.0 (compatible; bingbot/2.0; +http://www.bing.com/bingbot.htm)"
13.66.139.136 - - [26/Jan/2021:21:05:38 +0100] "GET /-p-15989.html HTTP/1.0" 200 69189 "-" "Mozilla/5.0 (compatible; bingbot/2.0; +http://www.bing.com/bingbot.htm)"
13.66.139.136 - - [26/Jan/2021:21:05:38 +0100] "GET /triskel-wooden-decoration-clip-p-46490.html HTTP/1.0" 200 69299 "-" "Mozilla/5.0 (compatible; bingbot/2.0; +http://www.bing.com/bingbot.htm)"
13.66.139.136 - - [26/Jan/2021:21:05:39 +0100] "GET /-p-3063.html HTTP/1.0" 200 69187 "-" "Mozilla/5.0 (compatible; bingbot/2.0; +http://www.bing.com/bingbot.htm)"
13.66.139.136 - - [26/Jan/2021:21:05:40 +0100] "GET /-p-38379.html HTTP/1.0" 200 69189 "-" "Mozilla/5.0 (compatible; bingbot/2.0; +http://www.bing.com/bingbot.htm)"
13.66.139.136 - - [26/Jan/2021:21:05:41 +0100] "GET /the-funny-little-bugs-charlie-chick-figure-p-7318.html HTTP/1.0" 200 69388 "-" "Mozilla/5.0 (compatible; bingbot/2.0; +http://www.bing.com/bingbot.htm)"
13.66.139.136 - - [26/Jan/2021:21:05:42 +0100] "GET /-p-32671.html HTTP/1.0" 200 69189 "-" "Mozilla/5.0 (compatible; bingbot/2.0; +http://www.bing.com/bingbot.htm)"
13.66.139.136 - - [26/Jan/2021:21:05:43 +0100] "GET /tweety-graffiti-shopping-bag-p-9177.html HTTP/1.0" 200 69318 "-" "Mozilla/5.0 (compatible; bingbot/2.0; +http://www.bing.com/bingbot.htm)"
13.66.139.136 - - [26/Jan/2021:21:05:43 +0100] "GET /fuel-pump-clock-p-38093.html HTTP/1.0" 200 69255 "-" "Mozilla/5.0 (compatible; bingbot/2.0; +http://www.bing.com/bingbot.htm)"
13.66.139.136 - - [26/Jan/2021:21:05:44 +0100] "GET /polar-blanket-brown-180-220-cm-p-39681.html HTTP/1.0" 301 69256 "-" "Mozilla/5.0 (compatible; bingbot/2.0; +http://www.bing.com/bingbot.htm)"
13.66.139.139 - - [26/Jan/2021:21:05:47 +0100] "GET /humor-color-ashtray-p-38313.html HTTP/1.0" 301 69256 "-" "Mozilla/5.0 (compatible; bingbot/2.0; +http://www.bing.com/bingbot.htm)"
13.66.139.139 - - [26/Jan/2021:21:05:48 +0100] "GET /-p-17675.html HTTP/1.0" 200 69189 "-" "Mozilla/5.0 (compatible; bingbot/2.0; +http://www.bing.com/bingbot.htm)"
13.66.139.139 - - [26/Jan/2021:21:05:49 +0100] "GET /-p-18849.html HTTP/1.0" 200 69189 "-" "Mozilla/5.0 (compatible; bingbot/2.0; +http://www.bing.com/bingbot.htm)"
13.66.139.139 - - [26/Jan/2021:21:05:50 +0100] "GET /pucca-velvet-cushion-p-22175.html HTTP/1.0" 301 69256 "-" "Mozilla/5.0 (compatible; bingbot/2.0; +http://www.bing.com/bingbot.htm)"
13.66.139.139 - - [26/Jan/2021:21:05:51 +0100] "GET /avengers-marvel-lunch-box-and-bottle-p-35777.html HTTP/1.0" 200 69360 "-" "Mozilla/5.0 (compatible; bingbot/2.0; +http://www.bing.com/bingbot.htm)"
13.66.139.139 - - [26/Jan/2021:21:05:51 +0100] "GET /-p-12106.html HTTP/1.0" 200 69189 "-" "Mozilla/5.0 (compatible; bingbot/2.0; +http://www.bing.com/bingbot.htm)"
13.66.139.139 - - [26/Jan/2021:21:05:52 +0100] "GET /-p-15705.html HTTP/1.0" 200 69189 "-" "Mozilla/5.0 (compatible; bingbot/2.0; +http://www.bing.com/bingbot.htm)"
13.66.139.139 - - [26/Jan/2021:21:05:53 +0100] "GET /daffy-duck-figure-p-3620.html HTTP/1.0" 200 69245 "-" "Mozilla/5.0 (compatible; bingbot/2.0; +http://www.bing.com/bingbot.htm)"
13.66.139.139 - - [26/Jan/2021:21:05:54 +0100] "GET /-p-2742.html HTTP/1.0" 200 69187 "-" "Mozilla/5.0 (compatible; bingbot/2.0; +http://www.bing.com/bingbot.htm)"
13.66.139.139 - - [26/Jan/2021:21:05:55 +0100] "GET /frozen-vertical-bag-p-29766.html HTTP/1.0" 200 69255 "-" "Mozilla/5.0 (compatible; bingbot/2.0; +http://www.bing.com/bingbot.htm)"
157.55.39.130 - - [26/Jan/2021:21:05:57 +0100] "GET /highslide/highslide.js HTTP/1.0" 200 262 "-" "Mozilla/5.0 (compatible; bingbot/2.0; +http://www.bing.com/bingbot.htm)"
157.55.39.130 - - [26/Jan/2021:21:05:58 +0100] "GET /images/3438100321317.jpg HTTP/1.0" 200 259 "-" "Mozilla/5.0 (compatible; bingbot/2.0; +http://www.bing.com/bingbot.htm)"
157.55.39.130 - - [26/Jan/2021:21:05:58 +0100] "GET /images/big_prod/8718317653148.jpg HTTP/1.0" 200 268 "-" "Mozilla/5.0 (compatible; bingbot/2.0; +http://www.bing.com/bingbot.htm)"
157.55.39.130 - - [26/Jan/2021:21:05:59 +0100] "GET /images/big_prod/8719497614325.jpg HTTP/1.0" 200 268 "-" "Mozilla/5.0 (compatible; bingbot/2.0; +http://www.bing.com/bingbot.htm)"
157.55.39.130 - - [26/Jan/2021:21:05:59 +0100] "GET /images/big_prod/1300000022453.jpg HTTP/1.0" 200 268 "-" "Mozilla/5.0 (compatible; bingbot/2.0; +http://www.bing.com/bingbot.htm)"
207.46.13.53 - - [26/Jan/2021:21:06:04 +0100] "GET /mondial_relay/js/jquery-1.3.2.min.js HTTP/1.0" 200 276 "-" "Mozilla/5.0 (compatible; bingbot/2.0; +http://www.bing.com/bingbot.htm)"
207.46.13.53 - - [26/Jan/2021:21:06:04 +0100] "GET /mondial_relay/js/jquery-1.3.2.min.js HTTP/1.0" 200 276 "-" "Mozilla/5.0 (compatible; bingbot/2.0; +http://www.bing.com/bingbot.htm)"
157.55.39.130 - - [26/Jan/2021:21:06:10 +0100] "GET /images/Image91.jpg HTTP/1.0" 200 253 "-" "Mozilla/5.0 (compatible; bingbot/2.0; +http://www.bing.com/bingbot.htm)"
157.55.39.130 - - [26/Jan/2021:21:06:11 +0100] "GET /highslide/highslide.js HTTP/1.0" 200 262 "-" "Mozilla/5.0 (compatible; bingbot/2.0; +http://www.bing.com/bingbot.htm)"
157.55.39.130 - - [26/Jan/2021:21:06:11 +0100] "GET /images/big_prod/8487012480242.jpg HTTP/1.0" 200 268 "-" "Mozilla/5.0 (compatible; bingbot/2.0; +http://www.bing.com/bingbot.htm)"
54.36.149.94 - - [26/Jan/2021:21:06:54 +0100] "GET /new-york-yankees-navy-bowling-bag-p-11594.html HTTP/1.0" 200 72267 "-" "Mozilla/5.0 (compatible; AhrefsBot/7.0; +http://ahrefs.com/robot/)"
114.119.129.36 - - [26/Jan/2021:21:07:19 +0100] "GET /images/mini_prod/8422002209434.jpg HTTP/1.0" 200 269 "-" "Mozilla/5.0 (Linux; Android 7.0;) AppleWebKit/537.36 (KHTML, like Gecko) Mobile Safari/537.36 (compatible; PetalBot;+https://aspiegel.com/petalbot)"
157.55.39.6 - - [26/Jan/2021:21:08:01 +0100] "GET /robots.txt HTTP/1.0" 301 531 "-" "Mozilla/5.0 (compatible; bingbot/2.0; +http://www.bing.com/bingbot.htm)"
157.55.39.6 - - [26/Jan/2021:21:08:06 +0100] "GET /robots.txt HTTP/1.0" 200 245 "-" "Mozilla/5.0 (compatible; bingbot/2.0; +http://www.bing.com/bingbot.htm)"
207.46.13.53 - - [26/Jan/2021:21:08:17 +0100] "GET /images/big_prod/5018997616239.jpg HTTP/1.0" 200 268 "-" "Mozilla/5.0 (compatible; bingbot/2.0; +http://www.bing.com/bingbot.htm)"
13.66.139.5 - - [26/Jan/2021:21:09:24 +0100] "GET /cars-m-14.html?page=2 HTTP/1.0" 200 89941 "-" "Mozilla/5.0 (compatible; bingbot/2.0; +http://www.bing.com/bingbot.htm)"
13.66.139.136 - - [26/Jan/2021:21:10:13 +0100] "GET /new-york-gotham-cushion-p-28720.html HTTP/1.0" 200 71982 "-" "Mozilla/5.0 (compatible; bingbot/2.0; +http://www.bing.com/bingbot.htm)"
13.66.139.136 - - [26/Jan/2021:21:10:14 +0100] "GET /strawberry-shortcake-tights-model-p-34656.html HTTP/1.0" 200 73055 "-" "Mozilla/5.0 (compatible; bingbot/2.0; +http://www.bing.com/bingbot.htm)"
13.66.139.136 - - [26/Jan/2021:21:10:15 +0100] "GET /peace-and-love-by-romero-britto-small-notebook-p-32419.html HTTP/1.0" 200 72064 "-" "Mozilla/5.0 (compatible; bingbot/2.0; +http://www.bing.com/bingbot.htm)"
13.66.139.136 - - [26/Jan/2021:21:10:16 +0100] "GET /teo-jasmin-companion-portfolio-america-white-p-38696.html HTTP/1.0" 200 73233 "-" "Mozilla/5.0 (compatible; bingbot/2.0; +http://www.bing.com/bingbot.htm)"
13.66.139.136 - - [26/Jan/2021:21:10:17 +0100] "GET /cherry-oven-mitt-p-37467.html HTTP/1.0" 200 71813 "-" "Mozilla/5.0 (compatible; bingbot/2.0; +http://www.bing.com/bingbot.htm)"
13.66.139.136 - - [26/Jan/2021:21:10:18 +0100] "GET /industrial-pouf-storage-box-medium-size-30-cm-only-p-48581.html HTTP/1.0" 200 72827 "-" "Mozilla/5.0 (compatible; bingbot/2.0; +http://www.bing.com/bingbot.htm)"
13.66.139.136 - - [26/Jan/2021:21:10:19 +0100] "GET /zen-canvas-frame-p-38318.html HTTP/1.0" 200 71842 "-" "Mozilla/5.0 (compatible; bingbot/2.0; +http://www.bing.com/bingbot.htm)"
13.66.139.136 - - [26/Jan/2021:21:10:19 +0100] "GET /teo-jasmin-marley-jamaica-chandelier-p-35767.html HTTP/1.0" 200 72125 "-" "Mozilla/5.0 (compatible; bingbot/2.0; +http://www.bing.com/bingbot.htm)"
13.66.139.136 - - [26/Jan/2021:21:10:20 +0100] "GET /gund-plush-chocolate-rabbit-wispers-25-cm-p-21364.html HTTP/1.0" 200 76808 "-" "Mozilla/5.0 (compatible; bingbot/2.0; +http://www.bing.com/bingbot.htm)"
13.66.139.5 - - [26/Jan/2021:21:10:21 +0100] "GET /mickey-mouse-large-backpack-p-25090.html HTTP/1.0" 200 72193 "-" "Mozilla/5.0 (compatible; bingbot/2.0; +http://www.bing.com/bingbot.htm)"
13.66.139.5 - - [26/Jan/2021:21:10:22 +0100] "GET /new-york-gotham-cushion-p-28721.html HTTP/1.0" 200 71982 "-" "Mozilla/5.0 (compatible; bingbot/2.0; +http://www.bing.com/bingbot.htm)"
13.66.139.5 - - [26/Jan/2021:21:10:23 +0100] "GET /purple-lama-piggy-bank-p-47725.html HTTP/1.0" 200 72445 "-" "Mozilla/5.0 (compatible; bingbot/2.0; +http://www.bing.com/bingbot.htm)"
13.66.139.5 - - [26/Jan/2021:21:10:24 +0100] "GET /spain-rectangular-cushion-by-cbkreation-p-16243.html HTTP/1.0" 200 72184 "-" "Mozilla/5.0 (compatible; bingbot/2.0; +http://www.bing.com/bingbot.htm)"
13.66.139.5 - - [26/Jan/2021:21:10:25 +0100] "GET /loovy-ground-sheet-45-75-cm-p-39032.html HTTP/1.0" 301 69256 "-" "Mozilla/5.0 (compatible; bingbot/2.0; +http://www.bing.com/bingbot.htm)"
66.249.70.33 - - [26/Jan/2021:21:10:26 +0100] "GET /cats-by-dubout-figurine-escape-plan-p-32703.html HTTP/1.0" 200 72339 "-" "Mozilla/5.0 (Linux; Android 6.0.1; Nexus 5X Build/MMB29P) AppleWebKit/537.36 (KHTML, like Gecko) Chrome/88.0.4324.113 Mobile Safari/537.36 (compatible; Googlebot/2.1; +http://www.google.com/bot.html)"
66.249.70.36 - - [26/Jan/2021:21:10:27 +0100] "GET /swfobject.js HTTP/1.0" 404 1308 "http://www.wonder-geek.com/bea-chair-cushion-lin-color-38-cm-p-49318.html" "Mozilla/5.0 (Linux; Android 6.0.1; Nexus 5X Build/MMB29P) AppleWebKit/537.36 (KHTML, like Gecko) Chrome/87.0.4280.90 Mobile Safari/537.36 (compatible; Googlebot/2.1; +http://www.google.com/bot.html)"
66.249.70.36 - - [26/Jan/2021:21:10:27 +0100] "GET /swfobject.js HTTP/1.0" 404 1308 "http://www.wonder-geek.com/bea-chair-cushion-lin-color-38-cm-p-49318.html" "Mozilla/5.0 (Linux; Android 6.0.1; Nexus 5X Build/MMB29P) AppleWebKit/537.36 (KHTML, like Gecko) Chrome/87.0.4280.90 Mobile Safari/537.36 (compatible; Googlebot/2.1; +http://www.google.com/bot.html)"
13.66.139.5 - - [26/Jan/2021:21:10:26 +0100] "GET /bob-marley-pencil-pot-p-5063.html HTTP/1.0" 200 71788 "-" "Mozilla/5.0 (compatible; bingbot/2.0; +http://www.bing.com/bingbot.htm)"
13.66.139.5 - - [26/Jan/2021:21:10:28 +0100] "GET /retro-small-steel-fridge-magnets-p-31629.html HTTP/1.0" 200 72009 "-" "Mozilla/5.0 (compatible; bingbot/2.0; +http://www.bing.com/bingbot.htm)"
13.66.139.5 - - [26/Jan/2021:21:10:29 +0100] "GET /usa-new-yorks-colors-bedclothes-220-cm-p-30610.html HTTP/1.0" 301 69256 "-" "Mozilla/5.0 (compatible; bingbot/2.0; +http://www.bing.com/bingbot.htm)"
13.66.139.5 - - [26/Jan/2021:21:10:30 +0100] "GET /ceramic-salt-box-with-spoon-nautilus-p-47868.html HTTP/1.0" 301 69256 "-" "Mozilla/5.0 (compatible; bingbot/2.0; +http://www.bing.com/bingbot.htm)"
13.66.139.5 - - [26/Jan/2021:21:10:31 +0100] "GET /disney-princess-table-p-12245.html HTTP/1.0" 200 71996 "-" "Mozilla/5.0 (compatible; bingbot/2.0; +http://www.bing.com/bingbot.htm)"
13.66.139.139 - - [26/Jan/2021:21:10:31 +0100] "GET /mickael-want-back-shirt-p-29537.html HTTP/1.0" 200 73290 "-" "Mozilla/5.0 (compatible; bingbot/2.0; +http://www.bing.com/bingbot.htm)"
13.66.139.139 - - [26/Jan/2021:21:10:33 +0100] "GET /coffee-box-retro-metal-wood-pattern-p-38825.html HTTP/1.0" 301 69256 "-" "Mozilla/5.0 (compatible; bingbot/2.0; +http://www.bing.com/bingbot.htm)"
13.66.139.139 - - [26/Jan/2021:21:10:34 +0100] "GET /cow-small-piggy-bank-p-29053.html HTTP/1.0" 200 71803 "-" "Mozilla/5.0 (compatible; bingbot/2.0; +http://www.bing.com/bingbot.htm)"
13.66.139.139 - - [26/Jan/2021:21:10:35 +0100] "GET /barbabeau-postcard-p-19475.html HTTP/1.0" 200 71898 "-" "Mozilla/5.0 (compatible; bingbot/2.0; +http://www.bing.com/bingbot.htm)"
13.66.139.139 - - [26/Jan/2021:21:10:36 +0100] "GET /support-metal-bottle-bar-p-47885.html HTTP/1.0" 200 71875 "-" "Mozilla/5.0 (compatible; bingbot/2.0; +http://www.bing.com/bingbot.htm)"
13.66.139.139 - - [26/Jan/2021:21:10:37 +0100] "GET /cupcakes-cushion-personalized-picture-p-16981.html HTTP/1.0" 200 72409 "-" "Mozilla/5.0 (compatible; bingbot/2.0; +http://www.bing.com/bingbot.htm)"
13.66.139.139 - - [26/Jan/2021:21:10:38 +0100] "GET /disney-princess-placemat-p-22494.html HTTP/1.0" 200 71895 "-" "Mozilla/5.0 (compatible; bingbot/2.0; +http://www.bing.com/bingbot.htm)"
13.66.139.139 - - [26/Jan/2021:21:10:39 +0100] "GET /cars-blue-pencil-case-p-19645.html HTTP/1.0" 200 72007 "-" "Mozilla/5.0 (compatible; bingbot/2.0; +http://www.bing.com/bingbot.htm)"
13.66.139.139 - - [26/Jan/2021:21:10:39 +0100] "GET /kimmidoll-airi-canvas-wallet-p-31939.html HTTP/1.0" 200 71978 "-" "Mozilla/5.0 (compatible; bingbot/2.0; +http://www.bing.com/bingbot.htm)"
13.66.139.139 - - [26/Jan/2021:21:10:40 +0100] "GET /julie-bedclothes-140-200-cm-p-51606.html HTTP/1.0" 301 69256 "-" "Mozilla/5.0 (compatible; bingbot/2.0; +http://www.bing.com/bingbot.htm)"
157.55.39.149 - - [26/Jan/2021:21:10:41 +0100] "GET /cotton-floor-cushion-45-cm-p-51756.html HTTP/1.0" 200 72657 "-" "Mozilla/5.0 (compatible; bingbot/2.0; +http://www.bing.com/bingbot.htm)"
66.249.70.33 - - [26/Jan/2021:21:10:52 +0100] "GET /chakra-banner-100-100-cm-p-47234.html HTTP/1.0" 200 72015 "-" "Mozilla/5.0 (Linux; Android 6.0.1; Nexus 5X Build/MMB29P) AppleWebKit/537.36 (KHTML, like Gecko) Chrome/88.0.4324.113 Mobile Safari/537.36 (compatible; Googlebot/2.1; +http://www.google.com/bot.html)"
207.46.13.55 - - [26/Jan/2021:21:10:52 +0100] "GET /retro-small-steel-fridge-magnets-p-31629.html HTTP/1.0" 200 72009 "-" "Mozilla/5.0 (compatible; bingbot/2.0; +http://www.bing.com/bingbot.htm)"
54.36.148.87 - - [26/Jan/2021:21:10:55 +0100] "GET /mojito-cutting-board-p-42917.html HTTP/1.0" 200 71817 "-" "Mozilla/5.0 (compatible; AhrefsBot/7.0; +http://ahrefs.com/robot/)"
114.119.145.117 - - [26/Jan/2021:21:11:38 +0100] "GET /images/big_prod_1/8433933148945N.jpg HTTP/1.0" 200 271 "-" "Mozilla/5.0 (Linux; Android 7.0;) AppleWebKit/537.36 (KHTML, like Gecko) Mobile Safari/537.36 (compatible; PetalBot;+https://aspiegel.com/petalbot)"
207.46.13.55 - - [26/Jan/2021:21:11:47 +0100] "GET /images/big_prod/5018997410936B.jpg HTTP/1.0" 200 269 "-" "Mozilla/5.0 (compatible; bingbot/2.0; +http://www.bing.com/bingbot.htm)"
54.36.149.49 - - [26/Jan/2021:21:12:24 +0100] "GET /blue-piggy-bank-p-35459.html HTTP/1.0" 301 69256 "-" "Mozilla/5.0 (compatible; AhrefsBot/7.0; +http://ahrefs.com/robot/)"
66.249.70.33 - - [26/Jan/2021:21:12:44 +0100] "GET /cats-by-dubout-figurine-playtime-p-32705.html HTTP/1.0" 200 72323 "-" "Mozilla/5.0 (Linux; Android 6.0.1; Nexus 5X Build/MMB29P) AppleWebKit/537.36 (KHTML, like Gecko) Chrome/88.0.4324.113 Mobile Safari/537.36 (compatible; Googlebot/2.1; +http://www.google.com/bot.html)"
74.125.209.52 - - [26/Jan/2021:21:12:57 +0100] "GET /images/big_prod_1/5027148011052.jpg HTTP/1.0" 200 270 "-" "Mozilla/5.0 (Windows NT 5.1; rv:11.0) Gecko Firefox/11.0 (via ggpht.com GoogleImageProxy)"
74.125.209.52 - - [26/Jan/2021:21:13:14 +0100] "GET /images/big_prod/9316188073325.jpg HTTP/1.0" 200 268 "-" "Mozilla/5.0 (Windows NT 5.1; rv:11.0) Gecko Firefox/11.0 (via ggpht.com GoogleImageProxy)"
13.66.139.5 - - [26/Jan/2021:21:13:29 +0100] "GET /teo-jasmin-make-up-pouch-teo-koala-grey-p-38838.html HTTP/1.0" 200 69330 "-" "Mozilla/5.0 (compatible; bingbot/2.0; +http://www.bing.com/bingbot.htm)"
207.46.13.53 - - [26/Jan/2021:21:13:40 +0100] "GET /images/big_prod/1399986100009.jpg HTTP/1.0" 200 268 "-" "Mozilla/5.0 (compatible; bingbot/2.0; +http://www.bing.com/bingbot.htm)"
51.68.224.127 - - [26/Jan/2021:21:13:58 +0100] "GET /adminweb/export_orders_xml.php?token=256de2z6edz6ed2z6DFSFsed2zed6zeDSFDSGdzedezfzf&maxorders=10&orderstart=1&status=14&start_date=2018-10-01 HTTP/1.0" 200 285 "-" "GesCom CharlotteBoutik Serveur"
51.68.224.127 - - [26/Jan/2021:21:13:58 +0100] "GET /adminweb/export_orders_xml.php?token=256de2z6edz6ed2z6DFSFsed2zed6zeDSFDSGdzedezfzf&maxorders=10&orderstart=1&status=6&start_date=2018-10-01 HTTP/1.0" 200 29990 "-" "GesCom CharlotteBoutik Serveur"
