216.18.204.215 - - [26/Jan/2021:23:07:36 +0100] "GET /educational-watch-for-children-dragonfly-p-51722.html HTTP/1.0" 200 73478 "http://www.wonder-geek.com/" "Mozilla/5.0 (compatible; Adsbot/3.1)"
216.244.66.242 - - [26/Jan/2021:23:07:38 +0100] "GET /liquid-soap-made-in-france-cherry-p-39454.html HTTP/1.0" 200 72195 "-" "Mozilla/5.0 (compatible; DotBot/1.1; http://www.opensiteexplorer.org/dotbot, help@moz.com)"
216.244.66.242 - - [26/Jan/2021:23:07:40 +0100] "GET /you-miss-me-bedclothes-240-220-cm-p-39154.html HTTP/1.0" 200 71959 "-" "Mozilla/5.0 (compatible; DotBot/1.1; http://www.opensiteexplorer.org/dotbot, help@moz.com)"
207.46.13.53 - - [26/Jan/2021:23:07:53 +0100] "GET /white-lama-piggy-bank-p-47723.html HTTP/1.0" 200 71839 "-" "Mozilla/5.0 (compatible; bingbot/2.0; +http://www.bing.com/bingbot.htm)"
216.18.204.215 - - [26/Jan/2021:23:08:04 +0100] "GET /ethnic-tray-in-natural-bamboo-cane-35-cm-p-44987.html HTTP/1.0" 200 72053 "http://www.wonder-geek.com/" "Mozilla/5.0 (compatible; Adsbot/3.1)"
157.55.39.149 - - [26/Jan/2021:23:08:07 +0100] "GET /images/big_prod/3665269031317.jpg HTTP/1.0" 200 268 "-" "Mozilla/5.0 (compatible; bingbot/2.0; +http://www.bing.com/bingbot.htm)"
216.244.66.242 - - [26/Jan/2021:23:08:13 +0100] "GET /white-babouchka-table-lamp-p-32215.html HTTP/1.0" 200 69283 "-" "Mozilla/5.0 (compatible; DotBot/1.1; http://www.opensiteexplorer.org/dotbot, help@moz.com)"
216.18.204.215 - - [26/Jan/2021:23:08:44 +0100] "GET /italian-dolce-vita-black-women-tee-shirt-p-30958.html HTTP/1.0" 200 73919 "http://www.wonder-geek.com/" "Mozilla/5.0 (compatible; Adsbot/3.1)"
54.36.148.87 - - [26/Jan/2021:23:09:02 +0100] "GET /tour-of-selenite-10-cm-p-44269.html HTTP/1.0" 200 72474 "-" "Mozilla/5.0 (compatible; AhrefsBot/7.0; +http://ahrefs.com/robot/)"
216.18.204.215 - - [26/Jan/2021:23:09:14 +0100] "GET /kimmidoll-nami-phone-cover-for-iphone-or-p-18006.html HTTP/1.0" 200 72301 "http://www.wonder-geek.com/" "Mozilla/5.0 (compatible; Adsbot/3.1)"
216.18.204.215 - - [26/Jan/2021:23:09:43 +0100] "GET /tout-travail-merite-sa-biere-adult-apron-p-53177.html HTTP/1.0" 200 71880 "http://www.wonder-geek.com/" "Mozilla/5.0 (compatible; Adsbot/3.1)"
216.18.204.215 - - [26/Jan/2021:23:10:15 +0100] "GET /american-dream-phone-cover-for-iphone-and-p-14166.html HTTP/1.0" 200 72564 "http://www.wonder-geek.com/" "Mozilla/5.0 (compatible; Adsbot/3.1)"
216.18.204.215 - - [26/Jan/2021:23:11:01 +0100] "GET /bowl-kissing-berry-inside-made-in-germany-p-48478.html HTTP/1.0" 200 73111 "http://www.wonder-geek.com/" "Mozilla/5.0 (compatible; Adsbot/3.1)"
207.46.13.53 - - [26/Jan/2021:23:11:14 +0100] "GET /images/med_prod/8435306269783.jpg HTTP/1.0" 200 268 "-" "Mozilla/5.0 (compatible; bingbot/2.0; +http://www.bing.com/bingbot.htm)"
216.18.204.215 - - [26/Jan/2021:23:11:36 +0100] "GET /cushion-for-cat-or-small-dog-nid-douillet-p-49533.html HTTP/1.0" 200 72522 "http://www.wonder-geek.com/" "Mozilla/5.0 (compatible; Adsbot/3.1)"
207.46.13.37 - - [26/Jan/2021:23:11:50 +0100] "GET /images/big_prod_1/b3608860071832.jpg HTTP/1.0" 200 271 "-" "Mozilla/5.0 (compatible; bingbot/2.0; +http://www.bing.com/bingbot.htm)"
207.46.13.37 - - [26/Jan/2021:23:11:51 +0100] "GET /kimmidoll-pen-yumi-p-49825.html HTTP/1.0" 200 71866 "-" "Mozilla/5.0 (compatible; bingbot/2.0; +http://www.bing.com/bingbot.htm)"
216.18.204.215 - - [26/Jan/2021:23:11:54 +0100] "GET /elastic-bracelet-hematite-and-rose-quartz-p-48646.html HTTP/1.0" 200 72319 "http://www.wonder-geek.com/" "Mozilla/5.0 (compatible; Adsbot/3.1)"
216.18.204.215 - - [26/Jan/2021:23:12:05 +0100] "GET /fish-fishing-rod-clock-in-weathered-metal-p-45727.html HTTP/1.0" 200 71950 "http://www.wonder-geek.com/" "Mozilla/5.0 (compatible; Adsbot/3.1)"
216.18.204.215 - - [26/Jan/2021:23:12:24 +0100] "GET /frida-khalo-round-presentation-dish-model-p-49541.html HTTP/1.0" 200 72102 "http://www.wonder-geek.com/" "Mozilla/5.0 (compatible; Adsbot/3.1)"
216.18.204.215 - - [26/Jan/2021:23:12:55 +0100] "GET /frida-khalo-round-presentation-dish-model-p-49544.html HTTP/1.0" 200 72102 "http://www.wonder-geek.com/" "Mozilla/5.0 (compatible; Adsbot/3.1)"
13.66.139.136 - - [26/Jan/2021:23:12:59 +0100] "GET /-p-16052.html HTTP/1.0" 200 69189 "-" "Mozilla/5.0 (compatible; bingbot/2.0; +http://www.bing.com/bingbot.htm)"
216.18.204.215 - - [26/Jan/2021:23:13:26 +0100] "GET /frida-khalo-round-presentation-dish-model-p-49547.html HTTP/1.0" 200 72113 "http://www.wonder-geek.com/" "Mozilla/5.0 (compatible; Adsbot/3.1)"
54.36.148.200 - - [26/Jan/2021:23:13:27 +0100] "GET /kitchen-towel-holder-hooks-p-52710.html HTTP/1.0" 200 72476 "-" "Mozilla/5.0 (compatible; AhrefsBot/7.0; +http://ahrefs.com/robot/)"
34.75.169.236 - - [26/Jan/2021:23:14:02 +0100] "GET /dishes-and-pie-dishes-c-12_251.html HTTP/1.0" 200 88734 "-" "ZoominfoBot (zoominfobot at zoominfo dot com)"
216.18.204.215 - - [26/Jan/2021:23:14:08 +0100] "GET /indian-fancy-bracelet-finish-golden-color-p-43740.html HTTP/1.0" 200 71935 "http://www.wonder-geek.com/" "Mozilla/5.0 (compatible; Adsbot/3.1)"
34.75.169.236 - - [26/Jan/2021:23:14:22 +0100] "GET /butter-dish-c-12_222.html HTTP/1.0" 200 81870 "-" "ZoominfoBot (zoominfobot at zoominfo dot com)"
216.18.204.215 - - [26/Jan/2021:23:14:39 +0100] "GET /indian-fancy-bracelet-finish-golden-color-p-43741.html HTTP/1.0" 200 71935 "http://www.wonder-geek.com/" "Mozilla/5.0 (compatible; Adsbot/3.1)"
216.18.204.215 - - [26/Jan/2021:23:14:54 +0100] "GET /indian-fancy-bracelet-finish-golden-color-p-43743.html HTTP/1.0" 200 71935 "http://www.wonder-geek.com/" "Mozilla/5.0 (compatible; Adsbot/3.1)"
216.18.204.215 - - [26/Jan/2021:23:15:35 +0100] "GET /indian-fancy-bracelet-finish-golden-color-p-43744.html HTTP/1.0" 200 71935 "http://www.wonder-geek.com/" "Mozilla/5.0 (compatible; Adsbot/3.1)"
216.18.204.215 - - [26/Jan/2021:23:16:00 +0100] "GET /indian-fancy-bracelet-finish-golden-color-p-43745.html HTTP/1.0" 200 71935 "http://www.wonder-geek.com/" "Mozilla/5.0 (compatible; Adsbot/3.1)"
13.66.139.136 - - [26/Jan/2021:23:16:08 +0100] "GET /peter-pan-figure-p-2879.html HTTP/1.0" 200 69258 "-" "Mozilla/5.0 (compatible; bingbot/2.0; +http://www.bing.com/bingbot.htm)"
157.55.39.153 - - [26/Jan/2021:23:16:14 +0100] "GET /games-and-toys/figures/101-dalmatians-freckles-figure-p-4703.html HTTP/1.0" 301 69253 "-" "Mozilla/5.0 (compatible; bingbot/2.0; +http://www.bing.com/bingbot.htm)"
157.55.39.153 - - [26/Jan/2021:23:16:15 +0100] "GET /images/big_prod/1328399219629.jpg HTTP/1.0" 200 268 "-" "Mozilla/5.0 (compatible; bingbot/2.0; +http://www.bing.com/bingbot.htm)"
157.55.39.153 - - [26/Jan/2021:23:16:15 +0100] "GET /faustine-potholder-20-cm-p-44527.html HTTP/1.0" 200 71881 "-" "Mozilla/5.0 (compatible; bingbot/2.0; +http://www.bing.com/bingbot.htm)"
216.18.204.215 - - [26/Jan/2021:23:16:29 +0100] "GET /indian-fancy-bracelet-finish-golden-color-p-43746.html HTTP/1.0" 200 71935 "http://www.wonder-geek.com/" "Mozilla/5.0 (compatible; Adsbot/3.1)"
185.191.171.9 - - [26/Jan/2021:23:16:59 +0100] "GET /robots.txt HTTP/1.0" 200 245 "-" "Mozilla/5.0 (compatible; SemrushBot/7~bl; +http://www.semrush.com/bot.html)"
185.191.171.18 - - [26/Jan/2021:23:16:59 +0100] "GET /-p-39814.html?action=add_product HTTP/1.0" 302 476 "-" "Mozilla/5.0 (compatible; SemrushBot/7~bl; +http://www.semrush.com/bot.html)"
216.18.204.215 - - [26/Jan/2021:23:17:02 +0100] "GET /iphone-silicone-bleue-shell-audiocassette-p-18940.html HTTP/1.0" 200 75247 "http://www.wonder-geek.com/" "Mozilla/5.0 (compatible; Adsbot/3.1)"
216.18.204.215 - - [26/Jan/2021:23:17:30 +0100] "GET /iphone-silicone-white-shell-audiocassette-p-18938.html HTTP/1.0" 200 75247 "http://www.wonder-geek.com/" "Mozilla/5.0 (compatible; Adsbot/3.1)"
157.55.39.228 - - [26/Jan/2021:23:17:37 +0100] "GET /dishes/bowls/minnie-mouse-cereal-bowl-p-22487.html HTTP/1.0" 301 611 "-" "Mozilla/5.0 (compatible; bingbot/2.0; +http://www.bing.com/bingbot.htm)"
216.18.204.215 - - [26/Jan/2021:23:17:55 +0100] "GET /kimmidoll-protective-hard-case-for-iphone-p-11366.html HTTP/1.0" 200 72140 "http://www.wonder-geek.com/" "Mozilla/5.0 (compatible; Adsbot/3.1)"
216.18.204.215 - - [26/Jan/2021:23:18:12 +0100] "GET /marilyn-monroe-the-seven-year-itch-mirror-p-29037.html HTTP/1.0" 200 71949 "http://www.wonder-geek.com/" "Mozilla/5.0 (compatible; Adsbot/3.1)"
54.36.149.24 - - [26/Jan/2021:23:18:15 +0100] "GET /kitchen-towel-holder-hooks-p-52709.html HTTP/1.0" 200 72476 "-" "Mozilla/5.0 (compatible; AhrefsBot/7.0; +http://ahrefs.com/robot/)"
216.18.204.215 - - [26/Jan/2021:23:18:34 +0100] "GET /mister-men-usa-phone-cover-for-iphone-and-p-14160.html HTTP/1.0" 200 72794 "http://www.wonder-geek.com/" "Mozilla/5.0 (compatible; Adsbot/3.1)"
66.249.70.62 - - [26/Jan/2021:23:18:39 +0100] "GET /unicorne-moneybox-p-52995.html HTTP/1.0" 200 69247 "-" "Mozilla/5.0 (Linux; Android 6.0.1; Nexus 5X Build/MMB29P) AppleWebKit/537.36 (KHTML, like Gecko) Chrome/88.0.4324.113 Mobile Safari/537.36 (compatible; Googlebot/2.1; +http://www.google.com/bot.html)"
216.18.204.215 - - [26/Jan/2021:23:18:52 +0100] "GET /the-smurfs-apron-pot-holder-and-glove-set-p-28191.html HTTP/1.0" 200 72043 "http://www.wonder-geek.com/" "Mozilla/5.0 (compatible; Adsbot/3.1)"
114.119.129.36 - - [26/Jan/2021:23:19:02 +0100] "GET /images/1399984235836.jpg HTTP/1.0" 200 259 "-" "Mozilla/5.0 (Linux; Android 7.0;) AppleWebKit/537.36 (KHTML, like Gecko) Mobile Safari/537.36 (compatible; PetalBot;+https://aspiegel.com/petalbot)"
34.75.169.236 - - [26/Jan/2021:23:19:04 +0100] "GET /littlest-petshop-pop-up-p-1192.html HTTP/1.0" 200 72126 "-" "ZoominfoBot (zoominfobot at zoominfo dot com)"
216.18.204.215 - - [26/Jan/2021:23:19:15 +0100] "GET /the-spongebob-punk-is-not-dead-wall-clock-p-13457.html HTTP/1.0" 200 71991 "http://www.wonder-geek.com/" "Mozilla/5.0 (compatible; Adsbot/3.1)"
34.75.169.236 - - [26/Jan/2021:23:19:15 +0100] "GET /barbecue-and-aperitif-c-12_254.html HTTP/1.0" 200 85317 "-" "ZoominfoBot (zoominfobot at zoominfo dot com)"
178.159.37.60 - - [26/Jan/2021:23:19:47 +0100] "GET /create_account.php HTTP/1.0" 301 547 "-" "Mozilla/4.0 (compatible; MSIE 6.0; Windows NT 5.1; SV1)"
207.46.13.55 - - [26/Jan/2021:23:19:51 +0100] "GET /kaa-figure-p-2882.html HTTP/1.0" 200 69228 "-" "Mozilla/5.0 (compatible; bingbot/2.0; +http://www.bing.com/bingbot.htm)"
178.159.37.60 - - [26/Jan/2021:23:20:04 +0100] "GET /create_account.php HTTP/1.0" 200 33630 "-" "Mozilla/4.0 (compatible; MSIE 6.0; Windows NT 5.1; SV1)"
178.159.37.60 - - [26/Jan/2021:23:20:04 +0100] "POST /create_account.php HTTP/1.0" 200 34519 "http://wonder-geek.com/create_account.php" "Mozilla/4.0 (compatible; MSIE 6.0; Windows NT 5.1; SV1)"
157.55.39.228 - - [26/Jan/2021:23:21:39 +0100] "GET /images/med_prod/3661977002656.jpg HTTP/1.0" 200 268 "-" "Mozilla/5.0 (compatible; bingbot/2.0; +http://www.bing.com/bingbot.htm)"
51.68.224.127 - - [26/Jan/2021:23:21:59 +0100] "GET /adminweb/export_orders_xml.php?token=256de2z6edz6ed2z6DFSFsed2zed6zeDSFDSGdzedezfzf&maxorders=10&orderstart=1&status=14&start_date=2018-10-01 HTTP/1.0" 200 285 "-" "GesCom CharlotteBoutik Serveur"
51.68.224.127 - - [26/Jan/2021:23:21:59 +0100] "GET /adminweb/export_orders_xml.php?token=256de2z6edz6ed2z6DFSFsed2zed6zeDSFDSGdzedezfzf&maxorders=10&orderstart=1&status=6&start_date=2018-10-01 HTTP/1.0" 200 29990 "-" "GesCom CharlotteBoutik Serveur"
66.249.70.36 - - [26/Jan/2021:23:22:15 +0100] "GET /images/big_prod/3014627944996.jpg HTTP/1.0" 200 268 "-" "Googlebot-Image/1.0"
54.36.148.50 - - [26/Jan/2021:23:22:41 +0100] "GET /pillowcases-bolstercases-c-11_166.html HTTP/1.0" 200 89571 "-" "Mozilla/5.0 (compatible; AhrefsBot/7.0; +http://ahrefs.com/robot/)"
34.75.169.236 - - [26/Jan/2021:23:22:51 +0100] "GET /cellar-and-slicer-sausage-c-12_252.html HTTP/1.0" 200 78637 "-" "ZoominfoBot (zoominfobot at zoominfo dot com)"
114.119.154.200 - - [26/Jan/2021:23:23:22 +0100] "GET /dubout-cats-metal-keyring-p-32239.html HTTP/1.0" 200 74905 "-" "Mozilla/5.0 (Linux; Android 7.0;) AppleWebKit/537.36 (KHTML, like Gecko) Mobile Safari/537.36 (compatible; PetalBot;+https://aspiegel.com/petalbot)"
66.249.80.40 - - [26/Jan/2021:23:25:54 +0100] "GET /images/big_prod/NN3453131149754.jpg HTTP/1.0" 200 270 "-" "Mozilla/5.0 (Windows NT 5.1; rv:11.0) Gecko Firefox/11.0 (via ggpht.com GoogleImageProxy)"
34.75.169.236 - - [26/Jan/2021:23:26:19 +0100] "GET /bowls-c-12_255.html HTTP/1.0" 200 76542 "-" "ZoominfoBot (zoominfobot at zoominfo dot com)"
54.36.148.165 - - [26/Jan/2021:23:27:01 +0100] "GET /hello-kitty-umbrella-p-20489.html HTTP/1.0" 200 72524 "-" "Mozilla/5.0 (compatible; AhrefsBot/7.0; +http://ahrefs.com/robot/)"
34.75.169.236 - - [26/Jan/2021:23:27:08 +0100] "GET /glasses-and-drinking-cup-c-12_62.html HTTP/1.0" 200 90255 "-" "ZoominfoBot (zoominfobot at zoominfo dot com)"
34.75.169.236 - - [26/Jan/2021:23:27:15 +0100] "GET /corkscrew-bottle-opener-sommelier-kit-c-12_213.html HTTP/1.0" 200 89089 "-" "ZoominfoBot (zoominfobot at zoominfo dot com)"
207.46.13.53 - - [26/Jan/2021:23:27:28 +0100] "GET /images/1399984263563.jpg HTTP/1.0" 200 259 "-" "Mozilla/5.0 (compatible; bingbot/2.0; +http://www.bing.com/bingbot.htm)"
66.249.70.33 - - [26/Jan/2021:23:27:43 +0100] "GET /incense-satya-nag-champa-jasmine-15-grams-or-about-15-sticks-p-44396.html HTTP/1.0" 200 72556 "-" "Mozilla/5.0 (Linux; Android 6.0.1; Nexus 5X Build/MMB29P) AppleWebKit/537.36 (KHTML, like Gecko) Chrome/88.0.4324.113 Mobile Safari/537.36 (compatible; Googlebot/2.1; +http://www.google.com/bot.html)"
178.159.37.139 - - [26/Jan/2021:23:28:36 +0100] "GET /snowman-solar-powered-dancing-p-34143.html]Test HTTP/1.0" 301 609 "http://wonder-geek.com/snowman-solar-powered-dancing-p-34143.html]Test" "Mozilla/5.0 (Windows NT 10.0; ) AppleWebKit/537.36 (KHTML, like Gecko) Chrome/83.0.4103.34 Safari/537.36 Edg/83.0.478.25"
178.159.37.139 - - [26/Jan/2021:23:28:36 +0100] "GET /snowman-solar-powered-dancing-p-34143.html%5dTest HTTP/1.0" 404 1308 "http://www.wonder-geek.com/snowman-solar-powered-dancing-p-34143.html%5dTest" "Mozilla/5.0 (Windows NT 10.0; ) AppleWebKit/537.36 (KHTML, like Gecko) Chrome/83.0.4103.34 Safari/537.36 Edg/83.0.478.25"
178.159.37.139 - - [26/Jan/2021:23:28:36 +0100] "GET / HTTP/1.0" 301 511 "http://wonder-geek.com/" "Mozilla/5.0 (Windows NT 10.0; ) AppleWebKit/537.36 (KHTML, like Gecko) Chrome/83.0.4103.34 Safari/537.36 Edg/83.0.478.25"
178.159.37.139 - - [26/Jan/2021:23:28:37 +0100] "GET / HTTP/1.0" 200 94052 "http://www.wonder-geek.com/" "Mozilla/5.0 (Windows NT 10.0; ) AppleWebKit/537.36 (KHTML, like Gecko) Chrome/83.0.4103.34 Safari/537.36 Edg/83.0.478.25"
178.159.37.139 - - [26/Jan/2021:23:28:37 +0100] "GET /create_account.php HTTP/1.0" 200 33630 "http://www.wonder-geek.com/create_account.php" "Mozilla/5.0 (Windows NT 10.0; ) AppleWebKit/537.36 (KHTML, like Gecko) Chrome/83.0.4103.34 Safari/537.36 Edg/83.0.478.25"
178.159.37.139 - - [26/Jan/2021:23:28:38 +0100] "POST /create_account.php HTTP/1.0" 200 34315 "http://www.wonder-geek.com/create_account.php" "Mozilla/5.0 (Windows NT 10.0; ) AppleWebKit/537.36 (KHTML, like Gecko) Chrome/83.0.4103.34 Safari/537.36 Edg/83.0.478.25"
178.159.37.139 - - [26/Jan/2021:23:28:38 +0100] "GET / HTTP/1.0" 200 94660 "http://www.wonder-geek.com/" "Mozilla/5.0 (Windows NT 10.0; ) AppleWebKit/537.36 (KHTML, like Gecko) Chrome/83.0.4103.34 Safari/537.36 Edg/83.0.478.25"
34.75.169.236 - - [26/Jan/2021:23:30:08 +0100] "GET /products_new.php HTTP/1.0" 200 92647 "-" "ZoominfoBot (zoominfobot at zoominfo dot com)"
34.75.169.236 - - [26/Jan/2021:23:30:21 +0100] "GET /checkout_shipping.php HTTP/1.0" 302 468 "-" "ZoominfoBot (zoominfobot at zoominfo dot com)"
34.75.169.236 - - [26/Jan/2021:23:30:55 +0100] "GET /bottle-holder-beer-bucket-c-12_224.html HTTP/1.0" 200 89339 "-" "ZoominfoBot (zoominfobot at zoominfo dot com)"
54.36.148.181 - - [26/Jan/2021:23:31:15 +0100] "GET /dishes-c-12.html?page=85 HTTP/1.0" 200 90844 "-" "Mozilla/5.0 (compatible; AhrefsBot/7.0; +http://ahrefs.com/robot/)"
34.75.169.236 - - [26/Jan/2021:23:31:24 +0100] "GET /manicure-articles-c-31_204.html HTTP/1.0" 200 88548 "-" "ZoominfoBot (zoominfobot at zoominfo dot com)"
157.55.39.149 - - [26/Jan/2021:23:32:46 +0100] "GET /images/big_prod/1384010190630.jpg HTTP/1.0" 200 268 "-" "Mozilla/5.0 (compatible; bingbot/2.0; +http://www.bing.com/bingbot.htm)"
13.66.139.139 - - [26/Jan/2021:23:35:02 +0100] "GET /vintage-tv-liberty-cushion-p-16211.html HTTP/1.0" 200 72403 "-" "Mozilla/5.0 (compatible; bingbot/2.0; +http://www.bing.com/bingbot.htm)"
54.36.148.228 - - [26/Jan/2021:23:35:57 +0100] "GET /giraffe-decorative-statue-20-cm-p-46791.html HTTP/1.0" 200 71970 "-" "Mozilla/5.0 (compatible; AhrefsBot/7.0; +http://ahrefs.com/robot/)"
17.58.101.147 - - [26/Jan/2021:23:36:09 +0100] "GET /mani-the-lucky-cat-cm-p-47610.html HTTP/1.0" 200 69291 "-" "Mozilla/5.0 (Macintosh; Intel Mac OS X 10_15_5) AppleWebKit/605.1.15 (KHTML, like Gecko) Version/13.1.1 Safari/605.1.15 (Applebot/0.1; +http://www.apple.com/go/applebot)"
51.68.224.127 - - [26/Jan/2021:23:38:09 +0100] "GET /adminweb/export_orders_xml.php?token=256de2z6edz6ed2z6DFSFsed2zed6zeDSFDSGdzedezfzf&maxorders=10&orderstart=1&status=14&start_date=2018-10-01 HTTP/1.0" 200 285 "-" "GesCom CharlotteBoutik Serveur"
51.68.224.127 - - [26/Jan/2021:23:38:09 +0100] "GET /adminweb/export_orders_xml.php?token=256de2z6edz6ed2z6DFSFsed2zed6zeDSFDSGdzedezfzf&maxorders=10&orderstart=1&status=6&start_date=2018-10-01 HTTP/1.0" 200 29990 "-" "GesCom CharlotteBoutik Serveur"
114.119.130.202 - - [26/Jan/2021:23:39:48 +0100] "GET /cotton-mattress-140-190-25-cm-anti-dust-mite-p-48992.html HTTP/1.0" 200 72112 "-" "Mozilla/5.0 (Linux; Android 7.0;) AppleWebKit/537.36 (KHTML, like Gecko) Mobile Safari/537.36 (compatible; PetalBot;+https://aspiegel.com/petalbot)"
86.242.27.132 - - [26/Jan/2021:23:40:07 +0100] "GET /unicorn-shaped-night-light-led-p-53363.html HTTP/1.0" 200 71945 "http://www.google.com/" "Mozilla/5.0 (Linux; Android 10; VOG-L29) AppleWebKit/537.36 (KHTML, like Gecko) Chrome/88.0.4324.93 Mobile Safari/537.36"
86.242.27.132 - - [26/Jan/2021:23:40:08 +0100] "GET /templates/Pixame_v1/stylesheet.css HTTP/1.0" 200 267 "http://www.wonder-geek.com/unicorn-shaped-night-light-led-p-53363.html" "Mozilla/5.0 (Linux; Android 10; VOG-L29) AppleWebKit/537.36 (KHTML, like Gecko) Chrome/88.0.4324.93 Mobile Safari/537.36"
86.242.27.132 - - [26/Jan/2021:23:40:08 +0100] "GET /highslide/highslide.js HTTP/1.0" 200 262 "http://www.wonder-geek.com/unicorn-shaped-night-light-led-p-53363.html" "Mozilla/5.0 (Linux; Android 10; VOG-L29) AppleWebKit/537.36 (KHTML, like Gecko) Chrome/88.0.4324.93 Mobile Safari/537.36"
86.242.27.132 - - [26/Jan/2021:23:40:08 +0100] "GET /js/jquery.js HTTP/1.0" 200 252 "http://www.wonder-geek.com/unicorn-shaped-night-light-led-p-53363.html" "Mozilla/5.0 (Linux; Android 10; VOG-L29) AppleWebKit/537.36 (KHTML, like Gecko) Chrome/88.0.4324.93 Mobile Safari/537.36"
86.242.27.132 - - [26/Jan/2021:23:40:08 +0100] "GET /js/jquery.jqzoom.js HTTP/1.0" 200 259 "http://www.wonder-geek.com/unicorn-shaped-night-light-led-p-53363.html" "Mozilla/5.0 (Linux; Android 10; VOG-L29) AppleWebKit/537.36 (KHTML, like Gecko) Chrome/88.0.4324.93 Mobile Safari/537.36"
86.242.27.132 - - [26/Jan/2021:23:40:08 +0100] "GET /mondial_relay/js/jquery-1.3.2.min.js HTTP/1.0" 200 276 "http://www.wonder-geek.com/unicorn-shaped-night-light-led-p-53363.html" "Mozilla/5.0 (Linux; Android 10; VOG-L29) AppleWebKit/537.36 (KHTML, like Gecko) Chrome/88.0.4324.93 Mobile Safari/537.36"
86.242.27.132 - - [26/Jan/2021:23:40:08 +0100] "GET /swfobject.js HTTP/1.0" 404 1308 "http://www.wonder-geek.com/unicorn-shaped-night-light-led-p-53363.html" "Mozilla/5.0 (Linux; Android 10; VOG-L29) AppleWebKit/537.36 (KHTML, like Gecko) Chrome/88.0.4324.93 Mobile Safari/537.36"
86.242.27.132 - - [26/Jan/2021:23:40:08 +0100] "GET /templates/Pixame_v1/images/icon_accueil2.png HTTP/1.0" 200 278 "http://www.wonder-geek.com/unicorn-shaped-night-light-led-p-53363.html" "Mozilla/5.0 (Linux; Android 10; VOG-L29) AppleWebKit/537.36 (KHTML, like Gecko) Chrome/88.0.4324.93 Mobile Safari/537.36"
86.242.27.132 - - [26/Jan/2021:23:40:08 +0100] "GET /images/big_prod/3520071679068.jpg HTTP/1.0" 200 268 "http://www.wonder-geek.com/unicorn-shaped-night-light-led-p-53363.html" "Mozilla/5.0 (Linux; Android 10; VOG-L29) AppleWebKit/537.36 (KHTML, like Gecko) Chrome/88.0.4324.93 Mobile Safari/537.36"
86.242.27.132 - - [26/Jan/2021:23:40:08 +0100] "GET /swfobject.js HTTP/1.0" 404 1308 "http://www.wonder-geek.com/unicorn-shaped-night-light-led-p-53363.html" "Mozilla/5.0 (Linux; Android 10; VOG-L29) AppleWebKit/537.36 (KHTML, like Gecko) Chrome/88.0.4324.93 Mobile Safari/537.36"
86.242.27.132 - - [26/Jan/2021:23:40:08 +0100] "GET /images/pixel_trans.gif HTTP/1.0" 200 328 "http://www.wonder-geek.com/unicorn-shaped-night-light-led-p-53363.html" "Mozilla/5.0 (Linux; Android 10; VOG-L29) AppleWebKit/537.36 (KHTML, like Gecko) Chrome/88.0.4324.93 Mobile Safari/537.36"
86.242.27.132 - - [26/Jan/2021:23:40:08 +0100] "GET /templates/Pixame_v1/images/infobox/pixel_trans.gif HTTP/1.0" 200 328 "http://www.wonder-geek.com/unicorn-shaped-night-light-led-p-53363.html" "Mozilla/5.0 (Linux; Android 10; VOG-L29) AppleWebKit/537.36 (KHTML, like Gecko) Chrome/88.0.4324.93 Mobile Safari/537.36"
86.242.27.132 - - [26/Jan/2021:23:40:08 +0100] "GET /templates/Pixame_v1/images/pixel_trans.gif HTTP/1.0" 200 328 "http://www.wonder-geek.com/unicorn-shaped-night-light-led-p-53363.html" "Mozilla/5.0 (Linux; Android 10; VOG-L29) AppleWebKit/537.36 (KHTML, like Gecko) Chrome/88.0.4324.93 Mobile Safari/537.36"
86.242.27.132 - - [26/Jan/2021:23:40:08 +0100] "GET /templates/Pixame_v1/images/buttons/english/button_in_cart.gif HTTP/1.0" 200 295 "http://www.wonder-geek.com/unicorn-shaped-night-light-led-p-53363.html" "Mozilla/5.0 (Linux; Android 10; VOG-L29) AppleWebKit/537.36 (KHTML, like Gecko) Chrome/88.0.4324.93 Mobile Safari/537.36"
86.242.27.132 - - [26/Jan/2021:23:40:08 +0100] "GET /templates/Pixame_v1/images/Bottom_texture.jpg HTTP/1.0" 200 280 "http://www.wonder-geek.com/templates/Pixame_v1/stylesheet.css" "Mozilla/5.0 (Linux; Android 10; VOG-L29) AppleWebKit/537.36 (KHTML, like Gecko) Chrome/88.0.4324.93 Mobile Safari/537.36"
86.242.27.132 - - [26/Jan/2021:23:40:08 +0100] "GET /templates/Pixame_v1/images/header.png HTTP/1.0" 200 271 "http://www.wonder-geek.com/templates/Pixame_v1/stylesheet.css" "Mozilla/5.0 (Linux; Android 10; VOG-L29) AppleWebKit/537.36 (KHTML, like Gecko) Chrome/88.0.4324.93 Mobile Safari/537.36"
86.242.27.132 - - [26/Jan/2021:23:40:08 +0100] "GET /templates/Pixame_v1/images/Middle_texture.jpg HTTP/1.0" 200 280 "http://www.wonder-geek.com/templates/Pixame_v1/stylesheet.css" "Mozilla/5.0 (Linux; Android 10; VOG-L29) AppleWebKit/537.36 (KHTML, like Gecko) Chrome/88.0.4324.93 Mobile Safari/537.36"
86.242.27.132 - - [26/Jan/2021:23:40:08 +0100] "GET /templates/Pixame_v1/images/header-object.png HTTP/1.0" 200 278 "http://www.wonder-geek.com/templates/Pixame_v1/stylesheet.css" "Mozilla/5.0 (Linux; Android 10; VOG-L29) AppleWebKit/537.36 (KHTML, like Gecko) Chrome/88.0.4324.93 Mobile Safari/537.36"
86.242.27.132 - - [26/Jan/2021:23:40:08 +0100] "GET /templates/Pixame_v1/images/nav.png HTTP/1.0" 200 268 "http://www.wonder-geek.com/templates/Pixame_v1/stylesheet.css" "Mozilla/5.0 (Linux; Android 10; VOG-L29) AppleWebKit/537.36 (KHTML, like Gecko) Chrome/88.0.4324.93 Mobile Safari/537.36"
86.242.27.132 - - [26/Jan/2021:23:40:08 +0100] "GET /design/productsenstock.png HTTP/1.0" 200 260 "http://www.wonder-geek.com/templates/Pixame_v1/stylesheet.css" "Mozilla/5.0 (Linux; Android 10; VOG-L29) AppleWebKit/537.36 (KHTML, like Gecko) Chrome/88.0.4324.93 Mobile Safari/537.36"
86.242.27.132 - - [26/Jan/2021:23:40:08 +0100] "GET /templates/Pixame_v1/images/infobox/infobox_footer_middle.gif HTTP/1.0" 200 357 "http://www.wonder-geek.com/" "Mozilla/5.0 (Linux; Android 10; VOG-L29) AppleWebKit/537.36 (KHTML, like Gecko) Chrome/88.0.4324.93 Mobile Safari/537.36"
86.242.27.132 - - [26/Jan/2021:23:40:08 +0100] "GET /highslide/graphics/zoomin.cur HTTP/1.0" 200 614 "http://www.wonder-geek.com/templates/Pixame_v1/stylesheet.css" "Mozilla/5.0 (Linux; Android 10; VOG-L29) AppleWebKit/537.36 (KHTML, like Gecko) Chrome/88.0.4324.93 Mobile Safari/537.36"
86.242.27.132 - - [26/Jan/2021:23:40:08 +0100] "GET /highslide/graphics/outlines/drop-shadow.png HTTP/1.0" 200 277 "http://www.wonder-geek.com/unicorn-shaped-night-light-led-p-53363.html" "Mozilla/5.0 (Linux; Android 10; VOG-L29) AppleWebKit/537.36 (KHTML, like Gecko) Chrome/88.0.4324.93 Mobile Safari/537.36"
86.242.27.132 - - [26/Jan/2021:23:40:08 +0100] "GET /highslide/graphics/loader.white.gif HTTP/1.0" 200 960 "http://www.wonder-geek.com/templates/Pixame_v1/stylesheet.css" "Mozilla/5.0 (Linux; Android 10; VOG-L29) AppleWebKit/537.36 (KHTML, like Gecko) Chrome/88.0.4324.93 Mobile Safari/537.36"
86.242.27.132 - - [26/Jan/2021:23:40:08 +0100] "GET /highslide/graphics/zoomout.cur HTTP/1.0" 200 614 "http://www.wonder-geek.com/unicorn-shaped-night-light-led-p-53363.html" "Mozilla/5.0 (Linux; Android 10; VOG-L29) AppleWebKit/537.36 (KHTML, like Gecko) Chrome/88.0.4324.93 Mobile Safari/537.36"
86.242.27.132 - - [26/Jan/2021:23:40:08 +0100] "GET /favicon.ico HTTP/1.0" 200 260 "http://www.wonder-geek.com/unicorn-shaped-night-light-led-p-53363.html" "Mozilla/5.0 (Linux; Android 10; VOG-L29) AppleWebKit/537.36 (KHTML, like Gecko) Chrome/88.0.4324.93 Mobile Safari/537.36"
54.36.148.227 - - [26/Jan/2021:23:40:25 +0100] "GET /betty-boop-ashtray-p-15468.html HTTP/1.0" 200 71740 "-" "Mozilla/5.0 (compatible; AhrefsBot/7.0; +http://ahrefs.com/robot/)"
207.46.13.53 - - [26/Jan/2021:23:43:26 +0100] "GET /us-clock-by-cbkreation-p-24371.html HTTP/1.0" 200 71929 "-" "Mozilla/5.0 (compatible; bingbot/2.0; +http://www.bing.com/bingbot.htm)"
207.46.13.55 - - [26/Jan/2021:23:43:58 +0100] "GET /images/big_prod/8422035312002.jpg HTTP/1.0" 200 268 "-" "Mozilla/5.0 (compatible; bingbot/2.0; +http://www.bing.com/bingbot.htm)"
66.249.70.36 - - [26/Jan/2021:23:44:34 +0100] "GET /be-happy-porcelain-bowl-480-ml-p-44484.html HTTP/1.0" 200 71882 "-" "Mozilla/5.0 (Linux; Android 6.0.1; Nexus 5X Build/MMB29P) AppleWebKit/537.36 (KHTML, like Gecko) Chrome/88.0.4324.112 Mobile Safari/537.36 (compatible; Googlebot/2.1; +http://www.google.com/bot.html)"
207.46.13.55 - - [26/Jan/2021:23:45:17 +0100] "GET /images/big_prod/3609810039810.jpg HTTP/1.0" 200 268 "-" "Mozilla/5.0 (compatible; bingbot/2.0; +http://www.bing.com/bingbot.htm)"
54.36.148.38 - - [26/Jan/2021:23:45:17 +0100] "GET /chairs-cushion-c-11_165.html HTTP/1.0" 200 89741 "-" "Mozilla/5.0 (compatible; AhrefsBot/7.0; +http://ahrefs.com/robot/)"
157.55.39.149 - - [26/Jan/2021:23:48:09 +0100] "GET /images/4010070230982.jpg HTTP/1.0" 200 259 "-" "Mozilla/5.0 (compatible; bingbot/2.0; +http://www.bing.com/bingbot.htm)"
207.46.13.55 - - [26/Jan/2021:23:48:35 +0100] "GET /images/big_prod/8433978414647.jpg HTTP/1.0" 200 268 "-" "Mozilla/5.0 (compatible; bingbot/2.0; +http://www.bing.com/bingbot.htm)"
157.55.39.153 - - [26/Jan/2021:23:49:01 +0100] "GET /images/med_prod/3457010954460.jpg HTTP/1.0" 200 268 "-" "Mozilla/5.0 (compatible; bingbot/2.0; +http://www.bing.com/bingbot.htm)"
157.55.39.153 - - [26/Jan/2021:23:49:02 +0100] "GET /images/3565750158564.jpg HTTP/1.0" 200 259 "-" "Mozilla/5.0 (compatible; bingbot/2.0; +http://www.bing.com/bingbot.htm)"
157.55.39.153 - - [26/Jan/2021:23:49:02 +0100] "GET /images/mini_prod/3503420079986.jpg HTTP/1.0" 200 269 "-" "Mozilla/5.0 (compatible; bingbot/2.0; +http://www.bing.com/bingbot.htm)"
157.55.39.228 - - [26/Jan/2021:23:49:05 +0100] "GET /images/1399984246801.gif HTTP/1.0" 200 258 "-" "Mozilla/5.0 (compatible; bingbot/2.0; +http://www.bing.com/bingbot.htm)"
157.55.39.149 - - [26/Jan/2021:23:49:27 +0100] "GET /old-metal-tv-clock-p-47984.html HTTP/1.0" 200 72693 "-" "Mozilla/5.0 (compatible; bingbot/2.0; +http://www.bing.com/bingbot.htm)"
13.66.139.5 - - [26/Jan/2021:23:49:40 +0100] "GET /-p-1759.html HTTP/1.0" 200 69187 "-" "Mozilla/5.0 (compatible; bingbot/2.0; +http://www.bing.com/bingbot.htm)"
54.36.148.251 - - [26/Jan/2021:23:49:42 +0100] "GET /slipper-socks-wich-gripper-soles-31-35-p-25158.html HTTP/1.0" 301 69256 "-" "Mozilla/5.0 (compatible; AhrefsBot/7.0; +http://ahrefs.com/robot/)"
54.36.149.74 - - [26/Jan/2021:23:49:45 +0100] "GET /boutis-quilt-bedspread-c-11_194.html HTTP/1.0" 200 89589 "-" "Mozilla/5.0 (compatible; AhrefsBot/7.0; +http://ahrefs.com/robot/)"
207.46.13.55 - - [26/Jan/2021:23:50:36 +0100] "GET /set-and-breakfast-set-c-12_61.html?page=3 HTTP/1.0" 200 91552 "-" "Mozilla/5.0 (compatible; bingbot/2.0; +http://www.bing.com/bingbot.htm)"
157.55.39.228 - - [26/Jan/2021:23:51:04 +0100] "GET /images/DSCN3871chf.jpg HTTP/1.0" 200 257 "-" "Mozilla/5.0 (compatible; bingbot/2.0; +http://www.bing.com/bingbot.htm)"
216.18.204.215 - - [26/Jan/2021:23:51:04 +0100] "GET /the-spongebob-punk-is-not-dead-wall-clock-p-13457.html HTTP/1.0" 200 71991 "http://www.wonder-geek.com/" "Mozilla/5.0 (compatible; Adsbot/3.1)"
157.55.39.149 - - [26/Jan/2021:23:51:29 +0100] "GET /images/big_prod/3665269031317.jpg HTTP/1.0" 200 268 "-" "Mozilla/5.0 (compatible; bingbot/2.0; +http://www.bing.com/bingbot.htm)"
54.36.148.244 - - [26/Jan/2021:23:51:45 +0100] "GET /kung-fu-panda-small-purse-and-wallet-p-4481.html HTTP/1.0" 301 69253 "-" "Mozilla/5.0 (compatible; AhrefsBot/7.0; +http://ahrefs.com/robot/)"
216.18.204.215 - - [26/Jan/2021:23:52:14 +0100] "GET /bowl-oh-please-sand-inside-made-in-germany-p-53184.html HTTP/1.0" 200 73316 "http://www.wonder-geek.com/" "Mozilla/5.0 (compatible; Adsbot/3.1)"
216.18.204.215 - - [26/Jan/2021:23:52:25 +0100] "GET /it-your-party-michelle-allen-breakfast-set-p-38166.html HTTP/1.0" 200 72063 "http://www.wonder-geek.com/" "Mozilla/5.0 (compatible; Adsbot/3.1)"
157.55.39.153 - - [26/Jan/2021:23:52:29 +0100] "GET /caramel-and-cie-kit-butterfly-p-48799.html HTTP/1.0" 200 72637 "-" "Mozilla/5.0 (compatible; bingbot/2.0; +http://www.bing.com/bingbot.htm)"
216.18.204.215 - - [26/Jan/2021:23:53:16 +0100] "GET /the-marseillaise-expressions-red-tee-shirt-p-35577.html HTTP/1.0" 200 73902 "http://www.wonder-geek.com/" "Mozilla/5.0 (compatible; Adsbot/3.1)"
216.18.204.215 - - [26/Jan/2021:23:53:46 +0100] "GET /united-states-marshall-cover-for-iphone-et-p-19107.html HTTP/1.0" 200 72256 "http://www.wonder-geek.com/" "Mozilla/5.0 (compatible; Adsbot/3.1)"
54.36.149.65 - - [26/Jan/2021:23:54:14 +0100] "GET /boho-wooden-frame-30-30-cm-be-brave-p-45083.html HTTP/1.0" 200 71981 "-" "Mozilla/5.0 (compatible; AhrefsBot/7.0; +http://ahrefs.com/robot/)"
51.68.224.127 - - [26/Jan/2021:23:54:16 +0100] "GET /adminweb/export_orders_xml.php?token=256de2z6edz6ed2z6DFSFsed2zed6zeDSFDSGdzedezfzf&maxorders=10&orderstart=1&status=14&start_date=2018-10-01 HTTP/1.0" 200 285 "-" "GesCom CharlotteBoutik Serveur"
51.68.224.127 - - [26/Jan/2021:23:54:16 +0100] "GET /adminweb/export_orders_xml.php?token=256de2z6edz6ed2z6DFSFsed2zed6zeDSFDSGdzedezfzf&maxorders=10&orderstart=1&status=6&start_date=2018-10-01 HTTP/1.0" 200 29990 "-" "GesCom CharlotteBoutik Serveur"
216.18.204.215 - - [26/Jan/2021:23:54:35 +0100] "GET /assortment-of-fleur-de-lys-inspired-mirrors-p-52922.html HTTP/1.0" 200 72041 "http://www.wonder-geek.com/" "Mozilla/5.0 (compatible; Adsbot/3.1)"
207.46.13.53 - - [26/Jan/2021:23:55:44 +0100] "GET /images/4895029694677.jpg HTTP/1.0" 200 259 "-" "Mozilla/5.0 (compatible; bingbot/2.0; +http://www.bing.com/bingbot.htm)"
216.18.204.215 - - [26/Jan/2021:23:55:49 +0100] "GET /bear-cotton-adult-apron-laissez-lucie-faire-p-42222.html HTTP/1.0" 200 71911 "http://www.wonder-geek.com/" "Mozilla/5.0 (compatible; Adsbot/3.1)"
157.55.39.228 - - [26/Jan/2021:23:55:58 +0100] "GET /images/big_prod/maboiteadentdelait.jpg HTTP/1.0" 200 273 "-" "Mozilla/5.0 (compatible; bingbot/2.0; +http://www.bing.com/bingbot.htm)"
216.244.66.242 - - [26/Jan/2021:23:56:04 +0100] "GET /robots.txt HTTP/1.0" 200 245 "-" "Mozilla/5.0 (compatible; DotBot/1.1; http://www.opensiteexplorer.org/dotbot, help@moz.com)"
74.125.209.52 - - [26/Jan/2021:23:56:56 +0100] "GET /images/big_prod/4029811417605.jpg HTTP/1.0" 200 268 "-" "Mozilla/5.0 (Windows NT 5.1; rv:11.0) Gecko Firefox/11.0 (via ggpht.com GoogleImageProxy)"
216.18.204.215 - - [26/Jan/2021:23:57:03 +0100] "GET /gift-box-watch-vespa-red-women-and-keychain-p-18599.html HTTP/1.0" 200 72221 "http://www.wonder-geek.com/" "Mozilla/5.0 (compatible; Adsbot/3.1)"
66.249.70.33 - - [26/Jan/2021:23:57:14 +0100] "GET /cool-bag-lunch-box-29-20-18-cm-p-47251.html HTTP/1.0" 200 69307 "-" "Mozilla/5.0 (Linux; Android 6.0.1; Nexus 5X Build/MMB29P) AppleWebKit/537.36 (KHTML, like Gecko) Chrome/88.0.4324.112 Mobile Safari/537.36 (compatible; Googlebot/2.1; +http://www.google.com/bot.html)"
17.58.101.147 - - [26/Jan/2021:23:57:28 +0100] "GET /door-plate-for-the-bathroom-p-47301.html HTTP/1.0" 200 69277 "-" "Mozilla/5.0 (Macintosh; Intel Mac OS X 10_15_5) AppleWebKit/605.1.15 (KHTML, like Gecko) Version/13.1.1 Safari/605.1.15 (Applebot/0.1; +http://www.apple.com/go/applebot)"
114.119.147.45 - - [26/Jan/2021:23:57:32 +0100] "GET /paul-frank-bubble-mug-p-11443.html HTTP/1.0" 200 71840 "-" "Mozilla/5.0 (Linux; Android 7.0;) AppleWebKit/537.36 (KHTML, like Gecko) Mobile Safari/537.36 (compatible; PetalBot;+https://aspiegel.com/petalbot)"
54.36.149.56 - - [26/Jan/2021:23:57:33 +0100] "GET /sesame-street-cookie-monster-mug-p-19270.html HTTP/1.0" 301 69256 "-" "Mozilla/5.0 (compatible; AhrefsBot/7.0; +http://ahrefs.com/robot/)"
54.36.148.87 - - [26/Jan/2021:23:58:31 +0100] "GET /cushion-cover-40-60-cm-p-52124.html HTTP/1.0" 200 71875 "-" "Mozilla/5.0 (compatible; AhrefsBot/7.0; +http://ahrefs.com/robot/)"
216.18.204.215 - - [26/Jan/2021:23:58:43 +0100] "GET /indian-fancy-bracelet-finish-silvered-color-p-43747.html HTTP/1.0" 200 71951 "http://www.wonder-geek.com/" "Mozilla/5.0 (compatible; Adsbot/3.1)"
216.18.204.215 - - [26/Jan/2021:23:59:38 +0100] "GET /indian-fancy-bracelet-finish-silvered-color-p-43748.html HTTP/1.0" 200 71951 "http://www.wonder-geek.com/" "Mozilla/5.0 (compatible; Adsbot/3.1)"
207.46.13.55 - - [27/Jan/2021:00:00:17 +0100] "GET /images/big_prod/3609810098848.jpg HTTP/1.0" 200 268 "-" "Mozilla/5.0 (compatible; bingbot/2.0; +http://www.bing.com/bingbot.htm)"
157.55.39.153 - - [27/Jan/2021:00:00:27 +0100] "GET /clocks-c-13_67.html HTTP/1.0" 200 92381 "-" "Mozilla/5.0 (compatible; bingbot/2.0; +http://www.bing.com/bingbot.htm)"
207.46.13.55 - - [27/Jan/2021:00:00:49 +0100] "GET /images/mini_prod/5027148026261.jpg HTTP/1.0" 200 269 "-" "Mozilla/5.0 (compatible; bingbot/2.0; +http://www.bing.com/bingbot.htm)"
216.18.204.215 - - [27/Jan/2021:00:00:59 +0100] "GET /indian-fancy-bracelet-finish-silvered-color-p-43749.html HTTP/1.0" 200 71951 "http://www.wonder-geek.com/" "Mozilla/5.0 (compatible; Adsbot/3.1)"
207.46.13.53 - - [27/Jan/2021:00:01:06 +0100] "GET /images/med_prod/8435306269783.jpg HTTP/1.0" 200 268 "-" "Mozilla/5.0 (compatible; bingbot/2.0; +http://www.bing.com/bingbot.htm)"
207.46.13.55 - - [27/Jan/2021:00:01:10 +0100] "GET /calavera-yellow-beauty-nail-kit-p-29315.html HTTP/1.0" 200 72017 "-" "Mozilla/5.0 (compatible; bingbot/2.0; +http://www.bing.com/bingbot.htm)"
216.18.204.215 - - [27/Jan/2021:00:01:41 +0100] "GET /indian-fancy-bracelet-finish-silvered-color-p-43750.html HTTP/1.0" 200 71951 "http://www.wonder-geek.com/" "Mozilla/5.0 (compatible; Adsbot/3.1)"
216.18.204.215 - - [27/Jan/2021:00:02:13 +0100] "GET /indian-fancy-bracelet-finish-silvered-color-p-43751.html HTTP/1.0" 200 71955 "http://www.wonder-geek.com/" "Mozilla/5.0 (compatible; Adsbot/3.1)"
207.46.13.37 - - [27/Jan/2021:00:02:25 +0100] "GET /white-flower-ball-table-lamp-p-52976.html HTTP/1.0" 200 72575 "-" "Mozilla/5.0 (compatible; bingbot/2.0; +http://www.bing.com/bingbot.htm)"
207.46.13.37 - - [27/Jan/2021:00:02:26 +0100] "GET /images/mini_prod/3700856405192B.jpg HTTP/1.0" 200 270 "-" "Mozilla/5.0 (compatible; bingbot/2.0; +http://www.bing.com/bingbot.htm)"
207.46.13.37 - - [27/Jan/2021:00:02:27 +0100] "GET /square-wooden-box-with-metal-stud-decorations-p-48059.html HTTP/1.0" 200 72278 "-" "Mozilla/5.0 (compatible; bingbot/2.0; +http://www.bing.com/bingbot.htm)"
216.18.204.215 - - [27/Jan/2021:00:02:43 +0100] "GET /indian-fancy-bracelet-finish-silvered-color-p-43752.html HTTP/1.0" 200 71951 "http://www.wonder-geek.com/" "Mozilla/5.0 (compatible; Adsbot/3.1)"
54.36.148.87 - - [27/Jan/2021:00:02:49 +0100] "GET /egg-cups-c-12_248.html HTTP/1.0" 200 82205 "-" "Mozilla/5.0 (compatible; AhrefsBot/7.0; +http://ahrefs.com/robot/)"
216.18.204.215 - - [27/Jan/2021:00:03:13 +0100] "GET /indian-fancy-bracelet-finish-silvered-color-p-43753.html HTTP/1.0" 200 71951 "http://www.wonder-geek.com/" "Mozilla/5.0 (compatible; Adsbot/3.1)"
216.18.204.215 - - [27/Jan/2021:00:03:29 +0100] "GET /jake-and-the-never-land-pirates-jack-figure-p-27306.html HTTP/1.0" 200 71815 "http://www.wonder-geek.com/" "Mozilla/5.0 (compatible; Adsbot/3.1)"
216.18.204.215 - - [27/Jan/2021:00:03:48 +0100] "GET /ma-maman-elle-dechire-black-women-tee-shirt-p-30945.html HTTP/1.0" 200 73938 "http://www.wonder-geek.com/" "Mozilla/5.0 (compatible; Adsbot/3.1)"
216.18.204.215 - - [27/Jan/2021:00:04:14 +0100] "GET /mocha-brown-zippo-wallet-with-red-stitching-p-49090.html HTTP/1.0" 200 73112 "http://www.wonder-geek.com/" "Mozilla/5.0 (compatible; Adsbot/3.1)"
216.18.204.215 - - [27/Jan/2021:00:04:34 +0100] "GET /barbecue-set-apron-torchon-and-manique-adult-p-48108.html HTTP/1.0" 200 72647 "http://www.wonder-geek.com/" "Mozilla/5.0 (compatible; Adsbot/3.1)"
216.18.204.215 - - [27/Jan/2021:00:04:41 +0100] "GET /educational-watch-for-children-football-star-p-51493.html HTTP/1.0" 200 73500 "http://www.wonder-geek.com/" "Mozilla/5.0 (compatible; Adsbot/3.1)"
114.119.145.117 - - [27/Jan/2021:00:04:49 +0100] "GET /images/mini_prod/3609810052659.jpg HTTP/1.0" 200 269 "-" "Mozilla/5.0 (Linux; Android 7.0;) AppleWebKit/537.36 (KHTML, like Gecko) Mobile Safari/537.36 (compatible; PetalBot;+https://aspiegel.com/petalbot)"
216.18.204.215 - - [27/Jan/2021:00:04:57 +0100] "GET /kimmidoll-love-eve-elle-cover-for-iphone-and-p-17931.html HTTP/1.0" 200 72265 "http://www.wonder-geek.com/" "Mozilla/5.0 (compatible; Adsbot/3.1)"
216.18.204.215 - - [27/Jan/2021:00:05:14 +0100] "GET /mister-men-london-phone-cover-for-iphone-and-p-14163.html HTTP/1.0" 200 72818 "http://www.wonder-geek.com/" "Mozilla/5.0 (compatible; Adsbot/3.1)"
216.18.204.215 - - [27/Jan/2021:00:05:29 +0100] "GET /strawberry-shortcake-cap-and-scarf-set-years-p-22135.html HTTP/1.0" 200 72175 "http://www.wonder-geek.com/" "Mozilla/5.0 (compatible; Adsbot/3.1)"
216.18.204.215 - - [27/Jan/2021:00:05:45 +0100] "GET /strawberry-shortcake-cap-and-scarf-set-years-p-22137.html HTTP/1.0" 200 72169 "http://www.wonder-geek.com/" "Mozilla/5.0 (compatible; Adsbot/3.1)"
216.18.204.215 - - [27/Jan/2021:00:05:57 +0100] "GET /bear-laissez-lucie-faire-soup-bowl-with-spoon-p-42241.html HTTP/1.0" 200 72008 "http://www.wonder-geek.com/" "Mozilla/5.0 (compatible; Adsbot/3.1)"
216.18.204.215 - - [27/Jan/2021:00:06:16 +0100] "GET /bowl-laughing-lavender-inside-made-in-germany-p-50707.html HTTP/1.0" 200 72886 "http://www.wonder-geek.com/" "Mozilla/5.0 (compatible; Adsbot/3.1)"
216.18.204.215 - - [27/Jan/2021:00:06:29 +0100] "GET /gift-box-watch-vespa-black-women-and-keychain-p-32663.html HTTP/1.0" 200 72518 "http://www.wonder-geek.com/" "Mozilla/5.0 (compatible; Adsbot/3.1)"
216.18.204.215 - - [27/Jan/2021:00:06:36 +0100] "GET /iphone-silicone-black-shell-and-audiocassette-p-18936.html HTTP/1.0" 200 75322 "http://www.wonder-geek.com/" "Mozilla/5.0 (compatible; Adsbot/3.1)"
216.18.204.215 - - [27/Jan/2021:00:06:48 +0100] "GET /iphone-silicone-white-shell-and-audiocassette-p-18933.html HTTP/1.0" 200 72321 "http://www.wonder-geek.com/" "Mozilla/5.0 (compatible; Adsbot/3.1)"
54.36.148.84 - - [27/Jan/2021:00:07:16 +0100] "GET /our-ladie-of-miracles-prayer-candle-novena-p-51638.html HTTP/1.0" 200 72742 "-" "Mozilla/5.0 (compatible; AhrefsBot/7.0; +http://ahrefs.com/robot/)"
216.18.204.215 - - [27/Jan/2021:00:07:18 +0100] "GET /italian-scooter-pop-art-black-women-tee-shirt-p-30953.html HTTP/1.0" 200 73949 "http://www.wonder-geek.com/" "Mozilla/5.0 (compatible; Adsbot/3.1)"
13.66.139.136 - - [27/Jan/2021:00:07:21 +0100] "GET /-p-12444.html HTTP/1.0" 200 69189 "-" "Mozilla/5.0 (compatible; bingbot/2.0; +http://www.bing.com/bingbot.htm)"
216.18.204.215 - - [27/Jan/2021:00:07:40 +0100] "GET /kimmidoll-love-lacy-luck-cover-for-iphone-and-p-17929.html HTTP/1.0" 200 72300 "http://www.wonder-geek.com/" "Mozilla/5.0 (compatible; Adsbot/3.1)"
216.18.204.215 - - [27/Jan/2021:00:07:57 +0100] "GET /limited-edition-small-wallet-ladybird-gorjuss-p-35138.html HTTP/1.0" 200 72928 "http://www.wonder-geek.com/" "Mozilla/5.0 (compatible; Adsbot/3.1)"
66.249.70.33 - - [27/Jan/2021:00:08:07 +0100] "GET /household-linen-c-11.html?page=21 HTTP/1.0" 200 91194 "-" "Mozilla/5.0 (Linux; Android 6.0.1; Nexus 5X Build/MMB29P) AppleWebKit/537.36 (KHTML, like Gecko) Chrome/88.0.4324.113 Mobile Safari/537.36 (compatible; Googlebot/2.1; +http://www.google.com/bot.html)"
66.249.70.62 - - [27/Jan/2021:00:08:13 +0100] "GET /images/mini_prod/3521320806334.gif HTTP/1.0" 200 268 "-" "Googlebot-Image/1.0"
216.18.204.215 - - [27/Jan/2021:00:08:22 +0100] "GET /mirror-structure-of-golden-curved-discs-65-cm-p-49681.html HTTP/1.0" 200 72081 "http://www.wonder-geek.com/" "Mozilla/5.0 (compatible; Adsbot/3.1)"
66.249.70.62 - - [27/Jan/2021:00:08:27 +0100] "GET /swfobject.js HTTP/1.0" 404 1308 "http://www.wonder-geek.com/household-linen-c-11.html?page=21" "Mozilla/5.0 (Linux; Android 6.0.1; Nexus 5X Build/MMB29P) AppleWebKit/537.36 (KHTML, like Gecko) Chrome/87.0.4280.90 Mobile Safari/537.36 (compatible; Googlebot/2.1; +http://www.google.com/bot.html)"
216.18.204.215 - - [27/Jan/2021:00:08:43 +0100] "GET /norika-protective-hard-case-for-iphone-and-4s-p-11365.html HTTP/1.0" 200 72128 "http://www.wonder-geek.com/" "Mozilla/5.0 (compatible; Adsbot/3.1)"
216.18.204.215 - - [27/Jan/2021:00:09:00 +0100] "GET /strawberry-shortcake-fleece-cap-and-scarf-set-p-22134.html HTTP/1.0" 200 72184 "http://www.wonder-geek.com/" "Mozilla/5.0 (compatible; Adsbot/3.1)"
114.119.147.45 - - [27/Jan/2021:00:09:03 +0100] "GET /doc-mcstuffins-little-backpack-p-30376.html HTTP/1.0" 200 72116 "-" "Mozilla/5.0 (Linux; Android 7.0;) AppleWebKit/537.36 (KHTML, like Gecko) Mobile Safari/537.36 (compatible; PetalBot;+https://aspiegel.com/petalbot)"
157.55.39.149 - - [27/Jan/2021:00:09:31 +0100] "GET /images/big_prod_1/8720088295977a.jpg HTTP/1.0" 200 271 "-" "Mozilla/5.0 (compatible; bingbot/2.0; +http://www.bing.com/bingbot.htm)"
216.18.204.215 - - [27/Jan/2021:00:09:36 +0100] "GET /suitcase-braiding-and-imitation-leather-81-cm-p-49870.html HTTP/1.0" 200 73027 "http://www.wonder-geek.com/" "Mozilla/5.0 (compatible; Adsbot/3.1)"
178.159.37.142 - - [27/Jan/2021:00:09:38 +0100] "GET /create_account.php HTTP/1.0" 301 547 "-" "Mozilla/4.0 (compatible; MSIE 6.0; Windows NT 5.1; SV1)"
178.159.37.142 - - [27/Jan/2021:00:09:38 +0100] "GET /create_account.php HTTP/1.0" 200 33630 "-" "Mozilla/4.0 (compatible; MSIE 6.0; Windows NT 5.1; SV1)"
178.159.37.142 - - [27/Jan/2021:00:09:38 +0100] "POST /create_account.php HTTP/1.0" 200 34540 "http://wonder-geek.com/create_account.php" "Mozilla/4.0 (compatible; MSIE 6.0; Windows NT 5.1; SV1)"
66.249.70.62 - - [27/Jan/2021:00:09:58 +0100] "GET /images/mini_prod/3014627898732.jpg HTTP/1.0" 200 269 "-" "Googlebot-Image/1.0"
66.249.70.62 - - [27/Jan/2021:00:09:58 +0100] "GET /images/mini_prod/3442440255225.jpg HTTP/1.0" 200 269 "-" "Googlebot-Image/1.0"
51.68.224.127 - - [27/Jan/2021:00:10:08 +0100] "GET /adminweb/export_orders_xml.php?token=256de2z6edz6ed2z6DFSFsed2zed6zeDSFDSGdzedezfzf&maxorders=10&orderstart=1&status=14&start_date=2018-10-01 HTTP/1.0" 200 285 "-" "GesCom CharlotteBoutik Serveur"
51.68.224.127 - - [27/Jan/2021:00:10:08 +0100] "GET /adminweb/export_orders_xml.php?token=256de2z6edz6ed2z6DFSFsed2zed6zeDSFDSGdzedezfzf&maxorders=10&orderstart=1&status=6&start_date=2018-10-01 HTTP/1.0" 200 29990 "-" "GesCom CharlotteBoutik Serveur"
216.18.204.215 - - [27/Jan/2021:00:10:10 +0100] "GET /van-gogh-terrasse-du-cafe-le-soir-adult-apron-p-47666.html HTTP/1.0" 200 71905 "http://www.wonder-geek.com/" "Mozilla/5.0 (compatible; Adsbot/3.1)"
216.244.66.242 - - [27/Jan/2021:00:10:22 +0100] "GET /handy-manny-disney-night-light-p-24751.html HTTP/1.0" 200 72218 "-" "Mozilla/5.0 (compatible; DotBot/1.1; http://www.opensiteexplorer.org/dotbot, help@moz.com)"
216.18.204.215 - - [27/Jan/2021:00:10:38 +0100] "GET /cushion-for-cat-or-small-dog-maison-du-bonheur-p-50856.html HTTP/1.0" 200 72571 "http://www.wonder-geek.com/" "Mozilla/5.0 (compatible; Adsbot/3.1)"
216.18.204.215 - - [27/Jan/2021:00:10:56 +0100] "GET /hello-kitty-chocolate-node-wallet-by-camomilla-p-16304.html HTTP/1.0" 200 72905 "http://www.wonder-geek.com/" "Mozilla/5.0 (compatible; Adsbot/3.1)"
216.18.204.215 - - [27/Jan/2021:00:11:31 +0100] "GET /industrial-retro-clock-in-aged-metal-31-285-cm-p-48585.html HTTP/1.0" 200 72184 "http://www.wonder-geek.com/" "Mozilla/5.0 (compatible; Adsbot/3.1)"
54.36.149.49 - - [27/Jan/2021:00:11:40 +0100] "GET /mugs-and-mazagrans-c-12_57.html?page=14 HTTP/1.0" 200 96345 "-" "Mozilla/5.0 (compatible; AhrefsBot/7.0; +http://ahrefs.com/robot/)"
216.18.204.215 - - [27/Jan/2021:00:11:52 +0100] "GET /suitcase-braiding-and-imitation-leather-715-cm-p-49990.html HTTP/1.0" 200 72929 "http://www.wonder-geek.com/" "Mozilla/5.0 (compatible; Adsbot/3.1)"
157.55.39.228 - - [27/Jan/2021:00:12:14 +0100] "GET /images/med_prod/3661977002656.jpg HTTP/1.0" 200 268 "-" "Mozilla/5.0 (compatible; bingbot/2.0; +http://www.bing.com/bingbot.htm)"
216.244.66.242 - - [27/Jan/2021:00:12:34 +0100] "GET /keyrings-c-3_52.html?page=1 HTTP/1.0" 200 92964 "-" "Mozilla/5.0 (compatible; DotBot/1.1; http://www.opensiteexplorer.org/dotbot, help@moz.com)"
216.18.204.215 - - [27/Jan/2021:00:12:45 +0100] "GET /brown-horse-case-lenticulaire-for-iphone-series-p-22168.html HTTP/1.0" 200 72216 "http://www.wonder-geek.com/" "Mozilla/5.0 (compatible; Adsbot/3.1)"
157.55.39.228 - - [27/Jan/2021:00:12:55 +0100] "GET /-p-22818.html HTTP/1.0" 200 69189 "-" "Mozilla/5.0 (compatible; bingbot/2.0; +http://www.bing.com/bingbot.htm)"
157.55.39.153 - - [27/Jan/2021:00:12:59 +0100] "GET /images/5411854151681.jpg HTTP/1.0" 200 259 "-" "Mozilla/5.0 (compatible; bingbot/2.0; +http://www.bing.com/bingbot.htm)"
157.55.39.153 - - [27/Jan/2021:00:13:00 +0100] "GET /images/big_prod/3665269031201.jpg HTTP/1.0" 200 268 "-" "Mozilla/5.0 (compatible; bingbot/2.0; +http://www.bing.com/bingbot.htm)"
216.244.66.242 - - [27/Jan/2021:00:13:09 +0100] "GET /stationery-and-cardmaking-c-129.html?page=18 HTTP/1.0" 200 91558 "-" "Mozilla/5.0 (compatible; DotBot/1.1; http://www.opensiteexplorer.org/dotbot, help@moz.com)"
66.249.70.62 - - [27/Jan/2021:00:13:13 +0100] "GET /-m-145.html HTTP/1.0" 200 80580 "-" "Mozilla/5.0 (Linux; Android 6.0.1; Nexus 5X Build/MMB29P) AppleWebKit/537.36 (KHTML, like Gecko) Chrome/88.0.4324.112 Mobile Safari/537.36 (compatible; Googlebot/2.1; +http://www.google.com/bot.html)"
216.244.66.242 - - [27/Jan/2021:00:13:17 +0100] "GET /zippo-lighter-and-knife-set-p-51967.html HTTP/1.0" 200 73210 "-" "Mozilla/5.0 (compatible; DotBot/1.1; http://www.opensiteexplorer.org/dotbot, help@moz.com)"
216.18.204.215 - - [27/Jan/2021:00:13:18 +0100] "GET /cats-dubout-cotton-kitchen-apron-made-in-france-p-36644.html HTTP/1.0" 200 72024 "http://www.wonder-geek.com/" "Mozilla/5.0 (compatible; Adsbot/3.1)"
114.119.132.105 - - [27/Jan/2021:00:13:22 +0100] "GET /fff-kids-school-bag-p-52080.html HTTP/1.0" 200 72674 "-" "Mozilla/5.0 (Linux; Android 7.0;) AppleWebKit/537.36 (KHTML, like Gecko) Mobile Safari/537.36 (compatible; PetalBot;+https://aspiegel.com/petalbot)"
216.244.66.242 - - [27/Jan/2021:00:13:26 +0100] "GET /frozen-rubber-keychain-anna-p-34067.html HTTP/1.0" 200 71895 "-" "Mozilla/5.0 (compatible; DotBot/1.1; http://www.opensiteexplorer.org/dotbot, help@moz.com)"
216.244.66.242 - - [27/Jan/2021:00:13:30 +0100] "GET /vanity-beauty-bags-c-31_78.html?page=5 HTTP/1.0" 200 79233 "-" "Mozilla/5.0 (compatible; DotBot/1.1; http://www.opensiteexplorer.org/dotbot, help@moz.com)"
216.18.204.215 - - [27/Jan/2021:00:13:40 +0100] "GET /chocolate-brown-zippo-wallet-with-red-stitching-p-49093.html HTTP/1.0" 200 73168 "http://www.wonder-geek.com/" "Mozilla/5.0 (compatible; Adsbot/3.1)"
216.18.204.215 - - [27/Jan/2021:00:14:06 +0100] "GET /double-round-mirror-copper-aspect-free-standing-p-52464.html HTTP/1.0" 200 72947 "http://www.wonder-geek.com/" "Mozilla/5.0 (compatible; Adsbot/3.1)"
216.244.66.242 - - [27/Jan/2021:00:14:31 +0100] "GET /brazil-mouse-pad-cbkreation-p-13983.html HTTP/1.0" 200 71828 "-" "Mozilla/5.0 (compatible; DotBot/1.1; http://www.opensiteexplorer.org/dotbot, help@moz.com)"
216.18.204.215 - - [27/Jan/2021:00:14:35 +0100] "GET /double-round-mirror-golden-aspect-free-standing-p-52468.html HTTP/1.0" 200 72938 "http://www.wonder-geek.com/" "Mozilla/5.0 (compatible; Adsbot/3.1)"
13.66.139.139 - - [27/Jan/2021:00:14:43 +0100] "GET /electric-bulb-illuminated-sign-51-cm-come-in-we-are-open-p-46276.html HTTP/1.0" 200 73175 "-" "Mozilla/5.0 (compatible; bingbot/2.0; +http://www.bing.com/bingbot.htm)"
216.244.66.242 - - [27/Jan/2021:00:14:49 +0100] "GET /minnie-mouse-travel-journal-p-26052.html HTTP/1.0" 200 71985 "-" "Mozilla/5.0 (compatible; DotBot/1.1; http://www.opensiteexplorer.org/dotbot, help@moz.com)"
216.244.66.242 - - [27/Jan/2021:00:14:53 +0100] "GET /wolverine-figure-p-23421.html HTTP/1.0" 200 71646 "-" "Mozilla/5.0 (compatible; DotBot/1.1; http://www.opensiteexplorer.org/dotbot, help@moz.com)"
216.18.204.215 - - [27/Jan/2021:00:14:55 +0100] "GET /frida-khalo-rectangular-presentation-dish-model-p-49530.html HTTP/1.0" 200 72173 "http://www.wonder-geek.com/" "Mozilla/5.0 (compatible; Adsbot/3.1)"
