51.68.224.127 - - [27/Jan/2021:01:14:05 +0100] "GET /adminweb/export_orders_xml.php?token=256de2z6edz6ed2z6DFSFsed2zed6zeDSFDSGdzedezfzf&maxorders=10&orderstart=1&status=6&start_date=2018-10-01 HTTP/1.0" 200 29990 "-" "GesCom CharlotteBoutik Serveur"
207.46.13.37 - - [27/Jan/2021:01:14:09 +0100] "GET /images/mini_prod/5051276247823.jpg HTTP/1.0" 200 269 "-" "Mozilla/5.0 (compatible; bingbot/2.0; +http://www.bing.com/bingbot.htm)"
216.18.204.215 - - [27/Jan/2021:01:14:22 +0100] "GET /statue-the-white-bear-of-francois-pompon-anthracite-p-53533.html HTTP/1.0" 200 72774 "http://www.wonder-geek.com/" "Mozilla/5.0 (compatible; Adsbot/3.1)"
207.46.13.53 - - [27/Jan/2021:01:14:56 +0100] "GET /images/4895029694677.jpg HTTP/1.0" 200 259 "-" "Mozilla/5.0 (compatible; bingbot/2.0; +http://www.bing.com/bingbot.htm)"
216.18.204.215 - - [27/Jan/2021:01:14:57 +0100] "GET /the-marseillaises-expressions-white-women-tee-shirt-p-35574.html HTTP/1.0" 200 73999 "http://www.wonder-geek.com/" "Mozilla/5.0 (compatible; Adsbot/3.1)"
216.18.204.215 - - [27/Jan/2021:01:15:12 +0100] "GET /disney-princess-miniature-character-with-accessories-p-38130.html HTTP/1.0" 200 72189 "http://www.wonder-geek.com/" "Mozilla/5.0 (compatible; Adsbot/3.1)"
54.36.149.55 - - [27/Jan/2021:01:15:16 +0100] "GET /night-clothes-c-1_24.html HTTP/1.0" 200 68122 "-" "Mozilla/5.0 (compatible; AhrefsBot/7.0; +http://ahrefs.com/robot/)"
216.18.204.215 - - [27/Jan/2021:01:15:27 +0100] "GET /bowl-grinning-white-porcelain-1000-ml-made-in-germany-p-50921.html HTTP/1.0" 200 74207 "http://www.wonder-geek.com/" "Mozilla/5.0 (compatible; Adsbot/3.1)"
157.55.39.153 - - [27/Jan/2021:01:15:41 +0100] "GET /images/big_prod_3/8422302656402.jpg HTTP/1.0" 200 270 "-" "Mozilla/5.0 (compatible; bingbot/2.0; +http://www.bing.com/bingbot.htm)"
216.18.204.215 - - [27/Jan/2021:01:15:42 +0100] "GET /bowl-laughing-white-porcelain-1000-ml-made-in-germany-p-47552.html HTTP/1.0" 200 74180 "http://www.wonder-geek.com/" "Mozilla/5.0 (compatible; Adsbot/3.1)"
216.18.204.215 - - [27/Jan/2021:01:15:58 +0100] "GET /hello-kitty-chocolate-houndstooth-wallet-by-camomilla-p-16302.html HTTP/1.0" 200 72961 "http://www.wonder-geek.com/" "Mozilla/5.0 (compatible; Adsbot/3.1)"
207.46.13.37 - - [27/Jan/2021:01:16:12 +0100] "GET /images/8012052165530.jpg HTTP/1.0" 200 259 "-" "Mozilla/5.0 (Windows NT 6.1; WOW64) AppleWebKit/534+ (KHTML, like Gecko) BingPreview/1.0b"
216.18.204.215 - - [27/Jan/2021:01:16:16 +0100] "GET /silhouette-art-ceramic-vase-van-gogh-the-starry-night-p-53525.html HTTP/1.0" 200 73789 "http://www.wonder-geek.com/" "Mozilla/5.0 (compatible; Adsbot/3.1)"
216.18.204.215 - - [27/Jan/2021:01:16:45 +0100] "GET /quilted-floor-mat-65-165-cm-triangles-p-45106.html HTTP/1.0" 200 73080 "http://www.wonder-geek.com/" "Mozilla/5.0 (compatible; Adsbot/3.1)"
216.18.204.215 - - [27/Jan/2021:01:17:12 +0100] "GET /tania-velvet-chair-cushion-grey-40-cm-p-49317.html HTTP/1.0" 200 72806 "http://www.wonder-geek.com/" "Mozilla/5.0 (compatible; Adsbot/3.1)"
216.18.204.215 - - [27/Jan/2021:01:17:30 +0100] "GET /un-petit-coin-de-paradis-wall-sticker-p-39310.html HTTP/1.0" 200 71973 "http://www.wonder-geek.com/" "Mozilla/5.0 (compatible; Adsbot/3.1)"
216.18.204.215 - - [27/Jan/2021:01:17:51 +0100] "GET /william-shakespeare-stickers-20-70-cm-p-39324.html HTTP/1.0" 200 72013 "http://www.wonder-geek.com/" "Mozilla/5.0 (compatible; Adsbot/3.1)"
216.244.66.242 - - [27/Jan/2021:01:18:13 +0100] "GET /cats-large-soup-bowl-p-41629.html HTTP/1.0" 200 69259 "-" "Mozilla/5.0 (compatible; DotBot/1.1; http://www.opensiteexplorer.org/dotbot, help@moz.com)"
216.244.66.242 - - [27/Jan/2021:01:18:22 +0100] "GET /zippo-brown-leather-wallet-p-42884.html HTTP/1.0" 200 72778 "-" "Mozilla/5.0 (compatible; DotBot/1.1; http://www.opensiteexplorer.org/dotbot, help@moz.com)"
207.46.13.6 - - [27/Jan/2021:01:18:26 +0100] "GET /images/801205211350019072012.jpg HTTP/1.0" 200 267 "-" "Mozilla/5.0 (Windows NT 6.1; WOW64) AppleWebKit/534+ (KHTML, like Gecko) BingPreview/1.0b"
216.18.204.215 - - [27/Jan/2021:01:18:31 +0100] "GET /chair-cushion-sides-lin-and-ecru-40-cm-p-34841.html HTTP/1.0" 200 72618 "http://www.wonder-geek.com/" "Mozilla/5.0 (compatible; Adsbot/3.1)"
54.36.149.85 - - [27/Jan/2021:01:18:35 +0100] "GET /euros-by-cbk-mug-p-14047.html HTTP/1.0" 301 71909 "-" "Mozilla/5.0 (compatible; AhrefsBot/7.0; +http://ahrefs.com/robot/)"
66.249.70.36 - - [27/Jan/2021:01:18:48 +0100] "GET /panoramix-figure-p-3928.html HTTP/1.0" 200 71642 "-" "Mozilla/5.0 (Linux; Android 6.0.1; Nexus 5X Build/MMB29P) AppleWebKit/537.36 (KHTML, like Gecko) Chrome/88.0.4324.113 Mobile Safari/537.36 (compatible; Googlebot/2.1; +http://www.google.com/bot.html)"
216.18.204.215 - - [27/Jan/2021:01:19:20 +0100] "GET /cotton-floor-cushion-45-45-20-cm-black-p-45277.html HTTP/1.0" 200 72836 "http://www.wonder-geek.com/" "Mozilla/5.0 (compatible; Adsbot/3.1)"
216.244.66.242 - - [27/Jan/2021:01:19:26 +0100] "GET /rattan-basket-67-cm-p-49421.html HTTP/1.0" 200 72595 "-" "Mozilla/5.0 (compatible; DotBot/1.1; http://www.opensiteexplorer.org/dotbot, help@moz.com)"
54.36.148.242 - - [27/Jan/2021:01:19:41 +0100] "GET /umbrellas-c-31_16.html HTTP/1.0" 200 90371 "-" "Mozilla/5.0 (compatible; AhrefsBot/7.0; +http://ahrefs.com/robot/)"
216.18.204.215 - - [27/Jan/2021:01:19:47 +0100] "GET /cotton-floor-cushion-45-45-20-cm-white-p-45278.html HTTP/1.0" 200 72836 "http://www.wonder-geek.com/" "Mozilla/5.0 (compatible; Adsbot/3.1)"
216.18.204.215 - - [27/Jan/2021:01:20:23 +0100] "GET /cotton-floor-cushion-45-45-30-cm-black-p-48997.html HTTP/1.0" 200 72867 "http://www.wonder-geek.com/" "Mozilla/5.0 (compatible; Adsbot/3.1)"
157.55.39.153 - - [27/Jan/2021:01:20:41 +0100] "GET /images/mini_prod/1384220103222.jpg HTTP/1.0" 200 269 "-" "Mozilla/5.0 (compatible; bingbot/2.0; +http://www.bing.com/bingbot.htm)"
216.18.204.215 - - [27/Jan/2021:01:20:59 +0100] "GET /cotton-floor-cushion-julie-40-40-30-cm-p-49656.html HTTP/1.0" 200 72614 "http://www.wonder-geek.com/" "Mozilla/5.0 (compatible; Adsbot/3.1)"
207.46.13.55 - - [27/Jan/2021:01:21:05 +0100] "GET /images/mini_prod/5027148026261.jpg HTTP/1.0" 200 269 "-" "Mozilla/5.0 (compatible; bingbot/2.0; +http://www.bing.com/bingbot.htm)"
207.46.13.37 - - [27/Jan/2021:01:21:08 +0100] "GET /images/5010065082236.jpg HTTP/1.0" 200 259 "-" "Mozilla/5.0 (Windows NT 6.1; WOW64) AppleWebKit/534+ (KHTML, like Gecko) BingPreview/1.0b"
216.244.66.242 - - [27/Jan/2021:01:21:12 +0100] "GET /collectible-figurines-and-decorative-c-13_135.html?page=7 HTTP/1.0" 200 95891 "-" "Mozilla/5.0 (compatible; DotBot/1.1; http://www.opensiteexplorer.org/dotbot, help@moz.com)"
216.18.204.215 - - [27/Jan/2021:01:21:38 +0100] "GET /cotton-floor-cushion-tiksi-40-40-30-cm-p-52934.html HTTP/1.0" 200 72829 "http://www.wonder-geek.com/" "Mozilla/5.0 (compatible; Adsbot/3.1)"
216.18.204.215 - - [27/Jan/2021:01:22:16 +0100] "GET /indian-boho-wolf-wall-sticker-50-70-cm-p-45019.html HTTP/1.0" 200 71995 "http://www.wonder-geek.com/" "Mozilla/5.0 (compatible; Adsbot/3.1)"
216.244.66.242 - - [27/Jan/2021:01:22:37 +0100] "GET /nici-horses-mouse-pad-p-9494.html HTTP/1.0" 200 71947 "-" "Mozilla/5.0 (compatible; DotBot/1.1; http://www.opensiteexplorer.org/dotbot, help@moz.com)"
216.18.204.215 - - [27/Jan/2021:01:22:39 +0100] "GET /la-vie-est-un-voyage-stickers-20-70-cm-p-39329.html HTTP/1.0" 200 72024 "http://www.wonder-geek.com/" "Mozilla/5.0 (compatible; Adsbot/3.1)"
157.55.39.228 - - [27/Jan/2021:01:23:04 +0100] "GET /images/DSCN3871chf.jpg HTTP/1.0" 200 257 "-" "Mozilla/5.0 (compatible; bingbot/2.0; +http://www.bing.com/bingbot.htm)"
216.18.204.215 - - [27/Jan/2021:01:23:04 +0100] "GET /quote-wall-stickers-20-70-cm-parakeets-p-47314.html HTTP/1.0" 200 72594 "http://www.wonder-geek.com/" "Mozilla/5.0 (compatible; Adsbot/3.1)"
216.18.204.215 - - [27/Jan/2021:01:23:22 +0100] "GET /schoolbag-caramel-and-cie-little-foxes-p-48771.html HTTP/1.0" 200 72859 "http://www.wonder-geek.com/" "Mozilla/5.0 (compatible; Adsbot/3.1)"
216.18.204.215 - - [27/Jan/2021:01:23:31 +0100] "GET /tania-velvet-chair-cushion-beige-40-cm-p-49352.html HTTP/1.0" 200 72814 "http://www.wonder-geek.com/" "Mozilla/5.0 (compatible; Adsbot/3.1)"
54.36.148.87 - - [27/Jan/2021:01:23:47 +0100] "GET /desk-blotter-c-129_190.html HTTP/1.0" 200 74679 "-" "Mozilla/5.0 (compatible; AhrefsBot/7.0; +http://ahrefs.com/robot/)"
216.244.66.242 - - [27/Jan/2021:01:23:53 +0100] "GET /disney-princess-snow-white-parka-p-31246.html HTTP/1.0" 200 73098 "-" "Mozilla/5.0 (compatible; DotBot/1.1; http://www.opensiteexplorer.org/dotbot, help@moz.com)"
216.18.204.215 - - [27/Jan/2021:01:23:56 +0100] "GET /tania-velvet-chair-cushion-green-40-cm-p-49353.html HTTP/1.0" 200 72814 "http://www.wonder-geek.com/" "Mozilla/5.0 (compatible; Adsbot/3.1)"
216.244.66.242 - - [27/Jan/2021:01:23:56 +0100] "GET /so-vintage-khaki-computer-bag-p-19016.html HTTP/1.0" 200 74863 "-" "Mozilla/5.0 (compatible; DotBot/1.1; http://www.opensiteexplorer.org/dotbot, help@moz.com)"
216.18.204.215 - - [27/Jan/2021:01:24:14 +0100] "GET /chair-cushion-scratchs-terracotta-38-cm-p-51736.html HTTP/1.0" 200 71971 "http://www.wonder-geek.com/" "Mozilla/5.0 (compatible; Adsbot/3.1)"
216.18.204.215 - - [27/Jan/2021:01:24:28 +0100] "GET /chair-cushion-sides-grey-and-ecru-40-cm-p-34842.html HTTP/1.0" 200 72629 "http://www.wonder-geek.com/" "Mozilla/5.0 (compatible; Adsbot/3.1)"
66.249.70.36 - - [27/Jan/2021:01:24:32 +0100] "GET /gold-birds-mini-melamine-tray-p-37949.html HTTP/1.0" 301 69256 "-" "Mozilla/5.0 (compatible; Googlebot/2.1; +http://www.google.com/bot.html)"
66.249.70.33 - - [27/Jan/2021:01:24:33 +0100] "GET /-p-37949.html HTTP/1.0" 200 69189 "-" "Mozilla/5.0 (compatible; Googlebot/2.1; +http://www.google.com/bot.html)"
216.244.66.242 - - [27/Jan/2021:01:24:40 +0100] "GET /new-york-yankees-school-bag-38-cm-p-41167.html HTTP/1.0" 200 72357 "-" "Mozilla/5.0 (compatible; DotBot/1.1; http://www.opensiteexplorer.org/dotbot, help@moz.com)"
207.46.13.55 - - [27/Jan/2021:01:24:46 +0100] "GET /images/mini_prod/3665269032222.jpg HTTP/1.0" 200 269 "-" "Mozilla/5.0 (compatible; bingbot/2.0; +http://www.bing.com/bingbot.htm)"
157.55.39.228 - - [27/Jan/2021:01:24:51 +0100] "GET /-p-18893.html HTTP/1.0" 200 69189 "-" "Mozilla/5.0 (compatible; bingbot/2.0; +http://www.bing.com/bingbot.htm)"
216.18.204.215 - - [27/Jan/2021:01:24:51 +0100] "GET /cotton-floor-cushion-40-40-25-cm-halden-p-52540.html HTTP/1.0" 200 72885 "http://www.wonder-geek.com/" "Mozilla/5.0 (compatible; Adsbot/3.1)"
216.244.66.242 - - [27/Jan/2021:01:25:07 +0100] "GET /candy-cloud-hair-brush-twinkles-p-46653.html HTTP/1.0" 200 72522 "-" "Mozilla/5.0 (compatible; DotBot/1.1; http://www.opensiteexplorer.org/dotbot, help@moz.com)"
216.18.204.215 - - [27/Jan/2021:01:25:11 +0100] "GET /cotton-floor-cushion-eliane-40-40-30-cm-p-49129.html HTTP/1.0" 200 72603 "http://www.wonder-geek.com/" "Mozilla/5.0 (compatible; Adsbot/3.1)"
216.244.66.242 - - [27/Jan/2021:01:25:12 +0100] "GET /frida-khalo-saucer-for-tea-bag-p-50157.html HTTP/1.0" 200 71883 "-" "Mozilla/5.0 (compatible; DotBot/1.1; http://www.opensiteexplorer.org/dotbot, help@moz.com)"
216.244.66.242 - - [27/Jan/2021:01:25:18 +0100] "GET /chili-rectangulary-cushion-by-cbkreation-p-36753.html HTTP/1.0" 200 72188 "-" "Mozilla/5.0 (compatible; DotBot/1.1; http://www.opensiteexplorer.org/dotbot, help@moz.com)"
216.244.66.242 - - [27/Jan/2021:01:25:21 +0100] "GET /mini-metal-tray-dubout-cats-p-36474.html HTTP/1.0" 200 71954 "-" "Mozilla/5.0 (compatible; DotBot/1.1; http://www.opensiteexplorer.org/dotbot, help@moz.com)"
216.18.204.215 - - [27/Jan/2021:01:25:26 +0100] "GET /meditation-cushion-black-organic-cotton-p-47257.html HTTP/1.0" 200 72851 "http://www.wonder-geek.com/" "Mozilla/5.0 (compatible; Adsbot/3.1)"
13.66.139.5 - - [27/Jan/2021:01:25:30 +0100] "GET /beatles-abbey-road-carry-calling-cards-p-19517.html HTTP/1.0" 200 72222 "-" "Mozilla/5.0 (compatible; bingbot/2.0; +http://www.bing.com/bingbot.htm)"
216.244.66.242 - - [27/Jan/2021:01:25:38 +0100] "GET /camargue-metal-rests-flat-p-43891.html HTTP/1.0" 200 71835 "-" "Mozilla/5.0 (compatible; DotBot/1.1; http://www.opensiteexplorer.org/dotbot, help@moz.com)"
216.244.66.242 - - [27/Jan/2021:01:25:48 +0100] "GET /-c-110.html HTTP/1.0" 200 67876 "-" "Mozilla/5.0 (compatible; DotBot/1.1; http://www.opensiteexplorer.org/dotbot, help@moz.com)"
216.18.204.215 - - [27/Jan/2021:01:25:49 +0100] "GET /chair-cushion-sides-beige-and-blue-40-cm-p-49315.html HTTP/1.0" 200 71994 "http://www.wonder-geek.com/" "Mozilla/5.0 (compatible; Adsbot/3.1)"
216.244.66.242 - - [27/Jan/2021:01:25:51 +0100] "GET /-p-20139.html HTTP/1.0" 200 69189 "-" "Mozilla/5.0 (compatible; DotBot/1.1; http://www.opensiteexplorer.org/dotbot, help@moz.com)"
216.244.66.242 - - [27/Jan/2021:01:25:55 +0100] "GET /-p-23199.html HTTP/1.0" 200 69189 "-" "Mozilla/5.0 (compatible; DotBot/1.1; http://www.opensiteexplorer.org/dotbot, help@moz.com)"
216.244.66.242 - - [27/Jan/2021:01:25:59 +0100] "GET /hedgehog-glass-trivet-p-45187.html HTTP/1.0" 200 69263 "-" "Mozilla/5.0 (compatible; DotBot/1.1; http://www.opensiteexplorer.org/dotbot, help@moz.com)"
216.18.204.215 - - [27/Jan/2021:01:26:09 +0100] "GET /chair-cushion-sides-green-and-grey-40-cm-p-47893.html HTTP/1.0" 200 71942 "http://www.wonder-geek.com/" "Mozilla/5.0 (compatible; Adsbot/3.1)"
216.244.66.242 - - [27/Jan/2021:01:26:19 +0100] "GET /fragrance-sachet-eastern-promise-p-40558.html HTTP/1.0" 200 69292 "-" "Mozilla/5.0 (compatible; DotBot/1.1; http://www.opensiteexplorer.org/dotbot, help@moz.com)"
216.18.204.215 - - [27/Jan/2021:01:26:31 +0100] "GET /cotton-floor-cushion-bohochic-blue-45-cm-p-52544.html HTTP/1.0" 200 72783 "http://www.wonder-geek.com/" "Mozilla/5.0 (compatible; Adsbot/3.1)"
216.18.204.215 - - [27/Jan/2021:01:26:49 +0100] "GET /cotton-floor-cushion-guimard-40-40-30-cm-p-49367.html HTTP/1.0" 200 71980 "http://www.wonder-geek.com/" "Mozilla/5.0 (compatible; Adsbot/3.1)"
13.66.139.139 - - [27/Jan/2021:01:26:50 +0100] "GET /images/big_prod/4029811354597.jpg HTTP/1.0" 200 268 "-" "Mozilla/5.0 (compatible; bingbot/2.0; +http://www.bing.com/bingbot.htm)"
54.36.148.227 - - [27/Jan/2021:01:27:06 +0100] "GET /so-vintage-chocolate-hanging-toiletry-p-19021.html HTTP/1.0" 301 69256 "-" "Mozilla/5.0 (compatible; AhrefsBot/7.0; +http://ahrefs.com/robot/)"
216.18.204.215 - - [27/Jan/2021:01:27:13 +0100] "GET /henry-james-quote-wall-stickers-50-70-cm-p-42965.html HTTP/1.0" 200 71997 "http://www.wonder-geek.com/" "Mozilla/5.0 (compatible; Adsbot/3.1)"
46.161.15.40 - - [27/Jan/2021:01:27:26 +0100] "GET /contact_us.php HTTP/1.0" 301 539 "http://wonder-geek.com/contact_us.php" "Mozilla/5.0 (Windows NT 10.0; Win64; x64) AppleWebKit/537.36 (KHTML, like Gecko) Chrome/83.0.4103.24 Safari/537.36"
46.161.15.40 - - [27/Jan/2021:01:27:26 +0100] "GET /contact_us.php HTTP/1.0" 200 26238 "http://www.wonder-geek.com/contact_us.php" "Mozilla/5.0 (Windows NT 10.0; Win64; x64) AppleWebKit/537.36 (KHTML, like Gecko) Chrome/83.0.4103.24 Safari/537.36"
46.161.15.40 - - [27/Jan/2021:01:27:26 +0100] "POST /contact_us.php?action=send HTTP/1.0" 200 26427 "http://www.wonder-geek.com/contact_us.php" "Mozilla/5.0 (Windows NT 10.0; Win64; x64) AppleWebKit/537.36 (KHTML, like Gecko) Chrome/83.0.4103.24 Safari/537.36"
216.18.204.215 - - [27/Jan/2021:01:27:39 +0100] "GET /les-plus-grandes-joies-stickers-20-70-cm-p-39322.html HTTP/1.0" 200 72040 "http://www.wonder-geek.com/" "Mozilla/5.0 (compatible; Adsbot/3.1)"
216.18.204.215 - - [27/Jan/2021:01:28:00 +0100] "GET /meditation-cushion-6th-chakra-aja-indigo-p-45370.html HTTP/1.0" 200 73089 "http://www.wonder-geek.com/" "Mozilla/5.0 (compatible; Adsbot/3.1)"
157.55.39.228 - - [27/Jan/2021:01:28:05 +0100] "GET /images/big_prod/067103378290.jpg HTTP/1.0" 200 267 "-" "Mozilla/5.0 (compatible; bingbot/2.0; +http://www.bing.com/bingbot.htm)"
54.36.148.227 - - [27/Jan/2021:01:28:06 +0100] "GET /fatma-hand-coaster-p-53506.html HTTP/1.0" 200 71781 "-" "Mozilla/5.0 (compatible; AhrefsBot/7.0; +http://ahrefs.com/robot/)"
216.18.204.215 - - [27/Jan/2021:01:28:24 +0100] "GET /oscar-wilde-quote-wall-stickers-50-70-cm-p-42957.html HTTP/1.0" 200 71997 "http://www.wonder-geek.com/" "Mozilla/5.0 (compatible; Adsbot/3.1)"
216.18.204.215 - - [27/Jan/2021:01:28:45 +0100] "GET /chair-cushion-scratchs-blue-and-lin-38-cm-p-43501.html HTTP/1.0" 200 71980 "http://www.wonder-geek.com/" "Mozilla/5.0 (compatible; Adsbot/3.1)"
66.249.70.33 - - [27/Jan/2021:01:28:50 +0100] "GET /boutis-bedspread-and-pillowcases-arkansas-p-38894.html HTTP/1.0" 200 72040 "-" "Mozilla/5.0 (Linux; Android 6.0.1; Nexus 5X Build/MMB29P) AppleWebKit/537.36 (KHTML, like Gecko) Chrome/88.0.4324.113 Mobile Safari/537.36 (compatible; Googlebot/2.1; +http://www.google.com/bot.html)"
66.249.70.62 - - [27/Jan/2021:01:28:57 +0100] "GET /mondial_relay/js/jquery-1.3.2.min.js HTTP/1.0" 200 276 "http://www.wonder-geek.com/boutis-bedspread-and-pillowcases-arkansas-p-38894.html" "Mozilla/5.0 (Linux; Android 6.0.1; Nexus 5X Build/MMB29P) AppleWebKit/537.36 (KHTML, like Gecko) Chrome/87.0.4280.90 Mobile Safari/537.36 (compatible; Googlebot/2.1; +http://www.google.com/bot.html)"
66.249.70.62 - - [27/Jan/2021:01:28:57 +0100] "GET /js/jquery.jqzoom.js HTTP/1.0" 200 259 "http://www.wonder-geek.com/boutis-bedspread-and-pillowcases-arkansas-p-38894.html" "Mozilla/5.0 (Linux; Android 6.0.1; Nexus 5X Build/MMB29P) AppleWebKit/537.36 (KHTML, like Gecko) Chrome/87.0.4280.90 Mobile Safari/537.36 (compatible; Googlebot/2.1; +http://www.google.com/bot.html)"
66.249.70.33 - - [27/Jan/2021:01:28:57 +0100] "GET /highslide/highslide.js HTTP/1.0" 200 262 "http://www.wonder-geek.com/boutis-bedspread-and-pillowcases-arkansas-p-38894.html" "Mozilla/5.0 (Linux; Android 6.0.1; Nexus 5X Build/MMB29P) AppleWebKit/537.36 (KHTML, like Gecko) Chrome/87.0.4280.90 Mobile Safari/537.36 (compatible; Googlebot/2.1; +http://www.google.com/bot.html)"
66.249.70.62 - - [27/Jan/2021:01:28:58 +0100] "GET /js/jquery.js HTTP/1.0" 200 252 "http://www.wonder-geek.com/boutis-bedspread-and-pillowcases-arkansas-p-38894.html" "Mozilla/5.0 (Linux; Android 6.0.1; Nexus 5X Build/MMB29P) AppleWebKit/537.36 (KHTML, like Gecko) Chrome/87.0.4280.90 Mobile Safari/537.36 (compatible; Googlebot/2.1; +http://www.google.com/bot.html)"
66.249.70.62 - - [27/Jan/2021:01:28:59 +0100] "GET /swfobject.js HTTP/1.0" 404 1308 "http://www.wonder-geek.com/boutis-bedspread-and-pillowcases-arkansas-p-38894.html" "Mozilla/5.0 (Linux; Android 6.0.1; Nexus 5X Build/MMB29P) AppleWebKit/537.36 (KHTML, like Gecko) Chrome/87.0.4280.90 Mobile Safari/537.36 (compatible; Googlebot/2.1; +http://www.google.com/bot.html)"
216.18.204.215 - - [27/Jan/2021:01:29:04 +0100] "GET /chair-cushion-scratchs-blue-and-lin-38-cm-p-49314.html HTTP/1.0" 200 71980 "http://www.wonder-geek.com/" "Mozilla/5.0 (compatible; Adsbot/3.1)"
216.18.204.215 - - [27/Jan/2021:01:29:19 +0100] "GET /chair-cushion-sides-beige-and-green-40-cm-p-47028.html HTTP/1.0" 200 72001 "http://www.wonder-geek.com/" "Mozilla/5.0 (compatible; Adsbot/3.1)"
216.18.204.215 - - [27/Jan/2021:01:29:34 +0100] "GET /cotton-floor-cushion-chrysler-40-40-30-cm-p-49128.html HTTP/1.0" 200 71977 "http://www.wonder-geek.com/" "Mozilla/5.0 (compatible; Adsbot/3.1)"
216.18.204.215 - - [27/Jan/2021:01:29:53 +0100] "GET /cotton-floor-cushion-longbeach-blue-40-cm-p-51662.html HTTP/1.0" 200 69313 "http://www.wonder-geek.com/" "Mozilla/5.0 (compatible; Adsbot/3.1)"
51.68.224.127 - - [27/Jan/2021:01:29:56 +0100] "GET /adminweb/export_orders_xml.php?token=256de2z6edz6ed2z6DFSFsed2zed6zeDSFDSGdzedezfzf&maxorders=10&orderstart=1&status=14&start_date=2018-10-01 HTTP/1.0" 200 285 "-" "GesCom CharlotteBoutik Serveur"
51.68.224.127 - - [27/Jan/2021:01:29:56 +0100] "GET /adminweb/export_orders_xml.php?token=256de2z6edz6ed2z6DFSFsed2zed6zeDSFDSGdzedezfzf&maxorders=10&orderstart=1&status=6&start_date=2018-10-01 HTTP/1.0" 200 29990 "-" "GesCom CharlotteBoutik Serveur"
207.46.13.55 - - [27/Jan/2021:01:30:26 +0100] "GET /images/big_prod_1/8422669354003B.jpg HTTP/1.0" 200 271 "-" "Mozilla/5.0 (compatible; bingbot/2.0; +http://www.bing.com/bingbot.htm)"
157.55.39.28 - - [27/Jan/2021:01:30:37 +0100] "GET /robots.txt HTTP/1.0" 200 245 "-" "Mozilla/5.0 (compatible; bingbot/2.0; +http://www.bing.com/bingbot.htm)"
66.249.70.36 - - [27/Jan/2021:01:32:13 +0100] "GET /images/mini_prod/TROBP3458.gif HTTP/1.0" 404 1308 "-" "Googlebot-Image/1.0"
13.66.139.2 - - [27/Jan/2021:01:32:20 +0100] "GET /peg-and-coat-hook-c-13_198.html?page=2 HTTP/1.0" 200 89722 "-" "Mozilla/5.0 (compatible; bingbot/2.0; +http://www.bing.com/bingbot.htm)"
54.36.148.93 - - [27/Jan/2021:01:32:27 +0100] "GET /creative-hobbies-and-coloring-c-129_30.html HTTP/1.0" 200 90348 "-" "Mozilla/5.0 (compatible; AhrefsBot/7.0; +http://ahrefs.com/robot/)"
13.66.139.139 - - [27/Jan/2021:01:33:40 +0100] "GET /bob-marley-young-mirror-p-19673.html HTTP/1.0" 200 71787 "-" "Mozilla/5.0 (compatible; bingbot/2.0; +http://www.bing.com/bingbot.htm)"
66.249.70.36 - - [27/Jan/2021:01:33:50 +0100] "GET /capricorn-clasic-keyring-by-cbkreation-p-43248.html HTTP/1.0" 200 72003 "-" "Mozilla/5.0 (Linux; Android 6.0.1; Nexus 5X Build/MMB29P) AppleWebKit/537.36 (KHTML, like Gecko) Chrome/88.0.4324.112 Mobile Safari/537.36 (compatible; Googlebot/2.1; +http://www.google.com/bot.html)"
13.66.139.2 - - [27/Jan/2021:01:33:51 +0100] "GET /uk-carlin-by-cbkreation-keyring-p-30096.html HTTP/1.0" 200 71927 "-" "Mozilla/5.0 (compatible; bingbot/2.0; +http://www.bing.com/bingbot.htm)"
207.46.13.55 - - [27/Jan/2021:01:35:01 +0100] "GET /tealight-holders-and-candle-holders-c-231_230.html?page=3 HTTP/1.0" 200 92030 "-" "Mozilla/5.0 (compatible; bingbot/2.0; +http://www.bing.com/bingbot.htm)"
207.46.13.6 - - [27/Jan/2021:01:35:05 +0100] "GET /-p-19793.html HTTP/1.0" 200 69189 "-" "Mozilla/5.0 (compatible; bingbot/2.0; +http://www.bing.com/bingbot.htm)"
207.46.13.6 - - [27/Jan/2021:01:35:06 +0100] "GET /images/1345544565615.jpg HTTP/1.0" 200 259 "-" "Mozilla/5.0 (compatible; bingbot/2.0; +http://www.bing.com/bingbot.htm)"
207.46.13.6 - - [27/Jan/2021:01:35:07 +0100] "GET /images/800399062390918072012.jpg HTTP/1.0" 200 267 "-" "Mozilla/5.0 (compatible; bingbot/2.0; +http://www.bing.com/bingbot.htm)"
207.46.13.6 - - [27/Jan/2021:01:35:07 +0100] "GET /images/big_prod_1/3442440255225N.jpg HTTP/1.0" 200 271 "-" "Mozilla/5.0 (compatible; bingbot/2.0; +http://www.bing.com/bingbot.htm)"
207.46.13.6 - - [27/Jan/2021:01:35:08 +0100] "GET /images/big_prod_1/3442440255225N.jpg HTTP/1.0" 200 271 "-" "Mozilla/5.0 (compatible; bingbot/2.0; +http://www.bing.com/bingbot.htm)"
207.46.13.37 - - [27/Jan/2021:01:35:16 +0100] "GET /images/big_prod/842201145poupee.jpg HTTP/1.0" 200 270 "-" "Mozilla/5.0 (compatible; bingbot/2.0; +http://www.bing.com/bingbot.htm)"
207.46.13.37 - - [27/Jan/2021:01:35:17 +0100] "GET /images/med_prod/8717202558803.jpg HTTP/1.0" 200 268 "-" "Mozilla/5.0 (compatible; bingbot/2.0; +http://www.bing.com/bingbot.htm)"
207.46.13.37 - - [27/Jan/2021:01:35:18 +0100] "GET /images/med_prod/8433933952160.jpg HTTP/1.0" 200 268 "-" "Mozilla/5.0 (compatible; bingbot/2.0; +http://www.bing.com/bingbot.htm)"
157.55.39.149 - - [27/Jan/2021:01:36:15 +0100] "GET /jacquard-cotton-velvet-towel-170-95-cm-fish-p-45352.html HTTP/1.0" 200 72706 "-" "Mozilla/5.0 (compatible; bingbot/2.0; +http://www.bing.com/bingbot.htm)"
54.36.148.150 - - [27/Jan/2021:01:36:38 +0100] "GET /set-c-2_34.html HTTP/1.0" 200 75525 "-" "Mozilla/5.0 (compatible; AhrefsBot/7.0; +http://ahrefs.com/robot/)"
157.55.39.149 - - [27/Jan/2021:01:36:56 +0100] "GET /images/big_prod_1/8720088295977a.jpg HTTP/1.0" 200 271 "-" "Mozilla/5.0 (compatible; bingbot/2.0; +http://www.bing.com/bingbot.htm)"
106.11.157.85 - - [27/Jan/2021:01:38:53 +0100] "GET / HTTP/1.0" 200 94389 "-" "Mozilla/5.0 (Windows NT 6.1; Win64; x64) AppleWebKit/537.36 (KHTML, like Gecko) Chrome/69.0.3497.81 YisouSpider/5.0 Safari/537.36"
106.11.156.85 - - [27/Jan/2021:01:38:54 +0100] "GET /templates/Pixame_v1/stylesheet.css HTTP/1.0" 200 267 "http://www.wonder-geek.com/" "Mozilla/5.0 (Windows NT 6.1; Win64; x64) AppleWebKit/537.36 (KHTML, like Gecko) Chrome/69.0.3497.81 YisouSpider/5.0 Safari/537.36"
66.249.70.33 - - [27/Jan/2021:01:38:54 +0100] "GET /luggages-schoolbags-leather-shop/pencil-case-c-5_31_75.html HTTP/1.0" 301 93299 "-" "Mozilla/5.0 (Linux; Android 6.0.1; Nexus 5X Build/MMB29P) AppleWebKit/537.36 (KHTML, like Gecko) Chrome/88.0.4324.112 Mobile Safari/537.36 (compatible; Googlebot/2.1; +http://www.google.com/bot.html)"
66.249.70.33 - - [27/Jan/2021:01:38:54 +0100] "GET /pencil-case-c-75.html HTTP/1.0" 301 93371 "-" "Mozilla/5.0 (Linux; Android 6.0.1; Nexus 5X Build/MMB29P) AppleWebKit/537.36 (KHTML, like Gecko) Chrome/88.0.4324.112 Mobile Safari/537.36 (compatible; Googlebot/2.1; +http://www.google.com/bot.html)"
66.249.70.62 - - [27/Jan/2021:01:38:55 +0100] "GET /pencil-case-c-31_75.html HTTP/1.0" 200 93451 "-" "Mozilla/5.0 (Linux; Android 6.0.1; Nexus 5X Build/MMB29P) AppleWebKit/537.36 (KHTML, like Gecko) Chrome/88.0.4324.112 Mobile Safari/537.36 (compatible; Googlebot/2.1; +http://www.google.com/bot.html)"
49.7.20.122 - - [27/Jan/2021:01:39:56 +0100] "GET / HTTP/1.0" 301 511 "-" "Sogou web spider/4.0(+http://www.sogou.com/docs/help/webmasters.htm#07)"
13.66.139.136 - - [27/Jan/2021:01:40:20 +0100] "GET /accessories-c-3.html HTTP/1.0" 200 92485 "-" "Mozilla/5.0 (compatible; bingbot/2.0; +http://www.bing.com/bingbot.htm)"
13.66.139.136 - - [27/Jan/2021:01:40:21 +0100] "GET /images/3700516205032.jpg HTTP/1.0" 200 259 "-" "Mozilla/5.0 (compatible; bingbot/2.0; +http://www.bing.com/bingbot.htm)"
157.55.39.149 - - [27/Jan/2021:01:40:26 +0100] "GET /-p-21608.html HTTP/1.0" 200 69189 "-" "Mozilla/5.0 (compatible; bingbot/2.0; +http://www.bing.com/bingbot.htm)"
157.55.39.149 - - [27/Jan/2021:01:40:27 +0100] "GET /images/big_prod/1384010206713.jpg HTTP/1.0" 200 268 "-" "Mozilla/5.0 (compatible; bingbot/2.0; +http://www.bing.com/bingbot.htm)"
157.55.39.130 - - [27/Jan/2021:01:40:44 +0100] "GET /images/pixel_trans.gif HTTP/1.0" 200 328 "-" "Mozilla/5.0 (compatible; bingbot/2.0; +http://www.bing.com/bingbot.htm)"
157.55.39.130 - - [27/Jan/2021:01:40:44 +0100] "GET /card-holders-and-passport-cases-c-31_236.html?page=2 HTTP/1.0" 200 79641 "-" "Mozilla/5.0 (compatible; bingbot/2.0; +http://www.bing.com/bingbot.htm)"
157.55.39.130 - - [27/Jan/2021:01:40:45 +0100] "GET /images/mini_prod/3014627982851.jpg HTTP/1.0" 404 1308 "-" "Mozilla/5.0 (compatible; bingbot/2.0; +http://www.bing.com/bingbot.htm)"
157.55.39.130 - - [27/Jan/2021:01:40:45 +0100] "GET /images/med_prod/3609810034013.jpg HTTP/1.0" 200 268 "-" "Mozilla/5.0 (compatible; bingbot/2.0; +http://www.bing.com/bingbot.htm)"
207.46.13.55 - - [27/Jan/2021:01:40:49 +0100] "GET /images/5010994699284.jpg HTTP/1.0" 200 259 "-" "Mozilla/5.0 (compatible; bingbot/2.0; +http://www.bing.com/bingbot.htm)"
49.7.20.122 - - [27/Jan/2021:01:41:00 +0100] "GET / HTTP/1.0" 200 94962 "-" "Sogou web spider/4.0(+http://www.sogou.com/docs/help/webmasters.htm#07)"
207.46.13.37 - - [27/Jan/2021:01:41:06 +0100] "GET /images/mini_prod/3700856405192B.jpg HTTP/1.0" 200 270 "-" "Mozilla/5.0 (compatible; bingbot/2.0; +http://www.bing.com/bingbot.htm)"
207.46.13.37 - - [27/Jan/2021:01:41:06 +0100] "GET /retro-wooden-storage-cabinet-p-45805.html HTTP/1.0" 200 71939 "-" "Mozilla/5.0 (compatible; bingbot/2.0; +http://www.bing.com/bingbot.htm)"
54.36.148.239 - - [27/Jan/2021:01:41:07 +0100] "GET /barbapapa-baroque-striped-canvas-totes-bag-p-5788.html HTTP/1.0" 200 72212 "-" "Mozilla/5.0 (compatible; AhrefsBot/7.0; +http://ahrefs.com/robot/)"
13.66.139.136 - - [27/Jan/2021:01:41:10 +0100] "GET /water-and-outdoor-games-c-4_143.html HTTP/1.0" 200 91109 "-" "Mozilla/5.0 (compatible; bingbot/2.0; +http://www.bing.com/bingbot.htm)"
157.55.39.228 - - [27/Jan/2021:01:41:32 +0100] "GET /images/big_prod_1/5018997621721a.jpg HTTP/1.0" 200 271 "-" "Mozilla/5.0 (compatible; bingbot/2.0; +http://www.bing.com/bingbot.htm)"
157.55.39.153 - - [27/Jan/2021:01:41:50 +0100] "GET /images/5411854151681.jpg HTTP/1.0" 200 259 "-" "Mozilla/5.0 (compatible; bingbot/2.0; +http://www.bing.com/bingbot.htm)"
207.46.13.55 - - [27/Jan/2021:01:41:59 +0100] "GET /images/big_prod_1/1328399219353a.jpg HTTP/1.0" 200 271 "-" "Mozilla/5.0 (compatible; bingbot/2.0; +http://www.bing.com/bingbot.htm)"
66.249.70.62 - - [27/Jan/2021:01:42:00 +0100] "GET /umbrella-gorjuss-folding-automatic-found-my-family-in-book-p-48434.html HTTP/1.0" 200 73113 "-" "Mozilla/5.0 (Linux; Android 6.0.1; Nexus 5X Build/MMB29P) AppleWebKit/537.36 (KHTML, like Gecko) Chrome/88.0.4324.113 Mobile Safari/537.36 (compatible; Googlebot/2.1; +http://www.google.com/bot.html)"
17.58.101.149 - - [27/Jan/2021:01:42:58 +0100] "GET /images/mini_prod/4500386800004.jpg HTTP/1.0" 200 269 "-" "Mozilla/5.0 (Macintosh; Intel Mac OS X 10_15_5) AppleWebKit/605.1.15 (KHTML, like Gecko) Version/13.1.1 Safari/605.1.15 (Applebot/0.1; +http://www.apple.com/go/applebot)"
157.55.39.149 - - [27/Jan/2021:01:43:18 +0100] "GET /pokemon-swimming-armband-p-5380.html HTTP/1.0" 301 69253 "-" "Mozilla/5.0 (compatible; bingbot/2.0; +http://www.bing.com/bingbot.htm)"
13.66.139.136 - - [27/Jan/2021:01:43:30 +0100] "GET /skeleton-and-roses-black-shirt-p-30126.html HTTP/1.0" 200 69336 "-" "Mozilla/5.0 (compatible; bingbot/2.0; +http://www.bing.com/bingbot.htm)"
13.66.139.136 - - [27/Jan/2021:01:43:31 +0100] "GET /-p-22546.html HTTP/1.0" 200 69189 "-" "Mozilla/5.0 (compatible; bingbot/2.0; +http://www.bing.com/bingbot.htm)"
13.66.139.136 - - [27/Jan/2021:01:43:32 +0100] "GET /industrial-retro-clock-in-aged-metal-20-17-cm-p-48586.html HTTP/1.0" 200 69371 "-" "Mozilla/5.0 (compatible; bingbot/2.0; +http://www.bing.com/bingbot.htm)"
13.66.139.136 - - [27/Jan/2021:01:43:33 +0100] "GET /-p-29095.html HTTP/1.0" 200 69189 "-" "Mozilla/5.0 (compatible; bingbot/2.0; +http://www.bing.com/bingbot.htm)"
13.66.139.136 - - [27/Jan/2021:01:43:33 +0100] "GET /doc-mcstuffins-and-stuffy-figure-p-23404.html HTTP/1.0" 200 69340 "-" "Mozilla/5.0 (compatible; bingbot/2.0; +http://www.bing.com/bingbot.htm)"
13.66.139.136 - - [27/Jan/2021:01:43:34 +0100] "GET /-p-23170.html HTTP/1.0" 200 69189 "-" "Mozilla/5.0 (compatible; bingbot/2.0; +http://www.bing.com/bingbot.htm)"
13.66.139.136 - - [27/Jan/2021:01:43:35 +0100] "GET /-p-9656.html HTTP/1.0" 200 69187 "-" "Mozilla/5.0 (compatible; bingbot/2.0; +http://www.bing.com/bingbot.htm)"
13.66.139.136 - - [27/Jan/2021:01:43:36 +0100] "GET /austin-mini-cooper-large-metal-plate-deco-p-33724.html HTTP/1.0" 200 69343 "-" "Mozilla/5.0 (compatible; bingbot/2.0; +http://www.bing.com/bingbot.htm)"
13.66.139.136 - - [27/Jan/2021:01:43:37 +0100] "GET /strawberry-shortcake-long-sleeve-shirt-p-31021.html HTTP/1.0" 200 69376 "-" "Mozilla/5.0 (compatible; bingbot/2.0; +http://www.bing.com/bingbot.htm)"
13.66.139.136 - - [27/Jan/2021:01:43:38 +0100] "GET /-p-32069.html HTTP/1.0" 200 69189 "-" "Mozilla/5.0 (compatible; bingbot/2.0; +http://www.bing.com/bingbot.htm)"
13.66.139.136 - - [27/Jan/2021:01:43:39 +0100] "GET /sponge-bob-placemat-p-17173.html HTTP/1.0" 200 69275 "-" "Mozilla/5.0 (compatible; bingbot/2.0; +http://www.bing.com/bingbot.htm)"
13.66.139.136 - - [27/Jan/2021:01:43:39 +0100] "GET /-p-20191.html HTTP/1.0" 200 69189 "-" "Mozilla/5.0 (compatible; bingbot/2.0; +http://www.bing.com/bingbot.htm)"
13.66.139.136 - - [27/Jan/2021:01:43:40 +0100] "GET /musical-jewelry-box-p-42719.html HTTP/1.0" 200 71956 "-" "Mozilla/5.0 (compatible; bingbot/2.0; +http://www.bing.com/bingbot.htm)"
13.66.139.136 - - [27/Jan/2021:01:43:41 +0100] "GET /tweety-glitter-globe-p-5207.html HTTP/1.0" 200 71852 "-" "Mozilla/5.0 (compatible; bingbot/2.0; +http://www.bing.com/bingbot.htm)"
13.66.139.136 - - [27/Jan/2021:01:43:42 +0100] "GET /corset-black-shirt-p-30121.html HTTP/1.0" 200 73266 "-" "Mozilla/5.0 (compatible; bingbot/2.0; +http://www.bing.com/bingbot.htm)"
13.66.139.136 - - [27/Jan/2021:01:43:43 +0100] "GET /cars-tokyo-pencil-case-p-13355.html HTTP/1.0" 200 72837 "-" "Mozilla/5.0 (compatible; bingbot/2.0; +http://www.bing.com/bingbot.htm)"
13.66.139.136 - - [27/Jan/2021:01:43:44 +0100] "GET /angry-birds-stationery-set-p-23164.html HTTP/1.0" 200 72097 "-" "Mozilla/5.0 (compatible; bingbot/2.0; +http://www.bing.com/bingbot.htm)"
13.66.139.136 - - [27/Jan/2021:01:43:45 +0100] "GET /panda-hot-water-bottle-p-48678.html HTTP/1.0" 200 71840 "-" "Mozilla/5.0 (compatible; bingbot/2.0; +http://www.bing.com/bingbot.htm)"
13.66.139.136 - - [27/Jan/2021:01:43:46 +0100] "GET /kimmi-junior-cindy-penguin-wooden-pen-p-15831.html HTTP/1.0" 200 71921 "-" "Mozilla/5.0 (compatible; bingbot/2.0; +http://www.bing.com/bingbot.htm)"
13.66.139.136 - - [27/Jan/2021:01:43:47 +0100] "GET /travel-documents-set-cb-passport-and-boarding-pass-p-47344.html HTTP/1.0" 200 72876 "-" "Mozilla/5.0 (compatible; bingbot/2.0; +http://www.bing.com/bingbot.htm)"
13.66.139.136 - - [27/Jan/2021:01:43:48 +0100] "GET /incense-sticks-burner-and-storage-box-chakra-p-39490.html HTTP/1.0" 200 72937 "-" "Mozilla/5.0 (compatible; bingbot/2.0; +http://www.bing.com/bingbot.htm)"
13.66.139.136 - - [27/Jan/2021:01:43:49 +0100] "GET /camargue-oven-mitt-p-43815.html HTTP/1.0" 200 71804 "-" "Mozilla/5.0 (compatible; bingbot/2.0; +http://www.bing.com/bingbot.htm)"
13.66.139.136 - - [27/Jan/2021:01:43:50 +0100] "GET /rhum-metal-plate-deco-p-51751.html HTTP/1.0" 200 71801 "-" "Mozilla/5.0 (compatible; bingbot/2.0; +http://www.bing.com/bingbot.htm)"
13.66.139.136 - - [27/Jan/2021:01:43:51 +0100] "GET /suicide-squad-group-poster-p-37817.html HTTP/1.0" 200 71862 "-" "Mozilla/5.0 (compatible; bingbot/2.0; +http://www.bing.com/bingbot.htm)"
13.66.139.136 - - [27/Jan/2021:01:43:52 +0100] "GET /mala-carnelian-108-beads-p-51006.html HTTP/1.0" 200 75177 "-" "Mozilla/5.0 (compatible; bingbot/2.0; +http://www.bing.com/bingbot.htm)"
13.66.139.136 - - [27/Jan/2021:01:43:53 +0100] "GET /teo-jasmin-set-cups-espresso-p-32919.html HTTP/1.0" 200 71890 "-" "Mozilla/5.0 (compatible; bingbot/2.0; +http://www.bing.com/bingbot.htm)"
13.66.139.136 - - [27/Jan/2021:01:43:54 +0100] "GET /wolf-women-tee-shirt-p-31159.html HTTP/1.0" 200 73785 "-" "Mozilla/5.0 (compatible; bingbot/2.0; +http://www.bing.com/bingbot.htm)"
13.66.139.136 - - [27/Jan/2021:01:43:55 +0100] "GET /frida-khalo-round-presentation-dish-model-p-49541.html HTTP/1.0" 200 72102 "-" "Mozilla/5.0 (compatible; bingbot/2.0; +http://www.bing.com/bingbot.htm)"
13.66.139.5 - - [27/Jan/2021:01:43:57 +0100] "GET /-p-24485.html HTTP/1.0" 200 69189 "-" "Mozilla/5.0 (compatible; bingbot/2.0; +http://www.bing.com/bingbot.htm)"
13.66.139.5 - - [27/Jan/2021:01:43:58 +0100] "GET /vespa-sports-bag-p-12449.html HTTP/1.0" 200 69260 "-" "Mozilla/5.0 (compatible; bingbot/2.0; +http://www.bing.com/bingbot.htm)"
13.66.139.5 - - [27/Jan/2021:01:43:59 +0100] "GET /minnie-mouse-potholder-and-glove-set-p-16532.html HTTP/1.0" 200 69360 "-" "Mozilla/5.0 (compatible; bingbot/2.0; +http://www.bing.com/bingbot.htm)"
13.66.139.5 - - [27/Jan/2021:01:44:00 +0100] "GET /-p-15799.html HTTP/1.0" 200 69189 "-" "Mozilla/5.0 (compatible; bingbot/2.0; +http://www.bing.com/bingbot.htm)"
13.66.139.5 - - [27/Jan/2021:01:44:01 +0100] "GET /-p-30240.html HTTP/1.0" 200 69189 "-" "Mozilla/5.0 (compatible; bingbot/2.0; +http://www.bing.com/bingbot.htm)"
13.66.139.5 - - [27/Jan/2021:01:44:02 +0100] "GET /bon-anniversaire-card-p-20020.html HTTP/1.0" 200 69285 "-" "Mozilla/5.0 (compatible; bingbot/2.0; +http://www.bing.com/bingbot.htm)"
13.66.139.5 - - [27/Jan/2021:01:44:02 +0100] "GET /-p-21568.html HTTP/1.0" 200 69189 "-" "Mozilla/5.0 (compatible; bingbot/2.0; +http://www.bing.com/bingbot.htm)"
13.66.139.5 - - [27/Jan/2021:01:44:03 +0100] "GET /great-wall-decor-old-orange-scooter-p-36513.html HTTP/1.0" 200 69319 "-" "Mozilla/5.0 (compatible; bingbot/2.0; +http://www.bing.com/bingbot.htm)"
13.66.139.5 - - [27/Jan/2021:01:44:04 +0100] "GET /cupcakes-salt-and-pepper-p-28849.html HTTP/1.0" 200 69300 "-" "Mozilla/5.0 (compatible; bingbot/2.0; +http://www.bing.com/bingbot.htm)"
13.66.139.5 - - [27/Jan/2021:01:44:05 +0100] "GET /gorjuss-lady-bird-shoulder-bag-p-32740.html HTTP/1.0" 200 69330 "-" "Mozilla/5.0 (compatible; bingbot/2.0; +http://www.bing.com/bingbot.htm)"
13.66.139.5 - - [27/Jan/2021:01:44:05 +0100] "GET /retro-wood-office-lighting-p-35688.html HTTP/1.0" 200 71958 "-" "Mozilla/5.0 (compatible; bingbot/2.0; +http://www.bing.com/bingbot.htm)"
13.66.139.5 - - [27/Jan/2021:01:44:06 +0100] "GET /the-little-prince-of-saint-exupery-bowl-p-44841.html HTTP/1.0" 200 71933 "-" "Mozilla/5.0 (compatible; bingbot/2.0; +http://www.bing.com/bingbot.htm)"
13.66.139.5 - - [27/Jan/2021:01:44:07 +0100] "GET /statuette-jesus-christ-sacred-heart-inside-and-outside-p-51648.html HTTP/1.0" 200 73155 "-" "Mozilla/5.0 (compatible; bingbot/2.0; +http://www.bing.com/bingbot.htm)"
13.66.139.5 - - [27/Jan/2021:01:44:08 +0100] "GET /decorative-statuette-mom-monkey-and-baby-p-51562.html HTTP/1.0" 200 72005 "-" "Mozilla/5.0 (compatible; bingbot/2.0; +http://www.bing.com/bingbot.htm)"
114.119.154.200 - - [27/Jan/2021:01:44:08 +0100] "GET /rusty-metal-structure-palm-tree-60-cm-p-49864.html HTTP/1.0" 200 69327 "-" "Mozilla/5.0 (Linux; Android 7.0;) AppleWebKit/537.36 (KHTML, like Gecko) Mobile Safari/537.36 (compatible; PetalBot;+https://aspiegel.com/petalbot)"
13.66.139.5 - - [27/Jan/2021:01:44:09 +0100] "GET /american-dream-phone-cover-for-iphone-and-p-14166.html HTTP/1.0" 200 72564 "-" "Mozilla/5.0 (compatible; bingbot/2.0; +http://www.bing.com/bingbot.htm)"
13.66.139.5 - - [27/Jan/2021:01:44:10 +0100] "GET /fox-set-cups-espresso-p-45598.html HTTP/1.0" 200 71857 "-" "Mozilla/5.0 (compatible; bingbot/2.0; +http://www.bing.com/bingbot.htm)"
13.66.139.5 - - [27/Jan/2021:01:44:11 +0100] "GET /teo-jasmin-coasters-p-34892.html HTTP/1.0" 200 71814 "-" "Mozilla/5.0 (compatible; bingbot/2.0; +http://www.bing.com/bingbot.htm)"
207.46.13.37 - - [27/Jan/2021:01:44:15 +0100] "GET /images/1399984242520.jpg HTTP/1.0" 200 259 "-" "Mozilla/5.0 (compatible; bingbot/2.0; +http://www.bing.com/bingbot.htm)"
13.66.139.139 - - [27/Jan/2021:01:44:22 +0100] "GET /-m-98.html HTTP/1.0" 200 76203 "-" "Mozilla/5.0 (compatible; bingbot/2.0; +http://www.bing.com/bingbot.htm)"
13.66.139.139 - - [27/Jan/2021:01:44:23 +0100] "GET /-p-25271.html HTTP/1.0" 200 69189 "-" "Mozilla/5.0 (compatible; bingbot/2.0; +http://www.bing.com/bingbot.htm)"
13.66.139.139 - - [27/Jan/2021:01:44:24 +0100] "GET /-p-30846.html HTTP/1.0" 200 69189 "-" "Mozilla/5.0 (compatible; bingbot/2.0; +http://www.bing.com/bingbot.htm)"
13.66.139.139 - - [27/Jan/2021:01:44:25 +0100] "GET /-p-17140.html HTTP/1.0" 200 69189 "-" "Mozilla/5.0 (compatible; bingbot/2.0; +http://www.bing.com/bingbot.htm)"
13.66.139.139 - - [27/Jan/2021:01:44:26 +0100] "GET /ken-khaki-messenger-bag-p-11248.html HTTP/1.0" 200 69295 "-" "Mozilla/5.0 (compatible; bingbot/2.0; +http://www.bing.com/bingbot.htm)"
13.66.139.139 - - [27/Jan/2021:01:44:27 +0100] "GET /mister-happy-london-reporter-bag-p-18238.html HTTP/1.0" 200 69340 "-" "Mozilla/5.0 (compatible; bingbot/2.0; +http://www.bing.com/bingbot.htm)"
13.66.139.139 - - [27/Jan/2021:01:44:28 +0100] "GET /kimmi-junior-billie-wooden-pen-p-15843.html HTTP/1.0" 200 69299 "-" "Mozilla/5.0 (compatible; bingbot/2.0; +http://www.bing.com/bingbot.htm)"
13.66.139.139 - - [27/Jan/2021:01:44:28 +0100] "GET /vespa-headlight-style-alarm-clock-p-23037.html HTTP/1.0" 200 69297 "-" "Mozilla/5.0 (compatible; bingbot/2.0; +http://www.bing.com/bingbot.htm)"
13.66.139.139 - - [27/Jan/2021:01:44:29 +0100] "GET /paris-saint-germain-psg-beer-glass-p-33910.html HTTP/1.0" 200 69315 "-" "Mozilla/5.0 (compatible; bingbot/2.0; +http://www.bing.com/bingbot.htm)"
13.66.139.139 - - [27/Jan/2021:01:44:30 +0100] "GET /funny-little-bugs-pairs-of-socks-size-19-22-p-25326.html HTTP/1.0" 200 71854 "-" "Mozilla/5.0 (compatible; bingbot/2.0; +http://www.bing.com/bingbot.htm)"
13.66.139.139 - - [27/Jan/2021:01:44:31 +0100] "GET /spiderman-cushion-p-14563.html HTTP/1.0" 200 71779 "-" "Mozilla/5.0 (compatible; bingbot/2.0; +http://www.bing.com/bingbot.htm)"
13.66.139.139 - - [27/Jan/2021:01:44:32 +0100] "GET /bob-marley-computer-bag-model-n2-p-21337.html HTTP/1.0" 200 72135 "-" "Mozilla/5.0 (compatible; bingbot/2.0; +http://www.bing.com/bingbot.htm)"
13.66.139.139 - - [27/Jan/2021:01:44:33 +0100] "GET /provencal-arabesques-carpet-130-180-cm-p-48573.html HTTP/1.0" 200 72783 "-" "Mozilla/5.0 (compatible; bingbot/2.0; +http://www.bing.com/bingbot.htm)"
13.66.139.139 - - [27/Jan/2021:01:44:34 +0100] "GET /mini-cooper-1300-car-p-27589.html HTTP/1.0" 200 71852 "-" "Mozilla/5.0 (compatible; bingbot/2.0; +http://www.bing.com/bingbot.htm)"
13.66.139.139 - - [27/Jan/2021:01:44:35 +0100] "GET /van-gogh-terrasse-du-caf-le-soir-zip-purse-made-in-france-p-47460.html HTTP/1.0" 200 72273 "-" "Mozilla/5.0 (compatible; bingbot/2.0; +http://www.bing.com/bingbot.htm)"
13.66.139.139 - - [27/Jan/2021:01:44:36 +0100] "GET /rebecca-bonbon-credit-card-sticker-p-8821.html HTTP/1.0" 200 71747 "-" "Mozilla/5.0 (compatible; bingbot/2.0; +http://www.bing.com/bingbot.htm)"
13.66.139.139 - - [27/Jan/2021:01:44:37 +0100] "GET /cat-head-wallet-model-p-39436.html HTTP/1.0" 200 71852 "-" "Mozilla/5.0 (compatible; bingbot/2.0; +http://www.bing.com/bingbot.htm)"
13.66.139.139 - - [27/Jan/2021:01:44:38 +0100] "GET /isothermic-stainless-steel-bottle-cuba-by-cbkreation-p-51218.html HTTP/1.0" 200 72084 "-" "Mozilla/5.0 (compatible; bingbot/2.0; +http://www.bing.com/bingbot.htm)"
13.66.139.139 - - [27/Jan/2021:01:44:39 +0100] "GET /cars-backpack-p-10777.html HTTP/1.0" 200 71973 "-" "Mozilla/5.0 (compatible; bingbot/2.0; +http://www.bing.com/bingbot.htm)"
13.66.139.139 - - [27/Jan/2021:01:44:40 +0100] "GET /decorative-wooden-plate-chiens-bienvenus-white-p-47804.html HTTP/1.0" 200 72264 "-" "Mozilla/5.0 (compatible; bingbot/2.0; +http://www.bing.com/bingbot.htm)"
13.66.139.139 - - [27/Jan/2021:01:44:41 +0100] "GET /minnie-mouse-swimming-armband-p-19979.html HTTP/1.0" 200 71924 "-" "Mozilla/5.0 (compatible; bingbot/2.0; +http://www.bing.com/bingbot.htm)"
13.66.139.139 - - [27/Jan/2021:01:44:42 +0100] "GET /elephant-gold-jewelry-stand-and-white-cup-p-48827.html HTTP/1.0" 200 72150 "-" "Mozilla/5.0 (compatible; bingbot/2.0; +http://www.bing.com/bingbot.htm)"
13.66.139.139 - - [27/Jan/2021:01:44:43 +0100] "GET /jakarta-light-blue-carpet-120-170-cm-p-48422.html HTTP/1.0" 200 72721 "-" "Mozilla/5.0 (compatible; bingbot/2.0; +http://www.bing.com/bingbot.htm)"
13.66.139.139 - - [27/Jan/2021:01:44:44 +0100] "GET /lego-star-wars-polar-blanket-p-49677.html HTTP/1.0" 200 72520 "-" "Mozilla/5.0 (compatible; bingbot/2.0; +http://www.bing.com/bingbot.htm)"
13.66.139.139 - - [27/Jan/2021:01:44:45 +0100] "GET /wind-chime-angel-purple-p-40218.html HTTP/1.0" 200 72740 "-" "Mozilla/5.0 (compatible; bingbot/2.0; +http://www.bing.com/bingbot.htm)"
13.66.139.139 - - [27/Jan/2021:01:44:46 +0100] "GET /wooden-incense-box-and-stick-holder-with-10-incense-cones-p-38740.html HTTP/1.0" 200 72928 "-" "Mozilla/5.0 (compatible; bingbot/2.0; +http://www.bing.com/bingbot.htm)"
17.58.101.149 - - [27/Jan/2021:01:45:53 +0100] "GET /acdc-notebook-set-p-49807.html HTTP/1.0" 200 69247 "-" "Mozilla/5.0 (Macintosh; Intel Mac OS X 10_15_5) AppleWebKit/605.1.15 (KHTML, like Gecko) Version/13.1.1 Safari/605.1.15 (Applebot/0.1; +http://www.apple.com/go/applebot)"
51.68.224.127 - - [27/Jan/2021:01:45:58 +0100] "GET /adminweb/export_orders_xml.php?token=256de2z6edz6ed2z6DFSFsed2zed6zeDSFDSGdzedezfzf&maxorders=10&orderstart=1&status=14&start_date=2018-10-01 HTTP/1.0" 200 285 "-" "GesCom CharlotteBoutik Serveur"
51.68.224.127 - - [27/Jan/2021:01:45:58 +0100] "GET /adminweb/export_orders_xml.php?token=256de2z6edz6ed2z6DFSFsed2zed6zeDSFDSGdzedezfzf&maxorders=10&orderstart=1&status=6&start_date=2018-10-01 HTTP/1.0" 200 29990 "-" "GesCom CharlotteBoutik Serveur"
54.36.149.12 - - [27/Jan/2021:01:46:17 +0100] "GET /van-gogh-little-tray-21-14-cm-p-51668.html HTTP/1.0" 200 71925 "-" "Mozilla/5.0 (compatible; AhrefsBot/7.0; +http://ahrefs.com/robot/)"
207.46.13.55 - - [27/Jan/2021:01:46:31 +0100] "GET /-p-32738.html HTTP/1.0" 200 69189 "-" "Mozilla/5.0 (compatible; bingbot/2.0; +http://www.bing.com/bingbot.htm)"
157.55.39.153 - - [27/Jan/2021:01:47:56 +0100] "GET /hello-kitty-m-35.html?page=6 HTTP/1.0" 200 91523 "-" "Mozilla/5.0 (compatible; bingbot/2.0; +http://www.bing.com/bingbot.htm)"
51.195.166.160 - - [27/Jan/2021:01:48:13 +0100] "GET /contact_us.php HTTP/1.0" 200 26238 "http://www.wonder-geek.com/contact_us.php" "Mozilla/5.0 (Windows NT 6.1; ) AppleWebKit/537.36 (KHTML, like Gecko) Chrome/83.0.4103.61 Safari/537.36"
51.195.166.160 - - [27/Jan/2021:01:48:14 +0100] "POST /contact_us.php?action=send HTTP/1.0" 200 26670 "http://www.wonder-geek.com/contact_us.php" "Mozilla/5.0 (Windows NT 6.1; ) AppleWebKit/537.36 (KHTML, like Gecko) Chrome/83.0.4103.61 Safari/537.36"
13.66.139.136 - - [27/Jan/2021:01:48:51 +0100] "GET /images/3660173175256.jpg HTTP/1.0" 200 259 "-" "Mozilla/5.0 (compatible; bingbot/2.0; +http://www.bing.com/bingbot.htm)"
54.36.148.84 - - [27/Jan/2021:01:48:54 +0100] "GET /parure-de-lit-asterix-bedclothes-140-200-cm-p-24578.html HTTP/1.0" 301 69256 "-" "Mozilla/5.0 (compatible; AhrefsBot/7.0; +http://ahrefs.com/robot/)"
54.36.148.161 - - [27/Jan/2021:01:49:29 +0100] "GET /cupcakes-small-cushion-by-cbkreation-30-cm-p-17367.html HTTP/1.0" 301 69256 "-" "Mozilla/5.0 (compatible; AhrefsBot/7.0; +http://ahrefs.com/robot/)"
54.36.148.147 - - [27/Jan/2021:01:49:55 +0100] "GET /decorations-and-furnishings/furnishings/hello-kitty-toy-box-p-18803.html HTTP/1.0" 301 655 "-" "Mozilla/5.0 (compatible; AhrefsBot/7.0; +http://ahrefs.com/robot/)"
66.249.70.33 - - [27/Jan/2021:01:50:11 +0100] "GET /owl-palette-knife-p-41592.html HTTP/1.0" 200 71739 "-" "Mozilla/5.0 (Linux; Android 6.0.1; Nexus 5X Build/MMB29P) AppleWebKit/537.36 (KHTML, like Gecko) Chrome/88.0.4324.113 Mobile Safari/537.36 (compatible; Googlebot/2.1; +http://www.google.com/bot.html)"
192.0.100.11 - - [27/Jan/2021:01:50:15 +0100] "GET /images/med_prod/7316197615563.jpg HTTP/1.0" 200 268 "-" "Photon/1.0"
207.46.13.55 - - [27/Jan/2021:01:50:30 +0100] "GET /images/mini_prod/3665269032222.jpg HTTP/1.0" 200 269 "-" "Mozilla/5.0 (compatible; bingbot/2.0; +http://www.bing.com/bingbot.htm)"
207.46.13.53 - - [27/Jan/2021:01:50:37 +0100] "GET /images/big_prod_2/8424346039234C.jpg HTTP/1.0" 200 271 "-" "Mozilla/5.0 (compatible; bingbot/2.0; +http://www.bing.com/bingbot.htm)"
54.36.148.110 - - [27/Jan/2021:01:51:23 +0100] "GET /van-gogh-little-tray-21-14-cm-p-51669.html HTTP/1.0" 200 71925 "-" "Mozilla/5.0 (compatible; AhrefsBot/7.0; +http://ahrefs.com/robot/)"
54.36.148.42 - - [27/Jan/2021:01:51:31 +0100] "GET /teo-jasmin-teo-playa-mug-p-39823.html HTTP/1.0" 301 69256 "-" "Mozilla/5.0 (compatible; AhrefsBot/7.0; +http://ahrefs.com/robot/)"
13.66.139.136 - - [27/Jan/2021:01:52:21 +0100] "GET /images/3454121118699.jpg HTTP/1.0" 200 259 "-" "Mozilla/5.0 (compatible; bingbot/2.0; +http://www.bing.com/bingbot.htm)"
17.58.101.149 - - [27/Jan/2021:01:54:24 +0100] "GET /peg-and-coat-hook-c-13_198.html HTTP/1.0" 200 89711 "-" "Mozilla/5.0 (Macintosh; Intel Mac OS X 10_15_5) AppleWebKit/605.1.15 (KHTML, like Gecko) Version/13.1.1 Safari/605.1.15 (Applebot/0.1; +http://www.apple.com/go/applebot)"
17.58.101.149 - - [27/Jan/2021:01:54:57 +0100] "GET /mickael-white-shirt-p-30159.html HTTP/1.0" 200 73243 "-" "Mozilla/5.0 (Macintosh; Intel Mac OS X 10_15_5) AppleWebKit/605.1.15 (KHTML, like Gecko) Version/13.1.1 Safari/605.1.15 (Applebot/0.1; +http://www.apple.com/go/applebot)"
157.55.39.228 - - [27/Jan/2021:01:54:58 +0100] "GET /finding-dory-homework-notebooks-p-40846.html HTTP/1.0" 200 72219 "-" "Mozilla/5.0 (compatible; bingbot/2.0; +http://www.bing.com/bingbot.htm)"
114.119.130.202 - - [27/Jan/2021:01:55:08 +0100] "GET /images/big_prod_1/1362530000004N.jpg HTTP/1.0" 200 271 "-" "Mozilla/5.0 (Linux; Android 7.0;) AppleWebKit/537.36 (KHTML, like Gecko) Mobile Safari/537.36 (compatible; PetalBot;+https://aspiegel.com/petalbot)"
95.181.148.54 - - [27/Jan/2021:01:55:50 +0100] "GET /contact_us.php?action=success HTTP/1.0" 200 13474 "http://www.wonder-geek.com/contact_us.php?action=success" "Mozilla/5.0 (Windows NT 10.0; Win64; x64) AppleWebKit/537.36 (KHTML, like Gecko) Chrome/83.0.4100.3 Safari/537.36"
95.181.148.54 - - [27/Jan/2021:01:55:51 +0100] "GET /index.php HTTP/1.0" 200 94372 "http://www.wonder-geek.com/index.php" "Mozilla/5.0 (Windows NT 10.0; Win64; x64) AppleWebKit/537.36 (KHTML, like Gecko) Chrome/83.0.4100.3 Safari/537.36"
95.181.148.54 - - [27/Jan/2021:01:55:53 +0100] "GET /trivet-and-boards-cut-c-12_158.html HTTP/1.0" 200 93031 "http://www.wonder-geek.com/trivet-and-boards-cut-c-12_158.html" "Mozilla/5.0 (Windows NT 10.0; Win64; x64) AppleWebKit/537.36 (KHTML, like Gecko) Chrome/83.0.4100.3 Safari/537.36"
95.181.148.54 - - [27/Jan/2021:01:55:55 +0100] "GET /cardboard-boxes-and-storage-c-13_150_216.html HTTP/1.0" 200 77441 "http://www.wonder-geek.com/cardboard-boxes-and-storage-c-13_150_216.html" "Mozilla/5.0 (Windows NT 10.0; Win64; x64) AppleWebKit/537.36 (KHTML, like Gecko) Chrome/83.0.4100.3 Safari/537.36"
95.181.148.54 - - [27/Jan/2021:01:55:56 +0100] "GET /contact_us.php HTTP/1.0" 200 26238 "http://www.wonder-geek.com/contact_us.php" "Mozilla/5.0 (Windows NT 10.0; Win64; x64) AppleWebKit/537.36 (KHTML, like Gecko) Chrome/83.0.4100.3 Safari/537.36"
54.36.148.140 - - [27/Jan/2021:01:56:06 +0100] "GET /horse-kids-school-backpack-p-41087.html HTTP/1.0" 301 69256 "-" "Mozilla/5.0 (compatible; AhrefsBot/7.0; +http://ahrefs.com/robot/)"
157.55.39.149 - - [27/Jan/2021:01:56:08 +0100] "GET /images/4999913831596.jpg HTTP/1.0" 200 259 "-" "Mozilla/5.0 (compatible; bingbot/2.0; +http://www.bing.com/bingbot.htm)"
54.36.148.57 - - [27/Jan/2021:01:56:49 +0100] "GET /london-flap-bag-p-28623.html HTTP/1.0" 301 69256 "-" "Mozilla/5.0 (compatible; AhrefsBot/7.0; +http://ahrefs.com/robot/)"
