207.46.13.53 - - [26/Jan/2021:12:43:18 +0100] "GET /large-monkey-standing-lamp-55-cm-p-48709.html HTTP/1.0" 200 72553 "-" "Mozilla/5.0 (compatible; bingbot/2.0; +http://www.bing.com/bingbot.htm)"
34.75.21.143 - - [26/Jan/2021:12:43:20 +0100] "GET /bowls-c-12_255.html HTTP/1.0" 200 76542 "-" "ZoominfoBot (zoominfobot at zoominfo dot com)"
54.36.149.13 - - [26/Jan/2021:12:43:36 +0100] "GET /potiron-of-noddy-plate-p-2166.html HTTP/1.0" 301 69253 "-" "Mozilla/5.0 (compatible; AhrefsBot/7.0; +http://ahrefs.com/robot/)"
34.75.21.143 - - [26/Jan/2021:12:44:09 +0100] "GET /glasses-and-drinking-cup-c-12_62.html HTTP/1.0" 200 90255 "-" "ZoominfoBot (zoominfobot at zoominfo dot com)"
54.36.149.99 - - [26/Jan/2021:12:44:10 +0100] "GET /tenue-de-soiree-underpants-p-30206.html HTTP/1.0" 301 69256 "-" "Mozilla/5.0 (compatible; AhrefsBot/7.0; +http://ahrefs.com/robot/)"
34.75.21.143 - - [26/Jan/2021:12:44:16 +0100] "GET /corkscrew-bottle-opener-sommelier-kit-c-12_213.html HTTP/1.0" 200 89089 "-" "ZoominfoBot (zoominfobot at zoominfo dot com)"
54.36.148.68 - - [26/Jan/2021:12:44:17 +0100] "GET /planes-disney-polar-plaid-p-27800.html HTTP/1.0" 301 69256 "-" "Mozilla/5.0 (compatible; AhrefsBot/7.0; +http://ahrefs.com/robot/)"
114.119.151.113 - - [26/Jan/2021:12:44:20 +0100] "GET /renault-set-of-magnets-p-40278.html HTTP/1.0" 200 71882 "-" "Mozilla/5.0 (Linux; Android 7.0;) AppleWebKit/537.36 (KHTML, like Gecko) Mobile Safari/537.36 (compatible; PetalBot;+https://aspiegel.com/petalbot)"
157.55.39.149 - - [26/Jan/2021:12:45:12 +0100] "GET /images/8435306234354.jpg HTTP/1.0" 200 259 "-" "Mozilla/5.0 (compatible; bingbot/2.0; +http://www.bing.com/bingbot.htm)"
207.46.13.53 - - [26/Jan/2021:12:45:38 +0100] "GET /images/big_prod/8433933158289.jpg HTTP/1.0" 200 268 "-" "Mozilla/5.0 (compatible; bingbot/2.0; +http://www.bing.com/bingbot.htm)"
34.75.21.143 - - [26/Jan/2021:12:46:57 +0100] "GET /products_new.php HTTP/1.0" 200 92524 "-" "ZoominfoBot (zoominfobot at zoominfo dot com)"
34.75.21.143 - - [26/Jan/2021:12:47:09 +0100] "GET /checkout_shipping.php HTTP/1.0" 302 468 "-" "ZoominfoBot (zoominfobot at zoominfo dot com)"
207.46.13.55 - - [26/Jan/2021:12:47:09 +0100] "GET /images/big_prod_1/1345544554305b.jpg HTTP/1.0" 200 271 "-" "Mozilla/5.0 (compatible; bingbot/2.0; +http://www.bing.com/bingbot.htm)"
54.36.148.235 - - [26/Jan/2021:12:47:40 +0100] "GET /specials.php?page=57 HTTP/1.0" 200 128222 "-" "Mozilla/5.0 (compatible; AhrefsBot/7.0; +http://ahrefs.com/robot/)"
34.75.21.143 - - [26/Jan/2021:12:47:42 +0100] "GET /bottle-holder-beer-bucket-c-12_224.html HTTP/1.0" 200 89339 "-" "ZoominfoBot (zoominfobot at zoominfo dot com)"
34.75.21.143 - - [26/Jan/2021:12:48:14 +0100] "GET /manicure-articles-c-31_204.html HTTP/1.0" 200 88548 "-" "ZoominfoBot (zoominfobot at zoominfo dot com)"
207.46.13.55 - - [26/Jan/2021:12:48:29 +0100] "GET /images/mini_prod/8422836098105.jpg HTTP/1.0" 200 269 "-" "Mozilla/5.0 (compatible; bingbot/2.0; +http://www.bing.com/bingbot.htm)"
114.119.144.233 - - [26/Jan/2021:12:48:36 +0100] "GET /images/3438100352199.jpg HTTP/1.0" 200 259 "-" "Mozilla/5.0 (Linux; Android 7.0;) AppleWebKit/537.36 (KHTML, like Gecko) Mobile Safari/537.36 (compatible; PetalBot;+https://aspiegel.com/petalbot)"
207.46.13.53 - - [26/Jan/2021:12:49:39 +0100] "GET /images/big_prod/8422001876712.jpg HTTP/1.0" 200 268 "-" "Mozilla/5.0 (compatible; bingbot/2.0; +http://www.bing.com/bingbot.htm)"
207.46.13.37 - - [26/Jan/2021:12:50:53 +0100] "GET /images/big_prod/8422017821072.jpg HTTP/1.0" 200 268 "-" "Mozilla/5.0 (compatible; bingbot/2.0; +http://www.bing.com/bingbot.htm)"
207.46.13.55 - - [26/Jan/2021:12:51:30 +0100] "GET /images/big_prod/4029811362837.jpg HTTP/1.0" 200 268 "-" "Mozilla/5.0 (compatible; bingbot/2.0; +http://www.bing.com/bingbot.htm)"
54.36.148.210 - - [26/Jan/2021:12:52:01 +0100] "GET /farmhouse-groundsheet-150-80-cm-p-53473.html HTTP/1.0" 200 72745 "-" "Mozilla/5.0 (compatible; AhrefsBot/7.0; +http://ahrefs.com/robot/)"
13.66.139.136 - - [26/Jan/2021:12:52:35 +0100] "GET /images/big_prod/8422099381150.jpg HTTP/1.0" 200 268 "-" "Mozilla/5.0 (compatible; bingbot/2.0; +http://www.bing.com/bingbot.htm)"
114.119.147.45 - - [26/Jan/2021:12:52:55 +0100] "GET /bodega-mug-p-39533.html HTTP/1.0" 200 71710 "-" "Mozilla/5.0 (Linux; Android 7.0;) AppleWebKit/537.36 (KHTML, like Gecko) Mobile Safari/537.36 (compatible; PetalBot;+https://aspiegel.com/petalbot)"
157.55.39.6 - - [26/Jan/2021:12:53:24 +0100] "GET /robots.txt HTTP/1.0" 200 245 "-" "Mozilla/5.0 (compatible; bingbot/2.0; +http://www.bing.com/bingbot.htm)"
207.46.13.37 - - [26/Jan/2021:12:54:46 +0100] "GET /images/big_prod/3014627848317.jpg HTTP/1.0" 200 268 "-" "Mozilla/5.0 (compatible; bingbot/2.0; +http://www.bing.com/bingbot.htm)"
81.100.161.255 - - [26/Jan/2021:12:55:17 +0100] "GET /images/1300010240274.jpg HTTP/1.0" 200 259 "https://www.bing.com/" "Mozilla/5.0 (Windows NT 10.0; Win64; x64) AppleWebKit/537.36 (KHTML, like Gecko) Chrome/88.0.4324.96 Safari/537.36 Edg/88.0.705.50"
81.100.161.255 - - [26/Jan/2021:12:55:18 +0100] "GET /favicon.ico HTTP/1.0" 200 260 "http://www.wonder-geek.com/images/1300010240274.jpg" "Mozilla/5.0 (Windows NT 10.0; Win64; x64) AppleWebKit/537.36 (KHTML, like Gecko) Chrome/88.0.4324.96 Safari/537.36 Edg/88.0.705.50"
17.58.101.147 - - [26/Jan/2021:12:55:30 +0100] "GET /vive-paris-umbrella-p-18979.html HTTP/1.0" 200 72138 "-" "Mozilla/5.0 (Macintosh; Intel Mac OS X 10_15_5) AppleWebKit/605.1.15 (KHTML, like Gecko) Version/13.1.1 Safari/605.1.15 (Applebot/0.1; +http://www.apple.com/go/applebot)"
54.36.148.134 - - [26/Jan/2021:12:56:05 +0100] "GET /the-little-prince-hot-cold-cup-p-37298.html HTTP/1.0" 301 69256 "-" "Mozilla/5.0 (compatible; AhrefsBot/7.0; +http://ahrefs.com/robot/)"
157.55.39.153 - - [26/Jan/2021:12:56:20 +0100] "GET /protective-fleece-pillow-cover-60-60-cm-p-51610.html HTTP/1.0" 200 71977 "-" "Mozilla/5.0 (compatible; bingbot/2.0; +http://www.bing.com/bingbot.htm)"
157.55.39.153 - - [26/Jan/2021:12:56:21 +0100] "GET /images/big_prod/8422033225335.jpg HTTP/1.0" 200 268 "-" "Mozilla/5.0 (compatible; bingbot/2.0; +http://www.bing.com/bingbot.htm)"
54.36.148.243 - - [26/Jan/2021:12:56:43 +0100] "GET /stationery-and-cardmaking-c-129.html?page=36 HTTP/1.0" 200 80085 "-" "Mozilla/5.0 (compatible; AhrefsBot/7.0; +http://ahrefs.com/robot/)"
66.249.70.62 - - [26/Jan/2021:12:58:07 +0100] "GET /images/3761194750849.jpg HTTP/1.0" 200 259 "-" "Googlebot-Image/1.0"
66.249.70.36 - - [26/Jan/2021:12:58:10 +0100] "GET /harley-quinn-money-box-16-cm-p-41827.html HTTP/1.0" 200 71893 "-" "Mozilla/5.0 (Linux; Android 6.0.1; Nexus 5X Build/MMB29P) AppleWebKit/537.36 (KHTML, like Gecko) Chrome/88.0.4324.112 Mobile Safari/537.36 (compatible; Googlebot/2.1; +http://www.google.com/bot.html)"
207.46.13.53 - - [26/Jan/2021:12:58:11 +0100] "GET /images/big_prod/9316188076043.jpg HTTP/1.0" 200 268 "-" "Mozilla/5.0 (compatible; bingbot/2.0; +http://www.bing.com/bingbot.htm)"
220.181.108.115 - - [26/Jan/2021:12:58:12 +0100] "GET /hello-kitty-mirror-p-20731.html HTTP/1.0" 200 71896 "-" "Mozilla/5.0 (compatible; Baiduspider/2.0; +http://www.baidu.com/search/spider.html)"
51.68.224.127 - - [26/Jan/2021:12:58:46 +0100] "GET /adminweb/export_orders_xml.php?token=256de2z6edz6ed2z6DFSFsed2zed6zeDSFDSGdzedezfzf&maxorders=10&orderstart=1&status=14&start_date=2018-10-01 HTTP/1.0" 200 285 "-" "GesCom CharlotteBoutik Serveur"
51.68.224.127 - - [26/Jan/2021:12:58:46 +0100] "GET /adminweb/export_orders_xml.php?token=256de2z6edz6ed2z6DFSFsed2zed6zeDSFDSGdzedezfzf&maxorders=10&orderstart=1&status=6&start_date=2018-10-01 HTTP/1.0" 200 29990 "-" "GesCom CharlotteBoutik Serveur"
13.66.139.139 - - [26/Jan/2021:13:00:26 +0100] "GET /mugs-and-mazagrans-c-12_57.html?page=8 HTTP/1.0" 200 96226 "-" "Mozilla/5.0 (compatible; bingbot/2.0; +http://www.bing.com/bingbot.htm)"
114.119.154.200 - - [26/Jan/2021:13:01:11 +0100] "GET /images/1399984261293.jpg HTTP/1.0" 200 259 "-" "Mozilla/5.0 (Linux; Android 7.0;) AppleWebKit/537.36 (KHTML, like Gecko) Mobile Safari/537.36 (compatible; PetalBot;+https://aspiegel.com/petalbot)"
54.36.149.82 - - [26/Jan/2021:13:01:16 +0100] "GET /headrest-cushion-white-50-70-cm-p-51960.html HTTP/1.0" 200 71886 "-" "Mozilla/5.0 (compatible; AhrefsBot/7.0; +http://ahrefs.com/robot/)"
157.55.39.228 - - [26/Jan/2021:13:01:33 +0100] "GET /swfobject.js HTTP/1.0" 404 1308 "-" "Mozilla/5.0 (compatible; bingbot/2.0; +http://www.bing.com/bingbot.htm)"
207.46.13.37 - - [26/Jan/2021:13:01:38 +0100] "GET /js/jquery.masonry.min.js HTTP/1.0" 200 264 "-" "Mozilla/5.0 (compatible; bingbot/2.0; +http://www.bing.com/bingbot.htm)"
13.66.139.5 - - [26/Jan/2021:13:01:57 +0100] "GET /images/med_prod/3453131126205.jpg HTTP/1.0" 200 268 "-" "Mozilla/5.0 (compatible; bingbot/2.0; +http://www.bing.com/bingbot.htm)"
207.46.13.55 - - [26/Jan/2021:13:02:40 +0100] "GET /images/big_prod/3609810089853.jpg HTTP/1.0" 200 268 "-" "Mozilla/5.0 (compatible; bingbot/2.0; +http://www.bing.com/bingbot.htm)"
207.46.13.37 - - [26/Jan/2021:13:03:04 +0100] "GET /images/med_prod/9316188060349.jpg HTTP/1.0" 200 268 "-" "Mozilla/5.0 (compatible; bingbot/2.0; +http://www.bing.com/bingbot.htm)"
13.66.139.5 - - [26/Jan/2021:13:03:08 +0100] "GET /images/big_prod/1300000021814.jpg HTTP/1.0" 200 268 "-" "Mozilla/5.0 (compatible; bingbot/2.0; +http://www.bing.com/bingbot.htm)"
13.66.139.5 - - [26/Jan/2021:13:03:09 +0100] "GET /images/med_prod/1020322275527.jpg HTTP/1.0" 200 268 "-" "Mozilla/5.0 (compatible; bingbot/2.0; +http://www.bing.com/bingbot.htm)"
13.66.139.136 - - [26/Jan/2021:13:03:46 +0100] "GET /images/big_prod/3661443856134.jpg HTTP/1.0" 200 268 "-" "Mozilla/5.0 (compatible; bingbot/2.0; +http://www.bing.com/bingbot.htm)"
114.119.154.200 - - [26/Jan/2021:13:05:30 +0100] "GET /owl-blue-led-keychains-p-32587.html HTTP/1.0" 200 71833 "-" "Mozilla/5.0 (Linux; Android 7.0;) AppleWebKit/537.36 (KHTML, like Gecko) Mobile Safari/537.36 (compatible; PetalBot;+https://aspiegel.com/petalbot)"
54.36.148.87 - - [26/Jan/2021:13:05:46 +0100] "GET /trivet-and-boards-cut-c-12_158.html HTTP/1.0" 200 93031 "-" "Mozilla/5.0 (compatible; AhrefsBot/7.0; +http://ahrefs.com/robot/)"
216.18.204.215 - - [26/Jan/2021:13:06:11 +0100] "GET /petit-prince-metal-tray-30-cm-p-47148.html HTTP/1.0" 200 71926 "http://www.wonder-geek.com/" "Mozilla/5.0 (compatible; Adsbot/3.1)"
216.18.204.215 - - [26/Jan/2021:13:06:44 +0100] "GET /rectangular-clock-quote-50-cm-p-42929.html HTTP/1.0" 200 71914 "http://www.wonder-geek.com/" "Mozilla/5.0 (compatible; Adsbot/3.1)"
207.46.13.6 - - [26/Jan/2021:13:07:04 +0100] "GET /images/med_prod/3700653593146.jpg HTTP/1.0" 200 268 "-" "Mozilla/5.0 (compatible; bingbot/2.0; +http://www.bing.com/bingbot.htm)"
207.46.13.6 - - [26/Jan/2021:13:07:05 +0100] "GET /images/big_prod/3503420100185.jpg HTTP/1.0" 200 268 "-" "Mozilla/5.0 (compatible; bingbot/2.0; +http://www.bing.com/bingbot.htm)"
207.46.13.6 - - [26/Jan/2021:13:07:05 +0100] "GET /images/big_prod/720322284086.jpg HTTP/1.0" 200 267 "-" "Mozilla/5.0 (compatible; bingbot/2.0; +http://www.bing.com/bingbot.htm)"
207.46.13.6 - - [26/Jan/2021:13:07:06 +0100] "GET /images/smipsuperman.jpg HTTP/1.0" 200 258 "-" "Mozilla/5.0 (compatible; bingbot/2.0; +http://www.bing.com/bingbot.htm)"
207.46.13.6 - - [26/Jan/2021:13:07:06 +0100] "GET /images/big_prod_2/8424345615095C.jpg HTTP/1.0" 200 271 "-" "Mozilla/5.0 (compatible; bingbot/2.0; +http://www.bing.com/bingbot.htm)"
216.18.204.215 - - [26/Jan/2021:13:07:15 +0100] "GET /rectangular-clock-quote-50-cm-p-42930.html HTTP/1.0" 200 71914 "http://www.wonder-geek.com/" "Mozilla/5.0 (compatible; Adsbot/3.1)"
216.18.204.215 - - [26/Jan/2021:13:07:24 +0100] "GET /rectangular-clock-quote-50-cm-p-42932.html HTTP/1.0" 200 71914 "http://www.wonder-geek.com/" "Mozilla/5.0 (compatible; Adsbot/3.1)"
216.18.204.215 - - [26/Jan/2021:13:07:39 +0100] "GET /rectangular-clock-quote-50-cm-p-42933.html HTTP/1.0" 200 71918 "http://www.wonder-geek.com/" "Mozilla/5.0 (compatible; Adsbot/3.1)"
216.18.204.215 - - [26/Jan/2021:13:07:53 +0100] "GET /set-of-golden-monkey-bookends-p-52755.html HTTP/1.0" 200 71885 "http://www.wonder-geek.com/" "Mozilla/5.0 (compatible; Adsbot/3.1)"
216.18.204.215 - - [26/Jan/2021:13:08:11 +0100] "GET /small-bamboo-cup-humming-bird-p-49581.html HTTP/1.0" 200 71929 "http://www.wonder-geek.com/" "Mozilla/5.0 (compatible; Adsbot/3.1)"
216.18.204.215 - - [26/Jan/2021:13:08:22 +0100] "GET /squirrel-soup-bowl-with-spoon-p-45192.html HTTP/1.0" 200 71864 "http://www.wonder-geek.com/" "Mozilla/5.0 (compatible; Adsbot/3.1)"
216.18.204.215 - - [26/Jan/2021:13:08:30 +0100] "GET /teo-jasmin-teo-week-end-clock-p-34976.html HTTP/1.0" 200 71904 "http://www.wonder-geek.com/" "Mozilla/5.0 (compatible; Adsbot/3.1)"
157.55.39.228 - - [26/Jan/2021:13:08:38 +0100] "GET /lighting-c-13_86.html?page=5 HTTP/1.0" 200 92554 "-" "Mozilla/5.0 (compatible; bingbot/2.0; +http://www.bing.com/bingbot.htm)"
216.18.204.215 - - [26/Jan/2021:13:08:47 +0100] "GET /toucans-porcelain-bowl-480-ml-p-44482.html HTTP/1.0" 200 71873 "http://www.wonder-geek.com/" "Mozilla/5.0 (compatible; Adsbot/3.1)"
216.18.204.215 - - [26/Jan/2021:13:08:56 +0100] "GET /van-gogh-little-tray-21-14-cm-p-51670.html HTTP/1.0" 200 71925 "http://www.wonder-geek.com/" "Mozilla/5.0 (compatible; Adsbot/3.1)"
207.46.13.53 - - [26/Jan/2021:13:09:04 +0100] "GET /images/mini_prod/9316188077439.jpg HTTP/1.0" 200 269 "-" "Mozilla/5.0 (compatible; bingbot/2.0; +http://www.bing.com/bingbot.htm)"
157.55.39.228 - - [26/Jan/2021:13:09:08 +0100] "GET /images/big_prod/3609810063136.jpg HTTP/1.0" 200 268 "-" "Mozilla/5.0 (compatible; bingbot/2.0; +http://www.bing.com/bingbot.htm)"
216.18.204.215 - - [26/Jan/2021:13:09:08 +0100] "GET /van-gogh-little-tray-21-14-cm-p-51671.html HTTP/1.0" 200 71925 "http://www.wonder-geek.com/" "Mozilla/5.0 (compatible; Adsbot/3.1)"
13.66.139.136 - - [26/Jan/2021:13:09:17 +0100] "GET /images/big_prod/8422021476213.jpg HTTP/1.0" 200 268 "-" "Mozilla/5.0 (compatible; bingbot/2.0; +http://www.bing.com/bingbot.htm)"
216.18.204.215 - - [26/Jan/2021:13:09:20 +0100] "GET /wall-clock-metal-vintage-blue-p-19031.html HTTP/1.0" 200 74403 "http://www.wonder-geek.com/" "Mozilla/5.0 (compatible; Adsbot/3.1)"
157.55.39.149 - - [26/Jan/2021:13:09:22 +0100] "GET /images/5010994734862.jpg HTTP/1.0" 200 259 "-" "Mozilla/5.0 (compatible; bingbot/2.0; +http://www.bing.com/bingbot.htm)"
216.18.204.215 - - [26/Jan/2021:13:09:35 +0100] "GET /wall-decoration-cactus-mirror-p-47504.html HTTP/1.0" 200 71901 "http://www.wonder-geek.com/" "Mozilla/5.0 (compatible; Adsbot/3.1)"
216.18.204.215 - - [26/Jan/2021:13:09:47 +0100] "GET /wall-decoration-mirror-flower-p-48720.html HTTP/1.0" 200 72502 "http://www.wonder-geek.com/" "Mozilla/5.0 (compatible; Adsbot/3.1)"
185.191.171.34 - - [26/Jan/2021:13:09:56 +0100] "GET /robots.txt HTTP/1.0" 200 245 "-" "Mozilla/5.0 (compatible; SemrushBot/7~bl; +http://www.semrush.com/bot.html)"
185.191.171.33 - - [26/Jan/2021:13:09:56 +0100] "GET /dubout-cats-compact-mirror-p-32233.html?action=add_product HTTP/1.0" 302 476 "-" "Mozilla/5.0 (compatible; SemrushBot/7~bl; +http://www.semrush.com/bot.html)"
216.18.204.215 - - [26/Jan/2021:13:09:59 +0100] "GET /wall-decoration-mirror-flower-p-48822.html HTTP/1.0" 200 72502 "http://www.wonder-geek.com/" "Mozilla/5.0 (compatible; Adsbot/3.1)"
157.55.39.153 - - [26/Jan/2021:13:10:02 +0100] "GET /images/big_prod/4250255858482N.jpg HTTP/1.0" 200 269 "-" "Mozilla/5.0 (compatible; bingbot/2.0; +http://www.bing.com/bingbot.htm)"
54.36.148.132 - - [26/Jan/2021:13:10:02 +0100] "GET /specials.php?page=52 HTTP/1.0" 200 128897 "-" "Mozilla/5.0 (compatible; AhrefsBot/7.0; +http://ahrefs.com/robot/)"
216.18.204.215 - - [26/Jan/2021:13:10:12 +0100] "GET /whisky-black-and-white-mirror-p-48304.html HTTP/1.0" 200 71883 "http://www.wonder-geek.com/" "Mozilla/5.0 (compatible; Adsbot/3.1)"
216.18.204.215 - - [26/Jan/2021:13:10:22 +0100] "GET /adult-apron-arabica-collection-p-52678.html HTTP/1.0" 200 71872 "http://www.wonder-geek.com/" "Mozilla/5.0 (compatible; Adsbot/3.1)"
157.55.39.149 - - [26/Jan/2021:13:10:30 +0100] "GET /images/841219323239703172012.jpg HTTP/1.0" 200 267 "-" "Mozilla/5.0 (Windows NT 6.1; WOW64) AppleWebKit/534+ (KHTML, like Gecko) BingPreview/1.0b"
216.18.204.215 - - [26/Jan/2021:13:10:32 +0100] "GET /adults-apron-cotton-yuco-curry-p-48217.html HTTP/1.0" 200 71940 "http://www.wonder-geek.com/" "Mozilla/5.0 (compatible; Adsbot/3.1)"
216.18.204.215 - - [26/Jan/2021:13:10:44 +0100] "GET /be-happy-porcelain-bowl-480-ml-p-44484.html HTTP/1.0" 200 71882 "http://www.wonder-geek.com/" "Mozilla/5.0 (compatible; Adsbot/3.1)"
216.18.204.215 - - [26/Jan/2021:13:10:54 +0100] "GET /bird-bowl-in-glazed-terracotta-p-49705.html HTTP/1.0" 200 71753 "http://www.wonder-geek.com/" "Mozilla/5.0 (compatible; Adsbot/3.1)"
216.18.204.215 - - [26/Jan/2021:13:11:02 +0100] "GET /blue-butterfly-women-tee-shirt-p-30728.html HTTP/1.0" 200 73876 "http://www.wonder-geek.com/" "Mozilla/5.0 (compatible; Adsbot/3.1)"
216.18.204.215 - - [26/Jan/2021:13:11:16 +0100] "GET /bretagne-white-women-tee-shirt-p-31094.html HTTP/1.0" 200 76292 "http://www.wonder-geek.com/" "Mozilla/5.0 (compatible; Adsbot/3.1)"
216.18.204.215 - - [26/Jan/2021:13:11:27 +0100] "GET /burlap-round-table-set-bistrot-p-50964.html HTTP/1.0" 200 72446 "http://www.wonder-geek.com/" "Mozilla/5.0 (compatible; Adsbot/3.1)"
216.18.204.215 - - [26/Jan/2021:13:11:40 +0100] "GET /burlap-round-table-set-bistrot-p-51524.html HTTP/1.0" 200 72446 "http://www.wonder-geek.com/" "Mozilla/5.0 (compatible; Adsbot/3.1)"
216.18.204.215 - - [26/Jan/2021:13:11:55 +0100] "GET /burlap-round-table-set-bistrot-p-51525.html HTTP/1.0" 200 72445 "http://www.wonder-geek.com/" "Mozilla/5.0 (compatible; Adsbot/3.1)"
216.18.204.215 - - [26/Jan/2021:13:12:08 +0100] "GET /burlap-round-table-set-bistrot-p-51526.html HTTP/1.0" 200 72446 "http://www.wonder-geek.com/" "Mozilla/5.0 (compatible; Adsbot/3.1)"
216.18.204.215 - - [26/Jan/2021:13:12:20 +0100] "GET /burlap-round-table-set-bistrot-p-51527.html HTTP/1.0" 200 72446 "http://www.wonder-geek.com/" "Mozilla/5.0 (compatible; Adsbot/3.1)"
66.249.70.36 - - [26/Jan/2021:13:12:22 +0100] "GET /beer-metal-tray-p-48335.html HTTP/1.0" 200 71947 "-" "Mozilla/5.0 (Linux; Android 6.0.1; Nexus 5X Build/MMB29P) AppleWebKit/537.36 (KHTML, like Gecko) Chrome/88.0.4324.113 Mobile Safari/537.36 (compatible; Googlebot/2.1; +http://www.google.com/bot.html)"
216.18.204.215 - - [26/Jan/2021:13:12:33 +0100] "GET /burlap-round-table-set-corsica-p-50936.html HTTP/1.0" 200 71859 "http://www.wonder-geek.com/" "Mozilla/5.0 (compatible; Adsbot/3.1)"
216.18.204.215 - - [26/Jan/2021:13:12:42 +0100] "GET /burlap-round-table-set-corsica-p-50937.html HTTP/1.0" 200 71859 "http://www.wonder-geek.com/" "Mozilla/5.0 (compatible; Adsbot/3.1)"
216.18.204.215 - - [26/Jan/2021:13:12:53 +0100] "GET /burlap-round-table-set-corsica-p-50938.html HTTP/1.0" 200 71858 "http://www.wonder-geek.com/" "Mozilla/5.0 (compatible; Adsbot/3.1)"
216.18.204.215 - - [26/Jan/2021:13:13:05 +0100] "GET /collection-service-retro-clock-p-37683.html HTTP/1.0" 200 71902 "http://www.wonder-geek.com/" "Mozilla/5.0 (compatible; Adsbot/3.1)"
216.18.204.215 - - [26/Jan/2021:13:13:15 +0100] "GET /est-heure-de-apero-clock-28-cm-p-45027.html HTTP/1.0" 200 71991 "http://www.wonder-geek.com/" "Mozilla/5.0 (compatible; Adsbot/3.1)"
216.18.204.215 - - [26/Jan/2021:13:13:30 +0100] "GET /flamingo-porcelain-bowl-480-ml-p-44478.html HTTP/1.0" 200 71883 "http://www.wonder-geek.com/" "Mozilla/5.0 (compatible; Adsbot/3.1)"
66.249.70.36 - - [26/Jan/2021:13:13:31 +0100] "GET /lola-shower-towel-70-130-cm-420-gr-red-p-41785.html HTTP/1.0" 200 72756 "-" "Mozilla/5.0 (Linux; Android 6.0.1; Nexus 5X Build/MMB29P) AppleWebKit/537.36 (KHTML, like Gecko) Chrome/88.0.4324.113 Mobile Safari/537.36 (compatible; Googlebot/2.1; +http://www.google.com/bot.html)"
216.18.204.215 - - [26/Jan/2021:13:13:42 +0100] "GET /flamingo-porcelain-bowl-480-ml-p-44479.html HTTP/1.0" 200 71882 "http://www.wonder-geek.com/" "Mozilla/5.0 (compatible; Adsbot/3.1)"
114.119.154.200 - - [26/Jan/2021:13:13:43 +0100] "GET /espresso-set-cups-dogs-p-49737.html HTTP/1.0" 200 71849 "-" "Mozilla/5.0 (Linux; Android 7.0;) AppleWebKit/537.36 (KHTML, like Gecko) Mobile Safari/537.36 (compatible; PetalBot;+https://aspiegel.com/petalbot)"
216.18.204.215 - - [26/Jan/2021:13:13:53 +0100] "GET /industrial-vintage-clock-40-cm-p-49241.html HTTP/1.0" 200 71978 "http://www.wonder-geek.com/" "Mozilla/5.0 (compatible; Adsbot/3.1)"
13.66.139.5 - - [26/Jan/2021:13:13:58 +0100] "GET /images/mini_prod/200208_152034_PEEL_EYJ4qy.jpg HTTP/1.0" 200 281 "-" "Mozilla/5.0 (compatible; bingbot/2.0; +http://www.bing.com/bingbot.htm)"
216.18.204.215 - - [26/Jan/2021:13:14:04 +0100] "GET /jack-daniel-rectangular-mirror-p-10869.html HTTP/1.0" 200 71876 "http://www.wonder-geek.com/" "Mozilla/5.0 (compatible; Adsbot/3.1)"
216.18.204.215 - - [26/Jan/2021:13:14:14 +0100] "GET /jack-daniel-rectangular-mirror-p-37743.html HTTP/1.0" 200 71904 "http://www.wonder-geek.com/" "Mozilla/5.0 (compatible; Adsbot/3.1)"
216.18.204.215 - - [26/Jan/2021:13:14:26 +0100] "GET /jack-daniel-rectangular-mirror-p-48301.html HTTP/1.0" 200 71886 "http://www.wonder-geek.com/" "Mozilla/5.0 (compatible; Adsbot/3.1)"
51.68.224.127 - - [26/Jan/2021:13:14:33 +0100] "GET /adminweb/export_orders_xml.php?token=256de2z6edz6ed2z6DFSFsed2zed6zeDSFDSGdzedezfzf&maxorders=10&orderstart=1&status=14&start_date=2018-10-01 HTTP/1.0" 200 285 "-" "GesCom CharlotteBoutik Serveur"
51.68.224.127 - - [26/Jan/2021:13:14:33 +0100] "GET /adminweb/export_orders_xml.php?token=256de2z6edz6ed2z6DFSFsed2zed6zeDSFDSGdzedezfzf&maxorders=10&orderstart=1&status=6&start_date=2018-10-01 HTTP/1.0" 200 29990 "-" "GesCom CharlotteBoutik Serveur"
54.36.148.87 - - [26/Jan/2021:13:14:34 +0100] "GET /little-buddha-collection-statuette-p-53289.html HTTP/1.0" 200 71979 "-" "Mozilla/5.0 (compatible; AhrefsBot/7.0; +http://ahrefs.com/robot/)"
216.18.204.215 - - [26/Jan/2021:13:14:39 +0100] "GET /je-ne-vieillis-pas-adult-apron-p-53178.html HTTP/1.0" 200 71830 "http://www.wonder-geek.com/" "Mozilla/5.0 (compatible; Adsbot/3.1)"
216.18.204.215 - - [26/Jan/2021:13:14:51 +0100] "GET /live-and-dream-white-tee-shirt-p-43145.html HTTP/1.0" 200 75203 "http://www.wonder-geek.com/" "Mozilla/5.0 (compatible; Adsbot/3.1)"
216.18.204.215 - - [26/Jan/2021:13:15:03 +0100] "GET /lois-jeans-work-clothes-wallet-p-41314.html HTTP/1.0" 200 72695 "http://www.wonder-geek.com/" "Mozilla/5.0 (compatible; Adsbot/3.1)"
13.66.139.5 - - [26/Jan/2021:13:15:08 +0100] "GET /images/1399984221518B.jpg HTTP/1.0" 200 260 "-" "Mozilla/5.0 (compatible; bingbot/2.0; +http://www.bing.com/bingbot.htm)"
216.18.204.215 - - [26/Jan/2021:13:15:12 +0100] "GET /michelle-arlen-owl-glass-clock-p-24295.html HTTP/1.0" 200 72234 "http://www.wonder-geek.com/" "Mozilla/5.0 (compatible; Adsbot/3.1)"
157.55.39.153 - - [26/Jan/2021:13:15:16 +0100] "GET /-p-30151.html HTTP/1.0" 200 69189 "-" "Mozilla/5.0 (compatible; bingbot/2.0; +http://www.bing.com/bingbot.htm)"
216.18.204.215 - - [26/Jan/2021:13:15:23 +0100] "GET /montenegro-clock-by-cbkreation-p-36925.html HTTP/1.0" 200 71873 "http://www.wonder-geek.com/" "Mozilla/5.0 (compatible; Adsbot/3.1)"
216.18.204.215 - - [26/Jan/2021:13:15:30 +0100] "GET /mustache-white-women-tee-shirt-p-31174.html HTTP/1.0" 200 73873 "http://www.wonder-geek.com/" "Mozilla/5.0 (compatible; Adsbot/3.1)"
216.18.204.215 - - [26/Jan/2021:13:15:38 +0100] "GET /old-red-metal-transistor-clock-p-52712.html HTTP/1.0" 200 71944 "http://www.wonder-geek.com/" "Mozilla/5.0 (compatible; Adsbot/3.1)"
216.18.204.215 - - [26/Jan/2021:13:15:49 +0100] "GET /paris-adore-cotton-adult-apron-p-45251.html HTTP/1.0" 200 71840 "http://www.wonder-geek.com/" "Mozilla/5.0 (compatible; Adsbot/3.1)"
13.66.139.136 - - [26/Jan/2021:13:15:57 +0100] "GET /images/big_prod/3520071754512.jpg HTTP/1.0" 200 268 "-" "Mozilla/5.0 (compatible; bingbot/2.0; +http://www.bing.com/bingbot.htm)"
216.18.204.215 - - [26/Jan/2021:13:16:00 +0100] "GET /paris-bistrot-metal-tray-34-cm-p-39511.html HTTP/1.0" 200 71961 "http://www.wonder-geek.com/" "Mozilla/5.0 (compatible; Adsbot/3.1)"
216.18.204.215 - - [26/Jan/2021:13:16:10 +0100] "GET /pastis-de-marseille-metal-tray-p-47716.html HTTP/1.0" 200 72056 "http://www.wonder-geek.com/" "Mozilla/5.0 (compatible; Adsbot/3.1)"
216.18.204.215 - - [26/Jan/2021:13:16:20 +0100] "GET /provence-porcelain-bowl-480-ml-p-44483.html HTTP/1.0" 200 71882 "http://www.wonder-geek.com/" "Mozilla/5.0 (compatible; Adsbot/3.1)"
216.18.204.215 - - [26/Jan/2021:13:16:30 +0100] "GET /retro-beach-and-surf-box-55-cm-p-40333.html HTTP/1.0" 200 72531 "http://www.wonder-geek.com/" "Mozilla/5.0 (compatible; Adsbot/3.1)"
216.18.204.215 - - [26/Jan/2021:13:16:39 +0100] "GET /retro-beach-and-surf-box-65-cm-p-40331.html HTTP/1.0" 200 72532 "http://www.wonder-geek.com/" "Mozilla/5.0 (compatible; Adsbot/3.1)"
216.18.204.215 - - [26/Jan/2021:13:16:48 +0100] "GET /route-66-large-us-motor-mirror-p-13925.html HTTP/1.0" 200 71844 "http://www.wonder-geek.com/" "Mozilla/5.0 (compatible; Adsbot/3.1)"
157.55.39.228 - - [26/Jan/2021:13:16:59 +0100] "GET /images/4007176127520b.jpg HTTP/1.0" 200 260 "-" "Mozilla/5.0 (Windows NT 6.1; WOW64) AppleWebKit/534+ (KHTML, like Gecko) BingPreview/1.0b"
216.18.204.215 - - [26/Jan/2021:13:17:00 +0100] "GET /russian-dolls-cbkreation-clock-p-24275.html HTTP/1.0" 200 71846 "http://www.wonder-geek.com/" "Mozilla/5.0 (compatible; Adsbot/3.1)"
216.18.204.215 - - [26/Jan/2021:13:17:09 +0100] "GET /russian-dolls-cbkreation-clock-p-24414.html HTTP/1.0" 200 71844 "http://www.wonder-geek.com/" "Mozilla/5.0 (compatible; Adsbot/3.1)"
216.18.204.215 - - [26/Jan/2021:13:17:20 +0100] "GET /small-bamboo-tray-humming-bird-p-49574.html HTTP/1.0" 200 71949 "http://www.wonder-geek.com/" "Mozilla/5.0 (compatible; Adsbot/3.1)"
216.18.204.215 - - [26/Jan/2021:13:17:30 +0100] "GET /so-sweet-black-women-tee-shirt-p-30993.html HTTP/1.0" 200 73829 "http://www.wonder-geek.com/" "Mozilla/5.0 (compatible; Adsbot/3.1)"
216.18.204.215 - - [26/Jan/2021:13:17:49 +0100] "GET /so-sweet-black-women-tee-shirt-p-30994.html HTTP/1.0" 200 73837 "http://www.wonder-geek.com/" "Mozilla/5.0 (compatible; Adsbot/3.1)"
157.55.39.153 - - [26/Jan/2021:13:17:53 +0100] "GET /images/3740276276576.jpg HTTP/1.0" 200 259 "-" "Mozilla/5.0 (compatible; bingbot/2.0; +http://www.bing.com/bingbot.htm)"
114.119.154.200 - - [26/Jan/2021:13:18:02 +0100] "GET /sentiment-tea-towel-kitchen-towel-70-35-cm-p-43624.html HTTP/1.0" 200 72636 "-" "Mozilla/5.0 (Linux; Android 7.0;) AppleWebKit/537.36 (KHTML, like Gecko) Mobile Safari/537.36 (compatible; PetalBot;+https://aspiegel.com/petalbot)"
216.18.204.215 - - [26/Jan/2021:13:18:12 +0100] "GET /so-sweet-black-women-tee-shirt-p-30997.html HTTP/1.0" 200 73841 "http://www.wonder-geek.com/" "Mozilla/5.0 (compatible; Adsbot/3.1)"
216.18.204.215 - - [26/Jan/2021:13:18:22 +0100] "GET /so-sweet-white-women-tee-shirt-p-30992.html HTTP/1.0" 200 73866 "http://www.wonder-geek.com/" "Mozilla/5.0 (compatible; Adsbot/3.1)"
207.46.13.37 - - [26/Jan/2021:13:18:28 +0100] "GET /images/big_prod/3014627848317.jpg HTTP/1.0" 200 268 "-" "Mozilla/5.0 (compatible; bingbot/2.0; +http://www.bing.com/bingbot.htm)"
207.46.13.37 - - [26/Jan/2021:13:18:29 +0100] "GET /images/big_prod/3442440275124.jpg HTTP/1.0" 200 268 "-" "Mozilla/5.0 (compatible; bingbot/2.0; +http://www.bing.com/bingbot.htm)"
216.18.204.215 - - [26/Jan/2021:13:18:32 +0100] "GET /so-sweet-white-women-tee-shirt-p-30995.html HTTP/1.0" 200 73870 "http://www.wonder-geek.com/" "Mozilla/5.0 (compatible; Adsbot/3.1)"
216.18.204.215 - - [26/Jan/2021:13:18:43 +0100] "GET /so-sweet-white-women-tee-shirt-p-30996.html HTTP/1.0" 200 73874 "http://www.wonder-geek.com/" "Mozilla/5.0 (compatible; Adsbot/3.1)"
216.18.204.215 - - [26/Jan/2021:13:18:58 +0100] "GET /teal-blue-adult-japenese-apron-p-45910.html HTTP/1.0" 200 72487 "http://www.wonder-geek.com/" "Mozilla/5.0 (compatible; Adsbot/3.1)"
66.249.70.62 - - [26/Jan/2021:13:19:07 +0100] "GET /images/mini_prod/5051276275093.jpg HTTP/1.0" 200 269 "-" "Googlebot-Image/1.0"
13.66.139.139 - - [26/Jan/2021:13:19:07 +0100] "GET /images/TROBL3083.jpg HTTP/1.0" 200 255 "-" "Mozilla/5.0 (compatible; bingbot/2.0; +http://www.bing.com/bingbot.htm)"
54.36.148.87 - - [26/Jan/2021:13:19:07 +0100] "GET /light-wood-table-lamp-scandinavian-spirit-p-50722.html HTTP/1.0" 200 72911 "-" "Mozilla/5.0 (compatible; AhrefsBot/7.0; +http://ahrefs.com/robot/)"
216.18.204.215 - - [26/Jan/2021:13:19:14 +0100] "GET /teal-blue-adult-japenese-apron-p-45911.html HTTP/1.0" 200 72478 "http://www.wonder-geek.com/" "Mozilla/5.0 (compatible; Adsbot/3.1)"
216.18.204.215 - - [26/Jan/2021:13:19:35 +0100] "GET /teo-jasmin-brown-melamine-tray-p-37947.html HTTP/1.0" 200 71962 "http://www.wonder-geek.com/" "Mozilla/5.0 (compatible; Adsbot/3.1)"
207.46.13.53 - - [26/Jan/2021:13:19:39 +0100] "GET /cats-bowl-p-45496.html HTTP/1.0" 200 71711 "-" "Mozilla/5.0 (compatible; bingbot/2.0; +http://www.bing.com/bingbot.htm)"
216.18.204.215 - - [26/Jan/2021:13:19:45 +0100] "GET /tropical-porcelain-bowl-480-ml-p-44481.html HTTP/1.0" 200 71882 "http://www.wonder-geek.com/" "Mozilla/5.0 (compatible; Adsbot/3.1)"
216.18.204.215 - - [26/Jan/2021:13:19:55 +0100] "GET /wall-decoration-mirror-flowers-p-52685.html HTTP/1.0" 200 71949 "http://www.wonder-geek.com/" "Mozilla/5.0 (compatible; Adsbot/3.1)"
216.18.204.215 - - [26/Jan/2021:13:20:04 +0100] "GET /wallet-zippo-black-bi-textures-p-49091.html HTTP/1.0" 200 72935 "http://www.wonder-geek.com/" "Mozilla/5.0 (compatible; Adsbot/3.1)"
157.55.39.153 - - [26/Jan/2021:13:20:05 +0100] "GET /images/big_prod/1399997839281.jpg HTTP/1.0" 200 268 "-" "Mozilla/5.0 (compatible; bingbot/2.0; +http://www.bing.com/bingbot.htm)"
135.148.33.141 - - [26/Jan/2021:13:20:08 +0100] "GET /contact_us.php HTTP/1.0" 200 26238 "http://www.wonder-geek.com/contact_us.php" "Mozilla/5.0 (Windows NT 10.0; ) AppleWebKit/537.36 (KHTML, like Gecko) Chrome/83.0.4103.34 Safari/537.36 Edg/83.0.478.25"
216.18.204.215 - - [26/Jan/2021:13:20:15 +0100] "GET /allergique-au-matin-adult-apron-p-51194.html HTTP/1.0" 200 71835 "http://www.wonder-geek.com/" "Mozilla/5.0 (compatible; Adsbot/3.1)"
216.18.204.215 - - [26/Jan/2021:13:20:28 +0100] "GET /angry-cat-white-women-tee-shirt-p-33791.html HTTP/1.0" 200 73840 "http://www.wonder-geek.com/" "Mozilla/5.0 (compatible; Adsbot/3.1)"
216.18.204.215 - - [26/Jan/2021:13:20:40 +0100] "GET /butterfly-vintage-keyring-clock-p-48058.html HTTP/1.0" 200 71930 "http://www.wonder-geek.com/" "Mozilla/5.0 (compatible; Adsbot/3.1)"
216.18.204.215 - - [26/Jan/2021:13:20:47 +0100] "GET /extraordinary-garden-wood-clock-p-34220.html HTTP/1.0" 200 71927 "http://www.wonder-geek.com/" "Mozilla/5.0 (compatible; Adsbot/3.1)"
216.18.204.215 - - [26/Jan/2021:13:20:58 +0100] "GET /green-butterfly-women-tee-shirt-p-30733.html HTTP/1.0" 200 73889 "http://www.wonder-geek.com/" "Mozilla/5.0 (compatible; Adsbot/3.1)"
216.18.204.215 - - [26/Jan/2021:13:21:12 +0100] "GET /happy-colors-love-pink-placemat-p-22362.html HTTP/1.0" 200 72115 "http://www.wonder-geek.com/" "Mozilla/5.0 (compatible; Adsbot/3.1)"
207.46.13.53 - - [26/Jan/2021:13:21:29 +0100] "GET /images/3438100351994.jpg HTTP/1.0" 200 259 "-" "Mozilla/5.0 (compatible; bingbot/2.0; +http://www.bing.com/bingbot.htm)"
216.18.204.215 - - [26/Jan/2021:13:21:44 +0100] "GET /hello-kitty-small-oval-placemat-p-17133.html HTTP/1.0" 200 72114 "http://www.wonder-geek.com/" "Mozilla/5.0 (compatible; Adsbot/3.1)"
216.18.204.215 - - [26/Jan/2021:13:21:52 +0100] "GET /italia-dolce-vita-breakfast-set-p-25932.html HTTP/1.0" 200 71947 "http://www.wonder-geek.com/" "Mozilla/5.0 (compatible; Adsbot/3.1)"
207.46.13.55 - - [26/Jan/2021:13:21:54 +0100] "GET /images/big_prod/8718969178655.jpg HTTP/1.0" 200 268 "-" "Mozilla/5.0 (compatible; bingbot/2.0; +http://www.bing.com/bingbot.htm)"
216.18.204.215 - - [26/Jan/2021:13:22:03 +0100] "GET /johnnie-walker-red-label-mirror-p-48302.html HTTP/1.0" 200 71901 "http://www.wonder-geek.com/" "Mozilla/5.0 (compatible; Adsbot/3.1)"
216.18.204.215 - - [26/Jan/2021:13:22:12 +0100] "GET /johnny-hallyday-glass-wall-clock-p-9324.html HTTP/1.0" 200 71927 "http://www.wonder-geek.com/" "Mozilla/5.0 (compatible; Adsbot/3.1)"
207.46.13.6 - - [26/Jan/2021:13:22:18 +0100] "GET /love-london-mouse-pad-by-cbkreation-p-13921.html HTTP/1.0" 200 71895 "-" "Mozilla/5.0 (compatible; bingbot/2.0; +http://www.bing.com/bingbot.htm)"
207.46.13.6 - - [26/Jan/2021:13:22:19 +0100] "GET /images/big_prod/1341689182328.jpg HTTP/1.0" 200 268 "-" "Mozilla/5.0 (compatible; bingbot/2.0; +http://www.bing.com/bingbot.htm)"
216.18.204.215 - - [26/Jan/2021:13:22:23 +0100] "GET /laissez-lucie-faire-adult-apron-p-31117.html HTTP/1.0" 200 71867 "http://www.wonder-geek.com/" "Mozilla/5.0 (compatible; Adsbot/3.1)"
216.18.204.215 - - [26/Jan/2021:13:22:35 +0100] "GET /large-bamboo-bowl-with-lid-cats-p-49511.html HTTP/1.0" 200 71859 "http://www.wonder-geek.com/" "Mozilla/5.0 (compatible; Adsbot/3.1)"
216.18.204.215 - - [26/Jan/2021:13:22:46 +0100] "GET /light-purple-adult-cotton-apron-p-44363.html HTTP/1.0" 200 71869 "http://www.wonder-geek.com/" "Mozilla/5.0 (compatible; Adsbot/3.1)"
216.18.204.215 - - [26/Jan/2021:13:22:56 +0100] "GET /marseille-white-women-tee-shirt-p-31250.html HTTP/1.0" 200 73909 "http://www.wonder-geek.com/" "Mozilla/5.0 (compatible; Adsbot/3.1)"
216.18.204.215 - - [26/Jan/2021:13:23:11 +0100] "GET /marseille-women-black-tee-shirt-p-31251.html HTTP/1.0" 200 73599 "http://www.wonder-geek.com/" "Mozilla/5.0 (compatible; Adsbot/3.1)"
216.18.204.215 - - [26/Jan/2021:13:23:23 +0100] "GET /mustache-purple-women-tee-shirt-p-35910.html HTTP/1.0" 200 73843 "http://www.wonder-geek.com/" "Mozilla/5.0 (compatible; Adsbot/3.1)"
216.18.204.215 - - [26/Jan/2021:13:23:32 +0100] "GET /patinated-metal-headlight-clock-p-45930.html HTTP/1.0" 200 72142 "http://www.wonder-geek.com/" "Mozilla/5.0 (compatible; Adsbot/3.1)"
54.36.148.87 - - [26/Jan/2021:13:23:36 +0100] "GET /set-of-bears-fir-decoration-cm-p-45660.html HTTP/1.0" 200 71956 "-" "Mozilla/5.0 (compatible; AhrefsBot/7.0; +http://ahrefs.com/robot/)"
216.18.204.215 - - [26/Jan/2021:13:23:47 +0100] "GET /patinated-metal-headlight-clock-p-46212.html HTTP/1.0" 200 72142 "http://www.wonder-geek.com/" "Mozilla/5.0 (compatible; Adsbot/3.1)"
216.18.204.215 - - [26/Jan/2021:13:23:58 +0100] "GET /patinated-metal-headlight-clock-p-46213.html HTTP/1.0" 200 72142 "http://www.wonder-geek.com/" "Mozilla/5.0 (compatible; Adsbot/3.1)"
216.18.204.215 - - [26/Jan/2021:13:24:09 +0100] "GET /pepe-jeans-black-leather-wallet-p-38146.html HTTP/1.0" 200 73042 "http://www.wonder-geek.com/" "Mozilla/5.0 (compatible; Adsbot/3.1)"
179.43.160.236 - - [26/Jan/2021:13:24:09 +0100] "POST /contact_us.php?action=send HTTP/1.0" 200 26652 "http://www.wonder-geek.com/contact_us.php" "Mozilla/5.0 (Windows NT 10.0; ) AppleWebKit/537.36 (KHTML, like Gecko) Chrome/83.0.4103.34 Safari/537.36 Edg/83.0.478.25"
179.43.160.236 - - [26/Jan/2021:13:24:11 +0100] "GET /contact_us.php HTTP/1.0" 200 26238 "http://www.wonder-geek.com/contact_us.php" "Mozilla/5.0 (Windows NT 10.0; ) AppleWebKit/537.36 (KHTML, like Gecko) Chrome/83.0.4103.34 Safari/537.36 Edg/83.0.478.25"
216.18.204.215 - - [26/Jan/2021:13:24:25 +0100] "GET /pepe-jeans-leather-wallet-brown-p-41310.html HTTP/1.0" 200 72613 "http://www.wonder-geek.com/" "Mozilla/5.0 (compatible; Adsbot/3.1)"
216.18.204.215 - - [26/Jan/2021:13:24:36 +0100] "GET /restaurant-mustache-little-tray-p-26500.html HTTP/1.0" 200 71944 "http://www.wonder-geek.com/" "Mozilla/5.0 (compatible; Adsbot/3.1)"
216.18.204.215 - - [26/Jan/2021:13:24:46 +0100] "GET /small-wallet-oops-daisy-gorjuss-p-35561.html HTTP/1.0" 200 73191 "http://www.wonder-geek.com/" "Mozilla/5.0 (compatible; Adsbot/3.1)"
216.18.204.215 - - [26/Jan/2021:13:25:01 +0100] "GET /van-gogh-tournesols-adult-apron-p-47664.html HTTP/1.0" 200 71835 "http://www.wonder-geek.com/" "Mozilla/5.0 (compatible; Adsbot/3.1)"
216.18.204.215 - - [26/Jan/2021:13:25:14 +0100] "GET /yin-et-yang-clock-by-cbkreation-p-24708.html HTTP/1.0" 200 72001 "http://www.wonder-geek.com/" "Mozilla/5.0 (compatible; Adsbot/3.1)"
216.18.204.215 - - [26/Jan/2021:13:25:28 +0100] "GET /adults-apron-cotton-yuco-tomette-p-48219.html HTTP/1.0" 200 71952 "http://www.wonder-geek.com/" "Mozilla/5.0 (compatible; Adsbot/3.1)"
216.18.204.215 - - [26/Jan/2021:13:25:46 +0100] "GET /bear-on-ice-soup-bowl-with-spoon-p-45600.html HTTP/1.0" 200 71873 "http://www.wonder-geek.com/" "Mozilla/5.0 (compatible; Adsbot/3.1)"
216.18.204.215 - - [26/Jan/2021:13:25:59 +0100] "GET /bear-on-ice-soup-bowl-with-spoon-p-45601.html HTTP/1.0" 200 71873 "http://www.wonder-geek.com/" "Mozilla/5.0 (compatible; Adsbot/3.1)"
66.249.70.36 - - [26/Jan/2021:13:26:09 +0100] "GET /lulu-castagnette-pink-large-pencil-case-p-36490.html HTTP/1.0" 301 69256 "-" "Mozilla/5.0 (compatible; Googlebot/2.1; +http://www.google.com/bot.html)"
66.249.70.62 - - [26/Jan/2021:13:26:11 +0100] "GET /-p-36490.html HTTP/1.0" 200 69189 "-" "Mozilla/5.0 (compatible; Googlebot/2.1; +http://www.google.com/bot.html)"
216.18.204.215 - - [26/Jan/2021:13:26:12 +0100] "GET /black-and-brown-leather-bracelet-p-38486.html HTTP/1.0" 200 71856 "http://www.wonder-geek.com/" "Mozilla/5.0 (compatible; Adsbot/3.1)"
216.18.204.215 - - [26/Jan/2021:13:26:23 +0100] "GET /bowl-happy-green-made-in-germany-p-52579.html HTTP/1.0" 200 72944 "http://www.wonder-geek.com/" "Mozilla/5.0 (compatible; Adsbot/3.1)"
216.18.204.215 - - [26/Jan/2021:13:26:36 +0100] "GET /bowl-kissing-red-made-in-germany-p-48474.html HTTP/1.0" 200 73369 "http://www.wonder-geek.com/" "Mozilla/5.0 (compatible; Adsbot/3.1)"
185.191.171.13 - - [26/Jan/2021:13:26:48 +0100] "GET /lama-mania-set-cups-espresso-p-53414.html HTTP/1.0" 200 71850 "-" "Mozilla/5.0 (compatible; SemrushBot/7~bl; +http://www.semrush.com/bot.html)"
157.55.39.6 - - [26/Jan/2021:13:26:53 +0100] "GET /robots.txt HTTP/1.0" 200 245 "-" "Mozilla/5.0 (compatible; bingbot/2.0; +http://www.bing.com/bingbot.htm)"
216.18.204.215 - - [26/Jan/2021:13:26:54 +0100] "GET /burlap-round-table-set-brasserie-p-50963.html HTTP/1.0" 200 72460 "http://www.wonder-geek.com/" "Mozilla/5.0 (compatible; Adsbot/3.1)"
207.46.13.55 - - [26/Jan/2021:13:27:04 +0100] "GET /images/big_prod/3503420174032.jpg HTTP/1.0" 200 268 "-" "Mozilla/5.0 (compatible; bingbot/2.0; +http://www.bing.com/bingbot.htm)"
207.46.13.53 - - [26/Jan/2021:13:27:11 +0100] "GET /images/big_prod/3560600315005.jpg HTTP/1.0" 200 268 "-" "Mozilla/5.0 (compatible; bingbot/2.0; +http://www.bing.com/bingbot.htm)"
54.36.148.87 - - [26/Jan/2021:13:28:30 +0100] "GET /les-vilaines-filles-beach-towel-170-90-cm-p-51712.html HTTP/1.0" 200 71999 "-" "Mozilla/5.0 (compatible; AhrefsBot/7.0; +http://ahrefs.com/robot/)"
114.119.132.105 - - [26/Jan/2021:13:28:43 +0100] "GET /images/mini_prod/1384010205013.jpg HTTP/1.0" 200 269 "-" "Mozilla/5.0 (Linux; Android 7.0;) AppleWebKit/537.36 (KHTML, like Gecko) Mobile Safari/537.36 (compatible; PetalBot;+https://aspiegel.com/petalbot)"
51.68.224.127 - - [26/Jan/2021:13:30:35 +0100] "GET /adminweb/export_orders_xml.php?token=256de2z6edz6ed2z6DFSFsed2zed6zeDSFDSGdzedezfzf&maxorders=10&orderstart=1&status=14&start_date=2018-10-01 HTTP/1.0" 200 285 "-" "GesCom CharlotteBoutik Serveur"
51.68.224.127 - - [26/Jan/2021:13:30:35 +0100] "GET /adminweb/export_orders_xml.php?token=256de2z6edz6ed2z6DFSFsed2zed6zeDSFDSGdzedezfzf&maxorders=10&orderstart=1&status=6&start_date=2018-10-01 HTTP/1.0" 200 29990 "-" "GesCom CharlotteBoutik Serveur"
157.55.39.153 - - [26/Jan/2021:13:30:38 +0100] "GET /images/big_prod/1399997839281.jpg HTTP/1.0" 200 268 "-" "Mozilla/5.0 (compatible; bingbot/2.0; +http://www.bing.com/bingbot.htm)"
13.66.139.139 - - [26/Jan/2021:13:30:49 +0100] "GET /images/big_prod/8435306245008.jpg HTTP/1.0" 200 268 "-" "Mozilla/5.0 (compatible; bingbot/2.0; +http://www.bing.com/bingbot.htm)"
13.66.139.136 - - [26/Jan/2021:13:32:59 +0100] "GET /images/med_prod/N1308421379200N.jpg HTTP/1.0" 200 270 "-" "Mozilla/5.0 (compatible; bingbot/2.0; +http://www.bing.com/bingbot.htm)"
114.119.132.105 - - [26/Jan/2021:13:33:02 +0100] "GET /harley-davidson-genuine-deco-thermometer-p-15205.html HTTP/1.0" 200 71997 "-" "Mozilla/5.0 (Linux; Android 7.0;) AppleWebKit/537.36 (KHTML, like Gecko) Mobile Safari/537.36 (compatible; PetalBot;+https://aspiegel.com/petalbot)"
13.66.139.139 - - [26/Jan/2021:13:33:04 +0100] "GET /images/mini_prod/DSCN8201.jpg HTTP/1.0" 200 264 "-" "Mozilla/5.0 (compatible; bingbot/2.0; +http://www.bing.com/bingbot.htm)"
13.66.139.139 - - [26/Jan/2021:13:33:04 +0100] "GET /images/big_prod/8422020065845B.jpg HTTP/1.0" 200 269 "-" "Mozilla/5.0 (compatible; bingbot/2.0; +http://www.bing.com/bingbot.htm)"
54.36.149.96 - - [26/Jan/2021:13:33:19 +0100] "GET /resin-statuette-celtic-skull-p-50618.html HTTP/1.0" 200 72583 "-" "Mozilla/5.0 (compatible; AhrefsBot/7.0; +http://ahrefs.com/robot/)"
13.66.139.136 - - [26/Jan/2021:13:33:49 +0100] "GET /images/big_prod/3453131130103.jpg HTTP/1.0" 200 268 "-" "Mozilla/5.0 (compatible; bingbot/2.0; +http://www.bing.com/bingbot.htm)"
13.66.139.2 - - [26/Jan/2021:13:34:00 +0100] "GET /pencil-case-c-31_75.html?page=7 HTTP/1.0" 200 93401 "-" "Mozilla/5.0 (compatible; bingbot/2.0; +http://www.bing.com/bingbot.htm)"
17.58.101.147 - - [26/Jan/2021:13:34:11 +0100] "GET /bell-brass-buddha-155-cm-p-37227.html HTTP/1.0" 200 71872 "-" "Mozilla/5.0 (Macintosh; Intel Mac OS X 10_15_5) AppleWebKit/605.1.15 (KHTML, like Gecko) Version/13.1.1 Safari/605.1.15 (Applebot/0.1; +http://www.apple.com/go/applebot)"
176.10.99.200 - - [26/Jan/2021:13:34:11 +0100] "GET /contact_us.php HTTP/1.0" 200 26238 "http://www.wonder-geek.com/contact_us.php" "Mozilla/5.0 (Windows NT 10.0; Win64; x64) AppleWebKit/537.36 (KHTML, like Gecko) Chrome/83.0.4093.3 Safari/537.36"
176.10.99.200 - - [26/Jan/2021:13:34:11 +0100] "POST /contact_us.php?action=send HTTP/1.0" 200 26625 "http://www.wonder-geek.com/contact_us.php" "Mozilla/5.0 (Windows NT 10.0; Win64; x64) AppleWebKit/537.36 (KHTML, like Gecko) Chrome/83.0.4093.3 Safari/537.36"
207.46.13.37 - - [26/Jan/2021:13:36:15 +0100] "GET /images/big_prod/3560600314114.jpg HTTP/1.0" 200 268 "-" "Mozilla/5.0 (compatible; bingbot/2.0; +http://www.bing.com/bingbot.htm)"
80.15.182.28 - - [26/Jan/2021:13:36:17 +0100] "GET /decorations-and-furnishings/furnishings/cocacola-bar-stool-p-12304.html HTTP/1.0" 301 653 "-" "Mozilla/5.0 (Windows NT 6.1; WOW64; Trident/7.0; rv:11.0) like Gecko"
80.15.182.28 - - [26/Jan/2021:13:36:17 +0100] "GET /decorations-and-furnishings/furnishings/cocacola-bar-stool-p-12304.html HTTP/1.0" 301 69256 "-" "Mozilla/5.0 (Windows NT 6.1; WOW64; Trident/7.0; rv:11.0) like Gecko"
80.15.182.28 - - [26/Jan/2021:13:36:18 +0100] "GET /-p-12304.html HTTP/1.0" 200 69189 "-" "Mozilla/5.0 (Windows NT 6.1; WOW64; Trident/7.0; rv:11.0) like Gecko"
80.15.182.28 - - [26/Jan/2021:13:36:19 +0100] "GET /templates/Pixame_v1/stylesheet.css HTTP/1.0" 200 267 "http://www.wonder-geek.com/-p-12304.html" "Mozilla/5.0 (Windows NT 6.1; WOW64; Trident/7.0; rv:11.0) like Gecko"
80.15.182.28 - - [26/Jan/2021:13:36:19 +0100] "GET /highslide/highslide.js HTTP/1.0" 200 262 "http://www.wonder-geek.com/-p-12304.html" "Mozilla/5.0 (Windows NT 6.1; WOW64; Trident/7.0; rv:11.0) like Gecko"
80.15.182.28 - - [26/Jan/2021:13:36:19 +0100] "GET /js/jquery.js HTTP/1.0" 200 252 "http://www.wonder-geek.com/-p-12304.html" "Mozilla/5.0 (Windows NT 6.1; WOW64; Trident/7.0; rv:11.0) like Gecko"
80.15.182.28 - - [26/Jan/2021:13:36:19 +0100] "GET /mondial_relay/js/jquery-1.3.2.min.js HTTP/1.0" 200 276 "http://www.wonder-geek.com/-p-12304.html" "Mozilla/5.0 (Windows NT 6.1; WOW64; Trident/7.0; rv:11.0) like Gecko"
80.15.182.28 - - [26/Jan/2021:13:36:19 +0100] "GET /js/jquery.jqzoom.js HTTP/1.0" 200 259 "http://www.wonder-geek.com/-p-12304.html" "Mozilla/5.0 (Windows NT 6.1; WOW64; Trident/7.0; rv:11.0) like Gecko"
80.15.182.28 - - [26/Jan/2021:13:36:19 +0100] "GET /swfobject.js HTTP/1.0" 404 1308 "http://www.wonder-geek.com/-p-12304.html" "Mozilla/5.0 (Windows NT 6.1; WOW64; Trident/7.0; rv:11.0) like Gecko"
80.15.182.28 - - [26/Jan/2021:13:36:19 +0100] "GET /templates/Pixame_v1/images/icon_accueil2.png HTTP/1.0" 200 278 "http://www.wonder-geek.com/-p-12304.html" "Mozilla/5.0 (Windows NT 6.1; WOW64; Trident/7.0; rv:11.0) like Gecko"
80.15.182.28 - - [26/Jan/2021:13:36:19 +0100] "GET /templates/Pixame_v1/images/infobox/pixel_trans.gif HTTP/1.0" 200 328 "http://www.wonder-geek.com/-p-12304.html" "Mozilla/5.0 (Windows NT 6.1; WOW64; Trident/7.0; rv:11.0) like Gecko"
80.15.182.28 - - [26/Jan/2021:13:36:19 +0100] "GET /images/pixel_trans.gif HTTP/1.0" 200 328 "http://www.wonder-geek.com/-p-12304.html" "Mozilla/5.0 (Windows NT 6.1; WOW64; Trident/7.0; rv:11.0) like Gecko"
80.15.182.28 - - [26/Jan/2021:13:36:20 +0100] "GET /templates/Pixame_v1/images/pixel_trans.gif HTTP/1.0" 200 328 "http://www.wonder-geek.com/-p-12304.html" "Mozilla/5.0 (Windows NT 6.1; WOW64; Trident/7.0; rv:11.0) like Gecko"
80.15.182.28 - - [26/Jan/2021:13:36:20 +0100] "GET /templates/Pixame_v1/images/buttons/english/button_continue.gif HTTP/1.0" 200 1264 "http://www.wonder-geek.com/-p-12304.html" "Mozilla/5.0 (Windows NT 6.1; WOW64; Trident/7.0; rv:11.0) like Gecko"
13.66.139.139 - - [26/Jan/2021:13:36:19 +0100] "GET /bagshandbags-shoulder-bags-c-31_81.html HTTP/1.0" 200 96110 "-" "Mozilla/5.0 (compatible; bingbot/2.0; +http://www.bing.com/bingbot.htm)"
80.15.182.28 - - [26/Jan/2021:13:36:20 +0100] "GET /templates/Pixame_v1/images/Bottom_texture.jpg HTTP/1.0" 200 280 "http://www.wonder-geek.com/-p-12304.html" "Mozilla/5.0 (Windows NT 6.1; WOW64; Trident/7.0; rv:11.0) like Gecko"
80.15.182.28 - - [26/Jan/2021:13:36:20 +0100] "GET /templates/Pixame_v1/images/Middle_texture.jpg HTTP/1.0" 200 280 "http://www.wonder-geek.com/-p-12304.html" "Mozilla/5.0 (Windows NT 6.1; WOW64; Trident/7.0; rv:11.0) like Gecko"
80.15.182.28 - - [26/Jan/2021:13:36:20 +0100] "GET /templates/Pixame_v1/images/flash.swf HTTP/1.0" 200 290 "http://www.wonder-geek.com/-p-12304.html" "Mozilla/5.0 (Windows NT 6.1; WOW64; Trident/7.0; rv:11.0) like Gecko"
80.15.182.28 - - [26/Jan/2021:13:36:24 +0100] "GET /templates/Pixame_v1/images/nav.png HTTP/1.0" 200 268 "http://www.wonder-geek.com/-p-12304.html" "Mozilla/5.0 (Windows NT 6.1; WOW64; Trident/7.0; rv:11.0) like Gecko"
80.15.182.28 - - [26/Jan/2021:13:36:24 +0100] "GET /templates/Pixame_v1/images/header-object.png HTTP/1.0" 200 278 "http://www.wonder-geek.com/-p-12304.html" "Mozilla/5.0 (Windows NT 6.1; WOW64; Trident/7.0; rv:11.0) like Gecko"
80.15.182.28 - - [26/Jan/2021:13:36:24 +0100] "GET /templates/Pixame_v1/images/header.png HTTP/1.0" 200 271 "http://www.wonder-geek.com/-p-12304.html" "Mozilla/5.0 (Windows NT 6.1; WOW64; Trident/7.0; rv:11.0) like Gecko"
80.15.182.28 - - [26/Jan/2021:13:36:24 +0100] "GET /templates/Pixame_v1/images/infobox/infobox_footer_middle.gif HTTP/1.0" 200 357 "http://www.wonder-geek.com/-p-12304.html" "Mozilla/5.0 (Windows NT 6.1; WOW64; Trident/7.0; rv:11.0) like Gecko"
80.15.182.28 - - [26/Jan/2021:13:36:24 +0100] "GET /design/productsenstock.png HTTP/1.0" 200 260 "http://www.wonder-geek.com/-p-12304.html" "Mozilla/5.0 (Windows NT 6.1; WOW64; Trident/7.0; rv:11.0) like Gecko"
80.15.182.28 - - [26/Jan/2021:13:36:25 +0100] "GET /highslide/graphics/outlines/drop-shadow.png HTTP/1.0" 200 277 "http://www.wonder-geek.com/-p-12304.html" "Mozilla/5.0 (Windows NT 6.1; WOW64; Trident/7.0; rv:11.0) like Gecko"
80.15.182.28 - - [26/Jan/2021:13:36:25 +0100] "GET /highslide/graphics/zoomout.cur HTTP/1.0" 200 614 "http://www.wonder-geek.com/-p-12304.html" "Mozilla/5.0 (Windows NT 6.1; WOW64; Trident/7.0; rv:11.0) like Gecko"
80.15.182.28 - - [26/Jan/2021:13:36:25 +0100] "GET /favicon.ico HTTP/1.0" 200 260 "-" "Mozilla/5.0 (Windows NT 6.1; Win64; x64; Trident/7.0; rv:11.0) like Gecko"
80.15.182.28 - - [26/Jan/2021:13:36:25 +0100] "GET /highslide/graphics/loader.white.gif HTTP/1.0" 200 960 "http://www.wonder-geek.com/-p-12304.html" "Mozilla/5.0 (Windows NT 6.1; WOW64; Trident/7.0; rv:11.0) like Gecko"
74.125.209.50 - - [26/Jan/2021:13:36:39 +0100] "GET /images/4895028509248.jpg HTTP/1.0" 200 259 "-" "Mozilla/5.0 (Windows NT 5.1; rv:11.0) Gecko Firefox/11.0 (via ggpht.com GoogleImageProxy)"
157.55.39.228 - - [26/Jan/2021:13:36:57 +0100] "GET /-p-24784.html HTTP/1.0" 200 69189 "-" "Mozilla/5.0 (compatible; bingbot/2.0; +http://www.bing.com/bingbot.htm)"
114.119.132.105 - - [26/Jan/2021:13:37:21 +0100] "GET /household-linen-c-11.html?page=81 HTTP/1.0" 200 80005 "-" "Mozilla/5.0 (Linux; Android 7.0;) AppleWebKit/537.36 (KHTML, like Gecko) Mobile Safari/537.36 (compatible; PetalBot;+https://aspiegel.com/petalbot)"
13.66.139.136 - - [26/Jan/2021:13:37:49 +0100] "GET /images/3845653503020.jpg HTTP/1.0" 200 259 "-" "Mozilla/5.0 (compatible; bingbot/2.0; +http://www.bing.com/bingbot.htm)"
13.66.139.136 - - [26/Jan/2021:13:37:50 +0100] "GET /images/med_prod/3609810039599.jpg HTTP/1.0" 200 268 "-" "Mozilla/5.0 (compatible; bingbot/2.0; +http://www.bing.com/bingbot.htm)"
54.36.148.177 - - [26/Jan/2021:13:38:29 +0100] "GET /votive-candle-15-hours-christmas-cupcake-p-33122.html HTTP/1.0" 200 73150 "-" "Mozilla/5.0 (compatible; AhrefsBot/7.0; +http://ahrefs.com/robot/)"
207.46.13.53 - - [26/Jan/2021:13:39:45 +0100] "GET /images/big_prod/8433933100448.jpg HTTP/1.0" 200 268 "-" "Mozilla/5.0 (compatible; bingbot/2.0; +http://www.bing.com/bingbot.htm)"
157.55.39.149 - - [26/Jan/2021:13:39:53 +0100] "GET /images/mini_prod/3608860260021.jpg HTTP/1.0" 200 269 "-" "Mozilla/5.0 (compatible; bingbot/2.0; +http://www.bing.com/bingbot.htm)"
13.66.139.136 - - [26/Jan/2021:13:40:20 +0100] "GET /shirts-and-sweatshirts-men-c-53_54.html?page=4 HTTP/1.0" 200 91197 "-" "Mozilla/5.0 (compatible; bingbot/2.0; +http://www.bing.com/bingbot.htm)"
