216.244.66.242 - - [26/Jan/2021:05:13:02 +0100] "GET /robots.txt HTTP/1.0" 200 245 "-" "Mozilla/5.0 (compatible; DotBot/1.1; http://www.opensiteexplorer.org/dotbot, help@moz.com)"
207.46.13.55 - - [26/Jan/2021:05:13:14 +0100] "GET /images/big_prod/3503420029196.jpg HTTP/1.0" 200 268 "-" "Mozilla/5.0 (compatible; bingbot/2.0; +http://www.bing.com/bingbot.htm)"
114.119.145.117 - - [26/Jan/2021:05:13:27 +0100] "GET /decorative-and-useful-fan-little-buddha-p-53308.html HTTP/1.0" 200 71969 "-" "Mozilla/5.0 (Linux; Android 7.0;) AppleWebKit/537.36 (KHTML, like Gecko) Mobile Safari/537.36 (compatible; PetalBot;+https://aspiegel.com/petalbot)"
207.46.13.53 - - [26/Jan/2021:05:13:44 +0100] "GET /images/7316191713234.jpg HTTP/1.0" 200 259 "-" "Mozilla/5.0 (compatible; bingbot/2.0; +http://www.bing.com/bingbot.htm)"
13.66.139.139 - - [26/Jan/2021:05:14:40 +0100] "GET /images/1300010237526.jpg HTTP/1.0" 200 259 "-" "Mozilla/5.0 (compatible; bingbot/2.0; +http://www.bing.com/bingbot.htm)"
13.66.139.5 - - [26/Jan/2021:05:15:10 +0100] "GET /images/big_prod/8422066196053.jpg HTTP/1.0" 200 268 "-" "Mozilla/5.0 (compatible; bingbot/2.0; +http://www.bing.com/bingbot.htm)"
157.55.39.153 - - [26/Jan/2021:05:16:02 +0100] "GET /images/big_prod/8720088292495.jpg HTTP/1.0" 200 268 "-" "Mozilla/5.0 (compatible; bingbot/2.0; +http://www.bing.com/bingbot.htm)"
13.66.139.136 - - [26/Jan/2021:05:16:21 +0100] "GET /images/big_prod_1/4029811442959B.jpg HTTP/1.0" 200 271 "-" "Mozilla/5.0 (compatible; bingbot/2.0; +http://www.bing.com/bingbot.htm)"
207.46.13.53 - - [26/Jan/2021:05:17:13 +0100] "GET /teo-jasmin-mood-purse-jasmine-college-p-35515.html HTTP/1.0" 200 69371 "-" "Mozilla/5.0 (compatible; bingbot/2.0; +http://www.bing.com/bingbot.htm)"
66.249.70.36 - - [26/Jan/2021:05:18:08 +0100] "GET /strawberry-shortcake-blue-swimsuit-p-30285.html HTTP/1.0" 200 73894 "-" "Mozilla/5.0 (Linux; Android 6.0.1; Nexus 5X Build/MMB29P) AppleWebKit/537.36 (KHTML, like Gecko) Chrome/88.0.4324.113 Mobile Safari/537.36 (compatible; Googlebot/2.1; +http://www.google.com/bot.html)"
17.58.101.147 - - [26/Jan/2021:05:18:44 +0100] "GET /windchime-bonheur-chimes-p-43530.html HTTP/1.0" 200 71857 "-" "Mozilla/5.0 (Macintosh; Intel Mac OS X 10_15_5) AppleWebKit/605.1.15 (KHTML, like Gecko) Version/13.1.1 Safari/605.1.15 (Applebot/0.1; +http://www.apple.com/go/applebot)"
66.249.70.33 - - [26/Jan/2021:05:18:53 +0100] "GET /the-hobbit-battle-action-sting-sword-p-16587.html HTTP/1.0" 301 69256 "-" "Mozilla/5.0 (Linux; Android 6.0.1; Nexus 5X Build/MMB29P) AppleWebKit/537.36 (KHTML, like Gecko) Chrome/88.0.4324.113 Mobile Safari/537.36 (compatible; Googlebot/2.1; +http://www.google.com/bot.html)"
66.249.70.33 - - [26/Jan/2021:05:18:53 +0100] "GET /-p-16587.html HTTP/1.0" 200 69189 "-" "Mozilla/5.0 (Linux; Android 6.0.1; Nexus 5X Build/MMB29P) AppleWebKit/537.36 (KHTML, like Gecko) Chrome/88.0.4324.113 Mobile Safari/537.36 (compatible; Googlebot/2.1; +http://www.google.com/bot.html)"
54.36.149.74 - - [26/Jan/2021:05:19:20 +0100] "GET /furnishings-c-13_87.html HTTP/1.0" 200 89974 "-" "Mozilla/5.0 (compatible; AhrefsBot/7.0; +http://ahrefs.com/robot/)"
13.66.139.5 - - [26/Jan/2021:05:19:32 +0100] "GET /images/med_prod/8435107771287.jpg HTTP/1.0" 200 268 "-" "Mozilla/5.0 (compatible; bingbot/2.0; +http://www.bing.com/bingbot.htm)"
157.55.39.153 - - [26/Jan/2021:05:19:44 +0100] "GET /images/big_prod/3609810037731.jpg HTTP/1.0" 200 268 "-" "Mozilla/5.0 (compatible; bingbot/2.0; +http://www.bing.com/bingbot.htm)"
216.244.66.242 - - [26/Jan/2021:05:21:04 +0100] "GET /porcelain-mug-set-funny-and-tasty-tassen-made-in-germany-p-50705.html HTTP/1.0" 200 73705 "-" "Mozilla/5.0 (compatible; DotBot/1.1; http://www.opensiteexplorer.org/dotbot, help@moz.com)"
17.58.101.147 - - [26/Jan/2021:05:21:26 +0100] "GET /images/mini_prod/3681643303597.jpg HTTP/1.0" 200 269 "-" "Mozilla/5.0 (Macintosh; Intel Mac OS X 10_15_5) AppleWebKit/605.1.15 (KHTML, like Gecko) Version/13.1.1 Safari/605.1.15 (Applebot/0.1; +http://www.apple.com/go/applebot)"
216.244.66.242 - - [26/Jan/2021:05:21:41 +0100] "GET /-p-32509.html HTTP/1.0" 200 69189 "-" "Mozilla/5.0 (compatible; DotBot/1.1; http://www.opensiteexplorer.org/dotbot, help@moz.com)"
207.46.13.53 - - [26/Jan/2021:05:21:46 +0100] "GET /images/5010065075092.jpg HTTP/1.0" 200 259 "-" "Mozilla/5.0 (compatible; bingbot/2.0; +http://www.bing.com/bingbot.htm)"
216.244.66.242 - - [26/Jan/2021:05:21:46 +0100] "GET /-p-32808.html HTTP/1.0" 200 69189 "-" "Mozilla/5.0 (compatible; DotBot/1.1; http://www.opensiteexplorer.org/dotbot, help@moz.com)"
216.244.66.242 - - [26/Jan/2021:05:21:50 +0100] "GET /-p-35602.html HTTP/1.0" 200 69189 "-" "Mozilla/5.0 (compatible; DotBot/1.1; http://www.opensiteexplorer.org/dotbot, help@moz.com)"
216.244.66.242 - - [26/Jan/2021:05:21:54 +0100] "GET /-p-37773.html HTTP/1.0" 200 69189 "-" "Mozilla/5.0 (compatible; DotBot/1.1; http://www.opensiteexplorer.org/dotbot, help@moz.com)"
216.244.66.242 - - [26/Jan/2021:05:21:57 +0100] "GET /-p-41456.html HTTP/1.0" 200 69189 "-" "Mozilla/5.0 (compatible; DotBot/1.1; http://www.opensiteexplorer.org/dotbot, help@moz.com)"
216.244.66.242 - - [26/Jan/2021:05:22:00 +0100] "GET /gorjuss-small-mug-in-gift-box-april-showers-p-50952.html HTTP/1.0" 200 69363 "-" "Mozilla/5.0 (compatible; DotBot/1.1; http://www.opensiteexplorer.org/dotbot, help@moz.com)"
207.46.13.55 - - [26/Jan/2021:05:23:25 +0100] "GET /pink-tourmaline-sold-by-weight-100-grs-p-48549.html HTTP/1.0" 200 73035 "-" "Mozilla/5.0 (compatible; bingbot/2.0; +http://www.bing.com/bingbot.htm)"
114.119.145.117 - - [26/Jan/2021:05:23:26 +0100] "GET /moroccan-ashtray-p-40624.html HTTP/1.0" 200 71801 "-" "Mozilla/5.0 (Linux; Android 7.0;) AppleWebKit/537.36 (KHTML, like Gecko) Mobile Safari/537.36 (compatible; PetalBot;+https://aspiegel.com/petalbot)"
207.46.13.53 - - [26/Jan/2021:05:25:07 +0100] "GET /images/3660173162119.jpg HTTP/1.0" 200 259 "-" "Mozilla/5.0 (compatible; bingbot/2.0; +http://www.bing.com/bingbot.htm)"
207.46.13.53 - - [26/Jan/2021:05:25:37 +0100] "GET /vespa-red-mini-flashlight-and-keychain-p-18629.html HTTP/1.0" 200 69331 "-" "Mozilla/5.0 (compatible; bingbot/2.0; +http://www.bing.com/bingbot.htm)"
13.66.139.5 - - [26/Jan/2021:05:26:02 +0100] "GET /images/med_prod/1300010241424.jpg HTTP/1.0" 200 268 "-" "Mozilla/5.0 (compatible; bingbot/2.0; +http://www.bing.com/bingbot.htm)"
13.66.139.139 - - [26/Jan/2021:05:26:12 +0100] "GET /images/big_prod/4005086220096.jpg HTTP/1.0" 200 268 "-" "Mozilla/5.0 (compatible; bingbot/2.0; +http://www.bing.com/bingbot.htm)"
54.36.148.147 - - [26/Jan/2021:05:26:22 +0100] "GET /pola-mouse-pad-with-personalized-picture-p-16663.html HTTP/1.0" 200 72171 "-" "Mozilla/5.0 (compatible; AhrefsBot/7.0; +http://ahrefs.com/robot/)"
54.36.148.180 - - [26/Jan/2021:05:26:39 +0100] "GET /decorations-and-furnishings/lighting/hello-kitty-lamp-p-11413.html HTTP/1.0" 301 643 "-" "Mozilla/5.0 (compatible; AhrefsBot/7.0; +http://ahrefs.com/robot/)"
157.55.39.228 - - [26/Jan/2021:05:26:45 +0100] "GET /images/big_prod_1/5410574484604B.jpg HTTP/1.0" 200 271 "-" "Mozilla/5.0 (compatible; bingbot/2.0; +http://www.bing.com/bingbot.htm)"
51.68.224.127 - - [26/Jan/2021:05:27:16 +0100] "GET /adminweb/export_orders_xml.php?token=256de2z6edz6ed2z6DFSFsed2zed6zeDSFDSGdzedezfzf&maxorders=10&orderstart=1&status=14&start_date=2018-10-01 HTTP/1.0" 200 285 "-" "GesCom CharlotteBoutik Serveur"
51.68.224.127 - - [26/Jan/2021:05:27:16 +0100] "GET /adminweb/export_orders_xml.php?token=256de2z6edz6ed2z6DFSFsed2zed6zeDSFDSGdzedezfzf&maxorders=10&orderstart=1&status=6&start_date=2018-10-01 HTTP/1.0" 200 29990 "-" "GesCom CharlotteBoutik Serveur"
66.249.70.33 - - [26/Jan/2021:05:30:04 +0100] "GET /images/mini_prod/3585190849068.gif HTTP/1.0" 200 268 "-" "Googlebot-Image/1.0"
207.46.13.55 - - [26/Jan/2021:05:30:35 +0100] "GET /images/big_prod_1/8433933199497B.jpg HTTP/1.0" 200 271 "-" "Mozilla/5.0 (compatible; bingbot/2.0; +http://www.bing.com/bingbot.htm)"
157.55.39.149 - - [26/Jan/2021:05:31:21 +0100] "GET /top-model-felt-pen-gel-orange-p-20193.html HTTP/1.0" 200 71975 "-" "Mozilla/5.0 (compatible; bingbot/2.0; +http://www.bing.com/bingbot.htm)"
157.55.39.153 - - [26/Jan/2021:05:32:43 +0100] "GET /images/big_prod/1399986100736.jpg HTTP/1.0" 200 268 "-" "Mozilla/5.0 (compatible; bingbot/2.0; +http://www.bing.com/bingbot.htm)"
54.36.148.59 - - [26/Jan/2021:05:33:17 +0100] "GET /harley-davidson-speedometer-clock-30-cm-p-45982.html HTTP/1.0" 200 71979 "-" "Mozilla/5.0 (compatible; AhrefsBot/7.0; +http://ahrefs.com/robot/)"
157.55.39.153 - - [26/Jan/2021:05:34:31 +0100] "GET /images/3681643302101.jpg HTTP/1.0" 200 259 "-" "Mozilla/5.0 (compatible; bingbot/2.0; +http://www.bing.com/bingbot.htm)"
13.66.139.5 - - [26/Jan/2021:05:35:22 +0100] "GET /-p-17334.html HTTP/1.0" 200 69189 "-" "Mozilla/5.0 (compatible; bingbot/2.0; +http://www.bing.com/bingbot.htm)"
207.46.13.53 - - [26/Jan/2021:05:35:30 +0100] "GET /images/1399984255421.jpg HTTP/1.0" 200 259 "-" "Mozilla/5.0 (compatible; bingbot/2.0; +http://www.bing.com/bingbot.htm)"
17.58.101.147 - - [26/Jan/2021:05:35:31 +0100] "GET /parfum-de-provence-soap-dispenser-p-47701.html HTTP/1.0" 200 71937 "-" "Mozilla/5.0 (Macintosh; Intel Mac OS X 10_15_5) AppleWebKit/605.1.15 (KHTML, like Gecko) Version/13.1.1 Safari/605.1.15 (Applebot/0.1; +http://www.apple.com/go/applebot)"
207.46.13.55 - - [26/Jan/2021:05:36:45 +0100] "GET /images/big_prod_1/8433933201695B.jpg HTTP/1.0" 200 271 "-" "Mozilla/5.0 (compatible; bingbot/2.0; +http://www.bing.com/bingbot.htm)"
66.249.70.62 - - [26/Jan/2021:05:37:39 +0100] "GET /dishes-and-pie-dishes-c-12_251.html?page=2 HTTP/1.0" 200 76077 "-" "Mozilla/5.0 (Linux; Android 6.0.1; Nexus 5X Build/MMB29P) AppleWebKit/537.36 (KHTML, like Gecko) Chrome/88.0.4324.113 Mobile Safari/537.36 (compatible; Googlebot/2.1; +http://www.google.com/bot.html)"
157.55.39.153 - - [26/Jan/2021:05:38:00 +0100] "GET /-p-13205.html HTTP/1.0" 200 69189 "-" "Mozilla/5.0 (compatible; bingbot/2.0; +http://www.bing.com/bingbot.htm)"
185.191.171.9 - - [26/Jan/2021:05:38:43 +0100] "GET /robots.txt HTTP/1.0" 200 245 "-" "Mozilla/5.0 (compatible; SemrushBot/7~bl; +http://www.semrush.com/bot.html)"
13.66.139.5 - - [26/Jan/2021:05:38:43 +0100] "GET /images/mini_prod/3524550049182.jpg HTTP/1.0" 200 269 "-" "Mozilla/5.0 (compatible; bingbot/2.0; +http://www.bing.com/bingbot.htm)"
185.191.171.24 - - [26/Jan/2021:05:38:43 +0100] "GET /decoration-hedgehog-in-beige-resin-p-45435.html?action=add_product HTTP/1.0" 302 476 "-" "Mozilla/5.0 (compatible; SemrushBot/7~bl; +http://www.semrush.com/bot.html)"
13.66.139.5 - - [26/Jan/2021:05:38:44 +0100] "GET /images/big_prod_1/3442440275124N.jpg HTTP/1.0" 200 271 "-" "Mozilla/5.0 (compatible; bingbot/2.0; +http://www.bing.com/bingbot.htm)"
207.46.13.53 - - [26/Jan/2021:05:38:51 +0100] "GET /images/1399984253762.jpg HTTP/1.0" 200 259 "-" "Mozilla/5.0 (compatible; bingbot/2.0; +http://www.bing.com/bingbot.htm)"
54.36.148.176 - - [26/Jan/2021:05:39:47 +0100] "GET /polar-blanket-wildcat-160-130-cm-p-52354.html HTTP/1.0" 200 71933 "-" "Mozilla/5.0 (compatible; AhrefsBot/7.0; +http://ahrefs.com/robot/)"
180.183.228.148 - - [26/Jan/2021:05:41:11 +0100] "GET /contact_us.php HTTP/1.0" 200 26238 "http://www.wonder-geek.com/contact_us.php" "Mozilla/5.0 (Windows NT 6.1; Win64; x64) AppleWebKit/537.36 (KHTML, like Gecko) Chrome/83.0.4103.61 Safari/537.36"
180.183.228.148 - - [26/Jan/2021:05:41:13 +0100] "POST /contact_us.php?action=send HTTP/1.0" 200 26477 "http://www.wonder-geek.com/contact_us.php" "Mozilla/5.0 (Windows NT 6.1; Win64; x64) AppleWebKit/537.36 (KHTML, like Gecko) Chrome/83.0.4103.61 Safari/537.36"
207.46.13.55 - - [26/Jan/2021:05:41:37 +0100] "GET /images/5055071693595.jpg HTTP/1.0" 200 259 "-" "Mozilla/5.0 (compatible; bingbot/2.0; +http://www.bing.com/bingbot.htm)"
207.46.13.55 - - [26/Jan/2021:05:42:37 +0100] "GET /removable-cushion-nelia-40-cm-p-43899.html HTTP/1.0" 200 72528 "-" "Mozilla/5.0 (compatible; bingbot/2.0; +http://www.bing.com/bingbot.htm)"
207.46.13.37 - - [26/Jan/2021:05:42:55 +0100] "GET /images/big_prod_1/3700230606238a.jpg HTTP/1.0" 200 271 "-" "Mozilla/5.0 (compatible; bingbot/2.0; +http://www.bing.com/bingbot.htm)"
207.46.13.37 - - [26/Jan/2021:05:42:56 +0100] "GET /fiat-500-orange-desk-lamp-p-17064.html HTTP/1.0" 200 72621 "-" "Mozilla/5.0 (compatible; bingbot/2.0; +http://www.bing.com/bingbot.htm)"
207.46.13.37 - - [26/Jan/2021:05:42:57 +0100] "GET /images/med_prod/3681643110065.jpg HTTP/1.0" 200 268 "-" "Mozilla/5.0 (compatible; bingbot/2.0; +http://www.bing.com/bingbot.htm)"
157.55.39.228 - - [26/Jan/2021:05:43:00 +0100] "GET /-p-10532.html HTTP/1.0" 200 69189 "-" "Mozilla/5.0 (compatible; bingbot/2.0; +http://www.bing.com/bingbot.htm)"
157.55.39.228 - - [26/Jan/2021:05:43:01 +0100] "GET /images/big_prod_1/d4542202656389.jpg HTTP/1.0" 200 271 "-" "Mozilla/5.0 (compatible; bingbot/2.0; +http://www.bing.com/bingbot.htm)"
51.68.224.127 - - [26/Jan/2021:05:43:07 +0100] "GET /adminweb/export_orders_xml.php?token=256de2z6edz6ed2z6DFSFsed2zed6zeDSFDSGdzedezfzf&maxorders=10&orderstart=1&status=14&start_date=2018-10-01 HTTP/1.0" 200 285 "-" "GesCom CharlotteBoutik Serveur"
51.68.224.127 - - [26/Jan/2021:05:43:07 +0100] "GET /adminweb/export_orders_xml.php?token=256de2z6edz6ed2z6DFSFsed2zed6zeDSFDSGdzedezfzf&maxorders=10&orderstart=1&status=6&start_date=2018-10-01 HTTP/1.0" 200 29990 "-" "GesCom CharlotteBoutik Serveur"
157.55.39.153 - - [26/Jan/2021:05:44:02 +0100] "GET /cat-deco-statuette-terracotta-p-48015.html HTTP/1.0" 200 69331 "-" "Mozilla/5.0 (compatible; bingbot/2.0; +http://www.bing.com/bingbot.htm)"
157.55.39.153 - - [26/Jan/2021:05:44:03 +0100] "GET /images/mini_prod/3609810083301.jpg HTTP/1.0" 200 269 "-" "Mozilla/5.0 (compatible; bingbot/2.0; +http://www.bing.com/bingbot.htm)"
13.66.139.136 - - [26/Jan/2021:05:44:14 +0100] "GET /images/big_prod_1/b5051276225654.jpg HTTP/1.0" 200 271 "-" "Mozilla/5.0 (compatible; bingbot/2.0; +http://www.bing.com/bingbot.htm)"
13.66.139.136 - - [26/Jan/2021:05:44:44 +0100] "GET /images/mini_prod/B10910.gif HTTP/1.0" 200 261 "-" "Mozilla/5.0 (compatible; bingbot/2.0; +http://www.bing.com/bingbot.htm)"
66.249.82.163 - - [26/Jan/2021:05:44:48 +0100] "GET /images/b8028501635028.jpg HTTP/1.0" 200 260 "-" "Mozilla/5.0 (Windows NT 5.1; rv:11.0) Gecko Firefox/11.0 (via ggpht.com GoogleImageProxy)"
54.36.149.23 - - [26/Jan/2021:05:45:23 +0100] "GET /emma-princess-costumes-years-p-22577.html HTTP/1.0" 301 69256 "-" "Mozilla/5.0 (compatible; AhrefsBot/7.0; +http://ahrefs.com/robot/)"
13.66.139.5 - - [26/Jan/2021:05:46:14 +0100] "GET /images/5060021882400.jpg HTTP/1.0" 200 259 "-" "Mozilla/5.0 (compatible; bingbot/2.0; +http://www.bing.com/bingbot.htm)"
54.36.148.87 - - [26/Jan/2021:05:46:37 +0100] "GET /corsica-little-tray-20-14-cm-p-49742.html HTTP/1.0" 200 71944 "-" "Mozilla/5.0 (compatible; AhrefsBot/7.0; +http://ahrefs.com/robot/)"
17.58.101.147 - - [26/Jan/2021:05:47:49 +0100] "GET /fitted-sheet-c-11_193.html?page=2 HTTP/1.0" 200 90372 "-" "Mozilla/5.0 (Macintosh; Intel Mac OS X 10_15_5) AppleWebKit/605.1.15 (KHTML, like Gecko) Version/13.1.1 Safari/605.1.15 (Applebot/0.1; +http://www.apple.com/go/applebot)"
54.36.148.3 - - [26/Jan/2021:05:48:38 +0100] "GET /floor-cushion-beige-45-cm-nelia-p-43362.html HTTP/1.0" 301 69256 "-" "Mozilla/5.0 (compatible; AhrefsBot/7.0; +http://ahrefs.com/robot/)"
157.55.39.228 - - [26/Jan/2021:05:48:50 +0100] "GET /images/big_prod/4012390386240.jpg HTTP/1.0" 200 268 "-" "Mozilla/5.0 (compatible; bingbot/2.0; +http://www.bing.com/bingbot.htm)"
54.36.148.48 - - [26/Jan/2021:05:48:53 +0100] "GET /happy-colors-happiness-yellow-placemat-p-22359.html HTTP/1.0" 301 69256 "-" "Mozilla/5.0 (compatible; AhrefsBot/7.0; +http://ahrefs.com/robot/)"
207.46.13.55 - - [26/Jan/2021:05:48:55 +0100] "GET /round-trays-c-12_159_263.html HTTP/1.0" 200 89800 "-" "Mozilla/5.0 (compatible; bingbot/2.0; +http://www.bing.com/bingbot.htm)"
157.55.39.153 - - [26/Jan/2021:05:49:07 +0100] "GET /nintendo-logo-laptop-cover-p-17627.html HTTP/1.0" 200 74587 "-" "Mozilla/5.0 (compatible; bingbot/2.0; +http://www.bing.com/bingbot.htm)"
157.55.39.153 - - [26/Jan/2021:05:49:08 +0100] "GET /images/9316199937913.jpg HTTP/1.0" 200 259 "-" "Mozilla/5.0 (compatible; bingbot/2.0; +http://www.bing.com/bingbot.htm)"
157.55.39.153 - - [26/Jan/2021:05:49:08 +0100] "GET /tweety-studious-figurine-p-42737.html HTTP/1.0" 200 69257 "-" "Mozilla/5.0 (compatible; bingbot/2.0; +http://www.bing.com/bingbot.htm)"
157.55.39.228 - - [26/Jan/2021:05:49:11 +0100] "GET /images/big_prod/3503420083075.jpg HTTP/1.0" 200 268 "-" "Mozilla/5.0 (compatible; bingbot/2.0; +http://www.bing.com/bingbot.htm)"
207.46.13.55 - - [26/Jan/2021:05:49:18 +0100] "GET /images/6953270923989.jpg HTTP/1.0" 200 259 "-" "Mozilla/5.0 (compatible; bingbot/2.0; +http://www.bing.com/bingbot.htm)"
157.55.39.153 - - [26/Jan/2021:05:49:22 +0100] "GET /images/B8422666661524B.jpg HTTP/1.0" 200 261 "-" "Mozilla/5.0 (compatible; bingbot/2.0; +http://www.bing.com/bingbot.htm)"
13.66.139.136 - - [26/Jan/2021:05:49:27 +0100] "GET /images/big_prod_1/b5018997612996.jpg HTTP/1.0" 200 271 "-" "Mozilla/5.0 (compatible; bingbot/2.0; +http://www.bing.com/bingbot.htm)"
157.55.39.153 - - [26/Jan/2021:05:51:31 +0100] "GET /luggages-schoolbags-leather-shop/bagshandbags-shoulder-bags/kimmidoll-shopping-bag-pink-satin-collection-p-13365.html HTTP/1.0" 301 69256 "-" "Mozilla/5.0 (compatible; bingbot/2.0; +http://www.bing.com/bingbot.htm)"
207.46.13.37 - - [26/Jan/2021:05:51:58 +0100] "GET /images/big_prod_1/8719497611546a.jpg HTTP/1.0" 200 271 "-" "Mozilla/5.0 (compatible; bingbot/2.0; +http://www.bing.com/bingbot.htm)"
207.46.13.37 - - [26/Jan/2021:05:51:59 +0100] "GET /images/3701276256869.jpg HTTP/1.0" 200 259 "-" "Mozilla/5.0 (compatible; bingbot/2.0; +http://www.bing.com/bingbot.htm)"
185.191.171.43 - - [26/Jan/2021:05:52:40 +0100] "GET /-p-36808.html?action=add_product HTTP/1.0" 302 476 "-" "Mozilla/5.0 (compatible; SemrushBot/7~bl; +http://www.semrush.com/bot.html)"
165.117.232.82 - - [26/Jan/2021:05:52:45 +0100] "GET /kelloggs-corn-flakes-poster-p-25835.html HTTP/1.0" 200 69315 "-" "Mozilla/5.0 (Windows NT 10.0; Win64; x64) AppleWebKit/537.36 (KHTML, like Gecko) Chrome/84.0.4147.135 Safari/537.36"
54.36.148.48 - - [26/Jan/2021:05:53:11 +0100] "GET /notebook-notebook-diary-c-129_185.html?page=2 HTTP/1.0" 200 91374 "-" "Mozilla/5.0 (compatible; AhrefsBot/7.0; +http://ahrefs.com/robot/)"
54.36.148.221 - - [26/Jan/2021:05:53:27 +0100] "GET /daring-duel-peter-pan-figure-collection-p-34260.html HTTP/1.0" 301 69256 "-" "Mozilla/5.0 (compatible; AhrefsBot/7.0; +http://ahrefs.com/robot/)"
13.66.139.139 - - [26/Jan/2021:05:53:44 +0100] "GET /images/3148888888819.jpg HTTP/1.0" 200 259 "-" "Mozilla/5.0 (compatible; bingbot/2.0; +http://www.bing.com/bingbot.htm)"
157.55.39.153 - - [26/Jan/2021:05:53:55 +0100] "GET /images/big_prod/8499132034984.jpg HTTP/1.0" 200 268 "-" "Mozilla/5.0 (compatible; bingbot/2.0; +http://www.bing.com/bingbot.htm)"
13.66.139.5 - - [26/Jan/2021:05:54:35 +0100] "GET /images/mini_prod/3609810076303.jpg HTTP/1.0" 200 269 "-" "Mozilla/5.0 (compatible; bingbot/2.0; +http://www.bing.com/bingbot.htm)"
157.55.39.153 - - [26/Jan/2021:05:54:57 +0100] "GET /cocacola-m-190.html?page=3 HTTP/1.0" 200 83459 "-" "Mozilla/5.0 (compatible; bingbot/2.0; +http://www.bing.com/bingbot.htm)"
54.36.148.165 - - [26/Jan/2021:05:55:04 +0100] "GET /dora-the-explorer-pairs-of-socks-31-34-p-25273.html HTTP/1.0" 301 69256 "-" "Mozilla/5.0 (compatible; AhrefsBot/7.0; +http://ahrefs.com/robot/)"
167.114.116.25 - - [26/Jan/2021:05:58:44 +0100] "GET /robots.txt HTTP/1.0" 200 245 "-" "Mozilla/5.0 (compatible; MJ12bot/v1.4.8; http://mj12bot.com/)"
167.114.116.25 - - [26/Jan/2021:05:58:55 +0100] "GET /fitted-sheet-in-cotton-percale-80-threads-90-190-30-cm-p-51249.html HTTP/1.0" 200 72849 "-" "Mozilla/5.0 (compatible; MJ12bot/v1.4.8; http://mj12bot.com/)"
51.68.224.127 - - [26/Jan/2021:05:58:57 +0100] "GET /adminweb/export_orders_xml.php?token=256de2z6edz6ed2z6DFSFsed2zed6zeDSFDSGdzedezfzf&maxorders=10&orderstart=1&status=14&start_date=2018-10-01 HTTP/1.0" 200 285 "-" "GesCom CharlotteBoutik Serveur"
51.68.224.127 - - [26/Jan/2021:05:58:57 +0100] "GET /adminweb/export_orders_xml.php?token=256de2z6edz6ed2z6DFSFsed2zed6zeDSFDSGdzedezfzf&maxorders=10&orderstart=1&status=6&start_date=2018-10-01 HTTP/1.0" 200 29990 "-" "GesCom CharlotteBoutik Serveur"
167.114.116.25 - - [26/Jan/2021:05:59:13 +0100] "GET /fragrance-sachet-cinnamon-spice-p-40559.html HTTP/1.0" 200 72582 "-" "Mozilla/5.0 (compatible; MJ12bot/v1.4.8; http://mj12bot.com/)"
167.114.116.25 - - [26/Jan/2021:05:59:31 +0100] "GET /fragrance-sachet-coconut-escape-p-40535.html HTTP/1.0" 200 72576 "-" "Mozilla/5.0 (compatible; MJ12bot/v1.4.8; http://mj12bot.com/)"
157.55.39.153 - - [26/Jan/2021:05:59:38 +0100] "GET /images/med_prod/000000000lyon.jpg HTTP/1.0" 200 268 "-" "Mozilla/5.0 (compatible; bingbot/2.0; +http://www.bing.com/bingbot.htm)"
157.55.39.153 - - [26/Jan/2021:05:59:39 +0100] "GET /images/med_prod/8435306290862.jpg HTTP/1.0" 200 268 "-" "Mozilla/5.0 (compatible; bingbot/2.0; +http://www.bing.com/bingbot.htm)"
54.36.148.87 - - [26/Jan/2021:05:59:50 +0100] "GET /wise-wings-owl-keychain-p-51825.html HTTP/1.0" 200 72730 "-" "Mozilla/5.0 (compatible; AhrefsBot/7.0; +http://ahrefs.com/robot/)"
167.114.116.25 - - [26/Jan/2021:05:59:52 +0100] "GET /fragrance-sachet-dawn-mist-p-40562.html HTTP/1.0" 200 72546 "-" "Mozilla/5.0 (compatible; MJ12bot/v1.4.8; http://mj12bot.com/)"
167.114.116.25 - - [26/Jan/2021:06:00:10 +0100] "GET /fragrance-sachet-eastern-promise-p-40558.html HTTP/1.0" 200 69292 "-" "Mozilla/5.0 (compatible; MJ12bot/v1.4.8; http://mj12bot.com/)"
167.114.116.25 - - [26/Jan/2021:06:00:28 +0100] "GET /fragrance-sachet-french-vanilla-p-40550.html HTTP/1.0" 200 72594 "-" "Mozilla/5.0 (compatible; MJ12bot/v1.4.8; http://mj12bot.com/)"
167.114.116.25 - - [26/Jan/2021:06:00:43 +0100] "GET /funny-pets-mobile-sock-p-33096.html HTTP/1.0" 200 71974 "-" "Mozilla/5.0 (compatible; MJ12bot/v1.4.8; http://mj12bot.com/)"
167.114.116.25 - - [26/Jan/2021:06:00:59 +0100] "GET /games-and-toys/soft-toys-security-blanket/burglar-pink-panther-little-soft-toy-p-18794.html HTTP/1.0" 301 69256 "-" "Mozilla/5.0 (compatible; MJ12bot/v1.4.8; http://mj12bot.com/)"
66.249.70.36 - - [26/Jan/2021:06:01:10 +0100] "GET /glasses-case-c-31_164.html HTTP/1.0" 200 89535 "-" "Mozilla/5.0 (compatible; Googlebot/2.1; +http://www.google.com/bot.html)"
66.249.70.62 - - [26/Jan/2021:06:01:12 +0100] "GET /images/mini_prod/8028501696111.jpg HTTP/1.0" 200 269 "-" "Googlebot-Image/1.0"
167.114.116.25 - - [26/Jan/2021:06:01:16 +0100] "GET /-p-18794.html HTTP/1.0" 200 69189 "-" "Mozilla/5.0 (compatible; MJ12bot/v1.4.8; http://mj12bot.com/)"
54.36.149.82 - - [26/Jan/2021:06:01:24 +0100] "GET /pairs-gormiti-of-socks-black-and-blue-23-26-p-25209.html HTTP/1.0" 301 69256 "-" "Mozilla/5.0 (compatible; AhrefsBot/7.0; +http://ahrefs.com/robot/)"
13.66.139.139 - - [26/Jan/2021:06:01:25 +0100] "GET /images/big_prod_3/1328399219049d.jpg HTTP/1.0" 200 271 "-" "Mozilla/5.0 (compatible; bingbot/2.0; +http://www.bing.com/bingbot.htm)"
167.114.116.25 - - [26/Jan/2021:06:01:38 +0100] "GET /games-and-toys/toys/beyblade-mattress-swimming-pool-p-14358.html HTTP/1.0" 301 72126 "-" "Mozilla/5.0 (compatible; MJ12bot/v1.4.8; http://mj12bot.com/)"
167.114.116.25 - - [26/Jan/2021:06:01:56 +0100] "GET /beyblade-mattress-swimming-pool-p-14358.html HTTP/1.0" 200 72028 "-" "Mozilla/5.0 (compatible; MJ12bot/v1.4.8; http://mj12bot.com/)"
167.114.116.25 - - [26/Jan/2021:06:02:13 +0100] "GET /glass-cutting-board-by-cbkreation-p-51278.html HTTP/1.0" 200 71909 "-" "Mozilla/5.0 (compatible; MJ12bot/v1.4.8; http://mj12bot.com/)"
167.114.116.25 - - [26/Jan/2021:06:02:35 +0100] "GET /glass-cutting-board-by-cbkreation-p-51279.html HTTP/1.0" 200 71909 "-" "Mozilla/5.0 (compatible; MJ12bot/v1.4.8; http://mj12bot.com/)"
167.114.116.25 - - [26/Jan/2021:06:02:51 +0100] "GET /glass-cutting-board-by-cbkreation-p-51280.html HTTP/1.0" 200 71909 "-" "Mozilla/5.0 (compatible; MJ12bot/v1.4.8; http://mj12bot.com/)"
167.114.116.25 - - [26/Jan/2021:06:03:05 +0100] "GET /glass-cutting-board-by-cbkreation-p-51286.html HTTP/1.0" 200 71909 "-" "Mozilla/5.0 (compatible; MJ12bot/v1.4.8; http://mj12bot.com/)"
167.114.116.25 - - [26/Jan/2021:06:03:21 +0100] "GET /glass-cutting-board-by-cbkreation-p-51291.html HTTP/1.0" 200 71909 "-" "Mozilla/5.0 (compatible; MJ12bot/v1.4.8; http://mj12bot.com/)"
167.114.116.25 - - [26/Jan/2021:06:03:40 +0100] "GET /harley-davidson-zippo-lighter-laser-p-53266.html HTTP/1.0" 200 74235 "-" "Mozilla/5.0 (compatible; MJ12bot/v1.4.8; http://mj12bot.com/)"
167.114.116.25 - - [26/Jan/2021:06:03:57 +0100] "GET /home-and-decoration/magnets/route-logo-metal-magnet-p-8188.html HTTP/1.0" 301 71931 "-" "Mozilla/5.0 (compatible; MJ12bot/v1.4.8; http://mj12bot.com/)"
167.114.116.25 - - [26/Jan/2021:06:04:15 +0100] "GET /us-route-66-logo-metal-magnet-p-8188.html HTTP/1.0" 200 71836 "-" "Mozilla/5.0 (compatible; MJ12bot/v1.4.8; http://mj12bot.com/)"
13.66.139.5 - - [26/Jan/2021:06:04:25 +0100] "GET /images/mini_prod/3524550049182.jpg HTTP/1.0" 200 269 "-" "Mozilla/5.0 (compatible; bingbot/2.0; +http://www.bing.com/bingbot.htm)"
167.114.116.25 - - [26/Jan/2021:06:04:33 +0100] "GET /home/stationery-school-supplies/crayola-set-jumbo-crayons-p-16599.html HTTP/1.0" 301 69433 "-" "Mozilla/5.0 (compatible; MJ12bot/v1.4.8; http://mj12bot.com/)"
216.244.66.242 - - [26/Jan/2021:06:04:45 +0100] "GET /robots.txt HTTP/1.0" 200 245 "-" "Mozilla/5.0 (compatible; DotBot/1.1; http://www.opensiteexplorer.org/dotbot, help@moz.com)"
167.114.116.25 - - [26/Jan/2021:06:04:51 +0100] "GET /crayola-set-of-24-jumbo-crayons-p-16599.html HTTP/1.0" 200 69335 "-" "Mozilla/5.0 (compatible; MJ12bot/v1.4.8; http://mj12bot.com/)"
207.46.13.37 - - [26/Jan/2021:06:04:53 +0100] "GET /images/med_prod/0039897677330dg.jpg HTTP/1.0" 200 270 "-" "Mozilla/5.0 (compatible; bingbot/2.0; +http://www.bing.com/bingbot.htm)"
167.114.116.25 - - [26/Jan/2021:06:05:14 +0100] "GET /household-linen/towel-bath-towels/strawberry-shortcake-towel-p-9040.html HTTP/1.0" 301 71838 "-" "Mozilla/5.0 (compatible; MJ12bot/v1.4.8; http://mj12bot.com/)"
54.36.148.228 - - [26/Jan/2021:06:05:21 +0100] "GET /beatles-apple-metal-money-box-p-3741.html HTTP/1.0" 301 69253 "-" "Mozilla/5.0 (compatible; AhrefsBot/7.0; +http://ahrefs.com/robot/)"
114.119.151.113 - - [26/Jan/2021:06:05:39 +0100] "GET /graphic-birds-adult-apron-p-39872.html HTTP/1.0" 200 71821 "-" "Mozilla/5.0 (Linux; Android 7.0;) AppleWebKit/537.36 (KHTML, like Gecko) Mobile Safari/537.36 (compatible; PetalBot;+https://aspiegel.com/petalbot)"
167.114.116.25 - - [26/Jan/2021:06:05:40 +0100] "GET /strawberry-shortcake-towel-p-9040.html HTTP/1.0" 200 71746 "-" "Mozilla/5.0 (compatible; MJ12bot/v1.4.8; http://mj12bot.com/)"
167.114.116.25 - - [26/Jan/2021:06:05:55 +0100] "GET /jim-shore-blessed-birth-in-bethlehem-piece-mini-nativity-p-53273.html HTTP/1.0" 200 72857 "-" "Mozilla/5.0 (compatible; MJ12bot/v1.4.8; http://mj12bot.com/)"
167.114.116.25 - - [26/Jan/2021:06:06:12 +0100] "GET /klimt-tote-bag-p-51201.html HTTP/1.0" 200 72392 "-" "Mozilla/5.0 (compatible; MJ12bot/v1.4.8; http://mj12bot.com/)"
167.114.116.25 - - [26/Jan/2021:06:06:29 +0100] "GET /large-industrial-hanging-pendulum-union-hotel-p-51370.html HTTP/1.0" 200 72095 "-" "Mozilla/5.0 (compatible; MJ12bot/v1.4.8; http://mj12bot.com/)"
167.114.116.25 - - [26/Jan/2021:06:06:45 +0100] "GET /large-porcelain-bowl-botanic-p-51796.html HTTP/1.0" 200 72475 "-" "Mozilla/5.0 (compatible; MJ12bot/v1.4.8; http://mj12bot.com/)"
157.55.39.153 - - [26/Jan/2021:06:06:50 +0100] "GET /images/big_prod/3609810070851.jpg HTTP/1.0" 200 268 "-" "Mozilla/5.0 (compatible; bingbot/2.0; +http://www.bing.com/bingbot.htm)"
167.114.116.25 - - [26/Jan/2021:06:07:03 +0100] "GET /light-wood-table-lamp-scandinavian-spirit-41-cm-p-52410.html HTTP/1.0" 200 73280 "-" "Mozilla/5.0 (compatible; MJ12bot/v1.4.8; http://mj12bot.com/)"
54.36.149.82 - - [26/Jan/2021:06:07:15 +0100] "GET /playboy-pink-ashtray-p-49300.html HTTP/1.0" 200 71786 "-" "Mozilla/5.0 (compatible; AhrefsBot/7.0; +http://ahrefs.com/robot/)"
17.58.101.147 - - [26/Jan/2021:06:07:16 +0100] "GET /decorative-earth-globes-c-13_233.html HTTP/1.0" 200 87786 "-" "Mozilla/5.0 (Macintosh; Intel Mac OS X 10_15_5) AppleWebKit/605.1.15 (KHTML, like Gecko) Version/13.1.1 Safari/605.1.15 (Applebot/0.1; +http://www.apple.com/go/applebot)"
167.114.116.25 - - [26/Jan/2021:06:07:26 +0100] "GET /little-buddha-collection-keychain-p-53293.html HTTP/1.0" 200 71932 "-" "Mozilla/5.0 (compatible; MJ12bot/v1.4.8; http://mj12bot.com/)"
167.114.116.25 - - [26/Jan/2021:06:07:43 +0100] "GET /little-buddha-collection-keychain-p-53294.html HTTP/1.0" 200 71932 "-" "Mozilla/5.0 (compatible; MJ12bot/v1.4.8; http://mj12bot.com/)"
167.114.116.25 - - [26/Jan/2021:06:08:05 +0100] "GET /little-buddha-collection-statuette-p-53288.html HTTP/1.0" 200 71979 "-" "Mozilla/5.0 (compatible; MJ12bot/v1.4.8; http://mj12bot.com/)"
167.114.116.25 - - [26/Jan/2021:06:08:24 +0100] "GET /little-buddha-collection-statuette-p-53290.html HTTP/1.0" 200 71979 "-" "Mozilla/5.0 (compatible; MJ12bot/v1.4.8; http://mj12bot.com/)"
207.46.13.37 - - [26/Jan/2021:06:08:29 +0100] "GET /images/big_prod/3612872109728Bodega.jpg HTTP/1.0" 200 274 "-" "Mozilla/5.0 (compatible; bingbot/2.0; +http://www.bing.com/bingbot.htm)"
167.114.116.25 - - [26/Jan/2021:06:08:40 +0100] "GET /little-buddha-notebook-155-112-cm-p-53280.html HTTP/1.0" 200 69319 "-" "Mozilla/5.0 (compatible; MJ12bot/v1.4.8; http://mj12bot.com/)"
167.114.116.25 - - [26/Jan/2021:06:09:02 +0100] "GET /little-buddha-notebook-155-112-cm-p-53282.html HTTP/1.0" 200 69319 "-" "Mozilla/5.0 (compatible; MJ12bot/v1.4.8; http://mj12bot.com/)"
167.114.116.25 - - [26/Jan/2021:06:09:22 +0100] "GET /mareva-coated-tablecloth-grey-and-blue-p-51239.html HTTP/1.0" 200 71982 "-" "Mozilla/5.0 (compatible; MJ12bot/v1.4.8; http://mj12bot.com/)"
167.114.116.25 - - [26/Jan/2021:06:09:39 +0100] "GET /mini-trays-c-12_159_260.html?page=2 HTTP/1.0" 200 90351 "-" "Mozilla/5.0 (compatible; MJ12bot/v1.4.8; http://mj12bot.com/)"
13.66.139.5 - - [26/Jan/2021:06:09:46 +0100] "GET /images/big_prod/3453131152440.jpg HTTP/1.0" 200 268 "-" "Mozilla/5.0 (compatible; bingbot/2.0; +http://www.bing.com/bingbot.htm)"
216.244.66.242 - - [26/Jan/2021:06:09:50 +0100] "GET /bedclothes-140-200-cm-blue-p-44340.html HTTP/1.0" 200 69309 "-" "Mozilla/5.0 (compatible; DotBot/1.1; http://www.opensiteexplorer.org/dotbot, help@moz.com)"
17.58.101.147 - - [26/Jan/2021:06:09:54 +0100] "GET /photo-frames-and-memo-clips-c-13_132.html HTTP/1.0" 200 89731 "-" "Mozilla/5.0 (Macintosh; Intel Mac OS X 10_15_5) AppleWebKit/605.1.15 (KHTML, like Gecko) Version/13.1.1 Safari/605.1.15 (Applebot/0.1; +http://www.apple.com/go/applebot)"
216.244.66.242 - - [26/Jan/2021:06:09:55 +0100] "GET /kimmidoll-makeup-kit-13-17-55-cm-p-42466.html HTTP/1.0" 200 72072 "-" "Mozilla/5.0 (compatible; DotBot/1.1; http://www.opensiteexplorer.org/dotbot, help@moz.com)"
114.119.154.200 - - [26/Jan/2021:06:09:57 +0100] "GET /mango-storage-chest-p-52257.html HTTP/1.0" 200 72765 "-" "Mozilla/5.0 (Linux; Android 7.0;) AppleWebKit/537.36 (KHTML, like Gecko) Mobile Safari/537.36 (compatible; PetalBot;+https://aspiegel.com/petalbot)"
167.114.116.25 - - [26/Jan/2021:06:10:00 +0100] "GET /mini-trays-c-12_159_260.html?page=3 HTTP/1.0" 200 90300 "-" "Mozilla/5.0 (compatible; MJ12bot/v1.4.8; http://mj12bot.com/)"
216.244.66.242 - - [26/Jan/2021:06:10:00 +0100] "GET /wu-and-wu-happy-hair-tidy-p-19449.html HTTP/1.0" 200 72103 "-" "Mozilla/5.0 (compatible; DotBot/1.1; http://www.opensiteexplorer.org/dotbot, help@moz.com)"
216.244.66.242 - - [26/Jan/2021:06:10:06 +0100] "GET /hello-kitty-camomilla-cosmetic-bag-lilac-and-glitters-p-18442.html HTTP/1.0" 200 72587 "-" "Mozilla/5.0 (compatible; DotBot/1.1; http://www.opensiteexplorer.org/dotbot, help@moz.com)"
216.244.66.242 - - [26/Jan/2021:06:10:11 +0100] "GET /industrial-chandelier-in-patinated-copper-metal-p-38628.html HTTP/1.0" 200 72096 "-" "Mozilla/5.0 (compatible; DotBot/1.1; http://www.opensiteexplorer.org/dotbot, help@moz.com)"
167.114.116.25 - - [26/Jan/2021:06:10:21 +0100] "GET /mini-trays-c-12_159_260.html?page=4 HTTP/1.0" 200 90179 "-" "Mozilla/5.0 (compatible; MJ12bot/v1.4.8; http://mj12bot.com/)"
54.36.148.21 - - [26/Jan/2021:06:10:39 +0100] "GET /owl-blue-tisaniere-p-34353.html HTTP/1.0" 301 69256 "-" "Mozilla/5.0 (compatible; AhrefsBot/7.0; +http://ahrefs.com/robot/)"
167.114.116.25 - - [26/Jan/2021:06:10:50 +0100] "GET /pill-box-marseille-soap-p-51389.html HTTP/1.0" 301 69256 "-" "Mozilla/5.0 (compatible; MJ12bot/v1.4.8; http://mj12bot.com/)"
207.46.13.37 - - [26/Jan/2021:06:10:53 +0100] "GET /images/big_prod/3560600316507.jpg HTTP/1.0" 200 268 "-" "Mozilla/5.0 (compatible; bingbot/2.0; +http://www.bing.com/bingbot.htm)"
157.55.39.153 - - [26/Jan/2021:06:11:08 +0100] "GET /images/8029759043818.jpg HTTP/1.0" 200 259 "-" "Mozilla/5.0 (compatible; bingbot/2.0; +http://www.bing.com/bingbot.htm)"
157.55.39.153 - - [26/Jan/2021:06:11:08 +0100] "GET /images/4895029694646.jpg HTTP/1.0" 200 259 "-" "Mozilla/5.0 (compatible; bingbot/2.0; +http://www.bing.com/bingbot.htm)"
167.114.116.25 - - [26/Jan/2021:06:11:10 +0100] "GET /-p-51389.html HTTP/1.0" 200 69189 "-" "Mozilla/5.0 (compatible; MJ12bot/v1.4.8; http://mj12bot.com/)"
216.244.66.242 - - [26/Jan/2021:06:11:24 +0100] "GET /accessories-mobiles-c-3_17.html?page=11 HTTP/1.0" 200 90020 "-" "Mozilla/5.0 (compatible; DotBot/1.1; http://www.opensiteexplorer.org/dotbot, help@moz.com)"
167.114.116.25 - - [26/Jan/2021:06:11:38 +0100] "GET /pillow-case-in-cotton-percale-80-threads-50-70-cm-p-51255.html HTTP/1.0" 200 72149 "-" "Mozilla/5.0 (compatible; MJ12bot/v1.4.8; http://mj12bot.com/)"
216.244.66.242 - - [26/Jan/2021:06:11:48 +0100] "GET /cuba-cork-coaster-p-40268.html HTTP/1.0" 200 71758 "-" "Mozilla/5.0 (compatible; DotBot/1.1; http://www.opensiteexplorer.org/dotbot, help@moz.com)"
157.55.39.149 - - [26/Jan/2021:06:11:50 +0100] "GET /images/big_prod/8718317709623.jpg HTTP/1.0" 200 268 "-" "Mozilla/5.0 (compatible; bingbot/2.0; +http://www.bing.com/bingbot.htm)"
167.114.116.25 - - [26/Jan/2021:06:11:54 +0100] "GET /portugal-glass-cutting-board-by-cbkreation-p-51182.html HTTP/1.0" 200 71948 "-" "Mozilla/5.0 (compatible; MJ12bot/v1.4.8; http://mj12bot.com/)"
167.114.116.25 - - [26/Jan/2021:06:12:15 +0100] "GET /rock-crystal-obelisk-p-51172.html HTTP/1.0" 200 72051 "-" "Mozilla/5.0 (compatible; MJ12bot/v1.4.8; http://mj12bot.com/)"
13.66.139.139 - - [26/Jan/2021:06:12:16 +0100] "GET /images/big_prod_1/8422010063585B.jpg HTTP/1.0" 200 271 "-" "Mozilla/5.0 (compatible; bingbot/2.0; +http://www.bing.com/bingbot.htm)"
13.66.139.139 - - [26/Jan/2021:06:12:17 +0100] "GET /-p-29808.html HTTP/1.0" 200 69189 "-" "Mozilla/5.0 (compatible; bingbot/2.0; +http://www.bing.com/bingbot.htm)"
167.114.116.25 - - [26/Jan/2021:06:12:33 +0100] "GET /round-tablecloth-azulejos-treated-anti-stain-orange-180-180-cm-p-51352.html HTTP/1.0" 200 72849 "-" "Mozilla/5.0 (compatible; MJ12bot/v1.4.8; http://mj12bot.com/)"
207.46.13.37 - - [26/Jan/2021:06:12:46 +0100] "GET /images/big_prod_2/540400644559a.jpg HTTP/1.0" 200 270 "-" "Mozilla/5.0 (compatible; bingbot/2.0; +http://www.bing.com/bingbot.htm)"
216.244.66.242 - - [26/Jan/2021:06:12:51 +0100] "GET /sonny-angel-figure-marine-series-p-50985.html HTTP/1.0" 200 72773 "-" "Mozilla/5.0 (compatible; DotBot/1.1; http://www.opensiteexplorer.org/dotbot, help@moz.com)"
167.114.116.25 - - [26/Jan/2021:06:12:52 +0100] "GET /scent-cup-heart-and-home-tuscan-fig-p-53335.html HTTP/1.0" 200 72338 "-" "Mozilla/5.0 (compatible; MJ12bot/v1.4.8; http://mj12bot.com/)"
216.244.66.242 - - [26/Jan/2021:06:12:59 +0100] "GET /amazon-love-tote-bag-macaws-p-50283.html HTTP/1.0" 200 72925 "-" "Mozilla/5.0 (compatible; DotBot/1.1; http://www.opensiteexplorer.org/dotbot, help@moz.com)"
216.244.66.242 - - [26/Jan/2021:06:13:02 +0100] "GET /kitchen-towel-holder-hooks-p-47373.html HTTP/1.0" 200 72464 "-" "Mozilla/5.0 (compatible; DotBot/1.1; http://www.opensiteexplorer.org/dotbot, help@moz.com)"
167.114.116.25 - - [26/Jan/2021:06:13:12 +0100] "GET /scent-cup-heart-and-home-welcoming-fire-p-53328.html HTTP/1.0" 200 72149 "-" "Mozilla/5.0 (compatible; MJ12bot/v1.4.8; http://mj12bot.com/)"
216.244.66.242 - - [26/Jan/2021:06:13:13 +0100] "GET /braided-straw-basket-with-white-straps-p-50699.html HTTP/1.0" 200 72812 "-" "Mozilla/5.0 (compatible; DotBot/1.1; http://www.opensiteexplorer.org/dotbot, help@moz.com)"
167.114.116.25 - - [26/Jan/2021:06:13:30 +0100] "GET /set-bedspread-boutis-and-pillowcases-240-260-cm-p-53278.html HTTP/1.0" 200 72851 "-" "Mozilla/5.0 (compatible; MJ12bot/v1.4.8; http://mj12bot.com/)"
207.46.13.37 - - [26/Jan/2021:06:13:31 +0100] "GET /man-resin-statue-21-cm-p-51234.html HTTP/1.0" 200 73102 "-" "Mozilla/5.0 (compatible; bingbot/2.0; +http://www.bing.com/bingbot.htm)"
54.36.148.87 - - [26/Jan/2021:06:13:35 +0100] "GET /winnie-the-pooh-ball-filled-p-11522.html HTTP/1.0" 200 72309 "-" "Mozilla/5.0 (compatible; AhrefsBot/7.0; +http://ahrefs.com/robot/)"
167.114.116.25 - - [26/Jan/2021:06:13:46 +0100] "GET /sixtine-bedspread-180-240-cm-p-51294.html HTTP/1.0" 200 71955 "-" "Mozilla/5.0 (compatible; MJ12bot/v1.4.8; http://mj12bot.com/)"
157.55.39.153 - - [26/Jan/2021:06:13:50 +0100] "GET /home-and-decoration-c-13.html?page=10 HTTP/1.0" 200 92054 "-" "Mozilla/5.0 (compatible; bingbot/2.0; +http://www.bing.com/bingbot.htm)"
167.114.116.25 - - [26/Jan/2021:06:14:07 +0100] "GET /sleeping-pad-red-p-53257.html HTTP/1.0" 200 72377 "-" "Mozilla/5.0 (compatible; MJ12bot/v1.4.8; http://mj12bot.com/)"
167.114.116.25 - - [26/Jan/2021:06:14:26 +0100] "GET /small-jar-candle-ginger-and-lemongrass-p-53337.html HTTP/1.0" 200 72526 "-" "Mozilla/5.0 (compatible; MJ12bot/v1.4.8; http://mj12bot.com/)"
167.114.116.25 - - [26/Jan/2021:06:14:46 +0100] "GET /solar-powered-sunflower-dancing-p-33552.html HTTP/1.0" 200 72145 "-" "Mozilla/5.0 (compatible; MJ12bot/v1.4.8; http://mj12bot.com/)"
51.68.224.127 - - [26/Jan/2021:06:14:47 +0100] "GET /adminweb/export_orders_xml.php?token=256de2z6edz6ed2z6DFSFsed2zed6zeDSFDSGdzedezfzf&maxorders=10&orderstart=1&status=14&start_date=2018-10-01 HTTP/1.0" 200 285 "-" "GesCom CharlotteBoutik Serveur"
51.68.224.127 - - [26/Jan/2021:06:14:47 +0100] "GET /adminweb/export_orders_xml.php?token=256de2z6edz6ed2z6DFSFsed2zed6zeDSFDSGdzedezfzf&maxorders=10&orderstart=1&status=6&start_date=2018-10-01 HTTP/1.0" 200 29990 "-" "GesCom CharlotteBoutik Serveur"
157.55.39.149 - - [26/Jan/2021:06:15:04 +0100] "GET /purse-and-wallet-c-31_76.html?page=5 HTTP/1.0" 200 84703 "-" "Mozilla/5.0 (compatible; bingbot/2.0; +http://www.bing.com/bingbot.htm)"
167.114.116.25 - - [26/Jan/2021:06:15:05 +0100] "GET /sonny-angel-tree-ornament-by-la-duree-p-32514.html HTTP/1.0" 200 72260 "-" "Mozilla/5.0 (compatible; MJ12bot/v1.4.8; http://mj12bot.com/)"
167.114.116.25 - - [26/Jan/2021:06:15:22 +0100] "GET /sonny-angel-vegetable-series-p-51168.html HTTP/1.0" 200 72119 "-" "Mozilla/5.0 (compatible; MJ12bot/v1.4.8; http://mj12bot.com/)"
167.114.116.25 - - [26/Jan/2021:06:15:39 +0100] "GET /spiderman-photo-frame-p-37017.html HTTP/1.0" 301 69256 "-" "Mozilla/5.0 (compatible; MJ12bot/v1.4.8; http://mj12bot.com/)"
167.114.116.25 - - [26/Jan/2021:06:15:57 +0100] "GET /-p-37017.html HTTP/1.0" 200 69189 "-" "Mozilla/5.0 (compatible; MJ12bot/v1.4.8; http://mj12bot.com/)"
167.114.116.25 - - [26/Jan/2021:06:16:17 +0100] "GET /spongebob-alarm-clock-p-10333.html HTTP/1.0" 200 71840 "-" "Mozilla/5.0 (compatible; MJ12bot/v1.4.8; http://mj12bot.com/)"
13.66.139.139 - - [26/Jan/2021:06:16:36 +0100] "GET /images/big_prod/3503420082467.jpg HTTP/1.0" 200 268 "-" "Mozilla/5.0 (compatible; bingbot/2.0; +http://www.bing.com/bingbot.htm)"
167.114.116.25 - - [26/Jan/2021:06:16:41 +0100] "GET /spongebob-alarm-clock-p-8337.html HTTP/1.0" 301 69253 "-" "Mozilla/5.0 (compatible; MJ12bot/v1.4.8; http://mj12bot.com/)"
172.69.26.132 - - [26/Jan/2021:06:16:48 +0100] "GET /images/3700057121686.jpg HTTP/1.0" 200 259 "http://gentable.mitredx.com/outstanding-minnie-mouse-table.html" "Mozilla/5.0 (compatible; CloudFlare-AlwaysOnline/1.0; +http://www.cloudflare.com/always-online) AppleWebKit/534.34"
167.114.116.25 - - [26/Jan/2021:06:16:58 +0100] "GET /-p-8337.html HTTP/1.0" 200 69187 "-" "Mozilla/5.0 (compatible; MJ12bot/v1.4.8; http://mj12bot.com/)"
167.114.116.25 - - [26/Jan/2021:06:17:19 +0100] "GET /spring-in-bloom-frozen-fever-anna-figure-collection-p-34270.html HTTP/1.0" 301 69256 "-" "Mozilla/5.0 (compatible; MJ12bot/v1.4.8; http://mj12bot.com/)"
66.249.70.36 - - [26/Jan/2021:06:17:22 +0100] "GET /create-your-topmodel-kitty-colouring-book-p-35832.html HTTP/1.0" 200 69385 "-" "Mozilla/5.0 (Linux; Android 6.0.1; Nexus 5X Build/MMB29P) AppleWebKit/537.36 (KHTML, like Gecko) Chrome/88.0.4324.113 Mobile Safari/537.36 (compatible; Googlebot/2.1; +http://www.google.com/bot.html)"
167.114.116.25 - - [26/Jan/2021:06:17:38 +0100] "GET /-p-34270.html HTTP/1.0" 200 69189 "-" "Mozilla/5.0 (compatible; MJ12bot/v1.4.8; http://mj12bot.com/)"
167.114.116.25 - - [26/Jan/2021:06:17:57 +0100] "GET /stade-toulousain-black-bowl-p-43110.html HTTP/1.0" 200 71828 "-" "Mozilla/5.0 (compatible; MJ12bot/v1.4.8; http://mj12bot.com/)"
167.114.116.25 - - [26/Jan/2021:06:18:13 +0100] "GET /star-wars-bb8-clock-24-cm-p-35775.html HTTP/1.0" 200 69305 "-" "Mozilla/5.0 (compatible; MJ12bot/v1.4.8; http://mj12bot.com/)"
167.114.116.25 - - [26/Jan/2021:06:18:30 +0100] "GET /star-wars-chewbacca-keyring-p-32337.html HTTP/1.0" 200 71883 "-" "Mozilla/5.0 (compatible; MJ12bot/v1.4.8; http://mj12bot.com/)"
167.114.116.25 - - [26/Jan/2021:06:18:51 +0100] "GET /star-wars-darth-vader-cushion-p-34017.html HTTP/1.0" 301 69256 "-" "Mozilla/5.0 (compatible; MJ12bot/v1.4.8; http://mj12bot.com/)"
167.114.116.25 - - [26/Jan/2021:06:19:10 +0100] "GET /-p-34017.html HTTP/1.0" 200 69189 "-" "Mozilla/5.0 (compatible; MJ12bot/v1.4.8; http://mj12bot.com/)"
167.114.116.25 - - [26/Jan/2021:06:19:31 +0100] "GET /star-wars-vader-cushion-p-34015.html HTTP/1.0" 301 69256 "-" "Mozilla/5.0 (compatible; MJ12bot/v1.4.8; http://mj12bot.com/)"
167.114.116.25 - - [26/Jan/2021:06:19:47 +0100] "GET /-p-34015.html HTTP/1.0" 200 69189 "-" "Mozilla/5.0 (compatible; MJ12bot/v1.4.8; http://mj12bot.com/)"
54.36.149.35 - - [26/Jan/2021:06:19:54 +0100] "GET /home-and-decoration-c-13.html?page=4 HTTP/1.0" 200 91313 "-" "Mozilla/5.0 (compatible; AhrefsBot/7.0; +http://ahrefs.com/robot/)"
157.55.39.153 - - [26/Jan/2021:06:20:04 +0100] "GET /images/big_prod_1/5022271700507B.jpg HTTP/1.0" 200 271 "-" "Mozilla/5.0 (compatible; bingbot/2.0; +http://www.bing.com/bingbot.htm)"
167.114.116.25 - - [26/Jan/2021:06:20:06 +0100] "GET /star-wars-yoda-cushion-p-34018.html HTTP/1.0" 301 69256 "-" "Mozilla/5.0 (compatible; MJ12bot/v1.4.8; http://mj12bot.com/)"
167.114.116.25 - - [26/Jan/2021:06:20:26 +0100] "GET /-p-34018.html HTTP/1.0" 200 69189 "-" "Mozilla/5.0 (compatible; MJ12bot/v1.4.8; http://mj12bot.com/)"
157.55.39.149 - - [26/Jan/2021:06:20:37 +0100] "GET /images/med_prod/1384010179550.jpg HTTP/1.0" 200 268 "-" "Mozilla/5.0 (compatible; bingbot/2.0; +http://www.bing.com/bingbot.htm)"
167.114.116.25 - - [26/Jan/2021:06:20:42 +0100] "GET /statue-decorating-catistic-lying-cat-p-37143.html HTTP/1.0" 200 72006 "-" "Mozilla/5.0 (compatible; MJ12bot/v1.4.8; http://mj12bot.com/)"
167.114.116.25 - - [26/Jan/2021:06:21:11 +0100] "GET /statue-the-white-bear-of-francois-pompon-11-21-cm-p-44147.html HTTP/1.0" 200 73064 "-" "Mozilla/5.0 (compatible; MJ12bot/v1.4.8; http://mj12bot.com/)"
167.114.116.25 - - [26/Jan/2021:06:21:27 +0100] "GET /stitch-figurine-by-romero-britto-p-33575.html HTTP/1.0" 301 69256 "-" "Mozilla/5.0 (compatible; MJ12bot/v1.4.8; http://mj12bot.com/)"
167.114.116.25 - - [26/Jan/2021:06:21:45 +0100] "GET /-p-33575.html HTTP/1.0" 200 69189 "-" "Mozilla/5.0 (compatible; MJ12bot/v1.4.8; http://mj12bot.com/)"
167.114.116.25 - - [26/Jan/2021:06:21:59 +0100] "GET /stop-wooden-plate-69-17-cm-p-37742.html HTTP/1.0" 200 71890 "-" "Mozilla/5.0 (compatible; MJ12bot/v1.4.8; http://mj12bot.com/)"
167.114.116.25 - - [26/Jan/2021:06:22:20 +0100] "GET /storage-chest-pouf-in-gray-velvet-36-cm-p-45807.html HTTP/1.0" 200 69375 "-" "Mozilla/5.0 (compatible; MJ12bot/v1.4.8; http://mj12bot.com/)"
167.114.116.25 - - [26/Jan/2021:06:22:36 +0100] "GET /storybook-alice-in-wonderland-tea-party-figure-collection-p-34263.html HTTP/1.0" 200 73373 "-" "Mozilla/5.0 (compatible; MJ12bot/v1.4.8; http://mj12bot.com/)"
13.66.139.139 - - [26/Jan/2021:06:22:47 +0100] "GET /images/8436047822152.jpg HTTP/1.0" 200 259 "-" "Mozilla/5.0 (compatible; bingbot/2.0; +http://www.bing.com/bingbot.htm)"
167.114.116.25 - - [26/Jan/2021:06:22:53 +0100] "GET /strawberry-shortcake-towel-p-9040.html HTTP/1.0" 200 71746 "-" "Mozilla/5.0 (compatible; MJ12bot/v1.4.8; http://mj12bot.com/)"
167.114.116.25 - - [26/Jan/2021:06:23:09 +0100] "GET /summer-life-door-mat-p-36101.html HTTP/1.0" 301 69256 "-" "Mozilla/5.0 (compatible; MJ12bot/v1.4.8; http://mj12bot.com/)"
167.114.116.25 - - [26/Jan/2021:06:23:25 +0100] "GET /-p-36101.html HTTP/1.0" 200 69189 "-" "Mozilla/5.0 (compatible; MJ12bot/v1.4.8; http://mj12bot.com/)"
13.66.139.139 - - [26/Jan/2021:06:23:37 +0100] "GET /images/big_prod/8422020139430.jpg HTTP/1.0" 200 268 "-" "Mozilla/5.0 (compatible; bingbot/2.0; +http://www.bing.com/bingbot.htm)"
167.114.116.25 - - [26/Jan/2021:06:23:45 +0100] "GET /summer-travel-wood-clock-33-cm-p-36098.html HTTP/1.0" 301 69256 "-" "Mozilla/5.0 (compatible; MJ12bot/v1.4.8; http://mj12bot.com/)"
13.66.139.136 - - [26/Jan/2021:06:23:48 +0100] "GET /images/9316188036092.jpg HTTP/1.0" 200 259 "-" "Mozilla/5.0 (compatible; bingbot/2.0; +http://www.bing.com/bingbot.htm)"
167.114.116.25 - - [26/Jan/2021:06:24:02 +0100] "GET /-p-36098.html HTTP/1.0" 200 69189 "-" "Mozilla/5.0 (compatible; MJ12bot/v1.4.8; http://mj12bot.com/)"
167.114.116.25 - - [26/Jan/2021:06:24:23 +0100] "GET /sun-wall-decoration-39-39-cm-blue-and-gold-model-p-38577.html HTTP/1.0" 200 72047 "-" "Mozilla/5.0 (compatible; MJ12bot/v1.4.8; http://mj12bot.com/)"
167.114.116.25 - - [26/Jan/2021:06:24:49 +0100] "GET /sun-wall-decoration-39-39-cm-gold-model-p-38579.html HTTP/1.0" 200 69317 "-" "Mozilla/5.0 (compatible; MJ12bot/v1.4.8; http://mj12bot.com/)"
167.114.116.25 - - [26/Jan/2021:06:25:11 +0100] "GET /support-metal-bottle-long-live-the-newlyweds-p-45838.html HTTP/1.0" 200 72080 "-" "Mozilla/5.0 (compatible; MJ12bot/v1.4.8; http://mj12bot.com/)"
167.114.116.25 - - [26/Jan/2021:06:25:34 +0100] "GET /surf-the-wave-wood-clock-33-cm-p-36099.html HTTP/1.0" 301 69256 "-" "Mozilla/5.0 (compatible; MJ12bot/v1.4.8; http://mj12bot.com/)"
114.119.147.45 - - [26/Jan/2021:06:25:45 +0100] "GET /images/big_prod_1/8424346366132B.jpg HTTP/1.0" 200 271 "-" "Mozilla/5.0 (Linux; Android 7.0;) AppleWebKit/537.36 (KHTML, like Gecko) Mobile Safari/537.36 (compatible; PetalBot;+https://aspiegel.com/petalbot)"
54.36.148.87 - - [26/Jan/2021:06:25:52 +0100] "GET /love-personalized-mug-p-17672.html HTTP/1.0" 200 72297 "-" "Mozilla/5.0 (compatible; AhrefsBot/7.0; +http://ahrefs.com/robot/)"
167.114.116.25 - - [26/Jan/2021:06:25:59 +0100] "GET /-p-36099.html HTTP/1.0" 200 69189 "-" "Mozilla/5.0 (compatible; MJ12bot/v1.4.8; http://mj12bot.com/)"
167.114.116.25 - - [26/Jan/2021:06:26:15 +0100] "GET /surfboard-ceramic-magnet-10-cm-p-42049.html HTTP/1.0" 200 72776 "-" "Mozilla/5.0 (compatible; MJ12bot/v1.4.8; http://mj12bot.com/)"
167.114.116.25 - - [26/Jan/2021:06:26:36 +0100] "GET /surfboard-ceramic-magnet-10-cm-p-42052.html HTTP/1.0" 200 72776 "-" "Mozilla/5.0 (compatible; MJ12bot/v1.4.8; http://mj12bot.com/)"
167.114.116.25 - - [26/Jan/2021:06:26:51 +0100] "GET /surfboard-ceramic-magnet-10-cm-p-42054.html HTTP/1.0" 301 69256 "-" "Mozilla/5.0 (compatible; MJ12bot/v1.4.8; http://mj12bot.com/)"
167.114.116.25 - - [26/Jan/2021:06:27:11 +0100] "GET /-p-42054.html HTTP/1.0" 200 69189 "-" "Mozilla/5.0 (compatible; MJ12bot/v1.4.8; http://mj12bot.com/)"
167.114.116.25 - - [26/Jan/2021:06:27:32 +0100] "GET /surfboard-wooden-wall-decoration-60-cm-p-46757.html HTTP/1.0" 301 69256 "-" "Mozilla/5.0 (compatible; MJ12bot/v1.4.8; http://mj12bot.com/)"
167.114.116.25 - - [26/Jan/2021:06:27:46 +0100] "GET /-p-46757.html HTTP/1.0" 200 69189 "-" "Mozilla/5.0 (compatible; MJ12bot/v1.4.8; http://mj12bot.com/)"
167.114.116.25 - - [26/Jan/2021:06:28:04 +0100] "GET /surfing-surfboard-wooden-wall-decoration-p-36080.html HTTP/1.0" 301 69256 "-" "Mozilla/5.0 (compatible; MJ12bot/v1.4.8; http://mj12bot.com/)"
167.114.116.25 - - [26/Jan/2021:06:28:25 +0100] "GET /-p-36080.html HTTP/1.0" 200 69189 "-" "Mozilla/5.0 (compatible; MJ12bot/v1.4.8; http://mj12bot.com/)"
167.114.116.25 - - [26/Jan/2021:06:28:40 +0100] "GET /swallow-wall-decoration-24-19-cm-p-43105.html HTTP/1.0" 200 71952 "-" "Mozilla/5.0 (compatible; MJ12bot/v1.4.8; http://mj12bot.com/)"
167.114.116.25 - - [26/Jan/2021:06:29:03 +0100] "GET /table-decoration-bowl-elephant-p-48816.html HTTP/1.0" 200 69301 "-" "Mozilla/5.0 (compatible; MJ12bot/v1.4.8; http://mj12bot.com/)"
167.114.116.25 - - [26/Jan/2021:06:29:20 +0100] "GET /tablecloth-washed-linen-170-170-cm-paon-p-48122.html HTTP/1.0" 301 69256 "-" "Mozilla/5.0 (compatible; MJ12bot/v1.4.8; http://mj12bot.com/)"
213.6.68.210 - - [26/Jan/2021:06:29:32 +0100] "GET /contact_us.php HTTP/1.0" 200 26238 "http://www.wonder-geek.com/contact_us.php" "Mozilla/5.0 (Windows NT 10.0; Win64; x64) AppleWebKit/537.36 (KHTML, like Gecko) Chrome/83.0.4086.0 Safari/537.36"
213.6.68.210 - - [26/Jan/2021:06:29:35 +0100] "POST /contact_us.php?action=send HTTP/1.0" 200 26469 "http://www.wonder-geek.com/contact_us.php" "Mozilla/5.0 (Windows NT 10.0; Win64; x64) AppleWebKit/537.36 (KHTML, like Gecko) Chrome/83.0.4086.0 Safari/537.36"
