147.92.153.11 - - [26/Jan/2021:10:38:49 +0100] "GET /images/big_prod/7316197616034.jpg HTTP/1.0" 200 268 "-" "Mozilla/5.0 (compatible; Linespider/1.1; +https://lin.ee/4dwXkTH)"
216.18.204.215 - - [26/Jan/2021:10:38:49 +0100] "GET /live-to-ride-white-tee-shirt-p-30591.html HTTP/1.0" 200 73821 "http://www.wonder-geek.com/" "Mozilla/5.0 (compatible; Adsbot/3.1)"
216.18.204.215 - - [26/Jan/2021:10:39:00 +0100] "GET /lois-usa-manufacturer-wallet-p-41313.html HTTP/1.0" 200 72675 "http://www.wonder-geek.com/" "Mozilla/5.0 (compatible; Adsbot/3.1)"
147.92.153.11 - - [26/Jan/2021:10:39:08 +0100] "GET /high-school-musical-cap-52-cm-p-22252.html HTTP/1.0" 200 72007 "-" "Mozilla/5.0 (compatible; Linespider/1.1; +https://lin.ee/4dwXkTH)"
216.18.204.215 - - [26/Jan/2021:10:39:18 +0100] "GET /london-big-ben-vintage-clock-p-26170.html HTTP/1.0" 200 71934 "http://www.wonder-geek.com/" "Mozilla/5.0 (compatible; Adsbot/3.1)"
147.92.153.3 - - [26/Jan/2021:10:39:28 +0100] "GET /strawberry-shortcake-hat-years-p-22145.html HTTP/1.0" 200 71982 "-" "Mozilla/5.0 (compatible; Linespider/1.1; +https://lin.ee/4dwXkTH)"
157.55.39.153 - - [26/Jan/2021:10:39:31 +0100] "GET /medusa-glass-paperweight-p-51095.html HTTP/1.0" 200 71840 "-" "Mozilla/5.0 (compatible; bingbot/2.0; +http://www.bing.com/bingbot.htm)"
216.18.204.215 - - [26/Jan/2021:10:39:32 +0100] "GET /lulu-castagnette-white-watch-p-47748.html HTTP/1.0" 200 71983 "http://www.wonder-geek.com/" "Mozilla/5.0 (compatible; Adsbot/3.1)"
216.18.204.215 - - [26/Jan/2021:10:39:43 +0100] "GET /metal-shaped-old-radio-clock-p-51431.html HTTP/1.0" 200 72017 "http://www.wonder-geek.com/" "Mozilla/5.0 (compatible; Adsbot/3.1)"
147.92.153.11 - - [26/Jan/2021:10:39:48 +0100] "GET /angry-birds-pencil-sharpener-bright-p-19141.html HTTP/1.0" 200 72260 "-" "Mozilla/5.0 (compatible; Linespider/1.1; +https://lin.ee/4dwXkTH)"
216.18.204.215 - - [26/Jan/2021:10:39:56 +0100] "GET /metal-shaped-old-radio-clock-p-51432.html HTTP/1.0" 200 72017 "http://www.wonder-geek.com/" "Mozilla/5.0 (compatible; Adsbot/3.1)"
66.249.70.33 - - [26/Jan/2021:10:40:00 +0100] "GET /raving-rabbids-beer-glasses-p-24545.html HTTP/1.0" 200 71854 "-" "Mozilla/5.0 (Linux; Android 6.0.1; Nexus 5X Build/MMB29P) AppleWebKit/537.36 (KHTML, like Gecko) Chrome/88.0.4324.113 Mobile Safari/537.36 (compatible; Googlebot/2.1; +http://www.google.com/bot.html)"
147.92.153.9 - - [26/Jan/2021:10:40:08 +0100] "GET /images/5701359690397.jpg HTTP/1.0" 200 259 "-" "Mozilla/5.0 (compatible; Linespider/1.1; +https://lin.ee/4dwXkTH)"
157.55.39.228 - - [26/Jan/2021:10:40:11 +0100] "GET /images/med_prod/1384010181485.jpg HTTP/1.0" 200 268 "-" "Mozilla/5.0 (compatible; bingbot/2.0; +http://www.bing.com/bingbot.htm)"
157.55.39.153 - - [26/Jan/2021:10:40:16 +0100] "GET /images/big_prod/4012390386196.jpg HTTP/1.0" 200 268 "-" "Mozilla/5.0 (compatible; bingbot/2.0; +http://www.bing.com/bingbot.htm)"
216.18.204.215 - - [26/Jan/2021:10:40:17 +0100] "GET /mini-metal-tray-le-chat-noir-p-41051.html HTTP/1.0" 200 71968 "http://www.wonder-geek.com/" "Mozilla/5.0 (compatible; Adsbot/3.1)"
207.46.13.53 - - [26/Jan/2021:10:40:20 +0100] "GET /images/med_prod/1384010183977.jpg HTTP/1.0" 200 268 "-" "Mozilla/5.0 (compatible; bingbot/2.0; +http://www.bing.com/bingbot.htm)"
147.92.153.11 - - [26/Jan/2021:10:40:28 +0100] "GET /school-gorjuss-sugar-and-spice-agenda-year-2017-2018-p-39785.html HTTP/1.0" 200 72345 "-" "Mozilla/5.0 (compatible; Linespider/1.1; +https://lin.ee/4dwXkTH)"
216.18.204.215 - - [26/Jan/2021:10:40:28 +0100] "GET /new-york-yankees-blue-wallet-p-11579.html HTTP/1.0" 200 72105 "http://www.wonder-geek.com/" "Mozilla/5.0 (compatible; Adsbot/3.1)"
216.18.204.215 - - [26/Jan/2021:10:40:42 +0100] "GET /owl-paris-cotton-adult-apron-p-41604.html HTTP/1.0" 200 71845 "http://www.wonder-geek.com/" "Mozilla/5.0 (compatible; Adsbot/3.1)"
147.92.153.4 - - [26/Jan/2021:10:40:47 +0100] "GET /images/big_prod/3494157821026.jpg HTTP/1.0" 200 268 "-" "Mozilla/5.0 (compatible; Linespider/1.1; +https://lin.ee/4dwXkTH)"
66.249.70.36 - - [26/Jan/2021:10:40:48 +0100] "GET /magnet-provence-p-51204.html HTTP/1.0" 200 71779 "-" "Mozilla/5.0 (Linux; Android 6.0.1; Nexus 5X Build/MMB29P) AppleWebKit/537.36 (KHTML, like Gecko) Chrome/88.0.4324.113 Mobile Safari/537.36 (compatible; Googlebot/2.1; +http://www.google.com/bot.html)"
216.18.204.215 - - [26/Jan/2021:10:40:59 +0100] "GET /paris-macarons-breakfast-set-p-44553.html HTTP/1.0" 200 71957 "http://www.wonder-geek.com/" "Mozilla/5.0 (compatible; Adsbot/3.1)"
147.92.153.17 - - [26/Jan/2021:10:41:08 +0100] "GET /index.php HTTP/1.0" 200 94838 "-" "Mozilla/5.0 (compatible; Linespider/1.1; +https://lin.ee/4dwXkTH)"
216.18.204.215 - - [26/Jan/2021:10:41:16 +0100] "GET /retro-barbier-armchair-clock-p-50211.html HTTP/1.0" 200 71910 "http://www.wonder-geek.com/" "Mozilla/5.0 (compatible; Adsbot/3.1)"
147.92.153.4 - - [26/Jan/2021:10:41:28 +0100] "GET /mickey-pvc-led-ceiling-light-p-33141.html HTTP/1.0" 200 72219 "-" "Mozilla/5.0 (compatible; Linespider/1.1; +https://lin.ee/4dwXkTH)"
216.18.204.215 - - [26/Jan/2021:10:41:31 +0100] "GET /retro-delicacies-round-clock-p-31474.html HTTP/1.0" 200 71910 "http://www.wonder-geek.com/" "Mozilla/5.0 (compatible; Adsbot/3.1)"
216.18.204.215 - - [26/Jan/2021:10:41:44 +0100] "GET /rose-of-provence-adult-apron-p-44190.html HTTP/1.0" 200 71820 "http://www.wonder-geek.com/" "Mozilla/5.0 (compatible; Adsbot/3.1)"
147.92.153.16 - - [26/Jan/2021:10:41:48 +0100] "GET /nitro-backpack-urban-classic-red-40-cm-p-35709.html HTTP/1.0" 200 72259 "-" "Mozilla/5.0 (compatible; Linespider/1.1; +https://lin.ee/4dwXkTH)"
216.18.204.215 - - [26/Jan/2021:10:41:57 +0100] "GET /round-mirror-hanging-mandala-p-45020.html HTTP/1.0" 200 71853 "http://www.wonder-geek.com/" "Mozilla/5.0 (compatible; Adsbot/3.1)"
207.46.13.6 - - [26/Jan/2021:10:41:59 +0100] "GET /images/big_prod_2/8424345615095C.jpg HTTP/1.0" 200 271 "-" "Mozilla/5.0 (compatible; bingbot/2.0; +http://www.bing.com/bingbot.htm)"
207.46.13.6 - - [26/Jan/2021:10:42:00 +0100] "GET /images/1399984230923.jpg HTTP/1.0" 200 259 "-" "Mozilla/5.0 (compatible; bingbot/2.0; +http://www.bing.com/bingbot.htm)"
207.46.13.6 - - [26/Jan/2021:10:42:01 +0100] "GET /images/big_prod/8422088078535.jpg HTTP/1.0" 200 268 "-" "Mozilla/5.0 (compatible; bingbot/2.0; +http://www.bing.com/bingbot.htm)"
157.55.39.149 - - [26/Jan/2021:10:42:07 +0100] "GET /images/big_prod/3574641022532.jpg HTTP/1.0" 200 268 "-" "Mozilla/5.0 (compatible; bingbot/2.0; +http://www.bing.com/bingbot.htm)"
54.36.148.4 - - [26/Jan/2021:10:42:11 +0100] "GET /teo-jasmin-chandelier-p-31376.html HTTP/1.0" 200 72010 "-" "Mozilla/5.0 (compatible; AhrefsBot/7.0; +http://ahrefs.com/robot/)"
216.18.204.215 - - [26/Jan/2021:10:42:15 +0100] "GET /round-mirror-hanging-mandala-p-45021.html HTTP/1.0" 200 71853 "http://www.wonder-geek.com/" "Mozilla/5.0 (compatible; Adsbot/3.1)"
54.36.148.188 - - [26/Jan/2021:10:42:30 +0100] "GET /polar-bear-cushion-p-31469.html HTTP/1.0" 301 69256 "-" "Mozilla/5.0 (compatible; AhrefsBot/7.0; +http://ahrefs.com/robot/)"
216.18.204.215 - - [26/Jan/2021:10:42:36 +0100] "GET /round-mirror-to-suspend-rope-p-50004.html HTTP/1.0" 200 71864 "http://www.wonder-geek.com/" "Mozilla/5.0 (compatible; Adsbot/3.1)"
216.18.204.215 - - [26/Jan/2021:10:42:49 +0100] "GET /star-wars-poe-dameron-figure-p-34608.html HTTP/1.0" 200 72065 "http://www.wonder-geek.com/" "Mozilla/5.0 (compatible; Adsbot/3.1)"
216.18.204.215 - - [26/Jan/2021:10:43:06 +0100] "GET /star-wars-rectangular-mirror-p-31609.html HTTP/1.0" 200 71888 "http://www.wonder-geek.com/" "Mozilla/5.0 (compatible; Adsbot/3.1)"
46.208.182.247 - - [26/Jan/2021:10:43:07 +0100] "GET /gorjuss-deluxe-journal-little-wings-p-50956.html HTTP/1.0" 200 73353 "http://www.google.com/" "Mozilla/5.0 (Linux; Android 8.1.0; SM-T580) AppleWebKit/537.36 (KHTML, like Gecko) Chrome/88.0.4324.93 Safari/537.36"
46.208.182.247 - - [26/Jan/2021:10:43:08 +0100] "GET /templates/Pixame_v1/stylesheet.css HTTP/1.0" 200 267 "http://www.wonder-geek.com/gorjuss-deluxe-journal-little-wings-p-50956.html" "Mozilla/5.0 (Linux; Android 8.1.0; SM-T580) AppleWebKit/537.36 (KHTML, like Gecko) Chrome/88.0.4324.93 Safari/537.36"
46.208.182.247 - - [26/Jan/2021:10:43:08 +0100] "GET /highslide/highslide.js HTTP/1.0" 200 262 "http://www.wonder-geek.com/gorjuss-deluxe-journal-little-wings-p-50956.html" "Mozilla/5.0 (Linux; Android 8.1.0; SM-T580) AppleWebKit/537.36 (KHTML, like Gecko) Chrome/88.0.4324.93 Safari/537.36"
46.208.182.247 - - [26/Jan/2021:10:43:08 +0100] "GET /js/jquery.js HTTP/1.0" 200 252 "http://www.wonder-geek.com/gorjuss-deluxe-journal-little-wings-p-50956.html" "Mozilla/5.0 (Linux; Android 8.1.0; SM-T580) AppleWebKit/537.36 (KHTML, like Gecko) Chrome/88.0.4324.93 Safari/537.36"
46.208.182.247 - - [26/Jan/2021:10:43:08 +0100] "GET /js/jquery.jqzoom.js HTTP/1.0" 200 259 "http://www.wonder-geek.com/gorjuss-deluxe-journal-little-wings-p-50956.html" "Mozilla/5.0 (Linux; Android 8.1.0; SM-T580) AppleWebKit/537.36 (KHTML, like Gecko) Chrome/88.0.4324.93 Safari/537.36"
46.208.182.247 - - [26/Jan/2021:10:43:08 +0100] "GET /mondial_relay/js/jquery-1.3.2.min.js HTTP/1.0" 200 276 "http://www.wonder-geek.com/gorjuss-deluxe-journal-little-wings-p-50956.html" "Mozilla/5.0 (Linux; Android 8.1.0; SM-T580) AppleWebKit/537.36 (KHTML, like Gecko) Chrome/88.0.4324.93 Safari/537.36"
46.208.182.247 - - [26/Jan/2021:10:43:08 +0100] "GET /swfobject.js HTTP/1.0" 404 1308 "http://www.wonder-geek.com/gorjuss-deluxe-journal-little-wings-p-50956.html" "Mozilla/5.0 (Linux; Android 8.1.0; SM-T580) AppleWebKit/537.36 (KHTML, like Gecko) Chrome/88.0.4324.93 Safari/537.36"
46.208.182.247 - - [26/Jan/2021:10:43:08 +0100] "GET /images/pixel_trans.gif HTTP/1.0" 200 328 "http://www.wonder-geek.com/gorjuss-deluxe-journal-little-wings-p-50956.html" "Mozilla/5.0 (Linux; Android 8.1.0; SM-T580) AppleWebKit/537.36 (KHTML, like Gecko) Chrome/88.0.4324.93 Safari/537.36"
46.208.182.247 - - [26/Jan/2021:10:43:08 +0100] "GET /templates/Pixame_v1/images/buttons/english/button_in_cart.gif HTTP/1.0" 200 295 "http://www.wonder-geek.com/gorjuss-deluxe-journal-little-wings-p-50956.html" "Mozilla/5.0 (Linux; Android 8.1.0; SM-T580) AppleWebKit/537.36 (KHTML, like Gecko) Chrome/88.0.4324.93 Safari/537.36"
46.208.182.247 - - [26/Jan/2021:10:43:08 +0100] "GET /templates/Pixame_v1/images/icon_accueil2.png HTTP/1.0" 200 278 "http://www.wonder-geek.com/gorjuss-deluxe-journal-little-wings-p-50956.html" "Mozilla/5.0 (Linux; Android 8.1.0; SM-T580) AppleWebKit/537.36 (KHTML, like Gecko) Chrome/88.0.4324.93 Safari/537.36"
46.208.182.247 - - [26/Jan/2021:10:43:08 +0100] "GET /templates/Pixame_v1/images/Bottom_texture.jpg HTTP/1.0" 200 280 "http://www.wonder-geek.com/templates/Pixame_v1/stylesheet.css" "Mozilla/5.0 (Linux; Android 8.1.0; SM-T580) AppleWebKit/537.36 (KHTML, like Gecko) Chrome/88.0.4324.93 Safari/537.36"
46.208.182.247 - - [26/Jan/2021:10:43:08 +0100] "GET /templates/Pixame_v1/images/Middle_texture.jpg HTTP/1.0" 200 280 "http://www.wonder-geek.com/templates/Pixame_v1/stylesheet.css" "Mozilla/5.0 (Linux; Android 8.1.0; SM-T580) AppleWebKit/537.36 (KHTML, like Gecko) Chrome/88.0.4324.93 Safari/537.36"
46.208.182.247 - - [26/Jan/2021:10:43:08 +0100] "GET /templates/Pixame_v1/images/nav.png HTTP/1.0" 200 268 "http://www.wonder-geek.com/templates/Pixame_v1/stylesheet.css" "Mozilla/5.0 (Linux; Android 8.1.0; SM-T580) AppleWebKit/537.36 (KHTML, like Gecko) Chrome/88.0.4324.93 Safari/537.36"
46.208.182.247 - - [26/Jan/2021:10:43:08 +0100] "GET /templates/Pixame_v1/images/header.png HTTP/1.0" 200 271 "http://www.wonder-geek.com/templates/Pixame_v1/stylesheet.css" "Mozilla/5.0 (Linux; Android 8.1.0; SM-T580) AppleWebKit/537.36 (KHTML, like Gecko) Chrome/88.0.4324.93 Safari/537.36"
46.208.182.247 - - [26/Jan/2021:10:43:08 +0100] "GET /templates/Pixame_v1/images/header-object.png HTTP/1.0" 200 278 "http://www.wonder-geek.com/templates/Pixame_v1/stylesheet.css" "Mozilla/5.0 (Linux; Android 8.1.0; SM-T580) AppleWebKit/537.36 (KHTML, like Gecko) Chrome/88.0.4324.93 Safari/537.36"
46.208.182.247 - - [26/Jan/2021:10:43:08 +0100] "GET /swfobject.js HTTP/1.0" 404 1308 "http://www.wonder-geek.com/gorjuss-deluxe-journal-little-wings-p-50956.html" "Mozilla/5.0 (Linux; Android 8.1.0; SM-T580) AppleWebKit/537.36 (KHTML, like Gecko) Chrome/88.0.4324.93 Safari/537.36"
46.208.182.247 - - [26/Jan/2021:10:43:09 +0100] "GET /highslide/graphics/zoomin.cur HTTP/1.0" 200 614 "http://www.wonder-geek.com/templates/Pixame_v1/stylesheet.css" "Mozilla/5.0 (Linux; Android 8.1.0; SM-T580) AppleWebKit/537.36 (KHTML, like Gecko) Chrome/88.0.4324.93 Safari/537.36"
46.208.182.247 - - [26/Jan/2021:10:43:09 +0100] "GET /design/productsenstock.png HTTP/1.0" 200 260 "http://www.wonder-geek.com/templates/Pixame_v1/stylesheet.css" "Mozilla/5.0 (Linux; Android 8.1.0; SM-T580) AppleWebKit/537.36 (KHTML, like Gecko) Chrome/88.0.4324.93 Safari/537.36"
46.208.182.247 - - [26/Jan/2021:10:43:09 +0100] "GET /templates/Pixame_v1/images/infobox/infobox_footer_middle.gif HTTP/1.0" 200 357 "http://www.wonder-geek.com/" "Mozilla/5.0 (Linux; Android 8.1.0; SM-T580) AppleWebKit/537.36 (KHTML, like Gecko) Chrome/88.0.4324.93 Safari/537.36"
46.208.182.247 - - [26/Jan/2021:10:43:09 +0100] "GET /templates/Pixame_v1/images/infobox/pixel_trans.gif HTTP/1.0" 200 328 "http://www.wonder-geek.com/gorjuss-deluxe-journal-little-wings-p-50956.html" "Mozilla/5.0 (Linux; Android 8.1.0; SM-T580) AppleWebKit/537.36 (KHTML, like Gecko) Chrome/88.0.4324.93 Safari/537.36"
46.208.182.247 - - [26/Jan/2021:10:43:09 +0100] "GET /templates/Pixame_v1/images/pixel_trans.gif HTTP/1.0" 200 328 "http://www.wonder-geek.com/gorjuss-deluxe-journal-little-wings-p-50956.html" "Mozilla/5.0 (Linux; Android 8.1.0; SM-T580) AppleWebKit/537.36 (KHTML, like Gecko) Chrome/88.0.4324.93 Safari/537.36"
46.208.182.247 - - [26/Jan/2021:10:43:09 +0100] "GET /images/big_prod/5018997632277.jpg HTTP/1.0" 200 268 "http://www.wonder-geek.com/gorjuss-deluxe-journal-little-wings-p-50956.html" "Mozilla/5.0 (Linux; Android 8.1.0; SM-T580) AppleWebKit/537.36 (KHTML, like Gecko) Chrome/88.0.4324.93 Safari/537.36"
46.208.182.247 - - [26/Jan/2021:10:43:09 +0100] "GET /images/big_prod_1/c5018997632277.jpg HTTP/1.0" 200 271 "http://www.wonder-geek.com/gorjuss-deluxe-journal-little-wings-p-50956.html" "Mozilla/5.0 (Linux; Android 8.1.0; SM-T580) AppleWebKit/537.36 (KHTML, like Gecko) Chrome/88.0.4324.93 Safari/537.36"
46.208.182.247 - - [26/Jan/2021:10:43:09 +0100] "GET /images/big_prod_2/b5018997632277.jpg HTTP/1.0" 200 271 "http://www.wonder-geek.com/gorjuss-deluxe-journal-little-wings-p-50956.html" "Mozilla/5.0 (Linux; Android 8.1.0; SM-T580) AppleWebKit/537.36 (KHTML, like Gecko) Chrome/88.0.4324.93 Safari/537.36"
46.208.182.247 - - [26/Jan/2021:10:43:09 +0100] "GET /images/big_prod_3/a5018997632277.jpg HTTP/1.0" 200 271 "http://www.wonder-geek.com/gorjuss-deluxe-journal-little-wings-p-50956.html" "Mozilla/5.0 (Linux; Android 8.1.0; SM-T580) AppleWebKit/537.36 (KHTML, like Gecko) Chrome/88.0.4324.93 Safari/537.36"
46.208.182.247 - - [26/Jan/2021:10:43:09 +0100] "GET /highslide/graphics/outlines/drop-shadow.png HTTP/1.0" 200 277 "http://www.wonder-geek.com/gorjuss-deluxe-journal-little-wings-p-50956.html" "Mozilla/5.0 (Linux; Android 8.1.0; SM-T580) AppleWebKit/537.36 (KHTML, like Gecko) Chrome/88.0.4324.93 Safari/537.36"
46.208.182.247 - - [26/Jan/2021:10:43:09 +0100] "GET /highslide/graphics/zoomout.cur HTTP/1.0" 200 614 "http://www.wonder-geek.com/gorjuss-deluxe-journal-little-wings-p-50956.html" "Mozilla/5.0 (Linux; Android 8.1.0; SM-T580) AppleWebKit/537.36 (KHTML, like Gecko) Chrome/88.0.4324.93 Safari/537.36"
46.208.182.247 - - [26/Jan/2021:10:43:09 +0100] "GET /highslide/graphics/loader.white.gif HTTP/1.0" 200 960 "http://www.wonder-geek.com/templates/Pixame_v1/stylesheet.css" "Mozilla/5.0 (Linux; Android 8.1.0; SM-T580) AppleWebKit/537.36 (KHTML, like Gecko) Chrome/88.0.4324.93 Safari/537.36"
46.208.182.247 - - [26/Jan/2021:10:43:14 +0100] "POST /gorjuss-deluxe-journal-little-wings-p-50956.html?action=add_product HTTP/1.0" 302 476 "http://www.wonder-geek.com/gorjuss-deluxe-journal-little-wings-p-50956.html" "Mozilla/5.0 (Linux; Android 8.1.0; SM-T580) AppleWebKit/537.36 (KHTML, like Gecko) Chrome/88.0.4324.93 Safari/537.36"
46.208.182.247 - - [26/Jan/2021:10:43:14 +0100] "GET /shopping_cart.php HTTP/1.0" 200 29043 "http://www.wonder-geek.com/gorjuss-deluxe-journal-little-wings-p-50956.html" "Mozilla/5.0 (Linux; Android 8.1.0; SM-T580) AppleWebKit/537.36 (KHTML, like Gecko) Chrome/88.0.4324.93 Safari/537.36"
46.208.182.247 - - [26/Jan/2021:10:43:14 +0100] "GET /swfobject.js HTTP/1.0" 404 1308 "http://www.wonder-geek.com/shopping_cart.php" "Mozilla/5.0 (Linux; Android 8.1.0; SM-T580) AppleWebKit/537.36 (KHTML, like Gecko) Chrome/88.0.4324.93 Safari/537.36"
46.208.182.247 - - [26/Jan/2021:10:43:14 +0100] "GET /templates/Pixame_v1/images/buttons/english/button_update_cart.gif HTTP/1.0" 200 299 "http://www.wonder-geek.com/shopping_cart.php" "Mozilla/5.0 (Linux; Android 8.1.0; SM-T580) AppleWebKit/537.36 (KHTML, like Gecko) Chrome/88.0.4324.93 Safari/537.36"
46.208.182.247 - - [26/Jan/2021:10:43:15 +0100] "GET /images/table_background_cart.gif HTTP/1.0" 200 1094 "http://www.wonder-geek.com/shopping_cart.php" "Mozilla/5.0 (Linux; Android 8.1.0; SM-T580) AppleWebKit/537.36 (KHTML, like Gecko) Chrome/88.0.4324.93 Safari/537.36"
46.208.182.247 - - [26/Jan/2021:10:43:15 +0100] "GET /images/mini_prod/5018997632277.jpg HTTP/1.0" 200 269 "http://www.wonder-geek.com/shopping_cart.php" "Mozilla/5.0 (Linux; Android 8.1.0; SM-T580) AppleWebKit/537.36 (KHTML, like Gecko) Chrome/88.0.4324.93 Safari/537.36"
46.208.182.247 - - [26/Jan/2021:10:43:15 +0100] "GET /templates/Pixame_v1/images/buttons/english/button_continue_shopping.gif HTTP/1.0" 200 305 "http://www.wonder-geek.com/shopping_cart.php" "Mozilla/5.0 (Linux; Android 8.1.0; SM-T580) AppleWebKit/537.36 (KHTML, like Gecko) Chrome/88.0.4324.93 Safari/537.36"
46.208.182.247 - - [26/Jan/2021:10:43:15 +0100] "GET /templates/Pixame_v1/images/buttons/english/button_checkout.gif HTTP/1.0" 200 296 "http://www.wonder-geek.com/shopping_cart.php" "Mozilla/5.0 (Linux; Android 8.1.0; SM-T580) AppleWebKit/537.36 (KHTML, like Gecko) Chrome/88.0.4324.93 Safari/537.36"
46.208.182.247 - - [26/Jan/2021:10:43:15 +0100] "GET /images/icons/warning.gif HTTP/1.0" 200 478 "http://www.wonder-geek.com/shopping_cart.php" "Mozilla/5.0 (Linux; Android 8.1.0; SM-T580) AppleWebKit/537.36 (KHTML, like Gecko) Chrome/88.0.4324.93 Safari/537.36"
46.208.182.247 - - [26/Jan/2021:10:43:15 +0100] "GET /images/pixel_black.gif HTTP/1.0" 200 320 "http://www.wonder-geek.com/shopping_cart.php" "Mozilla/5.0 (Linux; Android 8.1.0; SM-T580) AppleWebKit/537.36 (KHTML, like Gecko) Chrome/88.0.4324.93 Safari/537.36"
46.208.182.247 - - [26/Jan/2021:10:43:15 +0100] "GET /images/icons/colissimo.gif HTTP/1.0" 200 260 "http://www.wonder-geek.com/shopping_cart.php" "Mozilla/5.0 (Linux; Android 8.1.0; SM-T580) AppleWebKit/537.36 (KHTML, like Gecko) Chrome/88.0.4324.93 Safari/537.36"
216.18.204.215 - - [26/Jan/2021:10:43:22 +0100] "GET /star-wars-rectangular-mirror-p-31610.html HTTP/1.0" 200 71888 "http://www.wonder-geek.com/" "Mozilla/5.0 (compatible; Adsbot/3.1)"
216.18.204.215 - - [26/Jan/2021:10:43:44 +0100] "GET /teo-jasmin-teo-surf-placemat-p-34931.html HTTP/1.0" 200 71838 "http://www.wonder-geek.com/" "Mozilla/5.0 (compatible; Adsbot/3.1)"
46.208.182.247 - - [26/Jan/2021:10:43:50 +0100] "GET /checkout_shipping.php HTTP/1.0" 302 468 "http://www.wonder-geek.com/shopping_cart.php" "Mozilla/5.0 (Linux; Android 8.1.0; SM-T580) AppleWebKit/537.36 (KHTML, like Gecko) Chrome/88.0.4324.93 Safari/537.36"
46.208.182.247 - - [26/Jan/2021:10:43:50 +0100] "GET /login.php HTTP/1.0" 200 17554 "http://www.wonder-geek.com/shopping_cart.php" "Mozilla/5.0 (Linux; Android 8.1.0; SM-T580) AppleWebKit/537.36 (KHTML, like Gecko) Chrome/88.0.4324.93 Safari/537.36"
46.208.182.247 - - [26/Jan/2021:10:43:51 +0100] "GET /swfobject.js HTTP/1.0" 404 1308 "http://www.wonder-geek.com/login.php" "Mozilla/5.0 (Linux; Android 8.1.0; SM-T580) AppleWebKit/537.36 (KHTML, like Gecko) Chrome/88.0.4324.93 Safari/537.36"
46.208.182.247 - - [26/Jan/2021:10:43:51 +0100] "GET /templates/Pixame_v1/images/buttons/english/button_login.gif HTTP/1.0" 200 1197 "http://www.wonder-geek.com/login.php" "Mozilla/5.0 (Linux; Android 8.1.0; SM-T580) AppleWebKit/537.36 (KHTML, like Gecko) Chrome/88.0.4324.93 Safari/537.36"
46.208.182.247 - - [26/Jan/2021:10:43:51 +0100] "GET /templates/Pixame_v1/images/buttons/english/button_create_account.gif HTTP/1.0" 200 302 "http://www.wonder-geek.com/login.php" "Mozilla/5.0 (Linux; Android 8.1.0; SM-T580) AppleWebKit/537.36 (KHTML, like Gecko) Chrome/88.0.4324.93 Safari/537.36"
46.208.182.247 - - [26/Jan/2021:10:43:57 +0100] "GET /create_account.php HTTP/1.0" 200 33630 "http://www.wonder-geek.com/login.php" "Mozilla/5.0 (Linux; Android 8.1.0; SM-T580) AppleWebKit/537.36 (KHTML, like Gecko) Chrome/88.0.4324.93 Safari/537.36"
46.208.182.247 - - [26/Jan/2021:10:43:58 +0100] "GET /swfobject.js HTTP/1.0" 404 1308 "http://www.wonder-geek.com/create_account.php" "Mozilla/5.0 (Linux; Android 8.1.0; SM-T580) AppleWebKit/537.36 (KHTML, like Gecko) Chrome/88.0.4324.93 Safari/537.36"
46.208.182.247 - - [26/Jan/2021:10:43:58 +0100] "GET /templates/Pixame_v1/images/buttons/english/button_continue.gif HTTP/1.0" 200 1264 "http://www.wonder-geek.com/create_account.php" "Mozilla/5.0 (Linux; Android 8.1.0; SM-T580) AppleWebKit/537.36 (KHTML, like Gecko) Chrome/88.0.4324.93 Safari/537.36"
46.208.182.247 - - [26/Jan/2021:10:43:58 +0100] "GET /images/table_background_account.gif HTTP/1.0" 200 1094 "http://www.wonder-geek.com/create_account.php" "Mozilla/5.0 (Linux; Android 8.1.0; SM-T580) AppleWebKit/537.36 (KHTML, like Gecko) Chrome/88.0.4324.93 Safari/537.36"
216.18.204.215 - - [26/Jan/2021:10:44:07 +0100] "GET /toucan-porcelain-bowl-480-ml-p-44480.html HTTP/1.0" 200 71835 "http://www.wonder-geek.com/" "Mozilla/5.0 (compatible; Adsbot/3.1)"
216.18.204.215 - - [26/Jan/2021:10:44:14 +0100] "GET /winnie-the-pooh-pirate-figure-p-4716.html HTTP/1.0" 200 71987 "http://www.wonder-geek.com/" "Mozilla/5.0 (compatible; Adsbot/3.1)"
17.58.101.147 - - [26/Jan/2021:10:44:19 +0100] "GET /pants-capri-pants-c-1_20.html HTTP/1.0" 200 78080 "-" "Mozilla/5.0 (Macintosh; Intel Mac OS X 10_15_5) AppleWebKit/605.1.15 (KHTML, like Gecko) Version/13.1.1 Safari/605.1.15 (Applebot/0.1; +http://www.apple.com/go/applebot)"
216.18.204.215 - - [26/Jan/2021:10:44:34 +0100] "GET /zodiac-black-women-tee-shirt-p-30803.html HTTP/1.0" 200 73831 "http://www.wonder-geek.com/" "Mozilla/5.0 (compatible; Adsbot/3.1)"
216.18.204.215 - - [26/Jan/2021:10:45:02 +0100] "GET /zodiac-black-women-tee-shirt-p-30804.html HTTP/1.0" 200 73831 "http://www.wonder-geek.com/" "Mozilla/5.0 (compatible; Adsbot/3.1)"
216.18.204.215 - - [26/Jan/2021:10:45:22 +0100] "GET /zodiac-black-women-tee-shirt-p-30805.html HTTP/1.0" 200 73831 "http://www.wonder-geek.com/" "Mozilla/5.0 (compatible; Adsbot/3.1)"
157.55.39.153 - - [26/Jan/2021:10:45:26 +0100] "GET /luggages-schoolbags-leather-shop/bagshandbags-shoulder-bags/paul-frank-red-briefcase-p-9924.html HTTP/1.0" 301 703 "-" "Mozilla/5.0 (compatible; bingbot/2.0; +http://www.bing.com/bingbot.htm)"
46.208.182.247 - - [26/Jan/2021:10:45:51 +0100] "POST /create_account.php HTTP/1.0" 302 485 "http://www.wonder-geek.com/create_account.php" "Mozilla/5.0 (Linux; Android 8.1.0; SM-T580) AppleWebKit/537.36 (KHTML, like Gecko) Chrome/88.0.4324.93 Safari/537.36"
46.208.182.247 - - [26/Jan/2021:10:45:52 +0100] "GET /create_account_success.php HTTP/1.0" 200 69425 "http://www.wonder-geek.com/create_account.php" "Mozilla/5.0 (Linux; Android 8.1.0; SM-T580) AppleWebKit/537.36 (KHTML, like Gecko) Chrome/88.0.4324.93 Safari/537.36"
46.208.182.247 - - [26/Jan/2021:10:45:53 +0100] "GET /swfobject.js HTTP/1.0" 404 1308 "http://www.wonder-geek.com/create_account_success.php" "Mozilla/5.0 (Linux; Android 8.1.0; SM-T580) AppleWebKit/537.36 (KHTML, like Gecko) Chrome/88.0.4324.93 Safari/537.36"
46.208.182.247 - - [26/Jan/2021:10:45:53 +0100] "GET /swfobject.js HTTP/1.0" 404 1308 "http://www.wonder-geek.com/create_account_success.php" "Mozilla/5.0 (Linux; Android 8.1.0; SM-T580) AppleWebKit/537.36 (KHTML, like Gecko) Chrome/88.0.4324.93 Safari/537.36"
46.208.182.247 - - [26/Jan/2021:10:45:53 +0100] "GET /images/table_background_man_on_board.gif HTTP/1.0" 200 1094 "http://www.wonder-geek.com/create_account_success.php" "Mozilla/5.0 (Linux; Android 8.1.0; SM-T580) AppleWebKit/537.36 (KHTML, like Gecko) Chrome/88.0.4324.93 Safari/537.36"
216.18.204.215 - - [26/Jan/2021:10:45:53 +0100] "GET /zodiac-black-women-tee-shirt-p-30806.html HTTP/1.0" 200 73831 "http://www.wonder-geek.com/" "Mozilla/5.0 (compatible; Adsbot/3.1)"
46.208.182.247 - - [26/Jan/2021:10:46:00 +0100] "GET /checkout_shipping.php HTTP/1.0" 200 23777 "http://www.wonder-geek.com/create_account_success.php" "Mozilla/5.0 (Linux; Android 8.1.0; SM-T580) AppleWebKit/537.36 (KHTML, like Gecko) Chrome/88.0.4324.93 Safari/537.36"
46.208.182.247 - - [26/Jan/2021:10:46:00 +0100] "GET /swfobject.js HTTP/1.0" 404 1308 "http://www.wonder-geek.com/checkout_shipping.php" "Mozilla/5.0 (Linux; Android 8.1.0; SM-T580) AppleWebKit/537.36 (KHTML, like Gecko) Chrome/88.0.4324.93 Safari/537.36"
46.208.182.247 - - [26/Jan/2021:10:46:00 +0100] "GET /images/pixel_silver.gif HTTP/1.0" 200 320 "http://www.wonder-geek.com/checkout_shipping.php" "Mozilla/5.0 (Linux; Android 8.1.0; SM-T580) AppleWebKit/537.36 (KHTML, like Gecko) Chrome/88.0.4324.93 Safari/537.36"
46.208.182.247 - - [26/Jan/2021:10:46:00 +0100] "GET /images/table_background_delivery.gif HTTP/1.0" 200 1094 "http://www.wonder-geek.com/checkout_shipping.php" "Mozilla/5.0 (Linux; Android 8.1.0; SM-T580) AppleWebKit/537.36 (KHTML, like Gecko) Chrome/88.0.4324.93 Safari/537.36"
46.208.182.247 - - [26/Jan/2021:10:46:00 +0100] "GET /templates/Pixame_v1/images/buttons/english/button_change_address.gif HTTP/1.0" 200 302 "http://www.wonder-geek.com/checkout_shipping.php" "Mozilla/5.0 (Linux; Android 8.1.0; SM-T580) AppleWebKit/537.36 (KHTML, like Gecko) Chrome/88.0.4324.93 Safari/537.36"
46.208.182.247 - - [26/Jan/2021:10:46:00 +0100] "GET /images/arrow_south_east.gif HTTP/1.0" 200 261 "http://www.wonder-geek.com/checkout_shipping.php" "Mozilla/5.0 (Linux; Android 8.1.0; SM-T580) AppleWebKit/537.36 (KHTML, like Gecko) Chrome/88.0.4324.93 Safari/537.36"
46.208.182.247 - - [26/Jan/2021:10:46:00 +0100] "GET /images/icons/expertINT.gif HTTP/1.0" 200 260 "http://www.wonder-geek.com/checkout_shipping.php" "Mozilla/5.0 (Linux; Android 8.1.0; SM-T580) AppleWebKit/537.36 (KHTML, like Gecko) Chrome/88.0.4324.93 Safari/537.36"
46.208.182.247 - - [26/Jan/2021:10:46:00 +0100] "GET /images/checkout_bullet.gif HTTP/1.0" 200 820 "http://www.wonder-geek.com/checkout_shipping.php" "Mozilla/5.0 (Linux; Android 8.1.0; SM-T580) AppleWebKit/537.36 (KHTML, like Gecko) Chrome/88.0.4324.93 Safari/537.36"
216.18.204.215 - - [26/Jan/2021:10:46:06 +0100] "GET /zodiac-black-women-tee-shirt-p-30807.html HTTP/1.0" 200 73831 "http://www.wonder-geek.com/" "Mozilla/5.0 (compatible; Adsbot/3.1)"
46.208.182.247 - - [26/Jan/2021:10:46:18 +0100] "POST /checkout_shipping.php HTTP/1.0" 302 479 "http://www.wonder-geek.com/checkout_shipping.php" "Mozilla/5.0 (Linux; Android 8.1.0; SM-T580) AppleWebKit/537.36 (KHTML, like Gecko) Chrome/88.0.4324.93 Safari/537.36"
46.208.182.247 - - [26/Jan/2021:10:46:18 +0100] "GET /checkout_payment.php HTTP/1.0" 200 29536 "http://www.wonder-geek.com/checkout_shipping.php" "Mozilla/5.0 (Linux; Android 8.1.0; SM-T580) AppleWebKit/537.36 (KHTML, like Gecko) Chrome/88.0.4324.93 Safari/537.36"
46.208.182.247 - - [26/Jan/2021:10:46:18 +0100] "GET /swfobject.js HTTP/1.0" 404 1308 "http://www.wonder-geek.com/checkout_payment.php" "Mozilla/5.0 (Linux; Android 8.1.0; SM-T580) AppleWebKit/537.36 (KHTML, like Gecko) Chrome/88.0.4324.93 Safari/537.36"
46.208.182.247 - - [26/Jan/2021:10:46:18 +0100] "GET /templates/Pixame_v1/images/buttons/english/button_redeem.gif HTTP/1.0" 200 294 "http://www.wonder-geek.com/checkout_payment.php" "Mozilla/5.0 (Linux; Android 8.1.0; SM-T580) AppleWebKit/537.36 (KHTML, like Gecko) Chrome/88.0.4324.93 Safari/537.36"
46.208.182.247 - - [26/Jan/2021:10:46:19 +0100] "GET /images/table_background_payment.gif HTTP/1.0" 200 1094 "http://www.wonder-geek.com/checkout_payment.php" "Mozilla/5.0 (Linux; Android 8.1.0; SM-T580) AppleWebKit/537.36 (KHTML, like Gecko) Chrome/88.0.4324.93 Safari/537.36"
46.208.182.247 - - [26/Jan/2021:10:46:19 +0100] "GET /images/arrow_east_south.gif HTTP/1.0" 200 261 "http://www.wonder-geek.com/checkout_payment.php" "Mozilla/5.0 (Linux; Android 8.1.0; SM-T580) AppleWebKit/537.36 (KHTML, like Gecko) Chrome/88.0.4324.93 Safari/537.36"
46.208.182.247 - - [26/Jan/2021:10:46:19 +0100] "GET /images/icons/spplus_50.gif HTTP/1.0" 200 260 "http://www.wonder-geek.com/checkout_payment.php" "Mozilla/5.0 (Linux; Android 8.1.0; SM-T580) AppleWebKit/537.36 (KHTML, like Gecko) Chrome/88.0.4324.93 Safari/537.36"
207.46.13.53 - - [26/Jan/2021:10:46:21 +0100] "GET /images/1399984253762.jpg HTTP/1.0" 200 259 "-" "Mozilla/5.0 (compatible; bingbot/2.0; +http://www.bing.com/bingbot.htm)"
216.18.204.215 - - [26/Jan/2021:10:46:21 +0100] "GET /zodiac-black-women-tee-shirt-p-30808.html HTTP/1.0" 200 73833 "http://www.wonder-geek.com/" "Mozilla/5.0 (compatible; Adsbot/3.1)"
216.18.204.215 - - [26/Jan/2021:10:46:36 +0100] "GET /zodiac-black-women-tee-shirt-p-30809.html HTTP/1.0" 200 73831 "http://www.wonder-geek.com/" "Mozilla/5.0 (compatible; Adsbot/3.1)"
216.18.204.215 - - [26/Jan/2021:10:46:54 +0100] "GET /zodiac-black-women-tee-shirt-p-30810.html HTTP/1.0" 200 73833 "http://www.wonder-geek.com/" "Mozilla/5.0 (compatible; Adsbot/3.1)"
216.18.204.215 - - [26/Jan/2021:10:47:04 +0100] "GET /zodiac-black-women-tee-shirt-p-30811.html HTTP/1.0" 200 73835 "http://www.wonder-geek.com/" "Mozilla/5.0 (compatible; Adsbot/3.1)"
54.36.149.58 - - [26/Jan/2021:10:47:12 +0100] "GET /grey-acdc-zippo-lighter-p-51922.html HTTP/1.0" 200 72790 "-" "Mozilla/5.0 (compatible; AhrefsBot/7.0; +http://ahrefs.com/robot/)"
216.18.204.215 - - [26/Jan/2021:10:47:25 +0100] "GET /zodiac-black-women-tee-shirt-p-30812.html HTTP/1.0" 200 73829 "http://www.wonder-geek.com/" "Mozilla/5.0 (compatible; Adsbot/3.1)"
216.18.204.215 - - [26/Jan/2021:10:47:38 +0100] "GET /zodiac-black-women-tee-shirt-p-30813.html HTTP/1.0" 200 73829 "http://www.wonder-geek.com/" "Mozilla/5.0 (compatible; Adsbot/3.1)"
216.18.204.215 - - [26/Jan/2021:10:47:58 +0100] "GET /zodiac-white-women-tee-shirt-p-30777.html HTTP/1.0" 200 73862 "http://www.wonder-geek.com/" "Mozilla/5.0 (compatible; Adsbot/3.1)"
216.18.204.215 - - [26/Jan/2021:10:48:12 +0100] "GET /zodiac-white-women-tee-shirt-p-30792.html HTTP/1.0" 200 73862 "http://www.wonder-geek.com/" "Mozilla/5.0 (compatible; Adsbot/3.1)"
216.18.204.215 - - [26/Jan/2021:10:48:22 +0100] "GET /zodiac-white-women-tee-shirt-p-30793.html HTTP/1.0" 200 73862 "http://www.wonder-geek.com/" "Mozilla/5.0 (compatible; Adsbot/3.1)"
207.46.13.6 - - [26/Jan/2021:10:48:26 +0100] "GET /images/big_prod/8422088078535.jpg HTTP/1.0" 200 268 "-" "Mozilla/5.0 (compatible; bingbot/2.0; +http://www.bing.com/bingbot.htm)"
13.66.139.139 - - [26/Jan/2021:10:48:33 +0100] "GET /money-boxes-c-13_83.html?page=5 HTTP/1.0" 200 93461 "-" "Mozilla/5.0 (compatible; bingbot/2.0; +http://www.bing.com/bingbot.htm)"
216.18.204.215 - - [26/Jan/2021:10:48:37 +0100] "GET /zodiac-white-women-tee-shirt-p-30794.html HTTP/1.0" 200 73862 "http://www.wonder-geek.com/" "Mozilla/5.0 (compatible; Adsbot/3.1)"
216.18.204.215 - - [26/Jan/2021:10:48:57 +0100] "GET /zodiac-white-women-tee-shirt-p-30795.html HTTP/1.0" 200 73862 "http://www.wonder-geek.com/" "Mozilla/5.0 (compatible; Adsbot/3.1)"
216.18.204.215 - - [26/Jan/2021:10:49:10 +0100] "GET /zodiac-white-women-tee-shirt-p-30796.html HTTP/1.0" 200 73862 "http://www.wonder-geek.com/" "Mozilla/5.0 (compatible; Adsbot/3.1)"
216.18.204.215 - - [26/Jan/2021:10:49:23 +0100] "GET /zodiac-white-women-tee-shirt-p-30797.html HTTP/1.0" 200 73862 "http://www.wonder-geek.com/" "Mozilla/5.0 (compatible; Adsbot/3.1)"
216.18.204.215 - - [26/Jan/2021:10:49:38 +0100] "GET /zodiac-white-women-tee-shirt-p-30798.html HTTP/1.0" 200 73860 "http://www.wonder-geek.com/" "Mozilla/5.0 (compatible; Adsbot/3.1)"
216.18.204.215 - - [26/Jan/2021:10:49:58 +0100] "GET /zodiac-white-women-tee-shirt-p-30799.html HTTP/1.0" 200 73860 "http://www.wonder-geek.com/" "Mozilla/5.0 (compatible; Adsbot/3.1)"
216.18.204.215 - - [26/Jan/2021:10:50:14 +0100] "GET /zodiac-white-women-tee-shirt-p-30800.html HTTP/1.0" 200 73864 "http://www.wonder-geek.com/" "Mozilla/5.0 (compatible; Adsbot/3.1)"
116.202.245.24 - - [26/Jan/2021:10:50:21 +0100] "GET /images/3660173162119.jpg HTTP/1.0" 200 259 "-" "Mozilla/5.0 (X11; Fedora; Linux x86_64) AppleWebKit/537.36 (KHTML, like Gecko) Chrome/79.0.3945.117 Safari/537.36"
51.68.224.127 - - [26/Jan/2021:10:50:23 +0100] "GET /adminweb/export_orders_xml.php?token=256de2z6edz6ed2z6DFSFsed2zed6zeDSFDSGdzedezfzf&maxorders=10&orderstart=1&status=14&start_date=2018-10-01 HTTP/1.0" 200 285 "-" "GesCom CharlotteBoutik Serveur"
51.68.224.127 - - [26/Jan/2021:10:50:23 +0100] "GET /adminweb/export_orders_xml.php?token=256de2z6edz6ed2z6DFSFsed2zed6zeDSFDSGdzedezfzf&maxorders=10&orderstart=1&status=6&start_date=2018-10-01 HTTP/1.0" 200 29990 "-" "GesCom CharlotteBoutik Serveur"
216.18.204.215 - - [26/Jan/2021:10:50:38 +0100] "GET /zodiac-white-women-tee-shirt-p-30801.html HTTP/1.0" 200 73864 "http://www.wonder-geek.com/" "Mozilla/5.0 (compatible; Adsbot/3.1)"
103.131.71.175 - - [26/Jan/2021:10:50:40 +0100] "GET /robots.txt HTTP/1.0" 301 531 "-" "Mozilla/5.0 (compatible; coccocbot-web/1.0; +http://help.coccoc.com/searchengine)"
103.131.71.175 - - [26/Jan/2021:10:50:42 +0100] "GET /robots.txt HTTP/1.0" 200 245 "-" "Mozilla/5.0 (compatible; coccocbot-web/1.0; +http://help.coccoc.com/searchengine)"
216.18.204.215 - - [26/Jan/2021:10:50:58 +0100] "GET /zodiac-white-women-tee-shirt-p-30802.html HTTP/1.0" 200 73866 "http://www.wonder-geek.com/" "Mozilla/5.0 (compatible; Adsbot/3.1)"
216.18.204.215 - - [26/Jan/2021:10:51:13 +0100] "GET /zodiacal-clock-by-cbkreation-p-28581.html HTTP/1.0" 200 71835 "http://www.wonder-geek.com/" "Mozilla/5.0 (compatible; Adsbot/3.1)"
216.18.204.215 - - [26/Jan/2021:10:51:27 +0100] "GET /adult-apron-claude-collection-p-52677.html HTTP/1.0" 200 71865 "http://www.wonder-geek.com/" "Mozilla/5.0 (compatible; Adsbot/3.1)"
216.18.204.215 - - [26/Jan/2021:10:51:45 +0100] "GET /adult-apron-gaston-collection-p-52676.html HTTP/1.0" 200 71865 "http://www.wonder-geek.com/" "Mozilla/5.0 (compatible; Adsbot/3.1)"
216.18.204.215 - - [26/Jan/2021:10:52:04 +0100] "GET /adults-apron-cotton-yuco-jade-p-48218.html HTTP/1.0" 200 71935 "http://www.wonder-geek.com/" "Mozilla/5.0 (compatible; Adsbot/3.1)"
216.18.204.215 - - [26/Jan/2021:10:52:20 +0100] "GET /air-turbine-metal-clock-41-cm-p-46358.html HTTP/1.0" 200 72745 "http://www.wonder-geek.com/" "Mozilla/5.0 (compatible; Adsbot/3.1)"
54.36.148.87 - - [26/Jan/2021:10:52:21 +0100] "GET /glass-jellyfish-paperweight-75-cm-p-52790.html HTTP/1.0" 200 71915 "-" "Mozilla/5.0 (compatible; AhrefsBot/7.0; +http://ahrefs.com/robot/)"
216.18.204.215 - - [26/Jan/2021:10:52:38 +0100] "GET /au-nom-des-bieres-adult-apron-p-42607.html HTTP/1.0" 200 71828 "http://www.wonder-geek.com/" "Mozilla/5.0 (compatible; Adsbot/3.1)"
157.55.39.149 - - [26/Jan/2021:10:53:01 +0100] "GET /images/med_prod/134554482lion.jpg HTTP/1.0" 200 268 "-" "Mozilla/5.0 (compatible; bingbot/2.0; +http://www.bing.com/bingbot.htm)"
157.55.39.149 - - [26/Jan/2021:10:53:02 +0100] "GET /images/8006529251222.jpg HTTP/1.0" 200 259 "-" "Mozilla/5.0 (compatible; bingbot/2.0; +http://www.bing.com/bingbot.htm)"
216.18.204.215 - - [26/Jan/2021:10:53:08 +0100] "GET /bear-in-paris-small-mini-tray-p-45583.html HTTP/1.0" 200 71951 "http://www.wonder-geek.com/" "Mozilla/5.0 (compatible; Adsbot/3.1)"
207.46.13.55 - - [26/Jan/2021:10:53:16 +0100] "GET /images/big_prod/1399984289204.jpg HTTP/1.0" 200 268 "-" "Mozilla/5.0 (compatible; bingbot/2.0; +http://www.bing.com/bingbot.htm)"
216.18.204.215 - - [26/Jan/2021:10:53:21 +0100] "GET /betty-boop-rectangular-mirror-p-12898.html HTTP/1.0" 200 71866 "http://www.wonder-geek.com/" "Mozilla/5.0 (compatible; Adsbot/3.1)"
216.18.204.215 - - [26/Jan/2021:10:53:37 +0100] "GET /bob-marley-rectangular-mirror-p-48297.html HTTP/1.0" 200 71858 "http://www.wonder-geek.com/" "Mozilla/5.0 (compatible; Adsbot/3.1)"
66.249.70.62 - - [26/Jan/2021:10:53:38 +0100] "GET /rock-candle-70-hours-black-p-42103.html HTTP/1.0" 200 71996 "-" "Mozilla/5.0 (Linux; Android 6.0.1; Nexus 5X Build/MMB29P) AppleWebKit/537.36 (KHTML, like Gecko) Chrome/88.0.4324.113 Mobile Safari/537.36 (compatible; Googlebot/2.1; +http://www.google.com/bot.html)"
216.18.204.215 - - [26/Jan/2021:10:53:50 +0100] "GET /bowl-white-porcelain-chouchou-p-52620.html HTTP/1.0" 200 71854 "http://www.wonder-geek.com/" "Mozilla/5.0 (compatible; Adsbot/3.1)"
216.18.204.215 - - [26/Jan/2021:10:54:03 +0100] "GET /burundi-decorative-tray-35-cm-p-51698.html HTTP/1.0" 200 72561 "http://www.wonder-geek.com/" "Mozilla/5.0 (compatible; Adsbot/3.1)"
216.18.204.215 - - [26/Jan/2021:10:54:12 +0100] "GET /cats-and-surf-small-mini-tray-p-45581.html HTTP/1.0" 200 71950 "http://www.wonder-geek.com/" "Mozilla/5.0 (compatible; Adsbot/3.1)"
216.18.204.215 - - [26/Jan/2021:10:54:27 +0100] "GET /cats-in-love-grey-adult-apron-p-35150.html HTTP/1.0" 200 71899 "http://www.wonder-geek.com/" "Mozilla/5.0 (compatible; Adsbot/3.1)"
216.18.204.215 - - [26/Jan/2021:10:54:50 +0100] "GET /cats-in-love-grey-adult-apron-p-39661.html HTTP/1.0" 200 71899 "http://www.wonder-geek.com/" "Mozilla/5.0 (compatible; Adsbot/3.1)"
13.66.139.139 - - [26/Jan/2021:10:54:54 +0100] "GET /images/big_prod/1384010204962.jpg HTTP/1.0" 200 268 "-" "Mozilla/5.0 (compatible; bingbot/2.0; +http://www.bing.com/bingbot.htm)"
216.18.204.215 - - [26/Jan/2021:10:54:58 +0100] "GET /cats-in-love-grey-adult-apron-p-44367.html HTTP/1.0" 200 71873 "http://www.wonder-geek.com/" "Mozilla/5.0 (compatible; Adsbot/3.1)"
216.18.204.215 - - [26/Jan/2021:10:55:10 +0100] "GET /child-apron-the-little-prince-p-47662.html HTTP/1.0" 200 71960 "http://www.wonder-geek.com/" "Mozilla/5.0 (compatible; Adsbot/3.1)"
216.18.204.215 - - [26/Jan/2021:10:55:22 +0100] "GET /child-apron-the-little-prince-p-47663.html HTTP/1.0" 200 71960 "http://www.wonder-geek.com/" "Mozilla/5.0 (compatible; Adsbot/3.1)"
111.202.101.92 - - [26/Jan/2021:10:55:26 +0100] "GET / HTTP/1.0" 301 511 "-" "Sogou web spider/4.0(+http://www.sogou.com/docs/help/webmasters.htm#07)"
111.202.101.90 - - [26/Jan/2021:10:55:27 +0100] "GET / HTTP/1.0" 200 94364 "-" "Sogou web spider/4.0(+http://www.sogou.com/docs/help/webmasters.htm#07)"
216.18.204.215 - - [26/Jan/2021:10:55:39 +0100] "GET /clock-plane-color-rust-325-cm-p-38742.html HTTP/1.0" 200 72007 "http://www.wonder-geek.com/" "Mozilla/5.0 (compatible; Adsbot/3.1)"
207.46.13.53 - - [26/Jan/2021:10:55:45 +0100] "GET /images/big_prod/1300000023658.jpg HTTP/1.0" 200 268 "-" "Mozilla/5.0 (compatible; bingbot/2.0; +http://www.bing.com/bingbot.htm)"
207.46.13.37 - - [26/Jan/2021:10:55:50 +0100] "GET /images/big_prod/3665269061161.jpg HTTP/1.0" 200 268 "-" "Mozilla/5.0 (compatible; bingbot/2.0; +http://www.bing.com/bingbot.htm)"
216.18.204.215 - - [26/Jan/2021:10:55:58 +0100] "GET /cushion-for-dog-gentleman-dog-p-50855.html HTTP/1.0" 200 72390 "http://www.wonder-geek.com/" "Mozilla/5.0 (compatible; Adsbot/3.1)"
216.18.204.215 - - [26/Jan/2021:10:56:11 +0100] "GET /est-heure-du-cafe-adult-apron-p-51196.html HTTP/1.0" 200 71855 "http://www.wonder-geek.com/" "Mozilla/5.0 (compatible; Adsbot/3.1)"
17.58.101.147 - - [26/Jan/2021:10:56:20 +0100] "GET /tarot-box-buddha-p-46792.html HTTP/1.0" 200 72696 "-" "Mozilla/5.0 (Macintosh; Intel Mac OS X 10_15_5) AppleWebKit/605.1.15 (KHTML, like Gecko) Version/13.1.1 Safari/605.1.15 (Applebot/0.1; +http://www.apple.com/go/applebot)"
216.18.204.215 - - [26/Jan/2021:10:56:26 +0100] "GET /fancy-elastic-bracelet-buddha-p-43731.html HTTP/1.0" 200 71849 "http://www.wonder-geek.com/" "Mozilla/5.0 (compatible; Adsbot/3.1)"
216.18.204.215 - - [26/Jan/2021:10:56:39 +0100] "GET /fancy-elastic-bracelet-buddha-p-43732.html HTTP/1.0" 200 71849 "http://www.wonder-geek.com/" "Mozilla/5.0 (compatible; Adsbot/3.1)"
66.249.70.62 - - [26/Jan/2021:10:56:48 +0100] "GET /horses-training-bottle-by-cbkreation-p-29795.html HTTP/1.0" 200 72193 "-" "Mozilla/5.0 (Linux; Android 6.0.1; Nexus 5X Build/MMB29P) AppleWebKit/537.36 (KHTML, like Gecko) Chrome/88.0.4324.112 Mobile Safari/537.36 (compatible; Googlebot/2.1; +http://www.google.com/bot.html)"
216.18.204.215 - - [26/Jan/2021:10:57:01 +0100] "GET /fancy-elastic-bracelet-buddha-p-43733.html HTTP/1.0" 200 71849 "http://www.wonder-geek.com/" "Mozilla/5.0 (compatible; Adsbot/3.1)"
13.66.139.136 - - [26/Jan/2021:10:57:05 +0100] "GET /images/1399984252710.jpg HTTP/1.0" 200 259 "-" "Mozilla/5.0 (compatible; bingbot/2.0; +http://www.bing.com/bingbot.htm)"
66.249.70.36 - - [26/Jan/2021:10:57:09 +0100] "GET /images/big_prod/3665269050998.jpg HTTP/1.0" 200 268 "-" "Googlebot-Image/1.0"
207.46.13.37 - - [26/Jan/2021:10:57:18 +0100] "GET /images/1399984227282.jpg HTTP/1.0" 200 259 "-" "Mozilla/5.0 (compatible; bingbot/2.0; +http://www.bing.com/bingbot.htm)"
54.36.149.27 - - [26/Jan/2021:10:57:24 +0100] "GET /stade-toulousain-polar-blanket-p-52740.html HTTP/1.0" 200 72521 "-" "Mozilla/5.0 (compatible; AhrefsBot/7.0; +http://ahrefs.com/robot/)"
216.18.204.215 - - [26/Jan/2021:10:57:34 +0100] "GET /fancy-elastic-bracelet-buddha-p-43734.html HTTP/1.0" 200 71849 "http://www.wonder-geek.com/" "Mozilla/5.0 (compatible; Adsbot/3.1)"
216.18.204.215 - - [26/Jan/2021:10:57:45 +0100] "GET /fancy-elastic-bracelet-buddha-p-43735.html HTTP/1.0" 200 71853 "http://www.wonder-geek.com/" "Mozilla/5.0 (compatible; Adsbot/3.1)"
207.46.13.55 - - [26/Jan/2021:10:57:59 +0100] "GET /images/big_prod/3700276215982.jpg HTTP/1.0" 200 268 "-" "Mozilla/5.0 (compatible; bingbot/2.0; +http://www.bing.com/bingbot.htm)"
216.18.204.215 - - [26/Jan/2021:10:57:59 +0100] "GET /fancy-elastic-bracelet-buddha-p-43736.html HTTP/1.0" 200 71849 "http://www.wonder-geek.com/" "Mozilla/5.0 (compatible; Adsbot/3.1)"
216.18.204.215 - - [26/Jan/2021:10:58:12 +0100] "GET /fancy-elastic-bracelet-buddha-p-43737.html HTTP/1.0" 200 71849 "http://www.wonder-geek.com/" "Mozilla/5.0 (compatible; Adsbot/3.1)"
157.55.39.149 - - [26/Jan/2021:10:58:32 +0100] "GET /images/big_prod_1/3014627889785.jpg HTTP/1.0" 200 270 "-" "Mozilla/5.0 (compatible; bingbot/2.0; +http://www.bing.com/bingbot.htm)"
216.18.204.215 - - [26/Jan/2021:10:58:38 +0100] "GET /fancy-elastic-bracelet-buddha-p-43738.html HTTP/1.0" 200 71885 "http://www.wonder-geek.com/" "Mozilla/5.0 (compatible; Adsbot/3.1)"
216.18.204.215 - - [26/Jan/2021:10:58:53 +0100] "GET /food-storage-pets-beige-20-cm-p-42184.html HTTP/1.0" 200 71793 "http://www.wonder-geek.com/" "Mozilla/5.0 (compatible; Adsbot/3.1)"
216.18.204.215 - - [26/Jan/2021:10:59:15 +0100] "GET /foxes-tray-in-autumn-melamine-p-45557.html HTTP/1.0" 200 71987 "http://www.wonder-geek.com/" "Mozilla/5.0 (compatible; Adsbot/3.1)"
216.18.204.215 - - [26/Jan/2021:10:59:35 +0100] "GET /guatemala-clock-by-cbkreation-p-36920.html HTTP/1.0" 200 71866 "http://www.wonder-geek.com/" "Mozilla/5.0 (compatible; Adsbot/3.1)"
216.18.204.215 - - [26/Jan/2021:10:59:50 +0100] "GET /hello-kitty-by-camomilla-watch-p-7780.html HTTP/1.0" 200 72267 "http://www.wonder-geek.com/" "Mozilla/5.0 (compatible; Adsbot/3.1)"
157.55.39.149 - - [26/Jan/2021:10:59:53 +0100] "GET /tablecloths-c-11_176.html?page=3 HTTP/1.0" 200 91136 "-" "Mozilla/5.0 (compatible; bingbot/2.0; +http://www.bing.com/bingbot.htm)"
216.18.204.215 - - [26/Jan/2021:11:00:06 +0100] "GET /home-is-where-the-cat-is-bowl-p-36408.html HTTP/1.0" 200 71956 "http://www.wonder-geek.com/" "Mozilla/5.0 (compatible; Adsbot/3.1)"
66.249.70.62 - - [26/Jan/2021:11:00:09 +0100] "GET /retro-sugar-tin-box-p-40719.html HTTP/1.0" 200 71942 "-" "Mozilla/5.0 (Linux; Android 6.0.1; Nexus 5X Build/MMB29P) AppleWebKit/537.36 (KHTML, like Gecko) Chrome/88.0.4324.113 Mobile Safari/537.36 (compatible; Googlebot/2.1; +http://www.google.com/bot.html)"
216.18.204.215 - - [26/Jan/2021:11:00:25 +0100] "GET /large-porcelain-bowl-flamingo-p-51798.html HTTP/1.0" 200 72486 "http://www.wonder-geek.com/" "Mozilla/5.0 (compatible; Adsbot/3.1)"
216.18.204.215 - - [26/Jan/2021:11:00:47 +0100] "GET /lois-jean-manufacturer-wallet-p-38161.html HTTP/1.0" 200 72644 "http://www.wonder-geek.com/" "Mozilla/5.0 (compatible; Adsbot/3.1)"
216.18.204.215 - - [26/Jan/2021:11:01:16 +0100] "GET /mango-wood-mirror-round-90-cm-p-49412.html HTTP/1.0" 200 71864 "http://www.wonder-geek.com/" "Mozilla/5.0 (compatible; Adsbot/3.1)"
216.18.204.215 - - [26/Jan/2021:11:01:28 +0100] "GET /minotor-white-women-tee-shirt-p-33782.html HTTP/1.0" 200 74176 "http://www.wonder-geek.com/" "Mozilla/5.0 (compatible; Adsbot/3.1)"
216.18.204.215 - - [26/Jan/2021:11:01:39 +0100] "GET /petit-prince-metal-tray-30-cm-p-42360.html HTTP/1.0" 200 71926 "http://www.wonder-geek.com/" "Mozilla/5.0 (compatible; Adsbot/3.1)"
207.46.13.37 - - [26/Jan/2021:11:02:26 +0100] "GET /games-and-toys/toys/transformers-prime-beast-hunters-knock-out-figure-p-21574.html HTTP/1.0" 301 69256 "-" "Mozilla/5.0 (compatible; bingbot/2.0; +http://www.bing.com/bingbot.htm)"
54.36.148.87 - - [26/Jan/2021:11:02:43 +0100] "GET /specials.php?page=56 HTTP/1.0" 200 128154 "-" "Mozilla/5.0 (compatible; AhrefsBot/7.0; +http://ahrefs.com/robot/)"
54.36.148.151 - - [26/Jan/2021:11:03:52 +0100] "GET /volkswagen-beetle-keyring-pink-p-37754.html HTTP/1.0" 301 69256 "-" "Mozilla/5.0 (compatible; AhrefsBot/7.0; +http://ahrefs.com/robot/)"
157.55.39.149 - - [26/Jan/2021:11:04:15 +0100] "GET /images/big_prod/5051276217819.jpg HTTP/1.0" 200 268 "-" "Mozilla/5.0 (compatible; bingbot/2.0; +http://www.bing.com/bingbot.htm)"
157.55.39.153 - - [26/Jan/2021:11:04:23 +0100] "GET /images/big_prod/4250255858482N.jpg HTTP/1.0" 200 269 "-" "Mozilla/5.0 (compatible; bingbot/2.0; +http://www.bing.com/bingbot.htm)"
13.66.139.139 - - [26/Jan/2021:11:05:24 +0100] "GET /tin-and-metal-signs-c-13_130.html?page=10 HTTP/1.0" 200 94353 "-" "Mozilla/5.0 (compatible; bingbot/2.0; +http://www.bing.com/bingbot.htm)"
13.66.139.5 - - [26/Jan/2021:11:06:25 +0100] "GET /images/big_prod_2/8424346071340NN.jpg HTTP/1.0" 200 272 "-" "Mozilla/5.0 (compatible; bingbot/2.0; +http://www.bing.com/bingbot.htm)"
51.68.224.127 - - [26/Jan/2021:11:06:34 +0100] "GET /adminweb/export_orders_xml.php?token=256de2z6edz6ed2z6DFSFsed2zed6zeDSFDSGdzedezfzf&maxorders=10&orderstart=1&status=14&start_date=2018-10-01 HTTP/1.0" 200 285 "-" "GesCom CharlotteBoutik Serveur"
51.68.224.127 - - [26/Jan/2021:11:06:34 +0100] "GET /adminweb/export_orders_xml.php?token=256de2z6edz6ed2z6DFSFsed2zed6zeDSFDSGdzedezfzf&maxorders=10&orderstart=1&status=6&start_date=2018-10-01 HTTP/1.0" 200 29990 "-" "GesCom CharlotteBoutik Serveur"
54.36.148.87 - - [26/Jan/2021:11:07:45 +0100] "GET /hanging-lamp-oda-p-45424.html HTTP/1.0" 200 71867 "-" "Mozilla/5.0 (compatible; AhrefsBot/7.0; +http://ahrefs.com/robot/)"
17.58.101.147 - - [26/Jan/2021:11:07:52 +0100] "GET /fitted-sheet-in-cotton-percale-80-threads-140-190-30-cm-p-52135.html HTTP/1.0" 200 72195 "-" "Mozilla/5.0 (Macintosh; Intel Mac OS X 10_15_5) AppleWebKit/605.1.15 (KHTML, like Gecko) Version/13.1.1 Safari/605.1.15 (Applebot/0.1; +http://www.apple.com/go/applebot)"
207.46.13.53 - - [26/Jan/2021:11:08:19 +0100] "GET /images/big_prod/3453131126564.jpg HTTP/1.0" 200 268 "-" "Mozilla/5.0 (compatible; bingbot/2.0; +http://www.bing.com/bingbot.htm)"
157.55.39.149 - - [26/Jan/2021:11:09:29 +0100] "GET /dubout-cats-white-ceramic-mug-and-cup-p-40079.html HTTP/1.0" 200 71996 "-" "Mozilla/5.0 (compatible; bingbot/2.0; +http://www.bing.com/bingbot.htm)"
13.66.139.139 - - [26/Jan/2021:11:09:44 +0100] "GET /small-appliances-and-hifi-c-13_88.html HTTP/1.0" 200 88774 "-" "Mozilla/5.0 (compatible; bingbot/2.0; +http://www.bing.com/bingbot.htm)"
207.46.13.37 - - [26/Jan/2021:11:09:49 +0100] "GET /images/3700653500694.jpg HTTP/1.0" 200 259 "-" "Mozilla/5.0 (compatible; bingbot/2.0; +http://www.bing.com/bingbot.htm)"
13.66.139.5 - - [26/Jan/2021:11:09:56 +0100] "GET /lighting-c-13_86.html?page=10 HTTP/1.0" 200 93440 "-" "Mozilla/5.0 (compatible; bingbot/2.0; +http://www.bing.com/bingbot.htm)"
207.46.13.53 - - [26/Jan/2021:11:10:40 +0100] "GET /images/big_prod/8433933100448.jpg HTTP/1.0" 200 268 "-" "Mozilla/5.0 (compatible; bingbot/2.0; +http://www.bing.com/bingbot.htm)"
157.55.39.228 - - [26/Jan/2021:11:10:52 +0100] "GET /images/big_prod_1/3660173208343B.jpg HTTP/1.0" 200 271 "-" "Mozilla/5.0 (compatible; bingbot/2.0; +http://www.bing.com/bingbot.htm)"
157.55.39.153 - - [26/Jan/2021:11:11:32 +0100] "GET /images/big_prod/3503420104145.jpg HTTP/1.0" 200 268 "-" "Mozilla/5.0 (compatible; bingbot/2.0; +http://www.bing.com/bingbot.htm)"
207.46.13.53 - - [26/Jan/2021:11:11:43 +0100] "GET /minnie-mouse-sports-bottle-p-25064.html HTTP/1.0" 200 71852 "-" "Mozilla/5.0 (compatible; bingbot/2.0; +http://www.bing.com/bingbot.htm)"
114.119.130.202 - - [26/Jan/2021:11:12:37 +0100] "GET /marseille-training-bottle-by-cbkreation-p-31259.html HTTP/1.0" 200 72205 "-" "Mozilla/5.0 (Linux; Android 7.0;) AppleWebKit/537.36 (KHTML, like Gecko) Mobile Safari/537.36 (compatible; PetalBot;+https://aspiegel.com/petalbot)"
54.36.148.21 - - [26/Jan/2021:11:12:54 +0100] "GET /paris-saint-germain-organiser-file-p-52111.html HTTP/1.0" 200 71945 "-" "Mozilla/5.0 (compatible; AhrefsBot/7.0; +http://ahrefs.com/robot/)"
13.66.139.136 - - [26/Jan/2021:11:12:56 +0100] "GET /images/big_prod/3453131151764.jpg HTTP/1.0" 200 268 "-" "Mozilla/5.0 (compatible; bingbot/2.0; +http://www.bing.com/bingbot.htm)"
