13.66.139.5 - - [26/Jan/2021:21:58:02 +0100] "GET /suitcase-lunch-and-lunch-box-c-12_64.html?page=3 HTTP/1.0" 200 88866 "-" "Mozilla/5.0 (compatible; bingbot/2.0; +http://www.bing.com/bingbot.htm)"
216.244.66.242 - - [26/Jan/2021:21:59:43 +0100] "GET /frames-flags-and-decorative-paintings-c-13_148.html?page=6 HTTP/1.0" 200 94971 "-" "Mozilla/5.0 (compatible; DotBot/1.1; http://www.opensiteexplorer.org/dotbot, help@moz.com)"
114.119.150.15 - - [26/Jan/2021:22:00:07 +0100] "GET /bart-simpsons-soccer-mobile-sock-p-17484.html HTTP/1.0" 301 69256 "-" "Mozilla/5.0 (Linux; Android 7.0;) AppleWebKit/537.36 (KHTML, like Gecko) Mobile Safari/537.36 (compatible; PetalBot;+https://aspiegel.com/petalbot)"
114.119.150.15 - - [26/Jan/2021:22:00:08 +0100] "GET /-p-17484.html HTTP/1.0" 200 69189 "-" "Mozilla/5.0 (Linux; Android 7.0;) AppleWebKit/537.36 (KHTML, like Gecko) Mobile Safari/537.36 (compatible; PetalBot;+https://aspiegel.com/petalbot)"
216.244.66.242 - - [26/Jan/2021:22:00:10 +0100] "GET /mugs-and-mazagrans-c-12_57.html?page=22 HTTP/1.0" 200 96382 "-" "Mozilla/5.0 (compatible; DotBot/1.1; http://www.opensiteexplorer.org/dotbot, help@moz.com)"
104.238.220.232 - - [26/Jan/2021:22:00:13 +0100] "GET /images/med_prod/1384010178201.jpg HTTP/1.0" 200 268 "http://www.wonder-geek.com/gund-mini-horse-sound-plush-p-32795.html" "Mozilla/5.0 (Linux; Android 8.1; PAR-AL00 Build/HUAWEIPAR-AL00; wv) AppleWebKit/537.36 (KHTML, like Gecko) Version/4.0 Chrome/57.0.2987.132 MQQBrowser/6.2 TBS/044304 Mobile Safari/537.36 MicroMessenger/6.7.3.1360(0x26070333) NetType/4G Language/zh_CN Process/tools"
104.238.220.232 - - [26/Jan/2021:22:00:14 +0100] "GET /images/med_prod/1384010178201.jpg HTTP/1.0" 200 268 "http://www.wonder-geek.com/gund-mini-horse-sound-plush-p-32795.html" "Mozilla/5.0 (Linux; Android 8.1.0; CLT-AL00 Build/HUAWEICLT-AL00; wv) AppleWebKit/537.36 (KHTML, like Gecko) Version/4.0 Chrome/63.0.3239.83 Mobile Safari/537.36 T7/10.13 baiduboxapp/10.13.0.11 (Baidu; P1 8.1.0)"
54.36.149.4 - - [26/Jan/2021:22:00:16 +0100] "GET /glasses-and-drinking-cup-c-12_62.html HTTP/1.0" 200 90255 "-" "Mozilla/5.0 (compatible; AhrefsBot/7.0; +http://ahrefs.com/robot/)"
216.244.66.242 - - [26/Jan/2021:22:00:21 +0100] "GET /towel-bath-towels-c-11_70.html?page=2 HTTP/1.0" 200 91033 "-" "Mozilla/5.0 (compatible; DotBot/1.1; http://www.opensiteexplorer.org/dotbot, help@moz.com)"
216.244.66.242 - - [26/Jan/2021:22:00:25 +0100] "GET /tessie-bear-plate-p-2168.html HTTP/1.0" 200 71961 "-" "Mozilla/5.0 (compatible; DotBot/1.1; http://www.opensiteexplorer.org/dotbot, help@moz.com)"
216.244.66.242 - - [26/Jan/2021:22:00:28 +0100] "GET /tinted-candle-in-the-mass-brown-color-p-48923.html HTTP/1.0" 200 71934 "-" "Mozilla/5.0 (compatible; DotBot/1.1; http://www.opensiteexplorer.org/dotbot, help@moz.com)"
216.244.66.242 - - [26/Jan/2021:22:00:32 +0100] "GET /betty-boop-metal-ashtray-stars-p-36137.html HTTP/1.0" 200 71922 "-" "Mozilla/5.0 (compatible; DotBot/1.1; http://www.opensiteexplorer.org/dotbot, help@moz.com)"
216.244.66.242 - - [26/Jan/2021:22:00:35 +0100] "GET /card-holder-eagle-p-46437.html HTTP/1.0" 200 72599 "-" "Mozilla/5.0 (compatible; DotBot/1.1; http://www.opensiteexplorer.org/dotbot, help@moz.com)"
216.244.66.242 - - [26/Jan/2021:22:00:39 +0100] "GET /macarons-placemat-p-49105.html HTTP/1.0" 200 71965 "-" "Mozilla/5.0 (compatible; DotBot/1.1; http://www.opensiteexplorer.org/dotbot, help@moz.com)"
13.66.139.5 - - [26/Jan/2021:22:00:43 +0100] "GET /-p-35748.html HTTP/1.0" 200 69189 "-" "Mozilla/5.0 (compatible; bingbot/2.0; +http://www.bing.com/bingbot.htm)"
216.244.66.242 - - [26/Jan/2021:22:00:46 +0100] "GET /mojito-placemat-p-49104.html HTTP/1.0" 200 71955 "-" "Mozilla/5.0 (compatible; DotBot/1.1; http://www.opensiteexplorer.org/dotbot, help@moz.com)"
216.244.66.242 - - [26/Jan/2021:22:00:52 +0100] "GET /cappuccino-retro-deco-thermometer-p-27630.html HTTP/1.0" 200 71985 "-" "Mozilla/5.0 (compatible; DotBot/1.1; http://www.opensiteexplorer.org/dotbot, help@moz.com)"
216.244.66.242 - - [26/Jan/2021:22:00:57 +0100] "GET /wooden-wall-decoration-to-hang-bonne-franquette-p-49982.html HTTP/1.0" 200 72066 "-" "Mozilla/5.0 (compatible; DotBot/1.1; http://www.opensiteexplorer.org/dotbot, help@moz.com)"
216.244.66.242 - - [26/Jan/2021:22:01:01 +0100] "GET /london-union-jack-shirt-p-29619.html HTTP/1.0" 200 73006 "-" "Mozilla/5.0 (compatible; DotBot/1.1; http://www.opensiteexplorer.org/dotbot, help@moz.com)"
216.244.66.242 - - [26/Jan/2021:22:01:05 +0100] "GET /zodiac-white-women-tee-shirt-p-30792.html HTTP/1.0" 200 73862 "-" "Mozilla/5.0 (compatible; DotBot/1.1; http://www.opensiteexplorer.org/dotbot, help@moz.com)"
216.244.66.242 - - [26/Jan/2021:22:01:15 +0100] "GET /large-cabas-p-43426.html HTTP/1.0" 200 71791 "-" "Mozilla/5.0 (compatible; DotBot/1.1; http://www.opensiteexplorer.org/dotbot, help@moz.com)"
216.244.66.242 - - [26/Jan/2021:22:01:23 +0100] "GET /diesel-blue-pencil-case-industry-p-36507.html HTTP/1.0" 200 71979 "-" "Mozilla/5.0 (compatible; DotBot/1.1; http://www.opensiteexplorer.org/dotbot, help@moz.com)"
17.58.101.147 - - [26/Jan/2021:22:01:44 +0100] "GET /-p-39014.html HTTP/1.0" 200 69189 "-" "Mozilla/5.0 (Macintosh; Intel Mac OS X 10_15_5) AppleWebKit/605.1.15 (KHTML, like Gecko) Version/13.1.1 Safari/605.1.15 (Applebot/0.1; +http://www.apple.com/go/applebot)"
51.68.224.127 - - [26/Jan/2021:22:01:54 +0100] "GET /adminweb/export_orders_xml.php?token=256de2z6edz6ed2z6DFSFsed2zed6zeDSFDSGdzedezfzf&maxorders=10&orderstart=1&status=14&start_date=2018-10-01 HTTP/1.0" 200 285 "-" "GesCom CharlotteBoutik Serveur"
51.68.224.127 - - [26/Jan/2021:22:01:54 +0100] "GET /adminweb/export_orders_xml.php?token=256de2z6edz6ed2z6DFSFsed2zed6zeDSFDSGdzedezfzf&maxorders=10&orderstart=1&status=6&start_date=2018-10-01 HTTP/1.0" 200 29990 "-" "GesCom CharlotteBoutik Serveur"
216.244.66.242 - - [26/Jan/2021:22:01:57 +0100] "GET /gorjuss-coaster-the-collector-p-46924.html HTTP/1.0" 200 69267 "-" "Mozilla/5.0 (compatible; DotBot/1.1; http://www.opensiteexplorer.org/dotbot, help@moz.com)"
216.244.66.242 - - [26/Jan/2021:22:02:21 +0100] "GET /black-liberty-black-and-strawberry-ice-bracelet-p-16748.html HTTP/1.0" 200 72205 "-" "Mozilla/5.0 (compatible; DotBot/1.1; http://www.opensiteexplorer.org/dotbot, help@moz.com)"
207.46.13.55 - - [26/Jan/2021:22:02:27 +0100] "GET /images/big_prod/3609810039810.jpg HTTP/1.0" 200 268 "-" "Mozilla/5.0 (compatible; bingbot/2.0; +http://www.bing.com/bingbot.htm)"
66.249.70.62 - - [26/Jan/2021:22:02:52 +0100] "GET /partys-decoration-c-12_51.html HTTP/1.0" 200 68160 "-" "Mozilla/5.0 (Linux; Android 6.0.1; Nexus 5X Build/MMB29P) AppleWebKit/537.36 (KHTML, like Gecko) Chrome/88.0.4324.113 Mobile Safari/537.36 (compatible; Googlebot/2.1; +http://www.google.com/bot.html)"
54.36.148.87 - - [26/Jan/2021:22:04:08 +0100] "GET /salt-and-pepper-shaker-sets-c-12_160.html HTTP/1.0" 200 89721 "-" "Mozilla/5.0 (compatible; AhrefsBot/7.0; +http://ahrefs.com/robot/)"
66.249.70.33 - - [26/Jan/2021:22:04:34 +0100] "GET /jigsaws-c-4_144.html HTTP/1.0" 200 78267 "-" "Mozilla/5.0 (compatible; Googlebot/2.1; +http://www.google.com/bot.html)"
192.0.100.59 - - [26/Jan/2021:22:04:44 +0100] "GET /images/mini_prod/1399984257050.jpg HTTP/1.0" 200 269 "-" "Photon/1.0"
147.92.153.8 - - [26/Jan/2021:22:05:00 +0100] "GET /set-c-2_34.html HTTP/1.0" 200 75525 "-" "Mozilla/5.0 (compatible; Linespider/1.1; +https://lin.ee/4dwXkTH)"
207.46.13.55 - - [26/Jan/2021:22:06:57 +0100] "GET /jacquard-cotton-velvet-towel-170-95-cm-let-go-p-48180.html HTTP/1.0" 200 72724 "-" "Mozilla/5.0 (compatible; bingbot/2.0; +http://www.bing.com/bingbot.htm)"
54.36.148.16 - - [26/Jan/2021:22:07:49 +0100] "GET /table-setting-c-97_99.html HTTP/1.0" 200 79499 "-" "Mozilla/5.0 (compatible; AhrefsBot/7.0; +http://ahrefs.com/robot/)"
207.46.13.53 - - [26/Jan/2021:22:09:32 +0100] "GET /images/big_prod/1345544941891N.jpg HTTP/1.0" 200 269 "-" "Mozilla/5.0 (compatible; bingbot/2.0; +http://www.bing.com/bingbot.htm)"
157.55.39.228 - - [26/Jan/2021:22:10:34 +0100] "GET /images/med_prod/4036113830230.jpg HTTP/1.0" 200 268 "-" "Mozilla/5.0 (compatible; bingbot/2.0; +http://www.bing.com/bingbot.htm)"
54.36.148.85 - - [26/Jan/2021:22:11:24 +0100] "GET /cardboard-boxes-and-storage-c-13_150_216.html HTTP/1.0" 200 77441 "-" "Mozilla/5.0 (compatible; AhrefsBot/7.0; +http://ahrefs.com/robot/)"
207.46.13.37 - - [26/Jan/2021:22:13:12 +0100] "GET /images/3661275044402.jpg HTTP/1.0" 200 259 "-" "Mozilla/5.0 (compatible; bingbot/2.0; +http://www.bing.com/bingbot.htm)"
157.55.39.149 - - [26/Jan/2021:22:14:39 +0100] "GET /images/big_prod/3453131132459.jpg HTTP/1.0" 200 268 "-" "Mozilla/5.0 (compatible; bingbot/2.0; +http://www.bing.com/bingbot.htm)"
207.46.13.53 - - [26/Jan/2021:22:14:53 +0100] "GET /images/110908_065947_PEEL_GWSzgf.jpg HTTP/1.0" 200 271 "-" "Mozilla/5.0 (compatible; bingbot/2.0; +http://www.bing.com/bingbot.htm)"
54.36.148.228 - - [26/Jan/2021:22:15:01 +0100] "GET /ottomans-and-storage-ottomans-c-13_209.html HTTP/1.0" 200 89705 "-" "Mozilla/5.0 (compatible; AhrefsBot/7.0; +http://ahrefs.com/robot/)"
13.66.139.5 - - [26/Jan/2021:22:15:13 +0100] "GET /bottle-holder-beer-bucket-c-12_224.html?page=2 HTTP/1.0" 200 89936 "-" "Mozilla/5.0 (compatible; bingbot/2.0; +http://www.bing.com/bingbot.htm)"
66.249.70.36 - - [26/Jan/2021:22:16:15 +0100] "GET /circle-coasters-c-97_99_102.html HTTP/1.0" 301 68192 "-" "Mozilla/5.0 (compatible; Googlebot/2.1; +http://www.google.com/bot.html)"
66.249.70.33 - - [26/Jan/2021:22:16:16 +0100] "GET /-c-102.html HTTP/1.0" 200 67876 "-" "Mozilla/5.0 (compatible; Googlebot/2.1; +http://www.google.com/bot.html)"
157.55.39.228 - - [26/Jan/2021:22:16:18 +0100] "GET /images/big_prod_2/3700230606245b.jpg HTTP/1.0" 200 271 "-" "Mozilla/5.0 (compatible; bingbot/2.0; +http://www.bing.com/bingbot.htm)"
66.249.70.62 - - [26/Jan/2021:22:16:25 +0100] "GET /images/mini_prod/3453131140263.jpg HTTP/1.0" 200 269 "-" "Googlebot-Image/1.0"
207.46.13.6 - - [26/Jan/2021:22:16:42 +0100] "GET /set-of-magnets-paris-p-48343.html HTTP/1.0" 200 71906 "-" "Mozilla/5.0 (compatible; bingbot/2.0; +http://www.bing.com/bingbot.htm)"
207.46.13.6 - - [26/Jan/2021:22:16:43 +0100] "GET /high-school-musical-pair-of-socks-size-36-40-p-46854.html HTTP/1.0" 200 69400 "-" "Mozilla/5.0 (compatible; bingbot/2.0; +http://www.bing.com/bingbot.htm)"
66.249.70.62 - - [26/Jan/2021:22:17:08 +0100] "GET /images/mini_prod/3418175549007.jpg HTTP/1.0" 200 269 "-" "Googlebot-Image/1.0"
66.249.70.62 - - [26/Jan/2021:22:17:43 +0100] "GET /images/mini_prod/1348422000222.jpg HTTP/1.0" 200 269 "-" "Googlebot-Image/1.0"
51.68.224.127 - - [26/Jan/2021:22:17:44 +0100] "GET /adminweb/export_orders_xml.php?token=256de2z6edz6ed2z6DFSFsed2zed6zeDSFDSGdzedezfzf&maxorders=10&orderstart=1&status=14&start_date=2018-10-01 HTTP/1.0" 200 285 "-" "GesCom CharlotteBoutik Serveur"
51.68.224.127 - - [26/Jan/2021:22:17:44 +0100] "GET /adminweb/export_orders_xml.php?token=256de2z6edz6ed2z6DFSFsed2zed6zeDSFDSGdzedezfzf&maxorders=10&orderstart=1&status=6&start_date=2018-10-01 HTTP/1.0" 200 29990 "-" "GesCom CharlotteBoutik Serveur"
54.36.148.212 - - [26/Jan/2021:22:18:19 +0100] "GET /round-trays-c-12_159_263.html HTTP/1.0" 200 89800 "-" "Mozilla/5.0 (compatible; AhrefsBot/7.0; +http://ahrefs.com/robot/)"
66.249.70.36 - - [26/Jan/2021:22:18:29 +0100] "GET /images/mini_prod/3453131141598.jpg HTTP/1.0" 200 269 "-" "Googlebot-Image/1.0"
13.66.139.139 - - [26/Jan/2021:22:19:50 +0100] "GET /tour-eiffel-deco-thermometer-p-17023.html HTTP/1.0" 200 73613 "-" "Mozilla/5.0 (compatible; bingbot/2.0; +http://www.bing.com/bingbot.htm)"
83.97.20.226 - - [26/Jan/2021:22:20:44 +0100] "GET /adminer.php HTTP/1.0" 301 533 "-" "Mozilla/5.0 (Windows NT 10.0; rv:78.0) Gecko/20100101 Firefox/78.0"
83.97.20.226 - - [26/Jan/2021:22:20:45 +0100] "GET /adminer.php HTTP/1.0" 404 1308 "-" "Mozilla/5.0 (Windows NT 10.0; rv:78.0) Gecko/20100101 Firefox/78.0"
207.46.13.55 - - [26/Jan/2021:22:21:31 +0100] "GET /images/big_prod_3/b8717202556908.jpg HTTP/1.0" 200 271 "-" "Mozilla/5.0 (compatible; bingbot/2.0; +http://www.bing.com/bingbot.htm)"
54.36.148.70 - - [26/Jan/2021:22:21:41 +0100] "GET /wallet-c-31_237.html HTTP/1.0" 200 90630 "-" "Mozilla/5.0 (compatible; AhrefsBot/7.0; +http://ahrefs.com/robot/)"
66.249.70.33 - - [26/Jan/2021:22:22:15 +0100] "GET /images/mini_prod/4029811337231.jpg HTTP/1.0" 200 269 "-" "Googlebot-Image/1.0"
185.220.100.253 - - [26/Jan/2021:22:24:53 +0100] "GET /contact_us.php HTTP/1.0" 200 26238 "http://www.wonder-geek.com/contact_us.php" "Mozilla/5.0 (Windows NT 10.0; Win64; x64) AppleWebKit/537.36 (KHTML, like Gecko) Chrome/83.0.4103.34 Safari/537.36 Edg/83.0.478.25"
51.210.242.177 - - [26/Jan/2021:22:25:00 +0100] "POST /contact_us.php?action=send HTTP/1.0" 200 26672 "http://www.wonder-geek.com/contact_us.php" "Mozilla/5.0 (Windows NT 10.0; Win64; x64) AppleWebKit/537.36 (KHTML, like Gecko) Chrome/83.0.4103.34 Safari/537.36 Edg/83.0.478.25"
51.210.242.177 - - [26/Jan/2021:22:25:02 +0100] "GET /contact_us.php HTTP/1.0" 200 26238 "http://www.wonder-geek.com/contact_us.php" "Mozilla/5.0 (Windows NT 10.0; Win64; x64) AppleWebKit/537.36 (KHTML, like Gecko) Chrome/83.0.4103.34 Safari/537.36 Edg/83.0.478.25"
54.36.148.91 - - [26/Jan/2021:22:25:07 +0100] "GET /soap-tin-box-c-13_150_171.html HTTP/1.0" 200 89987 "-" "Mozilla/5.0 (compatible; AhrefsBot/7.0; +http://ahrefs.com/robot/)"
54.36.148.242 - - [26/Jan/2021:22:25:21 +0100] "GET /london-companion-wallet-p-33087.html HTTP/1.0" 301 69256 "-" "Mozilla/5.0 (compatible; AhrefsBot/7.0; +http://ahrefs.com/robot/)"
157.55.39.149 - - [26/Jan/2021:22:26:04 +0100] "GET /images/3681643110584.jpg HTTP/1.0" 200 259 "-" "Mozilla/5.0 (compatible; bingbot/2.0; +http://www.bing.com/bingbot.htm)"
157.55.39.149 - - [26/Jan/2021:22:26:23 +0100] "GET /images/3681643110584.jpg HTTP/1.0" 200 259 "-" "Mozilla/5.0 (compatible; bingbot/2.0; +http://www.bing.com/bingbot.htm)"
13.66.139.139 - - [26/Jan/2021:22:26:55 +0100] "GET /pink-small-box-for-baby-teeth-snow-ball-p-36482.html HTTP/1.0" 200 69381 "-" "Mozilla/5.0 (compatible; bingbot/2.0; +http://www.bing.com/bingbot.htm)"
207.46.13.53 - - [26/Jan/2021:22:27:00 +0100] "GET /images/big_prod/1399986100009.jpg HTTP/1.0" 200 268 "-" "Mozilla/5.0 (compatible; bingbot/2.0; +http://www.bing.com/bingbot.htm)"
207.46.13.53 - - [26/Jan/2021:22:28:09 +0100] "GET /images/big_prod/1328399139910.jpg HTTP/1.0" 200 268 "-" "Mozilla/5.0 (compatible; bingbot/2.0; +http://www.bing.com/bingbot.htm)"
116.179.32.207 - - [26/Jan/2021:22:28:26 +0100] "GET /meow-tea-cup-tisaniere-p-52659.html HTTP/1.0" 200 71861 "-" "Mozilla/5.0 (compatible; Baiduspider/2.0; +http://www.baidu.com/search/spider.html)"
54.36.148.87 - - [26/Jan/2021:22:28:33 +0100] "GET /mini-trays-c-12_159_260.html HTTP/1.0" 200 90835 "-" "Mozilla/5.0 (compatible; AhrefsBot/7.0; +http://ahrefs.com/robot/)"
207.46.13.55 - - [26/Jan/2021:22:28:43 +0100] "GET /images/big_prod_1/191693128666B.jpg HTTP/1.0" 200 270 "-" "Mozilla/5.0 (compatible; bingbot/2.0; +http://www.bing.com/bingbot.htm)"
40.89.255.164 - - [26/Jan/2021:22:30:26 +0100] "GET /images/big_prod/3612875119311.jpg HTTP/1.0" 200 268 "-" "DuckDuckBot/1.1; (+http://duckduckgo.com/duckduckbot.html)"
106.11.156.111 - - [26/Jan/2021:22:30:55 +0100] "GET /toys-c-4_45.html HTTP/1.0" 200 88113 "-" "Mozilla/5.0 (Windows NT 6.1; Win64; x64) AppleWebKit/537.36 (KHTML, like Gecko) Chrome/69.0.3497.81 YisouSpider/5.0 Safari/537.36"
13.66.139.5 - - [26/Jan/2021:22:30:55 +0100] "GET /mirror-c-13_133.html?page=4 HTTP/1.0" 200 91117 "-" "Mozilla/5.0 (compatible; bingbot/2.0; +http://www.bing.com/bingbot.htm)"
106.11.152.121 - - [26/Jan/2021:22:30:56 +0100] "GET /templates/Pixame_v1/stylesheet.css HTTP/1.0" 200 267 "http://www.wonder-geek.com/toys-c-4_45.html" "Mozilla/5.0 (Windows NT 6.1; Win64; x64) AppleWebKit/537.36 (KHTML, like Gecko) Chrome/69.0.3497.81 YisouSpider/5.0 Safari/537.36"
157.55.39.149 - - [26/Jan/2021:22:31:26 +0100] "GET /images/9316188036085.jpg HTTP/1.0" 200 259 "-" "Mozilla/5.0 (compatible; bingbot/2.0; +http://www.bing.com/bingbot.htm)"
54.36.148.87 - - [26/Jan/2021:22:32:26 +0100] "GET /wooden-bedhead-wall-sticker-p-42899.html HTTP/1.0" 200 72012 "-" "Mozilla/5.0 (compatible; AhrefsBot/7.0; +http://ahrefs.com/robot/)"
13.66.139.136 - - [26/Jan/2021:22:32:55 +0100] "GET /fairies-backpack-p-19685.html HTTP/1.0" 200 71800 "-" "Mozilla/5.0 (compatible; bingbot/2.0; +http://www.bing.com/bingbot.htm)"
207.46.13.55 - - [26/Jan/2021:22:33:24 +0100] "GET /images/big_prod_1/1328399219353a.jpg HTTP/1.0" 200 271 "-" "Mozilla/5.0 (compatible; bingbot/2.0; +http://www.bing.com/bingbot.htm)"
51.68.224.127 - - [26/Jan/2021:22:33:35 +0100] "GET /adminweb/export_orders_xml.php?token=256de2z6edz6ed2z6DFSFsed2zed6zeDSFDSGdzedezfzf&maxorders=10&orderstart=1&status=14&start_date=2018-10-01 HTTP/1.0" 200 285 "-" "GesCom CharlotteBoutik Serveur"
51.68.224.127 - - [26/Jan/2021:22:33:36 +0100] "GET /adminweb/export_orders_xml.php?token=256de2z6edz6ed2z6DFSFsed2zed6zeDSFDSGdzedezfzf&maxorders=10&orderstart=1&status=6&start_date=2018-10-01 HTTP/1.0" 200 29990 "-" "GesCom CharlotteBoutik Serveur"
147.92.153.11 - - [26/Jan/2021:22:33:40 +0100] "GET / HTTP/1.0" 200 94362 "-" "Mozilla/5.0 (compatible; Linespider/1.1; +https://lin.ee/4dwXkTH)"
147.92.153.17 - - [26/Jan/2021:22:33:42 +0100] "GET /swfobject.js HTTP/1.0" 404 1308 "http://www.wonder-geek.com/" "Mozilla/5.0 (Windows NT 6.1; Win64; x64) AppleWebit/537.36 (KHTML, like Gecko) Chrome/63.0.3239.0 Safari/537.36 (compatible; Linespider/1.1; +https://lin.ee/4dwXkTH)"
147.92.153.9 - - [26/Jan/2021:22:34:00 +0100] "GET /pucca-mobile-sock-p-66.html HTTP/1.0" 200 71643 "-" "Mozilla/5.0 (compatible; Linespider/1.1; +https://lin.ee/4dwXkTH)"
147.92.153.7 - - [26/Jan/2021:22:34:20 +0100] "GET /nippon-doll-cosmetic-pouch-p-26867.html HTTP/1.0" 200 72751 "-" "Mozilla/5.0 (compatible; Linespider/1.1; +https://lin.ee/4dwXkTH)"
207.46.13.55 - - [26/Jan/2021:22:34:26 +0100] "GET /fitted-sheet-in-cotton-percale-80-threads-160-200-30-cm-p-43831.html HTTP/1.0" 200 72189 "-" "Mozilla/5.0 (compatible; bingbot/2.0; +http://www.bing.com/bingbot.htm)"
13.66.139.139 - - [26/Jan/2021:22:34:30 +0100] "GET /-p-38338.html HTTP/1.0" 200 69189 "-" "Mozilla/5.0 (compatible; bingbot/2.0; +http://www.bing.com/bingbot.htm)"
147.92.153.4 - - [26/Jan/2021:22:34:40 +0100] "GET /retro-so-vintage-chocolate-bowling-bag-p-19013.html HTTP/1.0" 200 72455 "-" "Mozilla/5.0 (compatible; Linespider/1.1; +https://lin.ee/4dwXkTH)"
147.92.153.14 - - [26/Jan/2021:22:35:00 +0100] "GET /images/3438100273920.jpg HTTP/1.0" 200 259 "-" "Mozilla/5.0 (compatible; Linespider/1.1; +https://lin.ee/4dwXkTH)"
147.92.153.4 - - [26/Jan/2021:22:35:20 +0100] "GET /images/3661443610439.jpg HTTP/1.0" 200 259 "-" "Mozilla/5.0 (compatible; Linespider/1.1; +https://lin.ee/4dwXkTH)"
147.92.153.8 - - [26/Jan/2021:22:35:40 +0100] "GET /images/big_prod/pochette1300010258729.jpg HTTP/1.0" 200 276 "-" "Mozilla/5.0 (compatible; Linespider/1.1; +https://lin.ee/4dwXkTH)"
147.92.153.9 - - [26/Jan/2021:22:36:00 +0100] "GET /dishes-c-12.html HTTP/1.0" 200 90409 "-" "Mozilla/5.0 (compatible; Linespider/1.1; +https://lin.ee/4dwXkTH)"
13.66.139.139 - - [26/Jan/2021:22:36:16 +0100] "GET /lighting-c-13_86.html?page=8 HTTP/1.0" 200 92375 "-" "Mozilla/5.0 (compatible; bingbot/2.0; +http://www.bing.com/bingbot.htm)"
147.92.153.18 - - [26/Jan/2021:22:36:20 +0100] "GET /adults-c-53.html HTTP/1.0" 200 91943 "-" "Mozilla/5.0 (compatible; Linespider/1.1; +https://lin.ee/4dwXkTH)"
54.36.148.216 - - [26/Jan/2021:22:36:40 +0100] "GET /cats-dubout-ballpoint-pen-and-pen-tablet-p-32240.html HTTP/1.0" 200 72155 "-" "Mozilla/5.0 (compatible; AhrefsBot/7.0; +http://ahrefs.com/robot/)"
147.92.153.18 - - [26/Jan/2021:22:36:40 +0100] "GET /products_new.php HTTP/1.0" 200 92647 "-" "Mozilla/5.0 (compatible; Linespider/1.1; +https://lin.ee/4dwXkTH)"
157.55.39.149 - - [26/Jan/2021:22:36:47 +0100] "GET /images/mini_prod/8422020048565.jpg HTTP/1.0" 200 269 "-" "Mozilla/5.0 (compatible; bingbot/2.0; +http://www.bing.com/bingbot.htm)"
147.92.153.7 - - [26/Jan/2021:22:37:00 +0100] "GET /toys-c-4_45.html HTTP/1.0" 200 88113 "-" "Mozilla/5.0 (compatible; Linespider/1.1; +https://lin.ee/4dwXkTH)"
207.46.13.37 - - [26/Jan/2021:22:37:14 +0100] "GET /london-metal-keyring-phone-box-p-35351.html HTTP/1.0" 200 71908 "-" "Mozilla/5.0 (compatible; bingbot/2.0; +http://www.bing.com/bingbot.htm)"
207.46.13.37 - - [26/Jan/2021:22:37:15 +0100] "GET /images/big_prod/1341689139391.jpg HTTP/1.0" 200 268 "-" "Mozilla/5.0 (compatible; bingbot/2.0; +http://www.bing.com/bingbot.htm)"
207.46.13.37 - - [26/Jan/2021:22:37:16 +0100] "GET /images/mini_prod/5051276247823.jpg HTTP/1.0" 200 269 "-" "Mozilla/5.0 (compatible; bingbot/2.0; +http://www.bing.com/bingbot.htm)"
207.46.13.37 - - [26/Jan/2021:22:37:16 +0100] "GET /images/big_prod/3453131129145.jpg HTTP/1.0" 200 268 "-" "Mozilla/5.0 (compatible; bingbot/2.0; +http://www.bing.com/bingbot.htm)"
147.92.153.15 - - [26/Jan/2021:22:37:40 +0100] "GET /socks-c-1_141.html HTTP/1.0" 200 77445 "-" "Mozilla/5.0 (compatible; Linespider/1.1; +https://lin.ee/4dwXkTH)"
114.119.154.200 - - [26/Jan/2021:22:37:45 +0100] "GET /leopard-table-lamp-in-resin-silver-72-cm-p-52750.html HTTP/1.0" 301 72827 "-" "Mozilla/5.0 (Linux; Android 7.0;) AppleWebKit/537.36 (KHTML, like Gecko) Mobile Safari/537.36 (compatible; PetalBot;+https://aspiegel.com/petalbot)"
114.119.154.200 - - [26/Jan/2021:22:37:45 +0100] "GET /leopard-table-lamp-in-resin-silver-71-cm-p-52750.html HTTP/1.0" 200 72720 "-" "Mozilla/5.0 (Linux; Android 7.0;) AppleWebKit/537.36 (KHTML, like Gecko) Mobile Safari/537.36 (compatible; PetalBot;+https://aspiegel.com/petalbot)"
147.92.153.11 - - [26/Jan/2021:22:38:20 +0100] "GET /tights-c-1_48.html HTTP/1.0" 200 78133 "-" "Mozilla/5.0 (compatible; Linespider/1.1; +https://lin.ee/4dwXkTH)"
147.92.153.8 - - [26/Jan/2021:22:38:40 +0100] "GET /bowls-c-12_60.html HTTP/1.0" 200 91529 "-" "Mozilla/5.0 (compatible; Linespider/1.1; +https://lin.ee/4dwXkTH)"
34.75.169.236 - - [26/Jan/2021:22:38:44 +0100] "GET /robots.txt HTTP/1.0" 200 245 "-" "ZoominfoBot (zoominfobot at zoominfo dot com)"
34.75.169.236 - - [26/Jan/2021:22:38:45 +0100] "GET /bowls-c-12_60.html HTTP/1.0" 200 91529 "-" "ZoominfoBot (zoominfobot at zoominfo dot com)"
13.66.139.136 - - [26/Jan/2021:22:38:45 +0100] "GET /mugs-and-mazagrans-c-12_57.html?page=3 HTTP/1.0" 200 96065 "-" "Mozilla/5.0 (compatible; bingbot/2.0; +http://www.bing.com/bingbot.htm)"
13.66.139.136 - - [26/Jan/2021:22:38:46 +0100] "GET /glass-cutting-board-by-cbkreation-p-51283.html HTTP/1.0" 200 71909 "-" "Mozilla/5.0 (compatible; bingbot/2.0; +http://www.bing.com/bingbot.htm)"
34.75.169.236 - - [26/Jan/2021:22:38:52 +0100] "GET /dishes-c-12.html HTTP/1.0" 200 90409 "-" "ZoominfoBot (zoominfobot at zoominfo dot com)"
147.92.153.15 - - [26/Jan/2021:22:39:00 +0100] "GET /fff-hobo-bag-p-30625.html HTTP/1.0" 200 72088 "-" "Mozilla/5.0 (compatible; Linespider/1.1; +https://lin.ee/4dwXkTH)"
147.92.153.17 - - [26/Jan/2021:22:39:20 +0100] "GET /barbalib-soft-toy-p-11111.html HTTP/1.0" 200 71768 "-" "Mozilla/5.0 (compatible; Linespider/1.1; +https://lin.ee/4dwXkTH)"
147.92.153.19 - - [26/Jan/2021:22:39:40 +0100] "GET /maisy-oilcloth-bib-p-20825.html HTTP/1.0" 200 72245 "-" "Mozilla/5.0 (compatible; Linespider/1.1; +https://lin.ee/4dwXkTH)"
147.92.153.13 - - [26/Jan/2021:22:40:00 +0100] "GET /chica-loca-beauty-bag-p-20095.html HTTP/1.0" 200 72028 "-" "Mozilla/5.0 (compatible; Linespider/1.1; +https://lin.ee/4dwXkTH)"
207.46.13.37 - - [26/Jan/2021:22:40:15 +0100] "GET /gift-box-in-wood-towels-30-30-cm-290-gr-m2-p-52067.html HTTP/1.0" 200 72076 "-" "Mozilla/5.0 (compatible; bingbot/2.0; +http://www.bing.com/bingbot.htm)"
147.92.153.19 - - [26/Jan/2021:22:40:20 +0100] "GET /images/3681643300305.jpg HTTP/1.0" 200 259 "-" "Mozilla/5.0 (compatible; Linespider/1.1; +https://lin.ee/4dwXkTH)"
147.92.153.12 - - [26/Jan/2021:22:40:40 +0100] "GET /barbamama-wood-money-box-p-6650.html HTTP/1.0" 200 71975 "-" "Mozilla/5.0 (compatible; Linespider/1.1; +https://lin.ee/4dwXkTH)"
54.36.148.155 - - [26/Jan/2021:22:40:46 +0100] "GET /games-and-toys/toys/playmobil-farmer-and-his-sheep-p-21344.html HTTP/1.0" 301 637 "-" "Mozilla/5.0 (compatible; AhrefsBot/7.0; +http://ahrefs.com/robot/)"
54.36.148.107 - - [26/Jan/2021:22:40:48 +0100] "GET /light-wood-pave-lamp-and-neo-vintage-bulb-p-50723.html HTTP/1.0" 200 73098 "-" "Mozilla/5.0 (compatible; AhrefsBot/7.0; +http://ahrefs.com/robot/)"
157.55.39.153 - - [26/Jan/2021:22:40:54 +0100] "GET /images/B8422666661524B.jpg HTTP/1.0" 200 261 "-" "Mozilla/5.0 (compatible; bingbot/2.0; +http://www.bing.com/bingbot.htm)"
157.55.39.153 - - [26/Jan/2021:22:40:54 +0100] "GET /images/big_prod_1/8422014754403B.jpg HTTP/1.0" 200 271 "-" "Mozilla/5.0 (compatible; bingbot/2.0; +http://www.bing.com/bingbot.htm)"
157.55.39.153 - - [26/Jan/2021:22:40:55 +0100] "GET /terracotta-flower-pot-p-51992.html HTTP/1.0" 200 71864 "-" "Mozilla/5.0 (compatible; bingbot/2.0; +http://www.bing.com/bingbot.htm)"
157.55.39.153 - - [26/Jan/2021:22:40:56 +0100] "GET /hello-kitty-red-little-shoulder-bag-p-5266.html HTTP/1.0" 200 69317 "-" "Mozilla/5.0 (compatible; bingbot/2.0; +http://www.bing.com/bingbot.htm)"
157.55.39.153 - - [26/Jan/2021:22:40:57 +0100] "GET /images/1399984221303.jpg HTTP/1.0" 200 259 "-" "Mozilla/5.0 (compatible; bingbot/2.0; +http://www.bing.com/bingbot.htm)"
157.55.39.153 - - [26/Jan/2021:22:40:57 +0100] "GET /images/mini_prod/3503420079986.jpg HTTP/1.0" 200 269 "-" "Mozilla/5.0 (compatible; bingbot/2.0; +http://www.bing.com/bingbot.htm)"
157.55.39.153 - - [26/Jan/2021:22:40:57 +0100] "GET /images/mini_prod/3014627927371.jpg HTTP/1.0" 200 269 "-" "Mozilla/5.0 (compatible; bingbot/2.0; +http://www.bing.com/bingbot.htm)"
157.55.39.153 - - [26/Jan/2021:22:40:57 +0100] "GET /images/5012994628660.jpg HTTP/1.0" 200 259 "-" "Mozilla/5.0 (compatible; bingbot/2.0; +http://www.bing.com/bingbot.htm)"
147.92.153.6 - - [26/Jan/2021:22:41:00 +0100] "GET /littlest-petshop-tights-p-31089.html HTTP/1.0" 200 73264 "-" "Mozilla/5.0 (compatible; Linespider/1.1; +https://lin.ee/4dwXkTH)"
147.92.153.19 - - [26/Jan/2021:22:41:20 +0100] "GET /images/1399984237168.jpg HTTP/1.0" 200 259 "-" "Mozilla/5.0 (compatible; Linespider/1.1; +https://lin.ee/4dwXkTH)"
176.10.99.200 - - [26/Jan/2021:22:41:30 +0100] "GET /contact_us.php HTTP/1.0" 200 26238 "http://www.wonder-geek.com/contact_us.php" "Mozilla/5.0 (Windows NT 6.3; WOW64) AppleWebKit/537.36 (KHTML, like Gecko) Chrome/83.0.4103.61 Safari/537.36"
107.189.10.246 - - [26/Jan/2021:22:41:35 +0100] "POST /contact_us.php?action=send HTTP/1.0" 200 26725 "http://www.wonder-geek.com/contact_us.php" "Mozilla/5.0 (Windows NT 6.3; WOW64) AppleWebKit/537.36 (KHTML, like Gecko) Chrome/83.0.4103.61 Safari/537.36"
107.189.10.246 - - [26/Jan/2021:22:41:36 +0100] "GET /contact_us.php HTTP/1.0" 200 26238 "http://www.wonder-geek.com/contact_us.php" "Mozilla/5.0 (Windows NT 6.3; WOW64) AppleWebKit/537.36 (KHTML, like Gecko) Chrome/83.0.4103.61 Safari/537.36"
147.92.153.11 - - [26/Jan/2021:22:41:40 +0100] "GET /nintendo-up-laptop-cover-p-17625.html HTTP/1.0" 200 74579 "-" "Mozilla/5.0 (compatible; Linespider/1.1; +https://lin.ee/4dwXkTH)"
5.255.231.71 - - [26/Jan/2021:22:41:41 +0100] "GET /robots.txt HTTP/1.0" 200 245 "-" "Mozilla/5.0 (compatible; YandexBot/3.0; +http://yandex.com/bots)"
5.255.231.71 - - [26/Jan/2021:22:41:44 +0100] "GET /images/3661443613164.jpg HTTP/1.0" 200 259 "-" "Mozilla/5.0 (compatible; YandexImages/3.0; +http://yandex.com/bots)"
157.55.39.153 - - [26/Jan/2021:22:41:55 +0100] "GET /images/B8422666661524B.jpg HTTP/1.0" 200 261 "-" "Mozilla/5.0 (compatible; bingbot/2.0; +http://www.bing.com/bingbot.htm)"
147.92.153.9 - - [26/Jan/2021:22:42:00 +0100] "GET /hello-kitty-large-mirror-p-12238.html HTTP/1.0" 200 71966 "-" "Mozilla/5.0 (compatible; Linespider/1.1; +https://lin.ee/4dwXkTH)"
147.92.153.10 - - [26/Jan/2021:22:42:20 +0100] "GET /iron-legion-miniature-figure-p-29865.html HTTP/1.0" 200 72007 "-" "Mozilla/5.0 (compatible; Linespider/1.1; +https://lin.ee/4dwXkTH)"
147.92.153.13 - - [26/Jan/2021:22:42:40 +0100] "GET /disney-princesses-pull-under-p-31127.html HTTP/1.0" 200 73042 "-" "Mozilla/5.0 (compatible; Linespider/1.1; +https://lin.ee/4dwXkTH)"
147.92.153.11 - - [26/Jan/2021:22:43:00 +0100] "GET /images/1399984235287.jpg HTTP/1.0" 200 259 "-" "Mozilla/5.0 (compatible; Linespider/1.1; +https://lin.ee/4dwXkTH)"
207.46.13.53 - - [26/Jan/2021:22:43:14 +0100] "GET /images/big_prod/3442440270426.jpg HTTP/1.0" 200 268 "-" "Mozilla/5.0 (compatible; bingbot/2.0; +http://www.bing.com/bingbot.htm)"
147.92.153.6 - - [26/Jan/2021:22:43:20 +0100] "GET /usa-flag-red-and-blue-cushion-p-34588.html HTTP/1.0" 200 72053 "-" "Mozilla/5.0 (compatible; Linespider/1.1; +https://lin.ee/4dwXkTH)"
157.55.39.153 - - [26/Jan/2021:22:43:47 +0100] "GET /cats-red-and-grey-saltshaker-and-pepper-pot-p-37864.html HTTP/1.0" 200 71994 "-" "Mozilla/5.0 (compatible; bingbot/2.0; +http://www.bing.com/bingbot.htm)"
147.92.153.17 - - [26/Jan/2021:22:44:00 +0100] "GET /spiderman-mattress-swimming-pool-p-30010.html HTTP/1.0" 200 72324 "-" "Mozilla/5.0 (compatible; Linespider/1.1; +https://lin.ee/4dwXkTH)"
34.75.169.236 - - [26/Jan/2021:22:44:13 +0100] "GET /flatwares-c-12_63.html HTTP/1.0" 200 88640 "-" "ZoominfoBot (zoominfobot at zoominfo dot com)"
147.92.153.9 - - [26/Jan/2021:22:44:20 +0100] "GET /little-miss-princess-cosmetic-bag-p-15957.html HTTP/1.0" 200 72095 "-" "Mozilla/5.0 (compatible; Linespider/1.1; +https://lin.ee/4dwXkTH)"
157.55.39.149 - - [26/Jan/2021:22:44:23 +0100] "GET /mini-motsu-keel-toys-plush-p-46188.html HTTP/1.0" 200 69310 "-" "Mozilla/5.0 (compatible; bingbot/2.0; +http://www.bing.com/bingbot.htm)"
66.249.70.33 - - [26/Jan/2021:22:44:34 +0100] "GET /dubout-cats-cookie-jar-p-41040.html HTTP/1.0" 200 71828 "-" "Mozilla/5.0 (compatible; Googlebot/2.1; +http://www.google.com/bot.html)"
216.18.204.215 - - [26/Jan/2021:22:44:36 +0100] "GET /spain-sevillanas-black-women-tee-shirt-p-30952.html HTTP/1.0" 200 73896 "http://www.wonder-geek.com/" "Mozilla/5.0 (compatible; Adsbot/3.1)"
147.92.153.13 - - [26/Jan/2021:22:44:40 +0100] "GET /high-school-musical-compact-umbrella-p-20492.html HTTP/1.0" 200 72136 "-" "Mozilla/5.0 (compatible; Linespider/1.1; +https://lin.ee/4dwXkTH)"
157.55.39.228 - - [26/Jan/2021:22:44:47 +0100] "GET /volkswagen-bully-rectangular-mirror-p-29010.html HTTP/1.0" 200 71900 "-" "Mozilla/5.0 (compatible; bingbot/2.0; +http://www.bing.com/bingbot.htm)"
114.119.130.202 - - [26/Jan/2021:22:44:49 +0100] "GET /images/big_prod/028399106028.jpg HTTP/1.0" 200 267 "-" "Mozilla/5.0 (Linux; Android 7.0;) AppleWebKit/537.36 (KHTML, like Gecko) Mobile Safari/537.36 (compatible; PetalBot;+https://aspiegel.com/petalbot)"
66.249.70.33 - - [26/Jan/2021:22:44:49 +0100] "GET /swfobject.js HTTP/1.0" 404 1308 "http://www.wonder-geek.com/dubout-cats-cookie-jar-p-41040.html" "Mozilla/5.0 AppleWebKit/537.36 (KHTML, like Gecko; compatible; Googlebot/2.1; +http://www.google.com/bot.html) Chrome/87.0.4280.90 Safari/537.36"
147.92.153.15 - - [26/Jan/2021:22:45:00 +0100] "GET /strawberry-shortcake-cap-and-scarf-set-years-p-22135.html HTTP/1.0" 200 72175 "-" "Mozilla/5.0 (compatible; Linespider/1.1; +https://lin.ee/4dwXkTH)"
54.36.148.87 - - [26/Jan/2021:22:45:15 +0100] "GET /water-bottles-and-sport-bottles-c-12_161.html?page=1 HTTP/1.0" 200 90995 "-" "Mozilla/5.0 (compatible; AhrefsBot/7.0; +http://ahrefs.com/robot/)"
34.75.169.236 - - [26/Jan/2021:22:45:41 +0100] "GET /flasks-c-12_245.html HTTP/1.0" 200 77811 "-" "ZoominfoBot (zoominfobot at zoominfo dot com)"
34.75.169.236 - - [26/Jan/2021:22:45:43 +0100] "GET /personalized-products-c-97.html HTTP/1.0" 200 89724 "-" "ZoominfoBot (zoominfobot at zoominfo dot com)"
216.18.204.215 - - [26/Jan/2021:22:45:57 +0100] "GET /spain-sevillanas-white-women-tee-shirt-p-30951.html HTTP/1.0" 200 74176 "http://www.wonder-geek.com/" "Mozilla/5.0 (compatible; Adsbot/3.1)"
157.55.39.149 - - [26/Jan/2021:22:46:09 +0100] "GET /images/big_prod/3453131132459.jpg HTTP/1.0" 200 268 "-" "Mozilla/5.0 (compatible; bingbot/2.0; +http://www.bing.com/bingbot.htm)"
207.46.13.55 - - [26/Jan/2021:22:47:38 +0100] "GET /household-linen-c-11.html?page=10 HTTP/1.0" 200 91742 "-" "Mozilla/5.0 (compatible; bingbot/2.0; +http://www.bing.com/bingbot.htm)"
216.18.204.215 - - [26/Jan/2021:22:47:53 +0100] "GET /spanish-flag-round-clock-by-cbkreation-p-24415.html HTTP/1.0" 200 72033 "http://www.wonder-geek.com/" "Mozilla/5.0 (compatible; Adsbot/3.1)"
178.176.163.159 - - [26/Jan/2021:22:47:59 +0100] "GET /images/med_prod/8006180201741.jpg HTTP/1.0" 200 268 "-" "Mozilla/5.0 (Linux; arm_64; Android 9; Redmi Note 8 Pro) AppleWebKit/537.36 (KHTML, like Gecko) Chrome/86.0.4240.198 YaBrowser/20.11.5.124.00 SA/3 Mobile Safari/537.36"
216.244.66.242 - - [26/Jan/2021:22:48:00 +0100] "GET /robots.txt HTTP/1.0" 200 245 "-" "Mozilla/5.0 (compatible; DotBot/1.1; http://www.opensiteexplorer.org/dotbot, help@moz.com)"
51.68.224.127 - - [26/Jan/2021:22:49:26 +0100] "GET /adminweb/export_orders_xml.php?token=256de2z6edz6ed2z6DFSFsed2zed6zeDSFDSGdzedezfzf&maxorders=10&orderstart=1&status=14&start_date=2018-10-01 HTTP/1.0" 200 285 "-" "GesCom CharlotteBoutik Serveur"
51.68.224.127 - - [26/Jan/2021:22:49:26 +0100] "GET /adminweb/export_orders_xml.php?token=256de2z6edz6ed2z6DFSFsed2zed6zeDSFDSGdzedezfzf&maxorders=10&orderstart=1&status=6&start_date=2018-10-01 HTTP/1.0" 200 29990 "-" "GesCom CharlotteBoutik Serveur"
216.18.204.215 - - [26/Jan/2021:22:49:50 +0100] "GET /teo-jasmin-replacement-cushion-for-bed-p-32298.html HTTP/1.0" 200 71950 "http://www.wonder-geek.com/" "Mozilla/5.0 (compatible; Adsbot/3.1)"
216.18.204.215 - - [26/Jan/2021:22:50:06 +0100] "GET /teo-jasmin-teo-avoriaz-large-soup-bowl-p-34950.html HTTP/1.0" 200 71999 "http://www.wonder-geek.com/" "Mozilla/5.0 (compatible; Adsbot/3.1)"
54.36.148.90 - - [26/Jan/2021:22:50:16 +0100] "GET /cushions-c-11_71.html?page=12 HTTP/1.0" 200 89572 "-" "Mozilla/5.0 (compatible; AhrefsBot/7.0; +http://ahrefs.com/robot/)"
216.18.204.215 - - [26/Jan/2021:22:51:14 +0100] "GET /ballooning-michelle-allen-breakfast-set-p-35105.html HTTP/1.0" 200 72054 "http://www.wonder-geek.com/" "Mozilla/5.0 (compatible; Adsbot/3.1)"
34.75.169.236 - - [26/Jan/2021:22:51:50 +0100] "GET /cake-molds-ice-cube-molds-c-12_246.html HTTP/1.0" 200 84963 "-" "ZoominfoBot (zoominfobot at zoominfo dot com)"
216.18.204.215 - - [26/Jan/2021:22:52:28 +0100] "GET /black-and-brown-leather-bracelet-set-of-p-38487.html HTTP/1.0" 200 71936 "http://www.wonder-geek.com/" "Mozilla/5.0 (compatible; Adsbot/3.1)"
114.119.132.105 - - [26/Jan/2021:22:53:19 +0100] "GET /set-of-square-coasters-with-personalized-pictures-p-16333.html HTTP/1.0" 200 72533 "-" "Mozilla/5.0 (Linux; Android 7.0;) AppleWebKit/537.36 (KHTML, like Gecko) Mobile Safari/537.36 (compatible; PetalBot;+https://aspiegel.com/petalbot)"
37.144.247.141 - - [26/Jan/2021:22:53:25 +0100] "GET /snowman-solar-powered-dancing-p-34143.html]Test HTTP/1.0" 301 609 "http://wonder-geek.com/snowman-solar-powered-dancing-p-34143.html]Test" "Mozilla/5.0 (Windows NT 6.1; Win64; x64) AppleWebKit/537.36 (KHTML, like Gecko) Chrome/83.0.4103.61 Safari/537.36"
37.144.247.141 - - [26/Jan/2021:22:53:36 +0100] "GET /snowman-solar-powered-dancing-p-34143.html%5dTest HTTP/1.0" 404 1308 "http://www.wonder-geek.com/snowman-solar-powered-dancing-p-34143.html%5dTest" "Mozilla/5.0 (Windows NT 6.1; Win64; x64) AppleWebKit/537.36 (KHTML, like Gecko) Chrome/83.0.4103.61 Safari/537.36"
37.144.247.141 - - [26/Jan/2021:22:53:43 +0100] "GET / HTTP/1.0" 301 511 "http://wonder-geek.com/" "Mozilla/5.0 (Windows NT 6.1; Win64; x64) AppleWebKit/537.36 (KHTML, like Gecko) Chrome/83.0.4103.61 Safari/537.36"
216.18.204.215 - - [26/Jan/2021:22:53:44 +0100] "GET /boho-canvas-frame-40-40-cm-buffalo-head-p-53537.html HTTP/1.0" 200 72684 "http://www.wonder-geek.com/" "Mozilla/5.0 (compatible; Adsbot/3.1)"
37.144.247.141 - - [26/Jan/2021:22:53:48 +0100] "GET / HTTP/1.0" 200 94585 "http://www.wonder-geek.com/" "Mozilla/5.0 (Windows NT 6.1; Win64; x64) AppleWebKit/537.36 (KHTML, like Gecko) Chrome/83.0.4103.61 Safari/537.36"
37.144.247.141 - - [26/Jan/2021:22:53:52 +0100] "GET /create_account.php HTTP/1.0" 200 33630 "http://www.wonder-geek.com/create_account.php" "Mozilla/5.0 (Windows NT 6.1; Win64; x64) AppleWebKit/537.36 (KHTML, like Gecko) Chrome/83.0.4103.61 Safari/537.36"
37.144.247.141 - - [26/Jan/2021:22:54:06 +0100] "POST /create_account.php HTTP/1.0" 200 34304 "http://www.wonder-geek.com/create_account.php" "Mozilla/5.0 (Windows NT 6.1; Win64; x64) AppleWebKit/537.36 (KHTML, like Gecko) Chrome/83.0.4103.61 Safari/537.36"
37.144.247.141 - - [26/Jan/2021:22:54:09 +0100] "GET /login.php HTTP/1.0" 200 17152 "http://www.wonder-geek.com/login.php" "Mozilla/5.0 (Windows NT 6.1; Win64; x64) AppleWebKit/537.36 (KHTML, like Gecko) Chrome/83.0.4103.61 Safari/537.36"
37.144.247.141 - - [26/Jan/2021:22:54:19 +0100] "POST /login.php?action=process HTTP/1.0" 200 17655 "http://www.wonder-geek.com/login.php" "Mozilla/5.0 (Windows NT 6.1; Win64; x64) AppleWebKit/537.36 (KHTML, like Gecko) Chrome/83.0.4103.61 Safari/537.36"
216.18.204.215 - - [26/Jan/2021:22:54:25 +0100] "GET /bowl-crazy-in-love-pink-made-in-germany-p-48475.html HTTP/1.0" 200 73535 "http://www.wonder-geek.com/" "Mozilla/5.0 (compatible; Adsbot/3.1)"
216.18.204.215 - - [26/Jan/2021:22:54:56 +0100] "GET /carlin-union-jack-white-women-tee-shirt-p-30904.html HTTP/1.0" 200 73909 "http://www.wonder-geek.com/" "Mozilla/5.0 (compatible; Adsbot/3.1)"
172.58.96.227 - - [26/Jan/2021:22:55:01 +0100] "GET /images/big_prod/8412497489190.jpg HTTP/1.0" 200 268 "-" "Dalvik/2.1.0 (Linux; U; Android 9; SM-A102U Build/PPR1.180610.011)"
54.36.148.123 - - [26/Jan/2021:22:55:04 +0100] "GET /trays-medium-size-c-12_159_265.html?page=2 HTTP/1.0" 200 89748 "-" "Mozilla/5.0 (compatible; AhrefsBot/7.0; +http://ahrefs.com/robot/)"
54.36.148.203 - - [26/Jan/2021:22:55:19 +0100] "GET /disney-minnie-mouse-strawberry-trolley-p-34805.html HTTP/1.0" 301 69256 "-" "Mozilla/5.0 (compatible; AhrefsBot/7.0; +http://ahrefs.com/robot/)"
216.18.204.215 - - [26/Jan/2021:22:55:25 +0100] "GET /ceramic-bowl-in-relief-rock-en-bolesque-p-47056.html HTTP/1.0" 200 71901 "http://www.wonder-geek.com/" "Mozilla/5.0 (compatible; Adsbot/3.1)"
216.18.204.215 - - [26/Jan/2021:22:55:46 +0100] "GET /dora-the-explorer-baby-hat-with-mittens-p-50929.html HTTP/1.0" 200 71961 "http://www.wonder-geek.com/" "Mozilla/5.0 (compatible; Adsbot/3.1)"
34.75.169.236 - - [26/Jan/2021:22:55:53 +0100] "GET /adaptable-decorative-caps-c-12_249.html HTTP/1.0" 200 79875 "-" "ZoominfoBot (zoominfobot at zoominfo dot com)"
216.18.204.215 - - [26/Jan/2021:22:56:16 +0100] "GET /heritage-authentique-cotton-adult-apron-p-45254.html HTTP/1.0" 200 71870 "http://www.wonder-geek.com/" "Mozilla/5.0 (compatible; Adsbot/3.1)"
34.75.169.236 - - [26/Jan/2021:22:56:46 +0100] "GET /egg-cups-c-12_248.html HTTP/1.0" 200 82205 "-" "ZoominfoBot (zoominfobot at zoominfo dot com)"
216.18.204.215 - - [26/Jan/2021:22:56:53 +0100] "GET /iphone-silicone-red-shell-audiocassette-p-18939.html HTTP/1.0" 200 75228 "http://www.wonder-geek.com/" "Mozilla/5.0 (compatible; Adsbot/3.1)"
216.18.204.215 - - [26/Jan/2021:22:57:28 +0100] "GET /laissez-lucie-faire-liberty-adult-apron-p-39875.html HTTP/1.0" 200 71933 "http://www.wonder-geek.com/" "Mozilla/5.0 (compatible; Adsbot/3.1)"
34.75.169.236 - - [26/Jan/2021:22:57:34 +0100] "GET /pet-shop-c-155.html HTTP/1.0" 200 88367 "-" "ZoominfoBot (zoominfobot at zoominfo dot com)"
114.119.154.200 - - [26/Jan/2021:22:57:38 +0100] "GET /vanity-case-laissez-lucie-faire-aladin-p-49025.html HTTP/1.0" 200 69317 "-" "Mozilla/5.0 (Linux; Android 7.0;) AppleWebKit/537.36 (KHTML, like Gecko) Mobile Safari/537.36 (compatible; PetalBot;+https://aspiegel.com/petalbot)"
216.18.204.215 - - [26/Jan/2021:22:57:58 +0100] "GET /lu-petit-beurre-nantais-mini-metal-tray-p-40092.html HTTP/1.0" 200 72036 "http://www.wonder-geek.com/" "Mozilla/5.0 (compatible; Adsbot/3.1)"
157.55.39.149 - - [26/Jan/2021:22:58:08 +0100] "GET /thinkerbell-cap-and-scarf-set-51-cm-p-22151.html HTTP/1.0" 200 72084 "-" "Mozilla/5.0 (compatible; bingbot/2.0; +http://www.bing.com/bingbot.htm)"
216.18.204.215 - - [26/Jan/2021:22:58:33 +0100] "GET /mini-metal-tray-banania-by-herve-morvan-p-35251.html HTTP/1.0" 200 72057 "http://www.wonder-geek.com/" "Mozilla/5.0 (compatible; Adsbot/3.1)"
216.18.204.215 - - [26/Jan/2021:22:58:56 +0100] "GET /motocycle-by-cbkreation-white-tee-shirt-p-35445.html HTTP/1.0" 200 73900 "http://www.wonder-geek.com/" "Mozilla/5.0 (compatible; Adsbot/3.1)"
34.75.169.236 - - [26/Jan/2021:22:59:40 +0100] "GET /coasters-c-12_157.html HTTP/1.0" 200 91063 "-" "ZoominfoBot (zoominfobot at zoominfo dot com)"
54.36.149.5 - - [26/Jan/2021:22:59:50 +0100] "GET /pucca-cap-54-cm-p-22266.html HTTP/1.0" 200 71855 "-" "Mozilla/5.0 (compatible; AhrefsBot/7.0; +http://ahrefs.com/robot/)"
216.18.204.215 - - [26/Jan/2021:22:59:55 +0100] "GET /orange-butterfly-black-shirt-cbkreation-p-30119.html HTTP/1.0" 200 72982 "http://www.wonder-geek.com/" "Mozilla/5.0 (compatible; Adsbot/3.1)"
216.18.204.215 - - [26/Jan/2021:23:00:15 +0100] "GET /paris-cotton-adult-black-and-gold-apron-p-45549.html HTTP/1.0" 200 71933 "http://www.wonder-geek.com/" "Mozilla/5.0 (compatible; Adsbot/3.1)"
216.18.204.215 - - [26/Jan/2021:23:00:46 +0100] "GET /set-of-mini-wooden-trays-white-15-95-cm-p-41907.html HTTP/1.0" 200 72052 "http://www.wonder-geek.com/" "Mozilla/5.0 (compatible; Adsbot/3.1)"
54.36.149.71 - - [26/Jan/2021:23:00:53 +0100] "GET /enrico-benetti-backpack-p-52061.html HTTP/1.0" 301 72974 "-" "Mozilla/5.0 (compatible; AhrefsBot/7.0; +http://ahrefs.com/robot/)"
54.36.148.11 - - [26/Jan/2021:23:01:16 +0100] "GET /angry-birds-pencil-case-p-26212.html HTTP/1.0" 301 69256 "-" "Mozilla/5.0 (compatible; AhrefsBot/7.0; +http://ahrefs.com/robot/)"
216.18.204.215 - - [26/Jan/2021:23:01:22 +0100] "GET /set-of-wooden-and-raffia-nesting-chests-p-53071.html HTTP/1.0" 200 72726 "http://www.wonder-geek.com/" "Mozilla/5.0 (compatible; Adsbot/3.1)"
34.75.169.236 - - [26/Jan/2021:23:01:48 +0100] "GET /specials.php HTTP/1.0" 200 128987 "-" "ZoominfoBot (zoominfobot at zoominfo dot com)"
216.18.204.215 - - [26/Jan/2021:23:01:55 +0100] "GET /strawberry-shortcake-swimsuit-and-pareo-p-30287.html HTTP/1.0" 200 73100 "http://www.wonder-geek.com/" "Mozilla/5.0 (compatible; Adsbot/3.1)"
216.18.204.215 - - [26/Jan/2021:23:02:08 +0100] "GET /strawberry-shortcake-swimsuit-and-pareo-p-30288.html HTTP/1.0" 200 73100 "http://www.wonder-geek.com/" "Mozilla/5.0 (compatible; Adsbot/3.1)"
66.249.70.33 - - [26/Jan/2021:23:02:12 +0100] "GET /-p-38963.html HTTP/1.0" 200 69189 "-" "Mozilla/5.0 (Linux; Android 6.0.1; Nexus 5X Build/MMB29P) AppleWebKit/537.36 (KHTML, like Gecko) Chrome/88.0.4324.112 Mobile Safari/537.36 (compatible; Googlebot/2.1; +http://www.google.com/bot.html)"
216.18.204.215 - - [26/Jan/2021:23:02:31 +0100] "GET /the-little-prince-of-saint-exupery-bowl-p-44840.html HTTP/1.0" 200 71934 "http://www.wonder-geek.com/" "Mozilla/5.0 (compatible; Adsbot/3.1)"
216.18.204.215 - - [26/Jan/2021:23:02:53 +0100] "GET /the-little-prince-of-saint-exupery-bowl-p-44841.html HTTP/1.0" 200 71933 "http://www.wonder-geek.com/" "Mozilla/5.0 (compatible; Adsbot/3.1)"
13.66.139.136 - - [26/Jan/2021:23:02:57 +0100] "GET /-p-46890.html HTTP/1.0" 200 69189 "-" "Mozilla/5.0 (compatible; bingbot/2.0; +http://www.bing.com/bingbot.htm)"
207.46.13.55 - - [26/Jan/2021:23:03:02 +0100] "GET /vive-paris-spiral-notebook-p-20223.html HTTP/1.0" 200 71916 "-" "Mozilla/5.0 (compatible; bingbot/2.0; +http://www.bing.com/bingbot.htm)"
216.18.204.215 - - [26/Jan/2021:23:03:14 +0100] "GET /the-little-prince-of-saint-exupery-bowl-p-44842.html HTTP/1.0" 200 71934 "http://www.wonder-geek.com/" "Mozilla/5.0 (compatible; Adsbot/3.1)"
216.18.204.215 - - [26/Jan/2021:23:03:25 +0100] "GET /the-little-prince-of-saint-exupery-bowl-p-44843.html HTTP/1.0" 200 71934 "http://www.wonder-geek.com/" "Mozilla/5.0 (compatible; Adsbot/3.1)"
216.18.204.215 - - [26/Jan/2021:23:03:44 +0100] "GET /the-little-prince-of-saint-exupery-bowl-p-52493.html HTTP/1.0" 200 71934 "http://www.wonder-geek.com/" "Mozilla/5.0 (compatible; Adsbot/3.1)"
216.244.66.242 - - [26/Jan/2021:23:03:54 +0100] "GET /provence-toothbrush-holder-p-44569.html HTTP/1.0" 200 71866 "-" "Mozilla/5.0 (compatible; DotBot/1.1; http://www.opensiteexplorer.org/dotbot, help@moz.com)"
216.18.204.215 - - [26/Jan/2021:23:04:02 +0100] "GET /the-little-prince-of-saint-exupery-bowl-p-52494.html HTTP/1.0" 200 71934 "http://www.wonder-geek.com/" "Mozilla/5.0 (compatible; Adsbot/3.1)"
54.36.148.195 - - [26/Jan/2021:23:04:12 +0100] "GET /barbabelle-small-coin-purse-p-16803.html HTTP/1.0" 200 71991 "-" "Mozilla/5.0 (compatible; AhrefsBot/7.0; +http://ahrefs.com/robot/)"
216.18.204.215 - - [26/Jan/2021:23:04:16 +0100] "GET /union-jack-keep-calm-and-carry-on-clock-p-25428.html HTTP/1.0" 200 71977 "http://www.wonder-geek.com/" "Mozilla/5.0 (compatible; Adsbot/3.1)"
216.18.204.215 - - [26/Jan/2021:23:04:30 +0100] "GET /united-states-marshall-cover-for-iphone-p-19395.html HTTP/1.0" 200 72228 "http://www.wonder-geek.com/" "Mozilla/5.0 (compatible; Adsbot/3.1)"
216.18.204.215 - - [26/Jan/2021:23:04:47 +0100] "GET /audrey-hepburn-breakfast-at-tiffany-clock-p-6329.html HTTP/1.0" 200 71996 "http://www.wonder-geek.com/" "Mozilla/5.0 (compatible; Adsbot/3.1)"
34.75.169.236 - - [26/Jan/2021:23:04:56 +0100] "GET /luggages-schoolbags-leather-shop-c-31.html HTTP/1.0" 200 91289 "-" "ZoominfoBot (zoominfobot at zoominfo dot com)"
216.244.66.242 - - [26/Jan/2021:23:05:03 +0100] "GET /bmw-cork-coaster-p-37068.html HTTP/1.0" 200 71769 "-" "Mozilla/5.0 (compatible; DotBot/1.1; http://www.opensiteexplorer.org/dotbot, help@moz.com)"
216.18.204.215 - - [26/Jan/2021:23:05:03 +0100] "GET /beatles-paris-phone-cover-for-iphone-and-p-14159.html HTTP/1.0" 200 72805 "http://www.wonder-geek.com/" "Mozilla/5.0 (compatible; Adsbot/3.1)"
51.68.224.127 - - [26/Jan/2021:23:05:22 +0100] "GET /adminweb/export_orders_xml.php?token=256de2z6edz6ed2z6DFSFsed2zed6zeDSFDSGdzedezfzf&maxorders=10&orderstart=1&status=14&start_date=2018-10-01 HTTP/1.0" 200 285 "-" "GesCom CharlotteBoutik Serveur"
51.68.224.127 - - [26/Jan/2021:23:05:22 +0100] "GET /adminweb/export_orders_xml.php?token=256de2z6edz6ed2z6DFSFsed2zed6zeDSFDSGdzedezfzf&maxorders=10&orderstart=1&status=6&start_date=2018-10-01 HTTP/1.0" 200 29990 "-" "GesCom CharlotteBoutik Serveur"
216.244.66.242 - - [26/Jan/2021:23:05:26 +0100] "GET /socks-c-2_142.html?page=1 HTTP/1.0" 200 79022 "-" "Mozilla/5.0 (compatible; DotBot/1.1; http://www.opensiteexplorer.org/dotbot, help@moz.com)"
216.18.204.215 - - [26/Jan/2021:23:05:26 +0100] "GET /beatles-story-phone-cover-for-iphone-and-p-14157.html HTTP/1.0" 200 72561 "http://www.wonder-geek.com/" "Mozilla/5.0 (compatible; Adsbot/3.1)"
216.244.66.242 - - [26/Jan/2021:23:05:33 +0100] "GET /pink-flamingos-placemat-p-43015.html HTTP/1.0" 200 71808 "-" "Mozilla/5.0 (compatible; DotBot/1.1; http://www.opensiteexplorer.org/dotbot, help@moz.com)"
216.244.66.242 - - [26/Jan/2021:23:05:37 +0100] "GET /towel-bath-towels-c-13_11_70.html?page=5 HTTP/1.0" 200 83343 "-" "Mozilla/5.0 (compatible; DotBot/1.1; http://www.opensiteexplorer.org/dotbot, help@moz.com)"
216.18.204.215 - - [26/Jan/2021:23:05:49 +0100] "GET /bowl-dreamy-ocean-inside-made-in-germany-p-53186.html HTTP/1.0" 200 73055 "http://www.wonder-geek.com/" "Mozilla/5.0 (compatible; Adsbot/3.1)"
216.18.204.215 - - [26/Jan/2021:23:06:18 +0100] "GET /citation-confucius-white-women-tee-shirt-p-34202.html HTTP/1.0" 200 74184 "http://www.wonder-geek.com/" "Mozilla/5.0 (compatible; Adsbot/3.1)"
216.18.204.215 - - [26/Jan/2021:23:06:42 +0100] "GET /corsica-le-tour-de-cap-placemat-45-30-cm-p-49722.html HTTP/1.0" 200 72028 "http://www.wonder-geek.com/" "Mozilla/5.0 (compatible; Adsbot/3.1)"
216.18.204.215 - - [26/Jan/2021:23:07:08 +0100] "GET /corsica-plage-de-calvi-placemat-45-30-cm-p-49721.html HTTP/1.0" 200 72028 "http://www.wonder-geek.com/" "Mozilla/5.0 (compatible; Adsbot/3.1)"
216.244.66.242 - - [26/Jan/2021:23:07:11 +0100] "GET /little-miss-sunshine-pink-wallet-p-2682.html HTTP/1.0" 200 72142 "-" "Mozilla/5.0 (compatible; DotBot/1.1; http://www.opensiteexplorer.org/dotbot, help@moz.com)"
216.244.66.242 - - [26/Jan/2021:23:07:14 +0100] "GET /new-york-pot-cookware-cbkreation-p-29700.html HTTP/1.0" 200 71893 "-" "Mozilla/5.0 (compatible; DotBot/1.1; http://www.opensiteexplorer.org/dotbot, help@moz.com)"
216.244.66.242 - - [26/Jan/2021:23:07:17 +0100] "GET /om-olympique-de-marseille-jug-litre-p-33909.html HTTP/1.0" 200 72013 "-" "Mozilla/5.0 (compatible; DotBot/1.1; http://www.opensiteexplorer.org/dotbot, help@moz.com)"
216.244.66.242 - - [26/Jan/2021:23:07:21 +0100] "GET /-c-122.html HTTP/1.0" 200 67876 "-" "Mozilla/5.0 (compatible; DotBot/1.1; http://www.opensiteexplorer.org/dotbot, help@moz.com)"
34.75.169.236 - - [26/Jan/2021:23:07:24 +0100] "GET /wastebasket-c-129_184.html HTTP/1.0" 200 82147 "-" "ZoominfoBot (zoominfobot at zoominfo dot com)"
216.244.66.242 - - [26/Jan/2021:23:07:25 +0100] "GET /-p-25039.html HTTP/1.0" 200 69189 "-" "Mozilla/5.0 (compatible; DotBot/1.1; http://www.opensiteexplorer.org/dotbot, help@moz.com)"
216.244.66.242 - - [26/Jan/2021:23:07:29 +0100] "GET /-p-28132.html HTTP/1.0" 200 69189 "-" "Mozilla/5.0 (compatible; DotBot/1.1; http://www.opensiteexplorer.org/dotbot, help@moz.com)"
216.244.66.242 - - [26/Jan/2021:23:07:32 +0100] "GET /-p-36876.html HTTP/1.0" 200 69189 "-" "Mozilla/5.0 (compatible; DotBot/1.1; http://www.opensiteexplorer.org/dotbot, help@moz.com)"
216.244.66.242 - - [26/Jan/2021:23:07:35 +0100] "GET /-p-42391.html HTTP/1.0" 200 69189 "-" "Mozilla/5.0 (compatible; DotBot/1.1; http://www.opensiteexplorer.org/dotbot, help@moz.com)"
