157.55.39.153 - - [26/Jan/2021:03:22:18 +0100] "GET /images/9316199937913.jpg HTTP/1.1" 200 19745 "-" "Mozilla/5.0 (compatible; bingbot/2.0; +http://www.bing.com/bingbot.htm)"
157.55.39.153 - - [26/Jan/2021:03:22:56 +0100] "GET /images/3700217350147.jpg HTTP/1.1" 200 35213 "-" "Mozilla/5.0 (compatible; bingbot/2.0; +http://www.bing.com/bingbot.htm)"
13.66.139.5 - - [26/Jan/2021:03:25:40 +0100] "GET /images/8412906996745.jpg HTTP/1.1" 200 55471 "-" "Mozilla/5.0 (compatible; bingbot/2.0; +http://www.bing.com/bingbot.htm)"
13.66.139.2 - - [26/Jan/2021:03:26:12 +0100] "GET /images/big_prod/1384010204238.jpg HTTP/1.1" 200 149748 "-" "Mozilla/5.0 (compatible; bingbot/2.0; +http://www.bing.com/bingbot.htm)"
207.46.13.53 - - [26/Jan/2021:03:27:53 +0100] "GET /images/big_prod/3503420062124.jpg HTTP/1.1" 200 121656 "-" "Mozilla/5.0 (compatible; bingbot/2.0; +http://www.bing.com/bingbot.htm)"
157.55.39.153 - - [26/Jan/2021:03:29:05 +0100] "GET /images/3298060226363.jpg HTTP/1.1" 200 118008 "-" "Mozilla/5.0 (compatible; bingbot/2.0; +http://www.bing.com/bingbot.htm)"
207.46.13.55 - - [26/Jan/2021:03:29:15 +0100] "GET /images/big_prod/3660600198384.jpg HTTP/1.1" 200 70245 "-" "Mozilla/5.0 (compatible; bingbot/2.0; +http://www.bing.com/bingbot.htm)"
207.46.13.55 - - [26/Jan/2021:03:29:15 +0100] "GET /images/1399984256558.jpg HTTP/1.1" 200 69341 "-" "Mozilla/5.0 (compatible; bingbot/2.0; +http://www.bing.com/bingbot.htm)"
157.55.39.149 - - [26/Jan/2021:03:33:35 +0100] "GET /images/big_prod_1/8422033158589N.jpg HTTP/1.1" 200 84374 "-" "Mozilla/5.0 (compatible; bingbot/2.0; +http://www.bing.com/bingbot.htm)"
216.244.66.242 - - [26/Jan/2021:03:33:49 +0100] "GET /robots.txt HTTP/1.1" 200 2438 "-" "Mozilla/5.0 (compatible; DotBot/1.1; http://www.opensiteexplorer.org/dotbot, help@moz.com)"
13.77.140.156 - - [26/Jan/2021:03:34:37 +0100] "GET /images/72032224613.jpg HTTP/1.1" 200 18270 "-" "Mozilla/5.0 (X11; Linux i686) AppleWebKit/537.17 (KHTML, like Gecko) Chrome/24.0.1312.27 Safari/537.17"
13.77.140.156 - - [26/Jan/2021:03:34:37 +0100] "GET /images/720322246145.jpg HTTP/1.1" 200 17240 "-" "Mozilla/5.0 (X11; Linux i686) AppleWebKit/537.17 (KHTML, like Gecko) Chrome/24.0.1312.27 Safari/537.17"
157.55.39.153 - - [26/Jan/2021:03:34:56 +0100] "GET /images/big_prod/3609810070851.jpg HTTP/1.1" 200 74732 "-" "Mozilla/5.0 (compatible; bingbot/2.0; +http://www.bing.com/bingbot.htm)"
207.46.13.55 - - [26/Jan/2021:03:35:14 +0100] "GET /images/big_prod/CD3962a.jpg HTTP/1.1" 200 54308 "-" "Mozilla/5.0 (compatible; bingbot/2.0; +http://www.bing.com/bingbot.htm)"
13.66.139.139 - - [26/Jan/2021:03:39:11 +0100] "GET /images/med_prod/3700653511409.jpg HTTP/1.1" 200 55887 "-" "Mozilla/5.0 (compatible; bingbot/2.0; +http://www.bing.com/bingbot.htm)"
207.46.13.53 - - [26/Jan/2021:03:39:36 +0100] "GET /images/med_prod/8435107811938.jpg HTTP/1.1" 200 116809 "-" "Mozilla/5.0 (compatible; bingbot/2.0; +http://www.bing.com/bingbot.htm)"
13.66.139.5 - - [26/Jan/2021:03:40:12 +0100] "GET /images/big_prod/1328399219377.jpg HTTP/1.1" 200 75531 "-" "Mozilla/5.0 (compatible; bingbot/2.0; +http://www.bing.com/bingbot.htm)"
207.46.13.53 - - [26/Jan/2021:03:41:57 +0100] "GET /images/big_prod/1345544930512.jpg HTTP/1.1" 200 101829 "-" "Mozilla/5.0 (compatible; bingbot/2.0; +http://www.bing.com/bingbot.htm)"
207.46.13.55 - - [26/Jan/2021:03:42:33 +0100] "GET /images/6953270923989.jpg HTTP/1.1" 200 35747 "-" "Mozilla/5.0 (compatible; bingbot/2.0; +http://www.bing.com/bingbot.htm)"
157.55.39.228 - - [26/Jan/2021:03:44:25 +0100] "GET /images/big_prod/3453131150569.jpg HTTP/1.1" 200 114831 "-" "Mozilla/5.0 (compatible; bingbot/2.0; +http://www.bing.com/bingbot.htm)"
157.55.39.153 - - [26/Jan/2021:03:44:53 +0100] "GET /images/1399984243046.jpg HTTP/1.1" 200 148829 "-" "Mozilla/5.0 (compatible; bingbot/2.0; +http://www.bing.com/bingbot.htm)"
13.66.139.5 - - [26/Jan/2021:03:45:02 +0100] "GET /images/big_prod/8718657460659.jpg HTTP/1.1" 200 53955 "-" "Mozilla/5.0 (compatible; bingbot/2.0; +http://www.bing.com/bingbot.htm)"
185.191.171.17 - - [26/Jan/2021:03:47:30 +0100] "GET /robots.txt HTTP/1.1" 200 2438 "-" "Mozilla/5.0 (compatible; SemrushBot/7~bl; +http://www.semrush.com/bot.html)"
13.66.139.139 - - [26/Jan/2021:03:48:42 +0100] "GET /images/big_prod_3/540400644559b.jpg HTTP/1.1" 200 128498 "-" "Mozilla/5.0 (compatible; bingbot/2.0; +http://www.bing.com/bingbot.htm)"
157.55.39.228 - - [26/Jan/2021:03:49:48 +0100] "GET /images/big_prod/1318600329995.jpg HTTP/1.1" 200 85137 "-" "Mozilla/5.0 (compatible; bingbot/2.0; +http://www.bing.com/bingbot.htm)"
157.55.39.149 - - [26/Jan/2021:03:50:00 +0100] "GET /images/big_prod_2/4260082936451a.jpg HTTP/1.1" 200 393697 "-" "Mozilla/5.0 (compatible; bingbot/2.0; +http://www.bing.com/bingbot.htm)"
157.55.39.153 - - [26/Jan/2021:03:50:09 +0100] "GET /images/big_prod_3/4260082936451b.jpg HTTP/1.1" 200 223297 "-" "Mozilla/5.0 (compatible; bingbot/2.0; +http://www.bing.com/bingbot.htm)"
207.46.13.53 - - [26/Jan/2021:03:50:19 +0100] "GET /images/big_prod_1/4260082936468a.jpg HTTP/1.1" 200 399861 "-" "Mozilla/5.0 (compatible; bingbot/2.0; +http://www.bing.com/bingbot.htm)"
157.55.39.114 - - [26/Jan/2021:03:50:34 +0100] "GET /images/big_prod/4260082936277.jpg HTTP/1.1" 200 212635 "-" "Mozilla/5.0 (compatible; bingbot/2.0; +http://www.bing.com/bingbot.htm)"
157.55.39.153 - - [26/Jan/2021:03:51:20 +0100] "GET /images/big_prod/3453131129176.jpg HTTP/1.1" 200 138853 "-" "Mozilla/5.0 (compatible; bingbot/2.0; +http://www.bing.com/bingbot.htm)"
207.46.13.37 - - [26/Jan/2021:03:51:48 +0100] "GET /images/mini_prod/3760116321259.jpg HTTP/1.1" 200 13981 "-" "Mozilla/5.0 (compatible; bingbot/2.0; +http://www.bing.com/bingbot.htm)"
13.66.139.5 - - [26/Jan/2021:03:52:34 +0100] "GET /images/big_prod_1/4029811411566B.jpg HTTP/1.1" 200 97580 "-" "Mozilla/5.0 (compatible; bingbot/2.0; +http://www.bing.com/bingbot.htm)"
13.66.139.139 - - [26/Jan/2021:03:54:03 +0100] "GET /images/b3438100351086.jpg HTTP/1.1" 200 72775 "-" "Mozilla/5.0 (compatible; bingbot/2.0; +http://www.bing.com/bingbot.htm)"
13.66.139.2 - - [26/Jan/2021:03:56:44 +0100] "GET /images/big_prod/3700407620128.jpg HTTP/1.1" 200 56366 "-" "Mozilla/5.0 (compatible; bingbot/2.0; +http://www.bing.com/bingbot.htm)"
157.55.39.153 - - [26/Jan/2021:03:56:58 +0100] "GET /images/med_prod/3520071345321.jpg HTTP/1.1" 200 85129 "-" "Mozilla/5.0 (compatible; bingbot/2.0; +http://www.bing.com/bingbot.htm)"
64.233.172.8 - - [26/Jan/2021:03:57:39 +0100] "GET /images/big_prod_2/8424346233946C.jpg HTTP/1.1" 200 71521 "-" "Mozilla/5.0 (Windows NT 5.1; rv:11.0) Gecko Firefox/11.0 (via ggpht.com GoogleImageProxy)"
13.66.139.136 - - [26/Jan/2021:03:59:24 +0100] "GET /images/big_prod/3453131151573.jpg HTTP/1.1" 200 59095 "-" "Mozilla/5.0 (compatible; bingbot/2.0; +http://www.bing.com/bingbot.htm)"
207.46.13.37 - - [26/Jan/2021:04:01:39 +0100] "GET /images/mini_prod/3760116321259.jpg HTTP/1.1" 200 13981 "-" "Mozilla/5.0 (compatible; bingbot/2.0; +http://www.bing.com/bingbot.htm)"
207.46.13.37 - - [26/Jan/2021:04:01:42 +0100] "GET /images/big_prod/8422021476404.jpg HTTP/1.1" 200 755942 "-" "Mozilla/5.0 (compatible; bingbot/2.0; +http://www.bing.com/bingbot.htm)"
157.55.39.130 - - [26/Jan/2021:04:02:51 +0100] "GET /images/big_prod/5400924064563.jpg HTTP/1.1" 200 54555 "-" "Mozilla/5.0 (compatible; bingbot/2.0; +http://www.bing.com/bingbot.htm)"
157.55.39.130 - - [26/Jan/2021:04:02:52 +0100] "GET /images/big_prod/1328399093854.jpg HTTP/1.1" 200 154506 "-" "Mozilla/5.0 (compatible; bingbot/2.0; +http://www.bing.com/bingbot.htm)"
157.55.39.130 - - [26/Jan/2021:04:02:52 +0100] "GET /images/big_prod/8433933222737.jpg HTTP/1.1" 200 82486 "-" "Mozilla/5.0 (compatible; bingbot/2.0; +http://www.bing.com/bingbot.htm)"
157.55.39.130 - - [26/Jan/2021:04:02:53 +0100] "GET /images/big_prod/8433933226438.jpg HTTP/1.1" 200 123556 "-" "Mozilla/5.0 (compatible; bingbot/2.0; +http://www.bing.com/bingbot.htm)"
157.55.39.130 - - [26/Jan/2021:04:02:53 +0100] "GET /images/med_prod/1399984284308N.jpg HTTP/1.1" 200 84849 "-" "Mozilla/5.0 (compatible; bingbot/2.0; +http://www.bing.com/bingbot.htm)"
157.55.39.130 - - [26/Jan/2021:04:03:03 +0100] "GET /images/5018997517871.jpg HTTP/1.1" 200 119487 "-" "Mozilla/5.0 (compatible; bingbot/2.0; +http://www.bing.com/bingbot.htm)"
157.55.39.130 - - [26/Jan/2021:04:03:03 +0100] "GET /images/big_prod_1/5400924064563B.jpg HTTP/1.1" 200 73437 "-" "Mozilla/5.0 (compatible; bingbot/2.0; +http://www.bing.com/bingbot.htm)"
157.55.39.130 - - [26/Jan/2021:04:03:03 +0100] "GET /images/mini_prod/8422087196070A.jpg HTTP/1.1" 200 10742 "-" "Mozilla/5.0 (compatible; bingbot/2.0; +http://www.bing.com/bingbot.htm)"
157.55.39.130 - - [26/Jan/2021:04:03:04 +0100] "GET /images/3760122974227.jpg HTTP/1.1" 200 16803 "-" "Mozilla/5.0 (compatible; bingbot/2.0; +http://www.bing.com/bingbot.htm)"
157.55.39.130 - - [26/Jan/2021:04:03:04 +0100] "GET /images/8427787039320.jpg HTTP/1.1" 200 37879 "-" "Mozilla/5.0 (compatible; bingbot/2.0; +http://www.bing.com/bingbot.htm)"
207.46.13.53 - - [26/Jan/2021:04:05:53 +0100] "GET /images/med_prod/1384010181768.jpg HTTP/1.1" 200 56453 "-" "Mozilla/5.0 (compatible; bingbot/2.0; +http://www.bing.com/bingbot.htm)"
66.249.70.36 - - [26/Jan/2021:04:06:11 +0100] "GET /images/big_prod_1/b5051276344560.jpg HTTP/1.1" 200 60399 "-" "Googlebot-Image/1.0"
157.55.39.228 - - [26/Jan/2021:04:08:08 +0100] "GET /images/big_prod/3014627885800.jpg HTTP/1.1" 200 39663 "-" "Mozilla/5.0 (compatible; bingbot/2.0; +http://www.bing.com/bingbot.htm)"
207.46.13.53 - - [26/Jan/2021:04:09:34 +0100] "GET /images/big_prod/4029811399482.jpg HTTP/1.1" 200 106624 "-" "Mozilla/5.0 (compatible; bingbot/2.0; +http://www.bing.com/bingbot.htm)"
116.202.228.240 - - [26/Jan/2021:04:10:01 +0100] "GET /images/med_prod/3661977002793.jpg HTTP/1.1" 200 141272 "-" "Mozilla/5.0 (X11; Fedora; Linux x86_64) AppleWebKit/537.36 (KHTML, like Gecko) Chrome/79.0.3945.117 Safari/537.36"
157.55.39.153 - - [26/Jan/2021:04:11:00 +0100] "GET /images/1399984243046.jpg HTTP/1.1" 200 148829 "-" "Mozilla/5.0 (compatible; bingbot/2.0; +http://www.bing.com/bingbot.htm)"
207.46.13.37 - - [26/Jan/2021:04:12:20 +0100] "GET /images/big_prod/8422011475561.jpg HTTP/1.1" 200 49555 "-" "Mozilla/5.0 (compatible; bingbot/2.0; +http://www.bing.com/bingbot.htm)"
207.46.13.53 - - [26/Jan/2021:04:13:55 +0100] "GET /images/3438100273920.jpg HTTP/1.1" 200 52928 "-" "Mozilla/5.0 (compatible; bingbot/2.0; +http://www.bing.com/bingbot.htm)"
157.55.39.228 - - [26/Jan/2021:04:18:54 +0100] "GET /images/med_prod/3585190849969.jpg HTTP/1.1" 200 114021 "-" "Mozilla/5.0 (compatible; bingbot/2.0; +http://www.bing.com/bingbot.htm)"
157.55.39.153 - - [26/Jan/2021:04:20:14 +0100] "GET /images/4007176129333.jpg HTTP/1.1" 200 64290 "-" "Mozilla/5.0 (compatible; bingbot/2.0; +http://www.bing.com/bingbot.htm)"
207.46.13.53 - - [26/Jan/2021:04:21:07 +0100] "GET /images/big_prod_1/3453131145060BBB.jpg HTTP/1.1" 200 83951 "-" "Mozilla/5.0 (compatible; bingbot/2.0; +http://www.bing.com/bingbot.htm)"
207.46.13.37 - - [26/Jan/2021:04:21:22 +0100] "GET /images/big_prod/3565750277395.jpg HTTP/1.1" 200 54996 "-" "Mozilla/5.0 (compatible; bingbot/2.0; +http://www.bing.com/bingbot.htm)"
157.55.39.6 - - [26/Jan/2021:04:21:46 +0100] "GET /robots.txt HTTP/1.1" 200 2438 "-" "Mozilla/5.0 (compatible; bingbot/2.0; +http://www.bing.com/bingbot.htm)"
216.244.66.242 - - [26/Jan/2021:04:23:09 +0100] "GET /robots.txt HTTP/1.1" 200 2438 "-" "Mozilla/5.0 (compatible; DotBot/1.1; http://www.opensiteexplorer.org/dotbot, help@moz.com)"
194.153.113.101 - - [26/Jan/2021:04:23:59 +0100] "GET /robots.txt HTTP/1.1" 200 2438 "-" "Mozilla/5.0 (compatible; oBot/2.3.1; http://www.xforce-security.com/crawler/)"
194.153.113.101 - - [26/Jan/2021:04:24:00 +0100] "GET /robots.txt HTTP/1.1" 200 2438 "-" "Mozilla/5.0 (compatible; oBot/2.3.1; http://www.xforce-security.com/crawler/)"
207.46.13.55 - - [26/Jan/2021:04:25:07 +0100] "GET /images/big_prod_1/191693004021.jpg HTTP/1.1" 200 127272 "-" "Mozilla/5.0 (compatible; bingbot/2.0; +http://www.bing.com/bingbot.htm)"
35.243.206.211 - - [26/Jan/2021:04:28:20 +0100] "GET /robots.txt HTTP/1.0" 200 2438 "-" "ZoominfoBot (zoominfobot at zoominfo dot com)"
157.55.39.228 - - [26/Jan/2021:04:29:30 +0100] "GET /images/med_prod/3585190849969.jpg HTTP/1.1" 200 114021 "-" "Mozilla/5.0 (compatible; bingbot/2.0; +http://www.bing.com/bingbot.htm)"
13.66.139.136 - - [26/Jan/2021:04:29:37 +0100] "GET /images/big_prod/8719172831979.jpg HTTP/1.1" 200 38597 "-" "Mozilla/5.0 (compatible; bingbot/2.0; +http://www.bing.com/bingbot.htm)"
13.66.139.139 - - [26/Jan/2021:04:29:46 +0100] "GET /images/8003990578315.jpg HTTP/1.1" 200 30118 "-" "Mozilla/5.0 (compatible; bingbot/2.0; +http://www.bing.com/bingbot.htm)"
13.66.139.139 - - [26/Jan/2021:04:29:46 +0100] "GET /images/big_prod/8433916685016.jpg HTTP/1.1" 200 78310 "-" "Mozilla/5.0 (compatible; bingbot/2.0; +http://www.bing.com/bingbot.htm)"
207.46.13.53 - - [26/Jan/2021:04:30:40 +0100] "GET /images/big_prod/3503420062124.jpg HTTP/1.1" 200 121656 "-" "Mozilla/5.0 (compatible; bingbot/2.0; +http://www.bing.com/bingbot.htm)"
157.55.39.149 - - [26/Jan/2021:04:33:11 +0100] "GET /images/big_prod/8412497489190.jpg HTTP/1.1" 200 99430 "-" "Mozilla/5.0 (compatible; bingbot/2.0; +http://www.bing.com/bingbot.htm)"
192.0.102.70 - - [26/Jan/2021:04:33:29 +0100] "GET /images/med_prod/8435107811938.jpg HTTP/1.1" 200 116809 "-" "Photon/1.0"
35.243.206.211 - - [26/Jan/2021:04:34:43 +0100] "GET /robots.txt HTTP/1.1" 200 2438 "-" "ZoominfoBot (zoominfobot at zoominfo dot com)"
13.66.139.5 - - [26/Jan/2021:04:34:48 +0100] "GET /images/1399984258491.jpg HTTP/1.1" 200 153692 "-" "Mozilla/5.0 (compatible; bingbot/2.0; +http://www.bing.com/bingbot.htm)"
157.55.39.153 - - [26/Jan/2021:04:36:37 +0100] "GET /images/9316188041478.jpg HTTP/1.1" 200 32939 "-" "Mozilla/5.0 (compatible; bingbot/2.0; +http://www.bing.com/bingbot.htm)"
207.46.13.53 - - [26/Jan/2021:04:38:13 +0100] "GET /images/8714274565036.jpg HTTP/1.1" 200 65224 "-" "Mozilla/5.0 (compatible; bingbot/2.0; +http://www.bing.com/bingbot.htm)"
13.66.139.136 - - [26/Jan/2021:04:38:48 +0100] "GET /images/big_prod/1384220103239.jpg HTTP/1.1" 200 116810 "-" "Mozilla/5.0 (compatible; bingbot/2.0; +http://www.bing.com/bingbot.htm)"
207.46.13.55 - - [26/Jan/2021:04:40:20 +0100] "GET /images/1341689435295.jpg HTTP/1.1" 200 170758 "-" "Mozilla/5.0 (compatible; bingbot/2.0; +http://www.bing.com/bingbot.htm)"
13.66.139.136 - - [26/Jan/2021:04:41:00 +0100] "GET /images/med_prod/5415203602077.jpg HTTP/1.1" 200 33990 "-" "Mozilla/5.0 (compatible; bingbot/2.0; +http://www.bing.com/bingbot.htm)"
13.66.139.136 - - [26/Jan/2021:04:41:39 +0100] "GET /images/3700653590824.jpg HTTP/1.1" 200 72751 "-" "Mozilla/5.0 (compatible; bingbot/2.0; +http://www.bing.com/bingbot.htm)"
157.55.39.228 - - [26/Jan/2021:04:42:08 +0100] "GET /images/big_prod/3609810065079.jpg HTTP/1.1" 200 107867 "-" "Mozilla/5.0 (compatible; bingbot/2.0; +http://www.bing.com/bingbot.htm)"
157.55.39.228 - - [26/Jan/2021:04:42:38 +0100] "GET /images/big_prod_2/5018997632086b.jpg HTTP/1.1" 200 56355 "-" "Mozilla/5.0 (compatible; bingbot/2.0; +http://www.bing.com/bingbot.htm)"
103.131.71.19 - - [26/Jan/2021:04:43:29 +0100] "GET /robots.txt HTTP/1.1" 200 2438 "-" "Mozilla/5.0 (compatible; coccocbot-image/1.0; +http://help.coccoc.com/searchengine)"
157.55.39.153 - - [26/Jan/2021:04:43:39 +0100] "GET /images/med_prod/8435306288548.jpg HTTP/1.1" 200 62514 "-" "Mozilla/5.0 (compatible; bingbot/2.0; +http://www.bing.com/bingbot.htm)"
103.131.71.35 - - [26/Jan/2021:04:43:47 +0100] "GET /robots.txt HTTP/1.1" 200 2438 "-" "Mozilla/5.0 (compatible; coccocbot-image/1.0; +http://help.coccoc.com/searchengine)"
157.55.39.149 - - [26/Jan/2021:04:44:05 +0100] "GET /images/big_prod_1/b028399219216.jpg HTTP/1.1" 200 128613 "-" "Mozilla/5.0 (compatible; bingbot/2.0; +http://www.bing.com/bingbot.htm)"
157.55.39.149 - - [26/Jan/2021:04:46:24 +0100] "GET /images/4036113142234.jpg HTTP/1.1" 200 45213 "-" "Mozilla/5.0 (compatible; bingbot/2.0; +http://www.bing.com/bingbot.htm)"
157.55.39.153 - - [26/Jan/2021:04:46:47 +0100] "GET /images/big_prod/8422001017733.jpg HTTP/1.1" 200 68048 "-" "Mozilla/5.0 (compatible; bingbot/2.0; +http://www.bing.com/bingbot.htm)"
157.55.39.153 - - [26/Jan/2021:04:46:47 +0100] "GET /images/800399062384819072012.jpg HTTP/1.1" 200 36479 "-" "Mozilla/5.0 (compatible; bingbot/2.0; +http://www.bing.com/bingbot.htm)"
13.66.139.136 - - [26/Jan/2021:04:47:09 +0100] "GET /images/big_prod/3608860225297.jpg HTTP/1.1" 200 67437 "-" "Mozilla/5.0 (compatible; bingbot/2.0; +http://www.bing.com/bingbot.htm)"
13.66.139.136 - - [26/Jan/2021:04:47:10 +0100] "GET /images/063562526968.jpg HTTP/1.1" 200 24458 "-" "Mozilla/5.0 (compatible; bingbot/2.0; +http://www.bing.com/bingbot.htm)"
207.46.13.55 - - [26/Jan/2021:04:47:42 +0100] "GET /images/med_prod/1020322275527.jpg HTTP/1.1" 200 115092 "-" "Mozilla/5.0 (compatible; bingbot/2.0; +http://www.bing.com/bingbot.htm)"
207.46.13.37 - - [26/Jan/2021:04:47:53 +0100] "GET /images/med_prod/0039897677330dg.jpg HTTP/1.1" 200 73008 "-" "Mozilla/5.0 (compatible; bingbot/2.0; +http://www.bing.com/bingbot.htm)"
13.66.139.136 - - [26/Jan/2021:04:48:00 +0100] "GET /images/big_prod_2/480GJ12c.jpg HTTP/1.1" 200 242796 "-" "Mozilla/5.0 (compatible; bingbot/2.0; +http://www.bing.com/bingbot.htm)"
157.55.39.153 - - [26/Jan/2021:04:48:39 +0100] "GET /images/3438100313800.jpg HTTP/1.1" 200 20801 "-" "Mozilla/5.0 (compatible; bingbot/2.0; +http://www.bing.com/bingbot.htm)"
13.66.139.139 - - [26/Jan/2021:04:52:10 +0100] "GET /images/big_prod_1/3665269061307b.jpg HTTP/1.1" 200 293765 "-" "Mozilla/5.0 (compatible; bingbot/2.0; +http://www.bing.com/bingbot.htm)"
207.46.13.53 - - [26/Jan/2021:04:52:37 +0100] "GET /images/big_prod/1384010200582.jpg HTTP/1.1" 200 81736 "-" "Mozilla/5.0 (compatible; bingbot/2.0; +http://www.bing.com/bingbot.htm)"
207.46.13.37 - - [26/Jan/2021:04:55:54 +0100] "GET /images/big_prod/8718657460703.jpg HTTP/1.1" 200 63073 "-" "Mozilla/5.0 (compatible; bingbot/2.0; +http://www.bing.com/bingbot.htm)"
157.55.39.153 - - [26/Jan/2021:04:57:08 +0100] "GET /images/big_prod/5051276388229.jpg HTTP/1.1" 200 349822 "-" "Mozilla/5.0 (compatible; bingbot/2.0; +http://www.bing.com/bingbot.htm)"
13.66.139.136 - - [26/Jan/2021:05:02:21 +0100] "GET /images/1399984264270.jpg HTTP/1.1" 200 98393 "-" "Mozilla/5.0 (compatible; bingbot/2.0; +http://www.bing.com/bingbot.htm)"
207.46.13.37 - - [26/Jan/2021:05:02:53 +0100] "GET /images/big_prod/1384010188361.jpg HTTP/1.1" 200 62901 "-" "Mozilla/5.0 (compatible; bingbot/2.0; +http://www.bing.com/bingbot.htm)"
157.55.39.149 - - [26/Jan/2021:05:03:50 +0100] "GET /images/big_prod/5051276217819.jpg HTTP/1.1" 200 78098 "-" "Mozilla/5.0 (compatible; bingbot/2.0; +http://www.bing.com/bingbot.htm)"
207.46.13.53 - - [26/Jan/2021:05:04:21 +0100] "GET /images/big_prod/5415203839794.jpg HTTP/1.1" 200 52481 "-" "Mozilla/5.0 (compatible; bingbot/2.0; +http://www.bing.com/bingbot.htm)"
13.66.139.5 - - [26/Jan/2021:05:04:40 +0100] "GET /images/5601392210050.jpg HTTP/1.1" 200 68080 "-" "Mozilla/5.0 (compatible; bingbot/2.0; +http://www.bing.com/bingbot.htm)"
157.55.39.149 - - [26/Jan/2021:05:07:52 +0100] "GET /images/big_prod/rayeparme.jpg HTTP/1.1" 200 91184 "-" "Mozilla/5.0 (compatible; bingbot/2.0; +http://www.bing.com/bingbot.htm)"
64.233.173.114 - - [26/Jan/2021:05:09:34 +0100] "GET /images/big_prod_1/PORTOFINO.jpg HTTP/1.1" 200 132509 "-" "Mozilla/5.0 (Windows NT 5.1; rv:11.0) Gecko Firefox/11.0 (via ggpht.com GoogleImageProxy)"
157.55.39.149 - - [26/Jan/2021:05:09:52 +0100] "GET /images/big_prod/3574641022532.jpg HTTP/1.1" 200 58619 "-" "Mozilla/5.0 (compatible; bingbot/2.0; +http://www.bing.com/bingbot.htm)"
13.66.139.136 - - [26/Jan/2021:05:10:11 +0100] "GET /images/big_prod/1384010200759.jpg HTTP/1.1" 200 95670 "-" "Mozilla/5.0 (compatible; bingbot/2.0; +http://www.bing.com/bingbot.htm)"
207.46.13.55 - - [26/Jan/2021:05:11:43 +0100] "GET /images/med_prod/3608860165296.jpg HTTP/1.1" 200 103587 "-" "Mozilla/5.0 (compatible; bingbot/2.0; +http://www.bing.com/bingbot.htm)"
216.244.66.242 - - [26/Jan/2021:05:13:02 +0100] "GET /robots.txt HTTP/1.1" 200 2438 "-" "Mozilla/5.0 (compatible; DotBot/1.1; http://www.opensiteexplorer.org/dotbot, help@moz.com)"
207.46.13.55 - - [26/Jan/2021:05:13:14 +0100] "GET /images/big_prod/3503420029196.jpg HTTP/1.1" 200 108104 "-" "Mozilla/5.0 (compatible; bingbot/2.0; +http://www.bing.com/bingbot.htm)"
207.46.13.53 - - [26/Jan/2021:05:13:44 +0100] "GET /images/7316191713234.jpg HTTP/1.1" 200 150227 "-" "Mozilla/5.0 (compatible; bingbot/2.0; +http://www.bing.com/bingbot.htm)"
13.66.139.139 - - [26/Jan/2021:05:14:41 +0100] "GET /images/1300010237526.jpg HTTP/1.1" 200 92988 "-" "Mozilla/5.0 (compatible; bingbot/2.0; +http://www.bing.com/bingbot.htm)"
13.66.139.5 - - [26/Jan/2021:05:15:11 +0100] "GET /images/big_prod/8422066196053.jpg HTTP/1.1" 200 101483 "-" "Mozilla/5.0 (compatible; bingbot/2.0; +http://www.bing.com/bingbot.htm)"
157.55.39.153 - - [26/Jan/2021:05:16:02 +0100] "GET /images/big_prod/8720088292495.jpg HTTP/1.1" 200 91197 "-" "Mozilla/5.0 (compatible; bingbot/2.0; +http://www.bing.com/bingbot.htm)"
13.66.139.136 - - [26/Jan/2021:05:16:22 +0100] "GET /images/big_prod_1/4029811442959B.jpg HTTP/1.1" 200 75354 "-" "Mozilla/5.0 (compatible; bingbot/2.0; +http://www.bing.com/bingbot.htm)"
13.66.139.5 - - [26/Jan/2021:05:19:32 +0100] "GET /images/med_prod/8435107771287.jpg HTTP/1.1" 200 110176 "-" "Mozilla/5.0 (compatible; bingbot/2.0; +http://www.bing.com/bingbot.htm)"
157.55.39.153 - - [26/Jan/2021:05:19:44 +0100] "GET /images/big_prod/3609810037731.jpg HTTP/1.1" 200 65750 "-" "Mozilla/5.0 (compatible; bingbot/2.0; +http://www.bing.com/bingbot.htm)"
17.58.101.147 - - [26/Jan/2021:05:21:26 +0100] "GET /images/mini_prod/3681643303597.jpg HTTP/1.1" 200 8684 "-" "Mozilla/5.0 (Macintosh; Intel Mac OS X 10_15_5) AppleWebKit/605.1.15 (KHTML, like Gecko) Version/13.1.1 Safari/605.1.15 (Applebot/0.1; +http://www.apple.com/go/applebot)"
207.46.13.53 - - [26/Jan/2021:05:21:46 +0100] "GET /images/5010065075092.jpg HTTP/1.1" 200 53154 "-" "Mozilla/5.0 (compatible; bingbot/2.0; +http://www.bing.com/bingbot.htm)"
207.46.13.53 - - [26/Jan/2021:05:25:08 +0100] "GET /images/3660173162119.jpg HTTP/1.1" 200 72421 "-" "Mozilla/5.0 (compatible; bingbot/2.0; +http://www.bing.com/bingbot.htm)"
13.66.139.5 - - [26/Jan/2021:05:26:02 +0100] "GET /images/med_prod/1300010241424.jpg HTTP/1.1" 200 118136 "-" "Mozilla/5.0 (compatible; bingbot/2.0; +http://www.bing.com/bingbot.htm)"
13.66.139.139 - - [26/Jan/2021:05:26:12 +0100] "GET /images/big_prod/4005086220096.jpg HTTP/1.1" 200 49906 "-" "Mozilla/5.0 (compatible; bingbot/2.0; +http://www.bing.com/bingbot.htm)"
157.55.39.228 - - [26/Jan/2021:05:26:46 +0100] "GET /images/big_prod_1/5410574484604B.jpg HTTP/1.1" 200 146219 "-" "Mozilla/5.0 (compatible; bingbot/2.0; +http://www.bing.com/bingbot.htm)"
66.249.70.33 - - [26/Jan/2021:05:30:04 +0100] "GET /images/mini_prod/3585190849068.gif HTTP/1.1" 200 7778 "-" "Googlebot-Image/1.0"
207.46.13.55 - - [26/Jan/2021:05:30:36 +0100] "GET /images/big_prod_1/8433933199497B.jpg HTTP/1.1" 200 273109 "-" "Mozilla/5.0 (compatible; bingbot/2.0; +http://www.bing.com/bingbot.htm)"
157.55.39.153 - - [26/Jan/2021:05:32:43 +0100] "GET /images/big_prod/1399986100736.jpg HTTP/1.1" 200 42476 "-" "Mozilla/5.0 (compatible; bingbot/2.0; +http://www.bing.com/bingbot.htm)"
157.55.39.153 - - [26/Jan/2021:05:34:31 +0100] "GET /images/3681643302101.jpg HTTP/1.1" 200 39437 "-" "Mozilla/5.0 (compatible; bingbot/2.0; +http://www.bing.com/bingbot.htm)"
207.46.13.53 - - [26/Jan/2021:05:35:30 +0100] "GET /images/1399984255421.jpg HTTP/1.1" 200 64101 "-" "Mozilla/5.0 (compatible; bingbot/2.0; +http://www.bing.com/bingbot.htm)"
207.46.13.55 - - [26/Jan/2021:05:36:46 +0100] "GET /images/big_prod_1/8433933201695B.jpg HTTP/1.1" 200 97261 "-" "Mozilla/5.0 (compatible; bingbot/2.0; +http://www.bing.com/bingbot.htm)"
185.191.171.9 - - [26/Jan/2021:05:38:43 +0100] "GET /robots.txt HTTP/1.1" 200 2438 "-" "Mozilla/5.0 (compatible; SemrushBot/7~bl; +http://www.semrush.com/bot.html)"
13.66.139.5 - - [26/Jan/2021:05:38:43 +0100] "GET /images/mini_prod/3524550049182.jpg HTTP/1.1" 200 5147 "-" "Mozilla/5.0 (compatible; bingbot/2.0; +http://www.bing.com/bingbot.htm)"
13.66.139.5 - - [26/Jan/2021:05:38:44 +0100] "GET /images/big_prod_1/3442440275124N.jpg HTTP/1.1" 200 174325 "-" "Mozilla/5.0 (compatible; bingbot/2.0; +http://www.bing.com/bingbot.htm)"
207.46.13.53 - - [26/Jan/2021:05:38:51 +0100] "GET /images/1399984253762.jpg HTTP/1.1" 200 15229 "-" "Mozilla/5.0 (compatible; bingbot/2.0; +http://www.bing.com/bingbot.htm)"
207.46.13.55 - - [26/Jan/2021:05:41:37 +0100] "GET /images/5055071693595.jpg HTTP/1.1" 200 92150 "-" "Mozilla/5.0 (compatible; bingbot/2.0; +http://www.bing.com/bingbot.htm)"
207.46.13.37 - - [26/Jan/2021:05:42:56 +0100] "GET /images/big_prod_1/3700230606238a.jpg HTTP/1.1" 200 116713 "-" "Mozilla/5.0 (compatible; bingbot/2.0; +http://www.bing.com/bingbot.htm)"
207.46.13.37 - - [26/Jan/2021:05:42:57 +0100] "GET /images/med_prod/3681643110065.jpg HTTP/1.1" 200 52734 "-" "Mozilla/5.0 (compatible; bingbot/2.0; +http://www.bing.com/bingbot.htm)"
157.55.39.228 - - [26/Jan/2021:05:43:01 +0100] "GET /images/big_prod_1/d4542202656389.jpg HTTP/1.1" 200 107663 "-" "Mozilla/5.0 (compatible; bingbot/2.0; +http://www.bing.com/bingbot.htm)"
157.55.39.153 - - [26/Jan/2021:05:44:03 +0100] "GET /images/mini_prod/3609810083301.jpg HTTP/1.1" 200 4883 "-" "Mozilla/5.0 (compatible; bingbot/2.0; +http://www.bing.com/bingbot.htm)"
13.66.139.136 - - [26/Jan/2021:05:44:15 +0100] "GET /images/big_prod_1/b5051276225654.jpg HTTP/1.1" 200 92915 "-" "Mozilla/5.0 (compatible; bingbot/2.0; +http://www.bing.com/bingbot.htm)"
13.66.139.136 - - [26/Jan/2021:05:44:44 +0100] "GET /images/mini_prod/B10910.gif HTTP/1.1" 200 14144 "-" "Mozilla/5.0 (compatible; bingbot/2.0; +http://www.bing.com/bingbot.htm)"
66.249.82.163 - - [26/Jan/2021:05:44:49 +0100] "GET /images/b8028501635028.jpg HTTP/1.1" 200 67779 "-" "Mozilla/5.0 (Windows NT 5.1; rv:11.0) Gecko Firefox/11.0 (via ggpht.com GoogleImageProxy)"
13.66.139.5 - - [26/Jan/2021:05:46:15 +0100] "GET /images/5060021882400.jpg HTTP/1.1" 200 57757 "-" "Mozilla/5.0 (compatible; bingbot/2.0; +http://www.bing.com/bingbot.htm)"
157.55.39.228 - - [26/Jan/2021:05:48:50 +0100] "GET /images/big_prod/4012390386240.jpg HTTP/1.1" 200 111978 "-" "Mozilla/5.0 (compatible; bingbot/2.0; +http://www.bing.com/bingbot.htm)"
157.55.39.153 - - [26/Jan/2021:05:49:08 +0100] "GET /images/9316199937913.jpg HTTP/1.1" 200 19745 "-" "Mozilla/5.0 (compatible; bingbot/2.0; +http://www.bing.com/bingbot.htm)"
157.55.39.228 - - [26/Jan/2021:05:49:11 +0100] "GET /images/big_prod/3503420083075.jpg HTTP/1.1" 200 49661 "-" "Mozilla/5.0 (compatible; bingbot/2.0; +http://www.bing.com/bingbot.htm)"
207.46.13.55 - - [26/Jan/2021:05:49:18 +0100] "GET /images/6953270923989.jpg HTTP/1.1" 200 35747 "-" "Mozilla/5.0 (compatible; bingbot/2.0; +http://www.bing.com/bingbot.htm)"
157.55.39.153 - - [26/Jan/2021:05:49:23 +0100] "GET /images/B8422666661524B.jpg HTTP/1.1" 200 24015 "-" "Mozilla/5.0 (compatible; bingbot/2.0; +http://www.bing.com/bingbot.htm)"
13.66.139.136 - - [26/Jan/2021:05:49:28 +0100] "GET /images/big_prod_1/b5018997612996.jpg HTTP/1.1" 200 138629 "-" "Mozilla/5.0 (compatible; bingbot/2.0; +http://www.bing.com/bingbot.htm)"
207.46.13.37 - - [26/Jan/2021:05:51:59 +0100] "GET /images/big_prod_1/8719497611546a.jpg HTTP/1.1" 200 181379 "-" "Mozilla/5.0 (compatible; bingbot/2.0; +http://www.bing.com/bingbot.htm)"
207.46.13.37 - - [26/Jan/2021:05:51:59 +0100] "GET /images/3701276256869.jpg HTTP/1.1" 200 28286 "-" "Mozilla/5.0 (compatible; bingbot/2.0; +http://www.bing.com/bingbot.htm)"
13.66.139.139 - - [26/Jan/2021:05:53:44 +0100] "GET /images/3148888888819.jpg HTTP/1.1" 200 22584 "-" "Mozilla/5.0 (compatible; bingbot/2.0; +http://www.bing.com/bingbot.htm)"
157.55.39.153 - - [26/Jan/2021:05:53:56 +0100] "GET /images/big_prod/8499132034984.jpg HTTP/1.1" 200 118488 "-" "Mozilla/5.0 (compatible; bingbot/2.0; +http://www.bing.com/bingbot.htm)"
13.66.139.5 - - [26/Jan/2021:05:54:35 +0100] "GET /images/mini_prod/3609810076303.jpg HTTP/1.1" 200 9984 "-" "Mozilla/5.0 (compatible; bingbot/2.0; +http://www.bing.com/bingbot.htm)"
167.114.116.25 - - [26/Jan/2021:05:58:44 +0100] "GET /robots.txt HTTP/1.1" 200 2438 "-" "Mozilla/5.0 (compatible; MJ12bot/v1.4.8; http://mj12bot.com/)"
157.55.39.153 - - [26/Jan/2021:05:59:39 +0100] "GET /images/med_prod/000000000lyon.jpg HTTP/1.1" 200 110226 "-" "Mozilla/5.0 (compatible; bingbot/2.0; +http://www.bing.com/bingbot.htm)"
157.55.39.153 - - [26/Jan/2021:05:59:40 +0100] "GET /images/med_prod/8435306290862.jpg HTTP/1.1" 200 108563 "-" "Mozilla/5.0 (compatible; bingbot/2.0; +http://www.bing.com/bingbot.htm)"
66.249.70.62 - - [26/Jan/2021:06:01:12 +0100] "GET /images/mini_prod/8028501696111.jpg HTTP/1.1" 200 6784 "-" "Googlebot-Image/1.0"
13.66.139.139 - - [26/Jan/2021:06:01:26 +0100] "GET /images/big_prod_3/1328399219049d.jpg HTTP/1.1" 200 52482 "-" "Mozilla/5.0 (compatible; bingbot/2.0; +http://www.bing.com/bingbot.htm)"
13.66.139.5 - - [26/Jan/2021:06:04:25 +0100] "GET /images/mini_prod/3524550049182.jpg HTTP/1.1" 200 5147 "-" "Mozilla/5.0 (compatible; bingbot/2.0; +http://www.bing.com/bingbot.htm)"
216.244.66.242 - - [26/Jan/2021:06:04:45 +0100] "GET /robots.txt HTTP/1.1" 200 2438 "-" "Mozilla/5.0 (compatible; DotBot/1.1; http://www.opensiteexplorer.org/dotbot, help@moz.com)"
207.46.13.37 - - [26/Jan/2021:06:04:53 +0100] "GET /images/med_prod/0039897677330dg.jpg HTTP/1.1" 200 73008 "-" "Mozilla/5.0 (compatible; bingbot/2.0; +http://www.bing.com/bingbot.htm)"
157.55.39.153 - - [26/Jan/2021:06:06:51 +0100] "GET /images/big_prod/3609810070851.jpg HTTP/1.1" 200 74732 "-" "Mozilla/5.0 (compatible; bingbot/2.0; +http://www.bing.com/bingbot.htm)"
207.46.13.37 - - [26/Jan/2021:06:08:30 +0100] "GET /images/big_prod/3612872109728Bodega.jpg HTTP/1.1" 200 99297 "-" "Mozilla/5.0 (compatible; bingbot/2.0; +http://www.bing.com/bingbot.htm)"
13.66.139.5 - - [26/Jan/2021:06:09:47 +0100] "GET /images/big_prod/3453131152440.jpg HTTP/1.1" 200 83675 "-" "Mozilla/5.0 (compatible; bingbot/2.0; +http://www.bing.com/bingbot.htm)"
207.46.13.37 - - [26/Jan/2021:06:10:54 +0100] "GET /images/big_prod/3560600316507.jpg HTTP/1.1" 200 89337 "-" "Mozilla/5.0 (compatible; bingbot/2.0; +http://www.bing.com/bingbot.htm)"
157.55.39.153 - - [26/Jan/2021:06:11:08 +0100] "GET /images/8029759043818.jpg HTTP/1.1" 200 47025 "-" "Mozilla/5.0 (compatible; bingbot/2.0; +http://www.bing.com/bingbot.htm)"
157.55.39.153 - - [26/Jan/2021:06:11:08 +0100] "GET /images/4895029694646.jpg HTTP/1.1" 200 47726 "-" "Mozilla/5.0 (compatible; bingbot/2.0; +http://www.bing.com/bingbot.htm)"
157.55.39.149 - - [26/Jan/2021:06:11:51 +0100] "GET /images/big_prod/8718317709623.jpg HTTP/1.1" 200 102599 "-" "Mozilla/5.0 (compatible; bingbot/2.0; +http://www.bing.com/bingbot.htm)"
13.66.139.139 - - [26/Jan/2021:06:12:17 +0100] "GET /images/big_prod_1/8422010063585B.jpg HTTP/1.1" 200 126731 "-" "Mozilla/5.0 (compatible; bingbot/2.0; +http://www.bing.com/bingbot.htm)"
207.46.13.37 - - [26/Jan/2021:06:12:47 +0100] "GET /images/big_prod_2/540400644559a.jpg HTTP/1.1" 200 86746 "-" "Mozilla/5.0 (compatible; bingbot/2.0; +http://www.bing.com/bingbot.htm)"
13.66.139.139 - - [26/Jan/2021:06:16:37 +0100] "GET /images/big_prod/3503420082467.jpg HTTP/1.1" 200 69194 "-" "Mozilla/5.0 (compatible; bingbot/2.0; +http://www.bing.com/bingbot.htm)"
172.69.26.132 - - [26/Jan/2021:06:16:48 +0100] "GET /images/3700057121686.jpg HTTP/1.1" 200 75376 "http://gentable.mitredx.com/outstanding-minnie-mouse-table.html" "Mozilla/5.0 (compatible; CloudFlare-AlwaysOnline/1.0; +http://www.cloudflare.com/always-online) AppleWebKit/534.34"
157.55.39.153 - - [26/Jan/2021:06:20:05 +0100] "GET /images/big_prod_1/5022271700507B.jpg HTTP/1.1" 200 113804 "-" "Mozilla/5.0 (compatible; bingbot/2.0; +http://www.bing.com/bingbot.htm)"
157.55.39.149 - - [26/Jan/2021:06:20:37 +0100] "GET /images/med_prod/1384010179550.jpg HTTP/1.1" 200 52385 "-" "Mozilla/5.0 (compatible; bingbot/2.0; +http://www.bing.com/bingbot.htm)"
13.66.139.139 - - [26/Jan/2021:06:22:47 +0100] "GET /images/8436047822152.jpg HTTP/1.1" 200 36561 "-" "Mozilla/5.0 (compatible; bingbot/2.0; +http://www.bing.com/bingbot.htm)"
13.66.139.139 - - [26/Jan/2021:06:23:37 +0100] "GET /images/big_prod/8422020139430.jpg HTTP/1.1" 200 50126 "-" "Mozilla/5.0 (compatible; bingbot/2.0; +http://www.bing.com/bingbot.htm)"
13.66.139.136 - - [26/Jan/2021:06:23:48 +0100] "GET /images/9316188036092.jpg HTTP/1.1" 200 20118 "-" "Mozilla/5.0 (compatible; bingbot/2.0; +http://www.bing.com/bingbot.htm)"
114.119.147.45 - - [26/Jan/2021:06:25:46 +0100] "GET /images/big_prod_1/8424346366132B.jpg HTTP/1.1" 200 195001 "-" "Mozilla/5.0 (Linux; Android 7.0;) AppleWebKit/537.36 (KHTML, like Gecko) Mobile Safari/537.36 (compatible; PetalBot;+https://aspiegel.com/petalbot)"
192.0.101.142 - - [26/Jan/2021:06:30:45 +0100] "GET /images/100_1885.jpg HTTP/1.1" 200 13622 "-" "Photon/1.0"
66.249.70.33 - - [26/Jan/2021:06:32:20 +0100] "GET /images/mini_prod/1384010191941.jpg HTTP/1.1" 200 6889 "-" "Googlebot-Image/1.0"
13.66.139.136 - - [26/Jan/2021:06:32:49 +0100] "GET /images/big_prod/3453131152389.jpg HTTP/1.1" 200 60856 "-" "Mozilla/5.0 (compatible; bingbot/2.0; +http://www.bing.com/bingbot.htm)"
13.66.139.136 - - [26/Jan/2021:06:33:10 +0100] "GET /images/med_prod/3565750037616.jpg HTTP/1.1" 200 82814 "-" "Mozilla/5.0 (compatible; bingbot/2.0; +http://www.bing.com/bingbot.htm)"
157.55.39.153 - - [26/Jan/2021:06:33:16 +0100] "GET /images/3438100313800.jpg HTTP/1.1" 200 20801 "-" "Mozilla/5.0 (compatible; bingbot/2.0; +http://www.bing.com/bingbot.htm)"
157.55.39.228 - - [26/Jan/2021:06:33:21 +0100] "GET /images/6942138908671.jpg HTTP/1.1" 200 48618 "-" "Mozilla/5.0 (compatible; bingbot/2.0; +http://www.bing.com/bingbot.htm)"
157.55.39.228 - - [26/Jan/2021:06:33:31 +0100] "GET /images/big_prod/3014627949489.jpg HTTP/1.1" 200 80169 "-" "Mozilla/5.0 (compatible; bingbot/2.0; +http://www.bing.com/bingbot.htm)"
114.119.154.200 - - [26/Jan/2021:06:37:46 +0100] "GET /images/big_prod/8422810090361.jpg HTTP/1.1" 200 67674 "-" "Mozilla/5.0 (Linux; Android 7.0;) AppleWebKit/537.36 (KHTML, like Gecko) Mobile Safari/537.36 (compatible; PetalBot;+https://aspiegel.com/petalbot)"
13.66.139.136 - - [26/Jan/2021:06:39:00 +0100] "GET /images/big_prod/8422017795946.jpg HTTP/1.1" 200 104396 "-" "Mozilla/5.0 (compatible; bingbot/2.0; +http://www.bing.com/bingbot.htm)"
54.38.42.20 - - [26/Jan/2021:06:39:45 +0100] "GET /images/big_prod_3/028399270200c.jpg HTTP/1.1" 200 186910 "-" "-"
54.38.42.20 - - [26/Jan/2021:06:40:19 +0100] "GET /images/big_prod_1/028399270200a.jpg HTTP/1.1" 200 199915 "-" "-"
54.38.42.20 - - [26/Jan/2021:06:40:36 +0100] "GET /images/big_prod_2/028399270200b.jpg HTTP/1.1" 200 193744 "-" "-"
185.191.171.14 - - [26/Jan/2021:06:41:39 +0100] "GET /robots.txt HTTP/1.1" 200 2438 "-" "Mozilla/5.0 (compatible; SemrushBot/7~bl; +http://www.semrush.com/bot.html)"
207.46.13.53 - - [26/Jan/2021:06:43:07 +0100] "GET /images/big_prod/8719497610846.jpg HTTP/1.1" 200 76607 "-" "Mozilla/5.0 (compatible; bingbot/2.0; +http://www.bing.com/bingbot.htm)"
157.55.39.153 - - [26/Jan/2021:06:44:08 +0100] "GET /images/3298060226363.jpg HTTP/1.1" 200 118008 "-" "Mozilla/5.0 (compatible; bingbot/2.0; +http://www.bing.com/bingbot.htm)"
13.66.139.136 - - [26/Jan/2021:06:48:11 +0100] "GET /images/big_prod/3609810076167.jpg HTTP/1.1" 200 54704 "-" "Mozilla/5.0 (compatible; bingbot/2.0; +http://www.bing.com/bingbot.htm)"
207.46.13.55 - - [26/Jan/2021:06:51:13 +0100] "GET /images/4007176125144B.jpg HTTP/1.1" 200 63274 "-" "Mozilla/5.0 (compatible; bingbot/2.0; +http://www.bing.com/bingbot.htm)"
13.66.225.138 - - [26/Jan/2021:06:52:04 +0100] "GET /images/smipsuperman.jpg HTTP/1.1" 200 67865 "-" "Mozilla/5.0 (X11; Linux i686) AppleWebKit/537.17 (KHTML, like Gecko) Chrome/24.0.1312.27 Safari/537.17"
13.66.139.139 - - [26/Jan/2021:06:52:40 +0100] "GET /images/big_prod/3503420082467.jpg HTTP/1.1" 200 69194 "-" "Mozilla/5.0 (compatible; bingbot/2.0; +http://www.bing.com/bingbot.htm)"
207.46.13.37 - - [26/Jan/2021:06:54:05 +0100] "GET /images/hiver048.jpg HTTP/1.1" 200 58190 "-" "Mozilla/5.0 (compatible; bingbot/2.0; +http://www.bing.com/bingbot.htm)"
207.46.13.37 - - [26/Jan/2021:06:54:06 +0100] "GET /images/big_prod/3565750277395.jpg HTTP/1.1" 200 54996 "-" "Mozilla/5.0 (compatible; bingbot/2.0; +http://www.bing.com/bingbot.htm)"
207.46.13.55 - - [26/Jan/2021:06:58:34 +0100] "GET /images/big_prod/3609810071674.jpg HTTP/1.1" 200 53542 "-" "Mozilla/5.0 (compatible; bingbot/2.0; +http://www.bing.com/bingbot.htm)"
207.46.13.53 - - [26/Jan/2021:07:02:13 +0100] "GET /images/big_prod/1384010200582.jpg HTTP/1.1" 200 81736 "-" "Mozilla/5.0 (compatible; bingbot/2.0; +http://www.bing.com/bingbot.htm)"
157.55.39.153 - - [26/Jan/2021:07:04:46 +0100] "GET /images/big_prod/3665269065916d.jpg HTTP/1.1" 200 73571 "-" "Mozilla/5.0 (compatible; bingbot/2.0; +http://www.bing.com/bingbot.htm)"
157.55.39.153 - - [26/Jan/2021:07:04:47 +0100] "GET /images/1399984221303.jpg HTTP/1.1" 200 40308 "-" "Mozilla/5.0 (compatible; bingbot/2.0; +http://www.bing.com/bingbot.htm)"
157.55.39.149 - - [26/Jan/2021:07:04:51 +0100] "GET /images/big_prod_1/3665269065916A.jpg HTTP/1.1" 200 271301 "-" "Mozilla/5.0 (compatible; bingbot/2.0; +http://www.bing.com/bingbot.htm)"
157.55.39.149 - - [26/Jan/2021:07:04:51 +0100] "GET /images/big_prod_2/3665269065916C.jpg HTTP/1.1" 200 205632 "-" "Mozilla/5.0 (compatible; bingbot/2.0; +http://www.bing.com/bingbot.htm)"
207.46.13.55 - - [26/Jan/2021:07:04:55 +0100] "GET /images/big_prod_3/3665269065916e.jpg HTTP/1.1" 200 161047 "-" "Mozilla/5.0 (compatible; bingbot/2.0; +http://www.bing.com/bingbot.htm)"
207.46.13.6 - - [26/Jan/2021:07:05:01 +0100] "GET /images/big_prod_4/3665269065916f.jpg HTTP/1.1" 200 171708 "-" "Mozilla/5.0 (compatible; bingbot/2.0; +http://www.bing.com/bingbot.htm)"
207.46.13.6 - - [26/Jan/2021:07:05:01 +0100] "GET /images/big_prod/VANGOGH2.jpg HTTP/1.1" 200 126647 "-" "Mozilla/5.0 (compatible; bingbot/2.0; +http://www.bing.com/bingbot.htm)"
207.46.13.6 - - [26/Jan/2021:07:05:02 +0100] "GET /images/big_prod/4036113307503.jpg HTTP/1.1" 200 133909 "-" "Mozilla/5.0 (compatible; bingbot/2.0; +http://www.bing.com/bingbot.htm)"
207.46.13.6 - - [26/Jan/2021:07:05:02 +0100] "GET /images/med_prod/4029811238682.jpg HTTP/1.1" 200 87715 "-" "Mozilla/5.0 (compatible; bingbot/2.0; +http://www.bing.com/bingbot.htm)"
207.46.13.6 - - [26/Jan/2021:07:05:02 +0100] "GET /images/smipsuperman.jpg HTTP/1.1" 200 67865 "-" "Mozilla/5.0 (compatible; bingbot/2.0; +http://www.bing.com/bingbot.htm)"
13.66.139.5 - - [26/Jan/2021:07:05:22 +0100] "GET /images/med_prod/3279396007345.jpg HTTP/1.1" 200 57377 "-" "Mozilla/5.0 (compatible; bingbot/2.0; +http://www.bing.com/bingbot.htm)"
13.66.139.5 - - [26/Jan/2021:07:05:42 +0100] "GET /images/5051265800183.jpg HTTP/1.1" 200 52092 "-" "Mozilla/5.0 (compatible; bingbot/2.0; +http://www.bing.com/bingbot.htm)"
157.55.39.149 - - [26/Jan/2021:07:07:13 +0100] "GET /images/big_prod/8422099381174.jpg HTTP/1.1" 200 56082 "-" "Mozilla/5.0 (compatible; bingbot/2.0; +http://www.bing.com/bingbot.htm)"
13.66.139.5 - - [26/Jan/2021:07:10:43 +0100] "GET /images/big_prod/3760116324205.jpg HTTP/1.1" 200 118674 "-" "Mozilla/5.0 (compatible; bingbot/2.0; +http://www.bing.com/bingbot.htm)"
13.66.139.5 - - [26/Jan/2021:07:12:03 +0100] "GET /images/mini_prod/1399984237038.jpg HTTP/1.1" 200 8348 "-" "Mozilla/5.0 (compatible; bingbot/2.0; +http://www.bing.com/bingbot.htm)"
66.249.70.62 - - [26/Jan/2021:07:12:20 +0100] "GET /images/mini_prod/3281640289629.gif HTTP/1.1" 200 14195 "-" "Googlebot-Image/1.0"
13.66.139.139 - - [26/Jan/2021:07:13:53 +0100] "GET /images/big_prod/3014627973460.jpg HTTP/1.1" 200 63318 "-" "Mozilla/5.0 (compatible; bingbot/2.0; +http://www.bing.com/bingbot.htm)"
207.46.13.37 - - [26/Jan/2021:07:14:21 +0100] "GET /js/jquery.masonry.min.js HTTP/1.1" 200 5392 "-" "Mozilla/5.0 (compatible; bingbot/2.0; +http://www.bing.com/bingbot.htm)"
13.66.139.139 - - [26/Jan/2021:07:16:33 +0100] "GET /images/med_prod/1384010179802.jpg HTTP/1.1" 200 177193 "-" "Mozilla/5.0 (compatible; bingbot/2.0; +http://www.bing.com/bingbot.htm)"
207.46.13.53 - - [26/Jan/2021:07:16:58 +0100] "GET /images/3438100273920.jpg HTTP/1.1" 200 52928 "-" "Mozilla/5.0 (compatible; bingbot/2.0; +http://www.bing.com/bingbot.htm)"
157.55.39.228 - - [26/Jan/2021:07:17:19 +0100] "GET /images/big_prod/3453131145671.jpg HTTP/1.1" 200 104347 "-" "Mozilla/5.0 (compatible; bingbot/2.0; +http://www.bing.com/bingbot.htm)"
13.66.139.139 - - [26/Jan/2021:07:18:14 +0100] "GET /images/big_prod/3700407613151.jpg HTTP/1.1" 200 255113 "-" "Mozilla/5.0 (compatible; bingbot/2.0; +http://www.bing.com/bingbot.htm)"
157.55.39.153 - - [26/Jan/2021:07:18:55 +0100] "GET /images/230207_210747_PEEL_s6M5RA.jpg HTTP/1.1" 200 34592 "-" "Mozilla/5.0 (compatible; bingbot/2.0; +http://www.bing.com/bingbot.htm)"
207.46.13.53 - - [26/Jan/2021:07:19:30 +0100] "GET /images/big_prod_1/3453131145060BBB.jpg HTTP/1.1" 200 83951 "-" "Mozilla/5.0 (compatible; bingbot/2.0; +http://www.bing.com/bingbot.htm)"
157.55.39.228 - - [26/Jan/2021:07:20:32 +0100] "GET /images/big_prod/3609810065079.jpg HTTP/1.1" 200 107867 "-" "Mozilla/5.0 (compatible; bingbot/2.0; +http://www.bing.com/bingbot.htm)"
207.46.13.53 - - [26/Jan/2021:07:21:00 +0100] "GET /images/big_prod/4029811399482.jpg HTTP/1.1" 200 106624 "-" "Mozilla/5.0 (compatible; bingbot/2.0; +http://www.bing.com/bingbot.htm)"
207.46.13.37 - - [26/Jan/2021:07:25:17 +0100] "GET /images/8412199931898.jpg HTTP/1.1" 200 37636 "-" "Mozilla/5.0 (compatible; bingbot/2.0; +http://www.bing.com/bingbot.htm)"
13.66.139.139 - - [26/Jan/2021:07:25:44 +0100] "GET /images/big_prod_3/d028399219216.jpg HTTP/1.1" 200 92321 "-" "Mozilla/5.0 (compatible; bingbot/2.0; +http://www.bing.com/bingbot.htm)"
173.29.134.14 - - [26/Jan/2021:07:25:55 +0100] "GET /images/med_prod/3700653593177.jpg HTTP/1.1" 200 123066 "-" "Mozilla/5.0 (Macintosh; Intel Mac OS X 10_15_6) AppleWebKit/605.1.15 (KHTML, like Gecko) Version/14.0.2 Safari/605.1.15"
207.46.13.53 - - [26/Jan/2021:07:26:32 +0100] "GET /images/8714274565036.jpg HTTP/1.1" 200 65224 "-" "Mozilla/5.0 (compatible; bingbot/2.0; +http://www.bing.com/bingbot.htm)"
157.55.39.153 - - [26/Jan/2021:07:26:58 +0100] "GET /images/big_prod_1/5022271700507B.jpg HTTP/1.1" 200 113804 "-" "Mozilla/5.0 (compatible; bingbot/2.0; +http://www.bing.com/bingbot.htm)"
157.55.39.153 - - [26/Jan/2021:07:27:38 +0100] "GET /images/big_prod/4029811411573.jpg HTTP/1.1" 200 38894 "-" "Mozilla/5.0 (compatible; bingbot/2.0; +http://www.bing.com/bingbot.htm)"
157.55.39.6 - - [26/Jan/2021:07:27:52 +0100] "GET /robots.txt HTTP/1.1" 200 2438 "-" "Mozilla/5.0 (compatible; bingbot/2.0; +http://www.bing.com/bingbot.htm)"
157.55.39.149 - - [26/Jan/2021:07:30:41 +0100] "GET /images/med_prod/1384010179550.jpg HTTP/1.1" 200 52385 "-" "Mozilla/5.0 (compatible; bingbot/2.0; +http://www.bing.com/bingbot.htm)"
13.66.139.5 - - [26/Jan/2021:07:31:44 +0100] "GET /images/med_prod/3457010951223.jpg HTTP/1.1" 200 80641 "-" "Mozilla/5.0 (compatible; bingbot/2.0; +http://www.bing.com/bingbot.htm)"
157.55.39.228 - - [26/Jan/2021:07:35:12 +0100] "GET /images/12472.jpg HTTP/1.1" 200 28889 "-" "Mozilla/5.0 (compatible; bingbot/2.0; +http://www.bing.com/bingbot.htm)"
173.252.107.20 - - [26/Jan/2021:07:38:36 +0100] "GET /images/5055071696855.jpg HTTP/1.1" 200 90235 "-" "facebookexternalhit/1.1 (+http://www.facebook.com/externalhit_uatext.php)"
173.252.107.120 - - [26/Jan/2021:07:38:37 +0100] "GET /images/5055071696855.jpg HTTP/1.1" 200 90235 "-" "facebookexternalhit/1.1 (+http://www.facebook.com/externalhit_uatext.php)"
207.46.13.6 - - [26/Jan/2021:07:39:01 +0100] "GET /images/1399984230855.jpg HTTP/1.1" 200 29058 "-" "Mozilla/5.0 (compatible; bingbot/2.0; +http://www.bing.com/bingbot.htm)"
207.46.13.6 - - [26/Jan/2021:07:39:01 +0100] "GET /images/8012052102276.jpg HTTP/1.1" 200 34650 "-" "Mozilla/5.0 (compatible; bingbot/2.0; +http://www.bing.com/bingbot.htm)"
207.46.13.6 - - [26/Jan/2021:07:39:01 +0100] "GET /images/img11158.jpg HTTP/1.1" 200 20965 "-" "Mozilla/5.0 (compatible; bingbot/2.0; +http://www.bing.com/bingbot.htm)"
207.46.13.6 - - [26/Jan/2021:07:39:01 +0100] "GET /images/8427787043211.jpg HTTP/1.1" 200 30887 "-" "Mozilla/5.0 (compatible; bingbot/2.0; +http://www.bing.com/bingbot.htm)"
13.66.139.139 - - [26/Jan/2021:07:39:34 +0100] "GET /images/8421440076011.jpg HTTP/1.1" 200 32884 "-" "Mozilla/5.0 (compatible; bingbot/2.0; +http://www.bing.com/bingbot.htm)"
207.46.13.53 - - [26/Jan/2021:07:41:18 +0100] "GET /images/big_prod/1345544930512.jpg HTTP/1.1" 200 101829 "-" "Mozilla/5.0 (compatible; bingbot/2.0; +http://www.bing.com/bingbot.htm)"
157.55.39.228 - - [26/Jan/2021:07:42:17 +0100] "GET /images/big_prod_1/5410574484604B.jpg HTTP/1.1" 200 146219 "-" "Mozilla/5.0 (compatible; bingbot/2.0; +http://www.bing.com/bingbot.htm)"
13.66.139.136 - - [26/Jan/2021:07:42:26 +0100] "GET /images/big_prod/8719497612819.jpg HTTP/1.1" 200 155007 "-" "Mozilla/5.0 (compatible; bingbot/2.0; +http://www.bing.com/bingbot.htm)"
13.66.139.139 - - [26/Jan/2021:07:43:37 +0100] "GET /images/big_prod/3453131155847.jpg HTTP/1.1" 200 327718 "-" "Mozilla/5.0 (compatible; bingbot/2.0; +http://www.bing.com/bingbot.htm)"
13.66.139.5 - - [26/Jan/2021:07:44:46 +0100] "GET /images/big_prod_3/c9316188082143.jpg HTTP/1.1" 200 51798 "-" "Mozilla/5.0 (compatible; bingbot/2.0; +http://www.bing.com/bingbot.htm)"
207.46.13.55 - - [26/Jan/2021:07:46:41 +0100] "GET /images/4007176535578.jpg HTTP/1.1" 200 40402 "-" "Mozilla/5.0 (compatible; bingbot/2.0; +http://www.bing.com/bingbot.htm)"
207.46.13.37 - - [26/Jan/2021:07:46:48 +0100] "GET /images/3700653500694.jpg HTTP/1.1" 200 36135 "-" "Mozilla/5.0 (compatible; bingbot/2.0; +http://www.bing.com/bingbot.htm)"
157.55.39.153 - - [26/Jan/2021:07:48:45 +0100] "GET /images/9316188041478.jpg HTTP/1.1" 200 32939 "-" "Mozilla/5.0 (compatible; bingbot/2.0; +http://www.bing.com/bingbot.htm)"
13.66.139.139 - - [26/Jan/2021:07:50:15 +0100] "GET /images/big_prod/3503420098031.jpg HTTP/1.1" 200 92501 "-" "Mozilla/5.0 (compatible; bingbot/2.0; +http://www.bing.com/bingbot.htm)"
207.46.13.55 - - [26/Jan/2021:07:50:40 +0100] "GET /images/big_prod_1/8433933199497B.jpg HTTP/1.1" 200 273109 "-" "Mozilla/5.0 (compatible; bingbot/2.0; +http://www.bing.com/bingbot.htm)"
66.249.70.33 - - [26/Jan/2021:07:52:20 +0100] "GET /images/1399984228029.jpg HTTP/1.1" 200 37933 "-" "Googlebot-Image/1.0"
157.55.39.149 - - [26/Jan/2021:07:52:39 +0100] "GET /images/big_prod_1/8422033158589N.jpg HTTP/1.1" 200 84374 "-" "Mozilla/5.0 (compatible; bingbot/2.0; +http://www.bing.com/bingbot.htm)"
13.66.139.139 - - [26/Jan/2021:07:52:56 +0100] "GET /images/big_prod/1345544890328.jpg HTTP/1.1" 200 62776 "-" "Mozilla/5.0 (compatible; bingbot/2.0; +http://www.bing.com/bingbot.htm)"
207.46.13.53 - - [26/Jan/2021:07:54:35 +0100] "GET /images/big_prod_3/5018997621714c.jpg HTTP/1.1" 200 162305 "-" "Mozilla/5.0 (compatible; bingbot/2.0; +http://www.bing.com/bingbot.htm)"
157.55.39.153 - - [26/Jan/2021:07:56:30 +0100] "GET /images/big_prod/4012390386196.jpg HTTP/1.1" 200 77421 "-" "Mozilla/5.0 (compatible; bingbot/2.0; +http://www.bing.com/bingbot.htm)"
207.46.13.37 - - [26/Jan/2021:07:57:45 +0100] "GET /images/1300010239803.jpg HTTP/1.1" 200 46797 "-" "Mozilla/5.0 (compatible; bingbot/2.0; +http://www.bing.com/bingbot.htm)"
207.46.13.55 - - [26/Jan/2021:07:59:23 +0100] "GET /images/med_prod/1384010184271.jpg HTTP/1.1" 200 93088 "-" "Mozilla/5.0 (compatible; bingbot/2.0; +http://www.bing.com/bingbot.htm)"
23.241.238.78 - - [26/Jan/2021:07:59:36 +0100] "GET /templates/Pixame_v1/stylesheet.css HTTP/1.1" 200 56057 "http://www.wonder-geek.com/merci-gustave-eiffel-tower-mickey-mouse-red-p-32883.html" "Mozilla/5.0 (iPhone; CPU iPhone OS 14_3 like Mac OS X) AppleWebKit/605.1.15 (KHTML, like Gecko) Version/14.0.2 Mobile/15E148 Safari/604.1"
23.241.238.78 - - [26/Jan/2021:07:59:36 +0100] "GET /highslide/highslide.js HTTP/1.1" 200 42909 "http://www.wonder-geek.com/merci-gustave-eiffel-tower-mickey-mouse-red-p-32883.html" "Mozilla/5.0 (iPhone; CPU iPhone OS 14_3 like Mac OS X) AppleWebKit/605.1.15 (KHTML, like Gecko) Version/14.0.2 Mobile/15E148 Safari/604.1"
23.241.238.78 - - [26/Jan/2021:07:59:36 +0100] "GET /js/jquery.jqzoom.js HTTP/1.1" 200 4761 "http://www.wonder-geek.com/merci-gustave-eiffel-tower-mickey-mouse-red-p-32883.html" "Mozilla/5.0 (iPhone; CPU iPhone OS 14_3 like Mac OS X) AppleWebKit/605.1.15 (KHTML, like Gecko) Version/14.0.2 Mobile/15E148 Safari/604.1"
23.241.238.78 - - [26/Jan/2021:07:59:36 +0100] "GET /js/jquery.js HTTP/1.1" 200 54075 "http://www.wonder-geek.com/merci-gustave-eiffel-tower-mickey-mouse-red-p-32883.html" "Mozilla/5.0 (iPhone; CPU iPhone OS 14_3 like Mac OS X) AppleWebKit/605.1.15 (KHTML, like Gecko) Version/14.0.2 Mobile/15E148 Safari/604.1"
23.241.238.78 - - [26/Jan/2021:07:59:37 +0100] "GET /templates/Pixame_v1/images/icon_accueil2.png HTTP/1.1" 200 1137 "http://www.wonder-geek.com/merci-gustave-eiffel-tower-mickey-mouse-red-p-32883.html" "Mozilla/5.0 (iPhone; CPU iPhone OS 14_3 like Mac OS X) AppleWebKit/605.1.15 (KHTML, like Gecko) Version/14.0.2 Mobile/15E148 Safari/604.1"
23.241.238.78 - - [26/Jan/2021:07:59:37 +0100] "GET /mondial_relay/js/jquery-1.3.2.min.js HTTP/1.1" 200 57254 "http://www.wonder-geek.com/merci-gustave-eiffel-tower-mickey-mouse-red-p-32883.html" "Mozilla/5.0 (iPhone; CPU iPhone OS 14_3 like Mac OS X) AppleWebKit/605.1.15 (KHTML, like Gecko) Version/14.0.2 Mobile/15E148 Safari/604.1"
