157.55.39.153 - - [26/Jan/2021:15:02:04 +0100] "GET /images/3740276276576.jpg HTTP/1.1" 200 15888 "-" "Mozilla/5.0 (compatible; bingbot/2.0; +http://www.bing.com/bingbot.htm)"
207.46.13.53 - - [26/Jan/2021:15:02:27 +0100] "GET /images/3700653501301.jpg HTTP/1.1" 200 60143 "-" "Mozilla/5.0 (compatible; bingbot/2.0; +http://www.bing.com/bingbot.htm)"
207.46.13.37 - - [26/Jan/2021:15:03:00 +0100] "GET /images/12485-strega-biancaneve.jpg HTTP/1.1" 200 28011 "-" "Mozilla/5.0 (compatible; bingbot/2.0; +http://www.bing.com/bingbot.htm)"
207.46.13.37 - - [26/Jan/2021:15:03:00 +0100] "GET /images/B5703B.jpg HTTP/1.1" 200 28939 "-" "Mozilla/5.0 (compatible; bingbot/2.0; +http://www.bing.com/bingbot.htm)"
13.66.139.5 - - [26/Jan/2021:15:06:39 +0100] "GET /images/100_2969.jpg HTTP/1.1" 200 47059 "-" "Mozilla/5.0 (compatible; bingbot/2.0; +http://www.bing.com/bingbot.htm)"
13.66.139.139 - - [26/Jan/2021:15:07:19 +0100] "GET /images/5203199036064.jpg HTTP/1.1" 200 37596 "-" "Mozilla/5.0 (compatible; bingbot/2.0; +http://www.bing.com/bingbot.htm)"
157.55.39.228 - - [26/Jan/2021:15:07:24 +0100] "GET /images/big_prod_1/b5018997627945.jpg HTTP/1.1" 200 84395 "-" "Mozilla/5.0 (compatible; bingbot/2.0; +http://www.bing.com/bingbot.htm)"
13.66.139.5 - - [26/Jan/2021:15:12:00 +0100] "GET /images/big_prod/3609810045163.jpg HTTP/1.1" 200 96632 "-" "Mozilla/5.0 (compatible; bingbot/2.0; +http://www.bing.com/bingbot.htm)"
66.249.70.36 - - [26/Jan/2021:15:12:12 +0100] "GET /images/6953270925082.jpg HTTP/1.1" 200 25242 "-" "Googlebot-Image/1.0"
207.46.13.53 - - [26/Jan/2021:15:15:32 +0100] "GET /images/big_prod_1/b8435333821862.jpg HTTP/1.1" 200 84768 "-" "Mozilla/5.0 (compatible; bingbot/2.0; +http://www.bing.com/bingbot.htm)"
157.55.39.228 - - [26/Jan/2021:15:15:39 +0100] "GET /images/big_prod_1/3660173208343B.jpg HTTP/1.1" 200 146032 "-" "Mozilla/5.0 (compatible; bingbot/2.0; +http://www.bing.com/bingbot.htm)"
157.55.39.228 - - [26/Jan/2021:15:15:58 +0100] "GET /images/tmdp1ma3.jpg HTTP/1.1" 200 34262 "-" "Mozilla/5.0 (compatible; bingbot/2.0; +http://www.bing.com/bingbot.htm)"
207.46.13.6 - - [26/Jan/2021:15:18:00 +0100] "GET /images/big_prod/1399985100430.jpg HTTP/1.1" 200 58184 "-" "Mozilla/5.0 (compatible; bingbot/2.0; +http://www.bing.com/bingbot.htm)"
207.46.13.37 - - [26/Jan/2021:15:19:01 +0100] "GET /images/big_prod/3665269061161.jpg HTTP/1.1" 200 137243 "-" "Mozilla/5.0 (compatible; bingbot/2.0; +http://www.bing.com/bingbot.htm)"
13.66.139.136 - - [26/Jan/2021:15:19:09 +0100] "GET /images/big_prod_1/b3608860230260.jpg HTTP/1.1" 200 53608 "-" "Mozilla/5.0 (compatible; bingbot/2.0; +http://www.bing.com/bingbot.htm)"
207.46.13.37 - - [26/Jan/2021:15:20:22 +0100] "GET /images/big_prod/5051276344430.jpg HTTP/1.1" 200 76909 "-" "Mozilla/5.0 (compatible; bingbot/2.0; +http://www.bing.com/bingbot.htm)"
157.55.39.153 - - [26/Jan/2021:15:22:10 +0100] "GET /images/B1399984242018B.jpg HTTP/1.1" 200 71837 "-" "Mozilla/5.0 (Windows NT 6.1; WOW64) AppleWebKit/534+ (KHTML, like Gecko) BingPreview/1.0b"
157.55.39.149 - - [26/Jan/2021:15:22:23 +0100] "GET /images/big_prod/3014627556526.jpg HTTP/1.1" 200 41016 "-" "Mozilla/5.0 (compatible; bingbot/2.0; +http://www.bing.com/bingbot.htm)"
207.46.13.53 - - [26/Jan/2021:15:22:28 +0100] "GET /images/8006180201956.jpg HTTP/1.1" 200 45240 "-" "Mozilla/5.0 (compatible; bingbot/2.0; +http://www.bing.com/bingbot.htm)"
13.66.139.5 - - [26/Jan/2021:15:23:31 +0100] "GET /images/big_prod/8433933181249.jpg HTTP/1.1" 200 53396 "-" "Mozilla/5.0 (compatible; bingbot/2.0; +http://www.bing.com/bingbot.htm)"
13.66.139.139 - - [26/Jan/2021:15:25:10 +0100] "GET /images/med_prod/3014627829873.jpg HTTP/1.1" 200 41111 "-" "Mozilla/5.0 (compatible; bingbot/2.0; +http://www.bing.com/bingbot.htm)"
207.46.13.53 - - [26/Jan/2021:15:27:26 +0100] "GET /images/big_prod/1399984289631.jpg HTTP/1.1" 200 77742 "-" "Mozilla/5.0 (compatible; bingbot/2.0; +http://www.bing.com/bingbot.htm)"
157.55.39.130 - - [26/Jan/2021:15:28:11 +0100] "GET /images/big_prod_1/3609810063181a.jpg HTTP/1.1" 200 181495 "-" "Mozilla/5.0 (compatible; bingbot/2.0; +http://www.bing.com/bingbot.htm)"
207.46.13.53 - - [26/Jan/2021:15:33:58 +0100] "GET /images/8006180201956.jpg HTTP/1.1" 200 45240 "-" "Mozilla/5.0 (compatible; bingbot/2.0; +http://www.bing.com/bingbot.htm)"
157.55.39.228 - - [26/Jan/2021:15:34:44 +0100] "GET /images/7316191464822.jpg HTTP/1.1" 200 25147 "-" "Mozilla/5.0 (compatible; bingbot/2.0; +http://www.bing.com/bingbot.htm)"
157.55.39.149 - - [26/Jan/2021:15:35:07 +0100] "GET /images/8435306240188.jpg HTTP/1.1" 200 32065 "-" "Mozilla/5.0 (compatible; bingbot/2.0; +http://www.bing.com/bingbot.htm)"
17.58.101.147 - - [26/Jan/2021:15:36:46 +0100] "GET /images/mini_prod/3281640406149b.jpg HTTP/1.1" 200 9957 "-" "Mozilla/5.0 (Macintosh; Intel Mac OS X 10_15_5) AppleWebKit/605.1.15 (KHTML, like Gecko) Version/13.1.1 Safari/605.1.15 (Applebot/0.1; +http://www.apple.com/go/applebot)"
157.55.39.149 - - [26/Jan/2021:15:39:38 +0100] "GET /images/big_prod/4029811324033.jpg HTTP/1.1" 200 42185 "-" "Mozilla/5.0 (compatible; bingbot/2.0; +http://www.bing.com/bingbot.htm)"
157.55.39.153 - - [26/Jan/2021:15:41:58 +0100] "GET /images/big_prod/8433933157350.jpg HTTP/1.1" 200 144950 "-" "Mozilla/5.0 (compatible; bingbot/2.0; +http://www.bing.com/bingbot.htm)"
157.55.39.228 - - [26/Jan/2021:15:42:50 +0100] "GET /images/big_prod/720322285434.jpg HTTP/1.1" 200 74897 "-" "Mozilla/5.0 (compatible; bingbot/2.0; +http://www.bing.com/bingbot.htm)"
207.46.13.55 - - [26/Jan/2021:15:44:38 +0100] "GET /images/big_prod/8422011475783.jpg HTTP/1.1" 200 71184 "-" "Mozilla/5.0 (compatible; bingbot/2.0; +http://www.bing.com/bingbot.htm)"
192.0.99.106 - - [26/Jan/2021:15:45:17 +0100] "GET /images/3700276276990.jpg HTTP/1.1" 200 153736 "-" "Photon/1.0"
157.55.39.149 - - [26/Jan/2021:15:47:33 +0100] "GET /images/big_prod/4010070323318.jpg HTTP/1.1" 200 136682 "-" "Mozilla/5.0 (compatible; bingbot/2.0; +http://www.bing.com/bingbot.htm)"
207.46.13.37 - - [26/Jan/2021:15:53:24 +0100] "GET /images/big_prod_1/8422089456714.jpg HTTP/1.1" 200 123159 "-" "Mozilla/5.0 (compatible; bingbot/2.0; +http://www.bing.com/bingbot.htm)"
207.46.13.37 - - [26/Jan/2021:15:53:24 +0100] "GET /images/big_prod/3609810076181.jpg HTTP/1.1" 200 66800 "-" "Mozilla/5.0 (compatible; bingbot/2.0; +http://www.bing.com/bingbot.htm)"
157.55.39.153 - - [26/Jan/2021:15:53:41 +0100] "GET /images/big_prod_1/1328399138296b.jpg HTTP/1.1" 200 57622 "-" "Mozilla/5.0 (compatible; bingbot/2.0; +http://www.bing.com/bingbot.htm)"
66.249.70.36 - - [26/Jan/2021:15:53:44 +0100] "GET /images/mini_prod/3700516221544.jpg HTTP/1.1" 200 12631 "-" "Googlebot-Image/1.0"
207.46.13.53 - - [26/Jan/2021:15:54:57 +0100] "GET /images/big_prod/1384010206133B.jpg HTTP/1.1" 200 169637 "-" "Mozilla/5.0 (compatible; bingbot/2.0; +http://www.bing.com/bingbot.htm)"
157.55.39.153 - - [26/Jan/2021:15:58:40 +0100] "GET /images/big_prod/3418175613005.jpg HTTP/1.1" 200 85323 "-" "Mozilla/5.0 (compatible; bingbot/2.0; +http://www.bing.com/bingbot.htm)"
207.46.13.53 - - [26/Jan/2021:15:58:49 +0100] "GET /images/big_prod/3014627948581.jpg HTTP/1.1" 200 167592 "-" "Mozilla/5.0 (compatible; bingbot/2.0; +http://www.bing.com/bingbot.htm)"
66.249.81.163 - - [26/Jan/2021:15:59:33 +0100] "GET /images/big_prod_4/a5018997632260.jpg HTTP/1.1" 200 349974 "-" "Mozilla/5.0 (Windows NT 5.1; rv:11.0) Gecko Firefox/11.0 (via ggpht.com GoogleImageProxy)"
89.205.136.37 - - [26/Jan/2021:15:59:36 +0100] "GET /js/jquery.jqzoom.js HTTP/1.1" 200 4761 "http://www.wonder-geek.com/gorjuss-deluxe-journal-autumn-leaves-p-50957.html" "Mozilla/5.0 (Windows NT 6.1; Win64; x64) AppleWebKit/537.36 (KHTML, like Gecko) Chrome/87.0.4280.141 Safari/537.36"
89.205.136.37 - - [26/Jan/2021:15:59:36 +0100] "GET /templates/Pixame_v1/stylesheet.css HTTP/1.1" 200 56057 "http://www.wonder-geek.com/gorjuss-deluxe-journal-autumn-leaves-p-50957.html" "Mozilla/5.0 (Windows NT 6.1; Win64; x64) AppleWebKit/537.36 (KHTML, like Gecko) Chrome/87.0.4280.141 Safari/537.36"
89.205.136.37 - - [26/Jan/2021:15:59:36 +0100] "GET /mondial_relay/js/jquery-1.3.2.min.js HTTP/1.1" 200 57254 "http://www.wonder-geek.com/gorjuss-deluxe-journal-autumn-leaves-p-50957.html" "Mozilla/5.0 (Windows NT 6.1; Win64; x64) AppleWebKit/537.36 (KHTML, like Gecko) Chrome/87.0.4280.141 Safari/537.36"
89.205.136.37 - - [26/Jan/2021:15:59:36 +0100] "GET /highslide/highslide.js HTTP/1.1" 200 42909 "http://www.wonder-geek.com/gorjuss-deluxe-journal-autumn-leaves-p-50957.html" "Mozilla/5.0 (Windows NT 6.1; Win64; x64) AppleWebKit/537.36 (KHTML, like Gecko) Chrome/87.0.4280.141 Safari/537.36"
89.205.136.37 - - [26/Jan/2021:15:59:36 +0100] "GET /js/jquery.js HTTP/1.1" 200 54075 "http://www.wonder-geek.com/gorjuss-deluxe-journal-autumn-leaves-p-50957.html" "Mozilla/5.0 (Windows NT 6.1; Win64; x64) AppleWebKit/537.36 (KHTML, like Gecko) Chrome/87.0.4280.141 Safari/537.36"
89.205.136.37 - - [26/Jan/2021:15:59:36 +0100] "GET /templates/Pixame_v1/images/icon_accueil2.png HTTP/1.1" 200 1137 "http://www.wonder-geek.com/gorjuss-deluxe-journal-autumn-leaves-p-50957.html" "Mozilla/5.0 (Windows NT 6.1; Win64; x64) AppleWebKit/537.36 (KHTML, like Gecko) Chrome/87.0.4280.141 Safari/537.36"
89.205.136.37 - - [26/Jan/2021:15:59:36 +0100] "GET /templates/Pixame_v1/images/buttons/english/button_in_cart.gif HTTP/1.1" 200 1212 "http://www.wonder-geek.com/gorjuss-deluxe-journal-autumn-leaves-p-50957.html" "Mozilla/5.0 (Windows NT 6.1; Win64; x64) AppleWebKit/537.36 (KHTML, like Gecko) Chrome/87.0.4280.141 Safari/537.36"
89.205.136.37 - - [26/Jan/2021:15:59:36 +0100] "GET /images/big_prod_2/c5018997632260.jpg HTTP/1.1" 200 94065 "http://www.wonder-geek.com/gorjuss-deluxe-journal-autumn-leaves-p-50957.html" "Mozilla/5.0 (Windows NT 6.1; Win64; x64) AppleWebKit/537.36 (KHTML, like Gecko) Chrome/87.0.4280.141 Safari/537.36"
89.205.136.37 - - [26/Jan/2021:15:59:36 +0100] "GET /images/big_prod_3/b5018997632260.jpg HTTP/1.1" 200 96980 "http://www.wonder-geek.com/gorjuss-deluxe-journal-autumn-leaves-p-50957.html" "Mozilla/5.0 (Windows NT 6.1; Win64; x64) AppleWebKit/537.36 (KHTML, like Gecko) Chrome/87.0.4280.141 Safari/537.36"
89.205.136.37 - - [26/Jan/2021:15:59:36 +0100] "GET /templates/Pixame_v1/images/header.png HTTP/1.1" 200 70245 "http://www.wonder-geek.com/templates/Pixame_v1/stylesheet.css" "Mozilla/5.0 (Windows NT 6.1; Win64; x64) AppleWebKit/537.36 (KHTML, like Gecko) Chrome/87.0.4280.141 Safari/537.36"
89.205.136.37 - - [26/Jan/2021:15:59:36 +0100] "GET /images/big_prod/5018997632260.jpg HTTP/1.1" 200 128609 "http://www.wonder-geek.com/gorjuss-deluxe-journal-autumn-leaves-p-50957.html" "Mozilla/5.0 (Windows NT 6.1; Win64; x64) AppleWebKit/537.36 (KHTML, like Gecko) Chrome/87.0.4280.141 Safari/537.36"
89.205.136.37 - - [26/Jan/2021:15:59:36 +0100] "GET /templates/Pixame_v1/images/Bottom_texture.jpg HTTP/1.1" 200 56290 "http://www.wonder-geek.com/templates/Pixame_v1/stylesheet.css" "Mozilla/5.0 (Windows NT 6.1; Win64; x64) AppleWebKit/537.36 (KHTML, like Gecko) Chrome/87.0.4280.141 Safari/537.36"
89.205.136.37 - - [26/Jan/2021:15:59:37 +0100] "GET /images/big_prod_1/z5018997632260.jpg HTTP/1.1" 200 481534 "http://www.wonder-geek.com/gorjuss-deluxe-journal-autumn-leaves-p-50957.html" "Mozilla/5.0 (Windows NT 6.1; Win64; x64) AppleWebKit/537.36 (KHTML, like Gecko) Chrome/87.0.4280.141 Safari/537.36"
89.205.136.37 - - [26/Jan/2021:15:59:37 +0100] "GET /images/big_prod_4/a5018997632260.jpg HTTP/1.1" 200 349974 "http://www.wonder-geek.com/gorjuss-deluxe-journal-autumn-leaves-p-50957.html" "Mozilla/5.0 (Windows NT 6.1; Win64; x64) AppleWebKit/537.36 (KHTML, like Gecko) Chrome/87.0.4280.141 Safari/537.36"
89.205.136.37 - - [26/Jan/2021:15:59:37 +0100] "GET /templates/Pixame_v1/images/header-object.png HTTP/1.1" 200 106050 "http://www.wonder-geek.com/templates/Pixame_v1/stylesheet.css" "Mozilla/5.0 (Windows NT 6.1; Win64; x64) AppleWebKit/537.36 (KHTML, like Gecko) Chrome/87.0.4280.141 Safari/537.36"
89.205.136.37 - - [26/Jan/2021:15:59:37 +0100] "GET /templates/Pixame_v1/images/nav.png HTTP/1.1" 200 1283 "http://www.wonder-geek.com/templates/Pixame_v1/stylesheet.css" "Mozilla/5.0 (Windows NT 6.1; Win64; x64) AppleWebKit/537.36 (KHTML, like Gecko) Chrome/87.0.4280.141 Safari/537.36"
89.205.136.37 - - [26/Jan/2021:15:59:37 +0100] "GET /design/productsenstock.png HTTP/1.1" 200 4743 "http://www.wonder-geek.com/templates/Pixame_v1/stylesheet.css" "Mozilla/5.0 (Windows NT 6.1; Win64; x64) AppleWebKit/537.36 (KHTML, like Gecko) Chrome/87.0.4280.141 Safari/537.36"
89.205.136.37 - - [26/Jan/2021:15:59:37 +0100] "GET /templates/Pixame_v1/images/Middle_texture.jpg HTTP/1.1" 200 249620 "http://www.wonder-geek.com/templates/Pixame_v1/stylesheet.css" "Mozilla/5.0 (Windows NT 6.1; Win64; x64) AppleWebKit/537.36 (KHTML, like Gecko) Chrome/87.0.4280.141 Safari/537.36"
89.205.136.37 - - [26/Jan/2021:15:59:37 +0100] "GET /highslide/graphics/outlines/drop-shadow.png HTTP/1.1" 200 2022 "http://www.wonder-geek.com/gorjuss-deluxe-journal-autumn-leaves-p-50957.html" "Mozilla/5.0 (Windows NT 6.1; Win64; x64) AppleWebKit/537.36 (KHTML, like Gecko) Chrome/87.0.4280.141 Safari/537.36"
89.205.136.37 - - [26/Jan/2021:15:59:38 +0100] "GET /favicon.ico HTTP/1.1" 200 1591 "http://www.wonder-geek.com/gorjuss-deluxe-journal-autumn-leaves-p-50957.html" "Mozilla/5.0 (Windows NT 6.1; Win64; x64) AppleWebKit/537.36 (KHTML, like Gecko) Chrome/87.0.4280.141 Safari/537.36"
66.249.81.168 - - [26/Jan/2021:16:00:22 +0100] "GET /images/big_prod/5018997632260.jpg HTTP/1.1" 200 128609 "-" "Mozilla/5.0 (Windows NT 5.1; rv:11.0) Gecko Firefox/11.0 (via ggpht.com GoogleImageProxy)"
89.205.136.37 - - [26/Jan/2021:16:00:40 +0100] "GET /images/mini_prod/5018997632260.jpg HTTP/1.1" 200 8759 "http://www.wonder-geek.com/shopping_cart.php" "Mozilla/5.0 (Windows NT 6.1; Win64; x64) AppleWebKit/537.36 (KHTML, like Gecko) Chrome/87.0.4280.141 Safari/537.36"
89.205.136.37 - - [26/Jan/2021:16:00:40 +0100] "GET /templates/Pixame_v1/images/buttons/english/button_update_cart.gif HTTP/1.1" 200 1223 "http://www.wonder-geek.com/shopping_cart.php" "Mozilla/5.0 (Windows NT 6.1; Win64; x64) AppleWebKit/537.36 (KHTML, like Gecko) Chrome/87.0.4280.141 Safari/537.36"
89.205.136.37 - - [26/Jan/2021:16:00:40 +0100] "GET /templates/Pixame_v1/images/buttons/english/button_continue_shopping.gif HTTP/1.1" 200 1413 "http://www.wonder-geek.com/shopping_cart.php" "Mozilla/5.0 (Windows NT 6.1; Win64; x64) AppleWebKit/537.36 (KHTML, like Gecko) Chrome/87.0.4280.141 Safari/537.36"
89.205.136.37 - - [26/Jan/2021:16:00:40 +0100] "GET /templates/Pixame_v1/images/buttons/english/button_checkout.gif HTTP/1.1" 200 1039 "http://www.wonder-geek.com/shopping_cart.php" "Mozilla/5.0 (Windows NT 6.1; Win64; x64) AppleWebKit/537.36 (KHTML, like Gecko) Chrome/87.0.4280.141 Safari/537.36"
89.205.136.37 - - [26/Jan/2021:16:00:40 +0100] "GET /images/icons/colissimo.gif HTTP/1.1" 200 2712 "http://www.wonder-geek.com/shopping_cart.php" "Mozilla/5.0 (Windows NT 6.1; Win64; x64) AppleWebKit/537.36 (KHTML, like Gecko) Chrome/87.0.4280.141 Safari/537.36"
89.205.136.37 - - [26/Jan/2021:16:00:56 +0100] "GET /templates/Pixame_v1/images/buttons/english/button_create_account.gif HTTP/1.1" 200 1232 "http://www.wonder-geek.com/login.php" "Mozilla/5.0 (Windows NT 6.1; Win64; x64) AppleWebKit/537.36 (KHTML, like Gecko) Chrome/87.0.4280.141 Safari/537.36"
157.55.39.149 - - [26/Jan/2021:16:01:18 +0100] "GET /images/big_prod/4029811324033.jpg HTTP/1.1" 200 42185 "-" "Mozilla/5.0 (compatible; bingbot/2.0; +http://www.bing.com/bingbot.htm)"
89.205.136.37 - - [26/Jan/2021:16:02:37 +0100] "GET /templates/Pixame_v1/images/buttons/english/button_change_address.gif HTTP/1.1" 200 1393 "http://www.wonder-geek.com/checkout_shipping.php" "Mozilla/5.0 (Windows NT 6.1; Win64; x64) AppleWebKit/537.36 (KHTML, like Gecko) Chrome/87.0.4280.141 Safari/537.36"
89.205.136.37 - - [26/Jan/2021:16:02:37 +0100] "GET /images/arrow_south_east.gif HTTP/1.1" 200 2779 "http://www.wonder-geek.com/checkout_shipping.php" "Mozilla/5.0 (Windows NT 6.1; Win64; x64) AppleWebKit/537.36 (KHTML, like Gecko) Chrome/87.0.4280.141 Safari/537.36"
89.205.136.37 - - [26/Jan/2021:16:02:37 +0100] "GET /images/icons/expertINT.gif HTTP/1.1" 200 1699 "http://www.wonder-geek.com/checkout_shipping.php" "Mozilla/5.0 (Windows NT 6.1; Win64; x64) AppleWebKit/537.36 (KHTML, like Gecko) Chrome/87.0.4280.141 Safari/537.36"
13.66.139.136 - - [26/Jan/2021:16:02:43 +0100] "GET /images/mini_prod/1384220103246.jpg HTTP/1.1" 200 7246 "-" "Mozilla/5.0 (compatible; bingbot/2.0; +http://www.bing.com/bingbot.htm)"
114.119.154.200 - - [26/Jan/2021:16:08:21 +0100] "GET /images/big_prod/3453131151870.jpg HTTP/1.1" 200 72312 "-" "Mozilla/5.0 (Linux; Android 7.0;) AppleWebKit/537.36 (KHTML, like Gecko) Mobile Safari/537.36 (compatible; PetalBot;+https://aspiegel.com/petalbot)"
157.55.39.153 - - [26/Jan/2021:16:09:49 +0100] "GET /images/big_prod/501365013699138951.jpg HTTP/1.1" 200 103555 "-" "Mozilla/5.0 (compatible; bingbot/2.0; +http://www.bing.com/bingbot.htm)"
207.46.13.55 - - [26/Jan/2021:16:12:53 +0100] "GET /images/mini_prod/8422836098105.jpg HTTP/1.1" 200 7190 "-" "Mozilla/5.0 (compatible; bingbot/2.0; +http://www.bing.com/bingbot.htm)"
207.46.13.53 - - [26/Jan/2021:16:13:26 +0100] "GET /images/med_prod/3760167604141.jpg HTTP/1.1" 200 101379 "-" "Mozilla/5.0 (compatible; bingbot/2.0; +http://www.bing.com/bingbot.htm)"
66.249.88.90 - - [26/Jan/2021:16:18:01 +0100] "GET /images/big_prod_1/b1300000019972.jpg HTTP/1.1" 200 76171 "-" "Mozilla/5.0 (Windows NT 5.1; rv:11.0) Gecko Firefox/11.0 (via ggpht.com GoogleImageProxy)"
66.249.88.92 - - [26/Jan/2021:16:18:01 +0100] "GET /images/big_prod_3/d1300000019972.jpg HTTP/1.1" 200 123666 "-" "Mozilla/5.0 (Windows NT 5.1; rv:11.0) Gecko Firefox/11.0 (via ggpht.com GoogleImageProxy)"
66.249.88.90 - - [26/Jan/2021:16:18:05 +0100] "GET /images/big_prod/1300000019972.jpg HTTP/1.1" 200 162015 "-" "Mozilla/5.0 (Windows NT 5.1; rv:11.0) Gecko Firefox/11.0 (via ggpht.com GoogleImageProxy)"
157.55.39.149 - - [26/Jan/2021:16:18:24 +0100] "GET /images/big_prod/8422144557455.jpg HTTP/1.1" 200 45643 "-" "Mozilla/5.0 (compatible; bingbot/2.0; +http://www.bing.com/bingbot.htm)"
157.55.39.149 - - [26/Jan/2021:16:19:26 +0100] "GET /images/3388760924628.jpg HTTP/1.1" 200 22228 "-" "Mozilla/5.0 (compatible; bingbot/2.0; +http://www.bing.com/bingbot.htm)"
104.222.33.48 - - [26/Jan/2021:16:19:43 +0100] "GET /highslide/highslide.js HTTP/1.1" 200 42909 "-" "Mozilla/5.0 (Windows NT 10.0; Win64; x64; rv:64.0) Gecko/20100101 Firefox/64.0"
104.222.33.157 - - [26/Jan/2021:16:19:44 +0100] "GET /favicon.ico HTTP/1.1" 200 1591 "-" "Mozilla/5.0 (Windows NT 10.0; Win64; x64; rv:64.0) Gecko/20100101 Firefox/64.0"
207.46.13.37 - - [26/Jan/2021:16:20:03 +0100] "GET /images/4025055985771.jpg HTTP/1.1" 200 27791 "-" "Mozilla/5.0 (compatible; bingbot/2.0; +http://www.bing.com/bingbot.htm)"
207.46.13.37 - - [26/Jan/2021:16:20:03 +0100] "GET /images/big_prod/9316188065573.jpg HTTP/1.1" 200 77837 "-" "Mozilla/5.0 (compatible; bingbot/2.0; +http://www.bing.com/bingbot.htm)"
207.46.13.37 - - [26/Jan/2021:16:20:04 +0100] "GET /images/3760049592351.jpg HTTP/1.1" 200 114603 "-" "Mozilla/5.0 (compatible; bingbot/2.0; +http://www.bing.com/bingbot.htm)"
207.46.13.55 - - [26/Jan/2021:16:26:57 +0100] "GET /images/big_prod/8433933046036.jpg HTTP/1.1" 200 45271 "-" "Mozilla/5.0 (compatible; bingbot/2.0; +http://www.bing.com/bingbot.htm)"
157.55.39.153 - - [26/Jan/2021:16:27:23 +0100] "GET /images/med_prod/3681643114582N.jpg HTTP/1.1" 200 80454 "-" "Mozilla/5.0 (compatible; bingbot/2.0; +http://www.bing.com/bingbot.htm)"
157.55.39.228 - - [26/Jan/2021:16:28:14 +0100] "GET /images/big_prod/1300000022811.jpg HTTP/1.1" 200 67388 "-" "Mozilla/5.0 (compatible; bingbot/2.0; +http://www.bing.com/bingbot.htm)"
114.119.154.200 - - [26/Jan/2021:16:28:36 +0100] "GET /images/big_prod/8424346239078.jpg HTTP/1.1" 200 245517 "-" "Mozilla/5.0 (Linux; Android 7.0;) AppleWebKit/537.36 (KHTML, like Gecko) Mobile Safari/537.36 (compatible; PetalBot;+https://aspiegel.com/petalbot)"
207.46.13.37 - - [26/Jan/2021:16:28:50 +0100] "GET /images/big_prod_2/1328399144228C.jpg HTTP/1.1" 200 58895 "-" "Mozilla/5.0 (compatible; bingbot/2.0; +http://www.bing.com/bingbot.htm)"
207.46.13.37 - - [26/Jan/2021:16:28:50 +0100] "GET /images/med_prod/3660173185897.jpg HTTP/1.1" 200 73243 "-" "Mozilla/5.0 (compatible; bingbot/2.0; +http://www.bing.com/bingbot.htm)"
207.46.13.37 - - [26/Jan/2021:16:28:51 +0100] "GET /images/big_prod/3442440275124.jpg HTTP/1.1" 200 178186 "-" "Mozilla/5.0 (compatible; bingbot/2.0; +http://www.bing.com/bingbot.htm)"
185.191.171.5 - - [26/Jan/2021:16:29:51 +0100] "GET /robots.txt HTTP/1.1" 200 2438 "-" "Mozilla/5.0 (compatible; SemrushBot/7~bl; +http://www.semrush.com/bot.html)"
17.58.101.147 - - [26/Jan/2021:16:33:54 +0100] "GET /images/mini_prod/3014627557387.jpg HTTP/1.1" 200 4195 "-" "Mozilla/5.0 (Macintosh; Intel Mac OS X 10_15_5) AppleWebKit/605.1.15 (KHTML, like Gecko) Version/13.1.1 Safari/605.1.15 (Applebot/0.1; +http://www.apple.com/go/applebot)"
17.58.101.147 - - [26/Jan/2021:16:34:24 +0100] "GET /images/mini_prod/3700281646931.jpg HTTP/1.1" 200 6350 "-" "Mozilla/5.0 (Macintosh; Intel Mac OS X 10_15_5) AppleWebKit/605.1.15 (KHTML, like Gecko) Version/13.1.1 Safari/605.1.15 (Applebot/0.1; +http://www.apple.com/go/applebot)"
95.163.255.63 - - [26/Jan/2021:16:34:59 +0100] "GET /robots.txt HTTP/1.0" 200 2438 "-" "Mozilla/5.0 (compatible; Linux x86_64; Mail.RU_Bot/2.0; +http://go.mail.ru/help/robots)"
207.46.13.53 - - [26/Jan/2021:16:36:15 +0100] "GET /images/big_prod/8436565220720.jpg HTTP/1.1" 200 123132 "-" "Mozilla/5.0 (compatible; bingbot/2.0; +http://www.bing.com/bingbot.htm)"
207.46.13.37 - - [26/Jan/2021:16:36:19 +0100] "GET /images/3760049592351.jpg HTTP/1.1" 200 114603 "-" "Mozilla/5.0 (compatible; bingbot/2.0; +http://www.bing.com/bingbot.htm)"
207.46.13.53 - - [26/Jan/2021:16:37:45 +0100] "GET /images/big_prod/8436565220720.jpg HTTP/1.1" 200 123132 "-" "Mozilla/5.0 (compatible; bingbot/2.0; +http://www.bing.com/bingbot.htm)"
207.46.13.37 - - [26/Jan/2021:16:39:09 +0100] "GET /images/big_prod/3457098824204.jpg HTTP/1.1" 200 77594 "-" "Mozilla/5.0 (compatible; bingbot/2.0; +http://www.bing.com/bingbot.htm)"
157.55.39.153 - - [26/Jan/2021:16:40:19 +0100] "GET /images/4036113261744.jpg HTTP/1.1" 200 201562 "-" "Mozilla/5.0 (compatible; bingbot/2.0; +http://www.bing.com/bingbot.htm)"
207.46.13.55 - - [26/Jan/2021:16:41:18 +0100] "GET /images/big_prod/8433933046036.jpg HTTP/1.1" 200 45271 "-" "Mozilla/5.0 (compatible; bingbot/2.0; +http://www.bing.com/bingbot.htm)"
157.55.39.130 - - [26/Jan/2021:16:42:59 +0100] "GET /images/med_prod/8435306286179.jpg HTTP/1.1" 200 125524 "-" "Mozilla/5.0 (compatible; bingbot/2.0; +http://www.bing.com/bingbot.htm)"
157.55.39.130 - - [26/Jan/2021:16:43:00 +0100] "GET /images/big_prod/3503420208157.jpg HTTP/1.1" 200 66770 "-" "Mozilla/5.0 (compatible; bingbot/2.0; +http://www.bing.com/bingbot.htm)"
157.55.39.130 - - [26/Jan/2021:16:43:01 +0100] "GET /images/big_prod_2/3442440275124NN.jpg HTTP/1.1" 200 209887 "-" "Mozilla/5.0 (compatible; bingbot/2.0; +http://www.bing.com/bingbot.htm)"
157.55.39.130 - - [26/Jan/2021:16:43:01 +0100] "GET /images/big_prod/3453131150620.jpg HTTP/1.1" 200 56723 "-" "Mozilla/5.0 (compatible; bingbot/2.0; +http://www.bing.com/bingbot.htm)"
157.55.39.228 - - [26/Jan/2021:16:43:45 +0100] "GET /images/big_prod/720322285434.jpg HTTP/1.1" 200 74897 "-" "Mozilla/5.0 (compatible; bingbot/2.0; +http://www.bing.com/bingbot.htm)"
207.46.13.55 - - [26/Jan/2021:16:44:29 +0100] "GET /images/big_prod/3349600105690.jpg HTTP/1.1" 200 48526 "-" "Mozilla/5.0 (compatible; bingbot/2.0; +http://www.bing.com/bingbot.htm)"
207.46.13.37 - - [26/Jan/2021:16:45:34 +0100] "GET /images/4025055985771.jpg HTTP/1.1" 200 27791 "-" "Mozilla/5.0 (compatible; bingbot/2.0; +http://www.bing.com/bingbot.htm)"
157.55.39.228 - - [26/Jan/2021:16:47:28 +0100] "GET /images/tmdp1ma3.jpg HTTP/1.1" 200 34262 "-" "Mozilla/5.0 (compatible; bingbot/2.0; +http://www.bing.com/bingbot.htm)"
207.46.13.55 - - [26/Jan/2021:16:52:31 +0100] "GET /images/4007176124451.jpg HTTP/1.1" 200 26656 "-" "Mozilla/5.0 (compatible; bingbot/2.0; +http://www.bing.com/bingbot.htm)"
207.46.13.55 - - [26/Jan/2021:16:53:41 +0100] "GET /images/big_prod/5027148061132.jpg HTTP/1.1" 200 95675 "-" "Mozilla/5.0 (compatible; bingbot/2.0; +http://www.bing.com/bingbot.htm)"
207.46.13.55 - - [26/Jan/2021:16:55:52 +0100] "GET /images/4012390362688.jpg HTTP/1.1" 200 64213 "-" "Mozilla/5.0 (compatible; bingbot/2.0; +http://www.bing.com/bingbot.htm)"
207.46.13.53 - - [26/Jan/2021:16:57:03 +0100] "GET /images/med_prod/3388761924627.jpg HTTP/1.1" 200 18981 "-" "Mozilla/5.0 (compatible; bingbot/2.0; +http://www.bing.com/bingbot.htm)"
66.249.70.36 - - [26/Jan/2021:16:58:51 +0100] "GET /images/big_prod_1/1328399219278.jpg HTTP/1.1" 200 71355 "-" "Googlebot-Image/1.0"
17.58.101.147 - - [26/Jan/2021:16:59:29 +0100] "GET /images/mini_prod/3438100330722.jpg HTTP/1.1" 200 6155 "-" "Mozilla/5.0 (Macintosh; Intel Mac OS X 10_15_5) AppleWebKit/605.1.15 (KHTML, like Gecko) Version/13.1.1 Safari/605.1.15 (Applebot/0.1; +http://www.apple.com/go/applebot)"
157.55.39.153 - - [26/Jan/2021:17:01:02 +0100] "GET /images/big_prod/3418175613005.jpg HTTP/1.1" 200 85323 "-" "Mozilla/5.0 (compatible; bingbot/2.0; +http://www.bing.com/bingbot.htm)"
86.250.22.200 - - [26/Jan/2021:17:04:00 +0100] "GET /highslide/highslide.js HTTP/1.1" 200 42909 "http://www.wonder-geek.com/" "Mozilla/5.0 (Linux; Android 10; SM-N975F) AppleWebKit/537.36 (KHTML, like Gecko) Chrome/87.0.4280.141 Mobile Safari/537.36"
86.250.22.200 - - [26/Jan/2021:17:04:00 +0100] "GET /js/jquery.jqzoom.js HTTP/1.1" 200 4761 "http://www.wonder-geek.com/" "Mozilla/5.0 (Linux; Android 10; SM-N975F) AppleWebKit/537.36 (KHTML, like Gecko) Chrome/87.0.4280.141 Mobile Safari/537.36"
86.250.22.200 - - [26/Jan/2021:17:04:00 +0100] "GET /templates/Pixame_v1/stylesheet.css HTTP/1.1" 200 56057 "http://www.wonder-geek.com/" "Mozilla/5.0 (Linux; Android 10; SM-N975F) AppleWebKit/537.36 (KHTML, like Gecko) Chrome/87.0.4280.141 Mobile Safari/537.36"
86.250.22.200 - - [26/Jan/2021:17:04:00 +0100] "GET /js/jquery.js HTTP/1.1" 200 54075 "http://www.wonder-geek.com/" "Mozilla/5.0 (Linux; Android 10; SM-N975F) AppleWebKit/537.36 (KHTML, like Gecko) Chrome/87.0.4280.141 Mobile Safari/537.36"
86.250.22.200 - - [26/Jan/2021:17:04:00 +0100] "GET /mondial_relay/js/jquery-1.3.2.min.js HTTP/1.1" 200 57254 "http://www.wonder-geek.com/" "Mozilla/5.0 (Linux; Android 10; SM-N975F) AppleWebKit/537.36 (KHTML, like Gecko) Chrome/87.0.4280.141 Mobile Safari/537.36"
86.250.22.200 - - [26/Jan/2021:17:04:00 +0100] "GET /templates/Pixame_v1/images/icon_accueil2.png HTTP/1.1" 200 1137 "http://www.wonder-geek.com/" "Mozilla/5.0 (Linux; Android 10; SM-N975F) AppleWebKit/537.36 (KHTML, like Gecko) Chrome/87.0.4280.141 Mobile Safari/537.36"
86.250.22.200 - - [26/Jan/2021:17:04:00 +0100] "GET /templates/Pixame_v1/images/Bottom_texture.jpg HTTP/1.1" 200 56290 "http://www.wonder-geek.com/templates/Pixame_v1/stylesheet.css" "Mozilla/5.0 (Linux; Android 10; SM-N975F) AppleWebKit/537.36 (KHTML, like Gecko) Chrome/87.0.4280.141 Mobile Safari/537.36"
86.250.22.200 - - [26/Jan/2021:17:04:00 +0100] "GET /templates/Pixame_v1/images/nav.png HTTP/1.1" 200 1283 "http://www.wonder-geek.com/templates/Pixame_v1/stylesheet.css" "Mozilla/5.0 (Linux; Android 10; SM-N975F) AppleWebKit/537.36 (KHTML, like Gecko) Chrome/87.0.4280.141 Mobile Safari/537.36"
86.250.22.200 - - [26/Jan/2021:17:04:00 +0100] "GET /templates/Pixame_v1/images/header-object.png HTTP/1.1" 200 106050 "http://www.wonder-geek.com/templates/Pixame_v1/stylesheet.css" "Mozilla/5.0 (Linux; Android 10; SM-N975F) AppleWebKit/537.36 (KHTML, like Gecko) Chrome/87.0.4280.141 Mobile Safari/537.36"
86.250.22.200 - - [26/Jan/2021:17:04:00 +0100] "GET /templates/Pixame_v1/images/header.png HTTP/1.1" 200 70245 "http://www.wonder-geek.com/templates/Pixame_v1/stylesheet.css" "Mozilla/5.0 (Linux; Android 10; SM-N975F) AppleWebKit/537.36 (KHTML, like Gecko) Chrome/87.0.4280.141 Mobile Safari/537.36"
86.250.22.200 - - [26/Jan/2021:17:04:00 +0100] "GET /templates/Pixame_v1/images/Middle_texture.jpg HTTP/1.1" 200 249620 "http://www.wonder-geek.com/templates/Pixame_v1/stylesheet.css" "Mozilla/5.0 (Linux; Android 10; SM-N975F) AppleWebKit/537.36 (KHTML, like Gecko) Chrome/87.0.4280.141 Mobile Safari/537.36"
86.250.22.200 - - [26/Jan/2021:17:04:00 +0100] "GET /design/productsenstock.png HTTP/1.1" 200 4743 "http://www.wonder-geek.com/templates/Pixame_v1/stylesheet.css" "Mozilla/5.0 (Linux; Android 10; SM-N975F) AppleWebKit/537.36 (KHTML, like Gecko) Chrome/87.0.4280.141 Mobile Safari/537.36"
86.250.22.200 - - [26/Jan/2021:17:04:00 +0100] "GET /images/mini_prod/3384370122232.jpg HTTP/1.1" 200 8932 "http://www.wonder-geek.com/" "Mozilla/5.0 (Linux; Android 10; SM-N975F) AppleWebKit/537.36 (KHTML, like Gecko) Chrome/87.0.4280.141 Mobile Safari/537.36"
86.250.22.200 - - [26/Jan/2021:17:04:00 +0100] "GET /images/mini_prod/000010267622.jpg HTTP/1.1" 200 7155 "http://www.wonder-geek.com/" "Mozilla/5.0 (Linux; Android 10; SM-N975F) AppleWebKit/537.36 (KHTML, like Gecko) Chrome/87.0.4280.141 Mobile Safari/537.36"
86.250.22.200 - - [26/Jan/2021:17:04:00 +0100] "GET /images/mini_prod/3661611901543.jpg HTTP/1.1" 200 7715 "http://www.wonder-geek.com/" "Mozilla/5.0 (Linux; Android 10; SM-N975F) AppleWebKit/537.36 (KHTML, like Gecko) Chrome/87.0.4280.141 Mobile Safari/537.36"
86.250.22.200 - - [26/Jan/2021:17:04:00 +0100] "GET /images/mini_prod/16338.gif HTTP/1.1" 200 10815 "http://www.wonder-geek.com/" "Mozilla/5.0 (Linux; Android 10; SM-N975F) AppleWebKit/537.36 (KHTML, like Gecko) Chrome/87.0.4280.141 Mobile Safari/537.36"
86.250.22.200 - - [26/Jan/2021:17:04:00 +0100] "GET /images/mini_prod/000010267585.jpg HTTP/1.1" 200 8586 "http://www.wonder-geek.com/" "Mozilla/5.0 (Linux; Android 10; SM-N975F) AppleWebKit/537.36 (KHTML, like Gecko) Chrome/87.0.4280.141 Mobile Safari/537.36"
86.250.22.200 - - [26/Jan/2021:17:04:00 +0100] "GET /images/icons/soldes_grand.jpg HTTP/1.1" 200 95380 "http://www.wonder-geek.com/" "Mozilla/5.0 (Linux; Android 10; SM-N975F) AppleWebKit/537.36 (KHTML, like Gecko) Chrome/87.0.4280.141 Mobile Safari/537.36"
86.250.22.200 - - [26/Jan/2021:17:04:00 +0100] "GET /images/mini_prod/1399984235201.jpg HTTP/1.1" 200 9365 "http://www.wonder-geek.com/" "Mozilla/5.0 (Linux; Android 10; SM-N975F) AppleWebKit/537.36 (KHTML, like Gecko) Chrome/87.0.4280.141 Mobile Safari/537.36"
86.250.22.200 - - [26/Jan/2021:17:04:00 +0100] "GET /images/mini_prod/8009233802391.jpg HTTP/1.1" 200 8414 "http://www.wonder-geek.com/" "Mozilla/5.0 (Linux; Android 10; SM-N975F) AppleWebKit/537.36 (KHTML, like Gecko) Chrome/87.0.4280.141 Mobile Safari/537.36"
86.250.22.200 - - [26/Jan/2021:17:04:00 +0100] "GET /images/mini_prod/3684225058250.jpg HTTP/1.1" 200 7554 "http://www.wonder-geek.com/" "Mozilla/5.0 (Linux; Android 10; SM-N975F) AppleWebKit/537.36 (KHTML, like Gecko) Chrome/87.0.4280.141 Mobile Safari/537.36"
86.250.22.200 - - [26/Jan/2021:17:04:00 +0100] "GET /images/mini_prod/4012390362701.jpg HTTP/1.1" 200 8075 "http://www.wonder-geek.com/" "Mozilla/5.0 (Linux; Android 10; SM-N975F) AppleWebKit/537.36 (KHTML, like Gecko) Chrome/87.0.4280.141 Mobile Safari/537.36"
86.250.22.200 - - [26/Jan/2021:17:04:00 +0100] "GET /images/mini_prod/9316188027458.gif HTTP/1.1" 200 12177 "http://www.wonder-geek.com/" "Mozilla/5.0 (Linux; Android 10; SM-N975F) AppleWebKit/537.36 (KHTML, like Gecko) Chrome/87.0.4280.141 Mobile Safari/537.36"
86.250.22.200 - - [26/Jan/2021:17:04:00 +0100] "GET /images/mini_prod/3700791200159.jpg HTTP/1.1" 200 7408 "http://www.wonder-geek.com/" "Mozilla/5.0 (Linux; Android 10; SM-N975F) AppleWebKit/537.36 (KHTML, like Gecko) Chrome/87.0.4280.141 Mobile Safari/537.36"
86.250.22.200 - - [26/Jan/2021:17:04:00 +0100] "GET /images/mini_prod/1399984220443.jpg HTTP/1.1" 200 4795 "http://www.wonder-geek.com/" "Mozilla/5.0 (Linux; Android 10; SM-N975F) AppleWebKit/537.36 (KHTML, like Gecko) Chrome/87.0.4280.141 Mobile Safari/537.36"
86.250.22.200 - - [26/Jan/2021:17:04:00 +0100] "GET /images/mini_prod/3384370123895.jpg HTTP/1.1" 200 7460 "http://www.wonder-geek.com/" "Mozilla/5.0 (Linux; Android 10; SM-N975F) AppleWebKit/537.36 (KHTML, like Gecko) Chrome/87.0.4280.141 Mobile Safari/537.36"
86.250.22.200 - - [26/Jan/2021:17:04:00 +0100] "GET /images/mini_prod/3032160280234.jpg HTTP/1.1" 200 7109 "http://www.wonder-geek.com/" "Mozilla/5.0 (Linux; Android 10; SM-N975F) AppleWebKit/537.36 (KHTML, like Gecko) Chrome/87.0.4280.141 Mobile Safari/537.36"
86.250.22.200 - - [26/Jan/2021:17:04:00 +0100] "GET /images/mini_prod/5036278057991.jpg HTTP/1.1" 200 8672 "http://www.wonder-geek.com/" "Mozilla/5.0 (Linux; Android 10; SM-N975F) AppleWebKit/537.36 (KHTML, like Gecko) Chrome/87.0.4280.141 Mobile Safari/537.36"
86.250.22.200 - - [26/Jan/2021:17:04:00 +0100] "GET /images/mini_prod/3609080364254.jpg HTTP/1.1" 200 9033 "http://www.wonder-geek.com/" "Mozilla/5.0 (Linux; Android 10; SM-N975F) AppleWebKit/537.36 (KHTML, like Gecko) Chrome/87.0.4280.141 Mobile Safari/537.36"
86.250.22.200 - - [26/Jan/2021:17:04:00 +0100] "GET /images/mini_prod/3619810010863.jpg HTTP/1.1" 200 10518 "http://www.wonder-geek.com/" "Mozilla/5.0 (Linux; Android 10; SM-N975F) AppleWebKit/537.36 (KHTML, like Gecko) Chrome/87.0.4280.141 Mobile Safari/537.36"
86.250.22.200 - - [26/Jan/2021:17:04:00 +0100] "GET /images/mini_prod/3681643903711.jpg HTTP/1.1" 200 7147 "http://www.wonder-geek.com/" "Mozilla/5.0 (Linux; Android 10; SM-N975F) AppleWebKit/537.36 (KHTML, like Gecko) Chrome/87.0.4280.141 Mobile Safari/537.36"
86.250.22.200 - - [26/Jan/2021:17:04:00 +0100] "GET /highslide/graphics/outlines/drop-shadow.png HTTP/1.1" 200 2022 "http://www.wonder-geek.com/" "Mozilla/5.0 (Linux; Android 10; SM-N975F) AppleWebKit/537.36 (KHTML, like Gecko) Chrome/87.0.4280.141 Mobile Safari/537.36"
86.250.22.200 - - [26/Jan/2021:17:04:01 +0100] "GET /favicon.ico HTTP/1.1" 200 1591 "http://www.wonder-geek.com/" "Mozilla/5.0 (Linux; Android 10; SM-N975F) AppleWebKit/537.36 (KHTML, like Gecko) Chrome/87.0.4280.141 Mobile Safari/537.36"
157.55.39.228 - - [26/Jan/2021:17:05:51 +0100] "GET /images/big_prod/8433933201695.jpg HTTP/1.1" 200 115482 "-" "Mozilla/5.0 (compatible; bingbot/2.0; +http://www.bing.com/bingbot.htm)"
207.46.13.53 - - [26/Jan/2021:17:07:08 +0100] "GET /images/big_prod/1328399139910.jpg HTTP/1.1" 200 67687 "-" "Mozilla/5.0 (compatible; bingbot/2.0; +http://www.bing.com/bingbot.htm)"
207.46.13.53 - - [26/Jan/2021:17:12:50 +0100] "GET /images/3700653501301.jpg HTTP/1.1" 200 60143 "-" "Mozilla/5.0 (compatible; bingbot/2.0; +http://www.bing.com/bingbot.htm)"
157.55.39.149 - - [26/Jan/2021:17:14:06 +0100] "GET /images/4893438001284.jpg HTTP/1.1" 200 28142 "-" "Mozilla/5.0 (compatible; bingbot/2.0; +http://www.bing.com/bingbot.htm)"
114.119.147.45 - - [26/Jan/2021:17:14:51 +0100] "GET /images/big_prod/1384000002103.jpg HTTP/1.1" 200 61639 "-" "Mozilla/5.0 (Linux; Android 7.0;) AppleWebKit/537.36 (KHTML, like Gecko) Mobile Safari/537.36 (compatible; PetalBot;+https://aspiegel.com/petalbot)"
207.46.13.55 - - [26/Jan/2021:17:17:45 +0100] "GET /images/big_prod_2/b5018997612682.jpg HTTP/1.1" 200 86889 "-" "Mozilla/5.0 (compatible; bingbot/2.0; +http://www.bing.com/bingbot.htm)"
157.55.39.149 - - [26/Jan/2021:17:17:49 +0100] "GET /images/med_prod/9316188046169.jpg HTTP/1.1" 200 52954 "-" "Mozilla/5.0 (compatible; bingbot/2.0; +http://www.bing.com/bingbot.htm)"
60.8.123.20 - - [26/Jan/2021:17:18:04 +0100] "GET /robots.txt HTTP/1.1" 200 2438 "-" "Mozilla/5.0 (Linux; Android 5.0) AppleWebKit/537.36 (KHTML, like Gecko) Mobile Safari/537.36 (compatible; Bytespider; https://zhanzhang.toutiao.com/)"
110.249.201.72 - - [26/Jan/2021:17:18:21 +0100] "GET /js/jquery.jqzoom.js HTTP/1.1" 200 4761 "http://www.wonder-geek.com/index.php" "Mozilla/5.0 (Linux; Android 5.0) AppleWebKit/537.36 (KHTML, like Gecko) Mobile Safari/537.36 (compatible; Bytespider; https://zhanzhang.toutiao.com/)"
110.249.201.75 - - [26/Jan/2021:17:18:21 +0100] "GET /mondial_relay/js/jquery-1.3.2.min.js HTTP/1.1" 200 57254 "http://www.wonder-geek.com/index.php" "Mozilla/5.0 (Linux; Android 5.0) AppleWebKit/537.36 (KHTML, like Gecko) Mobile Safari/537.36 (compatible; Bytespider; https://zhanzhang.toutiao.com/)"
110.249.201.62 - - [26/Jan/2021:17:18:21 +0100] "GET /js/jquery.js HTTP/1.1" 200 54075 "http://www.wonder-geek.com/index.php" "Mozilla/5.0 (Linux; Android 5.0) AppleWebKit/537.36 (KHTML, like Gecko) Mobile Safari/537.36 (compatible; Bytespider; https://zhanzhang.toutiao.com/)"
110.249.201.81 - - [26/Jan/2021:17:18:21 +0100] "GET /highslide/highslide.js HTTP/1.1" 200 42909 "http://www.wonder-geek.com/index.php" "Mozilla/5.0 (Linux; Android 5.0) AppleWebKit/537.36 (KHTML, like Gecko) Mobile Safari/537.36 (compatible; Bytespider; https://zhanzhang.toutiao.com/)"
110.249.201.78 - - [26/Jan/2021:17:18:23 +0100] "GET /images/icons/soldes_grand.jpg HTTP/1.1" 200 70952 "http://www.wonder-geek.com/index.php" "Mozilla/5.0 (Linux; Android 5.0) AppleWebKit/537.36 (KHTML, like Gecko) Mobile Safari/537.36 (compatible; Bytespider; https://zhanzhang.toutiao.com/)"
110.249.201.76 - - [26/Jan/2021:17:18:46 +0100] "GET /images/icons/soldes_grand.jpg HTTP/1.1" 200 53576 "http://www.wonder-geek.com/" "Mozilla/5.0 (Linux; Android 5.0) AppleWebKit/537.36 (KHTML, like Gecko) Mobile Safari/537.36 (compatible; Bytespider; https://zhanzhang.toutiao.com/)"
207.46.13.55 - - [26/Jan/2021:17:18:57 +0100] "GET /images/big_prod/3609810089853.jpg HTTP/1.1" 200 142732 "-" "Mozilla/5.0 (compatible; bingbot/2.0; +http://www.bing.com/bingbot.htm)"
157.55.39.153 - - [26/Jan/2021:17:19:53 +0100] "GET /images/4036113261744.jpg HTTP/1.1" 200 201562 "-" "Mozilla/5.0 (compatible; bingbot/2.0; +http://www.bing.com/bingbot.htm)"
207.46.13.37 - - [26/Jan/2021:17:20:30 +0100] "GET /images/med_prod/1399984287781.jpg HTTP/1.1" 200 162557 "-" "Mozilla/5.0 (compatible; bingbot/2.0; +http://www.bing.com/bingbot.htm)"
207.46.13.37 - - [26/Jan/2021:17:20:30 +0100] "GET /images/B5703B.jpg HTTP/1.1" 200 28939 "-" "Mozilla/5.0 (compatible; bingbot/2.0; +http://www.bing.com/bingbot.htm)"
111.225.149.191 - - [26/Jan/2021:17:20:55 +0100] "GET /robots.txt HTTP/1.1" 200 2438 "-" "Mozilla/5.0 (Linux; Android 5.0) AppleWebKit/537.36 (KHTML, like Gecko) Mobile Safari/537.36 (compatible; Bytespider; https://zhanzhang.toutiao.com/)"
74.125.209.52 - - [26/Jan/2021:17:21:22 +0100] "GET /images/big_prod/4029811324033.jpg HTTP/1.1" 200 42185 "-" "Mozilla/5.0 (Windows NT 5.1; rv:11.0) Gecko Firefox/11.0 (via ggpht.com GoogleImageProxy)"
111.225.149.213 - - [26/Jan/2021:17:21:24 +0100] "GET /images/icons/soldes_grand.jpg HTTP/1.1" 200 40544 "http://www.wonder-geek.com/" "Mozilla/5.0 (Linux; Android 5.0) AppleWebKit/537.36 (KHTML, like Gecko) Mobile Safari/537.36 (compatible; Bytespider; https://zhanzhang.toutiao.com/)"
17.58.101.147 - - [26/Jan/2021:17:24:41 +0100] "GET /robots.txt HTTP/1.1" 200 2438 "-" "Mozilla/5.0 (Macintosh; Intel Mac OS X 10_15_5) AppleWebKit/605.1.15 (KHTML, like Gecko) Version/13.1.1 Safari/605.1.15 (Applebot/0.1; +http://www.apple.com/go/applebot)"
17.58.101.147 - - [26/Jan/2021:17:24:41 +0100] "GET /images/mini_prod/4500391700009.jpg HTTP/1.1" 200 8677 "-" "Mozilla/5.0 (Macintosh; Intel Mac OS X 10_15_5) AppleWebKit/605.1.15 (KHTML, like Gecko) Version/13.1.1 Safari/605.1.15 (Applebot/0.1; +http://www.apple.com/go/applebot)"
17.58.101.147 - - [26/Jan/2021:17:27:50 +0100] "GET /images/mini_prod/3014627557394.jpg HTTP/1.1" 200 4200 "-" "Mozilla/5.0 (Macintosh; Intel Mac OS X 10_15_5) AppleWebKit/605.1.15 (KHTML, like Gecko) Version/13.1.1 Safari/605.1.15 (Applebot/0.1; +http://www.apple.com/go/applebot)"
95.217.118.98 - - [26/Jan/2021:17:28:18 +0100] "GET /images/5110994699472.jpg HTTP/1.1" 200 31785 "-" "Mozilla/5.0 (X11; Fedora; Linux x86_64) AppleWebKit/537.36 (KHTML, like Gecko) Chrome/79.0.3945.117 Safari/537.36"
207.46.13.55 - - [26/Jan/2021:17:28:58 +0100] "GET /images/big_prod/3660173124520.jpg HTTP/1.1" 200 91390 "-" "Mozilla/5.0 (compatible; bingbot/2.0; +http://www.bing.com/bingbot.htm)"
157.55.39.153 - - [26/Jan/2021:17:29:38 +0100] "GET /images/3272760376924.jpg HTTP/1.1" 200 118042 "-" "Mozilla/5.0 (compatible; bingbot/2.0; +http://www.bing.com/bingbot.htm)"
207.46.13.37 - - [26/Jan/2021:17:31:32 +0100] "GET /images/big_prod_1/8422089456714.jpg HTTP/1.1" 200 123159 "-" "Mozilla/5.0 (compatible; bingbot/2.0; +http://www.bing.com/bingbot.htm)"
157.55.39.153 - - [26/Jan/2021:17:32:57 +0100] "GET /images/3272760376924.jpg HTTP/1.1" 200 118042 "-" "Mozilla/5.0 (compatible; bingbot/2.0; +http://www.bing.com/bingbot.htm)"
207.46.13.53 - - [26/Jan/2021:17:35:10 +0100] "GET /images/big_prod/1399984289631.jpg HTTP/1.1" 200 77742 "-" "Mozilla/5.0 (compatible; bingbot/2.0; +http://www.bing.com/bingbot.htm)"
207.46.13.53 - - [26/Jan/2021:17:37:10 +0100] "GET /mondial_relay/js/jquery-1.3.2.min.js HTTP/1.1" 200 57254 "-" "Mozilla/5.0 (compatible; bingbot/2.0; +http://www.bing.com/bingbot.htm)"
157.55.39.153 - - [26/Jan/2021:17:37:15 +0100] "GET /js/jquery.js HTTP/1.1" 200 54075 "-" "Mozilla/5.0 (compatible; bingbot/2.0; +http://www.bing.com/bingbot.htm)"
157.55.39.130 - - [26/Jan/2021:17:37:27 +0100] "GET /highslide/highslide.js HTTP/1.1" 200 42909 "-" "Mozilla/5.0 (compatible; bingbot/2.0; +http://www.bing.com/bingbot.htm)"
157.55.39.130 - - [26/Jan/2021:17:37:28 +0100] "GET /images/med_prod/8435306286179.jpg HTTP/1.1" 200 125524 "-" "Mozilla/5.0 (compatible; bingbot/2.0; +http://www.bing.com/bingbot.htm)"
207.46.13.53 - - [26/Jan/2021:17:41:54 +0100] "GET /images/big_prod/1384010206133B.jpg HTTP/1.1" 200 169637 "-" "Mozilla/5.0 (compatible; bingbot/2.0; +http://www.bing.com/bingbot.htm)"
207.46.13.37 - - [26/Jan/2021:17:42:33 +0100] "GET /images/med_prod/1399984287781.jpg HTTP/1.1" 200 162557 "-" "Mozilla/5.0 (compatible; bingbot/2.0; +http://www.bing.com/bingbot.htm)"
5.255.231.71 - - [26/Jan/2021:17:43:37 +0100] "GET /robots.txt HTTP/1.1" 200 2438 "-" "Mozilla/5.0 (compatible; YandexBot/3.0; +http://yandex.com/bots)"
157.55.39.149 - - [26/Jan/2021:17:43:50 +0100] "GET /images/8435306240188.jpg HTTP/1.1" 200 32065 "-" "Mozilla/5.0 (compatible; bingbot/2.0; +http://www.bing.com/bingbot.htm)"
207.46.13.53 - - [26/Jan/2021:17:48:55 +0100] "GET /images/med_prod/000000000000008760N.jpg HTTP/1.1" 200 75061 "-" "Mozilla/5.0 (compatible; bingbot/2.0; +http://www.bing.com/bingbot.htm)"
207.46.13.53 - - [26/Jan/2021:17:49:17 +0100] "GET /images/big_prod/5018997616239.jpg HTTP/1.1" 200 105456 "-" "Mozilla/5.0 (compatible; bingbot/2.0; +http://www.bing.com/bingbot.htm)"
207.46.13.55 - - [26/Jan/2021:17:49:52 +0100] "GET /images/big_prod/3349600105690.jpg HTTP/1.1" 200 48526 "-" "Mozilla/5.0 (compatible; bingbot/2.0; +http://www.bing.com/bingbot.htm)"
207.46.13.37 - - [26/Jan/2021:17:50:17 +0100] "GET /images/med_prod/9316188060349.jpg HTTP/1.1" 200 71211 "-" "Mozilla/5.0 (compatible; bingbot/2.0; +http://www.bing.com/bingbot.htm)"
157.55.39.153 - - [26/Jan/2021:17:50:20 +0100] "GET /images/big_prod/3453131145060BB.jpg HTTP/1.1" 200 87083 "-" "Mozilla/5.0 (compatible; bingbot/2.0; +http://www.bing.com/bingbot.htm)"
192.0.99.11 - - [26/Jan/2021:17:57:01 +0100] "GET /images/4895028509248.jpg HTTP/1.1" 200 109651 "-" "Photon/1.0"
207.46.13.55 - - [26/Jan/2021:17:57:04 +0100] "GET /images/big_prod/5027148061132.jpg HTTP/1.1" 200 95675 "-" "Mozilla/5.0 (compatible; bingbot/2.0; +http://www.bing.com/bingbot.htm)"
207.46.13.37 - - [26/Jan/2021:17:58:24 +0100] "GET /images/big_prod_1/8433933031452N.jpg HTTP/1.1" 200 228755 "-" "Mozilla/5.0 (compatible; bingbot/2.0; +http://www.bing.com/bingbot.htm)"
54.36.149.103 - - [26/Jan/2021:17:59:29 +0100] "GET /robots.txt HTTP/1.1" 200 2438 "-" "Mozilla/5.0 (compatible; AhrefsBot/6.1; +http://ahrefs.com/robot/)"
207.46.13.55 - - [26/Jan/2021:18:03:03 +0100] "GET /images/4012390362688.jpg HTTP/1.1" 200 64213 "-" "Mozilla/5.0 (compatible; bingbot/2.0; +http://www.bing.com/bingbot.htm)"
157.55.39.153 - - [26/Jan/2021:18:03:26 +0100] "GET /images/big_prod/8435465005734.jpg HTTP/1.1" 200 79427 "-" "Mozilla/5.0 (compatible; bingbot/2.0; +http://www.bing.com/bingbot.htm)"
66.249.70.62 - - [26/Jan/2021:18:03:58 +0100] "GET /images/big_prod/NN1905279121670.jpg HTTP/1.1" 200 153535 "-" "Googlebot-Image/1.0"
157.55.39.228 - - [26/Jan/2021:18:06:21 +0100] "GET /images/big_prod/8422088074483.jpg HTTP/1.1" 200 51732 "-" "Mozilla/5.0 (compatible; bingbot/2.0; +http://www.bing.com/bingbot.htm)"
157.55.39.153 - - [26/Jan/2021:18:06:29 +0100] "GET /images/big_prod_1/b8422088074483.jpg HTTP/1.1" 200 53169 "-" "Mozilla/5.0 (compatible; bingbot/2.0; +http://www.bing.com/bingbot.htm)"
207.46.13.55 - - [26/Jan/2021:18:06:45 +0100] "GET /images/big_prod/3565750037562.jpg HTTP/1.1" 200 36100 "-" "Mozilla/5.0 (compatible; bingbot/2.0; +http://www.bing.com/bingbot.htm)"
54.236.1.11 - - [26/Jan/2021:18:07:09 +0100] "GET /robots.txt HTTP/1.1" 200 2438 "-" "Mozilla/5.0 (compatible; Pinterestbot/1.0; +http://www.pinterest.com/bot.html)"
157.55.39.153 - - [26/Jan/2021:18:07:48 +0100] "GET /images/big_prod_1/1328399138296b.jpg HTTP/1.1" 200 57622 "-" "Mozilla/5.0 (compatible; bingbot/2.0; +http://www.bing.com/bingbot.htm)"
95.163.255.138 - - [26/Jan/2021:18:08:43 +0100] "GET /robots.txt HTTP/1.0" 200 2438 "-" "Mozilla/5.0 (compatible; Linux x86_64; Mail.RU_Bot/Img/2.0; +http://go.mail.ru/help/robots)"
95.163.255.138 - - [26/Jan/2021:18:08:44 +0100] "GET /images/med_prod/1308421361496.jpg HTTP/1.1" 200 136778 "http://go.mail.ru/search_images" "Mozilla/5.0 (compatible; Linux x86_64; Mail.RU_Bot/Img/2.0; +http://go.mail.ru/help/robots)"
157.55.39.149 - - [26/Jan/2021:18:09:18 +0100] "GET /images/big_prod/3609810079748.jpg HTTP/1.1" 200 70756 "-" "Mozilla/5.0 (compatible; bingbot/2.0; +http://www.bing.com/bingbot.htm)"
17.58.96.224 - - [26/Jan/2021:18:10:43 +0100] "GET /robots.txt HTTP/1.1" 200 2438 "-" "Mozilla/5.0 (Macintosh; Intel Mac OS X 10_15_5) AppleWebKit/605.1.15 (KHTML, like Gecko) Version/13.1.1 Safari/605.1.15 (Applebot/0.1; +http://www.apple.com/go/applebot)"
157.55.39.228 - - [26/Jan/2021:18:11:28 +0100] "GET /images/big_prod/4012390388299.jpg HTTP/1.1" 200 59457 "-" "Mozilla/5.0 (Windows NT 6.1; WOW64) AppleWebKit/534+ (KHTML, like Gecko) BingPreview/1.0b"
157.55.39.228 - - [26/Jan/2021:18:18:53 +0100] "GET /images/big_prod/8433933201695.jpg HTTP/1.1" 200 115482 "-" "Mozilla/5.0 (compatible; bingbot/2.0; +http://www.bing.com/bingbot.htm)"
207.46.13.37 - - [26/Jan/2021:18:22:15 +0100] "GET /images/big_prod_1/8433933227534B.jpg HTTP/1.1" 200 97298 "-" "Mozilla/5.0 (compatible; bingbot/2.0; +http://www.bing.com/bingbot.htm)"
207.46.13.53 - - [26/Jan/2021:18:22:19 +0100] "GET /images/med_prod/3388761924627.jpg HTTP/1.1" 200 18981 "-" "Mozilla/5.0 (compatible; bingbot/2.0; +http://www.bing.com/bingbot.htm)"
207.46.13.53 - - [26/Jan/2021:18:28:30 +0100] "GET /images/mini_prod/9316188077439.jpg HTTP/1.1" 200 7039 "-" "Mozilla/5.0 (compatible; bingbot/2.0; +http://www.bing.com/bingbot.htm)"
207.46.13.55 - - [26/Jan/2021:18:30:29 +0100] "GET /images/DSCN6326.jpg HTTP/1.1" 200 35857 "-" "Mozilla/5.0 (compatible; bingbot/2.0; +http://www.bing.com/bingbot.htm)"
207.46.13.37 - - [26/Jan/2021:18:31:23 +0100] "GET /images/big_prod_1/8433933031452N.jpg HTTP/1.1" 200 228755 "-" "Mozilla/5.0 (compatible; bingbot/2.0; +http://www.bing.com/bingbot.htm)"
185.191.171.9 - - [26/Jan/2021:18:35:22 +0100] "GET /robots.txt HTTP/1.1" 200 2438 "-" "Mozilla/5.0 (compatible; SemrushBot/7~bl; +http://www.semrush.com/bot.html)"
157.55.39.153 - - [26/Jan/2021:18:38:27 +0100] "GET /js/jquery.js HTTP/1.1" 200 54075 "-" "Mozilla/5.0 (compatible; bingbot/2.0; +http://www.bing.com/bingbot.htm)"
157.55.39.153 - - [26/Jan/2021:18:38:28 +0100] "GET /images/big_prod_1/3014627981281b.jpg HTTP/1.1" 200 290639 "-" "Mozilla/5.0 (compatible; bingbot/2.0; +http://www.bing.com/bingbot.htm)"
207.46.13.53 - - [26/Jan/2021:18:38:33 +0100] "GET /mondial_relay/js/jquery-1.3.2.min.js HTTP/1.1" 200 57254 "-" "Mozilla/5.0 (compatible; bingbot/2.0; +http://www.bing.com/bingbot.htm)"
207.46.13.53 - - [26/Jan/2021:18:38:45 +0100] "GET /images/1399984263563.jpg HTTP/1.1" 200 127759 "-" "Mozilla/5.0 (compatible; bingbot/2.0; +http://www.bing.com/bingbot.htm)"
93.143.16.235 - - [26/Jan/2021:18:39:44 +0100] "GET /highslide/highslide.js HTTP/1.1" 200 42909 "http://www.wonder-geek.com/the-little-prince-night-light-stars-projector-musical-p-36926.html" "Mozilla/5.0 (Windows NT 10.0; Win64; x64) AppleWebKit/537.36 (KHTML, like Gecko) Chrome/87.0.4280.141 Safari/537.36"
93.143.16.235 - - [26/Jan/2021:18:39:44 +0100] "GET /templates/Pixame_v1/stylesheet.css HTTP/1.1" 200 56057 "http://www.wonder-geek.com/the-little-prince-night-light-stars-projector-musical-p-36926.html" "Mozilla/5.0 (Windows NT 10.0; Win64; x64) AppleWebKit/537.36 (KHTML, like Gecko) Chrome/87.0.4280.141 Safari/537.36"
93.143.16.235 - - [26/Jan/2021:18:39:44 +0100] "GET /js/jquery.jqzoom.js HTTP/1.1" 200 4761 "http://www.wonder-geek.com/the-little-prince-night-light-stars-projector-musical-p-36926.html" "Mozilla/5.0 (Windows NT 10.0; Win64; x64) AppleWebKit/537.36 (KHTML, like Gecko) Chrome/87.0.4280.141 Safari/537.36"
93.143.16.235 - - [26/Jan/2021:18:39:44 +0100] "GET /js/jquery.js HTTP/1.1" 200 54075 "http://www.wonder-geek.com/the-little-prince-night-light-stars-projector-musical-p-36926.html" "Mozilla/5.0 (Windows NT 10.0; Win64; x64) AppleWebKit/537.36 (KHTML, like Gecko) Chrome/87.0.4280.141 Safari/537.36"
93.143.16.235 - - [26/Jan/2021:18:39:44 +0100] "GET /mondial_relay/js/jquery-1.3.2.min.js HTTP/1.1" 200 57254 "http://www.wonder-geek.com/the-little-prince-night-light-stars-projector-musical-p-36926.html" "Mozilla/5.0 (Windows NT 10.0; Win64; x64) AppleWebKit/537.36 (KHTML, like Gecko) Chrome/87.0.4280.141 Safari/537.36"
