93.143.16.235 - - [26/Jan/2021:18:39:44 +0100] "GET /templates/Pixame_v1/images/icon_accueil2.png HTTP/1.1" 200 1137 "http://www.wonder-geek.com/the-little-prince-night-light-stars-projector-musical-p-36926.html" "Mozilla/5.0 (Windows NT 10.0; Win64; x64) AppleWebKit/537.36 (KHTML, like Gecko) Chrome/87.0.4280.141 Safari/537.36"
93.143.16.235 - - [26/Jan/2021:18:39:45 +0100] "GET /templates/Pixame_v1/images/Bottom_texture.jpg HTTP/1.1" 200 56290 "http://www.wonder-geek.com/templates/Pixame_v1/stylesheet.css" "Mozilla/5.0 (Windows NT 10.0; Win64; x64) AppleWebKit/537.36 (KHTML, like Gecko) Chrome/87.0.4280.141 Safari/537.36"
93.143.16.235 - - [26/Jan/2021:18:39:45 +0100] "GET /templates/Pixame_v1/images/Middle_texture.jpg HTTP/1.1" 200 249620 "http://www.wonder-geek.com/templates/Pixame_v1/stylesheet.css" "Mozilla/5.0 (Windows NT 10.0; Win64; x64) AppleWebKit/537.36 (KHTML, like Gecko) Chrome/87.0.4280.141 Safari/537.36"
93.143.16.235 - - [26/Jan/2021:18:39:45 +0100] "GET /templates/Pixame_v1/images/header-object.png HTTP/1.1" 200 106050 "http://www.wonder-geek.com/templates/Pixame_v1/stylesheet.css" "Mozilla/5.0 (Windows NT 10.0; Win64; x64) AppleWebKit/537.36 (KHTML, like Gecko) Chrome/87.0.4280.141 Safari/537.36"
93.143.16.235 - - [26/Jan/2021:18:39:45 +0100] "GET /templates/Pixame_v1/images/header.png HTTP/1.1" 200 70245 "http://www.wonder-geek.com/templates/Pixame_v1/stylesheet.css" "Mozilla/5.0 (Windows NT 10.0; Win64; x64) AppleWebKit/537.36 (KHTML, like Gecko) Chrome/87.0.4280.141 Safari/537.36"
93.143.16.235 - - [26/Jan/2021:18:39:45 +0100] "GET /templates/Pixame_v1/images/nav.png HTTP/1.1" 200 1283 "http://www.wonder-geek.com/templates/Pixame_v1/stylesheet.css" "Mozilla/5.0 (Windows NT 10.0; Win64; x64) AppleWebKit/537.36 (KHTML, like Gecko) Chrome/87.0.4280.141 Safari/537.36"
93.143.16.235 - - [26/Jan/2021:18:39:45 +0100] "GET /images/big_prod/3760119606575.jpg HTTP/1.1" 200 64955 "http://www.wonder-geek.com/the-little-prince-night-light-stars-projector-musical-p-36926.html" "Mozilla/5.0 (Windows NT 10.0; Win64; x64) AppleWebKit/537.36 (KHTML, like Gecko) Chrome/87.0.4280.141 Safari/537.36"
93.143.16.235 - - [26/Jan/2021:18:39:45 +0100] "GET /design/productsenstock.png HTTP/1.1" 200 4743 "http://www.wonder-geek.com/templates/Pixame_v1/stylesheet.css" "Mozilla/5.0 (Windows NT 10.0; Win64; x64) AppleWebKit/537.36 (KHTML, like Gecko) Chrome/87.0.4280.141 Safari/537.36"
93.143.16.235 - - [26/Jan/2021:18:39:45 +0100] "GET /templates/Pixame_v1/images/buttons/english/button_in_cart.gif HTTP/1.1" 200 1212 "http://www.wonder-geek.com/the-little-prince-night-light-stars-projector-musical-p-36926.html" "Mozilla/5.0 (Windows NT 10.0; Win64; x64) AppleWebKit/537.36 (KHTML, like Gecko) Chrome/87.0.4280.141 Safari/537.36"
93.143.16.235 - - [26/Jan/2021:18:39:45 +0100] "GET /images/big_prod_1/b3760119606575.jpg HTTP/1.1" 200 89589 "http://www.wonder-geek.com/the-little-prince-night-light-stars-projector-musical-p-36926.html" "Mozilla/5.0 (Windows NT 10.0; Win64; x64) AppleWebKit/537.36 (KHTML, like Gecko) Chrome/87.0.4280.141 Safari/537.36"
93.143.16.235 - - [26/Jan/2021:18:39:45 +0100] "GET /images/mini_prod/3760119600214.jpg HTTP/1.1" 200 5440 "http://www.wonder-geek.com/the-little-prince-night-light-stars-projector-musical-p-36926.html" "Mozilla/5.0 (Windows NT 10.0; Win64; x64) AppleWebKit/537.36 (KHTML, like Gecko) Chrome/87.0.4280.141 Safari/537.36"
93.143.16.235 - - [26/Jan/2021:18:39:46 +0100] "GET /highslide/graphics/outlines/drop-shadow.png HTTP/1.1" 200 2022 "http://www.wonder-geek.com/the-little-prince-night-light-stars-projector-musical-p-36926.html" "Mozilla/5.0 (Windows NT 10.0; Win64; x64) AppleWebKit/537.36 (KHTML, like Gecko) Chrome/87.0.4280.141 Safari/537.36"
93.143.16.235 - - [26/Jan/2021:18:39:46 +0100] "GET /favicon.ico HTTP/1.1" 200 1591 "http://www.wonder-geek.com/the-little-prince-night-light-stars-projector-musical-p-36926.html" "Mozilla/5.0 (Windows NT 10.0; Win64; x64) AppleWebKit/537.36 (KHTML, like Gecko) Chrome/87.0.4280.141 Safari/537.36"
74.125.210.35 - - [26/Jan/2021:18:40:28 +0100] "GET /images/med_prod/1345544427906.jpg HTTP/1.1" 200 140541 "-" "Mozilla/5.0 (Windows NT 5.1; rv:11.0) Gecko Firefox/11.0 (via ggpht.com GoogleImageProxy)"
157.55.39.149 - - [26/Jan/2021:18:40:41 +0100] "GET /images/big_prod/4010070323318.jpg HTTP/1.1" 200 136682 "-" "Mozilla/5.0 (compatible; bingbot/2.0; +http://www.bing.com/bingbot.htm)"
207.46.13.6 - - [26/Jan/2021:18:41:50 +0100] "GET /images/big_prod/8435333853276.jpg HTTP/1.1" 200 147108 "-" "Mozilla/5.0 (compatible; bingbot/2.0; +http://www.bing.com/bingbot.htm)"
207.46.13.6 - - [26/Jan/2021:18:41:52 +0100] "GET /images/1399984258774.jpg HTTP/1.1" 200 68701 "-" "Mozilla/5.0 (compatible; bingbot/2.0; +http://www.bing.com/bingbot.htm)"
54.36.148.201 - - [26/Jan/2021:18:42:57 +0100] "GET /robots.txt HTTP/1.1" 200 2438 "-" "Mozilla/5.0 (compatible; AhrefsBot/6.1; +http://ahrefs.com/robot/)"
207.46.13.55 - - [26/Jan/2021:18:44:51 +0100] "GET /images/big_prod/3660173124520.jpg HTTP/1.1" 200 91390 "-" "Mozilla/5.0 (compatible; bingbot/2.0; +http://www.bing.com/bingbot.htm)"
157.55.39.149 - - [26/Jan/2021:18:46:11 +0100] "GET /images/big_prod/1384010190630.jpg HTTP/1.1" 200 48008 "-" "Mozilla/5.0 (compatible; bingbot/2.0; +http://www.bing.com/bingbot.htm)"
207.46.13.53 - - [26/Jan/2021:18:56:26 +0100] "GET /images/big_prod/3609810096172.jpg HTTP/1.1" 200 66616 "-" "Mozilla/5.0 (compatible; bingbot/2.0; +http://www.bing.com/bingbot.htm)"
207.46.13.55 - - [26/Jan/2021:18:58:04 +0100] "GET /images/DSCN6326.jpg HTTP/1.1" 200 35857 "-" "Mozilla/5.0 (compatible; bingbot/2.0; +http://www.bing.com/bingbot.htm)"
157.55.39.153 - - [26/Jan/2021:18:58:09 +0100] "GET /images/big_prod/8435465005734.jpg HTTP/1.1" 200 79427 "-" "Mozilla/5.0 (compatible; bingbot/2.0; +http://www.bing.com/bingbot.htm)"
157.55.39.153 - - [26/Jan/2021:18:58:11 +0100] "GET /js/jquery.js HTTP/1.1" 200 54075 "-" "Mozilla/5.0 (compatible; bingbot/2.0; +http://www.bing.com/bingbot.htm)"
114.119.128.29 - - [26/Jan/2021:18:58:24 +0100] "GET /robots.txt HTTP/1.1" 200 2438 "-" "(compatible;PetalBot;+https://aspiegel.com/petalbot)"
66.249.81.163 - - [26/Jan/2021:19:00:58 +0100] "GET /images/4012390328837.jpg HTTP/1.1" 200 48408 "-" "Mozilla/5.0 (Windows NT 5.1; rv:11.0) Gecko Firefox/11.0 (via ggpht.com GoogleImageProxy)"
157.55.39.153 - - [26/Jan/2021:19:03:38 +0100] "GET /images/big_prod/5404006037964.jpg HTTP/1.1" 200 79475 "-" "Mozilla/5.0 (compatible; bingbot/2.0; +http://www.bing.com/bingbot.htm)"
207.46.13.55 - - [26/Jan/2021:19:05:06 +0100] "GET /images/4007176124451.jpg HTTP/1.1" 200 26656 "-" "Mozilla/5.0 (compatible; bingbot/2.0; +http://www.bing.com/bingbot.htm)"
116.202.228.169 - - [26/Jan/2021:19:05:06 +0100] "GET /images/big_prod/8717202555635.jpg HTTP/1.1" 200 66863 "-" "Mozilla/5.0 (X11; Fedora; Linux x86_64) AppleWebKit/537.36 (KHTML, like Gecko) Chrome/79.0.3945.117 Safari/537.36"
157.55.39.228 - - [26/Jan/2021:19:05:14 +0100] "GET /images/big_prod_2/c8717202553662.jpg HTTP/1.1" 200 37557 "-" "Mozilla/5.0 (compatible; bingbot/2.0; +http://www.bing.com/bingbot.htm)"
157.55.39.149 - - [26/Jan/2021:19:06:50 +0100] "GET /images/big_prod/3609810079748.jpg HTTP/1.1" 200 70756 "-" "Mozilla/5.0 (compatible; bingbot/2.0; +http://www.bing.com/bingbot.htm)"
31.15.144.235 - - [26/Jan/2021:19:06:59 +0100] "GET /templates/Pixame_v1/stylesheet.css HTTP/1.1" 200 56057 "http://www.wonder-geek.com/set-of-boards-of-wall-stickers-nici-p-14912.html" "Mozilla/5.0 (Linux; Android 10; SAMSUNG SM-G965F) AppleWebKit/537.36 (KHTML, like Gecko) SamsungBrowser/13.0 Chrome/83.0.4103.106 Mobile Safari/537.36"
31.15.144.235 - - [26/Jan/2021:19:06:59 +0100] "GET /js/jquery.jqzoom.js HTTP/1.1" 200 4761 "http://www.wonder-geek.com/set-of-boards-of-wall-stickers-nici-p-14912.html" "Mozilla/5.0 (Linux; Android 10; SAMSUNG SM-G965F) AppleWebKit/537.36 (KHTML, like Gecko) SamsungBrowser/13.0 Chrome/83.0.4103.106 Mobile Safari/537.36"
31.15.144.235 - - [26/Jan/2021:19:06:59 +0100] "GET /js/jquery.js HTTP/1.1" 200 54075 "http://www.wonder-geek.com/set-of-boards-of-wall-stickers-nici-p-14912.html" "Mozilla/5.0 (Linux; Android 10; SAMSUNG SM-G965F) AppleWebKit/537.36 (KHTML, like Gecko) SamsungBrowser/13.0 Chrome/83.0.4103.106 Mobile Safari/537.36"
31.15.144.235 - - [26/Jan/2021:19:06:59 +0100] "GET /highslide/highslide.js HTTP/1.1" 200 42909 "http://www.wonder-geek.com/set-of-boards-of-wall-stickers-nici-p-14912.html" "Mozilla/5.0 (Linux; Android 10; SAMSUNG SM-G965F) AppleWebKit/537.36 (KHTML, like Gecko) SamsungBrowser/13.0 Chrome/83.0.4103.106 Mobile Safari/537.36"
31.15.144.235 - - [26/Jan/2021:19:06:59 +0100] "GET /mondial_relay/js/jquery-1.3.2.min.js HTTP/1.1" 200 57254 "http://www.wonder-geek.com/set-of-boards-of-wall-stickers-nici-p-14912.html" "Mozilla/5.0 (Linux; Android 10; SAMSUNG SM-G965F) AppleWebKit/537.36 (KHTML, like Gecko) SamsungBrowser/13.0 Chrome/83.0.4103.106 Mobile Safari/537.36"
31.15.144.235 - - [26/Jan/2021:19:07:00 +0100] "GET /templates/Pixame_v1/images/icon_accueil2.png HTTP/1.1" 200 1137 "http://www.wonder-geek.com/set-of-boards-of-wall-stickers-nici-p-14912.html" "Mozilla/5.0 (Linux; Android 10; SAMSUNG SM-G965F) AppleWebKit/537.36 (KHTML, like Gecko) SamsungBrowser/13.0 Chrome/83.0.4103.106 Mobile Safari/537.36"
31.15.144.235 - - [26/Jan/2021:19:07:00 +0100] "GET /images/4012390328837.jpg HTTP/1.1" 200 48408 "http://www.wonder-geek.com/set-of-boards-of-wall-stickers-nici-p-14912.html" "Mozilla/5.0 (Linux; Android 10; SAMSUNG SM-G965F) AppleWebKit/537.36 (KHTML, like Gecko) SamsungBrowser/13.0 Chrome/83.0.4103.106 Mobile Safari/537.36"
31.15.144.235 - - [26/Jan/2021:19:07:00 +0100] "GET /templates/Pixame_v1/images/nav.png HTTP/1.1" 200 1283 "http://www.wonder-geek.com/templates/Pixame_v1/stylesheet.css" "Mozilla/5.0 (Linux; Android 10; SAMSUNG SM-G965F) AppleWebKit/537.36 (KHTML, like Gecko) SamsungBrowser/13.0 Chrome/83.0.4103.106 Mobile Safari/537.36"
31.15.144.235 - - [26/Jan/2021:19:07:00 +0100] "GET /templates/Pixame_v1/images/header.png HTTP/1.1" 200 70245 "http://www.wonder-geek.com/templates/Pixame_v1/stylesheet.css" "Mozilla/5.0 (Linux; Android 10; SAMSUNG SM-G965F) AppleWebKit/537.36 (KHTML, like Gecko) SamsungBrowser/13.0 Chrome/83.0.4103.106 Mobile Safari/537.36"
31.15.144.235 - - [26/Jan/2021:19:07:00 +0100] "GET /templates/Pixame_v1/images/buttons/english/button_in_cart.gif HTTP/1.1" 200 1212 "http://www.wonder-geek.com/set-of-boards-of-wall-stickers-nici-p-14912.html" "Mozilla/5.0 (Linux; Android 10; SAMSUNG SM-G965F) AppleWebKit/537.36 (KHTML, like Gecko) SamsungBrowser/13.0 Chrome/83.0.4103.106 Mobile Safari/537.36"
31.15.144.235 - - [26/Jan/2021:19:07:00 +0100] "GET /templates/Pixame_v1/images/Bottom_texture.jpg HTTP/1.1" 200 56290 "http://www.wonder-geek.com/templates/Pixame_v1/stylesheet.css" "Mozilla/5.0 (Linux; Android 10; SAMSUNG SM-G965F) AppleWebKit/537.36 (KHTML, like Gecko) SamsungBrowser/13.0 Chrome/83.0.4103.106 Mobile Safari/537.36"
31.15.144.235 - - [26/Jan/2021:19:07:00 +0100] "GET /design/productsenstock.png HTTP/1.1" 200 4743 "http://www.wonder-geek.com/templates/Pixame_v1/stylesheet.css" "Mozilla/5.0 (Linux; Android 10; SAMSUNG SM-G965F) AppleWebKit/537.36 (KHTML, like Gecko) SamsungBrowser/13.0 Chrome/83.0.4103.106 Mobile Safari/537.36"
31.15.144.235 - - [26/Jan/2021:19:07:00 +0100] "GET /templates/Pixame_v1/images/header-object.png HTTP/1.1" 200 106050 "http://www.wonder-geek.com/templates/Pixame_v1/stylesheet.css" "Mozilla/5.0 (Linux; Android 10; SAMSUNG SM-G965F) AppleWebKit/537.36 (KHTML, like Gecko) SamsungBrowser/13.0 Chrome/83.0.4103.106 Mobile Safari/537.36"
31.15.144.235 - - [26/Jan/2021:19:07:00 +0100] "GET /templates/Pixame_v1/images/Middle_texture.jpg HTTP/1.1" 200 249620 "http://www.wonder-geek.com/templates/Pixame_v1/stylesheet.css" "Mozilla/5.0 (Linux; Android 10; SAMSUNG SM-G965F) AppleWebKit/537.36 (KHTML, like Gecko) SamsungBrowser/13.0 Chrome/83.0.4103.106 Mobile Safari/537.36"
31.15.144.235 - - [26/Jan/2021:19:07:00 +0100] "GET /highslide/graphics/outlines/drop-shadow.png HTTP/1.1" 200 2022 "http://www.wonder-geek.com/set-of-boards-of-wall-stickers-nici-p-14912.html" "Mozilla/5.0 (Linux; Android 10; SAMSUNG SM-G965F) AppleWebKit/537.36 (KHTML, like Gecko) SamsungBrowser/13.0 Chrome/83.0.4103.106 Mobile Safari/537.36"
31.15.144.235 - - [26/Jan/2021:19:07:00 +0100] "GET /favicon.ico HTTP/1.1" 200 1591 "http://www.wonder-geek.com/set-of-boards-of-wall-stickers-nici-p-14912.html" "Mozilla/5.0 (Linux; Android 10; SAMSUNG SM-G965F) AppleWebKit/537.36 (KHTML, like Gecko) SamsungBrowser/13.0 Chrome/83.0.4103.106 Mobile Safari/537.36"
207.46.13.53 - - [26/Jan/2021:19:10:28 +0100] "GET /images/big_prod/3442440270426.jpg HTTP/1.1" 200 114097 "-" "Mozilla/5.0 (compatible; bingbot/2.0; +http://www.bing.com/bingbot.htm)"
207.46.13.37 - - [26/Jan/2021:19:12:40 +0100] "GET /images/big_prod/3609810062054.jpg HTTP/1.1" 200 93871 "-" "Mozilla/5.0 (compatible; bingbot/2.0; +http://www.bing.com/bingbot.htm)"
157.55.39.228 - - [26/Jan/2021:19:12:57 +0100] "GET /images/big_prod/3609810076280.jpg HTTP/1.1" 200 88573 "-" "Mozilla/5.0 (compatible; bingbot/2.0; +http://www.bing.com/bingbot.htm)"
207.46.13.55 - - [26/Jan/2021:19:13:17 +0100] "GET /images/1399984252727.jpg HTTP/1.1" 200 77444 "-" "Mozilla/5.0 (compatible; bingbot/2.0; +http://www.bing.com/bingbot.htm)"
207.46.13.6 - - [26/Jan/2021:19:15:34 +0100] "GET /images/C11602.jpg HTTP/1.1" 200 56355 "-" "Mozilla/5.0 (compatible; bingbot/2.0; +http://www.bing.com/bingbot.htm)"
207.46.13.6 - - [26/Jan/2021:19:15:35 +0100] "GET /images/Image121217.jpg HTTP/1.1" 200 46881 "-" "Mozilla/5.0 (compatible; bingbot/2.0; +http://www.bing.com/bingbot.htm)"
207.46.13.6 - - [26/Jan/2021:19:15:35 +0100] "GET /images/big_prod/1384010203330.jpg HTTP/1.1" 200 100209 "-" "Mozilla/5.0 (compatible; bingbot/2.0; +http://www.bing.com/bingbot.htm)"
207.46.13.6 - - [26/Jan/2021:19:15:35 +0100] "GET /images/DSCN0890b.jpg HTTP/1.1" 200 31469 "-" "Mozilla/5.0 (compatible; bingbot/2.0; +http://www.bing.com/bingbot.htm)"
207.46.13.55 - - [26/Jan/2021:19:16:07 +0100] "GET /images/b4010070225216.jpg HTTP/1.1" 200 101177 "-" "Mozilla/5.0 (compatible; bingbot/2.0; +http://www.bing.com/bingbot.htm)"
66.249.81.166 - - [26/Jan/2021:19:17:03 +0100] "GET /images/big_prod/1341689495619.jpg HTTP/1.1" 200 68294 "-" "Mozilla/5.0 (Windows NT 5.1; rv:11.0) Gecko Firefox/11.0 (via ggpht.com GoogleImageProxy)"
207.46.13.37 - - [26/Jan/2021:19:17:40 +0100] "GET /images/big_prod_2/1328399144228C.jpg HTTP/1.1" 200 58895 "-" "Mozilla/5.0 (compatible; bingbot/2.0; +http://www.bing.com/bingbot.htm)"
207.46.13.37 - - [26/Jan/2021:19:17:58 +0100] "GET /images/3453131103527.jpg HTTP/1.1" 200 22956 "-" "Mozilla/5.0 (compatible; bingbot/2.0; +http://www.bing.com/bingbot.htm)"
79.98.157.200 - - [26/Jan/2021:19:19:34 +0100] "GET /js/jquery.jqzoom.js HTTP/1.1" 200 4761 "http://www.wonder-geek.com/set-of-bed-linen-c-11_68.html?filter_id=124" "Mozilla/5.0 (Windows NT 10.0; Win64; x64) AppleWebKit/537.36 (KHTML, like Gecko) Chrome/88.0.4324.96 Safari/537.36 Edg/88.0.705.50"
79.98.157.200 - - [26/Jan/2021:19:19:35 +0100] "GET /highslide/highslide.js HTTP/1.1" 200 42909 "http://www.wonder-geek.com/set-of-bed-linen-c-11_68.html?filter_id=124" "Mozilla/5.0 (Windows NT 10.0; Win64; x64) AppleWebKit/537.36 (KHTML, like Gecko) Chrome/88.0.4324.96 Safari/537.36 Edg/88.0.705.50"
79.98.157.200 - - [26/Jan/2021:19:19:35 +0100] "GET /templates/Pixame_v1/stylesheet.css HTTP/1.1" 200 56057 "http://www.wonder-geek.com/set-of-bed-linen-c-11_68.html?filter_id=124" "Mozilla/5.0 (Windows NT 10.0; Win64; x64) AppleWebKit/537.36 (KHTML, like Gecko) Chrome/88.0.4324.96 Safari/537.36 Edg/88.0.705.50"
79.98.157.200 - - [26/Jan/2021:19:19:35 +0100] "GET /mondial_relay/js/jquery-1.3.2.min.js HTTP/1.1" 200 57254 "http://www.wonder-geek.com/set-of-bed-linen-c-11_68.html?filter_id=124" "Mozilla/5.0 (Windows NT 10.0; Win64; x64) AppleWebKit/537.36 (KHTML, like Gecko) Chrome/88.0.4324.96 Safari/537.36 Edg/88.0.705.50"
79.98.157.200 - - [26/Jan/2021:19:19:35 +0100] "GET /js/jquery.js HTTP/1.1" 200 54075 "http://www.wonder-geek.com/set-of-bed-linen-c-11_68.html?filter_id=124" "Mozilla/5.0 (Windows NT 10.0; Win64; x64) AppleWebKit/537.36 (KHTML, like Gecko) Chrome/88.0.4324.96 Safari/537.36 Edg/88.0.705.50"
79.98.157.200 - - [26/Jan/2021:19:19:35 +0100] "GET /templates/Pixame_v1/images/icon_accueil2.png HTTP/1.1" 200 1137 "http://www.wonder-geek.com/set-of-bed-linen-c-11_68.html?filter_id=124" "Mozilla/5.0 (Windows NT 10.0; Win64; x64) AppleWebKit/537.36 (KHTML, like Gecko) Chrome/88.0.4324.96 Safari/537.36 Edg/88.0.705.50"
79.98.157.200 - - [26/Jan/2021:19:19:35 +0100] "GET /templates/Pixame_v1/images/nav.png HTTP/1.1" 200 1283 "http://www.wonder-geek.com/templates/Pixame_v1/stylesheet.css" "Mozilla/5.0 (Windows NT 10.0; Win64; x64) AppleWebKit/537.36 (KHTML, like Gecko) Chrome/88.0.4324.96 Safari/537.36 Edg/88.0.705.50"
79.98.157.200 - - [26/Jan/2021:19:19:35 +0100] "GET /design/productsenstock.png HTTP/1.1" 200 4743 "http://www.wonder-geek.com/templates/Pixame_v1/stylesheet.css" "Mozilla/5.0 (Windows NT 10.0; Win64; x64) AppleWebKit/537.36 (KHTML, like Gecko) Chrome/88.0.4324.96 Safari/537.36 Edg/88.0.705.50"
79.98.157.200 - - [26/Jan/2021:19:19:35 +0100] "GET /templates/Pixame_v1/images/header.png HTTP/1.1" 200 70245 "http://www.wonder-geek.com/templates/Pixame_v1/stylesheet.css" "Mozilla/5.0 (Windows NT 10.0; Win64; x64) AppleWebKit/537.36 (KHTML, like Gecko) Chrome/88.0.4324.96 Safari/537.36 Edg/88.0.705.50"
79.98.157.200 - - [26/Jan/2021:19:19:35 +0100] "GET /templates/Pixame_v1/images/header-object.png HTTP/1.1" 200 106050 "http://www.wonder-geek.com/templates/Pixame_v1/stylesheet.css" "Mozilla/5.0 (Windows NT 10.0; Win64; x64) AppleWebKit/537.36 (KHTML, like Gecko) Chrome/88.0.4324.96 Safari/537.36 Edg/88.0.705.50"
79.98.157.200 - - [26/Jan/2021:19:19:35 +0100] "GET /templates/Pixame_v1/images/Middle_texture.jpg HTTP/1.1" 200 249620 "http://www.wonder-geek.com/templates/Pixame_v1/stylesheet.css" "Mozilla/5.0 (Windows NT 10.0; Win64; x64) AppleWebKit/537.36 (KHTML, like Gecko) Chrome/88.0.4324.96 Safari/537.36 Edg/88.0.705.50"
79.98.157.200 - - [26/Jan/2021:19:19:35 +0100] "GET /templates/Pixame_v1/images/Bottom_texture.jpg HTTP/1.1" 200 56290 "http://www.wonder-geek.com/templates/Pixame_v1/stylesheet.css" "Mozilla/5.0 (Windows NT 10.0; Win64; x64) AppleWebKit/537.36 (KHTML, like Gecko) Chrome/88.0.4324.96 Safari/537.36 Edg/88.0.705.50"
79.98.157.200 - - [26/Jan/2021:19:19:35 +0100] "GET /highslide/graphics/outlines/drop-shadow.png HTTP/1.1" 200 2022 "http://www.wonder-geek.com/set-of-bed-linen-c-11_68.html?filter_id=124" "Mozilla/5.0 (Windows NT 10.0; Win64; x64) AppleWebKit/537.36 (KHTML, like Gecko) Chrome/88.0.4324.96 Safari/537.36 Edg/88.0.705.50"
79.98.157.200 - - [26/Jan/2021:19:19:35 +0100] "GET /favicon.ico HTTP/1.1" 200 1591 "http://www.wonder-geek.com/set-of-bed-linen-c-11_68.html?filter_id=124" "Mozilla/5.0 (Windows NT 10.0; Win64; x64) AppleWebKit/537.36 (KHTML, like Gecko) Chrome/88.0.4324.96 Safari/537.36 Edg/88.0.705.50"
79.98.157.200 - - [26/Jan/2021:19:19:45 +0100] "GET /favicon.ico HTTP/1.1" 200 1591 "http://www.wonder-geek.com/set-of-bed-linen-c-11_68.html?filter_id=124" "Mozilla/5.0 (Windows NT 10.0; Win64; x64) AppleWebKit/537.36 (KHTML, like Gecko) Chrome/88.0.4324.96 Safari/537.36 Edg/88.0.705.50"
157.55.39.153 - - [26/Jan/2021:19:20:35 +0100] "GET /images/5012994628660.jpg HTTP/1.1" 200 22584 "-" "Mozilla/5.0 (compatible; bingbot/2.0; +http://www.bing.com/bingbot.htm)"
157.55.39.149 - - [26/Jan/2021:19:26:17 +0100] "GET /images/big_prod/8422144557455.jpg HTTP/1.1" 200 45643 "-" "Mozilla/5.0 (compatible; bingbot/2.0; +http://www.bing.com/bingbot.htm)"
216.244.66.242 - - [26/Jan/2021:19:26:26 +0100] "GET /robots.txt HTTP/1.1" 200 2438 "-" "Mozilla/5.0 (compatible; DotBot/1.1; http://www.opensiteexplorer.org/dotbot, help@moz.com)"
207.46.13.55 - - [26/Jan/2021:19:28:19 +0100] "GET /images/b4010070225216.jpg HTTP/1.1" 200 101177 "-" "Mozilla/5.0 (compatible; bingbot/2.0; +http://www.bing.com/bingbot.htm)"
207.46.13.53 - - [26/Jan/2021:19:29:54 +0100] "GET /images/big_prod/067103004083.jpg HTTP/1.1" 200 107746 "-" "Mozilla/5.0 (compatible; bingbot/2.0; +http://www.bing.com/bingbot.htm)"
207.46.13.55 - - [26/Jan/2021:19:30:09 +0100] "GET /images/1399984252727.jpg HTTP/1.1" 200 77444 "-" "Mozilla/5.0 (compatible; bingbot/2.0; +http://www.bing.com/bingbot.htm)"
157.55.39.153 - - [26/Jan/2021:19:33:00 +0100] "GET /images/big_prod/3521320806143a.jpg HTTP/1.1" 200 54943 "-" "Mozilla/5.0 (compatible; bingbot/2.0; +http://www.bing.com/bingbot.htm)"
157.55.39.228 - - [26/Jan/2021:19:35:01 +0100] "GET /images/img11196.jpg HTTP/1.1" 200 25293 "-" "Mozilla/5.0 (compatible; bingbot/2.0; +http://www.bing.com/bingbot.htm)"
109.10.71.82 - - [26/Jan/2021:19:35:25 +0100] "GET /js/jquery.jqzoom.js HTTP/1.1" 200 4761 "http://www.wonder-geek.com/" "Mozilla/5.0 (Windows NT 10.0; Win64; x64; rv:84.0) Gecko/20100101 Firefox/84.0"
109.10.71.82 - - [26/Jan/2021:19:35:25 +0100] "GET /highslide/highslide.js HTTP/1.1" 200 42909 "http://www.wonder-geek.com/" "Mozilla/5.0 (Windows NT 10.0; Win64; x64; rv:84.0) Gecko/20100101 Firefox/84.0"
109.10.71.82 - - [26/Jan/2021:19:35:25 +0100] "GET /templates/Pixame_v1/stylesheet.css HTTP/1.1" 200 56057 "http://www.wonder-geek.com/" "Mozilla/5.0 (Windows NT 10.0; Win64; x64; rv:84.0) Gecko/20100101 Firefox/84.0"
109.10.71.82 - - [26/Jan/2021:19:35:25 +0100] "GET /js/jquery.js HTTP/1.1" 200 54075 "http://www.wonder-geek.com/" "Mozilla/5.0 (Windows NT 10.0; Win64; x64; rv:84.0) Gecko/20100101 Firefox/84.0"
109.10.71.82 - - [26/Jan/2021:19:35:25 +0100] "GET /mondial_relay/js/jquery-1.3.2.min.js HTTP/1.1" 200 57254 "http://www.wonder-geek.com/" "Mozilla/5.0 (Windows NT 10.0; Win64; x64; rv:84.0) Gecko/20100101 Firefox/84.0"
109.10.71.82 - - [26/Jan/2021:19:35:25 +0100] "GET /images/mini_prod/3418179860603.jpg HTTP/1.1" 200 6338 "http://www.wonder-geek.com/" "Mozilla/5.0 (Windows NT 10.0; Win64; x64; rv:84.0) Gecko/20100101 Firefox/84.0"
109.10.71.82 - - [26/Jan/2021:19:35:25 +0100] "GET /images/mini_prod/TROME3174copie3.jpg HTTP/1.1" 200 27450 "http://www.wonder-geek.com/" "Mozilla/5.0 (Windows NT 10.0; Win64; x64; rv:84.0) Gecko/20100101 Firefox/84.0"
109.10.71.82 - - [26/Jan/2021:19:35:25 +0100] "GET /images/mini_prod/3272760369674.jpg HTTP/1.1" 200 3336 "http://www.wonder-geek.com/" "Mozilla/5.0 (Windows NT 10.0; Win64; x64; rv:84.0) Gecko/20100101 Firefox/84.0"
109.10.71.82 - - [26/Jan/2021:19:35:25 +0100] "GET /images/mini_prod/DSCN06743284371919612.jpg HTTP/1.1" 200 5428 "http://www.wonder-geek.com/" "Mozilla/5.0 (Windows NT 10.0; Win64; x64; rv:84.0) Gecko/20100101 Firefox/84.0"
109.10.71.82 - - [26/Jan/2021:19:35:25 +0100] "GET /images/mini_prod/8003990609699.jpg HTTP/1.1" 200 6866 "http://www.wonder-geek.com/" "Mozilla/5.0 (Windows NT 10.0; Win64; x64; rv:84.0) Gecko/20100101 Firefox/84.0"
109.10.71.82 - - [26/Jan/2021:19:35:25 +0100] "GET /images/mini_prod/09113.gif HTTP/1.1" 200 17261 "http://www.wonder-geek.com/" "Mozilla/5.0 (Windows NT 10.0; Win64; x64; rv:84.0) Gecko/20100101 Firefox/84.0"
109.10.71.82 - - [26/Jan/2021:19:35:25 +0100] "GET /templates/Pixame_v1/images/icon_accueil2.png HTTP/1.1" 200 1137 "http://www.wonder-geek.com/" "Mozilla/5.0 (Windows NT 10.0; Win64; x64; rv:84.0) Gecko/20100101 Firefox/84.0"
109.10.71.82 - - [26/Jan/2021:19:35:25 +0100] "GET /templates/Pixame_v1/images/nav.png HTTP/1.1" 200 1283 "http://www.wonder-geek.com/templates/Pixame_v1/stylesheet.css" "Mozilla/5.0 (Windows NT 10.0; Win64; x64; rv:84.0) Gecko/20100101 Firefox/84.0"
109.10.71.82 - - [26/Jan/2021:19:35:25 +0100] "GET /images/mini_prod/8421440065404.jpg HTTP/1.1" 200 6341 "http://www.wonder-geek.com/" "Mozilla/5.0 (Windows NT 10.0; Win64; x64; rv:84.0) Gecko/20100101 Firefox/84.0"
109.10.71.82 - - [26/Jan/2021:19:35:25 +0100] "GET /templates/Pixame_v1/images/header.png HTTP/1.1" 200 70245 "http://www.wonder-geek.com/templates/Pixame_v1/stylesheet.css" "Mozilla/5.0 (Windows NT 10.0; Win64; x64; rv:84.0) Gecko/20100101 Firefox/84.0"
109.10.71.82 - - [26/Jan/2021:19:35:25 +0100] "GET /templates/Pixame_v1/images/Bottom_texture.jpg HTTP/1.1" 200 56290 "http://www.wonder-geek.com/templates/Pixame_v1/stylesheet.css" "Mozilla/5.0 (Windows NT 10.0; Win64; x64; rv:84.0) Gecko/20100101 Firefox/84.0"
109.10.71.82 - - [26/Jan/2021:19:35:25 +0100] "GET /templates/Pixame_v1/images/header-object.png HTTP/1.1" 200 106050 "http://www.wonder-geek.com/templates/Pixame_v1/stylesheet.css" "Mozilla/5.0 (Windows NT 10.0; Win64; x64; rv:84.0) Gecko/20100101 Firefox/84.0"
109.10.71.82 - - [26/Jan/2021:19:35:25 +0100] "GET /images/icons/soldes_grand.jpg HTTP/1.1" 200 95380 "http://www.wonder-geek.com/" "Mozilla/5.0 (Windows NT 10.0; Win64; x64; rv:84.0) Gecko/20100101 Firefox/84.0"
109.10.71.82 - - [26/Jan/2021:19:35:25 +0100] "GET /images/mini_prod/1900514900058.jpg HTTP/1.1" 200 7553 "http://www.wonder-geek.com/" "Mozilla/5.0 (Windows NT 10.0; Win64; x64; rv:84.0) Gecko/20100101 Firefox/84.0"
109.10.71.82 - - [26/Jan/2021:19:35:25 +0100] "GET /design/productsenstock.png HTTP/1.1" 200 4743 "http://www.wonder-geek.com/templates/Pixame_v1/stylesheet.css" "Mozilla/5.0 (Windows NT 10.0; Win64; x64; rv:84.0) Gecko/20100101 Firefox/84.0"
109.10.71.82 - - [26/Jan/2021:19:35:25 +0100] "GET /images/mini_prod/8435306242021.jpg HTTP/1.1" 200 9010 "http://www.wonder-geek.com/" "Mozilla/5.0 (Windows NT 10.0; Win64; x64; rv:84.0) Gecko/20100101 Firefox/84.0"
109.10.71.82 - - [26/Jan/2021:19:35:25 +0100] "GET /images/mini_prod/mickey1384010188521.jpg HTTP/1.1" 200 6401 "http://www.wonder-geek.com/" "Mozilla/5.0 (Windows NT 10.0; Win64; x64; rv:84.0) Gecko/20100101 Firefox/84.0"
109.10.71.82 - - [26/Jan/2021:19:35:25 +0100] "GET /images/mini_prod/8009233038400.gif HTTP/1.1" 200 10518 "http://www.wonder-geek.com/" "Mozilla/5.0 (Windows NT 10.0; Win64; x64; rv:84.0) Gecko/20100101 Firefox/84.0"
109.10.71.82 - - [26/Jan/2021:19:35:25 +0100] "GET /images/mini_prod/8029759044358.jpg HTTP/1.1" 200 8791 "http://www.wonder-geek.com/" "Mozilla/5.0 (Windows NT 10.0; Win64; x64; rv:84.0) Gecko/20100101 Firefox/84.0"
109.10.71.82 - - [26/Jan/2021:19:35:25 +0100] "GET /images/mini_prod/1399984251782.jpg HTTP/1.1" 200 11376 "http://www.wonder-geek.com/" "Mozilla/5.0 (Windows NT 10.0; Win64; x64; rv:84.0) Gecko/20100101 Firefox/84.0"
109.10.71.82 - - [26/Jan/2021:19:35:25 +0100] "GET /images/mini_prod/200208_152034_PEEL_EYJ4qy.jpg HTTP/1.1" 200 16027 "http://www.wonder-geek.com/" "Mozilla/5.0 (Windows NT 10.0; Win64; x64; rv:84.0) Gecko/20100101 Firefox/84.0"
109.10.71.82 - - [26/Jan/2021:19:35:25 +0100] "GET /images/mini_prod/8436047821490.jpg HTTP/1.1" 200 7022 "http://www.wonder-geek.com/" "Mozilla/5.0 (Windows NT 10.0; Win64; x64; rv:84.0) Gecko/20100101 Firefox/84.0"
109.10.71.82 - - [26/Jan/2021:19:35:25 +0100] "GET /images/mini_prod/3684643100319.jpg HTTP/1.1" 200 7753 "http://www.wonder-geek.com/" "Mozilla/5.0 (Windows NT 10.0; Win64; x64; rv:84.0) Gecko/20100101 Firefox/84.0"
109.10.71.82 - - [26/Jan/2021:19:35:25 +0100] "GET /images/mini_prod/3079091105663.jpg HTTP/1.1" 200 6525 "http://www.wonder-geek.com/" "Mozilla/5.0 (Windows NT 10.0; Win64; x64; rv:84.0) Gecko/20100101 Firefox/84.0"
109.10.71.82 - - [26/Jan/2021:19:35:25 +0100] "GET /images/mini_prod/1399984245323.jpg HTTP/1.1" 200 4750 "http://www.wonder-geek.com/" "Mozilla/5.0 (Windows NT 10.0; Win64; x64; rv:84.0) Gecko/20100101 Firefox/84.0"
109.10.71.82 - - [26/Jan/2021:19:35:25 +0100] "GET /templates/Pixame_v1/images/flash.swf HTTP/1.1" 200 2868 "http://www.wonder-geek.com/" "Mozilla/5.0 (Windows NT 10.0; Win64; x64; rv:84.0) Gecko/20100101 Firefox/84.0"
109.10.71.82 - - [26/Jan/2021:19:35:25 +0100] "GET /templates/Pixame_v1/images/Middle_texture.jpg HTTP/1.1" 200 249620 "http://www.wonder-geek.com/templates/Pixame_v1/stylesheet.css" "Mozilla/5.0 (Windows NT 10.0; Win64; x64; rv:84.0) Gecko/20100101 Firefox/84.0"
109.10.71.82 - - [26/Jan/2021:19:35:25 +0100] "GET /favicon.ico HTTP/1.1" 200 1591 "http://www.wonder-geek.com/" "Mozilla/5.0 (Windows NT 10.0; Win64; x64; rv:84.0) Gecko/20100101 Firefox/84.0"
109.10.71.82 - - [26/Jan/2021:19:35:25 +0100] "GET /highslide/graphics/outlines/drop-shadow.png HTTP/1.1" 200 2022 "http://www.wonder-geek.com/" "Mozilla/5.0 (Windows NT 10.0; Win64; x64; rv:84.0) Gecko/20100101 Firefox/84.0"
17.58.101.147 - - [26/Jan/2021:19:37:33 +0100] "GET /images/mini_prod/b3281640406323.jpg HTTP/1.1" 200 9928 "-" "Mozilla/5.0 (Macintosh; Intel Mac OS X 10_15_5) AppleWebKit/605.1.15 (KHTML, like Gecko) Version/13.1.1 Safari/605.1.15 (Applebot/0.1; +http://www.apple.com/go/applebot)"
207.46.13.37 - - [26/Jan/2021:19:41:06 +0100] "GET /images/1399984259832.jpg HTTP/1.1" 200 94093 "-" "Mozilla/5.0 (compatible; bingbot/2.0; +http://www.bing.com/bingbot.htm)"
207.46.13.37 - - [26/Jan/2021:19:41:07 +0100] "GET /images/big_prod/3453131150446.jpg HTTP/1.1" 200 47754 "-" "Mozilla/5.0 (compatible; bingbot/2.0; +http://www.bing.com/bingbot.htm)"
157.55.39.130 - - [26/Jan/2021:19:45:00 +0100] "GET /images/med_prod/7316197615563.jpg HTTP/1.1" 200 262025 "-" "Mozilla/5.0 (compatible; bingbot/2.0; +http://www.bing.com/bingbot.htm)"
157.55.39.130 - - [26/Jan/2021:19:45:01 +0100] "GET /images/078257582280.jpg HTTP/1.1" 200 47305 "-" "Mozilla/5.0 (compatible; bingbot/2.0; +http://www.bing.com/bingbot.htm)"
157.55.39.130 - - [26/Jan/2021:19:45:01 +0100] "GET /images/big_prod/8487012480242.jpg HTTP/1.1" 200 194339 "-" "Mozilla/5.0 (compatible; bingbot/2.0; +http://www.bing.com/bingbot.htm)"
157.55.39.130 - - [26/Jan/2021:19:45:01 +0100] "GET /images/078257582280.jpg HTTP/1.1" 200 47305 "-" "Mozilla/5.0 (compatible; bingbot/2.0; +http://www.bing.com/bingbot.htm)"
157.55.39.149 - - [26/Jan/2021:19:46:54 +0100] "GET /images/med_prod/9316188046169.jpg HTTP/1.1" 200 52954 "-" "Mozilla/5.0 (compatible; bingbot/2.0; +http://www.bing.com/bingbot.htm)"
103.131.71.174 - - [26/Jan/2021:19:47:52 +0100] "GET /robots.txt HTTP/1.1" 200 2438 "-" "Mozilla/5.0 (compatible; coccocbot-web/1.0; +http://help.coccoc.com/searchengine)"
95.217.119.94 - - [26/Jan/2021:19:48:46 +0100] "GET /images/3032160672909.jpg HTTP/1.1" 200 51243 "-" "Mozilla/5.0 (X11; Fedora; Linux x86_64) AppleWebKit/537.36 (KHTML, like Gecko) Chrome/79.0.3945.117 Safari/537.36"
207.46.13.53 - - [26/Jan/2021:19:52:29 +0100] "GET /images/big_prod/5024693142538.jpg HTTP/1.1" 200 97021 "-" "Mozilla/5.0 (compatible; bingbot/2.0; +http://www.bing.com/bingbot.htm)"
157.55.39.153 - - [26/Jan/2021:19:54:48 +0100] "GET /images/big_prod/3560600302005.jpg HTTP/1.1" 200 102368 "-" "Mozilla/5.0 (compatible; bingbot/2.0; +http://www.bing.com/bingbot.htm)"
157.55.39.153 - - [26/Jan/2021:19:54:49 +0100] "GET /images/big_prod/3560600302005.jpg HTTP/1.1" 200 102368 "-" "Mozilla/5.0 (compatible; bingbot/2.0; +http://www.bing.com/bingbot.htm)"
157.55.39.153 - - [26/Jan/2021:19:54:51 +0100] "GET /images/big_prod/8422033225335.jpg HTTP/1.1" 200 179132 "-" "Mozilla/5.0 (compatible; bingbot/2.0; +http://www.bing.com/bingbot.htm)"
207.46.13.37 - - [26/Jan/2021:19:55:03 +0100] "GET /images/3453131103527.jpg HTTP/1.1" 200 22956 "-" "Mozilla/5.0 (compatible; bingbot/2.0; +http://www.bing.com/bingbot.htm)"
207.46.13.55 - - [26/Jan/2021:19:55:44 +0100] "GET /images/big_prod_3/b8717202556908.jpg HTTP/1.1" 200 59423 "-" "Mozilla/5.0 (compatible; bingbot/2.0; +http://www.bing.com/bingbot.htm)"
157.55.39.153 - - [26/Jan/2021:20:02:11 +0100] "GET /images/big_prod/3521320806143a.jpg HTTP/1.1" 200 54943 "-" "Mozilla/5.0 (compatible; bingbot/2.0; +http://www.bing.com/bingbot.htm)"
66.249.70.62 - - [26/Jan/2021:20:04:15 +0100] "GET /images/3700235441261.jpg HTTP/1.1" 200 19364 "-" "Googlebot-Image/1.0"
157.55.39.228 - - [26/Jan/2021:20:05:00 +0100] "GET /images/3438100334539.jpg HTTP/1.1" 200 30991 "-" "Mozilla/5.0 (compatible; bingbot/2.0; +http://www.bing.com/bingbot.htm)"
157.55.39.153 - - [26/Jan/2021:20:06:12 +0100] "GET /images/1399984221303.jpg HTTP/1.1" 200 40308 "-" "Mozilla/5.0 (compatible; bingbot/2.0; +http://www.bing.com/bingbot.htm)"
207.46.13.37 - - [26/Jan/2021:20:07:32 +0100] "GET /images/big_prod_1/b3608860071832.jpg HTTP/1.1" 200 145468 "-" "Mozilla/5.0 (compatible; bingbot/2.0; +http://www.bing.com/bingbot.htm)"
49.12.128.14 - - [26/Jan/2021:20:09:54 +0100] "GET /images/med_prod/3760226372530.jpg HTTP/1.1" 200 97032 "-" "Mozilla/5.0 (X11; Fedora; Linux x86_64) AppleWebKit/537.36 (KHTML, like Gecko) Chrome/79.0.3945.117 Safari/537.36"
185.191.171.9 - - [26/Jan/2021:20:12:00 +0100] "GET /robots.txt HTTP/1.1" 200 2438 "-" "Mozilla/5.0 (compatible; SemrushBot/7~bl; +http://www.semrush.com/bot.html)"
207.46.13.37 - - [26/Jan/2021:20:15:05 +0100] "GET /images/big_prod/1341689139391.jpg HTTP/1.1" 200 148039 "-" "Mozilla/5.0 (compatible; bingbot/2.0; +http://www.bing.com/bingbot.htm)"
157.55.39.130 - - [26/Jan/2021:20:20:16 +0100] "GET /images/big_prod_2/6970204135645C.jpg HTTP/1.1" 200 141400 "-" "Mozilla/5.0 (compatible; bingbot/2.0; +http://www.bing.com/bingbot.htm)"
157.55.39.130 - - [26/Jan/2021:20:20:17 +0100] "GET /images/3438100340806.jpg HTTP/1.1" 200 28986 "-" "Mozilla/5.0 (compatible; bingbot/2.0; +http://www.bing.com/bingbot.htm)"
157.55.39.130 - - [26/Jan/2021:20:20:17 +0100] "GET /images/8432699037265.jpg HTTP/1.1" 200 30771 "-" "Mozilla/5.0 (compatible; bingbot/2.0; +http://www.bing.com/bingbot.htm)"
207.46.13.37 - - [26/Jan/2021:20:20:31 +0100] "GET /images/1399984259832.jpg HTTP/1.1" 200 94093 "-" "Mozilla/5.0 (compatible; bingbot/2.0; +http://www.bing.com/bingbot.htm)"
192.0.99.34 - - [26/Jan/2021:20:22:34 +0100] "GET /images/100_2552.jpg HTTP/1.1" 200 26864 "-" "Photon/1.0"
66.249.81.163 - - [26/Jan/2021:20:25:58 +0100] "GET /images/big_prod_1/3612875114491a.jpg HTTP/1.1" 200 56199 "-" "Mozilla/5.0 (Windows NT 5.1; rv:11.0) Gecko Firefox/11.0 (via ggpht.com GoogleImageProxy)"
207.46.13.37 - - [26/Jan/2021:20:27:57 +0100] "GET /images/big_prod/3457098824204.jpg HTTP/1.1" 200 77594 "-" "Mozilla/5.0 (compatible; bingbot/2.0; +http://www.bing.com/bingbot.htm)"
207.46.13.37 - - [26/Jan/2021:20:27:57 +0100] "GET /images/DSCN3998.jpg HTTP/1.1" 200 21062 "-" "Mozilla/5.0 (compatible; bingbot/2.0; +http://www.bing.com/bingbot.htm)"
216.244.66.242 - - [26/Jan/2021:20:32:32 +0100] "GET /robots.txt HTTP/1.1" 200 2438 "-" "Mozilla/5.0 (compatible; DotBot/1.1; http://www.opensiteexplorer.org/dotbot, help@moz.com)"
207.46.13.53 - - [26/Jan/2021:20:33:41 +0100] "GET /images/big_prod/067103004083.jpg HTTP/1.1" 200 107746 "-" "Mozilla/5.0 (compatible; bingbot/2.0; +http://www.bing.com/bingbot.htm)"
66.249.70.33 - - [26/Jan/2021:20:34:15 +0100] "GET /images/mini_prod/3160704002650.jpg HTTP/1.1" 200 5403 "-" "Googlebot-Image/1.0"
157.55.39.228 - - [26/Jan/2021:20:35:30 +0100] "GET /images/med_prod/4036113830230.jpg HTTP/1.1" 200 174745 "-" "Mozilla/5.0 (compatible; bingbot/2.0; +http://www.bing.com/bingbot.htm)"
114.119.150.15 - - [26/Jan/2021:20:36:43 +0100] "GET /images/big_prod/3453131150637.jpg HTTP/1.1" 200 36559 "-" "Mozilla/5.0 (Linux; Android 7.0;) AppleWebKit/537.36 (KHTML, like Gecko) Mobile Safari/537.36 (compatible; PetalBot;+https://aspiegel.com/petalbot)"
40.114.177.61 - - [26/Jan/2021:20:38:42 +0100] "GET /images/1399984242582.jpg HTTP/1.1" 200 186244 "-" "DuckDuckBot/1.1; (+http://duckduckgo.com/duckduckbot.html)"
157.55.39.153 - - [26/Jan/2021:20:38:54 +0100] "GET /images/big_prod/76000210FB.jpg HTTP/1.1" 200 101469 "-" "Mozilla/5.0 (compatible; bingbot/2.0; +http://www.bing.com/bingbot.htm)"
114.119.145.78 - - [26/Jan/2021:20:50:03 +0100] "GET /robots.txt HTTP/1.1" 200 2438 "-" "(compatible;PetalBot;+https://aspiegel.com/petalbot)"
17.58.101.147 - - [26/Jan/2021:20:50:30 +0100] "GET /images/mini_prod/3014627846351N.jpg HTTP/1.1" 200 4139 "-" "Mozilla/5.0 (Macintosh; Intel Mac OS X 10_15_5) AppleWebKit/605.1.15 (KHTML, like Gecko) Version/13.1.1 Safari/605.1.15 (Applebot/0.1; +http://www.apple.com/go/applebot)"
207.46.13.53 - - [26/Jan/2021:20:50:50 +0100] "GET /images/big_prod_2/c8717202557592.jpg HTTP/1.1" 200 65068 "-" "Mozilla/5.0 (compatible; bingbot/2.0; +http://www.bing.com/bingbot.htm)"
207.46.13.55 - - [26/Jan/2021:20:51:56 +0100] "GET /images/big_prod_1/191693128666B.jpg HTTP/1.1" 200 109627 "-" "Mozilla/5.0 (compatible; bingbot/2.0; +http://www.bing.com/bingbot.htm)"
114.119.144.233 - - [26/Jan/2021:20:54:23 +0100] "GET /images/362981000158705072012.jpg HTTP/1.1" 200 19446 "-" "Mozilla/5.0 (Linux; Android 7.0;) AppleWebKit/537.36 (KHTML, like Gecko) Mobile Safari/537.36 (compatible; PetalBot;+https://aspiegel.com/petalbot)"
157.55.39.228 - - [26/Jan/2021:20:55:43 +0100] "GET /images/1399984246801.gif HTTP/1.1" 200 78722 "-" "Mozilla/5.0 (compatible; bingbot/2.0; +http://www.bing.com/bingbot.htm)"
157.55.39.130 - - [26/Jan/2021:20:55:51 +0100] "GET /images/078257582280.jpg HTTP/1.1" 200 47305 "-" "Mozilla/5.0 (Windows NT 6.1; WOW64) AppleWebKit/534+ (KHTML, like Gecko) BingPreview/1.0b"
157.55.39.153 - - [26/Jan/2021:20:57:46 +0100] "GET /images/3700276232651.jpg HTTP/1.1" 200 50268 "-" "Mozilla/5.0 (Windows NT 6.1; WOW64) AppleWebKit/534+ (KHTML, like Gecko) BingPreview/1.0b"
66.249.70.62 - - [26/Jan/2021:20:58:13 +0100] "GET /robots.txt HTTP/1.1" 200 2438 "-" "Mozilla/5.0 (compatible; Googlebot/2.1; +http://www.google.com/bot.html)"
66.249.70.36 - - [26/Jan/2021:20:58:15 +0100] "GET /images/mini_prod/1384010192092.jpg HTTP/1.1" 200 7993 "-" "Googlebot-Image/1.0"
157.55.39.228 - - [26/Jan/2021:20:59:05 +0100] "GET /images/3438100334539.jpg HTTP/1.1" 200 30991 "-" "Mozilla/5.0 (compatible; bingbot/2.0; +http://www.bing.com/bingbot.htm)"
207.46.13.55 - - [26/Jan/2021:20:59:15 +0100] "GET /images/big_prod/5018997410936B.jpg HTTP/1.1" 200 125275 "-" "Mozilla/5.0 (compatible; bingbot/2.0; +http://www.bing.com/bingbot.htm)"
157.55.39.228 - - [26/Jan/2021:21:02:58 +0100] "GET /images/big_prod/3609810076280.jpg HTTP/1.1" 200 88573 "-" "Mozilla/5.0 (compatible; bingbot/2.0; +http://www.bing.com/bingbot.htm)"
207.46.13.55 - - [26/Jan/2021:21:03:06 +0100] "GET /images/big_prod_2/b5018997612682.jpg HTTP/1.1" 200 86889 "-" "Mozilla/5.0 (compatible; bingbot/2.0; +http://www.bing.com/bingbot.htm)"
157.55.39.153 - - [26/Jan/2021:21:04:29 +0100] "GET /images/big_prod/76000210FB.jpg HTTP/1.1" 200 101469 "-" "Mozilla/5.0 (compatible; bingbot/2.0; +http://www.bing.com/bingbot.htm)"
157.55.39.153 - - [26/Jan/2021:21:04:30 +0100] "GET /images/big_prod/3453131145060BB.jpg HTTP/1.1" 200 87083 "-" "Mozilla/5.0 (compatible; bingbot/2.0; +http://www.bing.com/bingbot.htm)"
207.46.13.53 - - [26/Jan/2021:21:05:32 +0100] "GET /images/big_prod/3609810096172.jpg HTTP/1.1" 200 66616 "-" "Mozilla/5.0 (compatible; bingbot/2.0; +http://www.bing.com/bingbot.htm)"
157.55.39.130 - - [26/Jan/2021:21:05:57 +0100] "GET /highslide/highslide.js HTTP/1.1" 200 42909 "-" "Mozilla/5.0 (compatible; bingbot/2.0; +http://www.bing.com/bingbot.htm)"
157.55.39.130 - - [26/Jan/2021:21:05:58 +0100] "GET /images/3438100321317.jpg HTTP/1.1" 200 31082 "-" "Mozilla/5.0 (compatible; bingbot/2.0; +http://www.bing.com/bingbot.htm)"
157.55.39.130 - - [26/Jan/2021:21:05:58 +0100] "GET /images/big_prod/8718317653148.jpg HTTP/1.1" 200 99644 "-" "Mozilla/5.0 (compatible; bingbot/2.0; +http://www.bing.com/bingbot.htm)"
157.55.39.130 - - [26/Jan/2021:21:05:59 +0100] "GET /images/big_prod/8719497614325.jpg HTTP/1.1" 200 52723 "-" "Mozilla/5.0 (compatible; bingbot/2.0; +http://www.bing.com/bingbot.htm)"
157.55.39.130 - - [26/Jan/2021:21:05:59 +0100] "GET /images/big_prod/1300000022453.jpg HTTP/1.1" 200 209053 "-" "Mozilla/5.0 (compatible; bingbot/2.0; +http://www.bing.com/bingbot.htm)"
207.46.13.53 - - [26/Jan/2021:21:06:04 +0100] "GET /mondial_relay/js/jquery-1.3.2.min.js HTTP/1.1" 200 57254 "-" "Mozilla/5.0 (compatible; bingbot/2.0; +http://www.bing.com/bingbot.htm)"
207.46.13.53 - - [26/Jan/2021:21:06:04 +0100] "GET /mondial_relay/js/jquery-1.3.2.min.js HTTP/1.1" 200 57254 "-" "Mozilla/5.0 (compatible; bingbot/2.0; +http://www.bing.com/bingbot.htm)"
157.55.39.130 - - [26/Jan/2021:21:06:10 +0100] "GET /images/Image91.jpg HTTP/1.1" 200 27520 "-" "Mozilla/5.0 (compatible; bingbot/2.0; +http://www.bing.com/bingbot.htm)"
157.55.39.130 - - [26/Jan/2021:21:06:11 +0100] "GET /highslide/highslide.js HTTP/1.1" 200 42909 "-" "Mozilla/5.0 (compatible; bingbot/2.0; +http://www.bing.com/bingbot.htm)"
157.55.39.130 - - [26/Jan/2021:21:06:11 +0100] "GET /images/big_prod/8487012480242.jpg HTTP/1.1" 200 194339 "-" "Mozilla/5.0 (compatible; bingbot/2.0; +http://www.bing.com/bingbot.htm)"
114.119.129.36 - - [26/Jan/2021:21:07:19 +0100] "GET /images/mini_prod/8422002209434.jpg HTTP/1.1" 200 7101 "-" "Mozilla/5.0 (Linux; Android 7.0;) AppleWebKit/537.36 (KHTML, like Gecko) Mobile Safari/537.36 (compatible; PetalBot;+https://aspiegel.com/petalbot)"
157.55.39.6 - - [26/Jan/2021:21:08:06 +0100] "GET /robots.txt HTTP/1.1" 200 2438 "-" "Mozilla/5.0 (compatible; bingbot/2.0; +http://www.bing.com/bingbot.htm)"
207.46.13.53 - - [26/Jan/2021:21:08:17 +0100] "GET /images/big_prod/5018997616239.jpg HTTP/1.1" 200 105456 "-" "Mozilla/5.0 (compatible; bingbot/2.0; +http://www.bing.com/bingbot.htm)"
114.119.145.117 - - [26/Jan/2021:21:11:39 +0100] "GET /images/big_prod_1/8433933148945N.jpg HTTP/1.1" 200 89486 "-" "Mozilla/5.0 (Linux; Android 7.0;) AppleWebKit/537.36 (KHTML, like Gecko) Mobile Safari/537.36 (compatible; PetalBot;+https://aspiegel.com/petalbot)"
207.46.13.55 - - [26/Jan/2021:21:11:48 +0100] "GET /images/big_prod/5018997410936B.jpg HTTP/1.1" 200 125275 "-" "Mozilla/5.0 (compatible; bingbot/2.0; +http://www.bing.com/bingbot.htm)"
74.125.209.52 - - [26/Jan/2021:21:12:57 +0100] "GET /images/big_prod_1/5027148011052.jpg HTTP/1.1" 200 119144 "-" "Mozilla/5.0 (Windows NT 5.1; rv:11.0) Gecko Firefox/11.0 (via ggpht.com GoogleImageProxy)"
74.125.209.52 - - [26/Jan/2021:21:13:14 +0100] "GET /images/big_prod/9316188073325.jpg HTTP/1.1" 200 49167 "-" "Mozilla/5.0 (Windows NT 5.1; rv:11.0) Gecko Firefox/11.0 (via ggpht.com GoogleImageProxy)"
207.46.13.53 - - [26/Jan/2021:21:13:40 +0100] "GET /images/big_prod/1399986100009.jpg HTTP/1.1" 200 114899 "-" "Mozilla/5.0 (compatible; bingbot/2.0; +http://www.bing.com/bingbot.htm)"
74.125.209.50 - - [26/Jan/2021:21:15:01 +0100] "GET /images/big_prod/9316188073332.jpg HTTP/1.1" 200 48804 "-" "Mozilla/5.0 (Windows NT 5.1; rv:11.0) Gecko Firefox/11.0 (via ggpht.com GoogleImageProxy)"
74.125.209.50 - - [26/Jan/2021:21:15:27 +0100] "GET /images/big_prod/9316188073356.jpg HTTP/1.1" 200 53925 "-" "Mozilla/5.0 (Windows NT 5.1; rv:11.0) Gecko Firefox/11.0 (via ggpht.com GoogleImageProxy)"
157.55.39.228 - - [26/Jan/2021:21:15:36 +0100] "GET /images/big_prod/1300000022811.jpg HTTP/1.1" 200 67388 "-" "Mozilla/5.0 (compatible; bingbot/2.0; +http://www.bing.com/bingbot.htm)"
114.119.144.233 - - [26/Jan/2021:21:15:59 +0100] "GET /images/3388761924573.jpg HTTP/1.1" 200 33996 "-" "Mozilla/5.0 (Linux; Android 7.0;) AppleWebKit/537.36 (KHTML, like Gecko) Mobile Safari/537.36 (compatible; PetalBot;+https://aspiegel.com/petalbot)"
157.55.39.153 - - [26/Jan/2021:21:20:27 +0100] "GET /images/big_prod/4036113510743.jpg HTTP/1.1" 200 160594 "-" "Mozilla/5.0 (compatible; bingbot/2.0; +http://www.bing.com/bingbot.htm)"
66.249.80.38 - - [26/Jan/2021:21:20:46 +0100] "GET /images/big_prod/3700516267757.jpg HTTP/1.1" 200 109365 "-" "Mozilla/5.0 (Windows NT 5.1; rv:11.0) Gecko Firefox/11.0 (via ggpht.com GoogleImageProxy)"
207.46.13.6 - - [26/Jan/2021:21:21:25 +0100] "GET /images/4036113830056.jpg HTTP/1.1" 200 61620 "-" "Mozilla/5.0 (compatible; bingbot/2.0; +http://www.bing.com/bingbot.htm)"
207.46.13.6 - - [26/Jan/2021:21:21:26 +0100] "GET /images/big_prod/3612875114903.jpg HTTP/1.1" 200 121173 "-" "Mozilla/5.0 (compatible; bingbot/2.0; +http://www.bing.com/bingbot.htm)"
207.46.13.6 - - [26/Jan/2021:21:21:26 +0100] "GET /images/1399984232668.jpg HTTP/1.1" 200 54328 "-" "Mozilla/5.0 (compatible; bingbot/2.0; +http://www.bing.com/bingbot.htm)"
207.46.13.6 - - [26/Jan/2021:21:21:26 +0100] "GET /images/3521320605586.jpg HTTP/1.1" 200 22300 "-" "Mozilla/5.0 (compatible; bingbot/2.0; +http://www.bing.com/bingbot.htm)"
66.249.70.33 - - [26/Jan/2021:21:22:15 +0100] "GET /images/big_prod/8499132034984.jpg HTTP/1.1" 200 118488 "-" "Googlebot-Image/1.0"
207.46.13.55 - - [26/Jan/2021:21:29:21 +0100] "GET /images/big_prod/3609810098848.jpg HTTP/1.1" 200 67125 "-" "Mozilla/5.0 (compatible; bingbot/2.0; +http://www.bing.com/bingbot.htm)"
207.46.13.37 - - [26/Jan/2021:21:36:35 +0100] "GET /images/big_prod/3609810076181.jpg HTTP/1.1" 200 66800 "-" "Mozilla/5.0 (compatible; bingbot/2.0; +http://www.bing.com/bingbot.htm)"
157.55.39.149 - - [26/Jan/2021:21:37:05 +0100] "GET /images/big_prod/3014627556526.jpg HTTP/1.1" 200 41016 "-" "Mozilla/5.0 (compatible; bingbot/2.0; +http://www.bing.com/bingbot.htm)"
157.55.39.149 - - [26/Jan/2021:21:38:04 +0100] "GET /images/big_prod/8422081961377.jpg HTTP/1.1" 200 165458 "-" "Mozilla/5.0 (compatible; bingbot/2.0; +http://www.bing.com/bingbot.htm)"
207.46.13.53 - - [26/Jan/2021:21:40:31 +0100] "GET /images/big_prod/5024693142538.jpg HTTP/1.1" 200 97021 "-" "Mozilla/5.0 (compatible; bingbot/2.0; +http://www.bing.com/bingbot.htm)"
216.244.66.242 - - [26/Jan/2021:21:40:36 +0100] "GET /robots.txt HTTP/1.1" 200 2438 "-" "Mozilla/5.0 (compatible; DotBot/1.1; http://www.opensiteexplorer.org/dotbot, help@moz.com)"
84.20.250.176 - - [26/Jan/2021:21:43:38 +0100] "GET /js/jquery.jqzoom.js HTTP/1.1" 200 4761 "http://www.wonder-geek.com/incense-spiritual-guide-10-grams-or-about-sticks-p-35490.html" "Mozilla/5.0 (Windows NT 10.0; Win64; x64) AppleWebKit/537.36 (KHTML, like Gecko) Chrome/88.0.4324.104 Safari/537.36"
84.20.250.176 - - [26/Jan/2021:21:43:38 +0100] "GET /highslide/highslide.js HTTP/1.1" 200 42909 "http://www.wonder-geek.com/incense-spiritual-guide-10-grams-or-about-sticks-p-35490.html" "Mozilla/5.0 (Windows NT 10.0; Win64; x64) AppleWebKit/537.36 (KHTML, like Gecko) Chrome/88.0.4324.104 Safari/537.36"
84.20.250.176 - - [26/Jan/2021:21:43:38 +0100] "GET /templates/Pixame_v1/stylesheet.css HTTP/1.1" 200 56057 "http://www.wonder-geek.com/incense-spiritual-guide-10-grams-or-about-sticks-p-35490.html" "Mozilla/5.0 (Windows NT 10.0; Win64; x64) AppleWebKit/537.36 (KHTML, like Gecko) Chrome/88.0.4324.104 Safari/537.36"
84.20.250.176 - - [26/Jan/2021:21:43:38 +0100] "GET /js/jquery.js HTTP/1.1" 200 54075 "http://www.wonder-geek.com/incense-spiritual-guide-10-grams-or-about-sticks-p-35490.html" "Mozilla/5.0 (Windows NT 10.0; Win64; x64) AppleWebKit/537.36 (KHTML, like Gecko) Chrome/88.0.4324.104 Safari/537.36"
84.20.250.176 - - [26/Jan/2021:21:43:38 +0100] "GET /mondial_relay/js/jquery-1.3.2.min.js HTTP/1.1" 200 57254 "http://www.wonder-geek.com/incense-spiritual-guide-10-grams-or-about-sticks-p-35490.html" "Mozilla/5.0 (Windows NT 10.0; Win64; x64) AppleWebKit/537.36 (KHTML, like Gecko) Chrome/88.0.4324.104 Safari/537.36"
84.20.250.176 - - [26/Jan/2021:21:43:38 +0100] "GET /templates/Pixame_v1/images/icon_accueil2.png HTTP/1.1" 200 1137 "http://www.wonder-geek.com/incense-spiritual-guide-10-grams-or-about-sticks-p-35490.html" "Mozilla/5.0 (Windows NT 10.0; Win64; x64) AppleWebKit/537.36 (KHTML, like Gecko) Chrome/88.0.4324.104 Safari/537.36"
84.20.250.176 - - [26/Jan/2021:21:43:38 +0100] "GET /templates/Pixame_v1/images/buttons/english/button_in_cart.gif HTTP/1.1" 200 1212 "http://www.wonder-geek.com/incense-spiritual-guide-10-grams-or-about-sticks-p-35490.html" "Mozilla/5.0 (Windows NT 10.0; Win64; x64) AppleWebKit/537.36 (KHTML, like Gecko) Chrome/88.0.4324.104 Safari/537.36"
84.20.250.176 - - [26/Jan/2021:21:43:38 +0100] "GET /templates/Pixame_v1/images/nav.png HTTP/1.1" 200 1283 "http://www.wonder-geek.com/templates/Pixame_v1/stylesheet.css" "Mozilla/5.0 (Windows NT 10.0; Win64; x64) AppleWebKit/537.36 (KHTML, like Gecko) Chrome/88.0.4324.104 Safari/537.36"
84.20.250.176 - - [26/Jan/2021:21:43:38 +0100] "GET /templates/Pixame_v1/images/Bottom_texture.jpg HTTP/1.1" 200 56290 "http://www.wonder-geek.com/templates/Pixame_v1/stylesheet.css" "Mozilla/5.0 (Windows NT 10.0; Win64; x64) AppleWebKit/537.36 (KHTML, like Gecko) Chrome/88.0.4324.104 Safari/537.36"
84.20.250.176 - - [26/Jan/2021:21:43:38 +0100] "GET /templates/Pixame_v1/images/header.png HTTP/1.1" 200 70245 "http://www.wonder-geek.com/templates/Pixame_v1/stylesheet.css" "Mozilla/5.0 (Windows NT 10.0; Win64; x64) AppleWebKit/537.36 (KHTML, like Gecko) Chrome/88.0.4324.104 Safari/537.36"
84.20.250.176 - - [26/Jan/2021:21:43:38 +0100] "GET /templates/Pixame_v1/images/header-object.png HTTP/1.1" 200 106050 "http://www.wonder-geek.com/templates/Pixame_v1/stylesheet.css" "Mozilla/5.0 (Windows NT 10.0; Win64; x64) AppleWebKit/537.36 (KHTML, like Gecko) Chrome/88.0.4324.104 Safari/537.36"
84.20.250.176 - - [26/Jan/2021:21:43:38 +0100] "GET /design/productsenstock.png HTTP/1.1" 200 4743 "http://www.wonder-geek.com/templates/Pixame_v1/stylesheet.css" "Mozilla/5.0 (Windows NT 10.0; Win64; x64) AppleWebKit/537.36 (KHTML, like Gecko) Chrome/88.0.4324.104 Safari/537.36"
84.20.250.176 - - [26/Jan/2021:21:43:38 +0100] "GET /images/big_prod/8901319003121.jpg HTTP/1.1" 200 107148 "http://www.wonder-geek.com/incense-spiritual-guide-10-grams-or-about-sticks-p-35490.html" "Mozilla/5.0 (Windows NT 10.0; Win64; x64) AppleWebKit/537.36 (KHTML, like Gecko) Chrome/88.0.4324.104 Safari/537.36"
84.20.250.176 - - [26/Jan/2021:21:43:38 +0100] "GET /templates/Pixame_v1/images/Middle_texture.jpg HTTP/1.1" 200 249620 "http://www.wonder-geek.com/templates/Pixame_v1/stylesheet.css" "Mozilla/5.0 (Windows NT 10.0; Win64; x64) AppleWebKit/537.36 (KHTML, like Gecko) Chrome/88.0.4324.104 Safari/537.36"
