95.160.158.31 - - [26/Jan/2021:11:18:19 +0100] "GET /favicon.ico HTTP/1.1" 200 1591 "http://www.wonder-geek.com/" "Mozilla/5.0 (iPhone; CPU iPhone OS 14_3 like Mac OS X) AppleWebKit/605.1.15 (KHTML, like Gecko) Version/14.0.2 Mobile/15E148 Safari/604.1"
207.46.13.37 - - [26/Jan/2021:11:18:41 +0100] "GET /images/big_prod_1/8719497614301b.jpg HTTP/1.1" 200 39466 "-" "Mozilla/5.0 (compatible; bingbot/2.0; +http://www.bing.com/bingbot.htm)"
13.66.139.136 - - [26/Jan/2021:11:24:48 +0100] "GET /images/big_prod/3609810070813.jpg HTTP/1.1" 200 64978 "-" "Mozilla/5.0 (compatible; bingbot/2.0; +http://www.bing.com/bingbot.htm)"
13.66.139.5 - - [26/Jan/2021:11:25:57 +0100] "GET /images/big_prod_1/a5018997628140.jpg HTTP/1.1" 200 66834 "-" "Mozilla/5.0 (compatible; bingbot/2.0; +http://www.bing.com/bingbot.htm)"
207.46.13.6 - - [26/Jan/2021:11:26:44 +0100] "GET /images/8427787043211.jpg HTTP/1.1" 200 30887 "-" "Mozilla/5.0 (compatible; bingbot/2.0; +http://www.bing.com/bingbot.htm)"
207.46.13.6 - - [26/Jan/2021:11:26:45 +0100] "GET /images/big_prod/1341689182328.jpg HTTP/1.1" 200 37244 "-" "Mozilla/5.0 (compatible; bingbot/2.0; +http://www.bing.com/bingbot.htm)"
66.249.70.62 - - [26/Jan/2021:11:27:10 +0100] "GET /images/big_prod/1399986100439.jpg HTTP/1.1" 200 202238 "-" "Googlebot-Image/1.0"
207.46.13.37 - - [26/Jan/2021:11:27:34 +0100] "GET /images/8033667001143.jpg HTTP/1.1" 200 38796 "-" "Mozilla/5.0 (compatible; bingbot/2.0; +http://www.bing.com/bingbot.htm)"
157.55.39.153 - - [26/Jan/2021:11:28:21 +0100] "GET /images/med_prod/3681643114582N.jpg HTTP/1.1" 200 80454 "-" "Mozilla/5.0 (compatible; bingbot/2.0; +http://www.bing.com/bingbot.htm)"
51.15.184.86 - - [26/Jan/2021:11:30:11 +0100] "GET /images/med_prod/3661977002632.jpg HTTP/1.0" 200 152963 "-" "-"
51.15.184.86 - - [26/Jan/2021:11:30:11 +0100] "GET /images/med_prod/3661977002632.jpg HTTP/1.0" 200 152963 "-" "-"
157.55.39.228 - - [26/Jan/2021:11:31:25 +0100] "GET /images/big_prod/8422001017627.jpg HTTP/1.1" 200 67571 "-" "Mozilla/5.0 (compatible; bingbot/2.0; +http://www.bing.com/bingbot.htm)"
157.55.39.149 - - [26/Jan/2021:11:33:56 +0100] "GET /images/big_prod/3612874117806.jpg HTTP/1.1" 200 103364 "-" "Mozilla/5.0 (compatible; bingbot/2.0; +http://www.bing.com/bingbot.htm)"
13.66.139.5 - - [26/Jan/2021:11:35:48 +0100] "GET /images/8420406603230.jpg HTTP/1.1" 200 34414 "-" "Mozilla/5.0 (compatible; bingbot/2.0; +http://www.bing.com/bingbot.htm)"
13.66.139.5 - - [26/Jan/2021:11:35:49 +0100] "GET /images/5055071654251.jpg HTTP/1.1" 200 84562 "-" "Mozilla/5.0 (compatible; bingbot/2.0; +http://www.bing.com/bingbot.htm)"
207.46.13.6 - - [26/Jan/2021:11:36:37 +0100] "GET /images/8427787034806.jpg HTTP/1.1" 200 21133 "-" "Mozilla/5.0 (compatible; bingbot/2.0; +http://www.bing.com/bingbot.htm)"
157.55.39.130 - - [26/Jan/2021:11:37:00 +0100] "GET /robots.txt HTTP/1.1" 200 2438 "-" "Mozilla/5.0 (compatible; bingbot/2.0; +http://www.bing.com/bingbot.htm)"
157.55.39.130 - - [26/Jan/2021:11:37:01 +0100] "GET /images/big_prod/3442440232141.jpg HTTP/1.1" 200 98011 "-" "Mozilla/5.0 (compatible; bingbot/2.0; +http://www.bing.com/bingbot.htm)"
157.55.39.130 - - [26/Jan/2021:11:37:01 +0100] "GET /images/big_prod_1/045544960052.jpg HTTP/1.1" 200 106871 "-" "Mozilla/5.0 (compatible; bingbot/2.0; +http://www.bing.com/bingbot.htm)"
157.55.39.130 - - [26/Jan/2021:11:37:02 +0100] "GET /images/4010070222550.jpg HTTP/1.1" 200 55682 "-" "Mozilla/5.0 (compatible; bingbot/2.0; +http://www.bing.com/bingbot.htm)"
207.46.13.53 - - [26/Jan/2021:11:37:12 +0100] "GET /images/big_prod_1/637139832663375153.jpg HTTP/1.1" 200 111570 "-" "Mozilla/5.0 (compatible; bingbot/2.0; +http://www.bing.com/bingbot.htm)"
157.55.39.130 - - [26/Jan/2021:11:37:21 +0100] "GET /images/big_prod_2/8422302656402a.jpg HTTP/1.1" 200 116195 "-" "Mozilla/5.0 (compatible; bingbot/2.0; +http://www.bing.com/bingbot.htm)"
157.55.39.130 - - [26/Jan/2021:11:37:22 +0100] "GET /images/3700276254981.jpg HTTP/1.1" 200 42768 "-" "Mozilla/5.0 (compatible; bingbot/2.0; +http://www.bing.com/bingbot.htm)"
157.55.39.130 - - [26/Jan/2021:11:37:22 +0100] "GET /robots.txt HTTP/1.1" 200 2438 "-" "Mozilla/5.0 (compatible; bingbot/2.0; +http://www.bing.com/bingbot.htm)"
157.55.39.130 - - [26/Jan/2021:11:37:22 +0100] "GET /images/big_prod/8020912049258.jpg HTTP/1.1" 200 108225 "-" "Mozilla/5.0 (compatible; bingbot/2.0; +http://www.bing.com/bingbot.htm)"
157.55.39.130 - - [26/Jan/2021:11:37:23 +0100] "GET /images/big_prod/3453131154130.jpg HTTP/1.1" 200 102099 "-" "Mozilla/5.0 (compatible; bingbot/2.0; +http://www.bing.com/bingbot.htm)"
157.55.39.130 - - [26/Jan/2021:11:37:38 +0100] "GET /images/med_prod/1399984287774.jpg HTTP/1.1" 200 142078 "-" "Mozilla/5.0 (compatible; bingbot/2.0; +http://www.bing.com/bingbot.htm)"
157.55.39.130 - - [26/Jan/2021:11:37:38 +0100] "GET /images/634482306635.jpg HTTP/1.1" 200 31606 "-" "Mozilla/5.0 (compatible; bingbot/2.0; +http://www.bing.com/bingbot.htm)"
157.55.39.130 - - [26/Jan/2021:11:37:38 +0100] "GET /robots.txt HTTP/1.1" 200 2438 "-" "Mozilla/5.0 (compatible; bingbot/2.0; +http://www.bing.com/bingbot.htm)"
157.55.39.130 - - [26/Jan/2021:11:37:38 +0100] "GET /highslide/highslide.js HTTP/1.1" 200 42909 "-" "Mozilla/5.0 (compatible; bingbot/2.0; +http://www.bing.com/bingbot.htm)"
207.46.13.53 - - [26/Jan/2021:11:41:43 +0100] "GET /images/8003990623916.jpg HTTP/1.1" 200 46042 "-" "Mozilla/5.0 (compatible; bingbot/2.0; +http://www.bing.com/bingbot.htm)"
207.46.13.6 - - [26/Jan/2021:11:42:42 +0100] "GET /images/8427787034806.jpg HTTP/1.1" 200 21133 "-" "Mozilla/5.0 (compatible; bingbot/2.0; +http://www.bing.com/bingbot.htm)"
207.46.13.55 - - [26/Jan/2021:11:42:46 +0100] "GET /images/big_prod_2/5404006037964b.jpg HTTP/1.1" 200 68282 "-" "Mozilla/5.0 (compatible; bingbot/2.0; +http://www.bing.com/bingbot.htm)"
13.66.139.5 - - [26/Jan/2021:11:42:52 +0100] "GET /images/big_prod/3281640406149b.jpg HTTP/1.1" 200 174080 "-" "Mozilla/5.0 (compatible; bingbot/2.0; +http://www.bing.com/bingbot.htm)"
157.55.39.153 - - [26/Jan/2021:11:43:38 +0100] "GET /images/big_prod_1/3014627981281b.jpg HTTP/1.1" 200 290639 "-" "Mozilla/5.0 (compatible; bingbot/2.0; +http://www.bing.com/bingbot.htm)"
207.46.13.37 - - [26/Jan/2021:11:44:40 +0100] "GET /images/big_prod/8422099381419.jpg HTTP/1.1" 200 55333 "-" "Mozilla/5.0 (compatible; bingbot/2.0; +http://www.bing.com/bingbot.htm)"
207.46.13.55 - - [26/Jan/2021:11:44:45 +0100] "GET /images/med_prod/1345544787208.jpg HTTP/1.1" 200 89874 "-" "Mozilla/5.0 (compatible; bingbot/2.0; +http://www.bing.com/bingbot.htm)"
207.46.13.37 - - [26/Jan/2021:11:47:21 +0100] "GET /images/hiver048.jpg HTTP/1.1" 200 58190 "-" "Mozilla/5.0 (compatible; bingbot/2.0; +http://www.bing.com/bingbot.htm)"
157.55.39.228 - - [26/Jan/2021:11:47:26 +0100] "GET /images/big_prod/3453131145671.jpg HTTP/1.1" 200 104347 "-" "Mozilla/5.0 (compatible; bingbot/2.0; +http://www.bing.com/bingbot.htm)"
13.66.139.136 - - [26/Jan/2021:11:48:30 +0100] "GET /images/big_prod/3453131152594.jpg HTTP/1.1" 200 116943 "-" "Mozilla/5.0 (compatible; bingbot/2.0; +http://www.bing.com/bingbot.htm)"
13.66.139.5 - - [26/Jan/2021:11:49:50 +0100] "GET /images/big_prod/3574642579837.jpg HTTP/1.1" 200 152213 "-" "Mozilla/5.0 (compatible; bingbot/2.0; +http://www.bing.com/bingbot.htm)"
162.210.196.130 - - [26/Jan/2021:11:50:58 +0100] "GET /robots.txt HTTP/1.1" 200 2438 "-" "Mozilla/5.0 (compatible; MJ12bot/v1.4.8; http://mj12bot.com/)"
13.66.139.136 - - [26/Jan/2021:11:51:40 +0100] "GET /images/mini_prod/img11159.gif HTTP/1.1" 200 13213 "-" "Mozilla/5.0 (compatible; bingbot/2.0; +http://www.bing.com/bingbot.htm)"
157.55.39.228 - - [26/Jan/2021:11:51:59 +0100] "GET /images/big_prod/8422001017627.jpg HTTP/1.1" 200 67571 "-" "Mozilla/5.0 (compatible; bingbot/2.0; +http://www.bing.com/bingbot.htm)"
13.66.139.136 - - [26/Jan/2021:11:55:01 +0100] "GET /images/big_prod_1/8433933164440b.jpg HTTP/1.1" 200 87092 "-" "Mozilla/5.0 (compatible; bingbot/2.0; +http://www.bing.com/bingbot.htm)"
13.66.139.136 - - [26/Jan/2021:11:55:01 +0100] "GET /images/big_prod/8422033176613.jpg HTTP/1.1" 200 140141 "-" "Mozilla/5.0 (compatible; bingbot/2.0; +http://www.bing.com/bingbot.htm)"
66.249.70.36 - - [26/Jan/2021:11:55:07 +0100] "GET /images/big_prod_3/4250255859304c.jpg HTTP/1.1" 200 39769 "-" "Googlebot-Image/1.0"
157.55.39.149 - - [26/Jan/2021:11:57:04 +0100] "GET /images/8006529251222.jpg HTTP/1.1" 200 19662 "-" "Mozilla/5.0 (compatible; bingbot/2.0; +http://www.bing.com/bingbot.htm)"
34.75.21.143 - - [26/Jan/2021:11:57:43 +0100] "GET /robots.txt HTTP/1.0" 200 2438 "-" "ZoominfoBot (zoominfobot at zoominfo dot com)"
109.156.129.238 - - [26/Jan/2021:11:57:44 +0100] "GET /images/big_prod/8422014754311.jpg HTTP/1.1" 200 43757 "-" "Mozilla/5.0 (Windows NT 6.1; Win64; x64; rv:84.0) Gecko/20100101 Firefox/84.0"
109.156.129.238 - - [26/Jan/2021:12:00:19 +0100] "GET /images/big_prod/8422014754304.jpg HTTP/1.1" 200 51637 "-" "Mozilla/5.0 (Windows NT 6.1; Win64; x64; rv:84.0) Gecko/20100101 Firefox/84.0"
207.46.13.37 - - [26/Jan/2021:12:00:26 +0100] "GET /js/jquery.masonry.min.js HTTP/1.1" 200 5392 "-" "Mozilla/5.0 (compatible; bingbot/2.0; +http://www.bing.com/bingbot.htm)"
207.46.13.37 - - [26/Jan/2021:12:00:43 +0100] "GET /images/big_prod_1/8719497614301b.jpg HTTP/1.1" 200 39466 "-" "Mozilla/5.0 (compatible; bingbot/2.0; +http://www.bing.com/bingbot.htm)"
13.66.139.136 - - [26/Jan/2021:12:01:32 +0100] "GET /images/med_prod/1399984284520.jpg HTTP/1.1" 200 106912 "-" "Mozilla/5.0 (compatible; bingbot/2.0; +http://www.bing.com/bingbot.htm)"
13.66.139.5 - - [26/Jan/2021:12:03:52 +0100] "GET /images/DSCN06493384372119384.jpg HTTP/1.1" 200 33915 "-" "Mozilla/5.0 (compatible; bingbot/2.0; +http://www.bing.com/bingbot.htm)"
13.66.139.139 - - [26/Jan/2021:12:06:01 +0100] "GET /images/big_prod/4012390386738.jpg HTTP/1.1" 200 77069 "-" "Mozilla/5.0 (compatible; bingbot/2.0; +http://www.bing.com/bingbot.htm)"
157.55.39.149 - - [26/Jan/2021:12:06:17 +0100] "GET /images/big_prod/1399986102747.jpg HTTP/1.1" 200 101329 "-" "Mozilla/5.0 (compatible; bingbot/2.0; +http://www.bing.com/bingbot.htm)"
66.249.70.33 - - [26/Jan/2021:12:07:07 +0100] "GET /images/big_prod/5051276344560.jpg HTTP/1.1" 200 59635 "-" "Googlebot-Image/1.0"
31.148.205.45 - - [26/Jan/2021:12:07:59 +0100] "GET /images/big_prod/3700742703814N.jpg HTTP/1.1" 200 78607 "-" "Mozilla/5.0 (Linux; arm_64; Android 9; F1) AppleWebKit/537.36 (KHTML, like Gecko) Chrome/81.0.4044.138 YaBrowser/20.6.3.54.00 SA/1 Mobile Safari/537.36"
207.46.13.37 - - [26/Jan/2021:12:17:39 +0100] "GET /images/big_prod/3560600314114.jpg HTTP/1.1" 200 64957 "-" "Mozilla/5.0 (compatible; bingbot/2.0; +http://www.bing.com/bingbot.htm)"
207.46.13.37 - - [26/Jan/2021:12:17:40 +0100] "GET /images/big_prod/5051276344430.jpg HTTP/1.1" 200 76909 "-" "Mozilla/5.0 (compatible; bingbot/2.0; +http://www.bing.com/bingbot.htm)"
13.66.139.5 - - [26/Jan/2021:12:17:53 +0100] "GET /images/med_prod/1399984284704.jpg HTTP/1.1" 200 147678 "-" "Mozilla/5.0 (compatible; bingbot/2.0; +http://www.bing.com/bingbot.htm)"
66.249.70.33 - - [26/Jan/2021:12:19:07 +0100] "GET /images/mini_prod/7601020000433.jpg HTTP/1.1" 200 7398 "-" "Googlebot-Image/1.0"
207.46.13.6 - - [26/Jan/2021:12:19:09 +0100] "GET /images/med_prod/1384010184059.jpg HTTP/1.1" 200 139602 "-" "Mozilla/5.0 (compatible; bingbot/2.0; +http://www.bing.com/bingbot.htm)"
207.46.13.6 - - [26/Jan/2021:12:19:09 +0100] "GET /images/1399984253625.jpg HTTP/1.1" 200 28629 "-" "Mozilla/5.0 (compatible; bingbot/2.0; +http://www.bing.com/bingbot.htm)"
207.46.13.6 - - [26/Jan/2021:12:19:09 +0100] "GET /images/1399984258774.jpg HTTP/1.1" 200 68701 "-" "Mozilla/5.0 (compatible; bingbot/2.0; +http://www.bing.com/bingbot.htm)"
207.46.13.6 - - [26/Jan/2021:12:19:09 +0100] "GET /images/med_prod/1384010184059.jpg HTTP/1.1" 200 139602 "-" "Mozilla/5.0 (compatible; bingbot/2.0; +http://www.bing.com/bingbot.htm)"
207.46.13.6 - - [26/Jan/2021:12:19:10 +0100] "GET /images/big_prod/3503420111143.jpg HTTP/1.1" 200 68538 "-" "Mozilla/5.0 (compatible; bingbot/2.0; +http://www.bing.com/bingbot.htm)"
157.55.39.228 - - [26/Jan/2021:12:20:08 +0100] "GET /images/big_prod/1399985000341.jpg HTTP/1.1" 200 84886 "-" "Mozilla/5.0 (compatible; bingbot/2.0; +http://www.bing.com/bingbot.htm)"
13.66.139.139 - - [26/Jan/2021:12:21:53 +0100] "GET /images/big_prod_1/b067103378290.jpg HTTP/1.1" 200 74006 "-" "Mozilla/5.0 (compatible; bingbot/2.0; +http://www.bing.com/bingbot.htm)"
13.66.139.136 - - [26/Jan/2021:12:24:34 +0100] "GET /images/big_prod/3560600293693.jpg HTTP/1.1" 200 103053 "-" "Mozilla/5.0 (compatible; bingbot/2.0; +http://www.bing.com/bingbot.htm)"
157.55.39.153 - - [26/Jan/2021:12:25:09 +0100] "GET /images/big_prod/9316188068246.jpg HTTP/1.1" 200 69715 "-" "Mozilla/5.0 (compatible; bingbot/2.0; +http://www.bing.com/bingbot.htm)"
106.11.157.72 - - [26/Jan/2021:12:27:24 +0100] "GET /templates/Pixame_v1/stylesheet.css HTTP/1.1" 200 56057 "http://www.wonder-geek.com/board-games-c-4_47.html" "Mozilla/5.0 (Windows NT 6.1; Win64; x64) AppleWebKit/537.36 (KHTML, like Gecko) Chrome/69.0.3497.81 YisouSpider/5.0 Safari/537.36"
207.46.13.53 - - [26/Jan/2021:12:28:51 +0100] "GET /images/med_prod/000000000000008760N.jpg HTTP/1.1" 200 75061 "-" "Mozilla/5.0 (compatible; bingbot/2.0; +http://www.bing.com/bingbot.htm)"
66.249.70.62 - - [26/Jan/2021:12:31:07 +0100] "GET /images/3565750199666.jpg HTTP/1.1" 200 86029 "-" "Googlebot-Image/1.0"
207.46.13.53 - - [26/Jan/2021:12:33:14 +0100] "GET /images/8003990623916.jpg HTTP/1.1" 200 46042 "-" "Mozilla/5.0 (compatible; bingbot/2.0; +http://www.bing.com/bingbot.htm)"
207.46.13.53 - - [26/Jan/2021:12:33:42 +0100] "GET /images/big_prod/3453131126564.jpg HTTP/1.1" 200 112049 "-" "Mozilla/5.0 (compatible; bingbot/2.0; +http://www.bing.com/bingbot.htm)"
207.46.13.55 - - [26/Jan/2021:12:35:10 +0100] "GET /images/big_prod/3565750269598.jpg HTTP/1.1" 200 90152 "-" "Mozilla/5.0 (compatible; bingbot/2.0; +http://www.bing.com/bingbot.htm)"
207.46.13.37 - - [26/Jan/2021:12:35:53 +0100] "GET /images/med_prod/3681643611173.jpg HTTP/1.1" 200 107385 "-" "Mozilla/5.0 (compatible; bingbot/2.0; +http://www.bing.com/bingbot.htm)"
66.160.140.184 - - [26/Jan/2021:12:37:18 +0100] "GET /robots.txt HTTP/1.1" 200 2438 "-" "The Knowledge AI"
13.66.139.5 - - [26/Jan/2021:12:39:05 +0100] "GET /images/4010070231163.jpg HTTP/1.1" 200 33531 "-" "Mozilla/5.0 (compatible; bingbot/2.0; +http://www.bing.com/bingbot.htm)"
114.119.150.15 - - [26/Jan/2021:12:40:01 +0100] "GET /images/big_prod_1/5018997619230B.jpg HTTP/1.1" 200 79644 "-" "Mozilla/5.0 (Linux; Android 7.0;) AppleWebKit/537.36 (KHTML, like Gecko) Mobile Safari/537.36 (compatible; PetalBot;+https://aspiegel.com/petalbot)"
13.66.139.2 - - [26/Jan/2021:12:40:04 +0100] "GET /images/3760194999890.jpg HTTP/1.1" 200 35333 "-" "Mozilla/5.0 (compatible; bingbot/2.0; +http://www.bing.com/bingbot.htm)"
157.55.39.153 - - [26/Jan/2021:12:40:20 +0100] "GET /images/big_prod/501365013699138951.jpg HTTP/1.1" 200 103555 "-" "Mozilla/5.0 (compatible; bingbot/2.0; +http://www.bing.com/bingbot.htm)"
207.46.13.53 - - [26/Jan/2021:12:40:46 +0100] "GET /images/big_prod/3014627948581.jpg HTTP/1.1" 200 167592 "-" "Mozilla/5.0 (compatible; bingbot/2.0; +http://www.bing.com/bingbot.htm)"
207.46.13.53 - - [26/Jan/2021:12:42:36 +0100] "GET /images/071662311025.jpg HTTP/1.1" 200 51599 "-" "Mozilla/5.0 (compatible; bingbot/2.0; +http://www.bing.com/bingbot.htm)"
157.55.39.149 - - [26/Jan/2021:12:42:51 +0100] "GET /images/5010994734862.jpg HTTP/1.1" 200 85122 "-" "Mozilla/5.0 (compatible; bingbot/2.0; +http://www.bing.com/bingbot.htm)"
66.249.70.36 - - [26/Jan/2021:12:43:07 +0100] "GET /images/mini_prod/3612875116822.jpg HTTP/1.1" 200 8427 "-" "Googlebot-Image/1.0"
157.55.39.149 - - [26/Jan/2021:12:45:13 +0100] "GET /images/8435306234354.jpg HTTP/1.1" 200 36311 "-" "Mozilla/5.0 (compatible; bingbot/2.0; +http://www.bing.com/bingbot.htm)"
207.46.13.53 - - [26/Jan/2021:12:45:38 +0100] "GET /images/big_prod/8433933158289.jpg HTTP/1.1" 200 43018 "-" "Mozilla/5.0 (compatible; bingbot/2.0; +http://www.bing.com/bingbot.htm)"
207.46.13.55 - - [26/Jan/2021:12:47:10 +0100] "GET /images/big_prod_1/1345544554305b.jpg HTTP/1.1" 200 109855 "-" "Mozilla/5.0 (compatible; bingbot/2.0; +http://www.bing.com/bingbot.htm)"
207.46.13.55 - - [26/Jan/2021:12:48:29 +0100] "GET /images/mini_prod/8422836098105.jpg HTTP/1.1" 200 7190 "-" "Mozilla/5.0 (compatible; bingbot/2.0; +http://www.bing.com/bingbot.htm)"
114.119.144.233 - - [26/Jan/2021:12:48:36 +0100] "GET /images/3438100352199.jpg HTTP/1.1" 200 36160 "-" "Mozilla/5.0 (Linux; Android 7.0;) AppleWebKit/537.36 (KHTML, like Gecko) Mobile Safari/537.36 (compatible; PetalBot;+https://aspiegel.com/petalbot)"
207.46.13.53 - - [26/Jan/2021:12:49:39 +0100] "GET /images/big_prod/8422001876712.jpg HTTP/1.1" 200 84456 "-" "Mozilla/5.0 (compatible; bingbot/2.0; +http://www.bing.com/bingbot.htm)"
207.46.13.37 - - [26/Jan/2021:12:50:53 +0100] "GET /images/big_prod/8422017821072.jpg HTTP/1.1" 200 23228 "-" "Mozilla/5.0 (compatible; bingbot/2.0; +http://www.bing.com/bingbot.htm)"
207.46.13.55 - - [26/Jan/2021:12:51:31 +0100] "GET /images/big_prod/4029811362837.jpg HTTP/1.1" 200 32998 "-" "Mozilla/5.0 (compatible; bingbot/2.0; +http://www.bing.com/bingbot.htm)"
13.66.139.136 - - [26/Jan/2021:12:52:36 +0100] "GET /images/big_prod/8422099381150.jpg HTTP/1.1" 200 64348 "-" "Mozilla/5.0 (compatible; bingbot/2.0; +http://www.bing.com/bingbot.htm)"
157.55.39.6 - - [26/Jan/2021:12:53:24 +0100] "GET /robots.txt HTTP/1.1" 200 2438 "-" "Mozilla/5.0 (compatible; bingbot/2.0; +http://www.bing.com/bingbot.htm)"
207.46.13.37 - - [26/Jan/2021:12:54:47 +0100] "GET /images/big_prod/3014627848317.jpg HTTP/1.1" 200 167457 "-" "Mozilla/5.0 (compatible; bingbot/2.0; +http://www.bing.com/bingbot.htm)"
81.100.161.255 - - [26/Jan/2021:12:55:17 +0100] "GET /images/1300010240274.jpg HTTP/1.1" 200 89484 "https://www.bing.com/" "Mozilla/5.0 (Windows NT 10.0; Win64; x64) AppleWebKit/537.36 (KHTML, like Gecko) Chrome/88.0.4324.96 Safari/537.36 Edg/88.0.705.50"
81.100.161.255 - - [26/Jan/2021:12:55:18 +0100] "GET /favicon.ico HTTP/1.1" 200 1591 "http://www.wonder-geek.com/images/1300010240274.jpg" "Mozilla/5.0 (Windows NT 10.0; Win64; x64) AppleWebKit/537.36 (KHTML, like Gecko) Chrome/88.0.4324.96 Safari/537.36 Edg/88.0.705.50"
157.55.39.153 - - [26/Jan/2021:12:56:22 +0100] "GET /images/big_prod/8422033225335.jpg HTTP/1.1" 200 179132 "-" "Mozilla/5.0 (compatible; bingbot/2.0; +http://www.bing.com/bingbot.htm)"
66.249.70.62 - - [26/Jan/2021:12:58:07 +0100] "GET /images/3761194750849.jpg HTTP/1.1" 200 42138 "-" "Googlebot-Image/1.0"
207.46.13.53 - - [26/Jan/2021:12:58:12 +0100] "GET /images/big_prod/9316188076043.jpg HTTP/1.1" 200 117381 "-" "Mozilla/5.0 (compatible; bingbot/2.0; +http://www.bing.com/bingbot.htm)"
114.119.154.200 - - [26/Jan/2021:13:01:12 +0100] "GET /images/1399984261293.jpg HTTP/1.1" 200 68777 "-" "Mozilla/5.0 (Linux; Android 7.0;) AppleWebKit/537.36 (KHTML, like Gecko) Mobile Safari/537.36 (compatible; PetalBot;+https://aspiegel.com/petalbot)"
207.46.13.37 - - [26/Jan/2021:13:01:38 +0100] "GET /js/jquery.masonry.min.js HTTP/1.1" 200 5392 "-" "Mozilla/5.0 (compatible; bingbot/2.0; +http://www.bing.com/bingbot.htm)"
13.66.139.5 - - [26/Jan/2021:13:01:58 +0100] "GET /images/med_prod/3453131126205.jpg HTTP/1.1" 200 151870 "-" "Mozilla/5.0 (compatible; bingbot/2.0; +http://www.bing.com/bingbot.htm)"
207.46.13.55 - - [26/Jan/2021:13:02:41 +0100] "GET /images/big_prod/3609810089853.jpg HTTP/1.1" 200 142732 "-" "Mozilla/5.0 (compatible; bingbot/2.0; +http://www.bing.com/bingbot.htm)"
207.46.13.37 - - [26/Jan/2021:13:03:04 +0100] "GET /images/med_prod/9316188060349.jpg HTTP/1.1" 200 71211 "-" "Mozilla/5.0 (compatible; bingbot/2.0; +http://www.bing.com/bingbot.htm)"
13.66.139.5 - - [26/Jan/2021:13:03:09 +0100] "GET /images/big_prod/1300000021814.jpg HTTP/1.1" 200 43839 "-" "Mozilla/5.0 (compatible; bingbot/2.0; +http://www.bing.com/bingbot.htm)"
13.66.139.5 - - [26/Jan/2021:13:03:09 +0100] "GET /images/med_prod/1020322275527.jpg HTTP/1.1" 200 115092 "-" "Mozilla/5.0 (compatible; bingbot/2.0; +http://www.bing.com/bingbot.htm)"
13.66.139.136 - - [26/Jan/2021:13:03:46 +0100] "GET /images/big_prod/3661443856134.jpg HTTP/1.1" 200 92515 "-" "Mozilla/5.0 (compatible; bingbot/2.0; +http://www.bing.com/bingbot.htm)"
207.46.13.6 - - [26/Jan/2021:13:07:04 +0100] "GET /images/med_prod/3700653593146.jpg HTTP/1.1" 200 112461 "-" "Mozilla/5.0 (compatible; bingbot/2.0; +http://www.bing.com/bingbot.htm)"
207.46.13.6 - - [26/Jan/2021:13:07:05 +0100] "GET /images/big_prod/3503420100185.jpg HTTP/1.1" 200 108299 "-" "Mozilla/5.0 (compatible; bingbot/2.0; +http://www.bing.com/bingbot.htm)"
207.46.13.6 - - [26/Jan/2021:13:07:05 +0100] "GET /images/big_prod/720322284086.jpg HTTP/1.1" 200 82294 "-" "Mozilla/5.0 (compatible; bingbot/2.0; +http://www.bing.com/bingbot.htm)"
207.46.13.6 - - [26/Jan/2021:13:07:06 +0100] "GET /images/smipsuperman.jpg HTTP/1.1" 200 67865 "-" "Mozilla/5.0 (compatible; bingbot/2.0; +http://www.bing.com/bingbot.htm)"
207.46.13.6 - - [26/Jan/2021:13:07:06 +0100] "GET /images/big_prod_2/8424345615095C.jpg HTTP/1.1" 200 195078 "-" "Mozilla/5.0 (compatible; bingbot/2.0; +http://www.bing.com/bingbot.htm)"
207.46.13.53 - - [26/Jan/2021:13:09:04 +0100] "GET /images/mini_prod/9316188077439.jpg HTTP/1.1" 200 7039 "-" "Mozilla/5.0 (compatible; bingbot/2.0; +http://www.bing.com/bingbot.htm)"
157.55.39.228 - - [26/Jan/2021:13:09:09 +0100] "GET /images/big_prod/3609810063136.jpg HTTP/1.1" 200 105381 "-" "Mozilla/5.0 (compatible; bingbot/2.0; +http://www.bing.com/bingbot.htm)"
13.66.139.136 - - [26/Jan/2021:13:09:18 +0100] "GET /images/big_prod/8422021476213.jpg HTTP/1.1" 200 119627 "-" "Mozilla/5.0 (compatible; bingbot/2.0; +http://www.bing.com/bingbot.htm)"
157.55.39.149 - - [26/Jan/2021:13:09:22 +0100] "GET /images/5010994734862.jpg HTTP/1.1" 200 85122 "-" "Mozilla/5.0 (compatible; bingbot/2.0; +http://www.bing.com/bingbot.htm)"
185.191.171.34 - - [26/Jan/2021:13:09:56 +0100] "GET /robots.txt HTTP/1.1" 200 2438 "-" "Mozilla/5.0 (compatible; SemrushBot/7~bl; +http://www.semrush.com/bot.html)"
157.55.39.153 - - [26/Jan/2021:13:10:02 +0100] "GET /images/big_prod/4250255858482N.jpg HTTP/1.1" 200 33960 "-" "Mozilla/5.0 (compatible; bingbot/2.0; +http://www.bing.com/bingbot.htm)"
157.55.39.149 - - [26/Jan/2021:13:10:30 +0100] "GET /images/841219323239703172012.jpg HTTP/1.1" 200 33774 "-" "Mozilla/5.0 (Windows NT 6.1; WOW64) AppleWebKit/534+ (KHTML, like Gecko) BingPreview/1.0b"
13.66.139.5 - - [26/Jan/2021:13:13:58 +0100] "GET /images/mini_prod/200208_152034_PEEL_EYJ4qy.jpg HTTP/1.1" 200 16027 "-" "Mozilla/5.0 (compatible; bingbot/2.0; +http://www.bing.com/bingbot.htm)"
13.66.139.5 - - [26/Jan/2021:13:15:09 +0100] "GET /images/1399984221518B.jpg HTTP/1.1" 200 67220 "-" "Mozilla/5.0 (compatible; bingbot/2.0; +http://www.bing.com/bingbot.htm)"
13.66.139.136 - - [26/Jan/2021:13:15:58 +0100] "GET /images/big_prod/3520071754512.jpg HTTP/1.1" 200 54828 "-" "Mozilla/5.0 (compatible; bingbot/2.0; +http://www.bing.com/bingbot.htm)"
157.55.39.228 - - [26/Jan/2021:13:16:59 +0100] "GET /images/4007176127520b.jpg HTTP/1.1" 200 21322 "-" "Mozilla/5.0 (Windows NT 6.1; WOW64) AppleWebKit/534+ (KHTML, like Gecko) BingPreview/1.0b"
157.55.39.153 - - [26/Jan/2021:13:17:53 +0100] "GET /images/3740276276576.jpg HTTP/1.1" 200 15888 "-" "Mozilla/5.0 (compatible; bingbot/2.0; +http://www.bing.com/bingbot.htm)"
207.46.13.37 - - [26/Jan/2021:13:18:29 +0100] "GET /images/big_prod/3014627848317.jpg HTTP/1.1" 200 167457 "-" "Mozilla/5.0 (compatible; bingbot/2.0; +http://www.bing.com/bingbot.htm)"
207.46.13.37 - - [26/Jan/2021:13:18:30 +0100] "GET /images/big_prod/3442440275124.jpg HTTP/1.1" 200 178186 "-" "Mozilla/5.0 (compatible; bingbot/2.0; +http://www.bing.com/bingbot.htm)"
66.249.70.62 - - [26/Jan/2021:13:19:07 +0100] "GET /images/mini_prod/5051276275093.jpg HTTP/1.1" 200 6697 "-" "Googlebot-Image/1.0"
13.66.139.139 - - [26/Jan/2021:13:19:07 +0100] "GET /images/TROBL3083.jpg HTTP/1.1" 200 27466 "-" "Mozilla/5.0 (compatible; bingbot/2.0; +http://www.bing.com/bingbot.htm)"
157.55.39.153 - - [26/Jan/2021:13:20:05 +0100] "GET /images/big_prod/1399997839281.jpg HTTP/1.1" 200 44671 "-" "Mozilla/5.0 (compatible; bingbot/2.0; +http://www.bing.com/bingbot.htm)"
207.46.13.53 - - [26/Jan/2021:13:21:29 +0100] "GET /images/3438100351994.jpg HTTP/1.1" 200 31649 "-" "Mozilla/5.0 (compatible; bingbot/2.0; +http://www.bing.com/bingbot.htm)"
207.46.13.55 - - [26/Jan/2021:13:21:54 +0100] "GET /images/big_prod/8718969178655.jpg HTTP/1.1" 200 87048 "-" "Mozilla/5.0 (compatible; bingbot/2.0; +http://www.bing.com/bingbot.htm)"
207.46.13.6 - - [26/Jan/2021:13:22:19 +0100] "GET /images/big_prod/1341689182328.jpg HTTP/1.1" 200 37244 "-" "Mozilla/5.0 (compatible; bingbot/2.0; +http://www.bing.com/bingbot.htm)"
157.55.39.6 - - [26/Jan/2021:13:26:53 +0100] "GET /robots.txt HTTP/1.1" 200 2438 "-" "Mozilla/5.0 (compatible; bingbot/2.0; +http://www.bing.com/bingbot.htm)"
207.46.13.55 - - [26/Jan/2021:13:27:04 +0100] "GET /images/big_prod/3503420174032.jpg HTTP/1.1" 200 69536 "-" "Mozilla/5.0 (compatible; bingbot/2.0; +http://www.bing.com/bingbot.htm)"
207.46.13.53 - - [26/Jan/2021:13:27:11 +0100] "GET /images/big_prod/3560600315005.jpg HTTP/1.1" 200 63804 "-" "Mozilla/5.0 (compatible; bingbot/2.0; +http://www.bing.com/bingbot.htm)"
114.119.132.105 - - [26/Jan/2021:13:28:43 +0100] "GET /images/mini_prod/1384010205013.jpg HTTP/1.1" 200 7484 "-" "Mozilla/5.0 (Linux; Android 7.0;) AppleWebKit/537.36 (KHTML, like Gecko) Mobile Safari/537.36 (compatible; PetalBot;+https://aspiegel.com/petalbot)"
157.55.39.153 - - [26/Jan/2021:13:30:38 +0100] "GET /images/big_prod/1399997839281.jpg HTTP/1.1" 200 44671 "-" "Mozilla/5.0 (compatible; bingbot/2.0; +http://www.bing.com/bingbot.htm)"
13.66.139.139 - - [26/Jan/2021:13:30:50 +0100] "GET /images/big_prod/8435306245008.jpg HTTP/1.1" 200 88377 "-" "Mozilla/5.0 (compatible; bingbot/2.0; +http://www.bing.com/bingbot.htm)"
13.66.139.136 - - [26/Jan/2021:13:32:59 +0100] "GET /images/med_prod/N1308421379200N.jpg HTTP/1.1" 200 91825 "-" "Mozilla/5.0 (compatible; bingbot/2.0; +http://www.bing.com/bingbot.htm)"
13.66.139.139 - - [26/Jan/2021:13:33:04 +0100] "GET /images/mini_prod/DSCN8201.jpg HTTP/1.1" 200 5638 "-" "Mozilla/5.0 (compatible; bingbot/2.0; +http://www.bing.com/bingbot.htm)"
13.66.139.139 - - [26/Jan/2021:13:33:04 +0100] "GET /images/big_prod/8422020065845B.jpg HTTP/1.1" 200 61564 "-" "Mozilla/5.0 (compatible; bingbot/2.0; +http://www.bing.com/bingbot.htm)"
13.66.139.136 - - [26/Jan/2021:13:33:49 +0100] "GET /images/big_prod/3453131130103.jpg HTTP/1.1" 200 69517 "-" "Mozilla/5.0 (compatible; bingbot/2.0; +http://www.bing.com/bingbot.htm)"
207.46.13.37 - - [26/Jan/2021:13:36:15 +0100] "GET /images/big_prod/3560600314114.jpg HTTP/1.1" 200 64957 "-" "Mozilla/5.0 (compatible; bingbot/2.0; +http://www.bing.com/bingbot.htm)"
80.15.182.28 - - [26/Jan/2021:13:36:19 +0100] "GET /templates/Pixame_v1/stylesheet.css HTTP/1.1" 200 56057 "http://www.wonder-geek.com/-p-12304.html" "Mozilla/5.0 (Windows NT 6.1; WOW64; Trident/7.0; rv:11.0) like Gecko"
80.15.182.28 - - [26/Jan/2021:13:36:19 +0100] "GET /js/jquery.jqzoom.js HTTP/1.1" 200 4761 "http://www.wonder-geek.com/-p-12304.html" "Mozilla/5.0 (Windows NT 6.1; WOW64; Trident/7.0; rv:11.0) like Gecko"
80.15.182.28 - - [26/Jan/2021:13:36:19 +0100] "GET /highslide/highslide.js HTTP/1.1" 200 42909 "http://www.wonder-geek.com/-p-12304.html" "Mozilla/5.0 (Windows NT 6.1; WOW64; Trident/7.0; rv:11.0) like Gecko"
80.15.182.28 - - [26/Jan/2021:13:36:19 +0100] "GET /js/jquery.js HTTP/1.1" 200 54075 "http://www.wonder-geek.com/-p-12304.html" "Mozilla/5.0 (Windows NT 6.1; WOW64; Trident/7.0; rv:11.0) like Gecko"
80.15.182.28 - - [26/Jan/2021:13:36:19 +0100] "GET /mondial_relay/js/jquery-1.3.2.min.js HTTP/1.1" 200 57254 "http://www.wonder-geek.com/-p-12304.html" "Mozilla/5.0 (Windows NT 6.1; WOW64; Trident/7.0; rv:11.0) like Gecko"
80.15.182.28 - - [26/Jan/2021:13:36:19 +0100] "GET /templates/Pixame_v1/images/icon_accueil2.png HTTP/1.1" 200 1137 "http://www.wonder-geek.com/-p-12304.html" "Mozilla/5.0 (Windows NT 6.1; WOW64; Trident/7.0; rv:11.0) like Gecko"
80.15.182.28 - - [26/Jan/2021:13:36:20 +0100] "GET /templates/Pixame_v1/images/Bottom_texture.jpg HTTP/1.1" 200 56290 "http://www.wonder-geek.com/-p-12304.html" "Mozilla/5.0 (Windows NT 6.1; WOW64; Trident/7.0; rv:11.0) like Gecko"
80.15.182.28 - - [26/Jan/2021:13:36:20 +0100] "GET /templates/Pixame_v1/images/Middle_texture.jpg HTTP/1.1" 200 249620 "http://www.wonder-geek.com/-p-12304.html" "Mozilla/5.0 (Windows NT 6.1; WOW64; Trident/7.0; rv:11.0) like Gecko"
80.15.182.28 - - [26/Jan/2021:13:36:20 +0100] "GET /templates/Pixame_v1/images/flash.swf HTTP/1.1" 200 2868 "http://www.wonder-geek.com/-p-12304.html" "Mozilla/5.0 (Windows NT 6.1; WOW64; Trident/7.0; rv:11.0) like Gecko"
80.15.182.28 - - [26/Jan/2021:13:36:24 +0100] "GET /templates/Pixame_v1/images/nav.png HTTP/1.1" 200 1283 "http://www.wonder-geek.com/-p-12304.html" "Mozilla/5.0 (Windows NT 6.1; WOW64; Trident/7.0; rv:11.0) like Gecko"
80.15.182.28 - - [26/Jan/2021:13:36:24 +0100] "GET /templates/Pixame_v1/images/header-object.png HTTP/1.1" 200 106050 "http://www.wonder-geek.com/-p-12304.html" "Mozilla/5.0 (Windows NT 6.1; WOW64; Trident/7.0; rv:11.0) like Gecko"
80.15.182.28 - - [26/Jan/2021:13:36:24 +0100] "GET /templates/Pixame_v1/images/header.png HTTP/1.1" 200 70245 "http://www.wonder-geek.com/-p-12304.html" "Mozilla/5.0 (Windows NT 6.1; WOW64; Trident/7.0; rv:11.0) like Gecko"
80.15.182.28 - - [26/Jan/2021:13:36:24 +0100] "GET /design/productsenstock.png HTTP/1.1" 200 4743 "http://www.wonder-geek.com/-p-12304.html" "Mozilla/5.0 (Windows NT 6.1; WOW64; Trident/7.0; rv:11.0) like Gecko"
80.15.182.28 - - [26/Jan/2021:13:36:25 +0100] "GET /highslide/graphics/outlines/drop-shadow.png HTTP/1.1" 200 2022 "http://www.wonder-geek.com/-p-12304.html" "Mozilla/5.0 (Windows NT 6.1; WOW64; Trident/7.0; rv:11.0) like Gecko"
80.15.182.28 - - [26/Jan/2021:13:36:25 +0100] "GET /favicon.ico HTTP/1.1" 200 1591 "-" "Mozilla/5.0 (Windows NT 6.1; Win64; x64; Trident/7.0; rv:11.0) like Gecko"
74.125.209.50 - - [26/Jan/2021:13:36:40 +0100] "GET /images/4895028509248.jpg HTTP/1.1" 200 109651 "-" "Mozilla/5.0 (Windows NT 5.1; rv:11.0) Gecko Firefox/11.0 (via ggpht.com GoogleImageProxy)"
13.66.139.136 - - [26/Jan/2021:13:37:50 +0100] "GET /images/3845653503020.jpg HTTP/1.1" 200 21082 "-" "Mozilla/5.0 (compatible; bingbot/2.0; +http://www.bing.com/bingbot.htm)"
13.66.139.136 - - [26/Jan/2021:13:37:50 +0100] "GET /images/med_prod/3609810039599.jpg HTTP/1.1" 200 145662 "-" "Mozilla/5.0 (compatible; bingbot/2.0; +http://www.bing.com/bingbot.htm)"
207.46.13.53 - - [26/Jan/2021:13:39:45 +0100] "GET /images/big_prod/8433933100448.jpg HTTP/1.1" 200 81706 "-" "Mozilla/5.0 (compatible; bingbot/2.0; +http://www.bing.com/bingbot.htm)"
157.55.39.149 - - [26/Jan/2021:13:39:53 +0100] "GET /images/mini_prod/3608860260021.jpg HTTP/1.1" 200 6471 "-" "Mozilla/5.0 (compatible; bingbot/2.0; +http://www.bing.com/bingbot.htm)"
74.125.209.52 - - [26/Jan/2021:13:40:36 +0100] "GET /images/3281640393609.jpg HTTP/1.1" 200 44927 "-" "Mozilla/5.0 (Windows NT 5.1; rv:11.0) Gecko Firefox/11.0 (via ggpht.com GoogleImageProxy)"
66.249.81.163 - - [26/Jan/2021:13:42:57 +0100] "GET /images/big_prod_1/5027148011052.jpg HTTP/1.1" 200 119144 "-" "Mozilla/5.0 (Windows NT 5.1; rv:11.0) Gecko Firefox/11.0 (via ggpht.com GoogleImageProxy)"
13.66.139.136 - - [26/Jan/2021:13:43:01 +0100] "GET /images/med_prod/4582497091533.jpg HTTP/1.1" 200 91675 "-" "Mozilla/5.0 (compatible; bingbot/2.0; +http://www.bing.com/bingbot.htm)"
13.66.139.136 - - [26/Jan/2021:13:43:01 +0100] "GET /images/3438100334386.jpg HTTP/1.1" 200 21474 "-" "Mozilla/5.0 (compatible; bingbot/2.0; +http://www.bing.com/bingbot.htm)"
157.55.39.153 - - [26/Jan/2021:13:47:01 +0100] "GET /images/1300010237915.jpg HTTP/1.1" 200 83314 "-" "Mozilla/5.0 (compatible; bingbot/2.0; +http://www.bing.com/bingbot.htm)"
207.46.13.53 - - [26/Jan/2021:13:48:18 +0100] "GET /images/big_prod/3560600315005.jpg HTTP/1.1" 200 63804 "-" "Mozilla/5.0 (compatible; bingbot/2.0; +http://www.bing.com/bingbot.htm)"
13.66.139.139 - - [26/Jan/2021:13:49:00 +0100] "GET /images/4007176535578.jpg HTTP/1.1" 200 40402 "-" "Mozilla/5.0 (compatible; bingbot/2.0; +http://www.bing.com/bingbot.htm)"
13.66.139.139 - - [26/Jan/2021:13:49:01 +0100] "GET /images/big_prod/3014627939664.jpg HTTP/1.1" 200 118013 "-" "Mozilla/5.0 (compatible; bingbot/2.0; +http://www.bing.com/bingbot.htm)"
13.66.139.136 - - [26/Jan/2021:13:49:04 +0100] "GET /images/1399984260050.jpg HTTP/1.1" 200 78680 "-" "Mozilla/5.0 (compatible; bingbot/2.0; +http://www.bing.com/bingbot.htm)"
66.249.70.62 - - [26/Jan/2021:13:49:07 +0100] "GET /images/mini_prod/1384010190487.jpg HTTP/1.1" 200 5646 "-" "Googlebot-Image/1.0"
157.55.39.153 - - [26/Jan/2021:13:49:30 +0100] "GET /images/3760116321259.jpg HTTP/1.1" 200 71326 "-" "Mozilla/5.0 (compatible; bingbot/2.0; +http://www.bing.com/bingbot.htm)"
13.66.139.139 - - [26/Jan/2021:13:49:34 +0100] "GET /images/DSCN3969.jpg HTTP/1.1" 200 14818 "-" "Mozilla/5.0 (compatible; bingbot/2.0; +http://www.bing.com/bingbot.htm)"
157.55.39.153 - - [26/Jan/2021:13:50:32 +0100] "GET /images/big_prod_1/1328399219629a.jpg HTTP/1.1" 200 59553 "-" "Mozilla/5.0 (compatible; bingbot/2.0; +http://www.bing.com/bingbot.htm)"
157.55.39.153 - - [26/Jan/2021:13:52:52 +0100] "GET /images/big_prod/1384010203170.jpg HTTP/1.1" 200 120009 "-" "Mozilla/5.0 (compatible; bingbot/2.0; +http://www.bing.com/bingbot.htm)"
157.55.39.130 - - [26/Jan/2021:13:53:19 +0100] "GET /images/1341689750626.jpg HTTP/1.1" 200 141489 "-" "Mozilla/5.0 (Windows NT 6.1; WOW64) AppleWebKit/534+ (KHTML, like Gecko) BingPreview/1.0b"
207.46.13.37 - - [26/Jan/2021:13:54:42 +0100] "GET /images/big_prod/9316188065573.jpg HTTP/1.1" 200 77837 "-" "Mozilla/5.0 (compatible; bingbot/2.0; +http://www.bing.com/bingbot.htm)"
13.66.139.5 - - [26/Jan/2021:13:55:12 +0100] "GET /images/med_prod/5010994918170.jpg HTTP/1.1" 200 138266 "-" "Mozilla/5.0 (compatible; bingbot/2.0; +http://www.bing.com/bingbot.htm)"
207.46.13.53 - - [26/Jan/2021:13:55:30 +0100] "GET /images/mini_prod/3503420089640.jpg HTTP/1.1" 200 6462 "-" "Mozilla/5.0 (compatible; bingbot/2.0; +http://www.bing.com/bingbot.htm)"
207.46.13.37 - - [26/Jan/2021:13:56:34 +0100] "GET /js/jquery.masonry.min.js HTTP/1.1" 200 5392 "-" "Mozilla/5.0 (compatible; bingbot/2.0; +http://www.bing.com/bingbot.htm)"
13.66.139.136 - - [26/Jan/2021:13:56:47 +0100] "GET /images/big_prod/8901810021006.jpg HTTP/1.1" 200 100548 "-" "Mozilla/5.0 (compatible; bingbot/2.0; +http://www.bing.com/bingbot.htm)"
207.46.13.6 - - [26/Jan/2021:13:58:32 +0100] "GET /images/4012390361575.jpg HTTP/1.1" 200 34927 "-" "Mozilla/5.0 (compatible; bingbot/2.0; +http://www.bing.com/bingbot.htm)"
207.46.13.6 - - [26/Jan/2021:13:58:34 +0100] "GET /images/1399984253625.jpg HTTP/1.1" 200 28629 "-" "Mozilla/5.0 (compatible; bingbot/2.0; +http://www.bing.com/bingbot.htm)"
13.66.139.5 - - [26/Jan/2021:14:02:33 +0100] "GET /images/3281640391483.jpg HTTP/1.1" 200 40235 "-" "Mozilla/5.0 (compatible; bingbot/2.0; +http://www.bing.com/bingbot.htm)"
207.46.13.37 - - [26/Jan/2021:14:06:16 +0100] "GET /images/big_prod/8422099381419.jpg HTTP/1.1" 200 55333 "-" "Mozilla/5.0 (compatible; bingbot/2.0; +http://www.bing.com/bingbot.htm)"
157.55.39.153 - - [26/Jan/2021:14:07:07 +0100] "GET /images/1300010237915.jpg HTTP/1.1" 200 83314 "-" "Mozilla/5.0 (compatible; bingbot/2.0; +http://www.bing.com/bingbot.htm)"
13.66.139.2 - - [26/Jan/2021:14:07:23 +0100] "GET /images/big_prod/8422039530013.jpg HTTP/1.1" 200 124876 "-" "Mozilla/5.0 (compatible; bingbot/2.0; +http://www.bing.com/bingbot.htm)"
207.46.13.53 - - [26/Jan/2021:14:08:46 +0100] "GET /images/big_prod/9316188076043.jpg HTTP/1.1" 200 117381 "-" "Mozilla/5.0 (compatible; bingbot/2.0; +http://www.bing.com/bingbot.htm)"
13.66.139.5 - - [26/Jan/2021:14:08:53 +0100] "GET /images/mini_prod/A-PERSONNALISER-30.jpg HTTP/1.1" 200 6821 "-" "Mozilla/5.0 (compatible; bingbot/2.0; +http://www.bing.com/bingbot.htm)"
13.66.139.5 - - [26/Jan/2021:14:09:54 +0100] "GET /images/big_prod/3565750040326.jpg HTTP/1.1" 200 89209 "-" "Mozilla/5.0 (compatible; bingbot/2.0; +http://www.bing.com/bingbot.htm)"
13.66.139.136 - - [26/Jan/2021:14:10:02 +0100] "GET /images/4007176122174.jpg HTTP/1.1" 200 27061 "-" "Mozilla/5.0 (compatible; bingbot/2.0; +http://www.bing.com/bingbot.htm)"
192.0.99.179 - - [26/Jan/2021:14:12:10 +0100] "GET /images/med_prod/1399984284070.jpg HTTP/1.1" 200 108796 "-" "Photon/1.0"
185.15.63.88 - - [26/Jan/2021:14:12:54 +0100] "GET /images/041689210618.jpg HTTP/1.1" 200 82816 "-" "Mozilla/5.0 (Windows NT 10.0; Win64; x64) AppleWebKit/537.36 (KHTML, like Gecko) Chrome/87.0.4280.88 YaBrowser/20.12.1.179 Yowser/2.5 Safari/537.36"
13.66.139.5 - - [26/Jan/2021:14:14:34 +0100] "GET /images/big_prod_2/4045233021619D.jpg HTTP/1.1" 200 60019 "-" "Mozilla/5.0 (compatible; bingbot/2.0; +http://www.bing.com/bingbot.htm)"
157.55.39.228 - - [26/Jan/2021:14:16:26 +0100] "GET /images/big_prod/1399985000341.jpg HTTP/1.1" 200 84886 "-" "Mozilla/5.0 (compatible; bingbot/2.0; +http://www.bing.com/bingbot.htm)"
13.66.139.2 - - [26/Jan/2021:14:18:14 +0100] "GET /images/mini_prod/3272760376986.gif HTTP/1.1" 200 15818 "-" "Mozilla/5.0 (compatible; bingbot/2.0; +http://www.bing.com/bingbot.htm)"
147.92.153.14 - - [26/Jan/2021:14:19:09 +0100] "GET /images/med_prod/8718291503149.jpg HTTP/1.1" 200 89545 "-" "Mozilla/5.0 (compatible; Linespider/1.1; +https://lin.ee/4dwXkTH)"
13.66.139.139 - - [26/Jan/2021:14:20:33 +0100] "GET /images/big_prod_1/3661075002046N.jpg HTTP/1.1" 200 70061 "-" "Mozilla/5.0 (compatible; bingbot/2.0; +http://www.bing.com/bingbot.htm)"
157.55.39.153 - - [26/Jan/2021:14:24:24 +0100] "GET /images/5051265800282.jpg HTTP/1.1" 200 187522 "-" "Mozilla/5.0 (compatible; bingbot/2.0; +http://www.bing.com/bingbot.htm)"
13.66.139.5 - - [26/Jan/2021:14:24:56 +0100] "GET /images/med_prod/3574640156733.jpg HTTP/1.1" 200 221715 "-" "Mozilla/5.0 (compatible; bingbot/2.0; +http://www.bing.com/bingbot.htm)"
147.92.153.10 - - [26/Jan/2021:14:26:01 +0100] "GET /images/big_prod/7630024997548.jpg HTTP/1.1" 200 106110 "-" "Mozilla/5.0 (compatible; Linespider/1.1; +https://lin.ee/4dwXkTH)"
37.188.163.62 - - [26/Jan/2021:14:26:17 +0100] "GET /js/jquery.jqzoom.js HTTP/1.1" 200 4761 "http://www.wonder-geek.com/andalusia-tea-box-150-p-50766.html" "Mozilla/5.0 (Linux; Android 10; H9436) AppleWebKit/537.36 (KHTML, like Gecko) Chrome/88.0.4324.93 Mobile Safari/537.36"
37.188.163.62 - - [26/Jan/2021:14:26:17 +0100] "GET /templates/Pixame_v1/stylesheet.css HTTP/1.1" 200 56057 "http://www.wonder-geek.com/andalusia-tea-box-150-p-50766.html" "Mozilla/5.0 (Linux; Android 10; H9436) AppleWebKit/537.36 (KHTML, like Gecko) Chrome/88.0.4324.93 Mobile Safari/537.36"
37.188.163.62 - - [26/Jan/2021:14:26:17 +0100] "GET /js/jquery.js HTTP/1.1" 200 54075 "http://www.wonder-geek.com/andalusia-tea-box-150-p-50766.html" "Mozilla/5.0 (Linux; Android 10; H9436) AppleWebKit/537.36 (KHTML, like Gecko) Chrome/88.0.4324.93 Mobile Safari/537.36"
37.188.163.62 - - [26/Jan/2021:14:26:17 +0100] "GET /mondial_relay/js/jquery-1.3.2.min.js HTTP/1.1" 200 57254 "http://www.wonder-geek.com/andalusia-tea-box-150-p-50766.html" "Mozilla/5.0 (Linux; Android 10; H9436) AppleWebKit/537.36 (KHTML, like Gecko) Chrome/88.0.4324.93 Mobile Safari/537.36"
37.188.163.62 - - [26/Jan/2021:14:26:17 +0100] "GET /highslide/highslide.js HTTP/1.1" 200 42909 "http://www.wonder-geek.com/andalusia-tea-box-150-p-50766.html" "Mozilla/5.0 (Linux; Android 10; H9436) AppleWebKit/537.36 (KHTML, like Gecko) Chrome/88.0.4324.93 Mobile Safari/537.36"
37.188.163.62 - - [26/Jan/2021:14:26:17 +0100] "GET /templates/Pixame_v1/images/icon_accueil2.png HTTP/1.1" 200 1137 "http://www.wonder-geek.com/andalusia-tea-box-150-p-50766.html" "Mozilla/5.0 (Linux; Android 10; H9436) AppleWebKit/537.36 (KHTML, like Gecko) Chrome/88.0.4324.93 Mobile Safari/537.36"
37.188.163.62 - - [26/Jan/2021:14:26:18 +0100] "GET /templates/Pixame_v1/images/Bottom_texture.jpg HTTP/1.1" 200 56290 "http://www.wonder-geek.com/templates/Pixame_v1/stylesheet.css" "Mozilla/5.0 (Linux; Android 10; H9436) AppleWebKit/537.36 (KHTML, like Gecko) Chrome/88.0.4324.93 Mobile Safari/537.36"
37.188.163.62 - - [26/Jan/2021:14:26:18 +0100] "GET /images/big_prod/4260082936451b.jpg HTTP/1.1" 200 223297 "http://www.wonder-geek.com/andalusia-tea-box-150-p-50766.html" "Mozilla/5.0 (Linux; Android 10; H9436) AppleWebKit/537.36 (KHTML, like Gecko) Chrome/88.0.4324.93 Mobile Safari/537.36"
37.188.163.62 - - [26/Jan/2021:14:26:18 +0100] "GET /templates/Pixame_v1/images/nav.png HTTP/1.1" 200 1283 "http://www.wonder-geek.com/templates/Pixame_v1/stylesheet.css" "Mozilla/5.0 (Linux; Android 10; H9436) AppleWebKit/537.36 (KHTML, like Gecko) Chrome/88.0.4324.93 Mobile Safari/537.36"
37.188.163.62 - - [26/Jan/2021:14:26:18 +0100] "GET /templates/Pixame_v1/images/header.png HTTP/1.1" 200 70245 "http://www.wonder-geek.com/templates/Pixame_v1/stylesheet.css" "Mozilla/5.0 (Linux; Android 10; H9436) AppleWebKit/537.36 (KHTML, like Gecko) Chrome/88.0.4324.93 Mobile Safari/537.36"
37.188.163.62 - - [26/Jan/2021:14:26:18 +0100] "GET /design/productsenstock.png HTTP/1.1" 200 4743 "http://www.wonder-geek.com/templates/Pixame_v1/stylesheet.css" "Mozilla/5.0 (Linux; Android 10; H9436) AppleWebKit/537.36 (KHTML, like Gecko) Chrome/88.0.4324.93 Mobile Safari/537.36"
37.188.163.62 - - [26/Jan/2021:14:26:18 +0100] "GET /templates/Pixame_v1/images/header-object.png HTTP/1.1" 200 106050 "http://www.wonder-geek.com/templates/Pixame_v1/stylesheet.css" "Mozilla/5.0 (Linux; Android 10; H9436) AppleWebKit/537.36 (KHTML, like Gecko) Chrome/88.0.4324.93 Mobile Safari/537.36"
37.188.163.62 - - [26/Jan/2021:14:26:18 +0100] "GET /templates/Pixame_v1/images/buttons/english/button_in_cart.gif HTTP/1.1" 200 1212 "http://www.wonder-geek.com/andalusia-tea-box-150-p-50766.html" "Mozilla/5.0 (Linux; Android 10; H9436) AppleWebKit/537.36 (KHTML, like Gecko) Chrome/88.0.4324.93 Mobile Safari/537.36"
37.188.163.62 - - [26/Jan/2021:14:26:19 +0100] "GET /templates/Pixame_v1/images/Middle_texture.jpg HTTP/1.1" 200 249620 "http://www.wonder-geek.com/templates/Pixame_v1/stylesheet.css" "Mozilla/5.0 (Linux; Android 10; H9436) AppleWebKit/537.36 (KHTML, like Gecko) Chrome/88.0.4324.93 Mobile Safari/537.36"
37.188.163.62 - - [26/Jan/2021:14:26:19 +0100] "GET /images/big_prod_1/4260082936451a.jpg HTTP/1.1" 200 393697 "http://www.wonder-geek.com/andalusia-tea-box-150-p-50766.html" "Mozilla/5.0 (Linux; Android 10; H9436) AppleWebKit/537.36 (KHTML, like Gecko) Chrome/88.0.4324.93 Mobile Safari/537.36"
37.188.163.62 - - [26/Jan/2021:14:26:19 +0100] "GET /highslide/graphics/outlines/drop-shadow.png HTTP/1.1" 200 2022 "http://www.wonder-geek.com/andalusia-tea-box-150-p-50766.html" "Mozilla/5.0 (Linux; Android 10; H9436) AppleWebKit/537.36 (KHTML, like Gecko) Chrome/88.0.4324.93 Mobile Safari/537.36"
37.188.163.62 - - [26/Jan/2021:14:26:19 +0100] "GET /favicon.ico HTTP/1.1" 200 1591 "http://www.wonder-geek.com/andalusia-tea-box-150-p-50766.html" "Mozilla/5.0 (Linux; Android 10; H9436) AppleWebKit/537.36 (KHTML, like Gecko) Chrome/88.0.4324.93 Mobile Safari/537.36"
157.55.39.149 - - [26/Jan/2021:14:27:00 +0100] "GET /images/3388760924628.jpg HTTP/1.1" 200 22228 "-" "Mozilla/5.0 (compatible; bingbot/2.0; +http://www.bing.com/bingbot.htm)"
13.66.139.2 - - [26/Jan/2021:14:27:55 +0100] "GET /images/med_prod/8435306278679.jpg HTTP/1.1" 200 111853 "-" "Mozilla/5.0 (compatible; bingbot/2.0; +http://www.bing.com/bingbot.htm)"
157.55.39.149 - - [26/Jan/2021:14:28:02 +0100] "GET /images/4893438001284.jpg HTTP/1.1" 200 28142 "-" "Mozilla/5.0 (compatible; bingbot/2.0; +http://www.bing.com/bingbot.htm)"
157.55.39.153 - - [26/Jan/2021:14:28:40 +0100] "GET /images/mini_prod/3014627927371.jpg HTTP/1.1" 200 4506 "-" "Mozilla/5.0 (compatible; bingbot/2.0; +http://www.bing.com/bingbot.htm)"
185.191.171.10 - - [26/Jan/2021:14:32:11 +0100] "GET /robots.txt HTTP/1.1" 200 2438 "-" "Mozilla/5.0 (compatible; SemrushBot/7~bl; +http://www.semrush.com/bot.html)"
216.18.204.215 - - [26/Jan/2021:14:33:37 +0100] "GET /robots.txt HTTP/1.1" 200 2438 "-" "Mozilla/5.0 (compatible; Adsbot/3.1)"
13.66.139.136 - - [26/Jan/2021:14:33:45 +0100] "GET /images/big_prod/3014627880201.jpg HTTP/1.1" 200 60958 "-" "Mozilla/5.0 (compatible; bingbot/2.0; +http://www.bing.com/bingbot.htm)"
13.66.139.136 - - [26/Jan/2021:14:34:35 +0100] "GET /images/big_prod/3608860225259.jpg HTTP/1.1" 200 76608 "-" "Mozilla/5.0 (compatible; bingbot/2.0; +http://www.bing.com/bingbot.htm)"
207.46.13.53 - - [26/Jan/2021:14:35:37 +0100] "GET /images/071662311025.jpg HTTP/1.1" 200 51599 "-" "Mozilla/5.0 (compatible; bingbot/2.0; +http://www.bing.com/bingbot.htm)"
157.55.39.153 - - [26/Jan/2021:14:36:13 +0100] "GET /images/big_prod/5404006037964.jpg HTTP/1.1" 200 79475 "-" "Mozilla/5.0 (compatible; bingbot/2.0; +http://www.bing.com/bingbot.htm)"
157.55.39.153 - - [26/Jan/2021:14:36:23 +0100] "GET /images/big_prod/1384010203170.jpg HTTP/1.1" 200 120009 "-" "Mozilla/5.0 (compatible; bingbot/2.0; +http://www.bing.com/bingbot.htm)"
106.11.154.52 - - [26/Jan/2021:14:37:04 +0100] "GET /templates/Pixame_v1/stylesheet.css HTTP/1.1" 200 56057 "http://www.wonder-geek.com/figures-c-4_15.html" "Mozilla/5.0 (Windows NT 6.1; Win64; x64) AppleWebKit/537.36 (KHTML, like Gecko) Chrome/69.0.3497.81 YisouSpider/5.0 Safari/537.36"
157.55.39.149 - - [26/Jan/2021:14:38:45 +0100] "GET /images/big_prod/3453131139571.jpg HTTP/1.1" 200 70043 "-" "Mozilla/5.0 (compatible; bingbot/2.0; +http://www.bing.com/bingbot.htm)"
157.55.39.228 - - [26/Jan/2021:14:39:52 +0100] "GET /images/big_prod_1/b5018997627945.jpg HTTP/1.1" 200 84395 "-" "Mozilla/5.0 (compatible; bingbot/2.0; +http://www.bing.com/bingbot.htm)"
157.55.39.149 - - [26/Jan/2021:14:40:06 +0100] "GET /images/big_prod_1/3014627889785.jpg HTTP/1.1" 200 86082 "-" "Mozilla/5.0 (compatible; bingbot/2.0; +http://www.bing.com/bingbot.htm)"
157.55.39.153 - - [26/Jan/2021:14:41:10 +0100] "GET /images/big_prod_1/8422092340062B.jpg HTTP/1.1" 200 67325 "-" "Mozilla/5.0 (compatible; bingbot/2.0; +http://www.bing.com/bingbot.htm)"
157.55.39.153 - - [26/Jan/2021:14:41:11 +0100] "GET /images/big_prod_3/8422092340062D.jpg HTTP/1.1" 200 76609 "-" "Mozilla/5.0 (compatible; bingbot/2.0; +http://www.bing.com/bingbot.htm)"
157.55.39.130 - - [26/Jan/2021:14:41:14 +0100] "GET /images/big_prod/8422092340062.jpg HTTP/1.1" 200 77738 "-" "Mozilla/5.0 (compatible; bingbot/2.0; +http://www.bing.com/bingbot.htm)"
157.55.39.130 - - [26/Jan/2021:14:41:15 +0100] "GET /images/big_prod/1384010204641.jpg HTTP/1.1" 200 124578 "-" "Mozilla/5.0 (compatible; bingbot/2.0; +http://www.bing.com/bingbot.htm)"
157.55.39.130 - - [26/Jan/2021:14:41:15 +0100] "GET /images/3609810021037.jpg HTTP/1.1" 200 77858 "-" "Mozilla/5.0 (compatible; bingbot/2.0; +http://www.bing.com/bingbot.htm)"
207.46.13.55 - - [26/Jan/2021:14:41:24 +0100] "GET /images/big_prod_2/8422092340062C.jpg HTTP/1.1" 200 77551 "-" "Mozilla/5.0 (compatible; bingbot/2.0; +http://www.bing.com/bingbot.htm)"
207.46.13.53 - - [26/Jan/2021:14:43:39 +0100] "GET /images/med_prod/3760167604141.jpg HTTP/1.1" 200 101379 "-" "Mozilla/5.0 (compatible; bingbot/2.0; +http://www.bing.com/bingbot.htm)"
192.0.102.116 - - [26/Jan/2021:14:46:32 +0100] "GET /images/big_prod/8424001336586.jpg HTTP/1.1" 200 90782 "-" "Photon/1.0"
13.66.139.5 - - [26/Jan/2021:14:47:48 +0100] "GET /images/big_prod/1384010205242B.jpg HTTP/1.1" 200 124702 "-" "Mozilla/5.0 (compatible; bingbot/2.0; +http://www.bing.com/bingbot.htm)"
207.46.13.55 - - [26/Jan/2021:14:48:56 +0100] "GET /images/big_prod/4029811362837.jpg HTTP/1.1" 200 32998 "-" "Mozilla/5.0 (compatible; bingbot/2.0; +http://www.bing.com/bingbot.htm)"
157.55.39.153 - - [26/Jan/2021:14:50:07 +0100] "GET /images/big_prod/8433933157350.jpg HTTP/1.1" 200 144950 "-" "Mozilla/5.0 (compatible; bingbot/2.0; +http://www.bing.com/bingbot.htm)"
13.66.139.139 - - [26/Jan/2021:14:50:56 +0100] "GET /images/big_prod/4012390388299.jpg HTTP/1.1" 200 59457 "-" "Mozilla/5.0 (compatible; bingbot/2.0; +http://www.bing.com/bingbot.htm)"
207.46.13.55 - - [26/Jan/2021:14:52:36 +0100] "GET /images/big_prod/3565750269598.jpg HTTP/1.1" 200 90152 "-" "Mozilla/5.0 (compatible; bingbot/2.0; +http://www.bing.com/bingbot.htm)"
157.55.39.149 - - [26/Jan/2021:14:54:02 +0100] "GET /images/big_prod/1399986102747.jpg HTTP/1.1" 200 101329 "-" "Mozilla/5.0 (compatible; bingbot/2.0; +http://www.bing.com/bingbot.htm)"
157.55.39.228 - - [26/Jan/2021:14:54:52 +0100] "GET /images/big_prod_2/c8717202553662.jpg HTTP/1.1" 200 37557 "-" "Mozilla/5.0 (compatible; bingbot/2.0; +http://www.bing.com/bingbot.htm)"
5.255.231.71 - - [26/Jan/2021:14:55:14 +0100] "GET /robots.txt HTTP/1.1" 200 2438 "-" "Mozilla/5.0 (compatible; YandexBot/3.0; +http://yandex.com/bots)"
207.46.13.37 - - [26/Jan/2021:14:57:37 +0100] "GET /images/12485-strega-biancaneve.jpg HTTP/1.1" 200 28011 "-" "Mozilla/5.0 (compatible; bingbot/2.0; +http://www.bing.com/bingbot.htm)"
207.46.13.37 - - [26/Jan/2021:14:57:50 +0100] "GET /js/jquery.masonry.min.js HTTP/1.1" 200 5392 "-" "Mozilla/5.0 (compatible; bingbot/2.0; +http://www.bing.com/bingbot.htm)"
157.55.39.228 - - [26/Jan/2021:14:59:07 +0100] "GET /images/big_prod/3609810063136.jpg HTTP/1.1" 200 105381 "-" "Mozilla/5.0 (compatible; bingbot/2.0; +http://www.bing.com/bingbot.htm)"
157.55.39.228 - - [26/Jan/2021:15:00:27 +0100] "GET /images/7316191464822.jpg HTTP/1.1" 200 25147 "-" "Mozilla/5.0 (compatible; bingbot/2.0; +http://www.bing.com/bingbot.htm)"
207.46.13.53 - - [26/Jan/2021:15:00:35 +0100] "GET /images/big_prod_1/b8435333821862.jpg HTTP/1.1" 200 84768 "-" "Mozilla/5.0 (compatible; bingbot/2.0; +http://www.bing.com/bingbot.htm)"
