84.20.250.176 - - [26/Jan/2021:21:43:39 +0100] "GET /highslide/graphics/outlines/drop-shadow.png HTTP/1.1" 200 2022 "http://www.wonder-geek.com/incense-spiritual-guide-10-grams-or-about-sticks-p-35490.html" "Mozilla/5.0 (Windows NT 10.0; Win64; x64) AppleWebKit/537.36 (KHTML, like Gecko) Chrome/88.0.4324.104 Safari/537.36"
84.20.250.176 - - [26/Jan/2021:21:43:39 +0100] "GET /favicon.ico HTTP/1.1" 200 1591 "http://www.wonder-geek.com/incense-spiritual-guide-10-grams-or-about-sticks-p-35490.html" "Mozilla/5.0 (Windows NT 10.0; Win64; x64) AppleWebKit/537.36 (KHTML, like Gecko) Chrome/88.0.4324.104 Safari/537.36"
84.20.250.176 - - [26/Jan/2021:21:43:53 +0100] "GET /images/mini_prod/8901319003121.jpg HTTP/1.1" 200 7314 "http://www.wonder-geek.com/shopping_cart.php" "Mozilla/5.0 (Windows NT 10.0; Win64; x64) AppleWebKit/537.36 (KHTML, like Gecko) Chrome/88.0.4324.104 Safari/537.36"
84.20.250.176 - - [26/Jan/2021:21:43:53 +0100] "GET /templates/Pixame_v1/images/buttons/english/button_update_cart.gif HTTP/1.1" 200 1223 "http://www.wonder-geek.com/shopping_cart.php" "Mozilla/5.0 (Windows NT 10.0; Win64; x64) AppleWebKit/537.36 (KHTML, like Gecko) Chrome/88.0.4324.104 Safari/537.36"
84.20.250.176 - - [26/Jan/2021:21:43:53 +0100] "GET /templates/Pixame_v1/images/buttons/english/button_continue_shopping.gif HTTP/1.1" 200 1413 "http://www.wonder-geek.com/shopping_cart.php" "Mozilla/5.0 (Windows NT 10.0; Win64; x64) AppleWebKit/537.36 (KHTML, like Gecko) Chrome/88.0.4324.104 Safari/537.36"
84.20.250.176 - - [26/Jan/2021:21:43:53 +0100] "GET /templates/Pixame_v1/images/buttons/english/button_checkout.gif HTTP/1.1" 200 1039 "http://www.wonder-geek.com/shopping_cart.php" "Mozilla/5.0 (Windows NT 10.0; Win64; x64) AppleWebKit/537.36 (KHTML, like Gecko) Chrome/88.0.4324.104 Safari/537.36"
84.20.250.176 - - [26/Jan/2021:21:43:53 +0100] "GET /images/icons/colissimo.gif HTTP/1.1" 200 2712 "http://www.wonder-geek.com/shopping_cart.php" "Mozilla/5.0 (Windows NT 10.0; Win64; x64) AppleWebKit/537.36 (KHTML, like Gecko) Chrome/88.0.4324.104 Safari/537.36"
84.20.250.176 - - [26/Jan/2021:21:43:57 +0100] "GET /templates/Pixame_v1/images/buttons/english/button_create_account.gif HTTP/1.1" 200 1232 "http://www.wonder-geek.com/login.php" "Mozilla/5.0 (Windows NT 10.0; Win64; x64) AppleWebKit/537.36 (KHTML, like Gecko) Chrome/88.0.4324.104 Safari/537.36"
84.20.250.176 - - [26/Jan/2021:21:45:12 +0100] "GET /templates/Pixame_v1/images/buttons/english/button_change_address.gif HTTP/1.1" 200 1393 "http://www.wonder-geek.com/checkout_shipping.php" "Mozilla/5.0 (Windows NT 10.0; Win64; x64) AppleWebKit/537.36 (KHTML, like Gecko) Chrome/88.0.4324.104 Safari/537.36"
84.20.250.176 - - [26/Jan/2021:21:45:12 +0100] "GET /images/arrow_south_east.gif HTTP/1.1" 200 2779 "http://www.wonder-geek.com/checkout_shipping.php" "Mozilla/5.0 (Windows NT 10.0; Win64; x64) AppleWebKit/537.36 (KHTML, like Gecko) Chrome/88.0.4324.104 Safari/537.36"
84.20.250.176 - - [26/Jan/2021:21:45:12 +0100] "GET /images/icons/expertINT.gif HTTP/1.1" 200 1699 "http://www.wonder-geek.com/checkout_shipping.php" "Mozilla/5.0 (Windows NT 10.0; Win64; x64) AppleWebKit/537.36 (KHTML, like Gecko) Chrome/88.0.4324.104 Safari/537.36"
207.46.13.55 - - [26/Jan/2021:21:45:14 +0100] "GET /images/big_prod/8422011475783.jpg HTTP/1.1" 200 71184 "-" "Mozilla/5.0 (compatible; bingbot/2.0; +http://www.bing.com/bingbot.htm)"
84.20.250.176 - - [26/Jan/2021:21:45:24 +0100] "GET /images/account_orders.gif HTTP/1.1" 200 3427 "http://www.wonder-geek.com/account.php" "Mozilla/5.0 (Windows NT 10.0; Win64; x64) AppleWebKit/537.36 (KHTML, like Gecko) Chrome/88.0.4324.104 Safari/537.36"
84.20.250.176 - - [26/Jan/2021:21:45:24 +0100] "GET /images/account_personal.gif HTTP/1.1" 200 3627 "http://www.wonder-geek.com/account.php" "Mozilla/5.0 (Windows NT 10.0; Win64; x64) AppleWebKit/537.36 (KHTML, like Gecko) Chrome/88.0.4324.104 Safari/537.36"
84.20.250.176 - - [26/Jan/2021:21:45:24 +0100] "GET /images/account_notifications.gif HTTP/1.1" 200 3551 "http://www.wonder-geek.com/account.php" "Mozilla/5.0 (Windows NT 10.0; Win64; x64) AppleWebKit/537.36 (KHTML, like Gecko) Chrome/88.0.4324.104 Safari/537.36"
84.20.250.176 - - [26/Jan/2021:21:45:59 +0100] "GET /templates/Pixame_v1/images/buttons/english/button_add_address.gif HTTP/1.1" 200 1208 "http://www.wonder-geek.com/address_book.php" "Mozilla/5.0 (Windows NT 10.0; Win64; x64) AppleWebKit/537.36 (KHTML, like Gecko) Chrome/88.0.4324.104 Safari/537.36"
84.20.250.176 - - [26/Jan/2021:21:46:06 +0100] "GET /templates/Pixame_v1/images/buttons/english/button_update.gif HTTP/1.1" 200 1031 "http://www.wonder-geek.com/address_book_process.php?edit=1913" "Mozilla/5.0 (Windows NT 10.0; Win64; x64) AppleWebKit/537.36 (KHTML, like Gecko) Chrome/88.0.4324.104 Safari/537.36"
157.55.39.149 - - [26/Jan/2021:21:46:09 +0100] "GET /images/4010070230982.jpg HTTP/1.1" 200 24530 "-" "Mozilla/5.0 (compatible; bingbot/2.0; +http://www.bing.com/bingbot.htm)"
157.55.39.228 - - [26/Jan/2021:21:46:49 +0100] "GET /images/big_prod_2/3700230606245b.jpg HTTP/1.1" 200 117943 "-" "Mozilla/5.0 (compatible; bingbot/2.0; +http://www.bing.com/bingbot.htm)"
207.46.13.55 - - [26/Jan/2021:21:47:15 +0100] "GET /images/big_prod/3565750037562.jpg HTTP/1.1" 200 36100 "-" "Mozilla/5.0 (compatible; bingbot/2.0; +http://www.bing.com/bingbot.htm)"
207.46.13.53 - - [26/Jan/2021:21:50:14 +0100] "GET /images/big_prod/3574642018169new.jpg HTTP/1.1" 200 32966 "-" "Mozilla/5.0 (compatible; bingbot/2.0; +http://www.bing.com/bingbot.htm)"
192.0.100.11 - - [26/Jan/2021:21:51:10 +0100] "GET /images/1399984242643.jpg HTTP/1.1" 200 127174 "-" "Photon/1.0"
66.249.70.36 - - [26/Jan/2021:21:52:15 +0100] "GET /images/mini_prod/3453131045148.jpg HTTP/1.1" 200 4168 "-" "Googlebot-Image/1.0"
157.55.39.228 - - [26/Jan/2021:21:53:33 +0100] "GET /images/8003990585764.jpg HTTP/1.1" 200 42712 "-" "Mozilla/5.0 (compatible; bingbot/2.0; +http://www.bing.com/bingbot.htm)"
116.202.48.199 - - [26/Jan/2021:21:54:15 +0100] "GET /images/1300010237335.jpg HTTP/1.1" 200 53948 "-" "Mozilla/5.0 (X11; Fedora; Linux x86_64) AppleWebKit/537.36 (KHTML, like Gecko) Chrome/79.0.3945.117 Safari/537.36"
207.46.13.37 - - [26/Jan/2021:21:55:36 +0100] "GET /images/big_prod_1/8433933227534B.jpg HTTP/1.1" 200 97298 "-" "Mozilla/5.0 (compatible; bingbot/2.0; +http://www.bing.com/bingbot.htm)"
207.46.13.37 - - [26/Jan/2021:21:55:37 +0100] "GET /images/DSCN3998.jpg HTTP/1.1" 200 21062 "-" "Mozilla/5.0 (compatible; bingbot/2.0; +http://www.bing.com/bingbot.htm)"
104.238.220.232 - - [26/Jan/2021:22:00:13 +0100] "GET /images/med_prod/1384010178201.jpg HTTP/1.1" 200 88889 "http://www.wonder-geek.com/gund-mini-horse-sound-plush-p-32795.html" "Mozilla/5.0 (Linux; Android 8.1; PAR-AL00 Build/HUAWEIPAR-AL00; wv) AppleWebKit/537.36 (KHTML, like Gecko) Version/4.0 Chrome/57.0.2987.132 MQQBrowser/6.2 TBS/044304 Mobile Safari/537.36 MicroMessenger/6.7.3.1360(0x26070333) NetType/4G Language/zh_CN Process/tools"
104.238.220.232 - - [26/Jan/2021:22:00:15 +0100] "GET /images/med_prod/1384010178201.jpg HTTP/1.1" 200 88889 "http://www.wonder-geek.com/gund-mini-horse-sound-plush-p-32795.html" "Mozilla/5.0 (Linux; Android 8.1.0; CLT-AL00 Build/HUAWEICLT-AL00; wv) AppleWebKit/537.36 (KHTML, like Gecko) Version/4.0 Chrome/63.0.3239.83 Mobile Safari/537.36 T7/10.13 baiduboxapp/10.13.0.11 (Baidu; P1 8.1.0)"
207.46.13.55 - - [26/Jan/2021:22:02:28 +0100] "GET /images/big_prod/3609810039810.jpg HTTP/1.1" 200 111147 "-" "Mozilla/5.0 (compatible; bingbot/2.0; +http://www.bing.com/bingbot.htm)"
192.0.100.59 - - [26/Jan/2021:22:04:44 +0100] "GET /images/mini_prod/1399984257050.jpg HTTP/1.1" 200 5009 "-" "Photon/1.0"
207.46.13.53 - - [26/Jan/2021:22:09:33 +0100] "GET /images/big_prod/1345544941891N.jpg HTTP/1.1" 200 113100 "-" "Mozilla/5.0 (compatible; bingbot/2.0; +http://www.bing.com/bingbot.htm)"
157.55.39.228 - - [26/Jan/2021:22:10:34 +0100] "GET /images/med_prod/4036113830230.jpg HTTP/1.1" 200 174745 "-" "Mozilla/5.0 (compatible; bingbot/2.0; +http://www.bing.com/bingbot.htm)"
207.46.13.37 - - [26/Jan/2021:22:13:12 +0100] "GET /images/3661275044402.jpg HTTP/1.1" 200 20151 "-" "Mozilla/5.0 (compatible; bingbot/2.0; +http://www.bing.com/bingbot.htm)"
157.55.39.149 - - [26/Jan/2021:22:14:39 +0100] "GET /images/big_prod/3453131132459.jpg HTTP/1.1" 200 70154 "-" "Mozilla/5.0 (compatible; bingbot/2.0; +http://www.bing.com/bingbot.htm)"
207.46.13.53 - - [26/Jan/2021:22:14:53 +0100] "GET /images/110908_065947_PEEL_GWSzgf.jpg HTTP/1.1" 200 18165 "-" "Mozilla/5.0 (compatible; bingbot/2.0; +http://www.bing.com/bingbot.htm)"
157.55.39.228 - - [26/Jan/2021:22:16:19 +0100] "GET /images/big_prod_2/3700230606245b.jpg HTTP/1.1" 200 117943 "-" "Mozilla/5.0 (compatible; bingbot/2.0; +http://www.bing.com/bingbot.htm)"
66.249.70.62 - - [26/Jan/2021:22:16:25 +0100] "GET /images/mini_prod/3453131140263.jpg HTTP/1.1" 200 9719 "-" "Googlebot-Image/1.0"
66.249.70.62 - - [26/Jan/2021:22:17:08 +0100] "GET /images/mini_prod/3418175549007.jpg HTTP/1.1" 200 9023 "-" "Googlebot-Image/1.0"
66.249.70.62 - - [26/Jan/2021:22:17:43 +0100] "GET /images/mini_prod/1348422000222.jpg HTTP/1.1" 200 7052 "-" "Googlebot-Image/1.0"
66.249.70.36 - - [26/Jan/2021:22:18:29 +0100] "GET /images/mini_prod/3453131141598.jpg HTTP/1.1" 200 7910 "-" "Googlebot-Image/1.0"
207.46.13.55 - - [26/Jan/2021:22:21:31 +0100] "GET /images/big_prod_3/b8717202556908.jpg HTTP/1.1" 200 59423 "-" "Mozilla/5.0 (compatible; bingbot/2.0; +http://www.bing.com/bingbot.htm)"
66.249.70.33 - - [26/Jan/2021:22:22:15 +0100] "GET /images/mini_prod/4029811337231.jpg HTTP/1.1" 200 11986 "-" "Googlebot-Image/1.0"
157.55.39.149 - - [26/Jan/2021:22:26:04 +0100] "GET /images/3681643110584.jpg HTTP/1.1" 200 47626 "-" "Mozilla/5.0 (compatible; bingbot/2.0; +http://www.bing.com/bingbot.htm)"
157.55.39.149 - - [26/Jan/2021:22:26:23 +0100] "GET /images/3681643110584.jpg HTTP/1.1" 200 47626 "-" "Mozilla/5.0 (compatible; bingbot/2.0; +http://www.bing.com/bingbot.htm)"
207.46.13.53 - - [26/Jan/2021:22:27:01 +0100] "GET /images/big_prod/1399986100009.jpg HTTP/1.1" 200 114899 "-" "Mozilla/5.0 (compatible; bingbot/2.0; +http://www.bing.com/bingbot.htm)"
207.46.13.53 - - [26/Jan/2021:22:28:09 +0100] "GET /images/big_prod/1328399139910.jpg HTTP/1.1" 200 67687 "-" "Mozilla/5.0 (compatible; bingbot/2.0; +http://www.bing.com/bingbot.htm)"
207.46.13.55 - - [26/Jan/2021:22:28:43 +0100] "GET /images/big_prod_1/191693128666B.jpg HTTP/1.1" 200 109627 "-" "Mozilla/5.0 (compatible; bingbot/2.0; +http://www.bing.com/bingbot.htm)"
40.89.255.164 - - [26/Jan/2021:22:30:26 +0100] "GET /images/big_prod/3612875119311.jpg HTTP/1.1" 200 84030 "-" "DuckDuckBot/1.1; (+http://duckduckgo.com/duckduckbot.html)"
106.11.152.121 - - [26/Jan/2021:22:30:57 +0100] "GET /templates/Pixame_v1/stylesheet.css HTTP/1.1" 200 56057 "http://www.wonder-geek.com/toys-c-4_45.html" "Mozilla/5.0 (Windows NT 6.1; Win64; x64) AppleWebKit/537.36 (KHTML, like Gecko) Chrome/69.0.3497.81 YisouSpider/5.0 Safari/537.36"
157.55.39.149 - - [26/Jan/2021:22:31:26 +0100] "GET /images/9316188036085.jpg HTTP/1.1" 200 27821 "-" "Mozilla/5.0 (compatible; bingbot/2.0; +http://www.bing.com/bingbot.htm)"
207.46.13.55 - - [26/Jan/2021:22:33:24 +0100] "GET /images/big_prod_1/1328399219353a.jpg HTTP/1.1" 200 53829 "-" "Mozilla/5.0 (compatible; bingbot/2.0; +http://www.bing.com/bingbot.htm)"
147.92.153.14 - - [26/Jan/2021:22:35:01 +0100] "GET /images/3438100273920.jpg HTTP/1.1" 200 52928 "-" "Mozilla/5.0 (compatible; Linespider/1.1; +https://lin.ee/4dwXkTH)"
147.92.153.4 - - [26/Jan/2021:22:35:21 +0100] "GET /images/3661443610439.jpg HTTP/1.1" 200 35997 "-" "Mozilla/5.0 (compatible; Linespider/1.1; +https://lin.ee/4dwXkTH)"
147.92.153.8 - - [26/Jan/2021:22:35:41 +0100] "GET /images/big_prod/pochette1300010258729.jpg HTTP/1.1" 200 138376 "-" "Mozilla/5.0 (compatible; Linespider/1.1; +https://lin.ee/4dwXkTH)"
157.55.39.149 - - [26/Jan/2021:22:36:47 +0100] "GET /images/mini_prod/8422020048565.jpg HTTP/1.1" 200 6434 "-" "Mozilla/5.0 (compatible; bingbot/2.0; +http://www.bing.com/bingbot.htm)"
207.46.13.37 - - [26/Jan/2021:22:37:15 +0100] "GET /images/big_prod/1341689139391.jpg HTTP/1.1" 200 148039 "-" "Mozilla/5.0 (compatible; bingbot/2.0; +http://www.bing.com/bingbot.htm)"
207.46.13.37 - - [26/Jan/2021:22:37:16 +0100] "GET /images/mini_prod/5051276247823.jpg HTTP/1.1" 200 3635 "-" "Mozilla/5.0 (compatible; bingbot/2.0; +http://www.bing.com/bingbot.htm)"
207.46.13.37 - - [26/Jan/2021:22:37:16 +0100] "GET /images/big_prod/3453131129145.jpg HTTP/1.1" 200 96175 "-" "Mozilla/5.0 (compatible; bingbot/2.0; +http://www.bing.com/bingbot.htm)"
34.75.169.236 - - [26/Jan/2021:22:38:44 +0100] "GET /robots.txt HTTP/1.0" 200 2438 "-" "ZoominfoBot (zoominfobot at zoominfo dot com)"
147.92.153.19 - - [26/Jan/2021:22:40:20 +0100] "GET /images/3681643300305.jpg HTTP/1.1" 200 25318 "-" "Mozilla/5.0 (compatible; Linespider/1.1; +https://lin.ee/4dwXkTH)"
157.55.39.153 - - [26/Jan/2021:22:40:54 +0100] "GET /images/B8422666661524B.jpg HTTP/1.1" 200 24015 "-" "Mozilla/5.0 (compatible; bingbot/2.0; +http://www.bing.com/bingbot.htm)"
157.55.39.153 - - [26/Jan/2021:22:40:54 +0100] "GET /images/big_prod_1/8422014754403B.jpg HTTP/1.1" 200 96811 "-" "Mozilla/5.0 (compatible; bingbot/2.0; +http://www.bing.com/bingbot.htm)"
157.55.39.153 - - [26/Jan/2021:22:40:57 +0100] "GET /images/1399984221303.jpg HTTP/1.1" 200 40308 "-" "Mozilla/5.0 (compatible; bingbot/2.0; +http://www.bing.com/bingbot.htm)"
157.55.39.153 - - [26/Jan/2021:22:40:57 +0100] "GET /images/mini_prod/3503420079986.jpg HTTP/1.1" 200 8384 "-" "Mozilla/5.0 (compatible; bingbot/2.0; +http://www.bing.com/bingbot.htm)"
157.55.39.153 - - [26/Jan/2021:22:40:57 +0100] "GET /images/mini_prod/3014627927371.jpg HTTP/1.1" 200 4506 "-" "Mozilla/5.0 (compatible; bingbot/2.0; +http://www.bing.com/bingbot.htm)"
157.55.39.153 - - [26/Jan/2021:22:40:57 +0100] "GET /images/5012994628660.jpg HTTP/1.1" 200 22584 "-" "Mozilla/5.0 (compatible; bingbot/2.0; +http://www.bing.com/bingbot.htm)"
147.92.153.19 - - [26/Jan/2021:22:41:20 +0100] "GET /images/1399984237168.jpg HTTP/1.1" 200 38018 "-" "Mozilla/5.0 (compatible; Linespider/1.1; +https://lin.ee/4dwXkTH)"
5.255.231.71 - - [26/Jan/2021:22:41:41 +0100] "GET /robots.txt HTTP/1.1" 200 2438 "-" "Mozilla/5.0 (compatible; YandexBot/3.0; +http://yandex.com/bots)"
5.255.231.71 - - [26/Jan/2021:22:41:44 +0100] "GET /images/3661443613164.jpg HTTP/1.1" 200 18054 "-" "Mozilla/5.0 (compatible; YandexImages/3.0; +http://yandex.com/bots)"
157.55.39.153 - - [26/Jan/2021:22:41:55 +0100] "GET /images/B8422666661524B.jpg HTTP/1.1" 200 24015 "-" "Mozilla/5.0 (compatible; bingbot/2.0; +http://www.bing.com/bingbot.htm)"
147.92.153.11 - - [26/Jan/2021:22:43:01 +0100] "GET /images/1399984235287.jpg HTTP/1.1" 200 52343 "-" "Mozilla/5.0 (compatible; Linespider/1.1; +https://lin.ee/4dwXkTH)"
207.46.13.53 - - [26/Jan/2021:22:43:14 +0100] "GET /images/big_prod/3442440270426.jpg HTTP/1.1" 200 114097 "-" "Mozilla/5.0 (compatible; bingbot/2.0; +http://www.bing.com/bingbot.htm)"
114.119.130.202 - - [26/Jan/2021:22:44:49 +0100] "GET /images/big_prod/028399106028.jpg HTTP/1.1" 200 48761 "-" "Mozilla/5.0 (Linux; Android 7.0;) AppleWebKit/537.36 (KHTML, like Gecko) Mobile Safari/537.36 (compatible; PetalBot;+https://aspiegel.com/petalbot)"
157.55.39.149 - - [26/Jan/2021:22:46:10 +0100] "GET /images/big_prod/3453131132459.jpg HTTP/1.1" 200 70154 "-" "Mozilla/5.0 (compatible; bingbot/2.0; +http://www.bing.com/bingbot.htm)"
178.176.163.159 - - [26/Jan/2021:22:47:59 +0100] "GET /images/med_prod/8006180201741.jpg HTTP/1.1" 200 86884 "-" "Mozilla/5.0 (Linux; arm_64; Android 9; Redmi Note 8 Pro) AppleWebKit/537.36 (KHTML, like Gecko) Chrome/86.0.4240.198 YaBrowser/20.11.5.124.00 SA/3 Mobile Safari/537.36"
216.244.66.242 - - [26/Jan/2021:22:48:00 +0100] "GET /robots.txt HTTP/1.1" 200 2438 "-" "Mozilla/5.0 (compatible; DotBot/1.1; http://www.opensiteexplorer.org/dotbot, help@moz.com)"
172.58.96.227 - - [26/Jan/2021:22:55:01 +0100] "GET /images/big_prod/8412497489190.jpg HTTP/1.1" 200 99430 "-" "Dalvik/2.1.0 (Linux; U; Android 9; SM-A102U Build/PPR1.180610.011)"
157.55.39.149 - - [26/Jan/2021:23:08:08 +0100] "GET /images/big_prod/3665269031317.jpg HTTP/1.1" 200 150897 "-" "Mozilla/5.0 (compatible; bingbot/2.0; +http://www.bing.com/bingbot.htm)"
207.46.13.53 - - [26/Jan/2021:23:11:15 +0100] "GET /images/med_prod/8435306269783.jpg HTTP/1.1" 200 142673 "-" "Mozilla/5.0 (compatible; bingbot/2.0; +http://www.bing.com/bingbot.htm)"
207.46.13.37 - - [26/Jan/2021:23:11:51 +0100] "GET /images/big_prod_1/b3608860071832.jpg HTTP/1.1" 200 145468 "-" "Mozilla/5.0 (compatible; bingbot/2.0; +http://www.bing.com/bingbot.htm)"
157.55.39.153 - - [26/Jan/2021:23:16:15 +0100] "GET /images/big_prod/1328399219629.jpg HTTP/1.1" 200 73840 "-" "Mozilla/5.0 (compatible; bingbot/2.0; +http://www.bing.com/bingbot.htm)"
185.191.171.9 - - [26/Jan/2021:23:16:59 +0100] "GET /robots.txt HTTP/1.1" 200 2438 "-" "Mozilla/5.0 (compatible; SemrushBot/7~bl; +http://www.semrush.com/bot.html)"
114.119.129.36 - - [26/Jan/2021:23:19:03 +0100] "GET /images/1399984235836.jpg HTTP/1.1" 200 239872 "-" "Mozilla/5.0 (Linux; Android 7.0;) AppleWebKit/537.36 (KHTML, like Gecko) Mobile Safari/537.36 (compatible; PetalBot;+https://aspiegel.com/petalbot)"
157.55.39.228 - - [26/Jan/2021:23:21:40 +0100] "GET /images/med_prod/3661977002656.jpg HTTP/1.1" 200 164944 "-" "Mozilla/5.0 (compatible; bingbot/2.0; +http://www.bing.com/bingbot.htm)"
66.249.70.36 - - [26/Jan/2021:23:22:16 +0100] "GET /images/big_prod/3014627944996.jpg HTTP/1.1" 200 230264 "-" "Googlebot-Image/1.0"
66.249.80.40 - - [26/Jan/2021:23:25:55 +0100] "GET /images/big_prod/NN3453131149754.jpg HTTP/1.1" 200 172198 "-" "Mozilla/5.0 (Windows NT 5.1; rv:11.0) Gecko Firefox/11.0 (via ggpht.com GoogleImageProxy)"
207.46.13.53 - - [26/Jan/2021:23:27:29 +0100] "GET /images/1399984263563.jpg HTTP/1.1" 200 127759 "-" "Mozilla/5.0 (compatible; bingbot/2.0; +http://www.bing.com/bingbot.htm)"
157.55.39.149 - - [26/Jan/2021:23:32:46 +0100] "GET /images/big_prod/1384010190630.jpg HTTP/1.1" 200 48008 "-" "Mozilla/5.0 (compatible; bingbot/2.0; +http://www.bing.com/bingbot.htm)"
86.242.27.132 - - [26/Jan/2021:23:40:08 +0100] "GET /highslide/highslide.js HTTP/1.1" 200 42909 "http://www.wonder-geek.com/unicorn-shaped-night-light-led-p-53363.html" "Mozilla/5.0 (Linux; Android 10; VOG-L29) AppleWebKit/537.36 (KHTML, like Gecko) Chrome/88.0.4324.93 Mobile Safari/537.36"
86.242.27.132 - - [26/Jan/2021:23:40:08 +0100] "GET /js/jquery.jqzoom.js HTTP/1.1" 200 4761 "http://www.wonder-geek.com/unicorn-shaped-night-light-led-p-53363.html" "Mozilla/5.0 (Linux; Android 10; VOG-L29) AppleWebKit/537.36 (KHTML, like Gecko) Chrome/88.0.4324.93 Mobile Safari/537.36"
86.242.27.132 - - [26/Jan/2021:23:40:08 +0100] "GET /templates/Pixame_v1/stylesheet.css HTTP/1.1" 200 56057 "http://www.wonder-geek.com/unicorn-shaped-night-light-led-p-53363.html" "Mozilla/5.0 (Linux; Android 10; VOG-L29) AppleWebKit/537.36 (KHTML, like Gecko) Chrome/88.0.4324.93 Mobile Safari/537.36"
86.242.27.132 - - [26/Jan/2021:23:40:08 +0100] "GET /js/jquery.js HTTP/1.1" 200 54075 "http://www.wonder-geek.com/unicorn-shaped-night-light-led-p-53363.html" "Mozilla/5.0 (Linux; Android 10; VOG-L29) AppleWebKit/537.36 (KHTML, like Gecko) Chrome/88.0.4324.93 Mobile Safari/537.36"
86.242.27.132 - - [26/Jan/2021:23:40:08 +0100] "GET /mondial_relay/js/jquery-1.3.2.min.js HTTP/1.1" 200 57254 "http://www.wonder-geek.com/unicorn-shaped-night-light-led-p-53363.html" "Mozilla/5.0 (Linux; Android 10; VOG-L29) AppleWebKit/537.36 (KHTML, like Gecko) Chrome/88.0.4324.93 Mobile Safari/537.36"
86.242.27.132 - - [26/Jan/2021:23:40:08 +0100] "GET /templates/Pixame_v1/images/icon_accueil2.png HTTP/1.1" 200 1137 "http://www.wonder-geek.com/unicorn-shaped-night-light-led-p-53363.html" "Mozilla/5.0 (Linux; Android 10; VOG-L29) AppleWebKit/537.36 (KHTML, like Gecko) Chrome/88.0.4324.93 Mobile Safari/537.36"
86.242.27.132 - - [26/Jan/2021:23:40:08 +0100] "GET /templates/Pixame_v1/images/buttons/english/button_in_cart.gif HTTP/1.1" 200 1212 "http://www.wonder-geek.com/unicorn-shaped-night-light-led-p-53363.html" "Mozilla/5.0 (Linux; Android 10; VOG-L29) AppleWebKit/537.36 (KHTML, like Gecko) Chrome/88.0.4324.93 Mobile Safari/537.36"
86.242.27.132 - - [26/Jan/2021:23:40:08 +0100] "GET /templates/Pixame_v1/images/nav.png HTTP/1.1" 200 1283 "http://www.wonder-geek.com/templates/Pixame_v1/stylesheet.css" "Mozilla/5.0 (Linux; Android 10; VOG-L29) AppleWebKit/537.36 (KHTML, like Gecko) Chrome/88.0.4324.93 Mobile Safari/537.36"
86.242.27.132 - - [26/Jan/2021:23:40:08 +0100] "GET /templates/Pixame_v1/images/Bottom_texture.jpg HTTP/1.1" 200 56290 "http://www.wonder-geek.com/templates/Pixame_v1/stylesheet.css" "Mozilla/5.0 (Linux; Android 10; VOG-L29) AppleWebKit/537.36 (KHTML, like Gecko) Chrome/88.0.4324.93 Mobile Safari/537.36"
86.242.27.132 - - [26/Jan/2021:23:40:08 +0100] "GET /templates/Pixame_v1/images/header.png HTTP/1.1" 200 70245 "http://www.wonder-geek.com/templates/Pixame_v1/stylesheet.css" "Mozilla/5.0 (Linux; Android 10; VOG-L29) AppleWebKit/537.36 (KHTML, like Gecko) Chrome/88.0.4324.93 Mobile Safari/537.36"
86.242.27.132 - - [26/Jan/2021:23:40:08 +0100] "GET /images/big_prod/3520071679068.jpg HTTP/1.1" 200 247611 "http://www.wonder-geek.com/unicorn-shaped-night-light-led-p-53363.html" "Mozilla/5.0 (Linux; Android 10; VOG-L29) AppleWebKit/537.36 (KHTML, like Gecko) Chrome/88.0.4324.93 Mobile Safari/537.36"
86.242.27.132 - - [26/Jan/2021:23:40:08 +0100] "GET /design/productsenstock.png HTTP/1.1" 200 4743 "http://www.wonder-geek.com/templates/Pixame_v1/stylesheet.css" "Mozilla/5.0 (Linux; Android 10; VOG-L29) AppleWebKit/537.36 (KHTML, like Gecko) Chrome/88.0.4324.93 Mobile Safari/537.36"
86.242.27.132 - - [26/Jan/2021:23:40:08 +0100] "GET /templates/Pixame_v1/images/header-object.png HTTP/1.1" 200 106050 "http://www.wonder-geek.com/templates/Pixame_v1/stylesheet.css" "Mozilla/5.0 (Linux; Android 10; VOG-L29) AppleWebKit/537.36 (KHTML, like Gecko) Chrome/88.0.4324.93 Mobile Safari/537.36"
86.242.27.132 - - [26/Jan/2021:23:40:08 +0100] "GET /templates/Pixame_v1/images/Middle_texture.jpg HTTP/1.1" 200 249620 "http://www.wonder-geek.com/templates/Pixame_v1/stylesheet.css" "Mozilla/5.0 (Linux; Android 10; VOG-L29) AppleWebKit/537.36 (KHTML, like Gecko) Chrome/88.0.4324.93 Mobile Safari/537.36"
86.242.27.132 - - [26/Jan/2021:23:40:08 +0100] "GET /highslide/graphics/outlines/drop-shadow.png HTTP/1.1" 200 2022 "http://www.wonder-geek.com/unicorn-shaped-night-light-led-p-53363.html" "Mozilla/5.0 (Linux; Android 10; VOG-L29) AppleWebKit/537.36 (KHTML, like Gecko) Chrome/88.0.4324.93 Mobile Safari/537.36"
86.242.27.132 - - [26/Jan/2021:23:40:08 +0100] "GET /favicon.ico HTTP/1.1" 200 1591 "http://www.wonder-geek.com/unicorn-shaped-night-light-led-p-53363.html" "Mozilla/5.0 (Linux; Android 10; VOG-L29) AppleWebKit/537.36 (KHTML, like Gecko) Chrome/88.0.4324.93 Mobile Safari/537.36"
207.46.13.55 - - [26/Jan/2021:23:43:58 +0100] "GET /images/big_prod/8422035312002.jpg HTTP/1.1" 200 84736 "-" "Mozilla/5.0 (compatible; bingbot/2.0; +http://www.bing.com/bingbot.htm)"
207.46.13.55 - - [26/Jan/2021:23:45:18 +0100] "GET /images/big_prod/3609810039810.jpg HTTP/1.1" 200 111147 "-" "Mozilla/5.0 (compatible; bingbot/2.0; +http://www.bing.com/bingbot.htm)"
157.55.39.149 - - [26/Jan/2021:23:48:09 +0100] "GET /images/4010070230982.jpg HTTP/1.1" 200 24530 "-" "Mozilla/5.0 (compatible; bingbot/2.0; +http://www.bing.com/bingbot.htm)"
207.46.13.55 - - [26/Jan/2021:23:48:36 +0100] "GET /images/big_prod/8433978414647.jpg HTTP/1.1" 200 44146 "-" "Mozilla/5.0 (compatible; bingbot/2.0; +http://www.bing.com/bingbot.htm)"
157.55.39.153 - - [26/Jan/2021:23:49:01 +0100] "GET /images/med_prod/3457010954460.jpg HTTP/1.1" 200 150464 "-" "Mozilla/5.0 (compatible; bingbot/2.0; +http://www.bing.com/bingbot.htm)"
157.55.39.153 - - [26/Jan/2021:23:49:02 +0100] "GET /images/3565750158564.jpg HTTP/1.1" 200 104246 "-" "Mozilla/5.0 (compatible; bingbot/2.0; +http://www.bing.com/bingbot.htm)"
157.55.39.153 - - [26/Jan/2021:23:49:02 +0100] "GET /images/mini_prod/3503420079986.jpg HTTP/1.1" 200 8384 "-" "Mozilla/5.0 (compatible; bingbot/2.0; +http://www.bing.com/bingbot.htm)"
157.55.39.228 - - [26/Jan/2021:23:49:05 +0100] "GET /images/1399984246801.gif HTTP/1.1" 200 78722 "-" "Mozilla/5.0 (compatible; bingbot/2.0; +http://www.bing.com/bingbot.htm)"
157.55.39.228 - - [26/Jan/2021:23:51:04 +0100] "GET /images/DSCN3871chf.jpg HTTP/1.1" 200 47078 "-" "Mozilla/5.0 (compatible; bingbot/2.0; +http://www.bing.com/bingbot.htm)"
157.55.39.149 - - [26/Jan/2021:23:51:30 +0100] "GET /images/big_prod/3665269031317.jpg HTTP/1.1" 200 150897 "-" "Mozilla/5.0 (compatible; bingbot/2.0; +http://www.bing.com/bingbot.htm)"
207.46.13.53 - - [26/Jan/2021:23:55:44 +0100] "GET /images/4895029694677.jpg HTTP/1.1" 200 42067 "-" "Mozilla/5.0 (compatible; bingbot/2.0; +http://www.bing.com/bingbot.htm)"
157.55.39.228 - - [26/Jan/2021:23:55:58 +0100] "GET /images/big_prod/maboiteadentdelait.jpg HTTP/1.1" 200 114862 "-" "Mozilla/5.0 (compatible; bingbot/2.0; +http://www.bing.com/bingbot.htm)"
216.244.66.242 - - [26/Jan/2021:23:56:04 +0100] "GET /robots.txt HTTP/1.1" 200 2438 "-" "Mozilla/5.0 (compatible; DotBot/1.1; http://www.opensiteexplorer.org/dotbot, help@moz.com)"
74.125.209.52 - - [26/Jan/2021:23:56:57 +0100] "GET /images/big_prod/4029811417605.jpg HTTP/1.1" 200 110990 "-" "Mozilla/5.0 (Windows NT 5.1; rv:11.0) Gecko Firefox/11.0 (via ggpht.com GoogleImageProxy)"
207.46.13.55 - - [27/Jan/2021:00:00:18 +0100] "GET /images/big_prod/3609810098848.jpg HTTP/1.1" 200 67125 "-" "Mozilla/5.0 (compatible; bingbot/2.0; +http://www.bing.com/bingbot.htm)"
207.46.13.55 - - [27/Jan/2021:00:00:49 +0100] "GET /images/mini_prod/5027148026261.jpg HTTP/1.1" 200 5992 "-" "Mozilla/5.0 (compatible; bingbot/2.0; +http://www.bing.com/bingbot.htm)"
207.46.13.53 - - [27/Jan/2021:00:01:07 +0100] "GET /images/med_prod/8435306269783.jpg HTTP/1.1" 200 142673 "-" "Mozilla/5.0 (compatible; bingbot/2.0; +http://www.bing.com/bingbot.htm)"
207.46.13.37 - - [27/Jan/2021:00:02:26 +0100] "GET /images/mini_prod/3700856405192B.jpg HTTP/1.1" 200 7658 "-" "Mozilla/5.0 (compatible; bingbot/2.0; +http://www.bing.com/bingbot.htm)"
114.119.145.117 - - [27/Jan/2021:00:04:49 +0100] "GET /images/mini_prod/3609810052659.jpg HTTP/1.1" 200 9615 "-" "Mozilla/5.0 (Linux; Android 7.0;) AppleWebKit/537.36 (KHTML, like Gecko) Mobile Safari/537.36 (compatible; PetalBot;+https://aspiegel.com/petalbot)"
66.249.70.62 - - [27/Jan/2021:00:08:13 +0100] "GET /images/mini_prod/3521320806334.gif HTTP/1.1" 200 11339 "-" "Googlebot-Image/1.0"
157.55.39.149 - - [27/Jan/2021:00:09:31 +0100] "GET /images/big_prod_1/8720088295977a.jpg HTTP/1.1" 200 42992 "-" "Mozilla/5.0 (compatible; bingbot/2.0; +http://www.bing.com/bingbot.htm)"
66.249.70.62 - - [27/Jan/2021:00:09:58 +0100] "GET /images/mini_prod/3014627898732.jpg HTTP/1.1" 200 4089 "-" "Googlebot-Image/1.0"
66.249.70.62 - - [27/Jan/2021:00:09:58 +0100] "GET /images/mini_prod/3442440255225.jpg HTTP/1.1" 200 5917 "-" "Googlebot-Image/1.0"
157.55.39.228 - - [27/Jan/2021:00:12:15 +0100] "GET /images/med_prod/3661977002656.jpg HTTP/1.1" 200 164944 "-" "Mozilla/5.0 (compatible; bingbot/2.0; +http://www.bing.com/bingbot.htm)"
157.55.39.153 - - [27/Jan/2021:00:12:59 +0100] "GET /images/5411854151681.jpg HTTP/1.1" 200 47030 "-" "Mozilla/5.0 (compatible; bingbot/2.0; +http://www.bing.com/bingbot.htm)"
157.55.39.153 - - [27/Jan/2021:00:13:00 +0100] "GET /images/big_prod/3665269031201.jpg HTTP/1.1" 200 105059 "-" "Mozilla/5.0 (compatible; bingbot/2.0; +http://www.bing.com/bingbot.htm)"
114.119.158.196 - - [27/Jan/2021:00:17:42 +0100] "GET /images/big_prod/3014627939664.jpg HTTP/1.1" 200 118013 "-" "Mozilla/5.0 (Linux; Android 7.0;) AppleWebKit/537.36 (KHTML, like Gecko) Mobile Safari/537.36 (compatible; PetalBot;+https://aspiegel.com/petalbot)"
157.55.39.153 - - [27/Jan/2021:00:18:20 +0100] "GET /images/big_prod/1328399219629.jpg HTTP/1.1" 200 73840 "-" "Mozilla/5.0 (compatible; bingbot/2.0; +http://www.bing.com/bingbot.htm)"
207.46.13.37 - - [27/Jan/2021:00:19:05 +0100] "GET /images/big_prod/3609810062054.jpg HTTP/1.1" 200 93871 "-" "Mozilla/5.0 (compatible; bingbot/2.0; +http://www.bing.com/bingbot.htm)"
157.55.39.149 - - [27/Jan/2021:00:19:13 +0100] "GET /images/big_prod/3609810081536.jpg HTTP/1.1" 200 89160 "-" "Mozilla/5.0 (compatible; bingbot/2.0; +http://www.bing.com/bingbot.htm)"
157.55.39.153 - - [27/Jan/2021:00:21:11 +0100] "GET /images/med_prod/3520071392981.jpg HTTP/1.1" 200 70996 "-" "Mozilla/5.0 (compatible; bingbot/2.0; +http://www.bing.com/bingbot.htm)"
157.55.39.153 - - [27/Jan/2021:00:21:11 +0100] "GET /images/big_prod/3503420030291.jpg HTTP/1.1" 200 91515 "-" "Mozilla/5.0 (compatible; bingbot/2.0; +http://www.bing.com/bingbot.htm)"
66.249.70.62 - - [27/Jan/2021:00:23:14 +0100] "GET /images/mini_prod/4036113222141.jpg HTTP/1.1" 200 8132 "-" "Googlebot-Image/1.0"
66.249.70.33 - - [27/Jan/2021:00:23:53 +0100] "GET /images/mini_prod/3014627898749.jpg HTTP/1.1" 200 3604 "-" "Googlebot-Image/1.0"
66.249.70.62 - - [27/Jan/2021:00:23:53 +0100] "GET /images/mini_prod/1399984272589.jpg HTTP/1.1" 200 6893 "-" "Googlebot-Image/1.0"
66.249.70.33 - - [27/Jan/2021:00:23:53 +0100] "GET /images/mini_prod/1300010236956.jpg HTTP/1.1" 200 9285 "-" "Googlebot-Image/1.0"
157.55.39.153 - - [27/Jan/2021:00:26:17 +0100] "GET /images/1399984257234.jpg HTTP/1.1" 200 127887 "-" "Mozilla/5.0 (compatible; bingbot/2.0; +http://www.bing.com/bingbot.htm)"
114.119.151.113 - - [27/Jan/2021:00:27:53 +0100] "GET /images/big_prod_1/b8719497611157.jpg HTTP/1.1" 200 65661 "-" "Mozilla/5.0 (Linux; Android 7.0;) AppleWebKit/537.36 (KHTML, like Gecko) Mobile Safari/537.36 (compatible; PetalBot;+https://aspiegel.com/petalbot)"
157.55.39.149 - - [27/Jan/2021:00:28:13 +0100] "GET /images/big_prod/3453131131452.jpg HTTP/1.1" 200 86641 "-" "Mozilla/5.0 (compatible; bingbot/2.0; +http://www.bing.com/bingbot.htm)"
157.55.39.228 - - [27/Jan/2021:00:29:58 +0100] "GET /images/big_prod/maboiteadentdelait.jpg HTTP/1.1" 200 114862 "-" "Mozilla/5.0 (compatible; bingbot/2.0; +http://www.bing.com/bingbot.htm)"
157.55.39.149 - - [27/Jan/2021:00:31:14 +0100] "GET /images/big_prod_1/5404006045211a.jpg HTTP/1.1" 200 86383 "-" "Mozilla/5.0 (compatible; bingbot/2.0; +http://www.bing.com/bingbot.htm)"
157.55.39.153 - - [27/Jan/2021:00:31:36 +0100] "GET /images/big_prod/3665269061055z.jpg HTTP/1.1" 200 208563 "-" "Mozilla/5.0 (compatible; bingbot/2.0; +http://www.bing.com/bingbot.htm)"
114.119.130.202 - - [27/Jan/2021:00:32:13 +0100] "GET /images/big_prod/8422021476473.jpg HTTP/1.1" 200 243678 "-" "Mozilla/5.0 (Linux; Android 7.0;) AppleWebKit/537.36 (KHTML, like Gecko) Mobile Safari/537.36 (compatible; PetalBot;+https://aspiegel.com/petalbot)"
157.55.39.153 - - [27/Jan/2021:00:32:34 +0100] "GET /images/b045544409650.jpg HTTP/1.1" 200 41068 "-" "Mozilla/5.0 (compatible; bingbot/2.0; +http://www.bing.com/bingbot.htm)"
114.119.151.113 - - [27/Jan/2021:00:36:31 +0100] "GET /images/mini_prod/3665269032109.jpg HTTP/1.1" 200 5386 "-" "Mozilla/5.0 (Linux; Android 7.0;) AppleWebKit/537.36 (KHTML, like Gecko) Mobile Safari/537.36 (compatible; PetalBot;+https://aspiegel.com/petalbot)"
157.55.39.153 - - [27/Jan/2021:00:37:16 +0100] "GET /images/big_prod_1/8422014754403B.jpg HTTP/1.1" 200 96811 "-" "Mozilla/5.0 (compatible; bingbot/2.0; +http://www.bing.com/bingbot.htm)"
157.55.39.153 - - [27/Jan/2021:00:37:54 +0100] "GET /images/big_prod/3503420030291.jpg HTTP/1.1" 200 91515 "-" "Mozilla/5.0 (compatible; bingbot/2.0; +http://www.bing.com/bingbot.htm)"
157.55.39.228 - - [27/Jan/2021:00:38:10 +0100] "GET /images/8003990585764.jpg HTTP/1.1" 200 42712 "-" "Mozilla/5.0 (compatible; bingbot/2.0; +http://www.bing.com/bingbot.htm)"
157.55.39.153 - - [27/Jan/2021:00:39:07 +0100] "GET /images/4012390325362.jpg HTTP/1.1" 200 33499 "-" "Mozilla/5.0 (compatible; bingbot/2.0; +http://www.bing.com/bingbot.htm)"
114.119.158.196 - - [27/Jan/2021:00:40:48 +0100] "GET /images/big_prod_1/8482002796006B.jpg HTTP/1.1" 200 86309 "-" "Mozilla/5.0 (Linux; Android 7.0;) AppleWebKit/537.36 (KHTML, like Gecko) Mobile Safari/537.36 (compatible; PetalBot;+https://aspiegel.com/petalbot)"
106.11.156.44 - - [27/Jan/2021:00:42:02 +0100] "GET /images/mini_prod/1339897782317.jpg HTTP/1.1" 200 8103 "http://www.wonder-geek.com/toys-c-4_45.html" "YisouSpider"
157.55.39.149 - - [27/Jan/2021:00:43:05 +0100] "GET /images/big_prod_1/8719497615339b.jpg HTTP/1.1" 200 130001 "-" "Mozilla/5.0 (compatible; bingbot/2.0; +http://www.bing.com/bingbot.htm)"
207.46.13.55 - - [27/Jan/2021:00:45:02 +0100] "GET /images/big_prod/8433978414647.jpg HTTP/1.1" 200 44146 "-" "Mozilla/5.0 (compatible; bingbot/2.0; +http://www.bing.com/bingbot.htm)"
114.119.144.233 - - [27/Jan/2021:00:45:06 +0100] "GET /images/mini_prod/3520071445830.jpg HTTP/1.1" 200 5752 "-" "Mozilla/5.0 (Linux; Android 7.0;) AppleWebKit/537.36 (KHTML, like Gecko) Mobile Safari/537.36 (compatible; PetalBot;+https://aspiegel.com/petalbot)"
157.55.39.228 - - [27/Jan/2021:00:46:11 +0100] "GET /images/big_prod_2/b8424346228621.jpg HTTP/1.1" 200 255571 "-" "Mozilla/5.0 (compatible; bingbot/2.0; +http://www.bing.com/bingbot.htm)"
157.55.39.153 - - [27/Jan/2021:00:50:37 +0100] "GET /images/med_prod/1384010183823.jpg HTTP/1.1" 200 210106 "-" "Mozilla/5.0 (compatible; bingbot/2.0; +http://www.bing.com/bingbot.htm)"
13.66.139.136 - - [27/Jan/2021:00:51:05 +0100] "GET /images/med_prod/1384010178683.jpg HTTP/1.1" 200 52216 "-" "Mozilla/5.0 (compatible; bingbot/2.0; +http://www.bing.com/bingbot.htm)"
66.249.70.62 - - [27/Jan/2021:00:52:13 +0100] "GET /images/mini_prod/1399986100644.jpg HTTP/1.1" 200 6040 "-" "Googlebot-Image/1.0"
157.55.39.149 - - [27/Jan/2021:00:53:26 +0100] "GET /images/big_prod/8422081961377.jpg HTTP/1.1" 200 165458 "-" "Mozilla/5.0 (compatible; bingbot/2.0; +http://www.bing.com/bingbot.htm)"
157.55.39.149 - - [27/Jan/2021:00:54:38 +0100] "GET /images/med_prod/3609810039599.jpg HTTP/1.1" 200 145662 "-" "Mozilla/5.0 (Windows NT 6.1; WOW64) AppleWebKit/534+ (KHTML, like Gecko) BingPreview/1.0b"
13.66.139.5 - - [27/Jan/2021:00:55:47 +0100] "GET /images/med_prod/00000esp.jpg HTTP/1.1" 200 52556 "-" "Mozilla/5.0 (compatible; bingbot/2.0; +http://www.bing.com/bingbot.htm)"
185.191.171.7 - - [27/Jan/2021:00:56:11 +0100] "GET /robots.txt HTTP/1.1" 200 2438 "-" "Mozilla/5.0 (compatible; SemrushBot/7~bl; +http://www.semrush.com/bot.html)"
207.46.13.53 - - [27/Jan/2021:00:58:04 +0100] "GET /images/big_prod_2/c8717202557592.jpg HTTP/1.1" 200 65068 "-" "Mozilla/5.0 (compatible; bingbot/2.0; +http://www.bing.com/bingbot.htm)"
157.55.39.149 - - [27/Jan/2021:00:59:17 +0100] "GET /images/big_prod_2/1345544973335N.jpg HTTP/1.1" 200 192007 "-" "Mozilla/5.0 (compatible; bingbot/2.0; +http://www.bing.com/bingbot.htm)"
157.55.39.153 - - [27/Jan/2021:00:59:58 +0100] "GET /images/big_prod/8719075391372a.jpg HTTP/1.1" 200 85794 "-" "Mozilla/5.0 (compatible; bingbot/2.0; +http://www.bing.com/bingbot.htm)"
157.55.39.153 - - [27/Jan/2021:01:00:21 +0100] "GET /images/b045544409650.jpg HTTP/1.1" 200 41068 "-" "Mozilla/5.0 (compatible; bingbot/2.0; +http://www.bing.com/bingbot.htm)"
157.55.39.149 - - [27/Jan/2021:01:00:27 +0100] "GET /images/med_prod/4045233015793.jpg HTTP/1.1" 200 166872 "-" "Mozilla/5.0 (compatible; bingbot/2.0; +http://www.bing.com/bingbot.htm)"
216.244.66.242 - - [27/Jan/2021:01:04:16 +0100] "GET /robots.txt HTTP/1.1" 200 2438 "-" "Mozilla/5.0 (compatible; DotBot/1.1; http://www.opensiteexplorer.org/dotbot, help@moz.com)"
157.55.39.228 - - [27/Jan/2021:01:04:48 +0100] "GET /images/big_prod_1/3453131145671B.jpg HTTP/1.1" 200 159915 "-" "Mozilla/5.0 (compatible; bingbot/2.0; +http://www.bing.com/bingbot.htm)"
157.55.39.153 - - [27/Jan/2021:01:06:01 +0100] "GET /images/big_prod/3665269061055z.jpg HTTP/1.1" 200 208563 "-" "Mozilla/5.0 (compatible; bingbot/2.0; +http://www.bing.com/bingbot.htm)"
157.55.39.149 - - [27/Jan/2021:01:07:25 +0100] "GET /js/jquery.jqzoom.js HTTP/1.1" 200 4761 "-" "Mozilla/5.0 (compatible; bingbot/2.0; +http://www.bing.com/bingbot.htm)"
157.55.39.149 - - [27/Jan/2021:01:07:25 +0100] "GET /js/jquery.jqzoom.js HTTP/1.1" 200 4761 "-" "Mozilla/5.0 (compatible; bingbot/2.0; +http://www.bing.com/bingbot.htm)"
157.55.39.153 - - [27/Jan/2021:01:07:58 +0100] "GET /js/jquery.js HTTP/1.1" 200 54075 "-" "Mozilla/5.0 (compatible; bingbot/2.0; +http://www.bing.com/bingbot.htm)"
157.55.39.153 - - [27/Jan/2021:01:07:59 +0100] "GET /images/3565750158564.jpg HTTP/1.1" 200 104246 "-" "Mozilla/5.0 (compatible; bingbot/2.0; +http://www.bing.com/bingbot.htm)"
157.55.39.153 - - [27/Jan/2021:01:07:59 +0100] "GET /js/jquery.js HTTP/1.1" 200 54075 "-" "Mozilla/5.0 (compatible; bingbot/2.0; +http://www.bing.com/bingbot.htm)"
157.55.39.153 - - [27/Jan/2021:01:07:59 +0100] "GET /js/jquery.js HTTP/1.1" 200 54075 "-" "Mozilla/5.0 (compatible; bingbot/2.0; +http://www.bing.com/bingbot.htm)"
157.55.39.153 - - [27/Jan/2021:01:08:00 +0100] "GET /js/jquery.js HTTP/1.1" 200 54075 "-" "Mozilla/5.0 (compatible; bingbot/2.0; +http://www.bing.com/bingbot.htm)"
13.66.139.139 - - [27/Jan/2021:01:08:13 +0100] "GET /images/med_prod/8435306290862.jpg HTTP/1.1" 200 108563 "-" "Mozilla/5.0 (compatible; bingbot/2.0; +http://www.bing.com/bingbot.htm)"
13.66.139.136 - - [27/Jan/2021:01:10:37 +0100] "GET /images/1300010240274.jpg HTTP/1.1" 200 89484 "-" "Mozilla/5.0 (compatible; bingbot/2.0; +http://www.bing.com/bingbot.htm)"
207.46.13.53 - - [27/Jan/2021:01:11:05 +0100] "GET /images/big_prod/1345544941891N.jpg HTTP/1.1" 200 113100 "-" "Mozilla/5.0 (compatible; bingbot/2.0; +http://www.bing.com/bingbot.htm)"
207.46.13.37 - - [27/Jan/2021:01:13:25 +0100] "GET /images/1399984242520.jpg HTTP/1.1" 200 116083 "-" "Mozilla/5.0 (compatible; bingbot/2.0; +http://www.bing.com/bingbot.htm)"
207.46.13.37 - - [27/Jan/2021:01:13:28 +0100] "GET /images/big_prod_2/1328399219575b.jpg HTTP/1.1" 200 78296 "-" "Mozilla/5.0 (compatible; bingbot/2.0; +http://www.bing.com/bingbot.htm)"
207.46.13.37 - - [27/Jan/2021:01:13:28 +0100] "GET /images/10350.jpg HTTP/1.1" 200 25438 "-" "Mozilla/5.0 (compatible; bingbot/2.0; +http://www.bing.com/bingbot.htm)"
116.202.237.217 - - [27/Jan/2021:01:13:29 +0100] "GET /images/3700235419345.jpg HTTP/1.1" 200 18327 "-" "Mozilla/5.0 (X11; Fedora; Linux x86_64) AppleWebKit/537.36 (KHTML, like Gecko) Chrome/79.0.3945.117 Safari/537.36"
207.46.13.37 - - [27/Jan/2021:01:14:09 +0100] "GET /images/mini_prod/5051276247823.jpg HTTP/1.1" 200 3635 "-" "Mozilla/5.0 (compatible; bingbot/2.0; +http://www.bing.com/bingbot.htm)"
207.46.13.53 - - [27/Jan/2021:01:14:56 +0100] "GET /images/4895029694677.jpg HTTP/1.1" 200 42067 "-" "Mozilla/5.0 (compatible; bingbot/2.0; +http://www.bing.com/bingbot.htm)"
157.55.39.153 - - [27/Jan/2021:01:15:41 +0100] "GET /images/big_prod_3/8422302656402.jpg HTTP/1.1" 200 77021 "-" "Mozilla/5.0 (compatible; bingbot/2.0; +http://www.bing.com/bingbot.htm)"
207.46.13.37 - - [27/Jan/2021:01:16:13 +0100] "GET /images/8012052165530.jpg HTTP/1.1" 200 35442 "-" "Mozilla/5.0 (Windows NT 6.1; WOW64) AppleWebKit/534+ (KHTML, like Gecko) BingPreview/1.0b"
207.46.13.6 - - [27/Jan/2021:01:18:26 +0100] "GET /images/801205211350019072012.jpg HTTP/1.1" 200 43239 "-" "Mozilla/5.0 (Windows NT 6.1; WOW64) AppleWebKit/534+ (KHTML, like Gecko) BingPreview/1.0b"
157.55.39.153 - - [27/Jan/2021:01:20:41 +0100] "GET /images/mini_prod/1384220103222.jpg HTTP/1.1" 200 7349 "-" "Mozilla/5.0 (compatible; bingbot/2.0; +http://www.bing.com/bingbot.htm)"
207.46.13.55 - - [27/Jan/2021:01:21:05 +0100] "GET /images/mini_prod/5027148026261.jpg HTTP/1.1" 200 5992 "-" "Mozilla/5.0 (compatible; bingbot/2.0; +http://www.bing.com/bingbot.htm)"
207.46.13.37 - - [27/Jan/2021:01:21:08 +0100] "GET /images/5010065082236.jpg HTTP/1.1" 200 53511 "-" "Mozilla/5.0 (Windows NT 6.1; WOW64) AppleWebKit/534+ (KHTML, like Gecko) BingPreview/1.0b"
157.55.39.228 - - [27/Jan/2021:01:23:04 +0100] "GET /images/DSCN3871chf.jpg HTTP/1.1" 200 47078 "-" "Mozilla/5.0 (compatible; bingbot/2.0; +http://www.bing.com/bingbot.htm)"
207.46.13.55 - - [27/Jan/2021:01:24:46 +0100] "GET /images/mini_prod/3665269032222.jpg HTTP/1.1" 200 4649 "-" "Mozilla/5.0 (compatible; bingbot/2.0; +http://www.bing.com/bingbot.htm)"
13.66.139.139 - - [27/Jan/2021:01:26:51 +0100] "GET /images/big_prod/4029811354597.jpg HTTP/1.1" 200 161364 "-" "Mozilla/5.0 (compatible; bingbot/2.0; +http://www.bing.com/bingbot.htm)"
157.55.39.228 - - [27/Jan/2021:01:28:06 +0100] "GET /images/big_prod/067103378290.jpg HTTP/1.1" 200 164828 "-" "Mozilla/5.0 (compatible; bingbot/2.0; +http://www.bing.com/bingbot.htm)"
66.249.70.62 - - [27/Jan/2021:01:28:57 +0100] "GET /mondial_relay/js/jquery-1.3.2.min.js HTTP/1.1" 200 57254 "http://www.wonder-geek.com/boutis-bedspread-and-pillowcases-arkansas-p-38894.html" "Mozilla/5.0 (Linux; Android 6.0.1; Nexus 5X Build/MMB29P) AppleWebKit/537.36 (KHTML, like Gecko) Chrome/87.0.4280.90 Mobile Safari/537.36 (compatible; Googlebot/2.1; +http://www.google.com/bot.html)"
66.249.70.62 - - [27/Jan/2021:01:28:57 +0100] "GET /js/jquery.jqzoom.js HTTP/1.1" 200 4761 "http://www.wonder-geek.com/boutis-bedspread-and-pillowcases-arkansas-p-38894.html" "Mozilla/5.0 (Linux; Android 6.0.1; Nexus 5X Build/MMB29P) AppleWebKit/537.36 (KHTML, like Gecko) Chrome/87.0.4280.90 Mobile Safari/537.36 (compatible; Googlebot/2.1; +http://www.google.com/bot.html)"
66.249.70.33 - - [27/Jan/2021:01:28:57 +0100] "GET /highslide/highslide.js HTTP/1.1" 200 42909 "http://www.wonder-geek.com/boutis-bedspread-and-pillowcases-arkansas-p-38894.html" "Mozilla/5.0 (Linux; Android 6.0.1; Nexus 5X Build/MMB29P) AppleWebKit/537.36 (KHTML, like Gecko) Chrome/87.0.4280.90 Mobile Safari/537.36 (compatible; Googlebot/2.1; +http://www.google.com/bot.html)"
66.249.70.62 - - [27/Jan/2021:01:28:58 +0100] "GET /js/jquery.js HTTP/1.1" 200 54075 "http://www.wonder-geek.com/boutis-bedspread-and-pillowcases-arkansas-p-38894.html" "Mozilla/5.0 (Linux; Android 6.0.1; Nexus 5X Build/MMB29P) AppleWebKit/537.36 (KHTML, like Gecko) Chrome/87.0.4280.90 Mobile Safari/537.36 (compatible; Googlebot/2.1; +http://www.google.com/bot.html)"
207.46.13.55 - - [27/Jan/2021:01:30:27 +0100] "GET /images/big_prod_1/8422669354003B.jpg HTTP/1.1" 200 125392 "-" "Mozilla/5.0 (compatible; bingbot/2.0; +http://www.bing.com/bingbot.htm)"
157.55.39.28 - - [27/Jan/2021:01:30:37 +0100] "GET /robots.txt HTTP/1.1" 200 2438 "-" "Mozilla/5.0 (compatible; bingbot/2.0; +http://www.bing.com/bingbot.htm)"
207.46.13.6 - - [27/Jan/2021:01:35:07 +0100] "GET /images/1345544565615.jpg HTTP/1.1" 200 78324 "-" "Mozilla/5.0 (compatible; bingbot/2.0; +http://www.bing.com/bingbot.htm)"
207.46.13.6 - - [27/Jan/2021:01:35:07 +0100] "GET /images/800399062390918072012.jpg HTTP/1.1" 200 34921 "-" "Mozilla/5.0 (compatible; bingbot/2.0; +http://www.bing.com/bingbot.htm)"
207.46.13.6 - - [27/Jan/2021:01:35:08 +0100] "GET /images/big_prod_1/3442440255225N.jpg HTTP/1.1" 200 145417 "-" "Mozilla/5.0 (compatible; bingbot/2.0; +http://www.bing.com/bingbot.htm)"
207.46.13.6 - - [27/Jan/2021:01:35:08 +0100] "GET /images/big_prod_1/3442440255225N.jpg HTTP/1.1" 200 145417 "-" "Mozilla/5.0 (compatible; bingbot/2.0; +http://www.bing.com/bingbot.htm)"
207.46.13.37 - - [27/Jan/2021:01:35:17 +0100] "GET /images/big_prod/842201145poupee.jpg HTTP/1.1" 200 86243 "-" "Mozilla/5.0 (compatible; bingbot/2.0; +http://www.bing.com/bingbot.htm)"
207.46.13.37 - - [27/Jan/2021:01:35:17 +0100] "GET /images/med_prod/8717202558803.jpg HTTP/1.1" 200 74494 "-" "Mozilla/5.0 (compatible; bingbot/2.0; +http://www.bing.com/bingbot.htm)"
207.46.13.37 - - [27/Jan/2021:01:35:18 +0100] "GET /images/med_prod/8433933952160.jpg HTTP/1.1" 200 125255 "-" "Mozilla/5.0 (compatible; bingbot/2.0; +http://www.bing.com/bingbot.htm)"
157.55.39.149 - - [27/Jan/2021:01:36:56 +0100] "GET /images/big_prod_1/8720088295977a.jpg HTTP/1.1" 200 42992 "-" "Mozilla/5.0 (compatible; bingbot/2.0; +http://www.bing.com/bingbot.htm)"
106.11.156.85 - - [27/Jan/2021:01:38:55 +0100] "GET /templates/Pixame_v1/stylesheet.css HTTP/1.1" 200 56057 "http://www.wonder-geek.com/" "Mozilla/5.0 (Windows NT 6.1; Win64; x64) AppleWebKit/537.36 (KHTML, like Gecko) Chrome/69.0.3497.81 YisouSpider/5.0 Safari/537.36"
13.66.139.136 - - [27/Jan/2021:01:40:21 +0100] "GET /images/3700516205032.jpg HTTP/1.1" 200 100494 "-" "Mozilla/5.0 (compatible; bingbot/2.0; +http://www.bing.com/bingbot.htm)"
157.55.39.149 - - [27/Jan/2021:01:40:27 +0100] "GET /images/big_prod/1384010206713.jpg HTTP/1.1" 200 120062 "-" "Mozilla/5.0 (compatible; bingbot/2.0; +http://www.bing.com/bingbot.htm)"
157.55.39.130 - - [27/Jan/2021:01:40:46 +0100] "GET /images/med_prod/3609810034013.jpg HTTP/1.1" 200 98094 "-" "Mozilla/5.0 (compatible; bingbot/2.0; +http://www.bing.com/bingbot.htm)"
207.46.13.55 - - [27/Jan/2021:01:40:49 +0100] "GET /images/5010994699284.jpg HTTP/1.1" 200 41513 "-" "Mozilla/5.0 (compatible; bingbot/2.0; +http://www.bing.com/bingbot.htm)"
207.46.13.37 - - [27/Jan/2021:01:41:06 +0100] "GET /images/mini_prod/3700856405192B.jpg HTTP/1.1" 200 7658 "-" "Mozilla/5.0 (compatible; bingbot/2.0; +http://www.bing.com/bingbot.htm)"
157.55.39.228 - - [27/Jan/2021:01:41:33 +0100] "GET /images/big_prod_1/5018997621721a.jpg HTTP/1.1" 200 108500 "-" "Mozilla/5.0 (compatible; bingbot/2.0; +http://www.bing.com/bingbot.htm)"
157.55.39.153 - - [27/Jan/2021:01:41:51 +0100] "GET /images/5411854151681.jpg HTTP/1.1" 200 47030 "-" "Mozilla/5.0 (compatible; bingbot/2.0; +http://www.bing.com/bingbot.htm)"
207.46.13.55 - - [27/Jan/2021:01:41:59 +0100] "GET /images/big_prod_1/1328399219353a.jpg HTTP/1.1" 200 53829 "-" "Mozilla/5.0 (compatible; bingbot/2.0; +http://www.bing.com/bingbot.htm)"
17.58.101.149 - - [27/Jan/2021:01:42:58 +0100] "GET /images/mini_prod/4500386800004.jpg HTTP/1.1" 200 8744 "-" "Mozilla/5.0 (Macintosh; Intel Mac OS X 10_15_5) AppleWebKit/605.1.15 (KHTML, like Gecko) Version/13.1.1 Safari/605.1.15 (Applebot/0.1; +http://www.apple.com/go/applebot)"
207.46.13.37 - - [27/Jan/2021:01:44:15 +0100] "GET /images/1399984242520.jpg HTTP/1.1" 200 116083 "-" "Mozilla/5.0 (compatible; bingbot/2.0; +http://www.bing.com/bingbot.htm)"
13.66.139.136 - - [27/Jan/2021:01:48:51 +0100] "GET /images/3660173175256.jpg HTTP/1.1" 200 41964 "-" "Mozilla/5.0 (compatible; bingbot/2.0; +http://www.bing.com/bingbot.htm)"
192.0.100.11 - - [27/Jan/2021:01:50:16 +0100] "GET /images/med_prod/7316197615563.jpg HTTP/1.1" 200 262025 "-" "Photon/1.0"
207.46.13.55 - - [27/Jan/2021:01:50:30 +0100] "GET /images/mini_prod/3665269032222.jpg HTTP/1.1" 200 4649 "-" "Mozilla/5.0 (compatible; bingbot/2.0; +http://www.bing.com/bingbot.htm)"
207.46.13.53 - - [27/Jan/2021:01:50:37 +0100] "GET /images/big_prod_2/8424346039234C.jpg HTTP/1.1" 200 136374 "-" "Mozilla/5.0 (compatible; bingbot/2.0; +http://www.bing.com/bingbot.htm)"
13.66.139.136 - - [27/Jan/2021:01:52:22 +0100] "GET /images/3454121118699.jpg HTTP/1.1" 200 96582 "-" "Mozilla/5.0 (compatible; bingbot/2.0; +http://www.bing.com/bingbot.htm)"
114.119.130.202 - - [27/Jan/2021:01:55:09 +0100] "GET /images/big_prod_1/1362530000004N.jpg HTTP/1.1" 200 60589 "-" "Mozilla/5.0 (Linux; Android 7.0;) AppleWebKit/537.36 (KHTML, like Gecko) Mobile Safari/537.36 (compatible; PetalBot;+https://aspiegel.com/petalbot)"
157.55.39.149 - - [27/Jan/2021:01:56:08 +0100] "GET /images/4999913831596.jpg HTTP/1.1" 200 25265 "-" "Mozilla/5.0 (compatible; bingbot/2.0; +http://www.bing.com/bingbot.htm)"
207.46.13.37 - - [27/Jan/2021:01:57:51 +0100] "GET /images/big_prod/8433933100424.jpg HTTP/1.1" 200 82149 "-" "Mozilla/5.0 (compatible; bingbot/2.0; +http://www.bing.com/bingbot.htm)"
157.55.39.153 - - [27/Jan/2021:01:59:56 +0100] "GET /images/big_prod/8409810063793.jpg HTTP/1.1" 200 98181 "-" "Mozilla/5.0 (compatible; bingbot/2.0; +http://www.bing.com/bingbot.htm)"
157.55.39.153 - - [27/Jan/2021:02:01:05 +0100] "GET /images/big_prod/3608860228496.jpg HTTP/1.1" 200 74564 "-" "Mozilla/5.0 (compatible; bingbot/2.0; +http://www.bing.com/bingbot.htm)"
13.66.139.136 - - [27/Jan/2021:02:05:03 +0100] "GET /images/big_prod/1304038301221.jpg HTTP/1.1" 200 64991 "-" "Mozilla/5.0 (compatible; bingbot/2.0; +http://www.bing.com/bingbot.htm)"
207.46.13.55 - - [27/Jan/2021:02:05:33 +0100] "GET /images/big_prod/4895220304375.jpg HTTP/1.1" 200 56587 "-" "Mozilla/5.0 (compatible; bingbot/2.0; +http://www.bing.com/bingbot.htm)"
207.46.13.37 - - [27/Jan/2021:02:07:10 +0100] "GET /js/jquery.masonry.min.js HTTP/1.1" 200 5392 "-" "Mozilla/5.0 (compatible; bingbot/2.0; +http://www.bing.com/bingbot.htm)"
207.46.13.37 - - [27/Jan/2021:02:07:10 +0100] "GET /images/10350.jpg HTTP/1.1" 200 25438 "-" "Mozilla/5.0 (compatible; bingbot/2.0; +http://www.bing.com/bingbot.htm)"
207.46.13.37 - - [27/Jan/2021:02:07:10 +0100] "GET /images/8462181600165.jpg HTTP/1.1" 200 31475 "-" "Mozilla/5.0 (compatible; bingbot/2.0; +http://www.bing.com/bingbot.htm)"
157.55.39.149 - - [27/Jan/2021:02:08:10 +0100] "GET /images/big_prod/JAKARTA2.jpg HTTP/1.1" 200 219211 "-" "Mozilla/5.0 (compatible; bingbot/2.0; +http://www.bing.com/bingbot.htm)"
207.46.13.53 - - [27/Jan/2021:02:08:29 +0100] "GET /images/3521320690025.jpg HTTP/1.1" 200 45823 "-" "Mozilla/5.0 (compatible; bingbot/2.0; +http://www.bing.com/bingbot.htm)"
157.55.39.228 - - [27/Jan/2021:02:08:51 +0100] "GET /images/big_prod/1341689331085.jpg HTTP/1.1" 200 119710 "-" "Mozilla/5.0 (compatible; bingbot/2.0; +http://www.bing.com/bingbot.htm)"
66.249.80.35 - - [27/Jan/2021:02:11:19 +0100] "GET /images/1341689196004.jpg HTTP/1.1" 200 86457 "-" "Mozilla/5.0 (Windows NT 5.1; rv:11.0) Gecko Firefox/11.0 (via ggpht.com GoogleImageProxy)"
13.66.139.136 - - [27/Jan/2021:02:11:44 +0100] "GET /images/big_prod/8435333821862.jpg HTTP/1.1" 200 148467 "-" "Mozilla/5.0 (compatible; bingbot/2.0; +http://www.bing.com/bingbot.htm)"
