13.66.139.73 - - [20/Feb/2021:07:21:54 +0100] "GET /images/Pucca-Summer-Holidays-75x15.jpg HTTP/1.0" 200 273 "-" "Mozilla/5.0 (compatible; bingbot/2.0; +http://www.bing.com/bingbot.htm)"
13.66.139.73 - - [20/Feb/2021:07:21:54 +0100] "GET /spiderman-pairs-of-socks-size-31-35-p-46846.html HTTP/1.0" 301 71173 "-" "Mozilla/5.0 (compatible; bingbot/2.0; +http://www.bing.com/bingbot.htm)"
148.251.8.250 - - [20/Feb/2021:07:21:55 +0100] "GET /20-our-lady-of-lourdes-aromatika-incense-sticks-p-53443.html HTTP/1.0" 301 71604 "-" "Mozilla/5.0 (compatible; MJ12bot/v1.4.8; http://mj12bot.com/)"
148.251.8.250 - - [20/Feb/2021:07:22:00 +0100] "GET /lady-lourdes-aromatika-incense-sticks-p-53443.html HTTP/1.0" 200 71500 "-" "Mozilla/5.0 (compatible; MJ12bot/v1.4.8; http://mj12bot.com/)"
148.251.8.250 - - [20/Feb/2021:07:22:04 +0100] "GET /20-ste-therese-aromatika-incense-sticks-p-53452.html HTTP/1.0" 301 71565 "-" "Mozilla/5.0 (compatible; MJ12bot/v1.4.8; http://mj12bot.com/)"
148.251.8.250 - - [20/Feb/2021:07:22:08 +0100] "GET /therese-aromatika-incense-sticks-p-53452.html HTTP/1.0" 200 71466 "-" "Mozilla/5.0 (compatible; MJ12bot/v1.4.8; http://mj12bot.com/)"
66.249.69.162 - - [20/Feb/2021:07:22:09 +0100] "GET /sonic-mousepad-p-15391.html HTTP/1.0" 301 68757 "-" "Mozilla/5.0 (Linux; Android 6.0.1; Nexus 5X Build/MMB29P) AppleWebKit/537.36 (KHTML, like Gecko) Chrome/88.0.4324.153 Mobile Safari/537.36 (compatible; Googlebot/2.1; +http://www.google.com/bot.html)"
66.249.69.162 - - [20/Feb/2021:07:22:10 +0100] "GET /-p-15391.html HTTP/1.0" 200 68690 "-" "Mozilla/5.0 (Linux; Android 6.0.1; Nexus 5X Build/MMB29P) AppleWebKit/537.36 (KHTML, like Gecko) Chrome/88.0.4324.153 Mobile Safari/537.36 (compatible; Googlebot/2.1; +http://www.google.com/bot.html)"
148.251.8.250 - - [20/Feb/2021:07:22:13 +0100] "GET /amazon-love-mug-sloths-p-50276.html HTTP/1.0" 301 72257 "-" "Mozilla/5.0 (compatible; MJ12bot/v1.4.8; http://mj12bot.com/)"
148.251.8.250 - - [20/Feb/2021:07:22:17 +0100] "GET /amazon-love-sloths-p-50276.html HTTP/1.0" 200 72172 "-" "Mozilla/5.0 (compatible; MJ12bot/v1.4.8; http://mj12bot.com/)"
148.251.8.250 - - [20/Feb/2021:07:22:23 +0100] "GET /anti-rfid-card-holder-cards-gold-p-50165.html HTTP/1.0" 200 68786 "-" "Mozilla/5.0 (compatible; MJ12bot/v1.4.8; http://mj12bot.com/)"
185.191.171.2 - - [20/Feb/2021:07:22:26 +0100] "GET /fitted-sheet-cotton-percale-threads-p-43837.html HTTP/1.0" 200 71662 "-" "Mozilla/5.0 (compatible; SemrushBot/7~bl; +http://www.semrush.com/bot.html)"
148.251.8.250 - - [20/Feb/2021:07:22:27 +0100] "GET /anti-rfid-card-holder-cards-silver-p-50169.html HTTP/1.0" 200 68790 "-" "Mozilla/5.0 (compatible; MJ12bot/v1.4.8; http://mj12bot.com/)"
148.251.8.250 - - [20/Feb/2021:07:22:32 +0100] "GET /beer-set-of-coasters-p-49327.html HTTP/1.0" 301 68830 "-" "Mozilla/5.0 (compatible; MJ12bot/v1.4.8; http://mj12bot.com/)"
148.251.8.250 - - [20/Feb/2021:07:22:35 +0100] "GET /beer-coasters-p-49327.html HTTP/1.0" 200 68750 "-" "Mozilla/5.0 (compatible; MJ12bot/v1.4.8; http://mj12bot.com/)"
66.249.69.164 - - [20/Feb/2021:07:22:37 +0100] "GET /home-decoration-c-13.html?page=3 HTTP/1.0" 200 90089 "-" "Mozilla/5.0 (Linux; Android 6.0.1; Nexus 5X Build/MMB29P) AppleWebKit/537.36 (KHTML, like Gecko) Chrome/88.0.4324.153 Mobile Safari/537.36 (compatible; Googlebot/2.1; +http://www.google.com/bot.html)"
66.249.69.162 - - [20/Feb/2021:07:22:40 +0100] "GET /js/jquery.min.js HTTP/1.0" 404 1308 "http://www.wonder-geek.com/home-decoration-c-13.html?page=3" "Mozilla/5.0 (Linux; Android 6.0.1; Nexus 5X Build/MMB29P) AppleWebKit/537.36 (KHTML, like Gecko) Chrome/88.0.4324.175 Mobile Safari/537.36 (compatible; Googlebot/2.1; +http://www.google.com/bot.html)"
148.251.8.250 - - [20/Feb/2021:07:22:40 +0100] "GET /ben-10-training-bottle-p-17162.html HTTP/1.0" 301 68836 "-" "Mozilla/5.0 (compatible; MJ12bot/v1.4.8; http://mj12bot.com/)"
148.251.8.250 - - [20/Feb/2021:07:22:44 +0100] "GET /training-bottle-p-17162.html HTTP/1.0" 200 68754 "-" "Mozilla/5.0 (compatible; MJ12bot/v1.4.8; http://mj12bot.com/)"
148.251.8.250 - - [20/Feb/2021:07:22:47 +0100] "GET /blue-keychain-the-little-prince-p-47479.html HTTP/1.0" 301 71538 "-" "Mozilla/5.0 (compatible; MJ12bot/v1.4.8; http://mj12bot.com/)"
148.251.8.250 - - [20/Feb/2021:07:22:50 +0100] "GET /blue-keychain-little-prince-p-47479.html HTTP/1.0" 200 71444 "-" "Mozilla/5.0 (compatible; MJ12bot/v1.4.8; http://mj12bot.com/)"
148.251.8.250 - - [20/Feb/2021:07:22:54 +0100] "GET /bohemian-ethnic-style-burlap-table-p-47329.html HTTP/1.0" 200 72006 "-" "Mozilla/5.0 (compatible; MJ12bot/v1.4.8; http://mj12bot.com/)"
13.66.139.88 - - [20/Feb/2021:07:22:56 +0100] "GET /cat-kitchen-towel-p-38815.html HTTP/1.0" 301 71346 "-" "Mozilla/5.0 (compatible; bingbot/2.0; +http://www.bing.com/bingbot.htm)"
148.251.8.250 - - [20/Feb/2021:07:23:00 +0100] "GET /bohochic-sheet-45-75-cm-p-53475.html HTTP/1.0" 301 72279 "-" "Mozilla/5.0 (compatible; MJ12bot/v1.4.8; http://mj12bot.com/)"
54.36.148.128 - - [20/Feb/2021:07:23:04 +0100] "GET /vanellope-britto-figurine-p-48463.html HTTP/1.0" 200 72291 "-" "Mozilla/5.0 (compatible; AhrefsBot/7.0; +http://ahrefs.com/robot/)"
13.66.139.73 - - [20/Feb/2021:07:23:05 +0100] "GET /hello-kitty-camomilla-cosmetic-bag-lilac-and-glitters-p-18442.html HTTP/1.0" 301 72180 "-" "Mozilla/5.0 (compatible; bingbot/2.0; +http://www.bing.com/bingbot.htm)"
148.251.8.250 - - [20/Feb/2021:07:23:06 +0100] "GET /exotic-floor-p-53475.html HTTP/1.0" 200 72200 "-" "Mozilla/5.0 (compatible; MJ12bot/v1.4.8; http://mj12bot.com/)"
213.168.249.115 - - [20/Feb/2021:07:23:07 +0100] "HEAD / HTTP/1.0" 301 190 "-" "PageThing http://pagething.com"
213.168.249.115 - - [20/Feb/2021:07:23:07 +0100] "HEAD / HTTP/1.0" 200 386 "-" "PageThing http://pagething.com"
213.168.249.115 - - [20/Feb/2021:07:23:07 +0100] "GET / HTTP/1.0" 301 511 "-" "PageThing http://pagething.com"
213.168.249.115 - - [20/Feb/2021:07:23:07 +0100] "GET / HTTP/1.0" 200 93803 "-" "PageThing http://pagething.com"
13.66.139.137 - - [20/Feb/2021:07:23:09 +0100] "GET /cats-by-dubout-figurine-playtime-p-32705.html HTTP/1.0" 301 71906 "-" "Mozilla/5.0 (compatible; bingbot/2.0; +http://www.bing.com/bingbot.htm)"
13.66.139.137 - - [20/Feb/2021:07:23:10 +0100] "GET /-p-34432.html HTTP/1.0" 200 68690 "-" "Mozilla/5.0 (compatible; bingbot/2.0; +http://www.bing.com/bingbot.htm)"
13.66.139.137 - - [20/Feb/2021:07:23:11 +0100] "GET /iron-maiden-zippo-lighter-p-39528.html HTTP/1.0" 200 73666 "-" "Mozilla/5.0 (compatible; bingbot/2.0; +http://www.bing.com/bingbot.htm)"
148.251.8.250 - - [20/Feb/2021:07:23:13 +0100] "GET /brass-compass-ornament-efiltower-france-p-47452.html HTTP/1.0" 200 72084 "-" "Mozilla/5.0 (compatible; MJ12bot/v1.4.8; http://mj12bot.com/)"
13.66.139.137 - - [20/Feb/2021:07:23:13 +0100] "GET /avengers-age-of-ultron-poster-p-32314.html HTTP/1.0" 301 71477 "-" "Mozilla/5.0 (compatible; bingbot/2.0; +http://www.bing.com/bingbot.htm)"
148.251.8.250 - - [20/Feb/2021:07:23:17 +0100] "GET /brown-bear-small-melamine-tray-p-45177.html HTTP/1.0" 200 71438 "-" "Mozilla/5.0 (compatible; MJ12bot/v1.4.8; http://mj12bot.com/)"
148.251.8.250 - - [20/Feb/2021:07:23:21 +0100] "GET /buddhist-little-monks-keys-of-happiness-10-cm-p-46639.html HTTP/1.0" 301 71673 "-" "Mozilla/5.0 (compatible; MJ12bot/v1.4.8; http://mj12bot.com/)"
13.66.139.73 - - [20/Feb/2021:07:23:24 +0100] "GET /images/big_prod/1384010204238.jpg HTTP/1.0" 200 268 "-" "Mozilla/5.0 (compatible; bingbot/2.0; +http://www.bing.com/bingbot.htm)"
148.251.8.250 - - [20/Feb/2021:07:23:26 +0100] "GET /buddhist-little-monks-keys-happiness-p-46639.html HTTP/1.0" 200 71570 "-" "Mozilla/5.0 (compatible; MJ12bot/v1.4.8; http://mj12bot.com/)"
148.251.8.250 - - [20/Feb/2021:07:23:29 +0100] "GET /buffalo-skull-glass-cutting-board-by-cbkreation-p-51464.html HTTP/1.0" 301 71607 "-" "Mozilla/5.0 (compatible; MJ12bot/v1.4.8; http://mj12bot.com/)"
148.251.8.250 - - [20/Feb/2021:07:23:34 +0100] "GET /buffalo-skull-glass-cutting-board-cbkreation-p-51464.html HTTP/1.0" 200 71496 "-" "Mozilla/5.0 (compatible; MJ12bot/v1.4.8; http://mj12bot.com/)"
148.251.8.250 - - [20/Feb/2021:07:23:39 +0100] "GET /butterfly-wall-decoration-24-19-cm-pink-model-p-47398.html HTTP/1.0" 301 68757 "-" "Mozilla/5.0 (compatible; MJ12bot/v1.4.8; http://mj12bot.com/)"
185.191.171.33 - - [20/Feb/2021:07:23:41 +0100] "GET /statuette-yoga-p-53031.html HTTP/1.0" 200 71338 "-" "Mozilla/5.0 (compatible; SemrushBot/7~bl; +http://www.semrush.com/bot.html)"
148.251.8.250 - - [20/Feb/2021:07:23:43 +0100] "GET /-p-47398.html HTTP/1.0" 200 68690 "-" "Mozilla/5.0 (compatible; MJ12bot/v1.4.8; http://mj12bot.com/)"
185.191.171.41 - - [20/Feb/2021:07:23:45 +0100] "GET /stars-wars-galaxy-phone-cover-iphone-p-16766.html HTTP/1.0" 200 72206 "-" "Mozilla/5.0 (compatible; SemrushBot/7~bl; +http://www.semrush.com/bot.html)"
148.251.8.250 - - [20/Feb/2021:07:23:47 +0100] "GET /butterfly-wall-decoration-38-28-cm-blu-model-p-47409.html HTTP/1.0" 301 71695 "-" "Mozilla/5.0 (compatible; MJ12bot/v1.4.8; http://mj12bot.com/)"
148.251.8.250 - - [20/Feb/2021:07:23:51 +0100] "GET /butterfly-wall-decoration-model-p-47409.html HTTP/1.0" 200 71597 "-" "Mozilla/5.0 (compatible; MJ12bot/v1.4.8; http://mj12bot.com/)"
148.251.8.250 - - [20/Feb/2021:07:23:56 +0100] "GET /cactus-jewelry-statuette-p-49179.html HTTP/1.0" 200 71513 "-" "Mozilla/5.0 (compatible; MJ12bot/v1.4.8; http://mj12bot.com/)"
148.251.8.250 - - [20/Feb/2021:07:24:02 +0100] "GET /candy-cloud-unicorn-buttercup-p-46649.html HTTP/1.0" 200 68776 "-" "Mozilla/5.0 (compatible; MJ12bot/v1.4.8; http://mj12bot.com/)"
148.251.8.250 - - [20/Feb/2021:07:24:06 +0100] "GET /candy-cloud-unicorn-pistachio-p-46648.html HTTP/1.0" 200 68776 "-" "Mozilla/5.0 (compatible; MJ12bot/v1.4.8; http://mj12bot.com/)"
148.251.8.250 - - [20/Feb/2021:07:24:11 +0100] "GET /cats-and-fish-small-melamine-tray-p-45175.html HTTP/1.0" 301 68934 "-" "Mozilla/5.0 (compatible; MJ12bot/v1.4.8; http://mj12bot.com/)"
148.251.8.250 - - [20/Feb/2021:07:24:15 +0100] "GET /cats-fish-small-melamine-tray-p-45175.html HTTP/1.0" 200 68838 "-" "Mozilla/5.0 (compatible; MJ12bot/v1.4.8; http://mj12bot.com/)"
148.251.8.250 - - [20/Feb/2021:07:24:18 +0100] "GET /cats-by-dubout-figurine-nonchalant-p-48431.html HTTP/1.0" 301 68757 "-" "Mozilla/5.0 (compatible; MJ12bot/v1.4.8; http://mj12bot.com/)"
148.251.8.250 - - [20/Feb/2021:07:24:22 +0100] "GET /-p-48431.html HTTP/1.0" 200 68690 "-" "Mozilla/5.0 (compatible; MJ12bot/v1.4.8; http://mj12bot.com/)"
148.251.8.250 - - [20/Feb/2021:07:24:24 +0100] "GET /cement-tile-stickers-15-15-cm-p-50343.html HTTP/1.0" 301 72345 "-" "Mozilla/5.0 (compatible; MJ12bot/v1.4.8; http://mj12bot.com/)"
13.66.139.137 - - [20/Feb/2021:07:24:25 +0100] "GET /-p-9451.html HTTP/1.0" 200 68688 "-" "Mozilla/5.0 (compatible; bingbot/2.0; +http://www.bing.com/bingbot.htm)"
13.66.139.137 - - [20/Feb/2021:07:24:26 +0100] "GET /ivory-beige-kitchen-towel-50-70-cm-p-44421.html HTTP/1.0" 301 71465 "-" "Mozilla/5.0 (compatible; bingbot/2.0; +http://www.bing.com/bingbot.htm)"
148.251.8.250 - - [20/Feb/2021:07:24:29 +0100] "GET /cement-tile-stickers-p-50343.html HTTP/1.0" 200 72258 "-" "Mozilla/5.0 (compatible; MJ12bot/v1.4.8; http://mj12bot.com/)"
54.36.148.90 - - [20/Feb/2021:07:24:32 +0100] "GET /cooking-recipe-cutting-board-p-43888.html HTTP/1.0" 200 71374 "-" "Mozilla/5.0 (compatible; AhrefsBot/7.0; +http://ahrefs.com/robot/)"
148.251.8.250 - - [20/Feb/2021:07:24:34 +0100] "GET /ceramic-flower-pot-p-49283.html HTTP/1.0" 301 68757 "-" "Mozilla/5.0 (compatible; MJ12bot/v1.4.8; http://mj12bot.com/)"
148.251.8.250 - - [20/Feb/2021:07:24:38 +0100] "GET /-p-49283.html HTTP/1.0" 200 68690 "-" "Mozilla/5.0 (compatible; MJ12bot/v1.4.8; http://mj12bot.com/)"
148.251.8.250 - - [20/Feb/2021:07:24:43 +0100] "GET /chair-cushion-in-pink-cotton-p-47759.html HTTP/1.0" 301 71448 "-" "Mozilla/5.0 (compatible; MJ12bot/v1.4.8; http://mj12bot.com/)"
13.66.139.137 - - [20/Feb/2021:07:24:46 +0100] "GET /daisy-duck-small-cosmetic-pouch-p-28835.html HTTP/1.0" 200 71474 "-" "Mozilla/5.0 (compatible; bingbot/2.0; +http://www.bing.com/bingbot.htm)"
148.251.8.250 - - [20/Feb/2021:07:24:48 +0100] "GET /chair-cushion-pink-cotton-p-47759.html HTTP/1.0" 200 71356 "-" "Mozilla/5.0 (compatible; MJ12bot/v1.4.8; http://mj12bot.com/)"
13.66.139.88 - - [20/Feb/2021:07:24:50 +0100] "GET /mini-buddhist-garden-in-cement-p-38282.html HTTP/1.0" 301 68919 "-" "Mozilla/5.0 (compatible; bingbot/2.0; +http://www.bing.com/bingbot.htm)"
185.191.171.16 - - [20/Feb/2021:07:24:51 +0100] "GET /moki-bedspread-p-53238.html HTTP/1.0" 200 71525 "-" "Mozilla/5.0 (compatible; SemrushBot/7~bl; +http://www.semrush.com/bot.html)"
148.251.8.250 - - [20/Feb/2021:07:24:52 +0100] "GET /chic-small-melamine-tray-p-45171.html HTTP/1.0" 200 71407 "-" "Mozilla/5.0 (compatible; MJ12bot/v1.4.8; http://mj12bot.com/)"
185.191.171.33 - - [20/Feb/2021:07:24:53 +0100] "GET /collectible-figurines-decorative-c-13_135.html?page=27 HTTP/1.0" 200 95123 "-" "Mozilla/5.0 (compatible; SemrushBot/7~bl; +http://www.semrush.com/bot.html)"
148.251.8.250 - - [20/Feb/2021:07:24:57 +0100] "GET /city-groundsheet-150-80-cm-p-53472.html HTTP/1.0" 301 72255 "-" "Mozilla/5.0 (compatible; MJ12bot/v1.4.8; http://mj12bot.com/)"
185.191.171.42 - - [20/Feb/2021:07:24:59 +0100] "GET /benedict-zippo-lighter-p-53268.html HTTP/1.0" 200 72593 "-" "Mozilla/5.0 (compatible; SemrushBot/7~bl; +http://www.semrush.com/bot.html)"
185.191.171.22 - - [20/Feb/2021:07:25:01 +0100] "GET /pillow-case-cotton-percale-threads-p-51256.html HTTP/1.0" 200 71620 "-" "Mozilla/5.0 (compatible; SemrushBot/7~bl; +http://www.semrush.com/bot.html)"
148.251.8.250 - - [20/Feb/2021:07:25:01 +0100] "GET /city-groundsheet-p-53472.html HTTP/1.0" 200 72172 "-" "Mozilla/5.0 (compatible; MJ12bot/v1.4.8; http://mj12bot.com/)"
148.251.8.250 - - [20/Feb/2021:07:25:07 +0100] "GET /coca-bottle-night-light-p-47506.html HTTP/1.0" 301 68757 "-" "Mozilla/5.0 (compatible; MJ12bot/v1.4.8; http://mj12bot.com/)"
148.251.8.250 - - [20/Feb/2021:07:25:11 +0100] "GET /-p-47506.html HTTP/1.0" 200 68690 "-" "Mozilla/5.0 (compatible; MJ12bot/v1.4.8; http://mj12bot.com/)"
148.251.8.250 - - [20/Feb/2021:07:25:15 +0100] "GET /comptoir-du-cafe-bowl-p-50626.html HTTP/1.0" 301 71350 "-" "Mozilla/5.0 (compatible; MJ12bot/v1.4.8; http://mj12bot.com/)"
13.66.139.88 - - [20/Feb/2021:07:25:17 +0100] "GET /-p-23188.html HTTP/1.0" 200 68690 "-" "Mozilla/5.0 (compatible; bingbot/2.0; +http://www.bing.com/bingbot.htm)"
148.251.8.250 - - [20/Feb/2021:07:25:20 +0100] "GET /comptoir-bowl-p-50626.html HTTP/1.0" 200 71270 "-" "Mozilla/5.0 (compatible; MJ12bot/v1.4.8; http://mj12bot.com/)"
148.251.8.250 - - [20/Feb/2021:07:25:23 +0100] "GET /corsica-calvi-vintage-poster-30-40-cm-p-44871.html HTTP/1.0" 301 68909 "-" "Mozilla/5.0 (compatible; MJ12bot/v1.4.8; http://mj12bot.com/)"
13.66.139.73 - - [20/Feb/2021:07:25:24 +0100] "GET /images/big_prod_1/3453131145022N.jpg HTTP/1.0" 200 271 "-" "Mozilla/5.0 (compatible; bingbot/2.0; +http://www.bing.com/bingbot.htm)"
148.251.8.250 - - [20/Feb/2021:07:25:27 +0100] "GET /corsica-calvi-vintage-poster-p-44871.html HTTP/1.0" 200 68814 "-" "Mozilla/5.0 (compatible; MJ12bot/v1.4.8; http://mj12bot.com/)"
13.66.139.137 - - [20/Feb/2021:07:25:28 +0100] "GET /despecable-me-keyring-p-33477.html HTTP/1.0" 301 71487 "-" "Mozilla/5.0 (compatible; bingbot/2.0; +http://www.bing.com/bingbot.htm)"
148.251.8.250 - - [20/Feb/2021:07:25:32 +0100] "GET /corsica-visa-vintage-poster-30-40-cm-p-44870.html HTTP/1.0" 301 68906 "-" "Mozilla/5.0 (compatible; MJ12bot/v1.4.8; http://mj12bot.com/)"
148.251.8.250 - - [20/Feb/2021:07:25:36 +0100] "GET /corsica-visa-vintage-poster-p-44870.html HTTP/1.0" 200 68812 "-" "Mozilla/5.0 (compatible; MJ12bot/v1.4.8; http://mj12bot.com/)"
13.66.139.88 - - [20/Feb/2021:07:25:37 +0100] "GET /buddha-canvas-frame-20-20-cm-p-33993.html HTTP/1.0" 301 71514 "-" "Mozilla/5.0 (compatible; bingbot/2.0; +http://www.bing.com/bingbot.htm)"
148.251.8.250 - - [20/Feb/2021:07:25:44 +0100] "GET /cotton-floor-cushion-benin-40-40-30-cm-p-45163.html HTTP/1.0" 301 68757 "-" "Mozilla/5.0 (compatible; MJ12bot/v1.4.8; http://mj12bot.com/)"
185.191.171.33 - - [20/Feb/2021:07:25:44 +0100] "GET /purse-and-wallet-c-31_76.html?page=7 HTTP/1.0" 301 84093 "-" "Mozilla/5.0 (compatible; SemrushBot/7~bl; +http://www.semrush.com/bot.html)"
13.66.139.137 - - [20/Feb/2021:07:25:46 +0100] "GET /nici-love-pooh-memo-clip-p-23175.html HTTP/1.0" 200 71322 "-" "Mozilla/5.0 (compatible; bingbot/2.0; +http://www.bing.com/bingbot.htm)"
148.251.8.250 - - [20/Feb/2021:07:25:46 +0100] "GET /-p-45163.html HTTP/1.0" 200 68690 "-" "Mozilla/5.0 (compatible; MJ12bot/v1.4.8; http://mj12bot.com/)"
13.66.139.137 - - [20/Feb/2021:07:25:47 +0100] "GET /clowdeen-wolf-figure-p-22569.html HTTP/1.0" 200 68781 "-" "Mozilla/5.0 (compatible; bingbot/2.0; +http://www.bing.com/bingbot.htm)"
185.191.171.11 - - [20/Feb/2021:07:25:47 +0100] "GET /purse-wallet-c-76.html?page=7 HTTP/1.0" 301 83938 "-" "Mozilla/5.0 (compatible; SemrushBot/7~bl; +http://www.semrush.com/bot.html)"
185.191.171.8 - - [20/Feb/2021:07:25:50 +0100] "GET /purse-wallet-c-31_76.html?page=7 HTTP/1.0" 200 84010 "-" "Mozilla/5.0 (compatible; SemrushBot/7~bl; +http://www.semrush.com/bot.html)"
148.251.8.250 - - [20/Feb/2021:07:25:51 +0100] "GET /cotton-floor-cushion-christie-40-40-30-cm-p-45158.html HTTP/1.0" 301 68757 "-" "Mozilla/5.0 (compatible; MJ12bot/v1.4.8; http://mj12bot.com/)"
148.251.8.250 - - [20/Feb/2021:07:25:56 +0100] "GET /-p-45158.html HTTP/1.0" 200 68690 "-" "Mozilla/5.0 (compatible; MJ12bot/v1.4.8; http://mj12bot.com/)"
148.251.8.250 - - [20/Feb/2021:07:26:01 +0100] "GET /cotton-floor-cushion-iceland-40-40-30-cm-p-45159.html HTTP/1.0" 301 68757 "-" "Mozilla/5.0 (compatible; MJ12bot/v1.4.8; http://mj12bot.com/)"
185.191.171.25 - - [20/Feb/2021:07:26:01 +0100] "GET /glam-small-mug-by-cbkreation-p-17543.html HTTP/1.0" 301 71510 "-" "Mozilla/5.0 (compatible; SemrushBot/7~bl; +http://www.semrush.com/bot.html)"
185.191.171.18 - - [20/Feb/2021:07:26:04 +0100] "GET /glam-small-cbkreation-p-17543.html HTTP/1.0" 200 71422 "-" "Mozilla/5.0 (compatible; SemrushBot/7~bl; +http://www.semrush.com/bot.html)"
13.66.139.137 - - [20/Feb/2021:07:26:05 +0100] "GET /-p-12751.html HTTP/1.0" 200 68690 "-" "Mozilla/5.0 (compatible; bingbot/2.0; +http://www.bing.com/bingbot.htm)"
148.251.8.250 - - [20/Feb/2021:07:26:05 +0100] "GET /-p-45159.html HTTP/1.0" 200 68690 "-" "Mozilla/5.0 (compatible; MJ12bot/v1.4.8; http://mj12bot.com/)"
54.36.149.12 - - [20/Feb/2021:07:26:07 +0100] "GET /large-jar-candle-70-hours-rambling-rose-p-32995.html HTTP/1.0" 301 72769 "-" "Mozilla/5.0 (compatible; AhrefsBot/7.0; +http://ahrefs.com/robot/)"
13.66.139.88 - - [20/Feb/2021:07:26:10 +0100] "GET /images/231008_103335_PEEL_JjkEvb.jpg HTTP/1.0" 200 271 "-" "Mozilla/5.0 (compatible; bingbot/2.0; +http://www.bing.com/bingbot.htm)"
148.251.8.250 - - [20/Feb/2021:07:26:10 +0100] "GET /cushion-cover-40-40-cm-butterflies-p-49956.html HTTP/1.0" 301 71550 "-" "Mozilla/5.0 (compatible; MJ12bot/v1.4.8; http://mj12bot.com/)"
148.251.8.250 - - [20/Feb/2021:07:26:13 +0100] "GET /cushion-cover-butterflies-p-49956.html HTTP/1.0" 200 71458 "-" "Mozilla/5.0 (compatible; MJ12bot/v1.4.8; http://mj12bot.com/)"
148.251.8.250 - - [20/Feb/2021:07:26:18 +0100] "GET /cushion-cover-40-40-cm-ethnik-p-49952.html HTTP/1.0" 301 71520 "-" "Mozilla/5.0 (compatible; MJ12bot/v1.4.8; http://mj12bot.com/)"
185.191.171.10 - - [20/Feb/2021:07:26:19 +0100] "GET /bob-marley-computer-bag-model-n2-p-21337.html HTTP/1.0" 301 71694 "-" "Mozilla/5.0 (compatible; SemrushBot/7~bl; +http://www.semrush.com/bot.html)"
185.191.171.33 - - [20/Feb/2021:07:26:21 +0100] "GET /marley-computer-model-p-21337.html HTTP/1.0" 200 71606 "-" "Mozilla/5.0 (compatible; SemrushBot/7~bl; +http://www.semrush.com/bot.html)"
148.251.8.250 - - [20/Feb/2021:07:26:22 +0100] "GET /cushion-cover-ethnik-p-49952.html HTTP/1.0" 200 71433 "-" "Mozilla/5.0 (compatible; MJ12bot/v1.4.8; http://mj12bot.com/)"
148.251.8.250 - - [20/Feb/2021:07:26:27 +0100] "GET /cushion-for-upholstery-cover-40-40-cm-p-50031.html HTTP/1.0" 301 71633 "-" "Mozilla/5.0 (compatible; MJ12bot/v1.4.8; http://mj12bot.com/)"
13.66.139.88 - - [20/Feb/2021:07:26:27 +0100] "GET /hello-kitty-ceiling-light-glass-p-16152.html HTTP/1.0" 200 68804 "-" "Mozilla/5.0 (compatible; bingbot/2.0; +http://www.bing.com/bingbot.htm)"
148.251.8.250 - - [20/Feb/2021:07:26:32 +0100] "GET /cushion-upholstery-cover-p-50031.html HTTP/1.0" 200 71542 "-" "Mozilla/5.0 (compatible; MJ12bot/v1.4.8; http://mj12bot.com/)"
148.251.8.250 - - [20/Feb/2021:07:26:36 +0100] "GET /damask-tablecloth-145-300-cm-p-50402.html HTTP/1.0" 301 68757 "-" "Mozilla/5.0 (compatible; MJ12bot/v1.4.8; http://mj12bot.com/)"
148.251.8.250 - - [20/Feb/2021:07:26:41 +0100] "GET /-p-50402.html HTTP/1.0" 200 68690 "-" "Mozilla/5.0 (compatible; MJ12bot/v1.4.8; http://mj12bot.com/)"
185.191.171.45 - - [20/Feb/2021:07:26:43 +0100] "GET /winnie-pooh-wall-storage-p-1207.html?action=add_product HTTP/1.0" 302 476 "-" "Mozilla/5.0 (compatible; SemrushBot/7~bl; +http://www.semrush.com/bot.html)"
148.251.8.250 - - [20/Feb/2021:07:26:46 +0100] "GET /day-of-the-dead-cat-statue-decorative-p-49264.html HTTP/1.0" 301 73030 "-" "Mozilla/5.0 (compatible; MJ12bot/v1.4.8; http://mj12bot.com/)"
148.251.8.250 - - [20/Feb/2021:07:26:50 +0100] "GET /dead-statue-decorative-p-49264.html HTTP/1.0" 200 72941 "-" "Mozilla/5.0 (compatible; MJ12bot/v1.4.8; http://mj12bot.com/)"
13.66.139.73 - - [20/Feb/2021:07:26:54 +0100] "GET /images/big_prod_3/028399270200c.jpg HTTP/1.0" 200 270 "-" "Mozilla/5.0 (compatible; bingbot/2.0; +http://www.bing.com/bingbot.htm)"
13.66.139.73 - - [20/Feb/2021:07:26:55 +0100] "GET /-p-17879.html HTTP/1.0" 200 68690 "-" "Mozilla/5.0 (compatible; bingbot/2.0; +http://www.bing.com/bingbot.htm)"
148.251.8.250 - - [20/Feb/2021:07:26:56 +0100] "GET /dishes-c-12.html?page=87 HTTP/1.0" 200 90133 "-" "Mozilla/5.0 (compatible; MJ12bot/v1.4.8; http://mj12bot.com/)"
185.191.171.43 - - [20/Feb/2021:07:26:57 +0100] "GET /decorative-fruit-figurine-cherry-matte-white-p-52715.html HTTP/1.0" 200 71605 "-" "Mozilla/5.0 (compatible; SemrushBot/7~bl; +http://www.semrush.com/bot.html)"
148.251.8.250 - - [20/Feb/2021:07:27:01 +0100] "GET /disney-showcase-cinderella-couture-de-force-p-51451.html HTTP/1.0" 301 73000 "-" "Mozilla/5.0 (compatible; MJ12bot/v1.4.8; http://mj12bot.com/)"
185.191.171.10 - - [20/Feb/2021:07:27:03 +0100] "GET /silver-skull-money-p-27602.html HTTP/1.0" 200 71318 "-" "Mozilla/5.0 (compatible; SemrushBot/7~bl; +http://www.semrush.com/bot.html)"
185.191.171.14 - - [20/Feb/2021:07:27:05 +0100] "GET /mani-lucky-keychain-p-49906.html?action=add_product HTTP/1.0" 302 476 "-" "Mozilla/5.0 (compatible; SemrushBot/7~bl; +http://www.semrush.com/bot.html)"
148.251.8.250 - - [20/Feb/2021:07:27:08 +0100] "GET /disney-showcase-cinderella-couture-force-p-51451.html HTTP/1.0" 200 72893 "-" "Mozilla/5.0 (compatible; MJ12bot/v1.4.8; http://mj12bot.com/)"
148.251.8.250 - - [20/Feb/2021:07:27:13 +0100] "GET /egyptian-queen-statue-in-resin-30-cm-p-47482.html HTTP/1.0" 301 72181 "-" "Mozilla/5.0 (compatible; MJ12bot/v1.4.8; http://mj12bot.com/)"
185.191.171.37 - - [20/Feb/2021:07:27:15 +0100] "GET /small-baby-teeth-p-51580.html?action=add_product HTTP/1.0" 302 476 "-" "Mozilla/5.0 (compatible; SemrushBot/7~bl; +http://www.semrush.com/bot.html)"
148.251.8.250 - - [20/Feb/2021:07:27:18 +0100] "GET /egyptian-queen-statue-resin-p-47482.html HTTP/1.0" 200 72087 "-" "Mozilla/5.0 (compatible; MJ12bot/v1.4.8; http://mj12bot.com/)"
148.251.8.250 - - [20/Feb/2021:07:27:22 +0100] "GET /fantasy-watch-for-women-fowers-p-49960.html HTTP/1.0" 301 72123 "-" "Mozilla/5.0 (compatible; MJ12bot/v1.4.8; http://mj12bot.com/)"
13.66.139.73 - - [20/Feb/2021:07:27:25 +0100] "GET /-p-19129.html HTTP/1.0" 200 68690 "-" "Mozilla/5.0 (compatible; bingbot/2.0; +http://www.bing.com/bingbot.htm)"
148.251.8.250 - - [20/Feb/2021:07:27:28 +0100] "GET /fantasy-watch-women-fowers-p-49960.html HTTP/1.0" 200 72030 "-" "Mozilla/5.0 (compatible; MJ12bot/v1.4.8; http://mj12bot.com/)"
13.66.139.137 - - [20/Feb/2021:07:27:28 +0100] "GET /images/big_prod_2/3661075002046NN.jpg HTTP/1.0" 200 272 "-" "Mozilla/5.0 (compatible; bingbot/2.0; +http://www.bing.com/bingbot.htm)"
13.66.139.137 - - [20/Feb/2021:07:27:29 +0100] "GET /slicer-sausage-p-39699.html HTTP/1.0" 200 71468 "-" "Mozilla/5.0 (compatible; bingbot/2.0; +http://www.bing.com/bingbot.htm)"
148.251.8.250 - - [20/Feb/2021:07:27:33 +0100] "GET /fatma-hand-candle-holder-p-49351.html HTTP/1.0" 200 68776 "-" "Mozilla/5.0 (compatible; MJ12bot/v1.4.8; http://mj12bot.com/)"
148.251.8.250 - - [20/Feb/2021:07:27:37 +0100] "GET /gandhi-polyresin-statuette-p-47485.html HTTP/1.0" 200 68784 "-" "Mozilla/5.0 (compatible; MJ12bot/v1.4.8; http://mj12bot.com/)"
148.251.8.250 - - [20/Feb/2021:07:27:41 +0100] "GET /gaston-and-lefou-figure-collection-p-51457.html HTTP/1.0" 301 73168 "-" "Mozilla/5.0 (compatible; MJ12bot/v1.4.8; http://mj12bot.com/)"
148.251.8.250 - - [20/Feb/2021:07:27:45 +0100] "GET /gaston-lefou-figure-collection-p-51457.html HTTP/1.0" 200 73071 "-" "Mozilla/5.0 (compatible; MJ12bot/v1.4.8; http://mj12bot.com/)"
54.36.148.98 - - [20/Feb/2021:07:27:49 +0100] "GET /barbade-rectangulary-cushion-by-cbkreation-p-36722.html HTTP/1.0" 301 68948 "-" "Mozilla/5.0 (compatible; AhrefsBot/7.0; +http://ahrefs.com/robot/)"
148.251.8.250 - - [20/Feb/2021:07:27:51 +0100] "GET /gayatri-figurine-in-bronze-aspect-resin-26-cm-p-46634.html HTTP/1.0" 301 72008 "-" "Mozilla/5.0 (compatible; MJ12bot/v1.4.8; http://mj12bot.com/)"
148.251.8.250 - - [20/Feb/2021:07:27:56 +0100] "GET /gayatri-figurine-bronze-aspect-resin-p-46634.html HTTP/1.0" 200 71905 "-" "Mozilla/5.0 (compatible; MJ12bot/v1.4.8; http://mj12bot.com/)"
13.66.139.88 - - [20/Feb/2021:07:27:59 +0100] "GET /cotton-bath-mat-50-80-cm-ivory-color-p-48699.html HTTP/1.0" 301 68896 "-" "Mozilla/5.0 (compatible; bingbot/2.0; +http://www.bing.com/bingbot.htm)"
148.251.8.250 - - [20/Feb/2021:07:27:59 +0100] "GET /gift-box-tea-infuser-mug-tree-of-life-p-51474.html HTTP/1.0" 301 72612 "-" "Mozilla/5.0 (compatible; MJ12bot/v1.4.8; http://mj12bot.com/)"
148.251.8.250 - - [20/Feb/2021:07:28:02 +0100] "GET /gift-infuser-tree-life-p-51474.html HTTP/1.0" 200 72523 "-" "Mozilla/5.0 (compatible; MJ12bot/v1.4.8; http://mj12bot.com/)"
148.251.8.250 - - [20/Feb/2021:07:28:08 +0100] "GET /glass-cutting-board-by-cbkreation-p-51296.html HTTP/1.0" 301 71493 "-" "Mozilla/5.0 (compatible; MJ12bot/v1.4.8; http://mj12bot.com/)"
148.251.8.250 - - [20/Feb/2021:07:28:13 +0100] "GET /glass-cutting-board-cbkreation-p-51296.html HTTP/1.0" 200 71396 "-" "Mozilla/5.0 (compatible; MJ12bot/v1.4.8; http://mj12bot.com/)"
148.251.8.250 - - [20/Feb/2021:07:28:16 +0100] "GET /glass-cutting-board-by-cbkreation-p-51310.html HTTP/1.0" 301 71493 "-" "Mozilla/5.0 (compatible; MJ12bot/v1.4.8; http://mj12bot.com/)"
66.249.69.166 - - [20/Feb/2021:07:28:16 +0100] "GET /images/big_prod_1/3608860179040N.jpg HTTP/1.0" 200 271 "-" "Googlebot-Image/1.0"
148.251.8.250 - - [20/Feb/2021:07:28:19 +0100] "GET /glass-cutting-board-cbkreation-p-51310.html HTTP/1.0" 200 71396 "-" "Mozilla/5.0 (compatible; MJ12bot/v1.4.8; http://mj12bot.com/)"
13.66.139.88 - - [20/Feb/2021:07:28:19 +0100] "GET /gorjuss-chronicles-wooden-brooch-rapunzel-p-38199.html HTTP/1.0" 200 72908 "-" "Mozilla/5.0 (compatible; bingbot/2.0; +http://www.bing.com/bingbot.htm)"
13.66.139.88 - - [20/Feb/2021:07:28:21 +0100] "GET /purple-elephant-piggy-bank-p-47730.html HTTP/1.0" 200 71352 "-" "Mozilla/5.0 (compatible; bingbot/2.0; +http://www.bing.com/bingbot.htm)"
148.251.8.250 - - [20/Feb/2021:07:28:23 +0100] "GET /glass-cutting-board-by-cbkreation-p-51311.html HTTP/1.0" 301 71493 "-" "Mozilla/5.0 (compatible; MJ12bot/v1.4.8; http://mj12bot.com/)"
148.251.8.250 - - [20/Feb/2021:07:28:27 +0100] "GET /glass-cutting-board-cbkreation-p-51311.html HTTP/1.0" 200 71396 "-" "Mozilla/5.0 (compatible; MJ12bot/v1.4.8; http://mj12bot.com/)"
148.251.8.250 - - [20/Feb/2021:07:28:31 +0100] "GET /glass-cutting-board-by-cbkreation-p-51315.html HTTP/1.0" 301 71493 "-" "Mozilla/5.0 (compatible; MJ12bot/v1.4.8; http://mj12bot.com/)"
148.251.8.250 - - [20/Feb/2021:07:28:35 +0100] "GET /glass-cutting-board-cbkreation-p-51315.html HTTP/1.0" 200 71396 "-" "Mozilla/5.0 (compatible; MJ12bot/v1.4.8; http://mj12bot.com/)"
148.251.8.250 - - [20/Feb/2021:07:28:41 +0100] "GET /glass-cutting-board-by-cbkreation-p-51316.html HTTP/1.0" 301 71493 "-" "Mozilla/5.0 (compatible; MJ12bot/v1.4.8; http://mj12bot.com/)"
148.251.8.250 - - [20/Feb/2021:07:28:45 +0100] "GET /glass-cutting-board-cbkreation-p-51316.html HTTP/1.0" 200 71396 "-" "Mozilla/5.0 (compatible; MJ12bot/v1.4.8; http://mj12bot.com/)"
148.251.8.250 - - [20/Feb/2021:07:28:52 +0100] "GET /glass-cutting-board-by-cbkreation-p-51318.html HTTP/1.0" 301 71493 "-" "Mozilla/5.0 (compatible; MJ12bot/v1.4.8; http://mj12bot.com/)"
148.251.8.250 - - [20/Feb/2021:07:28:56 +0100] "GET /glass-cutting-board-cbkreation-p-51318.html HTTP/1.0" 200 71396 "-" "Mozilla/5.0 (compatible; MJ12bot/v1.4.8; http://mj12bot.com/)"
148.251.8.250 - - [20/Feb/2021:07:29:00 +0100] "GET /glass-cutting-board-by-cbkreation-p-51336.html HTTP/1.0" 301 71493 "-" "Mozilla/5.0 (compatible; MJ12bot/v1.4.8; http://mj12bot.com/)"
185.191.171.42 - - [20/Feb/2021:07:29:01 +0100] "GET /large-glass-tree-life-p-51472.html HTTP/1.0" 200 71364 "-" "Mozilla/5.0 (compatible; SemrushBot/7~bl; +http://www.semrush.com/bot.html)"
148.251.8.250 - - [20/Feb/2021:07:29:03 +0100] "GET /glass-cutting-board-cbkreation-p-51336.html HTTP/1.0" 200 71396 "-" "Mozilla/5.0 (compatible; MJ12bot/v1.4.8; http://mj12bot.com/)"
148.251.8.250 - - [20/Feb/2021:07:29:07 +0100] "GET /glass-cutting-board-by-cbkreation-p-51338.html HTTP/1.0" 301 71493 "-" "Mozilla/5.0 (compatible; MJ12bot/v1.4.8; http://mj12bot.com/)"
148.251.8.250 - - [20/Feb/2021:07:29:11 +0100] "GET /glass-cutting-board-cbkreation-p-51338.html HTTP/1.0" 200 71396 "-" "Mozilla/5.0 (compatible; MJ12bot/v1.4.8; http://mj12bot.com/)"
185.191.171.10 - - [20/Feb/2021:07:29:15 +0100] "GET /turbine-metal-clock-p-46356.html HTTP/1.0" 200 72097 "-" "Mozilla/5.0 (compatible; SemrushBot/7~bl; +http://www.semrush.com/bot.html)"
13.66.139.73 - - [20/Feb/2021:07:29:15 +0100] "GET /bob-marley-zippo-lighter-p-29775.html HTTP/1.0" 301 68880 "-" "Mozilla/5.0 (compatible; bingbot/2.0; +http://www.bing.com/bingbot.htm)"
148.251.8.250 - - [20/Feb/2021:07:29:16 +0100] "GET /glass-cutting-board-by-cbkreation-p-51349.html HTTP/1.0" 301 71493 "-" "Mozilla/5.0 (compatible; MJ12bot/v1.4.8; http://mj12bot.com/)"
148.251.8.250 - - [20/Feb/2021:07:29:20 +0100] "GET /glass-cutting-board-cbkreation-p-51349.html HTTP/1.0" 200 71396 "-" "Mozilla/5.0 (compatible; MJ12bot/v1.4.8; http://mj12bot.com/)"
185.191.171.36 - - [20/Feb/2021:07:29:20 +0100] "GET /cat-all-over-purse-by-michelle-allen-p-53362.html HTTP/1.0" 301 71542 "-" "Mozilla/5.0 (compatible; SemrushBot/7~bl; +http://www.semrush.com/bot.html)"
185.191.171.2 - - [20/Feb/2021:07:29:24 +0100] "GET /over-purse-michelle-allen-p-53362.html HTTP/1.0" 200 71450 "-" "Mozilla/5.0 (compatible; SemrushBot/7~bl; +http://www.semrush.com/bot.html)"
148.251.8.250 - - [20/Feb/2021:07:29:26 +0100] "GET /gold-king-decorative-chess-piece-p-49285.html HTTP/1.0" 301 68757 "-" "Mozilla/5.0 (compatible; MJ12bot/v1.4.8; http://mj12bot.com/)"
148.251.8.250 - - [20/Feb/2021:07:29:30 +0100] "GET /-p-49285.html HTTP/1.0" 200 68690 "-" "Mozilla/5.0 (compatible; MJ12bot/v1.4.8; http://mj12bot.com/)"
185.191.171.1 - - [20/Feb/2021:07:29:32 +0100] "GET /christopher-zippo-lighter-p-53269.html HTTP/1.0" 200 73161 "-" "Mozilla/5.0 (compatible; SemrushBot/7~bl; +http://www.semrush.com/bot.html)"
148.251.8.250 - - [20/Feb/2021:07:29:33 +0100] "GET /gold-tower-decorative-chess-piece-p-49287.html HTTP/1.0" 301 68757 "-" "Mozilla/5.0 (compatible; MJ12bot/v1.4.8; http://mj12bot.com/)"
13.66.139.73 - - [20/Feb/2021:07:29:35 +0100] "GET /images/big_prod/8441689117481.jpg HTTP/1.0" 200 268 "-" "Mozilla/5.0 (compatible; bingbot/2.0; +http://www.bing.com/bingbot.htm)"
54.36.148.84 - - [20/Feb/2021:07:29:34 +0100] "GET /home-and-decoration-c-13.html?page=164 HTTP/1.0" 301 91137 "-" "Mozilla/5.0 (compatible; AhrefsBot/7.0; +http://ahrefs.com/robot/)"
148.251.8.250 - - [20/Feb/2021:07:29:38 +0100] "GET /-p-49287.html HTTP/1.0" 200 68690 "-" "Mozilla/5.0 (compatible; MJ12bot/v1.4.8; http://mj12bot.com/)"
185.191.171.14 - - [20/Feb/2021:07:29:40 +0100] "GET /jasmin-liberty-companion-portfolio-p-39131.html?action=add_product HTTP/1.0" 302 476 "-" "Mozilla/5.0 (compatible; SemrushBot/7~bl; +http://www.semrush.com/bot.html)"
148.251.8.250 - - [20/Feb/2021:07:29:43 +0100] "GET /great-amethyst-geode-of-brazil-235-kg-p-47191.html HTTP/1.0" 301 72341 "-" "Mozilla/5.0 (compatible; MJ12bot/v1.4.8; http://mj12bot.com/)"
13.66.139.137 - - [20/Feb/2021:07:29:45 +0100] "GET /chimes-and-suspensions-c-13_241.html HTTP/1.0" 301 89135 "-" "Mozilla/5.0 (compatible; bingbot/2.0; +http://www.bing.com/bingbot.htm)"
148.251.8.250 - - [20/Feb/2021:07:29:46 +0100] "GET /great-amethyst-geode-brazil-p-47191.html HTTP/1.0" 200 72247 "-" "Mozilla/5.0 (compatible; MJ12bot/v1.4.8; http://mj12bot.com/)"
148.251.8.250 - - [20/Feb/2021:07:29:50 +0100] "GET /happy-mariniere-mug-p-45182.html HTTP/1.0" 301 68850 "-" "Mozilla/5.0 (compatible; MJ12bot/v1.4.8; http://mj12bot.com/)"
148.251.8.250 - - [20/Feb/2021:07:29:53 +0100] "GET /happy-mariniere-p-45182.html HTTP/1.0" 200 68768 "-" "Mozilla/5.0 (compatible; MJ12bot/v1.4.8; http://mj12bot.com/)"
13.66.139.88 - - [20/Feb/2021:07:29:58 +0100] "GET /images/5018997610916.jpg HTTP/1.0" 200 259 "-" "Mozilla/5.0 (compatible; bingbot/2.0; +http://www.bing.com/bingbot.htm)"
148.251.8.250 - - [20/Feb/2021:07:29:58 +0100] "GET /hello-kitty-camomilla-cosmetic-bag-white-and-glitters-p-49158.html HTTP/1.0" 301 72049 "-" "Mozilla/5.0 (compatible; MJ12bot/v1.4.8; http://mj12bot.com/)"
13.66.139.88 - - [20/Feb/2021:07:29:59 +0100] "GET /images/mini_prod/1384010200063.jpg HTTP/1.0" 200 269 "-" "Mozilla/5.0 (compatible; bingbot/2.0; +http://www.bing.com/bingbot.htm)"
148.251.8.250 - - [20/Feb/2021:07:30:01 +0100] "GET /hello-kitty-camomilla-cosmetic-white-glitters-p-49158.html HTTP/1.0" 200 71937 "-" "Mozilla/5.0 (compatible; MJ12bot/v1.4.8; http://mj12bot.com/)"
148.251.8.250 - - [20/Feb/2021:07:30:06 +0100] "GET /horse-ground-sheet-45-75-cm-p-36561.html HTTP/1.0" 301 68757 "-" "Mozilla/5.0 (compatible; MJ12bot/v1.4.8; http://mj12bot.com/)"
148.251.8.250 - - [20/Feb/2021:07:30:09 +0100] "GET /-p-36561.html HTTP/1.0" 200 68690 "-" "Mozilla/5.0 (compatible; MJ12bot/v1.4.8; http://mj12bot.com/)"
185.191.171.40 - - [20/Feb/2021:07:30:12 +0100] "GET /decorative-wooden-plate-entre-interdite-rleurs-azure-blue-p-47812.html?action=add_product HTTP/1.0" 302 476 "-" "Mozilla/5.0 (compatible; SemrushBot/7~bl; +http://www.semrush.com/bot.html)"
148.251.8.250 - - [20/Feb/2021:07:30:15 +0100] "GET /horse-jewelry-box-p-49356.html HTTP/1.0" 301 71530 "-" "Mozilla/5.0 (compatible; MJ12bot/v1.4.8; http://mj12bot.com/)"
51.68.224.127 - - [20/Feb/2021:07:30:18 +0100] "GET /adminweb/export_orders_xml.php?token=256de2z6edz6ed2z6DFSFsed2zed6zeDSFDSGdzedezfzf&maxorders=10&orderstart=1&status=14&start_date=2018-10-01 HTTP/1.0" 200 285 "-" "GesCom CharlotteBoutik Serveur"
51.68.224.127 - - [20/Feb/2021:07:30:18 +0100] "GET /adminweb/export_orders_xml.php?token=256de2z6edz6ed2z6DFSFsed2zed6zeDSFDSGdzedezfzf&maxorders=10&orderstart=1&status=6&start_date=2018-10-01 HTTP/1.0" 200 29990 "-" "GesCom CharlotteBoutik Serveur"
148.251.8.250 - - [20/Feb/2021:07:30:19 +0100] "GET /horse-jewelry-p-49356.html HTTP/1.0" 200 71450 "-" "Mozilla/5.0 (compatible; MJ12bot/v1.4.8; http://mj12bot.com/)"
148.251.8.250 - - [20/Feb/2021:07:30:23 +0100] "GET /horse-lamp-p-23000.html HTTP/1.0" 301 68757 "-" "Mozilla/5.0 (compatible; MJ12bot/v1.4.8; http://mj12bot.com/)"
13.66.139.73 - - [20/Feb/2021:07:30:26 +0100] "GET /coca-cola-clock-p-31650.html HTTP/1.0" 200 68756 "-" "Mozilla/5.0 (compatible; bingbot/2.0; +http://www.bing.com/bingbot.htm)"
148.251.8.250 - - [20/Feb/2021:07:30:27 +0100] "GET /-p-23000.html HTTP/1.0" 200 68690 "-" "Mozilla/5.0 (compatible; MJ12bot/v1.4.8; http://mj12bot.com/)"
13.66.139.88 - - [20/Feb/2021:07:30:30 +0100] "GET /-p-38831.html HTTP/1.0" 200 68690 "-" "Mozilla/5.0 (compatible; bingbot/2.0; +http://www.bing.com/bingbot.htm)"
148.251.8.250 - - [20/Feb/2021:07:30:33 +0100] "GET /horse-lamp-p-23003.html HTTP/1.0" 301 68757 "-" "Mozilla/5.0 (compatible; MJ12bot/v1.4.8; http://mj12bot.com/)"
185.191.171.19 - - [20/Feb/2021:07:30:33 +0100] "GET /luminous-guardian-angel-porcelain-heart-p-44967.html HTTP/1.0" 200 71524 "-" "Mozilla/5.0 (compatible; SemrushBot/7~bl; +http://www.semrush.com/bot.html)"
148.251.8.250 - - [20/Feb/2021:07:30:37 +0100] "GET /-p-23003.html HTTP/1.0" 200 68690 "-" "Mozilla/5.0 (compatible; MJ12bot/v1.4.8; http://mj12bot.com/)"
148.251.8.250 - - [20/Feb/2021:07:30:41 +0100] "GET /horse-pot-cookware-cbkreation-p-29752.html HTTP/1.0" 301 71446 "-" "Mozilla/5.0 (compatible; MJ12bot/v1.4.8; http://mj12bot.com/)"
148.251.8.250 - - [20/Feb/2021:07:30:45 +0100] "GET /horse-cookware-cbkreation-p-29752.html HTTP/1.0" 200 71354 "-" "Mozilla/5.0 (compatible; MJ12bot/v1.4.8; http://mj12bot.com/)"
148.251.8.250 - - [20/Feb/2021:07:30:49 +0100] "GET /horse-pot-cookware-p-29752.html HTTP/1.0" 301 71446 "-" "Mozilla/5.0 (compatible; MJ12bot/v1.4.8; http://mj12bot.com/)"
13.66.139.73 - - [20/Feb/2021:07:30:55 +0100] "GET /-p-23231.html HTTP/1.0" 200 68690 "-" "Mozilla/5.0 (compatible; bingbot/2.0; +http://www.bing.com/bingbot.htm)"
148.251.8.250 - - [20/Feb/2021:07:30:55 +0100] "GET /horse-cookware-cbkreation-p-29752.html HTTP/1.0" 200 71354 "-" "Mozilla/5.0 (compatible; MJ12bot/v1.4.8; http://mj12bot.com/)"
148.251.8.250 - - [20/Feb/2021:07:30:59 +0100] "GET /humor-color-ashtray-p-47359.html HTTP/1.0" 301 68757 "-" "Mozilla/5.0 (compatible; MJ12bot/v1.4.8; http://mj12bot.com/)"
13.66.139.88 - - [20/Feb/2021:07:30:59 +0100] "GET /images/big_prod/8422011475660.jpg HTTP/1.0" 200 268 "-" "Mozilla/5.0 (compatible; bingbot/2.0; +http://www.bing.com/bingbot.htm)"
54.36.148.112 - - [20/Feb/2021:07:30:59 +0100] "GET /trust-me-little-metal-cigarettes-box-p-33109.html HTTP/1.0" 301 71562 "-" "Mozilla/5.0 (compatible; AhrefsBot/7.0; +http://ahrefs.com/robot/)"
148.251.8.250 - - [20/Feb/2021:07:31:03 +0100] "GET /-p-47359.html HTTP/1.0" 200 68690 "-" "Mozilla/5.0 (compatible; MJ12bot/v1.4.8; http://mj12bot.com/)"
148.251.8.250 - - [20/Feb/2021:07:31:06 +0100] "GET /indian-elephant-statue-32-cm-p-46613.html HTTP/1.0" 301 68869 "-" "Mozilla/5.0 (compatible; MJ12bot/v1.4.8; http://mj12bot.com/)"
185.191.171.20 - - [20/Feb/2021:07:31:07 +0100] "GET /dragon-wooden-wall-decoration-22-cm-p-46434.html HTTP/1.0" 301 68904 "-" "Mozilla/5.0 (compatible; SemrushBot/7~bl; +http://www.semrush.com/bot.html)"
185.191.171.15 - - [20/Feb/2021:07:31:10 +0100] "GET /trust-little-metal-cigarettes-p-33109.html?action=add_product HTTP/1.0" 302 476 "-" "Mozilla/5.0 (compatible; SemrushBot/7~bl; +http://www.semrush.com/bot.html)"
148.251.8.250 - - [20/Feb/2021:07:31:12 +0100] "GET /indian-elephant-statue-p-46613.html HTTP/1.0" 200 68780 "-" "Mozilla/5.0 (compatible; MJ12bot/v1.4.8; http://mj12bot.com/)"
148.251.8.250 - - [20/Feb/2021:07:31:17 +0100] "GET /indoor-buddha-fountain-40-cm-p-47421.html HTTP/1.0" 301 71591 "-" "Mozilla/5.0 (compatible; MJ12bot/v1.4.8; http://mj12bot.com/)"
13.66.139.88 - - [20/Feb/2021:07:31:19 +0100] "GET /hello-kitty-figure-p-2906.html HTTP/1.0" 200 71390 "-" "Mozilla/5.0 (compatible; bingbot/2.0; +http://www.bing.com/bingbot.htm)"
148.251.8.250 - - [20/Feb/2021:07:31:23 +0100] "GET /indoor-buddha-fountain-p-47421.html HTTP/1.0" 200 71502 "-" "Mozilla/5.0 (compatible; MJ12bot/v1.4.8; http://mj12bot.com/)"
148.251.8.250 - - [20/Feb/2021:07:31:27 +0100] "GET /isothermic-stainless-steel-bottle-hedgehog-by-cbkreation-p-51044.html HTTP/1.0" 301 71732 "-" "Mozilla/5.0 (compatible; MJ12bot/v1.4.8; http://mj12bot.com/)"
148.251.8.250 - - [20/Feb/2021:07:31:32 +0100] "GET /isothermic-stainless-steel-bottle-hedgehog-cbkreation-p-51044.html HTTP/1.0" 200 71612 "-" "Mozilla/5.0 (compatible; MJ12bot/v1.4.8; http://mj12bot.com/)"
13.66.139.73 - - [20/Feb/2021:07:31:36 +0100] "GET /buddha-resin-box-p-38536.html HTTP/1.0" 301 71525 "-" "Mozilla/5.0 (compatible; bingbot/2.0; +http://www.bing.com/bingbot.htm)"
148.251.8.250 - - [20/Feb/2021:07:31:40 +0100] "GET /japanese-red-dream-mug-cbkreation-p-24360.html HTTP/1.0" 301 71515 "-" "Mozilla/5.0 (compatible; MJ12bot/v1.4.8; http://mj12bot.com/)"
185.191.171.1 - - [20/Feb/2021:07:31:44 +0100] "GET /support-metal-bottle-truck-p-45647.html?action=add_product HTTP/1.0" 302 476 "-" "Mozilla/5.0 (compatible; SemrushBot/7~bl; +http://www.semrush.com/bot.html)"
148.251.8.250 - - [20/Feb/2021:07:31:44 +0100] "GET /japanese-dream-cbkreation-p-24360.html HTTP/1.0" 200 71423 "-" "Mozilla/5.0 (compatible; MJ12bot/v1.4.8; http://mj12bot.com/)"
148.251.8.250 - - [20/Feb/2021:07:31:50 +0100] "GET /keel-toys-guinea-pig-sound-plush-p-50307.html HTTP/1.0" 301 68895 "-" "Mozilla/5.0 (compatible; MJ12bot/v1.4.8; http://mj12bot.com/)"
185.191.171.6 - - [20/Feb/2021:07:31:53 +0100] "GET /miracle-tattoos-augmented-reality-p-30661.html HTTP/1.0" 200 72175 "-" "Mozilla/5.0 (compatible; SemrushBot/7~bl; +http://www.semrush.com/bot.html)"
148.251.8.250 - - [20/Feb/2021:07:31:54 +0100] "GET /keel-toys-guinea-sound-plush-p-50307.html HTTP/1.0" 200 68800 "-" "Mozilla/5.0 (compatible; MJ12bot/v1.4.8; http://mj12bot.com/)"
148.251.8.250 - - [20/Feb/2021:07:31:59 +0100] "GET /kitchen-towel-holder-hooks-p-47373.html HTTP/1.0" 200 71953 "-" "Mozilla/5.0 (compatible; MJ12bot/v1.4.8; http://mj12bot.com/)"
148.251.8.250 - - [20/Feb/2021:07:32:03 +0100] "GET /la-marquise-gourmande-tray-p-33518.html HTTP/1.0" 301 68868 "-" "Mozilla/5.0 (compatible; MJ12bot/v1.4.8; http://mj12bot.com/)"
66.249.69.164 - - [20/Feb/2021:07:32:05 +0100] "GET /paris-gift-p-29571.html HTTP/1.0" 200 71892 "-" "Mozilla/5.0 (Linux; Android 6.0.1; Nexus 5X Build/MMB29P) AppleWebKit/537.36 (KHTML, like Gecko) Chrome/88.0.4324.153 Mobile Safari/537.36 (compatible; Googlebot/2.1; +http://www.google.com/bot.html)"
66.249.69.166 - - [20/Feb/2021:07:32:08 +0100] "GET /christmas-tree-decoration-the-little-prince-p-50293.html HTTP/1.0" 301 71653 "-" "Mozilla/5.0 (Linux; Android 6.0.1; Nexus 5X Build/MMB29P) AppleWebKit/537.36 (KHTML, like Gecko) Chrome/88.0.4324.153 Mobile Safari/537.36 (compatible; Googlebot/2.1; +http://www.google.com/bot.html)"
148.251.8.250 - - [20/Feb/2021:07:32:09 +0100] "GET /marquise-gourmande-tray-p-33518.html HTTP/1.0" 200 68778 "-" "Mozilla/5.0 (compatible; MJ12bot/v1.4.8; http://mj12bot.com/)"
66.249.69.164 - - [20/Feb/2021:07:32:09 +0100] "GET /christmas-tree-decoration-little-prince-p-50293.html HTTP/1.0" 200 71547 "-" "Mozilla/5.0 (Linux; Android 6.0.1; Nexus 5X Build/MMB29P) AppleWebKit/537.36 (KHTML, like Gecko) Chrome/88.0.4324.153 Mobile Safari/537.36 (compatible; Googlebot/2.1; +http://www.google.com/bot.html)"
66.249.69.162 - - [20/Feb/2021:07:32:13 +0100] "GET /bmw-cork-coaster-p-37069.html HTTP/1.0" 301 71339 "-" "Mozilla/5.0 (Linux; Android 6.0.1; Nexus 5X Build/MMB29P) AppleWebKit/537.36 (KHTML, like Gecko) Chrome/88.0.4324.153 Mobile Safari/537.36 (compatible; Googlebot/2.1; +http://www.google.com/bot.html)"
148.251.8.250 - - [20/Feb/2021:07:32:14 +0100] "GET /laissez-lucie-faire-bear-mini-mug-p-42261.html HTTP/1.0" 301 71471 "-" "Mozilla/5.0 (compatible; MJ12bot/v1.4.8; http://mj12bot.com/)"
66.249.69.162 - - [20/Feb/2021:07:32:14 +0100] "GET /cork-coaster-p-37069.html HTTP/1.0" 200 71260 "-" "Mozilla/5.0 (Linux; Android 6.0.1; Nexus 5X Build/MMB29P) AppleWebKit/537.36 (KHTML, like Gecko) Chrome/88.0.4324.153 Mobile Safari/537.36 (compatible; Googlebot/2.1; +http://www.google.com/bot.html)"
13.66.139.73 - - [20/Feb/2021:07:32:15 +0100] "GET /so-sweet-black-women-tee-shirt-p-30993.html HTTP/1.0" 301 73402 "-" "Mozilla/5.0 (compatible; bingbot/2.0; +http://www.bing.com/bingbot.htm)"
148.251.8.250 - - [20/Feb/2021:07:32:17 +0100] "GET /laissez-lucie-faire-bear-mini-p-42261.html HTTP/1.0" 200 71375 "-" "Mozilla/5.0 (compatible; MJ12bot/v1.4.8; http://mj12bot.com/)"
13.66.139.137 - - [20/Feb/2021:07:32:19 +0100] "GET /images/1399984243817.jpg HTTP/1.0" 200 259 "-" "Mozilla/5.0 (compatible; bingbot/2.0; +http://www.bing.com/bingbot.htm)"
13.66.139.137 - - [20/Feb/2021:07:32:20 +0100] "GET /-p-10263.html HTTP/1.0" 200 68690 "-" "Mozilla/5.0 (compatible; bingbot/2.0; +http://www.bing.com/bingbot.htm)"
148.251.8.250 - - [20/Feb/2021:07:32:23 +0100] "GET /large-glass-tree-of-life-p-51472.html HTTP/1.0" 301 71452 "-" "Mozilla/5.0 (compatible; MJ12bot/v1.4.8; http://mj12bot.com/)"
148.251.8.250 - - [20/Feb/2021:07:32:27 +0100] "GET /large-glass-tree-life-p-51472.html HTTP/1.0" 200 71364 "-" "Mozilla/5.0 (compatible; MJ12bot/v1.4.8; http://mj12bot.com/)"
148.251.8.250 - - [20/Feb/2021:07:32:32 +0100] "GET /les-copains-abord-placemat-p-40663.html HTTP/1.0" 301 71416 "-" "Mozilla/5.0 (compatible; MJ12bot/v1.4.8; http://mj12bot.com/)"
54.36.148.90 - - [20/Feb/2021:07:32:33 +0100] "GET /hook-weathered-surfboard-metal-75-cm-p-44437.html HTTP/1.0" 301 71593 "-" "Mozilla/5.0 (compatible; AhrefsBot/7.0; +http://ahrefs.com/robot/)"
148.251.8.250 - - [20/Feb/2021:07:32:36 +0100] "GET /copains-abord-placemat-p-40663.html HTTP/1.0" 200 71327 "-" "Mozilla/5.0 (compatible; MJ12bot/v1.4.8; http://mj12bot.com/)"
157.55.39.246 - - [20/Feb/2021:07:32:41 +0100] "GET /js/jquery.js HTTP/1.0" 200 252 "-" "Mozilla/5.0 (compatible; bingbot/2.0; +http://www.bing.com/bingbot.htm)"
148.251.8.250 - - [20/Feb/2021:07:32:41 +0100] "GET /liberty-russian-doll-mug-by-cbkreation-p-18488.html HTTP/1.0" 301 71480 "-" "Mozilla/5.0 (compatible; MJ12bot/v1.4.8; http://mj12bot.com/)"
148.251.8.250 - - [20/Feb/2021:07:32:45 +0100] "GET /liberty-russian-doll-cbkreation-p-18488.html HTTP/1.0" 200 71382 "-" "Mozilla/5.0 (compatible; MJ12bot/v1.4.8; http://mj12bot.com/)"
13.66.139.88 - - [20/Feb/2021:07:32:48 +0100] "GET /images/4025055995275.jpg HTTP/1.0" 200 259 "-" "Mozilla/5.0 (compatible; bingbot/2.0; +http://www.bing.com/bingbot.htm)"
148.251.8.250 - - [20/Feb/2021:07:32:50 +0100] "GET /lion-classic-mug-cbkreation-p-29025.html HTTP/1.0" 301 71405 "-" "Mozilla/5.0 (compatible; MJ12bot/v1.4.8; http://mj12bot.com/)"
185.191.171.4 - - [20/Feb/2021:07:32:53 +0100] "GET /industrial-vintage-clock-p-49241.html HTTP/1.0" 200 71463 "-" "Mozilla/5.0 (compatible; SemrushBot/7~bl; +http://www.semrush.com/bot.html)"
148.251.8.250 - - [20/Feb/2021:07:32:54 +0100] "GET /lion-classic-cbkreation-p-29025.html HTTP/1.0" 200 71315 "-" "Mozilla/5.0 (compatible; MJ12bot/v1.4.8; http://mj12bot.com/)"
148.251.8.250 - - [20/Feb/2021:07:32:58 +0100] "GET /little-buddha-magnet-blue-p-50261.html HTTP/1.0" 200 68770 "-" "Mozilla/5.0 (compatible; MJ12bot/v1.4.8; http://mj12bot.com/)"
148.251.8.250 - - [20/Feb/2021:07:33:02 +0100] "GET /littlest-petshop-double-wall-acrylic-glasses-p-4667.html HTTP/1.0" 200 71542 "-" "Mozilla/5.0 (compatible; MJ12bot/v1.4.8; http://mj12bot.com/)"
13.66.139.73 - - [20/Feb/2021:07:33:06 +0100] "GET /genie-figure-p-2841.html HTTP/1.0" 200 68739 "-" "Mozilla/5.0 (compatible; bingbot/2.0; +http://www.bing.com/bingbot.htm)"
148.251.8.250 - - [20/Feb/2021:07:33:07 +0100] "GET /london-mug-by-cbkreation-p-28432.html HTTP/1.0" 301 71392 "-" "Mozilla/5.0 (compatible; MJ12bot/v1.4.8; http://mj12bot.com/)"
148.251.8.250 - - [20/Feb/2021:07:33:12 +0100] "GET /london-cbkreation-p-28432.html HTTP/1.0" 200 71308 "-" "Mozilla/5.0 (compatible; MJ12bot/v1.4.8; http://mj12bot.com/)"
13.66.139.137 - - [20/Feb/2021:07:33:16 +0100] "GET /-p-27352.html HTTP/1.0" 200 68690 "-" "Mozilla/5.0 (compatible; bingbot/2.0; +http://www.bing.com/bingbot.htm)"
148.251.8.250 - - [20/Feb/2021:07:33:17 +0100] "GET /long-marmot-small-melamine-dish-cake-p-45180.html HTTP/1.0" 200 68819 "-" "Mozilla/5.0 (compatible; MJ12bot/v1.4.8; http://mj12bot.com/)"
148.251.8.250 - - [20/Feb/2021:07:33:23 +0100] "GET /long-marmot-small-melamine-tray-p-45180.html HTTP/1.0" 301 68922 "-" "Mozilla/5.0 (compatible; MJ12bot/v1.4.8; http://mj12bot.com/)"
13.66.139.137 - - [20/Feb/2021:07:33:26 +0100] "GET /images/DSCN8015.jpg HTTP/1.0" 200 254 "-" "Mozilla/5.0 (compatible; bingbot/2.0; +http://www.bing.com/bingbot.htm)"
148.251.8.250 - - [20/Feb/2021:07:33:28 +0100] "GET /long-marmot-small-melamine-dish-cake-p-45180.html HTTP/1.0" 200 68819 "-" "Mozilla/5.0 (compatible; MJ12bot/v1.4.8; http://mj12bot.com/)"
148.251.8.250 - - [20/Feb/2021:07:33:32 +0100] "GET /lotus-padmasana-yoga-statuette-p-47497.html HTTP/1.0" 200 71449 "-" "Mozilla/5.0 (compatible; MJ12bot/v1.4.8; http://mj12bot.com/)"
148.251.8.250 - - [20/Feb/2021:07:33:36 +0100] "GET /love-cats-cup-and-saucer-p-37304.html HTTP/1.0" 301 68757 "-" "Mozilla/5.0 (compatible; MJ12bot/v1.4.8; http://mj12bot.com/)"
148.251.8.250 - - [20/Feb/2021:07:33:41 +0100] "GET /-p-37304.html HTTP/1.0" 200 68690 "-" "Mozilla/5.0 (compatible; MJ12bot/v1.4.8; http://mj12bot.com/)"
5.255.231.71 - - [20/Feb/2021:07:33:44 +0100] "GET /dishes/mugs-and-mazagrans/minnie-mouse-cacao-mug-p-10263.html HTTP/1.0" 301 68757 "-" "Mozilla/5.0 (compatible; YandexBot/3.0; +http://yandex.com/bots)"
148.251.8.250 - - [20/Feb/2021:07:33:47 +0100] "GET /love-cats-cup-and-saucer-p-42693.html HTTP/1.0" 301 71436 "-" "Mozilla/5.0 (compatible; MJ12bot/v1.4.8; http://mj12bot.com/)"
5.255.231.71 - - [20/Feb/2021:07:33:47 +0100] "GET /images/8423599064406.jpg HTTP/1.0" 200 259 "-" "Mozilla/5.0 (compatible; YandexImages/3.0; +http://yandex.com/bots)"
5.255.231.71 - - [20/Feb/2021:07:33:50 +0100] "GET /-p-10263.html HTTP/1.0" 200 68690 "-" "Mozilla/5.0 (compatible; YandexBot/3.0; +http://yandex.com/bots)"
