176.54.40.4 - - [20/Feb/2021:17:53:08 +0100] "GET /templates/Pixame_v1/images/nav.png HTTP/1.0" 200 268 "http://www.wonder-geek.com/templates/Pixame_v1/stylesheet.css" "Mozilla/5.0 (Linux; Android 9; MI 6) AppleWebKit/537.36 (KHTML, like Gecko) Chrome/88.0.4324.152 Mobile Safari/537.36"
176.54.40.4 - - [20/Feb/2021:17:53:08 +0100] "GET /templates/Pixame_v1/images/header.png HTTP/1.0" 200 271 "http://www.wonder-geek.com/templates/Pixame_v1/stylesheet.css" "Mozilla/5.0 (Linux; Android 9; MI 6) AppleWebKit/537.36 (KHTML, like Gecko) Chrome/88.0.4324.152 Mobile Safari/537.36"
176.54.40.4 - - [20/Feb/2021:17:53:08 +0100] "GET /templates/Pixame_v1/images/header-object.png HTTP/1.0" 200 278 "http://www.wonder-geek.com/templates/Pixame_v1/stylesheet.css" "Mozilla/5.0 (Linux; Android 9; MI 6) AppleWebKit/537.36 (KHTML, like Gecko) Chrome/88.0.4324.152 Mobile Safari/537.36"
176.54.40.4 - - [20/Feb/2021:17:53:08 +0100] "GET /highslide/graphics/zoomin.cur HTTP/1.0" 200 614 "http://www.wonder-geek.com/templates/Pixame_v1/stylesheet.css" "Mozilla/5.0 (Linux; Android 9; MI 6) AppleWebKit/537.36 (KHTML, like Gecko) Chrome/88.0.4324.152 Mobile Safari/537.36"
176.54.40.4 - - [20/Feb/2021:17:53:08 +0100] "GET /design/productsenstock.png HTTP/1.0" 200 260 "http://www.wonder-geek.com/templates/Pixame_v1/stylesheet.css" "Mozilla/5.0 (Linux; Android 9; MI 6) AppleWebKit/537.36 (KHTML, like Gecko) Chrome/88.0.4324.152 Mobile Safari/537.36"
176.54.40.4 - - [20/Feb/2021:17:53:08 +0100] "GET /templates/Pixame_v1/images/infobox/infobox_footer_middle.gif HTTP/1.0" 200 357 "http://www.wonder-geek.com/" "Mozilla/5.0 (Linux; Android 9; MI 6) AppleWebKit/537.36 (KHTML, like Gecko) Chrome/88.0.4324.152 Mobile Safari/537.36"
176.54.40.4 - - [20/Feb/2021:17:53:08 +0100] "GET /images/big_prod/5024693142538.jpg HTTP/1.0" 200 268 "http://www.wonder-geek.com/morgan-paris-watch-p-38193.html" "Mozilla/5.0 (Linux; Android 9; MI 6) AppleWebKit/537.36 (KHTML, like Gecko) Chrome/88.0.4324.152 Mobile Safari/537.36"
176.54.40.4 - - [20/Feb/2021:17:53:08 +0100] "GET /templates/Pixame_v1/images/infobox/pixel_trans.gif HTTP/1.0" 200 328 "http://www.wonder-geek.com/morgan-paris-watch-p-38193.html" "Mozilla/5.0 (Linux; Android 9; MI 6) AppleWebKit/537.36 (KHTML, like Gecko) Chrome/88.0.4324.152 Mobile Safari/537.36"
185.191.171.40 - - [20/Feb/2021:17:53:07 +0100] "GET /large-gorjuss-lever-binder-gift-p-47751.html HTTP/1.0" 200 68836 "-" "Mozilla/5.0 (compatible; SemrushBot/7~bl; +http://www.semrush.com/bot.html)"
176.54.40.4 - - [20/Feb/2021:17:53:08 +0100] "GET /templates/Pixame_v1/images/pixel_trans.gif HTTP/1.0" 200 328 "http://www.wonder-geek.com/morgan-paris-watch-p-38193.html" "Mozilla/5.0 (Linux; Android 9; MI 6) AppleWebKit/537.36 (KHTML, like Gecko) Chrome/88.0.4324.152 Mobile Safari/537.36"
176.54.40.4 - - [20/Feb/2021:17:53:09 +0100] "GET /highslide/graphics/zoomout.cur HTTP/1.0" 200 614 "http://www.wonder-geek.com/morgan-paris-watch-p-38193.html" "Mozilla/5.0 (Linux; Android 9; MI 6) AppleWebKit/537.36 (KHTML, like Gecko) Chrome/88.0.4324.152 Mobile Safari/537.36"
176.54.40.4 - - [20/Feb/2021:17:53:09 +0100] "GET /highslide/graphics/outlines/drop-shadow.png HTTP/1.0" 200 277 "http://www.wonder-geek.com/morgan-paris-watch-p-38193.html" "Mozilla/5.0 (Linux; Android 9; MI 6) AppleWebKit/537.36 (KHTML, like Gecko) Chrome/88.0.4324.152 Mobile Safari/537.36"
176.54.40.4 - - [20/Feb/2021:17:53:09 +0100] "GET /highslide/graphics/loader.white.gif HTTP/1.0" 200 960 "http://www.wonder-geek.com/templates/Pixame_v1/stylesheet.css" "Mozilla/5.0 (Linux; Android 9; MI 6) AppleWebKit/537.36 (KHTML, like Gecko) Chrome/88.0.4324.152 Mobile Safari/537.36"
176.54.40.4 - - [20/Feb/2021:17:53:09 +0100] "GET /favicon.ico HTTP/1.0" 200 260 "http://www.wonder-geek.com/morgan-paris-watch-p-38193.html" "Mozilla/5.0 (Linux; Android 9; MI 6) AppleWebKit/537.36 (KHTML, like Gecko) Chrome/88.0.4324.152 Mobile Safari/537.36"
13.66.139.88 - - [20/Feb/2021:17:53:15 +0100] "GET /bedclothes-140-200-cm-pink-striped-p-44345.html HTTP/1.0" 301 71582 "-" "Mozilla/5.0 (compatible; bingbot/2.0; +http://www.bing.com/bingbot.htm)"
13.66.139.88 - - [20/Feb/2021:17:53:16 +0100] "GET /jungle-shower-curtain-180-200-cm-p-52461.html HTTP/1.0" 301 72163 "-" "Mozilla/5.0 (compatible; bingbot/2.0; +http://www.bing.com/bingbot.htm)"
185.191.171.5 - - [20/Feb/2021:17:53:22 +0100] "GET /iphone-silicone-black-shell-audiocassette-p-18936.html?action=add_product HTTP/1.0" 302 476 "-" "Mozilla/5.0 (compatible; SemrushBot/7~bl; +http://www.semrush.com/bot.html)"
13.66.139.73 - - [20/Feb/2021:17:53:43 +0100] "GET /flora-figure-p-15679.html HTTP/1.0" 200 68741 "-" "Mozilla/5.0 (compatible; bingbot/2.0; +http://www.bing.com/bingbot.htm)"
13.66.139.73 - - [20/Feb/2021:17:53:44 +0100] "GET /cushion-pouf-in-canvas-p-43498.html HTTP/1.0" 301 72196 "-" "Mozilla/5.0 (compatible; bingbot/2.0; +http://www.bing.com/bingbot.htm)"
17.58.101.142 - - [20/Feb/2021:17:53:44 +0100] "GET /zhu-zhu-pets-bedclothes-140x200-p-8231.html HTTP/1.0" 301 71674 "-" "Mozilla/5.0 (Macintosh; Intel Mac OS X 10_15_5) AppleWebKit/605.1.15 (KHTML, like Gecko) Version/13.1.1 Safari/605.1.15 (Applebot/0.1; +http://www.apple.com/go/applebot)"
17.58.101.142 - - [20/Feb/2021:17:53:46 +0100] "GET /pets-bedclothes-140x200-p-8231.html HTTP/1.0" 200 71585 "-" "Mozilla/5.0 (Macintosh; Intel Mac OS X 10_15_5) AppleWebKit/605.1.15 (KHTML, like Gecko) Version/13.1.1 Safari/605.1.15 (Applebot/0.1; +http://www.apple.com/go/applebot)"
185.191.171.21 - - [20/Feb/2021:17:54:11 +0100] "GET /sentiment-tea-towel-kitchen-towel-70-35-cm-p-43634.html HTTP/1.0" 301 72203 "-" "Mozilla/5.0 (compatible; SemrushBot/7~bl; +http://www.semrush.com/bot.html)"
13.66.139.73 - - [20/Feb/2021:17:54:12 +0100] "GET /-p-1848.html HTTP/1.0" 200 68688 "-" "Mozilla/5.0 (compatible; bingbot/2.0; +http://www.bing.com/bingbot.htm)"
185.191.171.7 - - [20/Feb/2021:17:54:13 +0100] "GET /sentiment-towel-kitchen-towel-p-43634.html HTTP/1.0" 200 72107 "-" "Mozilla/5.0 (compatible; SemrushBot/7~bl; +http://www.semrush.com/bot.html)"
157.55.39.99 - - [20/Feb/2021:17:54:17 +0100] "GET /-p-20608.html HTTP/1.0" 200 68690 "-" "Mozilla/5.0 (compatible; bingbot/2.0; +http://www.bing.com/bingbot.htm)"
13.66.139.137 - - [20/Feb/2021:17:54:36 +0100] "GET /set-of-beige-metal-boxes-coffee-tea-sugar-p-38824.html HTTP/1.0" 301 68935 "-" "Mozilla/5.0 (compatible; bingbot/2.0; +http://www.bing.com/bingbot.htm)"
13.66.139.137 - - [20/Feb/2021:17:54:37 +0100] "GET /boho-dream-catches-pink-plaid-130-170-cm-p-42907.html HTTP/1.0" 301 71571 "-" "Mozilla/5.0 (compatible; bingbot/2.0; +http://www.bing.com/bingbot.htm)"
66.249.69.164 - - [20/Feb/2021:17:54:50 +0100] "GET /fatima-engraved-small-box-carved-p-44405.html HTTP/1.0" 301 72677 "-" "Mozilla/5.0 (Linux; Android 6.0.1; Nexus 5X Build/MMB29P) AppleWebKit/537.36 (KHTML, like Gecko) Chrome/88.0.4324.153 Mobile Safari/537.36 (compatible; Googlebot/2.1; +http://www.google.com/bot.html)"
66.249.69.164 - - [20/Feb/2021:17:54:51 +0100] "GET /fatima-engraved-small-carved-p-44405.html HTTP/1.0" 200 72582 "-" "Mozilla/5.0 (Linux; Android 6.0.1; Nexus 5X Build/MMB29P) AppleWebKit/537.36 (KHTML, like Gecko) Chrome/88.0.4324.153 Mobile Safari/537.36 (compatible; Googlebot/2.1; +http://www.google.com/bot.html)"
13.66.139.137 - - [20/Feb/2021:17:54:56 +0100] "GET /-p-33415.html HTTP/1.0" 200 68690 "-" "Mozilla/5.0 (compatible; bingbot/2.0; +http://www.bing.com/bingbot.htm)"
185.191.171.24 - - [20/Feb/2021:17:55:11 +0100] "GET /mustache-small-cbkreation-p-16689.html HTTP/1.0" 200 71464 "-" "Mozilla/5.0 (compatible; SemrushBot/7~bl; +http://www.semrush.com/bot.html)"
13.66.139.88 - - [20/Feb/2021:17:55:16 +0100] "GET /-p-2370.html HTTP/1.0" 200 68688 "-" "Mozilla/5.0 (compatible; bingbot/2.0; +http://www.bing.com/bingbot.htm)"
185.191.171.23 - - [20/Feb/2021:17:55:21 +0100] "GET /marine-navigation-magnifier-feet-p-49609.html?action=add_product HTTP/1.0" 302 476 "-" "Mozilla/5.0 (compatible; SemrushBot/7~bl; +http://www.semrush.com/bot.html)"
13.66.139.137 - - [20/Feb/2021:17:55:26 +0100] "GET /images/6953270921336.jpg HTTP/1.0" 200 259 "-" "Mozilla/5.0 (compatible; bingbot/2.0; +http://www.bing.com/bingbot.htm)"
185.191.171.4 - - [20/Feb/2021:17:55:26 +0100] "GET /microfibre-base-cover-black-p-47978.html HTTP/1.0" 200 71500 "-" "Mozilla/5.0 (compatible; SemrushBot/7~bl; +http://www.semrush.com/bot.html)"
54.36.148.157 - - [20/Feb/2021:17:55:30 +0100] "GET /robocar-poli-puzzle-p-28002.html HTTP/1.0" 301 68757 "-" "Mozilla/5.0 (compatible; AhrefsBot/7.0; +http://ahrefs.com/robot/)"
185.191.171.3 - - [20/Feb/2021:17:55:31 +0100] "GET /adults-c-53.html?page=5 HTTP/1.0" 200 89907 "-" "Mozilla/5.0 (compatible; SemrushBot/7~bl; +http://www.semrush.com/bot.html)"
185.191.171.1 - - [20/Feb/2021:17:55:34 +0100] "GET /lotus-petal-atmospheric-light-pink-gold-trim-p-53735.html HTTP/1.0" 200 72280 "-" "Mozilla/5.0 (compatible; SemrushBot/7~bl; +http://www.semrush.com/bot.html)"
185.191.171.9 - - [20/Feb/2021:17:55:36 +0100] "GET /shirts-sweatshirts-c-53_54.html?page=2 HTTP/1.0" 200 91485 "-" "Mozilla/5.0 (compatible; SemrushBot/7~bl; +http://www.semrush.com/bot.html)"
13.66.139.137 - - [20/Feb/2021:17:55:36 +0100] "GET /-p-31444.html HTTP/1.0" 200 68690 "-" "Mozilla/5.0 (compatible; bingbot/2.0; +http://www.bing.com/bingbot.htm)"
13.66.139.88 - - [20/Feb/2021:17:55:57 +0100] "GET /decoration-thermometers-c-13_145.html HTTP/1.0" 200 88796 "-" "Mozilla/5.0 (compatible; bingbot/2.0; +http://www.bing.com/bingbot.htm)"
185.191.171.12 - - [20/Feb/2021:17:55:57 +0100] "GET /britto-elephant-statuette-limited-edition-p-50679.html HTTP/1.0" 200 71594 "-" "Mozilla/5.0 (compatible; SemrushBot/7~bl; +http://www.semrush.com/bot.html)"
13.66.139.88 - - [20/Feb/2021:17:56:05 +0100] "GET /images/b3438100351086.jpg HTTP/1.0" 200 260 "-" "Mozilla/5.0 (compatible; bingbot/2.0; +http://www.bing.com/bingbot.htm)"
216.244.66.242 - - [20/Feb/2021:17:56:17 +0100] "GET /robots.txt HTTP/1.0" 200 245 "-" "Mozilla/5.0 (compatible; DotBot/1.1; http://www.opensiteexplorer.org/dotbot, help@moz.com)"
185.191.171.7 - - [20/Feb/2021:17:56:31 +0100] "GET /elastic-loom-bands-p-26692.html?action=add_product HTTP/1.0" 302 476 "-" "Mozilla/5.0 (compatible; SemrushBot/7~bl; +http://www.semrush.com/bot.html)"
185.191.171.13 - - [20/Feb/2021:17:56:35 +0100] "GET /monaco-white-blue-large-shopping-p-38646.html HTTP/1.0" 200 71758 "-" "Mozilla/5.0 (compatible; SemrushBot/7~bl; +http://www.semrush.com/bot.html)"
13.66.139.73 - - [20/Feb/2021:17:56:42 +0100] "GET /images/big_prod/8436565220751.jpg HTTP/1.0" 200 268 "-" "Mozilla/5.0 (compatible; bingbot/2.0; +http://www.bing.com/bingbot.htm)"
13.66.139.73 - - [20/Feb/2021:17:56:43 +0100] "GET /nuova-fiat-500-red-shoulder-bag-p-23065.html HTTP/1.0" 301 72245 "-" "Mozilla/5.0 (compatible; bingbot/2.0; +http://www.bing.com/bingbot.htm)"
13.66.139.88 - - [20/Feb/2021:17:56:46 +0100] "GET /-p-30746.html HTTP/1.0" 200 68690 "-" "Mozilla/5.0 (compatible; bingbot/2.0; +http://www.bing.com/bingbot.htm)"
66.249.69.166 - - [20/Feb/2021:17:56:54 +0100] "GET /kori-kumi-cover-ipad-mini-p-30488.html HTTP/1.0" 200 71555 "-" "Mozilla/5.0 (Linux; Android 6.0.1; Nexus 5X Build/MMB29P) AppleWebKit/537.36 (KHTML, like Gecko) Chrome/88.0.4324.153 Mobile Safari/537.36 (compatible; Googlebot/2.1; +http://www.google.com/bot.html)"
185.191.171.33 - - [20/Feb/2021:17:56:57 +0100] "GET /golfer-statuette-p-53055.html HTTP/1.0" 200 71320 "-" "Mozilla/5.0 (compatible; SemrushBot/7~bl; +http://www.semrush.com/bot.html)"
185.191.171.40 - - [20/Feb/2021:17:57:17 +0100] "GET /planes-bedclothes-140-200-cm-p-30562.html HTTP/1.0" 301 71508 "-" "Mozilla/5.0 (compatible; SemrushBot/7~bl; +http://www.semrush.com/bot.html)"
185.191.171.23 - - [20/Feb/2021:17:57:19 +0100] "GET /planes-bedclothes-p-30562.html HTTP/1.0" 200 71424 "-" "Mozilla/5.0 (compatible; SemrushBot/7~bl; +http://www.semrush.com/bot.html)"
185.191.171.45 - - [20/Feb/2021:17:57:31 +0100] "GET /hello-kitty-camomilla-cosmetic-white-glitters-p-18441.html HTTP/1.0" 200 72068 "-" "Mozilla/5.0 (compatible; SemrushBot/7~bl; +http://www.semrush.com/bot.html)"
185.191.171.16 - - [20/Feb/2021:17:57:33 +0100] "GET /monster-high-p-18676.html HTTP/1.0" 200 71539 "-" "Mozilla/5.0 (compatible; SemrushBot/7~bl; +http://www.semrush.com/bot.html)"
13.66.139.88 - - [20/Feb/2021:17:57:36 +0100] "GET /images/800399062390918072012.jpg HTTP/1.0" 200 267 "-" "Mozilla/5.0 (compatible; bingbot/2.0; +http://www.bing.com/bingbot.htm)"
185.191.171.26 - - [20/Feb/2021:17:57:36 +0100] "GET /indoor-shiva-fountain-p-46688.html HTTP/1.0" 200 71499 "-" "Mozilla/5.0 (compatible; SemrushBot/7~bl; +http://www.semrush.com/bot.html)"
185.191.171.13 - - [20/Feb/2021:17:57:51 +0100] "GET /corsica-visa-vintage-poster-30-40-cm-p-44870.html HTTP/1.0" 301 68906 "-" "Mozilla/5.0 (compatible; SemrushBot/7~bl; +http://www.semrush.com/bot.html)"
185.191.171.11 - - [20/Feb/2021:17:57:53 +0100] "GET /corsica-visa-vintage-poster-p-44870.html HTTP/1.0" 200 68812 "-" "Mozilla/5.0 (compatible; SemrushBot/7~bl; +http://www.semrush.com/bot.html)"
13.66.139.88 - - [20/Feb/2021:17:57:59 +0100] "GET /images/8420406318578.jpg HTTP/1.0" 200 259 "-" "Mozilla/5.0 (compatible; bingbot/2.0; +http://www.bing.com/bingbot.htm)"
13.66.139.88 - - [20/Feb/2021:17:57:59 +0100] "GET /cccp-alarm-clock-by-cbkreation-p-25010.html HTTP/1.0" 301 71515 "-" "Mozilla/5.0 (compatible; bingbot/2.0; +http://www.bing.com/bingbot.htm)"
185.191.171.6 - - [20/Feb/2021:17:58:06 +0100] "GET /pink-star-money-p-47763.html?action=add_product HTTP/1.0" 302 476 "-" "Mozilla/5.0 (compatible; SemrushBot/7~bl; +http://www.semrush.com/bot.html)"
13.66.139.137 - - [20/Feb/2021:17:58:06 +0100] "GET /-p-14578.html HTTP/1.0" 200 68690 "-" "Mozilla/5.0 (compatible; bingbot/2.0; +http://www.bing.com/bingbot.htm)"
185.191.171.19 - - [20/Feb/2021:17:58:43 +0100] "GET /paradise-stickers-20-70-cm-p-39342.html HTTP/1.0" 301 71480 "-" "Mozilla/5.0 (compatible; SemrushBot/7~bl; +http://www.semrush.com/bot.html)"
185.191.171.40 - - [20/Feb/2021:17:58:45 +0100] "GET /paradise-stickers-p-39342.html HTTP/1.0" 200 71396 "-" "Mozilla/5.0 (compatible; SemrushBot/7~bl; +http://www.semrush.com/bot.html)"
185.191.171.38 - - [20/Feb/2021:17:58:48 +0100] "GET /vache-qui-rit-metal-tray-30-cm-p-49716.html HTTP/1.0" 301 71503 "-" "Mozilla/5.0 (compatible; SemrushBot/7~bl; +http://www.semrush.com/bot.html)"
185.191.171.20 - - [20/Feb/2021:17:58:50 +0100] "GET /vache-metal-tray-p-49716.html HTTP/1.0" 200 71420 "-" "Mozilla/5.0 (compatible; SemrushBot/7~bl; +http://www.semrush.com/bot.html)"
13.66.139.88 - - [20/Feb/2021:17:58:59 +0100] "GET /-p-25750.html HTTP/1.0" 200 68690 "-" "Mozilla/5.0 (compatible; bingbot/2.0; +http://www.bing.com/bingbot.htm)"
13.66.139.88 - - [20/Feb/2021:17:59:00 +0100] "GET /retro-wooden-motorcycle-frame-to-hang-latter-dude-p-46393.html HTTP/1.0" 301 71746 "-" "Mozilla/5.0 (compatible; bingbot/2.0; +http://www.bing.com/bingbot.htm)"
13.66.139.73 - - [20/Feb/2021:17:59:05 +0100] "GET /-p-5378.html HTTP/1.0" 200 68688 "-" "Mozilla/5.0 (compatible; bingbot/2.0; +http://www.bing.com/bingbot.htm)"
13.66.139.73 - - [20/Feb/2021:17:59:23 +0100] "GET /triskel-wooden-decoration-clip-p-46490.html HTTP/1.0" 200 68800 "-" "Mozilla/5.0 (compatible; bingbot/2.0; +http://www.bing.com/bingbot.htm)"
13.66.139.73 - - [20/Feb/2021:17:59:31 +0100] "GET /images/mini_prod/8904245402969.jpg HTTP/1.0" 200 269 "-" "Mozilla/5.0 (compatible; bingbot/2.0; +http://www.bing.com/bingbot.htm)"
13.66.139.73 - - [20/Feb/2021:17:59:31 +0100] "GET /allen-desings-cat-wine-little-tray-20-14-cm-p-44320.html HTTP/1.0" 301 71609 "-" "Mozilla/5.0 (compatible; bingbot/2.0; +http://www.bing.com/bingbot.htm)"
13.66.139.88 - - [20/Feb/2021:17:59:39 +0100] "GET /bob-marley-yellow-alarm-clock-p-14121.html HTTP/1.0" 301 71502 "-" "Mozilla/5.0 (compatible; bingbot/2.0; +http://www.bing.com/bingbot.htm)"
13.66.139.73 - - [20/Feb/2021:17:59:45 +0100] "GET /harley-davidson-small-metal-plate-p-33731.html HTTP/1.0" 200 71469 "-" "Mozilla/5.0 (compatible; bingbot/2.0; +http://www.bing.com/bingbot.htm)"
185.191.171.40 - - [20/Feb/2021:17:59:46 +0100] "GET /boho-coat-rack-wooden-supports-p-44784.html HTTP/1.0" 200 72062 "-" "Mozilla/5.0 (compatible; SemrushBot/7~bl; +http://www.semrush.com/bot.html)"
13.66.139.137 - - [20/Feb/2021:18:00:06 +0100] "GET /-p-1927.html HTTP/1.0" 200 68688 "-" "Mozilla/5.0 (compatible; bingbot/2.0; +http://www.bing.com/bingbot.htm)"
157.55.39.170 - - [20/Feb/2021:18:00:19 +0100] "GET /20-mary-mother-of-god-aromatika-incense-sticks-p-53454.html HTTP/1.0" 301 71598 "-" "Mozilla/5.0 (compatible; bingbot/2.0; +http://www.bing.com/bingbot.htm)"
13.66.139.88 - - [20/Feb/2021:18:00:23 +0100] "GET /paris-tree-decoration-hanging-p-31811.html HTTP/1.0" 301 68757 "-" "Mozilla/5.0 (compatible; bingbot/2.0; +http://www.bing.com/bingbot.htm)"
13.66.139.73 - - [20/Feb/2021:18:00:28 +0100] "GET /costaud-backpack-p-8297.html HTTP/1.0" 200 68748 "-" "Mozilla/5.0 (compatible; bingbot/2.0; +http://www.bing.com/bingbot.htm)"
185.191.171.26 - - [20/Feb/2021:18:00:36 +0100] "GET /rainbow-unicorn-pendulum-allen-designs-p-45144.html HTTP/1.0" 200 71537 "-" "Mozilla/5.0 (compatible; SemrushBot/7~bl; +http://www.semrush.com/bot.html)"
13.66.139.137 - - [20/Feb/2021:18:00:36 +0100] "GET /ethnic-style-burlap-table-p-48441.html HTTP/1.0" 200 71312 "-" "Mozilla/5.0 (compatible; bingbot/2.0; +http://www.bing.com/bingbot.htm)"
13.66.139.137 - - [20/Feb/2021:18:00:47 +0100] "GET /-p-38450.html HTTP/1.0" 200 68690 "-" "Mozilla/5.0 (compatible; bingbot/2.0; +http://www.bing.com/bingbot.htm)"
185.191.171.7 - - [20/Feb/2021:18:00:51 +0100] "GET /black-planisphere-wall-sticker-p-51614.html?action=add_product HTTP/1.0" 302 476 "-" "Mozilla/5.0 (compatible; SemrushBot/7~bl; +http://www.semrush.com/bot.html)"
13.66.139.137 - - [20/Feb/2021:18:01:07 +0100] "GET /images/big_prod/720322285434.jpg HTTP/1.0" 200 267 "-" "Mozilla/5.0 (compatible; bingbot/2.0; +http://www.bing.com/bingbot.htm)"
110.249.201.54 - - [20/Feb/2021:18:01:15 +0100] "GET /glass-jellyfish-paperweight-p-52788.html HTTP/1.0" 200 71385 "-" "Mozilla/5.0 (Linux; Android 5.0) AppleWebKit/537.36 (KHTML, like Gecko) Mobile Safari/537.36 (compatible; Bytespider; https://zhanzhang.toutiao.com/)"
110.249.201.50 - - [20/Feb/2021:18:01:16 +0100] "GET /swfobject.js HTTP/1.0" 404 1308 "http://www.wonder-geek.com/glass-jellyfish-paperweight-p-52788.html" "Mozilla/5.0 (Linux; Android 5.0) AppleWebKit/537.36 (KHTML, like Gecko) Mobile Safari/537.36 (compatible; Bytespider; https://zhanzhang.toutiao.com/)"
110.249.201.61 - - [20/Feb/2021:18:01:17 +0100] "GET /highslide/graphics/zoomout.cur HTTP/1.0" 200 614 "http://www.wonder-geek.com/glass-jellyfish-paperweight-p-52788.html" "Mozilla/5.0 (Linux; Android 5.0) AppleWebKit/537.36 (KHTML, like Gecko) Mobile Safari/537.36 (compatible; Bytespider; https://zhanzhang.toutiao.com/)"
110.249.201.42 - - [20/Feb/2021:18:01:17 +0100] "GET /images/big_prod/8433933101452.jpg HTTP/1.0" 200 268 "http://www.wonder-geek.com/glass-jellyfish-paperweight-p-52788.html" "Mozilla/5.0 (Linux; Android 5.0) AppleWebKit/537.36 (KHTML, like Gecko) Mobile Safari/537.36 (compatible; Bytespider; https://zhanzhang.toutiao.com/)"
13.66.139.137 - - [20/Feb/2021:18:01:36 +0100] "GET /coca-cola-red-round-pencil-case-p-12394.html HTTP/1.0" 301 71457 "-" "Mozilla/5.0 (compatible; bingbot/2.0; +http://www.bing.com/bingbot.htm)"
13.66.139.73 - - [20/Feb/2021:18:01:45 +0100] "GET /top-model-candy-and-talita-jewelry-box-p-34813.html HTTP/1.0" 301 68940 "-" "Mozilla/5.0 (compatible; bingbot/2.0; +http://www.bing.com/bingbot.htm)"
13.66.139.73 - - [20/Feb/2021:18:02:06 +0100] "GET /games-and-toys/soft-toys-security-blanket/nici-bear-soft-toy-articulated-p-7057.html HTTP/1.0" 301 679 "-" "Mozilla/5.0 (compatible; bingbot/2.0; +http://www.bing.com/bingbot.htm)"
13.66.139.88 - - [20/Feb/2021:18:02:20 +0100] "GET /london-keyring-p-22603.html HTTP/1.0" 200 71228 "-" "Mozilla/5.0 (compatible; bingbot/2.0; +http://www.bing.com/bingbot.htm)"
13.66.139.137 - - [20/Feb/2021:18:02:36 +0100] "GET /-p-16051.html HTTP/1.0" 200 68690 "-" "Mozilla/5.0 (compatible; bingbot/2.0; +http://www.bing.com/bingbot.htm)"
185.191.171.8 - - [20/Feb/2021:18:02:39 +0100] "GET /birth-jesus-triptych-p-53038.html HTTP/1.0" 200 72000 "-" "Mozilla/5.0 (compatible; SemrushBot/7~bl; +http://www.semrush.com/bot.html)"
13.66.139.88 - - [20/Feb/2021:18:02:42 +0100] "GET /avengers-marvel-lunch-box-and-bottle-p-35777.html HTTP/1.0" 301 68940 "-" "Mozilla/5.0 (compatible; bingbot/2.0; +http://www.bing.com/bingbot.htm)"
185.191.171.9 - - [20/Feb/2021:18:02:46 +0100] "GET /bratz-cap-scarf-and-glove-set-p-22129.html HTTP/1.0" 301 71634 "-" "Mozilla/5.0 (compatible; SemrushBot/7~bl; +http://www.semrush.com/bot.html)"
185.191.171.36 - - [20/Feb/2021:18:02:49 +0100] "GET /bratz-scarf-glove-p-22129.html HTTP/1.0" 200 71550 "-" "Mozilla/5.0 (compatible; SemrushBot/7~bl; +http://www.semrush.com/bot.html)"
185.191.171.36 - - [20/Feb/2021:18:02:52 +0100] "GET /bahamas-rectangulary-cushion-cbkreation-p-36721.html HTTP/1.0" 200 68842 "-" "Mozilla/5.0 (compatible; SemrushBot/7~bl; +http://www.semrush.com/bot.html)"
13.66.139.73 - - [20/Feb/2021:18:03:09 +0100] "GET /-p-22835.html HTTP/1.0" 200 68690 "-" "Mozilla/5.0 (compatible; bingbot/2.0; +http://www.bing.com/bingbot.htm)"
13.66.139.73 - - [20/Feb/2021:18:03:10 +0100] "GET /rhum-metal-plate-deco-p-51751.html HTTP/1.0" 200 71289 "-" "Mozilla/5.0 (compatible; bingbot/2.0; +http://www.bing.com/bingbot.htm)"
67.195.177.44 - - [20/Feb/2021:18:03:17 +0100] "GET /images/med_prod/8435306290558.jpg HTTP/1.0" 200 268 "https://images.search.yahoo.com/" "YahooCacheSystem; YahooWebServiceClient"
13.66.139.137 - - [20/Feb/2021:18:03:17 +0100] "GET /coca-cola-sugar-box-p-31660.html HTTP/1.0" 301 71488 "-" "Mozilla/5.0 (compatible; bingbot/2.0; +http://www.bing.com/bingbot.htm)"
13.66.139.137 - - [20/Feb/2021:18:03:18 +0100] "GET /kimmidoll-red-hobo-bag-satin-collection-p-13371.html HTTP/1.0" 301 71986 "-" "Mozilla/5.0 (compatible; bingbot/2.0; +http://www.bing.com/bingbot.htm)"
185.191.171.39 - - [20/Feb/2021:18:03:25 +0100] "GET /heart-home-bamboo-diffuser-p-52822.html?action=add_product HTTP/1.0" 302 476 "-" "Mozilla/5.0 (compatible; SemrushBot/7~bl; +http://www.semrush.com/bot.html)"
185.191.171.23 - - [20/Feb/2021:18:03:30 +0100] "GET /tetsubin-bleu-teapot-japanese-liter-p-40140.html?action=add_product HTTP/1.0" 302 476 "-" "Mozilla/5.0 (compatible; SemrushBot/7~bl; +http://www.semrush.com/bot.html)"
13.66.139.137 - - [20/Feb/2021:18:03:38 +0100] "GET /the-little-prince-tote-bag-p-51202.html HTTP/1.0" 301 68853 "-" "Mozilla/5.0 (compatible; bingbot/2.0; +http://www.bing.com/bingbot.htm)"
13.66.139.137 - - [20/Feb/2021:18:03:39 +0100] "GET /trudi-elephant-paul-soft-toy-28-cm-p-16214.html HTTP/1.0" 301 71333 "-" "Mozilla/5.0 (compatible; bingbot/2.0; +http://www.bing.com/bingbot.htm)"
107.172.210.123 - - [20/Feb/2021:18:03:53 +0100] "GET / HTTP/1.0" 200 93760 "-" "Mozilla/5.0 (compatible; Googlebot/2.1; +http://www.google.com/bot.html)"
185.191.171.21 - - [20/Feb/2021:18:03:54 +0100] "GET /solar-light-p-29288.html?action=add_product HTTP/1.0" 302 476 "-" "Mozilla/5.0 (compatible; SemrushBot/7~bl; +http://www.semrush.com/bot.html)"
13.66.139.137 - - [20/Feb/2021:18:04:17 +0100] "GET /princess-sofia-musical-jewelry-box-p-26782.html HTTP/1.0" 301 68757 "-" "Mozilla/5.0 (compatible; bingbot/2.0; +http://www.bing.com/bingbot.htm)"
13.66.139.137 - - [20/Feb/2021:18:04:18 +0100] "GET /plush-keeleco-eco-friendly-whale-p-51855.html HTTP/1.0" 301 72678 "-" "Mozilla/5.0 (compatible; bingbot/2.0; +http://www.bing.com/bingbot.htm)"
66.249.69.166 - - [20/Feb/2021:18:04:18 +0100] "GET /images/big_prod/8424346225071.jpg HTTP/1.0" 200 268 "-" "Googlebot-Image/1.0"
66.249.69.166 - - [20/Feb/2021:18:04:19 +0100] "GET /sixtine-plaid-p-51299.html HTTP/1.0" 200 71413 "-" "Mozilla/5.0 (Linux; Android 6.0.1; Nexus 5X Build/MMB29P) AppleWebKit/537.36 (KHTML, like Gecko) Chrome/88.0.4324.153 Mobile Safari/537.36 (compatible; Googlebot/2.1; +http://www.google.com/bot.html)"
66.249.69.162 - - [20/Feb/2021:18:04:24 +0100] "GET /gift-box-tea-infuser-mug-oriental-p-47154.html HTTP/1.0" 301 72560 "-" "Mozilla/5.0 (Linux; Android 6.0.1; Nexus 5X Build/MMB29P) AppleWebKit/537.36 (KHTML, like Gecko) Chrome/88.0.4324.153 Mobile Safari/537.36 (compatible; Googlebot/2.1; +http://www.google.com/bot.html)"
66.249.69.162 - - [20/Feb/2021:18:04:24 +0100] "GET /gift-infuser-oriental-p-47154.html HTTP/1.0" 200 72472 "-" "Mozilla/5.0 (Linux; Android 6.0.1; Nexus 5X Build/MMB29P) AppleWebKit/537.36 (KHTML, like Gecko) Chrome/88.0.4324.153 Mobile Safari/537.36 (compatible; Googlebot/2.1; +http://www.google.com/bot.html)"
13.66.139.137 - - [20/Feb/2021:18:04:27 +0100] "GET /images/big_prod/3612874117806.jpg HTTP/1.0" 200 268 "-" "Mozilla/5.0 (compatible; bingbot/2.0; +http://www.bing.com/bingbot.htm)"
13.66.139.137 - - [20/Feb/2021:18:04:28 +0100] "GET /dogs-white-mug-p-49735.html HTTP/1.0" 301 71288 "-" "Mozilla/5.0 (compatible; bingbot/2.0; +http://www.bing.com/bingbot.htm)"
185.191.171.21 - - [20/Feb/2021:18:04:32 +0100] "GET /mona-flower-pot-p-51554.html HTTP/1.0" 301 71988 "-" "Mozilla/5.0 (compatible; SemrushBot/7~bl; +http://www.semrush.com/bot.html)"
185.191.171.24 - - [20/Feb/2021:18:04:34 +0100] "GET /mona-flower-p-51554.html HTTP/1.0" 200 71910 "-" "Mozilla/5.0 (compatible; SemrushBot/7~bl; +http://www.semrush.com/bot.html)"
13.66.139.88 - - [20/Feb/2021:18:04:41 +0100] "GET /large-pendulum-to-hang-chef-le-normand-p-53210.html HTTP/1.0" 301 71663 "-" "Mozilla/5.0 (compatible; bingbot/2.0; +http://www.bing.com/bingbot.htm)"
185.191.171.12 - - [20/Feb/2021:18:04:43 +0100] "GET /flower-terracotta-p-52701.html HTTP/1.0" 200 71416 "-" "Mozilla/5.0 (compatible; SemrushBot/7~bl; +http://www.semrush.com/bot.html)"
185.191.171.37 - - [20/Feb/2021:18:04:47 +0100] "GET /hello-kitty-camomilla-pink-sequins-large-handbag-p-8392.html?action=add_product HTTP/1.0" 302 476 "-" "Mozilla/5.0 (compatible; SemrushBot/7~bl; +http://www.semrush.com/bot.html)"
51.68.224.127 - - [20/Feb/2021:18:04:52 +0100] "GET /adminweb/export_orders_xml.php?token=256de2z6edz6ed2z6DFSFsed2zed6zeDSFDSGdzedezfzf&maxorders=10&orderstart=1&status=14&start_date=2018-10-01 HTTP/1.0" 200 285 "-" "GesCom CharlotteBoutik Serveur"
51.68.224.127 - - [20/Feb/2021:18:04:52 +0100] "GET /adminweb/export_orders_xml.php?token=256de2z6edz6ed2z6DFSFsed2zed6zeDSFDSGdzedezfzf&maxorders=10&orderstart=1&status=6&start_date=2018-10-01 HTTP/1.0" 200 29990 "-" "GesCom CharlotteBoutik Serveur"
185.191.171.12 - - [20/Feb/2021:18:05:02 +0100] "GET /wunzees-doll-series-lilly-ladybug-p-45112.html?action=add_product HTTP/1.0" 302 476 "-" "Mozilla/5.0 (compatible; SemrushBot/7~bl; +http://www.semrush.com/bot.html)"
13.66.139.73 - - [20/Feb/2021:18:05:06 +0100] "GET /paris-high-ceramic-mug-p-29690.html HTTP/1.0" 301 71365 "-" "Mozilla/5.0 (compatible; bingbot/2.0; +http://www.bing.com/bingbot.htm)"
13.66.139.88 - - [20/Feb/2021:18:05:10 +0100] "GET /-p-23051.html HTTP/1.0" 200 68690 "-" "Mozilla/5.0 (compatible; bingbot/2.0; +http://www.bing.com/bingbot.htm)"
185.191.171.35 - - [20/Feb/2021:18:05:33 +0100] "GET /coffee-box-retro-metal-wood-pattern-p-38826.html HTTP/1.0" 301 68757 "-" "Mozilla/5.0 (compatible; SemrushBot/7~bl; +http://www.semrush.com/bot.html)"
185.191.171.1 - - [20/Feb/2021:18:05:40 +0100] "GET /small-baby-teeth-pink-unicorn-p-43013.html HTTP/1.0" 200 71553 "-" "Mozilla/5.0 (compatible; SemrushBot/7~bl; +http://www.semrush.com/bot.html)"
13.66.139.137 - - [20/Feb/2021:18:05:47 +0100] "GET /images/big_prod_3/d5018997612996.jpg HTTP/1.0" 200 271 "-" "Mozilla/5.0 (compatible; bingbot/2.0; +http://www.bing.com/bingbot.htm)"
185.191.171.37 - - [20/Feb/2021:18:06:01 +0100] "GET /jasmin-make-pouch-racing-p-43463.html HTTP/1.0" 200 71578 "-" "Mozilla/5.0 (compatible; SemrushBot/7~bl; +http://www.semrush.com/bot.html)"
13.66.139.73 - - [20/Feb/2021:18:06:04 +0100] "GET /-p-3359.html HTTP/1.0" 200 68688 "-" "Mozilla/5.0 (compatible; bingbot/2.0; +http://www.bing.com/bingbot.htm)"
13.66.139.88 - - [20/Feb/2021:18:06:10 +0100] "GET /filling-station-wodden-frame-148-cm-342-cm-p-39970.html HTTP/1.0" 301 71623 "-" "Mozilla/5.0 (compatible; bingbot/2.0; +http://www.bing.com/bingbot.htm)"
13.66.139.88 - - [20/Feb/2021:18:06:20 +0100] "GET /retro-sugar-bowl-p-39539.html HTTP/1.0" 200 68744 "-" "Mozilla/5.0 (compatible; bingbot/2.0; +http://www.bing.com/bingbot.htm)"
66.249.69.164 - - [20/Feb/2021:18:06:22 +0100] "GET /lola-shower-towel-white-p-41784.html HTTP/1.0" 200 72243 "-" "Mozilla/5.0 (Linux; Android 6.0.1; Nexus 5X Build/MMB29P) AppleWebKit/537.36 (KHTML, like Gecko) Chrome/88.0.4324.153 Mobile Safari/537.36 (compatible; Googlebot/2.1; +http://www.google.com/bot.html)"
185.191.171.33 - - [20/Feb/2021:18:06:23 +0100] "GET /poster-p-30862.html HTTP/1.0" 200 71207 "-" "Mozilla/5.0 (compatible; SemrushBot/7~bl; +http://www.semrush.com/bot.html)"
13.66.139.73 - - [20/Feb/2021:18:06:24 +0100] "GET /betty-boop-leg-up-figure-p-476.html HTTP/1.0" 301 68865 "-" "Mozilla/5.0 (compatible; bingbot/2.0; +http://www.bing.com/bingbot.htm)"
13.66.139.73 - - [20/Feb/2021:18:06:25 +0100] "GET /fiat-500-black-protective-case-for-iphone-p-13027.html HTTP/1.0" 301 71762 "-" "Mozilla/5.0 (compatible; bingbot/2.0; +http://www.bing.com/bingbot.htm)"
13.66.139.137 - - [20/Feb/2021:18:06:57 +0100] "GET /disney-princess-kids-school-bag-p-14535.html HTTP/1.0" 301 71801 "-" "Mozilla/5.0 (compatible; bingbot/2.0; +http://www.bing.com/bingbot.htm)"
13.66.139.88 - - [20/Feb/2021:18:07:19 +0100] "GET /images/med_prod/1384010181447.jpg HTTP/1.0" 200 268 "-" "Mozilla/5.0 (compatible; bingbot/2.0; +http://www.bing.com/bingbot.htm)"
13.66.139.137 - - [20/Feb/2021:18:07:27 +0100] "GET /images/med_prod/5414451398688.jpg HTTP/1.0" 200 268 "-" "Mozilla/5.0 (compatible; bingbot/2.0; +http://www.bing.com/bingbot.htm)"
13.66.139.73 - - [20/Feb/2021:18:07:35 +0100] "GET /plush-keeleco-eco-friendly-chimpanzee-p-51818.html HTTP/1.0" 301 72718 "-" "Mozilla/5.0 (compatible; bingbot/2.0; +http://www.bing.com/bingbot.htm)"
216.244.66.242 - - [20/Feb/2021:18:07:39 +0100] "GET /aladdin-figure-p-2854.html HTTP/1.0" 200 68749 "-" "Mozilla/5.0 (compatible; DotBot/1.1; http://www.opensiteexplorer.org/dotbot, help@moz.com)"
13.66.139.88 - - [20/Feb/2021:18:07:40 +0100] "GET /doh-vinci-photo-tour-p-27709.html HTTP/1.0" 301 71875 "-" "Mozilla/5.0 (compatible; bingbot/2.0; +http://www.bing.com/bingbot.htm)"
216.244.66.242 - - [20/Feb/2021:18:07:46 +0100] "GET /goofy-goof-figure-p-2860.html HTTP/1.0" 200 68764 "-" "Mozilla/5.0 (compatible; DotBot/1.1; http://www.opensiteexplorer.org/dotbot, help@moz.com)"
216.244.66.242 - - [20/Feb/2021:18:07:52 +0100] "GET /moroccan-ashtray-p-40816.html HTTP/1.0" 200 71298 "-" "Mozilla/5.0 (compatible; DotBot/1.1; http://www.opensiteexplorer.org/dotbot, help@moz.com)"
216.244.66.242 - - [20/Feb/2021:18:07:59 +0100] "GET /psg-sugar-box-p-27120.html HTTP/1.0" 301 68802 "-" "Mozilla/5.0 (compatible; DotBot/1.1; http://www.opensiteexplorer.org/dotbot, help@moz.com)"
89.80.96.148 - - [20/Feb/2021:18:08:04 +0100] "GET /large-tassen-porcelain-hopeful-bowl-made-in-germany-p-52576.html HTTP/1.0" 301 72568 "https://www.google.fr/" "Mozilla/5.0 (iPhone; CPU iPhone OS 14_4 like Mac OS X) AppleWebKit/605.1.15 (KHTML, like Gecko) Version/14.0.3 Mobile/15E148 Safari/604.1"
89.80.96.148 - - [20/Feb/2021:18:08:04 +0100] "GET /large-tassen-porcelain-hopeful-bowl-made-germany-p-52576.html HTTP/1.0" 200 72453 "-" "Mozilla/5.0 (iPhone; CPU iPhone OS 14_4 like Mac OS X) AppleWebKit/605.1.15 (KHTML, like Gecko) Version/14.0.3 Mobile/15E148 Safari/604.1"
89.80.96.148 - - [20/Feb/2021:18:08:05 +0100] "GET /templates/Pixame_v1/stylesheet.css HTTP/1.0" 200 267 "http://www.wonder-geek.com/large-tassen-porcelain-hopeful-bowl-made-germany-p-52576.html" "Mozilla/5.0 (iPhone; CPU iPhone OS 14_4 like Mac OS X) AppleWebKit/605.1.15 (KHTML, like Gecko) Version/14.0.3 Mobile/15E148 Safari/604.1"
89.80.96.148 - - [20/Feb/2021:18:08:05 +0100] "GET /js/jquery.js HTTP/1.0" 200 252 "http://www.wonder-geek.com/large-tassen-porcelain-hopeful-bowl-made-germany-p-52576.html" "Mozilla/5.0 (iPhone; CPU iPhone OS 14_4 like Mac OS X) AppleWebKit/605.1.15 (KHTML, like Gecko) Version/14.0.3 Mobile/15E148 Safari/604.1"
89.80.96.148 - - [20/Feb/2021:18:08:05 +0100] "GET /js/jquery.jqzoom.js HTTP/1.0" 200 259 "http://www.wonder-geek.com/large-tassen-porcelain-hopeful-bowl-made-germany-p-52576.html" "Mozilla/5.0 (iPhone; CPU iPhone OS 14_4 like Mac OS X) AppleWebKit/605.1.15 (KHTML, like Gecko) Version/14.0.3 Mobile/15E148 Safari/604.1"
89.80.96.148 - - [20/Feb/2021:18:08:05 +0100] "GET /highslide/highslide.js HTTP/1.0" 200 262 "http://www.wonder-geek.com/large-tassen-porcelain-hopeful-bowl-made-germany-p-52576.html" "Mozilla/5.0 (iPhone; CPU iPhone OS 14_4 like Mac OS X) AppleWebKit/605.1.15 (KHTML, like Gecko) Version/14.0.3 Mobile/15E148 Safari/604.1"
89.80.96.148 - - [20/Feb/2021:18:08:05 +0100] "GET /mondial_relay/js/jquery-1.3.2.min.js HTTP/1.0" 200 276 "http://www.wonder-geek.com/large-tassen-porcelain-hopeful-bowl-made-germany-p-52576.html" "Mozilla/5.0 (iPhone; CPU iPhone OS 14_4 like Mac OS X) AppleWebKit/605.1.15 (KHTML, like Gecko) Version/14.0.3 Mobile/15E148 Safari/604.1"
89.80.96.148 - - [20/Feb/2021:18:08:05 +0100] "GET /swfobject.js HTTP/1.0" 404 1308 "http://www.wonder-geek.com/large-tassen-porcelain-hopeful-bowl-made-germany-p-52576.html" "Mozilla/5.0 (iPhone; CPU iPhone OS 14_4 like Mac OS X) AppleWebKit/605.1.15 (KHTML, like Gecko) Version/14.0.3 Mobile/15E148 Safari/604.1"
89.80.96.148 - - [20/Feb/2021:18:08:05 +0100] "GET /templates/Pixame_v1/images/icon_accueil2.png HTTP/1.0" 200 278 "http://www.wonder-geek.com/large-tassen-porcelain-hopeful-bowl-made-germany-p-52576.html" "Mozilla/5.0 (iPhone; CPU iPhone OS 14_4 like Mac OS X) AppleWebKit/605.1.15 (KHTML, like Gecko) Version/14.0.3 Mobile/15E148 Safari/604.1"
89.80.96.148 - - [20/Feb/2021:18:08:05 +0100] "GET /templates/Pixame_v1/images/infobox/pixel_trans.gif HTTP/1.0" 200 328 "http://www.wonder-geek.com/large-tassen-porcelain-hopeful-bowl-made-germany-p-52576.html" "Mozilla/5.0 (iPhone; CPU iPhone OS 14_4 like Mac OS X) AppleWebKit/605.1.15 (KHTML, like Gecko) Version/14.0.3 Mobile/15E148 Safari/604.1"
89.80.96.148 - - [20/Feb/2021:18:08:05 +0100] "GET /images/pixel_trans.gif HTTP/1.0" 200 328 "http://www.wonder-geek.com/large-tassen-porcelain-hopeful-bowl-made-germany-p-52576.html" "Mozilla/5.0 (iPhone; CPU iPhone OS 14_4 like Mac OS X) AppleWebKit/605.1.15 (KHTML, like Gecko) Version/14.0.3 Mobile/15E148 Safari/604.1"
89.80.96.148 - - [20/Feb/2021:18:08:05 +0100] "GET /templates/Pixame_v1/images/pixel_trans.gif HTTP/1.0" 200 328 "http://www.wonder-geek.com/large-tassen-porcelain-hopeful-bowl-made-germany-p-52576.html" "Mozilla/5.0 (iPhone; CPU iPhone OS 14_4 like Mac OS X) AppleWebKit/605.1.15 (KHTML, like Gecko) Version/14.0.3 Mobile/15E148 Safari/604.1"
89.80.96.148 - - [20/Feb/2021:18:08:05 +0100] "GET /images/big_prod_1/4250255859472a.jpg HTTP/1.0" 200 271 "http://www.wonder-geek.com/large-tassen-porcelain-hopeful-bowl-made-germany-p-52576.html" "Mozilla/5.0 (iPhone; CPU iPhone OS 14_4 like Mac OS X) AppleWebKit/605.1.15 (KHTML, like Gecko) Version/14.0.3 Mobile/15E148 Safari/604.1"
89.80.96.148 - - [20/Feb/2021:18:08:05 +0100] "GET /images/big_prod/4250255859472.jpg HTTP/1.0" 200 268 "http://www.wonder-geek.com/large-tassen-porcelain-hopeful-bowl-made-germany-p-52576.html" "Mozilla/5.0 (iPhone; CPU iPhone OS 14_4 like Mac OS X) AppleWebKit/605.1.15 (KHTML, like Gecko) Version/14.0.3 Mobile/15E148 Safari/604.1"
89.80.96.148 - - [20/Feb/2021:18:08:05 +0100] "GET /images/big_prod_2/4250255859472b.jpg HTTP/1.0" 200 271 "http://www.wonder-geek.com/large-tassen-porcelain-hopeful-bowl-made-germany-p-52576.html" "Mozilla/5.0 (iPhone; CPU iPhone OS 14_4 like Mac OS X) AppleWebKit/605.1.15 (KHTML, like Gecko) Version/14.0.3 Mobile/15E148 Safari/604.1"
89.80.96.148 - - [20/Feb/2021:18:08:05 +0100] "GET /templates/Pixame_v1/images/buttons/english/button_in_cart.gif HTTP/1.0" 200 295 "http://www.wonder-geek.com/large-tassen-porcelain-hopeful-bowl-made-germany-p-52576.html" "Mozilla/5.0 (iPhone; CPU iPhone OS 14_4 like Mac OS X) AppleWebKit/605.1.15 (KHTML, like Gecko) Version/14.0.3 Mobile/15E148 Safari/604.1"
89.80.96.148 - - [20/Feb/2021:18:08:05 +0100] "GET /templates/Pixame_v1/images/Bottom_texture.jpg HTTP/1.0" 200 280 "http://www.wonder-geek.com/large-tassen-porcelain-hopeful-bowl-made-germany-p-52576.html" "Mozilla/5.0 (iPhone; CPU iPhone OS 14_4 like Mac OS X) AppleWebKit/605.1.15 (KHTML, like Gecko) Version/14.0.3 Mobile/15E148 Safari/604.1"
89.80.96.148 - - [20/Feb/2021:18:08:05 +0100] "GET /templates/Pixame_v1/images/nav.png HTTP/1.0" 200 268 "http://www.wonder-geek.com/large-tassen-porcelain-hopeful-bowl-made-germany-p-52576.html" "Mozilla/5.0 (iPhone; CPU iPhone OS 14_4 like Mac OS X) AppleWebKit/605.1.15 (KHTML, like Gecko) Version/14.0.3 Mobile/15E148 Safari/604.1"
89.80.96.148 - - [20/Feb/2021:18:08:05 +0100] "GET /templates/Pixame_v1/images/Middle_texture.jpg HTTP/1.0" 200 280 "http://www.wonder-geek.com/large-tassen-porcelain-hopeful-bowl-made-germany-p-52576.html" "Mozilla/5.0 (iPhone; CPU iPhone OS 14_4 like Mac OS X) AppleWebKit/605.1.15 (KHTML, like Gecko) Version/14.0.3 Mobile/15E148 Safari/604.1"
89.80.96.148 - - [20/Feb/2021:18:08:05 +0100] "GET /templates/Pixame_v1/images/header.png HTTP/1.0" 200 271 "http://www.wonder-geek.com/large-tassen-porcelain-hopeful-bowl-made-germany-p-52576.html" "Mozilla/5.0 (iPhone; CPU iPhone OS 14_4 like Mac OS X) AppleWebKit/605.1.15 (KHTML, like Gecko) Version/14.0.3 Mobile/15E148 Safari/604.1"
89.80.96.148 - - [20/Feb/2021:18:08:05 +0100] "GET /templates/Pixame_v1/images/header-object.png HTTP/1.0" 200 278 "http://www.wonder-geek.com/large-tassen-porcelain-hopeful-bowl-made-germany-p-52576.html" "Mozilla/5.0 (iPhone; CPU iPhone OS 14_4 like Mac OS X) AppleWebKit/605.1.15 (KHTML, like Gecko) Version/14.0.3 Mobile/15E148 Safari/604.1"
89.80.96.148 - - [20/Feb/2021:18:08:05 +0100] "GET /design/productsenstock.png HTTP/1.0" 200 260 "http://www.wonder-geek.com/large-tassen-porcelain-hopeful-bowl-made-germany-p-52576.html" "Mozilla/5.0 (iPhone; CPU iPhone OS 14_4 like Mac OS X) AppleWebKit/605.1.15 (KHTML, like Gecko) Version/14.0.3 Mobile/15E148 Safari/604.1"
89.80.96.148 - - [20/Feb/2021:18:08:05 +0100] "GET /templates/Pixame_v1/images/infobox/infobox_footer_middle.gif HTTP/1.0" 200 357 "http://www.wonder-geek.com/large-tassen-porcelain-hopeful-bowl-made-germany-p-52576.html" "Mozilla/5.0 (iPhone; CPU iPhone OS 14_4 like Mac OS X) AppleWebKit/605.1.15 (KHTML, like Gecko) Version/14.0.3 Mobile/15E148 Safari/604.1"
89.80.96.148 - - [20/Feb/2021:18:08:05 +0100] "GET /highslide/graphics/zoomin.cur HTTP/1.0" 200 614 "http://www.wonder-geek.com/large-tassen-porcelain-hopeful-bowl-made-germany-p-52576.html" "Mozilla/5.0 (iPhone; CPU iPhone OS 14_4 like Mac OS X) AppleWebKit/605.1.15 (KHTML, like Gecko) Version/14.0.3 Mobile/15E148 Safari/604.1"
89.80.96.148 - - [20/Feb/2021:18:08:05 +0100] "GET /highslide/graphics/outlines/drop-shadow.png HTTP/1.0" 200 277 "http://www.wonder-geek.com/large-tassen-porcelain-hopeful-bowl-made-germany-p-52576.html" "Mozilla/5.0 (iPhone; CPU iPhone OS 14_4 like Mac OS X) AppleWebKit/605.1.15 (KHTML, like Gecko) Version/14.0.3 Mobile/15E148 Safari/604.1"
89.80.96.148 - - [20/Feb/2021:18:08:05 +0100] "GET /highslide/graphics/zoomout.cur HTTP/1.0" 200 614 "http://www.wonder-geek.com/large-tassen-porcelain-hopeful-bowl-made-germany-p-52576.html" "Mozilla/5.0 (iPhone; CPU iPhone OS 14_4 like Mac OS X) AppleWebKit/605.1.15 (KHTML, like Gecko) Version/14.0.3 Mobile/15E148 Safari/604.1"
89.80.96.148 - - [20/Feb/2021:18:08:05 +0100] "GET /highslide/graphics/loader.white.gif HTTP/1.0" 200 960 "http://www.wonder-geek.com/large-tassen-porcelain-hopeful-bowl-made-germany-p-52576.html" "Mozilla/5.0 (iPhone; CPU iPhone OS 14_4 like Mac OS X) AppleWebKit/605.1.15 (KHTML, like Gecko) Version/14.0.3 Mobile/15E148 Safari/604.1"
89.80.96.148 - - [20/Feb/2021:18:08:05 +0100] "GET /favicon.ico HTTP/1.0" 200 260 "http://www.wonder-geek.com/large-tassen-porcelain-hopeful-bowl-made-germany-p-52576.html" "Mozilla/5.0 (iPhone; CPU iPhone OS 14_4 like Mac OS X) AppleWebKit/605.1.15 (KHTML, like Gecko) Version/14.0.3 Mobile/15E148 Safari/604.1"
216.244.66.242 - - [20/Feb/2021:18:08:09 +0100] "GET /spiderman-placemat-p-31699.html HTTP/1.0" 200 68771 "-" "Mozilla/5.0 (compatible; DotBot/1.1; http://www.opensiteexplorer.org/dotbot, help@moz.com)"
185.191.171.19 - - [20/Feb/2021:18:08:15 +0100] "GET /paris-adore-mini-mug-p-44935.html HTTP/1.0" 301 71385 "-" "Mozilla/5.0 (compatible; SemrushBot/7~bl; +http://www.semrush.com/bot.html)"
54.236.1.13 - - [20/Feb/2021:18:08:16 +0100] "GET / HTTP/1.0" 301 511 "-" "Mozilla/5.0 (compatible; Pinterestbot/1.0; +http://www.pinterest.com/bot.html)"
54.236.1.13 - - [20/Feb/2021:18:08:16 +0100] "GET /images/1399984234846.jpg HTTP/1.0" 200 259 "-" "Mozilla/5.0 (compatible; Pinterestbot/1.0; +http://www.pinterest.com/bot.html)"
54.236.1.13 - - [20/Feb/2021:18:08:17 +0100] "GET / HTTP/1.0" 200 93793 "-" "Mozilla/5.0 (compatible; Pinterestbot/1.0; +http://www.pinterest.com/bot.html)"
216.244.66.242 - - [20/Feb/2021:18:08:17 +0100] "GET /cars-table-and-stool-p-32606.html HTTP/1.0" 301 68856 "-" "Mozilla/5.0 (compatible; DotBot/1.1; http://www.opensiteexplorer.org/dotbot, help@moz.com)"
13.66.139.137 - - [20/Feb/2021:18:08:18 +0100] "GET /littlest-petshop-pop-up-p-1192.html HTTP/1.0" 301 71679 "-" "Mozilla/5.0 (compatible; bingbot/2.0; +http://www.bing.com/bingbot.htm)"
185.191.171.4 - - [20/Feb/2021:18:08:20 +0100] "GET /dessert-dish-glass-with-anti-slip-feet-p-50995.html HTTP/1.0" 301 68757 "-" "Mozilla/5.0 (compatible; SemrushBot/7~bl; +http://www.semrush.com/bot.html)"
185.191.171.36 - - [20/Feb/2021:18:08:22 +0100] "GET /-p-50995.html HTTP/1.0" 200 68690 "-" "Mozilla/5.0 (compatible; SemrushBot/7~bl; +http://www.semrush.com/bot.html)"
185.191.171.15 - - [20/Feb/2021:18:08:26 +0100] "GET /snowman-decoration-p-41953.html HTTP/1.0" 200 71449 "-" "Mozilla/5.0 (compatible; SemrushBot/7~bl; +http://www.semrush.com/bot.html)"
216.244.66.242 - - [20/Feb/2021:18:08:27 +0100] "GET /cats-in-love-potholder-p-37464.html HTTP/1.0" 301 68871 "-" "Mozilla/5.0 (compatible; DotBot/1.1; http://www.opensiteexplorer.org/dotbot, help@moz.com)"
185.191.171.20 - - [20/Feb/2021:18:08:29 +0100] "GET /small-cool-lunch-little-prince-p-51682.html?action=add_product HTTP/1.0" 302 476 "-" "Mozilla/5.0 (compatible; SemrushBot/7~bl; +http://www.semrush.com/bot.html)"
216.244.66.242 - - [20/Feb/2021:18:08:38 +0100] "GET /food-storage-dog-white-22-cm-p-31693.html HTTP/1.0" 301 68886 "-" "Mozilla/5.0 (compatible; DotBot/1.1; http://www.opensiteexplorer.org/dotbot, help@moz.com)"
216.244.66.242 - - [20/Feb/2021:18:08:46 +0100] "GET /grey-origami-cat-statue-30-cm-p-36449.html HTTP/1.0" 301 68862 "-" "Mozilla/5.0 (compatible; DotBot/1.1; http://www.opensiteexplorer.org/dotbot, help@moz.com)"
216.244.66.242 - - [20/Feb/2021:18:08:53 +0100] "GET /jar-candle-30-hours-lavender-and-sage-p-33046.html HTTP/1.0" 301 68903 "-" "Mozilla/5.0 (compatible; DotBot/1.1; http://www.opensiteexplorer.org/dotbot, help@moz.com)"
185.191.171.1 - - [20/Feb/2021:18:08:56 +0100] "GET /set-of-lady-cover-key-p-24674.html HTTP/1.0" 301 71157 "-" "Mozilla/5.0 (compatible; SemrushBot/7~bl; +http://www.semrush.com/bot.html)"
185.191.171.26 - - [20/Feb/2021:18:08:58 +0100] "GET /lady-cover-p-24674.html HTTP/1.0" 200 71080 "-" "Mozilla/5.0 (compatible; SemrushBot/7~bl; +http://www.semrush.com/bot.html)"
216.244.66.242 - - [20/Feb/2021:18:08:59 +0100] "GET /owl-silver-statue-125-cm-p-35373.html HTTP/1.0" 301 68836 "-" "Mozilla/5.0 (compatible; DotBot/1.1; http://www.opensiteexplorer.org/dotbot, help@moz.com)"
185.191.171.35 - - [20/Feb/2021:18:09:00 +0100] "GET /fiers-etre-marseillais-sweatsuit-p-29989.html?action=add_product HTTP/1.0" 302 476 "-" "Mozilla/5.0 (compatible; SemrushBot/7~bl; +http://www.semrush.com/bot.html)"
216.244.66.242 - - [20/Feb/2021:18:09:04 +0100] "GET /skeleton-and-roses-black-shirt-p-30126.html HTTP/1.0" 301 68922 "-" "Mozilla/5.0 (compatible; DotBot/1.1; http://www.opensiteexplorer.org/dotbot, help@moz.com)"
216.244.66.242 - - [20/Feb/2021:18:09:09 +0100] "GET /solar-powered-dancing-skeleton-p-28889.html HTTP/1.0" 200 68796 "-" "Mozilla/5.0 (compatible; DotBot/1.1; http://www.opensiteexplorer.org/dotbot, help@moz.com)"
216.244.66.242 - - [20/Feb/2021:18:09:13 +0100] "GET /theme-cats-tea-cup-tisaniere-p-45728.html HTTP/1.0" 301 68940 "-" "Mozilla/5.0 (compatible; DotBot/1.1; http://www.opensiteexplorer.org/dotbot, help@moz.com)"
216.244.66.242 - - [20/Feb/2021:18:09:18 +0100] "GET /bamboo-rain-stick-91-cm-red-and-green-pattern-p-41878.html HTTP/1.0" 301 68982 "-" "Mozilla/5.0 (compatible; DotBot/1.1; http://www.opensiteexplorer.org/dotbot, help@moz.com)"
216.244.66.242 - - [20/Feb/2021:18:09:22 +0100] "GET /fuel-pump-metal-decoration-old-shape-red-p-39982.html HTTP/1.0" 301 68970 "-" "Mozilla/5.0 (compatible; DotBot/1.1; http://www.opensiteexplorer.org/dotbot, help@moz.com)"
40.114.40.98 - - [20/Feb/2021:18:09:24 +0100] "GET /images/med_prod/4029811281688.jpg HTTP/1.0" 200 268 "-" "Mozilla/5.0 (X11; Linux i686) AppleWebKit/537.17 (KHTML, like Gecko) Chrome/24.0.1312.27 Safari/537.17"
216.244.66.242 - - [20/Feb/2021:18:09:27 +0100] "GET /laissez-lucie-faire-large-zip-wallet-onyx-p-42658.html HTTP/1.0" 301 68967 "-" "Mozilla/5.0 (compatible; DotBot/1.1; http://www.opensiteexplorer.org/dotbot, help@moz.com)"
216.244.66.242 - - [20/Feb/2021:18:09:31 +0100] "GET /topmodel-gel-ink-pens-gold-silver-and-bronze-p-32788.html HTTP/1.0" 301 68988 "-" "Mozilla/5.0 (compatible; DotBot/1.1; http://www.opensiteexplorer.org/dotbot, help@moz.com)"
216.244.66.242 - - [20/Feb/2021:18:09:36 +0100] "GET /verity-rose-destiny-magnetic-photo-frame-p-29146.html HTTP/1.0" 200 68881 "-" "Mozilla/5.0 (compatible; DotBot/1.1; http://www.opensiteexplorer.org/dotbot, help@moz.com)"
13.66.139.137 - - [20/Feb/2021:18:09:38 +0100] "GET /paris-tour-eiffel-small-metal-plate-postcard-p-15296.html HTTP/1.0" 200 68856 "-" "Mozilla/5.0 (compatible; bingbot/2.0; +http://www.bing.com/bingbot.htm)"
13.66.139.137 - - [20/Feb/2021:18:09:39 +0100] "GET /provence-soap-box-marseille-soap-10-65-35-cm-p-39421.html HTTP/1.0" 301 68757 "-" "Mozilla/5.0 (compatible; bingbot/2.0; +http://www.bing.com/bingbot.htm)"
216.244.66.242 - - [20/Feb/2021:18:09:41 +0100] "GET /winnie-the-pooh-disney-birthday-3d-card-with-envelope-p-34440.html HTTP/1.0" 301 69045 "-" "Mozilla/5.0 (compatible; DotBot/1.1; http://www.opensiteexplorer.org/dotbot, help@moz.com)"
13.66.139.88 - - [20/Feb/2021:18:09:42 +0100] "GET /-p-24208.html HTTP/1.0" 200 68690 "-" "Mozilla/5.0 (compatible; bingbot/2.0; +http://www.bing.com/bingbot.htm)"
216.244.66.242 - - [20/Feb/2021:18:09:44 +0100] "GET /lilac-kitchen-towel-50-70-cm-p-44422.html HTTP/1.0" 301 71429 "-" "Mozilla/5.0 (compatible; DotBot/1.1; http://www.opensiteexplorer.org/dotbot, help@moz.com)"
185.191.171.24 - - [20/Feb/2021:18:10:34 +0100] "GET /chair-cushion-scratchs-powder-gray-p-43505.html HTTP/1.0" 200 71476 "-" "Mozilla/5.0 (compatible; SemrushBot/7~bl; +http://www.semrush.com/bot.html)"
185.191.171.16 - - [20/Feb/2021:18:10:37 +0100] "GET /salt-pepper-melanie-p-47916.html HTTP/1.0" 200 71342 "-" "Mozilla/5.0 (compatible; SemrushBot/7~bl; +http://www.semrush.com/bot.html)"
13.66.139.88 - - [20/Feb/2021:18:10:40 +0100] "GET /images/big_prod/5401924021044.jpg HTTP/1.0" 200 268 "-" "Mozilla/5.0 (compatible; bingbot/2.0; +http://www.bing.com/bingbot.htm)"
13.66.139.88 - - [20/Feb/2021:18:10:41 +0100] "GET /ultron-mask-p-32442.html HTTP/1.0" 200 71412 "-" "Mozilla/5.0 (compatible; bingbot/2.0; +http://www.bing.com/bingbot.htm)"
13.66.139.88 - - [20/Feb/2021:18:10:42 +0100] "GET /harley-quinn-poster-p-30901.html HTTP/1.0" 200 71319 "-" "Mozilla/5.0 (compatible; bingbot/2.0; +http://www.bing.com/bingbot.htm)"
157.55.39.246 - - [20/Feb/2021:18:10:57 +0100] "GET /js/jquery.js HTTP/1.0" 200 252 "-" "Mozilla/5.0 (compatible; bingbot/2.0; +http://www.bing.com/bingbot.htm)"
13.66.139.88 - - [20/Feb/2021:18:11:03 +0100] "GET /macaron-alarm-clock-by-cbkreation-p-25005.html HTTP/1.0" 301 71546 "-" "Mozilla/5.0 (compatible; bingbot/2.0; +http://www.bing.com/bingbot.htm)"
13.66.139.88 - - [20/Feb/2021:18:11:04 +0100] "GET /paris-shopping-bag-p-46248.html HTTP/1.0" 301 71475 "-" "Mozilla/5.0 (compatible; bingbot/2.0; +http://www.bing.com/bingbot.htm)"
92.38.136.69 - - [20/Feb/2021:18:11:05 +0100] "GET /contact_us.php HTTP/1.0" 301 539 "http://wonder-geek.com/contact_us.php" "Mozilla/5.0 (Windows NT 6.3; Win64; x64) AppleWebKit/537.36 (KHTML, like Gecko) Chrome/83.0.4103.44 Safari/537.36"
92.38.136.69 - - [20/Feb/2021:18:11:05 +0100] "GET /contact_us.php HTTP/1.0" 200 26238 "http://www.wonder-geek.com/contact_us.php" "Mozilla/5.0 (Windows NT 6.3; Win64; x64) AppleWebKit/537.36 (KHTML, like Gecko) Chrome/83.0.4103.44 Safari/537.36"
92.38.136.69 - - [20/Feb/2021:18:11:05 +0100] "POST /contact_us.php?action=send HTTP/1.0" 200 26635 "http://www.wonder-geek.com/contact_us.php" "Mozilla/5.0 (Windows NT 6.3; Win64; x64) AppleWebKit/537.36 (KHTML, like Gecko) Chrome/83.0.4103.44 Safari/537.36"
185.191.171.43 - - [20/Feb/2021:18:11:10 +0100] "GET /head-wallet-model-p-39442.html HTTP/1.0" 200 71340 "-" "Mozilla/5.0 (compatible; SemrushBot/7~bl; +http://www.semrush.com/bot.html)"
60.8.123.144 - - [20/Feb/2021:18:11:15 +0100] "GET /medusa-glass-paperweight-p-53635.html HTTP/1.0" 200 71333 "-" "Mozilla/5.0 (Linux; Android 5.0) AppleWebKit/537.36 (KHTML, like Gecko) Mobile Safari/537.36 (compatible; Bytespider; https://zhanzhang.toutiao.com/)"
