194.105.60.173 - - [20/Feb/2021:17:30:50 +0100] "GET /board-games-c-4_47.html HTTP/1.0" 200 74028 "http://www.wonder-geek.com/board-games-c-4_47.html" "Mozilla/5.0 (Windows NT 10.0; WOW64) AppleWebKit/537.36 (KHTML, like Gecko) Chrome/83.0.4103.61 Safari/537.36"
157.55.39.99 - - [20/Feb/2021:17:31:00 +0100] "GET /talent-cup-richard-wagner-tassen-made-in-germany-p-46343.html HTTP/1.0" 301 69030 "-" "Mozilla/5.0 (compatible; bingbot/2.0; +http://www.bing.com/bingbot.htm)"
110.249.201.179 - - [20/Feb/2021:17:31:16 +0100] "GET /medusa-glass-paperweight-p-53633.html HTTP/1.0" 200 71331 "-" "Mozilla/5.0 (Linux; Android 5.0) AppleWebKit/537.36 (KHTML, like Gecko) Mobile Safari/537.36 (compatible; Bytespider; https://zhanzhang.toutiao.com/)"
110.249.201.173 - - [20/Feb/2021:17:31:17 +0100] "GET /swfobject.js HTTP/1.0" 404 1308 "http://www.wonder-geek.com/medusa-glass-paperweight-p-53633.html" "Mozilla/5.0 (Linux; Android 5.0) AppleWebKit/537.36 (KHTML, like Gecko) Mobile Safari/537.36 (compatible; Bytespider; https://zhanzhang.toutiao.com/)"
110.249.201.180 - - [20/Feb/2021:17:31:18 +0100] "GET /highslide/graphics/zoomout.cur HTTP/1.0" 200 614 "http://www.wonder-geek.com/medusa-glass-paperweight-p-53633.html" "Mozilla/5.0 (Linux; Android 5.0) AppleWebKit/537.36 (KHTML, like Gecko) Mobile Safari/537.36 (compatible; Bytespider; https://zhanzhang.toutiao.com/)"
13.66.139.137 - - [20/Feb/2021:17:31:44 +0100] "GET /elsa-and-anna-frozen-poster-p-30917.html HTTP/1.0" 301 71473 "-" "Mozilla/5.0 (compatible; bingbot/2.0; +http://www.bing.com/bingbot.htm)"
13.66.139.137 - - [20/Feb/2021:17:31:45 +0100] "GET /mister-men-blue-messenger-bag-p-8023.html HTTP/1.0" 301 71782 "-" "Mozilla/5.0 (compatible; bingbot/2.0; +http://www.bing.com/bingbot.htm)"
185.191.171.41 - - [20/Feb/2021:17:31:51 +0100] "GET /beatles-p-7722.html?action=add_product HTTP/1.0" 302 476 "-" "Mozilla/5.0 (compatible; SemrushBot/7~bl; +http://www.semrush.com/bot.html)"
13.66.139.73 - - [20/Feb/2021:17:31:58 +0100] "GET /-p-21099.html HTTP/1.0" 200 68690 "-" "Mozilla/5.0 (compatible; bingbot/2.0; +http://www.bing.com/bingbot.htm)"
185.191.171.25 - - [20/Feb/2021:17:31:59 +0100] "GET /gogh-little-tray-p-51671.html?action=add_product HTTP/1.0" 302 476 "-" "Mozilla/5.0 (compatible; SemrushBot/7~bl; +http://www.semrush.com/bot.html)"
157.55.39.170 - - [20/Feb/2021:17:32:16 +0100] "GET /wooden-sticker-strips-60-10-cm-p-53565.html HTTP/1.0" 301 72537 "-" "Mozilla/5.0 (compatible; bingbot/2.0; +http://www.bing.com/bingbot.htm)"
13.66.139.88 - - [20/Feb/2021:17:32:21 +0100] "GET /kori-kumi-calendar-year-2017-p-36750.html HTTP/1.0" 200 71557 "-" "Mozilla/5.0 (compatible; bingbot/2.0; +http://www.bing.com/bingbot.htm)"
13.66.139.137 - - [20/Feb/2021:17:32:25 +0100] "GET /-p-6177.html HTTP/1.0" 200 68688 "-" "Mozilla/5.0 (compatible; bingbot/2.0; +http://www.bing.com/bingbot.htm)"
13.66.139.137 - - [20/Feb/2021:17:32:26 +0100] "GET /the-little-prince-flowers-paper-towel-dispenser-p-35242.html HTTP/1.0" 301 71596 "-" "Mozilla/5.0 (compatible; bingbot/2.0; +http://www.bing.com/bingbot.htm)"
114.119.147.45 - - [20/Feb/2021:17:32:26 +0100] "GET /russian-dolls-money-box-by-cbkreation-p-18744.html HTTP/1.0" 301 71579 "-" "Mozilla/5.0 (Linux; Android 7.0;) AppleWebKit/537.36 (KHTML, like Gecko) Mobile Safari/537.36 (compatible; PetalBot;+https://aspiegel.com/petalbot)"
114.119.147.45 - - [20/Feb/2021:17:32:28 +0100] "GET /russian-dolls-money-cbkreation-p-18744.html HTTP/1.0" 200 71482 "-" "Mozilla/5.0 (Linux; Android 7.0;) AppleWebKit/537.36 (KHTML, like Gecko) Mobile Safari/537.36 (compatible; PetalBot;+https://aspiegel.com/petalbot)"
185.191.171.39 - - [20/Feb/2021:17:32:30 +0100] "GET /nici-love-pooh-wallet-p-23167.html?action=add_product HTTP/1.0" 302 476 "-" "Mozilla/5.0 (compatible; SemrushBot/7~bl; +http://www.semrush.com/bot.html)"
185.191.171.39 - - [20/Feb/2021:17:32:31 +0100] "GET /frames-flags-and-decorative-paintings-c-13_148.html?page=25 HTTP/1.0" 301 82166 "-" "Mozilla/5.0 (compatible; SemrushBot/7~bl; +http://www.semrush.com/bot.html)"
185.191.171.39 - - [20/Feb/2021:17:32:34 +0100] "GET /frames-flags-decorative-paintings-c-148.html?page=25 HTTP/1.0" 301 82043 "-" "Mozilla/5.0 (compatible; SemrushBot/7~bl; +http://www.semrush.com/bot.html)"
167.88.7.134 - - [20/Feb/2021:17:32:36 +0100] "GET /contact_us.php HTTP/1.0" 200 26238 "http://www.wonder-geek.com/contact_us.php" "Mozilla/5.0 (Windows NT 10.0; Win64; x64) AppleWebKit/537.36 (KHTML, like Gecko) Chrome/83.0.4103.61 Safari/537.36"
185.191.171.10 - - [20/Feb/2021:17:32:36 +0100] "GET /frames-flags-decorative-paintings-c-13_148.html?page=25 HTTP/1.0" 200 82060 "-" "Mozilla/5.0 (compatible; SemrushBot/7~bl; +http://www.semrush.com/bot.html)"
167.88.7.134 - - [20/Feb/2021:17:32:37 +0100] "POST /contact_us.php?action=send HTTP/1.0" 200 26681 "http://www.wonder-geek.com/contact_us.php" "Mozilla/5.0 (Windows NT 10.0; Win64; x64) AppleWebKit/537.36 (KHTML, like Gecko) Chrome/83.0.4103.61 Safari/537.36"
167.88.7.134 - - [20/Feb/2021:17:32:38 +0100] "GET /contact_us.php HTTP/1.0" 200 26238 "http://www.wonder-geek.com/contact_us.php" "Mozilla/5.0 (Windows NT 10.0; Win64; x64) AppleWebKit/537.36 (KHTML, like Gecko) Chrome/83.0.4103.61 Safari/537.36"
185.191.171.20 - - [20/Feb/2021:17:32:38 +0100] "GET /disney-princess-towel-p-27394.html?action=add_product HTTP/1.0" 302 476 "-" "Mozilla/5.0 (compatible; SemrushBot/7~bl; +http://www.semrush.com/bot.html)"
13.66.139.73 - - [20/Feb/2021:17:32:38 +0100] "GET /sentiment-tea-towel-kitchen-towel-70-35-cm-p-43642.html HTTP/1.0" 301 72203 "-" "Mozilla/5.0 (compatible; bingbot/2.0; +http://www.bing.com/bingbot.htm)"
185.191.171.39 - - [20/Feb/2021:17:33:07 +0100] "GET /magnet-citron-p-40117.html HTTP/1.0" 200 71366 "-" "Mozilla/5.0 (compatible; SemrushBot/7~bl; +http://www.semrush.com/bot.html)"
51.68.224.127 - - [20/Feb/2021:17:33:15 +0100] "GET /adminweb/export_orders_xml.php?token=256de2z6edz6ed2z6DFSFsed2zed6zeDSFDSGdzedezfzf&maxorders=10&orderstart=1&status=14&start_date=2018-10-01 HTTP/1.0" 200 285 "-" "GesCom CharlotteBoutik Serveur"
51.68.224.127 - - [20/Feb/2021:17:33:15 +0100] "GET /adminweb/export_orders_xml.php?token=256de2z6edz6ed2z6DFSFsed2zed6zeDSFDSGdzedezfzf&maxorders=10&orderstart=1&status=6&start_date=2018-10-01 HTTP/1.0" 200 29990 "-" "GesCom CharlotteBoutik Serveur"
185.191.171.8 - - [20/Feb/2021:17:33:20 +0100] "GET /specials.php?page=14 HTTP/1.0" 200 126246 "-" "Mozilla/5.0 (compatible; SemrushBot/7~bl; +http://www.semrush.com/bot.html)"
185.191.171.11 - - [20/Feb/2021:17:33:28 +0100] "GET /jane-crowther-cats-p-53868.html HTTP/1.0" 200 71340 "-" "Mozilla/5.0 (compatible; SemrushBot/7~bl; +http://www.semrush.com/bot.html)"
185.191.171.12 - - [20/Feb/2021:17:33:43 +0100] "GET /cork-storage-chest-p-52926.html HTTP/1.0" 200 71345 "-" "Mozilla/5.0 (compatible; SemrushBot/7~bl; +http://www.semrush.com/bot.html)"
178.159.37.104 - - [20/Feb/2021:17:33:46 +0100] "GET / HTTP/1.0" 200 94008 "https://jobgirl24.ru/" "Opera/9.00 (Windows NT 5.1; U; ru)"
178.159.37.104 - - [20/Feb/2021:17:33:46 +0100] "GET / HTTP/1.0" 200 93749 "https://jobgirl24.ru/" "Opera/9.00 (Windows NT 5.1; U; ru)"
66.249.69.164 - - [20/Feb/2021:17:33:58 +0100] "GET /small-box-for-baby-teeth-the-small-mouse-p-45386.html HTTP/1.0" 301 71659 "-" "Mozilla/5.0 (Linux; Android 6.0.1; Nexus 5X Build/MMB29P) AppleWebKit/537.36 (KHTML, like Gecko) Chrome/88.0.4324.188 Mobile Safari/537.36 (compatible; Googlebot/2.1; +http://www.google.com/bot.html)"
66.249.69.166 - - [20/Feb/2021:17:33:59 +0100] "GET /small-baby-teeth-small-mouse-p-45386.html HTTP/1.0" 200 71564 "-" "Mozilla/5.0 (Linux; Android 6.0.1; Nexus 5X Build/MMB29P) AppleWebKit/537.36 (KHTML, like Gecko) Chrome/88.0.4324.188 Mobile Safari/537.36 (compatible; Googlebot/2.1; +http://www.google.com/bot.html)"
185.191.171.19 - - [20/Feb/2021:17:34:03 +0100] "GET /soap-tin-box-c-13_150_171.html HTTP/1.0" 301 88830 "-" "Mozilla/5.0 (compatible; SemrushBot/7~bl; +http://www.semrush.com/bot.html)"
66.249.69.164 - - [20/Feb/2021:17:34:03 +0100] "GET /images/big_prod/1384010185032.jpg HTTP/1.0" 200 268 "-" "Googlebot-Image/1.0"
185.191.171.11 - - [20/Feb/2021:17:34:05 +0100] "GET /soap-c-171.html HTTP/1.0" 200 88508 "-" "Mozilla/5.0 (compatible; SemrushBot/7~bl; +http://www.semrush.com/bot.html)"
66.249.69.162 - - [20/Feb/2021:17:34:10 +0100] "GET /jolly-mah-nici-charm-phone-charm-p-33460.html HTTP/1.0" 301 71510 "-" "Mozilla/5.0 (Linux; Android 6.0.1; Nexus 5X Build/MMB29P) AppleWebKit/537.36 (KHTML, like Gecko) Chrome/88.0.4324.153 Mobile Safari/537.36 (compatible; Googlebot/2.1; +http://www.google.com/bot.html)"
66.249.69.162 - - [20/Feb/2021:17:34:11 +0100] "GET /jolly-nici-charm-phone-charm-p-33460.html HTTP/1.0" 200 71415 "-" "Mozilla/5.0 (Linux; Android 6.0.1; Nexus 5X Build/MMB29P) AppleWebKit/537.36 (KHTML, like Gecko) Chrome/88.0.4324.153 Mobile Safari/537.36 (compatible; Googlebot/2.1; +http://www.google.com/bot.html)"
66.249.69.162 - - [20/Feb/2021:17:34:14 +0100] "GET /small-box-for-baby-teeth-the-beige-small-mouse-p-44658.html HTTP/1.0" 301 71698 "-" "Mozilla/5.0 (Linux; Android 6.0.1; Nexus 5X Build/MMB29P) AppleWebKit/537.36 (KHTML, like Gecko) Chrome/88.0.4324.153 Mobile Safari/537.36 (compatible; Googlebot/2.1; +http://www.google.com/bot.html)"
66.249.69.162 - - [20/Feb/2021:17:34:15 +0100] "GET /small-baby-teeth-beige-small-mouse-p-44658.html HTTP/1.0" 200 71597 "-" "Mozilla/5.0 (Linux; Android 6.0.1; Nexus 5X Build/MMB29P) AppleWebKit/537.36 (KHTML, like Gecko) Chrome/88.0.4324.153 Mobile Safari/537.36 (compatible; Googlebot/2.1; +http://www.google.com/bot.html)"
13.66.139.137 - - [20/Feb/2021:17:34:14 +0100] "GET /rhum-metal-plate-deco-p-51753.html HTTP/1.0" 200 71289 "-" "Mozilla/5.0 (compatible; bingbot/2.0; +http://www.bing.com/bingbot.htm)"
185.191.171.8 - - [20/Feb/2021:17:34:20 +0100] "GET /decorative-statuette-archangel-saint-michael-p-52826.html?action=add_product HTTP/1.0" 302 476 "-" "Mozilla/5.0 (compatible; SemrushBot/7~bl; +http://www.semrush.com/bot.html)"
13.66.139.88 - - [20/Feb/2021:17:34:26 +0100] "GET /images/big_prod/8422015482527.jpg HTTP/1.0" 200 268 "-" "Mozilla/5.0 (compatible; bingbot/2.0; +http://www.bing.com/bingbot.htm)"
13.66.139.137 - - [20/Feb/2021:17:34:34 +0100] "GET /-p-19498.html HTTP/1.0" 200 68690 "-" "Mozilla/5.0 (compatible; bingbot/2.0; +http://www.bing.com/bingbot.htm)"
13.66.139.137 - - [20/Feb/2021:17:34:54 +0100] "GET /-p-18316.html HTTP/1.0" 200 68690 "-" "Mozilla/5.0 (compatible; bingbot/2.0; +http://www.bing.com/bingbot.htm)"
13.66.139.73 - - [20/Feb/2021:17:34:59 +0100] "GET /cats-by-dubout-photo-frame-threesome-p-33752.html HTTP/1.0" 301 71954 "-" "Mozilla/5.0 (compatible; bingbot/2.0; +http://www.bing.com/bingbot.htm)"
13.66.139.73 - - [20/Feb/2021:17:35:00 +0100] "GET /disney-princess-towel-p-27394.html HTTP/1.0" 200 71474 "-" "Mozilla/5.0 (compatible; bingbot/2.0; +http://www.bing.com/bingbot.htm)"
185.191.171.8 - - [20/Feb/2021:17:35:03 +0100] "GET /mani-lucky-keychain-p-44128.html?action=add_product HTTP/1.0" 302 476 "-" "Mozilla/5.0 (compatible; SemrushBot/7~bl; +http://www.semrush.com/bot.html)"
54.36.149.12 - - [20/Feb/2021:17:35:08 +0100] "GET /puerto-rico-bedclothes-220-240-cm-p-39061.html HTTP/1.0" 301 68757 "-" "Mozilla/5.0 (compatible; AhrefsBot/7.0; +http://ahrefs.com/robot/)"
185.191.171.37 - - [20/Feb/2021:17:35:18 +0100] "GET /kimmidoll-satin-pink-backpack-p-13323.html HTTP/1.0" 200 68796 "-" "Mozilla/5.0 (compatible; SemrushBot/7~bl; +http://www.semrush.com/bot.html)"
185.191.171.34 - - [20/Feb/2021:17:35:20 +0100] "GET /tinted-candle-in-the-mass-salmon-color-p-48921.html HTTP/1.0" 301 71531 "-" "Mozilla/5.0 (compatible; SemrushBot/7~bl; +http://www.semrush.com/bot.html)"
185.191.171.42 - - [20/Feb/2021:17:35:22 +0100] "GET /tinted-candle-mass-salmon-color-p-48921.html HTTP/1.0" 200 71433 "-" "Mozilla/5.0 (compatible; SemrushBot/7~bl; +http://www.semrush.com/bot.html)"
13.66.139.137 - - [20/Feb/2021:17:35:55 +0100] "GET /winx-oval-placemat-p-17121.html HTTP/1.0" 200 71498 "-" "Mozilla/5.0 (compatible; bingbot/2.0; +http://www.bing.com/bingbot.htm)"
157.55.39.246 - - [20/Feb/2021:17:35:59 +0100] "GET /oil-vinegar-salt-and-pepper-shakers-set-p-51795.html HTTP/1.0" 301 72448 "-" "Mozilla/5.0 (compatible; bingbot/2.0; +http://www.bing.com/bingbot.htm)"
13.66.139.73 - - [20/Feb/2021:17:36:04 +0100] "GET /disney-princesses-aurora-wood-armchair-p-18806.html HTTP/1.0" 200 68832 "-" "Mozilla/5.0 (compatible; bingbot/2.0; +http://www.bing.com/bingbot.htm)"
13.66.139.73 - - [20/Feb/2021:17:36:05 +0100] "GET /tiana-princess-passion-figurine-p-52399.html HTTP/1.0" 200 72778 "-" "Mozilla/5.0 (compatible; bingbot/2.0; +http://www.bing.com/bingbot.htm)"
185.191.171.20 - - [20/Feb/2021:17:36:13 +0100] "GET /volkswagen-bully-metal-plate-30-20-cm-p-37151.html HTTP/1.0" 301 71619 "-" "Mozilla/5.0 (compatible; SemrushBot/7~bl; +http://www.semrush.com/bot.html)"
185.191.171.6 - - [20/Feb/2021:17:36:15 +0100] "GET /volkswagen-bully-metal-plate-p-37151.html HTTP/1.0" 200 71524 "-" "Mozilla/5.0 (compatible; SemrushBot/7~bl; +http://www.semrush.com/bot.html)"
13.66.139.73 - - [20/Feb/2021:17:36:28 +0100] "GET /-p-33579.html HTTP/1.0" 200 68690 "-" "Mozilla/5.0 (compatible; bingbot/2.0; +http://www.bing.com/bingbot.htm)"
66.249.69.162 - - [20/Feb/2021:17:36:29 +0100] "GET /images/mini_prod/3503420121234.jpg HTTP/1.0" 200 269 "-" "Googlebot-Image/1.0"
13.66.139.88 - - [20/Feb/2021:17:36:33 +0100] "GET /-p-22382.html HTTP/1.0" 200 68690 "-" "Mozilla/5.0 (compatible; bingbot/2.0; +http://www.bing.com/bingbot.htm)"
13.66.139.88 - - [20/Feb/2021:17:36:34 +0100] "GET /disney-pixar-dory-and-nemo-bowl-p-37509.html HTTP/1.0" 301 68922 "-" "Mozilla/5.0 (compatible; bingbot/2.0; +http://www.bing.com/bingbot.htm)"
13.66.139.137 - - [20/Feb/2021:17:36:38 +0100] "GET /images/3148888888826.jpg HTTP/1.0" 200 259 "-" "Mozilla/5.0 (compatible; bingbot/2.0; +http://www.bing.com/bingbot.htm)"
157.55.39.170 - - [20/Feb/2021:17:37:06 +0100] "GET /-p-48686.html HTTP/1.0" 200 68690 "-" "Mozilla/5.0 (compatible; bingbot/2.0; +http://www.bing.com/bingbot.htm)"
13.66.139.137 - - [20/Feb/2021:17:37:14 +0100] "GET /marseille-soap-pot-brush-teeth-p-38816.html HTTP/1.0" 301 68757 "-" "Mozilla/5.0 (compatible; bingbot/2.0; +http://www.bing.com/bingbot.htm)"
17.58.101.142 - - [20/Feb/2021:17:37:21 +0100] "GET /ceramic-vase-silver-tree-20-cm-p-53021.html HTTP/1.0" 301 71497 "-" "Mozilla/5.0 (Macintosh; Intel Mac OS X 10_15_5) AppleWebKit/605.1.15 (KHTML, like Gecko) Version/13.1.1 Safari/605.1.15 (Applebot/0.1; +http://www.apple.com/go/applebot)"
17.58.101.142 - - [20/Feb/2021:17:37:23 +0100] "GET /ceramic-vase-silver-tree-p-53021.html HTTP/1.0" 200 71406 "-" "Mozilla/5.0 (Macintosh; Intel Mac OS X 10_15_5) AppleWebKit/605.1.15 (KHTML, like Gecko) Version/13.1.1 Safari/605.1.15 (Applebot/0.1; +http://www.apple.com/go/applebot)"
13.66.139.73 - - [20/Feb/2021:17:37:29 +0100] "GET /high-school-musical-sleeveless-padded-jacket-p-31264.html HTTP/1.0" 200 73433 "-" "Mozilla/5.0 (compatible; bingbot/2.0; +http://www.bing.com/bingbot.htm)"
13.66.139.73 - - [20/Feb/2021:17:37:31 +0100] "GET /beyblade-blue-swimsuit-p-30445.html HTTP/1.0" 200 72486 "-" "Mozilla/5.0 (compatible; bingbot/2.0; +http://www.bing.com/bingbot.htm)"
185.191.171.18 - - [20/Feb/2021:17:37:32 +0100] "GET /kimmidoll-keyring-michi-p-49773.html HTTP/1.0" 200 71346 "-" "Mozilla/5.0 (compatible; SemrushBot/7~bl; +http://www.semrush.com/bot.html)"
185.191.171.34 - - [20/Feb/2021:17:37:34 +0100] "GET /little-toiletry-p-43385.html HTTP/1.0" 200 71401 "-" "Mozilla/5.0 (compatible; SemrushBot/7~bl; +http://www.semrush.com/bot.html)"
13.66.139.88 - - [20/Feb/2021:17:37:38 +0100] "GET /images/big_prod_3/540400644559b.jpg HTTP/1.0" 200 270 "-" "Mozilla/5.0 (compatible; bingbot/2.0; +http://www.bing.com/bingbot.htm)"
13.66.139.88 - - [20/Feb/2021:17:37:39 +0100] "GET /retro-paris-bread-bag-p-39541.html HTTP/1.0" 301 68862 "-" "Mozilla/5.0 (compatible; bingbot/2.0; +http://www.bing.com/bingbot.htm)"
13.66.139.137 - - [20/Feb/2021:17:37:44 +0100] "GET /fairies-tinkerbell-m-26.html HTTP/1.0" 200 89077 "-" "Mozilla/5.0 (compatible; bingbot/2.0; +http://www.bing.com/bingbot.htm)"
185.191.171.3 - - [20/Feb/2021:17:37:44 +0100] "GET /strawberry-shortcake-towel-p-141.html HTTP/1.0" 200 71478 "-" "Mozilla/5.0 (compatible; SemrushBot/7~bl; +http://www.semrush.com/bot.html)"
13.66.139.137 - - [20/Feb/2021:17:37:45 +0100] "GET /white-home-sweet-home-perfume-diffuser-p-40551.html HTTP/1.0" 301 68757 "-" "Mozilla/5.0 (compatible; bingbot/2.0; +http://www.bing.com/bingbot.htm)"
13.66.139.137 - - [20/Feb/2021:17:37:47 +0100] "GET /the-little-prince-animated-music-box-p-16467.html HTTP/1.0" 301 71896 "-" "Mozilla/5.0 (compatible; bingbot/2.0; +http://www.bing.com/bingbot.htm)"
185.191.171.10 - - [20/Feb/2021:17:37:54 +0100] "GET /provence-soap-marseille-soap-p-39422.html HTTP/1.0" 200 71701 "-" "Mozilla/5.0 (compatible; SemrushBot/7~bl; +http://www.semrush.com/bot.html)"
185.191.171.13 - - [20/Feb/2021:17:37:57 +0100] "GET /betty-boop-plus-toujours-glass-p-38512.html?action=add_product HTTP/1.0" 302 476 "-" "Mozilla/5.0 (compatible; SemrushBot/7~bl; +http://www.semrush.com/bot.html)"
66.249.69.164 - - [20/Feb/2021:17:37:58 +0100] "GET /mister-phone-cover-iphone-p-14160.html HTTP/1.0" 200 72263 "-" "Mozilla/5.0 (Linux; Android 6.0.1; Nexus 5X Build/MMB29P) AppleWebKit/537.36 (KHTML, like Gecko) Chrome/88.0.4324.153 Mobile Safari/537.36 (compatible; Googlebot/2.1; +http://www.google.com/bot.html)"
13.66.139.73 - - [20/Feb/2021:17:38:27 +0100] "GET /images/big_prod/3609810070813.jpg HTTP/1.0" 200 268 "-" "Mozilla/5.0 (compatible; bingbot/2.0; +http://www.bing.com/bingbot.htm)"
185.191.171.42 - - [20/Feb/2021:17:38:30 +0100] "GET /owl-bowl-mod-p-36516.html HTTP/1.0" 301 68808 "-" "Mozilla/5.0 (compatible; SemrushBot/7~bl; +http://www.semrush.com/bot.html)"
185.191.171.15 - - [20/Feb/2021:17:38:33 +0100] "GET /bowl-p-36516.html HTTP/1.0" 200 68737 "-" "Mozilla/5.0 (compatible; SemrushBot/7~bl; +http://www.semrush.com/bot.html)"
185.191.171.9 - - [20/Feb/2021:17:38:44 +0100] "GET /buddha-canvas-frame-p-39965.html HTTP/1.0" 200 71421 "-" "Mozilla/5.0 (compatible; SemrushBot/7~bl; +http://www.semrush.com/bot.html)"
185.191.171.14 - - [20/Feb/2021:17:38:53 +0100] "GET /small-gorjuss-bubble-fairy-backpack-p-53966.html HTTP/1.0" 200 72359 "-" "Mozilla/5.0 (compatible; SemrushBot/7~bl; +http://www.semrush.com/bot.html)"
185.191.171.4 - - [20/Feb/2021:17:39:01 +0100] "GET /votive-candle-hours-rambling-rose-p-33117.html HTTP/1.0" 200 72613 "-" "Mozilla/5.0 (compatible; SemrushBot/7~bl; +http://www.semrush.com/bot.html)"
13.66.139.88 - - [20/Feb/2021:17:39:08 +0100] "GET /images/big_prod/3609810065093.jpg HTTP/1.0" 200 268 "-" "Mozilla/5.0 (compatible; bingbot/2.0; +http://www.bing.com/bingbot.htm)"
13.66.139.73 - - [20/Feb/2021:17:39:13 +0100] "GET /images/big_prod/3609810063198.jpg HTTP/1.0" 200 268 "-" "Mozilla/5.0 (compatible; bingbot/2.0; +http://www.bing.com/bingbot.htm)"
13.66.139.73 - - [20/Feb/2021:17:39:14 +0100] "GET /vespa-black-alarm-clock-p-15543.html HTTP/1.0" 200 68772 "-" "Mozilla/5.0 (compatible; bingbot/2.0; +http://www.bing.com/bingbot.htm)"
185.191.171.6 - - [20/Feb/2021:17:39:38 +0100] "GET /clock-indian-spirit-dream-catcher-p-42944.html HTTP/1.0" 200 71430 "-" "Mozilla/5.0 (compatible; SemrushBot/7~bl; +http://www.semrush.com/bot.html)"
185.191.171.19 - - [20/Feb/2021:17:39:40 +0100] "GET /photo-frames-and-memo-clips-c-13_132.html?page=2 HTTP/1.0" 301 90340 "-" "Mozilla/5.0 (compatible; SemrushBot/7~bl; +http://www.semrush.com/bot.html)"
185.191.171.36 - - [20/Feb/2021:17:39:42 +0100] "GET /photo-frames-memo-clips-c-132.html?page=2 HTTP/1.0" 301 90217 "-" "Mozilla/5.0 (compatible; SemrushBot/7~bl; +http://www.semrush.com/bot.html)"
185.191.171.26 - - [20/Feb/2021:17:39:45 +0100] "GET /photo-frames-memo-clips-c-13_132.html?page=2 HTTP/1.0" 200 90245 "-" "Mozilla/5.0 (compatible; SemrushBot/7~bl; +http://www.semrush.com/bot.html)"
13.66.139.73 - - [20/Feb/2021:17:40:00 +0100] "GET /rococo-purple-retro-clock-p-34244.html HTTP/1.0" 301 68757 "-" "Mozilla/5.0 (compatible; bingbot/2.0; +http://www.bing.com/bingbot.htm)"
185.191.171.13 - - [20/Feb/2021:17:40:02 +0100] "GET /trivet-boards-c-12_158.html?page=11 HTTP/1.0" 200 89767 "-" "Mozilla/5.0 (compatible; SemrushBot/7~bl; +http://www.semrush.com/bot.html)"
157.55.39.251 - - [20/Feb/2021:17:40:04 +0100] "GET /cuddly-bath-toy-elmer-p-2236.html HTTP/1.0" 301 68754 "-" "Mozilla/5.0 (compatible; bingbot/2.0; +http://www.bing.com/bingbot.htm)"
13.66.139.88 - - [20/Feb/2021:17:40:10 +0100] "GET /barbapapa-wooden-car-p-16076.html HTTP/1.0" 301 71557 "-" "Mozilla/5.0 (compatible; bingbot/2.0; +http://www.bing.com/bingbot.htm)"
13.66.139.88 - - [20/Feb/2021:17:40:11 +0100] "GET /gorjuss-glass-frame-print-30-30-cm-p-29676.html HTTP/1.0" 301 68931 "-" "Mozilla/5.0 (compatible; bingbot/2.0; +http://www.bing.com/bingbot.htm)"
185.191.171.26 - - [20/Feb/2021:17:40:12 +0100] "GET /retro-coffee-cups-p-47780.html?action=add_product HTTP/1.0" 302 476 "-" "Mozilla/5.0 (compatible; SemrushBot/7~bl; +http://www.semrush.com/bot.html)"
13.66.139.73 - - [20/Feb/2021:17:40:27 +0100] "GET /images/1399984252734.jpg HTTP/1.0" 200 259 "-" "Mozilla/5.0 (compatible; bingbot/2.0; +http://www.bing.com/bingbot.htm)"
13.66.139.73 - - [20/Feb/2021:17:40:28 +0100] "GET /doc-mcstuffins-and-stuffy-figure-p-23404.html HTTP/1.0" 301 68916 "-" "Mozilla/5.0 (compatible; bingbot/2.0; +http://www.bing.com/bingbot.htm)"
13.66.139.88 - - [20/Feb/2021:17:40:40 +0100] "GET /bowl-kissing-red-made-in-germany-p-48474.html HTTP/1.0" 301 72948 "-" "Mozilla/5.0 (compatible; bingbot/2.0; +http://www.bing.com/bingbot.htm)"
185.191.171.25 - - [20/Feb/2021:17:40:44 +0100] "GET /apero-set-of-coasters-p-39473.html HTTP/1.0" 301 68820 "-" "Mozilla/5.0 (compatible; SemrushBot/7~bl; +http://www.semrush.com/bot.html)"
185.191.171.11 - - [20/Feb/2021:17:40:59 +0100] "GET /star-wars-p-32601.html HTTP/1.0" 200 71498 "-" "Mozilla/5.0 (compatible; SemrushBot/7~bl; +http://www.semrush.com/bot.html)"
13.66.139.73 - - [20/Feb/2021:17:41:00 +0100] "GET /disney-princess-swimming-armband-p-19978.html HTTP/1.0" 200 68841 "-" "Mozilla/5.0 (compatible; bingbot/2.0; +http://www.bing.com/bingbot.htm)"
185.191.171.41 - - [20/Feb/2021:17:41:01 +0100] "GET /cotton-kitchen-towel-teatime-p-53947.html?action=add_product HTTP/1.0" 302 476 "-" "Mozilla/5.0 (compatible; SemrushBot/7~bl; +http://www.semrush.com/bot.html)"
60.8.123.159 - - [20/Feb/2021:17:41:15 +0100] "GET /medusa-glass-paperweight-p-53636.html HTTP/1.0" 200 71331 "-" "Mozilla/5.0 (Linux; Android 5.0) AppleWebKit/537.36 (KHTML, like Gecko) Mobile Safari/537.36 (compatible; Bytespider; https://zhanzhang.toutiao.com/)"
60.8.123.152 - - [20/Feb/2021:17:41:16 +0100] "GET /swfobject.js HTTP/1.0" 404 1308 "http://www.wonder-geek.com/medusa-glass-paperweight-p-53636.html" "Mozilla/5.0 (Linux; Android 5.0) AppleWebKit/537.36 (KHTML, like Gecko) Mobile Safari/537.36 (compatible; Bytespider; https://zhanzhang.toutiao.com/)"
60.8.123.153 - - [20/Feb/2021:17:41:17 +0100] "GET /highslide/graphics/zoomout.cur HTTP/1.0" 200 614 "http://www.wonder-geek.com/medusa-glass-paperweight-p-53636.html" "Mozilla/5.0 (Linux; Android 5.0) AppleWebKit/537.36 (KHTML, like Gecko) Mobile Safari/537.36 (compatible; Bytespider; https://zhanzhang.toutiao.com/)"
13.66.139.73 - - [20/Feb/2021:17:41:27 +0100] "GET /images/big_prod/5051276247588.jpg HTTP/1.0" 200 268 "-" "Mozilla/5.0 (compatible; bingbot/2.0; +http://www.bing.com/bingbot.htm)"
13.66.139.88 - - [20/Feb/2021:17:41:48 +0100] "GET /images/8033667001914.jpg HTTP/1.0" 200 259 "-" "Mozilla/5.0 (compatible; bingbot/2.0; +http://www.bing.com/bingbot.htm)"
13.66.139.88 - - [20/Feb/2021:17:41:49 +0100] "GET /plaid-sofa-throw-portofino-with-fringes-125-150-cm-grey-p-47922.html HTTP/1.0" 301 72341 "-" "Mozilla/5.0 (compatible; bingbot/2.0; +http://www.bing.com/bingbot.htm)"
185.191.171.13 - - [20/Feb/2021:17:41:54 +0100] "GET /us-clock-by-cbkreation-p-24368.html HTTP/1.0" 301 71497 "-" "Mozilla/5.0 (compatible; SemrushBot/7~bl; +http://www.semrush.com/bot.html)"
13.66.139.88 - - [20/Feb/2021:17:41:58 +0100] "GET /images/med_prod/1384010176436.jpg HTTP/1.0" 200 268 "-" "Mozilla/5.0 (compatible; bingbot/2.0; +http://www.bing.com/bingbot.htm)"
185.191.171.5 - - [20/Feb/2021:17:42:16 +0100] "GET /cuba-pencil-pot-p-50323.html HTTP/1.0" 301 71386 "-" "Mozilla/5.0 (compatible; SemrushBot/7~bl; +http://www.semrush.com/bot.html)"
13.66.139.73 - - [20/Feb/2021:17:42:23 +0100] "GET /101-dalmatians-m-441.html HTTP/1.0" 200 78670 "-" "Mozilla/5.0 (compatible; bingbot/2.0; +http://www.bing.com/bingbot.htm)"
54.38.43.217 - - [20/Feb/2021:17:42:58 +0100] "GET /images/mini_prod/anthramexxup.jpg HTTP/1.0" 200 268 "-" "-"
54.38.43.217 - - [20/Feb/2021:17:42:58 +0100] "GET /images/mini_prod/goldmeexup.jpg HTTP/1.0" 200 266 "-" "-"
185.191.171.1 - - [20/Feb/2021:17:43:04 +0100] "GET /salt-pepper-gaston-collection-p-52665.html?action=add_product HTTP/1.0" 302 476 "-" "Mozilla/5.0 (compatible; SemrushBot/7~bl; +http://www.semrush.com/bot.html)"
114.119.145.117 - - [20/Feb/2021:17:43:04 +0100] "GET /cats-large-soup-bowl-p-42236.html HTTP/1.0" 200 68781 "-" "Mozilla/5.0 (Linux; Android 7.0;) AppleWebKit/537.36 (KHTML, like Gecko) Mobile Safari/537.36 (compatible; PetalBot;+https://aspiegel.com/petalbot)"
185.191.171.2 - - [20/Feb/2021:17:43:09 +0100] "GET /paris-small-snow-globe-p-39571.html?action=add_product HTTP/1.0" 302 476 "-" "Mozilla/5.0 (compatible; SemrushBot/7~bl; +http://www.semrush.com/bot.html)"
185.191.171.1 - - [20/Feb/2021:17:43:12 +0100] "GET /beach-green-metal-tray-p-35050.html?action=add_product HTTP/1.0" 302 476 "-" "Mozilla/5.0 (compatible; SemrushBot/7~bl; +http://www.semrush.com/bot.html)"
185.191.171.43 - - [20/Feb/2021:17:43:18 +0100] "GET /metal-plate-p-34881.html?action=add_product HTTP/1.0" 302 476 "-" "Mozilla/5.0 (compatible; SemrushBot/7~bl; +http://www.semrush.com/bot.html)"
66.249.69.164 - - [20/Feb/2021:17:43:19 +0100] "GET /images/med_prod/1399984233573.jpg HTTP/1.0" 200 268 "-" "Googlebot-Image/1.0"
185.191.171.13 - - [20/Feb/2021:17:43:44 +0100] "GET /jeans-gray-khaki-union-jack-backpack-p-35993.html?action=add_product HTTP/1.0" 302 476 "-" "Mozilla/5.0 (compatible; SemrushBot/7~bl; +http://www.semrush.com/bot.html)"
13.66.139.73 - - [20/Feb/2021:17:44:00 +0100] "GET /handy-manny-pencil-case-p-19646.html HTTP/1.0" 200 71507 "-" "Mozilla/5.0 (compatible; bingbot/2.0; +http://www.bing.com/bingbot.htm)"
13.66.139.88 - - [20/Feb/2021:17:44:12 +0100] "GET /horse-mosaic-pencil-case-p-21494.html HTTP/1.0" 200 71416 "-" "Mozilla/5.0 (compatible; bingbot/2.0; +http://www.bing.com/bingbot.htm)"
66.249.69.162 - - [20/Feb/2021:17:44:19 +0100] "GET /poncho-towel-p-5729.html HTTP/1.0" 200 71409 "-" "Mozilla/5.0 (Linux; Android 6.0.1; Nexus 5X Build/MMB29P) AppleWebKit/537.36 (KHTML, like Gecko) Chrome/88.0.4324.153 Mobile Safari/537.36 (compatible; Googlebot/2.1; +http://www.google.com/bot.html)"
66.249.69.164 - - [20/Feb/2021:17:44:23 +0100] "GET /daddy-little-princess-ariel-and-triton-figurine-p-45824.html HTTP/1.0" 301 73785 "-" "Mozilla/5.0 (Linux; Android 6.0.1; Nexus 5X Build/MMB29P) AppleWebKit/537.36 (KHTML, like Gecko) Chrome/88.0.4324.153 Mobile Safari/537.36 (compatible; Googlebot/2.1; +http://www.google.com/bot.html)"
66.249.69.162 - - [20/Feb/2021:17:44:24 +0100] "GET /daddy-little-princess-ariel-triton-figurine-p-45824.html HTTP/1.0" 200 73675 "-" "Mozilla/5.0 (Linux; Android 6.0.1; Nexus 5X Build/MMB29P) AppleWebKit/537.36 (KHTML, like Gecko) Chrome/88.0.4324.153 Mobile Safari/537.36 (compatible; Googlebot/2.1; +http://www.google.com/bot.html)"
13.66.139.88 - - [20/Feb/2021:17:44:40 +0100] "GET /images/big_prod/8718375751152.jpg HTTP/1.0" 200 268 "-" "Mozilla/5.0 (compatible; bingbot/2.0; +http://www.bing.com/bingbot.htm)"
13.66.139.88 - - [20/Feb/2021:17:44:41 +0100] "GET /images/4012390325362.jpg HTTP/1.0" 200 259 "-" "Mozilla/5.0 (compatible; bingbot/2.0; +http://www.bing.com/bingbot.htm)"
13.66.139.137 - - [20/Feb/2021:17:44:45 +0100] "GET /decorative-snail-in-magnesia-37-cm-p-44674.html HTTP/1.0" 301 71532 "-" "Mozilla/5.0 (compatible; bingbot/2.0; +http://www.bing.com/bingbot.htm)"
157.55.39.170 - - [20/Feb/2021:17:44:49 +0100] "GET /decorations-and-furnishings/decorations/pinocchio-ornament-set-jim-shore-p-16944.html HTTP/1.0" 301 68757 "-" "Mozilla/5.0 (compatible; bingbot/2.0; +http://www.bing.com/bingbot.htm)"
185.191.171.4 - - [20/Feb/2021:17:44:58 +0100] "GET /scooter-green-girly-keyring-p-28752.html HTTP/1.0" 200 71352 "-" "Mozilla/5.0 (compatible; SemrushBot/7~bl; +http://www.semrush.com/bot.html)"
13.66.139.137 - - [20/Feb/2021:17:45:15 +0100] "GET /minnie-mouse-potholder-and-glove-set-p-16532.html HTTP/1.0" 301 68940 "-" "Mozilla/5.0 (compatible; bingbot/2.0; +http://www.bing.com/bingbot.htm)"
185.191.171.44 - - [20/Feb/2021:17:45:17 +0100] "GET /coasters-candy-cbkreation-p-15014.html HTTP/1.0" 200 71487 "-" "Mozilla/5.0 (compatible; SemrushBot/7~bl; +http://www.semrush.com/bot.html)"
13.66.139.73 - - [20/Feb/2021:17:45:21 +0100] "GET /iphone-white-shell-44s-with-personalized-picture-p-16339.html HTTP/1.0" 301 71902 "-" "Mozilla/5.0 (compatible; bingbot/2.0; +http://www.bing.com/bingbot.htm)"
13.66.139.73 - - [20/Feb/2021:17:45:22 +0100] "GET /-p-22714.html HTTP/1.0" 200 68690 "-" "Mozilla/5.0 (compatible; bingbot/2.0; +http://www.bing.com/bingbot.htm)"
185.191.171.16 - - [20/Feb/2021:17:45:25 +0100] "GET /owl-michelle-allen-breakfast-set-p-32827.html HTTP/1.0" 301 71542 "-" "Mozilla/5.0 (compatible; SemrushBot/7~bl; +http://www.semrush.com/bot.html)"
185.191.171.1 - - [20/Feb/2021:17:45:28 +0100] "GET /cacao-tea-cup-tisaniere-p-50624.html HTTP/1.0" 301 71413 "-" "Mozilla/5.0 (compatible; SemrushBot/7~bl; +http://www.semrush.com/bot.html)"
185.191.171.43 - - [20/Feb/2021:17:45:30 +0100] "GET /cacao-tisanire-p-50624.html HTTP/1.0" 200 71332 "-" "Mozilla/5.0 (compatible; SemrushBot/7~bl; +http://www.semrush.com/bot.html)"
185.191.171.10 - - [20/Feb/2021:17:45:33 +0100] "GET /archangels-aromatika-incense-sticks-p-53447.html HTTP/1.0" 200 71487 "-" "Mozilla/5.0 (compatible; SemrushBot/7~bl; +http://www.semrush.com/bot.html)"
157.55.39.189 - - [20/Feb/2021:17:45:36 +0100] "GET /decorations-and-furnishings/decorations/bob-marley-floor-standing-ashtray-p-9859.html HTTP/1.0" 301 68754 "-" "Mozilla/5.0 (compatible; bingbot/2.0; +http://www.bing.com/bingbot.htm)"
157.55.39.67 - - [20/Feb/2021:17:45:41 +0100] "GET /superman-mug-p-49623.html HTTP/1.0" 301 71419 "-" "Mozilla/5.0 (compatible; bingbot/2.0; +http://www.bing.com/bingbot.htm)"
13.66.139.73 - - [20/Feb/2021:17:45:50 +0100] "GET /-p-25940.html HTTP/1.0" 200 68690 "-" "Mozilla/5.0 (compatible; bingbot/2.0; +http://www.bing.com/bingbot.htm)"
13.66.139.73 - - [20/Feb/2021:17:45:51 +0100] "GET /ma-maman-elle-dechire-white-tee-shirt-p-30944.html HTTP/1.0" 301 68908 "-" "Mozilla/5.0 (compatible; bingbot/2.0; +http://www.bing.com/bingbot.htm)"
13.66.139.137 - - [20/Feb/2021:17:45:55 +0100] "GET /minnie-mouse-sports-bottle-p-25064.html HTTP/1.0" 200 71349 "-" "Mozilla/5.0 (compatible; bingbot/2.0; +http://www.bing.com/bingbot.htm)"
13.66.139.73 - - [20/Feb/2021:17:46:09 +0100] "GET /images/8006180201956.jpg HTTP/1.0" 200 259 "-" "Mozilla/5.0 (compatible; bingbot/2.0; +http://www.bing.com/bingbot.htm)"
185.191.171.8 - - [20/Feb/2021:17:46:22 +0100] "GET /smokers-items-c-3_112.html?page=3 HTTP/1.0" 200 90538 "-" "Mozilla/5.0 (compatible; SemrushBot/7~bl; +http://www.semrush.com/bot.html)"
185.191.171.16 - - [20/Feb/2021:17:46:40 +0100] "GET /little-prince-navy-blue-jewelry-phosphorescent-p-16447.html HTTP/1.0" 200 72843 "-" "Mozilla/5.0 (compatible; SemrushBot/7~bl; +http://www.semrush.com/bot.html)"
185.191.171.43 - - [20/Feb/2021:17:46:51 +0100] "GET /trouble-stitch-statement-figurine-p-45836.html?action=add_product HTTP/1.0" 302 476 "-" "Mozilla/5.0 (compatible; SemrushBot/7~bl; +http://www.semrush.com/bot.html)"
185.191.171.41 - - [20/Feb/2021:17:47:06 +0100] "GET /dogs-rectangulary-cushion-cbkreation-p-26404.html?action=add_product HTTP/1.0" 302 476 "-" "Mozilla/5.0 (compatible; SemrushBot/7~bl; +http://www.semrush.com/bot.html)"
13.66.139.73 - - [20/Feb/2021:17:47:09 +0100] "GET /images/3681643401989.jpg HTTP/1.0" 200 259 "-" "Mozilla/5.0 (compatible; bingbot/2.0; +http://www.bing.com/bingbot.htm)"
13.66.139.73 - - [20/Feb/2021:17:47:10 +0100] "GET /peanuts-retro-red-reporter-bag-p-6344.html HTTP/1.0" 301 68901 "-" "Mozilla/5.0 (compatible; bingbot/2.0; +http://www.bing.com/bingbot.htm)"
13.66.139.88 - - [20/Feb/2021:17:47:12 +0100] "GET /images/big_prod/5018997616239.jpg HTTP/1.0" 200 268 "-" "Mozilla/5.0 (compatible; bingbot/2.0; +http://www.bing.com/bingbot.htm)"
13.66.139.88 - - [20/Feb/2021:17:47:13 +0100] "GET /bedclothes-140-200-cm-black-striped-p-44343.html HTTP/1.0" 301 71588 "-" "Mozilla/5.0 (compatible; bingbot/2.0; +http://www.bing.com/bingbot.htm)"
185.191.171.18 - - [20/Feb/2021:17:47:24 +0100] "GET /hello-kitty-p-20161.html HTTP/1.0" 200 75783 "-" "Mozilla/5.0 (compatible; SemrushBot/7~bl; +http://www.semrush.com/bot.html)"
66.249.69.164 - - [20/Feb/2021:17:47:26 +0100] "GET /small-dory-finding-dory-p-37132.html HTTP/1.0" 200 72804 "-" "Mozilla/5.0 (Linux; Android 6.0.1; Nexus 5X Build/MMB29P) AppleWebKit/537.36 (KHTML, like Gecko) Chrome/88.0.4324.153 Mobile Safari/537.36 (compatible; Googlebot/2.1; +http://www.google.com/bot.html)"
185.191.171.21 - - [20/Feb/2021:17:47:47 +0100] "GET /hello-kitty-hair-ornements-p-13568.html HTTP/1.0" 200 71493 "-" "Mozilla/5.0 (compatible; SemrushBot/7~bl; +http://www.semrush.com/bot.html)"
17.58.101.142 - - [20/Feb/2021:17:47:55 +0100] "GET /images/mini_prod/1399984264546.jpg HTTP/1.0" 200 269 "-" "Mozilla/5.0 (Macintosh; Intel Mac OS X 10_15_5) AppleWebKit/605.1.15 (KHTML, like Gecko) Version/13.1.1 Safari/605.1.15 (Applebot/0.1; +http://www.apple.com/go/applebot)"
185.191.171.24 - - [20/Feb/2021:17:47:59 +0100] "GET /robots.txt HTTP/1.0" 200 245 "-" "Mozilla/5.0 (compatible; SemrushBot/7~bl; +http://www.semrush.com/bot.html)"
185.191.171.44 - - [20/Feb/2021:17:47:59 +0100] "GET /placemats-c-12_156.html?page=2 HTTP/1.0" 200 90841 "-" "Mozilla/5.0 (compatible; SemrushBot/7~bl; +http://www.semrush.com/bot.html)"
13.66.139.73 - - [20/Feb/2021:17:48:12 +0100] "GET /jewelry-boxes-and-holders-c-13_150_131.html HTTP/1.0" 301 89350 "-" "Mozilla/5.0 (compatible; bingbot/2.0; +http://www.bing.com/bingbot.htm)"
185.191.171.12 - - [20/Feb/2021:17:48:22 +0100] "GET /protects-mattress-fleece-cotton-p-43570.html HTTP/1.0" 200 71485 "-" "Mozilla/5.0 (compatible; SemrushBot/7~bl; +http://www.semrush.com/bot.html)"
13.66.139.88 - - [20/Feb/2021:17:48:23 +0100] "GET /robot-retro-salt-p-46874.html HTTP/1.0" 200 71885 "-" "Mozilla/5.0 (compatible; bingbot/2.0; +http://www.bing.com/bingbot.htm)"
13.66.139.88 - - [20/Feb/2021:17:48:24 +0100] "GET /disney-princess-placemat-p-22494.html HTTP/1.0" 200 71396 "-" "Mozilla/5.0 (compatible; bingbot/2.0; +http://www.bing.com/bingbot.htm)"
13.66.139.88 - - [20/Feb/2021:17:48:42 +0100] "GET /images/4010070227272.jpg HTTP/1.0" 200 259 "-" "Mozilla/5.0 (compatible; bingbot/2.0; +http://www.bing.com/bingbot.htm)"
157.55.39.246 - - [20/Feb/2021:17:48:46 +0100] "GET /js/jquery.js HTTP/1.0" 200 252 "-" "Mozilla/5.0 (compatible; bingbot/2.0; +http://www.bing.com/bingbot.htm)"
157.55.39.246 - - [20/Feb/2021:17:48:47 +0100] "GET /js/jquery.js HTTP/1.0" 200 252 "-" "Mozilla/5.0 (compatible; bingbot/2.0; +http://www.bing.com/bingbot.htm)"
13.66.139.73 - - [20/Feb/2021:17:48:51 +0100] "GET /images/8003990585740.jpg HTTP/1.0" 200 259 "-" "Mozilla/5.0 (compatible; bingbot/2.0; +http://www.bing.com/bingbot.htm)"
13.66.139.137 - - [20/Feb/2021:17:48:56 +0100] "GET /images/big_prod/3609810098879NN.jpg HTTP/1.0" 200 270 "-" "Mozilla/5.0 (compatible; bingbot/2.0; +http://www.bing.com/bingbot.htm)"
13.66.139.137 - - [20/Feb/2021:17:48:57 +0100] "GET /images/big_prod/5404006042531.jpg HTTP/1.0" 200 268 "-" "Mozilla/5.0 (compatible; bingbot/2.0; +http://www.bing.com/bingbot.htm)"
185.191.171.23 - - [20/Feb/2021:17:49:00 +0100] "GET /love-personnalized-ipad-pink-shell-p-17685.html HTTP/1.0" 200 71688 "-" "Mozilla/5.0 (compatible; SemrushBot/7~bl; +http://www.semrush.com/bot.html)"
51.68.224.127 - - [20/Feb/2021:17:49:04 +0100] "GET /adminweb/export_orders_xml.php?token=256de2z6edz6ed2z6DFSFsed2zed6zeDSFDSGdzedezfzf&maxorders=10&orderstart=1&status=14&start_date=2018-10-01 HTTP/1.0" 200 285 "-" "GesCom CharlotteBoutik Serveur"
51.68.224.127 - - [20/Feb/2021:17:49:04 +0100] "GET /adminweb/export_orders_xml.php?token=256de2z6edz6ed2z6DFSFsed2zed6zeDSFDSGdzedezfzf&maxorders=10&orderstart=1&status=6&start_date=2018-10-01 HTTP/1.0" 200 29990 "-" "GesCom CharlotteBoutik Serveur"
185.191.171.7 - - [20/Feb/2021:17:49:13 +0100] "GET /cats-dubout-metal-plate-p-30395.html HTTP/1.0" 200 71393 "-" "Mozilla/5.0 (compatible; SemrushBot/7~bl; +http://www.semrush.com/bot.html)"
13.66.139.88 - - [20/Feb/2021:17:49:13 +0100] "GET /doc-mc-stuffins-apron-pot-holder-and-glove-set-p-28190.html HTTP/1.0" 301 71785 "-" "Mozilla/5.0 (compatible; bingbot/2.0; +http://www.bing.com/bingbot.htm)"
13.66.139.137 - - [20/Feb/2021:17:49:18 +0100] "GET /top-model-personal-diary-p-29697.html HTTP/1.0" 301 68880 "-" "Mozilla/5.0 (compatible; bingbot/2.0; +http://www.bing.com/bingbot.htm)"
185.191.171.7 - - [20/Feb/2021:17:49:20 +0100] "GET /fantasy-watch-women-toucan-p-49959.html HTTP/1.0" 200 71413 "-" "Mozilla/5.0 (compatible; SemrushBot/7~bl; +http://www.semrush.com/bot.html)"
185.191.171.40 - - [20/Feb/2021:17:49:33 +0100] "GET /statuette-moai-of-easter-island-model-p-50058.html HTTP/1.0" 301 68933 "-" "Mozilla/5.0 (compatible; SemrushBot/7~bl; +http://www.semrush.com/bot.html)"
13.66.139.88 - - [20/Feb/2021:17:49:34 +0100] "GET /bird-ceramic-mug-with-infuser-p-37893.html HTTP/1.0" 301 71454 "-" "Mozilla/5.0 (compatible; bingbot/2.0; +http://www.bing.com/bingbot.htm)"
185.191.171.2 - - [20/Feb/2021:17:49:35 +0100] "GET /statuette-moai-easter-island-model-p-50058.html HTTP/1.0" 200 68832 "-" "Mozilla/5.0 (compatible; SemrushBot/7~bl; +http://www.semrush.com/bot.html)"
185.191.171.8 - - [20/Feb/2021:17:49:37 +0100] "GET /scent-heart-home-tuscan-p-53335.html HTTP/1.0" 200 71808 "-" "Mozilla/5.0 (compatible; SemrushBot/7~bl; +http://www.semrush.com/bot.html)"
54.36.149.7 - - [20/Feb/2021:17:49:39 +0100] "GET /cushion-pouf-in-canvas-p-43613.html HTTP/1.0" 301 68757 "-" "Mozilla/5.0 (compatible; AhrefsBot/7.0; +http://ahrefs.com/robot/)"
13.66.139.137 - - [20/Feb/2021:17:49:55 +0100] "GET /-p-19170.html HTTP/1.0" 200 68690 "-" "Mozilla/5.0 (compatible; bingbot/2.0; +http://www.bing.com/bingbot.htm)"
13.66.139.137 - - [20/Feb/2021:17:49:56 +0100] "GET /-p-29246.html HTTP/1.0" 200 68690 "-" "Mozilla/5.0 (compatible; bingbot/2.0; +http://www.bing.com/bingbot.htm)"
13.66.139.88 - - [20/Feb/2021:17:50:02 +0100] "GET /images/med_prod/3014627829873.jpg HTTP/1.0" 200 268 "-" "Mozilla/5.0 (compatible; bingbot/2.0; +http://www.bing.com/bingbot.htm)"
13.66.139.73 - - [20/Feb/2021:17:50:22 +0100] "GET /beatles-mug-p-29681.html HTTP/1.0" 301 71264 "-" "Mozilla/5.0 (compatible; bingbot/2.0; +http://www.bing.com/bingbot.htm)"
66.249.69.162 - - [20/Feb/2021:17:50:24 +0100] "GET /images/mini_prod/9316188081207.jpg HTTP/1.0" 200 269 "-" "Googlebot-Image/1.0"
157.55.39.159 - - [20/Feb/2021:17:50:27 +0100] "GET /fox-hot-water-bottle-p-53411.html HTTP/1.0" 301 72184 "-" "Mozilla/5.0 (compatible; bingbot/2.0; +http://www.bing.com/bingbot.htm)"
80.11.253.192 - - [20/Feb/2021:17:50:28 +0100] "GET /adminweb/index.php HTTP/1.0" 302 481 "-" "Mozilla/5.0 (Windows NT 10.0; Win64; x64) AppleWebKit/537.36 (KHTML, like Gecko) Chrome/88.0.4324.182 Safari/537.36"
80.11.253.192 - - [20/Feb/2021:17:50:28 +0100] "GET /adminweb/login.php HTTP/1.0" 200 4479 "-" "Mozilla/5.0 (Windows NT 10.0; Win64; x64) AppleWebKit/537.36 (KHTML, like Gecko) Chrome/88.0.4324.182 Safari/537.36"
13.66.139.88 - - [20/Feb/2021:17:50:44 +0100] "GET /funny-little-bugs-pairs-of-socks-size-19-22-p-25326.html HTTP/1.0" 301 71438 "-" "Mozilla/5.0 (compatible; bingbot/2.0; +http://www.bing.com/bingbot.htm)"
13.66.139.88 - - [20/Feb/2021:17:50:55 +0100] "GET /strawberry-shortcake-hat-and-scarf-p-22130.html HTTP/1.0" 301 68757 "-" "Mozilla/5.0 (compatible; bingbot/2.0; +http://www.bing.com/bingbot.htm)"
13.66.139.88 - - [20/Feb/2021:17:50:56 +0100] "GET /-p-20575.html HTTP/1.0" 200 68690 "-" "Mozilla/5.0 (compatible; bingbot/2.0; +http://www.bing.com/bingbot.htm)"
13.66.139.88 - - [20/Feb/2021:17:51:12 +0100] "GET /images/mini_prod/3609810064195.jpg HTTP/1.0" 200 269 "-" "Mozilla/5.0 (compatible; bingbot/2.0; +http://www.bing.com/bingbot.htm)"
13.66.139.88 - - [20/Feb/2021:17:51:12 +0100] "GET /images/big_prod/a3609810090736.jpg HTTP/1.0" 200 269 "-" "Mozilla/5.0 (compatible; bingbot/2.0; +http://www.bing.com/bingbot.htm)"
110.249.202.176 - - [20/Feb/2021:17:51:16 +0100] "GET /medusa-glass-paperweight-p-53622.html HTTP/1.0" 200 71950 "-" "Mozilla/5.0 (Linux; Android 5.0) AppleWebKit/537.36 (KHTML, like Gecko) Mobile Safari/537.36 (compatible; Bytespider; https://zhanzhang.toutiao.com/)"
110.249.202.173 - - [20/Feb/2021:17:51:17 +0100] "GET /swfobject.js HTTP/1.0" 404 1308 "http://www.wonder-geek.com/medusa-glass-paperweight-p-53622.html" "Mozilla/5.0 (Linux; Android 5.0) AppleWebKit/537.36 (KHTML, like Gecko) Mobile Safari/537.36 (compatible; Bytespider; https://zhanzhang.toutiao.com/)"
13.66.139.137 - - [20/Feb/2021:17:51:17 +0100] "GET /-p-19580.html HTTP/1.0" 200 68690 "-" "Mozilla/5.0 (compatible; bingbot/2.0; +http://www.bing.com/bingbot.htm)"
110.249.202.171 - - [20/Feb/2021:17:51:18 +0100] "GET /images/big_prod_1/5400924075941B.jpg HTTP/1.0" 200 271 "http://www.wonder-geek.com/medusa-glass-paperweight-p-53622.html" "Mozilla/5.0 (Linux; Android 5.0) AppleWebKit/537.36 (KHTML, like Gecko) Mobile Safari/537.36 (compatible; Bytespider; https://zhanzhang.toutiao.com/)"
110.249.202.171 - - [20/Feb/2021:17:51:19 +0100] "GET /images/big_prod/5400924075941.jpg HTTP/1.0" 200 268 "http://www.wonder-geek.com/medusa-glass-paperweight-p-53622.html" "Mozilla/5.0 (Linux; Android 5.0) AppleWebKit/537.36 (KHTML, like Gecko) Mobile Safari/537.36 (compatible; Bytespider; https://zhanzhang.toutiao.com/)"
110.249.202.184 - - [20/Feb/2021:17:51:19 +0100] "GET /highslide/graphics/zoomout.cur HTTP/1.0" 200 614 "http://www.wonder-geek.com/medusa-glass-paperweight-p-53622.html" "Mozilla/5.0 (Linux; Android 5.0) AppleWebKit/537.36 (KHTML, like Gecko) Mobile Safari/537.36 (compatible; Bytespider; https://zhanzhang.toutiao.com/)"
185.191.171.9 - - [20/Feb/2021:17:51:26 +0100] "GET /pebble-clock-p-52770.html?action=add_product HTTP/1.0" 302 476 "-" "Mozilla/5.0 (compatible; SemrushBot/7~bl; +http://www.semrush.com/bot.html)"
185.191.171.17 - - [20/Feb/2021:17:51:43 +0100] "GET /cotton-kitchen-towel-newyork-p-53918.html?action=add_product HTTP/1.0" 302 476 "-" "Mozilla/5.0 (compatible; SemrushBot/7~bl; +http://www.semrush.com/bot.html)"
13.66.139.137 - - [20/Feb/2021:17:51:55 +0100] "GET /-p-19124.html HTTP/1.0" 200 68690 "-" "Mozilla/5.0 (compatible; bingbot/2.0; +http://www.bing.com/bingbot.htm)"
13.66.139.137 - - [20/Feb/2021:17:51:56 +0100] "GET /dubout-cats-mug-p-33315.html HTTP/1.0" 301 68826 "-" "Mozilla/5.0 (compatible; bingbot/2.0; +http://www.bing.com/bingbot.htm)"
185.191.171.6 - - [20/Feb/2021:17:51:56 +0100] "GET /white-ceramic-dish-little-prince-p-52500.html HTTP/1.0" 200 71377 "-" "Mozilla/5.0 (compatible; SemrushBot/7~bl; +http://www.semrush.com/bot.html)"
185.191.171.40 - - [20/Feb/2021:17:51:59 +0100] "GET /incense-holder-and-incense-burner-c-13_229.html HTTP/1.0" 301 89256 "-" "Mozilla/5.0 (compatible; SemrushBot/7~bl; +http://www.semrush.com/bot.html)"
185.191.171.34 - - [20/Feb/2021:17:52:02 +0100] "GET /incense-holder-incense-burner-c-229.html HTTP/1.0" 301 89144 "-" "Mozilla/5.0 (compatible; SemrushBot/7~bl; +http://www.semrush.com/bot.html)"
185.191.171.17 - - [20/Feb/2021:17:52:04 +0100] "GET /incense-holder-incense-burner-c-231_229.html HTTP/1.0" 200 89181 "-" "Mozilla/5.0 (compatible; SemrushBot/7~bl; +http://www.semrush.com/bot.html)"
13.66.139.137 - - [20/Feb/2021:17:52:16 +0100] "GET /mrhappy-usa-reporter-bag-p-16872.html HTTP/1.0" 301 68874 "-" "Mozilla/5.0 (compatible; bingbot/2.0; +http://www.bing.com/bingbot.htm)"
13.66.139.73 - - [20/Feb/2021:17:52:23 +0100] "GET /mustache-money-box-by-cbkreation-p-16695.html HTTP/1.0" 301 71624 "-" "Mozilla/5.0 (compatible; bingbot/2.0; +http://www.bing.com/bingbot.htm)"
13.66.139.137 - - [20/Feb/2021:17:52:36 +0100] "GET /images/med_prod/3585190849969.jpg HTTP/1.0" 200 268 "-" "Mozilla/5.0 (compatible; bingbot/2.0; +http://www.bing.com/bingbot.htm)"
13.66.139.137 - - [20/Feb/2021:17:52:37 +0100] "GET /mini-led-flashlight-light-mickey-mouse-orange-p-35787.html HTTP/1.0" 301 71807 "-" "Mozilla/5.0 (compatible; bingbot/2.0; +http://www.bing.com/bingbot.htm)"
185.191.171.34 - - [20/Feb/2021:17:52:39 +0100] "GET /little-prince-sword-p-15068.html?action=add_product HTTP/1.0" 302 476 "-" "Mozilla/5.0 (compatible; SemrushBot/7~bl; +http://www.semrush.com/bot.html)"
185.191.171.33 - - [20/Feb/2021:17:52:55 +0100] "GET /stone-petrified-wood-grams-p-46568.html HTTP/1.0" 200 72626 "-" "Mozilla/5.0 (compatible; SemrushBot/7~bl; +http://www.semrush.com/bot.html)"
13.66.139.88 - - [20/Feb/2021:17:52:56 +0100] "GET /coca-cola-large-metal-plate-deco-p-27960.html HTTP/1.0" 200 71375 "-" "Mozilla/5.0 (compatible; bingbot/2.0; +http://www.bing.com/bingbot.htm)"
185.191.171.6 - - [20/Feb/2021:17:53:00 +0100] "GET /paper-currency-mug-by-cbkreation-p-26474.html HTTP/1.0" 301 71478 "-" "Mozilla/5.0 (compatible; SemrushBot/7~bl; +http://www.semrush.com/bot.html)"
185.191.171.16 - - [20/Feb/2021:17:53:03 +0100] "GET /paper-currency-cbkreation-p-26474.html HTTP/1.0" 200 71386 "-" "Mozilla/5.0 (compatible; SemrushBot/7~bl; +http://www.semrush.com/bot.html)"
185.191.171.5 - - [20/Feb/2021:17:53:05 +0100] "GET /large-gorjuss-lever-binder-a4-my-gift-to-you-p-47751.html HTTP/1.0" 301 68934 "-" "Mozilla/5.0 (compatible; SemrushBot/7~bl; +http://www.semrush.com/bot.html)"
176.54.40.4 - - [20/Feb/2021:17:53:07 +0100] "GET /morgan-paris-watch-p-38193.html HTTP/1.0" 200 71555 "http://www.google.com/" "Mozilla/5.0 (Linux; Android 9; MI 6) AppleWebKit/537.36 (KHTML, like Gecko) Chrome/88.0.4324.152 Mobile Safari/537.36"
176.54.40.4 - - [20/Feb/2021:17:53:07 +0100] "GET /templates/Pixame_v1/stylesheet.css HTTP/1.0" 200 267 "http://www.wonder-geek.com/morgan-paris-watch-p-38193.html" "Mozilla/5.0 (Linux; Android 9; MI 6) AppleWebKit/537.36 (KHTML, like Gecko) Chrome/88.0.4324.152 Mobile Safari/537.36"
176.54.40.4 - - [20/Feb/2021:17:53:07 +0100] "GET /js/jquery.js HTTP/1.0" 200 252 "http://www.wonder-geek.com/morgan-paris-watch-p-38193.html" "Mozilla/5.0 (Linux; Android 9; MI 6) AppleWebKit/537.36 (KHTML, like Gecko) Chrome/88.0.4324.152 Mobile Safari/537.36"
176.54.40.4 - - [20/Feb/2021:17:53:07 +0100] "GET /highslide/highslide.js HTTP/1.0" 200 262 "http://www.wonder-geek.com/morgan-paris-watch-p-38193.html" "Mozilla/5.0 (Linux; Android 9; MI 6) AppleWebKit/537.36 (KHTML, like Gecko) Chrome/88.0.4324.152 Mobile Safari/537.36"
176.54.40.4 - - [20/Feb/2021:17:53:07 +0100] "GET /js/jquery.jqzoom.js HTTP/1.0" 200 259 "http://www.wonder-geek.com/morgan-paris-watch-p-38193.html" "Mozilla/5.0 (Linux; Android 9; MI 6) AppleWebKit/537.36 (KHTML, like Gecko) Chrome/88.0.4324.152 Mobile Safari/537.36"
176.54.40.4 - - [20/Feb/2021:17:53:07 +0100] "GET /mondial_relay/js/jquery-1.3.2.min.js HTTP/1.0" 200 276 "http://www.wonder-geek.com/morgan-paris-watch-p-38193.html" "Mozilla/5.0 (Linux; Android 9; MI 6) AppleWebKit/537.36 (KHTML, like Gecko) Chrome/88.0.4324.152 Mobile Safari/537.36"
176.54.40.4 - - [20/Feb/2021:17:53:07 +0100] "GET /swfobject.js HTTP/1.0" 404 1308 "http://www.wonder-geek.com/morgan-paris-watch-p-38193.html" "Mozilla/5.0 (Linux; Android 9; MI 6) AppleWebKit/537.36 (KHTML, like Gecko) Chrome/88.0.4324.152 Mobile Safari/537.36"
176.54.40.4 - - [20/Feb/2021:17:53:08 +0100] "GET /images/pixel_trans.gif HTTP/1.0" 200 328 "http://www.wonder-geek.com/morgan-paris-watch-p-38193.html" "Mozilla/5.0 (Linux; Android 9; MI 6) AppleWebKit/537.36 (KHTML, like Gecko) Chrome/88.0.4324.152 Mobile Safari/537.36"
176.54.40.4 - - [20/Feb/2021:17:53:08 +0100] "GET /templates/Pixame_v1/images/buttons/english/button_in_cart.gif HTTP/1.0" 200 295 "http://www.wonder-geek.com/morgan-paris-watch-p-38193.html" "Mozilla/5.0 (Linux; Android 9; MI 6) AppleWebKit/537.36 (KHTML, like Gecko) Chrome/88.0.4324.152 Mobile Safari/537.36"
176.54.40.4 - - [20/Feb/2021:17:53:08 +0100] "GET /swfobject.js HTTP/1.0" 404 1308 "http://www.wonder-geek.com/morgan-paris-watch-p-38193.html" "Mozilla/5.0 (Linux; Android 9; MI 6) AppleWebKit/537.36 (KHTML, like Gecko) Chrome/88.0.4324.152 Mobile Safari/537.36"
176.54.40.4 - - [20/Feb/2021:17:53:08 +0100] "GET /templates/Pixame_v1/images/icon_accueil2.png HTTP/1.0" 200 278 "http://www.wonder-geek.com/morgan-paris-watch-p-38193.html" "Mozilla/5.0 (Linux; Android 9; MI 6) AppleWebKit/537.36 (KHTML, like Gecko) Chrome/88.0.4324.152 Mobile Safari/537.36"
176.54.40.4 - - [20/Feb/2021:17:53:08 +0100] "GET /templates/Pixame_v1/images/Bottom_texture.jpg HTTP/1.0" 200 280 "http://www.wonder-geek.com/templates/Pixame_v1/stylesheet.css" "Mozilla/5.0 (Linux; Android 9; MI 6) AppleWebKit/537.36 (KHTML, like Gecko) Chrome/88.0.4324.152 Mobile Safari/537.36"
176.54.40.4 - - [20/Feb/2021:17:53:08 +0100] "GET /templates/Pixame_v1/images/Middle_texture.jpg HTTP/1.0" 200 280 "http://www.wonder-geek.com/templates/Pixame_v1/stylesheet.css" "Mozilla/5.0 (Linux; Android 9; MI 6) AppleWebKit/537.36 (KHTML, like Gecko) Chrome/88.0.4324.152 Mobile Safari/537.36"
