185.191.171.9 - - [20/Feb/2021:07:54:32 +0100] "GET /stone-carnelian-80-90-grams-p-46572.html HTTP/1.0" 301 72907 "-" "Mozilla/5.0 (compatible; SemrushBot/7~bl; +http://www.semrush.com/bot.html)"
185.191.171.2 - - [20/Feb/2021:07:54:34 +0100] "GET /stone-carnelian-grams-p-46572.html HTTP/1.0" 200 72819 "-" "Mozilla/5.0 (compatible; SemrushBot/7~bl; +http://www.semrush.com/bot.html)"
13.66.139.137 - - [20/Feb/2021:07:54:38 +0100] "GET /tour-eiffel-2cv-bedclothes-p-15120.html HTTP/1.0" 301 68757 "-" "Mozilla/5.0 (compatible; bingbot/2.0; +http://www.bing.com/bingbot.htm)"
216.244.66.242 - - [20/Feb/2021:07:55:02 +0100] "GET /disney-princess-mattress-swimming-pool-p-19982.html HTTP/1.0" 200 71573 "-" "Mozilla/5.0 (compatible; DotBot/1.1; http://www.opensiteexplorer.org/dotbot, help@moz.com)"
185.191.171.26 - - [20/Feb/2021:07:55:02 +0100] "GET /artist-rabbit-sweet-honey-sonny-angel-figure-p-46396.html?action=add_product HTTP/1.0" 302 476 "-" "Mozilla/5.0 (compatible; SemrushBot/7~bl; +http://www.semrush.com/bot.html)"
216.244.66.242 - - [20/Feb/2021:07:55:07 +0100] "GET /metal-lamp-black-38-cm-p-48266.html HTTP/1.0" 301 72020 "-" "Mozilla/5.0 (compatible; DotBot/1.1; http://www.opensiteexplorer.org/dotbot, help@moz.com)"
216.244.66.242 - - [20/Feb/2021:07:55:11 +0100] "GET /owl-paris-cotton-adult-apron-p-41604.html HTTP/1.0" 301 71429 "-" "Mozilla/5.0 (compatible; DotBot/1.1; http://www.opensiteexplorer.org/dotbot, help@moz.com)"
216.244.66.242 - - [20/Feb/2021:07:55:14 +0100] "GET /zodiac-white-women-tee-shirt-p-30777.html HTTP/1.0" 301 73442 "-" "Mozilla/5.0 (compatible; DotBot/1.1; http://www.opensiteexplorer.org/dotbot, help@moz.com)"
185.191.171.23 - - [20/Feb/2021:07:55:27 +0100] "GET /handy-manny-money-p-8421.html?action=add_product HTTP/1.0" 302 476 "-" "Mozilla/5.0 (compatible; SemrushBot/7~bl; +http://www.semrush.com/bot.html)"
185.191.171.45 - - [20/Feb/2021:07:55:37 +0100] "GET /small-teddy-bear-rabbit-christmas-tree-decoration-p-53984.html HTTP/1.0" 200 71686 "-" "Mozilla/5.0 (compatible; SemrushBot/7~bl; +http://www.semrush.com/bot.html)"
185.191.171.5 - - [20/Feb/2021:07:55:41 +0100] "GET /pink-flamingo-white-women-shirt-p-34207.html HTTP/1.0" 200 73633 "-" "Mozilla/5.0 (compatible; SemrushBot/7~bl; +http://www.semrush.com/bot.html)"
216.244.66.242 - - [20/Feb/2021:07:55:46 +0100] "GET /poker-dogs-between-optical-usb-mouse-and-mouse-pad-p-19049.html HTTP/1.0" 301 68757 "-" "Mozilla/5.0 (compatible; DotBot/1.1; http://www.opensiteexplorer.org/dotbot, help@moz.com)"
13.66.139.137 - - [20/Feb/2021:07:55:48 +0100] "GET /images/med_prod/1341689282653.jpg HTTP/1.0" 200 268 "-" "Mozilla/5.0 (compatible; bingbot/2.0; +http://www.bing.com/bingbot.htm)"
54.36.149.85 - - [20/Feb/2021:07:55:48 +0100] "GET /cafe-de-la-gare-wood-large-clock-p-38436.html HTTP/1.0" 301 71491 "-" "Mozilla/5.0 (compatible; AhrefsBot/7.0; +http://ahrefs.com/robot/)"
13.66.139.137 - - [20/Feb/2021:07:55:49 +0100] "GET /mickey-mouse-smile-suitcase-p-34798.html HTTP/1.0" 200 68816 "-" "Mozilla/5.0 (compatible; bingbot/2.0; +http://www.bing.com/bingbot.htm)"
13.66.139.137 - - [20/Feb/2021:07:55:50 +0100] "GET /-p-2849.html HTTP/1.0" 200 68688 "-" "Mozilla/5.0 (compatible; bingbot/2.0; +http://www.bing.com/bingbot.htm)"
185.191.171.4 - - [20/Feb/2021:07:55:51 +0100] "GET /peace-love-romero-britto-small-notebook-p-32419.html HTTP/1.0" 200 71547 "-" "Mozilla/5.0 (compatible; SemrushBot/7~bl; +http://www.semrush.com/bot.html)"
157.55.39.170 - - [20/Feb/2021:07:55:55 +0100] "GET /robots.txt HTTP/1.0" 200 245 "-" "Mozilla/5.0 (compatible; bingbot/2.0; +http://www.bing.com/bingbot.htm)"
157.55.39.170 - - [20/Feb/2021:07:55:56 +0100] "GET /robots.txt HTTP/1.0" 200 245 "-" "Mozilla/5.0 (compatible; bingbot/2.0; +http://www.bing.com/bingbot.htm)"
13.66.139.137 - - [20/Feb/2021:07:56:00 +0100] "GET /images/mini_prod/3014627932689.jpg HTTP/1.0" 200 269 "-" "Mozilla/5.0 (compatible; bingbot/2.0; +http://www.bing.com/bingbot.htm)"
13.66.139.73 - - [20/Feb/2021:07:56:09 +0100] "GET /llama-love-figurine-10-cm-p-47611.html HTTP/1.0" 301 71459 "-" "Mozilla/5.0 (compatible; bingbot/2.0; +http://www.bing.com/bingbot.htm)"
13.66.139.73 - - [20/Feb/2021:07:56:10 +0100] "GET /ibiza-poster-p-32261.html HTTP/1.0" 200 68741 "-" "Mozilla/5.0 (compatible; bingbot/2.0; +http://www.bing.com/bingbot.htm)"
13.66.139.137 - - [20/Feb/2021:07:56:18 +0100] "GET /-p-9697.html HTTP/1.0" 200 68688 "-" "Mozilla/5.0 (compatible; bingbot/2.0; +http://www.bing.com/bingbot.htm)"
157.55.39.67 - - [20/Feb/2021:07:56:24 +0100] "GET /glass-votive-holder-heart-and-home-metallic-yellow-p-39905.html HTTP/1.0" 301 72676 "-" "Mozilla/5.0 (compatible; bingbot/2.0; +http://www.bing.com/bingbot.htm)"
13.66.139.88 - - [20/Feb/2021:07:56:39 +0100] "GET /merci-gustave-eiffel-tower-usa-minigus-p-31375.html HTTP/1.0" 301 68964 "-" "Mozilla/5.0 (compatible; bingbot/2.0; +http://www.bing.com/bingbot.htm)"
13.66.139.88 - - [20/Feb/2021:07:56:40 +0100] "GET /cars-round-table-p-18801.html HTTP/1.0" 200 71455 "-" "Mozilla/5.0 (compatible; bingbot/2.0; +http://www.bing.com/bingbot.htm)"
220.243.135.248 - - [20/Feb/2021:07:56:48 +0100] "GET /kids-school-bag-c-31_80.html HTTP/1.0" 301 89064 "-" "Mozilla/5.0 (compatible; Bytespider; https://zhanzhang.toutiao.com/) AppleWebKit/537.36 (KHTML, like Gecko) Chrome/70.0.0.0 Safari/537.36"
220.243.135.238 - - [20/Feb/2021:07:56:50 +0100] "GET /kids-school-c-80.html HTTP/1.0" 301 88909 "-" "Mozilla/5.0 (compatible; Bytespider; https://zhanzhang.toutiao.com/) AppleWebKit/537.36 (KHTML, like Gecko) Chrome/70.0.0.0 Safari/537.36"
220.243.135.231 - - [20/Feb/2021:07:56:51 +0100] "GET /kids-school-c-31_80.html HTTP/1.0" 200 88989 "-" "Mozilla/5.0 (compatible; Bytespider; https://zhanzhang.toutiao.com/) AppleWebKit/537.36 (KHTML, like Gecko) Chrome/70.0.0.0 Safari/537.36"
220.243.135.231 - - [20/Feb/2021:07:56:53 +0100] "GET /js/jquery.min.js HTTP/1.0" 404 1308 "http://www.wonder-geek.com/kids-school-c-31_80.html" "Mozilla/5.0 (compatible; Bytespider; https://zhanzhang.toutiao.com/) AppleWebKit/537.36 (KHTML, like Gecko) Chrome/70.0.0.0 Safari/537.36"
220.243.135.220 - - [20/Feb/2021:07:56:56 +0100] "GET /swfobject.js HTTP/1.0" 404 1308 "http://www.wonder-geek.com/kids-school-c-31_80.html" "Mozilla/5.0 (compatible; Bytespider; https://zhanzhang.toutiao.com/) AppleWebKit/537.36 (KHTML, like Gecko) Chrome/70.0.0.0 Safari/537.36"
220.243.135.220 - - [20/Feb/2021:07:56:56 +0100] "GET /js/jquery.min.js HTTP/1.0" 404 1308 "http://www.wonder-geek.com/kids-school-c-31_80.html" "Mozilla/5.0 (compatible; Bytespider; https://zhanzhang.toutiao.com/) AppleWebKit/537.36 (KHTML, like Gecko) Chrome/70.0.0.0 Safari/537.36"
54.36.148.90 - - [20/Feb/2021:07:57:27 +0100] "GET /old-fashioned-owl-biscuit-jar-p-38661.html HTTP/1.0" 301 71464 "-" "Mozilla/5.0 (compatible; AhrefsBot/7.0; +http://ahrefs.com/robot/)"
13.66.139.137 - - [20/Feb/2021:07:57:28 +0100] "GET /kimmidoll-mirror-pendant-bag-p-12993.html HTTP/1.0" 301 68757 "-" "Mozilla/5.0 (compatible; bingbot/2.0; +http://www.bing.com/bingbot.htm)"
13.66.139.137 - - [20/Feb/2021:07:57:29 +0100] "GET /-p-20323.html HTTP/1.0" 200 68690 "-" "Mozilla/5.0 (compatible; bingbot/2.0; +http://www.bing.com/bingbot.htm)"
13.66.139.73 - - [20/Feb/2021:07:57:39 +0100] "GET /beatles-picture-metal-magnet-p-10807.html HTTP/1.0" 200 68792 "-" "Mozilla/5.0 (compatible; bingbot/2.0; +http://www.bing.com/bingbot.htm)"
157.55.39.99 - - [20/Feb/2021:07:57:43 +0100] "GET /decorations-and-furnishings/decorations/hello-kitty-festone-p-16867.html HTTP/1.0" 301 68856 "-" "Mozilla/5.0 (compatible; bingbot/2.0; +http://www.bing.com/bingbot.htm)"
157.55.39.99 - - [20/Feb/2021:07:57:44 +0100] "GET /hello-kitty-swimming-armband-p-20701.html HTTP/1.0" 200 68821 "-" "Mozilla/5.0 (compatible; bingbot/2.0; +http://www.bing.com/bingbot.htm)"
185.191.171.9 - - [20/Feb/2021:07:58:03 +0100] "GET /cats-potholder-p-43824.html HTTP/1.0" 200 71268 "-" "Mozilla/5.0 (compatible; SemrushBot/7~bl; +http://www.semrush.com/bot.html)"
185.191.171.38 - - [20/Feb/2021:07:58:05 +0100] "GET /cats-stars-coasters-p-37885.html HTTP/1.0" 200 71310 "-" "Mozilla/5.0 (compatible; SemrushBot/7~bl; +http://www.semrush.com/bot.html)"
185.191.171.8 - - [20/Feb/2021:07:58:20 +0100] "GET /tetsubin-black-teapot-japanese-liter-p-40898.html?action=add_product HTTP/1.0" 302 476 "-" "Mozilla/5.0 (compatible; SemrushBot/7~bl; +http://www.semrush.com/bot.html)"
185.191.171.4 - - [20/Feb/2021:07:58:26 +0100] "GET /stone-polychrome-jasper-140-150-grams-p-46584.html HTTP/1.0" 301 72751 "-" "Mozilla/5.0 (compatible; SemrushBot/7~bl; +http://www.semrush.com/bot.html)"
185.191.171.5 - - [20/Feb/2021:07:58:29 +0100] "GET /stone-polychrome-jasper-grams-p-46584.html HTTP/1.0" 200 72655 "-" "Mozilla/5.0 (compatible; SemrushBot/7~bl; +http://www.semrush.com/bot.html)"
13.66.139.73 - - [20/Feb/2021:07:58:39 +0100] "GET /-p-17869.html HTTP/1.0" 200 68690 "-" "Mozilla/5.0 (compatible; bingbot/2.0; +http://www.bing.com/bingbot.htm)"
54.36.148.90 - - [20/Feb/2021:07:58:59 +0100] "GET /set-and-breakfast-set-c-12_61.html?page=4 HTTP/1.0" 301 90816 "-" "Mozilla/5.0 (compatible; AhrefsBot/7.0; +http://ahrefs.com/robot/)"
13.66.139.88 - - [20/Feb/2021:07:58:59 +0100] "GET /coca-cola-rectangular-large-metal-plate-p-33725.html HTTP/1.0" 200 68836 "-" "Mozilla/5.0 (compatible; bingbot/2.0; +http://www.bing.com/bingbot.htm)"
185.191.171.4 - - [20/Feb/2021:07:59:01 +0100] "GET /ethnic-style-burlap-table-p-48441.html HTTP/1.0" 200 71312 "-" "Mozilla/5.0 (compatible; SemrushBot/7~bl; +http://www.semrush.com/bot.html)"
13.66.139.137 - - [20/Feb/2021:07:59:38 +0100] "GET /eyelet-curtain-135-240-cm-p-52384.html HTTP/1.0" 301 73590 "-" "Mozilla/5.0 (compatible; bingbot/2.0; +http://www.bing.com/bingbot.htm)"
185.191.171.6 - - [20/Feb/2021:07:59:45 +0100] "GET /candy-cover-for-samsung-s4-cbkreation-p-27018.html HTTP/1.0" 301 68922 "-" "Mozilla/5.0 (compatible; SemrushBot/7~bl; +http://www.semrush.com/bot.html)"
185.191.171.25 - - [20/Feb/2021:07:59:48 +0100] "GET /candy-cover-samsung-cbkreation-p-27018.html HTTP/1.0" 200 68825 "-" "Mozilla/5.0 (compatible; SemrushBot/7~bl; +http://www.semrush.com/bot.html)"
13.66.139.73 - - [20/Feb/2021:08:00:19 +0100] "GET /the-little-friend-vintage-gorjuss-post-card-p-34614.html HTTP/1.0" 301 68994 "-" "Mozilla/5.0 (compatible; bingbot/2.0; +http://www.bing.com/bingbot.htm)"
66.249.69.162 - - [20/Feb/2021:08:00:29 +0100] "GET /blacks-litre-p-31417.html HTTP/1.0" 200 71309 "-" "Mozilla/5.0 (Linux; Android 6.0.1; Nexus 5X Build/MMB29P) AppleWebKit/537.36 (KHTML, like Gecko) Chrome/88.0.4324.153 Mobile Safari/537.36 (compatible; Googlebot/2.1; +http://www.google.com/bot.html)"
54.36.148.90 - - [20/Feb/2021:08:00:32 +0100] "GET /metal-wall-hook-the-wines-p-46796.html HTTP/1.0" 301 72270 "-" "Mozilla/5.0 (compatible; AhrefsBot/7.0; +http://ahrefs.com/robot/)"
13.66.139.137 - - [20/Feb/2021:08:00:38 +0100] "GET /green-moonstone-sold-by-weight-125-grs-p-48724.html HTTP/1.0" 301 68892 "-" "Mozilla/5.0 (compatible; bingbot/2.0; +http://www.bing.com/bingbot.htm)"
185.191.171.20 - - [20/Feb/2021:08:00:40 +0100] "GET /zen-canvas-frame-40-40-cm-p-38508.html HTTP/1.0" 301 71470 "-" "Mozilla/5.0 (compatible; SemrushBot/7~bl; +http://www.semrush.com/bot.html)"
185.191.171.40 - - [20/Feb/2021:08:00:43 +0100] "GET /canvas-frame-p-38508.html HTTP/1.0" 200 71391 "-" "Mozilla/5.0 (compatible; SemrushBot/7~bl; +http://www.semrush.com/bot.html)"
13.66.139.88 - - [20/Feb/2021:08:00:48 +0100] "GET /images/big_prod/8422011475806.jpg HTTP/1.0" 200 268 "-" "Mozilla/5.0 (compatible; bingbot/2.0; +http://www.bing.com/bingbot.htm)"
185.191.171.34 - - [20/Feb/2021:08:00:48 +0100] "GET /ohm-lotus-set-of-cork-coasters-p-45030.html HTTP/1.0" 301 72070 "-" "Mozilla/5.0 (compatible; SemrushBot/7~bl; +http://www.semrush.com/bot.html)"
13.66.139.88 - - [20/Feb/2021:08:00:49 +0100] "GET /bottle-despicable-me-p-36838.html HTTP/1.0" 301 71384 "-" "Mozilla/5.0 (compatible; bingbot/2.0; +http://www.bing.com/bingbot.htm)"
185.191.171.6 - - [20/Feb/2021:08:00:51 +0100] "GET /lotus-cork-coasters-p-45030.html HTTP/1.0" 200 71984 "-" "Mozilla/5.0 (compatible; SemrushBot/7~bl; +http://www.semrush.com/bot.html)"
13.66.139.73 - - [20/Feb/2021:08:01:09 +0100] "GET /teo-jasmin-pencil-case-teo-marley-p-41282.html HTTP/1.0" 301 72168 "-" "Mozilla/5.0 (compatible; bingbot/2.0; +http://www.bing.com/bingbot.htm)"
13.66.139.137 - - [20/Feb/2021:08:01:19 +0100] "GET /images/big_prod/3503420121548.jpg HTTP/1.0" 200 268 "-" "Mozilla/5.0 (compatible; bingbot/2.0; +http://www.bing.com/bingbot.htm)"
13.66.139.137 - - [20/Feb/2021:08:01:19 +0100] "GET /-p-15701.html HTTP/1.0" 200 68690 "-" "Mozilla/5.0 (compatible; bingbot/2.0; +http://www.bing.com/bingbot.htm)"
13.66.139.137 - - [20/Feb/2021:08:01:20 +0100] "GET /garden-gnomes-set-cups-espresso-p-32013.html HTTP/1.0" 301 68928 "-" "Mozilla/5.0 (compatible; bingbot/2.0; +http://www.bing.com/bingbot.htm)"
185.191.171.44 - - [20/Feb/2021:08:01:40 +0100] "GET /little-prince-make-pencil-case-made-france-p-52344.html?action=add_product HTTP/1.0" 302 476 "-" "Mozilla/5.0 (compatible; SemrushBot/7~bl; +http://www.semrush.com/bot.html)"
66.249.69.164 - - [20/Feb/2021:08:01:49 +0100] "GET /cotton-floor-cushion-beige-and-lin-45-cm-p-38997.html HTTP/1.0" 301 71529 "-" "Mozilla/5.0 (Linux; Android 6.0.1; Nexus 5X Build/MMB29P) AppleWebKit/537.36 (KHTML, like Gecko) Chrome/88.0.4324.153 Mobile Safari/537.36 (compatible; Googlebot/2.1; +http://www.google.com/bot.html)"
66.249.69.164 - - [20/Feb/2021:08:01:50 +0100] "GET /cotton-floor-cushion-beige-p-38997.html HTTP/1.0" 200 71436 "-" "Mozilla/5.0 (Linux; Android 6.0.1; Nexus 5X Build/MMB29P) AppleWebKit/537.36 (KHTML, like Gecko) Chrome/88.0.4324.153 Mobile Safari/537.36 (compatible; Googlebot/2.1; +http://www.google.com/bot.html)"
51.68.224.127 - - [20/Feb/2021:08:01:55 +0100] "GET /adminweb/export_orders_xml.php?token=256de2z6edz6ed2z6DFSFsed2zed6zeDSFDSGdzedezfzf&maxorders=10&orderstart=1&status=14&start_date=2018-10-01 HTTP/1.0" 200 285 "-" "GesCom CharlotteBoutik Serveur"
51.68.224.127 - - [20/Feb/2021:08:01:55 +0100] "GET /adminweb/export_orders_xml.php?token=256de2z6edz6ed2z6DFSFsed2zed6zeDSFDSGdzedezfzf&maxorders=10&orderstart=1&status=6&start_date=2018-10-01 HTTP/1.0" 200 29990 "-" "GesCom CharlotteBoutik Serveur"
13.66.139.88 - - [20/Feb/2021:08:01:59 +0100] "GET /-p-34581.html HTTP/1.0" 200 68690 "-" "Mozilla/5.0 (compatible; bingbot/2.0; +http://www.bing.com/bingbot.htm)"
54.36.149.48 - - [20/Feb/2021:08:02:12 +0100] "GET /buddha-decorative-statue-255-cm-p-38542.html HTTP/1.0" 301 71541 "-" "Mozilla/5.0 (compatible; AhrefsBot/7.0; +http://ahrefs.com/robot/)"
185.191.171.22 - - [20/Feb/2021:08:02:23 +0100] "GET /megve-rochebrune-ring-p-50006.html?action=add_product HTTP/1.0" 302 476 "-" "Mozilla/5.0 (compatible; SemrushBot/7~bl; +http://www.semrush.com/bot.html)"
185.191.171.39 - - [20/Feb/2021:08:02:36 +0100] "GET /wooden-cellar-p-51435.html HTTP/1.0" 200 71568 "-" "Mozilla/5.0 (compatible; SemrushBot/7~bl; +http://www.semrush.com/bot.html)"
13.66.139.88 - - [20/Feb/2021:08:02:40 +0100] "GET /bowl-black-ceramic-wine-bar-p-45681.html HTTP/1.0" 301 71468 "-" "Mozilla/5.0 (compatible; bingbot/2.0; +http://www.bing.com/bingbot.htm)"
13.66.139.73 - - [20/Feb/2021:08:02:50 +0100] "GET /sheaffer-fountain-pen-ferrari-intensity-p-37636.html HTTP/1.0" 301 68970 "-" "Mozilla/5.0 (compatible; bingbot/2.0; +http://www.bing.com/bingbot.htm)"
13.66.139.137 - - [20/Feb/2021:08:03:19 +0100] "GET /images/big_prod/3503420208379.jpg HTTP/1.0" 200 268 "-" "Mozilla/5.0 (compatible; bingbot/2.0; +http://www.bing.com/bingbot.htm)"
185.191.171.23 - - [20/Feb/2021:08:03:34 +0100] "GET /nici-ayumi-pink-brown-shoulder-p-33440.html?action=add_product HTTP/1.0" 302 476 "-" "Mozilla/5.0 (compatible; SemrushBot/7~bl; +http://www.semrush.com/bot.html)"
185.191.171.38 - - [20/Feb/2021:08:03:40 +0100] "GET /sonny-angel-vegetable-series-p-51168.html HTTP/1.0" 200 71612 "-" "Mozilla/5.0 (compatible; SemrushBot/7~bl; +http://www.semrush.com/bot.html)"
54.36.148.90 - - [20/Feb/2021:08:03:46 +0100] "GET /gormiti-stamp-set-p-6583.html HTTP/1.0" 301 71580 "-" "Mozilla/5.0 (compatible; AhrefsBot/7.0; +http://ahrefs.com/robot/)"
185.191.171.3 - - [20/Feb/2021:08:03:49 +0100] "GET /retro-metal-lantern-rusty-35-cm-led-p-42516.html HTTP/1.0" 301 68896 "-" "Mozilla/5.0 (compatible; SemrushBot/7~bl; +http://www.semrush.com/bot.html)"
185.191.171.45 - - [20/Feb/2021:08:03:51 +0100] "GET /retro-metal-lantern-rusty-p-42516.html HTTP/1.0" 200 68804 "-" "Mozilla/5.0 (compatible; SemrushBot/7~bl; +http://www.semrush.com/bot.html)"
111.225.148.176 - - [20/Feb/2021:08:03:54 +0100] "GET /fitted-sheet-c-11_193.html HTTP/1.0" 200 88945 "-" "Mozilla/5.0 (compatible; Bytespider; https://zhanzhang.toutiao.com/) AppleWebKit/537.36 (KHTML, like Gecko) Chrome/70.0.0.0 Safari/537.36"
111.225.148.181 - - [20/Feb/2021:08:03:54 +0100] "GET /swfobject.js HTTP/1.0" 404 1308 "http://www.wonder-geek.com/fitted-sheet-c-11_193.html" "Mozilla/5.0 (compatible; Bytespider; https://zhanzhang.toutiao.com/) AppleWebKit/537.36 (KHTML, like Gecko) Chrome/70.0.0.0 Safari/537.36"
111.225.148.176 - - [20/Feb/2021:08:04:00 +0100] "GET /js/jquery.min.js HTTP/1.0" 404 1308 "http://www.wonder-geek.com/fitted-sheet-c-11_193.html" "Mozilla/5.0 (compatible; Bytespider; https://zhanzhang.toutiao.com/) AppleWebKit/537.36 (KHTML, like Gecko) Chrome/70.0.0.0 Safari/537.36"
111.225.148.171 - - [20/Feb/2021:08:04:01 +0100] "GET /highslide/graphics/zoomout.cur HTTP/1.0" 200 614 "http://www.wonder-geek.com/fitted-sheet-c-11_193.html" "Mozilla/5.0 (compatible; Bytespider; https://zhanzhang.toutiao.com/) AppleWebKit/537.36 (KHTML, like Gecko) Chrome/70.0.0.0 Safari/537.36"
185.191.171.18 - - [20/Feb/2021:08:04:08 +0100] "GET /ethnic-style-burlap-table-p-48451.html HTTP/1.0" 200 71313 "-" "Mozilla/5.0 (compatible; SemrushBot/7~bl; +http://www.semrush.com/bot.html)"
185.191.171.15 - - [20/Feb/2021:08:04:12 +0100] "GET /lentil-case-p-47531.html HTTP/1.0" 200 68724 "-" "Mozilla/5.0 (compatible; SemrushBot/7~bl; +http://www.semrush.com/bot.html)"
185.191.171.44 - - [20/Feb/2021:08:04:20 +0100] "GET /resin-statue-p-53404.html HTTP/1.0" 200 71994 "-" "Mozilla/5.0 (compatible; SemrushBot/7~bl; +http://www.semrush.com/bot.html)"
185.191.171.15 - - [20/Feb/2021:08:04:36 +0100] "GET /betty-boop-blue-large-sheet-metal-p-15310.html?action=add_product HTTP/1.0" 302 476 "-" "Mozilla/5.0 (compatible; SemrushBot/7~bl; +http://www.semrush.com/bot.html)"
185.191.171.38 - - [20/Feb/2021:08:04:48 +0100] "GET /shell-metal-plate-deco-p-42344.html HTTP/1.0" 200 71428 "-" "Mozilla/5.0 (compatible; SemrushBot/7~bl; +http://www.semrush.com/bot.html)"
13.66.139.137 - - [20/Feb/2021:08:04:59 +0100] "GET /daisy-duck-coin-purse-p-9695.html HTTP/1.0" 200 68784 "-" "Mozilla/5.0 (compatible; bingbot/2.0; +http://www.bing.com/bingbot.htm)"
13.66.139.88 - - [20/Feb/2021:08:05:04 +0100] "GET /santa-with-baby-jesus-hanging-ornament-p-38184.html HTTP/1.0" 301 68757 "-" "Mozilla/5.0 (compatible; bingbot/2.0; +http://www.bing.com/bingbot.htm)"
54.36.148.72 - - [20/Feb/2021:08:05:17 +0100] "GET /peg-wooden-antique-white-p-45830.html HTTP/1.0" 301 72223 "-" "Mozilla/5.0 (compatible; AhrefsBot/7.0; +http://ahrefs.com/robot/)"
185.191.171.43 - - [20/Feb/2021:08:05:22 +0100] "GET /merde-vido-game-shirt-p-29574.html HTTP/1.0" 200 72541 "-" "Mozilla/5.0 (compatible; SemrushBot/7~bl; +http://www.semrush.com/bot.html)"
13.66.139.137 - - [20/Feb/2021:08:05:39 +0100] "GET /cat-hung-decorative-statue-p-31543.html HTTP/1.0" 301 68892 "-" "Mozilla/5.0 (compatible; bingbot/2.0; +http://www.bing.com/bingbot.htm)"
13.66.139.73 - - [20/Feb/2021:08:05:43 +0100] "GET /decorative-wooden-plate-entree-interdite-aux-raleurs-light-brown-p-47813.html HTTP/1.0" 301 71996 "-" "Mozilla/5.0 (compatible; bingbot/2.0; +http://www.bing.com/bingbot.htm)"
13.66.139.73 - - [20/Feb/2021:08:05:44 +0100] "GET /-p-18059.html HTTP/1.0" 200 68690 "-" "Mozilla/5.0 (compatible; bingbot/2.0; +http://www.bing.com/bingbot.htm)"
13.66.139.137 - - [20/Feb/2021:08:05:59 +0100] "GET /images/big_prod_1/8720088295977a.jpg HTTP/1.0" 200 271 "-" "Mozilla/5.0 (compatible; bingbot/2.0; +http://www.bing.com/bingbot.htm)"
13.66.139.73 - - [20/Feb/2021:08:06:03 +0100] "GET /urss-clock-by-cbkreation-p-24369.html HTTP/1.0" 301 71525 "-" "Mozilla/5.0 (compatible; bingbot/2.0; +http://www.bing.com/bingbot.htm)"
77.75.77.36 - - [20/Feb/2021:08:06:07 +0100] "GET /robots.txt HTTP/1.0" 200 245 "-" "Mozilla/5.0 (compatible; SeznamBot/3.2; +http://napoveda.seznam.cz/en/seznambot-intro/)"
77.75.77.36 - - [20/Feb/2021:08:06:07 +0100] "GET /images/mini_prod/5036381288466.jpg HTTP/1.0" 200 269 "-" "Mozilla/5.0 (compatible; SeznamBot/3.2; +http://napoveda.seznam.cz/en/seznambot-intro/)"
185.191.171.5 - - [20/Feb/2021:08:06:07 +0100] "GET /apron-wine-p-45718.html HTTP/1.0" 200 71833 "-" "Mozilla/5.0 (compatible; SemrushBot/7~bl; +http://www.semrush.com/bot.html)"
13.66.139.88 - - [20/Feb/2021:08:06:21 +0100] "GET /dragon-ball-red-swimsuit-p-30477.html HTTP/1.0" 301 72572 "-" "Mozilla/5.0 (compatible; bingbot/2.0; +http://www.bing.com/bingbot.htm)"
185.191.171.43 - - [20/Feb/2021:08:06:30 +0100] "GET /corsica-soap-soap-p-52465.html?action=add_product HTTP/1.0" 302 476 "-" "Mozilla/5.0 (compatible; SemrushBot/7~bl; +http://www.semrush.com/bot.html)"
54.36.149.11 - - [20/Feb/2021:08:06:44 +0100] "GET /maoi-candle-25-hours-p-42282.html HTTP/1.0" 301 71513 "-" "Mozilla/5.0 (compatible; AhrefsBot/7.0; +http://ahrefs.com/robot/)"
185.191.171.42 - - [20/Feb/2021:08:06:57 +0100] "GET /shoulder-jasmin-p-44216.html?action=add_product HTTP/1.0" 302 476 "-" "Mozilla/5.0 (compatible; SemrushBot/7~bl; +http://www.semrush.com/bot.html)"
185.191.171.3 - - [20/Feb/2021:08:06:59 +0100] "GET /set-of-coasters-psg-silicone-p-38018.html HTTP/1.0" 301 71406 "-" "Mozilla/5.0 (compatible; SemrushBot/7~bl; +http://www.semrush.com/bot.html)"
13.66.139.88 - - [20/Feb/2021:08:07:01 +0100] "GET /route-66-logo-cosmetic-bag-p-10991.html HTTP/1.0" 301 71361 "-" "Mozilla/5.0 (compatible; bingbot/2.0; +http://www.bing.com/bingbot.htm)"
13.66.139.88 - - [20/Feb/2021:08:07:02 +0100] "GET /support-metal-bottle-bar-p-47885.html HTTP/1.0" 301 71455 "-" "Mozilla/5.0 (compatible; bingbot/2.0; +http://www.bing.com/bingbot.htm)"
185.191.171.15 - - [20/Feb/2021:08:07:02 +0100] "GET /coasters-silicone-p-38018.html HTTP/1.0" 200 71322 "-" "Mozilla/5.0 (compatible; SemrushBot/7~bl; +http://www.semrush.com/bot.html)"
185.191.171.7 - - [20/Feb/2021:08:07:07 +0100] "GET /coasters-coffee-p-26182.html?action=add_product HTTP/1.0" 302 476 "-" "Mozilla/5.0 (compatible; SemrushBot/7~bl; +http://www.semrush.com/bot.html)"
157.55.39.69 - - [20/Feb/2021:08:07:17 +0100] "GET /tin-and-metal-signs-c-13_130.html?page=18 HTTP/1.0" 301 93669 "-" "Mozilla/5.0 (compatible; bingbot/2.0; +http://www.bing.com/bingbot.htm)"
13.66.139.137 - - [20/Feb/2021:08:07:21 +0100] "GET /kimmi-junior-large-backpack-p-14591.html HTTP/1.0" 200 71593 "-" "Mozilla/5.0 (compatible; bingbot/2.0; +http://www.bing.com/bingbot.htm)"
185.191.171.38 - - [20/Feb/2021:08:07:25 +0100] "GET /monster-high-p-18676.html?action=add_product HTTP/1.0" 302 476 "-" "Mozilla/5.0 (compatible; SemrushBot/7~bl; +http://www.semrush.com/bot.html)"
185.191.171.43 - - [20/Feb/2021:08:07:26 +0100] "GET /marilyn-monroe-white-small-wallet-p-19406.html HTTP/1.0" 200 73579 "-" "Mozilla/5.0 (compatible; SemrushBot/7~bl; +http://www.semrush.com/bot.html)"
13.66.139.88 - - [20/Feb/2021:08:07:31 +0100] "GET /birds-and-branches-eyelets-sheer-curtain-p-36970.html HTTP/1.0" 301 68757 "-" "Mozilla/5.0 (compatible; bingbot/2.0; +http://www.bing.com/bingbot.htm)"
185.191.171.11 - - [20/Feb/2021:08:07:33 +0100] "GET /megeve-rochebrune-key-ring-p-50006.html HTTP/1.0" 301 71480 "-" "Mozilla/5.0 (compatible; SemrushBot/7~bl; +http://www.semrush.com/bot.html)"
185.191.171.38 - - [20/Feb/2021:08:07:36 +0100] "GET /megve-rochebrune-ring-p-50006.html HTTP/1.0" 200 71392 "-" "Mozilla/5.0 (compatible; SemrushBot/7~bl; +http://www.semrush.com/bot.html)"
185.191.171.18 - - [20/Feb/2021:08:07:40 +0100] "GET /wooden-range-bottle-style-pink-p-35876.html?action=add_product HTTP/1.0" 302 476 "-" "Mozilla/5.0 (compatible; SemrushBot/7~bl; +http://www.semrush.com/bot.html)"
13.66.139.73 - - [20/Feb/2021:08:07:40 +0100] "GET /-p-12787.html HTTP/1.0" 200 68690 "-" "Mozilla/5.0 (compatible; bingbot/2.0; +http://www.bing.com/bingbot.htm)"
13.66.139.73 - - [20/Feb/2021:08:07:42 +0100] "GET /-p-18038.html HTTP/1.0" 200 68690 "-" "Mozilla/5.0 (compatible; bingbot/2.0; +http://www.bing.com/bingbot.htm)"
13.66.139.137 - - [20/Feb/2021:08:07:49 +0100] "GET /images/big_prod/8433933108024.jpg HTTP/1.0" 200 268 "-" "Mozilla/5.0 (compatible; bingbot/2.0; +http://www.bing.com/bingbot.htm)"
13.66.139.88 - - [20/Feb/2021:08:08:02 +0100] "GET /-p-19986.html HTTP/1.0" 200 68690 "-" "Mozilla/5.0 (compatible; bingbot/2.0; +http://www.bing.com/bingbot.htm)"
13.66.139.73 - - [20/Feb/2021:08:08:09 +0100] "GET /images/big_prod/8424346233397.jpg HTTP/1.0" 200 268 "-" "Mozilla/5.0 (compatible; bingbot/2.0; +http://www.bing.com/bingbot.htm)"
54.36.148.149 - - [20/Feb/2021:08:08:17 +0100] "GET /oxbow-pencil-case-p-40882.html HTTP/1.0" 200 71313 "-" "Mozilla/5.0 (compatible; AhrefsBot/7.0; +http://ahrefs.com/robot/)"
185.191.171.5 - - [20/Feb/2021:08:08:19 +0100] "GET /incense-elephant-rose-15-gr-patchouli-celeste-prema-p-40371.html HTTP/1.0" 301 71724 "-" "Mozilla/5.0 (compatible; SemrushBot/7~bl; +http://www.semrush.com/bot.html)"
185.191.171.5 - - [20/Feb/2021:08:08:21 +0100] "GET /incense-lphant-rose-patchouli-cleste-prema-p-40371.html HTTP/1.0" 200 71615 "-" "Mozilla/5.0 (compatible; SemrushBot/7~bl; +http://www.semrush.com/bot.html)"
185.191.171.41 - - [20/Feb/2021:08:09:11 +0100] "GET /archangel-uriel-statue-p-40915.html HTTP/1.0" 200 71429 "-" "Mozilla/5.0 (compatible; SemrushBot/7~bl; +http://www.semrush.com/bot.html)"
13.66.139.88 - - [20/Feb/2021:08:09:13 +0100] "GET /teo-jasmin-bowling-bag-teo-america-denim-p-38689.html HTTP/1.0" 301 72393 "-" "Mozilla/5.0 (compatible; bingbot/2.0; +http://www.bing.com/bingbot.htm)"
185.191.171.2 - - [20/Feb/2021:08:09:15 +0100] "GET /with-infuser-c-12_221.html?page=4 HTTP/1.0" 200 87747 "-" "Mozilla/5.0 (compatible; SemrushBot/7~bl; +http://www.semrush.com/bot.html)"
185.191.171.34 - - [20/Feb/2021:08:09:25 +0100] "GET /ring-flower-life-brass-copper-colour-p-44683.html HTTP/1.0" 200 71446 "-" "Mozilla/5.0 (compatible; SemrushBot/7~bl; +http://www.semrush.com/bot.html)"
185.191.171.41 - - [20/Feb/2021:08:09:29 +0100] "GET /dora-explorer-poncho-towels-p-12642.html HTTP/1.0" 200 71558 "-" "Mozilla/5.0 (compatible; SemrushBot/7~bl; +http://www.semrush.com/bot.html)"
13.66.139.137 - - [20/Feb/2021:08:09:40 +0100] "GET /gorjuss-chronicles-wooden-brooch-ruby8203-p-38198.html HTTP/1.0" 200 72926 "-" "Mozilla/5.0 (compatible; bingbot/2.0; +http://www.bing.com/bingbot.htm)"
185.191.171.13 - - [20/Feb/2021:08:09:47 +0100] "GET /harley-davidson-genuine-large-metal-plate-p-12549.html?action=add_product HTTP/1.0" 302 476 "-" "Mozilla/5.0 (compatible; SemrushBot/7~bl; +http://www.semrush.com/bot.html)"
185.191.171.19 - - [20/Feb/2021:08:09:50 +0100] "GET /paris-eiffel-tower-metal-ring-hearts-p-38617.html?action=add_product HTTP/1.0" 302 476 "-" "Mozilla/5.0 (compatible; SemrushBot/7~bl; +http://www.semrush.com/bot.html)"
54.36.149.68 - - [20/Feb/2021:08:09:52 +0100] "GET /vintage-trivet-p-40821.html HTTP/1.0" 200 71237 "-" "Mozilla/5.0 (compatible; AhrefsBot/7.0; +http://ahrefs.com/robot/)"
13.66.139.88 - - [20/Feb/2021:08:09:53 +0100] "GET /figure-simba-p-11245.html HTTP/1.0" 200 68741 "-" "Mozilla/5.0 (compatible; bingbot/2.0; +http://www.bing.com/bingbot.htm)"
66.249.69.166 - - [20/Feb/2021:08:09:57 +0100] "GET /klimt-coffee-p-51379.html HTTP/1.0" 200 71366 "-" "Mozilla/5.0 (Linux; Android 6.0.1; Nexus 5X Build/MMB29P) AppleWebKit/537.36 (KHTML, like Gecko) Chrome/88.0.4324.153 Mobile Safari/537.36 (compatible; Googlebot/2.1; +http://www.google.com/bot.html)"
13.66.139.73 - - [20/Feb/2021:08:10:01 +0100] "GET /-p-14718.html HTTP/1.0" 200 68690 "-" "Mozilla/5.0 (compatible; bingbot/2.0; +http://www.bing.com/bingbot.htm)"
13.66.139.73 - - [20/Feb/2021:08:10:02 +0100] "GET /lighting-c-13_86.html HTTP/1.0" 200 92645 "-" "Mozilla/5.0 (compatible; bingbot/2.0; +http://www.bing.com/bingbot.htm)"
185.191.171.22 - - [20/Feb/2021:08:10:29 +0100] "GET /white-queen-chess-piece-p-51212.html HTTP/1.0" 200 71369 "-" "Mozilla/5.0 (compatible; SemrushBot/7~bl; +http://www.semrush.com/bot.html)"
13.66.139.73 - - [20/Feb/2021:08:10:40 +0100] "GET /vive-paris-umbrella-p-18979.html HTTP/1.0" 200 71639 "-" "Mozilla/5.0 (compatible; bingbot/2.0; +http://www.bing.com/bingbot.htm)"
157.55.39.69 - - [20/Feb/2021:08:10:44 +0100] "GET /love-cats-cup-and-saucer-p-37303.html HTTP/1.0" 301 71436 "-" "Mozilla/5.0 (compatible; bingbot/2.0; +http://www.bing.com/bingbot.htm)"
13.66.139.88 - - [20/Feb/2021:08:10:52 +0100] "GET /strawberry-shortcake-hat-years-p-22143.html HTTP/1.0" 301 71564 "-" "Mozilla/5.0 (compatible; bingbot/2.0; +http://www.bing.com/bingbot.htm)"
13.66.139.137 - - [20/Feb/2021:08:11:00 +0100] "GET /-p-13332.html HTTP/1.0" 200 68690 "-" "Mozilla/5.0 (compatible; bingbot/2.0; +http://www.bing.com/bingbot.htm)"
13.66.139.137 - - [20/Feb/2021:08:11:01 +0100] "GET /images/1399984237168.jpg HTTP/1.0" 200 259 "-" "Mozilla/5.0 (compatible; bingbot/2.0; +http://www.bing.com/bingbot.htm)"
185.191.171.11 - - [20/Feb/2021:08:11:01 +0100] "GET /-p-43510.html?action=add_product HTTP/1.0" 302 476 "-" "Mozilla/5.0 (compatible; SemrushBot/7~bl; +http://www.semrush.com/bot.html)"
185.191.171.22 - - [20/Feb/2021:08:11:12 +0100] "GET /gorjuss-coaster-hush-little-bunny-p-46925.html HTTP/1.0" 200 71538 "-" "Mozilla/5.0 (compatible; SemrushBot/7~bl; +http://www.semrush.com/bot.html)"
54.36.148.90 - - [20/Feb/2021:08:11:18 +0100] "GET /ceramic-and-metal-lamp-p-52768.html HTTP/1.0" 301 71515 "-" "Mozilla/5.0 (compatible; AhrefsBot/7.0; +http://ahrefs.com/robot/)"
13.66.139.88 - - [20/Feb/2021:08:11:22 +0100] "GET /take-the-cake-bag-chrie-party-p-48105.html HTTP/1.0" 301 72088 "-" "Mozilla/5.0 (compatible; bingbot/2.0; +http://www.bing.com/bingbot.htm)"
185.191.171.39 - - [20/Feb/2021:08:11:37 +0100] "GET /flower-life-earrings-brass-golden-p-39340.html HTTP/1.0" 200 71402 "-" "Mozilla/5.0 (compatible; SemrushBot/7~bl; +http://www.semrush.com/bot.html)"
13.66.139.137 - - [20/Feb/2021:08:11:39 +0100] "GET /images/big_prod/1384010188804.jpg HTTP/1.0" 200 268 "-" "Mozilla/5.0 (compatible; bingbot/2.0; +http://www.bing.com/bingbot.htm)"
13.66.139.137 - - [20/Feb/2021:08:11:40 +0100] "GET /images/mini_prod/8718657466101.jpg HTTP/1.0" 200 269 "-" "Mozilla/5.0 (compatible; bingbot/2.0; +http://www.bing.com/bingbot.htm)"
13.66.139.88 - - [20/Feb/2021:08:12:02 +0100] "GET /yellow-submarine-clock-p-29298.html HTTP/1.0" 200 71313 "-" "Mozilla/5.0 (compatible; bingbot/2.0; +http://www.bing.com/bingbot.htm)"
185.191.171.38 - - [20/Feb/2021:08:12:11 +0100] "GET /home-decoration-c-13.html?page=136 HTTP/1.0" 200 90565 "-" "Mozilla/5.0 (compatible; SemrushBot/7~bl; +http://www.semrush.com/bot.html)"
13.66.139.137 - - [20/Feb/2021:08:12:20 +0100] "GET /minnie-mouse-melamine-bowl-p-34723.html HTTP/1.0" 200 68784 "-" "Mozilla/5.0 (compatible; bingbot/2.0; +http://www.bing.com/bingbot.htm)"
185.191.171.40 - - [20/Feb/2021:08:12:24 +0100] "GET /moto-mural-metal-retro-hanging-p-36846.html HTTP/1.0" 200 71533 "-" "Mozilla/5.0 (compatible; SemrushBot/7~bl; +http://www.semrush.com/bot.html)"
110.249.202.177 - - [20/Feb/2021:08:12:27 +0100] "GET /pet-shop-c-155.html HTTP/1.0" 301 87487 "-" "Mozilla/5.0 (compatible; Bytespider; https://zhanzhang.toutiao.com/) AppleWebKit/537.36 (KHTML, like Gecko) Chrome/70.0.0.0 Safari/537.36"
110.249.202.173 - - [20/Feb/2021:08:12:29 +0100] "GET /shop-c-155.html HTTP/1.0" 200 87418 "-" "Mozilla/5.0 (compatible; Bytespider; https://zhanzhang.toutiao.com/) AppleWebKit/537.36 (KHTML, like Gecko) Chrome/70.0.0.0 Safari/537.36"
110.249.202.173 - - [20/Feb/2021:08:12:31 +0100] "GET /js/jquery.min.js HTTP/1.0" 404 1308 "http://www.wonder-geek.com/shop-c-155.html" "Mozilla/5.0 (compatible; Bytespider; https://zhanzhang.toutiao.com/) AppleWebKit/537.36 (KHTML, like Gecko) Chrome/70.0.0.0 Safari/537.36"
110.249.202.171 - - [20/Feb/2021:08:12:33 +0100] "GET /swfobject.js HTTP/1.0" 404 1308 "http://www.wonder-geek.com/shop-c-155.html" "Mozilla/5.0 (compatible; Bytespider; https://zhanzhang.toutiao.com/) AppleWebKit/537.36 (KHTML, like Gecko) Chrome/70.0.0.0 Safari/537.36"
110.249.202.171 - - [20/Feb/2021:08:12:34 +0100] "GET /js/jquery.min.js HTTP/1.0" 404 1308 "http://www.wonder-geek.com/shop-c-155.html" "Mozilla/5.0 (compatible; Bytespider; https://zhanzhang.toutiao.com/) AppleWebKit/537.36 (KHTML, like Gecko) Chrome/70.0.0.0 Safari/537.36"
110.249.202.171 - - [20/Feb/2021:08:12:35 +0100] "GET /highslide/graphics/zoomout.cur HTTP/1.0" 200 614 "http://www.wonder-geek.com/shop-c-155.html" "Mozilla/5.0 (compatible; Bytespider; https://zhanzhang.toutiao.com/) AppleWebKit/537.36 (KHTML, like Gecko) Chrome/70.0.0.0 Safari/537.36"
54.36.148.133 - - [20/Feb/2021:08:12:46 +0100] "GET /decorative-wooden-plate-entree-interdite-aux-raleurs-light-brown-p-47813.html HTTP/1.0" 301 71996 "-" "Mozilla/5.0 (compatible; AhrefsBot/7.0; +http://ahrefs.com/robot/)"
185.191.171.9 - - [20/Feb/2021:08:13:02 +0100] "GET /toiletry-p-41117.html HTTP/1.0" 200 71359 "-" "Mozilla/5.0 (compatible; SemrushBot/7~bl; +http://www.semrush.com/bot.html)"
207.46.13.52 - - [20/Feb/2021:08:13:13 +0100] "GET /home-decoration-c-13.html HTTP/1.0" 200 90191 "-" "Mozilla/5.0 (compatible; bingbot/2.0; +http://www.bing.com/bingbot.htm)"
185.191.171.38 - - [20/Feb/2021:08:13:16 +0100] "GET /home-decoration-c-13.html?page=10 HTTP/1.0" 200 90870 "-" "Mozilla/5.0 (compatible; SemrushBot/7~bl; +http://www.semrush.com/bot.html)"
13.66.139.73 - - [20/Feb/2021:08:13:20 +0100] "GET /masha-and-bear-doll-and-his-sled-13-cm-p-36999.html HTTP/1.0" 301 72178 "-" "Mozilla/5.0 (compatible; bingbot/2.0; +http://www.bing.com/bingbot.htm)"
40.77.189.152 - - [20/Feb/2021:08:13:24 +0100] "GET /templates/Pixame_v1/stylesheet.css HTTP/1.0" 200 267 "-" "Mozilla/5.0 (Windows NT 6.1; WOW64) AppleWebKit/534+ (KHTML, like Gecko) BingPreview/1.0b"
185.191.171.22 - - [20/Feb/2021:08:13:24 +0100] "GET /robots.txt HTTP/1.0" 200 245 "-" "Mozilla/5.0 (compatible; SemrushBot/7~bl; +http://www.semrush.com/bot.html)"
185.191.171.43 - - [20/Feb/2021:08:13:24 +0100] "GET /shiny-snake-skin-adhesive-roll-silver-p-47296.html?action=add_product HTTP/1.0" 302 476 "-" "Mozilla/5.0 (compatible; SemrushBot/7~bl; +http://www.semrush.com/bot.html)"
13.66.139.88 - - [20/Feb/2021:08:13:43 +0100] "GET /-p-25797.html HTTP/1.0" 200 68690 "-" "Mozilla/5.0 (compatible; bingbot/2.0; +http://www.bing.com/bingbot.htm)"
13.66.139.88 - - [20/Feb/2021:08:13:44 +0100] "GET /-p-13248.html HTTP/1.0" 200 68690 "-" "Mozilla/5.0 (compatible; bingbot/2.0; +http://www.bing.com/bingbot.htm)"
185.191.171.9 - - [20/Feb/2021:08:13:46 +0100] "GET /cats-dubout-figurine-chic-white-p-44149.html?action=add_product HTTP/1.0" 302 476 "-" "Mozilla/5.0 (compatible; SemrushBot/7~bl; +http://www.semrush.com/bot.html)"
13.66.139.137 - - [20/Feb/2021:08:13:59 +0100] "GET /disney-frozen-olaf-large-bag-p-31219.html HTTP/1.0" 301 71719 "-" "Mozilla/5.0 (compatible; bingbot/2.0; +http://www.bing.com/bingbot.htm)"
13.66.139.137 - - [20/Feb/2021:08:14:00 +0100] "GET /towel-dispenser-c-12_225.html HTTP/1.0" 200 86292 "-" "Mozilla/5.0 (compatible; bingbot/2.0; +http://www.bing.com/bingbot.htm)"
13.66.139.73 - - [20/Feb/2021:08:14:04 +0100] "GET /-p-26788.html HTTP/1.0" 200 68690 "-" "Mozilla/5.0 (compatible; bingbot/2.0; +http://www.bing.com/bingbot.htm)"
13.66.139.73 - - [20/Feb/2021:08:14:05 +0100] "GET /clone-commander-wolffe-miniature-figure-p-29880.html HTTP/1.0" 200 68876 "-" "Mozilla/5.0 (compatible; bingbot/2.0; +http://www.bing.com/bingbot.htm)"
13.66.139.88 - - [20/Feb/2021:08:14:14 +0100] "GET /-p-15705.html HTTP/1.0" 200 68690 "-" "Mozilla/5.0 (compatible; bingbot/2.0; +http://www.bing.com/bingbot.htm)"
54.36.149.43 - - [20/Feb/2021:08:14:14 +0100] "GET /quote-wooden-wall-decoration-to-hang-p-43080.html HTTP/1.0" 301 71542 "-" "Mozilla/5.0 (compatible; AhrefsBot/7.0; +http://ahrefs.com/robot/)"
185.191.171.13 - - [20/Feb/2021:08:14:18 +0100] "GET /rallye-mont-carlo-poster-p-15235.html HTTP/1.0" 200 71386 "-" "Mozilla/5.0 (compatible; SemrushBot/7~bl; +http://www.semrush.com/bot.html)"
185.191.171.21 - - [20/Feb/2021:08:14:32 +0100] "GET /pepsi-metal-plate-p-40312.html HTTP/1.0" 200 71463 "-" "Mozilla/5.0 (compatible; SemrushBot/7~bl; +http://www.semrush.com/bot.html)"
185.191.171.14 - - [20/Feb/2021:08:14:56 +0100] "GET /retro-placemat-p-48103.html HTTP/1.0" 200 68736 "-" "Mozilla/5.0 (compatible; SemrushBot/7~bl; +http://www.semrush.com/bot.html)"
185.191.171.12 - - [20/Feb/2021:08:15:09 +0100] "GET /love-cats-bowl-p-45923.html HTTP/1.0" 301 68757 "-" "Mozilla/5.0 (compatible; SemrushBot/7~bl; +http://www.semrush.com/bot.html)"
185.191.171.38 - - [20/Feb/2021:08:15:11 +0100] "GET /-p-45923.html HTTP/1.0" 200 68690 "-" "Mozilla/5.0 (compatible; SemrushBot/7~bl; +http://www.semrush.com/bot.html)"
13.66.139.73 - - [20/Feb/2021:08:15:21 +0100] "GET /figurine-disney-traditions-carved-by-heart-mickey-mouse-p-21440.html HTTP/1.0" 301 68757 "-" "Mozilla/5.0 (compatible; bingbot/2.0; +http://www.bing.com/bingbot.htm)"
157.55.39.99 - - [20/Feb/2021:08:15:24 +0100] "GET /-p-52322.html HTTP/1.0" 200 68690 "-" "Mozilla/5.0 (compatible; bingbot/2.0; +http://www.bing.com/bingbot.htm)"
54.36.148.27 - - [20/Feb/2021:08:15:37 +0100] "GET /cats-and-stars-eyeglass-case-p-34963.html HTTP/1.0" 301 68757 "-" "Mozilla/5.0 (compatible; AhrefsBot/7.0; +http://ahrefs.com/robot/)"
54.36.148.90 - - [20/Feb/2021:08:15:41 +0100] "GET /great-patina-white-elephant-statuette-30-cm-p-41852.html HTTP/1.0" 301 71637 "-" "Mozilla/5.0 (compatible; AhrefsBot/7.0; +http://ahrefs.com/robot/)"
13.66.139.88 - - [20/Feb/2021:08:15:43 +0100] "GET /images/8427787034769.jpg HTTP/1.0" 200 259 "-" "Mozilla/5.0 (compatible; bingbot/2.0; +http://www.bing.com/bingbot.htm)"
116.202.116.209 - - [20/Feb/2021:08:15:46 +0100] "GET /images/panpan.jpg HTTP/1.0" 200 252 "-" "Mozilla/5.0 (X11; Fedora; Linux x86_64) AppleWebKit/537.36 (KHTML, like Gecko) Chrome/79.0.3945.117 Safari/537.36"
174.28.249.221 - - [20/Feb/2021:08:15:51 +0100] "GET / HTTP/1.0" 200 93695 "-" "Mozilla/5.0 (iPhone; CPU iPhone OS 14_4 like Mac OS X) AppleWebKit/605.1.15 (KHTML, like Gecko) Version/14.0.3 Mobile/15E148 Safari/604.1"
174.28.249.221 - - [20/Feb/2021:08:15:52 +0100] "GET /highslide/highslide.js HTTP/1.0" 200 262 "http://www.wonder-geek.com/" "Mozilla/5.0 (iPhone; CPU iPhone OS 14_4 like Mac OS X) AppleWebKit/605.1.15 (KHTML, like Gecko) Version/14.0.3 Mobile/15E148 Safari/604.1"
174.28.249.221 - - [20/Feb/2021:08:15:52 +0100] "GET /templates/Pixame_v1/stylesheet.css HTTP/1.0" 200 267 "http://www.wonder-geek.com/" "Mozilla/5.0 (iPhone; CPU iPhone OS 14_4 like Mac OS X) AppleWebKit/605.1.15 (KHTML, like Gecko) Version/14.0.3 Mobile/15E148 Safari/604.1"
174.28.249.221 - - [20/Feb/2021:08:15:52 +0100] "GET /js/jquery.js HTTP/1.0" 200 252 "http://www.wonder-geek.com/" "Mozilla/5.0 (iPhone; CPU iPhone OS 14_4 like Mac OS X) AppleWebKit/605.1.15 (KHTML, like Gecko) Version/14.0.3 Mobile/15E148 Safari/604.1"
185.191.171.24 - - [20/Feb/2021:08:16:11 +0100] "GET /gorjuss-classic-stripe-organiser-journal-the-hatter-p-43172.html HTTP/1.0" 301 73654 "-" "Mozilla/5.0 (compatible; SemrushBot/7~bl; +http://www.semrush.com/bot.html)"
13.66.139.137 - - [20/Feb/2021:08:16:20 +0100] "GET /volkswagen-adult-apron-p-34171.html HTTP/1.0" 200 71324 "-" "Mozilla/5.0 (compatible; bingbot/2.0; +http://www.bing.com/bingbot.htm)"
13.66.139.137 - - [20/Feb/2021:08:16:30 +0100] "GET /images/32816402472921.jpg HTTP/1.0" 200 260 "-" "Mozilla/5.0 (compatible; bingbot/2.0; +http://www.bing.com/bingbot.htm)"
185.191.171.38 - - [20/Feb/2021:08:16:34 +0100] "GET /large-plush-tchoupi-p-14373.html HTTP/1.0" 200 71667 "-" "Mozilla/5.0 (compatible; SemrushBot/7~bl; +http://www.semrush.com/bot.html)"
185.191.171.11 - - [20/Feb/2021:08:16:37 +0100] "GET /pink-pig-mini-glitter-ball-p-33557.html HTTP/1.0" 301 71485 "-" "Mozilla/5.0 (compatible; SemrushBot/7~bl; +http://www.semrush.com/bot.html)"
13.66.139.73 - - [20/Feb/2021:08:16:41 +0100] "GET /soy-luna-small-box-p-44806.html HTTP/1.0" 301 71444 "-" "Mozilla/5.0 (compatible; bingbot/2.0; +http://www.bing.com/bingbot.htm)"
157.55.39.189 - - [20/Feb/2021:08:16:48 +0100] "GET /mondial_relay/js/jquery-1.3.2.min.js HTTP/1.0" 200 276 "-" "Mozilla/5.0 (compatible; bingbot/2.0; +http://www.bing.com/bingbot.htm)"
13.66.139.73 - - [20/Feb/2021:08:16:52 +0100] "GET /images/1341689750626.jpg HTTP/1.0" 200 259 "-" "Mozilla/5.0 (compatible; bingbot/2.0; +http://www.bing.com/bingbot.htm)"
66.249.69.164 - - [20/Feb/2021:08:16:53 +0100] "GET /manicure-articles-c-31_204.html HTTP/1.0" 200 87929 "-" "Mozilla/5.0 (Linux; Android 6.0.1; Nexus 5X Build/MMB29P) AppleWebKit/537.36 (KHTML, like Gecko) Chrome/88.0.4324.188 Mobile Safari/537.36 (compatible; Googlebot/2.1; +http://www.google.com/bot.html)"
54.36.148.185 - - [20/Feb/2021:08:17:02 +0100] "GET /bamboo-jeweler-mirror-p-52489.html HTTP/1.0" 200 72345 "-" "Mozilla/5.0 (compatible; AhrefsBot/7.0; +http://ahrefs.com/robot/)"
13.66.139.88 - - [20/Feb/2021:08:17:13 +0100] "GET /images/10359.jpg HTTP/1.0" 200 251 "-" "Mozilla/5.0 (compatible; bingbot/2.0; +http://www.bing.com/bingbot.htm)"
13.66.139.88 - - [20/Feb/2021:08:17:24 +0100] "GET /verity-rose-moonstruck-photo-frame-p-29148.html HTTP/1.0" 200 71452 "-" "Mozilla/5.0 (compatible; bingbot/2.0; +http://www.bing.com/bingbot.htm)"
51.68.224.127 - - [20/Feb/2021:08:17:41 +0100] "GET /adminweb/export_orders_xml.php?token=256de2z6edz6ed2z6DFSFsed2zed6zeDSFDSGdzedezfzf&maxorders=10&orderstart=1&status=14&start_date=2018-10-01 HTTP/1.0" 200 285 "-" "GesCom CharlotteBoutik Serveur"
51.68.224.127 - - [20/Feb/2021:08:17:41 +0100] "GET /adminweb/export_orders_xml.php?token=256de2z6edz6ed2z6DFSFsed2zed6zeDSFDSGdzedezfzf&maxorders=10&orderstart=1&status=6&start_date=2018-10-01 HTTP/1.0" 200 29990 "-" "GesCom CharlotteBoutik Serveur"
185.191.171.37 - - [20/Feb/2021:08:17:59 +0100] "GET /with-infuser-filter-parrot-p-51561.html HTTP/1.0" 200 72053 "-" "Mozilla/5.0 (compatible; SemrushBot/7~bl; +http://www.semrush.com/bot.html)"
13.66.139.137 - - [20/Feb/2021:08:18:00 +0100] "GET /pencil-pot-cbkreation-p-43447.html HTTP/1.0" 301 71406 "-" "Mozilla/5.0 (compatible; bingbot/2.0; +http://www.bing.com/bingbot.htm)"
13.66.139.88 - - [20/Feb/2021:08:18:05 +0100] "GET /pucca-alarm-clock-p-22200.html HTTP/1.0" 200 71509 "-" "Mozilla/5.0 (compatible; bingbot/2.0; +http://www.bing.com/bingbot.htm)"
13.66.139.88 - - [20/Feb/2021:08:18:15 +0100] "GET /gund-my-first-teddy-bear-blue-38-cm-p-29246.html HTTP/1.0" 301 68757 "-" "Mozilla/5.0 (compatible; bingbot/2.0; +http://www.bing.com/bingbot.htm)"
13.66.139.137 - - [20/Feb/2021:08:18:21 +0100] "GET /-p-10594.html HTTP/1.0" 200 68690 "-" "Mozilla/5.0 (compatible; bingbot/2.0; +http://www.bing.com/bingbot.htm)"
157.55.39.251 - - [20/Feb/2021:08:18:25 +0100] "GET /gorjuss-photo-album-p-29667.html HTTP/1.0" 200 68776 "-" "Mozilla/5.0 (compatible; bingbot/2.0; +http://www.bing.com/bingbot.htm)"
185.191.171.22 - - [20/Feb/2021:08:18:25 +0100] "GET /nici-bubble-keyring-plush-p-35199.html HTTP/1.0" 200 71377 "-" "Mozilla/5.0 (compatible; SemrushBot/7~bl; +http://www.semrush.com/bot.html)"
157.55.39.251 - - [20/Feb/2021:08:18:26 +0100] "GET /swfobject.js HTTP/1.0" 404 1308 "-" "Mozilla/5.0 (compatible; bingbot/2.0; +http://www.bing.com/bingbot.htm)"
185.191.171.43 - - [20/Feb/2021:08:18:34 +0100] "GET /funky-dolls-cosmetic-p-18875.html HTTP/1.0" 200 71370 "-" "Mozilla/5.0 (compatible; SemrushBot/7~bl; +http://www.semrush.com/bot.html)"
157.55.39.159 - - [20/Feb/2021:08:18:34 +0100] "GET /gund-boo-unicorn-22-cm-plush-p-44580.html HTTP/1.0" 301 71509 "-" "Mozilla/5.0 (compatible; bingbot/2.0; +http://www.bing.com/bingbot.htm)"
54.36.148.21 - - [20/Feb/2021:08:18:34 +0100] "GET /household-linen-c-11.html?page=11 HTTP/1.0" 200 91364 "-" "Mozilla/5.0 (compatible; AhrefsBot/7.0; +http://ahrefs.com/robot/)"
157.55.39.246 - - [20/Feb/2021:08:18:39 +0100] "GET /js/jquery.js HTTP/1.0" 200 252 "-" "Mozilla/5.0 (compatible; bingbot/2.0; +http://www.bing.com/bingbot.htm)"
185.191.171.10 - - [20/Feb/2021:08:18:41 +0100] "GET /ceramic-salt-with-spoon-sardy-p-50605.html HTTP/1.0" 200 71381 "-" "Mozilla/5.0 (compatible; SemrushBot/7~bl; +http://www.semrush.com/bot.html)"
13.66.139.137 - - [20/Feb/2021:08:18:44 +0100] "GET /-p-10235.html HTTP/1.0" 200 68690 "-" "Mozilla/5.0 (compatible; bingbot/2.0; +http://www.bing.com/bingbot.htm)"
13.66.139.137 - - [20/Feb/2021:08:18:45 +0100] "GET /cotton-floor-cushion-40-cm-albertine-p-51082.html HTTP/1.0" 301 72347 "-" "Mozilla/5.0 (compatible; bingbot/2.0; +http://www.bing.com/bingbot.htm)"
74.125.208.6 - - [20/Feb/2021:08:18:45 +0100] "GET /images/big_prod/3700516246103.jpg HTTP/1.0" 200 268 "-" "Mozilla/5.0 (Windows NT 5.1; rv:11.0) Gecko Firefox/11.0 (via ggpht.com GoogleImageProxy)"
178.59.31.7 - - [20/Feb/2021:08:18:59 +0100] "GET /set-of-psg-ceramic-espresso-cups-p-43484.html HTTP/1.0" 301 71477 "https://www.google.gr/" "Mozilla/5.0 (Windows NT 10.0; Win64; x64) AppleWebKit/537.36 (KHTML, like Gecko) Chrome/88.0.4324.182 Safari/537.36"
178.59.31.7 - - [20/Feb/2021:08:18:59 +0100] "GET /ceramic-espresso-cups-p-43484.html HTTP/1.0" 200 71389 "https://www.google.gr/" "Mozilla/5.0 (Windows NT 10.0; Win64; x64) AppleWebKit/537.36 (KHTML, like Gecko) Chrome/88.0.4324.182 Safari/537.36"
13.66.139.137 - - [20/Feb/2021:08:19:00 +0100] "GET /images/big_prod_2/1328399270286b.jpg HTTP/1.0" 200 271 "-" "Mozilla/5.0 (compatible; bingbot/2.0; +http://www.bing.com/bingbot.htm)"
185.191.171.41 - - [20/Feb/2021:08:18:59 +0100] "GET /itty-bitty-ornament-santa-p-41956.html HTTP/1.0" 200 71756 "-" "Mozilla/5.0 (compatible; SemrushBot/7~bl; +http://www.semrush.com/bot.html)"
178.59.31.7 - - [20/Feb/2021:08:19:00 +0100] "GET /templates/Pixame_v1/stylesheet.css HTTP/1.0" 200 267 "http://www.wonder-geek.com/ceramic-espresso-cups-p-43484.html" "Mozilla/5.0 (Windows NT 10.0; Win64; x64) AppleWebKit/537.36 (KHTML, like Gecko) Chrome/88.0.4324.182 Safari/537.36"
178.59.31.7 - - [20/Feb/2021:08:19:00 +0100] "GET /js/jquery.jqzoom.js HTTP/1.0" 200 259 "http://www.wonder-geek.com/ceramic-espresso-cups-p-43484.html" "Mozilla/5.0 (Windows NT 10.0; Win64; x64) AppleWebKit/537.36 (KHTML, like Gecko) Chrome/88.0.4324.182 Safari/537.36"
178.59.31.7 - - [20/Feb/2021:08:19:00 +0100] "GET /highslide/highslide.js HTTP/1.0" 200 262 "http://www.wonder-geek.com/ceramic-espresso-cups-p-43484.html" "Mozilla/5.0 (Windows NT 10.0; Win64; x64) AppleWebKit/537.36 (KHTML, like Gecko) Chrome/88.0.4324.182 Safari/537.36"
178.59.31.7 - - [20/Feb/2021:08:19:00 +0100] "GET /mondial_relay/js/jquery-1.3.2.min.js HTTP/1.0" 200 276 "http://www.wonder-geek.com/ceramic-espresso-cups-p-43484.html" "Mozilla/5.0 (Windows NT 10.0; Win64; x64) AppleWebKit/537.36 (KHTML, like Gecko) Chrome/88.0.4324.182 Safari/537.36"
178.59.31.7 - - [20/Feb/2021:08:19:00 +0100] "GET /js/jquery.js HTTP/1.0" 200 252 "http://www.wonder-geek.com/ceramic-espresso-cups-p-43484.html" "Mozilla/5.0 (Windows NT 10.0; Win64; x64) AppleWebKit/537.36 (KHTML, like Gecko) Chrome/88.0.4324.182 Safari/537.36"
178.59.31.7 - - [20/Feb/2021:08:19:01 +0100] "GET /swfobject.js HTTP/1.0" 404 1308 "http://www.wonder-geek.com/ceramic-espresso-cups-p-43484.html" "Mozilla/5.0 (Windows NT 10.0; Win64; x64) AppleWebKit/537.36 (KHTML, like Gecko) Chrome/88.0.4324.182 Safari/537.36"
178.59.31.7 - - [20/Feb/2021:08:19:01 +0100] "GET /templates/Pixame_v1/images/icon_accueil2.png HTTP/1.0" 200 278 "http://www.wonder-geek.com/ceramic-espresso-cups-p-43484.html" "Mozilla/5.0 (Windows NT 10.0; Win64; x64) AppleWebKit/537.36 (KHTML, like Gecko) Chrome/88.0.4324.182 Safari/537.36"
178.59.31.7 - - [20/Feb/2021:08:19:01 +0100] "GET /templates/Pixame_v1/images/infobox/pixel_trans.gif HTTP/1.0" 200 328 "http://www.wonder-geek.com/ceramic-espresso-cups-p-43484.html" "Mozilla/5.0 (Windows NT 10.0; Win64; x64) AppleWebKit/537.36 (KHTML, like Gecko) Chrome/88.0.4324.182 Safari/537.36"
178.59.31.7 - - [20/Feb/2021:08:19:01 +0100] "GET /images/pixel_trans.gif HTTP/1.0" 200 328 "http://www.wonder-geek.com/ceramic-espresso-cups-p-43484.html" "Mozilla/5.0 (Windows NT 10.0; Win64; x64) AppleWebKit/537.36 (KHTML, like Gecko) Chrome/88.0.4324.182 Safari/537.36"
178.59.31.7 - - [20/Feb/2021:08:19:01 +0100] "GET /templates/Pixame_v1/images/pixel_trans.gif HTTP/1.0" 200 328 "http://www.wonder-geek.com/ceramic-espresso-cups-p-43484.html" "Mozilla/5.0 (Windows NT 10.0; Win64; x64) AppleWebKit/537.36 (KHTML, like Gecko) Chrome/88.0.4324.182 Safari/537.36"
178.59.31.7 - - [20/Feb/2021:08:19:01 +0100] "GET /templates/Pixame_v1/images/buttons/english/button_in_cart.gif HTTP/1.0" 200 295 "http://www.wonder-geek.com/ceramic-espresso-cups-p-43484.html" "Mozilla/5.0 (Windows NT 10.0; Win64; x64) AppleWebKit/537.36 (KHTML, like Gecko) Chrome/88.0.4324.182 Safari/537.36"
178.59.31.7 - - [20/Feb/2021:08:19:01 +0100] "GET /images/big_prod/3700516246103.jpg HTTP/1.0" 200 268 "http://www.wonder-geek.com/ceramic-espresso-cups-p-43484.html" "Mozilla/5.0 (Windows NT 10.0; Win64; x64) AppleWebKit/537.36 (KHTML, like Gecko) Chrome/88.0.4324.182 Safari/537.36"
178.59.31.7 - - [20/Feb/2021:08:19:01 +0100] "GET /templates/Pixame_v1/images/Bottom_texture.jpg HTTP/1.0" 200 280 "http://www.wonder-geek.com/templates/Pixame_v1/stylesheet.css" "Mozilla/5.0 (Windows NT 10.0; Win64; x64) AppleWebKit/537.36 (KHTML, like Gecko) Chrome/88.0.4324.182 Safari/537.36"
