185.191.171.36 - - [20/Feb/2021:14:10:52 +0100] "GET /elephants-wood-jewelry-box-15-cm-p-45999.html HTTP/1.0" 301 72474 "-" "Mozilla/5.0 (compatible; SemrushBot/7~bl; +http://www.semrush.com/bot.html)"
185.191.171.2 - - [20/Feb/2021:14:10:55 +0100] "GET /home-and-decoration-c-13.html?page=114 HTTP/1.0" 301 90911 "-" "Mozilla/5.0 (compatible; SemrushBot/7~bl; +http://www.semrush.com/bot.html)"
185.191.171.34 - - [20/Feb/2021:14:10:58 +0100] "GET /skull-ashtray-p-41714.html?action=add_product HTTP/1.0" 302 476 "-" "Mozilla/5.0 (compatible; SemrushBot/7~bl; +http://www.semrush.com/bot.html)"
66.249.69.164 - - [20/Feb/2021:14:11:10 +0100] "GET /images/mini_prod/3700057120252.jpg HTTP/1.0" 200 269 "-" "Googlebot-Image/1.0"
13.66.139.88 - - [20/Feb/2021:14:11:10 +0100] "GET /rolling-stones-door-mat-60-40-cm-p-47258.html HTTP/1.0" 301 71696 "-" "Mozilla/5.0 (compatible; bingbot/2.0; +http://www.bing.com/bingbot.htm)"
13.66.139.137 - - [20/Feb/2021:14:11:14 +0100] "GET /paul-frank-flat-cosmetic-bag-p-9642.html HTTP/1.0" 301 71766 "-" "Mozilla/5.0 (compatible; bingbot/2.0; +http://www.bing.com/bingbot.htm)"
185.191.171.36 - - [20/Feb/2021:14:11:18 +0100] "GET /laissez-lucie-faire-rati-glasses-p-42666.html?action=add_product HTTP/1.0" 302 476 "-" "Mozilla/5.0 (compatible; SemrushBot/7~bl; +http://www.semrush.com/bot.html)"
13.66.139.73 - - [20/Feb/2021:14:11:19 +0100] "GET /disney-princess-dinner-set-p-16561.html HTTP/1.0" 301 72089 "-" "Mozilla/5.0 (compatible; bingbot/2.0; +http://www.bing.com/bingbot.htm)"
13.66.139.137 - - [20/Feb/2021:14:11:25 +0100] "GET /enrico-benetti-shoulder-and-laptop-bag-p-35991.html HTTP/1.0" 301 71789 "-" "Mozilla/5.0 (compatible; bingbot/2.0; +http://www.bing.com/bingbot.htm)"
185.191.171.15 - - [20/Feb/2021:14:11:27 +0100] "GET /alarm-clock-dubout-cats-trio-p-38713.html?action=add_product HTTP/1.0" 302 476 "-" "Mozilla/5.0 (compatible; SemrushBot/7~bl; +http://www.semrush.com/bot.html)"
13.66.139.88 - - [20/Feb/2021:14:11:29 +0100] "GET /led-nightlight-yellow-kevin-despicable-me-p-33706.html HTTP/1.0" 301 68757 "-" "Mozilla/5.0 (compatible; bingbot/2.0; +http://www.bing.com/bingbot.htm)"
13.66.139.73 - - [20/Feb/2021:14:11:36 +0100] "GET /figures-c-4_15.html HTTP/1.0" 200 89810 "-" "Mozilla/5.0 (compatible; bingbot/2.0; +http://www.bing.com/bingbot.htm)"
185.191.171.45 - - [20/Feb/2021:14:11:39 +0100] "GET /love-and-peace-black-shirt-p-30149.html HTTP/1.0" 301 72628 "-" "Mozilla/5.0 (compatible; SemrushBot/7~bl; +http://www.semrush.com/bot.html)"
13.66.139.88 - - [20/Feb/2021:14:11:40 +0100] "GET /pinocchio-figure-p-3601.html HTTP/1.0" 200 68759 "-" "Mozilla/5.0 (compatible; bingbot/2.0; +http://www.bing.com/bingbot.htm)"
185.191.171.5 - - [20/Feb/2021:14:11:41 +0100] "GET /love-peace-black-shirt-p-30149.html HTTP/1.0" 200 72539 "-" "Mozilla/5.0 (compatible; SemrushBot/7~bl; +http://www.semrush.com/bot.html)"
66.249.69.164 - - [20/Feb/2021:14:11:55 +0100] "GET /images/mini_prod/028399134441.jpg HTTP/1.0" 200 268 "-" "Googlebot-Image/1.0"
13.66.139.73 - - [20/Feb/2021:14:12:15 +0100] "GET /owl-metal-bell-p-32128.html HTTP/1.0" 301 71343 "-" "Mozilla/5.0 (compatible; bingbot/2.0; +http://www.bing.com/bingbot.htm)"
185.191.171.12 - - [20/Feb/2021:14:12:23 +0100] "GET /it-girl-ceramic-piggy-bank-13-cm-p-42165.html HTTP/1.0" 301 71579 "-" "Mozilla/5.0 (compatible; SemrushBot/7~bl; +http://www.semrush.com/bot.html)"
185.191.171.3 - - [20/Feb/2021:14:12:26 +0100] "GET /girl-ceramic-piggy-bank-p-42165.html HTTP/1.0" 200 71489 "-" "Mozilla/5.0 (compatible; SemrushBot/7~bl; +http://www.semrush.com/bot.html)"
185.191.171.7 - - [20/Feb/2021:14:12:34 +0100] "GET /vase-flower-pot-and-soliflore-c-13_232.html?page=5 HTTP/1.0" 301 90741 "-" "Mozilla/5.0 (compatible; SemrushBot/7~bl; +http://www.semrush.com/bot.html)"
13.66.139.137 - - [20/Feb/2021:14:12:35 +0100] "GET /floor-cushions-c-11_182.html HTTP/1.0" 200 89672 "-" "Mozilla/5.0 (compatible; bingbot/2.0; +http://www.bing.com/bingbot.htm)"
13.66.139.88 - - [20/Feb/2021:14:12:39 +0100] "GET /-p-18510.html HTTP/1.0" 200 68690 "-" "Mozilla/5.0 (compatible; bingbot/2.0; +http://www.bing.com/bingbot.htm)"
66.249.69.164 - - [20/Feb/2021:14:12:40 +0100] "GET /images/med_prod/3700516206961.jpg HTTP/1.0" 200 268 "-" "Googlebot-Image/1.0"
13.66.139.73 - - [20/Feb/2021:14:12:46 +0100] "GET /teo-jasmin-traveller-bag-teo-rockabilly-patchouli-p-39258.html HTTP/1.0" 301 68906 "-" "Mozilla/5.0 (compatible; bingbot/2.0; +http://www.bing.com/bingbot.htm)"
13.66.139.73 - - [20/Feb/2021:14:12:47 +0100] "GET /angry-birds-wallet-p-19173.html HTTP/1.0" 200 71542 "-" "Mozilla/5.0 (compatible; bingbot/2.0; +http://www.bing.com/bingbot.htm)"
185.191.171.35 - - [20/Feb/2021:14:12:54 +0100] "GET /bowl-happy-green-made-germany-p-52579.html HTTP/1.0" 200 72439 "-" "Mozilla/5.0 (compatible; SemrushBot/7~bl; +http://www.semrush.com/bot.html)"
66.249.69.162 - - [20/Feb/2021:14:12:58 +0100] "GET /birds-small-ashtray-p-45762.html HTTP/1.0" 200 71347 "-" "Mozilla/5.0 (Linux; Android 6.0.1; Nexus 5X Build/MMB29P) AppleWebKit/537.36 (KHTML, like Gecko) Chrome/88.0.4324.153 Mobile Safari/537.36 (compatible; Googlebot/2.1; +http://www.google.com/bot.html)"
157.55.39.189 - - [20/Feb/2021:14:13:03 +0100] "GET /mondial_relay/js/jquery-1.3.2.min.js HTTP/1.0" 200 276 "-" "Mozilla/5.0 (compatible; bingbot/2.0; +http://www.bing.com/bingbot.htm)"
185.191.171.22 - - [20/Feb/2021:14:13:07 +0100] "GET /zippo-torque-bracelet-twisted-stainless-steel-p-49084.html?action=add_product HTTP/1.0" 302 476 "-" "Mozilla/5.0 (compatible; SemrushBot/7~bl; +http://www.semrush.com/bot.html)"
54.36.148.243 - - [20/Feb/2021:14:13:08 +0100] "GET /cosmetic-bags-and-flat-purse-c-31_239.html?page=10 HTTP/1.0" 301 93811 "-" "Mozilla/5.0 (compatible; AhrefsBot/7.0; +http://ahrefs.com/robot/)"
185.191.171.17 - - [20/Feb/2021:14:13:22 +0100] "GET /russian-dolls-cbkreation-clock-p-24414.html?action=add_product HTTP/1.0" 302 476 "-" "Mozilla/5.0 (compatible; SemrushBot/7~bl; +http://www.semrush.com/bot.html)"
66.249.69.162 - - [20/Feb/2021:14:13:25 +0100] "GET /images/mini_prod/8433833202136.jpg HTTP/1.0" 200 269 "-" "Googlebot-Image/1.0"
157.55.39.72 - - [20/Feb/2021:14:13:30 +0100] "GET /-p-17736.html HTTP/1.0" 200 68690 "-" "Mozilla/5.0 (compatible; bingbot/2.0; +http://www.bing.com/bingbot.htm)"
185.191.171.38 - - [20/Feb/2021:14:13:57 +0100] "GET /coasters-p-45664.html?action=add_product HTTP/1.0" 302 476 "-" "Mozilla/5.0 (compatible; SemrushBot/7~bl; +http://www.semrush.com/bot.html)"
66.249.69.162 - - [20/Feb/2021:14:14:10 +0100] "GET /images/3760226370581.jpg HTTP/1.0" 200 259 "-" "Googlebot-Image/1.0"
185.191.171.6 - - [20/Feb/2021:14:14:15 +0100] "GET /bonheur-dream-wall-sticker-p-51529.html HTTP/1.0" 200 71412 "-" "Mozilla/5.0 (compatible; SemrushBot/7~bl; +http://www.semrush.com/bot.html)"
13.66.139.73 - - [20/Feb/2021:14:14:26 +0100] "GET /embroidered-rectangular-tablecloth-kolam-140-140-cm-p-44469.html HTTP/1.0" 301 72304 "-" "Mozilla/5.0 (compatible; bingbot/2.0; +http://www.bing.com/bingbot.htm)"
185.191.171.8 - - [20/Feb/2021:14:14:30 +0100] "GET /love-pucca-mouse-pad-p-2419.html HTTP/1.0" 301 71545 "-" "Mozilla/5.0 (compatible; SemrushBot/7~bl; +http://www.semrush.com/bot.html)"
185.191.171.45 - - [20/Feb/2021:14:14:32 +0100] "GET /love-pucca-mouse-p-2419.html HTTP/1.0" 200 71463 "-" "Mozilla/5.0 (compatible; SemrushBot/7~bl; +http://www.semrush.com/bot.html)"
13.66.139.137 - - [20/Feb/2021:14:14:55 +0100] "GET /-p-18160.html HTTP/1.0" 200 68690 "-" "Mozilla/5.0 (compatible; bingbot/2.0; +http://www.bing.com/bingbot.htm)"
66.249.69.164 - - [20/Feb/2021:14:14:56 +0100] "GET /images/mini_prod/045544275736.gif HTTP/1.0" 404 1308 "-" "Googlebot-Image/1.0"
13.66.139.137 - - [20/Feb/2021:14:14:56 +0100] "GET /johnny-hallyday-glass-wall-clock-p-9324.html HTTP/1.0" 200 71424 "-" "Mozilla/5.0 (compatible; bingbot/2.0; +http://www.bing.com/bingbot.htm)"
157.55.39.251 - - [20/Feb/2021:14:15:15 +0100] "GET /swfobject.js HTTP/1.0" 404 1308 "-" "Mozilla/5.0 (compatible; bingbot/2.0; +http://www.bing.com/bingbot.htm)"
185.191.171.15 - - [20/Feb/2021:14:15:14 +0100] "GET /makeup-cabinet-with-music-frozen-p-51485.html HTTP/1.0" 200 72536 "-" "Mozilla/5.0 (compatible; SemrushBot/7~bl; +http://www.semrush.com/bot.html)"
185.191.171.19 - - [20/Feb/2021:14:15:24 +0100] "GET /london-policeman-moneybox-p-34150.html HTTP/1.0" 200 68780 "-" "Mozilla/5.0 (compatible; SemrushBot/7~bl; +http://www.semrush.com/bot.html)"
185.191.171.34 - - [20/Feb/2021:14:15:26 +0100] "GET /batman-shirt-p-29543.html HTTP/1.0" 200 72383 "-" "Mozilla/5.0 (compatible; SemrushBot/7~bl; +http://www.semrush.com/bot.html)"
185.191.171.21 - - [20/Feb/2021:14:15:28 +0100] "GET /camargue-salt-pepper-p-43904.html HTTP/1.0" 200 71455 "-" "Mozilla/5.0 (compatible; SemrushBot/7~bl; +http://www.semrush.com/bot.html)"
66.249.69.164 - - [20/Feb/2021:14:15:41 +0100] "GET /images/big_prod_3/045544947169c.jpg HTTP/1.0" 200 270 "-" "Googlebot-Image/1.0"
54.36.148.90 - - [20/Feb/2021:14:15:47 +0100] "GET /vintage-gasoline-effect-frame-in-wood-hanging-p-46295.html HTTP/1.0" 301 71709 "-" "Mozilla/5.0 (compatible; AhrefsBot/7.0; +http://ahrefs.com/robot/)"
13.66.139.88 - - [20/Feb/2021:14:15:50 +0100] "GET /court-sleeves-shirts-c-1_22.html HTTP/1.0" 200 67682 "-" "Mozilla/5.0 (compatible; bingbot/2.0; +http://www.bing.com/bingbot.htm)"
185.191.171.41 - - [20/Feb/2021:14:16:05 +0100] "GET /storage-chest-in-pink-velvet-on-feet-p-45808.html HTTP/1.0" 301 68915 "-" "Mozilla/5.0 (compatible; SemrushBot/7~bl; +http://www.semrush.com/bot.html)"
185.191.171.10 - - [20/Feb/2021:14:16:07 +0100] "GET /storage-chest-pink-velvet-feet-p-45808.html HTTP/1.0" 200 68818 "-" "Mozilla/5.0 (compatible; SemrushBot/7~bl; +http://www.semrush.com/bot.html)"
157.55.39.255 - - [20/Feb/2021:14:16:14 +0100] "GET /highslide/highslide.js HTTP/1.0" 200 262 "-" "Mozilla/5.0 (compatible; bingbot/2.0; +http://www.bing.com/bingbot.htm)"
13.66.139.73 - - [20/Feb/2021:14:16:18 +0100] "GET /strawberry-shortcake-embroidered-vest-p-36364.html HTTP/1.0" 200 72704 "-" "Mozilla/5.0 (compatible; bingbot/2.0; +http://www.bing.com/bingbot.htm)"
13.66.139.73 - - [20/Feb/2021:14:16:20 +0100] "GET /-p-7305.html HTTP/1.0" 200 68688 "-" "Mozilla/5.0 (compatible; bingbot/2.0; +http://www.bing.com/bingbot.htm)"
13.66.139.88 - - [20/Feb/2021:14:16:24 +0100] "GET /cars-kids-school-bag-p-20064.html HTTP/1.0" 301 68835 "-" "Mozilla/5.0 (compatible; bingbot/2.0; +http://www.bing.com/bingbot.htm)"
66.249.69.166 - - [20/Feb/2021:14:16:26 +0100] "GET /images/big_prod/8435306270062.jpg HTTP/1.0" 200 268 "-" "Googlebot-Image/1.0"
13.66.139.73 - - [20/Feb/2021:14:16:56 +0100] "GET /-p-22624.html HTTP/1.0" 200 68690 "-" "Mozilla/5.0 (compatible; bingbot/2.0; +http://www.bing.com/bingbot.htm)"
13.66.139.73 - - [20/Feb/2021:14:17:06 +0100] "GET /verity-rose-set-of-hair-clips-retro-p-29184.html HTTP/1.0" 301 71471 "-" "Mozilla/5.0 (compatible; bingbot/2.0; +http://www.bing.com/bingbot.htm)"
185.191.171.33 - - [20/Feb/2021:14:17:07 +0100] "GET /spirit-christmas-tree-decoration-p-53276.html HTTP/1.0" 200 72388 "-" "Mozilla/5.0 (compatible; SemrushBot/7~bl; +http://www.semrush.com/bot.html)"
66.249.69.164 - - [20/Feb/2021:14:17:11 +0100] "GET /images/mini_prod/4036113232423.jpg HTTP/1.0" 200 269 "-" "Googlebot-Image/1.0"
185.191.171.43 - - [20/Feb/2021:14:17:30 +0100] "GET /large-responsible-wood-geranium-candle-heart-home-p-52798.html?action=add_product HTTP/1.0" 302 476 "-" "Mozilla/5.0 (compatible; SemrushBot/7~bl; +http://www.semrush.com/bot.html)"
185.191.171.20 - - [20/Feb/2021:14:17:55 +0100] "GET /shopping-mani-lucky-fuchsia-p-37346.html?action=add_product HTTP/1.0" 302 476 "-" "Mozilla/5.0 (compatible; SemrushBot/7~bl; +http://www.semrush.com/bot.html)"
66.249.69.164 - - [20/Feb/2021:14:17:56 +0100] "GET /images/mini_prod/1399986106790.jpg HTTP/1.0" 200 269 "-" "Googlebot-Image/1.0"
185.191.171.43 - - [20/Feb/2021:14:18:14 +0100] "GET /tetsubin-black-gold-teapot-japanese-liter-p-38425.html HTTP/1.0" 200 71727 "-" "Mozilla/5.0 (compatible; SemrushBot/7~bl; +http://www.semrush.com/bot.html)"
54.36.148.77 - - [20/Feb/2021:14:18:16 +0100] "GET /support-metal-bottle-the-biker-p-34476.html HTTP/1.0" 301 71524 "-" "Mozilla/5.0 (compatible; AhrefsBot/7.0; +http://ahrefs.com/robot/)"
157.55.39.72 - - [20/Feb/2021:14:18:20 +0100] "GET /luggages-schoolbags-leather-shop/bagshandbags-shoulder-bags/hannah-montana-shopping-bag-and-coin-purse-set-p-7617.html HTTP/1.0" 301 72042 "-" "Mozilla/5.0 (compatible; bingbot/2.0; +http://www.bing.com/bingbot.htm)"
66.249.69.166 - - [20/Feb/2021:14:18:42 +0100] "GET /images/big_prod_2/8424345617983C.jpg HTTP/1.0" 200 271 "-" "Googlebot-Image/1.0"
157.55.39.159 - - [20/Feb/2021:14:18:44 +0100] "GET /tetsubin-blue-teapot-japanese-p-49381.html HTTP/1.0" 200 71594 "-" "Mozilla/5.0 (compatible; bingbot/2.0; +http://www.bing.com/bingbot.htm)"
13.66.139.137 - - [20/Feb/2021:14:18:48 +0100] "GET /-p-22894.html HTTP/1.0" 200 68690 "-" "Mozilla/5.0 (compatible; bingbot/2.0; +http://www.bing.com/bingbot.htm)"
13.66.139.137 - - [20/Feb/2021:14:18:49 +0100] "GET /taurus-decorative-statue-p-31560.html HTTP/1.0" 200 68801 "-" "Mozilla/5.0 (compatible; bingbot/2.0; +http://www.bing.com/bingbot.htm)"
185.191.171.13 - - [20/Feb/2021:14:18:54 +0100] "GET /panda-bedclothes-p-49147.html HTTP/1.0" 200 72251 "-" "Mozilla/5.0 (compatible; SemrushBot/7~bl; +http://www.semrush.com/bot.html)"
185.191.171.40 - - [20/Feb/2021:14:19:04 +0100] "GET /nici-milo-gorilla-memo-clip-p-4972.html?action=add_product HTTP/1.0" 302 476 "-" "Mozilla/5.0 (compatible; SemrushBot/7~bl; +http://www.semrush.com/bot.html)"
185.191.171.39 - - [20/Feb/2021:14:19:06 +0100] "GET /votive-candle-hours-lemon-amalfi-p-47629.html HTTP/1.0" 200 71971 "-" "Mozilla/5.0 (compatible; SemrushBot/7~bl; +http://www.semrush.com/bot.html)"
13.66.139.88 - - [20/Feb/2021:14:19:12 +0100] "GET /-p-39349.html HTTP/1.0" 200 68690 "-" "Mozilla/5.0 (compatible; bingbot/2.0; +http://www.bing.com/bingbot.htm)"
13.66.139.88 - - [20/Feb/2021:14:19:13 +0100] "GET /cat-head-wallet-model-p-39436.html HTTP/1.0" 301 71425 "-" "Mozilla/5.0 (compatible; bingbot/2.0; +http://www.bing.com/bingbot.htm)"
13.66.139.73 - - [20/Feb/2021:14:19:26 +0100] "GET /pairs-of-socks-charlotte-aux-fraises-27-30-p-50909.html HTTP/1.0" 301 68757 "-" "Mozilla/5.0 (compatible; bingbot/2.0; +http://www.bing.com/bingbot.htm)"
66.249.69.164 - - [20/Feb/2021:14:19:27 +0100] "GET /images/mini_prod/1300000021241.jpg HTTP/1.0" 200 269 "-" "Googlebot-Image/1.0"
185.191.171.10 - - [20/Feb/2021:14:19:38 +0100] "GET /apple-ceramic-p-48592.html HTTP/1.0" 200 71336 "-" "Mozilla/5.0 (compatible; SemrushBot/7~bl; +http://www.semrush.com/bot.html)"
185.191.171.18 - - [20/Feb/2021:14:19:45 +0100] "GET /funky-vertical-messenger-p-19061.html HTTP/1.0" 200 72324 "-" "Mozilla/5.0 (compatible; SemrushBot/7~bl; +http://www.semrush.com/bot.html)"
66.249.69.164 - - [20/Feb/2021:14:20:12 +0100] "GET /images/med_prod/4036113803029.jpg HTTP/1.0" 200 268 "-" "Googlebot-Image/1.0"
185.191.171.13 - - [20/Feb/2021:14:20:14 +0100] "GET /elephant-toilet-brush-385-10-cm-p-44791.html HTTP/1.0" 301 68878 "-" "Mozilla/5.0 (compatible; SemrushBot/7~bl; +http://www.semrush.com/bot.html)"
13.66.139.137 - - [20/Feb/2021:14:20:15 +0100] "GET /elastic-loom-bands-p-26692.html HTTP/1.0" 200 71337 "-" "Mozilla/5.0 (compatible; bingbot/2.0; +http://www.bing.com/bingbot.htm)"
13.66.139.137 - - [20/Feb/2021:14:20:16 +0100] "GET /figure-finding-dory-collectible-surprise-p-35273.html HTTP/1.0" 200 68887 "-" "Mozilla/5.0 (compatible; bingbot/2.0; +http://www.bing.com/bingbot.htm)"
185.191.171.6 - - [20/Feb/2021:14:20:17 +0100] "GET /elephant-toilet-brush-p-44791.html HTTP/1.0" 200 68790 "-" "Mozilla/5.0 (compatible; SemrushBot/7~bl; +http://www.semrush.com/bot.html)"
185.191.171.12 - - [20/Feb/2021:14:20:20 +0100] "GET /home-decoration-c-13.html?page=89 HTTP/1.0" 200 90446 "-" "Mozilla/5.0 (compatible; SemrushBot/7~bl; +http://www.semrush.com/bot.html)"
13.66.139.137 - - [20/Feb/2021:14:20:45 +0100] "GET /barbapapa-postcard-p-19476.html HTTP/1.0" 200 71394 "-" "Mozilla/5.0 (compatible; bingbot/2.0; +http://www.bing.com/bingbot.htm)"
185.191.171.20 - - [20/Feb/2021:14:20:56 +0100] "GET /protects-mattress-sponge-p-43575.html?action=add_product HTTP/1.0" 302 476 "-" "Mozilla/5.0 (compatible; SemrushBot/7~bl; +http://www.semrush.com/bot.html)"
66.249.69.164 - - [20/Feb/2021:14:20:57 +0100] "GET /images/mini_prod/3453131045421.jpg HTTP/1.0" 200 269 "-" "Googlebot-Image/1.0"
54.36.148.90 - - [20/Feb/2021:14:21:03 +0100] "GET /taiji-quan-statuette-model-p-50079.html HTTP/1.0" 200 71431 "-" "Mozilla/5.0 (compatible; AhrefsBot/7.0; +http://ahrefs.com/robot/)"
185.191.171.9 - - [20/Feb/2021:14:21:11 +0100] "GET /atlas-statue-p-40913.html?action=add_product HTTP/1.0" 302 476 "-" "Mozilla/5.0 (compatible; SemrushBot/7~bl; +http://www.semrush.com/bot.html)"
13.66.139.88 - - [20/Feb/2021:14:21:12 +0100] "GET /-p-14130.html HTTP/1.0" 200 68690 "-" "Mozilla/5.0 (compatible; bingbot/2.0; +http://www.bing.com/bingbot.htm)"
13.66.139.88 - - [20/Feb/2021:14:21:13 +0100] "GET /california-usa-brown-backpack-p-37100.html HTTP/1.0" 301 71750 "-" "Mozilla/5.0 (compatible; bingbot/2.0; +http://www.bing.com/bingbot.htm)"
13.66.139.137 - - [20/Feb/2021:14:21:16 +0100] "GET /route-66-metal-plate-20-30-cm-p-29719.html HTTP/1.0" 301 71430 "-" "Mozilla/5.0 (compatible; bingbot/2.0; +http://www.bing.com/bingbot.htm)"
185.191.171.36 - - [20/Feb/2021:14:21:24 +0100] "GET /keep-calm-drink-beer-metal-plate-deco-p-36123.html HTTP/1.0" 200 71493 "-" "Mozilla/5.0 (compatible; SemrushBot/7~bl; +http://www.semrush.com/bot.html)"
185.191.171.3 - - [20/Feb/2021:14:21:31 +0100] "GET /cats-dubout-paperweight-p-43670.html HTTP/1.0" 200 71751 "-" "Mozilla/5.0 (compatible; SemrushBot/7~bl; +http://www.semrush.com/bot.html)"
66.249.69.166 - - [20/Feb/2021:14:21:43 +0100] "GET /images/mini_prod/3609810056411.jpg HTTP/1.0" 200 269 "-" "Googlebot-Image/1.0"
13.66.139.73 - - [20/Feb/2021:14:21:47 +0100] "GET /model-vespa-125-giorni-1952-p-18638.html HTTP/1.0" 301 68904 "-" "Mozilla/5.0 (compatible; bingbot/2.0; +http://www.bing.com/bingbot.htm)"
13.66.139.88 - - [20/Feb/2021:14:21:53 +0100] "GET /hello-kitty-cereal-bowl-p-4810.html HTTP/1.0" 200 71426 "-" "Mozilla/5.0 (compatible; bingbot/2.0; +http://www.bing.com/bingbot.htm)"
185.191.171.24 - - [20/Feb/2021:14:21:55 +0100] "GET /pill-chat-cushions-p-53836.html?action=add_product HTTP/1.0" 302 476 "-" "Mozilla/5.0 (compatible; SemrushBot/7~bl; +http://www.semrush.com/bot.html)"
13.66.139.137 - - [20/Feb/2021:14:22:06 +0100] "GET /-m-236.html HTTP/1.0" 200 78809 "-" "Mozilla/5.0 (compatible; bingbot/2.0; +http://www.bing.com/bingbot.htm)"
13.66.139.73 - - [20/Feb/2021:14:22:10 +0100] "GET /peg-and-coat-hook-c-13_198.html HTTP/1.0" 301 88951 "-" "Mozilla/5.0 (compatible; bingbot/2.0; +http://www.bing.com/bingbot.htm)"
13.66.139.73 - - [20/Feb/2021:14:22:11 +0100] "GET /-p-2123.html HTTP/1.0" 200 68688 "-" "Mozilla/5.0 (compatible; bingbot/2.0; +http://www.bing.com/bingbot.htm)"
66.249.69.164 - - [20/Feb/2021:14:22:19 +0100] "GET /scented-candles-novenas-c-231_227.html?page=4 HTTP/1.0" 200 92010 "-" "Mozilla/5.0 (Linux; Android 6.0.1; Nexus 5X Build/MMB29P) AppleWebKit/537.36 (KHTML, like Gecko) Chrome/88.0.4324.153 Mobile Safari/537.36 (compatible; Googlebot/2.1; +http://www.google.com/bot.html)"
66.249.69.162 - - [20/Feb/2021:14:22:28 +0100] "GET /images/big_prod/8422669061178.jpg HTTP/1.0" 200 268 "-" "Googlebot-Image/1.0"
51.68.224.127 - - [20/Feb/2021:14:22:41 +0100] "GET /adminweb/export_orders_xml.php?token=256de2z6edz6ed2z6DFSFsed2zed6zeDSFDSGdzedezfzf&maxorders=10&orderstart=1&status=14&start_date=2018-10-01 HTTP/1.0" 200 285 "-" "GesCom CharlotteBoutik Serveur"
51.68.224.127 - - [20/Feb/2021:14:22:41 +0100] "GET /adminweb/export_orders_xml.php?token=256de2z6edz6ed2z6DFSFsed2zed6zeDSFDSGdzedezfzf&maxorders=10&orderstart=1&status=6&start_date=2018-10-01 HTTP/1.0" 200 29990 "-" "GesCom CharlotteBoutik Serveur"
185.191.171.25 - - [20/Feb/2021:14:22:42 +0100] "GET /laissez-lucie-faire-cups-espresso-cups-espresso-p-42256.html HTTP/1.0" 200 71546 "-" "Mozilla/5.0 (compatible; SemrushBot/7~bl; +http://www.semrush.com/bot.html)"
13.66.139.73 - - [20/Feb/2021:14:22:57 +0100] "GET /-p-12974.html HTTP/1.0" 200 68690 "-" "Mozilla/5.0 (compatible; bingbot/2.0; +http://www.bing.com/bingbot.htm)"
66.249.69.162 - - [20/Feb/2021:14:23:00 +0100] "GET /enchanted-illuminated-carriage-cinderella-carriage-figurine-p-53515.html HTTP/1.0" 200 73750 "-" "Mozilla/5.0 (Linux; Android 6.0.1; Nexus 5X Build/MMB29P) AppleWebKit/537.36 (KHTML, like Gecko) Chrome/88.0.4324.153 Mobile Safari/537.36 (compatible; Googlebot/2.1; +http://www.google.com/bot.html)"
185.191.171.40 - - [20/Feb/2021:14:23:01 +0100] "GET /head-lamp-red-p-27917.html HTTP/1.0" 301 71358 "-" "Mozilla/5.0 (compatible; SemrushBot/7~bl; +http://www.semrush.com/bot.html)"
13.66.139.88 - - [20/Feb/2021:14:23:02 +0100] "GET /-p-5232.html HTTP/1.0" 200 68688 "-" "Mozilla/5.0 (compatible; bingbot/2.0; +http://www.bing.com/bingbot.htm)"
185.191.171.1 - - [20/Feb/2021:14:23:03 +0100] "GET /head-lamp-p-27917.html HTTP/1.0" 200 71282 "-" "Mozilla/5.0 (compatible; SemrushBot/7~bl; +http://www.semrush.com/bot.html)"
185.191.171.10 - - [20/Feb/2021:14:23:10 +0100] "GET /round-blue-metatron-p-50606.html?action=add_product HTTP/1.0" 302 476 "-" "Mozilla/5.0 (compatible; SemrushBot/7~bl; +http://www.semrush.com/bot.html)"
66.249.69.164 - - [20/Feb/2021:14:23:13 +0100] "GET /images/mini_prod/3681643111314.jpg HTTP/1.0" 200 269 "-" "Googlebot-Image/1.0"
185.191.171.40 - - [20/Feb/2021:14:23:21 +0100] "GET /butterfly-desk-lamp-p-45993.html?action=add_product HTTP/1.0" 302 476 "-" "Mozilla/5.0 (compatible; SemrushBot/7~bl; +http://www.semrush.com/bot.html)"
13.66.139.137 - - [20/Feb/2021:14:23:26 +0100] "GET /-p-5171.html HTTP/1.0" 200 68688 "-" "Mozilla/5.0 (compatible; bingbot/2.0; +http://www.bing.com/bingbot.htm)"
54.36.148.90 - - [20/Feb/2021:14:23:30 +0100] "GET /taiji-quan-statuette-model-p-50080.html HTTP/1.0" 200 71429 "-" "Mozilla/5.0 (compatible; AhrefsBot/7.0; +http://ahrefs.com/robot/)"
185.191.171.23 - - [20/Feb/2021:14:23:38 +0100] "GET /pink-flamingo-white-women-shirt-p-34203.html?action=add_product HTTP/1.0" 302 476 "-" "Mozilla/5.0 (compatible; SemrushBot/7~bl; +http://www.semrush.com/bot.html)"
66.249.69.164 - - [20/Feb/2021:14:23:58 +0100] "GET /images/mini_prod/a3457010209751.jpg HTTP/1.0" 200 270 "-" "Googlebot-Image/1.0"
185.191.171.15 - - [20/Feb/2021:14:24:33 +0100] "GET /marble-tile-stickers-p-51947.html?action=add_product HTTP/1.0" 302 476 "-" "Mozilla/5.0 (compatible; SemrushBot/7~bl; +http://www.semrush.com/bot.html)"
185.191.171.37 - - [20/Feb/2021:14:24:33 +0100] "GET /robots.txt HTTP/1.0" 200 245 "-" "Mozilla/5.0 (compatible; SemrushBot/7~bl; +http://www.semrush.com/bot.html)"
66.249.69.162 - - [20/Feb/2021:14:24:44 +0100] "GET /images/mini_prod/5018997617205.jpg HTTP/1.0" 200 269 "-" "Googlebot-Image/1.0"
185.191.171.2 - - [20/Feb/2021:14:25:10 +0100] "GET /pedestal-or-stool-elephant-ethnic-wooden-p-46419.html HTTP/1.0" 301 68938 "-" "Mozilla/5.0 (compatible; SemrushBot/7~bl; +http://www.semrush.com/bot.html)"
185.191.171.12 - - [20/Feb/2021:14:25:12 +0100] "GET /pedestal-stool-elephant-ethnic-wooden-p-46419.html HTTP/1.0" 200 68834 "-" "Mozilla/5.0 (compatible; SemrushBot/7~bl; +http://www.semrush.com/bot.html)"
13.66.139.137 - - [20/Feb/2021:14:25:26 +0100] "GET /la-caravelle-vintage-clock-60-cm-p-45890.html HTTP/1.0" 301 71547 "-" "Mozilla/5.0 (compatible; bingbot/2.0; +http://www.bing.com/bingbot.htm)"
185.191.171.8 - - [20/Feb/2021:14:25:26 +0100] "GET /wall-sticker-joie-vivre-p-39225.html?action=add_product HTTP/1.0" 302 476 "-" "Mozilla/5.0 (compatible; SemrushBot/7~bl; +http://www.semrush.com/bot.html)"
66.249.69.166 - - [20/Feb/2021:14:25:29 +0100] "GET /images/mini_prod/3609810037038.jpg HTTP/1.0" 200 269 "-" "Googlebot-Image/1.0"
13.66.139.73 - - [20/Feb/2021:14:25:30 +0100] "GET /butterflies-stickers-p-39239.html HTTP/1.0" 200 71322 "-" "Mozilla/5.0 (compatible; bingbot/2.0; +http://www.bing.com/bingbot.htm)"
13.66.139.73 - - [20/Feb/2021:14:25:31 +0100] "GET /duvet-cover-in-cotton-percale-80-threads-200-200-cm-p-48212.html HTTP/1.0" 301 71730 "-" "Mozilla/5.0 (compatible; bingbot/2.0; +http://www.bing.com/bingbot.htm)"
13.66.139.73 - - [20/Feb/2021:14:25:32 +0100] "GET /school-gorjuss-sugar-and-spice-agenda-year-2017-2018-p-39785.html HTTP/1.0" 301 71949 "-" "Mozilla/5.0 (compatible; bingbot/2.0; +http://www.bing.com/bingbot.htm)"
185.191.171.2 - - [20/Feb/2021:14:25:39 +0100] "GET /hanging-metal-structure-p-47434.html?action=add_product HTTP/1.0" 302 476 "-" "Mozilla/5.0 (compatible; SemrushBot/7~bl; +http://www.semrush.com/bot.html)"
185.191.171.40 - - [20/Feb/2021:14:25:55 +0100] "GET /peter-pan-tinkerbell-kneeling-figure-p-15671.html HTTP/1.0" 301 68757 "-" "Mozilla/5.0 (compatible; SemrushBot/7~bl; +http://www.semrush.com/bot.html)"
54.36.148.245 - - [20/Feb/2021:14:25:55 +0100] "GET /salamander-wall-decoration-36-cm-p-48633.html HTTP/1.0" 301 71535 "-" "Mozilla/5.0 (compatible; AhrefsBot/7.0; +http://ahrefs.com/robot/)"
13.66.139.88 - - [20/Feb/2021:14:26:03 +0100] "GET /london-plymouth-big-ben-cushion-p-27469.html HTTP/1.0" 301 71676 "-" "Mozilla/5.0 (compatible; bingbot/2.0; +http://www.bing.com/bingbot.htm)"
66.249.82.212 - - [20/Feb/2021:14:26:06 +0100] "GET /images/1399984247419.jpg HTTP/1.0" 200 259 "-" "Mozilla/5.0 (Windows NT 5.1; rv:11.0) Gecko Firefox/11.0 (via ggpht.com GoogleImageProxy)"
66.249.69.166 - - [20/Feb/2021:14:26:14 +0100] "GET /images/mini_prod/8433933114735.jpg HTTP/1.0" 200 269 "-" "Googlebot-Image/1.0"
13.66.139.137 - - [20/Feb/2021:14:26:36 +0100] "GET /-p-30111.html HTTP/1.0" 200 68690 "-" "Mozilla/5.0 (compatible; bingbot/2.0; +http://www.bing.com/bingbot.htm)"
185.191.171.23 - - [20/Feb/2021:14:26:41 +0100] "GET /rectangular-indoor-carpet-p-53900.html HTTP/1.0" 200 72150 "-" "Mozilla/5.0 (compatible; SemrushBot/7~bl; +http://www.semrush.com/bot.html)"
13.66.139.88 - - [20/Feb/2021:14:26:53 +0100] "GET /decorative-thermometer-in-metal-30-cm-corsica-p-43596.html HTTP/1.0" 301 71633 "-" "Mozilla/5.0 (compatible; bingbot/2.0; +http://www.bing.com/bingbot.htm)"
13.66.139.73 - - [20/Feb/2021:14:26:58 +0100] "GET /moroccan-ashtray-p-40622.html HTTP/1.0" 200 71298 "-" "Mozilla/5.0 (compatible; bingbot/2.0; +http://www.bing.com/bingbot.htm)"
185.191.171.20 - - [20/Feb/2021:14:26:58 +0100] "GET /decorative-useful-little-buddha-p-53309.html HTTP/1.0" 200 71450 "-" "Mozilla/5.0 (compatible; SemrushBot/7~bl; +http://www.semrush.com/bot.html)"
66.249.69.164 - - [20/Feb/2021:14:26:59 +0100] "GET /images/big_prod/5400924119928.jpg HTTP/1.0" 200 268 "-" "Googlebot-Image/1.0"
13.66.139.73 - - [20/Feb/2021:14:26:59 +0100] "GET /-p-18661.html HTTP/1.0" 200 68690 "-" "Mozilla/5.0 (compatible; bingbot/2.0; +http://www.bing.com/bingbot.htm)"
185.191.171.41 - - [20/Feb/2021:14:27:01 +0100] "GET /small-steel-fridge-magnets-p-31631.html?action=add_product HTTP/1.0" 302 476 "-" "Mozilla/5.0 (compatible; SemrushBot/7~bl; +http://www.semrush.com/bot.html)"
13.66.139.137 - - [20/Feb/2021:14:27:06 +0100] "GET /jar-candle-30-hours-simply-spa-p-33052.html HTTP/1.0" 301 68901 "-" "Mozilla/5.0 (compatible; bingbot/2.0; +http://www.bing.com/bingbot.htm)"
13.66.139.73 - - [20/Feb/2021:14:27:18 +0100] "GET /blue-vespa-shoulder-bag-p-23062.html HTTP/1.0" 301 68874 "-" "Mozilla/5.0 (compatible; bingbot/2.0; +http://www.bing.com/bingbot.htm)"
185.191.171.4 - - [20/Feb/2021:14:27:33 +0100] "GET /box-of-12-sonny-angel-chocolate-2016-figurines-p-49375.html HTTP/1.0" 301 71767 "-" "Mozilla/5.0 (compatible; SemrushBot/7~bl; +http://www.semrush.com/bot.html)"
185.191.171.26 - - [20/Feb/2021:14:27:35 +0100] "GET /sonny-angel-chocolate-2016-figurines-p-49375.html HTTP/1.0" 200 71664 "-" "Mozilla/5.0 (compatible; SemrushBot/7~bl; +http://www.semrush.com/bot.html)"
185.191.171.11 - - [20/Feb/2021:14:27:37 +0100] "GET /jasmin-giorgio-notebook-p-34954.html?action=add_product HTTP/1.0" 302 476 "-" "Mozilla/5.0 (compatible; SemrushBot/7~bl; +http://www.semrush.com/bot.html)"
66.249.69.162 - - [20/Feb/2021:14:27:44 +0100] "GET /images/mini_prod/1399984235836.jpg HTTP/1.0" 200 269 "-" "Googlebot-Image/1.0"
13.66.139.73 - - [20/Feb/2021:14:27:47 +0100] "GET /-p-19588.html HTTP/1.0" 200 68690 "-" "Mozilla/5.0 (compatible; bingbot/2.0; +http://www.bing.com/bingbot.htm)"
54.36.149.76 - - [20/Feb/2021:14:28:17 +0100] "GET /red-head-lamp-p-33812.html HTTP/1.0" 301 71401 "-" "Mozilla/5.0 (compatible; AhrefsBot/7.0; +http://ahrefs.com/robot/)"
185.191.171.7 - - [20/Feb/2021:14:28:24 +0100] "GET /door-plate-bedroom-p-52420.html HTTP/1.0" 200 71355 "-" "Mozilla/5.0 (compatible; SemrushBot/7~bl; +http://www.semrush.com/bot.html)"
13.66.139.137 - - [20/Feb/2021:14:28:26 +0100] "GET /monchhichi-bebichhichi-plush-p-30282.html HTTP/1.0" 200 68821 "-" "Mozilla/5.0 (compatible; bingbot/2.0; +http://www.bing.com/bingbot.htm)"
66.249.69.164 - - [20/Feb/2021:14:28:30 +0100] "GET /images/big_prod_1/5415203852823B.jpg HTTP/1.0" 200 271 "-" "Googlebot-Image/1.0"
66.249.69.164 - - [20/Feb/2021:14:28:38 +0100] "GET /winnie-pooh-bath-towel-p-10121.html HTTP/1.0" 200 71477 "-" "Mozilla/5.0 (Linux; Android 6.0.1; Nexus 5X Build/MMB29P) AppleWebKit/537.36 (KHTML, like Gecko) Chrome/88.0.4324.153 Mobile Safari/537.36 (compatible; Googlebot/2.1; +http://www.google.com/bot.html)"
185.191.171.22 - - [20/Feb/2021:14:28:43 +0100] "GET /teo-jasmin-make-up-kit-teo-nova-p-43162.html HTTP/1.0" 301 71584 "-" "Mozilla/5.0 (compatible; SemrushBot/7~bl; +http://www.semrush.com/bot.html)"
185.191.171.42 - - [20/Feb/2021:14:28:46 +0100] "GET /jasmin-make-nova-p-43162.html HTTP/1.0" 200 71501 "-" "Mozilla/5.0 (compatible; SemrushBot/7~bl; +http://www.semrush.com/bot.html)"
185.191.171.42 - - [20/Feb/2021:14:28:50 +0100] "GET /buddha-cement-wall-decoration-hang-p-47708.html HTTP/1.0" 200 71474 "-" "Mozilla/5.0 (compatible; SemrushBot/7~bl; +http://www.semrush.com/bot.html)"
66.249.69.164 - - [20/Feb/2021:14:29:15 +0100] "GET /images/mini_prod/3665269059458.jpg HTTP/1.0" 200 269 "-" "Googlebot-Image/1.0"
13.66.139.137 - - [20/Feb/2021:14:29:16 +0100] "GET /-p-9327.html HTTP/1.0" 200 68688 "-" "Mozilla/5.0 (compatible; bingbot/2.0; +http://www.bing.com/bingbot.htm)"
185.191.171.4 - - [20/Feb/2021:14:29:32 +0100] "GET /plush-keel-toys-parrot-p-50306.html HTTP/1.0" 200 71433 "-" "Mozilla/5.0 (compatible; SemrushBot/7~bl; +http://www.semrush.com/bot.html)"
185.191.171.10 - - [20/Feb/2021:14:29:45 +0100] "GET /cement-tile-stickers-grey-green-p-45009.html HTTP/1.0" 200 71712 "-" "Mozilla/5.0 (compatible; SemrushBot/7~bl; +http://www.semrush.com/bot.html)"
13.66.139.137 - - [20/Feb/2021:14:29:46 +0100] "GET /mickey-mouse-large-backpack-p-25090.html HTTP/1.0" 200 71694 "-" "Mozilla/5.0 (compatible; bingbot/2.0; +http://www.bing.com/bingbot.htm)"
13.66.139.137 - - [20/Feb/2021:14:29:48 +0100] "GET /sonny-angel-figure-marines-series-p-13109.html HTTP/1.0" 200 68812 "-" "Mozilla/5.0 (compatible; bingbot/2.0; +http://www.bing.com/bingbot.htm)"
13.66.139.73 - - [20/Feb/2021:14:29:59 +0100] "GET /collection-plate-metal-vespa-the-den-of-the-vespa-p-35031.html HTTP/1.0" 301 72033 "-" "Mozilla/5.0 (compatible; bingbot/2.0; +http://www.bing.com/bingbot.htm)"
66.249.69.162 - - [20/Feb/2021:14:30:00 +0100] "GET /images/1345544440264.jpg HTTP/1.0" 200 259 "-" "Googlebot-Image/1.0"
185.191.171.4 - - [20/Feb/2021:14:30:06 +0100] "GET /pucca-p-22265.html HTTP/1.0" 200 71350 "-" "Mozilla/5.0 (compatible; SemrushBot/7~bl; +http://www.semrush.com/bot.html)"
13.66.139.137 - - [20/Feb/2021:14:30:26 +0100] "GET /kundalini-chakras-wall-decoration-28-158-cm-p-38792.html HTTP/1.0" 301 72672 "-" "Mozilla/5.0 (compatible; bingbot/2.0; +http://www.bing.com/bingbot.htm)"
185.191.171.44 - - [20/Feb/2021:14:30:30 +0100] "GET /smack-down-small-reels-p-13882.html HTTP/1.0" 200 71720 "-" "Mozilla/5.0 (compatible; SemrushBot/7~bl; +http://www.semrush.com/bot.html)"
66.249.69.164 - - [20/Feb/2021:14:30:45 +0100] "GET /images/mini_prod/045544940030.jpg HTTP/1.0" 200 268 "-" "Googlebot-Image/1.0"
54.36.149.90 - - [20/Feb/2021:14:30:52 +0100] "GET /corsica-metal-plate-p-52527.html HTTP/1.0" 200 71289 "-" "Mozilla/5.0 (compatible; AhrefsBot/7.0; +http://ahrefs.com/robot/)"
13.66.139.137 - - [20/Feb/2021:14:30:56 +0100] "GET /-p-15972.html HTTP/1.0" 200 68690 "-" "Mozilla/5.0 (compatible; bingbot/2.0; +http://www.bing.com/bingbot.htm)"
13.66.139.73 - - [20/Feb/2021:14:31:00 +0100] "GET /couple-perrier-by-villemot-poster-p-15231.html HTTP/1.0" 301 68903 "-" "Mozilla/5.0 (compatible; bingbot/2.0; +http://www.bing.com/bingbot.htm)"
13.66.139.73 - - [20/Feb/2021:14:31:01 +0100] "GET /mini-motsu-keel-toys-plush-p-46184.html HTTP/1.0" 200 68784 "-" "Mozilla/5.0 (compatible; bingbot/2.0; +http://www.bing.com/bingbot.htm)"
185.191.171.38 - - [20/Feb/2021:14:31:03 +0100] "GET /skull-brown-leather-bracelet-p-38475.html HTTP/1.0" 200 71349 "-" "Mozilla/5.0 (compatible; SemrushBot/7~bl; +http://www.semrush.com/bot.html)"
157.55.39.246 - - [20/Feb/2021:14:31:15 +0100] "GET /js/jquery.js HTTP/1.0" 200 252 "-" "Mozilla/5.0 (compatible; bingbot/2.0; +http://www.bing.com/bingbot.htm)"
157.55.39.246 - - [20/Feb/2021:14:31:15 +0100] "GET /js/jquery.js HTTP/1.0" 200 252 "-" "Mozilla/5.0 (compatible; bingbot/2.0; +http://www.bing.com/bingbot.htm)"
13.66.139.88 - - [20/Feb/2021:14:31:19 +0100] "GET /barbamama-set-mommy-and-baby-gloves-p-17906.html HTTP/1.0" 301 68934 "-" "Mozilla/5.0 (compatible; bingbot/2.0; +http://www.bing.com/bingbot.htm)"
13.66.139.137 - - [20/Feb/2021:14:31:26 +0100] "GET /zen-japanese-garden-cherry-tree-sticker-p-35390.html HTTP/1.0" 301 71568 "-" "Mozilla/5.0 (compatible; bingbot/2.0; +http://www.bing.com/bingbot.htm)"
66.249.69.162 - - [20/Feb/2021:14:31:30 +0100] "GET /images/big_prod/8424001343065.jpg HTTP/1.0" 200 268 "-" "Googlebot-Image/1.0"
185.191.171.22 - - [20/Feb/2021:14:31:52 +0100] "GET /cats-set-cups-espresso-p-37858.html HTTP/1.0" 301 71401 "-" "Mozilla/5.0 (compatible; SemrushBot/7~bl; +http://www.semrush.com/bot.html)"
185.191.171.36 - - [20/Feb/2021:14:31:54 +0100] "GET /cats-cups-espresso-p-37858.html HTTP/1.0" 200 71316 "-" "Mozilla/5.0 (compatible; SemrushBot/7~bl; +http://www.semrush.com/bot.html)"
185.191.171.24 - - [20/Feb/2021:14:32:02 +0100] "GET /gorjuss-cards-supplied-with-envelope-forget-p-48367.html HTTP/1.0" 200 71650 "-" "Mozilla/5.0 (compatible; SemrushBot/7~bl; +http://www.semrush.com/bot.html)"
13.66.139.88 - - [20/Feb/2021:14:32:05 +0100] "GET /-p-29925.html HTTP/1.0" 200 68690 "-" "Mozilla/5.0 (compatible; bingbot/2.0; +http://www.bing.com/bingbot.htm)"
66.249.69.166 - - [20/Feb/2021:14:32:16 +0100] "GET /images/51002_Ansicht.jpg HTTP/1.0" 200 259 "-" "Googlebot-Image/1.0"
13.66.139.137 - - [20/Feb/2021:14:32:16 +0100] "GET /industrial-retro-clock-in-aged-metal-31-285-cm-p-48585.html HTTP/1.0" 301 71755 "-" "Mozilla/5.0 (compatible; bingbot/2.0; +http://www.bing.com/bingbot.htm)"
185.191.171.44 - - [20/Feb/2021:14:32:19 +0100] "GET /suis-poil-p-49542.html HTTP/1.0" 200 71212 "-" "Mozilla/5.0 (compatible; SemrushBot/7~bl; +http://www.semrush.com/bot.html)"
54.36.148.205 - - [20/Feb/2021:14:32:19 +0100] "GET /route-66-metal-plate-p-12559.html HTTP/1.0" 301 71413 "-" "Mozilla/5.0 (compatible; AhrefsBot/7.0; +http://ahrefs.com/robot/)"
13.66.139.73 - - [20/Feb/2021:14:32:21 +0100] "GET /-p-18290.html HTTP/1.0" 200 68690 "-" "Mozilla/5.0 (compatible; bingbot/2.0; +http://www.bing.com/bingbot.htm)"
13.66.139.88 - - [20/Feb/2021:14:32:35 +0100] "GET /frozen-disney-pink-pencil-pot-p-37024.html HTTP/1.0" 301 71498 "-" "Mozilla/5.0 (compatible; bingbot/2.0; +http://www.bing.com/bingbot.htm)"
185.191.171.4 - - [20/Feb/2021:14:32:36 +0100] "GET /uk-bus-cushion-p-33030.html HTTP/1.0" 301 68811 "-" "Mozilla/5.0 (compatible; SemrushBot/7~bl; +http://www.semrush.com/bot.html)"
185.191.171.23 - - [20/Feb/2021:14:32:38 +0100] "GET /cushion-p-33030.html HTTP/1.0" 200 68737 "-" "Mozilla/5.0 (compatible; SemrushBot/7~bl; +http://www.semrush.com/bot.html)"
66.249.69.166 - - [20/Feb/2021:14:33:05 +0100] "GET /images/mini_prod/3609810082847.jpg HTTP/1.0" 200 269 "-" "Googlebot-Image/1.0"
185.191.171.4 - - [20/Feb/2021:14:33:16 +0100] "GET /kori-kumi-pack-pens-p-30487.html HTTP/1.0" 200 71380 "-" "Mozilla/5.0 (compatible; SemrushBot/7~bl; +http://www.semrush.com/bot.html)"
13.66.139.88 - - [20/Feb/2021:14:33:25 +0100] "GET /teo-jasmin-medium-cabas-p-30000.html HTTP/1.0" 301 68874 "-" "Mozilla/5.0 (compatible; bingbot/2.0; +http://www.bing.com/bingbot.htm)"
13.66.139.73 - - [20/Feb/2021:14:33:30 +0100] "GET /golden-brass-boat-bell-to-fix-on-the-wall-105-cm-p-49461.html HTTP/1.0" 301 71596 "-" "Mozilla/5.0 (compatible; bingbot/2.0; +http://www.bing.com/bingbot.htm)"
157.55.39.255 - - [20/Feb/2021:14:33:35 +0100] "GET /mini-magnetic-plate-retro-p-30544.html HTTP/1.0" 301 71458 "-" "Mozilla/5.0 (compatible; bingbot/2.0; +http://www.bing.com/bingbot.htm)"
54.36.148.45 - - [20/Feb/2021:14:33:35 +0100] "GET /led-retro-wall-lamp-in-brown-weathered-metal-p-44616.html HTTP/1.0" 301 71637 "-" "Mozilla/5.0 (compatible; AhrefsBot/7.0; +http://ahrefs.com/robot/)"
185.191.171.45 - - [20/Feb/2021:14:33:35 +0100] "GET /louise-flower-pot-p-51547.html HTTP/1.0" 301 72019 "-" "Mozilla/5.0 (compatible; SemrushBot/7~bl; +http://www.semrush.com/bot.html)"
185.191.171.10 - - [20/Feb/2021:14:33:38 +0100] "GET /louise-flower-p-51547.html HTTP/1.0" 200 71939 "-" "Mozilla/5.0 (compatible; SemrushBot/7~bl; +http://www.semrush.com/bot.html)"
216.244.66.242 - - [20/Feb/2021:14:33:43 +0100] "GET /robots.txt HTTP/1.0" 200 245 "-" "Mozilla/5.0 (compatible; DotBot/1.1; http://www.opensiteexplorer.org/dotbot, help@moz.com)"
66.249.69.164 - - [20/Feb/2021:14:33:46 +0100] "GET /images/med_prod/3272760422997.jpg HTTP/1.0" 200 268 "-" "Googlebot-Image/1.0"
13.66.139.88 - - [20/Feb/2021:14:34:06 +0100] "GET /bob-marley-mirror-p-7142.html HTTP/1.0" 301 71316 "-" "Mozilla/5.0 (compatible; bingbot/2.0; +http://www.bing.com/bingbot.htm)"
13.66.139.88 - - [20/Feb/2021:14:34:07 +0100] "GET /-p-17283.html HTTP/1.0" 200 68690 "-" "Mozilla/5.0 (compatible; bingbot/2.0; +http://www.bing.com/bingbot.htm)"
185.191.171.7 - - [20/Feb/2021:14:34:08 +0100] "GET /votive-candle-hours-rambling-rose-p-33117.html HTTP/1.0" 200 72613 "-" "Mozilla/5.0 (compatible; SemrushBot/7~bl; +http://www.semrush.com/bot.html)"
185.191.171.9 - - [20/Feb/2021:14:34:14 +0100] "GET /fantasy-watch-women-fowers-p-49961.html HTTP/1.0" 200 71413 "-" "Mozilla/5.0 (compatible; SemrushBot/7~bl; +http://www.semrush.com/bot.html)"
13.66.139.73 - - [20/Feb/2021:14:34:28 +0100] "GET /clock-plane-color-rust-325-cm-p-38742.html HTTP/1.0" 301 71579 "-" "Mozilla/5.0 (compatible; bingbot/2.0; +http://www.bing.com/bingbot.htm)"
66.249.69.166 - - [20/Feb/2021:14:34:31 +0100] "GET /images/mini_prod/8717202557455.jpg HTTP/1.0" 200 269 "-" "Googlebot-Image/1.0"
106.38.241.151 - - [20/Feb/2021:14:34:47 +0100] "GET / HTTP/1.0" 301 511 "-" "Sogou web spider/4.0(+http://www.sogou.com/docs/help/webmasters.htm#07)"
54.36.148.90 - - [20/Feb/2021:14:34:52 +0100] "GET /rock-crystal-and-salt-lamp-p-44379.html HTTP/1.0" 301 73306 "-" "Mozilla/5.0 (compatible; AhrefsBot/7.0; +http://ahrefs.com/robot/)"
13.66.139.73 - - [20/Feb/2021:14:35:08 +0100] "GET /-p-38669.html HTTP/1.0" 200 68690 "-" "Mozilla/5.0 (compatible; bingbot/2.0; +http://www.bing.com/bingbot.htm)"
114.119.158.196 - - [20/Feb/2021:14:35:09 +0100] "GET /coca-cola-large-metal-plate-deco-p-27968.html HTTP/1.0" 200 68808 "-" "Mozilla/5.0 (Linux; Android 7.0;) AppleWebKit/537.36 (KHTML, like Gecko) Mobile Safari/537.36 (compatible; PetalBot;+https://aspiegel.com/petalbot)"
66.249.69.162 - - [20/Feb/2021:14:35:16 +0100] "GET /images/mini_prod/7601019993050.jpg HTTP/1.0" 200 269 "-" "Googlebot-Image/1.0"
185.191.171.19 - - [20/Feb/2021:14:35:28 +0100] "GET /bolster-case-black-p-34840.html?action=add_product HTTP/1.0" 302 476 "-" "Mozilla/5.0 (compatible; SemrushBot/7~bl; +http://www.semrush.com/bot.html)"
185.191.171.45 - - [20/Feb/2021:14:35:33 +0100] "GET /cement-tile-stickers-15-15-cm-p-50340.html HTTP/1.0" 301 72345 "-" "Mozilla/5.0 (compatible; SemrushBot/7~bl; +http://www.semrush.com/bot.html)"
185.191.171.23 - - [20/Feb/2021:14:35:36 +0100] "GET /graphic-birds-sugar-p-39836.html HTTP/1.0" 200 71305 "-" "Mozilla/5.0 (compatible; SemrushBot/7~bl; +http://www.semrush.com/bot.html)"
66.249.69.164 - - [20/Feb/2021:14:36:02 +0100] "GET /images/mini_prod/5415203852823.jpg HTTP/1.0" 200 269 "-" "Googlebot-Image/1.0"
185.191.171.17 - - [20/Feb/2021:14:36:08 +0100] "GET /dollar-money-cbkreation-p-24136.html HTTP/1.0" 200 71401 "-" "Mozilla/5.0 (compatible; SemrushBot/7~bl; +http://www.semrush.com/bot.html)"
157.55.39.159 - - [20/Feb/2021:14:36:13 +0100] "GET /luggages-schoolbags-leather-shop/small-leather-store/cruella-vil-large-coin-purse-p-5555.html HTTP/1.0" 301 68754 "-" "Mozilla/5.0 (compatible; bingbot/2.0; +http://www.bing.com/bingbot.htm)"
54.36.148.8 - - [20/Feb/2021:14:36:13 +0100] "GET /cat-to-paris-mug-p-27280.html HTTP/1.0" 301 71318 "-" "Mozilla/5.0 (compatible; AhrefsBot/7.0; +http://ahrefs.com/robot/)"
185.191.171.22 - - [20/Feb/2021:14:36:15 +0100] "GET /mug-canarasta-by-cbkreation-p-22067.html HTTP/1.0" 301 71415 "-" "Mozilla/5.0 (compatible; SemrushBot/7~bl; +http://www.semrush.com/bot.html)"
185.191.171.7 - - [20/Feb/2021:14:36:17 +0100] "GET /canarasta-cbkreation-p-22067.html HTTP/1.0" 200 71328 "-" "Mozilla/5.0 (compatible; SemrushBot/7~bl; +http://www.semrush.com/bot.html)"
185.191.171.24 - - [20/Feb/2021:14:36:22 +0100] "GET /nici-jolly-lynn-sheep-plush-p-35184.html HTTP/1.0" 200 78245 "-" "Mozilla/5.0 (compatible; SemrushBot/7~bl; +http://www.semrush.com/bot.html)"
13.66.139.137 - - [20/Feb/2021:14:36:27 +0100] "GET /star-wars-blue-training-bottle-p-29945.html HTTP/1.0" 200 71477 "-" "Mozilla/5.0 (compatible; bingbot/2.0; +http://www.bing.com/bingbot.htm)"
13.66.139.73 - - [20/Feb/2021:14:36:32 +0100] "GET /jigsaws-c-4_144.html HTTP/1.0" 200 77698 "-" "Mozilla/5.0 (compatible; bingbot/2.0; +http://www.bing.com/bingbot.htm)"
185.191.171.36 - - [20/Feb/2021:14:36:35 +0100] "GET /johnny-hallyday-collector-zippo-lighter-p-52764.html?action=add_product HTTP/1.0" 302 476 "-" "Mozilla/5.0 (compatible; SemrushBot/7~bl; +http://www.semrush.com/bot.html)"
66.249.69.162 - - [20/Feb/2021:14:36:37 +0100] "GET /bell-and-wall-bell-c-13_270.html HTTP/1.0" 301 87825 "-" "Mozilla/5.0 (Linux; Android 6.0.1; Nexus 5X Build/MMB29P) AppleWebKit/537.36 (KHTML, like Gecko) Chrome/88.0.4324.188 Mobile Safari/537.36 (compatible; Googlebot/2.1; +http://www.google.com/bot.html)"
66.249.69.164 - - [20/Feb/2021:14:36:38 +0100] "GET /bell-wall-bell-c-270.html HTTP/1.0" 301 87702 "-" "Mozilla/5.0 (Linux; Android 6.0.1; Nexus 5X Build/MMB29P) AppleWebKit/537.36 (KHTML, like Gecko) Chrome/88.0.4324.188 Mobile Safari/537.36 (compatible; Googlebot/2.1; +http://www.google.com/bot.html)"
66.249.69.162 - - [20/Feb/2021:14:36:39 +0100] "GET /bell-wall-bell-c-13_270.html HTTP/1.0" 200 87746 "-" "Mozilla/5.0 (Linux; Android 6.0.1; Nexus 5X Build/MMB29P) AppleWebKit/537.36 (KHTML, like Gecko) Chrome/88.0.4324.188 Mobile Safari/537.36 (compatible; Googlebot/2.1; +http://www.google.com/bot.html)"
66.249.69.162 - - [20/Feb/2021:14:36:47 +0100] "GET /images/mini_prod/4542202660195.jpg HTTP/1.0" 200 269 "-" "Googlebot-Image/1.0"
13.66.139.88 - - [20/Feb/2021:14:36:57 +0100] "GET /provencal-arabesques-carpet-60-90-cm-p-48574.html HTTP/1.0" 301 72336 "-" "Mozilla/5.0 (compatible; bingbot/2.0; +http://www.bing.com/bingbot.htm)"
13.66.139.137 - - [20/Feb/2021:14:37:06 +0100] "GET /set-bedspread-boutis-and-pillowcases-yellow-curry-250x230-p-48181.html HTTP/1.0" 301 72479 "-" "Mozilla/5.0 (compatible; bingbot/2.0; +http://www.bing.com/bingbot.htm)"
185.191.171.7 - - [20/Feb/2021:14:37:10 +0100] "GET /oscar-wilde-quote-wall-stickers-50-70-cm-p-42957.html HTTP/1.0" 301 71574 "-" "Mozilla/5.0 (compatible; SemrushBot/7~bl; +http://www.semrush.com/bot.html)"
185.191.171.19 - - [20/Feb/2021:14:37:12 +0100] "GET /oscar-wilde-quote-wall-stickers-p-42957.html HTTP/1.0" 200 71476 "-" "Mozilla/5.0 (compatible; SemrushBot/7~bl; +http://www.semrush.com/bot.html)"
111.202.101.87 - - [20/Feb/2021:14:37:13 +0100] "GET / HTTP/1.0" 200 94045 "-" "Sogou web spider/4.0(+http://www.sogou.com/docs/help/webmasters.htm#07)"
13.66.139.88 - - [20/Feb/2021:14:37:17 +0100] "GET /clocks-c-13_67.html?page=9 HTTP/1.0" 200 91966 "-" "Mozilla/5.0 (compatible; bingbot/2.0; +http://www.bing.com/bingbot.htm)"
185.191.171.11 - - [20/Feb/2021:14:37:17 +0100] "GET /union-jack-carlin-women-tee-shirt-p-30905.html HTTP/1.0" 301 73474 "-" "Mozilla/5.0 (compatible; SemrushBot/7~bl; +http://www.semrush.com/bot.html)"
185.191.171.9 - - [20/Feb/2021:14:37:20 +0100] "GET /union-jack-carlin-women-shirt-p-30905.html HTTP/1.0" 200 73378 "-" "Mozilla/5.0 (compatible; SemrushBot/7~bl; +http://www.semrush.com/bot.html)"
66.249.69.164 - - [20/Feb/2021:14:37:32 +0100] "GET /images/mini_prod/3700516262288.jpg HTTP/1.0" 200 269 "-" "Googlebot-Image/1.0"
185.191.171.10 - - [20/Feb/2021:14:37:36 +0100] "GET /dancing-music-little-prince-p-53240.html HTTP/1.0" 200 72220 "-" "Mozilla/5.0 (compatible; SemrushBot/7~bl; +http://www.semrush.com/bot.html)"
54.36.149.78 - - [20/Feb/2021:14:37:37 +0100] "GET /minions-poster-p-30933.html HTTP/1.0" 200 71274 "-" "Mozilla/5.0 (compatible; AhrefsBot/7.0; +http://ahrefs.com/robot/)"
13.66.139.137 - - [20/Feb/2021:14:37:57 +0100] "GET /-p-28773.html HTTP/1.0" 200 68690 "-" "Mozilla/5.0 (compatible; bingbot/2.0; +http://www.bing.com/bingbot.htm)"
66.249.69.166 - - [20/Feb/2021:14:38:06 +0100] "GET /winnie-pooh-bath-towel-p-10120.html HTTP/1.0" 200 71477 "-" "Mozilla/5.0 (Linux; Android 6.0.1; Nexus 5X Build/MMB29P) AppleWebKit/537.36 (KHTML, like Gecko) Chrome/88.0.4324.153 Mobile Safari/537.36 (compatible; Googlebot/2.1; +http://www.google.com/bot.html)"
13.66.139.137 - - [20/Feb/2021:14:38:06 +0100] "GET /decorative-sundial-compass-in-brass-gilbert-sons-p-52859.html HTTP/1.0" 301 71684 "-" "Mozilla/5.0 (compatible; bingbot/2.0; +http://www.bing.com/bingbot.htm)"
13.66.139.73 - - [20/Feb/2021:14:38:11 +0100] "GET /betty-boop-mobile-sock-p-32844.html HTTP/1.0" 200 71516 "-" "Mozilla/5.0 (compatible; bingbot/2.0; +http://www.bing.com/bingbot.htm)"
66.249.69.162 - - [20/Feb/2021:14:38:17 +0100] "GET /images/mini_prod/8433933130643.jpg HTTP/1.0" 200 269 "-" "Googlebot-Image/1.0"
157.55.39.189 - - [20/Feb/2021:14:38:19 +0100] "GET /luggages-schoolbags-leather-shop/backpacks/smurfette-little-backpack-p-14444.html HTTP/1.0" 301 673 "-" "Mozilla/5.0 (compatible; bingbot/2.0; +http://www.bing.com/bingbot.htm)"
51.68.224.127 - - [20/Feb/2021:14:38:29 +0100] "GET /adminweb/export_orders_xml.php?token=256de2z6edz6ed2z6DFSFsed2zed6zeDSFDSGdzedezfzf&maxorders=10&orderstart=1&status=14&start_date=2018-10-01 HTTP/1.0" 200 285 "-" "GesCom CharlotteBoutik Serveur"
51.68.224.127 - - [20/Feb/2021:14:38:30 +0100] "GET /adminweb/export_orders_xml.php?token=256de2z6edz6ed2z6DFSFsed2zed6zeDSFDSGdzedezfzf&maxorders=10&orderstart=1&status=6&start_date=2018-10-01 HTTP/1.0" 200 29990 "-" "GesCom CharlotteBoutik Serveur"
157.55.39.72 - - [20/Feb/2021:14:38:42 +0100] "GET /large-bowl-p-53014.html HTTP/1.0" 200 71190 "-" "Mozilla/5.0 (compatible; bingbot/2.0; +http://www.bing.com/bingbot.htm)"
13.66.139.88 - - [20/Feb/2021:14:38:47 +0100] "GET /mickey-mouse-figure-collection-by-britto-p-34382.html HTTP/1.0" 301 72278 "-" "Mozilla/5.0 (compatible; bingbot/2.0; +http://www.bing.com/bingbot.htm)"
54.36.148.90 - - [20/Feb/2021:14:38:48 +0100] "GET /floodo-ylvi-and-the-minimoomis-keyring-p-33980.html HTTP/1.0" 301 71549 "-" "Mozilla/5.0 (compatible; AhrefsBot/7.0; +http://ahrefs.com/robot/)"
66.249.69.162 - - [20/Feb/2021:14:39:02 +0100] "GET /images/mini_prod/5051276183091.jpg HTTP/1.0" 200 269 "-" "Googlebot-Image/1.0"
13.66.139.88 - - [20/Feb/2021:14:39:08 +0100] "GET /-p-19006.html HTTP/1.0" 200 68690 "-" "Mozilla/5.0 (compatible; bingbot/2.0; +http://www.bing.com/bingbot.htm)"
157.55.39.99 - - [20/Feb/2021:14:39:12 +0100] "GET /images/big_prod/8422021019762.jpg HTTP/1.0" 200 268 "-" "Mozilla/5.0 (compatible; bingbot/2.0; +http://www.bing.com/bingbot.htm)"
106.38.241.151 - - [20/Feb/2021:14:39:17 +0100] "GET / HTTP/1.0" 200 93945 "-" "Sogou web spider/4.0(+http://www.sogou.com/docs/help/webmasters.htm#07)"
216.244.66.242 - - [20/Feb/2021:14:39:27 +0100] "GET /bathroom-accessories-c-13_172.html HTTP/1.0" 200 89485 "-" "Mozilla/5.0 (compatible; DotBot/1.1; http://www.opensiteexplorer.org/dotbot, help@moz.com)"
185.191.171.26 - - [20/Feb/2021:14:39:42 +0100] "GET /cats-mug-p-37877.html HTTP/1.0" 301 71260 "-" "Mozilla/5.0 (compatible; SemrushBot/7~bl; +http://www.semrush.com/bot.html)"
185.191.171.9 - - [20/Feb/2021:14:39:45 +0100] "GET /jewel-box-tree-of-life-p-48484.html HTTP/1.0" 301 72131 "-" "Mozilla/5.0 (compatible; SemrushBot/7~bl; +http://www.semrush.com/bot.html)"
157.55.39.255 - - [20/Feb/2021:14:39:46 +0100] "GET /mickey-figure-collection-by-romano-britto-p-23114.html HTTP/1.0" 301 72273 "-" "Mozilla/5.0 (compatible; bingbot/2.0; +http://www.bing.com/bingbot.htm)"
66.249.69.162 - - [20/Feb/2021:14:39:48 +0100] "GET /images/mini_prod/1328399282432.jpg HTTP/1.0" 200 269 "-" "Googlebot-Image/1.0"
185.191.171.6 - - [20/Feb/2021:14:39:47 +0100] "GET /jewel-tree-life-p-48484.html HTTP/1.0" 200 72049 "-" "Mozilla/5.0 (compatible; SemrushBot/7~bl; +http://www.semrush.com/bot.html)"
13.66.139.88 - - [20/Feb/2021:14:39:51 +0100] "GET /monster-high-creative-killer-phone-accessories-p-15914.html HTTP/1.0" 200 72385 "-" "Mozilla/5.0 (compatible; bingbot/2.0; +http://www.bing.com/bingbot.htm)"
66.249.69.162 - - [20/Feb/2021:14:39:56 +0100] "GET /images/big_prod_1/8007472032104B.jpg HTTP/1.0" 200 271 "-" "Googlebot-Image/1.0"
