13.66.139.73 - - [20/Feb/2021:16:31:35 +0100] "GET /peace-and-love-white-women-tee-shirt-p-30999.html HTTP/1.0" 301 73509 "-" "Mozilla/5.0 (compatible; bingbot/2.0; +http://www.bing.com/bingbot.htm)"
104.238.220.232 - - [20/Feb/2021:16:31:41 +0100] "GET /images/med_prod/5010994829971.jpg HTTP/1.0" 200 268 "http://www.wonder-geek.com/nerf-strike-elite-strongarm-p-34581.html" "Mozilla/5.0 (Linux; Android 6.0.1; OPPO A57 Build/MMB29M; wv) AppleWebKit/537.36 (KHTML, like Gecko) Version/4.0 Chrome/63.0.3239.83 Mobile Safari/537.36 T7/10.13 baiduboxapp/10.13.0.11 (Baidu; P1 6.0.1)"
66.249.69.162 - - [20/Feb/2021:16:31:42 +0100] "GET /scented-candles-novenas-c-231_227.html?page=7 HTTP/1.0" 200 92281 "-" "Mozilla/5.0 (Linux; Android 6.0.1; Nexus 5X Build/MMB29P) AppleWebKit/537.36 (KHTML, like Gecko) Chrome/88.0.4324.153 Mobile Safari/537.36 (compatible; Googlebot/2.1; +http://www.google.com/bot.html)"
66.249.69.162 - - [20/Feb/2021:16:31:48 +0100] "GET /images/big_prod/3565750277739.jpg HTTP/1.0" 200 268 "-" "Googlebot-Image/1.0"
13.66.139.137 - - [20/Feb/2021:16:31:47 +0100] "GET /street-fighter-mousepad-p-16003.html HTTP/1.0" 200 71473 "-" "Mozilla/5.0 (compatible; bingbot/2.0; +http://www.bing.com/bingbot.htm)"
66.249.69.166 - - [20/Feb/2021:16:32:04 +0100] "GET /images/mini_prod/8424001737437.jpg HTTP/1.0" 200 269 "-" "Googlebot-Image/1.0"
13.66.139.88 - - [20/Feb/2021:16:32:03 +0100] "GET /italia-small-oddments-p-25933.html HTTP/1.0" 200 71377 "-" "Mozilla/5.0 (compatible; bingbot/2.0; +http://www.bing.com/bingbot.htm)"
13.66.139.88 - - [20/Feb/2021:16:32:14 +0100] "GET /ballooning-michelle-allen-breakfast-set-p-35105.html HTTP/1.0" 301 68757 "-" "Mozilla/5.0 (compatible; bingbot/2.0; +http://www.bing.com/bingbot.htm)"
13.66.139.73 - - [20/Feb/2021:16:32:18 +0100] "GET /coca-cola-wallet-p-18869.html HTTP/1.0" 200 68761 "-" "Mozilla/5.0 (compatible; bingbot/2.0; +http://www.bing.com/bingbot.htm)"
66.249.69.162 - - [20/Feb/2021:16:32:20 +0100] "GET /images/big_prod_1/8422015737764B.jpg HTTP/1.0" 200 271 "-" "Googlebot-Image/1.0"
66.249.69.162 - - [20/Feb/2021:16:32:36 +0100] "GET /images/mini_prod/3453131150637.jpg HTTP/1.0" 200 269 "-" "Googlebot-Image/1.0"
13.66.139.137 - - [20/Feb/2021:16:32:47 +0100] "GET /glass-votive-candles-holder-mirror-10-cm-p-42179.html HTTP/1.0" 301 72326 "-" "Mozilla/5.0 (compatible; bingbot/2.0; +http://www.bing.com/bingbot.htm)"
13.66.139.137 - - [20/Feb/2021:16:32:48 +0100] "GET /mini-led-flashlight-light-cars-p-35788.html HTTP/1.0" 301 68885 "-" "Mozilla/5.0 (compatible; bingbot/2.0; +http://www.bing.com/bingbot.htm)"
13.66.139.137 - - [20/Feb/2021:16:32:49 +0100] "GET /-p-3610.html HTTP/1.0" 200 68688 "-" "Mozilla/5.0 (compatible; bingbot/2.0; +http://www.bing.com/bingbot.htm)"
66.249.69.162 - - [20/Feb/2021:16:32:52 +0100] "GET /images/big_prod/8424346227433.jpg HTTP/1.0" 200 268 "-" "Googlebot-Image/1.0"
66.249.69.166 - - [20/Feb/2021:16:33:07 +0100] "GET /images/mini_prod/3520071660073a.jpg HTTP/1.0" 200 270 "-" "Googlebot-Image/1.0"
66.249.69.164 - - [20/Feb/2021:16:33:11 +0100] "GET /harley-davidson-genuine-metal-plate-20-15-cm-p-26424.html HTTP/1.0" 301 71666 "-" "Mozilla/5.0 (Linux; Android 6.0.1; Nexus 5X Build/MMB29P) AppleWebKit/537.36 (KHTML, like Gecko) Chrome/88.0.4324.153 Mobile Safari/537.36 (compatible; Googlebot/2.1; +http://www.google.com/bot.html)"
66.249.69.164 - - [20/Feb/2021:16:33:11 +0100] "GET /lola-shower-towel-70-130-cm-420-gr-grey-p-41786.html HTTP/1.0" 301 72324 "-" "Mozilla/5.0 (Linux; Android 6.0.1; Nexus 5X Build/MMB29P) AppleWebKit/537.36 (KHTML, like Gecko) Chrome/88.0.4324.153 Mobile Safari/537.36 (compatible; Googlebot/2.1; +http://www.google.com/bot.html)"
66.249.69.162 - - [20/Feb/2021:16:33:12 +0100] "GET /harley-davidson-genuine-metal-plate-p-26424.html HTTP/1.0" 200 71564 "-" "Mozilla/5.0 (Linux; Android 6.0.1; Nexus 5X Build/MMB29P) AppleWebKit/537.36 (KHTML, like Gecko) Chrome/88.0.4324.153 Mobile Safari/537.36 (compatible; Googlebot/2.1; +http://www.google.com/bot.html)"
66.249.69.164 - - [20/Feb/2021:16:33:13 +0100] "GET /lola-shower-towel-grey-p-41786.html HTTP/1.0" 200 72235 "-" "Mozilla/5.0 (Linux; Android 6.0.1; Nexus 5X Build/MMB29P) AppleWebKit/537.36 (KHTML, like Gecko) Chrome/88.0.4324.153 Mobile Safari/537.36 (compatible; Googlebot/2.1; +http://www.google.com/bot.html)"
66.249.69.162 - - [20/Feb/2021:16:33:23 +0100] "GET /images/mini_prod/1399986106516x.jpg HTTP/1.0" 200 270 "-" "Googlebot-Image/1.0"
66.249.69.162 - - [20/Feb/2021:16:33:39 +0100] "GET /images/big_prod/1384010203422.jpg HTTP/1.0" 200 268 "-" "Googlebot-Image/1.0"
13.66.139.88 - - [20/Feb/2021:16:33:44 +0100] "GET /french-flag-p-38273.html HTTP/1.0" 200 71299 "-" "Mozilla/5.0 (compatible; bingbot/2.0; +http://www.bing.com/bingbot.htm)"
66.249.69.162 - - [20/Feb/2021:16:33:55 +0100] "GET /images/big_prod/3700276259658.jpg HTTP/1.0" 200 268 "-" "Googlebot-Image/1.0"
66.249.69.164 - - [20/Feb/2021:16:34:11 +0100] "GET /images/mini_prod/5415203483829.jpg HTTP/1.0" 200 269 "-" "Googlebot-Image/1.0"
216.244.66.242 - - [20/Feb/2021:16:34:14 +0100] "GET /gund-boo-13-cm-plush-p-22167.html HTTP/1.0" 301 75932 "-" "Mozilla/5.0 (compatible; DotBot/1.1; http://www.opensiteexplorer.org/dotbot, help@moz.com)"
13.66.139.73 - - [20/Feb/2021:16:34:15 +0100] "GET /cushion-chambord-40-cm-p-39142.html HTTP/1.0" 301 68757 "-" "Mozilla/5.0 (compatible; bingbot/2.0; +http://www.bing.com/bingbot.htm)"
13.66.139.73 - - [20/Feb/2021:16:34:16 +0100] "GET /candle-the-virgin-and-child-p-48670.html HTTP/1.0" 301 71468 "-" "Mozilla/5.0 (compatible; bingbot/2.0; +http://www.bing.com/bingbot.htm)"
216.244.66.242 - - [20/Feb/2021:16:34:19 +0100] "GET /klimt-adult-apron-p-51191.html HTTP/1.0" 200 71260 "-" "Mozilla/5.0 (compatible; DotBot/1.1; http://www.opensiteexplorer.org/dotbot, help@moz.com)"
216.244.66.242 - - [20/Feb/2021:16:34:23 +0100] "GET /set-of-bamboo-salad-servers-colibri-p-49564.html HTTP/1.0" 301 71501 "-" "Mozilla/5.0 (compatible; DotBot/1.1; http://www.opensiteexplorer.org/dotbot, help@moz.com)"
66.249.69.164 - - [20/Feb/2021:16:34:27 +0100] "GET /images/mini_prod/5415203802743.jpg HTTP/1.0" 200 269 "-" "Googlebot-Image/1.0"
66.249.69.162 - - [20/Feb/2021:16:34:43 +0100] "GET /images/mini_prod/5415203688729.jpg HTTP/1.0" 200 269 "-" "Googlebot-Image/1.0"
13.66.139.88 - - [20/Feb/2021:16:34:45 +0100] "GET /domo-black-shirt-p-30048.html HTTP/1.0" 200 72455 "-" "Mozilla/5.0 (compatible; bingbot/2.0; +http://www.bing.com/bingbot.htm)"
13.66.139.88 - - [20/Feb/2021:16:34:46 +0100] "GET /decorative-wooden-mask-statue-105-cm-p-48039.html HTTP/1.0" 301 72660 "-" "Mozilla/5.0 (compatible; bingbot/2.0; +http://www.bing.com/bingbot.htm)"
216.244.66.242 - - [20/Feb/2021:16:34:47 +0100] "GET /le-petit-prince-de-st-exupery-collection-mug-p-47092.html HTTP/1.0" 301 71596 "-" "Mozilla/5.0 (compatible; DotBot/1.1; http://www.opensiteexplorer.org/dotbot, help@moz.com)"
13.66.139.88 - - [20/Feb/2021:16:34:55 +0100] "GET /paris-soap-dispenser-p-13953.html HTTP/1.0" 200 71397 "-" "Mozilla/5.0 (compatible; bingbot/2.0; +http://www.bing.com/bingbot.htm)"
66.249.69.162 - - [20/Feb/2021:16:34:59 +0100] "GET /images/mini_prod/4260082936444.jpg HTTP/1.0" 200 269 "-" "Googlebot-Image/1.0"
13.66.139.137 - - [20/Feb/2021:16:34:59 +0100] "GET /uk-clock-by-cbkreation-p-24412.html HTTP/1.0" 301 71497 "-" "Mozilla/5.0 (compatible; bingbot/2.0; +http://www.bing.com/bingbot.htm)"
185.191.171.35 - - [20/Feb/2021:16:35:06 +0100] "GET /butterfly-hanging-panel-p-48939.html?action=add_product HTTP/1.0" 302 476 "-" "Mozilla/5.0 (compatible; SemrushBot/7~bl; +http://www.semrush.com/bot.html)"
66.249.69.166 - - [20/Feb/2021:16:35:15 +0100] "GET /images/mini_prod/1400239.jpg HTTP/1.0" 200 263 "-" "Googlebot-Image/1.0"
216.244.66.242 - - [20/Feb/2021:16:35:23 +0100] "GET /baby-girl-angel-statue-angel-baptism-p-51136.html HTTP/1.0" 200 72154 "-" "Mozilla/5.0 (compatible; DotBot/1.1; http://www.opensiteexplorer.org/dotbot, help@moz.com)"
66.249.69.162 - - [20/Feb/2021:16:35:31 +0100] "GET /images/mini_prod/20194B3014627555642.jpg HTTP/1.0" 200 275 "-" "Googlebot-Image/1.0"
66.249.69.162 - - [20/Feb/2021:16:35:47 +0100] "GET /images/mini_prod/8422050656020.jpg HTTP/1.0" 200 269 "-" "Googlebot-Image/1.0"
17.58.101.142 - - [20/Feb/2021:16:36:02 +0100] "GET /marseille-money-box-p-42894.html HTTP/1.0" 301 71356 "-" "Mozilla/5.0 (Macintosh; Intel Mac OS X 10_15_5) AppleWebKit/605.1.15 (KHTML, like Gecko) Version/13.1.1 Safari/605.1.15 (Applebot/0.1; +http://www.apple.com/go/applebot)"
66.249.69.164 - - [20/Feb/2021:16:36:03 +0100] "GET /images/mini_prod/8433933202791N.jpg HTTP/1.0" 200 270 "-" "Googlebot-Image/1.0"
17.58.101.142 - - [20/Feb/2021:16:36:03 +0100] "GET /marseille-money-p-42894.html HTTP/1.0" 200 71274 "-" "Mozilla/5.0 (Macintosh; Intel Mac OS X 10_15_5) AppleWebKit/605.1.15 (KHTML, like Gecko) Version/13.1.1 Safari/605.1.15 (Applebot/0.1; +http://www.apple.com/go/applebot)"
66.249.69.164 - - [20/Feb/2021:16:36:19 +0100] "GET /images/mini_prod/9316188052832.jpg HTTP/1.0" 200 269 "-" "Googlebot-Image/1.0"
13.66.139.137 - - [20/Feb/2021:16:36:19 +0100] "GET /small-pucca-alarm-clock-p-15438.html HTTP/1.0" 200 71527 "-" "Mozilla/5.0 (compatible; bingbot/2.0; +http://www.bing.com/bingbot.htm)"
13.66.139.137 - - [20/Feb/2021:16:36:20 +0100] "GET /boys-c-2.html HTTP/1.0" 200 89128 "-" "Mozilla/5.0 (compatible; bingbot/2.0; +http://www.bing.com/bingbot.htm)"
66.249.69.162 - - [20/Feb/2021:16:36:35 +0100] "GET /images/mini_prod/8433933105030.jpg HTTP/1.0" 200 269 "-" "Googlebot-Image/1.0"
157.55.39.246 - - [20/Feb/2021:16:36:37 +0100] "GET /js/jquery.js HTTP/1.0" 200 252 "-" "Mozilla/5.0 (compatible; bingbot/2.0; +http://www.bing.com/bingbot.htm)"
157.55.39.246 - - [20/Feb/2021:16:36:38 +0100] "GET /js/jquery.js HTTP/1.0" 200 252 "-" "Mozilla/5.0 (compatible; bingbot/2.0; +http://www.bing.com/bingbot.htm)"
185.191.171.20 - - [20/Feb/2021:16:36:45 +0100] "GET /large-candle-rose-quartz-p-51063.html?action=add_product HTTP/1.0" 302 476 "-" "Mozilla/5.0 (compatible; SemrushBot/7~bl; +http://www.semrush.com/bot.html)"
185.191.171.17 - - [20/Feb/2021:16:36:50 +0100] "GET /archangel-michael-statuette-p-48908.html?action=add_product HTTP/1.0" 302 476 "-" "Mozilla/5.0 (compatible; SemrushBot/7~bl; +http://www.semrush.com/bot.html)"
66.249.69.162 - - [20/Feb/2021:16:36:51 +0100] "GET /images/mini_prod/5415203850522.jpg HTTP/1.0" 200 269 "-" "Googlebot-Image/1.0"
185.191.171.19 - - [20/Feb/2021:16:36:51 +0100] "GET /cushion-cover-40-40-cm-cement-tiles-p-49958.html HTTP/1.0" 301 71557 "-" "Mozilla/5.0 (compatible; SemrushBot/7~bl; +http://www.semrush.com/bot.html)"
185.191.171.7 - - [20/Feb/2021:16:36:54 +0100] "GET /cushion-cover-cement-tiles-p-49958.html HTTP/1.0" 200 71464 "-" "Mozilla/5.0 (compatible; SemrushBot/7~bl; +http://www.semrush.com/bot.html)"
13.66.139.73 - - [20/Feb/2021:16:36:55 +0100] "GET /-p-24630.html HTTP/1.0" 200 68690 "-" "Mozilla/5.0 (compatible; bingbot/2.0; +http://www.bing.com/bingbot.htm)"
66.249.69.162 - - [20/Feb/2021:16:37:07 +0100] "GET /images/big_prod/8433933105047.jpg HTTP/1.0" 200 268 "-" "Googlebot-Image/1.0"
13.66.139.88 - - [20/Feb/2021:16:37:15 +0100] "GET /london-beauty-nail-kit-p-28903.html HTTP/1.0" 301 71516 "-" "Mozilla/5.0 (compatible; bingbot/2.0; +http://www.bing.com/bingbot.htm)"
66.249.69.164 - - [20/Feb/2021:16:37:23 +0100] "GET /images/big_prod_1/8720088291948b.jpg HTTP/1.0" 200 271 "-" "Googlebot-Image/1.0"
185.191.171.43 - - [20/Feb/2021:16:37:24 +0100] "GET /dubout-cats-cover-pillow-p-32247.html?action=add_product HTTP/1.0" 302 476 "-" "Mozilla/5.0 (compatible; SemrushBot/7~bl; +http://www.semrush.com/bot.html)"
13.66.139.73 - - [20/Feb/2021:16:37:34 +0100] "GET /deco-wooden-carved-drum-29-14-cm-p-46277.html HTTP/1.0" 301 71486 "-" "Mozilla/5.0 (compatible; bingbot/2.0; +http://www.bing.com/bingbot.htm)"
66.249.69.162 - - [20/Feb/2021:16:37:46 +0100] "GET /images/mini_prod/4036113232096.jpg HTTP/1.0" 200 269 "-" "Googlebot-Image/1.0"
66.249.69.162 - - [20/Feb/2021:16:37:55 +0100] "GET /images/big_prod/3609810060180.jpg HTTP/1.0" 200 268 "-" "Googlebot-Image/1.0"
13.66.139.73 - - [20/Feb/2021:16:37:55 +0100] "GET /acdc-covers-poster-p-36700.html HTTP/1.0" 200 71311 "-" "Mozilla/5.0 (compatible; bingbot/2.0; +http://www.bing.com/bingbot.htm)"
13.66.139.88 - - [20/Feb/2021:16:37:59 +0100] "GET /-p-26604.html HTTP/1.0" 200 68690 "-" "Mozilla/5.0 (compatible; bingbot/2.0; +http://www.bing.com/bingbot.htm)"
13.66.139.137 - - [20/Feb/2021:16:38:08 +0100] "GET /ceramic-and-cork-trivet-18-cm-cement-tiles-p-53065.html HTTP/1.0" 301 71568 "-" "Mozilla/5.0 (compatible; bingbot/2.0; +http://www.bing.com/bingbot.htm)"
13.66.139.137 - - [20/Feb/2021:16:38:10 +0100] "GET /coca-cola-university-cosmetic-bag-p-18868.html HTTP/1.0" 301 71777 "-" "Mozilla/5.0 (compatible; bingbot/2.0; +http://www.bing.com/bingbot.htm)"
66.249.69.164 - - [20/Feb/2021:16:38:11 +0100] "GET /images/mini_prod/8718317680045b.jpg HTTP/1.0" 200 270 "-" "Googlebot-Image/1.0"
13.66.139.137 - - [20/Feb/2021:16:38:11 +0100] "GET /-p-11128.html HTTP/1.0" 200 68690 "-" "Mozilla/5.0 (compatible; bingbot/2.0; +http://www.bing.com/bingbot.htm)"
13.66.139.88 - - [20/Feb/2021:16:38:15 +0100] "GET /hello-kitty-m-35.html HTTP/1.0" 200 90024 "-" "Mozilla/5.0 (compatible; bingbot/2.0; +http://www.bing.com/bingbot.htm)"
13.66.139.73 - - [20/Feb/2021:16:38:19 +0100] "GET /austin-mini-metal-plate-30-20-cm-p-33711.html HTTP/1.0" 301 71478 "-" "Mozilla/5.0 (compatible; bingbot/2.0; +http://www.bing.com/bingbot.htm)"
66.249.69.164 - - [20/Feb/2021:16:38:28 +0100] "GET /images/mini_prod/8433933199664.jpg HTTP/1.0" 200 269 "-" "Googlebot-Image/1.0"
157.55.39.72 - - [20/Feb/2021:16:38:32 +0100] "GET /figurine-scorcerer-mickey-p-53352.html HTTP/1.0" 200 72930 "-" "Mozilla/5.0 (compatible; bingbot/2.0; +http://www.bing.com/bingbot.htm)"
185.191.171.26 - - [20/Feb/2021:16:38:36 +0100] "GET /emmie-phone-cover-iphone-p-15948.html HTTP/1.0" 200 72059 "-" "Mozilla/5.0 (compatible; SemrushBot/7~bl; +http://www.semrush.com/bot.html)"
66.249.69.162 - - [20/Feb/2021:16:38:43 +0100] "GET /images/mini_prod/8421440065398.jpg HTTP/1.0" 404 1308 "-" "Googlebot-Image/1.0"
185.191.171.3 - - [20/Feb/2021:16:38:45 +0100] "GET /star-wars-dameron-figure-p-34608.html HTTP/1.0" 200 71554 "-" "Mozilla/5.0 (compatible; SemrushBot/7~bl; +http://www.semrush.com/bot.html)"
157.55.39.189 - - [20/Feb/2021:16:38:48 +0100] "GET /images/big_prod/1328399271313.jpg HTTP/1.0" 200 268 "-" "Mozilla/5.0 (compatible; bingbot/2.0; +http://www.bing.com/bingbot.htm)"
157.55.39.189 - - [20/Feb/2021:16:38:51 +0100] "GET /images/big_prod_1/1328399271313a.jpg HTTP/1.0" 200 271 "-" "Mozilla/5.0 (compatible; bingbot/2.0; +http://www.bing.com/bingbot.htm)"
207.46.13.52 - - [20/Feb/2021:16:38:53 +0100] "GET /images/big_prod_2/1328399271313b.jpg HTTP/1.0" 200 271 "-" "Mozilla/5.0 (compatible; bingbot/2.0; +http://www.bing.com/bingbot.htm)"
207.46.13.52 - - [20/Feb/2021:16:38:55 +0100] "GET /images/big_prod_3/1328399271313c.jpg HTTP/1.0" 200 271 "-" "Mozilla/5.0 (compatible; bingbot/2.0; +http://www.bing.com/bingbot.htm)"
66.249.69.162 - - [20/Feb/2021:16:38:59 +0100] "GET /images/mini_prod/6001441.jpg HTTP/1.0" 200 263 "-" "Googlebot-Image/1.0"
13.66.139.137 - - [20/Feb/2021:16:38:58 +0100] "GET /radio-60-wood-look-with-bluetooth-p-39011.html HTTP/1.0" 301 71800 "-" "Mozilla/5.0 (compatible; bingbot/2.0; +http://www.bing.com/bingbot.htm)"
66.249.69.164 - - [20/Feb/2021:16:39:14 +0100] "GET /images/mini_prod/1345544833264.jpg HTTP/1.0" 200 269 "-" "Googlebot-Image/1.0"
13.66.139.137 - - [20/Feb/2021:16:39:29 +0100] "GET /amazon-love-bookmark-butterflies-p-50286.html HTTP/1.0" 200 71708 "-" "Mozilla/5.0 (compatible; bingbot/2.0; +http://www.bing.com/bingbot.htm)"
13.66.139.137 - - [20/Feb/2021:16:39:30 +0100] "GET /despicable-me-marbles-p-33480.html HTTP/1.0" 301 71589 "-" "Mozilla/5.0 (compatible; bingbot/2.0; +http://www.bing.com/bingbot.htm)"
66.249.69.164 - - [20/Feb/2021:16:39:30 +0100] "GET /images/mini_prod/4036113311166.jpg HTTP/1.0" 200 269 "-" "Googlebot-Image/1.0"
185.191.171.3 - - [20/Feb/2021:16:39:46 +0100] "GET /mani-lucky-keychain-p-39933.html?action=add_product HTTP/1.0" 302 476 "-" "Mozilla/5.0 (compatible; SemrushBot/7~bl; +http://www.semrush.com/bot.html)"
66.249.69.162 - - [20/Feb/2021:16:39:46 +0100] "GET /images/mini_prod/C11253B.jpg HTTP/1.0" 200 263 "-" "Googlebot-Image/1.0"
66.249.69.164 - - [20/Feb/2021:16:40:02 +0100] "GET /images/big_prod_2/8422013563211B.jpg HTTP/1.0" 200 271 "-" "Googlebot-Image/1.0"
13.66.139.88 - - [20/Feb/2021:16:40:16 +0100] "GET /bob-marley-young-mirror-p-19673.html HTTP/1.0" 301 71362 "-" "Mozilla/5.0 (compatible; bingbot/2.0; +http://www.bing.com/bingbot.htm)"
66.249.69.162 - - [20/Feb/2021:16:40:18 +0100] "GET /images/big_prod/5415203976291.jpg HTTP/1.0" 200 268 "-" "Googlebot-Image/1.0"
66.249.69.162 - - [20/Feb/2021:16:40:34 +0100] "GET /images/1345544524957.jpg HTTP/1.0" 200 259 "-" "Googlebot-Image/1.0"
185.191.171.8 - - [20/Feb/2021:16:40:36 +0100] "GET /allen-designs-small-flowerpot-baby-birdie-p-51396.html HTTP/1.0" 200 72174 "-" "Mozilla/5.0 (compatible; SemrushBot/7~bl; +http://www.semrush.com/bot.html)"
13.66.139.137 - - [20/Feb/2021:16:40:39 +0100] "GET /-p-11976.html HTTP/1.0" 200 68690 "-" "Mozilla/5.0 (compatible; bingbot/2.0; +http://www.bing.com/bingbot.htm)"
185.191.171.37 - - [20/Feb/2021:16:40:43 +0100] "GET /pepsi-metal-plate-p-40312.html?action=add_product HTTP/1.0" 302 476 "-" "Mozilla/5.0 (compatible; SemrushBot/7~bl; +http://www.semrush.com/bot.html)"
66.249.69.162 - - [20/Feb/2021:16:40:50 +0100] "GET /images/mini_prod/3457010609742.jpg HTTP/1.0" 404 1308 "-" "Googlebot-Image/1.0"
185.191.171.37 - - [20/Feb/2021:16:40:56 +0100] "GET /cars-disney-card-with-envelope-p-34425.html?action=add_product HTTP/1.0" 302 476 "-" "Mozilla/5.0 (compatible; SemrushBot/7~bl; +http://www.semrush.com/bot.html)"
185.191.171.5 - - [20/Feb/2021:16:40:58 +0100] "GET /grey-and-beige-bath-soap-dish-p-39758.html HTTP/1.0" 301 68757 "-" "Mozilla/5.0 (compatible; SemrushBot/7~bl; +http://www.semrush.com/bot.html)"
185.191.171.33 - - [20/Feb/2021:16:41:00 +0100] "GET /-p-39758.html HTTP/1.0" 200 68690 "-" "Mozilla/5.0 (compatible; SemrushBot/7~bl; +http://www.semrush.com/bot.html)"
51.38.44.241 - - [20/Feb/2021:16:41:04 +0100] "GET /images/mini_prod/anthramexxup.jpg HTTP/1.0" 200 268 "-" "-"
51.38.44.241 - - [20/Feb/2021:16:41:04 +0100] "GET /images/mini_prod/goldmeexup.jpg HTTP/1.0" 200 266 "-" "-"
66.249.69.162 - - [20/Feb/2021:16:41:10 +0100] "GET /love-personnalized-small-p-17677.html HTTP/1.0" 200 71585 "-" "Mozilla/5.0 (Linux; Android 6.0.1; Nexus 5X Build/MMB29P) AppleWebKit/537.36 (KHTML, like Gecko) Chrome/88.0.4324.153 Mobile Safari/537.36 (compatible; Googlebot/2.1; +http://www.google.com/bot.html)"
13.66.139.137 - - [20/Feb/2021:16:41:29 +0100] "GET /beyblade-beach-towel-p-14854.html HTTP/1.0" 200 68781 "-" "Mozilla/5.0 (compatible; bingbot/2.0; +http://www.bing.com/bingbot.htm)"
13.66.139.73 - - [20/Feb/2021:16:42:06 +0100] "GET /hello-kitty-sports-bottle-p-25066.html HTTP/1.0" 200 71342 "-" "Mozilla/5.0 (compatible; bingbot/2.0; +http://www.bing.com/bingbot.htm)"
13.66.139.88 - - [20/Feb/2021:16:42:17 +0100] "GET /kimmidoll-brush-p-44813.html HTTP/1.0" 200 71319 "-" "Mozilla/5.0 (compatible; bingbot/2.0; +http://www.bing.com/bingbot.htm)"
185.191.171.21 - - [20/Feb/2021:16:42:47 +0100] "GET /cotton-adult-apron-p-41603.html HTTP/1.0" 200 71290 "-" "Mozilla/5.0 (compatible; SemrushBot/7~bl; +http://www.semrush.com/bot.html)"
185.191.171.43 - - [20/Feb/2021:16:42:54 +0100] "GET /breakfast-board-love-to-be-home-tassen-made-in-germany-p-53189.html HTTP/1.0" 301 72578 "-" "Mozilla/5.0 (compatible; SemrushBot/7~bl; +http://www.semrush.com/bot.html)"
185.191.171.43 - - [20/Feb/2021:16:42:57 +0100] "GET /breakfast-board-love-home-tassen-made-germany-p-53189.html HTTP/1.0" 200 72466 "-" "Mozilla/5.0 (compatible; SemrushBot/7~bl; +http://www.semrush.com/bot.html)"
13.66.139.137 - - [20/Feb/2021:16:42:59 +0100] "GET /-p-15972.html HTTP/1.0" 200 68690 "-" "Mozilla/5.0 (compatible; bingbot/2.0; +http://www.bing.com/bingbot.htm)"
13.66.139.137 - - [20/Feb/2021:16:43:00 +0100] "GET /tealight-holders-and-candle-holders-c-231_230.html?page=4 HTTP/1.0" 301 90788 "-" "Mozilla/5.0 (compatible; bingbot/2.0; +http://www.bing.com/bingbot.htm)"
13.66.139.73 - - [20/Feb/2021:16:43:16 +0100] "GET /transportable-and-rechargeable-radio-p-52632.html HTTP/1.0" 301 72420 "-" "Mozilla/5.0 (compatible; bingbot/2.0; +http://www.bing.com/bingbot.htm)"
13.66.139.88 - - [20/Feb/2021:16:43:20 +0100] "GET /tealight-holders-and-candle-holders-c-231_230.html HTTP/1.0" 301 90226 "-" "Mozilla/5.0 (compatible; bingbot/2.0; +http://www.bing.com/bingbot.htm)"
13.66.139.73 - - [20/Feb/2021:16:43:37 +0100] "GET /-p-33955.html HTTP/1.0" 200 68690 "-" "Mozilla/5.0 (compatible; bingbot/2.0; +http://www.bing.com/bingbot.htm)"
185.191.171.1 - - [20/Feb/2021:16:43:39 +0100] "GET /paris-saint-germain-glasses-p-38007.html?action=add_product HTTP/1.0" 302 476 "-" "Mozilla/5.0 (compatible; SemrushBot/7~bl; +http://www.semrush.com/bot.html)"
13.66.139.137 - - [20/Feb/2021:16:43:41 +0100] "GET /-p-40488.html HTTP/1.0" 200 68690 "-" "Mozilla/5.0 (compatible; bingbot/2.0; +http://www.bing.com/bingbot.htm)"
13.66.139.88 - - [20/Feb/2021:16:43:57 +0100] "GET /walking-dead-shirt-p-29586.html HTTP/1.0" 200 72980 "-" "Mozilla/5.0 (compatible; bingbot/2.0; +http://www.bing.com/bingbot.htm)"
185.191.171.15 - - [20/Feb/2021:16:43:59 +0100] "GET /-p-42700.html?action=add_product HTTP/1.0" 302 476 "-" "Mozilla/5.0 (compatible; SemrushBot/7~bl; +http://www.semrush.com/bot.html)"
185.191.171.38 - - [20/Feb/2021:16:44:05 +0100] "GET /corsica-soap-soap-p-52465.html?action=add_product HTTP/1.0" 302 476 "-" "Mozilla/5.0 (compatible; SemrushBot/7~bl; +http://www.semrush.com/bot.html)"
185.191.171.33 - - [20/Feb/2021:16:44:20 +0100] "GET /votive-candle-hours-twilight-p-37309.html?action=add_product HTTP/1.0" 302 476 "-" "Mozilla/5.0 (compatible; SemrushBot/7~bl; +http://www.semrush.com/bot.html)"
157.55.39.99 - - [20/Feb/2021:16:44:35 +0100] "GET /the-smurfs-apron-pot-holder-and-glove-set-p-28191.html HTTP/1.0" 301 71604 "-" "Mozilla/5.0 (compatible; bingbot/2.0; +http://www.bing.com/bingbot.htm)"
13.66.139.137 - - [20/Feb/2021:16:44:40 +0100] "GET /100-paris-pencil-case-p-15434.html HTTP/1.0" 301 71398 "-" "Mozilla/5.0 (compatible; bingbot/2.0; +http://www.bing.com/bingbot.htm)"
185.191.171.11 - - [20/Feb/2021:16:44:55 +0100] "GET /mouse-pad-c-13_85.html?page=6 HTTP/1.0" 301 82045 "-" "Mozilla/5.0 (compatible; SemrushBot/7~bl; +http://www.semrush.com/bot.html)"
185.191.171.13 - - [20/Feb/2021:16:44:57 +0100] "GET /robots.txt HTTP/1.0" 200 245 "-" "Mozilla/5.0 (compatible; SemrushBot/7~bl; +http://www.semrush.com/bot.html)"
185.191.171.42 - - [20/Feb/2021:16:44:58 +0100] "GET /mouse-c-85.html?page=6 HTTP/1.0" 301 81935 "-" "Mozilla/5.0 (compatible; SemrushBot/7~bl; +http://www.semrush.com/bot.html)"
185.191.171.24 - - [20/Feb/2021:16:45:00 +0100] "GET /mouse-c-129_85.html?page=6 HTTP/1.0" 200 81995 "-" "Mozilla/5.0 (compatible; SemrushBot/7~bl; +http://www.semrush.com/bot.html)"
114.119.145.117 - - [20/Feb/2021:16:45:03 +0100] "GET /images/mini_prod/8422000217004.jpg HTTP/1.0" 200 269 "-" "Mozilla/5.0 (Linux; Android 7.0;) AppleWebKit/537.36 (KHTML, like Gecko) Mobile Safari/537.36 (compatible; PetalBot;+https://aspiegel.com/petalbot)"
51.68.224.127 - - [20/Feb/2021:16:45:08 +0100] "GET /adminweb/export_orders_xml.php?token=256de2z6edz6ed2z6DFSFsed2zed6zeDSFDSGdzedezfzf&maxorders=10&orderstart=1&status=14&start_date=2018-10-01 HTTP/1.0" 200 285 "-" "GesCom CharlotteBoutik Serveur"
51.68.224.127 - - [20/Feb/2021:16:45:08 +0100] "GET /adminweb/export_orders_xml.php?token=256de2z6edz6ed2z6DFSFsed2zed6zeDSFDSGdzedezfzf&maxorders=10&orderstart=1&status=6&start_date=2018-10-01 HTTP/1.0" 200 29990 "-" "GesCom CharlotteBoutik Serveur"
185.191.171.24 - - [20/Feb/2021:16:45:12 +0100] "GET /fuel-pump-clock-p-38092.html HTTP/1.0" 200 68756 "-" "Mozilla/5.0 (compatible; SemrushBot/7~bl; +http://www.semrush.com/bot.html)"
185.191.171.10 - - [20/Feb/2021:16:45:17 +0100] "GET /mani-lucky-figurine-p-49895.html?action=add_product HTTP/1.0" 302 476 "-" "Mozilla/5.0 (compatible; SemrushBot/7~bl; +http://www.semrush.com/bot.html)"
13.66.139.137 - - [20/Feb/2021:16:45:19 +0100] "GET /disney-princess-storage-stool-p-24528.html HTTP/1.0" 200 71280 "-" "Mozilla/5.0 (compatible; bingbot/2.0; +http://www.bing.com/bingbot.htm)"
13.66.139.137 - - [20/Feb/2021:16:45:29 +0100] "GET /riders-freedom-motorcycle-malle-50-cm-p-35727.html HTTP/1.0" 301 68952 "-" "Mozilla/5.0 (compatible; bingbot/2.0; +http://www.bing.com/bingbot.htm)"
185.191.171.9 - - [20/Feb/2021:16:45:37 +0100] "GET /duvet-cover-cotton-percale-threads-p-43842.html?action=add_product HTTP/1.0" 302 476 "-" "Mozilla/5.0 (compatible; SemrushBot/7~bl; +http://www.semrush.com/bot.html)"
185.191.171.37 - - [20/Feb/2021:16:45:38 +0100] "GET /stone-petrified-wood-grams-p-46566.html?action=add_product HTTP/1.0" 302 476 "-" "Mozilla/5.0 (compatible; SemrushBot/7~bl; +http://www.semrush.com/bot.html)"
13.66.139.73 - - [20/Feb/2021:16:45:46 +0100] "GET /disney-m-20.html HTTP/1.0" 200 88018 "-" "Mozilla/5.0 (compatible; bingbot/2.0; +http://www.bing.com/bingbot.htm)"
185.191.171.12 - - [20/Feb/2021:16:46:13 +0100] "GET /aime-azur-p-44538.html HTTP/1.0" 200 71367 "-" "Mozilla/5.0 (compatible; SemrushBot/7~bl; +http://www.semrush.com/bot.html)"
185.191.171.7 - - [20/Feb/2021:16:46:15 +0100] "GET /coasters-spain-cbkreation-p-15019.html?action=add_product HTTP/1.0" 302 476 "-" "Mozilla/5.0 (compatible; SemrushBot/7~bl; +http://www.semrush.com/bot.html)"
185.191.171.1 - - [20/Feb/2021:16:46:17 +0100] "GET /mokaite-bedclothes-p-43584.html HTTP/1.0" 200 71415 "-" "Mozilla/5.0 (compatible; SemrushBot/7~bl; +http://www.semrush.com/bot.html)"
13.66.139.73 - - [20/Feb/2021:16:46:17 +0100] "GET /nici-pirate-wallet-p-9647.html HTTP/1.0" 200 71625 "-" "Mozilla/5.0 (compatible; bingbot/2.0; +http://www.bing.com/bingbot.htm)"
13.66.139.137 - - [20/Feb/2021:16:46:22 +0100] "GET /-p-13891.html HTTP/1.0" 200 68690 "-" "Mozilla/5.0 (compatible; bingbot/2.0; +http://www.bing.com/bingbot.htm)"
13.66.139.137 - - [20/Feb/2021:16:46:23 +0100] "GET /little-mariners-bowl-p-38766.html HTTP/1.0" 200 71268 "-" "Mozilla/5.0 (compatible; bingbot/2.0; +http://www.bing.com/bingbot.htm)"
185.191.171.23 - - [20/Feb/2021:16:46:38 +0100] "GET /mulan-coutue-force-figurine-p-53356.html HTTP/1.0" 200 72682 "-" "Mozilla/5.0 (compatible; SemrushBot/7~bl; +http://www.semrush.com/bot.html)"
13.66.139.88 - - [20/Feb/2021:16:47:08 +0100] "GET /images/big_prod/3560600313728.jpg HTTP/1.0" 200 268 "-" "Mozilla/5.0 (compatible; bingbot/2.0; +http://www.bing.com/bingbot.htm)"
185.191.171.3 - - [20/Feb/2021:16:47:28 +0100] "GET /natsuki-kimmidoll-necklace-swarovski-p-15878.html HTTP/1.0" 200 68861 "-" "Mozilla/5.0 (compatible; SemrushBot/7~bl; +http://www.semrush.com/bot.html)"
185.191.171.35 - - [20/Feb/2021:16:48:12 +0100] "GET /cbkreation-cover-iphone-p-23486.html?action=add_product HTTP/1.0" 302 476 "-" "Mozilla/5.0 (compatible; SemrushBot/7~bl; +http://www.semrush.com/bot.html)"
185.191.171.7 - - [20/Feb/2021:16:48:14 +0100] "GET /llama-love-figurine-p-47611.html?action=add_product HTTP/1.0" 302 476 "-" "Mozilla/5.0 (compatible; SemrushBot/7~bl; +http://www.semrush.com/bot.html)"
185.191.171.2 - - [20/Feb/2021:16:48:16 +0100] "GET /boho-indian-pouch-free-wild-p-42922.html?action=add_product HTTP/1.0" 302 476 "-" "Mozilla/5.0 (compatible; SemrushBot/7~bl; +http://www.semrush.com/bot.html)"
185.191.171.17 - - [20/Feb/2021:16:48:21 +0100] "GET /quote-wall-stickers-20-70-cm-key-for-happiness-p-42989.html HTTP/1.0" 301 71556 "-" "Mozilla/5.0 (compatible; SemrushBot/7~bl; +http://www.semrush.com/bot.html)"
185.191.171.3 - - [20/Feb/2021:16:48:23 +0100] "GET /quote-wall-stickers-happiness-p-42989.html HTTP/1.0" 200 71460 "-" "Mozilla/5.0 (compatible; SemrushBot/7~bl; +http://www.semrush.com/bot.html)"
185.191.171.19 - - [20/Feb/2021:16:48:43 +0100] "GET /marseille-pill-p-52008.html?action=add_product HTTP/1.0" 302 476 "-" "Mozilla/5.0 (compatible; SemrushBot/7~bl; +http://www.semrush.com/bot.html)"
185.191.171.43 - - [20/Feb/2021:16:48:58 +0100] "GET /-p-30719.html?action=add_product HTTP/1.0" 302 476 "-" "Mozilla/5.0 (compatible; SemrushBot/7~bl; +http://www.semrush.com/bot.html)"
13.66.139.137 - - [20/Feb/2021:16:49:10 +0100] "GET /images/4036113142234.jpg HTTP/1.0" 200 259 "-" "Mozilla/5.0 (compatible; bingbot/2.0; +http://www.bing.com/bingbot.htm)"
13.66.139.88 - - [20/Feb/2021:16:49:30 +0100] "GET /sophie-the-giraffe-night-light-stars-projector-musical-p-36927.html HTTP/1.0" 301 72471 "-" "Mozilla/5.0 (compatible; bingbot/2.0; +http://www.bing.com/bingbot.htm)"
13.66.139.88 - - [20/Feb/2021:16:49:31 +0100] "GET /-p-18691.html HTTP/1.0" 200 68690 "-" "Mozilla/5.0 (compatible; bingbot/2.0; +http://www.bing.com/bingbot.htm)"
185.191.171.13 - - [20/Feb/2021:16:49:37 +0100] "GET /horses-glass-clock-p-34010.html HTTP/1.0" 200 71329 "-" "Mozilla/5.0 (compatible; SemrushBot/7~bl; +http://www.semrush.com/bot.html)"
13.66.139.73 - - [20/Feb/2021:16:49:40 +0100] "GET /elvis-lighter-p-22420.html HTTP/1.0" 200 73570 "-" "Mozilla/5.0 (compatible; bingbot/2.0; +http://www.bing.com/bingbot.htm)"
13.66.139.88 - - [20/Feb/2021:16:50:02 +0100] "GET /beatles-mug-p-29682.html HTTP/1.0" 301 71263 "-" "Mozilla/5.0 (compatible; bingbot/2.0; +http://www.bing.com/bingbot.htm)"
185.191.171.16 - - [20/Feb/2021:16:50:31 +0100] "GET /bamboo-pot-llama-folk-p-49518.html HTTP/1.0" 301 71440 "-" "Mozilla/5.0 (compatible; SemrushBot/7~bl; +http://www.semrush.com/bot.html)"
185.191.171.8 - - [20/Feb/2021:16:50:33 +0100] "GET /bamboo-llama-folk-p-49518.html HTTP/1.0" 200 71356 "-" "Mozilla/5.0 (compatible; SemrushBot/7~bl; +http://www.semrush.com/bot.html)"
66.249.69.164 - - [20/Feb/2021:16:50:38 +0100] "GET /cushion-upholstery-cover-p-53234.html HTTP/1.0" 200 71541 "-" "Mozilla/5.0 (Linux; Android 6.0.1; Nexus 5X Build/MMB29P) AppleWebKit/537.36 (KHTML, like Gecko) Chrome/88.0.4324.153 Mobile Safari/537.36 (compatible; Googlebot/2.1; +http://www.google.com/bot.html)"
13.66.139.137 - - [20/Feb/2021:16:50:39 +0100] "GET /images/big_prod_2/1328399219391b.jpg HTTP/1.0" 200 271 "-" "Mozilla/5.0 (compatible; bingbot/2.0; +http://www.bing.com/bingbot.htm)"
13.66.139.73 - - [20/Feb/2021:16:50:43 +0100] "GET /-p-5172.html HTTP/1.0" 200 68688 "-" "Mozilla/5.0 (compatible; bingbot/2.0; +http://www.bing.com/bingbot.htm)"
13.66.139.88 - - [20/Feb/2021:16:51:03 +0100] "GET /russian-doll-metal-mat-keychain-cbkreation-p-23489.html HTTP/1.0" 301 73075 "-" "Mozilla/5.0 (compatible; bingbot/2.0; +http://www.bing.com/bingbot.htm)"
185.191.171.4 - - [20/Feb/2021:16:51:06 +0100] "GET /britto-heart-pill-box-p-32626.html HTTP/1.0" 301 68757 "-" "Mozilla/5.0 (compatible; SemrushBot/7~bl; +http://www.semrush.com/bot.html)"
185.191.171.9 - - [20/Feb/2021:16:51:08 +0100] "GET /-p-32626.html HTTP/1.0" 200 68690 "-" "Mozilla/5.0 (compatible; SemrushBot/7~bl; +http://www.semrush.com/bot.html)"
185.191.171.43 - - [20/Feb/2021:16:51:10 +0100] "GET /home-decoration-c-13.html?page=138 HTTP/1.0" 200 90547 "-" "Mozilla/5.0 (compatible; SemrushBot/7~bl; +http://www.semrush.com/bot.html)"
185.191.171.7 - - [20/Feb/2021:16:51:16 +0100] "GET /retro-coffee-wooden-wall-decoration-hang-p-35915.html HTTP/1.0" 200 71586 "-" "Mozilla/5.0 (compatible; SemrushBot/7~bl; +http://www.semrush.com/bot.html)"
13.66.139.73 - - [20/Feb/2021:16:51:20 +0100] "GET /bedclothes-140-200-cm-parma-striped-p-44344.html HTTP/1.0" 301 71590 "-" "Mozilla/5.0 (compatible; bingbot/2.0; +http://www.bing.com/bingbot.htm)"
13.66.139.88 - - [20/Feb/2021:16:51:25 +0100] "GET /-p-8475.html HTTP/1.0" 200 68688 "-" "Mozilla/5.0 (compatible; bingbot/2.0; +http://www.bing.com/bingbot.htm)"
185.191.171.36 - - [20/Feb/2021:16:51:51 +0100] "GET /bucolic-atmosphere-rectangulary-cushion-by-cbkreation-p-49144.html HTTP/1.0" 301 69005 "-" "Mozilla/5.0 (compatible; SemrushBot/7~bl; +http://www.semrush.com/bot.html)"
185.191.171.11 - - [20/Feb/2021:16:51:53 +0100] "GET /bucolic-atmosphere-rectangulary-cushion-cbkreation-p-49144.html HTTP/1.0" 200 68888 "-" "Mozilla/5.0 (compatible; SemrushBot/7~bl; +http://www.semrush.com/bot.html)"
185.191.171.41 - - [20/Feb/2021:16:51:56 +0100] "GET /chest-wood-whitened-p-48072.html?action=add_product HTTP/1.0" 302 476 "-" "Mozilla/5.0 (compatible; SemrushBot/7~bl; +http://www.semrush.com/bot.html)"
13.66.139.137 - - [20/Feb/2021:16:52:20 +0100] "GET /geishas-mouse-pad-by-cbkreation-p-23469.html HTTP/1.0" 301 71432 "-" "Mozilla/5.0 (compatible; bingbot/2.0; +http://www.bing.com/bingbot.htm)"
13.66.139.73 - - [20/Feb/2021:16:52:25 +0100] "GET /wrought-iron-bedhead-wall-sticker-p-38333.html HTTP/1.0" 200 71587 "-" "Mozilla/5.0 (compatible; bingbot/2.0; +http://www.bing.com/bingbot.htm)"
13.66.139.73 - - [20/Feb/2021:16:52:26 +0100] "GET /vanellope-britto-figurine-p-48463.html HTTP/1.0" 200 72291 "-" "Mozilla/5.0 (compatible; bingbot/2.0; +http://www.bing.com/bingbot.htm)"
185.191.171.40 - - [20/Feb/2021:16:52:35 +0100] "GET /sixtine-bedspread-p-51290.html HTTP/1.0" 200 71434 "-" "Mozilla/5.0 (compatible; SemrushBot/7~bl; +http://www.semrush.com/bot.html)"
185.191.171.19 - - [20/Feb/2021:16:52:43 +0100] "GET /-p-37836.html?action=add_product HTTP/1.0" 302 476 "-" "Mozilla/5.0 (compatible; SemrushBot/7~bl; +http://www.semrush.com/bot.html)"
185.191.171.42 - - [20/Feb/2021:16:52:44 +0100] "GET /mustang-metal-plate-deco-p-42363.html HTTP/1.0" 200 71406 "-" "Mozilla/5.0 (compatible; SemrushBot/7~bl; +http://www.semrush.com/bot.html)"
157.55.39.255 - - [20/Feb/2021:16:52:44 +0100] "GET /games-and-toys/figures/aesha-kimmi-junior-doll-p-12031.html HTTP/1.0" 301 68757 "-" "Mozilla/5.0 (compatible; bingbot/2.0; +http://www.bing.com/bingbot.htm)"
185.191.171.9 - - [20/Feb/2021:16:53:05 +0100] "GET /little-prince-exupery-little-tray-p-44550.html?action=add_product HTTP/1.0" 302 476 "-" "Mozilla/5.0 (compatible; SemrushBot/7~bl; +http://www.semrush.com/bot.html)"
66.249.69.162 - - [20/Feb/2021:16:53:30 +0100] "GET /pucca-pencil-case-p-2966.html HTTP/1.0" 200 71429 "-" "Mozilla/5.0 (Linux; Android 6.0.1; Nexus 5X Build/MMB29P) AppleWebKit/537.36 (KHTML, like Gecko) Chrome/88.0.4324.153 Mobile Safari/537.36 (compatible; Googlebot/2.1; +http://www.google.com/bot.html)"
157.55.39.99 - - [20/Feb/2021:16:53:37 +0100] "GET /moto-guzzi-black-shoulder-bag-p-11802.html HTTP/1.0" 301 68910 "-" "Mozilla/5.0 (compatible; bingbot/2.0; +http://www.bing.com/bingbot.htm)"
13.66.139.88 - - [20/Feb/2021:16:53:52 +0100] "GET /transformers-soundwave-figure-to-build-p-21602.html HTTP/1.0" 301 68967 "-" "Mozilla/5.0 (compatible; bingbot/2.0; +http://www.bing.com/bingbot.htm)"
13.66.139.73 - - [20/Feb/2021:16:54:01 +0100] "GET /coca-cola-metal-plate-20-15-cm-p-27973.html HTTP/1.0" 301 71439 "-" "Mozilla/5.0 (compatible; bingbot/2.0; +http://www.bing.com/bingbot.htm)"
185.191.171.42 - - [20/Feb/2021:16:54:02 +0100] "GET /mani-the-lucky-cat-compact-mirror-p-37333.html HTTP/1.0" 301 68922 "-" "Mozilla/5.0 (compatible; SemrushBot/7~bl; +http://www.semrush.com/bot.html)"
185.191.171.44 - - [20/Feb/2021:16:54:04 +0100] "GET /mani-lucky-compact-mirror-p-37333.html HTTP/1.0" 200 68830 "-" "Mozilla/5.0 (compatible; SemrushBot/7~bl; +http://www.semrush.com/bot.html)"
185.191.171.3 - - [20/Feb/2021:16:54:12 +0100] "GET /bob-marley-zippo-lighter-p-27297.html HTTP/1.0" 301 71863 "-" "Mozilla/5.0 (compatible; SemrushBot/7~bl; +http://www.semrush.com/bot.html)"
13.66.139.137 - - [20/Feb/2021:16:54:40 +0100] "GET /-p-18040.html HTTP/1.0" 200 68690 "-" "Mozilla/5.0 (compatible; bingbot/2.0; +http://www.bing.com/bingbot.htm)"
185.191.171.16 - - [20/Feb/2021:16:54:41 +0100] "GET /small-baby-teeth-pink-p-32041.html?action=add_product HTTP/1.0" 302 476 "-" "Mozilla/5.0 (compatible; SemrushBot/7~bl; +http://www.semrush.com/bot.html)"
185.191.171.34 - - [20/Feb/2021:16:54:42 +0100] "GET /boho-terracotta-p-51884.html HTTP/1.0" 200 72053 "-" "Mozilla/5.0 (compatible; SemrushBot/7~bl; +http://www.semrush.com/bot.html)"
13.66.139.88 - - [20/Feb/2021:16:54:44 +0100] "GET /-p-30968.html HTTP/1.0" 200 68690 "-" "Mozilla/5.0 (compatible; bingbot/2.0; +http://www.bing.com/bingbot.htm)"
66.249.69.164 - - [20/Feb/2021:16:54:45 +0100] "GET /images/mini_prod/100_1892.gif HTTP/1.0" 200 263 "-" "Googlebot-Image/1.0"
13.66.139.73 - - [20/Feb/2021:16:55:01 +0100] "GET /-p-15820.html HTTP/1.0" 200 68690 "-" "Mozilla/5.0 (compatible; bingbot/2.0; +http://www.bing.com/bingbot.htm)"
13.66.139.88 - - [20/Feb/2021:16:55:05 +0100] "GET /-p-10286.html HTTP/1.0" 200 68690 "-" "Mozilla/5.0 (compatible; bingbot/2.0; +http://www.bing.com/bingbot.htm)"
185.191.171.23 - - [20/Feb/2021:16:55:37 +0100] "GET /pinocchio-figure-collection-by-britto-p-52404.html HTTP/1.0" 301 73244 "-" "Mozilla/5.0 (compatible; SemrushBot/7~bl; +http://www.semrush.com/bot.html)"
185.191.171.44 - - [20/Feb/2021:16:55:40 +0100] "GET /pinocchio-figure-collection-britto-p-52404.html HTTP/1.0" 200 73143 "-" "Mozilla/5.0 (compatible; SemrushBot/7~bl; +http://www.semrush.com/bot.html)"
13.66.139.137 - - [20/Feb/2021:16:56:00 +0100] "GET /-p-11899.html HTTP/1.0" 200 68690 "-" "Mozilla/5.0 (compatible; bingbot/2.0; +http://www.bing.com/bingbot.htm)"
13.66.139.73 - - [20/Feb/2021:16:56:18 +0100] "GET /images/med_prod/5204549086333.jpg HTTP/1.0" 200 268 "-" "Mozilla/5.0 (compatible; bingbot/2.0; +http://www.bing.com/bingbot.htm)"
13.66.139.73 - - [20/Feb/2021:16:56:19 +0100] "GET /images/mini_prod/3453131132930.jpg HTTP/1.0" 200 269 "-" "Mozilla/5.0 (compatible; bingbot/2.0; +http://www.bing.com/bingbot.htm)"
13.66.139.73 - - [20/Feb/2021:16:56:19 +0100] "GET /teo-jasmin-large-cabas-teo-rockabilly-p-39275.html HTTP/1.0" 301 68878 "-" "Mozilla/5.0 (compatible; bingbot/2.0; +http://www.bing.com/bingbot.htm)"
185.191.171.7 - - [20/Feb/2021:16:56:21 +0100] "GET /protects-mattress-fleece-90-190-30-cm-p-52145.html HTTP/1.0" 301 71735 "-" "Mozilla/5.0 (compatible; SemrushBot/7~bl; +http://www.semrush.com/bot.html)"
185.191.171.1 - - [20/Feb/2021:16:56:47 +0100] "GET /crow-neko-p-28951.html HTTP/1.0" 200 71293 "-" "Mozilla/5.0 (compatible; SemrushBot/7~bl; +http://www.semrush.com/bot.html)"
185.191.171.33 - - [20/Feb/2021:16:56:54 +0100] "GET /table-copains-burlap-placemat-p-53498.html?action=add_product HTTP/1.0" 302 476 "-" "Mozilla/5.0 (compatible; SemrushBot/7~bl; +http://www.semrush.com/bot.html)"
185.191.171.35 - - [20/Feb/2021:16:56:58 +0100] "GET /becassine-large-metal-plate-p-48238.html HTTP/1.0" 200 71442 "-" "Mozilla/5.0 (compatible; SemrushBot/7~bl; +http://www.semrush.com/bot.html)"
13.66.139.137 - - [20/Feb/2021:16:57:00 +0100] "GET /noddy-pairs-of-socks-size-19-22-p-25611.html HTTP/1.0" 301 68757 "-" "Mozilla/5.0 (compatible; bingbot/2.0; +http://www.bing.com/bingbot.htm)"
13.66.139.137 - - [20/Feb/2021:16:57:01 +0100] "GET /teo-jasmin-teo-liberty-companion-portfolio-p-39132.html HTTP/1.0" 301 68976 "-" "Mozilla/5.0 (compatible; bingbot/2.0; +http://www.bing.com/bingbot.htm)"
13.66.139.73 - - [20/Feb/2021:16:57:09 +0100] "GET /images/big_prod/8718317687884.jpg HTTP/1.0" 200 268 "-" "Mozilla/5.0 (compatible; bingbot/2.0; +http://www.bing.com/bingbot.htm)"
13.66.139.88 - - [20/Feb/2021:16:57:13 +0100] "GET /images/big_prod_1/78-4153b.jpg HTTP/1.0" 200 265 "-" "Mozilla/5.0 (compatible; bingbot/2.0; +http://www.bing.com/bingbot.htm)"
185.191.171.15 - - [20/Feb/2021:16:57:23 +0100] "GET /oiler-vinegar-metal-basket-p-45617.html HTTP/1.0" 200 71468 "-" "Mozilla/5.0 (compatible; SemrushBot/7~bl; +http://www.semrush.com/bot.html)"
13.66.139.88 - - [20/Feb/2021:16:57:44 +0100] "GET /mirabelle-calendar-year-2017-p-36748.html HTTP/1.0" 200 71563 "-" "Mozilla/5.0 (compatible; bingbot/2.0; +http://www.bing.com/bingbot.htm)"
157.55.39.246 - - [20/Feb/2021:16:58:00 +0100] "GET /js/jquery.js HTTP/1.0" 200 252 "-" "Mozilla/5.0 (compatible; bingbot/2.0; +http://www.bing.com/bingbot.htm)"
185.191.171.43 - - [20/Feb/2021:16:58:01 +0100] "GET /cats-potholder-p-43824.html HTTP/1.0" 200 71268 "-" "Mozilla/5.0 (compatible; SemrushBot/7~bl; +http://www.semrush.com/bot.html)"
13.66.139.137 - - [20/Feb/2021:16:58:04 +0100] "GET /small-boxes-and-pill-c-13_150_154.html HTTP/1.0" 301 89388 "-" "Mozilla/5.0 (compatible; bingbot/2.0; +http://www.bing.com/bingbot.htm)"
13.66.139.137 - - [20/Feb/2021:16:58:41 +0100] "GET /-p-17334.html HTTP/1.0" 200 68690 "-" "Mozilla/5.0 (compatible; bingbot/2.0; +http://www.bing.com/bingbot.htm)"
185.191.171.45 - - [20/Feb/2021:16:58:43 +0100] "GET /vespa-pink-phone-cover-iphone-p-23052.html?action=add_product HTTP/1.0" 302 476 "-" "Mozilla/5.0 (compatible; SemrushBot/7~bl; +http://www.semrush.com/bot.html)"
13.66.139.137 - - [20/Feb/2021:16:59:01 +0100] "GET /-p-17452.html HTTP/1.0" 200 68690 "-" "Mozilla/5.0 (compatible; bingbot/2.0; +http://www.bing.com/bingbot.htm)"
185.191.171.7 - - [20/Feb/2021:16:59:02 +0100] "GET /paris-bucolic-large-bowl-p-34916.html?action=add_product HTTP/1.0" 302 476 "-" "Mozilla/5.0 (compatible; SemrushBot/7~bl; +http://www.semrush.com/bot.html)"
185.191.171.5 - - [20/Feb/2021:16:59:04 +0100] "GET /scent-heart-home-welcoming-fire-p-53328.html?action=add_product HTTP/1.0" 302 476 "-" "Mozilla/5.0 (compatible; SemrushBot/7~bl; +http://www.semrush.com/bot.html)"
185.191.171.18 - - [20/Feb/2021:16:59:10 +0100] "GET /skull-with-figure-p-34496.html?action=add_product HTTP/1.0" 302 476 "-" "Mozilla/5.0 (compatible; SemrushBot/7~bl; +http://www.semrush.com/bot.html)"
17.58.101.142 - - [20/Feb/2021:16:59:16 +0100] "GET /images/mini_prod/8422010189810.jpg HTTP/1.0" 200 269 "-" "Mozilla/5.0 (Macintosh; Intel Mac OS X 10_15_5) AppleWebKit/605.1.15 (KHTML, like Gecko) Version/13.1.1 Safari/605.1.15 (Applebot/0.1; +http://www.apple.com/go/applebot)"
13.66.139.137 - - [20/Feb/2021:16:59:20 +0100] "GET /happy-colours-love-vinyl-beauty-bag-p-19009.html HTTP/1.0" 301 71429 "-" "Mozilla/5.0 (compatible; bingbot/2.0; +http://www.bing.com/bingbot.htm)"
13.66.139.73 - - [20/Feb/2021:16:59:29 +0100] "GET /images/4012390360370.jpg HTTP/1.0" 200 259 "-" "Mozilla/5.0 (compatible; bingbot/2.0; +http://www.bing.com/bingbot.htm)"
13.66.139.73 - - [20/Feb/2021:16:59:40 +0100] "GET /images/3700057121686.jpg HTTP/1.0" 200 259 "-" "Mozilla/5.0 (compatible; bingbot/2.0; +http://www.bing.com/bingbot.htm)"
13.66.139.137 - - [20/Feb/2021:16:59:51 +0100] "GET /images/big_prod/3503420115929.jpg HTTP/1.0" 200 268 "-" "Mozilla/5.0 (compatible; bingbot/2.0; +http://www.bing.com/bingbot.htm)"
185.191.171.45 - - [20/Feb/2021:16:59:52 +0100] "GET /corsica-white-p-43555.html HTTP/1.0" 200 71273 "-" "Mozilla/5.0 (compatible; SemrushBot/7~bl; +http://www.semrush.com/bot.html)"
66.249.69.164 - - [20/Feb/2021:17:00:06 +0100] "GET /winnie-toddler-flatware-p-20354.html HTTP/1.0" 200 71308 "-" "Mozilla/5.0 (Linux; Android 6.0.1; Nexus 5X Build/MMB29P) AppleWebKit/537.36 (KHTML, like Gecko) Chrome/88.0.4324.153 Mobile Safari/537.36 (compatible; Googlebot/2.1; +http://www.google.com/bot.html)"
185.191.171.21 - - [20/Feb/2021:17:00:13 +0100] "GET /anise-green-polyester-round-chair-cushion-p-47394.html HTTP/1.0" 301 68757 "-" "Mozilla/5.0 (compatible; SemrushBot/7~bl; +http://www.semrush.com/bot.html)"
185.191.171.12 - - [20/Feb/2021:17:00:16 +0100] "GET /-p-47394.html HTTP/1.0" 200 68690 "-" "Mozilla/5.0 (compatible; SemrushBot/7~bl; +http://www.semrush.com/bot.html)"
185.191.171.44 - - [20/Feb/2021:17:00:18 +0100] "GET /waterproof-terry-bolster-protective-cover-p-50924.html HTTP/1.0" 200 71738 "-" "Mozilla/5.0 (compatible; SemrushBot/7~bl; +http://www.semrush.com/bot.html)"
13.66.139.73 - - [20/Feb/2021:17:00:23 +0100] "GET /-p-24011.html HTTP/1.0" 200 68690 "-" "Mozilla/5.0 (compatible; bingbot/2.0; +http://www.bing.com/bingbot.htm)"
13.66.139.73 - - [20/Feb/2021:17:00:24 +0100] "GET /justitia-themis-statue-30-cm-p-47906.html HTTP/1.0" 301 68866 "-" "Mozilla/5.0 (compatible; bingbot/2.0; +http://www.bing.com/bingbot.htm)"
185.191.171.22 - - [20/Feb/2021:17:01:02 +0100] "GET /mustache-necktie-p-24310.html HTTP/1.0" 200 71476 "-" "Mozilla/5.0 (compatible; SemrushBot/7~bl; +http://www.semrush.com/bot.html)"
13.66.139.88 - - [20/Feb/2021:17:01:05 +0100] "GET /images/mini_prod/3281640374745.jpg HTTP/1.0" 200 269 "-" "Mozilla/5.0 (compatible; bingbot/2.0; +http://www.bing.com/bingbot.htm)"
185.191.171.14 - - [20/Feb/2021:17:01:05 +0100] "GET /beatles-p-29682.html HTTP/1.0" 200 71189 "-" "Mozilla/5.0 (compatible; SemrushBot/7~bl; +http://www.semrush.com/bot.html)"
13.66.139.88 - - [20/Feb/2021:17:01:05 +0100] "GET /transformers-prime-optimus-prime-figure-p-21596.html HTTP/1.0" 200 68876 "-" "Mozilla/5.0 (compatible; bingbot/2.0; +http://www.bing.com/bingbot.htm)"
185.191.171.8 - - [20/Feb/2021:17:01:13 +0100] "GET /paris-eyelets-curtain-beige-p-41131.html HTTP/1.0" 200 68776 "-" "Mozilla/5.0 (compatible; SemrushBot/7~bl; +http://www.semrush.com/bot.html)"
13.66.139.88 - - [20/Feb/2021:17:01:26 +0100] "GET /decorative-wooden-plate-chien-mechant-white-p-47798.html HTTP/1.0" 301 71846 "-" "Mozilla/5.0 (compatible; bingbot/2.0; +http://www.bing.com/bingbot.htm)"
13.66.139.88 - - [20/Feb/2021:17:01:27 +0100] "GET /tea-for-one-mandala-p-43384.html HTTP/1.0" 301 72449 "-" "Mozilla/5.0 (compatible; bingbot/2.0; +http://www.bing.com/bingbot.htm)"
51.68.224.127 - - [20/Feb/2021:17:01:37 +0100] "GET /adminweb/export_orders_xml.php?token=256de2z6edz6ed2z6DFSFsed2zed6zeDSFDSGdzedezfzf&maxorders=10&orderstart=1&status=14&start_date=2018-10-01 HTTP/1.0" 200 285 "-" "GesCom CharlotteBoutik Serveur"
51.68.224.127 - - [20/Feb/2021:17:01:37 +0100] "GET /adminweb/export_orders_xml.php?token=256de2z6edz6ed2z6DFSFsed2zed6zeDSFDSGdzedezfzf&maxorders=10&orderstart=1&status=6&start_date=2018-10-01 HTTP/1.0" 200 29990 "-" "GesCom CharlotteBoutik Serveur"
13.66.139.73 - - [20/Feb/2021:17:01:52 +0100] "GET /-p-35298.html HTTP/1.0" 200 68690 "-" "Mozilla/5.0 (compatible; bingbot/2.0; +http://www.bing.com/bingbot.htm)"
185.191.171.5 - - [20/Feb/2021:17:02:24 +0100] "GET /gorjuss-heart-shaped-walk-together-p-49475.html?action=add_product HTTP/1.0" 302 476 "-" "Mozilla/5.0 (compatible; SemrushBot/7~bl; +http://www.semrush.com/bot.html)"
185.191.171.39 - - [20/Feb/2021:17:02:35 +0100] "GET /gemini-clasic-keyring-by-cbkreation-p-43249.html?action=add_product HTTP/1.0" 301 476 "-" "Mozilla/5.0 (compatible; SemrushBot/7~bl; +http://www.semrush.com/bot.html)"
13.66.139.88 - - [20/Feb/2021:17:03:04 +0100] "GET /images/big_prod/8409810063779.jpg HTTP/1.0" 200 268 "-" "Mozilla/5.0 (compatible; bingbot/2.0; +http://www.bing.com/bingbot.htm)"
157.55.39.72 - - [20/Feb/2021:17:03:08 +0100] "GET /-p-3890.html HTTP/1.0" 200 68688 "-" "Mozilla/5.0 (compatible; bingbot/2.0; +http://www.bing.com/bingbot.htm)"
185.191.171.7 - - [20/Feb/2021:17:03:20 +0100] "GET /cats-ceramic-dish-p-40240.html?action=add_product HTTP/1.0" 302 476 "-" "Mozilla/5.0 (compatible; SemrushBot/7~bl; +http://www.semrush.com/bot.html)"
13.66.139.73 - - [20/Feb/2021:17:03:53 +0100] "GET /-p-22835.html HTTP/1.0" 200 68690 "-" "Mozilla/5.0 (compatible; bingbot/2.0; +http://www.bing.com/bingbot.htm)"
13.66.139.88 - - [20/Feb/2021:17:03:57 +0100] "GET /images/big_prod/8435333853276.jpg HTTP/1.0" 200 268 "-" "Mozilla/5.0 (compatible; bingbot/2.0; +http://www.bing.com/bingbot.htm)"
13.66.139.73 - - [20/Feb/2021:17:04:30 +0100] "GET /images/big_prod/4891320386556.jpg HTTP/1.0" 200 268 "-" "Mozilla/5.0 (compatible; bingbot/2.0; +http://www.bing.com/bingbot.htm)"
13.66.139.73 - - [20/Feb/2021:17:04:31 +0100] "GET /images/med_prod/8435306290107.jpg HTTP/1.0" 200 268 "-" "Mozilla/5.0 (compatible; bingbot/2.0; +http://www.bing.com/bingbot.htm)"
185.191.171.10 - - [20/Feb/2021:17:04:31 +0100] "GET /buddha-canvas-frame-40-40-cm-p-38503.html HTTP/1.0" 301 71508 "-" "Mozilla/5.0 (compatible; SemrushBot/7~bl; +http://www.semrush.com/bot.html)"
185.191.171.15 - - [20/Feb/2021:17:04:33 +0100] "GET /buddha-canvas-frame-p-38503.html HTTP/1.0" 200 71422 "-" "Mozilla/5.0 (compatible; SemrushBot/7~bl; +http://www.semrush.com/bot.html)"
195.123.209.118 - - [20/Feb/2021:17:04:41 +0100] "GET / HTTP/1.0" 200 93797 "https://erotag.com/" "Mozilla/4.79 [en] (Windows NT 5.0; U)"
195.123.209.118 - - [20/Feb/2021:17:04:42 +0100] "GET / HTTP/1.0" 200 93802 "https://erotag.com/" "Mozilla/4.79 [en] (Windows NT 5.0; U)"
195.123.209.118 - - [20/Feb/2021:17:04:43 +0100] "GET / HTTP/1.0" 200 93997 "https://erotag.com/" "Mozilla/4.79 [en] (Windows NT 5.0; U)"
13.66.139.137 - - [20/Feb/2021:17:04:42 +0100] "GET /paris-money-cbkreation-p-17249.html HTTP/1.0" 200 71455 "-" "Mozilla/5.0 (compatible; bingbot/2.0; +http://www.bing.com/bingbot.htm)"
13.66.139.137 - - [20/Feb/2021:17:05:02 +0100] "GET /teo-jasmin-brown-melamine-tray-p-37947.html HTTP/1.0" 301 71548 "-" "Mozilla/5.0 (compatible; bingbot/2.0; +http://www.bing.com/bingbot.htm)"
216.244.66.242 - - [20/Feb/2021:17:05:05 +0100] "GET /robots.txt HTTP/1.0" 200 245 "-" "Mozilla/5.0 (compatible; DotBot/1.1; http://www.opensiteexplorer.org/dotbot, help@moz.com)"
157.55.39.255 - - [20/Feb/2021:17:05:06 +0100] "GET /mug-shadow-cats-p-45720.html HTTP/1.0" 301 71330 "-" "Mozilla/5.0 (compatible; bingbot/2.0; +http://www.bing.com/bingbot.htm)"
13.66.139.88 - - [20/Feb/2021:17:05:11 +0100] "GET /-p-22229.html HTTP/1.0" 200 68690 "-" "Mozilla/5.0 (compatible; bingbot/2.0; +http://www.bing.com/bingbot.htm)"
185.191.171.24 - - [20/Feb/2021:17:05:17 +0100] "GET /book-lamp-real-wood-colors-size-p-52967.html?action=add_product HTTP/1.0" 302 476 "-" "Mozilla/5.0 (compatible; SemrushBot/7~bl; +http://www.semrush.com/bot.html)"
185.191.171.45 - - [20/Feb/2021:17:05:18 +0100] "GET /-p-17535.html?action=add_product HTTP/1.0" 302 476 "-" "Mozilla/5.0 (compatible; SemrushBot/7~bl; +http://www.semrush.com/bot.html)"
