13.66.139.137 - - [20/Feb/2021:08:40:22 +0100] "GET /magritte-the-son-of-man-figurine-13-cm-p-32618.html HTTP/1.0" 301 72022 "-" "Mozilla/5.0 (compatible; bingbot/2.0; +http://www.bing.com/bingbot.htm)"
185.191.171.11 - - [20/Feb/2021:08:40:22 +0100] "GET /scent-heart-home-frosted-apple-spice-p-49936.html?action=add_product HTTP/1.0" 302 476 "-" "Mozilla/5.0 (compatible; SemrushBot/7~bl; +http://www.semrush.com/bot.html)"
216.244.66.242 - - [20/Feb/2021:08:40:35 +0100] "GET /decorative-nalla-cat-19-cm-p-47103.html HTTP/1.0" 301 71456 "-" "Mozilla/5.0 (compatible; DotBot/1.1; http://www.opensiteexplorer.org/dotbot, help@moz.com)"
13.66.139.88 - - [20/Feb/2021:08:40:41 +0100] "GET /horse-portrait-canvas-frame-p-31841.html HTTP/1.0" 200 71413 "-" "Mozilla/5.0 (compatible; bingbot/2.0; +http://www.bing.com/bingbot.htm)"
185.191.171.38 - - [20/Feb/2021:08:40:45 +0100] "GET /florialys-fragrance-provence-golden-jasmine-p-48498.html?action=add_product HTTP/1.0" 302 476 "-" "Mozilla/5.0 (compatible; SemrushBot/7~bl; +http://www.semrush.com/bot.html)"
185.191.171.3 - - [20/Feb/2021:08:41:01 +0100] "GET /soap-dish-famants-de-camargue-cast-iron-p-45764.html HTTP/1.0" 301 71560 "-" "Mozilla/5.0 (compatible; SemrushBot/7~bl; +http://www.semrush.com/bot.html)"
13.66.139.137 - - [20/Feb/2021:08:41:03 +0100] "GET /shirts-and-sweatshirts-men-c-53_54.html HTTP/1.0" 301 92140 "-" "Mozilla/5.0 (compatible; bingbot/2.0; +http://www.bing.com/bingbot.htm)"
185.191.171.1 - - [20/Feb/2021:08:41:03 +0100] "GET /soap-dish-famants-camargue-cast-iron-p-45764.html HTTP/1.0" 200 71457 "-" "Mozilla/5.0 (compatible; SemrushBot/7~bl; +http://www.semrush.com/bot.html)"
54.36.148.90 - - [20/Feb/2021:08:41:05 +0100] "GET /union-jack-cosmetics-bag-p-30028.html HTTP/1.0" 301 71493 "-" "Mozilla/5.0 (compatible; AhrefsBot/7.0; +http://ahrefs.com/robot/)"
13.66.139.73 - - [20/Feb/2021:08:41:07 +0100] "GET /images/1399984245484.jpg HTTP/1.0" 200 259 "-" "Mozilla/5.0 (compatible; bingbot/2.0; +http://www.bing.com/bingbot.htm)"
13.66.139.73 - - [20/Feb/2021:08:41:07 +0100] "GET /aujourd-hui-est-ton-jour-card-p-20049.html HTTP/1.0" 301 71540 "-" "Mozilla/5.0 (compatible; bingbot/2.0; +http://www.bing.com/bingbot.htm)"
74.125.208.8 - - [20/Feb/2021:08:41:08 +0100] "GET /images/big_prod/4260082930565.jpg HTTP/1.0" 200 268 "-" "Mozilla/5.0 (Windows NT 5.1; rv:11.0) Gecko Firefox/11.0 (via ggpht.com GoogleImageProxy)"
141.135.230.44 - - [20/Feb/2021:08:41:15 +0100] "GET /little-geisha-red-small-tea-box-p-39302.html HTTP/1.0" 301 71637 "-" "Mozilla/5.0 (iPhone; CPU iPhone OS 14_4 like Mac OS X) AppleWebKit/605.1.15 (KHTML, like Gecko) Version/14.0.3 Mobile/15E148 Safari/604.1"
141.135.230.44 - - [20/Feb/2021:08:41:16 +0100] "GET /little-geisha-small-p-39302.html HTTP/1.0" 200 71551 "-" "Mozilla/5.0 (iPhone; CPU iPhone OS 14_4 like Mac OS X) AppleWebKit/605.1.15 (KHTML, like Gecko) Version/14.0.3 Mobile/15E148 Safari/604.1"
141.135.230.44 - - [20/Feb/2021:08:41:17 +0100] "GET /js/jquery.js HTTP/1.0" 200 252 "http://www.wonder-geek.com/little-geisha-small-p-39302.html" "Mozilla/5.0 (iPhone; CPU iPhone OS 14_4 like Mac OS X) AppleWebKit/605.1.15 (KHTML, like Gecko) Version/14.0.3 Mobile/15E148 Safari/604.1"
141.135.230.44 - - [20/Feb/2021:08:41:17 +0100] "GET /js/jquery.jqzoom.js HTTP/1.0" 200 259 "http://www.wonder-geek.com/little-geisha-small-p-39302.html" "Mozilla/5.0 (iPhone; CPU iPhone OS 14_4 like Mac OS X) AppleWebKit/605.1.15 (KHTML, like Gecko) Version/14.0.3 Mobile/15E148 Safari/604.1"
141.135.230.44 - - [20/Feb/2021:08:41:17 +0100] "GET /templates/Pixame_v1/stylesheet.css HTTP/1.0" 200 267 "http://www.wonder-geek.com/little-geisha-small-p-39302.html" "Mozilla/5.0 (iPhone; CPU iPhone OS 14_4 like Mac OS X) AppleWebKit/605.1.15 (KHTML, like Gecko) Version/14.0.3 Mobile/15E148 Safari/604.1"
141.135.230.44 - - [20/Feb/2021:08:41:17 +0100] "GET /highslide/highslide.js HTTP/1.0" 200 262 "http://www.wonder-geek.com/little-geisha-small-p-39302.html" "Mozilla/5.0 (iPhone; CPU iPhone OS 14_4 like Mac OS X) AppleWebKit/605.1.15 (KHTML, like Gecko) Version/14.0.3 Mobile/15E148 Safari/604.1"
141.135.230.44 - - [20/Feb/2021:08:41:17 +0100] "GET /mondial_relay/js/jquery-1.3.2.min.js HTTP/1.0" 200 276 "http://www.wonder-geek.com/little-geisha-small-p-39302.html" "Mozilla/5.0 (iPhone; CPU iPhone OS 14_4 like Mac OS X) AppleWebKit/605.1.15 (KHTML, like Gecko) Version/14.0.3 Mobile/15E148 Safari/604.1"
141.135.230.44 - - [20/Feb/2021:08:41:17 +0100] "GET /swfobject.js HTTP/1.0" 404 1308 "http://www.wonder-geek.com/little-geisha-small-p-39302.html" "Mozilla/5.0 (iPhone; CPU iPhone OS 14_4 like Mac OS X) AppleWebKit/605.1.15 (KHTML, like Gecko) Version/14.0.3 Mobile/15E148 Safari/604.1"
141.135.230.44 - - [20/Feb/2021:08:41:17 +0100] "GET /templates/Pixame_v1/images/icon_accueil2.png HTTP/1.0" 200 278 "http://www.wonder-geek.com/little-geisha-small-p-39302.html" "Mozilla/5.0 (iPhone; CPU iPhone OS 14_4 like Mac OS X) AppleWebKit/605.1.15 (KHTML, like Gecko) Version/14.0.3 Mobile/15E148 Safari/604.1"
141.135.230.44 - - [20/Feb/2021:08:41:17 +0100] "GET /templates/Pixame_v1/images/infobox/pixel_trans.gif HTTP/1.0" 200 328 "http://www.wonder-geek.com/little-geisha-small-p-39302.html" "Mozilla/5.0 (iPhone; CPU iPhone OS 14_4 like Mac OS X) AppleWebKit/605.1.15 (KHTML, like Gecko) Version/14.0.3 Mobile/15E148 Safari/604.1"
141.135.230.44 - - [20/Feb/2021:08:41:17 +0100] "GET /images/pixel_trans.gif HTTP/1.0" 200 328 "http://www.wonder-geek.com/little-geisha-small-p-39302.html" "Mozilla/5.0 (iPhone; CPU iPhone OS 14_4 like Mac OS X) AppleWebKit/605.1.15 (KHTML, like Gecko) Version/14.0.3 Mobile/15E148 Safari/604.1"
141.135.230.44 - - [20/Feb/2021:08:41:17 +0100] "GET /templates/Pixame_v1/images/pixel_trans.gif HTTP/1.0" 200 328 "http://www.wonder-geek.com/little-geisha-small-p-39302.html" "Mozilla/5.0 (iPhone; CPU iPhone OS 14_4 like Mac OS X) AppleWebKit/605.1.15 (KHTML, like Gecko) Version/14.0.3 Mobile/15E148 Safari/604.1"
141.135.230.44 - - [20/Feb/2021:08:41:17 +0100] "GET /images/big_prod/4260082930565.jpg HTTP/1.0" 200 268 "http://www.wonder-geek.com/little-geisha-small-p-39302.html" "Mozilla/5.0 (iPhone; CPU iPhone OS 14_4 like Mac OS X) AppleWebKit/605.1.15 (KHTML, like Gecko) Version/14.0.3 Mobile/15E148 Safari/604.1"
141.135.230.44 - - [20/Feb/2021:08:41:17 +0100] "GET /templates/Pixame_v1/images/buttons/english/button_in_cart.gif HTTP/1.0" 200 295 "http://www.wonder-geek.com/little-geisha-small-p-39302.html" "Mozilla/5.0 (iPhone; CPU iPhone OS 14_4 like Mac OS X) AppleWebKit/605.1.15 (KHTML, like Gecko) Version/14.0.3 Mobile/15E148 Safari/604.1"
141.135.230.44 - - [20/Feb/2021:08:41:17 +0100] "GET /templates/Pixame_v1/images/nav.png HTTP/1.0" 200 268 "http://www.wonder-geek.com/little-geisha-small-p-39302.html" "Mozilla/5.0 (iPhone; CPU iPhone OS 14_4 like Mac OS X) AppleWebKit/605.1.15 (KHTML, like Gecko) Version/14.0.3 Mobile/15E148 Safari/604.1"
141.135.230.44 - - [20/Feb/2021:08:41:17 +0100] "GET /templates/Pixame_v1/images/Bottom_texture.jpg HTTP/1.0" 200 280 "http://www.wonder-geek.com/little-geisha-small-p-39302.html" "Mozilla/5.0 (iPhone; CPU iPhone OS 14_4 like Mac OS X) AppleWebKit/605.1.15 (KHTML, like Gecko) Version/14.0.3 Mobile/15E148 Safari/604.1"
141.135.230.44 - - [20/Feb/2021:08:41:17 +0100] "GET /templates/Pixame_v1/images/Middle_texture.jpg HTTP/1.0" 200 280 "http://www.wonder-geek.com/little-geisha-small-p-39302.html" "Mozilla/5.0 (iPhone; CPU iPhone OS 14_4 like Mac OS X) AppleWebKit/605.1.15 (KHTML, like Gecko) Version/14.0.3 Mobile/15E148 Safari/604.1"
141.135.230.44 - - [20/Feb/2021:08:41:17 +0100] "GET /templates/Pixame_v1/images/header.png HTTP/1.0" 200 271 "http://www.wonder-geek.com/little-geisha-small-p-39302.html" "Mozilla/5.0 (iPhone; CPU iPhone OS 14_4 like Mac OS X) AppleWebKit/605.1.15 (KHTML, like Gecko) Version/14.0.3 Mobile/15E148 Safari/604.1"
141.135.230.44 - - [20/Feb/2021:08:41:17 +0100] "GET /design/productsenstock.png HTTP/1.0" 200 260 "http://www.wonder-geek.com/little-geisha-small-p-39302.html" "Mozilla/5.0 (iPhone; CPU iPhone OS 14_4 like Mac OS X) AppleWebKit/605.1.15 (KHTML, like Gecko) Version/14.0.3 Mobile/15E148 Safari/604.1"
141.135.230.44 - - [20/Feb/2021:08:41:17 +0100] "GET /templates/Pixame_v1/images/header-object.png HTTP/1.0" 200 278 "http://www.wonder-geek.com/little-geisha-small-p-39302.html" "Mozilla/5.0 (iPhone; CPU iPhone OS 14_4 like Mac OS X) AppleWebKit/605.1.15 (KHTML, like Gecko) Version/14.0.3 Mobile/15E148 Safari/604.1"
141.135.230.44 - - [20/Feb/2021:08:41:17 +0100] "GET /templates/Pixame_v1/images/infobox/infobox_footer_middle.gif HTTP/1.0" 200 357 "http://www.wonder-geek.com/little-geisha-small-p-39302.html" "Mozilla/5.0 (iPhone; CPU iPhone OS 14_4 like Mac OS X) AppleWebKit/605.1.15 (KHTML, like Gecko) Version/14.0.3 Mobile/15E148 Safari/604.1"
141.135.230.44 - - [20/Feb/2021:08:41:17 +0100] "GET /highslide/graphics/zoomin.cur HTTP/1.0" 200 614 "http://www.wonder-geek.com/little-geisha-small-p-39302.html" "Mozilla/5.0 (iPhone; CPU iPhone OS 14_4 like Mac OS X) AppleWebKit/605.1.15 (KHTML, like Gecko) Version/14.0.3 Mobile/15E148 Safari/604.1"
141.135.230.44 - - [20/Feb/2021:08:41:17 +0100] "GET /highslide/graphics/outlines/drop-shadow.png HTTP/1.0" 200 277 "http://www.wonder-geek.com/little-geisha-small-p-39302.html" "Mozilla/5.0 (iPhone; CPU iPhone OS 14_4 like Mac OS X) AppleWebKit/605.1.15 (KHTML, like Gecko) Version/14.0.3 Mobile/15E148 Safari/604.1"
141.135.230.44 - - [20/Feb/2021:08:41:17 +0100] "GET /highslide/graphics/zoomout.cur HTTP/1.0" 200 614 "http://www.wonder-geek.com/little-geisha-small-p-39302.html" "Mozilla/5.0 (iPhone; CPU iPhone OS 14_4 like Mac OS X) AppleWebKit/605.1.15 (KHTML, like Gecko) Version/14.0.3 Mobile/15E148 Safari/604.1"
141.135.230.44 - - [20/Feb/2021:08:41:17 +0100] "GET /highslide/graphics/loader.white.gif HTTP/1.0" 200 960 "http://www.wonder-geek.com/little-geisha-small-p-39302.html" "Mozilla/5.0 (iPhone; CPU iPhone OS 14_4 like Mac OS X) AppleWebKit/605.1.15 (KHTML, like Gecko) Version/14.0.3 Mobile/15E148 Safari/604.1"
141.135.230.44 - - [20/Feb/2021:08:41:17 +0100] "GET /favicon.ico HTTP/1.0" 200 260 "http://www.wonder-geek.com/little-geisha-small-p-39302.html" "Mozilla/5.0 (iPhone; CPU iPhone OS 14_4 like Mac OS X) AppleWebKit/605.1.15 (KHTML, like Gecko) Version/14.0.3 Mobile/15E148 Safari/604.1"
185.191.171.17 - - [20/Feb/2021:08:41:28 +0100] "GET /lot-of-pairs-of-mickey-mouse-socks-size-15-18-p-25177.html HTTP/1.0" 301 71508 "-" "Mozilla/5.0 (compatible; SemrushBot/7~bl; +http://www.semrush.com/bot.html)"
185.191.171.5 - - [20/Feb/2021:08:41:29 +0100] "GET /robots.txt HTTP/1.0" 200 245 "-" "Mozilla/5.0 (compatible; SemrushBot/7~bl; +http://www.semrush.com/bot.html)"
185.191.171.45 - - [20/Feb/2021:08:41:30 +0100] "GET /pairs-mickey-mouse-socks-size-p-25177.html HTTP/1.0" 200 71412 "-" "Mozilla/5.0 (compatible; SemrushBot/7~bl; +http://www.semrush.com/bot.html)"
13.66.139.137 - - [20/Feb/2021:08:41:32 +0100] "GET /van-gogh-iris-jaune-eyeglass-case-p-47645.html HTTP/1.0" 301 71477 "-" "Mozilla/5.0 (compatible; bingbot/2.0; +http://www.bing.com/bingbot.htm)"
13.66.139.137 - - [20/Feb/2021:08:41:33 +0100] "GET /tweety-large-postbag-p-577.html HTTP/1.0" 200 68756 "-" "Mozilla/5.0 (compatible; bingbot/2.0; +http://www.bing.com/bingbot.htm)"
185.191.171.43 - - [20/Feb/2021:08:41:39 +0100] "GET /cushion-cbkreation-p-22454.html HTTP/1.0" 200 71626 "-" "Mozilla/5.0 (compatible; SemrushBot/7~bl; +http://www.semrush.com/bot.html)"
216.244.66.242 - - [20/Feb/2021:08:41:40 +0100] "GET /funny-pets-mobile-sock-p-33096.html HTTP/1.0" 200 71475 "-" "Mozilla/5.0 (compatible; DotBot/1.1; http://www.opensiteexplorer.org/dotbot, help@moz.com)"
13.66.139.73 - - [20/Feb/2021:08:41:43 +0100] "GET /sheaffer-fountain-pen-ferrari-300-p-38772.html HTTP/1.0" 301 71628 "-" "Mozilla/5.0 (compatible; bingbot/2.0; +http://www.bing.com/bingbot.htm)"
13.66.139.73 - - [20/Feb/2021:08:41:45 +0100] "GET /small-tins-box-gorjuss-ladybird-p-48401.html HTTP/1.0" 301 72415 "-" "Mozilla/5.0 (compatible; bingbot/2.0; +http://www.bing.com/bingbot.htm)"
216.244.66.242 - - [20/Feb/2021:08:41:48 +0100] "GET /images/med_prod/3354370000342.jpg HTTP/1.0" 200 268 "-" "Mozilla/5.0 (compatible; DotBot/1.1; http://www.opensiteexplorer.org/dotbot, help@moz.com)"
111.202.101.87 - - [20/Feb/2021:08:41:51 +0100] "GET / HTTP/1.0" 200 93750 "-" "Sogou web spider/4.0(+http://www.sogou.com/docs/help/webmasters.htm#07)"
66.249.69.164 - - [20/Feb/2021:08:42:10 +0100] "GET /giraffe-wall-decoration-in-resin-p-52575.html HTTP/1.0" 301 71539 "-" "Mozilla/5.0 (Linux; Android 6.0.1; Nexus 5X Build/MMB29P) AppleWebKit/537.36 (KHTML, like Gecko) Chrome/88.0.4324.153 Mobile Safari/537.36 (compatible; Googlebot/2.1; +http://www.google.com/bot.html)"
66.249.69.162 - - [20/Feb/2021:08:42:11 +0100] "GET /giraffe-wall-decoration-resin-p-52575.html HTTP/1.0" 200 71443 "-" "Mozilla/5.0 (Linux; Android 6.0.1; Nexus 5X Build/MMB29P) AppleWebKit/537.36 (KHTML, like Gecko) Chrome/88.0.4324.153 Mobile Safari/537.36 (compatible; Googlebot/2.1; +http://www.google.com/bot.html)"
106.38.241.151 - - [20/Feb/2021:08:42:13 +0100] "GET / HTTP/1.0" 200 93737 "-" "Sogou web spider/4.0(+http://www.sogou.com/docs/help/webmasters.htm#07)"
13.66.139.88 - - [20/Feb/2021:08:42:22 +0100] "GET /large-and-maxi-trays-c-12_159_262.html HTTP/1.0" 301 88246 "-" "Mozilla/5.0 (compatible; bingbot/2.0; +http://www.bing.com/bingbot.htm)"
13.66.139.73 - - [20/Feb/2021:08:42:34 +0100] "GET /the-little-mermaid-musical-disney-traditions-statue-p-30670.html HTTP/1.0" 301 68757 "-" "Mozilla/5.0 (compatible; bingbot/2.0; +http://www.bing.com/bingbot.htm)"
111.225.148.161 - - [20/Feb/2021:08:42:34 +0100] "GET /aprons-c-11_74.html HTTP/1.0" 200 90206 "-" "Mozilla/5.0 (compatible; Bytespider; https://zhanzhang.toutiao.com/) AppleWebKit/537.36 (KHTML, like Gecko) Chrome/70.0.0.0 Safari/537.36"
111.225.148.165 - - [20/Feb/2021:08:42:35 +0100] "GET /swfobject.js HTTP/1.0" 404 1308 "http://www.wonder-geek.com/aprons-c-11_74.html" "Mozilla/5.0 (compatible; Bytespider; https://zhanzhang.toutiao.com/) AppleWebKit/537.36 (KHTML, like Gecko) Chrome/70.0.0.0 Safari/537.36"
185.191.171.35 - - [20/Feb/2021:08:42:35 +0100] "GET /nici-orang-utan-15-cm-p-19110.html HTTP/1.0" 301 68757 "-" "Mozilla/5.0 (compatible; SemrushBot/7~bl; +http://www.semrush.com/bot.html)"
111.225.148.161 - - [20/Feb/2021:08:42:37 +0100] "GET /js/jquery.min.js HTTP/1.0" 404 1308 "http://www.wonder-geek.com/aprons-c-11_74.html" "Mozilla/5.0 (compatible; Bytespider; https://zhanzhang.toutiao.com/) AppleWebKit/537.36 (KHTML, like Gecko) Chrome/70.0.0.0 Safari/537.36"
185.191.171.2 - - [20/Feb/2021:08:42:37 +0100] "GET /-p-19110.html HTTP/1.0" 200 68690 "-" "Mozilla/5.0 (compatible; SemrushBot/7~bl; +http://www.semrush.com/bot.html)"
111.225.148.152 - - [20/Feb/2021:08:42:38 +0100] "GET /highslide/graphics/zoomout.cur HTTP/1.0" 200 614 "http://www.wonder-geek.com/aprons-c-11_74.html" "Mozilla/5.0 (compatible; Bytespider; https://zhanzhang.toutiao.com/) AppleWebKit/537.36 (KHTML, like Gecko) Chrome/70.0.0.0 Safari/537.36"
54.36.148.90 - - [20/Feb/2021:08:42:39 +0100] "GET /products_new.php?page=13 HTTP/1.0" 200 95467 "-" "Mozilla/5.0 (compatible; AhrefsBot/7.0; +http://ahrefs.com/robot/)"
185.191.171.2 - - [20/Feb/2021:08:42:43 +0100] "GET /om-olympique-de-marseille-school-bag-on-wheels-p-52066.html HTTP/1.0" 301 72631 "-" "Mozilla/5.0 (compatible; SemrushBot/7~bl; +http://www.semrush.com/bot.html)"
185.191.171.11 - - [20/Feb/2021:08:42:45 +0100] "GET /olympique-marseille-school-wheels-p-52066.html HTTP/1.0" 200 72531 "-" "Mozilla/5.0 (compatible; SemrushBot/7~bl; +http://www.semrush.com/bot.html)"
13.66.139.88 - - [20/Feb/2021:08:43:01 +0100] "GET /betty-boop-new-york-mirror-p-9907.html HTTP/1.0" 301 68754 "-" "Mozilla/5.0 (compatible; bingbot/2.0; +http://www.bing.com/bingbot.htm)"
216.244.66.242 - - [20/Feb/2021:08:43:01 +0100] "GET /buddha-canvas-frame-20-20-cm-p-33994.html HTTP/1.0" 301 71514 "-" "Mozilla/5.0 (compatible; DotBot/1.1; http://www.opensiteexplorer.org/dotbot, help@moz.com)"
220.181.51.91 - - [20/Feb/2021:08:43:06 +0100] "GET /images/mini_prod/3700281648331.jpg HTTP/1.0" 301 579 "-" "Mozilla/5.0 (Macintosh; Intel Mac OS X 10_14_4) AppleWebKit/537.36 (KHTML, like Gecko) Chrome/73.0.3683.103 Safari/537.36"
220.181.51.122 - - [20/Feb/2021:08:43:06 +0100] "GET /images/mini_prod/3700281648331.jpg HTTP/1.0" 200 269 "-" "Mozilla/5.0 (Macintosh; Intel Mac OS X 10_14_4) AppleWebKit/537.36 (KHTML, like Gecko) Chrome/73.0.3683.103 Safari/537.36"
216.244.66.242 - - [20/Feb/2021:08:43:07 +0100] "GET /cat-cup-by-michelle-allen-designs-15-cm-p-36958.html HTTP/1.0" 301 71599 "-" "Mozilla/5.0 (compatible; DotBot/1.1; http://www.opensiteexplorer.org/dotbot, help@moz.com)"
185.191.171.24 - - [20/Feb/2021:08:43:09 +0100] "GET /adhesive-roll-45-150-cm-wood-p-53563.html HTTP/1.0" 301 72268 "-" "Mozilla/5.0 (compatible; SemrushBot/7~bl; +http://www.semrush.com/bot.html)"
216.244.66.242 - - [20/Feb/2021:08:43:11 +0100] "GET /monster-high-set-of-hair-clips-p-19418.html HTTP/1.0" 301 74190 "-" "Mozilla/5.0 (compatible; DotBot/1.1; http://www.opensiteexplorer.org/dotbot, help@moz.com)"
185.191.171.2 - - [20/Feb/2021:08:43:12 +0100] "GET /adhesive-roll-wood-p-53563.html HTTP/1.0" 200 72183 "-" "Mozilla/5.0 (compatible; SemrushBot/7~bl; +http://www.semrush.com/bot.html)"
185.191.171.3 - - [20/Feb/2021:08:43:48 +0100] "GET /ballerina-statue-collection-body-talk-p-38819.html HTTP/1.0" 200 72166 "-" "Mozilla/5.0 (compatible; SemrushBot/7~bl; +http://www.semrush.com/bot.html)"
185.191.171.15 - - [20/Feb/2021:08:43:51 +0100] "GET /spice-furniture-wooden-turnstile-p-47326.html?action=add_product HTTP/1.0" 302 476 "-" "Mozilla/5.0 (compatible; SemrushBot/7~bl; +http://www.semrush.com/bot.html)"
13.66.139.137 - - [20/Feb/2021:08:43:52 +0100] "GET /images/1399984255896.jpg HTTP/1.0" 200 259 "-" "Mozilla/5.0 (compatible; bingbot/2.0; +http://www.bing.com/bingbot.htm)"
54.36.148.90 - - [20/Feb/2021:08:44:02 +0100] "GET /products_new.php?page=16 HTTP/1.0" 200 95521 "-" "Mozilla/5.0 (compatible; AhrefsBot/7.0; +http://ahrefs.com/robot/)"
13.66.139.137 - - [20/Feb/2021:08:44:33 +0100] "GET /images/big_prod/8422033225342.jpg HTTP/1.0" 200 268 "-" "Mozilla/5.0 (compatible; bingbot/2.0; +http://www.bing.com/bingbot.htm)"
13.66.139.137 - - [20/Feb/2021:08:44:34 +0100] "GET /support-metal-bottle-sea-lighthouse-p-47719.html HTTP/1.0" 301 72189 "-" "Mozilla/5.0 (compatible; bingbot/2.0; +http://www.bing.com/bingbot.htm)"
13.66.139.137 - - [20/Feb/2021:08:44:35 +0100] "GET /-p-12304.html HTTP/1.0" 200 68690 "-" "Mozilla/5.0 (compatible; bingbot/2.0; +http://www.bing.com/bingbot.htm)"
185.191.171.3 - - [20/Feb/2021:08:44:39 +0100] "GET /minnie-ceiling-light-p-33144.html?action=add_product HTTP/1.0" 302 476 "-" "Mozilla/5.0 (compatible; SemrushBot/7~bl; +http://www.semrush.com/bot.html)"
185.191.171.12 - - [20/Feb/2021:08:44:42 +0100] "GET /britto-birthday-edition-ceramic-p-50407.html HTTP/1.0" 200 71451 "-" "Mozilla/5.0 (compatible; SemrushBot/7~bl; +http://www.semrush.com/bot.html)"
157.55.39.246 - - [20/Feb/2021:08:44:43 +0100] "GET /double-walled-porcelain-mug-with-infuser-p-53002.html HTTP/1.0" 301 71581 "-" "Mozilla/5.0 (compatible; bingbot/2.0; +http://www.bing.com/bingbot.htm)"
185.191.171.1 - - [20/Feb/2021:08:44:46 +0100] "GET /car-air-freshener-heart-and-home-rambling-rose-p-40604.html HTTP/1.0" 301 71797 "-" "Mozilla/5.0 (compatible; SemrushBot/7~bl; +http://www.semrush.com/bot.html)"
185.191.171.18 - - [20/Feb/2021:08:44:49 +0100] "GET /freshener-heart-home-rambling-rose-p-40604.html HTTP/1.0" 200 71696 "-" "Mozilla/5.0 (compatible; SemrushBot/7~bl; +http://www.semrush.com/bot.html)"
185.191.171.3 - - [20/Feb/2021:08:45:12 +0100] "GET /posie-bouteille-canvas-frame-p-43001.html HTTP/1.0" 200 71625 "-" "Mozilla/5.0 (compatible; SemrushBot/7~bl; +http://www.semrush.com/bot.html)"
13.66.139.137 - - [20/Feb/2021:08:45:23 +0100] "GET /princesse-sofia-squirrel-figure-p-23407.html HTTP/1.0" 200 68836 "-" "Mozilla/5.0 (compatible; bingbot/2.0; +http://www.bing.com/bingbot.htm)"
164.132.161.65 - - [20/Feb/2021:08:45:27 +0100] "GET /products_new.php?page=14 HTTP/1.0" 200 95119 "-" "Mozilla/5.0 (compatible; AhrefsBot/7.0; +http://ahrefs.com/robot/)"
157.55.39.246 - - [20/Feb/2021:08:45:39 +0100] "GET /js/jquery.js HTTP/1.0" 200 252 "-" "Mozilla/5.0 (compatible; bingbot/2.0; +http://www.bing.com/bingbot.htm)"
13.66.139.88 - - [20/Feb/2021:08:45:44 +0100] "GET /baby-doll-boy-paola-reina-p-7361.html HTTP/1.0" 301 68883 "-" "Mozilla/5.0 (compatible; bingbot/2.0; +http://www.bing.com/bingbot.htm)"
13.66.139.137 - - [20/Feb/2021:08:45:53 +0100] "GET /images/big_prod_2/8424346049424NN.jpg HTTP/1.0" 200 272 "-" "Mozilla/5.0 (compatible; bingbot/2.0; +http://www.bing.com/bingbot.htm)"
185.191.171.3 - - [20/Feb/2021:08:45:57 +0100] "GET /blue-little-prince-money-box-p-49730.html HTTP/1.0" 301 71490 "-" "Mozilla/5.0 (compatible; SemrushBot/7~bl; +http://www.semrush.com/bot.html)"
13.66.139.88 - - [20/Feb/2021:08:46:02 +0100] "GET /candle-holder-crown-chakra-p-48643.html HTTP/1.0" 200 71442 "-" "Mozilla/5.0 (compatible; bingbot/2.0; +http://www.bing.com/bingbot.htm)"
185.191.171.3 - - [20/Feb/2021:08:46:07 +0100] "GET /table-lamp-glass-tropical-foliage-large-p-50022.html?action=add_product HTTP/1.0" 302 476 "-" "Mozilla/5.0 (compatible; SemrushBot/7~bl; +http://www.semrush.com/bot.html)"
66.249.69.164 - - [20/Feb/2021:08:46:07 +0100] "GET /images/mini_prod/75256bis.jpg HTTP/1.0" 200 264 "-" "Googlebot-Image/1.0"
185.191.171.33 - - [20/Feb/2021:08:46:18 +0100] "GET /statuette-jesus-christ-sacred-heart-p-47137.html HTTP/1.0" 200 71476 "-" "Mozilla/5.0 (compatible; SemrushBot/7~bl; +http://www.semrush.com/bot.html)"
185.191.171.21 - - [20/Feb/2021:08:46:20 +0100] "GET /porcelain-with-infuser-p-48054.html HTTP/1.0" 200 71352 "-" "Mozilla/5.0 (compatible; SemrushBot/7~bl; +http://www.semrush.com/bot.html)"
216.244.66.242 - - [20/Feb/2021:08:46:29 +0100] "GET /dolce-vita-white-women-tee-shirt-p-30956.html HTTP/1.0" 301 73710 "-" "Mozilla/5.0 (compatible; DotBot/1.1; http://www.opensiteexplorer.org/dotbot, help@moz.com)"
216.244.66.242 - - [20/Feb/2021:08:46:33 +0100] "GET /je-peux-pas-ai-apero-adult-apron-p-42606.html HTTP/1.0" 301 71422 "-" "Mozilla/5.0 (compatible; DotBot/1.1; http://www.opensiteexplorer.org/dotbot, help@moz.com)"
216.244.66.242 - - [20/Feb/2021:08:46:37 +0100] "GET /tea-white-wooden-box-p-42205.html HTTP/1.0" 301 71519 "-" "Mozilla/5.0 (compatible; DotBot/1.1; http://www.opensiteexplorer.org/dotbot, help@moz.com)"
157.55.39.246 - - [20/Feb/2021:08:46:39 +0100] "GET /js/jquery.js HTTP/1.0" 200 252 "-" "Mozilla/5.0 (compatible; bingbot/2.0; +http://www.bing.com/bingbot.htm)"
157.55.39.69 - - [20/Feb/2021:08:46:43 +0100] "GET /highslide/highslide.js HTTP/1.0" 200 262 "-" "Mozilla/5.0 (compatible; bingbot/2.0; +http://www.bing.com/bingbot.htm)"
185.191.171.45 - - [20/Feb/2021:08:46:43 +0100] "GET /home-decoration-c-13.html?page=188 HTTP/1.0" 200 90687 "-" "Mozilla/5.0 (compatible; SemrushBot/7~bl; +http://www.semrush.com/bot.html)"
216.244.66.242 - - [20/Feb/2021:08:46:46 +0100] "GET /metal-beer-bucket-le-bistrot-des-amis-p-42680.html HTTP/1.0" 301 71551 "-" "Mozilla/5.0 (compatible; DotBot/1.1; http://www.opensiteexplorer.org/dotbot, help@moz.com)"
185.191.171.26 - - [20/Feb/2021:08:46:47 +0100] "GET /breakfast-board-half-tassen-made-germany-p-53732.html?action=add_product HTTP/1.0" 302 476 "-" "Mozilla/5.0 (compatible; SemrushBot/7~bl; +http://www.semrush.com/bot.html)"
216.244.66.242 - - [20/Feb/2021:08:46:52 +0100] "GET /wolf-black-tee-shirt-p-31156.html HTTP/1.0" 301 73353 "-" "Mozilla/5.0 (compatible; DotBot/1.1; http://www.opensiteexplorer.org/dotbot, help@moz.com)"
13.66.139.88 - - [20/Feb/2021:08:46:53 +0100] "GET /faustine-potholder-20-cm-p-44527.html HTTP/1.0" 301 71451 "-" "Mozilla/5.0 (compatible; bingbot/2.0; +http://www.bing.com/bingbot.htm)"
13.66.139.88 - - [20/Feb/2021:08:46:54 +0100] "GET /charmmy-kitty-waistcoat-p-31126.html HTTP/1.0" 200 72541 "-" "Mozilla/5.0 (compatible; bingbot/2.0; +http://www.bing.com/bingbot.htm)"
54.36.148.53 - - [20/Feb/2021:08:46:55 +0100] "GET /rose-of-provence-adult-apron-p-44190.html HTTP/1.0" 301 71392 "-" "Mozilla/5.0 (compatible; AhrefsBot/7.0; +http://ahrefs.com/robot/)"
13.66.139.137 - - [20/Feb/2021:08:46:57 +0100] "GET /-p-17637.html HTTP/1.0" 200 68690 "-" "Mozilla/5.0 (compatible; bingbot/2.0; +http://www.bing.com/bingbot.htm)"
216.244.66.242 - - [20/Feb/2021:08:46:57 +0100] "GET /cat-glass-lamp-58-cm-p-47225.html HTTP/1.0" 301 68817 "-" "Mozilla/5.0 (compatible; DotBot/1.1; http://www.opensiteexplorer.org/dotbot, help@moz.com)"
185.191.171.38 - - [20/Feb/2021:08:47:00 +0100] "GET /route-metal-clock-p-44430.html HTTP/1.0" 200 71370 "-" "Mozilla/5.0 (compatible; SemrushBot/7~bl; +http://www.semrush.com/bot.html)"
216.244.66.242 - - [20/Feb/2021:08:47:01 +0100] "GET /flower-power-small-mug-by-cbkreation-p-14915.html HTTP/1.0" 301 71511 "-" "Mozilla/5.0 (compatible; DotBot/1.1; http://www.opensiteexplorer.org/dotbot, help@moz.com)"
13.66.139.88 - - [20/Feb/2021:08:47:02 +0100] "GET /index.php HTTP/1.0" 200 93578 "-" "Mozilla/5.0 (compatible; bingbot/2.0; +http://www.bing.com/bingbot.htm)"
216.244.66.242 - - [20/Feb/2021:08:47:08 +0100] "GET /kimmi-junior-sunshine-coin-purse-p-8738.html HTTP/1.0" 200 71557 "-" "Mozilla/5.0 (compatible; DotBot/1.1; http://www.opensiteexplorer.org/dotbot, help@moz.com)"
13.66.139.73 - - [20/Feb/2021:08:47:08 +0100] "GET /gorjuss-awashed-mousepad-p-24486.html HTTP/1.0" 200 68987 "-" "Mozilla/5.0 (compatible; bingbot/2.0; +http://www.bing.com/bingbot.htm)"
216.244.66.242 - - [20/Feb/2021:08:47:12 +0100] "GET /minecraft-pick-p-28956.html HTTP/1.0" 200 68736 "-" "Mozilla/5.0 (compatible; DotBot/1.1; http://www.opensiteexplorer.org/dotbot, help@moz.com)"
216.244.66.242 - - [20/Feb/2021:08:47:16 +0100] "GET /set-of-coaster-retro-70-p-42012.html HTTP/1.0" 301 71399 "-" "Mozilla/5.0 (compatible; DotBot/1.1; http://www.opensiteexplorer.org/dotbot, help@moz.com)"
216.244.66.242 - - [20/Feb/2021:08:47:20 +0100] "GET /uk-carlin-set-of-coasters-cbkreation-p-23362.html HTTP/1.0" 301 71188 "-" "Mozilla/5.0 (compatible; DotBot/1.1; http://www.opensiteexplorer.org/dotbot, help@moz.com)"
13.66.139.88 - - [20/Feb/2021:08:47:22 +0100] "GET /-p-11177.html HTTP/1.0" 200 68690 "-" "Mozilla/5.0 (compatible; bingbot/2.0; +http://www.bing.com/bingbot.htm)"
216.244.66.242 - - [20/Feb/2021:08:47:23 +0100] "GET /cars-disney-sergent-figure-p-11101.html HTTP/1.0" 200 68784 "-" "Mozilla/5.0 (compatible; DotBot/1.1; http://www.opensiteexplorer.org/dotbot, help@moz.com)"
216.244.66.242 - - [20/Feb/2021:08:47:26 +0100] "GET /mini-magnetic-plate-retro-p-30542.html HTTP/1.0" 301 68895 "-" "Mozilla/5.0 (compatible; DotBot/1.1; http://www.opensiteexplorer.org/dotbot, help@moz.com)"
13.66.139.137 - - [20/Feb/2021:08:47:27 +0100] "GET /fitted-sheet-90-190-cm-color-lin-p-38875.html HTTP/1.0" 301 71497 "-" "Mozilla/5.0 (compatible; bingbot/2.0; +http://www.bing.com/bingbot.htm)"
216.244.66.242 - - [20/Feb/2021:08:47:29 +0100] "GET /miss-fifties-placemat-p-48102.html HTTP/1.0" 200 68764 "-" "Mozilla/5.0 (compatible; DotBot/1.1; http://www.opensiteexplorer.org/dotbot, help@moz.com)"
216.244.66.242 - - [20/Feb/2021:08:47:32 +0100] "GET /pucca-jean-travel-bag-p-3332.html HTTP/1.0" 301 68837 "-" "Mozilla/5.0 (compatible; DotBot/1.1; http://www.opensiteexplorer.org/dotbot, help@moz.com)"
216.244.66.242 - - [20/Feb/2021:08:47:35 +0100] "GET /black-led-skull-lamp-p-48766.html HTTP/1.0" 301 68835 "-" "Mozilla/5.0 (compatible; DotBot/1.1; http://www.opensiteexplorer.org/dotbot, help@moz.com)"
157.55.39.159 - - [20/Feb/2021:08:47:35 +0100] "GET /js/jquery.jqzoom.js HTTP/1.0" 200 259 "-" "Mozilla/5.0 (compatible; bingbot/2.0; +http://www.bing.com/bingbot.htm)"
216.244.66.242 - - [20/Feb/2021:08:47:38 +0100] "GET /golden-waves-bedhead-wall-sticker-p-39184.html HTTP/1.0" 200 71553 "-" "Mozilla/5.0 (compatible; DotBot/1.1; http://www.opensiteexplorer.org/dotbot, help@moz.com)"
216.244.66.242 - - [20/Feb/2021:08:47:41 +0100] "GET /melting-dali-clock-p-19040.html HTTP/1.0" 200 68756 "-" "Mozilla/5.0 (compatible; DotBot/1.1; http://www.opensiteexplorer.org/dotbot, help@moz.com)"
216.244.66.242 - - [20/Feb/2021:08:47:43 +0100] "GET /volkswagen-light-keychain-blue-p-28753.html HTTP/1.0" 200 68804 "-" "Mozilla/5.0 (compatible; DotBot/1.1; http://www.opensiteexplorer.org/dotbot, help@moz.com)"
54.36.148.178 - - [20/Feb/2021:08:48:10 +0100] "GET /toucan-resin-on-green-perch-24-cm-p-44709.html HTTP/1.0" 301 71527 "-" "Mozilla/5.0 (compatible; AhrefsBot/7.0; +http://ahrefs.com/robot/)"
185.191.171.34 - - [20/Feb/2021:08:48:22 +0100] "GET /jasmin-week-clock-p-34976.html HTTP/1.0" 200 71377 "-" "Mozilla/5.0 (compatible; SemrushBot/7~bl; +http://www.semrush.com/bot.html)"
13.66.139.88 - - [20/Feb/2021:08:48:23 +0100] "GET /images/big_prod/3665269028355.jpg HTTP/1.0" 200 268 "-" "Mozilla/5.0 (compatible; bingbot/2.0; +http://www.bing.com/bingbot.htm)"
13.66.139.73 - - [20/Feb/2021:08:48:35 +0100] "GET /-p-35229.html HTTP/1.0" 200 68690 "-" "Mozilla/5.0 (compatible; bingbot/2.0; +http://www.bing.com/bingbot.htm)"
13.66.139.137 - - [20/Feb/2021:08:48:43 +0100] "GET /-p-7913.html HTTP/1.0" 200 68688 "-" "Mozilla/5.0 (compatible; bingbot/2.0; +http://www.bing.com/bingbot.htm)"
18.231.92.174 - - [20/Feb/2021:08:48:44 +0100] "GET /.git/HEAD HTTP/1.0" 301 529 "-" "curl/7.61.1"
185.191.171.6 - - [20/Feb/2021:08:49:04 +0100] "GET /hammered-brass-engraved-glass-p-46782.html HTTP/1.0" 200 72412 "-" "Mozilla/5.0 (compatible; SemrushBot/7~bl; +http://www.semrush.com/bot.html)"
51.68.224.127 - - [20/Feb/2021:08:49:13 +0100] "GET /adminweb/export_orders_xml.php?token=256de2z6edz6ed2z6DFSFsed2zed6zeDSFDSGdzedezfzf&maxorders=10&orderstart=1&status=14&start_date=2018-10-01 HTTP/1.0" 200 285 "-" "GesCom CharlotteBoutik Serveur"
51.68.224.127 - - [20/Feb/2021:08:49:13 +0100] "GET /adminweb/export_orders_xml.php?token=256de2z6edz6ed2z6DFSFsed2zed6zeDSFDSGdzedezfzf&maxorders=10&orderstart=1&status=6&start_date=2018-10-01 HTTP/1.0" 200 29990 "-" "GesCom CharlotteBoutik Serveur"
95.163.255.64 - - [20/Feb/2021:08:49:19 +0100] "GET /robots.txt HTTP/1.0" 200 245 "-" "Mozilla/5.0 (compatible; Linux x86_64; Mail.RU_Bot/2.0; +http://go.mail.ru/help/robots)"
95.163.255.64 - - [20/Feb/2021:08:49:20 +0100] "GET /pocket-watch-map-collection-gorjuss-p-23142.html HTTP/1.0" 301 68946 "-" "Mozilla/5.0 (compatible; Linux x86_64; Mail.RU_Bot/2.0; +http://go.mail.ru/help/robots)"
95.163.255.66 - - [20/Feb/2021:08:49:22 +0100] "GET /pocket-watch-collection-gorjuss-p-23142.html HTTP/1.0" 200 68848 "http://www.wonder-geek.com/pocket-watch-map-collection-gorjuss-p-23142.html" "Mozilla/5.0 (compatible; Linux x86_64; Mail.RU_Bot/2.0; +http://go.mail.ru/help/robots)"
54.36.148.167 - - [20/Feb/2021:08:49:29 +0100] "GET /mr-rabbit-wait-alice-in-wonderland-figurine-p-46255.html HTTP/1.0" 301 73177 "-" "Mozilla/5.0 (compatible; AhrefsBot/7.0; +http://ahrefs.com/robot/)"
185.191.171.23 - - [20/Feb/2021:08:49:35 +0100] "GET /smokers-items-c-3_112.html?page=3 HTTP/1.0" 200 90538 "-" "Mozilla/5.0 (compatible; SemrushBot/7~bl; +http://www.semrush.com/bot.html)"
13.66.139.73 - - [20/Feb/2021:08:49:45 +0100] "GET /decorative-metal-bell-with-rope-p-38658.html HTTP/1.0" 301 68757 "-" "Mozilla/5.0 (compatible; bingbot/2.0; +http://www.bing.com/bingbot.htm)"
185.191.171.20 - - [20/Feb/2021:08:49:52 +0100] "GET /wooden-wall-decoration-hang-croquons-p-49983.html?action=add_product HTTP/1.0" 302 476 "-" "Mozilla/5.0 (compatible; SemrushBot/7~bl; +http://www.semrush.com/bot.html)"
13.66.139.137 - - [20/Feb/2021:08:50:13 +0100] "GET /-p-12122.html HTTP/1.0" 200 68690 "-" "Mozilla/5.0 (compatible; bingbot/2.0; +http://www.bing.com/bingbot.htm)"
13.66.139.137 - - [20/Feb/2021:08:50:14 +0100] "GET /duck-giant-wall-p-20479.html HTTP/1.0" 200 71247 "-" "Mozilla/5.0 (compatible; bingbot/2.0; +http://www.bing.com/bingbot.htm)"
185.191.171.45 - - [20/Feb/2021:08:50:22 +0100] "GET /little-green-hearts-circle-coasters-cbkreation-p-17903.html?action=add_product HTTP/1.0" 302 476 "-" "Mozilla/5.0 (compatible; SemrushBot/7~bl; +http://www.semrush.com/bot.html)"
185.191.171.14 - - [20/Feb/2021:08:50:31 +0100] "GET /hexagon-tile-stickers-15-13-cm-p-51952.html HTTP/1.0" 301 72150 "-" "Mozilla/5.0 (compatible; SemrushBot/7~bl; +http://www.semrush.com/bot.html)"
185.191.171.19 - - [20/Feb/2021:08:50:33 +0100] "GET /hexagon-tile-stickers-p-51952.html HTTP/1.0" 200 72062 "-" "Mozilla/5.0 (compatible; SemrushBot/7~bl; +http://www.semrush.com/bot.html)"
13.66.139.73 - - [20/Feb/2021:08:50:45 +0100] "GET /images/big_prod_1/1318600329995a.jpg HTTP/1.0" 200 271 "-" "Mozilla/5.0 (compatible; bingbot/2.0; +http://www.bing.com/bingbot.htm)"
54.36.148.90 - - [20/Feb/2021:08:50:49 +0100] "GET /merci-gustave-mickey-mug-p-34902.html HTTP/1.0" 301 71460 "-" "Mozilla/5.0 (compatible; AhrefsBot/7.0; +http://ahrefs.com/robot/)"
185.191.171.38 - - [20/Feb/2021:08:50:53 +0100] "GET /apero-set-of-coasters-p-39473.html HTTP/1.0" 301 68820 "-" "Mozilla/5.0 (compatible; SemrushBot/7~bl; +http://www.semrush.com/bot.html)"
66.249.69.166 - - [20/Feb/2021:08:50:54 +0100] "GET /memory-pillow-p-44236.html HTTP/1.0" 200 72017 "-" "Mozilla/5.0 (Linux; Android 6.0.1; Nexus 5X Build/MMB29P) AppleWebKit/537.36 (KHTML, like Gecko) Chrome/88.0.4324.153 Mobile Safari/537.36 (compatible; Googlebot/2.1; +http://www.google.com/bot.html)"
185.191.171.16 - - [20/Feb/2021:08:50:55 +0100] "GET /apro-coasters-p-39473.html HTTP/1.0" 200 68740 "-" "Mozilla/5.0 (compatible; SemrushBot/7~bl; +http://www.semrush.com/bot.html)"
157.55.39.69 - - [20/Feb/2021:08:51:01 +0100] "GET /paris-mug-xl-sepia-p-38587.html HTTP/1.0" 301 71382 "-" "Mozilla/5.0 (compatible; bingbot/2.0; +http://www.bing.com/bingbot.htm)"
157.55.39.69 - - [20/Feb/2021:08:51:02 +0100] "GET /highslide/highslide.js HTTP/1.0" 200 262 "-" "Mozilla/5.0 (compatible; bingbot/2.0; +http://www.bing.com/bingbot.htm)"
185.191.171.16 - - [20/Feb/2021:08:51:14 +0100] "GET /tetsubin-dark-teapot-sheet-below-p-38565.html HTTP/1.0" 200 71465 "-" "Mozilla/5.0 (compatible; SemrushBot/7~bl; +http://www.semrush.com/bot.html)"
185.191.171.25 - - [20/Feb/2021:08:51:18 +0100] "GET /votive-candle-hours-dawn-mist-p-33120.html HTTP/1.0" 200 72605 "-" "Mozilla/5.0 (compatible; SemrushBot/7~bl; +http://www.semrush.com/bot.html)"
185.191.171.33 - - [20/Feb/2021:08:52:02 +0100] "GET /scent-heart-home-ruby-pomegranate-p-51058.html HTTP/1.0" 200 71770 "-" "Mozilla/5.0 (compatible; SemrushBot/7~bl; +http://www.semrush.com/bot.html)"
13.66.139.88 - - [20/Feb/2021:08:52:04 +0100] "GET /bookmark-lenticular-rabbit-p-19155.html HTTP/1.0" 200 71510 "-" "Mozilla/5.0 (compatible; bingbot/2.0; +http://www.bing.com/bingbot.htm)"
54.36.148.8 - - [20/Feb/2021:08:52:13 +0100] "GET /glass-cutting-board-by-cbkreation-p-51332.html HTTP/1.0" 301 71493 "-" "Mozilla/5.0 (compatible; AhrefsBot/7.0; +http://ahrefs.com/robot/)"
13.66.139.73 - - [20/Feb/2021:08:52:23 +0100] "GET /images/3681643301715.jpg HTTP/1.0" 200 259 "-" "Mozilla/5.0 (compatible; bingbot/2.0; +http://www.bing.com/bingbot.htm)"
13.66.139.73 - - [20/Feb/2021:08:52:23 +0100] "GET /-p-23170.html HTTP/1.0" 200 68690 "-" "Mozilla/5.0 (compatible; bingbot/2.0; +http://www.bing.com/bingbot.htm)"
157.55.39.69 - - [20/Feb/2021:08:52:41 +0100] "GET /retro-ride-wooden-wall-decoration-to-hang-p-42122.html HTTP/1.0" 301 71673 "-" "Mozilla/5.0 (compatible; bingbot/2.0; +http://www.bing.com/bingbot.htm)"
13.66.139.73 - - [20/Feb/2021:08:52:55 +0100] "GET /harley-davidson-large-box-p-38444.html HTTP/1.0" 301 71565 "-" "Mozilla/5.0 (compatible; bingbot/2.0; +http://www.bing.com/bingbot.htm)"
13.66.139.88 - - [20/Feb/2021:08:53:05 +0100] "GET /sex-pistols-pencil-case-p-19627.html HTTP/1.0" 301 71445 "-" "Mozilla/5.0 (compatible; bingbot/2.0; +http://www.bing.com/bingbot.htm)"
13.66.139.137 - - [20/Feb/2021:08:53:13 +0100] "GET /images/big_prod_1/8422099001126.jpg HTTP/1.0" 200 270 "-" "Mozilla/5.0 (compatible; bingbot/2.0; +http://www.bing.com/bingbot.htm)"
13.66.139.137 - - [20/Feb/2021:08:53:14 +0100] "GET /products_new.php HTTP/1.0" 200 94013 "-" "Mozilla/5.0 (compatible; bingbot/2.0; +http://www.bing.com/bingbot.htm)"
13.66.139.137 - - [20/Feb/2021:08:53:16 +0100] "GET /-p-21419.html HTTP/1.0" 200 68690 "-" "Mozilla/5.0 (compatible; bingbot/2.0; +http://www.bing.com/bingbot.htm)"
114.119.145.117 - - [20/Feb/2021:08:53:20 +0100] "GET /images/big_prod/8424001663798.jpg HTTP/1.0" 200 268 "-" "Mozilla/5.0 (Linux; Android 7.0;) AppleWebKit/537.36 (KHTML, like Gecko) Mobile Safari/537.36 (compatible; PetalBot;+https://aspiegel.com/petalbot)"
13.66.139.88 - - [20/Feb/2021:08:53:24 +0100] "GET /cotton-bed-base-cover-160-200-cm-canon-de-fusil-p-44228.html HTTP/1.0" 301 71602 "-" "Mozilla/5.0 (compatible; bingbot/2.0; +http://www.bing.com/bingbot.htm)"
185.191.171.24 - - [20/Feb/2021:08:53:27 +0100] "GET /large-tassen-porcelain-mood-bowl-made-germany-p-43277.html HTTP/1.0" 200 71523 "-" "Mozilla/5.0 (compatible; SemrushBot/7~bl; +http://www.semrush.com/bot.html)"
13.66.139.73 - - [20/Feb/2021:08:53:29 +0100] "GET /tooth-glass-paris-eau-de-parfum-p-37460.html HTTP/1.0" 301 71504 "-" "Mozilla/5.0 (compatible; bingbot/2.0; +http://www.bing.com/bingbot.htm)"
13.66.139.88 - - [20/Feb/2021:08:53:33 +0100] "GET /images/big_prod_1/5018997618448a.jpg HTTP/1.0" 200 271 "-" "Mozilla/5.0 (compatible; bingbot/2.0; +http://www.bing.com/bingbot.htm)"
194.187.171.69 - - [20/Feb/2021:08:53:33 +0100] "GET /images/8006180204155.jpg HTTP/1.0" 200 259 "-" "Mozilla/5.0 (X11; Linux x86_64; rv:60.0) Gecko/20100101 Firefox/60.0"
54.36.148.11 - - [20/Feb/2021:08:53:38 +0100] "GET /glass-cutting-board-by-cbkreation-p-51336.html HTTP/1.0" 301 71493 "-" "Mozilla/5.0 (compatible; AhrefsBot/7.0; +http://ahrefs.com/robot/)"
13.66.139.137 - - [20/Feb/2021:08:53:44 +0100] "GET /pepe-jeans-suitcase-61-cm-p-38102.html HTTP/1.0" 301 71820 "-" "Mozilla/5.0 (compatible; bingbot/2.0; +http://www.bing.com/bingbot.htm)"
13.66.139.137 - - [20/Feb/2021:08:53:45 +0100] "GET /french-bulldog-little-tray-p-34394.html HTTP/1.0" 301 68757 "-" "Mozilla/5.0 (compatible; bingbot/2.0; +http://www.bing.com/bingbot.htm)"
189.253.44.144 - - [20/Feb/2021:08:53:44 +0100] "GET /frozen-rectangular-mirror-p-29000.html HTTP/1.0" 200 68794 "https://www.qwant.com/" "Mozilla/5.0 (Windows NT 10.0; Win64; x64) AppleWebKit/537.36 (KHTML, like Gecko) Chrome/88.0.4324.182 Safari/537.36"
189.253.44.144 - - [20/Feb/2021:08:53:46 +0100] "GET /templates/Pixame_v1/stylesheet.css HTTP/1.0" 200 267 "http://www.wonder-geek.com/frozen-rectangular-mirror-p-29000.html" "Mozilla/5.0 (Windows NT 10.0; Win64; x64) AppleWebKit/537.36 (KHTML, like Gecko) Chrome/88.0.4324.182 Safari/537.36"
189.253.44.144 - - [20/Feb/2021:08:53:46 +0100] "GET /highslide/highslide.js HTTP/1.0" 200 262 "http://www.wonder-geek.com/frozen-rectangular-mirror-p-29000.html" "Mozilla/5.0 (Windows NT 10.0; Win64; x64) AppleWebKit/537.36 (KHTML, like Gecko) Chrome/88.0.4324.182 Safari/537.36"
189.253.44.144 - - [20/Feb/2021:08:53:46 +0100] "GET /js/jquery.js HTTP/1.0" 200 252 "http://www.wonder-geek.com/frozen-rectangular-mirror-p-29000.html" "Mozilla/5.0 (Windows NT 10.0; Win64; x64) AppleWebKit/537.36 (KHTML, like Gecko) Chrome/88.0.4324.182 Safari/537.36"
189.253.44.144 - - [20/Feb/2021:08:53:46 +0100] "GET /js/jquery.jqzoom.js HTTP/1.0" 200 259 "http://www.wonder-geek.com/frozen-rectangular-mirror-p-29000.html" "Mozilla/5.0 (Windows NT 10.0; Win64; x64) AppleWebKit/537.36 (KHTML, like Gecko) Chrome/88.0.4324.182 Safari/537.36"
189.253.44.144 - - [20/Feb/2021:08:53:46 +0100] "GET /mondial_relay/js/jquery-1.3.2.min.js HTTP/1.0" 200 276 "http://www.wonder-geek.com/frozen-rectangular-mirror-p-29000.html" "Mozilla/5.0 (Windows NT 10.0; Win64; x64) AppleWebKit/537.36 (KHTML, like Gecko) Chrome/88.0.4324.182 Safari/537.36"
189.253.44.144 - - [20/Feb/2021:08:53:47 +0100] "GET /swfobject.js HTTP/1.0" 404 1308 "http://www.wonder-geek.com/frozen-rectangular-mirror-p-29000.html" "Mozilla/5.0 (Windows NT 10.0; Win64; x64) AppleWebKit/537.36 (KHTML, like Gecko) Chrome/88.0.4324.182 Safari/537.36"
189.253.44.144 - - [20/Feb/2021:08:53:47 +0100] "GET /templates/Pixame_v1/images/icon_accueil2.png HTTP/1.0" 200 278 "http://www.wonder-geek.com/frozen-rectangular-mirror-p-29000.html" "Mozilla/5.0 (Windows NT 10.0; Win64; x64) AppleWebKit/537.36 (KHTML, like Gecko) Chrome/88.0.4324.182 Safari/537.36"
189.253.44.144 - - [20/Feb/2021:08:53:47 +0100] "GET /templates/Pixame_v1/images/infobox/pixel_trans.gif HTTP/1.0" 200 328 "http://www.wonder-geek.com/frozen-rectangular-mirror-p-29000.html" "Mozilla/5.0 (Windows NT 10.0; Win64; x64) AppleWebKit/537.36 (KHTML, like Gecko) Chrome/88.0.4324.182 Safari/537.36"
189.253.44.144 - - [20/Feb/2021:08:53:47 +0100] "GET /images/pixel_trans.gif HTTP/1.0" 200 328 "http://www.wonder-geek.com/frozen-rectangular-mirror-p-29000.html" "Mozilla/5.0 (Windows NT 10.0; Win64; x64) AppleWebKit/537.36 (KHTML, like Gecko) Chrome/88.0.4324.182 Safari/537.36"
189.253.44.144 - - [20/Feb/2021:08:53:47 +0100] "GET /templates/Pixame_v1/images/pixel_trans.gif HTTP/1.0" 200 328 "http://www.wonder-geek.com/frozen-rectangular-mirror-p-29000.html" "Mozilla/5.0 (Windows NT 10.0; Win64; x64) AppleWebKit/537.36 (KHTML, like Gecko) Chrome/88.0.4324.182 Safari/537.36"
189.253.44.144 - - [20/Feb/2021:08:53:47 +0100] "GET /templates/Pixame_v1/images/buttons/english/button_continue.gif HTTP/1.0" 200 1264 "http://www.wonder-geek.com/frozen-rectangular-mirror-p-29000.html" "Mozilla/5.0 (Windows NT 10.0; Win64; x64) AppleWebKit/537.36 (KHTML, like Gecko) Chrome/88.0.4324.182 Safari/537.36"
189.253.44.144 - - [20/Feb/2021:08:53:47 +0100] "GET /templates/Pixame_v1/images/nav.png HTTP/1.0" 200 268 "http://www.wonder-geek.com/templates/Pixame_v1/stylesheet.css" "Mozilla/5.0 (Windows NT 10.0; Win64; x64) AppleWebKit/537.36 (KHTML, like Gecko) Chrome/88.0.4324.182 Safari/537.36"
189.253.44.144 - - [20/Feb/2021:08:53:47 +0100] "GET /templates/Pixame_v1/images/Middle_texture.jpg HTTP/1.0" 200 280 "http://www.wonder-geek.com/templates/Pixame_v1/stylesheet.css" "Mozilla/5.0 (Windows NT 10.0; Win64; x64) AppleWebKit/537.36 (KHTML, like Gecko) Chrome/88.0.4324.182 Safari/537.36"
189.253.44.144 - - [20/Feb/2021:08:53:47 +0100] "GET /templates/Pixame_v1/images/header-object.png HTTP/1.0" 200 278 "http://www.wonder-geek.com/templates/Pixame_v1/stylesheet.css" "Mozilla/5.0 (Windows NT 10.0; Win64; x64) AppleWebKit/537.36 (KHTML, like Gecko) Chrome/88.0.4324.182 Safari/537.36"
189.253.44.144 - - [20/Feb/2021:08:53:47 +0100] "GET /templates/Pixame_v1/images/Bottom_texture.jpg HTTP/1.0" 200 280 "http://www.wonder-geek.com/templates/Pixame_v1/stylesheet.css" "Mozilla/5.0 (Windows NT 10.0; Win64; x64) AppleWebKit/537.36 (KHTML, like Gecko) Chrome/88.0.4324.182 Safari/537.36"
189.253.44.144 - - [20/Feb/2021:08:53:47 +0100] "GET /templates/Pixame_v1/images/header.png HTTP/1.0" 200 271 "http://www.wonder-geek.com/templates/Pixame_v1/stylesheet.css" "Mozilla/5.0 (Windows NT 10.0; Win64; x64) AppleWebKit/537.36 (KHTML, like Gecko) Chrome/88.0.4324.182 Safari/537.36"
189.253.44.144 - - [20/Feb/2021:08:53:47 +0100] "GET /design/productsenstock.png HTTP/1.0" 200 260 "http://www.wonder-geek.com/templates/Pixame_v1/stylesheet.css" "Mozilla/5.0 (Windows NT 10.0; Win64; x64) AppleWebKit/537.36 (KHTML, like Gecko) Chrome/88.0.4324.182 Safari/537.36"
189.253.44.144 - - [20/Feb/2021:08:53:47 +0100] "GET /templates/Pixame_v1/images/infobox/infobox_footer_middle.gif HTTP/1.0" 200 357 "http://www.wonder-geek.com/" "Mozilla/5.0 (Windows NT 10.0; Win64; x64) AppleWebKit/537.36 (KHTML, like Gecko) Chrome/88.0.4324.182 Safari/537.36"
13.66.139.73 - - [20/Feb/2021:08:53:48 +0100] "GET /images/3388760924574.jpg HTTP/1.0" 200 259 "-" "Mozilla/5.0 (compatible; bingbot/2.0; +http://www.bing.com/bingbot.htm)"
189.253.44.144 - - [20/Feb/2021:08:53:48 +0100] "GET /highslide/graphics/outlines/drop-shadow.png HTTP/1.0" 200 277 "http://www.wonder-geek.com/frozen-rectangular-mirror-p-29000.html" "Mozilla/5.0 (Windows NT 10.0; Win64; x64) AppleWebKit/537.36 (KHTML, like Gecko) Chrome/88.0.4324.182 Safari/537.36"
189.253.44.144 - - [20/Feb/2021:08:53:48 +0100] "GET /highslide/graphics/zoomout.cur HTTP/1.0" 200 614 "http://www.wonder-geek.com/frozen-rectangular-mirror-p-29000.html" "Mozilla/5.0 (Windows NT 10.0; Win64; x64) AppleWebKit/537.36 (KHTML, like Gecko) Chrome/88.0.4324.182 Safari/537.36"
189.253.44.144 - - [20/Feb/2021:08:53:48 +0100] "GET /highslide/graphics/loader.white.gif HTTP/1.0" 200 960 "http://www.wonder-geek.com/templates/Pixame_v1/stylesheet.css" "Mozilla/5.0 (Windows NT 10.0; Win64; x64) AppleWebKit/537.36 (KHTML, like Gecko) Chrome/88.0.4324.182 Safari/537.36"
189.253.44.144 - - [20/Feb/2021:08:53:48 +0100] "GET /favicon.ico HTTP/1.0" 200 260 "http://www.wonder-geek.com/frozen-rectangular-mirror-p-29000.html" "Mozilla/5.0 (Windows NT 10.0; Win64; x64) AppleWebKit/537.36 (KHTML, like Gecko) Chrome/88.0.4324.182 Safari/537.36"
13.66.139.73 - - [20/Feb/2021:08:53:48 +0100] "GET /-p-31328.html HTTP/1.0" 200 68690 "-" "Mozilla/5.0 (compatible; bingbot/2.0; +http://www.bing.com/bingbot.htm)"
13.66.139.88 - - [20/Feb/2021:08:53:56 +0100] "GET /metal-lamp-black-38-cm-p-48266.html HTTP/1.0" 301 72020 "-" "Mozilla/5.0 (compatible; bingbot/2.0; +http://www.bing.com/bingbot.htm)"
13.66.139.88 - - [20/Feb/2021:08:54:04 +0100] "GET /images/big_prod/8435306288852.jpg HTTP/1.0" 200 268 "-" "Mozilla/5.0 (compatible; bingbot/2.0; +http://www.bing.com/bingbot.htm)"
13.66.139.137 - - [20/Feb/2021:08:54:08 +0100] "GET /images/3281640395115.jpg HTTP/1.0" 200 259 "-" "Mozilla/5.0 (compatible; bingbot/2.0; +http://www.bing.com/bingbot.htm)"
185.191.171.13 - - [20/Feb/2021:08:54:08 +0100] "GET /barbapapa-training-bottle-p-14323.html HTTP/1.0" 200 68806 "-" "Mozilla/5.0 (compatible; SemrushBot/7~bl; +http://www.semrush.com/bot.html)"
13.66.139.137 - - [20/Feb/2021:08:54:09 +0100] "GET /zinc-kitchen-towel-50-70-cm-p-44416.html HTTP/1.0" 301 71422 "-" "Mozilla/5.0 (compatible; bingbot/2.0; +http://www.bing.com/bingbot.htm)"
13.66.139.73 - - [20/Feb/2021:08:54:14 +0100] "GET /images/big_prod/8422015900014.jpg HTTP/1.0" 200 268 "-" "Mozilla/5.0 (compatible; bingbot/2.0; +http://www.bing.com/bingbot.htm)"
185.191.171.13 - - [20/Feb/2021:08:54:17 +0100] "GET /decorative-wooden-plate-head-of-moor-black-and-grey-p-47837.html HTTP/1.0" 301 71915 "-" "Mozilla/5.0 (compatible; SemrushBot/7~bl; +http://www.semrush.com/bot.html)"
13.66.139.88 - - [20/Feb/2021:08:54:18 +0100] "GET /frozen-anna-jewelry-box-p-32413.html HTTP/1.0" 301 68757 "-" "Mozilla/5.0 (compatible; bingbot/2.0; +http://www.bing.com/bingbot.htm)"
185.191.171.7 - - [20/Feb/2021:08:54:19 +0100] "GET /decorative-wooden-plate-head-moor-black-grey-p-47837.html HTTP/1.0" 200 71804 "-" "Mozilla/5.0 (compatible; SemrushBot/7~bl; +http://www.semrush.com/bot.html)"
185.191.171.13 - - [20/Feb/2021:08:54:22 +0100] "GET /bamboo-fiber-mattress-protector-p-52892.html HTTP/1.0" 200 71592 "-" "Mozilla/5.0 (compatible; SemrushBot/7~bl; +http://www.semrush.com/bot.html)"
13.66.139.137 - - [20/Feb/2021:08:54:44 +0100] "GET /anise-green-polyester-round-chair-cushion-p-47394.html HTTP/1.0" 301 68757 "-" "Mozilla/5.0 (compatible; bingbot/2.0; +http://www.bing.com/bingbot.htm)"
54.36.148.17 - - [20/Feb/2021:08:54:54 +0100] "GET /boxes-and-storage-box-c-13_150.html?page=11 HTTP/1.0" 301 93024 "-" "Mozilla/5.0 (compatible; AhrefsBot/7.0; +http://ahrefs.com/robot/)"
13.66.139.88 - - [20/Feb/2021:08:54:56 +0100] "GET /buddha-canvas-frame-40-40-cm-p-38507.html HTTP/1.0" 301 71509 "-" "Mozilla/5.0 (compatible; bingbot/2.0; +http://www.bing.com/bingbot.htm)"
185.191.171.23 - - [20/Feb/2021:08:55:00 +0100] "GET /votive-candle-hours-paradise-sunset-p-39902.html?action=add_product HTTP/1.0" 302 476 "-" "Mozilla/5.0 (compatible; SemrushBot/7~bl; +http://www.semrush.com/bot.html)"
13.66.139.88 - - [20/Feb/2021:08:55:16 +0100] "GET /jimi-hendrix-poster-p-12157.html HTTP/1.0" 200 68776 "-" "Mozilla/5.0 (compatible; bingbot/2.0; +http://www.bing.com/bingbot.htm)"
157.55.39.251 - - [20/Feb/2021:08:55:20 +0100] "GET /glass-jellyfish-paperweight-65-cm-p-52865.html HTTP/1.0" 301 71494 "-" "Mozilla/5.0 (compatible; bingbot/2.0; +http://www.bing.com/bingbot.htm)"
13.66.139.137 - - [20/Feb/2021:08:55:25 +0100] "GET /-p-18812.html HTTP/1.0" 200 68690 "-" "Mozilla/5.0 (compatible; bingbot/2.0; +http://www.bing.com/bingbot.htm)"
185.191.171.21 - - [20/Feb/2021:08:55:29 +0100] "GET /rolling-stones-keyring-p-28265.html?action=add_product HTTP/1.0" 302 476 "-" "Mozilla/5.0 (compatible; SemrushBot/7~bl; +http://www.semrush.com/bot.html)"
13.66.139.137 - - [20/Feb/2021:08:55:34 +0100] "GET /marseille-women-black-tee-shirt-p-31251.html HTTP/1.0" 301 73182 "-" "Mozilla/5.0 (compatible; bingbot/2.0; +http://www.bing.com/bingbot.htm)"
13.66.139.73 - - [20/Feb/2021:08:55:38 +0100] "GET /cherry-oven-mitt-p-37467.html HTTP/1.0" 200 71310 "-" "Mozilla/5.0 (compatible; bingbot/2.0; +http://www.bing.com/bingbot.htm)"
13.66.139.73 - - [20/Feb/2021:08:55:39 +0100] "GET /pokemon-blue-swimsuit-p-30589.html HTTP/1.0" 200 72456 "-" "Mozilla/5.0 (compatible; bingbot/2.0; +http://www.bing.com/bingbot.htm)"
185.191.171.41 - - [20/Feb/2021:08:55:39 +0100] "GET /small-baby-teeth-p-51580.html HTTP/1.0" 200 72226 "-" "Mozilla/5.0 (compatible; SemrushBot/7~bl; +http://www.semrush.com/bot.html)"
13.66.139.88 - - [20/Feb/2021:08:55:45 +0100] "GET /paris-tree-decoration-hanging-p-31812.html HTTP/1.0" 200 71444 "-" "Mozilla/5.0 (compatible; bingbot/2.0; +http://www.bing.com/bingbot.htm)"
13.66.139.88 - - [20/Feb/2021:08:55:54 +0100] "GET /images/big_prod/4036113102986.jpg HTTP/1.0" 200 268 "-" "Mozilla/5.0 (compatible; bingbot/2.0; +http://www.bing.com/bingbot.htm)"
