148.251.8.250 - - [20/Feb/2021:07:33:51 +0100] "GET /love-cats-saucer-p-42693.html HTTP/1.0" 200 71353 "-" "Mozilla/5.0 (compatible; MJ12bot/v1.4.8; http://mj12bot.com/)"
148.251.8.250 - - [20/Feb/2021:07:33:55 +0100] "GET /love-paris-mug-p-39709.html HTTP/1.0" 301 71350 "-" "Mozilla/5.0 (compatible; MJ12bot/v1.4.8; http://mj12bot.com/)"
13.66.139.73 - - [20/Feb/2021:07:33:55 +0100] "GET /ethnic-style-burlap-table-p-48442.html HTTP/1.0" 200 71313 "-" "Mozilla/5.0 (compatible; bingbot/2.0; +http://www.bing.com/bingbot.htm)"
148.251.8.250 - - [20/Feb/2021:07:33:59 +0100] "GET /love-paris-p-39709.html HTTP/1.0" 200 71273 "-" "Mozilla/5.0 (compatible; MJ12bot/v1.4.8; http://mj12bot.com/)"
185.191.171.5 - - [20/Feb/2021:07:33:59 +0100] "GET /gorjuss-ladybird-hush-little-bunny-glasses-p-34720.html HTTP/1.0" 200 71588 "-" "Mozilla/5.0 (compatible; SemrushBot/7~bl; +http://www.semrush.com/bot.html)"
54.36.149.44 - - [20/Feb/2021:07:34:03 +0100] "GET /squirrel-mug-p-45195.html HTTP/1.0" 301 71300 "-" "Mozilla/5.0 (compatible; AhrefsBot/7.0; +http://ahrefs.com/robot/)"
148.251.8.250 - - [20/Feb/2021:07:34:05 +0100] "GET /lover-mini-melamine-tray-p-45169.html HTTP/1.0" 200 71407 "-" "Mozilla/5.0 (compatible; MJ12bot/v1.4.8; http://mj12bot.com/)"
17.58.101.142 - - [20/Feb/2021:07:34:06 +0100] "GET /images/mini_prod/4029811325320.jpg HTTP/1.0" 200 269 "-" "Mozilla/5.0 (Macintosh; Intel Mac OS X 10_15_5) AppleWebKit/605.1.15 (KHTML, like Gecko) Version/13.1.1 Safari/605.1.15 (Applebot/0.1; +http://www.apple.com/go/applebot)"
13.66.139.137 - - [20/Feb/2021:07:34:07 +0100] "GET /images/big_prod/1384010188545.jpg HTTP/1.0" 200 268 "-" "Mozilla/5.0 (compatible; bingbot/2.0; +http://www.bing.com/bingbot.htm)"
148.251.8.250 - - [20/Feb/2021:07:34:11 +0100] "GET /mandala-boho-shopping-trolley-p-47318.html HTTP/1.0" 200 68796 "-" "Mozilla/5.0 (compatible; MJ12bot/v1.4.8; http://mj12bot.com/)"
148.251.8.250 - - [20/Feb/2021:07:34:15 +0100] "GET /marseille-ballon-backpack-p-49151.html HTTP/1.0" 200 68780 "-" "Mozilla/5.0 (compatible; MJ12bot/v1.4.8; http://mj12bot.com/)"
148.251.8.250 - - [20/Feb/2021:07:34:19 +0100] "GET /marseille-retro-set-of-coasters-p-47089.html HTTP/1.0" 301 71458 "-" "Mozilla/5.0 (compatible; MJ12bot/v1.4.8; http://mj12bot.com/)"
148.251.8.250 - - [20/Feb/2021:07:34:24 +0100] "GET /marseille-retro-coasters-p-47089.html HTTP/1.0" 200 71367 "-" "Mozilla/5.0 (compatible; MJ12bot/v1.4.8; http://mj12bot.com/)"
148.251.8.250 - - [20/Feb/2021:07:34:30 +0100] "GET /medusa-glass-paperweight-p-47405.html HTTP/1.0" 200 71332 "-" "Mozilla/5.0 (compatible; MJ12bot/v1.4.8; http://mj12bot.com/)"
185.191.171.37 - - [20/Feb/2021:07:34:34 +0100] "GET /peace-clock-cbkreation-p-24375.html HTTP/1.0" 200 71444 "-" "Mozilla/5.0 (compatible; SemrushBot/7~bl; +http://www.semrush.com/bot.html)"
148.251.8.250 - - [20/Feb/2021:07:34:37 +0100] "GET /medusa-glass-paperweight-p-51430.html HTTP/1.0" 200 71332 "-" "Mozilla/5.0 (compatible; MJ12bot/v1.4.8; http://mj12bot.com/)"
148.251.8.250 - - [20/Feb/2021:07:34:43 +0100] "GET /metal-keychain-the-little-prince-p-47480.html HTTP/1.0" 301 71500 "-" "Mozilla/5.0 (compatible; MJ12bot/v1.4.8; http://mj12bot.com/)"
216.244.66.242 - - [20/Feb/2021:07:34:47 +0100] "GET /robots.txt HTTP/1.0" 200 245 "-" "Mozilla/5.0 (compatible; DotBot/1.1; http://www.opensiteexplorer.org/dotbot, help@moz.com)"
148.251.8.250 - - [20/Feb/2021:07:34:48 +0100] "GET /metal-keychain-little-prince-p-47480.html HTTP/1.0" 200 71405 "-" "Mozilla/5.0 (compatible; MJ12bot/v1.4.8; http://mj12bot.com/)"
148.251.8.250 - - [20/Feb/2021:07:34:53 +0100] "GET /metal-keychain-unicorn-p-47481.html HTTP/1.0" 200 71331 "-" "Mozilla/5.0 (compatible; MJ12bot/v1.4.8; http://mj12bot.com/)"
148.251.8.250 - - [20/Feb/2021:07:34:59 +0100] "GET /mirror-with-16-led-lamps-54-68-cm-p-47500.html HTTP/1.0" 301 68757 "-" "Mozilla/5.0 (compatible; MJ12bot/v1.4.8; http://mj12bot.com/)"
148.251.8.250 - - [20/Feb/2021:07:35:06 +0100] "GET /-p-47500.html HTTP/1.0" 200 68690 "-" "Mozilla/5.0 (compatible; MJ12bot/v1.4.8; http://mj12bot.com/)"
185.191.171.2 - - [20/Feb/2021:07:35:08 +0100] "GET /kawasaki-sugar-p-51154.html HTTP/1.0" 200 71987 "-" "Mozilla/5.0 (compatible; SemrushBot/7~bl; +http://www.semrush.com/bot.html)"
185.191.171.10 - - [20/Feb/2021:07:35:10 +0100] "GET /little-kitchen-saltshaker-pepper-p-41632.html HTTP/1.0" 200 71466 "-" "Mozilla/5.0 (compatible; SemrushBot/7~bl; +http://www.semrush.com/bot.html)"
148.251.8.250 - - [20/Feb/2021:07:35:11 +0100] "GET /miss-mindy-sally-vinyl-figurine-p-46506.html HTTP/1.0" 301 68757 "-" "Mozilla/5.0 (compatible; MJ12bot/v1.4.8; http://mj12bot.com/)"
13.66.139.88 - - [20/Feb/2021:07:35:11 +0100] "GET /white-and-grey-moroccan-ashtray-p-52623.html HTTP/1.0" 301 71417 "-" "Mozilla/5.0 (compatible; bingbot/2.0; +http://www.bing.com/bingbot.htm)"
13.66.139.73 - - [20/Feb/2021:07:35:16 +0100] "GET /images/big_prod/8435333821862.jpg HTTP/1.0" 200 268 "-" "Mozilla/5.0 (compatible; bingbot/2.0; +http://www.bing.com/bingbot.htm)"
148.251.8.250 - - [20/Feb/2021:07:35:17 +0100] "GET /-p-46506.html HTTP/1.0" 200 68690 "-" "Mozilla/5.0 (compatible; MJ12bot/v1.4.8; http://mj12bot.com/)"
13.66.139.73 - - [20/Feb/2021:07:35:17 +0100] "GET /strawberry-shortcake-long-sleeve-shirt-p-31021.html HTTP/1.0" 200 68877 "-" "Mozilla/5.0 (compatible; bingbot/2.0; +http://www.bing.com/bingbot.htm)"
148.251.8.250 - - [20/Feb/2021:07:35:23 +0100] "GET /mojito-cutting-board-p-42917.html HTTP/1.0" 200 71310 "-" "Mozilla/5.0 (compatible; MJ12bot/v1.4.8; http://mj12bot.com/)"
185.191.171.7 - - [20/Feb/2021:07:35:25 +0100] "GET /isothermic-stainless-steel-bottle-mojito-cbkreation-p-51350.html HTTP/1.0" 200 71595 "-" "Mozilla/5.0 (compatible; SemrushBot/7~bl; +http://www.semrush.com/bot.html)"
148.251.8.250 - - [20/Feb/2021:07:35:28 +0100] "GET /moto-retro-ottoman-storage-box-40-cm-p-47384.html HTTP/1.0" 301 71616 "-" "Mozilla/5.0 (compatible; MJ12bot/v1.4.8; http://mj12bot.com/)"
148.251.8.250 - - [20/Feb/2021:07:35:33 +0100] "GET /moto-retro-ottoman-storage-p-47384.html HTTP/1.0" 200 71523 "-" "Mozilla/5.0 (compatible; MJ12bot/v1.4.8; http://mj12bot.com/)"
54.36.148.90 - - [20/Feb/2021:07:35:35 +0100] "GET /stationery-and-cardmaking-c-129.html?page=26 HTTP/1.0" 301 90492 "-" "Mozilla/5.0 (compatible; AhrefsBot/7.0; +http://ahrefs.com/robot/)"
13.66.139.73 - - [20/Feb/2021:07:35:37 +0100] "GET /open-your-heart-phone-cover-for-iphone-3g-3gs-p-17817.html HTTP/1.0" 301 72045 "-" "Mozilla/5.0 (compatible; bingbot/2.0; +http://www.bing.com/bingbot.htm)"
148.251.8.250 - - [20/Feb/2021:07:35:39 +0100] "GET /mug-white-ceramic-wine-bar-p-45685.html HTTP/1.0" 301 71429 "-" "Mozilla/5.0 (compatible; MJ12bot/v1.4.8; http://mj12bot.com/)"
148.251.8.250 - - [20/Feb/2021:07:35:45 +0100] "GET /white-ceramic-wine-p-45685.html HTTP/1.0" 200 71344 "-" "Mozilla/5.0 (compatible; MJ12bot/v1.4.8; http://mj12bot.com/)"
148.251.8.250 - - [20/Feb/2021:07:35:49 +0100] "GET /mug-with-personalized-picture-p-49152.html HTTP/1.0" 301 71982 "-" "Mozilla/5.0 (compatible; MJ12bot/v1.4.8; http://mj12bot.com/)"
148.251.8.250 - - [20/Feb/2021:07:35:54 +0100] "GET /with-personalized-picture-p-49152.html HTTP/1.0" 200 71890 "-" "Mozilla/5.0 (compatible; MJ12bot/v1.4.8; http://mj12bot.com/)"
185.191.171.4 - - [20/Feb/2021:07:35:55 +0100] "GET /ceramic-salt-with-spoon-aderne-p-50633.html?action=add_product HTTP/1.0" 302 476 "-" "Mozilla/5.0 (compatible; SemrushBot/7~bl; +http://www.semrush.com/bot.html)"
13.66.139.137 - - [20/Feb/2021:07:35:56 +0100] "GET /dusty-planes-fire-and-rescue-poster-p-33537.html HTTP/1.0" 301 71509 "-" "Mozilla/5.0 (compatible; bingbot/2.0; +http://www.bing.com/bingbot.htm)"
13.66.139.137 - - [20/Feb/2021:07:35:57 +0100] "GET /equateur-clock-by-cbkreation-p-36915.html HTTP/1.0" 301 71442 "-" "Mozilla/5.0 (compatible; bingbot/2.0; +http://www.bing.com/bingbot.htm)"
148.251.8.250 - - [20/Feb/2021:07:35:57 +0100] "GET /napy-bedclothes-240-220-cm-p-45165.html HTTP/1.0" 301 68757 "-" "Mozilla/5.0 (compatible; MJ12bot/v1.4.8; http://mj12bot.com/)"
148.251.8.250 - - [20/Feb/2021:07:36:03 +0100] "GET /-p-45165.html HTTP/1.0" 200 68690 "-" "Mozilla/5.0 (compatible; MJ12bot/v1.4.8; http://mj12bot.com/)"
148.251.8.250 - - [20/Feb/2021:07:36:08 +0100] "GET /nici-dragons-mug-p-22761.html HTTP/1.0" 301 71289 "-" "Mozilla/5.0 (compatible; MJ12bot/v1.4.8; http://mj12bot.com/)"
185.191.171.19 - - [20/Feb/2021:07:36:11 +0100] "GET /small-metal-plate-collection-vespa-best-p-16831.html?action=add_product HTTP/1.0" 302 476 "-" "Mozilla/5.0 (compatible; SemrushBot/7~bl; +http://www.semrush.com/bot.html)"
148.251.8.250 - - [20/Feb/2021:07:36:13 +0100] "GET /nici-dragons-p-22761.html HTTP/1.0" 200 71210 "-" "Mozilla/5.0 (compatible; MJ12bot/v1.4.8; http://mj12bot.com/)"
148.251.8.250 - - [20/Feb/2021:07:36:17 +0100] "GET /odin-resin-figure-21-cm-p-47483.html HTTP/1.0" 301 71474 "-" "Mozilla/5.0 (compatible; MJ12bot/v1.4.8; http://mj12bot.com/)"
148.251.8.250 - - [20/Feb/2021:07:36:22 +0100] "GET /odin-resin-figure-p-47483.html HTTP/1.0" 200 71390 "-" "Mozilla/5.0 (compatible; MJ12bot/v1.4.8; http://mj12bot.com/)"
148.251.8.250 - - [20/Feb/2021:07:36:27 +0100] "GET /om-mug-p-47390.html HTTP/1.0" 200 71721 "-" "Mozilla/5.0 (compatible; MJ12bot/v1.4.8; http://mj12bot.com/)"
148.251.8.250 - - [20/Feb/2021:07:36:32 +0100] "GET /owl-by-michelle-allen-cutting-board-p-27728.html HTTP/1.0" 301 71473 "-" "Mozilla/5.0 (compatible; MJ12bot/v1.4.8; http://mj12bot.com/)"
13.66.139.73 - - [20/Feb/2021:07:36:36 +0100] "GET /-p-15720.html HTTP/1.0" 200 68690 "-" "Mozilla/5.0 (compatible; bingbot/2.0; +http://www.bing.com/bingbot.htm)"
148.251.8.250 - - [20/Feb/2021:07:36:38 +0100] "GET /michelle-allen-cutting-board-p-27728.html HTTP/1.0" 200 71378 "-" "Mozilla/5.0 (compatible; MJ12bot/v1.4.8; http://mj12bot.com/)"
13.66.139.137 - - [20/Feb/2021:07:36:46 +0100] "GET /images/big_prod/8422099381006.jpg HTTP/1.0" 200 268 "-" "Mozilla/5.0 (compatible; bingbot/2.0; +http://www.bing.com/bingbot.htm)"
148.251.8.250 - - [20/Feb/2021:07:36:46 +0100] "GET /owl-glass-coasters-p-45183.html HTTP/1.0" 301 71347 "-" "Mozilla/5.0 (compatible; MJ12bot/v1.4.8; http://mj12bot.com/)"
185.191.171.6 - - [20/Feb/2021:07:36:49 +0100] "GET /laissez-lucie-faire-amadou-glasses-p-44821.html HTTP/1.0" 200 71504 "-" "Mozilla/5.0 (compatible; SemrushBot/7~bl; +http://www.semrush.com/bot.html)"
148.251.8.250 - - [20/Feb/2021:07:36:51 +0100] "GET /glass-coasters-p-45183.html HTTP/1.0" 200 71266 "-" "Mozilla/5.0 (compatible; MJ12bot/v1.4.8; http://mj12bot.com/)"
148.251.8.250 - - [20/Feb/2021:07:36:55 +0100] "GET /owl-saltshaker-p-46877.html HTTP/1.0" 301 68820 "-" "Mozilla/5.0 (compatible; MJ12bot/v1.4.8; http://mj12bot.com/)"
148.251.8.250 - - [20/Feb/2021:07:36:58 +0100] "GET /saltshaker-p-46877.html HTTP/1.0" 200 68743 "-" "Mozilla/5.0 (compatible; MJ12bot/v1.4.8; http://mj12bot.com/)"
13.66.139.73 - - [20/Feb/2021:07:37:06 +0100] "GET /glass-photo-frame-the-little-prince-p-47069.html HTTP/1.0" 301 71579 "-" "Mozilla/5.0 (compatible; bingbot/2.0; +http://www.bing.com/bingbot.htm)"
185.191.171.10 - - [20/Feb/2021:07:37:07 +0100] "GET /princess-frog-umbrella-p-20496.html?action=add_product HTTP/1.0" 302 476 "-" "Mozilla/5.0 (compatible; SemrushBot/7~bl; +http://www.semrush.com/bot.html)"
54.36.148.90 - - [20/Feb/2021:07:37:10 +0100] "GET /home-and-decoration-c-13.html?page=147 HTTP/1.0" 301 90542 "-" "Mozilla/5.0 (compatible; AhrefsBot/7.0; +http://ahrefs.com/robot/)"
13.66.139.88 - - [20/Feb/2021:07:37:11 +0100] "GET /images/4846603169999.jpg HTTP/1.0" 200 259 "-" "Mozilla/5.0 (compatible; bingbot/2.0; +http://www.bing.com/bingbot.htm)"
13.66.139.88 - - [20/Feb/2021:07:37:12 +0100] "GET /tour-eiffel-zippo-lighter-p-42877.html HTTP/1.0" 200 71819 "-" "Mozilla/5.0 (compatible; bingbot/2.0; +http://www.bing.com/bingbot.htm)"
157.55.39.99 - - [20/Feb/2021:07:37:18 +0100] "GET /johnny-hallyday-clock-p-7244.html HTTP/1.0" 200 71036 "-" "Mozilla/5.0 (compatible; bingbot/2.0; +http://www.bing.com/bingbot.htm)"
185.191.171.19 - - [20/Feb/2021:07:37:20 +0100] "GET /small-wooden-towel-holder-hang-p-51020.html HTTP/1.0" 200 71465 "-" "Mozilla/5.0 (compatible; SemrushBot/7~bl; +http://www.semrush.com/bot.html)"
13.66.139.137 - - [20/Feb/2021:07:37:56 +0100] "GET /images/med_prod/5010994829971.jpg HTTP/1.0" 200 268 "-" "Mozilla/5.0 (compatible; bingbot/2.0; +http://www.bing.com/bingbot.htm)"
13.66.139.137 - - [20/Feb/2021:07:37:57 +0100] "GET /soldier-ming-decorative-statue-p-31475.html HTTP/1.0" 200 68831 "-" "Mozilla/5.0 (compatible; bingbot/2.0; +http://www.bing.com/bingbot.htm)"
13.66.139.137 - - [20/Feb/2021:07:38:17 +0100] "GET /ninja-turtles-suitcase-48-cm-p-33307.html HTTP/1.0" 301 68898 "-" "Mozilla/5.0 (compatible; bingbot/2.0; +http://www.bing.com/bingbot.htm)"
185.191.171.19 - - [20/Feb/2021:07:38:19 +0100] "GET /merci-gustave-paris-chic-espresso-p-49661.html HTTP/1.0" 200 71433 "-" "Mozilla/5.0 (compatible; SemrushBot/7~bl; +http://www.semrush.com/bot.html)"
13.66.139.137 - - [20/Feb/2021:07:38:27 +0100] "GET /strawberries-oilcloth-240-160-cm-p-48559.html HTTP/1.0" 301 71508 "-" "Mozilla/5.0 (compatible; bingbot/2.0; +http://www.bing.com/bingbot.htm)"
114.119.145.117 - - [20/Feb/2021:07:38:35 +0100] "GET /images/big_prod/3503420208379.jpg HTTP/1.0" 200 268 "-" "Mozilla/5.0 (Linux; Android 7.0;) AppleWebKit/537.36 (KHTML, like Gecko) Mobile Safari/537.36 (compatible; PetalBot;+https://aspiegel.com/petalbot)"
185.191.171.12 - - [20/Feb/2021:07:38:47 +0100] "GET /dalmatians-perdita-figure-p-4699.html?action=add_product HTTP/1.0" 302 476 "-" "Mozilla/5.0 (compatible; SemrushBot/7~bl; +http://www.semrush.com/bot.html)"
54.36.148.90 - - [20/Feb/2021:07:38:51 +0100] "GET /vintage-trivet-p-40820.html HTTP/1.0" 200 71237 "-" "Mozilla/5.0 (compatible; AhrefsBot/7.0; +http://ahrefs.com/robot/)"
185.191.171.43 - - [20/Feb/2021:07:38:51 +0100] "GET /quote-wall-sticker-bienvenue-p-53956.html HTTP/1.0" 200 72230 "-" "Mozilla/5.0 (compatible; SemrushBot/7~bl; +http://www.semrush.com/bot.html)"
13.66.139.88 - - [20/Feb/2021:07:39:11 +0100] "GET /images/big_prod/4250255859472.jpg HTTP/1.0" 200 268 "-" "Mozilla/5.0 (compatible; bingbot/2.0; +http://www.bing.com/bingbot.htm)"
185.191.171.2 - - [20/Feb/2021:07:39:13 +0100] "GET /wooden-windchime-chimes-p-43537.html HTTP/1.0" 200 71398 "-" "Mozilla/5.0 (compatible; SemrushBot/7~bl; +http://www.semrush.com/bot.html)"
185.191.171.38 - - [20/Feb/2021:07:39:17 +0100] "GET /black-slabbinck-p-30715.html HTTP/1.0" 200 71313 "-" "Mozilla/5.0 (compatible; SemrushBot/7~bl; +http://www.semrush.com/bot.html)"
110.249.201.191 - - [20/Feb/2021:07:39:19 +0100] "GET /cosmetic-bags-and-flat-purse-c-31_239.html HTTP/1.0" 301 93680 "-" "Mozilla/5.0 (compatible; Bytespider; https://zhanzhang.toutiao.com/) AppleWebKit/537.36 (KHTML, like Gecko) Chrome/70.0.0.0 Safari/537.36"
110.249.201.194 - - [20/Feb/2021:07:39:24 +0100] "GET /cosmetic-bags-flat-purse-c-239.html HTTP/1.0" 301 93525 "-" "Mozilla/5.0 (compatible; Bytespider; https://zhanzhang.toutiao.com/) AppleWebKit/537.36 (KHTML, like Gecko) Chrome/70.0.0.0 Safari/537.36"
110.249.201.197 - - [20/Feb/2021:07:39:26 +0100] "GET /cosmetic-bags-flat-purse-c-31_239.html HTTP/1.0" 200 93591 "-" "Mozilla/5.0 (compatible; Bytespider; https://zhanzhang.toutiao.com/) AppleWebKit/537.36 (KHTML, like Gecko) Chrome/70.0.0.0 Safari/537.36"
110.249.201.193 - - [20/Feb/2021:07:39:28 +0100] "GET /swfobject.js HTTP/1.0" 404 1308 "http://www.wonder-geek.com/cosmetic-bags-flat-purse-c-31_239.html" "Mozilla/5.0 (compatible; Bytespider; https://zhanzhang.toutiao.com/) AppleWebKit/537.36 (KHTML, like Gecko) Chrome/70.0.0.0 Safari/537.36"
110.249.201.197 - - [20/Feb/2021:07:39:28 +0100] "GET /js/jquery.min.js HTTP/1.0" 404 1308 "http://www.wonder-geek.com/cosmetic-bags-flat-purse-c-31_239.html" "Mozilla/5.0 (compatible; Bytespider; https://zhanzhang.toutiao.com/) AppleWebKit/537.36 (KHTML, like Gecko) Chrome/70.0.0.0 Safari/537.36"
185.191.171.3 - - [20/Feb/2021:07:39:28 +0100] "GET /small-box-for-baby-teeth-blue-p-32040.html HTTP/1.0" 301 71560 "-" "Mozilla/5.0 (compatible; SemrushBot/7~bl; +http://www.semrush.com/bot.html)"
110.249.201.207 - - [20/Feb/2021:07:39:29 +0100] "GET /highslide/graphics/zoomout.cur HTTP/1.0" 200 614 "http://www.wonder-geek.com/cosmetic-bags-flat-purse-c-31_239.html" "Mozilla/5.0 (compatible; Bytespider; https://zhanzhang.toutiao.com/) AppleWebKit/537.36 (KHTML, like Gecko) Chrome/70.0.0.0 Safari/537.36"
185.191.171.4 - - [20/Feb/2021:07:39:30 +0100] "GET /small-baby-teeth-blue-p-32040.html HTTP/1.0" 200 71472 "-" "Mozilla/5.0 (compatible; SemrushBot/7~bl; +http://www.semrush.com/bot.html)"
13.66.139.88 - - [20/Feb/2021:07:39:32 +0100] "GET /-p-18146.html HTTP/1.0" 200 68690 "-" "Mozilla/5.0 (compatible; bingbot/2.0; +http://www.bing.com/bingbot.htm)"
13.66.139.73 - - [20/Feb/2021:07:39:46 +0100] "GET /coca-cola-red-clock-p-37051.html HTTP/1.0" 301 68850 "-" "Mozilla/5.0 (compatible; bingbot/2.0; +http://www.bing.com/bingbot.htm)"
185.191.171.26 - - [20/Feb/2021:07:39:48 +0100] "GET /pink-cat-set-salt-and-pepper-p-34480.html HTTP/1.0" 301 71500 "-" "Mozilla/5.0 (compatible; SemrushBot/7~bl; +http://www.semrush.com/bot.html)"
185.191.171.38 - - [20/Feb/2021:07:39:59 +0100] "GET /stuffins-apron-holder-glove-p-28190.html HTTP/1.0" 200 71691 "-" "Mozilla/5.0 (compatible; SemrushBot/7~bl; +http://www.semrush.com/bot.html)"
13.66.139.88 - - [20/Feb/2021:07:40:03 +0100] "GET /schleich-peanuts-lucy-p-35082.html HTTP/1.0" 200 68786 "-" "Mozilla/5.0 (compatible; bingbot/2.0; +http://www.bing.com/bingbot.htm)"
54.36.148.200 - - [20/Feb/2021:07:40:31 +0100] "GET /placemats-c-12_156.html?page=1 HTTP/1.0" 200 90764 "-" "Mozilla/5.0 (compatible; AhrefsBot/7.0; +http://ahrefs.com/robot/)"
13.66.139.73 - - [20/Feb/2021:07:40:47 +0100] "GET /-p-17940.html HTTP/1.0" 200 68690 "-" "Mozilla/5.0 (compatible; bingbot/2.0; +http://www.bing.com/bingbot.htm)"
185.191.171.15 - - [20/Feb/2021:07:40:52 +0100] "GET /cushion-cover-for-loup-40-40-cm-p-43495.html HTTP/1.0" 301 72161 "-" "Mozilla/5.0 (compatible; SemrushBot/7~bl; +http://www.semrush.com/bot.html)"
185.191.171.23 - - [20/Feb/2021:07:40:55 +0100] "GET /cushion-cover-loup-p-43495.html HTTP/1.0" 200 72076 "-" "Mozilla/5.0 (compatible; SemrushBot/7~bl; +http://www.semrush.com/bot.html)"
185.191.171.39 - - [20/Feb/2021:07:40:57 +0100] "GET /pink-flamingo-ornament-p-41144.html?action=add_product HTTP/1.0" 302 476 "-" "Mozilla/5.0 (compatible; SemrushBot/7~bl; +http://www.semrush.com/bot.html)"
13.66.139.137 - - [20/Feb/2021:07:40:57 +0100] "GET /mustache-white-tee-shirt-p-31176.html HTTP/1.0" 301 73363 "-" "Mozilla/5.0 (compatible; bingbot/2.0; +http://www.bing.com/bingbot.htm)"
185.191.171.1 - - [20/Feb/2021:07:40:59 +0100] "GET /large-candle-hours-pink-grapefruit-cassis-p-35344.html HTTP/1.0" 200 72705 "-" "Mozilla/5.0 (compatible; SemrushBot/7~bl; +http://www.semrush.com/bot.html)"
13.66.139.88 - - [20/Feb/2021:07:41:13 +0100] "GET /images/big_prod_1/4029811375554B.jpg HTTP/1.0" 200 271 "-" "Mozilla/5.0 (compatible; bingbot/2.0; +http://www.bing.com/bingbot.htm)"
13.66.139.88 - - [20/Feb/2021:07:41:13 +0100] "GET /brass-patinated-handing-bells-ganesh-p-37219.html HTTP/1.0" 200 71440 "-" "Mozilla/5.0 (compatible; bingbot/2.0; +http://www.bing.com/bingbot.htm)"
185.191.171.6 - - [20/Feb/2021:07:41:17 +0100] "GET /valdavia-cushion-40-40-cm-p-42080.html HTTP/1.0" 301 72034 "-" "Mozilla/5.0 (compatible; SemrushBot/7~bl; +http://www.semrush.com/bot.html)"
185.191.171.37 - - [20/Feb/2021:07:41:19 +0100] "GET /valdavia-cushion-p-42080.html HTTP/1.0" 200 71951 "-" "Mozilla/5.0 (compatible; SemrushBot/7~bl; +http://www.semrush.com/bot.html)"
185.191.171.20 - - [20/Feb/2021:07:41:24 +0100] "GET /teo-jasmin-small-cabas-boho-p-43471.html HTTP/1.0" 301 68860 "-" "Mozilla/5.0 (compatible; SemrushBot/7~bl; +http://www.semrush.com/bot.html)"
185.191.171.15 - - [20/Feb/2021:07:41:26 +0100] "GET /jasmin-small-cabas-boho-p-43471.html HTTP/1.0" 200 68770 "-" "Mozilla/5.0 (compatible; SemrushBot/7~bl; +http://www.semrush.com/bot.html)"
17.58.101.142 - - [20/Feb/2021:07:41:30 +0100] "GET /expresso-cups-with-saucers-cyclades-p-51542.html HTTP/1.0" 200 72588 "-" "Mozilla/5.0 (Macintosh; Intel Mac OS X 10_15_5) AppleWebKit/605.1.15 (KHTML, like Gecko) Version/13.1.1 Safari/605.1.15 (Applebot/0.1; +http://www.apple.com/go/applebot)"
66.249.69.166 - - [20/Feb/2021:07:41:33 +0100] "GET /cups-kothai-p-49660.html HTTP/1.0" 200 71298 "-" "Mozilla/5.0 (Linux; Android 6.0.1; Nexus 5X Build/MMB29P) AppleWebKit/537.36 (KHTML, like Gecko) Chrome/88.0.4324.153 Mobile Safari/537.36 (compatible; Googlebot/2.1; +http://www.google.com/bot.html)"
13.66.139.137 - - [20/Feb/2021:07:41:36 +0100] "GET /images/mini_prod/3665269039573.jpg HTTP/1.0" 200 269 "-" "Mozilla/5.0 (compatible; bingbot/2.0; +http://www.bing.com/bingbot.htm)"
185.191.171.2 - - [20/Feb/2021:07:41:38 +0100] "GET /robots.txt HTTP/1.0" 200 245 "-" "Mozilla/5.0 (compatible; SemrushBot/7~bl; +http://www.semrush.com/bot.html)"
185.191.171.40 - - [20/Feb/2021:07:41:38 +0100] "GET /retro-wall-lamp-white-weathered-metal-p-44615.html?action=add_product HTTP/1.0" 302 476 "-" "Mozilla/5.0 (compatible; SemrushBot/7~bl; +http://www.semrush.com/bot.html)"
13.66.139.73 - - [20/Feb/2021:07:41:41 +0100] "GET /images/big_prod/1384010202814.jpg HTTP/1.0" 200 268 "-" "Mozilla/5.0 (compatible; bingbot/2.0; +http://www.bing.com/bingbot.htm)"
13.66.139.73 - - [20/Feb/2021:07:41:42 +0100] "GET /-p-15456.html HTTP/1.0" 200 68690 "-" "Mozilla/5.0 (compatible; bingbot/2.0; +http://www.bing.com/bingbot.htm)"
13.66.139.73 - - [20/Feb/2021:07:41:43 +0100] "GET /teo-jasmin-shoulder-bag-p-30658.html HTTP/1.0" 301 68838 "-" "Mozilla/5.0 (compatible; bingbot/2.0; +http://www.bing.com/bingbot.htm)"
13.66.139.73 - - [20/Feb/2021:07:41:44 +0100] "GET /owl-bowl-mod-p-36518.html HTTP/1.0" 301 71385 "-" "Mozilla/5.0 (compatible; bingbot/2.0; +http://www.bing.com/bingbot.htm)"
13.66.139.88 - - [20/Feb/2021:07:41:46 +0100] "GET /-p-28823.html HTTP/1.0" 200 68690 "-" "Mozilla/5.0 (compatible; bingbot/2.0; +http://www.bing.com/bingbot.htm)"
13.66.139.88 - - [20/Feb/2021:07:41:47 +0100] "GET /mini-figurine-britto-princess-cat-cm-p-44394.html HTTP/1.0" 301 71552 "-" "Mozilla/5.0 (compatible; bingbot/2.0; +http://www.bing.com/bingbot.htm)"
13.66.139.137 - - [20/Feb/2021:07:41:51 +0100] "GET /top-model-coloured-pencil-set-p-13116.html HTTP/1.0" 301 68898 "-" "Mozilla/5.0 (compatible; bingbot/2.0; +http://www.bing.com/bingbot.htm)"
66.249.69.164 - - [20/Feb/2021:07:41:59 +0100] "GET /jolly-mah-nici-charm-phone-charm-p-33460.html HTTP/1.0" 301 71510 "-" "Mozilla/5.0 (Linux; Android 6.0.1; Nexus 5X Build/MMB29P) AppleWebKit/537.36 (KHTML, like Gecko) Chrome/88.0.4324.153 Mobile Safari/537.36 (compatible; Googlebot/2.1; +http://www.google.com/bot.html)"
66.249.69.164 - - [20/Feb/2021:07:41:59 +0100] "GET /jolly-nici-charm-phone-charm-p-33460.html HTTP/1.0" 200 71415 "-" "Mozilla/5.0 (Linux; Android 6.0.1; Nexus 5X Build/MMB29P) AppleWebKit/537.36 (KHTML, like Gecko) Chrome/88.0.4324.153 Mobile Safari/537.36 (compatible; Googlebot/2.1; +http://www.google.com/bot.html)"
54.36.148.90 - - [20/Feb/2021:07:42:09 +0100] "GET /aurora-miss-mindy-figurine-p-45593.html HTTP/1.0" 200 71997 "-" "Mozilla/5.0 (compatible; AhrefsBot/7.0; +http://ahrefs.com/robot/)"
13.66.139.73 - - [20/Feb/2021:07:42:27 +0100] "GET /-p-19571.html HTTP/1.0" 200 68690 "-" "Mozilla/5.0 (compatible; bingbot/2.0; +http://www.bing.com/bingbot.htm)"
13.66.139.137 - - [20/Feb/2021:07:42:31 +0100] "GET /betty-boop-ashtray-p-27180.html HTTP/1.0" 200 72549 "-" "Mozilla/5.0 (compatible; bingbot/2.0; +http://www.bing.com/bingbot.htm)"
54.36.148.90 - - [20/Feb/2021:07:42:32 +0100] "GET /owl-tisaniere-p-28391.html HTTP/1.0" 301 68757 "-" "Mozilla/5.0 (compatible; AhrefsBot/7.0; +http://ahrefs.com/robot/)"
157.55.39.69 - - [20/Feb/2021:07:42:44 +0100] "GET /highslide/highslide.js HTTP/1.0" 200 262 "-" "Mozilla/5.0 (compatible; bingbot/2.0; +http://www.bing.com/bingbot.htm)"
185.191.171.38 - - [20/Feb/2021:07:42:56 +0100] "GET /large-backpack-soy-luna-disney-40-cm-p-36296.html HTTP/1.0" 301 71760 "-" "Mozilla/5.0 (compatible; SemrushBot/7~bl; +http://www.semrush.com/bot.html)"
185.191.171.14 - - [20/Feb/2021:07:42:58 +0100] "GET /large-backpack-luna-disney-p-36296.html HTTP/1.0" 200 71667 "-" "Mozilla/5.0 (compatible; SemrushBot/7~bl; +http://www.semrush.com/bot.html)"
185.191.171.15 - - [20/Feb/2021:07:43:02 +0100] "GET /skull-punk-moneybox-p-30012.html HTTP/1.0" 200 71295 "-" "Mozilla/5.0 (compatible; SemrushBot/7~bl; +http://www.semrush.com/bot.html)"
185.191.171.45 - - [20/Feb/2021:07:43:05 +0100] "GET /retro-metal-tray-p-41481.html HTTP/1.0" 200 71372 "-" "Mozilla/5.0 (compatible; SemrushBot/7~bl; +http://www.semrush.com/bot.html)"
13.66.139.73 - - [20/Feb/2021:07:43:07 +0100] "GET /anarchy-trendy-earphone-p-48310.html HTTP/1.0" 200 71646 "-" "Mozilla/5.0 (compatible; bingbot/2.0; +http://www.bing.com/bingbot.htm)"
185.191.171.2 - - [20/Feb/2021:07:43:09 +0100] "GET /beyblade-mattress-swimming-pool-p-14358.html HTTP/1.0" 200 71521 "-" "Mozilla/5.0 (compatible; SemrushBot/7~bl; +http://www.semrush.com/bot.html)"
66.249.69.166 - - [20/Feb/2021:07:43:15 +0100] "GET /images/big_prod/3520071678467.jpg HTTP/1.0" 200 268 "-" "Googlebot-Image/1.0"
13.66.139.73 - - [20/Feb/2021:07:43:17 +0100] "GET /images/1399984254899.jpg HTTP/1.0" 200 259 "-" "Mozilla/5.0 (compatible; bingbot/2.0; +http://www.bing.com/bingbot.htm)"
54.36.148.90 - - [20/Feb/2021:07:43:41 +0100] "GET /japan-rags-pencil-case-p-26252.html HTTP/1.0" 200 71323 "-" "Mozilla/5.0 (compatible; AhrefsBot/7.0; +http://ahrefs.com/robot/)"
13.66.139.137 - - [20/Feb/2021:07:43:57 +0100] "GET /images/3609810027596.jpg HTTP/1.0" 200 259 "-" "Mozilla/5.0 (compatible; bingbot/2.0; +http://www.bing.com/bingbot.htm)"
13.66.139.137 - - [20/Feb/2021:07:43:58 +0100] "GET /images/3609810017047.jpg HTTP/1.0" 200 259 "-" "Mozilla/5.0 (compatible; bingbot/2.0; +http://www.bing.com/bingbot.htm)"
13.66.139.137 - - [20/Feb/2021:07:43:58 +0100] "GET /-p-18122.html HTTP/1.0" 200 68690 "-" "Mozilla/5.0 (compatible; bingbot/2.0; +http://www.bing.com/bingbot.htm)"
185.191.171.11 - - [20/Feb/2021:07:44:05 +0100] "GET /wall-sticker-buddha-p-53961.html?action=add_product HTTP/1.0" 302 476 "-" "Mozilla/5.0 (compatible; SemrushBot/7~bl; +http://www.semrush.com/bot.html)"
13.66.139.73 - - [20/Feb/2021:07:44:07 +0100] "GET /massai-round-side-table-p-51938.html HTTP/1.0" 200 68772 "-" "Mozilla/5.0 (compatible; bingbot/2.0; +http://www.bing.com/bingbot.htm)"
13.66.139.73 - - [20/Feb/2021:07:44:08 +0100] "GET /parrot-wooden-wall-decoration-to-hang-p-47428.html HTTP/1.0" 301 71638 "-" "Mozilla/5.0 (compatible; bingbot/2.0; +http://www.bing.com/bingbot.htm)"
13.66.139.73 - - [20/Feb/2021:07:44:09 +0100] "GET /-p-17746.html HTTP/1.0" 200 68690 "-" "Mozilla/5.0 (compatible; bingbot/2.0; +http://www.bing.com/bingbot.htm)"
185.191.171.1 - - [20/Feb/2021:07:44:12 +0100] "GET /jeans-blue-backpack-laptop-p-35999.html HTTP/1.0" 200 71726 "-" "Mozilla/5.0 (compatible; SemrushBot/7~bl; +http://www.semrush.com/bot.html)"
13.66.139.88 - - [20/Feb/2021:07:44:15 +0100] "GET /display-for-coasters-black-metal-p-35233.html HTTP/1.0" 301 71501 "-" "Mozilla/5.0 (compatible; bingbot/2.0; +http://www.bing.com/bingbot.htm)"
185.191.171.19 - - [20/Feb/2021:07:44:28 +0100] "GET /sticker-windows-chakra-p-48354.html HTTP/1.0" 200 71390 "-" "Mozilla/5.0 (compatible; SemrushBot/7~bl; +http://www.semrush.com/bot.html)"
13.66.139.137 - - [20/Feb/2021:07:44:37 +0100] "GET /minnie-mouse-mini-figurine-by-romero-britto-p-32582.html HTTP/1.0" 301 72580 "-" "Mozilla/5.0 (compatible; bingbot/2.0; +http://www.bing.com/bingbot.htm)"
13.66.139.137 - - [20/Feb/2021:07:44:47 +0100] "GET /-p-13464.html HTTP/1.0" 200 68690 "-" "Mozilla/5.0 (compatible; bingbot/2.0; +http://www.bing.com/bingbot.htm)"
13.66.139.137 - - [20/Feb/2021:07:44:48 +0100] "GET /lagoona-blue-figure-p-22568.html HTTP/1.0" 200 71382 "-" "Mozilla/5.0 (compatible; bingbot/2.0; +http://www.bing.com/bingbot.htm)"
185.220.102.4 - - [20/Feb/2021:07:44:54 +0100] "GET /contact_us.php HTTP/1.0" 200 26238 "http://www.wonder-geek.com/contact_us.php" "Mozilla/5.0 (Windows NT 10.0; Win64; x64) AppleWebKit/537.36 (KHTML, like Gecko) Chrome/83.0.4103.0 Safari/537.36"
185.220.102.4 - - [20/Feb/2021:07:44:55 +0100] "POST /contact_us.php?action=send HTTP/1.0" 200 26560 "http://www.wonder-geek.com/contact_us.php" "Mozilla/5.0 (Windows NT 10.0; Win64; x64) AppleWebKit/537.36 (KHTML, like Gecko) Chrome/83.0.4103.0 Safari/537.36"
185.220.102.4 - - [20/Feb/2021:07:44:56 +0100] "GET /contact_us.php HTTP/1.0" 200 26238 "http://www.wonder-geek.com/contact_us.php" "Mozilla/5.0 (Windows NT 10.0; Win64; x64) AppleWebKit/537.36 (KHTML, like Gecko) Chrome/83.0.4103.0 Safari/537.36"
185.191.171.23 - - [20/Feb/2021:07:44:59 +0100] "GET /bob-marley-zippo-lighter-p-27297.html HTTP/1.0" 301 71863 "-" "Mozilla/5.0 (compatible; SemrushBot/7~bl; +http://www.semrush.com/bot.html)"
185.191.171.38 - - [20/Feb/2021:07:45:01 +0100] "GET /marley-zippo-lighter-p-27297.html HTTP/1.0" 200 71776 "-" "Mozilla/5.0 (compatible; SemrushBot/7~bl; +http://www.semrush.com/bot.html)"
185.191.171.45 - - [20/Feb/2021:07:45:03 +0100] "GET /alice-wonderland-romero-britto-p-34381.html?action=add_product HTTP/1.0" 302 476 "-" "Mozilla/5.0 (compatible; SemrushBot/7~bl; +http://www.semrush.com/bot.html)"
185.191.171.36 - - [20/Feb/2021:07:45:08 +0100] "GET /chihuahua-bulldog-p-34849.html?action=add_product HTTP/1.0" 302 476 "-" "Mozilla/5.0 (compatible; SemrushBot/7~bl; +http://www.semrush.com/bot.html)"
54.36.148.90 - - [20/Feb/2021:07:45:10 +0100] "GET /god-atlas-statuette-in-patinated-bronze-resin-41-cm-p-49337.html HTTP/1.0" 301 72647 "-" "Mozilla/5.0 (compatible; AhrefsBot/7.0; +http://ahrefs.com/robot/)"
185.191.171.40 - - [20/Feb/2021:07:45:12 +0100] "GET /collection-large-metal-plate-deco-p-34131.html HTTP/1.0" 200 71420 "-" "Mozilla/5.0 (compatible; SemrushBot/7~bl; +http://www.semrush.com/bot.html)"
13.66.139.73 - - [20/Feb/2021:07:45:17 +0100] "GET /kimmijunior-summer-girly-set-p-17995.html HTTP/1.0" 301 71812 "-" "Mozilla/5.0 (compatible; bingbot/2.0; +http://www.bing.com/bingbot.htm)"
13.66.139.88 - - [20/Feb/2021:07:45:43 +0100] "GET /images/big_prod_3/1328399219599c.jpg HTTP/1.0" 200 271 "-" "Mozilla/5.0 (compatible; bingbot/2.0; +http://www.bing.com/bingbot.htm)"
185.191.171.2 - - [20/Feb/2021:07:45:49 +0100] "GET /bamboo-fiber-mattress-protector-180-200-cm-p-52894.html HTTP/1.0" 301 71690 "-" "Mozilla/5.0 (compatible; SemrushBot/7~bl; +http://www.semrush.com/bot.html)"
185.191.171.44 - - [20/Feb/2021:07:45:51 +0100] "GET /bamboo-fiber-mattress-protector-p-52894.html HTTP/1.0" 200 71592 "-" "Mozilla/5.0 (compatible; SemrushBot/7~bl; +http://www.semrush.com/bot.html)"
13.66.139.88 - - [20/Feb/2021:07:45:55 +0100] "GET /barbapapa-large-coin-purse-p-5345.html HTTP/1.0" 200 71511 "-" "Mozilla/5.0 (compatible; bingbot/2.0; +http://www.bing.com/bingbot.htm)"
13.66.139.73 - - [20/Feb/2021:07:46:00 +0100] "GET /screaming-skulls-zippo-lighter-p-30274.html HTTP/1.0" 200 68831 "-" "Mozilla/5.0 (compatible; bingbot/2.0; +http://www.bing.com/bingbot.htm)"
51.68.224.127 - - [20/Feb/2021:07:46:06 +0100] "GET /adminweb/export_orders_xml.php?token=256de2z6edz6ed2z6DFSFsed2zed6zeDSFDSGdzedezfzf&maxorders=10&orderstart=1&status=14&start_date=2018-10-01 HTTP/1.0" 200 285 "-" "GesCom CharlotteBoutik Serveur"
51.68.224.127 - - [20/Feb/2021:07:46:06 +0100] "GET /adminweb/export_orders_xml.php?token=256de2z6edz6ed2z6DFSFsed2zed6zeDSFDSGdzedezfzf&maxorders=10&orderstart=1&status=6&start_date=2018-10-01 HTTP/1.0" 200 29990 "-" "GesCom CharlotteBoutik Serveur"
185.191.171.34 - - [20/Feb/2021:07:46:17 +0100] "GET /wax-melt-bergamot-oak-moss-white-musk-p-46870.html HTTP/1.0" 301 72153 "-" "Mozilla/5.0 (compatible; SemrushBot/7~bl; +http://www.semrush.com/bot.html)"
185.191.171.41 - - [20/Feb/2021:07:46:19 +0100] "GET /melt-bergamot-moss-white-musk-p-46870.html HTTP/1.0" 200 72057 "-" "Mozilla/5.0 (compatible; SemrushBot/7~bl; +http://www.semrush.com/bot.html)"
185.191.171.22 - - [20/Feb/2021:07:46:21 +0100] "GET /monkey-figurines-seeing-nothing-saying-hearing-p-46204.html?action=add_product HTTP/1.0" 302 476 "-" "Mozilla/5.0 (compatible; SemrushBot/7~bl; +http://www.semrush.com/bot.html)"
157.55.39.159 - - [20/Feb/2021:07:46:28 +0100] "GET /js/jquery.jqzoom.js HTTP/1.0" 200 259 "-" "Mozilla/5.0 (compatible; bingbot/2.0; +http://www.bing.com/bingbot.htm)"
185.191.171.15 - - [20/Feb/2021:07:46:29 +0100] "GET /square-coasters-liberty-russian-doll-cbkreation-p-18493.html HTTP/1.0" 200 71671 "-" "Mozilla/5.0 (compatible; SemrushBot/7~bl; +http://www.semrush.com/bot.html)"
13.66.139.88 - - [20/Feb/2021:07:46:34 +0100] "GET /images/3684225058342.jpg HTTP/1.0" 200 259 "-" "Mozilla/5.0 (compatible; bingbot/2.0; +http://www.bing.com/bingbot.htm)"
13.66.139.73 - - [20/Feb/2021:07:46:38 +0100] "GET /-p-33414.html HTTP/1.0" 200 68690 "-" "Mozilla/5.0 (compatible; bingbot/2.0; +http://www.bing.com/bingbot.htm)"
185.191.171.39 - - [20/Feb/2021:07:46:39 +0100] "GET /fragrances-ambiance-c-231.html?page=32 HTTP/1.0" 200 90820 "-" "Mozilla/5.0 (compatible; SemrushBot/7~bl; +http://www.semrush.com/bot.html)"
54.36.148.226 - - [20/Feb/2021:07:46:47 +0100] "GET /white-woodland-jasmine-p-48459.html HTTP/1.0" 200 72303 "-" "Mozilla/5.0 (compatible; AhrefsBot/7.0; +http://ahrefs.com/robot/)"
185.191.171.26 - - [20/Feb/2021:07:46:47 +0100] "GET /aries-classic-cbkreation-p-29026.html HTTP/1.0" 200 71324 "-" "Mozilla/5.0 (compatible; SemrushBot/7~bl; +http://www.semrush.com/bot.html)"
185.191.171.1 - - [20/Feb/2021:07:46:50 +0100] "GET /vache-cookie-p-44863.html?action=add_product HTTP/1.0" 302 476 "-" "Mozilla/5.0 (compatible; SemrushBot/7~bl; +http://www.semrush.com/bot.html)"
185.191.171.5 - - [20/Feb/2021:07:46:52 +0100] "GET /the-little-prince-of-saint-exupery-white-ceramic-mug-and-cup-p-44846.html HTTP/1.0" 301 71747 "-" "Mozilla/5.0 (compatible; SemrushBot/7~bl; +http://www.semrush.com/bot.html)"
185.191.171.15 - - [20/Feb/2021:07:46:54 +0100] "GET /little-prince-saint-exupery-white-ceramic-p-44846.html HTTP/1.0" 200 71639 "-" "Mozilla/5.0 (compatible; SemrushBot/7~bl; +http://www.semrush.com/bot.html)"
13.66.139.88 - - [20/Feb/2021:07:46:55 +0100] "GET /brazil-alarm-clock-by-cbkreation-p-25009.html HTTP/1.0" 301 71525 "-" "Mozilla/5.0 (compatible; bingbot/2.0; +http://www.bing.com/bingbot.htm)"
13.66.139.73 - - [20/Feb/2021:07:47:00 +0100] "GET /images/big_prod/8424346085446.jpg HTTP/1.0" 200 268 "-" "Mozilla/5.0 (compatible; bingbot/2.0; +http://www.bing.com/bingbot.htm)"
13.66.139.73 - - [20/Feb/2021:07:47:01 +0100] "GET /-p-32069.html HTTP/1.0" 200 68690 "-" "Mozilla/5.0 (compatible; bingbot/2.0; +http://www.bing.com/bingbot.htm)"
216.244.66.242 - - [20/Feb/2021:07:47:02 +0100] "GET /barbazoo-figure-p-463.html HTTP/1.0" 200 68752 "-" "Mozilla/5.0 (compatible; DotBot/1.1; http://www.opensiteexplorer.org/dotbot, help@moz.com)"
157.55.39.251 - - [20/Feb/2021:07:47:06 +0100] "GET /swfobject.js HTTP/1.0" 404 1308 "-" "Mozilla/5.0 (compatible; bingbot/2.0; +http://www.bing.com/bingbot.htm)"
216.244.66.242 - - [20/Feb/2021:07:47:08 +0100] "GET /child-watch-skull-p-29222.html HTTP/1.0" 200 68772 "-" "Mozilla/5.0 (compatible; DotBot/1.1; http://www.opensiteexplorer.org/dotbot, help@moz.com)"
216.244.66.242 - - [20/Feb/2021:07:47:13 +0100] "GET /skull-beer-glasses-p-38484.html HTTP/1.0" 200 68771 "-" "Mozilla/5.0 (compatible; DotBot/1.1; http://www.opensiteexplorer.org/dotbot, help@moz.com)"
13.66.139.88 - - [20/Feb/2021:07:47:15 +0100] "GET /watch-freegun-rocket-usa-p-35084.html HTTP/1.0" 301 68880 "-" "Mozilla/5.0 (compatible; bingbot/2.0; +http://www.bing.com/bingbot.htm)"
216.244.66.242 - - [20/Feb/2021:07:47:16 +0100] "GET /cars-cap-glove-set-size-52-cm-p-23955.html HTTP/1.0" 301 68883 "-" "Mozilla/5.0 (compatible; DotBot/1.1; http://www.opensiteexplorer.org/dotbot, help@moz.com)"
13.66.139.73 - - [20/Feb/2021:07:47:20 +0100] "GET /big-us-statue-of-liberty-magnetic-clock-p-17305.html HTTP/1.0" 301 68912 "-" "Mozilla/5.0 (compatible; bingbot/2.0; +http://www.bing.com/bingbot.htm)"
216.244.66.242 - - [20/Feb/2021:07:47:21 +0100] "GET /metal-hook-support-baseball-stories-p-41211.html HTTP/1.0" 200 68824 "-" "Mozilla/5.0 (compatible; DotBot/1.1; http://www.opensiteexplorer.org/dotbot, help@moz.com)"
185.191.171.35 - - [20/Feb/2021:07:47:22 +0100] "GET /-p-43610.html?action=add_product HTTP/1.0" 302 476 "-" "Mozilla/5.0 (compatible; SemrushBot/7~bl; +http://www.semrush.com/bot.html)"
216.244.66.242 - - [20/Feb/2021:07:47:24 +0100] "GET /small-ceramic-lamp-white-p-41263.html HTTP/1.0" 200 68801 "-" "Mozilla/5.0 (compatible; DotBot/1.1; http://www.opensiteexplorer.org/dotbot, help@moz.com)"
13.66.139.137 - - [20/Feb/2021:07:47:27 +0100] "GET /images/big_prod/1384010205365.jpg HTTP/1.0" 200 268 "-" "Mozilla/5.0 (compatible; bingbot/2.0; +http://www.bing.com/bingbot.htm)"
13.66.139.137 - - [20/Feb/2021:07:47:28 +0100] "GET /support-metal-bottle-the-guitarist-p-44571.html HTTP/1.0" 301 71590 "-" "Mozilla/5.0 (compatible; bingbot/2.0; +http://www.bing.com/bingbot.htm)"
216.244.66.242 - - [20/Feb/2021:07:47:28 +0100] "GET /stop-wooden-plate-69-17-cm-p-37742.html HTTP/1.0" 301 71442 "-" "Mozilla/5.0 (compatible; DotBot/1.1; http://www.opensiteexplorer.org/dotbot, help@moz.com)"
216.244.66.242 - - [20/Feb/2021:07:47:33 +0100] "GET /wax-melt-strawberry-ice-cream-p-39006.html HTTP/1.0" 301 72107 "-" "Mozilla/5.0 (compatible; DotBot/1.1; http://www.opensiteexplorer.org/dotbot, help@moz.com)"
216.244.66.242 - - [20/Feb/2021:07:47:38 +0100] "GET /model-to-assemble-and-paint-citroen-ds3-wrc-2012-p-21600.html HTTP/1.0" 301 68991 "-" "Mozilla/5.0 (compatible; DotBot/1.1; http://www.opensiteexplorer.org/dotbot, help@moz.com)"
216.244.66.242 - - [20/Feb/2021:07:47:41 +0100] "GET /someday-you-will-be-real-boy-storybook-pinocchio-p-41687.html HTTP/1.0" 301 72228 "-" "Mozilla/5.0 (compatible; DotBot/1.1; http://www.opensiteexplorer.org/dotbot, help@moz.com)"
13.66.139.137 - - [20/Feb/2021:07:47:47 +0100] "GET /clocks-c-13_67.html?page=5 HTTP/1.0" 200 92298 "-" "Mozilla/5.0 (compatible; bingbot/2.0; +http://www.bing.com/bingbot.htm)"
13.66.139.88 - - [20/Feb/2021:07:48:15 +0100] "GET /charmmy-kitty-set-of-hair-ornements-p-13559.html HTTP/1.0" 301 71755 "-" "Mozilla/5.0 (compatible; bingbot/2.0; +http://www.bing.com/bingbot.htm)"
54.36.149.41 - - [20/Feb/2021:07:48:16 +0100] "GET /barbapapa-black-shirt-p-29636.html HTTP/1.0" 200 72487 "-" "Mozilla/5.0 (compatible; AhrefsBot/7.0; +http://ahrefs.com/robot/)"
185.191.171.45 - - [20/Feb/2021:07:48:22 +0100] "GET /mareva-coated-tablecloth-grey-orange-p-44306.html?action=add_product HTTP/1.0" 302 476 "-" "Mozilla/5.0 (compatible; SemrushBot/7~bl; +http://www.semrush.com/bot.html)"
185.191.171.10 - - [20/Feb/2021:07:48:27 +0100] "GET /marble-look-resin-skull-figurine-p-53657.html HTTP/1.0" 200 71490 "-" "Mozilla/5.0 (compatible; SemrushBot/7~bl; +http://www.semrush.com/bot.html)"
13.66.139.88 - - [20/Feb/2021:07:48:36 +0100] "GET /mister-men-long-sleeve-shirt-p-31041.html HTTP/1.0" 301 72588 "-" "Mozilla/5.0 (compatible; bingbot/2.0; +http://www.bing.com/bingbot.htm)"
185.191.171.1 - - [20/Feb/2021:07:48:36 +0100] "GET /ethnic-style-burlap-table-p-48444.html HTTP/1.0" 200 71313 "-" "Mozilla/5.0 (compatible; SemrushBot/7~bl; +http://www.semrush.com/bot.html)"
42.156.137.4 - - [20/Feb/2021:07:48:37 +0100] "GET /clocks-c-13_67.html HTTP/1.0" 200 91910 "-" "Mozilla/5.0 (Windows NT 6.1; Win64; x64) AppleWebKit/537.36 (KHTML, like Gecko) Chrome/69.0.3497.81 YisouSpider/5.0 Safari/537.36"
13.66.139.137 - - [20/Feb/2021:07:48:40 +0100] "GET /kimmi-junior-sunshine-glass-p-15825.html HTTP/1.0" 200 71325 "-" "Mozilla/5.0 (compatible; bingbot/2.0; +http://www.bing.com/bingbot.htm)"
185.191.171.25 - - [20/Feb/2021:07:48:49 +0100] "GET /harley-davidson-american-legend-lighter-p-29780.html HTTP/1.0" 200 71924 "-" "Mozilla/5.0 (compatible; SemrushBot/7~bl; +http://www.semrush.com/bot.html)"
13.66.139.73 - - [20/Feb/2021:07:48:58 +0100] "GET /game-of-thrones-episodes-poster-p-32309.html HTTP/1.0" 301 71512 "-" "Mozilla/5.0 (compatible; bingbot/2.0; +http://www.bing.com/bingbot.htm)"
185.191.171.17 - - [20/Feb/2021:07:48:58 +0100] "GET /paris-p-30431.html HTTP/1.0" 200 71185 "-" "Mozilla/5.0 (compatible; SemrushBot/7~bl; +http://www.semrush.com/bot.html)"
13.66.139.73 - - [20/Feb/2021:07:49:08 +0100] "GET /images/big_prod/3520071720609.jpg HTTP/1.0" 200 268 "-" "Mozilla/5.0 (compatible; bingbot/2.0; +http://www.bing.com/bingbot.htm)"
157.55.39.159 - - [20/Feb/2021:07:49:12 +0100] "GET /js/jquery.jqzoom.js HTTP/1.0" 200 259 "-" "Mozilla/5.0 (compatible; bingbot/2.0; +http://www.bing.com/bingbot.htm)"
157.55.39.246 - - [20/Feb/2021:07:49:17 +0100] "GET /js/jquery.js HTTP/1.0" 200 252 "-" "Mozilla/5.0 (compatible; bingbot/2.0; +http://www.bing.com/bingbot.htm)"
185.191.171.40 - - [20/Feb/2021:07:49:20 +0100] "GET /decorative-tortoise-statue-p-46673.html HTTP/1.0" 200 71423 "-" "Mozilla/5.0 (compatible; SemrushBot/7~bl; +http://www.semrush.com/bot.html)"
185.191.171.6 - - [20/Feb/2021:07:49:23 +0100] "GET /gold-monkey-figurines-seeing-nothing-saying-hearing-p-50479.html?action=add_product HTTP/1.0" 302 476 "-" "Mozilla/5.0 (compatible; SemrushBot/7~bl; +http://www.semrush.com/bot.html)"
13.66.139.88 - - [20/Feb/2021:07:49:25 +0100] "GET /despicable-me-desk-p-32464.html HTTP/1.0" 301 71407 "-" "Mozilla/5.0 (compatible; bingbot/2.0; +http://www.bing.com/bingbot.htm)"
54.36.149.32 - - [20/Feb/2021:07:49:43 +0100] "GET /wall-stickers-20-70-cm-reeds-p-42992.html HTTP/1.0" 301 71460 "-" "Mozilla/5.0 (compatible; AhrefsBot/7.0; +http://ahrefs.com/robot/)"
216.244.66.242 - - [20/Feb/2021:07:49:47 +0100] "GET /amazon-love-bookmark-macaws-p-50287.html HTTP/1.0" 200 71683 "-" "Mozilla/5.0 (compatible; DotBot/1.1; http://www.opensiteexplorer.org/dotbot, help@moz.com)"
13.66.139.137 - - [20/Feb/2021:07:49:47 +0100] "GET /-p-12218.html HTTP/1.0" 200 68690 "-" "Mozilla/5.0 (compatible; bingbot/2.0; +http://www.bing.com/bingbot.htm)"
13.66.139.137 - - [20/Feb/2021:07:49:48 +0100] "GET /tigger-winnie-the-pooh-swimsuit-p-30835.html HTTP/1.0" 301 68922 "-" "Mozilla/5.0 (compatible; bingbot/2.0; +http://www.bing.com/bingbot.htm)"
216.244.66.242 - - [20/Feb/2021:07:49:52 +0100] "GET /white-ceramic-mug-p-50009.html HTTP/1.0" 301 71375 "-" "Mozilla/5.0 (compatible; DotBot/1.1; http://www.opensiteexplorer.org/dotbot, help@moz.com)"
13.66.139.88 - - [20/Feb/2021:07:49:56 +0100] "GET /disney-princess-snow-white-parka-p-31246.html HTTP/1.0" 200 72599 "-" "Mozilla/5.0 (compatible; bingbot/2.0; +http://www.bing.com/bingbot.htm)"
157.55.39.159 - - [20/Feb/2021:07:50:09 +0100] "GET /js/jquery.jqzoom.js HTTP/1.0" 200 259 "-" "Mozilla/5.0 (compatible; bingbot/2.0; +http://www.bing.com/bingbot.htm)"
185.191.171.39 - - [20/Feb/2021:07:50:24 +0100] "GET /shiva-statue-p-41469.html?action=add_product HTTP/1.0" 302 476 "-" "Mozilla/5.0 (compatible; SemrushBot/7~bl; +http://www.semrush.com/bot.html)"
13.66.139.88 - - [20/Feb/2021:07:50:36 +0100] "GET /images/big_prod/3612875114903.jpg HTTP/1.0" 200 268 "-" "Mozilla/5.0 (compatible; bingbot/2.0; +http://www.bing.com/bingbot.htm)"
13.66.139.137 - - [20/Feb/2021:07:50:48 +0100] "GET /teo-jasmin-grey-salad-servers-p-28940.html HTTP/1.0" 301 71500 "-" "Mozilla/5.0 (compatible; bingbot/2.0; +http://www.bing.com/bingbot.htm)"
13.66.139.137 - - [20/Feb/2021:07:50:49 +0100] "GET /mickey-birthday-card-with-envelope-p-25252.html HTTP/1.0" 200 71388 "-" "Mozilla/5.0 (compatible; bingbot/2.0; +http://www.bing.com/bingbot.htm)"
185.191.171.15 - - [20/Feb/2021:07:50:57 +0100] "GET /tangled-disney-card-with-envelope-p-34447.html HTTP/1.0" 200 71430 "-" "Mozilla/5.0 (compatible; SemrushBot/7~bl; +http://www.semrush.com/bot.html)"
66.249.69.166 - - [20/Feb/2021:07:51:01 +0100] "GET /cars-disney-p-12459.html HTTP/1.0" 200 71442 "-" "Mozilla/5.0 (Linux; Android 6.0.1; Nexus 5X Build/MMB29P) AppleWebKit/537.36 (KHTML, like Gecko) Chrome/88.0.4324.153 Mobile Safari/537.36 (compatible; Googlebot/2.1; +http://www.google.com/bot.html)"
185.191.171.45 - - [20/Feb/2021:07:51:15 +0100] "GET /copains-abord-placemat-p-40663.html HTTP/1.0" 200 71327 "-" "Mozilla/5.0 (compatible; SemrushBot/7~bl; +http://www.semrush.com/bot.html)"
54.36.148.90 - - [20/Feb/2021:07:51:23 +0100] "GET /ceramic-bowl-in-relief-flemme-en-rose-p-47055.html HTTP/1.0" 301 71455 "-" "Mozilla/5.0 (compatible; AhrefsBot/7.0; +http://ahrefs.com/robot/)"
185.191.171.16 - - [20/Feb/2021:07:51:26 +0100] "GET /decoration-dancer-and-moon-34-cm-p-48281.html HTTP/1.0" 301 68757 "-" "Mozilla/5.0 (compatible; SemrushBot/7~bl; +http://www.semrush.com/bot.html)"
185.191.171.24 - - [20/Feb/2021:07:51:29 +0100] "GET /-p-48281.html HTTP/1.0" 200 68690 "-" "Mozilla/5.0 (compatible; SemrushBot/7~bl; +http://www.semrush.com/bot.html)"
13.66.139.137 - - [20/Feb/2021:07:51:38 +0100] "GET /cinderella-shy-and-romantic-disney-water-ball-p-31279.html HTTP/1.0" 301 68757 "-" "Mozilla/5.0 (compatible; bingbot/2.0; +http://www.bing.com/bingbot.htm)"
13.66.139.137 - - [20/Feb/2021:07:51:39 +0100] "GET /black-virgin-prayer-candle-novena-p-44428.html HTTP/1.0" 200 72181 "-" "Mozilla/5.0 (compatible; bingbot/2.0; +http://www.bing.com/bingbot.htm)"
185.191.171.24 - - [20/Feb/2021:07:52:14 +0100] "GET /bilbao-coated-tablecloth-blue-p-45348.html?action=add_product HTTP/1.0" 302 476 "-" "Mozilla/5.0 (compatible; SemrushBot/7~bl; +http://www.semrush.com/bot.html)"
13.66.139.73 - - [20/Feb/2021:07:52:18 +0100] "GET /james-dean-rebel-metal-plate-p-8163.html HTTP/1.0" 200 68819 "-" "Mozilla/5.0 (compatible; bingbot/2.0; +http://www.bing.com/bingbot.htm)"
13.66.139.73 - - [20/Feb/2021:07:52:19 +0100] "GET /curiouser-and-curiouser-alice-in-wonderland-figurine-p-47772.html HTTP/1.0" 301 72851 "-" "Mozilla/5.0 (compatible; bingbot/2.0; +http://www.bing.com/bingbot.htm)"
13.66.139.137 - - [20/Feb/2021:07:52:28 +0100] "GET /have-coffee-moneybox-p-37054.html HTTP/1.0" 200 71341 "-" "Mozilla/5.0 (compatible; bingbot/2.0; +http://www.bing.com/bingbot.htm)"
185.191.171.11 - - [20/Feb/2021:07:52:28 +0100] "GET /cbkreation-p-39715.html?action=add_product HTTP/1.0" 302 476 "-" "Mozilla/5.0 (compatible; SemrushBot/7~bl; +http://www.semrush.com/bot.html)"
216.244.66.242 - - [20/Feb/2021:07:52:31 +0100] "GET /beatles-back-in-the-ussr-large-coin-purse-p-8092.html HTTP/1.0" 301 71714 "-" "Mozilla/5.0 (compatible; DotBot/1.1; http://www.opensiteexplorer.org/dotbot, help@moz.com)"
216.244.66.242 - - [20/Feb/2021:07:52:34 +0100] "GET /mini-metal-tray-cannes-p-40096.html HTTP/1.0" 200 71423 "-" "Mozilla/5.0 (compatible; DotBot/1.1; http://www.opensiteexplorer.org/dotbot, help@moz.com)"
216.244.66.242 - - [20/Feb/2021:07:52:37 +0100] "GET /the-funny-little-bugs-cars-fiona-fly-p-7302.html HTTP/1.0" 301 68754 "-" "Mozilla/5.0 (compatible; DotBot/1.1; http://www.opensiteexplorer.org/dotbot, help@moz.com)"
54.36.148.175 - - [20/Feb/2021:07:52:51 +0100] "GET /olympique-marseille-pencil-case-shoe-foot-p-36278.html HTTP/1.0" 200 71523 "-" "Mozilla/5.0 (compatible; AhrefsBot/7.0; +http://ahrefs.com/robot/)"
13.66.139.137 - - [20/Feb/2021:07:53:08 +0100] "GET /images/8435306231896.jpg HTTP/1.0" 200 259 "-" "Mozilla/5.0 (compatible; bingbot/2.0; +http://www.bing.com/bingbot.htm)"
13.66.139.137 - - [20/Feb/2021:07:53:09 +0100] "GET /images/8435306240188.jpg HTTP/1.0" 200 259 "-" "Mozilla/5.0 (compatible; bingbot/2.0; +http://www.bing.com/bingbot.htm)"
13.66.139.137 - - [20/Feb/2021:07:53:09 +0100] "GET /cement-tile-stickers-15-15-cm-beige-p-45004.html HTTP/1.0" 301 71767 "-" "Mozilla/5.0 (compatible; bingbot/2.0; +http://www.bing.com/bingbot.htm)"
13.66.139.137 - - [20/Feb/2021:07:53:10 +0100] "GET /zippo-genuine-flints-p-29791.html HTTP/1.0" 200 71447 "-" "Mozilla/5.0 (compatible; bingbot/2.0; +http://www.bing.com/bingbot.htm)"
13.66.139.73 - - [20/Feb/2021:07:53:20 +0100] "GET /jar-candle-30-hours-caramel-cupcake-p-38122.html HTTP/1.0" 301 72588 "-" "Mozilla/5.0 (compatible; bingbot/2.0; +http://www.bing.com/bingbot.htm)"
157.55.39.251 - - [20/Feb/2021:07:53:31 +0100] "GET /images/3272760387487.jpg HTTP/1.0" 200 259 "-" "Mozilla/5.0 (Windows NT 6.1; WOW64) AppleWebKit/534+ (KHTML, like Gecko) BingPreview/1.0b"
185.191.171.6 - - [20/Feb/2021:07:53:42 +0100] "GET /giraffe-decorative-statue-p-46476.html HTTP/1.0" 200 71437 "-" "Mozilla/5.0 (compatible; SemrushBot/7~bl; +http://www.semrush.com/bot.html)"
185.191.171.45 - - [20/Feb/2021:07:53:51 +0100] "GET /sentiment-towel-kitchen-towel-p-43628.html?action=add_product HTTP/1.0" 302 476 "-" "Mozilla/5.0 (compatible; SemrushBot/7~bl; +http://www.semrush.com/bot.html)"
13.66.139.73 - - [20/Feb/2021:07:53:59 +0100] "GET /jimmy-the-bull-posing-mug-and-coaster-set-p-48221.html HTTP/1.0" 301 68757 "-" "Mozilla/5.0 (compatible; bingbot/2.0; +http://www.bing.com/bingbot.htm)"
185.191.171.45 - - [20/Feb/2021:07:54:00 +0100] "GET /hero-polar-plaid-p-33186.html HTTP/1.0" 200 71490 "-" "Mozilla/5.0 (compatible; SemrushBot/7~bl; +http://www.semrush.com/bot.html)"
54.36.148.225 - - [20/Feb/2021:07:54:12 +0100] "GET /dishes-c-12.html?page=87 HTTP/1.0" 200 90133 "-" "Mozilla/5.0 (compatible; AhrefsBot/7.0; +http://ahrefs.com/robot/)"
216.244.66.242 - - [20/Feb/2021:07:54:23 +0100] "GET /la-vache-qui-rit-bowl-p-44844.html HTTP/1.0" 301 71368 "-" "Mozilla/5.0 (compatible; DotBot/1.1; http://www.opensiteexplorer.org/dotbot, help@moz.com)"
216.244.66.242 - - [20/Feb/2021:07:54:26 +0100] "GET /parot-mug-cbkreation-p-43359.html HTTP/1.0" 301 71337 "-" "Mozilla/5.0 (compatible; DotBot/1.1; http://www.opensiteexplorer.org/dotbot, help@moz.com)"
13.66.139.73 - - [20/Feb/2021:07:54:29 +0100] "GET /-p-15707.html HTTP/1.0" 200 68690 "-" "Mozilla/5.0 (compatible; bingbot/2.0; +http://www.bing.com/bingbot.htm)"
