185.191.171.21 - - [20/Feb/2021:12:07:56 +0100] "GET /fitted-sheet-in-cotton-percale-80-threads-90-190-30-cm-p-53218.html HTTP/1.0" 301 71763 "-" "Mozilla/5.0 (compatible; SemrushBot/7~bl; +http://www.semrush.com/bot.html)"
185.191.171.43 - - [20/Feb/2021:12:07:58 +0100] "GET /fitted-sheet-cotton-percale-threads-p-53218.html HTTP/1.0" 200 71661 "-" "Mozilla/5.0 (compatible; SemrushBot/7~bl; +http://www.semrush.com/bot.html)"
13.66.139.88 - - [20/Feb/2021:12:08:11 +0100] "GET /20-saint-georges-aromatika-incense-sticks-p-52658.html HTTP/1.0" 301 71628 "-" "Mozilla/5.0 (compatible; bingbot/2.0; +http://www.bing.com/bingbot.htm)"
185.191.171.8 - - [20/Feb/2021:12:08:13 +0100] "GET /headrest-cushion-white-p-51960.html HTTP/1.0" 200 71370 "-" "Mozilla/5.0 (compatible; SemrushBot/7~bl; +http://www.semrush.com/bot.html)"
185.191.171.12 - - [20/Feb/2021:12:08:33 +0100] "GET /home-decoration-c-13.html?page=199 HTTP/1.0" 200 91392 "-" "Mozilla/5.0 (compatible; SemrushBot/7~bl; +http://www.semrush.com/bot.html)"
13.66.139.73 - - [20/Feb/2021:12:08:33 +0100] "GET /cote-azur-soap-box-10-65-35-cm-p-39425.html HTTP/1.0" 301 71673 "-" "Mozilla/5.0 (compatible; bingbot/2.0; +http://www.bing.com/bingbot.htm)"
185.191.171.39 - - [20/Feb/2021:12:08:36 +0100] "GET /stitch-guitar-collection-statuette-p-51399.html HTTP/1.0" 200 72621 "-" "Mozilla/5.0 (compatible; SemrushBot/7~bl; +http://www.semrush.com/bot.html)"
54.36.148.90 - - [20/Feb/2021:12:08:50 +0100] "GET /dishes-and-pie-dishes-c-12_251.html?page=1 HTTP/1.0" 301 88045 "-" "Mozilla/5.0 (compatible; AhrefsBot/7.0; +http://ahrefs.com/robot/)"
185.191.171.44 - - [20/Feb/2021:12:08:50 +0100] "GET /glasses-drinking-c-12_62.html?page=3 HTTP/1.0" 200 90302 "-" "Mozilla/5.0 (compatible; SemrushBot/7~bl; +http://www.semrush.com/bot.html)"
13.66.139.88 - - [20/Feb/2021:12:08:51 +0100] "GET /tetsubin-brown-teapot-japanese-12-liter-p-49383.html HTTP/1.0" 301 71794 "-" "Mozilla/5.0 (compatible; bingbot/2.0; +http://www.bing.com/bingbot.htm)"
185.191.171.13 - - [20/Feb/2021:12:09:14 +0100] "GET /resin-statue-monks-hear-seeing-p-50027.html HTTP/1.0" 200 72553 "-" "Mozilla/5.0 (compatible; SemrushBot/7~bl; +http://www.semrush.com/bot.html)"
13.66.139.73 - - [20/Feb/2021:12:09:24 +0100] "GET /-p-10149.html HTTP/1.0" 200 68690 "-" "Mozilla/5.0 (compatible; bingbot/2.0; +http://www.bing.com/bingbot.htm)"
13.66.139.88 - - [20/Feb/2021:12:09:41 +0100] "GET /soft-hot-water-bottle-les-vilaines-filles-p-52643.html HTTP/1.0" 301 71665 "-" "Mozilla/5.0 (compatible; bingbot/2.0; +http://www.bing.com/bingbot.htm)"
216.18.204.215 - - [20/Feb/2021:12:09:54 +0100] "GET /pencil-box-cbkreation-p-50325.html HTTP/1.0" 301 71442 "http://www.wonder-geek.com/" "Mozilla/5.0 (compatible; Adsbot/3.1)"
114.119.150.15 - - [20/Feb/2021:12:09:55 +0100] "GET /images/big_prod/3612875120881.jpg HTTP/1.0" 200 268 "-" "Mozilla/5.0 (Linux; Android 7.0;) AppleWebKit/537.36 (KHTML, like Gecko) Mobile Safari/537.36 (compatible; PetalBot;+https://aspiegel.com/petalbot)"
54.36.148.198 - - [20/Feb/2021:12:10:08 +0100] "GET /specials.php?page=9 HTTP/1.0" 200 126013 "-" "Mozilla/5.0 (compatible; AhrefsBot/7.0; +http://ahrefs.com/robot/)"
216.18.204.215 - - [20/Feb/2021:12:10:10 +0100] "GET /piggy-bank-girly-grey-p-42388.html HTTP/1.0" 200 71338 "http://www.wonder-geek.com/" "Mozilla/5.0 (compatible; Adsbot/3.1)"
13.66.139.88 - - [20/Feb/2021:12:10:11 +0100] "GET /the-little-prince-metal-box-p-31791.html HTTP/1.0" 301 68886 "-" "Mozilla/5.0 (compatible; bingbot/2.0; +http://www.bing.com/bingbot.htm)"
185.191.171.11 - - [20/Feb/2021:12:10:12 +0100] "GET /winter-candle-shade-angel-p-38180.html HTTP/1.0" 200 72324 "-" "Mozilla/5.0 (compatible; SemrushBot/7~bl; +http://www.semrush.com/bot.html)"
185.191.171.9 - - [20/Feb/2021:12:10:20 +0100] "GET /jasmin-make-pouch-racing-p-43463.html HTTP/1.0" 200 71578 "-" "Mozilla/5.0 (compatible; SemrushBot/7~bl; +http://www.semrush.com/bot.html)"
185.191.171.44 - - [20/Feb/2021:12:10:25 +0100] "GET /london-rock-cushion-p-27050.html HTTP/1.0" 301 68757 "-" "Mozilla/5.0 (compatible; SemrushBot/7~bl; +http://www.semrush.com/bot.html)"
185.191.171.43 - - [20/Feb/2021:12:10:27 +0100] "GET /-p-27050.html HTTP/1.0" 200 68690 "-" "Mozilla/5.0 (compatible; SemrushBot/7~bl; +http://www.semrush.com/bot.html)"
13.66.139.137 - - [20/Feb/2021:12:10:32 +0100] "GET /crystal-salt-lamp-sphere-grey-p-48663.html HTTP/1.0" 200 72991 "-" "Mozilla/5.0 (compatible; bingbot/2.0; +http://www.bing.com/bingbot.htm)"
185.191.171.12 - - [20/Feb/2021:12:10:33 +0100] "GET /urss-clock-by-cbkreation-p-24369.html HTTP/1.0" 301 71525 "-" "Mozilla/5.0 (compatible; SemrushBot/7~bl; +http://www.semrush.com/bot.html)"
185.191.171.7 - - [20/Feb/2021:12:10:36 +0100] "GET /urss-clock-cbkreation-p-24369.html HTTP/1.0" 200 71437 "-" "Mozilla/5.0 (compatible; SemrushBot/7~bl; +http://www.semrush.com/bot.html)"
216.18.204.215 - - [20/Feb/2021:12:10:38 +0100] "GET /spongebob-alarm-clock-p-10333.html HTTP/1.0" 200 71337 "http://www.wonder-geek.com/" "Mozilla/5.0 (compatible; Adsbot/3.1)"
185.191.171.33 - - [20/Feb/2021:12:10:38 +0100] "GET /candle-hours-eastern-promise-p-38113.html HTTP/1.0" 200 72490 "-" "Mozilla/5.0 (compatible; SemrushBot/7~bl; +http://www.semrush.com/bot.html)"
216.18.204.215 - - [20/Feb/2021:12:10:56 +0100] "GET /tweety-boat-money-box-p-34082.html HTTP/1.0" 301 71466 "http://www.wonder-geek.com/" "Mozilla/5.0 (compatible; Adsbot/3.1)"
216.18.204.215 - - [20/Feb/2021:12:11:06 +0100] "GET /tweety-love-money-box-p-34081.html HTTP/1.0" 301 71444 "http://www.wonder-geek.com/" "Mozilla/5.0 (compatible; Adsbot/3.1)"
216.18.204.215 - - [20/Feb/2021:12:11:15 +0100] "GET /tweety-surf-money-box-p-34080.html HTTP/1.0" 301 71446 "http://www.wonder-geek.com/" "Mozilla/5.0 (compatible; Adsbot/3.1)"
185.191.171.40 - - [20/Feb/2021:12:11:18 +0100] "GET /kraft-folding-seat-p-37827.html HTTP/1.0" 301 68757 "-" "Mozilla/5.0 (compatible; SemrushBot/7~bl; +http://www.semrush.com/bot.html)"
185.191.171.24 - - [20/Feb/2021:12:11:20 +0100] "GET /-p-37827.html HTTP/1.0" 200 68690 "-" "Mozilla/5.0 (compatible; SemrushBot/7~bl; +http://www.semrush.com/bot.html)"
54.36.148.90 - - [20/Feb/2021:12:11:24 +0100] "GET /vespa-bag-for-sports-khaki-p-32644.html HTTP/1.0" 301 71847 "-" "Mozilla/5.0 (compatible; AhrefsBot/7.0; +http://ahrefs.com/robot/)"
216.18.204.215 - - [20/Feb/2021:12:11:27 +0100] "GET /white-cat-alarm-clock-p-28797.html HTTP/1.0" 301 71423 "http://www.wonder-geek.com/" "Mozilla/5.0 (compatible; Adsbot/3.1)"
185.191.171.17 - - [20/Feb/2021:12:11:28 +0100] "GET /specials.php?page=35 HTTP/1.0" 200 127033 "-" "Mozilla/5.0 (compatible; SemrushBot/7~bl; +http://www.semrush.com/bot.html)"
185.191.171.13 - - [20/Feb/2021:12:11:30 +0100] "GET /jasmin-bowling-steed-beige-p-38690.html?action=add_product HTTP/1.0" 302 476 "-" "Mozilla/5.0 (compatible; SemrushBot/7~bl; +http://www.semrush.com/bot.html)"
188.163.47.9 - - [20/Feb/2021:12:11:34 +0100] "GET /snowman-solar-powered-dancing-p-34143.html]Test HTTP/1.0" 301 609 "http://wonder-geek.com/snowman-solar-powered-dancing-p-34143.html]Test" "Mozilla/5.0 (Windows NT 10.0; Win64; x64) AppleWebKit/537.36 (KHTML, like Gecko) Chrome/83.0.4103.61 Safari/537.36"
188.163.47.9 - - [20/Feb/2021:12:11:34 +0100] "GET /snowman-solar-powered-dancing-p-34143.html%5dTest HTTP/1.0" 404 1308 "http://www.wonder-geek.com/snowman-solar-powered-dancing-p-34143.html%5dTest" "Mozilla/5.0 (Windows NT 10.0; Win64; x64) AppleWebKit/537.36 (KHTML, like Gecko) Chrome/83.0.4103.61 Safari/537.36"
188.163.47.9 - - [20/Feb/2021:12:11:34 +0100] "GET / HTTP/1.0" 301 511 "http://wonder-geek.com/" "Mozilla/5.0 (Windows NT 10.0; Win64; x64) AppleWebKit/537.36 (KHTML, like Gecko) Chrome/83.0.4103.61 Safari/537.36"
188.163.47.9 - - [20/Feb/2021:12:11:35 +0100] "GET / HTTP/1.0" 200 93982 "http://www.wonder-geek.com/" "Mozilla/5.0 (Windows NT 10.0; Win64; x64) AppleWebKit/537.36 (KHTML, like Gecko) Chrome/83.0.4103.61 Safari/537.36"
188.163.47.9 - - [20/Feb/2021:12:11:35 +0100] "GET /login.php HTTP/1.0" 200 17152 "http://www.wonder-geek.com/login.php" "Mozilla/5.0 (Windows NT 10.0; Win64; x64) AppleWebKit/537.36 (KHTML, like Gecko) Chrome/83.0.4103.61 Safari/537.36"
188.163.47.9 - - [20/Feb/2021:12:11:36 +0100] "POST /login.php?action=process HTTP/1.0" 200 17647 "http://www.wonder-geek.com/login.php" "Mozilla/5.0 (Windows NT 10.0; Win64; x64) AppleWebKit/537.36 (KHTML, like Gecko) Chrome/83.0.4103.61 Safari/537.36"
188.163.47.9 - - [20/Feb/2021:12:11:36 +0100] "GET /snowman-solar-powered-dancing-p-34143.html]Test HTTP/1.0" 301 609 "http://wonder-geek.com/snowman-solar-powered-dancing-p-34143.html]Test" "Mozilla/5.0 (Windows NT 10.0; Win64; x64) AppleWebKit/537.36 (KHTML, like Gecko) Chrome/83.0.4103.61 Safari/537.36"
188.163.47.9 - - [20/Feb/2021:12:11:36 +0100] "GET /contact_us.php HTTP/1.0" 200 26238 "http://www.wonder-geek.com/contact_us.php" "Mozilla/5.0 (Windows NT 10.0; Win64; x64) AppleWebKit/537.36 (KHTML, like Gecko) Chrome/83.0.4103.61 Safari/537.36"
188.163.47.9 - - [20/Feb/2021:12:11:36 +0100] "POST /contact_us.php?action=send HTTP/1.0" 200 26683 "http://www.wonder-geek.com/contact_us.php" "Mozilla/5.0 (Windows NT 10.0; Win64; x64) AppleWebKit/537.36 (KHTML, like Gecko) Chrome/83.0.4103.61 Safari/537.36"
216.18.204.215 - - [20/Feb/2021:12:11:42 +0100] "GET /bamboo-led-alarm-clock-p-47511.html HTTP/1.0" 301 72505 "http://www.wonder-geek.com/" "Mozilla/5.0 (compatible; Adsbot/3.1)"
216.18.204.215 - - [20/Feb/2021:12:11:54 +0100] "GET /betty-boop-pencil-case-p-33583.html HTTP/1.0" 200 71336 "http://www.wonder-geek.com/" "Mozilla/5.0 (compatible; Adsbot/3.1)"
17.58.101.142 - - [20/Feb/2021:12:11:57 +0100] "GET /powder-candle-250-grs-la-bougie-autrement-golden-night-p-53075.html HTTP/1.0" 301 72545 "-" "Mozilla/5.0 (Macintosh; Intel Mac OS X 10_15_5) AppleWebKit/605.1.15 (KHTML, like Gecko) Version/13.1.1 Safari/605.1.15 (Applebot/0.1; +http://www.apple.com/go/applebot)"
17.58.101.142 - - [20/Feb/2021:12:11:59 +0100] "GET /powder-candle-bougie-autrement-golden-night-p-53075.html HTTP/1.0" 200 72435 "-" "Mozilla/5.0 (Macintosh; Intel Mac OS X 10_15_5) AppleWebKit/605.1.15 (KHTML, like Gecko) Version/13.1.1 Safari/605.1.15 (Applebot/0.1; +http://www.apple.com/go/applebot)"
216.244.66.242 - - [20/Feb/2021:12:11:59 +0100] "GET /frozen-poster-p-30891.html HTTP/1.0" 200 68746 "-" "Mozilla/5.0 (compatible; DotBot/1.1; http://www.opensiteexplorer.org/dotbot, help@moz.com)"
216.244.66.242 - - [20/Feb/2021:12:12:05 +0100] "GET /paris-chandelier-p-29400.html HTTP/1.0" 200 68761 "-" "Mozilla/5.0 (compatible; DotBot/1.1; http://www.opensiteexplorer.org/dotbot, help@moz.com)"
216.244.66.242 - - [20/Feb/2021:12:12:11 +0100] "GET /teo-jasmin-mug-p-43456.html HTTP/1.0" 301 68808 "-" "Mozilla/5.0 (compatible; DotBot/1.1; http://www.opensiteexplorer.org/dotbot, help@moz.com)"
13.66.139.137 - - [20/Feb/2021:12:12:13 +0100] "GET /quartz-geode-size-about-170-p-44409.html HTTP/1.0" 301 72506 "-" "Mozilla/5.0 (compatible; bingbot/2.0; +http://www.bing.com/bingbot.htm)"
13.66.139.137 - - [20/Feb/2021:12:12:14 +0100] "GET /-p-3608.html HTTP/1.0" 200 68688 "-" "Mozilla/5.0 (compatible; bingbot/2.0; +http://www.bing.com/bingbot.htm)"
216.18.204.215 - - [20/Feb/2021:12:12:13 +0100] "GET /cars-tokyo-pencil-case-p-13355.html HTTP/1.0" 200 72338 "http://www.wonder-geek.com/" "Mozilla/5.0 (compatible; Adsbot/3.1)"
216.244.66.242 - - [20/Feb/2021:12:12:16 +0100] "GET /firefighter-helmet-bath-towel-p-40759.html HTTP/1.0" 200 68826 "-" "Mozilla/5.0 (compatible; DotBot/1.1; http://www.opensiteexplorer.org/dotbot, help@moz.com)"
216.244.66.242 - - [20/Feb/2021:12:12:19 +0100] "GET /french-riviera-beige-shopper-bag-p-38651.html HTTP/1.0" 301 68928 "-" "Mozilla/5.0 (compatible; DotBot/1.1; http://www.opensiteexplorer.org/dotbot, help@moz.com)"
13.66.139.88 - - [20/Feb/2021:12:12:22 +0100] "GET /blue-pens-marseille-colors-p-14941.html HTTP/1.0" 301 68757 "-" "Mozilla/5.0 (compatible; bingbot/2.0; +http://www.bing.com/bingbot.htm)"
216.244.66.242 - - [20/Feb/2021:12:12:23 +0100] "GET /janod-musical-annushka-flower-jewelry-box-p-15647.html HTTP/1.0" 301 68982 "-" "Mozilla/5.0 (compatible; DotBot/1.1; http://www.opensiteexplorer.org/dotbot, help@moz.com)"
216.244.66.242 - - [20/Feb/2021:12:12:26 +0100] "GET /mini-magnetic-plate-retro-p-30541.html HTTP/1.0" 301 68895 "-" "Mozilla/5.0 (compatible; DotBot/1.1; http://www.opensiteexplorer.org/dotbot, help@moz.com)"
216.244.66.242 - - [20/Feb/2021:12:12:28 +0100] "GET /ruby-vintage-rose-gorjuss-post-card-p-34616.html HTTP/1.0" 200 68856 "-" "Mozilla/5.0 (compatible; DotBot/1.1; http://www.opensiteexplorer.org/dotbot, help@moz.com)"
216.244.66.242 - - [20/Feb/2021:12:12:31 +0100] "GET /spongebob-bedclothes-135-200-p-9259.html HTTP/1.0" 301 68895 "-" "Mozilla/5.0 (compatible; DotBot/1.1; http://www.opensiteexplorer.org/dotbot, help@moz.com)"
216.18.204.215 - - [20/Feb/2021:12:12:33 +0100] "GET /idefix-money-box-75-cm-p-40945.html HTTP/1.0" 301 71380 "http://www.wonder-geek.com/" "Mozilla/5.0 (compatible; Adsbot/3.1)"
216.244.66.242 - - [20/Feb/2021:12:12:34 +0100] "GET /tom-et-jerry-paper-tablecover-p-17216.html HTTP/1.0" 301 68901 "-" "Mozilla/5.0 (compatible; DotBot/1.1; http://www.opensiteexplorer.org/dotbot, help@moz.com)"
54.36.149.101 - - [20/Feb/2021:12:12:39 +0100] "GET /elecathippo-white-women-tee-shirt-p-33792.html HTTP/1.0" 301 73713 "-" "Mozilla/5.0 (compatible; AhrefsBot/7.0; +http://ahrefs.com/robot/)"
216.244.66.242 - - [20/Feb/2021:12:12:40 +0100] "GET /volkswagen-beetle-white-p-28516.html HTTP/1.0" 200 68796 "-" "Mozilla/5.0 (compatible; DotBot/1.1; http://www.opensiteexplorer.org/dotbot, help@moz.com)"
216.18.204.215 - - [20/Feb/2021:12:12:46 +0100] "GET /japan-rags-pencil-case-p-26252.html HTTP/1.0" 200 71323 "http://www.wonder-geek.com/" "Mozilla/5.0 (compatible; Adsbot/3.1)"
185.191.171.23 - - [20/Feb/2021:12:12:53 +0100] "GET /tits-mots-humour-butter-dish-p-42690.html?action=add_product HTTP/1.0" 302 476 "-" "Mozilla/5.0 (compatible; SemrushBot/7~bl; +http://www.semrush.com/bot.html)"
13.66.139.73 - - [20/Feb/2021:12:12:54 +0100] "GET /cuba-toothpick-display-p-42570.html HTTP/1.0" 200 68758 "-" "Mozilla/5.0 (compatible; bingbot/2.0; +http://www.bing.com/bingbot.htm)"
13.66.139.73 - - [20/Feb/2021:12:12:55 +0100] "GET /kimmidoll-nami-phone-cover-for-iphone-or-p-18006.html HTTP/1.0" 301 71888 "-" "Mozilla/5.0 (compatible; bingbot/2.0; +http://www.bing.com/bingbot.htm)"
66.249.69.164 - - [20/Feb/2021:12:12:59 +0100] "GET /mickey-ceiling-light-p-33141.html HTTP/1.0" 200 71700 "-" "Mozilla/5.0 (Linux; Android 6.0.1; Nexus 5X Build/MMB29P) AppleWebKit/537.36 (KHTML, like Gecko) Chrome/88.0.4324.153 Mobile Safari/537.36 (compatible; Googlebot/2.1; +http://www.google.com/bot.html)"
66.249.69.164 - - [20/Feb/2021:12:13:00 +0100] "GET /le-chat-noir-sugar-box-p-26836.html HTTP/1.0" 301 71509 "-" "Mozilla/5.0 (Linux; Android 6.0.1; Nexus 5X Build/MMB29P) AppleWebKit/537.36 (KHTML, like Gecko) Chrome/88.0.4324.153 Mobile Safari/537.36 (compatible; Googlebot/2.1; +http://www.google.com/bot.html)"
66.249.69.162 - - [20/Feb/2021:12:13:01 +0100] "GET /chat-noir-sugar-p-26836.html HTTP/1.0" 200 71427 "-" "Mozilla/5.0 (Linux; Android 6.0.1; Nexus 5X Build/MMB29P) AppleWebKit/537.36 (KHTML, like Gecko) Chrome/88.0.4324.153 Mobile Safari/537.36 (compatible; Googlebot/2.1; +http://www.google.com/bot.html)"
216.18.204.215 - - [20/Feb/2021:12:13:12 +0100] "GET /japan-rags-pencil-case-p-26313.html HTTP/1.0" 200 71305 "http://www.wonder-geek.com/" "Mozilla/5.0 (compatible; Adsbot/3.1)"
13.66.139.137 - - [20/Feb/2021:12:13:33 +0100] "GET /london-academy-backpack-41-cm-p-44926.html HTTP/1.0" 301 72378 "-" "Mozilla/5.0 (compatible; bingbot/2.0; +http://www.bing.com/bingbot.htm)"
13.66.139.137 - - [20/Feb/2021:12:13:34 +0100] "GET /terracotta-piggy-bank-with-the-small-hammer-p-30025.html HTTP/1.0" 301 71608 "-" "Mozilla/5.0 (compatible; bingbot/2.0; +http://www.bing.com/bingbot.htm)"
216.18.204.215 - - [20/Feb/2021:12:13:35 +0100] "GET /japan-rags-pencil-case-p-26316.html HTTP/1.0" 200 71305 "http://www.wonder-geek.com/" "Mozilla/5.0 (compatible; Adsbot/3.1)"
185.191.171.42 - - [20/Feb/2021:12:13:40 +0100] "GET /glass-jellyfish-paperweight-p-52789.html HTTP/1.0" 200 71384 "-" "Mozilla/5.0 (compatible; SemrushBot/7~bl; +http://www.semrush.com/bot.html)"
54.36.148.178 - - [20/Feb/2021:12:13:49 +0100] "GET /indian-porcelain-bowl-480-ml-p-39623.html HTTP/1.0" 301 71439 "-" "Mozilla/5.0 (compatible; AhrefsBot/7.0; +http://ahrefs.com/robot/)"
13.66.139.88 - - [20/Feb/2021:12:13:52 +0100] "GET /laitiere-tablecloth-p-28546.html HTTP/1.0" 200 71336 "-" "Mozilla/5.0 (compatible; bingbot/2.0; +http://www.bing.com/bingbot.htm)"
13.66.139.137 - - [20/Feb/2021:12:13:57 +0100] "GET /washed-linen-bed-skirt-white-180-200-cm-p-48118.html HTTP/1.0" 301 68931 "-" "Mozilla/5.0 (compatible; bingbot/2.0; +http://www.bing.com/bingbot.htm)"
185.191.171.15 - - [20/Feb/2021:12:14:01 +0100] "GET /coffee-box-retro-metal-wood-pattern-p-38826.html HTTP/1.0" 301 68757 "-" "Mozilla/5.0 (compatible; SemrushBot/7~bl; +http://www.semrush.com/bot.html)"
216.18.204.215 - - [20/Feb/2021:12:14:04 +0100] "GET /kimmidoll-glasses-case-p-47586.html HTTP/1.0" 200 71988 "http://www.wonder-geek.com/" "Mozilla/5.0 (compatible; Adsbot/3.1)"
185.191.171.2 - - [20/Feb/2021:12:14:04 +0100] "GET /-p-38826.html HTTP/1.0" 200 68690 "-" "Mozilla/5.0 (compatible; SemrushBot/7~bl; +http://www.semrush.com/bot.html)"
216.18.204.215 - - [20/Feb/2021:12:14:21 +0100] "GET /lavander-eyeglass-case-p-47642.html HTTP/1.0" 200 71357 "http://www.wonder-geek.com/" "Mozilla/5.0 (compatible; Adsbot/3.1)"
185.191.171.24 - - [20/Feb/2021:12:14:29 +0100] "GET /mani-lucky-cat-pastel-blue-pen-p-37340.html HTTP/1.0" 301 71532 "-" "Mozilla/5.0 (compatible; SemrushBot/7~bl; +http://www.semrush.com/bot.html)"
185.191.171.5 - - [20/Feb/2021:12:14:31 +0100] "GET /mani-lucky-pastel-blue-p-37340.html HTTP/1.0" 200 71443 "-" "Mozilla/5.0 (compatible; SemrushBot/7~bl; +http://www.semrush.com/bot.html)"
13.66.139.88 - - [20/Feb/2021:12:14:32 +0100] "GET /che-guevara-hasta-la-victoria-siempre-zippo-lighter-p-37645.html HTTP/1.0" 301 72093 "-" "Mozilla/5.0 (compatible; bingbot/2.0; +http://www.bing.com/bingbot.htm)"
13.66.139.88 - - [20/Feb/2021:12:14:33 +0100] "GET /-p-22194.html HTTP/1.0" 200 68690 "-" "Mozilla/5.0 (compatible; bingbot/2.0; +http://www.bing.com/bingbot.htm)"
185.191.171.23 - - [20/Feb/2021:12:14:34 +0100] "GET /stone-polychrome-jasper-grams-p-46581.html HTTP/1.0" 200 72654 "-" "Mozilla/5.0 (compatible; SemrushBot/7~bl; +http://www.semrush.com/bot.html)"
216.244.66.242 - - [20/Feb/2021:12:14:37 +0100] "GET /wall-sticker-c-13_187.html?page=10 HTTP/1.0" 200 91785 "-" "Mozilla/5.0 (compatible; DotBot/1.1; http://www.opensiteexplorer.org/dotbot, help@moz.com)"
13.66.139.88 - - [20/Feb/2021:12:14:52 +0100] "GET /noddy-bingo-p-2579.html HTTP/1.0" 200 68734 "-" "Mozilla/5.0 (compatible; bingbot/2.0; +http://www.bing.com/bingbot.htm)"
185.191.171.2 - - [20/Feb/2021:12:14:54 +0100] "GET /incense-satya-traditional-ayurveda-grams-about-sticks-p-53777.html HTTP/1.0" 200 72674 "-" "Mozilla/5.0 (compatible; SemrushBot/7~bl; +http://www.semrush.com/bot.html)"
157.55.39.159 - - [20/Feb/2021:12:14:56 +0100] "GET /js/jquery.jqzoom.js HTTP/1.0" 200 259 "-" "Mozilla/5.0 (compatible; bingbot/2.0; +http://www.bing.com/bingbot.htm)"
185.191.171.42 - - [20/Feb/2021:12:14:59 +0100] "GET /neon-guitar-clock-p-26606.html?action=add_product HTTP/1.0" 302 476 "-" "Mozilla/5.0 (compatible; SemrushBot/7~bl; +http://www.semrush.com/bot.html)"
185.191.171.1 - - [20/Feb/2021:12:15:00 +0100] "GET /head-wallet-model-p-39442.html HTTP/1.0" 200 71340 "-" "Mozilla/5.0 (compatible; SemrushBot/7~bl; +http://www.semrush.com/bot.html)"
216.18.204.215 - - [20/Feb/2021:12:15:00 +0100] "GET /nitro-pencil-case-blue-p-35701.html HTTP/1.0" 200 71433 "http://www.wonder-geek.com/" "Mozilla/5.0 (compatible; Adsbot/3.1)"
54.36.148.90 - - [20/Feb/2021:12:15:05 +0100] "GET /old-fashioned-owl-biscuit-jar-p-38660.html HTTP/1.0" 301 71464 "-" "Mozilla/5.0 (compatible; AhrefsBot/7.0; +http://ahrefs.com/robot/)"
157.55.39.255 - - [20/Feb/2021:12:15:09 +0100] "GET /hello-kitty-mirror-p-20732.html HTTP/1.0" 200 71393 "-" "Mozilla/5.0 (compatible; bingbot/2.0; +http://www.bing.com/bingbot.htm)"
216.244.66.242 - - [20/Feb/2021:12:15:22 +0100] "GET /-p-9691.html HTTP/1.0" 200 68688 "-" "Mozilla/5.0 (compatible; DotBot/1.1; http://www.opensiteexplorer.org/dotbot, help@moz.com)"
216.18.204.215 - - [20/Feb/2021:12:15:24 +0100] "GET /silver-skull-money-box-p-27602.html HTTP/1.0" 301 71403 "http://www.wonder-geek.com/" "Mozilla/5.0 (compatible; Adsbot/3.1)"
216.244.66.242 - - [20/Feb/2021:12:15:26 +0100] "GET /images/1126451104599.jpg HTTP/1.0" 200 259 "-" "Mozilla/5.0 (compatible; DotBot/1.1; http://www.opensiteexplorer.org/dotbot, help@moz.com)"
216.18.204.215 - - [20/Feb/2021:12:15:33 +0100] "GET /teo-jasmin-pencil-case-p-31568.html HTTP/1.0" 301 71484 "http://www.wonder-geek.com/" "Mozilla/5.0 (compatible; Adsbot/3.1)"
216.18.204.215 - - [20/Feb/2021:12:15:46 +0100] "GET /teo-jasmin-pencil-case-p-31570.html HTTP/1.0" 301 71484 "http://www.wonder-geek.com/" "Mozilla/5.0 (compatible; Adsbot/3.1)"
13.66.139.88 - - [20/Feb/2021:12:15:52 +0100] "GET /pucca-cap-52-cm-p-22263.html HTTP/1.0" 301 71399 "-" "Mozilla/5.0 (compatible; bingbot/2.0; +http://www.bing.com/bingbot.htm)"
185.191.171.3 - - [20/Feb/2021:12:15:54 +0100] "GET /london-sticker-p-35393.html?action=add_product HTTP/1.0" 302 476 "-" "Mozilla/5.0 (compatible; SemrushBot/7~bl; +http://www.semrush.com/bot.html)"
216.18.204.215 - - [20/Feb/2021:12:16:04 +0100] "GET /teo-jasmin-pencil-case-p-49182.html HTTP/1.0" 301 71486 "http://www.wonder-geek.com/" "Mozilla/5.0 (compatible; Adsbot/3.1)"
51.68.224.127 - - [20/Feb/2021:12:16:05 +0100] "GET /adminweb/export_orders_xml.php?token=256de2z6edz6ed2z6DFSFsed2zed6zeDSFDSGdzedezfzf&maxorders=10&orderstart=1&status=14&start_date=2018-10-01 HTTP/1.0" 200 285 "-" "GesCom CharlotteBoutik Serveur"
51.68.224.127 - - [20/Feb/2021:12:16:05 +0100] "GET /adminweb/export_orders_xml.php?token=256de2z6edz6ed2z6DFSFsed2zed6zeDSFDSGdzedezfzf&maxorders=10&orderstart=1&status=6&start_date=2018-10-01 HTTP/1.0" 200 29990 "-" "GesCom CharlotteBoutik Serveur"
13.66.139.73 - - [20/Feb/2021:12:16:04 +0100] "GET /-p-11992.html HTTP/1.0" 200 68690 "-" "Mozilla/5.0 (compatible; bingbot/2.0; +http://www.bing.com/bingbot.htm)"
66.249.69.164 - - [20/Feb/2021:12:16:06 +0100] "GET /betty-boop-mtal-ashtray-p-36134.html HTTP/1.0" 200 71357 "-" "Mozilla/5.0 (Linux; Android 6.0.1; Nexus 5X Build/MMB29P) AppleWebKit/537.36 (KHTML, like Gecko) Chrome/88.0.4324.153 Mobile Safari/537.36 (compatible; Googlebot/2.1; +http://www.google.com/bot.html)"
13.66.139.88 - - [20/Feb/2021:12:16:12 +0100] "GET /happily-ever-after-cinderella-and-prince-figurine-p-39114.html HTTP/1.0" 301 68757 "-" "Mozilla/5.0 (compatible; bingbot/2.0; +http://www.bing.com/bingbot.htm)"
66.249.69.162 - - [20/Feb/2021:12:16:13 +0100] "GET /images/mini_prod/8433933279762.jpg HTTP/1.0" 200 269 "-" "Googlebot-Image/1.0"
185.191.171.3 - - [20/Feb/2021:12:16:13 +0100] "GET /deco-wooden-carved-drum-29-16-cm-p-46278.html HTTP/1.0" 301 68884 "-" "Mozilla/5.0 (compatible; SemrushBot/7~bl; +http://www.semrush.com/bot.html)"
216.18.204.215 - - [20/Feb/2021:12:16:13 +0100] "GET /vespa-pink-pencil-case-p-15585.html HTTP/1.0" 200 71378 "http://www.wonder-geek.com/" "Mozilla/5.0 (compatible; Adsbot/3.1)"
185.191.171.7 - - [20/Feb/2021:12:16:15 +0100] "GET /deco-wooden-carved-drum-p-46278.html HTTP/1.0" 200 68794 "-" "Mozilla/5.0 (compatible; SemrushBot/7~bl; +http://www.semrush.com/bot.html)"
54.36.149.76 - - [20/Feb/2021:12:16:19 +0100] "GET /halloween-figurine-sonny-p-37901.html HTTP/1.0" 200 72950 "-" "Mozilla/5.0 (compatible; AhrefsBot/7.0; +http://ahrefs.com/robot/)"
13.66.139.73 - - [20/Feb/2021:12:16:35 +0100] "GET /cement-tile-stickers-15-15-cm-beige-and-gold-p-45007.html HTTP/1.0" 301 71810 "-" "Mozilla/5.0 (compatible; bingbot/2.0; +http://www.bing.com/bingbot.htm)"
216.18.204.215 - - [20/Feb/2021:12:16:35 +0100] "GET /dubout-cats-glasses-box-p-43034.html HTTP/1.0" 301 71467 "http://www.wonder-geek.com/" "Mozilla/5.0 (compatible; Adsbot/3.1)"
185.191.171.3 - - [20/Feb/2021:12:16:42 +0100] "GET /kontakati-sleeping-beauty-p-20267.html HTTP/1.0" 200 71542 "-" "Mozilla/5.0 (compatible; SemrushBot/7~bl; +http://www.semrush.com/bot.html)"
185.191.171.34 - - [20/Feb/2021:12:16:46 +0100] "GET /poster-p-30862.html HTTP/1.0" 200 71207 "-" "Mozilla/5.0 (compatible; SemrushBot/7~bl; +http://www.semrush.com/bot.html)"
216.18.204.215 - - [20/Feb/2021:12:16:50 +0100] "GET /frozen-pink-pencil-case-p-35843.html HTTP/1.0" 200 71392 "http://www.wonder-geek.com/" "Mozilla/5.0 (compatible; Adsbot/3.1)"
13.66.139.137 - - [20/Feb/2021:12:16:53 +0100] "GET /watch-freegun-hypercolor-tattoo-old-school-p-35099.html HTTP/1.0" 301 72161 "-" "Mozilla/5.0 (compatible; bingbot/2.0; +http://www.bing.com/bingbot.htm)"
185.191.171.16 - - [20/Feb/2021:12:17:03 +0100] "GET /star-wars-chewbacca-keyring-p-32337.html HTTP/1.0" 200 71384 "-" "Mozilla/5.0 (compatible; SemrushBot/7~bl; +http://www.semrush.com/bot.html)"
216.244.66.242 - - [20/Feb/2021:12:17:04 +0100] "GET /disney-princess-placemat-p-22494.html HTTP/1.0" 200 71396 "-" "Mozilla/5.0 (compatible; DotBot/1.1; http://www.opensiteexplorer.org/dotbot, help@moz.com)"
185.191.171.36 - - [20/Feb/2021:12:17:06 +0100] "GET /white-ananas-table-lamp-size-xxl-p-44640.html HTTP/1.0" 301 71529 "-" "Mozilla/5.0 (compatible; SemrushBot/7~bl; +http://www.semrush.com/bot.html)"
216.244.66.242 - - [20/Feb/2021:12:17:07 +0100] "GET /sagittarus-mousepad-by-cbkreation-p-43307.html HTTP/1.0" 301 71528 "-" "Mozilla/5.0 (compatible; DotBot/1.1; http://www.opensiteexplorer.org/dotbot, help@moz.com)"
185.191.171.43 - - [20/Feb/2021:12:17:08 +0100] "GET /white-ananas-table-lamp-size-p-44640.html HTTP/1.0" 200 71434 "-" "Mozilla/5.0 (compatible; SemrushBot/7~bl; +http://www.semrush.com/bot.html)"
216.18.204.215 - - [20/Feb/2021:12:17:13 +0100] "GET /giraffe-money-box-22-cm-p-44520.html HTTP/1.0" 301 71411 "http://www.wonder-geek.com/" "Mozilla/5.0 (compatible; Adsbot/3.1)"
13.66.139.73 - - [20/Feb/2021:12:17:14 +0100] "GET /-p-12379.html HTTP/1.0" 200 68690 "-" "Mozilla/5.0 (compatible; bingbot/2.0; +http://www.bing.com/bingbot.htm)"
157.55.39.189 - - [20/Feb/2021:12:17:23 +0100] "GET /pair-of-socks-hello-kitty-size-31-34-p-46857.html HTTP/1.0" 301 68757 "-" "Mozilla/5.0 (compatible; bingbot/2.0; +http://www.bing.com/bingbot.htm)"
216.18.204.215 - - [20/Feb/2021:12:17:28 +0100] "GET /hello-kitty-pencil-case-p-20695.html HTTP/1.0" 200 71506 "http://www.wonder-geek.com/" "Mozilla/5.0 (compatible; Adsbot/3.1)"
216.244.66.242 - - [20/Feb/2021:12:17:32 +0100] "GET /mandala-boho-shopping-trolley-p-47318.html HTTP/1.0" 200 68796 "-" "Mozilla/5.0 (compatible; DotBot/1.1; http://www.opensiteexplorer.org/dotbot, help@moz.com)"
54.36.148.90 - - [20/Feb/2021:12:17:33 +0100] "GET /kimmidoll-heart-keyring-p-32399.html HTTP/1.0" 200 71395 "-" "Mozilla/5.0 (compatible; AhrefsBot/7.0; +http://ahrefs.com/robot/)"
185.191.171.33 - - [20/Feb/2021:12:17:42 +0100] "GET /figurine-heron-resin-white-gold-p-46047.html HTTP/1.0" 200 72384 "-" "Mozilla/5.0 (compatible; SemrushBot/7~bl; +http://www.semrush.com/bot.html)"
13.66.139.137 - - [20/Feb/2021:12:17:53 +0100] "GET /wastebasket-c-129_184.html HTTP/1.0" 200 81592 "-" "Mozilla/5.0 (compatible; bingbot/2.0; +http://www.bing.com/bingbot.htm)"
13.66.139.137 - - [20/Feb/2021:12:17:54 +0100] "GET /mr-men-melamine-plate-p-4256.html HTTP/1.0" 301 68828 "-" "Mozilla/5.0 (compatible; bingbot/2.0; +http://www.bing.com/bingbot.htm)"
216.18.204.215 - - [20/Feb/2021:12:18:04 +0100] "GET /minnie-mouse-pencil-pot-p-22595.html HTTP/1.0" 301 71686 "http://www.wonder-geek.com/" "Mozilla/5.0 (compatible; Adsbot/3.1)"
216.18.204.215 - - [20/Feb/2021:12:18:15 +0100] "GET /paperweight-bug-art-cat-p-53804.html HTTP/1.0" 301 72051 "http://www.wonder-geek.com/" "Mozilla/5.0 (compatible; Adsbot/3.1)"
157.55.39.72 - - [20/Feb/2021:12:18:27 +0100] "GET /girls/jackets-coats-parkas/disney-princess-cinderella-jacket-size-years-p-21265.html HTTP/1.0" 301 68757 "-" "Mozilla/5.0 (compatible; bingbot/2.0; +http://www.bing.com/bingbot.htm)"
216.18.204.215 - - [20/Feb/2021:12:18:27 +0100] "GET /paw-patrol-pencils-case-p-36299.html HTTP/1.0" 301 71539 "http://www.wonder-geek.com/" "Mozilla/5.0 (compatible; Adsbot/3.1)"
13.66.139.88 - - [20/Feb/2021:12:18:32 +0100] "GET /-p-30157.html HTTP/1.0" 200 68690 "-" "Mozilla/5.0 (compatible; bingbot/2.0; +http://www.bing.com/bingbot.htm)"
185.191.171.11 - - [20/Feb/2021:12:18:38 +0100] "GET /retro-rectangular-box-in-wood-and-linen-34-cm-p-41908.html HTTP/1.0" 301 68967 "-" "Mozilla/5.0 (compatible; SemrushBot/7~bl; +http://www.semrush.com/bot.html)"
216.18.204.215 - - [20/Feb/2021:12:18:39 +0100] "GET /piggy-bank-girly-purple-p-42387.html HTTP/1.0" 200 71356 "http://www.wonder-geek.com/" "Mozilla/5.0 (compatible; Adsbot/3.1)"
185.191.171.34 - - [20/Feb/2021:12:18:43 +0100] "GET /cactus-salt-pepper-shakers-p-52313.html HTTP/1.0" 200 71472 "-" "Mozilla/5.0 (compatible; SemrushBot/7~bl; +http://www.semrush.com/bot.html)"
216.18.204.215 - - [20/Feb/2021:12:18:50 +0100] "GET /sex-pistols-pencil-case-p-19627.html HTTP/1.0" 301 71445 "http://www.wonder-geek.com/" "Mozilla/5.0 (compatible; Adsbot/3.1)"
185.191.171.19 - - [20/Feb/2021:12:18:51 +0100] "GET /deco-sommelier-p-47459.html HTTP/1.0" 200 72138 "-" "Mozilla/5.0 (compatible; SemrushBot/7~bl; +http://www.semrush.com/bot.html)"
13.66.139.137 - - [20/Feb/2021:12:18:53 +0100] "GET /retro-chest-575-cm-p-34949.html HTTP/1.0" 301 71371 "-" "Mozilla/5.0 (compatible; bingbot/2.0; +http://www.bing.com/bingbot.htm)"
185.191.171.18 - - [20/Feb/2021:12:18:54 +0100] "GET /melt-christmas-night-p-42620.html?action=add_product HTTP/1.0" 302 476 "-" "Mozilla/5.0 (compatible; SemrushBot/7~bl; +http://www.semrush.com/bot.html)"
54.36.148.195 - - [20/Feb/2021:12:18:57 +0100] "GET /ceramic-mug-fatma-by-creation-p-50326.html HTTP/1.0" 301 71515 "-" "Mozilla/5.0 (compatible; AhrefsBot/7.0; +http://ahrefs.com/robot/)"
216.18.204.215 - - [20/Feb/2021:12:19:00 +0100] "GET /the-godfather-pencil-box-p-7162.html HTTP/1.0" 301 71404 "http://www.wonder-geek.com/" "Mozilla/5.0 (compatible; Adsbot/3.1)"
216.18.204.215 - - [20/Feb/2021:12:19:10 +0100] "GET /wise-wings-glasses-case-p-51857.html HTTP/1.0" 200 71731 "http://www.wonder-geek.com/" "Mozilla/5.0 (compatible; Adsbot/3.1)"
216.18.204.215 - - [20/Feb/2021:12:19:28 +0100] "GET /wise-wings-glasses-case-p-51858.html HTTP/1.0" 200 72330 "http://www.wonder-geek.com/" "Mozilla/5.0 (compatible; Adsbot/3.1)"
13.66.139.73 - - [20/Feb/2021:12:19:34 +0100] "GET /dog-head-wallet-model-p-39440.html HTTP/1.0" 301 71425 "-" "Mozilla/5.0 (compatible; bingbot/2.0; +http://www.bing.com/bingbot.htm)"
185.191.171.25 - - [20/Feb/2021:12:19:37 +0100] "GET /le-petit-prince-de-st-exupery-box-sets-of-cups-p-53196.html?action=add_product HTTP/1.0" 301 476 "-" "Mozilla/5.0 (compatible; SemrushBot/7~bl; +http://www.semrush.com/bot.html)"
216.18.204.215 - - [20/Feb/2021:12:20:00 +0100] "GET /wise-wings-glasses-case-p-51859.html HTTP/1.0" 200 71731 "http://www.wonder-geek.com/" "Mozilla/5.0 (compatible; Adsbot/3.1)"
13.66.139.88 - - [20/Feb/2021:12:20:03 +0100] "GET /retro-phone-clock-p-51729.html HTTP/1.0" 200 71311 "-" "Mozilla/5.0 (compatible; bingbot/2.0; +http://www.bing.com/bingbot.htm)"
185.191.171.10 - - [20/Feb/2021:12:20:04 +0100] "GET /jasmin-jasmine-racing-companion-portfolio-p-46991.html?action=add_product HTTP/1.0" 302 476 "-" "Mozilla/5.0 (compatible; SemrushBot/7~bl; +http://www.semrush.com/bot.html)"
54.36.148.90 - - [20/Feb/2021:12:20:04 +0100] "GET /butterfly-wall-decoration-38-28-cm-blu-model-p-47409.html HTTP/1.0" 301 71695 "-" "Mozilla/5.0 (compatible; AhrefsBot/7.0; +http://ahrefs.com/robot/)"
185.191.171.34 - - [20/Feb/2021:12:20:11 +0100] "GET /cats-by-dubout-large-bowl-p-40052.html?action=add_product HTTP/1.0" 301 476 "-" "Mozilla/5.0 (compatible; SemrushBot/7~bl; +http://www.semrush.com/bot.html)"
216.18.204.215 - - [20/Feb/2021:12:20:28 +0100] "GET /wise-wings-glasses-case-p-51860.html HTTP/1.0" 200 71731 "http://www.wonder-geek.com/" "Mozilla/5.0 (compatible; Adsbot/3.1)"
185.191.171.45 - - [20/Feb/2021:12:20:32 +0100] "GET /candy-cloud-notepad-bubblegum-p-49835.html HTTP/1.0" 200 71393 "-" "Mozilla/5.0 (compatible; SemrushBot/7~bl; +http://www.semrush.com/bot.html)"
185.191.171.1 - - [20/Feb/2021:12:20:39 +0100] "GET /peacock-ceramic-table-center-p-49615.html HTTP/1.0" 200 71490 "-" "Mozilla/5.0 (compatible; SemrushBot/7~bl; +http://www.semrush.com/bot.html)"
185.191.171.34 - - [20/Feb/2021:12:20:42 +0100] "GET /clock-les-chats-de-dubout-p-47145.html HTTP/1.0" 301 68851 "-" "Mozilla/5.0 (compatible; SemrushBot/7~bl; +http://www.semrush.com/bot.html)"
13.66.139.137 - - [20/Feb/2021:12:20:44 +0100] "GET /glass-cutting-board-flammy-p-47883.html HTTP/1.0" 200 71343 "-" "Mozilla/5.0 (compatible; bingbot/2.0; +http://www.bing.com/bingbot.htm)"
216.244.66.242 - - [20/Feb/2021:12:20:45 +0100] "GET /buddhist-bracelet-wooden-beads-brown-p-37666.html HTTP/1.0" 200 71375 "-" "Mozilla/5.0 (compatible; DotBot/1.1; http://www.opensiteexplorer.org/dotbot, help@moz.com)"
185.191.171.25 - - [20/Feb/2021:12:20:47 +0100] "GET /popcorn-maker-oil-free-design-p-19881.html HTTP/1.0" 301 72273 "-" "Mozilla/5.0 (compatible; SemrushBot/7~bl; +http://www.semrush.com/bot.html)"
216.244.66.242 - - [20/Feb/2021:12:20:48 +0100] "GET /pusheen-birthday-collectable-set-birthday-p-40023.html HTTP/1.0" 301 72883 "-" "Mozilla/5.0 (compatible; DotBot/1.1; http://www.opensiteexplorer.org/dotbot, help@moz.com)"
185.191.171.18 - - [20/Feb/2021:12:20:49 +0100] "GET /popcorn-maker-free-design-p-19881.html HTTP/1.0" 200 72181 "-" "Mozilla/5.0 (compatible; SemrushBot/7~bl; +http://www.semrush.com/bot.html)"
216.244.66.242 - - [20/Feb/2021:12:20:52 +0100] "GET /mani-lucky-cat-multicolour-pen-p-37341.html HTTP/1.0" 301 71532 "-" "Mozilla/5.0 (compatible; DotBot/1.1; http://www.opensiteexplorer.org/dotbot, help@moz.com)"
216.244.66.242 - - [20/Feb/2021:12:20:54 +0100] "GET /rolling-stones-keyring-p-28265.html HTTP/1.0" 200 71275 "-" "Mozilla/5.0 (compatible; DotBot/1.1; http://www.opensiteexplorer.org/dotbot, help@moz.com)"
216.18.204.215 - - [20/Feb/2021:12:20:58 +0100] "GET /astronaut-skull-moneybox-p-52305.html HTTP/1.0" 200 71936 "http://www.wonder-geek.com/" "Mozilla/5.0 (compatible; Adsbot/3.1)"
216.244.66.242 - - [20/Feb/2021:12:21:06 +0100] "GET /michelle-allen-cup-glass-cat-p-24318.html HTTP/1.0" 301 71407 "-" "Mozilla/5.0 (compatible; DotBot/1.1; http://www.opensiteexplorer.org/dotbot, help@moz.com)"
216.244.66.242 - - [20/Feb/2021:12:21:10 +0100] "GET /usa-kitchen-towel-p-38789.html HTTP/1.0" 301 71346 "-" "Mozilla/5.0 (compatible; DotBot/1.1; http://www.opensiteexplorer.org/dotbot, help@moz.com)"
13.66.139.88 - - [20/Feb/2021:12:21:13 +0100] "GET /kimmidoll-shopper-bag-pink-satin-collection-p-13354.html HTTP/1.0" 301 72773 "-" "Mozilla/5.0 (compatible; bingbot/2.0; +http://www.bing.com/bingbot.htm)"
13.66.139.137 - - [20/Feb/2021:12:21:17 +0100] "GET /-p-11327.html HTTP/1.0" 200 68690 "-" "Mozilla/5.0 (compatible; bingbot/2.0; +http://www.bing.com/bingbot.htm)"
216.18.204.215 - - [20/Feb/2021:12:21:22 +0100] "GET /basket-paris-pencil-case-p-39570.html HTTP/1.0" 200 71982 "http://www.wonder-geek.com/" "Mozilla/5.0 (compatible; Adsbot/3.1)"
54.36.148.112 - - [20/Feb/2021:12:21:24 +0100] "GET /home-and-decoration-c-13.html?page=197 HTTP/1.0" 301 91191 "-" "Mozilla/5.0 (compatible; AhrefsBot/7.0; +http://ahrefs.com/robot/)"
216.244.66.242 - - [20/Feb/2021:12:21:36 +0100] "GET /wax-melt-warmer-p-37448.html HTTP/1.0" 301 72510 "-" "Mozilla/5.0 (compatible; DotBot/1.1; http://www.opensiteexplorer.org/dotbot, help@moz.com)"
216.18.204.215 - - [20/Feb/2021:12:21:43 +0100] "GET /gorjuss-ruby-pencil-case-p-40479.html HTTP/1.0" 200 71405 "http://www.wonder-geek.com/" "Mozilla/5.0 (compatible; Adsbot/3.1)"
216.244.66.242 - - [20/Feb/2021:12:21:43 +0100] "GET /couple-of-cats-mini-mug-p-45621.html HTTP/1.0" 301 68865 "-" "Mozilla/5.0 (compatible; DotBot/1.1; http://www.opensiteexplorer.org/dotbot, help@moz.com)"
216.244.66.242 - - [20/Feb/2021:12:21:49 +0100] "GET /sonny-angel-flowers-series-p-27664.html HTTP/1.0" 200 68784 "-" "Mozilla/5.0 (compatible; DotBot/1.1; http://www.opensiteexplorer.org/dotbot, help@moz.com)"
216.244.66.242 - - [20/Feb/2021:12:21:53 +0100] "GET /strawberry-shortcake-long-sleeve-shirt-p-31021.html HTTP/1.0" 200 68877 "-" "Mozilla/5.0 (compatible; DotBot/1.1; http://www.opensiteexplorer.org/dotbot, help@moz.com)"
185.191.171.7 - - [20/Feb/2021:12:22:05 +0100] "GET /lady-phone-cover-iphone-p-16763.html HTTP/1.0" 200 72051 "-" "Mozilla/5.0 (compatible; SemrushBot/7~bl; +http://www.semrush.com/bot.html)"
216.18.204.215 - - [20/Feb/2021:12:22:15 +0100] "GET /horse-mosaic-pencil-case-p-21494.html HTTP/1.0" 200 71416 "http://www.wonder-geek.com/" "Mozilla/5.0 (compatible; Adsbot/3.1)"
185.191.171.44 - - [20/Feb/2021:12:22:16 +0100] "GET /despicable-pencil-case-p-35773.html?action=add_product HTTP/1.0" 302 476 "-" "Mozilla/5.0 (compatible; SemrushBot/7~bl; +http://www.semrush.com/bot.html)"
157.55.39.99 - - [20/Feb/2021:12:22:21 +0100] "GET /-p-38509.html HTTP/1.0" 200 68690 "-" "Mozilla/5.0 (compatible; bingbot/2.0; +http://www.bing.com/bingbot.htm)"
54.36.148.212 - - [20/Feb/2021:12:22:31 +0100] "GET /kimmidoll-love-sorrow-keychain-deco-plate-p-17979.html HTTP/1.0" 200 71852 "-" "Mozilla/5.0 (compatible; AhrefsBot/7.0; +http://ahrefs.com/robot/)"
185.191.171.11 - - [20/Feb/2021:12:22:41 +0100] "GET /laissez-lucie-faire-wapi-glasses-box-p-49003.html HTTP/1.0" 301 72222 "-" "Mozilla/5.0 (compatible; SemrushBot/7~bl; +http://www.semrush.com/bot.html)"
66.249.69.166 - - [20/Feb/2021:12:22:49 +0100] "GET /vespa-beige-phone-cover-for-iphone-p-23054.html HTTP/1.0" 301 74487 "-" "Mozilla/5.0 (Linux; Android 6.0.1; Nexus 5X Build/MMB29P) AppleWebKit/537.36 (KHTML, like Gecko) Chrome/88.0.4324.153 Mobile Safari/537.36 (compatible; Googlebot/2.1; +http://www.google.com/bot.html)"
66.249.69.166 - - [20/Feb/2021:12:22:50 +0100] "GET /taz-pencil-case-p-10628.html HTTP/1.0" 301 71530 "-" "Mozilla/5.0 (Linux; Android 6.0.1; Nexus 5X Build/MMB29P) AppleWebKit/537.36 (KHTML, like Gecko) Chrome/88.0.4324.153 Mobile Safari/537.36 (compatible; Googlebot/2.1; +http://www.google.com/bot.html)"
216.18.204.215 - - [20/Feb/2021:12:22:49 +0100] "GET /indigo-tulip-alarm-clock-p-47273.html HTTP/1.0" 200 72672 "http://www.wonder-geek.com/" "Mozilla/5.0 (compatible; Adsbot/3.1)"
66.249.69.166 - - [20/Feb/2021:12:22:51 +0100] "GET /vespa-beige-phone-cover-iphone-p-23054.html HTTP/1.0" 200 74390 "-" "Mozilla/5.0 (Linux; Android 6.0.1; Nexus 5X Build/MMB29P) AppleWebKit/537.36 (KHTML, like Gecko) Chrome/88.0.4324.153 Mobile Safari/537.36 (compatible; Googlebot/2.1; +http://www.google.com/bot.html)"
66.249.69.162 - - [20/Feb/2021:12:22:52 +0100] "GET /pencil-case-p-10628.html HTTP/1.0" 200 71452 "-" "Mozilla/5.0 (Linux; Android 6.0.1; Nexus 5X Build/MMB29P) AppleWebKit/537.36 (KHTML, like Gecko) Chrome/88.0.4324.153 Mobile Safari/537.36 (compatible; Googlebot/2.1; +http://www.google.com/bot.html)"
13.66.139.88 - - [20/Feb/2021:12:23:03 +0100] "GET /kimmidoll-namika-nail-files-p-31931.html HTTP/1.0" 200 71428 "-" "Mozilla/5.0 (compatible; bingbot/2.0; +http://www.bing.com/bingbot.htm)"
13.66.139.88 - - [20/Feb/2021:12:23:24 +0100] "GET /polar-bear-small-round-magnet-p-31912.html HTTP/1.0" 200 71386 "-" "Mozilla/5.0 (compatible; bingbot/2.0; +http://www.bing.com/bingbot.htm)"
216.18.204.215 - - [20/Feb/2021:12:23:27 +0100] "GET /medusa-glass-paperweight-p-47403.html HTTP/1.0" 200 71332 "http://www.wonder-geek.com/" "Mozilla/5.0 (compatible; Adsbot/3.1)"
13.66.139.137 - - [20/Feb/2021:12:23:34 +0100] "GET /bulldog-money-box-p-52598.html HTTP/1.0" 301 71938 "-" "Mozilla/5.0 (compatible; bingbot/2.0; +http://www.bing.com/bingbot.htm)"
54.36.148.23 - - [20/Feb/2021:12:23:47 +0100] "GET /cushion-for-dog-90-65-cm-p-49535.html HTTP/1.0" 301 71917 "-" "Mozilla/5.0 (compatible; AhrefsBot/7.0; +http://ahrefs.com/robot/)"
216.18.204.215 - - [20/Feb/2021:12:23:52 +0100] "GET /medusa-glass-paperweight-p-47404.html HTTP/1.0" 200 71334 "http://www.wonder-geek.com/" "Mozilla/5.0 (compatible; Adsbot/3.1)"
185.191.171.5 - - [20/Feb/2021:12:24:11 +0100] "GET /disney-frozen-olaf-large-p-31219.html?action=add_product HTTP/1.0" 302 476 "-" "Mozilla/5.0 (compatible; SemrushBot/7~bl; +http://www.semrush.com/bot.html)"
185.191.171.43 - - [20/Feb/2021:12:24:14 +0100] "GET /mustang-metal-plate-deco-p-42363.html?action=add_product HTTP/1.0" 302 476 "-" "Mozilla/5.0 (compatible; SemrushBot/7~bl; +http://www.semrush.com/bot.html)"
13.66.139.73 - - [20/Feb/2021:12:24:15 +0100] "GET /-p-46890.html HTTP/1.0" 200 68690 "-" "Mozilla/5.0 (compatible; bingbot/2.0; +http://www.bing.com/bingbot.htm)"
185.191.171.43 - - [20/Feb/2021:12:24:16 +0100] "GET /small-collection-plate-metal-vespa-black-white-p-16833.html?action=add_product HTTP/1.0" 302 476 "-" "Mozilla/5.0 (compatible; SemrushBot/7~bl; +http://www.semrush.com/bot.html)"
216.18.204.215 - - [20/Feb/2021:12:24:20 +0100] "GET /medusa-glass-paperweight-p-48034.html HTTP/1.0" 200 71332 "http://www.wonder-geek.com/" "Mozilla/5.0 (compatible; Adsbot/3.1)"
216.18.204.215 - - [20/Feb/2021:12:24:44 +0100] "GET /medusa-glass-paperweight-p-49430.html HTTP/1.0" 200 71335 "http://www.wonder-geek.com/" "Mozilla/5.0 (compatible; Adsbot/3.1)"
13.66.139.73 - - [20/Feb/2021:12:24:44 +0100] "GET /-p-20601.html HTTP/1.0" 200 68690 "-" "Mozilla/5.0 (compatible; bingbot/2.0; +http://www.bing.com/bingbot.htm)"
157.55.39.255 - - [20/Feb/2021:12:25:05 +0100] "GET /fragrances-of-ambiance-c-231.html?page=5 HTTP/1.0" 301 90063 "-" "Mozilla/5.0 (compatible; bingbot/2.0; +http://www.bing.com/bingbot.htm)"
54.36.149.48 - - [20/Feb/2021:12:25:08 +0100] "GET /support-metal-bottle-the-guitarist-p-44571.html HTTP/1.0" 301 71590 "-" "Mozilla/5.0 (compatible; AhrefsBot/7.0; +http://ahrefs.com/robot/)"
185.191.171.6 - - [20/Feb/2021:12:25:09 +0100] "GET /skull-glasses-p-38485.html?action=add_product HTTP/1.0" 302 476 "-" "Mozilla/5.0 (compatible; SemrushBot/7~bl; +http://www.semrush.com/bot.html)"
13.66.139.137 - - [20/Feb/2021:12:25:14 +0100] "GET /mani-the-lucky-cat-brush-p-44110.html HTTP/1.0" 301 71436 "-" "Mozilla/5.0 (compatible; bingbot/2.0; +http://www.bing.com/bingbot.htm)"
13.66.139.137 - - [20/Feb/2021:12:25:15 +0100] "GET /mani-the-lucky-cat-black-keychain-p-37421.html HTTP/1.0" 301 68922 "-" "Mozilla/5.0 (compatible; bingbot/2.0; +http://www.bing.com/bingbot.htm)"
185.191.171.20 - - [20/Feb/2021:12:25:19 +0100] "GET /light-wood-lamp-vintage-bulb-p-50723.html?action=add_product HTTP/1.0" 302 476 "-" "Mozilla/5.0 (compatible; SemrushBot/7~bl; +http://www.semrush.com/bot.html)"
216.18.204.215 - - [20/Feb/2021:12:25:20 +0100] "GET /medusa-glass-paperweight-p-49431.html HTTP/1.0" 200 71332 "http://www.wonder-geek.com/" "Mozilla/5.0 (compatible; Adsbot/3.1)"
66.249.69.162 - - [20/Feb/2021:12:25:34 +0100] "GET /espresso-cups-bistro-p-49739.html HTTP/1.0" 200 71360 "-" "Mozilla/5.0 (Linux; Android 6.0.1; Nexus 5X Build/MMB29P) AppleWebKit/537.36 (KHTML, like Gecko) Chrome/88.0.4324.153 Mobile Safari/537.36 (compatible; Googlebot/2.1; +http://www.google.com/bot.html)"
185.191.171.41 - - [20/Feb/2021:12:25:39 +0100] "GET /moroccan-ashtray-p-40620.html HTTP/1.0" 200 71296 "-" "Mozilla/5.0 (compatible; SemrushBot/7~bl; +http://www.semrush.com/bot.html)"
216.18.204.215 - - [20/Feb/2021:12:25:42 +0100] "GET /medusa-glass-paperweight-p-51093.html HTTP/1.0" 200 71332 "http://www.wonder-geek.com/" "Mozilla/5.0 (compatible; Adsbot/3.1)"
13.66.139.88 - - [20/Feb/2021:12:26:04 +0100] "GET /minions-stickers-p-31216.html HTTP/1.0" 200 71287 "-" "Mozilla/5.0 (compatible; bingbot/2.0; +http://www.bing.com/bingbot.htm)"
216.18.204.215 - - [20/Feb/2021:12:26:05 +0100] "GET /medusa-glass-paperweight-p-51095.html HTTP/1.0" 200 71337 "http://www.wonder-geek.com/" "Mozilla/5.0 (compatible; Adsbot/3.1)"
185.191.171.40 - - [20/Feb/2021:12:26:09 +0100] "GET /cotton-floor-cushion-p-51756.html?action=add_product HTTP/1.0" 302 476 "-" "Mozilla/5.0 (compatible; SemrushBot/7~bl; +http://www.semrush.com/bot.html)"
66.249.69.166 - - [20/Feb/2021:12:26:13 +0100] "GET /images/big_prod_2/8424346256662c.jpg HTTP/1.0" 200 271 "-" "Googlebot-Image/1.0"
13.66.139.88 - - [20/Feb/2021:12:26:15 +0100] "GET /cyclades-carpet-120-170-cm-white-model-p-47957.html HTTP/1.0" 301 68908 "-" "Mozilla/5.0 (compatible; bingbot/2.0; +http://www.bing.com/bingbot.htm)"
185.191.171.3 - - [20/Feb/2021:12:26:21 +0100] "GET /elvis-presley-rectangular-mirror-p-48298.html HTTP/1.0" 200 71372 "-" "Mozilla/5.0 (compatible; SemrushBot/7~bl; +http://www.semrush.com/bot.html)"
216.18.204.215 - - [20/Feb/2021:12:26:28 +0100] "GET /medusa-glass-paperweight-p-51429.html HTTP/1.0" 200 71332 "http://www.wonder-geek.com/" "Mozilla/5.0 (compatible; Adsbot/3.1)"
13.66.139.137 - - [20/Feb/2021:12:26:34 +0100] "GET /tin-and-metal-signs-c-13_130.html?page=6 HTTP/1.0" 301 93510 "-" "Mozilla/5.0 (compatible; bingbot/2.0; +http://www.bing.com/bingbot.htm)"
185.191.171.14 - - [20/Feb/2021:12:26:38 +0100] "GET /gold-silver-crucifix-pendant-zippo-chain-venetian-mesh-p-49088.html HTTP/1.0" 200 72599 "-" "Mozilla/5.0 (compatible; SemrushBot/7~bl; +http://www.semrush.com/bot.html)"
54.36.148.104 - - [20/Feb/2021:12:26:40 +0100] "GET /glam-small-mug-by-cbkreation-p-17543.html HTTP/1.0" 301 71510 "-" "Mozilla/5.0 (compatible; AhrefsBot/7.0; +http://ahrefs.com/robot/)"
185.191.171.37 - - [20/Feb/2021:12:26:40 +0100] "GET /pencil-pooby-ylvi-minimoomis-p-33972.html HTTP/1.0" 200 73276 "-" "Mozilla/5.0 (compatible; SemrushBot/7~bl; +http://www.semrush.com/bot.html)"
13.66.139.88 - - [20/Feb/2021:12:26:54 +0100] "GET /dog-bowl-french-kiss-paris-p-37291.html HTTP/1.0" 301 71419 "-" "Mozilla/5.0 (compatible; bingbot/2.0; +http://www.bing.com/bingbot.htm)"
13.66.139.88 - - [20/Feb/2021:12:26:55 +0100] "GET /fragrance-sachet-cerulean-sky-p-40546.html HTTP/1.0" 301 72139 "-" "Mozilla/5.0 (compatible; bingbot/2.0; +http://www.bing.com/bingbot.htm)"
216.18.204.215 - - [20/Feb/2021:12:26:54 +0100] "GET /medusa-glass-paperweight-p-51430.html HTTP/1.0" 200 71332 "http://www.wonder-geek.com/" "Mozilla/5.0 (compatible; Adsbot/3.1)"
13.66.139.73 - - [20/Feb/2021:12:26:58 +0100] "GET /veronese-design-vitruvian-man-figurine-22-cm-p-34249.html HTTP/1.0" 301 71961 "-" "Mozilla/5.0 (compatible; bingbot/2.0; +http://www.bing.com/bingbot.htm)"
216.18.204.215 - - [20/Feb/2021:12:27:10 +0100] "GET /medusa-glass-paperweight-p-53618.html HTTP/1.0" 200 71360 "http://www.wonder-geek.com/" "Mozilla/5.0 (compatible; Adsbot/3.1)"
114.119.144.233 - - [20/Feb/2021:12:27:16 +0100] "GET /images/mini_prod/3700516221544.jpg HTTP/1.0" 200 269 "-" "Mozilla/5.0 (Linux; Android 7.0;) AppleWebKit/537.36 (KHTML, like Gecko) Mobile Safari/537.36 (compatible; PetalBot;+https://aspiegel.com/petalbot)"
185.191.171.8 - - [20/Feb/2021:12:27:20 +0100] "GET /cherry-grey-espresso-p-35147.html HTTP/1.0" 200 71339 "-" "Mozilla/5.0 (compatible; SemrushBot/7~bl; +http://www.semrush.com/bot.html)"
185.191.171.11 - - [20/Feb/2021:12:27:22 +0100] "GET /marmot-dish-cake-p-45125.html HTTP/1.0" 200 71270 "-" "Mozilla/5.0 (compatible; SemrushBot/7~bl; +http://www.semrush.com/bot.html)"
185.191.171.2 - - [20/Feb/2021:12:27:32 +0100] "GET /disney-showcase-lady-tremaine-figurine-p-45821.html HTTP/1.0" 301 68757 "-" "Mozilla/5.0 (compatible; SemrushBot/7~bl; +http://www.semrush.com/bot.html)"
185.191.171.33 - - [20/Feb/2021:12:27:34 +0100] "GET /-p-45821.html HTTP/1.0" 200 68690 "-" "Mozilla/5.0 (compatible; SemrushBot/7~bl; +http://www.semrush.com/bot.html)"
185.191.171.12 - - [20/Feb/2021:12:27:37 +0100] "GET /set-of-cement-tile-coasters-p-53118.html HTTP/1.0" 301 71425 "-" "Mozilla/5.0 (compatible; SemrushBot/7~bl; +http://www.semrush.com/bot.html)"
216.18.204.215 - - [20/Feb/2021:12:27:37 +0100] "GET /medusa-glass-paperweight-p-53632.html HTTP/1.0" 200 68776 "http://www.wonder-geek.com/" "Mozilla/5.0 (compatible; Adsbot/3.1)"
185.191.171.3 - - [20/Feb/2021:12:27:46 +0100] "GET /cement-tile-coasters-p-53118.html HTTP/1.0" 200 71338 "-" "Mozilla/5.0 (compatible; SemrushBot/7~bl; +http://www.semrush.com/bot.html)"
54.36.148.13 - - [20/Feb/2021:12:27:51 +0100] "GET /meditation-cushion-yoga-bolster-black-p-45364.html HTTP/1.0" 200 72459 "-" "Mozilla/5.0 (compatible; AhrefsBot/7.0; +http://ahrefs.com/robot/)"
185.191.171.3 - - [20/Feb/2021:12:27:52 +0100] "GET /nitro-xl-pencil-case-red-p-35703.html HTTP/1.0" 301 68850 "-" "Mozilla/5.0 (compatible; SemrushBot/7~bl; +http://www.semrush.com/bot.html)"
185.191.171.24 - - [20/Feb/2021:12:27:54 +0100] "GET /nitro-pencil-case-p-35703.html HTTP/1.0" 200 68766 "-" "Mozilla/5.0 (compatible; SemrushBot/7~bl; +http://www.semrush.com/bot.html)"
185.191.171.20 - - [20/Feb/2021:12:27:56 +0100] "GET /cafe-georges-clounet-mug-p-39535.html HTTP/1.0" 301 71415 "-" "Mozilla/5.0 (compatible; SemrushBot/7~bl; +http://www.semrush.com/bot.html)"
185.191.171.12 - - [20/Feb/2021:12:27:58 +0100] "GET /georges-clounet-p-39535.html HTTP/1.0" 200 71333 "-" "Mozilla/5.0 (compatible; SemrushBot/7~bl; +http://www.semrush.com/bot.html)"
13.66.139.73 - - [20/Feb/2021:12:28:04 +0100] "GET /asterix-and-obelix-fulliautomatix-figure-p-15704.html HTTP/1.0" 301 68979 "-" "Mozilla/5.0 (compatible; bingbot/2.0; +http://www.bing.com/bingbot.htm)"
216.18.204.215 - - [20/Feb/2021:12:28:04 +0100] "GET /medusa-glass-paperweight-p-53638.html HTTP/1.0" 200 71332 "http://www.wonder-geek.com/" "Mozilla/5.0 (compatible; Adsbot/3.1)"
