13.66.139.137 - - [20/Feb/2021:10:43:56 +0100] "GET /-p-17334.html HTTP/1.0" 200 68690 "-" "Mozilla/5.0 (compatible; bingbot/2.0; +http://www.bing.com/bingbot.htm)"
13.66.139.137 - - [20/Feb/2021:10:43:57 +0100] "GET /-p-34432.html HTTP/1.0" 200 68690 "-" "Mozilla/5.0 (compatible; bingbot/2.0; +http://www.bing.com/bingbot.htm)"
13.66.139.137 - - [20/Feb/2021:10:43:58 +0100] "GET /-p-16217.html HTTP/1.0" 200 68690 "-" "Mozilla/5.0 (compatible; bingbot/2.0; +http://www.bing.com/bingbot.htm)"
13.66.139.137 - - [20/Feb/2021:10:43:59 +0100] "GET /-p-16594.html HTTP/1.0" 200 68690 "-" "Mozilla/5.0 (compatible; bingbot/2.0; +http://www.bing.com/bingbot.htm)"
185.191.171.43 - - [20/Feb/2021:10:44:04 +0100] "GET /elephants-wall-decoration-p-46716.html HTTP/1.0" 200 71371 "-" "Mozilla/5.0 (compatible; SemrushBot/7~bl; +http://www.semrush.com/bot.html)"
13.66.139.137 - - [20/Feb/2021:10:44:05 +0100] "GET /-p-35459.html HTTP/1.0" 200 68690 "-" "Mozilla/5.0 (compatible; bingbot/2.0; +http://www.bing.com/bingbot.htm)"
13.66.139.137 - - [20/Feb/2021:10:44:06 +0100] "GET /-p-12903.html HTTP/1.0" 200 68690 "-" "Mozilla/5.0 (compatible; bingbot/2.0; +http://www.bing.com/bingbot.htm)"
13.66.139.137 - - [20/Feb/2021:10:44:07 +0100] "GET /-p-25100.html HTTP/1.0" 200 68690 "-" "Mozilla/5.0 (compatible; bingbot/2.0; +http://www.bing.com/bingbot.htm)"
13.66.139.137 - - [20/Feb/2021:10:44:08 +0100] "GET /-p-21270.html HTTP/1.0" 200 68690 "-" "Mozilla/5.0 (compatible; bingbot/2.0; +http://www.bing.com/bingbot.htm)"
13.66.139.137 - - [20/Feb/2021:10:44:09 +0100] "GET /-p-20039.html HTTP/1.0" 200 68690 "-" "Mozilla/5.0 (compatible; bingbot/2.0; +http://www.bing.com/bingbot.htm)"
13.66.139.137 - - [20/Feb/2021:10:44:10 +0100] "GET /-p-18667.html HTTP/1.0" 200 68690 "-" "Mozilla/5.0 (compatible; bingbot/2.0; +http://www.bing.com/bingbot.htm)"
13.66.139.137 - - [20/Feb/2021:10:44:10 +0100] "GET /-p-6602.html HTTP/1.0" 200 68688 "-" "Mozilla/5.0 (compatible; bingbot/2.0; +http://www.bing.com/bingbot.htm)"
13.66.139.137 - - [20/Feb/2021:10:44:11 +0100] "GET /beyblade-mattress-swimming-pool-p-14358.html HTTP/1.0" 200 71521 "-" "Mozilla/5.0 (compatible; bingbot/2.0; +http://www.bing.com/bingbot.htm)"
13.66.139.137 - - [20/Feb/2021:10:44:13 +0100] "GET /-p-5028.html HTTP/1.0" 200 68688 "-" "Mozilla/5.0 (compatible; bingbot/2.0; +http://www.bing.com/bingbot.htm)"
13.66.139.137 - - [20/Feb/2021:10:44:13 +0100] "GET /-p-16706.html HTTP/1.0" 200 68690 "-" "Mozilla/5.0 (compatible; bingbot/2.0; +http://www.bing.com/bingbot.htm)"
185.191.171.34 - - [20/Feb/2021:10:44:14 +0100] "GET /fish-wooden-p-35652.html?action=add_product HTTP/1.0" 302 476 "-" "Mozilla/5.0 (compatible; SemrushBot/7~bl; +http://www.semrush.com/bot.html)"
13.66.139.137 - - [20/Feb/2021:10:44:14 +0100] "GET /bistrot-white-metal-tray-p-47722.html HTTP/1.0" 301 68757 "-" "Mozilla/5.0 (compatible; bingbot/2.0; +http://www.bing.com/bingbot.htm)"
13.66.139.73 - - [20/Feb/2021:10:44:17 +0100] "GET /-p-33436.html HTTP/1.0" 200 68690 "-" "Mozilla/5.0 (compatible; bingbot/2.0; +http://www.bing.com/bingbot.htm)"
13.66.139.73 - - [20/Feb/2021:10:44:18 +0100] "GET /-p-29762.html HTTP/1.0" 200 68690 "-" "Mozilla/5.0 (compatible; bingbot/2.0; +http://www.bing.com/bingbot.htm)"
13.66.139.73 - - [20/Feb/2021:10:44:19 +0100] "GET /-p-38836.html HTTP/1.0" 200 68690 "-" "Mozilla/5.0 (compatible; bingbot/2.0; +http://www.bing.com/bingbot.htm)"
13.66.139.73 - - [20/Feb/2021:10:44:20 +0100] "GET /alarms-clocks-c-13_65.html HTTP/1.0" 200 89565 "-" "Mozilla/5.0 (compatible; bingbot/2.0; +http://www.bing.com/bingbot.htm)"
13.66.139.73 - - [20/Feb/2021:10:44:21 +0100] "GET /-p-46890.html HTTP/1.0" 200 68690 "-" "Mozilla/5.0 (compatible; bingbot/2.0; +http://www.bing.com/bingbot.htm)"
13.66.139.73 - - [20/Feb/2021:10:44:22 +0100] "GET /-p-20601.html HTTP/1.0" 200 68690 "-" "Mozilla/5.0 (compatible; bingbot/2.0; +http://www.bing.com/bingbot.htm)"
13.66.139.73 - - [20/Feb/2021:10:44:23 +0100] "GET /-p-24517.html HTTP/1.0" 200 68690 "-" "Mozilla/5.0 (compatible; bingbot/2.0; +http://www.bing.com/bingbot.htm)"
13.66.139.73 - - [20/Feb/2021:10:44:24 +0100] "GET /-p-33414.html HTTP/1.0" 200 68690 "-" "Mozilla/5.0 (compatible; bingbot/2.0; +http://www.bing.com/bingbot.htm)"
13.66.139.73 - - [20/Feb/2021:10:44:25 +0100] "GET /-p-22489.html HTTP/1.0" 200 68690 "-" "Mozilla/5.0 (compatible; bingbot/2.0; +http://www.bing.com/bingbot.htm)"
13.66.139.73 - - [20/Feb/2021:10:44:26 +0100] "GET /-p-22216.html HTTP/1.0" 200 68690 "-" "Mozilla/5.0 (compatible; bingbot/2.0; +http://www.bing.com/bingbot.htm)"
13.66.139.73 - - [20/Feb/2021:10:44:26 +0100] "GET /-p-10297.html HTTP/1.0" 200 68690 "-" "Mozilla/5.0 (compatible; bingbot/2.0; +http://www.bing.com/bingbot.htm)"
13.66.139.73 - - [20/Feb/2021:10:44:27 +0100] "GET /-p-22363.html HTTP/1.0" 200 68690 "-" "Mozilla/5.0 (compatible; bingbot/2.0; +http://www.bing.com/bingbot.htm)"
13.66.139.73 - - [20/Feb/2021:10:44:28 +0100] "GET /-p-17645.html HTTP/1.0" 200 68690 "-" "Mozilla/5.0 (compatible; bingbot/2.0; +http://www.bing.com/bingbot.htm)"
13.66.139.73 - - [20/Feb/2021:10:44:29 +0100] "GET /-p-32671.html HTTP/1.0" 200 68690 "-" "Mozilla/5.0 (compatible; bingbot/2.0; +http://www.bing.com/bingbot.htm)"
13.66.139.88 - - [20/Feb/2021:10:44:30 +0100] "GET /-p-41801.html HTTP/1.0" 200 68690 "-" "Mozilla/5.0 (compatible; bingbot/2.0; +http://www.bing.com/bingbot.htm)"
13.66.139.88 - - [20/Feb/2021:10:44:31 +0100] "GET /-p-29212.html HTTP/1.0" 200 68690 "-" "Mozilla/5.0 (compatible; bingbot/2.0; +http://www.bing.com/bingbot.htm)"
13.66.139.88 - - [20/Feb/2021:10:44:32 +0100] "GET /-p-17140.html HTTP/1.0" 200 68690 "-" "Mozilla/5.0 (compatible; bingbot/2.0; +http://www.bing.com/bingbot.htm)"
13.66.139.88 - - [20/Feb/2021:10:44:33 +0100] "GET /-p-20310.html HTTP/1.0" 200 68690 "-" "Mozilla/5.0 (compatible; bingbot/2.0; +http://www.bing.com/bingbot.htm)"
13.66.139.88 - - [20/Feb/2021:10:44:34 +0100] "GET /-p-19229.html HTTP/1.0" 200 68690 "-" "Mozilla/5.0 (compatible; bingbot/2.0; +http://www.bing.com/bingbot.htm)"
185.191.171.10 - - [20/Feb/2021:10:44:35 +0100] "GET /cotton-floor-cushion-45-cm-scandi-blue-p-49139.html HTTP/1.0" 301 68757 "-" "Mozilla/5.0 (compatible; SemrushBot/7~bl; +http://www.semrush.com/bot.html)"
13.66.139.73 - - [20/Feb/2021:10:44:35 +0100] "GET /-p-13205.html HTTP/1.0" 200 68690 "-" "Mozilla/5.0 (compatible; bingbot/2.0; +http://www.bing.com/bingbot.htm)"
13.66.139.73 - - [20/Feb/2021:10:44:36 +0100] "GET /-p-9859.html HTTP/1.0" 200 68688 "-" "Mozilla/5.0 (compatible; bingbot/2.0; +http://www.bing.com/bingbot.htm)"
185.191.171.8 - - [20/Feb/2021:10:44:37 +0100] "GET /-p-49139.html HTTP/1.0" 200 68690 "-" "Mozilla/5.0 (compatible; SemrushBot/7~bl; +http://www.semrush.com/bot.html)"
13.66.139.73 - - [20/Feb/2021:10:44:37 +0100] "GET /-p-7163.html HTTP/1.0" 200 68688 "-" "Mozilla/5.0 (compatible; bingbot/2.0; +http://www.bing.com/bingbot.htm)"
13.66.139.73 - - [20/Feb/2021:10:44:38 +0100] "GET /-p-8473.html HTTP/1.0" 200 68688 "-" "Mozilla/5.0 (compatible; bingbot/2.0; +http://www.bing.com/bingbot.htm)"
13.66.139.73 - - [20/Feb/2021:10:44:39 +0100] "GET /-p-5172.html HTTP/1.0" 200 68688 "-" "Mozilla/5.0 (compatible; bingbot/2.0; +http://www.bing.com/bingbot.htm)"
13.66.139.88 - - [20/Feb/2021:10:44:40 +0100] "GET /-p-22347.html HTTP/1.0" 200 68690 "-" "Mozilla/5.0 (compatible; bingbot/2.0; +http://www.bing.com/bingbot.htm)"
13.66.139.88 - - [20/Feb/2021:10:44:41 +0100] "GET /-p-19146.html HTTP/1.0" 200 68690 "-" "Mozilla/5.0 (compatible; bingbot/2.0; +http://www.bing.com/bingbot.htm)"
13.66.139.88 - - [20/Feb/2021:10:44:42 +0100] "GET /office-items-c-97_100.html HTTP/1.0" 200 88750 "-" "Mozilla/5.0 (compatible; bingbot/2.0; +http://www.bing.com/bingbot.htm)"
13.66.139.88 - - [20/Feb/2021:10:44:43 +0100] "GET /-p-22131.html HTTP/1.0" 200 68690 "-" "Mozilla/5.0 (compatible; bingbot/2.0; +http://www.bing.com/bingbot.htm)"
13.66.139.88 - - [20/Feb/2021:10:44:44 +0100] "GET /-p-23188.html HTTP/1.0" 200 68690 "-" "Mozilla/5.0 (compatible; bingbot/2.0; +http://www.bing.com/bingbot.htm)"
13.66.139.73 - - [20/Feb/2021:10:44:45 +0100] "GET /images/big_prod/5701359747039.jpg HTTP/1.0" 200 268 "-" "Mozilla/5.0 (compatible; bingbot/2.0; +http://www.bing.com/bingbot.htm)"
13.66.139.73 - - [20/Feb/2021:10:44:47 +0100] "GET /suicide-squad-group-poster-p-37817.html HTTP/1.0" 200 71355 "-" "Mozilla/5.0 (compatible; bingbot/2.0; +http://www.bing.com/bingbot.htm)"
13.66.139.88 - - [20/Feb/2021:10:44:50 +0100] "GET /-p-17183.html HTTP/1.0" 200 68690 "-" "Mozilla/5.0 (compatible; bingbot/2.0; +http://www.bing.com/bingbot.htm)"
13.66.139.88 - - [20/Feb/2021:10:44:51 +0100] "GET /-p-13209.html HTTP/1.0" 200 68690 "-" "Mozilla/5.0 (compatible; bingbot/2.0; +http://www.bing.com/bingbot.htm)"
13.66.139.88 - - [20/Feb/2021:10:44:52 +0100] "GET /-p-20575.html HTTP/1.0" 200 68690 "-" "Mozilla/5.0 (compatible; bingbot/2.0; +http://www.bing.com/bingbot.htm)"
13.66.139.88 - - [20/Feb/2021:10:44:53 +0100] "GET /-p-2370.html HTTP/1.0" 200 68688 "-" "Mozilla/5.0 (compatible; bingbot/2.0; +http://www.bing.com/bingbot.htm)"
13.66.139.88 - - [20/Feb/2021:10:44:54 +0100] "GET /-p-6621.html HTTP/1.0" 200 68688 "-" "Mozilla/5.0 (compatible; bingbot/2.0; +http://www.bing.com/bingbot.htm)"
13.66.139.88 - - [20/Feb/2021:10:44:57 +0100] "GET /-p-9303.html HTTP/1.0" 200 68688 "-" "Mozilla/5.0 (compatible; bingbot/2.0; +http://www.bing.com/bingbot.htm)"
13.66.139.88 - - [20/Feb/2021:10:44:57 +0100] "GET /images/big_prod/8433933118559.jpg HTTP/1.0" 200 268 "-" "Mozilla/5.0 (compatible; bingbot/2.0; +http://www.bing.com/bingbot.htm)"
13.66.139.88 - - [20/Feb/2021:10:44:58 +0100] "GET /-p-15716.html HTTP/1.0" 200 68690 "-" "Mozilla/5.0 (compatible; bingbot/2.0; +http://www.bing.com/bingbot.htm)"
13.66.139.88 - - [20/Feb/2021:10:45:06 +0100] "GET /images/big_prod/3520071693804.jpg HTTP/1.0" 200 268 "-" "Mozilla/5.0 (compatible; bingbot/2.0; +http://www.bing.com/bingbot.htm)"
13.66.139.88 - - [20/Feb/2021:10:45:06 +0100] "GET /lego-star-wars-yoda-led-lite-keychains-p-27075.html HTTP/1.0" 301 71681 "-" "Mozilla/5.0 (compatible; bingbot/2.0; +http://www.bing.com/bingbot.htm)"
185.191.171.33 - - [20/Feb/2021:10:45:07 +0100] "GET /woodlove-charming-dekor-bedclothes-260-240-cm-p-36795.html HTTP/1.0" 301 71679 "-" "Mozilla/5.0 (compatible; SemrushBot/7~bl; +http://www.semrush.com/bot.html)"
54.36.148.196 - - [20/Feb/2021:10:45:09 +0100] "GET /islande-clock-by-cbkreation-p-36923.html HTTP/1.0" 301 71434 "-" "Mozilla/5.0 (compatible; AhrefsBot/7.0; +http://ahrefs.com/robot/)"
185.191.171.20 - - [20/Feb/2021:10:45:09 +0100] "GET /woodlove-charming-dekor-bedclothes-p-36795.html HTTP/1.0" 200 71578 "-" "Mozilla/5.0 (compatible; SemrushBot/7~bl; +http://www.semrush.com/bot.html)"
185.191.171.15 - - [20/Feb/2021:10:45:11 +0100] "GET /microfibre-bed-base-cover-140-190-cm-black-p-47978.html HTTP/1.0" 301 71594 "-" "Mozilla/5.0 (compatible; SemrushBot/7~bl; +http://www.semrush.com/bot.html)"
185.191.171.14 - - [20/Feb/2021:10:45:14 +0100] "GET /microfibre-base-cover-black-p-47978.html HTTP/1.0" 200 71500 "-" "Mozilla/5.0 (compatible; SemrushBot/7~bl; +http://www.semrush.com/bot.html)"
13.66.139.137 - - [20/Feb/2021:10:45:15 +0100] "GET /teo-jasmin-pencil-case-p-31570.html HTTP/1.0" 301 71484 "-" "Mozilla/5.0 (compatible; bingbot/2.0; +http://www.bing.com/bingbot.htm)"
13.66.139.88 - - [20/Feb/2021:10:45:19 +0100] "GET /skull-sailor-moneybox-black-p-32589.html HTTP/1.0" 200 71349 "-" "Mozilla/5.0 (compatible; bingbot/2.0; +http://www.bing.com/bingbot.htm)"
13.66.139.137 - - [20/Feb/2021:10:45:44 +0100] "GET /-p-31444.html HTTP/1.0" 200 68690 "-" "Mozilla/5.0 (compatible; bingbot/2.0; +http://www.bing.com/bingbot.htm)"
13.66.139.137 - - [20/Feb/2021:10:45:45 +0100] "GET /-p-15009.html HTTP/1.0" 200 68690 "-" "Mozilla/5.0 (compatible; bingbot/2.0; +http://www.bing.com/bingbot.htm)"
13.66.139.137 - - [20/Feb/2021:10:45:46 +0100] "GET /-p-16587.html HTTP/1.0" 200 68690 "-" "Mozilla/5.0 (compatible; bingbot/2.0; +http://www.bing.com/bingbot.htm)"
13.66.139.137 - - [20/Feb/2021:10:45:47 +0100] "GET /-p-17658.html HTTP/1.0" 200 68690 "-" "Mozilla/5.0 (compatible; bingbot/2.0; +http://www.bing.com/bingbot.htm)"
13.66.139.137 - - [20/Feb/2021:10:45:48 +0100] "GET /-p-31797.html HTTP/1.0" 200 68690 "-" "Mozilla/5.0 (compatible; bingbot/2.0; +http://www.bing.com/bingbot.htm)"
13.66.139.137 - - [20/Feb/2021:10:45:49 +0100] "GET /-p-18281.html HTTP/1.0" 200 68690 "-" "Mozilla/5.0 (compatible; bingbot/2.0; +http://www.bing.com/bingbot.htm)"
13.66.139.137 - - [20/Feb/2021:10:45:50 +0100] "GET /-p-26978.html HTTP/1.0" 200 68690 "-" "Mozilla/5.0 (compatible; bingbot/2.0; +http://www.bing.com/bingbot.htm)"
13.66.139.73 - - [20/Feb/2021:10:45:51 +0100] "GET /-p-10508.html HTTP/1.0" 200 68690 "-" "Mozilla/5.0 (compatible; bingbot/2.0; +http://www.bing.com/bingbot.htm)"
13.66.139.73 - - [20/Feb/2021:10:45:52 +0100] "GET /-p-25940.html HTTP/1.0" 200 68690 "-" "Mozilla/5.0 (compatible; bingbot/2.0; +http://www.bing.com/bingbot.htm)"
13.66.139.73 - - [20/Feb/2021:10:45:52 +0100] "GET /-p-15720.html HTTP/1.0" 200 68690 "-" "Mozilla/5.0 (compatible; bingbot/2.0; +http://www.bing.com/bingbot.htm)"
13.66.139.73 - - [20/Feb/2021:10:45:53 +0100] "GET /-p-24312.html HTTP/1.0" 200 68690 "-" "Mozilla/5.0 (compatible; bingbot/2.0; +http://www.bing.com/bingbot.htm)"
13.66.139.73 - - [20/Feb/2021:10:45:54 +0100] "GET /-p-35286.html HTTP/1.0" 200 68690 "-" "Mozilla/5.0 (compatible; bingbot/2.0; +http://www.bing.com/bingbot.htm)"
13.66.139.73 - - [20/Feb/2021:10:45:55 +0100] "GET /-p-18334.html HTTP/1.0" 200 68690 "-" "Mozilla/5.0 (compatible; bingbot/2.0; +http://www.bing.com/bingbot.htm)"
13.66.139.73 - - [20/Feb/2021:10:45:56 +0100] "GET /-p-33959.html HTTP/1.0" 200 68690 "-" "Mozilla/5.0 (compatible; bingbot/2.0; +http://www.bing.com/bingbot.htm)"
13.66.139.73 - - [20/Feb/2021:10:45:57 +0100] "GET /-p-25569.html HTTP/1.0" 200 68690 "-" "Mozilla/5.0 (compatible; bingbot/2.0; +http://www.bing.com/bingbot.htm)"
13.66.139.73 - - [20/Feb/2021:10:45:58 +0100] "GET /-p-18126.html HTTP/1.0" 200 68690 "-" "Mozilla/5.0 (compatible; bingbot/2.0; +http://www.bing.com/bingbot.htm)"
13.66.139.73 - - [20/Feb/2021:10:45:59 +0100] "GET /-p-36876.html HTTP/1.0" 200 68690 "-" "Mozilla/5.0 (compatible; bingbot/2.0; +http://www.bing.com/bingbot.htm)"
13.66.139.73 - - [20/Feb/2021:10:46:00 +0100] "GET /-p-29838.html HTTP/1.0" 200 68690 "-" "Mozilla/5.0 (compatible; bingbot/2.0; +http://www.bing.com/bingbot.htm)"
13.66.139.73 - - [20/Feb/2021:10:46:01 +0100] "GET /-p-15182.html HTTP/1.0" 200 68690 "-" "Mozilla/5.0 (compatible; bingbot/2.0; +http://www.bing.com/bingbot.htm)"
13.66.139.137 - - [20/Feb/2021:10:46:03 +0100] "GET /-p-19580.html HTTP/1.0" 200 68690 "-" "Mozilla/5.0 (compatible; bingbot/2.0; +http://www.bing.com/bingbot.htm)"
13.66.139.137 - - [20/Feb/2021:10:46:04 +0100] "GET /-p-1561.html HTTP/1.0" 200 68688 "-" "Mozilla/5.0 (compatible; bingbot/2.0; +http://www.bing.com/bingbot.htm)"
13.66.139.137 - - [20/Feb/2021:10:46:05 +0100] "GET /-p-4176.html HTTP/1.0" 200 68688 "-" "Mozilla/5.0 (compatible; bingbot/2.0; +http://www.bing.com/bingbot.htm)"
13.66.139.137 - - [20/Feb/2021:10:46:06 +0100] "GET /-p-6177.html HTTP/1.0" 200 68688 "-" "Mozilla/5.0 (compatible; bingbot/2.0; +http://www.bing.com/bingbot.htm)"
13.66.139.137 - - [20/Feb/2021:10:46:07 +0100] "GET /-p-5171.html HTTP/1.0" 200 68688 "-" "Mozilla/5.0 (compatible; bingbot/2.0; +http://www.bing.com/bingbot.htm)"
13.66.139.73 - - [20/Feb/2021:10:46:08 +0100] "GET /-p-34266.html HTTP/1.0" 200 68690 "-" "Mozilla/5.0 (compatible; bingbot/2.0; +http://www.bing.com/bingbot.htm)"
13.66.139.73 - - [20/Feb/2021:10:46:09 +0100] "GET /-p-30154.html HTTP/1.0" 200 68690 "-" "Mozilla/5.0 (compatible; bingbot/2.0; +http://www.bing.com/bingbot.htm)"
13.66.139.73 - - [20/Feb/2021:10:46:10 +0100] "GET /table-setting-c-97_99.html HTTP/1.0" 200 78932 "-" "Mozilla/5.0 (compatible; bingbot/2.0; +http://www.bing.com/bingbot.htm)"
13.66.139.73 - - [20/Feb/2021:10:46:10 +0100] "GET /figures-c-4_15.html HTTP/1.0" 200 89810 "-" "Mozilla/5.0 (compatible; bingbot/2.0; +http://www.bing.com/bingbot.htm)"
13.66.139.73 - - [20/Feb/2021:10:46:12 +0100] "GET /-p-14036.html HTTP/1.0" 200 68690 "-" "Mozilla/5.0 (compatible; bingbot/2.0; +http://www.bing.com/bingbot.htm)"
13.66.139.88 - - [20/Feb/2021:10:46:13 +0100] "GET /soft-toys-security-blanket-c-4_46.html HTTP/1.0" 200 91144 "-" "Mozilla/5.0 (compatible; bingbot/2.0; +http://www.bing.com/bingbot.htm)"
13.66.139.88 - - [20/Feb/2021:10:46:14 +0100] "GET /-p-24305.html HTTP/1.0" 200 68690 "-" "Mozilla/5.0 (compatible; bingbot/2.0; +http://www.bing.com/bingbot.htm)"
13.66.139.88 - - [20/Feb/2021:10:46:15 +0100] "GET /-p-33926.html HTTP/1.0" 200 68690 "-" "Mozilla/5.0 (compatible; bingbot/2.0; +http://www.bing.com/bingbot.htm)"
13.66.139.88 - - [20/Feb/2021:10:46:16 +0100] "GET /-p-31601.html HTTP/1.0" 200 68690 "-" "Mozilla/5.0 (compatible; bingbot/2.0; +http://www.bing.com/bingbot.htm)"
13.66.139.88 - - [20/Feb/2021:10:46:17 +0100] "GET /-p-17338.html HTTP/1.0" 200 68690 "-" "Mozilla/5.0 (compatible; bingbot/2.0; +http://www.bing.com/bingbot.htm)"
13.66.139.73 - - [20/Feb/2021:10:46:18 +0100] "GET /-p-7863.html HTTP/1.0" 200 68688 "-" "Mozilla/5.0 (compatible; bingbot/2.0; +http://www.bing.com/bingbot.htm)"
13.66.139.73 - - [20/Feb/2021:10:46:19 +0100] "GET /-p-3063.html HTTP/1.0" 200 68688 "-" "Mozilla/5.0 (compatible; bingbot/2.0; +http://www.bing.com/bingbot.htm)"
13.66.139.73 - - [20/Feb/2021:10:46:20 +0100] "GET /images/big_prod_1/1318600329995a.jpg HTTP/1.0" 200 271 "-" "Mozilla/5.0 (compatible; bingbot/2.0; +http://www.bing.com/bingbot.htm)"
13.66.139.88 - - [20/Feb/2021:10:46:23 +0100] "GET /-p-19224.html HTTP/1.0" 200 68690 "-" "Mozilla/5.0 (compatible; bingbot/2.0; +http://www.bing.com/bingbot.htm)"
13.66.139.88 - - [20/Feb/2021:10:46:24 +0100] "GET /-p-24469.html HTTP/1.0" 200 68690 "-" "Mozilla/5.0 (compatible; bingbot/2.0; +http://www.bing.com/bingbot.htm)"
13.66.139.88 - - [20/Feb/2021:10:46:25 +0100] "GET /-p-34583.html HTTP/1.0" 200 68690 "-" "Mozilla/5.0 (compatible; bingbot/2.0; +http://www.bing.com/bingbot.htm)"
13.66.139.88 - - [20/Feb/2021:10:46:26 +0100] "GET /-p-2000.html HTTP/1.0" 200 68688 "-" "Mozilla/5.0 (compatible; bingbot/2.0; +http://www.bing.com/bingbot.htm)"
13.66.139.88 - - [20/Feb/2021:10:46:27 +0100] "GET /-p-9272.html HTTP/1.0" 200 68688 "-" "Mozilla/5.0 (compatible; bingbot/2.0; +http://www.bing.com/bingbot.htm)"
13.66.139.137 - - [20/Feb/2021:10:46:27 +0100] "GET /-p-22631.html HTTP/1.0" 200 68690 "-" "Mozilla/5.0 (compatible; bingbot/2.0; +http://www.bing.com/bingbot.htm)"
54.36.148.51 - - [20/Feb/2021:10:46:27 +0100] "GET /wall-sticker-c-13_187.html?page=10 HTTP/1.0" 200 91785 "-" "Mozilla/5.0 (compatible; AhrefsBot/7.0; +http://ahrefs.com/robot/)"
13.66.139.137 - - [20/Feb/2021:10:46:28 +0100] "GET /-p-24515.html HTTP/1.0" 200 68690 "-" "Mozilla/5.0 (compatible; bingbot/2.0; +http://www.bing.com/bingbot.htm)"
13.66.139.137 - - [20/Feb/2021:10:46:30 +0100] "GET /-p-9327.html HTTP/1.0" 200 68688 "-" "Mozilla/5.0 (compatible; bingbot/2.0; +http://www.bing.com/bingbot.htm)"
13.66.139.137 - - [20/Feb/2021:10:46:31 +0100] "GET /kitten-little-tray-p-36818.html HTTP/1.0" 301 68757 "-" "Mozilla/5.0 (compatible; bingbot/2.0; +http://www.bing.com/bingbot.htm)"
13.66.139.137 - - [20/Feb/2021:10:46:32 +0100] "GET /union-jack-clock-p-30020.html HTTP/1.0" 200 68761 "-" "Mozilla/5.0 (compatible; bingbot/2.0; +http://www.bing.com/bingbot.htm)"
13.66.139.88 - - [20/Feb/2021:10:46:33 +0100] "GET /-p-3937.html HTTP/1.0" 200 68688 "-" "Mozilla/5.0 (compatible; bingbot/2.0; +http://www.bing.com/bingbot.htm)"
13.66.139.88 - - [20/Feb/2021:10:46:34 +0100] "GET /mugs-and-mazagrans-c-12_57.html?page=8 HTTP/1.0" 301 95149 "-" "Mozilla/5.0 (compatible; bingbot/2.0; +http://www.bing.com/bingbot.htm)"
13.66.139.88 - - [20/Feb/2021:10:46:35 +0100] "GET /the-little-prince-white-ceramic-plate-p-52499.html HTTP/1.0" 301 71503 "-" "Mozilla/5.0 (compatible; bingbot/2.0; +http://www.bing.com/bingbot.htm)"
13.66.139.137 - - [20/Feb/2021:10:46:37 +0100] "GET /spongebob-alarm-clock-p-10333.html HTTP/1.0" 200 71337 "-" "Mozilla/5.0 (compatible; bingbot/2.0; +http://www.bing.com/bingbot.htm)"
13.66.139.88 - - [20/Feb/2021:10:46:46 +0100] "GET /images/big_prod_1/3520071702285B.jpg HTTP/1.0" 200 271 "-" "Mozilla/5.0 (compatible; bingbot/2.0; +http://www.bing.com/bingbot.htm)"
66.249.69.164 - - [20/Feb/2021:10:46:51 +0100] "GET /images/mini_prod/5051276230948.jpg HTTP/1.0" 200 269 "-" "Googlebot-Image/1.0"
185.191.171.39 - - [20/Feb/2021:10:46:55 +0100] "GET /toucan-resin-green-perch-p-44709.html HTTP/1.0" 200 71436 "-" "Mozilla/5.0 (compatible; SemrushBot/7~bl; +http://www.semrush.com/bot.html)"
185.191.171.9 - - [20/Feb/2021:10:46:57 +0100] "GET /weapon-mtal-keyring-famas-p-31990.html HTTP/1.0" 200 71375 "-" "Mozilla/5.0 (compatible; SemrushBot/7~bl; +http://www.semrush.com/bot.html)"
13.66.139.137 - - [20/Feb/2021:10:47:05 +0100] "GET /images/big_prod/VANGOGH4.jpg HTTP/1.0" 200 263 "-" "Mozilla/5.0 (compatible; bingbot/2.0; +http://www.bing.com/bingbot.htm)"
13.66.139.137 - - [20/Feb/2021:10:47:15 +0100] "GET /images/big_prod/3418178566001.jpg HTTP/1.0" 200 268 "-" "Mozilla/5.0 (compatible; bingbot/2.0; +http://www.bing.com/bingbot.htm)"
185.191.171.39 - - [20/Feb/2021:10:47:27 +0100] "GET /fire-departement-metal-plate-deco-p-45220.html?action=add_product HTTP/1.0" 302 476 "-" "Mozilla/5.0 (compatible; SemrushBot/7~bl; +http://www.semrush.com/bot.html)"
54.36.148.190 - - [20/Feb/2021:10:47:39 +0100] "GET /household-linen-c-11.html?page=68 HTTP/1.0" 200 90937 "-" "Mozilla/5.0 (compatible; AhrefsBot/7.0; +http://ahrefs.com/robot/)"
185.191.171.42 - - [20/Feb/2021:10:47:41 +0100] "GET /statue-p-42280.html?action=add_product HTTP/1.0" 302 476 "-" "Mozilla/5.0 (compatible; SemrushBot/7~bl; +http://www.semrush.com/bot.html)"
13.66.139.73 - - [20/Feb/2021:10:47:55 +0100] "GET /images/big_prod/8422011476186.jpg HTTP/1.0" 200 268 "-" "Mozilla/5.0 (compatible; bingbot/2.0; +http://www.bing.com/bingbot.htm)"
13.66.139.73 - - [20/Feb/2021:10:47:56 +0100] "GET /unicorn-plush-parma-and-white-11-cm-p-47654.html HTTP/1.0" 301 71561 "-" "Mozilla/5.0 (compatible; bingbot/2.0; +http://www.bing.com/bingbot.htm)"
185.191.171.39 - - [20/Feb/2021:10:47:57 +0100] "GET /home-and-decoration-c-13.html?page=45 HTTP/1.0" 301 90430 "-" "Mozilla/5.0 (compatible; SemrushBot/7~bl; +http://www.semrush.com/bot.html)"
185.191.171.9 - - [20/Feb/2021:10:48:00 +0100] "GET /home-decoration-c-13.html?page=45 HTTP/1.0" 200 90343 "-" "Mozilla/5.0 (compatible; SemrushBot/7~bl; +http://www.semrush.com/bot.html)"
185.191.171.2 - - [20/Feb/2021:10:48:03 +0100] "GET /home-decoration-c-13.html?page=39 HTTP/1.0" 200 91187 "-" "Mozilla/5.0 (compatible; SemrushBot/7~bl; +http://www.semrush.com/bot.html)"
185.191.171.5 - - [20/Feb/2021:10:48:07 +0100] "GET /pop-art-french-president-by-cbkreation-mug-p-13833.html HTTP/1.0" 301 71559 "-" "Mozilla/5.0 (compatible; SemrushBot/7~bl; +http://www.semrush.com/bot.html)"
66.249.69.166 - - [20/Feb/2021:10:48:09 +0100] "GET /long-sleeves-shirts-c-2_40.html HTTP/1.0" 200 67673 "-" "Mozilla/5.0 (Linux; Android 6.0.1; Nexus 5X Build/MMB29P) AppleWebKit/537.36 (KHTML, like Gecko) Chrome/88.0.4324.188 Mobile Safari/537.36 (compatible; Googlebot/2.1; +http://www.google.com/bot.html)"
185.191.171.9 - - [20/Feb/2021:10:48:09 +0100] "GET /french-prsident-cbkreation-p-13833.html HTTP/1.0" 200 71466 "-" "Mozilla/5.0 (compatible; SemrushBot/7~bl; +http://www.semrush.com/bot.html)"
185.191.171.11 - - [20/Feb/2021:10:48:17 +0100] "GET /votive-candle-stopover-mediterranean-p-44131.html?action=add_product HTTP/1.0" 302 476 "-" "Mozilla/5.0 (compatible; SemrushBot/7~bl; +http://www.semrush.com/bot.html)"
157.55.39.170 - - [20/Feb/2021:10:48:26 +0100] "GET /fitted-sheet-for-bed-with-head-and-foot-lifting-80-200-cm-p-43761.html HTTP/1.0" 301 72164 "-" "Mozilla/5.0 (compatible; bingbot/2.0; +http://www.bing.com/bingbot.htm)"
185.191.171.24 - - [20/Feb/2021:10:48:36 +0100] "GET /potholder-glove-p-51738.html HTTP/1.0" 200 71337 "-" "Mozilla/5.0 (compatible; SemrushBot/7~bl; +http://www.semrush.com/bot.html)"
157.55.39.99 - - [20/Feb/2021:10:48:49 +0100] "GET /globe-on-tripod-36-cm-white-p-52304.html HTTP/1.0" 301 72334 "-" "Mozilla/5.0 (compatible; bingbot/2.0; +http://www.bing.com/bingbot.htm)"
54.36.148.19 - - [20/Feb/2021:10:49:05 +0100] "GET /zen-singing-bowl-p-36058.html HTTP/1.0" 301 71357 "-" "Mozilla/5.0 (compatible; AhrefsBot/7.0; +http://ahrefs.com/robot/)"
185.191.171.18 - - [20/Feb/2021:10:49:09 +0100] "GET /provence-isothermic-stainless-steel-bottle-p-54046.html HTTP/1.0" 200 71561 "-" "Mozilla/5.0 (compatible; SemrushBot/7~bl; +http://www.semrush.com/bot.html)"
83.220.238.231 - - [20/Feb/2021:10:49:11 +0100] "GET /snowman-solar-powered-dancing-p-34143.html]Test HTTP/1.0" 301 609 "http://wonder-geek.com/snowman-solar-powered-dancing-p-34143.html]Test" "Mozilla/5.0 (Windows NT 6.1; Win64; x64) AppleWebKit/537.36 (KHTML, like Gecko) Chrome/83.0.4103.61 Safari/537.36"
83.220.238.231 - - [20/Feb/2021:10:49:11 +0100] "GET /snowman-solar-powered-dancing-p-34143.html%5dTest HTTP/1.0" 404 1308 "http://www.wonder-geek.com/snowman-solar-powered-dancing-p-34143.html%5dTest" "Mozilla/5.0 (Windows NT 6.1; Win64; x64) AppleWebKit/537.36 (KHTML, like Gecko) Chrome/83.0.4103.61 Safari/537.36"
83.220.238.231 - - [20/Feb/2021:10:49:12 +0100] "GET / HTTP/1.0" 301 511 "http://wonder-geek.com/" "Mozilla/5.0 (Windows NT 6.1; Win64; x64) AppleWebKit/537.36 (KHTML, like Gecko) Chrome/83.0.4103.61 Safari/537.36"
83.220.238.231 - - [20/Feb/2021:10:49:12 +0100] "GET / HTTP/1.0" 200 94238 "http://www.wonder-geek.com/" "Mozilla/5.0 (Windows NT 6.1; Win64; x64) AppleWebKit/537.36 (KHTML, like Gecko) Chrome/83.0.4103.61 Safari/537.36"
83.220.238.231 - - [20/Feb/2021:10:49:13 +0100] "GET /trivet-boards-c-12_158.html HTTP/1.0" 200 92428 "http://www.wonder-geek.com/trivet-boards-c-12_158.html" "Mozilla/5.0 (Windows NT 6.1; Win64; x64) AppleWebKit/537.36 (KHTML, like Gecko) Chrome/83.0.4103.61 Safari/537.36"
185.191.171.8 - - [20/Feb/2021:10:49:14 +0100] "GET /boho-terracotta-pot-13-cm-p-51886.html HTTP/1.0" 301 72135 "-" "Mozilla/5.0 (compatible; SemrushBot/7~bl; +http://www.semrush.com/bot.html)"
83.220.238.231 - - [20/Feb/2021:10:49:14 +0100] "GET /cardboard-boxes-storage-c-13_150_216.html HTTP/1.0" 200 76882 "http://www.wonder-geek.com/cardboard-boxes-storage-c-13_150_216.html" "Mozilla/5.0 (Windows NT 6.1; Win64; x64) AppleWebKit/537.36 (KHTML, like Gecko) Chrome/83.0.4103.61 Safari/537.36"
83.220.238.231 - - [20/Feb/2021:10:49:16 +0100] "GET /cushion-headboard-c-11_173.html HTTP/1.0" 200 87932 "http://www.wonder-geek.com/cushion-headboard-c-11_173.html" "Mozilla/5.0 (Windows NT 6.1; Win64; x64) AppleWebKit/537.36 (KHTML, like Gecko) Chrome/83.0.4103.61 Safari/537.36"
185.191.171.24 - - [20/Feb/2021:10:49:17 +0100] "GET /boho-terracotta-p-51886.html HTTP/1.0" 200 72053 "-" "Mozilla/5.0 (compatible; SemrushBot/7~bl; +http://www.semrush.com/bot.html)"
83.220.238.231 - - [20/Feb/2021:10:49:17 +0100] "GET /contact_us.php HTTP/1.0" 200 26238 "http://www.wonder-geek.com/contact_us.php" "Mozilla/5.0 (Windows NT 6.1; Win64; x64) AppleWebKit/537.36 (KHTML, like Gecko) Chrome/83.0.4103.61 Safari/537.36"
185.191.171.8 - - [20/Feb/2021:10:49:19 +0100] "GET /live-to-ride-mug-by-cbkreation-p-30663.html HTTP/1.0" 301 71467 "-" "Mozilla/5.0 (compatible; SemrushBot/7~bl; +http://www.semrush.com/bot.html)"
185.191.171.17 - - [20/Feb/2021:10:49:21 +0100] "GET /live-ride-cbkreation-p-30663.html HTTP/1.0" 200 71380 "-" "Mozilla/5.0 (compatible; SemrushBot/7~bl; +http://www.semrush.com/bot.html)"
185.191.171.8 - - [20/Feb/2021:10:49:24 +0100] "GET /calimro-ashtray-p-24159.html HTTP/1.0" 200 71218 "-" "Mozilla/5.0 (compatible; SemrushBot/7~bl; +http://www.semrush.com/bot.html)"
13.66.139.88 - - [20/Feb/2021:10:49:28 +0100] "GET /-p-17338.html HTTP/1.0" 200 68690 "-" "Mozilla/5.0 (compatible; bingbot/2.0; +http://www.bing.com/bingbot.htm)"
13.66.139.88 - - [20/Feb/2021:10:49:29 +0100] "GET /wind-chime-angel-purple-p-40218.html HTTP/1.0" 200 72233 "-" "Mozilla/5.0 (compatible; bingbot/2.0; +http://www.bing.com/bingbot.htm)"
13.66.139.88 - - [20/Feb/2021:10:49:39 +0100] "GET /-p-17183.html HTTP/1.0" 200 68690 "-" "Mozilla/5.0 (compatible; bingbot/2.0; +http://www.bing.com/bingbot.htm)"
83.220.238.231 - - [20/Feb/2021:10:49:59 +0100] "POST /contact_us.php?action=send HTTP/1.0" 302 488 "http://www.wonder-geek.com/contact_us.php" "Mozilla/5.0 (Windows NT 6.1; Win64; x64) AppleWebKit/537.36 (KHTML, like Gecko) Chrome/83.0.4103.61 Safari/537.36"
83.220.238.231 - - [20/Feb/2021:10:50:00 +0100] "GET /contact_us.php?action=success HTTP/1.0" 200 13474 "http://www.wonder-geek.com/contact_us.php?action=success" "Mozilla/5.0 (Windows NT 6.1; Win64; x64) AppleWebKit/537.36 (KHTML, like Gecko) Chrome/83.0.4103.61 Safari/537.36"
54.36.149.64 - - [20/Feb/2021:10:50:33 +0100] "GET /new-york-usa-flag-sticker-p-35395.html HTTP/1.0" 301 71430 "-" "Mozilla/5.0 (compatible; AhrefsBot/7.0; +http://ahrefs.com/robot/)"
13.66.139.73 - - [20/Feb/2021:10:50:37 +0100] "GET /tea-for-one-mandala-p-44265.html HTTP/1.0" 301 71842 "-" "Mozilla/5.0 (compatible; bingbot/2.0; +http://www.bing.com/bingbot.htm)"
185.191.171.9 - - [20/Feb/2021:10:50:52 +0100] "GET /aujourd-jour-card-p-20049.html HTTP/1.0" 200 71456 "-" "Mozilla/5.0 (compatible; SemrushBot/7~bl; +http://www.semrush.com/bot.html)"
66.249.69.162 - - [20/Feb/2021:10:50:53 +0100] "GET /bamboo-fiber-folk-p-49559.html HTTP/1.0" 200 71402 "-" "Mozilla/5.0 (Linux; Android 6.0.1; Nexus 5X Build/MMB29P) AppleWebKit/537.36 (KHTML, like Gecko) Chrome/88.0.4324.153 Mobile Safari/537.36 (compatible; Googlebot/2.1; +http://www.google.com/bot.html)"
185.191.171.10 - - [20/Feb/2021:10:51:01 +0100] "GET /mustang-metal-plate-deco-p-42363.html HTTP/1.0" 200 71406 "-" "Mozilla/5.0 (compatible; SemrushBot/7~bl; +http://www.semrush.com/bot.html)"
13.66.139.73 - - [20/Feb/2021:10:51:26 +0100] "GET /images/TROME3250.jpg HTTP/1.0" 200 255 "-" "Mozilla/5.0 (compatible; bingbot/2.0; +http://www.bing.com/bingbot.htm)"
185.191.171.24 - - [20/Feb/2021:10:51:30 +0100] "GET /light-wood-lamp-vintage-bulb-p-52170.html HTTP/1.0" 200 72173 "-" "Mozilla/5.0 (compatible; SemrushBot/7~bl; +http://www.semrush.com/bot.html)"
13.66.139.88 - - [20/Feb/2021:10:51:39 +0100] "GET /cafe-de-la-tour-paris-grey-clock-p-10889.html HTTP/1.0" 301 71508 "-" "Mozilla/5.0 (compatible; bingbot/2.0; +http://www.bing.com/bingbot.htm)"
185.191.171.4 - - [20/Feb/2021:10:51:44 +0100] "GET /watches-c-3_66.html?page=1 HTTP/1.0" 200 89435 "-" "Mozilla/5.0 (compatible; SemrushBot/7~bl; +http://www.semrush.com/bot.html)"
13.66.139.137 - - [20/Feb/2021:10:51:45 +0100] "GET /porcelain-mug-set-cheery-and-baffled-tassen-made-in-germany-p-47555.html HTTP/1.0" 301 73590 "-" "Mozilla/5.0 (compatible; bingbot/2.0; +http://www.bing.com/bingbot.htm)"
13.66.139.137 - - [20/Feb/2021:10:51:46 +0100] "GET /-p-25786.html HTTP/1.0" 200 68690 "-" "Mozilla/5.0 (compatible; bingbot/2.0; +http://www.bing.com/bingbot.htm)"
185.220.101.139 - - [20/Feb/2021:10:51:50 +0100] "GET /contact_us.php HTTP/1.0" 200 26238 "http://www.wonder-geek.com/contact_us.php" "Mozilla/5.0 (Windows NT 6.1; Win64; x64) AppleWebKit/537.36 (KHTML, like Gecko) Chrome/83.0.4103.24 Safari/537.36 Edg/83.0.478.18"
185.220.101.139 - - [20/Feb/2021:10:51:50 +0100] "POST /contact_us.php?action=send HTTP/1.0" 200 26684 "http://www.wonder-geek.com/contact_us.php" "Mozilla/5.0 (Windows NT 6.1; Win64; x64) AppleWebKit/537.36 (KHTML, like Gecko) Chrome/83.0.4103.24 Safari/537.36 Edg/83.0.478.18"
54.36.148.243 - - [20/Feb/2021:10:51:54 +0100] "GET /kimmi-junior-chloe-notebook-p-7426.html HTTP/1.0" 301 71465 "-" "Mozilla/5.0 (compatible; AhrefsBot/7.0; +http://ahrefs.com/robot/)"
13.66.139.88 - - [20/Feb/2021:10:52:00 +0100] "GET /bench-stool-p-51608.html HTTP/1.0" 200 71845 "-" "Mozilla/5.0 (compatible; bingbot/2.0; +http://www.bing.com/bingbot.htm)"
13.66.139.88 - - [20/Feb/2021:10:52:30 +0100] "GET /-p-30841.html HTTP/1.0" 200 68690 "-" "Mozilla/5.0 (compatible; bingbot/2.0; +http://www.bing.com/bingbot.htm)"
185.191.171.23 - - [20/Feb/2021:10:52:41 +0100] "GET /home-decoration-c-13.html?page=235 HTTP/1.0" 200 91073 "-" "Mozilla/5.0 (compatible; SemrushBot/7~bl; +http://www.semrush.com/bot.html)"
185.191.171.36 - - [20/Feb/2021:10:52:48 +0100] "GET /jerrican-wall-decor-p-51438.html?action=add_product HTTP/1.0" 302 476 "-" "Mozilla/5.0 (compatible; SemrushBot/7~bl; +http://www.semrush.com/bot.html)"
66.249.69.162 - - [20/Feb/2021:10:52:56 +0100] "GET /tweety-coat-rack-p-6987.html HTTP/1.0" 200 71427 "-" "Mozilla/5.0 (Linux; Android 6.0.1; Nexus 5X Build/MMB29P) AppleWebKit/537.36 (KHTML, like Gecko) Chrome/88.0.4324.153 Mobile Safari/537.36 (compatible; Googlebot/2.1; +http://www.google.com/bot.html)"
54.36.148.251 - - [20/Feb/2021:10:53:11 +0100] "GET /corona-bottle-clock-p-14809.html HTTP/1.0" 200 71556 "-" "Mozilla/5.0 (compatible; AhrefsBot/7.0; +http://ahrefs.com/robot/)"
13.66.139.137 - - [20/Feb/2021:10:53:15 +0100] "GET /images/big_prod/VANGOGH4.jpg HTTP/1.0" 200 263 "-" "Mozilla/5.0 (compatible; bingbot/2.0; +http://www.bing.com/bingbot.htm)"
13.66.139.88 - - [20/Feb/2021:10:53:29 +0100] "GET /-p-15524.html HTTP/1.0" 200 68690 "-" "Mozilla/5.0 (compatible; bingbot/2.0; +http://www.bing.com/bingbot.htm)"
13.66.139.88 - - [20/Feb/2021:10:53:30 +0100] "GET /littlest-petshop-white-swimsuit-p-30316.html HTTP/1.0" 200 72817 "-" "Mozilla/5.0 (compatible; bingbot/2.0; +http://www.bing.com/bingbot.htm)"
185.191.171.22 - - [20/Feb/2021:10:53:40 +0100] "GET /-p-39629.html?action=add_product HTTP/1.0" 302 476 "-" "Mozilla/5.0 (compatible; SemrushBot/7~bl; +http://www.semrush.com/bot.html)"
185.191.171.21 - - [20/Feb/2021:10:53:42 +0100] "GET /jakarta-yellow-carpet-p-48420.html?action=add_product HTTP/1.0" 302 476 "-" "Mozilla/5.0 (compatible; SemrushBot/7~bl; +http://www.semrush.com/bot.html)"
157.55.39.159 - - [20/Feb/2021:10:53:58 +0100] "GET /js/jquery.jqzoom.js HTTP/1.0" 200 259 "-" "Mozilla/5.0 (compatible; bingbot/2.0; +http://www.bing.com/bingbot.htm)"
185.191.171.44 - - [20/Feb/2021:10:54:14 +0100] "GET /quebec-cushion-cbkreation-p-21512.html?action=add_product HTTP/1.0" 302 476 "-" "Mozilla/5.0 (compatible; SemrushBot/7~bl; +http://www.semrush.com/bot.html)"
13.66.139.88 - - [20/Feb/2021:10:54:18 +0100] "GET /images/big_prod/1304038301191.jpg HTTP/1.0" 200 268 "-" "Mozilla/5.0 (compatible; bingbot/2.0; +http://www.bing.com/bingbot.htm)"
164.132.161.65 - - [20/Feb/2021:10:54:23 +0100] "GET /cushion-headboard-c-11_173.html?page=1 HTTP/1.0" 200 87943 "-" "Mozilla/5.0 (compatible; AhrefsBot/7.0; +http://ahrefs.com/robot/)"
185.191.171.43 - - [20/Feb/2021:10:54:24 +0100] "GET /emperor-terracotta-soldier-statuette-p-50012.html?action=add_product HTTP/1.0" 302 476 "-" "Mozilla/5.0 (compatible; SemrushBot/7~bl; +http://www.semrush.com/bot.html)"
185.191.171.20 - - [20/Feb/2021:10:54:28 +0100] "GET /paper-currency-cbkreation-p-26474.html HTTP/1.0" 200 71386 "-" "Mozilla/5.0 (compatible; SemrushBot/7~bl; +http://www.semrush.com/bot.html)"
185.191.171.44 - - [20/Feb/2021:10:54:34 +0100] "GET /espresso-jolie-provence-p-48228.html?action=add_product HTTP/1.0" 302 476 "-" "Mozilla/5.0 (compatible; SemrushBot/7~bl; +http://www.semrush.com/bot.html)"
13.66.139.73 - - [20/Feb/2021:10:54:37 +0100] "GET /collection-plate-metal-vespa-get-the-best-p-35030.html HTTP/1.0" 301 71710 "-" "Mozilla/5.0 (compatible; bingbot/2.0; +http://www.bing.com/bingbot.htm)"
13.66.139.137 - - [20/Feb/2021:10:54:46 +0100] "GET /teo-jasmin-medium-cabas-p-44213.html HTTP/1.0" 301 72324 "-" "Mozilla/5.0 (compatible; bingbot/2.0; +http://www.bing.com/bingbot.htm)"
185.191.171.14 - - [20/Feb/2021:10:54:57 +0100] "GET /harley-davidson-large-p-37071.html HTTP/1.0" 200 71453 "-" "Mozilla/5.0 (compatible; SemrushBot/7~bl; +http://www.semrush.com/bot.html)"
13.66.139.73 - - [20/Feb/2021:10:55:06 +0100] "GET /images/3388760924574.jpg HTTP/1.0" 200 259 "-" "Mozilla/5.0 (compatible; bingbot/2.0; +http://www.bing.com/bingbot.htm)"
185.191.171.41 - - [20/Feb/2021:10:55:07 +0100] "GET /little-prince-exupery-figurine-p-44605.html?action=add_product HTTP/1.0" 302 476 "-" "Mozilla/5.0 (compatible; SemrushBot/7~bl; +http://www.semrush.com/bot.html)"
185.191.171.25 - - [20/Feb/2021:10:55:16 +0100] "GET /cats-ground-sheet-p-52148.html?action=add_product HTTP/1.0" 302 476 "-" "Mozilla/5.0 (compatible; SemrushBot/7~bl; +http://www.semrush.com/bot.html)"
31.40.254.202 - - [20/Feb/2021:10:55:18 +0100] "GET /contact_us.php HTTP/1.0" 200 26238 "http://www.wonder-geek.com/contact_us.php" "Mozilla/5.0 (Windows NT 6.1; ) AppleWebKit/537.36 (KHTML, like Gecko) Chrome/83.0.4103.61 Safari/537.36"
31.40.254.202 - - [20/Feb/2021:10:55:19 +0100] "GET /index.php HTTP/1.0" 200 93705 "http://www.wonder-geek.com/index.php" "Mozilla/5.0 (Windows NT 6.1; ) AppleWebKit/537.36 (KHTML, like Gecko) Chrome/83.0.4103.61 Safari/537.36"
31.40.254.202 - - [20/Feb/2021:10:55:20 +0100] "GET /trivet-boards-c-12_158.html HTTP/1.0" 200 92428 "http://www.wonder-geek.com/trivet-boards-c-12_158.html" "Mozilla/5.0 (Windows NT 6.1; ) AppleWebKit/537.36 (KHTML, like Gecko) Chrome/83.0.4103.61 Safari/537.36"
31.40.254.202 - - [20/Feb/2021:10:55:22 +0100] "GET /cardboard-boxes-storage-c-13_150_216.html HTTP/1.0" 200 76882 "http://www.wonder-geek.com/cardboard-boxes-storage-c-13_150_216.html" "Mozilla/5.0 (Windows NT 6.1; ) AppleWebKit/537.36 (KHTML, like Gecko) Chrome/83.0.4103.61 Safari/537.36"
31.40.254.202 - - [20/Feb/2021:10:55:23 +0100] "GET /cushion-headboard-c-11_173.html HTTP/1.0" 200 87932 "http://www.wonder-geek.com/cushion-headboard-c-11_173.html" "Mozilla/5.0 (Windows NT 6.1; ) AppleWebKit/537.36 (KHTML, like Gecko) Chrome/83.0.4103.61 Safari/537.36"
31.40.254.202 - - [20/Feb/2021:10:55:25 +0100] "GET /board-games-c-4_47.html HTTP/1.0" 200 74028 "http://www.wonder-geek.com/board-games-c-4_47.html" "Mozilla/5.0 (Windows NT 6.1; ) AppleWebKit/537.36 (KHTML, like Gecko) Chrome/83.0.4103.61 Safari/537.36"
13.66.139.73 - - [20/Feb/2021:10:55:25 +0100] "GET /images/med_prod/9316188016254.jpg HTTP/1.0" 200 268 "-" "Mozilla/5.0 (compatible; bingbot/2.0; +http://www.bing.com/bingbot.htm)"
13.66.139.73 - - [20/Feb/2021:10:55:26 +0100] "GET /bell-golden-brass-and-wood-table-23-cm-p-52805.html HTTP/1.0" 301 71539 "-" "Mozilla/5.0 (compatible; bingbot/2.0; +http://www.bing.com/bingbot.htm)"
13.66.139.137 - - [20/Feb/2021:10:55:29 +0100] "GET /monster-high-black-skull-mug-p-17816.html HTTP/1.0" 301 68757 "-" "Mozilla/5.0 (compatible; bingbot/2.0; +http://www.bing.com/bingbot.htm)"
13.66.139.137 - - [20/Feb/2021:10:55:30 +0100] "GET /jewelry-holder-flower-dress-p-47489.html HTTP/1.0" 200 71479 "-" "Mozilla/5.0 (compatible; bingbot/2.0; +http://www.bing.com/bingbot.htm)"
54.36.148.76 - - [20/Feb/2021:10:55:37 +0100] "GET /retro-cutting-board-p-42580.html HTTP/1.0" 301 71388 "-" "Mozilla/5.0 (compatible; AhrefsBot/7.0; +http://ahrefs.com/robot/)"
185.191.171.8 - - [20/Feb/2021:10:56:04 +0100] "GET /curtain-eyelet-lin-washed-140-280-cm-celadon-p-48730.html HTTP/1.0" 301 68907 "-" "Mozilla/5.0 (compatible; SemrushBot/7~bl; +http://www.semrush.com/bot.html)"
185.191.171.36 - - [20/Feb/2021:10:56:08 +0100] "GET /curtain-eyelet-washed-cladon-p-48730.html HTTP/1.0" 200 68812 "-" "Mozilla/5.0 (compatible; SemrushBot/7~bl; +http://www.semrush.com/bot.html)"
66.249.69.164 - - [20/Feb/2021:10:56:13 +0100] "GET /images/big_prod_1/3453131145978N.jpg HTTP/1.0" 200 271 "-" "Googlebot-Image/1.0"
185.191.171.8 - - [20/Feb/2021:10:56:21 +0100] "GET /petit-prince-metal-tray-p-47148.html?action=add_product HTTP/1.0" 302 476 "-" "Mozilla/5.0 (compatible; SemrushBot/7~bl; +http://www.semrush.com/bot.html)"
207.46.13.52 - - [20/Feb/2021:10:56:22 +0100] "GET /games-and-toys/soft-toys-security-blanket/beanie-boos-stripes-the-tiger-p-11974.html HTTP/1.0" 301 68757 "-" "Mozilla/5.0 (compatible; bingbot/2.0; +http://www.bing.com/bingbot.htm)"
13.66.139.88 - - [20/Feb/2021:10:56:38 +0100] "GET /images/big_prod/5018997752432.jpg HTTP/1.0" 200 268 "-" "Mozilla/5.0 (compatible; bingbot/2.0; +http://www.bing.com/bingbot.htm)"
13.66.139.88 - - [20/Feb/2021:10:56:39 +0100] "GET /cicada-cast-iron-trivet-24-cm-p-48577.html HTTP/1.0" 301 71440 "-" "Mozilla/5.0 (compatible; bingbot/2.0; +http://www.bing.com/bingbot.htm)"
13.66.139.88 - - [20/Feb/2021:10:56:41 +0100] "GET /charmmy-kitty-dress-p-31105.html HTTP/1.0" 200 72441 "-" "Mozilla/5.0 (compatible; bingbot/2.0; +http://www.bing.com/bingbot.htm)"
54.36.148.90 - - [20/Feb/2021:10:56:45 +0100] "GET /pop-in-france-by-cbkreation-mug-p-13834.html HTTP/1.0" 301 71448 "-" "Mozilla/5.0 (compatible; AhrefsBot/7.0; +http://ahrefs.com/robot/)"
51.68.224.127 - - [20/Feb/2021:10:56:53 +0100] "GET /adminweb/export_orders_xml.php?token=256de2z6edz6ed2z6DFSFsed2zed6zeDSFDSGdzedezfzf&maxorders=10&orderstart=1&status=14&start_date=2018-10-01 HTTP/1.0" 200 285 "-" "GesCom CharlotteBoutik Serveur"
51.68.224.127 - - [20/Feb/2021:10:56:53 +0100] "GET /adminweb/export_orders_xml.php?token=256de2z6edz6ed2z6DFSFsed2zed6zeDSFDSGdzedezfzf&maxorders=10&orderstart=1&status=6&start_date=2018-10-01 HTTP/1.0" 200 29990 "-" "GesCom CharlotteBoutik Serveur"
13.66.139.137 - - [20/Feb/2021:10:56:56 +0100] "GET /school-trolley-c-31_169.html HTTP/1.0" 200 80963 "-" "Mozilla/5.0 (compatible; bingbot/2.0; +http://www.bing.com/bingbot.htm)"
185.191.171.36 - - [20/Feb/2021:10:57:10 +0100] "GET /hand-fatma-acrylic-magnet-p-52882.html HTTP/1.0" 200 71361 "-" "Mozilla/5.0 (compatible; SemrushBot/7~bl; +http://www.semrush.com/bot.html)"
13.66.139.73 - - [20/Feb/2021:10:57:17 +0100] "GET /images/TROME3250.jpg HTTP/1.0" 200 255 "-" "Mozilla/5.0 (compatible; bingbot/2.0; +http://www.bing.com/bingbot.htm)"
13.66.139.73 - - [20/Feb/2021:10:57:17 +0100] "GET /-p-38836.html HTTP/1.0" 200 68690 "-" "Mozilla/5.0 (compatible; bingbot/2.0; +http://www.bing.com/bingbot.htm)"
157.55.39.159 - - [20/Feb/2021:10:57:38 +0100] "GET /js/jquery.jqzoom.js HTTP/1.0" 200 259 "-" "Mozilla/5.0 (compatible; bingbot/2.0; +http://www.bing.com/bingbot.htm)"
185.191.171.19 - - [20/Feb/2021:10:57:48 +0100] "GET /kimmidoll-saya-phone-cover-iphone-p-18047.html HTTP/1.0" 200 74194 "-" "Mozilla/5.0 (compatible; SemrushBot/7~bl; +http://www.semrush.com/bot.html)"
185.191.171.13 - - [20/Feb/2021:10:57:50 +0100] "GET /tea-pot-c-12_175.html?page=1 HTTP/1.0" 200 88222 "-" "Mozilla/5.0 (compatible; SemrushBot/7~bl; +http://www.semrush.com/bot.html)"
110.249.201.151 - - [20/Feb/2021:10:57:53 +0100] "GET /tealight-holders-and-candle-holders-c-231_230.html HTTP/1.0" 301 90226 "-" "Mozilla/5.0 (compatible; Bytespider; https://zhanzhang.toutiao.com/) AppleWebKit/537.36 (KHTML, like Gecko) Chrome/70.0.0.0 Safari/537.36"
110.249.201.168 - - [20/Feb/2021:10:57:54 +0100] "GET /tealight-holders-candle-holders-c-230.html HTTP/1.0" 301 90095 "-" "Mozilla/5.0 (compatible; Bytespider; https://zhanzhang.toutiao.com/) AppleWebKit/537.36 (KHTML, like Gecko) Chrome/70.0.0.0 Safari/537.36"
110.249.201.156 - - [20/Feb/2021:10:57:55 +0100] "GET /tealight-holders-candle-holders-c-231_230.html HTTP/1.0" 200 90130 "-" "Mozilla/5.0 (compatible; Bytespider; https://zhanzhang.toutiao.com/) AppleWebKit/537.36 (KHTML, like Gecko) Chrome/70.0.0.0 Safari/537.36"
110.249.201.162 - - [20/Feb/2021:10:57:56 +0100] "GET /swfobject.js HTTP/1.0" 404 1308 "http://www.wonder-geek.com/tealight-holders-candle-holders-c-231_230.html" "Mozilla/5.0 (compatible; Bytespider; https://zhanzhang.toutiao.com/) AppleWebKit/537.36 (KHTML, like Gecko) Chrome/70.0.0.0 Safari/537.36"
110.249.201.156 - - [20/Feb/2021:10:57:56 +0100] "GET /js/jquery.min.js HTTP/1.0" 404 1308 "http://www.wonder-geek.com/tealight-holders-candle-holders-c-231_230.html" "Mozilla/5.0 (compatible; Bytespider; https://zhanzhang.toutiao.com/) AppleWebKit/537.36 (KHTML, like Gecko) Chrome/70.0.0.0 Safari/537.36"
110.249.201.153 - - [20/Feb/2021:10:57:56 +0100] "GET /highslide/graphics/zoomout.cur HTTP/1.0" 200 614 "http://www.wonder-geek.com/tealight-holders-candle-holders-c-231_230.html" "Mozilla/5.0 (compatible; Bytespider; https://zhanzhang.toutiao.com/) AppleWebKit/537.36 (KHTML, like Gecko) Chrome/70.0.0.0 Safari/537.36"
13.66.139.88 - - [20/Feb/2021:10:58:00 +0100] "GET /laissez-lucie-faire-scarf-byako-p-38969.html HTTP/1.0" 301 68757 "-" "Mozilla/5.0 (compatible; bingbot/2.0; +http://www.bing.com/bingbot.htm)"
54.36.149.46 - - [20/Feb/2021:10:58:06 +0100] "GET /decorative-wooden-plate-chien-mechant-azure-blue-p-47799.html HTTP/1.0" 301 71876 "-" "Mozilla/5.0 (compatible; AhrefsBot/7.0; +http://ahrefs.com/robot/)"
207.46.13.52 - - [20/Feb/2021:10:58:12 +0100] "GET /-p-21939.html HTTP/1.0" 200 68690 "-" "Mozilla/5.0 (compatible; bingbot/2.0; +http://www.bing.com/bingbot.htm)"
185.191.171.21 - - [20/Feb/2021:10:58:39 +0100] "GET /retro-ceramic-mug-papa-au-top-p-45501.html HTTP/1.0" 301 68853 "-" "Mozilla/5.0 (compatible; SemrushBot/7~bl; +http://www.semrush.com/bot.html)"
185.191.171.13 - - [20/Feb/2021:10:58:42 +0100] "GET /retro-ceramic-papa-p-45501.html HTTP/1.0" 200 68768 "-" "Mozilla/5.0 (compatible; SemrushBot/7~bl; +http://www.semrush.com/bot.html)"
185.191.171.4 - - [20/Feb/2021:10:59:06 +0100] "GET /kimmidoll-love-miso-cute-collection-p-21730.html HTTP/1.0" 200 71450 "-" "Mozilla/5.0 (compatible; SemrushBot/7~bl; +http://www.semrush.com/bot.html)"
13.66.139.88 - - [20/Feb/2021:10:59:20 +0100] "GET /-p-35645.html HTTP/1.0" 200 68690 "-" "Mozilla/5.0 (compatible; bingbot/2.0; +http://www.bing.com/bingbot.htm)"
13.66.139.73 - - [20/Feb/2021:10:59:27 +0100] "GET /humor-color-ashtray-p-47372.html HTTP/1.0" 301 68757 "-" "Mozilla/5.0 (compatible; bingbot/2.0; +http://www.bing.com/bingbot.htm)"
54.36.148.90 - - [20/Feb/2021:10:59:27 +0100] "GET /mickey-mouse-red-swimsuit-p-30668.html HTTP/1.0" 301 72876 "-" "Mozilla/5.0 (compatible; AhrefsBot/7.0; +http://ahrefs.com/robot/)"
54.36.148.140 - - [20/Feb/2021:10:59:29 +0100] "GET /espresso-set-museum-p-39740.html HTTP/1.0" 301 68757 "-" "Mozilla/5.0 (compatible; AhrefsBot/7.0; +http://ahrefs.com/robot/)"
13.66.139.137 - - [20/Feb/2021:11:00:26 +0100] "GET /resin-statue-little-monk-in-yellow-dress-p-51510.html HTTP/1.0" 301 71616 "-" "Mozilla/5.0 (compatible; bingbot/2.0; +http://www.bing.com/bingbot.htm)"
13.66.139.73 - - [20/Feb/2021:11:00:31 +0100] "GET /hannah-montana-stationery-p-19924.html HTTP/1.0" 200 71487 "-" "Mozilla/5.0 (compatible; bingbot/2.0; +http://www.bing.com/bingbot.htm)"
13.66.139.88 - - [20/Feb/2021:11:00:39 +0100] "GET /-p-21939.html HTTP/1.0" 200 68690 "-" "Mozilla/5.0 (compatible; bingbot/2.0; +http://www.bing.com/bingbot.htm)"
157.55.39.246 - - [20/Feb/2021:11:00:43 +0100] "GET /js/jquery.js HTTP/1.0" 200 252 "-" "Mozilla/5.0 (compatible; bingbot/2.0; +http://www.bing.com/bingbot.htm)"
54.36.148.90 - - [20/Feb/2021:11:00:48 +0100] "GET /gun-candle-60-hours-black-p-42092.html HTTP/1.0" 301 71543 "-" "Mozilla/5.0 (compatible; AhrefsBot/7.0; +http://ahrefs.com/robot/)"
185.191.171.21 - - [20/Feb/2021:11:00:52 +0100] "GET /chest-wood-whitened-p-48072.html?action=add_product HTTP/1.0" 302 476 "-" "Mozilla/5.0 (compatible; SemrushBot/7~bl; +http://www.semrush.com/bot.html)"
157.55.39.246 - - [20/Feb/2021:11:00:53 +0100] "GET /js/jquery.js HTTP/1.0" 200 252 "-" "Mozilla/5.0 (compatible; bingbot/2.0; +http://www.bing.com/bingbot.htm)"
1.129.107.125 - - [20/Feb/2021:11:01:24 +0100] "GET /images/4008421369072.jpg HTTP/1.0" 200 259 "-" "Dalvik/2.1.0 (Linux; U; Android 9; SM-T290 Build/PPR1.180610.011)"
185.191.171.7 - - [20/Feb/2021:11:01:30 +0100] "GET /beige-bunny-plush-p-25884.html?action=add_product HTTP/1.0" 302 476 "-" "Mozilla/5.0 (compatible; SemrushBot/7~bl; +http://www.semrush.com/bot.html)"
13.66.139.88 - - [20/Feb/2021:11:01:50 +0100] "GET /-p-34312.html HTTP/1.0" 200 68690 "-" "Mozilla/5.0 (compatible; bingbot/2.0; +http://www.bing.com/bingbot.htm)"
13.66.139.88 - - [20/Feb/2021:11:01:51 +0100] "GET /the-beatles-metal-plate-p-11865.html HTTP/1.0" 301 71534 "-" "Mozilla/5.0 (compatible; bingbot/2.0; +http://www.bing.com/bingbot.htm)"
54.36.149.67 - - [20/Feb/2021:11:02:06 +0100] "GET /retro-french-adult-apron-p-40734.html HTTP/1.0" 200 71340 "-" "Mozilla/5.0 (compatible; AhrefsBot/7.0; +http://ahrefs.com/robot/)"
13.66.139.137 - - [20/Feb/2021:11:02:16 +0100] "GET /-p-17914.html HTTP/1.0" 200 68690 "-" "Mozilla/5.0 (compatible; bingbot/2.0; +http://www.bing.com/bingbot.htm)"
13.66.139.137 - - [20/Feb/2021:11:02:17 +0100] "GET /pink-flamingo-led-ornament-p-38827.html HTTP/1.0" 301 71473 "-" "Mozilla/5.0 (compatible; bingbot/2.0; +http://www.bing.com/bingbot.htm)"
185.191.171.42 - - [20/Feb/2021:11:02:25 +0100] "GET /snow-white-couture-de-force-figurine-p-53355.html HTTP/1.0" 301 73388 "-" "Mozilla/5.0 (compatible; SemrushBot/7~bl; +http://www.semrush.com/bot.html)"
95.29.145.182 - - [20/Feb/2021:11:02:26 +0100] "GET /images/med_prod/8435107822026.jpg HTTP/1.0" 200 268 "-" "Mozilla/5.0 (Linux; arm_64; Android 10; SM-A705FN) AppleWebKit/537.36 (KHTML, like Gecko) Chrome/87.0.4280.141 BroPP/1.0 SA/3 YandexSearch/20.124.0 YandexSearchWebView/20.124.0 Mobile Safari/537.36"
185.191.171.10 - - [20/Feb/2021:11:02:27 +0100] "GET /snow-white-couture-force-figurine-p-53355.html HTTP/1.0" 200 73288 "-" "Mozilla/5.0 (compatible; SemrushBot/7~bl; +http://www.semrush.com/bot.html)"
185.191.171.43 - - [20/Feb/2021:11:02:45 +0100] "GET /provence-box-of-coasters-p-48347.html HTTP/1.0" 301 71364 "-" "Mozilla/5.0 (compatible; SemrushBot/7~bl; +http://www.semrush.com/bot.html)"
185.191.171.6 - - [20/Feb/2021:11:02:47 +0100] "GET /provence-coasters-p-48347.html HTTP/1.0" 200 71280 "-" "Mozilla/5.0 (compatible; SemrushBot/7~bl; +http://www.semrush.com/bot.html)"
