13.66.139.88 - - [20/Feb/2021:04:44:16 +0100] "GET /porsche-911-132-classic-p-37802.html HTTP/1.0" 301 68871 "-" "Mozilla/5.0 (compatible; bingbot/2.0; +http://www.bing.com/bingbot.htm)"
185.191.171.43 - - [20/Feb/2021:04:44:19 +0100] "GET /selenite-lamp-with-wooden-base-height-p-47196.html?action=add_product HTTP/1.0" 302 476 "-" "Mozilla/5.0 (compatible; SemrushBot/7~bl; +http://www.semrush.com/bot.html)"
13.66.139.73 - - [20/Feb/2021:04:44:21 +0100] "GET /large-glass-flower-of-life-p-51473.html HTTP/1.0" 301 71470 "-" "Mozilla/5.0 (compatible; bingbot/2.0; +http://www.bing.com/bingbot.htm)"
13.66.139.73 - - [20/Feb/2021:04:44:39 +0100] "GET /-p-19145.html HTTP/1.0" 200 68690 "-" "Mozilla/5.0 (compatible; bingbot/2.0; +http://www.bing.com/bingbot.htm)"
13.66.139.73 - - [20/Feb/2021:04:44:59 +0100] "GET /accessories-mobiles-c-3_17.html?page=5 HTTP/1.0" 200 92714 "-" "Mozilla/5.0 (compatible; bingbot/2.0; +http://www.bing.com/bingbot.htm)"
13.66.139.137 - - [20/Feb/2021:04:45:10 +0100] "GET /albania-mug-by-cbkreation-p-33768.html HTTP/1.0" 301 71426 "-" "Mozilla/5.0 (compatible; bingbot/2.0; +http://www.bing.com/bingbot.htm)"
185.191.171.1 - - [20/Feb/2021:04:45:10 +0100] "GET /household-linen-c-11.html?page=18 HTTP/1.0" 200 91585 "-" "Mozilla/5.0 (compatible; SemrushBot/7~bl; +http://www.semrush.com/bot.html)"
185.191.171.10 - - [20/Feb/2021:04:45:14 +0100] "GET /fiat-keyring-p-24964.html HTTP/1.0" 200 71801 "-" "Mozilla/5.0 (compatible; SemrushBot/7~bl; +http://www.semrush.com/bot.html)"
13.66.139.88 - - [20/Feb/2021:04:45:15 +0100] "GET /images/big_prod/1384010204061.jpg HTTP/1.0" 200 268 "-" "Mozilla/5.0 (compatible; bingbot/2.0; +http://www.bing.com/bingbot.htm)"
54.36.149.15 - - [20/Feb/2021:04:45:39 +0100] "GET /the-little-prince-of-saint-exupery-bowl-p-44840.html HTTP/1.0" 301 71520 "-" "Mozilla/5.0 (compatible; AhrefsBot/7.0; +http://ahrefs.com/robot/)"
13.66.139.73 - - [20/Feb/2021:04:45:49 +0100] "GET /homer-simpsons-fat-and-happy-mug-p-19276.html HTTP/1.0" 301 68913 "-" "Mozilla/5.0 (compatible; bingbot/2.0; +http://www.bing.com/bingbot.htm)"
13.66.139.73 - - [20/Feb/2021:04:45:51 +0100] "GET /disney-showcase-haute-couture-cinderella-wedding-figurine-p-29828.html HTTP/1.0" 301 68757 "-" "Mozilla/5.0 (compatible; bingbot/2.0; +http://www.bing.com/bingbot.htm)"
13.66.139.73 - - [20/Feb/2021:04:45:52 +0100] "GET /barbapapa-travel-mug-heat-insulating-p-11715.html HTTP/1.0" 301 71624 "-" "Mozilla/5.0 (compatible; bingbot/2.0; +http://www.bing.com/bingbot.htm)"
185.191.171.33 - - [20/Feb/2021:04:46:01 +0100] "GET /cake-oilcloth-p-47360.html?action=add_product HTTP/1.0" 302 476 "-" "Mozilla/5.0 (compatible; SemrushBot/7~bl; +http://www.semrush.com/bot.html)"
13.66.139.88 - - [20/Feb/2021:04:46:08 +0100] "GET /decoration-pen-grass-flower-motif-p-21336.html HTTP/1.0" 301 68900 "-" "Mozilla/5.0 (compatible; bingbot/2.0; +http://www.bing.com/bingbot.htm)"
185.191.171.5 - - [20/Feb/2021:04:46:19 +0100] "GET /yumiko-p-50774.html HTTP/1.0" 200 72756 "-" "Mozilla/5.0 (compatible; SemrushBot/7~bl; +http://www.semrush.com/bot.html)"
199.249.230.88 - - [20/Feb/2021:04:46:21 +0100] "GET /contact_us.php HTTP/1.0" 200 26238 "http://www.wonder-geek.com/contact_us.php" "Mozilla/5.0 (Windows NT 6.3; ) AppleWebKit/537.36 (KHTML, like Gecko) Chrome/83.0.4103.61 Safari/537.36"
199.249.230.88 - - [20/Feb/2021:04:46:25 +0100] "POST /contact_us.php?action=send HTTP/1.0" 200 26651 "http://www.wonder-geek.com/contact_us.php" "Mozilla/5.0 (Windows NT 6.3; ) AppleWebKit/537.36 (KHTML, like Gecko) Chrome/83.0.4103.61 Safari/537.36"
199.249.230.88 - - [20/Feb/2021:04:46:26 +0100] "GET /contact_us.php HTTP/1.0" 200 26238 "http://www.wonder-geek.com/contact_us.php" "Mozilla/5.0 (Windows NT 6.3; ) AppleWebKit/537.36 (KHTML, like Gecko) Chrome/83.0.4103.61 Safari/537.36"
185.191.171.17 - - [20/Feb/2021:04:46:38 +0100] "GET /nici-squirrel-p-11440.html?action=add_product HTTP/1.0" 302 476 "-" "Mozilla/5.0 (compatible; SemrushBot/7~bl; +http://www.semrush.com/bot.html)"
185.191.171.21 - - [20/Feb/2021:04:46:50 +0100] "GET /paris-tour-eiffel-oriflamme-by-cbkreation-small-cushion-30-cm-p-17241.html HTTP/1.0" 301 68757 "-" "Mozilla/5.0 (compatible; SemrushBot/7~bl; +http://www.semrush.com/bot.html)"
185.191.171.6 - - [20/Feb/2021:04:46:52 +0100] "GET /-p-17241.html HTTP/1.0" 200 68690 "-" "Mozilla/5.0 (compatible; SemrushBot/7~bl; +http://www.semrush.com/bot.html)"
13.66.139.137 - - [20/Feb/2021:04:47:00 +0100] "GET /cars-disney-sergent-figure-p-11101.html HTTP/1.0" 200 68784 "-" "Mozilla/5.0 (compatible; bingbot/2.0; +http://www.bing.com/bingbot.htm)"
107.77.109.47 - - [20/Feb/2021:04:47:20 +0100] "GET /images/big_prod/8904245400477.jpg HTTP/1.0" 200 268 "http://pos.kit-systems.com/" "Mozilla/5.0 (Windows NT 6.2) AppleWebKit/537.36 (KHTML, like Gecko) (KioWare Client Platform r2436) Chrome/63.0.3239.132 Safari/537.36"
13.66.139.73 - - [20/Feb/2021:04:47:29 +0100] "GET /marmot-laissez-lucie-faire-soup-bowl-with-spoon-p-38788.html HTTP/1.0" 200 68868 "-" "Mozilla/5.0 (compatible; bingbot/2.0; +http://www.bing.com/bingbot.htm)"
185.191.171.37 - - [20/Feb/2021:04:47:20 +0100] "GET /frames-flags-and-decorative-paintings-c-13_148.html?page=14 HTTP/1.0" 301 92924 "-" "Mozilla/5.0 (compatible; SemrushBot/7~bl; +http://www.semrush.com/bot.html)"
54.36.148.108 - - [20/Feb/2021:04:47:20 +0100] "GET /collectible-figurines-and-decorative-c-13_135.html?page=11 HTTP/1.0" 301 94730 "-" "Mozilla/5.0 (compatible; AhrefsBot/7.0; +http://ahrefs.com/robot/)"
185.191.171.22 - - [20/Feb/2021:04:47:36 +0100] "GET /frames-flags-decorative-paintings-c-148.html?page=14 HTTP/1.0" 301 92801 "-" "Mozilla/5.0 (compatible; SemrushBot/7~bl; +http://www.semrush.com/bot.html)"
185.191.171.15 - - [20/Feb/2021:04:47:43 +0100] "GET /frames-flags-decorative-paintings-c-13_148.html?page=14 HTTP/1.0" 200 92818 "-" "Mozilla/5.0 (compatible; SemrushBot/7~bl; +http://www.semrush.com/bot.html)"
185.191.171.13 - - [20/Feb/2021:04:47:56 +0100] "GET /unicorn-nightlight-p-53119.html?action=add_product HTTP/1.0" 302 476 "-" "Mozilla/5.0 (compatible; SemrushBot/7~bl; +http://www.semrush.com/bot.html)"
185.191.171.15 - - [20/Feb/2021:04:47:58 +0100] "GET /braided-brown-round-table-mat-p-49449.html HTTP/1.0" 301 68880 "-" "Mozilla/5.0 (compatible; SemrushBot/7~bl; +http://www.semrush.com/bot.html)"
13.66.139.137 - - [20/Feb/2021:04:48:00 +0100] "GET /cupcake-vintage-mini-tin-box-p-29118.html HTTP/1.0" 301 68892 "-" "Mozilla/5.0 (compatible; bingbot/2.0; +http://www.bing.com/bingbot.htm)"
185.191.171.21 - - [20/Feb/2021:04:48:01 +0100] "GET /braided-brown-round-table-p-49449.html HTTP/1.0" 200 68788 "-" "Mozilla/5.0 (compatible; SemrushBot/7~bl; +http://www.semrush.com/bot.html)"
185.191.171.3 - - [20/Feb/2021:04:48:15 +0100] "GET /150-white-artificial-petals-to-decorate-your-party-tables-p-46839.html HTTP/1.0" 301 68757 "-" "Mozilla/5.0 (compatible; SemrushBot/7~bl; +http://www.semrush.com/bot.html)"
13.66.139.137 - - [20/Feb/2021:04:48:20 +0100] "GET /beatles-1962-1970-red-sports-bag-p-15818.html HTTP/1.0" 301 68916 "-" "Mozilla/5.0 (compatible; bingbot/2.0; +http://www.bing.com/bingbot.htm)"
185.191.171.1 - - [20/Feb/2021:04:48:20 +0100] "GET /white-owl-table-lamp-p-44531.html HTTP/1.0" 301 68835 "-" "Mozilla/5.0 (compatible; SemrushBot/7~bl; +http://www.semrush.com/bot.html)"
185.191.171.35 - - [20/Feb/2021:04:48:24 +0100] "GET /white-table-lamp-p-44531.html HTTP/1.0" 200 68752 "-" "Mozilla/5.0 (compatible; SemrushBot/7~bl; +http://www.semrush.com/bot.html)"
66.249.69.166 - - [20/Feb/2021:04:48:30 +0100] "GET /images/mini_prod/045544755771.jpg HTTP/1.0" 404 1308 "-" "Googlebot-Image/1.0"
185.191.171.7 - - [20/Feb/2021:04:48:33 +0100] "GET /real-madrid-fountain-p-36244.html?action=add_product HTTP/1.0" 302 476 "-" "Mozilla/5.0 (compatible; SemrushBot/7~bl; +http://www.semrush.com/bot.html)"
13.66.139.73 - - [20/Feb/2021:04:48:37 +0100] "GET /dog-head-wallet-model-p-39441.html HTTP/1.0" 301 71425 "-" "Mozilla/5.0 (compatible; bingbot/2.0; +http://www.bing.com/bingbot.htm)"
13.66.139.73 - - [20/Feb/2021:04:48:39 +0100] "GET /images/big_prod/B1399985100935BB.jpg HTTP/1.0" 200 271 "-" "Mozilla/5.0 (compatible; bingbot/2.0; +http://www.bing.com/bingbot.htm)"
13.66.139.88 - - [20/Feb/2021:04:48:41 +0100] "GET /mickey-mouse-clock-p-31606.html HTTP/1.0" 200 71311 "-" "Mozilla/5.0 (compatible; bingbot/2.0; +http://www.bing.com/bingbot.htm)"
185.191.171.45 - - [20/Feb/2021:04:48:57 +0100] "GET /patina-couple-imperial-dogs-statue-p-46183.html?action=add_product HTTP/1.0" 302 476 "-" "Mozilla/5.0 (compatible; SemrushBot/7~bl; +http://www.semrush.com/bot.html)"
54.36.148.90 - - [20/Feb/2021:04:48:59 +0100] "GET /smiski-figure-series-note-there-is-single-figure-p-39458.html HTTP/1.0" 301 72746 "-" "Mozilla/5.0 (compatible; AhrefsBot/7.0; +http://ahrefs.com/robot/)"
157.55.39.159 - - [20/Feb/2021:04:49:00 +0100] "GET /js/jquery.jqzoom.js HTTP/1.0" 200 259 "-" "Mozilla/5.0 (compatible; bingbot/2.0; +http://www.bing.com/bingbot.htm)"
157.55.39.251 - - [20/Feb/2021:04:49:07 +0100] "GET /swfobject.js HTTP/1.0" 404 1308 "-" "Mozilla/5.0 (compatible; bingbot/2.0; +http://www.bing.com/bingbot.htm)"
13.66.139.137 - - [20/Feb/2021:04:49:11 +0100] "GET /girls-c-1.html HTTP/1.0" 200 89933 "-" "Mozilla/5.0 (compatible; bingbot/2.0; +http://www.bing.com/bingbot.htm)"
185.191.171.23 - - [20/Feb/2021:04:49:30 +0100] "GET /la-ferrari-race-and-play-124-red-p-37804.html HTTP/1.0" 301 68757 "-" "Mozilla/5.0 (compatible; SemrushBot/7~bl; +http://www.semrush.com/bot.html)"
185.191.171.37 - - [20/Feb/2021:04:49:32 +0100] "GET /-p-37804.html HTTP/1.0" 200 68690 "-" "Mozilla/5.0 (compatible; SemrushBot/7~bl; +http://www.semrush.com/bot.html)"
185.191.171.14 - - [20/Feb/2021:04:49:37 +0100] "GET /zodiac-black-women-shirt-p-30813.html HTTP/1.0" 200 73318 "-" "Mozilla/5.0 (compatible; SemrushBot/7~bl; +http://www.semrush.com/bot.html)"
13.66.139.73 - - [20/Feb/2021:04:49:47 +0100] "GET /images/big_prod/3503420237386.jpg HTTP/1.0" 200 268 "-" "Mozilla/5.0 (compatible; bingbot/2.0; +http://www.bing.com/bingbot.htm)"
54.36.149.1 - - [20/Feb/2021:04:50:01 +0100] "GET /olaf-mug-p-31733.html HTTP/1.0" 301 68757 "-" "Mozilla/5.0 (compatible; AhrefsBot/7.0; +http://ahrefs.com/robot/)"
216.244.66.242 - - [20/Feb/2021:04:50:03 +0100] "GET /robots.txt HTTP/1.0" 200 245 "-" "Mozilla/5.0 (compatible; DotBot/1.1; http://www.opensiteexplorer.org/dotbot, help@moz.com)"
185.191.171.45 - - [20/Feb/2021:04:50:17 +0100] "GET /posture-warrior-yoga-cats-statue-p-50393.html HTTP/1.0" 200 71539 "-" "Mozilla/5.0 (compatible; SemrushBot/7~bl; +http://www.semrush.com/bot.html)"
185.191.171.26 - - [20/Feb/2021:04:50:26 +0100] "GET /cotton-floor-cushion-louison-p-51658.html?action=add_product HTTP/1.0" 302 476 "-" "Mozilla/5.0 (compatible; SemrushBot/7~bl; +http://www.semrush.com/bot.html)"
66.249.69.164 - - [20/Feb/2021:04:50:28 +0100] "GET /gee-sonny-angel-figurine-series-p-27671.html HTTP/1.0" 301 71997 "-" "Mozilla/5.0 (Linux; Android 6.0.1; Nexus 5X Build/MMB29P) AppleWebKit/537.36 (KHTML, like Gecko) Chrome/88.0.4324.153 Mobile Safari/537.36 (compatible; Googlebot/2.1; +http://www.google.com/bot.html)"
157.55.39.69 - - [20/Feb/2021:04:50:23 +0100] "GET /bedding-protection-c-11_192.html?page=2 HTTP/1.0" 200 89859 "-" "Mozilla/5.0 (compatible; bingbot/2.0; +http://www.bing.com/bingbot.htm)"
54.36.148.221 - - [20/Feb/2021:04:50:30 +0100] "GET /fitted-sheet-160-200-cm-color-pink-p-38885.html HTTP/1.0" 301 71528 "-" "Mozilla/5.0 (compatible; AhrefsBot/7.0; +http://ahrefs.com/robot/)"
66.249.69.162 - - [20/Feb/2021:04:50:31 +0100] "GET /sonny-angel-figurine-series-p-27671.html HTTP/1.0" 200 71903 "-" "Mozilla/5.0 (Linux; Android 6.0.1; Nexus 5X Build/MMB29P) AppleWebKit/537.36 (KHTML, like Gecko) Chrome/88.0.4324.153 Mobile Safari/537.36 (compatible; Googlebot/2.1; +http://www.google.com/bot.html)"
185.191.171.44 - - [20/Feb/2021:04:50:54 +0100] "GET /barcelona-backpack-p-52184.html?action=add_product HTTP/1.0" 302 476 "-" "Mozilla/5.0 (compatible; SemrushBot/7~bl; +http://www.semrush.com/bot.html)"
13.66.139.137 - - [20/Feb/2021:04:51:00 +0100] "GET /images/4007176125120B.jpg HTTP/1.0" 200 260 "-" "Mozilla/5.0 (compatible; bingbot/2.0; +http://www.bing.com/bingbot.htm)"
13.66.139.137 - - [20/Feb/2021:04:51:01 +0100] "GET /-p-8472.html HTTP/1.0" 200 68688 "-" "Mozilla/5.0 (compatible; bingbot/2.0; +http://www.bing.com/bingbot.htm)"
13.66.139.88 - - [20/Feb/2021:04:51:18 +0100] "GET /metal-ding-dong-bell-for-bike-grey-p-40746.html HTTP/1.0" 301 71525 "-" "Mozilla/5.0 (compatible; bingbot/2.0; +http://www.bing.com/bingbot.htm)"
51.68.224.127 - - [20/Feb/2021:04:51:20 +0100] "GET /adminweb/export_orders_xml.php?token=256de2z6edz6ed2z6DFSFsed2zed6zeDSFDSGdzedezfzf&maxorders=10&orderstart=1&status=14&start_date=2018-10-01 HTTP/1.0" 200 285 "-" "GesCom CharlotteBoutik Serveur"
51.68.224.127 - - [20/Feb/2021:04:51:20 +0100] "GET /adminweb/export_orders_xml.php?token=256de2z6edz6ed2z6DFSFsed2zed6zeDSFDSGdzedezfzf&maxorders=10&orderstart=1&status=6&start_date=2018-10-01 HTTP/1.0" 200 29990 "-" "GesCom CharlotteBoutik Serveur"
185.191.171.10 - - [20/Feb/2021:04:51:22 +0100] "GET /chakra-relief-aromatic-light-candles-p-35501.html?action=add_product HTTP/1.0" 302 476 "-" "Mozilla/5.0 (compatible; SemrushBot/7~bl; +http://www.semrush.com/bot.html)"
13.66.139.73 - - [20/Feb/2021:04:51:40 +0100] "GET /tweety-pencil-case-p-520.html HTTP/1.0" 200 71492 "-" "Mozilla/5.0 (compatible; bingbot/2.0; +http://www.bing.com/bingbot.htm)"
185.191.171.15 - - [20/Feb/2021:04:51:42 +0100] "GET /boho-terracotta-p-51884.html HTTP/1.0" 200 72053 "-" "Mozilla/5.0 (compatible; SemrushBot/7~bl; +http://www.semrush.com/bot.html)"
185.191.171.21 - - [20/Feb/2021:04:51:53 +0100] "GET /wall-stickers-treble-clef-p-51124.html HTTP/1.0" 200 71464 "-" "Mozilla/5.0 (compatible; SemrushBot/7~bl; +http://www.semrush.com/bot.html)"
54.36.148.81 - - [20/Feb/2021:04:51:57 +0100] "GET /japan-rags-shoulder-bag-p-26354.html HTTP/1.0" 301 71688 "-" "Mozilla/5.0 (compatible; AhrefsBot/7.0; +http://ahrefs.com/robot/)"
185.191.171.8 - - [20/Feb/2021:04:51:58 +0100] "GET /hourglass-decoration-painted-metal-glass-p-49248.html HTTP/1.0" 200 71522 "-" "Mozilla/5.0 (compatible; SemrushBot/7~bl; +http://www.semrush.com/bot.html)"
157.55.39.159 - - [20/Feb/2021:04:52:04 +0100] "GET /metal-moneybox-star-wars-darth-vader-p-34869.html HTTP/1.0" 200 68861 "-" "Mozilla/5.0 (compatible; bingbot/2.0; +http://www.bing.com/bingbot.htm)"
13.66.139.88 - - [20/Feb/2021:04:52:09 +0100] "GET /-p-34015.html HTTP/1.0" 200 68690 "-" "Mozilla/5.0 (compatible; bingbot/2.0; +http://www.bing.com/bingbot.htm)"
13.66.139.137 - - [20/Feb/2021:04:52:00 +0100] "GET /set-and-breakfast-set-c-12_61.html HTTP/1.0" 301 89839 "-" "Mozilla/5.0 (compatible; bingbot/2.0; +http://www.bing.com/bingbot.htm)"
13.66.139.88 - - [20/Feb/2021:04:52:30 +0100] "GET /white-star-table-or-hanging-lamp-p-52983.html HTTP/1.0" 301 72467 "-" "Mozilla/5.0 (compatible; bingbot/2.0; +http://www.bing.com/bingbot.htm)"
13.66.139.73 - - [20/Feb/2021:04:52:40 +0100] "GET /despicable-me-bag-lunch-box-and-bottle-p-35776.html HTTP/1.0" 301 68894 "-" "Mozilla/5.0 (compatible; bingbot/2.0; +http://www.bing.com/bingbot.htm)"
13.66.139.73 - - [20/Feb/2021:04:52:42 +0100] "GET /-p-24470.html HTTP/1.0" 200 68690 "-" "Mozilla/5.0 (compatible; bingbot/2.0; +http://www.bing.com/bingbot.htm)"
185.191.171.17 - - [20/Feb/2021:04:52:31 +0100] "GET /home-and-decoration-c-13.html?page=92 HTTP/1.0" 301 91264 "-" "Mozilla/5.0 (compatible; SemrushBot/7~bl; +http://www.semrush.com/bot.html)"
13.66.139.73 - - [20/Feb/2021:04:52:44 +0100] "GET /sixtine-plaid-180-130-cm-p-51298.html HTTP/1.0" 301 71493 "-" "Mozilla/5.0 (compatible; bingbot/2.0; +http://www.bing.com/bingbot.htm)"
185.191.171.38 - - [20/Feb/2021:04:52:45 +0100] "GET /home-decoration-c-13.html?page=92 HTTP/1.0" 200 91177 "-" "Mozilla/5.0 (compatible; SemrushBot/7~bl; +http://www.semrush.com/bot.html)"
185.191.171.10 - - [20/Feb/2021:04:52:58 +0100] "GET /cbkration-toiletry-p-41046.html HTTP/1.0" 200 71439 "-" "Mozilla/5.0 (compatible; SemrushBot/7~bl; +http://www.semrush.com/bot.html)"
13.66.139.137 - - [20/Feb/2021:04:53:10 +0100] "GET /ikat-wooden-tray-55-35-cm-p-47117.html HTTP/1.0" 301 68877 "-" "Mozilla/5.0 (compatible; bingbot/2.0; +http://www.bing.com/bingbot.htm)"
13.66.139.137 - - [20/Feb/2021:04:53:11 +0100] "GET /bag-in-the-shape-of-violin-p-35438.html HTTP/1.0" 301 68862 "-" "Mozilla/5.0 (compatible; bingbot/2.0; +http://www.bing.com/bingbot.htm)"
185.191.171.9 - - [20/Feb/2021:04:53:21 +0100] "GET /mani-the-lucky-cat-figurine-11-cm-p-47604.html HTTP/1.0" 301 72369 "-" "Mozilla/5.0 (compatible; SemrushBot/7~bl; +http://www.semrush.com/bot.html)"
185.191.171.20 - - [20/Feb/2021:04:53:24 +0100] "GET /mani-lucky-figurine-p-47604.html HTTP/1.0" 200 72283 "-" "Mozilla/5.0 (compatible; SemrushBot/7~bl; +http://www.semrush.com/bot.html)"
54.36.148.90 - - [20/Feb/2021:04:53:25 +0100] "GET /special-anniversary-minnie-mouse-figurine-p-45559.html HTTP/1.0" 200 73089 "-" "Mozilla/5.0 (compatible; AhrefsBot/7.0; +http://ahrefs.com/robot/)"
66.249.69.166 - - [20/Feb/2021:04:53:30 +0100] "GET /images/mini_prod/pochette1300010258620.jpg HTTP/1.0" 200 277 "-" "Googlebot-Image/1.0"
185.191.171.20 - - [20/Feb/2021:04:53:37 +0100] "GET /exupry-petit-prince-money-rose-p-53860.html HTTP/1.0" 200 72126 "-" "Mozilla/5.0 (compatible; SemrushBot/7~bl; +http://www.semrush.com/bot.html)"
185.191.171.14 - - [20/Feb/2021:04:53:46 +0100] "GET /life-simple-metal-plate-p-29230.html HTTP/1.0" 200 71388 "-" "Mozilla/5.0 (compatible; SemrushBot/7~bl; +http://www.semrush.com/bot.html)"
13.66.139.137 - - [20/Feb/2021:04:53:51 +0100] "GET /images/big_prod/8422099381358.jpg HTTP/1.0" 200 268 "-" "Mozilla/5.0 (compatible; bingbot/2.0; +http://www.bing.com/bingbot.htm)"
185.191.171.45 - - [20/Feb/2021:04:53:50 +0100] "GET /crow-neko-p-28951.html HTTP/1.0" 200 71293 "-" "Mozilla/5.0 (compatible; SemrushBot/7~bl; +http://www.semrush.com/bot.html)"
185.191.171.45 - - [20/Feb/2021:04:54:08 +0100] "GET /vintage-cola-cola-canvas-frame-p-33386.html HTTP/1.0" 200 71583 "-" "Mozilla/5.0 (compatible; SemrushBot/7~bl; +http://www.semrush.com/bot.html)"
185.191.171.8 - - [20/Feb/2021:04:54:28 +0100] "GET /game-fishing-line-aquanemo-p-19496.html?action=add_product HTTP/1.0" 302 476 "-" "Mozilla/5.0 (compatible; SemrushBot/7~bl; +http://www.semrush.com/bot.html)"
185.191.171.18 - - [20/Feb/2021:04:54:30 +0100] "GET /robots.txt HTTP/1.0" 200 245 "-" "Mozilla/5.0 (compatible; SemrushBot/7~bl; +http://www.semrush.com/bot.html)"
66.249.69.166 - - [20/Feb/2021:04:54:25 +0100] "GET /home-decoration-c-13.html?page=7 HTTP/1.0" 200 90176 "-" "Mozilla/5.0 (Linux; Android 6.0.1; Nexus 5X Build/MMB29P) AppleWebKit/537.36 (KHTML, like Gecko) Chrome/88.0.4324.153 Mobile Safari/537.36 (compatible; Googlebot/2.1; +http://www.google.com/bot.html)"
114.119.132.105 - - [20/Feb/2021:04:54:36 +0100] "GET /gund-boo-blue-small-plush-p-32417.html HTTP/1.0" 301 71541 "-" "Mozilla/5.0 (Linux; Android 7.0;) AppleWebKit/537.36 (KHTML, like Gecko) Mobile Safari/537.36 (compatible; PetalBot;+https://aspiegel.com/petalbot)"
13.66.139.88 - - [20/Feb/2021:04:54:38 +0100] "GET /images/big_prod/3700742703647.jpg HTTP/1.0" 200 268 "-" "Mozilla/5.0 (compatible; bingbot/2.0; +http://www.bing.com/bingbot.htm)"
185.191.171.16 - - [20/Feb/2021:04:54:38 +0100] "GET /bamboo-led-alarm-clock-p-47511.html HTTP/1.0" 301 72505 "-" "Mozilla/5.0 (compatible; SemrushBot/7~bl; +http://www.semrush.com/bot.html)"
114.119.132.105 - - [20/Feb/2021:04:54:38 +0100] "GET /gund-blue-small-plush-p-32417.html HTTP/1.0" 200 71453 "-" "Mozilla/5.0 (Linux; Android 7.0;) AppleWebKit/537.36 (KHTML, like Gecko) Mobile Safari/537.36 (compatible; PetalBot;+https://aspiegel.com/petalbot)"
185.191.171.19 - - [20/Feb/2021:04:54:41 +0100] "GET /bamboo-alarm-clock-p-47511.html HTTP/1.0" 200 72420 "-" "Mozilla/5.0 (compatible; SemrushBot/7~bl; +http://www.semrush.com/bot.html)"
13.66.139.73 - - [20/Feb/2021:04:54:42 +0100] "GET /101-dalmatians-rolly-figure-p-19358.html HTTP/1.0" 301 71292 "-" "Mozilla/5.0 (compatible; bingbot/2.0; +http://www.bing.com/bingbot.htm)"
207.46.13.52 - - [20/Feb/2021:04:54:44 +0100] "GET /luggages-schoolbags-leather-shop/bagshandbags-shoulder-bags/nici-jolly-elsa-the-sheep-nylon-shopping-bag-p-9254.html HTTP/1.0" 301 743 "-" "Mozilla/5.0 (compatible; bingbot/2.0; +http://www.bing.com/bingbot.htm)"
185.191.171.25 - - [20/Feb/2021:04:54:54 +0100] "GET /zippo-torque-bracelet-twisted-stainless-steel-p-49084.html?action=add_product HTTP/1.0" 302 476 "-" "Mozilla/5.0 (compatible; SemrushBot/7~bl; +http://www.semrush.com/bot.html)"
54.36.148.206 - - [20/Feb/2021:04:55:01 +0100] "GET /pendulum-color-silver-chrome-20-gr-p-40956.html HTTP/1.0" 301 71403 "-" "Mozilla/5.0 (compatible; AhrefsBot/7.0; +http://ahrefs.com/robot/)"
13.66.139.88 - - [20/Feb/2021:04:55:18 +0100] "GET /images/med_prod/1399984286388.jpg HTTP/1.0" 200 268 "-" "Mozilla/5.0 (compatible; bingbot/2.0; +http://www.bing.com/bingbot.htm)"
13.66.139.88 - - [20/Feb/2021:04:55:19 +0100] "GET /the-ballerina-statue-collection-body-talk-p-38818.html HTTP/1.0" 301 72270 "-" "Mozilla/5.0 (compatible; bingbot/2.0; +http://www.bing.com/bingbot.htm)"
185.191.171.33 - - [20/Feb/2021:04:55:37 +0100] "GET /buddha-canvas-frame-p-39964.html HTTP/1.0" 200 71421 "-" "Mozilla/5.0 (compatible; SemrushBot/7~bl; +http://www.semrush.com/bot.html)"
13.66.139.73 - - [20/Feb/2021:04:56:20 +0100] "GET /elmer-lunchbox-p-19443.html HTTP/1.0" 200 68754 "-" "Mozilla/5.0 (compatible; bingbot/2.0; +http://www.bing.com/bingbot.htm)"
13.66.139.137 - - [20/Feb/2021:04:56:31 +0100] "GET /sponge-bob-lunch-box-p-17145.html HTTP/1.0" 301 68844 "-" "Mozilla/5.0 (compatible; bingbot/2.0; +http://www.bing.com/bingbot.htm)"
13.66.139.137 - - [20/Feb/2021:04:56:33 +0100] "GET /-p-11098.html HTTP/1.0" 200 68690 "-" "Mozilla/5.0 (compatible; bingbot/2.0; +http://www.bing.com/bingbot.htm)"
185.191.171.6 - - [20/Feb/2021:04:56:34 +0100] "GET /barbapapa-placemat-p-11714.html HTTP/1.0" 200 71232 "-" "Mozilla/5.0 (compatible; SemrushBot/7~bl; +http://www.semrush.com/bot.html)"
185.191.171.37 - - [20/Feb/2021:04:56:52 +0100] "GET /set-of-coasters-candy-by-cbkreation-p-15014.html HTTP/1.0" 301 71579 "-" "Mozilla/5.0 (compatible; SemrushBot/7~bl; +http://www.semrush.com/bot.html)"
13.66.139.73 - - [20/Feb/2021:04:57:00 +0100] "GET /wood-alarm-clock-p-39703.html HTTP/1.0" 301 68757 "-" "Mozilla/5.0 (compatible; bingbot/2.0; +http://www.bing.com/bingbot.htm)"
185.191.171.6 - - [20/Feb/2021:04:57:00 +0100] "GET /star-wars-mat-p-32601.html HTTP/1.0" 301 71574 "-" "Mozilla/5.0 (compatible; SemrushBot/7~bl; +http://www.semrush.com/bot.html)"
185.191.171.23 - - [20/Feb/2021:04:57:05 +0100] "GET /star-wars-p-32601.html HTTP/1.0" 200 71498 "-" "Mozilla/5.0 (compatible; SemrushBot/7~bl; +http://www.semrush.com/bot.html)"
54.36.148.90 - - [20/Feb/2021:04:57:00 +0100] "GET /home-and-decoration-c-13.html?page=145 HTTP/1.0" 301 91564 "-" "Mozilla/5.0 (compatible; AhrefsBot/7.0; +http://ahrefs.com/robot/)"
103.131.71.178 - - [20/Feb/2021:04:57:26 +0100] "GET /robots.txt HTTP/1.0" 301 531 "-" "Mozilla/5.0 (compatible; coccocbot-web/1.0; +http://help.coccoc.com/searchengine)"
103.131.71.178 - - [20/Feb/2021:04:57:28 +0100] "GET /robots.txt HTTP/1.0" 200 245 "-" "Mozilla/5.0 (compatible; coccocbot-web/1.0; +http://help.coccoc.com/searchengine)"
13.66.139.137 - - [20/Feb/2021:04:57:31 +0100] "GET /images/1300010237595.jpg HTTP/1.0" 200 259 "-" "Mozilla/5.0 (compatible; bingbot/2.0; +http://www.bing.com/bingbot.htm)"
13.66.139.73 - - [20/Feb/2021:04:57:41 +0100] "GET /candy-cloud-hair-brush-bubblegum-p-49779.html HTTP/1.0" 200 71409 "-" "Mozilla/5.0 (compatible; bingbot/2.0; +http://www.bing.com/bingbot.htm)"
13.66.139.73 - - [20/Feb/2021:04:57:49 +0100] "GET /images/4036113222301.jpg HTTP/1.0" 200 259 "-" "Mozilla/5.0 (compatible; bingbot/2.0; +http://www.bing.com/bingbot.htm)"
13.66.139.73 - - [20/Feb/2021:04:57:50 +0100] "GET /gorjuss-pencil-case-the-scarf-p-40493.html HTTP/1.0" 301 71474 "-" "Mozilla/5.0 (compatible; bingbot/2.0; +http://www.bing.com/bingbot.htm)"
13.66.139.73 - - [20/Feb/2021:04:57:52 +0100] "GET /cats-ceramic-teapot-p-45925.html HTTP/1.0" 200 71307 "-" "Mozilla/5.0 (compatible; bingbot/2.0; +http://www.bing.com/bingbot.htm)"
157.55.39.246 - - [20/Feb/2021:04:57:56 +0100] "GET /js/jquery.js HTTP/1.0" 200 252 "-" "Mozilla/5.0 (compatible; bingbot/2.0; +http://www.bing.com/bingbot.htm)"
13.66.139.88 - - [20/Feb/2021:04:58:01 +0100] "GET /pink-fitted-sheet-140-190-cm-p-48092.html HTTP/1.0" 301 71425 "-" "Mozilla/5.0 (compatible; bingbot/2.0; +http://www.bing.com/bingbot.htm)"
157.55.39.246 - - [20/Feb/2021:04:58:06 +0100] "GET /js/jquery.js HTTP/1.0" 200 252 "-" "Mozilla/5.0 (compatible; bingbot/2.0; +http://www.bing.com/bingbot.htm)"
157.55.39.246 - - [20/Feb/2021:04:58:07 +0100] "GET /js/jquery.js HTTP/1.0" 200 252 "-" "Mozilla/5.0 (compatible; bingbot/2.0; +http://www.bing.com/bingbot.htm)"
13.66.139.137 - - [20/Feb/2021:04:58:11 +0100] "GET /images/5025123280912.jpg HTTP/1.0" 200 259 "-" "Mozilla/5.0 (compatible; bingbot/2.0; +http://www.bing.com/bingbot.htm)"
185.191.171.23 - - [20/Feb/2021:04:58:10 +0100] "GET /vespa-mini-yellow-flashlight-keychain-p-18630.html HTTP/1.0" 200 71482 "-" "Mozilla/5.0 (compatible; SemrushBot/7~bl; +http://www.semrush.com/bot.html)"
185.191.171.19 - - [20/Feb/2021:04:58:16 +0100] "GET /harley-davidson-set-of-magnets-p-40277.html HTTP/1.0" 301 71519 "-" "Mozilla/5.0 (compatible; SemrushBot/7~bl; +http://www.semrush.com/bot.html)"
13.66.139.88 - - [20/Feb/2021:04:58:20 +0100] "GET /images/1399984264065.jpg HTTP/1.0" 200 259 "-" "Mozilla/5.0 (compatible; bingbot/2.0; +http://www.bing.com/bingbot.htm)"
185.191.171.5 - - [20/Feb/2021:04:58:20 +0100] "GET /white-mustache-liberty-cushion-cbkreation-p-16235.html HTTP/1.0" 200 68897 "-" "Mozilla/5.0 (compatible; SemrushBot/7~bl; +http://www.semrush.com/bot.html)"
157.55.39.99 - - [20/Feb/2021:04:58:24 +0100] "GET /klimt-adult-apron-p-51192.html HTTP/1.0" 200 71260 "-" "Mozilla/5.0 (compatible; bingbot/2.0; +http://www.bing.com/bingbot.htm)"
66.249.69.162 - - [20/Feb/2021:04:58:30 +0100] "GET /images/mini_prod/8422011490045.jpg HTTP/1.0" 200 269 "-" "Googlebot-Image/1.0"
54.36.148.90 - - [20/Feb/2021:04:58:41 +0100] "GET /savonnette-provence-made-in-france-sweet-almond-milk-p-44883.html HTTP/1.0" 301 72105 "-" "Mozilla/5.0 (compatible; AhrefsBot/7.0; +http://ahrefs.com/robot/)"
185.191.171.20 - - [20/Feb/2021:04:59:00 +0100] "GET /bear-glasses-p-47051.html?action=add_product HTTP/1.0" 302 476 "-" "Mozilla/5.0 (compatible; SemrushBot/7~bl; +http://www.semrush.com/bot.html)"
13.66.139.73 - - [20/Feb/2021:04:59:09 +0100] "GET /images/3585190569102.jpg HTTP/1.0" 200 259 "-" "Mozilla/5.0 (compatible; bingbot/2.0; +http://www.bing.com/bingbot.htm)"
185.191.171.25 - - [20/Feb/2021:04:59:15 +0100] "GET /vilaines-filles-beach-towel-p-51713.html?action=add_product HTTP/1.0" 302 476 "-" "Mozilla/5.0 (compatible; SemrushBot/7~bl; +http://www.semrush.com/bot.html)"
185.191.171.25 - - [20/Feb/2021:04:59:17 +0100] "GET /teapot-p-52918.html?action=add_product HTTP/1.0" 302 476 "-" "Mozilla/5.0 (compatible; SemrushBot/7~bl; +http://www.semrush.com/bot.html)"
13.66.139.137 - - [20/Feb/2021:04:59:21 +0100] "GET /ball-lamp-in-polished-pebbles-of-rock-crystal-13-cm-p-47200.html HTTP/1.0" 301 72541 "-" "Mozilla/5.0 (compatible; bingbot/2.0; +http://www.bing.com/bingbot.htm)"
13.66.139.137 - - [20/Feb/2021:04:59:23 +0100] "GET /-p-17044.html HTTP/1.0" 200 68690 "-" "Mozilla/5.0 (compatible; bingbot/2.0; +http://www.bing.com/bingbot.htm)"
185.191.171.37 - - [20/Feb/2021:05:00:12 +0100] "GET /mini-metal-tray-chat-noir-p-41051.html HTTP/1.0" 200 71463 "-" "Mozilla/5.0 (compatible; SemrushBot/7~bl; +http://www.semrush.com/bot.html)"
54.36.148.90 - - [20/Feb/2021:05:00:14 +0100] "GET /cooking-peg-wooden-antique-white-p-31742.html HTTP/1.0" 301 71725 "-" "Mozilla/5.0 (compatible; AhrefsBot/7.0; +http://ahrefs.com/robot/)"
54.36.149.56 - - [20/Feb/2021:05:00:15 +0100] "GET /bedding-protection-c-192.html?page=1 HTTP/1.0" 301 89662 "-" "Mozilla/5.0 (compatible; AhrefsBot/7.0; +http://ahrefs.com/robot/)"
185.191.171.12 - - [20/Feb/2021:05:00:23 +0100] "GET /gorjuss-heart-shaped-walk-together-p-49475.html?action=add_product HTTP/1.0" 302 476 "-" "Mozilla/5.0 (compatible; SemrushBot/7~bl; +http://www.semrush.com/bot.html)"
13.66.139.137 - - [20/Feb/2021:05:00:31 +0100] "GET /-p-24755.html HTTP/1.0" 200 68690 "-" "Mozilla/5.0 (compatible; bingbot/2.0; +http://www.bing.com/bingbot.htm)"
13.66.139.137 - - [20/Feb/2021:05:00:33 +0100] "GET /gray-metal-zippo-cigarette-case-carabiner-clip-p-46843.html HTTP/1.0" 200 72801 "-" "Mozilla/5.0 (compatible; bingbot/2.0; +http://www.bing.com/bingbot.htm)"
13.66.139.137 - - [20/Feb/2021:05:00:36 +0100] "GET /snow-white-figure-p-2868.html HTTP/1.0" 301 68754 "-" "Mozilla/5.0 (compatible; bingbot/2.0; +http://www.bing.com/bingbot.htm)"
13.66.139.88 - - [20/Feb/2021:05:00:41 +0100] "GET /spiderman-lunchbox-p-31793.html HTTP/1.0" 200 73436 "-" "Mozilla/5.0 (compatible; bingbot/2.0; +http://www.bing.com/bingbot.htm)"
66.249.69.164 - - [20/Feb/2021:05:00:37 +0100] "GET /breakfast-c-12_61.html?page=6 HTTP/1.0" 200 86713 "-" "Mozilla/5.0 (Linux; Android 6.0.1; Nexus 5X Build/MMB29P) AppleWebKit/537.36 (KHTML, like Gecko) Chrome/88.0.4324.153 Mobile Safari/537.36 (compatible; Googlebot/2.1; +http://www.google.com/bot.html)"
157.55.39.170 - - [20/Feb/2021:05:00:47 +0100] "GET /robots.txt HTTP/1.0" 200 245 "-" "Mozilla/5.0 (compatible; bingbot/2.0; +http://www.bing.com/bingbot.htm)"
185.191.171.34 - - [20/Feb/2021:05:00:35 +0100] "GET /collectible-figurines-decorative-c-13_135.html?page=31 HTTP/1.0" 200 94497 "-" "Mozilla/5.0 (compatible; SemrushBot/7~bl; +http://www.semrush.com/bot.html)"
185.191.171.1 - - [20/Feb/2021:05:01:09 +0100] "GET /butterfly-desk-lamp-p-45993.html?action=add_product HTTP/1.0" 302 476 "-" "Mozilla/5.0 (compatible; SemrushBot/7~bl; +http://www.semrush.com/bot.html)"
185.191.171.44 - - [20/Feb/2021:05:01:11 +0100] "GET /cats-dubout-cotton-kitchen-apron-made-in-france-p-36642.html HTTP/1.0" 301 68977 "-" "Mozilla/5.0 (compatible; SemrushBot/7~bl; +http://www.semrush.com/bot.html)"
185.191.171.33 - - [20/Feb/2021:05:01:14 +0100] "GET /cats-dubout-cotton-kitchen-apron-made-france-p-36642.html HTTP/1.0" 200 68866 "-" "Mozilla/5.0 (compatible; SemrushBot/7~bl; +http://www.semrush.com/bot.html)"
185.191.171.8 - - [20/Feb/2021:05:01:25 +0100] "GET /oriental-coasters-p-47158.html?action=add_product HTTP/1.0" 302 476 "-" "Mozilla/5.0 (compatible; SemrushBot/7~bl; +http://www.semrush.com/bot.html)"
66.249.69.164 - - [20/Feb/2021:05:01:43 +0100] "GET /js/jquery.min.js HTTP/1.0" 404 1308 "http://www.wonder-geek.com/breakfast-c-12_61.html?page=6" "Mozilla/5.0 (Linux; Android 6.0.1; Nexus 5X Build/MMB29P) AppleWebKit/537.36 (KHTML, like Gecko) Chrome/88.0.4324.175 Mobile Safari/537.36 (compatible; Googlebot/2.1; +http://www.google.com/bot.html)"
216.244.66.242 - - [20/Feb/2021:05:01:48 +0100] "GET /baloo-figure-p-2872.html HTTP/1.0" 200 68739 "-" "Mozilla/5.0 (compatible; DotBot/1.1; http://www.opensiteexplorer.org/dotbot, help@moz.com)"
54.36.149.71 - - [20/Feb/2021:05:01:51 +0100] "GET /rectangular-kitchen-towel-in-cotton-aoli-p-51354.html HTTP/1.0" 301 71597 "-" "Mozilla/5.0 (compatible; AhrefsBot/7.0; +http://ahrefs.com/robot/)"
216.244.66.242 - - [20/Feb/2021:05:01:58 +0100] "GET /eeyore-tree-ornament-p-31818.html HTTP/1.0" 200 68781 "-" "Mozilla/5.0 (compatible; DotBot/1.1; http://www.opensiteexplorer.org/dotbot, help@moz.com)"
13.66.139.137 - - [20/Feb/2021:05:02:01 +0100] "GET /zodiac-high-ceramic-mug-cbkreation-p-30782.html HTTP/1.0" 301 71434 "-" "Mozilla/5.0 (compatible; bingbot/2.0; +http://www.bing.com/bingbot.htm)"
13.66.139.137 - - [20/Feb/2021:05:02:04 +0100] "GET /renault-gordini-collection-metal-plate-deco-p-37168.html HTTP/1.0" 200 68896 "-" "Mozilla/5.0 (compatible; bingbot/2.0; +http://www.bing.com/bingbot.htm)"
185.191.171.24 - - [20/Feb/2021:05:02:06 +0100] "GET /elephants-wood-jewelry-box-15-cm-p-45999.html HTTP/1.0" 301 72474 "-" "Mozilla/5.0 (compatible; SemrushBot/7~bl; +http://www.semrush.com/bot.html)"
216.244.66.242 - - [20/Feb/2021:05:02:07 +0100] "GET /kimmidoll-keyring-p-37412.html HTTP/1.0" 200 68766 "-" "Mozilla/5.0 (compatible; DotBot/1.1; http://www.opensiteexplorer.org/dotbot, help@moz.com)"
13.66.139.88 - - [20/Feb/2021:05:02:10 +0100] "GET /images/big_prod/3574645763509.jpg HTTP/1.0" 200 268 "-" "Mozilla/5.0 (compatible; bingbot/2.0; +http://www.bing.com/bingbot.htm)"
185.191.171.16 - - [20/Feb/2021:05:02:09 +0100] "GET /elephants-wood-jewelry-p-45999.html HTTP/1.0" 200 72385 "-" "Mozilla/5.0 (compatible; SemrushBot/7~bl; +http://www.semrush.com/bot.html)"
216.244.66.242 - - [20/Feb/2021:05:02:18 +0100] "GET /patinated-wood-box-whk-p-50094.html HTTP/1.0" 301 68833 "-" "Mozilla/5.0 (compatible; DotBot/1.1; http://www.opensiteexplorer.org/dotbot, help@moz.com)"
13.66.139.73 - - [20/Feb/2021:05:02:21 +0100] "GET /-p-29441.html HTTP/1.0" 200 68690 "-" "Mozilla/5.0 (compatible; bingbot/2.0; +http://www.bing.com/bingbot.htm)"
216.244.66.242 - - [20/Feb/2021:05:02:26 +0100] "GET /betty-boop-cap-glove-set-for-child-p-22127.html HTTP/1.0" 301 68892 "-" "Mozilla/5.0 (compatible; DotBot/1.1; http://www.opensiteexplorer.org/dotbot, help@moz.com)"
216.244.66.242 - - [20/Feb/2021:05:02:33 +0100] "GET /crusader-knights-salt-and-pepper-p-28861.html HTTP/1.0" 301 68895 "-" "Mozilla/5.0 (compatible; DotBot/1.1; http://www.opensiteexplorer.org/dotbot, help@moz.com)"
185.191.171.17 - - [20/Feb/2021:05:02:33 +0100] "GET /frosted-glass-betty-boop-quarantine-p-15441.html HTTP/1.0" 200 71183 "-" "Mozilla/5.0 (compatible; SemrushBot/7~bl; +http://www.semrush.com/bot.html)"
216.244.66.242 - - [20/Feb/2021:05:02:38 +0100] "GET /lotus-candleholder-chakra-red-silverlining-p-38922.html HTTP/1.0" 301 72390 "-" "Mozilla/5.0 (compatible; DotBot/1.1; http://www.opensiteexplorer.org/dotbot, help@moz.com)"
185.191.171.1 - - [20/Feb/2021:05:02:39 +0100] "GET /-p-11105.html?action=add_product HTTP/1.0" 302 476 "-" "Mozilla/5.0 (compatible; SemrushBot/7~bl; +http://www.semrush.com/bot.html)"
13.66.139.137 - - [20/Feb/2021:05:02:41 +0100] "GET /images/5010994732868.jpg HTTP/1.0" 200 259 "-" "Mozilla/5.0 (compatible; bingbot/2.0; +http://www.bing.com/bingbot.htm)"
13.66.139.137 - - [20/Feb/2021:05:02:41 +0100] "GET /zen-mug-by-cbkreation-p-37842.html HTTP/1.0" 301 71402 "-" "Mozilla/5.0 (compatible; bingbot/2.0; +http://www.bing.com/bingbot.htm)"
185.191.171.45 - - [20/Feb/2021:05:02:45 +0100] "GET /minnie-ceiling-light-p-33140.html?action=add_product HTTP/1.0" 302 476 "-" "Mozilla/5.0 (compatible; SemrushBot/7~bl; +http://www.semrush.com/bot.html)"
216.244.66.242 - - [20/Feb/2021:05:02:45 +0100] "GET /shaped-old-gramophone-clock-p-38100.html HTTP/1.0" 301 68898 "-" "Mozilla/5.0 (compatible; DotBot/1.1; http://www.opensiteexplorer.org/dotbot, help@moz.com)"
13.66.139.88 - - [20/Feb/2021:05:03:02 +0100] "GET /set-of-snowman-fir-decoration-11-cm-p-41953.html HTTP/1.0" 301 71534 "-" "Mozilla/5.0 (compatible; bingbot/2.0; +http://www.bing.com/bingbot.htm)"
13.66.139.88 - - [20/Feb/2021:05:03:13 +0100] "GET /made-usa-eyelets-curtain-p-31459.html HTTP/1.0" 301 73586 "-" "Mozilla/5.0 (compatible; bingbot/2.0; +http://www.bing.com/bingbot.htm)"
13.66.139.88 - - [20/Feb/2021:05:03:14 +0100] "GET /washed-linen-bed-skirt-granite-color-140-200-cm-p-48113.html HTTP/1.0" 301 68997 "-" "Mozilla/5.0 (compatible; bingbot/2.0; +http://www.bing.com/bingbot.htm)"
185.191.171.5 - - [20/Feb/2021:05:03:14 +0100] "GET /rectangular-indoor-carpet-p-43511.html?action=add_product HTTP/1.0" 302 476 "-" "Mozilla/5.0 (compatible; SemrushBot/7~bl; +http://www.semrush.com/bot.html)"
77.83.86.17 - - [20/Feb/2021:05:03:15 +0100] "GET /gorjuss-classic-stripe-organiser-journal-the-hatter-p-43172.html HTTP/1.0" 301 73654 "http://www.wonder-geek.com/gorjuss-classic-stripe-organiser-journal-the-hatter-p-43172.html" "Mozilla/5.0 (Windows NT 6.3; ) AppleWebKit/537.36 (KHTML, like Gecko) Chrome/83.0.4103.61 Safari/537.36"
77.83.86.17 - - [20/Feb/2021:05:03:17 +0100] "GET /gorjuss-classic-stripe-organiser-journal-hatter-p-43172.html HTTP/1.0" 200 73540 "http://www.wonder-geek.com/gorjuss-classic-stripe-organiser-journal-hatter-p-43172.html" "Mozilla/5.0 (Windows NT 6.3; ) AppleWebKit/537.36 (KHTML, like Gecko) Chrome/83.0.4103.61 Safari/537.36"
77.83.86.17 - - [20/Feb/2021:05:03:18 +0100] "GET /trivet-boards-c-12_158.html HTTP/1.0" 200 92428 "http://www.wonder-geek.com/trivet-boards-c-12_158.html" "Mozilla/5.0 (Windows NT 6.3; ) AppleWebKit/537.36 (KHTML, like Gecko) Chrome/83.0.4103.61 Safari/537.36"
54.36.148.224 - - [20/Feb/2021:05:03:20 +0100] "GET /large-cabas-p-43426.html HTTP/1.0" 200 71292 "-" "Mozilla/5.0 (compatible; AhrefsBot/7.0; +http://ahrefs.com/robot/)"
77.83.86.17 - - [20/Feb/2021:05:03:20 +0100] "GET /cardboard-boxes-storage-c-13_150_216.html HTTP/1.0" 200 76882 "http://www.wonder-geek.com/cardboard-boxes-storage-c-13_150_216.html" "Mozilla/5.0 (Windows NT 6.3; ) AppleWebKit/537.36 (KHTML, like Gecko) Chrome/83.0.4103.61 Safari/537.36"
77.83.86.17 - - [20/Feb/2021:05:03:23 +0100] "GET /cushion-headboard-c-11_173.html HTTP/1.0" 200 87932 "http://www.wonder-geek.com/cushion-headboard-c-11_173.html" "Mozilla/5.0 (Windows NT 6.3; ) AppleWebKit/537.36 (KHTML, like Gecko) Chrome/83.0.4103.61 Safari/537.36"
77.83.86.17 - - [20/Feb/2021:05:03:25 +0100] "GET /board-games-c-4_47.html HTTP/1.0" 200 74028 "http://www.wonder-geek.com/board-games-c-4_47.html" "Mozilla/5.0 (Windows NT 6.3; ) AppleWebKit/537.36 (KHTML, like Gecko) Chrome/83.0.4103.61 Safari/537.36"
66.249.69.166 - - [20/Feb/2021:05:03:30 +0100] "GET /images/mini_prod/3565750048186.jpg HTTP/1.0" 200 269 "-" "Googlebot-Image/1.0"
13.66.139.73 - - [20/Feb/2021:05:03:41 +0100] "GET /-p-43076.html HTTP/1.0" 200 68690 "-" "Mozilla/5.0 (compatible; bingbot/2.0; +http://www.bing.com/bingbot.htm)"
185.191.171.40 - - [20/Feb/2021:05:03:42 +0100] "GET /elephant-toilet-brush-385-10-cm-p-44791.html HTTP/1.0" 301 68878 "-" "Mozilla/5.0 (compatible; SemrushBot/7~bl; +http://www.semrush.com/bot.html)"
13.66.139.73 - - [20/Feb/2021:05:03:42 +0100] "GET /tealights-and-holder-christmas-gift-set-p-38187.html HTTP/1.0" 301 72524 "-" "Mozilla/5.0 (compatible; bingbot/2.0; +http://www.bing.com/bingbot.htm)"
13.66.139.137 - - [20/Feb/2021:05:03:46 +0100] "GET /volkswagen-electronic-lighter-p-47735.html HTTP/1.0" 200 71448 "-" "Mozilla/5.0 (compatible; bingbot/2.0; +http://www.bing.com/bingbot.htm)"
13.66.139.73 - - [20/Feb/2021:05:04:01 +0100] "GET /-p-21931.html HTTP/1.0" 200 68690 "-" "Mozilla/5.0 (compatible; bingbot/2.0; +http://www.bing.com/bingbot.htm)"
185.191.171.5 - - [20/Feb/2021:05:04:02 +0100] "GET /harley-davidson-moneybox-p-26365.html HTTP/1.0" 200 71349 "-" "Mozilla/5.0 (compatible; SemrushBot/7~bl; +http://www.semrush.com/bot.html)"
13.66.139.73 - - [20/Feb/2021:05:04:02 +0100] "GET /lyon-training-bottle-by-cbkreation-p-31270.html HTTP/1.0" 301 71782 "-" "Mozilla/5.0 (compatible; bingbot/2.0; +http://www.bing.com/bingbot.htm)"
54.36.148.21 - - [20/Feb/2021:05:04:48 +0100] "GET /pedestal-elephant-ethnic-resin-p-52333.html HTTP/1.0" 200 72253 "-" "Mozilla/5.0 (compatible; AhrefsBot/7.0; +http://ahrefs.com/robot/)"
185.191.171.1 - - [20/Feb/2021:05:04:55 +0100] "GET /small-candle-basil-lime-mandarin-p-47626.html?action=add_product HTTP/1.0" 302 476 "-" "Mozilla/5.0 (compatible; SemrushBot/7~bl; +http://www.semrush.com/bot.html)"
77.75.78.163 - - [20/Feb/2021:05:05:00 +0100] "GET /robots.txt HTTP/1.0" 200 245 "-" "Mozilla/5.0 (compatible; SeznamBot/3.2; +http://napoveda.seznam.cz/en/seznambot-intro/)"
77.75.78.163 - - [20/Feb/2021:05:05:01 +0100] "GET /images/mini_prod/5415203976253.jpg HTTP/1.0" 200 269 "-" "Mozilla/5.0 (compatible; SeznamBot/3.2; +http://napoveda.seznam.cz/en/seznambot-intro/)"
13.66.139.137 - - [20/Feb/2021:05:05:01 +0100] "GET /images/big_prod_1/3609810096356b.jpg HTTP/1.0" 200 271 "-" "Mozilla/5.0 (compatible; bingbot/2.0; +http://www.bing.com/bingbot.htm)"
13.66.139.137 - - [20/Feb/2021:05:05:02 +0100] "GET /billiard-ball-ashtray-p-33098.html HTTP/1.0" 301 68757 "-" "Mozilla/5.0 (compatible; bingbot/2.0; +http://www.bing.com/bingbot.htm)"
157.55.39.99 - - [20/Feb/2021:05:05:22 +0100] "GET /figurine-cat-in-cage-p-45756.html HTTP/1.0" 301 71472 "-" "Mozilla/5.0 (compatible; bingbot/2.0; +http://www.bing.com/bingbot.htm)"
216.244.66.242 - - [20/Feb/2021:05:05:34 +0100] "GET /minions-yellow-alarm-clock-p-33963.html HTTP/1.0" 200 71377 "-" "Mozilla/5.0 (compatible; DotBot/1.1; http://www.opensiteexplorer.org/dotbot, help@moz.com)"
13.66.139.137 - - [20/Feb/2021:05:05:42 +0100] "GET /tinkerbell-parka-p-31261.html HTTP/1.0" 200 72531 "-" "Mozilla/5.0 (compatible; bingbot/2.0; +http://www.bing.com/bingbot.htm)"
13.66.139.137 - - [20/Feb/2021:05:05:52 +0100] "GET /play-doh-set-of-pots-of-modeling-clay-p-21644.html HTTP/1.0" 301 68934 "-" "Mozilla/5.0 (compatible; bingbot/2.0; +http://www.bing.com/bingbot.htm)"
13.66.139.137 - - [20/Feb/2021:05:05:53 +0100] "GET /wooden-pen-calavera-blue-p-19079.html HTTP/1.0" 301 72324 "-" "Mozilla/5.0 (compatible; bingbot/2.0; +http://www.bing.com/bingbot.htm)"
216.244.66.242 - - [20/Feb/2021:05:05:55 +0100] "GET /protective-bamboo-pillow-cover-60-60-cm-p-43573.html HTTP/1.0" 301 71591 "-" "Mozilla/5.0 (compatible; DotBot/1.1; http://www.opensiteexplorer.org/dotbot, help@moz.com)"
13.66.139.88 - - [20/Feb/2021:05:05:56 +0100] "GET /cabin-londoner-metal-keyring-p-18870.html HTTP/1.0" 200 71363 "-" "Mozilla/5.0 (compatible; bingbot/2.0; +http://www.bing.com/bingbot.htm)"
54.36.148.32 - - [20/Feb/2021:05:05:57 +0100] "GET /barbazoo-and-lolita-car-p-15689.html HTTP/1.0" 301 68757 "-" "Mozilla/5.0 (compatible; AhrefsBot/7.0; +http://ahrefs.com/robot/)"
13.66.139.88 - - [20/Feb/2021:05:05:57 +0100] "GET /-p-7291.html HTTP/1.0" 200 68688 "-" "Mozilla/5.0 (compatible; bingbot/2.0; +http://www.bing.com/bingbot.htm)"
185.191.171.19 - - [20/Feb/2021:05:06:17 +0100] "GET /suns-moons-metal-suspension-blue-p-42810.html?action=add_product HTTP/1.0" 302 476 "-" "Mozilla/5.0 (compatible; SemrushBot/7~bl; +http://www.semrush.com/bot.html)"
185.191.171.20 - - [20/Feb/2021:05:06:18 +0100] "GET /pendulum-polished-black-agate-p-45154.html?action=add_product HTTP/1.0" 302 476 "-" "Mozilla/5.0 (compatible; SemrushBot/7~bl; +http://www.semrush.com/bot.html)"
54.36.148.147 - - [20/Feb/2021:05:06:25 +0100] "GET /au-fil-du-temps-cotton-adult-apron-p-45253.html HTTP/1.0" 301 71417 "-" "Mozilla/5.0 (compatible; AhrefsBot/7.0; +http://ahrefs.com/robot/)"
13.66.139.73 - - [20/Feb/2021:05:06:31 +0100] "GET /pop-in-france-by-cbkreation-mug-p-13834.html HTTP/1.0" 301 71448 "-" "Mozilla/5.0 (compatible; bingbot/2.0; +http://www.bing.com/bingbot.htm)"
13.66.139.88 - - [20/Feb/2021:05:06:35 +0100] "GET /cotton-bath-mat-50-80-cm-grey-p-48776.html HTTP/1.0" 301 72357 "-" "Mozilla/5.0 (compatible; bingbot/2.0; +http://www.bing.com/bingbot.htm)"
13.66.139.88 - - [20/Feb/2021:05:06:36 +0100] "GET /soft-toys-security-blanket-c-4_46.html?page=7 HTTP/1.0" 200 91682 "-" "Mozilla/5.0 (compatible; bingbot/2.0; +http://www.bing.com/bingbot.htm)"
216.244.66.242 - - [20/Feb/2021:05:06:36 +0100] "GET /gund-mini-tiger-sound-plush-p-34854.html HTTP/1.0" 200 71461 "-" "Mozilla/5.0 (compatible; DotBot/1.1; http://www.opensiteexplorer.org/dotbot, help@moz.com)"
13.66.139.88 - - [20/Feb/2021:05:06:43 +0100] "GET /support-metal-bottle-the-skier-p-38255.html HTTP/1.0" 301 71552 "-" "Mozilla/5.0 (compatible; bingbot/2.0; +http://www.bing.com/bingbot.htm)"
185.191.171.15 - - [20/Feb/2021:05:06:57 +0100] "GET /little-prince-cold-p-11716.html HTTP/1.0" 200 71444 "-" "Mozilla/5.0 (compatible; SemrushBot/7~bl; +http://www.semrush.com/bot.html)"
216.244.66.242 - - [20/Feb/2021:05:07:03 +0100] "GET /images/3609810007338.jpg HTTP/1.0" 200 259 "-" "Mozilla/5.0 (compatible; DotBot/1.1; http://www.opensiteexplorer.org/dotbot, help@moz.com)"
51.68.224.127 - - [20/Feb/2021:05:07:08 +0100] "GET /adminweb/export_orders_xml.php?token=256de2z6edz6ed2z6DFSFsed2zed6zeDSFDSGdzedezfzf&maxorders=10&orderstart=1&status=14&start_date=2018-10-01 HTTP/1.0" 200 285 "-" "GesCom CharlotteBoutik Serveur"
51.68.224.127 - - [20/Feb/2021:05:07:08 +0100] "GET /adminweb/export_orders_xml.php?token=256de2z6edz6ed2z6DFSFsed2zed6zeDSFDSGdzedezfzf&maxorders=10&orderstart=1&status=6&start_date=2018-10-01 HTTP/1.0" 200 29990 "-" "GesCom CharlotteBoutik Serveur"
13.66.139.137 - - [20/Feb/2021:05:07:22 +0100] "GET /-p-29955.html HTTP/1.0" 200 68690 "-" "Mozilla/5.0 (compatible; bingbot/2.0; +http://www.bing.com/bingbot.htm)"
216.244.66.242 - - [20/Feb/2021:05:07:29 +0100] "GET /gund-plush-dog-love-patch-28-cm-p-24294.html HTTP/1.0" 301 75978 "-" "Mozilla/5.0 (compatible; DotBot/1.1; http://www.opensiteexplorer.org/dotbot, help@moz.com)"
216.244.66.242 - - [20/Feb/2021:05:07:36 +0100] "GET /picerie-fine-metal-tray-25-16-cm-p-41484.html HTTP/1.0" 301 71563 "-" "Mozilla/5.0 (compatible; DotBot/1.1; http://www.opensiteexplorer.org/dotbot, help@moz.com)"
185.191.171.36 - - [20/Feb/2021:05:07:38 +0100] "GET /london-metal-keyring-p-18872.html?action=add_product HTTP/1.0" 302 476 "-" "Mozilla/5.0 (compatible; SemrushBot/7~bl; +http://www.semrush.com/bot.html)"
216.244.66.242 - - [20/Feb/2021:05:07:51 +0100] "GET /bodega-adult-apron-p-40732.html HTTP/1.0" 200 71292 "-" "Mozilla/5.0 (compatible; DotBot/1.1; http://www.opensiteexplorer.org/dotbot, help@moz.com)"
185.191.171.7 - - [20/Feb/2021:05:07:55 +0100] "GET /boho-wooden-frame-60-30-cm-dream-catcher-p-41742.html HTTP/1.0" 301 68928 "-" "Mozilla/5.0 (compatible; SemrushBot/7~bl; +http://www.semrush.com/bot.html)"
216.244.66.242 - - [20/Feb/2021:05:07:55 +0100] "GET /skull-women-black-tee-shirt-p-34462.html HTTP/1.0" 301 73654 "-" "Mozilla/5.0 (compatible; DotBot/1.1; http://www.opensiteexplorer.org/dotbot, help@moz.com)"
54.36.148.90 - - [20/Feb/2021:05:07:55 +0100] "GET /grey-polyvinyl-messenger-bag-p-48747.html HTTP/1.0" 301 71602 "-" "Mozilla/5.0 (compatible; AhrefsBot/7.0; +http://ahrefs.com/robot/)"
216.244.66.242 - - [20/Feb/2021:05:07:59 +0100] "GET /tea-wooden-box-p-35422.html HTTP/1.0" 301 71440 "-" "Mozilla/5.0 (compatible; DotBot/1.1; http://www.opensiteexplorer.org/dotbot, help@moz.com)"
185.191.171.3 - - [20/Feb/2021:05:08:03 +0100] "GET /boat-bell-wall-p-49460.html?action=add_product HTTP/1.0" 302 476 "-" "Mozilla/5.0 (compatible; SemrushBot/7~bl; +http://www.semrush.com/bot.html)"
13.66.139.88 - - [20/Feb/2021:05:08:04 +0100] "GET /mug-dragon-ball-freezer-army-p-30218.html HTTP/1.0" 301 71469 "-" "Mozilla/5.0 (compatible; bingbot/2.0; +http://www.bing.com/bingbot.htm)"
216.244.66.242 - - [20/Feb/2021:05:08:11 +0100] "GET /wall-sticker-joie-de-vivre-p-39225.html HTTP/1.0" 301 71479 "-" "Mozilla/5.0 (compatible; DotBot/1.1; http://www.opensiteexplorer.org/dotbot, help@moz.com)"
13.66.139.137 - - [20/Feb/2021:05:08:12 +0100] "GET /images/1399984249734.jpg HTTP/1.0" 200 259 "-" "Mozilla/5.0 (compatible; bingbot/2.0; +http://www.bing.com/bingbot.htm)"
185.191.171.17 - - [20/Feb/2021:05:08:26 +0100] "GET /chair-cushion-scratchs-blue-p-49314.html?action=add_product HTTP/1.0" 302 476 "-" "Mozilla/5.0 (compatible; SemrushBot/7~bl; +http://www.semrush.com/bot.html)"
185.191.171.4 - - [20/Feb/2021:05:08:28 +0100] "GET /little-toiletry-p-43414.html?action=add_product HTTP/1.0" 302 476 "-" "Mozilla/5.0 (compatible; SemrushBot/7~bl; +http://www.semrush.com/bot.html)"
66.249.69.164 - - [20/Feb/2021:05:08:30 +0100] "GET /images/mini_prod/8001011164813.jpg HTTP/1.0" 200 269 "-" "Googlebot-Image/1.0"
13.66.139.73 - - [20/Feb/2021:05:08:42 +0100] "GET /humor-color-ashtray-p-47359.html HTTP/1.0" 301 68757 "-" "Mozilla/5.0 (compatible; bingbot/2.0; +http://www.bing.com/bingbot.htm)"
13.66.139.73 - - [20/Feb/2021:05:08:43 +0100] "GET /bahamas-mousepad-by-cbkreation-p-36713.html HTTP/1.0" 301 71220 "-" "Mozilla/5.0 (compatible; bingbot/2.0; +http://www.bing.com/bingbot.htm)"
185.191.171.2 - - [20/Feb/2021:05:08:44 +0100] "GET /despicable-mirror-p-32539.html?action=add_product HTTP/1.0" 302 476 "-" "Mozilla/5.0 (compatible; SemrushBot/7~bl; +http://www.semrush.com/bot.html)"
216.244.66.242 - - [20/Feb/2021:05:08:44 +0100] "GET /harley-davidson-oil-metal-plate-30-20-cm-p-23296.html HTTP/1.0" 301 71550 "-" "Mozilla/5.0 (compatible; DotBot/1.1; http://www.opensiteexplorer.org/dotbot, help@moz.com)"
185.191.171.37 - - [20/Feb/2021:05:08:52 +0100] "GET /ceramic-face-vase-white-cream-p-50087.html HTTP/1.0" 200 72534 "-" "Mozilla/5.0 (compatible; SemrushBot/7~bl; +http://www.semrush.com/bot.html)"
216.244.66.242 - - [20/Feb/2021:05:08:53 +0100] "GET /smith-and-wesson-metal-plate-deco-405-215-cm-p-41074.html HTTP/1.0" 301 71571 "-" "Mozilla/5.0 (compatible; DotBot/1.1; http://www.opensiteexplorer.org/dotbot, help@moz.com)"
216.244.66.242 - - [20/Feb/2021:05:08:59 +0100] "GET /merci-gustave-mickey-and-minnie-big-ben-mug-p-34904.html HTTP/1.0" 301 71626 "-" "Mozilla/5.0 (compatible; DotBot/1.1; http://www.opensiteexplorer.org/dotbot, help@moz.com)"
13.66.139.73 - - [20/Feb/2021:05:09:01 +0100] "GET /home-and-decoration-c-13.html HTTP/1.0" 301 90270 "-" "Mozilla/5.0 (compatible; bingbot/2.0; +http://www.bing.com/bingbot.htm)"
13.66.139.73 - - [20/Feb/2021:05:09:03 +0100] "GET /provence-moroccan-ashtray-p-37378.html HTTP/1.0" 200 68806 "-" "Mozilla/5.0 (compatible; bingbot/2.0; +http://www.bing.com/bingbot.htm)"
216.244.66.242 - - [20/Feb/2021:05:09:05 +0100] "GET /mug-usa-american-car-red-by-cbkreation-p-23974.html HTTP/1.0" 301 71476 "-" "Mozilla/5.0 (compatible; DotBot/1.1; http://www.opensiteexplorer.org/dotbot, help@moz.com)"
