66.249.69.162 - - [20/Feb/2021:15:02:41 +0100] "GET /lamp-bonhomme-ivory-p-40616.html HTTP/1.0" 200 72379 "-" "Mozilla/5.0 (Linux; Android 6.0.1; Nexus 5X Build/MMB29P) AppleWebKit/537.36 (KHTML, like Gecko) Chrome/88.0.4324.153 Mobile Safari/537.36 (compatible; Googlebot/2.1; +http://www.google.com/bot.html)"
66.249.69.162 - - [20/Feb/2021:15:02:43 +0100] "GET /images/big_prod/1384010191941.jpg HTTP/1.0" 200 268 "-" "Googlebot-Image/1.0"
66.249.69.162 - - [20/Feb/2021:15:02:45 +0100] "GET /perpetual-calendar-with-memo-board-p-44991.html HTTP/1.0" 200 71443 "-" "Mozilla/5.0 (Linux; Android 6.0.1; Nexus 5X Build/MMB29P) AppleWebKit/537.36 (KHTML, like Gecko) Chrome/88.0.4324.153 Mobile Safari/537.36 (compatible; Googlebot/2.1; +http://www.google.com/bot.html)"
66.249.69.162 - - [20/Feb/2021:15:02:58 +0100] "GET /images/big_prod/8422018078550.jpg HTTP/1.0" 200 268 "-" "Googlebot-Image/1.0"
13.66.139.137 - - [20/Feb/2021:15:03:00 +0100] "GET /disney-princess-dress-p-31106.html HTTP/1.0" 200 72453 "-" "Mozilla/5.0 (compatible; bingbot/2.0; +http://www.bing.com/bingbot.htm)"
66.249.69.164 - - [20/Feb/2021:15:03:14 +0100] "GET /images/mini_prod/4029811343591.jpg HTTP/1.0" 200 269 "-" "Googlebot-Image/1.0"
185.191.171.15 - - [20/Feb/2021:15:03:26 +0100] "GET /volkswagen-poster-p-12748.html HTTP/1.0" 200 71288 "-" "Mozilla/5.0 (compatible; SemrushBot/7~bl; +http://www.semrush.com/bot.html)"
66.249.69.162 - - [20/Feb/2021:15:03:30 +0100] "GET /images/mini_prod/3700786500080.jpg HTTP/1.0" 200 269 "-" "Googlebot-Image/1.0"
185.191.171.3 - - [20/Feb/2021:15:03:35 +0100] "GET /disney-princess-writing-box-p-2084.html HTTP/1.0" 301 71727 "-" "Mozilla/5.0 (compatible; SemrushBot/7~bl; +http://www.semrush.com/bot.html)"
185.191.171.1 - - [20/Feb/2021:15:03:37 +0100] "GET /disney-princess-writing-p-2084.html HTTP/1.0" 200 71638 "-" "Mozilla/5.0 (compatible; SemrushBot/7~bl; +http://www.semrush.com/bot.html)"
185.191.171.10 - - [20/Feb/2021:15:03:43 +0100] "GET /embroidered-rectangular-tablecloth-kolam-p-44469.html HTTP/1.0" 200 72197 "-" "Mozilla/5.0 (compatible; SemrushBot/7~bl; +http://www.semrush.com/bot.html)"
66.249.69.162 - - [20/Feb/2021:15:03:46 +0100] "GET /images/mini_prod/4045233026935.jpg HTTP/1.0" 200 269 "-" "Googlebot-Image/1.0"
54.36.148.167 - - [20/Feb/2021:15:03:55 +0100] "GET /purse-mani-the-lucky-cat-beige-et-navy-blue-p-37351.html HTTP/1.0" 301 71679 "-" "Mozilla/5.0 (compatible; AhrefsBot/7.0; +http://ahrefs.com/robot/)"
66.249.69.164 - - [20/Feb/2021:15:04:02 +0100] "GET /images/mini_prod/5400924014322.jpg HTTP/1.0" 200 269 "-" "Googlebot-Image/1.0"
13.66.139.88 - - [20/Feb/2021:15:04:05 +0100] "GET /-p-13209.html HTTP/1.0" 200 68690 "-" "Mozilla/5.0 (compatible; bingbot/2.0; +http://www.bing.com/bingbot.htm)"
13.66.139.88 - - [20/Feb/2021:15:04:06 +0100] "GET /-m-98.html HTTP/1.0" 200 75694 "-" "Mozilla/5.0 (compatible; bingbot/2.0; +http://www.bing.com/bingbot.htm)"
66.249.69.164 - - [20/Feb/2021:15:04:18 +0100] "GET /images/mini_prod/1384010187319.jpg HTTP/1.0" 200 269 "-" "Googlebot-Image/1.0"
185.191.171.35 - - [20/Feb/2021:15:04:21 +0100] "GET /cast-iron-trivet-p-53643.html HTTP/1.0" 200 71279 "-" "Mozilla/5.0 (compatible; SemrushBot/7~bl; +http://www.semrush.com/bot.html)"
13.66.139.88 - - [20/Feb/2021:15:04:24 +0100] "GET /basket-in-black-and-natural-palm-leaves-38-28-cm-p-48057.html HTTP/1.0" 301 71637 "-" "Mozilla/5.0 (compatible; bingbot/2.0; +http://www.bing.com/bingbot.htm)"
13.66.139.88 - - [20/Feb/2021:15:04:25 +0100] "GET /set-of-pair-of-socks-strawberry-shortcake-size-27-30-p-24832.html HTTP/1.0" 301 68757 "-" "Mozilla/5.0 (compatible; bingbot/2.0; +http://www.bing.com/bingbot.htm)"
66.249.69.162 - - [20/Feb/2021:15:04:34 +0100] "GET /images/med_prod/1384010184226.jpg HTTP/1.0" 200 268 "-" "Googlebot-Image/1.0"
13.66.139.88 - - [20/Feb/2021:15:04:45 +0100] "GET /-p-6608.html HTTP/1.0" 200 68688 "-" "Mozilla/5.0 (compatible; bingbot/2.0; +http://www.bing.com/bingbot.htm)"
13.66.139.137 - - [20/Feb/2021:15:04:49 +0100] "GET /decorative-and-useful-fan-klimt-p-52200.html HTTP/1.0" 301 72082 "-" "Mozilla/5.0 (compatible; bingbot/2.0; +http://www.bing.com/bingbot.htm)"
66.249.69.162 - - [20/Feb/2021:15:04:50 +0100] "GET /images/mini_prod/3453131132114.jpg HTTP/1.0" 404 1308 "-" "Googlebot-Image/1.0"
13.66.139.73 - - [20/Feb/2021:15:04:54 +0100] "GET /the-little-prince-gift-box-pieces-p-30323.html HTTP/1.0" 301 71591 "-" "Mozilla/5.0 (compatible; bingbot/2.0; +http://www.bing.com/bingbot.htm)"
54.36.148.150 - - [20/Feb/2021:15:05:00 +0100] "GET /cotton-percale-premium-fitted-sheet-180-200-cm-p-46746.html HTTP/1.0" 301 71787 "-" "Mozilla/5.0 (compatible; AhrefsBot/7.0; +http://ahrefs.com/robot/)"
66.249.69.164 - - [20/Feb/2021:15:05:06 +0100] "GET /images/mini_prod/3453131117234.jpg HTTP/1.0" 200 269 "-" "Googlebot-Image/1.0"
13.66.139.73 - - [20/Feb/2021:15:05:11 +0100] "GET /-p-22234.html HTTP/1.0" 200 68690 "-" "Mozilla/5.0 (compatible; bingbot/2.0; +http://www.bing.com/bingbot.htm)"
185.191.171.33 - - [20/Feb/2021:15:05:16 +0100] "GET /retro-small-cool-bag-lunch-box-24-15-15-cm-p-47253.html HTTP/1.0" 301 68902 "-" "Mozilla/5.0 (compatible; SemrushBot/7~bl; +http://www.semrush.com/bot.html)"
185.191.171.45 - - [20/Feb/2021:15:05:17 +0100] "GET /rtro-small-cool-lunch-p-47253.html HTTP/1.0" 200 68814 "-" "Mozilla/5.0 (compatible; SemrushBot/7~bl; +http://www.semrush.com/bot.html)"
185.191.171.39 - - [20/Feb/2021:15:05:19 +0100] "GET /boho-canvas-frame-dream-love-p-39221.html?action=add_product HTTP/1.0" 302 476 "-" "Mozilla/5.0 (compatible; SemrushBot/7~bl; +http://www.semrush.com/bot.html)"
66.249.69.164 - - [20/Feb/2021:15:05:22 +0100] "GET /images/big_prod/3609810047334.jpg HTTP/1.0" 200 268 "-" "Googlebot-Image/1.0"
185.191.171.40 - - [20/Feb/2021:15:05:22 +0100] "GET /coconut-fibers-doormat-home-sweet-home-p-52140.html?action=add_product HTTP/1.0" 302 476 "-" "Mozilla/5.0 (compatible; SemrushBot/7~bl; +http://www.semrush.com/bot.html)"
13.66.139.88 - - [20/Feb/2021:15:05:25 +0100] "GET /paul-frank-backpack-p-15109.html HTTP/1.0" 200 72187 "-" "Mozilla/5.0 (compatible; bingbot/2.0; +http://www.bing.com/bingbot.htm)"
66.249.69.162 - - [20/Feb/2021:15:05:38 +0100] "GET /images/big_prod_1/8424001544387B.jpg HTTP/1.0" 200 271 "-" "Googlebot-Image/1.0"
185.191.171.41 - - [20/Feb/2021:15:05:42 +0100] "GET /london-cookware-cbkreation-p-29706.html HTTP/1.0" 200 71362 "-" "Mozilla/5.0 (compatible; SemrushBot/7~bl; +http://www.semrush.com/bot.html)"
185.191.171.18 - - [20/Feb/2021:15:05:48 +0100] "GET /lyon-white-women-shirt-p-31278.html?action=add_product HTTP/1.0" 302 476 "-" "Mozilla/5.0 (compatible; SemrushBot/7~bl; +http://www.semrush.com/bot.html)"
66.249.69.162 - - [20/Feb/2021:15:05:54 +0100] "GET /images/mini_prod/1345544554305.jpg HTTP/1.0" 200 269 "-" "Googlebot-Image/1.0"
66.249.69.164 - - [20/Feb/2021:15:06:10 +0100] "GET /images/mini_prod/8421440012156.jpg HTTP/1.0" 200 269 "-" "Googlebot-Image/1.0"
185.191.171.10 - - [20/Feb/2021:15:06:18 +0100] "GET /nici-dragons-p-22761.html?action=add_product HTTP/1.0" 302 476 "-" "Mozilla/5.0 (compatible; SemrushBot/7~bl; +http://www.semrush.com/bot.html)"
13.66.139.73 - - [20/Feb/2021:15:06:21 +0100] "GET /-p-19203.html HTTP/1.0" 200 68690 "-" "Mozilla/5.0 (compatible; bingbot/2.0; +http://www.bing.com/bingbot.htm)"
54.36.149.25 - - [20/Feb/2021:15:06:23 +0100] "GET /clock-indian-spirit-40-cm-be-brave-p-42950.html HTTP/1.0" 301 71491 "-" "Mozilla/5.0 (compatible; AhrefsBot/7.0; +http://ahrefs.com/robot/)"
66.249.69.164 - - [20/Feb/2021:15:06:26 +0100] "GET /images/mini_prod/3609810060180.jpg HTTP/1.0" 200 269 "-" "Googlebot-Image/1.0"
66.249.69.164 - - [20/Feb/2021:15:06:30 +0100] "GET /cement-tile-stickers-p-50330.html HTTP/1.0" 200 71638 "-" "Mozilla/5.0 (Linux; Android 6.0.1; Nexus 5X Build/MMB29P) AppleWebKit/537.36 (KHTML, like Gecko) Chrome/88.0.4324.153 Mobile Safari/537.36 (compatible; Googlebot/2.1; +http://www.google.com/bot.html)"
185.191.171.22 - - [20/Feb/2021:15:06:32 +0100] "GET /zodiac-high-ceramic-mug-p-30781.html HTTP/1.0" 301 71368 "-" "Mozilla/5.0 (compatible; SemrushBot/7~bl; +http://www.semrush.com/bot.html)"
185.191.171.24 - - [20/Feb/2021:15:06:34 +0100] "GET /zodiac-high-ceramic-p-30781.html HTTP/1.0" 200 71282 "-" "Mozilla/5.0 (compatible; SemrushBot/7~bl; +http://www.semrush.com/bot.html)"
185.191.171.15 - - [20/Feb/2021:15:06:37 +0100] "GET /llama-love-figurine-p-47613.html?action=add_product HTTP/1.0" 302 476 "-" "Mozilla/5.0 (compatible; SemrushBot/7~bl; +http://www.semrush.com/bot.html)"
66.249.69.162 - - [20/Feb/2021:15:06:42 +0100] "GET /images/mini_prod/3560600291705.jpg HTTP/1.0" 200 269 "-" "Googlebot-Image/1.0"
66.249.69.162 - - [20/Feb/2021:15:06:58 +0100] "GET /images/mini_prod/8719172837179.jpg HTTP/1.0" 200 269 "-" "Googlebot-Image/1.0"
185.191.171.12 - - [20/Feb/2021:15:07:01 +0100] "GET /arabica-oven-mitt-p-52682.html HTTP/1.0" 200 71328 "-" "Mozilla/5.0 (compatible; SemrushBot/7~bl; +http://www.semrush.com/bot.html)"
66.249.69.166 - - [20/Feb/2021:15:07:14 +0100] "GET /images/mini_prod/4036113232614.jpg HTTP/1.0" 200 269 "-" "Googlebot-Image/1.0"
13.66.139.88 - - [20/Feb/2021:15:07:25 +0100] "GET /tiger-black-tee-shirt-p-31165.html HTTP/1.0" 301 73338 "-" "Mozilla/5.0 (compatible; bingbot/2.0; +http://www.bing.com/bingbot.htm)"
54.36.148.41 - - [20/Feb/2021:15:07:29 +0100] "GET /cotton-floor-cushion-45-45-30-cm-black-p-48997.html HTTP/1.0" 301 72437 "-" "Mozilla/5.0 (compatible; AhrefsBot/7.0; +http://ahrefs.com/robot/)"
66.249.69.162 - - [20/Feb/2021:15:07:30 +0100] "GET /images/big_prod/8422011475134.jpg HTTP/1.0" 200 268 "-" "Googlebot-Image/1.0"
13.66.139.137 - - [20/Feb/2021:15:07:40 +0100] "GET /owl-decoration-statuette-p-47104.html HTTP/1.0" 301 71456 "-" "Mozilla/5.0 (compatible; bingbot/2.0; +http://www.bing.com/bingbot.htm)"
185.191.171.21 - - [20/Feb/2021:15:07:40 +0100] "GET /yoni-bedclothes-220-240-cm-p-42399.html HTTP/1.0" 301 68757 "-" "Mozilla/5.0 (compatible; SemrushBot/7~bl; +http://www.semrush.com/bot.html)"
185.191.171.40 - - [20/Feb/2021:15:07:43 +0100] "GET /-p-42399.html HTTP/1.0" 200 68690 "-" "Mozilla/5.0 (compatible; SemrushBot/7~bl; +http://www.semrush.com/bot.html)"
185.191.171.43 - - [20/Feb/2021:15:07:45 +0100] "GET /candytuft-flower-fairies-p-40070.html HTTP/1.0" 200 73087 "-" "Mozilla/5.0 (compatible; SemrushBot/7~bl; +http://www.semrush.com/bot.html)"
13.66.139.88 - - [20/Feb/2021:15:07:45 +0100] "GET /-p-17239.html HTTP/1.0" 200 68690 "-" "Mozilla/5.0 (compatible; bingbot/2.0; +http://www.bing.com/bingbot.htm)"
185.191.171.7 - - [20/Feb/2021:15:07:47 +0100] "GET /home-decoration-c-13.html?page=188 HTTP/1.0" 200 90687 "-" "Mozilla/5.0 (compatible; SemrushBot/7~bl; +http://www.semrush.com/bot.html)"
185.191.171.23 - - [20/Feb/2021:15:07:53 +0100] "GET /garden-ceramic-with-rests-p-38242.html?action=add_product HTTP/1.0" 302 476 "-" "Mozilla/5.0 (compatible; SemrushBot/7~bl; +http://www.semrush.com/bot.html)"
157.55.39.159 - - [20/Feb/2021:15:07:53 +0100] "GET /mojito-maker-white-women-tee-shirt-p-40981.html HTTP/1.0" 301 73777 "-" "Mozilla/5.0 (compatible; bingbot/2.0; +http://www.bing.com/bingbot.htm)"
66.249.69.162 - - [20/Feb/2021:15:08:00 +0100] "GET /images/big_prod/8433933621578.jpg HTTP/1.0" 200 268 "-" "Googlebot-Image/1.0"
185.191.171.14 - - [20/Feb/2021:15:07:59 +0100] "GET /tablecloth-castillon-treated-anti-stain-blue-p-48526.html HTTP/1.0" 200 72275 "-" "Mozilla/5.0 (compatible; SemrushBot/7~bl; +http://www.semrush.com/bot.html)"
185.191.171.37 - - [20/Feb/2021:15:08:02 +0100] "GET /glass-cutting-board-by-cbkreation-p-51329.html HTTP/1.0" 301 71493 "-" "Mozilla/5.0 (compatible; SemrushBot/7~bl; +http://www.semrush.com/bot.html)"
185.191.171.24 - - [20/Feb/2021:15:08:04 +0100] "GET /glass-cutting-board-cbkreation-p-51329.html HTTP/1.0" 200 71396 "-" "Mozilla/5.0 (compatible; SemrushBot/7~bl; +http://www.semrush.com/bot.html)"
66.249.69.166 - - [20/Feb/2021:15:08:08 +0100] "GET /images/mini_prod/525556.jpg HTTP/1.0" 404 1308 "-" "Googlebot-Image/1.0"
66.249.69.162 - - [20/Feb/2021:15:08:18 +0100] "GET /images/mini_prod/5055071741579.jpg HTTP/1.0" 200 269 "-" "Googlebot-Image/1.0"
13.66.139.73 - - [20/Feb/2021:15:08:21 +0100] "GET /wax-melt-warmer-moroccan-lattice-p-48096.html HTTP/1.0" 301 72157 "-" "Mozilla/5.0 (compatible; bingbot/2.0; +http://www.bing.com/bingbot.htm)"
185.191.171.42 - - [20/Feb/2021:15:08:30 +0100] "GET /sonny-angel-flowers-series-version-p-51491.html HTTP/1.0" 200 72561 "-" "Mozilla/5.0 (compatible; SemrushBot/7~bl; +http://www.semrush.com/bot.html)"
66.249.69.162 - - [20/Feb/2021:15:08:34 +0100] "GET /images/mini_prod/8424346038817.jpg HTTP/1.0" 200 269 "-" "Googlebot-Image/1.0"
13.66.139.73 - - [20/Feb/2021:15:08:41 +0100] "GET /the-spongebob-picnic-bag-p-16807.html HTTP/1.0" 301 72602 "-" "Mozilla/5.0 (compatible; bingbot/2.0; +http://www.bing.com/bingbot.htm)"
54.36.148.90 - - [20/Feb/2021:15:08:45 +0100] "GET /decorative-statuette-monkeys-of-wisdom-ocher-30-cm-p-52733.html HTTP/1.0" 301 72381 "-" "Mozilla/5.0 (compatible; AhrefsBot/7.0; +http://ahrefs.com/robot/)"
66.249.69.162 - - [20/Feb/2021:15:08:49 +0100] "GET /images/mini_prod/720322248873.jpg HTTP/1.0" 200 268 "-" "Googlebot-Image/1.0"
185.191.171.26 - - [20/Feb/2021:15:08:56 +0100] "GET /jasmin-large-cabas-mood-beige-vanilla-p-37994.html?action=add_product HTTP/1.0" 302 476 "-" "Mozilla/5.0 (compatible; SemrushBot/7~bl; +http://www.semrush.com/bot.html)"
185.191.171.43 - - [20/Feb/2021:15:09:01 +0100] "GET /batman-satchel-bag-p-30369.html HTTP/1.0" 301 71485 "-" "Mozilla/5.0 (compatible; SemrushBot/7~bl; +http://www.semrush.com/bot.html)"
66.249.69.162 - - [20/Feb/2021:15:09:05 +0100] "GET /images/mini_prod/3520071455969.jpg HTTP/1.0" 200 269 "-" "Googlebot-Image/1.0"
13.66.139.137 - - [20/Feb/2021:15:09:20 +0100] "GET /metal-cylindrical-tea-box-p-52613.html HTTP/1.0" 301 68848 "-" "Mozilla/5.0 (compatible; bingbot/2.0; +http://www.bing.com/bingbot.htm)"
13.66.139.137 - - [20/Feb/2021:15:09:21 +0100] "GET /crayola-set-of-24-markers-washable-p-16592.html HTTP/1.0" 301 68922 "-" "Mozilla/5.0 (compatible; bingbot/2.0; +http://www.bing.com/bingbot.htm)"
66.249.69.162 - - [20/Feb/2021:15:09:21 +0100] "GET /images/mini_prod/4036113222134.jpg HTTP/1.0" 200 269 "-" "Googlebot-Image/1.0"
185.191.171.6 - - [20/Feb/2021:15:09:26 +0100] "GET /burlap-round-table-bistrot-p-51527.html?action=add_product HTTP/1.0" 302 476 "-" "Mozilla/5.0 (compatible; SemrushBot/7~bl; +http://www.semrush.com/bot.html)"
13.66.139.88 - - [20/Feb/2021:15:09:26 +0100] "GET /frozen-lunchbox-p-31746.html HTTP/1.0" 200 73408 "-" "Mozilla/5.0 (compatible; bingbot/2.0; +http://www.bing.com/bingbot.htm)"
13.66.139.137 - - [20/Feb/2021:15:09:30 +0100] "GET /spiderman-bag-lunch-box-and-bottle-p-31684.html HTTP/1.0" 301 73662 "-" "Mozilla/5.0 (compatible; bingbot/2.0; +http://www.bing.com/bingbot.htm)"
66.249.69.162 - - [20/Feb/2021:15:09:37 +0100] "GET /images/1399984255452.jpg HTTP/1.0" 200 259 "-" "Googlebot-Image/1.0"
185.191.171.7 - - [20/Feb/2021:15:09:47 +0100] "GET /retro-metal-tray-p-40730.html?action=add_product HTTP/1.0" 302 476 "-" "Mozilla/5.0 (compatible; SemrushBot/7~bl; +http://www.semrush.com/bot.html)"
13.66.139.73 - - [20/Feb/2021:15:09:51 +0100] "GET /dora-the-explorer-laces-p-22274.html HTTP/1.0" 301 71330 "-" "Mozilla/5.0 (compatible; bingbot/2.0; +http://www.bing.com/bingbot.htm)"
66.249.69.162 - - [20/Feb/2021:15:09:53 +0100] "GET /images/mini_prod/8717318115488.jpg HTTP/1.0" 200 269 "-" "Googlebot-Image/1.0"
54.36.148.218 - - [20/Feb/2021:15:09:54 +0100] "GET /louise-flower-pot-p-51547.html HTTP/1.0" 301 72019 "-" "Mozilla/5.0 (compatible; AhrefsBot/7.0; +http://ahrefs.com/robot/)"
185.191.171.21 - - [20/Feb/2021:15:09:57 +0100] "GET /maoi-candle-hours-p-48089.html HTTP/1.0" 200 71429 "-" "Mozilla/5.0 (compatible; SemrushBot/7~bl; +http://www.semrush.com/bot.html)"
66.249.69.166 - - [20/Feb/2021:15:10:09 +0100] "GET /images/mini_prod/8717318129195.jpg HTTP/1.0" 200 269 "-" "Googlebot-Image/1.0"
51.68.224.127 - - [20/Feb/2021:15:10:11 +0100] "GET /adminweb/export_orders_xml.php?token=256de2z6edz6ed2z6DFSFsed2zed6zeDSFDSGdzedezfzf&maxorders=10&orderstart=1&status=14&start_date=2018-10-01 HTTP/1.0" 200 285 "-" "GesCom CharlotteBoutik Serveur"
51.68.224.127 - - [20/Feb/2021:15:10:11 +0100] "GET /adminweb/export_orders_xml.php?token=256de2z6edz6ed2z6DFSFsed2zed6zeDSFDSGdzedezfzf&maxorders=10&orderstart=1&status=6&start_date=2018-10-01 HTTP/1.0" 200 29990 "-" "GesCom CharlotteBoutik Serveur"
13.66.139.73 - - [20/Feb/2021:15:10:12 +0100] "GET /gorse-flower-fairies-mug-p-40071.html HTTP/1.0" 301 73130 "-" "Mozilla/5.0 (compatible; bingbot/2.0; +http://www.bing.com/bingbot.htm)"
66.249.69.164 - - [20/Feb/2021:15:10:25 +0100] "GET /images/mini_prod/8433933197769.jpg HTTP/1.0" 200 269 "-" "Googlebot-Image/1.0"
13.66.139.88 - - [20/Feb/2021:15:10:36 +0100] "GET /strawberry-shortcake-poncho-years-p-31120.html HTTP/1.0" 200 72588 "-" "Mozilla/5.0 (compatible; bingbot/2.0; +http://www.bing.com/bingbot.htm)"
185.191.171.23 - - [20/Feb/2021:15:10:39 +0100] "GET /monte-carlo-coasters-p-44837.html?action=add_product HTTP/1.0" 302 476 "-" "Mozilla/5.0 (compatible; SemrushBot/7~bl; +http://www.semrush.com/bot.html)"
66.249.69.162 - - [20/Feb/2021:15:10:41 +0100] "GET /images/big_prod/3609810047310.jpg HTTP/1.0" 200 268 "-" "Googlebot-Image/1.0"
157.55.39.72 - - [20/Feb/2021:15:10:41 +0100] "GET /ipad-black-shell-with-personalized-picture-p-16335.html HTTP/1.0" 200 71723 "-" "Mozilla/5.0 (compatible; bingbot/2.0; +http://www.bing.com/bingbot.htm)"
66.249.69.162 - - [20/Feb/2021:15:10:57 +0100] "GET /images/mini_prod/8424001480227.jpg HTTP/1.0" 200 269 "-" "Googlebot-Image/1.0"
13.66.139.73 - - [20/Feb/2021:15:11:01 +0100] "GET /spiderman-round-table-p-18800.html HTTP/1.0" 200 68786 "-" "Mozilla/5.0 (compatible; bingbot/2.0; +http://www.bing.com/bingbot.htm)"
54.36.148.162 - - [20/Feb/2021:15:11:06 +0100] "GET /hanging-iron-structure-flamingo-50-19-cm-p-47930.html HTTP/1.0" 301 71592 "-" "Mozilla/5.0 (compatible; AhrefsBot/7.0; +http://ahrefs.com/robot/)"
13.66.139.137 - - [20/Feb/2021:15:11:10 +0100] "GET /-p-29496.html HTTP/1.0" 200 68690 "-" "Mozilla/5.0 (compatible; bingbot/2.0; +http://www.bing.com/bingbot.htm)"
185.191.171.39 - - [20/Feb/2021:15:11:11 +0100] "GET /mousepad-cbkreation-p-42927.html?action=add_product HTTP/1.0" 302 476 "-" "Mozilla/5.0 (compatible; SemrushBot/7~bl; +http://www.semrush.com/bot.html)"
185.191.171.1 - - [20/Feb/2021:15:11:13 +0100] "GET /shiva-statue-p-40359.html?action=add_product HTTP/1.0" 302 476 "-" "Mozilla/5.0 (compatible; SemrushBot/7~bl; +http://www.semrush.com/bot.html)"
66.249.69.162 - - [20/Feb/2021:15:11:13 +0100] "GET /images/big_prod/5055071719899.jpg HTTP/1.0" 200 268 "-" "Googlebot-Image/1.0"
13.66.139.88 - - [20/Feb/2021:15:11:17 +0100] "GET /-p-31200.html HTTP/1.0" 200 68690 "-" "Mozilla/5.0 (compatible; bingbot/2.0; +http://www.bing.com/bingbot.htm)"
13.66.139.88 - - [20/Feb/2021:15:11:18 +0100] "GET /pink-small-box-for-baby-teeth-snow-ball-p-36482.html HTTP/1.0" 301 68964 "-" "Mozilla/5.0 (compatible; bingbot/2.0; +http://www.bing.com/bingbot.htm)"
66.249.69.162 - - [20/Feb/2021:15:11:29 +0100] "GET /images/mini_prod/5060075241130.jpg HTTP/1.0" 200 269 "-" "Googlebot-Image/1.0"
66.249.69.162 - - [20/Feb/2021:15:11:45 +0100] "GET /images/mini_prod/5415203535986.jpg HTTP/1.0" 200 269 "-" "Googlebot-Image/1.0"
66.249.69.162 - - [20/Feb/2021:15:12:01 +0100] "GET /images/mini_prod/8424001550425.jpg HTTP/1.0" 200 269 "-" "Googlebot-Image/1.0"
54.36.149.19 - - [20/Feb/2021:15:12:01 +0100] "GET /kimmidoll-mihoko-set-of-magnets-p-31958.html HTTP/1.0" 301 71439 "-" "Mozilla/5.0 (compatible; AhrefsBot/7.0; +http://ahrefs.com/robot/)"
66.249.69.164 - - [20/Feb/2021:15:12:17 +0100] "GET /images/mini_prod/8424346523511.jpg HTTP/1.0" 200 269 "-" "Googlebot-Image/1.0"
157.55.39.255 - - [20/Feb/2021:15:12:23 +0100] "GET /dancer-ballerina-jewelry-box-phosphorescent-p-50832.html HTTP/1.0" 301 72815 "-" "Mozilla/5.0 (compatible; bingbot/2.0; +http://www.bing.com/bingbot.htm)"
13.66.139.88 - - [20/Feb/2021:15:12:28 +0100] "GET /purse-and-wallet-c-31_76.html HTTP/1.0" 301 89472 "-" "Mozilla/5.0 (compatible; bingbot/2.0; +http://www.bing.com/bingbot.htm)"
66.249.69.162 - - [20/Feb/2021:15:12:33 +0100] "GET /images/3438100348857.jpg HTTP/1.0" 200 259 "-" "Googlebot-Image/1.0"
185.191.171.25 - - [20/Feb/2021:15:12:35 +0100] "GET /buddha-canvas-frame-p-35926.html HTTP/1.0" 200 71422 "-" "Mozilla/5.0 (compatible; SemrushBot/7~bl; +http://www.semrush.com/bot.html)"
66.249.69.162 - - [20/Feb/2021:15:12:40 +0100] "GET /marsupilami-money-box-p-40948.html HTTP/1.0" 301 72010 "-" "Mozilla/5.0 (Linux; Android 6.0.1; Nexus 5X Build/MMB29P) AppleWebKit/537.36 (KHTML, like Gecko) Chrome/88.0.4324.153 Mobile Safari/537.36 (compatible; Googlebot/2.1; +http://www.google.com/bot.html)"
66.249.69.162 - - [20/Feb/2021:15:12:41 +0100] "GET /marsupilami-money-p-40948.html HTTP/1.0" 200 71926 "-" "Mozilla/5.0 (Linux; Android 6.0.1; Nexus 5X Build/MMB29P) AppleWebKit/537.36 (KHTML, like Gecko) Chrome/88.0.4324.153 Mobile Safari/537.36 (compatible; Googlebot/2.1; +http://www.google.com/bot.html)"
66.249.69.162 - - [20/Feb/2021:15:12:55 +0100] "GET /images/mini_prod/3503420167744.jpg HTTP/1.0" 200 269 "-" "Googlebot-Image/1.0"
66.249.69.164 - - [20/Feb/2021:15:13:05 +0100] "GET /images/mini_prod/3503420159015.jpg HTTP/1.0" 200 269 "-" "Googlebot-Image/1.0"
17.58.101.142 - - [20/Feb/2021:15:13:06 +0100] "GET /shooter-paris-black-and-white-p-38612.html HTTP/1.0" 301 71435 "-" "Mozilla/5.0 (Macintosh; Intel Mac OS X 10_15_5) AppleWebKit/605.1.15 (KHTML, like Gecko) Version/13.1.1 Safari/605.1.15 (Applebot/0.1; +http://www.apple.com/go/applebot)"
13.66.139.88 - - [20/Feb/2021:15:13:07 +0100] "GET /mickael-white-shirt-p-30159.html HTTP/1.0" 200 72740 "-" "Mozilla/5.0 (compatible; bingbot/2.0; +http://www.bing.com/bingbot.htm)"
17.58.101.142 - - [20/Feb/2021:15:13:07 +0100] "GET /shooter-paris-black-white-p-38612.html HTTP/1.0" 200 71343 "-" "Mozilla/5.0 (Macintosh; Intel Mac OS X 10_15_5) AppleWebKit/605.1.15 (KHTML, like Gecko) Version/13.1.1 Safari/605.1.15 (Applebot/0.1; +http://www.apple.com/go/applebot)"
13.66.139.137 - - [20/Feb/2021:15:13:11 +0100] "GET /planes-disney-little-backpack-p-30385.html HTTP/1.0" 200 68796 "-" "Mozilla/5.0 (compatible; bingbot/2.0; +http://www.bing.com/bingbot.htm)"
185.191.171.18 - - [20/Feb/2021:15:13:12 +0100] "GET /frames-flags-and-decorative-paintings-c-13_148.html HTTP/1.0" 301 93642 "-" "Mozilla/5.0 (compatible; SemrushBot/7~bl; +http://www.semrush.com/bot.html)"
54.36.148.43 - - [20/Feb/2021:15:13:12 +0100] "GET /small-buddhist-monk-10-cm-blue-dress-mudra-varada-p-46800.html HTTP/1.0" 301 72394 "-" "Mozilla/5.0 (compatible; AhrefsBot/7.0; +http://ahrefs.com/robot/)"
185.191.171.1 - - [20/Feb/2021:15:13:14 +0100] "GET /frames-flags-decorative-paintings-c-148.html HTTP/1.0" 301 93519 "-" "Mozilla/5.0 (compatible; SemrushBot/7~bl; +http://www.semrush.com/bot.html)"
185.191.171.7 - - [20/Feb/2021:15:13:17 +0100] "GET /frames-flags-decorative-paintings-c-13_148.html HTTP/1.0" 200 93544 "-" "Mozilla/5.0 (compatible; SemrushBot/7~bl; +http://www.semrush.com/bot.html)"
185.191.171.7 - - [20/Feb/2021:15:13:20 +0100] "GET /cat-glass-trivet-p-45188.html HTTP/1.0" 301 68815 "-" "Mozilla/5.0 (compatible; SemrushBot/7~bl; +http://www.semrush.com/bot.html)"
66.249.69.162 - - [20/Feb/2021:15:13:21 +0100] "GET /images/mini_prod/3700516251459.jpg HTTP/1.0" 200 269 "-" "Googlebot-Image/1.0"
66.249.69.162 - - [20/Feb/2021:15:13:37 +0100] "GET /images/mini_prod/5414451253826.jpg HTTP/1.0" 200 269 "-" "Googlebot-Image/1.0"
185.191.171.35 - - [20/Feb/2021:15:13:43 +0100] "GET /horses-beauty-bag-p-24231.html HTTP/1.0" 301 71468 "-" "Mozilla/5.0 (compatible; SemrushBot/7~bl; +http://www.semrush.com/bot.html)"
185.191.171.33 - - [20/Feb/2021:15:13:46 +0100] "GET /horses-beauty-p-24231.html HTTP/1.0" 200 71388 "-" "Mozilla/5.0 (compatible; SemrushBot/7~bl; +http://www.semrush.com/bot.html)"
66.249.69.162 - - [20/Feb/2021:15:13:53 +0100] "GET /images/mini_prod/5051276373171.jpg HTTP/1.0" 200 269 "-" "Googlebot-Image/1.0"
185.191.171.33 - - [20/Feb/2021:15:14:05 +0100] "GET /despicable-backpack-p-36312.html?action=add_product HTTP/1.0" 302 476 "-" "Mozilla/5.0 (compatible; SemrushBot/7~bl; +http://www.semrush.com/bot.html)"
66.249.69.164 - - [20/Feb/2021:15:14:09 +0100] "GET /images/mini_prod/138401020544.jpg HTTP/1.0" 200 268 "-" "Googlebot-Image/1.0"
185.191.171.44 - - [20/Feb/2021:15:14:15 +0100] "GET /urss-shirt-p-30579.html?action=add_product HTTP/1.0" 302 476 "-" "Mozilla/5.0 (compatible; SemrushBot/7~bl; +http://www.semrush.com/bot.html)"
13.66.139.73 - - [20/Feb/2021:15:14:21 +0100] "GET /industrial-clock-with-gears-p-52614.html HTTP/1.0" 200 72462 "-" "Mozilla/5.0 (compatible; bingbot/2.0; +http://www.bing.com/bingbot.htm)"
13.66.139.73 - - [20/Feb/2021:15:14:22 +0100] "GET /chair-cushion-40-cm-p-52165.html HTTP/1.0" 301 71393 "-" "Mozilla/5.0 (compatible; bingbot/2.0; +http://www.bing.com/bingbot.htm)"
185.191.171.3 - - [20/Feb/2021:15:14:23 +0100] "GET /round-mirror-hanging-mandala-p-45020.html HTTP/1.0" 200 71350 "-" "Mozilla/5.0 (compatible; SemrushBot/7~bl; +http://www.semrush.com/bot.html)"
66.249.69.164 - - [20/Feb/2021:15:14:25 +0100] "GET /images/mini_prod/8424001706334.jpg HTTP/1.0" 200 269 "-" "Googlebot-Image/1.0"
54.36.148.97 - - [20/Feb/2021:15:14:24 +0100] "GET /teo-jasmin-purse-p-34951.html HTTP/1.0" 301 71390 "-" "Mozilla/5.0 (compatible; AhrefsBot/7.0; +http://ahrefs.com/robot/)"
157.55.39.189 - - [20/Feb/2021:15:14:32 +0100] "GET /decorations-and-furnishings/decorations/betty-boop-damier-large-mirror-p-18312.html HTTP/1.0" 301 677 "-" "Mozilla/5.0 (compatible; bingbot/2.0; +http://www.bing.com/bingbot.htm)"
66.249.69.162 - - [20/Feb/2021:15:14:41 +0100] "GET /images/big_prod_1/3700281644531a.jpg HTTP/1.0" 200 271 "-" "Googlebot-Image/1.0"
114.119.151.113 - - [20/Feb/2021:15:14:56 +0100] "GET /jewel-box-flower-of-life-p-48483.html HTTP/1.0" 301 72153 "-" "Mozilla/5.0 (Linux; Android 7.0;) AppleWebKit/537.36 (KHTML, like Gecko) Mobile Safari/537.36 (compatible; PetalBot;+https://aspiegel.com/petalbot)"
66.249.69.162 - - [20/Feb/2021:15:14:56 +0100] "GET /images/big_prod/8433916685016.jpg HTTP/1.0" 200 268 "-" "Googlebot-Image/1.0"
114.119.151.113 - - [20/Feb/2021:15:14:57 +0100] "GET /jewel-flower-life-p-48483.html HTTP/1.0" 200 72069 "-" "Mozilla/5.0 (Linux; Android 7.0;) AppleWebKit/537.36 (KHTML, like Gecko) Mobile Safari/537.36 (compatible; PetalBot;+https://aspiegel.com/petalbot)"
13.66.139.137 - - [20/Feb/2021:15:15:10 +0100] "GET /elmer-teddy-bear-3d-magnet-p-7174.html HTTP/1.0" 301 68892 "-" "Mozilla/5.0 (compatible; bingbot/2.0; +http://www.bing.com/bingbot.htm)"
13.66.139.137 - - [20/Feb/2021:15:15:11 +0100] "GET /-p-19489.html HTTP/1.0" 200 68690 "-" "Mozilla/5.0 (compatible; bingbot/2.0; +http://www.bing.com/bingbot.htm)"
13.66.139.137 - - [20/Feb/2021:15:15:12 +0100] "GET /backpacks-c-31_77.html HTTP/1.0" 200 92400 "-" "Mozilla/5.0 (compatible; bingbot/2.0; +http://www.bing.com/bingbot.htm)"
66.249.69.166 - - [20/Feb/2021:15:15:13 +0100] "GET /images/mini_prod/5902335385171.jpg HTTP/1.0" 200 269 "-" "Googlebot-Image/1.0"
5.255.231.71 - - [20/Feb/2021:15:15:26 +0100] "GET /doc-mcstuffins-pencil-case-p-27810.html HTTP/1.0" 301 71455 "-" "Mozilla/5.0 (compatible; YandexBot/3.0; +http://yandex.com/bots)"
66.249.69.164 - - [20/Feb/2021:15:15:28 +0100] "GET /images/big_prod/1384010201527N.jpg HTTP/1.0" 200 269 "-" "Googlebot-Image/1.0"
5.255.231.71 - - [20/Feb/2021:15:15:29 +0100] "GET /mcstuffins-pencil-case-p-27810.html HTTP/1.0" 200 71366 "-" "Mozilla/5.0 (compatible; YandexBot/3.0; +http://yandex.com/bots)"
54.36.149.101 - - [20/Feb/2021:15:15:35 +0100] "GET /keychain-or-jewel-bag-dream-catcher-black-p-40014.html HTTP/1.0" 301 71584 "-" "Mozilla/5.0 (compatible; AhrefsBot/7.0; +http://ahrefs.com/robot/)"
185.191.171.38 - - [20/Feb/2021:15:15:39 +0100] "GET /toucan-money-box-12-cm-black-p-47934.html HTTP/1.0" 301 71482 "-" "Mozilla/5.0 (compatible; SemrushBot/7~bl; +http://www.semrush.com/bot.html)"
185.191.171.10 - - [20/Feb/2021:15:15:41 +0100] "GET /toucan-money-black-p-47934.html HTTP/1.0" 200 71397 "-" "Mozilla/5.0 (compatible; SemrushBot/7~bl; +http://www.semrush.com/bot.html)"
66.249.69.162 - - [20/Feb/2021:15:15:44 +0100] "GET /images/mini_prod/1300000022941N.jpg HTTP/1.0" 200 270 "-" "Googlebot-Image/1.0"
66.249.69.162 - - [20/Feb/2021:15:15:58 +0100] "GET /mickey-ceiling-light-p-33145.html HTTP/1.0" 200 71694 "-" "Mozilla/5.0 (Linux; Android 6.0.1; Nexus 5X Build/MMB29P) AppleWebKit/537.36 (KHTML, like Gecko) Chrome/88.0.4324.153 Mobile Safari/537.36 (compatible; Googlebot/2.1; +http://www.google.com/bot.html)"
213.180.203.85 - - [20/Feb/2021:15:15:59 +0100] "GET /images/5411217332207.jpg HTTP/1.0" 200 259 "-" "Mozilla/5.0 (compatible; YandexImages/3.0; +http://yandex.com/bots)"
66.249.69.162 - - [20/Feb/2021:15:16:00 +0100] "GET /images/mini_prod/5060021938299.jpg HTTP/1.0" 200 269 "-" "Googlebot-Image/1.0"
5.255.231.35 - - [20/Feb/2021:15:16:02 +0100] "GET /lighting-c-13_86.html HTTP/1.0" 200 92645 "-" "Mozilla/5.0 (compatible; YandexBot/3.0; +http://yandex.com/bots)"
213.180.203.85 - - [20/Feb/2021:15:16:05 +0100] "GET /jewels-beauty-accessories-c-3_29.html HTTP/1.0" 200 85062 "-" "Mozilla/5.0 (compatible; YandexBot/3.0; +http://yandex.com/bots)"
13.66.139.88 - - [20/Feb/2021:15:16:08 +0100] "GET /andorra-mousepad-by-cbkreation-p-36710.html HTTP/1.0" 301 71500 "-" "Mozilla/5.0 (compatible; bingbot/2.0; +http://www.bing.com/bingbot.htm)"
13.66.139.88 - - [20/Feb/2021:15:16:09 +0100] "GET /brass-compass-ornament-p-36668.html HTTP/1.0" 200 71311 "-" "Mozilla/5.0 (compatible; bingbot/2.0; +http://www.bing.com/bingbot.htm)"
5.255.231.71 - - [20/Feb/2021:15:16:08 +0100] "GET /pendants-necklaces-c-3_214.html HTTP/1.0" 200 88802 "-" "Mozilla/5.0 (compatible; YandexBot/3.0; +http://yandex.com/bots)"
66.249.69.162 - - [20/Feb/2021:15:16:16 +0100] "GET /images/mini_prod/3609810060203.jpg HTTP/1.0" 200 269 "-" "Googlebot-Image/1.0"
178.159.37.104 - - [20/Feb/2021:15:16:19 +0100] "GET / HTTP/1.0" 200 93697 "https://avtolombard-voronezh.ru/" "Mozilla/4.0 (compatible; MSIE 6.0; Windows NT 5.1)"
178.159.37.104 - - [20/Feb/2021:15:16:20 +0100] "GET / HTTP/1.0" 200 93933 "https://avtolombard-voronezh.ru/" "Mozilla/4.0 (compatible; MSIE 6.0; Windows NT 5.1)"
178.159.37.104 - - [20/Feb/2021:15:16:21 +0100] "GET / HTTP/1.0" 200 93520 "https://avtolombard-voronezh.ru/" "Mozilla/4.0 (compatible; MSIE 6.0; Windows NT 5.1)"
66.249.69.164 - - [20/Feb/2021:15:16:32 +0100] "GET /images/mini_prod/5051276250168.jpg HTTP/1.0" 200 269 "-" "Googlebot-Image/1.0"
185.191.171.43 - - [20/Feb/2021:15:16:32 +0100] "GET /kanga-figure-p-28526.html HTTP/1.0" 200 71395 "-" "Mozilla/5.0 (compatible; SemrushBot/7~bl; +http://www.semrush.com/bot.html)"
54.36.148.62 - - [20/Feb/2021:15:16:47 +0100] "GET /peace-small-mug-by-cbkreation-p-15046.html HTTP/1.0" 301 71468 "-" "Mozilla/5.0 (compatible; AhrefsBot/7.0; +http://ahrefs.com/robot/)"
66.249.69.162 - - [20/Feb/2021:15:16:48 +0100] "GET /images/mini_prod/1938713224941.jpg HTTP/1.0" 200 269 "-" "Googlebot-Image/1.0"
13.66.139.137 - - [20/Feb/2021:15:16:51 +0100] "GET /-p-47321.html HTTP/1.0" 200 68690 "-" "Mozilla/5.0 (compatible; bingbot/2.0; +http://www.bing.com/bingbot.htm)"
13.66.139.137 - - [20/Feb/2021:15:16:52 +0100] "GET /provence-soap-box-marseille-soap-10-65-35-cm-p-39424.html HTTP/1.0" 301 71796 "-" "Mozilla/5.0 (compatible; bingbot/2.0; +http://www.bing.com/bingbot.htm)"
185.191.171.25 - - [20/Feb/2021:15:16:59 +0100] "GET /carpet-mandala-grey-blue-p-44901.html HTTP/1.0" 200 71489 "-" "Mozilla/5.0 (compatible; SemrushBot/7~bl; +http://www.semrush.com/bot.html)"
66.249.69.166 - - [20/Feb/2021:15:17:04 +0100] "GET /images/mini_prod/3520071657851.jpg HTTP/1.0" 200 269 "-" "Googlebot-Image/1.0"
185.191.171.10 - - [20/Feb/2021:15:17:10 +0100] "GET /tinkerbell-flower-britto-figurine-p-41697.html HTTP/1.0" 200 71918 "-" "Mozilla/5.0 (compatible; SemrushBot/7~bl; +http://www.semrush.com/bot.html)"
13.66.139.73 - - [20/Feb/2021:15:17:12 +0100] "GET /zippo-harley-davidson-lighter-belt-case-p-13408.html HTTP/1.0" 200 72152 "-" "Mozilla/5.0 (compatible; bingbot/2.0; +http://www.bing.com/bingbot.htm)"
13.66.139.73 - - [20/Feb/2021:15:17:13 +0100] "GET /-p-34266.html HTTP/1.0" 200 68690 "-" "Mozilla/5.0 (compatible; bingbot/2.0; +http://www.bing.com/bingbot.htm)"
66.249.69.162 - - [20/Feb/2021:15:17:20 +0100] "GET /images/mini_prod/3560600311939.jpg HTTP/1.0" 200 269 "-" "Googlebot-Image/1.0"
66.249.69.162 - - [20/Feb/2021:15:17:48 +0100] "GET /images/mini_prod/1384010181478.jpg HTTP/1.0" 200 269 "-" "Googlebot-Image/1.0"
13.66.139.88 - - [20/Feb/2021:15:17:49 +0100] "GET /blue-kimmidoll-cardboard-boxe-small-p-47965.html HTTP/1.0" 200 68824 "-" "Mozilla/5.0 (compatible; bingbot/2.0; +http://www.bing.com/bingbot.htm)"
54.36.148.90 - - [20/Feb/2021:15:17:54 +0100] "GET /makeup-kit-mani-the-lucky-cat-pink-p-37355.html HTTP/1.0" 301 71625 "-" "Mozilla/5.0 (compatible; AhrefsBot/7.0; +http://ahrefs.com/robot/)"
66.249.69.162 - - [20/Feb/2021:15:17:56 +0100] "GET /images/big_prod/4029811369379.jpg HTTP/1.0" 200 268 "-" "Googlebot-Image/1.0"
185.191.171.2 - - [20/Feb/2021:15:18:07 +0100] "GET /elephant-head-hanging-p-47245.html HTTP/1.0" 200 71368 "-" "Mozilla/5.0 (compatible; SemrushBot/7~bl; +http://www.semrush.com/bot.html)"
66.249.69.164 - - [20/Feb/2021:15:18:08 +0100] "GET /images/mini_prod/8422099381075.jpg HTTP/1.0" 200 269 "-" "Googlebot-Image/1.0"
13.66.139.73 - - [20/Feb/2021:15:18:12 +0100] "GET /harley-davidson-mc-lighter-p-37648.html HTTP/1.0" 301 71888 "-" "Mozilla/5.0 (compatible; bingbot/2.0; +http://www.bing.com/bingbot.htm)"
157.55.39.99 - - [20/Feb/2021:15:18:18 +0100] "GET /white-and-grey-moroccan-ashtray-p-52623.html HTTP/1.0" 301 71417 "-" "Mozilla/5.0 (compatible; bingbot/2.0; +http://www.bing.com/bingbot.htm)"
5.188.211.14 - - [20/Feb/2021:15:18:19 +0100] "GET /watches-c-3_66.html HTTP/1.0" 200 89424 "-" "Mozilla/4.0 (compatible; MSIE 6.0; Windows NT 5.1; SV1)"
5.188.211.14 - - [20/Feb/2021:15:18:19 +0100] "GET /posters-stickers-wall-c-13_147.html HTTP/1.0" 200 89624 "-" "Mozilla/4.0 (compatible; MSIE 6.0; Windows NT 5.1; SV1)"
5.188.211.14 - - [20/Feb/2021:15:18:20 +0100] "GET /mtal-signs-c-13_130.html HTTP/1.0" 200 92616 "-" "Mozilla/4.0 (compatible; MSIE 6.0; Windows NT 5.1; SV1)"
5.188.211.14 - - [20/Feb/2021:15:18:21 +0100] "GET /contact_us.php HTTP/1.0" 200 26238 "-" "Mozilla/4.0 (compatible; MSIE 6.0; Windows NT 5.1; SV1)"
66.249.69.162 - - [20/Feb/2021:15:18:24 +0100] "GET /images/mini_prod/9316188077033.jpg HTTP/1.0" 200 269 "-" "Googlebot-Image/1.0"
66.249.69.162 - - [20/Feb/2021:15:18:40 +0100] "GET /images/big_prod_1/5400924117399B.jpg HTTP/1.0" 200 271 "-" "Googlebot-Image/1.0"
13.66.139.88 - - [20/Feb/2021:15:18:49 +0100] "GET /pascal-figure-p-15665.html HTTP/1.0" 200 68746 "-" "Mozilla/5.0 (compatible; bingbot/2.0; +http://www.bing.com/bingbot.htm)"
66.249.69.162 - - [20/Feb/2021:15:18:56 +0100] "GET /images/mini_prod/3700276226001.jpg HTTP/1.0" 200 269 "-" "Googlebot-Image/1.0"
157.55.39.246 - - [20/Feb/2021:15:19:00 +0100] "GET /js/jquery.js HTTP/1.0" 200 252 "-" "Mozilla/5.0 (compatible; bingbot/2.0; +http://www.bing.com/bingbot.htm)"
185.191.171.44 - - [20/Feb/2021:15:19:02 +0100] "GET /cats-dubout-figurine-escape-plan-p-32703.html?action=add_product HTTP/1.0" 302 476 "-" "Mozilla/5.0 (compatible; SemrushBot/7~bl; +http://www.semrush.com/bot.html)"
54.36.148.90 - - [20/Feb/2021:15:19:04 +0100] "GET /love-cats-bowl-p-45923.html HTTP/1.0" 301 68757 "-" "Mozilla/5.0 (compatible; AhrefsBot/7.0; +http://ahrefs.com/robot/)"
185.191.171.34 - - [20/Feb/2021:15:19:07 +0100] "GET /drachme-money-cbkreation-p-24142.html HTTP/1.0" 200 71409 "-" "Mozilla/5.0 (compatible; SemrushBot/7~bl; +http://www.semrush.com/bot.html)"
13.66.139.137 - - [20/Feb/2021:15:19:11 +0100] "GET /-p-30029.html HTTP/1.0" 200 68690 "-" "Mozilla/5.0 (compatible; bingbot/2.0; +http://www.bing.com/bingbot.htm)"
66.249.69.162 - - [20/Feb/2021:15:19:12 +0100] "GET /images/big_prod_1/b8719075391587.jpg HTTP/1.0" 200 271 "-" "Googlebot-Image/1.0"
192.0.102.68 - - [20/Feb/2021:15:19:15 +0100] "GET /images/med_prod/8435306284311.jpg HTTP/1.0" 301 577 "-" "Photon/1.0"
192.0.102.68 - - [20/Feb/2021:15:19:16 +0100] "GET /images/med_prod/8435306284311.jpg HTTP/1.0" 200 268 "-" "Photon/1.0"
185.191.171.22 - - [20/Feb/2021:15:19:24 +0100] "GET /moroccan-triskel-ashtray-p-46440.html HTTP/1.0" 200 71962 "-" "Mozilla/5.0 (compatible; SemrushBot/7~bl; +http://www.semrush.com/bot.html)"
185.191.171.41 - - [20/Feb/2021:15:19:26 +0100] "GET /bowl-laughing-lavender-inside-made-germany-p-50707.html HTTP/1.0" 200 72382 "-" "Mozilla/5.0 (compatible; SemrushBot/7~bl; +http://www.semrush.com/bot.html)"
66.249.69.164 - - [20/Feb/2021:15:19:28 +0100] "GET /images/5055453403316.jpg HTTP/1.0" 200 259 "-" "Googlebot-Image/1.0"
185.191.171.41 - - [20/Feb/2021:15:19:38 +0100] "GET /allen-tote-p-47660.html HTTP/1.0" 200 71949 "-" "Mozilla/5.0 (compatible; SemrushBot/7~bl; +http://www.semrush.com/bot.html)"
185.191.171.13 - - [20/Feb/2021:15:19:42 +0100] "GET /earth-globe-decoration-p-50869.html HTTP/1.0" 200 72173 "-" "Mozilla/5.0 (compatible; SemrushBot/7~bl; +http://www.semrush.com/bot.html)"
66.249.69.162 - - [20/Feb/2021:15:19:44 +0100] "GET /images/4007176122310.jpg HTTP/1.0" 200 259 "-" "Googlebot-Image/1.0"
185.191.171.12 - - [20/Feb/2021:15:19:46 +0100] "GET /votive-candle-sugar-spice-p-42626.html?action=add_product HTTP/1.0" 302 476 "-" "Mozilla/5.0 (compatible; SemrushBot/7~bl; +http://www.semrush.com/bot.html)"
185.191.171.5 - - [20/Feb/2021:15:19:54 +0100] "GET /chloe-lili-petrol-p-30433.html?action=add_product HTTP/1.0" 302 476 "-" "Mozilla/5.0 (compatible; SemrushBot/7~bl; +http://www.semrush.com/bot.html)"
66.249.69.162 - - [20/Feb/2021:15:20:00 +0100] "GET /images/mini_prod/5400924119812.jpg HTTP/1.0" 200 269 "-" "Googlebot-Image/1.0"
66.249.69.166 - - [20/Feb/2021:15:20:16 +0100] "GET /images/mini_prod/1300000022873.jpg HTTP/1.0" 200 269 "-" "Googlebot-Image/1.0"
54.36.149.57 - - [20/Feb/2021:15:20:20 +0100] "GET /thor-figure-p-32171.html HTTP/1.0" 200 71378 "-" "Mozilla/5.0 (compatible; AhrefsBot/7.0; +http://ahrefs.com/robot/)"
185.191.171.39 - - [20/Feb/2021:15:20:27 +0100] "GET /pineapple-isothermic-stainless-steel-bottle-allen-p-51917.html HTTP/1.0" 200 71586 "-" "Mozilla/5.0 (compatible; SemrushBot/7~bl; +http://www.semrush.com/bot.html)"
66.249.69.164 - - [20/Feb/2021:15:20:32 +0100] "GET /images/mini_prod/1348422000048.jpg HTTP/1.0" 200 269 "-" "Googlebot-Image/1.0"
13.66.139.88 - - [20/Feb/2021:15:20:41 +0100] "GET /beautiful-babushka-by-kimmidoll-yellow-decorative-figurine-p-33240.html HTTP/1.0" 301 69087 "-" "Mozilla/5.0 (compatible; bingbot/2.0; +http://www.bing.com/bingbot.htm)"
66.249.69.162 - - [20/Feb/2021:15:20:47 +0100] "GET /images/big_prod/1300000021012.jpg HTTP/1.0" 200 268 "-" "Googlebot-Image/1.0"
157.55.39.246 - - [20/Feb/2021:15:20:53 +0100] "GET /paris-kitchen-towel-p-41609.html HTTP/1.0" 200 71294 "-" "Mozilla/5.0 (compatible; bingbot/2.0; +http://www.bing.com/bingbot.htm)"
13.66.139.88 - - [20/Feb/2021:15:20:59 +0100] "GET /rasta-duck-frame-canvas-p-31824.html HTTP/1.0" 200 71404 "-" "Mozilla/5.0 (compatible; bingbot/2.0; +http://www.bing.com/bingbot.htm)"
13.66.139.88 - - [20/Feb/2021:15:21:00 +0100] "GET /iron-man-avengers-figure-p-24825.html HTTP/1.0" 301 71543 "-" "Mozilla/5.0 (compatible; bingbot/2.0; +http://www.bing.com/bingbot.htm)"
66.249.69.164 - - [20/Feb/2021:15:21:03 +0100] "GET /images/big_prod/3665269056204.jpg HTTP/1.0" 200 268 "-" "Googlebot-Image/1.0"
185.191.171.38 - - [20/Feb/2021:15:21:09 +0100] "GET /large-carved-wooden-panel-motif-oriental-flower-p-50678.html?action=add_product HTTP/1.0" 302 476 "-" "Mozilla/5.0 (compatible; SemrushBot/7~bl; +http://www.semrush.com/bot.html)"
185.191.171.41 - - [20/Feb/2021:15:21:16 +0100] "GET /matriochka-white-women-shirt-p-30985.html HTTP/1.0" 200 73369 "-" "Mozilla/5.0 (compatible; SemrushBot/7~bl; +http://www.semrush.com/bot.html)"
185.191.171.23 - - [20/Feb/2021:15:21:18 +0100] "GET /melt-home-christmas-p-46036.html HTTP/1.0" 200 71972 "-" "Mozilla/5.0 (compatible; SemrushBot/7~bl; +http://www.semrush.com/bot.html)"
66.249.69.162 - - [20/Feb/2021:15:21:19 +0100] "GET /images/mini_prod/8424346366149.jpg HTTP/1.0" 200 269 "-" "Googlebot-Image/1.0"
185.191.171.7 - - [20/Feb/2021:15:21:22 +0100] "GET /reptile-green-phone-cover-for-iphone-and-cbkreation-p-14200.html HTTP/1.0" 301 69015 "-" "Mozilla/5.0 (compatible; SemrushBot/7~bl; +http://www.semrush.com/bot.html)"
185.191.171.18 - - [20/Feb/2021:15:21:24 +0100] "GET /reptile-green-phone-cover-iphone-cbkreation-p-14200.html HTTP/1.0" 200 68905 "-" "Mozilla/5.0 (compatible; SemrushBot/7~bl; +http://www.semrush.com/bot.html)"
54.36.148.204 - - [20/Feb/2021:15:21:25 +0100] "GET /london-bus-keyring-p-24912.html HTTP/1.0" 301 71125 "-" "Mozilla/5.0 (compatible; AhrefsBot/7.0; +http://ahrefs.com/robot/)"
13.66.139.88 - - [20/Feb/2021:15:21:29 +0100] "GET /flower-of-life-earrings-brass-silver-colored-p-39339.html HTTP/1.0" 301 71574 "-" "Mozilla/5.0 (compatible; bingbot/2.0; +http://www.bing.com/bingbot.htm)"
66.249.69.162 - - [20/Feb/2021:15:21:35 +0100] "GET /images/big_prod/1000000899009VESPA.jpg HTTP/1.0" 200 273 "-" "Googlebot-Image/1.0"
185.191.171.10 - - [20/Feb/2021:15:21:50 +0100] "GET /ceramic-flower-pot-p-53369.html HTTP/1.0" 301 71397 "-" "Mozilla/5.0 (compatible; SemrushBot/7~bl; +http://www.semrush.com/bot.html)"
66.249.69.162 - - [20/Feb/2021:15:21:51 +0100] "GET /images/mini_prod/4036113231426.jpg HTTP/1.0" 200 269 "-" "Googlebot-Image/1.0"
185.191.171.5 - - [20/Feb/2021:15:22:00 +0100] "GET /chicago-bulls-p-44957.html?action=add_product HTTP/1.0" 302 476 "-" "Mozilla/5.0 (compatible; SemrushBot/7~bl; +http://www.semrush.com/bot.html)"
13.66.139.73 - - [20/Feb/2021:15:22:03 +0100] "GET /patinated-metal-headlight-clock-p-45930.html HTTP/1.0" 200 71639 "-" "Mozilla/5.0 (compatible; bingbot/2.0; +http://www.bing.com/bingbot.htm)"
13.66.139.73 - - [20/Feb/2021:15:22:04 +0100] "GET /-p-19214.html HTTP/1.0" 200 68690 "-" "Mozilla/5.0 (compatible; bingbot/2.0; +http://www.bing.com/bingbot.htm)"
66.249.69.164 - - [20/Feb/2021:15:22:07 +0100] "GET /images/mini_prod/3612875113500.jpg HTTP/1.0" 200 269 "-" "Googlebot-Image/1.0"
13.66.139.137 - - [20/Feb/2021:15:22:21 +0100] "GET /-p-29858.html HTTP/1.0" 200 68690 "-" "Mozilla/5.0 (compatible; bingbot/2.0; +http://www.bing.com/bingbot.htm)"
66.249.69.162 - - [20/Feb/2021:15:22:23 +0100] "GET /images/mini_prod/5415203446985.jpg HTTP/1.0" 200 269 "-" "Googlebot-Image/1.0"
54.36.148.79 - - [20/Feb/2021:15:22:28 +0100] "GET /loola-ylvi-and-the-minimoomis-keyring-p-33978.html HTTP/1.0" 301 71540 "-" "Mozilla/5.0 (compatible; AhrefsBot/7.0; +http://ahrefs.com/robot/)"
13.66.139.73 - - [20/Feb/2021:15:22:33 +0100] "GET /-p-18563.html HTTP/1.0" 200 68690 "-" "Mozilla/5.0 (compatible; bingbot/2.0; +http://www.bing.com/bingbot.htm)"
13.66.139.73 - - [20/Feb/2021:15:22:34 +0100] "GET /decorative-hanging-pie-blue-outline-p-35425.html HTTP/1.0" 301 71595 "-" "Mozilla/5.0 (compatible; bingbot/2.0; +http://www.bing.com/bingbot.htm)"
66.249.69.162 - - [20/Feb/2021:15:22:46 +0100] "GET /images/TROMY3228.jpg HTTP/1.0" 200 255 "-" "Googlebot-Image/1.0"
13.66.139.137 - - [20/Feb/2021:15:22:51 +0100] "GET /hello-kitty-stamp-set-p-6585.html HTTP/1.0" 301 68865 "-" "Mozilla/5.0 (compatible; bingbot/2.0; +http://www.bing.com/bingbot.htm)"
66.249.69.162 - - [20/Feb/2021:15:22:55 +0100] "GET /images/mini_prod/NN3453131149754.jpg HTTP/1.0" 200 271 "-" "Googlebot-Image/1.0"
13.66.139.88 - - [20/Feb/2021:15:23:00 +0100] "GET /beyond-charms-keychain-elephant-p-51831.html HTTP/1.0" 200 72614 "-" "Mozilla/5.0 (compatible; bingbot/2.0; +http://www.bing.com/bingbot.htm)"
13.66.139.73 - - [20/Feb/2021:15:23:04 +0100] "GET /buddha-canvas-frame-20-20-cm-p-33995.html HTTP/1.0" 301 71544 "-" "Mozilla/5.0 (compatible; bingbot/2.0; +http://www.bing.com/bingbot.htm)"
66.249.69.164 - - [20/Feb/2021:15:23:11 +0100] "GET /images/big_prod/5400924116507.jpg HTTP/1.0" 200 268 "-" "Googlebot-Image/1.0"
185.191.171.9 - - [20/Feb/2021:15:23:11 +0100] "GET /tropical-beverage-dispenser-p-49323.html HTTP/1.0" 200 71410 "-" "Mozilla/5.0 (compatible; SemrushBot/7~bl; +http://www.semrush.com/bot.html)"
66.249.69.162 - - [20/Feb/2021:15:23:27 +0100] "GET /images/big_prod/8424001496426.jpg HTTP/1.0" 200 268 "-" "Googlebot-Image/1.0"
66.249.69.162 - - [20/Feb/2021:15:23:43 +0100] "GET /images/mini_prod/DUB31.jpg HTTP/1.0" 200 261 "-" "Googlebot-Image/1.0"
54.36.148.241 - - [20/Feb/2021:15:23:45 +0100] "GET /figurine-buddhist-little-monk-seeing-nothing-16-cm-p-46817.html HTTP/1.0" 301 71734 "-" "Mozilla/5.0 (compatible; AhrefsBot/7.0; +http://ahrefs.com/robot/)"
185.191.171.11 - - [20/Feb/2021:15:23:57 +0100] "GET /glass-cutting-board-cbkreation-p-51281.html?action=add_product HTTP/1.0" 302 476 "-" "Mozilla/5.0 (compatible; SemrushBot/7~bl; +http://www.semrush.com/bot.html)"
66.249.69.162 - - [20/Feb/2021:15:23:59 +0100] "GET /images/mini_prod/DUB109.jpg HTTP/1.0" 200 262 "-" "Googlebot-Image/1.0"
185.191.171.6 - - [20/Feb/2021:15:24:02 +0100] "GET /cushion-cover-blue-duck-60-60-cm-p-50050.html HTTP/1.0" 301 72089 "-" "Mozilla/5.0 (compatible; SemrushBot/7~bl; +http://www.semrush.com/bot.html)"
66.249.69.162 - - [20/Feb/2021:15:24:15 +0100] "GET /images/mini_prod/1300000010061.jpg HTTP/1.0" 200 269 "-" "Googlebot-Image/1.0"
13.66.139.88 - - [20/Feb/2021:15:24:20 +0100] "GET /frankie-stein-figure-p-22565.html HTTP/1.0" 200 71387 "-" "Mozilla/5.0 (compatible; bingbot/2.0; +http://www.bing.com/bingbot.htm)"
13.66.139.137 - - [20/Feb/2021:15:24:24 +0100] "GET /nintendo-1up-mushroom-red-shirt-p-29608.html HTTP/1.0" 301 68757 "-" "Mozilla/5.0 (compatible; bingbot/2.0; +http://www.bing.com/bingbot.htm)"
185.191.171.16 - - [20/Feb/2021:15:24:25 +0100] "GET /industrial-pouf-storage-medium-size-only-p-48581.html?action=add_product HTTP/1.0" 302 476 "-" "Mozilla/5.0 (compatible; SemrushBot/7~bl; +http://www.semrush.com/bot.html)"
13.66.139.88 - - [20/Feb/2021:15:24:30 +0100] "GET /retro-camper-storage-stool-p-34228.html HTTP/1.0" 301 71630 "-" "Mozilla/5.0 (compatible; bingbot/2.0; +http://www.bing.com/bingbot.htm)"
66.249.69.164 - - [20/Feb/2021:15:24:31 +0100] "GET /images/mini_prod/F8028501263382.jpg HTTP/1.0" 200 270 "-" "Googlebot-Image/1.0"
13.66.139.137 - - [20/Feb/2021:15:24:34 +0100] "GET /batman-adult-full-latex-mask-for-halloween-costume-p-30976.html HTTP/1.0" 301 69036 "-" "Mozilla/5.0 (compatible; bingbot/2.0; +http://www.bing.com/bingbot.htm)"
216.244.66.242 - - [20/Feb/2021:15:24:38 +0100] "GET /robots.txt HTTP/1.0" 200 245 "-" "Mozilla/5.0 (compatible; DotBot/1.1; http://www.opensiteexplorer.org/dotbot, help@moz.com)"
13.66.139.137 - - [20/Feb/2021:15:24:41 +0100] "GET /hush-little-bunny-vintage-gorjuss-post-card-p-34612.html HTTP/1.0" 200 68896 "-" "Mozilla/5.0 (compatible; bingbot/2.0; +http://www.bing.com/bingbot.htm)"
66.249.69.162 - - [20/Feb/2021:15:24:47 +0100] "GET /images/mini_prod/8433933588666.jpg HTTP/1.0" 200 269 "-" "Googlebot-Image/1.0"
66.249.69.166 - - [20/Feb/2021:15:25:03 +0100] "GET /images/mini_prod/3453131132213B.jpg HTTP/1.0" 404 1308 "-" "Googlebot-Image/1.0"
54.36.148.78 - - [20/Feb/2021:15:25:09 +0100] "GET /deco-box-in-soapstone-tree-of-life-blue-p-53789.html HTTP/1.0" 301 71702 "-" "Mozilla/5.0 (compatible; AhrefsBot/7.0; +http://ahrefs.com/robot/)"
185.191.171.38 - - [20/Feb/2021:15:25:12 +0100] "GET /tetsubin-black-teapot-japanese-08-liter-p-40898.html HTTP/1.0" 301 71772 "-" "Mozilla/5.0 (compatible; SemrushBot/7~bl; +http://www.semrush.com/bot.html)"
13.66.139.73 - - [20/Feb/2021:15:25:12 +0100] "GET /cotton-floor-cushion-charmelia-40-40-30-cm-p-47899.html HTTP/1.0" 301 72198 "-" "Mozilla/5.0 (compatible; bingbot/2.0; +http://www.bing.com/bingbot.htm)"
185.191.171.36 - - [20/Feb/2021:15:25:14 +0100] "GET /tetsubin-black-teapot-japanese-liter-p-40898.html HTTP/1.0" 200 71669 "-" "Mozilla/5.0 (compatible; SemrushBot/7~bl; +http://www.semrush.com/bot.html)"
66.249.69.162 - - [20/Feb/2021:15:25:19 +0100] "GET /images/mini_prod/4036113830537.jpg HTTP/1.0" 200 269 "-" "Googlebot-Image/1.0"
185.191.171.43 - - [20/Feb/2021:15:25:19 +0100] "GET /salt-pepper-shaker-p-40791.html HTTP/1.0" 200 71438 "-" "Mozilla/5.0 (compatible; SemrushBot/7~bl; +http://www.semrush.com/bot.html)"
66.249.69.162 - - [20/Feb/2021:15:25:26 +0100] "GET /shadow-ceramic-pitcher-p-46408.html HTTP/1.0" 200 71348 "-" "Mozilla/5.0 (Linux; Android 6.0.1; Nexus 5X Build/MMB29P) AppleWebKit/537.36 (KHTML, like Gecko) Chrome/88.0.4324.153 Mobile Safari/537.36 (compatible; Googlebot/2.1; +http://www.google.com/bot.html)"
185.191.171.21 - - [20/Feb/2021:15:25:30 +0100] "GET /large-responsible-white-musk-candle-heart-home-p-52797.html HTTP/1.0" 200 72645 "-" "Mozilla/5.0 (compatible; SemrushBot/7~bl; +http://www.semrush.com/bot.html)"
66.249.69.162 - - [20/Feb/2021:15:25:35 +0100] "GET /images/big_prod/1300000064088.jpg HTTP/1.0" 200 268 "-" "Googlebot-Image/1.0"
66.249.69.162 - - [20/Feb/2021:15:25:51 +0100] "GET /images/mini_prod/4542202653708.jpg HTTP/1.0" 200 269 "-" "Googlebot-Image/1.0"
51.68.224.127 - - [20/Feb/2021:15:26:01 +0100] "GET /adminweb/export_orders_xml.php?token=256de2z6edz6ed2z6DFSFsed2zed6zeDSFDSGdzedezfzf&maxorders=10&orderstart=1&status=14&start_date=2018-10-01 HTTP/1.0" 200 285 "-" "GesCom CharlotteBoutik Serveur"
51.68.224.127 - - [20/Feb/2021:15:26:01 +0100] "GET /adminweb/export_orders_xml.php?token=256de2z6edz6ed2z6DFSFsed2zed6zeDSFDSGdzedezfzf&maxorders=10&orderstart=1&status=6&start_date=2018-10-01 HTTP/1.0" 200 29990 "-" "GesCom CharlotteBoutik Serveur"
