13.66.139.73 - - [20/Feb/2021:14:39:59 +0100] "GET /-p-30161.html HTTP/1.0" 200 68690 "-" "Mozilla/5.0 (compatible; bingbot/2.0; +http://www.bing.com/bingbot.htm)"
66.249.69.162 - - [20/Feb/2021:14:40:04 +0100] "GET /images/big_prod/1300000023016NNN.jpg HTTP/1.0" 200 271 "-" "Googlebot-Image/1.0"
13.66.139.88 - - [20/Feb/2021:14:40:09 +0100] "GET /fragrances-of-ambiance-c-231.html HTTP/1.0" 301 90899 "-" "Mozilla/5.0 (compatible; bingbot/2.0; +http://www.bing.com/bingbot.htm)"
54.36.148.90 - - [20/Feb/2021:14:40:10 +0100] "GET /hook-weathered-surfboard-wooden-102-cm-p-35335.html HTTP/1.0" 301 71564 "-" "Mozilla/5.0 (compatible; AhrefsBot/7.0; +http://ahrefs.com/robot/)"
66.249.69.162 - - [20/Feb/2021:14:40:12 +0100] "GET /images/mini_prod/1399986107094.jpg HTTP/1.0" 200 269 "-" "Googlebot-Image/1.0"
13.66.139.73 - - [20/Feb/2021:14:40:19 +0100] "GET /minnie-mouse-cosmetic-bag-p-26064.html HTTP/1.0" 301 71469 "-" "Mozilla/5.0 (compatible; bingbot/2.0; +http://www.bing.com/bingbot.htm)"
66.249.69.162 - - [20/Feb/2021:14:40:22 +0100] "GET /images/mini_prod/CD3946b.jpg HTTP/1.0" 200 263 "-" "Googlebot-Image/1.0"
13.66.139.137 - - [20/Feb/2021:14:40:37 +0100] "GET /tablecloth-castillon-treated-anti-stain-blue-150-250-cm-p-48526.html HTTP/1.0" 301 72386 "-" "Mozilla/5.0 (compatible; bingbot/2.0; +http://www.bing.com/bingbot.htm)"
66.249.69.162 - - [20/Feb/2021:14:40:38 +0100] "GET /images/mini_prod/8422133370560.jpg HTTP/1.0" 200 269 "-" "Googlebot-Image/1.0"
13.66.139.137 - - [20/Feb/2021:14:40:47 +0100] "GET /-p-13713.html HTTP/1.0" 200 68690 "-" "Mozilla/5.0 (compatible; bingbot/2.0; +http://www.bing.com/bingbot.htm)"
66.249.69.162 - - [20/Feb/2021:14:40:54 +0100] "GET /images/mini_prod/8424346524075.jpg HTTP/1.0" 200 269 "-" "Googlebot-Image/1.0"
185.191.171.39 - - [20/Feb/2021:14:40:56 +0100] "GET /tour-paris-clock-p-10888.html HTTP/1.0" 200 71369 "-" "Mozilla/5.0 (compatible; SemrushBot/7~bl; +http://www.semrush.com/bot.html)"
185.191.171.7 - - [20/Feb/2021:14:41:07 +0100] "GET /pretzels-wooden-wall-decoration-to-hang-p-35919.html HTTP/1.0" 301 68973 "-" "Mozilla/5.0 (compatible; SemrushBot/7~bl; +http://www.semrush.com/bot.html)"
185.191.171.38 - - [20/Feb/2021:14:41:09 +0100] "GET /pretzels-wooden-wall-decoration-hang-p-35919.html HTTP/1.0" 200 68870 "-" "Mozilla/5.0 (compatible; SemrushBot/7~bl; +http://www.semrush.com/bot.html)"
66.249.69.162 - - [20/Feb/2021:14:41:10 +0100] "GET /images/mini_prod/3660173153384.jpg HTTP/1.0" 200 269 "-" "Googlebot-Image/1.0"
185.191.171.38 - - [20/Feb/2021:14:41:11 +0100] "GET /wood-glass-pistol-frame-p-48289.html?action=add_product HTTP/1.0" 302 476 "-" "Mozilla/5.0 (compatible; SemrushBot/7~bl; +http://www.semrush.com/bot.html)"
157.55.39.189 - - [20/Feb/2021:14:41:16 +0100] "GET /mondial_relay/js/jquery-1.3.2.min.js HTTP/1.0" 200 276 "-" "Mozilla/5.0 (compatible; bingbot/2.0; +http://www.bing.com/bingbot.htm)"
66.249.69.162 - - [20/Feb/2021:14:41:26 +0100] "GET /images/mini_prod/8433933160121.jpg HTTP/1.0" 200 269 "-" "Googlebot-Image/1.0"
54.36.148.158 - - [20/Feb/2021:14:41:27 +0100] "GET /led-retro-wall-lamp-in-white-weathered-metal-p-44615.html HTTP/1.0" 301 72278 "-" "Mozilla/5.0 (compatible; AhrefsBot/7.0; +http://ahrefs.com/robot/)"
185.191.171.36 - - [20/Feb/2021:14:41:39 +0100] "GET /stitch-figurine-romero-britto-p-36903.html HTTP/1.0" 200 72099 "-" "Mozilla/5.0 (compatible; SemrushBot/7~bl; +http://www.semrush.com/bot.html)"
66.249.69.162 - - [20/Feb/2021:14:41:42 +0100] "GET /images/mini_prod/8433933100042.jpg HTTP/1.0" 200 269 "-" "Googlebot-Image/1.0"
13.66.139.137 - - [20/Feb/2021:14:41:47 +0100] "GET /bookmark-lenticular-horses-p-19159.html HTTP/1.0" 200 71509 "-" "Mozilla/5.0 (compatible; bingbot/2.0; +http://www.bing.com/bingbot.htm)"
13.66.139.137 - - [20/Feb/2021:14:41:57 +0100] "GET /ty-rainbow-dash-pluch-keyring-p-32127.html HTTP/1.0" 301 68913 "-" "Mozilla/5.0 (compatible; bingbot/2.0; +http://www.bing.com/bingbot.htm)"
66.249.69.162 - - [20/Feb/2021:14:41:58 +0100] "GET /images/big_prod/5415203535986.jpg HTTP/1.0" 200 268 "-" "Googlebot-Image/1.0"
66.249.69.166 - - [20/Feb/2021:14:42:14 +0100] "GET /images/big_prod/1399984247198.jpg HTTP/1.0" 200 268 "-" "Googlebot-Image/1.0"
13.66.139.137 - - [20/Feb/2021:14:42:17 +0100] "GET /cats-by-dubout-paperweight-gros-dodo-p-33347.html HTTP/1.0" 301 71919 "-" "Mozilla/5.0 (compatible; bingbot/2.0; +http://www.bing.com/bingbot.htm)"
13.66.139.73 - - [20/Feb/2021:14:42:22 +0100] "GET /sheaffer-fountain-pen-ferrari-300-p-38772.html HTTP/1.0" 301 71628 "-" "Mozilla/5.0 (compatible; bingbot/2.0; +http://www.bing.com/bingbot.htm)"
13.66.139.73 - - [20/Feb/2021:14:42:23 +0100] "GET /indian-motorcycle-ottoman-storage-box-37-cm-p-35723.html HTTP/1.0" 301 68976 "-" "Mozilla/5.0 (compatible; bingbot/2.0; +http://www.bing.com/bingbot.htm)"
66.249.69.164 - - [20/Feb/2021:14:42:30 +0100] "GET /images/mini_prod/8433331669561.jpg HTTP/1.0" 200 269 "-" "Googlebot-Image/1.0"
54.36.148.18 - - [20/Feb/2021:14:42:45 +0100] "GET /table-lamp-in-silver-metal-p-42338.html HTTP/1.0" 301 71529 "-" "Mozilla/5.0 (compatible; AhrefsBot/7.0; +http://ahrefs.com/robot/)"
66.249.69.162 - - [20/Feb/2021:14:42:49 +0100] "GET /images/big_prod/3609810062313.jpg HTTP/1.0" 200 268 "-" "Googlebot-Image/1.0"
66.249.66.95 - - [20/Feb/2021:14:42:52 +0100] "GET /monster-high-mini-led-keychain-flashlight-white-p-17848.html HTTP/1.0" 301 71734 "-" "Mozilla/5.0 (Linux; Android 6.0.1; Nexus 5X Build/MMB29P) AppleWebKit/537.36 (KHTML, like Gecko) Chrome/88.0.4324.153 Mobile Safari/537.36 (compatible; Googlebot/2.1; +http://www.google.com/bot.html)"
66.249.69.162 - - [20/Feb/2021:14:42:53 +0100] "GET /monster-high-mini-keychain-flashlight-white-p-17848.html HTTP/1.0" 200 71624 "-" "Mozilla/5.0 (Linux; Android 6.0.1; Nexus 5X Build/MMB29P) AppleWebKit/537.36 (KHTML, like Gecko) Chrome/88.0.4324.153 Mobile Safari/537.36 (compatible; Googlebot/2.1; +http://www.google.com/bot.html)"
66.249.69.162 - - [20/Feb/2021:14:42:57 +0100] "GET /set-of-psg-ceramic-espresso-cups-p-43484.html HTTP/1.0" 301 71477 "-" "Mozilla/5.0 (Linux; Android 6.0.1; Nexus 5X Build/MMB29P) AppleWebKit/537.36 (KHTML, like Gecko) Chrome/88.0.4324.153 Mobile Safari/537.36 (compatible; Googlebot/2.1; +http://www.google.com/bot.html)"
66.249.69.162 - - [20/Feb/2021:14:42:58 +0100] "GET /ceramic-espresso-cups-p-43484.html HTTP/1.0" 200 71389 "-" "Mozilla/5.0 (Linux; Android 6.0.1; Nexus 5X Build/MMB29P) AppleWebKit/537.36 (KHTML, like Gecko) Chrome/88.0.4324.153 Mobile Safari/537.36 (compatible; Googlebot/2.1; +http://www.google.com/bot.html)"
13.66.139.73 - - [20/Feb/2021:14:42:59 +0100] "GET /teo-jasmin-purse-jasmine-rockabilly-p-39133.html HTTP/1.0" 301 68952 "-" "Mozilla/5.0 (compatible; bingbot/2.0; +http://www.bing.com/bingbot.htm)"
185.191.171.14 - - [20/Feb/2021:14:43:01 +0100] "GET /salt-boxes-and-jars-c-12_223.html?page=2 HTTP/1.0" 301 79398 "-" "Mozilla/5.0 (compatible; SemrushBot/7~bl; +http://www.semrush.com/bot.html)"
66.249.69.164 - - [20/Feb/2021:14:43:02 +0100] "GET /images/mini_prod/8424345615149.jpg HTTP/1.0" 200 269 "-" "Googlebot-Image/1.0"
185.191.171.9 - - [20/Feb/2021:14:43:04 +0100] "GET /salt-boxes-jars-c-223.html?page=2 HTTP/1.0" 301 79297 "-" "Mozilla/5.0 (compatible; SemrushBot/7~bl; +http://www.semrush.com/bot.html)"
185.191.171.14 - - [20/Feb/2021:14:43:06 +0100] "GET /salt-boxes-jars-c-12_223.html?page=2 HTTP/1.0" 200 79311 "-" "Mozilla/5.0 (compatible; SemrushBot/7~bl; +http://www.semrush.com/bot.html)"
185.191.171.39 - - [20/Feb/2021:14:43:08 +0100] "GET /samurai-statue-resin-p-50898.html?action=add_product HTTP/1.0" 302 476 "-" "Mozilla/5.0 (compatible; SemrushBot/7~bl; +http://www.semrush.com/bot.html)"
13.66.139.137 - - [20/Feb/2021:14:43:17 +0100] "GET /-p-31724.html HTTP/1.0" 200 68690 "-" "Mozilla/5.0 (compatible; bingbot/2.0; +http://www.bing.com/bingbot.htm)"
66.249.69.162 - - [20/Feb/2021:14:43:18 +0100] "GET /images/mini_prod/5701359740405.jpg HTTP/1.0" 200 269 "-" "Googlebot-Image/1.0"
185.191.171.3 - - [20/Feb/2021:14:43:24 +0100] "GET /someday-will-real-storybook-pinocchio-p-41687.html HTTP/1.0" 200 72124 "-" "Mozilla/5.0 (compatible; SemrushBot/7~bl; +http://www.semrush.com/bot.html)"
66.249.69.162 - - [20/Feb/2021:14:43:34 +0100] "GET /images/mini_prod/1186747043124.jpg HTTP/1.0" 200 269 "-" "Googlebot-Image/1.0"
185.191.171.15 - - [20/Feb/2021:14:43:34 +0100] "GET /dandy-p-17855.html HTTP/1.0" 200 71299 "-" "Mozilla/5.0 (compatible; SemrushBot/7~bl; +http://www.semrush.com/bot.html)"
66.249.69.162 - - [20/Feb/2021:14:43:50 +0100] "GET /images/mini_prod/8433933894170.jpg HTTP/1.0" 200 269 "-" "Googlebot-Image/1.0"
66.249.69.166 - - [20/Feb/2021:14:44:06 +0100] "GET /images/mini_prod/5400924062538.jpg HTTP/1.0" 200 269 "-" "Googlebot-Image/1.0"
13.66.139.73 - - [20/Feb/2021:14:44:09 +0100] "GET /little-miss-sunshine-handbag-p-21799.html HTTP/1.0" 200 68821 "-" "Mozilla/5.0 (compatible; bingbot/2.0; +http://www.bing.com/bingbot.htm)"
54.36.148.202 - - [20/Feb/2021:14:44:10 +0100] "GET /home-and-decoration-c-13.html?page=109 HTTP/1.0" 301 90579 "-" "Mozilla/5.0 (compatible; AhrefsBot/7.0; +http://ahrefs.com/robot/)"
13.66.139.88 - - [20/Feb/2021:14:44:14 +0100] "GET /water-bottles-and-sport-bottles-c-12_161.html HTTP/1.0" 301 90882 "-" "Mozilla/5.0 (compatible; bingbot/2.0; +http://www.bing.com/bingbot.htm)"
66.249.69.164 - - [20/Feb/2021:14:44:22 +0100] "GET /images/mini_prod/1384010207598.jpg HTTP/1.0" 200 269 "-" "Googlebot-Image/1.0"
185.191.171.42 - - [20/Feb/2021:14:44:23 +0100] "GET /potholder-glove-p-37924.html?action=add_product HTTP/1.0" 302 476 "-" "Mozilla/5.0 (compatible; SemrushBot/7~bl; +http://www.semrush.com/bot.html)"
66.249.69.162 - - [20/Feb/2021:14:44:37 +0100] "GET /images/med_prod/5051276182773.jpg HTTP/1.0" 200 268 "-" "Googlebot-Image/1.0"
13.66.139.137 - - [20/Feb/2021:14:44:48 +0100] "GET /clock-dreaming-making-round-wooden-28-cm-p-47340.html HTTP/1.0" 301 68757 "-" "Mozilla/5.0 (compatible; bingbot/2.0; +http://www.bing.com/bingbot.htm)"
66.249.69.162 - - [20/Feb/2021:14:44:53 +0100] "GET /images/mini_prod/3565750289879.jpg HTTP/1.0" 200 269 "-" "Googlebot-Image/1.0"
185.191.171.4 - - [20/Feb/2021:14:45:04 +0100] "GET /llama-love-round-metal-storage-p-47618.html HTTP/1.0" 200 71572 "-" "Mozilla/5.0 (compatible; SemrushBot/7~bl; +http://www.semrush.com/bot.html)"
13.66.139.88 - - [20/Feb/2021:14:45:09 +0100] "GET /bmw-metal-plate-30-20-cm-p-31676.html HTTP/1.0" 301 68832 "-" "Mozilla/5.0 (compatible; bingbot/2.0; +http://www.bing.com/bingbot.htm)"
185.191.171.38 - - [20/Feb/2021:14:45:15 +0100] "GET /jacquard-cozy-curtain-135-260-cm-p-50738.html HTTP/1.0" 301 68882 "-" "Mozilla/5.0 (compatible; SemrushBot/7~bl; +http://www.semrush.com/bot.html)"
66.249.69.162 - - [20/Feb/2021:14:45:17 +0100] "GET /images/big_prod_2/8424346073344NN.jpg HTTP/1.0" 200 272 "-" "Googlebot-Image/1.0"
66.249.69.162 - - [20/Feb/2021:14:45:25 +0100] "GET /images/mini_prod/5051276344430.jpg HTTP/1.0" 200 269 "-" "Googlebot-Image/1.0"
13.66.139.88 - - [20/Feb/2021:14:45:28 +0100] "GET /hanging-iron-structure-flamingo-50-19-cm-p-47930.html HTTP/1.0" 301 71592 "-" "Mozilla/5.0 (compatible; bingbot/2.0; +http://www.bing.com/bingbot.htm)"
185.191.171.7 - - [20/Feb/2021:14:45:38 +0100] "GET /bells-metal-chime-p-42072.html?action=add_product HTTP/1.0" 302 476 "-" "Mozilla/5.0 (compatible; SemrushBot/7~bl; +http://www.semrush.com/bot.html)"
185.191.171.9 - - [20/Feb/2021:14:45:39 +0100] "GET /flower-summer-collection-p-52693.html?action=add_product HTTP/1.0" 302 476 "-" "Mozilla/5.0 (compatible; SemrushBot/7~bl; +http://www.semrush.com/bot.html)"
66.249.69.162 - - [20/Feb/2021:14:45:41 +0100] "GET /images/big_prod/8433933455760.jpg HTTP/1.0" 200 268 "-" "Googlebot-Image/1.0"
54.36.148.90 - - [20/Feb/2021:14:45:43 +0100] "GET /rectangular-glass-lamp-with-multicolored-rosettes-p-49591.html HTTP/1.0" 200 71594 "-" "Mozilla/5.0 (compatible; AhrefsBot/7.0; +http://ahrefs.com/robot/)"
13.66.139.73 - - [20/Feb/2021:14:45:49 +0100] "GET /-p-30920.html HTTP/1.0" 200 68690 "-" "Mozilla/5.0 (compatible; bingbot/2.0; +http://www.bing.com/bingbot.htm)"
13.66.139.73 - - [20/Feb/2021:14:45:50 +0100] "GET /gingka-beyblade-keychains-p-18666.html HTTP/1.0" 200 68806 "-" "Mozilla/5.0 (compatible; bingbot/2.0; +http://www.bing.com/bingbot.htm)"
13.66.139.73 - - [20/Feb/2021:14:45:51 +0100] "GET /cuba-metal-tray-25-16-cm-p-39516.html HTTP/1.0" 301 71478 "-" "Mozilla/5.0 (compatible; bingbot/2.0; +http://www.bing.com/bingbot.htm)"
66.249.69.162 - - [20/Feb/2021:14:45:57 +0100] "GET /images/mini_prod/5415203969569.jpg HTTP/1.0" 200 269 "-" "Googlebot-Image/1.0"
66.249.69.162 - - [20/Feb/2021:14:46:13 +0100] "GET /images/big_prod/8422001948006.jpg HTTP/1.0" 200 268 "-" "Googlebot-Image/1.0"
66.249.69.162 - - [20/Feb/2021:14:46:29 +0100] "GET /images/big_prod/6943252681211.jpg HTTP/1.0" 200 268 "-" "Googlebot-Image/1.0"
66.249.69.162 - - [20/Feb/2021:14:46:45 +0100] "GET /images/mini_prod/8422038285518.jpg HTTP/1.0" 200 269 "-" "Googlebot-Image/1.0"
13.66.139.137 - - [20/Feb/2021:14:46:47 +0100] "GET /hello-kitty-dressing-table-with-stool-p-7860.html HTTP/1.0" 200 68864 "-" "Mozilla/5.0 (compatible; bingbot/2.0; +http://www.bing.com/bingbot.htm)"
13.66.139.137 - - [20/Feb/2021:14:46:48 +0100] "GET /nightlight-shaped-owl-multicolor-led-p-35349.html HTTP/1.0" 301 71530 "-" "Mozilla/5.0 (compatible; bingbot/2.0; +http://www.bing.com/bingbot.htm)"
216.244.66.242 - - [20/Feb/2021:14:46:54 +0100] "GET /horses-mug-p-31576.html HTTP/1.0" 301 68796 "-" "Mozilla/5.0 (compatible; DotBot/1.1; http://www.opensiteexplorer.org/dotbot, help@moz.com)"
54.36.148.252 - - [20/Feb/2021:14:46:57 +0100] "GET /alarms-clocks-c-13_65.html?page=3 HTTP/1.0" 200 89773 "-" "Mozilla/5.0 (compatible; AhrefsBot/7.0; +http://ahrefs.com/robot/)"
216.244.66.242 - - [20/Feb/2021:14:47:01 +0100] "GET /box-of-sardines-grey-metal-clock-30-cm-p-34977.html HTTP/1.0" 301 68937 "-" "Mozilla/5.0 (compatible; DotBot/1.1; http://www.opensiteexplorer.org/dotbot, help@moz.com)"
66.249.69.162 - - [20/Feb/2021:14:47:01 +0100] "GET /images/mini_prod/3503420987847.jpg HTTP/1.0" 200 269 "-" "Googlebot-Image/1.0"
185.191.171.15 - - [20/Feb/2021:14:47:03 +0100] "GET /lyon-isothermic-stainless-steel-bottle-cbkreation-p-50976.html HTTP/1.0" 200 71567 "-" "Mozilla/5.0 (compatible; SemrushBot/7~bl; +http://www.semrush.com/bot.html)"
216.244.66.242 - - [20/Feb/2021:14:47:06 +0100] "GET /fairy-lights-gorjuss-trinket-tin-box-p-22767.html HTTP/1.0" 301 68940 "-" "Mozilla/5.0 (compatible; DotBot/1.1; http://www.opensiteexplorer.org/dotbot, help@moz.com)"
216.244.66.242 - - [20/Feb/2021:14:47:11 +0100] "GET /flufflings-interactive-plush-okki-p-16578.html HTTP/1.0" 200 68852 "-" "Mozilla/5.0 (compatible; DotBot/1.1; http://www.opensiteexplorer.org/dotbot, help@moz.com)"
66.249.69.166 - - [20/Feb/2021:14:47:17 +0100] "GET /images/big_prod_1/8719075391679a.jpg HTTP/1.0" 200 271 "-" "Googlebot-Image/1.0"
216.244.66.242 - - [20/Feb/2021:14:47:17 +0100] "GET /johnny-hallyday-decorative-wood-plaque-p-43488.html HTTP/1.0" 200 71495 "-" "Mozilla/5.0 (compatible; DotBot/1.1; http://www.opensiteexplorer.org/dotbot, help@moz.com)"
216.244.66.242 - - [20/Feb/2021:14:47:21 +0100] "GET /laissez-lucie-faire-large-bowl-p-39818.html HTTP/1.0" 200 68831 "-" "Mozilla/5.0 (compatible; DotBot/1.1; http://www.opensiteexplorer.org/dotbot, help@moz.com)"
216.244.66.242 - - [20/Feb/2021:14:47:25 +0100] "GET /little-mariners-kitchen-towel-p-39890.html HTTP/1.0" 200 68826 "-" "Mozilla/5.0 (compatible; DotBot/1.1; http://www.opensiteexplorer.org/dotbot, help@moz.com)"
13.66.139.137 - - [20/Feb/2021:14:47:28 +0100] "GET /salt-boxes-and-jars-c-12_223.html HTTP/1.0" 301 88559 "-" "Mozilla/5.0 (compatible; bingbot/2.0; +http://www.bing.com/bingbot.htm)"
13.66.139.137 - - [20/Feb/2021:14:47:29 +0100] "GET /guardian-angel-statuette-baptism-angel-25-cm-p-51689.html HTTP/1.0" 301 72692 "-" "Mozilla/5.0 (compatible; bingbot/2.0; +http://www.bing.com/bingbot.htm)"
216.244.66.242 - - [20/Feb/2021:14:47:28 +0100] "GET /pineapple-decoration-in-resin-23-cm-p-41236.html HTTP/1.0" 301 68895 "-" "Mozilla/5.0 (compatible; DotBot/1.1; http://www.opensiteexplorer.org/dotbot, help@moz.com)"
66.249.69.164 - - [20/Feb/2021:14:47:33 +0100] "GET /images/big_prod/8718375756171.jpg HTTP/1.0" 200 268 "-" "Googlebot-Image/1.0"
157.55.39.99 - - [20/Feb/2021:14:47:33 +0100] "GET /pink-pineapple-in-natural-wax-leds-p-40173.html HTTP/1.0" 301 71535 "-" "Mozilla/5.0 (compatible; bingbot/2.0; +http://www.bing.com/bingbot.htm)"
66.249.69.162 - - [20/Feb/2021:14:47:34 +0100] "GET /home-decoration-c-13.html?page=4 HTTP/1.0" 200 90415 "-" "Mozilla/5.0 (Linux; Android 6.0.1; Nexus 5X Build/MMB29P) AppleWebKit/537.36 (KHTML, like Gecko) Chrome/88.0.4324.153 Mobile Safari/537.36 (compatible; Googlebot/2.1; +http://www.google.com/bot.html)"
216.244.66.242 - - [20/Feb/2021:14:47:34 +0100] "GET /teo-jasmin-trivet-jasmine-p-41619.html HTTP/1.0" 301 68892 "-" "Mozilla/5.0 (compatible; DotBot/1.1; http://www.opensiteexplorer.org/dotbot, help@moz.com)"
216.244.66.242 - - [20/Feb/2021:14:47:39 +0100] "GET /tinkerbell-fairy-figurine-periwinkle-p-19377.html HTTP/1.0" 200 68861 "-" "Mozilla/5.0 (compatible; DotBot/1.1; http://www.opensiteexplorer.org/dotbot, help@moz.com)"
185.191.171.25 - - [20/Feb/2021:14:47:40 +0100] "GET /ceramic-salt-box-aderne-p-47879.html HTTP/1.0" 301 71383 "-" "Mozilla/5.0 (compatible; SemrushBot/7~bl; +http://www.semrush.com/bot.html)"
185.191.171.36 - - [20/Feb/2021:14:47:42 +0100] "GET /ceramic-salt-aderne-p-47879.html HTTP/1.0" 200 71297 "-" "Mozilla/5.0 (compatible; SemrushBot/7~bl; +http://www.semrush.com/bot.html)"
17.58.101.142 - - [20/Feb/2021:14:47:43 +0100] "GET /wall-sticker-c-13_187.html?page=8 HTTP/1.0" 200 92266 "-" "Mozilla/5.0 (Macintosh; Intel Mac OS X 10_15_5) AppleWebKit/605.1.15 (KHTML, like Gecko) Version/13.1.1 Safari/605.1.15 (Applebot/0.1; +http://www.apple.com/go/applebot)"
216.244.66.242 - - [20/Feb/2021:14:47:43 +0100] "GET /winnie-the-pooh-with-jar-of-honey-figure-p-15643.html HTTP/1.0" 301 68955 "-" "Mozilla/5.0 (compatible; DotBot/1.1; http://www.opensiteexplorer.org/dotbot, help@moz.com)"
216.244.66.242 - - [20/Feb/2021:14:47:46 +0100] "GET /zippo-lighter-belt-case-p-29789.html HTTP/1.0" 200 68796 "-" "Mozilla/5.0 (compatible; DotBot/1.1; http://www.opensiteexplorer.org/dotbot, help@moz.com)"
185.191.171.42 - - [20/Feb/2021:14:47:47 +0100] "GET /melt-welcome-home-p-37445.html HTTP/1.0" 200 71905 "-" "Mozilla/5.0 (compatible; SemrushBot/7~bl; +http://www.semrush.com/bot.html)"
13.66.139.137 - - [20/Feb/2021:14:47:47 +0100] "GET /candy-cloud-pencil-case-bella-p-49847.html HTTP/1.0" 200 71396 "-" "Mozilla/5.0 (compatible; bingbot/2.0; +http://www.bing.com/bingbot.htm)"
185.191.171.22 - - [20/Feb/2021:14:47:49 +0100] "GET /princess-tiana-frog-figure-p-5861.html?action=add_product HTTP/1.0" 302 476 "-" "Mozilla/5.0 (compatible; SemrushBot/7~bl; +http://www.semrush.com/bot.html)"
216.244.66.242 - - [20/Feb/2021:14:47:49 +0100] "GET /elsa-frozen-miniature-character-with-accessories-p-34582.html HTTP/1.0" 200 68921 "-" "Mozilla/5.0 (compatible; DotBot/1.1; http://www.opensiteexplorer.org/dotbot, help@moz.com)"
66.249.69.162 - - [20/Feb/2021:14:48:00 +0100] "GET /images/mini_prod/3520071660073b.jpg HTTP/1.0" 200 270 "-" "Googlebot-Image/1.0"
66.249.69.164 - - [20/Feb/2021:14:48:08 +0100] "GET /images/40250559876452012.jpg HTTP/1.0" 200 263 "-" "Googlebot-Image/1.0"
13.66.139.137 - - [20/Feb/2021:14:48:08 +0100] "GET /dessert-dish-glass-with-anti-slip-feet-p-47330.html HTTP/1.0" 200 71419 "-" "Mozilla/5.0 (compatible; bingbot/2.0; +http://www.bing.com/bingbot.htm)"
54.36.149.34 - - [20/Feb/2021:14:48:09 +0100] "GET /kimmidoll-mizuyo-set-of-magnets-p-31957.html HTTP/1.0" 301 71439 "-" "Mozilla/5.0 (compatible; AhrefsBot/7.0; +http://ahrefs.com/robot/)"
13.66.139.137 - - [20/Feb/2021:14:48:09 +0100] "GET /nintendo-power-up-green-shirt-p-30194.html HTTP/1.0" 301 68919 "-" "Mozilla/5.0 (compatible; bingbot/2.0; +http://www.bing.com/bingbot.htm)"
66.249.69.164 - - [20/Feb/2021:14:48:21 +0100] "GET /images/mini_prod/8433933122105.jpg HTTP/1.0" 200 269 "-" "Googlebot-Image/1.0"
66.249.69.162 - - [20/Feb/2021:14:48:37 +0100] "GET /images/mini_prod/8424346044740.jpg HTTP/1.0" 200 269 "-" "Googlebot-Image/1.0"
185.191.171.3 - - [20/Feb/2021:14:48:44 +0100] "GET /sonny-angel-new-york-series-figurine-p-50043.html HTTP/1.0" 301 72360 "-" "Mozilla/5.0 (compatible; SemrushBot/7~bl; +http://www.semrush.com/bot.html)"
185.191.171.8 - - [20/Feb/2021:14:48:46 +0100] "GET /sonny-angel-york-series-figurine-p-50043.html HTTP/1.0" 200 72261 "-" "Mozilla/5.0 (compatible; SemrushBot/7~bl; +http://www.semrush.com/bot.html)"
185.191.171.33 - - [20/Feb/2021:14:48:48 +0100] "GET /ethnic-chandelier-18-cm-p-38254.html HTTP/1.0" 301 68757 "-" "Mozilla/5.0 (compatible; SemrushBot/7~bl; +http://www.semrush.com/bot.html)"
66.249.69.162 - - [20/Feb/2021:14:48:53 +0100] "GET /images/mini_prod/1399984286500.jpg HTTP/1.0" 200 269 "-" "Googlebot-Image/1.0"
185.191.171.42 - - [20/Feb/2021:14:48:56 +0100] "GET /cement-tile-stickers-p-50335.html?action=add_product HTTP/1.0" 302 476 "-" "Mozilla/5.0 (compatible; SemrushBot/7~bl; +http://www.semrush.com/bot.html)"
157.55.39.251 - - [20/Feb/2021:14:49:01 +0100] "GET /-p-29808.html HTTP/1.0" 200 68690 "-" "Mozilla/5.0 (compatible; bingbot/2.0; +http://www.bing.com/bingbot.htm)"
66.249.69.162 - - [20/Feb/2021:14:49:09 +0100] "GET /images/mini_prod/5051276275109.jpg HTTP/1.0" 200 269 "-" "Googlebot-Image/1.0"
185.191.171.22 - - [20/Feb/2021:14:49:20 +0100] "GET /calendar-bookmarks-year-2017-16-cm-p-36808.html HTTP/1.0" 301 68757 "-" "Mozilla/5.0 (compatible; SemrushBot/7~bl; +http://www.semrush.com/bot.html)"
54.36.148.138 - - [20/Feb/2021:14:49:21 +0100] "GET /skull-money-box-resin-matte-silver-p-37767.html HTTP/1.0" 301 71615 "-" "Mozilla/5.0 (compatible; AhrefsBot/7.0; +http://ahrefs.com/robot/)"
185.191.171.22 - - [20/Feb/2021:14:49:23 +0100] "GET /-p-36808.html HTTP/1.0" 200 68690 "-" "Mozilla/5.0 (compatible; SemrushBot/7~bl; +http://www.semrush.com/bot.html)"
66.249.69.164 - - [20/Feb/2021:14:49:25 +0100] "GET /images/mini_prod/4036113232232.jpg HTTP/1.0" 200 269 "-" "Googlebot-Image/1.0"
185.191.171.22 - - [20/Feb/2021:14:49:26 +0100] "GET /-p-39227.html?action=add_product HTTP/1.0" 302 476 "-" "Mozilla/5.0 (compatible; SemrushBot/7~bl; +http://www.semrush.com/bot.html)"
13.66.139.137 - - [20/Feb/2021:14:49:38 +0100] "GET /-p-19368.html HTTP/1.0" 200 68690 "-" "Mozilla/5.0 (compatible; bingbot/2.0; +http://www.bing.com/bingbot.htm)"
66.249.69.162 - - [20/Feb/2021:14:49:41 +0100] "GET /images/big_prod/1384010177259.jpg HTTP/1.0" 200 268 "-" "Googlebot-Image/1.0"
66.249.69.162 - - [20/Feb/2021:14:49:57 +0100] "GET /images/med_prod/3520071399652.jpg HTTP/1.0" 200 268 "-" "Googlebot-Image/1.0"
13.66.139.137 - - [20/Feb/2021:14:49:58 +0100] "GET /-p-6602.html HTTP/1.0" 200 68688 "-" "Mozilla/5.0 (compatible; bingbot/2.0; +http://www.bing.com/bingbot.htm)"
216.244.66.242 - - [20/Feb/2021:14:50:11 +0100] "GET /kori-kumi-vanity-bag-p-30500.html HTTP/1.0" 301 72081 "-" "Mozilla/5.0 (compatible; DotBot/1.1; http://www.opensiteexplorer.org/dotbot, help@moz.com)"
66.249.69.164 - - [20/Feb/2021:14:50:13 +0100] "GET /images/mini_prod/1384010201565.jpg HTTP/1.0" 200 269 "-" "Googlebot-Image/1.0"
54.36.148.90 - - [20/Feb/2021:14:50:20 +0100] "GET /mug-with-spoon-le-chat-noir-p-52013.html HTTP/1.0" 301 71424 "-" "Mozilla/5.0 (compatible; AhrefsBot/7.0; +http://ahrefs.com/robot/)"
13.66.139.73 - - [20/Feb/2021:14:50:20 +0100] "GET /fairies-backpack-p-19685.html HTTP/1.0" 200 71301 "-" "Mozilla/5.0 (compatible; bingbot/2.0; +http://www.bing.com/bingbot.htm)"
66.249.69.162 - - [20/Feb/2021:14:50:29 +0100] "GET /images/big_prod/3609810091207.jpg HTTP/1.0" 200 268 "-" "Googlebot-Image/1.0"
216.244.66.242 - - [20/Feb/2021:14:50:35 +0100] "GET /wall-sticker-c-13_187.html?page=5 HTTP/1.0" 200 92462 "-" "Mozilla/5.0 (compatible; DotBot/1.1; http://www.opensiteexplorer.org/dotbot, help@moz.com)"
216.244.66.242 - - [20/Feb/2021:14:50:44 +0100] "GET /wall-sticker-c-13_187.html?page=6 HTTP/1.0" 200 91980 "-" "Mozilla/5.0 (compatible; DotBot/1.1; http://www.opensiteexplorer.org/dotbot, help@moz.com)"
66.249.69.162 - - [20/Feb/2021:14:50:45 +0100] "GET /images/big_prod_1/5415203937889B.jpg HTTP/1.0" 200 271 "-" "Googlebot-Image/1.0"
13.66.139.137 - - [20/Feb/2021:14:50:48 +0100] "GET /huile-olive-de-provence-small-ashtray-p-39663.html HTTP/1.0" 301 71557 "-" "Mozilla/5.0 (compatible; bingbot/2.0; +http://www.bing.com/bingbot.htm)"
185.191.171.26 - - [20/Feb/2021:14:50:49 +0100] "GET /route-perpetual-calendar-p-12568.html?action=add_product HTTP/1.0" 302 476 "-" "Mozilla/5.0 (compatible; SemrushBot/7~bl; +http://www.semrush.com/bot.html)"
66.249.69.162 - - [20/Feb/2021:14:51:00 +0100] "GET /images/mini_prod/4036113231891.jpg HTTP/1.0" 200 269 "-" "Googlebot-Image/1.0"
185.191.171.7 - - [20/Feb/2021:14:51:08 +0100] "GET /dubout-cats-pill-p-32226.html?action=add_product HTTP/1.0" 302 476 "-" "Mozilla/5.0 (compatible; SemrushBot/7~bl; +http://www.semrush.com/bot.html)"
66.249.69.162 - - [20/Feb/2021:14:51:16 +0100] "GET /images/mini_prod/3700276215838.jpg HTTP/1.0" 200 269 "-" "Googlebot-Image/1.0"
13.66.139.137 - - [20/Feb/2021:14:51:18 +0100] "GET /tea-pot-c-12_175.html HTTP/1.0" 200 88211 "-" "Mozilla/5.0 (compatible; bingbot/2.0; +http://www.bing.com/bingbot.htm)"
185.191.171.25 - - [20/Feb/2021:14:51:20 +0100] "GET /harley-davidson-cross-lighter-p-45323.html HTTP/1.0" 200 72427 "-" "Mozilla/5.0 (compatible; SemrushBot/7~bl; +http://www.semrush.com/bot.html)"
54.36.148.3 - - [20/Feb/2021:14:51:23 +0100] "GET /flamingo-bowl-p-42254.html HTTP/1.0" 200 71214 "-" "Mozilla/5.0 (compatible; AhrefsBot/7.0; +http://ahrefs.com/robot/)"
66.249.69.162 - - [20/Feb/2021:14:51:32 +0100] "GET /images/big_prod/8433933115787.jpg HTTP/1.0" 200 268 "-" "Googlebot-Image/1.0"
13.66.139.73 - - [20/Feb/2021:14:51:39 +0100] "GET /disney-princess-sunglasses-for-child-p-29950.html HTTP/1.0" 301 68952 "-" "Mozilla/5.0 (compatible; bingbot/2.0; +http://www.bing.com/bingbot.htm)"
185.191.171.4 - - [20/Feb/2021:14:51:45 +0100] "GET /disney-frozen-anna-mug-p-28165.html HTTP/1.0" 301 71643 "-" "Mozilla/5.0 (compatible; SemrushBot/7~bl; +http://www.semrush.com/bot.html)"
185.191.171.7 - - [20/Feb/2021:14:51:47 +0100] "GET /disney-frozen-anna-p-28165.html HTTP/1.0" 200 71558 "-" "Mozilla/5.0 (compatible; SemrushBot/7~bl; +http://www.semrush.com/bot.html)"
66.249.69.162 - - [20/Feb/2021:14:51:48 +0100] "GET /images/mini_prod/8422001010109.jpg HTTP/1.0" 200 269 "-" "Googlebot-Image/1.0"
66.249.69.164 - - [20/Feb/2021:14:52:04 +0100] "GET /images/mini_prod/028399186709.jpg HTTP/1.0" 200 268 "-" "Googlebot-Image/1.0"
216.244.66.242 - - [20/Feb/2021:14:52:15 +0100] "GET /round-bath-towel-corsica-170-cm-p-44927.html HTTP/1.0" 301 71480 "-" "Mozilla/5.0 (compatible; DotBot/1.1; http://www.opensiteexplorer.org/dotbot, help@moz.com)"
185.191.171.5 - - [20/Feb/2021:14:52:16 +0100] "GET /gold-jewelry-stand-white-p-48823.html HTTP/1.0" 200 71566 "-" "Mozilla/5.0 (compatible; SemrushBot/7~bl; +http://www.semrush.com/bot.html)"
13.66.139.137 - - [20/Feb/2021:14:52:19 +0100] "GET /small-box-for-baby-teeth-beige-hedgehog-p-36686.html HTTP/1.0" 301 68964 "-" "Mozilla/5.0 (compatible; bingbot/2.0; +http://www.bing.com/bingbot.htm)"
66.249.69.162 - - [20/Feb/2021:14:52:20 +0100] "GET /images/mini_prod/3609810061002.jpg HTTP/1.0" 200 269 "-" "Googlebot-Image/1.0"
13.66.139.73 - - [20/Feb/2021:14:52:23 +0100] "GET /-p-20344.html HTTP/1.0" 200 68690 "-" "Mozilla/5.0 (compatible; bingbot/2.0; +http://www.bing.com/bingbot.htm)"
13.66.139.73 - - [20/Feb/2021:14:52:24 +0100] "GET /dishes-and-pie-dishes-c-12_251.html HTTP/1.0" 301 88027 "-" "Mozilla/5.0 (compatible; bingbot/2.0; +http://www.bing.com/bingbot.htm)"
17.58.101.142 - - [20/Feb/2021:14:52:29 +0100] "GET /images/mini_prod/8422098697009.jpg HTTP/1.0" 200 269 "-" "Mozilla/5.0 (Macintosh; Intel Mac OS X 10_15_5) AppleWebKit/605.1.15 (KHTML, like Gecko) Version/13.1.1 Safari/605.1.15 (Applebot/0.1; +http://www.apple.com/go/applebot)"
5.255.231.71 - - [20/Feb/2021:14:52:30 +0100] "GET /robots.txt HTTP/1.0" 200 245 "-" "Mozilla/5.0 (compatible; YandexBot/3.0; +http://yandex.com/bots)"
54.36.148.90 - - [20/Feb/2021:14:52:33 +0100] "GET /lavender-liquid-soap-dispenser-p-44975.html HTTP/1.0" 200 71428 "-" "Mozilla/5.0 (compatible; AhrefsBot/7.0; +http://ahrefs.com/robot/)"
5.255.231.71 - - [20/Feb/2021:14:52:34 +0100] "GET /alice-in-wonderland-figurine-by-miss-mindy-p-44929.html HTTP/1.0" 301 72976 "-" "Mozilla/5.0 (compatible; YandexBot/3.0; +http://yandex.com/bots)"
185.191.171.36 - - [20/Feb/2021:14:52:35 +0100] "GET /father-pride-simba-mufasa-figurine-p-45977.html HTTP/1.0" 200 73196 "-" "Mozilla/5.0 (compatible; SemrushBot/7~bl; +http://www.semrush.com/bot.html)"
66.249.69.162 - - [20/Feb/2021:14:52:36 +0100] "GET /images/mini_prod/3503420152115.jpg HTTP/1.0" 200 269 "-" "Googlebot-Image/1.0"
213.180.203.24 - - [20/Feb/2021:14:52:38 +0100] "GET /alice-wonderland-figurine-miss-mindy-p-44929.html HTTP/1.0" 200 72873 "-" "Mozilla/5.0 (compatible; YandexBot/3.0; +http://yandex.com/bots)"
13.66.139.88 - - [20/Feb/2021:14:52:41 +0100] "GET /ice-bucket-with-shovel-p-48471.html HTTP/1.0" 301 72188 "-" "Mozilla/5.0 (compatible; bingbot/2.0; +http://www.bing.com/bingbot.htm)"
13.66.139.137 - - [20/Feb/2021:14:52:48 +0100] "GET /ceramic-and-cork-trivet-18-cm-mandala-p-53069.html HTTP/1.0" 301 71529 "-" "Mozilla/5.0 (compatible; bingbot/2.0; +http://www.bing.com/bingbot.htm)"
185.191.171.6 - - [20/Feb/2021:14:52:49 +0100] "GET /poster-from-jacquelin-corsica-50-70-cm-p-40158.html HTTP/1.0" 301 71545 "-" "Mozilla/5.0 (compatible; SemrushBot/7~bl; +http://www.semrush.com/bot.html)"
13.66.139.137 - - [20/Feb/2021:14:52:49 +0100] "GET /incense-stick-holder-ohm-p-35505.html HTTP/1.0" 301 71599 "-" "Mozilla/5.0 (compatible; bingbot/2.0; +http://www.bing.com/bingbot.htm)"
185.191.171.1 - - [20/Feb/2021:14:52:51 +0100] "GET /poster-from-jacquelin-corsica-p-40158.html HTTP/1.0" 200 71449 "-" "Mozilla/5.0 (compatible; SemrushBot/7~bl; +http://www.semrush.com/bot.html)"
66.249.69.162 - - [20/Feb/2021:14:52:53 +0100] "GET /images/mini_prod/3453131142281.jpg HTTP/1.0" 200 269 "-" "Googlebot-Image/1.0"
185.191.171.36 - - [20/Feb/2021:14:52:54 +0100] "GET /my-little-kitchen-saltshaker-and-pepper-pot-p-41632.html HTTP/1.0" 301 71565 "-" "Mozilla/5.0 (compatible; SemrushBot/7~bl; +http://www.semrush.com/bot.html)"
66.249.69.162 - - [20/Feb/2021:14:53:08 +0100] "GET /images/big_prod/4036113240053.jpg HTTP/1.0" 200 268 "-" "Googlebot-Image/1.0"
13.66.139.73 - - [20/Feb/2021:14:53:09 +0100] "GET /ceramic-lamb-bank-13-cm-p-49169.html HTTP/1.0" 301 72066 "-" "Mozilla/5.0 (compatible; bingbot/2.0; +http://www.bing.com/bingbot.htm)"
216.244.66.242 - - [20/Feb/2021:14:53:10 +0100] "GET /austin-mini-parking-only-metal-plate-30-20-cm-p-33712.html HTTP/1.0" 301 71595 "-" "Mozilla/5.0 (compatible; DotBot/1.1; http://www.opensiteexplorer.org/dotbot, help@moz.com)"
185.191.171.43 - - [20/Feb/2021:14:53:12 +0100] "GET /gorjuss-glass-wall-clock-sugar-spice-p-46956.html?action=add_product HTTP/1.0" 302 476 "-" "Mozilla/5.0 (compatible; SemrushBot/7~bl; +http://www.semrush.com/bot.html)"
13.66.139.88 - - [20/Feb/2021:14:53:14 +0100] "GET /honoka-kimmidoll-swarovski-chain-bracelet-with-charm-p-15882.html HTTP/1.0" 301 68757 "-" "Mozilla/5.0 (compatible; bingbot/2.0; +http://www.bing.com/bingbot.htm)"
216.244.66.242 - - [20/Feb/2021:14:53:15 +0100] "GET /record-alarm-clock-by-cbkreation-p-25000.html HTTP/1.0" 301 71529 "-" "Mozilla/5.0 (compatible; DotBot/1.1; http://www.opensiteexplorer.org/dotbot, help@moz.com)"
13.66.139.137 - - [20/Feb/2021:14:53:19 +0100] "GET /barbapapa-pink-kids-school-bag-p-14472.html HTTP/1.0" 301 71733 "-" "Mozilla/5.0 (compatible; bingbot/2.0; +http://www.bing.com/bingbot.htm)"
216.244.66.242 - - [20/Feb/2021:14:53:19 +0100] "GET /harley-davidson-skull-lighter-p-42861.html HTTP/1.0" 200 71822 "-" "Mozilla/5.0 (compatible; DotBot/1.1; http://www.opensiteexplorer.org/dotbot, help@moz.com)"
66.249.69.164 - - [20/Feb/2021:14:53:24 +0100] "GET /images/med_prod/1300010241912.jpg HTTP/1.0" 200 268 "-" "Googlebot-Image/1.0"
216.244.66.242 - - [20/Feb/2021:14:53:31 +0100] "GET /pepe-jeans-gray-shoulder-bag-p-35985.html HTTP/1.0" 301 71801 "-" "Mozilla/5.0 (compatible; DotBot/1.1; http://www.opensiteexplorer.org/dotbot, help@moz.com)"
216.244.66.242 - - [20/Feb/2021:14:53:37 +0100] "GET /all-blacks-messenger-bag-p-30646.html HTTP/1.0" 301 71702 "-" "Mozilla/5.0 (compatible; DotBot/1.1; http://www.opensiteexplorer.org/dotbot, help@moz.com)"
66.249.69.162 - - [20/Feb/2021:14:53:40 +0100] "GET /images/big_prod/5051276344331.jpg HTTP/1.0" 200 268 "-" "Googlebot-Image/1.0"
66.249.69.162 - - [20/Feb/2021:14:53:56 +0100] "GET /images/big_prod_2/8424346352951C.jpg HTTP/1.0" 200 271 "-" "Googlebot-Image/1.0"
13.66.139.137 - - [20/Feb/2021:14:53:58 +0100] "GET /-p-14640.html HTTP/1.0" 200 68690 "-" "Mozilla/5.0 (compatible; bingbot/2.0; +http://www.bing.com/bingbot.htm)"
54.36.148.79 - - [20/Feb/2021:14:54:04 +0100] "GET /gorjuss-keyring-little-red-riding-hood-p-46947.html HTTP/1.0" 301 72379 "-" "Mozilla/5.0 (compatible; AhrefsBot/7.0; +http://ahrefs.com/robot/)"
13.66.139.137 - - [20/Feb/2021:14:54:08 +0100] "GET /-p-20596.html HTTP/1.0" 200 68690 "-" "Mozilla/5.0 (compatible; bingbot/2.0; +http://www.bing.com/bingbot.htm)"
13.66.139.137 - - [20/Feb/2021:14:54:09 +0100] "GET /brave-merida-melamine-bowl-p-17122.html HTTP/1.0" 200 71447 "-" "Mozilla/5.0 (compatible; bingbot/2.0; +http://www.bing.com/bingbot.htm)"
66.249.69.162 - - [20/Feb/2021:14:54:12 +0100] "GET /images/mini_prod/9316188080224.jpg HTTP/1.0" 200 269 "-" "Googlebot-Image/1.0"
185.191.171.23 - - [20/Feb/2021:14:54:15 +0100] "GET /kellogg-small-steel-fridge-magnets-p-31628.html HTTP/1.0" 200 71540 "-" "Mozilla/5.0 (compatible; SemrushBot/7~bl; +http://www.semrush.com/bot.html)"
157.55.39.246 - - [20/Feb/2021:14:54:17 +0100] "GET /js/jquery.js HTTP/1.0" 200 252 "-" "Mozilla/5.0 (compatible; bingbot/2.0; +http://www.bing.com/bingbot.htm)"
157.55.39.246 - - [20/Feb/2021:14:54:17 +0100] "GET /js/jquery.js HTTP/1.0" 200 252 "-" "Mozilla/5.0 (compatible; bingbot/2.0; +http://www.bing.com/bingbot.htm)"
51.68.224.127 - - [20/Feb/2021:14:54:19 +0100] "GET /adminweb/export_orders_xml.php?token=256de2z6edz6ed2z6DFSFsed2zed6zeDSFDSGdzedezfzf&maxorders=10&orderstart=1&status=14&start_date=2018-10-01 HTTP/1.0" 200 285 "-" "GesCom CharlotteBoutik Serveur"
51.68.224.127 - - [20/Feb/2021:14:54:19 +0100] "GET /adminweb/export_orders_xml.php?token=256de2z6edz6ed2z6DFSFsed2zed6zeDSFDSGdzedezfzf&maxorders=10&orderstart=1&status=6&start_date=2018-10-01 HTTP/1.0" 200 29990 "-" "GesCom CharlotteBoutik Serveur"
157.55.39.246 - - [20/Feb/2021:14:54:27 +0100] "GET /js/jquery.js HTTP/1.0" 200 252 "-" "Mozilla/5.0 (compatible; bingbot/2.0; +http://www.bing.com/bingbot.htm)"
66.249.69.162 - - [20/Feb/2021:14:54:28 +0100] "GET /images/mini_prod/5415203664549.jpg HTTP/1.0" 200 269 "-" "Googlebot-Image/1.0"
185.191.171.21 - - [20/Feb/2021:14:54:29 +0100] "GET /white-cotton-kitchen-towel-monaco-p-42544.html HTTP/1.0" 200 71498 "-" "Mozilla/5.0 (compatible; SemrushBot/7~bl; +http://www.semrush.com/bot.html)"
185.191.171.6 - - [20/Feb/2021:14:54:32 +0100] "GET /invaders-mug-by-cbkreation-p-14179.html HTTP/1.0" 301 71394 "-" "Mozilla/5.0 (compatible; SemrushBot/7~bl; +http://www.semrush.com/bot.html)"
185.191.171.7 - - [20/Feb/2021:14:54:34 +0100] "GET /volkswagen-light-keychain-p-28755.html?action=add_product HTTP/1.0" 302 476 "-" "Mozilla/5.0 (compatible; SemrushBot/7~bl; +http://www.semrush.com/bot.html)"
13.66.139.73 - - [20/Feb/2021:14:54:40 +0100] "GET /disney-princess-rainwear-p-31243.html HTTP/1.0" 200 72486 "-" "Mozilla/5.0 (compatible; bingbot/2.0; +http://www.bing.com/bingbot.htm)"
66.249.69.162 - - [20/Feb/2021:14:54:44 +0100] "GET /images/mini_prod/8718375753712.jpg HTTP/1.0" 200 269 "-" "Googlebot-Image/1.0"
13.66.139.88 - - [20/Feb/2021:14:54:45 +0100] "GET /-p-24881.html HTTP/1.0" 200 68690 "-" "Mozilla/5.0 (compatible; bingbot/2.0; +http://www.bing.com/bingbot.htm)"
185.191.171.17 - - [20/Feb/2021:14:54:55 +0100] "GET /provence-oven-mitt-p-51444.html?action=add_product HTTP/1.0" 302 476 "-" "Mozilla/5.0 (compatible; SemrushBot/7~bl; +http://www.semrush.com/bot.html)"
66.249.69.162 - - [20/Feb/2021:14:55:00 +0100] "GET /images/mini_prod/8424001425983.jpg HTTP/1.0" 200 269 "-" "Googlebot-Image/1.0"
66.249.69.162 - - [20/Feb/2021:14:55:16 +0100] "GET /images/mini_prod/8424346211524.jpg HTTP/1.0" 200 269 "-" "Googlebot-Image/1.0"
54.36.148.123 - - [20/Feb/2021:14:55:18 +0100] "GET /golf-club-metal-keyring-p-37839.html HTTP/1.0" 301 71433 "-" "Mozilla/5.0 (compatible; AhrefsBot/7.0; +http://ahrefs.com/robot/)"
185.191.171.24 - - [20/Feb/2021:14:55:19 +0100] "GET /bcassine-money-p-15682.html HTTP/1.0" 200 71298 "-" "Mozilla/5.0 (compatible; SemrushBot/7~bl; +http://www.semrush.com/bot.html)"
66.249.69.164 - - [20/Feb/2021:14:55:32 +0100] "GET /images/mini_prod/4029811376018.jpg HTTP/1.0" 200 269 "-" "Googlebot-Image/1.0"
216.244.66.242 - - [20/Feb/2021:14:55:42 +0100] "GET /skull-crest-figure-p-34169.html HTTP/1.0" 200 71338 "-" "Mozilla/5.0 (compatible; DotBot/1.1; http://www.opensiteexplorer.org/dotbot, help@moz.com)"
66.249.69.162 - - [20/Feb/2021:14:55:48 +0100] "GET /images/big_prod_1/8422810051645b.jpg HTTP/1.0" 200 271 "-" "Googlebot-Image/1.0"
13.66.139.73 - - [20/Feb/2021:14:55:50 +0100] "GET /decorative-statuettes-monkeys-of-wisdom-brown-24-cm-p-52742.html HTTP/1.0" 301 71708 "-" "Mozilla/5.0 (compatible; bingbot/2.0; +http://www.bing.com/bingbot.htm)"
66.249.69.164 - - [20/Feb/2021:14:56:04 +0100] "GET /images/mini_prod/3700407610389.jpg HTTP/1.0" 200 269 "-" "Googlebot-Image/1.0"
13.66.139.88 - - [20/Feb/2021:14:56:05 +0100] "GET /salt-and-pepper-shaker-sets-c-12_160.html HTTP/1.0" 301 89022 "-" "Mozilla/5.0 (compatible; bingbot/2.0; +http://www.bing.com/bingbot.htm)"
185.191.171.10 - - [20/Feb/2021:14:56:07 +0100] "GET /set-of-glitter-glue-washable-crayola-p-19380.html HTTP/1.0" 301 68949 "-" "Mozilla/5.0 (compatible; SemrushBot/7~bl; +http://www.semrush.com/bot.html)"
157.55.39.67 - - [20/Feb/2021:14:56:08 +0100] "GET /bob-marley-yellow-alarm-clock-p-14119.html HTTP/1.0" 301 71503 "-" "Mozilla/5.0 (compatible; bingbot/2.0; +http://www.bing.com/bingbot.htm)"
185.191.171.17 - - [20/Feb/2021:14:56:09 +0100] "GET /glitter-glue-washable-crayola-p-19380.html HTTP/1.0" 200 68853 "-" "Mozilla/5.0 (compatible; SemrushBot/7~bl; +http://www.semrush.com/bot.html)"
157.55.39.251 - - [20/Feb/2021:14:56:13 +0100] "GET /home-and-decoration/jewelry-boxes-and-music-boxes/princess-sofia-musical-jewelry-box-p-26782.html HTTP/1.0" 301 68757 "-" "Mozilla/5.0 (compatible; bingbot/2.0; +http://www.bing.com/bingbot.htm)"
185.191.171.40 - - [20/Feb/2021:14:56:15 +0100] "GET /robots.txt HTTP/1.0" 200 245 "-" "Mozilla/5.0 (compatible; SemrushBot/7~bl; +http://www.semrush.com/bot.html)"
185.191.171.19 - - [20/Feb/2021:14:56:16 +0100] "GET /zippo-leather-wash-p-49117.html HTTP/1.0" 200 72162 "-" "Mozilla/5.0 (compatible; SemrushBot/7~bl; +http://www.semrush.com/bot.html)"
66.249.69.164 - - [20/Feb/2021:14:56:20 +0100] "GET /images/big_prod/8422020184195.jpg HTTP/1.0" 200 268 "-" "Googlebot-Image/1.0"
54.36.148.140 - - [20/Feb/2021:14:56:25 +0100] "GET /good-smile-bedclothes-220-240-cm-p-41440.html HTTP/1.0" 301 71551 "-" "Mozilla/5.0 (compatible; AhrefsBot/7.0; +http://ahrefs.com/robot/)"
185.191.171.45 - - [20/Feb/2021:14:56:32 +0100] "GET /london-time-bedclothes-220-cm-p-30612.html HTTP/1.0" 301 68757 "-" "Mozilla/5.0 (compatible; SemrushBot/7~bl; +http://www.semrush.com/bot.html)"
66.249.69.162 - - [20/Feb/2021:14:56:36 +0100] "GET /images/mini_prod/1384010206157.jpg HTTP/1.0" 200 269 "-" "Googlebot-Image/1.0"
66.249.69.162 - - [20/Feb/2021:14:56:51 +0100] "GET /images/mini_prod/8424346510535.jpg HTTP/1.0" 200 269 "-" "Googlebot-Image/1.0"
13.66.139.88 - - [20/Feb/2021:14:56:52 +0100] "GET /-p-31121.html HTTP/1.0" 200 68690 "-" "Mozilla/5.0 (compatible; bingbot/2.0; +http://www.bing.com/bingbot.htm)"
185.191.171.16 - - [20/Feb/2021:14:56:59 +0100] "GET /cow-boy-brown-shade-30-cm-in-diameter-p-46859.html HTTP/1.0" 301 68757 "-" "Mozilla/5.0 (compatible; SemrushBot/7~bl; +http://www.semrush.com/bot.html)"
13.66.139.73 - - [20/Feb/2021:14:57:00 +0100] "GET /psg-poster-p-26593.html HTTP/1.0" 301 68796 "-" "Mozilla/5.0 (compatible; bingbot/2.0; +http://www.bing.com/bingbot.htm)"
185.191.171.42 - - [20/Feb/2021:14:57:01 +0100] "GET /-p-46859.html HTTP/1.0" 200 68690 "-" "Mozilla/5.0 (compatible; SemrushBot/7~bl; +http://www.semrush.com/bot.html)"
66.249.69.164 - - [20/Feb/2021:14:57:02 +0100] "GET /espresso-cups-olive-p-51373.html HTTP/1.0" 200 71352 "-" "Mozilla/5.0 (Linux; Android 6.0.1; Nexus 5X Build/MMB29P) AppleWebKit/537.36 (KHTML, like Gecko) Chrome/88.0.4324.153 Mobile Safari/537.36 (compatible; Googlebot/2.1; +http://www.google.com/bot.html)"
66.249.69.164 - - [20/Feb/2021:14:57:07 +0100] "GET /images/mini_prod/5415203584953.jpg HTTP/1.0" 200 269 "-" "Googlebot-Image/1.0"
13.66.139.88 - - [20/Feb/2021:14:57:13 +0100] "GET /holder-for-coffee-capsules-p-52714.html HTTP/1.0" 301 71571 "-" "Mozilla/5.0 (compatible; bingbot/2.0; +http://www.bing.com/bingbot.htm)"
66.249.69.162 - - [20/Feb/2021:14:57:23 +0100] "GET /images/mini_prod/3014627829361.jpg HTTP/1.0" 200 269 "-" "Googlebot-Image/1.0"
54.36.149.85 - - [20/Feb/2021:14:57:27 +0100] "GET /eccentric-cat-breakfast-set-p-39751.html HTTP/1.0" 301 71475 "-" "Mozilla/5.0 (compatible; AhrefsBot/7.0; +http://ahrefs.com/robot/)"
66.249.69.162 - - [20/Feb/2021:14:57:39 +0100] "GET /images/mini_prod/1399984266373.jpg HTTP/1.0" 200 269 "-" "Googlebot-Image/1.0"
185.191.171.6 - - [20/Feb/2021:14:57:46 +0100] "GET /large-glasses-annes-folles-p-46450.html?action=add_product HTTP/1.0" 302 476 "-" "Mozilla/5.0 (compatible; SemrushBot/7~bl; +http://www.semrush.com/bot.html)"
185.191.171.5 - - [20/Feb/2021:14:57:53 +0100] "GET /jar-candle-heart-and-home-home-for-christmas-p-53318.html HTTP/1.0" 301 71995 "-" "Mozilla/5.0 (compatible; SemrushBot/7~bl; +http://www.semrush.com/bot.html)"
66.249.69.162 - - [20/Feb/2021:14:57:55 +0100] "GET /images/mini_prod/1345544929219.jpg HTTP/1.0" 200 269 "-" "Googlebot-Image/1.0"
185.191.171.3 - - [20/Feb/2021:14:57:57 +0100] "GET /candle-heart-home-home-christmas-p-53318.html HTTP/1.0" 200 71896 "-" "Mozilla/5.0 (compatible; SemrushBot/7~bl; +http://www.semrush.com/bot.html)"
185.191.171.10 - - [20/Feb/2021:14:57:59 +0100] "GET /bodega-cbkreation-p-24118.html HTTP/1.0" 200 71336 "-" "Mozilla/5.0 (compatible; SemrushBot/7~bl; +http://www.semrush.com/bot.html)"
13.66.139.73 - - [20/Feb/2021:14:58:10 +0100] "GET /flowerpot-enjoy-life-p-51111.html HTTP/1.0" 200 71345 "-" "Mozilla/5.0 (compatible; bingbot/2.0; +http://www.bing.com/bingbot.htm)"
66.249.69.164 - - [20/Feb/2021:14:58:11 +0100] "GET /images/mini_prod/3609810077317b.jpg HTTP/1.0" 200 270 "-" "Googlebot-Image/1.0"
66.249.69.162 - - [20/Feb/2021:14:58:27 +0100] "GET /images/mini_prod/3442440268270.jpg HTTP/1.0" 200 269 "-" "Googlebot-Image/1.0"
13.66.139.88 - - [20/Feb/2021:14:58:33 +0100] "GET /rock-little-mirror-p-8847.html HTTP/1.0" 200 71435 "-" "Mozilla/5.0 (compatible; bingbot/2.0; +http://www.bing.com/bingbot.htm)"
66.249.69.162 - - [20/Feb/2021:14:58:43 +0100] "GET /images/big_prod_1/8424345293002B.jpg HTTP/1.0" 200 271 "-" "Googlebot-Image/1.0"
54.36.149.11 - - [20/Feb/2021:14:58:48 +0100] "GET /travel-documents-set-cb-passport-and-boarding-pass-p-47343.html HTTP/1.0" 301 71806 "-" "Mozilla/5.0 (compatible; AhrefsBot/7.0; +http://ahrefs.com/robot/)"
66.249.69.162 - - [20/Feb/2021:14:58:59 +0100] "GET /images/mini_prod/4029811340637.jpg HTTP/1.0" 200 269 "-" "Googlebot-Image/1.0"
13.66.139.73 - - [20/Feb/2021:14:59:00 +0100] "GET /paris-corkscrew-triumphal-arch-bronze-color-p-38609.html HTTP/1.0" 200 71500 "-" "Mozilla/5.0 (compatible; bingbot/2.0; +http://www.bing.com/bingbot.htm)"
185.191.171.17 - - [20/Feb/2021:14:59:07 +0100] "GET /basque-flag-90-150-cm-p-41708.html HTTP/1.0" 301 71424 "-" "Mozilla/5.0 (compatible; SemrushBot/7~bl; +http://www.semrush.com/bot.html)"
185.191.171.9 - - [20/Feb/2021:14:59:09 +0100] "GET /basque-flag-p-41708.html HTTP/1.0" 200 71346 "-" "Mozilla/5.0 (compatible; SemrushBot/7~bl; +http://www.semrush.com/bot.html)"
66.249.69.166 - - [20/Feb/2021:14:59:15 +0100] "GET /images/big_prod/5415203976307.jpg HTTP/1.0" 200 268 "-" "Googlebot-Image/1.0"
185.191.171.23 - - [20/Feb/2021:14:59:27 +0100] "GET /selenite-pyramid-p-46313.html HTTP/1.0" 200 71376 "-" "Mozilla/5.0 (compatible; SemrushBot/7~bl; +http://www.semrush.com/bot.html)"
13.66.139.137 - - [20/Feb/2021:14:59:28 +0100] "GET /london-bus-metal-keyring-p-18872.html HTTP/1.0" 301 71416 "-" "Mozilla/5.0 (compatible; bingbot/2.0; +http://www.bing.com/bingbot.htm)"
66.249.69.164 - - [20/Feb/2021:14:59:31 +0100] "GET /images/mini_prod/3503420143267.jpg HTTP/1.0" 200 269 "-" "Googlebot-Image/1.0"
13.66.139.88 - - [20/Feb/2021:14:59:33 +0100] "GET /-p-29212.html HTTP/1.0" 200 68690 "-" "Mozilla/5.0 (compatible; bingbot/2.0; +http://www.bing.com/bingbot.htm)"
13.66.139.88 - - [20/Feb/2021:14:59:33 +0100] "GET /-p-20689.html HTTP/1.0" 200 68690 "-" "Mozilla/5.0 (compatible; bingbot/2.0; +http://www.bing.com/bingbot.htm)"
66.249.69.162 - - [20/Feb/2021:14:59:47 +0100] "GET /images/big_prod/8718375754344.jpg HTTP/1.0" 200 268 "-" "Googlebot-Image/1.0"
185.191.171.3 - - [20/Feb/2021:14:59:47 +0100] "GET /household-linen-c-11.html?page=79 HTTP/1.0" 200 80166 "-" "Mozilla/5.0 (compatible; SemrushBot/7~bl; +http://www.semrush.com/bot.html)"
54.36.148.90 - - [20/Feb/2021:14:59:54 +0100] "GET /corset-black-shirt-p-30121.html HTTP/1.0" 200 72763 "-" "Mozilla/5.0 (compatible; AhrefsBot/7.0; +http://ahrefs.com/robot/)"
185.191.171.8 - - [20/Feb/2021:15:00:00 +0100] "GET /deco-sommelier-p-43916.html HTTP/1.0" 200 71513 "-" "Mozilla/5.0 (compatible; SemrushBot/7~bl; +http://www.semrush.com/bot.html)"
66.249.69.162 - - [20/Feb/2021:15:00:03 +0100] "GET /images/big_prod/1905279120338.jpg HTTP/1.0" 200 268 "-" "Googlebot-Image/1.0"
207.46.13.52 - - [20/Feb/2021:15:00:15 +0100] "GET /gift-box-watch-vespa-black-women-and-keychain-p-32663.html HTTP/1.0" 301 72107 "-" "Mozilla/5.0 (compatible; bingbot/2.0; +http://www.bing.com/bingbot.htm)"
66.249.69.164 - - [20/Feb/2021:15:00:19 +0100] "GET /images/med_prod/1384010178225.jpg HTTP/1.0" 200 268 "-" "Googlebot-Image/1.0"
66.249.69.162 - - [20/Feb/2021:15:00:35 +0100] "GET /images/mini_prod/3453131149754NN.jpg HTTP/1.0" 200 271 "-" "Googlebot-Image/1.0"
66.249.69.162 - - [20/Feb/2021:15:00:51 +0100] "GET /images/mini_prod/4036113231303.jpg HTTP/1.0" 200 269 "-" "Googlebot-Image/1.0"
13.66.139.73 - - [20/Feb/2021:15:00:51 +0100] "GET /set-of-white-mustache-circle-coasters-by-cbkreation-p-16705.html HTTP/1.0" 301 71744 "-" "Mozilla/5.0 (compatible; bingbot/2.0; +http://www.bing.com/bingbot.htm)"
13.66.139.88 - - [20/Feb/2021:15:00:56 +0100] "GET /fairy-kitchen-towel-p-38812.html HTTP/1.0" 200 71289 "-" "Mozilla/5.0 (compatible; bingbot/2.0; +http://www.bing.com/bingbot.htm)"
17.58.101.142 - - [20/Feb/2021:15:01:00 +0100] "GET /images/mini_prod/8904245400125.jpg HTTP/1.0" 200 269 "-" "Mozilla/5.0 (Macintosh; Intel Mac OS X 10_15_5) AppleWebKit/605.1.15 (KHTML, like Gecko) Version/13.1.1 Safari/605.1.15 (Applebot/0.1; +http://www.apple.com/go/applebot)"
54.36.148.90 - - [20/Feb/2021:15:01:04 +0100] "GET /small-louis-philippe-pink-liberty-cushion-p-16230.html HTTP/1.0" 200 72141 "-" "Mozilla/5.0 (compatible; AhrefsBot/7.0; +http://ahrefs.com/robot/)"
185.191.171.39 - - [20/Feb/2021:15:01:06 +0100] "GET /calimero-blue-cushion-p-22185.html HTTP/1.0" 200 71288 "-" "Mozilla/5.0 (compatible; SemrushBot/7~bl; +http://www.semrush.com/bot.html)"
66.249.69.164 - - [20/Feb/2021:15:01:07 +0100] "GET /images/mini_prod/3609810090804BB.jpg HTTP/1.0" 200 271 "-" "Googlebot-Image/1.0"
185.191.171.1 - - [20/Feb/2021:15:01:11 +0100] "GET /hourglass-retro-metal-glass-p-52210.html?action=add_product HTTP/1.0" 302 476 "-" "Mozilla/5.0 (compatible; SemrushBot/7~bl; +http://www.semrush.com/bot.html)"
185.191.171.40 - - [20/Feb/2021:15:01:18 +0100] "GET /le-chat-noir-metal-plate-21-15-cm-p-27390.html HTTP/1.0" 301 68880 "-" "Mozilla/5.0 (compatible; SemrushBot/7~bl; +http://www.semrush.com/bot.html)"
185.191.171.35 - - [20/Feb/2021:15:01:20 +0100] "GET /chat-noir-metal-plate-p-27390.html HTTP/1.0" 200 68792 "-" "Mozilla/5.0 (compatible; SemrushBot/7~bl; +http://www.semrush.com/bot.html)"
66.249.69.164 - - [20/Feb/2021:15:01:23 +0100] "GET /images/big_prod/1905279114665.jpg HTTP/1.0" 200 268 "-" "Googlebot-Image/1.0"
66.249.69.162 - - [20/Feb/2021:15:01:39 +0100] "GET /images/mini_prod/8424001392629.jpg HTTP/1.0" 200 269 "-" "Googlebot-Image/1.0"
13.66.139.73 - - [20/Feb/2021:15:01:40 +0100] "GET /-p-23106.html HTTP/1.0" 200 68690 "-" "Mozilla/5.0 (compatible; bingbot/2.0; +http://www.bing.com/bingbot.htm)"
66.249.69.162 - - [20/Feb/2021:15:01:55 +0100] "GET /images/big_prod/3665269007619.jpg HTTP/1.0" 200 268 "-" "Googlebot-Image/1.0"
66.249.69.164 - - [20/Feb/2021:15:02:11 +0100] "GET /images/mini_prod/3700516271259.jpg HTTP/1.0" 200 269 "-" "Googlebot-Image/1.0"
13.66.139.73 - - [20/Feb/2021:15:02:20 +0100] "GET /fancy-elastic-bracelet-buddha-p-43734.html HTTP/1.0" 200 71350 "-" "Mozilla/5.0 (compatible; bingbot/2.0; +http://www.bing.com/bingbot.htm)"
54.36.148.90 - - [20/Feb/2021:15:02:24 +0100] "GET /minions-swimming-armband-p-35064.html HTTP/1.0" 200 71487 "-" "Mozilla/5.0 (compatible; AhrefsBot/7.0; +http://ahrefs.com/robot/)"
66.249.69.164 - - [20/Feb/2021:15:02:27 +0100] "GET /images/mini_prod/4036113510835.jpg HTTP/1.0" 200 269 "-" "Googlebot-Image/1.0"
