185.191.171.36 - - [20/Feb/2021:12:28:14 +0100] "GET /collectible-figurines-decorative-c-13_135.html?page=46 HTTP/1.0" 200 95191 "-" "Mozilla/5.0 (compatible; SemrushBot/7~bl; +http://www.semrush.com/bot.html)"
13.66.139.137 - - [20/Feb/2021:12:28:15 +0100] "GET /-p-24485.html HTTP/1.0" 200 68690 "-" "Mozilla/5.0 (compatible; bingbot/2.0; +http://www.bing.com/bingbot.htm)"
216.18.204.215 - - [20/Feb/2021:12:28:24 +0100] "GET /mickey-mouse-pencil-case-p-10602.html HTTP/1.0" 200 71396 "http://www.wonder-geek.com/" "Mozilla/5.0 (compatible; Adsbot/3.1)"
13.66.139.88 - - [20/Feb/2021:12:28:35 +0100] "GET /mickey-pvc-led-ceiling-light-p-33145.html HTTP/1.0" 301 71781 "-" "Mozilla/5.0 (compatible; bingbot/2.0; +http://www.bing.com/bingbot.htm)"
13.66.139.88 - - [20/Feb/2021:12:28:36 +0100] "GET /beautiful-babushka-by-kimmidoll-yellow-decorative-figurine-p-33240.html HTTP/1.0" 301 69087 "-" "Mozilla/5.0 (compatible; bingbot/2.0; +http://www.bing.com/bingbot.htm)"
216.18.204.215 - - [20/Feb/2021:12:28:39 +0100] "GET /minnie-mouse-alarm-clock-p-10266.html HTTP/1.0" 200 71345 "http://www.wonder-geek.com/" "Mozilla/5.0 (compatible; Adsbot/3.1)"
13.66.139.73 - - [20/Feb/2021:12:28:55 +0100] "GET /-p-39056.html HTTP/1.0" 200 68690 "-" "Mozilla/5.0 (compatible; bingbot/2.0; +http://www.bing.com/bingbot.htm)"
13.66.139.73 - - [20/Feb/2021:12:28:56 +0100] "GET /-p-26667.html HTTP/1.0" 200 68690 "-" "Mozilla/5.0 (compatible; bingbot/2.0; +http://www.bing.com/bingbot.htm)"
216.18.204.215 - - [20/Feb/2021:12:29:00 +0100] "GET /nitro-pencil-case-purple-p-35699.html HTTP/1.0" 200 71499 "http://www.wonder-geek.com/" "Mozilla/5.0 (compatible; Adsbot/3.1)"
54.36.148.55 - - [20/Feb/2021:12:29:07 +0100] "GET /van-gogh-terrasse-du-caf-zip-purse-made-in-france-p-47463.html HTTP/1.0" 301 71729 "-" "Mozilla/5.0 (compatible; AhrefsBot/7.0; +http://ahrefs.com/robot/)"
157.55.39.246 - - [20/Feb/2021:12:29:12 +0100] "GET /js/jquery.js HTTP/1.0" 200 252 "-" "Mozilla/5.0 (compatible; bingbot/2.0; +http://www.bing.com/bingbot.htm)"
157.55.39.246 - - [20/Feb/2021:12:29:13 +0100] "GET /js/jquery.js HTTP/1.0" 200 252 "-" "Mozilla/5.0 (compatible; bingbot/2.0; +http://www.bing.com/bingbot.htm)"
13.66.139.73 - - [20/Feb/2021:12:29:17 +0100] "GET /iphone-case-silicone-audiocassette-p-25374.html HTTP/1.0" 200 74125 "-" "Mozilla/5.0 (compatible; bingbot/2.0; +http://www.bing.com/bingbot.htm)"
216.18.204.215 - - [20/Feb/2021:12:29:26 +0100] "GET /paperweight-bug-art-cats-p-53803.html HTTP/1.0" 301 72074 "http://www.wonder-geek.com/" "Mozilla/5.0 (compatible; Adsbot/3.1)"
185.191.171.44 - - [20/Feb/2021:12:29:26 +0100] "GET /lamp-squirrel-p-51101.html?action=add_product HTTP/1.0" 302 476 "-" "Mozilla/5.0 (compatible; SemrushBot/7~bl; +http://www.semrush.com/bot.html)"
216.18.204.215 - - [20/Feb/2021:12:29:35 +0100] "GET /paperweight-bug-art-cats-p-53805.html HTTP/1.0" 301 72074 "http://www.wonder-geek.com/" "Mozilla/5.0 (compatible; Adsbot/3.1)"
185.191.171.36 - - [20/Feb/2021:12:29:42 +0100] "GET /glass-cutting-board-by-cbkreation-p-51908.html HTTP/1.0" 301 71493 "-" "Mozilla/5.0 (compatible; SemrushBot/7~bl; +http://www.semrush.com/bot.html)"
216.18.204.215 - - [20/Feb/2021:12:29:48 +0100] "GET /purple-tulip-alarm-clock-p-47276.html HTTP/1.0" 200 72672 "http://www.wonder-geek.com/" "Mozilla/5.0 (compatible; Adsbot/3.1)"
13.66.139.73 - - [20/Feb/2021:12:30:05 +0100] "GET /-p-17537.html HTTP/1.0" 200 68690 "-" "Mozilla/5.0 (compatible; bingbot/2.0; +http://www.bing.com/bingbot.htm)"
216.18.204.215 - - [20/Feb/2021:12:30:13 +0100] "GET /small-box-for-baby-teeth-p-51579.html HTTP/1.0" 301 72309 "http://www.wonder-geek.com/" "Mozilla/5.0 (compatible; Adsbot/3.1)"
13.66.139.73 - - [20/Feb/2021:12:30:15 +0100] "GET /-p-31418.html HTTP/1.0" 200 68690 "-" "Mozilla/5.0 (compatible; bingbot/2.0; +http://www.bing.com/bingbot.htm)"
54.36.148.90 - - [20/Feb/2021:12:30:18 +0100] "GET /support-metal-bottle-the-tavernier-p-44570.html HTTP/1.0" 301 71590 "-" "Mozilla/5.0 (compatible; AhrefsBot/7.0; +http://ahrefs.com/robot/)"
216.18.204.215 - - [20/Feb/2021:12:30:22 +0100] "GET /small-box-for-baby-teeth-p-51580.html HTTP/1.0" 301 72309 "http://www.wonder-geek.com/" "Mozilla/5.0 (compatible; Adsbot/3.1)"
216.18.204.215 - - [20/Feb/2021:12:30:36 +0100] "GET /small-box-for-baby-teeth-p-53344.html HTTP/1.0" 301 71521 "http://www.wonder-geek.com/" "Mozilla/5.0 (compatible; Adsbot/3.1)"
216.18.204.215 - - [20/Feb/2021:12:30:45 +0100] "GET /small-box-for-baby-teeth-p-53345.html HTTP/1.0" 301 71521 "http://www.wonder-geek.com/" "Mozilla/5.0 (compatible; Adsbot/3.1)"
216.18.204.215 - - [20/Feb/2021:12:30:57 +0100] "GET /small-box-for-baby-teeth-p-53346.html HTTP/1.0" 301 71521 "http://www.wonder-geek.com/" "Mozilla/5.0 (compatible; Adsbot/3.1)"
185.191.171.10 - - [20/Feb/2021:12:31:02 +0100] "GET /round-tablecloth-azulejos-treated-anti-stain-blue-p-51351.html?action=add_product HTTP/1.0" 302 476 "-" "Mozilla/5.0 (compatible; SemrushBot/7~bl; +http://www.semrush.com/bot.html)"
216.18.204.215 - - [20/Feb/2021:12:31:07 +0100] "GET /small-box-for-baby-teeth-p-53347.html HTTP/1.0" 301 71521 "http://www.wonder-geek.com/" "Mozilla/5.0 (compatible; Adsbot/3.1)"
216.18.204.215 - - [20/Feb/2021:12:31:17 +0100] "GET /small-box-for-baby-teeth-p-53348.html HTTP/1.0" 301 71519 "http://www.wonder-geek.com/" "Mozilla/5.0 (compatible; Adsbot/3.1)"
185.191.171.36 - - [20/Feb/2021:12:31:18 +0100] "GET /cactus-theme-indian-espresso-p-39625.html?action=add_product HTTP/1.0" 302 476 "-" "Mozilla/5.0 (compatible; SemrushBot/7~bl; +http://www.semrush.com/bot.html)"
185.191.171.26 - - [20/Feb/2021:12:31:25 +0100] "GET /belle-silicone-mold-yellow-model-p-28233.html?action=add_product HTTP/1.0" 302 476 "-" "Mozilla/5.0 (compatible; SemrushBot/7~bl; +http://www.semrush.com/bot.html)"
216.18.204.215 - - [20/Feb/2021:12:31:27 +0100] "GET /ballpoint-pen-easy-writer-p-37500.html HTTP/1.0" 301 71702 "http://www.wonder-geek.com/" "Mozilla/5.0 (compatible; Adsbot/3.1)"
185.191.171.38 - - [20/Feb/2021:12:31:28 +0100] "GET /frozen-jewelry-p-53243.html HTTP/1.0" 200 72286 "-" "Mozilla/5.0 (compatible; SemrushBot/7~bl; +http://www.semrush.com/bot.html)"
185.191.171.1 - - [20/Feb/2021:12:31:31 +0100] "GET /home-decoration-c-13.html?page=233 HTTP/1.0" 200 90959 "-" "Mozilla/5.0 (compatible; SemrushBot/7~bl; +http://www.semrush.com/bot.html)"
185.191.171.17 - - [20/Feb/2021:12:31:33 +0100] "GET /skull-p-53006.html HTTP/1.0" 200 71222 "-" "Mozilla/5.0 (compatible; SemrushBot/7~bl; +http://www.semrush.com/bot.html)"
13.66.139.137 - - [20/Feb/2021:12:31:35 +0100] "GET /-p-19132.html HTTP/1.0" 200 68690 "-" "Mozilla/5.0 (compatible; bingbot/2.0; +http://www.bing.com/bingbot.htm)"
185.191.171.3 - - [20/Feb/2021:12:31:36 +0100] "GET /incense-champa-super-grams-about-sticks-p-48090.html HTTP/1.0" 200 71910 "-" "Mozilla/5.0 (compatible; SemrushBot/7~bl; +http://www.semrush.com/bot.html)"
216.18.204.215 - - [20/Feb/2021:12:31:39 +0100] "GET /bb8-star-wars-pencil-case-p-41164.html HTTP/1.0" 301 71581 "http://www.wonder-geek.com/" "Mozilla/5.0 (compatible; Adsbot/3.1)"
54.36.148.42 - - [20/Feb/2021:12:31:39 +0100] "GET /surfer-statuette-p-53056.html HTTP/1.0" 200 71319 "-" "Mozilla/5.0 (compatible; AhrefsBot/7.0; +http://ahrefs.com/robot/)"
216.18.204.215 - - [20/Feb/2021:12:31:48 +0100] "GET /despicable-me-pencil-case-p-36235.html HTTP/1.0" 301 71452 "http://www.wonder-geek.com/" "Mozilla/5.0 (compatible; Adsbot/3.1)"
51.68.224.127 - - [20/Feb/2021:12:31:52 +0100] "GET /adminweb/export_orders_xml.php?token=256de2z6edz6ed2z6DFSFsed2zed6zeDSFDSGdzedezfzf&maxorders=10&orderstart=1&status=14&start_date=2018-10-01 HTTP/1.0" 200 285 "-" "GesCom CharlotteBoutik Serveur"
51.68.224.127 - - [20/Feb/2021:12:31:52 +0100] "GET /adminweb/export_orders_xml.php?token=256de2z6edz6ed2z6DFSFsed2zed6zeDSFDSGdzedezfzf&maxorders=10&orderstart=1&status=6&start_date=2018-10-01 HTTP/1.0" 200 29990 "-" "GesCom CharlotteBoutik Serveur"
13.66.139.137 - - [20/Feb/2021:12:31:55 +0100] "GET /-p-22783.html HTTP/1.0" 200 68690 "-" "Mozilla/5.0 (compatible; bingbot/2.0; +http://www.bing.com/bingbot.htm)"
216.18.204.215 - - [20/Feb/2021:12:31:59 +0100] "GET /fiat-500-blue-pencil-case-p-17073.html HTTP/1.0" 301 71654 "http://www.wonder-geek.com/" "Mozilla/5.0 (compatible; Adsbot/3.1)"
13.66.139.73 - - [20/Feb/2021:12:32:05 +0100] "GET /little-buddha-happy-statue-10-cm-p-37710.html HTTP/1.0" 301 71518 "-" "Mozilla/5.0 (compatible; bingbot/2.0; +http://www.bing.com/bingbot.htm)"
13.66.139.73 - - [20/Feb/2021:12:32:06 +0100] "GET /-p-29839.html HTTP/1.0" 200 68690 "-" "Mozilla/5.0 (compatible; bingbot/2.0; +http://www.bing.com/bingbot.htm)"
216.18.204.215 - - [20/Feb/2021:12:32:08 +0100] "GET /football-shoe-pencil-case-p-40967.html HTTP/1.0" 200 71377 "http://www.wonder-geek.com/" "Mozilla/5.0 (compatible; Adsbot/3.1)"
185.191.171.21 - - [20/Feb/2021:12:32:23 +0100] "GET /coasters-mandala-grey-set-of-p-44399.html HTTP/1.0" 301 72035 "-" "Mozilla/5.0 (compatible; SemrushBot/7~bl; +http://www.semrush.com/bot.html)"
216.18.204.215 - - [20/Feb/2021:12:32:28 +0100] "GET /hannah-montana-stationery-p-19924.html HTTP/1.0" 200 71487 "http://www.wonder-geek.com/" "Mozilla/5.0 (compatible; Adsbot/3.1)"
13.66.139.88 - - [20/Feb/2021:12:32:35 +0100] "GET /-p-23703.html HTTP/1.0" 200 68690 "-" "Mozilla/5.0 (compatible; bingbot/2.0; +http://www.bing.com/bingbot.htm)"
54.36.148.90 - - [20/Feb/2021:12:32:54 +0100] "GET /tweety-poster-p-36322.html HTTP/1.0" 200 71267 "-" "Mozilla/5.0 (compatible; AhrefsBot/7.0; +http://ahrefs.com/robot/)"
216.18.204.215 - - [20/Feb/2021:12:32:56 +0100] "GET /hello-kitty-stationery-box-p-7228.html HTTP/1.0" 301 71578 "http://www.wonder-geek.com/" "Mozilla/5.0 (compatible; Adsbot/3.1)"
185.191.171.1 - - [20/Feb/2021:12:32:57 +0100] "GET /small-chest-in-raw-wood-whitened-p-48069.html HTTP/1.0" 301 68886 "-" "Mozilla/5.0 (compatible; SemrushBot/7~bl; +http://www.semrush.com/bot.html)"
185.191.171.11 - - [20/Feb/2021:12:33:00 +0100] "GET /small-chest-wood-whitened-p-48069.html HTTP/1.0" 200 68794 "-" "Mozilla/5.0 (compatible; SemrushBot/7~bl; +http://www.semrush.com/bot.html)"
216.18.204.215 - - [20/Feb/2021:12:33:05 +0100] "GET /little-marcel-pencil-case-p-40965.html HTTP/1.0" 200 72002 "http://www.wonder-geek.com/" "Mozilla/5.0 (compatible; Adsbot/3.1)"
66.249.69.162 - - [20/Feb/2021:12:33:09 +0100] "GET /the-rugs-c-11_269.html HTTP/1.0" 301 88825 "-" "Mozilla/5.0 (Linux; Android 6.0.1; Nexus 5X Build/MMB29P) AppleWebKit/537.36 (KHTML, like Gecko) Chrome/88.0.4324.153 Mobile Safari/537.36 (compatible; Googlebot/2.1; +http://www.google.com/bot.html)"
66.249.69.162 - - [20/Feb/2021:12:33:10 +0100] "GET /rugs-c-269.html HTTP/1.0" 200 88637 "-" "Mozilla/5.0 (Linux; Android 6.0.1; Nexus 5X Build/MMB29P) AppleWebKit/537.36 (KHTML, like Gecko) Chrome/88.0.4324.153 Mobile Safari/537.36 (compatible; Googlebot/2.1; +http://www.google.com/bot.html)"
13.66.139.73 - - [20/Feb/2021:12:33:16 +0100] "GET /baseball-bat-humorous-white-p-39398.html HTTP/1.0" 301 68898 "-" "Mozilla/5.0 (compatible; bingbot/2.0; +http://www.bing.com/bingbot.htm)"
54.36.148.123 - - [20/Feb/2021:12:33:18 +0100] "GET /doll-santoro-little-violet-made-in-spain-p-35004.html HTTP/1.0" 301 68757 "-" "Mozilla/5.0 (compatible; AhrefsBot/7.0; +http://ahrefs.com/robot/)"
185.191.171.40 - - [20/Feb/2021:12:33:21 +0100] "GET /idefix-money-p-7297.html HTTP/1.0" 200 71256 "-" "Mozilla/5.0 (compatible; SemrushBot/7~bl; +http://www.semrush.com/bot.html)"
185.191.171.15 - - [20/Feb/2021:12:33:23 +0100] "GET /votive-candle-15-hours-snow-angel-p-38117.html HTTP/1.0" 301 68907 "-" "Mozilla/5.0 (compatible; SemrushBot/7~bl; +http://www.semrush.com/bot.html)"
185.191.171.40 - - [20/Feb/2021:12:33:26 +0100] "GET /votive-candle-hours-snow-angel-p-38117.html HTTP/1.0" 200 68810 "-" "Mozilla/5.0 (compatible; SemrushBot/7~bl; +http://www.semrush.com/bot.html)"
216.18.204.215 - - [20/Feb/2021:12:33:30 +0100] "GET /new-york-yankees-workbook-p-40864.html HTTP/1.0" 301 71580 "http://www.wonder-geek.com/" "Mozilla/5.0 (compatible; Adsbot/3.1)"
185.191.171.22 - - [20/Feb/2021:12:33:32 +0100] "GET /wooden-carved-floral-pattern-p-46053.html?action=add_product HTTP/1.0" 302 476 "-" "Mozilla/5.0 (compatible; SemrushBot/7~bl; +http://www.semrush.com/bot.html)"
185.191.171.40 - - [20/Feb/2021:12:33:33 +0100] "GET /robots.txt HTTP/1.0" 200 245 "-" "Mozilla/5.0 (compatible; SemrushBot/7~bl; +http://www.semrush.com/bot.html)"
216.18.204.215 - - [20/Feb/2021:12:33:42 +0100] "GET /pink-porcelain-piggy-bank-p-46370.html HTTP/1.0" 200 71958 "http://www.wonder-geek.com/" "Mozilla/5.0 (compatible; Adsbot/3.1)"
185.191.171.13 - - [20/Feb/2021:12:33:49 +0100] "GET /beatles-back-ussr-coin-purse-p-8087.html?action=add_product HTTP/1.0" 302 476 "-" "Mozilla/5.0 (compatible; SemrushBot/7~bl; +http://www.semrush.com/bot.html)"
54.36.148.90 - - [20/Feb/2021:12:34:03 +0100] "GET /peas-russian-doll-rectangulary-cushion-by-cbkreation-p-18572.html HTTP/1.0" 301 69033 "-" "Mozilla/5.0 (compatible; AhrefsBot/7.0; +http://ahrefs.com/robot/)"
54.236.1.11 - - [20/Feb/2021:12:34:03 +0100] "GET /images/8435306245947.jpg HTTP/1.0" 200 259 "-" "Mozilla/5.0 (compatible; Pinterestbot/1.0; +http://www.pinterest.com/bot.html)"
216.18.204.215 - - [20/Feb/2021:12:34:08 +0100] "GET /usa-pencil-pot-cbkreation-p-33816.html HTTP/1.0" 301 71430 "http://www.wonder-geek.com/" "Mozilla/5.0 (compatible; Adsbot/3.1)"
216.18.204.215 - - [20/Feb/2021:12:34:18 +0100] "GET /yankees-black-pencil-case-p-41170.html HTTP/1.0" 200 71396 "http://www.wonder-geek.com/" "Mozilla/5.0 (compatible; Adsbot/3.1)"
216.18.204.215 - - [20/Feb/2021:12:34:40 +0100] "GET /alarm-clock-the-kiss-klimt-p-46913.html HTTP/1.0" 301 71609 "http://www.wonder-geek.com/" "Mozilla/5.0 (compatible; Adsbot/3.1)"
185.191.171.36 - - [20/Feb/2021:12:34:46 +0100] "GET /kidcat-salt-pepper-p-46876.html HTTP/1.0" 200 71921 "-" "Mozilla/5.0 (compatible; SemrushBot/7~bl; +http://www.semrush.com/bot.html)"
185.191.171.45 - - [20/Feb/2021:12:34:51 +0100] "GET /mini-metal-tray-dubout-cats-p-35249.html HTTP/1.0" 200 71455 "-" "Mozilla/5.0 (compatible; SemrushBot/7~bl; +http://www.semrush.com/bot.html)"
216.18.204.215 - - [20/Feb/2021:12:34:54 +0100] "GET /blu-vintage-tv-alarm-clock-p-38262.html HTTP/1.0" 301 71474 "http://www.wonder-geek.com/" "Mozilla/5.0 (compatible; Adsbot/3.1)"
13.66.139.137 - - [20/Feb/2021:12:34:55 +0100] "GET /scrooge-duck-tales-disney-traditions-p-47125.html HTTP/1.0" 200 72888 "-" "Mozilla/5.0 (compatible; bingbot/2.0; +http://www.bing.com/bingbot.htm)"
13.66.139.73 - - [20/Feb/2021:12:34:59 +0100] "GET /sweet-snow-fall-dumbo-75th-anniversary-piece-p-36421.html HTTP/1.0" 301 68757 "-" "Mozilla/5.0 (compatible; bingbot/2.0; +http://www.bing.com/bingbot.htm)"
13.66.139.73 - - [20/Feb/2021:12:35:00 +0100] "GET /reversible-star-wars-bedclothes-140-200-cm-p-49672.html HTTP/1.0" 301 72587 "-" "Mozilla/5.0 (compatible; bingbot/2.0; +http://www.bing.com/bingbot.htm)"
66.249.69.162 - - [20/Feb/2021:12:35:02 +0100] "GET /milk-ceramic-pitcher-p-45724.html HTTP/1.0" 200 71356 "-" "Mozilla/5.0 (Linux; Android 6.0.1; Nexus 5X Build/MMB29P) AppleWebKit/537.36 (KHTML, like Gecko) Chrome/88.0.4324.153 Mobile Safari/537.36 (compatible; Googlebot/2.1; +http://www.google.com/bot.html)"
216.18.204.215 - - [20/Feb/2021:12:35:02 +0100] "GET /disney-princess-writing-box-p-2084.html HTTP/1.0" 301 71727 "http://www.wonder-geek.com/" "Mozilla/5.0 (compatible; Adsbot/3.1)"
54.36.148.90 - - [20/Feb/2021:12:35:11 +0100] "GET /pedal-bin-blue-p-52592.html HTTP/1.0" 301 72300 "-" "Mozilla/5.0 (compatible; AhrefsBot/7.0; +http://ahrefs.com/robot/)"
216.18.204.215 - - [20/Feb/2021:12:35:12 +0100] "GET /green-porcelain-piggy-bank-p-46365.html HTTP/1.0" 200 71360 "http://www.wonder-geek.com/" "Mozilla/5.0 (compatible; Adsbot/3.1)"
185.191.171.15 - - [20/Feb/2021:12:35:26 +0100] "GET /york-liberty-pencil-p-23972.html HTTP/1.0" 200 71380 "-" "Mozilla/5.0 (compatible; SemrushBot/7~bl; +http://www.semrush.com/bot.html)"
13.66.139.88 - - [20/Feb/2021:12:35:37 +0100] "GET /light-wood-table-lamp-scandinavian-spirit-p-52769.html HTTP/1.0" 200 72455 "-" "Mozilla/5.0 (compatible; bingbot/2.0; +http://www.bing.com/bingbot.htm)"
185.191.171.17 - - [20/Feb/2021:12:35:38 +0100] "GET /parot-training-bottle-cbkreation-p-43337.html HTTP/1.0" 200 71727 "-" "Mozilla/5.0 (compatible; SemrushBot/7~bl; +http://www.semrush.com/bot.html)"
216.18.204.215 - - [20/Feb/2021:12:35:44 +0100] "GET /kimmidoll-glasses-case-kyo-p-49830.html HTTP/1.0" 301 71500 "http://www.wonder-geek.com/" "Mozilla/5.0 (compatible; Adsbot/3.1)"
216.18.204.215 - - [20/Feb/2021:12:35:53 +0100] "GET /league-justice-pencil-case-p-41080.html HTTP/1.0" 200 71382 "http://www.wonder-geek.com/" "Mozilla/5.0 (compatible; Adsbot/3.1)"
13.66.139.88 - - [20/Feb/2021:12:35:56 +0100] "GET /lot-of-pairs-of-mickey-mouse-socks-size-31-35-p-46847.html HTTP/1.0" 301 68757 "-" "Mozilla/5.0 (compatible; bingbot/2.0; +http://www.bing.com/bingbot.htm)"
185.191.171.36 - - [20/Feb/2021:12:35:56 +0100] "GET /perpetual-calendar-with-memo-board-p-44991.html HTTP/1.0" 200 71443 "-" "Mozilla/5.0 (compatible; SemrushBot/7~bl; +http://www.semrush.com/bot.html)"
13.66.139.73 - - [20/Feb/2021:12:36:01 +0100] "GET /-p-38377.html HTTP/1.0" 200 68690 "-" "Mozilla/5.0 (compatible; bingbot/2.0; +http://www.bing.com/bingbot.htm)"
66.249.69.166 - - [20/Feb/2021:12:36:13 +0100] "GET /images/mini_prod/DSCN0574.gif HTTP/1.0" 200 263 "-" "Googlebot-Image/1.0"
13.66.139.73 - - [20/Feb/2021:12:36:16 +0100] "GET /barbabravo-personal-diary-p-5116.html HTTP/1.0" 301 68754 "-" "Mozilla/5.0 (compatible; bingbot/2.0; +http://www.bing.com/bingbot.htm)"
185.191.171.26 - - [20/Feb/2021:12:36:20 +0100] "GET /felt-pens-p-40835.html HTTP/1.0" 200 71416 "-" "Mozilla/5.0 (compatible; SemrushBot/7~bl; +http://www.semrush.com/bot.html)"
54.36.148.20 - - [20/Feb/2021:12:36:25 +0100] "GET /cat-champagne-name-holder-p-45433.html HTTP/1.0" 301 71465 "-" "Mozilla/5.0 (compatible; AhrefsBot/7.0; +http://ahrefs.com/robot/)"
216.18.204.215 - - [20/Feb/2021:12:36:26 +0100] "GET /little-buddha-glasses-case-p-53303.html HTTP/1.0" 200 71424 "http://www.wonder-geek.com/" "Mozilla/5.0 (compatible; Adsbot/3.1)"
66.249.69.162 - - [20/Feb/2021:12:36:36 +0100] "GET /images/mini_prod/5051276250106.jpg HTTP/1.0" 200 269 "-" "Googlebot-Image/1.0"
66.160.140.183 - - [20/Feb/2021:12:36:37 +0100] "GET /robots.txt HTTP/1.0" 200 245 "-" "The Knowledge AI"
66.160.140.183 - - [20/Feb/2021:12:36:38 +0100] "GET /checkout_shipping.php HTTP/1.0" 302 468 "-" "The Knowledge AI"
185.191.171.14 - - [20/Feb/2021:12:36:48 +0100] "GET /salamander-wall-decoration-p-44900.html?action=add_product HTTP/1.0" 302 476 "-" "Mozilla/5.0 (compatible; SemrushBot/7~bl; +http://www.semrush.com/bot.html)"
216.18.204.215 - - [20/Feb/2021:12:36:56 +0100] "GET /little-buddha-glasses-case-p-53304.html HTTP/1.0" 200 71424 "http://www.wonder-geek.com/" "Mozilla/5.0 (compatible; Adsbot/3.1)"
74.125.208.4 - - [20/Feb/2021:12:36:57 +0100] "GET /images/big_prod_1/TASSENMAGNET.jpg HTTP/1.0" 200 269 "-" "Mozilla/5.0 (Windows NT 5.1; rv:11.0) Gecko Firefox/11.0 (via ggpht.com GoogleImageProxy)"
66.249.69.162 - - [20/Feb/2021:12:36:58 +0100] "GET /images/8004332863250.jpg HTTP/1.0" 200 259 "-" "Googlebot-Image/1.0"
88.246.76.236 - - [20/Feb/2021:12:36:58 +0100] "GET /magnet-happy-tassen-p-47561.html HTTP/1.0" 200 72252 "-" "Mozilla/5.0 (Macintosh; Intel Mac OS X 10_15_7) AppleWebKit/605.1.15 (KHTML, like Gecko) Version/14.0 Safari/605.1.15"
88.246.76.236 - - [20/Feb/2021:12:36:59 +0100] "GET /templates/Pixame_v1/stylesheet.css HTTP/1.0" 200 267 "http://www.wonder-geek.com/magnet-happy-tassen-p-47561.html" "Mozilla/5.0 (Macintosh; Intel Mac OS X 10_15_7) AppleWebKit/605.1.15 (KHTML, like Gecko) Version/14.0 Safari/605.1.15"
88.246.76.236 - - [20/Feb/2021:12:36:59 +0100] "GET /js/jquery.jqzoom.js HTTP/1.0" 200 259 "http://www.wonder-geek.com/magnet-happy-tassen-p-47561.html" "Mozilla/5.0 (Macintosh; Intel Mac OS X 10_15_7) AppleWebKit/605.1.15 (KHTML, like Gecko) Version/14.0 Safari/605.1.15"
88.246.76.236 - - [20/Feb/2021:12:36:59 +0100] "GET /js/jquery.js HTTP/1.0" 200 252 "http://www.wonder-geek.com/magnet-happy-tassen-p-47561.html" "Mozilla/5.0 (Macintosh; Intel Mac OS X 10_15_7) AppleWebKit/605.1.15 (KHTML, like Gecko) Version/14.0 Safari/605.1.15"
88.246.76.236 - - [20/Feb/2021:12:36:59 +0100] "GET /mondial_relay/js/jquery-1.3.2.min.js HTTP/1.0" 200 276 "http://www.wonder-geek.com/magnet-happy-tassen-p-47561.html" "Mozilla/5.0 (Macintosh; Intel Mac OS X 10_15_7) AppleWebKit/605.1.15 (KHTML, like Gecko) Version/14.0 Safari/605.1.15"
88.246.76.236 - - [20/Feb/2021:12:36:59 +0100] "GET /highslide/highslide.js HTTP/1.0" 200 262 "http://www.wonder-geek.com/magnet-happy-tassen-p-47561.html" "Mozilla/5.0 (Macintosh; Intel Mac OS X 10_15_7) AppleWebKit/605.1.15 (KHTML, like Gecko) Version/14.0 Safari/605.1.15"
88.246.76.236 - - [20/Feb/2021:12:36:59 +0100] "GET /swfobject.js HTTP/1.0" 404 1308 "http://www.wonder-geek.com/magnet-happy-tassen-p-47561.html" "Mozilla/5.0 (Macintosh; Intel Mac OS X 10_15_7) AppleWebKit/605.1.15 (KHTML, like Gecko) Version/14.0 Safari/605.1.15"
88.246.76.236 - - [20/Feb/2021:12:36:59 +0100] "GET /templates/Pixame_v1/images/icon_accueil2.png HTTP/1.0" 200 278 "http://www.wonder-geek.com/magnet-happy-tassen-p-47561.html" "Mozilla/5.0 (Macintosh; Intel Mac OS X 10_15_7) AppleWebKit/605.1.15 (KHTML, like Gecko) Version/14.0 Safari/605.1.15"
88.246.76.236 - - [20/Feb/2021:12:36:59 +0100] "GET /templates/Pixame_v1/images/infobox/pixel_trans.gif HTTP/1.0" 200 328 "http://www.wonder-geek.com/magnet-happy-tassen-p-47561.html" "Mozilla/5.0 (Macintosh; Intel Mac OS X 10_15_7) AppleWebKit/605.1.15 (KHTML, like Gecko) Version/14.0 Safari/605.1.15"
88.246.76.236 - - [20/Feb/2021:12:36:59 +0100] "GET /images/pixel_trans.gif HTTP/1.0" 200 328 "http://www.wonder-geek.com/magnet-happy-tassen-p-47561.html" "Mozilla/5.0 (Macintosh; Intel Mac OS X 10_15_7) AppleWebKit/605.1.15 (KHTML, like Gecko) Version/14.0 Safari/605.1.15"
88.246.76.236 - - [20/Feb/2021:12:36:59 +0100] "GET /templates/Pixame_v1/images/pixel_trans.gif HTTP/1.0" 200 328 "http://www.wonder-geek.com/magnet-happy-tassen-p-47561.html" "Mozilla/5.0 (Macintosh; Intel Mac OS X 10_15_7) AppleWebKit/605.1.15 (KHTML, like Gecko) Version/14.0 Safari/605.1.15"
88.246.76.236 - - [20/Feb/2021:12:36:59 +0100] "GET /images/big_prod/8422004110165.jpg HTTP/1.0" 200 268 "http://www.wonder-geek.com/magnet-happy-tassen-p-47561.html" "Mozilla/5.0 (Macintosh; Intel Mac OS X 10_15_7) AppleWebKit/605.1.15 (KHTML, like Gecko) Version/14.0 Safari/605.1.15"
88.246.76.236 - - [20/Feb/2021:12:36:59 +0100] "GET /images/big_prod_1/TASSENMAGNET.jpg HTTP/1.0" 200 269 "http://www.wonder-geek.com/magnet-happy-tassen-p-47561.html" "Mozilla/5.0 (Macintosh; Intel Mac OS X 10_15_7) AppleWebKit/605.1.15 (KHTML, like Gecko) Version/14.0 Safari/605.1.15"
88.246.76.236 - - [20/Feb/2021:12:36:59 +0100] "GET /templates/Pixame_v1/images/buttons/english/button_in_cart.gif HTTP/1.0" 200 295 "http://www.wonder-geek.com/magnet-happy-tassen-p-47561.html" "Mozilla/5.0 (Macintosh; Intel Mac OS X 10_15_7) AppleWebKit/605.1.15 (KHTML, like Gecko) Version/14.0 Safari/605.1.15"
88.246.76.236 - - [20/Feb/2021:12:36:59 +0100] "GET /templates/Pixame_v1/images/nav.png HTTP/1.0" 200 268 "http://www.wonder-geek.com/magnet-happy-tassen-p-47561.html" "Mozilla/5.0 (Macintosh; Intel Mac OS X 10_15_7) AppleWebKit/605.1.15 (KHTML, like Gecko) Version/14.0 Safari/605.1.15"
88.246.76.236 - - [20/Feb/2021:12:36:59 +0100] "GET /templates/Pixame_v1/images/Middle_texture.jpg HTTP/1.0" 200 280 "http://www.wonder-geek.com/magnet-happy-tassen-p-47561.html" "Mozilla/5.0 (Macintosh; Intel Mac OS X 10_15_7) AppleWebKit/605.1.15 (KHTML, like Gecko) Version/14.0 Safari/605.1.15"
88.246.76.236 - - [20/Feb/2021:12:36:59 +0100] "GET /templates/Pixame_v1/images/Bottom_texture.jpg HTTP/1.0" 200 280 "http://www.wonder-geek.com/magnet-happy-tassen-p-47561.html" "Mozilla/5.0 (Macintosh; Intel Mac OS X 10_15_7) AppleWebKit/605.1.15 (KHTML, like Gecko) Version/14.0 Safari/605.1.15"
88.246.76.236 - - [20/Feb/2021:12:36:59 +0100] "GET /templates/Pixame_v1/images/header.png HTTP/1.0" 200 271 "http://www.wonder-geek.com/magnet-happy-tassen-p-47561.html" "Mozilla/5.0 (Macintosh; Intel Mac OS X 10_15_7) AppleWebKit/605.1.15 (KHTML, like Gecko) Version/14.0 Safari/605.1.15"
88.246.76.236 - - [20/Feb/2021:12:36:59 +0100] "GET /templates/Pixame_v1/images/header-object.png HTTP/1.0" 200 278 "http://www.wonder-geek.com/magnet-happy-tassen-p-47561.html" "Mozilla/5.0 (Macintosh; Intel Mac OS X 10_15_7) AppleWebKit/605.1.15 (KHTML, like Gecko) Version/14.0 Safari/605.1.15"
88.246.76.236 - - [20/Feb/2021:12:36:59 +0100] "GET /design/productsenstock.png HTTP/1.0" 200 260 "http://www.wonder-geek.com/magnet-happy-tassen-p-47561.html" "Mozilla/5.0 (Macintosh; Intel Mac OS X 10_15_7) AppleWebKit/605.1.15 (KHTML, like Gecko) Version/14.0 Safari/605.1.15"
88.246.76.236 - - [20/Feb/2021:12:36:59 +0100] "GET /templates/Pixame_v1/images/infobox/infobox_footer_middle.gif HTTP/1.0" 200 357 "http://www.wonder-geek.com/magnet-happy-tassen-p-47561.html" "Mozilla/5.0 (Macintosh; Intel Mac OS X 10_15_7) AppleWebKit/605.1.15 (KHTML, like Gecko) Version/14.0 Safari/605.1.15"
88.246.76.236 - - [20/Feb/2021:12:36:59 +0100] "GET /highslide/graphics/zoomin.cur HTTP/1.0" 200 614 "http://www.wonder-geek.com/magnet-happy-tassen-p-47561.html" "Mozilla/5.0 (Macintosh; Intel Mac OS X 10_15_7) AppleWebKit/605.1.15 (KHTML, like Gecko) Version/14.0 Safari/605.1.15"
88.246.76.236 - - [20/Feb/2021:12:37:00 +0100] "GET /highslide/graphics/outlines/drop-shadow.png HTTP/1.0" 200 277 "http://www.wonder-geek.com/magnet-happy-tassen-p-47561.html" "Mozilla/5.0 (Macintosh; Intel Mac OS X 10_15_7) AppleWebKit/605.1.15 (KHTML, like Gecko) Version/14.0 Safari/605.1.15"
88.246.76.236 - - [20/Feb/2021:12:37:00 +0100] "GET /highslide/graphics/loader.white.gif HTTP/1.0" 200 960 "http://www.wonder-geek.com/magnet-happy-tassen-p-47561.html" "Mozilla/5.0 (Macintosh; Intel Mac OS X 10_15_7) AppleWebKit/605.1.15 (KHTML, like Gecko) Version/14.0 Safari/605.1.15"
88.246.76.236 - - [20/Feb/2021:12:37:00 +0100] "GET /highslide/graphics/zoomout.cur HTTP/1.0" 200 614 "http://www.wonder-geek.com/magnet-happy-tassen-p-47561.html" "Mozilla/5.0 (Macintosh; Intel Mac OS X 10_15_7) AppleWebKit/605.1.15 (KHTML, like Gecko) Version/14.0 Safari/605.1.15"
88.246.76.236 - - [20/Feb/2021:12:37:00 +0100] "GET /favicon.ico HTTP/1.0" 200 260 "http://www.wonder-geek.com/magnet-happy-tassen-p-47561.html" "Mozilla/5.0 (Macintosh; Intel Mac OS X 10_15_7) AppleWebKit/605.1.15 (KHTML, like Gecko) Version/14.0 Safari/605.1.15"
13.66.139.73 - - [20/Feb/2021:12:37:06 +0100] "GET /pouncin-is-what-tiggers-do-best-disney-figure-collection-p-33353.html HTTP/1.0" 301 68757 "-" "Mozilla/5.0 (compatible; bingbot/2.0; +http://www.bing.com/bingbot.htm)"
66.249.69.164 - - [20/Feb/2021:12:37:21 +0100] "GET /images/mini_prod/3700344847404.jpg HTTP/1.0" 200 269 "-" "Googlebot-Image/1.0"
185.191.171.21 - - [20/Feb/2021:12:37:22 +0100] "GET /pouf-covered-with-grey-velvet-315-34-465-cm-p-46355.html HTTP/1.0" 301 73108 "-" "Mozilla/5.0 (compatible; SemrushBot/7~bl; +http://www.semrush.com/bot.html)"
185.191.171.12 - - [20/Feb/2021:12:37:24 +0100] "GET /pouf-covered-with-grey-velvet-p-46355.html HTTP/1.0" 200 73012 "-" "Mozilla/5.0 (compatible; SemrushBot/7~bl; +http://www.semrush.com/bot.html)"
185.191.171.26 - - [20/Feb/2021:12:37:27 +0100] "GET /bistro-arts-p-39711.html HTTP/1.0" 200 71297 "-" "Mozilla/5.0 (compatible; SemrushBot/7~bl; +http://www.semrush.com/bot.html)"
216.18.204.215 - - [20/Feb/2021:12:37:29 +0100] "GET /little-buddha-glasses-case-p-53305.html HTTP/1.0" 200 71424 "http://www.wonder-geek.com/" "Mozilla/5.0 (compatible; Adsbot/3.1)"
13.66.139.88 - - [20/Feb/2021:12:37:36 +0100] "GET /gto-by-neko-shirt-p-29601.html HTTP/1.0" 301 72486 "-" "Mozilla/5.0 (compatible; bingbot/2.0; +http://www.bing.com/bingbot.htm)"
54.36.149.14 - - [20/Feb/2021:12:37:36 +0100] "GET /camargue-metal-rests-flat-p-47888.html HTTP/1.0" 200 71326 "-" "Mozilla/5.0 (compatible; AhrefsBot/7.0; +http://ahrefs.com/robot/)"
66.249.69.162 - - [20/Feb/2021:12:37:43 +0100] "GET /images/mini_prod/3574642577734.jpg HTTP/1.0" 200 269 "-" "Googlebot-Image/1.0"
216.18.204.215 - - [20/Feb/2021:12:37:56 +0100] "GET /little-buddha-glasses-case-p-53306.html HTTP/1.0" 200 71424 "http://www.wonder-geek.com/" "Mozilla/5.0 (compatible; Adsbot/3.1)"
13.66.139.88 - - [20/Feb/2021:12:37:56 +0100] "GET /-p-13223.html HTTP/1.0" 200 68690 "-" "Mozilla/5.0 (compatible; bingbot/2.0; +http://www.bing.com/bingbot.htm)"
66.249.69.164 - - [20/Feb/2021:12:38:06 +0100] "GET /images/med_prod/3519570205892.jpg HTTP/1.0" 200 268 "-" "Googlebot-Image/1.0"
13.66.139.88 - - [20/Feb/2021:12:38:17 +0100] "GET /-p-18893.html HTTP/1.0" 200 68690 "-" "Mozilla/5.0 (compatible; bingbot/2.0; +http://www.bing.com/bingbot.htm)"
13.66.139.137 - - [20/Feb/2021:12:38:25 +0100] "GET /cat-and-birds-small-ashtray-p-45762.html HTTP/1.0" 301 71433 "-" "Mozilla/5.0 (compatible; bingbot/2.0; +http://www.bing.com/bingbot.htm)"
216.18.204.215 - - [20/Feb/2021:12:38:25 +0100] "GET /minions-yellow-alarm-clock-p-33963.html HTTP/1.0" 200 71377 "http://www.wonder-geek.com/" "Mozilla/5.0 (compatible; Adsbot/3.1)"
66.249.69.164 - - [20/Feb/2021:12:38:29 +0100] "GET /images/mini_prod/000010267585.jpg HTTP/1.0" 200 268 "-" "Googlebot-Image/1.0"
185.191.171.39 - - [20/Feb/2021:12:38:42 +0100] "GET /copper-bottle-with-screw-cap-flower-of-life-engraved-750-ml-p-44266.html HTTP/1.0" 301 72823 "-" "Mozilla/5.0 (compatible; SemrushBot/7~bl; +http://www.semrush.com/bot.html)"
185.191.171.22 - - [20/Feb/2021:12:38:45 +0100] "GET /copper-bottle-with-screw-flower-life-engraved-p-44266.html HTTP/1.0" 200 72711 "-" "Mozilla/5.0 (compatible; SemrushBot/7~bl; +http://www.semrush.com/bot.html)"
216.18.204.215 - - [20/Feb/2021:12:38:51 +0100] "GET /mr-happy-round-pencil-case-p-21783.html HTTP/1.0" 301 71550 "http://www.wonder-geek.com/" "Mozilla/5.0 (compatible; Adsbot/3.1)"
13.66.139.137 - - [20/Feb/2021:12:38:56 +0100] "GET /-p-20881.html HTTP/1.0" 200 68690 "-" "Mozilla/5.0 (compatible; bingbot/2.0; +http://www.bing.com/bingbot.htm)"
54.36.148.90 - - [20/Feb/2021:12:38:58 +0100] "GET /travel-documents-set-cb-passport-and-boarding-pass-p-47344.html HTTP/1.0" 301 72457 "-" "Mozilla/5.0 (compatible; AhrefsBot/7.0; +http://ahrefs.com/robot/)"
13.66.139.88 - - [20/Feb/2021:12:39:00 +0100] "GET /retro-phone-clock-p-51729.html HTTP/1.0" 200 71311 "-" "Mozilla/5.0 (compatible; bingbot/2.0; +http://www.bing.com/bingbot.htm)"
216.18.204.215 - - [20/Feb/2021:12:39:02 +0100] "GET /nici-love-pooh-pencil-case-p-23172.html HTTP/1.0" 200 71572 "http://www.wonder-geek.com/" "Mozilla/5.0 (compatible; Adsbot/3.1)"
185.191.171.3 - - [20/Feb/2021:12:39:09 +0100] "GET /live-ride-hoodies-p-33758.html HTTP/1.0" 200 74064 "-" "Mozilla/5.0 (compatible; SemrushBot/7~bl; +http://www.semrush.com/bot.html)"
66.249.69.166 - - [20/Feb/2021:12:39:14 +0100] "GET /images/mini_prod/3700516204158.jpg HTTP/1.0" 200 269 "-" "Googlebot-Image/1.0"
13.66.139.137 - - [20/Feb/2021:12:39:16 +0100] "GET /always-fresh-little-metal-cigarettes-box-p-33111.html HTTP/1.0" 301 71561 "-" "Mozilla/5.0 (compatible; bingbot/2.0; +http://www.bing.com/bingbot.htm)"
13.66.139.137 - - [20/Feb/2021:12:39:17 +0100] "GET /cars-tokyo-mater-round-pencil-case-p-13351.html HTTP/1.0" 200 71972 "-" "Mozilla/5.0 (compatible; bingbot/2.0; +http://www.bing.com/bingbot.htm)"
216.18.204.215 - - [20/Feb/2021:12:39:22 +0100] "GET /raving-rabbids-pencil-case-p-40883.html HTTP/1.0" 200 71383 "http://www.wonder-geek.com/" "Mozilla/5.0 (compatible; Adsbot/3.1)"
185.191.171.26 - - [20/Feb/2021:12:39:26 +0100] "GET /home-decoration-c-13.html?page=91 HTTP/1.0" 200 90462 "-" "Mozilla/5.0 (compatible; SemrushBot/7~bl; +http://www.semrush.com/bot.html)"
13.66.139.73 - - [20/Feb/2021:12:39:37 +0100] "GET /sticker-for-windows-chakra-p-48351.html HTTP/1.0" 301 71479 "-" "Mozilla/5.0 (compatible; bingbot/2.0; +http://www.bing.com/bingbot.htm)"
185.191.171.36 - - [20/Feb/2021:12:39:42 +0100] "GET /yogi-yogini-rubber-yoga-mat-mint-green-p-45294.html HTTP/1.0" 301 68929 "-" "Mozilla/5.0 (compatible; SemrushBot/7~bl; +http://www.semrush.com/bot.html)"
66.249.69.164 - - [20/Feb/2021:12:39:59 +0100] "GET /images/mini_prod/3574642575785.jpg HTTP/1.0" 200 269 "-" "Googlebot-Image/1.0"
185.191.171.25 - - [20/Feb/2021:12:40:02 +0100] "GET /metal-trivet-p-39673.html?action=add_product HTTP/1.0" 302 476 "-" "Mozilla/5.0 (compatible; SemrushBot/7~bl; +http://www.semrush.com/bot.html)"
54.36.148.180 - - [20/Feb/2021:12:40:05 +0100] "GET /fitted-sheet-turquoise-160-200-cm-p-36582.html HTTP/1.0" 301 71481 "-" "Mozilla/5.0 (compatible; AhrefsBot/7.0; +http://ahrefs.com/robot/)"
185.191.171.12 - - [20/Feb/2021:12:40:13 +0100] "GET /pugsley-keel-toys-plush-unicorn-pink-p-46896.html HTTP/1.0" 200 71583 "-" "Mozilla/5.0 (compatible; SemrushBot/7~bl; +http://www.semrush.com/bot.html)"
216.18.204.215 - - [20/Feb/2021:12:40:14 +0100] "GET /raving-rabbids-pencil-case-p-40884.html HTTP/1.0" 200 71385 "http://www.wonder-geek.com/" "Mozilla/5.0 (compatible; Adsbot/3.1)"
216.18.204.215 - - [20/Feb/2021:12:40:32 +0100] "GET /rolling-stones-pencil-case-p-40889.html HTTP/1.0" 200 71390 "http://www.wonder-geek.com/" "Mozilla/5.0 (compatible; Adsbot/3.1)"
185.191.171.7 - - [20/Feb/2021:12:40:39 +0100] "GET /uk-carlin-tea-cup-by-cbkreation-p-30076.html HTTP/1.0" 301 71438 "-" "Mozilla/5.0 (compatible; SemrushBot/7~bl; +http://www.semrush.com/bot.html)"
66.249.69.166 - - [20/Feb/2021:12:40:44 +0100] "GET /images/big_prod_1/8718375751169a.jpg HTTP/1.0" 200 271 "-" "Googlebot-Image/1.0"
66.160.140.183 - - [20/Feb/2021:12:40:47 +0100] "GET /specials.php HTTP/1.0" 200 126596 "-" "The Knowledge AI"
216.18.204.215 - - [20/Feb/2021:12:40:57 +0100] "GET /skull-sailor-moneybox-blue-p-32591.html HTTP/1.0" 200 71344 "http://www.wonder-geek.com/" "Mozilla/5.0 (compatible; Adsbot/3.1)"
66.160.140.183 - - [20/Feb/2021:12:40:58 +0100] "GET /products_new.php HTTP/1.0" 200 94013 "-" "The Knowledge AI"
66.160.140.183 - - [20/Feb/2021:12:41:11 +0100] "GET /dishes-c-12.html HTTP/1.0" 200 89826 "-" "The Knowledge AI"
185.191.171.22 - - [20/Feb/2021:12:41:15 +0100] "GET /gorjuss-shopping-p-29454.html HTTP/1.0" 200 72067 "-" "Mozilla/5.0 (compatible; SemrushBot/7~bl; +http://www.semrush.com/bot.html)"
66.160.140.183 - - [20/Feb/2021:12:41:22 +0100] "GET /adaptable-decorative-caps-c-12_249.html HTTP/1.0" 200 79344 "-" "The Knowledge AI"
216.18.204.215 - - [20/Feb/2021:12:41:22 +0100] "GET /skull-sailor-moneybox-grey-p-32590.html HTTP/1.0" 200 71344 "http://www.wonder-geek.com/" "Mozilla/5.0 (compatible; Adsbot/3.1)"
54.36.148.90 - - [20/Feb/2021:12:41:26 +0100] "GET /home-and-decoration-c-13.html?page=157 HTTP/1.0" 301 91144 "-" "Mozilla/5.0 (compatible; AhrefsBot/7.0; +http://ahrefs.com/robot/)"
66.249.69.162 - - [20/Feb/2021:12:41:29 +0100] "GET /images/mini_prod/4036113270173.jpg HTTP/1.0" 200 269 "-" "Googlebot-Image/1.0"
66.160.140.183 - - [20/Feb/2021:12:41:33 +0100] "GET /barbecue-aperitif-c-12_254.html HTTP/1.0" 200 84695 "-" "The Knowledge AI"
66.160.140.183 - - [20/Feb/2021:12:41:44 +0100] "GET /bottle-holder-beer-bucket-c-12_224.html HTTP/1.0" 200 88708 "-" "The Knowledge AI"
216.18.204.215 - - [20/Feb/2021:12:41:51 +0100] "GET /cushion-cover-40-40-cm-ecru-p-43147.html HTTP/1.0" 301 72184 "http://www.wonder-geek.com/" "Mozilla/5.0 (compatible; Adsbot/3.1)"
66.160.140.183 - - [20/Feb/2021:12:41:55 +0100] "GET /bowls-c-12_60.html HTTP/1.0" 200 90838 "-" "The Knowledge AI"
13.66.139.137 - - [20/Feb/2021:12:41:55 +0100] "GET /-p-39591.html HTTP/1.0" 200 68690 "-" "Mozilla/5.0 (compatible; bingbot/2.0; +http://www.bing.com/bingbot.htm)"
216.18.204.215 - - [20/Feb/2021:12:42:01 +0100] "GET /cushion-cover-40-40-cm-leaf-p-49954.html HTTP/1.0" 301 71508 "http://www.wonder-geek.com/" "Mozilla/5.0 (compatible; Adsbot/3.1)"
185.191.171.15 - - [20/Feb/2021:12:42:02 +0100] "GET /girls-c-1.html?page=6 HTTP/1.0" 200 83694 "-" "Mozilla/5.0 (compatible; SemrushBot/7~bl; +http://www.semrush.com/bot.html)"
66.160.140.183 - - [20/Feb/2021:12:42:06 +0100] "GET /bowls-c-12_255.html HTTP/1.0" 200 76027 "-" "The Knowledge AI"
216.18.204.215 - - [20/Feb/2021:12:42:12 +0100] "GET /cushion-cover-40-40-cm-leaf-p-52020.html HTTP/1.0" 301 71489 "http://www.wonder-geek.com/" "Mozilla/5.0 (compatible; Adsbot/3.1)"
66.249.69.166 - - [20/Feb/2021:12:42:15 +0100] "GET /images/mini_prod/1300010241349B.jpg HTTP/1.0" 404 1308 "-" "Googlebot-Image/1.0"
66.160.140.183 - - [20/Feb/2021:12:42:17 +0100] "GET /butter-dish-c-12_222.html HTTP/1.0" 200 81329 "-" "The Knowledge AI"
185.191.171.8 - - [20/Feb/2021:12:42:18 +0100] "GET /graphic-variations-white-p-44939.html HTTP/1.0" 200 71356 "-" "Mozilla/5.0 (compatible; SemrushBot/7~bl; +http://www.semrush.com/bot.html)"
13.66.139.88 - - [20/Feb/2021:12:42:17 +0100] "GET /black-fancy-elastic-bracelet-p-43727.html HTTP/1.0" 200 71334 "-" "Mozilla/5.0 (compatible; bingbot/2.0; +http://www.bing.com/bingbot.htm)"
216.18.204.215 - - [20/Feb/2021:12:42:21 +0100] "GET /emily-the-strange-round-kit-p-15088.html HTTP/1.0" 301 71691 "http://www.wonder-geek.com/" "Mozilla/5.0 (compatible; Adsbot/3.1)"
66.160.140.183 - - [20/Feb/2021:12:42:28 +0100] "GET /cake-molds-cube-molds-c-12_246.html HTTP/1.0" 200 84400 "-" "The Knowledge AI"
13.66.139.88 - - [20/Feb/2021:12:42:37 +0100] "GET /set-retro-cups-espresso-p-39523.html HTTP/1.0" 301 71419 "-" "Mozilla/5.0 (compatible; bingbot/2.0; +http://www.bing.com/bingbot.htm)"
66.160.140.183 - - [20/Feb/2021:12:42:39 +0100] "GET /cellar-slicer-sausage-c-12_252.html HTTP/1.0" 200 78082 "-" "The Knowledge AI"
66.160.140.183 - - [20/Feb/2021:12:42:40 +0100] "GET /coasters-c-12_157.html HTTP/1.0" 200 90836 "-" "The Knowledge AI"
66.160.140.183 - - [20/Feb/2021:12:42:51 +0100] "GET /corkscrew-bottle-opener-sommelier-c-12_213.html HTTP/1.0" 200 88516 "-" "The Knowledge AI"
54.36.148.145 - - [20/Feb/2021:12:42:52 +0100] "GET /towel-bath-towels-c-11_70.html?page=2 HTTP/1.0" 200 90191 "-" "Mozilla/5.0 (compatible; AhrefsBot/7.0; +http://ahrefs.com/robot/)"
66.249.69.162 - - [20/Feb/2021:12:43:00 +0100] "GET /images/mini_prod/3609810001602050720122.jpg HTTP/1.0" 200 278 "-" "Googlebot-Image/1.0"
66.160.140.183 - - [20/Feb/2021:12:43:02 +0100] "GET /dishes-dishes-c-12_251.html HTTP/1.0" 200 87949 "-" "The Knowledge AI"
185.191.171.7 - - [20/Feb/2021:12:43:03 +0100] "GET /ceramic-planter-turquoise-blue-large-model-p-52571.html?action=add_product HTTP/1.0" 302 476 "-" "Mozilla/5.0 (compatible; SemrushBot/7~bl; +http://www.semrush.com/bot.html)"
66.160.140.183 - - [20/Feb/2021:12:43:14 +0100] "GET /cups-c-12_248.html HTTP/1.0" 200 81597 "-" "The Knowledge AI"
185.191.171.41 - - [20/Feb/2021:12:43:16 +0100] "GET /glass-jellyfish-paperweight-p-52791.html HTTP/1.0" 200 71399 "-" "Mozilla/5.0 (compatible; SemrushBot/7~bl; +http://www.semrush.com/bot.html)"
66.249.69.164 - - [20/Feb/2021:12:43:20 +0100] "GET /incense-burner-sticks-and-cones-ganesh-p-44271.html HTTP/1.0" 301 71582 "-" "Mozilla/5.0 (Linux; Android 6.0.1; Nexus 5X Build/MMB29P) AppleWebKit/537.36 (KHTML, like Gecko) Chrome/88.0.4324.153 Mobile Safari/537.36 (compatible; Googlebot/2.1; +http://www.google.com/bot.html)"
66.249.69.164 - - [20/Feb/2021:12:43:20 +0100] "GET /incense-burner-sticks-cones-ganesh-p-44271.html HTTP/1.0" 200 71481 "-" "Mozilla/5.0 (Linux; Android 6.0.1; Nexus 5X Build/MMB29P) AppleWebKit/537.36 (KHTML, like Gecko) Chrome/88.0.4324.153 Mobile Safari/537.36 (compatible; Googlebot/2.1; +http://www.google.com/bot.html)"
66.160.140.183 - - [20/Feb/2021:12:43:25 +0100] "GET /flasks-c-12_245.html HTTP/1.0" 200 77298 "-" "The Knowledge AI"
13.66.139.73 - - [20/Feb/2021:12:43:27 +0100] "GET /skull-money-box-resin-bright-silver-p-37768.html HTTP/1.0" 301 71624 "-" "Mozilla/5.0 (compatible; bingbot/2.0; +http://www.bing.com/bingbot.htm)"
66.160.140.183 - - [20/Feb/2021:12:43:37 +0100] "GET /flatwares-c-12_63.html HTTP/1.0" 200 87983 "-" "The Knowledge AI"
66.249.69.162 - - [20/Feb/2021:12:43:45 +0100] "GET /images/mini_prod/1300001388428.jpg HTTP/1.0" 200 269 "-" "Googlebot-Image/1.0"
66.160.140.183 - - [20/Feb/2021:12:43:48 +0100] "GET /glasses-drinking-c-12_62.html HTTP/1.0" 200 89565 "-" "The Knowledge AI"
157.55.39.67 - - [20/Feb/2021:12:43:51 +0100] "GET /emily-the-strange-round-kit-p-15088.html HTTP/1.0" 301 71691 "-" "Mozilla/5.0 (compatible; bingbot/2.0; +http://www.bing.com/bingbot.htm)"
185.191.171.15 - - [20/Feb/2021:12:43:52 +0100] "GET /emperor-terracotta-soldier-statuette-p-50012.html HTTP/1.0" 200 72364 "-" "Mozilla/5.0 (compatible; SemrushBot/7~bl; +http://www.semrush.com/bot.html)"
13.66.139.73 - - [20/Feb/2021:12:43:57 +0100] "GET /tweety-glitter-globe-p-5207.html HTTP/1.0" 200 71345 "-" "Mozilla/5.0 (compatible; bingbot/2.0; +http://www.bing.com/bingbot.htm)"
66.160.140.183 - - [20/Feb/2021:12:43:59 +0100] "GET /with-infuser-c-12_221.html HTTP/1.0" 200 88990 "-" "The Knowledge AI"
185.191.171.34 - - [20/Feb/2021:12:44:07 +0100] "GET /large-jasmin-marley-p-41279.html HTTP/1.0" 200 71550 "-" "Mozilla/5.0 (compatible; SemrushBot/7~bl; +http://www.semrush.com/bot.html)"
66.160.140.183 - - [20/Feb/2021:12:44:11 +0100] "GET /mugs-mazagrans-c-12_57.html HTTP/1.0" 200 95027 "-" "The Knowledge AI"
66.160.140.183 - - [20/Feb/2021:12:44:22 +0100] "GET /paper-towel-dispenser-c-12_253.html HTTP/1.0" 200 76829 "-" "The Knowledge AI"
185.191.171.12 - - [20/Feb/2021:12:44:24 +0100] "GET /gorjuss-trinket-tin-box-bubble-fairy-p-46948.html HTTP/1.0" 301 68907 "-" "Mozilla/5.0 (compatible; SemrushBot/7~bl; +http://www.semrush.com/bot.html)"
54.36.148.90 - - [20/Feb/2021:12:44:26 +0100] "GET /double-round-mirror-copper-aspect-free-standing-p-52464.html HTTP/1.0" 200 72443 "-" "Mozilla/5.0 (compatible; AhrefsBot/7.0; +http://ahrefs.com/robot/)"
13.66.139.137 - - [20/Feb/2021:12:44:26 +0100] "GET /-p-51530.html HTTP/1.0" 200 68690 "-" "Mozilla/5.0 (compatible; bingbot/2.0; +http://www.bing.com/bingbot.htm)"
185.191.171.25 - - [20/Feb/2021:12:44:27 +0100] "GET /gorjuss-trinket-bubble-fairy-p-46948.html HTTP/1.0" 200 68812 "-" "Mozilla/5.0 (compatible; SemrushBot/7~bl; +http://www.semrush.com/bot.html)"
66.249.69.162 - - [20/Feb/2021:12:44:30 +0100] "GET /shadoks-black-wallet-p-16733.html HTTP/1.0" 200 72167 "-" "Mozilla/5.0 (Linux; Android 6.0.1; Nexus 5X Build/MMB29P) AppleWebKit/537.36 (KHTML, like Gecko) Chrome/88.0.4324.153 Mobile Safari/537.36 (compatible; Googlebot/2.1; +http://www.google.com/bot.html)"
66.249.69.162 - - [20/Feb/2021:12:44:30 +0100] "GET /images/mini_prod/1399984258224.jpg HTTP/1.0" 200 269 "-" "Googlebot-Image/1.0"
185.191.171.44 - - [20/Feb/2021:12:44:32 +0100] "GET /embossed-metal-frame-motorcycle-p-37506.html HTTP/1.0" 200 71501 "-" "Mozilla/5.0 (compatible; SemrushBot/7~bl; +http://www.semrush.com/bot.html)"
66.160.140.183 - - [20/Feb/2021:12:44:34 +0100] "GET /partys-decoration-c-12_51.html HTTP/1.0" 200 67661 "-" "The Knowledge AI"
66.160.140.183 - - [20/Feb/2021:12:44:45 +0100] "GET /pitchers-drink-dispensers-c-12_243.html HTTP/1.0" 200 88137 "-" "The Knowledge AI"
13.66.139.73 - - [20/Feb/2021:12:44:47 +0100] "GET /peace-and-love-by-romero-britto-small-notebook-p-32419.html HTTP/1.0" 301 71653 "-" "Mozilla/5.0 (compatible; bingbot/2.0; +http://www.bing.com/bingbot.htm)"
66.160.140.183 - - [20/Feb/2021:12:44:57 +0100] "GET /placemats-c-12_156.html HTTP/1.0" 200 90753 "-" "The Knowledge AI"
66.160.140.183 - - [20/Feb/2021:12:45:08 +0100] "GET /plates-cups-c-12_58.html HTTP/1.0" 200 89068 "-" "The Knowledge AI"
185.191.171.37 - - [20/Feb/2021:12:45:10 +0100] "GET /blacks-litre-p-31417.html HTTP/1.0" 200 71309 "-" "Mozilla/5.0 (compatible; SemrushBot/7~bl; +http://www.semrush.com/bot.html)"
5.188.211.26 - - [20/Feb/2021:12:45:11 +0100] "GET /money-boxes-c-13_83.html HTTP/1.0" 200 91302 "-" "Mozilla/4.0 (compatible; MSIE 6.0; Windows NT 5.1; SV1)"
5.188.211.26 - - [20/Feb/2021:12:45:12 +0100] "GET /posters-stickers-wall-c-13_147.html HTTP/1.0" 200 89624 "-" "Mozilla/4.0 (compatible; MSIE 6.0; Windows NT 5.1; SV1)"
5.188.211.26 - - [20/Feb/2021:12:45:12 +0100] "GET /mtal-signs-c-13_130.html HTTP/1.0" 200 92616 "-" "Mozilla/4.0 (compatible; MSIE 6.0; Windows NT 5.1; SV1)"
5.188.211.26 - - [20/Feb/2021:12:45:14 +0100] "GET /contact_us.php HTTP/1.0" 200 26238 "-" "Mozilla/4.0 (compatible; MSIE 6.0; Windows NT 5.1; SV1)"
66.249.69.164 - - [20/Feb/2021:12:45:16 +0100] "GET /images/big_prod/6000961.jpg HTTP/1.0" 200 262 "-" "Googlebot-Image/1.0"
66.160.140.183 - - [20/Feb/2021:12:45:19 +0100] "GET /pots-cookie-jars-c-12_250.html HTTP/1.0" 200 89292 "-" "The Knowledge AI"
185.191.171.37 - - [20/Feb/2021:12:45:22 +0100] "GET /head-wallet-model-p-39445.html?action=add_product HTTP/1.0" 302 476 "-" "Mozilla/5.0 (compatible; SemrushBot/7~bl; +http://www.semrush.com/bot.html)"
66.160.140.183 - - [20/Feb/2021:12:45:31 +0100] "GET /salt-pepper-shaker-sets-c-12_160.html HTTP/1.0" 200 88934 "-" "The Knowledge AI"
185.191.171.41 - - [20/Feb/2021:12:45:35 +0100] "GET /playboy-bathrobe-size-p-27401.html?action=add_product HTTP/1.0" 302 476 "-" "Mozilla/5.0 (compatible; SemrushBot/7~bl; +http://www.semrush.com/bot.html)"
66.160.140.183 - - [20/Feb/2021:12:45:42 +0100] "GET /salt-boxes-jars-c-12_223.html HTTP/1.0" 200 88479 "-" "The Knowledge AI"
54.36.148.202 - - [20/Feb/2021:12:45:45 +0100] "GET /laughing-emoticon-cushion-30-cm-p-39370.html HTTP/1.0" 301 71477 "-" "Mozilla/5.0 (compatible; AhrefsBot/7.0; +http://ahrefs.com/robot/)"
185.191.171.14 - - [20/Feb/2021:12:45:48 +0100] "GET /owls-p-27606.html HTTP/1.0" 200 71175 "-" "Mozilla/5.0 (compatible; SemrushBot/7~bl; +http://www.semrush.com/bot.html)"
66.160.140.183 - - [20/Feb/2021:12:45:53 +0100] "GET /breakfast-c-12_61.html HTTP/1.0" 200 89766 "-" "The Knowledge AI"
185.191.171.35 - - [20/Feb/2021:12:45:54 +0100] "GET /metal-beer-bucket-bistrot-amis-p-42680.html HTTP/1.0" 200 71454 "-" "Mozilla/5.0 (compatible; SemrushBot/7~bl; +http://www.semrush.com/bot.html)"
66.249.69.164 - - [20/Feb/2021:12:46:01 +0100] "GET /images/med_prod/9316188016254.jpg HTTP/1.0" 200 268 "-" "Googlebot-Image/1.0"
13.66.139.73 - - [20/Feb/2021:12:46:27 +0100] "GET /-p-26667.html HTTP/1.0" 200 68690 "-" "Mozilla/5.0 (compatible; bingbot/2.0; +http://www.bing.com/bingbot.htm)"
66.249.69.162 - - [20/Feb/2021:12:46:46 +0100] "GET /images/mini_prod/1345544513692.jpg HTTP/1.0" 200 269 "-" "Googlebot-Image/1.0"
54.36.149.79 - - [20/Feb/2021:12:46:57 +0100] "GET /collection-plate-metal-vespa-get-the-best-p-35030.html HTTP/1.0" 301 71710 "-" "Mozilla/5.0 (compatible; AhrefsBot/7.0; +http://ahrefs.com/robot/)"
185.191.171.3 - - [20/Feb/2021:12:46:59 +0100] "GET /star-adult-military-cbkration-p-36540.html HTTP/1.0" 200 71525 "-" "Mozilla/5.0 (compatible; SemrushBot/7~bl; +http://www.semrush.com/bot.html)"
185.191.171.4 - - [20/Feb/2021:12:47:06 +0100] "GET /buddha-child-statue-polyresin-anything-p-46720.html?action=add_product HTTP/1.0" 302 476 "-" "Mozilla/5.0 (compatible; SemrushBot/7~bl; +http://www.semrush.com/bot.html)"
13.66.139.137 - - [20/Feb/2021:12:47:16 +0100] "GET /london-academy-backpack-41-cm-p-44926.html HTTP/1.0" 301 72378 "-" "Mozilla/5.0 (compatible; bingbot/2.0; +http://www.bing.com/bingbot.htm)"
13.66.139.137 - - [20/Feb/2021:12:47:17 +0100] "GET /hello-kitty-backpack-p-16383.html HTTP/1.0" 200 68760 "-" "Mozilla/5.0 (compatible; bingbot/2.0; +http://www.bing.com/bingbot.htm)"
185.191.171.35 - - [20/Feb/2021:12:47:17 +0100] "GET /winchester-metal-plate-deco-405-215-cm-p-42348.html HTTP/1.0" 301 71591 "-" "Mozilla/5.0 (compatible; SemrushBot/7~bl; +http://www.semrush.com/bot.html)"
13.66.139.73 - - [20/Feb/2021:12:47:21 +0100] "GET /bell-and-wall-bell-c-13_270.html HTTP/1.0" 301 87825 "-" "Mozilla/5.0 (compatible; bingbot/2.0; +http://www.bing.com/bingbot.htm)"
66.249.69.166 - - [20/Feb/2021:12:47:31 +0100] "GET /images/mini_prod/028399139606.jpg HTTP/1.0" 200 268 "-" "Googlebot-Image/1.0"
185.191.171.34 - - [20/Feb/2021:12:47:39 +0100] "GET /unicorn-plush-pink-and-white-20-cm-p-47647.html HTTP/1.0" 301 71552 "-" "Mozilla/5.0 (compatible; SemrushBot/7~bl; +http://www.semrush.com/bot.html)"
51.68.224.127 - - [20/Feb/2021:12:47:39 +0100] "GET /adminweb/export_orders_xml.php?token=256de2z6edz6ed2z6DFSFsed2zed6zeDSFDSGdzedezfzf&maxorders=10&orderstart=1&status=14&start_date=2018-10-01 HTTP/1.0" 200 285 "-" "GesCom CharlotteBoutik Serveur"
51.68.224.127 - - [20/Feb/2021:12:47:39 +0100] "GET /adminweb/export_orders_xml.php?token=256de2z6edz6ed2z6DFSFsed2zed6zeDSFDSGdzedezfzf&maxorders=10&orderstart=1&status=6&start_date=2018-10-01 HTTP/1.0" 200 29990 "-" "GesCom CharlotteBoutik Serveur"
13.66.139.73 - - [20/Feb/2021:12:47:47 +0100] "GET /-p-12379.html HTTP/1.0" 200 68690 "-" "Mozilla/5.0 (compatible; bingbot/2.0; +http://www.bing.com/bingbot.htm)"
13.66.139.73 - - [20/Feb/2021:12:47:48 +0100] "GET /-p-31418.html HTTP/1.0" 200 68690 "-" "Mozilla/5.0 (compatible; bingbot/2.0; +http://www.bing.com/bingbot.htm)"
13.66.139.88 - - [20/Feb/2021:12:47:52 +0100] "GET /beautiful-babushka-by-kimmidoll-yellow-decorative-figurine-p-33240.html HTTP/1.0" 301 69087 "-" "Mozilla/5.0 (compatible; bingbot/2.0; +http://www.bing.com/bingbot.htm)"
185.191.171.23 - - [20/Feb/2021:12:48:08 +0100] "GET /umbrella-holders-home-wherever-your-p-46916.html HTTP/1.0" 200 71563 "-" "Mozilla/5.0 (compatible; SemrushBot/7~bl; +http://www.semrush.com/bot.html)"
66.249.69.166 - - [20/Feb/2021:12:48:16 +0100] "GET /images/big_prod/3503420203237.jpg HTTP/1.0" 200 268 "-" "Googlebot-Image/1.0"
13.66.139.137 - - [20/Feb/2021:12:48:16 +0100] "GET /volkswagen-surf-messenger-bag-p-18921.html HTTP/1.0" 301 72308 "-" "Mozilla/5.0 (compatible; bingbot/2.0; +http://www.bing.com/bingbot.htm)"
