51.68.224.127 - - [20/Feb/2021:03:31:09 +0100] "GET /adminweb/export_orders_xml.php?token=256de2z6edz6ed2z6DFSFsed2zed6zeDSFDSGdzedezfzf&maxorders=10&orderstart=1&status=14&start_date=2018-10-01 HTTP/1.0" 200 285 "-" "GesCom CharlotteBoutik Serveur"
51.68.224.127 - - [20/Feb/2021:03:31:09 +0100] "GET /adminweb/export_orders_xml.php?token=256de2z6edz6ed2z6DFSFsed2zed6zeDSFDSGdzedezfzf&maxorders=10&orderstart=1&status=6&start_date=2018-10-01 HTTP/1.0" 200 29990 "-" "GesCom CharlotteBoutik Serveur"
216.18.204.215 - - [20/Feb/2021:03:31:12 +0100] "GET /fc-barcelone-workbook-p-52053.html HTTP/1.0" 301 71413 "http://www.wonder-geek.com/" "Mozilla/5.0 (compatible; Adsbot/3.1)"
54.36.148.90 - - [20/Feb/2021:03:31:16 +0100] "GET /poe-dameron-miniature-character-p-32466.html HTTP/1.0" 301 71668 "-" "Mozilla/5.0 (compatible; AhrefsBot/7.0; +http://ahrefs.com/robot/)"
66.249.69.166 - - [20/Feb/2021:03:31:23 +0100] "GET /images/mini_prod/3453131133210.jpg HTTP/1.0" 200 269 "-" "Googlebot-Image/1.0"
216.18.204.215 - - [20/Feb/2021:03:31:30 +0100] "GET /fc-barcelone-workbook-p-52054.html HTTP/1.0" 301 71409 "http://www.wonder-geek.com/" "Mozilla/5.0 (compatible; Adsbot/3.1)"
216.18.204.215 - - [20/Feb/2021:03:31:47 +0100] "GET /garfield-money-box-cm-p-40946.html HTTP/1.0" 301 71407 "http://www.wonder-geek.com/" "Mozilla/5.0 (compatible; Adsbot/3.1)"
13.66.139.88 - - [20/Feb/2021:03:31:56 +0100] "GET /yin-et-yang-clock-by-cbkreation-p-24708.html HTTP/1.0" 301 71566 "-" "Mozilla/5.0 (compatible; bingbot/2.0; +http://www.bing.com/bingbot.htm)"
13.66.139.88 - - [20/Feb/2021:03:31:58 +0100] "GET /teo-jasmin-traveller-bag-teo-titi-black-p-38844.html HTTP/1.0" 301 68901 "-" "Mozilla/5.0 (compatible; bingbot/2.0; +http://www.bing.com/bingbot.htm)"
216.18.204.215 - - [20/Feb/2021:03:32:00 +0100] "GET /green-owl-alarm-clock-p-38266.html HTTP/1.0" 301 71440 "http://www.wonder-geek.com/" "Mozilla/5.0 (compatible; Adsbot/3.1)"
66.249.69.164 - - [20/Feb/2021:03:32:05 +0100] "GET /images/big_prod/8718317639104.jpg HTTP/1.0" 200 268 "-" "Googlebot-Image/1.0"
66.249.69.164 - - [20/Feb/2021:03:32:07 +0100] "GET /images/mini_prod/1384010204986.jpg HTTP/1.0" 200 269 "-" "Googlebot-Image/1.0"
13.66.139.137 - - [20/Feb/2021:03:32:13 +0100] "GET /-p-20608.html HTTP/1.0" 200 68690 "-" "Mozilla/5.0 (compatible; bingbot/2.0; +http://www.bing.com/bingbot.htm)"
13.66.139.137 - - [20/Feb/2021:03:32:13 +0100] "GET /-p-16217.html HTTP/1.0" 200 68690 "-" "Mozilla/5.0 (compatible; bingbot/2.0; +http://www.bing.com/bingbot.htm)"
216.18.204.215 - - [20/Feb/2021:03:32:14 +0100] "GET /kori-kumi-glasses-box-p-30482.html HTTP/1.0" 301 72045 "http://www.wonder-geek.com/" "Mozilla/5.0 (compatible; Adsbot/3.1)"
216.18.204.215 - - [20/Feb/2021:03:32:30 +0100] "GET /kori-kumi-pencil-case-p-30485.html HTTP/1.0" 200 71336 "http://www.wonder-geek.com/" "Mozilla/5.0 (compatible; Adsbot/3.1)"
54.36.148.244 - - [20/Feb/2021:03:32:45 +0100] "GET /luminous-frame-with-color-variations-butterfly-p-39476.html HTTP/1.0" 200 71591 "-" "Mozilla/5.0 (compatible; AhrefsBot/7.0; +http://ahrefs.com/robot/)"
66.249.69.164 - - [20/Feb/2021:03:32:48 +0100] "GET /images/mini_prod/5051276405087b.jpg HTTP/1.0" 200 270 "-" "Googlebot-Image/1.0"
216.18.204.215 - - [20/Feb/2021:03:32:56 +0100] "GET /nici-pooh-pencil-case-p-20572.html HTTP/1.0" 200 71522 "http://www.wonder-geek.com/" "Mozilla/5.0 (compatible; Adsbot/3.1)"
13.66.139.137 - - [20/Feb/2021:03:33:02 +0100] "GET /images/1399984263051.jpg HTTP/1.0" 200 259 "-" "Mozilla/5.0 (compatible; bingbot/2.0; +http://www.bing.com/bingbot.htm)"
185.191.171.10 - - [20/Feb/2021:03:33:07 +0100] "GET /-p-17332.html?action=add_product HTTP/1.0" 302 476 "-" "Mozilla/5.0 (compatible; SemrushBot/7~bl; +http://www.semrush.com/bot.html)"
185.191.171.2 - - [20/Feb/2021:03:33:15 +0100] "GET /singing-bowl-p-35426.html HTTP/1.0" 200 71271 "-" "Mozilla/5.0 (compatible; SemrushBot/7~bl; +http://www.semrush.com/bot.html)"
66.249.69.166 - - [20/Feb/2021:03:33:30 +0100] "GET /images/mini_prod/4036113270210.jpg HTTP/1.0" 200 269 "-" "Googlebot-Image/1.0"
216.18.204.215 - - [20/Feb/2021:03:33:31 +0100] "GET /pencil-box-cbkreation-p-41503.html HTTP/1.0" 301 71442 "http://www.wonder-geek.com/" "Mozilla/5.0 (compatible; Adsbot/3.1)"
185.191.171.39 - - [20/Feb/2021:03:33:33 +0100] "GET /bowl-p-36515.html HTTP/1.0" 200 71314 "-" "Mozilla/5.0 (compatible; SemrushBot/7~bl; +http://www.semrush.com/bot.html)"
13.66.139.88 - - [20/Feb/2021:03:33:36 +0100] "GET /images/8033667513707.jpg HTTP/1.0" 200 259 "-" "Mozilla/5.0 (compatible; bingbot/2.0; +http://www.bing.com/bingbot.htm)"
216.18.204.215 - - [20/Feb/2021:03:33:46 +0100] "GET /pencil-box-cbkreation-p-41504.html HTTP/1.0" 301 71442 "http://www.wonder-geek.com/" "Mozilla/5.0 (compatible; Adsbot/3.1)"
13.66.139.137 - - [20/Feb/2021:03:33:53 +0100] "GET /large-hanging-clock-london-p-50948.html HTTP/1.0" 200 71483 "-" "Mozilla/5.0 (compatible; bingbot/2.0; +http://www.bing.com/bingbot.htm)"
13.66.139.137 - - [20/Feb/2021:03:33:54 +0100] "GET /-p-29819.html HTTP/1.0" 200 68690 "-" "Mozilla/5.0 (compatible; bingbot/2.0; +http://www.bing.com/bingbot.htm)"
216.18.204.215 - - [20/Feb/2021:03:34:00 +0100] "GET /pencil-box-cbkreation-p-41506.html HTTP/1.0" 301 71442 "http://www.wonder-geek.com/" "Mozilla/5.0 (compatible; Adsbot/3.1)"
216.18.204.215 - - [20/Feb/2021:03:34:10 +0100] "GET /pencil-box-cbkreation-p-50324.html HTTP/1.0" 301 71442 "http://www.wonder-geek.com/" "Mozilla/5.0 (compatible; Adsbot/3.1)"
66.249.69.166 - - [20/Feb/2021:03:34:12 +0100] "GET /images/big_prod_1/8718375755594a.jpg HTTP/1.0" 200 271 "-" "Googlebot-Image/1.0"
185.191.171.36 - - [20/Feb/2021:03:34:14 +0100] "GET /fragrances-ambiance-c-231.html?page=36 HTTP/1.0" 200 90602 "-" "Mozilla/5.0 (compatible; SemrushBot/7~bl; +http://www.semrush.com/bot.html)"
54.36.148.101 - - [20/Feb/2021:03:34:20 +0100] "GET /kimmidoll-notepad-set-p-11323.html HTTP/1.0" 301 71652 "-" "Mozilla/5.0 (compatible; AhrefsBot/7.0; +http://ahrefs.com/robot/)"
185.191.171.43 - - [20/Feb/2021:03:34:51 +0100] "GET /aristocats-carved-heart-figurine-collection-p-52193.html HTTP/1.0" 200 73034 "-" "Mozilla/5.0 (compatible; SemrushBot/7~bl; +http://www.semrush.com/bot.html)"
13.66.139.73 - - [20/Feb/2021:03:34:52 +0100] "GET /-p-13281.html HTTP/1.0" 200 68690 "-" "Mozilla/5.0 (compatible; bingbot/2.0; +http://www.bing.com/bingbot.htm)"
66.249.69.162 - - [20/Feb/2021:03:34:55 +0100] "GET /images/mini_prod/5400924116002.jpg HTTP/1.0" 200 269 "-" "Googlebot-Image/1.0"
185.191.171.26 - - [20/Feb/2021:03:34:55 +0100] "GET /earth-globe-decoration-p-50871.html HTTP/1.0" 200 72165 "-" "Mozilla/5.0 (compatible; SemrushBot/7~bl; +http://www.semrush.com/bot.html)"
185.191.171.40 - - [20/Feb/2021:03:35:22 +0100] "GET /decorative-wooden-plate-bonheur-p-51583.html HTTP/1.0" 200 71494 "-" "Mozilla/5.0 (compatible; SemrushBot/7~bl; +http://www.semrush.com/bot.html)"
13.66.139.88 - - [20/Feb/2021:03:35:26 +0100] "GET /images/med_prod/8719033260634.jpg HTTP/1.0" 200 268 "-" "Mozilla/5.0 (compatible; bingbot/2.0; +http://www.bing.com/bingbot.htm)"
13.66.139.88 - - [20/Feb/2021:03:35:27 +0100] "GET /images/8435306275555.jpg HTTP/1.0" 200 259 "-" "Mozilla/5.0 (compatible; bingbot/2.0; +http://www.bing.com/bingbot.htm)"
13.66.139.88 - - [20/Feb/2021:03:35:28 +0100] "GET /-p-34583.html HTTP/1.0" 200 68690 "-" "Mozilla/5.0 (compatible; bingbot/2.0; +http://www.bing.com/bingbot.htm)"
66.249.69.162 - - [20/Feb/2021:03:35:37 +0100] "GET /images/big_prod_1/4250255858994a.jpg HTTP/1.0" 200 271 "-" "Googlebot-Image/1.0"
157.55.39.170 - - [20/Feb/2021:03:35:40 +0100] "GET /mani-the-lucky-cat-red-notebook-p-37343.html HTTP/1.0" 301 71610 "-" "Mozilla/5.0 (compatible; bingbot/2.0; +http://www.bing.com/bingbot.htm)"
185.191.171.15 - - [20/Feb/2021:03:35:41 +0100] "GET /austria-mousepad-cbkreation-p-36711.html HTTP/1.0" 200 71120 "-" "Mozilla/5.0 (compatible; SemrushBot/7~bl; +http://www.semrush.com/bot.html)"
157.55.39.67 - - [20/Feb/2021:03:35:47 +0100] "GET /-p-16159.html HTTP/1.0" 200 68690 "-" "Mozilla/5.0 (compatible; bingbot/2.0; +http://www.bing.com/bingbot.htm)"
54.36.148.90 - - [20/Feb/2021:03:35:52 +0100] "GET /tweety-figurine-p-45046.html HTTP/1.0" 200 71298 "-" "Mozilla/5.0 (compatible; AhrefsBot/7.0; +http://ahrefs.com/robot/)"
13.66.139.88 - - [20/Feb/2021:03:36:05 +0100] "GET /images/med_prod/4036113222455.jpg HTTP/1.0" 200 268 "-" "Mozilla/5.0 (compatible; bingbot/2.0; +http://www.bing.com/bingbot.htm)"
66.249.69.162 - - [20/Feb/2021:03:36:19 +0100] "GET /images/big_prod/20620FX.jpg HTTP/1.0" 200 262 "-" "Googlebot-Image/1.0"
13.66.139.137 - - [20/Feb/2021:03:36:24 +0100] "GET /images/big_prod/1328399219292.jpg HTTP/1.0" 200 268 "-" "Mozilla/5.0 (compatible; bingbot/2.0; +http://www.bing.com/bingbot.htm)"
13.66.139.137 - - [20/Feb/2021:03:36:24 +0100] "GET /-p-48086.html HTTP/1.0" 200 68690 "-" "Mozilla/5.0 (compatible; bingbot/2.0; +http://www.bing.com/bingbot.htm)"
185.191.171.37 - - [20/Feb/2021:03:36:31 +0100] "GET /je-peux-pas-ai-apero-adult-apron-p-42606.html HTTP/1.0" 301 71422 "-" "Mozilla/5.0 (compatible; SemrushBot/7~bl; +http://www.semrush.com/bot.html)"
13.66.139.137 - - [20/Feb/2021:03:36:33 +0100] "GET /-p-20302.html HTTP/1.0" 200 68690 "-" "Mozilla/5.0 (compatible; bingbot/2.0; +http://www.bing.com/bingbot.htm)"
185.191.171.15 - - [20/Feb/2021:03:36:34 +0100] "GET /peux-apro-adult-apron-p-42606.html HTTP/1.0" 200 71334 "-" "Mozilla/5.0 (compatible; SemrushBot/7~bl; +http://www.semrush.com/bot.html)"
157.55.39.72 - - [20/Feb/2021:03:36:55 +0100] "GET /stationery-and-cardmaking/stationery-school-supplies/dance-top-model-album-coloring-p-18767.html HTTP/1.0" 301 68928 "-" "Mozilla/5.0 (compatible; bingbot/2.0; +http://www.bing.com/bingbot.htm)"
157.55.39.159 - - [20/Feb/2021:03:36:59 +0100] "GET /decorations-and-furnishings/decorations/cinderella-carousel-figure-collection-p-14036.html HTTP/1.0" 301 68757 "-" "Mozilla/5.0 (compatible; bingbot/2.0; +http://www.bing.com/bingbot.htm)"
66.249.69.164 - - [20/Feb/2021:03:37:02 +0100] "GET /images/mini_prod/4029811342419.jpg HTTP/1.0" 200 269 "-" "Googlebot-Image/1.0"
13.66.139.73 - - [20/Feb/2021:03:37:05 +0100] "GET /images/big_prod/1384010207321.jpg HTTP/1.0" 200 268 "-" "Mozilla/5.0 (compatible; bingbot/2.0; +http://www.bing.com/bingbot.htm)"
13.66.139.88 - - [20/Feb/2021:03:37:09 +0100] "GET /pendulum-shaped-old-alarm-clock-p-36669.html HTTP/1.0" 301 68757 "-" "Mozilla/5.0 (compatible; bingbot/2.0; +http://www.bing.com/bingbot.htm)"
13.66.139.137 - - [20/Feb/2021:03:37:14 +0100] "GET /images/big_prod_1/b4006592916817.jpg HTTP/1.0" 200 271 "-" "Mozilla/5.0 (compatible; bingbot/2.0; +http://www.bing.com/bingbot.htm)"
13.66.139.137 - - [20/Feb/2021:03:37:16 +0100] "GET /images/big_prod/1348422000567.jpg HTTP/1.0" 200 268 "-" "Mozilla/5.0 (compatible; bingbot/2.0; +http://www.bing.com/bingbot.htm)"
13.66.139.137 - - [20/Feb/2021:03:37:17 +0100] "GET /-p-32185.html HTTP/1.0" 200 68690 "-" "Mozilla/5.0 (compatible; bingbot/2.0; +http://www.bing.com/bingbot.htm)"
54.36.148.90 - - [20/Feb/2021:03:37:18 +0100] "GET /calimero-bowl-p-25902.html HTTP/1.0" 200 71181 "-" "Mozilla/5.0 (compatible; AhrefsBot/7.0; +http://ahrefs.com/robot/)"
13.66.139.88 - - [20/Feb/2021:03:37:19 +0100] "GET /-p-17243.html HTTP/1.0" 200 68690 "-" "Mozilla/5.0 (compatible; bingbot/2.0; +http://www.bing.com/bingbot.htm)"
5.255.231.71 - - [20/Feb/2021:03:37:30 +0100] "GET /tin-and-metal-signs-c-13_130.html HTTP/1.0" 301 92691 "-" "Mozilla/5.0 (compatible; YandexBot/3.0; +http://yandex.com/bots)"
185.191.171.14 - - [20/Feb/2021:03:37:33 +0100] "GET /light-bulb-amber-loop-p-42507.html HTTP/1.0" 200 72008 "-" "Mozilla/5.0 (compatible; SemrushBot/7~bl; +http://www.semrush.com/bot.html)"
5.255.231.71 - - [20/Feb/2021:03:37:33 +0100] "GET /mtal-signs-c-130.html HTTP/1.0" 301 92568 "-" "Mozilla/5.0 (compatible; YandexBot/3.0; +http://yandex.com/bots)"
5.255.231.71 - - [20/Feb/2021:03:37:35 +0100] "GET /mtal-signs-c-13_130.html HTTP/1.0" 200 92616 "-" "Mozilla/5.0 (compatible; YandexBot/3.0; +http://yandex.com/bots)"
185.191.171.25 - - [20/Feb/2021:03:37:44 +0100] "GET /horse-clock-p-23446.html HTTP/1.0" 301 68757 "-" "Mozilla/5.0 (compatible; SemrushBot/7~bl; +http://www.semrush.com/bot.html)"
185.191.171.2 - - [20/Feb/2021:03:37:46 +0100] "GET /-p-23446.html HTTP/1.0" 200 68690 "-" "Mozilla/5.0 (compatible; SemrushBot/7~bl; +http://www.semrush.com/bot.html)"
66.249.69.162 - - [20/Feb/2021:03:37:47 +0100] "GET /images/mini_prod/3520071526348.jpg HTTP/1.0" 200 269 "-" "Googlebot-Image/1.0"
207.46.13.52 - - [20/Feb/2021:03:37:48 +0100] "GET /teo-jasmin-medium-cabas-p-44211.html HTTP/1.0" 301 72324 "-" "Mozilla/5.0 (compatible; bingbot/2.0; +http://www.bing.com/bingbot.htm)"
66.249.69.162 - - [20/Feb/2021:03:38:26 +0100] "GET /images/mini_prod/720322280750.jpg HTTP/1.0" 200 268 "-" "Googlebot-Image/1.0"
66.249.69.164 - - [20/Feb/2021:03:38:49 +0100] "GET /breakfast-c-12_61.html?page=2 HTTP/1.0" 200 90277 "-" "Mozilla/5.0 (Linux; Android 6.0.1; Nexus 5X Build/MMB29P) AppleWebKit/537.36 (KHTML, like Gecko) Chrome/88.0.4324.153 Mobile Safari/537.36 (compatible; Googlebot/2.1; +http://www.google.com/bot.html)"
185.191.171.7 - - [20/Feb/2021:03:38:57 +0100] "GET /ceramic-lamp-p-52409.html HTTP/1.0" 200 72226 "-" "Mozilla/5.0 (compatible; SemrushBot/7~bl; +http://www.semrush.com/bot.html)"
54.36.148.90 - - [20/Feb/2021:03:39:03 +0100] "GET /cat-mug-by-cbkreation-p-39715.html HTTP/1.0" 301 71401 "-" "Mozilla/5.0 (compatible; AhrefsBot/7.0; +http://ahrefs.com/robot/)"
66.249.69.164 - - [20/Feb/2021:03:39:09 +0100] "GET /images/3661443612877.jpg HTTP/1.0" 200 259 "-" "Googlebot-Image/1.0"
157.55.39.170 - - [20/Feb/2021:03:39:10 +0100] "GET /catch-the-wave-lilo-and-stitch-15th-anniversary-figurine-p-53271.html HTTP/1.0" 301 73160 "-" "Mozilla/5.0 (compatible; bingbot/2.0; +http://www.bing.com/bingbot.htm)"
13.66.139.137 - - [20/Feb/2021:03:39:14 +0100] "GET /indian-craft-box-drawers-p-37257.html HTTP/1.0" 301 71734 "-" "Mozilla/5.0 (compatible; bingbot/2.0; +http://www.bing.com/bingbot.htm)"
13.66.139.73 - - [20/Feb/2021:03:39:22 +0100] "GET /disney-princess-table-p-1203.html HTTP/1.0" 200 68784 "-" "Mozilla/5.0 (compatible; bingbot/2.0; +http://www.bing.com/bingbot.htm)"
13.66.139.73 - - [20/Feb/2021:03:39:43 +0100] "GET /mug-with-spoon-van-gogh-iris-p-48225.html HTTP/1.0" 301 72034 "-" "Mozilla/5.0 (compatible; bingbot/2.0; +http://www.bing.com/bingbot.htm)"
13.66.139.73 - - [20/Feb/2021:03:39:44 +0100] "GET /cats-by-dubout-sugar-box-p-40099.html HTTP/1.0" 301 71545 "-" "Mozilla/5.0 (compatible; bingbot/2.0; +http://www.bing.com/bingbot.htm)"
13.66.139.137 - - [20/Feb/2021:03:39:47 +0100] "GET /the-saddle-club-100-pieces-puzzle-p-27686.html HTTP/1.0" 301 71653 "-" "Mozilla/5.0 (compatible; bingbot/2.0; +http://www.bing.com/bingbot.htm)"
66.249.69.162 - - [20/Feb/2021:03:39:51 +0100] "GET /images/mini_prod/3540945508980.jpg HTTP/1.0" 200 269 "-" "Googlebot-Image/1.0"
13.66.139.88 - - [20/Feb/2021:03:39:52 +0100] "GET /hello-kitty-ceiling-light-p-11193.html HTTP/1.0" 200 71524 "-" "Mozilla/5.0 (compatible; bingbot/2.0; +http://www.bing.com/bingbot.htm)"
13.66.139.88 - - [20/Feb/2021:03:39:53 +0100] "GET /blue-elephant-piggy-bank-p-47729.html HTTP/1.0" 200 71103 "-" "Mozilla/5.0 (compatible; bingbot/2.0; +http://www.bing.com/bingbot.htm)"
13.66.139.88 - - [20/Feb/2021:03:39:54 +0100] "GET /rococo-retro-phone-p-37502.html HTTP/1.0" 301 71581 "-" "Mozilla/5.0 (compatible; bingbot/2.0; +http://www.bing.com/bingbot.htm)"
13.66.139.137 - - [20/Feb/2021:03:40:03 +0100] "GET /buffalo-skull-glass-cutting-board-by-cbkreation-p-51464.html HTTP/1.0" 301 71607 "-" "Mozilla/5.0 (compatible; bingbot/2.0; +http://www.bing.com/bingbot.htm)"
13.66.139.88 - - [20/Feb/2021:03:40:09 +0100] "GET /white-shell-samsung-s2-with-personalized-picture-p-16356.html HTTP/1.0" 301 71886 "-" "Mozilla/5.0 (compatible; bingbot/2.0; +http://www.bing.com/bingbot.htm)"
185.191.171.36 - - [20/Feb/2021:03:40:11 +0100] "GET /-p-50111.html?action=add_product HTTP/1.0" 302 476 "-" "Mozilla/5.0 (compatible; SemrushBot/7~bl; +http://www.semrush.com/bot.html)"
13.66.139.137 - - [20/Feb/2021:03:40:13 +0100] "GET /moroccan-ashtray-flowers-p-52628.html HTTP/1.0" 200 71306 "-" "Mozilla/5.0 (compatible; bingbot/2.0; +http://www.bing.com/bingbot.htm)"
66.249.69.162 - - [20/Feb/2021:03:40:33 +0100] "GET /images/mini_prod/1399986101702.jpg HTTP/1.0" 200 269 "-" "Googlebot-Image/1.0"
13.66.139.137 - - [20/Feb/2021:03:40:44 +0100] "GET /-p-16159.html HTTP/1.0" 200 68690 "-" "Mozilla/5.0 (compatible; bingbot/2.0; +http://www.bing.com/bingbot.htm)"
13.66.139.137 - - [20/Feb/2021:03:40:45 +0100] "GET /disney-princess-bathrobe-years-p-7915.html HTTP/1.0" 200 68841 "-" "Mozilla/5.0 (compatible; bingbot/2.0; +http://www.bing.com/bingbot.htm)"
54.36.148.75 - - [20/Feb/2021:03:40:49 +0100] "GET /marilyn-monroe-metal-plate-p-8162.html HTTP/1.0" 200 71326 "-" "Mozilla/5.0 (compatible; AhrefsBot/7.0; +http://ahrefs.com/robot/)"
13.66.139.73 - - [20/Feb/2021:03:41:03 +0100] "GET /-p-11975.html HTTP/1.0" 200 68690 "-" "Mozilla/5.0 (compatible; bingbot/2.0; +http://www.bing.com/bingbot.htm)"
13.66.139.137 - - [20/Feb/2021:03:41:07 +0100] "GET /animals-alarm-clock-by-cbkreation-p-43811.html HTTP/1.0" 301 71576 "-" "Mozilla/5.0 (compatible; bingbot/2.0; +http://www.bing.com/bingbot.htm)"
185.191.171.13 - - [20/Feb/2021:03:41:09 +0100] "GET /toiletbrush-bamboo-p-53708.html HTTP/1.0" 200 72125 "-" "Mozilla/5.0 (compatible; SemrushBot/7~bl; +http://www.semrush.com/bot.html)"
185.191.171.21 - - [20/Feb/2021:03:41:12 +0100] "GET /game-thrones-p-26014.html?action=add_product HTTP/1.0" 302 476 "-" "Mozilla/5.0 (compatible; SemrushBot/7~bl; +http://www.semrush.com/bot.html)"
13.66.139.73 - - [20/Feb/2021:03:41:13 +0100] "GET /betty-boop-cap-glove-set-for-child-p-22126.html HTTP/1.0" 301 75732 "-" "Mozilla/5.0 (compatible; bingbot/2.0; +http://www.bing.com/bingbot.htm)"
66.249.69.164 - - [20/Feb/2021:03:41:16 +0100] "GET /images/mini_prod/1399986100569.jpg HTTP/1.0" 200 269 "-" "Googlebot-Image/1.0"
13.66.139.88 - - [20/Feb/2021:03:41:18 +0100] "GET /images/mini_prod/8424346367733.jpg HTTP/1.0" 200 269 "-" "Mozilla/5.0 (compatible; bingbot/2.0; +http://www.bing.com/bingbot.htm)"
13.66.139.137 - - [20/Feb/2021:03:41:23 +0100] "GET /cats-shower-curtain-180-200-cm-p-50729.html HTTP/1.0" 301 72110 "-" "Mozilla/5.0 (compatible; bingbot/2.0; +http://www.bing.com/bingbot.htm)"
185.191.171.5 - - [20/Feb/2021:03:41:27 +0100] "GET /ceramic-flower-pot-p-53369.html HTTP/1.0" 301 71397 "-" "Mozilla/5.0 (compatible; SemrushBot/7~bl; +http://www.semrush.com/bot.html)"
13.66.139.88 - - [20/Feb/2021:03:41:50 +0100] "GET /-p-20219.html HTTP/1.0" 200 68690 "-" "Mozilla/5.0 (compatible; bingbot/2.0; +http://www.bing.com/bingbot.htm)"
13.66.139.88 - - [20/Feb/2021:03:41:51 +0100] "GET /daffy-duck-figure-p-3620.html HTTP/1.0" 200 68746 "-" "Mozilla/5.0 (compatible; bingbot/2.0; +http://www.bing.com/bingbot.htm)"
66.249.69.162 - - [20/Feb/2021:03:41:58 +0100] "GET /images/mini_prod/3700276219515.gif HTTP/1.0" 200 268 "-" "Googlebot-Image/1.0"
13.66.139.88 - - [20/Feb/2021:03:42:09 +0100] "GET /kimmijunior-willow-girly-set-p-17993.html HTTP/1.0" 301 71839 "-" "Mozilla/5.0 (compatible; bingbot/2.0; +http://www.bing.com/bingbot.htm)"
185.191.171.15 - - [20/Feb/2021:03:42:10 +0100] "GET /rectangulary-cushion-cbkreation-p-41918.html HTTP/1.0" 200 68810 "-" "Mozilla/5.0 (compatible; SemrushBot/7~bl; +http://www.semrush.com/bot.html)"
13.66.139.73 - - [20/Feb/2021:03:42:13 +0100] "GET /corsica-espresso-set-p-30430.html HTTP/1.0" 301 68757 "-" "Mozilla/5.0 (compatible; bingbot/2.0; +http://www.bing.com/bingbot.htm)"
54.36.148.253 - - [20/Feb/2021:03:42:23 +0100] "GET /home-and-decoration-c-13.html?page=246 HTTP/1.0" 301 91028 "-" "Mozilla/5.0 (compatible; AhrefsBot/7.0; +http://ahrefs.com/robot/)"
185.191.171.22 - - [20/Feb/2021:03:42:25 +0100] "GET /fiers-etre-marseillais-blue-track-jacket-p-29914.html?action=add_product HTTP/1.0" 302 476 "-" "Mozilla/5.0 (compatible; SemrushBot/7~bl; +http://www.semrush.com/bot.html)"
185.191.171.9 - - [20/Feb/2021:03:42:38 +0100] "GET /little-prince-night-light-stars-projector-musical-p-50838.html HTTP/1.0" 200 72344 "-" "Mozilla/5.0 (compatible; SemrushBot/7~bl; +http://www.semrush.com/bot.html)"
66.249.69.164 - - [20/Feb/2021:03:42:46 +0100] "GET /images/mini_prod/4036113306025.jpg HTTP/1.0" 200 269 "-" "Googlebot-Image/1.0"
13.66.139.73 - - [20/Feb/2021:03:42:51 +0100] "GET /images/big_prod/8424346356614.jpg HTTP/1.0" 200 268 "-" "Mozilla/5.0 (compatible; bingbot/2.0; +http://www.bing.com/bingbot.htm)"
185.191.171.25 - - [20/Feb/2021:03:43:12 +0100] "GET /little-buddha-collection-keychain-p-53292.html?action=add_product HTTP/1.0" 302 476 "-" "Mozilla/5.0 (compatible; SemrushBot/7~bl; +http://www.semrush.com/bot.html)"
66.249.69.164 - - [20/Feb/2021:03:43:15 +0100] "GET /images/mini_prod/4045233026690.jpg HTTP/1.0" 200 269 "-" "Googlebot-Image/1.0"
185.191.171.6 - - [20/Feb/2021:03:43:19 +0100] "GET /nici-leopard-plush-p-22794.html?action=add_product HTTP/1.0" 302 476 "-" "Mozilla/5.0 (compatible; SemrushBot/7~bl; +http://www.semrush.com/bot.html)"
66.249.69.162 - - [20/Feb/2021:03:43:23 +0100] "GET /images/mini_prod/8435107820879.jpg HTTP/1.0" 200 269 "-" "Googlebot-Image/1.0"
13.66.139.73 - - [20/Feb/2021:03:43:23 +0100] "GET /bon-retablissement-hen-figurine-decorative-p-38728.html HTTP/1.0" 301 71613 "-" "Mozilla/5.0 (compatible; bingbot/2.0; +http://www.bing.com/bingbot.htm)"
185.191.171.45 - - [20/Feb/2021:03:43:29 +0100] "GET /longbeach-bedclothes-p-52070.html HTTP/1.0" 200 71381 "-" "Mozilla/5.0 (compatible; SemrushBot/7~bl; +http://www.semrush.com/bot.html)"
13.66.139.73 - - [20/Feb/2021:03:43:54 +0100] "GET /-p-21577.html HTTP/1.0" 200 68690 "-" "Mozilla/5.0 (compatible; bingbot/2.0; +http://www.bing.com/bingbot.htm)"
185.191.171.6 - - [20/Feb/2021:03:43:55 +0100] "GET /plus-plus-pieces-midi-basic-p-19762.html HTTP/1.0" 200 72244 "-" "Mozilla/5.0 (compatible; SemrushBot/7~bl; +http://www.semrush.com/bot.html)"
164.132.161.65 - - [20/Feb/2021:03:43:54 +0100] "GET /retro-marvel-mug-p-52263.html HTTP/1.0" 301 72372 "-" "Mozilla/5.0 (compatible; AhrefsBot/7.0; +http://ahrefs.com/robot/)"
66.249.69.166 - - [20/Feb/2021:03:44:05 +0100] "GET /images/mini_prod/8422015888107.jpg HTTP/1.0" 200 269 "-" "Googlebot-Image/1.0"
13.66.139.73 - - [20/Feb/2021:03:44:13 +0100] "GET /disney-descendants-small-suitcase-p-33687.html HTTP/1.0" 200 68846 "-" "Mozilla/5.0 (compatible; bingbot/2.0; +http://www.bing.com/bingbot.htm)"
13.66.139.88 - - [20/Feb/2021:03:44:28 +0100] "GET /images/big_prod/8433933152645.jpg HTTP/1.0" 200 268 "-" "Mozilla/5.0 (compatible; bingbot/2.0; +http://www.bing.com/bingbot.htm)"
13.66.139.137 - - [20/Feb/2021:03:44:34 +0100] "GET /houndstooth-russian-doll-rectangulary-cushion-by-cbkreation-p-18423.html HTTP/1.0" 301 69068 "-" "Mozilla/5.0 (compatible; bingbot/2.0; +http://www.bing.com/bingbot.htm)"
13.66.139.137 - - [20/Feb/2021:03:44:35 +0100] "GET /remotes-box-p-34259.html HTTP/1.0" 301 68790 "-" "Mozilla/5.0 (compatible; bingbot/2.0; +http://www.bing.com/bingbot.htm)"
66.249.69.162 - - [20/Feb/2021:03:44:48 +0100] "GET /images/mini_prod/3609810013544.jpg HTTP/1.0" 200 269 "-" "Googlebot-Image/1.0"
185.191.171.2 - - [20/Feb/2021:03:45:03 +0100] "GET /robots.txt HTTP/1.0" 200 245 "-" "Mozilla/5.0 (compatible; SemrushBot/7~bl; +http://www.semrush.com/bot.html)"
185.191.171.39 - - [20/Feb/2021:03:45:04 +0100] "GET /placemat-table-bons-amis-p-53593.html HTTP/1.0" 200 71960 "-" "Mozilla/5.0 (compatible; SemrushBot/7~bl; +http://www.semrush.com/bot.html)"
13.66.139.88 - - [20/Feb/2021:03:45:11 +0100] "GET /-p-15798.html HTTP/1.0" 200 68690 "-" "Mozilla/5.0 (compatible; bingbot/2.0; +http://www.bing.com/bingbot.htm)"
185.191.171.2 - - [20/Feb/2021:03:45:15 +0100] "GET /pyramid-elephants-statuette-p-50029.html?action=add_product HTTP/1.0" 302 476 "-" "Mozilla/5.0 (compatible; SemrushBot/7~bl; +http://www.semrush.com/bot.html)"
185.191.171.9 - - [20/Feb/2021:03:45:28 +0100] "GET /body-talk-resin-statue-p-53532.html?action=add_product HTTP/1.0" 302 476 "-" "Mozilla/5.0 (compatible; SemrushBot/7~bl; +http://www.semrush.com/bot.html)"
66.249.69.164 - - [20/Feb/2021:03:45:30 +0100] "GET /images/med_prod/1328399085323.jpg HTTP/1.0" 200 268 "-" "Googlebot-Image/1.0"
54.36.148.14 - - [20/Feb/2021:03:45:30 +0100] "GET /the-little-prince-of-saint-exupery-bowl-p-44843.html HTTP/1.0" 301 71520 "-" "Mozilla/5.0 (compatible; AhrefsBot/7.0; +http://ahrefs.com/robot/)"
185.191.171.42 - - [20/Feb/2021:03:45:31 +0100] "GET /pepe-jeans-sport-p-35990.html HTTP/1.0" 200 71635 "-" "Mozilla/5.0 (compatible; SemrushBot/7~bl; +http://www.semrush.com/bot.html)"
13.66.139.73 - - [20/Feb/2021:03:45:33 +0100] "GET /tablecloth-coustellet-treated-anti-stain-yellow-150-250-cm-p-48523.html HTTP/1.0" 301 72424 "-" "Mozilla/5.0 (compatible; bingbot/2.0; +http://www.bing.com/bingbot.htm)"
13.66.139.88 - - [20/Feb/2021:03:45:39 +0100] "GET /images/mini_prod/8422011490106.jpg HTTP/1.0" 200 269 "-" "Mozilla/5.0 (compatible; bingbot/2.0; +http://www.bing.com/bingbot.htm)"
185.191.171.10 - - [20/Feb/2021:03:45:56 +0100] "GET /portugal-cbkreation-p-13976.html?action=add_product HTTP/1.0" 302 476 "-" "Mozilla/5.0 (compatible; SemrushBot/7~bl; +http://www.semrush.com/bot.html)"
13.66.139.137 - - [20/Feb/2021:03:46:04 +0100] "GET /bottle-opener-corsica-p-48338.html HTTP/1.0" 200 71340 "-" "Mozilla/5.0 (compatible; bingbot/2.0; +http://www.bing.com/bingbot.htm)"
13.66.139.73 - - [20/Feb/2021:03:46:08 +0100] "GET /arabica-kitchen-towel-45-60-cm-p-52684.html HTTP/1.0" 301 71451 "-" "Mozilla/5.0 (compatible; bingbot/2.0; +http://www.bing.com/bingbot.htm)"
66.249.69.162 - - [20/Feb/2021:03:46:12 +0100] "GET /images/mini_prod/5018997627945.jpg HTTP/1.0" 200 269 "-" "Googlebot-Image/1.0"
13.66.139.88 - - [20/Feb/2021:03:46:21 +0100] "GET /gift-box-tetsubin-black-and-gold-teapot-japanese-08-liter-p-38420.html HTTP/1.0" 301 69003 "-" "Mozilla/5.0 (compatible; bingbot/2.0; +http://www.bing.com/bingbot.htm)"
13.66.139.137 - - [20/Feb/2021:03:46:34 +0100] "GET /-p-22585.html HTTP/1.0" 200 68690 "-" "Mozilla/5.0 (compatible; bingbot/2.0; +http://www.bing.com/bingbot.htm)"
13.66.139.73 - - [20/Feb/2021:03:46:43 +0100] "GET /ceramic-lamp-27-cm-p-52608.html HTTP/1.0" 301 72207 "-" "Mozilla/5.0 (compatible; bingbot/2.0; +http://www.bing.com/bingbot.htm)"
13.66.139.73 - - [20/Feb/2021:03:46:44 +0100] "GET /-p-24428.html HTTP/1.0" 200 68690 "-" "Mozilla/5.0 (compatible; bingbot/2.0; +http://www.bing.com/bingbot.htm)"
66.249.69.164 - - [20/Feb/2021:03:46:55 +0100] "GET /images/mini_prod/1399986106097.jpg HTTP/1.0" 200 269 "-" "Googlebot-Image/1.0"
185.191.171.36 - - [20/Feb/2021:03:46:57 +0100] "GET /metal-boxes-and-storage-c-13_150_218.html HTTP/1.0" 301 88780 "-" "Mozilla/5.0 (compatible; SemrushBot/7~bl; +http://www.semrush.com/bot.html)"
51.68.224.127 - - [20/Feb/2021:03:46:57 +0100] "GET /adminweb/export_orders_xml.php?token=256de2z6edz6ed2z6DFSFsed2zed6zeDSFDSGdzedezfzf&maxorders=10&orderstart=1&status=14&start_date=2018-10-01 HTTP/1.0" 200 285 "-" "GesCom CharlotteBoutik Serveur"
51.68.224.127 - - [20/Feb/2021:03:46:58 +0100] "GET /adminweb/export_orders_xml.php?token=256de2z6edz6ed2z6DFSFsed2zed6zeDSFDSGdzedezfzf&maxorders=10&orderstart=1&status=6&start_date=2018-10-01 HTTP/1.0" 200 29990 "-" "GesCom CharlotteBoutik Serveur"
185.191.171.13 - - [20/Feb/2021:03:46:59 +0100] "GET /metal-boxes-storage-c-218.html HTTP/1.0" 301 88534 "-" "Mozilla/5.0 (compatible; SemrushBot/7~bl; +http://www.semrush.com/bot.html)"
185.191.171.19 - - [20/Feb/2021:03:47:01 +0100] "GET /metal-boxes-storage-c-13_150_218.html HTTP/1.0" 200 88696 "-" "Mozilla/5.0 (compatible; SemrushBot/7~bl; +http://www.semrush.com/bot.html)"
54.36.149.79 - - [20/Feb/2021:03:47:02 +0100] "GET /little-tortoise-statuette-p-43104.html HTTP/1.0" 200 71421 "-" "Mozilla/5.0 (compatible; AhrefsBot/7.0; +http://ahrefs.com/robot/)"
66.249.69.166 - - [20/Feb/2021:03:47:03 +0100] "GET /images/mini_prod/8422019487023.jpg HTTP/1.0" 200 269 "-" "Googlebot-Image/1.0"
157.55.39.246 - - [20/Feb/2021:03:47:03 +0100] "GET /japan-glass-cutting-board-by-cbkreation-p-51185.html HTTP/1.0" 301 71523 "-" "Mozilla/5.0 (compatible; bingbot/2.0; +http://www.bing.com/bingbot.htm)"
185.191.171.36 - - [20/Feb/2021:03:47:03 +0100] "GET /cotton-floor-cushion-blue-45-cm-pepsy-funny-p-49113.html HTTP/1.0" 301 68757 "-" "Mozilla/5.0 (compatible; SemrushBot/7~bl; +http://www.semrush.com/bot.html)"
185.191.171.38 - - [20/Feb/2021:03:47:06 +0100] "GET /-p-49113.html HTTP/1.0" 200 68690 "-" "Mozilla/5.0 (compatible; SemrushBot/7~bl; +http://www.semrush.com/bot.html)"
13.66.139.137 - - [20/Feb/2021:03:47:07 +0100] "GET /images/9316188013314.jpg HTTP/1.0" 200 259 "-" "Mozilla/5.0 (compatible; bingbot/2.0; +http://www.bing.com/bingbot.htm)"
13.66.139.137 - - [20/Feb/2021:03:47:08 +0100] "GET /-p-27908.html HTTP/1.0" 200 68690 "-" "Mozilla/5.0 (compatible; bingbot/2.0; +http://www.bing.com/bingbot.htm)"
185.191.171.39 - - [20/Feb/2021:03:47:14 +0100] "GET /bird-feeder-cement-p-45090.html HTTP/1.0" 200 71147 "-" "Mozilla/5.0 (compatible; SemrushBot/7~bl; +http://www.semrush.com/bot.html)"
185.191.171.42 - - [20/Feb/2021:03:47:21 +0100] "GET /happy-colours-pencil-case-p-19853.html HTTP/1.0" 200 71407 "-" "Mozilla/5.0 (compatible; SemrushBot/7~bl; +http://www.semrush.com/bot.html)"
185.191.171.42 - - [20/Feb/2021:03:47:24 +0100] "GET /mini-table-vacuum-ladybug-p-41019.html?action=add_product HTTP/1.0" 302 476 "-" "Mozilla/5.0 (compatible; SemrushBot/7~bl; +http://www.semrush.com/bot.html)"
13.66.139.73 - - [20/Feb/2021:03:47:24 +0100] "GET /small-panda-nici-charm-phone-charm-p-33462.html HTTP/1.0" 200 71439 "-" "Mozilla/5.0 (compatible; bingbot/2.0; +http://www.bing.com/bingbot.htm)"
13.66.139.88 - - [20/Feb/2021:03:47:30 +0100] "GET /images/med_prod/8412497917624.jpg HTTP/1.0" 200 268 "-" "Mozilla/5.0 (compatible; bingbot/2.0; +http://www.bing.com/bingbot.htm)"
185.191.171.17 - - [20/Feb/2021:03:47:30 +0100] "GET /betty-boop-mtal-ashtray-biker-p-36139.html HTTP/1.0" 200 71417 "-" "Mozilla/5.0 (compatible; SemrushBot/7~bl; +http://www.semrush.com/bot.html)"
66.249.69.164 - - [20/Feb/2021:03:47:43 +0100] "GET /images/mini_prod/1399984256312.jpg HTTP/1.0" 200 269 "-" "Googlebot-Image/1.0"
13.66.139.137 - - [20/Feb/2021:03:47:54 +0100] "GET /laundry-basket-50-cm-p-52236.html HTTP/1.0" 301 71448 "-" "Mozilla/5.0 (compatible; bingbot/2.0; +http://www.bing.com/bingbot.htm)"
185.191.171.11 - - [20/Feb/2021:03:48:09 +0100] "GET /money-bank-carlin-cbkreation-p-30094.html HTTP/1.0" 200 71430 "-" "Mozilla/5.0 (compatible; SemrushBot/7~bl; +http://www.semrush.com/bot.html)"
13.66.139.88 - - [20/Feb/2021:03:48:11 +0100] "GET /ball-shaped-lamp-marble-effect-p-52848.html HTTP/1.0" 200 72025 "-" "Mozilla/5.0 (compatible; bingbot/2.0; +http://www.bing.com/bingbot.htm)"
66.249.69.164 - - [20/Feb/2021:03:48:19 +0100] "GET /images/mini_prod/8424001480036.jpg HTTP/1.0" 200 269 "-" "Googlebot-Image/1.0"
54.36.148.90 - - [20/Feb/2021:03:48:21 +0100] "GET /vivienne-hedgehog-in-cement-25-cm-p-44524.html HTTP/1.0" 301 71520 "-" "Mozilla/5.0 (compatible; AhrefsBot/7.0; +http://ahrefs.com/robot/)"
13.66.139.137 - - [20/Feb/2021:03:48:44 +0100] "GET /duvet-cover-in-cotton-percale-80-threads-240-220-cm-p-48158.html HTTP/1.0" 301 71729 "-" "Mozilla/5.0 (compatible; bingbot/2.0; +http://www.bing.com/bingbot.htm)"
13.66.139.88 - - [20/Feb/2021:03:48:51 +0100] "GET /images/big_prod/3453131129695.jpg HTTP/1.0" 200 268 "-" "Mozilla/5.0 (compatible; bingbot/2.0; +http://www.bing.com/bingbot.htm)"
13.66.139.88 - - [20/Feb/2021:03:48:52 +0100] "GET /-p-31252.html HTTP/1.0" 200 68690 "-" "Mozilla/5.0 (compatible; bingbot/2.0; +http://www.bing.com/bingbot.htm)"
13.66.139.73 - - [20/Feb/2021:03:48:56 +0100] "GET /cherry-blossoms-turquoise-tea-box-p-39292.html HTTP/1.0" 301 71621 "-" "Mozilla/5.0 (compatible; bingbot/2.0; +http://www.bing.com/bingbot.htm)"
66.249.69.162 - - [20/Feb/2021:03:49:02 +0100] "GET /images/mini_prod/8433933312469.jpg HTTP/1.0" 200 269 "-" "Googlebot-Image/1.0"
157.55.39.69 - - [20/Feb/2021:03:49:02 +0100] "GET /decorations/tin-and-metal-signs/small-collection-plate-metal-vespa-the-den-the-vespa-p-16835.html HTTP/1.0" 301 705 "-" "Mozilla/5.0 (compatible; bingbot/2.0; +http://www.bing.com/bingbot.htm)"
13.66.139.88 - - [20/Feb/2021:03:49:12 +0100] "GET /-p-38162.html HTTP/1.0" 200 68690 "-" "Mozilla/5.0 (compatible; bingbot/2.0; +http://www.bing.com/bingbot.htm)"
13.66.139.137 - - [20/Feb/2021:03:49:16 +0100] "GET /images/4025055094589.jpg HTTP/1.0" 200 259 "-" "Mozilla/5.0 (compatible; bingbot/2.0; +http://www.bing.com/bingbot.htm)"
13.66.139.137 - - [20/Feb/2021:03:49:16 +0100] "GET /-p-32726.html HTTP/1.0" 200 68690 "-" "Mozilla/5.0 (compatible; bingbot/2.0; +http://www.bing.com/bingbot.htm)"
157.55.39.246 - - [20/Feb/2021:03:49:21 +0100] "GET /products_new.php?page=4 HTTP/1.0" 200 94043 "-" "Mozilla/5.0 (compatible; bingbot/2.0; +http://www.bing.com/bingbot.htm)"
13.66.139.137 - - [20/Feb/2021:03:49:26 +0100] "GET /images/big_prod_1/8422014032808B.jpg HTTP/1.0" 200 271 "-" "Mozilla/5.0 (compatible; bingbot/2.0; +http://www.bing.com/bingbot.htm)"
13.66.139.73 - - [20/Feb/2021:03:49:34 +0100] "GET /rolling-stones-zippo-lighter-p-29788.html HTTP/1.0" 200 68821 "-" "Mozilla/5.0 (compatible; bingbot/2.0; +http://www.bing.com/bingbot.htm)"
185.191.171.14 - - [20/Feb/2021:03:49:39 +0100] "GET /sheep-soft-water-bottle-p-53626.html?action=add_product HTTP/1.0" 302 476 "-" "Mozilla/5.0 (compatible; SemrushBot/7~bl; +http://www.semrush.com/bot.html)"
66.249.69.164 - - [20/Feb/2021:03:49:44 +0100] "GET /images/big_prod/1384220122452.jpg HTTP/1.0" 200 268 "-" "Googlebot-Image/1.0"
13.66.139.73 - - [20/Feb/2021:03:49:44 +0100] "GET /bookend-wood-le-petit-prince-de-st-exupery-p-47768.html HTTP/1.0" 301 71592 "-" "Mozilla/5.0 (compatible; bingbot/2.0; +http://www.bing.com/bingbot.htm)"
66.249.69.162 - - [20/Feb/2021:03:49:49 +0100] "GET /boire-du-jaune-metal-tray-33-cm-p-53578.html HTTP/1.0" 301 72325 "-" "Mozilla/5.0 (Linux; Android 6.0.1; Nexus 5X Build/MMB29P) AppleWebKit/537.36 (KHTML, like Gecko) Chrome/88.0.4324.153 Mobile Safari/537.36 (compatible; Googlebot/2.1; +http://www.google.com/bot.html)"
66.249.69.162 - - [20/Feb/2021:03:49:50 +0100] "GET /boire-jaune-metal-tray-p-53578.html HTTP/1.0" 200 72236 "-" "Mozilla/5.0 (Linux; Android 6.0.1; Nexus 5X Build/MMB29P) AppleWebKit/537.36 (KHTML, like Gecko) Chrome/88.0.4324.153 Mobile Safari/537.36 (compatible; Googlebot/2.1; +http://www.google.com/bot.html)"
54.36.148.90 - - [20/Feb/2021:03:49:59 +0100] "GET /wall-decoration-heart-30-20-cm-p-52201.html HTTP/1.0" 301 71529 "-" "Mozilla/5.0 (compatible; AhrefsBot/7.0; +http://ahrefs.com/robot/)"
185.191.171.43 - - [20/Feb/2021:03:50:16 +0100] "GET /echeveria-bedclothes-220-240-cm-p-44055.html HTTP/1.0" 301 68757 "-" "Mozilla/5.0 (compatible; SemrushBot/7~bl; +http://www.semrush.com/bot.html)"
185.191.171.12 - - [20/Feb/2021:03:50:18 +0100] "GET /-p-44055.html HTTP/1.0" 200 68690 "-" "Mozilla/5.0 (compatible; SemrushBot/7~bl; +http://www.semrush.com/bot.html)"
66.249.69.164 - - [20/Feb/2021:03:50:26 +0100] "GET /images/big_prod/8424346241279.jpg HTTP/1.0" 200 268 "-" "Googlebot-Image/1.0"
185.191.171.35 - - [20/Feb/2021:03:50:51 +0100] "GET /pusheen-baking-collectable-p-40024.html HTTP/1.0" 200 72625 "-" "Mozilla/5.0 (compatible; SemrushBot/7~bl; +http://www.semrush.com/bot.html)"
13.66.139.137 - - [20/Feb/2021:03:50:54 +0100] "GET /mini-cooper-union-jack-figurine-p-26242.html HTTP/1.0" 200 68804 "-" "Mozilla/5.0 (compatible; bingbot/2.0; +http://www.bing.com/bingbot.htm)"
66.249.69.162 - - [20/Feb/2021:03:51:09 +0100] "GET /images/mini_prod/4029811323203.jpg HTTP/1.0" 200 269 "-" "Googlebot-Image/1.0"
185.191.171.16 - - [20/Feb/2021:03:51:13 +0100] "GET /porcelain-mug-set-cheery-and-baffled-tassen-made-in-germany-p-47555.html HTTP/1.0" 301 73590 "-" "Mozilla/5.0 (compatible; SemrushBot/7~bl; +http://www.semrush.com/bot.html)"
13.66.139.73 - - [20/Feb/2021:03:51:22 +0100] "GET /images/big_prod/3700230605514.jpg HTTP/1.0" 200 268 "-" "Mozilla/5.0 (compatible; bingbot/2.0; +http://www.bing.com/bingbot.htm)"
185.191.171.17 - - [20/Feb/2021:03:51:29 +0100] "GET /disney-princess-card-with-envelope-p-34458.html HTTP/1.0" 200 71438 "-" "Mozilla/5.0 (compatible; SemrushBot/7~bl; +http://www.semrush.com/bot.html)"
54.36.149.8 - - [20/Feb/2021:03:51:38 +0100] "GET /small-jar-candle-cashmere-p-46017.html HTTP/1.0" 301 71869 "-" "Mozilla/5.0 (compatible; AhrefsBot/7.0; +http://ahrefs.com/robot/)"
185.191.171.35 - - [20/Feb/2021:03:51:43 +0100] "GET /cotton-tablecloth-fish-bank-p-39887.html?action=add_product HTTP/1.0" 302 476 "-" "Mozilla/5.0 (compatible; SemrushBot/7~bl; +http://www.semrush.com/bot.html)"
13.66.139.137 - - [20/Feb/2021:03:51:45 +0100] "GET /images/big_prod/1345544780124.jpg HTTP/1.0" 200 268 "-" "Mozilla/5.0 (compatible; bingbot/2.0; +http://www.bing.com/bingbot.htm)"
185.191.171.26 - - [20/Feb/2021:03:51:46 +0100] "GET /mighty-evil-iago-jafar-figurine-p-39430.html HTTP/1.0" 200 72089 "-" "Mozilla/5.0 (compatible; SemrushBot/7~bl; +http://www.semrush.com/bot.html)"
13.66.139.137 - - [20/Feb/2021:03:51:46 +0100] "GET /-p-38719.html HTTP/1.0" 200 68690 "-" "Mozilla/5.0 (compatible; bingbot/2.0; +http://www.bing.com/bingbot.htm)"
66.249.69.164 - - [20/Feb/2021:03:51:51 +0100] "GET /images/mini_prod/4036113280035.jpg HTTP/1.0" 200 269 "-" "Googlebot-Image/1.0"
66.249.69.164 - - [20/Feb/2021:03:52:10 +0100] "GET /salt-pepper-shaker-sets-c-160.html HTTP/1.0" 301 88921 "-" "Mozilla/5.0 (Linux; Android 6.0.1; Nexus 5X Build/MMB29P) AppleWebKit/537.36 (KHTML, like Gecko) Chrome/88.0.4324.153 Mobile Safari/537.36 (compatible; Googlebot/2.1; +http://www.google.com/bot.html)"
66.249.69.162 - - [20/Feb/2021:03:52:11 +0100] "GET /salt-pepper-shaker-sets-c-12_160.html HTTP/1.0" 200 88934 "-" "Mozilla/5.0 (Linux; Android 6.0.1; Nexus 5X Build/MMB29P) AppleWebKit/537.36 (KHTML, like Gecko) Chrome/88.0.4324.153 Mobile Safari/537.36 (compatible; Googlebot/2.1; +http://www.google.com/bot.html)"
13.66.139.73 - - [20/Feb/2021:03:52:15 +0100] "GET /plush-keeleco-eco-friendly-lion-p-51845.html HTTP/1.0" 301 72670 "-" "Mozilla/5.0 (compatible; bingbot/2.0; +http://www.bing.com/bingbot.htm)"
185.191.171.19 - - [20/Feb/2021:03:52:30 +0100] "GET /rectangular-burlap-placemat-corsica-p-50939.html?action=add_product HTTP/1.0" 302 476 "-" "Mozilla/5.0 (compatible; SemrushBot/7~bl; +http://www.semrush.com/bot.html)"
66.249.69.162 - - [20/Feb/2021:03:52:37 +0100] "GET /images/mini_prod/8422056789630B.jpg HTTP/1.0" 200 270 "-" "Googlebot-Image/1.0"
185.191.171.3 - - [20/Feb/2021:03:52:51 +0100] "GET /serve-coffee-cutting-board-p-40647.html HTTP/1.0" 200 71434 "-" "Mozilla/5.0 (compatible; SemrushBot/7~bl; +http://www.semrush.com/bot.html)"
185.191.171.38 - - [20/Feb/2021:03:52:55 +0100] "GET /pencil-case-p-10348.html?action=add_product HTTP/1.0" 302 476 "-" "Mozilla/5.0 (compatible; SemrushBot/7~bl; +http://www.semrush.com/bot.html)"
185.191.171.12 - - [20/Feb/2021:03:53:12 +0100] "GET /orange-lama-with-endless-knott-p-45358.html?action=add_product HTTP/1.0" 302 476 "-" "Mozilla/5.0 (compatible; SemrushBot/7~bl; +http://www.semrush.com/bot.html)"
54.36.148.90 - - [20/Feb/2021:03:53:14 +0100] "GET /toiletry-bag-p-41056.html HTTP/1.0" 301 71434 "-" "Mozilla/5.0 (compatible; AhrefsBot/7.0; +http://ahrefs.com/robot/)"
66.249.69.166 - - [20/Feb/2021:03:53:16 +0100] "GET /images/mini_prod/8424346036080.jpg HTTP/1.0" 200 269 "-" "Googlebot-Image/1.0"
185.191.171.43 - - [20/Feb/2021:03:53:32 +0100] "GET /quote-cutting-board-p-42912.html HTTP/1.0" 301 68757 "-" "Mozilla/5.0 (compatible; SemrushBot/7~bl; +http://www.semrush.com/bot.html)"
185.191.171.44 - - [20/Feb/2021:03:53:34 +0100] "GET /-p-42912.html HTTP/1.0" 200 68690 "-" "Mozilla/5.0 (compatible; SemrushBot/7~bl; +http://www.semrush.com/bot.html)"
185.191.171.11 - - [20/Feb/2021:03:53:47 +0100] "GET /figurine-decorative-p-34554.html HTTP/1.0" 200 71388 "-" "Mozilla/5.0 (compatible; SemrushBot/7~bl; +http://www.semrush.com/bot.html)"
185.191.171.41 - - [20/Feb/2021:03:53:50 +0100] "GET /triangular-metallic-plate-hang-moto-p-48073.html HTTP/1.0" 200 72115 "-" "Mozilla/5.0 (compatible; SemrushBot/7~bl; +http://www.semrush.com/bot.html)"
13.66.139.73 - - [20/Feb/2021:03:53:55 +0100] "GET /chair-cushion-scratchs-blue-and-lin-38-cm-p-49314.html HTTP/1.0" 301 71547 "-" "Mozilla/5.0 (compatible; bingbot/2.0; +http://www.bing.com/bingbot.htm)"
66.249.69.164 - - [20/Feb/2021:03:53:58 +0100] "GET /images/big_prod_1/8424346352654B.jpg HTTP/1.0" 200 271 "-" "Googlebot-Image/1.0"
185.191.171.13 - - [20/Feb/2021:03:54:00 +0100] "GET /cats-dubout-photo-frame-third-p-33753.html?action=add_product HTTP/1.0" 302 476 "-" "Mozilla/5.0 (compatible; SemrushBot/7~bl; +http://www.semrush.com/bot.html)"
216.244.66.242 - - [20/Feb/2021:03:54:19 +0100] "GET /robots.txt HTTP/1.0" 200 245 "-" "Mozilla/5.0 (compatible; DotBot/1.1; http://www.opensiteexplorer.org/dotbot, help@moz.com)"
66.249.69.166 - - [20/Feb/2021:03:54:20 +0100] "GET /incense-elephant-rose-15-gr-patchouli-celeste-prema-p-40371.html HTTP/1.0" 301 71724 "-" "Mozilla/5.0 (Linux; Android 6.0.1; Nexus 5X Build/MMB29P) AppleWebKit/537.36 (KHTML, like Gecko) Chrome/88.0.4324.153 Mobile Safari/537.36 (compatible; Googlebot/2.1; +http://www.google.com/bot.html)"
66.249.69.162 - - [20/Feb/2021:03:54:21 +0100] "GET /incense-lphant-rose-patchouli-cleste-prema-p-40371.html HTTP/1.0" 200 71615 "-" "Mozilla/5.0 (Linux; Android 6.0.1; Nexus 5X Build/MMB29P) AppleWebKit/537.36 (KHTML, like Gecko) Chrome/88.0.4324.153 Mobile Safari/537.36 (compatible; Googlebot/2.1; +http://www.google.com/bot.html)"
13.66.139.137 - - [20/Feb/2021:03:54:24 +0100] "GET /falbala-figure-p-4587.html HTTP/1.0" 200 68749 "-" "Mozilla/5.0 (compatible; bingbot/2.0; +http://www.bing.com/bingbot.htm)"
185.191.171.11 - - [20/Feb/2021:03:54:31 +0100] "GET /mani-the-lucky-cat-figurine-11-cm-p-47600.html HTTP/1.0" 301 68904 "-" "Mozilla/5.0 (compatible; SemrushBot/7~bl; +http://www.semrush.com/bot.html)"
185.191.171.35 - - [20/Feb/2021:03:54:33 +0100] "GET /mani-lucky-figurine-p-47600.html HTTP/1.0" 200 68818 "-" "Mozilla/5.0 (compatible; SemrushBot/7~bl; +http://www.semrush.com/bot.html)"
13.66.139.73 - - [20/Feb/2021:03:54:35 +0100] "GET /teo-jasmin-medium-cabas-teo-nova-p-43482.html HTTP/1.0" 301 72391 "-" "Mozilla/5.0 (compatible; bingbot/2.0; +http://www.bing.com/bingbot.htm)"
157.55.39.246 - - [20/Feb/2021:03:54:40 +0100] "GET /js/jquery.js HTTP/1.0" 200 252 "-" "Mozilla/5.0 (compatible; bingbot/2.0; +http://www.bing.com/bingbot.htm)"
66.249.69.164 - - [20/Feb/2021:03:54:40 +0100] "GET /images/mini_prod/1399984258354.jpg HTTP/1.0" 200 269 "-" "Googlebot-Image/1.0"
157.55.39.69 - - [20/Feb/2021:03:54:44 +0100] "GET /highslide/highslide.js HTTP/1.0" 200 262 "-" "Mozilla/5.0 (compatible; bingbot/2.0; +http://www.bing.com/bingbot.htm)"
54.36.148.94 - - [20/Feb/2021:03:54:45 +0100] "GET /allen-the-owl-tote-bag-p-47660.html HTTP/1.0" 301 72026 "-" "Mozilla/5.0 (compatible; AhrefsBot/7.0; +http://ahrefs.com/robot/)"
185.191.171.20 - - [20/Feb/2021:03:55:03 +0100] "GET /magnet-citron-p-40123.html HTTP/1.0" 200 71336 "-" "Mozilla/5.0 (compatible; SemrushBot/7~bl; +http://www.semrush.com/bot.html)"
13.66.139.88 - - [20/Feb/2021:03:55:13 +0100] "GET /snow-and-glitter-ball-c-13_259.html HTTP/1.0" 301 88595 "-" "Mozilla/5.0 (compatible; bingbot/2.0; +http://www.bing.com/bingbot.htm)"
13.66.139.73 - - [20/Feb/2021:03:55:17 +0100] "GET /buddha-resin-gold-statue-10-cm-not-say-p-38078.html HTTP/1.0" 301 68910 "-" "Mozilla/5.0 (compatible; bingbot/2.0; +http://www.bing.com/bingbot.htm)"
66.249.69.164 - - [20/Feb/2021:03:55:23 +0100] "GET /images/big_prod/3014627953752.jpg HTTP/1.0" 200 268 "-" "Googlebot-Image/1.0"
13.66.139.137 - - [20/Feb/2021:03:55:25 +0100] "GET /images/big_prod/3560600315005.jpg HTTP/1.0" 200 268 "-" "Mozilla/5.0 (compatible; bingbot/2.0; +http://www.bing.com/bingbot.htm)"
13.66.139.73 - - [20/Feb/2021:03:55:34 +0100] "GET /amethyst-druse-pendant-balance-body-spirit-p-47231.html HTTP/1.0" 200 72247 "-" "Mozilla/5.0 (compatible; bingbot/2.0; +http://www.bing.com/bingbot.htm)"
185.191.171.41 - - [20/Feb/2021:03:55:37 +0100] "GET /ceramic-salt-box-paludier-p-50628.html HTTP/1.0" 301 68757 "-" "Mozilla/5.0 (compatible; SemrushBot/7~bl; +http://www.semrush.com/bot.html)"
185.191.171.41 - - [20/Feb/2021:03:55:39 +0100] "GET /-p-50628.html HTTP/1.0" 200 68690 "-" "Mozilla/5.0 (compatible; SemrushBot/7~bl; +http://www.semrush.com/bot.html)"
185.191.171.9 - - [20/Feb/2021:03:55:52 +0100] "GET /products_new.php?page=22 HTTP/1.0" 200 93995 "-" "Mozilla/5.0 (compatible; SemrushBot/7~bl; +http://www.semrush.com/bot.html)"
13.66.139.73 - - [20/Feb/2021:03:55:55 +0100] "GET /pitchers-and-drink-dispensers-c-12_243.html HTTP/1.0" 301 88227 "-" "Mozilla/5.0 (compatible; bingbot/2.0; +http://www.bing.com/bingbot.htm)"
13.66.139.73 - - [20/Feb/2021:03:55:56 +0100] "GET /gnome-garden-glitter-ball-p-35638.html HTTP/1.0" 301 68757 "-" "Mozilla/5.0 (compatible; bingbot/2.0; +http://www.bing.com/bingbot.htm)"
13.66.139.73 - - [20/Feb/2021:03:55:57 +0100] "GET /-p-16044.html HTTP/1.0" 200 68690 "-" "Mozilla/5.0 (compatible; bingbot/2.0; +http://www.bing.com/bingbot.htm)"
13.66.139.88 - - [20/Feb/2021:03:56:03 +0100] "GET /-p-37213.html HTTP/1.0" 200 68690 "-" "Mozilla/5.0 (compatible; bingbot/2.0; +http://www.bing.com/bingbot.htm)"
66.249.69.166 - - [20/Feb/2021:03:56:05 +0100] "GET /images/mini_prod/9316188077071.jpg HTTP/1.0" 200 269 "-" "Googlebot-Image/1.0"
185.191.171.4 - - [20/Feb/2021:03:56:07 +0100] "GET /retro-coffee-wooden-wall-decoration-hang-p-35918.html?action=add_product HTTP/1.0" 302 476 "-" "Mozilla/5.0 (compatible; SemrushBot/7~bl; +http://www.semrush.com/bot.html)"
13.66.139.137 - - [20/Feb/2021:03:56:08 +0100] "GET /us-route-66-pencil-pot-p-24212.html HTTP/1.0" 301 71372 "-" "Mozilla/5.0 (compatible; bingbot/2.0; +http://www.bing.com/bingbot.htm)"
54.36.148.90 - - [20/Feb/2021:03:56:12 +0100] "GET /white-piggy-bank-p-34691.html HTTP/1.0" 200 71261 "-" "Mozilla/5.0 (compatible; AhrefsBot/7.0; +http://ahrefs.com/robot/)"
157.55.39.159 - - [20/Feb/2021:03:56:12 +0100] "GET /-p-22602.html HTTP/1.0" 200 68690 "-" "Mozilla/5.0 (compatible; bingbot/2.0; +http://www.bing.com/bingbot.htm)"
13.66.139.88 - - [20/Feb/2021:03:56:22 +0100] "GET /angel-wings-black-shirt-cbkreation-p-30122.html HTTP/1.0" 200 72438 "-" "Mozilla/5.0 (compatible; bingbot/2.0; +http://www.bing.com/bingbot.htm)"
13.66.139.88 - - [20/Feb/2021:03:56:23 +0100] "GET /images/b8427787034806.jpg HTTP/1.0" 200 260 "-" "Mozilla/5.0 (compatible; bingbot/2.0; +http://www.bing.com/bingbot.htm)"
13.66.139.73 - - [20/Feb/2021:03:56:26 +0100] "GET /-p-20026.html HTTP/1.0" 200 68690 "-" "Mozilla/5.0 (compatible; bingbot/2.0; +http://www.bing.com/bingbot.htm)"
13.66.139.137 - - [20/Feb/2021:03:56:36 +0100] "GET /fiat-500-orange-desk-lamp-p-17064.html HTTP/1.0" 301 72198 "-" "Mozilla/5.0 (compatible; bingbot/2.0; +http://www.bing.com/bingbot.htm)"
13.66.139.137 - - [20/Feb/2021:03:56:37 +0100] "GET /tetsubin-light-green-teapot-japanese-06-liter-p-38416.html HTTP/1.0" 301 71828 "-" "Mozilla/5.0 (compatible; bingbot/2.0; +http://www.bing.com/bingbot.htm)"
185.191.171.18 - - [20/Feb/2021:03:56:38 +0100] "GET /fragrance-sachet-cinnamon-spice-p-40559.html HTTP/1.0" 200 72068 "-" "Mozilla/5.0 (compatible; SemrushBot/7~bl; +http://www.semrush.com/bot.html)"
185.191.171.14 - - [20/Feb/2021:03:56:42 +0100] "GET /lavande-soap-soap-p-40113.html HTTP/1.0" 200 71612 "-" "Mozilla/5.0 (compatible; SemrushBot/7~bl; +http://www.semrush.com/bot.html)"
66.249.69.164 - - [20/Feb/2021:03:56:48 +0100] "GET /images/big_prod/8720088295809.jpg HTTP/1.0" 200 268 "-" "Googlebot-Image/1.0"
157.55.39.246 - - [20/Feb/2021:03:56:50 +0100] "GET /js/jquery.js HTTP/1.0" 200 252 "-" "Mozilla/5.0 (compatible; bingbot/2.0; +http://www.bing.com/bingbot.htm)"
185.191.171.15 - - [20/Feb/2021:03:56:58 +0100] "GET /libra-clasic-keyring-cbkreation-p-43244.html HTTP/1.0" 200 71466 "-" "Mozilla/5.0 (compatible; SemrushBot/7~bl; +http://www.semrush.com/bot.html)"
185.191.171.19 - - [20/Feb/2021:03:57:19 +0100] "GET /marilyn-glass-wall-clock-p-53929.html?action=add_product HTTP/1.0" 302 476 "-" "Mozilla/5.0 (compatible; SemrushBot/7~bl; +http://www.semrush.com/bot.html)"
66.249.69.162 - - [20/Feb/2021:03:57:36 +0100] "GET /images/mini_prod/1399986101047NN.jpg HTTP/1.0" 200 271 "-" "Googlebot-Image/1.0"
13.66.139.88 - - [20/Feb/2021:03:57:42 +0100] "GET /images/4891813201083.jpg HTTP/1.0" 200 259 "-" "Mozilla/5.0 (compatible; bingbot/2.0; +http://www.bing.com/bingbot.htm)"
13.66.139.88 - - [20/Feb/2021:03:57:42 +0100] "GET /barbabelle-and-francois-car-p-15686.html HTTP/1.0" 301 71602 "-" "Mozilla/5.0 (compatible; bingbot/2.0; +http://www.bing.com/bingbot.htm)"
13.66.139.73 - - [20/Feb/2021:03:57:46 +0100] "GET /images/8435306246456bis.jpg HTTP/1.0" 200 262 "-" "Mozilla/5.0 (compatible; bingbot/2.0; +http://www.bing.com/bingbot.htm)"
54.36.149.27 - - [20/Feb/2021:03:57:50 +0100] "GET /cotton-floor-cushion-44-cm-p-51502.html HTTP/1.0" 301 71425 "-" "Mozilla/5.0 (compatible; AhrefsBot/7.0; +http://ahrefs.com/robot/)"
66.249.69.162 - - [20/Feb/2021:03:58:12 +0100] "GET /images/big_prod/8718657461199.jpg HTTP/1.0" 200 268 "-" "Googlebot-Image/1.0"
66.249.69.162 - - [20/Feb/2021:03:58:12 +0100] "GET /images/mini_prod/B1399984289426.jpg HTTP/1.0" 200 270 "-" "Googlebot-Image/1.0"
13.66.139.88 - - [20/Feb/2021:03:58:14 +0100] "GET /images/big_prod/3565750289824.jpg HTTP/1.0" 200 268 "-" "Mozilla/5.0 (compatible; bingbot/2.0; +http://www.bing.com/bingbot.htm)"
13.66.139.88 - - [20/Feb/2021:03:58:15 +0100] "GET /hello-kitty-personal-diary-p-7049.html HTTP/1.0" 200 71398 "-" "Mozilla/5.0 (compatible; bingbot/2.0; +http://www.bing.com/bingbot.htm)"
