66.249.69.164 - - [20/Feb/2021:11:02:54 +0100] "GET /mani-the-lucky-cat-mug-p-44057.html HTTP/1.0" 301 68844 "-" "Mozilla/5.0 (Linux; Android 6.0.1; Nexus 5X Build/MMB29P) AppleWebKit/537.36 (KHTML, like Gecko) Chrome/88.0.4324.153 Mobile Safari/537.36 (compatible; Googlebot/2.1; +http://www.google.com/bot.html)"
66.249.69.166 - - [20/Feb/2021:11:02:55 +0100] "GET /mani-lucky-p-44057.html HTTP/1.0" 200 68767 "-" "Mozilla/5.0 (Linux; Android 6.0.1; Nexus 5X Build/MMB29P) AppleWebKit/537.36 (KHTML, like Gecko) Chrome/88.0.4324.153 Mobile Safari/537.36 (compatible; Googlebot/2.1; +http://www.google.com/bot.html)"
185.191.171.2 - - [20/Feb/2021:11:02:55 +0100] "GET /assassin-creed-p-17037.html HTTP/1.0" 200 71324 "-" "Mozilla/5.0 (compatible; SemrushBot/7~bl; +http://www.semrush.com/bot.html)"
207.46.13.52 - - [20/Feb/2021:11:03:00 +0100] "GET /gund-boo-daisy-small-plush-p-33956.html HTTP/1.0" 301 71577 "-" "Mozilla/5.0 (compatible; bingbot/2.0; +http://www.bing.com/bingbot.htm)"
185.191.171.21 - - [20/Feb/2021:11:03:07 +0100] "GET /decorative-articulated-magnifying-glass-p-49462.html HTTP/1.0" 200 71587 "-" "Mozilla/5.0 (compatible; SemrushBot/7~bl; +http://www.semrush.com/bot.html)"
13.66.139.88 - - [20/Feb/2021:11:03:11 +0100] "GET /-p-12916.html HTTP/1.0" 200 68690 "-" "Mozilla/5.0 (compatible; bingbot/2.0; +http://www.bing.com/bingbot.htm)"
13.66.139.73 - - [20/Feb/2021:11:03:17 +0100] "GET /large-triptych-hanging-clock-airplane-metal-and-wood-207-cm-p-51998.html HTTP/1.0" 301 73070 "-" "Mozilla/5.0 (compatible; bingbot/2.0; +http://www.bing.com/bingbot.htm)"
54.36.148.90 - - [20/Feb/2021:11:03:21 +0100] "GET /stefano-tooth-box-p-51570.html HTTP/1.0" 301 72053 "-" "Mozilla/5.0 (compatible; AhrefsBot/7.0; +http://ahrefs.com/robot/)"
13.66.139.88 - - [20/Feb/2021:11:03:22 +0100] "GET /pink-polyester-round-chair-cushion-p-47034.html HTTP/1.0" 200 71435 "-" "Mozilla/5.0 (compatible; bingbot/2.0; +http://www.bing.com/bingbot.htm)"
114.119.151.113 - - [20/Feb/2021:11:03:25 +0100] "GET /images/mini_prod/8720088297919a.jpg HTTP/1.0" 200 270 "-" "Mozilla/5.0 (Linux; Android 7.0;) AppleWebKit/537.36 (KHTML, like Gecko) Mobile Safari/537.36 (compatible; PetalBot;+https://aspiegel.com/petalbot)"
13.66.139.137 - - [20/Feb/2021:11:03:46 +0100] "GET /beautiful-ladybug-and-her-car-figure-p-3943.html HTTP/1.0" 301 72271 "-" "Mozilla/5.0 (compatible; bingbot/2.0; +http://www.bing.com/bingbot.htm)"
13.66.139.137 - - [20/Feb/2021:11:03:47 +0100] "GET /hello-kitty-large-backpack-p-23250.html HTTP/1.0" 200 68784 "-" "Mozilla/5.0 (compatible; bingbot/2.0; +http://www.bing.com/bingbot.htm)"
66.249.69.164 - - [20/Feb/2021:11:04:01 +0100] "GET /walking-dead-shirt-p-29586.html HTTP/1.0" 200 72980 "-" "Mozilla/5.0 (Linux; Android 6.0.1; Nexus 5X Build/MMB29P) AppleWebKit/537.36 (KHTML, like Gecko) Chrome/88.0.4324.153 Mobile Safari/537.36 (compatible; Googlebot/2.1; +http://www.google.com/bot.html)"
13.66.139.73 - - [20/Feb/2021:11:04:07 +0100] "GET /industrial-metal-antique-chandelier-p-34707.html HTTP/1.0" 200 71483 "-" "Mozilla/5.0 (compatible; bingbot/2.0; +http://www.bing.com/bingbot.htm)"
13.66.139.88 - - [20/Feb/2021:11:04:12 +0100] "GET /tweety-coat-rack-p-6987.html HTTP/1.0" 200 71427 "-" "Mozilla/5.0 (compatible; bingbot/2.0; +http://www.bing.com/bingbot.htm)"
13.66.139.73 - - [20/Feb/2021:11:04:17 +0100] "GET /florialys-fragrance-in-provence-golden-jasmine-p-48498.html HTTP/1.0" 301 71739 "-" "Mozilla/5.0 (compatible; bingbot/2.0; +http://www.bing.com/bingbot.htm)"
185.191.171.10 - - [20/Feb/2021:11:04:25 +0100] "GET /chihuahua-white-p-49733.html?action=add_product HTTP/1.0" 302 476 "-" "Mozilla/5.0 (compatible; SemrushBot/7~bl; +http://www.semrush.com/bot.html)"
13.66.139.137 - - [20/Feb/2021:11:04:27 +0100] "GET /-p-4141.html HTTP/1.0" 200 68688 "-" "Mozilla/5.0 (compatible; bingbot/2.0; +http://www.bing.com/bingbot.htm)"
13.66.139.137 - - [20/Feb/2021:11:04:28 +0100] "GET /set-of-plush-tree-hanging-decorations-p-52655.html HTTP/1.0" 301 71576 "-" "Mozilla/5.0 (compatible; bingbot/2.0; +http://www.bing.com/bingbot.htm)"
54.36.148.189 - - [20/Feb/2021:11:04:32 +0100] "GET /candy-cloud-pencil-case-jazzy-p-49846.html HTTP/1.0" 200 71396 "-" "Mozilla/5.0 (compatible; AhrefsBot/7.0; +http://ahrefs.com/robot/)"
185.191.171.41 - - [20/Feb/2021:11:04:37 +0100] "GET /corsica-mini-metal-tray-p-44857.html HTTP/1.0" 200 71409 "-" "Mozilla/5.0 (compatible; SemrushBot/7~bl; +http://www.semrush.com/bot.html)"
185.191.171.45 - - [20/Feb/2021:11:04:50 +0100] "GET /disney-frozen-jewelry-box-p-37040.html HTTP/1.0" 301 68757 "-" "Mozilla/5.0 (compatible; SemrushBot/7~bl; +http://www.semrush.com/bot.html)"
185.191.171.16 - - [20/Feb/2021:11:04:52 +0100] "GET /-p-37040.html HTTP/1.0" 200 68690 "-" "Mozilla/5.0 (compatible; SemrushBot/7~bl; +http://www.semrush.com/bot.html)"
13.66.139.73 - - [20/Feb/2021:11:04:57 +0100] "GET /pillow-case-65-65-cm-grey-p-34834.html HTTP/1.0" 301 71645 "-" "Mozilla/5.0 (compatible; bingbot/2.0; +http://www.bing.com/bingbot.htm)"
185.253.162.140 - - [20/Feb/2021:11:05:18 +0100] "GET / HTTP/1.0" 301 511 "http://wonder-geek.com/" "Mozilla/5.0 (Windows NT 10.0) AppleWebKit/537.36 (KHTML, like Gecko) Chrome/67.0.3396.99 Safari/537.36"
185.253.162.140 - - [20/Feb/2021:11:05:18 +0100] "GET / HTTP/1.0" 200 94029 "http://www.wonder-geek.com/" "Mozilla/5.0 (Windows NT 10.0) AppleWebKit/537.36 (KHTML, like Gecko) Chrome/67.0.3396.99 Safari/537.36"
185.191.171.10 - - [20/Feb/2021:11:05:18 +0100] "GET /handcraft-bedclothes-220-240-cm-p-52087.html HTTP/1.0" 301 71468 "-" "Mozilla/5.0 (compatible; SemrushBot/7~bl; +http://www.semrush.com/bot.html)"
185.253.162.140 - - [20/Feb/2021:11:05:19 +0100] "GET /contact_us.php HTTP/1.0" 200 26238 "http://www.wonder-geek.com/contact_us.php" "Mozilla/5.0 (Windows NT 10.0) AppleWebKit/537.36 (KHTML, like Gecko) Chrome/67.0.3396.99 Safari/537.36"
185.253.162.140 - - [20/Feb/2021:11:05:20 +0100] "POST /contact_us.php?action=send HTTP/1.0" 200 26960 "http://www.wonder-geek.com/contact_us.php" "Mozilla/5.0 (Windows NT 10.0) AppleWebKit/537.36 (KHTML, like Gecko) Chrome/67.0.3396.99 Safari/537.36"
147.92.153.3 - - [20/Feb/2021:11:05:47 +0100] "GET /robots.txt HTTP/1.0" 200 245 "-" "Mozilla/5.0 (compatible; Linespider/1.1; +https://lin.ee/4dwXkTH)"
157.55.39.189 - - [20/Feb/2021:11:05:46 +0100] "GET /retro-flamenco-alarm-clock-grey-p-47507.html HTTP/1.0" 200 72298 "-" "Mozilla/5.0 (compatible; bingbot/2.0; +http://www.bing.com/bingbot.htm)"
54.36.148.159 - - [20/Feb/2021:11:05:49 +0100] "GET /magnet-decoration-flower-of-life-p-44406.html HTTP/1.0" 301 71500 "-" "Mozilla/5.0 (compatible; AhrefsBot/7.0; +http://ahrefs.com/robot/)"
147.92.153.13 - - [20/Feb/2021:11:05:50 +0100] "GET / HTTP/1.0" 200 93792 "-" "Mozilla/5.0 (compatible; Linespider/1.1; +https://lin.ee/4dwXkTH)"
147.92.153.16 - - [20/Feb/2021:11:05:52 +0100] "GET /swfobject.js HTTP/1.0" 404 1308 "http://www.wonder-geek.com/" "Mozilla/5.0 (Windows NT 6.1; Win64; x64) AppleWebit/537.36 (KHTML, like Gecko) Chrome/63.0.3239.0 Safari/537.36 (compatible; Linespider/1.1; +https://lin.ee/4dwXkTH)"
185.191.171.19 - - [20/Feb/2021:11:06:00 +0100] "GET /white-wooden-tray-aged-appearance-15-15-cm-p-40590.html HTTP/1.0" 301 71644 "-" "Mozilla/5.0 (compatible; SemrushBot/7~bl; +http://www.semrush.com/bot.html)"
185.191.171.10 - - [20/Feb/2021:11:06:05 +0100] "GET /little-prince-cushion-cherry-pits-p-53844.html?action=add_product HTTP/1.0" 302 476 "-" "Mozilla/5.0 (compatible; SemrushBot/7~bl; +http://www.semrush.com/bot.html)"
147.92.153.7 - - [20/Feb/2021:11:06:09 +0100] "GET /amazon-love-tote-butterflies-p-50285.html HTTP/1.0" 200 72453 "-" "Mozilla/5.0 (compatible; Linespider/1.1; +https://lin.ee/4dwXkTH)"
185.191.171.12 - - [20/Feb/2021:11:06:11 +0100] "GET /peter-pan-tinkerbell-kneeling-figure-p-15671.html HTTP/1.0" 301 68757 "-" "Mozilla/5.0 (compatible; SemrushBot/7~bl; +http://www.semrush.com/bot.html)"
66.249.69.162 - - [20/Feb/2021:11:06:13 +0100] "GET /images/mini_prod/3681643401996.jpg HTTP/1.0" 404 1308 "-" "Googlebot-Image/1.0"
185.191.171.14 - - [20/Feb/2021:11:06:13 +0100] "GET /-p-15671.html HTTP/1.0" 200 68690 "-" "Mozilla/5.0 (compatible; SemrushBot/7~bl; +http://www.semrush.com/bot.html)"
147.92.153.8 - - [20/Feb/2021:11:06:29 +0100] "GET /specials.php HTTP/1.0" 200 126596 "-" "Mozilla/5.0 (compatible; Linespider/1.1; +https://lin.ee/4dwXkTH)"
13.66.139.137 - - [20/Feb/2021:11:06:47 +0100] "GET /-p-45467.html HTTP/1.0" 200 68690 "-" "Mozilla/5.0 (compatible; bingbot/2.0; +http://www.bing.com/bingbot.htm)"
13.66.139.137 - - [20/Feb/2021:11:06:48 +0100] "GET /decorative-wooden-plate-wifi-red-bordeaux-p-47794.html HTTP/1.0" 301 71830 "-" "Mozilla/5.0 (compatible; bingbot/2.0; +http://www.bing.com/bingbot.htm)"
13.66.139.137 - - [20/Feb/2021:11:06:49 +0100] "GET /moroccan-green-ashtray-p-31884.html HTTP/1.0" 200 71317 "-" "Mozilla/5.0 (compatible; bingbot/2.0; +http://www.bing.com/bingbot.htm)"
147.92.153.6 - - [20/Feb/2021:11:06:49 +0100] "GET /keyrings-c-31_52.html HTTP/1.0" 200 92438 "-" "Mozilla/5.0 (compatible; Linespider/1.1; +https://lin.ee/4dwXkTH)"
13.66.139.73 - - [20/Feb/2021:11:06:52 +0100] "GET /playboy-zippo-lighter-p-13392.html HTTP/1.0" 200 71761 "-" "Mozilla/5.0 (compatible; bingbot/2.0; +http://www.bing.com/bingbot.htm)"
54.36.148.90 - - [20/Feb/2021:11:07:01 +0100] "GET /wall-decoration-horse-black-and-white-50-40-cm-p-37574.html HTTP/1.0" 301 71650 "-" "Mozilla/5.0 (compatible; AhrefsBot/7.0; +http://ahrefs.com/robot/)"
147.92.153.19 - - [20/Feb/2021:11:07:09 +0100] "GET /earrings-c-3_242.html HTTP/1.0" 200 80877 "-" "Mozilla/5.0 (compatible; Linespider/1.1; +https://lin.ee/4dwXkTH)"
147.92.153.4 - - [20/Feb/2021:11:07:29 +0100] "GET /checkout_shipping.php HTTP/1.0" 302 468 "-" "Mozilla/5.0 (compatible; Linespider/1.1; +https://lin.ee/4dwXkTH)"
147.92.153.13 - - [20/Feb/2021:11:07:49 +0100] "GET /hats-caps-c-1_44.html HTTP/1.0" 200 89929 "-" "Mozilla/5.0 (compatible; Linespider/1.1; +https://lin.ee/4dwXkTH)"
147.92.153.19 - - [20/Feb/2021:11:08:09 +0100] "GET /cushions-c-11_71.html HTTP/1.0" 200 91065 "-" "Mozilla/5.0 (compatible; Linespider/1.1; +https://lin.ee/4dwXkTH)"
54.36.148.90 - - [20/Feb/2021:11:08:15 +0100] "GET /decorative-blue-globe-41-cm-p-45095.html HTTP/1.0" 301 71470 "-" "Mozilla/5.0 (compatible; AhrefsBot/7.0; +http://ahrefs.com/robot/)"
147.92.153.16 - - [20/Feb/2021:11:08:29 +0100] "GET /bookend-c-13_202.html HTTP/1.0" 200 87375 "-" "Mozilla/5.0 (compatible; Linespider/1.1; +https://lin.ee/4dwXkTH)"
216.244.66.242 - - [20/Feb/2021:11:08:37 +0100] "GET /robots.txt HTTP/1.0" 200 245 "-" "Mozilla/5.0 (compatible; DotBot/1.1; http://www.opensiteexplorer.org/dotbot, help@moz.com)"
147.92.153.20 - - [20/Feb/2021:11:08:49 +0100] "GET /bracelets-c-3_200.html HTTP/1.0" 200 89251 "-" "Mozilla/5.0 (compatible; Linespider/1.1; +https://lin.ee/4dwXkTH)"
13.66.139.137 - - [20/Feb/2021:11:08:57 +0100] "GET /ford-mustang-gt-1967-metal-plate-p-52952.html HTTP/1.0" 301 71515 "-" "Mozilla/5.0 (compatible; bingbot/2.0; +http://www.bing.com/bingbot.htm)"
147.92.153.5 - - [20/Feb/2021:11:09:09 +0100] "GET /yoga-c-11_269_268.html HTTP/1.0" 200 82137 "-" "Mozilla/5.0 (compatible; Linespider/1.1; +https://lin.ee/4dwXkTH)"
147.92.153.6 - - [20/Feb/2021:11:09:29 +0100] "GET /umbrellas-c-31_16.html HTTP/1.0" 200 89808 "-" "Mozilla/5.0 (compatible; Linespider/1.1; +https://lin.ee/4dwXkTH)"
54.36.148.139 - - [20/Feb/2021:11:09:30 +0100] "GET /luggages-schoolbags-leather-shop-c-31.html?page=74 HTTP/1.0" 200 90343 "-" "Mozilla/5.0 (compatible; AhrefsBot/7.0; +http://ahrefs.com/robot/)"
185.191.171.40 - - [20/Feb/2021:11:09:33 +0100] "GET /gund-mini-dog-plush-black-p-51966.html HTTP/1.0" 301 71553 "-" "Mozilla/5.0 (compatible; SemrushBot/7~bl; +http://www.semrush.com/bot.html)"
185.191.171.25 - - [20/Feb/2021:11:09:35 +0100] "GET /gund-mini-plush-black-p-51966.html HTTP/1.0" 200 71465 "-" "Mozilla/5.0 (compatible; SemrushBot/7~bl; +http://www.semrush.com/bot.html)"
13.66.139.73 - - [20/Feb/2021:11:09:37 +0100] "GET /-p-18272.html HTTP/1.0" 200 68690 "-" "Mozilla/5.0 (compatible; bingbot/2.0; +http://www.bing.com/bingbot.htm)"
13.66.139.73 - - [20/Feb/2021:11:09:38 +0100] "GET /pillow-case-75-75-cm-white-p-31983.html HTTP/1.0" 301 71649 "-" "Mozilla/5.0 (compatible; bingbot/2.0; +http://www.bing.com/bingbot.htm)"
147.92.153.11 - - [20/Feb/2021:11:09:49 +0100] "GET /coasters-c-12_157.html HTTP/1.0" 200 90836 "-" "Mozilla/5.0 (compatible; Linespider/1.1; +https://lin.ee/4dwXkTH)"
147.92.153.5 - - [20/Feb/2021:11:10:09 +0100] "GET /coasters-c-12_157.html?page=11 HTTP/1.0" 200 77343 "-" "Mozilla/5.0 (compatible; Linespider/1.1; +https://lin.ee/4dwXkTH)"
147.92.153.5 - - [20/Feb/2021:11:10:29 +0100] "GET /backpacks-c-31_77.html HTTP/1.0" 200 92400 "-" "Mozilla/5.0 (compatible; Linespider/1.1; +https://lin.ee/4dwXkTH)"
185.191.171.44 - - [20/Feb/2021:11:10:40 +0100] "GET /robots.txt HTTP/1.0" 200 245 "-" "Mozilla/5.0 (compatible; SemrushBot/7~bl; +http://www.semrush.com/bot.html)"
185.191.171.9 - - [20/Feb/2021:11:10:41 +0100] "GET /little-prince-pink-apron-p-10315.html?action=add_product HTTP/1.0" 302 476 "-" "Mozilla/5.0 (compatible; SemrushBot/7~bl; +http://www.semrush.com/bot.html)"
13.66.139.137 - - [20/Feb/2021:11:10:57 +0100] "GET /laissez-lucie-faire-cup-p-48202.html HTTP/1.0" 301 71425 "-" "Mozilla/5.0 (compatible; bingbot/2.0; +http://www.bing.com/bingbot.htm)"
185.191.171.40 - - [20/Feb/2021:11:10:59 +0100] "GET /melt-cerulean-p-38944.html?action=add_product HTTP/1.0" 302 476 "-" "Mozilla/5.0 (compatible; SemrushBot/7~bl; +http://www.semrush.com/bot.html)"
54.36.148.203 - - [20/Feb/2021:11:11:02 +0100] "GET /mini-bar-suitcase-p-52718.html HTTP/1.0" 301 72277 "-" "Mozilla/5.0 (compatible; AhrefsBot/7.0; +http://ahrefs.com/robot/)"
147.92.153.4 - - [20/Feb/2021:11:11:09 +0100] "GET /incense-c-231_226.html HTTP/1.0" 200 89796 "-" "Mozilla/5.0 (compatible; Linespider/1.1; +https://lin.ee/4dwXkTH)"
157.55.39.246 - - [20/Feb/2021:11:11:16 +0100] "GET /decorative-door-sticker-p-51535.html HTTP/1.0" 200 71533 "-" "Mozilla/5.0 (compatible; bingbot/2.0; +http://www.bing.com/bingbot.htm)"
13.66.139.88 - - [20/Feb/2021:11:11:21 +0100] "GET /teo-jasmin-medium-cabas-teo-rockabilly-p-39266.html HTTP/1.0" 301 68907 "-" "Mozilla/5.0 (compatible; bingbot/2.0; +http://www.bing.com/bingbot.htm)"
147.92.153.18 - - [20/Feb/2021:11:11:29 +0100] "GET /soap-c-13_150_171.html HTTP/1.0" 200 88761 "-" "Mozilla/5.0 (compatible; Linespider/1.1; +https://lin.ee/4dwXkTH)"
185.191.171.26 - - [20/Feb/2021:11:11:34 +0100] "GET /round-tablecloth-azulejos-treated-anti-stain-blue-p-51351.html HTTP/1.0" 200 72332 "-" "Mozilla/5.0 (compatible; SemrushBot/7~bl; +http://www.semrush.com/bot.html)"
13.66.139.137 - - [20/Feb/2021:11:11:47 +0100] "GET /sophie-the-giraffe-little-picture-frame-p-4050.html HTTP/1.0" 301 68967 "-" "Mozilla/5.0 (compatible; bingbot/2.0; +http://www.bing.com/bingbot.htm)"
147.92.153.11 - - [20/Feb/2021:11:11:49 +0100] "GET /breakfast-c-12_61.html HTTP/1.0" 200 89766 "-" "Mozilla/5.0 (compatible; Linespider/1.1; +https://lin.ee/4dwXkTH)"
13.66.139.88 - - [20/Feb/2021:11:11:51 +0100] "GET /aperophile-steel-sign-30-40-cm-p-47676.html HTTP/1.0" 301 71447 "-" "Mozilla/5.0 (compatible; bingbot/2.0; +http://www.bing.com/bingbot.htm)"
13.66.139.73 - - [20/Feb/2021:11:11:58 +0100] "GET /-p-25054.html HTTP/1.0" 200 68690 "-" "Mozilla/5.0 (compatible; bingbot/2.0; +http://www.bing.com/bingbot.htm)"
185.191.171.41 - - [20/Feb/2021:11:12:03 +0100] "GET /fancy-elastic-bracelet-buddha-p-43733.html HTTP/1.0" 200 71350 "-" "Mozilla/5.0 (compatible; SemrushBot/7~bl; +http://www.semrush.com/bot.html)"
13.66.139.137 - - [20/Feb/2021:11:12:07 +0100] "GET /kimmidoll-storage-cardboard-boxes-p-31956.html HTTP/1.0" 200 68816 "-" "Mozilla/5.0 (compatible; bingbot/2.0; +http://www.bing.com/bingbot.htm)"
46.208.182.247 - - [20/Feb/2021:11:12:08 +0100] "GET /gorjuss-lockable-journal-with-heart-shaped-lock-little-wings-p-50951.html HTTP/1.0" 200 72813 "https://www.google.com/" "Mozilla/5.0 (iPhone; CPU iPhone OS 14_0 like Mac OS X) AppleWebKit/605.1.15 (KHTML, like Gecko) GSA/137.2.345735309 Mobile/15E148 Safari/604.1"
46.208.182.247 - - [20/Feb/2021:11:12:09 +0100] "GET /templates/Pixame_v1/stylesheet.css HTTP/1.0" 200 267 "http://www.wonder-geek.com/gorjuss-lockable-journal-with-heart-shaped-lock-little-wings-p-50951.html" "Mozilla/5.0 (iPhone; CPU iPhone OS 14_0 like Mac OS X) AppleWebKit/605.1.15 (KHTML, like Gecko) GSA/137.2.345735309 Mobile/15E148 Safari/604.1"
46.208.182.247 - - [20/Feb/2021:11:12:09 +0100] "GET /js/jquery.js HTTP/1.0" 200 252 "http://www.wonder-geek.com/gorjuss-lockable-journal-with-heart-shaped-lock-little-wings-p-50951.html" "Mozilla/5.0 (iPhone; CPU iPhone OS 14_0 like Mac OS X) AppleWebKit/605.1.15 (KHTML, like Gecko) GSA/137.2.345735309 Mobile/15E148 Safari/604.1"
46.208.182.247 - - [20/Feb/2021:11:12:09 +0100] "GET /templates/Pixame_v1/images/buttons/english/button_in_cart.gif HTTP/1.0" 200 295 "http://www.wonder-geek.com/gorjuss-lockable-journal-with-heart-shaped-lock-little-wings-p-50951.html" "Mozilla/5.0 (iPhone; CPU iPhone OS 14_0 like Mac OS X) AppleWebKit/605.1.15 (KHTML, like Gecko) GSA/137.2.345735309 Mobile/15E148 Safari/604.1"
46.208.182.247 - - [20/Feb/2021:11:12:09 +0100] "GET /templates/Pixame_v1/images/Bottom_texture.jpg HTTP/1.0" 200 280 "http://www.wonder-geek.com/gorjuss-lockable-journal-with-heart-shaped-lock-little-wings-p-50951.html" "Mozilla/5.0 (iPhone; CPU iPhone OS 14_0 like Mac OS X) AppleWebKit/605.1.15 (KHTML, like Gecko) GSA/137.2.345735309 Mobile/15E148 Safari/604.1"
46.208.182.247 - - [20/Feb/2021:11:12:09 +0100] "GET /highslide/graphics/loader.white.gif HTTP/1.0" 200 960 "http://www.wonder-geek.com/gorjuss-lockable-journal-with-heart-shaped-lock-little-wings-p-50951.html" "Mozilla/5.0 (iPhone; CPU iPhone OS 14_0 like Mac OS X) AppleWebKit/605.1.15 (KHTML, like Gecko) GSA/137.2.345735309 Mobile/15E148 Safari/604.1"
147.92.153.2 - - [20/Feb/2021:11:12:09 +0100] "GET /pencil-case-p-10348.html HTTP/1.0" 200 71437 "-" "Mozilla/5.0 (compatible; Linespider/1.1; +https://lin.ee/4dwXkTH)"
147.92.153.19 - - [20/Feb/2021:11:12:29 +0100] "GET /nici-pirate-wallet-p-9647.html HTTP/1.0" 200 71625 "-" "Mozilla/5.0 (compatible; Linespider/1.1; +https://lin.ee/4dwXkTH)"
54.36.148.90 - - [20/Feb/2021:11:12:30 +0100] "GET /minotor-white-women-tee-shirt-p-33782.html HTTP/1.0" 301 73757 "-" "Mozilla/5.0 (compatible; AhrefsBot/7.0; +http://ahrefs.com/robot/)"
185.191.171.21 - - [20/Feb/2021:11:12:31 +0100] "GET /retro-ride-wooden-wall-decoration-hang-p-42122.html HTTP/1.0" 200 71568 "-" "Mozilla/5.0 (compatible; SemrushBot/7~bl; +http://www.semrush.com/bot.html)"
51.68.224.127 - - [20/Feb/2021:11:12:41 +0100] "GET /adminweb/export_orders_xml.php?token=256de2z6edz6ed2z6DFSFsed2zed6zeDSFDSGdzedezfzf&maxorders=10&orderstart=1&status=14&start_date=2018-10-01 HTTP/1.0" 200 285 "-" "GesCom CharlotteBoutik Serveur"
51.68.224.127 - - [20/Feb/2021:11:12:41 +0100] "GET /adminweb/export_orders_xml.php?token=256de2z6edz6ed2z6DFSFsed2zed6zeDSFDSGdzedezfzf&maxorders=10&orderstart=1&status=6&start_date=2018-10-01 HTTP/1.0" 200 29990 "-" "GesCom CharlotteBoutik Serveur"
13.66.139.73 - - [20/Feb/2021:11:12:48 +0100] "GET /moroccan-ashtray-p-52723.html HTTP/1.0" 200 71256 "-" "Mozilla/5.0 (compatible; bingbot/2.0; +http://www.bing.com/bingbot.htm)"
147.92.153.13 - - [20/Feb/2021:11:12:49 +0100] "GET /hello-kitty-picnic-p-17166.html HTTP/1.0" 200 71732 "-" "Mozilla/5.0 (compatible; Linespider/1.1; +https://lin.ee/4dwXkTH)"
185.191.171.34 - - [20/Feb/2021:11:12:49 +0100] "GET /dubout-cats-cookie-p-40059.html HTTP/1.0" 200 71340 "-" "Mozilla/5.0 (compatible; SemrushBot/7~bl; +http://www.semrush.com/bot.html)"
66.249.69.162 - - [20/Feb/2021:11:12:51 +0100] "GET /love-personalized-p-17672.html HTTP/1.0" 200 71790 "-" "Mozilla/5.0 (Linux; Android 6.0.1; Nexus 5X Build/MMB29P) AppleWebKit/537.36 (KHTML, like Gecko) Chrome/88.0.4324.153 Mobile Safari/537.36 (compatible; Googlebot/2.1; +http://www.google.com/bot.html)"
66.249.69.166 - - [20/Feb/2021:11:12:54 +0100] "GET /old-tv-box-and-clock-p-34234.html HTTP/1.0" 301 71484 "-" "Mozilla/5.0 (Linux; Android 6.0.1; Nexus 5X Build/MMB29P) AppleWebKit/537.36 (KHTML, like Gecko) Chrome/88.0.4324.153 Mobile Safari/537.36 (compatible; Googlebot/2.1; +http://www.google.com/bot.html)"
66.249.69.164 - - [20/Feb/2021:11:12:55 +0100] "GET /clock-p-34234.html HTTP/1.0" 200 71412 "-" "Mozilla/5.0 (Linux; Android 6.0.1; Nexus 5X Build/MMB29P) AppleWebKit/537.36 (KHTML, like Gecko) Chrome/88.0.4324.153 Mobile Safari/537.36 (compatible; Googlebot/2.1; +http://www.google.com/bot.html)"
13.66.139.137 - - [20/Feb/2021:11:13:07 +0100] "GET /buddha-aluminium-box-p-37612.html HTTP/1.0" 301 68859 "-" "Mozilla/5.0 (compatible; bingbot/2.0; +http://www.bing.com/bingbot.htm)"
147.92.153.11 - - [20/Feb/2021:11:13:09 +0100] "GET /high-school-musical-p-22252.html HTTP/1.0" 200 71484 "-" "Mozilla/5.0 (compatible; Linespider/1.1; +https://lin.ee/4dwXkTH)"
147.92.153.5 - - [20/Feb/2021:11:13:29 +0100] "GET /barbapapa-wooden-arch-p-6646.html HTTP/1.0" 200 71442 "-" "Mozilla/5.0 (compatible; Linespider/1.1; +https://lin.ee/4dwXkTH)"
185.191.171.16 - - [20/Feb/2021:11:13:46 +0100] "GET /lonard-vinci-vitruvian-figurine-p-44144.html?action=add_product HTTP/1.0" 302 476 "-" "Mozilla/5.0 (compatible; SemrushBot/7~bl; +http://www.semrush.com/bot.html)"
147.92.153.18 - - [20/Feb/2021:11:13:49 +0100] "GET /paul-frank-flat-cosmetic-p-9642.html HTTP/1.0" 200 71676 "-" "Mozilla/5.0 (compatible; Linespider/1.1; +https://lin.ee/4dwXkTH)"
54.36.148.237 - - [20/Feb/2021:11:13:53 +0100] "GET /that-italia-glass-p-15582.html HTTP/1.0" 200 71300 "-" "Mozilla/5.0 (compatible; AhrefsBot/7.0; +http://ahrefs.com/robot/)"
157.55.39.159 - - [20/Feb/2021:11:14:04 +0100] "GET /hello-kitty-mirror-p-20733.html HTTP/1.0" 200 71391 "-" "Mozilla/5.0 (compatible; bingbot/2.0; +http://www.bing.com/bingbot.htm)"
185.191.171.34 - - [20/Feb/2021:11:14:05 +0100] "GET /francine-charming-dekor-bedclothes-240-260-cm-p-43540.html HTTP/1.0" 301 68757 "-" "Mozilla/5.0 (compatible; SemrushBot/7~bl; +http://www.semrush.com/bot.html)"
185.191.171.10 - - [20/Feb/2021:11:14:08 +0100] "GET /-p-43540.html HTTP/1.0" 200 68690 "-" "Mozilla/5.0 (compatible; SemrushBot/7~bl; +http://www.semrush.com/bot.html)"
147.92.153.17 - - [20/Feb/2021:11:14:09 +0100] "GET /street-fighter-mousepad-p-16003.html HTTP/1.0" 200 71473 "-" "Mozilla/5.0 (compatible; Linespider/1.1; +https://lin.ee/4dwXkTH)"
185.191.171.45 - - [20/Feb/2021:11:14:10 +0100] "GET /american-green-p-33081.html?action=add_product HTTP/1.0" 302 476 "-" "Mozilla/5.0 (compatible; SemrushBot/7~bl; +http://www.semrush.com/bot.html)"
147.92.153.7 - - [20/Feb/2021:11:14:29 +0100] "GET /amazon-love-glasses-case-blue-p-50270.html HTTP/1.0" 200 72407 "-" "Mozilla/5.0 (compatible; Linespider/1.1; +https://lin.ee/4dwXkTH)"
185.191.171.34 - - [20/Feb/2021:11:14:47 +0100] "GET /golden-decorative-game-dice-p-49249.html HTTP/1.0" 200 71397 "-" "Mozilla/5.0 (compatible; SemrushBot/7~bl; +http://www.semrush.com/bot.html)"
147.92.153.18 - - [20/Feb/2021:11:14:49 +0100] "GET /amazon-love-cosmetic-purse-jungle-p-50279.html HTTP/1.0" 200 71800 "-" "Mozilla/5.0 (compatible; Linespider/1.1; +https://lin.ee/4dwXkTH)"
185.191.171.34 - - [20/Feb/2021:11:15:03 +0100] "GET /disney-princess-belle-metal-p-26698.html?action=add_product HTTP/1.0" 302 476 "-" "Mozilla/5.0 (compatible; SemrushBot/7~bl; +http://www.semrush.com/bot.html)"
54.36.148.90 - - [20/Feb/2021:11:15:08 +0100] "GET /italian-scooter-mug-by-cbkreation-p-13412.html HTTP/1.0" 301 71483 "-" "Mozilla/5.0 (compatible; AhrefsBot/7.0; +http://ahrefs.com/robot/)"
147.92.153.13 - - [20/Feb/2021:11:15:09 +0100] "GET /amazon-love-coin-purse-butterflies-p-50272.html HTTP/1.0" 200 72423 "-" "Mozilla/5.0 (compatible; Linespider/1.1; +https://lin.ee/4dwXkTH)"
13.66.139.88 - - [20/Feb/2021:11:15:22 +0100] "GET /klimt-le-baiser-little-bag-cord-made-in-france-p-47417.html HTTP/1.0" 301 72392 "-" "Mozilla/5.0 (compatible; bingbot/2.0; +http://www.bing.com/bingbot.htm)"
147.92.153.2 - - [20/Feb/2021:11:15:26 +0100] "GET /images/big_prod_1/9316188081139b.jpg HTTP/1.0" 200 271 "-" "Mozilla/5.0 (compatible; Linespider/1.1; +https://lin.ee/4dwXkTH)"
185.191.171.7 - - [20/Feb/2021:11:15:26 +0100] "GET /crasy-allen-tote-p-53173.html HTTP/1.0" 200 71376 "-" "Mozilla/5.0 (compatible; SemrushBot/7~bl; +http://www.semrush.com/bot.html)"
13.66.139.88 - - [20/Feb/2021:11:15:42 +0100] "GET /gorjuss-ladybird-travel-vanity-p-33683.html HTTP/1.0" 200 68831 "-" "Mozilla/5.0 (compatible; bingbot/2.0; +http://www.bing.com/bingbot.htm)"
185.191.171.24 - - [20/Feb/2021:11:15:47 +0100] "GET /petit-beurre-bowl-p-44838.html?action=add_product HTTP/1.0" 302 476 "-" "Mozilla/5.0 (compatible; SemrushBot/7~bl; +http://www.semrush.com/bot.html)"
147.92.153.16 - - [20/Feb/2021:11:15:49 +0100] "GET /iphone-silicone-white-shell-audiocassette-p-18938.html HTTP/1.0" 200 74748 "-" "Mozilla/5.0 (compatible; Linespider/1.1; +https://lin.ee/4dwXkTH)"
185.191.171.44 - - [20/Feb/2021:11:15:50 +0100] "GET /russian-dolls-mouse-cbkreation-p-18688.html HTTP/1.0" 200 71374 "-" "Mozilla/5.0 (compatible; SemrushBot/7~bl; +http://www.semrush.com/bot.html)"
13.66.139.73 - - [20/Feb/2021:11:15:58 +0100] "GET /salt-and-pepper-clock-collection-p-30169.html HTTP/1.0" 301 71537 "-" "Mozilla/5.0 (compatible; bingbot/2.0; +http://www.bing.com/bingbot.htm)"
66.249.69.166 - - [20/Feb/2021:11:16:13 +0100] "GET /images/mini_prod/3014627954421.jpg HTTP/1.0" 200 269 "-" "Googlebot-Image/1.0"
157.55.39.32 - - [20/Feb/2021:11:16:17 +0100] "GET /robots.txt HTTP/1.0" 301 531 "-" "Mozilla/5.0 (compatible; bingbot/2.0; +http://www.bing.com/bingbot.htm)"
157.55.39.32 - - [20/Feb/2021:11:16:17 +0100] "GET /robots.txt HTTP/1.0" 200 245 "-" "Mozilla/5.0 (compatible; bingbot/2.0; +http://www.bing.com/bingbot.htm)"
13.66.139.88 - - [20/Feb/2021:11:16:22 +0100] "GET /zhu-zhu-pets-polar-blanket-p-8422.html HTTP/1.0" 301 71566 "-" "Mozilla/5.0 (compatible; bingbot/2.0; +http://www.bing.com/bingbot.htm)"
54.36.148.69 - - [20/Feb/2021:11:16:24 +0100] "GET /monkey-statue-resin-say-anything-p-37189.html HTTP/1.0" 301 71530 "-" "Mozilla/5.0 (compatible; AhrefsBot/7.0; +http://ahrefs.com/robot/)"
157.55.39.170 - - [20/Feb/2021:11:16:29 +0100] "GET /luggages-schoolbags-leather-shop/bagshandbags-shoulder-bags/vespa-piaggio-reporter-bag-p-12449.html HTTP/1.0" 301 709 "-" "Mozilla/5.0 (compatible; bingbot/2.0; +http://www.bing.com/bingbot.htm)"
147.92.153.4 - - [20/Feb/2021:11:16:29 +0100] "GET /school-gorjuss-sugar-spice-agenda-year-2017-2018-p-39785.html HTTP/1.0" 200 71834 "-" "Mozilla/5.0 (compatible; Linespider/1.1; +https://lin.ee/4dwXkTH)"
185.191.171.6 - - [20/Feb/2021:11:16:34 +0100] "GET /planes-ceiling-light-p-33143.html HTTP/1.0" 200 71694 "-" "Mozilla/5.0 (compatible; SemrushBot/7~bl; +http://www.semrush.com/bot.html)"
147.92.153.14 - - [20/Feb/2021:11:16:49 +0100] "GET /mandala-coasters-ceramic-p-44401.html HTTP/1.0" 200 72062 "-" "Mozilla/5.0 (compatible; Linespider/1.1; +https://lin.ee/4dwXkTH)"
13.66.139.137 - - [20/Feb/2021:11:16:57 +0100] "GET /bag-of-300-grams-of-chewing-gum-machine-compatible-p-39031.html HTTP/1.0" 301 68943 "-" "Mozilla/5.0 (compatible; bingbot/2.0; +http://www.bing.com/bingbot.htm)"
13.66.139.137 - - [20/Feb/2021:11:16:58 +0100] "GET /white-bird-table-lamp-p-38248.html HTTP/1.0" 200 68786 "-" "Mozilla/5.0 (compatible; bingbot/2.0; +http://www.bing.com/bingbot.htm)"
157.55.39.72 - - [20/Feb/2021:11:17:02 +0100] "GET /kimmidoll-honoka-bangle-p-15852.html HTTP/1.0" 200 72354 "-" "Mozilla/5.0 (compatible; bingbot/2.0; +http://www.bing.com/bingbot.htm)"
185.191.171.35 - - [20/Feb/2021:11:17:04 +0100] "GET /home-where-love-wooden-plate-p-37746.html HTTP/1.0" 200 71476 "-" "Mozilla/5.0 (compatible; SemrushBot/7~bl; +http://www.semrush.com/bot.html)"
147.92.153.17 - - [20/Feb/2021:11:17:09 +0100] "GET /coasters-golden-monkey-resin-coasters-p-52748.html HTTP/1.0" 200 72234 "-" "Mozilla/5.0 (compatible; Linespider/1.1; +https://lin.ee/4dwXkTH)"
185.191.171.22 - - [20/Feb/2021:11:17:21 +0100] "GET /canvas-frame-cherche-bonheur-p-39223.html HTTP/1.0" 200 71645 "-" "Mozilla/5.0 (compatible; SemrushBot/7~bl; +http://www.semrush.com/bot.html)"
147.92.153.14 - - [20/Feb/2021:11:17:30 +0100] "GET /boys-c-2.html HTTP/1.0" 200 89128 "-" "Mozilla/5.0 (compatible; Linespider/1.1; +https://lin.ee/4dwXkTH)"
185.191.171.39 - - [20/Feb/2021:11:17:33 +0100] "GET /salt-pepper-shakers-olive-wood-p-52823.html?action=add_product HTTP/1.0" 302 476 "-" "Mozilla/5.0 (compatible; SemrushBot/7~bl; +http://www.semrush.com/bot.html)"
185.191.171.7 - - [20/Feb/2021:11:17:38 +0100] "GET /zodiac-high-ceramic-cbkreation-p-30786.html?action=add_product HTTP/1.0" 302 476 "-" "Mozilla/5.0 (compatible; SemrushBot/7~bl; +http://www.semrush.com/bot.html)"
54.36.148.213 - - [20/Feb/2021:11:17:46 +0100] "GET /paper-currency-mug-by-cbkreation-p-26474.html HTTP/1.0" 301 71478 "-" "Mozilla/5.0 (compatible; AhrefsBot/7.0; +http://ahrefs.com/robot/)"
147.92.153.4 - - [20/Feb/2021:11:17:50 +0100] "GET /images/big_prod/8719497610884.jpg HTTP/1.0" 200 268 "-" "Mozilla/5.0 (compatible; Linespider/1.1; +https://lin.ee/4dwXkTH)"
185.191.171.45 - - [20/Feb/2021:11:17:51 +0100] "GET /audrey-hepburn-breakfast-tiffany-clock-p-6329.html HTTP/1.0" 200 71487 "-" "Mozilla/5.0 (compatible; SemrushBot/7~bl; +http://www.semrush.com/bot.html)"
13.66.139.73 - - [20/Feb/2021:11:17:58 +0100] "GET /-p-34574.html HTTP/1.0" 200 68690 "-" "Mozilla/5.0 (compatible; bingbot/2.0; +http://www.bing.com/bingbot.htm)"
185.191.171.17 - - [20/Feb/2021:11:18:05 +0100] "GET /stuffins-disney-polar-plaid-p-26913.html HTTP/1.0" 200 71548 "-" "Mozilla/5.0 (compatible; SemrushBot/7~bl; +http://www.semrush.com/bot.html)"
13.66.139.137 - - [20/Feb/2021:11:18:07 +0100] "GET /-p-11454.html HTTP/1.0" 200 68690 "-" "Mozilla/5.0 (compatible; bingbot/2.0; +http://www.bing.com/bingbot.htm)"
147.92.153.18 - - [20/Feb/2021:11:18:10 +0100] "GET /set-c-1_8.html HTTP/1.0" 200 67551 "-" "Mozilla/5.0 (compatible; Linespider/1.1; +https://lin.ee/4dwXkTH)"
185.191.171.37 - - [20/Feb/2021:11:18:12 +0100] "GET /waterproof-terry-bolster-protective-cover-p-50924.html HTTP/1.0" 200 71738 "-" "Mozilla/5.0 (compatible; SemrushBot/7~bl; +http://www.semrush.com/bot.html)"
185.191.171.9 - - [20/Feb/2021:11:18:15 +0100] "GET /masala-white-sage-incense-p-51487.html HTTP/1.0" 200 71462 "-" "Mozilla/5.0 (compatible; SemrushBot/7~bl; +http://www.semrush.com/bot.html)"
157.55.39.255 - - [20/Feb/2021:11:18:27 +0100] "GET /highslide/highslide.js HTTP/1.0" 200 262 "-" "Mozilla/5.0 (compatible; bingbot/2.0; +http://www.bing.com/bingbot.htm)"
147.92.153.10 - - [20/Feb/2021:11:18:30 +0100] "GET /-c-97_196.html HTTP/1.0" 200 74792 "-" "Mozilla/5.0 (compatible; Linespider/1.1; +https://lin.ee/4dwXkTH)"
157.55.39.67 - - [20/Feb/2021:11:18:34 +0100] "GET /-p-43071.html HTTP/1.0" 200 68690 "-" "Mozilla/5.0 (compatible; bingbot/2.0; +http://www.bing.com/bingbot.htm)"
157.55.39.170 - - [20/Feb/2021:11:18:39 +0100] "GET /-p-17616.html HTTP/1.0" 200 68690 "-" "Mozilla/5.0 (compatible; bingbot/2.0; +http://www.bing.com/bingbot.htm)"
216.244.66.242 - - [20/Feb/2021:11:18:43 +0100] "GET /images/4025055094251.jpg HTTP/1.0" 200 259 "-" "Mozilla/5.0 (compatible; DotBot/1.1; http://www.opensiteexplorer.org/dotbot, help@moz.com)"
185.191.171.26 - - [20/Feb/2021:11:18:46 +0100] "GET /home-decoration-c-13.html?page=157 HTTP/1.0" 200 91056 "-" "Mozilla/5.0 (compatible; SemrushBot/7~bl; +http://www.semrush.com/bot.html)"
147.92.153.13 - - [20/Feb/2021:11:18:50 +0100] "GET /girls-c-1.html HTTP/1.0" 200 89933 "-" "Mozilla/5.0 (compatible; Linespider/1.1; +https://lin.ee/4dwXkTH)"
106.11.214.211 - - [20/Feb/2021:11:18:59 +0100] "GET /images/mini_prod/8424346352944.jpg HTTP/1.0" 200 269 "-" "python-requests/2.25.1"
54.36.148.185 - - [20/Feb/2021:11:19:04 +0100] "GET /us-route-66-flag-p-24169.html HTTP/1.0" 301 71386 "-" "Mozilla/5.0 (compatible; AhrefsBot/7.0; +http://ahrefs.com/robot/)"
185.191.171.24 - - [20/Feb/2021:11:19:12 +0100] "GET /incense-bowl-black-soapstone-p-49030.html HTTP/1.0" 200 71538 "-" "Mozilla/5.0 (compatible; SemrushBot/7~bl; +http://www.semrush.com/bot.html)"
66.249.69.162 - - [20/Feb/2021:11:19:17 +0100] "GET /microfiber-bolster-p-39799.html HTTP/1.0" 200 71455 "-" "Mozilla/5.0 (Linux; Android 6.0.1; Nexus 5X Build/MMB29P) AppleWebKit/537.36 (KHTML, like Gecko) Chrome/88.0.4324.153 Mobile Safari/537.36 (compatible; Googlebot/2.1; +http://www.google.com/bot.html)"
13.66.139.73 - - [20/Feb/2021:11:19:18 +0100] "GET /route-66-cork-coaster-single-p-31674.html HTTP/1.0" 301 68882 "-" "Mozilla/5.0 (compatible; bingbot/2.0; +http://www.bing.com/bingbot.htm)"
13.66.139.88 - - [20/Feb/2021:11:19:23 +0100] "GET /support-metal-bottle-the-huntsman-p-39636.html HTTP/1.0" 301 68940 "-" "Mozilla/5.0 (compatible; bingbot/2.0; +http://www.bing.com/bingbot.htm)"
147.92.153.6 - - [20/Feb/2021:11:19:36 +0100] "GET /set-c-2_34.html HTTP/1.0" 200 75010 "-" "Mozilla/5.0 (compatible; Linespider/1.1; +https://lin.ee/4dwXkTH)"
185.191.171.9 - - [20/Feb/2021:11:19:42 +0100] "GET /rendez-vous-bons-amis-clock-p-45025.html?action=add_product HTTP/1.0" 302 476 "-" "Mozilla/5.0 (compatible; SemrushBot/7~bl; +http://www.semrush.com/bot.html)"
13.66.139.88 - - [20/Feb/2021:11:19:52 +0100] "GET /emoticon-moneybox-model-p-39382.html HTTP/1.0" 200 68808 "-" "Mozilla/5.0 (compatible; bingbot/2.0; +http://www.bing.com/bingbot.htm)"
185.191.171.22 - - [20/Feb/2021:11:19:59 +0100] "GET /back-in-black-acdc-zippo-lighter-p-51918.html HTTP/1.0" 301 72489 "-" "Mozilla/5.0 (compatible; SemrushBot/7~bl; +http://www.semrush.com/bot.html)"
185.191.171.24 - - [20/Feb/2021:11:20:02 +0100] "GET /back-black-acdc-zippo-lighter-p-51918.html HTTP/1.0" 200 72393 "-" "Mozilla/5.0 (compatible; SemrushBot/7~bl; +http://www.semrush.com/bot.html)"
216.244.66.242 - - [20/Feb/2021:11:20:02 +0100] "GET /coca-cola-cereals-box-p-15938.html HTTP/1.0" 301 68840 "-" "Mozilla/5.0 (compatible; DotBot/1.1; http://www.opensiteexplorer.org/dotbot, help@moz.com)"
185.191.171.10 - - [20/Feb/2021:11:20:04 +0100] "GET /collectible-figurines-decorative-c-13_135.html?page=65 HTTP/1.0" 200 93754 "-" "Mozilla/5.0 (compatible; SemrushBot/7~bl; +http://www.semrush.com/bot.html)"
185.191.171.44 - - [20/Feb/2021:11:20:08 +0100] "GET /small-baby-teeth-light-green-p-42380.html HTTP/1.0" 301 68757 "-" "Mozilla/5.0 (compatible; SemrushBot/7~bl; +http://www.semrush.com/bot.html)"
185.191.171.45 - - [20/Feb/2021:11:20:10 +0100] "GET /-p-42380.html HTTP/1.0" 200 68690 "-" "Mozilla/5.0 (compatible; SemrushBot/7~bl; +http://www.semrush.com/bot.html)"
54.36.148.102 - - [20/Feb/2021:11:20:19 +0100] "GET /candy-cloud-coin-purse-jazzy-p-49866.html HTTP/1.0" 200 71393 "-" "Mozilla/5.0 (compatible; AhrefsBot/7.0; +http://ahrefs.com/robot/)"
216.244.66.242 - - [20/Feb/2021:11:20:20 +0100] "GET /barbapapa-multicolors-placemat-p-14313.html HTTP/1.0" 200 68831 "-" "Mozilla/5.0 (compatible; DotBot/1.1; http://www.opensiteexplorer.org/dotbot, help@moz.com)"
185.191.171.22 - - [20/Feb/2021:11:20:21 +0100] "GET /small-tinbox-rtro-motorcycle-p-41345.html HTTP/1.0" 200 71612 "-" "Mozilla/5.0 (compatible; SemrushBot/7~bl; +http://www.semrush.com/bot.html)"
216.244.66.242 - - [20/Feb/2021:11:20:25 +0100] "GET /beatles-abbey-road-poster-p-32322.html HTTP/1.0" 200 68818 "-" "Mozilla/5.0 (compatible; DotBot/1.1; http://www.opensiteexplorer.org/dotbot, help@moz.com)"
216.244.66.242 - - [20/Feb/2021:11:20:29 +0100] "GET /butterfly-paris-wood-clock-p-41221.html HTTP/1.0" 200 68811 "-" "Mozilla/5.0 (compatible; DotBot/1.1; http://www.opensiteexplorer.org/dotbot, help@moz.com)"
216.244.66.242 - - [20/Feb/2021:11:20:33 +0100] "GET /deco-storage-case-atlantique-40-cm-p-41890.html HTTP/1.0" 301 68934 "-" "Mozilla/5.0 (compatible; DotBot/1.1; http://www.opensiteexplorer.org/dotbot, help@moz.com)"
216.244.66.242 - - [20/Feb/2021:11:20:36 +0100] "GET /shopping-bag-nici-horse-club-p-20589.html HTTP/1.0" 301 68904 "-" "Mozilla/5.0 (compatible; DotBot/1.1; http://www.opensiteexplorer.org/dotbot, help@moz.com)"
157.55.39.251 - - [20/Feb/2021:11:20:38 +0100] "GET /swfobject.js HTTP/1.0" 404 1308 "-" "Mozilla/5.0 (compatible; bingbot/2.0; +http://www.bing.com/bingbot.htm)"
216.244.66.242 - - [20/Feb/2021:11:20:38 +0100] "GET /the-little-prince-set-of-coasters-p-26824.html HTTP/1.0" 301 68919 "-" "Mozilla/5.0 (compatible; DotBot/1.1; http://www.opensiteexplorer.org/dotbot, help@moz.com)"
216.244.66.242 - - [20/Feb/2021:11:20:41 +0100] "GET /venetian-mural-mask-il-giglio-p-50852.html HTTP/1.0" 301 68887 "-" "Mozilla/5.0 (compatible; DotBot/1.1; http://www.opensiteexplorer.org/dotbot, help@moz.com)"
13.66.139.73 - - [20/Feb/2021:11:20:42 +0100] "GET /top-model-the-book-design-nyela-p-22683.html HTTP/1.0" 301 68910 "-" "Mozilla/5.0 (compatible; bingbot/2.0; +http://www.bing.com/bingbot.htm)"
216.244.66.242 - - [20/Feb/2021:11:20:45 +0100] "GET /venetian-mural-mask-il-pirata-p-50853.html HTTP/1.0" 301 68887 "-" "Mozilla/5.0 (compatible; DotBot/1.1; http://www.opensiteexplorer.org/dotbot, help@moz.com)"
216.244.66.242 - - [20/Feb/2021:11:20:51 +0100] "GET /savonnette-provence-made-in-france-olive-oil-perfume-p-40102.html HTTP/1.0" 301 69045 "-" "Mozilla/5.0 (compatible; DotBot/1.1; http://www.opensiteexplorer.org/dotbot, help@moz.com)"
216.244.66.242 - - [20/Feb/2021:11:20:56 +0100] "GET /maxi-gund-fuzzy-plush-bear-p-29248.html HTTP/1.0" 200 71535 "-" "Mozilla/5.0 (compatible; DotBot/1.1; http://www.opensiteexplorer.org/dotbot, help@moz.com)"
185.191.171.13 - - [20/Feb/2021:11:21:02 +0100] "GET /-p-23116.html?action=add_product HTTP/1.0" 302 476 "-" "Mozilla/5.0 (compatible; SemrushBot/7~bl; +http://www.semrush.com/bot.html)"
13.66.139.137 - - [20/Feb/2021:11:21:08 +0100] "GET /hirondelle-jewelery-holder-p-48887.html HTTP/1.0" 200 71507 "-" "Mozilla/5.0 (compatible; bingbot/2.0; +http://www.bing.com/bingbot.htm)"
185.191.171.4 - - [20/Feb/2021:11:21:13 +0100] "GET /paris-aime-cups-espresso-p-28396.html?action=add_product HTTP/1.0" 302 476 "-" "Mozilla/5.0 (compatible; SemrushBot/7~bl; +http://www.semrush.com/bot.html)"
13.66.139.137 - - [20/Feb/2021:11:21:17 +0100] "GET /happy-shirt-by-etienne-boyer-p-29564.html HTTP/1.0" 301 73883 "-" "Mozilla/5.0 (compatible; bingbot/2.0; +http://www.bing.com/bingbot.htm)"
54.36.148.90 - - [20/Feb/2021:11:21:31 +0100] "GET /london-piggy-moneybox-p-27853.html HTTP/1.0" 200 71293 "-" "Mozilla/5.0 (compatible; AhrefsBot/7.0; +http://ahrefs.com/robot/)"
185.191.171.1 - - [20/Feb/2021:11:21:32 +0100] "GET /glass-cutting-board-cbkreation-p-51334.html?action=add_product HTTP/1.0" 302 476 "-" "Mozilla/5.0 (compatible; SemrushBot/7~bl; +http://www.semrush.com/bot.html)"
185.191.171.39 - - [20/Feb/2021:11:21:41 +0100] "GET /poster-corsica-p-43691.html HTTP/1.0" 200 71331 "-" "Mozilla/5.0 (compatible; SemrushBot/7~bl; +http://www.semrush.com/bot.html)"
13.66.139.137 - - [20/Feb/2021:11:21:58 +0100] "GET /beige-small-box-for-baby-teeth-p-33507.html HTTP/1.0" 301 71569 "-" "Mozilla/5.0 (compatible; bingbot/2.0; +http://www.bing.com/bingbot.htm)"
185.191.171.42 - - [20/Feb/2021:11:22:13 +0100] "GET /isothermic-stainless-steel-bottle-lovely-panda-cbkreation-p-51046.html HTTP/1.0" 200 71644 "-" "Mozilla/5.0 (compatible; SemrushBot/7~bl; +http://www.semrush.com/bot.html)"
185.191.171.24 - - [20/Feb/2021:11:22:20 +0100] "GET /adhesive-decoration-relief-p-52033.html?action=add_product HTTP/1.0" 302 476 "-" "Mozilla/5.0 (compatible; SemrushBot/7~bl; +http://www.semrush.com/bot.html)"
13.66.139.88 - - [20/Feb/2021:11:22:23 +0100] "GET /csi-les-experts-mousepad-p-18072.html HTTP/1.0" 301 71548 "-" "Mozilla/5.0 (compatible; bingbot/2.0; +http://www.bing.com/bingbot.htm)"
185.191.171.19 - - [20/Feb/2021:11:22:31 +0100] "GET /metal-wall-hook-wines-p-46796.html HTTP/1.0" 200 72182 "-" "Mozilla/5.0 (compatible; SemrushBot/7~bl; +http://www.semrush.com/bot.html)"
185.191.171.24 - - [20/Feb/2021:11:22:38 +0100] "GET /wall-decoration-hang-p-42747.html HTTP/1.0" 200 71451 "-" "Mozilla/5.0 (compatible; SemrushBot/7~bl; +http://www.semrush.com/bot.html)"
66.249.69.166 - - [20/Feb/2021:11:22:39 +0100] "GET /gray-polyester-round-chair-cushion-p-43895.html HTTP/1.0" 200 71450 "-" "Mozilla/5.0 (Linux; Android 6.0.1; Nexus 5X Build/MMB29P) AppleWebKit/537.36 (KHTML, like Gecko) Chrome/88.0.4324.153 Mobile Safari/537.36 (compatible; Googlebot/2.1; +http://www.google.com/bot.html)"
185.191.171.38 - - [20/Feb/2021:11:22:40 +0100] "GET /kimmidoll-doll-p-49799.html?action=add_product HTTP/1.0" 302 476 "-" "Mozilla/5.0 (compatible; SemrushBot/7~bl; +http://www.semrush.com/bot.html)"
66.249.69.162 - - [20/Feb/2021:11:22:43 +0100] "GET /pen-holder-in-recycled-metal-elements-bear-p-42323.html HTTP/1.0" 301 71603 "-" "Mozilla/5.0 (Linux; Android 6.0.1; Nexus 5X Build/MMB29P) AppleWebKit/537.36 (KHTML, like Gecko) Chrome/88.0.4324.153 Mobile Safari/537.36 (compatible; Googlebot/2.1; +http://www.google.com/bot.html)"
66.249.69.162 - - [20/Feb/2021:11:22:44 +0100] "GET /holder-recycled-metal-elements-bear-p-42323.html HTTP/1.0" 200 71501 "-" "Mozilla/5.0 (Linux; Android 6.0.1; Nexus 5X Build/MMB29P) AppleWebKit/537.36 (KHTML, like Gecko) Chrome/88.0.4324.153 Mobile Safari/537.36 (compatible; Googlebot/2.1; +http://www.google.com/bot.html)"
54.36.148.179 - - [20/Feb/2021:11:22:51 +0100] "GET /butterfly-wall-decoration-225-185-cm-pink-model-p-51726.html HTTP/1.0" 301 71695 "-" "Mozilla/5.0 (compatible; AhrefsBot/7.0; +http://ahrefs.com/robot/)"
185.191.171.25 - - [20/Feb/2021:11:23:19 +0100] "GET /toiletry-p-41123.html HTTP/1.0" 200 71358 "-" "Mozilla/5.0 (compatible; SemrushBot/7~bl; +http://www.semrush.com/bot.html)"
13.66.139.88 - - [20/Feb/2021:11:23:22 +0100] "GET /-p-13263.html HTTP/1.0" 200 68690 "-" "Mozilla/5.0 (compatible; bingbot/2.0; +http://www.bing.com/bingbot.htm)"
185.191.171.19 - - [20/Feb/2021:11:23:37 +0100] "GET /butterfly-keychains-p-26296.html?action=add_product HTTP/1.0" 302 476 "-" "Mozilla/5.0 (compatible; SemrushBot/7~bl; +http://www.semrush.com/bot.html)"
185.191.171.44 - - [20/Feb/2021:11:23:38 +0100] "GET /funny-pets-kitchen-towel-p-43391.html?action=add_product HTTP/1.0" 302 476 "-" "Mozilla/5.0 (compatible; SemrushBot/7~bl; +http://www.semrush.com/bot.html)"
13.66.139.73 - - [20/Feb/2021:11:23:40 +0100] "GET /nerf-darts-refill-elite-12-p-20346.html HTTP/1.0" 301 71342 "-" "Mozilla/5.0 (compatible; bingbot/2.0; +http://www.bing.com/bingbot.htm)"
185.191.171.44 - - [20/Feb/2021:11:23:41 +0100] "GET /mini-metal-tray-bcassine-p-35254.html HTTP/1.0" 200 71450 "-" "Mozilla/5.0 (compatible; SemrushBot/7~bl; +http://www.semrush.com/bot.html)"
185.191.171.18 - - [20/Feb/2021:11:23:46 +0100] "GET /cow-flower-power-adult-apron-p-39869.html HTTP/1.0" 301 68875 "-" "Mozilla/5.0 (compatible; SemrushBot/7~bl; +http://www.semrush.com/bot.html)"
185.191.171.37 - - [20/Feb/2021:11:23:48 +0100] "GET /flower-power-adult-apron-p-39869.html HTTP/1.0" 200 68784 "-" "Mozilla/5.0 (compatible; SemrushBot/7~bl; +http://www.semrush.com/bot.html)"
54.36.148.183 - - [20/Feb/2021:11:24:19 +0100] "GET /gold-lucky-cat-moneybox-p-50827.html HTTP/1.0" 301 71997 "-" "Mozilla/5.0 (compatible; AhrefsBot/7.0; +http://ahrefs.com/robot/)"
185.191.171.10 - - [20/Feb/2021:11:24:24 +0100] "GET /shirts-sweatshirts-c-53_54.html?page=6 HTTP/1.0" 200 83401 "-" "Mozilla/5.0 (compatible; SemrushBot/7~bl; +http://www.semrush.com/bot.html)"
13.66.139.137 - - [20/Feb/2021:11:24:28 +0100] "GET /-p-1561.html HTTP/1.0" 200 68688 "-" "Mozilla/5.0 (compatible; bingbot/2.0; +http://www.bing.com/bingbot.htm)"
13.66.139.137 - - [20/Feb/2021:11:24:29 +0100] "GET /car-air-freshener-heart-and-home-sweet-pea-p-40565.html HTTP/1.0" 301 71786 "-" "Mozilla/5.0 (compatible; bingbot/2.0; +http://www.bing.com/bingbot.htm)"
185.191.171.13 - - [20/Feb/2021:11:24:34 +0100] "GET /versailles-flower-grey-p-51544.html HTTP/1.0" 200 72250 "-" "Mozilla/5.0 (compatible; SemrushBot/7~bl; +http://www.semrush.com/bot.html)"
157.55.39.246 - - [20/Feb/2021:11:24:46 +0100] "GET /js/jquery.js HTTP/1.0" 200 252 "-" "Mozilla/5.0 (compatible; bingbot/2.0; +http://www.bing.com/bingbot.htm)"
185.191.171.3 - - [20/Feb/2021:11:24:55 +0100] "GET /kimmidoll-haruyo-magnets-p-31960.html?action=add_product HTTP/1.0" 302 476 "-" "Mozilla/5.0 (compatible; SemrushBot/7~bl; +http://www.semrush.com/bot.html)"
13.66.139.137 - - [20/Feb/2021:11:25:18 +0100] "GET /allen-the-owl-tote-bag-p-47660.html HTTP/1.0" 301 72026 "-" "Mozilla/5.0 (compatible; bingbot/2.0; +http://www.bing.com/bingbot.htm)"
54.36.148.90 - - [20/Feb/2021:11:25:36 +0100] "GET /taurus-metal-trivet-p-39674.html HTTP/1.0" 200 71278 "-" "Mozilla/5.0 (compatible; AhrefsBot/7.0; +http://ahrefs.com/robot/)"
216.244.66.242 - - [20/Feb/2021:11:25:36 +0100] "GET /pillow-case-65-65-cm-blue-jean-p-36885.html HTTP/1.0" 301 71689 "-" "Mozilla/5.0 (compatible; DotBot/1.1; http://www.opensiteexplorer.org/dotbot, help@moz.com)"
185.191.171.37 - - [20/Feb/2021:11:25:50 +0100] "GET /olympique-marseille-black-bowl-p-38006.html HTTP/1.0" 200 71368 "-" "Mozilla/5.0 (compatible; SemrushBot/7~bl; +http://www.semrush.com/bot.html)"
185.191.171.6 - - [20/Feb/2021:11:25:52 +0100] "GET /therese-aromatika-incense-sticks-p-53452.html?action=add_product HTTP/1.0" 302 476 "-" "Mozilla/5.0 (compatible; SemrushBot/7~bl; +http://www.semrush.com/bot.html)"
185.191.171.16 - - [20/Feb/2021:11:25:55 +0100] "GET /fouta-in-cotton-anise-95-180-cm-p-39192.html HTTP/1.0" 301 68757 "-" "Mozilla/5.0 (compatible; SemrushBot/7~bl; +http://www.semrush.com/bot.html)"
216.244.66.242 - - [20/Feb/2021:11:25:59 +0100] "GET /beyblade-mattress-swimming-pool-p-14358.html HTTP/1.0" 200 71521 "-" "Mozilla/5.0 (compatible; DotBot/1.1; http://www.opensiteexplorer.org/dotbot, help@moz.com)"
185.191.171.9 - - [20/Feb/2021:11:26:01 +0100] "GET /glitter-adhesive-roll-pearl-grey-p-50482.html?action=add_product HTTP/1.0" 302 476 "-" "Mozilla/5.0 (compatible; SemrushBot/7~bl; +http://www.semrush.com/bot.html)"
13.66.139.137 - - [20/Feb/2021:11:26:08 +0100] "GET /-p-15409.html HTTP/1.0" 200 68690 "-" "Mozilla/5.0 (compatible; bingbot/2.0; +http://www.bing.com/bingbot.htm)"
185.191.171.38 - - [20/Feb/2021:11:26:08 +0100] "GET /little-prince-tote-p-50595.html HTTP/1.0" 200 71386 "-" "Mozilla/5.0 (compatible; SemrushBot/7~bl; +http://www.semrush.com/bot.html)"
66.249.69.164 - - [20/Feb/2021:11:26:13 +0100] "GET /images/mini_prod/3700572751719B.jpg HTTP/1.0" 200 270 "-" "Googlebot-Image/1.0"
185.191.171.24 - - [20/Feb/2021:11:26:15 +0100] "GET /support-metal-bottle-sailing-ship-p-53008.html?action=add_product HTTP/1.0" 302 476 "-" "Mozilla/5.0 (compatible; SemrushBot/7~bl; +http://www.semrush.com/bot.html)"
13.66.139.88 - - [20/Feb/2021:11:26:23 +0100] "GET /dubout-cats-paris-shoulder-bag-p-34472.html HTTP/1.0" 301 71623 "-" "Mozilla/5.0 (compatible; bingbot/2.0; +http://www.bing.com/bingbot.htm)"
185.191.171.38 - - [20/Feb/2021:11:26:23 +0100] "GET /headrest-cushion-blue-p-43996.html HTTP/1.0" 200 71374 "-" "Mozilla/5.0 (compatible; SemrushBot/7~bl; +http://www.semrush.com/bot.html)"
216.244.66.242 - - [20/Feb/2021:11:26:27 +0100] "GET /cats-mini-mug-p-48622.html HTTP/1.0" 301 71870 "-" "Mozilla/5.0 (compatible; DotBot/1.1; http://www.opensiteexplorer.org/dotbot, help@moz.com)"
13.66.139.73 - - [20/Feb/2021:11:26:29 +0100] "GET /-p-19908.html HTTP/1.0" 200 68690 "-" "Mozilla/5.0 (compatible; bingbot/2.0; +http://www.bing.com/bingbot.htm)"
216.244.66.242 - - [20/Feb/2021:11:26:30 +0100] "GET /darth-vader-star-wars-jumbo-cup-p-15964.html HTTP/1.0" 301 71544 "-" "Mozilla/5.0 (compatible; DotBot/1.1; http://www.opensiteexplorer.org/dotbot, help@moz.com)"
185.191.171.37 - - [20/Feb/2021:11:26:31 +0100] "GET /gorjuss-tall-tails-manicure-p-46951.html?action=add_product HTTP/1.0" 302 476 "-" "Mozilla/5.0 (compatible; SemrushBot/7~bl; +http://www.semrush.com/bot.html)"
216.244.66.242 - - [20/Feb/2021:11:26:42 +0100] "GET /aries-clasic-keyring-by-cbkreation-p-43245.html HTTP/1.0" 301 71564 "-" "Mozilla/5.0 (compatible; DotBot/1.1; http://www.opensiteexplorer.org/dotbot, help@moz.com)"
216.244.66.242 - - [20/Feb/2021:11:26:46 +0100] "GET /mani-lucky-cat-pastel-blue-pen-p-37340.html HTTP/1.0" 301 71532 "-" "Mozilla/5.0 (compatible; DotBot/1.1; http://www.opensiteexplorer.org/dotbot, help@moz.com)"
185.191.171.22 - - [20/Feb/2021:11:26:57 +0100] "GET /that-italia-p-23069.html?action=add_product HTTP/1.0" 302 476 "-" "Mozilla/5.0 (compatible; SemrushBot/7~bl; +http://www.semrush.com/bot.html)"
54.36.148.90 - - [20/Feb/2021:11:26:58 +0100] "GET /little-marcel-pencil-case-p-40965.html HTTP/1.0" 200 72002 "-" "Mozilla/5.0 (compatible; AhrefsBot/7.0; +http://ahrefs.com/robot/)"
216.244.66.242 - - [20/Feb/2021:11:27:06 +0100] "GET /corsica-mug-by-cbkreation-p-43144.html HTTP/1.0" 301 71421 "-" "Mozilla/5.0 (compatible; DotBot/1.1; http://www.opensiteexplorer.org/dotbot, help@moz.com)"
185.191.171.38 - - [20/Feb/2021:11:27:12 +0100] "GET /green-cat-set-salt-and-pepper-p-34485.html HTTP/1.0" 301 71508 "-" "Mozilla/5.0 (compatible; SemrushBot/7~bl; +http://www.semrush.com/bot.html)"
185.191.171.13 - - [20/Feb/2021:11:27:14 +0100] "GET /green-salt-pepper-p-34485.html HTTP/1.0" 200 71424 "-" "Mozilla/5.0 (compatible; SemrushBot/7~bl; +http://www.semrush.com/bot.html)"
185.191.171.41 - - [20/Feb/2021:11:27:20 +0100] "GET /alice-wonderland-romero-britto-p-44948.html HTTP/1.0" 200 71734 "-" "Mozilla/5.0 (compatible; SemrushBot/7~bl; +http://www.semrush.com/bot.html)"
216.244.66.242 - - [20/Feb/2021:11:27:26 +0100] "GET /canadian-dollar-money-box-by-cbkreation-p-24137.html HTTP/1.0" 301 71572 "-" "Mozilla/5.0 (compatible; DotBot/1.1; http://www.opensiteexplorer.org/dotbot, help@moz.com)"
