13.66.139.137 - - [20/Feb/2021:13:07:39 +0100] "GET /frozen-apron-and-chef-hat-p-29527.html HTTP/1.0" 301 68874 "-" "Mozilla/5.0 (compatible; bingbot/2.0; +http://www.bing.com/bingbot.htm)"
185.191.171.15 - - [20/Feb/2021:13:07:39 +0100] "GET /large-metal-plate-collection-vespa-p-16845.html HTTP/1.0" 200 71927 "-" "Mozilla/5.0 (compatible; SemrushBot/7~bl; +http://www.semrush.com/bot.html)"
207.46.13.52 - - [20/Feb/2021:13:07:43 +0100] "GET /js/jquery.masonry.min.js HTTP/1.0" 200 264 "-" "Mozilla/5.0 (compatible; bingbot/2.0; +http://www.bing.com/bingbot.htm)"
66.160.140.183 - - [20/Feb/2021:13:07:45 +0100] "GET /chairs-cushion-c-11_165.html HTTP/1.0" 200 89227 "-" "The Knowledge AI"
13.66.139.73 - - [20/Feb/2021:13:07:49 +0100] "GET /-p-18312.html HTTP/1.0" 200 68690 "-" "Mozilla/5.0 (compatible; bingbot/2.0; +http://www.bing.com/bingbot.htm)"
13.66.139.73 - - [20/Feb/2021:13:07:50 +0100] "GET /-p-29762.html HTTP/1.0" 200 68690 "-" "Mozilla/5.0 (compatible; bingbot/2.0; +http://www.bing.com/bingbot.htm)"
157.55.39.255 - - [20/Feb/2021:13:07:54 +0100] "GET /js/jquery.min.js HTTP/1.0" 404 1308 "-" "Mozilla/5.0 (compatible; bingbot/2.0; +http://www.bing.com/bingbot.htm)"
185.191.171.23 - - [20/Feb/2021:13:07:55 +0100] "GET /retro-chest-p-34949.html?action=add_product HTTP/1.0" 302 476 "-" "Mozilla/5.0 (compatible; SemrushBot/7~bl; +http://www.semrush.com/bot.html)"
66.160.140.183 - - [20/Feb/2021:13:07:59 +0100] "GET /curtains-lace-curtains-c-11_69.html HTTP/1.0" 200 88093 "-" "The Knowledge AI"
13.66.139.88 - - [20/Feb/2021:13:08:02 +0100] "GET /franklin-green-swimsuit-p-30241.html HTTP/1.0" 200 73610 "-" "Mozilla/5.0 (compatible; bingbot/2.0; +http://www.bing.com/bingbot.htm)"
13.66.139.88 - - [20/Feb/2021:13:08:03 +0100] "GET /cats-set-bowl-and-saucer-p-30177.html HTTP/1.0" 301 71452 "-" "Mozilla/5.0 (compatible; bingbot/2.0; +http://www.bing.com/bingbot.htm)"
13.66.139.137 - - [20/Feb/2021:13:08:09 +0100] "GET /mugs-and-mazagrans-c-12_57.html?page=11 HTTP/1.0" 301 95779 "-" "Mozilla/5.0 (compatible; bingbot/2.0; +http://www.bing.com/bingbot.htm)"
66.160.140.183 - - [20/Feb/2021:13:08:13 +0100] "GET /cushion-headboard-c-11_173.html HTTP/1.0" 200 87932 "-" "The Knowledge AI"
66.249.69.166 - - [20/Feb/2021:13:08:14 +0100] "GET /images/big_prod/8424001353095.jpg HTTP/1.0" 200 268 "-" "Googlebot-Image/1.0"
157.55.39.246 - - [20/Feb/2021:13:08:26 +0100] "GET /js/jquery.js HTTP/1.0" 200 252 "-" "Mozilla/5.0 (compatible; bingbot/2.0; +http://www.bing.com/bingbot.htm)"
157.55.39.246 - - [20/Feb/2021:13:08:26 +0100] "GET /js/jquery.js HTTP/1.0" 200 252 "-" "Mozilla/5.0 (compatible; bingbot/2.0; +http://www.bing.com/bingbot.htm)"
66.160.140.183 - - [20/Feb/2021:13:08:27 +0100] "GET /cushions-c-11_71.html HTTP/1.0" 200 91065 "-" "The Knowledge AI"
54.36.149.38 - - [20/Feb/2021:13:08:34 +0100] "GET /old-military-ambulance-truck-metal-28-cm-p-48884.html HTTP/1.0" 301 72470 "-" "Mozilla/5.0 (compatible; AhrefsBot/7.0; +http://ahrefs.com/robot/)"
66.249.69.162 - - [20/Feb/2021:13:08:37 +0100] "GET /images/1399984227299.jpg HTTP/1.0" 200 259 "-" "Googlebot-Image/1.0"
13.66.139.73 - - [20/Feb/2021:13:08:39 +0100] "GET /bohemian-ethnic-style-burlap-table-p-47329.html HTTP/1.0" 200 72006 "-" "Mozilla/5.0 (compatible; bingbot/2.0; +http://www.bing.com/bingbot.htm)"
66.160.140.183 - - [20/Feb/2021:13:08:40 +0100] "GET /duvet-cover-c-11_195.html HTTP/1.0" 200 89814 "-" "The Knowledge AI"
13.66.139.88 - - [20/Feb/2021:13:08:44 +0100] "GET /-p-22027.html HTTP/1.0" 200 68690 "-" "Mozilla/5.0 (compatible; bingbot/2.0; +http://www.bing.com/bingbot.htm)"
13.66.139.88 - - [20/Feb/2021:13:08:45 +0100] "GET /pencil-pot-cbkreation-p-43446.html HTTP/1.0" 301 71406 "-" "Mozilla/5.0 (compatible; bingbot/2.0; +http://www.bing.com/bingbot.htm)"
66.160.140.183 - - [20/Feb/2021:13:08:54 +0100] "GET /fitted-sheet-c-11_193.html HTTP/1.0" 200 88945 "-" "The Knowledge AI"
185.191.171.13 - - [20/Feb/2021:13:08:55 +0100] "GET /training-bottle-cbkreation-p-24336.html HTTP/1.0" 200 71641 "-" "Mozilla/5.0 (compatible; SemrushBot/7~bl; +http://www.semrush.com/bot.html)"
66.160.140.183 - - [20/Feb/2021:13:09:07 +0100] "GET /floor-cushions-c-11_182.html HTTP/1.0" 200 89672 "-" "The Knowledge AI"
66.160.140.183 - - [20/Feb/2021:13:09:21 +0100] "GET /kitchen-gloves-potholders-c-11_178.html HTTP/1.0" 200 88153 "-" "The Knowledge AI"
66.249.69.162 - - [20/Feb/2021:13:09:22 +0100] "GET /images/mini_prod/8433933301661.jpg HTTP/1.0" 200 269 "-" "Googlebot-Image/1.0"
66.160.140.183 - - [20/Feb/2021:13:09:35 +0100] "GET /mattress-cover-c-11_197.html HTTP/1.0" 200 88633 "-" "The Knowledge AI"
66.160.140.183 - - [20/Feb/2021:13:09:49 +0100] "GET /pillow-bolster-c-11_199.html HTTP/1.0" 200 82374 "-" "The Knowledge AI"
54.36.148.9 - - [20/Feb/2021:13:09:50 +0100] "GET /round-carpet-mandala-p-50743.html HTTP/1.0" 200 72056 "-" "Mozilla/5.0 (compatible; AhrefsBot/7.0; +http://ahrefs.com/robot/)"
13.66.139.73 - - [20/Feb/2021:13:09:49 +0100] "GET /maisy-pencil-case-p-4518.html HTTP/1.0" 200 68746 "-" "Mozilla/5.0 (compatible; bingbot/2.0; +http://www.bing.com/bingbot.htm)"
216.244.66.242 - - [20/Feb/2021:13:09:52 +0100] "GET /cats-cutty-door-plate-bathroom-p-50639.html HTTP/1.0" 200 71452 "-" "Mozilla/5.0 (compatible; DotBot/1.1; http://www.opensiteexplorer.org/dotbot, help@moz.com)"
216.244.66.242 - - [20/Feb/2021:13:09:54 +0100] "GET /metal-small-box-for-baby-teeth-pink-p-47099.html HTTP/1.0" 301 72234 "-" "Mozilla/5.0 (compatible; DotBot/1.1; http://www.opensiteexplorer.org/dotbot, help@moz.com)"
66.160.140.183 - - [20/Feb/2021:13:10:02 +0100] "GET /pillowcases-bolstercases-c-11_166.html HTTP/1.0" 200 88685 "-" "The Knowledge AI"
66.249.69.162 - - [20/Feb/2021:13:10:08 +0100] "GET /images/mini_prod/8433933104583.jpg HTTP/1.0" 200 269 "-" "Googlebot-Image/1.0"
13.66.139.137 - - [20/Feb/2021:13:10:08 +0100] "GET /merryweather-figure-p-15680.html HTTP/1.0" 200 68776 "-" "Mozilla/5.0 (compatible; bingbot/2.0; +http://www.bing.com/bingbot.htm)"
13.66.139.88 - - [20/Feb/2021:13:10:13 +0100] "GET /mugs-and-mazagrans-c-12_57.html?page=10 HTTP/1.0" 301 95141 "-" "Mozilla/5.0 (compatible; bingbot/2.0; +http://www.bing.com/bingbot.htm)"
185.191.171.42 - - [20/Feb/2021:13:10:13 +0100] "GET /corsica-money-cbkreation-p-24000.html HTTP/1.0" 200 71410 "-" "Mozilla/5.0 (compatible; SemrushBot/7~bl; +http://www.semrush.com/bot.html)"
66.160.140.183 - - [20/Feb/2021:13:10:16 +0100] "GET /polar-blankets-blankets-c-11_73.html HTTP/1.0" 200 89697 "-" "The Knowledge AI"
66.160.140.183 - - [20/Feb/2021:13:10:30 +0100] "GET /poncho-towels-bathrobes-c-11_72.html HTTP/1.0" 200 79784 "-" "The Knowledge AI"
66.160.140.183 - - [20/Feb/2021:13:10:43 +0100] "GET /linen-c-11_68.html HTTP/1.0" 200 90333 "-" "The Knowledge AI"
216.244.66.242 - - [20/Feb/2021:13:10:45 +0100] "GET /little-red-moustache-ring-p-18696.html HTTP/1.0" 301 71874 "-" "Mozilla/5.0 (compatible; DotBot/1.1; http://www.opensiteexplorer.org/dotbot, help@moz.com)"
216.244.66.242 - - [20/Feb/2021:13:10:48 +0100] "GET /two-espresso-cups-restaurant-mustache-p-26483.html HTTP/1.0" 301 71506 "-" "Mozilla/5.0 (compatible; DotBot/1.1; http://www.opensiteexplorer.org/dotbot, help@moz.com)"
66.249.69.164 - - [20/Feb/2021:13:10:53 +0100] "GET /images/mini_prod/1341689696832.jpg HTTP/1.0" 200 269 "-" "Googlebot-Image/1.0"
13.66.139.88 - - [20/Feb/2021:13:10:53 +0100] "GET /minnie-mouse-swimming-armband-p-25218.html HTTP/1.0" 200 68796 "-" "Mozilla/5.0 (compatible; bingbot/2.0; +http://www.bing.com/bingbot.htm)"
54.36.148.206 - - [20/Feb/2021:13:10:57 +0100] "GET /cats-by-dubout-figurine-cutie-p-32704.html HTTP/1.0" 301 71870 "-" "Mozilla/5.0 (compatible; AhrefsBot/7.0; +http://ahrefs.com/robot/)"
66.160.140.183 - - [20/Feb/2021:13:10:57 +0100] "GET /shower-curtain-c-11_168.html HTTP/1.0" 200 88231 "-" "The Knowledge AI"
216.244.66.242 - - [20/Feb/2021:13:10:57 +0100] "GET /crayola-set-of-14-mini-markers-washable-p-16590.html HTTP/1.0" 301 71548 "-" "Mozilla/5.0 (compatible; DotBot/1.1; http://www.opensiteexplorer.org/dotbot, help@moz.com)"
185.191.171.10 - - [20/Feb/2021:13:10:58 +0100] "GET /home-and-decoration-c-13.html?page=146 HTTP/1.0" 301 90743 "-" "Mozilla/5.0 (compatible; SemrushBot/7~bl; +http://www.semrush.com/bot.html)"
185.191.171.42 - - [20/Feb/2021:13:11:00 +0100] "GET /home-decoration-c-13.html?page=146 HTTP/1.0" 200 90655 "-" "Mozilla/5.0 (compatible; SemrushBot/7~bl; +http://www.semrush.com/bot.html)"
216.244.66.242 - - [20/Feb/2021:13:11:03 +0100] "GET /geishas-pot-cookware-cbkreation-p-29728.html HTTP/1.0" 301 71477 "-" "Mozilla/5.0 (compatible; DotBot/1.1; http://www.opensiteexplorer.org/dotbot, help@moz.com)"
185.191.171.15 - - [20/Feb/2021:13:11:04 +0100] "GET /owl-wooden-calendar-p-49194.html HTTP/1.0" 301 71940 "-" "Mozilla/5.0 (compatible; SemrushBot/7~bl; +http://www.semrush.com/bot.html)"
185.191.171.7 - - [20/Feb/2021:13:11:06 +0100] "GET /wooden-calendar-p-49194.html HTTP/1.0" 200 71858 "-" "Mozilla/5.0 (compatible; SemrushBot/7~bl; +http://www.semrush.com/bot.html)"
216.244.66.242 - - [20/Feb/2021:13:11:07 +0100] "GET /gorjuss-cards-supplied-with-an-envelope-dark-streak-p-48386.html HTTP/1.0" 301 71769 "-" "Mozilla/5.0 (compatible; DotBot/1.1; http://www.opensiteexplorer.org/dotbot, help@moz.com)"
185.191.171.44 - - [20/Feb/2021:13:11:08 +0100] "GET /surfboard-ceramic-magnet-p-42049.html?action=add_product HTTP/1.0" 302 476 "-" "Mozilla/5.0 (compatible; SemrushBot/7~bl; +http://www.semrush.com/bot.html)"
216.244.66.242 - - [20/Feb/2021:13:11:11 +0100] "GET /japan-keyring-by-cbkreation-p-43241.html HTTP/1.0" 301 71501 "-" "Mozilla/5.0 (compatible; DotBot/1.1; http://www.opensiteexplorer.org/dotbot, help@moz.com)"
66.160.140.183 - - [20/Feb/2021:13:11:11 +0100] "GET /tablecloths-c-11_176.html HTTP/1.0" 200 90053 "-" "The Knowledge AI"
216.244.66.242 - - [20/Feb/2021:13:11:15 +0100] "GET /lyon-black-tee-shirt-p-31275.html HTTP/1.0" 301 73335 "-" "Mozilla/5.0 (compatible; DotBot/1.1; http://www.opensiteexplorer.org/dotbot, help@moz.com)"
216.244.66.242 - - [20/Feb/2021:13:11:20 +0100] "GET /beach-shower-curtain-180-180-cm-p-37701.html HTTP/1.0" 301 71502 "-" "Mozilla/5.0 (compatible; DotBot/1.1; http://www.opensiteexplorer.org/dotbot, help@moz.com)"
216.244.66.242 - - [20/Feb/2021:13:11:24 +0100] "GET /nici-jolly-gustuv-wallet-p-9245.html HTTP/1.0" 200 71631 "-" "Mozilla/5.0 (compatible; DotBot/1.1; http://www.opensiteexplorer.org/dotbot, help@moz.com)"
66.160.140.183 - - [20/Feb/2021:13:11:25 +0100] "GET /towels-napkins-c-11_177.html HTTP/1.0" 200 90561 "-" "The Knowledge AI"
185.191.171.22 - - [20/Feb/2021:13:11:26 +0100] "GET /metal-beer-bucket-blue-p-44737.html?action=add_product HTTP/1.0" 302 476 "-" "Mozilla/5.0 (compatible; SemrushBot/7~bl; +http://www.semrush.com/bot.html)"
13.66.139.137 - - [20/Feb/2021:13:11:29 +0100] "GET /verity-rose-set-of-hair-clips-retro-p-29186.html HTTP/1.0" 301 71491 "-" "Mozilla/5.0 (compatible; bingbot/2.0; +http://www.bing.com/bingbot.htm)"
13.66.139.137 - - [20/Feb/2021:13:11:30 +0100] "GET /-p-23260.html HTTP/1.0" 200 68690 "-" "Mozilla/5.0 (compatible; bingbot/2.0; +http://www.bing.com/bingbot.htm)"
216.244.66.242 - - [20/Feb/2021:13:11:29 +0100] "GET /-p-21041.html HTTP/1.0" 200 68690 "-" "Mozilla/5.0 (compatible; DotBot/1.1; http://www.opensiteexplorer.org/dotbot, help@moz.com)"
13.66.139.73 - - [20/Feb/2021:13:11:33 +0100] "GET /travel-documents-set-cb-passport-and-boarding-pass-p-47344.html HTTP/1.0" 301 72457 "-" "Mozilla/5.0 (compatible; bingbot/2.0; +http://www.bing.com/bingbot.htm)"
13.66.139.73 - - [20/Feb/2021:13:11:34 +0100] "GET /the-best-summer-mono-wooden-peg-hook-p-37236.html HTTP/1.0" 301 71576 "-" "Mozilla/5.0 (compatible; bingbot/2.0; +http://www.bing.com/bingbot.htm)"
13.66.139.73 - - [20/Feb/2021:13:11:35 +0100] "GET /robocar-poli-astronaut-convertible-vehicle-p-37007.html HTTP/1.0" 200 68891 "-" "Mozilla/5.0 (compatible; bingbot/2.0; +http://www.bing.com/bingbot.htm)"
66.249.69.162 - - [20/Feb/2021:13:11:38 +0100] "GET /images/mini_prod/3609810059986.jpg HTTP/1.0" 200 269 "-" "Googlebot-Image/1.0"
66.160.140.183 - - [20/Feb/2021:13:11:39 +0100] "GET /rugs-c-11_269.html HTTP/1.0" 200 88756 "-" "The Knowledge AI"
216.244.66.242 - - [20/Feb/2021:13:11:39 +0100] "GET /-p-26087.html HTTP/1.0" 200 68690 "-" "Mozilla/5.0 (compatible; DotBot/1.1; http://www.opensiteexplorer.org/dotbot, help@moz.com)"
216.244.66.242 - - [20/Feb/2021:13:11:47 +0100] "GET /black-wallet-for-man-p-37137.html HTTP/1.0" 301 72909 "-" "Mozilla/5.0 (compatible; DotBot/1.1; http://www.opensiteexplorer.org/dotbot, help@moz.com)"
185.191.171.6 - - [20/Feb/2021:13:11:47 +0100] "GET /pepsi-metal-plate-p-40311.html HTTP/1.0" 200 71463 "-" "Mozilla/5.0 (compatible; SemrushBot/7~bl; +http://www.semrush.com/bot.html)"
13.66.139.137 - - [20/Feb/2021:13:11:48 +0100] "GET /diddl-m-98.html?page=2 HTTP/1.0" 200 75705 "-" "Mozilla/5.0 (compatible; bingbot/2.0; +http://www.bing.com/bingbot.htm)"
216.244.66.242 - - [20/Feb/2021:13:11:53 +0100] "GET /small-wooden-box-butterflies-and-ribbon-p-37616.html HTTP/1.0" 301 71709 "-" "Mozilla/5.0 (compatible; DotBot/1.1; http://www.opensiteexplorer.org/dotbot, help@moz.com)"
66.160.140.183 - - [20/Feb/2021:13:11:53 +0100] "GET /bath-c-11_269_267.html HTTP/1.0" 200 79604 "-" "The Knowledge AI"
216.244.66.242 - - [20/Feb/2021:13:11:58 +0100] "GET /cement-tile-stickers-15-15-cm-beige-and-gold-p-45005.html HTTP/1.0" 301 71809 "-" "Mozilla/5.0 (compatible; DotBot/1.1; http://www.opensiteexplorer.org/dotbot, help@moz.com)"
185.191.171.3 - - [20/Feb/2021:13:12:00 +0100] "GET /led-signal-lamp-p-48684.html HTTP/1.0" 301 68810 "-" "Mozilla/5.0 (compatible; SemrushBot/7~bl; +http://www.semrush.com/bot.html)"
185.191.171.11 - - [20/Feb/2021:13:12:02 +0100] "GET /signal-lamp-p-48684.html HTTP/1.0" 200 68732 "-" "Mozilla/5.0 (compatible; SemrushBot/7~bl; +http://www.semrush.com/bot.html)"
216.244.66.242 - - [20/Feb/2021:13:12:03 +0100] "GET /liechtenstein-clock-by-cbkreation-p-36928.html HTTP/1.0" 301 71482 "-" "Mozilla/5.0 (compatible; DotBot/1.1; http://www.opensiteexplorer.org/dotbot, help@moz.com)"
216.244.66.242 - - [20/Feb/2021:13:12:07 +0100] "GET /cinderella-peel-and-stick-wall-decals-p-14428.html HTTP/1.0" 301 71686 "-" "Mozilla/5.0 (compatible; DotBot/1.1; http://www.opensiteexplorer.org/dotbot, help@moz.com)"
66.160.140.183 - - [20/Feb/2021:13:12:08 +0100] "GET /decorative-carpets-c-11_269_167.html HTTP/1.0" 200 88779 "-" "The Knowledge AI"
13.66.139.137 - - [20/Feb/2021:13:12:08 +0100] "GET /decorative-thermometer-in-metal-30-cm-le-gendarme-p-47086.html HTTP/1.0" 301 71648 "-" "Mozilla/5.0 (compatible; bingbot/2.0; +http://www.bing.com/bingbot.htm)"
13.66.139.137 - - [20/Feb/2021:13:12:09 +0100] "GET /barbabravo-magnet-p-7289.html HTTP/1.0" 200 68764 "-" "Mozilla/5.0 (compatible; bingbot/2.0; +http://www.bing.com/bingbot.htm)"
216.244.66.242 - - [20/Feb/2021:13:12:12 +0100] "GET /cast-salamander-wall-bell-10-cm-p-45760.html HTTP/1.0" 301 71496 "-" "Mozilla/5.0 (compatible; DotBot/1.1; http://www.opensiteexplorer.org/dotbot, help@moz.com)"
216.244.66.242 - - [20/Feb/2021:13:12:15 +0100] "GET /plush-pig-keel-toys-p-50296.html HTTP/1.0" 301 68830 "-" "Mozilla/5.0 (compatible; DotBot/1.1; http://www.opensiteexplorer.org/dotbot, help@moz.com)"
216.244.66.242 - - [20/Feb/2021:13:12:20 +0100] "GET /mini-magnetic-plate-retro-eat-drink-be-merry-p-34409.html HTTP/1.0" 301 68994 "-" "Mozilla/5.0 (compatible; DotBot/1.1; http://www.opensiteexplorer.org/dotbot, help@moz.com)"
66.160.140.183 - - [20/Feb/2021:13:12:22 +0100] "GET /doormats-entrance-carpets-c-11_269_266.html HTTP/1.0" 200 88416 "-" "The Knowledge AI"
216.244.66.242 - - [20/Feb/2021:13:12:23 +0100] "GET /small-bamboo-tray-lama-p-49582.html HTTP/1.0" 200 71420 "-" "Mozilla/5.0 (compatible; DotBot/1.1; http://www.opensiteexplorer.org/dotbot, help@moz.com)"
66.249.69.166 - - [20/Feb/2021:13:12:23 +0100] "GET /images/mini_prod/5411854144799.jpg HTTP/1.0" 200 269 "-" "Googlebot-Image/1.0"
13.66.139.88 - - [20/Feb/2021:13:12:23 +0100] "GET /protective-fleece-pillow-cover-50-70-cm-p-39151.html HTTP/1.0" 301 71556 "-" "Mozilla/5.0 (compatible; bingbot/2.0; +http://www.bing.com/bingbot.htm)"
54.36.148.84 - - [20/Feb/2021:13:12:26 +0100] "GET /yellow-cocci-metal-plate-deco-p-34331.html HTTP/1.0" 200 71376 "-" "Mozilla/5.0 (compatible; AhrefsBot/7.0; +http://ahrefs.com/robot/)"
66.160.140.183 - - [20/Feb/2021:13:12:35 +0100] "GET /yoga-c-11_269_268.html HTTP/1.0" 200 82137 "-" "The Knowledge AI"
13.66.139.88 - - [20/Feb/2021:13:12:44 +0100] "GET /mat-for-bowls-les-toutous-flingueurs-p-46829.html HTTP/1.0" 301 71304 "-" "Mozilla/5.0 (compatible; bingbot/2.0; +http://www.bing.com/bingbot.htm)"
66.160.140.183 - - [20/Feb/2021:13:12:51 +0100] "GET /towel-bath-towels-c-11_70.html HTTP/1.0" 200 90291 "-" "The Knowledge AI"
66.249.69.164 - - [20/Feb/2021:13:12:54 +0100] "GET /espresso-eccentric-p-39754.html HTTP/1.0" 200 71441 "-" "Mozilla/5.0 (Linux; Android 6.0.1; Nexus 5X Build/MMB29P) AppleWebKit/537.36 (KHTML, like Gecko) Chrome/88.0.4324.153 Mobile Safari/537.36 (compatible; Googlebot/2.1; +http://www.google.com/bot.html)"
66.160.140.183 - - [20/Feb/2021:13:13:06 +0100] "GET /luggages-schoolbags-leather-shop-c-31.html HTTP/1.0" 200 90689 "-" "The Knowledge AI"
66.249.69.162 - - [20/Feb/2021:13:13:08 +0100] "GET /images/mini_prod/33791.jpg HTTP/1.0" 200 261 "-" "Googlebot-Image/1.0"
185.191.171.7 - - [20/Feb/2021:13:13:09 +0100] "GET /porcelain-lamp-p-52753.html HTTP/1.0" 200 72038 "-" "Mozilla/5.0 (compatible; SemrushBot/7~bl; +http://www.semrush.com/bot.html)"
66.160.140.183 - - [20/Feb/2021:13:13:19 +0100] "GET /backpacks-c-31_77.html HTTP/1.0" 200 92400 "-" "The Knowledge AI"
157.55.39.159 - - [20/Feb/2021:13:13:23 +0100] "GET /water-outdoor-games-c-143.html HTTP/1.0" 301 90522 "-" "Mozilla/5.0 (compatible; bingbot/2.0; +http://www.bing.com/bingbot.htm)"
13.66.139.137 - - [20/Feb/2021:13:13:29 +0100] "GET /hand-of-fatima-candle-holder-p-48032.html HTTP/1.0" 301 71541 "-" "Mozilla/5.0 (compatible; bingbot/2.0; +http://www.bing.com/bingbot.htm)"
13.66.139.73 - - [20/Feb/2021:13:13:33 +0100] "GET /beyblade-blue-swimsuit-p-30447.html HTTP/1.0" 200 73068 "-" "Mozilla/5.0 (compatible; bingbot/2.0; +http://www.bing.com/bingbot.htm)"
66.160.140.183 - - [20/Feb/2021:13:13:33 +0100] "GET /hung-mirrors-c-31_258.html HTTP/1.0" 200 88683 "-" "The Knowledge AI"
54.36.148.90 - - [20/Feb/2021:13:13:46 +0100] "GET /spiderman-bag-lunch-box-and-bottle-p-31684.html HTTP/1.0" 301 73662 "-" "Mozilla/5.0 (compatible; AhrefsBot/7.0; +http://ahrefs.com/robot/)"
66.160.140.183 - - [20/Feb/2021:13:13:47 +0100] "GET /bagshandbags-shoulder-bags-c-31_81.html HTTP/1.0" 200 95209 "-" "The Knowledge AI"
66.249.69.164 - - [20/Feb/2021:13:13:54 +0100] "GET /images/big_prod/8433933123959.jpg HTTP/1.0" 200 268 "-" "Googlebot-Image/1.0"
157.55.39.189 - - [20/Feb/2021:13:13:57 +0100] "GET /mondial_relay/js/jquery-1.3.2.min.js HTTP/1.0" 200 276 "-" "Mozilla/5.0 (compatible; bingbot/2.0; +http://www.bing.com/bingbot.htm)"
185.191.171.45 - - [20/Feb/2021:13:13:58 +0100] "GET /coca-cola-red-lamp-p-28105.html HTTP/1.0" 301 68757 "-" "Mozilla/5.0 (compatible; SemrushBot/7~bl; +http://www.semrush.com/bot.html)"
185.191.171.22 - - [20/Feb/2021:13:14:00 +0100] "GET /-p-28105.html HTTP/1.0" 200 68690 "-" "Mozilla/5.0 (compatible; SemrushBot/7~bl; +http://www.semrush.com/bot.html)"
66.160.140.183 - - [20/Feb/2021:13:14:01 +0100] "GET /card-holders-passport-cases-c-31_236.html HTTP/1.0" 200 89524 "-" "The Knowledge AI"
185.191.171.11 - - [20/Feb/2021:13:14:03 +0100] "GET /-p-33710.html?action=add_product HTTP/1.0" 302 476 "-" "Mozilla/5.0 (compatible; SemrushBot/7~bl; +http://www.semrush.com/bot.html)"
13.66.139.137 - - [20/Feb/2021:13:14:09 +0100] "GET /charmmy-kitty-backpack-p-14542.html HTTP/1.0" 200 68776 "-" "Mozilla/5.0 (compatible; bingbot/2.0; +http://www.bing.com/bingbot.htm)"
13.66.139.137 - - [20/Feb/2021:13:14:10 +0100] "GET /horse-kitchen-towel-p-38814.html HTTP/1.0" 200 71289 "-" "Mozilla/5.0 (compatible; bingbot/2.0; +http://www.bing.com/bingbot.htm)"
66.160.140.183 - - [20/Feb/2021:13:14:16 +0100] "GET /companion-wallet-c-31_238.html HTTP/1.0" 200 89391 "-" "The Knowledge AI"
185.191.171.22 - - [20/Feb/2021:13:14:21 +0100] "GET /love-paris-p-39709.html HTTP/1.0" 200 71273 "-" "Mozilla/5.0 (compatible; SemrushBot/7~bl; +http://www.semrush.com/bot.html)"
185.191.171.34 - - [20/Feb/2021:13:14:26 +0100] "GET /teo-jasmin-large-cabas-teo-racing-black-p-39776.html HTTP/1.0" 301 68907 "-" "Mozilla/5.0 (compatible; SemrushBot/7~bl; +http://www.semrush.com/bot.html)"
185.191.171.15 - - [20/Feb/2021:13:14:28 +0100] "GET /little-prince-lamp-p-16477.html HTTP/1.0" 200 72077 "-" "Mozilla/5.0 (compatible; SemrushBot/7~bl; +http://www.semrush.com/bot.html)"
66.160.140.183 - - [20/Feb/2021:13:14:29 +0100] "GET /computer-briefcase-c-31_82.html HTTP/1.0" 200 82592 "-" "The Knowledge AI"
13.66.139.137 - - [20/Feb/2021:13:14:29 +0100] "GET /mini-metal-tray-banania-p-33322.html HTTP/1.0" 200 71409 "-" "Mozilla/5.0 (compatible; bingbot/2.0; +http://www.bing.com/bingbot.htm)"
185.191.171.8 - - [20/Feb/2021:13:14:31 +0100] "GET /small-baby-teeth-white-beige-p-36691.html?action=add_product HTTP/1.0" 302 476 "-" "Mozilla/5.0 (compatible; SemrushBot/7~bl; +http://www.semrush.com/bot.html)"
13.66.139.88 - - [20/Feb/2021:13:14:34 +0100] "GET /table-bell-85-cm-festin-familial-p-46456.html HTTP/1.0" 301 71450 "-" "Mozilla/5.0 (compatible; bingbot/2.0; +http://www.bing.com/bingbot.htm)"
185.191.171.16 - - [20/Feb/2021:13:14:35 +0100] "GET /ceramic-lamp-p-52409.html HTTP/1.0" 200 72226 "-" "Mozilla/5.0 (compatible; SemrushBot/7~bl; +http://www.semrush.com/bot.html)"
185.191.171.45 - - [20/Feb/2021:13:14:37 +0100] "GET /mojito-glasses-p-39470.html?action=add_product HTTP/1.0" 302 476 "-" "Mozilla/5.0 (compatible; SemrushBot/7~bl; +http://www.semrush.com/bot.html)"
66.249.69.162 - - [20/Feb/2021:13:14:39 +0100] "GET /images/mini_prod/3453131141130.jpg HTTP/1.0" 200 269 "-" "Googlebot-Image/1.0"
66.160.140.183 - - [20/Feb/2021:13:14:44 +0100] "GET /cosmetic-bags-flat-purse-c-31_239.html HTTP/1.0" 200 93591 "-" "The Knowledge AI"
157.55.39.246 - - [20/Feb/2021:13:14:57 +0100] "GET /js/jquery.js HTTP/1.0" 200 252 "-" "Mozilla/5.0 (compatible; bingbot/2.0; +http://www.bing.com/bingbot.htm)"
66.160.140.183 - - [20/Feb/2021:13:14:58 +0100] "GET /keyrings-c-31_52.html HTTP/1.0" 200 92438 "-" "The Knowledge AI"
185.191.171.44 - - [20/Feb/2021:13:15:07 +0100] "GET /toiletbrush-bamboo-p-53708.html HTTP/1.0" 200 72125 "-" "Mozilla/5.0 (compatible; SemrushBot/7~bl; +http://www.semrush.com/bot.html)"
13.66.139.73 - - [20/Feb/2021:13:15:10 +0100] "GET /-p-16048.html HTTP/1.0" 200 68690 "-" "Mozilla/5.0 (compatible; bingbot/2.0; +http://www.bing.com/bingbot.htm)"
54.36.149.48 - - [20/Feb/2021:13:15:11 +0100] "GET /trivet-and-boards-cut-c-12_158.html?page=11 HTTP/1.0" 301 89853 "-" "Mozilla/5.0 (compatible; AhrefsBot/7.0; +http://ahrefs.com/robot/)"
66.160.140.183 - - [20/Feb/2021:13:15:12 +0100] "GET /kids-school-c-31_80.html HTTP/1.0" 200 88989 "-" "The Knowledge AI"
13.66.139.88 - - [20/Feb/2021:13:15:14 +0100] "GET /-p-9224.html HTTP/1.0" 200 68688 "-" "Mozilla/5.0 (compatible; bingbot/2.0; +http://www.bing.com/bingbot.htm)"
13.66.139.88 - - [20/Feb/2021:13:15:23 +0100] "GET /hannah-montana-shopping-bag-and-coin-purse-set-p-7617.html HTTP/1.0" 301 72042 "-" "Mozilla/5.0 (compatible; bingbot/2.0; +http://www.bing.com/bingbot.htm)"
66.249.69.162 - - [20/Feb/2021:13:15:24 +0100] "GET /images/mini_prod/8433933100721.jpg HTTP/1.0" 200 269 "-" "Googlebot-Image/1.0"
13.66.139.88 - - [20/Feb/2021:13:15:25 +0100] "GET /incense-satya-nag-champa-sandalwood-15-grams-or-about-15-sticks-p-44398.html HTTP/1.0" 301 72094 "-" "Mozilla/5.0 (compatible; bingbot/2.0; +http://www.bing.com/bingbot.htm)"
13.66.139.88 - - [20/Feb/2021:13:15:26 +0100] "GET /-p-14256.html HTTP/1.0" 200 68690 "-" "Mozilla/5.0 (compatible; bingbot/2.0; +http://www.bing.com/bingbot.htm)"
66.160.140.183 - - [20/Feb/2021:13:15:26 +0100] "GET /manicure-articles-c-31_204.html HTTP/1.0" 200 87929 "-" "The Knowledge AI"
66.160.140.183 - - [20/Feb/2021:13:15:42 +0100] "GET /pencil-case-c-31_75.html HTTP/1.0" 200 92844 "-" "The Knowledge AI"
13.66.139.137 - - [20/Feb/2021:13:15:49 +0100] "GET /coca-cola-delicious-refreshing-clock-p-37052.html HTTP/1.0" 200 68861 "-" "Mozilla/5.0 (compatible; bingbot/2.0; +http://www.bing.com/bingbot.htm)"
13.66.139.137 - - [20/Feb/2021:13:15:50 +0100] "GET /kittens-bag-french-manufacturing-royal-tapisserie-p-52353.html HTTP/1.0" 301 73046 "-" "Mozilla/5.0 (compatible; bingbot/2.0; +http://www.bing.com/bingbot.htm)"
157.55.39.255 - - [20/Feb/2021:13:15:55 +0100] "GET /winnie-the-pooh-ball-filled-p-11522.html HTTP/1.0" 301 71884 "-" "Mozilla/5.0 (compatible; bingbot/2.0; +http://www.bing.com/bingbot.htm)"
66.160.140.183 - - [20/Feb/2021:13:15:56 +0100] "GET /purse-wallet-c-31_76.html HTTP/1.0" 200 89396 "-" "The Knowledge AI"
13.66.139.137 - - [20/Feb/2021:13:15:59 +0100] "GET /la-vache-qui-rit-bowl-p-44844.html HTTP/1.0" 301 71368 "-" "Mozilla/5.0 (compatible; bingbot/2.0; +http://www.bing.com/bingbot.htm)"
66.249.69.162 - - [20/Feb/2021:13:16:09 +0100] "GET /images/1399984280027.jpg HTTP/1.0" 200 259 "-" "Googlebot-Image/1.0"
66.160.140.183 - - [20/Feb/2021:13:16:11 +0100] "GET /school-trolley-c-31_169.html HTTP/1.0" 200 80963 "-" "The Knowledge AI"
185.191.171.37 - - [20/Feb/2021:13:16:13 +0100] "GET /silver-skull-money-p-27602.html HTTP/1.0" 200 71318 "-" "Mozilla/5.0 (compatible; SemrushBot/7~bl; +http://www.semrush.com/bot.html)"
54.36.148.29 - - [20/Feb/2021:13:16:22 +0100] "GET /tweety-fireman-figurine-p-31926.html HTTP/1.0" 200 71336 "-" "Mozilla/5.0 (compatible; AhrefsBot/7.0; +http://ahrefs.com/robot/)"
66.160.140.183 - - [20/Feb/2021:13:16:24 +0100] "GET /snack-cooler-c-31_235.html HTTP/1.0" 200 88270 "-" "The Knowledge AI"
13.66.139.137 - - [20/Feb/2021:13:16:30 +0100] "GET /duvet-cover-in-cotton-percale-80-threads-260-240-cm-p-48157.html HTTP/1.0" 301 71729 "-" "Mozilla/5.0 (compatible; bingbot/2.0; +http://www.bing.com/bingbot.htm)"
13.66.139.137 - - [20/Feb/2021:13:16:31 +0100] "GET /bowl-happy-jade-inside-made-in-germany-p-53185.html HTTP/1.0" 301 72849 "-" "Mozilla/5.0 (compatible; bingbot/2.0; +http://www.bing.com/bingbot.htm)"
66.160.140.183 - - [20/Feb/2021:13:16:37 +0100] "GET /suitcaselittle-suitcase-trolley-c-31_79.html HTTP/1.0" 200 76273 "-" "The Knowledge AI"
185.191.171.16 - - [20/Feb/2021:13:16:41 +0100] "GET /laissez-lucie-faire-toiletry-aladin-p-49008.html?action=add_product HTTP/1.0" 302 476 "-" "Mozilla/5.0 (compatible; SemrushBot/7~bl; +http://www.semrush.com/bot.html)"
66.160.140.183 - - [20/Feb/2021:13:16:50 +0100] "GET /umbrellas-c-31_16.html HTTP/1.0" 200 89808 "-" "The Knowledge AI"
66.249.69.164 - - [20/Feb/2021:13:16:54 +0100] "GET /images/big_prod/3609810089068.jpg HTTP/1.0" 200 268 "-" "Googlebot-Image/1.0"
66.160.140.183 - - [20/Feb/2021:13:17:04 +0100] "GET /vanity-beauty-bags-c-31_78.html HTTP/1.0" 200 78627 "-" "The Knowledge AI"
157.55.39.246 - - [20/Feb/2021:13:17:07 +0100] "GET /js/jquery.js HTTP/1.0" 200 252 "-" "Mozilla/5.0 (compatible; bingbot/2.0; +http://www.bing.com/bingbot.htm)"
13.66.139.88 - - [20/Feb/2021:13:17:14 +0100] "GET /-p-8337.html HTTP/1.0" 200 68688 "-" "Mozilla/5.0 (compatible; bingbot/2.0; +http://www.bing.com/bingbot.htm)"
66.160.140.183 - - [20/Feb/2021:13:17:18 +0100] "GET /wallet-c-31_237.html HTTP/1.0" 200 90071 "-" "The Knowledge AI"
185.191.171.14 - - [20/Feb/2021:13:17:24 +0100] "GET /aujourd-hui-est-ton-jour-card-p-20049.html HTTP/1.0" 301 71540 "-" "Mozilla/5.0 (compatible; SemrushBot/7~bl; +http://www.semrush.com/bot.html)"
13.66.139.137 - - [20/Feb/2021:13:17:29 +0100] "GET /marilyn-monroe-carrying-case-25-cm-p-29443.html HTTP/1.0" 301 71535 "-" "Mozilla/5.0 (compatible; bingbot/2.0; +http://www.bing.com/bingbot.htm)"
66.160.140.183 - - [20/Feb/2021:13:17:32 +0100] "GET /glasses-case-c-31_164.html HTTP/1.0" 200 89028 "-" "The Knowledge AI"
54.36.148.107 - - [20/Feb/2021:13:17:34 +0100] "GET /japan-mouse-pad-by-cbkreation-p-28460.html HTTP/1.0" 301 71434 "-" "Mozilla/5.0 (compatible; AhrefsBot/7.0; +http://ahrefs.com/robot/)"
185.191.171.21 - - [20/Feb/2021:13:17:41 +0100] "GET /small-art-deco-jewelry-box-p-50218.html HTTP/1.0" 301 72200 "-" "Mozilla/5.0 (compatible; SemrushBot/7~bl; +http://www.semrush.com/bot.html)"
185.191.171.1 - - [20/Feb/2021:13:17:43 +0100] "GET /small-deco-jewelry-p-50218.html HTTP/1.0" 200 72115 "-" "Mozilla/5.0 (compatible; SemrushBot/7~bl; +http://www.semrush.com/bot.html)"
185.191.171.34 - - [20/Feb/2021:13:17:45 +0100] "GET /saucer-p-40673.html?action=add_product HTTP/1.0" 302 476 "-" "Mozilla/5.0 (compatible; SemrushBot/7~bl; +http://www.semrush.com/bot.html)"
66.160.140.183 - - [20/Feb/2021:13:17:47 +0100] "GET /accessories-c-3.html HTTP/1.0" 200 91668 "-" "The Knowledge AI"
185.191.171.14 - - [20/Feb/2021:13:17:50 +0100] "GET /heart-home-friendly-stick-diffuser-white-musk-p-52806.html HTTP/1.0" 200 72507 "-" "Mozilla/5.0 (compatible; SemrushBot/7~bl; +http://www.semrush.com/bot.html)"
13.66.139.73 - - [20/Feb/2021:13:17:51 +0100] "GET /volkswagen-bully-red-picnic-mats-p-31976.html HTTP/1.0" 301 71895 "-" "Mozilla/5.0 (compatible; bingbot/2.0; +http://www.bing.com/bingbot.htm)"
185.191.171.41 - - [20/Feb/2021:13:17:52 +0100] "GET /angry-birds-night-light-p-29410.html HTTP/1.0" 200 71506 "-" "Mozilla/5.0 (compatible; SemrushBot/7~bl; +http://www.semrush.com/bot.html)"
185.191.171.11 - - [20/Feb/2021:13:17:55 +0100] "GET /-p-44043.html?action=add_product HTTP/1.0" 302 476 "-" "Mozilla/5.0 (compatible; SemrushBot/7~bl; +http://www.semrush.com/bot.html)"
66.249.69.162 - - [20/Feb/2021:13:17:58 +0100] "GET /images/mini_prod/028399135028.jpg HTTP/1.0" 200 268 "-" "Googlebot-Image/1.0"
66.160.140.183 - - [20/Feb/2021:13:18:00 +0100] "GET /accessories-mobiles-c-3_17.html HTTP/1.0" 200 92825 "-" "The Knowledge AI"
13.66.139.73 - - [20/Feb/2021:13:18:11 +0100] "GET /pokemon-tee-shirt-p-31063.html HTTP/1.0" 301 68838 "-" "Mozilla/5.0 (compatible; bingbot/2.0; +http://www.bing.com/bingbot.htm)"
66.160.140.183 - - [20/Feb/2021:13:18:13 +0100] "GET /bracelets-c-3_200.html HTTP/1.0" 200 89251 "-" "The Knowledge AI"
157.55.39.255 - - [20/Feb/2021:13:18:23 +0100] "GET /yogi-yogini-yogamat-pink-p-48360.html HTTP/1.0" 200 71953 "-" "Mozilla/5.0 (compatible; bingbot/2.0; +http://www.bing.com/bingbot.htm)"
66.249.69.166 - - [20/Feb/2021:13:18:25 +0100] "GET /images/mini_prod/5415203884473.jpg HTTP/1.0" 200 269 "-" "Googlebot-Image/1.0"
66.160.140.183 - - [20/Feb/2021:13:18:26 +0100] "GET /earrings-c-3_242.html HTTP/1.0" 200 80877 "-" "The Knowledge AI"
66.160.140.183 - - [20/Feb/2021:13:18:39 +0100] "GET /hair-accessories-c-3_205.html HTTP/1.0" 200 88578 "-" "The Knowledge AI"
66.249.69.164 - - [20/Feb/2021:13:18:43 +0100] "GET /court-sleeves-shirts-c-1_22.html HTTP/1.0" 200 67682 "-" "Mozilla/5.0 (Linux; Android 6.0.1; Nexus 5X Build/MMB29P) AppleWebKit/537.36 (KHTML, like Gecko) Chrome/88.0.4324.188 Mobile Safari/537.36 (compatible; Googlebot/2.1; +http://www.google.com/bot.html)"
185.191.171.38 - - [20/Feb/2021:13:18:45 +0100] "GET /copains-abord-metal-plate-deco-p-51898.html?action=add_product HTTP/1.0" 302 476 "-" "Mozilla/5.0 (compatible; SemrushBot/7~bl; +http://www.semrush.com/bot.html)"
13.66.139.73 - - [20/Feb/2021:13:18:50 +0100] "GET /hello-trapeze-bag-chocolate-knot-by-camomilla-p-16294.html HTTP/1.0" 301 72597 "-" "Mozilla/5.0 (compatible; bingbot/2.0; +http://www.bing.com/bingbot.htm)"
185.191.171.22 - - [20/Feb/2021:13:18:50 +0100] "GET /monster-high-companion-wallet-p-15502.html HTTP/1.0" 200 72175 "-" "Mozilla/5.0 (compatible; SemrushBot/7~bl; +http://www.semrush.com/bot.html)"
66.160.140.183 - - [20/Feb/2021:13:18:52 +0100] "GET /hairbrushes-c-3_203.html HTTP/1.0" 200 87574 "-" "The Knowledge AI"
185.191.171.39 - - [20/Feb/2021:13:18:57 +0100] "GET /paper-towel-rack-delicious-p-49592.html HTTP/1.0" 200 71367 "-" "Mozilla/5.0 (compatible; SemrushBot/7~bl; +http://www.semrush.com/bot.html)"
66.160.140.183 - - [20/Feb/2021:13:19:07 +0100] "GET /jewels-beauty-accessories-c-3_29.html HTTP/1.0" 200 85062 "-" "The Knowledge AI"
66.249.69.162 - - [20/Feb/2021:13:19:10 +0100] "GET /images/mini_prod/8433933203255.jpg HTTP/1.0" 200 269 "-" "Googlebot-Image/1.0"
13.66.139.73 - - [20/Feb/2021:13:19:11 +0100] "GET /giraffe-statuette-and-his-giraffe-35-cm-p-52880.html HTTP/1.0" 301 71571 "-" "Mozilla/5.0 (compatible; bingbot/2.0; +http://www.bing.com/bingbot.htm)"
51.68.224.127 - - [20/Feb/2021:13:19:15 +0100] "GET /adminweb/export_orders_xml.php?token=256de2z6edz6ed2z6DFSFsed2zed6zeDSFDSGdzedezfzf&maxorders=10&orderstart=1&status=14&start_date=2018-10-01 HTTP/1.0" 200 285 "-" "GesCom CharlotteBoutik Serveur"
51.68.224.127 - - [20/Feb/2021:13:19:15 +0100] "GET /adminweb/export_orders_xml.php?token=256de2z6edz6ed2z6DFSFsed2zed6zeDSFDSGdzedezfzf&maxorders=10&orderstart=1&status=6&start_date=2018-10-01 HTTP/1.0" 200 29990 "-" "GesCom CharlotteBoutik Serveur"
66.160.140.183 - - [20/Feb/2021:13:19:20 +0100] "GET /pendants-necklaces-c-3_214.html HTTP/1.0" 200 88802 "-" "The Knowledge AI"
13.66.139.137 - - [20/Feb/2021:13:19:29 +0100] "GET /branch-of-white-orchid-wall-sticker-p-39307.html HTTP/1.0" 301 71583 "-" "Mozilla/5.0 (compatible; bingbot/2.0; +http://www.bing.com/bingbot.htm)"
66.160.140.183 - - [20/Feb/2021:13:19:34 +0100] "GET /rings-c-3_257.html HTTP/1.0" 200 83049 "-" "The Knowledge AI"
54.36.148.90 - - [20/Feb/2021:13:19:41 +0100] "GET /decorative-white-squirrel-15-cm-p-47109.html HTTP/1.0" 301 71514 "-" "Mozilla/5.0 (compatible; AhrefsBot/7.0; +http://ahrefs.com/robot/)"
66.160.140.183 - - [20/Feb/2021:13:19:47 +0100] "GET /smokers-items-c-3_112.html HTTP/1.0" 200 90280 "-" "The Knowledge AI"
13.66.139.73 - - [20/Feb/2021:13:19:50 +0100] "GET /avengers-iron-man-mask-p-24834.html HTTP/1.0" 301 71594 "-" "Mozilla/5.0 (compatible; bingbot/2.0; +http://www.bing.com/bingbot.htm)"
13.66.139.73 - - [20/Feb/2021:13:19:51 +0100] "GET /decorative-wooden-plate-chiens-bienvenus-rouge-herms-p-47809.html HTTP/1.0" 200 71783 "-" "Mozilla/5.0 (compatible; bingbot/2.0; +http://www.bing.com/bingbot.htm)"
185.191.171.36 - - [20/Feb/2021:13:19:54 +0100] "GET /dragonfly-wall-decoration-p-47464.html HTTP/1.0" 200 71428 "-" "Mozilla/5.0 (compatible; SemrushBot/7~bl; +http://www.semrush.com/bot.html)"
66.249.69.162 - - [20/Feb/2021:13:19:55 +0100] "GET /images/mini_prod/1345544780193.jpg HTTP/1.0" 404 1308 "-" "Googlebot-Image/1.0"
66.160.140.183 - - [20/Feb/2021:13:20:00 +0100] "GET /watches-c-3_66.html HTTP/1.0" 200 89424 "-" "The Knowledge AI"
66.160.140.183 - - [20/Feb/2021:13:20:13 +0100] "GET /shop-c-155.html HTTP/1.0" 200 87418 "-" "The Knowledge AI"
66.160.140.183 - - [20/Feb/2021:13:20:25 +0100] "GET /stationery-cardmaking-c-129.html HTTP/1.0" 200 90756 "-" "The Knowledge AI"
185.191.171.42 - - [20/Feb/2021:13:20:34 +0100] "GET /little-buddha-collection-keychain-p-53292.html?action=add_product HTTP/1.0" 302 476 "-" "Mozilla/5.0 (compatible; SemrushBot/7~bl; +http://www.semrush.com/bot.html)"
66.160.140.183 - - [20/Feb/2021:13:20:38 +0100] "GET /calendar-workbook-organizer-c-129_189.html HTTP/1.0" 200 89531 "-" "The Knowledge AI"
66.249.69.162 - - [20/Feb/2021:13:20:40 +0100] "GET /images/mini_prod/3148422000004.jpg HTTP/1.0" 200 269 "-" "Googlebot-Image/1.0"
114.119.145.117 - - [20/Feb/2021:13:20:41 +0100] "GET /images/big_prod/8718317668975.jpg HTTP/1.0" 200 268 "-" "Mozilla/5.0 (Linux; Android 7.0;) AppleWebKit/537.36 (KHTML, like Gecko) Mobile Safari/537.36 (compatible; PetalBot;+https://aspiegel.com/petalbot)"
54.36.148.100 - - [20/Feb/2021:13:20:42 +0100] "GET /nightlight-shaped-rabbit-multicolor-led-p-37825.html HTTP/1.0" 301 72442 "-" "Mozilla/5.0 (compatible; AhrefsBot/7.0; +http://ahrefs.com/robot/)"
66.160.140.183 - - [20/Feb/2021:13:20:50 +0100] "GET /cardmaking-c-129_128.html HTTP/1.0" 200 90303 "-" "The Knowledge AI"
185.191.171.43 - - [20/Feb/2021:13:20:53 +0100] "GET /route-cosmetic-p-7838.html?action=add_product HTTP/1.0" 302 476 "-" "Mozilla/5.0 (compatible; SemrushBot/7~bl; +http://www.semrush.com/bot.html)"
157.55.39.189 - - [20/Feb/2021:13:20:58 +0100] "GET /images/big_prod/8718657464466.jpg HTTP/1.0" 200 268 "-" "Mozilla/5.0 (compatible; bingbot/2.0; +http://www.bing.com/bingbot.htm)"
185.191.171.34 - - [20/Feb/2021:13:21:01 +0100] "GET /winnie-the-pooh-pvc-led-ceiling-light-p-33142.html HTTP/1.0" 301 71856 "-" "Mozilla/5.0 (compatible; SemrushBot/7~bl; +http://www.semrush.com/bot.html)"
66.160.140.183 - - [20/Feb/2021:13:21:03 +0100] "GET /creative-hobbies-coloring-c-129_30.html HTTP/1.0" 200 89506 "-" "The Knowledge AI"
185.191.171.34 - - [20/Feb/2021:13:21:04 +0100] "GET /modalvie-rectangulary-cushion-cbkreation-p-36828.html?action=add_product HTTP/1.0" 302 476 "-" "Mozilla/5.0 (compatible; SemrushBot/7~bl; +http://www.semrush.com/bot.html)"
66.160.140.183 - - [20/Feb/2021:13:21:15 +0100] "GET /desk-blotter-c-129_190.html HTTP/1.0" 200 74168 "-" "The Knowledge AI"
185.191.171.37 - - [20/Feb/2021:13:21:17 +0100] "GET /asterix-obelix-mug-p-46837.html HTTP/1.0" 301 68829 "-" "Mozilla/5.0 (compatible; SemrushBot/7~bl; +http://www.semrush.com/bot.html)"
66.249.69.164 - - [20/Feb/2021:13:21:26 +0100] "GET /images/mini_prod/4036113221380.jpg HTTP/1.0" 200 269 "-" "Googlebot-Image/1.0"
66.160.140.183 - - [20/Feb/2021:13:21:28 +0100] "GET /mouse-c-129_85.html HTTP/1.0" 200 89856 "-" "The Knowledge AI"
13.66.139.137 - - [20/Feb/2021:13:21:29 +0100] "GET /vintage-navigation-theme-suitcase-35-cm-p-49616.html HTTP/1.0" 301 71570 "-" "Mozilla/5.0 (compatible; bingbot/2.0; +http://www.bing.com/bingbot.htm)"
13.66.139.88 - - [20/Feb/2021:13:21:35 +0100] "GET /cars-backpack-p-10777.html HTTP/1.0" 200 71474 "-" "Mozilla/5.0 (compatible; bingbot/2.0; +http://www.bing.com/bingbot.htm)"
13.66.139.88 - - [20/Feb/2021:13:21:36 +0100] "GET /car-wooden-barbapapa-with-its-handle-p-21473.html HTTP/1.0" 301 68940 "-" "Mozilla/5.0 (compatible; bingbot/2.0; +http://www.bing.com/bingbot.htm)"
66.160.140.183 - - [20/Feb/2021:13:21:41 +0100] "GET /notebook-notebook-diary-c-129_185.html HTTP/1.0" 200 90148 "-" "The Knowledge AI"
54.36.149.39 - - [20/Feb/2021:13:21:48 +0100] "GET /gorilla-and-skull-statuette-p-49436.html HTTP/1.0" 301 72107 "-" "Mozilla/5.0 (compatible; AhrefsBot/7.0; +http://ahrefs.com/robot/)"
13.66.139.137 - - [20/Feb/2021:13:21:49 +0100] "GET /-p-5028.html HTTP/1.0" 200 68688 "-" "Mozilla/5.0 (compatible; bingbot/2.0; +http://www.bing.com/bingbot.htm)"
66.160.140.183 - - [20/Feb/2021:13:21:53 +0100] "GET /paperweight-c-129_188.html HTTP/1.0" 200 88504 "-" "The Knowledge AI"
185.191.171.23 - - [20/Feb/2021:13:22:04 +0100] "GET /stone-blue-calcite-60-70-grams-p-46549.html HTTP/1.0" 301 68874 "-" "Mozilla/5.0 (compatible; SemrushBot/7~bl; +http://www.semrush.com/bot.html)"
66.160.140.183 - - [20/Feb/2021:13:22:06 +0100] "GET /pencil-c-129_183.html HTTP/1.0" 200 88856 "-" "The Knowledge AI"
157.55.39.255 - - [20/Feb/2021:13:22:07 +0100] "GET /highslide/highslide.js HTTP/1.0" 200 262 "-" "Mozilla/5.0 (compatible; bingbot/2.0; +http://www.bing.com/bingbot.htm)"
185.191.171.9 - - [20/Feb/2021:13:22:06 +0100] "GET /stone-blue-calcite-grams-p-46549.html HTTP/1.0" 200 68783 "-" "Mozilla/5.0 (compatible; SemrushBot/7~bl; +http://www.semrush.com/bot.html)"
66.249.69.162 - - [20/Feb/2021:13:22:11 +0100] "GET /images/mini_prod/1399984259894.jpg HTTP/1.0" 200 269 "-" "Googlebot-Image/1.0"
157.55.39.246 - - [20/Feb/2021:13:22:11 +0100] "GET /js/jquery.js HTTP/1.0" 200 252 "-" "Mozilla/5.0 (compatible; bingbot/2.0; +http://www.bing.com/bingbot.htm)"
157.55.39.159 - - [20/Feb/2021:13:22:15 +0100] "GET /js/jquery.jqzoom.js HTTP/1.0" 200 259 "-" "Mozilla/5.0 (compatible; bingbot/2.0; +http://www.bing.com/bingbot.htm)"
66.160.140.183 - - [20/Feb/2021:13:22:19 +0100] "GET /stationery-c-129_191.html HTTP/1.0" 200 89207 "-" "The Knowledge AI"
157.55.39.189 - - [20/Feb/2021:13:22:21 +0100] "GET /mondial_relay/js/jquery-1.3.2.min.js HTTP/1.0" 200 276 "-" "Mozilla/5.0 (compatible; bingbot/2.0; +http://www.bing.com/bingbot.htm)"
66.249.69.164 - - [20/Feb/2021:13:22:22 +0100] "GET /stade-toulousain-litre-p-31419.html HTTP/1.0" 200 71380 "-" "Mozilla/5.0 (Linux; Android 6.0.1; Nexus 5X Build/MMB29P) AppleWebKit/537.36 (KHTML, like Gecko) Chrome/88.0.4324.153 Mobile Safari/537.36 (compatible; Googlebot/2.1; +http://www.google.com/bot.html)"
185.191.171.9 - - [20/Feb/2021:13:22:23 +0100] "GET /open-your-heart-phone-cover-for-iphone-3g-3gs-p-17817.html HTTP/1.0" 301 72045 "-" "Mozilla/5.0 (compatible; SemrushBot/7~bl; +http://www.semrush.com/bot.html)"
185.191.171.7 - - [20/Feb/2021:13:22:26 +0100] "GET /open-your-heart-phone-cover-iphone-p-17817.html HTTP/1.0" 200 71944 "-" "Mozilla/5.0 (compatible; SemrushBot/7~bl; +http://www.semrush.com/bot.html)"
13.66.139.88 - - [20/Feb/2021:13:22:26 +0100] "GET /windchime-wood-chimes-p-43521.html HTTP/1.0" 200 71339 "-" "Mozilla/5.0 (compatible; bingbot/2.0; +http://www.bing.com/bingbot.htm)"
185.191.171.8 - - [20/Feb/2021:13:22:28 +0100] "GET /buddha-moon-statuette-p-53040.html HTTP/1.0" 200 71396 "-" "Mozilla/5.0 (compatible; SemrushBot/7~bl; +http://www.semrush.com/bot.html)"
66.160.140.183 - - [20/Feb/2021:13:22:32 +0100] "GET /stickers-c-129_50.html HTTP/1.0" 200 87646 "-" "The Knowledge AI"
185.191.171.14 - - [20/Feb/2021:13:22:33 +0100] "GET /laissez-lucie-faire-large-wallet-p-29309.html HTTP/1.0" 200 68808 "-" "Mozilla/5.0 (compatible; SemrushBot/7~bl; +http://www.semrush.com/bot.html)"
185.191.171.7 - - [20/Feb/2021:13:22:37 +0100] "GET /body-talk-resin-statue-p-53532.html?action=add_product HTTP/1.0" 302 476 "-" "Mozilla/5.0 (compatible; SemrushBot/7~bl; +http://www.semrush.com/bot.html)"
66.160.140.183 - - [20/Feb/2021:13:22:45 +0100] "GET /wastebasket-c-129_184.html HTTP/1.0" 200 81592 "-" "The Knowledge AI"
185.191.171.3 - - [20/Feb/2021:13:22:50 +0100] "GET /little-panda-moneybox-145-cm-p-47970.html HTTP/1.0" 301 72084 "-" "Mozilla/5.0 (compatible; SemrushBot/7~bl; +http://www.semrush.com/bot.html)"
13.66.139.73 - - [20/Feb/2021:13:22:51 +0100] "GET /panther-wall-decoration-in-resin-p-52573.html HTTP/1.0" 301 71545 "-" "Mozilla/5.0 (compatible; bingbot/2.0; +http://www.bing.com/bingbot.htm)"
185.191.171.10 - - [20/Feb/2021:13:22:52 +0100] "GET /little-panda-moneybox-p-47970.html HTTP/1.0" 200 71996 "-" "Mozilla/5.0 (compatible; SemrushBot/7~bl; +http://www.semrush.com/bot.html)"
185.191.171.38 - - [20/Feb/2021:13:22:54 +0100] "GET /glass-votive-holder-heart-home-blue-p-37446.html HTTP/1.0" 200 72601 "-" "Mozilla/5.0 (compatible; SemrushBot/7~bl; +http://www.semrush.com/bot.html)"
66.160.140.183 - - [20/Feb/2021:13:22:57 +0100] "GET /writing-correction-c-129_186.html HTTP/1.0" 200 91790 "-" "The Knowledge AI"
157.55.39.255 - - [20/Feb/2021:13:23:04 +0100] "GET /solar-powered-pink-flower-dancing-p-33551.html HTTP/1.0" 200 68846 "-" "Mozilla/5.0 (compatible; bingbot/2.0; +http://www.bing.com/bingbot.htm)"
185.191.171.13 - - [20/Feb/2021:13:23:05 +0100] "GET /mani-the-lucky-cat-glasses-case-p-42405.html HTTP/1.0" 301 72146 "-" "Mozilla/5.0 (compatible; SemrushBot/7~bl; +http://www.semrush.com/bot.html)"
185.191.171.9 - - [20/Feb/2021:13:23:07 +0100] "GET /mani-lucky-glasses-case-p-42405.html HTTP/1.0" 200 72056 "-" "Mozilla/5.0 (compatible; SemrushBot/7~bl; +http://www.semrush.com/bot.html)"
13.66.139.88 - - [20/Feb/2021:13:23:09 +0100] "GET /france-to-great-britain-adapter-black-p-52728.html HTTP/1.0" 301 71722 "-" "Mozilla/5.0 (compatible; bingbot/2.0; +http://www.bing.com/bingbot.htm)"
185.191.171.9 - - [20/Feb/2021:13:23:10 +0100] "GET /frida-khalo-saucer-for-tea-bag-p-50156.html HTTP/1.0" 301 71433 "-" "Mozilla/5.0 (compatible; SemrushBot/7~bl; +http://www.semrush.com/bot.html)"
66.249.69.166 - - [20/Feb/2021:13:23:09 +0100] "GET /pink-cat-alarm-clock-p-28794.html HTTP/1.0" 301 68856 "-" "Mozilla/5.0 (Linux; Android 6.0.1; Nexus 5X Build/MMB29P) AppleWebKit/537.36 (KHTML, like Gecko) Chrome/88.0.4324.153 Mobile Safari/537.36 (compatible; Googlebot/2.1; +http://www.google.com/bot.html)"
66.249.69.166 - - [20/Feb/2021:13:23:11 +0100] "GET /pink-alarm-clock-p-28794.html HTTP/1.0" 200 68773 "-" "Mozilla/5.0 (Linux; Android 6.0.1; Nexus 5X Build/MMB29P) AppleWebKit/537.36 (KHTML, like Gecko) Chrome/88.0.4324.153 Mobile Safari/537.36 (compatible; Googlebot/2.1; +http://www.google.com/bot.html)"
66.160.140.183 - - [20/Feb/2021:13:23:10 +0100] "GET /games-toys-c-4.html HTTP/1.0" 200 91232 "-" "The Knowledge AI"
185.191.171.33 - - [20/Feb/2021:13:23:12 +0100] "GET /frida-khalo-saucer-p-50156.html HTTP/1.0" 200 71348 "-" "Mozilla/5.0 (compatible; SemrushBot/7~bl; +http://www.semrush.com/bot.html)"
13.66.139.137 - - [20/Feb/2021:13:23:14 +0100] "GET /-p-21986.html HTTP/1.0" 200 68690 "-" "Mozilla/5.0 (compatible; bingbot/2.0; +http://www.bing.com/bingbot.htm)"
54.36.148.175 - - [20/Feb/2021:13:23:14 +0100] "GET /glass-cutting-board-cherry-p-47881.html HTTP/1.0" 200 71343 "-" "Mozilla/5.0 (compatible; AhrefsBot/7.0; +http://ahrefs.com/robot/)"
66.249.69.164 - - [20/Feb/2021:13:23:20 +0100] "GET /images/mini_prod/3520071658261.jpg HTTP/1.0" 200 269 "-" "Googlebot-Image/1.0"
66.160.140.183 - - [20/Feb/2021:13:23:23 +0100] "GET /board-games-c-4_47.html HTTP/1.0" 200 74028 "-" "The Knowledge AI"
66.160.140.183 - - [20/Feb/2021:13:23:37 +0100] "GET /figures-c-4_15.html HTTP/1.0" 200 89810 "-" "The Knowledge AI"
80.11.253.192 - - [20/Feb/2021:13:23:40 +0100] "GET /adminweb/index.php HTTP/1.0" 302 481 "-" "Mozilla/5.0 (Windows NT 10.0; Win64; x64) AppleWebKit/537.36 (KHTML, like Gecko) Chrome/88.0.4324.182 Safari/537.36"
80.11.253.192 - - [20/Feb/2021:13:23:40 +0100] "GET /adminweb/login.php HTTP/1.0" 200 4479 "-" "Mozilla/5.0 (Windows NT 10.0; Win64; x64) AppleWebKit/537.36 (KHTML, like Gecko) Chrome/88.0.4324.182 Safari/537.36"
66.249.69.162 - - [20/Feb/2021:13:23:41 +0100] "GET /images/4036113830056.jpg HTTP/1.0" 200 259 "-" "Googlebot-Image/1.0"
66.160.140.183 - - [20/Feb/2021:13:23:50 +0100] "GET /jigsaws-c-4_144.html HTTP/1.0" 200 77698 "-" "The Knowledge AI"
185.191.171.40 - - [20/Feb/2021:13:23:56 +0100] "GET /carlin-british-mouse-cbkreation-p-20740.html?action=add_product HTTP/1.0" 302 476 "-" "Mozilla/5.0 (compatible; SemrushBot/7~bl; +http://www.semrush.com/bot.html)"
66.160.140.183 - - [20/Feb/2021:13:24:03 +0100] "GET /models-replicas-c-4_140.html HTTP/1.0" 200 83960 "-" "The Knowledge AI"
66.160.140.183 - - [20/Feb/2021:13:24:15 +0100] "GET /soft-toys-security-blanket-c-4_46.html HTTP/1.0" 200 91144 "-" "The Knowledge AI"
114.119.144.233 - - [20/Feb/2021:13:24:24 +0100] "GET /cake-stand-with-cakes-money-bank-collection-p-17640.html HTTP/1.0" 200 71525 "-" "Mozilla/5.0 (Linux; Android 7.0;) AppleWebKit/537.36 (KHTML, like Gecko) Mobile Safari/537.36 (compatible; PetalBot;+https://aspiegel.com/petalbot)"
54.36.148.90 - - [20/Feb/2021:13:24:26 +0100] "GET /pillow-case-in-cotton-percale-80-threads-65-65-cm-p-43853.html HTTP/1.0" 301 72374 "-" "Mozilla/5.0 (compatible; AhrefsBot/7.0; +http://ahrefs.com/robot/)"
66.249.69.162 - - [20/Feb/2021:13:24:26 +0100] "GET /images/3681643100752.jpg HTTP/1.0" 200 259 "-" "Googlebot-Image/1.0"
185.191.171.23 - - [20/Feb/2021:13:24:28 +0100] "GET /poster-berger-p-43711.html HTTP/1.0" 200 71340 "-" "Mozilla/5.0 (compatible; SemrushBot/7~bl; +http://www.semrush.com/bot.html)"
66.160.140.183 - - [20/Feb/2021:13:24:29 +0100] "GET /toys-c-4_45.html HTTP/1.0" 200 87460 "-" "The Knowledge AI"
13.66.139.137 - - [20/Feb/2021:13:24:30 +0100] "GET /lady-and-the-tramp-figure-p-4711.html HTTP/1.0" 301 71250 "-" "Mozilla/5.0 (compatible; bingbot/2.0; +http://www.bing.com/bingbot.htm)"
13.66.139.73 - - [20/Feb/2021:13:24:34 +0100] "GET /cccp-logo-adult-cap-by-cbkreation-p-36533.html HTTP/1.0" 301 71556 "-" "Mozilla/5.0 (compatible; bingbot/2.0; +http://www.bing.com/bingbot.htm)"
13.66.139.137 - - [20/Feb/2021:13:24:40 +0100] "GET /sixtine-microfiber-pillowcase-65-65-cm-p-51364.html HTTP/1.0" 301 68914 "-" "Mozilla/5.0 (compatible; bingbot/2.0; +http://www.bing.com/bingbot.htm)"
13.66.139.137 - - [20/Feb/2021:13:24:41 +0100] "GET /provence-oven-mitt-p-44526.html HTTP/1.0" 200 71326 "-" "Mozilla/5.0 (compatible; bingbot/2.0; +http://www.bing.com/bingbot.htm)"
66.160.140.183 - - [20/Feb/2021:13:24:42 +0100] "GET /water-outdoor-games-c-4_143.html HTTP/1.0" 200 90550 "-" "The Knowledge AI"
185.191.171.40 - - [20/Feb/2021:13:24:45 +0100] "GET /white-skeleton-statuette-nothing-saw-p-46100.html HTTP/1.0" 301 71567 "-" "Mozilla/5.0 (compatible; SemrushBot/7~bl; +http://www.semrush.com/bot.html)"
185.191.171.41 - - [20/Feb/2021:13:24:47 +0100] "GET /white-skeleton-statuette-nothing-p-46100.html HTTP/1.0" 200 71468 "-" "Mozilla/5.0 (compatible; SemrushBot/7~bl; +http://www.semrush.com/bot.html)"
13.66.139.73 - - [20/Feb/2021:13:24:51 +0100] "GET /-p-22772.html HTTP/1.0" 200 68690 "-" "Mozilla/5.0 (compatible; bingbot/2.0; +http://www.bing.com/bingbot.htm)"
66.160.140.183 - - [20/Feb/2021:13:24:54 +0100] "GET /adults-c-53.html HTTP/1.0" 200 91384 "-" "The Knowledge AI"
66.160.140.183 - - [20/Feb/2021:13:25:07 +0100] "GET /socks-adults-c-53_137.html HTTP/1.0" 200 67754 "-" "The Knowledge AI"
13.66.139.73 - - [20/Feb/2021:13:25:11 +0100] "GET /pepe-jeans-gray-shoulder-bag-p-35985.html HTTP/1.0" 301 71801 "-" "Mozilla/5.0 (compatible; bingbot/2.0; +http://www.bing.com/bingbot.htm)"
66.249.69.164 - - [20/Feb/2021:13:25:12 +0100] "GET /images/mini_prod/1028160011918.jpg HTTP/1.0" 200 269 "-" "Googlebot-Image/1.0"
66.160.140.183 - - [20/Feb/2021:13:25:19 +0100] "GET /shirts-sweatshirts-c-53_54.html HTTP/1.0" 200 92058 "-" "The Knowledge AI"
185.191.171.9 - - [20/Feb/2021:13:25:28 +0100] "GET /schott-backpack-college-navy-p-44958.html HTTP/1.0" 200 72430 "-" "Mozilla/5.0 (compatible; SemrushBot/7~bl; +http://www.semrush.com/bot.html)"
