157.55.39.159 - - [20/Feb/2021:08:55:58 +0100] "GET /js/jquery.jqzoom.js HTTP/1.0" 200 259 "-" "Mozilla/5.0 (compatible; bingbot/2.0; +http://www.bing.com/bingbot.htm)"
157.55.39.246 - - [20/Feb/2021:08:56:04 +0100] "GET /js/jquery.js HTTP/1.0" 200 252 "-" "Mozilla/5.0 (compatible; bingbot/2.0; +http://www.bing.com/bingbot.htm)"
157.55.39.69 - - [20/Feb/2021:08:56:11 +0100] "GET /highslide/highslide.js HTTP/1.0" 200 262 "-" "Mozilla/5.0 (compatible; bingbot/2.0; +http://www.bing.com/bingbot.htm)"
66.249.69.166 - - [20/Feb/2021:08:56:13 +0100] "GET /images/mini_prod/1384010202005.jpg HTTP/1.0" 200 269 "-" "Googlebot-Image/1.0"
54.36.148.90 - - [20/Feb/2021:08:56:13 +0100] "GET /corsica-blue-bowl-p-49239.html HTTP/1.0" 200 71255 "-" "Mozilla/5.0 (compatible; AhrefsBot/7.0; +http://ahrefs.com/robot/)"
157.55.39.189 - - [20/Feb/2021:08:56:16 +0100] "GET /mondial_relay/js/jquery-1.3.2.min.js HTTP/1.0" 200 276 "-" "Mozilla/5.0 (compatible; bingbot/2.0; +http://www.bing.com/bingbot.htm)"
13.66.139.88 - - [20/Feb/2021:08:56:34 +0100] "GET /images/DSCN4019.jpg HTTP/1.0" 200 254 "-" "Mozilla/5.0 (compatible; bingbot/2.0; +http://www.bing.com/bingbot.htm)"
185.191.171.44 - - [20/Feb/2021:08:56:35 +0100] "GET /invaders-mug-by-cbkreation-p-14179.html HTTP/1.0" 301 71394 "-" "Mozilla/5.0 (compatible; SemrushBot/7~bl; +http://www.semrush.com/bot.html)"
185.191.171.15 - - [20/Feb/2021:08:56:37 +0100] "GET /invaders-cbkreation-p-14179.html HTTP/1.0" 200 71308 "-" "Mozilla/5.0 (compatible; SemrushBot/7~bl; +http://www.semrush.com/bot.html)"
13.66.139.88 - - [20/Feb/2021:08:56:45 +0100] "GET /union-jack-piccadilly-circus-cushion-p-34635.html HTTP/1.0" 200 68824 "-" "Mozilla/5.0 (compatible; bingbot/2.0; +http://www.bing.com/bingbot.htm)"
185.191.171.22 - - [20/Feb/2021:08:56:58 +0100] "GET /sentiment-tea-towel-kitchen-towel-70-35-cm-p-43641.html HTTP/1.0" 301 72203 "-" "Mozilla/5.0 (compatible; SemrushBot/7~bl; +http://www.semrush.com/bot.html)"
185.191.171.34 - - [20/Feb/2021:08:57:00 +0100] "GET /sentiment-towel-kitchen-towel-p-43641.html HTTP/1.0" 200 72107 "-" "Mozilla/5.0 (compatible; SemrushBot/7~bl; +http://www.semrush.com/bot.html)"
13.66.139.73 - - [20/Feb/2021:08:57:04 +0100] "GET /large-tassen-porcelain-hopeful-bowl-made-in-germany-p-52576.html HTTP/1.0" 301 72568 "-" "Mozilla/5.0 (compatible; bingbot/2.0; +http://www.bing.com/bingbot.htm)"
185.191.171.13 - - [20/Feb/2021:08:57:05 +0100] "GET /shower-curtain-p-50727.html?action=add_product HTTP/1.0" 302 476 "-" "Mozilla/5.0 (compatible; SemrushBot/7~bl; +http://www.semrush.com/bot.html)"
66.249.69.166 - - [20/Feb/2021:08:57:17 +0100] "GET /drink-dispenser-p-49664.html HTTP/1.0" 200 71308 "-" "Mozilla/5.0 (Linux; Android 6.0.1; Nexus 5X Build/MMB29P) AppleWebKit/537.36 (KHTML, like Gecko) Chrome/88.0.4324.153 Mobile Safari/537.36 (compatible; Googlebot/2.1; +http://www.google.com/bot.html)"
185.191.171.8 - - [20/Feb/2021:08:57:22 +0100] "GET /frida-with-infuser-pink-p-52863.html HTTP/1.0" 200 71359 "-" "Mozilla/5.0 (compatible; SemrushBot/7~bl; +http://www.semrush.com/bot.html)"
54.36.148.191 - - [20/Feb/2021:08:57:35 +0100] "GET /bahamas-clock-by-cbkreation-p-36825.html HTTP/1.0" 301 71433 "-" "Mozilla/5.0 (compatible; AhrefsBot/7.0; +http://ahrefs.com/robot/)"
185.191.171.33 - - [20/Feb/2021:08:57:36 +0100] "GET /monster-doll-small-white-cushion-with-personalized-picture-p-16983.html HTTP/1.0" 200 72101 "-" "Mozilla/5.0 (compatible; SemrushBot/7~bl; +http://www.semrush.com/bot.html)"
185.191.171.21 - - [20/Feb/2021:08:57:42 +0100] "GET /blue-wooden-p-34251.html HTTP/1.0" 200 71407 "-" "Mozilla/5.0 (compatible; SemrushBot/7~bl; +http://www.semrush.com/bot.html)"
13.66.139.137 - - [20/Feb/2021:08:57:44 +0100] "GET /-p-4527.html HTTP/1.0" 200 68688 "-" "Mozilla/5.0 (compatible; bingbot/2.0; +http://www.bing.com/bingbot.htm)"
185.191.171.16 - - [20/Feb/2021:08:57:51 +0100] "GET /tropical-beverage-dispenser-p-49323.html HTTP/1.0" 200 71410 "-" "Mozilla/5.0 (compatible; SemrushBot/7~bl; +http://www.semrush.com/bot.html)"
185.191.171.17 - - [20/Feb/2021:08:57:58 +0100] "GET /gift-infuser-mandala-purple-p-46304.html HTTP/1.0" 200 72770 "-" "Mozilla/5.0 (compatible; SemrushBot/7~bl; +http://www.semrush.com/bot.html)"
13.66.139.137 - - [20/Feb/2021:08:58:14 +0100] "GET /acdc-keyring-p-28266.html HTTP/1.0" 200 68741 "-" "Mozilla/5.0 (compatible; bingbot/2.0; +http://www.bing.com/bingbot.htm)"
157.55.39.69 - - [20/Feb/2021:08:58:18 +0100] "GET /-p-22630.html HTTP/1.0" 200 68690 "-" "Mozilla/5.0 (compatible; bingbot/2.0; +http://www.bing.com/bingbot.htm)"
13.66.139.88 - - [20/Feb/2021:08:58:24 +0100] "GET /fuel-pump-clock-p-38089.html HTTP/1.0" 200 68756 "-" "Mozilla/5.0 (compatible; bingbot/2.0; +http://www.bing.com/bingbot.htm)"
13.66.139.88 - - [20/Feb/2021:08:58:25 +0100] "GET /images/big_prod/843393320375.jpg HTTP/1.0" 200 267 "-" "Mozilla/5.0 (compatible; bingbot/2.0; +http://www.bing.com/bingbot.htm)"
157.55.39.189 - - [20/Feb/2021:08:58:29 +0100] "GET /dishes/suitcase-lunch-and-lunch-box/dora-the-explorer-picnic-bag-p-16808.html HTTP/1.0" 301 72655 "-" "Mozilla/5.0 (compatible; bingbot/2.0; +http://www.bing.com/bingbot.htm)"
13.66.139.88 - - [20/Feb/2021:08:58:37 +0100] "GET /orange-kimmidoll-cardboard-boxe-small-p-47962.html HTTP/1.0" 200 72543 "-" "Mozilla/5.0 (compatible; bingbot/2.0; +http://www.bing.com/bingbot.htm)"
185.191.171.40 - - [20/Feb/2021:08:58:40 +0100] "GET /lamas-large-bowl-p-45766.html HTTP/1.0" 200 71253 "-" "Mozilla/5.0 (compatible; SemrushBot/7~bl; +http://www.semrush.com/bot.html)"
13.66.139.137 - - [20/Feb/2021:08:58:44 +0100] "GET /kimmidoll-heart-keyring-p-32400.html HTTP/1.0" 200 68796 "-" "Mozilla/5.0 (compatible; bingbot/2.0; +http://www.bing.com/bingbot.htm)"
185.191.171.23 - - [20/Feb/2021:08:58:57 +0100] "GET /wind-chime-angel-glow-dark-yellow-p-40219.html HTTP/1.0" 200 72339 "-" "Mozilla/5.0 (compatible; SemrushBot/7~bl; +http://www.semrush.com/bot.html)"
54.36.148.76 - - [20/Feb/2021:08:58:58 +0100] "GET /glass-cutting-board-by-cbkreation-p-51296.html HTTP/1.0" 301 71493 "-" "Mozilla/5.0 (compatible; AhrefsBot/7.0; +http://ahrefs.com/robot/)"
13.66.139.88 - - [20/Feb/2021:08:59:06 +0100] "GET /-p-30141.html HTTP/1.0" 200 68690 "-" "Mozilla/5.0 (compatible; bingbot/2.0; +http://www.bing.com/bingbot.htm)"
185.191.171.3 - - [20/Feb/2021:08:59:10 +0100] "GET /moroccan-ashtray-p-52723.html HTTP/1.0" 200 71256 "-" "Mozilla/5.0 (compatible; SemrushBot/7~bl; +http://www.semrush.com/bot.html)"
13.66.139.88 - - [20/Feb/2021:08:59:18 +0100] "GET /braided-straw-basket-with-black-straps-p-52282.html HTTP/1.0" 200 72309 "-" "Mozilla/5.0 (compatible; bingbot/2.0; +http://www.bing.com/bingbot.htm)"
185.191.171.41 - - [20/Feb/2021:08:59:20 +0100] "GET /bowl-french-kiss-paris-p-37289.html HTTP/1.0" 200 71333 "-" "Mozilla/5.0 (compatible; SemrushBot/7~bl; +http://www.semrush.com/bot.html)"
185.191.171.4 - - [20/Feb/2021:08:59:33 +0100] "GET /standing-flower-p-51970.html HTTP/1.0" 200 71402 "-" "Mozilla/5.0 (compatible; SemrushBot/7~bl; +http://www.semrush.com/bot.html)"
185.191.171.5 - - [20/Feb/2021:08:59:45 +0100] "GET /someday-will-real-storybook-pinocchio-p-41687.html HTTP/1.0" 200 72124 "-" "Mozilla/5.0 (compatible; SemrushBot/7~bl; +http://www.semrush.com/bot.html)"
185.191.171.16 - - [20/Feb/2021:08:59:53 +0100] "GET /velvet-curtain-orchid-140-260-cm-p-50737.html HTTP/1.0" 301 74503 "-" "Mozilla/5.0 (compatible; SemrushBot/7~bl; +http://www.semrush.com/bot.html)"
13.66.139.88 - - [20/Feb/2021:08:59:55 +0100] "GET /images/DSCN0652vert.jpg HTTP/1.0" 200 258 "-" "Mozilla/5.0 (compatible; bingbot/2.0; +http://www.bing.com/bingbot.htm)"
185.191.171.19 - - [20/Feb/2021:08:59:56 +0100] "GET /velvet-curtain-orchid-p-50737.html HTTP/1.0" 200 74415 "-" "Mozilla/5.0 (compatible; SemrushBot/7~bl; +http://www.semrush.com/bot.html)"
13.66.139.137 - - [20/Feb/2021:09:00:05 +0100] "GET /-p-25309.html HTTP/1.0" 200 68690 "-" "Mozilla/5.0 (compatible; bingbot/2.0; +http://www.bing.com/bingbot.htm)"
13.66.139.88 - - [20/Feb/2021:09:00:09 +0100] "GET /-p-24843.html HTTP/1.0" 200 68690 "-" "Mozilla/5.0 (compatible; bingbot/2.0; +http://www.bing.com/bingbot.htm)"
13.66.139.88 - - [20/Feb/2021:09:00:10 +0100] "GET /-p-9303.html HTTP/1.0" 200 68688 "-" "Mozilla/5.0 (compatible; bingbot/2.0; +http://www.bing.com/bingbot.htm)"
54.36.148.90 - - [20/Feb/2021:09:00:16 +0100] "GET /quilted-floor-mat-65-165-cm-grey-and-blue-p-45104.html HTTP/1.0" 301 72439 "-" "Mozilla/5.0 (compatible; AhrefsBot/7.0; +http://ahrefs.com/robot/)"
13.66.139.73 - - [20/Feb/2021:09:00:35 +0100] "GET /images/med_prod/0039897677330dg.jpg HTTP/1.0" 200 270 "-" "Mozilla/5.0 (compatible; bingbot/2.0; +http://www.bing.com/bingbot.htm)"
185.191.171.2 - - [20/Feb/2021:09:00:36 +0100] "GET /panda-sitting-plush-p-33443.html HTTP/1.0" 200 71455 "-" "Mozilla/5.0 (compatible; SemrushBot/7~bl; +http://www.semrush.com/bot.html)"
185.191.171.20 - - [20/Feb/2021:09:00:53 +0100] "GET /polar-blanket-beige-p-34643.html?action=add_product HTTP/1.0" 302 476 "-" "Mozilla/5.0 (compatible; SemrushBot/7~bl; +http://www.semrush.com/bot.html)"
185.191.171.8 - - [20/Feb/2021:09:01:14 +0100] "GET /scorpio-mousepad-cbkreation-p-43310.html?action=add_product HTTP/1.0" 302 476 "-" "Mozilla/5.0 (compatible; SemrushBot/7~bl; +http://www.semrush.com/bot.html)"
13.66.139.73 - - [20/Feb/2021:09:01:16 +0100] "GET /vespa-orange-metal-keyring-p-18647.html HTTP/1.0" 200 68811 "-" "Mozilla/5.0 (compatible; bingbot/2.0; +http://www.bing.com/bingbot.htm)"
185.191.171.33 - - [20/Feb/2021:09:01:21 +0100] "GET /black-mustache-square-coasters-cbkreation-p-16698.html?action=add_product HTTP/1.0" 302 476 "-" "Mozilla/5.0 (compatible; SemrushBot/7~bl; +http://www.semrush.com/bot.html)"
185.191.171.34 - - [20/Feb/2021:09:01:26 +0100] "GET /wood-p-43924.html?action=add_product HTTP/1.0" 302 476 "-" "Mozilla/5.0 (compatible; SemrushBot/7~bl; +http://www.semrush.com/bot.html)"
54.36.149.103 - - [20/Feb/2021:09:01:38 +0100] "GET /glass-cutting-board-by-cbkreation-p-51297.html HTTP/1.0" 301 71493 "-" "Mozilla/5.0 (compatible; AhrefsBot/7.0; +http://ahrefs.com/robot/)"
13.66.139.137 - - [20/Feb/2021:09:02:05 +0100] "GET /decoration-and-protection-of-animal-iphone-cable-p-47288.html HTTP/1.0" 301 73141 "-" "Mozilla/5.0 (compatible; bingbot/2.0; +http://www.bing.com/bingbot.htm)"
13.66.139.88 - - [20/Feb/2021:09:02:09 +0100] "GET /mini-cooper-1300-car-p-27589.html HTTP/1.0" 301 71420 "-" "Mozilla/5.0 (compatible; bingbot/2.0; +http://www.bing.com/bingbot.htm)"
185.191.171.1 - - [20/Feb/2021:09:02:16 +0100] "GET /placemat-little-prince-cape-p-53831.html HTTP/1.0" 200 71359 "-" "Mozilla/5.0 (compatible; SemrushBot/7~bl; +http://www.semrush.com/bot.html)"
13.66.139.73 - - [20/Feb/2021:09:02:16 +0100] "GET /my-little-pony-mini-led-glitter-shake-and-shine-p-31922.html HTTP/1.0" 301 71952 "-" "Mozilla/5.0 (compatible; bingbot/2.0; +http://www.bing.com/bingbot.htm)"
13.66.139.73 - - [20/Feb/2021:09:02:26 +0100] "GET /-p-7163.html HTTP/1.0" 200 68688 "-" "Mozilla/5.0 (compatible; bingbot/2.0; +http://www.bing.com/bingbot.htm)"
13.66.139.88 - - [20/Feb/2021:09:02:30 +0100] "GET /crayola-set-of-14-poster-paints-p-16652.html HTTP/1.0" 301 71636 "-" "Mozilla/5.0 (compatible; bingbot/2.0; +http://www.bing.com/bingbot.htm)"
66.249.69.166 - - [20/Feb/2021:09:02:40 +0100] "GET /charmmy-kitty-dress-p-31105.html HTTP/1.0" 200 72441 "-" "Mozilla/5.0 (Linux; Android 6.0.1; Nexus 5X Build/MMB29P) AppleWebKit/537.36 (KHTML, like Gecko) Chrome/88.0.4324.153 Mobile Safari/537.36 (compatible; Googlebot/2.1; +http://www.google.com/bot.html)"
185.191.171.45 - - [20/Feb/2021:09:02:42 +0100] "GET /motor-ottoman-storage-p-47385.html?action=add_product HTTP/1.0" 302 476 "-" "Mozilla/5.0 (compatible; SemrushBot/7~bl; +http://www.semrush.com/bot.html)"
13.66.139.137 - - [20/Feb/2021:09:02:44 +0100] "GET /marilyn-monroe-bedclothes-240x220-p-15121.html HTTP/1.0" 301 68757 "-" "Mozilla/5.0 (compatible; bingbot/2.0; +http://www.bing.com/bingbot.htm)"
185.191.171.35 - - [20/Feb/2021:09:02:58 +0100] "GET /home-decoration-c-13.html?page=8 HTTP/1.0" 200 90630 "-" "Mozilla/5.0 (compatible; SemrushBot/7~bl; +http://www.semrush.com/bot.html)"
54.36.149.51 - - [20/Feb/2021:09:03:00 +0100] "GET /glass-cutting-board-by-cbkreation-p-51324.html HTTP/1.0" 301 71493 "-" "Mozilla/5.0 (compatible; AhrefsBot/7.0; +http://ahrefs.com/robot/)"
185.191.171.41 - - [20/Feb/2021:09:03:20 +0100] "GET /retro-ceramic-flatware-beer-p-42146.html?action=add_product HTTP/1.0" 302 476 "-" "Mozilla/5.0 (compatible; SemrushBot/7~bl; +http://www.semrush.com/bot.html)"
185.191.171.26 - - [20/Feb/2021:09:03:22 +0100] "GET /blue-paris-germain-soccer-jersey-keyring-p-52037.html?action=add_product HTTP/1.0" 302 476 "-" "Mozilla/5.0 (compatible; SemrushBot/7~bl; +http://www.semrush.com/bot.html)"
13.66.139.137 - - [20/Feb/2021:09:03:25 +0100] "GET /nici-sweet-hearts-green-turtle-plush-25-cm-p-35178.html HTTP/1.0" 301 68939 "-" "Mozilla/5.0 (compatible; bingbot/2.0; +http://www.bing.com/bingbot.htm)"
185.191.171.1 - - [20/Feb/2021:09:03:25 +0100] "GET /madonna-child-figurine-foundations-karen-hahn-p-43024.html?action=add_product HTTP/1.0" 302 476 "-" "Mozilla/5.0 (compatible; SemrushBot/7~bl; +http://www.semrush.com/bot.html)"
185.191.171.43 - - [20/Feb/2021:09:03:36 +0100] "GET /bistrot-ceramic-pitcher-p-45678.html HTTP/1.0" 200 71398 "-" "Mozilla/5.0 (compatible; SemrushBot/7~bl; +http://www.semrush.com/bot.html)"
13.66.139.137 - - [20/Feb/2021:09:03:45 +0100] "GET /coca-cola-phone-cover-for-iphone-and-p-15951.html HTTP/1.0" 301 72377 "-" "Mozilla/5.0 (compatible; bingbot/2.0; +http://www.bing.com/bingbot.htm)"
13.66.139.88 - - [20/Feb/2021:09:03:49 +0100] "GET /accessories-mobiles-c-3_17.html?page=2 HTTP/1.0" 200 93762 "-" "Mozilla/5.0 (compatible; bingbot/2.0; +http://www.bing.com/bingbot.htm)"
13.66.139.73 - - [20/Feb/2021:09:03:57 +0100] "GET /decorative-wooden-plate-entree-interdite-aux-raleurs-azure-blue-p-47812.html HTTP/1.0" 301 71990 "-" "Mozilla/5.0 (compatible; bingbot/2.0; +http://www.bing.com/bingbot.htm)"
13.66.139.88 - - [20/Feb/2021:09:04:01 +0100] "GET /-p-38731.html HTTP/1.0" 200 68690 "-" "Mozilla/5.0 (compatible; bingbot/2.0; +http://www.bing.com/bingbot.htm)"
192.0.101.144 - - [20/Feb/2021:09:04:03 +0100] "GET /images/med_prod/N1384010176153N.jpg HTTP/1.0" 200 270 "-" "Photon/1.0"
185.191.171.10 - - [20/Feb/2021:09:04:04 +0100] "GET /dishes-c-13_12.html?page=100 HTTP/1.0" 200 90302 "-" "Mozilla/5.0 (compatible; SemrushBot/7~bl; +http://www.semrush.com/bot.html)"
54.36.148.90 - - [20/Feb/2021:09:04:14 +0100] "GET /buddha-clock-by-cbkreation-p-36683.html HTTP/1.0" 301 71432 "-" "Mozilla/5.0 (compatible; AhrefsBot/7.0; +http://ahrefs.com/robot/)"
185.191.171.43 - - [20/Feb/2021:09:04:30 +0100] "GET /london-time-bedclothes-220-cm-p-30612.html HTTP/1.0" 301 68757 "-" "Mozilla/5.0 (compatible; SemrushBot/7~bl; +http://www.semrush.com/bot.html)"
185.191.171.14 - - [20/Feb/2021:09:04:33 +0100] "GET /-p-30612.html HTTP/1.0" 200 68690 "-" "Mozilla/5.0 (compatible; SemrushBot/7~bl; +http://www.semrush.com/bot.html)"
185.191.171.34 - - [20/Feb/2021:09:04:42 +0100] "GET /round-tablecloth-valdrome-blue-p-43969.html?action=add_product HTTP/1.0" 302 476 "-" "Mozilla/5.0 (compatible; SemrushBot/7~bl; +http://www.semrush.com/bot.html)"
54.36.148.115 - - [20/Feb/2021:09:04:44 +0100] "GET /default-aspect-kimmidoll-mihoko-jewelry-box-p-33844.html HTTP/1.0" 301 68757 "-" "Mozilla/5.0 (compatible; AhrefsBot/7.0; +http://ahrefs.com/robot/)"
185.191.171.22 - - [20/Feb/2021:09:04:52 +0100] "GET /wolf-women-shirt-p-31159.html HTTP/1.0" 200 73274 "-" "Mozilla/5.0 (compatible; SemrushBot/7~bl; +http://www.semrush.com/bot.html)"
51.68.224.127 - - [20/Feb/2021:09:04:59 +0100] "GET /adminweb/export_orders_xml.php?token=256de2z6edz6ed2z6DFSFsed2zed6zeDSFDSGdzedezfzf&maxorders=10&orderstart=1&status=14&start_date=2018-10-01 HTTP/1.0" 200 285 "-" "GesCom CharlotteBoutik Serveur"
51.68.224.127 - - [20/Feb/2021:09:04:59 +0100] "GET /adminweb/export_orders_xml.php?token=256de2z6edz6ed2z6DFSFsed2zed6zeDSFDSGdzedezfzf&maxorders=10&orderstart=1&status=6&start_date=2018-10-01 HTTP/1.0" 200 29990 "-" "GesCom CharlotteBoutik Serveur"
13.66.139.88 - - [20/Feb/2021:09:05:17 +0100] "GET /images/big_prod_2/3574641022532b.jpg HTTP/1.0" 200 271 "-" "Mozilla/5.0 (compatible; bingbot/2.0; +http://www.bing.com/bingbot.htm)"
13.66.139.137 - - [20/Feb/2021:09:05:25 +0100] "GET /pig-metal-decorative-statue-p-33296.html HTTP/1.0" 301 68898 "-" "Mozilla/5.0 (compatible; bingbot/2.0; +http://www.bing.com/bingbot.htm)"
185.191.171.39 - - [20/Feb/2021:09:05:32 +0100] "GET /with-infuser-c-12_221.html?page=2 HTTP/1.0" 200 89362 "-" "Mozilla/5.0 (compatible; SemrushBot/7~bl; +http://www.semrush.com/bot.html)"
185.191.171.7 - - [20/Feb/2021:09:05:34 +0100] "GET /linen-c-11_68.html?page=5 HTTP/1.0" 200 90205 "-" "Mozilla/5.0 (compatible; SemrushBot/7~bl; +http://www.semrush.com/bot.html)"
54.36.148.90 - - [20/Feb/2021:09:05:36 +0100] "GET /glass-cutting-board-by-cbkreation-p-51310.html HTTP/1.0" 301 71493 "-" "Mozilla/5.0 (compatible; AhrefsBot/7.0; +http://ahrefs.com/robot/)"
185.191.171.15 - - [20/Feb/2021:09:05:40 +0100] "GET /glass-jellyfish-paperweight-p-52791.html?action=add_product HTTP/1.0" 302 476 "-" "Mozilla/5.0 (compatible; SemrushBot/7~bl; +http://www.semrush.com/bot.html)"
185.191.171.36 - - [20/Feb/2021:09:06:01 +0100] "GET /large-brown-rhinoceros-statue-p-48276.html HTTP/1.0" 200 71433 "-" "Mozilla/5.0 (compatible; SemrushBot/7~bl; +http://www.semrush.com/bot.html)"
185.191.171.12 - - [20/Feb/2021:09:06:03 +0100] "GET /cupcakes-cookie-p-24317.html?action=add_product HTTP/1.0" 302 476 "-" "Mozilla/5.0 (compatible; SemrushBot/7~bl; +http://www.semrush.com/bot.html)"
13.66.139.73 - - [20/Feb/2021:09:06:07 +0100] "GET /alarms-clocks-c-13_65.html HTTP/1.0" 200 89565 "-" "Mozilla/5.0 (compatible; bingbot/2.0; +http://www.bing.com/bingbot.htm)"
114.119.129.36 - - [20/Feb/2021:09:06:14 +0100] "GET /images/mini_prod/8433933227251.jpg HTTP/1.0" 200 269 "-" "Mozilla/5.0 (Linux; Android 7.0;) AppleWebKit/537.36 (KHTML, like Gecko) Mobile Safari/537.36 (compatible; PetalBot;+https://aspiegel.com/petalbot)"
13.66.139.137 - - [20/Feb/2021:09:06:25 +0100] "GET /images/3609810023833.jpg HTTP/1.0" 200 259 "-" "Mozilla/5.0 (compatible; bingbot/2.0; +http://www.bing.com/bingbot.htm)"
66.249.69.166 - - [20/Feb/2021:09:06:45 +0100] "GET /home-decoration-c-13.html?page=8 HTTP/1.0" 200 90630 "-" "Mozilla/5.0 (Linux; Android 6.0.1; Nexus 5X Build/MMB29P) AppleWebKit/537.36 (KHTML, like Gecko) Chrome/88.0.4324.153 Mobile Safari/537.36 (compatible; Googlebot/2.1; +http://www.google.com/bot.html)"
13.66.139.73 - - [20/Feb/2021:09:06:56 +0100] "GET /genuine-harley-davidson-metal-magnet-p-15193.html HTTP/1.0" 200 68861 "-" "Mozilla/5.0 (compatible; bingbot/2.0; +http://www.bing.com/bingbot.htm)"
54.36.149.43 - - [20/Feb/2021:09:07:10 +0100] "GET /belize-clock-by-cbkreation-p-36824.html HTTP/1.0" 301 71425 "-" "Mozilla/5.0 (compatible; AhrefsBot/7.0; +http://ahrefs.com/robot/)"
185.191.171.15 - - [20/Feb/2021:09:07:12 +0100] "GET /chimes-suspensions-c-13_241.html HTTP/1.0" 200 89052 "-" "Mozilla/5.0 (compatible; SemrushBot/7~bl; +http://www.semrush.com/bot.html)"
13.66.139.137 - - [20/Feb/2021:09:07:15 +0100] "GET /-p-31304.html HTTP/1.0" 200 68690 "-" "Mozilla/5.0 (compatible; bingbot/2.0; +http://www.bing.com/bingbot.htm)"
13.66.139.137 - - [20/Feb/2021:09:07:16 +0100] "GET /images/voilbarba.jpg HTTP/1.0" 200 255 "-" "Mozilla/5.0 (compatible; bingbot/2.0; +http://www.bing.com/bingbot.htm)"
185.191.171.4 - - [20/Feb/2021:09:07:25 +0100] "GET /fish-lips-clock-allen-p-44574.html?action=add_product HTTP/1.0" 302 476 "-" "Mozilla/5.0 (compatible; SemrushBot/7~bl; +http://www.semrush.com/bot.html)"
157.55.39.246 - - [20/Feb/2021:09:07:32 +0100] "GET /js/jquery.js HTTP/1.0" 200 252 "-" "Mozilla/5.0 (compatible; bingbot/2.0; +http://www.bing.com/bingbot.htm)"
185.191.171.25 - - [20/Feb/2021:09:07:32 +0100] "GET /little-geisha-p-50779.html?action=add_product HTTP/1.0" 302 476 "-" "Mozilla/5.0 (compatible; SemrushBot/7~bl; +http://www.semrush.com/bot.html)"
13.66.139.73 - - [20/Feb/2021:09:07:37 +0100] "GET /marseille-soap-box-soap-10-65-28-cm-p-40114.html HTTP/1.0" 301 71715 "-" "Mozilla/5.0 (compatible; bingbot/2.0; +http://www.bing.com/bingbot.htm)"
5.255.231.71 - - [20/Feb/2021:09:07:39 +0100] "GET /robots.txt HTTP/1.0" 200 245 "-" "Mozilla/5.0 (compatible; YandexBot/3.0; +http://yandex.com/bots)"
5.255.231.71 - - [20/Feb/2021:09:07:43 +0100] "GET /images/med_prod/8412497917624.jpg HTTP/1.0" 200 268 "-" "Mozilla/5.0 (compatible; YandexImages/3.0; +http://yandex.com/bots)"
185.191.171.35 - - [20/Feb/2021:09:07:44 +0100] "GET /large-glasses-annes-folles-p-46450.html?action=add_product HTTP/1.0" 302 476 "-" "Mozilla/5.0 (compatible; SemrushBot/7~bl; +http://www.semrush.com/bot.html)"
13.66.139.137 - - [20/Feb/2021:09:07:55 +0100] "GET /pillow-case-65-65-cm-black-p-34836.html HTTP/1.0" 301 71653 "-" "Mozilla/5.0 (compatible; bingbot/2.0; +http://www.bing.com/bingbot.htm)"
13.66.139.88 - - [20/Feb/2021:09:08:09 +0100] "GET /simpsons-sugar-box-p-17918.html HTTP/1.0" 301 68844 "-" "Mozilla/5.0 (compatible; bingbot/2.0; +http://www.bing.com/bingbot.htm)"
185.191.171.3 - - [20/Feb/2021:09:08:10 +0100] "GET /expresso-rugby-p-24311.html HTTP/1.0" 200 71708 "-" "Mozilla/5.0 (compatible; SemrushBot/7~bl; +http://www.semrush.com/bot.html)"
185.191.171.6 - - [20/Feb/2021:09:08:22 +0100] "GET /zippo-leather-wash-p-49117.html HTTP/1.0" 200 72162 "-" "Mozilla/5.0 (compatible; SemrushBot/7~bl; +http://www.semrush.com/bot.html)"
54.36.148.6 - - [20/Feb/2021:09:08:28 +0100] "GET /cats-adult-apron-p-41606.html HTTP/1.0" 200 71250 "-" "Mozilla/5.0 (compatible; AhrefsBot/7.0; +http://ahrefs.com/robot/)"
13.66.139.88 - - [20/Feb/2021:09:08:39 +0100] "GET /big-mirror-combi-peace-and-love-p-35362.html HTTP/1.0" 301 68910 "-" "Mozilla/5.0 (compatible; bingbot/2.0; +http://www.bing.com/bingbot.htm)"
185.191.171.34 - - [20/Feb/2021:09:08:44 +0100] "GET /jacquard-cozy-curtain-135-260-cm-p-50738.html HTTP/1.0" 301 68882 "-" "Mozilla/5.0 (compatible; SemrushBot/7~bl; +http://www.semrush.com/bot.html)"
185.191.171.4 - - [20/Feb/2021:09:08:46 +0100] "GET /jacquard-cozy-curtain-p-50738.html HTTP/1.0" 200 68794 "-" "Mozilla/5.0 (compatible; SemrushBot/7~bl; +http://www.semrush.com/bot.html)"
185.191.171.11 - - [20/Feb/2021:09:09:25 +0100] "GET /the-rugs-c-11_269.html?page=3 HTTP/1.0" 301 89128 "-" "Mozilla/5.0 (compatible; SemrushBot/7~bl; +http://www.semrush.com/bot.html)"
185.191.171.9 - - [20/Feb/2021:09:09:28 +0100] "GET /rugs-c-269.html?page=3 HTTP/1.0" 200 88933 "-" "Mozilla/5.0 (compatible; SemrushBot/7~bl; +http://www.semrush.com/bot.html)"
185.191.171.4 - - [20/Feb/2021:09:09:37 +0100] "GET /tropical-pouch-20-15-cm-paradise-p-49551.html HTTP/1.0" 301 72177 "-" "Mozilla/5.0 (compatible; SemrushBot/7~bl; +http://www.semrush.com/bot.html)"
54.36.148.218 - - [20/Feb/2021:09:09:47 +0100] "GET /great-patina-orangutan-don-say-anything-statuette-p-45978.html HTTP/1.0" 301 71711 "-" "Mozilla/5.0 (compatible; AhrefsBot/7.0; +http://ahrefs.com/robot/)"
185.191.171.1 - - [20/Feb/2021:09:09:49 +0100] "GET /bienvenue-maison-door-coconut-fiber-p-42024.html HTTP/1.0" 200 71653 "-" "Mozilla/5.0 (compatible; SemrushBot/7~bl; +http://www.semrush.com/bot.html)"
13.66.139.137 - - [20/Feb/2021:09:10:56 +0100] "GET /corsica-red-tee-shirt-p-35444.html HTTP/1.0" 301 73290 "-" "Mozilla/5.0 (compatible; bingbot/2.0; +http://www.bing.com/bingbot.htm)"
13.66.139.137 - - [20/Feb/2021:09:10:58 +0100] "GET /rock-dog-cushion-p-22993.html HTTP/1.0" 301 71318 "-" "Mozilla/5.0 (compatible; bingbot/2.0; +http://www.bing.com/bingbot.htm)"
13.66.139.88 - - [20/Feb/2021:09:11:00 +0100] "GET /weenicons-east-cost-shirt-p-29582.html HTTP/1.0" 200 72777 "-" "Mozilla/5.0 (compatible; bingbot/2.0; +http://www.bing.com/bingbot.htm)"
54.36.148.184 - - [20/Feb/2021:09:11:04 +0100] "GET /vivement-dimanche-pencil-case-p-20206.html HTTP/1.0" 200 71367 "-" "Mozilla/5.0 (compatible; AhrefsBot/7.0; +http://ahrefs.com/robot/)"
13.66.139.73 - - [20/Feb/2021:09:11:07 +0100] "GET /-p-25663.html HTTP/1.0" 200 68690 "-" "Mozilla/5.0 (compatible; bingbot/2.0; +http://www.bing.com/bingbot.htm)"
13.66.139.137 - - [20/Feb/2021:09:11:15 +0100] "GET /bmw-vintage-cars-small-steel-fridge-magnets-p-37060.html HTTP/1.0" 301 71685 "-" "Mozilla/5.0 (compatible; bingbot/2.0; +http://www.bing.com/bingbot.htm)"
13.66.139.73 - - [20/Feb/2021:09:11:27 +0100] "GET /glasses-case-c-31_164.html HTTP/1.0" 200 89028 "-" "Mozilla/5.0 (compatible; bingbot/2.0; +http://www.bing.com/bingbot.htm)"
185.191.171.35 - - [20/Feb/2021:09:11:51 +0100] "GET /verity-rose-gift-card-p-29166.html HTTP/1.0" 200 68764 "-" "Mozilla/5.0 (compatible; SemrushBot/7~bl; +http://www.semrush.com/bot.html)"
13.66.139.137 - - [20/Feb/2021:09:11:56 +0100] "GET /images/big_prod/5036278056062N.jpg HTTP/1.0" 200 269 "-" "Mozilla/5.0 (compatible; bingbot/2.0; +http://www.bing.com/bingbot.htm)"
185.191.171.15 - - [20/Feb/2021:09:11:56 +0100] "GET /notebook-flower-life-with-leather-cover-p-47651.html?action=add_product HTTP/1.0" 302 476 "-" "Mozilla/5.0 (compatible; SemrushBot/7~bl; +http://www.semrush.com/bot.html)"
13.66.139.137 - - [20/Feb/2021:09:11:56 +0100] "GET /images/h1gafc7a.jpg HTTP/1.0" 200 254 "-" "Mozilla/5.0 (compatible; bingbot/2.0; +http://www.bing.com/bingbot.htm)"
185.191.171.9 - - [20/Feb/2021:09:12:05 +0100] "GET /papers-holder-indian-spirit-dark-brown-p-42943.html?action=add_product HTTP/1.0" 302 476 "-" "Mozilla/5.0 (compatible; SemrushBot/7~bl; +http://www.semrush.com/bot.html)"
185.191.171.1 - - [20/Feb/2021:09:12:20 +0100] "GET /tour-eiffel-figurine-p-44592.html HTTP/1.0" 200 71417 "-" "Mozilla/5.0 (compatible; SemrushBot/7~bl; +http://www.semrush.com/bot.html)"
185.191.171.10 - - [20/Feb/2021:09:12:23 +0100] "GET /charmmy-kitty-mattress-swimming-pool-p-5989.html HTTP/1.0" 200 71277 "-" "Mozilla/5.0 (compatible; SemrushBot/7~bl; +http://www.semrush.com/bot.html)"
13.66.139.73 - - [20/Feb/2021:09:12:26 +0100] "GET /images/big_prod/8433933434178.jpg HTTP/1.0" 200 268 "-" "Mozilla/5.0 (compatible; bingbot/2.0; +http://www.bing.com/bingbot.htm)"
13.66.139.88 - - [20/Feb/2021:09:12:30 +0100] "GET /-p-9272.html HTTP/1.0" 200 68688 "-" "Mozilla/5.0 (compatible; bingbot/2.0; +http://www.bing.com/bingbot.htm)"
54.36.148.231 - - [20/Feb/2021:09:12:31 +0100] "GET /owl-cotton-adult-apron-p-41603.html HTTP/1.0" 301 71375 "-" "Mozilla/5.0 (compatible; AhrefsBot/7.0; +http://ahrefs.com/robot/)"
185.191.171.40 - - [20/Feb/2021:09:12:49 +0100] "GET /cats-grey-cups-espresso-p-37857.html HTTP/1.0" 200 71398 "-" "Mozilla/5.0 (compatible; SemrushBot/7~bl; +http://www.semrush.com/bot.html)"
185.191.171.45 - - [20/Feb/2021:09:12:53 +0100] "GET /robots.txt HTTP/1.0" 200 245 "-" "Mozilla/5.0 (compatible; SemrushBot/7~bl; +http://www.semrush.com/bot.html)"
185.191.171.3 - - [20/Feb/2021:09:12:54 +0100] "GET /bowl-laughing-lavender-inside-made-germany-p-50707.html HTTP/1.0" 200 72382 "-" "Mozilla/5.0 (compatible; SemrushBot/7~bl; +http://www.semrush.com/bot.html)"
77.75.76.164 - - [20/Feb/2021:09:13:00 +0100] "GET /robots.txt HTTP/1.0" 200 245 "-" "Mozilla/5.0 (compatible; SeznamBot/3.2; +http://napoveda.seznam.cz/en/seznambot-intro/)"
77.75.76.164 - - [20/Feb/2021:09:13:00 +0100] "GET /images/mini_prod/8422001018136.gif HTTP/1.0" 200 268 "-" "Mozilla/5.0 (compatible; SeznamBot/3.2; +http://napoveda.seznam.cz/en/seznambot-intro/)"
77.75.76.164 - - [20/Feb/2021:09:13:01 +0100] "GET /images/8435306246456bis.jpg HTTP/1.0" 200 262 "-" "Mozilla/5.0 (compatible; SeznamBot/3.2; +http://napoveda.seznam.cz/en/seznambot-intro/)"
185.191.171.43 - - [20/Feb/2021:09:13:16 +0100] "GET /teo-jasmin-pencil-case-p-31571.html HTTP/1.0" 301 68845 "-" "Mozilla/5.0 (compatible; SemrushBot/7~bl; +http://www.semrush.com/bot.html)"
185.191.171.4 - - [20/Feb/2021:09:13:20 +0100] "GET /nitro-backpack-black-denim-p-35707.html HTTP/1.0" 200 71724 "-" "Mozilla/5.0 (compatible; SemrushBot/7~bl; +http://www.semrush.com/bot.html)"
13.66.139.88 - - [20/Feb/2021:09:13:39 +0100] "GET /images/1399984249727.jpg HTTP/1.0" 200 259 "-" "Mozilla/5.0 (compatible; bingbot/2.0; +http://www.bing.com/bingbot.htm)"
13.66.139.73 - - [20/Feb/2021:09:13:45 +0100] "GET /images/big_prod/4012390386356.jpg HTTP/1.0" 200 268 "-" "Mozilla/5.0 (compatible; bingbot/2.0; +http://www.bing.com/bingbot.htm)"
185.191.171.45 - - [20/Feb/2021:09:13:44 +0100] "GET /baboon-resin-copper-color-figure-p-47998.html HTTP/1.0" 200 72074 "-" "Mozilla/5.0 (compatible; SemrushBot/7~bl; +http://www.semrush.com/bot.html)"
13.66.139.73 - - [20/Feb/2021:09:13:46 +0100] "GET /van-gogh-coffee-duo-set-p-48226.html HTTP/1.0" 301 72065 "-" "Mozilla/5.0 (compatible; bingbot/2.0; +http://www.bing.com/bingbot.htm)"
13.66.139.73 - - [20/Feb/2021:09:13:48 +0100] "GET /nintendo-up-laptop-cover-p-17625.html HTTP/1.0" 301 74154 "-" "Mozilla/5.0 (compatible; bingbot/2.0; +http://www.bing.com/bingbot.htm)"
54.36.148.131 - - [20/Feb/2021:09:13:51 +0100] "GET /london-metal-keyring-bus-p-35352.html HTTP/1.0" 301 71454 "-" "Mozilla/5.0 (compatible; AhrefsBot/7.0; +http://ahrefs.com/robot/)"
193.164.132.177 - - [20/Feb/2021:09:13:58 +0100] "GET /images/big_prod_2/4260082936956b.jpg HTTP/1.0" 200 271 "http://www.wonder-geek.com/images/big_prod_2/4260082936956b.jpg" "Mozilla/4.0 (compatible; MSIE 5.01; Windows NT 5.0)"
185.191.171.19 - - [20/Feb/2021:09:14:02 +0100] "GET /yellow-kitchen-timer-clock-p-40588.html HTTP/1.0" 200 71496 "-" "Mozilla/5.0 (compatible; SemrushBot/7~bl; +http://www.semrush.com/bot.html)"
13.66.139.137 - - [20/Feb/2021:09:14:06 +0100] "GET /tweety-set-of-hair-ornements-p-13556.html HTTP/1.0" 301 71532 "-" "Mozilla/5.0 (compatible; bingbot/2.0; +http://www.bing.com/bingbot.htm)"
13.66.139.137 - - [20/Feb/2021:09:14:08 +0100] "GET /burlap-round-table-set-love-p-47321.html HTTP/1.0" 301 68757 "-" "Mozilla/5.0 (compatible; bingbot/2.0; +http://www.bing.com/bingbot.htm)"
13.66.139.137 - - [20/Feb/2021:09:14:09 +0100] "GET /model-vespa-125ts-1975-118-p-32449.html HTTP/1.0" 301 68895 "-" "Mozilla/5.0 (compatible; bingbot/2.0; +http://www.bing.com/bingbot.htm)"
13.66.139.88 - - [20/Feb/2021:09:14:10 +0100] "GET /-p-19023.html HTTP/1.0" 200 68690 "-" "Mozilla/5.0 (compatible; bingbot/2.0; +http://www.bing.com/bingbot.htm)"
13.66.139.88 - - [20/Feb/2021:09:14:12 +0100] "GET /heart-and-home-eco-friendly-stick-diffuser-vanilla-rosewood-p-52807.html HTTP/1.0" 301 72692 "-" "Mozilla/5.0 (compatible; bingbot/2.0; +http://www.bing.com/bingbot.htm)"
13.66.139.88 - - [20/Feb/2021:09:14:14 +0100] "GET /grumpy-polar-blanket-p-39087.html HTTP/1.0" 200 71331 "-" "Mozilla/5.0 (compatible; bingbot/2.0; +http://www.bing.com/bingbot.htm)"
185.191.171.43 - - [20/Feb/2021:09:14:17 +0100] "GET /bowler-hat-suspension-p-42042.html HTTP/1.0" 301 71457 "-" "Mozilla/5.0 (compatible; SemrushBot/7~bl; +http://www.semrush.com/bot.html)"
185.191.171.1 - - [20/Feb/2021:09:14:21 +0100] "GET /bowler-suspension-p-42042.html HTTP/1.0" 200 71373 "-" "Mozilla/5.0 (compatible; SemrushBot/7~bl; +http://www.semrush.com/bot.html)"
185.191.171.26 - - [20/Feb/2021:09:14:31 +0100] "GET /burlap-round-table-bistrot-p-51527.html?action=add_product HTTP/1.0" 302 476 "-" "Mozilla/5.0 (compatible; SemrushBot/7~bl; +http://www.semrush.com/bot.html)"
13.66.139.137 - - [20/Feb/2021:09:14:36 +0100] "GET /images/big_prod/3700516226396.jpg HTTP/1.0" 200 268 "-" "Mozilla/5.0 (compatible; bingbot/2.0; +http://www.bing.com/bingbot.htm)"
13.66.139.137 - - [20/Feb/2021:09:14:37 +0100] "GET /images/4010070231163.jpg HTTP/1.0" 200 259 "-" "Mozilla/5.0 (compatible; bingbot/2.0; +http://www.bing.com/bingbot.htm)"
13.66.139.137 - - [20/Feb/2021:09:14:37 +0100] "GET /-p-17785.html HTTP/1.0" 200 68690 "-" "Mozilla/5.0 (compatible; bingbot/2.0; +http://www.bing.com/bingbot.htm)"
13.66.139.73 - - [20/Feb/2021:09:14:47 +0100] "GET /ceramic-planter-turquoise-blue-large-model-p-52571.html HTTP/1.0" 200 72209 "-" "Mozilla/5.0 (compatible; bingbot/2.0; +http://www.bing.com/bingbot.htm)"
185.191.171.2 - - [20/Feb/2021:09:14:42 +0100] "GET /dishes-c-12.html?page=51 HTTP/1.0" 200 90302 "-" "Mozilla/5.0 (compatible; SemrushBot/7~bl; +http://www.semrush.com/bot.html)"
185.191.171.26 - - [20/Feb/2021:09:15:01 +0100] "GET /mousepad-cbkreation-p-42927.html?action=add_product HTTP/1.0" 302 476 "-" "Mozilla/5.0 (compatible; SemrushBot/7~bl; +http://www.semrush.com/bot.html)"
13.66.139.88 - - [20/Feb/2021:09:15:01 +0100] "GET /images/big_prod/3609810070752.jpg HTTP/1.0" 200 268 "-" "Mozilla/5.0 (compatible; bingbot/2.0; +http://www.bing.com/bingbot.htm)"
185.191.171.41 - - [20/Feb/2021:09:15:02 +0100] "GET /votive-candle-hours-christmas-cupcake-p-33122.html HTTP/1.0" 200 72638 "-" "Mozilla/5.0 (compatible; SemrushBot/7~bl; +http://www.semrush.com/bot.html)"
13.66.139.88 - - [20/Feb/2021:09:15:03 +0100] "GET /wax-melt-rambling-rose-p-39001.html HTTP/1.0" 301 72018 "-" "Mozilla/5.0 (compatible; bingbot/2.0; +http://www.bing.com/bingbot.htm)"
185.191.171.34 - - [20/Feb/2021:09:15:08 +0100] "GET /monte-carlo-coasters-p-44837.html?action=add_product HTTP/1.0" 302 476 "-" "Mozilla/5.0 (compatible; SemrushBot/7~bl; +http://www.semrush.com/bot.html)"
13.66.139.73 - - [20/Feb/2021:09:15:06 +0100] "GET /candytuft-flower-fairies-teapot-p-40075.html HTTP/1.0" 200 73068 "-" "Mozilla/5.0 (compatible; bingbot/2.0; +http://www.bing.com/bingbot.htm)"
157.55.39.246 - - [20/Feb/2021:09:15:12 +0100] "GET /js/jquery.js HTTP/1.0" 200 252 "-" "Mozilla/5.0 (compatible; bingbot/2.0; +http://www.bing.com/bingbot.htm)"
157.55.39.189 - - [20/Feb/2021:09:15:16 +0100] "GET /mondial_relay/js/jquery-1.3.2.min.js HTTP/1.0" 200 276 "-" "Mozilla/5.0 (compatible; bingbot/2.0; +http://www.bing.com/bingbot.htm)"
157.55.39.251 - - [20/Feb/2021:09:15:25 +0100] "GET /swfobject.js HTTP/1.0" 404 1308 "-" "Mozilla/5.0 (compatible; bingbot/2.0; +http://www.bing.com/bingbot.htm)"
54.36.148.193 - - [20/Feb/2021:09:15:17 +0100] "GET /trays-medium-size-c-12_159_265.html?page=1 HTTP/1.0" 200 88909 "-" "Mozilla/5.0 (compatible; AhrefsBot/7.0; +http://ahrefs.com/robot/)"
13.66.139.137 - - [20/Feb/2021:09:16:06 +0100] "GET /-p-6216.html HTTP/1.0" 200 68688 "-" "Mozilla/5.0 (compatible; bingbot/2.0; +http://www.bing.com/bingbot.htm)"
185.191.171.5 - - [20/Feb/2021:09:16:09 +0100] "GET /animals-alarm-clock-by-cbkreation-p-43810.html HTTP/1.0" 301 71576 "-" "Mozilla/5.0 (compatible; SemrushBot/7~bl; +http://www.semrush.com/bot.html)"
185.191.171.2 - - [20/Feb/2021:09:16:13 +0100] "GET /animals-alarm-clock-cbkreation-p-43810.html HTTP/1.0" 200 71479 "-" "Mozilla/5.0 (compatible; SemrushBot/7~bl; +http://www.semrush.com/bot.html)"
66.249.69.162 - - [20/Feb/2021:09:16:13 +0100] "GET /memory-pillow-p-39985.html HTTP/1.0" 200 71990 "-" "Mozilla/5.0 (Linux; Android 6.0.1; Nexus 5X Build/MMB29P) AppleWebKit/537.36 (KHTML, like Gecko) Chrome/88.0.4324.153 Mobile Safari/537.36 (compatible; Googlebot/2.1; +http://www.google.com/bot.html)"
185.191.171.44 - - [20/Feb/2021:09:16:17 +0100] "GET /-p-33706.html?action=add_product HTTP/1.0" 302 476 "-" "Mozilla/5.0 (compatible; SemrushBot/7~bl; +http://www.semrush.com/bot.html)"
13.66.139.137 - - [20/Feb/2021:09:16:26 +0100] "GET /chica-loca-beauty-bag-p-20095.html HTTP/1.0" 301 71601 "-" "Mozilla/5.0 (compatible; bingbot/2.0; +http://www.bing.com/bingbot.htm)"
157.55.39.159 - - [20/Feb/2021:09:16:37 +0100] "GET /luggages-schoolbags-leather-shop/bagshandbags-shoulder-bags/blue-vespa-shoulder-bag-p-23064.html HTTP/1.0" 301 68874 "-" "Mozilla/5.0 (compatible; bingbot/2.0; +http://www.bing.com/bingbot.htm)"
157.55.39.159 - - [20/Feb/2021:09:16:39 +0100] "GET /js/jquery.jqzoom.js HTTP/1.0" 200 259 "-" "Mozilla/5.0 (compatible; bingbot/2.0; +http://www.bing.com/bingbot.htm)"
54.36.148.176 - - [20/Feb/2021:09:16:40 +0100] "GET /butterflies-and-orchids-sticker-50-70-cm-p-39178.html HTTP/1.0" 301 71605 "-" "Mozilla/5.0 (compatible; AhrefsBot/7.0; +http://ahrefs.com/robot/)"
13.66.139.137 - - [20/Feb/2021:09:16:56 +0100] "GET /washed-linen-sheet-160-200-cm-natural-p-48160.html HTTP/1.0" 301 68919 "-" "Mozilla/5.0 (compatible; bingbot/2.0; +http://www.bing.com/bingbot.htm)"
13.66.139.137 - - [20/Feb/2021:09:16:58 +0100] "GET /fragrance-sachet-sweet-black-cherries-p-40543.html HTTP/1.0" 200 68786 "-" "Mozilla/5.0 (compatible; bingbot/2.0; +http://www.bing.com/bingbot.htm)"
185.191.171.39 - - [20/Feb/2021:09:17:11 +0100] "GET /flamingo-porcelain-bowl-p-44478.html HTTP/1.0" 200 71370 "-" "Mozilla/5.0 (compatible; SemrushBot/7~bl; +http://www.semrush.com/bot.html)"
13.66.139.137 - - [20/Feb/2021:09:17:26 +0100] "GET /images/8009233802209.jpg HTTP/1.0" 200 259 "-" "Mozilla/5.0 (compatible; bingbot/2.0; +http://www.bing.com/bingbot.htm)"
13.66.139.73 - - [20/Feb/2021:09:17:30 +0100] "GET /gorjuss-daily-planner-autumn-leaves-p-49481.html HTTP/1.0" 200 73314 "-" "Mozilla/5.0 (compatible; bingbot/2.0; +http://www.bing.com/bingbot.htm)"
13.66.139.73 - - [20/Feb/2021:09:17:32 +0100] "GET /betty-boop-pink-vinyl-beauty-bag-p-16551.html HTTP/1.0" 301 71522 "-" "Mozilla/5.0 (compatible; bingbot/2.0; +http://www.bing.com/bingbot.htm)"
13.66.139.88 - - [20/Feb/2021:09:17:35 +0100] "GET /images/beatlesgris.jpg HTTP/1.0" 200 257 "-" "Mozilla/5.0 (compatible; bingbot/2.0; +http://www.bing.com/bingbot.htm)"
185.191.171.25 - - [20/Feb/2021:09:17:33 +0100] "GET /sign-aged-metal-p-42505.html HTTP/1.0" 200 71416 "-" "Mozilla/5.0 (compatible; SemrushBot/7~bl; +http://www.semrush.com/bot.html)"
13.66.139.88 - - [20/Feb/2021:09:17:36 +0100] "GET /-p-31848.html HTTP/1.0" 200 68690 "-" "Mozilla/5.0 (compatible; bingbot/2.0; +http://www.bing.com/bingbot.htm)"
13.66.139.88 - - [20/Feb/2021:09:17:39 +0100] "GET /ceramic-salt-pot-with-spoon-flammy-p-47874.html HTTP/1.0" 301 71487 "-" "Mozilla/5.0 (compatible; bingbot/2.0; +http://www.bing.com/bingbot.htm)"
185.191.171.43 - - [20/Feb/2021:09:17:38 +0100] "GET /shiny-snake-skin-adhesive-roll-silver-p-47296.html HTTP/1.0" 200 71734 "-" "Mozilla/5.0 (compatible; SemrushBot/7~bl; +http://www.semrush.com/bot.html)"
185.191.171.2 - - [20/Feb/2021:09:17:43 +0100] "GET /stone-polychrome-jasper-90-100-grams-p-46580.html HTTP/1.0" 301 72745 "-" "Mozilla/5.0 (compatible; SemrushBot/7~bl; +http://www.semrush.com/bot.html)"
13.66.139.73 - - [20/Feb/2021:09:17:47 +0100] "GET /images/big_prod/8435107828882.jpg HTTP/1.0" 200 268 "-" "Mozilla/5.0 (compatible; bingbot/2.0; +http://www.bing.com/bingbot.htm)"
185.191.171.2 - - [20/Feb/2021:09:17:47 +0100] "GET /disney-frozen-large-p-35540.html?action=add_product HTTP/1.0" 302 476 "-" "Mozilla/5.0 (compatible; SemrushBot/7~bl; +http://www.semrush.com/bot.html)"
60.8.123.180 - - [20/Feb/2021:09:17:40 +0100] "GET /mouse-pad-c-129_85.html HTTP/1.0" 301 89925 "-" "Mozilla/5.0 (compatible; Bytespider; https://zhanzhang.toutiao.com/) AppleWebKit/537.36 (KHTML, like Gecko) Chrome/70.0.0.0 Safari/537.36"
60.8.123.188 - - [20/Feb/2021:09:17:46 +0100] "GET /mouse-c-85.html HTTP/1.0" 301 89789 "-" "Mozilla/5.0 (compatible; Bytespider; https://zhanzhang.toutiao.com/) AppleWebKit/537.36 (KHTML, like Gecko) Chrome/70.0.0.0 Safari/537.36"
60.8.123.180 - - [20/Feb/2021:09:17:57 +0100] "GET /swfobject.js HTTP/1.0" 404 1308 "http://www.wonder-geek.com/mouse-c-129_85.html" "Mozilla/5.0 (compatible; Bytespider; https://zhanzhang.toutiao.com/) AppleWebKit/537.36 (KHTML, like Gecko) Chrome/70.0.0.0 Safari/537.36"
54.36.148.5 - - [20/Feb/2021:09:17:57 +0100] "GET /pop-art-french-president-by-cbkreation-mug-p-13833.html HTTP/1.0" 301 71559 "-" "Mozilla/5.0 (compatible; AhrefsBot/7.0; +http://ahrefs.com/robot/)"
60.8.123.179 - - [20/Feb/2021:09:17:52 +0100] "GET /mouse-c-129_85.html HTTP/1.0" 200 89856 "-" "Mozilla/5.0 (compatible; Bytespider; https://zhanzhang.toutiao.com/) AppleWebKit/537.36 (KHTML, like Gecko) Chrome/70.0.0.0 Safari/537.36"
185.191.171.25 - - [20/Feb/2021:09:17:59 +0100] "GET /round-tray-tropical-leaves-monstera-p-49311.html HTTP/1.0" 200 71559 "-" "Mozilla/5.0 (compatible; SemrushBot/7~bl; +http://www.semrush.com/bot.html)"
60.8.123.179 - - [20/Feb/2021:09:18:01 +0100] "GET /js/jquery.min.js HTTP/1.0" 404 1308 "http://www.wonder-geek.com/mouse-c-129_85.html" "Mozilla/5.0 (compatible; Bytespider; https://zhanzhang.toutiao.com/) AppleWebKit/537.36 (KHTML, like Gecko) Chrome/70.0.0.0 Safari/537.36"
60.8.123.185 - - [20/Feb/2021:09:18:02 +0100] "GET /highslide/graphics/zoomout.cur HTTP/1.0" 200 614 "http://www.wonder-geek.com/mouse-c-129_85.html" "Mozilla/5.0 (compatible; Bytespider; https://zhanzhang.toutiao.com/) AppleWebKit/537.36 (KHTML, like Gecko) Chrome/70.0.0.0 Safari/537.36"
13.66.139.137 - - [20/Feb/2021:09:18:06 +0100] "GET /cats-by-dubout-sugar-box-p-26840.html HTTP/1.0" 301 71527 "-" "Mozilla/5.0 (compatible; bingbot/2.0; +http://www.bing.com/bingbot.htm)"
13.66.139.137 - - [20/Feb/2021:09:18:08 +0100] "GET /-p-32903.html HTTP/1.0" 200 68690 "-" "Mozilla/5.0 (compatible; bingbot/2.0; +http://www.bing.com/bingbot.htm)"
13.66.139.73 - - [20/Feb/2021:09:18:11 +0100] "GET /-p-16156.html HTTP/1.0" 200 68690 "-" "Mozilla/5.0 (compatible; bingbot/2.0; +http://www.bing.com/bingbot.htm)"
185.191.171.6 - - [20/Feb/2021:09:18:17 +0100] "GET /household-linen-c-11.html?page=50 HTTP/1.0" 200 91259 "-" "Mozilla/5.0 (compatible; SemrushBot/7~bl; +http://www.semrush.com/bot.html)"
185.191.171.2 - - [20/Feb/2021:09:18:28 +0100] "GET /flower-terracotta-p-52701.html HTTP/1.0" 200 71416 "-" "Mozilla/5.0 (compatible; SemrushBot/7~bl; +http://www.semrush.com/bot.html)"
185.191.171.7 - - [20/Feb/2021:09:18:35 +0100] "GET /decorative-statue-p-32086.html HTTP/1.0" 200 71360 "-" "Mozilla/5.0 (compatible; SemrushBot/7~bl; +http://www.semrush.com/bot.html)"
185.191.171.12 - - [20/Feb/2021:09:18:59 +0100] "GET /chica-loca-invitation-p-17463.html HTTP/1.0" 200 71575 "-" "Mozilla/5.0 (compatible; SemrushBot/7~bl; +http://www.semrush.com/bot.html)"
157.55.39.99 - - [20/Feb/2021:09:19:08 +0100] "GET /luggages-schoolbags-leather-shop/bagshandbags-shoulder-bags/kimmidoll-shopping-bag-beige-satin-collection-p-13363.html HTTP/1.0" 301 69000 "-" "Mozilla/5.0 (compatible; bingbot/2.0; +http://www.bing.com/bingbot.htm)"
185.191.171.20 - - [20/Feb/2021:09:19:17 +0100] "GET /despicable-backpack-p-36312.html?action=add_product HTTP/1.0" 302 476 "-" "Mozilla/5.0 (compatible; SemrushBot/7~bl; +http://www.semrush.com/bot.html)"
54.36.148.90 - - [20/Feb/2021:09:19:19 +0100] "GET /tropical-porcelain-bowl-480-ml-p-44481.html HTTP/1.0" 301 71459 "-" "Mozilla/5.0 (compatible; AhrefsBot/7.0; +http://ahrefs.com/robot/)"
13.66.139.137 - - [20/Feb/2021:09:19:27 +0100] "GET /ul13-ink-large-metal-plate-deco-p-34120.html HTTP/1.0" 301 71472 "-" "Mozilla/5.0 (compatible; bingbot/2.0; +http://www.bing.com/bingbot.htm)"
185.191.171.24 - - [20/Feb/2021:09:19:37 +0100] "GET /charcoal-incense-burner-adjustable-brass-10-cm-p-46807.html HTTP/1.0" 301 72377 "-" "Mozilla/5.0 (compatible; SemrushBot/7~bl; +http://www.semrush.com/bot.html)"
13.66.139.73 - - [20/Feb/2021:09:19:39 +0100] "GET /little-mariners-bowl-p-38782.html HTTP/1.0" 200 68781 "-" "Mozilla/5.0 (compatible; bingbot/2.0; +http://www.bing.com/bingbot.htm)"
13.66.139.73 - - [20/Feb/2021:09:19:40 +0100] "GET /skull-white-phone-p-33055.html HTTP/1.0" 200 71443 "-" "Mozilla/5.0 (compatible; bingbot/2.0; +http://www.bing.com/bingbot.htm)"
185.191.171.12 - - [20/Feb/2021:09:19:41 +0100] "GET /charcoal-incense-burner-adjustable-brass-p-46807.html HTTP/1.0" 200 72270 "-" "Mozilla/5.0 (compatible; SemrushBot/7~bl; +http://www.semrush.com/bot.html)"
185.191.171.5 - - [20/Feb/2021:09:19:47 +0100] "GET /cats-cactus-placemat-p-45288.html HTTP/1.0" 200 71295 "-" "Mozilla/5.0 (compatible; SemrushBot/7~bl; +http://www.semrush.com/bot.html)"
185.191.171.16 - - [20/Feb/2021:09:19:53 +0100] "GET /gorjuss-backpack-bubble-fairy-p-53965.html HTTP/1.0" 200 72300 "-" "Mozilla/5.0 (compatible; SemrushBot/7~bl; +http://www.semrush.com/bot.html)"
13.66.139.137 - - [20/Feb/2021:09:19:46 +0100] "GET /tea-pot-c-12_175.html?page=3 HTTP/1.0" 200 90056 "-" "Mozilla/5.0 (compatible; bingbot/2.0; +http://www.bing.com/bingbot.htm)"
13.66.139.73 - - [20/Feb/2021:09:20:07 +0100] "GET /isothermic-stainless-steel-bottle-aquarius-by-cbkreation-p-51036.html HTTP/1.0" 301 71732 "-" "Mozilla/5.0 (compatible; bingbot/2.0; +http://www.bing.com/bingbot.htm)"
13.66.139.73 - - [20/Feb/2021:09:20:31 +0100] "GET /-p-15108.html HTTP/1.0" 200 68690 "-" "Mozilla/5.0 (compatible; bingbot/2.0; +http://www.bing.com/bingbot.htm)"
13.66.139.137 - - [20/Feb/2021:09:20:26 +0100] "GET /swimsuit-c-1_18.html HTTP/1.0" 200 90373 "-" "Mozilla/5.0 (compatible; bingbot/2.0; +http://www.bing.com/bingbot.htm)"
185.191.171.2 - - [20/Feb/2021:09:20:43 +0100] "GET /burlap-round-table-love-p-51117.html?action=add_product HTTP/1.0" 302 476 "-" "Mozilla/5.0 (compatible; SemrushBot/7~bl; +http://www.semrush.com/bot.html)"
13.66.139.137 - - [20/Feb/2021:09:20:46 +0100] "GET /merci-gustave-paris-so-chic-espresso-set-p-38461.html HTTP/1.0" 301 68926 "-" "Mozilla/5.0 (compatible; bingbot/2.0; +http://www.bing.com/bingbot.htm)"
13.66.139.73 - - [20/Feb/2021:09:20:50 +0100] "GET /wind-chime-angel-blue-p-40217.html HTTP/1.0" 200 72219 "-" "Mozilla/5.0 (compatible; bingbot/2.0; +http://www.bing.com/bingbot.htm)"
54.36.148.90 - - [20/Feb/2021:09:20:39 +0100] "GET /collectible-figurines-and-decorative-c-13_135.html?page=31 HTTP/1.0" 301 94602 "-" "Mozilla/5.0 (compatible; AhrefsBot/7.0; +http://ahrefs.com/robot/)"
185.191.171.21 - - [20/Feb/2021:09:21:31 +0100] "GET /mister-pink-round-pencil-case-p-20517.html HTTP/1.0" 200 71402 "-" "Mozilla/5.0 (compatible; SemrushBot/7~bl; +http://www.semrush.com/bot.html)"
207.46.13.52 - - [20/Feb/2021:09:21:34 +0100] "GET /-p-14960.html HTTP/1.0" 200 68690 "-" "Mozilla/5.0 (compatible; bingbot/2.0; +http://www.bing.com/bingbot.htm)"
216.244.66.242 - - [20/Feb/2021:09:21:40 +0100] "GET /robots.txt HTTP/1.0" 200 245 "-" "Mozilla/5.0 (compatible; DotBot/1.1; http://www.opensiteexplorer.org/dotbot, help@moz.com)"
185.191.171.23 - - [20/Feb/2021:09:21:46 +0100] "GET /barnyard-ceramic-butter-dish-p-51418.html HTTP/1.0" 200 71373 "-" "Mozilla/5.0 (compatible; SemrushBot/7~bl; +http://www.semrush.com/bot.html)"
13.66.139.73 - - [20/Feb/2021:09:21:48 +0100] "GET /assassin-creed-zippo-lighter-p-39526.html HTTP/1.0" 200 73715 "-" "Mozilla/5.0 (compatible; bingbot/2.0; +http://www.bing.com/bingbot.htm)"
54.36.148.90 - - [20/Feb/2021:09:22:05 +0100] "GET /quilted-floor-mat-65-165-cm-grey-and-orange-p-45105.html HTTP/1.0" 301 72459 "-" "Mozilla/5.0 (compatible; AhrefsBot/7.0; +http://ahrefs.com/robot/)"
51.68.224.127 - - [20/Feb/2021:09:22:07 +0100] "GET /adminweb/export_orders_xml.php?token=256de2z6edz6ed2z6DFSFsed2zed6zeDSFDSGdzedezfzf&maxorders=10&orderstart=1&status=14&start_date=2018-10-01 HTTP/1.0" 200 285 "-" "GesCom CharlotteBoutik Serveur"
13.66.139.137 - - [20/Feb/2021:09:22:06 +0100] "GET /chouchou-ceramic-solitary-teapot-p-52663.html HTTP/1.0" 200 71449 "-" "Mozilla/5.0 (compatible; bingbot/2.0; +http://www.bing.com/bingbot.htm)"
13.66.139.137 - - [20/Feb/2021:09:22:09 +0100] "GET /images/big_prod/5415203612564.jpg HTTP/1.0" 200 268 "-" "Mozilla/5.0 (compatible; bingbot/2.0; +http://www.bing.com/bingbot.htm)"
185.191.171.9 - - [20/Feb/2021:09:22:07 +0100] "GET /metal-beer-bucket-with-bottle-opener-p-40455.html HTTP/1.0" 200 68861 "-" "Mozilla/5.0 (compatible; SemrushBot/7~bl; +http://www.semrush.com/bot.html)"
51.68.224.127 - - [20/Feb/2021:09:22:08 +0100] "GET /adminweb/export_orders_xml.php?token=256de2z6edz6ed2z6DFSFsed2zed6zeDSFDSGdzedezfzf&maxorders=10&orderstart=1&status=6&start_date=2018-10-01 HTTP/1.0" 200 29990 "-" "GesCom CharlotteBoutik Serveur"
13.66.139.73 - - [20/Feb/2021:09:22:10 +0100] "GET /images/4012390358643.jpg HTTP/1.0" 200 259 "-" "Mozilla/5.0 (compatible; bingbot/2.0; +http://www.bing.com/bingbot.htm)"
66.249.69.166 - - [20/Feb/2021:09:22:40 +0100] "GET /terminator-collage-poster-p-32327.html HTTP/1.0" 200 68784 "-" "Mozilla/5.0 (Linux; Android 6.0.1; Nexus 5X Build/MMB29P) AppleWebKit/537.36 (KHTML, like Gecko) Chrome/88.0.4324.153 Mobile Safari/537.36 (compatible; Googlebot/2.1; +http://www.google.com/bot.html)"
13.66.139.137 - - [20/Feb/2021:09:22:47 +0100] "GET /weapon-metal-keyring-fn-five-seven-p-31989.html HTTP/1.0" 301 71531 "-" "Mozilla/5.0 (compatible; bingbot/2.0; +http://www.bing.com/bingbot.htm)"
13.66.139.88 - - [20/Feb/2021:09:23:03 +0100] "GET /-p-32133.html HTTP/1.0" 200 68690 "-" "Mozilla/5.0 (compatible; bingbot/2.0; +http://www.bing.com/bingbot.htm)"
185.191.171.7 - - [20/Feb/2021:09:23:10 +0100] "GET /cats-dubout-figurine-escape-plan-p-32703.html?action=add_product HTTP/1.0" 302 476 "-" "Mozilla/5.0 (compatible; SemrushBot/7~bl; +http://www.semrush.com/bot.html)"
185.191.171.22 - - [20/Feb/2021:09:23:22 +0100] "GET /lyon-white-women-shirt-p-31278.html?action=add_product HTTP/1.0" 302 476 "-" "Mozilla/5.0 (compatible; SemrushBot/7~bl; +http://www.semrush.com/bot.html)"
13.66.139.88 - - [20/Feb/2021:09:23:32 +0100] "GET /images/5027417021201.jpg HTTP/1.0" 200 259 "-" "Mozilla/5.0 (compatible; bingbot/2.0; +http://www.bing.com/bingbot.htm)"
54.36.148.141 - - [20/Feb/2021:09:23:37 +0100] "GET /yankees-black-pencil-case-p-41170.html HTTP/1.0" 200 71396 "-" "Mozilla/5.0 (compatible; AhrefsBot/7.0; +http://ahrefs.com/robot/)"
185.191.171.37 - - [20/Feb/2021:09:23:51 +0100] "GET /vivienne-hedgehog-cement-p-44524.html HTTP/1.0" 200 71429 "-" "Mozilla/5.0 (compatible; SemrushBot/7~bl; +http://www.semrush.com/bot.html)"
13.66.139.88 - - [20/Feb/2021:09:23:53 +0100] "GET /-p-16694.html HTTP/1.0" 200 68690 "-" "Mozilla/5.0 (compatible; bingbot/2.0; +http://www.bing.com/bingbot.htm)"
13.66.139.88 - - [20/Feb/2021:09:23:55 +0100] "GET /-p-14368.html HTTP/1.0" 200 68690 "-" "Mozilla/5.0 (compatible; bingbot/2.0; +http://www.bing.com/bingbot.htm)"
