13.66.139.88 - - [20/Feb/2021:06:47:13 +0100] "GET /blue-star-money-box-p-47764.html HTTP/1.0" 301 71410 "-" "Mozilla/5.0 (compatible; bingbot/2.0; +http://www.bing.com/bingbot.htm)"
185.191.171.42 - - [20/Feb/2021:06:47:17 +0100] "GET /soft-toys-security-blanket-c-4_46.html?page=4 HTTP/1.0" 200 92159 "-" "Mozilla/5.0 (compatible; SemrushBot/7~bl; +http://www.semrush.com/bot.html)"
13.66.139.137 - - [20/Feb/2021:06:47:22 +0100] "GET /mickey-box-collection-by-romano-britto-p-20288.html HTTP/1.0" 301 73761 "-" "Mozilla/5.0 (compatible; bingbot/2.0; +http://www.bing.com/bingbot.htm)"
185.191.171.6 - - [20/Feb/2021:06:47:25 +0100] "GET /quote-wall-stickers-jules-renard-p-42988.html HTTP/1.0" 200 71482 "-" "Mozilla/5.0 (compatible; SemrushBot/7~bl; +http://www.semrush.com/bot.html)"
13.66.139.137 - - [20/Feb/2021:06:47:41 +0100] "GET /little-miss-super-cawaii-cosmetic-bag-p-21781.html HTTP/1.0" 301 71548 "-" "Mozilla/5.0 (compatible; bingbot/2.0; +http://www.bing.com/bingbot.htm)"
13.66.139.73 - - [20/Feb/2021:06:47:50 +0100] "GET /-p-35158.html HTTP/1.0" 200 68690 "-" "Mozilla/5.0 (compatible; bingbot/2.0; +http://www.bing.com/bingbot.htm)"
54.36.149.10 - - [20/Feb/2021:06:48:17 +0100] "GET /corkscrew-bottle-opener-sommelier-kit-c-12_213.html?page=2 HTTP/1.0" 301 82891 "-" "Mozilla/5.0 (compatible; AhrefsBot/7.0; +http://ahrefs.com/robot/)"
187.225.118.190 - - [20/Feb/2021:06:48:23 +0100] "GET /mickey-figure-collection-by-romano-britto-p-23114.html HTTP/1.0" 301 72273 "https://www.google.com/" "Mozilla/5.0 (Windows NT 6.3; Win64; x64) AppleWebKit/537.36 (KHTML, like Gecko) Chrome/88.0.4324.182 Safari/537.36"
187.225.118.190 - - [20/Feb/2021:06:48:26 +0100] "GET /mickey-figure-collection-romano-britto-p-23114.html HTTP/1.0" 200 72168 "https://www.google.com/" "Mozilla/5.0 (Windows NT 6.3; Win64; x64) AppleWebKit/537.36 (KHTML, like Gecko) Chrome/88.0.4324.182 Safari/537.36"
187.225.118.190 - - [20/Feb/2021:06:48:28 +0100] "GET /templates/Pixame_v1/stylesheet.css HTTP/1.0" 200 267 "http://www.wonder-geek.com/mickey-figure-collection-romano-britto-p-23114.html" "Mozilla/5.0 (Windows NT 6.3; Win64; x64) AppleWebKit/537.36 (KHTML, like Gecko) Chrome/88.0.4324.182 Safari/537.36"
187.225.118.190 - - [20/Feb/2021:06:48:28 +0100] "GET /highslide/highslide.js HTTP/1.0" 200 262 "http://www.wonder-geek.com/mickey-figure-collection-romano-britto-p-23114.html" "Mozilla/5.0 (Windows NT 6.3; Win64; x64) AppleWebKit/537.36 (KHTML, like Gecko) Chrome/88.0.4324.182 Safari/537.36"
187.225.118.190 - - [20/Feb/2021:06:48:28 +0100] "GET /js/jquery.js HTTP/1.0" 200 252 "http://www.wonder-geek.com/mickey-figure-collection-romano-britto-p-23114.html" "Mozilla/5.0 (Windows NT 6.3; Win64; x64) AppleWebKit/537.36 (KHTML, like Gecko) Chrome/88.0.4324.182 Safari/537.36"
187.225.118.190 - - [20/Feb/2021:06:48:28 +0100] "GET /js/jquery.jqzoom.js HTTP/1.0" 200 259 "http://www.wonder-geek.com/mickey-figure-collection-romano-britto-p-23114.html" "Mozilla/5.0 (Windows NT 6.3; Win64; x64) AppleWebKit/537.36 (KHTML, like Gecko) Chrome/88.0.4324.182 Safari/537.36"
187.225.118.190 - - [20/Feb/2021:06:48:28 +0100] "GET /mondial_relay/js/jquery-1.3.2.min.js HTTP/1.0" 200 276 "http://www.wonder-geek.com/mickey-figure-collection-romano-britto-p-23114.html" "Mozilla/5.0 (Windows NT 6.3; Win64; x64) AppleWebKit/537.36 (KHTML, like Gecko) Chrome/88.0.4324.182 Safari/537.36"
187.225.118.190 - - [20/Feb/2021:06:48:29 +0100] "GET /swfobject.js HTTP/1.0" 404 1308 "http://www.wonder-geek.com/mickey-figure-collection-romano-britto-p-23114.html" "Mozilla/5.0 (Windows NT 6.3; Win64; x64) AppleWebKit/537.36 (KHTML, like Gecko) Chrome/88.0.4324.182 Safari/537.36"
187.225.118.190 - - [20/Feb/2021:06:48:29 +0100] "GET /templates/Pixame_v1/images/icon_accueil2.png HTTP/1.0" 200 278 "http://www.wonder-geek.com/mickey-figure-collection-romano-britto-p-23114.html" "Mozilla/5.0 (Windows NT 6.3; Win64; x64) AppleWebKit/537.36 (KHTML, like Gecko) Chrome/88.0.4324.182 Safari/537.36"
187.225.118.190 - - [20/Feb/2021:06:48:29 +0100] "GET /templates/Pixame_v1/images/infobox/pixel_trans.gif HTTP/1.0" 200 328 "http://www.wonder-geek.com/mickey-figure-collection-romano-britto-p-23114.html" "Mozilla/5.0 (Windows NT 6.3; Win64; x64) AppleWebKit/537.36 (KHTML, like Gecko) Chrome/88.0.4324.182 Safari/537.36"
187.225.118.190 - - [20/Feb/2021:06:48:29 +0100] "GET /images/pixel_trans.gif HTTP/1.0" 200 328 "http://www.wonder-geek.com/mickey-figure-collection-romano-britto-p-23114.html" "Mozilla/5.0 (Windows NT 6.3; Win64; x64) AppleWebKit/537.36 (KHTML, like Gecko) Chrome/88.0.4324.182 Safari/537.36"
187.225.118.190 - - [20/Feb/2021:06:48:29 +0100] "GET /templates/Pixame_v1/images/pixel_trans.gif HTTP/1.0" 200 328 "http://www.wonder-geek.com/mickey-figure-collection-romano-britto-p-23114.html" "Mozilla/5.0 (Windows NT 6.3; Win64; x64) AppleWebKit/537.36 (KHTML, like Gecko) Chrome/88.0.4324.182 Safari/537.36"
187.225.118.190 - - [20/Feb/2021:06:48:29 +0100] "GET /images/big_prod/1345544565813.jpg HTTP/1.0" 200 268 "http://www.wonder-geek.com/mickey-figure-collection-romano-britto-p-23114.html" "Mozilla/5.0 (Windows NT 6.3; Win64; x64) AppleWebKit/537.36 (KHTML, like Gecko) Chrome/88.0.4324.182 Safari/537.36"
187.225.118.190 - - [20/Feb/2021:06:48:29 +0100] "GET /templates/Pixame_v1/images/Bottom_texture.jpg HTTP/1.0" 200 280 "http://www.wonder-geek.com/templates/Pixame_v1/stylesheet.css" "Mozilla/5.0 (Windows NT 6.3; Win64; x64) AppleWebKit/537.36 (KHTML, like Gecko) Chrome/88.0.4324.182 Safari/537.36"
187.225.118.190 - - [20/Feb/2021:06:48:29 +0100] "GET /templates/Pixame_v1/images/Middle_texture.jpg HTTP/1.0" 200 280 "http://www.wonder-geek.com/templates/Pixame_v1/stylesheet.css" "Mozilla/5.0 (Windows NT 6.3; Win64; x64) AppleWebKit/537.36 (KHTML, like Gecko) Chrome/88.0.4324.182 Safari/537.36"
187.225.118.190 - - [20/Feb/2021:06:48:29 +0100] "GET /templates/Pixame_v1/images/nav.png HTTP/1.0" 200 268 "http://www.wonder-geek.com/templates/Pixame_v1/stylesheet.css" "Mozilla/5.0 (Windows NT 6.3; Win64; x64) AppleWebKit/537.36 (KHTML, like Gecko) Chrome/88.0.4324.182 Safari/537.36"
187.225.118.190 - - [20/Feb/2021:06:48:29 +0100] "GET /templates/Pixame_v1/images/header.png HTTP/1.0" 200 271 "http://www.wonder-geek.com/templates/Pixame_v1/stylesheet.css" "Mozilla/5.0 (Windows NT 6.3; Win64; x64) AppleWebKit/537.36 (KHTML, like Gecko) Chrome/88.0.4324.182 Safari/537.36"
187.225.118.190 - - [20/Feb/2021:06:48:29 +0100] "GET /templates/Pixame_v1/images/header-object.png HTTP/1.0" 200 278 "http://www.wonder-geek.com/templates/Pixame_v1/stylesheet.css" "Mozilla/5.0 (Windows NT 6.3; Win64; x64) AppleWebKit/537.36 (KHTML, like Gecko) Chrome/88.0.4324.182 Safari/537.36"
187.225.118.190 - - [20/Feb/2021:06:48:30 +0100] "GET /templates/Pixame_v1/images/infobox/infobox_footer_middle.gif HTTP/1.0" 200 357 "http://www.wonder-geek.com/" "Mozilla/5.0 (Windows NT 6.3; Win64; x64) AppleWebKit/537.36 (KHTML, like Gecko) Chrome/88.0.4324.182 Safari/537.36"
187.225.118.190 - - [20/Feb/2021:06:48:31 +0100] "GET /highslide/graphics/zoomin.cur HTTP/1.0" 200 614 "http://www.wonder-geek.com/templates/Pixame_v1/stylesheet.css" "Mozilla/5.0 (Windows NT 6.3; Win64; x64) AppleWebKit/537.36 (KHTML, like Gecko) Chrome/88.0.4324.182 Safari/537.36"
187.225.118.190 - - [20/Feb/2021:06:48:31 +0100] "GET /design/productsenstock.png HTTP/1.0" 200 260 "http://www.wonder-geek.com/templates/Pixame_v1/stylesheet.css" "Mozilla/5.0 (Windows NT 6.3; Win64; x64) AppleWebKit/537.36 (KHTML, like Gecko) Chrome/88.0.4324.182 Safari/537.36"
187.225.118.190 - - [20/Feb/2021:06:48:31 +0100] "GET /templates/Pixame_v1/images/buttons/english/button_in_cart.gif HTTP/1.0" 200 295 "http://www.wonder-geek.com/mickey-figure-collection-romano-britto-p-23114.html" "Mozilla/5.0 (Windows NT 6.3; Win64; x64) AppleWebKit/537.36 (KHTML, like Gecko) Chrome/88.0.4324.182 Safari/537.36"
187.225.118.190 - - [20/Feb/2021:06:48:31 +0100] "GET /highslide/graphics/outlines/drop-shadow.png HTTP/1.0" 200 277 "http://www.wonder-geek.com/mickey-figure-collection-romano-britto-p-23114.html" "Mozilla/5.0 (Windows NT 6.3; Win64; x64) AppleWebKit/537.36 (KHTML, like Gecko) Chrome/88.0.4324.182 Safari/537.36"
187.225.118.190 - - [20/Feb/2021:06:48:31 +0100] "GET /highslide/graphics/zoomout.cur HTTP/1.0" 200 614 "http://www.wonder-geek.com/mickey-figure-collection-romano-britto-p-23114.html" "Mozilla/5.0 (Windows NT 6.3; Win64; x64) AppleWebKit/537.36 (KHTML, like Gecko) Chrome/88.0.4324.182 Safari/537.36"
187.225.118.190 - - [20/Feb/2021:06:48:31 +0100] "GET /highslide/graphics/loader.white.gif HTTP/1.0" 200 960 "http://www.wonder-geek.com/templates/Pixame_v1/stylesheet.css" "Mozilla/5.0 (Windows NT 6.3; Win64; x64) AppleWebKit/537.36 (KHTML, like Gecko) Chrome/88.0.4324.182 Safari/537.36"
187.225.118.190 - - [20/Feb/2021:06:48:31 +0100] "GET /favicon.ico HTTP/1.0" 200 260 "http://www.wonder-geek.com/mickey-figure-collection-romano-britto-p-23114.html" "Mozilla/5.0 (Windows NT 6.3; Win64; x64) AppleWebKit/537.36 (KHTML, like Gecko) Chrome/88.0.4324.182 Safari/537.36"
13.66.139.88 - - [20/Feb/2021:06:48:43 +0100] "GET /decorative-white-cat-14-cm-p-47107.html HTTP/1.0" 301 72044 "-" "Mozilla/5.0 (compatible; bingbot/2.0; +http://www.bing.com/bingbot.htm)"
13.66.139.137 - - [20/Feb/2021:06:49:01 +0100] "GET /small-jar-candle-gingerbread-house-p-46030.html HTTP/1.0" 301 68946 "-" "Mozilla/5.0 (compatible; bingbot/2.0; +http://www.bing.com/bingbot.htm)"
13.66.139.137 - - [20/Feb/2021:06:49:03 +0100] "GET /marsupilami-bath-toys-p-7303.html HTTP/1.0" 301 68754 "-" "Mozilla/5.0 (compatible; bingbot/2.0; +http://www.bing.com/bingbot.htm)"
13.66.139.88 - - [20/Feb/2021:06:49:05 +0100] "GET /small-box-for-baby-teeth-pink-p-32837.html HTTP/1.0" 301 68898 "-" "Mozilla/5.0 (compatible; bingbot/2.0; +http://www.bing.com/bingbot.htm)"
185.191.171.9 - - [20/Feb/2021:06:49:14 +0100] "GET /gund-plush-chocolate-rabbit-wispers-25-cm-p-21364.html HTTP/1.0" 301 76395 "-" "Mozilla/5.0 (compatible; SemrushBot/7~bl; +http://www.semrush.com/bot.html)"
185.191.171.33 - - [20/Feb/2021:06:49:17 +0100] "GET /gund-plush-chocolate-rabbit-wispers-p-21364.html HTTP/1.0" 200 76293 "-" "Mozilla/5.0 (compatible; SemrushBot/7~bl; +http://www.semrush.com/bot.html)"
185.191.171.7 - - [20/Feb/2021:06:49:25 +0100] "GET /beatles-storage-p-5111.html HTTP/1.0" 200 71419 "-" "Mozilla/5.0 (compatible; SemrushBot/7~bl; +http://www.semrush.com/bot.html)"
185.191.171.45 - - [20/Feb/2021:06:49:29 +0100] "GET /jasmin-glass-coasters-p-37886.html?action=add_product HTTP/1.0" 302 476 "-" "Mozilla/5.0 (compatible; SemrushBot/7~bl; +http://www.semrush.com/bot.html)"
54.36.148.165 - - [20/Feb/2021:06:49:58 +0100] "GET /mini-led-flashlight-light-grey-avengers-p-35785.html HTTP/1.0" 301 71593 "-" "Mozilla/5.0 (compatible; AhrefsBot/7.0; +http://ahrefs.com/robot/)"
13.66.139.137 - - [20/Feb/2021:06:50:02 +0100] "GET /cat-peg-kitchen-supports-p-35670.html HTTP/1.0" 301 68847 "-" "Mozilla/5.0 (compatible; bingbot/2.0; +http://www.bing.com/bingbot.htm)"
185.191.171.13 - - [20/Feb/2021:06:50:04 +0100] "GET /protects-plastic-mattress-60-120-cm-p-39027.html HTTP/1.0" 301 71599 "-" "Mozilla/5.0 (compatible; SemrushBot/7~bl; +http://www.semrush.com/bot.html)"
13.66.139.88 - - [20/Feb/2021:06:50:06 +0100] "GET /bagshandbags-shoulder-bags-c-31_81.html HTTP/1.0" 200 95209 "-" "Mozilla/5.0 (compatible; bingbot/2.0; +http://www.bing.com/bingbot.htm)"
216.244.66.242 - - [20/Feb/2021:06:50:20 +0100] "GET /images/4007176434536.jpg HTTP/1.0" 200 259 "-" "Mozilla/5.0 (compatible; DotBot/1.1; http://www.opensiteexplorer.org/dotbot, help@moz.com)"
13.66.139.137 - - [20/Feb/2021:06:50:22 +0100] "GET /images/1399984241455.jpg HTTP/1.0" 200 259 "-" "Mozilla/5.0 (compatible; bingbot/2.0; +http://www.bing.com/bingbot.htm)"
13.66.139.137 - - [20/Feb/2021:06:50:22 +0100] "GET /french-riviera-small-bag-black-p-38722.html HTTP/1.0" 301 71800 "-" "Mozilla/5.0 (compatible; bingbot/2.0; +http://www.bing.com/bingbot.htm)"
185.191.171.26 - - [20/Feb/2021:06:50:25 +0100] "GET /amethyst-energy-care-stick-p-47219.html?action=add_product HTTP/1.0" 302 476 "-" "Mozilla/5.0 (compatible; SemrushBot/7~bl; +http://www.semrush.com/bot.html)"
157.55.39.246 - - [20/Feb/2021:06:50:28 +0100] "GET /js/jquery.js HTTP/1.0" 200 252 "-" "Mozilla/5.0 (compatible; bingbot/2.0; +http://www.bing.com/bingbot.htm)"
13.66.139.73 - - [20/Feb/2021:06:50:41 +0100] "GET /samsung-galaxy-note-little-green-hearts-phone-cover-cbkreation-p-17896.html HTTP/1.0" 200 69018 "-" "Mozilla/5.0 (compatible; bingbot/2.0; +http://www.bing.com/bingbot.htm)"
13.66.139.137 - - [20/Feb/2021:06:50:45 +0100] "GET /-p-22071.html HTTP/1.0" 200 68690 "-" "Mozilla/5.0 (compatible; bingbot/2.0; +http://www.bing.com/bingbot.htm)"
216.244.66.242 - - [20/Feb/2021:06:50:59 +0100] "GET /barbamama-melamine-mug-p-3413.html HTTP/1.0" 301 68868 "-" "Mozilla/5.0 (compatible; DotBot/1.1; http://www.opensiteexplorer.org/dotbot, help@moz.com)"
13.66.139.88 - - [20/Feb/2021:06:51:03 +0100] "GET /images/363981000158605072012.jpg HTTP/1.0" 200 267 "-" "Mozilla/5.0 (compatible; bingbot/2.0; +http://www.bing.com/bingbot.htm)"
13.66.139.88 - - [20/Feb/2021:06:51:03 +0100] "GET /my-favourite-friends-puppy-kids-school-backpack-p-36204.html HTTP/1.0" 301 68973 "-" "Mozilla/5.0 (compatible; bingbot/2.0; +http://www.bing.com/bingbot.htm)"
185.191.171.3 - - [20/Feb/2021:06:50:58 +0100] "GET /notebook-notebook-diary-c-129_185.html?page=1 HTTP/1.0" 200 90159 "-" "Mozilla/5.0 (compatible; SemrushBot/7~bl; +http://www.semrush.com/bot.html)"
216.244.66.242 - - [20/Feb/2021:06:51:25 +0100] "GET /cars-crayola-coloring-set-p-16611.html HTTP/1.0" 301 68886 "-" "Mozilla/5.0 (compatible; DotBot/1.1; http://www.opensiteexplorer.org/dotbot, help@moz.com)"
185.191.171.14 - - [20/Feb/2021:06:51:30 +0100] "GET /fitted-sheet-cotton-percale-threads-p-43833.html HTTP/1.0" 200 71662 "-" "Mozilla/5.0 (compatible; SemrushBot/7~bl; +http://www.semrush.com/bot.html)"
54.36.148.6 - - [20/Feb/2021:06:51:31 +0100] "GET /small-buddhist-monk-14-cm-blue-dress-p-46804.html HTTP/1.0" 301 72224 "-" "Mozilla/5.0 (compatible; AhrefsBot/7.0; +http://ahrefs.com/robot/)"
185.191.171.33 - - [20/Feb/2021:06:51:34 +0100] "GET /barbabelle-p-13335.html?action=add_product HTTP/1.0" 302 476 "-" "Mozilla/5.0 (compatible; SemrushBot/7~bl; +http://www.semrush.com/bot.html)"
185.191.171.17 - - [20/Feb/2021:06:51:36 +0100] "GET /marley-pencil-p-5064.html HTTP/1.0" 200 71373 "-" "Mozilla/5.0 (compatible; SemrushBot/7~bl; +http://www.semrush.com/bot.html)"
216.244.66.242 - - [20/Feb/2021:06:51:37 +0100] "GET /coca-cola-retro-deco-thermometer-p-27964.html HTTP/1.0" 200 68841 "-" "Mozilla/5.0 (compatible; DotBot/1.1; http://www.opensiteexplorer.org/dotbot, help@moz.com)"
216.244.66.242 - - [20/Feb/2021:06:51:46 +0100] "GET /snow-white-peel-and-stick-wall-decals-p-22539.html HTTP/1.0" 301 71687 "-" "Mozilla/5.0 (compatible; DotBot/1.1; http://www.opensiteexplorer.org/dotbot, help@moz.com)"
216.244.66.242 - - [20/Feb/2021:06:51:52 +0100] "GET /usa-by-cbkreation-training-bottle-p-24335.html HTTP/1.0" 301 71741 "-" "Mozilla/5.0 (compatible; DotBot/1.1; http://www.opensiteexplorer.org/dotbot, help@moz.com)"
13.66.139.137 - - [20/Feb/2021:06:52:02 +0100] "GET /-p-24449.html HTTP/1.0" 200 68690 "-" "Mozilla/5.0 (compatible; bingbot/2.0; +http://www.bing.com/bingbot.htm)"
13.66.139.88 - - [20/Feb/2021:06:52:07 +0100] "GET /small-tins-box-gorjuss-sugar-and-spice-p-48406.html HTTP/1.0" 301 72706 "-" "Mozilla/5.0 (compatible; bingbot/2.0; +http://www.bing.com/bingbot.htm)"
216.244.66.242 - - [20/Feb/2021:06:52:09 +0100] "GET /wax-melt-jasmine-daydream-p-37443.html HTTP/1.0" 301 72025 "-" "Mozilla/5.0 (compatible; DotBot/1.1; http://www.opensiteexplorer.org/dotbot, help@moz.com)"
185.191.171.16 - - [20/Feb/2021:06:52:11 +0100] "GET /wastebasket-c-129_184.html HTTP/1.0" 200 81592 "-" "Mozilla/5.0 (compatible; SemrushBot/7~bl; +http://www.semrush.com/bot.html)"
66.249.69.164 - - [20/Feb/2021:06:52:18 +0100] "GET /window-sticker-flower-of-life-gold-p-44278.html HTTP/1.0" 301 71510 "-" "Mozilla/5.0 (Linux; Android 6.0.1; Nexus 5X Build/MMB29P) AppleWebKit/537.36 (KHTML, like Gecko) Chrome/88.0.4324.153 Mobile Safari/537.36 (compatible; Googlebot/2.1; +http://www.google.com/bot.html)"
66.249.69.162 - - [20/Feb/2021:06:52:20 +0100] "GET /window-sticker-flower-life-gold-p-44278.html HTTP/1.0" 200 71412 "-" "Mozilla/5.0 (Linux; Android 6.0.1; Nexus 5X Build/MMB29P) AppleWebKit/537.36 (KHTML, like Gecko) Chrome/88.0.4324.153 Mobile Safari/537.36 (compatible; Googlebot/2.1; +http://www.google.com/bot.html)"
216.244.66.242 - - [20/Feb/2021:06:52:20 +0100] "GET /wax-melt-sweet-black-cherries-p-37444.html HTTP/1.0" 301 72056 "-" "Mozilla/5.0 (compatible; DotBot/1.1; http://www.opensiteexplorer.org/dotbot, help@moz.com)"
216.244.66.242 - - [20/Feb/2021:06:52:32 +0100] "GET /clocks-c-13_67.html?page=10 HTTP/1.0" 200 91966 "-" "Mozilla/5.0 (compatible; DotBot/1.1; http://www.opensiteexplorer.org/dotbot, help@moz.com)"
13.66.139.88 - - [20/Feb/2021:06:52:45 +0100] "GET /star-wars-tie-fighter-pilot-figure-p-34605.html HTTP/1.0" 301 68757 "-" "Mozilla/5.0 (compatible; bingbot/2.0; +http://www.bing.com/bingbot.htm)"
13.66.139.73 - - [20/Feb/2021:06:52:51 +0100] "GET /cats-by-dubout-figurine-cat-nap-p-33745.html HTTP/1.0" 301 71891 "-" "Mozilla/5.0 (compatible; bingbot/2.0; +http://www.bing.com/bingbot.htm)"
13.66.139.137 - - [20/Feb/2021:06:52:55 +0100] "GET /images/big_prod/3609810070974.jpg HTTP/1.0" 200 268 "-" "Mozilla/5.0 (compatible; bingbot/2.0; +http://www.bing.com/bingbot.htm)"
185.191.171.15 - - [20/Feb/2021:06:53:00 +0100] "GET /candle-made-france-hours-summer-night-p-43882.html?action=add_product HTTP/1.0" 302 476 "-" "Mozilla/5.0 (compatible; SemrushBot/7~bl; +http://www.semrush.com/bot.html)"
157.55.39.246 - - [20/Feb/2021:06:53:12 +0100] "GET /gund-mini-cow-sound-plush-p-32799.html HTTP/1.0" 301 68757 "-" "Mozilla/5.0 (compatible; bingbot/2.0; +http://www.bing.com/bingbot.htm)"
54.36.148.90 - - [20/Feb/2021:06:53:16 +0100] "GET /rectangular-kitchen-towel-in-cotton-apero-p-51353.html HTTP/1.0" 301 71599 "-" "Mozilla/5.0 (compatible; AhrefsBot/7.0; +http://ahrefs.com/robot/)"
185.191.171.43 - - [20/Feb/2021:06:53:40 +0100] "GET /aries-mousepad-cbkreation-p-43298.html?action=add_product HTTP/1.0" 302 476 "-" "Mozilla/5.0 (compatible; SemrushBot/7~bl; +http://www.semrush.com/bot.html)"
185.191.171.25 - - [20/Feb/2021:06:53:50 +0100] "GET /tassen-mood-made-germany-p-43329.html HTTP/1.0" 200 71658 "-" "Mozilla/5.0 (compatible; SemrushBot/7~bl; +http://www.semrush.com/bot.html)"
185.191.171.5 - - [20/Feb/2021:06:53:54 +0100] "GET /duvet-cover-cotton-percale-threads-p-43844.html HTTP/1.0" 200 71628 "-" "Mozilla/5.0 (compatible; SemrushBot/7~bl; +http://www.semrush.com/bot.html)"
13.66.139.73 - - [20/Feb/2021:06:54:11 +0100] "GET /images/big_prod/1300000023641.jpg HTTP/1.0" 200 268 "-" "Mozilla/5.0 (compatible; bingbot/2.0; +http://www.bing.com/bingbot.htm)"
66.249.69.162 - - [20/Feb/2021:06:54:13 +0100] "GET /litre-p-33908.html HTTP/1.0" 200 71296 "-" "Mozilla/5.0 (Linux; Android 6.0.1; Nexus 5X Build/MMB29P) AppleWebKit/537.36 (KHTML, like Gecko) Chrome/88.0.4324.153 Mobile Safari/537.36 (compatible; Googlebot/2.1; +http://www.google.com/bot.html)"
216.244.66.242 - - [20/Feb/2021:06:54:21 +0100] "GET /images/big_prod/3453131129695.jpg HTTP/1.0" 200 268 "-" "Mozilla/5.0 (compatible; DotBot/1.1; http://www.opensiteexplorer.org/dotbot, help@moz.com)"
185.191.171.25 - - [20/Feb/2021:06:54:09 +0100] "GET /collectible-figurines-decorative-c-13_135.html?page=23 HTTP/1.0" 200 94737 "-" "Mozilla/5.0 (compatible; SemrushBot/7~bl; +http://www.semrush.com/bot.html)"
185.191.171.4 - - [20/Feb/2021:06:54:34 +0100] "GET /tetsubin-teapot-japanese-liter-p-39973.html HTTP/1.0" 200 71607 "-" "Mozilla/5.0 (compatible; SemrushBot/7~bl; +http://www.semrush.com/bot.html)"
13.66.139.88 - - [20/Feb/2021:06:54:45 +0100] "GET /zodiac-black-women-tee-shirt-p-30811.html HTTP/1.0" 301 73415 "-" "Mozilla/5.0 (compatible; bingbot/2.0; +http://www.bing.com/bingbot.htm)"
17.58.101.142 - - [20/Feb/2021:06:54:50 +0100] "GET /retro-vintage-chocolat-shoulder-bag-p-18988.html HTTP/1.0" 301 68910 "-" "Mozilla/5.0 (Macintosh; Intel Mac OS X 10_15_5) AppleWebKit/605.1.15 (KHTML, like Gecko) Version/13.1.1 Safari/605.1.15 (Applebot/0.1; +http://www.apple.com/go/applebot)"
17.58.101.142 - - [20/Feb/2021:06:54:52 +0100] "GET /retro-vintage-chocolat-shoulder-p-18988.html HTTP/1.0" 200 68812 "-" "Mozilla/5.0 (Macintosh; Intel Mac OS X 10_15_5) AppleWebKit/605.1.15 (KHTML, like Gecko) Version/13.1.1 Safari/605.1.15 (Applebot/0.1; +http://www.apple.com/go/applebot)"
185.191.171.5 - - [20/Feb/2021:06:54:54 +0100] "GET /salamander-wall-decoration-p-40932.html HTTP/1.0" 200 71491 "-" "Mozilla/5.0 (compatible; SemrushBot/7~bl; +http://www.semrush.com/bot.html)"
54.36.148.90 - - [20/Feb/2021:06:54:56 +0100] "GET /large-jar-candle-70-hours-simply-mulberry-p-35343.html HTTP/1.0" 301 72749 "-" "Mozilla/5.0 (compatible; AhrefsBot/7.0; +http://ahrefs.com/robot/)"
185.191.171.41 - - [20/Feb/2021:06:55:02 +0100] "GET /paperweight-nautical-p-52928.html HTTP/1.0" 200 71322 "-" "Mozilla/5.0 (compatible; SemrushBot/7~bl; +http://www.semrush.com/bot.html)"
13.66.139.137 - - [20/Feb/2021:06:55:22 +0100] "GET /ceramic-salt-pot-with-spoon-dory-p-50650.html HTTP/1.0" 301 71476 "-" "Mozilla/5.0 (compatible; bingbot/2.0; +http://www.bing.com/bingbot.htm)"
216.244.66.242 - - [20/Feb/2021:06:55:31 +0100] "GET /charmmy-kitty-red-round-pencil-case-p-14521.html HTTP/1.0" 301 71822 "-" "Mozilla/5.0 (compatible; DotBot/1.1; http://www.opensiteexplorer.org/dotbot, help@moz.com)"
185.191.171.45 - - [20/Feb/2021:06:55:45 +0100] "GET /large-candle-hours-christmas-cupcake-p-33007.html?action=add_product HTTP/1.0" 302 476 "-" "Mozilla/5.0 (compatible; SemrushBot/7~bl; +http://www.semrush.com/bot.html)"
13.66.139.88 - - [20/Feb/2021:06:55:54 +0100] "GET /images/5610401603967.jpg HTTP/1.0" 200 259 "-" "Mozilla/5.0 (compatible; bingbot/2.0; +http://www.bing.com/bingbot.htm)"
185.191.171.44 - - [20/Feb/2021:06:55:55 +0100] "GET /cotton-bath-grey-p-45255.html HTTP/1.0" 200 72060 "-" "Mozilla/5.0 (compatible; SemrushBot/7~bl; +http://www.semrush.com/bot.html)"
157.55.39.159 - - [20/Feb/2021:06:55:59 +0100] "GET /-p-21608.html HTTP/1.0" 200 68690 "-" "Mozilla/5.0 (compatible; bingbot/2.0; +http://www.bing.com/bingbot.htm)"
157.55.39.159 - - [20/Feb/2021:06:56:01 +0100] "GET /home-and-decoration/magnets/route-logo-metal-magnet-p-8188.html HTTP/1.0" 301 71410 "-" "Mozilla/5.0 (compatible; bingbot/2.0; +http://www.bing.com/bingbot.htm)"
13.66.139.137 - - [20/Feb/2021:06:56:04 +0100] "GET /-p-13890.html HTTP/1.0" 200 68690 "-" "Mozilla/5.0 (compatible; bingbot/2.0; +http://www.bing.com/bingbot.htm)"
13.66.139.137 - - [20/Feb/2021:06:56:05 +0100] "GET /-p-34031.html HTTP/1.0" 200 68690 "-" "Mozilla/5.0 (compatible; bingbot/2.0; +http://www.bing.com/bingbot.htm)"
13.66.139.88 - - [20/Feb/2021:06:56:09 +0100] "GET /owl-kitchen-towel-p-38813.html HTTP/1.0" 301 71349 "-" "Mozilla/5.0 (compatible; bingbot/2.0; +http://www.bing.com/bingbot.htm)"
157.55.39.246 - - [20/Feb/2021:06:56:18 +0100] "GET /highslide/graphics/zoomout.cur HTTP/1.0" 200 614 "-" "Mozilla/5.0 (compatible; bingbot/2.0; +http://www.bing.com/bingbot.htm)"
13.66.139.88 - - [20/Feb/2021:06:56:26 +0100] "GET /new-york-gotham-cushion-p-28722.html HTTP/1.0" 301 71561 "-" "Mozilla/5.0 (compatible; bingbot/2.0; +http://www.bing.com/bingbot.htm)"
54.36.148.90 - - [20/Feb/2021:06:56:40 +0100] "GET /fitted-sheet-light-grey-140-200-cm-p-43579.html HTTP/1.0" 301 71489 "-" "Mozilla/5.0 (compatible; AhrefsBot/7.0; +http://ahrefs.com/robot/)"
185.191.171.23 - - [20/Feb/2021:06:56:41 +0100] "GET /quote-wine-wooden-frame-p-43069.html HTTP/1.0" 200 71414 "-" "Mozilla/5.0 (compatible; SemrushBot/7~bl; +http://www.semrush.com/bot.html)"
185.191.171.23 - - [20/Feb/2021:06:56:45 +0100] "GET /ford-service-since-1903-metal-plate-deco-405-215-cm-p-44854.html HTTP/1.0" 301 71721 "-" "Mozilla/5.0 (compatible; SemrushBot/7~bl; +http://www.semrush.com/bot.html)"
185.191.171.6 - - [20/Feb/2021:06:56:49 +0100] "GET /ford-service-since-1903-metal-plate-deco-p-44854.html HTTP/1.0" 200 71614 "-" "Mozilla/5.0 (compatible; SemrushBot/7~bl; +http://www.semrush.com/bot.html)"
13.66.139.137 - - [20/Feb/2021:06:57:03 +0100] "GET /horses-dreams-dotted-notebook-and-ballpoint-pen-p-21480.html HTTP/1.0" 301 71641 "-" "Mozilla/5.0 (compatible; bingbot/2.0; +http://www.bing.com/bingbot.htm)"
216.244.66.242 - - [20/Feb/2021:06:57:06 +0100] "GET /cat-door-mat-coconut-fiber-p-48673.html HTTP/1.0" 301 71590 "-" "Mozilla/5.0 (compatible; DotBot/1.1; http://www.opensiteexplorer.org/dotbot, help@moz.com)"
13.66.139.73 - - [20/Feb/2021:06:57:11 +0100] "GET /nitro-xl-pencil-case-red-p-35703.html HTTP/1.0" 301 68850 "-" "Mozilla/5.0 (compatible; bingbot/2.0; +http://www.bing.com/bingbot.htm)"
13.66.139.137 - - [20/Feb/2021:06:57:22 +0100] "GET /resin-skull-ashtray-p-30011.html HTTP/1.0" 200 71271 "-" "Mozilla/5.0 (compatible; bingbot/2.0; +http://www.bing.com/bingbot.htm)"
13.66.139.137 - - [20/Feb/2021:06:57:24 +0100] "GET /-p-31861.html HTTP/1.0" 200 68690 "-" "Mozilla/5.0 (compatible; bingbot/2.0; +http://www.bing.com/bingbot.htm)"
216.244.66.242 - - [20/Feb/2021:06:57:36 +0100] "GET /alarm-clock-dubout-cats-les-curieuses-p-38712.html HTTP/1.0" 301 71686 "-" "Mozilla/5.0 (compatible; DotBot/1.1; http://www.opensiteexplorer.org/dotbot, help@moz.com)"
185.191.171.40 - - [20/Feb/2021:06:57:36 +0100] "GET /gorjuss-toadstools-and-ruby-glasses-box-p-34719.html HTTP/1.0" 301 68918 "-" "Mozilla/5.0 (compatible; SemrushBot/7~bl; +http://www.semrush.com/bot.html)"
185.191.171.18 - - [20/Feb/2021:06:57:40 +0100] "GET /gorjuss-toadstools-ruby-glasses-p-34719.html HTTP/1.0" 200 68820 "-" "Mozilla/5.0 (compatible; SemrushBot/7~bl; +http://www.semrush.com/bot.html)"
185.191.171.21 - - [20/Feb/2021:06:57:43 +0100] "GET /headrest-cushion-p-53493.html HTTP/1.0" 200 71339 "-" "Mozilla/5.0 (compatible; SemrushBot/7~bl; +http://www.semrush.com/bot.html)"
185.191.171.34 - - [20/Feb/2021:06:57:49 +0100] "GET /dragon-ball-black-hoodies-p-29562.html HTTP/1.0" 200 71814 "-" "Mozilla/5.0 (compatible; SemrushBot/7~bl; +http://www.semrush.com/bot.html)"
185.191.171.41 - - [20/Feb/2021:06:58:03 +0100] "GET /piece-bathroom-p-52497.html?action=add_product HTTP/1.0" 302 476 "-" "Mozilla/5.0 (compatible; SemrushBot/7~bl; +http://www.semrush.com/bot.html)"
216.244.66.242 - - [20/Feb/2021:06:58:06 +0100] "GET /gorjuss-coaster-the-white-rabbit-p-47740.html HTTP/1.0" 301 71620 "-" "Mozilla/5.0 (compatible; DotBot/1.1; http://www.opensiteexplorer.org/dotbot, help@moz.com)"
185.191.171.34 - - [20/Feb/2021:06:58:07 +0100] "GET /love-paris-p-39709.html HTTP/1.0" 200 71273 "-" "Mozilla/5.0 (compatible; SemrushBot/7~bl; +http://www.semrush.com/bot.html)"
54.36.148.13 - - [20/Feb/2021:06:58:13 +0100] "GET /looney-toons-stationery-holder-p-6401.html HTTP/1.0" 200 71427 "-" "Mozilla/5.0 (compatible; AhrefsBot/7.0; +http://ahrefs.com/robot/)"
185.191.171.10 - - [20/Feb/2021:06:58:16 +0100] "GET /jasmin-workbook-p-40862.html?action=add_product HTTP/1.0" 302 476 "-" "Mozilla/5.0 (compatible; SemrushBot/7~bl; +http://www.semrush.com/bot.html)"
13.66.139.137 - - [20/Feb/2021:06:58:22 +0100] "GET /images/big_prod/3503420200755.jpg HTTP/1.0" 200 268 "-" "Mozilla/5.0 (compatible; bingbot/2.0; +http://www.bing.com/bingbot.htm)"
216.244.66.242 - - [20/Feb/2021:06:58:33 +0100] "GET /spongebob-names-shirt-p-29557.html HTTP/1.0" 200 72730 "-" "Mozilla/5.0 (compatible; DotBot/1.1; http://www.opensiteexplorer.org/dotbot, help@moz.com)"
51.68.224.127 - - [20/Feb/2021:06:58:35 +0100] "GET /adminweb/export_orders_xml.php?token=256de2z6edz6ed2z6DFSFsed2zed6zeDSFDSGdzedezfzf&maxorders=10&orderstart=1&status=14&start_date=2018-10-01 HTTP/1.0" 200 285 "-" "GesCom CharlotteBoutik Serveur"
51.68.224.127 - - [20/Feb/2021:06:58:36 +0100] "GET /adminweb/export_orders_xml.php?token=256de2z6edz6ed2z6DFSFsed2zed6zeDSFDSGdzedezfzf&maxorders=10&orderstart=1&status=6&start_date=2018-10-01 HTTP/1.0" 200 29990 "-" "GesCom CharlotteBoutik Serveur"
185.191.171.9 - - [20/Feb/2021:06:58:45 +0100] "GET /kimmidoll-kazumi-canvas-wallet-p-31938.html HTTP/1.0" 200 72108 "-" "Mozilla/5.0 (compatible; SemrushBot/7~bl; +http://www.semrush.com/bot.html)"
216.244.66.242 - - [20/Feb/2021:06:59:00 +0100] "GET /spongebob-shirt-p-29556.html HTTP/1.0" 200 72413 "-" "Mozilla/5.0 (compatible; DotBot/1.1; http://www.opensiteexplorer.org/dotbot, help@moz.com)"
157.55.39.69 - - [20/Feb/2021:06:59:03 +0100] "GET /geishas-mouse-pad-by-cbkreation-p-23469.html HTTP/1.0" 301 71432 "-" "Mozilla/5.0 (compatible; bingbot/2.0; +http://www.bing.com/bingbot.htm)"
13.66.139.88 - - [20/Feb/2021:06:59:07 +0100] "GET /tinkerbell-fairy-figurine-periwinkle-p-19377.html HTTP/1.0" 200 68861 "-" "Mozilla/5.0 (compatible; bingbot/2.0; +http://www.bing.com/bingbot.htm)"
13.66.139.137 - - [20/Feb/2021:06:59:13 +0100] "GET /wunzees-doll-65-cm-series-polly-the-panda-p-45113.html HTTP/1.0" 301 72277 "-" "Mozilla/5.0 (compatible; bingbot/2.0; +http://www.bing.com/bingbot.htm)"
13.66.139.137 - - [20/Feb/2021:06:59:15 +0100] "GET /paris-notebook-p-29054.html HTTP/1.0" 200 71394 "-" "Mozilla/5.0 (compatible; bingbot/2.0; +http://www.bing.com/bingbot.htm)"
13.66.139.73 - - [20/Feb/2021:06:59:20 +0100] "GET /images/big_prod/3014627949489.jpg HTTP/1.0" 200 268 "-" "Mozilla/5.0 (compatible; bingbot/2.0; +http://www.bing.com/bingbot.htm)"
13.66.139.73 - - [20/Feb/2021:06:59:21 +0100] "GET /images/big_prod/3453131097758.jpg HTTP/1.0" 200 268 "-" "Mozilla/5.0 (compatible; bingbot/2.0; +http://www.bing.com/bingbot.htm)"
216.244.66.242 - - [20/Feb/2021:06:59:26 +0100] "GET /burger-ceramic-ashtray-p-42866.html HTTP/1.0" 200 71316 "-" "Mozilla/5.0 (compatible; DotBot/1.1; http://www.opensiteexplorer.org/dotbot, help@moz.com)"
185.191.171.45 - - [20/Feb/2021:06:59:34 +0100] "GET /decorative-wooden-plate-made-luberon-p-52890.html HTTP/1.0" 200 71733 "-" "Mozilla/5.0 (compatible; SemrushBot/7~bl; +http://www.semrush.com/bot.html)"
13.66.139.88 - - [20/Feb/2021:06:59:36 +0100] "GET /images/big_prod/1384000000048BB.jpg HTTP/1.0" 200 270 "-" "Mozilla/5.0 (compatible; bingbot/2.0; +http://www.bing.com/bingbot.htm)"
13.66.139.137 - - [20/Feb/2021:06:59:42 +0100] "GET /paris-chalut-de-paris-mug-p-30708.html HTTP/1.0" 301 68757 "-" "Mozilla/5.0 (compatible; bingbot/2.0; +http://www.bing.com/bingbot.htm)"
13.66.139.137 - - [20/Feb/2021:06:59:44 +0100] "GET /happy-colors-kitchen-scale-p-24656.html HTTP/1.0" 200 71580 "-" "Mozilla/5.0 (compatible; bingbot/2.0; +http://www.bing.com/bingbot.htm)"
13.66.139.88 - - [20/Feb/2021:06:59:47 +0100] "GET /-p-25951.html HTTP/1.0" 200 68690 "-" "Mozilla/5.0 (compatible; bingbot/2.0; +http://www.bing.com/bingbot.htm)"
13.66.139.88 - - [20/Feb/2021:06:59:50 +0100] "GET /-p-22487.html HTTP/1.0" 200 68690 "-" "Mozilla/5.0 (compatible; bingbot/2.0; +http://www.bing.com/bingbot.htm)"
216.244.66.242 - - [20/Feb/2021:06:59:51 +0100] "GET /-p-36180.html HTTP/1.0" 200 68690 "-" "Mozilla/5.0 (compatible; DotBot/1.1; http://www.opensiteexplorer.org/dotbot, help@moz.com)"
54.36.148.90 - - [20/Feb/2021:06:59:55 +0100] "GET /miss-bad-wallet-p-2683.html HTTP/1.0" 301 71611 "-" "Mozilla/5.0 (compatible; AhrefsBot/7.0; +http://ahrefs.com/robot/)"
66.249.69.166 - - [20/Feb/2021:06:59:47 +0100] "GET /cushion-headboard-c-11_173.html HTTP/1.0" 200 87932 "-" "Mozilla/5.0 (Linux; Android 6.0.1; Nexus 5X Build/MMB29P) AppleWebKit/537.36 (KHTML, like Gecko) Chrome/88.0.4324.188 Mobile Safari/537.36 (compatible; Googlebot/2.1; +http://www.google.com/bot.html)"
13.66.139.137 - - [20/Feb/2021:07:00:03 +0100] "GET /barbapapa-manga-metal-magnet-p-8801.html HTTP/1.0" 200 71479 "-" "Mozilla/5.0 (compatible; bingbot/2.0; +http://www.bing.com/bingbot.htm)"
13.66.139.73 - - [20/Feb/2021:07:00:12 +0100] "GET /images/big_prod/8435333820513.jpg HTTP/1.0" 200 268 "-" "Mozilla/5.0 (compatible; bingbot/2.0; +http://www.bing.com/bingbot.htm)"
185.191.171.41 - - [20/Feb/2021:07:00:12 +0100] "GET /zodiac-black-women-shirt-p-30811.html?action=add_product HTTP/1.0" 302 476 "-" "Mozilla/5.0 (compatible; SemrushBot/7~bl; +http://www.semrush.com/bot.html)"
216.244.66.242 - - [20/Feb/2021:07:00:14 +0100] "GET /cats-by-dubout-figurine-siesta-p-33345.html HTTP/1.0" 301 71896 "-" "Mozilla/5.0 (compatible; DotBot/1.1; http://www.opensiteexplorer.org/dotbot, help@moz.com)"
185.191.171.45 - - [20/Feb/2021:07:00:19 +0100] "GET /home-decoration-c-13.html?page=32 HTTP/1.0" 200 89860 "-" "Mozilla/5.0 (compatible; SemrushBot/7~bl; +http://www.semrush.com/bot.html)"
13.66.139.88 - - [20/Feb/2021:07:00:28 +0100] "GET /spiderman-marvel-super-hero-mashers-articulate-figure-p-29855.html HTTP/1.0" 200 68946 "-" "Mozilla/5.0 (compatible; bingbot/2.0; +http://www.bing.com/bingbot.htm)"
216.244.66.242 - - [20/Feb/2021:07:00:40 +0100] "GET /panda-women-black-tee-shirt-p-31235.html HTTP/1.0" 301 73430 "-" "Mozilla/5.0 (compatible; DotBot/1.1; http://www.opensiteexplorer.org/dotbot, help@moz.com)"
185.191.171.41 - - [20/Feb/2021:07:00:42 +0100] "GET /boho-canvas-frame-wolf-p-43087.html HTTP/1.0" 200 71458 "-" "Mozilla/5.0 (compatible; SemrushBot/7~bl; +http://www.semrush.com/bot.html)"
185.191.171.42 - - [20/Feb/2021:07:00:50 +0100] "GET /large-clock-world-p-51513.html HTTP/1.0" 200 71962 "-" "Mozilla/5.0 (compatible; SemrushBot/7~bl; +http://www.semrush.com/bot.html)"
185.191.171.41 - - [20/Feb/2021:07:00:54 +0100] "GET /britto-flying-heart-folding-umbrella-p-38856.html HTTP/1.0" 200 68824 "-" "Mozilla/5.0 (compatible; SemrushBot/7~bl; +http://www.semrush.com/bot.html)"
216.244.66.242 - - [20/Feb/2021:07:01:03 +0100] "GET /teo-jasmin-black-note-book-160-pages-p-30137.html HTTP/1.0" 301 71595 "-" "Mozilla/5.0 (compatible; DotBot/1.1; http://www.opensiteexplorer.org/dotbot, help@moz.com)"
185.191.171.10 - - [20/Feb/2021:07:01:11 +0100] "GET /kimmi-junior-sunshine-coin-purse-p-8738.html HTTP/1.0" 200 71557 "-" "Mozilla/5.0 (compatible; SemrushBot/7~bl; +http://www.semrush.com/bot.html)"
157.55.39.99 - - [20/Feb/2021:07:01:25 +0100] "GET /hello-kitty-giant-whiteboard-wall-stickers-p-3806.html HTTP/1.0" 200 71502 "-" "Mozilla/5.0 (compatible; bingbot/2.0; +http://www.bing.com/bingbot.htm)"
216.244.66.242 - - [20/Feb/2021:07:01:25 +0100] "GET /wooden-bedhead-wall-sticker-p-49984.html HTTP/1.0" 200 72117 "-" "Mozilla/5.0 (compatible; DotBot/1.1; http://www.opensiteexplorer.org/dotbot, help@moz.com)"
54.36.148.29 - - [20/Feb/2021:07:01:36 +0100] "GET /cotton-floor-cushion-chypre-45-cm-p-51504.html HTTP/1.0" 301 72324 "-" "Mozilla/5.0 (compatible; AhrefsBot/7.0; +http://ahrefs.com/robot/)"
216.244.66.242 - - [20/Feb/2021:07:01:46 +0100] "GET /hello-kitty-by-camomilla-fushia-hang-bag-p-18130.html HTTP/1.0" 301 68926 "-" "Mozilla/5.0 (compatible; DotBot/1.1; http://www.opensiteexplorer.org/dotbot, help@moz.com)"
13.66.139.137 - - [20/Feb/2021:07:01:43 +0100] "GET /mugs-and-mazagrans-c-12_57.html?page=4 HTTP/1.0" 301 94685 "-" "Mozilla/5.0 (compatible; bingbot/2.0; +http://www.bing.com/bingbot.htm)"
185.191.171.23 - - [20/Feb/2021:07:01:54 +0100] "GET /forest-friends-glasses-case-fennec-p-51864.html HTTP/1.0" 200 72827 "-" "Mozilla/5.0 (compatible; SemrushBot/7~bl; +http://www.semrush.com/bot.html)"
13.66.139.88 - - [20/Feb/2021:07:01:58 +0100] "GET /ethnic-tray-in-wood-34-cm-p-48565.html HTTP/1.0" 301 71487 "-" "Mozilla/5.0 (compatible; bingbot/2.0; +http://www.bing.com/bingbot.htm)"
216.244.66.242 - - [20/Feb/2021:07:02:04 +0100] "GET /thunderbird-riviera-rectangular-canvas-frame-p-19029.html HTTP/1.0" 200 68856 "-" "Mozilla/5.0 (compatible; DotBot/1.1; http://www.opensiteexplorer.org/dotbot, help@moz.com)"
66.249.69.162 - - [20/Feb/2021:07:02:09 +0100] "GET /charmmy-kitty-red-snack-bag-p-14538.html HTTP/1.0" 301 72380 "-" "Mozilla/5.0 (Linux; Android 6.0.1; Nexus 5X Build/MMB29P) AppleWebKit/537.36 (KHTML, like Gecko) Chrome/88.0.4324.153 Mobile Safari/537.36 (compatible; Googlebot/2.1; +http://www.google.com/bot.html)"
66.249.69.166 - - [20/Feb/2021:07:02:11 +0100] "GET /charmmy-kitty-snack-p-14538.html HTTP/1.0" 200 72294 "-" "Mozilla/5.0 (Linux; Android 6.0.1; Nexus 5X Build/MMB29P) AppleWebKit/537.36 (KHTML, like Gecko) Chrome/88.0.4324.153 Mobile Safari/537.36 (compatible; Googlebot/2.1; +http://www.google.com/bot.html)"
185.191.171.36 - - [20/Feb/2021:07:02:12 +0100] "GET /galileo-thermometer-indoors-p-51226.html HTTP/1.0" 200 71450 "-" "Mozilla/5.0 (compatible; SemrushBot/7~bl; +http://www.semrush.com/bot.html)"
54.36.148.247 - - [20/Feb/2021:07:03:00 +0100] "GET /hook-wooden-surf-paddle-hooks-78-13-cm-p-47501.html HTTP/1.0" 301 71597 "-" "Mozilla/5.0 (compatible; AhrefsBot/7.0; +http://ahrefs.com/robot/)"
13.66.139.137 - - [20/Feb/2021:07:03:04 +0100] "GET /mobile-phone-cigarette-case-p-19073.html HTTP/1.0" 200 68816 "-" "Mozilla/5.0 (compatible; bingbot/2.0; +http://www.bing.com/bingbot.htm)"
185.191.171.43 - - [20/Feb/2021:07:03:16 +0100] "GET /tour-france-adult-apron-p-51197.html?action=add_product HTTP/1.0" 302 476 "-" "Mozilla/5.0 (compatible; SemrushBot/7~bl; +http://www.semrush.com/bot.html)"
66.249.69.166 - - [20/Feb/2021:07:03:41 +0100] "GET /gogh-coffee-p-48226.html HTTP/1.0" 200 71987 "-" "Mozilla/5.0 (Linux; Android 6.0.1; Nexus 5X Build/MMB29P) AppleWebKit/537.36 (KHTML, like Gecko) Chrome/88.0.4324.153 Mobile Safari/537.36 (compatible; Googlebot/2.1; +http://www.google.com/bot.html)"
13.66.139.137 - - [20/Feb/2021:07:03:43 +0100] "GET /grey-soliflore-birds-p-36487.html HTTP/1.0" 200 71363 "-" "Mozilla/5.0 (compatible; bingbot/2.0; +http://www.bing.com/bingbot.htm)"
13.66.139.137 - - [20/Feb/2021:07:03:47 +0100] "GET /images/big_prod/3503420082498.jpg HTTP/1.0" 200 268 "-" "Mozilla/5.0 (compatible; bingbot/2.0; +http://www.bing.com/bingbot.htm)"
157.55.39.32 - - [20/Feb/2021:07:03:59 +0100] "GET /robots.txt HTTP/1.0" 200 245 "-" "Mozilla/5.0 (compatible; bingbot/2.0; +http://www.bing.com/bingbot.htm)"
148.251.8.250 - - [20/Feb/2021:07:04:00 +0100] "GET /robots.txt HTTP/1.0" 200 245 "-" "Mozilla/5.0 (compatible; MJ12bot/v1.4.8; http://mj12bot.com/)"
13.66.139.137 - - [20/Feb/2021:07:04:04 +0100] "GET /pucca-mobile-sock-p-24398.html HTTP/1.0" 200 71173 "-" "Mozilla/5.0 (compatible; bingbot/2.0; +http://www.bing.com/bingbot.htm)"
148.251.8.250 - - [20/Feb/2021:07:04:05 +0100] "GET /-p-16253.html HTTP/1.0" 200 68690 "-" "Mozilla/5.0 (compatible; MJ12bot/v1.4.8; http://mj12bot.com/)"
148.251.8.250 - - [20/Feb/2021:07:04:10 +0100] "GET /-p-16258.html HTTP/1.0" 200 68690 "-" "Mozilla/5.0 (compatible; MJ12bot/v1.4.8; http://mj12bot.com/)"
148.251.8.250 - - [20/Feb/2021:07:04:15 +0100] "GET /-p-16259.html HTTP/1.0" 200 68690 "-" "Mozilla/5.0 (compatible; MJ12bot/v1.4.8; http://mj12bot.com/)"
13.66.139.88 - - [20/Feb/2021:07:04:17 +0100] "GET /images/med_prod/4029811278442.jpg HTTP/1.0" 200 268 "-" "Mozilla/5.0 (compatible; bingbot/2.0; +http://www.bing.com/bingbot.htm)"
185.191.171.36 - - [20/Feb/2021:07:04:18 +0100] "GET /japan-mouse-cbkreation-p-28460.html?action=add_product HTTP/1.0" 302 476 "-" "Mozilla/5.0 (compatible; SemrushBot/7~bl; +http://www.semrush.com/bot.html)"
185.191.171.36 - - [20/Feb/2021:07:04:20 +0100] "GET /art-hearts-moon-and-stars-p-39364.html HTTP/1.0" 301 68757 "-" "Mozilla/5.0 (compatible; SemrushBot/7~bl; +http://www.semrush.com/bot.html)"
148.251.8.250 - - [20/Feb/2021:07:04:21 +0100] "GET /-p-16260.html HTTP/1.0" 200 68690 "-" "Mozilla/5.0 (compatible; MJ12bot/v1.4.8; http://mj12bot.com/)"
17.58.101.142 - - [20/Feb/2021:07:04:20 +0100] "GET /led-princess-swan-with-crown-nightlight-p-53137.html HTTP/1.0" 301 73105 "-" "Mozilla/5.0 (Macintosh; Intel Mac OS X 10_15_5) AppleWebKit/605.1.15 (KHTML, like Gecko) Version/13.1.1 Safari/605.1.15 (Applebot/0.1; +http://www.apple.com/go/applebot)"
185.191.171.6 - - [20/Feb/2021:07:04:22 +0100] "GET /-p-39364.html HTTP/1.0" 200 68690 "-" "Mozilla/5.0 (compatible; SemrushBot/7~bl; +http://www.semrush.com/bot.html)"
17.58.101.142 - - [20/Feb/2021:07:04:23 +0100] "GET /princess-swan-with-crown-nightlight-p-53137.html HTTP/1.0" 200 73003 "-" "Mozilla/5.0 (Macintosh; Intel Mac OS X 10_15_5) AppleWebKit/605.1.15 (KHTML, like Gecko) Version/13.1.1 Safari/605.1.15 (Applebot/0.1; +http://www.apple.com/go/applebot)"
148.251.8.250 - - [20/Feb/2021:07:04:26 +0100] "GET /-p-16262.html HTTP/1.0" 200 68690 "-" "Mozilla/5.0 (compatible; MJ12bot/v1.4.8; http://mj12bot.com/)"
185.191.171.18 - - [20/Feb/2021:07:04:28 +0100] "GET /with-infuser-filter-monkey-p-51558.html?action=add_product HTTP/1.0" 302 476 "-" "Mozilla/5.0 (compatible; SemrushBot/7~bl; +http://www.semrush.com/bot.html)"
54.36.148.90 - - [20/Feb/2021:07:04:31 +0100] "GET /la-vie-est-un-voyage-stickers-20-70-cm-p-39329.html HTTP/1.0" 301 71557 "-" "Mozilla/5.0 (compatible; AhrefsBot/7.0; +http://ahrefs.com/robot/)"
148.251.8.250 - - [20/Feb/2021:07:04:31 +0100] "GET /-p-16263.html HTTP/1.0" 200 68690 "-" "Mozilla/5.0 (compatible; MJ12bot/v1.4.8; http://mj12bot.com/)"
148.251.8.250 - - [20/Feb/2021:07:04:37 +0100] "GET /-p-16266.html HTTP/1.0" 200 68690 "-" "Mozilla/5.0 (compatible; MJ12bot/v1.4.8; http://mj12bot.com/)"
13.66.139.88 - - [20/Feb/2021:07:04:40 +0100] "GET /mini-magnetic-plate-retro-eat-drink-be-merry-p-34409.html HTTP/1.0" 301 68994 "-" "Mozilla/5.0 (compatible; bingbot/2.0; +http://www.bing.com/bingbot.htm)"
148.251.8.250 - - [20/Feb/2021:07:04:41 +0100] "GET /-p-16267.html HTTP/1.0" 200 68690 "-" "Mozilla/5.0 (compatible; MJ12bot/v1.4.8; http://mj12bot.com/)"
13.66.139.137 - - [20/Feb/2021:07:04:44 +0100] "GET /trudi-perla-lamb-soft-toy-20-cm-p-16221.html HTTP/1.0" 301 71303 "-" "Mozilla/5.0 (compatible; bingbot/2.0; +http://www.bing.com/bingbot.htm)"
148.251.8.250 - - [20/Feb/2021:07:04:46 +0100] "GET /-p-16268.html HTTP/1.0" 200 68690 "-" "Mozilla/5.0 (compatible; MJ12bot/v1.4.8; http://mj12bot.com/)"
185.191.171.23 - - [20/Feb/2021:07:04:51 +0100] "GET /bistrot-wine-tray-p-45734.html?action=add_product HTTP/1.0" 302 476 "-" "Mozilla/5.0 (compatible; SemrushBot/7~bl; +http://www.semrush.com/bot.html)"
148.251.8.250 - - [20/Feb/2021:07:04:52 +0100] "GET /-p-16269.html HTTP/1.0" 200 68690 "-" "Mozilla/5.0 (compatible; MJ12bot/v1.4.8; http://mj12bot.com/)"
13.66.139.73 - - [20/Feb/2021:07:04:52 +0100] "GET /buddha-lamp-45-cm-in-fiberglass-p-52294.html HTTP/1.0" 301 72571 "-" "Mozilla/5.0 (compatible; bingbot/2.0; +http://www.bing.com/bingbot.htm)"
13.66.139.73 - - [20/Feb/2021:07:04:54 +0100] "GET /industrial-pouf-storage-box-large-size-36-cm-only-p-48579.html HTTP/1.0" 301 72400 "-" "Mozilla/5.0 (compatible; bingbot/2.0; +http://www.bing.com/bingbot.htm)"
148.251.8.250 - - [20/Feb/2021:07:04:56 +0100] "GET /-p-16270.html HTTP/1.0" 200 68690 "-" "Mozilla/5.0 (compatible; MJ12bot/v1.4.8; http://mj12bot.com/)"
148.251.8.250 - - [20/Feb/2021:07:05:01 +0100] "GET /-p-16272.html HTTP/1.0" 200 68690 "-" "Mozilla/5.0 (compatible; MJ12bot/v1.4.8; http://mj12bot.com/)"
148.251.8.250 - - [20/Feb/2021:07:05:06 +0100] "GET /-p-16274.html HTTP/1.0" 200 68690 "-" "Mozilla/5.0 (compatible; MJ12bot/v1.4.8; http://mj12bot.com/)"
13.66.139.88 - - [20/Feb/2021:07:05:08 +0100] "GET /images/mini_prod/3453131148238.jpg HTTP/1.0" 200 269 "-" "Mozilla/5.0 (compatible; bingbot/2.0; +http://www.bing.com/bingbot.htm)"
66.249.69.164 - - [20/Feb/2021:07:05:10 +0100] "GET /images/mini_prod/9316188079440.jpg HTTP/1.0" 200 269 "-" "Googlebot-Image/1.0"
148.251.8.250 - - [20/Feb/2021:07:05:10 +0100] "GET /-p-16275.html HTTP/1.0" 200 68690 "-" "Mozilla/5.0 (compatible; MJ12bot/v1.4.8; http://mj12bot.com/)"
148.251.8.250 - - [20/Feb/2021:07:05:18 +0100] "GET /-p-16276.html HTTP/1.0" 200 68690 "-" "Mozilla/5.0 (compatible; MJ12bot/v1.4.8; http://mj12bot.com/)"
13.66.139.73 - - [20/Feb/2021:07:05:21 +0100] "GET /images/big_prod/1399984239285BEYBLADE.jpg HTTP/1.0" 200 276 "-" "Mozilla/5.0 (compatible; bingbot/2.0; +http://www.bing.com/bingbot.htm)"
77.75.76.164 - - [20/Feb/2021:07:05:22 +0100] "GET /robots.txt HTTP/1.0" 200 245 "-" "Mozilla/5.0 (compatible; SeznamBot/3.2; +http://napoveda.seznam.cz/en/seznambot-intro/)"
148.251.8.250 - - [20/Feb/2021:07:05:22 +0100] "GET /-p-16277.html HTTP/1.0" 200 68690 "-" "Mozilla/5.0 (compatible; MJ12bot/v1.4.8; http://mj12bot.com/)"
77.75.76.164 - - [20/Feb/2021:07:05:22 +0100] "GET /images/mini_prod/8424345302421a.jpg HTTP/1.0" 200 270 "-" "Mozilla/5.0 (compatible; SeznamBot/3.2; +http://napoveda.seznam.cz/en/seznambot-intro/)"
148.251.8.250 - - [20/Feb/2021:07:05:25 +0100] "GET /-p-16300.html HTTP/1.0" 200 68690 "-" "Mozilla/5.0 (compatible; MJ12bot/v1.4.8; http://mj12bot.com/)"
148.251.8.250 - - [20/Feb/2021:07:05:29 +0100] "GET /-p-16314.html HTTP/1.0" 200 68690 "-" "Mozilla/5.0 (compatible; MJ12bot/v1.4.8; http://mj12bot.com/)"
185.191.171.6 - - [20/Feb/2021:07:05:29 +0100] "GET /x-men-mug-p-22720.html HTTP/1.0" 200 71186 "-" "Mozilla/5.0 (compatible; SemrushBot/7~bl; +http://www.semrush.com/bot.html)"
148.251.8.250 - - [20/Feb/2021:07:05:35 +0100] "GET /-p-16327.html HTTP/1.0" 200 68690 "-" "Mozilla/5.0 (compatible; MJ12bot/v1.4.8; http://mj12bot.com/)"
148.251.8.250 - - [20/Feb/2021:07:05:41 +0100] "GET /-p-16328.html HTTP/1.0" 200 68690 "-" "Mozilla/5.0 (compatible; MJ12bot/v1.4.8; http://mj12bot.com/)"
13.66.139.137 - - [20/Feb/2021:07:05:43 +0100] "GET /-p-22633.html HTTP/1.0" 200 68690 "-" "Mozilla/5.0 (compatible; bingbot/2.0; +http://www.bing.com/bingbot.htm)"
114.119.154.200 - - [20/Feb/2021:07:05:45 +0100] "GET /terracotta-soldier-statuette-of-emperor-qin-p-52437.html HTTP/1.0" 301 72765 "-" "Mozilla/5.0 (Linux; Android 7.0;) AppleWebKit/537.36 (KHTML, like Gecko) Mobile Safari/537.36 (compatible; PetalBot;+https://aspiegel.com/petalbot)"
114.119.154.200 - - [20/Feb/2021:07:05:46 +0100] "GET /terracotta-soldier-statuette-emperor-p-52437.html HTTP/1.0" 200 72662 "-" "Mozilla/5.0 (Linux; Android 7.0;) AppleWebKit/537.36 (KHTML, like Gecko) Mobile Safari/537.36 (compatible; PetalBot;+https://aspiegel.com/petalbot)"
148.251.8.250 - - [20/Feb/2021:07:05:47 +0100] "GET /-p-16329.html HTTP/1.0" 200 68690 "-" "Mozilla/5.0 (compatible; MJ12bot/v1.4.8; http://mj12bot.com/)"
148.251.8.250 - - [20/Feb/2021:07:05:51 +0100] "GET /-p-16387.html HTTP/1.0" 200 68690 "-" "Mozilla/5.0 (compatible; MJ12bot/v1.4.8; http://mj12bot.com/)"
148.251.8.250 - - [20/Feb/2021:07:05:56 +0100] "GET /-p-16409.html HTTP/1.0" 200 68690 "-" "Mozilla/5.0 (compatible; MJ12bot/v1.4.8; http://mj12bot.com/)"
95.217.118.98 - - [20/Feb/2021:07:05:56 +0100] "GET /images/070309_152834_PEEL_h3CWsx.jpg HTTP/1.0" 200 271 "-" "Mozilla/5.0 (X11; Fedora; Linux x86_64) AppleWebKit/537.36 (KHTML, like Gecko) Chrome/79.0.3945.117 Safari/537.36"
148.251.8.250 - - [20/Feb/2021:07:06:01 +0100] "GET /-p-16424.html HTTP/1.0" 200 68690 "-" "Mozilla/5.0 (compatible; MJ12bot/v1.4.8; http://mj12bot.com/)"
54.36.148.90 - - [20/Feb/2021:07:06:04 +0100] "GET /klimt-adult-apron-p-51191.html HTTP/1.0" 200 71260 "-" "Mozilla/5.0 (compatible; AhrefsBot/7.0; +http://ahrefs.com/robot/)"
148.251.8.250 - - [20/Feb/2021:07:06:05 +0100] "GET /-p-16469.html HTTP/1.0" 200 68690 "-" "Mozilla/5.0 (compatible; MJ12bot/v1.4.8; http://mj12bot.com/)"
148.251.8.250 - - [20/Feb/2021:07:06:11 +0100] "GET /-p-16490.html HTTP/1.0" 200 68690 "-" "Mozilla/5.0 (compatible; MJ12bot/v1.4.8; http://mj12bot.com/)"
148.251.8.250 - - [20/Feb/2021:07:06:16 +0100] "GET /-p-16540.html HTTP/1.0" 200 68690 "-" "Mozilla/5.0 (compatible; MJ12bot/v1.4.8; http://mj12bot.com/)"
148.251.8.250 - - [20/Feb/2021:07:06:23 +0100] "GET /-p-1657.html HTTP/1.0" 200 68688 "-" "Mozilla/5.0 (compatible; MJ12bot/v1.4.8; http://mj12bot.com/)"
148.251.8.250 - - [20/Feb/2021:07:06:28 +0100] "GET /-p-1659.html HTTP/1.0" 200 68688 "-" "Mozilla/5.0 (compatible; MJ12bot/v1.4.8; http://mj12bot.com/)"
13.66.139.73 - - [20/Feb/2021:07:06:32 +0100] "GET /mister-men-university-money-box-p-33574.html HTTP/1.0" 301 71452 "-" "Mozilla/5.0 (compatible; bingbot/2.0; +http://www.bing.com/bingbot.htm)"
148.251.8.250 - - [20/Feb/2021:07:06:32 +0100] "GET /-p-16616.html HTTP/1.0" 200 68690 "-" "Mozilla/5.0 (compatible; MJ12bot/v1.4.8; http://mj12bot.com/)"
185.191.171.11 - - [20/Feb/2021:07:06:35 +0100] "GET /yoga-statuette-virasana-posture-hero-p-50075.html?action=add_product HTTP/1.0" 302 476 "-" "Mozilla/5.0 (compatible; SemrushBot/7~bl; +http://www.semrush.com/bot.html)"
148.251.8.250 - - [20/Feb/2021:07:06:39 +0100] "GET /-p-16620.html HTTP/1.0" 200 68690 "-" "Mozilla/5.0 (compatible; MJ12bot/v1.4.8; http://mj12bot.com/)"
185.191.171.15 - - [20/Feb/2021:07:06:40 +0100] "GET /teo-jasmin-large-make-up-pouch-teo-apache-snow-p-37999.html HTTP/1.0" 301 72363 "-" "Mozilla/5.0 (compatible; SemrushBot/7~bl; +http://www.semrush.com/bot.html)"
185.191.171.4 - - [20/Feb/2021:07:06:42 +0100] "GET /jasmin-large-make-pouch-apache-snow-p-37999.html HTTP/1.0" 200 72261 "-" "Mozilla/5.0 (compatible; SemrushBot/7~bl; +http://www.semrush.com/bot.html)"
148.251.8.250 - - [20/Feb/2021:07:06:45 +0100] "GET /-p-16621.html HTTP/1.0" 200 68690 "-" "Mozilla/5.0 (compatible; MJ12bot/v1.4.8; http://mj12bot.com/)"
148.251.8.250 - - [20/Feb/2021:07:06:50 +0100] "GET /-p-16625.html HTTP/1.0" 200 68690 "-" "Mozilla/5.0 (compatible; MJ12bot/v1.4.8; http://mj12bot.com/)"
13.66.139.73 - - [20/Feb/2021:07:06:51 +0100] "GET /images/big_prod_1/9316188077521N.jpg HTTP/1.0" 200 271 "-" "Mozilla/5.0 (compatible; bingbot/2.0; +http://www.bing.com/bingbot.htm)"
148.251.8.250 - - [20/Feb/2021:07:06:53 +0100] "GET /-p-16629.html HTTP/1.0" 200 68690 "-" "Mozilla/5.0 (compatible; MJ12bot/v1.4.8; http://mj12bot.com/)"
148.251.8.250 - - [20/Feb/2021:07:06:58 +0100] "GET /-p-1663.html HTTP/1.0" 200 68688 "-" "Mozilla/5.0 (compatible; MJ12bot/v1.4.8; http://mj12bot.com/)"
148.251.8.250 - - [20/Feb/2021:07:07:04 +0100] "GET /-p-16630.html HTTP/1.0" 200 68690 "-" "Mozilla/5.0 (compatible; MJ12bot/v1.4.8; http://mj12bot.com/)"
