148.251.69.139 - - [20/Feb/2021:09:50:35 +0100] "GET /magnet-made-in-france-lavender-p-39446.html HTTP/1.0" 301 71557 "-" "Mozilla/5.0 (compatible; MJ12bot/v1.4.8; http://mj12bot.com/)"
148.251.69.139 - - [20/Feb/2021:09:50:42 +0100] "GET /magnet-made-france-lavender-p-39446.html HTTP/1.0" 200 71463 "-" "Mozilla/5.0 (compatible; MJ12bot/v1.4.8; http://mj12bot.com/)"
185.191.171.39 - - [20/Feb/2021:09:50:49 +0100] "GET /bamboo-salad-bowl-p-49328.html?action=add_product HTTP/1.0" 302 476 "-" "Mozilla/5.0 (compatible; SemrushBot/7~bl; +http://www.semrush.com/bot.html)"
185.191.171.39 - - [20/Feb/2021:09:51:08 +0100] "GET /peace-small-cbkreation-p-15046.html HTTP/1.0" 200 71379 "-" "Mozilla/5.0 (compatible; SemrushBot/7~bl; +http://www.semrush.com/bot.html)"
13.66.139.88 - - [20/Feb/2021:09:51:09 +0100] "GET /gund-mini-dog-sound-plush-beige-p-36872.html HTTP/1.0" 301 68757 "-" "Mozilla/5.0 (compatible; bingbot/2.0; +http://www.bing.com/bingbot.htm)"
54.36.148.90 - - [20/Feb/2021:09:51:18 +0100] "GET /hedgehogs-cotton-adult-apron-p-42221.html HTTP/1.0" 200 71346 "-" "Mozilla/5.0 (compatible; AhrefsBot/7.0; +http://ahrefs.com/robot/)"
13.66.139.73 - - [20/Feb/2021:09:51:20 +0100] "GET /images/mini_prod/8433933201985.jpg HTTP/1.0" 200 269 "-" "Mozilla/5.0 (compatible; bingbot/2.0; +http://www.bing.com/bingbot.htm)"
17.58.101.142 - - [20/Feb/2021:09:51:22 +0100] "GET /images/mini_prod/1399985100959.jpg HTTP/1.0" 200 269 "-" "Mozilla/5.0 (Macintosh; Intel Mac OS X 10_15_5) AppleWebKit/605.1.15 (KHTML, like Gecko) Version/13.1.1 Safari/605.1.15 (Applebot/0.1; +http://www.apple.com/go/applebot)"
185.191.171.40 - - [20/Feb/2021:09:51:25 +0100] "GET /live-dream-rectangulary-cushion-cbkreation-p-42926.html HTTP/1.0" 200 68862 "-" "Mozilla/5.0 (compatible; SemrushBot/7~bl; +http://www.semrush.com/bot.html)"
185.191.171.39 - - [20/Feb/2021:09:51:30 +0100] "GET /little-blue-purse-petit-prince-p-47475.html HTTP/1.0" 200 71453 "-" "Mozilla/5.0 (compatible; SemrushBot/7~bl; +http://www.semrush.com/bot.html)"
185.191.171.5 - - [20/Feb/2021:09:51:33 +0100] "GET /wise-wings-kindness-figurine-p-51804.html HTTP/1.0" 200 72697 "-" "Mozilla/5.0 (compatible; SemrushBot/7~bl; +http://www.semrush.com/bot.html)"
185.191.171.10 - - [20/Feb/2021:09:51:37 +0100] "GET /barbabelle-beauty-bag-p-15961.html HTTP/1.0" 301 76133 "-" "Mozilla/5.0 (compatible; SemrushBot/7~bl; +http://www.semrush.com/bot.html)"
185.191.171.7 - - [20/Feb/2021:09:51:40 +0100] "GET /barbabelle-beauty-p-15961.html HTTP/1.0" 200 76049 "-" "Mozilla/5.0 (compatible; SemrushBot/7~bl; +http://www.semrush.com/bot.html)"
185.191.171.33 - - [20/Feb/2021:09:51:54 +0100] "GET /handy-manny-pairs-socks-size-p-25206.html HTTP/1.0" 200 71295 "-" "Mozilla/5.0 (compatible; SemrushBot/7~bl; +http://www.semrush.com/bot.html)"
185.191.171.19 - - [20/Feb/2021:09:52:27 +0100] "GET /plush-tree-hanging-decorations-p-52842.html HTTP/1.0" 200 71479 "-" "Mozilla/5.0 (compatible; SemrushBot/7~bl; +http://www.semrush.com/bot.html)"
13.66.139.137 - - [20/Feb/2021:09:52:29 +0100] "GET /images/med_prod/3662468004678.jpg HTTP/1.0" 200 268 "-" "Mozilla/5.0 (compatible; bingbot/2.0; +http://www.bing.com/bingbot.htm)"
54.36.148.90 - - [20/Feb/2021:09:52:45 +0100] "GET /rastakana-the-key-to-happiness-cushion-cbkreation-p-24054.html HTTP/1.0" 301 68937 "-" "Mozilla/5.0 (compatible; AhrefsBot/7.0; +http://ahrefs.com/robot/)"
66.249.69.166 - - [20/Feb/2021:09:52:52 +0100] "GET /lu-petit-beurre-placemat-p-28607.html HTTP/1.0" 301 71364 "-" "Mozilla/5.0 (Linux; Android 6.0.1; Nexus 5X Build/MMB29P) AppleWebKit/537.36 (KHTML, like Gecko) Chrome/88.0.4324.153 Mobile Safari/537.36 (compatible; Googlebot/2.1; +http://www.google.com/bot.html)"
66.249.69.164 - - [20/Feb/2021:09:52:53 +0100] "GET /petit-beurre-placemat-p-28607.html HTTP/1.0" 200 71276 "-" "Mozilla/5.0 (Linux; Android 6.0.1; Nexus 5X Build/MMB29P) AppleWebKit/537.36 (KHTML, like Gecko) Chrome/88.0.4324.153 Mobile Safari/537.36 (compatible; Googlebot/2.1; +http://www.google.com/bot.html)"
185.191.171.24 - - [20/Feb/2021:09:52:55 +0100] "GET /resin-statuette-naked-woman-p-52874.html HTTP/1.0" 200 71482 "-" "Mozilla/5.0 (compatible; SemrushBot/7~bl; +http://www.semrush.com/bot.html)"
13.66.139.88 - - [20/Feb/2021:09:52:57 +0100] "GET /images/big_prod/3665269007169.jpg HTTP/1.0" 200 268 "-" "Mozilla/5.0 (compatible; bingbot/2.0; +http://www.bing.com/bingbot.htm)"
66.249.69.162 - - [20/Feb/2021:09:52:57 +0100] "GET /manta-ray-glass-paperweight-p-53620.html HTTP/1.0" 301 72092 "-" "Mozilla/5.0 (Linux; Android 6.0.1; Nexus 5X Build/MMB29P) AppleWebKit/537.36 (KHTML, like Gecko) Chrome/88.0.4324.153 Mobile Safari/537.36 (compatible; Googlebot/2.1; +http://www.google.com/bot.html)"
185.191.171.22 - - [20/Feb/2021:09:52:58 +0100] "GET /chess-glass-p-50659.html HTTP/1.0" 200 72047 "-" "Mozilla/5.0 (compatible; SemrushBot/7~bl; +http://www.semrush.com/bot.html)"
66.249.69.162 - - [20/Feb/2021:09:52:58 +0100] "GET /manta-glass-paperweight-p-53620.html HTTP/1.0" 200 72002 "-" "Mozilla/5.0 (Linux; Android 6.0.1; Nexus 5X Build/MMB29P) AppleWebKit/537.36 (KHTML, like Gecko) Chrome/88.0.4324.153 Mobile Safari/537.36 (compatible; Googlebot/2.1; +http://www.google.com/bot.html)"
13.66.139.73 - - [20/Feb/2021:09:53:02 +0100] "GET /images/med_prod/9316188016254.jpg HTTP/1.0" 200 268 "-" "Mozilla/5.0 (compatible; bingbot/2.0; +http://www.bing.com/bingbot.htm)"
13.66.139.73 - - [20/Feb/2021:09:53:03 +0100] "GET /sticker-for-windows-chakra-p-48349.html HTTP/1.0" 301 71479 "-" "Mozilla/5.0 (compatible; bingbot/2.0; +http://www.bing.com/bingbot.htm)"
157.55.39.246 - - [20/Feb/2021:09:53:17 +0100] "GET /js/jquery.js HTTP/1.0" 200 252 "-" "Mozilla/5.0 (compatible; bingbot/2.0; +http://www.bing.com/bingbot.htm)"
114.119.144.233 - - [20/Feb/2021:09:53:18 +0100] "GET /images/big_prod_1/3014627956289b.jpg HTTP/1.0" 200 271 "-" "Mozilla/5.0 (Linux; Android 7.0;) AppleWebKit/537.36 (KHTML, like Gecko) Mobile Safari/537.36 (compatible; PetalBot;+https://aspiegel.com/petalbot)"
13.66.139.137 - - [20/Feb/2021:09:53:21 +0100] "GET /mango-eye-board-30-20-cm-p-47439.html HTTP/1.0" 301 72103 "-" "Mozilla/5.0 (compatible; bingbot/2.0; +http://www.bing.com/bingbot.htm)"
13.66.139.73 - - [20/Feb/2021:09:53:31 +0100] "GET /bamboo-tray-spicy-p-46452.html HTTP/1.0" 200 71305 "-" "Mozilla/5.0 (compatible; bingbot/2.0; +http://www.bing.com/bingbot.htm)"
185.191.171.10 - - [20/Feb/2021:09:53:36 +0100] "GET /taraxacum-flowers-lighting-p-42368.html?action=add_product HTTP/1.0" 302 476 "-" "Mozilla/5.0 (compatible; SemrushBot/7~bl; +http://www.semrush.com/bot.html)"
51.68.224.127 - - [20/Feb/2021:09:53:42 +0100] "GET /adminweb/export_orders_xml.php?token=256de2z6edz6ed2z6DFSFsed2zed6zeDSFDSGdzedezfzf&maxorders=10&orderstart=1&status=14&start_date=2018-10-01 HTTP/1.0" 200 285 "-" "GesCom CharlotteBoutik Serveur"
51.68.224.127 - - [20/Feb/2021:09:53:42 +0100] "GET /adminweb/export_orders_xml.php?token=256de2z6edz6ed2z6DFSFsed2zed6zeDSFDSGdzedezfzf&maxorders=10&orderstart=1&status=6&start_date=2018-10-01 HTTP/1.0" 200 29990 "-" "GesCom CharlotteBoutik Serveur"
185.191.171.6 - - [20/Feb/2021:09:53:42 +0100] "GET /allen-pill-p-51382.html HTTP/1.0" 200 71972 "-" "Mozilla/5.0 (compatible; SemrushBot/7~bl; +http://www.semrush.com/bot.html)"
13.66.139.88 - - [20/Feb/2021:09:53:56 +0100] "GET /images/med_prod/4012390376883.jpg HTTP/1.0" 200 268 "-" "Mozilla/5.0 (compatible; bingbot/2.0; +http://www.bing.com/bingbot.htm)"
13.66.139.88 - - [20/Feb/2021:09:53:57 +0100] "GET /swimwear-c-2_35.html HTTP/1.0" 200 88305 "-" "Mozilla/5.0 (compatible; bingbot/2.0; +http://www.bing.com/bingbot.htm)"
13.66.139.88 - - [20/Feb/2021:09:53:58 +0100] "GET /frozen-vertical-bag-p-29766.html HTTP/1.0" 301 68830 "-" "Mozilla/5.0 (compatible; bingbot/2.0; +http://www.bing.com/bingbot.htm)"
54.36.148.123 - - [20/Feb/2021:09:54:03 +0100] "GET /lucky-boy-by-etienne-boyer-tee-shirt-p-30982.html HTTP/1.0" 301 73420 "-" "Mozilla/5.0 (compatible; AhrefsBot/7.0; +http://ahrefs.com/robot/)"
66.249.69.164 - - [20/Feb/2021:09:54:05 +0100] "GET /anti-mite-pillow-p-41115.html HTTP/1.0" 200 71489 "-" "Mozilla/5.0 (Linux; Android 6.0.1; Nexus 5X Build/MMB29P) AppleWebKit/537.36 (KHTML, like Gecko) Chrome/88.0.4324.153 Mobile Safari/537.36 (compatible; Googlebot/2.1; +http://www.google.com/bot.html)"
157.55.39.69 - - [20/Feb/2021:09:54:17 +0100] "GET /highslide/highslide.js HTTP/1.0" 200 262 "-" "Mozilla/5.0 (compatible; bingbot/2.0; +http://www.bing.com/bingbot.htm)"
185.191.171.7 - - [20/Feb/2021:09:54:38 +0100] "GET /multicolour-p-34258.html HTTP/1.0" 200 71439 "-" "Mozilla/5.0 (compatible; SemrushBot/7~bl; +http://www.semrush.com/bot.html)"
185.191.171.26 - - [20/Feb/2021:09:54:44 +0100] "GET /marvel-avengers-civil-backpack-p-35550.html HTTP/1.0" 200 71631 "-" "Mozilla/5.0 (compatible; SemrushBot/7~bl; +http://www.semrush.com/bot.html)"
185.191.171.44 - - [20/Feb/2021:09:55:03 +0100] "GET /empty-tray-pocket-oriental-pattern-carved-wood-17-cm-p-46384.html HTTP/1.0" 301 72362 "-" "Mozilla/5.0 (compatible; SemrushBot/7~bl; +http://www.semrush.com/bot.html)"
54.36.148.87 - - [20/Feb/2021:09:55:28 +0100] "GET /cat-rectangulary-cushion-by-jo-p-39718.html HTTP/1.0" 301 68867 "-" "Mozilla/5.0 (compatible; AhrefsBot/7.0; +http://ahrefs.com/robot/)"
13.66.139.88 - - [20/Feb/2021:09:55:29 +0100] "GET /harley-davidson-zippo-lighter-p-43717.html HTTP/1.0" 200 71842 "-" "Mozilla/5.0 (compatible; bingbot/2.0; +http://www.bing.com/bingbot.htm)"
13.66.139.137 - - [20/Feb/2021:09:55:40 +0100] "GET /typewriter-wooden-frame-p-31875.html HTTP/1.0" 200 73030 "-" "Mozilla/5.0 (compatible; bingbot/2.0; +http://www.bing.com/bingbot.htm)"
13.66.139.137 - - [20/Feb/2021:09:55:41 +0100] "GET /minion-table-lamp-p-31852.html HTTP/1.0" 301 68757 "-" "Mozilla/5.0 (compatible; bingbot/2.0; +http://www.bing.com/bingbot.htm)"
185.191.171.22 - - [20/Feb/2021:09:55:42 +0100] "GET /france-great-britain-adapter-white-p-52722.html HTTP/1.0" 200 71621 "-" "Mozilla/5.0 (compatible; SemrushBot/7~bl; +http://www.semrush.com/bot.html)"
13.66.139.73 - - [20/Feb/2021:09:55:52 +0100] "GET /incense-stick-holder-ganesh-p-35506.html HTTP/1.0" 200 71547 "-" "Mozilla/5.0 (compatible; bingbot/2.0; +http://www.bing.com/bingbot.htm)"
157.55.39.246 - - [20/Feb/2021:09:55:59 +0100] "GET /arabica-kitchen-towel-45-60-cm-p-52684.html HTTP/1.0" 301 71451 "-" "Mozilla/5.0 (compatible; bingbot/2.0; +http://www.bing.com/bingbot.htm)"
157.55.39.99 - - [20/Feb/2021:09:56:05 +0100] "GET /harley-davidson-towel-p-28531.html HTTP/1.0" 200 68786 "-" "Mozilla/5.0 (compatible; bingbot/2.0; +http://www.bing.com/bingbot.htm)"
13.66.139.137 - - [20/Feb/2021:09:56:10 +0100] "GET /images/1399984263624.jpg HTTP/1.0" 200 259 "-" "Mozilla/5.0 (compatible; bingbot/2.0; +http://www.bing.com/bingbot.htm)"
66.249.69.164 - - [20/Feb/2021:09:56:13 +0100] "GET /images/big_prod_1/3609810073029a.jpg HTTP/1.0" 200 271 "-" "Googlebot-Image/1.0"
185.191.171.1 - - [20/Feb/2021:09:56:42 +0100] "GET /bistrot-green-metal-tray-p-53652.html HTTP/1.0" 200 71489 "-" "Mozilla/5.0 (compatible; SemrushBot/7~bl; +http://www.semrush.com/bot.html)"
13.66.139.73 - - [20/Feb/2021:09:56:42 +0100] "GET /nici-bubble-mouse-keyring-plush-p-35197.html HTTP/1.0" 200 71401 "-" "Mozilla/5.0 (compatible; bingbot/2.0; +http://www.bing.com/bingbot.htm)"
54.36.148.92 - - [20/Feb/2021:09:56:52 +0100] "GET /fragrances-of-ambiance-c-231.html?page=31 HTTP/1.0" 301 91035 "-" "Mozilla/5.0 (compatible; AhrefsBot/7.0; +http://ahrefs.com/robot/)"
185.191.171.15 - - [20/Feb/2021:09:57:01 +0100] "GET /chime-gecko-metal-glass-green-p-37206.html HTTP/1.0" 200 71438 "-" "Mozilla/5.0 (compatible; SemrushBot/7~bl; +http://www.semrush.com/bot.html)"
185.191.171.14 - - [20/Feb/2021:09:57:03 +0100] "GET /trivet-boards-c-12_158.html?page=10 HTTP/1.0" 200 92461 "-" "Mozilla/5.0 (compatible; SemrushBot/7~bl; +http://www.semrush.com/bot.html)"
103.131.71.27 - - [20/Feb/2021:09:57:36 +0100] "GET /robots.txt HTTP/1.0" 301 531 "-" "Mozilla/5.0 (compatible; coccocbot-image/1.0; +http://help.coccoc.com/searchengine)"
103.131.71.27 - - [20/Feb/2021:09:57:38 +0100] "GET /robots.txt HTTP/1.0" 200 245 "-" "Mozilla/5.0 (compatible; coccocbot-image/1.0; +http://help.coccoc.com/searchengine)"
13.66.139.137 - - [20/Feb/2021:09:57:39 +0100] "GET /-p-15882.html HTTP/1.0" 200 68690 "-" "Mozilla/5.0 (compatible; bingbot/2.0; +http://www.bing.com/bingbot.htm)"
13.66.139.73 - - [20/Feb/2021:09:58:01 +0100] "GET /images/big_prod_1/8424345292913B.jpg HTTP/1.0" 200 271 "-" "Mozilla/5.0 (compatible; bingbot/2.0; +http://www.bing.com/bingbot.htm)"
157.55.39.251 - - [20/Feb/2021:09:58:05 +0100] "GET /door-plate-for-the-bedroom-p-52420.html HTTP/1.0" 301 71440 "-" "Mozilla/5.0 (compatible; bingbot/2.0; +http://www.bing.com/bingbot.htm)"
185.191.171.40 - - [20/Feb/2021:09:58:09 +0100] "GET /don-quichotte-resin-figure-40-cm-p-40366.html HTTP/1.0" 301 71559 "-" "Mozilla/5.0 (compatible; SemrushBot/7~bl; +http://www.semrush.com/bot.html)"
54.36.149.25 - - [20/Feb/2021:09:58:13 +0100] "GET /toiletry-bag-p-43422.html HTTP/1.0" 301 71421 "-" "Mozilla/5.0 (compatible; AhrefsBot/7.0; +http://ahrefs.com/robot/)"
13.66.139.73 - - [20/Feb/2021:09:58:20 +0100] "GET /images/big_prod/3453131146593.jpg HTTP/1.0" 200 268 "-" "Mozilla/5.0 (compatible; bingbot/2.0; +http://www.bing.com/bingbot.htm)"
185.191.171.35 - - [20/Feb/2021:09:58:44 +0100] "GET /waterproof-terry-bolster-protective-cover-90-70-cm-p-53661.html HTTP/1.0" 301 71847 "-" "Mozilla/5.0 (compatible; SemrushBot/7~bl; +http://www.semrush.com/bot.html)"
185.191.171.14 - - [20/Feb/2021:09:58:48 +0100] "GET /lihit-lab-punilabo-bookmark-pen-case-black-cat-p-49234.html HTTP/1.0" 301 73058 "-" "Mozilla/5.0 (compatible; SemrushBot/7~bl; +http://www.semrush.com/bot.html)"
185.191.171.35 - - [20/Feb/2021:09:58:50 +0100] "GET /lihit-punilabo-bookmark-case-black-p-49234.html HTTP/1.0" 200 72957 "-" "Mozilla/5.0 (compatible; SemrushBot/7~bl; +http://www.semrush.com/bot.html)"
13.66.139.88 - - [20/Feb/2021:09:59:00 +0100] "GET /ken-khaki-messenger-bag-p-11248.html HTTP/1.0" 301 68862 "-" "Mozilla/5.0 (compatible; bingbot/2.0; +http://www.bing.com/bingbot.htm)"
185.191.171.45 - - [20/Feb/2021:09:59:21 +0100] "GET /decorative-statuettes-monkeys-wisdom-green-p-52732.html?action=add_product HTTP/1.0" 302 476 "-" "Mozilla/5.0 (compatible; SemrushBot/7~bl; +http://www.semrush.com/bot.html)"
114.119.144.233 - - [20/Feb/2021:09:59:37 +0100] "GET /collectible-figurines-and-decorative-c-13_135.html?page=12 HTTP/1.0" 301 95527 "-" "Mozilla/5.0 (Linux; Android 7.0;) AppleWebKit/537.36 (KHTML, like Gecko) Mobile Safari/537.36 (compatible; PetalBot;+https://aspiegel.com/petalbot)"
13.66.139.88 - - [20/Feb/2021:09:59:38 +0100] "GET /images/big_prod/8020912049685.jpg HTTP/1.0" 200 268 "-" "Mozilla/5.0 (compatible; bingbot/2.0; +http://www.bing.com/bingbot.htm)"
114.119.144.233 - - [20/Feb/2021:09:59:38 +0100] "GET /collectible-figurines-decorative-c-135.html?page=12 HTTP/1.0" 301 95404 "-" "Mozilla/5.0 (Linux; Android 7.0;) AppleWebKit/537.36 (KHTML, like Gecko) Mobile Safari/537.36 (compatible; PetalBot;+https://aspiegel.com/petalbot)"
114.119.144.233 - - [20/Feb/2021:09:59:39 +0100] "GET /collectible-figurines-decorative-c-13_135.html?page=12 HTTP/1.0" 200 95422 "-" "Mozilla/5.0 (Linux; Android 7.0;) AppleWebKit/537.36 (KHTML, like Gecko) Mobile Safari/537.36 (compatible; PetalBot;+https://aspiegel.com/petalbot)"
13.66.139.73 - - [20/Feb/2021:09:59:43 +0100] "GET /au-bistrot-potholder-p-47944.html HTTP/1.0" 301 71432 "-" "Mozilla/5.0 (compatible; bingbot/2.0; +http://www.bing.com/bingbot.htm)"
54.36.148.138 - - [20/Feb/2021:09:59:53 +0100] "GET /aspect-default-barbapapa-brush-and-mirror-p-50356.html HTTP/1.0" 301 72202 "-" "Mozilla/5.0 (compatible; AhrefsBot/7.0; +http://ahrefs.com/robot/)"
13.66.139.88 - - [20/Feb/2021:10:00:11 +0100] "GET /littlest-petshop-tights-p-31089.html HTTP/1.0" 200 72765 "-" "Mozilla/5.0 (compatible; bingbot/2.0; +http://www.bing.com/bingbot.htm)"
13.66.139.73 - - [20/Feb/2021:10:00:42 +0100] "GET /espresso-set-paris-and-le-chat-noir-p-39742.html HTTP/1.0" 301 71527 "-" "Mozilla/5.0 (compatible; bingbot/2.0; +http://www.bing.com/bingbot.htm)"
54.36.148.90 - - [20/Feb/2021:10:00:59 +0100] "GET /oscar-wilde-stickers-20-70-cm-p-39325.html HTTP/1.0" 301 71477 "-" "Mozilla/5.0 (compatible; AhrefsBot/7.0; +http://ahrefs.com/robot/)"
13.66.139.137 - - [20/Feb/2021:10:01:20 +0100] "GET /quebec-pot-cookware-cbkreation-p-29711.html HTTP/1.0" 301 71455 "-" "Mozilla/5.0 (compatible; bingbot/2.0; +http://www.bing.com/bingbot.htm)"
13.66.139.88 - - [20/Feb/2021:10:01:24 +0100] "GET /teo-jasmin-small-box-p-30113.html HTTP/1.0" 301 68823 "-" "Mozilla/5.0 (compatible; bingbot/2.0; +http://www.bing.com/bingbot.htm)"
185.191.171.24 - - [20/Feb/2021:10:01:30 +0100] "GET /ruby-gorjuss-p-29450.html?action=add_product HTTP/1.0" 302 476 "-" "Mozilla/5.0 (compatible; SemrushBot/7~bl; +http://www.semrush.com/bot.html)"
13.66.139.137 - - [20/Feb/2021:10:01:40 +0100] "GET /images/big_prod_1/84220990011b.jpg HTTP/1.0" 200 269 "-" "Mozilla/5.0 (compatible; bingbot/2.0; +http://www.bing.com/bingbot.htm)"
185.191.171.36 - - [20/Feb/2021:10:01:45 +0100] "GET /happy-porcelain-bowl-p-44484.html HTTP/1.0" 200 71363 "-" "Mozilla/5.0 (compatible; SemrushBot/7~bl; +http://www.semrush.com/bot.html)"
185.191.171.11 - - [20/Feb/2021:10:01:48 +0100] "GET /britto-deeply-in-love-folding-umbrella-p-32623.html HTTP/1.0" 301 68967 "-" "Mozilla/5.0 (compatible; SemrushBot/7~bl; +http://www.semrush.com/bot.html)"
185.191.171.36 - - [20/Feb/2021:10:01:50 +0100] "GET /britto-deeply-love-folding-umbrella-p-32623.html HTTP/1.0" 200 68865 "-" "Mozilla/5.0 (compatible; SemrushBot/7~bl; +http://www.semrush.com/bot.html)"
13.66.139.137 - - [20/Feb/2021:10:02:01 +0100] "GET /hello-kitty-white-wristband-p-11961.html HTTP/1.0" 200 71341 "-" "Mozilla/5.0 (compatible; bingbot/2.0; +http://www.bing.com/bingbot.htm)"
13.66.139.88 - - [20/Feb/2021:10:02:09 +0100] "GET /images/big_prod/3609810065161.jpg HTTP/1.0" 200 268 "-" "Mozilla/5.0 (compatible; bingbot/2.0; +http://www.bing.com/bingbot.htm)"
13.66.139.73 - - [20/Feb/2021:10:02:20 +0100] "GET /images/3188801003165.jpg HTTP/1.0" 200 259 "-" "Mozilla/5.0 (compatible; bingbot/2.0; +http://www.bing.com/bingbot.htm)"
54.36.149.12 - - [20/Feb/2021:10:02:20 +0100] "GET /figurine-caricature-in-polyresine-145-cm-the-fitter-p-45225.html HTTP/1.0" 301 72402 "-" "Mozilla/5.0 (compatible; AhrefsBot/7.0; +http://ahrefs.com/robot/)"
185.191.171.36 - - [20/Feb/2021:10:02:22 +0100] "GET /expresso-paris-macaron-p-24314.html HTTP/1.0" 200 71783 "-" "Mozilla/5.0 (compatible; SemrushBot/7~bl; +http://www.semrush.com/bot.html)"
185.191.171.34 - - [20/Feb/2021:10:02:52 +0100] "GET /placemat-table-bons-amis-p-53593.html HTTP/1.0" 200 71960 "-" "Mozilla/5.0 (compatible; SemrushBot/7~bl; +http://www.semrush.com/bot.html)"
66.249.69.162 - - [20/Feb/2021:10:02:59 +0100] "GET /pucca-towel-p-2356.html HTTP/1.0" 200 71389 "-" "Mozilla/5.0 (Linux; Android 6.0.1; Nexus 5X Build/MMB29P) AppleWebKit/537.36 (KHTML, like Gecko) Chrome/88.0.4324.153 Mobile Safari/537.36 (compatible; Googlebot/2.1; +http://www.google.com/bot.html)"
157.55.39.251 - - [20/Feb/2021:10:03:00 +0100] "GET /cotton-hello-panda-cushion-p-47094.html HTTP/1.0" 200 71340 "-" "Mozilla/5.0 (compatible; bingbot/2.0; +http://www.bing.com/bingbot.htm)"
185.191.171.15 - - [20/Feb/2021:10:03:03 +0100] "GET /tetsubin-teapot-sheet-below-p-38434.html?action=add_product HTTP/1.0" 302 476 "-" "Mozilla/5.0 (compatible; SemrushBot/7~bl; +http://www.semrush.com/bot.html)"
13.66.139.88 - - [20/Feb/2021:10:03:04 +0100] "GET /avengers-marvel-kids-school-bag-p-30187.html HTTP/1.0" 301 68890 "-" "Mozilla/5.0 (compatible; bingbot/2.0; +http://www.bing.com/bingbot.htm)"
13.66.139.88 - - [20/Feb/2021:10:03:21 +0100] "GET /my-little-kitchen-ceramic-mug-with-infuser-p-41631.html HTTP/1.0" 301 71556 "-" "Mozilla/5.0 (compatible; bingbot/2.0; +http://www.bing.com/bingbot.htm)"
13.66.139.137 - - [20/Feb/2021:10:03:31 +0100] "GET /panda-bedclothes-140-200-cm-p-49147.html HTTP/1.0" 301 72334 "-" "Mozilla/5.0 (compatible; bingbot/2.0; +http://www.bing.com/bingbot.htm)"
66.249.69.162 - - [20/Feb/2021:10:03:33 +0100] "GET /bamboo-fiber-cats-p-49560.html HTTP/1.0" 200 71358 "-" "Mozilla/5.0 (Linux; Android 6.0.1; Nexus 5X Build/MMB29P) AppleWebKit/537.36 (KHTML, like Gecko) Chrome/88.0.4324.153 Mobile Safari/537.36 (compatible; Googlebot/2.1; +http://www.google.com/bot.html)"
185.191.171.21 - - [20/Feb/2021:10:03:49 +0100] "GET /white-buddha-statue-polyresin-p-53710.html HTTP/1.0" 200 72313 "-" "Mozilla/5.0 (compatible; SemrushBot/7~bl; +http://www.semrush.com/bot.html)"
54.36.148.186 - - [20/Feb/2021:10:03:50 +0100] "GET /carlin-glass-cutting-board-by-cbkreation-p-51463.html HTTP/1.0" 301 71553 "-" "Mozilla/5.0 (compatible; AhrefsBot/7.0; +http://ahrefs.com/robot/)"
185.191.171.15 - - [20/Feb/2021:10:03:52 +0100] "GET /allen-desings-wine-little-tray-p-44320.html?action=add_product HTTP/1.0" 302 476 "-" "Mozilla/5.0 (compatible; SemrushBot/7~bl; +http://www.semrush.com/bot.html)"
185.191.171.13 - - [20/Feb/2021:10:04:00 +0100] "GET /small-buddhist-monk-blue-dress-p-46804.html HTTP/1.0" 200 72127 "-" "Mozilla/5.0 (compatible; SemrushBot/7~bl; +http://www.semrush.com/bot.html)"
13.66.139.73 - - [20/Feb/2021:10:04:04 +0100] "GET /-p-21308.html HTTP/1.0" 200 68690 "-" "Mozilla/5.0 (compatible; bingbot/2.0; +http://www.bing.com/bingbot.htm)"
185.191.171.7 - - [20/Feb/2021:10:04:05 +0100] "GET /jasmin-pencil-case-p-49182.html HTTP/1.0" 200 71401 "-" "Mozilla/5.0 (compatible; SemrushBot/7~bl; +http://www.semrush.com/bot.html)"
185.191.171.41 - - [20/Feb/2021:10:04:19 +0100] "GET /blue-alarm-clock-p-38264.html?action=add_product HTTP/1.0" 302 476 "-" "Mozilla/5.0 (compatible; SemrushBot/7~bl; +http://www.semrush.com/bot.html)"
13.66.139.88 - - [20/Feb/2021:10:04:22 +0100] "GET /images/8427787047523.jpg HTTP/1.0" 200 259 "-" "Mozilla/5.0 (compatible; bingbot/2.0; +http://www.bing.com/bingbot.htm)"
13.66.139.88 - - [20/Feb/2021:10:04:23 +0100] "GET /table-ladybug-sand-p-27282.html HTTP/1.0" 200 68752 "-" "Mozilla/5.0 (compatible; bingbot/2.0; +http://www.bing.com/bingbot.htm)"
13.66.139.88 - - [20/Feb/2021:10:05:02 +0100] "GET /double-walled-porcelain-mug-with-infuser-p-53001.html HTTP/1.0" 301 71581 "-" "Mozilla/5.0 (compatible; bingbot/2.0; +http://www.bing.com/bingbot.htm)"
13.66.139.88 - - [20/Feb/2021:10:05:03 +0100] "GET /-p-4100.html HTTP/1.0" 200 68688 "-" "Mozilla/5.0 (compatible; bingbot/2.0; +http://www.bing.com/bingbot.htm)"
54.36.148.90 - - [20/Feb/2021:10:05:07 +0100] "GET /metal-pendulum-on-wooden-stand-with-sand-p-50619.html HTTP/1.0" 301 72203 "-" "Mozilla/5.0 (compatible; AhrefsBot/7.0; +http://ahrefs.com/robot/)"
13.66.139.137 - - [20/Feb/2021:10:05:10 +0100] "GET /images/1399984242582.jpg HTTP/1.0" 200 259 "-" "Mozilla/5.0 (compatible; bingbot/2.0; +http://www.bing.com/bingbot.htm)"
185.191.171.15 - - [20/Feb/2021:10:05:18 +0100] "GET /lotus-candleholder-chakra-silverlining-p-38922.html HTTP/1.0" 200 72285 "-" "Mozilla/5.0 (compatible; SemrushBot/7~bl; +http://www.semrush.com/bot.html)"
185.191.171.14 - - [20/Feb/2021:10:05:21 +0100] "GET /mhari-collection-metal-plate-deco-p-37160.html?action=add_product HTTP/1.0" 302 476 "-" "Mozilla/5.0 (compatible; SemrushBot/7~bl; +http://www.semrush.com/bot.html)"
185.191.171.23 - - [20/Feb/2021:10:05:28 +0100] "GET /minnie-mouse-disney-suitcase-p-31207.html HTTP/1.0" 200 71791 "-" "Mozilla/5.0 (compatible; SemrushBot/7~bl; +http://www.semrush.com/bot.html)"
13.66.139.73 - - [20/Feb/2021:10:05:32 +0100] "GET /big-hero-polar-plaid-p-33186.html HTTP/1.0" 301 71573 "-" "Mozilla/5.0 (compatible; bingbot/2.0; +http://www.bing.com/bingbot.htm)"
185.191.171.43 - - [20/Feb/2021:10:05:57 +0100] "GET /court-sleeves-shirts-c-1_22.html HTTP/1.0" 200 67682 "-" "Mozilla/5.0 (compatible; SemrushBot/7~bl; +http://www.semrush.com/bot.html)"
13.66.139.88 - - [20/Feb/2021:10:06:20 +0100] "GET /images/4008421901104.jpg HTTP/1.0" 200 259 "-" "Mozilla/5.0 (compatible; bingbot/2.0; +http://www.bing.com/bingbot.htm)"
13.66.139.73 - - [20/Feb/2021:10:06:25 +0100] "GET /simpsons-bart-polar-blanket-p-22990.html HTTP/1.0" 301 68757 "-" "Mozilla/5.0 (compatible; bingbot/2.0; +http://www.bing.com/bingbot.htm)"
54.36.148.90 - - [20/Feb/2021:10:06:29 +0100] "GET /decorative-wooden-plate-reserve-bikers-black-p-47833.html HTTP/1.0" 301 71877 "-" "Mozilla/5.0 (compatible; AhrefsBot/7.0; +http://ahrefs.com/robot/)"
13.66.139.137 - - [20/Feb/2021:10:06:31 +0100] "GET /-p-11083.html HTTP/1.0" 200 68690 "-" "Mozilla/5.0 (compatible; bingbot/2.0; +http://www.bing.com/bingbot.htm)"
185.191.171.33 - - [20/Feb/2021:10:06:33 +0100] "GET /moulin-rouge-large-metal-plate-p-15321.html?action=add_product HTTP/1.0" 302 476 "-" "Mozilla/5.0 (compatible; SemrushBot/7~bl; +http://www.semrush.com/bot.html)"
185.191.171.25 - - [20/Feb/2021:10:06:41 +0100] "GET /egyptian-money-cbkreation-p-24147.html HTTP/1.0" 200 71417 "-" "Mozilla/5.0 (compatible; SemrushBot/7~bl; +http://www.semrush.com/bot.html)"
13.66.139.73 - - [20/Feb/2021:10:06:54 +0100] "GET /talent-cup-william-shakespeare-tassen-p-46345.html HTTP/1.0" 301 74008 "-" "Mozilla/5.0 (compatible; bingbot/2.0; +http://www.bing.com/bingbot.htm)"
185.191.171.38 - - [20/Feb/2021:10:07:13 +0100] "GET /pinocchio-figure-collection-britto-p-52404.html?action=add_product HTTP/1.0" 302 476 "-" "Mozilla/5.0 (compatible; SemrushBot/7~bl; +http://www.semrush.com/bot.html)"
185.191.171.16 - - [20/Feb/2021:10:07:14 +0100] "GET /incense-marco-polo-treasures-kampuram-grams-p-45151.html HTTP/1.0" 200 72365 "-" "Mozilla/5.0 (compatible; SemrushBot/7~bl; +http://www.semrush.com/bot.html)"
54.36.148.70 - - [20/Feb/2021:10:07:41 +0100] "GET /wonder-woman-cork-coaster-p-49622.html HTTP/1.0" 200 71304 "-" "Mozilla/5.0 (compatible; AhrefsBot/7.0; +http://ahrefs.com/robot/)"
13.66.139.88 - - [20/Feb/2021:10:07:41 +0100] "GET /vive-paris-hairbrush-p-18965.html HTTP/1.0" 200 71318 "-" "Mozilla/5.0 (compatible; bingbot/2.0; +http://www.bing.com/bingbot.htm)"
13.66.139.88 - - [20/Feb/2021:10:07:43 +0100] "GET /eeyore-thanks-for-noticin-me-figure-collection-p-33737.html HTTP/1.0" 301 68757 "-" "Mozilla/5.0 (compatible; bingbot/2.0; +http://www.bing.com/bingbot.htm)"
13.66.139.73 - - [20/Feb/2021:10:07:46 +0100] "GET /jacquard-anti-stain-tablecloth-light-gray-140-140-cm-p-34053.html HTTP/1.0" 301 68757 "-" "Mozilla/5.0 (compatible; bingbot/2.0; +http://www.bing.com/bingbot.htm)"
185.191.171.18 - - [20/Feb/2021:10:08:05 +0100] "GET /cotton-floor-cushion-longbeach-blue-p-51662.html?action=add_product HTTP/1.0" 302 476 "-" "Mozilla/5.0 (compatible; SemrushBot/7~bl; +http://www.semrush.com/bot.html)"
13.66.139.73 - - [20/Feb/2021:10:08:42 +0100] "GET /images/big_prod/1399169040019.jpg HTTP/1.0" 200 268 "-" "Mozilla/5.0 (compatible; bingbot/2.0; +http://www.bing.com/bingbot.htm)"
13.66.139.73 - - [20/Feb/2021:10:08:44 +0100] "GET /despicable-me-large-flat-pocket-p-34125.html HTTP/1.0" 301 71587 "-" "Mozilla/5.0 (compatible; bingbot/2.0; +http://www.bing.com/bingbot.htm)"
13.66.139.88 - - [20/Feb/2021:10:08:45 +0100] "GET /-p-19545.html HTTP/1.0" 200 68690 "-" "Mozilla/5.0 (compatible; bingbot/2.0; +http://www.bing.com/bingbot.htm)"
185.191.171.14 - - [20/Feb/2021:10:08:47 +0100] "GET /incense-sticks-burner-storage-chakra-p-39490.html HTTP/1.0" 200 72415 "-" "Mozilla/5.0 (compatible; SemrushBot/7~bl; +http://www.semrush.com/bot.html)"
54.36.149.84 - - [20/Feb/2021:10:08:55 +0100] "GET /glass-cutting-board-by-cbkreation-p-51339.html HTTP/1.0" 301 71493 "-" "Mozilla/5.0 (compatible; AhrefsBot/7.0; +http://ahrefs.com/robot/)"
185.191.171.22 - - [20/Feb/2021:10:09:03 +0100] "GET /iron-maiden-zippo-lighter-p-39528.html HTTP/1.0" 200 73666 "-" "Mozilla/5.0 (compatible; SemrushBot/7~bl; +http://www.semrush.com/bot.html)"
185.191.171.19 - - [20/Feb/2021:10:09:14 +0100] "GET /happy-place-wooden-wall-decoration-hang-p-35372.html?action=add_product HTTP/1.0" 302 476 "-" "Mozilla/5.0 (compatible; SemrushBot/7~bl; +http://www.semrush.com/bot.html)"
13.66.139.137 - - [20/Feb/2021:10:09:21 +0100] "GET /bowls-c-12_60.html?page=5 HTTP/1.0" 200 90646 "-" "Mozilla/5.0 (compatible; bingbot/2.0; +http://www.bing.com/bingbot.htm)"
51.68.224.127 - - [20/Feb/2021:10:09:29 +0100] "GET /adminweb/export_orders_xml.php?token=256de2z6edz6ed2z6DFSFsed2zed6zeDSFDSGdzedezfzf&maxorders=10&orderstart=1&status=14&start_date=2018-10-01 HTTP/1.0" 200 285 "-" "GesCom CharlotteBoutik Serveur"
51.68.224.127 - - [20/Feb/2021:10:09:29 +0100] "GET /adminweb/export_orders_xml.php?token=256de2z6edz6ed2z6DFSFsed2zed6zeDSFDSGdzedezfzf&maxorders=10&orderstart=1&status=6&start_date=2018-10-01 HTTP/1.0" 200 29990 "-" "GesCom CharlotteBoutik Serveur"
13.66.139.73 - - [20/Feb/2021:10:09:44 +0100] "GET /halloween-figurine-sonny-p-31807.html HTTP/1.0" 200 68780 "-" "Mozilla/5.0 (compatible; bingbot/2.0; +http://www.bing.com/bingbot.htm)"
13.66.139.137 - - [20/Feb/2021:10:10:11 +0100] "GET /images/big_prod/3349600105690.jpg HTTP/1.0" 200 268 "-" "Mozilla/5.0 (compatible; bingbot/2.0; +http://www.bing.com/bingbot.htm)"
13.66.139.137 - - [20/Feb/2021:10:10:12 +0100] "GET /-p-30262.html HTTP/1.0" 200 68690 "-" "Mozilla/5.0 (compatible; bingbot/2.0; +http://www.bing.com/bingbot.htm)"
54.36.148.90 - - [20/Feb/2021:10:10:12 +0100] "GET /the-thinker-statue-of-deep-contemplation-by-rodin-15-cm-p-43679.html HTTP/1.0" 301 72380 "-" "Mozilla/5.0 (compatible; AhrefsBot/7.0; +http://ahrefs.com/robot/)"
185.191.171.45 - - [20/Feb/2021:10:10:20 +0100] "GET /barbapapa-musical-jewelry-p-16460.html?action=add_product HTTP/1.0" 302 476 "-" "Mozilla/5.0 (compatible; SemrushBot/7~bl; +http://www.semrush.com/bot.html)"
13.66.139.137 - - [20/Feb/2021:10:10:21 +0100] "GET /images/mini_prod/3503420048289.jpg HTTP/1.0" 200 269 "-" "Mozilla/5.0 (compatible; bingbot/2.0; +http://www.bing.com/bingbot.htm)"
185.191.171.5 - - [20/Feb/2021:10:10:22 +0100] "GET /urss-black-hoodies-p-31743.html?action=add_product HTTP/1.0" 302 476 "-" "Mozilla/5.0 (compatible; SemrushBot/7~bl; +http://www.semrush.com/bot.html)"
13.66.139.73 - - [20/Feb/2021:10:10:41 +0100] "GET /images/3521320608709.jpg HTTP/1.0" 200 259 "-" "Mozilla/5.0 (compatible; bingbot/2.0; +http://www.bing.com/bingbot.htm)"
185.191.171.35 - - [20/Feb/2021:10:10:46 +0100] "GET /paris-germain-ball-keyring-p-33920.html HTTP/1.0" 200 71401 "-" "Mozilla/5.0 (compatible; SemrushBot/7~bl; +http://www.semrush.com/bot.html)"
66.249.93.52 - - [20/Feb/2021:10:10:52 +0100] "GET /images/DSCN4020b.jpg HTTP/1.0" 200 255 "-" "Mozilla/5.0 (Windows NT 5.1; rv:11.0) Gecko Firefox/11.0 (via ggpht.com GoogleImageProxy)"
13.66.139.73 - - [20/Feb/2021:10:11:05 +0100] "GET /spongebob-names-shirt-p-29557.html HTTP/1.0" 200 72730 "-" "Mozilla/5.0 (compatible; bingbot/2.0; +http://www.bing.com/bingbot.htm)"
54.36.148.90 - - [20/Feb/2021:10:11:33 +0100] "GET /once-upon-kingdom-aurora-figurine-p-41971.html HTTP/1.0" 301 68757 "-" "Mozilla/5.0 (compatible; AhrefsBot/7.0; +http://ahrefs.com/robot/)"
13.66.139.88 - - [20/Feb/2021:10:11:43 +0100] "GET /images/3609810021037.jpg HTTP/1.0" 200 259 "-" "Mozilla/5.0 (compatible; bingbot/2.0; +http://www.bing.com/bingbot.htm)"
13.66.139.88 - - [20/Feb/2021:10:11:44 +0100] "GET /unicorn-plush-pink-and-white-11-cm-p-47653.html HTTP/1.0" 301 71516 "-" "Mozilla/5.0 (compatible; bingbot/2.0; +http://www.bing.com/bingbot.htm)"
13.66.139.88 - - [20/Feb/2021:10:11:45 +0100] "GET /black-fancy-elastic-bracelet-p-43720.html HTTP/1.0" 200 71330 "-" "Mozilla/5.0 (compatible; bingbot/2.0; +http://www.bing.com/bingbot.htm)"
54.36.148.21 - - [20/Feb/2021:10:11:57 +0100] "GET /beatles-black-shirt-p-30040.html HTTP/1.0" 301 68757 "-" "Mozilla/5.0 (compatible; AhrefsBot/7.0; +http://ahrefs.com/robot/)"
13.66.139.137 - - [20/Feb/2021:10:12:01 +0100] "GET /calavera-de-la-muerte-by-etienne-boyer-tee-shirt-p-30774.html HTTP/1.0" 301 73617 "-" "Mozilla/5.0 (compatible; bingbot/2.0; +http://www.bing.com/bingbot.htm)"
13.66.139.88 - - [20/Feb/2021:10:12:13 +0100] "GET /-p-11413.html HTTP/1.0" 200 68690 "-" "Mozilla/5.0 (compatible; bingbot/2.0; +http://www.bing.com/bingbot.htm)"
13.66.139.73 - - [20/Feb/2021:10:12:17 +0100] "GET /lola-shower-towel-70-130-cm-420-gr-grey-p-41786.html HTTP/1.0" 301 72324 "-" "Mozilla/5.0 (compatible; bingbot/2.0; +http://www.bing.com/bingbot.htm)"
13.66.139.73 - - [20/Feb/2021:10:12:19 +0100] "GET /charmmy-kitty-set-of-hair-clips-p-13536.html HTTP/1.0" 301 68919 "-" "Mozilla/5.0 (compatible; bingbot/2.0; +http://www.bing.com/bingbot.htm)"
13.66.139.137 - - [20/Feb/2021:10:12:22 +0100] "GET /wooden-boxes-and-storage-c-13_150_220.html HTTP/1.0" 301 88627 "-" "Mozilla/5.0 (compatible; bingbot/2.0; +http://www.bing.com/bingbot.htm)"
54.36.148.90 - - [20/Feb/2021:10:12:56 +0100] "GET /volkswagen-saltshaker-and-pepper-pot-p-35133.html HTTP/1.0" 301 71505 "-" "Mozilla/5.0 (compatible; AhrefsBot/7.0; +http://ahrefs.com/robot/)"
66.249.69.162 - - [20/Feb/2021:10:13:01 +0100] "GET /memory-bolster-p-47975.html HTTP/1.0" 200 72007 "-" "Mozilla/5.0 (Linux; Android 6.0.1; Nexus 5X Build/MMB29P) AppleWebKit/537.36 (KHTML, like Gecko) Chrome/88.0.4324.153 Mobile Safari/537.36 (compatible; Googlebot/2.1; +http://www.google.com/bot.html)"
185.191.171.25 - - [20/Feb/2021:10:13:09 +0100] "GET /parot-pencil-cbkreation-p-43336.html HTTP/1.0" 200 71371 "-" "Mozilla/5.0 (compatible; SemrushBot/7~bl; +http://www.semrush.com/bot.html)"
66.249.69.162 - - [20/Feb/2021:10:13:14 +0100] "GET /gund-mini-monkey-sound-plush-p-34855.html HTTP/1.0" 200 71469 "-" "Mozilla/5.0 (Linux; Android 6.0.1; Nexus 5X Build/MMB29P) AppleWebKit/537.36 (KHTML, like Gecko) Chrome/88.0.4324.153 Mobile Safari/537.36 (compatible; Googlebot/2.1; +http://www.google.com/bot.html)"
185.191.171.37 - - [20/Feb/2021:10:13:28 +0100] "GET /batik-wall-hanging-hand-fatima-p-49453.html?action=add_product HTTP/1.0" 302 476 "-" "Mozilla/5.0 (compatible; SemrushBot/7~bl; +http://www.semrush.com/bot.html)"
13.66.139.88 - - [20/Feb/2021:10:13:50 +0100] "GET /images/big_prod_1/3520071702285B.jpg HTTP/1.0" 200 271 "-" "Mozilla/5.0 (compatible; bingbot/2.0; +http://www.bing.com/bingbot.htm)"
13.66.139.73 - - [20/Feb/2021:10:13:55 +0100] "GET /small-wood-retro-perpetual-calendar-p-45695.html HTTP/1.0" 301 71520 "-" "Mozilla/5.0 (compatible; bingbot/2.0; +http://www.bing.com/bingbot.htm)"
54.36.148.90 - - [20/Feb/2021:10:14:04 +0100] "GET /harley-davidson-garage-metal-plate-p-33719.html HTTP/1.0" 200 71425 "-" "Mozilla/5.0 (compatible; AhrefsBot/7.0; +http://ahrefs.com/robot/)"
216.244.66.242 - - [20/Feb/2021:10:14:22 +0100] "GET /robots.txt HTTP/1.0" 200 245 "-" "Mozilla/5.0 (compatible; DotBot/1.1; http://www.opensiteexplorer.org/dotbot, help@moz.com)"
13.66.139.88 - - [20/Feb/2021:10:14:44 +0100] "GET /jakarta-yellow-carpet-60-120-cm-p-48420.html HTTP/1.0" 301 72227 "-" "Mozilla/5.0 (compatible; bingbot/2.0; +http://www.bing.com/bingbot.htm)"
13.66.139.88 - - [20/Feb/2021:10:15:13 +0100] "GET /best-surfing-wooden-wall-decoration-to-hang-p-36087.html HTTP/1.0" 301 71701 "-" "Mozilla/5.0 (compatible; bingbot/2.0; +http://www.bing.com/bingbot.htm)"
54.36.148.90 - - [20/Feb/2021:10:15:15 +0100] "GET /lamp-led-usb-buddha-13-cm-green-p-44890.html HTTP/1.0" 301 71500 "-" "Mozilla/5.0 (compatible; AhrefsBot/7.0; +http://ahrefs.com/robot/)"
13.66.139.88 - - [20/Feb/2021:10:15:34 +0100] "GET /zen-nature-stickers-p-35386.html HTTP/1.0" 301 68850 "-" "Mozilla/5.0 (compatible; bingbot/2.0; +http://www.bing.com/bingbot.htm)"
13.66.139.88 - - [20/Feb/2021:10:15:51 +0100] "GET /images/big_prod/4029811336333.jpg HTTP/1.0" 200 268 "-" "Mozilla/5.0 (compatible; bingbot/2.0; +http://www.bing.com/bingbot.htm)"
157.55.39.251 - - [20/Feb/2021:10:15:55 +0100] "GET /adults/tshirts-and-sweatshirts-men/gremlins-stripe-tshirt-size-p-16706.html HTTP/1.0" 301 68757 "-" "Mozilla/5.0 (compatible; bingbot/2.0; +http://www.bing.com/bingbot.htm)"
157.55.39.99 - - [20/Feb/2021:10:16:00 +0100] "GET /-p-17554.html HTTP/1.0" 200 68690 "-" "Mozilla/5.0 (compatible; bingbot/2.0; +http://www.bing.com/bingbot.htm)"
185.191.171.40 - - [20/Feb/2021:10:16:11 +0100] "GET /disney-showcase-figurine-collection-raiponce-p-24357.html HTTP/1.0" 200 71781 "-" "Mozilla/5.0 (compatible; SemrushBot/7~bl; +http://www.semrush.com/bot.html)"
13.66.139.137 - - [20/Feb/2021:10:16:12 +0100] "GET /amazon-love-glasses-case-light-pink-p-50268.html HTTP/1.0" 200 72461 "-" "Mozilla/5.0 (compatible; bingbot/2.0; +http://www.bing.com/bingbot.htm)"
13.66.139.137 - - [20/Feb/2021:10:16:14 +0100] "GET /urss-tee-shirt-p-30579.html HTTP/1.0" 301 73275 "-" "Mozilla/5.0 (compatible; bingbot/2.0; +http://www.bing.com/bingbot.htm)"
185.191.171.39 - - [20/Feb/2021:10:16:15 +0100] "GET /himalayan-mood-saltlamp-orange-leds-p-44959.html HTTP/1.0" 200 73137 "-" "Mozilla/5.0 (compatible; SemrushBot/7~bl; +http://www.semrush.com/bot.html)"
185.191.171.40 - - [20/Feb/2021:10:16:26 +0100] "GET /cats-hearts-potholder-glove-p-37925.html HTTP/1.0" 200 71433 "-" "Mozilla/5.0 (compatible; SemrushBot/7~bl; +http://www.semrush.com/bot.html)"
157.55.39.246 - - [20/Feb/2021:10:16:29 +0100] "GET /js/jquery.js HTTP/1.0" 200 252 "-" "Mozilla/5.0 (compatible; bingbot/2.0; +http://www.bing.com/bingbot.htm)"
54.36.148.50 - - [20/Feb/2021:10:16:32 +0100] "GET /raving-rabbids-pencil-case-p-40884.html HTTP/1.0" 200 71385 "-" "Mozilla/5.0 (compatible; AhrefsBot/7.0; +http://ahrefs.com/robot/)"
185.191.171.1 - - [20/Feb/2021:10:16:33 +0100] "GET /candle-made-france-hours-white-musk-p-43881.html?action=add_product HTTP/1.0" 302 476 "-" "Mozilla/5.0 (compatible; SemrushBot/7~bl; +http://www.semrush.com/bot.html)"
13.66.139.73 - - [20/Feb/2021:10:16:38 +0100] "GET /images/big_prod/4012390387834.jpg HTTP/1.0" 200 268 "-" "Mozilla/5.0 (compatible; bingbot/2.0; +http://www.bing.com/bingbot.htm)"
13.66.139.73 - - [20/Feb/2021:10:16:38 +0100] "GET /clocks-c-13_67.html?page=11 HTTP/1.0" 200 91089 "-" "Mozilla/5.0 (compatible; bingbot/2.0; +http://www.bing.com/bingbot.htm)"
157.55.39.246 - - [20/Feb/2021:10:16:43 +0100] "GET /js/jquery.js HTTP/1.0" 200 252 "-" "Mozilla/5.0 (compatible; bingbot/2.0; +http://www.bing.com/bingbot.htm)"
5.188.211.10 - - [20/Feb/2021:10:17:00 +0100] "GET /index.php HTTP/1.0" 200 94046 "-" "Mozilla/4.0 (compatible; MSIE 6.0; Windows NT 5.1; SV1)"
5.188.211.10 - - [20/Feb/2021:10:17:00 +0100] "GET /posters-stickers-wall-c-13_147.html HTTP/1.0" 200 89624 "-" "Mozilla/4.0 (compatible; MSIE 6.0; Windows NT 5.1; SV1)"
5.188.211.10 - - [20/Feb/2021:10:17:01 +0100] "GET /mtal-signs-c-13_130.html HTTP/1.0" 200 92616 "-" "Mozilla/4.0 (compatible; MSIE 6.0; Windows NT 5.1; SV1)"
5.188.211.10 - - [20/Feb/2021:10:17:03 +0100] "GET /contact_us.php HTTP/1.0" 200 26238 "-" "Mozilla/4.0 (compatible; MSIE 6.0; Windows NT 5.1; SV1)"
13.66.139.73 - - [20/Feb/2021:10:17:11 +0100] "GET /images/1399984256633.jpg HTTP/1.0" 200 259 "-" "Mozilla/5.0 (compatible; bingbot/2.0; +http://www.bing.com/bingbot.htm)"
13.66.139.73 - - [20/Feb/2021:10:17:13 +0100] "GET /microfibre-bed-base-cover-90-190-cm-black-p-47980.html HTTP/1.0" 301 71597 "-" "Mozilla/5.0 (compatible; bingbot/2.0; +http://www.bing.com/bingbot.htm)"
13.66.139.137 - - [20/Feb/2021:10:17:15 +0100] "GET /images/big_prod/3453131132459.jpg HTTP/1.0" 200 268 "-" "Mozilla/5.0 (compatible; bingbot/2.0; +http://www.bing.com/bingbot.htm)"
13.66.139.137 - - [20/Feb/2021:10:17:16 +0100] "GET /-p-22124.html HTTP/1.0" 200 68690 "-" "Mozilla/5.0 (compatible; bingbot/2.0; +http://www.bing.com/bingbot.htm)"
66.249.69.162 - - [20/Feb/2021:10:17:22 +0100] "GET /games-and-toys/toys/beyblade-mattress-swimming-pool-p-14358.html HTTP/1.0" 301 71619 "-" "Mozilla/5.0 (Linux; Android 6.0.1; Nexus 5X Build/MMB29P) AppleWebKit/537.36 (KHTML, like Gecko) Chrome/88.0.4324.188 Mobile Safari/537.36 (compatible; Googlebot/2.1; +http://www.google.com/bot.html)"
66.249.69.166 - - [20/Feb/2021:10:17:23 +0100] "GET /beyblade-mattress-swimming-pool-p-14358.html HTTP/1.0" 200 71521 "-" "Mozilla/5.0 (Linux; Android 6.0.1; Nexus 5X Build/MMB29P) AppleWebKit/537.36 (KHTML, like Gecko) Chrome/88.0.4324.188 Mobile Safari/537.36 (compatible; Googlebot/2.1; +http://www.google.com/bot.html)"
114.119.147.45 - - [20/Feb/2021:10:17:28 +0100] "GET /images/mini_prod/4250255858918.jpg HTTP/1.0" 200 269 "-" "Mozilla/5.0 (Linux; Android 7.0;) AppleWebKit/537.36 (KHTML, like Gecko) Mobile Safari/537.36 (compatible; PetalBot;+https://aspiegel.com/petalbot)"
185.191.171.24 - - [20/Feb/2021:10:17:31 +0100] "GET /strawberry-shortcake-swimming-ring-p-20718.html?action=add_product HTTP/1.0" 302 476 "-" "Mozilla/5.0 (compatible; SemrushBot/7~bl; +http://www.semrush.com/bot.html)"
185.191.171.39 - - [20/Feb/2021:10:17:34 +0100] "GET /trivet-boards-c-12_158.html?page=3 HTTP/1.0" 200 91869 "-" "Mozilla/5.0 (compatible; SemrushBot/7~bl; +http://www.semrush.com/bot.html)"
185.191.171.14 - - [20/Feb/2021:10:17:45 +0100] "GET /votive-candle-hours-twilight-p-37309.html?action=add_product HTTP/1.0" 302 476 "-" "Mozilla/5.0 (compatible; SemrushBot/7~bl; +http://www.semrush.com/bot.html)"
54.36.148.207 - - [20/Feb/2021:10:17:58 +0100] "GET /specials.php?page=2 HTTP/1.0" 200 126206 "-" "Mozilla/5.0 (compatible; AhrefsBot/7.0; +http://ahrefs.com/robot/)"
185.191.171.14 - - [20/Feb/2021:10:18:10 +0100] "GET /harmony-cotton-bedspread-granite-p-48143.html?action=add_product HTTP/1.0" 302 476 "-" "Mozilla/5.0 (compatible; SemrushBot/7~bl; +http://www.semrush.com/bot.html)"
13.66.139.88 - - [20/Feb/2021:10:18:15 +0100] "GET /-p-29393.html HTTP/1.0" 200 68690 "-" "Mozilla/5.0 (compatible; bingbot/2.0; +http://www.bing.com/bingbot.htm)"
13.66.139.137 - - [20/Feb/2021:10:18:22 +0100] "GET /gorjuss-ladybird-shopping-bag-p-25950.html HTTP/1.0" 301 71672 "-" "Mozilla/5.0 (compatible; bingbot/2.0; +http://www.bing.com/bingbot.htm)"
13.66.139.73 - - [20/Feb/2021:10:18:26 +0100] "GET /the-shadow-frame-cats-by-dubout-cat-nap-p-38858.html HTTP/1.0" 301 71988 "-" "Mozilla/5.0 (compatible; bingbot/2.0; +http://www.bing.com/bingbot.htm)"
13.66.139.137 - - [20/Feb/2021:10:18:42 +0100] "GET /images/big_prod_1/a028399235100.jpg HTTP/1.0" 200 270 "-" "Mozilla/5.0 (compatible; bingbot/2.0; +http://www.bing.com/bingbot.htm)"
13.66.139.73 - - [20/Feb/2021:10:18:46 +0100] "GET /calimero-bowl-p-26793.html HTTP/1.0" 200 71179 "-" "Mozilla/5.0 (compatible; bingbot/2.0; +http://www.bing.com/bingbot.htm)"
54.36.149.1 - - [20/Feb/2021:10:19:20 +0100] "GET /paris-wooden-frame-p-29215.html HTTP/1.0" 200 71286 "-" "Mozilla/5.0 (compatible; AhrefsBot/7.0; +http://ahrefs.com/robot/)"
185.191.171.16 - - [20/Feb/2021:10:19:36 +0100] "GET /little-toiletry-p-43411.html HTTP/1.0" 200 71401 "-" "Mozilla/5.0 (compatible; SemrushBot/7~bl; +http://www.semrush.com/bot.html)"
185.191.171.15 - - [20/Feb/2021:10:19:38 +0100] "GET /hello-kitty-red-suitcase-by-camomilla-p-11002.html HTTP/1.0" 301 68911 "-" "Mozilla/5.0 (compatible; SemrushBot/7~bl; +http://www.semrush.com/bot.html)"
185.191.171.36 - - [20/Feb/2021:10:19:40 +0100] "GET /hello-kitty-suitcase-camomilla-p-11002.html HTTP/1.0" 200 68814 "-" "Mozilla/5.0 (compatible; SemrushBot/7~bl; +http://www.semrush.com/bot.html)"
185.191.171.12 - - [20/Feb/2021:10:19:42 +0100] "GET /olympique-marseille-large-backpack-p-19700.html HTTP/1.0" 200 71562 "-" "Mozilla/5.0 (compatible; SemrushBot/7~bl; +http://www.semrush.com/bot.html)"
185.191.171.43 - - [20/Feb/2021:10:19:48 +0100] "GET /bedclothes-gomix-p-51703.html?action=add_product HTTP/1.0" 302 476 "-" "Mozilla/5.0 (compatible; SemrushBot/7~bl; +http://www.semrush.com/bot.html)"
185.191.171.15 - - [20/Feb/2021:10:20:08 +0100] "GET /led-bunny-nightlight-p-53138.html HTTP/1.0" 301 72613 "-" "Mozilla/5.0 (compatible; SemrushBot/7~bl; +http://www.semrush.com/bot.html)"
185.191.171.13 - - [20/Feb/2021:10:20:10 +0100] "GET /bunny-nightlight-p-53138.html HTTP/1.0" 200 72530 "-" "Mozilla/5.0 (compatible; SemrushBot/7~bl; +http://www.semrush.com/bot.html)"
13.66.139.88 - - [20/Feb/2021:10:20:25 +0100] "GET /minions-despicable-me-backpack-p-35791.html HTTP/1.0" 301 72340 "-" "Mozilla/5.0 (compatible; bingbot/2.0; +http://www.bing.com/bingbot.htm)"
13.66.139.88 - - [20/Feb/2021:10:20:26 +0100] "GET /salamander-wall-decoration-29-cm-p-47400.html HTTP/1.0" 301 71535 "-" "Mozilla/5.0 (compatible; bingbot/2.0; +http://www.bing.com/bingbot.htm)"
54.36.148.90 - - [20/Feb/2021:10:20:33 +0100] "GET /pooh-and-piglet-heart-figurine-p-44596.html HTTP/1.0" 301 72016 "-" "Mozilla/5.0 (compatible; AhrefsBot/7.0; +http://ahrefs.com/robot/)"
13.66.139.88 - - [20/Feb/2021:10:20:53 +0100] "GET /images/big_prod/3665269007169.jpg HTTP/1.0" 200 268 "-" "Mozilla/5.0 (compatible; bingbot/2.0; +http://www.bing.com/bingbot.htm)"
13.66.139.137 - - [20/Feb/2021:10:21:02 +0100] "GET /strawberry-shortcake-polar-blanket-p-2057.html HTTP/1.0" 200 68849 "-" "Mozilla/5.0 (compatible; bingbot/2.0; +http://www.bing.com/bingbot.htm)"
185.191.171.15 - - [20/Feb/2021:10:21:04 +0100] "GET /weapon-mtal-keyring-colt-python-p-31991.html HTTP/1.0" 200 71424 "-" "Mozilla/5.0 (compatible; SemrushBot/7~bl; +http://www.semrush.com/bot.html)"
185.191.171.34 - - [20/Feb/2021:10:21:18 +0100] "GET /route-66-us-small-lamp-p-29403.html HTTP/1.0" 301 71576 "-" "Mozilla/5.0 (compatible; SemrushBot/7~bl; +http://www.semrush.com/bot.html)"
185.191.171.15 - - [20/Feb/2021:10:21:20 +0100] "GET /route-small-lamp-p-29403.html HTTP/1.0" 200 71493 "-" "Mozilla/5.0 (compatible; SemrushBot/7~bl; +http://www.semrush.com/bot.html)"
185.191.171.3 - - [20/Feb/2021:10:21:39 +0100] "GET /ball-beige-p-38025.html HTTP/1.0" 200 71277 "-" "Mozilla/5.0 (compatible; SemrushBot/7~bl; +http://www.semrush.com/bot.html)"
13.66.139.137 - - [20/Feb/2021:10:21:42 +0100] "GET /paw-patrol-team-poster-p-32328.html HTTP/1.0" 301 68868 "-" "Mozilla/5.0 (compatible; bingbot/2.0; +http://www.bing.com/bingbot.htm)"
13.66.139.73 - - [20/Feb/2021:10:21:46 +0100] "GET /betty-boop-rectangular-metal-plate-p-12383.html HTTP/1.0" 200 68851 "-" "Mozilla/5.0 (compatible; bingbot/2.0; +http://www.bing.com/bingbot.htm)"
54.36.148.90 - - [20/Feb/2021:10:21:47 +0100] "GET /nightlight-shaped-bird-led-p-44649.html HTTP/1.0" 301 71450 "-" "Mozilla/5.0 (compatible; AhrefsBot/7.0; +http://ahrefs.com/robot/)"
13.66.139.73 - - [20/Feb/2021:10:21:47 +0100] "GET /tree-of-life-side-tables-p-53060.html HTTP/1.0" 301 71507 "-" "Mozilla/5.0 (compatible; bingbot/2.0; +http://www.bing.com/bingbot.htm)"
185.191.171.3 - - [20/Feb/2021:10:21:50 +0100] "GET /flower-life-cbkreation-p-43027.html?action=add_product HTTP/1.0" 302 476 "-" "Mozilla/5.0 (compatible; SemrushBot/7~bl; +http://www.semrush.com/bot.html)"
157.55.39.246 - - [20/Feb/2021:10:21:51 +0100] "GET /js/jquery.js HTTP/1.0" 200 252 "-" "Mozilla/5.0 (compatible; bingbot/2.0; +http://www.bing.com/bingbot.htm)"
185.191.171.25 - - [20/Feb/2021:10:22:01 +0100] "GET /animals-alarm-clock-by-cbkreation-p-43811.html HTTP/1.0" 301 71576 "-" "Mozilla/5.0 (compatible; SemrushBot/7~bl; +http://www.semrush.com/bot.html)"
185.191.171.15 - - [20/Feb/2021:10:22:03 +0100] "GET /animals-alarm-clock-cbkreation-p-43811.html HTTP/1.0" 200 71479 "-" "Mozilla/5.0 (compatible; SemrushBot/7~bl; +http://www.semrush.com/bot.html)"
13.66.139.137 - - [20/Feb/2021:10:22:42 +0100] "GET /images/big_prod/3520071598666.jpg HTTP/1.0" 200 268 "-" "Mozilla/5.0 (compatible; bingbot/2.0; +http://www.bing.com/bingbot.htm)"
13.66.139.137 - - [20/Feb/2021:10:22:42 +0100] "GET /-p-19672.html HTTP/1.0" 200 68690 "-" "Mozilla/5.0 (compatible; bingbot/2.0; +http://www.bing.com/bingbot.htm)"
54.36.148.92 - - [20/Feb/2021:10:22:55 +0100] "GET /pendulum-door-and-metal-floor-coat-170-cm-p-36078.html HTTP/1.0" 301 72226 "-" "Mozilla/5.0 (compatible; AhrefsBot/7.0; +http://ahrefs.com/robot/)"
185.191.171.7 - - [20/Feb/2021:10:23:08 +0100] "GET /petit-prince-exupry-collection-p-44543.html HTTP/1.0" 200 71495 "-" "Mozilla/5.0 (compatible; SemrushBot/7~bl; +http://www.semrush.com/bot.html)"
185.191.171.22 - - [20/Feb/2021:10:23:11 +0100] "GET /duvet-cover-cotton-percale-threads-p-48212.html?action=add_product HTTP/1.0" 302 476 "-" "Mozilla/5.0 (compatible; SemrushBot/7~bl; +http://www.semrush.com/bot.html)"
185.191.171.3 - - [20/Feb/2021:10:23:16 +0100] "GET /salt-pepper-chicken-rooster-p-45774.html?action=add_product HTTP/1.0" 302 476 "-" "Mozilla/5.0 (compatible; SemrushBot/7~bl; +http://www.semrush.com/bot.html)"
13.66.139.73 - - [20/Feb/2021:10:23:25 +0100] "GET /-p-12658.html HTTP/1.0" 200 68690 "-" "Mozilla/5.0 (compatible; bingbot/2.0; +http://www.bing.com/bingbot.htm)"
13.66.139.73 - - [20/Feb/2021:10:23:26 +0100] "GET /-p-13951.html HTTP/1.0" 200 68690 "-" "Mozilla/5.0 (compatible; bingbot/2.0; +http://www.bing.com/bingbot.htm)"
13.66.139.73 - - [20/Feb/2021:10:23:27 +0100] "GET /-p-17879.html HTTP/1.0" 200 68690 "-" "Mozilla/5.0 (compatible; bingbot/2.0; +http://www.bing.com/bingbot.htm)"
13.66.139.73 - - [20/Feb/2021:10:23:28 +0100] "GET /-p-20150.html HTTP/1.0" 200 68690 "-" "Mozilla/5.0 (compatible; bingbot/2.0; +http://www.bing.com/bingbot.htm)"
13.66.139.73 - - [20/Feb/2021:10:23:29 +0100] "GET /-p-25054.html HTTP/1.0" 200 68690 "-" "Mozilla/5.0 (compatible; bingbot/2.0; +http://www.bing.com/bingbot.htm)"
13.66.139.73 - - [20/Feb/2021:10:23:34 +0100] "GET /-p-24428.html HTTP/1.0" 200 68690 "-" "Mozilla/5.0 (compatible; bingbot/2.0; +http://www.bing.com/bingbot.htm)"
13.66.139.73 - - [20/Feb/2021:10:23:35 +0100] "GET /-p-28590.html HTTP/1.0" 200 68690 "-" "Mozilla/5.0 (compatible; bingbot/2.0; +http://www.bing.com/bingbot.htm)"
13.66.139.73 - - [20/Feb/2021:10:23:36 +0100] "GET /-p-19352.html HTTP/1.0" 200 68690 "-" "Mozilla/5.0 (compatible; bingbot/2.0; +http://www.bing.com/bingbot.htm)"
13.66.139.73 - - [20/Feb/2021:10:23:37 +0100] "GET /-p-22743.html HTTP/1.0" 200 68690 "-" "Mozilla/5.0 (compatible; bingbot/2.0; +http://www.bing.com/bingbot.htm)"
