89.80.96.148 - - [20/Feb/2021:18:08:05 +0100] "GET /js/jquery.js HTTP/1.1" 200 54075 "http://www.wonder-geek.com/large-tassen-porcelain-hopeful-bowl-made-germany-p-52576.html" "Mozilla/5.0 (iPhone; CPU iPhone OS 14_4 like Mac OS X) AppleWebKit/605.1.15 (KHTML, like Gecko) Version/14.0.3 Mobile/15E148 Safari/604.1"
89.80.96.148 - - [20/Feb/2021:18:08:05 +0100] "GET /mondial_relay/js/jquery-1.3.2.min.js HTTP/1.1" 200 57254 "http://www.wonder-geek.com/large-tassen-porcelain-hopeful-bowl-made-germany-p-52576.html" "Mozilla/5.0 (iPhone; CPU iPhone OS 14_4 like Mac OS X) AppleWebKit/605.1.15 (KHTML, like Gecko) Version/14.0.3 Mobile/15E148 Safari/604.1"
89.80.96.148 - - [20/Feb/2021:18:08:05 +0100] "GET /templates/Pixame_v1/images/icon_accueil2.png HTTP/1.1" 200 1137 "http://www.wonder-geek.com/large-tassen-porcelain-hopeful-bowl-made-germany-p-52576.html" "Mozilla/5.0 (iPhone; CPU iPhone OS 14_4 like Mac OS X) AppleWebKit/605.1.15 (KHTML, like Gecko) Version/14.0.3 Mobile/15E148 Safari/604.1"
89.80.96.148 - - [20/Feb/2021:18:08:05 +0100] "GET /images/big_prod/4250255859472.jpg HTTP/1.1" 200 28826 "http://www.wonder-geek.com/large-tassen-porcelain-hopeful-bowl-made-germany-p-52576.html" "Mozilla/5.0 (iPhone; CPU iPhone OS 14_4 like Mac OS X) AppleWebKit/605.1.15 (KHTML, like Gecko) Version/14.0.3 Mobile/15E148 Safari/604.1"
89.80.96.148 - - [20/Feb/2021:18:08:05 +0100] "GET /images/big_prod_2/4250255859472b.jpg HTTP/1.1" 200 28453 "http://www.wonder-geek.com/large-tassen-porcelain-hopeful-bowl-made-germany-p-52576.html" "Mozilla/5.0 (iPhone; CPU iPhone OS 14_4 like Mac OS X) AppleWebKit/605.1.15 (KHTML, like Gecko) Version/14.0.3 Mobile/15E148 Safari/604.1"
89.80.96.148 - - [20/Feb/2021:18:08:05 +0100] "GET /images/big_prod_1/4250255859472a.jpg HTTP/1.1" 200 78986 "http://www.wonder-geek.com/large-tassen-porcelain-hopeful-bowl-made-germany-p-52576.html" "Mozilla/5.0 (iPhone; CPU iPhone OS 14_4 like Mac OS X) AppleWebKit/605.1.15 (KHTML, like Gecko) Version/14.0.3 Mobile/15E148 Safari/604.1"
89.80.96.148 - - [20/Feb/2021:18:08:05 +0100] "GET /templates/Pixame_v1/images/buttons/english/button_in_cart.gif HTTP/1.1" 200 1212 "http://www.wonder-geek.com/large-tassen-porcelain-hopeful-bowl-made-germany-p-52576.html" "Mozilla/5.0 (iPhone; CPU iPhone OS 14_4 like Mac OS X) AppleWebKit/605.1.15 (KHTML, like Gecko) Version/14.0.3 Mobile/15E148 Safari/604.1"
89.80.96.148 - - [20/Feb/2021:18:08:05 +0100] "GET /templates/Pixame_v1/images/Bottom_texture.jpg HTTP/1.1" 200 56290 "http://www.wonder-geek.com/large-tassen-porcelain-hopeful-bowl-made-germany-p-52576.html" "Mozilla/5.0 (iPhone; CPU iPhone OS 14_4 like Mac OS X) AppleWebKit/605.1.15 (KHTML, like Gecko) Version/14.0.3 Mobile/15E148 Safari/604.1"
89.80.96.148 - - [20/Feb/2021:18:08:05 +0100] "GET /templates/Pixame_v1/images/nav.png HTTP/1.1" 200 1283 "http://www.wonder-geek.com/large-tassen-porcelain-hopeful-bowl-made-germany-p-52576.html" "Mozilla/5.0 (iPhone; CPU iPhone OS 14_4 like Mac OS X) AppleWebKit/605.1.15 (KHTML, like Gecko) Version/14.0.3 Mobile/15E148 Safari/604.1"
89.80.96.148 - - [20/Feb/2021:18:08:05 +0100] "GET /templates/Pixame_v1/images/header.png HTTP/1.1" 200 70245 "http://www.wonder-geek.com/large-tassen-porcelain-hopeful-bowl-made-germany-p-52576.html" "Mozilla/5.0 (iPhone; CPU iPhone OS 14_4 like Mac OS X) AppleWebKit/605.1.15 (KHTML, like Gecko) Version/14.0.3 Mobile/15E148 Safari/604.1"
89.80.96.148 - - [20/Feb/2021:18:08:05 +0100] "GET /templates/Pixame_v1/images/header-object.png HTTP/1.1" 200 106050 "http://www.wonder-geek.com/large-tassen-porcelain-hopeful-bowl-made-germany-p-52576.html" "Mozilla/5.0 (iPhone; CPU iPhone OS 14_4 like Mac OS X) AppleWebKit/605.1.15 (KHTML, like Gecko) Version/14.0.3 Mobile/15E148 Safari/604.1"
89.80.96.148 - - [20/Feb/2021:18:08:05 +0100] "GET /design/productsenstock.png HTTP/1.1" 200 4743 "http://www.wonder-geek.com/large-tassen-porcelain-hopeful-bowl-made-germany-p-52576.html" "Mozilla/5.0 (iPhone; CPU iPhone OS 14_4 like Mac OS X) AppleWebKit/605.1.15 (KHTML, like Gecko) Version/14.0.3 Mobile/15E148 Safari/604.1"
89.80.96.148 - - [20/Feb/2021:18:08:05 +0100] "GET /templates/Pixame_v1/images/Middle_texture.jpg HTTP/1.1" 200 249620 "http://www.wonder-geek.com/large-tassen-porcelain-hopeful-bowl-made-germany-p-52576.html" "Mozilla/5.0 (iPhone; CPU iPhone OS 14_4 like Mac OS X) AppleWebKit/605.1.15 (KHTML, like Gecko) Version/14.0.3 Mobile/15E148 Safari/604.1"
89.80.96.148 - - [20/Feb/2021:18:08:05 +0100] "GET /highslide/graphics/outlines/drop-shadow.png HTTP/1.1" 200 2022 "http://www.wonder-geek.com/large-tassen-porcelain-hopeful-bowl-made-germany-p-52576.html" "Mozilla/5.0 (iPhone; CPU iPhone OS 14_4 like Mac OS X) AppleWebKit/605.1.15 (KHTML, like Gecko) Version/14.0.3 Mobile/15E148 Safari/604.1"
89.80.96.148 - - [20/Feb/2021:18:08:05 +0100] "GET /favicon.ico HTTP/1.1" 200 1591 "http://www.wonder-geek.com/large-tassen-porcelain-hopeful-bowl-made-germany-p-52576.html" "Mozilla/5.0 (iPhone; CPU iPhone OS 14_4 like Mac OS X) AppleWebKit/605.1.15 (KHTML, like Gecko) Version/14.0.3 Mobile/15E148 Safari/604.1"
54.236.1.13 - - [20/Feb/2021:18:08:17 +0100] "GET /images/1399984234846.jpg HTTP/1.1" 200 170240 "-" "Mozilla/5.0 (compatible; Pinterestbot/1.0; +http://www.pinterest.com/bot.html)"
40.114.40.98 - - [20/Feb/2021:18:09:24 +0100] "GET /images/med_prod/4029811281688.jpg HTTP/1.1" 200 111264 "-" "Mozilla/5.0 (X11; Linux i686) AppleWebKit/537.17 (KHTML, like Gecko) Chrome/24.0.1312.27 Safari/537.17"
13.66.139.88 - - [20/Feb/2021:18:10:40 +0100] "GET /images/big_prod/5401924021044.jpg HTTP/1.1" 200 28943 "-" "Mozilla/5.0 (compatible; bingbot/2.0; +http://www.bing.com/bingbot.htm)"
157.55.39.246 - - [20/Feb/2021:18:10:57 +0100] "GET /js/jquery.js HTTP/1.1" 200 54075 "-" "Mozilla/5.0 (compatible; bingbot/2.0; +http://www.bing.com/bingbot.htm)"
13.66.139.73 - - [20/Feb/2021:18:12:15 +0100] "GET /images/big_prod/3700344871775.jpg HTTP/1.1" 200 40792 "-" "Mozilla/5.0 (compatible; bingbot/2.0; +http://www.bing.com/bingbot.htm)"
207.46.13.52 - - [20/Feb/2021:18:12:22 +0100] "GET /js/jquery.masonry.min.js HTTP/1.1" 200 5392 "-" "Mozilla/5.0 (compatible; bingbot/2.0; +http://www.bing.com/bingbot.htm)"
13.66.139.137 - - [20/Feb/2021:18:12:32 +0100] "GET /images/b4010070225216.jpg HTTP/1.1" 200 101177 "-" "Mozilla/5.0 (compatible; bingbot/2.0; +http://www.bing.com/bingbot.htm)"
114.119.139.107 - - [20/Feb/2021:18:12:45 +0100] "GET /robots.txt HTTP/1.1" 200 2438 "-" "(compatible;PetalBot;+https://aspiegel.com/petalbot)"
13.66.139.88 - - [20/Feb/2021:18:14:23 +0100] "GET /images/big_prod_4/d4542202653777.jpg HTTP/1.1" 200 116580 "-" "Mozilla/5.0 (compatible; bingbot/2.0; +http://www.bing.com/bingbot.htm)"
13.66.139.73 - - [20/Feb/2021:18:14:44 +0100] "GET /images/mini_prod/8719075390252.jpg HTTP/1.1" 200 7114 "-" "Mozilla/5.0 (compatible; bingbot/2.0; +http://www.bing.com/bingbot.htm)"
13.66.139.73 - - [20/Feb/2021:18:14:55 +0100] "GET /images/mini_prod/3503420127014.jpg HTTP/1.1" 200 5567 "-" "Mozilla/5.0 (compatible; bingbot/2.0; +http://www.bing.com/bingbot.htm)"
13.66.139.73 - - [20/Feb/2021:18:15:34 +0100] "GET /images/big_prod/3494150108957.jpg HTTP/1.1" 200 138217 "-" "Mozilla/5.0 (compatible; bingbot/2.0; +http://www.bing.com/bingbot.htm)"
17.58.101.142 - - [20/Feb/2021:18:16:24 +0100] "GET /images/3438100333303.jpg HTTP/1.1" 200 36416 "-" "Mozilla/5.0 (Macintosh; Intel Mac OS X 10_15_5) AppleWebKit/605.1.15 (KHTML, like Gecko) Version/13.1.1 Safari/605.1.15 (Applebot/0.1; +http://www.apple.com/go/applebot)"
13.66.139.73 - - [20/Feb/2021:18:16:44 +0100] "GET /images/DSCN46723681643302491.jpg HTTP/1.1" 200 20263 "-" "Mozilla/5.0 (compatible; bingbot/2.0; +http://www.bing.com/bingbot.htm)"
185.191.171.22 - - [20/Feb/2021:18:16:52 +0100] "GET /robots.txt HTTP/1.1" 200 2438 "-" "Mozilla/5.0 (compatible; SemrushBot/7~bl; +http://www.semrush.com/bot.html)"
157.56.183.179 - - [20/Feb/2021:18:17:55 +0100] "GET /images/4542202650509.jpg HTTP/1.1" 200 43201 "-" "Mozilla/5.0 (X11; Linux i686) AppleWebKit/537.17 (KHTML, like Gecko) Chrome/24.0.1312.27 Safari/537.17"
66.249.69.164 - - [20/Feb/2021:18:18:13 +0100] "GET /images/mini_prod/8433933192870.jpg HTTP/1.1" 200 6904 "-" "Googlebot-Image/1.0"
13.66.139.137 - - [20/Feb/2021:18:18:48 +0100] "GET /images/3272760369599.jpg HTTP/1.1" 200 25508 "-" "Mozilla/5.0 (compatible; bingbot/2.0; +http://www.bing.com/bingbot.htm)"
40.114.40.98 - - [20/Feb/2021:18:19:15 +0100] "GET /images/5012994628660.jpg HTTP/1.1" 200 22584 "-" "Mozilla/5.0 (X11; Linux i686) AppleWebKit/537.17 (KHTML, like Gecko) Chrome/24.0.1312.27 Safari/537.17"
110.249.201.118 - - [20/Feb/2021:18:21:17 +0100] "GET /images/big_prod/1140176020422.jpg HTTP/1.1" 200 64549 "http://www.wonder-geek.com/marilyn-strass-mobile-sock-p-1998.html" "Mozilla/5.0 (Linux; Android 5.0) AppleWebKit/537.36 (KHTML, like Gecko) Mobile Safari/537.36 (compatible; Bytespider; https://zhanzhang.toutiao.com/)"
13.66.139.137 - - [20/Feb/2021:18:21:30 +0100] "GET /images/big_prod_4/5404006040780c.jpg HTTP/1.1" 200 183329 "-" "Mozilla/5.0 (compatible; bingbot/2.0; +http://www.bing.com/bingbot.htm)"
13.66.139.137 - - [20/Feb/2021:18:23:09 +0100] "GET /images/big_prod/3665269061055z.jpg HTTP/1.1" 200 208563 "-" "Mozilla/5.0 (compatible; bingbot/2.0; +http://www.bing.com/bingbot.htm)"
13.66.139.73 - - [20/Feb/2021:18:23:47 +0100] "GET /images/big_prod/4542202662120NN.jpg HTTP/1.1" 200 54010 "-" "Mozilla/5.0 (compatible; bingbot/2.0; +http://www.bing.com/bingbot.htm)"
13.66.139.73 - - [20/Feb/2021:18:23:47 +0100] "GET /images/med_prod/3014627829941.jpg HTTP/1.1" 200 37580 "-" "Mozilla/5.0 (compatible; bingbot/2.0; +http://www.bing.com/bingbot.htm)"
13.66.139.137 - - [20/Feb/2021:18:24:49 +0100] "GET /images/big_prod/1399984240137SPIDERMAN.jpg HTTP/1.1" 200 97154 "-" "Mozilla/5.0 (compatible; bingbot/2.0; +http://www.bing.com/bingbot.htm)"
13.66.139.137 - - [20/Feb/2021:18:29:40 +0100] "GET /images/med_prod/3453131128094.jpg HTTP/1.1" 200 90621 "-" "Mozilla/5.0 (compatible; bingbot/2.0; +http://www.bing.com/bingbot.htm)"
13.66.139.73 - - [20/Feb/2021:18:31:10 +0100] "GET /images/big_prod_2/1328399219575b.jpg HTTP/1.1" 200 78296 "-" "Mozilla/5.0 (compatible; bingbot/2.0; +http://www.bing.com/bingbot.htm)"
13.66.139.137 - - [20/Feb/2021:18:31:14 +0100] "GET /images/mini_prod/190603014627555642.jpg HTTP/1.1" 200 6187 "-" "Mozilla/5.0 (compatible; bingbot/2.0; +http://www.bing.com/bingbot.htm)"
220.243.135.175 - - [20/Feb/2021:18:31:17 +0100] "GET /images/8427787039313.jpg HTTP/1.1" 200 41838 "http://www.wonder-geek.com/charmmy-kitty-hair-ornements-p-13559.html" "Mozilla/5.0 (Linux; Android 5.0) AppleWebKit/537.36 (KHTML, like Gecko) Mobile Safari/537.36 (compatible; Bytespider; https://zhanzhang.toutiao.com/)"
66.249.69.166 - - [20/Feb/2021:18:32:08 +0100] "GET /images/mini_prod/5051276272788.jpg HTTP/1.1" 200 7889 "-" "Googlebot-Image/1.0"
13.66.139.137 - - [20/Feb/2021:18:32:39 +0100] "GET /images/big_prod/5400924036430.jpg HTTP/1.1" 200 47914 "-" "Mozilla/5.0 (compatible; bingbot/2.0; +http://www.bing.com/bingbot.htm)"
13.66.139.73 - - [20/Feb/2021:18:33:09 +0100] "GET /images/big_prod/1345544930512.jpg HTTP/1.1" 200 101829 "-" "Mozilla/5.0 (compatible; bingbot/2.0; +http://www.bing.com/bingbot.htm)"
157.55.39.246 - - [20/Feb/2021:18:34:19 +0100] "GET /js/jquery.js HTTP/1.1" 200 54075 "-" "Mozilla/5.0 (compatible; bingbot/2.0; +http://www.bing.com/bingbot.htm)"
157.55.39.246 - - [20/Feb/2021:18:34:29 +0100] "GET /js/jquery.js HTTP/1.1" 200 54075 "-" "Mozilla/5.0 (compatible; bingbot/2.0; +http://www.bing.com/bingbot.htm)"
13.66.139.73 - - [20/Feb/2021:18:34:48 +0100] "GET /images/big_prod_1/8433916685016N.jpg HTTP/1.1" 200 80392 "-" "Mozilla/5.0 (compatible; bingbot/2.0; +http://www.bing.com/bingbot.htm)"
13.66.139.88 - - [20/Feb/2021:18:35:20 +0100] "GET /images/big_prod/3014627973460.jpg HTTP/1.1" 200 63318 "-" "Mozilla/5.0 (compatible; bingbot/2.0; +http://www.bing.com/bingbot.htm)"
66.249.69.162 - - [20/Feb/2021:18:36:21 +0100] "GET /images/mini_prod/3700276281833050720122.jpg HTTP/1.1" 200 7857 "-" "Googlebot-Image/1.0"
13.66.139.137 - - [20/Feb/2021:18:36:51 +0100] "GET /images/4895029694639.jpg HTTP/1.1" 200 49124 "-" "Mozilla/5.0 (compatible; bingbot/2.0; +http://www.bing.com/bingbot.htm)"
17.58.101.142 - - [20/Feb/2021:18:39:43 +0100] "GET /images/mini_prod/1399984248966.jpg HTTP/1.1" 200 10067 "-" "Mozilla/5.0 (Macintosh; Intel Mac OS X 10_15_5) AppleWebKit/605.1.15 (KHTML, like Gecko) Version/13.1.1 Safari/605.1.15 (Applebot/0.1; +http://www.apple.com/go/applebot)"
90.193.229.158 - - [20/Feb/2021:18:39:44 +0100] "GET /js/jquery.jqzoom.js HTTP/1.1" 200 4761 "http://www.wonder-geek.com/candy-cloud-pencil-case-bubblegum-p-49848.html" "Mozilla/5.0 (Macintosh; Intel Mac OS X 10_15_6) AppleWebKit/605.1.15 (KHTML, like Gecko) Version/14.0.3 Safari/605.1.15"
90.193.229.158 - - [20/Feb/2021:18:39:44 +0100] "GET /templates/Pixame_v1/stylesheet.css HTTP/1.1" 200 56057 "http://www.wonder-geek.com/candy-cloud-pencil-case-bubblegum-p-49848.html" "Mozilla/5.0 (Macintosh; Intel Mac OS X 10_15_6) AppleWebKit/605.1.15 (KHTML, like Gecko) Version/14.0.3 Safari/605.1.15"
90.193.229.158 - - [20/Feb/2021:18:39:44 +0100] "GET /highslide/highslide.js HTTP/1.1" 200 42909 "http://www.wonder-geek.com/candy-cloud-pencil-case-bubblegum-p-49848.html" "Mozilla/5.0 (Macintosh; Intel Mac OS X 10_15_6) AppleWebKit/605.1.15 (KHTML, like Gecko) Version/14.0.3 Safari/605.1.15"
90.193.229.158 - - [20/Feb/2021:18:39:44 +0100] "GET /js/jquery.js HTTP/1.1" 200 54075 "http://www.wonder-geek.com/candy-cloud-pencil-case-bubblegum-p-49848.html" "Mozilla/5.0 (Macintosh; Intel Mac OS X 10_15_6) AppleWebKit/605.1.15 (KHTML, like Gecko) Version/14.0.3 Safari/605.1.15"
90.193.229.158 - - [20/Feb/2021:18:39:44 +0100] "GET /mondial_relay/js/jquery-1.3.2.min.js HTTP/1.1" 200 57254 "http://www.wonder-geek.com/candy-cloud-pencil-case-bubblegum-p-49848.html" "Mozilla/5.0 (Macintosh; Intel Mac OS X 10_15_6) AppleWebKit/605.1.15 (KHTML, like Gecko) Version/14.0.3 Safari/605.1.15"
90.193.229.158 - - [20/Feb/2021:18:39:44 +0100] "GET /templates/Pixame_v1/images/icon_accueil2.png HTTP/1.1" 200 1137 "http://www.wonder-geek.com/candy-cloud-pencil-case-bubblegum-p-49848.html" "Mozilla/5.0 (Macintosh; Intel Mac OS X 10_15_6) AppleWebKit/605.1.15 (KHTML, like Gecko) Version/14.0.3 Safari/605.1.15"
90.193.229.158 - - [20/Feb/2021:18:39:44 +0100] "GET /templates/Pixame_v1/images/buttons/english/button_in_cart.gif HTTP/1.1" 200 1212 "http://www.wonder-geek.com/candy-cloud-pencil-case-bubblegum-p-49848.html" "Mozilla/5.0 (Macintosh; Intel Mac OS X 10_15_6) AppleWebKit/605.1.15 (KHTML, like Gecko) Version/14.0.3 Safari/605.1.15"
90.193.229.158 - - [20/Feb/2021:18:39:44 +0100] "GET /images/big_prod/9316188078610.jpg HTTP/1.1" 200 68543 "http://www.wonder-geek.com/candy-cloud-pencil-case-bubblegum-p-49848.html" "Mozilla/5.0 (Macintosh; Intel Mac OS X 10_15_6) AppleWebKit/605.1.15 (KHTML, like Gecko) Version/14.0.3 Safari/605.1.15"
90.193.229.158 - - [20/Feb/2021:18:39:44 +0100] "GET /templates/Pixame_v1/images/nav.png HTTP/1.1" 200 1283 "http://www.wonder-geek.com/candy-cloud-pencil-case-bubblegum-p-49848.html" "Mozilla/5.0 (Macintosh; Intel Mac OS X 10_15_6) AppleWebKit/605.1.15 (KHTML, like Gecko) Version/14.0.3 Safari/605.1.15"
90.193.229.158 - - [20/Feb/2021:18:39:44 +0100] "GET /templates/Pixame_v1/images/header.png HTTP/1.1" 200 70245 "http://www.wonder-geek.com/candy-cloud-pencil-case-bubblegum-p-49848.html" "Mozilla/5.0 (Macintosh; Intel Mac OS X 10_15_6) AppleWebKit/605.1.15 (KHTML, like Gecko) Version/14.0.3 Safari/605.1.15"
90.193.229.158 - - [20/Feb/2021:18:39:44 +0100] "GET /templates/Pixame_v1/images/Bottom_texture.jpg HTTP/1.1" 200 56290 "http://www.wonder-geek.com/candy-cloud-pencil-case-bubblegum-p-49848.html" "Mozilla/5.0 (Macintosh; Intel Mac OS X 10_15_6) AppleWebKit/605.1.15 (KHTML, like Gecko) Version/14.0.3 Safari/605.1.15"
90.193.229.158 - - [20/Feb/2021:18:39:44 +0100] "GET /design/productsenstock.png HTTP/1.1" 200 4743 "http://www.wonder-geek.com/candy-cloud-pencil-case-bubblegum-p-49848.html" "Mozilla/5.0 (Macintosh; Intel Mac OS X 10_15_6) AppleWebKit/605.1.15 (KHTML, like Gecko) Version/14.0.3 Safari/605.1.15"
90.193.229.158 - - [20/Feb/2021:18:39:44 +0100] "GET /templates/Pixame_v1/images/header-object.png HTTP/1.1" 200 106050 "http://www.wonder-geek.com/candy-cloud-pencil-case-bubblegum-p-49848.html" "Mozilla/5.0 (Macintosh; Intel Mac OS X 10_15_6) AppleWebKit/605.1.15 (KHTML, like Gecko) Version/14.0.3 Safari/605.1.15"
90.193.229.158 - - [20/Feb/2021:18:39:44 +0100] "GET /templates/Pixame_v1/images/Middle_texture.jpg HTTP/1.1" 200 249620 "http://www.wonder-geek.com/candy-cloud-pencil-case-bubblegum-p-49848.html" "Mozilla/5.0 (Macintosh; Intel Mac OS X 10_15_6) AppleWebKit/605.1.15 (KHTML, like Gecko) Version/14.0.3 Safari/605.1.15"
90.193.229.158 - - [20/Feb/2021:18:39:45 +0100] "GET /highslide/graphics/outlines/drop-shadow.png HTTP/1.1" 200 2022 "http://www.wonder-geek.com/candy-cloud-pencil-case-bubblegum-p-49848.html" "Mozilla/5.0 (Macintosh; Intel Mac OS X 10_15_6) AppleWebKit/605.1.15 (KHTML, like Gecko) Version/14.0.3 Safari/605.1.15"
90.193.229.158 - - [20/Feb/2021:18:39:45 +0100] "GET /favicon.ico HTTP/1.1" 200 1591 "http://www.wonder-geek.com/candy-cloud-pencil-case-bubblegum-p-49848.html" "Mozilla/5.0 (Macintosh; Intel Mac OS X 10_15_6) AppleWebKit/605.1.15 (KHTML, like Gecko) Version/14.0.3 Safari/605.1.15"
110.249.202.77 - - [20/Feb/2021:18:41:20 +0100] "GET /images/med_prod/8718291503101.jpg HTTP/1.1" 200 66816 "http://www.wonder-geek.com/winnie-pooh-ceiling-light-p-33142.html" "Mozilla/5.0 (Linux; Android 5.0) AppleWebKit/537.36 (KHTML, like Gecko) Mobile Safari/537.36 (compatible; Bytespider; https://zhanzhang.toutiao.com/)"
13.66.139.73 - - [20/Feb/2021:18:41:20 +0100] "GET /images/big_prod/8904245400347.jpg HTTP/1.1" 200 77729 "-" "Mozilla/5.0 (compatible; bingbot/2.0; +http://www.bing.com/bingbot.htm)"
13.66.139.88 - - [20/Feb/2021:18:42:14 +0100] "GET /images/big_prod/3453131145831.jpg HTTP/1.1" 200 107800 "-" "Mozilla/5.0 (compatible; bingbot/2.0; +http://www.bing.com/bingbot.htm)"
13.66.139.73 - - [20/Feb/2021:18:42:53 +0100] "GET /images/4008789048233.jpg HTTP/1.1" 200 141985 "-" "Mozilla/5.0 (compatible; bingbot/2.0; +http://www.bing.com/bingbot.htm)"
13.66.139.88 - - [20/Feb/2021:18:43:29 +0100] "GET /images/big_prod_2/5018997523339B.jpg HTTP/1.1" 200 132296 "-" "Mozilla/5.0 (compatible; bingbot/2.0; +http://www.bing.com/bingbot.htm)"
17.58.101.142 - - [20/Feb/2021:18:45:12 +0100] "GET /images/mini_prod/8409810063779.jpg HTTP/1.1" 200 6112 "-" "Mozilla/5.0 (Macintosh; Intel Mac OS X 10_15_5) AppleWebKit/605.1.15 (KHTML, like Gecko) Version/13.1.1 Safari/605.1.15 (Applebot/0.1; +http://www.apple.com/go/applebot)"
13.66.139.73 - - [20/Feb/2021:18:45:41 +0100] "GET /images/big_prod_1/1328399219292a.jpg HTTP/1.1" 200 70759 "-" "Mozilla/5.0 (compatible; bingbot/2.0; +http://www.bing.com/bingbot.htm)"
216.244.66.242 - - [20/Feb/2021:18:46:02 +0100] "GET /robots.txt HTTP/1.1" 200 2438 "-" "Mozilla/5.0 (compatible; DotBot/1.1; http://www.opensiteexplorer.org/dotbot, help@moz.com)"
216.244.66.242 - - [20/Feb/2021:18:46:02 +0100] "GET /robots.txt HTTP/1.1" 200 2438 "-" "Mozilla/5.0 (compatible; DotBot/1.1; http://www.opensiteexplorer.org/dotbot, help@moz.com)"
166.137.10.17 - - [20/Feb/2021:18:47:03 +0100] "GET /images/big_prod/3503420190414N.jpg HTTP/1.1" 200 61587 "-" "Mozilla/5.0 (iPad; CPU OS 8_4_1 like Mac OS X) AppleWebKit/600.1.4 (KHTML, like Gecko) Version/8.0 Mobile/12H321 Safari/600.1.4"
13.66.139.137 - - [20/Feb/2021:18:48:21 +0100] "GET /images/3700057121839.jpg HTTP/1.1" 200 65009 "-" "Mozilla/5.0 (compatible; bingbot/2.0; +http://www.bing.com/bingbot.htm)"
13.66.139.88 - - [20/Feb/2021:18:48:31 +0100] "GET /images/1399984234747.jpg HTTP/1.1" 200 124286 "-" "Mozilla/5.0 (compatible; bingbot/2.0; +http://www.bing.com/bingbot.htm)"
13.66.139.88 - - [20/Feb/2021:18:48:32 +0100] "GET /images/big_prod_1/8719497617968b.jpg HTTP/1.1" 200 121118 "-" "Mozilla/5.0 (compatible; bingbot/2.0; +http://www.bing.com/bingbot.htm)"
13.66.139.88 - - [20/Feb/2021:18:49:29 +0100] "GET /images/big_prod_2/8422013606116D.jpg HTTP/1.1" 200 102690 "-" "Mozilla/5.0 (compatible; bingbot/2.0; +http://www.bing.com/bingbot.htm)"
13.66.139.137 - - [20/Feb/2021:18:49:52 +0100] "GET /images/med_prod/9316188060349.jpg HTTP/1.1" 200 71211 "-" "Mozilla/5.0 (compatible; bingbot/2.0; +http://www.bing.com/bingbot.htm)"
13.66.139.88 - - [20/Feb/2021:18:50:59 +0100] "GET /images/big_prod/8422039530037.jpg HTTP/1.1" 200 102577 "-" "Mozilla/5.0 (compatible; bingbot/2.0; +http://www.bing.com/bingbot.htm)"
110.249.202.13 - - [20/Feb/2021:18:51:18 +0100] "GET /images/1399984256107.jpg HTTP/1.1" 200 47744 "http://www.wonder-geek.com/charmmy-kitty-large-cosmetic-p-26666.html" "Mozilla/5.0 (Linux; Android 5.0) AppleWebKit/537.36 (KHTML, like Gecko) Mobile Safari/537.36 (compatible; Bytespider; https://zhanzhang.toutiao.com/)"
13.66.139.88 - - [20/Feb/2021:18:52:01 +0100] "GET /images/big_prod/3609810065178.jpg HTTP/1.1" 200 97416 "-" "Mozilla/5.0 (compatible; bingbot/2.0; +http://www.bing.com/bingbot.htm)"
13.66.139.73 - - [20/Feb/2021:18:52:32 +0100] "GET /images/big_prod/3503420121333.jpg HTTP/1.1" 200 82084 "-" "Mozilla/5.0 (compatible; bingbot/2.0; +http://www.bing.com/bingbot.htm)"
13.66.139.88 - - [20/Feb/2021:18:53:19 +0100] "GET /images/045544398718.jpg HTTP/1.1" 200 33028 "-" "Mozilla/5.0 (compatible; bingbot/2.0; +http://www.bing.com/bingbot.htm)"
216.244.66.242 - - [20/Feb/2021:18:54:09 +0100] "GET /images/3438100330548.jpg HTTP/1.1" 200 34357 "-" "Mozilla/5.0 (compatible; DotBot/1.1; http://www.opensiteexplorer.org/dotbot, help@moz.com)"
185.191.171.22 - - [20/Feb/2021:18:55:51 +0100] "GET /robots.txt HTTP/1.1" 200 2438 "-" "Mozilla/5.0 (compatible; SemrushBot/7~bl; +http://www.semrush.com/bot.html)"
13.66.139.137 - - [20/Feb/2021:18:56:03 +0100] "GET /images/med_prod/3453591118161.jpg HTTP/1.1" 200 84791 "-" "Mozilla/5.0 (compatible; bingbot/2.0; +http://www.bing.com/bingbot.htm)"
80.14.92.39 - - [20/Feb/2021:18:57:01 +0100] "GET /js/jquery.jqzoom.js HTTP/1.1" 200 4761 "http://www.wonder-geek.com/saucer-p-53819.html" "Mozilla/5.0 (Windows NT 10.0; Win64; x64) AppleWebKit/537.36 (KHTML, like Gecko) Chrome/88.0.4324.182 Safari/537.36"
80.14.92.39 - - [20/Feb/2021:18:57:01 +0100] "GET /templates/Pixame_v1/stylesheet.css HTTP/1.1" 200 56057 "http://www.wonder-geek.com/saucer-p-53819.html" "Mozilla/5.0 (Windows NT 10.0; Win64; x64) AppleWebKit/537.36 (KHTML, like Gecko) Chrome/88.0.4324.182 Safari/537.36"
80.14.92.39 - - [20/Feb/2021:18:57:01 +0100] "GET /highslide/highslide.js HTTP/1.1" 200 42909 "http://www.wonder-geek.com/saucer-p-53819.html" "Mozilla/5.0 (Windows NT 10.0; Win64; x64) AppleWebKit/537.36 (KHTML, like Gecko) Chrome/88.0.4324.182 Safari/537.36"
80.14.92.39 - - [20/Feb/2021:18:57:01 +0100] "GET /js/jquery.js HTTP/1.1" 200 54075 "http://www.wonder-geek.com/saucer-p-53819.html" "Mozilla/5.0 (Windows NT 10.0; Win64; x64) AppleWebKit/537.36 (KHTML, like Gecko) Chrome/88.0.4324.182 Safari/537.36"
80.14.92.39 - - [20/Feb/2021:18:57:01 +0100] "GET /mondial_relay/js/jquery-1.3.2.min.js HTTP/1.1" 200 57254 "http://www.wonder-geek.com/saucer-p-53819.html" "Mozilla/5.0 (Windows NT 10.0; Win64; x64) AppleWebKit/537.36 (KHTML, like Gecko) Chrome/88.0.4324.182 Safari/537.36"
80.14.92.39 - - [20/Feb/2021:18:57:01 +0100] "GET /templates/Pixame_v1/images/icon_accueil2.png HTTP/1.1" 200 1137 "http://www.wonder-geek.com/saucer-p-53819.html" "Mozilla/5.0 (Windows NT 10.0; Win64; x64) AppleWebKit/537.36 (KHTML, like Gecko) Chrome/88.0.4324.182 Safari/537.36"
80.14.92.39 - - [20/Feb/2021:18:57:01 +0100] "GET /templates/Pixame_v1/images/buttons/english/button_in_cart.gif HTTP/1.1" 200 1212 "http://www.wonder-geek.com/saucer-p-53819.html" "Mozilla/5.0 (Windows NT 10.0; Win64; x64) AppleWebKit/537.36 (KHTML, like Gecko) Chrome/88.0.4324.182 Safari/537.36"
80.14.92.39 - - [20/Feb/2021:18:57:01 +0100] "GET /templates/Pixame_v1/images/nav.png HTTP/1.1" 200 1283 "http://www.wonder-geek.com/templates/Pixame_v1/stylesheet.css" "Mozilla/5.0 (Windows NT 10.0; Win64; x64) AppleWebKit/537.36 (KHTML, like Gecko) Chrome/88.0.4324.182 Safari/537.36"
80.14.92.39 - - [20/Feb/2021:18:57:01 +0100] "GET /images/big_prod/3700572715247.jpg HTTP/1.1" 200 68262 "http://www.wonder-geek.com/saucer-p-53819.html" "Mozilla/5.0 (Windows NT 10.0; Win64; x64) AppleWebKit/537.36 (KHTML, like Gecko) Chrome/88.0.4324.182 Safari/537.36"
80.14.92.39 - - [20/Feb/2021:18:57:01 +0100] "GET /design/productsenstock.png HTTP/1.1" 200 4743 "http://www.wonder-geek.com/templates/Pixame_v1/stylesheet.css" "Mozilla/5.0 (Windows NT 10.0; Win64; x64) AppleWebKit/537.36 (KHTML, like Gecko) Chrome/88.0.4324.182 Safari/537.36"
80.14.92.39 - - [20/Feb/2021:18:57:01 +0100] "GET /templates/Pixame_v1/images/Bottom_texture.jpg HTTP/1.1" 200 56290 "http://www.wonder-geek.com/templates/Pixame_v1/stylesheet.css" "Mozilla/5.0 (Windows NT 10.0; Win64; x64) AppleWebKit/537.36 (KHTML, like Gecko) Chrome/88.0.4324.182 Safari/537.36"
80.14.92.39 - - [20/Feb/2021:18:57:01 +0100] "GET /templates/Pixame_v1/images/header.png HTTP/1.1" 200 70245 "http://www.wonder-geek.com/templates/Pixame_v1/stylesheet.css" "Mozilla/5.0 (Windows NT 10.0; Win64; x64) AppleWebKit/537.36 (KHTML, like Gecko) Chrome/88.0.4324.182 Safari/537.36"
80.14.92.39 - - [20/Feb/2021:18:57:02 +0100] "GET /templates/Pixame_v1/images/header-object.png HTTP/1.1" 200 106050 "http://www.wonder-geek.com/templates/Pixame_v1/stylesheet.css" "Mozilla/5.0 (Windows NT 10.0; Win64; x64) AppleWebKit/537.36 (KHTML, like Gecko) Chrome/88.0.4324.182 Safari/537.36"
80.14.92.39 - - [20/Feb/2021:18:57:02 +0100] "GET /templates/Pixame_v1/images/Middle_texture.jpg HTTP/1.1" 200 249620 "http://www.wonder-geek.com/templates/Pixame_v1/stylesheet.css" "Mozilla/5.0 (Windows NT 10.0; Win64; x64) AppleWebKit/537.36 (KHTML, like Gecko) Chrome/88.0.4324.182 Safari/537.36"
80.14.92.39 - - [20/Feb/2021:18:57:02 +0100] "GET /highslide/graphics/outlines/drop-shadow.png HTTP/1.1" 200 2022 "http://www.wonder-geek.com/saucer-p-53819.html" "Mozilla/5.0 (Windows NT 10.0; Win64; x64) AppleWebKit/537.36 (KHTML, like Gecko) Chrome/88.0.4324.182 Safari/537.36"
80.14.92.39 - - [20/Feb/2021:18:57:02 +0100] "GET /favicon.ico HTTP/1.1" 200 1591 "http://www.wonder-geek.com/saucer-p-53819.html" "Mozilla/5.0 (Windows NT 10.0; Win64; x64) AppleWebKit/537.36 (KHTML, like Gecko) Chrome/88.0.4324.182 Safari/537.36"
104.238.220.232 - - [20/Feb/2021:18:57:13 +0100] "GET /images/3521320003320.jpg HTTP/1.1" 200 44404 "http://wonder-geek.com/betty-boop-and-her-dog-figure-collection-p-28452.html" "Mozilla/5.0 (Linux; Android 7.0; SM-G9208 Build/NRD90M) AppleWebKit/537.36 (KHTML, like Gecko) Version/4.0 Chrome/35.0.1916.138 Mobile Safari/537.36 T7/7.4 baiduboxapp/8.2.5 (Baidu; P1 7.0)"
13.66.139.88 - - [20/Feb/2021:18:58:22 +0100] "GET /images/med_prod/00000000000000corseg.jpg HTTP/1.1" 200 78063 "-" "Mozilla/5.0 (compatible; bingbot/2.0; +http://www.bing.com/bingbot.htm)"
13.66.139.73 - - [20/Feb/2021:18:58:28 +0100] "GET /images/big_prod/3665269091809.jpg HTTP/1.1" 200 261898 "-" "Mozilla/5.0 (compatible; bingbot/2.0; +http://www.bing.com/bingbot.htm)"
13.66.139.73 - - [20/Feb/2021:18:59:33 +0100] "GET /images/big_prod_1/4542202662076.jpg HTTP/1.1" 200 113083 "-" "Mozilla/5.0 (compatible; bingbot/2.0; +http://www.bing.com/bingbot.htm)"
111.225.149.204 - - [20/Feb/2021:19:01:18 +0100] "GET /js/jquery.jqzoom.js HTTP/1.1" 200 4761 "http://www.wonder-geek.com/dora-explorer-ceiling-light-p-18707.html" "Mozilla/5.0 (Linux; Android 5.0) AppleWebKit/537.36 (KHTML, like Gecko) Mobile Safari/537.36 (compatible; Bytespider; https://zhanzhang.toutiao.com/)"
111.225.149.204 - - [20/Feb/2021:19:01:19 +0100] "GET /images/8420406603230.jpg HTTP/1.1" 200 34414 "http://www.wonder-geek.com/dora-explorer-ceiling-light-p-18707.html" "Mozilla/5.0 (Linux; Android 5.0) AppleWebKit/537.36 (KHTML, like Gecko) Mobile Safari/537.36 (compatible; Bytespider; https://zhanzhang.toutiao.com/)"
157.55.39.246 - - [20/Feb/2021:19:01:56 +0100] "GET /js/jquery.js HTTP/1.1" 200 54075 "-" "Mozilla/5.0 (compatible; bingbot/2.0; +http://www.bing.com/bingbot.htm)"
157.55.39.246 - - [20/Feb/2021:19:01:56 +0100] "GET /js/jquery.js HTTP/1.1" 200 54075 "-" "Mozilla/5.0 (compatible; bingbot/2.0; +http://www.bing.com/bingbot.htm)"
157.55.39.246 - - [20/Feb/2021:19:02:12 +0100] "GET /js/jquery.js HTTP/1.1" 200 54075 "-" "Mozilla/5.0 (compatible; bingbot/2.0; +http://www.bing.com/bingbot.htm)"
13.66.139.137 - - [20/Feb/2021:19:02:42 +0100] "GET /images/mini_prod/3609810081529.jpg HTTP/1.1" 200 6582 "-" "Mozilla/5.0 (compatible; bingbot/2.0; +http://www.bing.com/bingbot.htm)"
13.66.139.88 - - [20/Feb/2021:19:03:54 +0100] "GET /images/big_prod/8433933046036.jpg HTTP/1.1" 200 45271 "-" "Mozilla/5.0 (compatible; bingbot/2.0; +http://www.bing.com/bingbot.htm)"
40.114.40.98 - - [20/Feb/2021:19:04:23 +0100] "GET /images/3700057117672.jpg HTTP/1.1" 200 91296 "-" "Mozilla/5.0 (X11; Linux i686) AppleWebKit/537.17 (KHTML, like Gecko) Chrome/24.0.1312.27 Safari/537.17"
157.55.39.32 - - [20/Feb/2021:19:07:19 +0100] "GET /robots.txt HTTP/1.1" 200 2438 "-" "Mozilla/5.0 (compatible; bingbot/2.0; +http://www.bing.com/bingbot.htm)"
13.66.139.137 - - [20/Feb/2021:19:07:23 +0100] "GET /images/big_prod/2399123270062.jpg HTTP/1.1" 200 60070 "-" "Mozilla/5.0 (compatible; bingbot/2.0; +http://www.bing.com/bingbot.htm)"
13.66.139.88 - - [20/Feb/2021:19:07:57 +0100] "GET /images/big_prod/3014627976232.jpg HTTP/1.1" 200 86855 "-" "Mozilla/5.0 (compatible; bingbot/2.0; +http://www.bing.com/bingbot.htm)"
13.66.139.137 - - [20/Feb/2021:19:08:54 +0100] "GET /images/3700791210028.jpg HTTP/1.1" 200 155328 "-" "Mozilla/5.0 (compatible; bingbot/2.0; +http://www.bing.com/bingbot.htm)"
13.66.139.137 - - [20/Feb/2021:19:09:04 +0100] "GET /images/3700057120290.jpg HTTP/1.1" 200 37412 "-" "Mozilla/5.0 (compatible; bingbot/2.0; +http://www.bing.com/bingbot.htm)"
52.149.148.65 - - [20/Feb/2021:19:11:01 +0100] "GET /images/4007176128428.jpg HTTP/1.1" 200 21341 "-" "Mozilla/5.0 (X11; Linux i686) AppleWebKit/537.17 (KHTML, like Gecko) Chrome/24.0.1312.27 Safari/537.17"
111.225.149.217 - - [20/Feb/2021:19:11:17 +0100] "GET /images/big_prod/3609810097247.jpg HTTP/1.1" 200 56886 "http://www.wonder-geek.com/door-plate-bedroom-p-52418.html" "Mozilla/5.0 (Linux; Android 5.0) AppleWebKit/537.36 (KHTML, like Gecko) Mobile Safari/537.36 (compatible; Bytespider; https://zhanzhang.toutiao.com/)"
13.66.139.73 - - [20/Feb/2021:19:12:15 +0100] "GET /images/big_prod/9316188082167.jpg HTTP/1.1" 200 52176 "-" "Mozilla/5.0 (compatible; bingbot/2.0; +http://www.bing.com/bingbot.htm)"
13.66.139.88 - - [20/Feb/2021:19:12:49 +0100] "GET /images/big_prod/8904245400422.jpg HTTP/1.1" 200 74615 "-" "Mozilla/5.0 (compatible; bingbot/2.0; +http://www.bing.com/bingbot.htm)"
207.46.13.52 - - [20/Feb/2021:19:13:28 +0100] "GET /js/jquery.masonry.min.js HTTP/1.1" 200 5392 "-" "Mozilla/5.0 (compatible; bingbot/2.0; +http://www.bing.com/bingbot.htm)"
157.55.39.255 - - [20/Feb/2021:19:14:51 +0100] "GET /highslide/highslide.js HTTP/1.1" 200 42909 "-" "Mozilla/5.0 (compatible; bingbot/2.0; +http://www.bing.com/bingbot.htm)"
157.55.39.246 - - [20/Feb/2021:19:14:55 +0100] "GET /js/jquery.js HTTP/1.1" 200 54075 "-" "Mozilla/5.0 (compatible; bingbot/2.0; +http://www.bing.com/bingbot.htm)"
157.55.39.189 - - [20/Feb/2021:19:15:05 +0100] "GET /mondial_relay/js/jquery-1.3.2.min.js HTTP/1.1" 200 57254 "-" "Mozilla/5.0 (compatible; bingbot/2.0; +http://www.bing.com/bingbot.htm)"
157.55.39.159 - - [20/Feb/2021:19:15:10 +0100] "GET /js/jquery.jqzoom.js HTTP/1.1" 200 4761 "-" "Mozilla/5.0 (compatible; bingbot/2.0; +http://www.bing.com/bingbot.htm)"
13.66.139.88 - - [20/Feb/2021:19:15:21 +0100] "GET /images/3438100343814.jpg HTTP/1.1" 200 67576 "-" "Mozilla/5.0 (compatible; bingbot/2.0; +http://www.bing.com/bingbot.htm)"
13.66.139.137 - - [20/Feb/2021:19:15:46 +0100] "GET /images/big_prod_2/8424346356614C.jpg HTTP/1.1" 200 515184 "-" "Mozilla/5.0 (compatible; bingbot/2.0; +http://www.bing.com/bingbot.htm)"
13.66.139.73 - - [20/Feb/2021:19:16:06 +0100] "GET /images/big_prod_1/3700230606245a.jpg HTTP/1.1" 200 40148 "-" "Mozilla/5.0 (compatible; bingbot/2.0; +http://www.bing.com/bingbot.htm)"
13.66.139.73 - - [20/Feb/2021:19:16:17 +0100] "GET /images/big_prod/1345544973496.jpg HTTP/1.1" 200 105144 "-" "Mozilla/5.0 (compatible; bingbot/2.0; +http://www.bing.com/bingbot.htm)"
111.225.148.239 - - [20/Feb/2021:19:21:16 +0100] "GET /images/big_prod/3609810075795.jpg HTTP/1.1" 200 62264 "http://www.wonder-geek.com/door-plate-bedroom-p-50998.html" "Mozilla/5.0 (Linux; Android 5.0) AppleWebKit/537.36 (KHTML, like Gecko) Mobile Safari/537.36 (compatible; Bytespider; https://zhanzhang.toutiao.com/)"
13.66.139.88 - - [20/Feb/2021:19:21:54 +0100] "GET /images/8003990578315.jpg HTTP/1.1" 200 30118 "-" "Mozilla/5.0 (compatible; bingbot/2.0; +http://www.bing.com/bingbot.htm)"
13.66.139.73 - - [20/Feb/2021:19:21:59 +0100] "GET /images/big_prod/3371010412679.jpg HTTP/1.1" 200 150861 "-" "Mozilla/5.0 (compatible; bingbot/2.0; +http://www.bing.com/bingbot.htm)"
157.55.39.246 - - [20/Feb/2021:19:23:45 +0100] "GET /js/jquery.js HTTP/1.1" 200 54075 "-" "Mozilla/5.0 (compatible; bingbot/2.0; +http://www.bing.com/bingbot.htm)"
13.66.139.137 - - [20/Feb/2021:19:23:49 +0100] "GET /images/med_prod/8435306257124.jpg HTTP/1.1" 200 81272 "-" "Mozilla/5.0 (compatible; bingbot/2.0; +http://www.bing.com/bingbot.htm)"
185.191.171.34 - - [20/Feb/2021:19:25:05 +0100] "GET /robots.txt HTTP/1.1" 200 2438 "-" "Mozilla/5.0 (compatible; SemrushBot/7~bl; +http://www.semrush.com/bot.html)"
13.66.139.137 - - [20/Feb/2021:19:25:45 +0100] "GET /images/5411854135438b.jpg HTTP/1.1" 200 60453 "-" "Mozilla/5.0 (compatible; bingbot/2.0; +http://www.bing.com/bingbot.htm)"
13.66.139.88 - - [20/Feb/2021:19:26:10 +0100] "GET /images/big_prod/3418179860603.jpg HTTP/1.1" 200 85072 "-" "Mozilla/5.0 (compatible; bingbot/2.0; +http://www.bing.com/bingbot.htm)"
66.249.69.162 - - [20/Feb/2021:19:26:16 +0100] "GET /images/3438100336212.jpg HTTP/1.1" 200 31071 "-" "Googlebot-Image/1.0"
166.255.77.78 - - [20/Feb/2021:19:26:19 +0100] "GET /images/big_prod/8904245400477.jpg HTTP/1.1" 200 89677 "http://pos.kit-systems.com/" "Mozilla/5.0 (Windows NT 6.2) AppleWebKit/537.36 (KHTML, like Gecko) (KioWare Client Platform r2345) Chrome/62.0.3202.62 Safari/537.36"
66.249.69.162 - - [20/Feb/2021:19:28:25 +0100] "GET /images/mini_prod/3585190669338.gif HTTP/1.1" 200 13773 "-" "Googlebot-Image/1.0"
13.66.139.88 - - [20/Feb/2021:19:28:46 +0100] "GET /images/big_prod/3453131145183.jpg HTTP/1.1" 200 94027 "-" "Mozilla/5.0 (compatible; bingbot/2.0; +http://www.bing.com/bingbot.htm)"
13.66.139.137 - - [20/Feb/2021:19:29:16 +0100] "GET /images/big_prod_5/6971640206074e.jpg HTTP/1.1" 200 129427 "-" "Mozilla/5.0 (compatible; bingbot/2.0; +http://www.bing.com/bingbot.htm)"
13.66.139.88 - - [20/Feb/2021:19:29:19 +0100] "GET /images/med_prod/1399984237700.jpg HTTP/1.1" 200 33410 "-" "Mozilla/5.0 (compatible; bingbot/2.0; +http://www.bing.com/bingbot.htm)"
13.66.139.88 - - [20/Feb/2021:19:30:27 +0100] "GET /images/big_prod/8433933124611.jpg HTTP/1.1" 200 82985 "-" "Mozilla/5.0 (compatible; bingbot/2.0; +http://www.bing.com/bingbot.htm)"
13.66.139.88 - - [20/Feb/2021:19:30:27 +0100] "GET /images/7601019991308.jpg HTTP/1.1" 200 35522 "-" "Mozilla/5.0 (compatible; bingbot/2.0; +http://www.bing.com/bingbot.htm)"
110.249.202.132 - - [20/Feb/2021:19:31:16 +0100] "GET /images/big_prod/3609810097230.jpg HTTP/1.1" 200 65160 "http://www.wonder-geek.com/door-plate-bedroom-p-52420.html" "Mozilla/5.0 (Linux; Android 5.0) AppleWebKit/537.36 (KHTML, like Gecko) Mobile Safari/537.36 (compatible; Bytespider; https://zhanzhang.toutiao.com/)"
13.66.139.137 - - [20/Feb/2021:19:32:35 +0100] "GET /images/1399984220313.jpg HTTP/1.1" 200 18254 "-" "Mozilla/5.0 (compatible; bingbot/2.0; +http://www.bing.com/bingbot.htm)"
66.249.69.164 - - [20/Feb/2021:19:34:33 +0100] "GET /images/mini_prod/4007176127520b.gif HTTP/1.1" 200 8910 "-" "Googlebot-Image/1.0"
216.244.66.242 - - [20/Feb/2021:19:35:43 +0100] "GET /robots.txt HTTP/1.1" 200 2438 "-" "Mozilla/5.0 (compatible; DotBot/1.1; http://www.opensiteexplorer.org/dotbot, help@moz.com)"
216.244.66.242 - - [20/Feb/2021:19:35:43 +0100] "GET /robots.txt HTTP/1.1" 200 2438 "-" "Mozilla/5.0 (compatible; DotBot/1.1; http://www.opensiteexplorer.org/dotbot, help@moz.com)"
13.66.139.137 - - [20/Feb/2021:19:36:26 +0100] "GET /images/3660173162119.jpg HTTP/1.1" 200 72421 "-" "Mozilla/5.0 (compatible; bingbot/2.0; +http://www.bing.com/bingbot.htm)"
157.55.39.246 - - [20/Feb/2021:19:36:37 +0100] "GET /images/big_prod/1384010186961N.jpg HTTP/1.1" 200 82675 "-" "Mozilla/5.0 (Windows NT 6.1; WOW64) AppleWebKit/534+ (KHTML, like Gecko) BingPreview/1.0b"
13.66.139.73 - - [20/Feb/2021:19:37:06 +0100] "GET /images/big_prod/4029811359547.jpg HTTP/1.1" 200 96068 "-" "Mozilla/5.0 (compatible; bingbot/2.0; +http://www.bing.com/bingbot.htm)"
13.66.139.137 - - [20/Feb/2021:19:37:16 +0100] "GET /images/big_prod/3032160044089.jpg HTTP/1.1" 200 81116 "-" "Mozilla/5.0 (compatible; bingbot/2.0; +http://www.bing.com/bingbot.htm)"
13.66.139.73 - - [20/Feb/2021:19:37:52 +0100] "GET /images/big_prod/VANGOGH2.jpg HTTP/1.1" 200 126647 "-" "Mozilla/5.0 (compatible; bingbot/2.0; +http://www.bing.com/bingbot.htm)"
13.66.139.137 - - [20/Feb/2021:19:40:59 +0100] "GET /images/big_prod_2/8422056789630E.jpg HTTP/1.1" 200 497968 "-" "Mozilla/5.0 (compatible; bingbot/2.0; +http://www.bing.com/bingbot.htm)"
60.8.123.154 - - [20/Feb/2021:19:41:16 +0100] "GET /images/big_prod/3609810075825.jpg HTTP/1.1" 200 63712 "http://www.wonder-geek.com/door-plate-bathroom-p-47299.html" "Mozilla/5.0 (Linux; Android 5.0) AppleWebKit/537.36 (KHTML, like Gecko) Mobile Safari/537.36 (compatible; Bytespider; https://zhanzhang.toutiao.com/)"
192.0.100.82 - - [20/Feb/2021:19:42:58 +0100] "GET /images/med_prod/8435306276309.jpg HTTP/1.1" 200 119002 "-" "Photon/1.0"
150.143.67.148 - - [20/Feb/2021:19:43:07 +0100] "GET /templates/Pixame_v1/stylesheet.css HTTP/1.1" 200 56057 "http://www.wonder-geek.com/lola-ceramic-piggy-bank-p-49599.html" "Mozilla/5.0 (iPhone; CPU iPhone OS 14_0_1 like Mac OS X) AppleWebKit/605.1.15 (KHTML, like Gecko) Version/14.0 Mobile/15E148 Safari/604.1"
150.143.67.148 - - [20/Feb/2021:19:43:07 +0100] "GET /js/jquery.jqzoom.js HTTP/1.1" 200 4761 "http://www.wonder-geek.com/lola-ceramic-piggy-bank-p-49599.html" "Mozilla/5.0 (iPhone; CPU iPhone OS 14_0_1 like Mac OS X) AppleWebKit/605.1.15 (KHTML, like Gecko) Version/14.0 Mobile/15E148 Safari/604.1"
150.143.67.148 - - [20/Feb/2021:19:43:07 +0100] "GET /mondial_relay/js/jquery-1.3.2.min.js HTTP/1.1" 200 57254 "http://www.wonder-geek.com/lola-ceramic-piggy-bank-p-49599.html" "Mozilla/5.0 (iPhone; CPU iPhone OS 14_0_1 like Mac OS X) AppleWebKit/605.1.15 (KHTML, like Gecko) Version/14.0 Mobile/15E148 Safari/604.1"
150.143.67.148 - - [20/Feb/2021:19:43:07 +0100] "GET /highslide/highslide.js HTTP/1.1" 200 42909 "http://www.wonder-geek.com/lola-ceramic-piggy-bank-p-49599.html" "Mozilla/5.0 (iPhone; CPU iPhone OS 14_0_1 like Mac OS X) AppleWebKit/605.1.15 (KHTML, like Gecko) Version/14.0 Mobile/15E148 Safari/604.1"
150.143.67.148 - - [20/Feb/2021:19:43:07 +0100] "GET /js/jquery.js HTTP/1.1" 200 54075 "http://www.wonder-geek.com/lola-ceramic-piggy-bank-p-49599.html" "Mozilla/5.0 (iPhone; CPU iPhone OS 14_0_1 like Mac OS X) AppleWebKit/605.1.15 (KHTML, like Gecko) Version/14.0 Mobile/15E148 Safari/604.1"
150.143.67.148 - - [20/Feb/2021:19:43:07 +0100] "GET /templates/Pixame_v1/images/icon_accueil2.png HTTP/1.1" 200 1137 "http://www.wonder-geek.com/lola-ceramic-piggy-bank-p-49599.html" "Mozilla/5.0 (iPhone; CPU iPhone OS 14_0_1 like Mac OS X) AppleWebKit/605.1.15 (KHTML, like Gecko) Version/14.0 Mobile/15E148 Safari/604.1"
150.143.67.148 - - [20/Feb/2021:19:43:07 +0100] "GET /images/big_prod/8717318189984.jpg HTTP/1.1" 200 34659 "http://www.wonder-geek.com/lola-ceramic-piggy-bank-p-49599.html" "Mozilla/5.0 (iPhone; CPU iPhone OS 14_0_1 like Mac OS X) AppleWebKit/605.1.15 (KHTML, like Gecko) Version/14.0 Mobile/15E148 Safari/604.1"
150.143.67.148 - - [20/Feb/2021:19:43:07 +0100] "GET /templates/Pixame_v1/images/buttons/english/button_in_cart.gif HTTP/1.1" 200 1212 "http://www.wonder-geek.com/lola-ceramic-piggy-bank-p-49599.html" "Mozilla/5.0 (iPhone; CPU iPhone OS 14_0_1 like Mac OS X) AppleWebKit/605.1.15 (KHTML, like Gecko) Version/14.0 Mobile/15E148 Safari/604.1"
150.143.67.148 - - [20/Feb/2021:19:43:07 +0100] "GET /templates/Pixame_v1/images/Bottom_texture.jpg HTTP/1.1" 200 56290 "http://www.wonder-geek.com/lola-ceramic-piggy-bank-p-49599.html" "Mozilla/5.0 (iPhone; CPU iPhone OS 14_0_1 like Mac OS X) AppleWebKit/605.1.15 (KHTML, like Gecko) Version/14.0 Mobile/15E148 Safari/604.1"
150.143.67.148 - - [20/Feb/2021:19:43:07 +0100] "GET /templates/Pixame_v1/images/nav.png HTTP/1.1" 200 1283 "http://www.wonder-geek.com/lola-ceramic-piggy-bank-p-49599.html" "Mozilla/5.0 (iPhone; CPU iPhone OS 14_0_1 like Mac OS X) AppleWebKit/605.1.15 (KHTML, like Gecko) Version/14.0 Mobile/15E148 Safari/604.1"
150.143.67.148 - - [20/Feb/2021:19:43:07 +0100] "GET /templates/Pixame_v1/images/header.png HTTP/1.1" 200 70245 "http://www.wonder-geek.com/lola-ceramic-piggy-bank-p-49599.html" "Mozilla/5.0 (iPhone; CPU iPhone OS 14_0_1 like Mac OS X) AppleWebKit/605.1.15 (KHTML, like Gecko) Version/14.0 Mobile/15E148 Safari/604.1"
150.143.67.148 - - [20/Feb/2021:19:43:07 +0100] "GET /design/productsenstock.png HTTP/1.1" 200 4743 "http://www.wonder-geek.com/lola-ceramic-piggy-bank-p-49599.html" "Mozilla/5.0 (iPhone; CPU iPhone OS 14_0_1 like Mac OS X) AppleWebKit/605.1.15 (KHTML, like Gecko) Version/14.0 Mobile/15E148 Safari/604.1"
150.143.67.148 - - [20/Feb/2021:19:43:07 +0100] "GET /templates/Pixame_v1/images/Middle_texture.jpg HTTP/1.1" 200 249620 "http://www.wonder-geek.com/lola-ceramic-piggy-bank-p-49599.html" "Mozilla/5.0 (iPhone; CPU iPhone OS 14_0_1 like Mac OS X) AppleWebKit/605.1.15 (KHTML, like Gecko) Version/14.0 Mobile/15E148 Safari/604.1"
150.143.67.148 - - [20/Feb/2021:19:43:07 +0100] "GET /templates/Pixame_v1/images/header-object.png HTTP/1.1" 200 106050 "http://www.wonder-geek.com/lola-ceramic-piggy-bank-p-49599.html" "Mozilla/5.0 (iPhone; CPU iPhone OS 14_0_1 like Mac OS X) AppleWebKit/605.1.15 (KHTML, like Gecko) Version/14.0 Mobile/15E148 Safari/604.1"
150.143.67.148 - - [20/Feb/2021:19:43:07 +0100] "GET /highslide/graphics/outlines/drop-shadow.png HTTP/1.1" 200 2022 "http://www.wonder-geek.com/lola-ceramic-piggy-bank-p-49599.html" "Mozilla/5.0 (iPhone; CPU iPhone OS 14_0_1 like Mac OS X) AppleWebKit/605.1.15 (KHTML, like Gecko) Version/14.0 Mobile/15E148 Safari/604.1"
150.143.67.148 - - [20/Feb/2021:19:43:07 +0100] "GET /favicon.ico HTTP/1.1" 200 1591 "http://www.wonder-geek.com/lola-ceramic-piggy-bank-p-49599.html" "Mozilla/5.0 (iPhone; CPU iPhone OS 14_0_1 like Mac OS X) AppleWebKit/605.1.15 (KHTML, like Gecko) Version/14.0 Mobile/15E148 Safari/604.1"
66.249.69.164 - - [20/Feb/2021:19:43:21 +0100] "GET /images/3700791200166.jpg HTTP/1.1" 200 31736 "-" "Googlebot-Image/1.0"
157.55.39.246 - - [20/Feb/2021:19:43:47 +0100] "GET /js/jquery.js HTTP/1.1" 200 54075 "-" "Mozilla/5.0 (compatible; bingbot/2.0; +http://www.bing.com/bingbot.htm)"
216.244.66.242 - - [20/Feb/2021:19:45:14 +0100] "GET /images/5012994628660.jpg HTTP/1.1" 200 22584 "-" "Mozilla/5.0 (compatible; DotBot/1.1; http://www.opensiteexplorer.org/dotbot, help@moz.com)"
13.66.139.73 - - [20/Feb/2021:19:45:21 +0100] "GET /images/5411217332207.jpg HTTP/1.1" 200 82153 "-" "Mozilla/5.0 (compatible; bingbot/2.0; +http://www.bing.com/bingbot.htm)"
13.66.139.73 - - [20/Feb/2021:19:46:12 +0100] "GET /images/8714274565036.jpg HTTP/1.1" 200 65224 "-" "Mozilla/5.0 (compatible; bingbot/2.0; +http://www.bing.com/bingbot.htm)"
216.244.66.242 - - [20/Feb/2021:19:46:28 +0100] "GET /images/med_prod/8435306284311.jpg HTTP/1.1" 200 76571 "-" "Mozilla/5.0 (compatible; DotBot/1.1; http://www.opensiteexplorer.org/dotbot, help@moz.com)"
13.66.139.73 - - [20/Feb/2021:19:47:23 +0100] "GET /images/big_prod/3660600198384.jpg HTTP/1.1" 200 70245 "-" "Mozilla/5.0 (compatible; bingbot/2.0; +http://www.bing.com/bingbot.htm)"
13.66.139.73 - - [20/Feb/2021:19:48:04 +0100] "GET /images/big_prod/8718317626753.jpg HTTP/1.1" 200 72406 "-" "Mozilla/5.0 (compatible; bingbot/2.0; +http://www.bing.com/bingbot.htm)"
13.66.139.88 - - [20/Feb/2021:19:48:44 +0100] "GET /images/big_prod/1384010207802.jpg HTTP/1.1" 200 82110 "-" "Mozilla/5.0 (compatible; bingbot/2.0; +http://www.bing.com/bingbot.htm)"
157.55.39.170 - - [20/Feb/2021:19:49:18 +0100] "GET /robots.txt HTTP/1.1" 200 2438 "-" "Mozilla/5.0 (compatible; bingbot/2.0; +http://www.bing.com/bingbot.htm)"
157.55.39.170 - - [20/Feb/2021:19:49:18 +0100] "GET /robots.txt HTTP/1.1" 200 2438 "-" "Mozilla/5.0 (compatible; bingbot/2.0; +http://www.bing.com/bingbot.htm)"
157.55.39.170 - - [20/Feb/2021:19:49:18 +0100] "GET /robots.txt HTTP/1.1" 200 2438 "-" "Mozilla/5.0 (compatible; bingbot/2.0; +http://www.bing.com/bingbot.htm)"
157.55.39.170 - - [20/Feb/2021:19:49:18 +0100] "GET /robots.txt HTTP/1.1" 200 2438 "-" "Mozilla/5.0 (compatible; bingbot/2.0; +http://www.bing.com/bingbot.htm)"
157.55.39.170 - - [20/Feb/2021:19:49:19 +0100] "GET /robots.txt HTTP/1.1" 200 2438 "-" "Mozilla/5.0 (compatible; bingbot/2.0; +http://www.bing.com/bingbot.htm)"
13.66.139.88 - - [20/Feb/2021:19:49:54 +0100] "GET /images/1345544547345.jpg HTTP/1.1" 200 38074 "-" "Mozilla/5.0 (compatible; bingbot/2.0; +http://www.bing.com/bingbot.htm)"
13.66.139.73 - - [20/Feb/2021:19:50:04 +0100] "GET /images/big_prod/1384010202913.jpg HTTP/1.1" 200 57140 "-" "Mozilla/5.0 (compatible; bingbot/2.0; +http://www.bing.com/bingbot.htm)"
185.191.171.26 - - [20/Feb/2021:19:50:36 +0100] "GET /robots.txt HTTP/1.1" 200 2438 "-" "Mozilla/5.0 (compatible; SemrushBot/7~bl; +http://www.semrush.com/bot.html)"
13.66.139.73 - - [20/Feb/2021:19:50:54 +0100] "GET /images/mini_prod/3014627927371.jpg HTTP/1.1" 200 4506 "-" "Mozilla/5.0 (compatible; bingbot/2.0; +http://www.bing.com/bingbot.htm)"
111.225.149.105 - - [20/Feb/2021:19:51:17 +0100] "GET /js/jquery.js HTTP/1.1" 200 54075 "http://www.wonder-geek.com/" "Mozilla/5.0 (Linux; Android 5.0) AppleWebKit/537.36 (KHTML, like Gecko) Mobile Safari/537.36 (compatible; Bytespider; https://zhanzhang.toutiao.com/)"
111.225.149.103 - - [20/Feb/2021:19:51:18 +0100] "GET /images/icons/soldes_grand.jpg HTTP/1.1" 200 53576 "http://www.wonder-geek.com/" "Mozilla/5.0 (Linux; Android 5.0) AppleWebKit/537.36 (KHTML, like Gecko) Mobile Safari/537.36 (compatible; Bytespider; https://zhanzhang.toutiao.com/)"
13.66.139.137 - - [20/Feb/2021:19:51:37 +0100] "GET /images/big_prod/8420084800235.jpg HTTP/1.1" 200 41185 "-" "Mozilla/5.0 (compatible; bingbot/2.0; +http://www.bing.com/bingbot.htm)"
13.66.139.88 - - [20/Feb/2021:19:53:16 +0100] "GET /images/4999913831589.jpg HTTP/1.1" 200 26641 "-" "Mozilla/5.0 (compatible; bingbot/2.0; +http://www.bing.com/bingbot.htm)"
13.66.139.88 - - [20/Feb/2021:19:54:05 +0100] "GET /images/mini_prod/8003990609699.jpg HTTP/1.1" 200 6866 "-" "Mozilla/5.0 (compatible; bingbot/2.0; +http://www.bing.com/bingbot.htm)"
192.0.100.179 - - [20/Feb/2021:19:56:19 +0100] "GET /images/b4010070225216.jpg HTTP/1.1" 200 101177 "-" "Photon/1.0"
13.66.139.88 - - [20/Feb/2021:19:57:07 +0100] "GET /images/big_prod_2/5404006037940.jpg HTTP/1.1" 200 82421 "-" "Mozilla/5.0 (compatible; bingbot/2.0; +http://www.bing.com/bingbot.htm)"
157.55.39.246 - - [20/Feb/2021:19:57:15 +0100] "GET /images/b045544409650.jpg HTTP/1.1" 200 41068 "-" "Mozilla/5.0 (Windows NT 6.1; WOW64) AppleWebKit/534+ (KHTML, like Gecko) BingPreview/1.0b"
114.119.129.36 - - [20/Feb/2021:20:00:02 +0100] "GET /images/big_prod/8422020048305.jpg HTTP/1.1" 200 99335 "-" "Mozilla/5.0 (Linux; Android 7.0;) AppleWebKit/537.36 (KHTML, like Gecko) Mobile Safari/537.36 (compatible; PetalBot;+https://aspiegel.com/petalbot)"
13.66.139.137 - - [20/Feb/2021:20:00:09 +0100] "GET /images/big_prod_1/8433933199497B.jpg HTTP/1.1" 200 273109 "-" "Mozilla/5.0 (compatible; bingbot/2.0; +http://www.bing.com/bingbot.htm)"
111.225.149.167 - - [20/Feb/2021:20:01:17 +0100] "GET /images/icons/soldes_grand.jpg HTTP/1.1" 200 53576 "http://www.wonder-geek.com/index.php" "Mozilla/5.0 (Linux; Android 5.0) AppleWebKit/537.36 (KHTML, like Gecko) Mobile Safari/537.36 (compatible; Bytespider; https://zhanzhang.toutiao.com/)"
13.66.139.88 - - [20/Feb/2021:20:02:09 +0100] "GET /images/3453131103527.jpg HTTP/1.1" 200 22956 "-" "Mozilla/5.0 (compatible; bingbot/2.0; +http://www.bing.com/bingbot.htm)"
185.191.171.7 - - [20/Feb/2021:20:03:29 +0100] "GET /robots.txt HTTP/1.1" 200 2438 "-" "Mozilla/5.0 (compatible; SemrushBot/7~bl; +http://www.semrush.com/bot.html)"
13.66.139.88 - - [20/Feb/2021:20:05:25 +0100] "GET /images/1399984243046.jpg HTTP/1.1" 200 148829 "-" "Mozilla/5.0 (compatible; bingbot/2.0; +http://www.bing.com/bingbot.htm)"
66.249.69.166 - - [20/Feb/2021:20:06:13 +0100] "GET /images/big_prod_1/3700572740317B.jpg HTTP/1.1" 200 729187 "-" "Googlebot-Image/1.0"
17.58.101.142 - - [20/Feb/2021:20:07:49 +0100] "GET /images/mini_prod/1384212423314.jpg HTTP/1.1" 200 4922 "-" "Mozilla/5.0 (Macintosh; Intel Mac OS X 10_15_5) AppleWebKit/605.1.15 (KHTML, like Gecko) Version/13.1.1 Safari/605.1.15 (Applebot/0.1; +http://www.apple.com/go/applebot)"
13.66.139.88 - - [20/Feb/2021:20:08:12 +0100] "GET /images/big_prod/1384010201701.jpg HTTP/1.1" 200 78763 "-" "Mozilla/5.0 (compatible; bingbot/2.0; +http://www.bing.com/bingbot.htm)"
13.66.139.73 - - [20/Feb/2021:20:08:33 +0100] "GET /images/big_prod_2/1328399219544b.jpg HTTP/1.1" 200 77484 "-" "Mozilla/5.0 (compatible; bingbot/2.0; +http://www.bing.com/bingbot.htm)"
