5.255.231.71 - - [20/Feb/2021:03:12:16 +0100] "GET /images/mini_prod/3565750027198.jpg HTTP/1.1" 200 4693 "-" "Mozilla/5.0 (compatible; YandexImages/3.0; +http://yandex.com/bots)"
66.249.69.166 - - [20/Feb/2021:03:12:19 +0100] "GET /images/mini_prod/3503420183737.jpg HTTP/1.1" 200 6894 "-" "Googlebot-Image/1.0"
5.255.231.71 - - [20/Feb/2021:03:12:21 +0100] "GET /images/mini_prod/3565750027204.jpg HTTP/1.1" 200 4637 "-" "Mozilla/5.0 (compatible; YandexImages/3.0; +http://yandex.com/bots)"
213.180.203.24 - - [20/Feb/2021:03:12:27 +0100] "GET /images/mini_prod/1384010177211.jpg HTTP/1.1" 200 5537 "-" "Mozilla/5.0 (compatible; YandexImages/3.0; +http://yandex.com/bots)"
213.180.203.24 - - [20/Feb/2021:03:12:32 +0100] "GET /images/big_prod/8718375753750.jpg HTTP/1.1" 200 137194 "-" "Mozilla/5.0 (compatible; YandexImages/3.0; +http://yandex.com/bots)"
213.180.203.24 - - [20/Feb/2021:03:12:34 +0100] "GET /images/mini_prod/1384010177242.jpg HTTP/1.1" 200 4026 "-" "Mozilla/5.0 (compatible; YandexImages/3.0; +http://yandex.com/bots)"
66.249.69.164 - - [20/Feb/2021:03:13:02 +0100] "GET /images/720322246114.jpg HTTP/1.1" 200 21977 "-" "Googlebot-Image/1.0"
13.66.139.73 - - [20/Feb/2021:03:13:40 +0100] "GET /images/5010065075092.jpg HTTP/1.1" 200 53154 "-" "Mozilla/5.0 (compatible; bingbot/2.0; +http://www.bing.com/bingbot.htm)"
66.249.69.162 - - [20/Feb/2021:03:13:44 +0100] "GET /images/mini_prod/3700224531027.jpg HTTP/1.1" 200 7401 "-" "Googlebot-Image/1.0"
13.66.139.137 - - [20/Feb/2021:03:14:01 +0100] "GET /images/big_prod/3574641150044.jpg HTTP/1.1" 200 81410 "-" "Mozilla/5.0 (compatible; bingbot/2.0; +http://www.bing.com/bingbot.htm)"
66.249.69.166 - - [20/Feb/2021:03:14:26 +0100] "GET /images/mini_prod/045544905701.jpg HTTP/1.1" 200 4830 "-" "Googlebot-Image/1.0"
66.249.69.166 - - [20/Feb/2021:03:15:09 +0100] "GET /images/big_prod/1384010192061.jpg HTTP/1.1" 200 26892 "-" "Googlebot-Image/1.0"
13.66.139.88 - - [20/Feb/2021:03:15:10 +0100] "GET /images/big_prod/8433933031452.jpg HTTP/1.1" 200 113001 "-" "Mozilla/5.0 (compatible; bingbot/2.0; +http://www.bing.com/bingbot.htm)"
66.249.69.162 - - [20/Feb/2021:03:15:52 +0100] "GET /images/big_prod/3700276267868.jpg HTTP/1.1" 200 103898 "-" "Googlebot-Image/1.0"
13.66.139.137 - - [20/Feb/2021:03:15:55 +0100] "GET /images/big_prod/8422019067492.jpg HTTP/1.1" 200 56628 "-" "Mozilla/5.0 (compatible; bingbot/2.0; +http://www.bing.com/bingbot.htm)"
66.249.69.164 - - [20/Feb/2021:03:16:33 +0100] "GET /images/mini_prod/8020912046448.jpg HTTP/1.1" 200 8861 "-" "Googlebot-Image/1.0"
66.249.69.162 - - [20/Feb/2021:03:17:16 +0100] "GET /images/7601019991643.jpg HTTP/1.1" 200 22823 "-" "Googlebot-Image/1.0"
13.66.139.88 - - [20/Feb/2021:03:17:21 +0100] "GET /images/1399984234846.jpg HTTP/1.1" 200 170240 "-" "Mozilla/5.0 (compatible; bingbot/2.0; +http://www.bing.com/bingbot.htm)"
13.66.139.73 - - [20/Feb/2021:03:17:30 +0100] "GET /images/big_prod/3665269039566.jpg HTTP/1.1" 200 104789 "-" "Mozilla/5.0 (compatible; bingbot/2.0; +http://www.bing.com/bingbot.htm)"
13.66.139.73 - - [20/Feb/2021:03:17:31 +0100] "GET /images/big_prod/8719075391815.jpg HTTP/1.1" 200 233511 "-" "Mozilla/5.0 (compatible; bingbot/2.0; +http://www.bing.com/bingbot.htm)"
13.66.139.88 - - [20/Feb/2021:03:17:36 +0100] "GET /images/big_prod/1399984224755.jpg HTTP/1.1" 200 211455 "-" "Mozilla/5.0 (compatible; bingbot/2.0; +http://www.bing.com/bingbot.htm)"
66.249.69.162 - - [20/Feb/2021:03:17:58 +0100] "GET /images/mini_prod/3503420191060.jpg HTTP/1.1" 200 6937 "-" "Googlebot-Image/1.0"
66.249.69.162 - - [20/Feb/2021:03:18:40 +0100] "GET /images/mini_prod/028399186747.jpg HTTP/1.1" 200 2681 "-" "Googlebot-Image/1.0"
66.249.69.162 - - [20/Feb/2021:03:19:23 +0100] "GET /images/big_prod_1/3665269007619b.jpg HTTP/1.1" 200 179125 "-" "Googlebot-Image/1.0"
13.66.139.137 - - [20/Feb/2021:03:19:26 +0100] "GET /images/4008789054272.jpg HTTP/1.1" 200 126568 "-" "Mozilla/5.0 (compatible; bingbot/2.0; +http://www.bing.com/bingbot.htm)"
13.66.139.137 - - [20/Feb/2021:03:19:26 +0100] "GET /images/4893438001284.jpg HTTP/1.1" 200 28142 "-" "Mozilla/5.0 (compatible; bingbot/2.0; +http://www.bing.com/bingbot.htm)"
66.249.69.164 - - [20/Feb/2021:03:20:05 +0100] "GET /images/mini_prod/8424346250745.jpg HTTP/1.1" 200 2819 "-" "Googlebot-Image/1.0"
66.249.69.162 - - [20/Feb/2021:03:20:48 +0100] "GET /images/mini_prod/1399984235621.jpg HTTP/1.1" 200 9555 "-" "Googlebot-Image/1.0"
66.249.69.166 - - [20/Feb/2021:03:21:30 +0100] "GET /images/mini_prod/9316188066143b.jpg HTTP/1.1" 200 5851 "-" "Googlebot-Image/1.0"
13.66.139.73 - - [20/Feb/2021:03:21:31 +0100] "GET /images/big_prod_2/8422015826574C.jpg HTTP/1.1" 200 367397 "-" "Mozilla/5.0 (compatible; bingbot/2.0; +http://www.bing.com/bingbot.htm)"
66.249.69.166 - - [20/Feb/2021:03:22:13 +0100] "GET /images/big_prod_1/3520071760056B.jpg HTTP/1.1" 200 105544 "-" "Googlebot-Image/1.0"
66.249.69.162 - - [20/Feb/2021:03:22:55 +0100] "GET /images/mini_prod/3560600292238.jpg HTTP/1.1" 200 6249 "-" "Googlebot-Image/1.0"
13.66.139.73 - - [20/Feb/2021:03:23:01 +0100] "GET /images/big_prod_1/8433933193228B.jpg HTTP/1.1" 200 33886 "-" "Mozilla/5.0 (compatible; bingbot/2.0; +http://www.bing.com/bingbot.htm)"
13.66.139.88 - - [20/Feb/2021:03:23:32 +0100] "GET /images/8421440012156.jpg HTTP/1.1" 200 28244 "-" "Mozilla/5.0 (compatible; bingbot/2.0; +http://www.bing.com/bingbot.htm)"
66.249.69.166 - - [20/Feb/2021:03:23:37 +0100] "GET /images/mini_prod/3760119606520.jpg HTTP/1.1" 200 6367 "-" "Googlebot-Image/1.0"
13.66.139.137 - - [20/Feb/2021:03:24:03 +0100] "GET /images/big_prod_1/942GJ02b.jpg HTTP/1.1" 200 122001 "-" "Mozilla/5.0 (compatible; bingbot/2.0; +http://www.bing.com/bingbot.htm)"
13.66.139.88 - - [20/Feb/2021:03:24:08 +0100] "GET /images/med_prod/1399984287897.jpg HTTP/1.1" 200 161866 "-" "Mozilla/5.0 (compatible; bingbot/2.0; +http://www.bing.com/bingbot.htm)"
13.66.139.73 - - [20/Feb/2021:03:24:12 +0100] "GET /images/40100070205750.jpg HTTP/1.1" 200 46589 "-" "Mozilla/5.0 (compatible; bingbot/2.0; +http://www.bing.com/bingbot.htm)"
66.249.69.166 - - [20/Feb/2021:03:24:20 +0100] "GET /images/big_prod/3665269014402.jpg HTTP/1.1" 200 64241 "-" "Googlebot-Image/1.0"
13.66.139.73 - - [20/Feb/2021:03:24:31 +0100] "GET /images/4005221.jpg HTTP/1.1" 200 19340 "-" "Mozilla/5.0 (compatible; bingbot/2.0; +http://www.bing.com/bingbot.htm)"
66.249.69.164 - - [20/Feb/2021:03:25:02 +0100] "GET /images/mini_prod/1328399219254.jpg HTTP/1.1" 200 7826 "-" "Googlebot-Image/1.0"
157.55.39.159 - - [20/Feb/2021:03:25:12 +0100] "GET /js/jquery.jqzoom.js HTTP/1.1" 200 4761 "-" "Mozilla/5.0 (compatible; bingbot/2.0; +http://www.bing.com/bingbot.htm)"
13.66.139.88 - - [20/Feb/2021:03:25:17 +0100] "GET /images/big_prod/9316188087353.jpg HTTP/1.1" 200 216523 "-" "Mozilla/5.0 (compatible; bingbot/2.0; +http://www.bing.com/bingbot.htm)"
66.249.69.162 - - [20/Feb/2021:03:25:44 +0100] "GET /images/med_prod/8435107820879.jpg HTTP/1.1" 200 65776 "-" "Googlebot-Image/1.0"
66.249.69.162 - - [20/Feb/2021:03:26:26 +0100] "GET /images/mini_prod/1384010200544.jpg HTTP/1.1" 200 7559 "-" "Googlebot-Image/1.0"
157.55.39.246 - - [20/Feb/2021:03:26:57 +0100] "GET /js/jquery.js HTTP/1.1" 200 54075 "-" "Mozilla/5.0 (compatible; bingbot/2.0; +http://www.bing.com/bingbot.htm)"
66.249.69.164 - - [20/Feb/2021:03:27:09 +0100] "GET /images/TROBL3147.jpg HTTP/1.1" 200 32650 "-" "Googlebot-Image/1.0"
66.249.69.162 - - [20/Feb/2021:03:27:52 +0100] "GET /images/mini_prod/1300001473001.jpg HTTP/1.1" 200 4434 "-" "Googlebot-Image/1.0"
13.66.139.137 - - [20/Feb/2021:03:27:53 +0100] "GET /images/big_prod/1300000021944.jpg HTTP/1.1" 200 36213 "-" "Mozilla/5.0 (compatible; bingbot/2.0; +http://www.bing.com/bingbot.htm)"
13.66.139.137 - - [20/Feb/2021:03:27:53 +0100] "GET /images/1399984264294.jpg HTTP/1.1" 200 61876 "-" "Mozilla/5.0 (compatible; bingbot/2.0; +http://www.bing.com/bingbot.htm)"
66.249.69.162 - - [20/Feb/2021:03:28:12 +0100] "GET /images/mini_prod/5055071700194.jpg HTTP/1.1" 200 6503 "-" "Googlebot-Image/1.0"
13.66.139.88 - - [20/Feb/2021:03:28:24 +0100] "GET /images/5410994579614b.jpg HTTP/1.1" 200 38606 "-" "Mozilla/5.0 (compatible; bingbot/2.0; +http://www.bing.com/bingbot.htm)"
157.55.39.246 - - [20/Feb/2021:03:28:27 +0100] "GET /js/jquery.js HTTP/1.1" 200 54075 "-" "Mozilla/5.0 (compatible; bingbot/2.0; +http://www.bing.com/bingbot.htm)"
66.249.69.164 - - [20/Feb/2021:03:28:34 +0100] "GET /images/mini_prod/5051276182766.jpg HTTP/1.1" 200 5821 "-" "Googlebot-Image/1.0"
13.66.139.73 - - [20/Feb/2021:03:28:40 +0100] "GET /images/big_prod_1/1328399219544a.jpg HTTP/1.1" 200 76267 "-" "Mozilla/5.0 (compatible; bingbot/2.0; +http://www.bing.com/bingbot.htm)"
66.249.69.164 - - [20/Feb/2021:03:29:16 +0100] "GET /images/mini_prod/1384010178034.jpg HTTP/1.1" 200 7798 "-" "Googlebot-Image/1.0"
13.66.139.73 - - [20/Feb/2021:03:29:51 +0100] "GET /images/big_prod/8424001118625B.jpg HTTP/1.1" 200 109860 "-" "Mozilla/5.0 (compatible; bingbot/2.0; +http://www.bing.com/bingbot.htm)"
13.66.139.137 - - [20/Feb/2021:03:29:55 +0100] "GET /images/B00316-copie-4.jpg HTTP/1.1" 200 28017 "-" "Mozilla/5.0 (compatible; bingbot/2.0; +http://www.bing.com/bingbot.htm)"
66.249.69.162 - - [20/Feb/2021:03:29:58 +0100] "GET /images/mini_prod/2791693067392.jpg HTTP/1.1" 200 9058 "-" "Googlebot-Image/1.0"
66.249.69.166 - - [20/Feb/2021:03:30:41 +0100] "GET /images/mini_prod/3609810052642.jpg HTTP/1.1" 200 9117 "-" "Googlebot-Image/1.0"
66.249.69.166 - - [20/Feb/2021:03:31:23 +0100] "GET /images/mini_prod/3453131133210.jpg HTTP/1.1" 200 7575 "-" "Googlebot-Image/1.0"
66.249.69.164 - - [20/Feb/2021:03:32:05 +0100] "GET /images/big_prod/8718317639104.jpg HTTP/1.1" 200 77899 "-" "Googlebot-Image/1.0"
66.249.69.164 - - [20/Feb/2021:03:32:07 +0100] "GET /images/mini_prod/1384010204986.jpg HTTP/1.1" 200 4450 "-" "Googlebot-Image/1.0"
66.249.69.164 - - [20/Feb/2021:03:32:48 +0100] "GET /images/mini_prod/5051276405087b.jpg HTTP/1.1" 200 8073 "-" "Googlebot-Image/1.0"
13.66.139.137 - - [20/Feb/2021:03:33:03 +0100] "GET /images/1399984263051.jpg HTTP/1.1" 200 78972 "-" "Mozilla/5.0 (compatible; bingbot/2.0; +http://www.bing.com/bingbot.htm)"
66.249.69.166 - - [20/Feb/2021:03:33:30 +0100] "GET /images/mini_prod/4036113270210.jpg HTTP/1.1" 200 7457 "-" "Googlebot-Image/1.0"
13.66.139.88 - - [20/Feb/2021:03:33:36 +0100] "GET /images/8033667513707.jpg HTTP/1.1" 200 31367 "-" "Mozilla/5.0 (compatible; bingbot/2.0; +http://www.bing.com/bingbot.htm)"
66.249.69.166 - - [20/Feb/2021:03:34:13 +0100] "GET /images/big_prod_1/8718375755594a.jpg HTTP/1.1" 200 233814 "-" "Googlebot-Image/1.0"
66.249.69.162 - - [20/Feb/2021:03:34:55 +0100] "GET /images/mini_prod/5400924116002.jpg HTTP/1.1" 200 7851 "-" "Googlebot-Image/1.0"
13.66.139.88 - - [20/Feb/2021:03:35:27 +0100] "GET /images/med_prod/8719033260634.jpg HTTP/1.1" 200 149474 "-" "Mozilla/5.0 (compatible; bingbot/2.0; +http://www.bing.com/bingbot.htm)"
13.66.139.88 - - [20/Feb/2021:03:35:27 +0100] "GET /images/8435306275555.jpg HTTP/1.1" 200 91626 "-" "Mozilla/5.0 (compatible; bingbot/2.0; +http://www.bing.com/bingbot.htm)"
66.249.69.162 - - [20/Feb/2021:03:35:37 +0100] "GET /images/big_prod_1/4250255858994a.jpg HTTP/1.1" 200 33536 "-" "Googlebot-Image/1.0"
13.66.139.88 - - [20/Feb/2021:03:36:06 +0100] "GET /images/med_prod/4036113222455.jpg HTTP/1.1" 200 127418 "-" "Mozilla/5.0 (compatible; bingbot/2.0; +http://www.bing.com/bingbot.htm)"
66.249.69.162 - - [20/Feb/2021:03:36:20 +0100] "GET /images/big_prod/20620FX.jpg HTTP/1.1" 200 93328 "-" "Googlebot-Image/1.0"
13.66.139.137 - - [20/Feb/2021:03:36:24 +0100] "GET /images/big_prod/1328399219292.jpg HTTP/1.1" 200 77320 "-" "Mozilla/5.0 (compatible; bingbot/2.0; +http://www.bing.com/bingbot.htm)"
66.249.69.164 - - [20/Feb/2021:03:37:02 +0100] "GET /images/mini_prod/4029811342419.jpg HTTP/1.1" 200 7070 "-" "Googlebot-Image/1.0"
13.66.139.73 - - [20/Feb/2021:03:37:06 +0100] "GET /images/big_prod/1384010207321.jpg HTTP/1.1" 200 205629 "-" "Mozilla/5.0 (compatible; bingbot/2.0; +http://www.bing.com/bingbot.htm)"
13.66.139.137 - - [20/Feb/2021:03:37:15 +0100] "GET /images/big_prod_1/b4006592916817.jpg HTTP/1.1" 200 161398 "-" "Mozilla/5.0 (compatible; bingbot/2.0; +http://www.bing.com/bingbot.htm)"
13.66.139.137 - - [20/Feb/2021:03:37:16 +0100] "GET /images/big_prod/1348422000567.jpg HTTP/1.1" 200 126348 "-" "Mozilla/5.0 (compatible; bingbot/2.0; +http://www.bing.com/bingbot.htm)"
66.249.69.162 - - [20/Feb/2021:03:37:47 +0100] "GET /images/mini_prod/3520071526348.jpg HTTP/1.1" 200 4518 "-" "Googlebot-Image/1.0"
66.249.69.162 - - [20/Feb/2021:03:38:26 +0100] "GET /images/mini_prod/720322280750.jpg HTTP/1.1" 200 6430 "-" "Googlebot-Image/1.0"
66.249.69.164 - - [20/Feb/2021:03:39:09 +0100] "GET /images/3661443612877.jpg HTTP/1.1" 200 30939 "-" "Googlebot-Image/1.0"
66.249.69.162 - - [20/Feb/2021:03:39:51 +0100] "GET /images/mini_prod/3540945508980.jpg HTTP/1.1" 200 8767 "-" "Googlebot-Image/1.0"
66.249.69.162 - - [20/Feb/2021:03:40:33 +0100] "GET /images/mini_prod/1399986101702.jpg HTTP/1.1" 200 5699 "-" "Googlebot-Image/1.0"
66.249.69.164 - - [20/Feb/2021:03:41:16 +0100] "GET /images/mini_prod/1399986100569.jpg HTTP/1.1" 200 8542 "-" "Googlebot-Image/1.0"
13.66.139.88 - - [20/Feb/2021:03:41:18 +0100] "GET /images/mini_prod/8424346367733.jpg HTTP/1.1" 200 4036 "-" "Mozilla/5.0 (compatible; bingbot/2.0; +http://www.bing.com/bingbot.htm)"
66.249.69.162 - - [20/Feb/2021:03:41:58 +0100] "GET /images/mini_prod/3700276219515.gif HTTP/1.1" 200 8690 "-" "Googlebot-Image/1.0"
66.249.69.164 - - [20/Feb/2021:03:42:46 +0100] "GET /images/mini_prod/4036113306025.jpg HTTP/1.1" 200 10984 "-" "Googlebot-Image/1.0"
13.66.139.73 - - [20/Feb/2021:03:42:51 +0100] "GET /images/big_prod/8424346356614.jpg HTTP/1.1" 200 124839 "-" "Mozilla/5.0 (compatible; bingbot/2.0; +http://www.bing.com/bingbot.htm)"
66.249.69.164 - - [20/Feb/2021:03:43:15 +0100] "GET /images/mini_prod/4045233026690.jpg HTTP/1.1" 200 4082 "-" "Googlebot-Image/1.0"
66.249.69.162 - - [20/Feb/2021:03:43:23 +0100] "GET /images/mini_prod/8435107820879.jpg HTTP/1.1" 200 5052 "-" "Googlebot-Image/1.0"
66.249.69.166 - - [20/Feb/2021:03:44:05 +0100] "GET /images/mini_prod/8422015888107.jpg HTTP/1.1" 200 5488 "-" "Googlebot-Image/1.0"
13.66.139.88 - - [20/Feb/2021:03:44:29 +0100] "GET /images/big_prod/8433933152645.jpg HTTP/1.1" 200 91377 "-" "Mozilla/5.0 (compatible; bingbot/2.0; +http://www.bing.com/bingbot.htm)"
66.249.69.162 - - [20/Feb/2021:03:44:48 +0100] "GET /images/mini_prod/3609810013544.jpg HTTP/1.1" 200 7229 "-" "Googlebot-Image/1.0"
185.191.171.2 - - [20/Feb/2021:03:45:03 +0100] "GET /robots.txt HTTP/1.1" 200 2438 "-" "Mozilla/5.0 (compatible; SemrushBot/7~bl; +http://www.semrush.com/bot.html)"
66.249.69.164 - - [20/Feb/2021:03:45:30 +0100] "GET /images/med_prod/1328399085323.jpg HTTP/1.1" 200 85065 "-" "Googlebot-Image/1.0"
13.66.139.88 - - [20/Feb/2021:03:45:39 +0100] "GET /images/mini_prod/8422011490106.jpg HTTP/1.1" 200 6101 "-" "Mozilla/5.0 (compatible; bingbot/2.0; +http://www.bing.com/bingbot.htm)"
66.249.69.162 - - [20/Feb/2021:03:46:12 +0100] "GET /images/mini_prod/5018997627945.jpg HTTP/1.1" 200 7340 "-" "Googlebot-Image/1.0"
66.249.69.164 - - [20/Feb/2021:03:46:55 +0100] "GET /images/mini_prod/1399986106097.jpg HTTP/1.1" 200 9004 "-" "Googlebot-Image/1.0"
66.249.69.166 - - [20/Feb/2021:03:47:03 +0100] "GET /images/mini_prod/8422019487023.jpg HTTP/1.1" 200 9207 "-" "Googlebot-Image/1.0"
13.66.139.137 - - [20/Feb/2021:03:47:07 +0100] "GET /images/9316188013314.jpg HTTP/1.1" 200 28082 "-" "Mozilla/5.0 (compatible; bingbot/2.0; +http://www.bing.com/bingbot.htm)"
13.66.139.88 - - [20/Feb/2021:03:47:30 +0100] "GET /images/med_prod/8412497917624.jpg HTTP/1.1" 200 106505 "-" "Mozilla/5.0 (compatible; bingbot/2.0; +http://www.bing.com/bingbot.htm)"
66.249.69.164 - - [20/Feb/2021:03:47:43 +0100] "GET /images/mini_prod/1399984256312.jpg HTTP/1.1" 200 7621 "-" "Googlebot-Image/1.0"
66.249.69.164 - - [20/Feb/2021:03:48:19 +0100] "GET /images/mini_prod/8424001480036.jpg HTTP/1.1" 200 3745 "-" "Googlebot-Image/1.0"
13.66.139.88 - - [20/Feb/2021:03:48:52 +0100] "GET /images/big_prod/3453131129695.jpg HTTP/1.1" 200 91786 "-" "Mozilla/5.0 (compatible; bingbot/2.0; +http://www.bing.com/bingbot.htm)"
66.249.69.162 - - [20/Feb/2021:03:49:02 +0100] "GET /images/mini_prod/8433933312469.jpg HTTP/1.1" 200 5550 "-" "Googlebot-Image/1.0"
13.66.139.137 - - [20/Feb/2021:03:49:16 +0100] "GET /images/4025055094589.jpg HTTP/1.1" 200 26386 "-" "Mozilla/5.0 (compatible; bingbot/2.0; +http://www.bing.com/bingbot.htm)"
13.66.139.137 - - [20/Feb/2021:03:49:27 +0100] "GET /images/big_prod_1/8422014032808B.jpg HTTP/1.1" 200 114286 "-" "Mozilla/5.0 (compatible; bingbot/2.0; +http://www.bing.com/bingbot.htm)"
66.249.69.164 - - [20/Feb/2021:03:49:44 +0100] "GET /images/big_prod/1384220122452.jpg HTTP/1.1" 200 72002 "-" "Googlebot-Image/1.0"
66.249.69.164 - - [20/Feb/2021:03:50:27 +0100] "GET /images/big_prod/8424346241279.jpg HTTP/1.1" 200 74903 "-" "Googlebot-Image/1.0"
66.249.69.162 - - [20/Feb/2021:03:51:09 +0100] "GET /images/mini_prod/4029811323203.jpg HTTP/1.1" 200 6154 "-" "Googlebot-Image/1.0"
13.66.139.73 - - [20/Feb/2021:03:51:22 +0100] "GET /images/big_prod/3700230605514.jpg HTTP/1.1" 200 146323 "-" "Mozilla/5.0 (compatible; bingbot/2.0; +http://www.bing.com/bingbot.htm)"
13.66.139.137 - - [20/Feb/2021:03:51:46 +0100] "GET /images/big_prod/1345544780124.jpg HTTP/1.1" 200 204762 "-" "Mozilla/5.0 (compatible; bingbot/2.0; +http://www.bing.com/bingbot.htm)"
66.249.69.164 - - [20/Feb/2021:03:51:51 +0100] "GET /images/mini_prod/4036113280035.jpg HTTP/1.1" 200 7284 "-" "Googlebot-Image/1.0"
66.249.69.162 - - [20/Feb/2021:03:52:37 +0100] "GET /images/mini_prod/8422056789630B.jpg HTTP/1.1" 200 4496 "-" "Googlebot-Image/1.0"
66.249.69.166 - - [20/Feb/2021:03:53:16 +0100] "GET /images/mini_prod/8424346036080.jpg HTTP/1.1" 200 4921 "-" "Googlebot-Image/1.0"
66.249.69.164 - - [20/Feb/2021:03:53:58 +0100] "GET /images/big_prod_1/8424346352654B.jpg HTTP/1.1" 200 71857 "-" "Googlebot-Image/1.0"
216.244.66.242 - - [20/Feb/2021:03:54:19 +0100] "GET /robots.txt HTTP/1.1" 200 2438 "-" "Mozilla/5.0 (compatible; DotBot/1.1; http://www.opensiteexplorer.org/dotbot, help@moz.com)"
157.55.39.246 - - [20/Feb/2021:03:54:40 +0100] "GET /js/jquery.js HTTP/1.1" 200 54075 "-" "Mozilla/5.0 (compatible; bingbot/2.0; +http://www.bing.com/bingbot.htm)"
66.249.69.164 - - [20/Feb/2021:03:54:40 +0100] "GET /images/mini_prod/1399984258354.jpg HTTP/1.1" 200 8887 "-" "Googlebot-Image/1.0"
157.55.39.69 - - [20/Feb/2021:03:54:44 +0100] "GET /highslide/highslide.js HTTP/1.1" 200 42909 "-" "Mozilla/5.0 (compatible; bingbot/2.0; +http://www.bing.com/bingbot.htm)"
66.249.69.164 - - [20/Feb/2021:03:55:23 +0100] "GET /images/big_prod/3014627953752.jpg HTTP/1.1" 200 81716 "-" "Googlebot-Image/1.0"
13.66.139.137 - - [20/Feb/2021:03:55:25 +0100] "GET /images/big_prod/3560600315005.jpg HTTP/1.1" 200 63804 "-" "Mozilla/5.0 (compatible; bingbot/2.0; +http://www.bing.com/bingbot.htm)"
66.249.69.166 - - [20/Feb/2021:03:56:05 +0100] "GET /images/mini_prod/9316188077071.jpg HTTP/1.1" 200 5224 "-" "Googlebot-Image/1.0"
13.66.139.88 - - [20/Feb/2021:03:56:23 +0100] "GET /images/b8427787034806.jpg HTTP/1.1" 200 23489 "-" "Mozilla/5.0 (compatible; bingbot/2.0; +http://www.bing.com/bingbot.htm)"
66.249.69.164 - - [20/Feb/2021:03:56:48 +0100] "GET /images/big_prod/8720088295809.jpg HTTP/1.1" 200 90003 "-" "Googlebot-Image/1.0"
157.55.39.246 - - [20/Feb/2021:03:56:50 +0100] "GET /js/jquery.js HTTP/1.1" 200 54075 "-" "Mozilla/5.0 (compatible; bingbot/2.0; +http://www.bing.com/bingbot.htm)"
66.249.69.162 - - [20/Feb/2021:03:57:36 +0100] "GET /images/mini_prod/1399986101047NN.jpg HTTP/1.1" 200 6782 "-" "Googlebot-Image/1.0"
13.66.139.88 - - [20/Feb/2021:03:57:42 +0100] "GET /images/4891813201083.jpg HTTP/1.1" 200 24117 "-" "Mozilla/5.0 (compatible; bingbot/2.0; +http://www.bing.com/bingbot.htm)"
13.66.139.73 - - [20/Feb/2021:03:57:47 +0100] "GET /images/8435306246456bis.jpg HTTP/1.1" 200 99768 "-" "Mozilla/5.0 (compatible; bingbot/2.0; +http://www.bing.com/bingbot.htm)"
66.249.69.162 - - [20/Feb/2021:03:58:12 +0100] "GET /images/big_prod/8718657461199.jpg HTTP/1.1" 200 41138 "-" "Googlebot-Image/1.0"
66.249.69.162 - - [20/Feb/2021:03:58:12 +0100] "GET /images/mini_prod/B1399984289426.jpg HTTP/1.1" 200 7319 "-" "Googlebot-Image/1.0"
13.66.139.88 - - [20/Feb/2021:03:58:14 +0100] "GET /images/big_prod/3565750289824.jpg HTTP/1.1" 200 47950 "-" "Mozilla/5.0 (compatible; bingbot/2.0; +http://www.bing.com/bingbot.htm)"
13.66.139.73 - - [20/Feb/2021:03:58:34 +0100] "GET /images/med_prod/3453131112710.jpg HTTP/1.1" 200 116959 "-" "Mozilla/5.0 (compatible; bingbot/2.0; +http://www.bing.com/bingbot.htm)"
66.249.69.162 - - [20/Feb/2021:03:58:55 +0100] "GET /images/mini_prod/4036113203713.jpg HTTP/1.1" 200 9670 "-" "Googlebot-Image/1.0"
66.249.69.164 - - [20/Feb/2021:03:59:37 +0100] "GET /images/mini_prod/1905279118960.jpg HTTP/1.1" 200 8527 "-" "Googlebot-Image/1.0"
13.66.139.73 - - [20/Feb/2021:04:00:03 +0100] "GET /images/mini_prod/3160704002643.jpg HTTP/1.1" 200 6895 "-" "Mozilla/5.0 (compatible; bingbot/2.0; +http://www.bing.com/bingbot.htm)"
66.249.69.164 - - [20/Feb/2021:04:00:19 +0100] "GET /images/mini_prod/0720322297291.jpg HTTP/1.1" 200 8088 "-" "Googlebot-Image/1.0"
13.66.139.88 - - [20/Feb/2021:04:00:24 +0100] "GET /images/big_prod/1384010204856.jpg HTTP/1.1" 200 97957 "-" "Mozilla/5.0 (compatible; bingbot/2.0; +http://www.bing.com/bingbot.htm)"
66.249.69.164 - - [20/Feb/2021:04:01:02 +0100] "GET /images/big_prod/1300000021043.jpg HTTP/1.1" 200 52044 "-" "Googlebot-Image/1.0"
13.66.139.73 - - [20/Feb/2021:04:01:24 +0100] "GET /images/3438100321324.jpg HTTP/1.1" 200 33554 "-" "Mozilla/5.0 (compatible; bingbot/2.0; +http://www.bing.com/bingbot.htm)"
66.249.69.162 - - [20/Feb/2021:04:01:44 +0100] "GET /images/mini_prod/3609810041752.jpg HTTP/1.1" 200 9871 "-" "Googlebot-Image/1.0"
13.66.139.137 - - [20/Feb/2021:04:01:57 +0100] "GET /images/big_prod_1/8487012480242N.jpg HTTP/1.1" 200 324255 "-" "Mozilla/5.0 (compatible; bingbot/2.0; +http://www.bing.com/bingbot.htm)"
66.249.69.162 - - [20/Feb/2021:04:02:04 +0100] "GET /images/4005221.jpg HTTP/1.1" 200 19340 "-" "Googlebot-Image/1.0"
13.66.139.73 - - [20/Feb/2021:04:02:13 +0100] "GET /images/3521320605173.jpg HTTP/1.1" 200 33768 "-" "Mozilla/5.0 (compatible; bingbot/2.0; +http://www.bing.com/bingbot.htm)"
66.249.69.164 - - [20/Feb/2021:04:02:34 +0100] "GET /images/mini_prod/9316188067959.jpg HTTP/1.1" 200 4296 "-" "Googlebot-Image/1.0"
13.66.139.88 - - [20/Feb/2021:04:02:44 +0100] "GET /images/mini_prod/3609810085220.jpg HTTP/1.1" 200 6776 "-" "Mozilla/5.0 (compatible; bingbot/2.0; +http://www.bing.com/bingbot.htm)"
66.249.69.162 - - [20/Feb/2021:04:03:09 +0100] "GET /images/mini_prod/1399984231791.jpg HTTP/1.1" 200 8721 "-" "Googlebot-Image/1.0"
66.249.69.162 - - [20/Feb/2021:04:03:51 +0100] "GET /images/mini_prod/8419169309428.jpg HTTP/1.1" 200 8383 "-" "Googlebot-Image/1.0"
13.66.139.137 - - [20/Feb/2021:04:04:26 +0100] "GET /images/big_prod/8901319003121.jpg HTTP/1.1" 200 107148 "-" "Mozilla/5.0 (compatible; bingbot/2.0; +http://www.bing.com/bingbot.htm)"
66.249.69.164 - - [20/Feb/2021:04:04:34 +0100] "GET /images/mini_prod/84220114poupeer.jpg HTTP/1.1" 200 12694 "-" "Googlebot-Image/1.0"
66.249.69.164 - - [20/Feb/2021:04:05:16 +0100] "GET /images/big_prod/1399986100934.jpg HTTP/1.1" 200 202685 "-" "Googlebot-Image/1.0"
13.66.139.73 - - [20/Feb/2021:04:05:24 +0100] "GET /images/big_prod/1384010207376.jpg HTTP/1.1" 200 72381 "-" "Mozilla/5.0 (compatible; bingbot/2.0; +http://www.bing.com/bingbot.htm)"
13.66.139.137 - - [20/Feb/2021:04:05:28 +0100] "GET /images/big_prod/3453131152396.jpg HTTP/1.1" 200 86714 "-" "Mozilla/5.0 (compatible; bingbot/2.0; +http://www.bing.com/bingbot.htm)"
13.66.139.73 - - [20/Feb/2021:04:05:54 +0100] "GET /images/DSCN5292.jpg HTTP/1.1" 200 24908 "-" "Mozilla/5.0 (compatible; bingbot/2.0; +http://www.bing.com/bingbot.htm)"
66.249.69.164 - - [20/Feb/2021:04:05:58 +0100] "GET /images/mini_prod/3442440232141.jpg HTTP/1.1" 200 6248 "-" "Googlebot-Image/1.0"
66.249.69.166 - - [20/Feb/2021:04:06:41 +0100] "GET /images/mini_prod/3438100321195.jpg HTTP/1.1" 200 7408 "-" "Googlebot-Image/1.0"
13.66.139.137 - - [20/Feb/2021:04:06:56 +0100] "GET /images/1300010238158.jpg HTTP/1.1" 200 94690 "-" "Mozilla/5.0 (compatible; bingbot/2.0; +http://www.bing.com/bingbot.htm)"
66.249.69.166 - - [20/Feb/2021:04:07:23 +0100] "GET /images/big_prod_2/8424001449156NN.jpg HTTP/1.1" 200 206191 "-" "Googlebot-Image/1.0"
114.119.151.113 - - [20/Feb/2021:04:07:38 +0100] "GET /images/mini_prod/3700791200159.jpg HTTP/1.1" 200 7408 "-" "Mozilla/5.0 (Linux; Android 7.0;) AppleWebKit/537.36 (KHTML, like Gecko) Mobile Safari/537.36 (compatible; PetalBot;+https://aspiegel.com/petalbot)"
13.66.139.73 - - [20/Feb/2021:04:07:54 +0100] "GET /images/big_prod/8422011475561.jpg HTTP/1.1" 200 49555 "-" "Mozilla/5.0 (compatible; bingbot/2.0; +http://www.bing.com/bingbot.htm)"
13.66.139.73 - - [20/Feb/2021:04:07:54 +0100] "GET /images/8003990616079.jpg HTTP/1.1" 200 43847 "-" "Mozilla/5.0 (compatible; bingbot/2.0; +http://www.bing.com/bingbot.htm)"
13.66.139.73 - - [20/Feb/2021:04:08:04 +0100] "GET /images/big_prod/3609810047242.jpg HTTP/1.1" 200 88918 "-" "Mozilla/5.0 (compatible; bingbot/2.0; +http://www.bing.com/bingbot.htm)"
66.249.69.166 - - [20/Feb/2021:04:08:06 +0100] "GET /images/mini_prod/3560600311168.jpg HTTP/1.1" 200 6214 "-" "Googlebot-Image/1.0"
157.55.39.159 - - [20/Feb/2021:04:08:36 +0100] "GET /js/jquery.jqzoom.js HTTP/1.1" 200 4761 "-" "Mozilla/5.0 (compatible; bingbot/2.0; +http://www.bing.com/bingbot.htm)"
157.55.39.246 - - [20/Feb/2021:04:08:41 +0100] "GET /js/jquery.js HTTP/1.1" 200 54075 "-" "Mozilla/5.0 (compatible; bingbot/2.0; +http://www.bing.com/bingbot.htm)"
157.55.39.189 - - [20/Feb/2021:04:08:46 +0100] "GET /mondial_relay/js/jquery-1.3.2.min.js HTTP/1.1" 200 57254 "-" "Mozilla/5.0 (compatible; bingbot/2.0; +http://www.bing.com/bingbot.htm)"
66.249.69.164 - - [20/Feb/2021:04:08:48 +0100] "GET /images/mini_prod/3560600309851.jpg HTTP/1.1" 200 8954 "-" "Googlebot-Image/1.0"
66.249.69.162 - - [20/Feb/2021:04:08:48 +0100] "GET /robots.txt HTTP/1.1" 200 2438 "-" "Mozilla/5.0 (compatible; Googlebot/2.1; +http://www.google.com/bot.html)"
157.55.39.69 - - [20/Feb/2021:04:08:53 +0100] "GET /highslide/highslide.js HTTP/1.1" 200 42909 "-" "Mozilla/5.0 (compatible; bingbot/2.0; +http://www.bing.com/bingbot.htm)"
13.66.139.73 - - [20/Feb/2021:04:09:24 +0100] "GET /images/big_prod/3014627845811NN.jpg HTTP/1.1" 200 56616 "-" "Mozilla/5.0 (compatible; bingbot/2.0; +http://www.bing.com/bingbot.htm)"
66.249.69.162 - - [20/Feb/2021:04:09:30 +0100] "GET /images/mini_prod/1328399282401.jpg HTTP/1.1" 200 6184 "-" "Googlebot-Image/1.0"
66.249.69.164 - - [20/Feb/2021:04:10:12 +0100] "GET /images/mini_prod/5415203956415.jpg HTTP/1.1" 200 4830 "-" "Googlebot-Image/1.0"
66.249.69.164 - - [20/Feb/2021:04:10:55 +0100] "GET /images/mini_prod/3660218964630.jpg HTTP/1.1" 200 8839 "-" "Googlebot-Image/1.0"
66.249.69.164 - - [20/Feb/2021:04:11:37 +0100] "GET /images/mini_prod/3660173175249.jpg HTTP/1.1" 200 3760 "-" "Googlebot-Image/1.0"
13.66.139.73 - - [20/Feb/2021:04:11:55 +0100] "GET /images/big_prod/3453131131612.jpg HTTP/1.1" 200 219671 "-" "Mozilla/5.0 (compatible; bingbot/2.0; +http://www.bing.com/bingbot.htm)"
13.66.139.73 - - [20/Feb/2021:04:11:56 +0100] "GET /images/big_prod/3014627896257.jpg HTTP/1.1" 200 76989 "-" "Mozilla/5.0 (compatible; bingbot/2.0; +http://www.bing.com/bingbot.htm)"
13.66.139.88 - - [20/Feb/2021:04:12:06 +0100] "GET /images/8435306246487bis.jpg HTTP/1.1" 200 101681 "-" "Mozilla/5.0 (compatible; bingbot/2.0; +http://www.bing.com/bingbot.htm)"
66.249.69.164 - - [20/Feb/2021:04:12:19 +0100] "GET /images/mini_prod/B8422666661524B.jpg HTTP/1.1" 200 5779 "-" "Googlebot-Image/1.0"
13.66.139.73 - - [20/Feb/2021:04:12:46 +0100] "GET /images/5055139362784.jpg HTTP/1.1" 200 116617 "-" "Mozilla/5.0 (compatible; bingbot/2.0; +http://www.bing.com/bingbot.htm)"
66.249.69.164 - - [20/Feb/2021:04:13:02 +0100] "GET /images/big_prod/5051276182841.jpg HTTP/1.1" 200 102686 "-" "Googlebot-Image/1.0"
66.249.69.162 - - [20/Feb/2021:04:13:14 +0100] "GET /images/big_prod/3565750277388.jpg HTTP/1.1" 200 69951 "-" "Googlebot-Image/1.0"
66.249.69.162 - - [20/Feb/2021:04:13:44 +0100] "GET /images/mini_prod/1332202662281NN.jpg HTTP/1.1" 200 3229 "-" "Googlebot-Image/1.0"
13.66.139.73 - - [20/Feb/2021:04:14:05 +0100] "GET /images/1399984255199.jpg HTTP/1.1" 200 121540 "-" "Mozilla/5.0 (compatible; bingbot/2.0; +http://www.bing.com/bingbot.htm)"
13.66.139.137 - - [20/Feb/2021:04:14:17 +0100] "GET /images/big_prod_3/b4542202656389.jpg HTTP/1.1" 200 99785 "-" "Mozilla/5.0 (compatible; bingbot/2.0; +http://www.bing.com/bingbot.htm)"
66.249.69.164 - - [20/Feb/2021:04:14:26 +0100] "GET /images/mini_prod/8422001017610B.jpg HTTP/1.1" 200 5205 "-" "Googlebot-Image/1.0"
66.249.69.162 - - [20/Feb/2021:04:15:09 +0100] "GET /images/mini_prod/8433933144831.jpg HTTP/1.1" 200 9791 "-" "Googlebot-Image/1.0"
66.249.69.162 - - [20/Feb/2021:04:15:51 +0100] "GET /images/mini_prod/1399984235720.jpg HTTP/1.1" 200 9729 "-" "Googlebot-Image/1.0"
66.249.69.164 - - [20/Feb/2021:04:16:33 +0100] "GET /images/mini_prod/8424001587957.jpg HTTP/1.1" 200 3455 "-" "Googlebot-Image/1.0"
13.66.139.137 - - [20/Feb/2021:04:16:38 +0100] "GET /images/big_prod/3665269006292.jpg HTTP/1.1" 200 77247 "-" "Mozilla/5.0 (compatible; bingbot/2.0; +http://www.bing.com/bingbot.htm)"
13.66.139.73 - - [20/Feb/2021:04:17:05 +0100] "GET /images/big_prod/3453131153546.jpg HTTP/1.1" 200 51233 "-" "Mozilla/5.0 (compatible; bingbot/2.0; +http://www.bing.com/bingbot.htm)"
66.249.69.164 - - [20/Feb/2021:04:17:16 +0100] "GET /images/big_prod/boudha1384010190999.jpg HTTP/1.1" 200 101127 "-" "Googlebot-Image/1.0"
13.66.139.88 - - [20/Feb/2021:04:17:28 +0100] "GET /images/big_prod/5701359740603.jpg HTTP/1.1" 200 120764 "-" "Mozilla/5.0 (compatible; bingbot/2.0; +http://www.bing.com/bingbot.htm)"
66.249.69.164 - - [20/Feb/2021:04:17:58 +0100] "GET /images/6953270925891.jpg HTTP/1.1" 200 56179 "-" "Googlebot-Image/1.0"
13.66.139.73 - - [20/Feb/2021:04:18:05 +0100] "GET /images/big_prod/4036113510743.jpg HTTP/1.1" 200 160594 "-" "Mozilla/5.0 (compatible; bingbot/2.0; +http://www.bing.com/bingbot.htm)"
66.249.69.162 - - [20/Feb/2021:04:18:41 +0100] "GET /images/mini_prod/1328399134410AA.jpg HTTP/1.1" 200 7837 "-" "Googlebot-Image/1.0"
13.66.139.137 - - [20/Feb/2021:04:19:08 +0100] "GET /images/med_prod/3438100363850.jpg HTTP/1.1" 200 142725 "-" "Mozilla/5.0 (compatible; bingbot/2.0; +http://www.bing.com/bingbot.htm)"
66.249.69.164 - - [20/Feb/2021:04:19:23 +0100] "GET /images/big_prod/5415203767998.jpg HTTP/1.1" 200 32620 "-" "Googlebot-Image/1.0"
13.66.139.88 - - [20/Feb/2021:04:19:24 +0100] "GET /images/big_prod_4/1328399271337d.jpg HTTP/1.1" 200 641700 "-" "Mozilla/5.0 (compatible; bingbot/2.0; +http://www.bing.com/bingbot.htm)"
66.249.69.162 - - [20/Feb/2021:04:20:05 +0100] "GET /images/mini_prod/3453131096089.jpg HTTP/1.1" 200 8587 "-" "Googlebot-Image/1.0"
66.249.69.162 - - [20/Feb/2021:04:20:48 +0100] "GET /images/mini_prod/3520071451770.jpg HTTP/1.1" 200 4345 "-" "Googlebot-Image/1.0"
157.55.39.246 - - [20/Feb/2021:04:21:03 +0100] "GET /js/jquery.js HTTP/1.1" 200 54075 "-" "Mozilla/5.0 (compatible; bingbot/2.0; +http://www.bing.com/bingbot.htm)"
13.66.139.73 - - [20/Feb/2021:04:21:28 +0100] "GET /images/big_prod/9316188087278.jpg HTTP/1.1" 200 228538 "-" "Mozilla/5.0 (compatible; bingbot/2.0; +http://www.bing.com/bingbot.htm)"
66.249.69.166 - - [20/Feb/2021:04:21:30 +0100] "GET /images/mini_prod/1020322280774.jpg HTTP/1.1" 200 6072 "-" "Googlebot-Image/1.0"
185.191.171.15 - - [20/Feb/2021:04:21:56 +0100] "GET /robots.txt HTTP/1.1" 200 2438 "-" "Mozilla/5.0 (compatible; SemrushBot/7~bl; +http://www.semrush.com/bot.html)"
192.0.101.59 - - [20/Feb/2021:04:22:04 +0100] "GET /images/5010994805197.jpg HTTP/1.1" 200 124288 "-" "Photon/1.0"
66.249.69.166 - - [20/Feb/2021:04:22:12 +0100] "GET /images/mini_prod/8717202559862.jpg HTTP/1.1" 200 3084 "-" "Googlebot-Image/1.0"
157.55.39.159 - - [20/Feb/2021:04:22:48 +0100] "GET /js/jquery.jqzoom.js HTTP/1.1" 200 4761 "-" "Mozilla/5.0 (compatible; bingbot/2.0; +http://www.bing.com/bingbot.htm)"
66.249.69.162 - - [20/Feb/2021:04:22:55 +0100] "GET /images/big_prod/3453131151443.jpg HTTP/1.1" 200 186516 "-" "Googlebot-Image/1.0"
13.66.139.73 - - [20/Feb/2021:04:23:06 +0100] "GET /images/mini_prod/8422088078542.jpg HTTP/1.1" 200 3634 "-" "Mozilla/5.0 (compatible; bingbot/2.0; +http://www.bing.com/bingbot.htm)"
66.249.69.164 - - [20/Feb/2021:04:23:37 +0100] "GET /images/mini_prod/4260082935836.jpg HTTP/1.1" 200 8557 "-" "Googlebot-Image/1.0"
66.249.69.164 - - [20/Feb/2021:04:24:19 +0100] "GET /images/big_prod/8422014032839A.jpg HTTP/1.1" 200 88907 "-" "Googlebot-Image/1.0"
66.249.69.162 - - [20/Feb/2021:04:25:02 +0100] "GET /images/big_prod/3453131151849.jpg HTTP/1.1" 200 60290 "-" "Googlebot-Image/1.0"
157.55.39.159 - - [20/Feb/2021:04:25:38 +0100] "GET /js/jquery.jqzoom.js HTTP/1.1" 200 4761 "-" "Mozilla/5.0 (compatible; bingbot/2.0; +http://www.bing.com/bingbot.htm)"
66.249.69.164 - - [20/Feb/2021:04:25:44 +0100] "GET /images/mini_prod/8717202557936.jpg HTTP/1.1" 200 6725 "-" "Googlebot-Image/1.0"
66.249.69.166 - - [20/Feb/2021:04:26:27 +0100] "GET /images/big_prod/5055071719615.jpg HTTP/1.1" 200 84993 "-" "Googlebot-Image/1.0"
157.55.39.69 - - [20/Feb/2021:04:27:04 +0100] "GET /highslide/highslide.js HTTP/1.1" 200 42909 "-" "Mozilla/5.0 (compatible; bingbot/2.0; +http://www.bing.com/bingbot.htm)"
66.249.69.166 - - [20/Feb/2021:04:27:09 +0100] "GET /images/mini_prod/8718375754689.jpg HTTP/1.1" 200 4497 "-" "Googlebot-Image/1.0"
13.66.139.73 - - [20/Feb/2021:04:27:46 +0100] "GET /images/big_prod/4036113310114.jpg HTTP/1.1" 200 76287 "-" "Mozilla/5.0 (compatible; bingbot/2.0; +http://www.bing.com/bingbot.htm)"
66.249.69.162 - - [20/Feb/2021:04:27:51 +0100] "GET /images/7601019991667.jpg HTTP/1.1" 200 42173 "-" "Googlebot-Image/1.0"
66.249.69.164 - - [20/Feb/2021:04:28:34 +0100] "GET /images/mini_prod/8422015900014.jpg HTTP/1.1" 200 7623 "-" "Googlebot-Image/1.0"
66.249.69.162 - - [20/Feb/2021:04:29:16 +0100] "GET /images/mini_prod/5404006037926.jpg HTTP/1.1" 200 6339 "-" "Googlebot-Image/1.0"
66.249.69.162 - - [20/Feb/2021:04:29:58 +0100] "GET /images/3760116329057.jpg HTTP/1.1" 200 30778 "-" "Googlebot-Image/1.0"
13.66.139.88 - - [20/Feb/2021:04:30:22 +0100] "GET /images/big_prod/8433933201985.jpg HTTP/1.1" 200 97920 "-" "Mozilla/5.0 (compatible; bingbot/2.0; +http://www.bing.com/bingbot.htm)"
66.249.69.164 - - [20/Feb/2021:04:30:40 +0100] "GET /images/mini_prod/1341689283490.jpg HTTP/1.1" 200 5668 "-" "Googlebot-Image/1.0"
13.66.139.73 - - [20/Feb/2021:04:31:06 +0100] "GET /images/med_prod/1020322275503.jpg HTTP/1.1" 200 57235 "-" "Mozilla/5.0 (compatible; bingbot/2.0; +http://www.bing.com/bingbot.htm)"
66.249.69.164 - - [20/Feb/2021:04:31:23 +0100] "GET /images/mini_prod/8433933159880.jpg HTTP/1.1" 200 7356 "-" "Googlebot-Image/1.0"
66.249.69.162 - - [20/Feb/2021:04:32:05 +0100] "GET /images/mini_prod/3520071034546.jpg HTTP/1.1" 200 5134 "-" "Googlebot-Image/1.0"
66.249.69.162 - - [20/Feb/2021:04:32:48 +0100] "GET /images/mini_prod/1399984241301.jpg HTTP/1.1" 200 7854 "-" "Googlebot-Image/1.0"
66.249.69.164 - - [20/Feb/2021:04:33:30 +0100] "GET /images/mini_prod/5018997625163.jpg HTTP/1.1" 200 8735 "-" "Googlebot-Image/1.0"
77.75.78.172 - - [20/Feb/2021:04:37:30 +0100] "GET /robots.txt HTTP/1.1" 200 2438 "-" "Mozilla/5.0 (compatible; SeznamBot/3.2; +http://napoveda.seznam.cz/en/seznambot-intro/)"
77.75.78.172 - - [20/Feb/2021:04:37:31 +0100] "GET /images/mini_prod/3585190109155.jpg HTTP/1.1" 200 9683 "-" "Mozilla/5.0 (compatible; SeznamBot/3.2; +http://napoveda.seznam.cz/en/seznambot-intro/)"
13.66.139.73 - - [20/Feb/2021:04:37:47 +0100] "GET /images/big_prod/191693128574.jpg HTTP/1.1" 200 150034 "-" "Mozilla/5.0 (compatible; bingbot/2.0; +http://www.bing.com/bingbot.htm)"
13.66.139.137 - - [20/Feb/2021:04:37:50 +0100] "GET /images/3307215588154.jpg HTTP/1.1" 200 55642 "-" "Mozilla/5.0 (compatible; bingbot/2.0; +http://www.bing.com/bingbot.htm)"
13.66.139.137 - - [20/Feb/2021:04:38:09 +0100] "GET /images/mini_prod/8849233801266.jpg HTTP/1.1" 200 5422 "-" "Mozilla/5.0 (compatible; bingbot/2.0; +http://www.bing.com/bingbot.htm)"
66.249.69.162 - - [20/Feb/2021:04:38:30 +0100] "GET /images/big_prod/3032160040494.jpg HTTP/1.1" 200 105380 "-" "Googlebot-Image/1.0"
64.233.172.210 - - [20/Feb/2021:04:38:49 +0100] "GET /favicon.ico HTTP/1.1" 200 1591 "-" "Mozilla/5.0 (X11; Linux x86_64) AppleWebKit/537.36 (KHTML, like Gecko) Chrome/49.0.2623.75 Safari/537.36 Google Favicon"
142.162.128.230 - - [20/Feb/2021:04:39:26 +0100] "GET /templates/Pixame_v1/stylesheet.css HTTP/1.1" 200 56057 "http://www.wonder-geek.com/-p-30761.html" "Mozilla/5.0 (Linux; Android 5.1.1; KFAUWI) AppleWebKit/537.36 (KHTML, like Gecko) Silk/88.2.3 like Chrome/88.0.4324.152 Safari/537.36"
142.162.128.230 - - [20/Feb/2021:04:39:27 +0100] "GET /js/jquery.jqzoom.js HTTP/1.1" 200 4761 "http://www.wonder-geek.com/-p-30761.html" "Mozilla/5.0 (Linux; Android 5.1.1; KFAUWI) AppleWebKit/537.36 (KHTML, like Gecko) Silk/88.2.3 like Chrome/88.0.4324.152 Safari/537.36"
142.162.128.230 - - [20/Feb/2021:04:39:27 +0100] "GET /highslide/highslide.js HTTP/1.1" 200 42909 "http://www.wonder-geek.com/-p-30761.html" "Mozilla/5.0 (Linux; Android 5.1.1; KFAUWI) AppleWebKit/537.36 (KHTML, like Gecko) Silk/88.2.3 like Chrome/88.0.4324.152 Safari/537.36"
142.162.128.230 - - [20/Feb/2021:04:39:27 +0100] "GET /js/jquery.js HTTP/1.1" 200 54075 "http://www.wonder-geek.com/-p-30761.html" "Mozilla/5.0 (Linux; Android 5.1.1; KFAUWI) AppleWebKit/537.36 (KHTML, like Gecko) Silk/88.2.3 like Chrome/88.0.4324.152 Safari/537.36"
142.162.128.230 - - [20/Feb/2021:04:39:27 +0100] "GET /mondial_relay/js/jquery-1.3.2.min.js HTTP/1.1" 200 57254 "http://www.wonder-geek.com/-p-30761.html" "Mozilla/5.0 (Linux; Android 5.1.1; KFAUWI) AppleWebKit/537.36 (KHTML, like Gecko) Silk/88.2.3 like Chrome/88.0.4324.152 Safari/537.36"
142.162.128.230 - - [20/Feb/2021:04:39:27 +0100] "GET /templates/Pixame_v1/images/icon_accueil2.png HTTP/1.1" 200 1137 "http://www.wonder-geek.com/-p-30761.html" "Mozilla/5.0 (Linux; Android 5.1.1; KFAUWI) AppleWebKit/537.36 (KHTML, like Gecko) Silk/88.2.3 like Chrome/88.0.4324.152 Safari/537.36"
142.162.128.230 - - [20/Feb/2021:04:39:27 +0100] "GET /templates/Pixame_v1/images/Bottom_texture.jpg HTTP/1.1" 200 56290 "http://www.wonder-geek.com/templates/Pixame_v1/stylesheet.css" "Mozilla/5.0 (Linux; Android 5.1.1; KFAUWI) AppleWebKit/537.36 (KHTML, like Gecko) Silk/88.2.3 like Chrome/88.0.4324.152 Safari/537.36"
142.162.128.230 - - [20/Feb/2021:04:39:27 +0100] "GET /templates/Pixame_v1/images/nav.png HTTP/1.1" 200 1283 "http://www.wonder-geek.com/templates/Pixame_v1/stylesheet.css" "Mozilla/5.0 (Linux; Android 5.1.1; KFAUWI) AppleWebKit/537.36 (KHTML, like Gecko) Silk/88.2.3 like Chrome/88.0.4324.152 Safari/537.36"
142.162.128.230 - - [20/Feb/2021:04:39:28 +0100] "GET /templates/Pixame_v1/images/header.png HTTP/1.1" 200 70245 "http://www.wonder-geek.com/templates/Pixame_v1/stylesheet.css" "Mozilla/5.0 (Linux; Android 5.1.1; KFAUWI) AppleWebKit/537.36 (KHTML, like Gecko) Silk/88.2.3 like Chrome/88.0.4324.152 Safari/537.36"
142.162.128.230 - - [20/Feb/2021:04:39:28 +0100] "GET /templates/Pixame_v1/images/Middle_texture.jpg HTTP/1.1" 200 249620 "http://www.wonder-geek.com/templates/Pixame_v1/stylesheet.css" "Mozilla/5.0 (Linux; Android 5.1.1; KFAUWI) AppleWebKit/537.36 (KHTML, like Gecko) Silk/88.2.3 like Chrome/88.0.4324.152 Safari/537.36"
142.162.128.230 - - [20/Feb/2021:04:39:28 +0100] "GET /design/productsenstock.png HTTP/1.1" 200 4743 "http://www.wonder-geek.com/templates/Pixame_v1/stylesheet.css" "Mozilla/5.0 (Linux; Android 5.1.1; KFAUWI) AppleWebKit/537.36 (KHTML, like Gecko) Silk/88.2.3 like Chrome/88.0.4324.152 Safari/537.36"
142.162.128.230 - - [20/Feb/2021:04:39:28 +0100] "GET /templates/Pixame_v1/images/header-object.png HTTP/1.1" 200 106050 "http://www.wonder-geek.com/templates/Pixame_v1/stylesheet.css" "Mozilla/5.0 (Linux; Android 5.1.1; KFAUWI) AppleWebKit/537.36 (KHTML, like Gecko) Silk/88.2.3 like Chrome/88.0.4324.152 Safari/537.36"
142.162.128.230 - - [20/Feb/2021:04:39:29 +0100] "GET /highslide/graphics/outlines/drop-shadow.png HTTP/1.1" 200 2022 "http://www.wonder-geek.com/-p-30761.html" "Mozilla/5.0 (Linux; Android 5.1.1; KFAUWI) AppleWebKit/537.36 (KHTML, like Gecko) Silk/88.2.3 like Chrome/88.0.4324.152 Safari/537.36"
142.162.128.230 - - [20/Feb/2021:04:39:29 +0100] "GET /favicon.ico HTTP/1.1" 200 1591 "http://www.wonder-geek.com/-p-30761.html" "Mozilla/5.0 (Linux; Android 5.1.1; KFAUWI) AppleWebKit/537.36 (KHTML, like Gecko) Silk/88.2.3 like Chrome/88.0.4324.152 Safari/537.36"
104.238.220.232 - - [20/Feb/2021:04:39:46 +0100] "GET /images/8430957063803.jpg HTTP/1.1" 200 116908 "http://www.wonder-geek.com/disney-tinkerbell-watch-p-28205.html" "Mozilla/5.0 (Linux; U; Android 7.0; zh-CN; HUAWEI NXT-AL10 Build/HUAWEINXT-AL10) AppleWebKit/537.36 (KHTML, like Gecko) Version/4.0 Chrome/57.0.2987.108 UCBrowser/12.1.4.994 Mobile Safari/537.36"
13.66.139.73 - - [20/Feb/2021:04:39:58 +0100] "GET /images/img11196.jpg HTTP/1.1" 200 25293 "-" "Mozilla/5.0 (compatible; bingbot/2.0; +http://www.bing.com/bingbot.htm)"
13.66.139.88 - - [20/Feb/2021:04:40:27 +0100] "GET /images/big_prod/14884.jpg HTTP/1.1" 200 152600 "-" "Mozilla/5.0 (compatible; bingbot/2.0; +http://www.bing.com/bingbot.htm)"
13.66.139.137 - - [20/Feb/2021:04:40:50 +0100] "GET /images/big_prod_1/b3418175264375.jpg HTTP/1.1" 200 135955 "-" "Mozilla/5.0 (compatible; bingbot/2.0; +http://www.bing.com/bingbot.htm)"
13.66.139.137 - - [20/Feb/2021:04:42:00 +0100] "GET /images/big_prod_1/9316188052344a.jpg HTTP/1.1" 200 48854 "-" "Mozilla/5.0 (compatible; bingbot/2.0; +http://www.bing.com/bingbot.htm)"
13.66.139.88 - - [20/Feb/2021:04:42:25 +0100] "GET /images/big_prod_1/amarilla.jpg HTTP/1.1" 200 186459 "-" "Mozilla/5.0 (compatible; bingbot/2.0; +http://www.bing.com/bingbot.htm)"
66.249.69.162 - - [20/Feb/2021:04:43:30 +0100] "GET /images/big_prod_1/8718375751381a.jpg HTTP/1.1" 200 148297 "-" "Googlebot-Image/1.0"
13.66.139.88 - - [20/Feb/2021:04:43:36 +0100] "GET /images/big_prod/5051276275185.jpg HTTP/1.1" 200 218237 "-" "Mozilla/5.0 (compatible; bingbot/2.0; +http://www.bing.com/bingbot.htm)"
13.66.139.88 - - [20/Feb/2021:04:45:16 +0100] "GET /images/big_prod/1384010204061.jpg HTTP/1.1" 200 99733 "-" "Mozilla/5.0 (compatible; bingbot/2.0; +http://www.bing.com/bingbot.htm)"
107.77.109.47 - - [20/Feb/2021:04:47:20 +0100] "GET /images/big_prod/8904245400477.jpg HTTP/1.1" 200 89677 "http://pos.kit-systems.com/" "Mozilla/5.0 (Windows NT 6.2) AppleWebKit/537.36 (KHTML, like Gecko) (KioWare Client Platform r2436) Chrome/63.0.3239.132 Safari/537.36"
13.66.139.73 - - [20/Feb/2021:04:48:40 +0100] "GET /images/big_prod/B1399985100935BB.jpg HTTP/1.1" 200 129984 "-" "Mozilla/5.0 (compatible; bingbot/2.0; +http://www.bing.com/bingbot.htm)"
157.55.39.159 - - [20/Feb/2021:04:49:00 +0100] "GET /js/jquery.jqzoom.js HTTP/1.1" 200 4761 "-" "Mozilla/5.0 (compatible; bingbot/2.0; +http://www.bing.com/bingbot.htm)"
13.66.139.73 - - [20/Feb/2021:04:49:48 +0100] "GET /images/big_prod/3503420237386.jpg HTTP/1.1" 200 251696 "-" "Mozilla/5.0 (compatible; bingbot/2.0; +http://www.bing.com/bingbot.htm)"
216.244.66.242 - - [20/Feb/2021:04:50:03 +0100] "GET /robots.txt HTTP/1.1" 200 2438 "-" "Mozilla/5.0 (compatible; DotBot/1.1; http://www.opensiteexplorer.org/dotbot, help@moz.com)"
13.66.139.137 - - [20/Feb/2021:04:51:00 +0100] "GET /images/4007176125120B.jpg HTTP/1.1" 200 69372 "-" "Mozilla/5.0 (compatible; bingbot/2.0; +http://www.bing.com/bingbot.htm)"
66.249.69.166 - - [20/Feb/2021:04:53:30 +0100] "GET /images/mini_prod/pochette1300010258620.jpg HTTP/1.1" 200 8930 "-" "Googlebot-Image/1.0"
13.66.139.137 - - [20/Feb/2021:04:53:51 +0100] "GET /images/big_prod/8422099381358.jpg HTTP/1.1" 200 56258 "-" "Mozilla/5.0 (compatible; bingbot/2.0; +http://www.bing.com/bingbot.htm)"
185.191.171.18 - - [20/Feb/2021:04:54:30 +0100] "GET /robots.txt HTTP/1.1" 200 2438 "-" "Mozilla/5.0 (compatible; SemrushBot/7~bl; +http://www.semrush.com/bot.html)"
13.66.139.88 - - [20/Feb/2021:04:54:39 +0100] "GET /images/big_prod/3700742703647.jpg HTTP/1.1" 200 110820 "-" "Mozilla/5.0 (compatible; bingbot/2.0; +http://www.bing.com/bingbot.htm)"
13.66.139.88 - - [20/Feb/2021:04:55:19 +0100] "GET /images/med_prod/1399984286388.jpg HTTP/1.1" 200 66520 "-" "Mozilla/5.0 (compatible; bingbot/2.0; +http://www.bing.com/bingbot.htm)"
103.131.71.178 - - [20/Feb/2021:04:57:28 +0100] "GET /robots.txt HTTP/1.1" 200 2438 "-" "Mozilla/5.0 (compatible; coccocbot-web/1.0; +http://help.coccoc.com/searchengine)"
13.66.139.137 - - [20/Feb/2021:04:57:32 +0100] "GET /images/1300010237595.jpg HTTP/1.1" 200 180641 "-" "Mozilla/5.0 (compatible; bingbot/2.0; +http://www.bing.com/bingbot.htm)"
13.66.139.73 - - [20/Feb/2021:04:57:49 +0100] "GET /images/4036113222301.jpg HTTP/1.1" 200 159011 "-" "Mozilla/5.0 (compatible; bingbot/2.0; +http://www.bing.com/bingbot.htm)"
157.55.39.246 - - [20/Feb/2021:04:57:57 +0100] "GET /js/jquery.js HTTP/1.1" 200 54075 "-" "Mozilla/5.0 (compatible; bingbot/2.0; +http://www.bing.com/bingbot.htm)"
157.55.39.246 - - [20/Feb/2021:04:58:07 +0100] "GET /js/jquery.js HTTP/1.1" 200 54075 "-" "Mozilla/5.0 (compatible; bingbot/2.0; +http://www.bing.com/bingbot.htm)"
157.55.39.246 - - [20/Feb/2021:04:58:07 +0100] "GET /js/jquery.js HTTP/1.1" 200 54075 "-" "Mozilla/5.0 (compatible; bingbot/2.0; +http://www.bing.com/bingbot.htm)"
13.66.139.137 - - [20/Feb/2021:04:58:11 +0100] "GET /images/5025123280912.jpg HTTP/1.1" 200 40970 "-" "Mozilla/5.0 (compatible; bingbot/2.0; +http://www.bing.com/bingbot.htm)"
13.66.139.88 - - [20/Feb/2021:04:58:20 +0100] "GET /images/1399984264065.jpg HTTP/1.1" 200 64531 "-" "Mozilla/5.0 (compatible; bingbot/2.0; +http://www.bing.com/bingbot.htm)"
66.249.69.162 - - [20/Feb/2021:04:58:30 +0100] "GET /images/mini_prod/8422011490045.jpg HTTP/1.1" 200 12392 "-" "Googlebot-Image/1.0"
13.66.139.73 - - [20/Feb/2021:04:59:09 +0100] "GET /images/3585190569102.jpg HTTP/1.1" 200 36373 "-" "Mozilla/5.0 (compatible; bingbot/2.0; +http://www.bing.com/bingbot.htm)"
157.55.39.170 - - [20/Feb/2021:05:00:47 +0100] "GET /robots.txt HTTP/1.1" 200 2438 "-" "Mozilla/5.0 (compatible; bingbot/2.0; +http://www.bing.com/bingbot.htm)"
13.66.139.88 - - [20/Feb/2021:05:02:11 +0100] "GET /images/big_prod/3574645763509.jpg HTTP/1.1" 200 119954 "-" "Mozilla/5.0 (compatible; bingbot/2.0; +http://www.bing.com/bingbot.htm)"
13.66.139.137 - - [20/Feb/2021:05:02:41 +0100] "GET /images/5010994732868.jpg HTTP/1.1" 200 45839 "-" "Mozilla/5.0 (compatible; bingbot/2.0; +http://www.bing.com/bingbot.htm)"
66.249.69.166 - - [20/Feb/2021:05:03:30 +0100] "GET /images/mini_prod/3565750048186.jpg HTTP/1.1" 200 10617 "-" "Googlebot-Image/1.0"
77.75.78.163 - - [20/Feb/2021:05:05:00 +0100] "GET /robots.txt HTTP/1.1" 200 2438 "-" "Mozilla/5.0 (compatible; SeznamBot/3.2; +http://napoveda.seznam.cz/en/seznambot-intro/)"
77.75.78.163 - - [20/Feb/2021:05:05:01 +0100] "GET /images/mini_prod/5415203976253.jpg HTTP/1.1" 200 4005 "-" "Mozilla/5.0 (compatible; SeznamBot/3.2; +http://napoveda.seznam.cz/en/seznambot-intro/)"
13.66.139.137 - - [20/Feb/2021:05:05:02 +0100] "GET /images/big_prod_1/3609810096356b.jpg HTTP/1.1" 200 149766 "-" "Mozilla/5.0 (compatible; bingbot/2.0; +http://www.bing.com/bingbot.htm)"
216.244.66.242 - - [20/Feb/2021:05:07:03 +0100] "GET /images/3609810007338.jpg HTTP/1.1" 200 32134 "-" "Mozilla/5.0 (compatible; DotBot/1.1; http://www.opensiteexplorer.org/dotbot, help@moz.com)"
13.66.139.137 - - [20/Feb/2021:05:08:12 +0100] "GET /images/1399984249734.jpg HTTP/1.1" 200 71259 "-" "Mozilla/5.0 (compatible; bingbot/2.0; +http://www.bing.com/bingbot.htm)"
66.249.69.164 - - [20/Feb/2021:05:08:30 +0100] "GET /images/mini_prod/8001011164813.jpg HTTP/1.1" 200 8232 "-" "Googlebot-Image/1.0"
110.249.201.33 - - [20/Feb/2021:05:10:04 +0100] "GET /mondial_relay/js/jquery-1.3.2.min.js HTTP/1.1" 200 57254 "http://www.wonder-geek.com/household-linen-c-11.html" "Mozilla/5.0 (compatible; Bytespider; https://zhanzhang.toutiao.com/) AppleWebKit/537.36 (KHTML, like Gecko) Chrome/70.0.0.0 Safari/537.36"
13.66.139.137 - - [20/Feb/2021:05:12:23 +0100] "GET /images/big_prod/3612875113876.jpg HTTP/1.1" 200 269918 "-" "Mozilla/5.0 (compatible; bingbot/2.0; +http://www.bing.com/bingbot.htm)"
13.66.139.137 - - [20/Feb/2021:05:12:43 +0100] "GET /images/med_prod/8433933773765.jpg HTTP/1.1" 200 115582 "-" "Mozilla/5.0 (compatible; bingbot/2.0; +http://www.bing.com/bingbot.htm)"
66.249.69.162 - - [20/Feb/2021:05:13:41 +0100] "GET /images/mini_prod/8433933131411.jpg HTTP/1.1" 200 5801 "-" "Googlebot-Image/1.0"
13.66.139.73 - - [20/Feb/2021:05:15:21 +0100] "GET /images/big_prod/5018997622087.jpg HTTP/1.1" 200 253541 "-" "Mozilla/5.0 (compatible; bingbot/2.0; +http://www.bing.com/bingbot.htm)"
13.66.139.137 - - [20/Feb/2021:05:16:14 +0100] "GET /images/med_prod/1384010179550.jpg HTTP/1.1" 200 52385 "-" "Mozilla/5.0 (compatible; bingbot/2.0; +http://www.bing.com/bingbot.htm)"
13.66.139.73 - - [20/Feb/2021:05:16:52 +0100] "GET /images/big_prod_1/b3665269051735.jpg HTTP/1.1" 200 242186 "-" "Mozilla/5.0 (compatible; bingbot/2.0; +http://www.bing.com/bingbot.htm)"
13.66.139.88 - - [20/Feb/2021:05:17:35 +0100] "GET /images/med_prod/4036113307268.jpg HTTP/1.1" 200 115876 "-" "Mozilla/5.0 (compatible; bingbot/2.0; +http://www.bing.com/bingbot.htm)"
66.249.69.162 - - [20/Feb/2021:05:18:30 +0100] "GET /images/mini_prod/4036113222844.jpg HTTP/1.1" 200 9134 "-" "Googlebot-Image/1.0"
