13.66.139.137 - - [20/Feb/2021:05:20:24 +0100] "GET /images/big_prod/1000000811001NN.jpg HTTP/1.1" 200 91430 "-" "Mozilla/5.0 (compatible; bingbot/2.0; +http://www.bing.com/bingbot.htm)"
13.66.139.137 - - [20/Feb/2021:05:21:04 +0100] "GET /images/big_prod/1399984256039.jpg HTTP/1.1" 200 132259 "-" "Mozilla/5.0 (compatible; bingbot/2.0; +http://www.bing.com/bingbot.htm)"
13.66.139.88 - - [20/Feb/2021:05:21:17 +0100] "GET /images/big_prod/8422035311005.jpg HTTP/1.1" 200 49633 "-" "Mozilla/5.0 (compatible; bingbot/2.0; +http://www.bing.com/bingbot.htm)"
13.66.139.73 - - [20/Feb/2021:05:21:42 +0100] "GET /images/B5014994698971B.jpg HTTP/1.1" 200 171076 "-" "Mozilla/5.0 (compatible; bingbot/2.0; +http://www.bing.com/bingbot.htm)"
157.55.39.246 - - [20/Feb/2021:05:22:39 +0100] "GET /js/jquery.js HTTP/1.1" 200 54075 "-" "Mozilla/5.0 (compatible; bingbot/2.0; +http://www.bing.com/bingbot.htm)"
13.66.139.73 - - [20/Feb/2021:05:23:03 +0100] "GET /images/med_prod/4036113830230.jpg HTTP/1.1" 200 174745 "-" "Mozilla/5.0 (compatible; bingbot/2.0; +http://www.bing.com/bingbot.htm)"
66.249.69.166 - - [20/Feb/2021:05:23:30 +0100] "GET /images/mini_prod/041689272562.jpg HTTP/1.1" 200 4095 "-" "Googlebot-Image/1.0"
13.66.139.73 - - [20/Feb/2021:05:23:42 +0100] "GET /images/big_prod_1/b4029811409365.jpg HTTP/1.1" 200 89605 "-" "Mozilla/5.0 (compatible; bingbot/2.0; +http://www.bing.com/bingbot.htm)"
13.66.139.73 - - [20/Feb/2021:05:26:52 +0100] "GET /images/big_prod/8422011475752.jpg HTTP/1.1" 200 42258 "-" "Mozilla/5.0 (compatible; bingbot/2.0; +http://www.bing.com/bingbot.htm)"
13.66.139.88 - - [20/Feb/2021:05:26:58 +0100] "GET /images/041689210595.jpg HTTP/1.1" 200 103257 "-" "Mozilla/5.0 (compatible; bingbot/2.0; +http://www.bing.com/bingbot.htm)"
13.66.139.88 - - [20/Feb/2021:05:26:58 +0100] "GET /images/3438100333747.jpg HTTP/1.1" 200 29368 "-" "Mozilla/5.0 (compatible; bingbot/2.0; +http://www.bing.com/bingbot.htm)"
66.249.69.166 - - [20/Feb/2021:05:28:13 +0100] "GET /images/3438100338964.jpg HTTP/1.1" 200 35156 "-" "Googlebot-Image/1.0"
13.66.139.137 - - [20/Feb/2021:05:28:28 +0100] "GET /images/med_prod/3014627862283.jpg HTTP/1.1" 200 138628 "-" "Mozilla/5.0 (compatible; bingbot/2.0; +http://www.bing.com/bingbot.htm)"
66.249.69.162 - - [20/Feb/2021:05:28:30 +0100] "GET /images/mini_prod/1384010177266.jpg HTTP/1.1" 200 3851 "-" "Googlebot-Image/1.0"
157.55.39.189 - - [20/Feb/2021:05:28:33 +0100] "GET /mondial_relay/js/jquery-1.3.2.min.js HTTP/1.1" 200 57254 "-" "Mozilla/5.0 (compatible; bingbot/2.0; +http://www.bing.com/bingbot.htm)"
13.66.139.137 - - [20/Feb/2021:05:29:04 +0100] "GET /images/DSCN7544.jpg HTTP/1.1" 200 35702 "-" "Mozilla/5.0 (compatible; bingbot/2.0; +http://www.bing.com/bingbot.htm)"
13.66.139.73 - - [20/Feb/2021:05:30:24 +0100] "GET /images/med_prod/1384010181768.jpg HTTP/1.1" 200 56453 "-" "Mozilla/5.0 (compatible; bingbot/2.0; +http://www.bing.com/bingbot.htm)"
13.66.139.88 - - [20/Feb/2021:05:30:29 +0100] "GET /images/big_prod/3609810096240.jpg HTTP/1.1" 200 64871 "-" "Mozilla/5.0 (compatible; bingbot/2.0; +http://www.bing.com/bingbot.htm)"
13.66.139.137 - - [20/Feb/2021:05:34:36 +0100] "GET /images/big_prod/3574642016028.jpg HTTP/1.1" 200 38794 "-" "Mozilla/5.0 (compatible; bingbot/2.0; +http://www.bing.com/bingbot.htm)"
185.191.171.1 - - [20/Feb/2021:05:35:14 +0100] "GET /robots.txt HTTP/1.1" 200 2438 "-" "Mozilla/5.0 (compatible; SemrushBot/7~bl; +http://www.semrush.com/bot.html)"
192.99.9.25 - - [20/Feb/2021:05:36:36 +0100] "GET /robots.txt HTTP/1.1" 200 2438 "-" "Mozilla/5.0 (compatible; MJ12bot/v1.4.8; http://mj12bot.com/)"
13.66.139.137 - - [20/Feb/2021:05:37:15 +0100] "GET /images/med_prod/3520071451770.jpg HTTP/1.1" 200 56377 "-" "Mozilla/5.0 (compatible; bingbot/2.0; +http://www.bing.com/bingbot.htm)"
66.249.69.164 - - [20/Feb/2021:05:38:30 +0100] "GET /images/mini_prod/1000000946000.jpg HTTP/1.1" 200 7956 "-" "Googlebot-Image/1.0"
13.66.139.137 - - [20/Feb/2021:05:39:06 +0100] "GET /images/big_prod/3453131121729.jpg HTTP/1.1" 200 88276 "-" "Mozilla/5.0 (compatible; bingbot/2.0; +http://www.bing.com/bingbot.htm)"
13.66.139.88 - - [20/Feb/2021:05:39:42 +0100] "GET /images/8028501269452.jpg HTTP/1.1" 200 27932 "-" "Mozilla/5.0 (compatible; bingbot/2.0; +http://www.bing.com/bingbot.htm)"
13.66.139.73 - - [20/Feb/2021:05:39:54 +0100] "GET /images/big_prod_2/3665269030662b.jpg HTTP/1.1" 200 161964 "-" "Mozilla/5.0 (compatible; bingbot/2.0; +http://www.bing.com/bingbot.htm)"
66.249.69.166 - - [20/Feb/2021:05:43:12 +0100] "GET /images/big_prod/3760119606575.jpg HTTP/1.1" 200 64955 "-" "Googlebot-Image/1.0"
66.249.69.162 - - [20/Feb/2021:05:43:30 +0100] "GET /images/mini_prod/8718657462851.jpg HTTP/1.1" 200 6300 "-" "Googlebot-Image/1.0"
216.244.66.242 - - [20/Feb/2021:05:44:34 +0100] "GET /robots.txt HTTP/1.1" 200 2438 "-" "Mozilla/5.0 (compatible; DotBot/1.1; http://www.opensiteexplorer.org/dotbot, help@moz.com)"
216.244.66.242 - - [20/Feb/2021:05:44:35 +0100] "GET /robots.txt HTTP/1.1" 200 2438 "-" "Mozilla/5.0 (compatible; DotBot/1.1; http://www.opensiteexplorer.org/dotbot, help@moz.com)"
13.66.139.88 - - [20/Feb/2021:05:44:43 +0100] "GET /images/big_prod_1/b4542202653814.jpg HTTP/1.1" 200 116127 "-" "Mozilla/5.0 (compatible; bingbot/2.0; +http://www.bing.com/bingbot.htm)"
157.55.39.246 - - [20/Feb/2021:05:44:51 +0100] "GET /js/jquery.js HTTP/1.1" 200 54075 "-" "Mozilla/5.0 (compatible; bingbot/2.0; +http://www.bing.com/bingbot.htm)"
13.66.139.73 - - [20/Feb/2021:05:45:36 +0100] "GET /images/1399984254943.jpg HTTP/1.1" 200 158294 "-" "Mozilla/5.0 (compatible; bingbot/2.0; +http://www.bing.com/bingbot.htm)"
17.58.96.202 - - [20/Feb/2021:05:48:10 +0100] "GET /robots.txt HTTP/1.1" 200 2438 "-" "Mozilla/5.0 (Macintosh; Intel Mac OS X 10_15_5) AppleWebKit/605.1.15 (KHTML, like Gecko) Version/13.1.1 Safari/605.1.15 (Applebot/0.1; +http://www.apple.com/go/applebot)"
17.58.101.142 - - [20/Feb/2021:05:48:11 +0100] "GET /images/mini_prod/1399984244173.jpg HTTP/1.1" 200 4387 "-" "Mozilla/5.0 (Macintosh; Intel Mac OS X 10_15_5) AppleWebKit/605.1.15 (KHTML, like Gecko) Version/13.1.1 Safari/605.1.15 (Applebot/0.1; +http://www.apple.com/go/applebot)"
66.249.69.164 - - [20/Feb/2021:05:48:30 +0100] "GET /images/mini_prod/8842201268351.jpg HTTP/1.1" 200 11519 "-" "Googlebot-Image/1.0"
13.66.139.137 - - [20/Feb/2021:05:48:57 +0100] "GET /images/med_prod/3565750043181.jpg HTTP/1.1" 200 69494 "-" "Mozilla/5.0 (compatible; bingbot/2.0; +http://www.bing.com/bingbot.htm)"
13.66.139.73 - - [20/Feb/2021:05:50:43 +0100] "GET /images/3760116324229.jpg HTTP/1.1" 200 44761 "-" "Mozilla/5.0 (compatible; bingbot/2.0; +http://www.bing.com/bingbot.htm)"
192.0.101.59 - - [20/Feb/2021:05:50:44 +0100] "GET /images/big_prod/5018997612279.jpg HTTP/1.1" 200 85308 "-" "Photon/1.0"
13.66.139.137 - - [20/Feb/2021:05:51:07 +0100] "GET /images/big_prod/3453131150620.jpg HTTP/1.1" 200 56723 "-" "Mozilla/5.0 (compatible; bingbot/2.0; +http://www.bing.com/bingbot.htm)"
13.66.139.88 - - [20/Feb/2021:05:53:15 +0100] "GET /images/7316191399889.jpg HTTP/1.1" 200 23955 "-" "Mozilla/5.0 (compatible; bingbot/2.0; +http://www.bing.com/bingbot.htm)"
13.66.139.137 - - [20/Feb/2021:05:53:20 +0100] "GET /images/1341689282479.jpg HTTP/1.1" 200 129341 "-" "Mozilla/5.0 (compatible; bingbot/2.0; +http://www.bing.com/bingbot.htm)"
66.249.69.162 - - [20/Feb/2021:05:53:30 +0100] "GET /images/mini_prod/8422001018136.gif HTTP/1.1" 200 5358 "-" "Googlebot-Image/1.0"
13.66.139.73 - - [20/Feb/2021:05:53:34 +0100] "GET /images/mini_prod/3503420200601.jpg HTTP/1.1" 200 5040 "-" "Mozilla/5.0 (compatible; bingbot/2.0; +http://www.bing.com/bingbot.htm)"
157.55.39.189 - - [20/Feb/2021:05:54:03 +0100] "GET /mondial_relay/js/jquery-1.3.2.min.js HTTP/1.1" 200 57254 "-" "Mozilla/5.0 (compatible; bingbot/2.0; +http://www.bing.com/bingbot.htm)"
157.55.39.69 - - [20/Feb/2021:05:54:07 +0100] "GET /highslide/highslide.js HTTP/1.1" 200 42909 "-" "Mozilla/5.0 (compatible; bingbot/2.0; +http://www.bing.com/bingbot.htm)"
157.55.39.246 - - [20/Feb/2021:05:54:12 +0100] "GET /js/jquery.js HTTP/1.1" 200 54075 "-" "Mozilla/5.0 (compatible; bingbot/2.0; +http://www.bing.com/bingbot.htm)"
157.55.39.159 - - [20/Feb/2021:05:54:18 +0100] "GET /js/jquery.jqzoom.js HTTP/1.1" 200 4761 "-" "Mozilla/5.0 (compatible; bingbot/2.0; +http://www.bing.com/bingbot.htm)"
13.66.139.73 - - [20/Feb/2021:05:54:25 +0100] "GET /images/big_prod/1341689438982.jpg HTTP/1.1" 200 139616 "-" "Mozilla/5.0 (compatible; bingbot/2.0; +http://www.bing.com/bingbot.htm)"
13.66.139.73 - - [20/Feb/2021:05:55:26 +0100] "GET /images/med_prod/1341689313944.jpg HTTP/1.1" 200 113011 "-" "Mozilla/5.0 (compatible; bingbot/2.0; +http://www.bing.com/bingbot.htm)"
13.66.139.88 - - [20/Feb/2021:05:57:09 +0100] "GET /images/med_prod/1399984288740.jpg HTTP/1.1" 200 82022 "-" "Mozilla/5.0 (compatible; bingbot/2.0; +http://www.bing.com/bingbot.htm)"
13.66.139.73 - - [20/Feb/2021:05:57:14 +0100] "GET /images/mini_prod/3442440232318.jpg HTTP/1.1" 200 3909 "-" "Mozilla/5.0 (compatible; bingbot/2.0; +http://www.bing.com/bingbot.htm)"
13.66.139.137 - - [20/Feb/2021:05:58:07 +0100] "GET /images/8430269357751.jpg HTTP/1.1" 200 42345 "-" "Mozilla/5.0 (compatible; bingbot/2.0; +http://www.bing.com/bingbot.htm)"
66.249.69.166 - - [20/Feb/2021:05:58:13 +0100] "GET /images/mini_prod/501365013699138951.jpg HTTP/1.1" 200 5986 "-" "Googlebot-Image/1.0"
66.249.69.164 - - [20/Feb/2021:05:58:30 +0100] "GET /images/big_prod/1300000021029.jpg HTTP/1.1" 200 45725 "-" "Googlebot-Image/1.0"
13.66.139.73 - - [20/Feb/2021:05:59:25 +0100] "GET /images/8435141329031.jpg HTTP/1.1" 200 29094 "-" "Mozilla/5.0 (compatible; bingbot/2.0; +http://www.bing.com/bingbot.htm)"
185.191.171.40 - - [20/Feb/2021:05:59:50 +0100] "GET /robots.txt HTTP/1.1" 200 2438 "-" "Mozilla/5.0 (compatible; SemrushBot/7~bl; +http://www.semrush.com/bot.html)"
13.66.139.73 - - [20/Feb/2021:06:02:05 +0100] "GET /images/8009233806368.jpg HTTP/1.1" 200 24741 "-" "Mozilla/5.0 (compatible; bingbot/2.0; +http://www.bing.com/bingbot.htm)"
13.66.139.137 - - [20/Feb/2021:06:02:58 +0100] "GET /images/3438100347584.jpg HTTP/1.1" 200 87907 "-" "Mozilla/5.0 (compatible; bingbot/2.0; +http://www.bing.com/bingbot.htm)"
66.249.69.162 - - [20/Feb/2021:06:03:30 +0100] "GET /images/Soustassebonbon2.jpg HTTP/1.1" 200 42597 "-" "Googlebot-Image/1.0"
13.66.139.88 - - [20/Feb/2021:06:03:40 +0100] "GET /images/big_prod_2/3553560059669C.jpg HTTP/1.1" 200 245099 "-" "Mozilla/5.0 (compatible; bingbot/2.0; +http://www.bing.com/bingbot.htm)"
13.66.139.137 - - [20/Feb/2021:06:05:08 +0100] "GET /images/big_prod/3700829421143.jpg HTTP/1.1" 200 166302 "-" "Mozilla/5.0 (compatible; bingbot/2.0; +http://www.bing.com/bingbot.htm)"
13.66.139.88 - - [20/Feb/2021:06:05:18 +0100] "GET /images/med_prod/1384010176344.jpg HTTP/1.1" 200 55315 "-" "Mozilla/5.0 (compatible; bingbot/2.0; +http://www.bing.com/bingbot.htm)"
13.66.139.88 - - [20/Feb/2021:06:05:29 +0100] "GET /images/big_prod_1/4260082935607a.jpg HTTP/1.1" 200 109666 "-" "Mozilla/5.0 (compatible; bingbot/2.0; +http://www.bing.com/bingbot.htm)"
13.66.139.73 - - [20/Feb/2021:06:05:47 +0100] "GET /images/big_prod/3503420987847.jpg HTTP/1.1" 200 142863 "-" "Mozilla/5.0 (compatible; bingbot/2.0; +http://www.bing.com/bingbot.htm)"
13.66.139.73 - - [20/Feb/2021:06:06:55 +0100] "GET /images/8029759031594.jpg HTTP/1.1" 200 29814 "-" "Mozilla/5.0 (compatible; bingbot/2.0; +http://www.bing.com/bingbot.htm)"
13.66.139.73 - - [20/Feb/2021:06:06:56 +0100] "GET /images/3700653590824.jpg HTTP/1.1" 200 72751 "-" "Mozilla/5.0 (compatible; bingbot/2.0; +http://www.bing.com/bingbot.htm)"
157.55.39.246 - - [20/Feb/2021:06:07:23 +0100] "GET /js/jquery.js HTTP/1.1" 200 54075 "-" "Mozilla/5.0 (compatible; bingbot/2.0; +http://www.bing.com/bingbot.htm)"
157.55.39.246 - - [20/Feb/2021:06:07:24 +0100] "GET /js/jquery.js HTTP/1.1" 200 54075 "-" "Mozilla/5.0 (compatible; bingbot/2.0; +http://www.bing.com/bingbot.htm)"
13.66.139.88 - - [20/Feb/2021:06:08:30 +0100] "GET /images/med_prod/8412497761951.jpg HTTP/1.1" 200 125259 "-" "Mozilla/5.0 (compatible; bingbot/2.0; +http://www.bing.com/bingbot.htm)"
66.249.69.166 - - [20/Feb/2021:06:08:30 +0100] "GET /images/big_prod_1/b9316188081160.jpg HTTP/1.1" 200 126479 "-" "Googlebot-Image/1.0"
13.66.139.73 - - [20/Feb/2021:06:10:57 +0100] "GET /images/mini_prod/4007176123287.jpg HTTP/1.1" 200 5318 "-" "Mozilla/5.0 (compatible; bingbot/2.0; +http://www.bing.com/bingbot.htm)"
13.66.139.137 - - [20/Feb/2021:06:11:39 +0100] "GET /images/big_prod/501365013699138951.jpg HTTP/1.1" 200 103555 "-" "Mozilla/5.0 (compatible; bingbot/2.0; +http://www.bing.com/bingbot.htm)"
5.255.231.71 - - [20/Feb/2021:06:12:30 +0100] "GET /robots.txt HTTP/1.1" 200 2438 "-" "Mozilla/5.0 (compatible; YandexBot/3.0; +http://yandex.com/bots)"
13.66.139.73 - - [20/Feb/2021:06:12:56 +0100] "GET /images/9316188013277.jpg HTTP/1.1" 200 27972 "-" "Mozilla/5.0 (compatible; bingbot/2.0; +http://www.bing.com/bingbot.htm)"
66.249.69.166 - - [20/Feb/2021:06:13:30 +0100] "GET /images/mini_prod/8427131220299.jpg HTTP/1.1" 200 5779 "-" "Googlebot-Image/1.0"
13.66.139.88 - - [20/Feb/2021:06:13:42 +0100] "GET /images/4008421369201.jpg HTTP/1.1" 200 38519 "-" "Mozilla/5.0 (compatible; bingbot/2.0; +http://www.bing.com/bingbot.htm)"
77.75.76.165 - - [20/Feb/2021:06:14:52 +0100] "GET /robots.txt HTTP/1.1" 200 2438 "-" "Mozilla/5.0 (compatible; SeznamBot/3.2; +http://napoveda.seznam.cz/en/seznambot-intro/)"
77.75.76.165 - - [20/Feb/2021:06:14:53 +0100] "GET /images/mini_prod/3609810096288.jpg HTTP/1.1" 200 8441 "-" "Mozilla/5.0 (compatible; SeznamBot/3.2; +http://napoveda.seznam.cz/en/seznambot-intro/)"
77.75.76.165 - - [20/Feb/2021:06:14:53 +0100] "GET /images/4029811281732.jpg HTTP/1.1" 200 69859 "-" "Mozilla/5.0 (compatible; SeznamBot/3.2; +http://napoveda.seznam.cz/en/seznambot-intro/)"
13.66.139.137 - - [20/Feb/2021:06:15:09 +0100] "GET /images/3760116321211.jpg HTTP/1.1" 200 50209 "-" "Mozilla/5.0 (compatible; bingbot/2.0; +http://www.bing.com/bingbot.htm)"
13.66.139.73 - - [20/Feb/2021:06:15:27 +0100] "GET /images/3384371051029.jpg HTTP/1.1" 200 36111 "-" "Mozilla/5.0 (compatible; bingbot/2.0; +http://www.bing.com/bingbot.htm)"
13.66.139.137 - - [20/Feb/2021:06:17:39 +0100] "GET /images/big_prod/1491693043822.jpg HTTP/1.1" 200 112337 "-" "Mozilla/5.0 (compatible; bingbot/2.0; +http://www.bing.com/bingbot.htm)"
157.55.39.189 - - [20/Feb/2021:06:18:56 +0100] "GET /mondial_relay/js/jquery-1.3.2.min.js HTTP/1.1" 200 57254 "-" "Mozilla/5.0 (compatible; bingbot/2.0; +http://www.bing.com/bingbot.htm)"
13.66.139.73 - - [20/Feb/2021:06:22:48 +0100] "GET /images/1341689418267.jpg HTTP/1.1" 200 103261 "-" "Mozilla/5.0 (compatible; bingbot/2.0; +http://www.bing.com/bingbot.htm)"
13.66.139.88 - - [20/Feb/2021:06:25:45 +0100] "GET /images/big_prod/8424346228942.jpg HTTP/1.1" 200 60847 "-" "Mozilla/5.0 (compatible; bingbot/2.0; +http://www.bing.com/bingbot.htm)"
157.55.39.159 - - [20/Feb/2021:06:25:50 +0100] "GET /js/jquery.jqzoom.js HTTP/1.1" 200 4761 "-" "Mozilla/5.0 (compatible; bingbot/2.0; +http://www.bing.com/bingbot.htm)"
157.55.39.246 - - [20/Feb/2021:06:25:55 +0100] "GET /js/jquery.js HTTP/1.1" 200 54075 "-" "Mozilla/5.0 (compatible; bingbot/2.0; +http://www.bing.com/bingbot.htm)"
157.55.39.189 - - [20/Feb/2021:06:25:59 +0100] "GET /js/modernizr-transitions.js HTTP/1.1" 200 2026 "-" "Mozilla/5.0 (compatible; bingbot/2.0; +http://www.bing.com/bingbot.htm)"
157.55.39.189 - - [20/Feb/2021:06:26:00 +0100] "GET /mondial_relay/js/jquery-1.3.2.min.js HTTP/1.1" 200 57254 "-" "Mozilla/5.0 (compatible; bingbot/2.0; +http://www.bing.com/bingbot.htm)"
157.55.39.69 - - [20/Feb/2021:06:26:07 +0100] "GET /highslide/highslide.js HTTP/1.1" 200 42909 "-" "Mozilla/5.0 (compatible; bingbot/2.0; +http://www.bing.com/bingbot.htm)"
157.55.39.170 - - [20/Feb/2021:06:26:25 +0100] "GET /robots.txt HTTP/1.1" 200 2438 "-" "Mozilla/5.0 (compatible; bingbot/2.0; +http://www.bing.com/bingbot.htm)"
13.66.139.137 - - [20/Feb/2021:06:26:50 +0100] "GET /images/big_prod_1/8424346221288B.jpg HTTP/1.1" 200 56943 "-" "Mozilla/5.0 (compatible; bingbot/2.0; +http://www.bing.com/bingbot.htm)"
13.66.139.88 - - [20/Feb/2021:06:29:06 +0100] "GET /images/big_prod_2/b5018997612989.jpg HTTP/1.1" 200 111139 "-" "Mozilla/5.0 (compatible; bingbot/2.0; +http://www.bing.com/bingbot.htm)"
185.191.171.37 - - [20/Feb/2021:06:29:27 +0100] "GET /robots.txt HTTP/1.1" 200 2438 "-" "Mozilla/5.0 (compatible; SemrushBot/7~bl; +http://www.semrush.com/bot.html)"
13.66.139.73 - - [20/Feb/2021:06:30:00 +0100] "GET /images/big_prod_4/e9783960135036.jpg HTTP/1.1" 200 298279 "-" "Mozilla/5.0 (compatible; bingbot/2.0; +http://www.bing.com/bingbot.htm)"
13.66.139.88 - - [20/Feb/2021:06:30:17 +0100] "GET /images/3048700086396.jpg HTTP/1.1" 200 172925 "-" "Mozilla/5.0 (compatible; bingbot/2.0; +http://www.bing.com/bingbot.htm)"
66.249.82.211 - - [20/Feb/2021:06:31:04 +0100] "GET /images/big_prod/9316188070454.jpg HTTP/1.1" 200 45952 "-" "Mozilla/5.0 (Windows NT 5.1; rv:11.0) Gecko Firefox/11.0 (via ggpht.com GoogleImageProxy)"
13.66.139.73 - - [20/Feb/2021:06:32:04 +0100] "GET /images/3700276232651.jpg HTTP/1.1" 200 50268 "-" "Mozilla/5.0 (compatible; bingbot/2.0; +http://www.bing.com/bingbot.htm)"
13.66.139.88 - - [20/Feb/2021:06:32:37 +0100] "GET /images/big_prod/3453131152990.jpg HTTP/1.1" 200 76837 "-" "Mozilla/5.0 (compatible; bingbot/2.0; +http://www.bing.com/bingbot.htm)"
13.66.139.88 - - [20/Feb/2021:06:34:19 +0100] "GET /images/med_prod/4036113307251.jpg HTTP/1.1" 200 107213 "-" "Mozilla/5.0 (compatible; bingbot/2.0; +http://www.bing.com/bingbot.htm)"
157.55.39.69 - - [20/Feb/2021:06:36:32 +0100] "GET /images/big_prod_2/c9316188080996.jpg HTTP/1.1" 200 79976 "-" "Mozilla/5.0 (compatible; bingbot/2.0; +http://www.bing.com/bingbot.htm)"
157.55.39.99 - - [20/Feb/2021:06:36:45 +0100] "GET /images/big_prod/9316188080996.jpg HTTP/1.1" 200 122695 "-" "Mozilla/5.0 (compatible; bingbot/2.0; +http://www.bing.com/bingbot.htm)"
157.55.39.99 - - [20/Feb/2021:06:36:45 +0100] "GET /images/big_prod_1/9316188080996b.jpg HTTP/1.1" 200 66946 "-" "Mozilla/5.0 (compatible; bingbot/2.0; +http://www.bing.com/bingbot.htm)"
13.66.139.73 - - [20/Feb/2021:06:37:49 +0100] "GET /images/big_prod/1399985000242.jpg HTTP/1.1" 200 116928 "-" "Mozilla/5.0 (compatible; bingbot/2.0; +http://www.bing.com/bingbot.htm)"
13.66.139.88 - - [20/Feb/2021:06:38:08 +0100] "GET /images/5010994737429.jpg HTTP/1.1" 200 31269 "-" "Mozilla/5.0 (compatible; bingbot/2.0; +http://www.bing.com/bingbot.htm)"
13.66.139.73 - - [20/Feb/2021:06:39:19 +0100] "GET /images/med_prod/3700276295700.jpg HTTP/1.1" 200 92021 "-" "Mozilla/5.0 (compatible; bingbot/2.0; +http://www.bing.com/bingbot.htm)"
216.244.66.242 - - [20/Feb/2021:06:39:30 +0100] "GET /robots.txt HTTP/1.1" 200 2438 "-" "Mozilla/5.0 (compatible; DotBot/1.1; http://www.opensiteexplorer.org/dotbot, help@moz.com)"
13.66.139.137 - - [20/Feb/2021:06:40:32 +0100] "GET /images/big_prod/8424346222223.jpg HTTP/1.1" 200 130518 "-" "Mozilla/5.0 (compatible; bingbot/2.0; +http://www.bing.com/bingbot.htm)"
13.66.139.88 - - [20/Feb/2021:06:41:01 +0100] "GET /images/big_prod_1/8433933188088b.jpg HTTP/1.1" 200 181462 "-" "Mozilla/5.0 (compatible; bingbot/2.0; +http://www.bing.com/bingbot.htm)"
13.66.139.137 - - [20/Feb/2021:06:42:11 +0100] "GET /images/big_prod_1/5018997622094B.jpg HTTP/1.1" 200 87522 "-" "Mozilla/5.0 (compatible; bingbot/2.0; +http://www.bing.com/bingbot.htm)"
13.66.139.137 - - [20/Feb/2021:06:43:12 +0100] "GET /images/big_prod/3453131147729.jpg HTTP/1.1" 200 136489 "-" "Mozilla/5.0 (compatible; bingbot/2.0; +http://www.bing.com/bingbot.htm)"
66.249.69.166 - - [20/Feb/2021:06:43:15 +0100] "GET /images/big_prod/3609810065185.jpg HTTP/1.1" 200 92621 "-" "Googlebot-Image/1.0"
13.66.139.73 - - [20/Feb/2021:06:44:30 +0100] "GET /images/med_prod/1399984284391.jpg HTTP/1.1" 200 131003 "-" "Mozilla/5.0 (compatible; bingbot/2.0; +http://www.bing.com/bingbot.htm)"
13.66.139.88 - - [20/Feb/2021:06:45:38 +0100] "GET /images/big_prod/3503420020513.jpg HTTP/1.1" 200 87840 "-" "Mozilla/5.0 (compatible; bingbot/2.0; +http://www.bing.com/bingbot.htm)"
187.225.118.190 - - [20/Feb/2021:06:48:28 +0100] "GET /js/jquery.jqzoom.js HTTP/1.1" 200 4761 "http://www.wonder-geek.com/mickey-figure-collection-romano-britto-p-23114.html" "Mozilla/5.0 (Windows NT 6.3; Win64; x64) AppleWebKit/537.36 (KHTML, like Gecko) Chrome/88.0.4324.182 Safari/537.36"
187.225.118.190 - - [20/Feb/2021:06:48:28 +0100] "GET /templates/Pixame_v1/stylesheet.css HTTP/1.1" 200 56057 "http://www.wonder-geek.com/mickey-figure-collection-romano-britto-p-23114.html" "Mozilla/5.0 (Windows NT 6.3; Win64; x64) AppleWebKit/537.36 (KHTML, like Gecko) Chrome/88.0.4324.182 Safari/537.36"
187.225.118.190 - - [20/Feb/2021:06:48:28 +0100] "GET /highslide/highslide.js HTTP/1.1" 200 42909 "http://www.wonder-geek.com/mickey-figure-collection-romano-britto-p-23114.html" "Mozilla/5.0 (Windows NT 6.3; Win64; x64) AppleWebKit/537.36 (KHTML, like Gecko) Chrome/88.0.4324.182 Safari/537.36"
187.225.118.190 - - [20/Feb/2021:06:48:28 +0100] "GET /js/jquery.js HTTP/1.1" 200 54075 "http://www.wonder-geek.com/mickey-figure-collection-romano-britto-p-23114.html" "Mozilla/5.0 (Windows NT 6.3; Win64; x64) AppleWebKit/537.36 (KHTML, like Gecko) Chrome/88.0.4324.182 Safari/537.36"
187.225.118.190 - - [20/Feb/2021:06:48:29 +0100] "GET /mondial_relay/js/jquery-1.3.2.min.js HTTP/1.1" 200 57254 "http://www.wonder-geek.com/mickey-figure-collection-romano-britto-p-23114.html" "Mozilla/5.0 (Windows NT 6.3; Win64; x64) AppleWebKit/537.36 (KHTML, like Gecko) Chrome/88.0.4324.182 Safari/537.36"
187.225.118.190 - - [20/Feb/2021:06:48:29 +0100] "GET /templates/Pixame_v1/images/icon_accueil2.png HTTP/1.1" 200 1137 "http://www.wonder-geek.com/mickey-figure-collection-romano-britto-p-23114.html" "Mozilla/5.0 (Windows NT 6.3; Win64; x64) AppleWebKit/537.36 (KHTML, like Gecko) Chrome/88.0.4324.182 Safari/537.36"
187.225.118.190 - - [20/Feb/2021:06:48:29 +0100] "GET /templates/Pixame_v1/images/nav.png HTTP/1.1" 200 1283 "http://www.wonder-geek.com/templates/Pixame_v1/stylesheet.css" "Mozilla/5.0 (Windows NT 6.3; Win64; x64) AppleWebKit/537.36 (KHTML, like Gecko) Chrome/88.0.4324.182 Safari/537.36"
187.225.118.190 - - [20/Feb/2021:06:48:29 +0100] "GET /templates/Pixame_v1/images/Bottom_texture.jpg HTTP/1.1" 200 56290 "http://www.wonder-geek.com/templates/Pixame_v1/stylesheet.css" "Mozilla/5.0 (Windows NT 6.3; Win64; x64) AppleWebKit/537.36 (KHTML, like Gecko) Chrome/88.0.4324.182 Safari/537.36"
187.225.118.190 - - [20/Feb/2021:06:48:29 +0100] "GET /images/big_prod/1345544565813.jpg HTTP/1.1" 200 69031 "http://www.wonder-geek.com/mickey-figure-collection-romano-britto-p-23114.html" "Mozilla/5.0 (Windows NT 6.3; Win64; x64) AppleWebKit/537.36 (KHTML, like Gecko) Chrome/88.0.4324.182 Safari/537.36"
187.225.118.190 - - [20/Feb/2021:06:48:30 +0100] "GET /templates/Pixame_v1/images/header.png HTTP/1.1" 200 70245 "http://www.wonder-geek.com/templates/Pixame_v1/stylesheet.css" "Mozilla/5.0 (Windows NT 6.3; Win64; x64) AppleWebKit/537.36 (KHTML, like Gecko) Chrome/88.0.4324.182 Safari/537.36"
187.225.118.190 - - [20/Feb/2021:06:48:30 +0100] "GET /templates/Pixame_v1/images/header-object.png HTTP/1.1" 200 106050 "http://www.wonder-geek.com/templates/Pixame_v1/stylesheet.css" "Mozilla/5.0 (Windows NT 6.3; Win64; x64) AppleWebKit/537.36 (KHTML, like Gecko) Chrome/88.0.4324.182 Safari/537.36"
187.225.118.190 - - [20/Feb/2021:06:48:30 +0100] "GET /templates/Pixame_v1/images/Middle_texture.jpg HTTP/1.1" 200 249620 "http://www.wonder-geek.com/templates/Pixame_v1/stylesheet.css" "Mozilla/5.0 (Windows NT 6.3; Win64; x64) AppleWebKit/537.36 (KHTML, like Gecko) Chrome/88.0.4324.182 Safari/537.36"
187.225.118.190 - - [20/Feb/2021:06:48:31 +0100] "GET /design/productsenstock.png HTTP/1.1" 200 4743 "http://www.wonder-geek.com/templates/Pixame_v1/stylesheet.css" "Mozilla/5.0 (Windows NT 6.3; Win64; x64) AppleWebKit/537.36 (KHTML, like Gecko) Chrome/88.0.4324.182 Safari/537.36"
187.225.118.190 - - [20/Feb/2021:06:48:31 +0100] "GET /templates/Pixame_v1/images/buttons/english/button_in_cart.gif HTTP/1.1" 200 1212 "http://www.wonder-geek.com/mickey-figure-collection-romano-britto-p-23114.html" "Mozilla/5.0 (Windows NT 6.3; Win64; x64) AppleWebKit/537.36 (KHTML, like Gecko) Chrome/88.0.4324.182 Safari/537.36"
187.225.118.190 - - [20/Feb/2021:06:48:31 +0100] "GET /highslide/graphics/outlines/drop-shadow.png HTTP/1.1" 200 2022 "http://www.wonder-geek.com/mickey-figure-collection-romano-britto-p-23114.html" "Mozilla/5.0 (Windows NT 6.3; Win64; x64) AppleWebKit/537.36 (KHTML, like Gecko) Chrome/88.0.4324.182 Safari/537.36"
187.225.118.190 - - [20/Feb/2021:06:48:31 +0100] "GET /favicon.ico HTTP/1.1" 200 1591 "http://www.wonder-geek.com/mickey-figure-collection-romano-britto-p-23114.html" "Mozilla/5.0 (Windows NT 6.3; Win64; x64) AppleWebKit/537.36 (KHTML, like Gecko) Chrome/88.0.4324.182 Safari/537.36"
216.244.66.242 - - [20/Feb/2021:06:50:20 +0100] "GET /images/4007176434536.jpg HTTP/1.1" 200 24304 "-" "Mozilla/5.0 (compatible; DotBot/1.1; http://www.opensiteexplorer.org/dotbot, help@moz.com)"
13.66.139.137 - - [20/Feb/2021:06:50:22 +0100] "GET /images/1399984241455.jpg HTTP/1.1" 200 97143 "-" "Mozilla/5.0 (compatible; bingbot/2.0; +http://www.bing.com/bingbot.htm)"
157.55.39.246 - - [20/Feb/2021:06:50:28 +0100] "GET /js/jquery.js HTTP/1.1" 200 54075 "-" "Mozilla/5.0 (compatible; bingbot/2.0; +http://www.bing.com/bingbot.htm)"
13.66.139.88 - - [20/Feb/2021:06:51:03 +0100] "GET /images/363981000158605072012.jpg HTTP/1.1" 200 19607 "-" "Mozilla/5.0 (compatible; bingbot/2.0; +http://www.bing.com/bingbot.htm)"
13.66.139.137 - - [20/Feb/2021:06:52:56 +0100] "GET /images/big_prod/3609810070974.jpg HTTP/1.1" 200 85627 "-" "Mozilla/5.0 (compatible; bingbot/2.0; +http://www.bing.com/bingbot.htm)"
13.66.139.73 - - [20/Feb/2021:06:54:11 +0100] "GET /images/big_prod/1300000023641.jpg HTTP/1.1" 200 33780 "-" "Mozilla/5.0 (compatible; bingbot/2.0; +http://www.bing.com/bingbot.htm)"
216.244.66.242 - - [20/Feb/2021:06:54:21 +0100] "GET /images/big_prod/3453131129695.jpg HTTP/1.1" 200 91786 "-" "Mozilla/5.0 (compatible; DotBot/1.1; http://www.opensiteexplorer.org/dotbot, help@moz.com)"
13.66.139.88 - - [20/Feb/2021:06:55:55 +0100] "GET /images/5610401603967.jpg HTTP/1.1" 200 28465 "-" "Mozilla/5.0 (compatible; bingbot/2.0; +http://www.bing.com/bingbot.htm)"
13.66.139.137 - - [20/Feb/2021:06:58:23 +0100] "GET /images/big_prod/3503420200755.jpg HTTP/1.1" 200 121158 "-" "Mozilla/5.0 (compatible; bingbot/2.0; +http://www.bing.com/bingbot.htm)"
13.66.139.73 - - [20/Feb/2021:06:59:21 +0100] "GET /images/big_prod/3014627949489.jpg HTTP/1.1" 200 80169 "-" "Mozilla/5.0 (compatible; bingbot/2.0; +http://www.bing.com/bingbot.htm)"
13.66.139.73 - - [20/Feb/2021:06:59:22 +0100] "GET /images/big_prod/3453131097758.jpg HTTP/1.1" 200 50166 "-" "Mozilla/5.0 (compatible; bingbot/2.0; +http://www.bing.com/bingbot.htm)"
13.66.139.88 - - [20/Feb/2021:06:59:37 +0100] "GET /images/big_prod/1384000000048BB.jpg HTTP/1.1" 200 125403 "-" "Mozilla/5.0 (compatible; bingbot/2.0; +http://www.bing.com/bingbot.htm)"
13.66.139.73 - - [20/Feb/2021:07:00:13 +0100] "GET /images/big_prod/8435333820513.jpg HTTP/1.1" 200 129526 "-" "Mozilla/5.0 (compatible; bingbot/2.0; +http://www.bing.com/bingbot.htm)"
13.66.139.137 - - [20/Feb/2021:07:03:47 +0100] "GET /images/big_prod/3503420082498.jpg HTTP/1.1" 200 60273 "-" "Mozilla/5.0 (compatible; bingbot/2.0; +http://www.bing.com/bingbot.htm)"
157.55.39.32 - - [20/Feb/2021:07:03:59 +0100] "GET /robots.txt HTTP/1.1" 200 2438 "-" "Mozilla/5.0 (compatible; bingbot/2.0; +http://www.bing.com/bingbot.htm)"
148.251.8.250 - - [20/Feb/2021:07:04:00 +0100] "GET /robots.txt HTTP/1.1" 200 2438 "-" "Mozilla/5.0 (compatible; MJ12bot/v1.4.8; http://mj12bot.com/)"
13.66.139.88 - - [20/Feb/2021:07:04:18 +0100] "GET /images/med_prod/4029811278442.jpg HTTP/1.1" 200 95728 "-" "Mozilla/5.0 (compatible; bingbot/2.0; +http://www.bing.com/bingbot.htm)"
13.66.139.88 - - [20/Feb/2021:07:05:08 +0100] "GET /images/mini_prod/3453131148238.jpg HTTP/1.1" 200 6441 "-" "Mozilla/5.0 (compatible; bingbot/2.0; +http://www.bing.com/bingbot.htm)"
66.249.69.164 - - [20/Feb/2021:07:05:10 +0100] "GET /images/mini_prod/9316188079440.jpg HTTP/1.1" 200 6334 "-" "Googlebot-Image/1.0"
77.75.76.164 - - [20/Feb/2021:07:05:22 +0100] "GET /robots.txt HTTP/1.1" 200 2438 "-" "Mozilla/5.0 (compatible; SeznamBot/3.2; +http://napoveda.seznam.cz/en/seznambot-intro/)"
13.66.139.73 - - [20/Feb/2021:07:05:22 +0100] "GET /images/big_prod/1399984239285BEYBLADE.jpg HTTP/1.1" 200 100978 "-" "Mozilla/5.0 (compatible; bingbot/2.0; +http://www.bing.com/bingbot.htm)"
77.75.76.164 - - [20/Feb/2021:07:05:22 +0100] "GET /images/mini_prod/8424345302421a.jpg HTTP/1.1" 200 3813 "-" "Mozilla/5.0 (compatible; SeznamBot/3.2; +http://napoveda.seznam.cz/en/seznambot-intro/)"
95.217.118.98 - - [20/Feb/2021:07:05:56 +0100] "GET /images/070309_152834_PEEL_h3CWsx.jpg HTTP/1.1" 200 66448 "-" "Mozilla/5.0 (X11; Fedora; Linux x86_64) AppleWebKit/537.36 (KHTML, like Gecko) Chrome/79.0.3945.117 Safari/537.36"
13.66.139.73 - - [20/Feb/2021:07:06:52 +0100] "GET /images/big_prod_1/9316188077521N.jpg HTTP/1.1" 200 63298 "-" "Mozilla/5.0 (compatible; bingbot/2.0; +http://www.bing.com/bingbot.htm)"
13.66.139.137 - - [20/Feb/2021:07:07:45 +0100] "GET /images/ardoiseHK.jpg HTTP/1.1" 200 24944 "-" "Mozilla/5.0 (compatible; bingbot/2.0; +http://www.bing.com/bingbot.htm)"
185.191.171.25 - - [20/Feb/2021:07:07:47 +0100] "GET /robots.txt HTTP/1.1" 200 2438 "-" "Mozilla/5.0 (compatible; SemrushBot/7~bl; +http://www.semrush.com/bot.html)"
13.66.139.73 - - [20/Feb/2021:07:07:52 +0100] "GET /images/med_prod/1384010178836.jpg HTTP/1.1" 200 112163 "-" "Mozilla/5.0 (compatible; bingbot/2.0; +http://www.bing.com/bingbot.htm)"
13.66.139.73 - - [20/Feb/2021:07:09:33 +0100] "GET /images/big_prod/8422024026026.jpg HTTP/1.1" 200 107724 "-" "Mozilla/5.0 (compatible; bingbot/2.0; +http://www.bing.com/bingbot.htm)"
13.66.139.137 - - [20/Feb/2021:07:10:06 +0100] "GET /images/big_prod/3503420113536.jpg HTTP/1.1" 200 74902 "-" "Mozilla/5.0 (compatible; bingbot/2.0; +http://www.bing.com/bingbot.htm)"
157.55.39.246 - - [20/Feb/2021:07:11:09 +0100] "GET /js/jquery.js HTTP/1.1" 200 54075 "-" "Mozilla/5.0 (compatible; bingbot/2.0; +http://www.bing.com/bingbot.htm)"
114.119.147.45 - - [20/Feb/2021:07:12:11 +0100] "GET /images/mini_prod/9316188081993.jpg HTTP/1.1" 200 5077 "-" "Mozilla/5.0 (Linux; Android 7.0;) AppleWebKit/537.36 (KHTML, like Gecko) Mobile Safari/537.36 (compatible; PetalBot;+https://aspiegel.com/petalbot)"
192.0.100.82 - - [20/Feb/2021:07:12:58 +0100] "GET /images/med_prod/8435306276309.jpg HTTP/1.1" 200 119002 "-" "Photon/1.0"
64.233.172.208 - - [20/Feb/2021:07:13:25 +0100] "GET /images/MISES-EN-SITUATION-STACH-NOIRE-20.jpg HTTP/1.1" 200 18175 "-" "Mozilla/5.0 (Windows NT 5.1; rv:11.0) Gecko Firefox/11.0 (via ggpht.com GoogleImageProxy)"
13.66.139.88 - - [20/Feb/2021:07:14:47 +0100] "GET /images/big_prod/8436565220218.jpg HTTP/1.1" 200 131201 "-" "Mozilla/5.0 (compatible; bingbot/2.0; +http://www.bing.com/bingbot.htm)"
13.66.139.88 - - [20/Feb/2021:07:14:47 +0100] "GET /images/3524550047201.jpg HTTP/1.1" 200 32139 "-" "Mozilla/5.0 (compatible; bingbot/2.0; +http://www.bing.com/bingbot.htm)"
157.55.39.159 - - [20/Feb/2021:07:15:56 +0100] "GET /js/jquery.jqzoom.js HTTP/1.1" 200 4761 "-" "Mozilla/5.0 (compatible; bingbot/2.0; +http://www.bing.com/bingbot.htm)"
13.66.139.137 - - [20/Feb/2021:07:17:55 +0100] "GET /images/big_prod/8422033186247.jpg HTTP/1.1" 200 100862 "-" "Mozilla/5.0 (compatible; bingbot/2.0; +http://www.bing.com/bingbot.htm)"
157.55.39.189 - - [20/Feb/2021:07:19:12 +0100] "GET /mondial_relay/js/jquery-1.3.2.min.js HTTP/1.1" 200 57254 "-" "Mozilla/5.0 (compatible; bingbot/2.0; +http://www.bing.com/bingbot.htm)"
66.249.69.164 - - [20/Feb/2021:07:19:51 +0100] "GET /images/mini_prod/5411854144836.jpg HTTP/1.1" 200 4943 "-" "Googlebot-Image/1.0"
13.66.139.88 - - [20/Feb/2021:07:20:06 +0100] "GET /images/big_prod/8422020048305.jpg HTTP/1.1" 200 99335 "-" "Mozilla/5.0 (compatible; bingbot/2.0; +http://www.bing.com/bingbot.htm)"
13.66.139.137 - - [20/Feb/2021:07:20:45 +0100] "GET /images/big_prod/3442440275032.jpg HTTP/1.1" 200 107084 "-" "Mozilla/5.0 (compatible; bingbot/2.0; +http://www.bing.com/bingbot.htm)"
13.66.139.73 - - [20/Feb/2021:07:21:54 +0100] "GET /images/Pucca-Summer-Holidays-75x15.jpg HTTP/1.1" 200 42127 "-" "Mozilla/5.0 (compatible; bingbot/2.0; +http://www.bing.com/bingbot.htm)"
13.66.139.73 - - [20/Feb/2021:07:23:25 +0100] "GET /images/big_prod/1384010204238.jpg HTTP/1.1" 200 149748 "-" "Mozilla/5.0 (compatible; bingbot/2.0; +http://www.bing.com/bingbot.htm)"
13.66.139.73 - - [20/Feb/2021:07:25:26 +0100] "GET /images/big_prod_1/3453131145022N.jpg HTTP/1.1" 200 311548 "-" "Mozilla/5.0 (compatible; bingbot/2.0; +http://www.bing.com/bingbot.htm)"
13.66.139.88 - - [20/Feb/2021:07:26:10 +0100] "GET /images/231008_103335_PEEL_JjkEvb.jpg HTTP/1.1" 200 31581 "-" "Mozilla/5.0 (compatible; bingbot/2.0; +http://www.bing.com/bingbot.htm)"
13.66.139.73 - - [20/Feb/2021:07:26:55 +0100] "GET /images/big_prod_3/028399270200c.jpg HTTP/1.1" 200 186910 "-" "Mozilla/5.0 (compatible; bingbot/2.0; +http://www.bing.com/bingbot.htm)"
13.66.139.137 - - [20/Feb/2021:07:27:29 +0100] "GET /images/big_prod_2/3661075002046NN.jpg HTTP/1.1" 200 75683 "-" "Mozilla/5.0 (compatible; bingbot/2.0; +http://www.bing.com/bingbot.htm)"
66.249.69.166 - - [20/Feb/2021:07:28:17 +0100] "GET /images/big_prod_1/3608860179040N.jpg HTTP/1.1" 200 123595 "-" "Googlebot-Image/1.0"
13.66.139.73 - - [20/Feb/2021:07:29:36 +0100] "GET /images/big_prod/8441689117481.jpg HTTP/1.1" 200 193645 "-" "Mozilla/5.0 (compatible; bingbot/2.0; +http://www.bing.com/bingbot.htm)"
13.66.139.88 - - [20/Feb/2021:07:29:58 +0100] "GET /images/5018997610916.jpg HTTP/1.1" 200 101371 "-" "Mozilla/5.0 (compatible; bingbot/2.0; +http://www.bing.com/bingbot.htm)"
13.66.139.88 - - [20/Feb/2021:07:29:59 +0100] "GET /images/mini_prod/1384010200063.jpg HTTP/1.1" 200 7475 "-" "Mozilla/5.0 (compatible; bingbot/2.0; +http://www.bing.com/bingbot.htm)"
13.66.139.88 - - [20/Feb/2021:07:30:59 +0100] "GET /images/big_prod/8422011475660.jpg HTTP/1.1" 200 44204 "-" "Mozilla/5.0 (compatible; bingbot/2.0; +http://www.bing.com/bingbot.htm)"
13.66.139.137 - - [20/Feb/2021:07:32:20 +0100] "GET /images/1399984243817.jpg HTTP/1.1" 200 22425 "-" "Mozilla/5.0 (compatible; bingbot/2.0; +http://www.bing.com/bingbot.htm)"
157.55.39.246 - - [20/Feb/2021:07:32:42 +0100] "GET /js/jquery.js HTTP/1.1" 200 54075 "-" "Mozilla/5.0 (compatible; bingbot/2.0; +http://www.bing.com/bingbot.htm)"
13.66.139.88 - - [20/Feb/2021:07:32:48 +0100] "GET /images/4025055995275.jpg HTTP/1.1" 200 35154 "-" "Mozilla/5.0 (compatible; bingbot/2.0; +http://www.bing.com/bingbot.htm)"
13.66.139.137 - - [20/Feb/2021:07:33:26 +0100] "GET /images/DSCN8015.jpg HTTP/1.1" 200 44890 "-" "Mozilla/5.0 (compatible; bingbot/2.0; +http://www.bing.com/bingbot.htm)"
5.255.231.71 - - [20/Feb/2021:07:33:47 +0100] "GET /images/8423599064406.jpg HTTP/1.1" 200 31463 "-" "Mozilla/5.0 (compatible; YandexImages/3.0; +http://yandex.com/bots)"
17.58.101.142 - - [20/Feb/2021:07:34:06 +0100] "GET /images/mini_prod/4029811325320.jpg HTTP/1.1" 200 9866 "-" "Mozilla/5.0 (Macintosh; Intel Mac OS X 10_15_5) AppleWebKit/605.1.15 (KHTML, like Gecko) Version/13.1.1 Safari/605.1.15 (Applebot/0.1; +http://www.apple.com/go/applebot)"
13.66.139.137 - - [20/Feb/2021:07:34:07 +0100] "GET /images/big_prod/1384010188545.jpg HTTP/1.1" 200 104576 "-" "Mozilla/5.0 (compatible; bingbot/2.0; +http://www.bing.com/bingbot.htm)"
216.244.66.242 - - [20/Feb/2021:07:34:47 +0100] "GET /robots.txt HTTP/1.1" 200 2438 "-" "Mozilla/5.0 (compatible; DotBot/1.1; http://www.opensiteexplorer.org/dotbot, help@moz.com)"
13.66.139.73 - - [20/Feb/2021:07:35:17 +0100] "GET /images/big_prod/8435333821862.jpg HTTP/1.1" 200 148467 "-" "Mozilla/5.0 (compatible; bingbot/2.0; +http://www.bing.com/bingbot.htm)"
13.66.139.137 - - [20/Feb/2021:07:36:46 +0100] "GET /images/big_prod/8422099381006.jpg HTTP/1.1" 200 51595 "-" "Mozilla/5.0 (compatible; bingbot/2.0; +http://www.bing.com/bingbot.htm)"
13.66.139.88 - - [20/Feb/2021:07:37:11 +0100] "GET /images/4846603169999.jpg HTTP/1.1" 200 64726 "-" "Mozilla/5.0 (compatible; bingbot/2.0; +http://www.bing.com/bingbot.htm)"
13.66.139.137 - - [20/Feb/2021:07:37:57 +0100] "GET /images/med_prod/5010994829971.jpg HTTP/1.1" 200 166534 "-" "Mozilla/5.0 (compatible; bingbot/2.0; +http://www.bing.com/bingbot.htm)"
114.119.145.117 - - [20/Feb/2021:07:38:35 +0100] "GET /images/big_prod/3503420208379.jpg HTTP/1.1" 200 60238 "-" "Mozilla/5.0 (Linux; Android 7.0;) AppleWebKit/537.36 (KHTML, like Gecko) Mobile Safari/537.36 (compatible; PetalBot;+https://aspiegel.com/petalbot)"
13.66.139.88 - - [20/Feb/2021:07:39:11 +0100] "GET /images/big_prod/4250255859472.jpg HTTP/1.1" 200 28826 "-" "Mozilla/5.0 (compatible; bingbot/2.0; +http://www.bing.com/bingbot.htm)"
13.66.139.88 - - [20/Feb/2021:07:41:13 +0100] "GET /images/big_prod_1/4029811375554B.jpg HTTP/1.1" 200 67595 "-" "Mozilla/5.0 (compatible; bingbot/2.0; +http://www.bing.com/bingbot.htm)"
13.66.139.137 - - [20/Feb/2021:07:41:36 +0100] "GET /images/mini_prod/3665269039573.jpg HTTP/1.1" 200 4487 "-" "Mozilla/5.0 (compatible; bingbot/2.0; +http://www.bing.com/bingbot.htm)"
185.191.171.2 - - [20/Feb/2021:07:41:38 +0100] "GET /robots.txt HTTP/1.1" 200 2438 "-" "Mozilla/5.0 (compatible; SemrushBot/7~bl; +http://www.semrush.com/bot.html)"
13.66.139.73 - - [20/Feb/2021:07:41:42 +0100] "GET /images/big_prod/1384010202814.jpg HTTP/1.1" 200 90440 "-" "Mozilla/5.0 (compatible; bingbot/2.0; +http://www.bing.com/bingbot.htm)"
157.55.39.69 - - [20/Feb/2021:07:42:44 +0100] "GET /highslide/highslide.js HTTP/1.1" 200 42909 "-" "Mozilla/5.0 (compatible; bingbot/2.0; +http://www.bing.com/bingbot.htm)"
66.249.69.166 - - [20/Feb/2021:07:43:15 +0100] "GET /images/big_prod/3520071678467.jpg HTTP/1.1" 200 72443 "-" "Googlebot-Image/1.0"
13.66.139.73 - - [20/Feb/2021:07:43:17 +0100] "GET /images/1399984254899.jpg HTTP/1.1" 200 140342 "-" "Mozilla/5.0 (compatible; bingbot/2.0; +http://www.bing.com/bingbot.htm)"
13.66.139.137 - - [20/Feb/2021:07:43:57 +0100] "GET /images/3609810027596.jpg HTTP/1.1" 200 112669 "-" "Mozilla/5.0 (compatible; bingbot/2.0; +http://www.bing.com/bingbot.htm)"
13.66.139.137 - - [20/Feb/2021:07:43:58 +0100] "GET /images/3609810017047.jpg HTTP/1.1" 200 102912 "-" "Mozilla/5.0 (compatible; bingbot/2.0; +http://www.bing.com/bingbot.htm)"
13.66.139.88 - - [20/Feb/2021:07:45:44 +0100] "GET /images/big_prod_3/1328399219599c.jpg HTTP/1.1" 200 66493 "-" "Mozilla/5.0 (compatible; bingbot/2.0; +http://www.bing.com/bingbot.htm)"
157.55.39.159 - - [20/Feb/2021:07:46:28 +0100] "GET /js/jquery.jqzoom.js HTTP/1.1" 200 4761 "-" "Mozilla/5.0 (compatible; bingbot/2.0; +http://www.bing.com/bingbot.htm)"
13.66.139.88 - - [20/Feb/2021:07:46:34 +0100] "GET /images/3684225058342.jpg HTTP/1.1" 200 30058 "-" "Mozilla/5.0 (compatible; bingbot/2.0; +http://www.bing.com/bingbot.htm)"
13.66.139.73 - - [20/Feb/2021:07:47:01 +0100] "GET /images/big_prod/8424346085446.jpg HTTP/1.1" 200 137410 "-" "Mozilla/5.0 (compatible; bingbot/2.0; +http://www.bing.com/bingbot.htm)"
13.66.139.137 - - [20/Feb/2021:07:47:27 +0100] "GET /images/big_prod/1384010205365.jpg HTTP/1.1" 200 84706 "-" "Mozilla/5.0 (compatible; bingbot/2.0; +http://www.bing.com/bingbot.htm)"
13.66.139.73 - - [20/Feb/2021:07:49:08 +0100] "GET /images/big_prod/3520071720609.jpg HTTP/1.1" 200 75468 "-" "Mozilla/5.0 (compatible; bingbot/2.0; +http://www.bing.com/bingbot.htm)"
157.55.39.159 - - [20/Feb/2021:07:49:12 +0100] "GET /js/jquery.jqzoom.js HTTP/1.1" 200 4761 "-" "Mozilla/5.0 (compatible; bingbot/2.0; +http://www.bing.com/bingbot.htm)"
157.55.39.246 - - [20/Feb/2021:07:49:17 +0100] "GET /js/jquery.js HTTP/1.1" 200 54075 "-" "Mozilla/5.0 (compatible; bingbot/2.0; +http://www.bing.com/bingbot.htm)"
157.55.39.159 - - [20/Feb/2021:07:50:09 +0100] "GET /js/jquery.jqzoom.js HTTP/1.1" 200 4761 "-" "Mozilla/5.0 (compatible; bingbot/2.0; +http://www.bing.com/bingbot.htm)"
13.66.139.88 - - [20/Feb/2021:07:50:37 +0100] "GET /images/big_prod/3612875114903.jpg HTTP/1.1" 200 121173 "-" "Mozilla/5.0 (compatible; bingbot/2.0; +http://www.bing.com/bingbot.htm)"
13.66.139.137 - - [20/Feb/2021:07:53:08 +0100] "GET /images/8435306231896.jpg HTTP/1.1" 200 34652 "-" "Mozilla/5.0 (compatible; bingbot/2.0; +http://www.bing.com/bingbot.htm)"
13.66.139.137 - - [20/Feb/2021:07:53:09 +0100] "GET /images/8435306240188.jpg HTTP/1.1" 200 32065 "-" "Mozilla/5.0 (compatible; bingbot/2.0; +http://www.bing.com/bingbot.htm)"
157.55.39.251 - - [20/Feb/2021:07:53:31 +0100] "GET /images/3272760387487.jpg HTTP/1.1" 200 29421 "-" "Mozilla/5.0 (Windows NT 6.1; WOW64) AppleWebKit/534+ (KHTML, like Gecko) BingPreview/1.0b"
13.66.139.137 - - [20/Feb/2021:07:55:48 +0100] "GET /images/med_prod/1341689282653.jpg HTTP/1.1" 200 160398 "-" "Mozilla/5.0 (compatible; bingbot/2.0; +http://www.bing.com/bingbot.htm)"
157.55.39.170 - - [20/Feb/2021:07:55:55 +0100] "GET /robots.txt HTTP/1.1" 200 2438 "-" "Mozilla/5.0 (compatible; bingbot/2.0; +http://www.bing.com/bingbot.htm)"
157.55.39.170 - - [20/Feb/2021:07:55:56 +0100] "GET /robots.txt HTTP/1.1" 200 2438 "-" "Mozilla/5.0 (compatible; bingbot/2.0; +http://www.bing.com/bingbot.htm)"
13.66.139.137 - - [20/Feb/2021:07:56:00 +0100] "GET /images/mini_prod/3014627932689.jpg HTTP/1.1" 200 4051 "-" "Mozilla/5.0 (compatible; bingbot/2.0; +http://www.bing.com/bingbot.htm)"
13.66.139.88 - - [20/Feb/2021:08:00:48 +0100] "GET /images/big_prod/8422011475806.jpg HTTP/1.1" 200 66269 "-" "Mozilla/5.0 (compatible; bingbot/2.0; +http://www.bing.com/bingbot.htm)"
13.66.139.137 - - [20/Feb/2021:08:01:19 +0100] "GET /images/big_prod/3503420121548.jpg HTTP/1.1" 200 79109 "-" "Mozilla/5.0 (compatible; bingbot/2.0; +http://www.bing.com/bingbot.htm)"
13.66.139.137 - - [20/Feb/2021:08:03:19 +0100] "GET /images/big_prod/3503420208379.jpg HTTP/1.1" 200 60238 "-" "Mozilla/5.0 (compatible; bingbot/2.0; +http://www.bing.com/bingbot.htm)"
13.66.139.137 - - [20/Feb/2021:08:06:00 +0100] "GET /images/big_prod_1/8720088295977a.jpg HTTP/1.1" 200 42992 "-" "Mozilla/5.0 (compatible; bingbot/2.0; +http://www.bing.com/bingbot.htm)"
77.75.77.36 - - [20/Feb/2021:08:06:07 +0100] "GET /robots.txt HTTP/1.1" 200 2438 "-" "Mozilla/5.0 (compatible; SeznamBot/3.2; +http://napoveda.seznam.cz/en/seznambot-intro/)"
77.75.77.36 - - [20/Feb/2021:08:06:07 +0100] "GET /images/mini_prod/5036381288466.jpg HTTP/1.1" 200 5310 "-" "Mozilla/5.0 (compatible; SeznamBot/3.2; +http://napoveda.seznam.cz/en/seznambot-intro/)"
13.66.139.137 - - [20/Feb/2021:08:07:49 +0100] "GET /images/big_prod/8433933108024.jpg HTTP/1.1" 200 75450 "-" "Mozilla/5.0 (compatible; bingbot/2.0; +http://www.bing.com/bingbot.htm)"
13.66.139.73 - - [20/Feb/2021:08:08:10 +0100] "GET /images/big_prod/8424346233397.jpg HTTP/1.1" 200 46545 "-" "Mozilla/5.0 (compatible; bingbot/2.0; +http://www.bing.com/bingbot.htm)"
13.66.139.137 - - [20/Feb/2021:08:11:01 +0100] "GET /images/1399984237168.jpg HTTP/1.1" 200 38018 "-" "Mozilla/5.0 (compatible; bingbot/2.0; +http://www.bing.com/bingbot.htm)"
13.66.139.137 - - [20/Feb/2021:08:11:40 +0100] "GET /images/big_prod/1384010188804.jpg HTTP/1.1" 200 59779 "-" "Mozilla/5.0 (compatible; bingbot/2.0; +http://www.bing.com/bingbot.htm)"
13.66.139.137 - - [20/Feb/2021:08:11:40 +0100] "GET /images/mini_prod/8718657466101.jpg HTTP/1.1" 200 5637 "-" "Mozilla/5.0 (compatible; bingbot/2.0; +http://www.bing.com/bingbot.htm)"
40.77.189.152 - - [20/Feb/2021:08:13:24 +0100] "GET /templates/Pixame_v1/stylesheet.css HTTP/1.1" 200 56057 "-" "Mozilla/5.0 (Windows NT 6.1; WOW64) AppleWebKit/534+ (KHTML, like Gecko) BingPreview/1.0b"
185.191.171.22 - - [20/Feb/2021:08:13:24 +0100] "GET /robots.txt HTTP/1.1" 200 2438 "-" "Mozilla/5.0 (compatible; SemrushBot/7~bl; +http://www.semrush.com/bot.html)"
13.66.139.88 - - [20/Feb/2021:08:15:43 +0100] "GET /images/8427787034769.jpg HTTP/1.1" 200 39278 "-" "Mozilla/5.0 (compatible; bingbot/2.0; +http://www.bing.com/bingbot.htm)"
116.202.116.209 - - [20/Feb/2021:08:15:46 +0100] "GET /images/panpan.jpg HTTP/1.1" 200 19060 "-" "Mozilla/5.0 (X11; Fedora; Linux x86_64) AppleWebKit/537.36 (KHTML, like Gecko) Chrome/79.0.3945.117 Safari/537.36"
174.28.249.221 - - [20/Feb/2021:08:15:52 +0100] "GET /highslide/highslide.js HTTP/1.1" 200 42909 "http://www.wonder-geek.com/" "Mozilla/5.0 (iPhone; CPU iPhone OS 14_4 like Mac OS X) AppleWebKit/605.1.15 (KHTML, like Gecko) Version/14.0.3 Mobile/15E148 Safari/604.1"
174.28.249.221 - - [20/Feb/2021:08:15:52 +0100] "GET /templates/Pixame_v1/stylesheet.css HTTP/1.1" 200 56057 "http://www.wonder-geek.com/" "Mozilla/5.0 (iPhone; CPU iPhone OS 14_4 like Mac OS X) AppleWebKit/605.1.15 (KHTML, like Gecko) Version/14.0.3 Mobile/15E148 Safari/604.1"
174.28.249.221 - - [20/Feb/2021:08:15:52 +0100] "GET /js/jquery.js HTTP/1.1" 200 50400 "http://www.wonder-geek.com/" "Mozilla/5.0 (iPhone; CPU iPhone OS 14_4 like Mac OS X) AppleWebKit/605.1.15 (KHTML, like Gecko) Version/14.0.3 Mobile/15E148 Safari/604.1"
13.66.139.137 - - [20/Feb/2021:08:16:30 +0100] "GET /images/32816402472921.jpg HTTP/1.1" 200 50495 "-" "Mozilla/5.0 (compatible; bingbot/2.0; +http://www.bing.com/bingbot.htm)"
157.55.39.189 - - [20/Feb/2021:08:16:48 +0100] "GET /mondial_relay/js/jquery-1.3.2.min.js HTTP/1.1" 200 57254 "-" "Mozilla/5.0 (compatible; bingbot/2.0; +http://www.bing.com/bingbot.htm)"
13.66.139.73 - - [20/Feb/2021:08:16:53 +0100] "GET /images/1341689750626.jpg HTTP/1.1" 200 141489 "-" "Mozilla/5.0 (compatible; bingbot/2.0; +http://www.bing.com/bingbot.htm)"
13.66.139.88 - - [20/Feb/2021:08:17:13 +0100] "GET /images/10359.jpg HTTP/1.1" 200 17419 "-" "Mozilla/5.0 (compatible; bingbot/2.0; +http://www.bing.com/bingbot.htm)"
157.55.39.246 - - [20/Feb/2021:08:18:39 +0100] "GET /js/jquery.js HTTP/1.1" 200 54075 "-" "Mozilla/5.0 (compatible; bingbot/2.0; +http://www.bing.com/bingbot.htm)"
74.125.208.6 - - [20/Feb/2021:08:18:45 +0100] "GET /images/big_prod/3700516246103.jpg HTTP/1.1" 200 64235 "-" "Mozilla/5.0 (Windows NT 5.1; rv:11.0) Gecko Firefox/11.0 (via ggpht.com GoogleImageProxy)"
178.59.31.7 - - [20/Feb/2021:08:19:00 +0100] "GET /js/jquery.jqzoom.js HTTP/1.1" 200 4761 "http://www.wonder-geek.com/ceramic-espresso-cups-p-43484.html" "Mozilla/5.0 (Windows NT 10.0; Win64; x64) AppleWebKit/537.36 (KHTML, like Gecko) Chrome/88.0.4324.182 Safari/537.36"
178.59.31.7 - - [20/Feb/2021:08:19:00 +0100] "GET /templates/Pixame_v1/stylesheet.css HTTP/1.1" 200 56057 "http://www.wonder-geek.com/ceramic-espresso-cups-p-43484.html" "Mozilla/5.0 (Windows NT 10.0; Win64; x64) AppleWebKit/537.36 (KHTML, like Gecko) Chrome/88.0.4324.182 Safari/537.36"
178.59.31.7 - - [20/Feb/2021:08:19:00 +0100] "GET /highslide/highslide.js HTTP/1.1" 200 42909 "http://www.wonder-geek.com/ceramic-espresso-cups-p-43484.html" "Mozilla/5.0 (Windows NT 10.0; Win64; x64) AppleWebKit/537.36 (KHTML, like Gecko) Chrome/88.0.4324.182 Safari/537.36"
178.59.31.7 - - [20/Feb/2021:08:19:01 +0100] "GET /mondial_relay/js/jquery-1.3.2.min.js HTTP/1.1" 200 57254 "http://www.wonder-geek.com/ceramic-espresso-cups-p-43484.html" "Mozilla/5.0 (Windows NT 10.0; Win64; x64) AppleWebKit/537.36 (KHTML, like Gecko) Chrome/88.0.4324.182 Safari/537.36"
178.59.31.7 - - [20/Feb/2021:08:19:01 +0100] "GET /js/jquery.js HTTP/1.1" 200 54075 "http://www.wonder-geek.com/ceramic-espresso-cups-p-43484.html" "Mozilla/5.0 (Windows NT 10.0; Win64; x64) AppleWebKit/537.36 (KHTML, like Gecko) Chrome/88.0.4324.182 Safari/537.36"
178.59.31.7 - - [20/Feb/2021:08:19:01 +0100] "GET /templates/Pixame_v1/images/icon_accueil2.png HTTP/1.1" 200 1137 "http://www.wonder-geek.com/ceramic-espresso-cups-p-43484.html" "Mozilla/5.0 (Windows NT 10.0; Win64; x64) AppleWebKit/537.36 (KHTML, like Gecko) Chrome/88.0.4324.182 Safari/537.36"
178.59.31.7 - - [20/Feb/2021:08:19:01 +0100] "GET /templates/Pixame_v1/images/buttons/english/button_in_cart.gif HTTP/1.1" 200 1212 "http://www.wonder-geek.com/ceramic-espresso-cups-p-43484.html" "Mozilla/5.0 (Windows NT 10.0; Win64; x64) AppleWebKit/537.36 (KHTML, like Gecko) Chrome/88.0.4324.182 Safari/537.36"
178.59.31.7 - - [20/Feb/2021:08:19:02 +0100] "GET /images/big_prod/3700516246103.jpg HTTP/1.1" 200 64235 "http://www.wonder-geek.com/ceramic-espresso-cups-p-43484.html" "Mozilla/5.0 (Windows NT 10.0; Win64; x64) AppleWebKit/537.36 (KHTML, like Gecko) Chrome/88.0.4324.182 Safari/537.36"
178.59.31.7 - - [20/Feb/2021:08:19:02 +0100] "GET /templates/Pixame_v1/images/Bottom_texture.jpg HTTP/1.1" 200 56290 "http://www.wonder-geek.com/templates/Pixame_v1/stylesheet.css" "Mozilla/5.0 (Windows NT 10.0; Win64; x64) AppleWebKit/537.36 (KHTML, like Gecko) Chrome/88.0.4324.182 Safari/537.36"
178.59.31.7 - - [20/Feb/2021:08:19:02 +0100] "GET /templates/Pixame_v1/images/nav.png HTTP/1.1" 200 1283 "http://www.wonder-geek.com/templates/Pixame_v1/stylesheet.css" "Mozilla/5.0 (Windows NT 10.0; Win64; x64) AppleWebKit/537.36 (KHTML, like Gecko) Chrome/88.0.4324.182 Safari/537.36"
178.59.31.7 - - [20/Feb/2021:08:19:02 +0100] "GET /templates/Pixame_v1/images/header.png HTTP/1.1" 200 70245 "http://www.wonder-geek.com/templates/Pixame_v1/stylesheet.css" "Mozilla/5.0 (Windows NT 10.0; Win64; x64) AppleWebKit/537.36 (KHTML, like Gecko) Chrome/88.0.4324.182 Safari/537.36"
178.59.31.7 - - [20/Feb/2021:08:19:02 +0100] "GET /templates/Pixame_v1/images/header-object.png HTTP/1.1" 200 106050 "http://www.wonder-geek.com/templates/Pixame_v1/stylesheet.css" "Mozilla/5.0 (Windows NT 10.0; Win64; x64) AppleWebKit/537.36 (KHTML, like Gecko) Chrome/88.0.4324.182 Safari/537.36"
13.66.139.137 - - [20/Feb/2021:08:19:02 +0100] "GET /images/big_prod_2/1328399270286b.jpg HTTP/1.1" 200 401303 "-" "Mozilla/5.0 (compatible; bingbot/2.0; +http://www.bing.com/bingbot.htm)"
