185.191.171.44 - - [20/Feb/2021:11:10:41 +0100] "GET /robots.txt HTTP/1.1" 200 2438 "-" "Mozilla/5.0 (compatible; SemrushBot/7~bl; +http://www.semrush.com/bot.html)"
46.208.182.247 - - [20/Feb/2021:11:12:09 +0100] "GET /templates/Pixame_v1/stylesheet.css HTTP/1.1" 200 56057 "http://www.wonder-geek.com/gorjuss-lockable-journal-with-heart-shaped-lock-little-wings-p-50951.html" "Mozilla/5.0 (iPhone; CPU iPhone OS 14_0 like Mac OS X) AppleWebKit/605.1.15 (KHTML, like Gecko) GSA/137.2.345735309 Mobile/15E148 Safari/604.1"
46.208.182.247 - - [20/Feb/2021:11:12:09 +0100] "GET /js/jquery.js HTTP/1.1" 200 54075 "http://www.wonder-geek.com/gorjuss-lockable-journal-with-heart-shaped-lock-little-wings-p-50951.html" "Mozilla/5.0 (iPhone; CPU iPhone OS 14_0 like Mac OS X) AppleWebKit/605.1.15 (KHTML, like Gecko) GSA/137.2.345735309 Mobile/15E148 Safari/604.1"
46.208.182.247 - - [20/Feb/2021:11:12:09 +0100] "GET /templates/Pixame_v1/images/buttons/english/button_in_cart.gif HTTP/1.1" 200 1212 "http://www.wonder-geek.com/gorjuss-lockable-journal-with-heart-shaped-lock-little-wings-p-50951.html" "Mozilla/5.0 (iPhone; CPU iPhone OS 14_0 like Mac OS X) AppleWebKit/605.1.15 (KHTML, like Gecko) GSA/137.2.345735309 Mobile/15E148 Safari/604.1"
46.208.182.247 - - [20/Feb/2021:11:12:09 +0100] "GET /templates/Pixame_v1/images/Bottom_texture.jpg HTTP/1.1" 200 56290 "http://www.wonder-geek.com/gorjuss-lockable-journal-with-heart-shaped-lock-little-wings-p-50951.html" "Mozilla/5.0 (iPhone; CPU iPhone OS 14_0 like Mac OS X) AppleWebKit/605.1.15 (KHTML, like Gecko) GSA/137.2.345735309 Mobile/15E148 Safari/604.1"
147.92.153.2 - - [20/Feb/2021:11:15:27 +0100] "GET /images/big_prod_1/9316188081139b.jpg HTTP/1.1" 200 142255 "-" "Mozilla/5.0 (compatible; Linespider/1.1; +https://lin.ee/4dwXkTH)"
66.249.69.166 - - [20/Feb/2021:11:16:13 +0100] "GET /images/mini_prod/3014627954421.jpg HTTP/1.1" 200 4424 "-" "Googlebot-Image/1.0"
157.55.39.32 - - [20/Feb/2021:11:16:17 +0100] "GET /robots.txt HTTP/1.1" 200 2438 "-" "Mozilla/5.0 (compatible; bingbot/2.0; +http://www.bing.com/bingbot.htm)"
147.92.153.4 - - [20/Feb/2021:11:17:50 +0100] "GET /images/big_prod/8719497610884.jpg HTTP/1.1" 200 71468 "-" "Mozilla/5.0 (compatible; Linespider/1.1; +https://lin.ee/4dwXkTH)"
157.55.39.255 - - [20/Feb/2021:11:18:28 +0100] "GET /highslide/highslide.js HTTP/1.1" 200 42909 "-" "Mozilla/5.0 (compatible; bingbot/2.0; +http://www.bing.com/bingbot.htm)"
216.244.66.242 - - [20/Feb/2021:11:18:43 +0100] "GET /images/4025055094251.jpg HTTP/1.1" 200 39110 "-" "Mozilla/5.0 (compatible; DotBot/1.1; http://www.opensiteexplorer.org/dotbot, help@moz.com)"
106.11.214.211 - - [20/Feb/2021:11:18:59 +0100] "GET /images/mini_prod/8424346352944.jpg HTTP/1.1" 200 5430 "-" "python-requests/2.25.1"
157.55.39.246 - - [20/Feb/2021:11:24:46 +0100] "GET /js/jquery.js HTTP/1.1" 200 54075 "-" "Mozilla/5.0 (compatible; bingbot/2.0; +http://www.bing.com/bingbot.htm)"
66.249.69.164 - - [20/Feb/2021:11:26:13 +0100] "GET /images/mini_prod/3700572751719B.jpg HTTP/1.1" 200 4579 "-" "Googlebot-Image/1.0"
66.249.69.164 - - [20/Feb/2021:11:28:19 +0100] "GET /images/mini_prod/9349878007553.jpg HTTP/1.1" 200 5064 "-" "Googlebot-Image/1.0"
66.249.69.166 - - [20/Feb/2021:11:36:13 +0100] "GET /images/mini_prod/1399984251638.jpg HTTP/1.1" 200 7349 "-" "Googlebot-Image/1.0"
114.119.151.113 - - [20/Feb/2021:11:36:50 +0100] "GET /images/big_prod_1/8424001516940N.jpg HTTP/1.1" 200 207255 "-" "Mozilla/5.0 (Linux; Android 7.0;) AppleWebKit/537.36 (KHTML, like Gecko) Mobile Safari/537.36 (compatible; PetalBot;+https://aspiegel.com/petalbot)"
5.255.231.71 - - [20/Feb/2021:11:38:05 +0100] "GET /robots.txt HTTP/1.1" 200 2438 "-" "Mozilla/5.0 (compatible; YandexBot/3.0; +http://yandex.com/bots)"
185.191.171.23 - - [20/Feb/2021:11:38:17 +0100] "GET /robots.txt HTTP/1.1" 200 2438 "-" "Mozilla/5.0 (compatible; SemrushBot/7~bl; +http://www.semrush.com/bot.html)"
157.55.39.159 - - [20/Feb/2021:11:38:59 +0100] "GET /images/4999913831596.jpg HTTP/1.1" 200 25265 "-" "Mozilla/5.0 (Windows NT 6.1; WOW64) AppleWebKit/534+ (KHTML, like Gecko) BingPreview/1.0b"
157.55.39.170 - - [20/Feb/2021:11:40:30 +0100] "GET /robots.txt HTTP/1.1" 200 2438 "-" "Mozilla/5.0 (compatible; bingbot/2.0; +http://www.bing.com/bingbot.htm)"
157.55.39.246 - - [20/Feb/2021:11:44:27 +0100] "GET /js/jquery.js HTTP/1.1" 200 54075 "-" "Mozilla/5.0 (compatible; bingbot/2.0; +http://www.bing.com/bingbot.htm)"
157.55.39.189 - - [20/Feb/2021:11:44:31 +0100] "GET /mondial_relay/js/jquery-1.3.2.min.js HTTP/1.1" 200 57254 "-" "Mozilla/5.0 (compatible; bingbot/2.0; +http://www.bing.com/bingbot.htm)"
157.55.39.159 - - [20/Feb/2021:11:44:36 +0100] "GET /js/jquery.jqzoom.js HTTP/1.1" 200 4761 "-" "Mozilla/5.0 (compatible; bingbot/2.0; +http://www.bing.com/bingbot.htm)"
157.55.39.255 - - [20/Feb/2021:11:45:05 +0100] "GET /highslide/highslide.js HTTP/1.1" 200 42909 "-" "Mozilla/5.0 (compatible; bingbot/2.0; +http://www.bing.com/bingbot.htm)"
66.249.69.166 - - [20/Feb/2021:11:46:13 +0100] "GET /images/mini_prod/3700572731667.jpg HTTP/1.1" 200 4646 "-" "Googlebot-Image/1.0"
216.18.204.215 - - [20/Feb/2021:11:47:22 +0100] "GET /robots.txt HTTP/1.1" 200 2438 "-" "Mozilla/5.0 (compatible; Adsbot/3.1)"
157.55.39.246 - - [20/Feb/2021:11:48:48 +0100] "GET /js/jquery.js HTTP/1.1" 200 54075 "-" "Mozilla/5.0 (compatible; bingbot/2.0; +http://www.bing.com/bingbot.htm)"
157.55.39.246 - - [20/Feb/2021:11:48:49 +0100] "GET /js/jquery.js HTTP/1.1" 200 54075 "-" "Mozilla/5.0 (compatible; bingbot/2.0; +http://www.bing.com/bingbot.htm)"
157.55.39.246 - - [20/Feb/2021:11:52:58 +0100] "GET /js/jquery.js HTTP/1.1" 200 54075 "-" "Mozilla/5.0 (compatible; bingbot/2.0; +http://www.bing.com/bingbot.htm)"
157.55.39.189 - - [20/Feb/2021:11:53:02 +0100] "GET /mondial_relay/js/jquery-1.3.2.min.js HTTP/1.1" 200 57254 "-" "Mozilla/5.0 (compatible; bingbot/2.0; +http://www.bing.com/bingbot.htm)"
157.55.39.159 - - [20/Feb/2021:11:53:08 +0100] "GET /js/jquery.jqzoom.js HTTP/1.1" 200 4761 "-" "Mozilla/5.0 (compatible; bingbot/2.0; +http://www.bing.com/bingbot.htm)"
157.55.39.255 - - [20/Feb/2021:11:53:22 +0100] "GET /highslide/highslide.js HTTP/1.1" 200 42909 "-" "Mozilla/5.0 (compatible; bingbot/2.0; +http://www.bing.com/bingbot.htm)"
66.249.69.164 - - [20/Feb/2021:11:56:13 +0100] "GET /images/mini_prod/3700572738178.jpg HTTP/1.1" 200 5692 "-" "Googlebot-Image/1.0"
216.244.66.242 - - [20/Feb/2021:12:00:27 +0100] "GET /robots.txt HTTP/1.1" 200 2438 "-" "Mozilla/5.0 (compatible; DotBot/1.1; http://www.opensiteexplorer.org/dotbot, help@moz.com)"
92.7.191.246 - - [20/Feb/2021:12:01:35 +0100] "GET /templates/Pixame_v1/stylesheet.css HTTP/1.1" 200 56057 "http://www.wonder-geek.com/little-prince-money-p-45847.html" "Mozilla/5.0 (Linux; Android 8.1.0; moto e5 play Build/OPGS28.54-53-2) AppleWebKit/537.36 (KHTML, like Gecko) Chrome/88.0.4324.181 Mobile Safari/537.36"
92.7.191.246 - - [20/Feb/2021:12:01:35 +0100] "GET /js/jquery.jqzoom.js HTTP/1.1" 200 4761 "http://www.wonder-geek.com/little-prince-money-p-45847.html" "Mozilla/5.0 (Linux; Android 8.1.0; moto e5 play Build/OPGS28.54-53-2) AppleWebKit/537.36 (KHTML, like Gecko) Chrome/88.0.4324.181 Mobile Safari/537.36"
92.7.191.246 - - [20/Feb/2021:12:01:35 +0100] "GET /highslide/highslide.js HTTP/1.1" 200 42909 "http://www.wonder-geek.com/little-prince-money-p-45847.html" "Mozilla/5.0 (Linux; Android 8.1.0; moto e5 play Build/OPGS28.54-53-2) AppleWebKit/537.36 (KHTML, like Gecko) Chrome/88.0.4324.181 Mobile Safari/537.36"
92.7.191.246 - - [20/Feb/2021:12:01:35 +0100] "GET /js/jquery.js HTTP/1.1" 200 54075 "http://www.wonder-geek.com/little-prince-money-p-45847.html" "Mozilla/5.0 (Linux; Android 8.1.0; moto e5 play Build/OPGS28.54-53-2) AppleWebKit/537.36 (KHTML, like Gecko) Chrome/88.0.4324.181 Mobile Safari/537.36"
92.7.191.246 - - [20/Feb/2021:12:01:35 +0100] "GET /mondial_relay/js/jquery-1.3.2.min.js HTTP/1.1" 200 57254 "http://www.wonder-geek.com/little-prince-money-p-45847.html" "Mozilla/5.0 (Linux; Android 8.1.0; moto e5 play Build/OPGS28.54-53-2) AppleWebKit/537.36 (KHTML, like Gecko) Chrome/88.0.4324.181 Mobile Safari/537.36"
92.7.191.246 - - [20/Feb/2021:12:01:35 +0100] "GET /templates/Pixame_v1/images/icon_accueil2.png HTTP/1.1" 200 1137 "http://www.wonder-geek.com/little-prince-money-p-45847.html" "Mozilla/5.0 (Linux; Android 8.1.0; moto e5 play Build/OPGS28.54-53-2) AppleWebKit/537.36 (KHTML, like Gecko) Chrome/88.0.4324.181 Mobile Safari/537.36"
92.7.191.246 - - [20/Feb/2021:12:01:35 +0100] "GET /templates/Pixame_v1/images/buttons/english/button_in_cart.gif HTTP/1.1" 200 1212 "http://www.wonder-geek.com/little-prince-money-p-45847.html" "Mozilla/5.0 (Linux; Android 8.1.0; moto e5 play Build/OPGS28.54-53-2) AppleWebKit/537.36 (KHTML, like Gecko) Chrome/88.0.4324.181 Mobile Safari/537.36"
92.7.191.246 - - [20/Feb/2021:12:01:35 +0100] "GET /images/big_prod/3453131143226.jpg HTTP/1.1" 200 91418 "http://www.wonder-geek.com/little-prince-money-p-45847.html" "Mozilla/5.0 (Linux; Android 8.1.0; moto e5 play Build/OPGS28.54-53-2) AppleWebKit/537.36 (KHTML, like Gecko) Chrome/88.0.4324.181 Mobile Safari/537.36"
92.7.191.246 - - [20/Feb/2021:12:01:35 +0100] "GET /templates/Pixame_v1/images/Bottom_texture.jpg HTTP/1.1" 200 56290 "http://www.wonder-geek.com/templates/Pixame_v1/stylesheet.css" "Mozilla/5.0 (Linux; Android 8.1.0; moto e5 play Build/OPGS28.54-53-2) AppleWebKit/537.36 (KHTML, like Gecko) Chrome/88.0.4324.181 Mobile Safari/537.36"
92.7.191.246 - - [20/Feb/2021:12:01:35 +0100] "GET /templates/Pixame_v1/images/header.png HTTP/1.1" 200 70245 "http://www.wonder-geek.com/templates/Pixame_v1/stylesheet.css" "Mozilla/5.0 (Linux; Android 8.1.0; moto e5 play Build/OPGS28.54-53-2) AppleWebKit/537.36 (KHTML, like Gecko) Chrome/88.0.4324.181 Mobile Safari/537.36"
92.7.191.246 - - [20/Feb/2021:12:01:35 +0100] "GET /templates/Pixame_v1/images/header-object.png HTTP/1.1" 200 106050 "http://www.wonder-geek.com/templates/Pixame_v1/stylesheet.css" "Mozilla/5.0 (Linux; Android 8.1.0; moto e5 play Build/OPGS28.54-53-2) AppleWebKit/537.36 (KHTML, like Gecko) Chrome/88.0.4324.181 Mobile Safari/537.36"
92.7.191.246 - - [20/Feb/2021:12:01:35 +0100] "GET /templates/Pixame_v1/images/nav.png HTTP/1.1" 200 1283 "http://www.wonder-geek.com/templates/Pixame_v1/stylesheet.css" "Mozilla/5.0 (Linux; Android 8.1.0; moto e5 play Build/OPGS28.54-53-2) AppleWebKit/537.36 (KHTML, like Gecko) Chrome/88.0.4324.181 Mobile Safari/537.36"
92.7.191.246 - - [20/Feb/2021:12:01:36 +0100] "GET /design/productsenstock.png HTTP/1.1" 200 4743 "http://www.wonder-geek.com/templates/Pixame_v1/stylesheet.css" "Mozilla/5.0 (Linux; Android 8.1.0; moto e5 play Build/OPGS28.54-53-2) AppleWebKit/537.36 (KHTML, like Gecko) Chrome/88.0.4324.181 Mobile Safari/537.36"
92.7.191.246 - - [20/Feb/2021:12:01:36 +0100] "GET /templates/Pixame_v1/images/Middle_texture.jpg HTTP/1.1" 200 249620 "http://www.wonder-geek.com/templates/Pixame_v1/stylesheet.css" "Mozilla/5.0 (Linux; Android 8.1.0; moto e5 play Build/OPGS28.54-53-2) AppleWebKit/537.36 (KHTML, like Gecko) Chrome/88.0.4324.181 Mobile Safari/537.36"
92.7.191.246 - - [20/Feb/2021:12:01:36 +0100] "GET /highslide/graphics/outlines/drop-shadow.png HTTP/1.1" 200 2022 "http://www.wonder-geek.com/little-prince-money-p-45847.html" "Mozilla/5.0 (Linux; Android 8.1.0; moto e5 play Build/OPGS28.54-53-2) AppleWebKit/537.36 (KHTML, like Gecko) Chrome/88.0.4324.181 Mobile Safari/537.36"
92.7.191.246 - - [20/Feb/2021:12:01:36 +0100] "GET /favicon.ico HTTP/1.1" 200 1591 "http://www.wonder-geek.com/little-prince-money-p-45847.html" "Mozilla/5.0 (Linux; Android 8.1.0; moto e5 play Build/OPGS28.54-53-2) AppleWebKit/537.36 (KHTML, like Gecko) Chrome/88.0.4324.181 Mobile Safari/537.36"
66.249.93.38 - - [20/Feb/2021:12:01:37 +0100] "GET /templates/Pixame_v1/stylesheet.css HTTP/1.1" 200 56057 "http://www.wonder-geek.com/little-prince-money-p-45847.html" "Mozilla/5.0 (Linux; Android 7.0; SM-G930V Build/NRD90M) AppleWebKit/537.36 (KHTML, like Gecko) Chrome/59.0.3071.125 Mobile Safari/537.36 (compatible; Google-Read-Aloud; +https://support.google.com/webmasters/answer/1061943)"
66.249.93.34 - - [20/Feb/2021:12:01:37 +0100] "GET /js/jquery.jqzoom.js HTTP/1.1" 200 4761 "http://www.wonder-geek.com/little-prince-money-p-45847.html" "Mozilla/5.0 (Linux; Android 7.0; SM-G930V Build/NRD90M) AppleWebKit/537.36 (KHTML, like Gecko) Chrome/59.0.3071.125 Mobile Safari/537.36 (compatible; Google-Read-Aloud; +https://support.google.com/webmasters/answer/1061943)"
66.249.93.34 - - [20/Feb/2021:12:01:37 +0100] "GET /highslide/highslide.js HTTP/1.1" 200 42909 "http://www.wonder-geek.com/little-prince-money-p-45847.html" "Mozilla/5.0 (Linux; Android 7.0; SM-G930V Build/NRD90M) AppleWebKit/537.36 (KHTML, like Gecko) Chrome/59.0.3071.125 Mobile Safari/537.36 (compatible; Google-Read-Aloud; +https://support.google.com/webmasters/answer/1061943)"
66.249.93.34 - - [20/Feb/2021:12:01:37 +0100] "GET /mondial_relay/js/jquery-1.3.2.min.js HTTP/1.1" 200 57254 "http://www.wonder-geek.com/little-prince-money-p-45847.html" "Mozilla/5.0 (Linux; Android 7.0; SM-G930V Build/NRD90M) AppleWebKit/537.36 (KHTML, like Gecko) Chrome/59.0.3071.125 Mobile Safari/537.36 (compatible; Google-Read-Aloud; +https://support.google.com/webmasters/answer/1061943)"
66.249.93.38 - - [20/Feb/2021:12:01:37 +0100] "GET /js/jquery.js HTTP/1.1" 200 54075 "http://www.wonder-geek.com/little-prince-money-p-45847.html" "Mozilla/5.0 (Linux; Android 7.0; SM-G930V Build/NRD90M) AppleWebKit/537.36 (KHTML, like Gecko) Chrome/59.0.3071.125 Mobile Safari/537.36 (compatible; Google-Read-Aloud; +https://support.google.com/webmasters/answer/1061943)"
66.249.83.95 - - [20/Feb/2021:12:01:38 +0100] "GET /mondial_relay/js/jquery-1.3.2.min.js HTTP/1.1" 200 57254 "http://www.wonder-geek.com/little-prince-money-p-45847.html" "Mozilla/5.0 (Linux; Android 4.2.1; en-us; Nexus 5 Build/JOP40D) AppleWebKit/535.19 (KHTML, like Gecko; googleweblight) Chrome/38.0.1025.166 Mobile Safari/535.19"
66.249.83.66 - - [20/Feb/2021:12:01:38 +0100] "GET /js/jquery.jqzoom.js HTTP/1.1" 200 4761 "http://www.wonder-geek.com/little-prince-money-p-45847.html" "Mozilla/5.0 (Linux; Android 4.2.1; en-us; Nexus 5 Build/JOP40D) AppleWebKit/535.19 (KHTML, like Gecko; googleweblight) Chrome/38.0.1025.166 Mobile Safari/535.19"
66.249.83.66 - - [20/Feb/2021:12:01:38 +0100] "GET /js/jquery.js HTTP/1.1" 200 54075 "http://www.wonder-geek.com/little-prince-money-p-45847.html" "Mozilla/5.0 (Linux; Android 4.2.1; en-us; Nexus 5 Build/JOP40D) AppleWebKit/535.19 (KHTML, like Gecko; googleweblight) Chrome/38.0.1025.166 Mobile Safari/535.19"
66.249.83.66 - - [20/Feb/2021:12:01:39 +0100] "GET /highslide/highslide.js HTTP/1.1" 200 42909 "http://www.wonder-geek.com/little-prince-money-p-45847.html" "Mozilla/5.0 (Linux; Android 4.2.1; en-us; Nexus 5 Build/JOP40D) AppleWebKit/535.19 (KHTML, like Gecko; googleweblight) Chrome/38.0.1025.166 Mobile Safari/535.19"
66.249.83.95 - - [20/Feb/2021:12:01:39 +0100] "GET /templates/Pixame_v1/stylesheet.css HTTP/1.1" 200 56057 "http://www.wonder-geek.com/little-prince-money-p-45847.html" "Mozilla/5.0 (Linux; Android 4.2.1; en-us; Nexus 5 Build/JOP40D) AppleWebKit/535.19 (KHTML, like Gecko; googleweblight) Chrome/38.0.1025.166 Mobile Safari/535.19"
66.249.83.64 - - [20/Feb/2021:12:01:39 +0100] "GET /templates/Pixame_v1/images/Bottom_texture.jpg HTTP/1.1" 200 56290 "http://www.wonder-geek.com/templates/Pixame_v1/stylesheet.css" "Mozilla/5.0 (Linux; Android 4.2.1; en-us; Nexus 5 Build/JOP40D) AppleWebKit/535.19 (KHTML, like Gecko; googleweblight) Chrome/38.0.1025.166 Mobile Safari/535.19"
66.249.83.95 - - [20/Feb/2021:12:01:39 +0100] "GET /templates/Pixame_v1/images/buttons/english/button_in_cart.gif HTTP/1.1" 200 1212 "http://www.wonder-geek.com/little-prince-money-p-45847.html" "Mozilla/5.0 (Linux; Android 4.2.1; en-us; Nexus 5 Build/JOP40D) AppleWebKit/535.19 (KHTML, like Gecko; googleweblight) Chrome/38.0.1025.166 Mobile Safari/535.19"
66.249.83.64 - - [20/Feb/2021:12:01:39 +0100] "GET /templates/Pixame_v1/images/nav.png HTTP/1.1" 200 1283 "http://www.wonder-geek.com/templates/Pixame_v1/stylesheet.css" "Mozilla/5.0 (Linux; Android 4.2.1; en-us; Nexus 5 Build/JOP40D) AppleWebKit/535.19 (KHTML, like Gecko; googleweblight) Chrome/38.0.1025.166 Mobile Safari/535.19"
66.249.83.95 - - [20/Feb/2021:12:01:39 +0100] "GET /templates/Pixame_v1/images/icon_accueil2.png HTTP/1.1" 200 1137 "http://www.wonder-geek.com/little-prince-money-p-45847.html" "Mozilla/5.0 (Linux; Android 4.2.1; en-us; Nexus 5 Build/JOP40D) AppleWebKit/535.19 (KHTML, like Gecko; googleweblight) Chrome/38.0.1025.166 Mobile Safari/535.19"
66.249.83.95 - - [20/Feb/2021:12:01:39 +0100] "GET /templates/Pixame_v1/images/header-object.png HTTP/1.1" 200 106050 "http://www.wonder-geek.com/templates/Pixame_v1/stylesheet.css" "Mozilla/5.0 (Linux; Android 4.2.1; en-us; Nexus 5 Build/JOP40D) AppleWebKit/535.19 (KHTML, like Gecko; googleweblight) Chrome/38.0.1025.166 Mobile Safari/535.19"
66.249.83.64 - - [20/Feb/2021:12:01:39 +0100] "GET /templates/Pixame_v1/images/header.png HTTP/1.1" 200 70245 "http://www.wonder-geek.com/templates/Pixame_v1/stylesheet.css" "Mozilla/5.0 (Linux; Android 4.2.1; en-us; Nexus 5 Build/JOP40D) AppleWebKit/535.19 (KHTML, like Gecko; googleweblight) Chrome/38.0.1025.166 Mobile Safari/535.19"
66.249.83.64 - - [20/Feb/2021:12:01:39 +0100] "GET /images/big_prod/3453131143226.jpg HTTP/1.1" 200 91418 "http://www.wonder-geek.com/little-prince-money-p-45847.html" "Mozilla/5.0 (Linux; Android 4.2.1; en-us; Nexus 5 Build/JOP40D) AppleWebKit/535.19 (KHTML, like Gecko; googleweblight) Chrome/38.0.1025.166 Mobile Safari/535.19"
66.249.83.66 - - [20/Feb/2021:12:01:39 +0100] "GET /templates/Pixame_v1/images/Middle_texture.jpg HTTP/1.1" 200 249620 "http://www.wonder-geek.com/templates/Pixame_v1/stylesheet.css" "Mozilla/5.0 (Linux; Android 4.2.1; en-us; Nexus 5 Build/JOP40D) AppleWebKit/535.19 (KHTML, like Gecko; googleweblight) Chrome/38.0.1025.166 Mobile Safari/535.19"
66.249.83.95 - - [20/Feb/2021:12:01:39 +0100] "GET /design/productsenstock.png HTTP/1.1" 200 4743 "http://www.wonder-geek.com/templates/Pixame_v1/stylesheet.css" "Mozilla/5.0 (Linux; Android 4.2.1; en-us; Nexus 5 Build/JOP40D) AppleWebKit/535.19 (KHTML, like Gecko; googleweblight) Chrome/38.0.1025.166 Mobile Safari/535.19"
66.249.83.95 - - [20/Feb/2021:12:01:39 +0100] "GET /highslide/graphics/outlines/drop-shadow.png HTTP/1.1" 200 2022 "http://www.wonder-geek.com/little-prince-money-p-45847.html" "Mozilla/5.0 (Linux; Android 4.2.1; en-us; Nexus 5 Build/JOP40D) AppleWebKit/535.19 (KHTML, like Gecko; googleweblight) Chrome/38.0.1025.166 Mobile Safari/535.19"
192.0.99.227 - - [20/Feb/2021:12:05:45 +0100] "GET /images/big_prod_1/b8435465010004.jpg HTTP/1.1" 200 127713 "-" "Photon/1.0"
66.249.69.166 - - [20/Feb/2021:12:06:13 +0100] "GET /images/mini_prod/8718291503149.jpg HTTP/1.1" 200 8229 "-" "Googlebot-Image/1.0"
185.191.171.34 - - [20/Feb/2021:12:06:24 +0100] "GET /robots.txt HTTP/1.1" 200 2438 "-" "Mozilla/5.0 (compatible; SemrushBot/7~bl; +http://www.semrush.com/bot.html)"
157.55.39.246 - - [20/Feb/2021:12:07:11 +0100] "GET /js/jquery.js HTTP/1.1" 200 54075 "-" "Mozilla/5.0 (compatible; bingbot/2.0; +http://www.bing.com/bingbot.htm)"
157.55.39.246 - - [20/Feb/2021:12:07:11 +0100] "GET /js/jquery.js HTTP/1.1" 200 54075 "-" "Mozilla/5.0 (compatible; bingbot/2.0; +http://www.bing.com/bingbot.htm)"
114.119.150.15 - - [20/Feb/2021:12:09:55 +0100] "GET /images/big_prod/3612875120881.jpg HTTP/1.1" 200 116189 "-" "Mozilla/5.0 (Linux; Android 7.0;) AppleWebKit/537.36 (KHTML, like Gecko) Mobile Safari/537.36 (compatible; PetalBot;+https://aspiegel.com/petalbot)"
157.55.39.159 - - [20/Feb/2021:12:14:56 +0100] "GET /js/jquery.jqzoom.js HTTP/1.1" 200 4761 "-" "Mozilla/5.0 (compatible; bingbot/2.0; +http://www.bing.com/bingbot.htm)"
216.244.66.242 - - [20/Feb/2021:12:15:26 +0100] "GET /images/1126451104599.jpg HTTP/1.1" 200 41079 "-" "Mozilla/5.0 (compatible; DotBot/1.1; http://www.opensiteexplorer.org/dotbot, help@moz.com)"
66.249.69.162 - - [20/Feb/2021:12:16:13 +0100] "GET /images/mini_prod/8433933279762.jpg HTTP/1.1" 200 6672 "-" "Googlebot-Image/1.0"
66.249.69.166 - - [20/Feb/2021:12:26:13 +0100] "GET /images/big_prod_2/8424346256662c.jpg HTTP/1.1" 200 190702 "-" "Googlebot-Image/1.0"
114.119.144.233 - - [20/Feb/2021:12:27:16 +0100] "GET /images/mini_prod/3700516221544.jpg HTTP/1.1" 200 12631 "-" "Mozilla/5.0 (Linux; Android 7.0;) AppleWebKit/537.36 (KHTML, like Gecko) Mobile Safari/537.36 (compatible; PetalBot;+https://aspiegel.com/petalbot)"
157.55.39.246 - - [20/Feb/2021:12:29:12 +0100] "GET /js/jquery.js HTTP/1.1" 200 54075 "-" "Mozilla/5.0 (compatible; bingbot/2.0; +http://www.bing.com/bingbot.htm)"
157.55.39.246 - - [20/Feb/2021:12:29:13 +0100] "GET /js/jquery.js HTTP/1.1" 200 54075 "-" "Mozilla/5.0 (compatible; bingbot/2.0; +http://www.bing.com/bingbot.htm)"
185.191.171.40 - - [20/Feb/2021:12:33:33 +0100] "GET /robots.txt HTTP/1.1" 200 2438 "-" "Mozilla/5.0 (compatible; SemrushBot/7~bl; +http://www.semrush.com/bot.html)"
54.236.1.11 - - [20/Feb/2021:12:34:03 +0100] "GET /images/8435306245947.jpg HTTP/1.1" 200 129141 "-" "Mozilla/5.0 (compatible; Pinterestbot/1.0; +http://www.pinterest.com/bot.html)"
66.249.69.166 - - [20/Feb/2021:12:36:13 +0100] "GET /images/mini_prod/DSCN0574.gif HTTP/1.1" 200 14226 "-" "Googlebot-Image/1.0"
66.249.69.162 - - [20/Feb/2021:12:36:36 +0100] "GET /images/mini_prod/5051276250106.jpg HTTP/1.1" 200 7624 "-" "Googlebot-Image/1.0"
66.160.140.183 - - [20/Feb/2021:12:36:37 +0100] "GET /robots.txt HTTP/1.1" 200 2438 "-" "The Knowledge AI"
74.125.208.4 - - [20/Feb/2021:12:36:57 +0100] "GET /images/big_prod_1/TASSENMAGNET.jpg HTTP/1.1" 200 82024 "-" "Mozilla/5.0 (Windows NT 5.1; rv:11.0) Gecko Firefox/11.0 (via ggpht.com GoogleImageProxy)"
66.249.69.162 - - [20/Feb/2021:12:36:58 +0100] "GET /images/8004332863250.jpg HTTP/1.1" 200 32730 "-" "Googlebot-Image/1.0"
88.246.76.236 - - [20/Feb/2021:12:36:59 +0100] "GET /templates/Pixame_v1/stylesheet.css HTTP/1.1" 200 56057 "http://www.wonder-geek.com/magnet-happy-tassen-p-47561.html" "Mozilla/5.0 (Macintosh; Intel Mac OS X 10_15_7) AppleWebKit/605.1.15 (KHTML, like Gecko) Version/14.0 Safari/605.1.15"
88.246.76.236 - - [20/Feb/2021:12:36:59 +0100] "GET /js/jquery.jqzoom.js HTTP/1.1" 200 4761 "http://www.wonder-geek.com/magnet-happy-tassen-p-47561.html" "Mozilla/5.0 (Macintosh; Intel Mac OS X 10_15_7) AppleWebKit/605.1.15 (KHTML, like Gecko) Version/14.0 Safari/605.1.15"
88.246.76.236 - - [20/Feb/2021:12:36:59 +0100] "GET /js/jquery.js HTTP/1.1" 200 54075 "http://www.wonder-geek.com/magnet-happy-tassen-p-47561.html" "Mozilla/5.0 (Macintosh; Intel Mac OS X 10_15_7) AppleWebKit/605.1.15 (KHTML, like Gecko) Version/14.0 Safari/605.1.15"
88.246.76.236 - - [20/Feb/2021:12:36:59 +0100] "GET /templates/Pixame_v1/images/icon_accueil2.png HTTP/1.1" 200 1137 "http://www.wonder-geek.com/magnet-happy-tassen-p-47561.html" "Mozilla/5.0 (Macintosh; Intel Mac OS X 10_15_7) AppleWebKit/605.1.15 (KHTML, like Gecko) Version/14.0 Safari/605.1.15"
88.246.76.236 - - [20/Feb/2021:12:36:59 +0100] "GET /highslide/highslide.js HTTP/1.1" 200 42909 "http://www.wonder-geek.com/magnet-happy-tassen-p-47561.html" "Mozilla/5.0 (Macintosh; Intel Mac OS X 10_15_7) AppleWebKit/605.1.15 (KHTML, like Gecko) Version/14.0 Safari/605.1.15"
88.246.76.236 - - [20/Feb/2021:12:36:59 +0100] "GET /mondial_relay/js/jquery-1.3.2.min.js HTTP/1.1" 200 57254 "http://www.wonder-geek.com/magnet-happy-tassen-p-47561.html" "Mozilla/5.0 (Macintosh; Intel Mac OS X 10_15_7) AppleWebKit/605.1.15 (KHTML, like Gecko) Version/14.0 Safari/605.1.15"
88.246.76.236 - - [20/Feb/2021:12:36:59 +0100] "GET /images/big_prod/8422004110165.jpg HTTP/1.1" 200 37670 "http://www.wonder-geek.com/magnet-happy-tassen-p-47561.html" "Mozilla/5.0 (Macintosh; Intel Mac OS X 10_15_7) AppleWebKit/605.1.15 (KHTML, like Gecko) Version/14.0 Safari/605.1.15"
88.246.76.236 - - [20/Feb/2021:12:36:59 +0100] "GET /templates/Pixame_v1/images/buttons/english/button_in_cart.gif HTTP/1.1" 200 1212 "http://www.wonder-geek.com/magnet-happy-tassen-p-47561.html" "Mozilla/5.0 (Macintosh; Intel Mac OS X 10_15_7) AppleWebKit/605.1.15 (KHTML, like Gecko) Version/14.0 Safari/605.1.15"
88.246.76.236 - - [20/Feb/2021:12:36:59 +0100] "GET /templates/Pixame_v1/images/nav.png HTTP/1.1" 200 1283 "http://www.wonder-geek.com/magnet-happy-tassen-p-47561.html" "Mozilla/5.0 (Macintosh; Intel Mac OS X 10_15_7) AppleWebKit/605.1.15 (KHTML, like Gecko) Version/14.0 Safari/605.1.15"
88.246.76.236 - - [20/Feb/2021:12:36:59 +0100] "GET /templates/Pixame_v1/images/Bottom_texture.jpg HTTP/1.1" 200 56290 "http://www.wonder-geek.com/magnet-happy-tassen-p-47561.html" "Mozilla/5.0 (Macintosh; Intel Mac OS X 10_15_7) AppleWebKit/605.1.15 (KHTML, like Gecko) Version/14.0 Safari/605.1.15"
88.246.76.236 - - [20/Feb/2021:12:36:59 +0100] "GET /images/big_prod_1/TASSENMAGNET.jpg HTTP/1.1" 200 82024 "http://www.wonder-geek.com/magnet-happy-tassen-p-47561.html" "Mozilla/5.0 (Macintosh; Intel Mac OS X 10_15_7) AppleWebKit/605.1.15 (KHTML, like Gecko) Version/14.0 Safari/605.1.15"
88.246.76.236 - - [20/Feb/2021:12:36:59 +0100] "GET /design/productsenstock.png HTTP/1.1" 200 4743 "http://www.wonder-geek.com/magnet-happy-tassen-p-47561.html" "Mozilla/5.0 (Macintosh; Intel Mac OS X 10_15_7) AppleWebKit/605.1.15 (KHTML, like Gecko) Version/14.0 Safari/605.1.15"
88.246.76.236 - - [20/Feb/2021:12:36:59 +0100] "GET /templates/Pixame_v1/images/header.png HTTP/1.1" 200 70245 "http://www.wonder-geek.com/magnet-happy-tassen-p-47561.html" "Mozilla/5.0 (Macintosh; Intel Mac OS X 10_15_7) AppleWebKit/605.1.15 (KHTML, like Gecko) Version/14.0 Safari/605.1.15"
88.246.76.236 - - [20/Feb/2021:12:36:59 +0100] "GET /templates/Pixame_v1/images/header-object.png HTTP/1.1" 200 106050 "http://www.wonder-geek.com/magnet-happy-tassen-p-47561.html" "Mozilla/5.0 (Macintosh; Intel Mac OS X 10_15_7) AppleWebKit/605.1.15 (KHTML, like Gecko) Version/14.0 Safari/605.1.15"
88.246.76.236 - - [20/Feb/2021:12:37:00 +0100] "GET /templates/Pixame_v1/images/Middle_texture.jpg HTTP/1.1" 200 249620 "http://www.wonder-geek.com/magnet-happy-tassen-p-47561.html" "Mozilla/5.0 (Macintosh; Intel Mac OS X 10_15_7) AppleWebKit/605.1.15 (KHTML, like Gecko) Version/14.0 Safari/605.1.15"
88.246.76.236 - - [20/Feb/2021:12:37:00 +0100] "GET /highslide/graphics/outlines/drop-shadow.png HTTP/1.1" 200 2022 "http://www.wonder-geek.com/magnet-happy-tassen-p-47561.html" "Mozilla/5.0 (Macintosh; Intel Mac OS X 10_15_7) AppleWebKit/605.1.15 (KHTML, like Gecko) Version/14.0 Safari/605.1.15"
88.246.76.236 - - [20/Feb/2021:12:37:00 +0100] "GET /favicon.ico HTTP/1.1" 200 1591 "http://www.wonder-geek.com/magnet-happy-tassen-p-47561.html" "Mozilla/5.0 (Macintosh; Intel Mac OS X 10_15_7) AppleWebKit/605.1.15 (KHTML, like Gecko) Version/14.0 Safari/605.1.15"
66.249.69.164 - - [20/Feb/2021:12:37:21 +0100] "GET /images/mini_prod/3700344847404.jpg HTTP/1.1" 200 6501 "-" "Googlebot-Image/1.0"
66.249.69.162 - - [20/Feb/2021:12:37:43 +0100] "GET /images/mini_prod/3574642577734.jpg HTTP/1.1" 200 2767 "-" "Googlebot-Image/1.0"
66.249.69.164 - - [20/Feb/2021:12:38:06 +0100] "GET /images/med_prod/3519570205892.jpg HTTP/1.1" 200 54429 "-" "Googlebot-Image/1.0"
66.249.69.164 - - [20/Feb/2021:12:38:29 +0100] "GET /images/mini_prod/000010267585.jpg HTTP/1.1" 200 8586 "-" "Googlebot-Image/1.0"
66.249.69.166 - - [20/Feb/2021:12:39:14 +0100] "GET /images/mini_prod/3700516204158.jpg HTTP/1.1" 200 5019 "-" "Googlebot-Image/1.0"
66.249.69.164 - - [20/Feb/2021:12:39:59 +0100] "GET /images/mini_prod/3574642575785.jpg HTTP/1.1" 200 3756 "-" "Googlebot-Image/1.0"
66.249.69.166 - - [20/Feb/2021:12:40:45 +0100] "GET /images/big_prod_1/8718375751169a.jpg HTTP/1.1" 200 241366 "-" "Googlebot-Image/1.0"
66.249.69.162 - - [20/Feb/2021:12:41:29 +0100] "GET /images/mini_prod/4036113270173.jpg HTTP/1.1" 200 7905 "-" "Googlebot-Image/1.0"
66.249.69.162 - - [20/Feb/2021:12:43:00 +0100] "GET /images/mini_prod/3609810001602050720122.jpg HTTP/1.1" 200 4417 "-" "Googlebot-Image/1.0"
66.249.69.162 - - [20/Feb/2021:12:43:45 +0100] "GET /images/mini_prod/1300001388428.jpg HTTP/1.1" 200 6046 "-" "Googlebot-Image/1.0"
66.249.69.162 - - [20/Feb/2021:12:44:30 +0100] "GET /images/mini_prod/1399984258224.jpg HTTP/1.1" 200 8045 "-" "Googlebot-Image/1.0"
66.249.69.164 - - [20/Feb/2021:12:45:16 +0100] "GET /images/big_prod/6000961.jpg HTTP/1.1" 200 94018 "-" "Googlebot-Image/1.0"
66.249.69.164 - - [20/Feb/2021:12:46:01 +0100] "GET /images/med_prod/9316188016254.jpg HTTP/1.1" 200 108715 "-" "Googlebot-Image/1.0"
66.249.69.162 - - [20/Feb/2021:12:46:46 +0100] "GET /images/mini_prod/1345544513692.jpg HTTP/1.1" 200 7169 "-" "Googlebot-Image/1.0"
66.249.69.166 - - [20/Feb/2021:12:47:31 +0100] "GET /images/mini_prod/028399139606.jpg HTTP/1.1" 200 6837 "-" "Googlebot-Image/1.0"
66.249.69.166 - - [20/Feb/2021:12:48:16 +0100] "GET /images/big_prod/3503420203237.jpg HTTP/1.1" 200 68119 "-" "Googlebot-Image/1.0"
66.249.69.164 - - [20/Feb/2021:12:49:02 +0100] "GET /images/3700815390170.jpg HTTP/1.1" 200 111962 "-" "Googlebot-Image/1.0"
66.249.69.162 - - [20/Feb/2021:12:49:47 +0100] "GET /images/mini_prod/3453131147286.jpg HTTP/1.1" 200 11095 "-" "Googlebot-Image/1.0"
66.249.69.162 - - [20/Feb/2021:12:50:32 +0100] "GET /images/big_prod_1/1328399219544a.jpg HTTP/1.1" 200 76267 "-" "Googlebot-Image/1.0"
66.249.69.166 - - [20/Feb/2021:12:51:17 +0100] "GET /images/mini_prod/1300000111126.jpg HTTP/1.1" 200 6478 "-" "Googlebot-Image/1.0"
216.244.66.242 - - [20/Feb/2021:12:51:45 +0100] "GET /robots.txt HTTP/1.1" 200 2438 "-" "Mozilla/5.0 (compatible; DotBot/1.1; http://www.opensiteexplorer.org/dotbot, help@moz.com)"
66.249.69.162 - - [20/Feb/2021:12:52:03 +0100] "GET /images/3438100338964.jpg HTTP/1.1" 200 35156 "-" "Googlebot-Image/1.0"
66.249.69.164 - - [20/Feb/2021:12:52:48 +0100] "GET /images/mini_prod/b3660173195643.jpg HTTP/1.1" 200 4284 "-" "Googlebot-Image/1.0"
66.249.69.162 - - [20/Feb/2021:12:53:33 +0100] "GET /images/mini_prod/3565750212105.jpg HTTP/1.1" 200 4568 "-" "Googlebot-Image/1.0"
66.249.69.164 - - [20/Feb/2021:12:54:18 +0100] "GET /images/big_prod_1/8433933225530B.jpg HTTP/1.1" 200 154314 "-" "Googlebot-Image/1.0"
66.249.69.164 - - [20/Feb/2021:12:55:03 +0100] "GET /images/mini_prod/8420004225797.jpg HTTP/1.1" 200 4702 "-" "Googlebot-Image/1.0"
66.249.69.162 - - [20/Feb/2021:12:55:49 +0100] "GET /images/big_prod/1384010190821.jpg HTTP/1.1" 200 94197 "-" "Googlebot-Image/1.0"
66.249.70.62 - - [20/Feb/2021:12:56:34 +0100] "GET /images/mini_prod/5600914097445.jpg HTTP/1.1" 200 5869 "-" "Googlebot-Image/1.0"
66.249.69.162 - - [20/Feb/2021:12:57:19 +0100] "GET /images/mini_prod/3560600290760NN.jpg HTTP/1.1" 200 6233 "-" "Googlebot-Image/1.0"
66.249.69.164 - - [20/Feb/2021:12:58:04 +0100] "GET /images/mini_prod/1300000024129NN.jpg HTTP/1.1" 200 3894 "-" "Googlebot-Image/1.0"
66.249.69.162 - - [20/Feb/2021:12:58:49 +0100] "GET /images/mini_prod/3612875117324.jpg HTTP/1.1" 200 8174 "-" "Googlebot-Image/1.0"
157.55.39.189 - - [20/Feb/2021:12:59:06 +0100] "GET /mondial_relay/js/jquery-1.3.2.min.js HTTP/1.1" 200 57254 "-" "Mozilla/5.0 (compatible; bingbot/2.0; +http://www.bing.com/bingbot.htm)"
66.249.69.162 - - [20/Feb/2021:12:59:35 +0100] "GET /images/big_prod_1/828GJ01a.jpg HTTP/1.1" 200 108377 "-" "Googlebot-Image/1.0"
66.249.82.210 - - [20/Feb/2021:13:00:05 +0100] "GET /images/big_prod/8412497489763.jpg HTTP/1.1" 200 66098 "-" "Mozilla/5.0 (Windows NT 5.1; rv:11.0) Gecko Firefox/11.0 (via ggpht.com GoogleImageProxy)"
66.249.69.166 - - [20/Feb/2021:13:00:20 +0100] "GET /images/big_prod_1/8422012494813a.jpg HTTP/1.1" 200 50235 "-" "Googlebot-Image/1.0"
66.249.69.162 - - [20/Feb/2021:13:01:05 +0100] "GET /images/1399984221846.jpg HTTP/1.1" 200 47407 "-" "Googlebot-Image/1.0"
66.249.93.52 - - [20/Feb/2021:13:01:46 +0100] "GET /images/big_prod_1/TASSENMAGNET.jpg HTTP/1.1" 200 82024 "-" "Mozilla/5.0 (Windows NT 5.1; rv:11.0) Gecko Firefox/11.0 (via ggpht.com GoogleImageProxy)"
66.249.69.164 - - [20/Feb/2021:13:01:50 +0100] "GET /images/mini_prod/5415203584991.jpg HTTP/1.1" 200 3290 "-" "Googlebot-Image/1.0"
66.249.69.164 - - [20/Feb/2021:13:02:36 +0100] "GET /images/8028501263726.jpg HTTP/1.1" 200 51486 "-" "Googlebot-Image/1.0"
185.191.171.11 - - [20/Feb/2021:13:03:12 +0100] "GET /robots.txt HTTP/1.1" 200 2438 "-" "Mozilla/5.0 (compatible; SemrushBot/7~bl; +http://www.semrush.com/bot.html)"
66.249.69.164 - - [20/Feb/2021:13:03:21 +0100] "GET /images/big_prod/3520071631295.jpg HTTP/1.1" 200 34977 "-" "Googlebot-Image/1.0"
66.249.69.166 - - [20/Feb/2021:13:04:06 +0100] "GET /images/mini_prod/5415203704276.jpg HTTP/1.1" 200 2065 "-" "Googlebot-Image/1.0"
66.249.69.162 - - [20/Feb/2021:13:04:51 +0100] "GET /images/big_prod/028399186709.jpg HTTP/1.1" 200 29936 "-" "Googlebot-Image/1.0"
66.249.69.166 - - [20/Feb/2021:13:05:36 +0100] "GET /images/mini_prod/1384010201305BB.jpg HTTP/1.1" 200 8676 "-" "Googlebot-Image/1.0"
66.249.69.164 - - [20/Feb/2021:13:06:22 +0100] "GET /images/mini_prod/1384010192030.jpg HTTP/1.1" 200 5623 "-" "Googlebot-Image/1.0"
66.249.69.166 - - [20/Feb/2021:13:07:07 +0100] "GET /images/mini_prod/7446027846802.jpg HTTP/1.1" 200 5199 "-" "Googlebot-Image/1.0"
207.46.13.52 - - [20/Feb/2021:13:07:43 +0100] "GET /js/jquery.masonry.min.js HTTP/1.1" 200 5392 "-" "Mozilla/5.0 (compatible; bingbot/2.0; +http://www.bing.com/bingbot.htm)"
66.249.69.166 - - [20/Feb/2021:13:08:14 +0100] "GET /images/big_prod/8424001353095.jpg HTTP/1.1" 200 52062 "-" "Googlebot-Image/1.0"
157.55.39.246 - - [20/Feb/2021:13:08:26 +0100] "GET /js/jquery.js HTTP/1.1" 200 54075 "-" "Mozilla/5.0 (compatible; bingbot/2.0; +http://www.bing.com/bingbot.htm)"
157.55.39.246 - - [20/Feb/2021:13:08:26 +0100] "GET /js/jquery.js HTTP/1.1" 200 54075 "-" "Mozilla/5.0 (compatible; bingbot/2.0; +http://www.bing.com/bingbot.htm)"
66.249.69.162 - - [20/Feb/2021:13:08:37 +0100] "GET /images/1399984227299.jpg HTTP/1.1" 200 62995 "-" "Googlebot-Image/1.0"
66.249.69.162 - - [20/Feb/2021:13:09:22 +0100] "GET /images/mini_prod/8433933301661.jpg HTTP/1.1" 200 10172 "-" "Googlebot-Image/1.0"
66.249.69.162 - - [20/Feb/2021:13:10:08 +0100] "GET /images/mini_prod/8433933104583.jpg HTTP/1.1" 200 3426 "-" "Googlebot-Image/1.0"
66.249.69.164 - - [20/Feb/2021:13:10:53 +0100] "GET /images/mini_prod/1341689696832.jpg HTTP/1.1" 200 8095 "-" "Googlebot-Image/1.0"
66.249.69.162 - - [20/Feb/2021:13:11:38 +0100] "GET /images/mini_prod/3609810059986.jpg HTTP/1.1" 200 4620 "-" "Googlebot-Image/1.0"
66.249.69.166 - - [20/Feb/2021:13:12:23 +0100] "GET /images/mini_prod/5411854144799.jpg HTTP/1.1" 200 4406 "-" "Googlebot-Image/1.0"
66.249.69.162 - - [20/Feb/2021:13:13:08 +0100] "GET /images/mini_prod/33791.jpg HTTP/1.1" 200 3871 "-" "Googlebot-Image/1.0"
66.249.69.164 - - [20/Feb/2021:13:13:54 +0100] "GET /images/big_prod/8433933123959.jpg HTTP/1.1" 200 159281 "-" "Googlebot-Image/1.0"
157.55.39.189 - - [20/Feb/2021:13:13:57 +0100] "GET /mondial_relay/js/jquery-1.3.2.min.js HTTP/1.1" 200 57254 "-" "Mozilla/5.0 (compatible; bingbot/2.0; +http://www.bing.com/bingbot.htm)"
66.249.69.162 - - [20/Feb/2021:13:14:39 +0100] "GET /images/mini_prod/3453131141130.jpg HTTP/1.1" 200 3855 "-" "Googlebot-Image/1.0"
157.55.39.246 - - [20/Feb/2021:13:14:57 +0100] "GET /js/jquery.js HTTP/1.1" 200 54075 "-" "Mozilla/5.0 (compatible; bingbot/2.0; +http://www.bing.com/bingbot.htm)"
66.249.69.162 - - [20/Feb/2021:13:15:24 +0100] "GET /images/mini_prod/8433933100721.jpg HTTP/1.1" 200 5552 "-" "Googlebot-Image/1.0"
66.249.69.162 - - [20/Feb/2021:13:16:09 +0100] "GET /images/1399984280027.jpg HTTP/1.1" 200 65620 "-" "Googlebot-Image/1.0"
66.249.69.164 - - [20/Feb/2021:13:16:55 +0100] "GET /images/big_prod/3609810089068.jpg HTTP/1.1" 200 55339 "-" "Googlebot-Image/1.0"
157.55.39.246 - - [20/Feb/2021:13:17:07 +0100] "GET /js/jquery.js HTTP/1.1" 200 54075 "-" "Mozilla/5.0 (compatible; bingbot/2.0; +http://www.bing.com/bingbot.htm)"
66.249.69.162 - - [20/Feb/2021:13:17:58 +0100] "GET /images/mini_prod/028399135028.jpg HTTP/1.1" 200 5725 "-" "Googlebot-Image/1.0"
66.249.69.166 - - [20/Feb/2021:13:18:25 +0100] "GET /images/mini_prod/5415203884473.jpg HTTP/1.1" 200 6940 "-" "Googlebot-Image/1.0"
66.249.69.162 - - [20/Feb/2021:13:19:10 +0100] "GET /images/mini_prod/8433933203255.jpg HTTP/1.1" 200 5276 "-" "Googlebot-Image/1.0"
66.249.69.162 - - [20/Feb/2021:13:20:40 +0100] "GET /images/mini_prod/3148422000004.jpg HTTP/1.1" 200 7145 "-" "Googlebot-Image/1.0"
114.119.145.117 - - [20/Feb/2021:13:20:41 +0100] "GET /images/big_prod/8718317668975.jpg HTTP/1.1" 200 44850 "-" "Mozilla/5.0 (Linux; Android 7.0;) AppleWebKit/537.36 (KHTML, like Gecko) Mobile Safari/537.36 (compatible; PetalBot;+https://aspiegel.com/petalbot)"
157.55.39.189 - - [20/Feb/2021:13:20:59 +0100] "GET /images/big_prod/8718657464466.jpg HTTP/1.1" 200 96991 "-" "Mozilla/5.0 (compatible; bingbot/2.0; +http://www.bing.com/bingbot.htm)"
66.249.69.164 - - [20/Feb/2021:13:21:26 +0100] "GET /images/mini_prod/4036113221380.jpg HTTP/1.1" 200 7796 "-" "Googlebot-Image/1.0"
157.55.39.255 - - [20/Feb/2021:13:22:07 +0100] "GET /highslide/highslide.js HTTP/1.1" 200 42909 "-" "Mozilla/5.0 (compatible; bingbot/2.0; +http://www.bing.com/bingbot.htm)"
66.249.69.162 - - [20/Feb/2021:13:22:11 +0100] "GET /images/mini_prod/1399984259894.jpg HTTP/1.1" 200 7045 "-" "Googlebot-Image/1.0"
157.55.39.246 - - [20/Feb/2021:13:22:11 +0100] "GET /js/jquery.js HTTP/1.1" 200 54075 "-" "Mozilla/5.0 (compatible; bingbot/2.0; +http://www.bing.com/bingbot.htm)"
157.55.39.159 - - [20/Feb/2021:13:22:15 +0100] "GET /js/jquery.jqzoom.js HTTP/1.1" 200 4761 "-" "Mozilla/5.0 (compatible; bingbot/2.0; +http://www.bing.com/bingbot.htm)"
157.55.39.189 - - [20/Feb/2021:13:22:22 +0100] "GET /mondial_relay/js/jquery-1.3.2.min.js HTTP/1.1" 200 57254 "-" "Mozilla/5.0 (compatible; bingbot/2.0; +http://www.bing.com/bingbot.htm)"
66.249.69.164 - - [20/Feb/2021:13:23:20 +0100] "GET /images/mini_prod/3520071658261.jpg HTTP/1.1" 200 5953 "-" "Googlebot-Image/1.0"
66.249.69.162 - - [20/Feb/2021:13:23:42 +0100] "GET /images/4036113830056.jpg HTTP/1.1" 200 61620 "-" "Googlebot-Image/1.0"
66.249.69.162 - - [20/Feb/2021:13:24:26 +0100] "GET /images/3681643100752.jpg HTTP/1.1" 200 26252 "-" "Googlebot-Image/1.0"
66.249.69.164 - - [20/Feb/2021:13:25:12 +0100] "GET /images/mini_prod/1028160011918.jpg HTTP/1.1" 200 5211 "-" "Googlebot-Image/1.0"
66.249.69.162 - - [20/Feb/2021:13:25:57 +0100] "GET /images/big_prod_2/1399986107094NN.jpg HTTP/1.1" 200 58273 "-" "Googlebot-Image/1.0"
66.249.69.164 - - [20/Feb/2021:13:26:42 +0100] "GET /images/3281640249920.jpg HTTP/1.1" 200 44218 "-" "Googlebot-Image/1.0"
66.249.69.164 - - [20/Feb/2021:13:27:27 +0100] "GET /images/mini_prod/3560600299466.jpg HTTP/1.1" 200 8536 "-" "Googlebot-Image/1.0"
66.249.69.162 - - [20/Feb/2021:13:28:13 +0100] "GET /images/mini_prod/8422099381334.jpg HTTP/1.1" 200 4622 "-" "Googlebot-Image/1.0"
66.249.69.164 - - [20/Feb/2021:13:28:17 +0100] "GET /images/mini_prod/3700516272690.jpg HTTP/1.1" 200 5953 "-" "Googlebot-Image/1.0"
147.135.193.88 - - [20/Feb/2021:13:28:55 +0100] "GET /images/mini_prod/3700276281796.jpg HTTP/1.1" 200 8279 "-" "-"
147.135.193.88 - - [20/Feb/2021:13:28:55 +0100] "GET /images/mini_prod/8437105059923.jpg HTTP/1.1" 200 6827 "-" "-"
147.135.193.88 - - [20/Feb/2021:13:28:55 +0100] "GET /images/mini_prod/3609819998422.jpg HTTP/1.1" 200 7030 "-" "-"
147.135.193.88 - - [20/Feb/2021:13:28:55 +0100] "GET /images/mini_prod/3776076281717.jpg HTTP/1.1" 200 7788 "-" "-"
66.249.69.162 - - [20/Feb/2021:13:28:58 +0100] "GET /images/big_prod/8718317669521.jpg HTTP/1.1" 200 79816 "-" "Googlebot-Image/1.0"
66.249.69.166 - - [20/Feb/2021:13:29:43 +0100] "GET /images/mini_prod/4036113221748.jpg HTTP/1.1" 200 10638 "-" "Googlebot-Image/1.0"
185.191.171.6 - - [20/Feb/2021:13:29:58 +0100] "GET /robots.txt HTTP/1.1" 200 2438 "-" "Mozilla/5.0 (compatible; SemrushBot/7~bl; +http://www.semrush.com/bot.html)"
114.119.145.117 - - [20/Feb/2021:13:30:11 +0100] "GET /images/mini_prod/8012052070612.jpg HTTP/1.1" 200 5013 "-" "Mozilla/5.0 (Linux; Android 7.0;) AppleWebKit/537.36 (KHTML, like Gecko) Mobile Safari/537.36 (compatible; PetalBot;+https://aspiegel.com/petalbot)"
66.249.69.166 - - [20/Feb/2021:13:30:28 +0100] "GET /images/mini_prod/3453131155205.jpg HTTP/1.1" 200 7807 "-" "Googlebot-Image/1.0"
66.249.69.166 - - [20/Feb/2021:13:31:13 +0100] "GET /images/mini_prod/3700276218624.jpg HTTP/1.1" 200 5569 "-" "Googlebot-Image/1.0"
66.249.69.162 - - [20/Feb/2021:13:31:59 +0100] "GET /images/mini_prod/8718375750117BB.jpg HTTP/1.1" 200 4217 "-" "Googlebot-Image/1.0"
66.249.69.162 - - [20/Feb/2021:13:32:44 +0100] "GET /images/mini_prod/1384010200124.jpg HTTP/1.1" 200 8753 "-" "Googlebot-Image/1.0"
157.55.39.189 - - [20/Feb/2021:13:32:50 +0100] "GET /mondial_relay/js/jquery-1.3.2.min.js HTTP/1.1" 200 57254 "-" "Mozilla/5.0 (compatible; bingbot/2.0; +http://www.bing.com/bingbot.htm)"
157.55.39.246 - - [20/Feb/2021:13:33:00 +0100] "GET /js/jquery.js HTTP/1.1" 200 54075 "-" "Mozilla/5.0 (compatible; bingbot/2.0; +http://www.bing.com/bingbot.htm)"
66.249.69.162 - - [20/Feb/2021:13:33:31 +0100] "GET /images/mini_prod/045544928540.jpg HTTP/1.1" 200 6090 "-" "Googlebot-Image/1.0"
66.249.69.164 - - [20/Feb/2021:13:34:00 +0100] "GET /images/mini_prod/8422010052213.jpg HTTP/1.1" 200 8251 "-" "Googlebot-Image/1.0"
66.249.69.162 - - [20/Feb/2021:13:34:14 +0100] "GET /images/big_prod/5051276373102.jpg HTTP/1.1" 200 114760 "-" "Googlebot-Image/1.0"
66.249.69.162 - - [20/Feb/2021:13:34:59 +0100] "GET /images/big_prod/8422010063578.jpg HTTP/1.1" 200 114920 "-" "Googlebot-Image/1.0"
66.249.69.166 - - [20/Feb/2021:13:35:45 +0100] "GET /images/7601019991025.jpg HTTP/1.1" 200 39262 "-" "Googlebot-Image/1.0"
66.249.69.164 - - [20/Feb/2021:13:36:30 +0100] "GET /images/mini_prod/1384010203385.jpg HTTP/1.1" 200 7419 "-" "Googlebot-Image/1.0"
66.249.69.162 - - [20/Feb/2021:13:37:15 +0100] "GET /images/mini_prod/8424346256051.jpg HTTP/1.1" 200 5661 "-" "Googlebot-Image/1.0"
66.249.69.162 - - [20/Feb/2021:13:38:00 +0100] "GET /images/8422001018228.jpg HTTP/1.1" 200 16265 "-" "Googlebot-Image/1.0"
66.249.69.164 - - [20/Feb/2021:13:38:46 +0100] "GET /images/big_prod/3612874109504.jpg HTTP/1.1" 200 85050 "-" "Googlebot-Image/1.0"
66.249.69.162 - - [20/Feb/2021:13:39:31 +0100] "GET /images/mini_prod/8436047821490.jpg HTTP/1.1" 200 7022 "-" "Googlebot-Image/1.0"
66.249.69.162 - - [20/Feb/2021:13:40:16 +0100] "GET /images/mini_prod/50195424346216482.jpg HTTP/1.1" 200 5026 "-" "Googlebot-Image/1.0"
114.119.132.105 - - [20/Feb/2021:13:40:47 +0100] "GET /images/big_prod/3608860236156.jpg HTTP/1.1" 200 108822 "-" "Mozilla/5.0 (Linux; Android 7.0;) AppleWebKit/537.36 (KHTML, like Gecko) Mobile Safari/537.36 (compatible; PetalBot;+https://aspiegel.com/petalbot)"
66.249.69.164 - - [20/Feb/2021:13:41:01 +0100] "GET /images/mini_prod/1345544923521.jpg HTTP/1.1" 200 6124 "-" "Googlebot-Image/1.0"
66.249.69.162 - - [20/Feb/2021:13:41:46 +0100] "GET /images/mini_prod/1341689182328.jpg HTTP/1.1" 200 3111 "-" "Googlebot-Image/1.0"
157.55.39.246 - - [20/Feb/2021:13:42:20 +0100] "GET /js/jquery.js HTTP/1.1" 200 54075 "-" "Mozilla/5.0 (compatible; bingbot/2.0; +http://www.bing.com/bingbot.htm)"
157.55.39.246 - - [20/Feb/2021:13:42:20 +0100] "GET /js/jquery.js HTTP/1.1" 200 54075 "-" "Mozilla/5.0 (compatible; bingbot/2.0; +http://www.bing.com/bingbot.htm)"
66.249.69.164 - - [20/Feb/2021:13:42:39 +0100] "GET /images/7601019995337.jpg HTTP/1.1" 200 41145 "-" "Googlebot-Image/1.0"
216.244.66.242 - - [20/Feb/2021:13:43:10 +0100] "GET /robots.txt HTTP/1.1" 200 2438 "-" "Mozilla/5.0 (compatible; DotBot/1.1; http://www.opensiteexplorer.org/dotbot, help@moz.com)"
66.249.69.162 - - [20/Feb/2021:13:43:17 +0100] "GET /images/big_prod/5415203905505.jpg HTTP/1.1" 200 196534 "-" "Googlebot-Image/1.0"
40.77.191.52 - - [20/Feb/2021:13:43:59 +0100] "GET /templates/Pixame_v1/stylesheet.css HTTP/1.1" 200 56057 "-" "Mozilla/5.0 (Windows NT 6.1; WOW64) AppleWebKit/534+ (KHTML, like Gecko) BingPreview/1.0b"
66.249.69.162 - - [20/Feb/2021:13:44:02 +0100] "GET /images/mini_prod/1399986106059.jpg HTTP/1.1" 200 6139 "-" "Googlebot-Image/1.0"
66.249.69.164 - - [20/Feb/2021:13:44:47 +0100] "GET /images/mini_prod/8424346221325.jpg HTTP/1.1" 200 4576 "-" "Googlebot-Image/1.0"
66.249.69.164 - - [20/Feb/2021:13:45:32 +0100] "GET /images/big_prod_3/d5018997260029.jpg HTTP/1.1" 200 71304 "-" "Googlebot-Image/1.0"
66.249.69.166 - - [20/Feb/2021:13:46:18 +0100] "GET /images/mini_prod/3272760373312.gif HTTP/1.1" 200 10717 "-" "Googlebot-Image/1.0"
66.249.69.166 - - [20/Feb/2021:13:47:03 +0100] "GET /images/mini_prod/3660173159874.jpg HTTP/1.1" 200 10251 "-" "Googlebot-Image/1.0"
66.249.69.164 - - [20/Feb/2021:13:47:58 +0100] "GET /images/mini_prod/5055071741586.jpg HTTP/1.1" 200 5726 "-" "Googlebot-Image/1.0"
66.249.69.164 - - [20/Feb/2021:13:48:34 +0100] "GET /images/big_prod/1384010206959.jpg HTTP/1.1" 200 105331 "-" "Googlebot-Image/1.0"
66.249.69.164 - - [20/Feb/2021:13:49:18 +0100] "GET /images/mini_prod/3565750041781.jpg HTTP/1.1" 200 6927 "-" "Googlebot-Image/1.0"
66.249.69.162 - - [20/Feb/2021:13:50:04 +0100] "GET /images/mini_prod/5018997627938.jpg HTTP/1.1" 200 8538 "-" "Googlebot-Image/1.0"
66.249.69.162 - - [20/Feb/2021:13:50:49 +0100] "GET /images/a1345544547062.jpg HTTP/1.1" 200 107131 "-" "Googlebot-Image/1.0"
66.249.69.162 - - [20/Feb/2021:13:51:34 +0100] "GET /images/mini_prod/1348422000079.jpg HTTP/1.1" 200 6305 "-" "Googlebot-Image/1.0"
66.249.69.162 - - [20/Feb/2021:13:52:19 +0100] "GET /images/mini_prod/8422015900007.jpg HTTP/1.1" 200 7684 "-" "Googlebot-Image/1.0"
66.249.69.162 - - [20/Feb/2021:13:53:05 +0100] "GET /images/mini_prod/8433933883273.jpg HTTP/1.1" 200 6816 "-" "Googlebot-Image/1.0"
66.249.69.162 - - [20/Feb/2021:13:53:50 +0100] "GET /images/mini_prod/1345544878937.jpg HTTP/1.1" 200 7711 "-" "Googlebot-Image/1.0"
216.244.66.242 - - [20/Feb/2021:13:53:59 +0100] "GET /images/big_prod/8424001278909.jpg HTTP/1.1" 200 61215 "-" "Mozilla/5.0 (compatible; DotBot/1.1; http://www.opensiteexplorer.org/dotbot, help@moz.com)"
66.249.82.211 - - [20/Feb/2021:13:54:34 +0100] "GET /images/big_prod/1341689495619.jpg HTTP/1.1" 200 68294 "-" "Mozilla/5.0 (Windows NT 5.1; rv:11.0) Gecko Firefox/11.0 (via ggpht.com GoogleImageProxy)"
66.249.69.166 - - [20/Feb/2021:13:54:35 +0100] "GET /images/65459.jpg HTTP/1.1" 200 57630 "-" "Googlebot-Image/1.0"
66.249.69.166 - - [20/Feb/2021:13:55:20 +0100] "GET /images/4029811325320.jpg HTTP/1.1" 200 133588 "-" "Googlebot-Image/1.0"
66.249.69.166 - - [20/Feb/2021:13:56:05 +0100] "GET /images/big_prod/3014627889341.jpg HTTP/1.1" 200 99496 "-" "Googlebot-Image/1.0"
185.191.171.13 - - [20/Feb/2021:13:56:48 +0100] "GET /robots.txt HTTP/1.1" 200 2438 "-" "Mozilla/5.0 (compatible; SemrushBot/7~bl; +http://www.semrush.com/bot.html)"
66.249.69.164 - - [20/Feb/2021:13:56:51 +0100] "GET /images/mini_prod/028399186730.jpg HTTP/1.1" 200 2794 "-" "Googlebot-Image/1.0"
66.249.69.162 - - [20/Feb/2021:13:57:51 +0100] "GET /images/big_prod_1/843213337013N.jpg HTTP/1.1" 200 191844 "-" "Googlebot-Image/1.0"
66.249.69.166 - - [20/Feb/2021:13:58:21 +0100] "GET /images/med_prod/3520071345581.jpg HTTP/1.1" 200 135255 "-" "Googlebot-Image/1.0"
106.11.215.127 - - [20/Feb/2021:13:59:26 +0100] "GET /images/mini_prod/8424346352951.jpg HTTP/1.1" 200 5812 "-" "python-requests/2.25.1"
66.249.69.164 - - [20/Feb/2021:13:59:51 +0100] "GET /images/mini_prod/8433933100738.jpg HTTP/1.1" 200 5510 "-" "Googlebot-Image/1.0"
66.249.69.162 - - [20/Feb/2021:14:00:37 +0100] "GET /images/mini_prod/1384010200599.jpg HTTP/1.1" 200 6262 "-" "Googlebot-Image/1.0"
66.249.69.166 - - [20/Feb/2021:14:01:22 +0100] "GET /images/mini_prod/7601019991636.jpg HTTP/1.1" 200 6512 "-" "Googlebot-Image/1.0"
66.249.69.162 - - [20/Feb/2021:14:02:07 +0100] "GET /images/med_prod/8412497557080.jpg HTTP/1.1" 200 132668 "-" "Googlebot-Image/1.0"
67.195.177.161 - - [20/Feb/2021:14:02:52 +0100] "GET /images/big_prod/3760119606520.jpg HTTP/1.1" 200 70831 "https://uk.images.search.yahoo.com/" "YahooCacheSystem; YahooWebServiceClient"
66.249.69.164 - - [20/Feb/2021:14:02:54 +0100] "GET /images/big_prod/1399984258484.jpg HTTP/1.1" 200 125466 "-" "Googlebot-Image/1.0"
66.249.69.162 - - [20/Feb/2021:14:03:37 +0100] "GET /images/mini_prod/5051276275260.jpg HTTP/1.1" 200 6644 "-" "Googlebot-Image/1.0"
66.249.69.164 - - [20/Feb/2021:14:04:23 +0100] "GET /images/big_prod/8433933105146.jpg HTTP/1.1" 200 62640 "-" "Googlebot-Image/1.0"
66.249.69.166 - - [20/Feb/2021:14:05:08 +0100] "GET /images/mini_prod/5415203968074.jpg HTTP/1.1" 200 9218 "-" "Googlebot-Image/1.0"
66.249.69.162 - - [20/Feb/2021:14:05:53 +0100] "GET /images/mini_prod/3700653593474.jpg HTTP/1.1" 200 7071 "-" "Googlebot-Image/1.0"
66.249.69.164 - - [20/Feb/2021:14:06:39 +0100] "GET /images/mini_prod/3700516241962.jpg HTTP/1.1" 200 5246 "-" "Googlebot-Image/1.0"
66.249.69.166 - - [20/Feb/2021:14:07:24 +0100] "GET /images/big_prod/8718317665349.jpg HTTP/1.1" 200 69169 "-" "Googlebot-Image/1.0"
66.249.69.164 - - [20/Feb/2021:14:08:09 +0100] "GET /images/mini_prod/8422012340318.jpg HTTP/1.1" 200 4097 "-" "Googlebot-Image/1.0"
157.55.39.246 - - [20/Feb/2021:14:08:33 +0100] "GET /js/jquery.js HTTP/1.1" 200 54075 "-" "Mozilla/5.0 (compatible; bingbot/2.0; +http://www.bing.com/bingbot.htm)"
66.249.69.162 - - [20/Feb/2021:14:08:54 +0100] "GET /images/big_prod/4012390384475.jpg HTTP/1.1" 200 111630 "-" "Googlebot-Image/1.0"
157.55.39.189 - - [20/Feb/2021:14:09:13 +0100] "GET /js/modernizr-transitions.js HTTP/1.1" 200 2026 "-" "Mozilla/5.0 (compatible; bingbot/2.0; +http://www.bing.com/bingbot.htm)"
157.55.39.159 - - [20/Feb/2021:14:09:17 +0100] "GET /js/jquery.jqzoom.js HTTP/1.1" 200 4761 "-" "Mozilla/5.0 (compatible; bingbot/2.0; +http://www.bing.com/bingbot.htm)"
