13.66.139.137 - - [21/Feb/2021:01:12:56 +0100] "GET /images/big_prod_1/1384000000536BB.jpg HTTP/1.1" 200 93595 "-" "Mozilla/5.0 (compatible; bingbot/2.0; +http://www.bing.com/bingbot.htm)"
13.66.139.73 - - [21/Feb/2021:01:13:46 +0100] "GET /images/4007176153376.jpg HTTP/1.1" 200 28206 "-" "Mozilla/5.0 (compatible; bingbot/2.0; +http://www.bing.com/bingbot.htm)"
13.66.139.88 - - [21/Feb/2021:01:13:50 +0100] "GET /images/mini_prod/8422011476155.jpg HTTP/1.1" 200 3968 "-" "Mozilla/5.0 (compatible; bingbot/2.0; +http://www.bing.com/bingbot.htm)"
13.66.139.137 - - [21/Feb/2021:01:14:06 +0100] "GET /images/med_prod/5051276183015.jpg HTTP/1.1" 200 99218 "-" "Mozilla/5.0 (compatible; bingbot/2.0; +http://www.bing.com/bingbot.htm)"
13.66.139.73 - - [21/Feb/2021:01:14:12 +0100] "GET /images/big_prod/5018997622094.jpg HTTP/1.1" 200 235346 "-" "Mozilla/5.0 (compatible; bingbot/2.0; +http://www.bing.com/bingbot.htm)"
17.58.101.142 - - [21/Feb/2021:01:15:25 +0100] "GET /images/mini_prod/32816401792101.jpg HTTP/1.1" 200 8369 "-" "Mozilla/5.0 (Macintosh; Intel Mac OS X 10_15_5) AppleWebKit/605.1.15 (KHTML, like Gecko) Version/13.1.1 Safari/605.1.15 (Applebot/0.1; +http://www.apple.com/go/applebot)"
66.249.69.162 - - [21/Feb/2021:01:17:02 +0100] "GET /images/DSCN1955.jpg HTTP/1.1" 200 30632 "-" "Googlebot-Image/1.0"
157.55.39.246 - - [21/Feb/2021:01:17:29 +0100] "GET /js/jquery.js HTTP/1.1" 200 54075 "-" "Mozilla/5.0 (compatible; bingbot/2.0; +http://www.bing.com/bingbot.htm)"
13.66.139.73 - - [21/Feb/2021:01:18:19 +0100] "GET /images/big_prod/3665269006834.jpg HTTP/1.1" 200 92570 "-" "Mozilla/5.0 (compatible; bingbot/2.0; +http://www.bing.com/bingbot.htm)"
13.66.139.88 - - [21/Feb/2021:01:20:00 +0100] "GET /images/big_prod_1/3453131147729N.jpg HTTP/1.1" 200 226572 "-" "Mozilla/5.0 (compatible; bingbot/2.0; +http://www.bing.com/bingbot.htm)"
13.66.139.88 - - [21/Feb/2021:01:20:39 +0100] "GET /images/big_prod/3700276256954.jpg HTTP/1.1" 200 140374 "-" "Mozilla/5.0 (compatible; bingbot/2.0; +http://www.bing.com/bingbot.htm)"
13.66.139.137 - - [21/Feb/2021:01:20:56 +0100] "GET /images/big_prod/3453131153560.jpg HTTP/1.1" 200 72941 "-" "Mozilla/5.0 (compatible; bingbot/2.0; +http://www.bing.com/bingbot.htm)"
60.8.123.78 - - [21/Feb/2021:01:21:10 +0100] "GET /images/med_prod/3520071345352.jpg HTTP/1.1" 200 40544 "http://www.wonder-geek.com/small-baby-teeth-p-31539.html" "Mozilla/5.0 (Linux; Android 5.0) AppleWebKit/537.36 (KHTML, like Gecko) Mobile Safari/537.36 (compatible; Bytespider; https://zhanzhang.toutiao.com/)"
216.244.66.242 - - [21/Feb/2021:01:21:17 +0100] "GET /robots.txt HTTP/1.1" 200 2438 "-" "Mozilla/5.0 (compatible; DotBot/1.1; http://www.opensiteexplorer.org/dotbot, help@moz.com)"
13.66.139.88 - - [21/Feb/2021:01:23:10 +0100] "GET /images/big_prod/9316188068758.jpg HTTP/1.1" 200 67180 "-" "Mozilla/5.0 (compatible; bingbot/2.0; +http://www.bing.com/bingbot.htm)"
13.66.139.88 - - [21/Feb/2021:01:23:29 +0100] "GET /images/big_prod_1/b8435333821862.jpg HTTP/1.1" 200 84768 "-" "Mozilla/5.0 (compatible; bingbot/2.0; +http://www.bing.com/bingbot.htm)"
13.66.139.137 - - [21/Feb/2021:01:23:49 +0100] "GET /images/6942138906110.jpg HTTP/1.1" 200 49452 "-" "Mozilla/5.0 (compatible; bingbot/2.0; +http://www.bing.com/bingbot.htm)"
13.66.139.137 - - [21/Feb/2021:01:25:57 +0100] "GET /images/med_prod/1384010183403N.jpg HTTP/1.1" 200 100177 "-" "Mozilla/5.0 (compatible; bingbot/2.0; +http://www.bing.com/bingbot.htm)"
5.255.231.71 - - [21/Feb/2021:01:26:18 +0100] "GET /robots.txt HTTP/1.1" 200 2438 "-" "Mozilla/5.0 (compatible; YandexBot/3.0; +http://yandex.com/bots)"
13.66.139.88 - - [21/Feb/2021:01:27:00 +0100] "GET /images/big_prod_2/3612875124827b.jpg HTTP/1.1" 200 39279 "-" "Mozilla/5.0 (compatible; bingbot/2.0; +http://www.bing.com/bingbot.htm)"
5.255.231.71 - - [21/Feb/2021:01:28:08 +0100] "GET /images/8435306241260.jpg HTTP/1.1" 200 42575 "-" "Mozilla/5.0 (compatible; YandexImages/3.0; +http://yandex.com/bots)"
5.255.231.71 - - [21/Feb/2021:01:28:12 +0100] "GET /images/med_prod/8435306282164.jpg HTTP/1.1" 200 89763 "-" "Mozilla/5.0 (compatible; YandexImages/3.0; +http://yandex.com/bots)"
13.66.139.73 - - [21/Feb/2021:01:28:28 +0100] "GET /images/med_prod/8717202557516.jpg HTTP/1.1" 200 63959 "-" "Mozilla/5.0 (compatible; bingbot/2.0; +http://www.bing.com/bingbot.htm)"
13.66.139.88 - - [21/Feb/2021:01:28:52 +0100] "GET /images/B11115bleu.jpg HTTP/1.1" 200 34157 "-" "Mozilla/5.0 (compatible; bingbot/2.0; +http://www.bing.com/bingbot.htm)"
66.249.69.164 - - [21/Feb/2021:01:29:44 +0100] "GET /images/mini_prod/5018997611616.jpg HTTP/1.1" 200 7321 "-" "Googlebot-Image/1.0"
13.66.139.73 - - [21/Feb/2021:01:30:19 +0100] "GET /images/big_prod/8435107825133.jpg HTTP/1.1" 200 74824 "-" "Mozilla/5.0 (compatible; bingbot/2.0; +http://www.bing.com/bingbot.htm)"
13.66.139.73 - - [21/Feb/2021:01:30:52 +0100] "GET /images/big_prod/3503420062124.jpg HTTP/1.1" 200 121656 "-" "Mozilla/5.0 (compatible; bingbot/2.0; +http://www.bing.com/bingbot.htm)"
157.55.39.170 - - [21/Feb/2021:01:32:00 +0100] "GET /robots.txt HTTP/1.1" 200 2438 "-" "Mozilla/5.0 (compatible; bingbot/2.0; +http://www.bing.com/bingbot.htm)"
13.66.139.137 - - [21/Feb/2021:01:32:47 +0100] "GET /images/big_prod/8422014032808A.jpg HTTP/1.1" 200 85302 "-" "Mozilla/5.0 (compatible; bingbot/2.0; +http://www.bing.com/bingbot.htm)"
13.66.139.137 - - [21/Feb/2021:01:33:37 +0100] "GET /images/big_prod/720322284581.jpg HTTP/1.1" 200 132860 "-" "Mozilla/5.0 (compatible; bingbot/2.0; +http://www.bing.com/bingbot.htm)"
66.249.69.164 - - [21/Feb/2021:01:33:52 +0100] "GET /images/mini_prod/3700344872086.jpg HTTP/1.1" 200 6518 "-" "Googlebot-Image/1.0"
157.55.39.255 - - [21/Feb/2021:01:35:17 +0100] "GET /highslide/highslide.js HTTP/1.1" 200 42909 "-" "Mozilla/5.0 (compatible; bingbot/2.0; +http://www.bing.com/bingbot.htm)"
77.75.76.167 - - [21/Feb/2021:01:35:52 +0100] "GET /robots.txt HTTP/1.1" 200 2438 "-" "Mozilla/5.0 (compatible; SeznamBot/3.2; +http://napoveda.seznam.cz/en/seznambot-intro/)"
77.75.76.167 - - [21/Feb/2021:01:35:52 +0100] "GET /images/big_prod/3609810072084.jpg HTTP/1.1" 200 195497 "-" "Mozilla/5.0 (compatible; SeznamBot/3.2; +http://napoveda.seznam.cz/en/seznambot-intro/)"
157.55.39.159 - - [21/Feb/2021:01:36:14 +0100] "GET /js/jquery.jqzoom.js HTTP/1.1" 200 4761 "-" "Mozilla/5.0 (compatible; bingbot/2.0; +http://www.bing.com/bingbot.htm)"
13.66.139.73 - - [21/Feb/2021:01:36:20 +0100] "GET /images/big_prod/3453131138970.jpg HTTP/1.1" 200 84449 "-" "Mozilla/5.0 (compatible; bingbot/2.0; +http://www.bing.com/bingbot.htm)"
13.66.139.137 - - [21/Feb/2021:01:36:28 +0100] "GET /images/med_prod/4010070275525.jpg HTTP/1.1" 200 85036 "-" "Mozilla/5.0 (compatible; bingbot/2.0; +http://www.bing.com/bingbot.htm)"
13.66.139.73 - - [21/Feb/2021:01:36:39 +0100] "GET /images/big_prod/8718375751268.jpg HTTP/1.1" 200 170331 "-" "Mozilla/5.0 (compatible; bingbot/2.0; +http://www.bing.com/bingbot.htm)"
157.55.39.159 - - [21/Feb/2021:01:37:44 +0100] "GET /js/jquery.jqzoom.js HTTP/1.1" 200 4761 "-" "Mozilla/5.0 (compatible; bingbot/2.0; +http://www.bing.com/bingbot.htm)"
157.55.39.255 - - [21/Feb/2021:01:37:49 +0100] "GET /highslide/highslide.js HTTP/1.1" 200 42909 "-" "Mozilla/5.0 (compatible; bingbot/2.0; +http://www.bing.com/bingbot.htm)"
157.55.39.255 - - [21/Feb/2021:01:38:28 +0100] "GET /highslide/highslide.js HTTP/1.1" 200 42909 "-" "Mozilla/5.0 (compatible; bingbot/2.0; +http://www.bing.com/bingbot.htm)"
66.249.69.166 - - [21/Feb/2021:01:39:29 +0100] "GET /images/mini_prod/8422012494714.jpg HTTP/1.1" 200 3016 "-" "Googlebot-Image/1.0"
157.55.39.246 - - [21/Feb/2021:01:39:35 +0100] "GET /js/jquery.js HTTP/1.1" 200 54075 "-" "Mozilla/5.0 (compatible; bingbot/2.0; +http://www.bing.com/bingbot.htm)"
157.55.39.246 - - [21/Feb/2021:01:39:35 +0100] "GET /js/jquery.js HTTP/1.1" 200 54075 "-" "Mozilla/5.0 (compatible; bingbot/2.0; +http://www.bing.com/bingbot.htm)"
185.191.171.15 - - [21/Feb/2021:01:39:36 +0100] "GET /robots.txt HTTP/1.1" 200 2438 "-" "Mozilla/5.0 (compatible; SemrushBot/7~bl; +http://www.semrush.com/bot.html)"
13.66.139.73 - - [21/Feb/2021:01:39:50 +0100] "GET /images/big_prod/8718375753873a.jpg HTTP/1.1" 200 73344 "-" "Mozilla/5.0 (compatible; bingbot/2.0; +http://www.bing.com/bingbot.htm)"
13.66.139.137 - - [21/Feb/2021:01:40:08 +0100] "GET /images/big_prod_1/8422089800227N.jpg HTTP/1.1" 200 52697 "-" "Mozilla/5.0 (compatible; bingbot/2.0; +http://www.bing.com/bingbot.htm)"
13.66.139.137 - - [21/Feb/2021:01:41:49 +0100] "GET /images/8006529238612.jpg HTTP/1.1" 200 24006 "-" "Mozilla/5.0 (compatible; bingbot/2.0; +http://www.bing.com/bingbot.htm)"
13.66.139.88 - - [21/Feb/2021:01:43:47 +0100] "GET /images/big_prod/5415203926425.jpg HTTP/1.1" 200 47496 "-" "Mozilla/5.0 (compatible; bingbot/2.0; +http://www.bing.com/bingbot.htm)"
13.66.139.88 - - [21/Feb/2021:01:43:48 +0100] "GET /images/6942138999105.jpg HTTP/1.1" 200 36314 "-" "Mozilla/5.0 (compatible; bingbot/2.0; +http://www.bing.com/bingbot.htm)"
13.66.139.137 - - [21/Feb/2021:01:44:58 +0100] "GET /images/8435141376936.jpg HTTP/1.1" 200 24269 "-" "Mozilla/5.0 (compatible; bingbot/2.0; +http://www.bing.com/bingbot.htm)"
66.249.69.164 - - [21/Feb/2021:01:45:06 +0100] "GET /images/mini_prod/8718317581205.jpg HTTP/1.1" 200 5406 "-" "Googlebot-Image/1.0"
13.66.139.88 - - [21/Feb/2021:01:45:29 +0100] "GET /images/mini_prod/8717318049912.jpg HTTP/1.1" 200 7748 "-" "Mozilla/5.0 (compatible; bingbot/2.0; +http://www.bing.com/bingbot.htm)"
13.66.139.73 - - [21/Feb/2021:01:46:23 +0100] "GET /images/big_prod_1/3014627889785.jpg HTTP/1.1" 200 86082 "-" "Mozilla/5.0 (compatible; bingbot/2.0; +http://www.bing.com/bingbot.htm)"
13.66.139.88 - - [21/Feb/2021:01:46:37 +0100] "GET /images/big_prod/3612875120829.jpg HTTP/1.1" 200 85180 "-" "Mozilla/5.0 (compatible; bingbot/2.0; +http://www.bing.com/bingbot.htm)"
13.66.139.137 - - [21/Feb/2021:01:47:19 +0100] "GET /images/3438100329924.jpg HTTP/1.1" 200 36140 "-" "Mozilla/5.0 (compatible; bingbot/2.0; +http://www.bing.com/bingbot.htm)"
13.66.139.137 - - [21/Feb/2021:01:49:13 +0100] "GET /images/med_prod/3560600290340.jpg HTTP/1.1" 200 128263 "-" "Mozilla/5.0 (compatible; bingbot/2.0; +http://www.bing.com/bingbot.htm)"
13.66.139.137 - - [21/Feb/2021:01:49:29 +0100] "GET /images/big_prod/3503420099748.jpg HTTP/1.1" 200 89437 "-" "Mozilla/5.0 (compatible; bingbot/2.0; +http://www.bing.com/bingbot.htm)"
13.66.139.73 - - [21/Feb/2021:01:49:33 +0100] "GET /images/tableaublancHK.jpg HTTP/1.1" 200 30779 "-" "Mozilla/5.0 (compatible; bingbot/2.0; +http://www.bing.com/bingbot.htm)"
13.66.139.137 - - [21/Feb/2021:01:50:03 +0100] "GET /images/big_prod_1/3609810065086a.jpg HTTP/1.1" 200 160301 "-" "Mozilla/5.0 (compatible; bingbot/2.0; +http://www.bing.com/bingbot.htm)"
66.249.69.166 - - [21/Feb/2021:01:50:43 +0100] "GET /images/mini_prod/3560600288231.jpg HTTP/1.1" 200 8641 "-" "Googlebot-Image/1.0"
100.35.170.43 - - [21/Feb/2021:01:51:09 +0100] "GET /images/med_prod/1399984220375NN.jpg HTTP/1.1" 200 86027 "-" "Mozilla/5.0 (Macintosh; Intel Mac OS X 10_11_6) AppleWebKit/605.1.15 (KHTML, like Gecko) Version/11.1.2 Safari/605.1.15"
114.119.129.36 - - [21/Feb/2021:01:51:30 +0100] "GET /images/big_prod_1/4542202662328a.jpg HTTP/1.1" 200 92600 "-" "Mozilla/5.0 (Linux; Android 7.0;) AppleWebKit/537.36 (KHTML, like Gecko) Mobile Safari/537.36 (compatible; PetalBot;+https://aspiegel.com/petalbot)"
13.66.139.73 - - [21/Feb/2021:01:53:40 +0100] "GET /images/big_prod/3574642322495.jpg HTTP/1.1" 200 102218 "-" "Mozilla/5.0 (compatible; bingbot/2.0; +http://www.bing.com/bingbot.htm)"
13.66.139.88 - - [21/Feb/2021:01:54:49 +0100] "GET /images/big_prod_1/3442440255225N.jpg HTTP/1.1" 200 145417 "-" "Mozilla/5.0 (compatible; bingbot/2.0; +http://www.bing.com/bingbot.htm)"
13.66.139.88 - - [21/Feb/2021:01:55:39 +0100] "GET /images/3660532001417.jpg HTTP/1.1" 200 28003 "-" "Mozilla/5.0 (compatible; bingbot/2.0; +http://www.bing.com/bingbot.htm)"
66.249.69.162 - - [21/Feb/2021:01:56:20 +0100] "GET /images/big_prod/8433933157398.jpg HTTP/1.1" 200 160192 "-" "Googlebot-Image/1.0"
13.66.139.73 - - [21/Feb/2021:01:56:44 +0100] "GET /images/1300010240441.jpg HTTP/1.1" 200 117356 "-" "Mozilla/5.0 (compatible; bingbot/2.0; +http://www.bing.com/bingbot.htm)"
13.66.139.88 - - [21/Feb/2021:01:57:09 +0100] "GET /images/3298060218917.jpg HTTP/1.1" 200 21899 "-" "Mozilla/5.0 (compatible; bingbot/2.0; +http://www.bing.com/bingbot.htm)"
40.114.40.98 - - [21/Feb/2021:01:57:49 +0100] "GET /images/5010994048372.jpg HTTP/1.1" 200 46061 "-" "Mozilla/5.0 (X11; Linux i686) AppleWebKit/537.17 (KHTML, like Gecko) Chrome/24.0.1312.27 Safari/537.17"
13.66.139.73 - - [21/Feb/2021:02:00:01 +0100] "GET /images/big_prod/8029759044341.jpg HTTP/1.1" 200 91666 "-" "Mozilla/5.0 (compatible; bingbot/2.0; +http://www.bing.com/bingbot.htm)"
13.66.139.137 - - [21/Feb/2021:02:01:01 +0100] "GET /images/big_prod_5/e4542202653777.jpg HTTP/1.1" 200 111980 "-" "Mozilla/5.0 (compatible; bingbot/2.0; +http://www.bing.com/bingbot.htm)"
66.249.69.166 - - [21/Feb/2021:02:01:59 +0100] "GET /images/mini_prod/5051276286365.jpg HTTP/1.1" 200 7658 "-" "Googlebot-Image/1.0"
157.55.39.246 - - [21/Feb/2021:02:02:13 +0100] "GET /js/jquery.js HTTP/1.1" 200 54075 "-" "Mozilla/5.0 (compatible; bingbot/2.0; +http://www.bing.com/bingbot.htm)"
157.55.39.246 - - [21/Feb/2021:02:02:27 +0100] "GET /js/jquery.js HTTP/1.1" 200 54075 "-" "Mozilla/5.0 (compatible; bingbot/2.0; +http://www.bing.com/bingbot.htm)"
13.66.139.73 - - [21/Feb/2021:02:04:41 +0100] "GET /images/B5703B.jpg HTTP/1.1" 200 28939 "-" "Mozilla/5.0 (compatible; bingbot/2.0; +http://www.bing.com/bingbot.htm)"
157.55.39.159 - - [21/Feb/2021:02:05:57 +0100] "GET /js/jquery.jqzoom.js HTTP/1.1" 200 4761 "-" "Mozilla/5.0 (compatible; bingbot/2.0; +http://www.bing.com/bingbot.htm)"
13.66.139.137 - - [21/Feb/2021:02:06:01 +0100] "GET /images/big_prod/3700344871744.jpg HTTP/1.1" 200 41244 "-" "Mozilla/5.0 (compatible; bingbot/2.0; +http://www.bing.com/bingbot.htm)"
13.66.139.88 - - [21/Feb/2021:02:06:23 +0100] "GET /images/big_prod_4/5404006040773e.jpg HTTP/1.1" 200 63024 "-" "Mozilla/5.0 (compatible; bingbot/2.0; +http://www.bing.com/bingbot.htm)"
13.66.139.73 - - [21/Feb/2021:02:06:32 +0100] "GET /images/big_prod/8718960732627.jpg HTTP/1.1" 200 122798 "-" "Mozilla/5.0 (compatible; bingbot/2.0; +http://www.bing.com/bingbot.htm)"
66.249.69.164 - - [21/Feb/2021:02:07:33 +0100] "GET /images/mini_prod/3700516251503.jpg HTTP/1.1" 200 3538 "-" "Googlebot-Image/1.0"
13.66.139.73 - - [21/Feb/2021:02:08:31 +0100] "GET /images/mini_prod/3608860260250.jpg HTTP/1.1" 200 7305 "-" "Mozilla/5.0 (compatible; bingbot/2.0; +http://www.bing.com/bingbot.htm)"
13.66.139.73 - - [21/Feb/2021:02:08:32 +0100] "GET /images/big_prod/76000210FB.jpg HTTP/1.1" 200 101469 "-" "Mozilla/5.0 (compatible; bingbot/2.0; +http://www.bing.com/bingbot.htm)"
216.244.66.242 - - [21/Feb/2021:02:10:03 +0100] "GET /robots.txt HTTP/1.1" 200 2438 "-" "Mozilla/5.0 (compatible; DotBot/1.1; http://www.opensiteexplorer.org/dotbot, help@moz.com)"
220.243.136.108 - - [21/Feb/2021:02:11:09 +0100] "GET /images/big_prod/8433933101490.jpg HTTP/1.1" 200 39096 "http://www.wonder-geek.com/glass-jellyfish-paperweight-p-52790.html" "Mozilla/5.0 (Linux; Android 5.0) AppleWebKit/537.36 (KHTML, like Gecko) Mobile Safari/537.36 (compatible; Bytespider; https://zhanzhang.toutiao.com/)"
13.66.139.137 - - [21/Feb/2021:02:11:32 +0100] "GET /images/big_prod/1399984239247BEYBLADE.jpg HTTP/1.1" 200 89368 "-" "Mozilla/5.0 (compatible; bingbot/2.0; +http://www.bing.com/bingbot.htm)"
157.55.39.189 - - [21/Feb/2021:02:11:54 +0100] "GET /mondial_relay/js/jquery-1.3.2.min.js HTTP/1.1" 200 57254 "-" "Mozilla/5.0 (compatible; bingbot/2.0; +http://www.bing.com/bingbot.htm)"
157.55.39.255 - - [21/Feb/2021:02:12:08 +0100] "GET /highslide/highslide.js HTTP/1.1" 200 42909 "-" "Mozilla/5.0 (compatible; bingbot/2.0; +http://www.bing.com/bingbot.htm)"
207.46.13.114 - - [21/Feb/2021:02:12:53 +0100] "GET /js/jquery.masonry.min.js HTTP/1.1" 200 5392 "-" "Mozilla/5.0 (compatible; bingbot/2.0; +http://www.bing.com/bingbot.htm)"
157.55.39.170 - - [21/Feb/2021:02:12:55 +0100] "GET /robots.txt HTTP/1.1" 200 2438 "-" "Mozilla/5.0 (compatible; bingbot/2.0; +http://www.bing.com/bingbot.htm)"
157.55.39.255 - - [21/Feb/2021:02:13:06 +0100] "GET /highslide/highslide.js HTTP/1.1" 200 42909 "-" "Mozilla/5.0 (compatible; bingbot/2.0; +http://www.bing.com/bingbot.htm)"
66.249.69.166 - - [21/Feb/2021:02:13:10 +0100] "GET /images/big_prod/3014627976201.jpg HTTP/1.1" 200 105052 "-" "Googlebot-Image/1.0"
13.66.139.88 - - [21/Feb/2021:02:13:14 +0100] "GET /images/big_prod/8422021019762.jpg HTTP/1.1" 200 74486 "-" "Mozilla/5.0 (compatible; bingbot/2.0; +http://www.bing.com/bingbot.htm)"
13.66.139.137 - - [21/Feb/2021:02:13:32 +0100] "GET /images/big_prod/3700344847381.jpg HTTP/1.1" 200 94166 "-" "Mozilla/5.0 (compatible; bingbot/2.0; +http://www.bing.com/bingbot.htm)"
13.66.139.88 - - [21/Feb/2021:02:13:58 +0100] "GET /images/big_prod_2/c1300000021944.jpg HTTP/1.1" 200 100962 "-" "Mozilla/5.0 (compatible; bingbot/2.0; +http://www.bing.com/bingbot.htm)"
77.75.76.171 - - [21/Feb/2021:02:14:04 +0100] "GET /robots.txt HTTP/1.1" 200 2438 "-" "Mozilla/5.0 (compatible; SeznamBot/3.2; +http://napoveda.seznam.cz/en/seznambot-intro/)"
77.75.76.171 - - [21/Feb/2021:02:14:04 +0100] "GET /images/big_prod/8718969000611.jpg HTTP/1.1" 200 170248 "-" "Mozilla/5.0 (compatible; SeznamBot/3.2; +http://napoveda.seznam.cz/en/seznambot-intro/)"
13.66.139.88 - - [21/Feb/2021:02:16:25 +0100] "GET /images/big_prod/3609810020597.jpg HTTP/1.1" 200 102411 "-" "Mozilla/5.0 (compatible; bingbot/2.0; +http://www.bing.com/bingbot.htm)"
13.66.139.88 - - [21/Feb/2021:02:16:27 +0100] "GET /images/big_prod_4/a4542202656389.jpg HTTP/1.1" 200 390752 "-" "Mozilla/5.0 (compatible; bingbot/2.0; +http://www.bing.com/bingbot.htm)"
157.55.39.170 - - [21/Feb/2021:02:16:40 +0100] "GET /images/4542202650684b.jpg HTTP/1.1" 200 102880 "-" "Mozilla/5.0 (compatible; bingbot/2.0; +http://www.bing.com/bingbot.htm)"
13.66.139.137 - - [21/Feb/2021:02:17:01 +0100] "GET /images/1399984253625.jpg HTTP/1.1" 200 28629 "-" "Mozilla/5.0 (compatible; bingbot/2.0; +http://www.bing.com/bingbot.htm)"
13.66.139.73 - - [21/Feb/2021:02:17:14 +0100] "GET /images/big_prod_1/3700281645446a.jpg HTTP/1.1" 200 327797 "-" "Mozilla/5.0 (compatible; bingbot/2.0; +http://www.bing.com/bingbot.htm)"
