66.249.69.162 - - [20/Feb/2021:15:59:37 +0100] "GET /images/7601019994767.jpg HTTP/1.1" 200 37689 "-" "Googlebot-Image/1.0"
66.249.69.162 - - [20/Feb/2021:15:59:53 +0100] "GET /images/mini_prod/1098890726291.jpg HTTP/1.1" 200 2522 "-" "Googlebot-Image/1.0"
66.249.69.164 - - [20/Feb/2021:16:00:09 +0100] "GET /images/mini_prod/8422019802192.jpg HTTP/1.1" 200 4275 "-" "Googlebot-Image/1.0"
66.249.69.164 - - [20/Feb/2021:16:00:25 +0100] "GET /images/mini_prod/8433944144325.jpg HTTP/1.1" 200 5711 "-" "Googlebot-Image/1.0"
66.249.69.162 - - [20/Feb/2021:16:00:41 +0100] "GET /images/big_prod_3/8424346073726BBB.jpg HTTP/1.1" 200 352251 "-" "Googlebot-Image/1.0"
66.249.69.162 - - [20/Feb/2021:16:00:57 +0100] "GET /images/mini_prod/4036113102108.jpg HTTP/1.1" 200 8245 "-" "Googlebot-Image/1.0"
66.249.69.166 - - [20/Feb/2021:16:01:13 +0100] "GET /images/mini_prod/78823.jpg HTTP/1.1" 200 4927 "-" "Googlebot-Image/1.0"
66.249.69.164 - - [20/Feb/2021:16:01:29 +0100] "GET /images/mini_prod/8422007551187.jpg HTTP/1.1" 200 8705 "-" "Googlebot-Image/1.0"
66.249.69.162 - - [20/Feb/2021:16:01:45 +0100] "GET /images/big_prod/3609810091214.jpg HTTP/1.1" 200 164876 "-" "Googlebot-Image/1.0"
66.249.69.162 - - [20/Feb/2021:16:02:01 +0100] "GET /images/big_prod_1/8720088295809a.jpg HTTP/1.1" 200 145119 "-" "Googlebot-Image/1.0"
185.191.171.40 - - [20/Feb/2021:16:02:11 +0100] "GET /robots.txt HTTP/1.1" 200 2438 "-" "Mozilla/5.0 (compatible; SemrushBot/7~bl; +http://www.semrush.com/bot.html)"
66.249.69.164 - - [20/Feb/2021:16:02:17 +0100] "GET /images/mini_prod/5415203767998.jpg HTTP/1.1" 200 2868 "-" "Googlebot-Image/1.0"
66.249.69.162 - - [20/Feb/2021:16:02:32 +0100] "GET /images/mini_prod/TROR663048.jpg HTTP/1.1" 200 5089 "-" "Googlebot-Image/1.0"
66.249.69.162 - - [20/Feb/2021:16:03:00 +0100] "GET /images/mini_prod/4895220303347.jpg HTTP/1.1" 200 4133 "-" "Googlebot-Image/1.0"
66.249.69.162 - - [20/Feb/2021:16:03:08 +0100] "GET /images/mini_prod/1384010192306.jpg HTTP/1.1" 200 8838 "-" "Googlebot-Image/1.0"
66.249.69.162 - - [20/Feb/2021:16:03:22 +0100] "GET /images/mini_prod/1905279114665.jpg HTTP/1.1" 200 9157 "-" "Googlebot-Image/1.0"
66.249.69.162 - - [20/Feb/2021:16:03:36 +0100] "GET /images/mini_prod/8433933760963.jpg HTTP/1.1" 200 4177 "-" "Googlebot-Image/1.0"
66.249.69.162 - - [20/Feb/2021:16:03:52 +0100] "GET /images/mini_prod/8433933188903.jpg HTTP/1.1" 200 5228 "-" "Googlebot-Image/1.0"
66.249.69.162 - - [20/Feb/2021:16:04:08 +0100] "GET /images/big_prod/8420015240154.jpg HTTP/1.1" 200 79008 "-" "Googlebot-Image/1.0"
66.249.69.164 - - [20/Feb/2021:16:04:24 +0100] "GET /images/med_prod/N1382686356701.jpg HTTP/1.1" 200 90591 "-" "Googlebot-Image/1.0"
66.249.69.162 - - [20/Feb/2021:16:04:40 +0100] "GET /images/med_prod/3608860194739.jpg HTTP/1.1" 200 156555 "-" "Googlebot-Image/1.0"
66.249.69.162 - - [20/Feb/2021:16:04:56 +0100] "GET /images/mini_prod/8433933166550.jpg HTTP/1.1" 200 2957 "-" "Googlebot-Image/1.0"
66.249.69.164 - - [20/Feb/2021:16:05:12 +0100] "GET /images/med_prod/1384010179239.jpg HTTP/1.1" 200 95547 "-" "Googlebot-Image/1.0"
66.249.69.162 - - [20/Feb/2021:16:05:28 +0100] "GET /images/big_prod/9316188066938.jpg HTTP/1.1" 200 48875 "-" "Googlebot-Image/1.0"
66.249.69.162 - - [20/Feb/2021:16:05:44 +0100] "GET /images/A-PERSONNALISER-45.jpg HTTP/1.1" 200 53747 "-" "Googlebot-Image/1.0"
66.249.69.162 - - [20/Feb/2021:16:06:00 +0100] "GET /images/mini_prod/7601019994583.jpg HTTP/1.1" 200 10763 "-" "Googlebot-Image/1.0"
66.249.69.164 - - [20/Feb/2021:16:06:16 +0100] "GET /images/mini_prod/8424001731961.jpg HTTP/1.1" 200 5859 "-" "Googlebot-Image/1.0"
66.249.69.164 - - [20/Feb/2021:16:06:32 +0100] "GET /images/mini_prod/1399986106530.jpg HTTP/1.1" 200 4433 "-" "Googlebot-Image/1.0"
157.55.39.246 - - [20/Feb/2021:16:06:44 +0100] "GET /js/jquery.js HTTP/1.1" 200 54075 "-" "Mozilla/5.0 (compatible; bingbot/2.0; +http://www.bing.com/bingbot.htm)"
157.55.39.246 - - [20/Feb/2021:16:06:44 +0100] "GET /js/jquery.js HTTP/1.1" 200 54075 "-" "Mozilla/5.0 (compatible; bingbot/2.0; +http://www.bing.com/bingbot.htm)"
66.249.69.162 - - [20/Feb/2021:16:06:48 +0100] "GET /images/mini_prod/8430302966018.jpg HTTP/1.1" 200 3664 "-" "Googlebot-Image/1.0"
66.249.69.164 - - [20/Feb/2021:16:07:04 +0100] "GET /images/mini_prod/4225055184987.jpg HTTP/1.1" 200 6250 "-" "Googlebot-Image/1.0"
66.249.69.164 - - [20/Feb/2021:16:07:20 +0100] "GET /images/mini_prod/1399984241219.jpg HTTP/1.1" 200 7884 "-" "Googlebot-Image/1.0"
66.249.69.162 - - [20/Feb/2021:16:07:42 +0100] "GET /images/mini_prod/9316188080187.jpg HTTP/1.1" 200 6190 "-" "Googlebot-Image/1.0"
66.249.69.162 - - [20/Feb/2021:16:07:52 +0100] "GET /images/mini_prod/1300000021654.jpg HTTP/1.1" 200 2687 "-" "Googlebot-Image/1.0"
66.249.69.164 - - [20/Feb/2021:16:08:10 +0100] "GET /images/big_prod/045544939805.jpg HTTP/1.1" 200 91459 "-" "Googlebot-Image/1.0"
66.249.69.162 - - [20/Feb/2021:16:08:24 +0100] "GET /images/mini_prod/8424346216505.jpg HTTP/1.1" 200 5635 "-" "Googlebot-Image/1.0"
66.249.69.162 - - [20/Feb/2021:16:08:39 +0100] "GET /images/mini_prod/8717202558919.jpg HTTP/1.1" 200 4020 "-" "Googlebot-Image/1.0"
66.249.69.162 - - [20/Feb/2021:16:08:55 +0100] "GET /images/mini_prod/3665269009576.jpg HTTP/1.1" 200 5850 "-" "Googlebot-Image/1.0"
66.249.69.162 - - [20/Feb/2021:16:09:11 +0100] "GET /images/mini_prod/1399986107179.jpg HTTP/1.1" 200 6539 "-" "Googlebot-Image/1.0"
66.249.69.164 - - [20/Feb/2021:16:09:28 +0100] "GET /images/big_prod/5022271700507.jpg HTTP/1.1" 200 112882 "-" "Googlebot-Image/1.0"
66.249.69.162 - - [20/Feb/2021:16:09:43 +0100] "GET /images/big_prod_2/3700516266712b.jpg HTTP/1.1" 200 88784 "-" "Googlebot-Image/1.0"
66.249.69.162 - - [20/Feb/2021:16:09:59 +0100] "GET /images/mini_prod/3520071699431.jpg HTTP/1.1" 200 5572 "-" "Googlebot-Image/1.0"
66.249.69.166 - - [20/Feb/2021:16:10:15 +0100] "GET /images/mini_prod/3503420064418.jpg HTTP/1.1" 200 6561 "-" "Googlebot-Image/1.0"
66.249.69.162 - - [20/Feb/2021:16:10:31 +0100] "GET /images/mini_prod/842200221980.jpg HTTP/1.1" 200 10680 "-" "Googlebot-Image/1.0"
66.249.69.162 - - [20/Feb/2021:16:10:47 +0100] "GET /images/mini_prod/3453131144438.jpg HTTP/1.1" 200 6336 "-" "Googlebot-Image/1.0"
66.249.69.166 - - [20/Feb/2021:16:11:03 +0100] "GET /images/mini_prod/8433933314562.jpg HTTP/1.1" 200 6866 "-" "Googlebot-Image/1.0"
66.249.69.164 - - [20/Feb/2021:16:11:19 +0100] "GET /images/mini_prod/5415203942562.jpg HTTP/1.1" 200 4900 "-" "Googlebot-Image/1.0"
66.249.69.162 - - [20/Feb/2021:16:11:35 +0100] "GET /images/big_prod/1384010192054.jpg HTTP/1.1" 200 33039 "-" "Googlebot-Image/1.0"
66.249.69.162 - - [20/Feb/2021:16:11:51 +0100] "GET /images/mini_prod/4029811281565.jpg HTTP/1.1" 200 7207 "-" "Googlebot-Image/1.0"
66.249.69.166 - - [20/Feb/2021:16:12:07 +0100] "GET /images/big_prod_1/b8717202557455.jpg HTTP/1.1" 200 63558 "-" "Googlebot-Image/1.0"
66.249.69.164 - - [20/Feb/2021:16:12:23 +0100] "GET /images/mini_prod/281411.jpg HTTP/1.1" 200 8152 "-" "Googlebot-Image/1.0"
66.249.69.162 - - [20/Feb/2021:16:12:59 +0100] "GET /images/mini_prod/8424345302629.jpg HTTP/1.1" 200 3751 "-" "Googlebot-Image/1.0"
66.249.69.162 - - [20/Feb/2021:16:13:07 +0100] "GET /images/mini_prod/7601019995337.jpg HTTP/1.1" 200 7261 "-" "Googlebot-Image/1.0"
66.249.69.162 - - [20/Feb/2021:16:13:15 +0100] "GET /images/3700276219515.jpg HTTP/1.1" 200 19812 "-" "Googlebot-Image/1.0"
66.249.69.162 - - [20/Feb/2021:16:13:27 +0100] "GET /images/big_prod/8433933178874.jpg HTTP/1.1" 200 61940 "-" "Googlebot-Image/1.0"
66.249.69.162 - - [20/Feb/2021:16:13:43 +0100] "GET /images/mini_prod/1000000912005.jpg HTTP/1.1" 200 9267 "-" "Googlebot-Image/1.0"
66.249.69.162 - - [20/Feb/2021:16:13:59 +0100] "GET /images/mini_prod/8433833131832.jpg HTTP/1.1" 200 7203 "-" "Googlebot-Image/1.0"
66.249.69.166 - - [20/Feb/2021:16:14:15 +0100] "GET /images/big_prod_1/9316188075725N.jpg HTTP/1.1" 200 88526 "-" "Googlebot-Image/1.0"
66.249.69.164 - - [20/Feb/2021:16:14:31 +0100] "GET /images/3553561615437.jpg HTTP/1.1" 200 20260 "-" "Googlebot-Image/1.0"
66.249.69.162 - - [20/Feb/2021:16:14:46 +0100] "GET /images/big_prod/3665269030617.jpg HTTP/1.1" 200 96018 "-" "Googlebot-Image/1.0"
66.249.69.164 - - [20/Feb/2021:16:15:02 +0100] "GET /images/mini_prod/1328399219292.jpg HTTP/1.1" 200 5794 "-" "Googlebot-Image/1.0"
66.249.69.164 - - [20/Feb/2021:16:15:18 +0100] "GET /images/mini_prod/3503420182600.jpg HTTP/1.1" 200 5390 "-" "Googlebot-Image/1.0"
216.244.66.242 - - [20/Feb/2021:16:15:19 +0100] "GET /robots.txt HTTP/1.1" 200 2438 "-" "Mozilla/5.0 (compatible; DotBot/1.1; http://www.opensiteexplorer.org/dotbot, help@moz.com)"
66.249.69.162 - - [20/Feb/2021:16:15:34 +0100] "GET /images/mini_prod/3503420504372.jpg HTTP/1.1" 200 4188 "-" "Googlebot-Image/1.0"
66.249.69.162 - - [20/Feb/2021:16:15:50 +0100] "GET /images/big_prod/3442440263107.jpg HTTP/1.1" 200 80009 "-" "Googlebot-Image/1.0"
66.249.69.166 - - [20/Feb/2021:16:16:06 +0100] "GET /images/mini_prod/3540943109356.jpg HTTP/1.1" 200 10387 "-" "Googlebot-Image/1.0"
66.249.69.162 - - [20/Feb/2021:16:16:22 +0100] "GET /images/mini_prod/3700407623563.jpg HTTP/1.1" 200 8489 "-" "Googlebot-Image/1.0"
66.249.69.162 - - [20/Feb/2021:16:16:38 +0100] "GET /images/8004332880080.jpg HTTP/1.1" 200 32985 "-" "Googlebot-Image/1.0"
66.249.69.162 - - [20/Feb/2021:16:16:54 +0100] "GET /images/big_prod/5400924116163.jpg HTTP/1.1" 200 159630 "-" "Googlebot-Image/1.0"
66.249.69.162 - - [20/Feb/2021:16:17:10 +0100] "GET /images/mini_prod/8433933120835.jpg HTTP/1.1" 200 10999 "-" "Googlebot-Image/1.0"
66.249.69.164 - - [20/Feb/2021:16:17:26 +0100] "GET /images/mini_prod/5052282085959.jpg HTTP/1.1" 200 7825 "-" "Googlebot-Image/1.0"
66.249.69.166 - - [20/Feb/2021:16:18:06 +0100] "GET /images/mini_prod/1399984254462.jpg HTTP/1.1" 200 5303 "-" "Googlebot-Image/1.0"
66.249.69.164 - - [20/Feb/2021:16:18:14 +0100] "GET /images/big_prod/4029811390427.jpg HTTP/1.1" 200 149216 "-" "Googlebot-Image/1.0"
66.249.69.162 - - [20/Feb/2021:16:18:21 +0100] "GET /images/mini_prod/8422133370577.jpg HTTP/1.1" 200 10002 "-" "Googlebot-Image/1.0"
66.249.69.162 - - [20/Feb/2021:16:18:36 +0100] "GET /images/big_prod/8433933939260.jpg HTTP/1.1" 200 70814 "-" "Googlebot-Image/1.0"
66.249.69.162 - - [20/Feb/2021:16:18:46 +0100] "GET /images/big_prod_2/8422013563204B.jpg HTTP/1.1" 200 90816 "-" "Googlebot-Image/1.0"
66.249.69.166 - - [20/Feb/2021:16:19:02 +0100] "GET /images/big_prod_2/776GJ04b.jpg HTTP/1.1" 200 163274 "-" "Googlebot-Image/1.0"
66.249.69.162 - - [20/Feb/2021:16:19:18 +0100] "GET /images/mini_prod/152581328399138951.jpg HTTP/1.1" 200 4526 "-" "Googlebot-Image/1.0"
66.249.69.162 - - [20/Feb/2021:16:19:34 +0100] "GET /images/big_prod/1399986100927.jpg HTTP/1.1" 200 158116 "-" "Googlebot-Image/1.0"
66.249.69.162 - - [20/Feb/2021:16:19:50 +0100] "GET /images/mini_prod/631GJ11.jpg HTTP/1.1" 200 3749 "-" "Googlebot-Image/1.0"
66.249.69.162 - - [20/Feb/2021:16:20:06 +0100] "GET /images/mini_prod/3700276215869.jpg HTTP/1.1" 200 6226 "-" "Googlebot-Image/1.0"
66.249.69.162 - - [20/Feb/2021:16:20:22 +0100] "GET /images/big_prod/8433916685023.jpg HTTP/1.1" 200 98263 "-" "Googlebot-Image/1.0"
66.249.69.162 - - [20/Feb/2021:16:20:38 +0100] "GET /images/mini_prod/798890162037.jpg HTTP/1.1" 200 5424 "-" "Googlebot-Image/1.0"
66.249.69.162 - - [20/Feb/2021:16:20:53 +0100] "GET /images/big_prod/5051276207117.jpg HTTP/1.1" 200 85652 "-" "Googlebot-Image/1.0"
66.249.69.164 - - [20/Feb/2021:16:21:10 +0100] "GET /images/mini_prod/1399984285763.jpg HTTP/1.1" 200 9473 "-" "Googlebot-Image/1.0"
66.249.69.162 - - [20/Feb/2021:16:21:25 +0100] "GET /images/mini_prod/8422669354003.jpg HTTP/1.1" 200 7769 "-" "Googlebot-Image/1.0"
66.249.69.162 - - [20/Feb/2021:16:21:41 +0100] "GET /images/mini_prod/3660173183183.jpg HTTP/1.1" 200 5002 "-" "Googlebot-Image/1.0"
66.249.69.162 - - [20/Feb/2021:16:21:57 +0100] "GET /images/mini_prod/5415203867490.jpg HTTP/1.1" 200 5636 "-" "Googlebot-Image/1.0"
66.249.69.162 - - [20/Feb/2021:16:22:14 +0100] "GET /images/big_prod_1/3700281646955a.jpg HTTP/1.1" 200 472730 "-" "Googlebot-Image/1.0"
66.249.69.162 - - [20/Feb/2021:16:22:29 +0100] "GET /images/mini_prod/4036113830490.jpg HTTP/1.1" 200 11822 "-" "Googlebot-Image/1.0"
66.249.69.162 - - [20/Feb/2021:16:22:45 +0100] "GET /images/big_prod/8424346356423.jpg HTTP/1.1" 200 46044 "-" "Googlebot-Image/1.0"
66.249.69.162 - - [20/Feb/2021:16:23:01 +0100] "GET /images/mini_prod/8424345892434.jpg HTTP/1.1" 200 9496 "-" "Googlebot-Image/1.0"
66.249.69.162 - - [20/Feb/2021:16:23:19 +0100] "GET /images/mini_prod/84220114boho.jpg HTTP/1.1" 200 11591 "-" "Googlebot-Image/1.0"
66.249.69.162 - - [20/Feb/2021:16:23:33 +0100] "GET /images/mini_prod/1384010205266.jpg HTTP/1.1" 200 4719 "-" "Googlebot-Image/1.0"
66.249.69.162 - - [20/Feb/2021:16:23:49 +0100] "GET /images/big_prod/1300000022453.jpg HTTP/1.1" 200 209053 "-" "Googlebot-Image/1.0"
66.249.69.166 - - [20/Feb/2021:16:24:05 +0100] "GET /images/mini_prod/5051276219677.jpg HTTP/1.1" 200 4976 "-" "Googlebot-Image/1.0"
66.249.69.164 - - [20/Feb/2021:16:24:21 +0100] "GET /images/mini_prod/B7601019990622.jpg HTTP/1.1" 200 7342 "-" "Googlebot-Image/1.0"
157.55.39.189 - - [20/Feb/2021:16:24:26 +0100] "GET /mondial_relay/js/jquery-1.3.2.min.js HTTP/1.1" 200 57254 "-" "Mozilla/5.0 (compatible; bingbot/2.0; +http://www.bing.com/bingbot.htm)"
157.55.39.246 - - [20/Feb/2021:16:24:30 +0100] "GET /js/jquery.js HTTP/1.1" 200 54075 "-" "Mozilla/5.0 (compatible; bingbot/2.0; +http://www.bing.com/bingbot.htm)"
66.249.69.162 - - [20/Feb/2021:16:24:37 +0100] "GET /images/mini_prod/8433933190098.jpg HTTP/1.1" 200 9534 "-" "Googlebot-Image/1.0"
157.55.39.255 - - [20/Feb/2021:16:24:39 +0100] "GET /highslide/highslide.js HTTP/1.1" 200 42909 "-" "Mozilla/5.0 (compatible; bingbot/2.0; +http://www.bing.com/bingbot.htm)"
157.55.39.159 - - [20/Feb/2021:16:24:43 +0100] "GET /js/jquery.jqzoom.js HTTP/1.1" 200 4761 "-" "Mozilla/5.0 (compatible; bingbot/2.0; +http://www.bing.com/bingbot.htm)"
66.249.69.162 - - [20/Feb/2021:16:24:53 +0100] "GET /images/mini_prod/5410905418117.gif HTTP/1.1" 200 13007 "-" "Googlebot-Image/1.0"
66.249.69.164 - - [20/Feb/2021:16:25:09 +0100] "GET /images/mini_prod/3453131132220B.jpg HTTP/1.1" 200 4041 "-" "Googlebot-Image/1.0"
114.119.154.200 - - [20/Feb/2021:16:25:11 +0100] "GET /images/mini_prod/3520071034553.jpg HTTP/1.1" 200 4259 "-" "Mozilla/5.0 (Linux; Android 7.0;) AppleWebKit/537.36 (KHTML, like Gecko) Mobile Safari/537.36 (compatible; PetalBot;+https://aspiegel.com/petalbot)"
66.249.69.164 - - [20/Feb/2021:16:25:25 +0100] "GET /images/mini_prod/3520071601410.jpg HTTP/1.1" 200 6250 "-" "Googlebot-Image/1.0"
66.249.69.162 - - [20/Feb/2021:16:25:41 +0100] "GET /images/mini_prod/1384000001151.jpg HTTP/1.1" 200 7834 "-" "Googlebot-Image/1.0"
66.249.69.162 - - [20/Feb/2021:16:25:57 +0100] "GET /images/mini_prod/9316188044097.jpg HTTP/1.1" 200 4276 "-" "Googlebot-Image/1.0"
66.249.69.162 - - [20/Feb/2021:16:26:13 +0100] "GET /images/mini_prod/1328399219551.jpg HTTP/1.1" 200 6197 "-" "Googlebot-Image/1.0"
66.249.69.164 - - [20/Feb/2021:16:26:29 +0100] "GET /images/mini_prod/1399984251850.jpg HTTP/1.1" 200 10225 "-" "Googlebot-Image/1.0"
66.249.69.162 - - [20/Feb/2021:16:26:45 +0100] "GET /images/mini_prod/3609810041684.jpg HTTP/1.1" 200 7868 "-" "Googlebot-Image/1.0"
66.249.69.162 - - [20/Feb/2021:16:27:00 +0100] "GET /images/mini_prod/3609810052680.jpg HTTP/1.1" 200 9461 "-" "Googlebot-Image/1.0"
66.249.69.166 - - [20/Feb/2021:16:27:17 +0100] "GET /images/mini_prod/1905279114634.jpg HTTP/1.1" 200 9247 "-" "Googlebot-Image/1.0"
66.249.69.164 - - [20/Feb/2021:16:27:43 +0100] "GET /images/big_prod/4029811399291.jpg HTTP/1.1" 200 124552 "-" "Googlebot-Image/1.0"
66.249.69.162 - - [20/Feb/2021:16:27:50 +0100] "GET /images/mini_prod/3700276225981.jpg HTTP/1.1" 200 6803 "-" "Googlebot-Image/1.0"
66.249.69.162 - - [20/Feb/2021:16:28:46 +0100] "GET /images/big_prod/1384010204054.jpg HTTP/1.1" 200 92080 "-" "Googlebot-Image/1.0"
66.249.69.164 - - [20/Feb/2021:16:28:52 +0100] "GET /images/8999991018465.jpg HTTP/1.1" 200 29986 "-" "Googlebot-Image/1.0"
66.249.69.162 - - [20/Feb/2021:16:29:00 +0100] "GET /images/mini_prod/50212609810083165.jpg HTTP/1.1" 200 6759 "-" "Googlebot-Image/1.0"
66.249.69.166 - - [20/Feb/2021:16:29:08 +0100] "GET /images/big_prod/3700407617982.jpg HTTP/1.1" 200 79469 "-" "Googlebot-Image/1.0"
66.249.69.164 - - [20/Feb/2021:16:29:16 +0100] "GET /images/mini_prod/1345544833257b.jpg HTTP/1.1" 200 6948 "-" "Googlebot-Image/1.0"
66.249.69.162 - - [20/Feb/2021:16:29:24 +0100] "GET /images/mini_prod/280674.gif HTTP/1.1" 200 6759 "-" "Googlebot-Image/1.0"
66.249.69.162 - - [20/Feb/2021:16:29:40 +0100] "GET /images/big_prod/20620TS.jpg HTTP/1.1" 200 109617 "-" "Googlebot-Image/1.0"
66.249.69.162 - - [20/Feb/2021:16:29:56 +0100] "GET /images/mini_prod/A84360429032013.jpg HTTP/1.1" 200 6903 "-" "Googlebot-Image/1.0"
66.249.69.164 - - [20/Feb/2021:16:30:12 +0100] "GET /images/big_prod_1/8718375752890.jpg HTTP/1.1" 200 174910 "-" "Googlebot-Image/1.0"
66.249.69.164 - - [20/Feb/2021:16:30:28 +0100] "GET /images/mini_prod/coussinchakraracine.jpg HTTP/1.1" 200 10080 "-" "Googlebot-Image/1.0"
66.249.69.162 - - [20/Feb/2021:16:30:44 +0100] "GET /images/4010071230325.jpg HTTP/1.1" 200 31510 "-" "Googlebot-Image/1.0"
66.249.69.162 - - [20/Feb/2021:16:31:00 +0100] "GET /images/big_prod/5403924021048.jpg HTTP/1.1" 200 28931 "-" "Googlebot-Image/1.0"
66.249.69.166 - - [20/Feb/2021:16:31:16 +0100] "GET /images/mini_prod/1384010188989.jpg HTTP/1.1" 200 6568 "-" "Googlebot-Image/1.0"
66.249.69.162 - - [20/Feb/2021:16:31:32 +0100] "GET /images/mini_prod/1384010204801.jpg HTTP/1.1" 200 10796 "-" "Googlebot-Image/1.0"
104.238.220.232 - - [20/Feb/2021:16:31:42 +0100] "GET /images/med_prod/5010994829971.jpg HTTP/1.1" 200 166534 "http://www.wonder-geek.com/nerf-strike-elite-strongarm-p-34581.html" "Mozilla/5.0 (Linux; Android 6.0.1; OPPO A57 Build/MMB29M; wv) AppleWebKit/537.36 (KHTML, like Gecko) Version/4.0 Chrome/63.0.3239.83 Mobile Safari/537.36 T7/10.13 baiduboxapp/10.13.0.11 (Baidu; P1 6.0.1)"
66.249.69.162 - - [20/Feb/2021:16:31:48 +0100] "GET /images/big_prod/3565750277739.jpg HTTP/1.1" 200 59879 "-" "Googlebot-Image/1.0"
66.249.69.166 - - [20/Feb/2021:16:32:04 +0100] "GET /images/mini_prod/8424001737437.jpg HTTP/1.1" 200 5449 "-" "Googlebot-Image/1.0"
66.249.69.162 - - [20/Feb/2021:16:32:20 +0100] "GET /images/big_prod_1/8422015737764B.jpg HTTP/1.1" 200 305419 "-" "Googlebot-Image/1.0"
66.249.69.162 - - [20/Feb/2021:16:32:36 +0100] "GET /images/mini_prod/3453131150637.jpg HTTP/1.1" 200 3323 "-" "Googlebot-Image/1.0"
66.249.69.162 - - [20/Feb/2021:16:32:52 +0100] "GET /images/big_prod/8424346227433.jpg HTTP/1.1" 200 77206 "-" "Googlebot-Image/1.0"
66.249.69.166 - - [20/Feb/2021:16:33:07 +0100] "GET /images/mini_prod/3520071660073a.jpg HTTP/1.1" 200 6802 "-" "Googlebot-Image/1.0"
66.249.69.162 - - [20/Feb/2021:16:33:23 +0100] "GET /images/mini_prod/1399986106516x.jpg HTTP/1.1" 200 3655 "-" "Googlebot-Image/1.0"
66.249.69.162 - - [20/Feb/2021:16:33:39 +0100] "GET /images/big_prod/1384010203422.jpg HTTP/1.1" 200 39648 "-" "Googlebot-Image/1.0"
66.249.69.162 - - [20/Feb/2021:16:33:55 +0100] "GET /images/big_prod/3700276259658.jpg HTTP/1.1" 200 91559 "-" "Googlebot-Image/1.0"
66.249.69.164 - - [20/Feb/2021:16:34:11 +0100] "GET /images/mini_prod/5415203483829.jpg HTTP/1.1" 200 5139 "-" "Googlebot-Image/1.0"
66.249.69.164 - - [20/Feb/2021:16:34:27 +0100] "GET /images/mini_prod/5415203802743.jpg HTTP/1.1" 200 4679 "-" "Googlebot-Image/1.0"
66.249.69.162 - - [20/Feb/2021:16:34:43 +0100] "GET /images/mini_prod/5415203688729.jpg HTTP/1.1" 200 3624 "-" "Googlebot-Image/1.0"
66.249.69.162 - - [20/Feb/2021:16:34:59 +0100] "GET /images/mini_prod/4260082936444.jpg HTTP/1.1" 200 7305 "-" "Googlebot-Image/1.0"
66.249.69.166 - - [20/Feb/2021:16:35:15 +0100] "GET /images/mini_prod/1400239.jpg HTTP/1.1" 200 2953 "-" "Googlebot-Image/1.0"
66.249.69.162 - - [20/Feb/2021:16:35:31 +0100] "GET /images/mini_prod/20194B3014627555642.jpg HTTP/1.1" 200 4472 "-" "Googlebot-Image/1.0"
66.249.69.162 - - [20/Feb/2021:16:35:47 +0100] "GET /images/mini_prod/8422050656020.jpg HTTP/1.1" 200 8354 "-" "Googlebot-Image/1.0"
66.249.69.164 - - [20/Feb/2021:16:36:03 +0100] "GET /images/mini_prod/8433933202791N.jpg HTTP/1.1" 200 6447 "-" "Googlebot-Image/1.0"
66.249.69.164 - - [20/Feb/2021:16:36:19 +0100] "GET /images/mini_prod/9316188052832.jpg HTTP/1.1" 200 4442 "-" "Googlebot-Image/1.0"
66.249.69.162 - - [20/Feb/2021:16:36:35 +0100] "GET /images/mini_prod/8433933105030.jpg HTTP/1.1" 200 5389 "-" "Googlebot-Image/1.0"
157.55.39.246 - - [20/Feb/2021:16:36:38 +0100] "GET /js/jquery.js HTTP/1.1" 200 54075 "-" "Mozilla/5.0 (compatible; bingbot/2.0; +http://www.bing.com/bingbot.htm)"
157.55.39.246 - - [20/Feb/2021:16:36:38 +0100] "GET /js/jquery.js HTTP/1.1" 200 54075 "-" "Mozilla/5.0 (compatible; bingbot/2.0; +http://www.bing.com/bingbot.htm)"
66.249.69.162 - - [20/Feb/2021:16:36:51 +0100] "GET /images/mini_prod/5415203850522.jpg HTTP/1.1" 200 8709 "-" "Googlebot-Image/1.0"
66.249.69.162 - - [20/Feb/2021:16:37:07 +0100] "GET /images/big_prod/8433933105047.jpg HTTP/1.1" 200 94012 "-" "Googlebot-Image/1.0"
66.249.69.164 - - [20/Feb/2021:16:37:23 +0100] "GET /images/big_prod_1/8720088291948b.jpg HTTP/1.1" 200 73809 "-" "Googlebot-Image/1.0"
66.249.69.162 - - [20/Feb/2021:16:37:46 +0100] "GET /images/mini_prod/4036113232096.jpg HTTP/1.1" 200 9047 "-" "Googlebot-Image/1.0"
66.249.69.162 - - [20/Feb/2021:16:37:55 +0100] "GET /images/big_prod/3609810060180.jpg HTTP/1.1" 200 182556 "-" "Googlebot-Image/1.0"
66.249.69.164 - - [20/Feb/2021:16:38:11 +0100] "GET /images/mini_prod/8718317680045b.jpg HTTP/1.1" 200 5402 "-" "Googlebot-Image/1.0"
66.249.69.164 - - [20/Feb/2021:16:38:28 +0100] "GET /images/mini_prod/8433933199664.jpg HTTP/1.1" 200 3765 "-" "Googlebot-Image/1.0"
157.55.39.189 - - [20/Feb/2021:16:38:50 +0100] "GET /images/big_prod/1328399271313.jpg HTTP/1.1" 200 367025 "-" "Mozilla/5.0 (compatible; bingbot/2.0; +http://www.bing.com/bingbot.htm)"
157.55.39.189 - - [20/Feb/2021:16:38:52 +0100] "GET /images/big_prod_1/1328399271313a.jpg HTTP/1.1" 200 315251 "-" "Mozilla/5.0 (compatible; bingbot/2.0; +http://www.bing.com/bingbot.htm)"
207.46.13.52 - - [20/Feb/2021:16:38:54 +0100] "GET /images/big_prod_2/1328399271313b.jpg HTTP/1.1" 200 261457 "-" "Mozilla/5.0 (compatible; bingbot/2.0; +http://www.bing.com/bingbot.htm)"
207.46.13.52 - - [20/Feb/2021:16:38:55 +0100] "GET /images/big_prod_3/1328399271313c.jpg HTTP/1.1" 200 316915 "-" "Mozilla/5.0 (compatible; bingbot/2.0; +http://www.bing.com/bingbot.htm)"
66.249.69.162 - - [20/Feb/2021:16:38:59 +0100] "GET /images/mini_prod/6001441.jpg HTTP/1.1" 200 7510 "-" "Googlebot-Image/1.0"
66.249.69.164 - - [20/Feb/2021:16:39:14 +0100] "GET /images/mini_prod/1345544833264.jpg HTTP/1.1" 200 6866 "-" "Googlebot-Image/1.0"
66.249.69.164 - - [20/Feb/2021:16:39:30 +0100] "GET /images/mini_prod/4036113311166.jpg HTTP/1.1" 200 7438 "-" "Googlebot-Image/1.0"
66.249.69.162 - - [20/Feb/2021:16:39:46 +0100] "GET /images/mini_prod/C11253B.jpg HTTP/1.1" 200 12938 "-" "Googlebot-Image/1.0"
66.249.69.164 - - [20/Feb/2021:16:40:03 +0100] "GET /images/big_prod_2/8422013563211B.jpg HTTP/1.1" 200 87488 "-" "Googlebot-Image/1.0"
66.249.69.162 - - [20/Feb/2021:16:40:18 +0100] "GET /images/big_prod/5415203976291.jpg HTTP/1.1" 200 158160 "-" "Googlebot-Image/1.0"
66.249.69.162 - - [20/Feb/2021:16:40:34 +0100] "GET /images/1345544524957.jpg HTTP/1.1" 200 72457 "-" "Googlebot-Image/1.0"
51.38.44.241 - - [20/Feb/2021:16:41:04 +0100] "GET /images/mini_prod/anthramexxup.jpg HTTP/1.1" 200 4973 "-" "-"
51.38.44.241 - - [20/Feb/2021:16:41:04 +0100] "GET /images/mini_prod/goldmeexup.jpg HTTP/1.1" 200 5573 "-" "-"
185.191.171.13 - - [20/Feb/2021:16:44:57 +0100] "GET /robots.txt HTTP/1.1" 200 2438 "-" "Mozilla/5.0 (compatible; SemrushBot/7~bl; +http://www.semrush.com/bot.html)"
114.119.145.117 - - [20/Feb/2021:16:45:03 +0100] "GET /images/mini_prod/8422000217004.jpg HTTP/1.1" 200 2326 "-" "Mozilla/5.0 (Linux; Android 7.0;) AppleWebKit/537.36 (KHTML, like Gecko) Mobile Safari/537.36 (compatible; PetalBot;+https://aspiegel.com/petalbot)"
13.66.139.88 - - [20/Feb/2021:16:47:09 +0100] "GET /images/big_prod/3560600313728.jpg HTTP/1.1" 200 109101 "-" "Mozilla/5.0 (compatible; bingbot/2.0; +http://www.bing.com/bingbot.htm)"
13.66.139.137 - - [20/Feb/2021:16:49:10 +0100] "GET /images/4036113142234.jpg HTTP/1.1" 200 45213 "-" "Mozilla/5.0 (compatible; bingbot/2.0; +http://www.bing.com/bingbot.htm)"
13.66.139.137 - - [20/Feb/2021:16:50:39 +0100] "GET /images/big_prod_2/1328399219391b.jpg HTTP/1.1" 200 65505 "-" "Mozilla/5.0 (compatible; bingbot/2.0; +http://www.bing.com/bingbot.htm)"
66.249.69.164 - - [20/Feb/2021:16:54:45 +0100] "GET /images/mini_prod/100_1892.gif HTTP/1.1" 200 9538 "-" "Googlebot-Image/1.0"
13.66.139.73 - - [20/Feb/2021:16:56:19 +0100] "GET /images/med_prod/5204549086333.jpg HTTP/1.1" 200 142149 "-" "Mozilla/5.0 (compatible; bingbot/2.0; +http://www.bing.com/bingbot.htm)"
13.66.139.73 - - [20/Feb/2021:16:56:19 +0100] "GET /images/mini_prod/3453131132930.jpg HTTP/1.1" 200 7112 "-" "Mozilla/5.0 (compatible; bingbot/2.0; +http://www.bing.com/bingbot.htm)"
13.66.139.73 - - [20/Feb/2021:16:57:09 +0100] "GET /images/big_prod/8718317687884.jpg HTTP/1.1" 200 85017 "-" "Mozilla/5.0 (compatible; bingbot/2.0; +http://www.bing.com/bingbot.htm)"
13.66.139.88 - - [20/Feb/2021:16:57:14 +0100] "GET /images/big_prod_1/78-4153b.jpg HTTP/1.1" 200 59186 "-" "Mozilla/5.0 (compatible; bingbot/2.0; +http://www.bing.com/bingbot.htm)"
157.55.39.246 - - [20/Feb/2021:16:58:00 +0100] "GET /js/jquery.js HTTP/1.1" 200 54075 "-" "Mozilla/5.0 (compatible; bingbot/2.0; +http://www.bing.com/bingbot.htm)"
17.58.101.142 - - [20/Feb/2021:16:59:16 +0100] "GET /images/mini_prod/8422010189810.jpg HTTP/1.1" 200 4937 "-" "Mozilla/5.0 (Macintosh; Intel Mac OS X 10_15_5) AppleWebKit/605.1.15 (KHTML, like Gecko) Version/13.1.1 Safari/605.1.15 (Applebot/0.1; +http://www.apple.com/go/applebot)"
13.66.139.73 - - [20/Feb/2021:16:59:29 +0100] "GET /images/4012390360370.jpg HTTP/1.1" 200 83055 "-" "Mozilla/5.0 (compatible; bingbot/2.0; +http://www.bing.com/bingbot.htm)"
13.66.139.73 - - [20/Feb/2021:16:59:40 +0100] "GET /images/3700057121686.jpg HTTP/1.1" 200 75376 "-" "Mozilla/5.0 (compatible; bingbot/2.0; +http://www.bing.com/bingbot.htm)"
13.66.139.137 - - [20/Feb/2021:16:59:52 +0100] "GET /images/big_prod/3503420115929.jpg HTTP/1.1" 200 174651 "-" "Mozilla/5.0 (compatible; bingbot/2.0; +http://www.bing.com/bingbot.htm)"
13.66.139.88 - - [20/Feb/2021:17:01:05 +0100] "GET /images/mini_prod/3281640374745.jpg HTTP/1.1" 200 10102 "-" "Mozilla/5.0 (compatible; bingbot/2.0; +http://www.bing.com/bingbot.htm)"
13.66.139.88 - - [20/Feb/2021:17:03:04 +0100] "GET /images/big_prod/8409810063779.jpg HTTP/1.1" 200 79367 "-" "Mozilla/5.0 (compatible; bingbot/2.0; +http://www.bing.com/bingbot.htm)"
13.66.139.88 - - [20/Feb/2021:17:03:58 +0100] "GET /images/big_prod/8435333853276.jpg HTTP/1.1" 200 147108 "-" "Mozilla/5.0 (compatible; bingbot/2.0; +http://www.bing.com/bingbot.htm)"
13.66.139.73 - - [20/Feb/2021:17:04:31 +0100] "GET /images/big_prod/4891320386556.jpg HTTP/1.1" 200 92396 "-" "Mozilla/5.0 (compatible; bingbot/2.0; +http://www.bing.com/bingbot.htm)"
13.66.139.73 - - [20/Feb/2021:17:04:32 +0100] "GET /images/med_prod/8435306290107.jpg HTTP/1.1" 200 154363 "-" "Mozilla/5.0 (compatible; bingbot/2.0; +http://www.bing.com/bingbot.htm)"
216.244.66.242 - - [20/Feb/2021:17:05:05 +0100] "GET /robots.txt HTTP/1.1" 200 2438 "-" "Mozilla/5.0 (compatible; DotBot/1.1; http://www.opensiteexplorer.org/dotbot, help@moz.com)"
13.66.139.73 - - [20/Feb/2021:17:05:34 +0100] "GET /images/med_prod/8433933011805.jpg HTTP/1.1" 200 129326 "-" "Mozilla/5.0 (compatible; bingbot/2.0; +http://www.bing.com/bingbot.htm)"
13.66.139.73 - - [20/Feb/2021:17:06:12 +0100] "GET /images/big_prod/886767070681.jpg HTTP/1.1" 200 60313 "-" "Mozilla/5.0 (compatible; bingbot/2.0; +http://www.bing.com/bingbot.htm)"
13.66.139.137 - - [20/Feb/2021:17:08:22 +0100] "GET /images/big_prod_1/3453131145060BBB.jpg HTTP/1.1" 200 83951 "-" "Mozilla/5.0 (compatible; bingbot/2.0; +http://www.bing.com/bingbot.htm)"
66.249.69.166 - - [20/Feb/2021:17:08:40 +0100] "GET /images/big_prod_1/8424346230488a.jpg HTTP/1.1" 200 122195 "-" "Googlebot-Image/1.0"
13.66.139.88 - - [20/Feb/2021:17:09:16 +0100] "GET /images/B6575C2.jpg HTTP/1.1" 200 39099 "-" "Mozilla/5.0 (compatible; bingbot/2.0; +http://www.bing.com/bingbot.htm)"
13.66.139.73 - - [20/Feb/2021:17:10:07 +0100] "GET /images/5010994806132.jpg HTTP/1.1" 200 143842 "-" "Mozilla/5.0 (compatible; bingbot/2.0; +http://www.bing.com/bingbot.htm)"
13.66.139.88 - - [20/Feb/2021:17:10:11 +0100] "GET /images/1345544343206.jpg HTTP/1.1" 200 92775 "-" "Mozilla/5.0 (compatible; bingbot/2.0; +http://www.bing.com/bingbot.htm)"
13.66.139.73 - - [20/Feb/2021:17:10:52 +0100] "GET /images/med_prod/1345544791847.jpg HTTP/1.1" 200 94759 "-" "Mozilla/5.0 (compatible; bingbot/2.0; +http://www.bing.com/bingbot.htm)"
13.66.139.137 - - [20/Feb/2021:17:11:23 +0100] "GET /images/big_prod_1/8424346355587B.jpg HTTP/1.1" 200 198222 "-" "Mozilla/5.0 (compatible; bingbot/2.0; +http://www.bing.com/bingbot.htm)"
13.66.139.137 - - [20/Feb/2021:17:11:23 +0100] "GET /images/1399984221303.jpg HTTP/1.1" 200 40308 "-" "Mozilla/5.0 (compatible; bingbot/2.0; +http://www.bing.com/bingbot.htm)"
13.66.139.137 - - [20/Feb/2021:17:14:13 +0100] "GET /images/big_prod_1/b8718657460628.jpg HTTP/1.1" 200 82932 "-" "Mozilla/5.0 (compatible; bingbot/2.0; +http://www.bing.com/bingbot.htm)"
13.66.139.137 - - [20/Feb/2021:17:14:14 +0100] "GET /images/big_prod/3700230605484.jpg HTTP/1.1" 200 139695 "-" "Mozilla/5.0 (compatible; bingbot/2.0; +http://www.bing.com/bingbot.htm)"
13.66.139.88 - - [20/Feb/2021:17:14:21 +0100] "GET /images/med_prod/1399984287729.jpg HTTP/1.1" 200 85441 "-" "Mozilla/5.0 (compatible; bingbot/2.0; +http://www.bing.com/bingbot.htm)"
13.66.139.88 - - [20/Feb/2021:17:15:49 +0100] "GET /images/5411854144577.jpg HTTP/1.1" 200 36485 "-" "Mozilla/5.0 (compatible; bingbot/2.0; +http://www.bing.com/bingbot.htm)"
76.109.55.249 - - [20/Feb/2021:17:16:42 +0100] "GET /images/big_prod/7601020000372.jpg HTTP/1.1" 200 125155 "-" "Mozilla/5.0 (Windows NT 10.0; WOW64) AppleWebKit/537.36 (KHTML, like Gecko) Chrome/86.0.4240.198 ADG/11.0.3112 Safari/537.36"
13.66.139.73 - - [20/Feb/2021:17:17:05 +0100] "GET /images/big_prod_1/8422056789630D.jpg HTTP/1.1" 200 380975 "-" "Mozilla/5.0 (compatible; bingbot/2.0; +http://www.bing.com/bingbot.htm)"
13.66.139.73 - - [20/Feb/2021:17:17:43 +0100] "GET /images/big_prod/8908004953372.jpg HTTP/1.1" 200 84402 "-" "Mozilla/5.0 (compatible; bingbot/2.0; +http://www.bing.com/bingbot.htm)"
220.243.136.31 - - [20/Feb/2021:17:17:56 +0100] "GET /images/big_prod/8422022313012.jpg HTTP/1.1" 200 50680 "http://www.wonder-geek.com/hand-fatma-acrylic-magnet-p-52883.html" "Mozilla/5.0 (Linux; Android 5.0) AppleWebKit/537.36 (KHTML, like Gecko) Mobile Safari/537.36 (compatible; Bytespider; https://zhanzhang.toutiao.com/)"
185.191.171.33 - - [20/Feb/2021:17:18:38 +0100] "GET /robots.txt HTTP/1.1" 200 2438 "-" "Mozilla/5.0 (compatible; SemrushBot/7~bl; +http://www.semrush.com/bot.html)"
13.66.139.137 - - [20/Feb/2021:17:18:43 +0100] "GET /images/med_prod/1399984288979.jpg HTTP/1.1" 200 63994 "-" "Mozilla/5.0 (compatible; bingbot/2.0; +http://www.bing.com/bingbot.htm)"
13.66.139.73 - - [20/Feb/2021:17:18:47 +0100] "GET /images/3438100321317.jpg HTTP/1.1" 200 31082 "-" "Mozilla/5.0 (compatible; bingbot/2.0; +http://www.bing.com/bingbot.htm)"
13.66.139.73 - - [20/Feb/2021:17:19:57 +0100] "GET /images/big_prod_1/4029811423385B.jpg HTTP/1.1" 200 37837 "-" "Mozilla/5.0 (compatible; bingbot/2.0; +http://www.bing.com/bingbot.htm)"
157.55.39.246 - - [20/Feb/2021:17:20:42 +0100] "GET /js/jquery.js HTTP/1.1" 200 54075 "-" "Mozilla/5.0 (compatible; bingbot/2.0; +http://www.bing.com/bingbot.htm)"
111.225.149.53 - - [20/Feb/2021:17:21:24 +0100] "GET /images/big_prod/8422022313005.jpg HTTP/1.1" 200 78192 "http://www.wonder-geek.com/hand-fatma-acrylic-magnet-p-52882.html" "Mozilla/5.0 (Linux; Android 5.0) AppleWebKit/537.36 (KHTML, like Gecko) Mobile Safari/537.36 (compatible; Bytespider; https://zhanzhang.toutiao.com/)"
13.66.139.137 - - [20/Feb/2021:17:21:26 +0100] "GET /images/big_prod/3700407613274.jpg HTTP/1.1" 200 71000 "-" "Mozilla/5.0 (compatible; bingbot/2.0; +http://www.bing.com/bingbot.htm)"
13.66.139.88 - - [20/Feb/2021:17:21:31 +0100] "GET /images/Photo-0302.jpg HTTP/1.1" 200 19241 "-" "Mozilla/5.0 (compatible; bingbot/2.0; +http://www.bing.com/bingbot.htm)"
66.249.69.164 - - [20/Feb/2021:17:22:34 +0100] "GET /images/mini_prod/5051276250090N.jpg HTTP/1.1" 200 8414 "-" "Googlebot-Image/1.0"
13.66.139.137 - - [20/Feb/2021:17:23:44 +0100] "GET /images/big_prod/1341689137465.jpg HTTP/1.1" 200 109006 "-" "Mozilla/5.0 (compatible; bingbot/2.0; +http://www.bing.com/bingbot.htm)"
13.66.139.88 - - [20/Feb/2021:17:24:22 +0100] "GET /images/big_prod/3700230606399.jpg HTTP/1.1" 200 79835 "-" "Mozilla/5.0 (compatible; bingbot/2.0; +http://www.bing.com/bingbot.htm)"
13.66.139.137 - - [20/Feb/2021:17:25:13 +0100] "GET /images/big_prod/1384010204191.jpg HTTP/1.1" 200 72843 "-" "Mozilla/5.0 (compatible; bingbot/2.0; +http://www.bing.com/bingbot.htm)"
103.131.71.166 - - [20/Feb/2021:17:25:28 +0100] "GET /robots.txt HTTP/1.1" 200 2438 "-" "Mozilla/5.0 (compatible; coccocbot-web/1.0; +http://help.coccoc.com/searchengine)"
103.131.71.166 - - [20/Feb/2021:17:25:30 +0100] "GET /robots.txt HTTP/1.1" 200 2438 "-" "Mozilla/5.0 (compatible; coccocbot-web/1.0; +http://help.coccoc.com/searchengine)"
13.66.139.88 - - [20/Feb/2021:17:26:19 +0100] "GET /images/big_prod/3770014725066.jpg HTTP/1.1" 200 160638 "-" "Mozilla/5.0 (compatible; bingbot/2.0; +http://www.bing.com/bingbot.htm)"
13.66.139.88 - - [20/Feb/2021:17:26:34 +0100] "GET /images/big_prod/3453131129145.jpg HTTP/1.1" 200 96175 "-" "Mozilla/5.0 (compatible; bingbot/2.0; +http://www.bing.com/bingbot.htm)"
13.66.139.73 - - [20/Feb/2021:17:28:06 +0100] "GET /images/big_prod/3574642576591.jpg HTTP/1.1" 200 53918 "-" "Mozilla/5.0 (compatible; bingbot/2.0; +http://www.bing.com/bingbot.htm)"
66.249.69.164 - - [20/Feb/2021:17:28:21 +0100] "GET /images/8412906996745.jpg HTTP/1.1" 200 55471 "-" "Googlebot-Image/1.0"
13.66.139.73 - - [20/Feb/2021:17:28:25 +0100] "GET /images/big_prod/3503420159473.jpg HTTP/1.1" 200 69606 "-" "Mozilla/5.0 (compatible; bingbot/2.0; +http://www.bing.com/bingbot.htm)"
13.66.139.137 - - [20/Feb/2021:17:29:54 +0100] "GET /images/5010994734862.jpg HTTP/1.1" 200 85122 "-" "Mozilla/5.0 (compatible; bingbot/2.0; +http://www.bing.com/bingbot.htm)"
13.66.139.137 - - [20/Feb/2021:17:29:55 +0100] "GET /images/big_prod/8719497612765.jpg HTTP/1.1" 200 127777 "-" "Mozilla/5.0 (compatible; bingbot/2.0; +http://www.bing.com/bingbot.htm)"
66.249.69.164 - - [20/Feb/2021:17:34:03 +0100] "GET /images/big_prod/1384010185032.jpg HTTP/1.1" 200 104020 "-" "Googlebot-Image/1.0"
13.66.139.88 - - [20/Feb/2021:17:34:27 +0100] "GET /images/big_prod/8422015482527.jpg HTTP/1.1" 200 145719 "-" "Mozilla/5.0 (compatible; bingbot/2.0; +http://www.bing.com/bingbot.htm)"
66.249.69.162 - - [20/Feb/2021:17:36:29 +0100] "GET /images/mini_prod/3503420121234.jpg HTTP/1.1" 200 4372 "-" "Googlebot-Image/1.0"
13.66.139.137 - - [20/Feb/2021:17:36:38 +0100] "GET /images/3148888888826.jpg HTTP/1.1" 200 25965 "-" "Mozilla/5.0 (compatible; bingbot/2.0; +http://www.bing.com/bingbot.htm)"
13.66.139.88 - - [20/Feb/2021:17:37:38 +0100] "GET /images/big_prod_3/540400644559b.jpg HTTP/1.1" 200 128498 "-" "Mozilla/5.0 (compatible; bingbot/2.0; +http://www.bing.com/bingbot.htm)"
13.66.139.73 - - [20/Feb/2021:17:38:27 +0100] "GET /images/big_prod/3609810070813.jpg HTTP/1.1" 200 64978 "-" "Mozilla/5.0 (compatible; bingbot/2.0; +http://www.bing.com/bingbot.htm)"
13.66.139.88 - - [20/Feb/2021:17:39:09 +0100] "GET /images/big_prod/3609810065093.jpg HTTP/1.1" 200 107003 "-" "Mozilla/5.0 (compatible; bingbot/2.0; +http://www.bing.com/bingbot.htm)"
13.66.139.73 - - [20/Feb/2021:17:39:13 +0100] "GET /images/big_prod/3609810063198.jpg HTTP/1.1" 200 109974 "-" "Mozilla/5.0 (compatible; bingbot/2.0; +http://www.bing.com/bingbot.htm)"
13.66.139.73 - - [20/Feb/2021:17:40:28 +0100] "GET /images/1399984252734.jpg HTTP/1.1" 200 122879 "-" "Mozilla/5.0 (compatible; bingbot/2.0; +http://www.bing.com/bingbot.htm)"
13.66.139.73 - - [20/Feb/2021:17:41:28 +0100] "GET /images/big_prod/5051276247588.jpg HTTP/1.1" 200 91081 "-" "Mozilla/5.0 (compatible; bingbot/2.0; +http://www.bing.com/bingbot.htm)"
13.66.139.88 - - [20/Feb/2021:17:41:49 +0100] "GET /images/8033667001914.jpg HTTP/1.1" 200 68380 "-" "Mozilla/5.0 (compatible; bingbot/2.0; +http://www.bing.com/bingbot.htm)"
13.66.139.88 - - [20/Feb/2021:17:41:59 +0100] "GET /images/med_prod/1384010176436.jpg HTTP/1.1" 200 84953 "-" "Mozilla/5.0 (compatible; bingbot/2.0; +http://www.bing.com/bingbot.htm)"
54.38.43.217 - - [20/Feb/2021:17:42:58 +0100] "GET /images/mini_prod/anthramexxup.jpg HTTP/1.1" 200 4973 "-" "-"
54.38.43.217 - - [20/Feb/2021:17:42:58 +0100] "GET /images/mini_prod/goldmeexup.jpg HTTP/1.1" 200 5573 "-" "-"
66.249.69.164 - - [20/Feb/2021:17:43:19 +0100] "GET /images/med_prod/1399984233573.jpg HTTP/1.1" 200 32095 "-" "Googlebot-Image/1.0"
13.66.139.88 - - [20/Feb/2021:17:44:41 +0100] "GET /images/big_prod/8718375751152.jpg HTTP/1.1" 200 117615 "-" "Mozilla/5.0 (compatible; bingbot/2.0; +http://www.bing.com/bingbot.htm)"
13.66.139.88 - - [20/Feb/2021:17:44:41 +0100] "GET /images/4012390325362.jpg HTTP/1.1" 200 33499 "-" "Mozilla/5.0 (compatible; bingbot/2.0; +http://www.bing.com/bingbot.htm)"
13.66.139.73 - - [20/Feb/2021:17:46:09 +0100] "GET /images/8006180201956.jpg HTTP/1.1" 200 45240 "-" "Mozilla/5.0 (compatible; bingbot/2.0; +http://www.bing.com/bingbot.htm)"
13.66.139.73 - - [20/Feb/2021:17:47:10 +0100] "GET /images/3681643401989.jpg HTTP/1.1" 200 77027 "-" "Mozilla/5.0 (compatible; bingbot/2.0; +http://www.bing.com/bingbot.htm)"
13.66.139.88 - - [20/Feb/2021:17:47:13 +0100] "GET /images/big_prod/5018997616239.jpg HTTP/1.1" 200 105456 "-" "Mozilla/5.0 (compatible; bingbot/2.0; +http://www.bing.com/bingbot.htm)"
17.58.101.142 - - [20/Feb/2021:17:47:55 +0100] "GET /images/mini_prod/1399984264546.jpg HTTP/1.1" 200 6491 "-" "Mozilla/5.0 (Macintosh; Intel Mac OS X 10_15_5) AppleWebKit/605.1.15 (KHTML, like Gecko) Version/13.1.1 Safari/605.1.15 (Applebot/0.1; +http://www.apple.com/go/applebot)"
185.191.171.24 - - [20/Feb/2021:17:47:59 +0100] "GET /robots.txt HTTP/1.1" 200 2438 "-" "Mozilla/5.0 (compatible; SemrushBot/7~bl; +http://www.semrush.com/bot.html)"
13.66.139.88 - - [20/Feb/2021:17:48:43 +0100] "GET /images/4010070227272.jpg HTTP/1.1" 200 22666 "-" "Mozilla/5.0 (compatible; bingbot/2.0; +http://www.bing.com/bingbot.htm)"
157.55.39.246 - - [20/Feb/2021:17:48:46 +0100] "GET /js/jquery.js HTTP/1.1" 200 54075 "-" "Mozilla/5.0 (compatible; bingbot/2.0; +http://www.bing.com/bingbot.htm)"
157.55.39.246 - - [20/Feb/2021:17:48:47 +0100] "GET /js/jquery.js HTTP/1.1" 200 54075 "-" "Mozilla/5.0 (compatible; bingbot/2.0; +http://www.bing.com/bingbot.htm)"
13.66.139.73 - - [20/Feb/2021:17:48:52 +0100] "GET /images/8003990585740.jpg HTTP/1.1" 200 28332 "-" "Mozilla/5.0 (compatible; bingbot/2.0; +http://www.bing.com/bingbot.htm)"
13.66.139.137 - - [20/Feb/2021:17:48:57 +0100] "GET /images/big_prod/3609810098879NN.jpg HTTP/1.1" 200 166278 "-" "Mozilla/5.0 (compatible; bingbot/2.0; +http://www.bing.com/bingbot.htm)"
13.66.139.137 - - [20/Feb/2021:17:48:57 +0100] "GET /images/big_prod/5404006042531.jpg HTTP/1.1" 200 71214 "-" "Mozilla/5.0 (compatible; bingbot/2.0; +http://www.bing.com/bingbot.htm)"
13.66.139.88 - - [20/Feb/2021:17:50:03 +0100] "GET /images/med_prod/3014627829873.jpg HTTP/1.1" 200 41111 "-" "Mozilla/5.0 (compatible; bingbot/2.0; +http://www.bing.com/bingbot.htm)"
66.249.69.162 - - [20/Feb/2021:17:50:24 +0100] "GET /images/mini_prod/9316188081207.jpg HTTP/1.1" 200 7804 "-" "Googlebot-Image/1.0"
13.66.139.88 - - [20/Feb/2021:17:51:12 +0100] "GET /images/mini_prod/3609810064195.jpg HTTP/1.1" 200 4394 "-" "Mozilla/5.0 (compatible; bingbot/2.0; +http://www.bing.com/bingbot.htm)"
13.66.139.88 - - [20/Feb/2021:17:51:14 +0100] "GET /images/big_prod/a3609810090736.jpg HTTP/1.1" 200 325036 "-" "Mozilla/5.0 (compatible; bingbot/2.0; +http://www.bing.com/bingbot.htm)"
110.249.202.171 - - [20/Feb/2021:17:51:19 +0100] "GET /images/big_prod_1/5400924075941B.jpg HTTP/1.1" 200 49688 "http://www.wonder-geek.com/medusa-glass-paperweight-p-53622.html" "Mozilla/5.0 (Linux; Android 5.0) AppleWebKit/537.36 (KHTML, like Gecko) Mobile Safari/537.36 (compatible; Bytespider; https://zhanzhang.toutiao.com/)"
110.249.202.171 - - [20/Feb/2021:17:51:19 +0100] "GET /images/big_prod/5400924075941.jpg HTTP/1.1" 200 52128 "http://www.wonder-geek.com/medusa-glass-paperweight-p-53622.html" "Mozilla/5.0 (Linux; Android 5.0) AppleWebKit/537.36 (KHTML, like Gecko) Mobile Safari/537.36 (compatible; Bytespider; https://zhanzhang.toutiao.com/)"
13.66.139.137 - - [20/Feb/2021:17:52:37 +0100] "GET /images/med_prod/3585190849969.jpg HTTP/1.1" 200 114021 "-" "Mozilla/5.0 (compatible; bingbot/2.0; +http://www.bing.com/bingbot.htm)"
176.54.40.4 - - [20/Feb/2021:17:53:07 +0100] "GET /js/jquery.jqzoom.js HTTP/1.1" 200 4761 "http://www.wonder-geek.com/morgan-paris-watch-p-38193.html" "Mozilla/5.0 (Linux; Android 9; MI 6) AppleWebKit/537.36 (KHTML, like Gecko) Chrome/88.0.4324.152 Mobile Safari/537.36"
176.54.40.4 - - [20/Feb/2021:17:53:07 +0100] "GET /templates/Pixame_v1/stylesheet.css HTTP/1.1" 200 56057 "http://www.wonder-geek.com/morgan-paris-watch-p-38193.html" "Mozilla/5.0 (Linux; Android 9; MI 6) AppleWebKit/537.36 (KHTML, like Gecko) Chrome/88.0.4324.152 Mobile Safari/537.36"
176.54.40.4 - - [20/Feb/2021:17:53:07 +0100] "GET /highslide/highslide.js HTTP/1.1" 200 42909 "http://www.wonder-geek.com/morgan-paris-watch-p-38193.html" "Mozilla/5.0 (Linux; Android 9; MI 6) AppleWebKit/537.36 (KHTML, like Gecko) Chrome/88.0.4324.152 Mobile Safari/537.36"
176.54.40.4 - - [20/Feb/2021:17:53:07 +0100] "GET /js/jquery.js HTTP/1.1" 200 54075 "http://www.wonder-geek.com/morgan-paris-watch-p-38193.html" "Mozilla/5.0 (Linux; Android 9; MI 6) AppleWebKit/537.36 (KHTML, like Gecko) Chrome/88.0.4324.152 Mobile Safari/537.36"
176.54.40.4 - - [20/Feb/2021:17:53:07 +0100] "GET /mondial_relay/js/jquery-1.3.2.min.js HTTP/1.1" 200 57254 "http://www.wonder-geek.com/morgan-paris-watch-p-38193.html" "Mozilla/5.0 (Linux; Android 9; MI 6) AppleWebKit/537.36 (KHTML, like Gecko) Chrome/88.0.4324.152 Mobile Safari/537.36"
176.54.40.4 - - [20/Feb/2021:17:53:08 +0100] "GET /templates/Pixame_v1/images/buttons/english/button_in_cart.gif HTTP/1.1" 200 1212 "http://www.wonder-geek.com/morgan-paris-watch-p-38193.html" "Mozilla/5.0 (Linux; Android 9; MI 6) AppleWebKit/537.36 (KHTML, like Gecko) Chrome/88.0.4324.152 Mobile Safari/537.36"
176.54.40.4 - - [20/Feb/2021:17:53:08 +0100] "GET /templates/Pixame_v1/images/icon_accueil2.png HTTP/1.1" 200 1137 "http://www.wonder-geek.com/morgan-paris-watch-p-38193.html" "Mozilla/5.0 (Linux; Android 9; MI 6) AppleWebKit/537.36 (KHTML, like Gecko) Chrome/88.0.4324.152 Mobile Safari/537.36"
176.54.40.4 - - [20/Feb/2021:17:53:08 +0100] "GET /templates/Pixame_v1/images/nav.png HTTP/1.1" 200 1283 "http://www.wonder-geek.com/templates/Pixame_v1/stylesheet.css" "Mozilla/5.0 (Linux; Android 9; MI 6) AppleWebKit/537.36 (KHTML, like Gecko) Chrome/88.0.4324.152 Mobile Safari/537.36"
176.54.40.4 - - [20/Feb/2021:17:53:08 +0100] "GET /templates/Pixame_v1/images/Bottom_texture.jpg HTTP/1.1" 200 56290 "http://www.wonder-geek.com/templates/Pixame_v1/stylesheet.css" "Mozilla/5.0 (Linux; Android 9; MI 6) AppleWebKit/537.36 (KHTML, like Gecko) Chrome/88.0.4324.152 Mobile Safari/537.36"
176.54.40.4 - - [20/Feb/2021:17:53:08 +0100] "GET /templates/Pixame_v1/images/header.png HTTP/1.1" 200 70245 "http://www.wonder-geek.com/templates/Pixame_v1/stylesheet.css" "Mozilla/5.0 (Linux; Android 9; MI 6) AppleWebKit/537.36 (KHTML, like Gecko) Chrome/88.0.4324.152 Mobile Safari/537.36"
176.54.40.4 - - [20/Feb/2021:17:53:08 +0100] "GET /templates/Pixame_v1/images/header-object.png HTTP/1.1" 200 106050 "http://www.wonder-geek.com/templates/Pixame_v1/stylesheet.css" "Mozilla/5.0 (Linux; Android 9; MI 6) AppleWebKit/537.36 (KHTML, like Gecko) Chrome/88.0.4324.152 Mobile Safari/537.36"
176.54.40.4 - - [20/Feb/2021:17:53:08 +0100] "GET /design/productsenstock.png HTTP/1.1" 200 4743 "http://www.wonder-geek.com/templates/Pixame_v1/stylesheet.css" "Mozilla/5.0 (Linux; Android 9; MI 6) AppleWebKit/537.36 (KHTML, like Gecko) Chrome/88.0.4324.152 Mobile Safari/537.36"
176.54.40.4 - - [20/Feb/2021:17:53:08 +0100] "GET /templates/Pixame_v1/images/Middle_texture.jpg HTTP/1.1" 200 249620 "http://www.wonder-geek.com/templates/Pixame_v1/stylesheet.css" "Mozilla/5.0 (Linux; Android 9; MI 6) AppleWebKit/537.36 (KHTML, like Gecko) Chrome/88.0.4324.152 Mobile Safari/537.36"
176.54.40.4 - - [20/Feb/2021:17:53:08 +0100] "GET /images/big_prod/5024693142538.jpg HTTP/1.1" 200 97021 "http://www.wonder-geek.com/morgan-paris-watch-p-38193.html" "Mozilla/5.0 (Linux; Android 9; MI 6) AppleWebKit/537.36 (KHTML, like Gecko) Chrome/88.0.4324.152 Mobile Safari/537.36"
176.54.40.4 - - [20/Feb/2021:17:53:09 +0100] "GET /highslide/graphics/outlines/drop-shadow.png HTTP/1.1" 200 2022 "http://www.wonder-geek.com/morgan-paris-watch-p-38193.html" "Mozilla/5.0 (Linux; Android 9; MI 6) AppleWebKit/537.36 (KHTML, like Gecko) Chrome/88.0.4324.152 Mobile Safari/537.36"
176.54.40.4 - - [20/Feb/2021:17:53:09 +0100] "GET /favicon.ico HTTP/1.1" 200 1591 "http://www.wonder-geek.com/morgan-paris-watch-p-38193.html" "Mozilla/5.0 (Linux; Android 9; MI 6) AppleWebKit/537.36 (KHTML, like Gecko) Chrome/88.0.4324.152 Mobile Safari/537.36"
13.66.139.137 - - [20/Feb/2021:17:55:26 +0100] "GET /images/6953270921336.jpg HTTP/1.1" 200 21788 "-" "Mozilla/5.0 (compatible; bingbot/2.0; +http://www.bing.com/bingbot.htm)"
13.66.139.88 - - [20/Feb/2021:17:56:05 +0100] "GET /images/b3438100351086.jpg HTTP/1.1" 200 72775 "-" "Mozilla/5.0 (compatible; bingbot/2.0; +http://www.bing.com/bingbot.htm)"
216.244.66.242 - - [20/Feb/2021:17:56:17 +0100] "GET /robots.txt HTTP/1.1" 200 2438 "-" "Mozilla/5.0 (compatible; DotBot/1.1; http://www.opensiteexplorer.org/dotbot, help@moz.com)"
13.66.139.73 - - [20/Feb/2021:17:56:43 +0100] "GET /images/big_prod/8436565220751.jpg HTTP/1.1" 200 149147 "-" "Mozilla/5.0 (compatible; bingbot/2.0; +http://www.bing.com/bingbot.htm)"
13.66.139.88 - - [20/Feb/2021:17:57:36 +0100] "GET /images/800399062390918072012.jpg HTTP/1.1" 200 34921 "-" "Mozilla/5.0 (compatible; bingbot/2.0; +http://www.bing.com/bingbot.htm)"
13.66.139.88 - - [20/Feb/2021:17:57:59 +0100] "GET /images/8420406318578.jpg HTTP/1.1" 200 28558 "-" "Mozilla/5.0 (compatible; bingbot/2.0; +http://www.bing.com/bingbot.htm)"
13.66.139.73 - - [20/Feb/2021:17:59:31 +0100] "GET /images/mini_prod/8904245402969.jpg HTTP/1.1" 200 7612 "-" "Mozilla/5.0 (compatible; bingbot/2.0; +http://www.bing.com/bingbot.htm)"
13.66.139.137 - - [20/Feb/2021:18:01:07 +0100] "GET /images/big_prod/720322285434.jpg HTTP/1.1" 200 74897 "-" "Mozilla/5.0 (compatible; bingbot/2.0; +http://www.bing.com/bingbot.htm)"
110.249.201.42 - - [20/Feb/2021:18:01:17 +0100] "GET /images/big_prod/8433933101452.jpg HTTP/1.1" 200 50392 "http://www.wonder-geek.com/glass-jellyfish-paperweight-p-52788.html" "Mozilla/5.0 (Linux; Android 5.0) AppleWebKit/537.36 (KHTML, like Gecko) Mobile Safari/537.36 (compatible; Bytespider; https://zhanzhang.toutiao.com/)"
67.195.177.44 - - [20/Feb/2021:18:03:17 +0100] "GET /images/med_prod/8435306290558.jpg HTTP/1.1" 200 133936 "https://images.search.yahoo.com/" "YahooCacheSystem; YahooWebServiceClient"
66.249.69.166 - - [20/Feb/2021:18:04:19 +0100] "GET /images/big_prod/8424346225071.jpg HTTP/1.1" 200 27550 "-" "Googlebot-Image/1.0"
13.66.139.137 - - [20/Feb/2021:18:04:28 +0100] "GET /images/big_prod/3612874117806.jpg HTTP/1.1" 200 103364 "-" "Mozilla/5.0 (compatible; bingbot/2.0; +http://www.bing.com/bingbot.htm)"
13.66.139.137 - - [20/Feb/2021:18:05:48 +0100] "GET /images/big_prod_3/d5018997612996.jpg HTTP/1.1" 200 151358 "-" "Mozilla/5.0 (compatible; bingbot/2.0; +http://www.bing.com/bingbot.htm)"
13.66.139.88 - - [20/Feb/2021:18:07:19 +0100] "GET /images/med_prod/1384010181447.jpg HTTP/1.1" 200 87047 "-" "Mozilla/5.0 (compatible; bingbot/2.0; +http://www.bing.com/bingbot.htm)"
13.66.139.137 - - [20/Feb/2021:18:07:27 +0100] "GET /images/med_prod/5414451398688.jpg HTTP/1.1" 200 58090 "-" "Mozilla/5.0 (compatible; bingbot/2.0; +http://www.bing.com/bingbot.htm)"
89.80.96.148 - - [20/Feb/2021:18:08:05 +0100] "GET /js/jquery.jqzoom.js HTTP/1.1" 200 4761 "http://www.wonder-geek.com/large-tassen-porcelain-hopeful-bowl-made-germany-p-52576.html" "Mozilla/5.0 (iPhone; CPU iPhone OS 14_4 like Mac OS X) AppleWebKit/605.1.15 (KHTML, like Gecko) Version/14.0.3 Mobile/15E148 Safari/604.1"
89.80.96.148 - - [20/Feb/2021:18:08:05 +0100] "GET /highslide/highslide.js HTTP/1.1" 200 42909 "http://www.wonder-geek.com/large-tassen-porcelain-hopeful-bowl-made-germany-p-52576.html" "Mozilla/5.0 (iPhone; CPU iPhone OS 14_4 like Mac OS X) AppleWebKit/605.1.15 (KHTML, like Gecko) Version/14.0.3 Mobile/15E148 Safari/604.1"
89.80.96.148 - - [20/Feb/2021:18:08:05 +0100] "GET /templates/Pixame_v1/stylesheet.css HTTP/1.1" 200 56057 "http://www.wonder-geek.com/large-tassen-porcelain-hopeful-bowl-made-germany-p-52576.html" "Mozilla/5.0 (iPhone; CPU iPhone OS 14_4 like Mac OS X) AppleWebKit/605.1.15 (KHTML, like Gecko) Version/14.0.3 Mobile/15E148 Safari/604.1"
