13.66.139.137 - - [20/Feb/2021:22:57:56 +0100] "GET /images/big_prod/3014627890989.jpg HTTP/1.1" 200 160397 "-" "Mozilla/5.0 (compatible; bingbot/2.0; +http://www.bing.com/bingbot.htm)"
220.181.51.92 - - [20/Feb/2021:22:58:31 +0100] "GET /robots.txt HTTP/1.1" 200 2438 "-" "Mozilla/5.0 (Windows NT 10.0; WOW64) AppleWebKit/537.36 (KHTML, like Gecko) Chrome/48.0.2564.116 Safari/537.36"
13.66.139.137 - - [20/Feb/2021:22:59:56 +0100] "GET /images/big_prod/3560600293853.jpg HTTP/1.1" 200 123460 "-" "Mozilla/5.0 (compatible; bingbot/2.0; +http://www.bing.com/bingbot.htm)"
13.66.139.137 - - [20/Feb/2021:22:59:56 +0100] "GET /images/3700235441193.jpg HTTP/1.1" 200 23758 "-" "Mozilla/5.0 (compatible; bingbot/2.0; +http://www.bing.com/bingbot.htm)"
13.66.139.88 - - [20/Feb/2021:23:00:11 +0100] "GET /images/DSCN0109.jpg HTTP/1.1" 200 16026 "-" "Mozilla/5.0 (compatible; bingbot/2.0; +http://www.bing.com/bingbot.htm)"
13.66.139.73 - - [20/Feb/2021:23:00:46 +0100] "GET /images/big_prod_1/8424346085446N.jpg HTTP/1.1" 200 142207 "-" "Mozilla/5.0 (compatible; bingbot/2.0; +http://www.bing.com/bingbot.htm)"
13.66.139.137 - - [20/Feb/2021:23:00:50 +0100] "GET /images/big_prod_2/c8717202553662.jpg HTTP/1.1" 200 37557 "-" "Mozilla/5.0 (compatible; bingbot/2.0; +http://www.bing.com/bingbot.htm)"
110.249.201.151 - - [20/Feb/2021:23:01:14 +0100] "GET /images/1399984251140.jpg HTTP/1.1" 200 62264 "http://www.wonder-geek.com/urss-clock-cbkreation-p-24369.html" "Mozilla/5.0 (Linux; Android 5.0) AppleWebKit/537.36 (KHTML, like Gecko) Mobile Safari/537.36 (compatible; Bytespider; https://zhanzhang.toutiao.com/)"
13.66.139.88 - - [20/Feb/2021:23:03:52 +0100] "GET /images/big_prod/1399985000235.jpg HTTP/1.1" 200 107332 "-" "Mozilla/5.0 (compatible; bingbot/2.0; +http://www.bing.com/bingbot.htm)"
13.66.139.88 - - [20/Feb/2021:23:03:53 +0100] "GET /images/3521320805313.jpg HTTP/1.1" 200 28910 "-" "Mozilla/5.0 (compatible; bingbot/2.0; +http://www.bing.com/bingbot.htm)"
13.66.139.137 - - [20/Feb/2021:23:04:26 +0100] "GET /images/1399984246801.gif HTTP/1.1" 200 78722 "-" "Mozilla/5.0 (compatible; bingbot/2.0; +http://www.bing.com/bingbot.htm)"
157.55.39.246 - - [20/Feb/2021:23:05:18 +0100] "GET /js/jquery.js HTTP/1.1" 200 54075 "-" "Mozilla/5.0 (compatible; bingbot/2.0; +http://www.bing.com/bingbot.htm)"
13.66.139.73 - - [20/Feb/2021:23:06:59 +0100] "GET /images/big_prod/3565750237429.jpg HTTP/1.1" 200 138247 "-" "Mozilla/5.0 (compatible; bingbot/2.0; +http://www.bing.com/bingbot.htm)"
157.55.39.189 - - [20/Feb/2021:23:07:07 +0100] "GET /mondial_relay/js/jquery-1.3.2.min.js HTTP/1.1" 200 57254 "-" "Mozilla/5.0 (compatible; bingbot/2.0; +http://www.bing.com/bingbot.htm)"
185.191.171.34 - - [20/Feb/2021:23:07:28 +0100] "GET /robots.txt HTTP/1.1" 200 2438 "-" "Mozilla/5.0 (compatible; SemrushBot/7~bl; +http://www.semrush.com/bot.html)"
13.66.139.73 - - [20/Feb/2021:23:08:08 +0100] "GET /images/big_prod_1/8433933141335N.jpg HTTP/1.1" 200 193763 "-" "Mozilla/5.0 (compatible; bingbot/2.0; +http://www.bing.com/bingbot.htm)"
13.66.139.73 - - [20/Feb/2021:23:08:26 +0100] "GET /images/mini_prod/9316188078139.jpg HTTP/1.1" 200 4187 "-" "Mozilla/5.0 (compatible; bingbot/2.0; +http://www.bing.com/bingbot.htm)"
147.92.153.14 - - [20/Feb/2021:23:09:04 +0100] "GET /images/big_prod/1140176020422.jpg HTTP/1.1" 200 64549 "-" "Mozilla/5.0 (compatible; Linespider/1.1; +https://lin.ee/4dwXkTH)"
52.149.148.239 - - [20/Feb/2021:23:09:25 +0100] "GET /images/8003990586877.jpg HTTP/1.1" 200 63153 "-" "Mozilla/5.0 (X11; Linux i686) AppleWebKit/537.17 (KHTML, like Gecko) Chrome/24.0.1312.27 Safari/537.17"
13.66.139.73 - - [20/Feb/2021:23:11:59 +0100] "GET /images/big_prod/3609810099821.jpg HTTP/1.1" 200 256485 "-" "Mozilla/5.0 (compatible; bingbot/2.0; +http://www.bing.com/bingbot.htm)"
66.249.69.162 - - [20/Feb/2021:23:12:04 +0100] "GET /images/mini_prod/4029811318834.jpg HTTP/1.1" 200 7475 "-" "Googlebot-Image/1.0"
13.66.139.88 - - [20/Feb/2021:23:14:45 +0100] "GET /images/med_prod/039897677330dj.jpg HTTP/1.1" 200 45294 "-" "Mozilla/5.0 (compatible; bingbot/2.0; +http://www.bing.com/bingbot.htm)"
13.66.139.137 - - [20/Feb/2021:23:15:27 +0100] "GET /images/big_prod/3453131145565.jpg HTTP/1.1" 200 150678 "-" "Mozilla/5.0 (compatible; bingbot/2.0; +http://www.bing.com/bingbot.htm)"
13.66.139.88 - - [20/Feb/2021:23:15:56 +0100] "GET /images/big_prod/1384010206966.jpg HTTP/1.1" 200 107449 "-" "Mozilla/5.0 (compatible; bingbot/2.0; +http://www.bing.com/bingbot.htm)"
13.66.139.73 - - [20/Feb/2021:23:16:01 +0100] "GET /images/big_prod/3612875113845.jpg HTTP/1.1" 200 294307 "-" "Mozilla/5.0 (compatible; bingbot/2.0; +http://www.bing.com/bingbot.htm)"
13.66.139.73 - - [20/Feb/2021:23:16:18 +0100] "GET /images/3272760376924.jpg HTTP/1.1" 200 118042 "-" "Mozilla/5.0 (compatible; bingbot/2.0; +http://www.bing.com/bingbot.htm)"
13.66.139.73 - - [20/Feb/2021:23:16:38 +0100] "GET /images/1399984253182bis.jpg HTTP/1.1" 200 90144 "-" "Mozilla/5.0 (compatible; bingbot/2.0; +http://www.bing.com/bingbot.htm)"
13.66.139.73 - - [20/Feb/2021:23:17:37 +0100] "GET /images/DSCN4025n.jpg HTTP/1.1" 200 26476 "-" "Mozilla/5.0 (compatible; bingbot/2.0; +http://www.bing.com/bingbot.htm)"
13.66.139.137 - - [20/Feb/2021:23:17:47 +0100] "GET /images/mini_prod/8433933208793.jpg HTTP/1.1" 200 11502 "-" "Mozilla/5.0 (compatible; bingbot/2.0; +http://www.bing.com/bingbot.htm)"
13.66.139.137 - - [20/Feb/2021:23:19:08 +0100] "GET /images/1399984259856.jpg HTTP/1.1" 200 63514 "-" "Mozilla/5.0 (compatible; bingbot/2.0; +http://www.bing.com/bingbot.htm)"
13.66.139.73 - - [20/Feb/2021:23:19:27 +0100] "GET /images/DSCN3871chf.jpg HTTP/1.1" 200 47078 "-" "Mozilla/5.0 (compatible; bingbot/2.0; +http://www.bing.com/bingbot.htm)"
207.46.13.52 - - [20/Feb/2021:23:20:55 +0100] "GET /highslide/graphics/outlines/drop-shadow.png HTTP/1.1" 200 2022 "-" "Mozilla/5.0 (compatible; bingbot/2.0; +http://www.bing.com/bingbot.htm)"
60.8.123.12 - - [20/Feb/2021:23:21:13 +0100] "GET /images/big_prod/3520071741406.jpg HTTP/1.1" 200 43440 "http://www.wonder-geek.com/mtal-small-baby-teeth-p-50824.html" "Mozilla/5.0 (Linux; Android 5.0) AppleWebKit/537.36 (KHTML, like Gecko) Mobile Safari/537.36 (compatible; Bytespider; https://zhanzhang.toutiao.com/)"
13.66.139.137 - - [20/Feb/2021:23:21:27 +0100] "GET /images/mini_prod/4029811392605.jpg HTTP/1.1" 200 5161 "-" "Mozilla/5.0 (compatible; bingbot/2.0; +http://www.bing.com/bingbot.htm)"
77.75.77.17 - - [20/Feb/2021:23:24:49 +0100] "GET /robots.txt HTTP/1.1" 200 2438 "-" "Mozilla/5.0 (compatible; SeznamBot/3.2; +http://napoveda.seznam.cz/en/seznambot-intro/)"
13.66.139.137 - - [20/Feb/2021:23:24:49 +0100] "GET /images/big_prod_2/3665269056204b.jpg HTTP/1.1" 200 385388 "-" "Mozilla/5.0 (compatible; bingbot/2.0; +http://www.bing.com/bingbot.htm)"
77.75.77.17 - - [20/Feb/2021:23:24:49 +0100] "GET /images/3438100284476.jpg HTTP/1.1" 200 83971 "-" "Mozilla/5.0 (compatible; SeznamBot/3.2; +http://napoveda.seznam.cz/en/seznambot-intro/)"
13.66.139.88 - - [20/Feb/2021:23:25:00 +0100] "GET /images/big_prod/1341689284312.jpg HTTP/1.1" 200 82096 "-" "Mozilla/5.0 (compatible; bingbot/2.0; +http://www.bing.com/bingbot.htm)"
185.191.171.35 - - [20/Feb/2021:23:25:57 +0100] "GET /robots.txt HTTP/1.1" 200 2438 "-" "Mozilla/5.0 (compatible; SemrushBot/7~bl; +http://www.semrush.com/bot.html)"
13.66.139.137 - - [20/Feb/2021:23:26:08 +0100] "GET /images/big_prod/4036113232676.jpg HTTP/1.1" 200 178559 "-" "Mozilla/5.0 (compatible; bingbot/2.0; +http://www.bing.com/bingbot.htm)"
66.249.69.166 - - [20/Feb/2021:23:27:04 +0100] "GET /images/mini_prod/3560600301725.jpg HTTP/1.1" 200 7918 "-" "Googlebot-Image/1.0"
13.66.139.137 - - [20/Feb/2021:23:28:39 +0100] "GET /images/big_prod/8422011475493A.jpg HTTP/1.1" 200 113185 "-" "Mozilla/5.0 (compatible; bingbot/2.0; +http://www.bing.com/bingbot.htm)"
157.55.39.246 - - [20/Feb/2021:23:28:42 +0100] "GET /js/jquery.js HTTP/1.1" 200 54075 "-" "Mozilla/5.0 (compatible; bingbot/2.0; +http://www.bing.com/bingbot.htm)"
157.55.39.246 - - [20/Feb/2021:23:28:42 +0100] "GET /js/jquery.js HTTP/1.1" 200 54075 "-" "Mozilla/5.0 (compatible; bingbot/2.0; +http://www.bing.com/bingbot.htm)"
157.55.39.246 - - [20/Feb/2021:23:28:50 +0100] "GET /js/jquery.js HTTP/1.1" 200 54075 "-" "Mozilla/5.0 (compatible; bingbot/2.0; +http://www.bing.com/bingbot.htm)"
157.55.39.246 - - [20/Feb/2021:23:28:51 +0100] "GET /js/jquery.js HTTP/1.1" 200 54075 "-" "Mozilla/5.0 (compatible; bingbot/2.0; +http://www.bing.com/bingbot.htm)"
13.66.139.88 - - [20/Feb/2021:23:29:51 +0100] "GET /images/big_prod/3609810096363.jpg HTTP/1.1" 200 199867 "-" "Mozilla/5.0 (compatible; bingbot/2.0; +http://www.bing.com/bingbot.htm)"
13.66.139.73 - - [20/Feb/2021:23:29:54 +0100] "GET /images/1399984228029.jpg HTTP/1.1" 200 37933 "-" "Mozilla/5.0 (compatible; bingbot/2.0; +http://www.bing.com/bingbot.htm)"
13.66.139.137 - - [20/Feb/2021:23:31:08 +0100] "GET /images/mini_prod/8904245403065.jpg HTTP/1.1" 200 7305 "-" "Mozilla/5.0 (compatible; bingbot/2.0; +http://www.bing.com/bingbot.htm)"
60.8.123.44 - - [20/Feb/2021:23:31:14 +0100] "GET /images/big_prod/maboiteadentdelait.jpg HTTP/1.1" 200 52128 "http://www.wonder-geek.com/mtal-small-baby-teeth-p-50823.html" "Mozilla/5.0 (Linux; Android 5.0) AppleWebKit/537.36 (KHTML, like Gecko) Mobile Safari/537.36 (compatible; Bytespider; https://zhanzhang.toutiao.com/)"
13.66.139.73 - - [20/Feb/2021:23:31:14 +0100] "GET /images/big_prod_3/c028399270507.jpg HTTP/1.1" 200 141303 "-" "Mozilla/5.0 (compatible; bingbot/2.0; +http://www.bing.com/bingbot.htm)"
13.66.139.88 - - [20/Feb/2021:23:31:20 +0100] "GET /images/big_prod/1341689283490.jpg HTTP/1.1" 200 88753 "-" "Mozilla/5.0 (compatible; bingbot/2.0; +http://www.bing.com/bingbot.htm)"
13.66.139.73 - - [20/Feb/2021:23:32:13 +0100] "GET /images/med_prod/1384010177785.jpg HTTP/1.1" 200 117796 "-" "Mozilla/5.0 (compatible; bingbot/2.0; +http://www.bing.com/bingbot.htm)"
13.66.139.88 - - [20/Feb/2021:23:32:52 +0100] "GET /images/big_prod/5415203853899.jpg HTTP/1.1" 200 103429 "-" "Mozilla/5.0 (compatible; bingbot/2.0; +http://www.bing.com/bingbot.htm)"
13.66.139.73 - - [20/Feb/2021:23:33:33 +0100] "GET /images/big_prod_1/1820027000000B.jpg HTTP/1.1" 200 78136 "-" "Mozilla/5.0 (compatible; bingbot/2.0; +http://www.bing.com/bingbot.htm)"
13.66.139.137 - - [20/Feb/2021:23:34:20 +0100] "GET /images/big_prod_1/b045544940030.jpg HTTP/1.1" 200 122022 "-" "Mozilla/5.0 (compatible; bingbot/2.0; +http://www.bing.com/bingbot.htm)"
114.119.129.36 - - [20/Feb/2021:23:34:32 +0100] "GET /images/big_prod/5415203955692.jpg HTTP/1.1" 200 51264 "-" "Mozilla/5.0 (Linux; Android 7.0;) AppleWebKit/537.36 (KHTML, like Gecko) Mobile Safari/537.36 (compatible; PetalBot;+https://aspiegel.com/petalbot)"
13.66.139.88 - - [20/Feb/2021:23:34:52 +0100] "GET /images/big_prod_1/b3660173212029.jpg HTTP/1.1" 200 60462 "-" "Mozilla/5.0 (compatible; bingbot/2.0; +http://www.bing.com/bingbot.htm)"
157.55.39.246 - - [20/Feb/2021:23:35:16 +0100] "GET /js/jquery.js HTTP/1.1" 200 54075 "-" "Mozilla/5.0 (compatible; bingbot/2.0; +http://www.bing.com/bingbot.htm)"
195.238.25.37 - - [20/Feb/2021:23:37:28 +0100] "GET /templates/Pixame_v1/stylesheet.css HTTP/1.1" 200 56057 "http://www.wonder-geek.com/-p-31724.html" "Mozilla/5.0 (Windows NT 10.0; Win64; x64) AppleWebKit/537.36 (KHTML, like Gecko) Chrome/87.0.4280.88 Safari/537.36 Edg/87.0.664.57"
195.238.25.37 - - [20/Feb/2021:23:37:28 +0100] "GET /js/jquery.jqzoom.js HTTP/1.1" 200 4761 "http://www.wonder-geek.com/-p-31724.html" "Mozilla/5.0 (Windows NT 10.0; Win64; x64) AppleWebKit/537.36 (KHTML, like Gecko) Chrome/87.0.4280.88 Safari/537.36 Edg/87.0.664.57"
195.238.25.37 - - [20/Feb/2021:23:37:28 +0100] "GET /highslide/highslide.js HTTP/1.1" 200 42909 "http://www.wonder-geek.com/-p-31724.html" "Mozilla/5.0 (Windows NT 10.0; Win64; x64) AppleWebKit/537.36 (KHTML, like Gecko) Chrome/87.0.4280.88 Safari/537.36 Edg/87.0.664.57"
195.238.25.37 - - [20/Feb/2021:23:37:28 +0100] "GET /js/jquery.js HTTP/1.1" 200 54075 "http://www.wonder-geek.com/-p-31724.html" "Mozilla/5.0 (Windows NT 10.0; Win64; x64) AppleWebKit/537.36 (KHTML, like Gecko) Chrome/87.0.4280.88 Safari/537.36 Edg/87.0.664.57"
195.238.25.37 - - [20/Feb/2021:23:37:28 +0100] "GET /mondial_relay/js/jquery-1.3.2.min.js HTTP/1.1" 200 57254 "http://www.wonder-geek.com/-p-31724.html" "Mozilla/5.0 (Windows NT 10.0; Win64; x64) AppleWebKit/537.36 (KHTML, like Gecko) Chrome/87.0.4280.88 Safari/537.36 Edg/87.0.664.57"
195.238.25.37 - - [20/Feb/2021:23:37:28 +0100] "GET /templates/Pixame_v1/images/icon_accueil2.png HTTP/1.1" 200 1137 "http://www.wonder-geek.com/-p-31724.html" "Mozilla/5.0 (Windows NT 10.0; Win64; x64) AppleWebKit/537.36 (KHTML, like Gecko) Chrome/87.0.4280.88 Safari/537.36 Edg/87.0.664.57"
195.238.25.37 - - [20/Feb/2021:23:37:29 +0100] "GET /templates/Pixame_v1/images/nav.png HTTP/1.1" 200 1283 "http://www.wonder-geek.com/templates/Pixame_v1/stylesheet.css" "Mozilla/5.0 (Windows NT 10.0; Win64; x64) AppleWebKit/537.36 (KHTML, like Gecko) Chrome/87.0.4280.88 Safari/537.36 Edg/87.0.664.57"
195.238.25.37 - - [20/Feb/2021:23:37:29 +0100] "GET /templates/Pixame_v1/images/Bottom_texture.jpg HTTP/1.1" 200 56290 "http://www.wonder-geek.com/templates/Pixame_v1/stylesheet.css" "Mozilla/5.0 (Windows NT 10.0; Win64; x64) AppleWebKit/537.36 (KHTML, like Gecko) Chrome/87.0.4280.88 Safari/537.36 Edg/87.0.664.57"
195.238.25.37 - - [20/Feb/2021:23:37:29 +0100] "GET /templates/Pixame_v1/images/Middle_texture.jpg HTTP/1.1" 200 249620 "http://www.wonder-geek.com/templates/Pixame_v1/stylesheet.css" "Mozilla/5.0 (Windows NT 10.0; Win64; x64) AppleWebKit/537.36 (KHTML, like Gecko) Chrome/87.0.4280.88 Safari/537.36 Edg/87.0.664.57"
195.238.25.37 - - [20/Feb/2021:23:37:29 +0100] "GET /templates/Pixame_v1/images/header.png HTTP/1.1" 200 70245 "http://www.wonder-geek.com/templates/Pixame_v1/stylesheet.css" "Mozilla/5.0 (Windows NT 10.0; Win64; x64) AppleWebKit/537.36 (KHTML, like Gecko) Chrome/87.0.4280.88 Safari/537.36 Edg/87.0.664.57"
195.238.25.37 - - [20/Feb/2021:23:37:29 +0100] "GET /templates/Pixame_v1/images/header-object.png HTTP/1.1" 200 106050 "http://www.wonder-geek.com/templates/Pixame_v1/stylesheet.css" "Mozilla/5.0 (Windows NT 10.0; Win64; x64) AppleWebKit/537.36 (KHTML, like Gecko) Chrome/87.0.4280.88 Safari/537.36 Edg/87.0.664.57"
195.238.25.37 - - [20/Feb/2021:23:37:29 +0100] "GET /design/productsenstock.png HTTP/1.1" 200 4743 "http://www.wonder-geek.com/templates/Pixame_v1/stylesheet.css" "Mozilla/5.0 (Windows NT 10.0; Win64; x64) AppleWebKit/537.36 (KHTML, like Gecko) Chrome/87.0.4280.88 Safari/537.36 Edg/87.0.664.57"
195.238.25.37 - - [20/Feb/2021:23:37:30 +0100] "GET /highslide/graphics/outlines/drop-shadow.png HTTP/1.1" 200 2022 "http://www.wonder-geek.com/-p-31724.html" "Mozilla/5.0 (Windows NT 10.0; Win64; x64) AppleWebKit/537.36 (KHTML, like Gecko) Chrome/87.0.4280.88 Safari/537.36 Edg/87.0.664.57"
195.238.25.37 - - [20/Feb/2021:23:37:30 +0100] "GET /favicon.ico HTTP/1.1" 200 1591 "http://www.wonder-geek.com/-p-31724.html" "Mozilla/5.0 (Windows NT 10.0; Win64; x64) AppleWebKit/537.36 (KHTML, like Gecko) Chrome/87.0.4280.88 Safari/537.36 Edg/87.0.664.57"
195.238.25.37 - - [20/Feb/2021:23:37:55 +0100] "GET /js/jquery.masonry.min.js HTTP/1.1" 200 5392 "http://www.wonder-geek.com/array-m-507.html" "Mozilla/5.0 (Windows NT 10.0; Win64; x64) AppleWebKit/537.36 (KHTML, like Gecko) Chrome/87.0.4280.88 Safari/537.36 Edg/87.0.664.57"
195.238.25.37 - - [20/Feb/2021:23:37:55 +0100] "GET /images/mini_prod/8717318124121.jpg HTTP/1.1" 200 8120 "http://www.wonder-geek.com/array-m-507.html" "Mozilla/5.0 (Windows NT 10.0; Win64; x64) AppleWebKit/537.36 (KHTML, like Gecko) Chrome/87.0.4280.88 Safari/537.36 Edg/87.0.664.57"
195.238.25.37 - - [20/Feb/2021:23:37:55 +0100] "GET /images/mini_prod/8717318124107.jpg HTTP/1.1" 200 6940 "http://www.wonder-geek.com/array-m-507.html" "Mozilla/5.0 (Windows NT 10.0; Win64; x64) AppleWebKit/537.36 (KHTML, like Gecko) Chrome/87.0.4280.88 Safari/537.36 Edg/87.0.664.57"
195.238.25.37 - - [20/Feb/2021:23:37:55 +0100] "GET /images/mini_prod/8717318132164.jpg HTTP/1.1" 200 7598 "http://www.wonder-geek.com/array-m-507.html" "Mozilla/5.0 (Windows NT 10.0; Win64; x64) AppleWebKit/537.36 (KHTML, like Gecko) Chrome/87.0.4280.88 Safari/537.36 Edg/87.0.664.57"
195.238.25.37 - - [20/Feb/2021:23:37:55 +0100] "GET /js/modernizr-transitions.js HTTP/1.1" 200 2026 "http://www.wonder-geek.com/array-m-507.html" "Mozilla/5.0 (Windows NT 10.0; Win64; x64) AppleWebKit/537.36 (KHTML, like Gecko) Chrome/87.0.4280.88 Safari/537.36 Edg/87.0.664.57"
13.66.139.88 - - [20/Feb/2021:23:38:03 +0100] "GET /images/big_prod_1/b067103378290.jpg HTTP/1.1" 200 74006 "-" "Mozilla/5.0 (compatible; bingbot/2.0; +http://www.bing.com/bingbot.htm)"
185.191.171.4 - - [20/Feb/2021:23:38:35 +0100] "GET /robots.txt HTTP/1.1" 200 2438 "-" "Mozilla/5.0 (compatible; SemrushBot/7~bl; +http://www.semrush.com/bot.html)"
13.66.139.73 - - [20/Feb/2021:23:39:40 +0100] "GET /images/big_prod/1384010200759.jpg HTTP/1.1" 200 95670 "-" "Mozilla/5.0 (compatible; bingbot/2.0; +http://www.bing.com/bingbot.htm)"
157.55.39.159 - - [20/Feb/2021:23:39:45 +0100] "GET /js/jquery.jqzoom.js HTTP/1.1" 200 4761 "-" "Mozilla/5.0 (compatible; bingbot/2.0; +http://www.bing.com/bingbot.htm)"
157.55.39.246 - - [20/Feb/2021:23:39:52 +0100] "GET /js/jquery.js HTTP/1.1" 200 54075 "-" "Mozilla/5.0 (compatible; bingbot/2.0; +http://www.bing.com/bingbot.htm)"
13.66.139.137 - - [20/Feb/2021:23:40:19 +0100] "GET /images/big_prod/8433933165416.jpg HTTP/1.1" 200 87432 "-" "Mozilla/5.0 (compatible; bingbot/2.0; +http://www.bing.com/bingbot.htm)"
60.8.123.15 - - [20/Feb/2021:23:41:13 +0100] "GET /images/big_prod/3520071741383.jpg HTTP/1.1" 200 42200 "http://www.wonder-geek.com/mtal-small-baby-teeth-p-50821.html" "Mozilla/5.0 (Linux; Android 5.0) AppleWebKit/537.36 (KHTML, like Gecko) Mobile Safari/537.36 (compatible; Bytespider; https://zhanzhang.toutiao.com/)"
66.249.69.164 - - [20/Feb/2021:23:42:04 +0100] "GET /images/mini_prod/DSCN4502.gif HTTP/1.1" 200 8020 "-" "Googlebot-Image/1.0"
157.55.39.189 - - [20/Feb/2021:23:42:10 +0100] "GET /mondial_relay/js/jquery-1.3.2.min.js HTTP/1.1" 200 57254 "-" "Mozilla/5.0 (compatible; bingbot/2.0; +http://www.bing.com/bingbot.htm)"
157.55.39.255 - - [20/Feb/2021:23:42:15 +0100] "GET /highslide/highslide.js HTTP/1.1" 200 42909 "-" "Mozilla/5.0 (compatible; bingbot/2.0; +http://www.bing.com/bingbot.htm)"
216.244.66.242 - - [20/Feb/2021:23:42:26 +0100] "GET /robots.txt HTTP/1.1" 200 2438 "-" "Mozilla/5.0 (compatible; DotBot/1.1; http://www.opensiteexplorer.org/dotbot, help@moz.com)"
13.66.139.73 - - [20/Feb/2021:23:43:40 +0100] "GET /images/big_prod/3453131151573.jpg HTTP/1.1" 200 59095 "-" "Mozilla/5.0 (compatible; bingbot/2.0; +http://www.bing.com/bingbot.htm)"
13.66.139.137 - - [20/Feb/2021:23:44:30 +0100] "GET /images/big_prod/3453131150507.jpg HTTP/1.1" 200 121006 "-" "Mozilla/5.0 (compatible; bingbot/2.0; +http://www.bing.com/bingbot.htm)"
114.119.129.36 - - [20/Feb/2021:23:45:17 +0100] "GET /images/big_prod/4029811336357.jpg HTTP/1.1" 200 115038 "-" "Mozilla/5.0 (Linux; Android 7.0;) AppleWebKit/537.36 (KHTML, like Gecko) Mobile Safari/537.36 (compatible; PetalBot;+https://aspiegel.com/petalbot)"
13.66.139.73 - - [20/Feb/2021:23:46:44 +0100] "GET /images/big_prod/CD3962a.jpg HTTP/1.1" 200 54308 "-" "Mozilla/5.0 (compatible; bingbot/2.0; +http://www.bing.com/bingbot.htm)"
157.55.39.246 - - [20/Feb/2021:23:47:29 +0100] "GET /js/jquery.js HTTP/1.1" 200 54075 "-" "Mozilla/5.0 (compatible; bingbot/2.0; +http://www.bing.com/bingbot.htm)"
157.55.39.246 - - [20/Feb/2021:23:47:30 +0100] "GET /js/jquery.js HTTP/1.1" 200 54075 "-" "Mozilla/5.0 (compatible; bingbot/2.0; +http://www.bing.com/bingbot.htm)"
114.119.137.139 - - [20/Feb/2021:23:47:56 +0100] "GET /images/big_prod/3453131151641.jpg HTTP/1.1" 200 93310 "-" "Mozilla/5.0 (Linux; Android 7.0;) AppleWebKit/537.36 (KHTML, like Gecko) Mobile Safari/537.36 (compatible; PetalBot;+https://aspiegel.com/petalbot)"
220.243.135.166 - - [20/Feb/2021:23:51:11 +0100] "GET /images/big_prod/3520071741390.jpg HTTP/1.1" 200 62264 "http://www.wonder-geek.com/mtal-small-baby-teeth-p-50822.html" "Mozilla/5.0 (Linux; Android 5.0) AppleWebKit/537.36 (KHTML, like Gecko) Mobile Safari/537.36 (compatible; Bytespider; https://zhanzhang.toutiao.com/)"
13.66.139.88 - - [20/Feb/2021:23:51:23 +0100] "GET /images/big_prod/1384010185018.jpg HTTP/1.1" 200 91712 "-" "Mozilla/5.0 (compatible; bingbot/2.0; +http://www.bing.com/bingbot.htm)"
13.66.139.73 - - [20/Feb/2021:23:53:11 +0100] "GET /images/big_prod/3612875124803.jpg HTTP/1.1" 200 71195 "-" "Mozilla/5.0 (compatible; bingbot/2.0; +http://www.bing.com/bingbot.htm)"
13.66.139.73 - - [20/Feb/2021:23:54:48 +0100] "GET /images/b8009233802179b.jpg HTTP/1.1" 200 34988 "-" "Mozilla/5.0 (compatible; bingbot/2.0; +http://www.bing.com/bingbot.htm)"
147.92.153.7 - - [20/Feb/2021:23:55:01 +0100] "GET /images/big_prod/3281640318916N.jpg HTTP/1.1" 200 99223 "-" "Mozilla/5.0 (compatible; Linespider/1.1; +https://lin.ee/4dwXkTH)"
147.92.153.15 - - [20/Feb/2021:23:55:18 +0100] "GET /images/big_prod_1/3281640318916.jpg HTTP/1.1" 200 107382 "-" "Mozilla/5.0 (compatible; Linespider/1.1; +https://lin.ee/4dwXkTH)"
13.66.139.73 - - [20/Feb/2021:23:56:39 +0100] "GET /images/22106_Ansicht.jpg HTTP/1.1" 200 51540 "-" "Mozilla/5.0 (compatible; bingbot/2.0; +http://www.bing.com/bingbot.htm)"
13.66.139.73 - - [20/Feb/2021:23:56:40 +0100] "GET /images/big_prod/8435333824429.jpg HTTP/1.1" 200 104712 "-" "Mozilla/5.0 (compatible; bingbot/2.0; +http://www.bing.com/bingbot.htm)"
66.249.69.166 - - [20/Feb/2021:23:57:02 +0100] "GET /images/big_prod/8433933237816.jpg HTTP/1.1" 200 418161 "-" "Googlebot-Image/1.0"
13.66.139.73 - - [20/Feb/2021:23:57:18 +0100] "GET /images/3684225058359.jpg HTTP/1.1" 200 34576 "-" "Mozilla/5.0 (compatible; bingbot/2.0; +http://www.bing.com/bingbot.htm)"
147.92.153.6 - - [20/Feb/2021:23:57:59 +0100] "GET /images/big_prod_2/c3662498029788.jpg HTTP/1.1" 200 103119 "-" "Mozilla/5.0 (compatible; Linespider/1.1; +https://lin.ee/4dwXkTH)"
147.92.153.17 - - [20/Feb/2021:23:58:19 +0100] "GET /images/big_prod_1/b3662498029788.jpg HTTP/1.1" 200 92688 "-" "Mozilla/5.0 (compatible; Linespider/1.1; +https://lin.ee/4dwXkTH)"
13.66.139.88 - - [20/Feb/2021:23:58:46 +0100] "GET /images/med_prod/8435306290442.jpg HTTP/1.1" 200 135799 "-" "Mozilla/5.0 (compatible; bingbot/2.0; +http://www.bing.com/bingbot.htm)"
13.66.139.73 - - [21/Feb/2021:00:00:39 +0100] "GET /images/med_prod/3520071409412.jpg HTTP/1.1" 200 69091 "-" "Mozilla/5.0 (compatible; bingbot/2.0; +http://www.bing.com/bingbot.htm)"
60.8.123.211 - - [21/Feb/2021:00:01:11 +0100] "GET /images/med_prod/3520071345345.jpg HTTP/1.1" 200 39096 "http://www.wonder-geek.com/small-girl-baby-teeth-p-31538.html" "Mozilla/5.0 (Linux; Android 5.0) AppleWebKit/537.36 (KHTML, like Gecko) Mobile Safari/537.36 (compatible; Bytespider; https://zhanzhang.toutiao.com/)"
13.66.139.137 - - [21/Feb/2021:00:02:09 +0100] "GET /images/big_prod_3/5404006040773d.jpg HTTP/1.1" 200 98556 "-" "Mozilla/5.0 (compatible; bingbot/2.0; +http://www.bing.com/bingbot.htm)"
13.66.139.137 - - [21/Feb/2021:00:05:29 +0100] "GET /images/3565750158564.jpg HTTP/1.1" 200 104246 "-" "Mozilla/5.0 (compatible; bingbot/2.0; +http://www.bing.com/bingbot.htm)"
13.66.139.137 - - [21/Feb/2021:00:05:49 +0100] "GET /images/big_prod/8422010052206.jpg HTTP/1.1" 200 102884 "-" "Mozilla/5.0 (compatible; bingbot/2.0; +http://www.bing.com/bingbot.htm)"
13.66.139.88 - - [21/Feb/2021:00:05:58 +0100] "GET /images/big_prod/3014627557349NN.jpg HTTP/1.1" 200 51648 "-" "Mozilla/5.0 (compatible; bingbot/2.0; +http://www.bing.com/bingbot.htm)"
13.66.139.73 - - [21/Feb/2021:00:06:02 +0100] "GET /images/big_prod/3660173185552.jpg HTTP/1.1" 200 66639 "-" "Mozilla/5.0 (compatible; bingbot/2.0; +http://www.bing.com/bingbot.htm)"
185.191.171.6 - - [21/Feb/2021:00:06:34 +0100] "GET /robots.txt HTTP/1.1" 200 2438 "-" "Mozilla/5.0 (compatible; SemrushBot/7~bl; +http://www.semrush.com/bot.html)"
157.55.39.159 - - [21/Feb/2021:00:06:44 +0100] "GET /js/jquery.jqzoom.js HTTP/1.1" 200 4761 "-" "Mozilla/5.0 (compatible; bingbot/2.0; +http://www.bing.com/bingbot.htm)"
13.66.139.73 - - [21/Feb/2021:00:07:10 +0100] "GET /images/big_prod/8720088295847.jpg HTTP/1.1" 200 106590 "-" "Mozilla/5.0 (compatible; bingbot/2.0; +http://www.bing.com/bingbot.htm)"
13.66.139.73 - - [21/Feb/2021:00:08:23 +0100] "GET /images/big_prod_2/540400644559a.jpg HTTP/1.1" 200 86746 "-" "Mozilla/5.0 (compatible; bingbot/2.0; +http://www.bing.com/bingbot.htm)"
157.55.39.159 - - [21/Feb/2021:00:08:39 +0100] "GET /js/jquery.jqzoom.js HTTP/1.1" 200 4761 "-" "Mozilla/5.0 (compatible; bingbot/2.0; +http://www.bing.com/bingbot.htm)"
157.55.39.246 - - [21/Feb/2021:00:08:44 +0100] "GET /js/jquery.js HTTP/1.1" 200 54075 "-" "Mozilla/5.0 (compatible; bingbot/2.0; +http://www.bing.com/bingbot.htm)"
13.66.139.73 - - [21/Feb/2021:00:09:30 +0100] "GET /images/big_prod_2/1328399144228C.jpg HTTP/1.1" 200 58895 "-" "Mozilla/5.0 (compatible; bingbot/2.0; +http://www.bing.com/bingbot.htm)"
157.55.39.189 - - [21/Feb/2021:00:10:01 +0100] "GET /mondial_relay/js/jquery-1.3.2.min.js HTTP/1.1" 200 57254 "-" "Mozilla/5.0 (compatible; bingbot/2.0; +http://www.bing.com/bingbot.htm)"
147.92.153.5 - - [21/Feb/2021:00:10:01 +0100] "GET /images/big_prod/3760119600214.jpg HTTP/1.1" 200 68204 "-" "Mozilla/5.0 (compatible; Linespider/1.1; +https://lin.ee/4dwXkTH)"
157.55.39.255 - - [21/Feb/2021:00:10:06 +0100] "GET /highslide/highslide.js HTTP/1.1" 200 42909 "-" "Mozilla/5.0 (compatible; bingbot/2.0; +http://www.bing.com/bingbot.htm)"
13.66.139.88 - - [21/Feb/2021:00:10:11 +0100] "GET /images/big_prod/3442440260717.jpg HTTP/1.1" 200 176918 "-" "Mozilla/5.0 (compatible; bingbot/2.0; +http://www.bing.com/bingbot.htm)"
157.55.39.246 - - [21/Feb/2021:00:10:15 +0100] "GET /js/jquery.js HTTP/1.1" 200 54075 "-" "Mozilla/5.0 (compatible; bingbot/2.0; +http://www.bing.com/bingbot.htm)"
147.92.153.11 - - [21/Feb/2021:00:10:21 +0100] "GET /images/big_prod/3520071678467.jpg HTTP/1.1" 200 72443 "-" "Mozilla/5.0 (compatible; Linespider/1.1; +https://lin.ee/4dwXkTH)"
147.92.153.15 - - [21/Feb/2021:00:10:40 +0100] "GET /images/big_prod/3574642575754.jpg HTTP/1.1" 200 45267 "-" "Mozilla/5.0 (compatible; Linespider/1.1; +https://lin.ee/4dwXkTH)"
147.92.153.19 - - [21/Feb/2021:00:11:00 +0100] "GET /images/big_prod/3574642575792.jpg HTTP/1.1" 200 41522 "-" "Mozilla/5.0 (compatible; Linespider/1.1; +https://lin.ee/4dwXkTH)"
111.225.149.43 - - [21/Feb/2021:00:11:10 +0100] "GET /images/3438100356319.jpg HTTP/1.1" 200 50680 "http://www.wonder-geek.com/london-shopping-p-26502.html" "Mozilla/5.0 (Linux; Android 5.0) AppleWebKit/537.36 (KHTML, like Gecko) Mobile Safari/537.36 (compatible; Bytespider; https://zhanzhang.toutiao.com/)"
147.92.153.5 - - [21/Feb/2021:00:11:20 +0100] "GET /images/big_prod/3574642575808.jpg HTTP/1.1" 200 41733 "-" "Mozilla/5.0 (compatible; Linespider/1.1; +https://lin.ee/4dwXkTH)"
157.55.39.255 - - [21/Feb/2021:00:11:33 +0100] "GET /highslide/highslide.js HTTP/1.1" 200 42909 "-" "Mozilla/5.0 (compatible; bingbot/2.0; +http://www.bing.com/bingbot.htm)"
147.92.153.18 - - [21/Feb/2021:00:11:40 +0100] "GET /images/big_prod/3574642577710.jpg HTTP/1.1" 200 33564 "-" "Mozilla/5.0 (compatible; Linespider/1.1; +https://lin.ee/4dwXkTH)"
147.92.153.19 - - [21/Feb/2021:00:12:00 +0100] "GET /images/big_prod/3574642575778.jpg HTTP/1.1" 200 41886 "-" "Mozilla/5.0 (compatible; Linespider/1.1; +https://lin.ee/4dwXkTH)"
147.92.153.1 - - [21/Feb/2021:00:12:20 +0100] "GET /images/big_prod/3574642575761.jpg HTTP/1.1" 200 43814 "-" "Mozilla/5.0 (compatible; Linespider/1.1; +https://lin.ee/4dwXkTH)"
147.92.153.15 - - [21/Feb/2021:00:12:41 +0100] "GET /images/big_prod/8424346041534.jpg HTTP/1.1" 200 208123 "-" "Mozilla/5.0 (compatible; Linespider/1.1; +https://lin.ee/4dwXkTH)"
13.66.139.73 - - [21/Feb/2021:00:12:50 +0100] "GET /images/3845653503020.jpg HTTP/1.1" 200 21082 "-" "Mozilla/5.0 (compatible; bingbot/2.0; +http://www.bing.com/bingbot.htm)"
147.92.153.6 - - [21/Feb/2021:00:13:01 +0100] "GET /images/big_prod/3574642574955.jpg HTTP/1.1" 200 91194 "-" "Mozilla/5.0 (compatible; Linespider/1.1; +https://lin.ee/4dwXkTH)"
147.92.153.18 - - [21/Feb/2021:00:13:21 +0100] "GET /images/big_prod/3574642574948.jpg HTTP/1.1" 200 85076 "-" "Mozilla/5.0 (compatible; Linespider/1.1; +https://lin.ee/4dwXkTH)"
147.92.153.17 - - [21/Feb/2021:00:13:41 +0100] "GET /images/big_prod/3574642574979.jpg HTTP/1.1" 200 83275 "-" "Mozilla/5.0 (compatible; Linespider/1.1; +https://lin.ee/4dwXkTH)"
147.92.153.15 - - [21/Feb/2021:00:14:01 +0100] "GET /images/big_prod/3574642574917.jpg HTTP/1.1" 200 75010 "-" "Mozilla/5.0 (compatible; Linespider/1.1; +https://lin.ee/4dwXkTH)"
13.66.139.137 - - [21/Feb/2021:00:14:20 +0100] "GET /images/big_prod_1/842204881040a.jpg HTTP/1.1" 200 114578 "-" "Mozilla/5.0 (compatible; bingbot/2.0; +http://www.bing.com/bingbot.htm)"
13.66.139.73 - - [21/Feb/2021:00:14:31 +0100] "GET /images/mini_prod/3560600298476.jpg HTTP/1.1" 200 8482 "-" "Mozilla/5.0 (compatible; bingbot/2.0; +http://www.bing.com/bingbot.htm)"
207.46.13.52 - - [21/Feb/2021:00:14:47 +0100] "GET /images/big_prod/3560600291576.jpg HTTP/1.1" 200 100785 "-" "Mozilla/5.0 (compatible; bingbot/2.0; +http://www.bing.com/bingbot.htm)"
114.119.154.200 - - [21/Feb/2021:00:15:31 +0100] "GET /images/mini_prod/3116457104936.jpg HTTP/1.1" 200 7674 "-" "Mozilla/5.0 (Linux; Android 7.0;) AppleWebKit/537.36 (KHTML, like Gecko) Mobile Safari/537.36 (compatible; PetalBot;+https://aspiegel.com/petalbot)"
147.92.153.17 - - [21/Feb/2021:00:15:43 +0100] "GET /images/big_prod/3560600297462.jpg HTTP/1.1" 200 198053 "-" "Mozilla/5.0 (compatible; Linespider/1.1; +https://lin.ee/4dwXkTH)"
13.66.139.88 - - [21/Feb/2021:00:15:50 +0100] "GET /images/big_prod/3418179830033.jpg HTTP/1.1" 200 49569 "-" "Mozilla/5.0 (compatible; bingbot/2.0; +http://www.bing.com/bingbot.htm)"
66.249.69.162 - - [21/Feb/2021:00:17:02 +0100] "GET /images/big_prod/3014627949489.jpg HTTP/1.1" 200 80169 "-" "Googlebot-Image/1.0"
13.66.139.88 - - [21/Feb/2021:00:17:42 +0100] "GET /images/med_prod/1384010181423.jpg HTTP/1.1" 200 186399 "-" "Mozilla/5.0 (compatible; bingbot/2.0; +http://www.bing.com/bingbot.htm)"
13.66.139.73 - - [21/Feb/2021:00:18:01 +0100] "GET /images/1399984256381.jpg HTTP/1.1" 200 91461 "-" "Mozilla/5.0 (compatible; bingbot/2.0; +http://www.bing.com/bingbot.htm)"
13.66.139.137 - - [21/Feb/2021:00:18:11 +0100] "GET /images/big_prod_1/3665269065947a.jpg HTTP/1.1" 200 178204 "-" "Mozilla/5.0 (compatible; bingbot/2.0; +http://www.bing.com/bingbot.htm)"
13.66.139.137 - - [21/Feb/2021:00:18:11 +0100] "GET /images/3521320608716.jpg HTTP/1.1" 200 31735 "-" "Mozilla/5.0 (compatible; bingbot/2.0; +http://www.bing.com/bingbot.htm)"
60.8.123.237 - - [21/Feb/2021:00:21:11 +0100] "GET /images/DSCN0576.jpg HTTP/1.1" 200 27310 "http://www.wonder-geek.com/pokemon-swimsuit-p-30590.html" "Mozilla/5.0 (Linux; Android 5.0) AppleWebKit/537.36 (KHTML, like Gecko) Mobile Safari/537.36 (compatible; Bytespider; https://zhanzhang.toutiao.com/)"
13.66.139.137 - - [21/Feb/2021:00:21:53 +0100] "GET /images/DSCN0947b.jpg HTTP/1.1" 200 29177 "-" "Mozilla/5.0 (compatible; bingbot/2.0; +http://www.bing.com/bingbot.htm)"
77.75.76.162 - - [21/Feb/2021:00:22:42 +0100] "GET /robots.txt HTTP/1.1" 200 2438 "-" "Mozilla/5.0 (compatible; SeznamBot/3.2; +http://napoveda.seznam.cz/en/seznambot-intro/)"
77.75.76.162 - - [21/Feb/2021:00:22:42 +0100] "GET /images/8435333807712.jpg HTTP/1.1" 200 92409 "-" "Mozilla/5.0 (compatible; SeznamBot/3.2; +http://napoveda.seznam.cz/en/seznambot-intro/)"
13.66.139.88 - - [21/Feb/2021:00:23:32 +0100] "GET /images/big_prod/8422111017746.jpg HTTP/1.1" 200 59364 "-" "Mozilla/5.0 (compatible; bingbot/2.0; +http://www.bing.com/bingbot.htm)"
13.66.139.73 - - [21/Feb/2021:00:26:22 +0100] "GET /images/big_prod/8422015725501.jpg HTTP/1.1" 200 54285 "-" "Mozilla/5.0 (compatible; bingbot/2.0; +http://www.bing.com/bingbot.htm)"
13.66.139.137 - - [21/Feb/2021:00:27:01 +0100] "GET /images/big_prod/4036113307503.jpg HTTP/1.1" 200 133909 "-" "Mozilla/5.0 (compatible; bingbot/2.0; +http://www.bing.com/bingbot.htm)"
17.58.101.142 - - [21/Feb/2021:00:27:43 +0100] "GET /images/mini_prod/8409810063809.jpg HTTP/1.1" 200 6612 "-" "Mozilla/5.0 (Macintosh; Intel Mac OS X 10_15_5) AppleWebKit/605.1.15 (KHTML, like Gecko) Version/13.1.1 Safari/605.1.15 (Applebot/0.1; +http://www.apple.com/go/applebot)"
114.119.151.113 - - [21/Feb/2021:00:27:46 +0100] "GET /images/mini_prod/3609810077317b.jpg HTTP/1.1" 200 9567 "-" "Mozilla/5.0 (Linux; Android 7.0;) AppleWebKit/537.36 (KHTML, like Gecko) Mobile Safari/537.36 (compatible; PetalBot;+https://aspiegel.com/petalbot)"
13.66.139.88 - - [21/Feb/2021:00:28:45 +0100] "GET /images/med_prod/8718375750858.jpg HTTP/1.1" 200 69986 "-" "Mozilla/5.0 (compatible; bingbot/2.0; +http://www.bing.com/bingbot.htm)"
13.66.139.88 - - [21/Feb/2021:00:29:16 +0100] "GET /images/big_prod/1341689140878.jpg HTTP/1.1" 200 158623 "-" "Mozilla/5.0 (compatible; bingbot/2.0; +http://www.bing.com/bingbot.htm)"
13.66.139.137 - - [21/Feb/2021:00:30:12 +0100] "GET /images/1399984258491.jpg HTTP/1.1" 200 153692 "-" "Mozilla/5.0 (compatible; bingbot/2.0; +http://www.bing.com/bingbot.htm)"
216.244.66.242 - - [21/Feb/2021:00:31:44 +0100] "GET /robots.txt HTTP/1.1" 200 2438 "-" "Mozilla/5.0 (compatible; DotBot/1.1; http://www.opensiteexplorer.org/dotbot, help@moz.com)"
103.131.71.166 - - [21/Feb/2021:00:31:51 +0100] "GET /robots.txt HTTP/1.1" 200 2438 "-" "Mozilla/5.0 (compatible; coccocbot-web/1.0; +http://help.coccoc.com/searchengine)"
13.66.139.73 - - [21/Feb/2021:00:31:57 +0100] "GET /images/big_prod/8422021476404.jpg HTTP/1.1" 200 755942 "-" "Mozilla/5.0 (compatible; bingbot/2.0; +http://www.bing.com/bingbot.htm)"
13.66.139.88 - - [21/Feb/2021:00:32:27 +0100] "GET /images/big_prod/3700407613151.jpg HTTP/1.1" 200 255113 "-" "Mozilla/5.0 (compatible; bingbot/2.0; +http://www.bing.com/bingbot.htm)"
52.149.148.239 - - [21/Feb/2021:00:32:54 +0100] "GET /images/3521320690025.jpg HTTP/1.1" 200 45823 "-" "Mozilla/5.0 (X11; Linux i686) AppleWebKit/537.17 (KHTML, like Gecko) Chrome/24.0.1312.27 Safari/537.17"
13.66.139.73 - - [21/Feb/2021:00:33:23 +0100] "GET /images/5414629946314.jpg HTTP/1.1" 200 35939 "-" "Mozilla/5.0 (compatible; bingbot/2.0; +http://www.bing.com/bingbot.htm)"
157.55.39.170 - - [21/Feb/2021:00:33:55 +0100] "GET /robots.txt HTTP/1.1" 200 2438 "-" "Mozilla/5.0 (compatible; bingbot/2.0; +http://www.bing.com/bingbot.htm)"
157.55.39.246 - - [21/Feb/2021:00:34:04 +0100] "GET /js/jquery.js HTTP/1.1" 200 54075 "-" "Mozilla/5.0 (compatible; bingbot/2.0; +http://www.bing.com/bingbot.htm)"
185.191.171.25 - - [21/Feb/2021:00:34:07 +0100] "GET /robots.txt HTTP/1.1" 200 2438 "-" "Mozilla/5.0 (compatible; SemrushBot/7~bl; +http://www.semrush.com/bot.html)"
13.66.139.88 - - [21/Feb/2021:00:35:28 +0100] "GET /images/3298466018517.jpg HTTP/1.1" 200 14615 "-" "Mozilla/5.0 (compatible; bingbot/2.0; +http://www.bing.com/bingbot.htm)"
13.66.139.137 - - [21/Feb/2021:00:35:52 +0100] "GET /images/big_prod/3442440233117.jpg HTTP/1.1" 200 82823 "-" "Mozilla/5.0 (compatible; bingbot/2.0; +http://www.bing.com/bingbot.htm)"
216.244.66.242 - - [21/Feb/2021:00:36:01 +0100] "GET /images/5411329064317.jpg HTTP/1.1" 200 41071 "-" "Mozilla/5.0 (compatible; DotBot/1.1; http://www.opensiteexplorer.org/dotbot, help@moz.com)"
13.66.139.88 - - [21/Feb/2021:00:36:09 +0100] "GET /images/med_prod/3503420190629.jpg HTTP/1.1" 200 84298 "-" "Mozilla/5.0 (compatible; bingbot/2.0; +http://www.bing.com/bingbot.htm)"
185.191.171.4 - - [21/Feb/2021:00:36:34 +0100] "GET /robots.txt HTTP/1.1" 200 2438 "-" "Mozilla/5.0 (compatible; SemrushBot/7~bl; +http://www.semrush.com/bot.html)"
66.249.69.164 - - [21/Feb/2021:00:37:01 +0100] "GET /images/mini_prod/3438100339831.jpg HTTP/1.1" 200 5107 "-" "Googlebot-Image/1.0"
157.55.39.246 - - [21/Feb/2021:00:37:45 +0100] "GET /js/jquery.js HTTP/1.1" 200 54075 "-" "Mozilla/5.0 (compatible; bingbot/2.0; +http://www.bing.com/bingbot.htm)"
13.66.139.88 - - [21/Feb/2021:00:38:32 +0100] "GET /images/big_prod/CD3305.jpg HTTP/1.1" 200 127473 "-" "Mozilla/5.0 (compatible; bingbot/2.0; +http://www.bing.com/bingbot.htm)"
157.55.39.255 - - [21/Feb/2021:00:38:48 +0100] "GET /highslide/highslide.js HTTP/1.1" 200 42909 "-" "Mozilla/5.0 (compatible; bingbot/2.0; +http://www.bing.com/bingbot.htm)"
13.66.139.73 - - [21/Feb/2021:00:38:53 +0100] "GET /images/med_prod/8435306268342.jpg HTTP/1.1" 200 89905 "-" "Mozilla/5.0 (compatible; bingbot/2.0; +http://www.bing.com/bingbot.htm)"
40.114.42.11 - - [21/Feb/2021:00:40:03 +0100] "GET /images/med_prod/8435107820848.jpg HTTP/1.1" 200 119832 "-" "Mozilla/5.0 (X11; Linux i686) AppleWebKit/537.17 (KHTML, like Gecko) Chrome/24.0.1312.27 Safari/537.17"
13.66.139.137 - - [21/Feb/2021:00:40:32 +0100] "GET /images/mini_prod/3560600313766.jpg HTTP/1.1" 200 7191 "-" "Mozilla/5.0 (compatible; bingbot/2.0; +http://www.bing.com/bingbot.htm)"
111.225.149.113 - - [21/Feb/2021:00:41:11 +0100] "GET /images/med_prod/5036278055553.jpg HTTP/1.1" 200 62264 "http://www.wonder-geek.com/despicable-satchel-p-30361.html" "Mozilla/5.0 (Linux; Android 5.0) AppleWebKit/537.36 (KHTML, like Gecko) Mobile Safari/537.36 (compatible; Bytespider; https://zhanzhang.toutiao.com/)"
13.66.139.137 - - [21/Feb/2021:00:41:12 +0100] "GET /images/DSCN6326.jpg HTTP/1.1" 200 35857 "-" "Mozilla/5.0 (compatible; bingbot/2.0; +http://www.bing.com/bingbot.htm)"
13.66.139.88 - - [21/Feb/2021:00:42:08 +0100] "GET /images/big_prod_1/3520071778846a.jpg HTTP/1.1" 200 87108 "-" "Mozilla/5.0 (compatible; bingbot/2.0; +http://www.bing.com/bingbot.htm)"
13.66.139.88 - - [21/Feb/2021:00:43:28 +0100] "GET /images/big_prod/5404006040780.jpg HTTP/1.1" 200 32819 "-" "Mozilla/5.0 (compatible; bingbot/2.0; +http://www.bing.com/bingbot.htm)"
13.66.139.137 - - [21/Feb/2021:00:44:53 +0100] "GET /images/big_prod/4029811406661B.jpg HTTP/1.1" 200 129042 "-" "Mozilla/5.0 (compatible; bingbot/2.0; +http://www.bing.com/bingbot.htm)"
13.66.139.73 - - [21/Feb/2021:00:46:36 +0100] "GET /images/big_prod/5051276247779.jpg HTTP/1.1" 200 39651 "-" "Mozilla/5.0 (compatible; bingbot/2.0; +http://www.bing.com/bingbot.htm)"
13.66.139.88 - - [21/Feb/2021:00:46:51 +0100] "GET /images/big_prod/3453131155847.jpg HTTP/1.1" 200 327718 "-" "Mozilla/5.0 (compatible; bingbot/2.0; +http://www.bing.com/bingbot.htm)"
13.66.139.88 - - [21/Feb/2021:00:48:00 +0100] "GET /images/big_prod/4029811399482.jpg HTTP/1.1" 200 106624 "-" "Mozilla/5.0 (compatible; bingbot/2.0; +http://www.bing.com/bingbot.htm)"
13.66.139.137 - - [21/Feb/2021:00:48:13 +0100] "GET /images/big_prod_2/4250255858826b.jpg HTTP/1.1" 200 30965 "-" "Mozilla/5.0 (compatible; bingbot/2.0; +http://www.bing.com/bingbot.htm)"
13.66.139.88 - - [21/Feb/2021:00:49:00 +0100] "GET /images/4893813831833%20.jpg HTTP/1.1" 200 40268 "-" "Mozilla/5.0 (compatible; bingbot/2.0; +http://www.bing.com/bingbot.htm)"
13.66.139.88 - - [21/Feb/2021:00:49:53 +0100] "GET /images/big_prod/5051276388229.jpg HTTP/1.1" 200 349822 "-" "Mozilla/5.0 (compatible; bingbot/2.0; +http://www.bing.com/bingbot.htm)"
13.66.139.73 - - [21/Feb/2021:00:50:15 +0100] "GET /images/med_prod/1399984281208.jpg HTTP/1.1" 200 73750 "-" "Mozilla/5.0 (compatible; bingbot/2.0; +http://www.bing.com/bingbot.htm)"
110.249.202.178 - - [21/Feb/2021:00:51:10 +0100] "GET /images/big_prod/3700516218773.jpg HTTP/1.1" 200 50680 "http://www.wonder-geek.com/losc-messenger-p-36272.html" "Mozilla/5.0 (Linux; Android 5.0) AppleWebKit/537.36 (KHTML, like Gecko) Mobile Safari/537.36 (compatible; Bytespider; https://zhanzhang.toutiao.com/)"
13.66.139.73 - - [21/Feb/2021:00:52:14 +0100] "GET /images/big_prod_1/3665269069785.jpg HTTP/1.1" 200 122501 "-" "Mozilla/5.0 (compatible; bingbot/2.0; +http://www.bing.com/bingbot.htm)"
47.183.160.91 - - [21/Feb/2021:00:52:37 +0100] "GET /js/jquery.jqzoom.js HTTP/1.1" 200 4761 "http://www.wonder-geek.com/-p-33688.html" "Mozilla/5.0 (Windows NT 10.0; Win64; x64) AppleWebKit/537.36 (KHTML, like Gecko) Chrome/88.0.4324.182 Safari/537.36 Edg/88.0.705.74"
47.183.160.91 - - [21/Feb/2021:00:52:37 +0100] "GET /highslide/highslide.js HTTP/1.1" 200 42909 "http://www.wonder-geek.com/-p-33688.html" "Mozilla/5.0 (Windows NT 10.0; Win64; x64) AppleWebKit/537.36 (KHTML, like Gecko) Chrome/88.0.4324.182 Safari/537.36 Edg/88.0.705.74"
47.183.160.91 - - [21/Feb/2021:00:52:37 +0100] "GET /js/jquery.js HTTP/1.1" 200 54075 "http://www.wonder-geek.com/-p-33688.html" "Mozilla/5.0 (Windows NT 10.0; Win64; x64) AppleWebKit/537.36 (KHTML, like Gecko) Chrome/88.0.4324.182 Safari/537.36 Edg/88.0.705.74"
47.183.160.91 - - [21/Feb/2021:00:52:37 +0100] "GET /templates/Pixame_v1/stylesheet.css HTTP/1.1" 200 56057 "http://www.wonder-geek.com/-p-33688.html" "Mozilla/5.0 (Windows NT 10.0; Win64; x64) AppleWebKit/537.36 (KHTML, like Gecko) Chrome/88.0.4324.182 Safari/537.36 Edg/88.0.705.74"
47.183.160.91 - - [21/Feb/2021:00:52:37 +0100] "GET /mondial_relay/js/jquery-1.3.2.min.js HTTP/1.1" 200 57254 "http://www.wonder-geek.com/-p-33688.html" "Mozilla/5.0 (Windows NT 10.0; Win64; x64) AppleWebKit/537.36 (KHTML, like Gecko) Chrome/88.0.4324.182 Safari/537.36 Edg/88.0.705.74"
47.183.160.91 - - [21/Feb/2021:00:52:37 +0100] "GET /templates/Pixame_v1/images/icon_accueil2.png HTTP/1.1" 200 1137 "http://www.wonder-geek.com/-p-33688.html" "Mozilla/5.0 (Windows NT 10.0; Win64; x64) AppleWebKit/537.36 (KHTML, like Gecko) Chrome/88.0.4324.182 Safari/537.36 Edg/88.0.705.74"
47.183.160.91 - - [21/Feb/2021:00:52:37 +0100] "GET /templates/Pixame_v1/images/nav.png HTTP/1.1" 200 1283 "http://www.wonder-geek.com/templates/Pixame_v1/stylesheet.css" "Mozilla/5.0 (Windows NT 10.0; Win64; x64) AppleWebKit/537.36 (KHTML, like Gecko) Chrome/88.0.4324.182 Safari/537.36 Edg/88.0.705.74"
47.183.160.91 - - [21/Feb/2021:00:52:37 +0100] "GET /design/productsenstock.png HTTP/1.1" 200 4743 "http://www.wonder-geek.com/templates/Pixame_v1/stylesheet.css" "Mozilla/5.0 (Windows NT 10.0; Win64; x64) AppleWebKit/537.36 (KHTML, like Gecko) Chrome/88.0.4324.182 Safari/537.36 Edg/88.0.705.74"
47.183.160.91 - - [21/Feb/2021:00:52:37 +0100] "GET /templates/Pixame_v1/images/Bottom_texture.jpg HTTP/1.1" 200 56290 "http://www.wonder-geek.com/templates/Pixame_v1/stylesheet.css" "Mozilla/5.0 (Windows NT 10.0; Win64; x64) AppleWebKit/537.36 (KHTML, like Gecko) Chrome/88.0.4324.182 Safari/537.36 Edg/88.0.705.74"
47.183.160.91 - - [21/Feb/2021:00:52:37 +0100] "GET /templates/Pixame_v1/images/header.png HTTP/1.1" 200 70245 "http://www.wonder-geek.com/templates/Pixame_v1/stylesheet.css" "Mozilla/5.0 (Windows NT 10.0; Win64; x64) AppleWebKit/537.36 (KHTML, like Gecko) Chrome/88.0.4324.182 Safari/537.36 Edg/88.0.705.74"
47.183.160.91 - - [21/Feb/2021:00:52:38 +0100] "GET /templates/Pixame_v1/images/header-object.png HTTP/1.1" 200 106050 "http://www.wonder-geek.com/templates/Pixame_v1/stylesheet.css" "Mozilla/5.0 (Windows NT 10.0; Win64; x64) AppleWebKit/537.36 (KHTML, like Gecko) Chrome/88.0.4324.182 Safari/537.36 Edg/88.0.705.74"
47.183.160.91 - - [21/Feb/2021:00:52:38 +0100] "GET /templates/Pixame_v1/images/Middle_texture.jpg HTTP/1.1" 200 249620 "http://www.wonder-geek.com/templates/Pixame_v1/stylesheet.css" "Mozilla/5.0 (Windows NT 10.0; Win64; x64) AppleWebKit/537.36 (KHTML, like Gecko) Chrome/88.0.4324.182 Safari/537.36 Edg/88.0.705.74"
47.183.160.91 - - [21/Feb/2021:00:52:38 +0100] "GET /highslide/graphics/outlines/drop-shadow.png HTTP/1.1" 200 2022 "http://www.wonder-geek.com/-p-33688.html" "Mozilla/5.0 (Windows NT 10.0; Win64; x64) AppleWebKit/537.36 (KHTML, like Gecko) Chrome/88.0.4324.182 Safari/537.36 Edg/88.0.705.74"
47.183.160.91 - - [21/Feb/2021:00:52:38 +0100] "GET /favicon.ico HTTP/1.1" 200 1591 "http://www.wonder-geek.com/-p-33688.html" "Mozilla/5.0 (Windows NT 10.0; Win64; x64) AppleWebKit/537.36 (KHTML, like Gecko) Chrome/88.0.4324.182 Safari/537.36 Edg/88.0.705.74"
13.66.139.137 - - [21/Feb/2021:00:54:05 +0100] "GET /images/big_prod/3442440281682.jpg HTTP/1.1" 200 156069 "-" "Mozilla/5.0 (compatible; bingbot/2.0; +http://www.bing.com/bingbot.htm)"
157.55.39.170 - - [21/Feb/2021:00:54:09 +0100] "GET /robots.txt HTTP/1.1" 200 2438 "-" "Mozilla/5.0 (compatible; bingbot/2.0; +http://www.bing.com/bingbot.htm)"
157.56.183.179 - - [21/Feb/2021:00:55:35 +0100] "GET /images/3710653501966.jpg HTTP/1.1" 200 56223 "-" "Mozilla/5.0 (X11; Linux i686) AppleWebKit/537.17 (KHTML, like Gecko) Chrome/24.0.1312.27 Safari/537.17"
107.77.109.47 - - [21/Feb/2021:00:56:15 +0100] "GET /images/big_prod/8904245400477.jpg HTTP/1.1" 200 89677 "http://pos.kit-systems.com/" "Mozilla/5.0 (Windows NT 6.2) AppleWebKit/537.36 (KHTML, like Gecko) (KioWare Client Platform r2436) Chrome/63.0.3239.132 Safari/537.36"
13.66.139.73 - - [21/Feb/2021:00:56:26 +0100] "GET /images/big_prod/8424346034833.jpg HTTP/1.1" 200 75412 "-" "Mozilla/5.0 (compatible; bingbot/2.0; +http://www.bing.com/bingbot.htm)"
13.66.139.88 - - [21/Feb/2021:00:56:34 +0100] "GET /images/big_prod/3665269082111.jpg HTTP/1.1" 200 318788 "-" "Mozilla/5.0 (compatible; bingbot/2.0; +http://www.bing.com/bingbot.htm)"
157.55.39.246 - - [21/Feb/2021:00:56:57 +0100] "GET /js/jquery.js HTTP/1.1" 200 54075 "-" "Mozilla/5.0 (compatible; bingbot/2.0; +http://www.bing.com/bingbot.htm)"
66.249.69.162 - - [21/Feb/2021:00:57:02 +0100] "GET /images/mini_prod/FP09.gif HTTP/1.1" 200 12192 "-" "Googlebot-Image/1.0"
13.66.139.73 - - [21/Feb/2021:00:57:18 +0100] "GET /images/big_prod/14883.jpg HTTP/1.1" 200 138086 "-" "Mozilla/5.0 (compatible; bingbot/2.0; +http://www.bing.com/bingbot.htm)"
13.66.139.137 - - [21/Feb/2021:00:59:34 +0100] "GET /images/5018997517871.jpg HTTP/1.1" 200 119487 "-" "Mozilla/5.0 (compatible; bingbot/2.0; +http://www.bing.com/bingbot.htm)"
13.66.139.88 - - [21/Feb/2021:01:00:33 +0100] "GET /images/big_prod/4036113222271.jpg HTTP/1.1" 200 79877 "-" "Mozilla/5.0 (compatible; bingbot/2.0; +http://www.bing.com/bingbot.htm)"
111.225.148.27 - - [21/Feb/2021:01:01:11 +0100] "GET /images/big_prod/1399984280270.jpg HTTP/1.1" 200 50680 "http://www.wonder-geek.com/retro-pink-eyeglass-case-p-30019.html" "Mozilla/5.0 (Linux; Android 5.0) AppleWebKit/537.36 (KHTML, like Gecko) Mobile Safari/537.36 (compatible; Bytespider; https://zhanzhang.toutiao.com/)"
192.0.99.59 - - [21/Feb/2021:01:01:13 +0100] "GET /images/6942138999990.jpg HTTP/1.1" 200 39238 "-" "Photon/1.0"
13.66.139.137 - - [21/Feb/2021:01:03:15 +0100] "GET /images/big_prod_1/4029811410309B.jpg HTTP/1.1" 200 57100 "-" "Mozilla/5.0 (compatible; bingbot/2.0; +http://www.bing.com/bingbot.htm)"
17.58.101.142 - - [21/Feb/2021:01:03:36 +0100] "GET /images/mini_prod/8904245400064.jpg HTTP/1.1" 200 5200 "-" "Mozilla/5.0 (Macintosh; Intel Mac OS X 10_15_5) AppleWebKit/605.1.15 (KHTML, like Gecko) Version/13.1.1 Safari/605.1.15 (Applebot/0.1; +http://www.apple.com/go/applebot)"
13.66.139.88 - - [21/Feb/2021:01:04:04 +0100] "GET /images/mini_prod/3574641038373.jpg HTTP/1.1" 200 8128 "-" "Mozilla/5.0 (compatible; bingbot/2.0; +http://www.bing.com/bingbot.htm)"
40.114.40.98 - - [21/Feb/2021:01:04:35 +0100] "GET /images/5018997516607.jpg HTTP/1.1" 200 101116 "-" "Mozilla/5.0 (X11; Linux i686) AppleWebKit/537.17 (KHTML, like Gecko) Chrome/24.0.1312.27 Safari/537.17"
157.55.39.189 - - [21/Feb/2021:01:05:36 +0100] "GET /mondial_relay/js/jquery-1.3.2.min.js HTTP/1.1" 200 57254 "-" "Mozilla/5.0 (compatible; bingbot/2.0; +http://www.bing.com/bingbot.htm)"
13.66.139.73 - - [21/Feb/2021:01:07:16 +0100] "GET /images/big_prod/1384010192337.jpg HTTP/1.1" 200 69751 "-" "Mozilla/5.0 (compatible; bingbot/2.0; +http://www.bing.com/bingbot.htm)"
13.66.139.88 - - [21/Feb/2021:01:07:36 +0100] "GET /images/big_prod/8719172838244.jpg HTTP/1.1" 200 93325 "-" "Mozilla/5.0 (compatible; bingbot/2.0; +http://www.bing.com/bingbot.htm)"
13.66.139.73 - - [21/Feb/2021:01:08:56 +0100] "GET /images/big_prod/8717202555635.jpg HTTP/1.1" 200 66863 "-" "Mozilla/5.0 (compatible; bingbot/2.0; +http://www.bing.com/bingbot.htm)"
157.55.39.246 - - [21/Feb/2021:01:09:08 +0100] "GET /js/jquery.js HTTP/1.1" 200 54075 "-" "Mozilla/5.0 (compatible; bingbot/2.0; +http://www.bing.com/bingbot.htm)"
13.66.139.73 - - [21/Feb/2021:01:09:51 +0100] "GET /images/big_prod_1/8422013545804B.jpg HTTP/1.1" 200 41803 "-" "Mozilla/5.0 (compatible; bingbot/2.0; +http://www.bing.com/bingbot.htm)"
185.191.171.13 - - [21/Feb/2021:01:10:21 +0100] "GET /robots.txt HTTP/1.1" 200 2438 "-" "Mozilla/5.0 (compatible; SemrushBot/7~bl; +http://www.semrush.com/bot.html)"
13.66.139.73 - - [21/Feb/2021:01:10:58 +0100] "GET /images/big_prod/3608860225259.jpg HTTP/1.1" 200 76608 "-" "Mozilla/5.0 (compatible; bingbot/2.0; +http://www.bing.com/bingbot.htm)"
157.55.39.159 - - [21/Feb/2021:01:11:02 +0100] "GET /js/jquery.jqzoom.js HTTP/1.1" 200 4761 "-" "Mozilla/5.0 (compatible; bingbot/2.0; +http://www.bing.com/bingbot.htm)"
157.55.39.189 - - [21/Feb/2021:01:11:07 +0100] "GET /mondial_relay/js/jquery-1.3.2.min.js HTTP/1.1" 200 57254 "-" "Mozilla/5.0 (compatible; bingbot/2.0; +http://www.bing.com/bingbot.htm)"
60.8.123.3 - - [21/Feb/2021:01:11:09 +0100] "GET /highslide/highslide.js HTTP/1.1" 200 42909 "http://www.wonder-geek.com/happy-hobo-p-5336.html" "Mozilla/5.0 (Linux; Android 5.0) AppleWebKit/537.36 (KHTML, like Gecko) Mobile Safari/537.36 (compatible; Bytespider; https://zhanzhang.toutiao.com/)"
60.8.123.3 - - [21/Feb/2021:01:11:10 +0100] "GET /images/3438100316382.jpg HTTP/1.1" 200 43981 "http://www.wonder-geek.com/happy-hobo-p-5336.html" "Mozilla/5.0 (Linux; Android 5.0) AppleWebKit/537.36 (KHTML, like Gecko) Mobile Safari/537.36 (compatible; Bytespider; https://zhanzhang.toutiao.com/)"
13.66.139.137 - - [21/Feb/2021:01:11:55 +0100] "GET /images/mini_prod/8432699089417.jpg HTTP/1.1" 200 7942 "-" "Mozilla/5.0 (compatible; bingbot/2.0; +http://www.bing.com/bingbot.htm)"
