13.66.139.137 - - [20/Feb/2021:20:08:59 +0100] "GET /images/big_prod/3565750294071.jpg HTTP/1.1" 200 56788 "-" "Mozilla/5.0 (compatible; bingbot/2.0; +http://www.bing.com/bingbot.htm)"
13.66.139.137 - - [20/Feb/2021:20:09:02 +0100] "GET /images/big_prod_1/1328399271313a.jpg HTTP/1.1" 200 315251 "-" "Mozilla/5.0 (compatible; bingbot/2.0; +http://www.bing.com/bingbot.htm)"
114.119.142.93 - - [20/Feb/2021:20:09:22 +0100] "GET /robots.txt HTTP/1.1" 200 2438 "-" "(compatible;PetalBot;+https://aspiegel.com/petalbot)"
60.8.123.161 - - [20/Feb/2021:20:11:17 +0100] "GET /images/icons/soldes_grand.jpg HTTP/1.1" 200 47992 "http://www.wonder-geek.com/" "Mozilla/5.0 (Linux; Android 5.0) AppleWebKit/537.36 (KHTML, like Gecko) Mobile Safari/537.36 (compatible; Bytespider; https://zhanzhang.toutiao.com/)"
114.119.150.15 - - [20/Feb/2021:20:12:05 +0100] "GET /images/big_prod/8435107825133.jpg HTTP/1.1" 200 74824 "-" "Mozilla/5.0 (Linux; Android 7.0;) AppleWebKit/537.36 (KHTML, like Gecko) Mobile Safari/537.36 (compatible; PetalBot;+https://aspiegel.com/petalbot)"
66.249.69.166 - - [20/Feb/2021:20:13:22 +0100] "GET /images/big_prod_2/a5018997627761.jpg HTTP/1.1" 200 67319 "-" "Googlebot-Image/1.0"
13.66.139.137 - - [20/Feb/2021:20:13:42 +0100] "GET /images/big_prod/6943252681211.jpg HTTP/1.1" 200 115178 "-" "Mozilla/5.0 (compatible; bingbot/2.0; +http://www.bing.com/bingbot.htm)"
157.55.39.255 - - [20/Feb/2021:20:14:01 +0100] "GET /highslide/highslide.js HTTP/1.1" 200 42909 "-" "Mozilla/5.0 (compatible; bingbot/2.0; +http://www.bing.com/bingbot.htm)"
13.66.139.137 - - [20/Feb/2021:20:14:20 +0100] "GET /images/big_prod/1341689464356.jpg HTTP/1.1" 200 165754 "-" "Mozilla/5.0 (compatible; bingbot/2.0; +http://www.bing.com/bingbot.htm)"
13.66.139.73 - - [20/Feb/2021:20:15:06 +0100] "GET /images/3661275044402.jpg HTTP/1.1" 200 20151 "-" "Mozilla/5.0 (compatible; bingbot/2.0; +http://www.bing.com/bingbot.htm)"
77.75.78.160 - - [20/Feb/2021:20:15:39 +0100] "GET /robots.txt HTTP/1.1" 200 2438 "-" "Mozilla/5.0 (compatible; SeznamBot/3.2; +http://napoveda.seznam.cz/en/seznambot-intro/)"
13.66.139.73 - - [20/Feb/2021:20:16:38 +0100] "GET /images/B12618.jpg HTTP/1.1" 200 22702 "-" "Mozilla/5.0 (compatible; bingbot/2.0; +http://www.bing.com/bingbot.htm)"
13.66.139.73 - - [20/Feb/2021:20:16:59 +0100] "GET /images/big_prod_3/8424346352678D.jpg HTTP/1.1" 200 62739 "-" "Mozilla/5.0 (compatible; bingbot/2.0; +http://www.bing.com/bingbot.htm)"
13.66.139.73 - - [20/Feb/2021:20:17:47 +0100] "GET /images/big_prod/1300000023986.jpg HTTP/1.1" 200 60766 "-" "Mozilla/5.0 (compatible; bingbot/2.0; +http://www.bing.com/bingbot.htm)"
13.66.139.137 - - [20/Feb/2021:20:17:51 +0100] "GET /images/big_prod/3612875117638.jpg HTTP/1.1" 200 106424 "-" "Mozilla/5.0 (compatible; bingbot/2.0; +http://www.bing.com/bingbot.htm)"
13.66.139.137 - - [20/Feb/2021:20:17:51 +0100] "GET /images/med_prod/3700516207500.jpg HTTP/1.1" 200 84727 "-" "Mozilla/5.0 (compatible; bingbot/2.0; +http://www.bing.com/bingbot.htm)"
13.66.139.137 - - [20/Feb/2021:20:17:52 +0100] "GET /images/med_prod/3560600282567.jpg HTTP/1.1" 200 148795 "-" "Mozilla/5.0 (compatible; bingbot/2.0; +http://www.bing.com/bingbot.htm)"
13.66.139.73 - - [20/Feb/2021:20:18:49 +0100] "GET /images/big_prod_1/3700281645187a.jpg HTTP/1.1" 200 257356 "-" "Mozilla/5.0 (compatible; bingbot/2.0; +http://www.bing.com/bingbot.htm)"
13.66.139.88 - - [20/Feb/2021:20:19:06 +0100] "GET /images/mini_prod/3609810083301.jpg HTTP/1.1" 200 4883 "-" "Mozilla/5.0 (compatible; bingbot/2.0; +http://www.bing.com/bingbot.htm)"
13.66.139.73 - - [20/Feb/2021:20:19:18 +0100] "GET /images/big_prod/1328399270477.jpg HTTP/1.1" 200 194732 "-" "Mozilla/5.0 (compatible; bingbot/2.0; +http://www.bing.com/bingbot.htm)"
104.238.220.232 - - [20/Feb/2021:20:20:15 +0100] "GET /images/3619810008679.jpg HTTP/1.1" 200 40582 "http://www.wonder-geek.com/home-and-decoration/photo-frames-and-memo-clips/betty-boop-photo-frame-p-17823.html" "Mozilla/5.0 (Linux; U; Android 8.1.0; zh-CN; BLA-AL00 Build/HUAWEIBLA-AL00) AppleWebKit/537.36 (KHTML, like Gecko) Version/4.0 Chrome/57.0.2987.108 UCBrowser/11.9.4.974 UWS/2.13.1.48 Mobile Safari/537.36 AliApp(DingTalk/4.5.11) com.alibaba.android.rimet/10487439 Channel/227200 language/zh-CN"
110.249.202.158 - - [20/Feb/2021:20:21:15 +0100] "GET /images/big_prod/8435306299766.jpg HTTP/1.1" 200 49232 "http://www.wonder-geek.com/pepe-jeans-gray-shoulder-p-35984.html" "Mozilla/5.0 (Linux; Android 5.0) AppleWebKit/537.36 (KHTML, like Gecko) Mobile Safari/537.36 (compatible; Bytespider; https://zhanzhang.toutiao.com/)"
13.66.139.137 - - [20/Feb/2021:20:21:30 +0100] "GET /images/big_prod_1/1384220462459b.jpg HTTP/1.1" 200 52642 "-" "Mozilla/5.0 (compatible; bingbot/2.0; +http://www.bing.com/bingbot.htm)"
114.119.129.36 - - [20/Feb/2021:20:21:46 +0100] "GET /images/mini_prod/3700572731698.jpg HTTP/1.1" 200 6422 "-" "Mozilla/5.0 (Linux; Android 7.0;) AppleWebKit/537.36 (KHTML, like Gecko) Mobile Safari/537.36 (compatible; PetalBot;+https://aspiegel.com/petalbot)"
13.66.139.88 - - [20/Feb/2021:20:22:18 +0100] "GET /images/big_prod/3609810096738.jpg HTTP/1.1" 200 98685 "-" "Mozilla/5.0 (compatible; bingbot/2.0; +http://www.bing.com/bingbot.htm)"
13.66.139.88 - - [20/Feb/2021:20:22:50 +0100] "GET /images/3521320806334.jpg HTTP/1.1" 200 26650 "-" "Mozilla/5.0 (compatible; bingbot/2.0; +http://www.bing.com/bingbot.htm)"
216.244.66.242 - - [20/Feb/2021:20:23:53 +0100] "GET /robots.txt HTTP/1.1" 200 2438 "-" "Mozilla/5.0 (compatible; DotBot/1.1; http://www.opensiteexplorer.org/dotbot, help@moz.com)"
216.244.66.242 - - [20/Feb/2021:20:23:53 +0100] "GET /robots.txt HTTP/1.1" 200 2438 "-" "Mozilla/5.0 (compatible; DotBot/1.1; http://www.opensiteexplorer.org/dotbot, help@moz.com)"
114.119.151.113 - - [20/Feb/2021:20:24:32 +0100] "GET /images/mini_prod/1399986100200.jpg HTTP/1.1" 200 6728 "-" "Mozilla/5.0 (Linux; Android 7.0;) AppleWebKit/537.36 (KHTML, like Gecko) Mobile Safari/537.36 (compatible; PetalBot;+https://aspiegel.com/petalbot)"
34.73.217.49 - - [20/Feb/2021:20:25:23 +0100] "GET /robots.txt HTTP/1.0" 200 2438 "-" "ZoominfoBot (zoominfobot at zoominfo dot com)"
13.66.139.137 - - [20/Feb/2021:20:26:10 +0100] "GET /images/mini_prod/3660173231006.jpg HTTP/1.1" 200 5814 "-" "Mozilla/5.0 (compatible; bingbot/2.0; +http://www.bing.com/bingbot.htm)"
13.66.139.88 - - [20/Feb/2021:20:26:20 +0100] "GET /images/big_prod/8433933226438.jpg HTTP/1.1" 200 123556 "-" "Mozilla/5.0 (compatible; bingbot/2.0; +http://www.bing.com/bingbot.htm)"
13.66.139.73 - - [20/Feb/2021:20:27:09 +0100] "GET /images/1399984256329.jpg HTTP/1.1" 200 129214 "-" "Mozilla/5.0 (compatible; bingbot/2.0; +http://www.bing.com/bingbot.htm)"
13.66.139.88 - - [20/Feb/2021:20:28:13 +0100] "GET /images/med_prod/1384010183410.jpg HTTP/1.1" 200 99883 "-" "Mozilla/5.0 (compatible; bingbot/2.0; +http://www.bing.com/bingbot.htm)"
13.66.139.88 - - [20/Feb/2021:20:28:14 +0100] "GET /images/big_prod_1/8422202425825.jpg HTTP/1.1" 200 45845 "-" "Mozilla/5.0 (compatible; bingbot/2.0; +http://www.bing.com/bingbot.htm)"
13.66.139.88 - - [20/Feb/2021:20:29:42 +0100] "GET /images/big_prod/5051276388199.jpg HTTP/1.1" 200 342477 "-" "Mozilla/5.0 (compatible; bingbot/2.0; +http://www.bing.com/bingbot.htm)"
110.249.201.57 - - [20/Feb/2021:20:31:15 +0100] "GET /images/big_prod_1/b071662920241.jpg HTTP/1.1" 200 62264 "http://www.wonder-geek.com/small-dory-finding-dory-p-37132.html" "Mozilla/5.0 (Linux; Android 5.0) AppleWebKit/537.36 (KHTML, like Gecko) Mobile Safari/537.36 (compatible; Bytespider; https://zhanzhang.toutiao.com/)"
110.249.201.60 - - [20/Feb/2021:20:31:16 +0100] "GET /images/big_prod/071662920241.jpg HTTP/1.1" 200 50680 "http://www.wonder-geek.com/small-dory-finding-dory-p-37132.html" "Mozilla/5.0 (Linux; Android 5.0) AppleWebKit/537.36 (KHTML, like Gecko) Mobile Safari/537.36 (compatible; Bytespider; https://zhanzhang.toutiao.com/)"
157.55.39.246 - - [20/Feb/2021:20:31:42 +0100] "GET /js/jquery.js HTTP/1.1" 200 54075 "-" "Mozilla/5.0 (compatible; bingbot/2.0; +http://www.bing.com/bingbot.htm)"
13.66.139.137 - - [20/Feb/2021:20:32:21 +0100] "GET /images/big_prod/3014627846443.jpg HTTP/1.1" 200 50534 "-" "Mozilla/5.0 (compatible; bingbot/2.0; +http://www.bing.com/bingbot.htm)"
114.119.151.113 - - [20/Feb/2021:20:32:43 +0100] "GET /images/mini_prod/3760226371724.jpg HTTP/1.1" 200 7573 "-" "Mozilla/5.0 (Linux; Android 7.0;) AppleWebKit/537.36 (KHTML, like Gecko) Mobile Safari/537.36 (compatible; PetalBot;+https://aspiegel.com/petalbot)"
13.66.139.137 - - [20/Feb/2021:20:32:52 +0100] "GET /images/8718375531020.jpg HTTP/1.1" 200 47043 "-" "Mozilla/5.0 (compatible; bingbot/2.0; +http://www.bing.com/bingbot.htm)"
13.66.139.73 - - [20/Feb/2021:20:33:11 +0100] "GET /images/big_prod/5022271700507.jpg HTTP/1.1" 200 112882 "-" "Mozilla/5.0 (compatible; bingbot/2.0; +http://www.bing.com/bingbot.htm)"
13.66.139.88 - - [20/Feb/2021:20:34:02 +0100] "GET /images/big_prod_3/d028399219216.jpg HTTP/1.1" 200 92321 "-" "Mozilla/5.0 (compatible; bingbot/2.0; +http://www.bing.com/bingbot.htm)"
13.66.139.73 - - [20/Feb/2021:20:34:21 +0100] "GET /images/big_prod/3609810097858.jpg HTTP/1.1" 200 163368 "-" "Mozilla/5.0 (compatible; bingbot/2.0; +http://www.bing.com/bingbot.htm)"
13.66.139.88 - - [20/Feb/2021:20:34:33 +0100] "GET /images/big_prod/4036113270258.jpg HTTP/1.1" 200 92263 "-" "Mozilla/5.0 (compatible; bingbot/2.0; +http://www.bing.com/bingbot.htm)"
114.119.154.200 - - [20/Feb/2021:20:35:25 +0100] "GET /images/8012052163406.jpg HTTP/1.1" 200 34956 "-" "Mozilla/5.0 (Linux; Android 7.0;) AppleWebKit/537.36 (KHTML, like Gecko) Mobile Safari/537.36 (compatible; PetalBot;+https://aspiegel.com/petalbot)"
13.66.139.73 - - [20/Feb/2021:20:35:51 +0100] "GET /images/big_prod/3560600311281.jpg HTTP/1.1" 200 103173 "-" "Mozilla/5.0 (compatible; bingbot/2.0; +http://www.bing.com/bingbot.htm)"
66.249.69.164 - - [20/Feb/2021:20:36:10 +0100] "GET /images/big_prod_1/3609810099043a.jpg HTTP/1.1" 200 98472 "-" "Googlebot-Image/1.0"
66.249.69.162 - - [20/Feb/2021:20:36:58 +0100] "GET /images/mini_prod/1300010236901.jpg HTTP/1.1" 200 9472 "-" "Googlebot-Image/1.0"
13.66.139.73 - - [20/Feb/2021:20:37:01 +0100] "GET /images/big_prod/3457019600023.jpg HTTP/1.1" 200 67615 "-" "Mozilla/5.0 (compatible; bingbot/2.0; +http://www.bing.com/bingbot.htm)"
114.119.129.36 - - [20/Feb/2021:20:38:11 +0100] "GET /images/big_prod/3453131138727.jpg HTTP/1.1" 200 42875 "-" "Mozilla/5.0 (Linux; Android 7.0;) AppleWebKit/537.36 (KHTML, like Gecko) Mobile Safari/537.36 (compatible; PetalBot;+https://aspiegel.com/petalbot)"
157.55.39.189 - - [20/Feb/2021:20:39:23 +0100] "GET /mondial_relay/js/jquery-1.3.2.min.js HTTP/1.1" 200 57254 "-" "Mozilla/5.0 (compatible; bingbot/2.0; +http://www.bing.com/bingbot.htm)"
13.66.139.73 - - [20/Feb/2021:20:40:01 +0100] "GET /images/8006529251222.jpg HTTP/1.1" 200 19662 "-" "Mozilla/5.0 (compatible; bingbot/2.0; +http://www.bing.com/bingbot.htm)"
185.191.171.2 - - [20/Feb/2021:20:40:09 +0100] "GET /robots.txt HTTP/1.1" 200 2438 "-" "Mozilla/5.0 (compatible; SemrushBot/7~bl; +http://www.semrush.com/bot.html)"
13.66.139.88 - - [20/Feb/2021:20:40:15 +0100] "GET /images/med_prod/3660173057279.jpg HTTP/1.1" 200 96112 "-" "Mozilla/5.0 (compatible; bingbot/2.0; +http://www.bing.com/bingbot.htm)"
111.225.148.191 - - [20/Feb/2021:20:41:16 +0100] "GET /images/big_prod/4029811317080.jpg HTTP/1.1" 200 53576 "http://www.wonder-geek.com/mini-pink-piggy-bank-p-39450.html" "Mozilla/5.0 (Linux; Android 5.0) AppleWebKit/537.36 (KHTML, like Gecko) Mobile Safari/537.36 (compatible; Bytespider; https://zhanzhang.toutiao.com/)"
13.66.139.137 - - [20/Feb/2021:20:42:52 +0100] "GET /images/big_prod/1341689331085.jpg HTTP/1.1" 200 119710 "-" "Mozilla/5.0 (compatible; bingbot/2.0; +http://www.bing.com/bingbot.htm)"
13.66.139.137 - - [20/Feb/2021:20:44:03 +0100] "GET /images/big_prod/3609810076518.jpg HTTP/1.1" 200 142945 "-" "Mozilla/5.0 (compatible; bingbot/2.0; +http://www.bing.com/bingbot.htm)"
13.66.139.88 - - [20/Feb/2021:20:44:27 +0100] "GET /images/TROBL3083.jpg HTTP/1.1" 200 27466 "-" "Mozilla/5.0 (compatible; bingbot/2.0; +http://www.bing.com/bingbot.htm)"
13.66.139.88 - - [20/Feb/2021:20:44:49 +0100] "GET /images/241008_174416_PEEL_AxJDcK.jpg HTTP/1.1" 200 29343 "-" "Mozilla/5.0 (compatible; bingbot/2.0; +http://www.bing.com/bingbot.htm)"
13.66.139.137 - - [20/Feb/2021:20:47:13 +0100] "GET /images/mini_prod/5051276373034.jpg HTTP/1.1" 200 5967 "-" "Mozilla/5.0 (compatible; bingbot/2.0; +http://www.bing.com/bingbot.htm)"
13.66.139.73 - - [20/Feb/2021:20:47:18 +0100] "GET /images/8009233806351.jpg HTTP/1.1" 200 45654 "-" "Mozilla/5.0 (compatible; bingbot/2.0; +http://www.bing.com/bingbot.htm)"
66.249.69.188 - - [20/Feb/2021:20:47:32 +0100] "GET /images/mini_prod/8424346033119.jpg HTTP/1.1" 200 6296 "-" "Googlebot-Image/1.0"
13.66.139.73 - - [20/Feb/2021:20:47:44 +0100] "GET /images/big_prod/3574642013027.jpg HTTP/1.1" 200 45436 "-" "Mozilla/5.0 (compatible; bingbot/2.0; +http://www.bing.com/bingbot.htm)"
13.66.139.73 - - [20/Feb/2021:20:47:45 +0100] "GET /images/big_prod/3609810053984.jpg HTTP/1.1" 200 135809 "-" "Mozilla/5.0 (compatible; bingbot/2.0; +http://www.bing.com/bingbot.htm)"
13.66.139.73 - - [20/Feb/2021:20:47:45 +0100] "GET /images/5425016105863.jpg HTTP/1.1" 200 28434 "-" "Mozilla/5.0 (compatible; bingbot/2.0; +http://www.bing.com/bingbot.htm)"
13.66.139.88 - - [20/Feb/2021:20:47:58 +0100] "GET /images/big_prod/1399980107298.jpg HTTP/1.1" 200 147538 "-" "Mozilla/5.0 (compatible; bingbot/2.0; +http://www.bing.com/bingbot.htm)"
13.66.139.137 - - [20/Feb/2021:20:48:33 +0100] "GET /images/1341689419882.jpg HTTP/1.1" 200 108062 "-" "Mozilla/5.0 (compatible; bingbot/2.0; +http://www.bing.com/bingbot.htm)"
13.66.139.88 - - [20/Feb/2021:20:49:09 +0100] "GET /images/big_prod_6/5404006040773a.jpg HTTP/1.1" 200 204258 "-" "Mozilla/5.0 (compatible; bingbot/2.0; +http://www.bing.com/bingbot.htm)"
13.66.139.137 - - [20/Feb/2021:20:50:44 +0100] "GET /images/big_prod_1/3453131121729a.jpg HTTP/1.1" 200 220774 "-" "Mozilla/5.0 (compatible; bingbot/2.0; +http://www.bing.com/bingbot.htm)"
220.243.136.110 - - [20/Feb/2021:20:51:16 +0100] "GET /images/8029759054708.jpg HTTP/1.1" 200 34448 "http://www.wonder-geek.com/cars-tokyo-pencil-case-p-13355.html" "Mozilla/5.0 (Linux; Android 5.0) AppleWebKit/537.36 (KHTML, like Gecko) Mobile Safari/537.36 (compatible; Bytespider; https://zhanzhang.toutiao.com/)"
13.66.139.88 - - [20/Feb/2021:20:51:19 +0100] "GET /images/big_prod/8718375752562.jpg HTTP/1.1" 200 124994 "-" "Mozilla/5.0 (compatible; bingbot/2.0; +http://www.bing.com/bingbot.htm)"
13.66.139.137 - - [20/Feb/2021:20:52:44 +0100] "GET /images/4036113102689.jpg HTTP/1.1" 200 138306 "-" "Mozilla/5.0 (compatible; bingbot/2.0; +http://www.bing.com/bingbot.htm)"
157.55.39.246 - - [20/Feb/2021:20:54:08 +0100] "GET /js/jquery.js HTTP/1.1" 200 54075 "-" "Mozilla/5.0 (compatible; bingbot/2.0; +http://www.bing.com/bingbot.htm)"
13.66.139.73 - - [20/Feb/2021:20:54:48 +0100] "GET /images/big_prod/1399984239322maillot.jpg HTTP/1.1" 200 72716 "-" "Mozilla/5.0 (compatible; bingbot/2.0; +http://www.bing.com/bingbot.htm)"
13.66.139.73 - - [20/Feb/2021:20:57:19 +0100] "GET /images/3438100339879.jpg HTTP/1.1" 200 23159 "-" "Mozilla/5.0 (compatible; bingbot/2.0; +http://www.bing.com/bingbot.htm)"
66.249.69.162 - - [20/Feb/2021:20:58:06 +0100] "GET /images/8033667001167.jpg HTTP/1.1" 200 64456 "-" "Googlebot-Image/1.0"
13.66.139.137 - - [20/Feb/2021:20:58:23 +0100] "GET /images/mini_prod/3442440234244.jpg HTTP/1.1" 200 6667 "-" "Mozilla/5.0 (compatible; bingbot/2.0; +http://www.bing.com/bingbot.htm)"
13.66.139.73 - - [20/Feb/2021:21:00:08 +0100] "GET /images/big_prod/3700431602756.jpg HTTP/1.1" 200 221804 "-" "Mozilla/5.0 (compatible; bingbot/2.0; +http://www.bing.com/bingbot.htm)"
13.66.139.137 - - [20/Feb/2021:21:05:25 +0100] "GET /images/big_prod_5/5404006040773b.jpg HTTP/1.1" 200 124254 "-" "Mozilla/5.0 (compatible; bingbot/2.0; +http://www.bing.com/bingbot.htm)"
13.66.139.73 - - [20/Feb/2021:21:06:08 +0100] "GET /images/1399984256558.jpg HTTP/1.1" 200 69341 "-" "Mozilla/5.0 (compatible; bingbot/2.0; +http://www.bing.com/bingbot.htm)"
13.66.139.137 - - [20/Feb/2021:21:06:55 +0100] "GET /images/big_prod/5051276247601.jpg HTTP/1.1" 200 115643 "-" "Mozilla/5.0 (compatible; bingbot/2.0; +http://www.bing.com/bingbot.htm)"
13.66.139.88 - - [20/Feb/2021:21:08:19 +0100] "GET /images/7601019991650.jpg HTTP/1.1" 200 35249 "-" "Mozilla/5.0 (compatible; bingbot/2.0; +http://www.bing.com/bingbot.htm)"
13.66.139.88 - - [20/Feb/2021:21:08:20 +0100] "GET /images/big_prod/3520071589091R.jpg HTTP/1.1" 200 41234 "-" "Mozilla/5.0 (compatible; bingbot/2.0; +http://www.bing.com/bingbot.htm)"
66.249.69.164 - - [20/Feb/2021:21:08:44 +0100] "GET /images/1399984220313.jpg HTTP/1.1" 200 18254 "-" "Googlebot-Image/1.0"
13.66.139.88 - - [20/Feb/2021:21:09:46 +0100] "GET /images/big_prod_1/8422010063585B.jpg HTTP/1.1" 200 126731 "-" "Mozilla/5.0 (compatible; bingbot/2.0; +http://www.bing.com/bingbot.htm)"
13.66.139.73 - - [20/Feb/2021:21:09:50 +0100] "GET /images/big_prod/3612872115071.jpg HTTP/1.1" 200 120692 "-" "Mozilla/5.0 (compatible; bingbot/2.0; +http://www.bing.com/bingbot.htm)"
13.66.139.73 - - [20/Feb/2021:21:10:00 +0100] "GET /images/big_prod_1/b5051276225647.jpg HTTP/1.1" 200 90231 "-" "Mozilla/5.0 (compatible; bingbot/2.0; +http://www.bing.com/bingbot.htm)"
13.66.139.73 - - [20/Feb/2021:21:10:27 +0100] "GET /images/big_prod/3609810096172.jpg HTTP/1.1" 200 66616 "-" "Mozilla/5.0 (compatible; bingbot/2.0; +http://www.bing.com/bingbot.htm)"
60.8.123.110 - - [20/Feb/2021:21:11:18 +0100] "GET /images/med_prod/8435306281419.jpg HTTP/1.1" 200 57920 "http://www.wonder-geek.com/disney-frozen-olaf-large-p-31219.html" "Mozilla/5.0 (Linux; Android 5.0) AppleWebKit/537.36 (KHTML, like Gecko) Mobile Safari/537.36 (compatible; Bytespider; https://zhanzhang.toutiao.com/)"
13.66.139.88 - - [20/Feb/2021:21:11:41 +0100] "GET /images/big_prod_1/8422189800226N.jpg HTTP/1.1" 200 86835 "-" "Mozilla/5.0 (compatible; bingbot/2.0; +http://www.bing.com/bingbot.htm)"
13.66.139.88 - - [20/Feb/2021:21:12:16 +0100] "GET /images/big_prod/3609810071001.jpg HTTP/1.1" 200 72042 "-" "Mozilla/5.0 (compatible; bingbot/2.0; +http://www.bing.com/bingbot.htm)"
216.244.66.242 - - [20/Feb/2021:21:13:00 +0100] "GET /robots.txt HTTP/1.1" 200 2438 "-" "Mozilla/5.0 (compatible; DotBot/1.1; http://www.opensiteexplorer.org/dotbot, help@moz.com)"
66.249.69.162 - - [20/Feb/2021:21:13:20 +0100] "GET /images/big_prod_1/3608860070729b.jpg HTTP/1.1" 200 63415 "-" "Googlebot-Image/1.0"
157.55.39.246 - - [20/Feb/2021:21:14:38 +0100] "GET /js/jquery.js HTTP/1.1" 200 54075 "-" "Mozilla/5.0 (compatible; bingbot/2.0; +http://www.bing.com/bingbot.htm)"
185.191.171.4 - - [20/Feb/2021:21:15:11 +0100] "GET /robots.txt HTTP/1.1" 200 2438 "-" "Mozilla/5.0 (compatible; SemrushBot/7~bl; +http://www.semrush.com/bot.html)"
13.66.139.73 - - [20/Feb/2021:21:17:49 +0100] "GET /images/big_prod/3453131151757.jpg HTTP/1.1" 200 100964 "-" "Mozilla/5.0 (compatible; bingbot/2.0; +http://www.bing.com/bingbot.htm)"
13.66.139.137 - - [20/Feb/2021:21:18:17 +0100] "GET /images/big_prod_1/Kandinsky2.jpg HTTP/1.1" 200 133573 "-" "Mozilla/5.0 (compatible; bingbot/2.0; +http://www.bing.com/bingbot.htm)"
66.249.69.164 - - [20/Feb/2021:21:19:15 +0100] "GET /images/big_prod/3442440298345.jpg HTTP/1.1" 200 501053 "-" "Googlebot-Image/1.0"
111.225.148.64 - - [20/Feb/2021:21:21:16 +0100] "GET /images/DSCN3394.jpg HTTP/1.1" 200 20413 "http://www.wonder-geek.com/noddy-swimsuit-p-30585.html" "Mozilla/5.0 (Linux; Android 5.0) AppleWebKit/537.36 (KHTML, like Gecko) Mobile Safari/537.36 (compatible; Bytespider; https://zhanzhang.toutiao.com/)"
13.66.139.88 - - [20/Feb/2021:21:21:31 +0100] "GET /images/big_prod/3609810096233.jpg HTTP/1.1" 200 62204 "-" "Mozilla/5.0 (compatible; bingbot/2.0; +http://www.bing.com/bingbot.htm)"
77.75.76.163 - - [20/Feb/2021:21:24:51 +0100] "GET /robots.txt HTTP/1.1" 200 2438 "-" "Mozilla/5.0 (compatible; SeznamBot/3.2; +http://napoveda.seznam.cz/en/seznambot-intro/)"
77.75.76.163 - - [20/Feb/2021:21:24:52 +0100] "GET /images/big_prod/3612875120874.jpg HTTP/1.1" 200 106648 "-" "Mozilla/5.0 (compatible; SeznamBot/3.2; +http://napoveda.seznam.cz/en/seznambot-intro/)"
66.249.69.164 - - [20/Feb/2021:21:28:22 +0100] "GET /images/med_prod/3032160280258.jpg HTTP/1.1" 200 76556 "-" "Googlebot-Image/1.0"
13.66.139.88 - - [20/Feb/2021:21:29:43 +0100] "GET /images/big_prod/5051276344430.jpg HTTP/1.1" 200 76909 "-" "Mozilla/5.0 (compatible; bingbot/2.0; +http://www.bing.com/bingbot.htm)"
66.249.69.164 - - [20/Feb/2021:21:29:48 +0100] "GET /images/mini_prod/5051276286006.jpg HTTP/1.1" 200 8231 "-" "Googlebot-Image/1.0"
13.66.139.88 - - [20/Feb/2021:21:31:04 +0100] "GET /images/8003990572825.jpg HTTP/1.1" 200 29273 "-" "Mozilla/5.0 (compatible; bingbot/2.0; +http://www.bing.com/bingbot.htm)"
110.249.202.209 - - [20/Feb/2021:21:31:17 +0100] "GET /images/1399984251782.jpg HTTP/1.1" 200 50680 "http://www.wonder-geek.com/candys-clock-cbkreation-p-24405.html" "Mozilla/5.0 (Linux; Android 5.0) AppleWebKit/537.36 (KHTML, like Gecko) Mobile Safari/537.36 (compatible; Bytespider; https://zhanzhang.toutiao.com/)"
13.66.139.73 - - [20/Feb/2021:21:31:51 +0100] "GET /images/mini_prod/8422061196126.jpg HTTP/1.1" 200 7192 "-" "Mozilla/5.0 (compatible; bingbot/2.0; +http://www.bing.com/bingbot.htm)"
17.58.101.142 - - [20/Feb/2021:21:32:43 +0100] "GET /images/mini_prod/3700653507495.jpg HTTP/1.1" 200 7217 "-" "Mozilla/5.0 (Macintosh; Intel Mac OS X 10_15_5) AppleWebKit/605.1.15 (KHTML, like Gecko) Version/13.1.1 Safari/605.1.15 (Applebot/0.1; +http://www.apple.com/go/applebot)"
13.66.139.88 - - [20/Feb/2021:21:33:35 +0100] "GET /images/big_prod_1/5410574484604B.jpg HTTP/1.1" 200 146219 "-" "Mozilla/5.0 (compatible; bingbot/2.0; +http://www.bing.com/bingbot.htm)"
66.249.69.162 - - [20/Feb/2021:21:34:05 +0100] "GET /images/big_prod_1/b5018997627761.jpg HTTP/1.1" 200 117045 "-" "Googlebot-Image/1.0"
13.66.139.137 - - [20/Feb/2021:21:34:38 +0100] "GET /images/med_prod/8435306269783.jpg HTTP/1.1" 200 142673 "-" "Mozilla/5.0 (compatible; bingbot/2.0; +http://www.bing.com/bingbot.htm)"
13.66.139.88 - - [20/Feb/2021:21:34:45 +0100] "GET /images/big_prod/3609810046498.jpg HTTP/1.1" 200 128354 "-" "Mozilla/5.0 (compatible; bingbot/2.0; +http://www.bing.com/bingbot.htm)"
157.55.39.246 - - [20/Feb/2021:21:36:09 +0100] "GET /js/jquery.js HTTP/1.1" 200 54075 "-" "Mozilla/5.0 (compatible; bingbot/2.0; +http://www.bing.com/bingbot.htm)"
157.55.39.246 - - [20/Feb/2021:21:36:19 +0100] "GET /js/jquery.js HTTP/1.1" 200 54075 "-" "Mozilla/5.0 (compatible; bingbot/2.0; +http://www.bing.com/bingbot.htm)"
13.66.139.88 - - [20/Feb/2021:21:36:28 +0100] "GET /images/big_prod_1/8433933227534B.jpg HTTP/1.1" 200 97298 "-" "Mozilla/5.0 (compatible; bingbot/2.0; +http://www.bing.com/bingbot.htm)"
13.66.139.88 - - [20/Feb/2021:21:38:37 +0100] "GET /images/big_prod/1341689464257.jpg HTTP/1.1" 200 202048 "-" "Mozilla/5.0 (compatible; bingbot/2.0; +http://www.bing.com/bingbot.htm)"
66.249.69.164 - - [20/Feb/2021:21:40:22 +0100] "GET /images/big_prod/1384010204061.jpg HTTP/1.1" 200 99733 "-" "Googlebot-Image/1.0"
220.243.135.89 - - [20/Feb/2021:21:41:14 +0100] "GET /images/8009233802209.jpg HTTP/1.1" 200 36086 "http://www.wonder-geek.com/handy-manny-small-p-19689.html" "Mozilla/5.0 (Linux; Android 5.0) AppleWebKit/537.36 (KHTML, like Gecko) Mobile Safari/537.36 (compatible; Bytespider; https://zhanzhang.toutiao.com/)"
114.119.147.203 - - [20/Feb/2021:21:41:52 +0100] "GET /images/mini_prod/3503420189395.jpg HTTP/1.1" 200 5354 "-" "Mozilla/5.0 (Linux; Android 7.0;) AppleWebKit/537.36 (KHTML, like Gecko) Mobile Safari/537.36 (compatible; PetalBot;+https://aspiegel.com/petalbot)"
13.66.139.88 - - [20/Feb/2021:21:42:08 +0100] "GET /images/big_prod/5051276242248.jpg HTTP/1.1" 200 70705 "-" "Mozilla/5.0 (compatible; bingbot/2.0; +http://www.bing.com/bingbot.htm)"
13.66.139.88 - - [20/Feb/2021:21:42:27 +0100] "GET /images/TBA26SF2noir.jpg HTTP/1.1" 200 14335 "-" "Mozilla/5.0 (compatible; bingbot/2.0; +http://www.bing.com/bingbot.htm)"
13.66.139.137 - - [20/Feb/2021:21:43:09 +0100] "GET /images/big_prod_1/3609810063181a.jpg HTTP/1.1" 200 181495 "-" "Mozilla/5.0 (compatible; bingbot/2.0; +http://www.bing.com/bingbot.htm)"
157.55.39.170 - - [20/Feb/2021:21:44:01 +0100] "GET /robots.txt HTTP/1.1" 200 2438 "-" "Mozilla/5.0 (compatible; bingbot/2.0; +http://www.bing.com/bingbot.htm)"
157.55.39.170 - - [20/Feb/2021:21:44:01 +0100] "GET /robots.txt HTTP/1.1" 200 2438 "-" "Mozilla/5.0 (compatible; bingbot/2.0; +http://www.bing.com/bingbot.htm)"
13.66.139.88 - - [20/Feb/2021:21:44:28 +0100] "GET /images/big_prod_2/5018997618448b.jpg HTTP/1.1" 200 124697 "-" "Mozilla/5.0 (compatible; bingbot/2.0; +http://www.bing.com/bingbot.htm)"
13.66.139.137 - - [20/Feb/2021:21:44:33 +0100] "GET /images/big_prod/3453131145022.jpg HTTP/1.1" 200 198015 "-" "Mozilla/5.0 (compatible; bingbot/2.0; +http://www.bing.com/bingbot.htm)"
13.66.139.73 - - [20/Feb/2021:21:44:39 +0100] "GET /images/big_prod/5010994725839.jpg HTTP/1.1" 200 199793 "-" "Mozilla/5.0 (compatible; bingbot/2.0; +http://www.bing.com/bingbot.htm)"
13.66.139.88 - - [20/Feb/2021:21:47:49 +0100] "GET /images/1399984280096.jpg HTTP/1.1" 200 72982 "-" "Mozilla/5.0 (compatible; bingbot/2.0; +http://www.bing.com/bingbot.htm)"
13.66.139.88 - - [20/Feb/2021:21:48:32 +0100] "GET /images/TNI40SHROUGEb.jpg HTTP/1.1" 200 22390 "-" "Mozilla/5.0 (compatible; bingbot/2.0; +http://www.bing.com/bingbot.htm)"
13.66.139.88 - - [20/Feb/2021:21:50:20 +0100] "GET /images/big_prod_1/5018997622087B.jpg HTTP/1.1" 200 134761 "-" "Mozilla/5.0 (compatible; bingbot/2.0; +http://www.bing.com/bingbot.htm)"
13.66.139.73 - - [20/Feb/2021:21:50:25 +0100] "GET /images/4007176122174.jpg HTTP/1.1" 200 27061 "-" "Mozilla/5.0 (compatible; bingbot/2.0; +http://www.bing.com/bingbot.htm)"
185.191.171.2 - - [20/Feb/2021:21:50:54 +0100] "GET /robots.txt HTTP/1.1" 200 2438 "-" "Mozilla/5.0 (compatible; SemrushBot/7~bl; +http://www.semrush.com/bot.html)"
66.249.69.164 - - [20/Feb/2021:21:50:56 +0100] "GET /images/mini_prod/5051276286310.jpg HTTP/1.1" 200 7242 "-" "Googlebot-Image/1.0"
13.66.139.88 - - [20/Feb/2021:21:53:42 +0100] "GET /images/big_prod_1/3609810065093a.jpg HTTP/1.1" 200 189980 "-" "Mozilla/5.0 (compatible; bingbot/2.0; +http://www.bing.com/bingbot.htm)"
13.66.139.137 - - [20/Feb/2021:21:57:09 +0100] "GET /images/8412199931898.jpg HTTP/1.1" 200 37636 "-" "Mozilla/5.0 (compatible; bingbot/2.0; +http://www.bing.com/bingbot.htm)"
49.65.246.78 - - [20/Feb/2021:21:57:14 +0100] "GET /js/jquery.jqzoom.js HTTP/1.1" 200 4761 "http://www.wonder-geek.com/" "Mozilla/5.0 (Windows NT 10.0; Win64; x64) AppleWebKit/537.36 (KHTML, like Gecko) Chrome/69.0.3497.100 Safari/537.36"
49.65.246.78 - - [20/Feb/2021:21:57:14 +0100] "GET /templates/Pixame_v1/stylesheet.css HTTP/1.1" 200 56057 "http://www.wonder-geek.com/" "Mozilla/5.0 (Windows NT 10.0; Win64; x64) AppleWebKit/537.36 (KHTML, like Gecko) Chrome/69.0.3497.100 Safari/537.36"
49.65.246.78 - - [20/Feb/2021:21:57:14 +0100] "GET /highslide/highslide.js HTTP/1.1" 200 42909 "http://www.wonder-geek.com/" "Mozilla/5.0 (Windows NT 10.0; Win64; x64) AppleWebKit/537.36 (KHTML, like Gecko) Chrome/69.0.3497.100 Safari/537.36"
49.65.246.78 - - [20/Feb/2021:21:57:14 +0100] "GET /mondial_relay/js/jquery-1.3.2.min.js HTTP/1.1" 200 57254 "http://www.wonder-geek.com/" "Mozilla/5.0 (Windows NT 10.0; Win64; x64) AppleWebKit/537.36 (KHTML, like Gecko) Chrome/69.0.3497.100 Safari/537.36"
49.65.246.78 - - [20/Feb/2021:21:57:14 +0100] "GET /js/jquery.js HTTP/1.1" 200 54075 "http://www.wonder-geek.com/" "Mozilla/5.0 (Windows NT 10.0; Win64; x64) AppleWebKit/537.36 (KHTML, like Gecko) Chrome/69.0.3497.100 Safari/537.36"
49.65.246.78 - - [20/Feb/2021:21:57:15 +0100] "GET /templates/Pixame_v1/images/icon_accueil2.png HTTP/1.1" 200 1137 "http://www.wonder-geek.com/" "Mozilla/5.0 (Windows NT 10.0; Win64; x64) AppleWebKit/537.36 (KHTML, like Gecko) Chrome/69.0.3497.100 Safari/537.36"
49.65.246.78 - - [20/Feb/2021:21:57:15 +0100] "GET /images/mini_prod/9316188080750.jpg HTTP/1.1" 200 6514 "http://www.wonder-geek.com/" "Mozilla/5.0 (Windows NT 10.0; Win64; x64) AppleWebKit/537.36 (KHTML, like Gecko) Chrome/69.0.3497.100 Safari/537.36"
49.65.246.78 - - [20/Feb/2021:21:57:15 +0100] "GET /templates/Pixame_v1/images/nav.png HTTP/1.1" 200 1283 "http://www.wonder-geek.com/templates/Pixame_v1/stylesheet.css" "Mozilla/5.0 (Windows NT 10.0; Win64; x64) AppleWebKit/537.36 (KHTML, like Gecko) Chrome/69.0.3497.100 Safari/537.36"
49.65.246.78 - - [20/Feb/2021:21:57:15 +0100] "GET /templates/Pixame_v1/images/header.png HTTP/1.1" 200 70245 "http://www.wonder-geek.com/templates/Pixame_v1/stylesheet.css" "Mozilla/5.0 (Windows NT 10.0; Win64; x64) AppleWebKit/537.36 (KHTML, like Gecko) Chrome/69.0.3497.100 Safari/537.36"
49.65.246.78 - - [20/Feb/2021:21:57:16 +0100] "GET /templates/Pixame_v1/images/Bottom_texture.jpg HTTP/1.1" 200 56290 "http://www.wonder-geek.com/templates/Pixame_v1/stylesheet.css" "Mozilla/5.0 (Windows NT 10.0; Win64; x64) AppleWebKit/537.36 (KHTML, like Gecko) Chrome/69.0.3497.100 Safari/537.36"
49.65.246.78 - - [20/Feb/2021:21:57:16 +0100] "GET /images/icons/soldes_grand.jpg HTTP/1.1" 200 95380 "http://www.wonder-geek.com/" "Mozilla/5.0 (Windows NT 10.0; Win64; x64) AppleWebKit/537.36 (KHTML, like Gecko) Chrome/69.0.3497.100 Safari/537.36"
49.65.246.78 - - [20/Feb/2021:21:57:16 +0100] "GET /design/productsenstock.png HTTP/1.1" 200 4743 "http://www.wonder-geek.com/templates/Pixame_v1/stylesheet.css" "Mozilla/5.0 (Windows NT 10.0; Win64; x64) AppleWebKit/537.36 (KHTML, like Gecko) Chrome/69.0.3497.100 Safari/537.36"
49.65.246.78 - - [20/Feb/2021:21:57:16 +0100] "GET /images/mini_prod/3272760413889.jpg HTTP/1.1" 200 6105 "http://www.wonder-geek.com/" "Mozilla/5.0 (Windows NT 10.0; Win64; x64) AppleWebKit/537.36 (KHTML, like Gecko) Chrome/69.0.3497.100 Safari/537.36"
49.65.246.78 - - [20/Feb/2021:21:57:16 +0100] "GET /images/mini_prod/DSCN0628.gif HTTP/1.1" 200 10543 "http://www.wonder-geek.com/" "Mozilla/5.0 (Windows NT 10.0; Win64; x64) AppleWebKit/537.36 (KHTML, like Gecko) Chrome/69.0.3497.100 Safari/537.36"
49.65.246.78 - - [20/Feb/2021:21:57:16 +0100] "GET /images/mini_prod/B6943252681259.jpg HTTP/1.1" 200 8677 "http://www.wonder-geek.com/" "Mozilla/5.0 (Windows NT 10.0; Win64; x64) AppleWebKit/537.36 (KHTML, like Gecko) Chrome/69.0.3497.100 Safari/537.36"
49.65.246.78 - - [20/Feb/2021:21:57:16 +0100] "GET /templates/Pixame_v1/images/header-object.png HTTP/1.1" 200 106050 "http://www.wonder-geek.com/templates/Pixame_v1/stylesheet.css" "Mozilla/5.0 (Windows NT 10.0; Win64; x64) AppleWebKit/537.36 (KHTML, like Gecko) Chrome/69.0.3497.100 Safari/537.36"
49.65.246.78 - - [20/Feb/2021:21:57:17 +0100] "GET /images/mini_prod/078257582280.jpg HTTP/1.1" 200 10395 "http://www.wonder-geek.com/" "Mozilla/5.0 (Windows NT 10.0; Win64; x64) AppleWebKit/537.36 (KHTML, like Gecko) Chrome/69.0.3497.100 Safari/537.36"
49.65.246.78 - - [20/Feb/2021:21:57:17 +0100] "GET /images/mini_prod/1399984251164.jpg HTTP/1.1" 200 9352 "http://www.wonder-geek.com/" "Mozilla/5.0 (Windows NT 10.0; Win64; x64) AppleWebKit/537.36 (KHTML, like Gecko) Chrome/69.0.3497.100 Safari/537.36"
49.65.246.78 - - [20/Feb/2021:21:57:17 +0100] "GET /images/mini_prod/1399984227015.jpg HTTP/1.1" 200 8067 "http://www.wonder-geek.com/" "Mozilla/5.0 (Windows NT 10.0; Win64; x64) AppleWebKit/537.36 (KHTML, like Gecko) Chrome/69.0.3497.100 Safari/537.36"
49.65.246.78 - - [20/Feb/2021:21:57:17 +0100] "GET /images/mini_prod/1399984227008.jpg HTTP/1.1" 200 7586 "http://www.wonder-geek.com/" "Mozilla/5.0 (Windows NT 10.0; Win64; x64) AppleWebKit/537.36 (KHTML, like Gecko) Chrome/69.0.3497.100 Safari/537.36"
49.65.246.78 - - [20/Feb/2021:21:57:17 +0100] "GET /images/mini_prod/1399984251836.jpg HTTP/1.1" 200 9858 "http://www.wonder-geek.com/" "Mozilla/5.0 (Windows NT 10.0; Win64; x64) AppleWebKit/537.36 (KHTML, like Gecko) Chrome/69.0.3497.100 Safari/537.36"
49.65.246.78 - - [20/Feb/2021:21:57:17 +0100] "GET /images/mini_prod/DSCN4059.gif HTTP/1.1" 200 9234 "http://www.wonder-geek.com/" "Mozilla/5.0 (Windows NT 10.0; Win64; x64) AppleWebKit/537.36 (KHTML, like Gecko) Chrome/69.0.3497.100 Safari/537.36"
49.65.246.78 - - [20/Feb/2021:21:57:17 +0100] "GET /images/mini_prod/4025055987645.jpg HTTP/1.1" 200 10000 "http://www.wonder-geek.com/" "Mozilla/5.0 (Windows NT 10.0; Win64; x64) AppleWebKit/537.36 (KHTML, like Gecko) Chrome/69.0.3497.100 Safari/537.36"
49.65.246.78 - - [20/Feb/2021:21:57:17 +0100] "GET /images/mini_prod/6953270925044.jpg HTTP/1.1" 200 3457 "http://www.wonder-geek.com/" "Mozilla/5.0 (Windows NT 10.0; Win64; x64) AppleWebKit/537.36 (KHTML, like Gecko) Chrome/69.0.3497.100 Safari/537.36"
49.65.246.78 - - [20/Feb/2021:21:57:17 +0100] "GET /images/mini_prod/170208_102235_PEEL_tF7hca.jpg HTTP/1.1" 200 20652 "http://www.wonder-geek.com/" "Mozilla/5.0 (Windows NT 10.0; Win64; x64) AppleWebKit/537.36 (KHTML, like Gecko) Chrome/69.0.3497.100 Safari/537.36"
49.65.246.78 - - [20/Feb/2021:21:57:17 +0100] "GET /images/mini_prod/021008_213337_PEEL_ZN6hq6.gif HTTP/1.1" 200 6472 "http://www.wonder-geek.com/" "Mozilla/5.0 (Windows NT 10.0; Win64; x64) AppleWebKit/537.36 (KHTML, like Gecko) Chrome/69.0.3497.100 Safari/537.36"
49.65.246.78 - - [20/Feb/2021:21:57:17 +0100] "GET /images/mini_prod/3048700058171.gif HTTP/1.1" 200 10227 "http://www.wonder-geek.com/" "Mozilla/5.0 (Windows NT 10.0; Win64; x64) AppleWebKit/537.36 (KHTML, like Gecko) Chrome/69.0.3497.100 Safari/537.36"
49.65.246.78 - - [20/Feb/2021:21:57:17 +0100] "GET /images/mini_prod/5601392310972.jpg HTTP/1.1" 200 7621 "http://www.wonder-geek.com/" "Mozilla/5.0 (Windows NT 10.0; Win64; x64) AppleWebKit/537.36 (KHTML, like Gecko) Chrome/69.0.3497.100 Safari/537.36"
49.65.246.78 - - [20/Feb/2021:21:57:18 +0100] "GET /images/mini_prod/1399984256107.jpg HTTP/1.1" 200 6095 "http://www.wonder-geek.com/" "Mozilla/5.0 (Windows NT 10.0; Win64; x64) AppleWebKit/537.36 (KHTML, like Gecko) Chrome/69.0.3497.100 Safari/537.36"
49.65.246.78 - - [20/Feb/2021:21:57:18 +0100] "GET /images/mini_prod/3438100331842.jpg HTTP/1.1" 200 6981 "http://www.wonder-geek.com/" "Mozilla/5.0 (Windows NT 10.0; Win64; x64) AppleWebKit/537.36 (KHTML, like Gecko) Chrome/69.0.3497.100 Safari/537.36"
49.65.246.78 - - [20/Feb/2021:21:57:18 +0100] "GET /templates/Pixame_v1/images/Middle_texture.jpg HTTP/1.1" 200 249620 "http://www.wonder-geek.com/templates/Pixame_v1/stylesheet.css" "Mozilla/5.0 (Windows NT 10.0; Win64; x64) AppleWebKit/537.36 (KHTML, like Gecko) Chrome/69.0.3497.100 Safari/537.36"
157.55.39.246 - - [20/Feb/2021:21:58:41 +0100] "GET /js/jquery.js HTTP/1.1" 200 54075 "-" "Mozilla/5.0 (compatible; bingbot/2.0; +http://www.bing.com/bingbot.htm)"
13.66.139.88 - - [20/Feb/2021:21:58:53 +0100] "GET /images/big_prod_1/8422089456714.jpg HTTP/1.1" 200 123159 "-" "Mozilla/5.0 (compatible; bingbot/2.0; +http://www.bing.com/bingbot.htm)"
13.66.139.73 - - [20/Feb/2021:22:00:18 +0100] "GET /images/mini_prod/5018997628225.jpg HTTP/1.1" 200 8849 "-" "Mozilla/5.0 (compatible; bingbot/2.0; +http://www.bing.com/bingbot.htm)"
13.66.139.73 - - [20/Feb/2021:22:01:07 +0100] "GET /images/big_prod/1384010201459.jpg HTTP/1.1" 200 119881 "-" "Mozilla/5.0 (compatible; bingbot/2.0; +http://www.bing.com/bingbot.htm)"
60.8.123.17 - - [20/Feb/2021:22:01:15 +0100] "GET /images/1399984251201.jpg HTTP/1.1" 200 63712 "http://www.wonder-geek.com/peace-clock-cbkreation-p-24375.html" "Mozilla/5.0 (Linux; Android 5.0) AppleWebKit/537.36 (KHTML, like Gecko) Mobile Safari/537.36 (compatible; Bytespider; https://zhanzhang.toutiao.com/)"
66.249.69.164 - - [20/Feb/2021:22:01:30 +0100] "GET /images/3079091105656.jpg HTTP/1.1" 200 36847 "-" "Googlebot-Image/1.0"
13.66.139.137 - - [20/Feb/2021:22:02:21 +0100] "GET /images/med_prod/8422099990109.jpg HTTP/1.1" 200 96191 "-" "Mozilla/5.0 (compatible; bingbot/2.0; +http://www.bing.com/bingbot.htm)"
13.66.139.137 - - [20/Feb/2021:22:02:21 +0100] "GET /images/3700276281109.jpg HTTP/1.1" 200 54423 "-" "Mozilla/5.0 (compatible; bingbot/2.0; +http://www.bing.com/bingbot.htm)"
114.119.130.40 - - [20/Feb/2021:22:02:36 +0100] "GET /robots.txt HTTP/1.1" 200 2438 "-" "(compatible;PetalBot;+https://aspiegel.com/petalbot)"
216.244.66.242 - - [20/Feb/2021:22:03:43 +0100] "GET /robots.txt HTTP/1.1" 200 2438 "-" "Mozilla/5.0 (compatible; DotBot/1.1; http://www.opensiteexplorer.org/dotbot, help@moz.com)"
216.244.66.242 - - [20/Feb/2021:22:03:44 +0100] "GET /robots.txt HTTP/1.1" 200 2438 "-" "Mozilla/5.0 (compatible; DotBot/1.1; http://www.opensiteexplorer.org/dotbot, help@moz.com)"
13.66.139.137 - - [20/Feb/2021:22:04:00 +0100] "GET /images/3585190850064.jpg HTTP/1.1" 200 42295 "-" "Mozilla/5.0 (compatible; bingbot/2.0; +http://www.bing.com/bingbot.htm)"
54.36.148.83 - - [20/Feb/2021:22:04:12 +0100] "GET /robots.txt HTTP/1.1" 200 2438 "-" "Mozilla/5.0 (compatible; AhrefsBot/6.1; +http://ahrefs.com/robot/)"
13.66.139.73 - - [20/Feb/2021:22:05:18 +0100] "GET /images/big_prod_1/8422033158589N.jpg HTTP/1.1" 200 84374 "-" "Mozilla/5.0 (compatible; bingbot/2.0; +http://www.bing.com/bingbot.htm)"
13.66.139.88 - - [20/Feb/2021:22:05:46 +0100] "GET /images/big_prod/3520071651156.jpg HTTP/1.1" 200 83527 "-" "Mozilla/5.0 (compatible; bingbot/2.0; +http://www.bing.com/bingbot.htm)"
157.55.39.189 - - [20/Feb/2021:22:07:11 +0100] "GET /mondial_relay/js/jquery-1.3.2.min.js HTTP/1.1" 200 57254 "-" "Mozilla/5.0 (compatible; bingbot/2.0; +http://www.bing.com/bingbot.htm)"
13.66.139.88 - - [20/Feb/2021:22:07:36 +0100] "GET /images/big_prod/3609810076310.jpg HTTP/1.1" 200 94566 "-" "Mozilla/5.0 (compatible; bingbot/2.0; +http://www.bing.com/bingbot.htm)"
13.66.139.88 - - [20/Feb/2021:22:08:16 +0100] "GET /images/big_prod/VANGOGH6.jpg HTTP/1.1" 200 128557 "-" "Mozilla/5.0 (compatible; bingbot/2.0; +http://www.bing.com/bingbot.htm)"
13.66.139.88 - - [20/Feb/2021:22:08:16 +0100] "GET /images/big_prod/3442440232660.jpg HTTP/1.1" 200 76854 "-" "Mozilla/5.0 (compatible; bingbot/2.0; +http://www.bing.com/bingbot.htm)"
13.66.139.73 - - [20/Feb/2021:22:08:38 +0100] "GET /images/4027950.jpg HTTP/1.1" 200 39594 "-" "Mozilla/5.0 (compatible; bingbot/2.0; +http://www.bing.com/bingbot.htm)"
114.119.158.211 - - [20/Feb/2021:22:10:19 +0100] "GET /robots.txt HTTP/1.1" 200 2438 "-" "(compatible;PetalBot;+https://aspiegel.com/petalbot)"
13.66.139.73 - - [20/Feb/2021:22:10:40 +0100] "GET /images/big_prod/8718375753682.jpg HTTP/1.1" 200 192025 "-" "Mozilla/5.0 (compatible; bingbot/2.0; +http://www.bing.com/bingbot.htm)"
13.66.139.137 - - [20/Feb/2021:22:11:01 +0100] "GET /images/6953270925280.jpg HTTP/1.1" 200 49503 "-" "Mozilla/5.0 (compatible; bingbot/2.0; +http://www.bing.com/bingbot.htm)"
110.249.202.42 - - [20/Feb/2021:22:11:14 +0100] "GET /images/1399984252710.jpg HTTP/1.1" 200 56472 "http://www.wonder-geek.com/yang-clock-cbkreation-p-24708.html" "Mozilla/5.0 (Linux; Android 5.0) AppleWebKit/537.36 (KHTML, like Gecko) Mobile Safari/537.36 (compatible; Bytespider; https://zhanzhang.toutiao.com/)"
13.66.139.137 - - [20/Feb/2021:22:11:21 +0100] "GET /images/3521320690025.jpg HTTP/1.1" 200 45823 "-" "Mozilla/5.0 (compatible; bingbot/2.0; +http://www.bing.com/bingbot.htm)"
13.66.139.88 - - [20/Feb/2021:22:11:27 +0100] "GET /images/med_prod/00000000000lyon.jpg HTTP/1.1" 200 59347 "-" "Mozilla/5.0 (compatible; bingbot/2.0; +http://www.bing.com/bingbot.htm)"
66.249.69.166 - - [20/Feb/2021:22:12:04 +0100] "GET /images/mini_prod/5055071642586.jpg HTTP/1.1" 200 7221 "-" "Googlebot-Image/1.0"
13.66.139.88 - - [20/Feb/2021:22:13:01 +0100] "GET /images/big_prod/3665269034349.jpg HTTP/1.1" 200 78685 "-" "Mozilla/5.0 (compatible; bingbot/2.0; +http://www.bing.com/bingbot.htm)"
13.66.139.88 - - [20/Feb/2021:22:13:02 +0100] "GET /images/big_prod/4036113280035.jpg HTTP/1.1" 200 91160 "-" "Mozilla/5.0 (compatible; bingbot/2.0; +http://www.bing.com/bingbot.htm)"
98.139.124.240 - - [20/Feb/2021:22:14:47 +0100] "GET /images/med_prod/5415203516114.jpg HTTP/1.1" 200 66168 "https://uk.images.search.yahoo.com/" "YahooCacheSystem; YahooWebServiceClient"
13.66.139.88 - - [20/Feb/2021:22:15:18 +0100] "GET /images/9316188034876.jpg HTTP/1.1" 200 15226 "-" "Mozilla/5.0 (compatible; bingbot/2.0; +http://www.bing.com/bingbot.htm)"
13.66.139.88 - - [20/Feb/2021:22:16:21 +0100] "GET /images/big_prod/4036113307459.jpg HTTP/1.1" 200 114207 "-" "Mozilla/5.0 (compatible; bingbot/2.0; +http://www.bing.com/bingbot.htm)"
5.255.231.71 - - [20/Feb/2021:22:16:35 +0100] "GET /robots.txt HTTP/1.1" 200 2438 "-" "Mozilla/5.0 (compatible; YandexBot/3.0; +http://yandex.com/bots)"
66.249.69.166 - - [20/Feb/2021:22:17:48 +0100] "GET /robots.txt HTTP/1.1" 200 2438 "-" "Mozilla/5.0 (compatible; Googlebot/2.1; +http://www.google.com/bot.html)"
13.66.139.137 - - [20/Feb/2021:22:18:22 +0100] "GET /images/big_prod/3609810081918.jpg HTTP/1.1" 200 156242 "-" "Mozilla/5.0 (compatible; bingbot/2.0; +http://www.bing.com/bingbot.htm)"
157.55.39.246 - - [20/Feb/2021:22:18:42 +0100] "GET /js/jquery.js HTTP/1.1" 200 54075 "-" "Mozilla/5.0 (compatible; bingbot/2.0; +http://www.bing.com/bingbot.htm)"
13.66.139.88 - - [20/Feb/2021:22:20:59 +0100] "GET /images/big_prod/1384010204962.jpg HTTP/1.1" 200 55772 "-" "Mozilla/5.0 (compatible; bingbot/2.0; +http://www.bing.com/bingbot.htm)"
110.249.201.200 - - [20/Feb/2021:22:21:14 +0100] "GET /images/b3438100344682.jpg HTTP/1.1" 200 49440 "http://www.wonder-geek.com/olivia-paris-cosmetic-p-16805.html" "Mozilla/5.0 (Linux; Android 5.0) AppleWebKit/537.36 (KHTML, like Gecko) Mobile Safari/537.36 (compatible; Bytespider; https://zhanzhang.toutiao.com/)"
13.66.139.88 - - [20/Feb/2021:22:21:30 +0100] "GET /images/1399984242650.jpg HTTP/1.1" 200 80274 "-" "Mozilla/5.0 (compatible; bingbot/2.0; +http://www.bing.com/bingbot.htm)"
13.66.139.88 - - [20/Feb/2021:22:22:19 +0100] "GET /images/mini_prod/3665269050646.jpg HTTP/1.1" 200 5805 "-" "Mozilla/5.0 (compatible; bingbot/2.0; +http://www.bing.com/bingbot.htm)"
13.66.139.137 - - [20/Feb/2021:22:24:42 +0100] "GET /images/big_prod/3014627950003.jpg HTTP/1.1" 200 72535 "-" "Mozilla/5.0 (compatible; bingbot/2.0; +http://www.bing.com/bingbot.htm)"
77.75.77.101 - - [20/Feb/2021:22:25:31 +0100] "GET /robots.txt HTTP/1.1" 200 2438 "-" "Mozilla/5.0 (compatible; SeznamBot/3.2; +http://napoveda.seznam.cz/en/seznambot-intro/)"
77.75.77.101 - - [20/Feb/2021:22:25:32 +0100] "GET /images/big_prod/1384015725646.jpg HTTP/1.1" 200 56940 "-" "Mozilla/5.0 (compatible; SeznamBot/3.2; +http://napoveda.seznam.cz/en/seznambot-intro/)"
13.66.139.73 - - [20/Feb/2021:22:25:44 +0100] "GET /images/big_prod/3609810076273.jpg HTTP/1.1" 200 81037 "-" "Mozilla/5.0 (compatible; bingbot/2.0; +http://www.bing.com/bingbot.htm)"
66.249.69.162 - - [20/Feb/2021:22:27:04 +0100] "GET /images/mini_prod/1384010202012.jpg HTTP/1.1" 200 2937 "-" "Googlebot-Image/1.0"
66.249.69.164 - - [20/Feb/2021:22:27:18 +0100] "GET /images/big_prod_1/045544947169a.jpg HTTP/1.1" 200 81564 "-" "Googlebot-Image/1.0"
185.191.171.15 - - [20/Feb/2021:22:28:23 +0100] "GET /robots.txt HTTP/1.1" 200 2438 "-" "Mozilla/5.0 (compatible; SemrushBot/7~bl; +http://www.semrush.com/bot.html)"
13.66.139.88 - - [20/Feb/2021:22:28:42 +0100] "GET /images/4029811317363.jpg HTTP/1.1" 200 136907 "-" "Mozilla/5.0 (compatible; bingbot/2.0; +http://www.bing.com/bingbot.htm)"
13.66.139.137 - - [20/Feb/2021:22:28:45 +0100] "GET /images/8455297513634.jpg HTTP/1.1" 200 65502 "-" "Mozilla/5.0 (compatible; bingbot/2.0; +http://www.bing.com/bingbot.htm)"
13.66.139.88 - - [20/Feb/2021:22:29:22 +0100] "GET /images/1399984259238.jpg HTTP/1.1" 200 88818 "-" "Mozilla/5.0 (compatible; bingbot/2.0; +http://www.bing.com/bingbot.htm)"
13.66.139.137 - - [20/Feb/2021:22:30:23 +0100] "GET /images/big_prod_1/3609810065161a.jpg HTTP/1.1" 200 158109 "-" "Mozilla/5.0 (compatible; bingbot/2.0; +http://www.bing.com/bingbot.htm)"
13.66.139.88 - - [20/Feb/2021:22:30:32 +0100] "GET /images/mini_prod/8718317653001.jpg HTTP/1.1" 200 8225 "-" "Mozilla/5.0 (compatible; bingbot/2.0; +http://www.bing.com/bingbot.htm)"
111.225.148.87 - - [20/Feb/2021:22:31:14 +0100] "GET /images/3681643309322.jpg HTTP/1.1" 200 74056 "http://www.wonder-geek.com/japan-rags-shoulder-p-26354.html" "Mozilla/5.0 (Linux; Android 5.0) AppleWebKit/537.36 (KHTML, like Gecko) Mobile Safari/537.36 (compatible; Bytespider; https://zhanzhang.toutiao.com/)"
13.66.139.73 - - [20/Feb/2021:22:31:23 +0100] "GET /images/big_prod/1328399139910.jpg HTTP/1.1" 200 67687 "-" "Mozilla/5.0 (compatible; bingbot/2.0; +http://www.bing.com/bingbot.htm)"
13.66.139.137 - - [20/Feb/2021:22:32:43 +0100] "GET /images/3760194750842.jpg HTTP/1.1" 200 37385 "-" "Mozilla/5.0 (compatible; bingbot/2.0; +http://www.bing.com/bingbot.htm)"
13.66.139.73 - - [20/Feb/2021:22:32:52 +0100] "GET /images/078257582280.jpg HTTP/1.1" 200 47305 "-" "Mozilla/5.0 (compatible; bingbot/2.0; +http://www.bing.com/bingbot.htm)"
157.55.39.246 - - [20/Feb/2021:22:33:55 +0100] "GET /js/jquery.js HTTP/1.1" 200 54075 "-" "Mozilla/5.0 (compatible; bingbot/2.0; +http://www.bing.com/bingbot.htm)"
13.66.139.88 - - [20/Feb/2021:22:34:54 +0100] "GET /images/med_prod/1341689437312.jpg HTTP/1.1" 200 94062 "-" "Mozilla/5.0 (compatible; bingbot/2.0; +http://www.bing.com/bingbot.htm)"
13.66.139.137 - - [20/Feb/2021:22:35:24 +0100] "GET /images/big_prod/8433220156653.jpg HTTP/1.1" 200 120923 "-" "Mozilla/5.0 (compatible; bingbot/2.0; +http://www.bing.com/bingbot.htm)"
13.66.139.88 - - [20/Feb/2021:22:35:27 +0100] "GET /images/mini_prod/5027148026261.jpg HTTP/1.1" 200 5992 "-" "Mozilla/5.0 (compatible; bingbot/2.0; +http://www.bing.com/bingbot.htm)"
74.125.210.38 - - [20/Feb/2021:22:37:10 +0100] "GET /images/5024095215120.jpg HTTP/1.1" 200 102576 "-" "Mozilla/5.0 (Windows NT 5.1; rv:11.0) Gecko Firefox/11.0 (via ggpht.com GoogleImageProxy)"
13.66.139.73 - - [20/Feb/2021:22:37:24 +0100] "GET /images/big_prod/9316188087254.jpg HTTP/1.1" 200 217611 "-" "Mozilla/5.0 (compatible; bingbot/2.0; +http://www.bing.com/bingbot.htm)"
13.66.139.73 - - [20/Feb/2021:22:37:43 +0100] "GET /images/big_prod/3665269056235.jpg HTTP/1.1" 200 87771 "-" "Mozilla/5.0 (compatible; bingbot/2.0; +http://www.bing.com/bingbot.htm)"
13.66.139.88 - - [20/Feb/2021:22:39:45 +0100] "GET /images/med_prod/1399984237649.jpg HTTP/1.1" 200 57646 "-" "Mozilla/5.0 (compatible; bingbot/2.0; +http://www.bing.com/bingbot.htm)"
114.119.135.163 - - [20/Feb/2021:22:40:50 +0100] "GET /images/big_prod/8424346519934.jpg HTTP/1.1" 200 147600 "-" "Mozilla/5.0 (Linux; Android 7.0;) AppleWebKit/537.36 (KHTML, like Gecko) Mobile Safari/537.36 (compatible; PetalBot;+https://aspiegel.com/petalbot)"
60.8.123.106 - - [20/Feb/2021:22:41:16 +0100] "GET /images/big_prod/8435306298837.jpg HTTP/1.1" 200 62264 "http://www.wonder-geek.com/pepe-jeans-sport-p-35990.html" "Mozilla/5.0 (Linux; Android 5.0) AppleWebKit/537.36 (KHTML, like Gecko) Mobile Safari/537.36 (compatible; Bytespider; https://zhanzhang.toutiao.com/)"
157.55.39.246 - - [20/Feb/2021:22:41:35 +0100] "GET /js/jquery.js HTTP/1.1" 200 54075 "-" "Mozilla/5.0 (compatible; bingbot/2.0; +http://www.bing.com/bingbot.htm)"
66.249.69.162 - - [20/Feb/2021:22:42:04 +0100] "GET /images/mini_prod/3700572712277B.jpg HTTP/1.1" 200 5843 "-" "Googlebot-Image/1.0"
157.55.39.189 - - [20/Feb/2021:22:42:44 +0100] "GET /js/modernizr-transitions.js HTTP/1.1" 200 2026 "-" "Mozilla/5.0 (compatible; bingbot/2.0; +http://www.bing.com/bingbot.htm)"
13.66.139.137 - - [20/Feb/2021:22:43:06 +0100] "GET /images/8003990629666.jpg HTTP/1.1" 200 41892 "-" "Mozilla/5.0 (compatible; bingbot/2.0; +http://www.bing.com/bingbot.htm)"
13.66.139.73 - - [20/Feb/2021:22:43:17 +0100] "GET /images/med_prod/5415203421760.jpg HTTP/1.1" 200 57910 "-" "Mozilla/5.0 (compatible; bingbot/2.0; +http://www.bing.com/bingbot.htm)"
13.66.139.137 - - [20/Feb/2021:22:46:44 +0100] "GET /images/big_prod/8424001459544peche.jpg HTTP/1.1" 200 50852 "-" "Mozilla/5.0 (compatible; bingbot/2.0; +http://www.bing.com/bingbot.htm)"
13.66.139.88 - - [20/Feb/2021:22:49:08 +0100] "GET /images/med_prod/1384010181164.jpg HTTP/1.1" 200 51192 "-" "Mozilla/5.0 (compatible; bingbot/2.0; +http://www.bing.com/bingbot.htm)"
13.66.139.137 - - [20/Feb/2021:22:49:35 +0100] "GET /images/med_prod/8435107771287.jpg HTTP/1.1" 200 110176 "-" "Mozilla/5.0 (compatible; bingbot/2.0; +http://www.bing.com/bingbot.htm)"
110.249.201.66 - - [20/Feb/2021:22:51:14 +0100] "GET /images/med_prod/1399984285091.jpg HTTP/1.1" 200 60816 "http://www.wonder-geek.com/dameron-miniature-character-p-32466.html" "Mozilla/5.0 (Linux; Android 5.0) AppleWebKit/537.36 (KHTML, like Gecko) Mobile Safari/537.36 (compatible; Bytespider; https://zhanzhang.toutiao.com/)"
216.244.66.242 - - [20/Feb/2021:22:52:46 +0100] "GET /robots.txt HTTP/1.1" 200 2438 "-" "Mozilla/5.0 (compatible; DotBot/1.1; http://www.opensiteexplorer.org/dotbot, help@moz.com)"
216.244.66.242 - - [20/Feb/2021:22:52:46 +0100] "GET /robots.txt HTTP/1.1" 200 2438 "-" "Mozilla/5.0 (compatible; DotBot/1.1; http://www.opensiteexplorer.org/dotbot, help@moz.com)"
13.66.139.88 - - [20/Feb/2021:22:54:19 +0100] "GET /images/3272760387487.jpg HTTP/1.1" 200 29421 "-" "Mozilla/5.0 (compatible; bingbot/2.0; +http://www.bing.com/bingbot.htm)"
13.66.139.88 - - [20/Feb/2021:22:55:00 +0100] "GET /images/big_prod/3609810095083.jpg HTTP/1.1" 200 135707 "-" "Mozilla/5.0 (compatible; bingbot/2.0; +http://www.bing.com/bingbot.htm)"
13.66.139.73 - - [20/Feb/2021:22:55:24 +0100] "GET /images/mini_prod/3453131154239.jpg HTTP/1.1" 200 8091 "-" "Mozilla/5.0 (compatible; bingbot/2.0; +http://www.bing.com/bingbot.htm)"
66.249.69.164 - - [20/Feb/2021:22:57:04 +0100] "GET /images/mini_prod/GEE-SORRY-1.jpg HTTP/1.1" 200 13230 "-" "Googlebot-Image/1.0"
