178.59.31.7 - - [20/Feb/2021:08:19:02 +0100] "GET /templates/Pixame_v1/images/Middle_texture.jpg HTTP/1.1" 200 249620 "http://www.wonder-geek.com/templates/Pixame_v1/stylesheet.css" "Mozilla/5.0 (Windows NT 10.0; Win64; x64) AppleWebKit/537.36 (KHTML, like Gecko) Chrome/88.0.4324.182 Safari/537.36"
178.59.31.7 - - [20/Feb/2021:08:19:03 +0100] "GET /design/productsenstock.png HTTP/1.1" 200 4743 "http://www.wonder-geek.com/templates/Pixame_v1/stylesheet.css" "Mozilla/5.0 (Windows NT 10.0; Win64; x64) AppleWebKit/537.36 (KHTML, like Gecko) Chrome/88.0.4324.182 Safari/537.36"
178.59.31.7 - - [20/Feb/2021:08:19:07 +0100] "GET /highslide/graphics/outlines/drop-shadow.png HTTP/1.1" 200 2022 "http://www.wonder-geek.com/ceramic-espresso-cups-p-43484.html" "Mozilla/5.0 (Windows NT 10.0; Win64; x64) AppleWebKit/537.36 (KHTML, like Gecko) Chrome/88.0.4324.182 Safari/537.36"
178.59.31.7 - - [20/Feb/2021:08:19:07 +0100] "GET /favicon.ico HTTP/1.1" 200 1591 "http://www.wonder-geek.com/ceramic-espresso-cups-p-43484.html" "Mozilla/5.0 (Windows NT 10.0; Win64; x64) AppleWebKit/537.36 (KHTML, like Gecko) Chrome/88.0.4324.182 Safari/537.36"
13.66.139.88 - - [20/Feb/2021:08:19:16 +0100] "GET /images/8012052080758.jpg HTTP/1.1" 200 50767 "-" "Mozilla/5.0 (compatible; bingbot/2.0; +http://www.bing.com/bingbot.htm)"
13.66.139.88 - - [20/Feb/2021:08:19:34 +0100] "GET /images/3700653501219.jpg HTTP/1.1" 200 32782 "-" "Mozilla/5.0 (compatible; bingbot/2.0; +http://www.bing.com/bingbot.htm)"
95.91.76.136 - - [20/Feb/2021:08:19:35 +0100] "GET /robots.txt HTTP/1.1" 200 2438 "-" "Mozilla/5.0 (compatible; MJ12bot/v1.4.8; http://mj12bot.com/)"
13.66.139.88 - - [20/Feb/2021:08:22:16 +0100] "GET /images/big_prod/8719075391143.jpg HTTP/1.1" 200 158270 "-" "Mozilla/5.0 (compatible; bingbot/2.0; +http://www.bing.com/bingbot.htm)"
157.55.39.170 - - [20/Feb/2021:08:22:48 +0100] "GET /robots.txt HTTP/1.1" 200 2438 "-" "Mozilla/5.0 (compatible; bingbot/2.0; +http://www.bing.com/bingbot.htm)"
54.236.1.11 - - [20/Feb/2021:08:22:52 +0100] "GET /robots.txt HTTP/1.1" 200 2438 "-" "Mozilla/5.0 (compatible; Pinterestbot/1.0; +http://www.pinterest.com/bot.html)"
54.236.1.11 - - [20/Feb/2021:08:22:53 +0100] "GET /robots.txt HTTP/1.1" 200 2438 "-" "Mozilla/5.0 (compatible; Pinterestbot/1.0; +http://www.pinterest.com/bot.html)"
13.66.139.88 - - [20/Feb/2021:08:23:35 +0100] "GET /images/big_prod/9316188077422.jpg HTTP/1.1" 200 101653 "-" "Mozilla/5.0 (compatible; bingbot/2.0; +http://www.bing.com/bingbot.htm)"
13.66.139.73 - - [20/Feb/2021:08:23:40 +0100] "GET /images/100_1859.jpg HTTP/1.1" 200 15427 "-" "Mozilla/5.0 (compatible; bingbot/2.0; +http://www.bing.com/bingbot.htm)"
35.227.29.207 - - [20/Feb/2021:08:24:42 +0100] "GET /robots.txt HTTP/1.0" 200 2438 "-" "ZoominfoBot (zoominfobot at zoominfo dot com)"
13.66.139.88 - - [20/Feb/2021:08:25:07 +0100] "GET /images/big_prod_1/b041689489458.jpg HTTP/1.1" 200 88304 "-" "Mozilla/5.0 (compatible; bingbot/2.0; +http://www.bing.com/bingbot.htm)"
66.249.69.166 - - [20/Feb/2021:08:26:12 +0100] "GET /images/mini_prod/3661443608528.jpg HTTP/1.1" 200 4679 "-" "Googlebot-Image/1.0"
216.244.66.242 - - [20/Feb/2021:08:28:41 +0100] "GET /robots.txt HTTP/1.1" 200 2438 "-" "Mozilla/5.0 (compatible; DotBot/1.1; http://www.opensiteexplorer.org/dotbot, help@moz.com)"
13.66.139.88 - - [20/Feb/2021:08:29:17 +0100] "GET /images/big_prod/1328399219346.jpg HTTP/1.1" 200 107136 "-" "Mozilla/5.0 (compatible; bingbot/2.0; +http://www.bing.com/bingbot.htm)"
35.227.29.207 - - [20/Feb/2021:08:30:35 +0100] "GET /robots.txt HTTP/1.1" 200 2438 "-" "ZoominfoBot (zoominfobot at zoominfo dot com)"
13.66.139.88 - - [20/Feb/2021:08:30:37 +0100] "GET /images/3453131120654.jpg HTTP/1.1" 200 87419 "-" "Mozilla/5.0 (compatible; bingbot/2.0; +http://www.bing.com/bingbot.htm)"
13.66.139.137 - - [20/Feb/2021:08:32:22 +0100] "GET /images/big_prod/1399984253632.jpg HTTP/1.1" 200 40317 "-" "Mozilla/5.0 (compatible; bingbot/2.0; +http://www.bing.com/bingbot.htm)"
13.66.139.88 - - [20/Feb/2021:08:33:39 +0100] "GET /images/med_prod/8433933012178.jpg HTTP/1.1" 200 126363 "-" "Mozilla/5.0 (compatible; bingbot/2.0; +http://www.bing.com/bingbot.htm)"
13.66.139.73 - - [20/Feb/2021:08:33:52 +0100] "GET /images/big_prod/3503420099427.jpg HTTP/1.1" 200 57572 "-" "Mozilla/5.0 (compatible; bingbot/2.0; +http://www.bing.com/bingbot.htm)"
157.55.39.170 - - [20/Feb/2021:08:35:30 +0100] "GET /robots.txt HTTP/1.1" 200 2438 "-" "Mozilla/5.0 (compatible; bingbot/2.0; +http://www.bing.com/bingbot.htm)"
13.66.139.137 - - [20/Feb/2021:08:36:23 +0100] "GET /images/041689560010.jpg HTTP/1.1" 200 99116 "-" "Mozilla/5.0 (compatible; bingbot/2.0; +http://www.bing.com/bingbot.htm)"
13.66.139.88 - - [20/Feb/2021:08:37:30 +0100] "GET /images/big_prod_1/5018997618448a.jpg HTTP/1.1" 200 65611 "-" "Mozilla/5.0 (compatible; bingbot/2.0; +http://www.bing.com/bingbot.htm)"
13.66.139.88 - - [20/Feb/2021:08:39:50 +0100] "GET /images/big_prod/3453131154420.jpg HTTP/1.1" 200 101098 "-" "Mozilla/5.0 (compatible; bingbot/2.0; +http://www.bing.com/bingbot.htm)"
13.66.139.73 - - [20/Feb/2021:08:41:07 +0100] "GET /images/1399984245484.jpg HTTP/1.1" 200 21064 "-" "Mozilla/5.0 (compatible; bingbot/2.0; +http://www.bing.com/bingbot.htm)"
74.125.208.8 - - [20/Feb/2021:08:41:08 +0100] "GET /images/big_prod/4260082930565.jpg HTTP/1.1" 200 85516 "-" "Mozilla/5.0 (Windows NT 5.1; rv:11.0) Gecko Firefox/11.0 (via ggpht.com GoogleImageProxy)"
141.135.230.44 - - [20/Feb/2021:08:41:17 +0100] "GET /js/jquery.jqzoom.js HTTP/1.1" 200 4761 "http://www.wonder-geek.com/little-geisha-small-p-39302.html" "Mozilla/5.0 (iPhone; CPU iPhone OS 14_4 like Mac OS X) AppleWebKit/605.1.15 (KHTML, like Gecko) Version/14.0.3 Mobile/15E148 Safari/604.1"
141.135.230.44 - - [20/Feb/2021:08:41:17 +0100] "GET /highslide/highslide.js HTTP/1.1" 200 42909 "http://www.wonder-geek.com/little-geisha-small-p-39302.html" "Mozilla/5.0 (iPhone; CPU iPhone OS 14_4 like Mac OS X) AppleWebKit/605.1.15 (KHTML, like Gecko) Version/14.0.3 Mobile/15E148 Safari/604.1"
141.135.230.44 - - [20/Feb/2021:08:41:17 +0100] "GET /mondial_relay/js/jquery-1.3.2.min.js HTTP/1.1" 200 57254 "http://www.wonder-geek.com/little-geisha-small-p-39302.html" "Mozilla/5.0 (iPhone; CPU iPhone OS 14_4 like Mac OS X) AppleWebKit/605.1.15 (KHTML, like Gecko) Version/14.0.3 Mobile/15E148 Safari/604.1"
141.135.230.44 - - [20/Feb/2021:08:41:17 +0100] "GET /templates/Pixame_v1/stylesheet.css HTTP/1.1" 200 56057 "http://www.wonder-geek.com/little-geisha-small-p-39302.html" "Mozilla/5.0 (iPhone; CPU iPhone OS 14_4 like Mac OS X) AppleWebKit/605.1.15 (KHTML, like Gecko) Version/14.0.3 Mobile/15E148 Safari/604.1"
141.135.230.44 - - [20/Feb/2021:08:41:17 +0100] "GET /js/jquery.js HTTP/1.1" 200 54075 "http://www.wonder-geek.com/little-geisha-small-p-39302.html" "Mozilla/5.0 (iPhone; CPU iPhone OS 14_4 like Mac OS X) AppleWebKit/605.1.15 (KHTML, like Gecko) Version/14.0.3 Mobile/15E148 Safari/604.1"
141.135.230.44 - - [20/Feb/2021:08:41:17 +0100] "GET /templates/Pixame_v1/images/icon_accueil2.png HTTP/1.1" 200 1137 "http://www.wonder-geek.com/little-geisha-small-p-39302.html" "Mozilla/5.0 (iPhone; CPU iPhone OS 14_4 like Mac OS X) AppleWebKit/605.1.15 (KHTML, like Gecko) Version/14.0.3 Mobile/15E148 Safari/604.1"
141.135.230.44 - - [20/Feb/2021:08:41:17 +0100] "GET /templates/Pixame_v1/images/buttons/english/button_in_cart.gif HTTP/1.1" 200 1212 "http://www.wonder-geek.com/little-geisha-small-p-39302.html" "Mozilla/5.0 (iPhone; CPU iPhone OS 14_4 like Mac OS X) AppleWebKit/605.1.15 (KHTML, like Gecko) Version/14.0.3 Mobile/15E148 Safari/604.1"
141.135.230.44 - - [20/Feb/2021:08:41:17 +0100] "GET /images/big_prod/4260082930565.jpg HTTP/1.1" 200 85516 "http://www.wonder-geek.com/little-geisha-small-p-39302.html" "Mozilla/5.0 (iPhone; CPU iPhone OS 14_4 like Mac OS X) AppleWebKit/605.1.15 (KHTML, like Gecko) Version/14.0.3 Mobile/15E148 Safari/604.1"
141.135.230.44 - - [20/Feb/2021:08:41:17 +0100] "GET /templates/Pixame_v1/images/nav.png HTTP/1.1" 200 1283 "http://www.wonder-geek.com/little-geisha-small-p-39302.html" "Mozilla/5.0 (iPhone; CPU iPhone OS 14_4 like Mac OS X) AppleWebKit/605.1.15 (KHTML, like Gecko) Version/14.0.3 Mobile/15E148 Safari/604.1"
141.135.230.44 - - [20/Feb/2021:08:41:17 +0100] "GET /templates/Pixame_v1/images/Bottom_texture.jpg HTTP/1.1" 200 56290 "http://www.wonder-geek.com/little-geisha-small-p-39302.html" "Mozilla/5.0 (iPhone; CPU iPhone OS 14_4 like Mac OS X) AppleWebKit/605.1.15 (KHTML, like Gecko) Version/14.0.3 Mobile/15E148 Safari/604.1"
141.135.230.44 - - [20/Feb/2021:08:41:17 +0100] "GET /design/productsenstock.png HTTP/1.1" 200 4743 "http://www.wonder-geek.com/little-geisha-small-p-39302.html" "Mozilla/5.0 (iPhone; CPU iPhone OS 14_4 like Mac OS X) AppleWebKit/605.1.15 (KHTML, like Gecko) Version/14.0.3 Mobile/15E148 Safari/604.1"
141.135.230.44 - - [20/Feb/2021:08:41:17 +0100] "GET /templates/Pixame_v1/images/header.png HTTP/1.1" 200 70245 "http://www.wonder-geek.com/little-geisha-small-p-39302.html" "Mozilla/5.0 (iPhone; CPU iPhone OS 14_4 like Mac OS X) AppleWebKit/605.1.15 (KHTML, like Gecko) Version/14.0.3 Mobile/15E148 Safari/604.1"
141.135.230.44 - - [20/Feb/2021:08:41:17 +0100] "GET /templates/Pixame_v1/images/header-object.png HTTP/1.1" 200 106050 "http://www.wonder-geek.com/little-geisha-small-p-39302.html" "Mozilla/5.0 (iPhone; CPU iPhone OS 14_4 like Mac OS X) AppleWebKit/605.1.15 (KHTML, like Gecko) Version/14.0.3 Mobile/15E148 Safari/604.1"
141.135.230.44 - - [20/Feb/2021:08:41:17 +0100] "GET /templates/Pixame_v1/images/Middle_texture.jpg HTTP/1.1" 200 249620 "http://www.wonder-geek.com/little-geisha-small-p-39302.html" "Mozilla/5.0 (iPhone; CPU iPhone OS 14_4 like Mac OS X) AppleWebKit/605.1.15 (KHTML, like Gecko) Version/14.0.3 Mobile/15E148 Safari/604.1"
141.135.230.44 - - [20/Feb/2021:08:41:17 +0100] "GET /highslide/graphics/outlines/drop-shadow.png HTTP/1.1" 200 2022 "http://www.wonder-geek.com/little-geisha-small-p-39302.html" "Mozilla/5.0 (iPhone; CPU iPhone OS 14_4 like Mac OS X) AppleWebKit/605.1.15 (KHTML, like Gecko) Version/14.0.3 Mobile/15E148 Safari/604.1"
141.135.230.44 - - [20/Feb/2021:08:41:17 +0100] "GET /favicon.ico HTTP/1.1" 200 1591 "http://www.wonder-geek.com/little-geisha-small-p-39302.html" "Mozilla/5.0 (iPhone; CPU iPhone OS 14_4 like Mac OS X) AppleWebKit/605.1.15 (KHTML, like Gecko) Version/14.0.3 Mobile/15E148 Safari/604.1"
185.191.171.5 - - [20/Feb/2021:08:41:29 +0100] "GET /robots.txt HTTP/1.1" 200 2438 "-" "Mozilla/5.0 (compatible; SemrushBot/7~bl; +http://www.semrush.com/bot.html)"
216.244.66.242 - - [20/Feb/2021:08:41:48 +0100] "GET /images/med_prod/3354370000342.jpg HTTP/1.1" 200 62231 "-" "Mozilla/5.0 (compatible; DotBot/1.1; http://www.opensiteexplorer.org/dotbot, help@moz.com)"
220.181.51.122 - - [20/Feb/2021:08:43:06 +0100] "GET /images/mini_prod/3700281648331.jpg HTTP/1.1" 200 5528 "-" "Mozilla/5.0 (Macintosh; Intel Mac OS X 10_14_4) AppleWebKit/537.36 (KHTML, like Gecko) Chrome/73.0.3683.103 Safari/537.36"
13.66.139.137 - - [20/Feb/2021:08:43:53 +0100] "GET /images/1399984255896.jpg HTTP/1.1" 200 106756 "-" "Mozilla/5.0 (compatible; bingbot/2.0; +http://www.bing.com/bingbot.htm)"
13.66.139.137 - - [20/Feb/2021:08:44:34 +0100] "GET /images/big_prod/8422033225342.jpg HTTP/1.1" 200 184835 "-" "Mozilla/5.0 (compatible; bingbot/2.0; +http://www.bing.com/bingbot.htm)"
157.55.39.246 - - [20/Feb/2021:08:45:39 +0100] "GET /js/jquery.js HTTP/1.1" 200 54075 "-" "Mozilla/5.0 (compatible; bingbot/2.0; +http://www.bing.com/bingbot.htm)"
13.66.139.137 - - [20/Feb/2021:08:45:54 +0100] "GET /images/big_prod_2/8424346049424NN.jpg HTTP/1.1" 200 212415 "-" "Mozilla/5.0 (compatible; bingbot/2.0; +http://www.bing.com/bingbot.htm)"
66.249.69.164 - - [20/Feb/2021:08:46:07 +0100] "GET /images/mini_prod/75256bis.jpg HTTP/1.1" 200 7897 "-" "Googlebot-Image/1.0"
157.55.39.246 - - [20/Feb/2021:08:46:39 +0100] "GET /js/jquery.js HTTP/1.1" 200 54075 "-" "Mozilla/5.0 (compatible; bingbot/2.0; +http://www.bing.com/bingbot.htm)"
157.55.39.69 - - [20/Feb/2021:08:46:43 +0100] "GET /highslide/highslide.js HTTP/1.1" 200 42909 "-" "Mozilla/5.0 (compatible; bingbot/2.0; +http://www.bing.com/bingbot.htm)"
157.55.39.159 - - [20/Feb/2021:08:47:35 +0100] "GET /js/jquery.jqzoom.js HTTP/1.1" 200 4761 "-" "Mozilla/5.0 (compatible; bingbot/2.0; +http://www.bing.com/bingbot.htm)"
13.66.139.88 - - [20/Feb/2021:08:48:23 +0100] "GET /images/big_prod/3665269028355.jpg HTTP/1.1" 200 59255 "-" "Mozilla/5.0 (compatible; bingbot/2.0; +http://www.bing.com/bingbot.htm)"
95.163.255.64 - - [20/Feb/2021:08:49:22 +0100] "GET /robots.txt HTTP/1.0" 200 2438 "-" "Mozilla/5.0 (compatible; Linux x86_64; Mail.RU_Bot/2.0; +http://go.mail.ru/help/robots)"
13.66.139.73 - - [20/Feb/2021:08:50:45 +0100] "GET /images/big_prod_1/1318600329995a.jpg HTTP/1.1" 200 74523 "-" "Mozilla/5.0 (compatible; bingbot/2.0; +http://www.bing.com/bingbot.htm)"
157.55.39.69 - - [20/Feb/2021:08:51:02 +0100] "GET /highslide/highslide.js HTTP/1.1" 200 42909 "-" "Mozilla/5.0 (compatible; bingbot/2.0; +http://www.bing.com/bingbot.htm)"
13.66.139.73 - - [20/Feb/2021:08:52:23 +0100] "GET /images/3681643301715.jpg HTTP/1.1" 200 22050 "-" "Mozilla/5.0 (compatible; bingbot/2.0; +http://www.bing.com/bingbot.htm)"
13.66.139.137 - - [20/Feb/2021:08:53:14 +0100] "GET /images/big_prod_1/8422099001126.jpg HTTP/1.1" 200 78991 "-" "Mozilla/5.0 (compatible; bingbot/2.0; +http://www.bing.com/bingbot.htm)"
114.119.145.117 - - [20/Feb/2021:08:53:20 +0100] "GET /images/big_prod/8424001663798.jpg HTTP/1.1" 200 119808 "-" "Mozilla/5.0 (Linux; Android 7.0;) AppleWebKit/537.36 (KHTML, like Gecko) Mobile Safari/537.36 (compatible; PetalBot;+https://aspiegel.com/petalbot)"
194.187.171.69 - - [20/Feb/2021:08:53:33 +0100] "GET /images/8006180204155.jpg HTTP/1.1" 200 127639 "-" "Mozilla/5.0 (X11; Linux x86_64; rv:60.0) Gecko/20100101 Firefox/60.0"
13.66.139.88 - - [20/Feb/2021:08:53:34 +0100] "GET /images/big_prod_1/5018997618448a.jpg HTTP/1.1" 200 65611 "-" "Mozilla/5.0 (compatible; bingbot/2.0; +http://www.bing.com/bingbot.htm)"
189.253.44.144 - - [20/Feb/2021:08:53:46 +0100] "GET /highslide/highslide.js HTTP/1.1" 200 42909 "http://www.wonder-geek.com/frozen-rectangular-mirror-p-29000.html" "Mozilla/5.0 (Windows NT 10.0; Win64; x64) AppleWebKit/537.36 (KHTML, like Gecko) Chrome/88.0.4324.182 Safari/537.36"
189.253.44.144 - - [20/Feb/2021:08:53:46 +0100] "GET /js/jquery.jqzoom.js HTTP/1.1" 200 4761 "http://www.wonder-geek.com/frozen-rectangular-mirror-p-29000.html" "Mozilla/5.0 (Windows NT 10.0; Win64; x64) AppleWebKit/537.36 (KHTML, like Gecko) Chrome/88.0.4324.182 Safari/537.36"
189.253.44.144 - - [20/Feb/2021:08:53:46 +0100] "GET /js/jquery.js HTTP/1.1" 200 54075 "http://www.wonder-geek.com/frozen-rectangular-mirror-p-29000.html" "Mozilla/5.0 (Windows NT 10.0; Win64; x64) AppleWebKit/537.36 (KHTML, like Gecko) Chrome/88.0.4324.182 Safari/537.36"
189.253.44.144 - - [20/Feb/2021:08:53:46 +0100] "GET /templates/Pixame_v1/stylesheet.css HTTP/1.1" 200 56057 "http://www.wonder-geek.com/frozen-rectangular-mirror-p-29000.html" "Mozilla/5.0 (Windows NT 10.0; Win64; x64) AppleWebKit/537.36 (KHTML, like Gecko) Chrome/88.0.4324.182 Safari/537.36"
189.253.44.144 - - [20/Feb/2021:08:53:46 +0100] "GET /mondial_relay/js/jquery-1.3.2.min.js HTTP/1.1" 200 57254 "http://www.wonder-geek.com/frozen-rectangular-mirror-p-29000.html" "Mozilla/5.0 (Windows NT 10.0; Win64; x64) AppleWebKit/537.36 (KHTML, like Gecko) Chrome/88.0.4324.182 Safari/537.36"
189.253.44.144 - - [20/Feb/2021:08:53:47 +0100] "GET /templates/Pixame_v1/images/icon_accueil2.png HTTP/1.1" 200 1137 "http://www.wonder-geek.com/frozen-rectangular-mirror-p-29000.html" "Mozilla/5.0 (Windows NT 10.0; Win64; x64) AppleWebKit/537.36 (KHTML, like Gecko) Chrome/88.0.4324.182 Safari/537.36"
189.253.44.144 - - [20/Feb/2021:08:53:47 +0100] "GET /templates/Pixame_v1/images/nav.png HTTP/1.1" 200 1283 "http://www.wonder-geek.com/templates/Pixame_v1/stylesheet.css" "Mozilla/5.0 (Windows NT 10.0; Win64; x64) AppleWebKit/537.36 (KHTML, like Gecko) Chrome/88.0.4324.182 Safari/537.36"
189.253.44.144 - - [20/Feb/2021:08:53:47 +0100] "GET /design/productsenstock.png HTTP/1.1" 200 4743 "http://www.wonder-geek.com/templates/Pixame_v1/stylesheet.css" "Mozilla/5.0 (Windows NT 10.0; Win64; x64) AppleWebKit/537.36 (KHTML, like Gecko) Chrome/88.0.4324.182 Safari/537.36"
189.253.44.144 - - [20/Feb/2021:08:53:47 +0100] "GET /templates/Pixame_v1/images/Bottom_texture.jpg HTTP/1.1" 200 56290 "http://www.wonder-geek.com/templates/Pixame_v1/stylesheet.css" "Mozilla/5.0 (Windows NT 10.0; Win64; x64) AppleWebKit/537.36 (KHTML, like Gecko) Chrome/88.0.4324.182 Safari/537.36"
189.253.44.144 - - [20/Feb/2021:08:53:47 +0100] "GET /templates/Pixame_v1/images/header-object.png HTTP/1.1" 200 106050 "http://www.wonder-geek.com/templates/Pixame_v1/stylesheet.css" "Mozilla/5.0 (Windows NT 10.0; Win64; x64) AppleWebKit/537.36 (KHTML, like Gecko) Chrome/88.0.4324.182 Safari/537.36"
189.253.44.144 - - [20/Feb/2021:08:53:48 +0100] "GET /templates/Pixame_v1/images/header.png HTTP/1.1" 200 70245 "http://www.wonder-geek.com/templates/Pixame_v1/stylesheet.css" "Mozilla/5.0 (Windows NT 10.0; Win64; x64) AppleWebKit/537.36 (KHTML, like Gecko) Chrome/88.0.4324.182 Safari/537.36"
189.253.44.144 - - [20/Feb/2021:08:53:48 +0100] "GET /templates/Pixame_v1/images/Middle_texture.jpg HTTP/1.1" 200 249620 "http://www.wonder-geek.com/templates/Pixame_v1/stylesheet.css" "Mozilla/5.0 (Windows NT 10.0; Win64; x64) AppleWebKit/537.36 (KHTML, like Gecko) Chrome/88.0.4324.182 Safari/537.36"
13.66.139.73 - - [20/Feb/2021:08:53:48 +0100] "GET /images/3388760924574.jpg HTTP/1.1" 200 34983 "-" "Mozilla/5.0 (compatible; bingbot/2.0; +http://www.bing.com/bingbot.htm)"
189.253.44.144 - - [20/Feb/2021:08:53:48 +0100] "GET /highslide/graphics/outlines/drop-shadow.png HTTP/1.1" 200 2022 "http://www.wonder-geek.com/frozen-rectangular-mirror-p-29000.html" "Mozilla/5.0 (Windows NT 10.0; Win64; x64) AppleWebKit/537.36 (KHTML, like Gecko) Chrome/88.0.4324.182 Safari/537.36"
189.253.44.144 - - [20/Feb/2021:08:53:48 +0100] "GET /favicon.ico HTTP/1.1" 200 1591 "http://www.wonder-geek.com/frozen-rectangular-mirror-p-29000.html" "Mozilla/5.0 (Windows NT 10.0; Win64; x64) AppleWebKit/537.36 (KHTML, like Gecko) Chrome/88.0.4324.182 Safari/537.36"
13.66.139.88 - - [20/Feb/2021:08:54:05 +0100] "GET /images/big_prod/8435306288852.jpg HTTP/1.1" 200 219086 "-" "Mozilla/5.0 (compatible; bingbot/2.0; +http://www.bing.com/bingbot.htm)"
13.66.139.137 - - [20/Feb/2021:08:54:09 +0100] "GET /images/3281640395115.jpg HTTP/1.1" 200 43822 "-" "Mozilla/5.0 (compatible; bingbot/2.0; +http://www.bing.com/bingbot.htm)"
13.66.139.73 - - [20/Feb/2021:08:54:14 +0100] "GET /images/big_prod/8422015900014.jpg HTTP/1.1" 200 81981 "-" "Mozilla/5.0 (compatible; bingbot/2.0; +http://www.bing.com/bingbot.htm)"
13.66.139.88 - - [20/Feb/2021:08:55:55 +0100] "GET /images/big_prod/4036113102986.jpg HTTP/1.1" 200 151347 "-" "Mozilla/5.0 (compatible; bingbot/2.0; +http://www.bing.com/bingbot.htm)"
157.55.39.159 - - [20/Feb/2021:08:55:58 +0100] "GET /js/jquery.jqzoom.js HTTP/1.1" 200 4761 "-" "Mozilla/5.0 (compatible; bingbot/2.0; +http://www.bing.com/bingbot.htm)"
157.55.39.246 - - [20/Feb/2021:08:56:04 +0100] "GET /js/jquery.js HTTP/1.1" 200 54075 "-" "Mozilla/5.0 (compatible; bingbot/2.0; +http://www.bing.com/bingbot.htm)"
157.55.39.69 - - [20/Feb/2021:08:56:12 +0100] "GET /highslide/highslide.js HTTP/1.1" 200 42909 "-" "Mozilla/5.0 (compatible; bingbot/2.0; +http://www.bing.com/bingbot.htm)"
66.249.69.166 - - [20/Feb/2021:08:56:13 +0100] "GET /images/mini_prod/1384010202005.jpg HTTP/1.1" 200 2924 "-" "Googlebot-Image/1.0"
157.55.39.189 - - [20/Feb/2021:08:56:17 +0100] "GET /mondial_relay/js/jquery-1.3.2.min.js HTTP/1.1" 200 57254 "-" "Mozilla/5.0 (compatible; bingbot/2.0; +http://www.bing.com/bingbot.htm)"
13.66.139.88 - - [20/Feb/2021:08:56:35 +0100] "GET /images/DSCN4019.jpg HTTP/1.1" 200 47674 "-" "Mozilla/5.0 (compatible; bingbot/2.0; +http://www.bing.com/bingbot.htm)"
13.66.139.88 - - [20/Feb/2021:08:58:26 +0100] "GET /images/big_prod/843393320375.jpg HTTP/1.1" 200 87851 "-" "Mozilla/5.0 (compatible; bingbot/2.0; +http://www.bing.com/bingbot.htm)"
13.66.139.88 - - [20/Feb/2021:08:59:55 +0100] "GET /images/DSCN0652vert.jpg HTTP/1.1" 200 37053 "-" "Mozilla/5.0 (compatible; bingbot/2.0; +http://www.bing.com/bingbot.htm)"
13.66.139.73 - - [20/Feb/2021:09:00:36 +0100] "GET /images/med_prod/0039897677330dg.jpg HTTP/1.1" 200 73008 "-" "Mozilla/5.0 (compatible; bingbot/2.0; +http://www.bing.com/bingbot.htm)"
192.0.101.144 - - [20/Feb/2021:09:04:03 +0100] "GET /images/med_prod/N1384010176153N.jpg HTTP/1.1" 200 76146 "-" "Photon/1.0"
13.66.139.88 - - [20/Feb/2021:09:05:17 +0100] "GET /images/big_prod_2/3574641022532b.jpg HTTP/1.1" 200 55234 "-" "Mozilla/5.0 (compatible; bingbot/2.0; +http://www.bing.com/bingbot.htm)"
114.119.129.36 - - [20/Feb/2021:09:06:14 +0100] "GET /images/mini_prod/8433933227251.jpg HTTP/1.1" 200 6868 "-" "Mozilla/5.0 (Linux; Android 7.0;) AppleWebKit/537.36 (KHTML, like Gecko) Mobile Safari/537.36 (compatible; PetalBot;+https://aspiegel.com/petalbot)"
13.66.139.137 - - [20/Feb/2021:09:06:25 +0100] "GET /images/3609810023833.jpg HTTP/1.1" 200 96820 "-" "Mozilla/5.0 (compatible; bingbot/2.0; +http://www.bing.com/bingbot.htm)"
13.66.139.137 - - [20/Feb/2021:09:07:16 +0100] "GET /images/voilbarba.jpg HTTP/1.1" 200 17622 "-" "Mozilla/5.0 (compatible; bingbot/2.0; +http://www.bing.com/bingbot.htm)"
157.55.39.246 - - [20/Feb/2021:09:07:32 +0100] "GET /js/jquery.js HTTP/1.1" 200 54075 "-" "Mozilla/5.0 (compatible; bingbot/2.0; +http://www.bing.com/bingbot.htm)"
5.255.231.71 - - [20/Feb/2021:09:07:39 +0100] "GET /robots.txt HTTP/1.1" 200 2438 "-" "Mozilla/5.0 (compatible; YandexBot/3.0; +http://yandex.com/bots)"
5.255.231.71 - - [20/Feb/2021:09:07:43 +0100] "GET /images/med_prod/8412497917624.jpg HTTP/1.1" 304 0 "-" "Mozilla/5.0 (compatible; YandexImages/3.0; +http://yandex.com/bots)"
13.66.139.137 - - [20/Feb/2021:09:11:56 +0100] "GET /images/big_prod/5036278056062N.jpg HTTP/1.1" 200 85638 "-" "Mozilla/5.0 (compatible; bingbot/2.0; +http://www.bing.com/bingbot.htm)"
13.66.139.137 - - [20/Feb/2021:09:11:56 +0100] "GET /images/h1gafc7a.jpg HTTP/1.1" 200 31109 "-" "Mozilla/5.0 (compatible; bingbot/2.0; +http://www.bing.com/bingbot.htm)"
13.66.139.73 - - [20/Feb/2021:09:12:27 +0100] "GET /images/big_prod/8433933434178.jpg HTTP/1.1" 200 143823 "-" "Mozilla/5.0 (compatible; bingbot/2.0; +http://www.bing.com/bingbot.htm)"
185.191.171.45 - - [20/Feb/2021:09:12:53 +0100] "GET /robots.txt HTTP/1.1" 200 2438 "-" "Mozilla/5.0 (compatible; SemrushBot/7~bl; +http://www.semrush.com/bot.html)"
77.75.76.164 - - [20/Feb/2021:09:13:00 +0100] "GET /robots.txt HTTP/1.1" 200 2438 "-" "Mozilla/5.0 (compatible; SeznamBot/3.2; +http://napoveda.seznam.cz/en/seznambot-intro/)"
77.75.76.164 - - [20/Feb/2021:09:13:00 +0100] "GET /images/mini_prod/8422001018136.gif HTTP/1.1" 200 5358 "-" "Mozilla/5.0 (compatible; SeznamBot/3.2; +http://napoveda.seznam.cz/en/seznambot-intro/)"
77.75.76.164 - - [20/Feb/2021:09:13:01 +0100] "GET /images/8435306246456bis.jpg HTTP/1.1" 200 99768 "-" "Mozilla/5.0 (compatible; SeznamBot/3.2; +http://napoveda.seznam.cz/en/seznambot-intro/)"
13.66.139.88 - - [20/Feb/2021:09:13:39 +0100] "GET /images/1399984249727.jpg HTTP/1.1" 200 79049 "-" "Mozilla/5.0 (compatible; bingbot/2.0; +http://www.bing.com/bingbot.htm)"
13.66.139.73 - - [20/Feb/2021:09:13:46 +0100] "GET /images/big_prod/4012390386356.jpg HTTP/1.1" 200 91348 "-" "Mozilla/5.0 (compatible; bingbot/2.0; +http://www.bing.com/bingbot.htm)"
193.164.132.177 - - [20/Feb/2021:09:13:58 +0100] "GET /images/big_prod_2/4260082936956b.jpg HTTP/1.1" 200 48091 "http://www.wonder-geek.com/images/big_prod_2/4260082936956b.jpg" "Mozilla/4.0 (compatible; MSIE 5.01; Windows NT 5.0)"
13.66.139.137 - - [20/Feb/2021:09:14:37 +0100] "GET /images/big_prod/3700516226396.jpg HTTP/1.1" 200 52492 "-" "Mozilla/5.0 (compatible; bingbot/2.0; +http://www.bing.com/bingbot.htm)"
13.66.139.137 - - [20/Feb/2021:09:14:37 +0100] "GET /images/4010070231163.jpg HTTP/1.1" 200 33531 "-" "Mozilla/5.0 (compatible; bingbot/2.0; +http://www.bing.com/bingbot.htm)"
13.66.139.88 - - [20/Feb/2021:09:15:02 +0100] "GET /images/big_prod/3609810070752.jpg HTTP/1.1" 200 140196 "-" "Mozilla/5.0 (compatible; bingbot/2.0; +http://www.bing.com/bingbot.htm)"
157.55.39.246 - - [20/Feb/2021:09:15:12 +0100] "GET /js/jquery.js HTTP/1.1" 200 54075 "-" "Mozilla/5.0 (compatible; bingbot/2.0; +http://www.bing.com/bingbot.htm)"
157.55.39.189 - - [20/Feb/2021:09:15:16 +0100] "GET /mondial_relay/js/jquery-1.3.2.min.js HTTP/1.1" 200 57254 "-" "Mozilla/5.0 (compatible; bingbot/2.0; +http://www.bing.com/bingbot.htm)"
157.55.39.159 - - [20/Feb/2021:09:16:39 +0100] "GET /js/jquery.jqzoom.js HTTP/1.1" 200 4761 "-" "Mozilla/5.0 (compatible; bingbot/2.0; +http://www.bing.com/bingbot.htm)"
13.66.139.137 - - [20/Feb/2021:09:17:26 +0100] "GET /images/8009233802209.jpg HTTP/1.1" 200 36086 "-" "Mozilla/5.0 (compatible; bingbot/2.0; +http://www.bing.com/bingbot.htm)"
13.66.139.88 - - [20/Feb/2021:09:17:36 +0100] "GET /images/beatlesgris.jpg HTTP/1.1" 200 127529 "-" "Mozilla/5.0 (compatible; bingbot/2.0; +http://www.bing.com/bingbot.htm)"
13.66.139.73 - - [20/Feb/2021:09:17:48 +0100] "GET /images/big_prod/8435107828882.jpg HTTP/1.1" 200 174564 "-" "Mozilla/5.0 (compatible; bingbot/2.0; +http://www.bing.com/bingbot.htm)"
216.244.66.242 - - [20/Feb/2021:09:21:40 +0100] "GET /robots.txt HTTP/1.1" 200 2438 "-" "Mozilla/5.0 (compatible; DotBot/1.1; http://www.opensiteexplorer.org/dotbot, help@moz.com)"
13.66.139.137 - - [20/Feb/2021:09:22:10 +0100] "GET /images/big_prod/5415203612564.jpg HTTP/1.1" 200 92621 "-" "Mozilla/5.0 (compatible; bingbot/2.0; +http://www.bing.com/bingbot.htm)"
13.66.139.73 - - [20/Feb/2021:09:22:11 +0100] "GET /images/4012390358643.jpg HTTP/1.1" 200 17803 "-" "Mozilla/5.0 (compatible; bingbot/2.0; +http://www.bing.com/bingbot.htm)"
13.66.139.88 - - [20/Feb/2021:09:23:32 +0100] "GET /images/5027417021201.jpg HTTP/1.1" 200 26715 "-" "Mozilla/5.0 (compatible; bingbot/2.0; +http://www.bing.com/bingbot.htm)"
13.66.139.137 - - [20/Feb/2021:09:24:27 +0100] "GET /images/4029811281732.jpg HTTP/1.1" 200 69859 "-" "Mozilla/5.0 (compatible; bingbot/2.0; +http://www.bing.com/bingbot.htm)"
13.66.139.88 - - [20/Feb/2021:09:25:03 +0100] "GET /images/big_prod/3453131146043.jpg HTTP/1.1" 200 182423 "-" "Mozilla/5.0 (compatible; bingbot/2.0; +http://www.bing.com/bingbot.htm)"
13.66.139.137 - - [20/Feb/2021:09:25:47 +0100] "GET /images/big_prod/8904245400026.jpg HTTP/1.1" 200 72056 "-" "Mozilla/5.0 (compatible; bingbot/2.0; +http://www.bing.com/bingbot.htm)"
13.66.139.88 - - [20/Feb/2021:09:26:12 +0100] "GET /images/big_prod/5027148033696.jpg HTTP/1.1" 200 59761 "-" "Mozilla/5.0 (compatible; bingbot/2.0; +http://www.bing.com/bingbot.htm)"
66.249.69.166 - - [20/Feb/2021:09:26:12 +0100] "GET /images/mini_prod/3700276281802.jpg HTTP/1.1" 200 12038 "-" "Googlebot-Image/1.0"
13.66.139.137 - - [20/Feb/2021:09:27:07 +0100] "GET /images/big_prod/8424001602049.jpg HTTP/1.1" 200 85901 "-" "Mozilla/5.0 (compatible; bingbot/2.0; +http://www.bing.com/bingbot.htm)"
13.66.139.137 - - [20/Feb/2021:09:27:38 +0100] "GET /images/med_prod/8435306288548.jpg HTTP/1.1" 200 62514 "-" "Mozilla/5.0 (compatible; bingbot/2.0; +http://www.bing.com/bingbot.htm)"
13.66.139.137 - - [20/Feb/2021:09:28:09 +0100] "GET /images/big_prod/8718375751411.jpg HTTP/1.1" 200 116120 "-" "Mozilla/5.0 (compatible; bingbot/2.0; +http://www.bing.com/bingbot.htm)"
157.55.39.246 - - [20/Feb/2021:09:29:34 +0100] "GET /js/jquery.js HTTP/1.1" 200 54075 "-" "Mozilla/5.0 (compatible; bingbot/2.0; +http://www.bing.com/bingbot.htm)"
13.66.139.137 - - [20/Feb/2021:09:31:08 +0100] "GET /images/big_prod/3014627555673.jpg HTTP/1.1" 200 94281 "-" "Mozilla/5.0 (compatible; bingbot/2.0; +http://www.bing.com/bingbot.htm)"
13.66.139.73 - - [20/Feb/2021:09:31:59 +0100] "GET /images/big_prod_2/3665269058871b.jpg HTTP/1.1" 200 159096 "-" "Mozilla/5.0 (compatible; bingbot/2.0; +http://www.bing.com/bingbot.htm)"
13.66.139.73 - - [20/Feb/2021:09:33:19 +0100] "GET /images/big_prod/1328399102266.jpg HTTP/1.1" 200 81770 "-" "Mozilla/5.0 (compatible; bingbot/2.0; +http://www.bing.com/bingbot.htm)"
13.66.139.73 - - [20/Feb/2021:09:33:20 +0100] "GET /images/big_prod/3453131146593.jpg HTTP/1.1" 200 89413 "-" "Mozilla/5.0 (compatible; bingbot/2.0; +http://www.bing.com/bingbot.htm)"
13.66.139.88 - - [20/Feb/2021:09:33:33 +0100] "GET /images/big_prod/3453131127479.jpg HTTP/1.1" 200 76269 "-" "Mozilla/5.0 (compatible; bingbot/2.0; +http://www.bing.com/bingbot.htm)"
13.66.139.73 - - [20/Feb/2021:09:34:09 +0100] "GET /images/big_prod/5018997627761.jpg HTTP/1.1" 200 118838 "-" "Mozilla/5.0 (compatible; bingbot/2.0; +http://www.bing.com/bingbot.htm)"
66.249.69.164 - - [20/Feb/2021:09:36:07 +0100] "GET /images/mini_prod/3700057111748.jpg HTTP/1.1" 200 7452 "-" "Googlebot-Image/1.0"
216.244.66.242 - - [20/Feb/2021:09:38:17 +0100] "GET /images/3524550007151.jpg HTTP/1.1" 200 47019 "-" "Mozilla/5.0 (compatible; DotBot/1.1; http://www.opensiteexplorer.org/dotbot, help@moz.com)"
13.66.139.73 - - [20/Feb/2021:09:39:28 +0100] "GET /images/big_prod/8422010965001.jpg HTTP/1.1" 200 47653 "-" "Mozilla/5.0 (compatible; bingbot/2.0; +http://www.bing.com/bingbot.htm)"
13.66.139.137 - - [20/Feb/2021:09:39:33 +0100] "GET /images/045544513678.jpg HTTP/1.1" 200 31027 "-" "Mozilla/5.0 (compatible; bingbot/2.0; +http://www.bing.com/bingbot.htm)"
216.244.66.242 - - [20/Feb/2021:09:39:53 +0100] "GET /images/med_prod/1341689419929.jpg HTTP/1.1" 200 154632 "-" "Mozilla/5.0 (compatible; DotBot/1.1; http://www.opensiteexplorer.org/dotbot, help@moz.com)"
13.66.139.88 - - [20/Feb/2021:09:40:25 +0100] "GET /images/big_prod/8720088296042.jpg HTTP/1.1" 200 77403 "-" "Mozilla/5.0 (compatible; bingbot/2.0; +http://www.bing.com/bingbot.htm)"
13.66.139.88 - - [20/Feb/2021:09:40:44 +0100] "GET /images/b8028501693554.jpg HTTP/1.1" 200 80379 "-" "Mozilla/5.0 (compatible; bingbot/2.0; +http://www.bing.com/bingbot.htm)"
216.244.66.242 - - [20/Feb/2021:09:40:47 +0100] "GET /images/big_prod/4029811336333.jpg HTTP/1.1" 200 90175 "-" "Mozilla/5.0 (compatible; DotBot/1.1; http://www.opensiteexplorer.org/dotbot, help@moz.com)"
157.55.39.246 - - [20/Feb/2021:09:43:26 +0100] "GET /js/jquery.js HTTP/1.1" 200 54075 "-" "Mozilla/5.0 (compatible; bingbot/2.0; +http://www.bing.com/bingbot.htm)"
13.66.139.88 - - [20/Feb/2021:09:43:56 +0100] "GET /images/3660173162270.jpg HTTP/1.1" 200 32897 "-" "Mozilla/5.0 (compatible; bingbot/2.0; +http://www.bing.com/bingbot.htm)"
13.66.139.137 - - [20/Feb/2021:09:45:09 +0100] "GET /images/med_prod/5415203516114.jpg HTTP/1.1" 200 66168 "-" "Mozilla/5.0 (compatible; bingbot/2.0; +http://www.bing.com/bingbot.htm)"
13.66.139.88 - - [20/Feb/2021:09:46:37 +0100] "GET /images/big_prod/1304038301191.jpg HTTP/1.1" 200 103289 "-" "Mozilla/5.0 (compatible; bingbot/2.0; +http://www.bing.com/bingbot.htm)"
157.55.39.246 - - [20/Feb/2021:09:47:06 +0100] "GET /js/jquery.js HTTP/1.1" 200 54075 "-" "Mozilla/5.0 (compatible; bingbot/2.0; +http://www.bing.com/bingbot.htm)"
157.55.39.69 - - [20/Feb/2021:09:47:10 +0100] "GET /highslide/highslide.js HTTP/1.1" 200 42909 "-" "Mozilla/5.0 (compatible; bingbot/2.0; +http://www.bing.com/bingbot.htm)"
157.55.39.189 - - [20/Feb/2021:09:47:17 +0100] "GET /mondial_relay/js/jquery-1.3.2.min.js HTTP/1.1" 200 57254 "-" "Mozilla/5.0 (compatible; bingbot/2.0; +http://www.bing.com/bingbot.htm)"
13.66.139.137 - - [20/Feb/2021:09:47:29 +0100] "GET /images/big_prod/3014627555673.jpg HTTP/1.1" 200 94281 "-" "Mozilla/5.0 (compatible; bingbot/2.0; +http://www.bing.com/bingbot.htm)"
157.55.39.246 - - [20/Feb/2021:09:48:36 +0100] "GET /js/jquery.js HTTP/1.1" 200 54075 "-" "Mozilla/5.0 (compatible; bingbot/2.0; +http://www.bing.com/bingbot.htm)"
157.55.39.69 - - [20/Feb/2021:09:48:41 +0100] "GET /highslide/highslide.js HTTP/1.1" 200 42909 "-" "Mozilla/5.0 (compatible; bingbot/2.0; +http://www.bing.com/bingbot.htm)"
13.66.139.73 - - [20/Feb/2021:09:49:01 +0100] "GET /images/big_prod/8433933225998.jpg HTTP/1.1" 200 115703 "-" "Mozilla/5.0 (compatible; bingbot/2.0; +http://www.bing.com/bingbot.htm)"
185.191.171.9 - - [20/Feb/2021:09:49:50 +0100] "GET /robots.txt HTTP/1.1" 200 2438 "-" "Mozilla/5.0 (compatible; SemrushBot/7~bl; +http://www.semrush.com/bot.html)"
148.251.69.139 - - [20/Feb/2021:09:49:53 +0100] "GET /robots.txt HTTP/1.1" 200 2438 "-" "Mozilla/5.0 (compatible; MJ12bot/v1.4.8; http://mj12bot.com/)"
13.66.139.73 - - [20/Feb/2021:09:51:20 +0100] "GET /images/mini_prod/8433933201985.jpg HTTP/1.1" 200 6266 "-" "Mozilla/5.0 (compatible; bingbot/2.0; +http://www.bing.com/bingbot.htm)"
17.58.101.142 - - [20/Feb/2021:09:51:22 +0100] "GET /images/mini_prod/1399985100959.jpg HTTP/1.1" 200 9793 "-" "Mozilla/5.0 (Macintosh; Intel Mac OS X 10_15_5) AppleWebKit/605.1.15 (KHTML, like Gecko) Version/13.1.1 Safari/605.1.15 (Applebot/0.1; +http://www.apple.com/go/applebot)"
13.66.139.137 - - [20/Feb/2021:09:52:30 +0100] "GET /images/med_prod/3662468004678.jpg HTTP/1.1" 200 73082 "-" "Mozilla/5.0 (compatible; bingbot/2.0; +http://www.bing.com/bingbot.htm)"
13.66.139.88 - - [20/Feb/2021:09:52:58 +0100] "GET /images/big_prod/3665269007169.jpg HTTP/1.1" 200 208101 "-" "Mozilla/5.0 (compatible; bingbot/2.0; +http://www.bing.com/bingbot.htm)"
13.66.139.73 - - [20/Feb/2021:09:53:02 +0100] "GET /images/med_prod/9316188016254.jpg HTTP/1.1" 200 108715 "-" "Mozilla/5.0 (compatible; bingbot/2.0; +http://www.bing.com/bingbot.htm)"
157.55.39.246 - - [20/Feb/2021:09:53:17 +0100] "GET /js/jquery.js HTTP/1.1" 200 54075 "-" "Mozilla/5.0 (compatible; bingbot/2.0; +http://www.bing.com/bingbot.htm)"
114.119.144.233 - - [20/Feb/2021:09:53:18 +0100] "GET /images/big_prod_1/3014627956289b.jpg HTTP/1.1" 200 109949 "-" "Mozilla/5.0 (Linux; Android 7.0;) AppleWebKit/537.36 (KHTML, like Gecko) Mobile Safari/537.36 (compatible; PetalBot;+https://aspiegel.com/petalbot)"
13.66.139.88 - - [20/Feb/2021:09:53:57 +0100] "GET /images/med_prod/4012390376883.jpg HTTP/1.1" 200 80932 "-" "Mozilla/5.0 (compatible; bingbot/2.0; +http://www.bing.com/bingbot.htm)"
157.55.39.69 - - [20/Feb/2021:09:54:17 +0100] "GET /highslide/highslide.js HTTP/1.1" 200 42909 "-" "Mozilla/5.0 (compatible; bingbot/2.0; +http://www.bing.com/bingbot.htm)"
13.66.139.137 - - [20/Feb/2021:09:56:11 +0100] "GET /images/1399984263624.jpg HTTP/1.1" 200 123088 "-" "Mozilla/5.0 (compatible; bingbot/2.0; +http://www.bing.com/bingbot.htm)"
66.249.69.164 - - [20/Feb/2021:09:56:13 +0100] "GET /images/big_prod_1/3609810073029a.jpg HTTP/1.1" 200 160418 "-" "Googlebot-Image/1.0"
103.131.71.27 - - [20/Feb/2021:09:57:39 +0100] "GET /robots.txt HTTP/1.1" 200 2438 "-" "Mozilla/5.0 (compatible; coccocbot-image/1.0; +http://help.coccoc.com/searchengine)"
13.66.139.73 - - [20/Feb/2021:09:58:02 +0100] "GET /images/big_prod_1/8424345292913B.jpg HTTP/1.1" 200 73029 "-" "Mozilla/5.0 (compatible; bingbot/2.0; +http://www.bing.com/bingbot.htm)"
13.66.139.73 - - [20/Feb/2021:09:58:20 +0100] "GET /images/big_prod/3453131146593.jpg HTTP/1.1" 200 89413 "-" "Mozilla/5.0 (compatible; bingbot/2.0; +http://www.bing.com/bingbot.htm)"
13.66.139.88 - - [20/Feb/2021:09:59:38 +0100] "GET /images/big_prod/8020912049685.jpg HTTP/1.1" 200 80008 "-" "Mozilla/5.0 (compatible; bingbot/2.0; +http://www.bing.com/bingbot.htm)"
13.66.139.137 - - [20/Feb/2021:10:01:41 +0100] "GET /images/big_prod_1/84220990011b.jpg HTTP/1.1" 200 79433 "-" "Mozilla/5.0 (compatible; bingbot/2.0; +http://www.bing.com/bingbot.htm)"
13.66.139.88 - - [20/Feb/2021:10:02:09 +0100] "GET /images/big_prod/3609810065161.jpg HTTP/1.1" 200 74268 "-" "Mozilla/5.0 (compatible; bingbot/2.0; +http://www.bing.com/bingbot.htm)"
13.66.139.73 - - [20/Feb/2021:10:02:20 +0100] "GET /images/3188801003165.jpg HTTP/1.1" 200 25130 "-" "Mozilla/5.0 (compatible; bingbot/2.0; +http://www.bing.com/bingbot.htm)"
13.66.139.88 - - [20/Feb/2021:10:04:22 +0100] "GET /images/8427787047523.jpg HTTP/1.1" 200 39890 "-" "Mozilla/5.0 (compatible; bingbot/2.0; +http://www.bing.com/bingbot.htm)"
13.66.139.137 - - [20/Feb/2021:10:05:11 +0100] "GET /images/1399984242582.jpg HTTP/1.1" 200 186244 "-" "Mozilla/5.0 (compatible; bingbot/2.0; +http://www.bing.com/bingbot.htm)"
13.66.139.88 - - [20/Feb/2021:10:06:20 +0100] "GET /images/4008421901104.jpg HTTP/1.1" 200 39251 "-" "Mozilla/5.0 (compatible; bingbot/2.0; +http://www.bing.com/bingbot.htm)"
13.66.139.73 - - [20/Feb/2021:10:08:43 +0100] "GET /images/big_prod/1399169040019.jpg HTTP/1.1" 200 210239 "-" "Mozilla/5.0 (compatible; bingbot/2.0; +http://www.bing.com/bingbot.htm)"
13.66.139.137 - - [20/Feb/2021:10:10:11 +0100] "GET /images/big_prod/3349600105690.jpg HTTP/1.1" 200 48526 "-" "Mozilla/5.0 (compatible; bingbot/2.0; +http://www.bing.com/bingbot.htm)"
13.66.139.137 - - [20/Feb/2021:10:10:21 +0100] "GET /images/mini_prod/3503420048289.jpg HTTP/1.1" 200 4847 "-" "Mozilla/5.0 (compatible; bingbot/2.0; +http://www.bing.com/bingbot.htm)"
13.66.139.73 - - [20/Feb/2021:10:10:42 +0100] "GET /images/3521320608709.jpg HTTP/1.1" 200 34469 "-" "Mozilla/5.0 (compatible; bingbot/2.0; +http://www.bing.com/bingbot.htm)"
66.249.93.52 - - [20/Feb/2021:10:10:52 +0100] "GET /images/DSCN4020b.jpg HTTP/1.1" 200 24636 "-" "Mozilla/5.0 (Windows NT 5.1; rv:11.0) Gecko Firefox/11.0 (via ggpht.com GoogleImageProxy)"
13.66.139.88 - - [20/Feb/2021:10:11:43 +0100] "GET /images/3609810021037.jpg HTTP/1.1" 200 77858 "-" "Mozilla/5.0 (compatible; bingbot/2.0; +http://www.bing.com/bingbot.htm)"
13.66.139.88 - - [20/Feb/2021:10:13:51 +0100] "GET /images/big_prod_1/3520071702285B.jpg HTTP/1.1" 200 53533 "-" "Mozilla/5.0 (compatible; bingbot/2.0; +http://www.bing.com/bingbot.htm)"
216.244.66.242 - - [20/Feb/2021:10:14:22 +0100] "GET /robots.txt HTTP/1.1" 200 2438 "-" "Mozilla/5.0 (compatible; DotBot/1.1; http://www.opensiteexplorer.org/dotbot, help@moz.com)"
13.66.139.88 - - [20/Feb/2021:10:15:52 +0100] "GET /images/big_prod/4029811336333.jpg HTTP/1.1" 200 90175 "-" "Mozilla/5.0 (compatible; bingbot/2.0; +http://www.bing.com/bingbot.htm)"
157.55.39.246 - - [20/Feb/2021:10:16:29 +0100] "GET /js/jquery.js HTTP/1.1" 200 54075 "-" "Mozilla/5.0 (compatible; bingbot/2.0; +http://www.bing.com/bingbot.htm)"
13.66.139.73 - - [20/Feb/2021:10:16:38 +0100] "GET /images/big_prod/4012390387834.jpg HTTP/1.1" 200 78818 "-" "Mozilla/5.0 (compatible; bingbot/2.0; +http://www.bing.com/bingbot.htm)"
157.55.39.246 - - [20/Feb/2021:10:16:43 +0100] "GET /js/jquery.js HTTP/1.1" 200 54075 "-" "Mozilla/5.0 (compatible; bingbot/2.0; +http://www.bing.com/bingbot.htm)"
13.66.139.73 - - [20/Feb/2021:10:17:12 +0100] "GET /images/1399984256633.jpg HTTP/1.1" 200 137375 "-" "Mozilla/5.0 (compatible; bingbot/2.0; +http://www.bing.com/bingbot.htm)"
13.66.139.137 - - [20/Feb/2021:10:17:15 +0100] "GET /images/big_prod/3453131132459.jpg HTTP/1.1" 200 70154 "-" "Mozilla/5.0 (compatible; bingbot/2.0; +http://www.bing.com/bingbot.htm)"
114.119.147.45 - - [20/Feb/2021:10:17:28 +0100] "GET /images/mini_prod/4250255858918.jpg HTTP/1.1" 200 3020 "-" "Mozilla/5.0 (Linux; Android 7.0;) AppleWebKit/537.36 (KHTML, like Gecko) Mobile Safari/537.36 (compatible; PetalBot;+https://aspiegel.com/petalbot)"
13.66.139.137 - - [20/Feb/2021:10:18:43 +0100] "GET /images/big_prod_1/a028399235100.jpg HTTP/1.1" 200 131751 "-" "Mozilla/5.0 (compatible; bingbot/2.0; +http://www.bing.com/bingbot.htm)"
13.66.139.88 - - [20/Feb/2021:10:20:54 +0100] "GET /images/big_prod/3665269007169.jpg HTTP/1.1" 200 208101 "-" "Mozilla/5.0 (compatible; bingbot/2.0; +http://www.bing.com/bingbot.htm)"
157.55.39.246 - - [20/Feb/2021:10:21:51 +0100] "GET /js/jquery.js HTTP/1.1" 200 54075 "-" "Mozilla/5.0 (compatible; bingbot/2.0; +http://www.bing.com/bingbot.htm)"
13.66.139.137 - - [20/Feb/2021:10:22:42 +0100] "GET /images/big_prod/3520071598666.jpg HTTP/1.1" 200 32138 "-" "Mozilla/5.0 (compatible; bingbot/2.0; +http://www.bing.com/bingbot.htm)"
13.66.139.88 - - [20/Feb/2021:10:23:54 +0100] "GET /images/big_prod/3453131127479.jpg HTTP/1.1" 200 76269 "-" "Mozilla/5.0 (compatible; bingbot/2.0; +http://www.bing.com/bingbot.htm)"
157.55.39.255 - - [20/Feb/2021:10:24:13 +0100] "GET /highslide/highslide.js HTTP/1.1" 200 42909 "-" "Mozilla/5.0 (compatible; bingbot/2.0; +http://www.bing.com/bingbot.htm)"
13.66.139.73 - - [20/Feb/2021:10:25:54 +0100] "GET /images/big_prod/1399169040019.jpg HTTP/1.1" 200 210239 "-" "Mozilla/5.0 (compatible; bingbot/2.0; +http://www.bing.com/bingbot.htm)"
66.249.69.166 - - [20/Feb/2021:10:26:13 +0100] "GET /images/mini_prod/5055453428500.jpg HTTP/1.1" 200 6857 "-" "Googlebot-Image/1.0"
13.66.139.137 - - [20/Feb/2021:10:27:03 +0100] "GET /images/1328399065851.jpg HTTP/1.1" 200 119071 "-" "Mozilla/5.0 (compatible; bingbot/2.0; +http://www.bing.com/bingbot.htm)"
13.66.139.88 - - [20/Feb/2021:10:27:24 +0100] "GET /images/9316188036085.jpg HTTP/1.1" 200 27821 "-" "Mozilla/5.0 (compatible; bingbot/2.0; +http://www.bing.com/bingbot.htm)"
185.191.171.8 - - [20/Feb/2021:10:28:08 +0100] "GET /robots.txt HTTP/1.1" 200 2438 "-" "Mozilla/5.0 (compatible; SemrushBot/7~bl; +http://www.semrush.com/bot.html)"
13.66.139.88 - - [20/Feb/2021:10:29:14 +0100] "GET /images/DSCN0950b.jpg HTTP/1.1" 200 29349 "-" "Mozilla/5.0 (compatible; bingbot/2.0; +http://www.bing.com/bingbot.htm)"
13.66.139.73 - - [20/Feb/2021:10:29:47 +0100] "GET /images/med_prod/1328399086740.jpg HTTP/1.1" 200 93181 "-" "Mozilla/5.0 (compatible; bingbot/2.0; +http://www.bing.com/bingbot.htm)"
77.75.78.171 - - [20/Feb/2021:10:30:57 +0100] "GET /robots.txt HTTP/1.1" 200 2438 "-" "Mozilla/5.0 (compatible; SeznamBot/3.2; +http://napoveda.seznam.cz/en/seznambot-intro/)"
13.66.139.88 - - [20/Feb/2021:10:31:34 +0100] "GET /images/1399984249727.jpg HTTP/1.1" 200 79049 "-" "Mozilla/5.0 (compatible; bingbot/2.0; +http://www.bing.com/bingbot.htm)"
66.160.140.184 - - [20/Feb/2021:10:32:03 +0100] "GET /robots.txt HTTP/1.1" 200 2438 "-" "The Knowledge AI"
13.66.139.137 - - [20/Feb/2021:10:32:24 +0100] "GET /images/big_prod/5415203612564.jpg HTTP/1.1" 200 92621 "-" "Mozilla/5.0 (compatible; bingbot/2.0; +http://www.bing.com/bingbot.htm)"
13.66.139.137 - - [20/Feb/2021:10:33:24 +0100] "GET /images/1399984242582.jpg HTTP/1.1" 200 186244 "-" "Mozilla/5.0 (compatible; bingbot/2.0; +http://www.bing.com/bingbot.htm)"
13.66.139.88 - - [20/Feb/2021:10:35:28 +0100] "GET /images/big_prod/8433933118559.jpg HTTP/1.1" 200 75269 "-" "Mozilla/5.0 (compatible; bingbot/2.0; +http://www.bing.com/bingbot.htm)"
17.58.101.142 - - [20/Feb/2021:10:36:21 +0100] "GET /images/mini_prod/1399984224755.jpg HTTP/1.1" 200 13735 "-" "Mozilla/5.0 (Macintosh; Intel Mac OS X 10_15_5) AppleWebKit/605.1.15 (KHTML, like Gecko) Version/13.1.1 Safari/605.1.15 (Applebot/0.1; +http://www.apple.com/go/applebot)"
13.66.139.137 - - [20/Feb/2021:10:37:04 +0100] "GET /images/big_prod/8718657460710.jpg HTTP/1.1" 200 90214 "-" "Mozilla/5.0 (compatible; bingbot/2.0; +http://www.bing.com/bingbot.htm)"
13.66.139.88 - - [20/Feb/2021:10:38:26 +0100] "GET /images/big_prod/5018997752432.jpg HTTP/1.1" 200 124732 "-" "Mozilla/5.0 (compatible; bingbot/2.0; +http://www.bing.com/bingbot.htm)"
35.196.68.46 - - [20/Feb/2021:10:38:35 +0100] "GET /robots.txt HTTP/1.0" 200 2438 "-" "ZoominfoBot (zoominfobot at zoominfo dot com)"
157.55.39.170 - - [20/Feb/2021:10:39:24 +0100] "GET /robots.txt HTTP/1.1" 200 2438 "-" "Mozilla/5.0 (compatible; bingbot/2.0; +http://www.bing.com/bingbot.htm)"
157.55.39.246 - - [20/Feb/2021:10:39:34 +0100] "GET /js/jquery.js HTTP/1.1" 200 54075 "-" "Mozilla/5.0 (compatible; bingbot/2.0; +http://www.bing.com/bingbot.htm)"
157.55.39.246 - - [20/Feb/2021:10:39:34 +0100] "GET /js/jquery.js HTTP/1.1" 200 54075 "-" "Mozilla/5.0 (compatible; bingbot/2.0; +http://www.bing.com/bingbot.htm)"
157.55.39.246 - - [20/Feb/2021:10:39:35 +0100] "GET /js/jquery.js HTTP/1.1" 200 54075 "-" "Mozilla/5.0 (compatible; bingbot/2.0; +http://www.bing.com/bingbot.htm)"
157.55.39.246 - - [20/Feb/2021:10:39:35 +0100] "GET /js/jquery.js HTTP/1.1" 200 54075 "-" "Mozilla/5.0 (compatible; bingbot/2.0; +http://www.bing.com/bingbot.htm)"
13.66.139.88 - - [20/Feb/2021:10:40:16 +0100] "GET /images/big_prod/4260082936086.jpg HTTP/1.1" 200 87957 "-" "Mozilla/5.0 (compatible; bingbot/2.0; +http://www.bing.com/bingbot.htm)"
13.66.139.73 - - [20/Feb/2021:10:40:24 +0100] "GET /images/3371010334582.jpg HTTP/1.1" 200 49283 "-" "Mozilla/5.0 (compatible; bingbot/2.0; +http://www.bing.com/bingbot.htm)"
13.66.139.137 - - [20/Feb/2021:10:41:36 +0100] "GET /images/big_prod/8718375751411.jpg HTTP/1.1" 200 116120 "-" "Mozilla/5.0 (compatible; bingbot/2.0; +http://www.bing.com/bingbot.htm)"
66.249.69.162 - - [20/Feb/2021:10:41:51 +0100] "GET /images/mini_prod/3453131127882.jpg HTTP/1.1" 200 7000 "-" "Googlebot-Image/1.0"
13.66.139.137 - - [20/Feb/2021:10:42:35 +0100] "GET /images/1328399065851.jpg HTTP/1.1" 200 119071 "-" "Mozilla/5.0 (compatible; bingbot/2.0; +http://www.bing.com/bingbot.htm)"
35.196.68.46 - - [20/Feb/2021:10:43:52 +0100] "GET /robots.txt HTTP/1.1" 200 2438 "-" "ZoominfoBot (zoominfobot at zoominfo dot com)"
13.66.139.73 - - [20/Feb/2021:10:44:46 +0100] "GET /images/big_prod/5701359747039.jpg HTTP/1.1" 200 167977 "-" "Mozilla/5.0 (compatible; bingbot/2.0; +http://www.bing.com/bingbot.htm)"
13.66.139.88 - - [20/Feb/2021:10:44:58 +0100] "GET /images/big_prod/8433933118559.jpg HTTP/1.1" 200 75269 "-" "Mozilla/5.0 (compatible; bingbot/2.0; +http://www.bing.com/bingbot.htm)"
13.66.139.88 - - [20/Feb/2021:10:45:06 +0100] "GET /images/big_prod/3520071693804.jpg HTTP/1.1" 200 56447 "-" "Mozilla/5.0 (compatible; bingbot/2.0; +http://www.bing.com/bingbot.htm)"
13.66.139.73 - - [20/Feb/2021:10:46:20 +0100] "GET /images/big_prod_1/1318600329995a.jpg HTTP/1.1" 200 74523 "-" "Mozilla/5.0 (compatible; bingbot/2.0; +http://www.bing.com/bingbot.htm)"
13.66.139.88 - - [20/Feb/2021:10:46:47 +0100] "GET /images/big_prod_1/3520071702285B.jpg HTTP/1.1" 200 53533 "-" "Mozilla/5.0 (compatible; bingbot/2.0; +http://www.bing.com/bingbot.htm)"
66.249.69.164 - - [20/Feb/2021:10:46:51 +0100] "GET /images/mini_prod/5051276230948.jpg HTTP/1.1" 200 4939 "-" "Googlebot-Image/1.0"
13.66.139.137 - - [20/Feb/2021:10:47:05 +0100] "GET /images/big_prod/VANGOGH4.jpg HTTP/1.1" 200 132932 "-" "Mozilla/5.0 (compatible; bingbot/2.0; +http://www.bing.com/bingbot.htm)"
13.66.139.137 - - [20/Feb/2021:10:47:15 +0100] "GET /images/big_prod/3418178566001.jpg HTTP/1.1" 200 46509 "-" "Mozilla/5.0 (compatible; bingbot/2.0; +http://www.bing.com/bingbot.htm)"
13.66.139.73 - - [20/Feb/2021:10:47:56 +0100] "GET /images/big_prod/8422011476186.jpg HTTP/1.1" 200 138627 "-" "Mozilla/5.0 (compatible; bingbot/2.0; +http://www.bing.com/bingbot.htm)"
13.66.139.73 - - [20/Feb/2021:10:51:26 +0100] "GET /images/TROME3250.jpg HTTP/1.1" 200 35862 "-" "Mozilla/5.0 (compatible; bingbot/2.0; +http://www.bing.com/bingbot.htm)"
13.66.139.137 - - [20/Feb/2021:10:53:16 +0100] "GET /images/big_prod/VANGOGH4.jpg HTTP/1.1" 200 132932 "-" "Mozilla/5.0 (compatible; bingbot/2.0; +http://www.bing.com/bingbot.htm)"
157.55.39.159 - - [20/Feb/2021:10:53:58 +0100] "GET /js/jquery.jqzoom.js HTTP/1.1" 200 4761 "-" "Mozilla/5.0 (compatible; bingbot/2.0; +http://www.bing.com/bingbot.htm)"
13.66.139.88 - - [20/Feb/2021:10:54:18 +0100] "GET /images/big_prod/1304038301191.jpg HTTP/1.1" 200 103289 "-" "Mozilla/5.0 (compatible; bingbot/2.0; +http://www.bing.com/bingbot.htm)"
13.66.139.73 - - [20/Feb/2021:10:55:06 +0100] "GET /images/3388760924574.jpg HTTP/1.1" 200 34983 "-" "Mozilla/5.0 (compatible; bingbot/2.0; +http://www.bing.com/bingbot.htm)"
13.66.139.73 - - [20/Feb/2021:10:55:26 +0100] "GET /images/med_prod/9316188016254.jpg HTTP/1.1" 200 108715 "-" "Mozilla/5.0 (compatible; bingbot/2.0; +http://www.bing.com/bingbot.htm)"
66.249.69.164 - - [20/Feb/2021:10:56:13 +0100] "GET /images/big_prod_1/3453131145978N.jpg HTTP/1.1" 200 260817 "-" "Googlebot-Image/1.0"
13.66.139.88 - - [20/Feb/2021:10:56:39 +0100] "GET /images/big_prod/5018997752432.jpg HTTP/1.1" 200 124732 "-" "Mozilla/5.0 (compatible; bingbot/2.0; +http://www.bing.com/bingbot.htm)"
13.66.139.73 - - [20/Feb/2021:10:57:17 +0100] "GET /images/TROME3250.jpg HTTP/1.1" 200 35862 "-" "Mozilla/5.0 (compatible; bingbot/2.0; +http://www.bing.com/bingbot.htm)"
157.55.39.159 - - [20/Feb/2021:10:57:38 +0100] "GET /js/jquery.jqzoom.js HTTP/1.1" 200 4761 "-" "Mozilla/5.0 (compatible; bingbot/2.0; +http://www.bing.com/bingbot.htm)"
157.55.39.246 - - [20/Feb/2021:11:00:43 +0100] "GET /js/jquery.js HTTP/1.1" 200 54075 "-" "Mozilla/5.0 (compatible; bingbot/2.0; +http://www.bing.com/bingbot.htm)"
157.55.39.246 - - [20/Feb/2021:11:00:54 +0100] "GET /js/jquery.js HTTP/1.1" 200 54075 "-" "Mozilla/5.0 (compatible; bingbot/2.0; +http://www.bing.com/bingbot.htm)"
1.129.107.125 - - [20/Feb/2021:11:01:26 +0100] "GET /images/4008421369072.jpg HTTP/1.1" 200 38659 "-" "Dalvik/2.1.0 (Linux; U; Android 9; SM-T290 Build/PPR1.180610.011)"
95.29.145.182 - - [20/Feb/2021:11:02:26 +0100] "GET /images/med_prod/8435107822026.jpg HTTP/1.1" 200 173520 "-" "Mozilla/5.0 (Linux; arm_64; Android 10; SM-A705FN) AppleWebKit/537.36 (KHTML, like Gecko) Chrome/87.0.4280.141 BroPP/1.0 SA/3 YandexSearch/20.124.0 YandexSearchWebView/20.124.0 Mobile Safari/537.36"
114.119.151.113 - - [20/Feb/2021:11:03:25 +0100] "GET /images/mini_prod/8720088297919a.jpg HTTP/1.1" 200 5951 "-" "Mozilla/5.0 (Linux; Android 7.0;) AppleWebKit/537.36 (KHTML, like Gecko) Mobile Safari/537.36 (compatible; PetalBot;+https://aspiegel.com/petalbot)"
147.92.153.3 - - [20/Feb/2021:11:05:47 +0100] "GET /robots.txt HTTP/1.1" 200 2438 "-" "Mozilla/5.0 (compatible; Linespider/1.1; +https://lin.ee/4dwXkTH)"
216.244.66.242 - - [20/Feb/2021:11:08:37 +0100] "GET /robots.txt HTTP/1.1" 200 2438 "-" "Mozilla/5.0 (compatible; DotBot/1.1; http://www.opensiteexplorer.org/dotbot, help@moz.com)"
