179.26.73.88 - - [29/Mar/2021:16:07:58 +0200] "GET /templates/Pixame_v1/images/header.png HTTP/1.1" 200 70245 "http://www.wonder-geek.com/templates/Pixame_v1/stylesheet.css" "Mozilla/5.0 (Windows NT 6.1; Win64; x64) AppleWebKit/537.36 (KHTML, like Gecko) Chrome/89.0.4389.90 Safari/537.36"
179.26.73.88 - - [29/Mar/2021:16:07:58 +0200] "GET /templates/Pixame_v1/images/header-object.png HTTP/1.1" 200 106050 "http://www.wonder-geek.com/templates/Pixame_v1/stylesheet.css" "Mozilla/5.0 (Windows NT 6.1; Win64; x64) AppleWebKit/537.36 (KHTML, like Gecko) Chrome/89.0.4389.90 Safari/537.36"
179.26.73.88 - - [29/Mar/2021:16:07:58 +0200] "GET /templates/Pixame_v1/images/nav.png HTTP/1.1" 200 1283 "http://www.wonder-geek.com/templates/Pixame_v1/stylesheet.css" "Mozilla/5.0 (Windows NT 6.1; Win64; x64) AppleWebKit/537.36 (KHTML, like Gecko) Chrome/89.0.4389.90 Safari/537.36"
179.26.73.88 - - [29/Mar/2021:16:07:59 +0200] "GET /design/productsenstock.png HTTP/1.1" 200 4743 "http://www.wonder-geek.com/templates/Pixame_v1/stylesheet.css" "Mozilla/5.0 (Windows NT 6.1; Win64; x64) AppleWebKit/537.36 (KHTML, like Gecko) Chrome/89.0.4389.90 Safari/537.36"
179.26.73.88 - - [29/Mar/2021:16:07:59 +0200] "GET /templates/Pixame_v1/images/Middle_texture.jpg HTTP/1.1" 200 249620 "http://www.wonder-geek.com/templates/Pixame_v1/stylesheet.css" "Mozilla/5.0 (Windows NT 6.1; Win64; x64) AppleWebKit/537.36 (KHTML, like Gecko) Chrome/89.0.4389.90 Safari/537.36"
179.26.73.88 - - [29/Mar/2021:16:07:59 +0200] "GET /highslide/graphics/outlines/drop-shadow.png HTTP/1.1" 200 2022 "http://www.wonder-geek.com/pepe-jeans-kensington-laptop-p-41324.html" "Mozilla/5.0 (Windows NT 6.1; Win64; x64) AppleWebKit/537.36 (KHTML, like Gecko) Chrome/89.0.4389.90 Safari/537.36"
179.26.73.88 - - [29/Mar/2021:16:07:59 +0200] "GET /favicon.ico HTTP/1.1" 200 1591 "http://www.wonder-geek.com/pepe-jeans-kensington-laptop-p-41324.html" "Mozilla/5.0 (Windows NT 6.1; Win64; x64) AppleWebKit/537.36 (KHTML, like Gecko) Chrome/89.0.4389.90 Safari/537.36"
66.249.70.62 - - [29/Mar/2021:16:08:03 +0200] "GET /images/mini_prod/3453131155212.jpg HTTP/1.1" 200 12847 "-" "Googlebot-Image/1.0"
216.244.66.242 - - [29/Mar/2021:16:15:41 +0200] "GET /robots.txt HTTP/1.1" 200 2438 "-" "Mozilla/5.0 (compatible; DotBot/1.2; +https://opensiteexplorer.org/dotbot; help@moz.com)"
216.244.66.242 - - [29/Mar/2021:16:15:42 +0200] "GET /robots.txt HTTP/1.1" 200 2438 "-" "Mozilla/5.0 (compatible; DotBot/1.2; +https://opensiteexplorer.org/dotbot; help@moz.com)"
94.130.18.163 - - [29/Mar/2021:16:15:44 +0200] "GET /robots.txt HTTP/1.1" 200 2438 "-" "Mozilla/5.0 (compatible; BLEXBot/1.0; +http://webmeup-crawler.com/)"
94.130.18.163 - - [29/Mar/2021:16:15:44 +0200] "GET /robots.txt HTTP/1.1" 200 2438 "-" "Mozilla/5.0 (compatible; BLEXBot/1.0; +http://webmeup-crawler.com/)"
69.30.210.114 - - [29/Mar/2021:16:17:25 +0200] "GET /images/big_prod/mickey1384010188521.jpg HTTP/1.1" 200 109918 "http://www.wonder-geek.com/mini-led-flashlight-light-mickey-mouse-orange-p-35787.html" "Mozilla/5.0 (Linux; Android 8.0; FIG-AL10 Build/HUAWEIFIG-AL10; wv) AppleWebKit/537.36 (KHTML, like Gecko) Version/4.0 Chrome/57.0.2987.132 MQQBrowser/6.2 TBS/044304 Mobile Safari/537.36 MicroMessenger/6.7.3.1360(0x26070333) NetType/4G Language/zh_CN Process/tools"
40.77.167.89 - - [29/Mar/2021:16:19:28 +0200] "GET /robots.txt HTTP/1.1" 200 2438 "-" "Mozilla/5.0 (compatible; bingbot/2.0; +http://www.bing.com/bingbot.htm)"
66.249.70.33 - - [29/Mar/2021:16:20:03 +0200] "GET /images/mini_prod/8435153849602.jpg HTTP/1.1" 200 3795 "-" "Googlebot-Image/1.0"
94.130.18.163 - - [29/Mar/2021:16:25:48 +0200] "GET /robots.txt HTTP/1.1" 304 0 "-" "Mozilla/5.0 (compatible; BLEXBot/1.0; +http://webmeup-crawler.com/)"
185.191.171.10 - - [29/Mar/2021:16:27:37 +0200] "GET /robots.txt HTTP/1.1" 200 2438 "-" "Mozilla/5.0 (compatible; SemrushBot/7~bl; +http://www.semrush.com/bot.html)"
66.249.70.36 - - [29/Mar/2021:16:32:07 +0200] "GET /images/big_prod_1/8718375755389N.jpg HTTP/1.1" 200 128075 "-" "Googlebot-Image/1.0"
5.255.231.71 - - [29/Mar/2021:16:38:55 +0200] "GET /images/1399984248997.jpg HTTP/1.1" 200 70268 "-" "Mozilla/5.0 (compatible; YandexImages/3.0; +http://yandex.com/bots)"
216.244.66.242 - - [29/Mar/2021:16:40:21 +0200] "GET /images/big_prod/5051276217819.jpg HTTP/1.1" 200 78098 "-" "Mozilla/5.0 (compatible; DotBot/1.2; +https://opensiteexplorer.org/dotbot; help@moz.com)"
40.77.167.17 - - [29/Mar/2021:16:41:02 +0200] "GET /js/jquery.js HTTP/1.1" 200 54075 "-" "Mozilla/5.0 (compatible; bingbot/2.0; +http://www.bing.com/bingbot.htm)"
40.77.167.17 - - [29/Mar/2021:16:41:03 +0200] "GET /js/jquery.js HTTP/1.1" 200 54075 "-" "Mozilla/5.0 (compatible; bingbot/2.0; +http://www.bing.com/bingbot.htm)"
66.249.70.33 - - [29/Mar/2021:16:43:24 +0200] "GET /robots.txt HTTP/1.1" 200 2438 "-" "Mozilla/5.0 (compatible; Googlebot/2.1; +http://www.google.com/bot.html)"
66.249.70.62 - - [29/Mar/2021:16:44:03 +0200] "GET /images/3760200591971.jpg HTTP/1.1" 200 38281 "-" "Googlebot-Image/1.0"
40.77.167.17 - - [29/Mar/2021:16:47:15 +0200] "GET /images/big_prod/8433931633115.jpg HTTP/1.1" 200 115941 "-" "Mozilla/5.0 (Windows NT 6.1; WOW64) AppleWebKit/534+ (KHTML, like Gecko) BingPreview/1.0b"
66.249.93.48 - - [29/Mar/2021:16:53:51 +0200] "GET /images/5010065083431.jpg HTTP/1.1" 200 40981 "-" "Mozilla/5.0 (Windows NT 5.1; rv:11.0) Gecko Firefox/11.0 (via ggpht.com GoogleImageProxy)"
75.164.151.5 - - [29/Mar/2021:16:55:52 +0200] "GET /js/jquery.jqzoom.js HTTP/1.1" 200 4761 "http://www.wonder-geek.com/trays-c-12_159.html" "Mozilla/5.0 (Macintosh; Intel Mac OS X 10_15_7) AppleWebKit/537.36 (KHTML, like Gecko) Chrome/89.0.4389.90 Safari/537.36"
75.164.151.5 - - [29/Mar/2021:16:55:52 +0200] "GET /highslide/highslide.js HTTP/1.1" 200 42909 "http://www.wonder-geek.com/trays-c-12_159.html" "Mozilla/5.0 (Macintosh; Intel Mac OS X 10_15_7) AppleWebKit/537.36 (KHTML, like Gecko) Chrome/89.0.4389.90 Safari/537.36"
75.164.151.5 - - [29/Mar/2021:16:55:52 +0200] "GET /js/jquery.js HTTP/1.1" 200 54075 "http://www.wonder-geek.com/trays-c-12_159.html" "Mozilla/5.0 (Macintosh; Intel Mac OS X 10_15_7) AppleWebKit/537.36 (KHTML, like Gecko) Chrome/89.0.4389.90 Safari/537.36"
75.164.151.5 - - [29/Mar/2021:16:55:52 +0200] "GET /templates/Pixame_v1/stylesheet.css HTTP/1.1" 200 56057 "http://www.wonder-geek.com/trays-c-12_159.html" "Mozilla/5.0 (Macintosh; Intel Mac OS X 10_15_7) AppleWebKit/537.36 (KHTML, like Gecko) Chrome/89.0.4389.90 Safari/537.36"
75.164.151.5 - - [29/Mar/2021:16:55:52 +0200] "GET /mondial_relay/js/jquery-1.3.2.min.js HTTP/1.1" 200 57254 "http://www.wonder-geek.com/trays-c-12_159.html" "Mozilla/5.0 (Macintosh; Intel Mac OS X 10_15_7) AppleWebKit/537.36 (KHTML, like Gecko) Chrome/89.0.4389.90 Safari/537.36"
75.164.151.5 - - [29/Mar/2021:16:55:52 +0200] "GET /js/jquery.masonry.min.js HTTP/1.1" 200 5392 "http://www.wonder-geek.com/trays-c-12_159.html" "Mozilla/5.0 (Macintosh; Intel Mac OS X 10_15_7) AppleWebKit/537.36 (KHTML, like Gecko) Chrome/89.0.4389.90 Safari/537.36"
75.164.151.5 - - [29/Mar/2021:16:55:52 +0200] "GET /js/modernizr-transitions.js HTTP/1.1" 200 2026 "http://www.wonder-geek.com/trays-c-12_159.html" "Mozilla/5.0 (Macintosh; Intel Mac OS X 10_15_7) AppleWebKit/537.36 (KHTML, like Gecko) Chrome/89.0.4389.90 Safari/537.36"
75.164.151.5 - - [29/Mar/2021:16:55:52 +0200] "GET /templates/Pixame_v1/images/icon_accueil2.png HTTP/1.1" 200 1137 "http://www.wonder-geek.com/trays-c-12_159.html" "Mozilla/5.0 (Macintosh; Intel Mac OS X 10_15_7) AppleWebKit/537.36 (KHTML, like Gecko) Chrome/89.0.4389.90 Safari/537.36"
75.164.151.5 - - [29/Mar/2021:16:55:53 +0200] "GET /templates/Pixame_v1/images/nav.png HTTP/1.1" 200 1283 "http://www.wonder-geek.com/templates/Pixame_v1/stylesheet.css" "Mozilla/5.0 (Macintosh; Intel Mac OS X 10_15_7) AppleWebKit/537.36 (KHTML, like Gecko) Chrome/89.0.4389.90 Safari/537.36"
75.164.151.5 - - [29/Mar/2021:16:55:53 +0200] "GET /templates/Pixame_v1/images/header.png HTTP/1.1" 200 70245 "http://www.wonder-geek.com/templates/Pixame_v1/stylesheet.css" "Mozilla/5.0 (Macintosh; Intel Mac OS X 10_15_7) AppleWebKit/537.36 (KHTML, like Gecko) Chrome/89.0.4389.90 Safari/537.36"
75.164.151.5 - - [29/Mar/2021:16:55:53 +0200] "GET /images/mini_prod/525275.jpg HTTP/1.1" 200 9740 "http://www.wonder-geek.com/trays-c-12_159.html" "Mozilla/5.0 (Macintosh; Intel Mac OS X 10_15_7) AppleWebKit/537.36 (KHTML, like Gecko) Chrome/89.0.4389.90 Safari/537.36"
75.164.151.5 - - [29/Mar/2021:16:55:53 +0200] "GET /design/productsenstock.png HTTP/1.1" 200 4743 "http://www.wonder-geek.com/templates/Pixame_v1/stylesheet.css" "Mozilla/5.0 (Macintosh; Intel Mac OS X 10_15_7) AppleWebKit/537.36 (KHTML, like Gecko) Chrome/89.0.4389.90 Safari/537.36"
75.164.151.5 - - [29/Mar/2021:16:55:53 +0200] "GET /images/mini_prod/3453131132084.jpg HTTP/1.1" 200 7263 "http://www.wonder-geek.com/trays-c-12_159.html" "Mozilla/5.0 (Macintosh; Intel Mac OS X 10_15_7) AppleWebKit/537.36 (KHTML, like Gecko) Chrome/89.0.4389.90 Safari/537.36"
75.164.151.5 - - [29/Mar/2021:16:55:53 +0200] "GET /templates/Pixame_v1/images/header-object.png HTTP/1.1" 200 106050 "http://www.wonder-geek.com/templates/Pixame_v1/stylesheet.css" "Mozilla/5.0 (Macintosh; Intel Mac OS X 10_15_7) AppleWebKit/537.36 (KHTML, like Gecko) Chrome/89.0.4389.90 Safari/537.36"
75.164.151.5 - - [29/Mar/2021:16:55:53 +0200] "GET /templates/Pixame_v1/images/Bottom_texture.jpg HTTP/1.1" 200 56290 "http://www.wonder-geek.com/templates/Pixame_v1/stylesheet.css" "Mozilla/5.0 (Macintosh; Intel Mac OS X 10_15_7) AppleWebKit/537.36 (KHTML, like Gecko) Chrome/89.0.4389.90 Safari/537.36"
75.164.151.5 - - [29/Mar/2021:16:55:53 +0200] "GET /templates/Pixame_v1/images/Middle_texture.jpg HTTP/1.1" 200 249620 "http://www.wonder-geek.com/templates/Pixame_v1/stylesheet.css" "Mozilla/5.0 (Macintosh; Intel Mac OS X 10_15_7) AppleWebKit/537.36 (KHTML, like Gecko) Chrome/89.0.4389.90 Safari/537.36"
75.164.151.5 - - [29/Mar/2021:16:55:53 +0200] "GET /images/mini_prod/4029811341184.jpg HTTP/1.1" 200 3417 "http://www.wonder-geek.com/trays-c-12_159.html" "Mozilla/5.0 (Macintosh; Intel Mac OS X 10_15_7) AppleWebKit/537.36 (KHTML, like Gecko) Chrome/89.0.4389.90 Safari/537.36"
75.164.151.5 - - [29/Mar/2021:16:55:53 +0200] "GET /images/mini_prod/3453131132060.jpg HTTP/1.1" 200 6446 "http://www.wonder-geek.com/trays-c-12_159.html" "Mozilla/5.0 (Macintosh; Intel Mac OS X 10_15_7) AppleWebKit/537.36 (KHTML, like Gecko) Chrome/89.0.4389.90 Safari/537.36"
75.164.151.5 - - [29/Mar/2021:16:55:53 +0200] "GET /images/mini_prod/3453131147866.jpg HTTP/1.1" 200 7649 "http://www.wonder-geek.com/trays-c-12_159.html" "Mozilla/5.0 (Macintosh; Intel Mac OS X 10_15_7) AppleWebKit/537.36 (KHTML, like Gecko) Chrome/89.0.4389.90 Safari/537.36"
75.164.151.5 - - [29/Mar/2021:16:55:53 +0200] "GET /images/mini_prod/3453131139632.jpg HTTP/1.1" 200 5873 "http://www.wonder-geek.com/trays-c-12_159.html" "Mozilla/5.0 (Macintosh; Intel Mac OS X 10_15_7) AppleWebKit/537.36 (KHTML, like Gecko) Chrome/89.0.4389.90 Safari/537.36"
75.164.151.5 - - [29/Mar/2021:16:55:53 +0200] "GET /images/mini_prod/3453131114080.jpg HTTP/1.1" 200 12227 "http://www.wonder-geek.com/trays-c-12_159.html" "Mozilla/5.0 (Macintosh; Intel Mac OS X 10_15_7) AppleWebKit/537.36 (KHTML, like Gecko) Chrome/89.0.4389.90 Safari/537.36"
75.164.151.5 - - [29/Mar/2021:16:55:53 +0200] "GET /images/mini_prod/3453131120654.jpg HTTP/1.1" 200 6961 "http://www.wonder-geek.com/trays-c-12_159.html" "Mozilla/5.0 (Macintosh; Intel Mac OS X 10_15_7) AppleWebKit/537.36 (KHTML, like Gecko) Chrome/89.0.4389.90 Safari/537.36"
75.164.151.5 - - [29/Mar/2021:16:55:53 +0200] "GET /images/mini_prod/3453131132053.jpg HTTP/1.1" 200 6342 "http://www.wonder-geek.com/trays-c-12_159.html" "Mozilla/5.0 (Macintosh; Intel Mac OS X 10_15_7) AppleWebKit/537.36 (KHTML, like Gecko) Chrome/89.0.4389.90 Safari/537.36"
75.164.151.5 - - [29/Mar/2021:16:55:53 +0200] "GET /images/mini_prod/3453131139496.jpg HTTP/1.1" 200 7180 "http://www.wonder-geek.com/trays-c-12_159.html" "Mozilla/5.0 (Macintosh; Intel Mac OS X 10_15_7) AppleWebKit/537.36 (KHTML, like Gecko) Chrome/89.0.4389.90 Safari/537.36"
75.164.151.5 - - [29/Mar/2021:16:55:53 +0200] "GET /images/mini_prod/3453131132015.jpg HTTP/1.1" 200 5718 "http://www.wonder-geek.com/trays-c-12_159.html" "Mozilla/5.0 (Macintosh; Intel Mac OS X 10_15_7) AppleWebKit/537.36 (KHTML, like Gecko) Chrome/89.0.4389.90 Safari/537.36"
75.164.151.5 - - [29/Mar/2021:16:55:53 +0200] "GET /images/mini_prod/3453131146647.jpg HTTP/1.1" 200 7026 "http://www.wonder-geek.com/trays-c-12_159.html" "Mozilla/5.0 (Macintosh; Intel Mac OS X 10_15_7) AppleWebKit/537.36 (KHTML, like Gecko) Chrome/89.0.4389.90 Safari/537.36"
75.164.151.5 - - [29/Mar/2021:16:55:53 +0200] "GET /images/mini_prod/3453131139533.jpg HTTP/1.1" 200 4737 "http://www.wonder-geek.com/trays-c-12_159.html" "Mozilla/5.0 (Macintosh; Intel Mac OS X 10_15_7) AppleWebKit/537.36 (KHTML, like Gecko) Chrome/89.0.4389.90 Safari/537.36"
75.164.151.5 - - [29/Mar/2021:16:55:53 +0200] "GET /images/mini_prod/3453131139519.jpg HTTP/1.1" 200 7983 "http://www.wonder-geek.com/trays-c-12_159.html" "Mozilla/5.0 (Macintosh; Intel Mac OS X 10_15_7) AppleWebKit/537.36 (KHTML, like Gecko) Chrome/89.0.4389.90 Safari/537.36"
75.164.151.5 - - [29/Mar/2021:16:55:53 +0200] "GET /images/mini_prod/3453131139571.jpg HTTP/1.1" 200 5282 "http://www.wonder-geek.com/trays-c-12_159.html" "Mozilla/5.0 (Macintosh; Intel Mac OS X 10_15_7) AppleWebKit/537.36 (KHTML, like Gecko) Chrome/89.0.4389.90 Safari/537.36"
75.164.151.5 - - [29/Mar/2021:16:55:53 +0200] "GET /images/mini_prod/3453131150484.jpg HTTP/1.1" 200 5268 "http://www.wonder-geek.com/trays-c-12_159.html" "Mozilla/5.0 (Macintosh; Intel Mac OS X 10_15_7) AppleWebKit/537.36 (KHTML, like Gecko) Chrome/89.0.4389.90 Safari/537.36"
75.164.151.5 - - [29/Mar/2021:16:55:54 +0200] "GET /images/mini_prod/3453131139618.jpg HTTP/1.1" 200 5948 "http://www.wonder-geek.com/trays-c-12_159.html" "Mozilla/5.0 (Macintosh; Intel Mac OS X 10_15_7) AppleWebKit/537.36 (KHTML, like Gecko) Chrome/89.0.4389.90 Safari/537.36"
75.164.151.5 - - [29/Mar/2021:16:55:54 +0200] "GET /images/mini_prod/3453131139601.jpg HTTP/1.1" 200 6753 "http://www.wonder-geek.com/trays-c-12_159.html" "Mozilla/5.0 (Macintosh; Intel Mac OS X 10_15_7) AppleWebKit/537.36 (KHTML, like Gecko) Chrome/89.0.4389.90 Safari/537.36"
75.164.151.5 - - [29/Mar/2021:16:55:54 +0200] "GET /images/mini_prod/3453131150446.jpg HTTP/1.1" 200 4858 "http://www.wonder-geek.com/trays-c-12_159.html" "Mozilla/5.0 (Macintosh; Intel Mac OS X 10_15_7) AppleWebKit/537.36 (KHTML, like Gecko) Chrome/89.0.4389.90 Safari/537.36"
75.164.151.5 - - [29/Mar/2021:16:55:54 +0200] "GET /images/mini_prod/3453131150460.jpg HTTP/1.1" 200 8681 "http://www.wonder-geek.com/trays-c-12_159.html" "Mozilla/5.0 (Macintosh; Intel Mac OS X 10_15_7) AppleWebKit/537.36 (KHTML, like Gecko) Chrome/89.0.4389.90 Safari/537.36"
75.164.151.5 - - [29/Mar/2021:16:55:54 +0200] "GET /highslide/graphics/outlines/drop-shadow.png HTTP/1.1" 200 2022 "http://www.wonder-geek.com/trays-c-12_159.html" "Mozilla/5.0 (Macintosh; Intel Mac OS X 10_15_7) AppleWebKit/537.36 (KHTML, like Gecko) Chrome/89.0.4389.90 Safari/537.36"
75.164.151.5 - - [29/Mar/2021:16:55:54 +0200] "GET /favicon.ico HTTP/1.1" 200 1591 "http://www.wonder-geek.com/trays-c-12_159.html" "Mozilla/5.0 (Macintosh; Intel Mac OS X 10_15_7) AppleWebKit/537.36 (KHTML, like Gecko) Chrome/89.0.4389.90 Safari/537.36"
66.249.70.62 - - [29/Mar/2021:16:56:04 +0200] "GET /images/big_prod/3609810065642.jpg HTTP/1.1" 200 144685 "-" "Googlebot-Image/1.0"
88.145.69.48 - - [29/Mar/2021:17:00:28 +0200] "GET /highslide/highslide.js HTTP/1.1" 200 42909 "http://www.wonder-geek.com/-p-37016.html" "Mozilla/5.0 (Windows NT 10.0; Win64; x64) AppleWebKit/537.36 (KHTML, like Gecko) Chrome/89.0.4389.90 Safari/537.36 Edg/89.0.774.63"
88.145.69.48 - - [29/Mar/2021:17:00:28 +0200] "GET /js/jquery.jqzoom.js HTTP/1.1" 200 4761 "http://www.wonder-geek.com/-p-37016.html" "Mozilla/5.0 (Windows NT 10.0; Win64; x64) AppleWebKit/537.36 (KHTML, like Gecko) Chrome/89.0.4389.90 Safari/537.36 Edg/89.0.774.63"
88.145.69.48 - - [29/Mar/2021:17:00:28 +0200] "GET /templates/Pixame_v1/stylesheet.css HTTP/1.1" 200 56057 "http://www.wonder-geek.com/-p-37016.html" "Mozilla/5.0 (Windows NT 10.0; Win64; x64) AppleWebKit/537.36 (KHTML, like Gecko) Chrome/89.0.4389.90 Safari/537.36 Edg/89.0.774.63"
88.145.69.48 - - [29/Mar/2021:17:00:28 +0200] "GET /js/jquery.js HTTP/1.1" 200 54075 "http://www.wonder-geek.com/-p-37016.html" "Mozilla/5.0 (Windows NT 10.0; Win64; x64) AppleWebKit/537.36 (KHTML, like Gecko) Chrome/89.0.4389.90 Safari/537.36 Edg/89.0.774.63"
88.145.69.48 - - [29/Mar/2021:17:00:28 +0200] "GET /mondial_relay/js/jquery-1.3.2.min.js HTTP/1.1" 200 57254 "http://www.wonder-geek.com/-p-37016.html" "Mozilla/5.0 (Windows NT 10.0; Win64; x64) AppleWebKit/537.36 (KHTML, like Gecko) Chrome/89.0.4389.90 Safari/537.36 Edg/89.0.774.63"
88.145.69.48 - - [29/Mar/2021:17:00:29 +0200] "GET /templates/Pixame_v1/images/icon_accueil2.png HTTP/1.1" 200 1137 "http://www.wonder-geek.com/-p-37016.html" "Mozilla/5.0 (Windows NT 10.0; Win64; x64) AppleWebKit/537.36 (KHTML, like Gecko) Chrome/89.0.4389.90 Safari/537.36 Edg/89.0.774.63"
88.145.69.48 - - [29/Mar/2021:17:00:29 +0200] "GET /templates/Pixame_v1/images/nav.png HTTP/1.1" 200 1283 "http://www.wonder-geek.com/templates/Pixame_v1/stylesheet.css" "Mozilla/5.0 (Windows NT 10.0; Win64; x64) AppleWebKit/537.36 (KHTML, like Gecko) Chrome/89.0.4389.90 Safari/537.36 Edg/89.0.774.63"
88.145.69.48 - - [29/Mar/2021:17:00:29 +0200] "GET /templates/Pixame_v1/images/Bottom_texture.jpg HTTP/1.1" 200 56290 "http://www.wonder-geek.com/templates/Pixame_v1/stylesheet.css" "Mozilla/5.0 (Windows NT 10.0; Win64; x64) AppleWebKit/537.36 (KHTML, like Gecko) Chrome/89.0.4389.90 Safari/537.36 Edg/89.0.774.63"
88.145.69.48 - - [29/Mar/2021:17:00:29 +0200] "GET /templates/Pixame_v1/images/header.png HTTP/1.1" 200 70245 "http://www.wonder-geek.com/templates/Pixame_v1/stylesheet.css" "Mozilla/5.0 (Windows NT 10.0; Win64; x64) AppleWebKit/537.36 (KHTML, like Gecko) Chrome/89.0.4389.90 Safari/537.36 Edg/89.0.774.63"
88.145.69.48 - - [29/Mar/2021:17:00:29 +0200] "GET /design/productsenstock.png HTTP/1.1" 200 4743 "http://www.wonder-geek.com/templates/Pixame_v1/stylesheet.css" "Mozilla/5.0 (Windows NT 10.0; Win64; x64) AppleWebKit/537.36 (KHTML, like Gecko) Chrome/89.0.4389.90 Safari/537.36 Edg/89.0.774.63"
88.145.69.48 - - [29/Mar/2021:17:00:29 +0200] "GET /templates/Pixame_v1/images/header-object.png HTTP/1.1" 200 106050 "http://www.wonder-geek.com/templates/Pixame_v1/stylesheet.css" "Mozilla/5.0 (Windows NT 10.0; Win64; x64) AppleWebKit/537.36 (KHTML, like Gecko) Chrome/89.0.4389.90 Safari/537.36 Edg/89.0.774.63"
88.145.69.48 - - [29/Mar/2021:17:00:30 +0200] "GET /templates/Pixame_v1/images/Middle_texture.jpg HTTP/1.1" 200 249620 "http://www.wonder-geek.com/templates/Pixame_v1/stylesheet.css" "Mozilla/5.0 (Windows NT 10.0; Win64; x64) AppleWebKit/537.36 (KHTML, like Gecko) Chrome/89.0.4389.90 Safari/537.36 Edg/89.0.774.63"
88.145.69.48 - - [29/Mar/2021:17:00:30 +0200] "GET /highslide/graphics/outlines/drop-shadow.png HTTP/1.1" 200 2022 "http://www.wonder-geek.com/-p-37016.html" "Mozilla/5.0 (Windows NT 10.0; Win64; x64) AppleWebKit/537.36 (KHTML, like Gecko) Chrome/89.0.4389.90 Safari/537.36 Edg/89.0.774.63"
88.145.69.48 - - [29/Mar/2021:17:00:30 +0200] "GET /favicon.ico HTTP/1.1" 200 1591 "http://www.wonder-geek.com/-p-37016.html" "Mozilla/5.0 (Windows NT 10.0; Win64; x64) AppleWebKit/537.36 (KHTML, like Gecko) Chrome/89.0.4389.90 Safari/537.36 Edg/89.0.774.63"
66.249.70.62 - - [29/Mar/2021:17:01:04 +0200] "GET /images/big_prod/8718375755389.jpg HTTP/1.1" 200 65405 "-" "Googlebot-Image/1.0"
66.249.70.33 - - [29/Mar/2021:17:06:04 +0200] "GET /images/big_prod/3565750306231.jpg HTTP/1.1" 200 65373 "-" "Googlebot-Image/1.0"
66.249.70.62 - - [29/Mar/2021:17:11:03 +0200] "GET /images/mini_prod/8435153867743.jpg HTTP/1.1" 200 5725 "-" "Googlebot-Image/1.0"
40.77.167.19 - - [29/Mar/2021:17:15:54 +0200] "GET /images/big_prod/1348422000697.jpg HTTP/1.1" 200 58331 "-" "Mozilla/5.0 (compatible; bingbot/2.0; +http://www.bing.com/bingbot.htm)"
66.249.70.36 - - [29/Mar/2021:17:16:03 +0200] "GET /images/mini_prod/3453131156066.jpg HTTP/1.1" 200 6684 "-" "Googlebot-Image/1.0"
40.77.167.17 - - [29/Mar/2021:17:17:06 +0200] "GET /js/jquery.js HTTP/1.1" 200 54075 "-" "Mozilla/5.0 (compatible; bingbot/2.0; +http://www.bing.com/bingbot.htm)"
173.208.146.138 - - [29/Mar/2021:17:19:38 +0200] "GET /images/med_prod/8435306270055.jpg HTTP/1.1" 200 100387 "http://www.wonder-geek.com/minnie-mouse-disney-suitcase-p-31215.html" "Mozilla/5.0 (Linux; Android 7.0; MI 5s Plus Build/NRD90M; wv) AppleWebKit/537.36 (KHTML, like Gecko) Version/4.0 Chrome/63.0.3239.83 Mobile Safari/537.36 T7/10.13 baiduboxapp/10.13.0.11 (Baidu; P1 7.0)"
173.208.146.138 - - [29/Mar/2021:17:19:38 +0200] "GET /images/med_prod/8435306276309.jpg HTTP/1.1" 200 119002 "http://www.wonder-geek.com/minnie-mouse-small-suitcase-with-wheels-p-30761.html" "Mozilla/5.0 (Linux; Android 8.1.0; ALP-AL00 Build/HUAWEIALP-AL00; wv) AppleWebKit/537.36 (KHTML, like Gecko) Version/4.0 Chrome/63.0.3239.83 Mobile Safari/537.36 T7/10.13 baiduboxapp/10.13.0.11 (Baidu; P1 8.1.0)"
173.208.146.138 - - [29/Mar/2021:17:19:53 +0200] "GET /images/8435306246500bis.jpg HTTP/1.1" 200 111310 "http://www.wonder-geek.com/luggages-schoolbags-leather-shop/suitcaselittle-suitcase-trolley/minnie-mouse-small-suitcase-with-wheels-p-22631.html" "Mozilla/5.0 (Linux; Android 8.1.0; vivo Y71A Build/OPM1.171019.011; wv) AppleWebKit/537.36 (KHTML, like Gecko) Version/4.0 Chrome/63.0.3239.83 Mobile Safari/537.36 T7/10.13 baiduboxapp/10.13.0.11 (Baidu; P1 8.1.0)"
66.249.70.62 - - [29/Mar/2021:17:21:04 +0200] "GET /images/big_prod/a8717318198047.jpg HTTP/1.1" 200 213073 "-" "Googlebot-Image/1.0"
54.236.1.13 - - [29/Mar/2021:17:21:46 +0200] "GET /robots.txt HTTP/1.1" 200 2438 "-" "Mozilla/5.0 (compatible; Pinterestbot/1.0; +http://www.pinterest.com/bot.html)"
54.236.1.13 - - [29/Mar/2021:17:21:46 +0200] "GET /images/1399984234846.jpg HTTP/1.1" 200 170240 "-" "Mozilla/5.0 (compatible; Pinterestbot/1.0; +http://www.pinterest.com/bot.html)"
216.244.66.242 - - [29/Mar/2021:17:22:55 +0200] "GET /robots.txt HTTP/1.1" 200 2438 "-" "Mozilla/5.0 (compatible; DotBot/1.2; +https://opensiteexplorer.org/dotbot; help@moz.com)"
66.249.70.33 - - [29/Mar/2021:17:26:03 +0200] "GET /images/mini_prod/3503420113659.jpg HTTP/1.1" 200 4115 "-" "Googlebot-Image/1.0"
62.182.81.158 - - [29/Mar/2021:17:27:03 +0200] "GET /images/366DSCN8134.jpg HTTP/1.1" 200 18570 "http://wonder-geek.com/games-and-toys/figures/peanutslucy-figure-p-11181.html" "Mozilla/5.0 (Linux; Android 7.1.1; OPPO R11st Build/NMF26X; wv) AppleWebKit/537.36 (KHTML, like Gecko) Version/4.0 Chrome/57.0.2987.132 MQQBrowser/6.2 TBS/044304 Mobile Safari/537.36 MicroMessenger/6.7.2.1340(0x2607023A) NetType/WIFI Language/zh_CN"
148.251.244.137 - - [29/Mar/2021:17:27:37 +0200] "GET /robots.txt HTTP/1.1" 200 2438 "-" "Mozilla/5.0 (compatible; MJ12bot/v1.4.8; http://mj12bot.com/)"
185.191.171.40 - - [29/Mar/2021:17:28:07 +0200] "GET /robots.txt HTTP/1.1" 200 2438 "-" "Mozilla/5.0 (compatible; SemrushBot/7~bl; +http://www.semrush.com/bot.html)"
5.255.231.71 - - [29/Mar/2021:17:29:06 +0200] "GET /robots.txt HTTP/1.1" 200 2438 "-" "Mozilla/5.0 (compatible; YandexBot/3.0; +http://yandex.com/bots)"
66.249.70.62 - - [29/Mar/2021:17:31:04 +0200] "GET /images/big_prod_1/8424346256952a.jpg HTTP/1.1" 200 118324 "-" "Googlebot-Image/1.0"
199.58.86.209 - - [29/Mar/2021:17:31:10 +0200] "GET /robots.txt HTTP/1.1" 200 2438 "-" "Mozilla/5.0 (compatible; MJ12bot/v1.4.8; http://mj12bot.com/)"
199.58.86.209 - - [29/Mar/2021:17:36:02 +0200] "GET /robots.txt HTTP/1.1" 200 2438 "-" "Mozilla/5.0 (compatible; MJ12bot/v1.4.8; http://mj12bot.com/)"
66.249.70.33 - - [29/Mar/2021:17:36:04 +0200] "GET /images/big_prod/3453131157360.jpg HTTP/1.1" 200 40072 "-" "Googlebot-Image/1.0"
216.244.66.242 - - [29/Mar/2021:17:38:01 +0200] "GET /images/3760194999890.jpg HTTP/1.1" 200 35333 "-" "Mozilla/5.0 (compatible; DotBot/1.2; +https://opensiteexplorer.org/dotbot; help@moz.com)"
216.244.66.242 - - [29/Mar/2021:17:40:07 +0200] "GET /images/4007176128428.jpg HTTP/1.1" 200 21341 "-" "Mozilla/5.0 (compatible; DotBot/1.2; +https://opensiteexplorer.org/dotbot; help@moz.com)"
66.249.70.36 - - [29/Mar/2021:17:40:41 +0200] "GET /images/big_prod_2/8424001541157NNN.jpg HTTP/1.1" 200 94996 "-" "Googlebot-Image/1.0"
216.244.66.242 - - [29/Mar/2021:17:41:54 +0200] "GET /images/big_prod/1384010202470.jpg HTTP/1.1" 200 66074 "-" "Mozilla/5.0 (compatible; DotBot/1.2; +https://opensiteexplorer.org/dotbot; help@moz.com)"
66.249.70.36 - - [29/Mar/2021:17:45:18 +0200] "GET /images/big_prod_3/8445148006637D.jpg HTTP/1.1" 200 358100 "-" "Googlebot-Image/1.0"
13.66.139.99 - - [29/Mar/2021:17:46:02 +0200] "GET /images/big_prod/3503420151002.jpg HTTP/1.1" 200 46846 "-" "Mozilla/5.0 (compatible; bingbot/2.0; +http://www.bing.com/bingbot.htm)"
66.249.70.62 - - [29/Mar/2021:17:47:42 +0200] "GET /images/4999913831596.jpg HTTP/1.1" 200 25265 "-" "Googlebot-Image/1.0"
66.249.70.36 - - [29/Mar/2021:17:49:54 +0200] "GET /images/TROME3137.jpg HTTP/1.1" 200 46031 "-" "Googlebot-Image/1.0"
40.77.167.17 - - [29/Mar/2021:17:50:50 +0200] "GET /js/jquery.js HTTP/1.1" 200 54075 "-" "Mozilla/5.0 (compatible; bingbot/2.0; +http://www.bing.com/bingbot.htm)"
40.77.167.17 - - [29/Mar/2021:17:50:50 +0200] "GET /js/jquery.js HTTP/1.1" 200 54075 "-" "Mozilla/5.0 (compatible; bingbot/2.0; +http://www.bing.com/bingbot.htm)"
40.77.167.17 - - [29/Mar/2021:17:50:50 +0200] "GET /js/jquery.js HTTP/1.1" 200 54075 "-" "Mozilla/5.0 (compatible; bingbot/2.0; +http://www.bing.com/bingbot.htm)"
40.77.167.17 - - [29/Mar/2021:17:50:50 +0200] "GET /js/jquery.js HTTP/1.1" 200 54075 "-" "Mozilla/5.0 (compatible; bingbot/2.0; +http://www.bing.com/bingbot.htm)"
192.0.102.138 - - [29/Mar/2021:17:50:51 +0200] "GET /images/3700057117405.jpg HTTP/1.1" 200 27798 "-" "Photon/1.0"
66.249.70.36 - - [29/Mar/2021:17:54:32 +0200] "GET /images/big_prod/3503420106026.jpg HTTP/1.1" 200 123020 "-" "Googlebot-Image/1.0"
13.66.139.2 - - [29/Mar/2021:17:54:42 +0200] "GET /images/3521320624051b.jpg HTTP/1.1" 200 22730 "-" "Mozilla/5.0 (compatible; bingbot/2.0; +http://www.bing.com/bingbot.htm)"
13.66.139.99 - - [29/Mar/2021:17:55:13 +0200] "GET /images/med_prod/3700653593320.jpg HTTP/1.1" 200 59917 "-" "Mozilla/5.0 (compatible; bingbot/2.0; +http://www.bing.com/bingbot.htm)"
66.249.70.62 - - [29/Mar/2021:17:59:08 +0200] "GET /images/mini_prod/3503420077876.jpg HTTP/1.1" 200 5164 "-" "Googlebot-Image/1.0"
40.77.167.89 - - [29/Mar/2021:17:59:23 +0200] "GET /robots.txt HTTP/1.1" 200 2438 "-" "Mozilla/5.0 (compatible; bingbot/2.0; +http://www.bing.com/bingbot.htm)"
13.66.139.37 - - [29/Mar/2021:18:03:40 +0200] "GET /images/big_prod_2/8424001704705C.jpg HTTP/1.1" 200 266303 "-" "Mozilla/5.0 (compatible; bingbot/2.0; +http://www.bing.com/bingbot.htm)"
66.249.70.36 - - [29/Mar/2021:18:03:52 +0200] "GET /images/big_prod/3520071590394.jpg HTTP/1.1" 200 20666 "-" "Googlebot-Image/1.0"
192.0.102.114 - - [29/Mar/2021:18:05:16 +0200] "GET /images/1399984232668.jpg HTTP/1.1" 200 54328 "-" "Photon/1.0"
173.208.146.138 - - [29/Mar/2021:18:07:14 +0200] "GET /images/8435306266546.jpg HTTP/1.1" 200 85672 "http://www.wonder-geek.com/minnie-mouse-large-disney-suitcase-p-28806.html" "Mozilla/5.0 (Linux; Android 8.1; BLA-AL00 Build/HUAWEIBLA-AL00; wv) AppleWebKit/537.36 (KHTML, like Gecko) Version/4.0 Chrome/57.0.2987.132 MQQBrowser/6.2 TBS/044304 Mobile Safari/537.36 MicroMessenger/6.7.2.1340(0x2607023A) NetType/WIFI Language/zh_CN"
66.249.70.33 - - [29/Mar/2021:18:08:22 +0200] "GET /images/mini_prod/3503420046582.jpg HTTP/1.1" 200 4694 "-" "Googlebot-Image/1.0"
13.66.139.99 - - [29/Mar/2021:18:12:15 +0200] "GET /images/med_prod/8435306251825.jpg HTTP/1.1" 200 149622 "-" "Mozilla/5.0 (compatible; bingbot/2.0; +http://www.bing.com/bingbot.htm)"
66.249.70.62 - - [29/Mar/2021:18:12:59 +0200] "GET /images/big_prod/3700856406335.jpg HTTP/1.1" 200 108788 "-" "Googlebot-Image/1.0"
40.77.167.18 - - [29/Mar/2021:18:16:15 +0200] "GET /images/4036113801452.jpg HTTP/1.1" 200 21261 "-" "Mozilla/5.0 (compatible; bingbot/2.0; +http://www.bing.com/bingbot.htm)"
110.249.201.94 - - [29/Mar/2021:18:17:11 +0200] "GET /highslide/highslide.js HTTP/1.1" 200 42909 "http://www.wonder-geek.com/cushion-cover-birds-p-49955.html" "Mozilla/5.0 (Linux; Android 5.0) AppleWebKit/537.36 (KHTML, like Gecko) Mobile Safari/537.36 (compatible; Bytespider; https://zhanzhang.toutiao.com/)"
110.249.201.83 - - [29/Mar/2021:18:17:12 +0200] "GET /images/big_prod/3609810071674.jpg HTTP/1.1" 200 53542 "http://www.wonder-geek.com/cushion-cover-birds-p-49955.html" "Mozilla/5.0 (Linux; Android 5.0) AppleWebKit/537.36 (KHTML, like Gecko) Mobile Safari/537.36 (compatible; Bytespider; https://zhanzhang.toutiao.com/)"
13.66.139.99 - - [29/Mar/2021:18:17:16 +0200] "GET /images/med_prod/4036113307251.jpg HTTP/1.1" 200 107213 "-" "Mozilla/5.0 (compatible; bingbot/2.0; +http://www.bing.com/bingbot.htm)"
66.249.70.36 - - [29/Mar/2021:18:17:36 +0200] "GET /images/big_prod/4250255858444.jpg HTTP/1.1" 200 35285 "-" "Googlebot-Image/1.0"
60.8.123.61 - - [29/Mar/2021:18:20:10 +0200] "GET /images/big_prod_3/3359103071439a.jpg HTTP/1.1" 200 45096 "http://www.wonder-geek.com/tendresse-duvet-cover-washed-cotton-gauze-p-54432.html" "Mozilla/5.0 (Linux; Android 5.0) AppleWebKit/537.36 (KHTML, like Gecko) Mobile Safari/537.36 (compatible; Bytespider; https://zhanzhang.toutiao.com/)"
60.8.123.53 - - [29/Mar/2021:18:20:10 +0200] "GET /images/big_prod_2/3359103071439b.jpg HTTP/1.1" 200 65160 "http://www.wonder-geek.com/tendresse-duvet-cover-washed-cotton-gauze-p-54432.html" "Mozilla/5.0 (Linux; Android 5.0) AppleWebKit/537.36 (KHTML, like Gecko) Mobile Safari/537.36 (compatible; Bytespider; https://zhanzhang.toutiao.com/)"
60.8.123.52 - - [29/Mar/2021:18:20:10 +0200] "GET /images/big_prod_4/3359103071439c.jpg HTTP/1.1" 200 39304 "http://www.wonder-geek.com/tendresse-duvet-cover-washed-cotton-gauze-p-54432.html" "Mozilla/5.0 (Linux; Android 5.0) AppleWebKit/537.36 (KHTML, like Gecko) Mobile Safari/537.36 (compatible; Bytespider; https://zhanzhang.toutiao.com/)"
60.8.123.42 - - [29/Mar/2021:18:20:11 +0200] "GET /images/big_prod_1/3359103071439d.jpg HTTP/1.1" 200 57920 "http://www.wonder-geek.com/tendresse-duvet-cover-washed-cotton-gauze-p-54432.html" "Mozilla/5.0 (Linux; Android 5.0) AppleWebKit/537.36 (KHTML, like Gecko) Mobile Safari/537.36 (compatible; Bytespider; https://zhanzhang.toutiao.com/)"
60.8.123.43 - - [29/Mar/2021:18:20:11 +0200] "GET /images/big_prod/3359103071439.jpg HTTP/1.1" 200 60816 "http://www.wonder-geek.com/tendresse-duvet-cover-washed-cotton-gauze-p-54432.html" "Mozilla/5.0 (Linux; Android 5.0) AppleWebKit/537.36 (KHTML, like Gecko) Mobile Safari/537.36 (compatible; Bytespider; https://zhanzhang.toutiao.com/)"
66.249.70.33 - - [29/Mar/2021:18:22:13 +0200] "GET /images/big_prod/8433833237299.jpg HTTP/1.1" 200 296951 "-" "Googlebot-Image/1.0"
51.15.44.161 - - [29/Mar/2021:18:24:13 +0200] "GET /images/376011631719117072012.jpg HTTP/1.1" 200 50545 "http://www.wonder-geek.com/images/376011631719117072012.jpg" "Mozilla/4.0 (compatible; MSIE 5.01; Windows NT 5.0)"
66.249.70.62 - - [29/Mar/2021:18:26:50 +0200] "GET /images/big_prod/3700653517081.jpg HTTP/1.1" 200 115956 "-" "Googlebot-Image/1.0"
216.244.66.242 - - [29/Mar/2021:18:28:30 +0200] "GET /robots.txt HTTP/1.1" 200 2438 "-" "Mozilla/5.0 (compatible; DotBot/1.2; +https://opensiteexplorer.org/dotbot; help@moz.com)"
106.11.159.207 - - [29/Mar/2021:18:29:52 +0200] "GET /images/mini_prod/DSCN3394.gif HTTP/1.1" 200 12709 "http://www.wonder-geek.com/swimwear-c-2_35.html" "YisouSpider"
110.249.202.246 - - [29/Mar/2021:18:30:10 +0200] "GET /images/big_prod_1/3359103059741.jpg HTTP/1.1" 200 59368 "http://www.wonder-geek.com/tendresse-pillowcase-washed-cotton-gauze-p-54453.html" "Mozilla/5.0 (Linux; Android 5.0) AppleWebKit/537.36 (KHTML, like Gecko) Mobile Safari/537.36 (compatible; Bytespider; https://zhanzhang.toutiao.com/)"
185.191.171.39 - - [29/Mar/2021:18:30:13 +0200] "GET /robots.txt HTTP/1.1" 200 2438 "-" "Mozilla/5.0 (compatible; SemrushBot/7~bl; +http://www.semrush.com/bot.html)"
66.249.70.62 - - [29/Mar/2021:18:31:27 +0200] "GET /images/big_prod/8424345302728.jpg HTTP/1.1" 200 34762 "-" "Googlebot-Image/1.0"
13.66.139.37 - - [29/Mar/2021:18:32:49 +0200] "GET /images/5110994699472.jpg HTTP/1.1" 200 31785 "-" "Mozilla/5.0 (compatible; bingbot/2.0; +http://www.bing.com/bingbot.htm)"
157.55.39.252 - - [29/Mar/2021:18:35:17 +0200] "GET /images/med_prod/1399984285145.jpg HTTP/1.1" 200 118860 "-" "Mozilla/5.0 (compatible; bingbot/2.0; +http://www.bing.com/bingbot.htm)"
66.249.70.33 - - [29/Mar/2021:18:36:03 +0200] "GET /images/mini_prod/8422810062962.jpg HTTP/1.1" 200 8150 "-" "Googlebot-Image/1.0"
13.66.139.40 - - [29/Mar/2021:18:38:55 +0200] "GET /images/big_prod/3453131119771BBBB.jpg HTTP/1.1" 200 60763 "-" "Mozilla/5.0 (compatible; bingbot/2.0; +http://www.bing.com/bingbot.htm)"
111.225.149.213 - - [29/Mar/2021:18:40:11 +0200] "GET /images/big_prod_1/3359103071439d.jpg HTTP/1.1" 200 66568 "http://www.wonder-geek.com/tendresse-duvet-cover-washed-cotton-gauze-p-54431.html" "Mozilla/5.0 (Linux; Android 5.0) AppleWebKit/537.36 (KHTML, like Gecko) Mobile Safari/537.36 (compatible; Bytespider; https://zhanzhang.toutiao.com/)"
111.225.149.212 - - [29/Mar/2021:18:40:12 +0200] "GET /images/big_prod_2/3359103071439b.jpg HTTP/1.1" 200 52128 "http://www.wonder-geek.com/tendresse-duvet-cover-washed-cotton-gauze-p-54431.html" "Mozilla/5.0 (Linux; Android 5.0) AppleWebKit/537.36 (KHTML, like Gecko) Mobile Safari/537.36 (compatible; Bytespider; https://zhanzhang.toutiao.com/)"
111.225.149.228 - - [29/Mar/2021:18:40:13 +0200] "GET /images/big_prod_4/3359103071439c.jpg HTTP/1.1" 200 37648 "http://www.wonder-geek.com/tendresse-duvet-cover-washed-cotton-gauze-p-54431.html" "Mozilla/5.0 (Linux; Android 5.0) AppleWebKit/537.36 (KHTML, like Gecko) Mobile Safari/537.36 (compatible; Bytespider; https://zhanzhang.toutiao.com/)"
111.225.149.223 - - [29/Mar/2021:18:40:13 +0200] "GET /images/big_prod/3359103071439.jpg HTTP/1.1" 200 63199 "http://www.wonder-geek.com/tendresse-duvet-cover-washed-cotton-gauze-p-54431.html" "Mozilla/5.0 (Linux; Android 5.0) AppleWebKit/537.36 (KHTML, like Gecko) Mobile Safari/537.36 (compatible; Bytespider; https://zhanzhang.toutiao.com/)"
111.225.149.229 - - [29/Mar/2021:18:40:13 +0200] "GET /images/big_prod_3/3359103071439a.jpg HTTP/1.1" 200 52128 "http://www.wonder-geek.com/tendresse-duvet-cover-washed-cotton-gauze-p-54431.html" "Mozilla/5.0 (Linux; Android 5.0) AppleWebKit/537.36 (KHTML, like Gecko) Mobile Safari/537.36 (compatible; Bytespider; https://zhanzhang.toutiao.com/)"
66.249.70.36 - - [29/Mar/2021:18:40:41 +0200] "GET /images/big_prod/4250255858017.jpg HTTP/1.1" 200 70989 "-" "Googlebot-Image/1.0"
13.66.139.99 - - [29/Mar/2021:18:43:18 +0200] "GET /images/big_prod/3453131129695.jpg HTTP/1.1" 200 91786 "-" "Mozilla/5.0 (compatible; bingbot/2.0; +http://www.bing.com/bingbot.htm)"
66.249.70.33 - - [29/Mar/2021:18:45:17 +0200] "GET /images/big_prod/1399984264416B.jpg HTTP/1.1" 200 49085 "-" "Googlebot-Image/1.0"
40.77.167.17 - - [29/Mar/2021:18:46:14 +0200] "GET /js/jquery.js HTTP/1.1" 200 54075 "-" "Mozilla/5.0 (compatible; bingbot/2.0; +http://www.bing.com/bingbot.htm)"
13.66.139.99 - - [29/Mar/2021:18:47:28 +0200] "GET /images/big_prod_2/5404006040773c.jpg HTTP/1.1" 200 93152 "-" "Mozilla/5.0 (compatible; bingbot/2.0; +http://www.bing.com/bingbot.htm)"
40.77.167.18 - - [29/Mar/2021:18:47:31 +0200] "GET /images/4036113801452.jpg HTTP/1.1" 200 21261 "-" "Mozilla/5.0 (compatible; bingbot/2.0; +http://www.bing.com/bingbot.htm)"
66.249.70.62 - - [29/Mar/2021:18:49:55 +0200] "GET /images/big_prod/1305279101854.jpg HTTP/1.1" 200 169722 "-" "Googlebot-Image/1.0"
13.66.139.99 - - [29/Mar/2021:18:50:30 +0200] "GET /images/big_prod_1/b3608860242829.jpg HTTP/1.1" 200 49224 "-" "Mozilla/5.0 (compatible; bingbot/2.0; +http://www.bing.com/bingbot.htm)"
216.244.66.242 - - [29/Mar/2021:18:50:56 +0200] "GET /images/3700516201485.jpg HTTP/1.1" 200 26423 "-" "Mozilla/5.0 (compatible; DotBot/1.2; +https://opensiteexplorer.org/dotbot; help@moz.com)"
13.66.139.37 - - [29/Mar/2021:18:53:41 +0200] "GET /images/10362.jpg HTTP/1.1" 200 15409 "-" "Mozilla/5.0 (compatible; bingbot/2.0; +http://www.bing.com/bingbot.htm)"
66.249.70.62 - - [29/Mar/2021:18:54:32 +0200] "GET /images/1399984241349.jpg HTTP/1.1" 200 172485 "-" "Googlebot-Image/1.0"
66.249.93.48 - - [29/Mar/2021:18:57:21 +0200] "GET /favicon.ico HTTP/1.1" 200 1591 "-" "Mozilla/5.0 (X11; Linux x86_64) AppleWebKit/537.36 (KHTML, like Gecko) Chrome/49.0.2623.75 Safari/537.36 Google Favicon"
66.249.70.62 - - [29/Mar/2021:18:59:32 +0200] "GET /images/big_prod/5415203950031.jpg HTTP/1.1" 200 114550 "-" "Googlebot-Image/1.0"
111.225.148.182 - - [29/Mar/2021:19:00:18 +0200] "GET /images/big_prod/3014627896257.jpg HTTP/1.1" 200 46336 "http://www.wonder-geek.com/color-eyelet-curtain-p-39037.html" "Mozilla/5.0 (Linux; Android 5.0) AppleWebKit/537.36 (KHTML, like Gecko) Mobile Safari/537.36 (compatible; Bytespider; https://zhanzhang.toutiao.com/)"
66.249.70.33 - - [29/Mar/2021:19:04:32 +0200] "GET /images/big_prod_1/8435465005796N.jpg HTTP/1.1" 200 109516 "-" "Googlebot-Image/1.0"
13.66.139.40 - - [29/Mar/2021:19:04:37 +0200] "GET /images/big_prod/4005086220010.jpg HTTP/1.1" 200 53428 "-" "Mozilla/5.0 (compatible; bingbot/2.0; +http://www.bing.com/bingbot.htm)"
81.241.86.148 - - [29/Mar/2021:19:05:29 +0200] "GET /templates/Pixame_v1/stylesheet.css HTTP/1.1" 200 56057 "http://www.wonder-geek.com/" "Mozilla/5.0 (Linux; Android 10; SM-A605FN) AppleWebKit/537.36 (KHTML, like Gecko) Chrome/89.0.4389.105 Mobile Safari/537.36"
81.241.86.148 - - [29/Mar/2021:19:05:29 +0200] "GET /js/jquery.jqzoom.js HTTP/1.1" 200 4761 "http://www.wonder-geek.com/" "Mozilla/5.0 (Linux; Android 10; SM-A605FN) AppleWebKit/537.36 (KHTML, like Gecko) Chrome/89.0.4389.105 Mobile Safari/537.36"
81.241.86.148 - - [29/Mar/2021:19:05:29 +0200] "GET /highslide/highslide.js HTTP/1.1" 200 42909 "http://www.wonder-geek.com/" "Mozilla/5.0 (Linux; Android 10; SM-A605FN) AppleWebKit/537.36 (KHTML, like Gecko) Chrome/89.0.4389.105 Mobile Safari/537.36"
81.241.86.148 - - [29/Mar/2021:19:05:29 +0200] "GET /js/jquery.js HTTP/1.1" 200 54075 "http://www.wonder-geek.com/" "Mozilla/5.0 (Linux; Android 10; SM-A605FN) AppleWebKit/537.36 (KHTML, like Gecko) Chrome/89.0.4389.105 Mobile Safari/537.36"
81.241.86.148 - - [29/Mar/2021:19:05:29 +0200] "GET /mondial_relay/js/jquery-1.3.2.min.js HTTP/1.1" 200 57254 "http://www.wonder-geek.com/" "Mozilla/5.0 (Linux; Android 10; SM-A605FN) AppleWebKit/537.36 (KHTML, like Gecko) Chrome/89.0.4389.105 Mobile Safari/537.36"
81.241.86.148 - - [29/Mar/2021:19:05:29 +0200] "GET /js/jquery.masonry.min.js HTTP/1.1" 200 5392 "http://www.wonder-geek.com/" "Mozilla/5.0 (Linux; Android 10; SM-A605FN) AppleWebKit/537.36 (KHTML, like Gecko) Chrome/89.0.4389.105 Mobile Safari/537.36"
81.241.86.148 - - [29/Mar/2021:19:05:29 +0200] "GET /js/modernizr-transitions.js HTTP/1.1" 200 2026 "http://www.wonder-geek.com/" "Mozilla/5.0 (Linux; Android 10; SM-A605FN) AppleWebKit/537.36 (KHTML, like Gecko) Chrome/89.0.4389.105 Mobile Safari/537.36"
81.241.86.148 - - [29/Mar/2021:19:05:29 +0200] "GET /templates/Pixame_v1/images/icon_accueil2.png HTTP/1.1" 200 1137 "http://www.wonder-geek.com/" "Mozilla/5.0 (Linux; Android 10; SM-A605FN) AppleWebKit/537.36 (KHTML, like Gecko) Chrome/89.0.4389.105 Mobile Safari/537.36"
81.241.86.148 - - [29/Mar/2021:19:05:29 +0200] "GET /images/mini_prod/3503420134005.jpg HTTP/1.1" 200 6737 "http://www.wonder-geek.com/" "Mozilla/5.0 (Linux; Android 10; SM-A605FN) AppleWebKit/537.36 (KHTML, like Gecko) Chrome/89.0.4389.105 Mobile Safari/537.36"
81.241.86.148 - - [29/Mar/2021:19:05:29 +0200] "GET /images/mini_prod/3503420145414.jpg HTTP/1.1" 200 7801 "http://www.wonder-geek.com/" "Mozilla/5.0 (Linux; Android 10; SM-A605FN) AppleWebKit/537.36 (KHTML, like Gecko) Chrome/89.0.4389.105 Mobile Safari/537.36"
81.241.86.148 - - [29/Mar/2021:19:05:29 +0200] "GET /images/mini_prod/842204880111.jpg HTTP/1.1" 200 7005 "http://www.wonder-geek.com/" "Mozilla/5.0 (Linux; Android 10; SM-A605FN) AppleWebKit/537.36 (KHTML, like Gecko) Chrome/89.0.4389.105 Mobile Safari/537.36"
81.241.86.148 - - [29/Mar/2021:19:05:29 +0200] "GET /images/mini_prod/3700572755526C.jpg HTTP/1.1" 200 3673 "http://www.wonder-geek.com/" "Mozilla/5.0 (Linux; Android 10; SM-A605FN) AppleWebKit/537.36 (KHTML, like Gecko) Chrome/89.0.4389.105 Mobile Safari/537.36"
81.241.86.148 - - [29/Mar/2021:19:05:29 +0200] "GET /images/mini_prod/3503420067259.jpg HTTP/1.1" 200 5193 "http://www.wonder-geek.com/" "Mozilla/5.0 (Linux; Android 10; SM-A605FN) AppleWebKit/537.36 (KHTML, like Gecko) Chrome/89.0.4389.105 Mobile Safari/537.36"
81.241.86.148 - - [29/Mar/2021:19:05:29 +0200] "GET /templates/Pixame_v1/images/Bottom_texture.jpg HTTP/1.1" 200 56290 "http://www.wonder-geek.com/templates/Pixame_v1/stylesheet.css" "Mozilla/5.0 (Linux; Android 10; SM-A605FN) AppleWebKit/537.36 (KHTML, like Gecko) Chrome/89.0.4389.105 Mobile Safari/537.36"
81.241.86.148 - - [29/Mar/2021:19:05:29 +0200] "GET /templates/Pixame_v1/images/header.png HTTP/1.1" 200 70245 "http://www.wonder-geek.com/templates/Pixame_v1/stylesheet.css" "Mozilla/5.0 (Linux; Android 10; SM-A605FN) AppleWebKit/537.36 (KHTML, like Gecko) Chrome/89.0.4389.105 Mobile Safari/537.36"
81.241.86.148 - - [29/Mar/2021:19:05:29 +0200] "GET /templates/Pixame_v1/images/nav.png HTTP/1.1" 200 1283 "http://www.wonder-geek.com/templates/Pixame_v1/stylesheet.css" "Mozilla/5.0 (Linux; Android 10; SM-A605FN) AppleWebKit/537.36 (KHTML, like Gecko) Chrome/89.0.4389.105 Mobile Safari/537.36"
81.241.86.148 - - [29/Mar/2021:19:05:29 +0200] "GET /images/mini_prod/3453131157209.jpg HTTP/1.1" 200 7229 "http://www.wonder-geek.com/" "Mozilla/5.0 (Linux; Android 10; SM-A605FN) AppleWebKit/537.36 (KHTML, like Gecko) Chrome/89.0.4389.105 Mobile Safari/537.36"
81.241.86.148 - - [29/Mar/2021:19:05:29 +0200] "GET /templates/Pixame_v1/images/header-object.png HTTP/1.1" 200 106050 "http://www.wonder-geek.com/templates/Pixame_v1/stylesheet.css" "Mozilla/5.0 (Linux; Android 10; SM-A605FN) AppleWebKit/537.36 (KHTML, like Gecko) Chrome/89.0.4389.105 Mobile Safari/537.36"
81.241.86.148 - - [29/Mar/2021:19:05:29 +0200] "GET /images/mini_prod/3442440302912.jpg HTTP/1.1" 200 3545 "http://www.wonder-geek.com/" "Mozilla/5.0 (Linux; Android 10; SM-A605FN) AppleWebKit/537.36 (KHTML, like Gecko) Chrome/89.0.4389.105 Mobile Safari/537.36"
81.241.86.148 - - [29/Mar/2021:19:05:29 +0200] "GET /images/mini_prod/3665269069570.jpg HTTP/1.1" 200 4277 "http://www.wonder-geek.com/" "Mozilla/5.0 (Linux; Android 10; SM-A605FN) AppleWebKit/537.36 (KHTML, like Gecko) Chrome/89.0.4389.105 Mobile Safari/537.36"
81.241.86.148 - - [29/Mar/2021:19:05:29 +0200] "GET /images/mini_prod/3503420076510.jpg HTTP/1.1" 200 5119 "http://www.wonder-geek.com/" "Mozilla/5.0 (Linux; Android 10; SM-A605FN) AppleWebKit/537.36 (KHTML, like Gecko) Chrome/89.0.4389.105 Mobile Safari/537.36"
81.241.86.148 - - [29/Mar/2021:19:05:29 +0200] "GET /images/mini_prod/3359103071408.jpg HTTP/1.1" 200 3674 "http://www.wonder-geek.com/" "Mozilla/5.0 (Linux; Android 10; SM-A605FN) AppleWebKit/537.36 (KHTML, like Gecko) Chrome/89.0.4389.105 Mobile Safari/537.36"
81.241.86.148 - - [29/Mar/2021:19:05:29 +0200] "GET /images/mini_prod/8720088299616.jpg HTTP/1.1" 200 6995 "http://www.wonder-geek.com/" "Mozilla/5.0 (Linux; Android 10; SM-A605FN) AppleWebKit/537.36 (KHTML, like Gecko) Chrome/89.0.4389.105 Mobile Safari/537.36"
81.241.86.148 - - [29/Mar/2021:19:05:29 +0200] "GET /templates/Pixame_v1/images/Middle_texture.jpg HTTP/1.1" 200 249620 "http://www.wonder-geek.com/templates/Pixame_v1/stylesheet.css" "Mozilla/5.0 (Linux; Android 10; SM-A605FN) AppleWebKit/537.36 (KHTML, like Gecko) Chrome/89.0.4389.105 Mobile Safari/537.36"
81.241.86.148 - - [29/Mar/2021:19:05:29 +0200] "GET /images/mini_prod/3503420033971.jpg HTTP/1.1" 200 6371 "http://www.wonder-geek.com/" "Mozilla/5.0 (Linux; Android 10; SM-A605FN) AppleWebKit/537.36 (KHTML, like Gecko) Chrome/89.0.4389.105 Mobile Safari/537.36"
81.241.86.148 - - [29/Mar/2021:19:05:29 +0200] "GET /images/mini_prod/3503420200052.jpg HTTP/1.1" 200 4640 "http://www.wonder-geek.com/" "Mozilla/5.0 (Linux; Android 10; SM-A605FN) AppleWebKit/537.36 (KHTML, like Gecko) Chrome/89.0.4389.105 Mobile Safari/537.36"
81.241.86.148 - - [29/Mar/2021:19:05:29 +0200] "GET /images/mini_prod/8422048810700.jpg HTTP/1.1" 200 7146 "http://www.wonder-geek.com/" "Mozilla/5.0 (Linux; Android 10; SM-A605FN) AppleWebKit/537.36 (KHTML, like Gecko) Chrome/89.0.4389.105 Mobile Safari/537.36"
81.241.86.148 - - [29/Mar/2021:19:05:29 +0200] "GET /images/mini_prod/3700572731018.jpg HTTP/1.1" 200 4558 "http://www.wonder-geek.com/" "Mozilla/5.0 (Linux; Android 10; SM-A605FN) AppleWebKit/537.36 (KHTML, like Gecko) Chrome/89.0.4389.105 Mobile Safari/537.36"
81.241.86.148 - - [29/Mar/2021:19:05:29 +0200] "GET /design/productsenstock.png HTTP/1.1" 200 4743 "http://www.wonder-geek.com/templates/Pixame_v1/stylesheet.css" "Mozilla/5.0 (Linux; Android 10; SM-A605FN) AppleWebKit/537.36 (KHTML, like Gecko) Chrome/89.0.4389.105 Mobile Safari/537.36"
81.241.86.148 - - [29/Mar/2021:19:05:29 +0200] "GET /images/mini_prod/3442440302905.jpg HTTP/1.1" 200 4148 "http://www.wonder-geek.com/" "Mozilla/5.0 (Linux; Android 10; SM-A605FN) AppleWebKit/537.36 (KHTML, like Gecko) Chrome/89.0.4389.105 Mobile Safari/537.36"
81.241.86.148 - - [29/Mar/2021:19:05:29 +0200] "GET /images/mini_prod/3700516262431.jpg HTTP/1.1" 200 6204 "http://www.wonder-geek.com/" "Mozilla/5.0 (Linux; Android 10; SM-A605FN) AppleWebKit/537.36 (KHTML, like Gecko) Chrome/89.0.4389.105 Mobile Safari/537.36"
81.241.86.148 - - [29/Mar/2021:19:05:29 +0200] "GET /images/mini_prod/8424001587988.jpg HTTP/1.1" 200 3560 "http://www.wonder-geek.com/" "Mozilla/5.0 (Linux; Android 10; SM-A605FN) AppleWebKit/537.36 (KHTML, like Gecko) Chrome/89.0.4389.105 Mobile Safari/537.36"
81.241.86.148 - - [29/Mar/2021:19:05:29 +0200] "GET /images/mini_prod/3700572750255.jpg HTTP/1.1" 200 6547 "http://www.wonder-geek.com/" "Mozilla/5.0 (Linux; Android 10; SM-A605FN) AppleWebKit/537.36 (KHTML, like Gecko) Chrome/89.0.4389.105 Mobile Safari/537.36"
81.241.86.148 - - [29/Mar/2021:19:05:29 +0200] "GET /images/mini_prod/3665269123920.jpg HTTP/1.1" 200 4485 "http://www.wonder-geek.com/" "Mozilla/5.0 (Linux; Android 10; SM-A605FN) AppleWebKit/537.36 (KHTML, like Gecko) Chrome/89.0.4389.105 Mobile Safari/537.36"
81.241.86.148 - - [29/Mar/2021:19:05:29 +0200] "GET /images/mini_prod/3574642613142.jpg HTTP/1.1" 200 3385 "http://www.wonder-geek.com/" "Mozilla/5.0 (Linux; Android 10; SM-A605FN) AppleWebKit/537.36 (KHTML, like Gecko) Chrome/89.0.4389.105 Mobile Safari/537.36"
81.241.86.148 - - [29/Mar/2021:19:05:29 +0200] "GET /images/mini_prod/3442440302806.jpg HTTP/1.1" 200 4083 "http://www.wonder-geek.com/" "Mozilla/5.0 (Linux; Android 10; SM-A605FN) AppleWebKit/537.36 (KHTML, like Gecko) Chrome/89.0.4389.105 Mobile Safari/537.36"
81.241.86.148 - - [29/Mar/2021:19:05:29 +0200] "GET /images/mini_prod/3700572755243B.jpg HTTP/1.1" 200 3422 "http://www.wonder-geek.com/" "Mozilla/5.0 (Linux; Android 10; SM-A605FN) AppleWebKit/537.36 (KHTML, like Gecko) Chrome/89.0.4389.105 Mobile Safari/537.36"
81.241.86.148 - - [29/Mar/2021:19:05:29 +0200] "GET /images/mini_prod/3359103071392.jpg HTTP/1.1" 200 3413 "http://www.wonder-geek.com/" "Mozilla/5.0 (Linux; Android 10; SM-A605FN) AppleWebKit/537.36 (KHTML, like Gecko) Chrome/89.0.4389.105 Mobile Safari/537.36"
81.241.86.148 - - [29/Mar/2021:19:05:29 +0200] "GET /images/mini_prod/8445148004978.jpg HTTP/1.1" 200 3473 "http://www.wonder-geek.com/" "Mozilla/5.0 (Linux; Android 10; SM-A605FN) AppleWebKit/537.36 (KHTML, like Gecko) Chrome/89.0.4389.105 Mobile Safari/537.36"
81.241.86.148 - - [29/Mar/2021:19:05:29 +0200] "GET /images/mini_prod/3442440279900.jpg HTTP/1.1" 200 6981 "http://www.wonder-geek.com/" "Mozilla/5.0 (Linux; Android 10; SM-A605FN) AppleWebKit/537.36 (KHTML, like Gecko) Chrome/89.0.4389.105 Mobile Safari/537.36"
81.241.86.148 - - [29/Mar/2021:19:05:29 +0200] "GET /images/mini_prod/3442440282177.jpg HTTP/1.1" 200 4743 "http://www.wonder-geek.com/" "Mozilla/5.0 (Linux; Android 10; SM-A605FN) AppleWebKit/537.36 (KHTML, like Gecko) Chrome/89.0.4389.105 Mobile Safari/537.36"
81.241.86.148 - - [29/Mar/2021:19:05:29 +0200] "GET /images/mini_prod/8435153837937.jpg HTTP/1.1" 200 5498 "http://www.wonder-geek.com/" "Mozilla/5.0 (Linux; Android 10; SM-A605FN) AppleWebKit/537.36 (KHTML, like Gecko) Chrome/89.0.4389.105 Mobile Safari/537.36"
81.241.86.148 - - [29/Mar/2021:19:05:29 +0200] "GET /images/mini_prod/8718375750377.jpg HTTP/1.1" 200 4380 "http://www.wonder-geek.com/" "Mozilla/5.0 (Linux; Android 10; SM-A605FN) AppleWebKit/537.36 (KHTML, like Gecko) Chrome/89.0.4389.105 Mobile Safari/537.36"
81.241.86.148 - - [29/Mar/2021:19:05:29 +0200] "GET /images/mini_prod/8718375753507.jpg HTTP/1.1" 200 8011 "http://www.wonder-geek.com/" "Mozilla/5.0 (Linux; Android 10; SM-A605FN) AppleWebKit/537.36 (KHTML, like Gecko) Chrome/89.0.4389.105 Mobile Safari/537.36"
81.241.86.148 - - [29/Mar/2021:19:05:29 +0200] "GET /images/mini_prod/8422012915004.jpg HTTP/1.1" 200 4667 "http://www.wonder-geek.com/" "Mozilla/5.0 (Linux; Android 10; SM-A605FN) AppleWebKit/537.36 (KHTML, like Gecko) Chrome/89.0.4389.105 Mobile Safari/537.36"
