180.163.220.66 - - [29/Mar/2021:20:25:21 +0200] "GET /images/mini_prod/8904245400507.jpg HTTP/1.1" 200 7730 "http://www.wonder-geek.com/" "Mozilla/5.0 (Linux; U; Android 8.1.0; zh-CN; EML-AL00 Build/HUAWEIEML-AL00) AppleWebKit/537.36 (KHTML, like Gecko) Version/4.0 Chrome/57.0.2987.108 baidu.sogo.uc.UCBrowser/11.9.4.974 UWS/2.13.1.48 Mobile Safari/537.36 AliApp(DingTalk/4.5.11) com.alibaba.android.rimet/10487439 Channel/227200 language/zh-CN"
180.163.220.3 - - [29/Mar/2021:20:25:21 +0200] "GET /images/mini_prod/3503420077449.jpg HTTP/1.1" 200 5979 "http://www.wonder-geek.com/" "Mozilla/5.0 (Linux; U; Android 8.1.0; zh-CN; EML-AL00 Build/HUAWEIEML-AL00) AppleWebKit/537.36 (KHTML, like Gecko) Version/4.0 Chrome/57.0.2987.108 baidu.sogo.uc.UCBrowser/11.9.4.974 UWS/2.13.1.48 Mobile Safari/537.36 AliApp(DingTalk/4.5.11) com.alibaba.android.rimet/10487439 Channel/227200 language/zh-CN"
180.163.220.66 - - [29/Mar/2021:20:25:21 +0200] "GET /images/mini_prod/3359103059710.jpg HTTP/1.1" 200 3713 "http://www.wonder-geek.com/" "Mozilla/5.0 (Linux; U; Android 8.1.0; zh-CN; EML-AL00 Build/HUAWEIEML-AL00) AppleWebKit/537.36 (KHTML, like Gecko) Version/4.0 Chrome/57.0.2987.108 baidu.sogo.uc.UCBrowser/11.9.4.974 UWS/2.13.1.48 Mobile Safari/537.36 AliApp(DingTalk/4.5.11) com.alibaba.android.rimet/10487439 Channel/227200 language/zh-CN"
180.163.220.67 - - [29/Mar/2021:20:25:21 +0200] "GET /images/mini_prod/5400924139438.jpg HTTP/1.1" 200 6960 "http://www.wonder-geek.com/" "Mozilla/5.0 (Linux; U; Android 8.1.0; zh-CN; EML-AL00 Build/HUAWEIEML-AL00) AppleWebKit/537.36 (KHTML, like Gecko) Version/4.0 Chrome/57.0.2987.108 baidu.sogo.uc.UCBrowser/11.9.4.974 UWS/2.13.1.48 Mobile Safari/537.36 AliApp(DingTalk/4.5.11) com.alibaba.android.rimet/10487439 Channel/227200 language/zh-CN"
180.163.220.67 - - [29/Mar/2021:20:25:21 +0200] "GET /images/mini_prod/3700572731018.jpg HTTP/1.1" 200 4558 "http://www.wonder-geek.com/" "Mozilla/5.0 (Linux; U; Android 8.1.0; zh-CN; EML-AL00 Build/HUAWEIEML-AL00) AppleWebKit/537.36 (KHTML, like Gecko) Version/4.0 Chrome/57.0.2987.108 baidu.sogo.uc.UCBrowser/11.9.4.974 UWS/2.13.1.48 Mobile Safari/537.36 AliApp(DingTalk/4.5.11) com.alibaba.android.rimet/10487439 Channel/227200 language/zh-CN"
180.163.220.66 - - [29/Mar/2021:20:25:21 +0200] "GET /images/mini_prod/3442440301694T.jpg HTTP/1.1" 200 5413 "http://www.wonder-geek.com/" "Mozilla/5.0 (Linux; U; Android 8.1.0; zh-CN; EML-AL00 Build/HUAWEIEML-AL00) AppleWebKit/537.36 (KHTML, like Gecko) Version/4.0 Chrome/57.0.2987.108 baidu.sogo.uc.UCBrowser/11.9.4.974 UWS/2.13.1.48 Mobile Safari/537.36 AliApp(DingTalk/4.5.11) com.alibaba.android.rimet/10487439 Channel/227200 language/zh-CN"
180.163.220.66 - - [29/Mar/2021:20:25:21 +0200] "GET /images/mini_prod/3665269098983.jpg HTTP/1.1" 200 4787 "http://www.wonder-geek.com/" "Mozilla/5.0 (Linux; U; Android 8.1.0; zh-CN; EML-AL00 Build/HUAWEIEML-AL00) AppleWebKit/537.36 (KHTML, like Gecko) Version/4.0 Chrome/57.0.2987.108 baidu.sogo.uc.UCBrowser/11.9.4.974 UWS/2.13.1.48 Mobile Safari/537.36 AliApp(DingTalk/4.5.11) com.alibaba.android.rimet/10487439 Channel/227200 language/zh-CN"
180.163.220.3 - - [29/Mar/2021:20:25:22 +0200] "GET /images/mini_prod/3453131155069.jpg HTTP/1.1" 200 9338 "http://www.wonder-geek.com/" "Mozilla/5.0 (Linux; U; Android 8.1.0; zh-CN; EML-AL00 Build/HUAWEIEML-AL00) AppleWebKit/537.36 (KHTML, like Gecko) Version/4.0 Chrome/57.0.2987.108 baidu.sogo.uc.UCBrowser/11.9.4.974 UWS/2.13.1.48 Mobile Safari/537.36 AliApp(DingTalk/4.5.11) com.alibaba.android.rimet/10487439 Channel/227200 language/zh-CN"
180.163.220.67 - - [29/Mar/2021:20:25:22 +0200] "GET /images/mini_prod/8424346359721.jpg HTTP/1.1" 200 5578 "http://www.wonder-geek.com/" "Mozilla/5.0 (Linux; U; Android 8.1.0; zh-CN; EML-AL00 Build/HUAWEIEML-AL00) AppleWebKit/537.36 (KHTML, like Gecko) Version/4.0 Chrome/57.0.2987.108 baidu.sogo.uc.UCBrowser/11.9.4.974 UWS/2.13.1.48 Mobile Safari/537.36 AliApp(DingTalk/4.5.11) com.alibaba.android.rimet/10487439 Channel/227200 language/zh-CN"
180.163.220.66 - - [29/Mar/2021:20:25:22 +0200] "GET /images/mini_prod/3503420151262.jpg HTTP/1.1" 200 5041 "http://www.wonder-geek.com/" "Mozilla/5.0 (Linux; U; Android 8.1.0; zh-CN; EML-AL00 Build/HUAWEIEML-AL00) AppleWebKit/537.36 (KHTML, like Gecko) Version/4.0 Chrome/57.0.2987.108 baidu.sogo.uc.UCBrowser/11.9.4.974 UWS/2.13.1.48 Mobile Safari/537.36 AliApp(DingTalk/4.5.11) com.alibaba.android.rimet/10487439 Channel/227200 language/zh-CN"
180.163.220.66 - - [29/Mar/2021:20:25:22 +0200] "GET /images/mini_prod/3700572752082.jpg HTTP/1.1" 200 5829 "http://www.wonder-geek.com/" "Mozilla/5.0 (Linux; U; Android 8.1.0; zh-CN; EML-AL00 Build/HUAWEIEML-AL00) AppleWebKit/537.36 (KHTML, like Gecko) Version/4.0 Chrome/57.0.2987.108 baidu.sogo.uc.UCBrowser/11.9.4.974 UWS/2.13.1.48 Mobile Safari/537.36 AliApp(DingTalk/4.5.11) com.alibaba.android.rimet/10487439 Channel/227200 language/zh-CN"
180.163.220.67 - - [29/Mar/2021:20:25:22 +0200] "GET /images/mini_prod/8422000479709.jpg HTTP/1.1" 200 4357 "http://www.wonder-geek.com/" "Mozilla/5.0 (Linux; U; Android 8.1.0; zh-CN; EML-AL00 Build/HUAWEIEML-AL00) AppleWebKit/537.36 (KHTML, like Gecko) Version/4.0 Chrome/57.0.2987.108 baidu.sogo.uc.UCBrowser/11.9.4.974 UWS/2.13.1.48 Mobile Safari/537.36 AliApp(DingTalk/4.5.11) com.alibaba.android.rimet/10487439 Channel/227200 language/zh-CN"
180.163.220.3 - - [29/Mar/2021:20:25:23 +0200] "GET /images/mini_prod/5400924139490.jpg HTTP/1.1" 200 8369 "http://www.wonder-geek.com/" "Mozilla/5.0 (Linux; U; Android 8.1.0; zh-CN; EML-AL00 Build/HUAWEIEML-AL00) AppleWebKit/537.36 (KHTML, like Gecko) Version/4.0 Chrome/57.0.2987.108 baidu.sogo.uc.UCBrowser/11.9.4.974 UWS/2.13.1.48 Mobile Safari/537.36 AliApp(DingTalk/4.5.11) com.alibaba.android.rimet/10487439 Channel/227200 language/zh-CN"
180.163.220.67 - - [29/Mar/2021:20:25:23 +0200] "GET /images/mini_prod/3453131156646.jpg HTTP/1.1" 200 6061 "http://www.wonder-geek.com/" "Mozilla/5.0 (Linux; U; Android 8.1.0; zh-CN; EML-AL00 Build/HUAWEIEML-AL00) AppleWebKit/537.36 (KHTML, like Gecko) Version/4.0 Chrome/57.0.2987.108 baidu.sogo.uc.UCBrowser/11.9.4.974 UWS/2.13.1.48 Mobile Safari/537.36 AliApp(DingTalk/4.5.11) com.alibaba.android.rimet/10487439 Channel/227200 language/zh-CN"
180.163.220.66 - - [29/Mar/2021:20:25:23 +0200] "GET /images/mini_prod/3665269095364.jpg HTTP/1.1" 200 4969 "http://www.wonder-geek.com/" "Mozilla/5.0 (Linux; U; Android 8.1.0; zh-CN; EML-AL00 Build/HUAWEIEML-AL00) AppleWebKit/537.36 (KHTML, like Gecko) Version/4.0 Chrome/57.0.2987.108 baidu.sogo.uc.UCBrowser/11.9.4.974 UWS/2.13.1.48 Mobile Safari/537.36 AliApp(DingTalk/4.5.11) com.alibaba.android.rimet/10487439 Channel/227200 language/zh-CN"
180.163.220.66 - - [29/Mar/2021:20:25:23 +0200] "GET /images/mini_prod/3503420113659.jpg HTTP/1.1" 200 4115 "http://www.wonder-geek.com/" "Mozilla/5.0 (Linux; U; Android 8.1.0; zh-CN; EML-AL00 Build/HUAWEIEML-AL00) AppleWebKit/537.36 (KHTML, like Gecko) Version/4.0 Chrome/57.0.2987.108 baidu.sogo.uc.UCBrowser/11.9.4.974 UWS/2.13.1.48 Mobile Safari/537.36 AliApp(DingTalk/4.5.11) com.alibaba.android.rimet/10487439 Channel/227200 language/zh-CN"
180.163.220.67 - - [29/Mar/2021:20:25:23 +0200] "GET /images/mini_prod/3442440300130.jpg HTTP/1.1" 200 8690 "http://www.wonder-geek.com/" "Mozilla/5.0 (Linux; U; Android 8.1.0; zh-CN; EML-AL00 Build/HUAWEIEML-AL00) AppleWebKit/537.36 (KHTML, like Gecko) Version/4.0 Chrome/57.0.2987.108 baidu.sogo.uc.UCBrowser/11.9.4.974 UWS/2.13.1.48 Mobile Safari/537.36 AliApp(DingTalk/4.5.11) com.alibaba.android.rimet/10487439 Channel/227200 language/zh-CN"
180.163.220.3 - - [29/Mar/2021:20:25:24 +0200] "GET /images/mini_prod/8852310609730.jpg HTTP/1.1" 200 4071 "http://www.wonder-geek.com/" "Mozilla/5.0 (Linux; U; Android 8.1.0; zh-CN; EML-AL00 Build/HUAWEIEML-AL00) AppleWebKit/537.36 (KHTML, like Gecko) Version/4.0 Chrome/57.0.2987.108 baidu.sogo.uc.UCBrowser/11.9.4.974 UWS/2.13.1.48 Mobile Safari/537.36 AliApp(DingTalk/4.5.11) com.alibaba.android.rimet/10487439 Channel/227200 language/zh-CN"
180.163.220.66 - - [29/Mar/2021:20:25:24 +0200] "GET /images/mini_prod/3503420021480.jpg HTTP/1.1" 200 5177 "http://www.wonder-geek.com/" "Mozilla/5.0 (Linux; U; Android 8.1.0; zh-CN; EML-AL00 Build/HUAWEIEML-AL00) AppleWebKit/537.36 (KHTML, like Gecko) Version/4.0 Chrome/57.0.2987.108 baidu.sogo.uc.UCBrowser/11.9.4.974 UWS/2.13.1.48 Mobile Safari/537.36 AliApp(DingTalk/4.5.11) com.alibaba.android.rimet/10487439 Channel/227200 language/zh-CN"
180.163.220.66 - - [29/Mar/2021:20:25:24 +0200] "GET /images/mini_prod/8422010090833.jpg HTTP/1.1" 200 4036 "http://www.wonder-geek.com/" "Mozilla/5.0 (Linux; U; Android 8.1.0; zh-CN; EML-AL00 Build/HUAWEIEML-AL00) AppleWebKit/537.36 (KHTML, like Gecko) Version/4.0 Chrome/57.0.2987.108 baidu.sogo.uc.UCBrowser/11.9.4.974 UWS/2.13.1.48 Mobile Safari/537.36 AliApp(DingTalk/4.5.11) com.alibaba.android.rimet/10487439 Channel/227200 language/zh-CN"
180.163.220.67 - - [29/Mar/2021:20:25:24 +0200] "GET /images/mini_prod/3453131155076.jpg HTTP/1.1" 200 6792 "http://www.wonder-geek.com/" "Mozilla/5.0 (Linux; U; Android 8.1.0; zh-CN; EML-AL00 Build/HUAWEIEML-AL00) AppleWebKit/537.36 (KHTML, like Gecko) Version/4.0 Chrome/57.0.2987.108 baidu.sogo.uc.UCBrowser/11.9.4.974 UWS/2.13.1.48 Mobile Safari/537.36 AliApp(DingTalk/4.5.11) com.alibaba.android.rimet/10487439 Channel/227200 language/zh-CN"
180.163.220.67 - - [29/Mar/2021:20:25:24 +0200] "GET /images/mini_prod/8424001706075.jpg HTTP/1.1" 200 6405 "http://www.wonder-geek.com/" "Mozilla/5.0 (Linux; U; Android 8.1.0; zh-CN; EML-AL00 Build/HUAWEIEML-AL00) AppleWebKit/537.36 (KHTML, like Gecko) Version/4.0 Chrome/57.0.2987.108 baidu.sogo.uc.UCBrowser/11.9.4.974 UWS/2.13.1.48 Mobile Safari/537.36 AliApp(DingTalk/4.5.11) com.alibaba.android.rimet/10487439 Channel/227200 language/zh-CN"
180.163.220.3 - - [29/Mar/2021:20:25:25 +0200] "GET /images/mini_prod/8422810062962Z.jpg HTTP/1.1" 200 8191 "http://www.wonder-geek.com/" "Mozilla/5.0 (Linux; U; Android 8.1.0; zh-CN; EML-AL00 Build/HUAWEIEML-AL00) AppleWebKit/537.36 (KHTML, like Gecko) Version/4.0 Chrome/57.0.2987.108 baidu.sogo.uc.UCBrowser/11.9.4.974 UWS/2.13.1.48 Mobile Safari/537.36 AliApp(DingTalk/4.5.11) com.alibaba.android.rimet/10487439 Channel/227200 language/zh-CN"
180.163.220.66 - - [29/Mar/2021:20:25:25 +0200] "GET /images/mini_prod/3503420034435.jpg HTTP/1.1" 200 4380 "http://www.wonder-geek.com/" "Mozilla/5.0 (Linux; U; Android 8.1.0; zh-CN; EML-AL00 Build/HUAWEIEML-AL00) AppleWebKit/537.36 (KHTML, like Gecko) Version/4.0 Chrome/57.0.2987.108 baidu.sogo.uc.UCBrowser/11.9.4.974 UWS/2.13.1.48 Mobile Safari/537.36 AliApp(DingTalk/4.5.11) com.alibaba.android.rimet/10487439 Channel/227200 language/zh-CN"
180.163.220.66 - - [29/Mar/2021:20:25:25 +0200] "GET /images/mini_prod/3442440293487.jpg HTTP/1.1" 200 5212 "http://www.wonder-geek.com/" "Mozilla/5.0 (Linux; U; Android 8.1.0; zh-CN; EML-AL00 Build/HUAWEIEML-AL00) AppleWebKit/537.36 (KHTML, like Gecko) Version/4.0 Chrome/57.0.2987.108 baidu.sogo.uc.UCBrowser/11.9.4.974 UWS/2.13.1.48 Mobile Safari/537.36 AliApp(DingTalk/4.5.11) com.alibaba.android.rimet/10487439 Channel/227200 language/zh-CN"
180.163.220.67 - - [29/Mar/2021:20:25:25 +0200] "GET /images/mini_prod/3665269089240.jpg HTTP/1.1" 200 5163 "http://www.wonder-geek.com/" "Mozilla/5.0 (Linux; U; Android 8.1.0; zh-CN; EML-AL00 Build/HUAWEIEML-AL00) AppleWebKit/537.36 (KHTML, like Gecko) Version/4.0 Chrome/57.0.2987.108 baidu.sogo.uc.UCBrowser/11.9.4.974 UWS/2.13.1.48 Mobile Safari/537.36 AliApp(DingTalk/4.5.11) com.alibaba.android.rimet/10487439 Channel/227200 language/zh-CN"
180.163.220.67 - - [29/Mar/2021:20:25:25 +0200] "GET /images/mini_prod/3503420067709.jpg HTTP/1.1" 200 5015 "http://www.wonder-geek.com/" "Mozilla/5.0 (Linux; U; Android 8.1.0; zh-CN; EML-AL00 Build/HUAWEIEML-AL00) AppleWebKit/537.36 (KHTML, like Gecko) Version/4.0 Chrome/57.0.2987.108 baidu.sogo.uc.UCBrowser/11.9.4.974 UWS/2.13.1.48 Mobile Safari/537.36 AliApp(DingTalk/4.5.11) com.alibaba.android.rimet/10487439 Channel/227200 language/zh-CN"
180.163.220.66 - - [29/Mar/2021:20:25:25 +0200] "GET /images/mini_prod/8435153839863.jpg HTTP/1.1" 200 5174 "http://www.wonder-geek.com/" "Mozilla/5.0 (Linux; U; Android 8.1.0; zh-CN; EML-AL00 Build/HUAWEIEML-AL00) AppleWebKit/537.36 (KHTML, like Gecko) Version/4.0 Chrome/57.0.2987.108 baidu.sogo.uc.UCBrowser/11.9.4.974 UWS/2.13.1.48 Mobile Safari/537.36 AliApp(DingTalk/4.5.11) com.alibaba.android.rimet/10487439 Channel/227200 language/zh-CN"
180.163.220.66 - - [29/Mar/2021:20:25:25 +0200] "GET /images/mini_prod/3574642575211.jpg HTTP/1.1" 200 3963 "http://www.wonder-geek.com/" "Mozilla/5.0 (Linux; U; Android 8.1.0; zh-CN; EML-AL00 Build/HUAWEIEML-AL00) AppleWebKit/537.36 (KHTML, like Gecko) Version/4.0 Chrome/57.0.2987.108 baidu.sogo.uc.UCBrowser/11.9.4.974 UWS/2.13.1.48 Mobile Safari/537.36 AliApp(DingTalk/4.5.11) com.alibaba.android.rimet/10487439 Channel/227200 language/zh-CN"
180.163.220.67 - - [29/Mar/2021:20:25:25 +0200] "GET /images/mini_prod/3442440301700.jpg HTTP/1.1" 200 5206 "http://www.wonder-geek.com/" "Mozilla/5.0 (Linux; U; Android 8.1.0; zh-CN; EML-AL00 Build/HUAWEIEML-AL00) AppleWebKit/537.36 (KHTML, like Gecko) Version/4.0 Chrome/57.0.2987.108 baidu.sogo.uc.UCBrowser/11.9.4.974 UWS/2.13.1.48 Mobile Safari/537.36 AliApp(DingTalk/4.5.11) com.alibaba.android.rimet/10487439 Channel/227200 language/zh-CN"
180.163.220.67 - - [29/Mar/2021:20:25:25 +0200] "GET /images/mini_prod/3503420140655.jpg HTTP/1.1" 200 6185 "http://www.wonder-geek.com/" "Mozilla/5.0 (Linux; U; Android 8.1.0; zh-CN; EML-AL00 Build/HUAWEIEML-AL00) AppleWebKit/537.36 (KHTML, like Gecko) Version/4.0 Chrome/57.0.2987.108 baidu.sogo.uc.UCBrowser/11.9.4.974 UWS/2.13.1.48 Mobile Safari/537.36 AliApp(DingTalk/4.5.11) com.alibaba.android.rimet/10487439 Channel/227200 language/zh-CN"
180.163.220.3 - - [29/Mar/2021:20:25:25 +0200] "GET /images/mini_prod/3503420110542.jpg HTTP/1.1" 200 6593 "http://www.wonder-geek.com/" "Mozilla/5.0 (Linux; U; Android 8.1.0; zh-CN; EML-AL00 Build/HUAWEIEML-AL00) AppleWebKit/537.36 (KHTML, like Gecko) Version/4.0 Chrome/57.0.2987.108 baidu.sogo.uc.UCBrowser/11.9.4.974 UWS/2.13.1.48 Mobile Safari/537.36 AliApp(DingTalk/4.5.11) com.alibaba.android.rimet/10487439 Channel/227200 language/zh-CN"
180.163.220.67 - - [29/Mar/2021:20:25:26 +0200] "GET /images/mini_prod/8422048810717.jpg HTTP/1.1" 200 6749 "http://www.wonder-geek.com/" "Mozilla/5.0 (Linux; U; Android 8.1.0; zh-CN; EML-AL00 Build/HUAWEIEML-AL00) AppleWebKit/537.36 (KHTML, like Gecko) Version/4.0 Chrome/57.0.2987.108 baidu.sogo.uc.UCBrowser/11.9.4.974 UWS/2.13.1.48 Mobile Safari/537.36 AliApp(DingTalk/4.5.11) com.alibaba.android.rimet/10487439 Channel/227200 language/zh-CN"
180.163.220.67 - - [29/Mar/2021:20:25:26 +0200] "GET /images/mini_prod/4250255859571.jpg HTTP/1.1" 200 3453 "http://www.wonder-geek.com/" "Mozilla/5.0 (Linux; U; Android 8.1.0; zh-CN; EML-AL00 Build/HUAWEIEML-AL00) AppleWebKit/537.36 (KHTML, like Gecko) Version/4.0 Chrome/57.0.2987.108 baidu.sogo.uc.UCBrowser/11.9.4.974 UWS/2.13.1.48 Mobile Safari/537.36 AliApp(DingTalk/4.5.11) com.alibaba.android.rimet/10487439 Channel/227200 language/zh-CN"
180.163.220.66 - - [29/Mar/2021:20:25:26 +0200] "GET /images/mini_prod/4260082937991.jpg HTTP/1.1" 200 4965 "http://www.wonder-geek.com/" "Mozilla/5.0 (Linux; U; Android 8.1.0; zh-CN; EML-AL00 Build/HUAWEIEML-AL00) AppleWebKit/537.36 (KHTML, like Gecko) Version/4.0 Chrome/57.0.2987.108 baidu.sogo.uc.UCBrowser/11.9.4.974 UWS/2.13.1.48 Mobile Safari/537.36 AliApp(DingTalk/4.5.11) com.alibaba.android.rimet/10487439 Channel/227200 language/zh-CN"
180.163.220.66 - - [29/Mar/2021:20:25:26 +0200] "GET /images/mini_prod/3665269098921.jpg HTTP/1.1" 200 3940 "http://www.wonder-geek.com/" "Mozilla/5.0 (Linux; U; Android 8.1.0; zh-CN; EML-AL00 Build/HUAWEIEML-AL00) AppleWebKit/537.36 (KHTML, like Gecko) Version/4.0 Chrome/57.0.2987.108 baidu.sogo.uc.UCBrowser/11.9.4.974 UWS/2.13.1.48 Mobile Safari/537.36 AliApp(DingTalk/4.5.11) com.alibaba.android.rimet/10487439 Channel/227200 language/zh-CN"
180.163.220.3 - - [29/Mar/2021:20:25:26 +0200] "GET /images/mini_prod/8422017740618.jpg HTTP/1.1" 200 3401 "http://www.wonder-geek.com/" "Mozilla/5.0 (Linux; U; Android 8.1.0; zh-CN; EML-AL00 Build/HUAWEIEML-AL00) AppleWebKit/537.36 (KHTML, like Gecko) Version/4.0 Chrome/57.0.2987.108 baidu.sogo.uc.UCBrowser/11.9.4.974 UWS/2.13.1.48 Mobile Safari/537.36 AliApp(DingTalk/4.5.11) com.alibaba.android.rimet/10487439 Channel/227200 language/zh-CN"
180.163.220.67 - - [29/Mar/2021:20:25:27 +0200] "GET /images/mini_prod/5400924139476.jpg HTTP/1.1" 200 6986 "http://www.wonder-geek.com/" "Mozilla/5.0 (Linux; U; Android 8.1.0; zh-CN; EML-AL00 Build/HUAWEIEML-AL00) AppleWebKit/537.36 (KHTML, like Gecko) Version/4.0 Chrome/57.0.2987.108 baidu.sogo.uc.UCBrowser/11.9.4.974 UWS/2.13.1.48 Mobile Safari/537.36 AliApp(DingTalk/4.5.11) com.alibaba.android.rimet/10487439 Channel/227200 language/zh-CN"
180.163.220.3 - - [29/Mar/2021:20:25:27 +0200] "GET /images/mini_prod/8424001787579.jpg HTTP/1.1" 200 7088 "http://www.wonder-geek.com/" "Mozilla/5.0 (Linux; U; Android 8.1.0; zh-CN; EML-AL00 Build/HUAWEIEML-AL00) AppleWebKit/537.36 (KHTML, like Gecko) Version/4.0 Chrome/57.0.2987.108 baidu.sogo.uc.UCBrowser/11.9.4.974 UWS/2.13.1.48 Mobile Safari/537.36 AliApp(DingTalk/4.5.11) com.alibaba.android.rimet/10487439 Channel/227200 language/zh-CN"
180.163.220.67 - - [29/Mar/2021:20:25:27 +0200] "GET /images/mini_prod/8435153867736.jpg HTTP/1.1" 200 5298 "http://www.wonder-geek.com/" "Mozilla/5.0 (Linux; U; Android 8.1.0; zh-CN; EML-AL00 Build/HUAWEIEML-AL00) AppleWebKit/537.36 (KHTML, like Gecko) Version/4.0 Chrome/57.0.2987.108 baidu.sogo.uc.UCBrowser/11.9.4.974 UWS/2.13.1.48 Mobile Safari/537.36 AliApp(DingTalk/4.5.11) com.alibaba.android.rimet/10487439 Channel/227200 language/zh-CN"
13.66.139.37 - - [29/Mar/2021:20:28:41 +0200] "GET /images/big_prod/4022158874407.jpg HTTP/1.1" 200 89940 "-" "Mozilla/5.0 (compatible; bingbot/2.0; +http://www.bing.com/bingbot.htm)"
110.249.202.237 - - [29/Mar/2021:20:30:14 +0200] "GET /images/big_prod/8422021019786.jpg HTTP/1.1" 200 33304 "http://www.wonder-geek.com/large-bowl-p-53017.html" "Mozilla/5.0 (Linux; Android 5.0) AppleWebKit/537.36 (KHTML, like Gecko) Mobile Safari/537.36 (compatible; Bytespider; https://zhanzhang.toutiao.com/)"
13.66.139.99 - - [29/Mar/2021:20:30:40 +0200] "GET /images/med_prod/720322240013.jpg HTTP/1.1" 200 87343 "-" "Mozilla/5.0 (compatible; bingbot/2.0; +http://www.bing.com/bingbot.htm)"
185.191.171.4 - - [29/Mar/2021:20:31:35 +0200] "GET /robots.txt HTTP/1.1" 200 2438 "-" "Mozilla/5.0 (compatible; SemrushBot/7~bl; +http://www.semrush.com/bot.html)"
147.92.153.19 - - [29/Mar/2021:20:35:08 +0200] "GET /images/big_prod/3503420200052.jpg HTTP/1.1" 200 201958 "-" "Mozilla/5.0 (compatible; Linespider/1.1; +https://lin.ee/4dwXkTH)"
192.0.99.83 - - [29/Mar/2021:20:35:43 +0200] "GET /images/4027950.jpg HTTP/1.1" 200 39594 "-" "Photon/1.0"
216.244.66.242 - - [29/Mar/2021:20:37:26 +0200] "GET /robots.txt HTTP/1.1" 200 2438 "-" "Mozilla/5.0 (compatible; DotBot/1.2; +https://opensiteexplorer.org/dotbot; help@moz.com)"
216.244.66.242 - - [29/Mar/2021:20:37:27 +0200] "GET /robots.txt HTTP/1.1" 200 2438 "-" "Mozilla/5.0 (compatible; DotBot/1.2; +https://opensiteexplorer.org/dotbot; help@moz.com)"
13.66.139.99 - - [29/Mar/2021:20:37:55 +0200] "GET /images/med_prod/3520071345611.jpg HTTP/1.1" 200 121266 "-" "Mozilla/5.0 (compatible; bingbot/2.0; +http://www.bing.com/bingbot.htm)"
66.249.70.36 - - [29/Mar/2021:20:39:32 +0200] "GET /images/big_prod_1/1328399235117.jpg HTTP/1.1" 200 97438 "-" "Googlebot-Image/1.0"
40.77.167.17 - - [29/Mar/2021:20:39:36 +0200] "GET /js/jquery.js HTTP/1.1" 200 54075 "-" "Mozilla/5.0 (compatible; bingbot/2.0; +http://www.bing.com/bingbot.htm)"
40.77.167.17 - - [29/Mar/2021:20:39:36 +0200] "GET /js/jquery.js HTTP/1.1" 200 54075 "-" "Mozilla/5.0 (compatible; bingbot/2.0; +http://www.bing.com/bingbot.htm)"
13.66.139.40 - - [29/Mar/2021:20:42:27 +0200] "GET /images/big_prod/1384010188514.jpg HTTP/1.1" 200 111419 "-" "Mozilla/5.0 (compatible; bingbot/2.0; +http://www.bing.com/bingbot.htm)"
13.66.139.99 - - [29/Mar/2021:20:43:10 +0200] "GET /images/big_prod_1/b8435333824245.jpg HTTP/1.1" 200 75433 "-" "Mozilla/5.0 (compatible; bingbot/2.0; +http://www.bing.com/bingbot.htm)"
147.92.153.3 - - [29/Mar/2021:20:45:47 +0200] "GET /images/big_prod/3503420076466.jpg HTTP/1.1" 200 194259 "-" "Mozilla/5.0 (compatible; Linespider/1.1; +https://lin.ee/4dwXkTH)"
110.249.202.197 - - [29/Mar/2021:20:50:07 +0200] "GET /mondial_relay/js/jquery-1.3.2.min.js HTTP/1.1" 200 57254 "http://www.wonder-geek.com/pillow-case-blue-jean-p-36885.html" "Mozilla/5.0 (Linux; Android 5.0) AppleWebKit/537.36 (KHTML, like Gecko) Mobile Safari/537.36 (compatible; Bytespider; https://zhanzhang.toutiao.com/)"
110.249.202.201 - - [29/Mar/2021:20:50:09 +0200] "GET /images/big_prod/3014627829842.jpg HTTP/1.1" 200 63712 "http://www.wonder-geek.com/pillow-case-blue-jean-p-36885.html" "Mozilla/5.0 (Linux; Android 5.0) AppleWebKit/537.36 (KHTML, like Gecko) Mobile Safari/537.36 (compatible; Bytespider; https://zhanzhang.toutiao.com/)"
13.66.139.37 - - [29/Mar/2021:20:51:33 +0200] "GET /images/med_prod/3662468004678.jpg HTTP/1.1" 200 73082 "-" "Mozilla/5.0 (compatible; bingbot/2.0; +http://www.bing.com/bingbot.htm)"
40.77.167.13 - - [29/Mar/2021:20:51:53 +0200] "GET /js/jquery.jqzoom.js HTTP/1.1" 200 4761 "-" "Mozilla/5.0 (compatible; bingbot/2.0; +http://www.bing.com/bingbot.htm)"
40.77.167.19 - - [29/Mar/2021:20:51:58 +0200] "GET /mondial_relay/js/jquery-1.3.2.min.js HTTP/1.1" 200 57254 "-" "Mozilla/5.0 (compatible; bingbot/2.0; +http://www.bing.com/bingbot.htm)"
40.77.167.18 - - [29/Mar/2021:20:53:20 +0200] "GET /js/jquery.masonry.min.js HTTP/1.1" 200 5392 "-" "Mozilla/5.0 (compatible; bingbot/2.0; +http://www.bing.com/bingbot.htm)"
66.249.70.33 - - [29/Mar/2021:20:54:32 +0200] "GET /images/mini_prod/3503420020315.jpg HTTP/1.1" 200 6430 "-" "Googlebot-Image/1.0"
13.66.139.37 - - [29/Mar/2021:20:54:54 +0200] "GET /images/big_prod/3091693063516.jpg HTTP/1.1" 200 118079 "-" "Mozilla/5.0 (compatible; bingbot/2.0; +http://www.bing.com/bingbot.htm)"
147.92.153.18 - - [29/Mar/2021:20:56:27 +0200] "GET /images/big_prod/8445148006637.jpg HTTP/1.1" 200 91237 "-" "Mozilla/5.0 (compatible; Linespider/1.1; +https://lin.ee/4dwXkTH)"
18.212.98.132 - - [29/Mar/2021:20:57:21 +0200] "GET /favicon.ico HTTP/1.1" 304 0 "-" "Mozilla/5.0 (X11; U; Linux x86_64; en-US) AppleWebKit/532.9 (KHTML, like Gecko) Chrome/5.0.307.7 Safari/532.9"
111.225.148.153 - - [29/Mar/2021:21:00:09 +0200] "GET /images/big_prod/3453131149532.jpg HTTP/1.1" 200 49440 "http://www.wonder-geek.com/christmas-balls-paris-p-52590.html" "Mozilla/5.0 (Linux; Android 5.0) AppleWebKit/537.36 (KHTML, like Gecko) Mobile Safari/537.36 (compatible; Bytespider; https://zhanzhang.toutiao.com/)"
40.77.167.17 - - [29/Mar/2021:21:05:38 +0200] "GET /js/jquery.js HTTP/1.1" 200 54075 "-" "Mozilla/5.0 (compatible; bingbot/2.0; +http://www.bing.com/bingbot.htm)"
147.92.153.2 - - [29/Mar/2021:21:07:07 +0200] "GET /images/big_prod/3665269098914.jpg HTTP/1.1" 200 64138 "-" "Mozilla/5.0 (compatible; Linespider/1.1; +https://lin.ee/4dwXkTH)"
60.8.123.228 - - [29/Mar/2021:21:10:07 +0200] "GET /images/big_prod/3609810062405.jpg HTTP/1.1" 200 56928 "http://www.wonder-geek.com/cushion-cover-boho-p-49957.html" "Mozilla/5.0 (Linux; Android 5.0) AppleWebKit/537.36 (KHTML, like Gecko) Mobile Safari/537.36 (compatible; Bytespider; https://zhanzhang.toutiao.com/)"
13.66.139.36 - - [29/Mar/2021:21:12:25 +0200] "GET /images/med_prod/1341689439002.jpg HTTP/1.1" 200 90786 "-" "Mozilla/5.0 (compatible; bingbot/2.0; +http://www.bing.com/bingbot.htm)"
5.255.231.71 - - [29/Mar/2021:21:12:30 +0200] "GET /robots.txt HTTP/1.1" 200 2438 "-" "Mozilla/5.0 (compatible; YandexBot/3.0; +http://yandex.com/bots)"
66.249.70.36 - - [29/Mar/2021:21:17:17 +0200] "GET /mondial_relay/js/jquery-1.3.2.min.js HTTP/1.1" 200 57254 "http://www.wonder-geek.com/metal-tray-p-45853.html" "Mozilla/5.0 (Linux; Android 6.0.1; Nexus 5X Build/MMB29P) AppleWebKit/537.36 (KHTML, like Gecko) Chrome/89.0.4389.99 Mobile Safari/537.36 (compatible; Googlebot/2.1; +http://www.google.com/bot.html)"
147.92.153.11 - - [29/Mar/2021:21:17:49 +0200] "GET /images/big_prod/3453131155212.jpg HTTP/1.1" 200 765155 "-" "Mozilla/5.0 (compatible; Linespider/1.1; +https://lin.ee/4dwXkTH)"
111.225.149.66 - - [29/Mar/2021:21:20:08 +0200] "GET /images/big_prod/3609810076518.jpg HTTP/1.1" 200 62264 "http://www.wonder-geek.com/cushion-cover-cacatoeas-p-52019.html" "Mozilla/5.0 (Linux; Android 5.0) AppleWebKit/537.36 (KHTML, like Gecko) Mobile Safari/537.36 (compatible; Bytespider; https://zhanzhang.toutiao.com/)"
66.249.70.33 - - [29/Mar/2021:21:24:31 +0200] "GET /images/mini_prod/3503420213021.jpg HTTP/1.1" 200 5106 "-" "Googlebot-Image/1.0"
157.90.7.184 - - [29/Mar/2021:21:26:20 +0200] "GET /robots.txt HTTP/1.1" 200 2438 "-" "MTRobot/0.2 (Metrics Tools Analytics Crawler; https://metrics-tools.de/robot.html; crawler@metrics-tools.de)"
60.8.123.141 - - [29/Mar/2021:21:30:07 +0200] "GET /images/big_prod_1/3609810071636b.jpg HTTP/1.1" 200 81088 "http://www.wonder-geek.com/cushion-cover-ethnik-p-49952.html" "Mozilla/5.0 (Linux; Android 5.0) AppleWebKit/537.36 (KHTML, like Gecko) Mobile Safari/537.36 (compatible; Bytespider; https://zhanzhang.toutiao.com/)"
60.8.123.134 - - [29/Mar/2021:21:30:08 +0200] "GET /images/big_prod/3609810071636a.jpg HTTP/1.1" 200 76744 "http://www.wonder-geek.com/cushion-cover-ethnik-p-49952.html" "Mozilla/5.0 (Linux; Android 5.0) AppleWebKit/537.36 (KHTML, like Gecko) Mobile Safari/537.36 (compatible; Bytespider; https://zhanzhang.toutiao.com/)"
13.66.139.2 - - [29/Mar/2021:21:30:41 +0200] "GET /images/5010994727420.jpg HTTP/1.1" 200 38567 "-" "Mozilla/5.0 (compatible; bingbot/2.0; +http://www.bing.com/bingbot.htm)"
185.191.171.36 - - [29/Mar/2021:21:31:46 +0200] "GET /robots.txt HTTP/1.1" 200 2438 "-" "Mozilla/5.0 (compatible; SemrushBot/7~bl; +http://www.semrush.com/bot.html)"
157.90.7.184 - - [29/Mar/2021:21:32:12 +0200] "GET /robots.txt HTTP/1.1" 200 2438 "-" "MTRobot/0.2 (Metrics Tools Analytics Crawler; https://metrics-tools.de/robot.html; crawler@metrics-tools.de)"
40.77.167.17 - - [29/Mar/2021:21:33:33 +0200] "GET /js/jquery.js HTTP/1.1" 200 54075 "-" "Mozilla/5.0 (compatible; bingbot/2.0; +http://www.bing.com/bingbot.htm)"
103.131.71.177 - - [29/Mar/2021:21:38:15 +0200] "GET /robots.txt HTTP/1.1" 200 2438 "-" "Mozilla/5.0 (compatible; coccocbot-web/1.0; +http://help.coccoc.com/searchengine)"
13.66.139.37 - - [29/Mar/2021:21:39:07 +0200] "GET /images/mini_prod/8422048810717.jpg HTTP/1.1" 200 6749 "-" "Mozilla/5.0 (compatible; bingbot/2.0; +http://www.bing.com/bingbot.htm)"
66.249.70.36 - - [29/Mar/2021:21:39:31 +0200] "GET /images/3700276225967.jpg HTTP/1.1" 200 65395 "-" "Googlebot-Image/1.0"
60.8.123.102 - - [29/Mar/2021:21:40:07 +0200] "GET /images/big_prod/3609810071735.jpg HTTP/1.1" 200 56472 "http://www.wonder-geek.com/cushion-cover-butterflies-p-49956.html" "Mozilla/5.0 (Linux; Android 5.0) AppleWebKit/537.36 (KHTML, like Gecko) Mobile Safari/537.36 (compatible; Bytespider; https://zhanzhang.toutiao.com/)"
13.66.139.36 - - [29/Mar/2021:21:40:38 +0200] "GET /images/big_prod/4016161183939.jpg HTTP/1.1" 200 85441 "-" "Mozilla/5.0 (compatible; bingbot/2.0; +http://www.bing.com/bingbot.htm)"
216.244.66.242 - - [29/Mar/2021:21:41:45 +0200] "GET /robots.txt HTTP/1.1" 200 2438 "-" "Mozilla/5.0 (compatible; DotBot/1.2; +https://opensiteexplorer.org/dotbot; help@moz.com)"
157.90.7.184 - - [29/Mar/2021:21:42:55 +0200] "GET /robots.txt HTTP/1.1" 200 2438 "-" "MTRobot/0.2 (Metrics Tools Analytics Crawler; https://metrics-tools.de/robot.html; crawler@metrics-tools.de)"
157.90.7.184 - - [29/Mar/2021:21:43:56 +0200] "GET /robots.txt HTTP/1.1" 200 2438 "-" "MTRobot/0.2 (Metrics Tools Analytics Crawler; https://metrics-tools.de/robot.html; crawler@metrics-tools.de)"
157.90.7.184 - - [29/Mar/2021:21:45:28 +0200] "GET /robots.txt HTTP/1.1" 200 2438 "-" "MTRobot/0.2 (Metrics Tools Analytics Crawler; https://metrics-tools.de/robot.html; crawler@metrics-tools.de)"
66.249.70.62 - - [29/Mar/2021:21:47:03 +0200] "GET /images/mini_prod/8003990628102a.jpg HTTP/1.1" 200 6197 "-" "Googlebot-Image/1.0"
157.90.7.184 - - [29/Mar/2021:21:47:21 +0200] "GET /robots.txt HTTP/1.1" 200 2438 "-" "MTRobot/0.2 (Metrics Tools Analytics Crawler; https://metrics-tools.de/robot.html; crawler@metrics-tools.de)"
157.90.7.184 - - [29/Mar/2021:21:48:58 +0200] "GET /robots.txt HTTP/1.1" 200 2438 "-" "MTRobot/0.2 (Metrics Tools Analytics Crawler; https://metrics-tools.de/robot.html; crawler@metrics-tools.de)"
157.90.7.184 - - [29/Mar/2021:21:50:01 +0200] "GET /robots.txt HTTP/1.1" 200 2438 "-" "MTRobot/0.2 (Metrics Tools Analytics Crawler; https://metrics-tools.de/robot.html; crawler@metrics-tools.de)"
60.8.123.139 - - [29/Mar/2021:21:50:06 +0200] "GET /js/jquery.masonry.min.js HTTP/1.1" 200 5392 "http://www.wonder-geek.com/" "Mozilla/5.0 (Linux; Android 5.0) AppleWebKit/537.36 (KHTML, like Gecko) Mobile Safari/537.36 (compatible; Bytespider; https://zhanzhang.toutiao.com/)"
60.8.123.143 - - [29/Mar/2021:21:50:06 +0200] "GET /js/modernizr-transitions.js HTTP/1.1" 200 2026 "http://www.wonder-geek.com/" "Mozilla/5.0 (Linux; Android 5.0) AppleWebKit/537.36 (KHTML, like Gecko) Mobile Safari/537.36 (compatible; Bytespider; https://zhanzhang.toutiao.com/)"
157.90.7.184 - - [29/Mar/2021:21:51:39 +0200] "GET /robots.txt HTTP/1.1" 200 2438 "-" "MTRobot/0.2 (Metrics Tools Analytics Crawler; https://metrics-tools.de/robot.html; crawler@metrics-tools.de)"
157.90.7.184 - - [29/Mar/2021:21:52:56 +0200] "GET /robots.txt HTTP/1.1" 200 2438 "-" "MTRobot/0.2 (Metrics Tools Analytics Crawler; https://metrics-tools.de/robot.html; crawler@metrics-tools.de)"
66.249.70.36 - - [29/Mar/2021:21:54:31 +0200] "GET /images/mini_prod/3609810091238.jpg HTTP/1.1" 200 8502 "-" "Googlebot-Image/1.0"
157.90.7.184 - - [29/Mar/2021:21:54:34 +0200] "GET /robots.txt HTTP/1.1" 200 2438 "-" "MTRobot/0.2 (Metrics Tools Analytics Crawler; https://metrics-tools.de/robot.html; crawler@metrics-tools.de)"
157.90.7.184 - - [29/Mar/2021:21:55:55 +0200] "GET /robots.txt HTTP/1.1" 200 2438 "-" "MTRobot/0.2 (Metrics Tools Analytics Crawler; https://metrics-tools.de/robot.html; crawler@metrics-tools.de)"
157.90.7.184 - - [29/Mar/2021:21:57:18 +0200] "GET /robots.txt HTTP/1.1" 200 2438 "-" "MTRobot/0.2 (Metrics Tools Analytics Crawler; https://metrics-tools.de/robot.html; crawler@metrics-tools.de)"
157.90.7.184 - - [29/Mar/2021:21:58:26 +0200] "GET /robots.txt HTTP/1.1" 200 2438 "-" "MTRobot/0.2 (Metrics Tools Analytics Crawler; https://metrics-tools.de/robot.html; crawler@metrics-tools.de)"
157.90.7.184 - - [29/Mar/2021:22:00:06 +0200] "GET /robots.txt HTTP/1.1" 200 2438 "-" "MTRobot/0.2 (Metrics Tools Analytics Crawler; https://metrics-tools.de/robot.html; crawler@metrics-tools.de)"
157.90.7.184 - - [29/Mar/2021:22:01:38 +0200] "GET /robots.txt HTTP/1.1" 200 2438 "-" "MTRobot/0.2 (Metrics Tools Analytics Crawler; https://metrics-tools.de/robot.html; crawler@metrics-tools.de)"
13.66.139.99 - - [29/Mar/2021:22:01:57 +0200] "GET /images/DSCN4001.jpg HTTP/1.1" 200 23030 "-" "Mozilla/5.0 (compatible; bingbot/2.0; +http://www.bing.com/bingbot.htm)"
66.249.70.33 - - [29/Mar/2021:22:02:02 +0200] "GET /images/big_prod_1/3453131156479B.jpg HTTP/1.1" 200 722880 "-" "Googlebot-Image/1.0"
157.90.7.184 - - [29/Mar/2021:22:02:35 +0200] "GET /robots.txt HTTP/1.1" 200 2438 "-" "MTRobot/0.2 (Metrics Tools Analytics Crawler; https://metrics-tools.de/robot.html; crawler@metrics-tools.de)"
157.90.7.184 - - [29/Mar/2021:22:03:40 +0200] "GET /robots.txt HTTP/1.1" 200 2438 "-" "MTRobot/0.2 (Metrics Tools Analytics Crawler; https://metrics-tools.de/robot.html; crawler@metrics-tools.de)"
157.90.7.184 - - [29/Mar/2021:22:04:52 +0200] "GET /robots.txt HTTP/1.1" 200 2438 "-" "MTRobot/0.2 (Metrics Tools Analytics Crawler; https://metrics-tools.de/robot.html; crawler@metrics-tools.de)"
204.12.226.26 - - [29/Mar/2021:22:05:26 +0200] "GET /robots.txt HTTP/1.1" 200 2438 "-" "Mozilla/5.0 (compatible; MJ12bot/v1.4.8; http://mj12bot.com/)"
157.90.7.184 - - [29/Mar/2021:22:06:10 +0200] "GET /robots.txt HTTP/1.1" 200 2438 "-" "MTRobot/0.2 (Metrics Tools Analytics Crawler; https://metrics-tools.de/robot.html; crawler@metrics-tools.de)"
107.136.23.225 - - [29/Mar/2021:22:06:48 +0200] "GET /templates/Pixame_v1/images/header-object.png HTTP/1.1" 200 106050 "http://www.wonder-geek.com/templates/Pixame_v1/stylesheet.css" "Mozilla/5.0 (Linux; Android 10; SAMSUNG SM-T720) AppleWebKit/537.36 (KHTML, like Gecko) SamsungBrowser/13.2 Chrome/83.0.4103.106 Safari/537.36"
107.136.23.225 - - [29/Mar/2021:22:06:49 +0200] "GET /images/1399984256107.jpg HTTP/1.1" 200 94568 "http://www.wonder-geek.com/charmmy-kitty-medium-cosmetic-p-26665.html" "Mozilla/5.0 (Linux; Android 10; SAMSUNG SM-T720) AppleWebKit/537.36 (KHTML, like Gecko) SamsungBrowser/13.2 Chrome/83.0.4103.106 Safari/537.36"
107.136.23.225 - - [29/Mar/2021:22:06:49 +0200] "GET /templates/Pixame_v1/images/Middle_texture.jpg HTTP/1.1" 200 249620 "http://www.wonder-geek.com/templates/Pixame_v1/stylesheet.css" "Mozilla/5.0 (Linux; Android 10; SAMSUNG SM-T720) AppleWebKit/537.36 (KHTML, like Gecko) SamsungBrowser/13.2 Chrome/83.0.4103.106 Safari/537.36"
157.90.7.184 - - [29/Mar/2021:22:07:21 +0200] "GET /robots.txt HTTP/1.1" 200 2438 "-" "MTRobot/0.2 (Metrics Tools Analytics Crawler; https://metrics-tools.de/robot.html; crawler@metrics-tools.de)"
157.90.7.184 - - [29/Mar/2021:22:08:22 +0200] "GET /robots.txt HTTP/1.1" 200 2438 "-" "MTRobot/0.2 (Metrics Tools Analytics Crawler; https://metrics-tools.de/robot.html; crawler@metrics-tools.de)"
66.249.70.36 - - [29/Mar/2021:22:09:31 +0200] "GET /images/big_prod/8717318175888.jpg HTTP/1.1" 200 60680 "-" "Googlebot-Image/1.0"
157.90.7.184 - - [29/Mar/2021:22:09:32 +0200] "GET /robots.txt HTTP/1.1" 200 2438 "-" "MTRobot/0.2 (Metrics Tools Analytics Crawler; https://metrics-tools.de/robot.html; crawler@metrics-tools.de)"
157.90.7.184 - - [29/Mar/2021:22:10:56 +0200] "GET /robots.txt HTTP/1.1" 200 2438 "-" "MTRobot/0.2 (Metrics Tools Analytics Crawler; https://metrics-tools.de/robot.html; crawler@metrics-tools.de)"
157.90.7.184 - - [29/Mar/2021:22:12:14 +0200] "GET /robots.txt HTTP/1.1" 200 2438 "-" "MTRobot/0.2 (Metrics Tools Analytics Crawler; https://metrics-tools.de/robot.html; crawler@metrics-tools.de)"
157.90.7.184 - - [29/Mar/2021:22:13:43 +0200] "GET /robots.txt HTTP/1.1" 200 2438 "-" "MTRobot/0.2 (Metrics Tools Analytics Crawler; https://metrics-tools.de/robot.html; crawler@metrics-tools.de)"
40.77.167.18 - - [29/Mar/2021:22:14:29 +0200] "GET /js/jquery.masonry.min.js HTTP/1.1" 200 5392 "-" "Mozilla/5.0 (compatible; bingbot/2.0; +http://www.bing.com/bingbot.htm)"
157.90.7.184 - - [29/Mar/2021:22:15:20 +0200] "GET /robots.txt HTTP/1.1" 200 2438 "-" "MTRobot/0.2 (Metrics Tools Analytics Crawler; https://metrics-tools.de/robot.html; crawler@metrics-tools.de)"
157.90.7.184 - - [29/Mar/2021:22:16:52 +0200] "GET /robots.txt HTTP/1.1" 200 2438 "-" "MTRobot/0.2 (Metrics Tools Analytics Crawler; https://metrics-tools.de/robot.html; crawler@metrics-tools.de)"
66.249.70.33 - - [29/Mar/2021:22:17:01 +0200] "GET /images/big_prod/3609810059993.jpg HTTP/1.1" 200 83092 "-" "Googlebot-Image/1.0"
157.90.7.184 - - [29/Mar/2021:22:18:46 +0200] "GET /robots.txt HTTP/1.1" 200 2438 "-" "MTRobot/0.2 (Metrics Tools Analytics Crawler; https://metrics-tools.de/robot.html; crawler@metrics-tools.de)"
157.90.7.184 - - [29/Mar/2021:22:19:53 +0200] "GET /robots.txt HTTP/1.1" 200 2438 "-" "MTRobot/0.2 (Metrics Tools Analytics Crawler; https://metrics-tools.de/robot.html; crawler@metrics-tools.de)"
220.243.135.30 - - [29/Mar/2021:22:20:07 +0200] "GET /images/big_prod/3609810071667.jpg HTTP/1.1" 200 56472 "http://www.wonder-geek.com/cushion-cover-ethnik-p-49953.html" "Mozilla/5.0 (Linux; Android 5.0) AppleWebKit/537.36 (KHTML, like Gecko) Mobile Safari/537.36 (compatible; Bytespider; https://zhanzhang.toutiao.com/)"
157.90.7.184 - - [29/Mar/2021:22:20:53 +0200] "GET /robots.txt HTTP/1.1" 200 2438 "-" "MTRobot/0.2 (Metrics Tools Analytics Crawler; https://metrics-tools.de/robot.html; crawler@metrics-tools.de)"
157.90.7.184 - - [29/Mar/2021:22:22:35 +0200] "GET /robots.txt HTTP/1.1" 200 2438 "-" "MTRobot/0.2 (Metrics Tools Analytics Crawler; https://metrics-tools.de/robot.html; crawler@metrics-tools.de)"
13.66.139.40 - - [29/Mar/2021:22:23:57 +0200] "GET /images/med_prod/4582497091533.jpg HTTP/1.1" 200 91675 "-" "Mozilla/5.0 (compatible; bingbot/2.0; +http://www.bing.com/bingbot.htm)"
157.90.7.184 - - [29/Mar/2021:22:24:29 +0200] "GET /robots.txt HTTP/1.1" 200 2438 "-" "MTRobot/0.2 (Metrics Tools Analytics Crawler; https://metrics-tools.de/robot.html; crawler@metrics-tools.de)"
66.249.70.36 - - [29/Mar/2021:22:24:31 +0200] "GET /images/mini_prod/3503420080364.jpg HTTP/1.1" 200 5039 "-" "Googlebot-Image/1.0"
157.90.7.184 - - [29/Mar/2021:22:26:01 +0200] "GET /robots.txt HTTP/1.1" 200 2438 "-" "MTRobot/0.2 (Metrics Tools Analytics Crawler; https://metrics-tools.de/robot.html; crawler@metrics-tools.de)"
157.90.7.184 - - [29/Mar/2021:22:27:02 +0200] "GET /robots.txt HTTP/1.1" 200 2438 "-" "MTRobot/0.2 (Metrics Tools Analytics Crawler; https://metrics-tools.de/robot.html; crawler@metrics-tools.de)"
13.66.139.40 - - [29/Mar/2021:22:27:07 +0200] "GET /images/1300010240267.jpg HTTP/1.1" 200 120645 "-" "Mozilla/5.0 (compatible; bingbot/2.0; +http://www.bing.com/bingbot.htm)"
157.90.7.184 - - [29/Mar/2021:22:28:20 +0200] "GET /robots.txt HTTP/1.1" 200 2438 "-" "MTRobot/0.2 (Metrics Tools Analytics Crawler; https://metrics-tools.de/robot.html; crawler@metrics-tools.de)"
157.90.7.184 - - [29/Mar/2021:22:29:21 +0200] "GET /robots.txt HTTP/1.1" 200 2438 "-" "MTRobot/0.2 (Metrics Tools Analytics Crawler; https://metrics-tools.de/robot.html; crawler@metrics-tools.de)"
13.66.139.37 - - [29/Mar/2021:22:30:03 +0200] "GET /images/big_prod/4029811451319.jpg HTTP/1.1" 200 161257 "-" "Mozilla/5.0 (compatible; bingbot/2.0; +http://www.bing.com/bingbot.htm)"
111.225.149.221 - - [29/Mar/2021:22:30:07 +0200] "GET /images/big_prod/3609810071711.jpg HTTP/1.1" 200 52128 "http://www.wonder-geek.com/cushion-cover-leaf-p-49954.html" "Mozilla/5.0 (Linux; Android 5.0) AppleWebKit/537.36 (KHTML, like Gecko) Mobile Safari/537.36 (compatible; Bytespider; https://zhanzhang.toutiao.com/)"
157.90.7.184 - - [29/Mar/2021:22:30:09 +0200] "GET /robots.txt HTTP/1.1" 200 2438 "-" "MTRobot/0.2 (Metrics Tools Analytics Crawler; https://metrics-tools.de/robot.html; crawler@metrics-tools.de)"
13.66.139.2 - - [29/Mar/2021:22:31:23 +0200] "GET /images/big_prod_1/78-4153b.jpg HTTP/1.1" 200 59186 "-" "Mozilla/5.0 (compatible; bingbot/2.0; +http://www.bing.com/bingbot.htm)"
157.90.7.184 - - [29/Mar/2021:22:31:33 +0200] "GET /robots.txt HTTP/1.1" 200 2438 "-" "MTRobot/0.2 (Metrics Tools Analytics Crawler; https://metrics-tools.de/robot.html; crawler@metrics-tools.de)"
40.77.167.17 - - [29/Mar/2021:22:31:57 +0200] "GET /js/jquery.js HTTP/1.1" 200 54075 "-" "Mozilla/5.0 (compatible; bingbot/2.0; +http://www.bing.com/bingbot.htm)"
40.77.167.17 - - [29/Mar/2021:22:31:57 +0200] "GET /js/jquery.js HTTP/1.1" 200 54075 "-" "Mozilla/5.0 (compatible; bingbot/2.0; +http://www.bing.com/bingbot.htm)"
66.249.70.36 - - [29/Mar/2021:22:32:01 +0200] "GET /images/big_prod_1/b8435465005734.jpg HTTP/1.1" 200 67995 "-" "Googlebot-Image/1.0"
13.66.139.99 - - [29/Mar/2021:22:32:34 +0200] "GET /images/8003990616086.jpg HTTP/1.1" 200 40110 "-" "Mozilla/5.0 (compatible; bingbot/2.0; +http://www.bing.com/bingbot.htm)"
157.90.7.184 - - [29/Mar/2021:22:32:54 +0200] "GET /robots.txt HTTP/1.1" 200 2438 "-" "MTRobot/0.2 (Metrics Tools Analytics Crawler; https://metrics-tools.de/robot.html; crawler@metrics-tools.de)"
185.191.171.18 - - [29/Mar/2021:22:33:24 +0200] "GET /robots.txt HTTP/1.1" 200 2438 "-" "Mozilla/5.0 (compatible; SemrushBot/7~bl; +http://www.semrush.com/bot.html)"
157.90.7.184 - - [29/Mar/2021:22:34:37 +0200] "GET /robots.txt HTTP/1.1" 200 2438 "-" "MTRobot/0.2 (Metrics Tools Analytics Crawler; https://metrics-tools.de/robot.html; crawler@metrics-tools.de)"
157.90.7.184 - - [29/Mar/2021:22:35:59 +0200] "GET /robots.txt HTTP/1.1" 200 2438 "-" "MTRobot/0.2 (Metrics Tools Analytics Crawler; https://metrics-tools.de/robot.html; crawler@metrics-tools.de)"
157.90.7.184 - - [29/Mar/2021:22:36:59 +0200] "GET /robots.txt HTTP/1.1" 200 2438 "-" "MTRobot/0.2 (Metrics Tools Analytics Crawler; https://metrics-tools.de/robot.html; crawler@metrics-tools.de)"
66.249.70.33 - - [29/Mar/2021:22:37:35 +0200] "GET /images/mini_prod/5051276388786.jpg HTTP/1.1" 200 6924 "-" "Googlebot-Image/1.0"
157.90.7.184 - - [29/Mar/2021:22:38:37 +0200] "GET /robots.txt HTTP/1.1" 200 2438 "-" "MTRobot/0.2 (Metrics Tools Analytics Crawler; https://metrics-tools.de/robot.html; crawler@metrics-tools.de)"
66.249.70.33 - - [29/Mar/2021:22:39:31 +0200] "GET /images/3760226371717.jpg HTTP/1.1" 200 100767 "-" "Googlebot-Image/1.0"
110.249.202.96 - - [29/Mar/2021:22:40:07 +0200] "GET /images/big_prod_1/3453131156479B.jpg HTTP/1.1" 200 53576 "http://www.wonder-geek.com/cork-stopper-collector-p-54554.html" "Mozilla/5.0 (Linux; Android 5.0) AppleWebKit/537.36 (KHTML, like Gecko) Mobile Safari/537.36 (compatible; Bytespider; https://zhanzhang.toutiao.com/)"
110.249.202.99 - - [29/Mar/2021:22:40:07 +0200] "GET /images/big_prod/3453131156479.jpg HTTP/1.1" 200 76744 "http://www.wonder-geek.com/cork-stopper-collector-p-54554.html" "Mozilla/5.0 (Linux; Android 5.0) AppleWebKit/537.36 (KHTML, like Gecko) Mobile Safari/537.36 (compatible; Bytespider; https://zhanzhang.toutiao.com/)"
157.90.7.184 - - [29/Mar/2021:22:40:22 +0200] "GET /robots.txt HTTP/1.1" 200 2438 "-" "MTRobot/0.2 (Metrics Tools Analytics Crawler; https://metrics-tools.de/robot.html; crawler@metrics-tools.de)"
40.77.167.13 - - [29/Mar/2021:22:41:04 +0200] "GET /images/1300010237526.jpg HTTP/1.1" 200 92988 "-" "Mozilla/5.0 (compatible; bingbot/2.0; +http://www.bing.com/bingbot.htm)"
157.90.7.184 - - [29/Mar/2021:22:41:40 +0200] "GET /robots.txt HTTP/1.1" 200 2438 "-" "MTRobot/0.2 (Metrics Tools Analytics Crawler; https://metrics-tools.de/robot.html; crawler@metrics-tools.de)"
40.77.167.18 - - [29/Mar/2021:22:42:11 +0200] "GET /js/jquery.masonry.min.js HTTP/1.1" 200 5392 "-" "Mozilla/5.0 (compatible; bingbot/2.0; +http://www.bing.com/bingbot.htm)"
157.90.7.184 - - [29/Mar/2021:22:43:00 +0200] "GET /robots.txt HTTP/1.1" 200 2438 "-" "MTRobot/0.2 (Metrics Tools Analytics Crawler; https://metrics-tools.de/robot.html; crawler@metrics-tools.de)"
157.90.7.184 - - [29/Mar/2021:22:43:47 +0200] "GET /robots.txt HTTP/1.1" 200 2438 "-" "MTRobot/0.2 (Metrics Tools Analytics Crawler; https://metrics-tools.de/robot.html; crawler@metrics-tools.de)"
157.90.7.184 - - [29/Mar/2021:22:45:23 +0200] "GET /robots.txt HTTP/1.1" 200 2438 "-" "MTRobot/0.2 (Metrics Tools Analytics Crawler; https://metrics-tools.de/robot.html; crawler@metrics-tools.de)"
157.90.7.184 - - [29/Mar/2021:22:46:51 +0200] "GET /robots.txt HTTP/1.1" 200 2438 "-" "MTRobot/0.2 (Metrics Tools Analytics Crawler; https://metrics-tools.de/robot.html; crawler@metrics-tools.de)"
216.244.66.242 - - [29/Mar/2021:22:47:05 +0200] "GET /robots.txt HTTP/1.1" 200 2438 "-" "Mozilla/5.0 (compatible; DotBot/1.2; +https://opensiteexplorer.org/dotbot; help@moz.com)"
66.249.70.62 - - [29/Mar/2021:22:47:06 +0200] "GET /images/big_prod_2/8424345293026C.jpg HTTP/1.1" 200 26502 "-" "Googlebot-Image/1.0"
157.90.7.184 - - [29/Mar/2021:22:48:03 +0200] "GET /robots.txt HTTP/1.1" 200 2438 "-" "MTRobot/0.2 (Metrics Tools Analytics Crawler; https://metrics-tools.de/robot.html; crawler@metrics-tools.de)"
157.90.7.184 - - [29/Mar/2021:22:49:31 +0200] "GET /robots.txt HTTP/1.1" 200 2438 "-" "MTRobot/0.2 (Metrics Tools Analytics Crawler; https://metrics-tools.de/robot.html; crawler@metrics-tools.de)"
111.225.148.134 - - [29/Mar/2021:22:50:07 +0200] "GET /images/big_prod_1/3453131156622B.jpg HTTP/1.1" 200 62264 "http://www.wonder-geek.com/small-sommelier-shape-book-p-54553.html" "Mozilla/5.0 (Linux; Android 5.0) AppleWebKit/537.36 (KHTML, like Gecko) Mobile Safari/537.36 (compatible; Bytespider; https://zhanzhang.toutiao.com/)"
111.225.148.144 - - [29/Mar/2021:22:50:08 +0200] "GET /images/big_prod/3453131156622.jpg HTTP/1.1" 200 70664 "http://www.wonder-geek.com/small-sommelier-shape-book-p-54553.html" "Mozilla/5.0 (Linux; Android 5.0) AppleWebKit/537.36 (KHTML, like Gecko) Mobile Safari/537.36 (compatible; Bytespider; https://zhanzhang.toutiao.com/)"
157.90.7.184 - - [29/Mar/2021:22:51:06 +0200] "GET /robots.txt HTTP/1.1" 200 2438 "-" "MTRobot/0.2 (Metrics Tools Analytics Crawler; https://metrics-tools.de/robot.html; crawler@metrics-tools.de)"
157.55.39.174 - - [29/Mar/2021:22:51:59 +0200] "GET /robots.txt HTTP/1.1" 200 2438 "-" "Mozilla/5.0 (compatible; bingbot/2.0; +http://www.bing.com/bingbot.htm)"
157.90.7.184 - - [29/Mar/2021:22:52:17 +0200] "GET /robots.txt HTTP/1.1" 200 2438 "-" "MTRobot/0.2 (Metrics Tools Analytics Crawler; https://metrics-tools.de/robot.html; crawler@metrics-tools.de)"
157.90.7.184 - - [29/Mar/2021:22:53:07 +0200] "GET /robots.txt HTTP/1.1" 200 2438 "-" "MTRobot/0.2 (Metrics Tools Analytics Crawler; https://metrics-tools.de/robot.html; crawler@metrics-tools.de)"
157.90.7.184 - - [29/Mar/2021:22:54:27 +0200] "GET /robots.txt HTTP/1.1" 200 2438 "-" "MTRobot/0.2 (Metrics Tools Analytics Crawler; https://metrics-tools.de/robot.html; crawler@metrics-tools.de)"
66.249.68.4 - - [29/Mar/2021:22:54:32 +0200] "GET /images/big_prod/8422020127437.jpg HTTP/1.1" 200 60489 "-" "Googlebot-Image/1.0"
157.90.7.184 - - [29/Mar/2021:22:55:44 +0200] "GET /robots.txt HTTP/1.1" 200 2438 "-" "MTRobot/0.2 (Metrics Tools Analytics Crawler; https://metrics-tools.de/robot.html; crawler@metrics-tools.de)"
157.90.7.184 - - [29/Mar/2021:22:57:21 +0200] "GET /robots.txt HTTP/1.1" 200 2438 "-" "MTRobot/0.2 (Metrics Tools Analytics Crawler; https://metrics-tools.de/robot.html; crawler@metrics-tools.de)"
157.90.7.184 - - [29/Mar/2021:22:58:51 +0200] "GET /robots.txt HTTP/1.1" 200 2438 "-" "MTRobot/0.2 (Metrics Tools Analytics Crawler; https://metrics-tools.de/robot.html; crawler@metrics-tools.de)"
40.77.167.17 - - [29/Mar/2021:22:59:00 +0200] "GET /js/jquery.js HTTP/1.1" 200 54075 "-" "Mozilla/5.0 (compatible; bingbot/2.0; +http://www.bing.com/bingbot.htm)"
157.90.7.184 - - [29/Mar/2021:23:00:04 +0200] "GET /robots.txt HTTP/1.1" 200 2438 "-" "MTRobot/0.2 (Metrics Tools Analytics Crawler; https://metrics-tools.de/robot.html; crawler@metrics-tools.de)"
110.249.202.75 - - [29/Mar/2021:23:00:08 +0200] "GET /images/big_prod/3503420153396.jpg HTTP/1.1" 200 66608 "http://www.wonder-geek.com/mini-hermetic-fleur-p-54520.html" "Mozilla/5.0 (Linux; Android 5.0) AppleWebKit/537.36 (KHTML, like Gecko) Mobile Safari/537.36 (compatible; Bytespider; https://zhanzhang.toutiao.com/)"
40.77.167.13 - - [29/Mar/2021:23:00:14 +0200] "GET /images/3609810015302.jpg HTTP/1.1" 200 137894 "-" "Mozilla/5.0 (compatible; bingbot/2.0; +http://www.bing.com/bingbot.htm)"
157.90.7.184 - - [29/Mar/2021:23:01:16 +0200] "GET /robots.txt HTTP/1.1" 200 2438 "-" "MTRobot/0.2 (Metrics Tools Analytics Crawler; https://metrics-tools.de/robot.html; crawler@metrics-tools.de)"
66.249.68.2 - - [29/Mar/2021:23:02:02 +0200] "GET /images/big_prod/3503420077913.jpg HTTP/1.1" 200 312357 "-" "Googlebot-Image/1.0"
157.90.7.184 - - [29/Mar/2021:23:02:27 +0200] "GET /robots.txt HTTP/1.1" 200 2438 "-" "MTRobot/0.2 (Metrics Tools Analytics Crawler; https://metrics-tools.de/robot.html; crawler@metrics-tools.de)"
13.66.139.2 - - [29/Mar/2021:23:02:38 +0200] "GET /images/big_prod/4029811354597.jpg HTTP/1.1" 200 161364 "-" "Mozilla/5.0 (compatible; bingbot/2.0; +http://www.bing.com/bingbot.htm)"
157.90.7.184 - - [29/Mar/2021:23:03:40 +0200] "GET /robots.txt HTTP/1.1" 200 2438 "-" "MTRobot/0.2 (Metrics Tools Analytics Crawler; https://metrics-tools.de/robot.html; crawler@metrics-tools.de)"
13.66.139.40 - - [29/Mar/2021:23:03:50 +0200] "GET /images/big_prod_3/1328399219643c.jpg HTTP/1.1" 200 75800 "-" "Mozilla/5.0 (compatible; bingbot/2.0; +http://www.bing.com/bingbot.htm)"
13.66.139.37 - - [29/Mar/2021:23:04:36 +0200] "GET /images/big_prod/8422093217011.jpg HTTP/1.1" 200 67874 "-" "Mozilla/5.0 (compatible; bingbot/2.0; +http://www.bing.com/bingbot.htm)"
157.90.7.184 - - [29/Mar/2021:23:04:51 +0200] "GET /robots.txt HTTP/1.1" 200 2438 "-" "MTRobot/0.2 (Metrics Tools Analytics Crawler; https://metrics-tools.de/robot.html; crawler@metrics-tools.de)"
157.90.7.184 - - [29/Mar/2021:23:06:05 +0200] "GET /robots.txt HTTP/1.1" 200 2438 "-" "MTRobot/0.2 (Metrics Tools Analytics Crawler; https://metrics-tools.de/robot.html; crawler@metrics-tools.de)"
157.90.7.184 - - [29/Mar/2021:23:07:11 +0200] "GET /robots.txt HTTP/1.1" 200 2438 "-" "MTRobot/0.2 (Metrics Tools Analytics Crawler; https://metrics-tools.de/robot.html; crawler@metrics-tools.de)"
66.249.93.48 - - [29/Mar/2021:23:08:22 +0200] "GET /images/9316188038751.jpg HTTP/1.1" 200 69800 "-" "Mozilla/5.0 (Windows NT 5.1; rv:11.0) Gecko Firefox/11.0 (via ggpht.com GoogleImageProxy)"
157.90.7.184 - - [29/Mar/2021:23:08:42 +0200] "GET /robots.txt HTTP/1.1" 200 2438 "-" "MTRobot/0.2 (Metrics Tools Analytics Crawler; https://metrics-tools.de/robot.html; crawler@metrics-tools.de)"
66.249.68.30 - - [29/Mar/2021:23:09:31 +0200] "GET /images/mini_prod/8420406603704.jpg HTTP/1.1" 200 6396 "-" "Googlebot-Image/1.0"
220.243.136.246 - - [29/Mar/2021:23:10:08 +0200] "GET /images/big_prod_1/8445148004749C.jpg HTTP/1.1" 200 41992 "http://www.wonder-geek.com/coconut-fibers-doormat-sweet-p-54568.html" "Mozilla/5.0 (Linux; Android 5.0) AppleWebKit/537.36 (KHTML, like Gecko) Mobile Safari/537.36 (compatible; Bytespider; https://zhanzhang.toutiao.com/)"
