220.243.136.240 - - [29/Mar/2021:23:10:08 +0200] "GET /images/big_prod_2/8445148004749D.jpg HTTP/1.1" 200 43440 "http://www.wonder-geek.com/coconut-fibers-doormat-sweet-p-54568.html" "Mozilla/5.0 (Linux; Android 5.0) AppleWebKit/537.36 (KHTML, like Gecko) Mobile Safari/537.36 (compatible; Bytespider; https://zhanzhang.toutiao.com/)"
220.243.136.247 - - [29/Mar/2021:23:10:09 +0200] "GET /images/big_prod/8445148004749.jpg HTTP/1.1" 200 62264 "http://www.wonder-geek.com/coconut-fibers-doormat-sweet-p-54568.html" "Mozilla/5.0 (Linux; Android 5.0) AppleWebKit/537.36 (KHTML, like Gecko) Mobile Safari/537.36 (compatible; Bytespider; https://zhanzhang.toutiao.com/)"
157.90.7.184 - - [29/Mar/2021:23:10:18 +0200] "GET /robots.txt HTTP/1.1" 200 2438 "-" "MTRobot/0.2 (Metrics Tools Analytics Crawler; https://metrics-tools.de/robot.html; crawler@metrics-tools.de)"
157.90.7.184 - - [29/Mar/2021:23:11:42 +0200] "GET /robots.txt HTTP/1.1" 200 2438 "-" "MTRobot/0.2 (Metrics Tools Analytics Crawler; https://metrics-tools.de/robot.html; crawler@metrics-tools.de)"
157.90.7.184 - - [29/Mar/2021:23:13:03 +0200] "GET /robots.txt HTTP/1.1" 200 2438 "-" "MTRobot/0.2 (Metrics Tools Analytics Crawler; https://metrics-tools.de/robot.html; crawler@metrics-tools.de)"
157.90.7.184 - - [29/Mar/2021:23:14:28 +0200] "GET /robots.txt HTTP/1.1" 200 2438 "-" "MTRobot/0.2 (Metrics Tools Analytics Crawler; https://metrics-tools.de/robot.html; crawler@metrics-tools.de)"
157.90.7.184 - - [29/Mar/2021:23:15:54 +0200] "GET /robots.txt HTTP/1.1" 200 2438 "-" "MTRobot/0.2 (Metrics Tools Analytics Crawler; https://metrics-tools.de/robot.html; crawler@metrics-tools.de)"
17.58.96.207 - - [29/Mar/2021:23:17:01 +0200] "GET /robots.txt HTTP/1.1" 200 2438 "-" "Mozilla/5.0 (Macintosh; Intel Mac OS X 10_15_5) AppleWebKit/605.1.15 (KHTML, like Gecko) Version/13.1.1 Safari/605.1.15 (Applebot/0.1; +http://www.apple.com/go/applebot)"
66.249.68.30 - - [29/Mar/2021:23:17:02 +0200] "GET /images/big_prod/4029811438136.jpg HTTP/1.1" 200 130199 "-" "Googlebot-Image/1.0"
157.90.7.184 - - [29/Mar/2021:23:17:31 +0200] "GET /robots.txt HTTP/1.1" 200 2438 "-" "MTRobot/0.2 (Metrics Tools Analytics Crawler; https://metrics-tools.de/robot.html; crawler@metrics-tools.de)"
157.90.7.184 - - [29/Mar/2021:23:18:43 +0200] "GET /robots.txt HTTP/1.1" 200 2438 "-" "MTRobot/0.2 (Metrics Tools Analytics Crawler; https://metrics-tools.de/robot.html; crawler@metrics-tools.de)"
111.225.148.32 - - [29/Mar/2021:23:20:07 +0200] "GET /images/big_prod_2/8445148006316C.jpg HTTP/1.1" 200 57920 "http://www.wonder-geek.com/large-ceramic-pebble-lamp-p-54578.html" "Mozilla/5.0 (Linux; Android 5.0) AppleWebKit/537.36 (KHTML, like Gecko) Mobile Safari/537.36 (compatible; Bytespider; https://zhanzhang.toutiao.com/)"
111.225.148.25 - - [29/Mar/2021:23:20:07 +0200] "GET /images/big_prod_3/8445148006316D.jpg HTTP/1.1" 200 63712 "http://www.wonder-geek.com/large-ceramic-pebble-lamp-p-54578.html" "Mozilla/5.0 (Linux; Android 5.0) AppleWebKit/537.36 (KHTML, like Gecko) Mobile Safari/537.36 (compatible; Bytespider; https://zhanzhang.toutiao.com/)"
111.225.148.38 - - [29/Mar/2021:23:20:07 +0200] "GET /images/big_prod_1/8445148006316B.jpg HTTP/1.1" 200 52128 "http://www.wonder-geek.com/large-ceramic-pebble-lamp-p-54578.html" "Mozilla/5.0 (Linux; Android 5.0) AppleWebKit/537.36 (KHTML, like Gecko) Mobile Safari/537.36 (compatible; Bytespider; https://zhanzhang.toutiao.com/)"
111.225.148.30 - - [29/Mar/2021:23:20:08 +0200] "GET /images/big_prod/8445148006316.jpg HTTP/1.1" 200 70952 "http://www.wonder-geek.com/large-ceramic-pebble-lamp-p-54578.html" "Mozilla/5.0 (Linux; Android 5.0) AppleWebKit/537.36 (KHTML, like Gecko) Mobile Safari/537.36 (compatible; Bytespider; https://zhanzhang.toutiao.com/)"
157.90.7.184 - - [29/Mar/2021:23:20:20 +0200] "GET /robots.txt HTTP/1.1" 200 2438 "-" "MTRobot/0.2 (Metrics Tools Analytics Crawler; https://metrics-tools.de/robot.html; crawler@metrics-tools.de)"
157.90.7.184 - - [29/Mar/2021:23:21:50 +0200] "GET /robots.txt HTTP/1.1" 200 2438 "-" "MTRobot/0.2 (Metrics Tools Analytics Crawler; https://metrics-tools.de/robot.html; crawler@metrics-tools.de)"
157.90.7.184 - - [29/Mar/2021:23:22:51 +0200] "GET /robots.txt HTTP/1.1" 200 2438 "-" "MTRobot/0.2 (Metrics Tools Analytics Crawler; https://metrics-tools.de/robot.html; crawler@metrics-tools.de)"
157.90.7.184 - - [29/Mar/2021:23:23:54 +0200] "GET /robots.txt HTTP/1.1" 200 2438 "-" "MTRobot/0.2 (Metrics Tools Analytics Crawler; https://metrics-tools.de/robot.html; crawler@metrics-tools.de)"
66.249.68.4 - - [29/Mar/2021:23:24:32 +0200] "GET /images/big_prod_1/8424346234011B.jpg HTTP/1.1" 200 52490 "-" "Googlebot-Image/1.0"
157.90.7.184 - - [29/Mar/2021:23:25:23 +0200] "GET /robots.txt HTTP/1.1" 200 2438 "-" "MTRobot/0.2 (Metrics Tools Analytics Crawler; https://metrics-tools.de/robot.html; crawler@metrics-tools.de)"
157.90.7.184 - - [29/Mar/2021:23:26:06 +0200] "GET /robots.txt HTTP/1.1" 200 2438 "-" "MTRobot/0.2 (Metrics Tools Analytics Crawler; https://metrics-tools.de/robot.html; crawler@metrics-tools.de)"
157.90.7.184 - - [29/Mar/2021:23:27:35 +0200] "GET /robots.txt HTTP/1.1" 200 2438 "-" "MTRobot/0.2 (Metrics Tools Analytics Crawler; https://metrics-tools.de/robot.html; crawler@metrics-tools.de)"
40.77.167.17 - - [29/Mar/2021:23:28:42 +0200] "GET /js/jquery.js HTTP/1.1" 200 54075 "-" "Mozilla/5.0 (compatible; bingbot/2.0; +http://www.bing.com/bingbot.htm)"
40.77.167.17 - - [29/Mar/2021:23:28:43 +0200] "GET /js/jquery.js HTTP/1.1" 200 54075 "-" "Mozilla/5.0 (compatible; bingbot/2.0; +http://www.bing.com/bingbot.htm)"
40.77.167.17 - - [29/Mar/2021:23:28:43 +0200] "GET /js/jquery.js HTTP/1.1" 200 54075 "-" "Mozilla/5.0 (compatible; bingbot/2.0; +http://www.bing.com/bingbot.htm)"
157.90.7.184 - - [29/Mar/2021:23:29:01 +0200] "GET /robots.txt HTTP/1.1" 200 2438 "-" "MTRobot/0.2 (Metrics Tools Analytics Crawler; https://metrics-tools.de/robot.html; crawler@metrics-tools.de)"
111.225.149.65 - - [29/Mar/2021:23:30:07 +0200] "GET /templates/Pixame_v1/images/buttons/english/button_in_cart.gif HTTP/1.1" 200 1212 "http://www.wonder-geek.com/nici-pooh-pencil-case-p-54621.html" "Mozilla/5.0 (Linux; Android 5.0) AppleWebKit/537.36 (KHTML, like Gecko) Mobile Safari/537.36 (compatible; Bytespider; https://zhanzhang.toutiao.com/)"
111.225.149.73 - - [29/Mar/2021:23:30:08 +0200] "GET /images/big_prod/4012390356045.jpg HTTP/1.1" 200 57920 "http://www.wonder-geek.com/nici-pooh-pencil-case-p-54621.html" "Mozilla/5.0 (Linux; Android 5.0) AppleWebKit/537.36 (KHTML, like Gecko) Mobile Safari/537.36 (compatible; Bytespider; https://zhanzhang.toutiao.com/)"
157.90.7.184 - - [29/Mar/2021:23:30:25 +0200] "GET /robots.txt HTTP/1.1" 200 2438 "-" "MTRobot/0.2 (Metrics Tools Analytics Crawler; https://metrics-tools.de/robot.html; crawler@metrics-tools.de)"
157.90.7.184 - - [29/Mar/2021:23:31:59 +0200] "GET /robots.txt HTTP/1.1" 200 2438 "-" "MTRobot/0.2 (Metrics Tools Analytics Crawler; https://metrics-tools.de/robot.html; crawler@metrics-tools.de)"
66.249.68.2 - - [29/Mar/2021:23:32:11 +0200] "GET /images/big_prod/8718657460901.jpg HTTP/1.1" 200 56111 "-" "Googlebot-Image/1.0"
157.90.7.184 - - [29/Mar/2021:23:33:18 +0200] "GET /robots.txt HTTP/1.1" 200 2438 "-" "MTRobot/0.2 (Metrics Tools Analytics Crawler; https://metrics-tools.de/robot.html; crawler@metrics-tools.de)"
173.208.147.2 - - [29/Mar/2021:23:33:26 +0200] "GET /images/med_prod/8435107823979.jpg HTTP/1.1" 200 166533 "http://www.wonder-geek.com/pulp-fiction-mia-poster-p-32299.html" "Mozilla/5.0 (Linux; U; Android 8.0.0; zh-CN; MHA-AL00 Build/HUAWEIMHA-AL00) AppleWebKit/537.36 (KHTML, like Gecko) Version/4.0 Chrome/40.0.2214.89 UCBrowser/11.6.4.950 UWS/2.11.1.50 Mobile Safari/537.36 AliApp(DingTalk/4.5.8) com.alibaba.android.rimet/10380049 Channel/227200 language/zh-CN"
157.90.7.184 - - [29/Mar/2021:23:34:20 +0200] "GET /robots.txt HTTP/1.1" 200 2438 "-" "MTRobot/0.2 (Metrics Tools Analytics Crawler; https://metrics-tools.de/robot.html; crawler@metrics-tools.de)"
185.191.171.18 - - [29/Mar/2021:23:34:52 +0200] "GET /robots.txt HTTP/1.1" 200 2438 "-" "Mozilla/5.0 (compatible; SemrushBot/7~bl; +http://www.semrush.com/bot.html)"
13.66.139.40 - - [29/Mar/2021:23:34:54 +0200] "GET /images/big_prod/8422000971012.jpg HTTP/1.1" 200 50540 "-" "Mozilla/5.0 (compatible; bingbot/2.0; +http://www.bing.com/bingbot.htm)"
66.249.81.166 - - [29/Mar/2021:23:35:13 +0200] "GET /images/med_prod/1341689419929.jpg HTTP/1.1" 200 154632 "-" "Mozilla/5.0 (Windows NT 5.1; rv:11.0) Gecko Firefox/11.0 (via ggpht.com GoogleImageProxy)"
157.90.7.184 - - [29/Mar/2021:23:35:44 +0200] "GET /robots.txt HTTP/1.1" 200 2438 "-" "MTRobot/0.2 (Metrics Tools Analytics Crawler; https://metrics-tools.de/robot.html; crawler@metrics-tools.de)"
157.90.7.184 - - [29/Mar/2021:23:37:09 +0200] "GET /robots.txt HTTP/1.1" 200 2438 "-" "MTRobot/0.2 (Metrics Tools Analytics Crawler; https://metrics-tools.de/robot.html; crawler@metrics-tools.de)"
157.90.7.184 - - [29/Mar/2021:23:38:29 +0200] "GET /robots.txt HTTP/1.1" 200 2438 "-" "MTRobot/0.2 (Metrics Tools Analytics Crawler; https://metrics-tools.de/robot.html; crawler@metrics-tools.de)"
157.90.7.184 - - [29/Mar/2021:23:39:13 +0200] "GET /robots.txt HTTP/1.1" 200 2438 "-" "MTRobot/0.2 (Metrics Tools Analytics Crawler; https://metrics-tools.de/robot.html; crawler@metrics-tools.de)"
66.249.68.4 - - [29/Mar/2021:23:39:32 +0200] "GET /images/big_prod/5415203802743.jpg HTTP/1.1" 200 56060 "-" "Googlebot-Image/1.0"
157.90.7.184 - - [29/Mar/2021:23:39:56 +0200] "GET /robots.txt HTTP/1.1" 200 2438 "-" "MTRobot/0.2 (Metrics Tools Analytics Crawler; https://metrics-tools.de/robot.html; crawler@metrics-tools.de)"
60.8.123.198 - - [29/Mar/2021:23:40:06 +0200] "GET /images/big_prod_2/8424346359721D.jpg HTTP/1.1" 200 78192 "http://www.wonder-geek.com/bamboo-storage-boxes-p-54610.html" "Mozilla/5.0 (Linux; Android 5.0) AppleWebKit/537.36 (KHTML, like Gecko) Mobile Safari/537.36 (compatible; Bytespider; https://zhanzhang.toutiao.com/)"
60.8.123.208 - - [29/Mar/2021:23:40:06 +0200] "GET /images/big_prod_1/8424346359721C.jpg HTTP/1.1" 200 60816 "http://www.wonder-geek.com/bamboo-storage-boxes-p-54610.html" "Mozilla/5.0 (Linux; Android 5.0) AppleWebKit/537.36 (KHTML, like Gecko) Mobile Safari/537.36 (compatible; Bytespider; https://zhanzhang.toutiao.com/)"
60.8.123.202 - - [29/Mar/2021:23:40:07 +0200] "GET /images/big_prod/8424346359721.jpg HTTP/1.1" 200 42200 "http://www.wonder-geek.com/bamboo-storage-boxes-p-54610.html" "Mozilla/5.0 (Linux; Android 5.0) AppleWebKit/537.36 (KHTML, like Gecko) Mobile Safari/537.36 (compatible; Bytespider; https://zhanzhang.toutiao.com/)"
157.90.7.184 - - [29/Mar/2021:23:41:04 +0200] "GET /robots.txt HTTP/1.1" 200 2438 "-" "MTRobot/0.2 (Metrics Tools Analytics Crawler; https://metrics-tools.de/robot.html; crawler@metrics-tools.de)"
40.77.167.18 - - [29/Mar/2021:23:41:57 +0200] "GET /js/jquery.masonry.min.js HTTP/1.1" 200 5392 "-" "Mozilla/5.0 (compatible; bingbot/2.0; +http://www.bing.com/bingbot.htm)"
157.90.7.184 - - [29/Mar/2021:23:42:30 +0200] "GET /robots.txt HTTP/1.1" 200 2438 "-" "MTRobot/0.2 (Metrics Tools Analytics Crawler; https://metrics-tools.de/robot.html; crawler@metrics-tools.de)"
157.90.7.184 - - [29/Mar/2021:23:44:02 +0200] "GET /robots.txt HTTP/1.1" 200 2438 "-" "MTRobot/0.2 (Metrics Tools Analytics Crawler; https://metrics-tools.de/robot.html; crawler@metrics-tools.de)"
157.90.7.184 - - [29/Mar/2021:23:45:04 +0200] "GET /robots.txt HTTP/1.1" 200 2438 "-" "MTRobot/0.2 (Metrics Tools Analytics Crawler; https://metrics-tools.de/robot.html; crawler@metrics-tools.de)"
13.66.139.40 - - [29/Mar/2021:23:45:14 +0200] "GET /images/4045544427852b.jpg HTTP/1.1" 200 46989 "-" "Mozilla/5.0 (compatible; bingbot/2.0; +http://www.bing.com/bingbot.htm)"
66.249.68.2 - - [29/Mar/2021:23:45:31 +0200] "GET /images/mini_prod/8718375752906.jpg HTTP/1.1" 200 5569 "-" "Googlebot-Image/1.0"
157.90.7.184 - - [29/Mar/2021:23:46:12 +0200] "GET /robots.txt HTTP/1.1" 200 2438 "-" "MTRobot/0.2 (Metrics Tools Analytics Crawler; https://metrics-tools.de/robot.html; crawler@metrics-tools.de)"
157.90.7.184 - - [29/Mar/2021:23:48:00 +0200] "GET /robots.txt HTTP/1.1" 200 2438 "-" "MTRobot/0.2 (Metrics Tools Analytics Crawler; https://metrics-tools.de/robot.html; crawler@metrics-tools.de)"
157.90.7.184 - - [29/Mar/2021:23:49:26 +0200] "GET /robots.txt HTTP/1.1" 200 2438 "-" "MTRobot/0.2 (Metrics Tools Analytics Crawler; https://metrics-tools.de/robot.html; crawler@metrics-tools.de)"
60.8.123.152 - - [29/Mar/2021:23:50:02 +0200] "GET /images/big_prod/3503420167928.jpg HTTP/1.1" 200 53576 "http://www.wonder-geek.com/zebra-money-p-54516.html" "Mozilla/5.0 (Linux; Android 5.0) AppleWebKit/537.36 (KHTML, like Gecko) Mobile Safari/537.36 (compatible; Bytespider; https://zhanzhang.toutiao.com/)"
157.90.7.184 - - [29/Mar/2021:23:50:41 +0200] "GET /robots.txt HTTP/1.1" 200 2438 "-" "MTRobot/0.2 (Metrics Tools Analytics Crawler; https://metrics-tools.de/robot.html; crawler@metrics-tools.de)"
66.249.68.30 - - [29/Mar/2021:23:51:29 +0200] "GET /images/mini_prod/3503420127571.jpg HTTP/1.1" 200 6168 "-" "Googlebot-Image/1.0"
157.90.7.184 - - [29/Mar/2021:23:52:08 +0200] "GET /robots.txt HTTP/1.1" 200 2438 "-" "MTRobot/0.2 (Metrics Tools Analytics Crawler; https://metrics-tools.de/robot.html; crawler@metrics-tools.de)"
216.244.66.242 - - [29/Mar/2021:23:52:45 +0200] "GET /robots.txt HTTP/1.1" 200 2438 "-" "Mozilla/5.0 (compatible; DotBot/1.2; +https://opensiteexplorer.org/dotbot; help@moz.com)"
216.244.66.242 - - [29/Mar/2021:23:52:45 +0200] "GET /robots.txt HTTP/1.1" 200 2438 "-" "Mozilla/5.0 (compatible; DotBot/1.2; +https://opensiteexplorer.org/dotbot; help@moz.com)"
157.90.7.184 - - [29/Mar/2021:23:53:40 +0200] "GET /robots.txt HTTP/1.1" 200 2438 "-" "MTRobot/0.2 (Metrics Tools Analytics Crawler; https://metrics-tools.de/robot.html; crawler@metrics-tools.de)"
35.225.14.242 - - [29/Mar/2021:23:54:04 +0200] "GET /templates/Pixame_v1/stylesheet.css HTTP/1.1" 200 56057 "http://www.wonder-geek.com/" "Mozilla/5.0 (X11; Linux x86_64) AppleWebKit/537.36 (KHTML, like Gecko) Chrome/91.0.4463.0 Safari/537.36"
35.225.14.242 - - [29/Mar/2021:23:54:04 +0200] "GET /highslide/highslide.js HTTP/1.1" 200 42909 "http://www.wonder-geek.com/" "Mozilla/5.0 (X11; Linux x86_64) AppleWebKit/537.36 (KHTML, like Gecko) Chrome/91.0.4463.0 Safari/537.36"
35.225.14.242 - - [29/Mar/2021:23:54:04 +0200] "GET /js/jquery.jqzoom.js HTTP/1.1" 200 4761 "http://www.wonder-geek.com/" "Mozilla/5.0 (X11; Linux x86_64) AppleWebKit/537.36 (KHTML, like Gecko) Chrome/91.0.4463.0 Safari/537.36"
35.225.14.242 - - [29/Mar/2021:23:54:04 +0200] "GET /js/jquery.js HTTP/1.1" 200 54075 "http://www.wonder-geek.com/" "Mozilla/5.0 (X11; Linux x86_64) AppleWebKit/537.36 (KHTML, like Gecko) Chrome/91.0.4463.0 Safari/537.36"
35.225.14.242 - - [29/Mar/2021:23:54:04 +0200] "GET /mondial_relay/js/jquery-1.3.2.min.js HTTP/1.1" 200 57254 "http://www.wonder-geek.com/" "Mozilla/5.0 (X11; Linux x86_64) AppleWebKit/537.36 (KHTML, like Gecko) Chrome/91.0.4463.0 Safari/537.36"
35.225.14.242 - - [29/Mar/2021:23:54:05 +0200] "GET /js/jquery.masonry.min.js HTTP/1.1" 200 5392 "http://www.wonder-geek.com/" "Mozilla/5.0 (X11; Linux x86_64) AppleWebKit/537.36 (KHTML, like Gecko) Chrome/91.0.4463.0 Safari/537.36"
35.225.14.242 - - [29/Mar/2021:23:54:05 +0200] "GET /js/modernizr-transitions.js HTTP/1.1" 200 2026 "http://www.wonder-geek.com/" "Mozilla/5.0 (X11; Linux x86_64) AppleWebKit/537.36 (KHTML, like Gecko) Chrome/91.0.4463.0 Safari/537.36"
35.225.14.242 - - [29/Mar/2021:23:54:05 +0200] "GET /templates/Pixame_v1/images/icon_accueil2.png HTTP/1.1" 200 1137 "http://www.wonder-geek.com/" "Mozilla/5.0 (X11; Linux x86_64) AppleWebKit/537.36 (KHTML, like Gecko) Chrome/91.0.4463.0 Safari/537.36"
35.225.14.242 - - [29/Mar/2021:23:54:05 +0200] "GET /templates/Pixame_v1/images/Bottom_texture.jpg HTTP/1.1" 200 56290 "http://www.wonder-geek.com/templates/Pixame_v1/stylesheet.css" "Mozilla/5.0 (X11; Linux x86_64) AppleWebKit/537.36 (KHTML, like Gecko) Chrome/91.0.4463.0 Safari/537.36"
35.225.14.242 - - [29/Mar/2021:23:54:06 +0200] "GET /templates/Pixame_v1/images/header.png HTTP/1.1" 200 70245 "http://www.wonder-geek.com/templates/Pixame_v1/stylesheet.css" "Mozilla/5.0 (X11; Linux x86_64) AppleWebKit/537.36 (KHTML, like Gecko) Chrome/91.0.4463.0 Safari/537.36"
35.225.14.242 - - [29/Mar/2021:23:54:06 +0200] "GET /templates/Pixame_v1/images/header-object.png HTTP/1.1" 200 106050 "http://www.wonder-geek.com/templates/Pixame_v1/stylesheet.css" "Mozilla/5.0 (X11; Linux x86_64) AppleWebKit/537.36 (KHTML, like Gecko) Chrome/91.0.4463.0 Safari/537.36"
35.225.14.242 - - [29/Mar/2021:23:54:06 +0200] "GET /templates/Pixame_v1/images/nav.png HTTP/1.1" 200 1283 "http://www.wonder-geek.com/templates/Pixame_v1/stylesheet.css" "Mozilla/5.0 (X11; Linux x86_64) AppleWebKit/537.36 (KHTML, like Gecko) Chrome/91.0.4463.0 Safari/537.36"
35.225.14.242 - - [29/Mar/2021:23:54:06 +0200] "GET /templates/Pixame_v1/images/Middle_texture.jpg HTTP/1.1" 200 249620 "http://www.wonder-geek.com/templates/Pixame_v1/stylesheet.css" "Mozilla/5.0 (X11; Linux x86_64) AppleWebKit/537.36 (KHTML, like Gecko) Chrome/91.0.4463.0 Safari/537.36"
35.225.14.242 - - [29/Mar/2021:23:54:07 +0200] "GET /images/mini_prod/8422048810700.jpg HTTP/1.1" 200 7146 "http://www.wonder-geek.com/" "Mozilla/5.0 (X11; Linux x86_64) AppleWebKit/537.36 (KHTML, like Gecko) Chrome/91.0.4463.0 Safari/537.36"
35.225.14.242 - - [29/Mar/2021:23:54:07 +0200] "GET /images/mini_prod/8445148004220.jpg HTTP/1.1" 200 6799 "http://www.wonder-geek.com/" "Mozilla/5.0 (X11; Linux x86_64) AppleWebKit/537.36 (KHTML, like Gecko) Chrome/91.0.4463.0 Safari/537.36"
35.225.14.242 - - [29/Mar/2021:23:54:07 +0200] "GET /images/mini_prod/3503420200052.jpg HTTP/1.1" 200 4640 "http://www.wonder-geek.com/" "Mozilla/5.0 (X11; Linux x86_64) AppleWebKit/537.36 (KHTML, like Gecko) Chrome/91.0.4463.0 Safari/537.36"
35.225.14.242 - - [29/Mar/2021:23:54:07 +0200] "GET /images/mini_prod/8424001535071.jpg HTTP/1.1" 200 5164 "http://www.wonder-geek.com/" "Mozilla/5.0 (X11; Linux x86_64) AppleWebKit/537.36 (KHTML, like Gecko) Chrome/91.0.4463.0 Safari/537.36"
35.225.14.242 - - [29/Mar/2021:23:54:07 +0200] "GET /images/mini_prod/3503420133961.jpg HTTP/1.1" 200 6135 "http://www.wonder-geek.com/" "Mozilla/5.0 (X11; Linux x86_64) AppleWebKit/537.36 (KHTML, like Gecko) Chrome/91.0.4463.0 Safari/537.36"
35.225.14.242 - - [29/Mar/2021:23:54:07 +0200] "GET /images/mini_prod/8422012913208.jpg HTTP/1.1" 200 4953 "http://www.wonder-geek.com/" "Mozilla/5.0 (X11; Linux x86_64) AppleWebKit/537.36 (KHTML, like Gecko) Chrome/91.0.4463.0 Safari/537.36"
35.225.14.242 - - [29/Mar/2021:23:54:07 +0200] "GET /images/mini_prod/3503420095665.jpg HTTP/1.1" 200 4475 "http://www.wonder-geek.com/" "Mozilla/5.0 (X11; Linux x86_64) AppleWebKit/537.36 (KHTML, like Gecko) Chrome/91.0.4463.0 Safari/537.36"
35.225.14.242 - - [29/Mar/2021:23:54:07 +0200] "GET /images/mini_prod/3665269130546b.jpg HTTP/1.1" 200 4431 "http://www.wonder-geek.com/" "Mozilla/5.0 (X11; Linux x86_64) AppleWebKit/537.36 (KHTML, like Gecko) Chrome/91.0.4463.0 Safari/537.36"
35.225.14.242 - - [29/Mar/2021:23:54:07 +0200] "GET /images/mini_prod/3442440279924.jpg HTTP/1.1" 200 6596 "http://www.wonder-geek.com/" "Mozilla/5.0 (X11; Linux x86_64) AppleWebKit/537.36 (KHTML, like Gecko) Chrome/91.0.4463.0 Safari/537.36"
35.225.14.242 - - [29/Mar/2021:23:54:07 +0200] "GET /images/mini_prod/3359103062376.jpg HTTP/1.1" 200 3015 "http://www.wonder-geek.com/" "Mozilla/5.0 (X11; Linux x86_64) AppleWebKit/537.36 (KHTML, like Gecko) Chrome/91.0.4463.0 Safari/537.36"
35.225.14.242 - - [29/Mar/2021:23:54:07 +0200] "GET /images/mini_prod/3359103059772.jpg HTTP/1.1" 200 3524 "http://www.wonder-geek.com/" "Mozilla/5.0 (X11; Linux x86_64) AppleWebKit/537.36 (KHTML, like Gecko) Chrome/91.0.4463.0 Safari/537.36"
35.225.14.242 - - [29/Mar/2021:23:54:07 +0200] "GET /images/mini_prod/3609810091825.jpg HTTP/1.1" 200 8783 "http://www.wonder-geek.com/" "Mozilla/5.0 (X11; Linux x86_64) AppleWebKit/537.36 (KHTML, like Gecko) Chrome/91.0.4463.0 Safari/537.36"
35.225.14.242 - - [29/Mar/2021:23:54:08 +0200] "GET /images/mini_prod/3503420215452.jpg HTTP/1.1" 200 5779 "http://www.wonder-geek.com/" "Mozilla/5.0 (X11; Linux x86_64) AppleWebKit/537.36 (KHTML, like Gecko) Chrome/91.0.4463.0 Safari/537.36"
35.225.14.242 - - [29/Mar/2021:23:54:08 +0200] "GET /images/mini_prod/3700572755236.jpg HTTP/1.1" 200 3616 "http://www.wonder-geek.com/" "Mozilla/5.0 (X11; Linux x86_64) AppleWebKit/537.36 (KHTML, like Gecko) Chrome/91.0.4463.0 Safari/537.36"
157.90.7.184 - - [29/Mar/2021:23:55:21 +0200] "GET /robots.txt HTTP/1.1" 200 2438 "-" "MTRobot/0.2 (Metrics Tools Analytics Crawler; https://metrics-tools.de/robot.html; crawler@metrics-tools.de)"
157.90.7.184 - - [29/Mar/2021:23:56:55 +0200] "GET /robots.txt HTTP/1.1" 200 2438 "-" "MTRobot/0.2 (Metrics Tools Analytics Crawler; https://metrics-tools.de/robot.html; crawler@metrics-tools.de)"
66.249.68.30 - - [29/Mar/2021:23:57:29 +0200] "GET /images/big_prod/8433933101483.jpg HTTP/1.1" 200 76370 "-" "Googlebot-Image/1.0"
157.90.7.184 - - [29/Mar/2021:23:58:03 +0200] "GET /robots.txt HTTP/1.1" 200 2438 "-" "MTRobot/0.2 (Metrics Tools Analytics Crawler; https://metrics-tools.de/robot.html; crawler@metrics-tools.de)"
157.90.7.184 - - [29/Mar/2021:23:59:24 +0200] "GET /robots.txt HTTP/1.1" 200 2438 "-" "MTRobot/0.2 (Metrics Tools Analytics Crawler; https://metrics-tools.de/robot.html; crawler@metrics-tools.de)"
110.249.201.213 - - [30/Mar/2021:00:00:05 +0200] "GET /images/big_prod/3503420213021.jpg HTTP/1.1" 200 39096 "http://www.wonder-geek.com/camargue-oven-glove-p-54607.html" "Mozilla/5.0 (Linux; Android 5.0) AppleWebKit/537.36 (KHTML, like Gecko) Mobile Safari/537.36 (compatible; Bytespider; https://zhanzhang.toutiao.com/)"
157.90.7.184 - - [30/Mar/2021:00:00:20 +0200] "GET /robots.txt HTTP/1.1" 200 2438 "-" "MTRobot/0.2 (Metrics Tools Analytics Crawler; https://metrics-tools.de/robot.html; crawler@metrics-tools.de)"
74.125.209.6 - - [30/Mar/2021:00:00:52 +0200] "GET /images/big_prod/5051276388328.jpg HTTP/1.1" 200 264212 "-" "Mozilla/5.0 (Windows NT 5.1; rv:11.0) Gecko Firefox/11.0 (via ggpht.com GoogleImageProxy)"
157.90.7.184 - - [30/Mar/2021:00:02:01 +0200] "GET /robots.txt HTTP/1.1" 200 2438 "-" "MTRobot/0.2 (Metrics Tools Analytics Crawler; https://metrics-tools.de/robot.html; crawler@metrics-tools.de)"
157.90.7.184 - - [30/Mar/2021:00:03:17 +0200] "GET /robots.txt HTTP/1.1" 200 2438 "-" "MTRobot/0.2 (Metrics Tools Analytics Crawler; https://metrics-tools.de/robot.html; crawler@metrics-tools.de)"
66.249.68.30 - - [30/Mar/2021:00:03:29 +0200] "GET /images/big_prod/8433933159798.jpg HTTP/1.1" 200 97975 "-" "Googlebot-Image/1.0"
157.90.7.184 - - [30/Mar/2021:00:04:45 +0200] "GET /robots.txt HTTP/1.1" 200 2438 "-" "MTRobot/0.2 (Metrics Tools Analytics Crawler; https://metrics-tools.de/robot.html; crawler@metrics-tools.de)"
157.90.7.184 - - [30/Mar/2021:00:05:48 +0200] "GET /robots.txt HTTP/1.1" 200 2438 "-" "MTRobot/0.2 (Metrics Tools Analytics Crawler; https://metrics-tools.de/robot.html; crawler@metrics-tools.de)"
157.90.7.184 - - [30/Mar/2021:00:07:14 +0200] "GET /robots.txt HTTP/1.1" 200 2438 "-" "MTRobot/0.2 (Metrics Tools Analytics Crawler; https://metrics-tools.de/robot.html; crawler@metrics-tools.de)"
157.90.7.184 - - [30/Mar/2021:00:08:18 +0200] "GET /robots.txt HTTP/1.1" 200 2438 "-" "MTRobot/0.2 (Metrics Tools Analytics Crawler; https://metrics-tools.de/robot.html; crawler@metrics-tools.de)"
157.90.7.184 - - [30/Mar/2021:00:09:20 +0200] "GET /robots.txt HTTP/1.1" 200 2438 "-" "MTRobot/0.2 (Metrics Tools Analytics Crawler; https://metrics-tools.de/robot.html; crawler@metrics-tools.de)"
66.249.68.30 - - [30/Mar/2021:00:09:29 +0200] "GET /images/big_prod/3453131156479.jpg HTTP/1.1" 200 441218 "-" "Googlebot-Image/1.0"
60.8.123.118 - - [30/Mar/2021:00:10:02 +0200] "GET /images/big_prod_2/8424346363766C.jpg HTTP/1.1" 200 62264 "http://www.wonder-geek.com/large-bamboo-lamp-p-54587.html" "Mozilla/5.0 (Linux; Android 5.0) AppleWebKit/537.36 (KHTML, like Gecko) Mobile Safari/537.36 (compatible; Bytespider; https://zhanzhang.toutiao.com/)"
60.8.123.115 - - [30/Mar/2021:00:10:02 +0200] "GET /images/big_prod_3/8424346363766D.jpg HTTP/1.1" 200 51592 "http://www.wonder-geek.com/large-bamboo-lamp-p-54587.html" "Mozilla/5.0 (Linux; Android 5.0) AppleWebKit/537.36 (KHTML, like Gecko) Mobile Safari/537.36 (compatible; Bytespider; https://zhanzhang.toutiao.com/)"
60.8.123.109 - - [30/Mar/2021:00:10:02 +0200] "GET /images/big_prod_1/8424346363766B.jpg HTTP/1.1" 200 53576 "http://www.wonder-geek.com/large-bamboo-lamp-p-54587.html" "Mozilla/5.0 (Linux; Android 5.0) AppleWebKit/537.36 (KHTML, like Gecko) Mobile Safari/537.36 (compatible; Bytespider; https://zhanzhang.toutiao.com/)"
60.8.123.119 - - [30/Mar/2021:00:10:03 +0200] "GET /images/big_prod/8424346363766.jpg HTTP/1.1" 200 53576 "http://www.wonder-geek.com/large-bamboo-lamp-p-54587.html" "Mozilla/5.0 (Linux; Android 5.0) AppleWebKit/537.36 (KHTML, like Gecko) Mobile Safari/537.36 (compatible; Bytespider; https://zhanzhang.toutiao.com/)"
157.90.7.184 - - [30/Mar/2021:00:10:42 +0200] "GET /robots.txt HTTP/1.1" 200 2438 "-" "MTRobot/0.2 (Metrics Tools Analytics Crawler; https://metrics-tools.de/robot.html; crawler@metrics-tools.de)"
198.204.239.2 - - [30/Mar/2021:00:11:41 +0200] "GET /images/big_prod/1328399075065.jpg HTTP/1.1" 200 64115 "http://www.wonder-geek.com/pusheen-sticker-sheet-p-42602.html" "Mozilla/5.0 (Linux; Android 7.0; SM-G9280 Build/NRD90M; wv) AppleWebKit/537.36 (KHTML, like Gecko) Version/4.0 Chrome/48.0.2564.116 Mobile Safari/537.36 T7/10.8 baiduboxapp/10.8.7.10 (Baidu; P1 7.0)"
157.90.7.184 - - [30/Mar/2021:00:11:46 +0200] "GET /robots.txt HTTP/1.1" 200 2438 "-" "MTRobot/0.2 (Metrics Tools Analytics Crawler; https://metrics-tools.de/robot.html; crawler@metrics-tools.de)"
157.90.7.184 - - [30/Mar/2021:00:12:44 +0200] "GET /robots.txt HTTP/1.1" 200 2438 "-" "MTRobot/0.2 (Metrics Tools Analytics Crawler; https://metrics-tools.de/robot.html; crawler@metrics-tools.de)"
167.114.159.183 - - [30/Mar/2021:00:12:52 +0200] "GET /robots.txt HTTP/1.1" 200 2438 "-" "Mozilla/5.0 (compatible; MJ12bot/v1.4.8; http://mj12bot.com/)"
157.90.7.184 - - [30/Mar/2021:00:14:12 +0200] "GET /robots.txt HTTP/1.1" 200 2438 "-" "MTRobot/0.2 (Metrics Tools Analytics Crawler; https://metrics-tools.de/robot.html; crawler@metrics-tools.de)"
66.249.68.4 - - [30/Mar/2021:00:15:29 +0200] "GET /images/med_prod/tscomorrab.jpg HTTP/1.1" 200 106497 "-" "Googlebot-Image/1.0"
157.90.7.184 - - [30/Mar/2021:00:15:39 +0200] "GET /robots.txt HTTP/1.1" 200 2438 "-" "MTRobot/0.2 (Metrics Tools Analytics Crawler; https://metrics-tools.de/robot.html; crawler@metrics-tools.de)"
216.244.66.242 - - [30/Mar/2021:00:15:58 +0200] "GET /images/3661069033230B.jpg HTTP/1.1" 200 73648 "-" "Mozilla/5.0 (compatible; DotBot/1.2; +https://opensiteexplorer.org/dotbot; help@moz.com)"
157.90.7.184 - - [30/Mar/2021:00:16:57 +0200] "GET /robots.txt HTTP/1.1" 200 2438 "-" "MTRobot/0.2 (Metrics Tools Analytics Crawler; https://metrics-tools.de/robot.html; crawler@metrics-tools.de)"
157.90.7.184 - - [30/Mar/2021:00:17:54 +0200] "GET /robots.txt HTTP/1.1" 200 2438 "-" "MTRobot/0.2 (Metrics Tools Analytics Crawler; https://metrics-tools.de/robot.html; crawler@metrics-tools.de)"
13.66.139.40 - - [30/Mar/2021:00:18:35 +0200] "GET /images/big_prod/4036113102764.jpg HTTP/1.1" 200 144924 "-" "Mozilla/5.0 (compatible; bingbot/2.0; +http://www.bing.com/bingbot.htm)"
157.90.7.184 - - [30/Mar/2021:00:18:37 +0200] "GET /robots.txt HTTP/1.1" 200 2438 "-" "MTRobot/0.2 (Metrics Tools Analytics Crawler; https://metrics-tools.de/robot.html; crawler@metrics-tools.de)"
92.26.124.158 - - [30/Mar/2021:00:18:52 +0200] "GET /images/big_prod/mickey1384010188521.jpg HTTP/1.1" 200 109918 "-" "Dalvik/2.1.0 (Linux; U; Android 11; SM-A326B Build/RP1A.200720.012)"
157.90.7.184 - - [30/Mar/2021:00:19:36 +0200] "GET /robots.txt HTTP/1.1" 200 2438 "-" "MTRobot/0.2 (Metrics Tools Analytics Crawler; https://metrics-tools.de/robot.html; crawler@metrics-tools.de)"
111.225.148.78 - - [30/Mar/2021:00:20:03 +0200] "GET /images/big_prod/3503420019333.jpg HTTP/1.1" 200 70952 "http://www.wonder-geek.com/ceramic-chouchou-collection-p-54604.html" "Mozilla/5.0 (Linux; Android 5.0) AppleWebKit/537.36 (KHTML, like Gecko) Mobile Safari/537.36 (compatible; Bytespider; https://zhanzhang.toutiao.com/)"
157.90.7.184 - - [30/Mar/2021:00:21:06 +0200] "GET /robots.txt HTTP/1.1" 200 2438 "-" "MTRobot/0.2 (Metrics Tools Analytics Crawler; https://metrics-tools.de/robot.html; crawler@metrics-tools.de)"
66.249.68.2 - - [30/Mar/2021:00:21:30 +0200] "GET /images/med_prod/3700653593085.jpg HTTP/1.1" 200 135026 "-" "Googlebot-Image/1.0"
157.90.7.184 - - [30/Mar/2021:00:22:49 +0200] "GET /robots.txt HTTP/1.1" 200 2438 "-" "MTRobot/0.2 (Metrics Tools Analytics Crawler; https://metrics-tools.de/robot.html; crawler@metrics-tools.de)"
192.0.101.144 - - [30/Mar/2021:00:23:55 +0200] "GET /images/big_prod/5018997627709.jpg HTTP/1.1" 200 45593 "-" "Photon/1.0"
157.90.7.184 - - [30/Mar/2021:00:24:18 +0200] "GET /robots.txt HTTP/1.1" 200 2438 "-" "MTRobot/0.2 (Metrics Tools Analytics Crawler; https://metrics-tools.de/robot.html; crawler@metrics-tools.de)"
13.66.139.99 - - [30/Mar/2021:00:24:55 +0200] "GET /images/mini_prod/8481210052027.jpg HTTP/1.1" 200 3547 "-" "Mozilla/5.0 (compatible; bingbot/2.0; +http://www.bing.com/bingbot.htm)"
40.77.167.17 - - [30/Mar/2021:00:25:00 +0200] "GET /js/jquery.js HTTP/1.1" 200 54075 "-" "Mozilla/5.0 (compatible; bingbot/2.0; +http://www.bing.com/bingbot.htm)"
40.77.167.17 - - [30/Mar/2021:00:25:15 +0200] "GET /js/jquery.js HTTP/1.1" 200 54075 "-" "Mozilla/5.0 (compatible; bingbot/2.0; +http://www.bing.com/bingbot.htm)"
157.90.7.184 - - [30/Mar/2021:00:25:27 +0200] "GET /robots.txt HTTP/1.1" 200 2438 "-" "MTRobot/0.2 (Metrics Tools Analytics Crawler; https://metrics-tools.de/robot.html; crawler@metrics-tools.de)"
157.90.7.184 - - [30/Mar/2021:00:27:15 +0200] "GET /robots.txt HTTP/1.1" 200 2438 "-" "MTRobot/0.2 (Metrics Tools Analytics Crawler; https://metrics-tools.de/robot.html; crawler@metrics-tools.de)"
66.249.68.2 - - [30/Mar/2021:00:27:29 +0200] "GET /images/mini_prod/8028501163507a.jpg HTTP/1.1" 200 4531 "-" "Googlebot-Image/1.0"
157.90.7.184 - - [30/Mar/2021:00:29:04 +0200] "GET /robots.txt HTTP/1.1" 200 2438 "-" "MTRobot/0.2 (Metrics Tools Analytics Crawler; https://metrics-tools.de/robot.html; crawler@metrics-tools.de)"
111.225.148.34 - - [30/Mar/2021:00:30:04 +0200] "GET /images/big_prod_1/3453131156462B.jpg HTTP/1.1" 200 62264 "http://www.wonder-geek.com/cork-stopper-collector-p-54555.html" "Mozilla/5.0 (Linux; Android 5.0) AppleWebKit/537.36 (KHTML, like Gecko) Mobile Safari/537.36 (compatible; Bytespider; https://zhanzhang.toutiao.com/)"
157.90.7.184 - - [30/Mar/2021:00:30:53 +0200] "GET /robots.txt HTTP/1.1" 200 2438 "-" "MTRobot/0.2 (Metrics Tools Analytics Crawler; https://metrics-tools.de/robot.html; crawler@metrics-tools.de)"
157.55.39.174 - - [30/Mar/2021:00:31:57 +0200] "GET /robots.txt HTTP/1.1" 200 2438 "-" "Mozilla/5.0 (compatible; bingbot/2.0; +http://www.bing.com/bingbot.htm)"
157.90.7.184 - - [30/Mar/2021:00:32:41 +0200] "GET /robots.txt HTTP/1.1" 200 2438 "-" "MTRobot/0.2 (Metrics Tools Analytics Crawler; https://metrics-tools.de/robot.html; crawler@metrics-tools.de)"
13.66.139.2 - - [30/Mar/2021:00:32:51 +0200] "GET /images/3699910010000.jpg HTTP/1.1" 200 45669 "-" "Mozilla/5.0 (compatible; bingbot/2.0; +http://www.bing.com/bingbot.htm)"
77.93.115.49 - - [30/Mar/2021:00:33:22 +0200] "GET /js/jquery.jqzoom.js HTTP/1.1" 200 4761 "http://www.wonder-geek.com/incense-satya-champa-karma-grams-about-sticks-p-45279.html" "Mozilla/5.0 (Windows NT 10.0; Win64; x64) AppleWebKit/537.36 (KHTML, like Gecko) Chrome/88.0.4324.152 YaBrowser/21.2.3.100 Yowser/2.5 Safari/537.36"
77.93.115.49 - - [30/Mar/2021:00:33:22 +0200] "GET /highslide/highslide.js HTTP/1.1" 200 42909 "http://www.wonder-geek.com/incense-satya-champa-karma-grams-about-sticks-p-45279.html" "Mozilla/5.0 (Windows NT 10.0; Win64; x64) AppleWebKit/537.36 (KHTML, like Gecko) Chrome/88.0.4324.152 YaBrowser/21.2.3.100 Yowser/2.5 Safari/537.36"
77.93.115.49 - - [30/Mar/2021:00:33:22 +0200] "GET /templates/Pixame_v1/stylesheet.css HTTP/1.1" 200 56057 "http://www.wonder-geek.com/incense-satya-champa-karma-grams-about-sticks-p-45279.html" "Mozilla/5.0 (Windows NT 10.0; Win64; x64) AppleWebKit/537.36 (KHTML, like Gecko) Chrome/88.0.4324.152 YaBrowser/21.2.3.100 Yowser/2.5 Safari/537.36"
77.93.115.49 - - [30/Mar/2021:00:33:22 +0200] "GET /js/jquery.js HTTP/1.1" 200 54075 "http://www.wonder-geek.com/incense-satya-champa-karma-grams-about-sticks-p-45279.html" "Mozilla/5.0 (Windows NT 10.0; Win64; x64) AppleWebKit/537.36 (KHTML, like Gecko) Chrome/88.0.4324.152 YaBrowser/21.2.3.100 Yowser/2.5 Safari/537.36"
77.93.115.49 - - [30/Mar/2021:00:33:22 +0200] "GET /mondial_relay/js/jquery-1.3.2.min.js HTTP/1.1" 200 57254 "http://www.wonder-geek.com/incense-satya-champa-karma-grams-about-sticks-p-45279.html" "Mozilla/5.0 (Windows NT 10.0; Win64; x64) AppleWebKit/537.36 (KHTML, like Gecko) Chrome/88.0.4324.152 YaBrowser/21.2.3.100 Yowser/2.5 Safari/537.36"
77.93.115.49 - - [30/Mar/2021:00:33:23 +0200] "GET /templates/Pixame_v1/images/icon_accueil2.png HTTP/1.1" 200 1137 "http://www.wonder-geek.com/incense-satya-champa-karma-grams-about-sticks-p-45279.html" "Mozilla/5.0 (Windows NT 10.0; Win64; x64) AppleWebKit/537.36 (KHTML, like Gecko) Chrome/88.0.4324.152 YaBrowser/21.2.3.100 Yowser/2.5 Safari/537.36"
77.93.115.49 - - [30/Mar/2021:00:33:23 +0200] "GET /templates/Pixame_v1/images/buttons/english/button_in_cart.gif HTTP/1.1" 200 1212 "http://www.wonder-geek.com/incense-satya-champa-karma-grams-about-sticks-p-45279.html" "Mozilla/5.0 (Windows NT 10.0; Win64; x64) AppleWebKit/537.36 (KHTML, like Gecko) Chrome/88.0.4324.152 YaBrowser/21.2.3.100 Yowser/2.5 Safari/537.36"
77.93.115.49 - - [30/Mar/2021:00:33:23 +0200] "GET /templates/Pixame_v1/images/Bottom_texture.jpg HTTP/1.1" 200 56290 "http://www.wonder-geek.com/templates/Pixame_v1/stylesheet.css" "Mozilla/5.0 (Windows NT 10.0; Win64; x64) AppleWebKit/537.36 (KHTML, like Gecko) Chrome/88.0.4324.152 YaBrowser/21.2.3.100 Yowser/2.5 Safari/537.36"
77.93.115.49 - - [30/Mar/2021:00:33:23 +0200] "GET /templates/Pixame_v1/images/nav.png HTTP/1.1" 200 1283 "http://www.wonder-geek.com/templates/Pixame_v1/stylesheet.css" "Mozilla/5.0 (Windows NT 10.0; Win64; x64) AppleWebKit/537.36 (KHTML, like Gecko) Chrome/88.0.4324.152 YaBrowser/21.2.3.100 Yowser/2.5 Safari/537.36"
77.93.115.49 - - [30/Mar/2021:00:33:24 +0200] "GET /images/big_prod/8904245400040.jpg HTTP/1.1" 200 80846 "http://www.wonder-geek.com/incense-satya-champa-karma-grams-about-sticks-p-45279.html" "Mozilla/5.0 (Windows NT 10.0; Win64; x64) AppleWebKit/537.36 (KHTML, like Gecko) Chrome/88.0.4324.152 YaBrowser/21.2.3.100 Yowser/2.5 Safari/537.36"
77.93.115.49 - - [30/Mar/2021:00:33:24 +0200] "GET /templates/Pixame_v1/images/header.png HTTP/1.1" 200 70245 "http://www.wonder-geek.com/templates/Pixame_v1/stylesheet.css" "Mozilla/5.0 (Windows NT 10.0; Win64; x64) AppleWebKit/537.36 (KHTML, like Gecko) Chrome/88.0.4324.152 YaBrowser/21.2.3.100 Yowser/2.5 Safari/537.36"
77.93.115.49 - - [30/Mar/2021:00:33:24 +0200] "GET /templates/Pixame_v1/images/Middle_texture.jpg HTTP/1.1" 200 249620 "http://www.wonder-geek.com/templates/Pixame_v1/stylesheet.css" "Mozilla/5.0 (Windows NT 10.0; Win64; x64) AppleWebKit/537.36 (KHTML, like Gecko) Chrome/88.0.4324.152 YaBrowser/21.2.3.100 Yowser/2.5 Safari/537.36"
77.93.115.49 - - [30/Mar/2021:00:33:24 +0200] "GET /templates/Pixame_v1/images/header-object.png HTTP/1.1" 200 106050 "http://www.wonder-geek.com/templates/Pixame_v1/stylesheet.css" "Mozilla/5.0 (Windows NT 10.0; Win64; x64) AppleWebKit/537.36 (KHTML, like Gecko) Chrome/88.0.4324.152 YaBrowser/21.2.3.100 Yowser/2.5 Safari/537.36"
77.93.115.49 - - [30/Mar/2021:00:33:24 +0200] "GET /design/productsenstock.png HTTP/1.1" 200 4743 "http://www.wonder-geek.com/templates/Pixame_v1/stylesheet.css" "Mozilla/5.0 (Windows NT 10.0; Win64; x64) AppleWebKit/537.36 (KHTML, like Gecko) Chrome/88.0.4324.152 YaBrowser/21.2.3.100 Yowser/2.5 Safari/537.36"
77.93.115.49 - - [30/Mar/2021:00:33:25 +0200] "GET /highslide/graphics/outlines/drop-shadow.png HTTP/1.1" 200 2022 "http://www.wonder-geek.com/incense-satya-champa-karma-grams-about-sticks-p-45279.html" "Mozilla/5.0 (Windows NT 10.0; Win64; x64) AppleWebKit/537.36 (KHTML, like Gecko) Chrome/88.0.4324.152 YaBrowser/21.2.3.100 Yowser/2.5 Safari/537.36"
157.90.7.184 - - [30/Mar/2021:00:34:12 +0200] "GET /robots.txt HTTP/1.1" 200 2438 "-" "MTRobot/0.2 (Metrics Tools Analytics Crawler; https://metrics-tools.de/robot.html; crawler@metrics-tools.de)"
157.90.7.184 - - [30/Mar/2021:00:35:41 +0200] "GET /robots.txt HTTP/1.1" 200 2438 "-" "MTRobot/0.2 (Metrics Tools Analytics Crawler; https://metrics-tools.de/robot.html; crawler@metrics-tools.de)"
66.249.68.30 - - [30/Mar/2021:00:36:04 +0200] "GET /images/big_prod_1/8424346225071B.jpg HTTP/1.1" 200 164754 "-" "Googlebot-Image/1.0"
157.90.7.184 - - [30/Mar/2021:00:36:25 +0200] "GET /robots.txt HTTP/1.1" 200 2438 "-" "MTRobot/0.2 (Metrics Tools Analytics Crawler; https://metrics-tools.de/robot.html; crawler@metrics-tools.de)"
185.191.171.22 - - [30/Mar/2021:00:36:54 +0200] "GET /robots.txt HTTP/1.1" 200 2438 "-" "Mozilla/5.0 (compatible; SemrushBot/7~bl; +http://www.semrush.com/bot.html)"
157.90.7.184 - - [30/Mar/2021:00:37:42 +0200] "GET /robots.txt HTTP/1.1" 200 2438 "-" "MTRobot/0.2 (Metrics Tools Analytics Crawler; https://metrics-tools.de/robot.html; crawler@metrics-tools.de)"
157.90.7.184 - - [30/Mar/2021:00:38:43 +0200] "GET /robots.txt HTTP/1.1" 200 2438 "-" "MTRobot/0.2 (Metrics Tools Analytics Crawler; https://metrics-tools.de/robot.html; crawler@metrics-tools.de)"
60.8.123.21 - - [30/Mar/2021:00:40:03 +0200] "GET /images/big_prod/3503420021480.jpg HTTP/1.1" 200 50392 "http://www.wonder-geek.com/atol-moroccan-ashtray-p-54601.html" "Mozilla/5.0 (Linux; Android 5.0) AppleWebKit/537.36 (KHTML, like Gecko) Mobile Safari/537.36 (compatible; Bytespider; https://zhanzhang.toutiao.com/)"
157.90.7.184 - - [30/Mar/2021:00:40:08 +0200] "GET /robots.txt HTTP/1.1" 200 2438 "-" "MTRobot/0.2 (Metrics Tools Analytics Crawler; https://metrics-tools.de/robot.html; crawler@metrics-tools.de)"
40.77.167.17 - - [30/Mar/2021:00:41:09 +0200] "GET /images/big_prod/8433978414647.jpg HTTP/1.1" 200 44146 "-" "Mozilla/5.0 (compatible; bingbot/2.0; +http://www.bing.com/bingbot.htm)"
157.90.7.184 - - [30/Mar/2021:00:41:30 +0200] "GET /robots.txt HTTP/1.1" 200 2438 "-" "MTRobot/0.2 (Metrics Tools Analytics Crawler; https://metrics-tools.de/robot.html; crawler@metrics-tools.de)"
40.77.167.89 - - [30/Mar/2021:00:42:10 +0200] "GET /robots.txt HTTP/1.1" 200 2438 "-" "Mozilla/5.0 (compatible; bingbot/2.0; +http://www.bing.com/bingbot.htm)"
40.77.167.89 - - [30/Mar/2021:00:42:24 +0200] "GET /robots.txt HTTP/1.1" 200 2438 "-" "Mozilla/5.0 (compatible; bingbot/2.0; +http://www.bing.com/bingbot.htm)"
157.90.7.184 - - [30/Mar/2021:00:42:59 +0200] "GET /robots.txt HTTP/1.1" 200 2438 "-" "MTRobot/0.2 (Metrics Tools Analytics Crawler; https://metrics-tools.de/robot.html; crawler@metrics-tools.de)"
157.90.7.184 - - [30/Mar/2021:00:44:23 +0200] "GET /robots.txt HTTP/1.1" 200 2438 "-" "MTRobot/0.2 (Metrics Tools Analytics Crawler; https://metrics-tools.de/robot.html; crawler@metrics-tools.de)"
66.249.68.2 - - [30/Mar/2021:00:44:38 +0200] "GET /images/big_prod/3520071679068.jpg HTTP/1.1" 200 247611 "-" "Googlebot-Image/1.0"
157.90.7.184 - - [30/Mar/2021:00:46:22 +0200] "GET /robots.txt HTTP/1.1" 200 2438 "-" "MTRobot/0.2 (Metrics Tools Analytics Crawler; https://metrics-tools.de/robot.html; crawler@metrics-tools.de)"
157.90.7.184 - - [30/Mar/2021:00:47:37 +0200] "GET /robots.txt HTTP/1.1" 200 2438 "-" "MTRobot/0.2 (Metrics Tools Analytics Crawler; https://metrics-tools.de/robot.html; crawler@metrics-tools.de)"
157.90.7.184 - - [30/Mar/2021:00:48:37 +0200] "GET /robots.txt HTTP/1.1" 200 2438 "-" "MTRobot/0.2 (Metrics Tools Analytics Crawler; https://metrics-tools.de/robot.html; crawler@metrics-tools.de)"
192.0.101.83 - - [30/Mar/2021:00:49:24 +0200] "GET /images/3681643402207.jpg HTTP/1.1" 200 42413 "-" "Photon/1.0"
192.0.99.227 - - [30/Mar/2021:00:49:24 +0200] "GET /images/8435333848159.jpg HTTP/1.1" 200 33425 "-" "Photon/1.0"
192.0.101.58 - - [30/Mar/2021:00:49:24 +0200] "GET /images/8435333848197.jpg HTTP/1.1" 200 35529 "-" "Photon/1.0"
157.90.7.184 - - [30/Mar/2021:00:49:57 +0200] "GET /robots.txt HTTP/1.1" 200 2438 "-" "MTRobot/0.2 (Metrics Tools Analytics Crawler; https://metrics-tools.de/robot.html; crawler@metrics-tools.de)"
110.249.201.45 - - [30/Mar/2021:00:50:02 +0200] "GET /images/big_prod/4012390327366.jpg HTTP/1.1" 200 49192 "http://www.wonder-geek.com/nici-pirate-wallet-p-54622.html" "Mozilla/5.0 (Linux; Android 5.0) AppleWebKit/537.36 (KHTML, like Gecko) Mobile Safari/537.36 (compatible; Bytespider; https://zhanzhang.toutiao.com/)"
157.90.7.184 - - [30/Mar/2021:00:51:37 +0200] "GET /robots.txt HTTP/1.1" 200 2438 "-" "MTRobot/0.2 (Metrics Tools Analytics Crawler; https://metrics-tools.de/robot.html; crawler@metrics-tools.de)"
13.66.139.99 - - [30/Mar/2021:00:51:43 +0200] "GET /images/8435333848197.jpg HTTP/1.1" 200 35529 "-" "Mozilla/5.0 (compatible; bingbot/2.0; +http://www.bing.com/bingbot.htm)"
66.249.68.2 - - [30/Mar/2021:00:53:12 +0200] "GET /images/big_prod/4250255858482N.jpg HTTP/1.1" 200 33960 "-" "Googlebot-Image/1.0"
157.90.7.184 - - [30/Mar/2021:00:53:16 +0200] "GET /robots.txt HTTP/1.1" 200 2438 "-" "MTRobot/0.2 (Metrics Tools Analytics Crawler; https://metrics-tools.de/robot.html; crawler@metrics-tools.de)"
40.77.167.17 - - [30/Mar/2021:00:53:28 +0200] "GET /js/jquery.js HTTP/1.1" 200 54075 "-" "Mozilla/5.0 (compatible; bingbot/2.0; +http://www.bing.com/bingbot.htm)"
157.90.7.184 - - [30/Mar/2021:00:54:53 +0200] "GET /robots.txt HTTP/1.1" 200 2438 "-" "MTRobot/0.2 (Metrics Tools Analytics Crawler; https://metrics-tools.de/robot.html; crawler@metrics-tools.de)"
13.66.139.2 - - [30/Mar/2021:00:54:56 +0200] "GET /images/PM01W.jpg HTTP/1.1" 200 49120 "-" "Mozilla/5.0 (compatible; bingbot/2.0; +http://www.bing.com/bingbot.htm)"
13.66.139.99 - - [30/Mar/2021:00:56:04 +0200] "GET /images/big_prod/8718317633317.jpg HTTP/1.1" 200 86979 "-" "Mozilla/5.0 (compatible; bingbot/2.0; +http://www.bing.com/bingbot.htm)"
157.90.7.184 - - [30/Mar/2021:00:56:33 +0200] "GET /robots.txt HTTP/1.1" 200 2438 "-" "MTRobot/0.2 (Metrics Tools Analytics Crawler; https://metrics-tools.de/robot.html; crawler@metrics-tools.de)"
157.90.7.184 - - [30/Mar/2021:00:57:37 +0200] "GET /robots.txt HTTP/1.1" 200 2438 "-" "MTRobot/0.2 (Metrics Tools Analytics Crawler; https://metrics-tools.de/robot.html; crawler@metrics-tools.de)"
216.244.66.242 - - [30/Mar/2021:00:58:07 +0200] "GET /robots.txt HTTP/1.1" 200 2438 "-" "Mozilla/5.0 (compatible; DotBot/1.2; +https://opensiteexplorer.org/dotbot; help@moz.com)"
216.244.66.242 - - [30/Mar/2021:00:58:07 +0200] "GET /robots.txt HTTP/1.1" 200 2438 "-" "Mozilla/5.0 (compatible; DotBot/1.2; +https://opensiteexplorer.org/dotbot; help@moz.com)"
157.90.7.184 - - [30/Mar/2021:00:59:34 +0200] "GET /robots.txt HTTP/1.1" 200 2438 "-" "MTRobot/0.2 (Metrics Tools Analytics Crawler; https://metrics-tools.de/robot.html; crawler@metrics-tools.de)"
60.8.123.130 - - [30/Mar/2021:01:00:05 +0200] "GET /images/big_prod_1/8422048810106a.jpg HTTP/1.1" 200 56472 "http://www.wonder-geek.com/bamboo-fiber-plant-cover-p-54530.html" "Mozilla/5.0 (Linux; Android 5.0) AppleWebKit/537.36 (KHTML, like Gecko) Mobile Safari/537.36 (compatible; Bytespider; https://zhanzhang.toutiao.com/)"
60.8.123.140 - - [30/Mar/2021:01:00:05 +0200] "GET /images/big_prod/8422010090840.jpg HTTP/1.1" 200 40771 "http://www.wonder-geek.com/bamboo-fiber-plant-cover-p-54530.html" "Mozilla/5.0 (Linux; Android 5.0) AppleWebKit/537.36 (KHTML, like Gecko) Mobile Safari/537.36 (compatible; Bytespider; https://zhanzhang.toutiao.com/)"
157.90.7.184 - - [30/Mar/2021:01:00:52 +0200] "GET /robots.txt HTTP/1.1" 200 2438 "-" "MTRobot/0.2 (Metrics Tools Analytics Crawler; https://metrics-tools.de/robot.html; crawler@metrics-tools.de)"
66.249.68.4 - - [30/Mar/2021:01:01:47 +0200] "GET /images/020507_123955_PEEL_fkZscm.jpg HTTP/1.1" 200 54449 "-" "Googlebot-Image/1.0"
157.90.7.184 - - [30/Mar/2021:01:02:11 +0200] "GET /robots.txt HTTP/1.1" 200 2438 "-" "MTRobot/0.2 (Metrics Tools Analytics Crawler; https://metrics-tools.de/robot.html; crawler@metrics-tools.de)"
157.90.7.184 - - [30/Mar/2021:01:03:09 +0200] "GET /robots.txt HTTP/1.1" 200 2438 "-" "MTRobot/0.2 (Metrics Tools Analytics Crawler; https://metrics-tools.de/robot.html; crawler@metrics-tools.de)"
34.75.230.157 - - [30/Mar/2021:01:03:17 +0200] "GET /robots.txt HTTP/1.0" 200 2438 "-" "ZoominfoBot (zoominfobot at zoominfo dot com)"
157.90.7.184 - - [30/Mar/2021:01:04:08 +0200] "GET /robots.txt HTTP/1.1" 200 2438 "-" "MTRobot/0.2 (Metrics Tools Analytics Crawler; https://metrics-tools.de/robot.html; crawler@metrics-tools.de)"
13.66.139.40 - - [30/Mar/2021:01:04:30 +0200] "GET /images/3453131111744.jpg HTTP/1.1" 200 169409 "-" "Mozilla/5.0 (compatible; bingbot/2.0; +http://www.bing.com/bingbot.htm)"
157.90.7.184 - - [30/Mar/2021:01:05:25 +0200] "GET /robots.txt HTTP/1.1" 200 2438 "-" "MTRobot/0.2 (Metrics Tools Analytics Crawler; https://metrics-tools.de/robot.html; crawler@metrics-tools.de)"
54.236.1.13 - - [30/Mar/2021:01:05:58 +0200] "GET /images/1399984234846.jpg HTTP/1.1" 200 170240 "-" "Mozilla/5.0 (compatible; Pinterestbot/1.0; +http://www.pinterest.com/bot.html)"
13.66.139.2 - - [30/Mar/2021:01:06:29 +0200] "GET /images/8009233801202.jpg HTTP/1.1" 200 28556 "-" "Mozilla/5.0 (compatible; bingbot/2.0; +http://www.bing.com/bingbot.htm)"
157.90.7.184 - - [30/Mar/2021:01:06:44 +0200] "GET /robots.txt HTTP/1.1" 200 2438 "-" "MTRobot/0.2 (Metrics Tools Analytics Crawler; https://metrics-tools.de/robot.html; crawler@metrics-tools.de)"
157.90.7.184 - - [30/Mar/2021:01:08:05 +0200] "GET /robots.txt HTTP/1.1" 200 2438 "-" "MTRobot/0.2 (Metrics Tools Analytics Crawler; https://metrics-tools.de/robot.html; crawler@metrics-tools.de)"
13.66.139.99 - - [30/Mar/2021:01:08:57 +0200] "GET /images/071662311025.jpg HTTP/1.1" 200 51599 "-" "Mozilla/5.0 (compatible; bingbot/2.0; +http://www.bing.com/bingbot.htm)"
157.90.7.184 - - [30/Mar/2021:01:09:44 +0200] "GET /robots.txt HTTP/1.1" 200 2438 "-" "MTRobot/0.2 (Metrics Tools Analytics Crawler; https://metrics-tools.de/robot.html; crawler@metrics-tools.de)"
60.8.123.108 - - [30/Mar/2021:01:10:02 +0200] "GET /images/big_prod_1/8424346239009B.jpg HTTP/1.1" 200 47496 "http://www.wonder-geek.com/coconut-fibers-doormat-home-p-54566.html" "Mozilla/5.0 (Linux; Android 5.0) AppleWebKit/537.36 (KHTML, like Gecko) Mobile Safari/537.36 (compatible; Bytespider; https://zhanzhang.toutiao.com/)"
60.8.123.102 - - [30/Mar/2021:01:10:03 +0200] "GET /images/big_prod/8424346239009.jpg HTTP/1.1" 200 76744 "http://www.wonder-geek.com/coconut-fibers-doormat-home-p-54566.html" "Mozilla/5.0 (Linux; Android 5.0) AppleWebKit/537.36 (KHTML, like Gecko) Mobile Safari/537.36 (compatible; Bytespider; https://zhanzhang.toutiao.com/)"
66.249.68.4 - - [30/Mar/2021:01:10:21 +0200] "GET /images/big_prod/8433933114506.jpg HTTP/1.1" 200 127234 "-" "Googlebot-Image/1.0"
157.90.7.184 - - [30/Mar/2021:01:10:42 +0200] "GET /robots.txt HTTP/1.1" 200 2438 "-" "MTRobot/0.2 (Metrics Tools Analytics Crawler; https://metrics-tools.de/robot.html; crawler@metrics-tools.de)"
157.90.7.184 - - [30/Mar/2021:01:11:47 +0200] "GET /robots.txt HTTP/1.1" 200 2438 "-" "MTRobot/0.2 (Metrics Tools Analytics Crawler; https://metrics-tools.de/robot.html; crawler@metrics-tools.de)"
157.55.39.174 - - [30/Mar/2021:01:13:04 +0200] "GET /robots.txt HTTP/1.1" 200 2438 "-" "Mozilla/5.0 (compatible; bingbot/2.0; +http://www.bing.com/bingbot.htm)"
157.90.7.184 - - [30/Mar/2021:01:13:18 +0200] "GET /robots.txt HTTP/1.1" 200 2438 "-" "MTRobot/0.2 (Metrics Tools Analytics Crawler; https://metrics-tools.de/robot.html; crawler@metrics-tools.de)"
157.90.7.184 - - [30/Mar/2021:01:14:37 +0200] "GET /robots.txt HTTP/1.1" 200 2438 "-" "MTRobot/0.2 (Metrics Tools Analytics Crawler; https://metrics-tools.de/robot.html; crawler@metrics-tools.de)"
157.90.7.184 - - [30/Mar/2021:01:15:57 +0200] "GET /robots.txt HTTP/1.1" 200 2438 "-" "MTRobot/0.2 (Metrics Tools Analytics Crawler; https://metrics-tools.de/robot.html; crawler@metrics-tools.de)"
192.0.101.11 - - [30/Mar/2021:01:16:33 +0200] "GET /images/37006535002050.jpg HTTP/1.1" 200 31808 "-" "Photon/1.0"
157.90.7.184 - - [30/Mar/2021:01:16:57 +0200] "GET /robots.txt HTTP/1.1" 200 2438 "-" "MTRobot/0.2 (Metrics Tools Analytics Crawler; https://metrics-tools.de/robot.html; crawler@metrics-tools.de)"
40.77.167.18 - - [30/Mar/2021:01:17:14 +0200] "GET /js/jquery.masonry.min.js HTTP/1.1" 200 5392 "-" "Mozilla/5.0 (compatible; bingbot/2.0; +http://www.bing.com/bingbot.htm)"
157.90.7.184 - - [30/Mar/2021:01:18:16 +0200] "GET /robots.txt HTTP/1.1" 200 2438 "-" "MTRobot/0.2 (Metrics Tools Analytics Crawler; https://metrics-tools.de/robot.html; crawler@metrics-tools.de)"
66.249.68.2 - - [30/Mar/2021:01:18:55 +0200] "GET /images/big_prod/4042332035523.jpg HTTP/1.1" 200 120530 "-" "Googlebot-Image/1.0"
157.90.7.184 - - [30/Mar/2021:01:19:36 +0200] "GET /robots.txt HTTP/1.1" 200 2438 "-" "MTRobot/0.2 (Metrics Tools Analytics Crawler; https://metrics-tools.de/robot.html; crawler@metrics-tools.de)"
