147.92.153.13 - - [29/Mar/2021:03:41:43 +0200] "GET /images/big_prod_2/8435153849428D.jpg HTTP/1.1" 200 102577 "-" "Mozilla/5.0 (compatible; Linespider/1.1; +https://lin.ee/4dwXkTH)"
66.249.70.62 - - [29/Mar/2021:03:43:44 +0200] "GET /images/big_prod/8422087179349.jpg HTTP/1.1" 200 312208 "-" "Googlebot-Image/1.0"
13.66.139.99 - - [29/Mar/2021:03:44:21 +0200] "GET /images/big_prod_2/8424346212149NN.jpg HTTP/1.1" 200 161581 "-" "Mozilla/5.0 (compatible; bingbot/2.0; +http://www.bing.com/bingbot.htm)"
13.66.139.99 - - [29/Mar/2021:03:45:11 +0200] "GET /images/3524550049205.jpg HTTP/1.1" 200 118827 "-" "Mozilla/5.0 (compatible; bingbot/2.0; +http://www.bing.com/bingbot.htm)"
40.77.167.17 - - [29/Mar/2021:03:48:47 +0200] "GET /js/jquery.js HTTP/1.1" 200 54075 "-" "Mozilla/5.0 (compatible; bingbot/2.0; +http://www.bing.com/bingbot.htm)"
40.77.167.17 - - [29/Mar/2021:03:48:47 +0200] "GET /js/jquery.js HTTP/1.1" 200 54075 "-" "Mozilla/5.0 (compatible; bingbot/2.0; +http://www.bing.com/bingbot.htm)"
66.249.70.62 - - [29/Mar/2021:03:49:11 +0200] "GET /images/big_prod_1/3609810083264b.jpg HTTP/1.1" 200 184302 "-" "Googlebot-Image/1.0"
13.66.139.99 - - [29/Mar/2021:03:50:29 +0200] "GET /images/1341689435295.jpg HTTP/1.1" 200 170758 "-" "Mozilla/5.0 (compatible; bingbot/2.0; +http://www.bing.com/bingbot.htm)"
147.92.153.7 - - [29/Mar/2021:03:52:23 +0200] "GET /images/big_prod_1/8435153849428C.jpg HTTP/1.1" 200 173156 "-" "Mozilla/5.0 (compatible; Linespider/1.1; +https://lin.ee/4dwXkTH)"
66.249.70.33 - - [29/Mar/2021:03:54:38 +0200] "GET /images/big_prod_1/8424001563579B.jpg HTTP/1.1" 200 84784 "-" "Googlebot-Image/1.0"
13.66.139.37 - - [29/Mar/2021:03:59:54 +0200] "GET /images/100_2969.jpg HTTP/1.1" 200 47059 "-" "Mozilla/5.0 (compatible; bingbot/2.0; +http://www.bing.com/bingbot.htm)"
66.249.70.62 - - [29/Mar/2021:04:00:05 +0200] "GET /images/mini_prod/4025055094824.jpg HTTP/1.1" 200 7812 "-" "Googlebot-Image/1.0"
13.66.139.40 - - [29/Mar/2021:04:01:20 +0200] "GET /images/big_prod/3453131131612.jpg HTTP/1.1" 200 219671 "-" "Mozilla/5.0 (compatible; bingbot/2.0; +http://www.bing.com/bingbot.htm)"
40.77.167.89 - - [29/Mar/2021:04:01:31 +0200] "GET /robots.txt HTTP/1.1" 200 2438 "-" "Mozilla/5.0 (compatible; bingbot/2.0; +http://www.bing.com/bingbot.htm)"
147.92.153.8 - - [29/Mar/2021:04:03:06 +0200] "GET /images/big_prod/3503420053160.jpg HTTP/1.1" 200 304179 "-" "Mozilla/5.0 (compatible; Linespider/1.1; +https://lin.ee/4dwXkTH)"
13.66.139.37 - - [29/Mar/2021:04:04:06 +0200] "GET /images/big_prod/3014627906406.jpg HTTP/1.1" 200 112506 "-" "Mozilla/5.0 (compatible; bingbot/2.0; +http://www.bing.com/bingbot.htm)"
66.249.70.33 - - [29/Mar/2021:04:05:33 +0200] "GET /images/big_prod_3/8435153849602E.jpg HTTP/1.1" 200 132893 "-" "Googlebot-Image/1.0"
13.66.139.37 - - [29/Mar/2021:04:10:56 +0200] "GET /images/big_prod/3700516215062.jpg HTTP/1.1" 200 154542 "-" "Mozilla/5.0 (compatible; bingbot/2.0; +http://www.bing.com/bingbot.htm)"
66.249.70.33 - - [29/Mar/2021:04:11:00 +0200] "GET /images/big_prod_1/8435153849343B.jpg HTTP/1.1" 200 292190 "-" "Googlebot-Image/1.0"
173.208.147.2 - - [29/Mar/2021:04:11:23 +0200] "GET /images/4007176125823.jpg HTTP/1.1" 200 59724 "http://wonder-geek.com/games-and-toys/figures/bob-razowsky-figure-p-22562.html" "Mozilla/5.0 (Linux; Android 7.1.2; vivo X9Plus Build/N2G47H; wv) AppleWebKit/537.36 (KHTML, like Gecko) Version/4.0 Chrome/63.0.3239.83 Mobile Safari/537.36 T7/10.13 baiduboxapp/10.13.0.11 (Baidu; P1 7.1.2)"
47.6.190.220 - - [29/Mar/2021:04:11:48 +0200] "GET /images/b8427787034806.jpg HTTP/1.1" 200 23489 "-" "Dalvik/2.1.0 (Linux; U; Android 10; RCT6513W87DK5eQm Build/QP1A.190711.020)"
13.66.139.40 - - [29/Mar/2021:04:11:51 +0200] "GET /images/big_prod_3/d9783960135036.jpg HTTP/1.1" 200 309838 "-" "Mozilla/5.0 (compatible; bingbot/2.0; +http://www.bing.com/bingbot.htm)"
147.92.153.19 - - [29/Mar/2021:04:13:47 +0200] "GET /images/big_prod/8445148004206.jpg HTTP/1.1" 200 376067 "-" "Mozilla/5.0 (compatible; Linespider/1.1; +https://lin.ee/4dwXkTH)"
13.66.139.99 - - [29/Mar/2021:04:15:11 +0200] "GET /images/330721281312917072012.jpg HTTP/1.1" 200 63390 "-" "Mozilla/5.0 (compatible; bingbot/2.0; +http://www.bing.com/bingbot.htm)"
13.66.139.37 - - [29/Mar/2021:04:16:06 +0200] "GET /images/801205211350019072012.jpg HTTP/1.1" 200 43239 "-" "Mozilla/5.0 (compatible; bingbot/2.0; +http://www.bing.com/bingbot.htm)"
13.66.139.37 - - [29/Mar/2021:04:16:16 +0200] "GET /images/mini_prod/3453131153119.jpg HTTP/1.1" 200 7838 "-" "Mozilla/5.0 (compatible; bingbot/2.0; +http://www.bing.com/bingbot.htm)"
13.66.139.37 - - [29/Mar/2021:04:16:37 +0200] "GET /images/1341689282479.jpg HTTP/1.1" 200 129341 "-" "Mozilla/5.0 (compatible; bingbot/2.0; +http://www.bing.com/bingbot.htm)"
13.66.139.99 - - [29/Mar/2021:04:16:55 +0200] "GET /images/big_prod/8433933224052.jpg HTTP/1.1" 200 113980 "-" "Mozilla/5.0 (compatible; bingbot/2.0; +http://www.bing.com/bingbot.htm)"
13.66.139.40 - - [29/Mar/2021:04:17:31 +0200] "GET /images/3453131120777.jpg HTTP/1.1" 200 119272 "-" "Mozilla/5.0 (compatible; bingbot/2.0; +http://www.bing.com/bingbot.htm)"
111.225.149.86 - - [29/Mar/2021:04:17:33 +0200] "GET /robots.txt HTTP/1.1" 200 2438 "-" "Mozilla/5.0 (Linux; Android 5.0) AppleWebKit/537.36 (KHTML, like Gecko) Mobile Safari/537.36 (compatible; Bytespider; https://zhanzhang.toutiao.com/)"
40.77.167.17 - - [29/Mar/2021:04:17:35 +0200] "GET /js/jquery.js HTTP/1.1" 200 54075 "-" "Mozilla/5.0 (compatible; bingbot/2.0; +http://www.bing.com/bingbot.htm)"
40.77.167.17 - - [29/Mar/2021:04:17:49 +0200] "GET /js/jquery.js HTTP/1.1" 200 54075 "-" "Mozilla/5.0 (compatible; bingbot/2.0; +http://www.bing.com/bingbot.htm)"
216.244.66.242 - - [29/Mar/2021:04:18:05 +0200] "GET /robots.txt HTTP/1.1" 200 2438 "-" "Mozilla/5.0 (compatible; DotBot/1.2; +https://opensiteexplorer.org/dotbot; help@moz.com)"
13.66.139.99 - - [29/Mar/2021:04:20:24 +0200] "GET /images/big_prod/3700791201514NN.jpg HTTP/1.1" 200 98283 "-" "Mozilla/5.0 (compatible; bingbot/2.0; +http://www.bing.com/bingbot.htm)"
157.55.39.174 - - [29/Mar/2021:04:21:08 +0200] "GET /robots.txt HTTP/1.1" 200 2438 "-" "Mozilla/5.0 (compatible; bingbot/2.0; +http://www.bing.com/bingbot.htm)"
185.191.171.10 - - [29/Mar/2021:04:21:28 +0200] "GET /robots.txt HTTP/1.1" 200 2438 "-" "Mozilla/5.0 (compatible; SemrushBot/7~bl; +http://www.semrush.com/bot.html)"
66.249.70.62 - - [29/Mar/2021:04:22:04 +0200] "GET /images/mini_prod/8435153867743.jpg HTTP/1.1" 200 5725 "-" "Googlebot-Image/1.0"
147.92.153.20 - - [29/Mar/2021:04:24:26 +0200] "GET /images/big_prod/8435153849428.jpg HTTP/1.1" 200 133005 "-" "Mozilla/5.0 (compatible; Linespider/1.1; +https://lin.ee/4dwXkTH)"
66.249.70.36 - - [29/Mar/2021:04:27:22 +0200] "GET /images/3764116323329.jpg HTTP/1.1" 200 80689 "-" "Googlebot-Image/1.0"
13.66.139.37 - - [29/Mar/2021:04:32:48 +0200] "GET /images/slipouioui.jpg HTTP/1.1" 200 62789 "-" "Mozilla/5.0 (compatible; bingbot/2.0; +http://www.bing.com/bingbot.htm)"
66.249.70.36 - - [29/Mar/2021:04:32:49 +0200] "GET /images/mini_prod/8433901315867NN.jpg HTTP/1.1" 200 7247 "-" "Googlebot-Image/1.0"
13.66.139.37 - - [29/Mar/2021:04:33:08 +0200] "GET /images/045544314657.jpg HTTP/1.1" 200 48416 "-" "Mozilla/5.0 (compatible; bingbot/2.0; +http://www.bing.com/bingbot.htm)"
13.66.139.40 - - [29/Mar/2021:04:33:32 +0200] "GET /images/big_prod/3609810092402.jpg HTTP/1.1" 200 132935 "-" "Mozilla/5.0 (compatible; bingbot/2.0; +http://www.bing.com/bingbot.htm)"
13.66.139.40 - - [29/Mar/2021:04:33:33 +0200] "GET /images/1341689418267.jpg HTTP/1.1" 200 103261 "-" "Mozilla/5.0 (compatible; bingbot/2.0; +http://www.bing.com/bingbot.htm)"
66.249.70.62 - - [29/Mar/2021:04:38:16 +0200] "GET /images/mini_prod/3453131137997.jpg HTTP/1.1" 200 3649 "-" "Googlebot-Image/1.0"
77.75.79.109 - - [29/Mar/2021:04:41:41 +0200] "GET /robots.txt HTTP/1.1" 200 2438 "-" "Mozilla/5.0 (compatible; SeznamBot/3.2; +http://napoveda.seznam.cz/en/seznambot-intro/)"
77.75.79.109 - - [29/Mar/2021:04:41:42 +0200] "GET /images/med_prod/5060275045255.jpg HTTP/1.1" 200 155390 "-" "Mozilla/5.0 (compatible; SeznamBot/3.2; +http://napoveda.seznam.cz/en/seznambot-intro/)"
66.249.70.33 - - [29/Mar/2021:04:43:43 +0200] "GET /images/mini_prod/8422810062962.jpg HTTP/1.1" 200 8150 "-" "Googlebot-Image/1.0"
66.249.70.62 - - [29/Mar/2021:04:49:11 +0200] "GET /images/big_prod/8435465005734.jpg HTTP/1.1" 200 79427 "-" "Googlebot-Image/1.0"
13.66.139.99 - - [29/Mar/2021:04:49:57 +0200] "GET /images/3700276274453.jpg HTTP/1.1" 200 35018 "-" "Mozilla/5.0 (compatible; bingbot/2.0; +http://www.bing.com/bingbot.htm)"
40.77.167.17 - - [29/Mar/2021:04:52:53 +0200] "GET /js/jquery.js HTTP/1.1" 200 54075 "-" "Mozilla/5.0 (compatible; bingbot/2.0; +http://www.bing.com/bingbot.htm)"
40.77.167.17 - - [29/Mar/2021:04:52:53 +0200] "GET /js/jquery.js HTTP/1.1" 200 54075 "-" "Mozilla/5.0 (compatible; bingbot/2.0; +http://www.bing.com/bingbot.htm)"
172.69.28.161 - - [29/Mar/2021:04:55:58 +0200] "GET /images/3700057121686.jpg HTTP/1.1" 200 75376 "http://gentable.mitredx.com/outstanding-minnie-mouse-table.html" "Mozilla/5.0 (compatible; CloudFlare-AlwaysOnline/1.0; +http://www.cloudflare.com/always-online) AppleWebKit/534.34"
66.249.70.36 - - [29/Mar/2021:04:57:45 +0200] "GET /images/big_prod_1/8445148006637B.jpg HTTP/1.1" 200 144048 "-" "Googlebot-Image/1.0"
5.255.231.71 - - [29/Mar/2021:04:59:41 +0200] "GET /images/1399984248966.jpg HTTP/1.1" 200 147843 "-" "Mozilla/5.0 (compatible; YandexImages/3.0; +http://yandex.com/bots)"
13.66.139.40 - - [29/Mar/2021:05:01:08 +0200] "GET /images/big_prod/8029759044341.jpg HTTP/1.1" 200 91666 "-" "Mozilla/5.0 (compatible; bingbot/2.0; +http://www.bing.com/bingbot.htm)"
192.3.181.34 - - [29/Mar/2021:05:02:17 +0200] "GET /images/8420406212517.jpg HTTP/1.0" 200 22244 "-" "-"
13.66.139.99 - - [29/Mar/2021:05:03:13 +0200] "GET /images/big_prod/8422042330785.jpg HTTP/1.1" 200 167380 "-" "Mozilla/5.0 (compatible; bingbot/2.0; +http://www.bing.com/bingbot.htm)"
5.255.231.71 - - [29/Mar/2021:05:04:11 +0200] "GET /images/1328399038718.jpg HTTP/1.1" 200 29964 "-" "Mozilla/5.0 (compatible; YandexImages/3.0; +http://yandex.com/bots)"
66.249.70.62 - - [29/Mar/2021:05:06:19 +0200] "GET /images/big_prod/3700572739373.jpg HTTP/1.1" 200 84387 "-" "Googlebot-Image/1.0"
185.191.171.37 - - [29/Mar/2021:05:10:05 +0200] "GET /robots.txt HTTP/1.1" 200 2438 "-" "Mozilla/5.0 (compatible; SemrushBot/7~bl; +http://www.semrush.com/bot.html)"
66.249.70.62 - - [29/Mar/2021:05:14:54 +0200] "GET /images/mini_prod/3453131157209.jpg HTTP/1.1" 200 7229 "-" "Googlebot-Image/1.0"
149.202.82.11 - - [29/Mar/2021:05:16:06 +0200] "GET /robots.txt HTTP/1.1" 200 2438 "-" "Mozilla/5.0 (compatible; MJ12bot/v1.4.8; http://mj12bot.com/)"
167.114.116.38 - - [29/Mar/2021:05:17:57 +0200] "GET /robots.txt HTTP/1.1" 200 2438 "-" "Mozilla/5.0 (compatible; MJ12bot/v1.4.8; http://mj12bot.com/)"
185.191.171.44 - - [29/Mar/2021:05:22:11 +0200] "GET /robots.txt HTTP/1.1" 200 2438 "-" "Mozilla/5.0 (compatible; SemrushBot/7~bl; +http://www.semrush.com/bot.html)"
66.249.70.33 - - [29/Mar/2021:05:23:28 +0200] "GET /images/big_prod/8003990628102a.jpg HTTP/1.1" 200 111057 "-" "Googlebot-Image/1.0"
216.244.66.242 - - [29/Mar/2021:05:23:36 +0200] "GET /robots.txt HTTP/1.1" 200 2438 "-" "Mozilla/5.0 (compatible; DotBot/1.2; +https://opensiteexplorer.org/dotbot; help@moz.com)"
82.171.13.238 - - [29/Mar/2021:05:26:10 +0200] "GET /templates/Pixame_v1/stylesheet.css HTTP/1.1" 200 56057 "http://www.wonder-geek.com/shoe-diva-metal-plate-deco-p-34295.html" "Mozilla/5.0 (Linux; Android 10; ELE-L29) AppleWebKit/537.36 (KHTML, like Gecko) Chrome/89.0.4389.105 Mobile Safari/537.36"
82.171.13.238 - - [29/Mar/2021:05:26:10 +0200] "GET /highslide/highslide.js HTTP/1.1" 200 42909 "http://www.wonder-geek.com/shoe-diva-metal-plate-deco-p-34295.html" "Mozilla/5.0 (Linux; Android 10; ELE-L29) AppleWebKit/537.36 (KHTML, like Gecko) Chrome/89.0.4389.105 Mobile Safari/537.36"
82.171.13.238 - - [29/Mar/2021:05:26:10 +0200] "GET /js/jquery.jqzoom.js HTTP/1.1" 200 4761 "http://www.wonder-geek.com/shoe-diva-metal-plate-deco-p-34295.html" "Mozilla/5.0 (Linux; Android 10; ELE-L29) AppleWebKit/537.36 (KHTML, like Gecko) Chrome/89.0.4389.105 Mobile Safari/537.36"
82.171.13.238 - - [29/Mar/2021:05:26:10 +0200] "GET /js/jquery.js HTTP/1.1" 200 54075 "http://www.wonder-geek.com/shoe-diva-metal-plate-deco-p-34295.html" "Mozilla/5.0 (Linux; Android 10; ELE-L29) AppleWebKit/537.36 (KHTML, like Gecko) Chrome/89.0.4389.105 Mobile Safari/537.36"
82.171.13.238 - - [29/Mar/2021:05:26:10 +0200] "GET /mondial_relay/js/jquery-1.3.2.min.js HTTP/1.1" 200 57254 "http://www.wonder-geek.com/shoe-diva-metal-plate-deco-p-34295.html" "Mozilla/5.0 (Linux; Android 10; ELE-L29) AppleWebKit/537.36 (KHTML, like Gecko) Chrome/89.0.4389.105 Mobile Safari/537.36"
82.171.13.238 - - [29/Mar/2021:05:26:11 +0200] "GET /templates/Pixame_v1/images/icon_accueil2.png HTTP/1.1" 200 1137 "http://www.wonder-geek.com/shoe-diva-metal-plate-deco-p-34295.html" "Mozilla/5.0 (Linux; Android 10; ELE-L29) AppleWebKit/537.36 (KHTML, like Gecko) Chrome/89.0.4389.105 Mobile Safari/537.36"
82.171.13.238 - - [29/Mar/2021:05:26:11 +0200] "GET /templates/Pixame_v1/images/Bottom_texture.jpg HTTP/1.1" 200 56290 "http://www.wonder-geek.com/templates/Pixame_v1/stylesheet.css" "Mozilla/5.0 (Linux; Android 10; ELE-L29) AppleWebKit/537.36 (KHTML, like Gecko) Chrome/89.0.4389.105 Mobile Safari/537.36"
82.171.13.238 - - [29/Mar/2021:05:26:11 +0200] "GET /templates/Pixame_v1/images/buttons/english/button_in_cart.gif HTTP/1.1" 200 1212 "http://www.wonder-geek.com/shoe-diva-metal-plate-deco-p-34295.html" "Mozilla/5.0 (Linux; Android 10; ELE-L29) AppleWebKit/537.36 (KHTML, like Gecko) Chrome/89.0.4389.105 Mobile Safari/537.36"
82.171.13.238 - - [29/Mar/2021:05:26:11 +0200] "GET /templates/Pixame_v1/images/nav.png HTTP/1.1" 200 1283 "http://www.wonder-geek.com/templates/Pixame_v1/stylesheet.css" "Mozilla/5.0 (Linux; Android 10; ELE-L29) AppleWebKit/537.36 (KHTML, like Gecko) Chrome/89.0.4389.105 Mobile Safari/537.36"
82.171.13.238 - - [29/Mar/2021:05:26:11 +0200] "GET /design/productsenstock.png HTTP/1.1" 200 4743 "http://www.wonder-geek.com/templates/Pixame_v1/stylesheet.css" "Mozilla/5.0 (Linux; Android 10; ELE-L29) AppleWebKit/537.36 (KHTML, like Gecko) Chrome/89.0.4389.105 Mobile Safari/537.36"
82.171.13.238 - - [29/Mar/2021:05:26:11 +0200] "GET /templates/Pixame_v1/images/header.png HTTP/1.1" 200 70245 "http://www.wonder-geek.com/templates/Pixame_v1/stylesheet.css" "Mozilla/5.0 (Linux; Android 10; ELE-L29) AppleWebKit/537.36 (KHTML, like Gecko) Chrome/89.0.4389.105 Mobile Safari/537.36"
82.171.13.238 - - [29/Mar/2021:05:26:11 +0200] "GET /templates/Pixame_v1/images/header-object.png HTTP/1.1" 200 106050 "http://www.wonder-geek.com/templates/Pixame_v1/stylesheet.css" "Mozilla/5.0 (Linux; Android 10; ELE-L29) AppleWebKit/537.36 (KHTML, like Gecko) Chrome/89.0.4389.105 Mobile Safari/537.36"
82.171.13.238 - - [29/Mar/2021:05:26:11 +0200] "GET /images/med_prod/1384010182055.jpg HTTP/1.1" 200 127095 "http://www.wonder-geek.com/shoe-diva-metal-plate-deco-p-34295.html" "Mozilla/5.0 (Linux; Android 10; ELE-L29) AppleWebKit/537.36 (KHTML, like Gecko) Chrome/89.0.4389.105 Mobile Safari/537.36"
82.171.13.238 - - [29/Mar/2021:05:26:11 +0200] "GET /templates/Pixame_v1/images/Middle_texture.jpg HTTP/1.1" 200 249620 "http://www.wonder-geek.com/templates/Pixame_v1/stylesheet.css" "Mozilla/5.0 (Linux; Android 10; ELE-L29) AppleWebKit/537.36 (KHTML, like Gecko) Chrome/89.0.4389.105 Mobile Safari/537.36"
82.171.13.238 - - [29/Mar/2021:05:26:11 +0200] "GET /highslide/graphics/outlines/drop-shadow.png HTTP/1.1" 200 2022 "http://www.wonder-geek.com/shoe-diva-metal-plate-deco-p-34295.html" "Mozilla/5.0 (Linux; Android 10; ELE-L29) AppleWebKit/537.36 (KHTML, like Gecko) Chrome/89.0.4389.105 Mobile Safari/537.36"
82.171.13.238 - - [29/Mar/2021:05:26:11 +0200] "GET /favicon.ico HTTP/1.1" 200 1591 "http://www.wonder-geek.com/shoe-diva-metal-plate-deco-p-34295.html" "Mozilla/5.0 (Linux; Android 10; ELE-L29) AppleWebKit/537.36 (KHTML, like Gecko) Chrome/89.0.4389.105 Mobile Safari/537.36"
40.77.167.17 - - [29/Mar/2021:05:28:47 +0200] "GET /js/jquery.js HTTP/1.1" 200 54075 "-" "Mozilla/5.0 (compatible; bingbot/2.0; +http://www.bing.com/bingbot.htm)"
66.249.70.36 - - [29/Mar/2021:05:32:02 +0200] "GET /images/mini_prod/4260082936277.jpg HTTP/1.1" 200 8840 "-" "Googlebot-Image/1.0"
13.66.139.99 - - [29/Mar/2021:05:34:04 +0200] "GET /images/big_prod/1399137201985.jpg HTTP/1.1" 200 98285 "-" "Mozilla/5.0 (compatible; bingbot/2.0; +http://www.bing.com/bingbot.htm)"
49.149.106.54 - - [29/Mar/2021:05:36:33 +0200] "GET /js/jquery.jqzoom.js HTTP/1.1" 200 4761 "http://www.wonder-geek.com/amethyst-rune-oracle-velvet-p-53557.html" "Mozilla/5.0 (Windows NT 10.0; Win64; x64) AppleWebKit/537.36 (KHTML, like Gecko) Chrome/89.0.4389.90 Safari/537.36"
49.149.106.54 - - [29/Mar/2021:05:36:34 +0200] "GET /templates/Pixame_v1/stylesheet.css HTTP/1.1" 200 56057 "http://www.wonder-geek.com/amethyst-rune-oracle-velvet-p-53557.html" "Mozilla/5.0 (Windows NT 10.0; Win64; x64) AppleWebKit/537.36 (KHTML, like Gecko) Chrome/89.0.4389.90 Safari/537.36"
49.149.106.54 - - [29/Mar/2021:05:36:34 +0200] "GET /highslide/highslide.js HTTP/1.1" 200 42909 "http://www.wonder-geek.com/amethyst-rune-oracle-velvet-p-53557.html" "Mozilla/5.0 (Windows NT 10.0; Win64; x64) AppleWebKit/537.36 (KHTML, like Gecko) Chrome/89.0.4389.90 Safari/537.36"
49.149.106.54 - - [29/Mar/2021:05:36:34 +0200] "GET /mondial_relay/js/jquery-1.3.2.min.js HTTP/1.1" 200 57254 "http://www.wonder-geek.com/amethyst-rune-oracle-velvet-p-53557.html" "Mozilla/5.0 (Windows NT 10.0; Win64; x64) AppleWebKit/537.36 (KHTML, like Gecko) Chrome/89.0.4389.90 Safari/537.36"
49.149.106.54 - - [29/Mar/2021:05:36:34 +0200] "GET /js/jquery.js HTTP/1.1" 200 54075 "http://www.wonder-geek.com/amethyst-rune-oracle-velvet-p-53557.html" "Mozilla/5.0 (Windows NT 10.0; Win64; x64) AppleWebKit/537.36 (KHTML, like Gecko) Chrome/89.0.4389.90 Safari/537.36"
49.149.106.54 - - [29/Mar/2021:05:36:35 +0200] "GET /templates/Pixame_v1/images/icon_accueil2.png HTTP/1.1" 200 1137 "http://www.wonder-geek.com/amethyst-rune-oracle-velvet-p-53557.html" "Mozilla/5.0 (Windows NT 10.0; Win64; x64) AppleWebKit/537.36 (KHTML, like Gecko) Chrome/89.0.4389.90 Safari/537.36"
49.149.106.54 - - [29/Mar/2021:05:36:35 +0200] "GET /templates/Pixame_v1/images/nav.png HTTP/1.1" 200 1283 "http://www.wonder-geek.com/templates/Pixame_v1/stylesheet.css" "Mozilla/5.0 (Windows NT 10.0; Win64; x64) AppleWebKit/537.36 (KHTML, like Gecko) Chrome/89.0.4389.90 Safari/537.36"
49.149.106.54 - - [29/Mar/2021:05:36:35 +0200] "GET /templates/Pixame_v1/images/Bottom_texture.jpg HTTP/1.1" 200 56290 "http://www.wonder-geek.com/templates/Pixame_v1/stylesheet.css" "Mozilla/5.0 (Windows NT 10.0; Win64; x64) AppleWebKit/537.36 (KHTML, like Gecko) Chrome/89.0.4389.90 Safari/537.36"
49.149.106.54 - - [29/Mar/2021:05:36:35 +0200] "GET /images/big_prod/8720088291047.jpg HTTP/1.1" 200 70668 "http://www.wonder-geek.com/amethyst-rune-oracle-velvet-p-53557.html" "Mozilla/5.0 (Windows NT 10.0; Win64; x64) AppleWebKit/537.36 (KHTML, like Gecko) Chrome/89.0.4389.90 Safari/537.36"
49.149.106.54 - - [29/Mar/2021:05:36:35 +0200] "GET /design/productsenstock.png HTTP/1.1" 200 4743 "http://www.wonder-geek.com/templates/Pixame_v1/stylesheet.css" "Mozilla/5.0 (Windows NT 10.0; Win64; x64) AppleWebKit/537.36 (KHTML, like Gecko) Chrome/89.0.4389.90 Safari/537.36"
49.149.106.54 - - [29/Mar/2021:05:36:36 +0200] "GET /templates/Pixame_v1/images/header-object.png HTTP/1.1" 200 106050 "http://www.wonder-geek.com/templates/Pixame_v1/stylesheet.css" "Mozilla/5.0 (Windows NT 10.0; Win64; x64) AppleWebKit/537.36 (KHTML, like Gecko) Chrome/89.0.4389.90 Safari/537.36"
49.149.106.54 - - [29/Mar/2021:05:36:36 +0200] "GET /templates/Pixame_v1/images/header.png HTTP/1.1" 200 70245 "http://www.wonder-geek.com/templates/Pixame_v1/stylesheet.css" "Mozilla/5.0 (Windows NT 10.0; Win64; x64) AppleWebKit/537.36 (KHTML, like Gecko) Chrome/89.0.4389.90 Safari/537.36"
49.149.106.54 - - [29/Mar/2021:05:36:37 +0200] "GET /templates/Pixame_v1/images/buttons/english/button_in_cart.gif HTTP/1.1" 200 1212 "http://www.wonder-geek.com/amethyst-rune-oracle-velvet-p-53557.html" "Mozilla/5.0 (Windows NT 10.0; Win64; x64) AppleWebKit/537.36 (KHTML, like Gecko) Chrome/89.0.4389.90 Safari/537.36"
49.149.106.54 - - [29/Mar/2021:05:36:37 +0200] "GET /images/big_prod_2/8720088291047b.jpg HTTP/1.1" 200 112969 "http://www.wonder-geek.com/amethyst-rune-oracle-velvet-p-53557.html" "Mozilla/5.0 (Windows NT 10.0; Win64; x64) AppleWebKit/537.36 (KHTML, like Gecko) Chrome/89.0.4389.90 Safari/537.36"
49.149.106.54 - - [29/Mar/2021:05:36:37 +0200] "GET /templates/Pixame_v1/images/Middle_texture.jpg HTTP/1.1" 200 249620 "http://www.wonder-geek.com/templates/Pixame_v1/stylesheet.css" "Mozilla/5.0 (Windows NT 10.0; Win64; x64) AppleWebKit/537.36 (KHTML, like Gecko) Chrome/89.0.4389.90 Safari/537.36"
49.149.106.54 - - [29/Mar/2021:05:36:38 +0200] "GET /images/big_prod_1/8720088291047a.jpg HTTP/1.1" 200 141572 "http://www.wonder-geek.com/amethyst-rune-oracle-velvet-p-53557.html" "Mozilla/5.0 (Windows NT 10.0; Win64; x64) AppleWebKit/537.36 (KHTML, like Gecko) Chrome/89.0.4389.90 Safari/537.36"
49.149.106.54 - - [29/Mar/2021:05:36:39 +0200] "GET /favicon.ico HTTP/1.1" 200 1591 "http://www.wonder-geek.com/amethyst-rune-oracle-velvet-p-53557.html" "Mozilla/5.0 (Windows NT 10.0; Win64; x64) AppleWebKit/537.36 (KHTML, like Gecko) Chrome/89.0.4389.90 Safari/537.36"
49.149.106.54 - - [29/Mar/2021:05:36:39 +0200] "GET /highslide/graphics/outlines/drop-shadow.png HTTP/1.1" 200 2022 "http://www.wonder-geek.com/amethyst-rune-oracle-velvet-p-53557.html" "Mozilla/5.0 (Windows NT 10.0; Win64; x64) AppleWebKit/537.36 (KHTML, like Gecko) Chrome/89.0.4389.90 Safari/537.36"
66.249.70.36 - - [29/Mar/2021:05:39:32 +0200] "GET /images/med_prod/4036113830742.jpg HTTP/1.1" 200 186692 "-" "Googlebot-Image/1.0"
13.66.139.99 - - [29/Mar/2021:05:42:38 +0200] "GET /images/big_prod_1/b028399219216.jpg HTTP/1.1" 200 128613 "-" "Mozilla/5.0 (compatible; bingbot/2.0; +http://www.bing.com/bingbot.htm)"
77.75.77.54 - - [29/Mar/2021:05:46:00 +0200] "GET /robots.txt HTTP/1.1" 200 2438 "-" "Mozilla/5.0 (compatible; SeznamBot/3.2; +http://napoveda.seznam.cz/en/seznambot-intro/)"
77.75.77.54 - - [29/Mar/2021:05:46:01 +0200] "GET /images/med_prod/8717318129096.jpg HTTP/1.1" 200 42510 "-" "Mozilla/5.0 (compatible; SeznamBot/3.2; +http://napoveda.seznam.cz/en/seznambot-intro/)"
13.66.139.37 - - [29/Mar/2021:05:46:45 +0200] "GET /images/8028501669177.jpg HTTP/1.1" 200 29005 "-" "Mozilla/5.0 (compatible; bingbot/2.0; +http://www.bing.com/bingbot.htm)"
66.249.70.62 - - [29/Mar/2021:05:47:04 +0200] "GET /images/big_prod/8424017389316.jpg HTTP/1.1" 200 285629 "-" "Googlebot-Image/1.0"
66.249.70.33 - - [29/Mar/2021:05:47:41 +0200] "GET /images/mini_prod/8422057789295.jpg HTTP/1.1" 200 7401 "-" "Googlebot-Image/1.0"
13.66.139.37 - - [29/Mar/2021:05:47:55 +0200] "GET /images/med_prod/8712269167395.jpg HTTP/1.1" 200 88001 "-" "Mozilla/5.0 (compatible; bingbot/2.0; +http://www.bing.com/bingbot.htm)"
66.249.70.36 - - [29/Mar/2021:05:54:33 +0200] "GET /images/big_prod/8424345983842.jpg HTTP/1.1" 200 324914 "-" "Googlebot-Image/1.0"
5.255.231.71 - - [29/Mar/2021:05:55:33 +0200] "GET /robots.txt HTTP/1.1" 200 2438 "-" "Mozilla/5.0 (compatible; YandexBot/3.0; +http://yandex.com/bots)"
5.255.231.71 - - [29/Mar/2021:05:56:14 +0200] "GET /images/big_prod/4029811336333.jpg HTTP/1.1" 200 90175 "-" "Mozilla/5.0 (compatible; YandexImages/3.0; +http://yandex.com/bots)"
157.55.39.174 - - [29/Mar/2021:05:57:47 +0200] "GET /robots.txt HTTP/1.1" 200 2438 "-" "Mozilla/5.0 (compatible; bingbot/2.0; +http://www.bing.com/bingbot.htm)"
13.66.139.40 - - [29/Mar/2021:05:59:13 +0200] "GET /images/big_prod/1300000020534.jpg HTTP/1.1" 200 55735 "-" "Mozilla/5.0 (compatible; bingbot/2.0; +http://www.bing.com/bingbot.htm)"
40.77.167.17 - - [29/Mar/2021:05:59:50 +0200] "GET /js/jquery.js HTTP/1.1" 200 54075 "-" "Mozilla/5.0 (compatible; bingbot/2.0; +http://www.bing.com/bingbot.htm)"
13.66.139.99 - - [29/Mar/2021:06:00:47 +0200] "GET /images/big_prod_1/8719497611546a.jpg HTTP/1.1" 200 181379 "-" "Mozilla/5.0 (compatible; bingbot/2.0; +http://www.bing.com/bingbot.htm)"
66.249.70.33 - - [29/Mar/2021:06:02:02 +0200] "GET /images/med_prod/3681643010488.jpg HTTP/1.1" 200 119018 "-" "Googlebot-Image/1.0"
13.66.139.40 - - [29/Mar/2021:06:05:01 +0200] "GET /images/big_prod_1/3660173195643.jpg HTTP/1.1" 200 89337 "-" "Mozilla/5.0 (compatible; bingbot/2.0; +http://www.bing.com/bingbot.htm)"
54.162.102.36 - - [29/Mar/2021:06:07:16 +0200] "GET /robots.txt HTTP/1.1" 200 2438 "-" "MixnodeCache/1.8(+https://cache.mixnode.com/)"
13.66.139.40 - - [29/Mar/2021:06:07:21 +0200] "GET /images/med_prod/8433933952160.jpg HTTP/1.1" 200 125255 "-" "Mozilla/5.0 (compatible; bingbot/2.0; +http://www.bing.com/bingbot.htm)"
66.249.70.36 - - [29/Mar/2021:06:09:32 +0200] "GET /images/1399984251171.jpg HTTP/1.1" 200 82903 "-" "Googlebot-Image/1.0"
66.249.70.33 - - [29/Mar/2021:06:17:02 +0200] "GET /images/big_prod/3560600293433.jpg HTTP/1.1" 200 60822 "-" "Googlebot-Image/1.0"
13.66.139.99 - - [29/Mar/2021:06:18:44 +0200] "GET /images/big_prod/3296580363605.jpg HTTP/1.1" 200 159918 "-" "Mozilla/5.0 (compatible; bingbot/2.0; +http://www.bing.com/bingbot.htm)"
13.66.139.37 - - [29/Mar/2021:06:18:48 +0200] "GET /images/med_prod/4007176130506.jpg HTTP/1.1" 200 74487 "-" "Mozilla/5.0 (compatible; bingbot/2.0; +http://www.bing.com/bingbot.htm)"
5.255.231.71 - - [29/Mar/2021:06:20:19 +0200] "GET /images/med_prod/3520071373270.jpg HTTP/1.1" 200 119537 "-" "Mozilla/5.0 (compatible; YandexImages/3.0; +http://yandex.com/bots)"
185.191.171.9 - - [29/Mar/2021:06:22:42 +0200] "GET /robots.txt HTTP/1.1" 200 2438 "-" "Mozilla/5.0 (compatible; SemrushBot/7~bl; +http://www.semrush.com/bot.html)"
66.249.70.62 - - [29/Mar/2021:06:24:32 +0200] "GET /images/med_prod/9316188046176.jpg HTTP/1.1" 200 45529 "-" "Googlebot-Image/1.0"
66.249.70.33 - - [29/Mar/2021:06:32:02 +0200] "GET /images/mini_prod/8433933946664.jpg HTTP/1.1" 200 7141 "-" "Googlebot-Image/1.0"
13.66.139.99 - - [29/Mar/2021:06:39:26 +0200] "GET /images/med_prod/1341689437312.jpg HTTP/1.1" 200 94062 "-" "Mozilla/5.0 (compatible; bingbot/2.0; +http://www.bing.com/bingbot.htm)"
66.249.70.36 - - [29/Mar/2021:06:39:33 +0200] "GET /images/mini_prod/8435153837937.jpg HTTP/1.1" 200 5498 "-" "Googlebot-Image/1.0"
66.249.70.62 - - [29/Mar/2021:06:47:02 +0200] "GET /images/big_prod_1/5415203950031B.jpg HTTP/1.1" 200 108296 "-" "Googlebot-Image/1.0"
13.66.139.37 - - [29/Mar/2021:06:51:01 +0200] "GET /images/big_prod/8422020166351.jpg HTTP/1.1" 200 50401 "-" "Mozilla/5.0 (compatible; bingbot/2.0; +http://www.bing.com/bingbot.htm)"
49.149.106.54 - - [29/Mar/2021:06:54:23 +0200] "GET /highslide/highslide.js HTTP/1.1" 200 42909 "http://www.wonder-geek.com/amethyst-rune-oracle-velvet-p-53557.html" "Mozilla/5.0 (Windows NT 10.0; Win64; x64) AppleWebKit/537.36 (KHTML, like Gecko) Chrome/89.0.4389.90 Safari/537.36"
49.149.106.54 - - [29/Mar/2021:06:54:24 +0200] "GET /templates/Pixame_v1/stylesheet.css HTTP/1.1" 200 56057 "http://www.wonder-geek.com/amethyst-rune-oracle-velvet-p-53557.html" "Mozilla/5.0 (Windows NT 10.0; Win64; x64) AppleWebKit/537.36 (KHTML, like Gecko) Chrome/89.0.4389.90 Safari/537.36"
49.149.106.54 - - [29/Mar/2021:06:54:24 +0200] "GET /js/jquery.js HTTP/1.1" 200 54075 "http://www.wonder-geek.com/amethyst-rune-oracle-velvet-p-53557.html" "Mozilla/5.0 (Windows NT 10.0; Win64; x64) AppleWebKit/537.36 (KHTML, like Gecko) Chrome/89.0.4389.90 Safari/537.36"
49.149.106.54 - - [29/Mar/2021:06:54:24 +0200] "GET /js/jquery.jqzoom.js HTTP/1.1" 200 4761 "http://www.wonder-geek.com/amethyst-rune-oracle-velvet-p-53557.html" "Mozilla/5.0 (Windows NT 10.0; Win64; x64) AppleWebKit/537.36 (KHTML, like Gecko) Chrome/89.0.4389.90 Safari/537.36"
49.149.106.54 - - [29/Mar/2021:06:54:25 +0200] "GET /templates/Pixame_v1/images/icon_accueil2.png HTTP/1.1" 200 1137 "http://www.wonder-geek.com/amethyst-rune-oracle-velvet-p-53557.html" "Mozilla/5.0 (Windows NT 10.0; Win64; x64) AppleWebKit/537.36 (KHTML, like Gecko) Chrome/89.0.4389.90 Safari/537.36"
49.149.106.54 - - [29/Mar/2021:06:54:25 +0200] "GET /mondial_relay/js/jquery-1.3.2.min.js HTTP/1.1" 200 57254 "http://www.wonder-geek.com/amethyst-rune-oracle-velvet-p-53557.html" "Mozilla/5.0 (Windows NT 10.0; Win64; x64) AppleWebKit/537.36 (KHTML, like Gecko) Chrome/89.0.4389.90 Safari/537.36"
49.149.106.54 - - [29/Mar/2021:06:54:26 +0200] "GET /templates/Pixame_v1/images/buttons/english/button_in_cart.gif HTTP/1.1" 200 1212 "http://www.wonder-geek.com/amethyst-rune-oracle-velvet-p-53557.html" "Mozilla/5.0 (Windows NT 10.0; Win64; x64) AppleWebKit/537.36 (KHTML, like Gecko) Chrome/89.0.4389.90 Safari/537.36"
49.149.106.54 - - [29/Mar/2021:06:54:26 +0200] "GET /images/big_prod/8720088291047.jpg HTTP/1.1" 200 70668 "http://www.wonder-geek.com/amethyst-rune-oracle-velvet-p-53557.html" "Mozilla/5.0 (Windows NT 10.0; Win64; x64) AppleWebKit/537.36 (KHTML, like Gecko) Chrome/89.0.4389.90 Safari/537.36"
49.149.106.54 - - [29/Mar/2021:06:54:27 +0200] "GET /templates/Pixame_v1/images/Bottom_texture.jpg HTTP/1.1" 200 56290 "http://www.wonder-geek.com/templates/Pixame_v1/stylesheet.css" "Mozilla/5.0 (Windows NT 10.0; Win64; x64) AppleWebKit/537.36 (KHTML, like Gecko) Chrome/89.0.4389.90 Safari/537.36"
49.149.106.54 - - [29/Mar/2021:06:54:27 +0200] "GET /images/big_prod_2/8720088291047b.jpg HTTP/1.1" 200 112969 "http://www.wonder-geek.com/amethyst-rune-oracle-velvet-p-53557.html" "Mozilla/5.0 (Windows NT 10.0; Win64; x64) AppleWebKit/537.36 (KHTML, like Gecko) Chrome/89.0.4389.90 Safari/537.36"
49.149.106.54 - - [29/Mar/2021:06:54:28 +0200] "GET /templates/Pixame_v1/images/header-object.png HTTP/1.1" 200 106050 "http://www.wonder-geek.com/templates/Pixame_v1/stylesheet.css" "Mozilla/5.0 (Windows NT 10.0; Win64; x64) AppleWebKit/537.36 (KHTML, like Gecko) Chrome/89.0.4389.90 Safari/537.36"
49.149.106.54 - - [29/Mar/2021:06:54:28 +0200] "GET /templates/Pixame_v1/images/header.png HTTP/1.1" 200 70245 "http://www.wonder-geek.com/templates/Pixame_v1/stylesheet.css" "Mozilla/5.0 (Windows NT 10.0; Win64; x64) AppleWebKit/537.36 (KHTML, like Gecko) Chrome/89.0.4389.90 Safari/537.36"
49.149.106.54 - - [29/Mar/2021:06:54:28 +0200] "GET /templates/Pixame_v1/images/nav.png HTTP/1.1" 200 1283 "http://www.wonder-geek.com/templates/Pixame_v1/stylesheet.css" "Mozilla/5.0 (Windows NT 10.0; Win64; x64) AppleWebKit/537.36 (KHTML, like Gecko) Chrome/89.0.4389.90 Safari/537.36"
49.149.106.54 - - [29/Mar/2021:06:54:29 +0200] "GET /design/productsenstock.png HTTP/1.1" 200 4743 "http://www.wonder-geek.com/templates/Pixame_v1/stylesheet.css" "Mozilla/5.0 (Windows NT 10.0; Win64; x64) AppleWebKit/537.36 (KHTML, like Gecko) Chrome/89.0.4389.90 Safari/537.36"
49.149.106.54 - - [29/Mar/2021:06:54:30 +0200] "GET /templates/Pixame_v1/images/Middle_texture.jpg HTTP/1.1" 200 249620 "http://www.wonder-geek.com/templates/Pixame_v1/stylesheet.css" "Mozilla/5.0 (Windows NT 10.0; Win64; x64) AppleWebKit/537.36 (KHTML, like Gecko) Chrome/89.0.4389.90 Safari/537.36"
49.149.106.54 - - [29/Mar/2021:06:54:34 +0200] "GET /highslide/graphics/outlines/drop-shadow.png HTTP/1.1" 200 2022 "http://www.wonder-geek.com/amethyst-rune-oracle-velvet-p-53557.html" "Mozilla/5.0 (Windows NT 10.0; Win64; x64) AppleWebKit/537.36 (KHTML, like Gecko) Chrome/89.0.4389.90 Safari/537.36"
13.66.139.99 - - [29/Mar/2021:06:55:07 +0200] "GET /images/3700276265567.jpg HTTP/1.1" 200 48648 "-" "Mozilla/5.0 (compatible; bingbot/2.0; +http://www.bing.com/bingbot.htm)"
66.249.70.62 - - [29/Mar/2021:06:57:02 +0200] "GET /images/8006281601136.jpg HTTP/1.1" 200 43827 "-" "Googlebot-Image/1.0"
40.77.167.19 - - [29/Mar/2021:06:59:06 +0200] "GET /mondial_relay/js/jquery-1.3.2.min.js HTTP/1.1" 200 57254 "-" "Mozilla/5.0 (compatible; bingbot/2.0; +http://www.bing.com/bingbot.htm)"
40.77.167.13 - - [29/Mar/2021:06:59:11 +0200] "GET /js/jquery.jqzoom.js HTTP/1.1" 200 4761 "-" "Mozilla/5.0 (compatible; bingbot/2.0; +http://www.bing.com/bingbot.htm)"
40.77.167.17 - - [29/Mar/2021:06:59:16 +0200] "GET /highslide/highslide.js HTTP/1.1" 200 42909 "-" "Mozilla/5.0 (compatible; bingbot/2.0; +http://www.bing.com/bingbot.htm)"
40.77.167.17 - - [29/Mar/2021:06:59:27 +0200] "GET /js/jquery.js HTTP/1.1" 200 54075 "-" "Mozilla/5.0 (compatible; bingbot/2.0; +http://www.bing.com/bingbot.htm)"
13.66.139.36 - - [29/Mar/2021:07:03:12 +0200] "GET /images/big_prod/1384010203293.jpg HTTP/1.1" 200 74794 "-" "Mozilla/5.0 (compatible; bingbot/2.0; +http://www.bing.com/bingbot.htm)"
66.249.70.62 - - [29/Mar/2021:07:07:03 +0200] "GET /images/big_prod/3281640422996.jpg HTTP/1.1" 200 100039 "-" "Googlebot-Image/1.0"
13.66.139.37 - - [29/Mar/2021:07:07:17 +0200] "GET /images/med_prod/3662468005750.jpg HTTP/1.1" 200 164055 "-" "Mozilla/5.0 (compatible; bingbot/2.0; +http://www.bing.com/bingbot.htm)"
13.66.139.99 - - [29/Mar/2021:07:08:29 +0200] "GET /images/b8028501693554.jpg HTTP/1.1" 200 80379 "-" "Mozilla/5.0 (compatible; bingbot/2.0; +http://www.bing.com/bingbot.htm)"
192.0.86.151 - - [29/Mar/2021:07:08:39 +0200] "GET /images/med_prod/1384010184271.jpg HTTP/1.1" 200 93088 "-" "Photon/1.0"
157.55.39.174 - - [29/Mar/2021:07:12:45 +0200] "GET /robots.txt HTTP/1.1" 200 2438 "-" "Mozilla/5.0 (compatible; bingbot/2.0; +http://www.bing.com/bingbot.htm)"
54.236.1.11 - - [29/Mar/2021:07:14:00 +0200] "GET /images/1399984234846.jpg HTTP/1.1" 200 170240 "-" "Mozilla/5.0 (compatible; Pinterestbot/1.0; +http://www.pinterest.com/bot.html)"
13.66.139.99 - - [29/Mar/2021:07:14:33 +0200] "GET /images/B3455.jpg HTTP/1.1" 200 21866 "-" "Mozilla/5.0 (compatible; bingbot/2.0; +http://www.bing.com/bingbot.htm)"
13.66.139.40 - - [29/Mar/2021:07:16:08 +0200] "GET /images/3048700059000.jpg HTTP/1.1" 200 49147 "-" "Mozilla/5.0 (compatible; bingbot/2.0; +http://www.bing.com/bingbot.htm)"
40.77.167.18 - - [29/Mar/2021:07:17:00 +0200] "GET /highslide/graphics/outlines/drop-shadow.png HTTP/1.1" 200 2022 "-" "Mozilla/5.0 (compatible; bingbot/2.0; +http://www.bing.com/bingbot.htm)"
40.77.167.18 - - [29/Mar/2021:07:17:00 +0200] "GET /highslide/graphics/outlines/drop-shadow.png HTTP/1.1" 200 2022 "-" "Mozilla/5.0 (compatible; bingbot/2.0; +http://www.bing.com/bingbot.htm)"
66.249.70.62 - - [29/Mar/2021:07:17:03 +0200] "GET /images/big_prod/3609810059610.jpg HTTP/1.1" 200 193605 "-" "Googlebot-Image/1.0"
40.77.167.18 - - [29/Mar/2021:07:17:12 +0200] "GET /highslide/graphics/outlines/drop-shadow.png HTTP/1.1" 200 2022 "-" "Mozilla/5.0 (compatible; bingbot/2.0; +http://www.bing.com/bingbot.htm)"
185.191.171.44 - - [29/Mar/2021:07:23:42 +0200] "GET /robots.txt HTTP/1.1" 200 2438 "-" "Mozilla/5.0 (compatible; SemrushBot/7~bl; +http://www.semrush.com/bot.html)"
114.119.143.110 - - [29/Mar/2021:07:25:45 +0200] "GET /images/big_prod/8422015958480.jpg HTTP/1.1" 200 133470 "-" "Mozilla/5.0 (Linux; Android 7.0;) AppleWebKit/537.36 (KHTML, like Gecko) Mobile Safari/537.36 (compatible; PetalBot;+https://aspiegel.com/petalbot)"
66.249.70.62 - - [29/Mar/2021:07:27:02 +0200] "GET /images/mini_prod/3609810051980.jpg HTTP/1.1" 200 4229 "-" "Googlebot-Image/1.0"
13.66.139.2 - - [29/Mar/2021:07:29:21 +0200] "GET /images/big_prod/3442440260717.jpg HTTP/1.1" 200 176918 "-" "Mozilla/5.0 (compatible; bingbot/2.0; +http://www.bing.com/bingbot.htm)"
216.244.66.242 - - [29/Mar/2021:07:32:26 +0200] "GET /robots.txt HTTP/1.1" 200 2438 "-" "Mozilla/5.0 (compatible; DotBot/1.2; +https://opensiteexplorer.org/dotbot; help@moz.com)"
40.77.167.17 - - [29/Mar/2021:07:33:48 +0200] "GET /js/jquery.js HTTP/1.1" 200 54075 "-" "Mozilla/5.0 (compatible; bingbot/2.0; +http://www.bing.com/bingbot.htm)"
66.249.70.33 - - [29/Mar/2021:07:37:02 +0200] "GET /images/mini_prod/4260082934785.jpg HTTP/1.1" 200 7449 "-" "Googlebot-Image/1.0"
13.66.139.40 - - [29/Mar/2021:07:39:10 +0200] "GET /images/020507_123955_PEEL_fkZscm.jpg HTTP/1.1" 200 54449 "-" "Mozilla/5.0 (compatible; bingbot/2.0; +http://www.bing.com/bingbot.htm)"
40.77.167.13 - - [29/Mar/2021:07:40:26 +0200] "GET /images/3585190109155.jpg HTTP/1.1" 200 45357 "-" "Mozilla/5.0 (compatible; bingbot/2.0; +http://www.bing.com/bingbot.htm)"
106.217.123.48 - - [29/Mar/2021:07:43:28 +0200] "GET /js/jquery.jqzoom.js HTTP/1.1" 200 4761 "http://www.wonder-geek.com/" "Mozilla/5.0 (Linux; Android 10; M2007J20CI) AppleWebKit/537.36 (KHTML, like Gecko) Chrome/89.0.4389.105 Mobile Safari/537.36"
106.217.123.48 - - [29/Mar/2021:07:43:28 +0200] "GET /templates/Pixame_v1/stylesheet.css HTTP/1.1" 200 56057 "http://www.wonder-geek.com/" "Mozilla/5.0 (Linux; Android 10; M2007J20CI) AppleWebKit/537.36 (KHTML, like Gecko) Chrome/89.0.4389.105 Mobile Safari/537.36"
106.217.123.48 - - [29/Mar/2021:07:43:28 +0200] "GET /highslide/highslide.js HTTP/1.1" 200 42909 "http://www.wonder-geek.com/" "Mozilla/5.0 (Linux; Android 10; M2007J20CI) AppleWebKit/537.36 (KHTML, like Gecko) Chrome/89.0.4389.105 Mobile Safari/537.36"
106.217.123.48 - - [29/Mar/2021:07:43:29 +0200] "GET /js/jquery.js HTTP/1.1" 200 54075 "http://www.wonder-geek.com/" "Mozilla/5.0 (Linux; Android 10; M2007J20CI) AppleWebKit/537.36 (KHTML, like Gecko) Chrome/89.0.4389.105 Mobile Safari/537.36"
106.217.123.48 - - [29/Mar/2021:07:43:29 +0200] "GET /mondial_relay/js/jquery-1.3.2.min.js HTTP/1.1" 200 57254 "http://www.wonder-geek.com/" "Mozilla/5.0 (Linux; Android 10; M2007J20CI) AppleWebKit/537.36 (KHTML, like Gecko) Chrome/89.0.4389.105 Mobile Safari/537.36"
106.217.123.48 - - [29/Mar/2021:07:43:29 +0200] "GET /js/jquery.masonry.min.js HTTP/1.1" 200 5392 "http://www.wonder-geek.com/" "Mozilla/5.0 (Linux; Android 10; M2007J20CI) AppleWebKit/537.36 (KHTML, like Gecko) Chrome/89.0.4389.105 Mobile Safari/537.36"
106.217.123.48 - - [29/Mar/2021:07:43:29 +0200] "GET /js/modernizr-transitions.js HTTP/1.1" 200 2026 "http://www.wonder-geek.com/" "Mozilla/5.0 (Linux; Android 10; M2007J20CI) AppleWebKit/537.36 (KHTML, like Gecko) Chrome/89.0.4389.105 Mobile Safari/537.36"
5.255.231.71 - - [29/Mar/2021:07:45:18 +0200] "GET /robots.txt HTTP/1.1" 200 2438 "-" "Mozilla/5.0 (compatible; YandexBot/3.0; +http://yandex.com/bots)"
66.249.70.62 - - [29/Mar/2021:07:47:04 +0200] "GET /images/big_prod_2/8424346256952b.jpg HTTP/1.1" 200 341461 "-" "Googlebot-Image/1.0"
54.36.148.239 - - [29/Mar/2021:07:49:10 +0200] "GET /robots.txt HTTP/1.1" 200 2438 "-" "Mozilla/5.0 (compatible; AhrefsBot/7.0; +http://ahrefs.com/robot/)"
77.75.77.109 - - [29/Mar/2021:07:52:58 +0200] "GET /robots.txt HTTP/1.1" 200 2438 "-" "Mozilla/5.0 (compatible; SeznamBot/3.2; +http://napoveda.seznam.cz/en/seznambot-intro/)"
77.75.77.109 - - [29/Mar/2021:07:52:59 +0200] "GET /images/big_prod/encensom.jpg HTTP/1.1" 200 202304 "-" "Mozilla/5.0 (compatible; SeznamBot/3.2; +http://napoveda.seznam.cz/en/seznambot-intro/)"
13.66.139.99 - - [29/Mar/2021:07:56:31 +0200] "GET /images/3438100343814.jpg HTTP/1.1" 200 67576 "-" "Mozilla/5.0 (compatible; bingbot/2.0; +http://www.bing.com/bingbot.htm)"
13.66.139.99 - - [29/Mar/2021:08:00:30 +0200] "GET /images/big_prod/1384010190630.jpg HTTP/1.1" 200 48008 "-" "Mozilla/5.0 (compatible; bingbot/2.0; +http://www.bing.com/bingbot.htm)"
40.77.167.17 - - [29/Mar/2021:08:02:51 +0200] "GET /js/jquery.js HTTP/1.1" 200 54075 "-" "Mozilla/5.0 (compatible; bingbot/2.0; +http://www.bing.com/bingbot.htm)"
185.125.224.20 - - [29/Mar/2021:08:03:02 +0200] "GET /templates/Pixame_v1/stylesheet.css HTTP/1.1" 200 56057 "http://www.wonder-geek.com/hand-fatima-porcelain-lamp-p-52751.html" "Mozilla/5.0 (Windows NT 10.0; Win64; x64) AppleWebKit/537.36 (KHTML, like Gecko) Chrome/89.0.4389.90 Safari/537.36"
185.125.224.20 - - [29/Mar/2021:08:03:02 +0200] "GET /js/jquery.jqzoom.js HTTP/1.1" 200 4761 "http://www.wonder-geek.com/hand-fatima-porcelain-lamp-p-52751.html" "Mozilla/5.0 (Windows NT 10.0; Win64; x64) AppleWebKit/537.36 (KHTML, like Gecko) Chrome/89.0.4389.90 Safari/537.36"
185.125.224.20 - - [29/Mar/2021:08:03:02 +0200] "GET /highslide/highslide.js HTTP/1.1" 200 42909 "http://www.wonder-geek.com/hand-fatima-porcelain-lamp-p-52751.html" "Mozilla/5.0 (Windows NT 10.0; Win64; x64) AppleWebKit/537.36 (KHTML, like Gecko) Chrome/89.0.4389.90 Safari/537.36"
185.125.224.20 - - [29/Mar/2021:08:03:02 +0200] "GET /js/jquery.js HTTP/1.1" 200 54075 "http://www.wonder-geek.com/hand-fatima-porcelain-lamp-p-52751.html" "Mozilla/5.0 (Windows NT 10.0; Win64; x64) AppleWebKit/537.36 (KHTML, like Gecko) Chrome/89.0.4389.90 Safari/537.36"
185.125.224.20 - - [29/Mar/2021:08:03:02 +0200] "GET /mondial_relay/js/jquery-1.3.2.min.js HTTP/1.1" 200 57254 "http://www.wonder-geek.com/hand-fatima-porcelain-lamp-p-52751.html" "Mozilla/5.0 (Windows NT 10.0; Win64; x64) AppleWebKit/537.36 (KHTML, like Gecko) Chrome/89.0.4389.90 Safari/537.36"
185.125.224.20 - - [29/Mar/2021:08:03:02 +0200] "GET /templates/Pixame_v1/images/icon_accueil2.png HTTP/1.1" 200 1137 "http://www.wonder-geek.com/hand-fatima-porcelain-lamp-p-52751.html" "Mozilla/5.0 (Windows NT 10.0; Win64; x64) AppleWebKit/537.36 (KHTML, like Gecko) Chrome/89.0.4389.90 Safari/537.36"
185.125.224.20 - - [29/Mar/2021:08:03:02 +0200] "GET /templates/Pixame_v1/images/nav.png HTTP/1.1" 200 1283 "http://www.wonder-geek.com/templates/Pixame_v1/stylesheet.css" "Mozilla/5.0 (Windows NT 10.0; Win64; x64) AppleWebKit/537.36 (KHTML, like Gecko) Chrome/89.0.4389.90 Safari/537.36"
185.125.224.20 - - [29/Mar/2021:08:03:02 +0200] "GET /images/big_prod/5400924055479.jpg HTTP/1.1" 200 59942 "http://www.wonder-geek.com/hand-fatima-porcelain-lamp-p-52751.html" "Mozilla/5.0 (Windows NT 10.0; Win64; x64) AppleWebKit/537.36 (KHTML, like Gecko) Chrome/89.0.4389.90 Safari/537.36"
185.125.224.20 - - [29/Mar/2021:08:03:02 +0200] "GET /templates/Pixame_v1/images/Bottom_texture.jpg HTTP/1.1" 200 56290 "http://www.wonder-geek.com/templates/Pixame_v1/stylesheet.css" "Mozilla/5.0 (Windows NT 10.0; Win64; x64) AppleWebKit/537.36 (KHTML, like Gecko) Chrome/89.0.4389.90 Safari/537.36"
185.125.224.20 - - [29/Mar/2021:08:03:03 +0200] "GET /templates/Pixame_v1/images/header.png HTTP/1.1" 200 70245 "http://www.wonder-geek.com/templates/Pixame_v1/stylesheet.css" "Mozilla/5.0 (Windows NT 10.0; Win64; x64) AppleWebKit/537.36 (KHTML, like Gecko) Chrome/89.0.4389.90 Safari/537.36"
185.125.224.20 - - [29/Mar/2021:08:03:03 +0200] "GET /templates/Pixame_v1/images/header-object.png HTTP/1.1" 200 106050 "http://www.wonder-geek.com/templates/Pixame_v1/stylesheet.css" "Mozilla/5.0 (Windows NT 10.0; Win64; x64) AppleWebKit/537.36 (KHTML, like Gecko) Chrome/89.0.4389.90 Safari/537.36"
185.125.224.20 - - [29/Mar/2021:08:03:03 +0200] "GET /templates/Pixame_v1/images/Middle_texture.jpg HTTP/1.1" 200 249620 "http://www.wonder-geek.com/templates/Pixame_v1/stylesheet.css" "Mozilla/5.0 (Windows NT 10.0; Win64; x64) AppleWebKit/537.36 (KHTML, like Gecko) Chrome/89.0.4389.90 Safari/537.36"
185.125.224.20 - - [29/Mar/2021:08:03:03 +0200] "GET /templates/Pixame_v1/images/buttons/english/button_in_cart.gif HTTP/1.1" 200 1212 "http://www.wonder-geek.com/hand-fatima-porcelain-lamp-p-52751.html" "Mozilla/5.0 (Windows NT 10.0; Win64; x64) AppleWebKit/537.36 (KHTML, like Gecko) Chrome/89.0.4389.90 Safari/537.36"
185.125.224.20 - - [29/Mar/2021:08:03:03 +0200] "GET /images/big_prod_1/5400924055479B.jpg HTTP/1.1" 200 129640 "http://www.wonder-geek.com/hand-fatima-porcelain-lamp-p-52751.html" "Mozilla/5.0 (Windows NT 10.0; Win64; x64) AppleWebKit/537.36 (KHTML, like Gecko) Chrome/89.0.4389.90 Safari/537.36"
185.125.224.20 - - [29/Mar/2021:08:03:03 +0200] "GET /design/productsenstock.png HTTP/1.1" 200 4743 "http://www.wonder-geek.com/templates/Pixame_v1/stylesheet.css" "Mozilla/5.0 (Windows NT 10.0; Win64; x64) AppleWebKit/537.36 (KHTML, like Gecko) Chrome/89.0.4389.90 Safari/537.36"
185.125.224.20 - - [29/Mar/2021:08:03:03 +0200] "GET /highslide/graphics/outlines/drop-shadow.png HTTP/1.1" 200 2022 "http://www.wonder-geek.com/hand-fatima-porcelain-lamp-p-52751.html" "Mozilla/5.0 (Windows NT 10.0; Win64; x64) AppleWebKit/537.36 (KHTML, like Gecko) Chrome/89.0.4389.90 Safari/537.36"
185.125.224.20 - - [29/Mar/2021:08:03:03 +0200] "GET /favicon.ico HTTP/1.1" 200 1591 "http://www.wonder-geek.com/hand-fatima-porcelain-lamp-p-52751.html" "Mozilla/5.0 (Windows NT 10.0; Win64; x64) AppleWebKit/537.36 (KHTML, like Gecko) Chrome/89.0.4389.90 Safari/537.36"
40.77.167.16 - - [29/Mar/2021:08:10:13 +0200] "GET /images/3298060218917.jpg HTTP/1.1" 200 21899 "-" "Mozilla/5.0 (Windows NT 6.1; WOW64) AppleWebKit/534+ (KHTML, like Gecko) BingPreview/1.0b"
157.55.39.174 - - [29/Mar/2021:08:10:34 +0200] "GET /robots.txt HTTP/1.1" 200 2438 "-" "Mozilla/5.0 (compatible; bingbot/2.0; +http://www.bing.com/bingbot.htm)"
13.66.139.40 - - [29/Mar/2021:08:10:43 +0200] "GET /images/big_prod/3014627885800.jpg HTTP/1.1" 200 39663 "-" "Mozilla/5.0 (compatible; bingbot/2.0; +http://www.bing.com/bingbot.htm)"
13.66.139.99 - - [29/Mar/2021:08:19:49 +0200] "GET /images/4891813831938.jpg HTTP/1.1" 200 28637 "-" "Mozilla/5.0 (compatible; bingbot/2.0; +http://www.bing.com/bingbot.htm)"
185.191.171.38 - - [29/Mar/2021:08:25:28 +0200] "GET /robots.txt HTTP/1.1" 200 2438 "-" "Mozilla/5.0 (compatible; SemrushBot/7~bl; +http://www.semrush.com/bot.html)"
13.66.139.37 - - [29/Mar/2021:08:27:40 +0200] "GET /images/big_prod/8435333820483.jpg HTTP/1.1" 200 113923 "-" "Mozilla/5.0 (compatible; bingbot/2.0; +http://www.bing.com/bingbot.htm)"
13.66.139.99 - - [29/Mar/2021:08:31:13 +0200] "GET /images/big_prod/8422011475974.jpg HTTP/1.1" 200 54430 "-" "Mozilla/5.0 (compatible; bingbot/2.0; +http://www.bing.com/bingbot.htm)"
13.66.139.37 - - [29/Mar/2021:08:34:32 +0200] "GET /images/b4010070225216.jpg HTTP/1.1" 200 101177 "-" "Mozilla/5.0 (compatible; bingbot/2.0; +http://www.bing.com/bingbot.htm)"
77.75.76.172 - - [29/Mar/2021:08:35:03 +0200] "GET /robots.txt HTTP/1.1" 200 2438 "-" "Mozilla/5.0 (compatible; SeznamBot/3.2; +http://napoveda.seznam.cz/en/seznambot-intro/)"
77.75.76.172 - - [29/Mar/2021:08:35:04 +0200] "GET /images/big_prod/5036381288466.jpg HTTP/1.1" 200 64176 "-" "Mozilla/5.0 (compatible; SeznamBot/3.2; +http://napoveda.seznam.cz/en/seznambot-intro/)"
40.77.167.17 - - [29/Mar/2021:08:35:55 +0200] "GET /js/jquery.js HTTP/1.1" 200 54075 "-" "Mozilla/5.0 (compatible; bingbot/2.0; +http://www.bing.com/bingbot.htm)"
40.77.167.17 - - [29/Mar/2021:08:35:56 +0200] "GET /js/jquery.js HTTP/1.1" 200 54075 "-" "Mozilla/5.0 (compatible; bingbot/2.0; +http://www.bing.com/bingbot.htm)"
13.66.139.37 - - [29/Mar/2021:08:36:21 +0200] "GET /images/med_prod/5055071696022.jpg HTTP/1.1" 200 74265 "-" "Mozilla/5.0 (compatible; bingbot/2.0; +http://www.bing.com/bingbot.htm)"
13.66.139.37 - - [29/Mar/2021:08:37:32 +0200] "GET /images/med_prod/1341689287320.jpg HTTP/1.1" 200 201194 "-" "Mozilla/5.0 (compatible; bingbot/2.0; +http://www.bing.com/bingbot.htm)"
40.77.167.19 - - [29/Mar/2021:08:40:22 +0200] "GET /images/big_prod/1328399219278a.jpg HTTP/1.1" 200 76417 "-" "Mozilla/5.0 (compatible; bingbot/2.0; +http://www.bing.com/bingbot.htm)"
40.77.167.17 - - [29/Mar/2021:08:40:27 +0200] "GET /images/big_prod_1/1328399219278.jpg HTTP/1.1" 200 71355 "-" "Mozilla/5.0 (compatible; bingbot/2.0; +http://www.bing.com/bingbot.htm)"
13.66.139.37 - - [29/Mar/2021:08:43:42 +0200] "GET /images/3700276281802.jpg HTTP/1.1" 200 69987 "-" "Mozilla/5.0 (compatible; bingbot/2.0; +http://www.bing.com/bingbot.htm)"
54.36.148.204 - - [29/Mar/2021:08:44:30 +0200] "GET /robots.txt HTTP/1.1" 200 2438 "-" "Mozilla/5.0 (compatible; AhrefsBot/7.0; +http://ahrefs.com/robot/)"
66.249.70.33 - - [29/Mar/2021:08:47:03 +0200] "GET /images/big_prod/5051276405049.jpg HTTP/1.1" 200 65487 "-" "Googlebot-Image/1.0"
13.66.139.37 - - [29/Mar/2021:08:47:53 +0200] "GET /images/big_prod/3565750238211.jpg HTTP/1.1" 200 72861 "-" "Mozilla/5.0 (compatible; bingbot/2.0; +http://www.bing.com/bingbot.htm)"
13.66.139.99 - - [29/Mar/2021:08:49:46 +0200] "GET /images/DSCN3969.jpg HTTP/1.1" 200 14818 "-" "Mozilla/5.0 (compatible; bingbot/2.0; +http://www.bing.com/bingbot.htm)"
13.66.139.99 - - [29/Mar/2021:08:52:30 +0200] "GET /images/8033667001143.jpg HTTP/1.1" 200 38796 "-" "Mozilla/5.0 (compatible; bingbot/2.0; +http://www.bing.com/bingbot.htm)"
13.66.139.37 - - [29/Mar/2021:08:55:44 +0200] "GET /images/1399984242582.jpg HTTP/1.1" 200 186244 "-" "Mozilla/5.0 (compatible; bingbot/2.0; +http://www.bing.com/bingbot.htm)"
13.66.139.37 - - [29/Mar/2021:08:56:24 +0200] "GET /images/big_prod/8433933011461.jpg HTTP/1.1" 200 81628 "-" "Mozilla/5.0 (compatible; bingbot/2.0; +http://www.bing.com/bingbot.htm)"
13.66.139.37 - - [29/Mar/2021:09:00:03 +0200] "GET /images/6942138906110.jpg HTTP/1.1" 200 49452 "-" "Mozilla/5.0 (compatible; bingbot/2.0; +http://www.bing.com/bingbot.htm)"
13.66.139.40 - - [29/Mar/2021:09:01:28 +0200] "GET /images/big_prod/3453131137782.jpg HTTP/1.1" 200 74748 "-" "Mozilla/5.0 (compatible; bingbot/2.0; +http://www.bing.com/bingbot.htm)"
66.249.70.62 - - [29/Mar/2021:09:02:06 +0200] "GET /images/8435333848197.jpg HTTP/1.1" 200 35529 "-" "Googlebot-Image/1.0"
13.66.139.99 - - [29/Mar/2021:09:04:15 +0200] "GET /images/big_prod/8422020139447.jpg HTTP/1.1" 200 42361 "-" "Mozilla/5.0 (compatible; bingbot/2.0; +http://www.bing.com/bingbot.htm)"
13.66.139.99 - - [29/Mar/2021:09:06:54 +0200] "GET /images/big_prod/1399980107434.jpg HTTP/1.1" 200 138209 "-" "Mozilla/5.0 (compatible; bingbot/2.0; +http://www.bing.com/bingbot.htm)"
40.77.167.17 - - [29/Mar/2021:09:09:38 +0200] "GET /js/jquery.js HTTP/1.1" 200 54075 "-" "Mozilla/5.0 (compatible; bingbot/2.0; +http://www.bing.com/bingbot.htm)"
40.77.167.17 - - [29/Mar/2021:09:09:38 +0200] "GET /js/jquery.js HTTP/1.1" 200 54075 "-" "Mozilla/5.0 (compatible; bingbot/2.0; +http://www.bing.com/bingbot.htm)"
