66.249.70.62 - - [29/Mar/2021:09:17:04 +0200] "GET /images/big_prod/8422087179325.jpg HTTP/1.1" 200 94243 "-" "Googlebot-Image/1.0"
66.102.9.70 - - [29/Mar/2021:09:19:55 +0200] "GET /images/big_prod/4029811324033.jpg HTTP/1.1" 200 42185 "-" "Mozilla/5.0 (Windows NT 5.1; rv:11.0) Gecko Firefox/11.0 (via ggpht.com GoogleImageProxy)"
157.55.39.174 - - [29/Mar/2021:09:25:08 +0200] "GET /robots.txt HTTP/1.1" 200 2438 "-" "Mozilla/5.0 (compatible; bingbot/2.0; +http://www.bing.com/bingbot.htm)"
13.66.139.40 - - [29/Mar/2021:09:25:21 +0200] "GET /images/big_prod/3014627846351NN.jpg HTTP/1.1" 200 46176 "-" "Mozilla/5.0 (compatible; bingbot/2.0; +http://www.bing.com/bingbot.htm)"
185.191.171.36 - - [29/Mar/2021:09:25:52 +0200] "GET /robots.txt HTTP/1.1" 200 2438 "-" "Mozilla/5.0 (compatible; SemrushBot/7~bl; +http://www.semrush.com/bot.html)"
13.66.139.99 - - [29/Mar/2021:09:27:21 +0200] "GET /images/big_prod_1/8718317683381B.jpg HTTP/1.1" 200 161068 "-" "Mozilla/5.0 (compatible; bingbot/2.0; +http://www.bing.com/bingbot.htm)"
5.255.231.71 - - [29/Mar/2021:09:31:42 +0200] "GET /robots.txt HTTP/1.1" 200 2438 "-" "Mozilla/5.0 (compatible; YandexBot/3.0; +http://yandex.com/bots)"
66.249.70.33 - - [29/Mar/2021:09:32:03 +0200] "GET /images/big_prod_3/1328399235117b.jpg HTTP/1.1" 200 84557 "-" "Googlebot-Image/1.0"
31.111.27.194 - - [29/Mar/2021:09:36:52 +0200] "GET /images/8006180201703.jpg HTTP/1.1" 200 116746 "-" "Mozilla/5.0 (iPad; CPU OS 9_3_5 like Mac OS X) AppleWebKit/601.1.46 (KHTML, like Gecko) Version/9.0 Mobile/13G36 Safari/601.1"
24.15.234.204 - - [29/Mar/2021:09:38:51 +0200] "GET /images/3799653503039.jpg HTTP/1.1" 200 23941 "-" "Mozilla/5.0 (Windows NT 10.0; Win64; x64) AppleWebKit/537.36 (KHTML, like Gecko) Chrome/84.0.4147.89 Safari/537.36"
216.244.66.242 - - [29/Mar/2021:09:42:08 +0200] "GET /robots.txt HTTP/1.1" 200 2438 "-" "Mozilla/5.0 (compatible; DotBot/1.2; +https://opensiteexplorer.org/dotbot; help@moz.com)"
66.249.70.62 - - [29/Mar/2021:09:47:08 +0200] "GET /images/big_prod/8435465005796.jpg HTTP/1.1" 200 179532 "-" "Googlebot-Image/1.0"
66.249.70.62 - - [29/Mar/2021:09:47:41 +0200] "GET /images/big_prod/8011717795945.jpg HTTP/1.1" 200 101360 "-" "Googlebot-Image/1.0"
40.77.167.19 - - [29/Mar/2021:09:57:40 +0200] "GET /images/3609810023314.jpg HTTP/1.1" 200 65985 "-" "Mozilla/5.0 (compatible; bingbot/2.0; +http://www.bing.com/bingbot.htm)"
213.239.216.194 - - [29/Mar/2021:10:00:37 +0200] "GET /robots.txt HTTP/1.1" 200 2438 "-" "Mozilla/5.0 (compatible; MJ12bot/v1.4.8; http://mj12bot.com/)"
66.249.70.36 - - [29/Mar/2021:10:02:03 +0200] "GET /images/big_prod/1399984280270.jpg HTTP/1.1" 200 66053 "-" "Googlebot-Image/1.0"
13.66.139.37 - - [29/Mar/2021:10:03:41 +0200] "GET /images/big_prod_2/3700786500370b.jpg HTTP/1.1" 200 102135 "-" "Mozilla/5.0 (compatible; bingbot/2.0; +http://www.bing.com/bingbot.htm)"
13.66.139.99 - - [29/Mar/2021:10:06:05 +0200] "GET /images/big_prod_1/8424346357284B.jpg HTTP/1.1" 200 359007 "-" "Mozilla/5.0 (compatible; bingbot/2.0; +http://www.bing.com/bingbot.htm)"
40.77.167.17 - - [29/Mar/2021:10:07:14 +0200] "GET /js/jquery.js HTTP/1.1" 200 54075 "-" "Mozilla/5.0 (compatible; bingbot/2.0; +http://www.bing.com/bingbot.htm)"
13.66.139.37 - - [29/Mar/2021:10:07:21 +0200] "GET /images/1399984227053.jpg HTTP/1.1" 200 44240 "-" "Mozilla/5.0 (compatible; bingbot/2.0; +http://www.bing.com/bingbot.htm)"
13.66.139.40 - - [29/Mar/2021:10:07:54 +0200] "GET /images/5414629946314.jpg HTTP/1.1" 200 35939 "-" "Mozilla/5.0 (compatible; bingbot/2.0; +http://www.bing.com/bingbot.htm)"
66.249.70.36 - - [29/Mar/2021:10:11:03 +0200] "GET /images/big_prod_1/3457019604212a.jpg HTTP/1.1" 200 145357 "-" "Googlebot-Image/1.0"
13.66.139.37 - - [29/Mar/2021:10:15:21 +0200] "GET /images/big_prod/1384010203330.jpg HTTP/1.1" 200 100209 "-" "Mozilla/5.0 (compatible; bingbot/2.0; +http://www.bing.com/bingbot.htm)"
13.66.139.40 - - [29/Mar/2021:10:16:58 +0200] "GET /images/med_prod/1399984280997.jpg HTTP/1.1" 200 88448 "-" "Mozilla/5.0 (compatible; bingbot/2.0; +http://www.bing.com/bingbot.htm)"
157.55.39.252 - - [29/Mar/2021:10:17:15 +0200] "GET /images/8420406603230.jpg HTTP/1.1" 200 34414 "-" "Mozilla/5.0 (compatible; bingbot/2.0; +http://www.bing.com/bingbot.htm)"
54.93.226.219 - - [29/Mar/2021:10:17:42 +0200] "GET /robots.txt HTTP/1.1" 200 2438 "-" "zoombot (linkbot 1.0 http://suite.seozoom.it/bot.html)"
13.66.139.99 - - [29/Mar/2021:10:22:05 +0200] "GET /images/DSCN0109.jpg HTTP/1.1" 200 16026 "-" "Mozilla/5.0 (compatible; bingbot/2.0; +http://www.bing.com/bingbot.htm)"
13.66.139.40 - - [29/Mar/2021:10:24:46 +0200] "GET /images/big_prod/3609810097858.jpg HTTP/1.1" 200 163368 "-" "Mozilla/5.0 (compatible; bingbot/2.0; +http://www.bing.com/bingbot.htm)"
185.191.171.24 - - [29/Mar/2021:10:25:53 +0200] "GET /robots.txt HTTP/1.1" 200 2438 "-" "Mozilla/5.0 (compatible; SemrushBot/7~bl; +http://www.semrush.com/bot.html)"
13.66.139.2 - - [29/Mar/2021:10:28:06 +0200] "GET /images/8435306246456bis.jpg HTTP/1.1" 200 99768 "-" "Mozilla/5.0 (compatible; bingbot/2.0; +http://www.bing.com/bingbot.htm)"
13.66.139.37 - - [29/Mar/2021:10:29:32 +0200] "GET /images/1399984236505.jpg HTTP/1.1" 200 12510 "-" "Mozilla/5.0 (compatible; bingbot/2.0; +http://www.bing.com/bingbot.htm)"
40.77.190.72 - - [29/Mar/2021:10:31:01 +0200] "GET /templates/Pixame_v1/stylesheet.css HTTP/1.1" 200 56057 "http://www.wonder-geek.com/buddha-statue-polyresin-p-36725.html" "Mozilla/5.0 (Windows NT 6.1; WOW64) AppleWebKit/534+ (KHTML, like Gecko) BingPreview/1.0b"
13.66.139.99 - - [29/Mar/2021:10:33:52 +0200] "GET /images/210320123420070.jpg HTTP/1.1" 200 61075 "-" "Mozilla/5.0 (compatible; bingbot/2.0; +http://www.bing.com/bingbot.htm)"
66.249.70.62 - - [29/Mar/2021:10:35:03 +0200] "GET /images/big_prod_3/8445148006644D.jpg HTTP/1.1" 200 196760 "-" "Googlebot-Image/1.0"
13.66.139.37 - - [29/Mar/2021:10:39:14 +0200] "GET /images/big_prod/9316188081214.jpg HTTP/1.1" 200 134077 "-" "Mozilla/5.0 (compatible; bingbot/2.0; +http://www.bing.com/bingbot.htm)"
13.66.139.37 - - [29/Mar/2021:10:40:03 +0200] "GET /images/big_prod_1/3665269030969.jpg HTTP/1.1" 200 103428 "-" "Mozilla/5.0 (compatible; bingbot/2.0; +http://www.bing.com/bingbot.htm)"
40.77.167.17 - - [29/Mar/2021:10:40:33 +0200] "GET /design/productsenstock.png HTTP/1.1" 200 4743 "-" "Mozilla/5.0 (compatible; bingbot/2.0; +http://www.bing.com/bingbot.htm)"
13.66.139.99 - - [29/Mar/2021:10:41:58 +0200] "GET /images/big_prod/9316188052344.jpg HTTP/1.1" 200 59075 "-" "Mozilla/5.0 (compatible; bingbot/2.0; +http://www.bing.com/bingbot.htm)"
13.66.139.37 - - [29/Mar/2021:10:42:24 +0200] "GET /images/3700653502087.jpg HTTP/1.1" 200 19452 "-" "Mozilla/5.0 (compatible; bingbot/2.0; +http://www.bing.com/bingbot.htm)"
66.249.70.36 - - [29/Mar/2021:10:47:05 +0200] "GET /images/1399984235683.jpg HTTP/1.1" 200 175161 "-" "Googlebot-Image/1.0"
13.66.139.2 - - [29/Mar/2021:10:47:49 +0200] "GET /images/big_prod/3565750237429.jpg HTTP/1.1" 200 138247 "-" "Mozilla/5.0 (compatible; bingbot/2.0; +http://www.bing.com/bingbot.htm)"
216.244.66.242 - - [29/Mar/2021:10:48:00 +0200] "GET /robots.txt HTTP/1.1" 200 2438 "-" "Mozilla/5.0 (compatible; DotBot/1.2; +https://opensiteexplorer.org/dotbot; help@moz.com)"
216.244.66.242 - - [29/Mar/2021:10:48:01 +0200] "GET /robots.txt HTTP/1.1" 200 2438 "-" "Mozilla/5.0 (compatible; DotBot/1.2; +https://opensiteexplorer.org/dotbot; help@moz.com)"
13.66.139.37 - - [29/Mar/2021:10:51:25 +0200] "GET /images/big_prod/4029811369379.jpg HTTP/1.1" 200 104447 "-" "Mozilla/5.0 (compatible; bingbot/2.0; +http://www.bing.com/bingbot.htm)"
103.131.71.165 - - [29/Mar/2021:10:52:44 +0200] "GET /robots.txt HTTP/1.1" 200 2438 "-" "Mozilla/5.0 (compatible; coccocbot-web/1.0; +http://help.coccoc.com/searchengine)"
66.249.70.62 - - [29/Mar/2021:10:59:03 +0200] "GET /images/big_prod/8445148006637.jpg HTTP/1.1" 200 91237 "-" "Googlebot-Image/1.0"
5.255.231.71 - - [29/Mar/2021:11:01:35 +0200] "GET /images/5018997518212.jpg HTTP/1.1" 200 117152 "-" "Mozilla/5.0 (compatible; YandexImages/3.0; +http://yandex.com/bots)"
13.66.139.99 - - [29/Mar/2021:11:06:44 +0200] "GET /images/big_prod_2/c1300000021944.jpg HTTP/1.1" 200 100962 "-" "Mozilla/5.0 (compatible; bingbot/2.0; +http://www.bing.com/bingbot.htm)"
40.77.167.17 - - [29/Mar/2021:11:06:49 +0200] "GET /js/jquery.js HTTP/1.1" 200 54075 "-" "Mozilla/5.0 (compatible; bingbot/2.0; +http://www.bing.com/bingbot.htm)"
13.66.139.99 - - [29/Mar/2021:11:08:01 +0200] "GET /images/big_prod/3609810098886.jpg HTTP/1.1" 200 88736 "-" "Mozilla/5.0 (compatible; bingbot/2.0; +http://www.bing.com/bingbot.htm)"
66.249.70.36 - - [29/Mar/2021:11:11:03 +0200] "GET /images/mini_prod/1399984264898.jpg HTTP/1.1" 200 6451 "-" "Googlebot-Image/1.0"
192.0.99.227 - - [29/Mar/2021:11:15:13 +0200] "GET /images/med_prod/00039897677330.jpg HTTP/1.1" 200 73307 "-" "Photon/1.0"
5.255.231.71 - - [29/Mar/2021:11:16:20 +0200] "GET /images/big_prod/670983054644.jpg HTTP/1.1" 200 137134 "-" "Mozilla/5.0 (compatible; YandexImages/3.0; +http://yandex.com/bots)"
13.66.139.37 - - [29/Mar/2021:11:17:18 +0200] "GET /images/big_prod_1/8719497618026b.jpg HTTP/1.1" 200 82707 "-" "Mozilla/5.0 (compatible; bingbot/2.0; +http://www.bing.com/bingbot.htm)"
66.249.70.62 - - [29/Mar/2021:11:23:03 +0200] "GET /images/big_prod_2/8424345932420C.jpg HTTP/1.1" 200 47028 "-" "Googlebot-Image/1.0"
185.191.171.25 - - [29/Mar/2021:11:26:16 +0200] "GET /robots.txt HTTP/1.1" 200 2438 "-" "Mozilla/5.0 (compatible; SemrushBot/7~bl; +http://www.semrush.com/bot.html)"
13.66.139.99 - - [29/Mar/2021:11:29:41 +0200] "GET /images/big_prod/8422031152572.jpg HTTP/1.1" 200 129912 "-" "Mozilla/5.0 (compatible; bingbot/2.0; +http://www.bing.com/bingbot.htm)"
13.66.139.40 - - [29/Mar/2021:11:29:44 +0200] "GET /images/b1399984237205.jpg HTTP/1.1" 200 44846 "-" "Mozilla/5.0 (compatible; bingbot/2.0; +http://www.bing.com/bingbot.htm)"
13.66.139.40 - - [29/Mar/2021:11:32:02 +0200] "GET /images/3700276295427.jpg HTTP/1.1" 200 37602 "-" "Mozilla/5.0 (compatible; bingbot/2.0; +http://www.bing.com/bingbot.htm)"
13.66.139.37 - - [29/Mar/2021:11:33:18 +0200] "GET /images/4010070231163.jpg HTTP/1.1" 200 33531 "-" "Mozilla/5.0 (compatible; bingbot/2.0; +http://www.bing.com/bingbot.htm)"
66.249.70.36 - - [29/Mar/2021:11:35:03 +0200] "GET /images/big_prod_1/8424345932420B.jpg HTTP/1.1" 200 61602 "-" "Googlebot-Image/1.0"
5.255.231.71 - - [29/Mar/2021:11:35:27 +0200] "GET /images/mini_prod/800399058571919072012.jpg HTTP/1.1" 200 7531 "-" "Mozilla/5.0 (compatible; YandexImages/3.0; +http://yandex.com/bots)"
213.180.203.24 - - [29/Mar/2021:11:35:29 +0200] "GET /images/8003990585733b.jpg HTTP/1.1" 200 27955 "-" "Mozilla/5.0 (compatible; YandexImages/3.0; +http://yandex.com/bots)"
66.249.81.166 - - [29/Mar/2021:11:37:01 +0200] "GET /images/big_prod_2/3660173218083b.jpg HTTP/1.1" 200 72762 "-" "Mozilla/5.0 (Windows NT 5.1; rv:11.0) Gecko Firefox/11.0 (via ggpht.com GoogleImageProxy)"
40.77.167.17 - - [29/Mar/2021:11:37:53 +0200] "GET /js/jquery.js HTTP/1.1" 200 54075 "-" "Mozilla/5.0 (compatible; bingbot/2.0; +http://www.bing.com/bingbot.htm)"
13.66.139.40 - - [29/Mar/2021:11:39:13 +0200] "GET /images/4036113101989.jpg HTTP/1.1" 200 128675 "-" "Mozilla/5.0 (compatible; bingbot/2.0; +http://www.bing.com/bingbot.htm)"
13.66.139.40 - - [29/Mar/2021:11:39:24 +0200] "GET /images/big_prod/8435333821862.jpg HTTP/1.1" 200 148467 "-" "Mozilla/5.0 (compatible; bingbot/2.0; +http://www.bing.com/bingbot.htm)"
107.150.42.82 - - [29/Mar/2021:11:42:26 +0200] "GET /images/3281640393609.jpg HTTP/1.1" 200 44927 "http://www.wonder-geek.com/disney-princess-personal-diary-p-17198.html" "Mozilla/5.0 (Linux; Android 5.1.1; vivo X6S A Build/LMY47V; wv) AppleWebKit/537.36 (KHTML, like Gecko) Version/4.0 Chrome/57.0.2987.132 MQQBrowser/6.2 TBS/044207 Mobile Safari/537.36 MicroMessenger/6.7.3.1340(0x26070332) NetType/4G Language/zh_CN Process/tools"
13.66.139.40 - - [29/Mar/2021:11:43:04 +0200] "GET /images/med_prod/1399984252178b.jpg HTTP/1.1" 200 72612 "-" "Mozilla/5.0 (compatible; bingbot/2.0; +http://www.bing.com/bingbot.htm)"
82.181.34.51 - - [29/Mar/2021:11:43:41 +0200] "GET /images/DSCN0652vert.jpg HTTP/1.1" 200 37053 "-" "Mozilla/5.0 (iPhone; CPU iPhone OS 14_4 like Mac OS X) AppleWebKit/605.1.15 (KHTML, like Gecko) Version/14.0.3 Mobile/15E148 Safari/604.1"
82.181.34.51 - - [29/Mar/2021:11:43:41 +0200] "GET /favicon.ico HTTP/1.1" 200 1591 "http://www.wonder-geek.com/images/DSCN0652vert.jpg" "Mozilla/5.0 (iPhone; CPU iPhone OS 14_4 like Mac OS X) AppleWebKit/605.1.15 (KHTML, like Gecko) Version/14.0.3 Mobile/15E148 Safari/604.1"
82.181.34.51 - - [29/Mar/2021:11:44:06 +0200] "GET /images/DSCN0652vert.jpg HTTP/1.1" 200 37053 "-" "Mozilla/5.0 (iPhone; CPU iPhone OS 14_4 like Mac OS X) AppleWebKit/605.1.15 (KHTML, like Gecko) Version/14.0.3 Mobile/15E148 Safari/604.1"
66.249.70.62 - - [29/Mar/2021:11:47:03 +0200] "GET /images/mini_prod/3612875115917.jpg HTTP/1.1" 200 6896 "-" "Googlebot-Image/1.0"
13.66.139.40 - - [29/Mar/2021:11:47:24 +0200] "GET /images/big_prod/3609810072039.jpg HTTP/1.1" 200 214928 "-" "Mozilla/5.0 (compatible; bingbot/2.0; +http://www.bing.com/bingbot.htm)"
13.66.139.37 - - [29/Mar/2021:11:51:11 +0200] "GET /images/big_prod/3503420107740.jpg HTTP/1.1" 200 80919 "-" "Mozilla/5.0 (compatible; bingbot/2.0; +http://www.bing.com/bingbot.htm)"
40.77.167.89 - - [29/Mar/2021:11:54:51 +0200] "GET /robots.txt HTTP/1.1" 200 2438 "-" "Mozilla/5.0 (compatible; bingbot/2.0; +http://www.bing.com/bingbot.htm)"
216.244.66.242 - - [29/Mar/2021:11:55:09 +0200] "GET /robots.txt HTTP/1.1" 200 2438 "-" "Mozilla/5.0 (compatible; DotBot/1.2; +https://opensiteexplorer.org/dotbot; help@moz.com)"
66.249.70.36 - - [29/Mar/2021:11:59:03 +0200] "GET /images/big_prod/8424001737413.jpg HTTP/1.1" 200 81892 "-" "Googlebot-Image/1.0"
5.255.231.71 - - [29/Mar/2021:11:59:17 +0200] "GET /images/8006180201956.jpg HTTP/1.1" 200 45240 "-" "Mozilla/5.0 (compatible; YandexImages/3.0; +http://yandex.com/bots)"
13.66.139.99 - - [29/Mar/2021:11:59:21 +0200] "GET /images/big_prod/720322284086.jpg HTTP/1.1" 200 82294 "-" "Mozilla/5.0 (compatible; bingbot/2.0; +http://www.bing.com/bingbot.htm)"
95.163.255.120 - - [29/Mar/2021:12:02:36 +0200] "GET /robots.txt HTTP/1.0" 200 2438 "-" "Mozilla/5.0 (compatible; Linux x86_64; Mail.RU_Bot/Img/2.0; +http://go.mail.ru/help/robots)"
95.163.255.198 - - [29/Mar/2021:12:02:50 +0200] "GET /images/30792.jpg HTTP/1.1" 200 43683 "http://go.mail.ru/search_images" "Mozilla/5.0 (compatible; Linux x86_64; Mail.RU_Bot/Img/2.0; +http://go.mail.ru/help/robots)"
95.163.255.129 - - [29/Mar/2021:12:03:04 +0200] "GET /images/1399984243404.jpg HTTP/1.1" 200 20110 "http://go.mail.ru/search_images" "Mozilla/5.0 (compatible; Linux x86_64; Mail.RU_Bot/Img/2.0; +http://go.mail.ru/help/robots)"
95.163.255.141 - - [29/Mar/2021:12:03:16 +0200] "GET /images/8009233802391.jpg HTTP/1.1" 200 39309 "http://go.mail.ru/search_images" "Mozilla/5.0 (compatible; Linux x86_64; Mail.RU_Bot/Img/2.0; +http://go.mail.ru/help/robots)"
13.66.139.40 - - [29/Mar/2021:12:04:46 +0200] "GET /images/1341689750626.jpg HTTP/1.1" 200 141489 "-" "Mozilla/5.0 (compatible; bingbot/2.0; +http://www.bing.com/bingbot.htm)"
66.249.82.116 - - [29/Mar/2021:12:05:23 +0200] "GET /images/big_prod/1300000019972.jpg HTTP/1.1" 200 162015 "-" "Mozilla/5.0 (Windows NT 5.1; rv:11.0) Gecko Firefox/11.0 (via ggpht.com GoogleImageProxy)"
1.129.106.195 - - [29/Mar/2021:12:05:36 +0200] "GET /highslide/highslide.js HTTP/1.1" 200 42909 "http://www.wonder-geek.com/sigil-lucifer-satatic-book-handbag-shape-book-p-40613.html" "Mozilla/5.0 (Macintosh; Intel Mac OS X 10_15_6) AppleWebKit/605.1.15 (KHTML, like Gecko) Version/14.0.1 Safari/605.1.15"
1.129.106.195 - - [29/Mar/2021:12:05:36 +0200] "GET /templates/Pixame_v1/stylesheet.css HTTP/1.1" 200 56057 "http://www.wonder-geek.com/sigil-lucifer-satatic-book-handbag-shape-book-p-40613.html" "Mozilla/5.0 (Macintosh; Intel Mac OS X 10_15_6) AppleWebKit/605.1.15 (KHTML, like Gecko) Version/14.0.1 Safari/605.1.15"
1.129.106.195 - - [29/Mar/2021:12:05:36 +0200] "GET /js/jquery.js HTTP/1.1" 200 54075 "http://www.wonder-geek.com/sigil-lucifer-satatic-book-handbag-shape-book-p-40613.html" "Mozilla/5.0 (Macintosh; Intel Mac OS X 10_15_6) AppleWebKit/605.1.15 (KHTML, like Gecko) Version/14.0.1 Safari/605.1.15"
1.129.106.195 - - [29/Mar/2021:12:05:36 +0200] "GET /js/jquery.jqzoom.js HTTP/1.1" 200 4761 "http://www.wonder-geek.com/sigil-lucifer-satatic-book-handbag-shape-book-p-40613.html" "Mozilla/5.0 (Macintosh; Intel Mac OS X 10_15_6) AppleWebKit/605.1.15 (KHTML, like Gecko) Version/14.0.1 Safari/605.1.15"
1.129.106.195 - - [29/Mar/2021:12:05:37 +0200] "GET /mondial_relay/js/jquery-1.3.2.min.js HTTP/1.1" 200 57254 "http://www.wonder-geek.com/sigil-lucifer-satatic-book-handbag-shape-book-p-40613.html" "Mozilla/5.0 (Macintosh; Intel Mac OS X 10_15_6) AppleWebKit/605.1.15 (KHTML, like Gecko) Version/14.0.1 Safari/605.1.15"
1.129.106.195 - - [29/Mar/2021:12:05:37 +0200] "GET /templates/Pixame_v1/images/icon_accueil2.png HTTP/1.1" 200 1137 "http://www.wonder-geek.com/sigil-lucifer-satatic-book-handbag-shape-book-p-40613.html" "Mozilla/5.0 (Macintosh; Intel Mac OS X 10_15_6) AppleWebKit/605.1.15 (KHTML, like Gecko) Version/14.0.1 Safari/605.1.15"
1.129.106.195 - - [29/Mar/2021:12:05:38 +0200] "GET /images/big_prod_2/c1300000019972.jpg HTTP/1.1" 200 123131 "http://www.wonder-geek.com/sigil-lucifer-satatic-book-handbag-shape-book-p-40613.html" "Mozilla/5.0 (Macintosh; Intel Mac OS X 10_15_6) AppleWebKit/605.1.15 (KHTML, like Gecko) Version/14.0.1 Safari/605.1.15"
1.129.106.195 - - [29/Mar/2021:12:05:38 +0200] "GET /images/big_prod_1/b1300000019972.jpg HTTP/1.1" 200 76171 "http://www.wonder-geek.com/sigil-lucifer-satatic-book-handbag-shape-book-p-40613.html" "Mozilla/5.0 (Macintosh; Intel Mac OS X 10_15_6) AppleWebKit/605.1.15 (KHTML, like Gecko) Version/14.0.1 Safari/605.1.15"
1.129.106.195 - - [29/Mar/2021:12:05:38 +0200] "GET /templates/Pixame_v1/images/Bottom_texture.jpg HTTP/1.1" 200 56290 "http://www.wonder-geek.com/sigil-lucifer-satatic-book-handbag-shape-book-p-40613.html" "Mozilla/5.0 (Macintosh; Intel Mac OS X 10_15_6) AppleWebKit/605.1.15 (KHTML, like Gecko) Version/14.0.1 Safari/605.1.15"
1.129.106.195 - - [29/Mar/2021:12:05:38 +0200] "GET /images/big_prod/1300000019972.jpg HTTP/1.1" 200 162015 "http://www.wonder-geek.com/sigil-lucifer-satatic-book-handbag-shape-book-p-40613.html" "Mozilla/5.0 (Macintosh; Intel Mac OS X 10_15_6) AppleWebKit/605.1.15 (KHTML, like Gecko) Version/14.0.1 Safari/605.1.15"
1.129.106.195 - - [29/Mar/2021:12:05:38 +0200] "GET /templates/Pixame_v1/images/buttons/english/button_in_cart.gif HTTP/1.1" 200 1212 "http://www.wonder-geek.com/sigil-lucifer-satatic-book-handbag-shape-book-p-40613.html" "Mozilla/5.0 (Macintosh; Intel Mac OS X 10_15_6) AppleWebKit/605.1.15 (KHTML, like Gecko) Version/14.0.1 Safari/605.1.15"
1.129.106.195 - - [29/Mar/2021:12:05:38 +0200] "GET /images/big_prod_3/d1300000019972.jpg HTTP/1.1" 200 123666 "http://www.wonder-geek.com/sigil-lucifer-satatic-book-handbag-shape-book-p-40613.html" "Mozilla/5.0 (Macintosh; Intel Mac OS X 10_15_6) AppleWebKit/605.1.15 (KHTML, like Gecko) Version/14.0.1 Safari/605.1.15"
1.129.106.195 - - [29/Mar/2021:12:05:38 +0200] "GET /templates/Pixame_v1/images/nav.png HTTP/1.1" 200 1283 "http://www.wonder-geek.com/sigil-lucifer-satatic-book-handbag-shape-book-p-40613.html" "Mozilla/5.0 (Macintosh; Intel Mac OS X 10_15_6) AppleWebKit/605.1.15 (KHTML, like Gecko) Version/14.0.1 Safari/605.1.15"
1.129.106.195 - - [29/Mar/2021:12:05:39 +0200] "GET /design/productsenstock.png HTTP/1.1" 200 4743 "http://www.wonder-geek.com/sigil-lucifer-satatic-book-handbag-shape-book-p-40613.html" "Mozilla/5.0 (Macintosh; Intel Mac OS X 10_15_6) AppleWebKit/605.1.15 (KHTML, like Gecko) Version/14.0.1 Safari/605.1.15"
1.129.106.195 - - [29/Mar/2021:12:05:39 +0200] "GET /templates/Pixame_v1/images/header-object.png HTTP/1.1" 200 106050 "http://www.wonder-geek.com/sigil-lucifer-satatic-book-handbag-shape-book-p-40613.html" "Mozilla/5.0 (Macintosh; Intel Mac OS X 10_15_6) AppleWebKit/605.1.15 (KHTML, like Gecko) Version/14.0.1 Safari/605.1.15"
1.129.106.195 - - [29/Mar/2021:12:05:39 +0200] "GET /templates/Pixame_v1/images/header.png HTTP/1.1" 200 70245 "http://www.wonder-geek.com/sigil-lucifer-satatic-book-handbag-shape-book-p-40613.html" "Mozilla/5.0 (Macintosh; Intel Mac OS X 10_15_6) AppleWebKit/605.1.15 (KHTML, like Gecko) Version/14.0.1 Safari/605.1.15"
1.129.106.195 - - [29/Mar/2021:12:05:40 +0200] "GET /templates/Pixame_v1/images/Middle_texture.jpg HTTP/1.1" 200 249620 "http://www.wonder-geek.com/sigil-lucifer-satatic-book-handbag-shape-book-p-40613.html" "Mozilla/5.0 (Macintosh; Intel Mac OS X 10_15_6) AppleWebKit/605.1.15 (KHTML, like Gecko) Version/14.0.1 Safari/605.1.15"
1.129.106.195 - - [29/Mar/2021:12:05:41 +0200] "GET /highslide/graphics/outlines/drop-shadow.png HTTP/1.1" 200 2022 "http://www.wonder-geek.com/sigil-lucifer-satatic-book-handbag-shape-book-p-40613.html" "Mozilla/5.0 (Macintosh; Intel Mac OS X 10_15_6) AppleWebKit/605.1.15 (KHTML, like Gecko) Version/14.0.1 Safari/605.1.15"
1.129.19.230 - - [29/Mar/2021:12:05:41 +0200] "GET /favicon.ico HTTP/1.1" 200 1591 "http://www.wonder-geek.com/sigil-lucifer-satatic-book-handbag-shape-book-p-40613.html" "Mozilla/5.0 (Macintosh; Intel Mac OS X 10_15_6) AppleWebKit/605.1.15 (KHTML, like Gecko) Version/14.0.1 Safari/605.1.15"
13.66.139.37 - - [29/Mar/2021:12:07:12 +0200] "GET /images/med_prod/1399984284315N.jpg HTTP/1.1" 200 129048 "-" "Mozilla/5.0 (compatible; bingbot/2.0; +http://www.bing.com/bingbot.htm)"
66.249.70.36 - - [29/Mar/2021:12:11:03 +0200] "GET /images/4010078422228.jpg HTTP/1.1" 200 28770 "-" "Googlebot-Image/1.0"
147.92.153.2 - - [29/Mar/2021:12:13:44 +0200] "GET /images/big_prod_1/8424001326242B.jpg HTTP/1.1" 200 90568 "-" "Mozilla/5.0 (compatible; Linespider/1.1; +https://lin.ee/4dwXkTH)"
40.77.167.19 - - [29/Mar/2021:12:16:37 +0200] "GET /images/3700653500830.jpg HTTP/1.1" 200 44434 "-" "Mozilla/5.0 (compatible; bingbot/2.0; +http://www.bing.com/bingbot.htm)"
13.66.139.40 - - [29/Mar/2021:12:20:28 +0200] "GET /images/big_prod_1/1384010204214a.jpg HTTP/1.1" 200 124283 "-" "Mozilla/5.0 (compatible; bingbot/2.0; +http://www.bing.com/bingbot.htm)"
66.249.70.36 - - [29/Mar/2021:12:23:03 +0200] "GET /images/big_prod/3609810059603.jpg HTTP/1.1" 200 153114 "-" "Googlebot-Image/1.0"
185.191.171.8 - - [29/Mar/2021:12:26:17 +0200] "GET /robots.txt HTTP/1.1" 200 2438 "-" "Mozilla/5.0 (compatible; SemrushBot/7~bl; +http://www.semrush.com/bot.html)"
13.66.139.99 - - [29/Mar/2021:12:27:29 +0200] "GET /images/3684225058366.jpg HTTP/1.1" 200 34980 "-" "Mozilla/5.0 (compatible; bingbot/2.0; +http://www.bing.com/bingbot.htm)"
13.66.139.99 - - [29/Mar/2021:12:28:51 +0200] "GET /images/3272760387487.jpg HTTP/1.1" 200 29421 "-" "Mozilla/5.0 (compatible; bingbot/2.0; +http://www.bing.com/bingbot.htm)"
35.196.78.20 - - [29/Mar/2021:12:30:58 +0200] "GET /robots.txt HTTP/1.0" 200 2438 "-" "ZoominfoBot (zoominfobot at zoominfo dot com)"
66.249.70.36 - - [29/Mar/2021:12:35:03 +0200] "GET /images/big_prod/8424017389309.jpg HTTP/1.1" 200 314520 "-" "Googlebot-Image/1.0"
147.92.153.13 - - [29/Mar/2021:12:35:06 +0200] "GET /images/big_prod/3574641009373.jpg HTTP/1.1" 200 50670 "-" "Mozilla/5.0 (compatible; Linespider/1.1; +https://lin.ee/4dwXkTH)"
35.196.78.20 - - [29/Mar/2021:12:36:46 +0200] "GET /robots.txt HTTP/1.1" 200 2438 "-" "ZoominfoBot (zoominfobot at zoominfo dot com)"
13.66.139.37 - - [29/Mar/2021:12:44:16 +0200] "GET /images/big_prod_2/3660173235608b.jpg HTTP/1.1" 200 67552 "-" "Mozilla/5.0 (compatible; bingbot/2.0; +http://www.bing.com/bingbot.htm)"
13.66.139.2 - - [29/Mar/2021:12:45:16 +0200] "GET /images/big_prod/1384010204504.jpg HTTP/1.1" 200 82485 "-" "Mozilla/5.0 (compatible; bingbot/2.0; +http://www.bing.com/bingbot.htm)"
147.92.153.10 - - [29/Mar/2021:12:45:46 +0200] "GET /images/big_prod/3574641009441.jpg HTTP/1.1" 200 48591 "-" "Mozilla/5.0 (compatible; Linespider/1.1; +https://lin.ee/4dwXkTH)"
66.249.70.33 - - [29/Mar/2021:12:47:03 +0200] "GET /images/big_prod/3609810083264a.jpg HTTP/1.1" 200 203183 "-" "Googlebot-Image/1.0"
40.77.167.17 - - [29/Mar/2021:12:47:40 +0200] "GET /js/jquery.js HTTP/1.1" 200 54075 "-" "Mozilla/5.0 (compatible; bingbot/2.0; +http://www.bing.com/bingbot.htm)"
40.77.167.17 - - [29/Mar/2021:12:47:40 +0200] "GET /js/jquery.js HTTP/1.1" 200 54075 "-" "Mozilla/5.0 (compatible; bingbot/2.0; +http://www.bing.com/bingbot.htm)"
13.66.139.37 - - [29/Mar/2021:12:47:55 +0200] "GET /images/8849233801259.jpg HTTP/1.1" 200 35310 "-" "Mozilla/5.0 (compatible; bingbot/2.0; +http://www.bing.com/bingbot.htm)"
51.104.180.47 - - [29/Mar/2021:12:52:15 +0200] "GET /images/DSCN4032.jpg HTTP/1.1" 200 25042 "-" "DuckDuckBot/1.1; (+http://duckduckgo.com/duckduckbot.html)"
198.204.239.2 - - [29/Mar/2021:12:54:14 +0200] "GET /images/1300010240403.jpg HTTP/1.1" 200 146523 "http://wonder-geek.com/wolverine-marvel-super-hero-mashers-articulate-figurine-p-29858.html" "Mozilla/5.0 (Linux; Android 7.0; TRT-TL10A Build/HUAWEITRT-TL10A; wv) AppleWebKit/537.36 (KHTML, like Gecko) Version/4.0 Chrome/63.0.3239.83 Mobile Safari/537.36 T7/10.13 baiduboxapp/10.13.0.11 (Baidu; P1 7.0)"
147.92.153.7 - - [29/Mar/2021:12:56:26 +0200] "GET /images/big_prod/3574641009458.jpg HTTP/1.1" 200 48335 "-" "Mozilla/5.0 (compatible; Linespider/1.1; +https://lin.ee/4dwXkTH)"
216.244.66.242 - - [29/Mar/2021:12:59:50 +0200] "GET /robots.txt HTTP/1.1" 200 2438 "-" "Mozilla/5.0 (compatible; DotBot/1.2; +https://opensiteexplorer.org/dotbot; help@moz.com)"
66.249.82.114 - - [29/Mar/2021:13:04:12 +0200] "GET /images/med_prod/1341689419929.jpg HTTP/1.1" 200 154632 "-" "Mozilla/5.0 (Windows NT 5.1; rv:11.0) Gecko Firefox/11.0 (via ggpht.com GoogleImageProxy)"
147.92.153.13 - - [29/Mar/2021:13:07:06 +0200] "GET /images/big_prod/3014627558919.jpg HTTP/1.1" 200 122950 "-" "Mozilla/5.0 (compatible; Linespider/1.1; +https://lin.ee/4dwXkTH)"
106.11.152.81 - - [29/Mar/2021:13:08:10 +0200] "GET /images/mini_prod/DSCN0576.gif HTTP/1.1" 200 16005 "http://www.wonder-geek.com/swimwear-c-2_35.html" "YisouSpider"
106.11.156.72 - - [29/Mar/2021:13:08:11 +0200] "GET /robots.txt HTTP/1.1" 200 2438 "-" "YisouSpider"
13.66.139.36 - - [29/Mar/2021:13:09:38 +0200] "GET /images/B00316-copie-4.jpg HTTP/1.1" 200 28017 "-" "Mozilla/5.0 (compatible; bingbot/2.0; +http://www.bing.com/bingbot.htm)"
13.66.139.99 - - [29/Mar/2021:13:15:56 +0200] "GET /images/big_prod/13041689288921.jpg HTTP/1.1" 200 149884 "-" "Mozilla/5.0 (compatible; bingbot/2.0; +http://www.bing.com/bingbot.htm)"
13.66.139.36 - - [29/Mar/2021:13:16:49 +0200] "GET /images/big_prod/8422001017689.jpg HTTP/1.1" 200 81460 "-" "Mozilla/5.0 (compatible; bingbot/2.0; +http://www.bing.com/bingbot.htm)"
147.92.153.14 - - [29/Mar/2021:13:17:46 +0200] "GET /images/big_prod/3014627889389.jpg HTTP/1.1" 200 101519 "-" "Mozilla/5.0 (compatible; Linespider/1.1; +https://lin.ee/4dwXkTH)"
13.66.139.99 - - [29/Mar/2021:13:19:00 +0200] "GET /images/big_prod_1/4260082936451a.jpg HTTP/1.1" 200 393697 "-" "Mozilla/5.0 (compatible; bingbot/2.0; +http://www.bing.com/bingbot.htm)"
13.66.139.37 - - [29/Mar/2021:13:19:52 +0200] "GET /images/big_prod_1/b3608860071832.jpg HTTP/1.1" 200 145468 "-" "Mozilla/5.0 (compatible; bingbot/2.0; +http://www.bing.com/bingbot.htm)"
40.77.167.17 - - [29/Mar/2021:13:20:43 +0200] "GET /js/jquery.js HTTP/1.1" 200 54075 "-" "Mozilla/5.0 (compatible; bingbot/2.0; +http://www.bing.com/bingbot.htm)"
185.191.171.40 - - [29/Mar/2021:13:26:21 +0200] "GET /robots.txt HTTP/1.1" 200 2438 "-" "Mozilla/5.0 (compatible; SemrushBot/7~bl; +http://www.semrush.com/bot.html)"
13.66.139.37 - - [29/Mar/2021:13:27:21 +0200] "GET /images/med_prod/5012128424182.jpg HTTP/1.1" 200 153199 "-" "Mozilla/5.0 (compatible; bingbot/2.0; +http://www.bing.com/bingbot.htm)"
147.92.153.1 - - [29/Mar/2021:13:28:26 +0200] "GET /images/big_prod/3418176227003.jpg HTTP/1.1" 200 52547 "-" "Mozilla/5.0 (compatible; Linespider/1.1; +https://lin.ee/4dwXkTH)"
13.66.139.40 - - [29/Mar/2021:13:30:15 +0200] "GET /images/med_prod/1341689313944.jpg HTTP/1.1" 200 113011 "-" "Mozilla/5.0 (compatible; bingbot/2.0; +http://www.bing.com/bingbot.htm)"
66.249.81.166 - - [29/Mar/2021:13:30:16 +0200] "GET /images/1399984253182bis.jpg HTTP/1.1" 200 90144 "-" "Mozilla/5.0 (Windows NT 5.1; rv:11.0) Gecko Firefox/11.0 (via ggpht.com GoogleImageProxy)"
13.66.139.2 - - [29/Mar/2021:13:31:13 +0200] "GET /images/big_prod/3609810036192.jpg HTTP/1.1" 200 95518 "-" "Mozilla/5.0 (compatible; bingbot/2.0; +http://www.bing.com/bingbot.htm)"
13.66.139.2 - - [29/Mar/2021:13:31:15 +0200] "GET /images/med_prod/1345544779173.jpg HTTP/1.1" 200 89594 "-" "Mozilla/5.0 (compatible; bingbot/2.0; +http://www.bing.com/bingbot.htm)"
5.255.231.71 - - [29/Mar/2021:13:36:08 +0200] "GET /robots.txt HTTP/1.1" 200 2438 "-" "Mozilla/5.0 (compatible; YandexBot/3.0; +http://yandex.com/bots)"
95.163.255.140 - - [29/Mar/2021:13:36:43 +0200] "GET /robots.txt HTTP/1.0" 200 2438 "-" "Mozilla/5.0 (compatible; Linux x86_64; Mail.RU_Bot/Img/2.0; +http://go.mail.ru/help/robots)"
95.163.255.130 - - [29/Mar/2021:13:36:58 +0200] "GET /images/8029759054708.jpg HTTP/1.1" 200 34448 "http://go.mail.ru/search_images" "Mozilla/5.0 (compatible; Linux x86_64; Mail.RU_Bot/Img/2.0; +http://go.mail.ru/help/robots)"
5.255.231.71 - - [29/Mar/2021:13:37:07 +0200] "GET /images/8003990609736.jpg HTTP/1.1" 200 73361 "-" "Mozilla/5.0 (compatible; YandexImages/3.0; +http://yandex.com/bots)"
13.66.139.40 - - [29/Mar/2021:13:38:07 +0200] "GET /images/big_prod/3281640391162N.jpg HTTP/1.1" 200 234018 "-" "Mozilla/5.0 (compatible; bingbot/2.0; +http://www.bing.com/bingbot.htm)"
147.92.153.9 - - [29/Mar/2021:13:39:06 +0200] "GET /images/big_prod/3418176237002.jpg HTTP/1.1" 200 48956 "-" "Mozilla/5.0 (compatible; Linespider/1.1; +https://lin.ee/4dwXkTH)"
13.66.139.2 - - [29/Mar/2021:13:41:08 +0200] "GET /images/big_prod/3681643219171.jpg HTTP/1.1" 200 179861 "-" "Mozilla/5.0 (compatible; bingbot/2.0; +http://www.bing.com/bingbot.htm)"
40.77.167.19 - - [29/Mar/2021:13:41:22 +0200] "GET /images/4036113221649.jpg HTTP/1.1" 200 63507 "-" "Mozilla/5.0 (compatible; bingbot/2.0; +http://www.bing.com/bingbot.htm)"
74.125.210.40 - - [29/Mar/2021:13:44:49 +0200] "GET /images/big_prod/3503420208379.jpg HTTP/1.1" 200 60238 "-" "Mozilla/5.0 (Windows NT 5.1; rv:11.0) Gecko Firefox/11.0 (via ggpht.com GoogleImageProxy)"
66.249.70.62 - - [29/Mar/2021:13:45:21 +0200] "GET /images/big_prod/8422022519117.jpg HTTP/1.1" 200 627731 "-" "Googlebot-Image/1.0"
13.66.139.2 - - [29/Mar/2021:13:45:26 +0200] "GET /images/big_prod_1/8433916685016N.jpg HTTP/1.1" 200 80392 "-" "Mozilla/5.0 (compatible; bingbot/2.0; +http://www.bing.com/bingbot.htm)"
66.249.70.36 - - [29/Mar/2021:13:47:42 +0200] "GET /images/mini_prod/8718375755617.jpg HTTP/1.1" 200 7471 "-" "Googlebot-Image/1.0"
147.92.153.11 - - [29/Mar/2021:13:49:46 +0200] "GET /images/big_prod/3574641009403.jpg HTTP/1.1" 200 52329 "-" "Mozilla/5.0 (compatible; Linespider/1.1; +https://lin.ee/4dwXkTH)"
13.66.139.99 - - [29/Mar/2021:13:51:19 +0200] "GET /images/big_prod/3665269058703a.jpg HTTP/1.1" 200 54969 "-" "Mozilla/5.0 (compatible; bingbot/2.0; +http://www.bing.com/bingbot.htm)"
66.249.70.33 - - [29/Mar/2021:13:55:20 +0200] "GET /images/mini_prod/3700281644524.jpg HTTP/1.1" 200 7963 "-" "Googlebot-Image/1.0"
40.77.167.17 - - [29/Mar/2021:13:55:31 +0200] "GET /js/jquery.js HTTP/1.1" 200 54075 "-" "Mozilla/5.0 (compatible; bingbot/2.0; +http://www.bing.com/bingbot.htm)"
13.66.139.36 - - [29/Mar/2021:13:56:42 +0200] "GET /images/big_prod_1/8422012213315B.jpg HTTP/1.1" 200 48286 "-" "Mozilla/5.0 (compatible; bingbot/2.0; +http://www.bing.com/bingbot.htm)"
147.92.153.6 - - [29/Mar/2021:14:00:22 +0200] "GET /robots.txt HTTP/1.1" 200 2438 "-" "Mozilla/5.0 (compatible; Linespider/1.1; +https://lin.ee/4dwXkTH)"
147.92.153.4 - - [29/Mar/2021:14:00:27 +0200] "GET /images/big_prod/3418176226105.jpg HTTP/1.1" 200 68388 "-" "Mozilla/5.0 (compatible; Linespider/1.1; +https://lin.ee/4dwXkTH)"
216.244.66.242 - - [29/Mar/2021:14:03:57 +0200] "GET /robots.txt HTTP/1.1" 200 2438 "-" "Mozilla/5.0 (compatible; DotBot/1.2; +https://opensiteexplorer.org/dotbot; help@moz.com)"
66.249.70.33 - - [29/Mar/2021:14:05:20 +0200] "GET /images/big_prod_1/8435153849602D.jpg HTTP/1.1" 200 83755 "-" "Googlebot-Image/1.0"
147.92.153.5 - - [29/Mar/2021:14:11:06 +0200] "GET /images/big_prod/3014627889327.jpg HTTP/1.1" 200 99466 "-" "Mozilla/5.0 (compatible; Linespider/1.1; +https://lin.ee/4dwXkTH)"
66.249.70.36 - - [29/Mar/2021:14:15:20 +0200] "GET /images/big_prod/1350214000006.jpg HTTP/1.1" 200 93920 "-" "Googlebot-Image/1.0"
157.55.39.174 - - [29/Mar/2021:14:20:08 +0200] "GET /robots.txt HTTP/1.1" 200 2438 "-" "Mozilla/5.0 (compatible; bingbot/2.0; +http://www.bing.com/bingbot.htm)"
147.92.153.6 - - [29/Mar/2021:14:21:47 +0200] "GET /images/big_prod/3014627889341.jpg HTTP/1.1" 200 99496 "-" "Mozilla/5.0 (compatible; Linespider/1.1; +https://lin.ee/4dwXkTH)"
185.191.171.34 - - [29/Mar/2021:14:26:59 +0200] "GET /robots.txt HTTP/1.1" 200 2438 "-" "Mozilla/5.0 (compatible; SemrushBot/7~bl; +http://www.semrush.com/bot.html)"
66.249.70.36 - - [29/Mar/2021:14:27:03 +0200] "GET /images/big_prod/1328399235117d.jpg HTTP/1.1" 200 94494 "-" "Googlebot-Image/1.0"
157.55.39.174 - - [29/Mar/2021:14:27:19 +0200] "GET /robots.txt HTTP/1.1" 200 2438 "-" "Mozilla/5.0 (compatible; bingbot/2.0; +http://www.bing.com/bingbot.htm)"
157.55.39.174 - - [29/Mar/2021:14:27:19 +0200] "GET /robots.txt HTTP/1.1" 200 2438 "-" "Mozilla/5.0 (compatible; bingbot/2.0; +http://www.bing.com/bingbot.htm)"
157.55.39.174 - - [29/Mar/2021:14:27:20 +0200] "GET /robots.txt HTTP/1.1" 200 2438 "-" "Mozilla/5.0 (compatible; bingbot/2.0; +http://www.bing.com/bingbot.htm)"
157.55.39.174 - - [29/Mar/2021:14:27:20 +0200] "GET /robots.txt HTTP/1.1" 200 2438 "-" "Mozilla/5.0 (compatible; bingbot/2.0; +http://www.bing.com/bingbot.htm)"
40.77.167.17 - - [29/Mar/2021:14:27:29 +0200] "GET /highslide/highslide.js HTTP/1.1" 200 42909 "-" "Mozilla/5.0 (iPhone; CPU iPhone OS 7_0 like Mac OS X) AppleWebKit/537.51.1 (KHTML, like Gecko) Version/7.0 Mobile/11A465 Safari/9537.53 (compatible; bingbot/2.0; +http://www.bing.com/bingbot.htm)"
40.77.167.17 - - [29/Mar/2021:14:27:33 +0200] "GET /js/jquery.js HTTP/1.1" 200 54075 "-" "Mozilla/5.0 (iPhone; CPU iPhone OS 7_0 like Mac OS X) AppleWebKit/537.51.1 (KHTML, like Gecko) Version/7.0 Mobile/11A465 Safari/9537.53 (compatible; bingbot/2.0; +http://www.bing.com/bingbot.htm)"
40.77.167.13 - - [29/Mar/2021:14:27:38 +0200] "GET /js/jquery.jqzoom.js HTTP/1.1" 200 4761 "-" "Mozilla/5.0 (iPhone; CPU iPhone OS 7_0 like Mac OS X) AppleWebKit/537.51.1 (KHTML, like Gecko) Version/7.0 Mobile/11A465 Safari/9537.53 (compatible; bingbot/2.0; +http://www.bing.com/bingbot.htm)"
40.77.167.19 - - [29/Mar/2021:14:27:58 +0200] "GET /mondial_relay/js/jquery-1.3.2.min.js HTTP/1.1" 200 57254 "-" "Mozilla/5.0 (iPhone; CPU iPhone OS 7_0 like Mac OS X) AppleWebKit/537.51.1 (KHTML, like Gecko) Version/7.0 Mobile/11A465 Safari/9537.53 (compatible; bingbot/2.0; +http://www.bing.com/bingbot.htm)"
40.77.167.17 - - [29/Mar/2021:14:28:14 +0200] "GET /js/jquery.js HTTP/1.1" 200 54075 "-" "Mozilla/5.0 (compatible; bingbot/2.0; +http://www.bing.com/bingbot.htm)"
147.92.153.13 - - [29/Mar/2021:14:32:27 +0200] "GET /images/big_prod/3014627889334.jpg HTTP/1.1" 200 99503 "-" "Mozilla/5.0 (compatible; Linespider/1.1; +https://lin.ee/4dwXkTH)"
147.92.153.12 - - [29/Mar/2021:14:43:07 +0200] "GET /images/big_prod/3418176236104.jpg HTTP/1.1" 200 69265 "-" "Mozilla/5.0 (compatible; Linespider/1.1; +https://lin.ee/4dwXkTH)"
66.249.70.62 - - [29/Mar/2021:14:47:10 +0200] "GET /images/big_prod/3660218970761.jpg HTTP/1.1" 200 148855 "-" "Googlebot-Image/1.0"
52.95.75.0 - - [29/Mar/2021:14:49:42 +0200] "GET /js/jquery.jqzoom.js HTTP/1.1" 200 4761 "http://www.wonder-geek.com/ford-mustang-metal-plate-p-43607.html" "Mozilla/5.0 (Windows NT 10.0; Win64; x64; rv:78.0) Gecko/20100101 Firefox/78.0"
52.95.75.0 - - [29/Mar/2021:14:49:42 +0200] "GET /highslide/highslide.js HTTP/1.1" 200 42909 "http://www.wonder-geek.com/ford-mustang-metal-plate-p-43607.html" "Mozilla/5.0 (Windows NT 10.0; Win64; x64; rv:78.0) Gecko/20100101 Firefox/78.0"
52.95.75.0 - - [29/Mar/2021:14:49:42 +0200] "GET /templates/Pixame_v1/stylesheet.css HTTP/1.1" 200 56057 "http://www.wonder-geek.com/ford-mustang-metal-plate-p-43607.html" "Mozilla/5.0 (Windows NT 10.0; Win64; x64; rv:78.0) Gecko/20100101 Firefox/78.0"
52.95.75.0 - - [29/Mar/2021:14:49:42 +0200] "GET /mondial_relay/js/jquery-1.3.2.min.js HTTP/1.1" 200 57254 "http://www.wonder-geek.com/ford-mustang-metal-plate-p-43607.html" "Mozilla/5.0 (Windows NT 10.0; Win64; x64; rv:78.0) Gecko/20100101 Firefox/78.0"
52.95.75.0 - - [29/Mar/2021:14:49:42 +0200] "GET /js/jquery.js HTTP/1.1" 200 54075 "http://www.wonder-geek.com/ford-mustang-metal-plate-p-43607.html" "Mozilla/5.0 (Windows NT 10.0; Win64; x64; rv:78.0) Gecko/20100101 Firefox/78.0"
52.95.75.0 - - [29/Mar/2021:14:49:43 +0200] "GET /templates/Pixame_v1/images/icon_accueil2.png HTTP/1.1" 200 1137 "http://www.wonder-geek.com/ford-mustang-metal-plate-p-43607.html" "Mozilla/5.0 (Windows NT 10.0; Win64; x64; rv:78.0) Gecko/20100101 Firefox/78.0"
52.95.75.0 - - [29/Mar/2021:14:49:43 +0200] "GET /templates/Pixame_v1/images/nav.png HTTP/1.1" 200 1283 "http://www.wonder-geek.com/templates/Pixame_v1/stylesheet.css" "Mozilla/5.0 (Windows NT 10.0; Win64; x64; rv:78.0) Gecko/20100101 Firefox/78.0"
52.95.75.0 - - [29/Mar/2021:14:49:43 +0200] "GET /templates/Pixame_v1/images/Bottom_texture.jpg HTTP/1.1" 200 56290 "http://www.wonder-geek.com/templates/Pixame_v1/stylesheet.css" "Mozilla/5.0 (Windows NT 10.0; Win64; x64; rv:78.0) Gecko/20100101 Firefox/78.0"
52.95.75.0 - - [29/Mar/2021:14:49:43 +0200] "GET /templates/Pixame_v1/images/buttons/english/button_in_cart.gif HTTP/1.1" 200 1212 "http://www.wonder-geek.com/ford-mustang-metal-plate-p-43607.html" "Mozilla/5.0 (Windows NT 10.0; Win64; x64; rv:78.0) Gecko/20100101 Firefox/78.0"
52.95.75.0 - - [29/Mar/2021:14:49:43 +0200] "GET /design/productsenstock.png HTTP/1.1" 200 4743 "http://www.wonder-geek.com/templates/Pixame_v1/stylesheet.css" "Mozilla/5.0 (Windows NT 10.0; Win64; x64; rv:78.0) Gecko/20100101 Firefox/78.0"
52.95.75.0 - - [29/Mar/2021:14:49:43 +0200] "GET /templates/Pixame_v1/images/header-object.png HTTP/1.1" 200 106050 "http://www.wonder-geek.com/templates/Pixame_v1/stylesheet.css" "Mozilla/5.0 (Windows NT 10.0; Win64; x64; rv:78.0) Gecko/20100101 Firefox/78.0"
52.95.75.0 - - [29/Mar/2021:14:49:43 +0200] "GET /images/big_prod/1905279112067.jpg HTTP/1.1" 200 130682 "http://www.wonder-geek.com/ford-mustang-metal-plate-p-43607.html" "Mozilla/5.0 (Windows NT 10.0; Win64; x64; rv:78.0) Gecko/20100101 Firefox/78.0"
52.95.75.0 - - [29/Mar/2021:14:49:43 +0200] "GET /templates/Pixame_v1/images/header.png HTTP/1.1" 200 70245 "http://www.wonder-geek.com/templates/Pixame_v1/stylesheet.css" "Mozilla/5.0 (Windows NT 10.0; Win64; x64; rv:78.0) Gecko/20100101 Firefox/78.0"
52.95.75.0 - - [29/Mar/2021:14:49:43 +0200] "GET /templates/Pixame_v1/images/Middle_texture.jpg HTTP/1.1" 200 249620 "http://www.wonder-geek.com/templates/Pixame_v1/stylesheet.css" "Mozilla/5.0 (Windows NT 10.0; Win64; x64; rv:78.0) Gecko/20100101 Firefox/78.0"
52.95.75.0 - - [29/Mar/2021:14:49:44 +0200] "GET /favicon.ico HTTP/1.1" 200 1591 "-" "Mozilla/5.0 (Windows NT 10.0; Win64; x64; rv:78.0) Gecko/20100101 Firefox/78.0"
52.95.75.0 - - [29/Mar/2021:14:49:44 +0200] "GET /highslide/graphics/outlines/drop-shadow.png HTTP/1.1" 200 2022 "http://www.wonder-geek.com/ford-mustang-metal-plate-p-43607.html" "Mozilla/5.0 (Windows NT 10.0; Win64; x64; rv:78.0) Gecko/20100101 Firefox/78.0"
147.92.153.14 - - [29/Mar/2021:14:53:47 +0200] "GET /images/big_prod/3418179113006.jpg HTTP/1.1" 200 90159 "-" "Mozilla/5.0 (compatible; Linespider/1.1; +https://lin.ee/4dwXkTH)"
5.255.231.71 - - [29/Mar/2021:14:56:26 +0200] "GET /images/big_prod/8717318115525.jpg HTTP/1.1" 200 94814 "-" "Mozilla/5.0 (compatible; YandexImages/3.0; +http://yandex.com/bots)"
40.77.167.17 - - [29/Mar/2021:14:57:32 +0200] "GET /js/jquery.js HTTP/1.1" 200 54075 "-" "Mozilla/5.0 (compatible; bingbot/2.0; +http://www.bing.com/bingbot.htm)"
40.77.167.17 - - [29/Mar/2021:14:57:33 +0200] "GET /js/jquery.js HTTP/1.1" 200 54075 "-" "Mozilla/5.0 (compatible; bingbot/2.0; +http://www.bing.com/bingbot.htm)"
40.77.202.138 - - [29/Mar/2021:14:58:30 +0200] "GET /templates/Pixame_v1/images/icon_accueil2.png HTTP/1.1" 200 1137 "http://www.wonder-geek.com/bugs-bunny-straight-shot-glass-p-4196.html" "Mozilla/5.0 (iPhone; CPU iPhone OS 7_0 like Mac OS X) AppleWebKit/537.51.1 (KHTML, like Gecko) Version/7.0 Mobile/11A465 Safari/9537.53 BingPreview/1.0b"
40.77.202.138 - - [29/Mar/2021:14:58:31 +0200] "GET /templates/Pixame_v1/stylesheet.css HTTP/1.1" 200 56057 "http://www.wonder-geek.com/bugs-bunny-straight-shot-glass-p-4196.html" "Mozilla/5.0 (iPhone; CPU iPhone OS 7_0 like Mac OS X) AppleWebKit/537.51.1 (KHTML, like Gecko) Version/7.0 Mobile/11A465 Safari/9537.53 BingPreview/1.0b"
40.77.202.138 - - [29/Mar/2021:14:58:31 +0200] "GET /templates/Pixame_v1/images/nav.png HTTP/1.1" 200 1283 "http://www.wonder-geek.com/templates/Pixame_v1/stylesheet.css" "Mozilla/5.0 (iPhone; CPU iPhone OS 7_0 like Mac OS X) AppleWebKit/537.51.1 (KHTML, like Gecko) Version/7.0 Mobile/11A465 Safari/9537.53 BingPreview/1.0b"
40.77.202.138 - - [29/Mar/2021:14:58:31 +0200] "GET /templates/Pixame_v1/images/Bottom_texture.jpg HTTP/1.1" 200 56290 "http://www.wonder-geek.com/templates/Pixame_v1/stylesheet.css" "Mozilla/5.0 (iPhone; CPU iPhone OS 7_0 like Mac OS X) AppleWebKit/537.51.1 (KHTML, like Gecko) Version/7.0 Mobile/11A465 Safari/9537.53 BingPreview/1.0b"
40.77.202.138 - - [29/Mar/2021:14:58:31 +0200] "GET /design/productsenstock.png HTTP/1.1" 200 4743 "http://www.wonder-geek.com/templates/Pixame_v1/stylesheet.css" "Mozilla/5.0 (iPhone; CPU iPhone OS 7_0 like Mac OS X) AppleWebKit/537.51.1 (KHTML, like Gecko) Version/7.0 Mobile/11A465 Safari/9537.53 BingPreview/1.0b"
40.77.202.138 - - [29/Mar/2021:14:58:32 +0200] "GET /templates/Pixame_v1/images/header.png HTTP/1.1" 200 70245 "http://www.wonder-geek.com/templates/Pixame_v1/stylesheet.css" "Mozilla/5.0 (iPhone; CPU iPhone OS 7_0 like Mac OS X) AppleWebKit/537.51.1 (KHTML, like Gecko) Version/7.0 Mobile/11A465 Safari/9537.53 BingPreview/1.0b"
40.77.202.138 - - [29/Mar/2021:14:58:32 +0200] "GET /templates/Pixame_v1/images/header-object.png HTTP/1.1" 200 106050 "http://www.wonder-geek.com/templates/Pixame_v1/stylesheet.css" "Mozilla/5.0 (iPhone; CPU iPhone OS 7_0 like Mac OS X) AppleWebKit/537.51.1 (KHTML, like Gecko) Version/7.0 Mobile/11A465 Safari/9537.53 BingPreview/1.0b"
40.77.202.138 - - [29/Mar/2021:14:58:32 +0200] "GET /templates/Pixame_v1/images/Middle_texture.jpg HTTP/1.1" 200 249620 "http://www.wonder-geek.com/templates/Pixame_v1/stylesheet.css" "Mozilla/5.0 (iPhone; CPU iPhone OS 7_0 like Mac OS X) AppleWebKit/537.51.1 (KHTML, like Gecko) Version/7.0 Mobile/11A465 Safari/9537.53 BingPreview/1.0b"
40.77.202.138 - - [29/Mar/2021:14:58:33 +0200] "GET /highslide/graphics/outlines/drop-shadow.png HTTP/1.1" 200 2022 "http://www.wonder-geek.com/bugs-bunny-straight-shot-glass-p-4196.html" "Mozilla/5.0 (iPhone; CPU iPhone OS 7_0 like Mac OS X) AppleWebKit/537.51.1 (KHTML, like Gecko) Version/7.0 Mobile/11A465 Safari/9537.53 BingPreview/1.0b"
157.55.39.174 - - [29/Mar/2021:14:58:43 +0200] "GET /robots.txt HTTP/1.1" 200 2438 "-" "Mozilla/5.0 (compatible; bingbot/2.0; +http://www.bing.com/bingbot.htm)"
157.55.39.174 - - [29/Mar/2021:14:58:43 +0200] "GET /robots.txt HTTP/1.1" 200 2438 "-" "Mozilla/5.0 (compatible; bingbot/2.0; +http://www.bing.com/bingbot.htm)"
157.55.39.174 - - [29/Mar/2021:14:58:43 +0200] "GET /robots.txt HTTP/1.1" 200 2438 "-" "Mozilla/5.0 (compatible; bingbot/2.0; +http://www.bing.com/bingbot.htm)"
157.55.39.174 - - [29/Mar/2021:14:58:43 +0200] "GET /robots.txt HTTP/1.1" 200 2438 "-" "Mozilla/5.0 (compatible; bingbot/2.0; +http://www.bing.com/bingbot.htm)"
66.249.70.36 - - [29/Mar/2021:15:02:03 +0200] "GET /images/big_prod_2/c8435465005734.jpg HTTP/1.1" 200 82919 "-" "Googlebot-Image/1.0"
147.92.153.16 - - [29/Mar/2021:15:04:27 +0200] "GET /images/big_prod/3418176217004.jpg HTTP/1.1" 200 48497 "-" "Mozilla/5.0 (compatible; Linespider/1.1; +https://lin.ee/4dwXkTH)"
216.244.66.242 - - [29/Mar/2021:15:09:12 +0200] "GET /robots.txt HTTP/1.1" 200 2438 "-" "Mozilla/5.0 (compatible; DotBot/1.2; +https://opensiteexplorer.org/dotbot; help@moz.com)"
66.249.81.163 - - [29/Mar/2021:15:11:25 +0200] "GET /images/5018997517215.jpg HTTP/1.1" 200 116643 "-" "Mozilla/5.0 (Windows NT 5.1; rv:11.0) Gecko Firefox/11.0 (via ggpht.com GoogleImageProxy)"
147.92.153.14 - - [29/Mar/2021:15:15:07 +0200] "GET /images/big_prod/b3418176216106.jpg HTTP/1.1" 200 83595 "-" "Mozilla/5.0 (compatible; Linespider/1.1; +https://lin.ee/4dwXkTH)"
66.249.70.36 - - [29/Mar/2021:15:17:03 +0200] "GET /images/big_prod/5415203852823.jpg HTTP/1.1" 200 61530 "-" "Googlebot-Image/1.0"
157.55.39.174 - - [29/Mar/2021:15:19:14 +0200] "GET /robots.txt HTTP/1.1" 200 2438 "-" "Mozilla/5.0 (compatible; bingbot/2.0; +http://www.bing.com/bingbot.htm)"
114.119.139.172 - - [29/Mar/2021:15:21:02 +0200] "GET /robots.txt HTTP/1.1" 200 2438 "-" "(compatible;PetalBot;+https://aspiegel.com/petalbot)"
5.255.231.71 - - [29/Mar/2021:15:23:01 +0200] "GET /robots.txt HTTP/1.1" 200 2438 "-" "Mozilla/5.0 (compatible; YandexBot/3.0; +http://yandex.com/bots)"
147.92.153.7 - - [29/Mar/2021:15:25:47 +0200] "GET /images/big_prod/8003990628102a.jpg HTTP/1.1" 200 111057 "-" "Mozilla/5.0 (compatible; Linespider/1.1; +https://lin.ee/4dwXkTH)"
185.191.171.1 - - [29/Mar/2021:15:27:08 +0200] "GET /robots.txt HTTP/1.1" 200 2438 "-" "Mozilla/5.0 (compatible; SemrushBot/7~bl; +http://www.semrush.com/bot.html)"
213.180.203.24 - - [29/Mar/2021:15:29:08 +0200] "GET /images/med_prod/8412497761951.jpg HTTP/1.1" 200 125259 "-" "Mozilla/5.0 (compatible; YandexImages/3.0; +http://yandex.com/bots)"
66.249.70.62 - - [29/Mar/2021:15:32:03 +0200] "GET /images/med_prod/8412497761197.jpg HTTP/1.1" 200 99379 "-" "Googlebot-Image/1.0"
40.77.167.17 - - [29/Mar/2021:15:40:57 +0200] "GET /images/big_prod/10609a.jpg HTTP/1.1" 200 39722 "-" "Mozilla/5.0 (compatible; bingbot/2.0; +http://www.bing.com/bingbot.htm)"
66.249.70.36 - - [29/Mar/2021:15:45:23 +0200] "GET /images/big_prod/3281640423009.jpg HTTP/1.1" 200 150734 "-" "Googlebot-Image/1.0"
92.220.10.100 - - [29/Mar/2021:15:53:41 +0200] "GET /robots.txt HTTP/1.1" 200 2438 "-" "Mozilla/5.0 (compatible; MJ12bot/v1.4.8; http://mj12bot.com/)"
185.232.52.160 - - [29/Mar/2021:15:54:16 +0200] "GET /images/med_prod/4012390355017.jpg HTTP/1.1" 200 154531 "http://www.wonder-geek.com/doll-minilara-dangling-plush-30-cm-p-33419.html" "Mozilla/5.0 (Linux; U; Android 4.1.2; zh-cn; HUAWEI MT1-U06 Build/HuaweiMT1-U06) AppleWebKit/534.30 (KHTML, like Gecko) Version/4.0 Mobile Safari/534.30 baiduboxapp/042_2.7.3_diordna_8021_027/IEWAUH_61_2.1.4_60U-1TM+IEWAUH/7300001a/91E050E40679F078E51FD06CD5BF0A43%7C544176010472968/1"
66.249.70.36 - - [29/Mar/2021:15:56:03 +0200] "GET /images/mini_prod/8445148004213.jpg HTTP/1.1" 200 7721 "-" "Googlebot-Image/1.0"
179.26.73.88 - - [29/Mar/2021:16:07:55 +0200] "GET /templates/Pixame_v1/stylesheet.css HTTP/1.1" 200 56057 "http://www.wonder-geek.com/pepe-jeans-kensington-laptop-p-41324.html" "Mozilla/5.0 (Windows NT 6.1; Win64; x64) AppleWebKit/537.36 (KHTML, like Gecko) Chrome/89.0.4389.90 Safari/537.36"
179.26.73.88 - - [29/Mar/2021:16:07:55 +0200] "GET /highslide/highslide.js HTTP/1.1" 200 42909 "http://www.wonder-geek.com/pepe-jeans-kensington-laptop-p-41324.html" "Mozilla/5.0 (Windows NT 6.1; Win64; x64) AppleWebKit/537.36 (KHTML, like Gecko) Chrome/89.0.4389.90 Safari/537.36"
179.26.73.88 - - [29/Mar/2021:16:07:56 +0200] "GET /js/jquery.jqzoom.js HTTP/1.1" 200 4761 "http://www.wonder-geek.com/pepe-jeans-kensington-laptop-p-41324.html" "Mozilla/5.0 (Windows NT 6.1; Win64; x64) AppleWebKit/537.36 (KHTML, like Gecko) Chrome/89.0.4389.90 Safari/537.36"
179.26.73.88 - - [29/Mar/2021:16:07:56 +0200] "GET /js/jquery.js HTTP/1.1" 200 54075 "http://www.wonder-geek.com/pepe-jeans-kensington-laptop-p-41324.html" "Mozilla/5.0 (Windows NT 6.1; Win64; x64) AppleWebKit/537.36 (KHTML, like Gecko) Chrome/89.0.4389.90 Safari/537.36"
179.26.73.88 - - [29/Mar/2021:16:07:56 +0200] "GET /mondial_relay/js/jquery-1.3.2.min.js HTTP/1.1" 200 57254 "http://www.wonder-geek.com/pepe-jeans-kensington-laptop-p-41324.html" "Mozilla/5.0 (Windows NT 6.1; Win64; x64) AppleWebKit/537.36 (KHTML, like Gecko) Chrome/89.0.4389.90 Safari/537.36"
179.26.73.88 - - [29/Mar/2021:16:07:56 +0200] "GET /templates/Pixame_v1/images/icon_accueil2.png HTTP/1.1" 200 1137 "http://www.wonder-geek.com/pepe-jeans-kensington-laptop-p-41324.html" "Mozilla/5.0 (Windows NT 6.1; Win64; x64) AppleWebKit/537.36 (KHTML, like Gecko) Chrome/89.0.4389.90 Safari/537.36"
179.26.73.88 - - [29/Mar/2021:16:07:57 +0200] "GET /templates/Pixame_v1/images/buttons/english/button_in_cart.gif HTTP/1.1" 200 1212 "http://www.wonder-geek.com/pepe-jeans-kensington-laptop-p-41324.html" "Mozilla/5.0 (Windows NT 6.1; Win64; x64) AppleWebKit/537.36 (KHTML, like Gecko) Chrome/89.0.4389.90 Safari/537.36"
179.26.73.88 - - [29/Mar/2021:16:07:57 +0200] "GET /templates/Pixame_v1/images/Bottom_texture.jpg HTTP/1.1" 200 56290 "http://www.wonder-geek.com/templates/Pixame_v1/stylesheet.css" "Mozilla/5.0 (Windows NT 6.1; Win64; x64) AppleWebKit/537.36 (KHTML, like Gecko) Chrome/89.0.4389.90 Safari/537.36"
179.26.73.88 - - [29/Mar/2021:16:07:57 +0200] "GET /images/big_prod/8435465018543.jpg HTTP/1.1" 200 121673 "http://www.wonder-geek.com/pepe-jeans-kensington-laptop-p-41324.html" "Mozilla/5.0 (Windows NT 6.1; Win64; x64) AppleWebKit/537.36 (KHTML, like Gecko) Chrome/89.0.4389.90 Safari/537.36"
