66.249.66.216 - - [30/Apr/2021:11:15:38 +0200] "GET /images/big_prod/3503420064432.jpg HTTP/1.1" 200 64313 "-" "Googlebot-Image/1.0"
66.249.66.218 - - [30/Apr/2021:11:25:38 +0200] "GET /images/big_prod_1/8719075390283b.jpg HTTP/1.1" 200 44167 "-" "Googlebot-Image/1.0"
185.191.171.44 - - [30/Apr/2021:11:26:45 +0200] "GET /robots.txt HTTP/1.1" 200 2438 "-" "Mozilla/5.0 (compatible; SemrushBot/7~bl; +http://www.semrush.com/bot.html)"
17.121.112.93 - - [30/Apr/2021:11:26:58 +0200] "GET /robots.txt HTTP/1.1" 200 2438 "-" "Mozilla/5.0 (Macintosh; Intel Mac OS X 10_15_5) AppleWebKit/605.1.15 (KHTML, like Gecko) Version/13.1.1 Safari/605.1.15 (Applebot/0.1; +http://www.apple.com/go/applebot)"
74.125.209.24 - - [30/Apr/2021:11:32:30 +0200] "GET /images/mini_prod/3457019600863B.jpg HTTP/1.1" 200 5574 "-" "Mozilla/5.0 (Windows NT 5.1; rv:11.0) Gecko Firefox/11.0 (via ggpht.com GoogleImageProxy)"
66.249.66.216 - - [30/Apr/2021:11:35:38 +0200] "GET /images/big_prod/DUB61.jpg HTTP/1.1" 200 72846 "-" "Googlebot-Image/1.0"
35.243.174.164 - - [30/Apr/2021:11:36:55 +0200] "GET /robots.txt HTTP/1.0" 200 2438 "-" "ZoominfoBot (zoominfobot at zoominfo dot com)"
35.243.174.164 - - [30/Apr/2021:11:43:41 +0200] "GET /robots.txt HTTP/1.1" 200 2438 "-" "ZoominfoBot (zoominfobot at zoominfo dot com)"
66.249.66.216 - - [30/Apr/2021:11:45:38 +0200] "GET /images/8006529208042.jpg HTTP/1.1" 200 32209 "-" "Googlebot-Image/1.0"
207.46.13.96 - - [30/Apr/2021:11:45:44 +0200] "GET /js/jquery.js HTTP/1.1" 200 54075 "-" "Mozilla/5.0 (compatible; bingbot/2.0; +http://www.bing.com/bingbot.htm)"
207.46.13.96 - - [30/Apr/2021:11:45:45 +0200] "GET /js/jquery.js HTTP/1.1" 200 54075 "-" "Mozilla/5.0 (compatible; bingbot/2.0; +http://www.bing.com/bingbot.htm)"
207.46.13.96 - - [30/Apr/2021:11:45:46 +0200] "GET /js/jquery.js HTTP/1.1" 200 54075 "-" "Mozilla/5.0 (compatible; bingbot/2.0; +http://www.bing.com/bingbot.htm)"
207.46.13.96 - - [30/Apr/2021:11:45:46 +0200] "GET /js/jquery.js HTTP/1.1" 200 54075 "-" "Mozilla/5.0 (compatible; bingbot/2.0; +http://www.bing.com/bingbot.htm)"
207.46.13.96 - - [30/Apr/2021:11:45:46 +0200] "GET /js/jquery.js HTTP/1.1" 200 54075 "-" "Mozilla/5.0 (compatible; bingbot/2.0; +http://www.bing.com/bingbot.htm)"
207.46.13.96 - - [30/Apr/2021:11:45:46 +0200] "GET /js/jquery.js HTTP/1.1" 200 54075 "-" "Mozilla/5.0 (compatible; bingbot/2.0; +http://www.bing.com/bingbot.htm)"
207.46.13.96 - - [30/Apr/2021:11:45:47 +0200] "GET /js/jquery.js HTTP/1.1" 200 54075 "-" "Mozilla/5.0 (compatible; bingbot/2.0; +http://www.bing.com/bingbot.htm)"
207.46.13.96 - - [30/Apr/2021:11:45:47 +0200] "GET /js/jquery.js HTTP/1.1" 200 54075 "-" "Mozilla/5.0 (compatible; bingbot/2.0; +http://www.bing.com/bingbot.htm)"
207.46.13.96 - - [30/Apr/2021:11:45:47 +0200] "GET /js/jquery.js HTTP/1.1" 200 54075 "-" "Mozilla/5.0 (compatible; bingbot/2.0; +http://www.bing.com/bingbot.htm)"
207.46.13.96 - - [30/Apr/2021:11:45:48 +0200] "GET /js/jquery.js HTTP/1.1" 200 54075 "-" "Mozilla/5.0 (compatible; bingbot/2.0; +http://www.bing.com/bingbot.htm)"
207.46.13.96 - - [30/Apr/2021:11:45:48 +0200] "GET /js/jquery.js HTTP/1.1" 200 54075 "-" "Mozilla/5.0 (compatible; bingbot/2.0; +http://www.bing.com/bingbot.htm)"
207.46.13.96 - - [30/Apr/2021:11:45:48 +0200] "GET /js/jquery.js HTTP/1.1" 200 54075 "-" "Mozilla/5.0 (compatible; bingbot/2.0; +http://www.bing.com/bingbot.htm)"
207.46.13.96 - - [30/Apr/2021:11:45:48 +0200] "GET /js/jquery.js HTTP/1.1" 200 54075 "-" "Mozilla/5.0 (compatible; bingbot/2.0; +http://www.bing.com/bingbot.htm)"
207.46.13.96 - - [30/Apr/2021:11:45:48 +0200] "GET /js/jquery.js HTTP/1.1" 200 54075 "-" "Mozilla/5.0 (compatible; bingbot/2.0; +http://www.bing.com/bingbot.htm)"
207.46.13.96 - - [30/Apr/2021:11:45:49 +0200] "GET /js/jquery.js HTTP/1.1" 200 54075 "-" "Mozilla/5.0 (compatible; bingbot/2.0; +http://www.bing.com/bingbot.htm)"
207.46.13.96 - - [30/Apr/2021:11:45:49 +0200] "GET /js/jquery.js HTTP/1.1" 200 54075 "-" "Mozilla/5.0 (compatible; bingbot/2.0; +http://www.bing.com/bingbot.htm)"
207.46.13.96 - - [30/Apr/2021:11:45:49 +0200] "GET /js/jquery.js HTTP/1.1" 200 54075 "-" "Mozilla/5.0 (compatible; bingbot/2.0; +http://www.bing.com/bingbot.htm)"
207.46.13.96 - - [30/Apr/2021:11:45:49 +0200] "GET /js/jquery.js HTTP/1.1" 200 54075 "-" "Mozilla/5.0 (compatible; bingbot/2.0; +http://www.bing.com/bingbot.htm)"
207.46.13.96 - - [30/Apr/2021:11:45:49 +0200] "GET /js/jquery.js HTTP/1.1" 200 54075 "-" "Mozilla/5.0 (compatible; bingbot/2.0; +http://www.bing.com/bingbot.htm)"
207.46.13.96 - - [30/Apr/2021:11:45:49 +0200] "GET /js/jquery.js HTTP/1.1" 200 54075 "-" "Mozilla/5.0 (compatible; bingbot/2.0; +http://www.bing.com/bingbot.htm)"
207.46.13.96 - - [30/Apr/2021:11:45:49 +0200] "GET /js/jquery.js HTTP/1.1" 200 54075 "-" "Mozilla/5.0 (compatible; bingbot/2.0; +http://www.bing.com/bingbot.htm)"
207.46.13.96 - - [30/Apr/2021:11:45:50 +0200] "GET /js/jquery.js HTTP/1.1" 200 54075 "-" "Mozilla/5.0 (compatible; bingbot/2.0; +http://www.bing.com/bingbot.htm)"
207.46.13.96 - - [30/Apr/2021:11:45:50 +0200] "GET /js/jquery.js HTTP/1.1" 200 54075 "-" "Mozilla/5.0 (compatible; bingbot/2.0; +http://www.bing.com/bingbot.htm)"
207.46.13.96 - - [30/Apr/2021:11:45:50 +0200] "GET /js/jquery.js HTTP/1.1" 200 54075 "-" "Mozilla/5.0 (compatible; bingbot/2.0; +http://www.bing.com/bingbot.htm)"
207.46.13.96 - - [30/Apr/2021:11:45:50 +0200] "GET /js/jquery.js HTTP/1.1" 200 54075 "-" "Mozilla/5.0 (compatible; bingbot/2.0; +http://www.bing.com/bingbot.htm)"
207.46.13.96 - - [30/Apr/2021:11:45:50 +0200] "GET /js/jquery.js HTTP/1.1" 200 54075 "-" "Mozilla/5.0 (compatible; bingbot/2.0; +http://www.bing.com/bingbot.htm)"
207.46.13.96 - - [30/Apr/2021:11:45:50 +0200] "GET /js/jquery.js HTTP/1.1" 200 54075 "-" "Mozilla/5.0 (compatible; bingbot/2.0; +http://www.bing.com/bingbot.htm)"
207.46.13.96 - - [30/Apr/2021:11:46:17 +0200] "GET /js/jquery.js HTTP/1.1" 200 54075 "-" "Mozilla/5.0 (compatible; bingbot/2.0; +http://www.bing.com/bingbot.htm)"
207.46.13.96 - - [30/Apr/2021:11:46:17 +0200] "GET /js/jquery.js HTTP/1.1" 200 54075 "-" "Mozilla/5.0 (compatible; bingbot/2.0; +http://www.bing.com/bingbot.htm)"
207.46.13.96 - - [30/Apr/2021:11:46:17 +0200] "GET /js/jquery.js HTTP/1.1" 200 54075 "-" "Mozilla/5.0 (compatible; bingbot/2.0; +http://www.bing.com/bingbot.htm)"
207.46.13.96 - - [30/Apr/2021:11:46:17 +0200] "GET /js/jquery.js HTTP/1.1" 200 54075 "-" "Mozilla/5.0 (compatible; bingbot/2.0; +http://www.bing.com/bingbot.htm)"
207.46.13.96 - - [30/Apr/2021:11:46:22 +0200] "GET /js/jquery.js HTTP/1.1" 200 54075 "-" "Mozilla/5.0 (compatible; bingbot/2.0; +http://www.bing.com/bingbot.htm)"
66.249.66.218 - - [30/Apr/2021:11:49:15 +0200] "GET /images/mini_prod/1328399270477D.jpg HTTP/1.1" 200 5662 "-" "Googlebot-Image/1.0"
114.119.158.196 - - [30/Apr/2021:11:50:21 +0200] "GET /images/mini_prod/3589363850059.jpg HTTP/1.1" 200 6761 "-" "Mozilla/5.0 (Linux; Android 7.0;) AppleWebKit/537.36 (KHTML, like Gecko) Mobile Safari/537.36 (compatible; PetalBot;+https://webmaster.petalsearch.com/site/petalbot)"
207.46.13.96 - - [30/Apr/2021:11:52:04 +0200] "GET /js/jquery.js HTTP/1.1" 200 54075 "-" "Mozilla/5.0 (compatible; bingbot/2.0; +http://www.bing.com/bingbot.htm)"
66.249.66.220 - - [30/Apr/2021:11:53:42 +0200] "GET /images/mini_prod/3565750285611.jpg HTTP/1.1" 200 7372 "-" "Googlebot-Image/1.0"
66.249.66.218 - - [30/Apr/2021:11:55:38 +0200] "GET /images/big_prod/8422001572591.jpg HTTP/1.1" 200 75516 "-" "Googlebot-Image/1.0"
66.249.66.218 - - [30/Apr/2021:11:58:09 +0200] "GET /images/big_prod/3612875120447.jpg HTTP/1.1" 200 185480 "-" "Googlebot-Image/1.0"
66.249.81.186 - - [30/Apr/2021:12:02:04 +0200] "GET /images/big_prod/3612875115634.jpg HTTP/1.1" 200 115814 "-" "Mozilla/5.0 (Windows NT 5.1; rv:11.0) Gecko Firefox/11.0 (via ggpht.com GoogleImageProxy)"
81.62.255.90 - - [30/Apr/2021:12:02:15 +0200] "GET /js/jquery.jqzoom.js HTTP/1.1" 200 4761 "http://www.wonder-geek.com/cuba-toothpick-display-p-53466.html" "Mozilla/5.0 (Macintosh; Intel Mac OS X 10_15_7) AppleWebKit/537.36 (KHTML, like Gecko) Chrome/90.0.4430.93 Safari/537.36"
81.62.255.90 - - [30/Apr/2021:12:02:15 +0200] "GET /highslide/highslide.js HTTP/1.1" 200 42909 "http://www.wonder-geek.com/cuba-toothpick-display-p-53466.html" "Mozilla/5.0 (Macintosh; Intel Mac OS X 10_15_7) AppleWebKit/537.36 (KHTML, like Gecko) Chrome/90.0.4430.93 Safari/537.36"
81.62.255.90 - - [30/Apr/2021:12:02:15 +0200] "GET /js/jquery.js HTTP/1.1" 200 54075 "http://www.wonder-geek.com/cuba-toothpick-display-p-53466.html" "Mozilla/5.0 (Macintosh; Intel Mac OS X 10_15_7) AppleWebKit/537.36 (KHTML, like Gecko) Chrome/90.0.4430.93 Safari/537.36"
81.62.255.90 - - [30/Apr/2021:12:02:15 +0200] "GET /mondial_relay/js/jquery-1.3.2.min.js HTTP/1.1" 200 57254 "http://www.wonder-geek.com/cuba-toothpick-display-p-53466.html" "Mozilla/5.0 (Macintosh; Intel Mac OS X 10_15_7) AppleWebKit/537.36 (KHTML, like Gecko) Chrome/90.0.4430.93 Safari/537.36"
81.62.255.90 - - [30/Apr/2021:12:02:15 +0200] "GET /templates/Pixame_v1/stylesheet.css HTTP/1.1" 200 56057 "http://www.wonder-geek.com/cuba-toothpick-display-p-53466.html" "Mozilla/5.0 (Macintosh; Intel Mac OS X 10_15_7) AppleWebKit/537.36 (KHTML, like Gecko) Chrome/90.0.4430.93 Safari/537.36"
81.62.255.90 - - [30/Apr/2021:12:02:15 +0200] "GET /templates/Pixame_v1/images/icon_accueil2.png HTTP/1.1" 200 1137 "http://www.wonder-geek.com/cuba-toothpick-display-p-53466.html" "Mozilla/5.0 (Macintosh; Intel Mac OS X 10_15_7) AppleWebKit/537.36 (KHTML, like Gecko) Chrome/90.0.4430.93 Safari/537.36"
81.62.255.90 - - [30/Apr/2021:12:02:15 +0200] "GET /templates/Pixame_v1/images/buttons/english/button_in_cart.gif HTTP/1.1" 200 1212 "http://www.wonder-geek.com/cuba-toothpick-display-p-53466.html" "Mozilla/5.0 (Macintosh; Intel Mac OS X 10_15_7) AppleWebKit/537.36 (KHTML, like Gecko) Chrome/90.0.4430.93 Safari/537.36"
81.62.255.90 - - [30/Apr/2021:12:02:15 +0200] "GET /templates/Pixame_v1/images/nav.png HTTP/1.1" 200 1283 "http://www.wonder-geek.com/templates/Pixame_v1/stylesheet.css" "Mozilla/5.0 (Macintosh; Intel Mac OS X 10_15_7) AppleWebKit/537.36 (KHTML, like Gecko) Chrome/90.0.4430.93 Safari/537.36"
81.62.255.90 - - [30/Apr/2021:12:02:15 +0200] "GET /templates/Pixame_v1/images/Bottom_texture.jpg HTTP/1.1" 200 56290 "http://www.wonder-geek.com/templates/Pixame_v1/stylesheet.css" "Mozilla/5.0 (Macintosh; Intel Mac OS X 10_15_7) AppleWebKit/537.36 (KHTML, like Gecko) Chrome/90.0.4430.93 Safari/537.36"
81.62.255.90 - - [30/Apr/2021:12:02:15 +0200] "GET /templates/Pixame_v1/images/header-object.png HTTP/1.1" 200 106050 "http://www.wonder-geek.com/templates/Pixame_v1/stylesheet.css" "Mozilla/5.0 (Macintosh; Intel Mac OS X 10_15_7) AppleWebKit/537.36 (KHTML, like Gecko) Chrome/90.0.4430.93 Safari/537.36"
81.62.255.90 - - [30/Apr/2021:12:02:15 +0200] "GET /templates/Pixame_v1/images/header.png HTTP/1.1" 200 70245 "http://www.wonder-geek.com/templates/Pixame_v1/stylesheet.css" "Mozilla/5.0 (Macintosh; Intel Mac OS X 10_15_7) AppleWebKit/537.36 (KHTML, like Gecko) Chrome/90.0.4430.93 Safari/537.36"
81.62.255.90 - - [30/Apr/2021:12:02:15 +0200] "GET /design/productsenstock.png HTTP/1.1" 200 4743 "http://www.wonder-geek.com/templates/Pixame_v1/stylesheet.css" "Mozilla/5.0 (Macintosh; Intel Mac OS X 10_15_7) AppleWebKit/537.36 (KHTML, like Gecko) Chrome/90.0.4430.93 Safari/537.36"
81.62.255.90 - - [30/Apr/2021:12:02:15 +0200] "GET /images/big_prod/3612875115634.jpg HTTP/1.1" 200 115814 "http://www.wonder-geek.com/cuba-toothpick-display-p-53466.html" "Mozilla/5.0 (Macintosh; Intel Mac OS X 10_15_7) AppleWebKit/537.36 (KHTML, like Gecko) Chrome/90.0.4430.93 Safari/537.36"
81.62.255.90 - - [30/Apr/2021:12:02:15 +0200] "GET /templates/Pixame_v1/images/Middle_texture.jpg HTTP/1.1" 200 249620 "http://www.wonder-geek.com/templates/Pixame_v1/stylesheet.css" "Mozilla/5.0 (Macintosh; Intel Mac OS X 10_15_7) AppleWebKit/537.36 (KHTML, like Gecko) Chrome/90.0.4430.93 Safari/537.36"
81.62.255.90 - - [30/Apr/2021:12:02:15 +0200] "GET /highslide/graphics/outlines/drop-shadow.png HTTP/1.1" 200 2022 "http://www.wonder-geek.com/cuba-toothpick-display-p-53466.html" "Mozilla/5.0 (Macintosh; Intel Mac OS X 10_15_7) AppleWebKit/537.36 (KHTML, like Gecko) Chrome/90.0.4430.93 Safari/537.36"
81.62.255.90 - - [30/Apr/2021:12:02:15 +0200] "GET /favicon.ico HTTP/1.1" 200 1591 "http://www.wonder-geek.com/cuba-toothpick-display-p-53466.html" "Mozilla/5.0 (Macintosh; Intel Mac OS X 10_15_7) AppleWebKit/537.36 (KHTML, like Gecko) Chrome/90.0.4430.93 Safari/537.36"
66.249.66.220 - - [30/Apr/2021:12:02:36 +0200] "GET /images/big_prod_1/3442440105940B.jpg HTTP/1.1" 200 194319 "-" "Googlebot-Image/1.0"
66.249.81.184 - - [30/Apr/2021:12:03:06 +0200] "GET /images/1341689196004.jpg HTTP/1.1" 200 86457 "-" "Mozilla/5.0 (Windows NT 5.1; rv:11.0) Gecko Firefox/11.0 (via ggpht.com GoogleImageProxy)"
185.25.202.1 - - [30/Apr/2021:12:03:10 +0200] "GET /templates/Pixame_v1/stylesheet.css HTTP/1.1" 200 56057 "http://www.wonder-geek.com/zippo-outdoor-utility-lighter-p-29793.html" "Mozilla/5.0 (Windows NT 6.1) AppleWebKit/537.36 (KHTML, like Gecko) Chrome/90.0.4430.93 Safari/537.36"
185.25.202.1 - - [30/Apr/2021:12:03:10 +0200] "GET /js/jquery.jqzoom.js HTTP/1.1" 200 4761 "http://www.wonder-geek.com/zippo-outdoor-utility-lighter-p-29793.html" "Mozilla/5.0 (Windows NT 6.1) AppleWebKit/537.36 (KHTML, like Gecko) Chrome/90.0.4430.93 Safari/537.36"
185.25.202.1 - - [30/Apr/2021:12:03:10 +0200] "GET /highslide/highslide.js HTTP/1.1" 200 42909 "http://www.wonder-geek.com/zippo-outdoor-utility-lighter-p-29793.html" "Mozilla/5.0 (Windows NT 6.1) AppleWebKit/537.36 (KHTML, like Gecko) Chrome/90.0.4430.93 Safari/537.36"
185.25.202.1 - - [30/Apr/2021:12:03:10 +0200] "GET /js/jquery.js HTTP/1.1" 200 54075 "http://www.wonder-geek.com/zippo-outdoor-utility-lighter-p-29793.html" "Mozilla/5.0 (Windows NT 6.1) AppleWebKit/537.36 (KHTML, like Gecko) Chrome/90.0.4430.93 Safari/537.36"
185.25.202.1 - - [30/Apr/2021:12:03:11 +0200] "GET /mondial_relay/js/jquery-1.3.2.min.js HTTP/1.1" 200 57254 "http://www.wonder-geek.com/zippo-outdoor-utility-lighter-p-29793.html" "Mozilla/5.0 (Windows NT 6.1) AppleWebKit/537.36 (KHTML, like Gecko) Chrome/90.0.4430.93 Safari/537.36"
185.25.202.1 - - [30/Apr/2021:12:03:11 +0200] "GET /templates/Pixame_v1/images/icon_accueil2.png HTTP/1.1" 200 1137 "http://www.wonder-geek.com/zippo-outdoor-utility-lighter-p-29793.html" "Mozilla/5.0 (Windows NT 6.1) AppleWebKit/537.36 (KHTML, like Gecko) Chrome/90.0.4430.93 Safari/537.36"
185.25.202.1 - - [30/Apr/2021:12:03:11 +0200] "GET /images/1341689196004.jpg HTTP/1.1" 200 86457 "http://www.wonder-geek.com/zippo-outdoor-utility-lighter-p-29793.html" "Mozilla/5.0 (Windows NT 6.1) AppleWebKit/537.36 (KHTML, like Gecko) Chrome/90.0.4430.93 Safari/537.36"
185.25.202.1 - - [30/Apr/2021:12:03:11 +0200] "GET /templates/Pixame_v1/images/Bottom_texture.jpg HTTP/1.1" 200 56290 "http://www.wonder-geek.com/templates/Pixame_v1/stylesheet.css" "Mozilla/5.0 (Windows NT 6.1) AppleWebKit/537.36 (KHTML, like Gecko) Chrome/90.0.4430.93 Safari/537.36"
185.25.202.1 - - [30/Apr/2021:12:03:11 +0200] "GET /templates/Pixame_v1/images/buttons/english/button_in_cart.gif HTTP/1.1" 200 1212 "http://www.wonder-geek.com/zippo-outdoor-utility-lighter-p-29793.html" "Mozilla/5.0 (Windows NT 6.1) AppleWebKit/537.36 (KHTML, like Gecko) Chrome/90.0.4430.93 Safari/537.36"
185.25.202.1 - - [30/Apr/2021:12:03:11 +0200] "GET /templates/Pixame_v1/images/nav.png HTTP/1.1" 200 1283 "http://www.wonder-geek.com/templates/Pixame_v1/stylesheet.css" "Mozilla/5.0 (Windows NT 6.1) AppleWebKit/537.36 (KHTML, like Gecko) Chrome/90.0.4430.93 Safari/537.36"
185.25.202.1 - - [30/Apr/2021:12:03:11 +0200] "GET /templates/Pixame_v1/images/Middle_texture.jpg HTTP/1.1" 200 249620 "http://www.wonder-geek.com/templates/Pixame_v1/stylesheet.css" "Mozilla/5.0 (Windows NT 6.1) AppleWebKit/537.36 (KHTML, like Gecko) Chrome/90.0.4430.93 Safari/537.36"
185.25.202.1 - - [30/Apr/2021:12:03:11 +0200] "GET /templates/Pixame_v1/images/header-object.png HTTP/1.1" 200 106050 "http://www.wonder-geek.com/templates/Pixame_v1/stylesheet.css" "Mozilla/5.0 (Windows NT 6.1) AppleWebKit/537.36 (KHTML, like Gecko) Chrome/90.0.4430.93 Safari/537.36"
185.25.202.1 - - [30/Apr/2021:12:03:11 +0200] "GET /templates/Pixame_v1/images/header.png HTTP/1.1" 200 70245 "http://www.wonder-geek.com/templates/Pixame_v1/stylesheet.css" "Mozilla/5.0 (Windows NT 6.1) AppleWebKit/537.36 (KHTML, like Gecko) Chrome/90.0.4430.93 Safari/537.36"
185.25.202.1 - - [30/Apr/2021:12:03:11 +0200] "GET /design/productsenstock.png HTTP/1.1" 200 4743 "http://www.wonder-geek.com/templates/Pixame_v1/stylesheet.css" "Mozilla/5.0 (Windows NT 6.1) AppleWebKit/537.36 (KHTML, like Gecko) Chrome/90.0.4430.93 Safari/537.36"
185.25.202.1 - - [30/Apr/2021:12:03:11 +0200] "GET /highslide/graphics/outlines/drop-shadow.png HTTP/1.1" 200 2022 "http://www.wonder-geek.com/zippo-outdoor-utility-lighter-p-29793.html" "Mozilla/5.0 (Windows NT 6.1) AppleWebKit/537.36 (KHTML, like Gecko) Chrome/90.0.4430.93 Safari/537.36"
185.25.202.1 - - [30/Apr/2021:12:03:11 +0200] "GET /favicon.ico HTTP/1.1" 200 1591 "http://www.wonder-geek.com/zippo-outdoor-utility-lighter-p-29793.html" "Mozilla/5.0 (Windows NT 6.1) AppleWebKit/537.36 (KHTML, like Gecko) Chrome/90.0.4430.93 Safari/537.36"
157.90.181.222 - - [30/Apr/2021:12:06:56 +0200] "GET /robots.txt HTTP/1.1" 200 2438 "-" "Mozilla/5.0 (compatible; BLEXBot/1.0; +http://webmeup-crawler.com/)"
157.90.181.222 - - [30/Apr/2021:12:06:56 +0200] "GET /robots.txt HTTP/1.1" 200 2438 "-" "Mozilla/5.0 (compatible; BLEXBot/1.0; +http://webmeup-crawler.com/)"
66.249.66.218 - - [30/Apr/2021:12:07:38 +0200] "GET /images/mini_prod/3700856400975.jpg HTTP/1.1" 200 6315 "-" "Googlebot-Image/1.0"
66.249.66.218 - - [30/Apr/2021:12:10:39 +0200] "GET /images/big_prod_1/8718375750391a.jpg HTTP/1.1" 200 74839 "-" "Googlebot-Image/1.0"
207.46.13.108 - - [30/Apr/2021:12:10:39 +0200] "GET /highslide/highslide.js HTTP/1.1" 200 42909 "-" "Mozilla/5.0 (compatible; bingbot/2.0; +http://www.bing.com/bingbot.htm)"
207.46.13.39 - - [30/Apr/2021:12:10:43 +0200] "GET /js/jquery.jqzoom.js HTTP/1.1" 200 4761 "-" "Mozilla/5.0 (compatible; bingbot/2.0; +http://www.bing.com/bingbot.htm)"
207.46.13.96 - - [30/Apr/2021:12:10:48 +0200] "GET /js/jquery.js HTTP/1.1" 200 54075 "-" "Mozilla/5.0 (compatible; bingbot/2.0; +http://www.bing.com/bingbot.htm)"
66.249.66.220 - - [30/Apr/2021:12:12:34 +0200] "GET /images/big_prod/3609810039810.jpg HTTP/1.1" 200 111147 "-" "Googlebot-Image/1.0"
185.191.171.34 - - [30/Apr/2021:12:15:34 +0200] "GET /robots.txt HTTP/1.1" 200 2438 "-" "Mozilla/5.0 (compatible; SemrushBot/7~bl; +http://www.semrush.com/bot.html)"
66.249.66.218 - - [30/Apr/2021:12:17:07 +0200] "GET /images/big_prod_1/9316188065597a.jpg HTTP/1.1" 200 59505 "-" "Googlebot-Image/1.0"
157.90.181.222 - - [30/Apr/2021:12:17:52 +0200] "GET /robots.txt HTTP/1.1" 304 0 "-" "Mozilla/5.0 (compatible; BLEXBot/1.0; +http://webmeup-crawler.com/)"
207.46.13.87 - - [30/Apr/2021:12:21:29 +0200] "GET /images/big_prod/067103378290.jpg HTTP/1.1" 200 164828 "-" "Mozilla/5.0 (compatible; bingbot/2.0; +http://www.bing.com/bingbot.htm)"
207.46.13.108 - - [30/Apr/2021:12:21:41 +0200] "GET /images/big_prod_1/b067103378290.jpg HTTP/1.1" 200 74006 "-" "Mozilla/5.0 (compatible; bingbot/2.0; +http://www.bing.com/bingbot.htm)"
66.249.66.216 - - [30/Apr/2021:12:24:49 +0200] "GET /images/mini_prod/1962360000009.jpg HTTP/1.1" 200 5941 "-" "Googlebot-Image/1.0"
207.46.13.108 - - [30/Apr/2021:12:25:14 +0200] "GET /highslide/highslide.js HTTP/1.1" 200 42909 "-" "Mozilla/5.0 (compatible; bingbot/2.0; +http://www.bing.com/bingbot.htm)"
207.46.13.96 - - [30/Apr/2021:12:25:19 +0200] "GET /js/jquery.js HTTP/1.1" 200 54075 "-" "Mozilla/5.0 (compatible; bingbot/2.0; +http://www.bing.com/bingbot.htm)"
207.46.13.111 - - [30/Apr/2021:12:25:24 +0200] "GET /mondial_relay/js/jquery-1.3.2.min.js HTTP/1.1" 200 57254 "-" "Mozilla/5.0 (compatible; bingbot/2.0; +http://www.bing.com/bingbot.htm)"
207.46.13.39 - - [30/Apr/2021:12:25:34 +0200] "GET /js/jquery.jqzoom.js HTTP/1.1" 200 4761 "-" "Mozilla/5.0 (compatible; bingbot/2.0; +http://www.bing.com/bingbot.htm)"
66.249.66.218 - - [30/Apr/2021:12:25:38 +0200] "GET /images/big_prod_1/8424346229079B.jpg HTTP/1.1" 200 49980 "-" "Googlebot-Image/1.0"
77.75.79.62 - - [30/Apr/2021:12:32:06 +0200] "GET /robots.txt HTTP/1.1" 200 2438 "-" "Mozilla/5.0 (compatible; SeznamBot/3.2; +http://napoveda.seznam.cz/en/seznambot-intro/)"
77.75.79.62 - - [30/Apr/2021:12:32:06 +0200] "GET /images/big_prod/5018997627426.jpg HTTP/1.1" 200 172849 "-" "Mozilla/5.0 (compatible; SeznamBot/3.2; +http://napoveda.seznam.cz/en/seznambot-intro/)"
64.233.173.112 - - [30/Apr/2021:12:36:10 +0200] "GET /images/big_prod/3453131133210.jpg HTTP/1.1" 200 111802 "-" "Mozilla/5.0 (Windows NT 5.1; rv:11.0) Gecko Firefox/11.0 (via ggpht.com GoogleImageProxy)"
66.249.66.216 - - [30/Apr/2021:12:40:38 +0200] "GET /images/big_prod_1/3609810070837a.jpg HTTP/1.1" 200 317721 "-" "Googlebot-Image/1.0"
69.171.251.3 - - [30/Apr/2021:12:45:13 +0200] "GET /images/3563561711374.jpg HTTP/1.1" 200 28079 "-" "facebookexternalhit/1.1 (+http://www.facebook.com/externalhit_uatext.php)"
207.46.13.96 - - [30/Apr/2021:12:49:42 +0200] "GET /js/jquery.js HTTP/1.1" 200 54075 "-" "Mozilla/5.0 (compatible; bingbot/2.0; +http://www.bing.com/bingbot.htm)"
66.249.66.218 - - [30/Apr/2021:12:50:06 +0200] "GET /images/mini_prod/3609080299334.jpg HTTP/1.1" 200 9759 "-" "Googlebot-Image/1.0"
66.249.93.50 - - [30/Apr/2021:12:50:20 +0200] "GET /images/big_prod/8435153867736.jpg HTTP/1.1" 200 79710 "-" "Mozilla/5.0 (Windows NT 5.1; rv:11.0) Gecko Firefox/11.0 (via ggpht.com GoogleImageProxy)"
66.249.66.218 - - [30/Apr/2021:12:54:09 +0200] "GET /images/mini_prod/8445146022745.jpg HTTP/1.1" 200 4349 "-" "Googlebot-Image/1.0"
66.249.66.216 - - [30/Apr/2021:12:54:33 +0200] "GET /images/mini_prod/3609810048164.jpg HTTP/1.1" 200 9076 "-" "Googlebot-Image/1.0"
80.214.215.4 - - [30/Apr/2021:13:00:17 +0200] "GET /images/big_prod/3453131142298.jpg HTTP/1.1" 200 126632 "http://www.wonder-geek.com/gund-kalidou-lavender-teddy-bear-p-44324.html" "Mozilla/5.0 (Linux; Android 10; SM-G973F) AppleWebKit/537.36 (KHTML, like Gecko) Chrome/89.0.4389.105 Mobile Safari/537.36"
66.249.66.216 - - [30/Apr/2021:13:00:23 +0200] "GET /images/big_prod/8718657460611.jpg HTTP/1.1" 200 61956 "-" "Googlebot-Image/1.0"
66.249.66.220 - - [30/Apr/2021:13:04:38 +0200] "GET /images/3700276290439.jpg HTTP/1.1" 200 164729 "-" "Googlebot-Image/1.0"
66.249.66.218 - - [30/Apr/2021:13:09:16 +0200] "GET /images/B7601019990615.jpg HTTP/1.1" 200 107494 "-" "Googlebot-Image/1.0"
114.119.152.207 - - [30/Apr/2021:13:10:52 +0200] "GET /js/jquery.jqzoom.js HTTP/1.1" 200 4761 "http://www.wonder-geek.com/sponge-training-bottle-p-17159.html" "Mozilla/5.0 (Linux; Android 7.0;) AppleWebKit/537.36 (KHTML, like Gecko) Mobile Safari/537.36 (compatible; PetalBot;+https://webmaster.petalsearch.com/site/petalbot)"
114.119.152.207 - - [30/Apr/2021:13:10:52 +0200] "GET /highslide/highslide.js HTTP/1.1" 200 42909 "http://www.wonder-geek.com/sponge-training-bottle-p-17159.html" "Mozilla/5.0 (Linux; Android 7.0;) AppleWebKit/537.36 (KHTML, like Gecko) Mobile Safari/537.36 (compatible; PetalBot;+https://webmaster.petalsearch.com/site/petalbot)"
114.119.152.207 - - [30/Apr/2021:13:10:52 +0200] "GET /templates/Pixame_v1/stylesheet.css HTTP/1.1" 200 56057 "http://www.wonder-geek.com/sponge-training-bottle-p-17159.html" "Mozilla/5.0 (Linux; Android 7.0;) AppleWebKit/537.36 (KHTML, like Gecko) Mobile Safari/537.36 (compatible; PetalBot;+https://webmaster.petalsearch.com/site/petalbot)"
114.119.152.207 - - [30/Apr/2021:13:10:52 +0200] "GET /js/jquery.js HTTP/1.1" 200 54075 "http://www.wonder-geek.com/sponge-training-bottle-p-17159.html" "Mozilla/5.0 (Linux; Android 7.0;) AppleWebKit/537.36 (KHTML, like Gecko) Mobile Safari/537.36 (compatible; PetalBot;+https://webmaster.petalsearch.com/site/petalbot)"
114.119.152.207 - - [30/Apr/2021:13:10:52 +0200] "GET /mondial_relay/js/jquery-1.3.2.min.js HTTP/1.1" 200 57254 "http://www.wonder-geek.com/sponge-training-bottle-p-17159.html" "Mozilla/5.0 (Linux; Android 7.0;) AppleWebKit/537.36 (KHTML, like Gecko) Mobile Safari/537.36 (compatible; PetalBot;+https://webmaster.petalsearch.com/site/petalbot)"
185.191.171.6 - - [30/Apr/2021:13:15:23 +0200] "GET /robots.txt HTTP/1.1" 200 2438 "-" "Mozilla/5.0 (compatible; SemrushBot/7~bl; +http://www.semrush.com/bot.html)"
66.249.66.216 - - [30/Apr/2021:13:16:38 +0200] "GET /images/big_prod/1384010201190.jpg HTTP/1.1" 200 161456 "-" "Googlebot-Image/1.0"
207.46.13.96 - - [30/Apr/2021:13:17:31 +0200] "GET /js/jquery.js HTTP/1.1" 200 54075 "-" "Mozilla/5.0 (compatible; bingbot/2.0; +http://www.bing.com/bingbot.htm)"
207.46.13.96 - - [30/Apr/2021:13:17:41 +0200] "GET /js/jquery.js HTTP/1.1" 200 54075 "-" "Mozilla/5.0 (compatible; bingbot/2.0; +http://www.bing.com/bingbot.htm)"
66.249.66.220 - - [30/Apr/2021:13:18:09 +0200] "GET /images/big_prod/1384010202753.jpg HTTP/1.1" 200 93998 "-" "Googlebot-Image/1.0"
216.244.66.242 - - [30/Apr/2021:13:23:58 +0200] "GET /robots.txt HTTP/1.1" 200 2438 "-" "Mozilla/5.0 (compatible; DotBot/1.2; +https://opensiteexplorer.org/dotbot; help@moz.com)"
66.249.66.216 - - [30/Apr/2021:13:27:29 +0200] "GET /images/mini_prod/5055071700194.jpg HTTP/1.1" 200 6503 "-" "Googlebot-Image/1.0"
5.255.231.71 - - [30/Apr/2021:13:27:49 +0200] "GET /robots.txt HTTP/1.1" 200 2438 "-" "Mozilla/5.0 (compatible; YandexBot/3.0; +http://yandex.com/bots)"
66.249.66.216 - - [30/Apr/2021:13:28:38 +0200] "GET /images/mini_prod/3665269123913.jpg HTTP/1.1" 200 4906 "-" "Googlebot-Image/1.0"
51.38.45.226 - - [30/Apr/2021:13:31:08 +0200] "GET /images/mini_prod/4029811411566.jpg HTTP/1.1" 200 5562 "-" "-"
66.249.66.220 - - [30/Apr/2021:13:40:38 +0200] "GET /images/big_prod/3612875107707.jpg HTTP/1.1" 200 94221 "-" "Googlebot-Image/1.0"
207.46.13.96 - - [30/Apr/2021:13:43:15 +0200] "GET /js/jquery.js HTTP/1.1" 200 54075 "-" "Mozilla/5.0 (compatible; bingbot/2.0; +http://www.bing.com/bingbot.htm)"
66.249.66.218 - - [30/Apr/2021:13:51:38 +0200] "GET /images/big_prod_1/3609810096349a.jpg HTTP/1.1" 200 139072 "-" "Googlebot-Image/1.0"
66.249.66.218 - - [30/Apr/2021:13:51:40 +0200] "GET /images/big_prod/1384000001526.jpg HTTP/1.1" 200 242622 "-" "Googlebot-Image/1.0"
66.249.66.218 - - [30/Apr/2021:13:57:46 +0200] "GET /images/mini_prod/3662498031859.jpg HTTP/1.1" 200 5607 "-" "Googlebot-Image/1.0"
207.46.13.111 - - [30/Apr/2021:14:01:26 +0200] "GET /images/big_prod_1/c5018997632277.jpg HTTP/1.1" 200 83556 "-" "Mozilla/5.0 (compatible; bingbot/2.0; +http://www.bing.com/bingbot.htm)"
207.46.13.111 - - [30/Apr/2021:14:01:27 +0200] "GET /images/big_prod_3/a5018997632277.jpg HTTP/1.1" 200 90842 "-" "Mozilla/5.0 (compatible; bingbot/2.0; +http://www.bing.com/bingbot.htm)"
207.46.13.157 - - [30/Apr/2021:14:01:32 +0200] "GET /images/big_prod/5018997632277.jpg HTTP/1.1" 200 115436 "-" "Mozilla/5.0 (compatible; bingbot/2.0; +http://www.bing.com/bingbot.htm)"
207.46.13.96 - - [30/Apr/2021:14:01:40 +0200] "GET /images/big_prod_2/b5018997632277.jpg HTTP/1.1" 200 76468 "-" "Mozilla/5.0 (compatible; bingbot/2.0; +http://www.bing.com/bingbot.htm)"
185.191.171.34 - - [30/Apr/2021:14:02:56 +0200] "GET /robots.txt HTTP/1.1" 200 2438 "-" "Mozilla/5.0 (compatible; SemrushBot/7~bl; +http://www.semrush.com/bot.html)"
66.249.66.216 - - [30/Apr/2021:14:06:21 +0200] "GET /images/big_prod_2/9316188068765b.jpg HTTP/1.1" 200 58977 "-" "Googlebot-Image/1.0"
66.160.140.183 - - [30/Apr/2021:14:10:54 +0200] "GET /robots.txt HTTP/1.1" 200 2438 "-" "The Knowledge AI"
66.249.66.216 - - [30/Apr/2021:14:14:55 +0200] "GET /images/mini_prod/8422023017896C.jpg HTTP/1.1" 200 7577 "-" "Googlebot-Image/1.0"
66.249.66.218 - - [30/Apr/2021:14:23:29 +0200] "GET /images/big_prod_1/9316188068765a.jpg HTTP/1.1" 200 69010 "-" "Googlebot-Image/1.0"
66.249.66.218 - - [30/Apr/2021:14:32:04 +0200] "GET /images/big_prod/8718375750568.jpg HTTP/1.1" 200 198209 "-" "Googlebot-Image/1.0"
147.135.193.88 - - [30/Apr/2021:14:33:17 +0200] "GET /images/big_prod_1/3359103027467a.jpg HTTP/1.1" 200 277144 "-" "-"
54.37.23.134 - - [30/Apr/2021:14:36:01 +0200] "GET /images/mini_prod/4029811411566.jpg HTTP/1.1" 200 5562 "-" "-"
66.249.66.218 - - [30/Apr/2021:14:40:38 +0200] "GET /images/big_prod_1/8422810092563a.jpg HTTP/1.1" 200 168150 "-" "Googlebot-Image/1.0"
207.46.13.96 - - [30/Apr/2021:14:46:41 +0200] "GET /js/jquery.js HTTP/1.1" 200 54075 "-" "Mozilla/5.0 (compatible; bingbot/2.0; +http://www.bing.com/bingbot.htm)"
66.249.66.216 - - [30/Apr/2021:14:49:12 +0200] "GET /images/mini_prod/3281674376302.jpg HTTP/1.1" 200 5714 "-" "Googlebot-Image/1.0"
207.46.13.39 - - [30/Apr/2021:14:49:27 +0200] "GET /js/jquery.jqzoom.js HTTP/1.1" 200 4761 "-" "Mozilla/5.0 (compatible; bingbot/2.0; +http://www.bing.com/bingbot.htm)"
207.46.13.111 - - [30/Apr/2021:14:49:55 +0200] "GET /mondial_relay/js/jquery-1.3.2.min.js HTTP/1.1" 200 57254 "-" "Mozilla/5.0 (compatible; bingbot/2.0; +http://www.bing.com/bingbot.htm)"
114.119.150.15 - - [30/Apr/2021:14:50:18 +0200] "GET /images/4007176127629.jpg HTTP/1.1" 200 15986 "-" "Mozilla/5.0 (Linux; Android 7.0;) AppleWebKit/537.36 (KHTML, like Gecko) Mobile Safari/537.36 (compatible; PetalBot;+https://webmaster.petalsearch.com/site/petalbot)"
66.249.66.220 - - [30/Apr/2021:14:51:21 +0200] "GET /images/big_prod/8028501813020.jpg HTTP/1.1" 200 63859 "-" "Googlebot-Image/1.0"
207.46.13.108 - - [30/Apr/2021:14:52:46 +0200] "GET /highslide/highslide.js HTTP/1.1" 200 42909 "-" "Mozilla/5.0 (compatible; bingbot/2.0; +http://www.bing.com/bingbot.htm)"
66.249.66.216 - - [30/Apr/2021:14:53:30 +0200] "GET /images/mini_prod/8422023017919B.jpg HTTP/1.1" 200 7580 "-" "Googlebot-Image/1.0"
185.191.171.9 - - [30/Apr/2021:14:56:21 +0200] "GET /robots.txt HTTP/1.1" 200 2438 "-" "Mozilla/5.0 (compatible; SemrushBot/7~bl; +http://www.semrush.com/bot.html)"
66.249.66.218 - - [30/Apr/2021:14:57:47 +0200] "GET /images/big_prod/DUB57.jpg HTTP/1.1" 200 79311 "-" "Googlebot-Image/1.0"
66.249.66.220 - - [30/Apr/2021:15:02:05 +0200] "GET /images/mini_prod/8422023017872B.jpg HTTP/1.1" 200 7888 "-" "Googlebot-Image/1.0"
66.249.66.216 - - [30/Apr/2021:15:06:13 +0200] "GET /images/8435306266867.jpg HTTP/1.1" 200 63826 "-" "Googlebot-Image/1.0"
66.249.66.216 - - [30/Apr/2021:15:06:22 +0200] "GET /images/big_prod/3609810048256a.jpg HTTP/1.1" 200 84792 "-" "Googlebot-Image/1.0"
51.38.46.76 - - [30/Apr/2021:15:07:25 +0200] "GET /images/big_prod_1/3359103027467a.jpg HTTP/1.1" 200 277144 "-" "-"
5.71.166.67 - - [30/Apr/2021:15:08:52 +0200] "GET /templates/Pixame_v1/stylesheet.css HTTP/1.1" 200 56057 "http://www.wonder-geek.com/" "Mozilla/5.0 (iPhone; CPU iPhone OS 14_4 like Mac OS X) AppleWebKit/605.1.15 (KHTML, like Gecko) Version/14.0.3 Mobile/15E148 Safari/604.1"
5.71.166.67 - - [30/Apr/2021:15:08:52 +0200] "GET /js/jquery.jqzoom.js HTTP/1.1" 200 4761 "http://www.wonder-geek.com/" "Mozilla/5.0 (iPhone; CPU iPhone OS 14_4 like Mac OS X) AppleWebKit/605.1.15 (KHTML, like Gecko) Version/14.0.3 Mobile/15E148 Safari/604.1"
5.71.166.67 - - [30/Apr/2021:15:08:52 +0200] "GET /js/jquery.js HTTP/1.1" 200 54075 "http://www.wonder-geek.com/" "Mozilla/5.0 (iPhone; CPU iPhone OS 14_4 like Mac OS X) AppleWebKit/605.1.15 (KHTML, like Gecko) Version/14.0.3 Mobile/15E148 Safari/604.1"
5.71.166.67 - - [30/Apr/2021:15:08:52 +0200] "GET /highslide/highslide.js HTTP/1.1" 200 42909 "http://www.wonder-geek.com/" "Mozilla/5.0 (iPhone; CPU iPhone OS 14_4 like Mac OS X) AppleWebKit/605.1.15 (KHTML, like Gecko) Version/14.0.3 Mobile/15E148 Safari/604.1"
5.71.166.67 - - [30/Apr/2021:15:08:52 +0200] "GET /mondial_relay/js/jquery-1.3.2.min.js HTTP/1.1" 200 57254 "http://www.wonder-geek.com/" "Mozilla/5.0 (iPhone; CPU iPhone OS 14_4 like Mac OS X) AppleWebKit/605.1.15 (KHTML, like Gecko) Version/14.0.3 Mobile/15E148 Safari/604.1"
5.71.166.67 - - [30/Apr/2021:15:08:52 +0200] "GET /templates/Pixame_v1/images/icon_accueil2.png HTTP/1.1" 200 1137 "http://www.wonder-geek.com/" "Mozilla/5.0 (iPhone; CPU iPhone OS 14_4 like Mac OS X) AppleWebKit/605.1.15 (KHTML, like Gecko) Version/14.0.3 Mobile/15E148 Safari/604.1"
5.71.166.67 - - [30/Apr/2021:15:08:52 +0200] "GET /images/big_prod_2/3609810091238b.jpg HTTP/1.1" 200 52128 "http://www.wonder-geek.com/" "Mozilla/5.0 (iPhone; CPU iPhone OS 14_4 like Mac OS X) AppleWebKit/605.1.15 (KHTML, like Gecko) Version/14.0.3 Mobile/15E148 Safari/604.1"
5.71.166.67 - - [30/Apr/2021:15:08:52 +0200] "GET /images/big_prod_1/3609810091238a.jpg HTTP/1.1" 200 100884 "http://www.wonder-geek.com/" "Mozilla/5.0 (iPhone; CPU iPhone OS 14_4 like Mac OS X) AppleWebKit/605.1.15 (KHTML, like Gecko) Version/14.0.3 Mobile/15E148 Safari/604.1"
5.71.166.67 - - [30/Apr/2021:15:08:52 +0200] "GET /templates/Pixame_v1/images/buttons/english/button_in_cart.gif HTTP/1.1" 200 1212 "http://www.wonder-geek.com/" "Mozilla/5.0 (iPhone; CPU iPhone OS 14_4 like Mac OS X) AppleWebKit/605.1.15 (KHTML, like Gecko) Version/14.0.3 Mobile/15E148 Safari/604.1"
5.71.166.67 - - [30/Apr/2021:15:08:52 +0200] "GET /images/big_prod/3609810091238.jpg HTTP/1.1" 200 191727 "http://www.wonder-geek.com/" "Mozilla/5.0 (iPhone; CPU iPhone OS 14_4 like Mac OS X) AppleWebKit/605.1.15 (KHTML, like Gecko) Version/14.0.3 Mobile/15E148 Safari/604.1"
5.71.166.67 - - [30/Apr/2021:15:08:52 +0200] "GET /templates/Pixame_v1/images/Bottom_texture.jpg HTTP/1.1" 200 56290 "http://www.wonder-geek.com/" "Mozilla/5.0 (iPhone; CPU iPhone OS 14_4 like Mac OS X) AppleWebKit/605.1.15 (KHTML, like Gecko) Version/14.0.3 Mobile/15E148 Safari/604.1"
5.71.166.67 - - [30/Apr/2021:15:08:52 +0200] "GET /templates/Pixame_v1/images/nav.png HTTP/1.1" 200 1283 "http://www.wonder-geek.com/" "Mozilla/5.0 (iPhone; CPU iPhone OS 14_4 like Mac OS X) AppleWebKit/605.1.15 (KHTML, like Gecko) Version/14.0.3 Mobile/15E148 Safari/604.1"
5.71.166.67 - - [30/Apr/2021:15:08:52 +0200] "GET /templates/Pixame_v1/images/header.png HTTP/1.1" 200 70245 "http://www.wonder-geek.com/" "Mozilla/5.0 (iPhone; CPU iPhone OS 14_4 like Mac OS X) AppleWebKit/605.1.15 (KHTML, like Gecko) Version/14.0.3 Mobile/15E148 Safari/604.1"
5.71.166.67 - - [30/Apr/2021:15:08:52 +0200] "GET /templates/Pixame_v1/images/header-object.png HTTP/1.1" 200 106050 "http://www.wonder-geek.com/" "Mozilla/5.0 (iPhone; CPU iPhone OS 14_4 like Mac OS X) AppleWebKit/605.1.15 (KHTML, like Gecko) Version/14.0.3 Mobile/15E148 Safari/604.1"
5.71.166.67 - - [30/Apr/2021:15:08:52 +0200] "GET /design/productsenstock.png HTTP/1.1" 200 4743 "http://www.wonder-geek.com/" "Mozilla/5.0 (iPhone; CPU iPhone OS 14_4 like Mac OS X) AppleWebKit/605.1.15 (KHTML, like Gecko) Version/14.0.3 Mobile/15E148 Safari/604.1"
5.71.166.67 - - [30/Apr/2021:15:08:52 +0200] "GET /templates/Pixame_v1/images/Middle_texture.jpg HTTP/1.1" 200 249620 "http://www.wonder-geek.com/" "Mozilla/5.0 (iPhone; CPU iPhone OS 14_4 like Mac OS X) AppleWebKit/605.1.15 (KHTML, like Gecko) Version/14.0.3 Mobile/15E148 Safari/604.1"
5.71.166.67 - - [30/Apr/2021:15:08:52 +0200] "GET /highslide/graphics/outlines/drop-shadow.png HTTP/1.1" 200 2022 "http://www.wonder-geek.com/" "Mozilla/5.0 (iPhone; CPU iPhone OS 14_4 like Mac OS X) AppleWebKit/605.1.15 (KHTML, like Gecko) Version/14.0.3 Mobile/15E148 Safari/604.1"
5.71.166.67 - - [30/Apr/2021:15:08:52 +0200] "GET /favicon.ico HTTP/1.1" 200 1591 "http://www.wonder-geek.com/" "Mozilla/5.0 (iPhone; CPU iPhone OS 14_4 like Mac OS X) AppleWebKit/605.1.15 (KHTML, like Gecko) Version/14.0.3 Mobile/15E148 Safari/604.1"
66.249.66.218 - - [30/Apr/2021:15:10:38 +0200] "GET /images/big_prod_2/4045233027017C.jpg HTTP/1.1" 200 88005 "-" "Googlebot-Image/1.0"
66.249.66.220 - - [30/Apr/2021:15:10:40 +0200] "GET /images/mini_prod/8422019487023.jpg HTTP/1.1" 200 9207 "-" "Googlebot-Image/1.0"
207.46.13.96 - - [30/Apr/2021:15:12:13 +0200] "GET /js/jquery.js HTTP/1.1" 200 54075 "-" "Mozilla/5.0 (compatible; bingbot/2.0; +http://www.bing.com/bingbot.htm)"
42.236.10.110 - - [30/Apr/2021:15:14:05 +0200] "GET /js/jquery.jqzoom.js HTTP/1.1" 200 4761 "http://www.wonder-geek.com/" "Mozilla/5.0 (iPhone; CPU iPhone OS 11_0 like Mac OS X) AppleWebKit/604.1.38 (KHTML, like Gecko) Version/11.0 Mobile/15A372 Safari/604.1"
42.236.10.76 - - [30/Apr/2021:15:14:05 +0200] "GET /highslide/highslide.js HTTP/1.1" 200 42909 "http://www.wonder-geek.com/" "Mozilla/5.0 (iPhone; CPU iPhone OS 11_0 like Mac OS X) AppleWebKit/604.1.38 (KHTML, like Gecko) Version/11.0 Mobile/15A372 Safari/604.1"
42.236.10.91 - - [30/Apr/2021:15:14:06 +0200] "GET /templates/Pixame_v1/stylesheet.css HTTP/1.1" 200 56057 "http://www.wonder-geek.com/" "Mozilla/5.0 (iPhone; CPU iPhone OS 11_0 like Mac OS X) AppleWebKit/604.1.38 (KHTML, like Gecko) Version/11.0 Mobile/15A372 Safari/604.1"
42.236.10.109 - - [30/Apr/2021:15:14:06 +0200] "GET /js/jquery.js HTTP/1.1" 200 54075 "http://www.wonder-geek.com/" "Mozilla/5.0 (iPhone; CPU iPhone OS 11_0 like Mac OS X) AppleWebKit/604.1.38 (KHTML, like Gecko) Version/11.0 Mobile/15A372 Safari/604.1"
42.236.10.108 - - [30/Apr/2021:15:14:06 +0200] "GET /mondial_relay/js/jquery-1.3.2.min.js HTTP/1.1" 200 57254 "http://www.wonder-geek.com/" "Mozilla/5.0 (iPhone; CPU iPhone OS 11_0 like Mac OS X) AppleWebKit/604.1.38 (KHTML, like Gecko) Version/11.0 Mobile/15A372 Safari/604.1"
42.236.10.91 - - [30/Apr/2021:15:14:06 +0200] "GET /js/modernizr-transitions.js HTTP/1.1" 200 2026 "http://www.wonder-geek.com/" "Mozilla/5.0 (iPhone; CPU iPhone OS 11_0 like Mac OS X) AppleWebKit/604.1.38 (KHTML, like Gecko) Version/11.0 Mobile/15A372 Safari/604.1"
42.236.10.76 - - [30/Apr/2021:15:14:06 +0200] "GET /js/jquery.masonry.min.js HTTP/1.1" 200 5392 "http://www.wonder-geek.com/" "Mozilla/5.0 (iPhone; CPU iPhone OS 11_0 like Mac OS X) AppleWebKit/604.1.38 (KHTML, like Gecko) Version/11.0 Mobile/15A372 Safari/604.1"
180.163.220.42 - - [30/Apr/2021:15:14:24 +0200] "GET /js/jquery.jqzoom.js HTTP/1.1" 200 4761 "http://www.wonder-geek.com/" "Mozilla/5.0 (iPhone; CPU iPhone OS 11_0 like Mac OS X) AppleWebKit/604.1.38 (KHTML, like Gecko) Version/11.0 Mobile/15A372 Safari/604.1"
180.163.220.46 - - [30/Apr/2021:15:14:24 +0200] "GET /templates/Pixame_v1/stylesheet.css HTTP/1.1" 200 56057 "http://www.wonder-geek.com/" "Mozilla/5.0 (iPhone; CPU iPhone OS 11_0 like Mac OS X) AppleWebKit/604.1.38 (KHTML, like Gecko) Version/11.0 Mobile/15A372 Safari/604.1"
180.163.220.100 - - [30/Apr/2021:15:14:24 +0200] "GET /highslide/highslide.js HTTP/1.1" 200 42909 "http://www.wonder-geek.com/" "Mozilla/5.0 (iPhone; CPU iPhone OS 11_0 like Mac OS X) AppleWebKit/604.1.38 (KHTML, like Gecko) Version/11.0 Mobile/15A372 Safari/604.1"
180.163.220.47 - - [30/Apr/2021:15:14:24 +0200] "GET /js/jquery.js HTTP/1.1" 200 54075 "http://www.wonder-geek.com/" "Mozilla/5.0 (iPhone; CPU iPhone OS 11_0 like Mac OS X) AppleWebKit/604.1.38 (KHTML, like Gecko) Version/11.0 Mobile/15A372 Safari/604.1"
180.163.220.42 - - [30/Apr/2021:15:14:25 +0200] "GET /mondial_relay/js/jquery-1.3.2.min.js HTTP/1.1" 200 57254 "http://www.wonder-geek.com/" "Mozilla/5.0 (iPhone; CPU iPhone OS 11_0 like Mac OS X) AppleWebKit/604.1.38 (KHTML, like Gecko) Version/11.0 Mobile/15A372 Safari/604.1"
180.163.220.42 - - [30/Apr/2021:15:14:25 +0200] "GET /js/jquery.masonry.min.js HTTP/1.1" 200 5392 "http://www.wonder-geek.com/" "Mozilla/5.0 (iPhone; CPU iPhone OS 11_0 like Mac OS X) AppleWebKit/604.1.38 (KHTML, like Gecko) Version/11.0 Mobile/15A372 Safari/604.1"
180.163.220.47 - - [30/Apr/2021:15:14:25 +0200] "GET /js/modernizr-transitions.js HTTP/1.1" 200 2026 "http://www.wonder-geek.com/" "Mozilla/5.0 (iPhone; CPU iPhone OS 11_0 like Mac OS X) AppleWebKit/604.1.38 (KHTML, like Gecko) Version/11.0 Mobile/15A372 Safari/604.1"
66.249.66.218 - - [30/Apr/2021:15:14:55 +0200] "GET /images/mini_prod/3503420099748.jpg HTTP/1.1" 200 8336 "-" "Googlebot-Image/1.0"
66.249.66.216 - - [30/Apr/2021:15:15:06 +0200] "GET /images/mini_prod/1384220103284.jpg HTTP/1.1" 200 8405 "-" "Googlebot-Image/1.0"
82.156.185.91 - - [30/Apr/2021:15:18:56 +0200] "GET /js/jquery.js HTTP/1.1" 200 54075 "-" "Mozilla/5.0 (Linux; Android 10; LIO-AN00 Build/HUAWEILIO-AN00; wv) AppleWebKit/537.36 (KHTML, like Gecko) Version/4.0 Chrome/78.0.3904.62 XWEB/2692 MMWEBSDK/200901 Mobile Safari/537.36"
66.249.66.218 - - [30/Apr/2021:15:19:15 +0200] "GET /images/big_prod_1/8718375750568B.jpg HTTP/1.1" 200 350681 "-" "Googlebot-Image/1.0"
88.118.143.17 - - [30/Apr/2021:15:22:05 +0200] "GET /templates/Pixame_v1/stylesheet.css HTTP/1.1" 200 56057 "http://www.wonder-geek.com/protective-fleece-pillow-cover-p-39150.html" "Mozilla/5.0 (Windows NT 10.0; Win64; x64) AppleWebKit/537.36 (KHTML, like Gecko) Chrome/90.0.4430.93 Safari/537.36"
88.118.143.17 - - [30/Apr/2021:15:22:05 +0200] "GET /js/jquery.jqzoom.js HTTP/1.1" 200 4761 "http://www.wonder-geek.com/protective-fleece-pillow-cover-p-39150.html" "Mozilla/5.0 (Windows NT 10.0; Win64; x64) AppleWebKit/537.36 (KHTML, like Gecko) Chrome/90.0.4430.93 Safari/537.36"
88.118.143.17 - - [30/Apr/2021:15:22:05 +0200] "GET /highslide/highslide.js HTTP/1.1" 200 42909 "http://www.wonder-geek.com/protective-fleece-pillow-cover-p-39150.html" "Mozilla/5.0 (Windows NT 10.0; Win64; x64) AppleWebKit/537.36 (KHTML, like Gecko) Chrome/90.0.4430.93 Safari/537.36"
88.118.143.17 - - [30/Apr/2021:15:22:05 +0200] "GET /js/jquery.js HTTP/1.1" 200 54075 "http://www.wonder-geek.com/protective-fleece-pillow-cover-p-39150.html" "Mozilla/5.0 (Windows NT 10.0; Win64; x64) AppleWebKit/537.36 (KHTML, like Gecko) Chrome/90.0.4430.93 Safari/537.36"
88.118.143.17 - - [30/Apr/2021:15:22:05 +0200] "GET /mondial_relay/js/jquery-1.3.2.min.js HTTP/1.1" 200 57254 "http://www.wonder-geek.com/protective-fleece-pillow-cover-p-39150.html" "Mozilla/5.0 (Windows NT 10.0; Win64; x64) AppleWebKit/537.36 (KHTML, like Gecko) Chrome/90.0.4430.93 Safari/537.36"
88.118.143.17 - - [30/Apr/2021:15:22:06 +0200] "GET /templates/Pixame_v1/images/icon_accueil2.png HTTP/1.1" 200 1137 "http://www.wonder-geek.com/protective-fleece-pillow-cover-p-39150.html" "Mozilla/5.0 (Windows NT 10.0; Win64; x64) AppleWebKit/537.36 (KHTML, like Gecko) Chrome/90.0.4430.93 Safari/537.36"
88.118.143.17 - - [30/Apr/2021:15:22:06 +0200] "GET /templates/Pixame_v1/images/nav.png HTTP/1.1" 200 1283 "http://www.wonder-geek.com/templates/Pixame_v1/stylesheet.css" "Mozilla/5.0 (Windows NT 10.0; Win64; x64) AppleWebKit/537.36 (KHTML, like Gecko) Chrome/90.0.4430.93 Safari/537.36"
88.118.143.17 - - [30/Apr/2021:15:22:06 +0200] "GET /images/big_prod_1/3014627889365a.jpg HTTP/1.1" 200 46435 "http://www.wonder-geek.com/protective-fleece-pillow-cover-p-39150.html" "Mozilla/5.0 (Windows NT 10.0; Win64; x64) AppleWebKit/537.36 (KHTML, like Gecko) Chrome/90.0.4430.93 Safari/537.36"
88.118.143.17 - - [30/Apr/2021:15:22:06 +0200] "GET /templates/Pixame_v1/images/Bottom_texture.jpg HTTP/1.1" 200 56290 "http://www.wonder-geek.com/templates/Pixame_v1/stylesheet.css" "Mozilla/5.0 (Windows NT 10.0; Win64; x64) AppleWebKit/537.36 (KHTML, like Gecko) Chrome/90.0.4430.93 Safari/537.36"
88.118.143.17 - - [30/Apr/2021:15:22:06 +0200] "GET /images/big_prod/3014627889365.jpg HTTP/1.1" 200 88869 "http://www.wonder-geek.com/protective-fleece-pillow-cover-p-39150.html" "Mozilla/5.0 (Windows NT 10.0; Win64; x64) AppleWebKit/537.36 (KHTML, like Gecko) Chrome/90.0.4430.93 Safari/537.36"
88.118.143.17 - - [30/Apr/2021:15:22:06 +0200] "GET /templates/Pixame_v1/images/header.png HTTP/1.1" 200 70245 "http://www.wonder-geek.com/templates/Pixame_v1/stylesheet.css" "Mozilla/5.0 (Windows NT 10.0; Win64; x64) AppleWebKit/537.36 (KHTML, like Gecko) Chrome/90.0.4430.93 Safari/537.36"
88.118.143.17 - - [30/Apr/2021:15:22:06 +0200] "GET /templates/Pixame_v1/images/header-object.png HTTP/1.1" 200 106050 "http://www.wonder-geek.com/templates/Pixame_v1/stylesheet.css" "Mozilla/5.0 (Windows NT 10.0; Win64; x64) AppleWebKit/537.36 (KHTML, like Gecko) Chrome/90.0.4430.93 Safari/537.36"
88.118.143.17 - - [30/Apr/2021:15:22:06 +0200] "GET /templates/Pixame_v1/images/buttons/english/button_in_cart.gif HTTP/1.1" 200 1212 "http://www.wonder-geek.com/protective-fleece-pillow-cover-p-39150.html" "Mozilla/5.0 (Windows NT 10.0; Win64; x64) AppleWebKit/537.36 (KHTML, like Gecko) Chrome/90.0.4430.93 Safari/537.36"
88.118.143.17 - - [30/Apr/2021:15:22:06 +0200] "GET /design/productsenstock.png HTTP/1.1" 200 4743 "http://www.wonder-geek.com/templates/Pixame_v1/stylesheet.css" "Mozilla/5.0 (Windows NT 10.0; Win64; x64) AppleWebKit/537.36 (KHTML, like Gecko) Chrome/90.0.4430.93 Safari/537.36"
88.118.143.17 - - [30/Apr/2021:15:22:06 +0200] "GET /templates/Pixame_v1/images/Middle_texture.jpg HTTP/1.1" 200 249620 "http://www.wonder-geek.com/templates/Pixame_v1/stylesheet.css" "Mozilla/5.0 (Windows NT 10.0; Win64; x64) AppleWebKit/537.36 (KHTML, like Gecko) Chrome/90.0.4430.93 Safari/537.36"
88.118.143.17 - - [30/Apr/2021:15:22:06 +0200] "GET /highslide/graphics/outlines/drop-shadow.png HTTP/1.1" 200 2022 "http://www.wonder-geek.com/protective-fleece-pillow-cover-p-39150.html" "Mozilla/5.0 (Windows NT 10.0; Win64; x64) AppleWebKit/537.36 (KHTML, like Gecko) Chrome/90.0.4430.93 Safari/537.36"
88.118.143.17 - - [30/Apr/2021:15:22:06 +0200] "GET /favicon.ico HTTP/1.1" 200 1591 "http://www.wonder-geek.com/protective-fleece-pillow-cover-p-39150.html" "Mozilla/5.0 (Windows NT 10.0; Win64; x64) AppleWebKit/537.36 (KHTML, like Gecko) Chrome/90.0.4430.93 Safari/537.36"
66.249.66.220 - - [30/Apr/2021:15:23:30 +0200] "GET /images/big_prod_1/8717202559381a.jpg HTTP/1.1" 200 120788 "-" "Googlebot-Image/1.0"
66.249.66.216 - - [30/Apr/2021:15:27:47 +0200] "GET /images/mini_prod/1300000020770.jpg HTTP/1.1" 200 5568 "-" "Googlebot-Image/1.0"
51.38.46.76 - - [30/Apr/2021:15:30:29 +0200] "GET /images/big_prod_2/3442440302790z.jpg HTTP/1.1" 200 110980 "-" "-"
51.38.46.76 - - [30/Apr/2021:15:30:29 +0200] "GET /images/big_prod_1/housse-de-coussin-prelude-30x50-cm.jpg HTTP/1.1" 200 121658 "-" "-"
66.249.66.216 - - [30/Apr/2021:15:32:05 +0200] "GET /images/big_prod_1/3609810048256b.jpg HTTP/1.1" 200 152086 "-" "Googlebot-Image/1.0"
66.249.66.216 - - [30/Apr/2021:15:36:21 +0200] "GET /images/big_prod/8719075395301.jpg HTTP/1.1" 200 197539 "-" "Googlebot-Image/1.0"
66.249.66.220 - - [30/Apr/2021:15:38:37 +0200] "GET /js/jquery.js HTTP/1.1" 200 54075 "http://www.wonder-geek.com/ceramic-lamp-p-52407.html" "Mozilla/5.0 (Linux; Android 6.0.1; Nexus 5X Build/MMB29P) AppleWebKit/537.36 (KHTML, like Gecko) Chrome/89.0.4389.130 Mobile Safari/537.36 (compatible; Googlebot/2.1; +http://www.google.com/bot.html)"
66.249.66.218 - - [30/Apr/2021:15:40:38 +0200] "GET /images/big_prod_1/3665269098907A.jpg HTTP/1.1" 200 69320 "-" "Googlebot-Image/1.0"
66.249.66.218 - - [30/Apr/2021:15:47:19 +0200] "GET /images/med_prod/5060275045248.jpg HTTP/1.1" 200 120972 "-" "Googlebot-Image/1.0"
66.249.66.216 - - [30/Apr/2021:15:52:16 +0200] "GET /images/mini_prod/3700344871409.jpg HTTP/1.1" 200 3780 "-" "Googlebot-Image/1.0"
23.100.232.233 - - [30/Apr/2021:15:52:49 +0200] "GET /templates/Pixame_v1/stylesheet.css HTTP/1.1" 200 56057 "http://www.wonder-geek.com/hanging-clock-bouddha-p-52334.html" "Mozilla/5.0 (compatible; MSIE 9.0; Windows NT 6.1; Trident/5.0;  Trident/5.0)"
23.100.232.233 - - [30/Apr/2021:15:52:50 +0200] "GET /highslide/highslide.js HTTP/1.1" 200 42909 "http://www.wonder-geek.com/hanging-clock-bouddha-p-52334.html" "Mozilla/5.0 (compatible; MSIE 9.0; Windows NT 6.1; Trident/5.0;  Trident/5.0)"
23.100.232.233 - - [30/Apr/2021:15:52:50 +0200] "GET /js/jquery.jqzoom.js HTTP/1.1" 200 4761 "http://www.wonder-geek.com/hanging-clock-bouddha-p-52334.html" "Mozilla/5.0 (compatible; MSIE 9.0; Windows NT 6.1; Trident/5.0;  Trident/5.0)"
23.100.232.233 - - [30/Apr/2021:15:52:50 +0200] "GET /js/jquery.js HTTP/1.1" 200 54075 "http://www.wonder-geek.com/hanging-clock-bouddha-p-52334.html" "Mozilla/5.0 (compatible; MSIE 9.0; Windows NT 6.1; Trident/5.0;  Trident/5.0)"
23.100.232.233 - - [30/Apr/2021:15:52:51 +0200] "GET /mondial_relay/js/jquery-1.3.2.min.js HTTP/1.1" 200 57254 "http://www.wonder-geek.com/hanging-clock-bouddha-p-52334.html" "Mozilla/5.0 (compatible; MSIE 9.0; Windows NT 6.1; Trident/5.0;  Trident/5.0)"
23.100.232.233 - - [30/Apr/2021:15:52:52 +0200] "GET /templates/Pixame_v1/images/flash.swf HTTP/1.1" 200 2868 "http://www.wonder-geek.com/hanging-clock-bouddha-p-52334.html" "Mozilla/5.0 (compatible; MSIE 9.0; Windows NT 6.1; Trident/5.0;  Trident/5.0)"
66.249.66.216 - - [30/Apr/2021:15:53:57 +0200] "GET /images/mini_prod/a8422017821010.jpg HTTP/1.1" 200 2860 "-" "Googlebot-Image/1.0"
66.249.66.220 - - [30/Apr/2021:15:53:58 +0200] "GET /images/big_prod_1/PPMWENDY1.jpg HTTP/1.1" 200 180389 "-" "Googlebot-Image/1.0"
157.90.181.222 - - [30/Apr/2021:15:55:25 +0200] "GET /robots.txt HTTP/1.1" 200 2438 "-" "Mozilla/5.0 (compatible; BLEXBot/1.0; +http://webmeup-crawler.com/)"
157.90.181.222 - - [30/Apr/2021:15:55:25 +0200] "GET /robots.txt HTTP/1.1" 200 2438 "-" "Mozilla/5.0 (compatible; BLEXBot/1.0; +http://webmeup-crawler.com/)"
145.255.11.171 - - [30/Apr/2021:15:56:28 +0200] "GET /images/3700235441681.jpg HTTP/1.1" 200 25681 "http://quoizeltableslamps.blogspot.com/2012/10/nostalgia-metal-shade-table-lamp.html" "Mozilla/5.0 (compatible; MSIE 10.0; Windows NT 6.2; WOW64; Trident/6.0; Touch; MASMJS)"
185.191.171.25 - - [30/Apr/2021:15:56:34 +0200] "GET /robots.txt HTTP/1.1" 200 2438 "-" "Mozilla/5.0 (compatible; SemrushBot/7~bl; +http://www.semrush.com/bot.html)"
66.249.66.218 - - [30/Apr/2021:15:58:24 +0200] "GET /images/4005221.jpg HTTP/1.1" 200 19340 "-" "Googlebot-Image/1.0"
54.37.23.134 - - [30/Apr/2021:15:59:29 +0200] "GET /images/big_prod_1/3359103027467a.jpg HTTP/1.1" 200 277144 "-" "-"
66.249.66.218 - - [30/Apr/2021:16:00:38 +0200] "GET /images/big_prod_2/b9316188082143.jpg HTTP/1.1" 200 70905 "-" "Googlebot-Image/1.0"
66.249.66.220 - - [30/Apr/2021:16:02:50 +0200] "GET /images/big_prod/3565750277388.jpg HTTP/1.1" 200 69951 "-" "Googlebot-Image/1.0"
