27.115.124.101 - - [30/Apr/2021:22:15:48 +0200] "GET /images/mini_prod/8712159170139.jpg HTTP/1.1" 200 4983 "http://www.wonder-geek.com/" "Mozilla/5.0 (Linux; U; Android 8.1.0; zh-CN; EML-AL00 Build/HUAWEIEML-AL00) AppleWebKit/537.36 (KHTML, like Gecko) Version/4.0 Chrome/57.0.2987.108 baidu.sogo.uc.UCBrowser/11.9.4.974 UWS/2.13.1.48 Mobile Safari/537.36 AliApp(DingTalk/4.5.11) com.alibaba.android.rimet/10487439 Channel/227200 language/zh-CN"
27.115.124.6 - - [30/Apr/2021:22:15:48 +0200] "GET /images/mini_prod/74676signes.jpg HTTP/1.1" 200 6623 "http://www.wonder-geek.com/" "Mozilla/5.0 (Linux; U; Android 8.1.0; zh-CN; EML-AL00 Build/HUAWEIEML-AL00) AppleWebKit/537.36 (KHTML, like Gecko) Version/4.0 Chrome/57.0.2987.108 baidu.sogo.uc.UCBrowser/11.9.4.974 UWS/2.13.1.48 Mobile Safari/537.36 AliApp(DingTalk/4.5.11) com.alibaba.android.rimet/10487439 Channel/227200 language/zh-CN"
27.115.124.38 - - [30/Apr/2021:22:15:48 +0200] "GET /images/mini_prod/8424001773848.jpg HTTP/1.1" 200 6423 "http://www.wonder-geek.com/" "Mozilla/5.0 (Linux; U; Android 8.1.0; zh-CN; EML-AL00 Build/HUAWEIEML-AL00) AppleWebKit/537.36 (KHTML, like Gecko) Version/4.0 Chrome/57.0.2987.108 baidu.sogo.uc.UCBrowser/11.9.4.974 UWS/2.13.1.48 Mobile Safari/537.36 AliApp(DingTalk/4.5.11) com.alibaba.android.rimet/10487439 Channel/227200 language/zh-CN"
27.115.124.6 - - [30/Apr/2021:22:15:48 +0200] "GET /highslide/graphics/outlines/drop-shadow.png HTTP/1.1" 200 2022 "http://www.wonder-geek.com/" "Mozilla/5.0 (Linux; U; Android 8.1.0; zh-CN; EML-AL00 Build/HUAWEIEML-AL00) AppleWebKit/537.36 (KHTML, like Gecko) Version/4.0 Chrome/57.0.2987.108 baidu.sogo.uc.UCBrowser/11.9.4.974 UWS/2.13.1.48 Mobile Safari/537.36 AliApp(DingTalk/4.5.11) com.alibaba.android.rimet/10487439 Channel/227200 language/zh-CN"
54.37.23.187 - - [30/Apr/2021:22:16:11 +0200] "GET /images/big_prod_1/3700572750606B.jpg HTTP/1.1" 200 97230 "-" "-"
101.89.239.120 - - [30/Apr/2021:22:16:31 +0200] "GET /highslide/highslide.js HTTP/1.1" 200 42909 "http://www.wonder-geek.com/caravelle-vintage-clock-p-45890.html" "Mozilla/5.0 (Windows NT 6.1; WOW64) AppleWebKit/537.36 (KHTML, like Gecko) Chrome/53.0.2785.104 Safari/537.36 Core/1.53.2141.400 QQBrowser/9.5.10219.400"
101.89.239.120 - - [30/Apr/2021:22:16:32 +0200] "GET /js/jquery.js HTTP/1.1" 200 54075 "http://www.wonder-geek.com/caravelle-vintage-clock-p-45890.html" "Mozilla/5.0 (Windows NT 6.1; WOW64) AppleWebKit/537.36 (KHTML, like Gecko) Chrome/53.0.2785.104 Safari/537.36 Core/1.53.2141.400 QQBrowser/9.5.10219.400"
101.89.239.120 - - [30/Apr/2021:22:16:32 +0200] "GET /js/jquery.jqzoom.js HTTP/1.1" 200 4761 "http://www.wonder-geek.com/caravelle-vintage-clock-p-45890.html" "Mozilla/5.0 (Macintosh; Intel Mac OS X 10_12_4) AppleWebKit/537.36 (KHTML, like Gecko) \x09\x09\x09Chrome/55.0.2883.95 Safari/537.36"
101.89.239.120 - - [30/Apr/2021:22:16:33 +0200] "GET /mondial_relay/js/jquery-1.3.2.min.js HTTP/1.1" 200 57254 "http://www.wonder-geek.com/caravelle-vintage-clock-p-45890.html" "Mozilla/5.0 (Macintosh; Intel Mac OS X 10_12_4) AppleWebKit/537.36 (KHTML, like Gecko) \x09\x09\x09Chrome/55.0.2883.95 Safari/537.36"
111.225.149.213 - - [30/Apr/2021:22:16:34 +0200] "GET /images/big_prod/3503420026508.jpg HTTP/1.1" 200 53576 "http://www.wonder-geek.com/cake-dish-pastry-p-54999.html" "Mozilla/5.0 (Linux; Android 5.0) AppleWebKit/537.36 (KHTML, like Gecko) Mobile Safari/537.36 (compatible; Bytespider; https://zhanzhang.toutiao.com/)"
61.151.207.141 - - [30/Apr/2021:22:16:34 +0200] "GET /highslide/highslide.js HTTP/1.1" 200 42909 "http://www.wonder-geek.com/caravelle-vintage-clock-p-45890.html" "Mozilla/5.0 (Windows NT 6.1; WOW64; rv:50.0) Gecko/20100101 Firefox/50.0"
61.151.207.141 - - [30/Apr/2021:22:16:36 +0200] "GET /js/jquery.js HTTP/1.1" 200 54075 "http://www.wonder-geek.com/caravelle-vintage-clock-p-45890.html" "Mozilla/5.0 (Windows NT 6.1; WOW64; Trident/7.0; SLCC2; .NET CLR 2.0.50727; .NET CLR 3.5.30729; .NET CLR 3.0.30729; Media Center PC 6.0; .NET4.0C; .NET4.0E; InfoPath.3; rv:11.0) like Gecko"
61.151.207.141 - - [30/Apr/2021:22:16:36 +0200] "GET /js/jquery.jqzoom.js HTTP/1.1" 200 4761 "http://www.wonder-geek.com/caravelle-vintage-clock-p-45890.html" "Mozilla/5.0 (Windows NT 6.1; WOW64; Trident/7.0; SLCC2; .NET CLR 2.0.50727; .NET CLR 3.5.30729; .NET CLR 3.0.30729; Media Center PC 6.0; .NET4.0C; .NET4.0E; InfoPath.3; rv:11.0) like Gecko"
61.151.207.141 - - [30/Apr/2021:22:16:37 +0200] "GET /mondial_relay/js/jquery-1.3.2.min.js HTTP/1.1" 200 57254 "http://www.wonder-geek.com/caravelle-vintage-clock-p-45890.html" "Mozilla/5.0 (Windows NT 6.1; WOW64) AppleWebKit/537.36 (KHTML, like Gecko) Chrome/53.0.2785.104 Safari/537.36 Core/1.53.2141.400 QQBrowser/9.5.10219.400"
216.244.66.242 - - [30/Apr/2021:22:16:50 +0200] "GET /robots.txt HTTP/1.1" 200 2438 "-" "Mozilla/5.0 (compatible; DotBot/1.2; +https://opensiteexplorer.org/dotbot; help@moz.com)"
66.249.66.216 - - [30/Apr/2021:22:17:28 +0200] "GET /images/mini_prod/DSCN7533.jpg HTTP/1.1" 200 5705 "-" "Googlebot-Image/1.0"
147.92.153.18 - - [30/Apr/2021:22:17:34 +0200] "GET /images/big_prod_1/8422019037327B.jpg HTTP/1.1" 200 361509 "-" "Mozilla/5.0 (compatible; Linespider/1.1; +https://lin.ee/4dwXkTH)"
51.38.45.199 - - [30/Apr/2021:22:19:38 +0200] "GET /images/big_prod_1/8422048801104B.jpg HTTP/1.1" 200 496340 "-" "-"
66.249.66.216 - - [30/Apr/2021:22:20:45 +0200] "GET /images/big_prod_1/8422011490083B.jpg HTTP/1.1" 200 123913 "-" "Googlebot-Image/1.0"
5.255.231.71 - - [30/Apr/2021:22:23:34 +0200] "GET /robots.txt HTTP/1.1" 200 2438 "-" "Mozilla/5.0 (compatible; YandexBot/3.0; +http://yandex.com/bots)"
66.249.66.216 - - [30/Apr/2021:22:24:26 +0200] "GET /images/big_prod_1/3660173218106b.jpg HTTP/1.1" 200 91843 "-" "Googlebot-Image/1.0"
54.37.23.179 - - [30/Apr/2021:22:26:21 +0200] "GET /images/mini_prod/3700572739526.jpg HTTP/1.1" 200 7818 "-" "-"
54.37.23.179 - - [30/Apr/2021:22:26:21 +0200] "GET /images/mini_prod/1345544894111.jpg HTTP/1.1" 200 6392 "-" "-"
111.225.148.238 - - [30/Apr/2021:22:26:33 +0200] "GET /images/7316192377152.jpg HTTP/1.1" 200 52265 "http://www.wonder-geek.com/pour-anniv-card-p-20018.html" "Mozilla/5.0 (Linux; Android 5.0) AppleWebKit/537.36 (KHTML, like Gecko) Mobile Safari/537.36 (compatible; Bytespider; https://zhanzhang.toutiao.com/)"
66.249.66.216 - - [30/Apr/2021:22:28:05 +0200] "GET /images/8412906996745.jpg HTTP/1.1" 200 55471 "-" "Googlebot-Image/1.0"
66.249.66.216 - - [30/Apr/2021:22:28:10 +0200] "GET /images/mini_prod/9316188078160.jpg HTTP/1.1" 200 4481 "-" "Googlebot-Image/1.0"
66.249.66.216 - - [30/Apr/2021:22:32:07 +0200] "GET /images/big_prod_1/9316188071314.jpg HTTP/1.1" 200 69188 "-" "Googlebot-Image/1.0"
3.83.238.162 - - [30/Apr/2021:22:34:55 +0200] "GET /robots.txt HTTP/1.1" 200 2438 "-" "Mozilla/5.0 (Macintosh; Intel Mac OS X 10_10_1) AppleWebKit/600.2.5 (KHTML, like Gecko) Version/8.0.2 Safari/600.2.5 (Amazonbot/0.1; +https://developer.amazon.com/support/amazonbot)"
66.249.66.216 - - [30/Apr/2021:22:35:41 +0200] "GET /images/big_prod_1/3521320806310b.jpg HTTP/1.1" 200 75534 "-" "Googlebot-Image/1.0"
111.225.149.59 - - [30/Apr/2021:22:36:33 +0200] "GET /images/big_prod_1/3574642579813b.jpg HTTP/1.1" 200 68056 "http://www.wonder-geek.com/cotton-bath-zinc-p-47263.html" "Mozilla/5.0 (Linux; Android 5.0) AppleWebKit/537.36 (KHTML, like Gecko) Mobile Safari/537.36 (compatible; Bytespider; https://zhanzhang.toutiao.com/)"
111.225.149.54 - - [30/Apr/2021:22:36:34 +0200] "GET /images/big_prod/3574642579813.jpg HTTP/1.1" 200 68056 "http://www.wonder-geek.com/cotton-bath-zinc-p-47263.html" "Mozilla/5.0 (Linux; Android 5.0) AppleWebKit/537.36 (KHTML, like Gecko) Mobile Safari/537.36 (compatible; Bytespider; https://zhanzhang.toutiao.com/)"
66.249.66.218 - - [30/Apr/2021:22:36:39 +0200] "GET /images/mini_prod/1399986100217.jpg HTTP/1.1" 200 6231 "-" "Googlebot-Image/1.0"
66.249.66.220 - - [30/Apr/2021:22:39:28 +0200] "GET /images/big_prod_2/8718375750568C.jpg HTTP/1.1" 200 388281 "-" "Googlebot-Image/1.0"
66.249.66.218 - - [30/Apr/2021:22:43:11 +0200] "GET /images/mini_prod/1399986101023.jpg HTTP/1.1" 200 10552 "-" "Googlebot-Image/1.0"
66.249.66.220 - - [30/Apr/2021:22:45:08 +0200] "GET /images/mini_prod/8718375755617.jpg HTTP/1.1" 200 7471 "-" "Googlebot-Image/1.0"
110.249.201.249 - - [30/Apr/2021:22:46:33 +0200] "GET /images/big_prod_1/b3453131152594.jpg HTTP/1.1" 200 63712 "http://www.wonder-geek.com/allen-pill-make-happen-p-51385.html" "Mozilla/5.0 (Linux; Android 5.0) AppleWebKit/537.36 (KHTML, like Gecko) Mobile Safari/537.36 (compatible; Bytespider; https://zhanzhang.toutiao.com/)"
66.249.66.218 - - [30/Apr/2021:22:48:27 +0200] "GET /images/big_prod_2/8424346229079C.jpg HTTP/1.1" 200 54620 "-" "Googlebot-Image/1.0"
66.102.9.70 - - [30/Apr/2021:22:49:31 +0200] "GET /images/big_prod/1399986101368.jpg HTTP/1.1" 200 49760 "-" "Mozilla/5.0 (Windows NT 5.1; rv:11.0) Gecko Firefox/11.0 (via ggpht.com GoogleImageProxy)"
136.175.178.57 - - [30/Apr/2021:22:50:52 +0200] "GET /js/jquery.jqzoom.js HTTP/1.1" 200 4761 "http://www.wonder-geek.com/candle-hours-true-enchantment-p-33051.html" "Mozilla/5.0 (iPhone; CPU iPhone OS 13_6 like Mac OS X) AppleWebKit/605.1.15 (KHTML, like Gecko) CriOS/80.0.3987.95 Mobile/15E148 Safari/604.1"
136.175.178.57 - - [30/Apr/2021:22:50:52 +0200] "GET /highslide/highslide.js HTTP/1.1" 200 42909 "http://www.wonder-geek.com/candle-hours-true-enchantment-p-33051.html" "Mozilla/5.0 (iPhone; CPU iPhone OS 13_6 like Mac OS X) AppleWebKit/605.1.15 (KHTML, like Gecko) CriOS/80.0.3987.95 Mobile/15E148 Safari/604.1"
136.175.178.57 - - [30/Apr/2021:22:50:52 +0200] "GET /templates/Pixame_v1/stylesheet.css HTTP/1.1" 200 56057 "http://www.wonder-geek.com/candle-hours-true-enchantment-p-33051.html" "Mozilla/5.0 (iPhone; CPU iPhone OS 13_6 like Mac OS X) AppleWebKit/605.1.15 (KHTML, like Gecko) CriOS/80.0.3987.95 Mobile/15E148 Safari/604.1"
136.175.178.57 - - [30/Apr/2021:22:50:52 +0200] "GET /js/jquery.js HTTP/1.1" 200 54075 "http://www.wonder-geek.com/candle-hours-true-enchantment-p-33051.html" "Mozilla/5.0 (iPhone; CPU iPhone OS 13_6 like Mac OS X) AppleWebKit/605.1.15 (KHTML, like Gecko) CriOS/80.0.3987.95 Mobile/15E148 Safari/604.1"
136.175.178.57 - - [30/Apr/2021:22:50:53 +0200] "GET /mondial_relay/js/jquery-1.3.2.min.js HTTP/1.1" 200 57254 "http://www.wonder-geek.com/candle-hours-true-enchantment-p-33051.html" "Mozilla/5.0 (iPhone; CPU iPhone OS 13_6 like Mac OS X) AppleWebKit/605.1.15 (KHTML, like Gecko) CriOS/80.0.3987.95 Mobile/15E148 Safari/604.1"
136.175.178.57 - - [30/Apr/2021:22:50:53 +0200] "GET /templates/Pixame_v1/images/icon_accueil2.png HTTP/1.1" 200 1137 "http://www.wonder-geek.com/candle-hours-true-enchantment-p-33051.html" "Mozilla/5.0 (iPhone; CPU iPhone OS 13_6 like Mac OS X) AppleWebKit/605.1.15 (KHTML, like Gecko) CriOS/80.0.3987.95 Mobile/15E148 Safari/604.1"
136.175.178.57 - - [30/Apr/2021:22:50:53 +0200] "GET /templates/Pixame_v1/images/buttons/english/button_in_cart.gif HTTP/1.1" 200 1212 "http://www.wonder-geek.com/candle-hours-true-enchantment-p-33051.html" "Mozilla/5.0 (iPhone; CPU iPhone OS 13_6 like Mac OS X) AppleWebKit/605.1.15 (KHTML, like Gecko) CriOS/80.0.3987.95 Mobile/15E148 Safari/604.1"
136.175.178.57 - - [30/Apr/2021:22:50:53 +0200] "GET /templates/Pixame_v1/images/Bottom_texture.jpg HTTP/1.1" 200 56290 "http://www.wonder-geek.com/candle-hours-true-enchantment-p-33051.html" "Mozilla/5.0 (iPhone; CPU iPhone OS 13_6 like Mac OS X) AppleWebKit/605.1.15 (KHTML, like Gecko) CriOS/80.0.3987.95 Mobile/15E148 Safari/604.1"
136.175.178.57 - - [30/Apr/2021:22:50:53 +0200] "GET /images/med_prod/5051276185934.jpg HTTP/1.1" 200 103549 "http://www.wonder-geek.com/candle-hours-true-enchantment-p-33051.html" "Mozilla/5.0 (iPhone; CPU iPhone OS 13_6 like Mac OS X) AppleWebKit/605.1.15 (KHTML, like Gecko) CriOS/80.0.3987.95 Mobile/15E148 Safari/604.1"
136.175.178.57 - - [30/Apr/2021:22:50:54 +0200] "GET /templates/Pixame_v1/images/nav.png HTTP/1.1" 200 1283 "http://www.wonder-geek.com/candle-hours-true-enchantment-p-33051.html" "Mozilla/5.0 (iPhone; CPU iPhone OS 13_6 like Mac OS X) AppleWebKit/605.1.15 (KHTML, like Gecko) CriOS/80.0.3987.95 Mobile/15E148 Safari/604.1"
136.175.178.57 - - [30/Apr/2021:22:50:54 +0200] "GET /favicon.ico HTTP/1.1" 200 1591 "-" "Mozilla/5.0 (iPhone; CPU iPhone OS 13_6 like Mac OS X) AppleWebKit/605.1.15 (KHTML, like Gecko) CriOS/80.0.3987.95 Mobile/15E148 Safari/604.1"
136.175.178.57 - - [30/Apr/2021:22:50:54 +0200] "GET /templates/Pixame_v1/images/header.png HTTP/1.1" 200 70245 "http://www.wonder-geek.com/candle-hours-true-enchantment-p-33051.html" "Mozilla/5.0 (iPhone; CPU iPhone OS 13_6 like Mac OS X) AppleWebKit/605.1.15 (KHTML, like Gecko) CriOS/80.0.3987.95 Mobile/15E148 Safari/604.1"
136.175.178.57 - - [30/Apr/2021:22:50:54 +0200] "GET /design/productsenstock.png HTTP/1.1" 200 4743 "http://www.wonder-geek.com/candle-hours-true-enchantment-p-33051.html" "Mozilla/5.0 (iPhone; CPU iPhone OS 13_6 like Mac OS X) AppleWebKit/605.1.15 (KHTML, like Gecko) CriOS/80.0.3987.95 Mobile/15E148 Safari/604.1"
136.175.178.57 - - [30/Apr/2021:22:50:54 +0200] "GET /templates/Pixame_v1/images/Middle_texture.jpg HTTP/1.1" 200 249620 "http://www.wonder-geek.com/candle-hours-true-enchantment-p-33051.html" "Mozilla/5.0 (iPhone; CPU iPhone OS 13_6 like Mac OS X) AppleWebKit/605.1.15 (KHTML, like Gecko) CriOS/80.0.3987.95 Mobile/15E148 Safari/604.1"
136.175.178.57 - - [30/Apr/2021:22:50:54 +0200] "GET /templates/Pixame_v1/images/header-object.png HTTP/1.1" 200 106050 "http://www.wonder-geek.com/candle-hours-true-enchantment-p-33051.html" "Mozilla/5.0 (iPhone; CPU iPhone OS 13_6 like Mac OS X) AppleWebKit/605.1.15 (KHTML, like Gecko) CriOS/80.0.3987.95 Mobile/15E148 Safari/604.1"
136.175.178.57 - - [30/Apr/2021:22:50:55 +0200] "GET /highslide/graphics/outlines/drop-shadow.png HTTP/1.1" 200 2022 "http://www.wonder-geek.com/candle-hours-true-enchantment-p-33051.html" "Mozilla/5.0 (iPhone; CPU iPhone OS 13_6 like Mac OS X) AppleWebKit/605.1.15 (KHTML, like Gecko) CriOS/80.0.3987.95 Mobile/15E148 Safari/604.1"
66.249.66.220 - - [30/Apr/2021:22:53:44 +0200] "GET /images/mini_prod/5013138601112.jpg HTTP/1.1" 200 4849 "-" "Googlebot-Image/1.0"
110.249.201.36 - - [30/Apr/2021:22:56:33 +0200] "GET /images/big_prod_1/8424346259984a.jpg HTTP/1.1" 200 66608 "http://www.wonder-geek.com/welcome-round-doormat-p-55101.html" "Mozilla/5.0 (Linux; Android 5.0) AppleWebKit/537.36 (KHTML, like Gecko) Mobile Safari/537.36 (compatible; Bytespider; https://zhanzhang.toutiao.com/)"
110.249.201.39 - - [30/Apr/2021:22:56:34 +0200] "GET /images/big_prod/8424346259984.jpg HTTP/1.1" 200 56472 "http://www.wonder-geek.com/welcome-round-doormat-p-55101.html" "Mozilla/5.0 (Linux; Android 5.0) AppleWebKit/537.36 (KHTML, like Gecko) Mobile Safari/537.36 (compatible; Bytespider; https://zhanzhang.toutiao.com/)"
66.249.66.218 - - [30/Apr/2021:22:59:01 +0200] "GET /images/mini_prod/1384010189986.jpg HTTP/1.1" 200 9868 "-" "Googlebot-Image/1.0"
185.191.171.2 - - [30/Apr/2021:22:59:51 +0200] "GET /robots.txt HTTP/1.1" 200 2438 "-" "Mozilla/5.0 (compatible; SemrushBot/7~bl; +http://www.semrush.com/bot.html)"
207.46.13.96 - - [30/Apr/2021:23:00:55 +0200] "GET /js/jquery.js HTTP/1.1" 200 54075 "-" "Mozilla/5.0 (compatible; bingbot/2.0; +http://www.bing.com/bingbot.htm)"
207.46.13.96 - - [30/Apr/2021:23:00:55 +0200] "GET /js/jquery.js HTTP/1.1" 200 54075 "-" "Mozilla/5.0 (compatible; bingbot/2.0; +http://www.bing.com/bingbot.htm)"
207.46.13.96 - - [30/Apr/2021:23:00:56 +0200] "GET /js/jquery.js HTTP/1.1" 200 54075 "-" "Mozilla/5.0 (compatible; bingbot/2.0; +http://www.bing.com/bingbot.htm)"
207.46.13.96 - - [30/Apr/2021:23:00:56 +0200] "GET /js/jquery.js HTTP/1.1" 200 54075 "-" "Mozilla/5.0 (compatible; bingbot/2.0; +http://www.bing.com/bingbot.htm)"
207.46.13.96 - - [30/Apr/2021:23:00:56 +0200] "GET /js/jquery.js HTTP/1.1" 200 54075 "-" "Mozilla/5.0 (compatible; bingbot/2.0; +http://www.bing.com/bingbot.htm)"
207.46.13.96 - - [30/Apr/2021:23:00:56 +0200] "GET /js/jquery.js HTTP/1.1" 200 54075 "-" "Mozilla/5.0 (compatible; bingbot/2.0; +http://www.bing.com/bingbot.htm)"
207.46.13.96 - - [30/Apr/2021:23:00:57 +0200] "GET /js/jquery.js HTTP/1.1" 200 54075 "-" "Mozilla/5.0 (compatible; bingbot/2.0; +http://www.bing.com/bingbot.htm)"
207.46.13.96 - - [30/Apr/2021:23:00:57 +0200] "GET /js/jquery.js HTTP/1.1" 200 54075 "-" "Mozilla/5.0 (compatible; bingbot/2.0; +http://www.bing.com/bingbot.htm)"
207.46.13.96 - - [30/Apr/2021:23:00:57 +0200] "GET /js/jquery.js HTTP/1.1" 200 54075 "-" "Mozilla/5.0 (compatible; bingbot/2.0; +http://www.bing.com/bingbot.htm)"
207.46.13.96 - - [30/Apr/2021:23:00:58 +0200] "GET /js/jquery.js HTTP/1.1" 200 54075 "-" "Mozilla/5.0 (compatible; bingbot/2.0; +http://www.bing.com/bingbot.htm)"
207.46.13.96 - - [30/Apr/2021:23:00:58 +0200] "GET /js/jquery.js HTTP/1.1" 200 54075 "-" "Mozilla/5.0 (compatible; bingbot/2.0; +http://www.bing.com/bingbot.htm)"
207.46.13.96 - - [30/Apr/2021:23:00:58 +0200] "GET /js/jquery.js HTTP/1.1" 200 54075 "-" "Mozilla/5.0 (compatible; bingbot/2.0; +http://www.bing.com/bingbot.htm)"
207.46.13.96 - - [30/Apr/2021:23:00:59 +0200] "GET /js/jquery.js HTTP/1.1" 200 54075 "-" "Mozilla/5.0 (compatible; bingbot/2.0; +http://www.bing.com/bingbot.htm)"
207.46.13.96 - - [30/Apr/2021:23:00:59 +0200] "GET /js/jquery.js HTTP/1.1" 200 54075 "-" "Mozilla/5.0 (compatible; bingbot/2.0; +http://www.bing.com/bingbot.htm)"
207.46.13.96 - - [30/Apr/2021:23:00:59 +0200] "GET /js/jquery.js HTTP/1.1" 200 54075 "-" "Mozilla/5.0 (compatible; bingbot/2.0; +http://www.bing.com/bingbot.htm)"
207.46.13.96 - - [30/Apr/2021:23:00:59 +0200] "GET /js/jquery.js HTTP/1.1" 200 54075 "-" "Mozilla/5.0 (compatible; bingbot/2.0; +http://www.bing.com/bingbot.htm)"
207.46.13.96 - - [30/Apr/2021:23:00:59 +0200] "GET /js/jquery.js HTTP/1.1" 200 54075 "-" "Mozilla/5.0 (compatible; bingbot/2.0; +http://www.bing.com/bingbot.htm)"
207.46.13.96 - - [30/Apr/2021:23:00:59 +0200] "GET /js/jquery.js HTTP/1.1" 200 54075 "-" "Mozilla/5.0 (compatible; bingbot/2.0; +http://www.bing.com/bingbot.htm)"
207.46.13.96 - - [30/Apr/2021:23:00:59 +0200] "GET /js/jquery.js HTTP/1.1" 200 54075 "-" "Mozilla/5.0 (compatible; bingbot/2.0; +http://www.bing.com/bingbot.htm)"
207.46.13.96 - - [30/Apr/2021:23:01:00 +0200] "GET /js/jquery.js HTTP/1.1" 200 54075 "-" "Mozilla/5.0 (compatible; bingbot/2.0; +http://www.bing.com/bingbot.htm)"
207.46.13.96 - - [30/Apr/2021:23:01:00 +0200] "GET /js/jquery.js HTTP/1.1" 200 54075 "-" "Mozilla/5.0 (compatible; bingbot/2.0; +http://www.bing.com/bingbot.htm)"
207.46.13.96 - - [30/Apr/2021:23:01:00 +0200] "GET /js/jquery.js HTTP/1.1" 200 54075 "-" "Mozilla/5.0 (compatible; bingbot/2.0; +http://www.bing.com/bingbot.htm)"
207.46.13.96 - - [30/Apr/2021:23:01:00 +0200] "GET /js/jquery.js HTTP/1.1" 200 54075 "-" "Mozilla/5.0 (compatible; bingbot/2.0; +http://www.bing.com/bingbot.htm)"
207.46.13.96 - - [30/Apr/2021:23:01:00 +0200] "GET /js/jquery.js HTTP/1.1" 200 54075 "-" "Mozilla/5.0 (compatible; bingbot/2.0; +http://www.bing.com/bingbot.htm)"
207.46.13.96 - - [30/Apr/2021:23:01:00 +0200] "GET /js/jquery.js HTTP/1.1" 200 54075 "-" "Mozilla/5.0 (compatible; bingbot/2.0; +http://www.bing.com/bingbot.htm)"
207.46.13.96 - - [30/Apr/2021:23:01:00 +0200] "GET /js/jquery.js HTTP/1.1" 200 54075 "-" "Mozilla/5.0 (compatible; bingbot/2.0; +http://www.bing.com/bingbot.htm)"
207.46.13.96 - - [30/Apr/2021:23:01:01 +0200] "GET /js/jquery.js HTTP/1.1" 200 54075 "-" "Mozilla/5.0 (compatible; bingbot/2.0; +http://www.bing.com/bingbot.htm)"
207.46.13.96 - - [30/Apr/2021:23:01:02 +0200] "GET /js/jquery.js HTTP/1.1" 200 54075 "-" "Mozilla/5.0 (compatible; bingbot/2.0; +http://www.bing.com/bingbot.htm)"
207.46.13.117 - - [30/Apr/2021:23:01:33 +0200] "GET /js/jquery.masonry.min.js HTTP/1.1" 200 5392 "-" "Mozilla/5.0 (compatible; bingbot/2.0; +http://www.bing.com/bingbot.htm)"
207.46.13.96 - - [30/Apr/2021:23:01:40 +0200] "GET /js/jquery.js HTTP/1.1" 200 54075 "-" "Mozilla/5.0 (compatible; bingbot/2.0; +http://www.bing.com/bingbot.htm)"
207.46.13.96 - - [30/Apr/2021:23:01:42 +0200] "GET /js/jquery.js HTTP/1.1" 200 54075 "-" "Mozilla/5.0 (compatible; bingbot/2.0; +http://www.bing.com/bingbot.htm)"
207.46.13.96 - - [30/Apr/2021:23:01:42 +0200] "GET /js/jquery.js HTTP/1.1" 200 54075 "-" "Mozilla/5.0 (compatible; bingbot/2.0; +http://www.bing.com/bingbot.htm)"
207.46.13.96 - - [30/Apr/2021:23:01:44 +0200] "GET /js/jquery.js HTTP/1.1" 200 54075 "-" "Mozilla/5.0 (compatible; bingbot/2.0; +http://www.bing.com/bingbot.htm)"
207.46.13.96 - - [30/Apr/2021:23:01:44 +0200] "GET /js/jquery.js HTTP/1.1" 200 54075 "-" "Mozilla/5.0 (compatible; bingbot/2.0; +http://www.bing.com/bingbot.htm)"
207.46.13.96 - - [30/Apr/2021:23:01:46 +0200] "GET /js/jquery.js HTTP/1.1" 200 54075 "-" "Mozilla/5.0 (compatible; bingbot/2.0; +http://www.bing.com/bingbot.htm)"
207.46.13.96 - - [30/Apr/2021:23:01:46 +0200] "GET /js/jquery.js HTTP/1.1" 200 54075 "-" "Mozilla/5.0 (compatible; bingbot/2.0; +http://www.bing.com/bingbot.htm)"
207.46.13.96 - - [30/Apr/2021:23:01:47 +0200] "GET /js/jquery.js HTTP/1.1" 200 54075 "-" "Mozilla/5.0 (compatible; bingbot/2.0; +http://www.bing.com/bingbot.htm)"
207.46.13.96 - - [30/Apr/2021:23:01:47 +0200] "GET /js/jquery.js HTTP/1.1" 200 54075 "-" "Mozilla/5.0 (compatible; bingbot/2.0; +http://www.bing.com/bingbot.htm)"
207.46.13.96 - - [30/Apr/2021:23:01:48 +0200] "GET /js/jquery.js HTTP/1.1" 200 54075 "-" "Mozilla/5.0 (compatible; bingbot/2.0; +http://www.bing.com/bingbot.htm)"
207.46.13.96 - - [30/Apr/2021:23:01:49 +0200] "GET /js/jquery.js HTTP/1.1" 200 54075 "-" "Mozilla/5.0 (compatible; bingbot/2.0; +http://www.bing.com/bingbot.htm)"
207.46.13.96 - - [30/Apr/2021:23:01:50 +0200] "GET /js/jquery.js HTTP/1.1" 200 54075 "-" "Mozilla/5.0 (compatible; bingbot/2.0; +http://www.bing.com/bingbot.htm)"
207.46.13.96 - - [30/Apr/2021:23:01:50 +0200] "GET /js/jquery.js HTTP/1.1" 200 54075 "-" "Mozilla/5.0 (compatible; bingbot/2.0; +http://www.bing.com/bingbot.htm)"
207.46.13.96 - - [30/Apr/2021:23:01:51 +0200] "GET /js/jquery.js HTTP/1.1" 200 54075 "-" "Mozilla/5.0 (compatible; bingbot/2.0; +http://www.bing.com/bingbot.htm)"
207.46.13.96 - - [30/Apr/2021:23:01:51 +0200] "GET /js/jquery.js HTTP/1.1" 200 54075 "-" "Mozilla/5.0 (compatible; bingbot/2.0; +http://www.bing.com/bingbot.htm)"
207.46.13.96 - - [30/Apr/2021:23:01:52 +0200] "GET /js/jquery.js HTTP/1.1" 200 54075 "-" "Mozilla/5.0 (compatible; bingbot/2.0; +http://www.bing.com/bingbot.htm)"
207.46.13.96 - - [30/Apr/2021:23:01:52 +0200] "GET /js/jquery.js HTTP/1.1" 200 54075 "-" "Mozilla/5.0 (compatible; bingbot/2.0; +http://www.bing.com/bingbot.htm)"
207.46.13.96 - - [30/Apr/2021:23:01:52 +0200] "GET /js/jquery.js HTTP/1.1" 200 54075 "-" "Mozilla/5.0 (compatible; bingbot/2.0; +http://www.bing.com/bingbot.htm)"
207.46.13.96 - - [30/Apr/2021:23:01:52 +0200] "GET /js/jquery.js HTTP/1.1" 200 54075 "-" "Mozilla/5.0 (compatible; bingbot/2.0; +http://www.bing.com/bingbot.htm)"
207.46.13.96 - - [30/Apr/2021:23:01:52 +0200] "GET /js/jquery.js HTTP/1.1" 200 54075 "-" "Mozilla/5.0 (compatible; bingbot/2.0; +http://www.bing.com/bingbot.htm)"
207.46.13.96 - - [30/Apr/2021:23:01:53 +0200] "GET /js/jquery.js HTTP/1.1" 200 54075 "-" "Mozilla/5.0 (compatible; bingbot/2.0; +http://www.bing.com/bingbot.htm)"
207.46.13.96 - - [30/Apr/2021:23:01:53 +0200] "GET /js/jquery.js HTTP/1.1" 200 54075 "-" "Mozilla/5.0 (compatible; bingbot/2.0; +http://www.bing.com/bingbot.htm)"
207.46.13.96 - - [30/Apr/2021:23:01:53 +0200] "GET /js/jquery.js HTTP/1.1" 200 54075 "-" "Mozilla/5.0 (compatible; bingbot/2.0; +http://www.bing.com/bingbot.htm)"
207.46.13.96 - - [30/Apr/2021:23:02:11 +0200] "GET /js/jquery.js HTTP/1.1" 200 54075 "-" "Mozilla/5.0 (compatible; bingbot/2.0; +http://www.bing.com/bingbot.htm)"
207.46.13.96 - - [30/Apr/2021:23:02:11 +0200] "GET /js/jquery.js HTTP/1.1" 200 54075 "-" "Mozilla/5.0 (compatible; bingbot/2.0; +http://www.bing.com/bingbot.htm)"
207.46.13.96 - - [30/Apr/2021:23:02:11 +0200] "GET /js/jquery.js HTTP/1.1" 200 54075 "-" "Mozilla/5.0 (compatible; bingbot/2.0; +http://www.bing.com/bingbot.htm)"
207.46.13.96 - - [30/Apr/2021:23:02:12 +0200] "GET /js/jquery.js HTTP/1.1" 200 54075 "-" "Mozilla/5.0 (compatible; bingbot/2.0; +http://www.bing.com/bingbot.htm)"
207.46.13.96 - - [30/Apr/2021:23:02:12 +0200] "GET /js/jquery.js HTTP/1.1" 200 54075 "-" "Mozilla/5.0 (compatible; bingbot/2.0; +http://www.bing.com/bingbot.htm)"
207.46.13.96 - - [30/Apr/2021:23:02:12 +0200] "GET /js/jquery.js HTTP/1.1" 200 54075 "-" "Mozilla/5.0 (compatible; bingbot/2.0; +http://www.bing.com/bingbot.htm)"
207.46.13.96 - - [30/Apr/2021:23:02:12 +0200] "GET /js/jquery.js HTTP/1.1" 200 54075 "-" "Mozilla/5.0 (compatible; bingbot/2.0; +http://www.bing.com/bingbot.htm)"
207.46.13.96 - - [30/Apr/2021:23:02:12 +0200] "GET /js/jquery.js HTTP/1.1" 200 54075 "-" "Mozilla/5.0 (compatible; bingbot/2.0; +http://www.bing.com/bingbot.htm)"
207.46.13.96 - - [30/Apr/2021:23:02:12 +0200] "GET /js/jquery.js HTTP/1.1" 200 54075 "-" "Mozilla/5.0 (compatible; bingbot/2.0; +http://www.bing.com/bingbot.htm)"
111.225.148.65 - - [30/Apr/2021:23:06:39 +0200] "GET /images/big_prod_1/8719497617968b.jpg HTTP/1.1" 200 53576 "http://www.wonder-geek.com/stone-green-opal-grams-p-46618.html" "Mozilla/5.0 (Linux; Android 5.0) AppleWebKit/537.36 (KHTML, like Gecko) Mobile Safari/537.36 (compatible; Bytespider; https://zhanzhang.toutiao.com/)"
111.225.148.75 - - [30/Apr/2021:23:06:40 +0200] "GET /images/big_prod/8719497617968.jpg HTTP/1.1" 200 58128 "http://www.wonder-geek.com/stone-green-opal-grams-p-46618.html" "Mozilla/5.0 (Linux; Android 5.0) AppleWebKit/537.36 (KHTML, like Gecko) Mobile Safari/537.36 (compatible; Bytespider; https://zhanzhang.toutiao.com/)"
66.249.66.218 - - [30/Apr/2021:23:07:21 +0200] "GET /images/mini_prod/1399984280980.jpg HTTP/1.1" 200 4828 "-" "Googlebot-Image/1.0"
66.249.66.220 - - [30/Apr/2021:23:09:34 +0200] "GET /images/big_prod/3442440263275.jpg HTTP/1.1" 200 55090 "-" "Googlebot-Image/1.0"
3.83.238.162 - - [30/Apr/2021:23:10:45 +0200] "GET /robots.txt HTTP/1.1" 200 2438 "-" "Mozilla/5.0 (Macintosh; Intel Mac OS X 10_10_1) AppleWebKit/600.2.5 (KHTML, like Gecko) Version/8.0.2 Safari/600.2.5 (Amazonbot/0.1; +https://developer.amazon.com/support/amazonbot)"
216.244.66.242 - - [30/Apr/2021:23:11:05 +0200] "GET /robots.txt HTTP/1.1" 200 2438 "-" "Mozilla/5.0 (compatible; DotBot/1.2; +https://opensiteexplorer.org/dotbot; help@moz.com)"
66.249.66.218 - - [30/Apr/2021:23:11:38 +0200] "GET /images/mini_prod/9316188071048.jpg HTTP/1.1" 200 6556 "-" "Googlebot-Image/1.0"
207.46.13.111 - - [30/Apr/2021:23:13:32 +0200] "GET /js/modernizr-transitions.js HTTP/1.1" 200 2026 "-" "Mozilla/5.0 (compatible; bingbot/2.0; +http://www.bing.com/bingbot.htm)"
66.249.66.220 - - [30/Apr/2021:23:14:52 +0200] "GET /images/big_prod/8435153868368E.jpg HTTP/1.1" 200 252819 "-" "Googlebot-Image/1.0"
54.37.23.16 - - [30/Apr/2021:23:14:56 +0200] "GET /images/big_prod_1/3700572750606B.jpg HTTP/1.1" 200 97230 "-" "-"
147.135.193.88 - - [30/Apr/2021:23:15:41 +0200] "GET /images/big_prod_1/3660173195643.jpg HTTP/1.1" 200 89337 "-" "-"
110.249.201.72 - - [30/Apr/2021:23:16:33 +0200] "GET /mondial_relay/js/jquery-1.3.2.min.js HTTP/1.1" 200 57254 "http://www.wonder-geek.com/chakras-massage-stick-p-48361.html" "Mozilla/5.0 (Linux; Android 5.0) AppleWebKit/537.36 (KHTML, like Gecko) Mobile Safari/537.36 (compatible; Bytespider; https://zhanzhang.toutiao.com/)"
110.249.201.68 - - [30/Apr/2021:23:16:34 +0200] "GET /images/big_prod_1/8719497615308b.jpg HTTP/1.1" 200 38242 "http://www.wonder-geek.com/chakras-massage-stick-p-48361.html" "Mozilla/5.0 (Linux; Android 5.0) AppleWebKit/537.36 (KHTML, like Gecko) Mobile Safari/537.36 (compatible; Bytespider; https://zhanzhang.toutiao.com/)"
110.249.201.71 - - [30/Apr/2021:23:16:35 +0200] "GET /images/big_prod/8719497615308.jpg HTTP/1.1" 200 46292 "http://www.wonder-geek.com/chakras-massage-stick-p-48361.html" "Mozilla/5.0 (Linux; Android 5.0) AppleWebKit/537.36 (KHTML, like Gecko) Mobile Safari/537.36 (compatible; Bytespider; https://zhanzhang.toutiao.com/)"
66.249.66.218 - - [30/Apr/2021:23:20:08 +0200] "GET /images/mini_prod/3453131113212.jpg HTTP/1.1" 200 8513 "-" "Googlebot-Image/1.0"
54.37.23.179 - - [30/Apr/2021:23:24:50 +0200] "GET /images/big_prod_1/8422048801104B.jpg HTTP/1.1" 200 496340 "-" "-"
66.249.66.218 - - [30/Apr/2021:23:25:25 +0200] "GET /images/big_prod_1/8435153868368D.jpg HTTP/1.1" 200 610682 "-" "Googlebot-Image/1.0"
51.38.45.201 - - [30/Apr/2021:23:26:25 +0200] "GET /images/mini_prod/3700572739526.jpg HTTP/1.1" 200 7818 "-" "-"
51.38.45.201 - - [30/Apr/2021:23:26:25 +0200] "GET /images/mini_prod/1345544894111.jpg HTTP/1.1" 200 6392 "-" "-"
111.225.149.248 - - [30/Apr/2021:23:26:35 +0200] "GET /images/big_prod/8720088291092.jpg HTTP/1.1" 200 35528 "http://www.wonder-geek.com/rock-crystal-obelisk-p-51172.html" "Mozilla/5.0 (Linux; Android 5.0) AppleWebKit/537.36 (KHTML, like Gecko) Mobile Safari/537.36 (compatible; Bytespider; https://zhanzhang.toutiao.com/)"
103.131.71.67 - - [30/Apr/2021:23:29:57 +0200] "GET /robots.txt HTTP/1.1" 200 2438 "-" "Mozilla/5.0 (compatible; coccocbot-web/1.0; +http://help.coccoc.com/searchengine)"
103.131.71.170 - - [30/Apr/2021:23:29:59 +0200] "GET /robots.txt HTTP/1.1" 200 2438 "-" "Mozilla/5.0 (compatible; coccocbot-web/1.0; +http://help.coccoc.com/searchengine)"
66.249.66.216 - - [30/Apr/2021:23:30:27 +0200] "GET /images/mini_prod/3660173163628.jpg HTTP/1.1" 200 7781 "-" "Googlebot-Image/1.0"
66.249.66.218 - - [30/Apr/2021:23:30:41 +0200] "GET /images/big_prod/3553560375592.jpg HTTP/1.1" 200 122682 "-" "Googlebot-Image/1.0"
66.249.66.218 - - [30/Apr/2021:23:35:58 +0200] "GET /images/big_prod/8422000089724B.jpg HTTP/1.1" 200 152505 "-" "Googlebot-Image/1.0"
111.225.148.192 - - [30/Apr/2021:23:36:33 +0200] "GET /images/big_prod_2/8719497615360b.jpg HTTP/1.1" 200 50680 "http://www.wonder-geek.com/crystal-grid-healing-p-52058.html" "Mozilla/5.0 (Linux; Android 5.0) AppleWebKit/537.36 (KHTML, like Gecko) Mobile Safari/537.36 (compatible; Bytespider; https://zhanzhang.toutiao.com/)"
111.225.148.201 - - [30/Apr/2021:23:36:33 +0200] "GET /images/big_prod_1/8719497615360a.jpg HTTP/1.1" 200 47992 "http://www.wonder-geek.com/crystal-grid-healing-p-52058.html" "Mozilla/5.0 (Linux; Android 5.0) AppleWebKit/537.36 (KHTML, like Gecko) Mobile Safari/537.36 (compatible; Bytespider; https://zhanzhang.toutiao.com/)"
111.225.148.192 - - [30/Apr/2021:23:36:34 +0200] "GET /images/big_prod/8719497615360.jpg HTTP/1.1" 200 62264 "http://www.wonder-geek.com/crystal-grid-healing-p-52058.html" "Mozilla/5.0 (Linux; Android 5.0) AppleWebKit/537.36 (KHTML, like Gecko) Mobile Safari/537.36 (compatible; Bytespider; https://zhanzhang.toutiao.com/)"
37.39.211.249 - - [30/Apr/2021:23:40:43 +0200] "GET /images/med_prod/3457010951216.jpg HTTP/1.1" 200 120401 "-" "SiriViewService/1.0 CFNetwork/978.0.7 Darwin/18.7.0"
66.249.66.220 - - [30/Apr/2021:23:41:15 +0200] "GET /images/big_prod_1/a8422000089724.jpg HTTP/1.1" 200 115506 "-" "Googlebot-Image/1.0"
66.249.66.218 - - [30/Apr/2021:23:46:08 +0200] "GET /images/big_prod/8717202556908.jpg HTTP/1.1" 200 60690 "-" "Googlebot-Image/1.0"
3.83.238.162 - - [30/Apr/2021:23:46:17 +0200] "GET /robots.txt HTTP/1.1" 200 2438 "-" "Mozilla/5.0 (Macintosh; Intel Mac OS X 10_10_1) AppleWebKit/600.2.5 (KHTML, like Gecko) Version/8.0.2 Safari/600.2.5 (Amazonbot/0.1; +https://developer.amazon.com/support/amazonbot)"
66.249.66.216 - - [30/Apr/2021:23:46:33 +0200] "GET /images/3585190646254.jpg HTTP/1.1" 200 32607 "-" "Googlebot-Image/1.0"
111.225.149.119 - - [30/Apr/2021:23:46:33 +0200] "GET /js/jquery.jqzoom.js HTTP/1.1" 200 4761 "http://www.wonder-geek.com/white-natural-wooden-p-55034.html" "Mozilla/5.0 (Linux; Android 5.0) AppleWebKit/537.36 (KHTML, like Gecko) Mobile Safari/537.36 (compatible; Bytespider; https://zhanzhang.toutiao.com/)"
111.225.149.116 - - [30/Apr/2021:23:46:35 +0200] "GET /images/big_prod_1/8422023017896D.jpg HTTP/1.1" 200 68056 "http://www.wonder-geek.com/white-natural-wooden-p-55034.html" "Mozilla/5.0 (Linux; Android 5.0) AppleWebKit/537.36 (KHTML, like Gecko) Mobile Safari/537.36 (compatible; Bytespider; https://zhanzhang.toutiao.com/)"
111.225.149.112 - - [30/Apr/2021:23:46:36 +0200] "GET /images/big_prod/8422023017896C.jpg HTTP/1.1" 200 44888 "http://www.wonder-geek.com/white-natural-wooden-p-55034.html" "Mozilla/5.0 (Linux; Android 5.0) AppleWebKit/537.36 (KHTML, like Gecko) Mobile Safari/537.36 (compatible; Bytespider; https://zhanzhang.toutiao.com/)"
66.249.66.218 - - [30/Apr/2021:23:51:46 +0200] "GET /images/big_prod_3/8424346229079D.jpg HTTP/1.1" 200 71636 "-" "Googlebot-Image/1.0"
220.243.136.113 - - [30/Apr/2021:23:56:31 +0200] "GET /images/big_prod/3609810034860.jpg HTTP/1.1" 200 57920 "http://www.wonder-geek.com/poppies-wall-sticker-p-50684.html" "Mozilla/5.0 (Linux; Android 5.0) AppleWebKit/537.36 (KHTML, like Gecko) Mobile Safari/537.36 (compatible; Bytespider; https://zhanzhang.toutiao.com/)"
66.249.66.216 - - [30/Apr/2021:23:57:04 +0200] "GET /images/mini_prod/5018997622070.jpg HTTP/1.1" 200 9616 "-" "Googlebot-Image/1.0"
66.249.66.216 - - [01/May/2021:00:01:33 +0200] "GET /images/big_prod/8718969196024B.jpg HTTP/1.1" 200 105313 "-" "Googlebot-Image/1.0"
66.249.66.218 - - [01/May/2021:00:02:30 +0200] "GET /images/big_prod_2/3553560375592C.jpg HTTP/1.1" 200 50226 "-" "Googlebot-Image/1.0"
185.191.171.44 - - [01/May/2021:00:02:56 +0200] "GET /robots.txt HTTP/1.1" 200 2438 "-" "Mozilla/5.0 (compatible; SemrushBot/7~bl; +http://www.semrush.com/bot.html)"
216.244.66.242 - - [01/May/2021:00:03:57 +0200] "GET /robots.txt HTTP/1.1" 200 2438 "-" "Mozilla/5.0 (compatible; DotBot/1.2; +https://opensiteexplorer.org/dotbot; help@moz.com)"
110.249.202.162 - - [01/May/2021:00:06:31 +0200] "GET /images/big_prod_3/8424001641420D.jpg HTTP/1.1" 200 65160 "http://www.wonder-geek.com/metal-wood-retro-lamp-p-55117.html" "Mozilla/5.0 (Linux; Android 5.0) AppleWebKit/537.36 (KHTML, like Gecko) Mobile Safari/537.36 (compatible; Bytespider; https://zhanzhang.toutiao.com/)"
110.249.202.154 - - [01/May/2021:00:06:31 +0200] "GET /images/big_prod_1/8424001641420B.jpg HTTP/1.1" 200 62264 "http://www.wonder-geek.com/metal-wood-retro-lamp-p-55117.html" "Mozilla/5.0 (Linux; Android 5.0) AppleWebKit/537.36 (KHTML, like Gecko) Mobile Safari/537.36 (compatible; Bytespider; https://zhanzhang.toutiao.com/)"
110.249.202.160 - - [01/May/2021:00:06:31 +0200] "GET /images/big_prod_2/8424001641420C.jpg HTTP/1.1" 200 43400 "http://www.wonder-geek.com/metal-wood-retro-lamp-p-55117.html" "Mozilla/5.0 (Linux; Android 5.0) AppleWebKit/537.36 (KHTML, like Gecko) Mobile Safari/537.36 (compatible; Bytespider; https://zhanzhang.toutiao.com/)"
110.249.202.155 - - [01/May/2021:00:06:31 +0200] "GET /images/big_prod/8424001641420.jpg HTTP/1.1" 200 59368 "http://www.wonder-geek.com/metal-wood-retro-lamp-p-55117.html" "Mozilla/5.0 (Linux; Android 5.0) AppleWebKit/537.36 (KHTML, like Gecko) Mobile Safari/537.36 (compatible; Bytespider; https://zhanzhang.toutiao.com/)"
66.249.66.216 - - [01/May/2021:00:07:40 +0200] "GET /images/big_prod/8433933190098.jpg HTTP/1.1" 200 117827 "-" "Googlebot-Image/1.0"
40.77.167.48 - - [01/May/2021:00:10:44 +0200] "GET /robots.txt HTTP/1.1" 200 2438 "-" "Mozilla/5.0 (compatible; bingbot/2.0; +http://www.bing.com/bingbot.htm)"
40.77.167.48 - - [01/May/2021:00:13:48 +0200] "GET /robots.txt HTTP/1.1" 200 2438 "-" "Mozilla/5.0 (compatible; bingbot/2.0; +http://www.bing.com/bingbot.htm)"
66.249.66.216 - - [01/May/2021:00:16:10 +0200] "GET /images/3660173159881.jpg HTTP/1.1" 200 69338 "-" "Googlebot-Image/1.0"
51.38.45.201 - - [01/May/2021:00:16:17 +0200] "GET /images/big_prod_1/3660173195643.jpg HTTP/1.1" 200 89337 "-" "-"
110.249.202.69 - - [01/May/2021:00:16:29 +0200] "GET /images/big_prod_1/3660173218366B.jpg HTTP/1.1" 200 50392 "http://www.wonder-geek.com/night-light-shape-fawn-p-52618.html" "Mozilla/5.0 (Linux; Android 5.0) AppleWebKit/537.36 (KHTML, like Gecko) Mobile Safari/537.36 (compatible; Bytespider; https://zhanzhang.toutiao.com/)"
110.249.202.66 - - [01/May/2021:00:16:29 +0200] "GET /images/big_prod/3660173218366.jpg HTTP/1.1" 200 45816 "http://www.wonder-geek.com/night-light-shape-fawn-p-52618.html" "Mozilla/5.0 (Linux; Android 5.0) AppleWebKit/537.36 (KHTML, like Gecko) Mobile Safari/537.36 (compatible; Bytespider; https://zhanzhang.toutiao.com/)"
13.66.139.1 - - [01/May/2021:00:17:22 +0200] "GET /robots.txt HTTP/1.1" 200 2438 "-" "Mozilla/5.0 (compatible; bingbot/2.0; +http://www.bing.com/bingbot.htm)"
40.77.167.48 - - [01/May/2021:00:17:42 +0200] "GET /robots.txt HTTP/1.1" 200 2438 "-" "Mozilla/5.0 (compatible; bingbot/2.0; +http://www.bing.com/bingbot.htm)"
207.46.13.87 - - [01/May/2021:00:17:45 +0200] "GET /images/3681643302910.jpg HTTP/1.1" 200 24614 "-" "Mozilla/5.0 (compatible; bingbot/2.0; +http://www.bing.com/bingbot.htm)"
3.83.238.162 - - [01/May/2021:00:18:24 +0200] "GET /robots.txt HTTP/1.1" 200 2438 "-" "Mozilla/5.0 (Macintosh; Intel Mac OS X 10_10_1) AppleWebKit/600.2.5 (KHTML, like Gecko) Version/8.0.2 Safari/600.2.5 (Amazonbot/0.1; +https://developer.amazon.com/support/amazonbot)"
207.46.13.87 - - [01/May/2021:00:18:35 +0200] "GET /images/big_prod/8432699030303.jpg HTTP/1.1" 200 89449 "-" "Mozilla/5.0 (compatible; bingbot/2.0; +http://www.bing.com/bingbot.htm)"
207.46.13.96 - - [01/May/2021:00:24:06 +0200] "GET /js/jquery.js HTTP/1.1" 200 54075 "-" "Mozilla/5.0 (compatible; bingbot/2.0; +http://www.bing.com/bingbot.htm)"
207.46.13.96 - - [01/May/2021:00:24:07 +0200] "GET /js/jquery.js HTTP/1.1" 200 54075 "-" "Mozilla/5.0 (compatible; bingbot/2.0; +http://www.bing.com/bingbot.htm)"
207.46.13.96 - - [01/May/2021:00:24:07 +0200] "GET /js/jquery.js HTTP/1.1" 200 54075 "-" "Mozilla/5.0 (compatible; bingbot/2.0; +http://www.bing.com/bingbot.htm)"
207.46.13.96 - - [01/May/2021:00:24:07 +0200] "GET /js/jquery.js HTTP/1.1" 200 54075 "-" "Mozilla/5.0 (compatible; bingbot/2.0; +http://www.bing.com/bingbot.htm)"
207.46.13.96 - - [01/May/2021:00:24:07 +0200] "GET /js/jquery.js HTTP/1.1" 200 54075 "-" "Mozilla/5.0 (compatible; bingbot/2.0; +http://www.bing.com/bingbot.htm)"
207.46.13.96 - - [01/May/2021:00:24:08 +0200] "GET /js/jquery.js HTTP/1.1" 200 54075 "-" "Mozilla/5.0 (compatible; bingbot/2.0; +http://www.bing.com/bingbot.htm)"
207.46.13.96 - - [01/May/2021:00:24:08 +0200] "GET /js/jquery.js HTTP/1.1" 200 54075 "-" "Mozilla/5.0 (compatible; bingbot/2.0; +http://www.bing.com/bingbot.htm)"
207.46.13.96 - - [01/May/2021:00:24:08 +0200] "GET /js/jquery.js HTTP/1.1" 200 54075 "-" "Mozilla/5.0 (compatible; bingbot/2.0; +http://www.bing.com/bingbot.htm)"
207.46.13.96 - - [01/May/2021:00:24:14 +0200] "GET /js/jquery.js HTTP/1.1" 200 54075 "-" "Mozilla/5.0 (compatible; bingbot/2.0; +http://www.bing.com/bingbot.htm)"
66.249.66.218 - - [01/May/2021:00:24:44 +0200] "GET /images/big_prod/1712600000005.jpg HTTP/1.1" 200 89339 "-" "Googlebot-Image/1.0"
51.38.44.109 - - [01/May/2021:00:24:46 +0200] "GET /images/big_prod_1/8422048801104B.jpg HTTP/1.1" 200 496340 "-" "-"
110.249.201.186 - - [01/May/2021:00:26:29 +0200] "GET /images/7316191504627.jpg HTTP/1.1" 200 28989 "http://www.wonder-geek.com/bravo-gnial-super-card-p-20051.html" "Mozilla/5.0 (Linux; Android 5.0) AppleWebKit/537.36 (KHTML, like Gecko) Mobile Safari/537.36 (compatible; Bytespider; https://zhanzhang.toutiao.com/)"
66.249.66.216 - - [01/May/2021:00:33:18 +0200] "GET /images/mini_prod/8028501169202.jpg HTTP/1.1" 200 5777 "-" "Googlebot-Image/1.0"
220.243.135.223 - - [01/May/2021:00:36:31 +0200] "GET /images/big_prod_1/8422016310911B.jpg HTTP/1.1" 200 60816 "http://www.wonder-geek.com/black-metal-linen-lamp-p-55124.html" "Mozilla/5.0 (Linux; Android 5.0) AppleWebKit/537.36 (KHTML, like Gecko) Mobile Safari/537.36 (compatible; Bytespider; https://zhanzhang.toutiao.com/)"
220.243.135.231 - - [01/May/2021:00:36:31 +0200] "GET /images/big_prod_2/8422016310911D.jpg HTTP/1.1" 200 63672 "http://www.wonder-geek.com/black-metal-linen-lamp-p-55124.html" "Mozilla/5.0 (Linux; Android 5.0) AppleWebKit/537.36 (KHTML, like Gecko) Mobile Safari/537.36 (compatible; Bytespider; https://zhanzhang.toutiao.com/)"
220.243.135.232 - - [01/May/2021:00:36:31 +0200] "GET /images/big_prod/8422016310911Z.jpg HTTP/1.1" 200 59368 "http://www.wonder-geek.com/black-metal-linen-lamp-p-55124.html" "Mozilla/5.0 (Linux; Android 5.0) AppleWebKit/537.36 (KHTML, like Gecko) Mobile Safari/537.36 (compatible; Bytespider; https://zhanzhang.toutiao.com/)"
66.102.7.200 - - [01/May/2021:00:40:34 +0200] "GET /favicon.ico HTTP/1.1" 200 1591 "-" "Mozilla/5.0 (X11; Linux x86_64) AppleWebKit/537.36 (KHTML, like Gecko) Chrome/49.0.2623.75 Safari/537.36 Google Favicon"
66.249.66.216 - - [01/May/2021:00:42:09 +0200] "GET /images/big_prod_1/b5051276226439.jpg HTTP/1.1" 200 93687 "-" "Googlebot-Image/1.0"
60.8.123.231 - - [01/May/2021:00:46:32 +0200] "GET /images/big_prod_2/3609810091207b.jpg HTTP/1.1" 200 40544 "http://www.wonder-geek.com/wooden-sticker-strips-p-53568.html" "Mozilla/5.0 (Linux; Android 5.0) AppleWebKit/537.36 (KHTML, like Gecko) Mobile Safari/537.36 (compatible; Bytespider; https://zhanzhang.toutiao.com/)"
60.8.123.246 - - [01/May/2021:00:46:32 +0200] "GET /images/big_prod_1/3609810091207a.jpg HTTP/1.1" 200 63712 "http://www.wonder-geek.com/wooden-sticker-strips-p-53568.html" "Mozilla/5.0 (Linux; Android 5.0) AppleWebKit/537.36 (KHTML, like Gecko) Mobile Safari/537.36 (compatible; Bytespider; https://zhanzhang.toutiao.com/)"
60.8.123.239 - - [01/May/2021:00:46:32 +0200] "GET /images/big_prod/3609810091207.jpg HTTP/1.1" 200 44888 "http://www.wonder-geek.com/wooden-sticker-strips-p-53568.html" "Mozilla/5.0 (Linux; Android 5.0) AppleWebKit/537.36 (KHTML, like Gecko) Mobile Safari/537.36 (compatible; Bytespider; https://zhanzhang.toutiao.com/)"
114.119.151.113 - - [01/May/2021:00:49:43 +0200] "GET /images/5018997517215.jpg HTTP/1.1" 200 116643 "-" "Mozilla/5.0 (Linux; Android 7.0;) AppleWebKit/537.36 (KHTML, like Gecko) Mobile Safari/537.36 (compatible; PetalBot;+https://webmaster.petalsearch.com/site/petalbot)"
207.46.13.96 - - [01/May/2021:00:52:48 +0200] "GET /js/jquery.js HTTP/1.1" 200 54075 "-" "Mozilla/5.0 (compatible; bingbot/2.0; +http://www.bing.com/bingbot.htm)"
207.46.13.96 - - [01/May/2021:00:53:00 +0200] "GET /js/jquery.js HTTP/1.1" 200 54075 "-" "Mozilla/5.0 (compatible; bingbot/2.0; +http://www.bing.com/bingbot.htm)"
3.83.238.162 - - [01/May/2021:00:54:12 +0200] "GET /robots.txt HTTP/1.1" 200 2438 "-" "Mozilla/5.0 (Macintosh; Intel Mac OS X 10_10_1) AppleWebKit/600.2.5 (KHTML, like Gecko) Version/8.0.2 Safari/600.2.5 (Amazonbot/0.1; +https://developer.amazon.com/support/amazonbot)"
216.244.66.242 - - [01/May/2021:00:55:50 +0200] "GET /robots.txt HTTP/1.1" 200 2438 "-" "Mozilla/5.0 (compatible; DotBot/1.2; +https://opensiteexplorer.org/dotbot; help@moz.com)"
110.249.201.224 - - [01/May/2021:00:56:29 +0200] "GET /images/7316192377244.jpg HTTP/1.1" 200 28906 "http://www.wonder-geek.com/petite-pense-pour-card-p-20053.html" "Mozilla/5.0 (Linux; Android 5.0) AppleWebKit/537.36 (KHTML, like Gecko) Mobile Safari/537.36 (compatible; Bytespider; https://zhanzhang.toutiao.com/)"
98.11.212.127 - - [01/May/2021:00:58:20 +0200] "GET /highslide/highslide.js HTTP/1.1" 200 42909 "http://www.wonder-geek.com/totally-spies-swimsuit-p-30420.html" "Mozilla/5.0 (Macintosh; Intel Mac OS X 10_15) AppleWebKit/605.1.15 (KHTML, like Gecko) Version/13.0.3 Safari/605.1.15"
98.11.212.127 - - [01/May/2021:00:58:20 +0200] "GET /js/jquery.jqzoom.js HTTP/1.1" 200 4761 "http://www.wonder-geek.com/totally-spies-swimsuit-p-30420.html" "Mozilla/5.0 (Macintosh; Intel Mac OS X 10_15) AppleWebKit/605.1.15 (KHTML, like Gecko) Version/13.0.3 Safari/605.1.15"
98.11.212.127 - - [01/May/2021:00:58:20 +0200] "GET /templates/Pixame_v1/stylesheet.css HTTP/1.1" 200 56057 "http://www.wonder-geek.com/totally-spies-swimsuit-p-30420.html" "Mozilla/5.0 (Macintosh; Intel Mac OS X 10_15) AppleWebKit/605.1.15 (KHTML, like Gecko) Version/13.0.3 Safari/605.1.15"
98.11.212.127 - - [01/May/2021:00:58:20 +0200] "GET /js/jquery.js HTTP/1.1" 200 54075 "http://www.wonder-geek.com/totally-spies-swimsuit-p-30420.html" "Mozilla/5.0 (Macintosh; Intel Mac OS X 10_15) AppleWebKit/605.1.15 (KHTML, like Gecko) Version/13.0.3 Safari/605.1.15"
98.11.212.127 - - [01/May/2021:00:58:20 +0200] "GET /mondial_relay/js/jquery-1.3.2.min.js HTTP/1.1" 200 57254 "http://www.wonder-geek.com/totally-spies-swimsuit-p-30420.html" "Mozilla/5.0 (Macintosh; Intel Mac OS X 10_15) AppleWebKit/605.1.15 (KHTML, like Gecko) Version/13.0.3 Safari/605.1.15"
98.11.212.127 - - [01/May/2021:00:58:20 +0200] "GET /templates/Pixame_v1/images/icon_accueil2.png HTTP/1.1" 200 1137 "http://www.wonder-geek.com/totally-spies-swimsuit-p-30420.html" "Mozilla/5.0 (Macintosh; Intel Mac OS X 10_15) AppleWebKit/605.1.15 (KHTML, like Gecko) Version/13.0.3 Safari/605.1.15"
98.11.212.127 - - [01/May/2021:00:58:21 +0200] "GET /templates/Pixame_v1/images/buttons/english/button_in_cart.gif HTTP/1.1" 200 1212 "http://www.wonder-geek.com/totally-spies-swimsuit-p-30420.html" "Mozilla/5.0 (Macintosh; Intel Mac OS X 10_15) AppleWebKit/605.1.15 (KHTML, like Gecko) Version/13.0.3 Safari/605.1.15"
98.11.212.127 - - [01/May/2021:00:58:21 +0200] "GET /images/270607_001746_PEEL_G78R4h.jpg HTTP/1.1" 200 35283 "http://www.wonder-geek.com/totally-spies-swimsuit-p-30420.html" "Mozilla/5.0 (Macintosh; Intel Mac OS X 10_15) AppleWebKit/605.1.15 (KHTML, like Gecko) Version/13.0.3 Safari/605.1.15"
98.11.212.127 - - [01/May/2021:00:58:21 +0200] "GET /templates/Pixame_v1/images/Bottom_texture.jpg HTTP/1.1" 200 56290 "http://www.wonder-geek.com/totally-spies-swimsuit-p-30420.html" "Mozilla/5.0 (Macintosh; Intel Mac OS X 10_15) AppleWebKit/605.1.15 (KHTML, like Gecko) Version/13.0.3 Safari/605.1.15"
98.11.212.127 - - [01/May/2021:00:58:21 +0200] "GET /templates/Pixame_v1/images/header.png HTTP/1.1" 200 70245 "http://www.wonder-geek.com/totally-spies-swimsuit-p-30420.html" "Mozilla/5.0 (Macintosh; Intel Mac OS X 10_15) AppleWebKit/605.1.15 (KHTML, like Gecko) Version/13.0.3 Safari/605.1.15"
98.11.212.127 - - [01/May/2021:00:58:21 +0200] "GET /templates/Pixame_v1/images/nav.png HTTP/1.1" 200 1283 "http://www.wonder-geek.com/totally-spies-swimsuit-p-30420.html" "Mozilla/5.0 (Macintosh; Intel Mac OS X 10_15) AppleWebKit/605.1.15 (KHTML, like Gecko) Version/13.0.3 Safari/605.1.15"
98.11.212.127 - - [01/May/2021:00:58:21 +0200] "GET /design/productsenstock.png HTTP/1.1" 200 4743 "http://www.wonder-geek.com/totally-spies-swimsuit-p-30420.html" "Mozilla/5.0 (Macintosh; Intel Mac OS X 10_15) AppleWebKit/605.1.15 (KHTML, like Gecko) Version/13.0.3 Safari/605.1.15"
98.11.212.127 - - [01/May/2021:00:58:21 +0200] "GET /templates/Pixame_v1/images/Middle_texture.jpg HTTP/1.1" 200 249620 "http://www.wonder-geek.com/totally-spies-swimsuit-p-30420.html" "Mozilla/5.0 (Macintosh; Intel Mac OS X 10_15) AppleWebKit/605.1.15 (KHTML, like Gecko) Version/13.0.3 Safari/605.1.15"
98.11.212.127 - - [01/May/2021:00:58:21 +0200] "GET /templates/Pixame_v1/images/header-object.png HTTP/1.1" 200 106050 "http://www.wonder-geek.com/totally-spies-swimsuit-p-30420.html" "Mozilla/5.0 (Macintosh; Intel Mac OS X 10_15) AppleWebKit/605.1.15 (KHTML, like Gecko) Version/13.0.3 Safari/605.1.15"
98.11.212.127 - - [01/May/2021:00:58:22 +0200] "GET /highslide/graphics/outlines/drop-shadow.png HTTP/1.1" 200 2022 "http://www.wonder-geek.com/totally-spies-swimsuit-p-30420.html" "Mozilla/5.0 (Macintosh; Intel Mac OS X 10_15) AppleWebKit/605.1.15 (KHTML, like Gecko) Version/13.0.3 Safari/605.1.15"
98.11.212.127 - - [01/May/2021:00:58:22 +0200] "GET /favicon.ico HTTP/1.1" 200 1591 "http://www.wonder-geek.com/totally-spies-swimsuit-p-30420.html" "Mozilla/5.0 (Macintosh; Intel Mac OS X 10_15) AppleWebKit/605.1.15 (KHTML, like Gecko) Version/13.0.3 Safari/605.1.15"
66.249.66.220 - - [01/May/2021:01:01:56 +0200] "GET /images/big_prod/8433933123966.jpg HTTP/1.1" 200 190099 "-" "Googlebot-Image/1.0"
185.191.171.6 - - [01/May/2021:01:03:34 +0200] "GET /robots.txt HTTP/1.1" 200 2438 "-" "Mozilla/5.0 (compatible; SemrushBot/7~bl; +http://www.semrush.com/bot.html)"
60.8.123.55 - - [01/May/2021:01:06:28 +0200] "GET /images/7316191464822.jpg HTTP/1.1" 200 25147 "http://www.wonder-geek.com/bravo-gnial-super-card-p-20052.html" "Mozilla/5.0 (Linux; Android 5.0) AppleWebKit/537.36 (KHTML, like Gecko) Mobile Safari/537.36 (compatible; Bytespider; https://zhanzhang.toutiao.com/)"
54.37.23.14 - - [01/May/2021:01:10:06 +0200] "GET /images/big_prod_1/3660173195643.jpg HTTP/1.1" 200 89337 "-" "-"
74.125.210.54 - - [01/May/2021:01:15:13 +0200] "GET /images/big_prod/4029811324033.jpg HTTP/1.1" 200 42185 "-" "Mozilla/5.0 (Windows NT 5.1; rv:11.0) Gecko Firefox/11.0 (via ggpht.com GoogleImageProxy)"
54.37.23.163 - - [01/May/2021:01:15:40 +0200] "GET /images/big_prod_1/8422048801104B.jpg HTTP/1.1" 200 496340 "-" "-"
110.249.201.207 - - [01/May/2021:01:16:29 +0200] "GET /images/big_prod/1384010207000.jpg HTTP/1.1" 200 46544 "http://www.wonder-geek.com/metal-hook-support-p-41213.html" "Mozilla/5.0 (Linux; Android 5.0) AppleWebKit/537.36 (KHTML, like Gecko) Mobile Safari/537.36 (compatible; Bytespider; https://zhanzhang.toutiao.com/)"
114.119.130.202 - - [01/May/2021:01:16:29 +0200] "GET /images/big_prod/1384220991041.jpg HTTP/1.1" 200 158920 "-" "Mozilla/5.0 (Linux; Android 7.0;) AppleWebKit/537.36 (KHTML, like Gecko) Mobile Safari/537.36 (compatible; PetalBot;+https://webmaster.petalsearch.com/site/petalbot)"
66.249.66.220 - - [01/May/2021:01:22:15 +0200] "GET /images/big_prod/3700829421143.jpg HTTP/1.1" 200 166302 "-" "Googlebot-Image/1.0"
54.36.148.156 - - [01/May/2021:01:22:58 +0200] "GET /robots.txt HTTP/1.1" 200 2438 "-" "Mozilla/5.0 (compatible; AhrefsBot/7.0; +http://ahrefs.com/robot/)"
