147.92.153.1 - - [30/Apr/2021:20:16:31 +0200] "GET /images/mini_prod/8433933238820.jpg HTTP/1.1" 200 8177 "http://www.wonder-geek.com/" "Mozilla/5.0 (iPhone; CPU iPhone OS 9_1 like Mac OS X) AppleWebKit/601.1.46 (KHTML, like Gecko) Version/9.0 Mobile/13B143 Safari/601.1"
147.92.153.4 - - [30/Apr/2021:20:16:32 +0200] "GET /images/mini_prod/8422001913400.jpg HTTP/1.1" 200 4824 "http://www.wonder-geek.com/" "Mozilla/5.0 (iPhone; CPU iPhone OS 9_1 like Mac OS X) AppleWebKit/601.1.46 (KHTML, like Gecko) Version/9.0 Mobile/13B143 Safari/601.1"
147.92.153.1 - - [30/Apr/2021:20:16:32 +0200] "GET /images/mini_prod/8433933185056.jpg HTTP/1.1" 200 3739 "http://www.wonder-geek.com/" "Mozilla/5.0 (iPhone; CPU iPhone OS 9_1 like Mac OS X) AppleWebKit/601.1.46 (KHTML, like Gecko) Version/9.0 Mobile/13B143 Safari/601.1"
147.92.153.2 - - [30/Apr/2021:20:16:32 +0200] "GET /images/mini_prod/74676signes.jpg HTTP/1.1" 200 6623 "http://www.wonder-geek.com/" "Mozilla/5.0 (iPhone; CPU iPhone OS 9_1 like Mac OS X) AppleWebKit/601.1.46 (KHTML, like Gecko) Version/9.0 Mobile/13B143 Safari/601.1"
147.92.153.17 - - [30/Apr/2021:20:16:32 +0200] "GET /images/mini_prod/8422063500365.jpg HTTP/1.1" 200 7568 "http://www.wonder-geek.com/" "Mozilla/5.0 (iPhone; CPU iPhone OS 9_1 like Mac OS X) AppleWebKit/601.1.46 (KHTML, like Gecko) Version/9.0 Mobile/13B143 Safari/601.1"
147.92.153.4 - - [30/Apr/2021:20:16:32 +0200] "GET /images/mini_prod/3453131155670A.jpg HTTP/1.1" 200 8974 "http://www.wonder-geek.com/" "Mozilla/5.0 (iPhone; CPU iPhone OS 9_1 like Mac OS X) AppleWebKit/601.1.46 (KHTML, like Gecko) Version/9.0 Mobile/13B143 Safari/601.1"
147.92.153.19 - - [30/Apr/2021:20:16:32 +0200] "GET /images/mini_prod/8433933153154.jpg HTTP/1.1" 200 6462 "http://www.wonder-geek.com/" "Mozilla/5.0 (iPhone; CPU iPhone OS 9_1 like Mac OS X) AppleWebKit/601.1.46 (KHTML, like Gecko) Version/9.0 Mobile/13B143 Safari/601.1"
147.92.153.12 - - [30/Apr/2021:20:16:32 +0200] "GET /images/mini_prod/3589363500251.jpg HTTP/1.1" 200 5829 "http://www.wonder-geek.com/" "Mozilla/5.0 (iPhone; CPU iPhone OS 9_1 like Mac OS X) AppleWebKit/601.1.46 (KHTML, like Gecko) Version/9.0 Mobile/13B143 Safari/601.1"
147.92.153.19 - - [30/Apr/2021:20:16:32 +0200] "GET /images/mini_prod/3503420215209.jpg HTTP/1.1" 200 4036 "http://www.wonder-geek.com/" "Mozilla/5.0 (iPhone; CPU iPhone OS 9_1 like Mac OS X) AppleWebKit/601.1.46 (KHTML, like Gecko) Version/9.0 Mobile/13B143 Safari/601.1"
147.92.153.4 - - [30/Apr/2021:20:16:32 +0200] "GET /images/mini_prod/3589362510015.jpg HTTP/1.1" 200 7937 "http://www.wonder-geek.com/" "Mozilla/5.0 (iPhone; CPU iPhone OS 9_1 like Mac OS X) AppleWebKit/601.1.46 (KHTML, like Gecko) Version/9.0 Mobile/13B143 Safari/601.1"
147.92.153.12 - - [30/Apr/2021:20:16:32 +0200] "GET /images/mini_prod/8433933229002.jpg HTTP/1.1" 200 6417 "http://www.wonder-geek.com/" "Mozilla/5.0 (iPhone; CPU iPhone OS 9_1 like Mac OS X) AppleWebKit/601.1.46 (KHTML, like Gecko) Version/9.0 Mobile/13B143 Safari/601.1"
147.92.153.13 - - [30/Apr/2021:20:16:32 +0200] "GET /images/mini_prod/3609810096332.jpg HTTP/1.1" 200 4963 "http://www.wonder-geek.com/" "Mozilla/5.0 (iPhone; CPU iPhone OS 9_1 like Mac OS X) AppleWebKit/601.1.46 (KHTML, like Gecko) Version/9.0 Mobile/13B143 Safari/601.1"
147.92.153.16 - - [30/Apr/2021:20:16:32 +0200] "GET /images/mini_prod/8717202558773.jpg HTTP/1.1" 200 5010 "http://www.wonder-geek.com/" "Mozilla/5.0 (iPhone; CPU iPhone OS 9_1 like Mac OS X) AppleWebKit/601.1.46 (KHTML, like Gecko) Version/9.0 Mobile/13B143 Safari/601.1"
147.92.153.13 - - [30/Apr/2021:20:16:33 +0200] "GET /images/mini_prod/4029811408948.jpg HTTP/1.1" 200 7361 "http://www.wonder-geek.com/" "Mozilla/5.0 (iPhone; CPU iPhone OS 9_1 like Mac OS X) AppleWebKit/601.1.46 (KHTML, like Gecko) Version/9.0 Mobile/13B143 Safari/601.1"
147.92.153.1 - - [30/Apr/2021:20:16:33 +0200] "GET /images/mini_prod/3700786500493.jpg HTTP/1.1" 200 4158 "http://www.wonder-geek.com/" "Mozilla/5.0 (iPhone; CPU iPhone OS 9_1 like Mac OS X) AppleWebKit/601.1.46 (KHTML, like Gecko) Version/9.0 Mobile/13B143 Safari/601.1"
147.92.153.12 - - [30/Apr/2021:20:16:33 +0200] "GET /images/mini_prod/8422019037334C.jpg HTTP/1.1" 200 8428 "http://www.wonder-geek.com/" "Mozilla/5.0 (iPhone; CPU iPhone OS 9_1 like Mac OS X) AppleWebKit/601.1.46 (KHTML, like Gecko) Version/9.0 Mobile/13B143 Safari/601.1"
147.92.153.15 - - [30/Apr/2021:20:16:33 +0200] "GET /images/mini_prod/8720088299470.jpg HTTP/1.1" 200 7637 "http://www.wonder-geek.com/" "Mozilla/5.0 (iPhone; CPU iPhone OS 9_1 like Mac OS X) AppleWebKit/601.1.46 (KHTML, like Gecko) Version/9.0 Mobile/13B143 Safari/601.1"
147.92.153.18 - - [30/Apr/2021:20:16:33 +0200] "GET /images/mini_prod/8424001727544.jpg HTTP/1.1" 200 7012 "http://www.wonder-geek.com/" "Mozilla/5.0 (iPhone; CPU iPhone OS 9_1 like Mac OS X) AppleWebKit/601.1.46 (KHTML, like Gecko) Version/9.0 Mobile/13B143 Safari/601.1"
147.92.153.11 - - [30/Apr/2021:20:16:33 +0200] "GET /images/mini_prod/4029811313877.jpg HTTP/1.1" 200 6740 "http://www.wonder-geek.com/" "Mozilla/5.0 (iPhone; CPU iPhone OS 9_1 like Mac OS X) AppleWebKit/601.1.46 (KHTML, like Gecko) Version/9.0 Mobile/13B143 Safari/601.1"
110.249.202.236 - - [30/Apr/2021:20:16:46 +0200] "GET /images/big_prod_1/b3453131152594.jpg HTTP/1.1" 200 44888 "http://www.wonder-geek.com/allen-pill-flowers-p-51384.html" "Mozilla/5.0 (Linux; Android 5.0) AppleWebKit/537.36 (KHTML, like Gecko) Mobile Safari/537.36 (compatible; Bytespider; https://zhanzhang.toutiao.com/)"
110.249.202.230 - - [30/Apr/2021:20:16:47 +0200] "GET /images/big_prod/3453131152587.jpg HTTP/1.1" 200 59368 "http://www.wonder-geek.com/allen-pill-flowers-p-51384.html" "Mozilla/5.0 (Linux; Android 5.0) AppleWebKit/537.36 (KHTML, like Gecko) Mobile Safari/537.36 (compatible; Bytespider; https://zhanzhang.toutiao.com/)"
66.249.66.216 - - [30/Apr/2021:20:21:25 +0200] "GET /images/big_prod_1/8433933279465B.jpg HTTP/1.1" 200 392509 "-" "Googlebot-Image/1.0"
110.249.202.34 - - [30/Apr/2021:20:26:38 +0200] "GET /images/big_prod/8433933161883.jpg HTTP/1.1" 200 62264 "http://www.wonder-geek.com/since-1960-small-clock-p-55074.html" "Mozilla/5.0 (Linux; Android 5.0) AppleWebKit/537.36 (KHTML, like Gecko) Mobile Safari/537.36 (compatible; Bytespider; https://zhanzhang.toutiao.com/)"
207.46.13.111 - - [30/Apr/2021:20:27:08 +0200] "GET /mondial_relay/js/jquery-1.3.2.min.js HTTP/1.1" 200 57254 "-" "Mozilla/5.0 (compatible; bingbot/2.0; +http://www.bing.com/bingbot.htm)"
216.244.66.242 - - [30/Apr/2021:20:27:09 +0200] "GET /robots.txt HTTP/1.1" 200 2438 "-" "Mozilla/5.0 (compatible; DotBot/1.2; +https://opensiteexplorer.org/dotbot; help@moz.com)"
207.46.13.108 - - [30/Apr/2021:20:27:20 +0200] "GET /highslide/highslide.js HTTP/1.1" 200 42909 "-" "Mozilla/5.0 (compatible; bingbot/2.0; +http://www.bing.com/bingbot.htm)"
66.249.66.216 - - [30/Apr/2021:20:27:47 +0200] "GET /images/mini_prod/3612875120089.jpg HTTP/1.1" 200 6019 "-" "Googlebot-Image/1.0"
207.46.13.39 - - [30/Apr/2021:20:32:13 +0200] "GET /js/jquery.jqzoom.js HTTP/1.1" 200 4761 "-" "Mozilla/5.0 (compatible; bingbot/2.0; +http://www.bing.com/bingbot.htm)"
173.216.211.250 - - [30/Apr/2021:20:34:00 +0200] "GET /images/med_prod/3661977002793.jpg HTTP/1.1" 200 141272 "-" "Mozilla/5.0 (Macintosh; Intel Mac OS X 10_15_7) AppleWebKit/605.1.15 (KHTML, like Gecko) Version/14.1 Safari/605.1.15"
66.249.66.218 - - [30/Apr/2021:20:34:10 +0200] "GET /images/mini_prod/3700516278449.jpg HTTP/1.1" 200 9222 "-" "Googlebot-Image/1.0"
220.243.135.180 - - [30/Apr/2021:20:36:42 +0200] "GET /images/big_prod_1/3574642579806b.jpg HTTP/1.1" 200 56472 "http://www.wonder-geek.com/cotton-bath-mastic-p-47262.html" "Mozilla/5.0 (Linux; Android 5.0) AppleWebKit/537.36 (KHTML, like Gecko) Mobile Safari/537.36 (compatible; Bytespider; https://zhanzhang.toutiao.com/)"
220.243.135.188 - - [30/Apr/2021:20:36:43 +0200] "GET /images/big_prod/3574642579806.jpg HTTP/1.1" 200 50888 "http://www.wonder-geek.com/cotton-bath-mastic-p-47262.html" "Mozilla/5.0 (Linux; Android 5.0) AppleWebKit/537.36 (KHTML, like Gecko) Mobile Safari/537.36 (compatible; Bytespider; https://zhanzhang.toutiao.com/)"
207.46.13.117 - - [30/Apr/2021:20:39:15 +0200] "GET /images/big_prod/1341689464356.jpg HTTP/1.1" 200 165754 "-" "Mozilla/5.0 (compatible; bingbot/2.0; +http://www.bing.com/bingbot.htm)"
66.249.66.218 - - [30/Apr/2021:20:40:33 +0200] "GET /images/big_prod/8422011490083.jpg HTTP/1.1" 200 100964 "-" "Googlebot-Image/1.0"
64.233.173.112 - - [30/Apr/2021:20:41:03 +0200] "GET /images/1341689196004.jpg HTTP/1.1" 200 86457 "-" "Mozilla/5.0 (Windows NT 5.1; rv:11.0) Gecko Firefox/11.0 (via ggpht.com GoogleImageProxy)"
113.210.109.252 - - [30/Apr/2021:20:41:12 +0200] "GET /templates/Pixame_v1/stylesheet.css HTTP/1.1" 200 56057 "http://www.wonder-geek.com/zippo-outdoor-utility-lighter-p-29793.html" "Mozilla/5.0 (Linux; Android 6.0; CPH1715) AppleWebKit/537.36 (KHTML, like Gecko) Chrome/90.0.4430.91 Mobile Safari/537.36"
113.210.109.252 - - [30/Apr/2021:20:41:12 +0200] "GET /js/jquery.jqzoom.js HTTP/1.1" 200 4761 "http://www.wonder-geek.com/zippo-outdoor-utility-lighter-p-29793.html" "Mozilla/5.0 (Linux; Android 6.0; CPH1715) AppleWebKit/537.36 (KHTML, like Gecko) Chrome/90.0.4430.91 Mobile Safari/537.36"
113.210.109.252 - - [30/Apr/2021:20:41:13 +0200] "GET /highslide/highslide.js HTTP/1.1" 200 42909 "http://www.wonder-geek.com/zippo-outdoor-utility-lighter-p-29793.html" "Mozilla/5.0 (Linux; Android 6.0; CPH1715) AppleWebKit/537.36 (KHTML, like Gecko) Chrome/90.0.4430.91 Mobile Safari/537.36"
113.210.109.252 - - [30/Apr/2021:20:41:13 +0200] "GET /js/jquery.js HTTP/1.1" 200 54075 "http://www.wonder-geek.com/zippo-outdoor-utility-lighter-p-29793.html" "Mozilla/5.0 (Linux; Android 6.0; CPH1715) AppleWebKit/537.36 (KHTML, like Gecko) Chrome/90.0.4430.91 Mobile Safari/537.36"
113.210.109.252 - - [30/Apr/2021:20:41:13 +0200] "GET /mondial_relay/js/jquery-1.3.2.min.js HTTP/1.1" 200 57254 "http://www.wonder-geek.com/zippo-outdoor-utility-lighter-p-29793.html" "Mozilla/5.0 (Linux; Android 6.0; CPH1715) AppleWebKit/537.36 (KHTML, like Gecko) Chrome/90.0.4430.91 Mobile Safari/537.36"
113.210.109.252 - - [30/Apr/2021:20:41:13 +0200] "GET /templates/Pixame_v1/images/icon_accueil2.png HTTP/1.1" 200 1137 "http://www.wonder-geek.com/zippo-outdoor-utility-lighter-p-29793.html" "Mozilla/5.0 (Linux; Android 6.0; CPH1715) AppleWebKit/537.36 (KHTML, like Gecko) Chrome/90.0.4430.91 Mobile Safari/537.36"
113.210.109.252 - - [30/Apr/2021:20:41:13 +0200] "GET /templates/Pixame_v1/images/Bottom_texture.jpg HTTP/1.1" 200 56290 "http://www.wonder-geek.com/templates/Pixame_v1/stylesheet.css" "Mozilla/5.0 (Linux; Android 6.0; CPH1715) AppleWebKit/537.36 (KHTML, like Gecko) Chrome/90.0.4430.91 Mobile Safari/537.36"
113.210.109.252 - - [30/Apr/2021:20:41:14 +0200] "GET /templates/Pixame_v1/images/nav.png HTTP/1.1" 200 1283 "http://www.wonder-geek.com/templates/Pixame_v1/stylesheet.css" "Mozilla/5.0 (Linux; Android 6.0; CPH1715) AppleWebKit/537.36 (KHTML, like Gecko) Chrome/90.0.4430.91 Mobile Safari/537.36"
113.210.109.252 - - [30/Apr/2021:20:41:14 +0200] "GET /templates/Pixame_v1/images/header-object.png HTTP/1.1" 200 106050 "http://www.wonder-geek.com/templates/Pixame_v1/stylesheet.css" "Mozilla/5.0 (Linux; Android 6.0; CPH1715) AppleWebKit/537.36 (KHTML, like Gecko) Chrome/90.0.4430.91 Mobile Safari/537.36"
113.210.109.252 - - [30/Apr/2021:20:41:14 +0200] "GET /images/1341689196004.jpg HTTP/1.1" 200 86457 "http://www.wonder-geek.com/zippo-outdoor-utility-lighter-p-29793.html" "Mozilla/5.0 (Linux; Android 6.0; CPH1715) AppleWebKit/537.36 (KHTML, like Gecko) Chrome/90.0.4430.91 Mobile Safari/537.36"
113.210.109.252 - - [30/Apr/2021:20:41:14 +0200] "GET /design/productsenstock.png HTTP/1.1" 200 4743 "http://www.wonder-geek.com/templates/Pixame_v1/stylesheet.css" "Mozilla/5.0 (Linux; Android 6.0; CPH1715) AppleWebKit/537.36 (KHTML, like Gecko) Chrome/90.0.4430.91 Mobile Safari/537.36"
113.210.109.252 - - [30/Apr/2021:20:41:14 +0200] "GET /templates/Pixame_v1/images/header.png HTTP/1.1" 200 70245 "http://www.wonder-geek.com/templates/Pixame_v1/stylesheet.css" "Mozilla/5.0 (Linux; Android 6.0; CPH1715) AppleWebKit/537.36 (KHTML, like Gecko) Chrome/90.0.4430.91 Mobile Safari/537.36"
113.210.109.252 - - [30/Apr/2021:20:41:14 +0200] "GET /templates/Pixame_v1/images/buttons/english/button_in_cart.gif HTTP/1.1" 200 1212 "http://www.wonder-geek.com/zippo-outdoor-utility-lighter-p-29793.html" "Mozilla/5.0 (Linux; Android 6.0; CPH1715) AppleWebKit/537.36 (KHTML, like Gecko) Chrome/90.0.4430.91 Mobile Safari/537.36"
113.210.109.252 - - [30/Apr/2021:20:41:15 +0200] "GET /templates/Pixame_v1/images/Middle_texture.jpg HTTP/1.1" 200 249620 "http://www.wonder-geek.com/templates/Pixame_v1/stylesheet.css" "Mozilla/5.0 (Linux; Android 6.0; CPH1715) AppleWebKit/537.36 (KHTML, like Gecko) Chrome/90.0.4430.91 Mobile Safari/537.36"
113.210.109.252 - - [30/Apr/2021:20:41:16 +0200] "GET /highslide/graphics/outlines/drop-shadow.png HTTP/1.1" 200 2022 "http://www.wonder-geek.com/zippo-outdoor-utility-lighter-p-29793.html" "Mozilla/5.0 (Linux; Android 6.0; CPH1715) AppleWebKit/537.36 (KHTML, like Gecko) Chrome/90.0.4430.91 Mobile Safari/537.36"
113.210.109.252 - - [30/Apr/2021:20:41:16 +0200] "GET /favicon.ico HTTP/1.1" 200 1591 "http://www.wonder-geek.com/zippo-outdoor-utility-lighter-p-29793.html" "Mozilla/5.0 (Linux; Android 6.0; CPH1715) AppleWebKit/537.36 (KHTML, like Gecko) Chrome/90.0.4430.91 Mobile Safari/537.36"
51.38.44.109 - - [30/Apr/2021:20:43:03 +0200] "GET /images/big_prod_1/3665269098938a.jpg HTTP/1.1" 200 124333 "-" "-"
51.38.44.24 - - [30/Apr/2021:20:45:20 +0200] "GET /images/big_prod_1/8422048821102.jpg HTTP/1.1" 200 583892 "-" "-"
111.225.148.60 - - [30/Apr/2021:20:46:35 +0200] "GET /images/big_prod/8718657464237.jpg HTTP/1.1" 200 43440 "http://www.wonder-geek.com/round-stones-chakra-p-42875.html" "Mozilla/5.0 (Linux; Android 5.0) AppleWebKit/537.36 (KHTML, like Gecko) Mobile Safari/537.36 (compatible; Bytespider; https://zhanzhang.toutiao.com/)"
66.249.66.218 - - [30/Apr/2021:20:47:05 +0200] "GET /images/mini_prod/5060021926531.jpg HTTP/1.1" 200 7052 "-" "Googlebot-Image/1.0"
114.119.135.195 - - [30/Apr/2021:20:54:00 +0200] "GET /robots.txt HTTP/1.1" 200 2438 "-" "Mozilla/5.0 (compatible;PetalBot;+https://webmaster.petalsearch.com/site/petalbot)"
207.46.13.96 - - [30/Apr/2021:20:54:05 +0200] "GET /js/jquery.js HTTP/1.1" 200 54075 "-" "Mozilla/5.0 (compatible; bingbot/2.0; +http://www.bing.com/bingbot.htm)"
207.46.13.96 - - [30/Apr/2021:20:54:06 +0200] "GET /js/jquery.js HTTP/1.1" 200 54075 "-" "Mozilla/5.0 (compatible; bingbot/2.0; +http://www.bing.com/bingbot.htm)"
207.46.13.96 - - [30/Apr/2021:20:54:07 +0200] "GET /js/jquery.js HTTP/1.1" 200 54075 "-" "Mozilla/5.0 (compatible; bingbot/2.0; +http://www.bing.com/bingbot.htm)"
207.46.13.96 - - [30/Apr/2021:20:54:07 +0200] "GET /js/jquery.js HTTP/1.1" 200 54075 "-" "Mozilla/5.0 (compatible; bingbot/2.0; +http://www.bing.com/bingbot.htm)"
207.46.13.96 - - [30/Apr/2021:20:54:07 +0200] "GET /js/jquery.js HTTP/1.1" 200 54075 "-" "Mozilla/5.0 (compatible; bingbot/2.0; +http://www.bing.com/bingbot.htm)"
207.46.13.96 - - [30/Apr/2021:20:54:08 +0200] "GET /js/jquery.js HTTP/1.1" 200 54075 "-" "Mozilla/5.0 (compatible; bingbot/2.0; +http://www.bing.com/bingbot.htm)"
207.46.13.96 - - [30/Apr/2021:20:54:08 +0200] "GET /js/jquery.js HTTP/1.1" 200 54075 "-" "Mozilla/5.0 (compatible; bingbot/2.0; +http://www.bing.com/bingbot.htm)"
207.46.13.96 - - [30/Apr/2021:20:54:08 +0200] "GET /js/jquery.js HTTP/1.1" 200 54075 "-" "Mozilla/5.0 (compatible; bingbot/2.0; +http://www.bing.com/bingbot.htm)"
207.46.13.96 - - [30/Apr/2021:20:54:09 +0200] "GET /js/jquery.js HTTP/1.1" 200 54075 "-" "Mozilla/5.0 (compatible; bingbot/2.0; +http://www.bing.com/bingbot.htm)"
207.46.13.96 - - [30/Apr/2021:20:54:09 +0200] "GET /js/jquery.js HTTP/1.1" 200 54075 "-" "Mozilla/5.0 (compatible; bingbot/2.0; +http://www.bing.com/bingbot.htm)"
207.46.13.96 - - [30/Apr/2021:20:54:09 +0200] "GET /js/jquery.js HTTP/1.1" 200 54075 "-" "Mozilla/5.0 (compatible; bingbot/2.0; +http://www.bing.com/bingbot.htm)"
207.46.13.96 - - [30/Apr/2021:20:54:09 +0200] "GET /js/jquery.js HTTP/1.1" 200 54075 "-" "Mozilla/5.0 (compatible; bingbot/2.0; +http://www.bing.com/bingbot.htm)"
207.46.13.96 - - [30/Apr/2021:20:54:10 +0200] "GET /js/jquery.js HTTP/1.1" 200 54075 "-" "Mozilla/5.0 (compatible; bingbot/2.0; +http://www.bing.com/bingbot.htm)"
207.46.13.96 - - [30/Apr/2021:20:54:10 +0200] "GET /js/jquery.js HTTP/1.1" 200 54075 "-" "Mozilla/5.0 (compatible; bingbot/2.0; +http://www.bing.com/bingbot.htm)"
207.46.13.96 - - [30/Apr/2021:20:54:10 +0200] "GET /js/jquery.js HTTP/1.1" 200 54075 "-" "Mozilla/5.0 (compatible; bingbot/2.0; +http://www.bing.com/bingbot.htm)"
207.46.13.96 - - [30/Apr/2021:20:54:10 +0200] "GET /js/jquery.js HTTP/1.1" 200 54075 "-" "Mozilla/5.0 (compatible; bingbot/2.0; +http://www.bing.com/bingbot.htm)"
207.46.13.96 - - [30/Apr/2021:20:54:10 +0200] "GET /js/jquery.js HTTP/1.1" 200 54075 "-" "Mozilla/5.0 (compatible; bingbot/2.0; +http://www.bing.com/bingbot.htm)"
207.46.13.96 - - [30/Apr/2021:20:54:10 +0200] "GET /js/jquery.js HTTP/1.1" 200 54075 "-" "Mozilla/5.0 (compatible; bingbot/2.0; +http://www.bing.com/bingbot.htm)"
207.46.13.96 - - [30/Apr/2021:20:54:10 +0200] "GET /js/jquery.js HTTP/1.1" 200 54075 "-" "Mozilla/5.0 (compatible; bingbot/2.0; +http://www.bing.com/bingbot.htm)"
207.46.13.96 - - [30/Apr/2021:20:54:11 +0200] "GET /js/jquery.js HTTP/1.1" 200 54075 "-" "Mozilla/5.0 (compatible; bingbot/2.0; +http://www.bing.com/bingbot.htm)"
207.46.13.96 - - [30/Apr/2021:20:54:11 +0200] "GET /js/jquery.js HTTP/1.1" 200 54075 "-" "Mozilla/5.0 (compatible; bingbot/2.0; +http://www.bing.com/bingbot.htm)"
66.249.66.220 - - [30/Apr/2021:20:54:26 +0200] "GET /images/big_prod/3521320806310a.jpg HTTP/1.1" 200 64007 "-" "Googlebot-Image/1.0"
207.46.13.96 - - [30/Apr/2021:20:54:38 +0200] "GET /js/jquery.js HTTP/1.1" 200 54075 "-" "Mozilla/5.0 (compatible; bingbot/2.0; +http://www.bing.com/bingbot.htm)"
207.46.13.96 - - [30/Apr/2021:20:54:39 +0200] "GET /js/jquery.js HTTP/1.1" 200 54075 "-" "Mozilla/5.0 (compatible; bingbot/2.0; +http://www.bing.com/bingbot.htm)"
207.46.13.96 - - [30/Apr/2021:20:54:39 +0200] "GET /js/jquery.js HTTP/1.1" 200 54075 "-" "Mozilla/5.0 (compatible; bingbot/2.0; +http://www.bing.com/bingbot.htm)"
207.46.13.96 - - [30/Apr/2021:20:54:39 +0200] "GET /js/jquery.js HTTP/1.1" 200 54075 "-" "Mozilla/5.0 (compatible; bingbot/2.0; +http://www.bing.com/bingbot.htm)"
207.46.13.96 - - [30/Apr/2021:20:54:40 +0200] "GET /js/jquery.js HTTP/1.1" 200 54075 "-" "Mozilla/5.0 (compatible; bingbot/2.0; +http://www.bing.com/bingbot.htm)"
207.46.13.96 - - [30/Apr/2021:20:54:40 +0200] "GET /js/jquery.js HTTP/1.1" 200 54075 "-" "Mozilla/5.0 (compatible; bingbot/2.0; +http://www.bing.com/bingbot.htm)"
207.46.13.96 - - [30/Apr/2021:20:54:40 +0200] "GET /js/jquery.js HTTP/1.1" 200 54075 "-" "Mozilla/5.0 (compatible; bingbot/2.0; +http://www.bing.com/bingbot.htm)"
207.46.13.96 - - [30/Apr/2021:20:54:41 +0200] "GET /js/jquery.js HTTP/1.1" 200 54075 "-" "Mozilla/5.0 (compatible; bingbot/2.0; +http://www.bing.com/bingbot.htm)"
207.46.13.96 - - [30/Apr/2021:20:54:41 +0200] "GET /js/jquery.js HTTP/1.1" 200 54075 "-" "Mozilla/5.0 (compatible; bingbot/2.0; +http://www.bing.com/bingbot.htm)"
207.46.13.96 - - [30/Apr/2021:20:54:41 +0200] "GET /js/jquery.js HTTP/1.1" 200 54075 "-" "Mozilla/5.0 (compatible; bingbot/2.0; +http://www.bing.com/bingbot.htm)"
207.46.13.96 - - [30/Apr/2021:20:54:41 +0200] "GET /js/jquery.js HTTP/1.1" 200 54075 "-" "Mozilla/5.0 (compatible; bingbot/2.0; +http://www.bing.com/bingbot.htm)"
207.46.13.96 - - [30/Apr/2021:20:54:42 +0200] "GET /js/jquery.js HTTP/1.1" 200 54075 "-" "Mozilla/5.0 (compatible; bingbot/2.0; +http://www.bing.com/bingbot.htm)"
207.46.13.96 - - [30/Apr/2021:20:54:42 +0200] "GET /js/jquery.js HTTP/1.1" 200 54075 "-" "Mozilla/5.0 (compatible; bingbot/2.0; +http://www.bing.com/bingbot.htm)"
207.46.13.96 - - [30/Apr/2021:20:54:42 +0200] "GET /js/jquery.js HTTP/1.1" 200 54075 "-" "Mozilla/5.0 (compatible; bingbot/2.0; +http://www.bing.com/bingbot.htm)"
207.46.13.96 - - [30/Apr/2021:20:54:43 +0200] "GET /js/jquery.js HTTP/1.1" 200 54075 "-" "Mozilla/5.0 (compatible; bingbot/2.0; +http://www.bing.com/bingbot.htm)"
207.46.13.96 - - [30/Apr/2021:20:54:43 +0200] "GET /js/jquery.js HTTP/1.1" 200 54075 "-" "Mozilla/5.0 (compatible; bingbot/2.0; +http://www.bing.com/bingbot.htm)"
207.46.13.96 - - [30/Apr/2021:20:54:43 +0200] "GET /js/jquery.js HTTP/1.1" 200 54075 "-" "Mozilla/5.0 (compatible; bingbot/2.0; +http://www.bing.com/bingbot.htm)"
207.46.13.96 - - [30/Apr/2021:20:54:43 +0200] "GET /js/jquery.js HTTP/1.1" 200 54075 "-" "Mozilla/5.0 (compatible; bingbot/2.0; +http://www.bing.com/bingbot.htm)"
207.46.13.96 - - [30/Apr/2021:20:54:43 +0200] "GET /js/jquery.js HTTP/1.1" 200 54075 "-" "Mozilla/5.0 (compatible; bingbot/2.0; +http://www.bing.com/bingbot.htm)"
207.46.13.96 - - [30/Apr/2021:20:54:43 +0200] "GET /js/jquery.js HTTP/1.1" 200 54075 "-" "Mozilla/5.0 (compatible; bingbot/2.0; +http://www.bing.com/bingbot.htm)"
207.46.13.96 - - [30/Apr/2021:20:54:44 +0200] "GET /js/jquery.js HTTP/1.1" 200 54075 "-" "Mozilla/5.0 (compatible; bingbot/2.0; +http://www.bing.com/bingbot.htm)"
207.46.13.96 - - [30/Apr/2021:20:54:44 +0200] "GET /js/jquery.js HTTP/1.1" 200 54075 "-" "Mozilla/5.0 (compatible; bingbot/2.0; +http://www.bing.com/bingbot.htm)"
207.46.13.96 - - [30/Apr/2021:20:54:44 +0200] "GET /js/jquery.js HTTP/1.1" 200 54075 "-" "Mozilla/5.0 (compatible; bingbot/2.0; +http://www.bing.com/bingbot.htm)"
207.46.13.96 - - [30/Apr/2021:20:54:44 +0200] "GET /js/jquery.js HTTP/1.1" 200 54075 "-" "Mozilla/5.0 (compatible; bingbot/2.0; +http://www.bing.com/bingbot.htm)"
207.46.13.96 - - [30/Apr/2021:20:54:44 +0200] "GET /js/jquery.js HTTP/1.1" 200 54075 "-" "Mozilla/5.0 (compatible; bingbot/2.0; +http://www.bing.com/bingbot.htm)"
207.46.13.96 - - [30/Apr/2021:20:54:44 +0200] "GET /js/jquery.js HTTP/1.1" 200 54075 "-" "Mozilla/5.0 (compatible; bingbot/2.0; +http://www.bing.com/bingbot.htm)"
207.46.13.96 - - [30/Apr/2021:20:54:44 +0200] "GET /js/jquery.js HTTP/1.1" 200 54075 "-" "Mozilla/5.0 (compatible; bingbot/2.0; +http://www.bing.com/bingbot.htm)"
207.46.13.96 - - [30/Apr/2021:20:54:45 +0200] "GET /js/jquery.js HTTP/1.1" 200 54075 "-" "Mozilla/5.0 (compatible; bingbot/2.0; +http://www.bing.com/bingbot.htm)"
207.46.13.96 - - [30/Apr/2021:20:54:45 +0200] "GET /js/jquery.js HTTP/1.1" 200 54075 "-" "Mozilla/5.0 (compatible; bingbot/2.0; +http://www.bing.com/bingbot.htm)"
111.225.149.49 - - [30/Apr/2021:20:56:36 +0200] "GET /images/7316191480112.jpg HTTP/1.1" 200 26706 "http://www.wonder-geek.com/anniv-hourra-card-p-20047.html" "Mozilla/5.0 (Linux; Android 5.0) AppleWebKit/537.36 (KHTML, like Gecko) Mobile Safari/537.36 (compatible; Bytespider; https://zhanzhang.toutiao.com/)"
185.191.171.38 - - [30/Apr/2021:20:59:14 +0200] "GET /robots.txt HTTP/1.1" 200 2438 "-" "Mozilla/5.0 (compatible; SemrushBot/7~bl; +http://www.semrush.com/bot.html)"
147.135.195.193 - - [30/Apr/2021:21:00:45 +0200] "GET /images/big_prod_1/3700572750606B.jpg HTTP/1.1" 200 97230 "-" "-"
66.249.66.220 - - [30/Apr/2021:21:02:14 +0200] "GET /images/mini_prod/8422836098105Z.jpg HTTP/1.1" 200 10550 "-" "Googlebot-Image/1.0"
114.119.154.200 - - [30/Apr/2021:21:03:40 +0200] "GET /images/big_prod/3453131146166.jpg HTTP/1.1" 200 37828 "-" "Mozilla/5.0 (Linux; Android 7.0;) AppleWebKit/537.36 (KHTML, like Gecko) Mobile Safari/537.36 (compatible; PetalBot;+https://webmaster.petalsearch.com/site/petalbot)"
114.119.129.36 - - [30/Apr/2021:21:06:33 +0200] "GET /images/big_prod/3553563000101.jpg HTTP/1.1" 200 139040 "-" "Mozilla/5.0 (Linux; Android 7.0;) AppleWebKit/537.36 (KHTML, like Gecko) Mobile Safari/537.36 (compatible; PetalBot;+https://webmaster.petalsearch.com/site/petalbot)"
220.243.135.183 - - [30/Apr/2021:21:06:41 +0200] "GET /images/big_prod_1/3574642579820b.jpg HTTP/1.1" 200 44888 "http://www.wonder-geek.com/cotton-bath-figue-p-47264.html" "Mozilla/5.0 (Linux; Android 5.0) AppleWebKit/537.36 (KHTML, like Gecko) Mobile Safari/537.36 (compatible; Bytespider; https://zhanzhang.toutiao.com/)"
220.243.135.180 - - [30/Apr/2021:21:06:42 +0200] "GET /images/big_prod/3574642579820.jpg HTTP/1.1" 200 68056 "http://www.wonder-geek.com/cotton-bath-figue-p-47264.html" "Mozilla/5.0 (Linux; Android 5.0) AppleWebKit/537.36 (KHTML, like Gecko) Mobile Safari/537.36 (compatible; Bytespider; https://zhanzhang.toutiao.com/)"
66.249.66.216 - - [30/Apr/2021:21:09:26 +0200] "GET /images/big_prod/8422002383769.jpg HTTP/1.1" 200 47763 "-" "Googlebot-Image/1.0"
220.243.135.157 - - [30/Apr/2021:21:16:33 +0200] "GET /images/big_prod_1/3609810088719.jpg HTTP/1.1" 200 68056 "http://www.wonder-geek.com/chutje-wall-sticker-p-48980.html" "Mozilla/5.0 (Linux; Android 5.0) AppleWebKit/537.36 (KHTML, like Gecko) Mobile Safari/537.36 (compatible; Bytespider; https://zhanzhang.toutiao.com/)"
220.243.135.145 - - [30/Apr/2021:21:16:34 +0200] "GET /images/big_prod/3609810088719b.jpg HTTP/1.1" 200 59368 "http://www.wonder-geek.com/chutje-wall-sticker-p-48980.html" "Mozilla/5.0 (Linux; Android 5.0) AppleWebKit/537.36 (KHTML, like Gecko) Mobile Safari/537.36 (compatible; Bytespider; https://zhanzhang.toutiao.com/)"
37.120.129.125 - - [30/Apr/2021:21:16:59 +0200] "GET /images/1300010237137.jpg HTTP/1.1" 200 14828 "-" "Mozilla/5.0 (compatible; Googlebot/2.1; +http://www.google.com/bot.html)"
66.249.66.216 - - [30/Apr/2021:21:17:12 +0200] "GET /images/big_prod/b8717202553662.jpg HTTP/1.1" 200 36435 "-" "Googlebot-Image/1.0"
51.38.44.109 - - [30/Apr/2021:21:17:39 +0200] "GET /images/big_prod_1/3609810096363a.jpg HTTP/1.1" 200 95479 "-" "-"
51.38.45.199 - - [30/Apr/2021:21:21:28 +0200] "GET /images/mini_prod/3700572739526.jpg HTTP/1.1" 200 7818 "-" "-"
51.38.45.199 - - [30/Apr/2021:21:21:28 +0200] "GET /images/mini_prod/1345544894111.jpg HTTP/1.1" 200 6392 "-" "-"
216.244.66.242 - - [30/Apr/2021:21:22:15 +0200] "GET /robots.txt HTTP/1.1" 200 2438 "-" "Mozilla/5.0 (compatible; DotBot/1.2; +https://opensiteexplorer.org/dotbot; help@moz.com)"
66.249.81.182 - - [30/Apr/2021:21:24:26 +0200] "GET /images/big_prod/3700572752969.jpg HTTP/1.1" 200 500047 "-" "Mozilla/5.0 (Windows NT 5.1; rv:11.0) Gecko Firefox/11.0 (via ggpht.com GoogleImageProxy)"
66.249.66.216 - - [30/Apr/2021:21:24:26 +0200] "GET /images/big_prod/9316188071314.jpg HTTP/1.1" 200 69188 "-" "Googlebot-Image/1.0"
207.46.13.111 - - [30/Apr/2021:21:25:35 +0200] "GET /images/big_prod/8718375754344.jpg HTTP/1.1" 200 150691 "-" "Mozilla/5.0 (Windows NT 6.1; WOW64) AppleWebKit/534+ (KHTML, like Gecko) BingPreview/1.0b"
110.249.202.188 - - [30/Apr/2021:21:26:35 +0200] "GET /images/big_prod_1/8422048800909b.jpg HTTP/1.1" 200 52128 "http://www.wonder-geek.com/bamboo-flower-cover-p-55090.html" "Mozilla/5.0 (Linux; Android 5.0) AppleWebKit/537.36 (KHTML, like Gecko) Mobile Safari/537.36 (compatible; Bytespider; https://zhanzhang.toutiao.com/)"
110.249.202.188 - - [30/Apr/2021:21:26:35 +0200] "GET /images/big_prod/8422048800909.jpg HTTP/1.1" 200 59368 "http://www.wonder-geek.com/bamboo-flower-cover-p-55090.html" "Mozilla/5.0 (Linux; Android 5.0) AppleWebKit/537.36 (KHTML, like Gecko) Mobile Safari/537.36 (compatible; Bytespider; https://zhanzhang.toutiao.com/)"
66.249.66.220 - - [30/Apr/2021:21:32:13 +0200] "GET /images/big_prod/8717202559787.jpg HTTP/1.1" 200 173084 "-" "Googlebot-Image/1.0"
220.243.135.180 - - [30/Apr/2021:21:36:35 +0200] "GET /images/big_prod_2/8719497615353b.jpg HTTP/1.1" 200 68056 "http://www.wonder-geek.com/crystal-grid-love-p-52051.html" "Mozilla/5.0 (Linux; Android 5.0) AppleWebKit/537.36 (KHTML, like Gecko) Mobile Safari/537.36 (compatible; Bytespider; https://zhanzhang.toutiao.com/)"
220.243.135.172 - - [30/Apr/2021:21:36:35 +0200] "GET /images/big_prod_1/8719497615353a.jpg HTTP/1.1" 200 48944 "http://www.wonder-geek.com/crystal-grid-love-p-52051.html" "Mozilla/5.0 (Linux; Android 5.0) AppleWebKit/537.36 (KHTML, like Gecko) Mobile Safari/537.36 (compatible; Bytespider; https://zhanzhang.toutiao.com/)"
220.243.135.161 - - [30/Apr/2021:21:36:35 +0200] "GET /images/big_prod/8719497615353.jpg HTTP/1.1" 200 44888 "http://www.wonder-geek.com/crystal-grid-love-p-52051.html" "Mozilla/5.0 (Linux; Android 5.0) AppleWebKit/537.36 (KHTML, like Gecko) Mobile Safari/537.36 (compatible; Bytespider; https://zhanzhang.toutiao.com/)"
66.249.66.220 - - [30/Apr/2021:21:39:25 +0200] "GET /images/big_prod/1300000170109.jpg HTTP/1.1" 200 45729 "-" "Googlebot-Image/1.0"
220.243.136.46 - - [30/Apr/2021:21:46:34 +0200] "GET /images/big_prod/3453131155656.jpg HTTP/1.1" 200 47784 "http://www.wonder-geek.com/little-prince-clock-p-54945.html" "Mozilla/5.0 (Linux; Android 5.0) AppleWebKit/537.36 (KHTML, like Gecko) Mobile Safari/537.36 (compatible; Bytespider; https://zhanzhang.toutiao.com/)"
66.249.66.216 - - [30/Apr/2021:21:47:13 +0200] "GET /images/big_prod/8422088080279.jpg HTTP/1.1" 200 31402 "-" "Googlebot-Image/1.0"
116.48.94.69 - - [30/Apr/2021:21:48:25 +0200] "GET /templates/Pixame_v1/stylesheet.css HTTP/1.1" 200 56057 "http://www.wonder-geek.com/login.php" "Mozilla/5.0 (Macintosh; Intel Mac OS X 11_1_0) AppleWebKit/537.36 (KHTML, like Gecko) Chrome/89.0.4389.128 Safari/537.36"
116.48.94.69 - - [30/Apr/2021:21:48:37 +0200] "GET /images/account_personal.gif HTTP/1.1" 200 3627 "http://www.wonder-geek.com/account.php" "Mozilla/5.0 (Macintosh; Intel Mac OS X 11_1_0) AppleWebKit/537.36 (KHTML, like Gecko) Chrome/89.0.4389.128 Safari/537.36"
116.48.94.69 - - [30/Apr/2021:21:48:38 +0200] "GET /images/account_orders.gif HTTP/1.1" 200 3427 "http://www.wonder-geek.com/account.php" "Mozilla/5.0 (Macintosh; Intel Mac OS X 11_1_0) AppleWebKit/537.36 (KHTML, like Gecko) Chrome/89.0.4389.128 Safari/537.36"
116.48.94.69 - - [30/Apr/2021:21:48:38 +0200] "GET /images/account_notifications.gif HTTP/1.1" 200 3551 "http://www.wonder-geek.com/account.php" "Mozilla/5.0 (Macintosh; Intel Mac OS X 11_1_0) AppleWebKit/537.36 (KHTML, like Gecko) Chrome/89.0.4389.128 Safari/537.36"
116.48.94.69 - - [30/Apr/2021:21:48:46 +0200] "GET /templates/Pixame_v1/images/buttons/english/button_printorder.gif HTTP/1.1" 200 1114 "http://www.wonder-geek.com/account_history_info.php?order_id=672" "Mozilla/5.0 (Macintosh; Intel Mac OS X 11_1_0) AppleWebKit/537.36 (KHTML, like Gecko) Chrome/89.0.4389.128 Safari/537.36"
66.249.66.218 - - [30/Apr/2021:21:50:41 +0200] "GET /images/big_prod/8424346034994.jpg HTTP/1.1" 200 141462 "-" "Googlebot-Image/1.0"
66.249.66.218 - - [30/Apr/2021:21:54:26 +0200] "GET /images/big_prod/8717202558889.jpg HTTP/1.1" 200 58936 "-" "Googlebot-Image/1.0"
207.46.13.96 - - [30/Apr/2021:21:54:34 +0200] "GET /js/jquery.js HTTP/1.1" 200 54075 "-" "Mozilla/5.0 (compatible; bingbot/2.0; +http://www.bing.com/bingbot.htm)"
3.83.238.162 - - [30/Apr/2021:21:55:59 +0200] "GET /robots.txt HTTP/1.1" 200 2438 "-" "Mozilla/5.0 (Macintosh; Intel Mac OS X 10_10_1) AppleWebKit/600.2.5 (KHTML, like Gecko) Version/8.0.2 Safari/600.2.5 (Amazonbot/0.1; +https://developer.amazon.com/support/amazonbot)"
60.8.123.193 - - [30/Apr/2021:21:56:33 +0200] "GET /images/7316191480150.jpg HTTP/1.1" 200 31193 "http://www.wonder-geek.com/aujourd-jour-card-p-20049.html" "Mozilla/5.0 (Linux; Android 5.0) AppleWebKit/537.36 (KHTML, like Gecko) Mobile Safari/537.36 (compatible; Bytespider; https://zhanzhang.toutiao.com/)"
66.249.66.220 - - [30/Apr/2021:21:58:11 +0200] "GET /images/big_prod/3565750211894.jpg HTTP/1.1" 200 164016 "-" "Googlebot-Image/1.0"
185.191.171.7 - - [30/Apr/2021:21:59:38 +0200] "GET /robots.txt HTTP/1.1" 200 2438 "-" "Mozilla/5.0 (compatible; SemrushBot/7~bl; +http://www.semrush.com/bot.html)"
66.249.66.216 - - [30/Apr/2021:22:02:06 +0200] "GET /images/big_prod/8433933185056.jpg HTTP/1.1" 200 47136 "-" "Googlebot-Image/1.0"
40.77.167.48 - - [30/Apr/2021:22:02:48 +0200] "GET /robots.txt HTTP/1.1" 200 2438 "-" "Mozilla/5.0 (compatible; bingbot/2.0; +http://www.bing.com/bingbot.htm)"
80.11.253.192 - - [30/Apr/2021:22:04:45 +0200] "GET /adminweb/includes/index.css HTTP/1.1" 200 1318 "http://www.wonder-geek.com/adminweb/login.php" "Mozilla/5.0 (iPad; CPU OS 14_4 like Mac OS X) AppleWebKit/605.1.15 (KHTML, like Gecko) CriOS/87.0.4280.163 Mobile/15E148 Safari/604.1"
80.11.253.192 - - [30/Apr/2021:22:04:45 +0200] "GET /adminweb/includes/stylesheet.css HTTP/1.1" 200 21750 "http://www.wonder-geek.com/adminweb/login.php" "Mozilla/5.0 (iPad; CPU OS 14_4 like Mac OS X) AppleWebKit/605.1.15 (KHTML, like Gecko) CriOS/87.0.4280.163 Mobile/15E148 Safari/604.1"
80.11.253.192 - - [30/Apr/2021:22:04:45 +0200] "GET /adminweb/includes/javascript/helptip.js HTTP/1.1" 200 2949 "http://www.wonder-geek.com/adminweb/login.php" "Mozilla/5.0 (iPad; CPU OS 14_4 like Mac OS X) AppleWebKit/605.1.15 (KHTML, like Gecko) CriOS/87.0.4280.163 Mobile/15E148 Safari/604.1"
80.11.253.192 - - [30/Apr/2021:22:04:45 +0200] "GET /adminweb/images/logo_mini.png HTTP/1.1" 200 47706 "http://www.wonder-geek.com/adminweb/login.php" "Mozilla/5.0 (iPad; CPU OS 14_4 like Mac OS X) AppleWebKit/605.1.15 (KHTML, like Gecko) CriOS/87.0.4280.163 Mobile/15E148 Safari/604.1"
80.11.253.192 - - [30/Apr/2021:22:04:45 +0200] "GET /adminweb/images/artoisweb.jpg HTTP/1.1" 200 38128 "http://www.wonder-geek.com/adminweb/login.php" "Mozilla/5.0 (iPad; CPU OS 14_4 like Mac OS X) AppleWebKit/605.1.15 (KHTML, like Gecko) CriOS/87.0.4280.163 Mobile/15E148 Safari/604.1"
80.11.253.192 - - [30/Apr/2021:22:04:45 +0200] "GET /adminweb/includes/languages/french/images/buttons/button_confirm.gif HTTP/1.1" 200 1090 "http://www.wonder-geek.com/adminweb/login.php" "Mozilla/5.0 (iPad; CPU OS 14_4 like Mac OS X) AppleWebKit/605.1.15 (KHTML, like Gecko) CriOS/87.0.4280.163 Mobile/15E148 Safari/604.1"
80.11.253.192 - - [30/Apr/2021:22:04:45 +0200] "GET /favicon.ico HTTP/1.1" 200 1591 "-" "Mozilla/5.0 (iPad; CPU OS 14_4 like Mac OS X) AppleWebKit/605.1.15 (KHTML, like Gecko) CriOS/87.0.4280.163 Mobile/15E148 Safari/604.1"
80.11.253.192 - - [30/Apr/2021:22:04:52 +0200] "GET /adminweb/includes/menu.js HTTP/1.1" 200 14657 "http://www.wonder-geek.com/adminweb/index.php" "Mozilla/5.0 (iPad; CPU OS 14_4 like Mac OS X) AppleWebKit/605.1.15 (KHTML, like Gecko) CriOS/87.0.4280.163 Mobile/15E148 Safari/604.1"
80.11.253.192 - - [30/Apr/2021:22:04:52 +0200] "GET /adminweb/images/cre_header_slice.gif HTTP/1.1" 200 2862 "http://www.wonder-geek.com/adminweb/index.php" "Mozilla/5.0 (iPad; CPU OS 14_4 like Mac OS X) AppleWebKit/605.1.15 (KHTML, like Gecko) CriOS/87.0.4280.163 Mobile/15E148 Safari/604.1"
80.11.253.192 - - [30/Apr/2021:22:04:56 +0200] "GET /adminweb/images/icons/icon_status_ok_colissimo.jpg HTTP/1.1" 200 2300 "http://www.wonder-geek.com/adminweb/orders.php" "Mozilla/5.0 (iPad; CPU OS 14_4 like Mac OS X) AppleWebKit/605.1.15 (KHTML, like Gecko) CriOS/87.0.4280.163 Mobile/15E148 Safari/604.1"
80.11.253.192 - - [30/Apr/2021:22:04:56 +0200] "GET /adminweb/includes/languages/french/images/buttons/button_edit_status.gif HTTP/1.1" 200 1398 "http://www.wonder-geek.com/adminweb/orders.php" "Mozilla/5.0 (iPad; CPU OS 14_4 like Mac OS X) AppleWebKit/605.1.15 (KHTML, like Gecko) CriOS/87.0.4280.163 Mobile/15E148 Safari/604.1"
80.11.253.192 - - [30/Apr/2021:22:04:56 +0200] "GET /adminweb/includes/languages/french/images/buttons/button_edit_order.gif HTTP/1.1" 200 1428 "http://www.wonder-geek.com/adminweb/orders.php" "Mozilla/5.0 (iPad; CPU OS 14_4 like Mac OS X) AppleWebKit/605.1.15 (KHTML, like Gecko) CriOS/87.0.4280.163 Mobile/15E148 Safari/604.1"
80.11.253.192 - - [30/Apr/2021:22:04:56 +0200] "GET /adminweb/includes/languages/french/images/buttons/button_delete.gif HTTP/1.1" 200 1031 "http://www.wonder-geek.com/adminweb/orders.php" "Mozilla/5.0 (iPad; CPU OS 14_4 like Mac OS X) AppleWebKit/605.1.15 (KHTML, like Gecko) CriOS/87.0.4280.163 Mobile/15E148 Safari/604.1"
80.11.253.192 - - [30/Apr/2021:22:04:56 +0200] "GET /adminweb/includes/languages/french/images/buttons/button_invoice.gif HTTP/1.1" 200 1398 "http://www.wonder-geek.com/adminweb/orders.php" "Mozilla/5.0 (iPad; CPU OS 14_4 like Mac OS X) AppleWebKit/605.1.15 (KHTML, like Gecko) CriOS/87.0.4280.163 Mobile/15E148 Safari/604.1"
80.11.253.192 - - [30/Apr/2021:22:05:08 +0200] "GET /includes/modules/payment/paypal/images/paypal_logo.gif HTTP/1.1" 200 1180 "http://www.wonder-geek.com/adminweb/orders.php?page=1&oID=672&action=edit" "Mozilla/5.0 (iPad; CPU OS 14_4 like Mac OS X) AppleWebKit/605.1.15 (KHTML, like Gecko) CriOS/87.0.4280.163 Mobile/15E148 Safari/604.1"
66.249.66.220 - - [30/Apr/2021:22:05:41 +0200] "GET /images/big_prod_1/8717202559787B.jpg HTTP/1.1" 200 256607 "-" "Googlebot-Image/1.0"
110.249.202.19 - - [30/Apr/2021:22:06:34 +0200] "GET /images/big_prod/8422001913431.jpg HTTP/1.1" 200 62264 "http://www.wonder-geek.com/small-pink-money-p-54805.html" "Mozilla/5.0 (Linux; Android 5.0) AppleWebKit/537.36 (KHTML, like Gecko) Mobile Safari/537.36 (compatible; Bytespider; https://zhanzhang.toutiao.com/)"
147.135.195.193 - - [30/Apr/2021:22:07:08 +0200] "GET /images/big_prod_1/8422048821102.jpg HTTP/1.1" 200 583892 "-" "-"
34.75.235.17 - - [30/Apr/2021:22:09:14 +0200] "GET /robots.txt HTTP/1.0" 200 2438 "-" "ZoominfoBot (zoominfobot at zoominfo dot com)"
66.249.66.218 - - [30/Apr/2021:22:09:26 +0200] "GET /images/mini_prod/8433933018613.jpg HTTP/1.1" 200 4251 "-" "Googlebot-Image/1.0"
54.37.23.14 - - [30/Apr/2021:22:13:10 +0200] "GET /images/big_prod_1/3660173195643.jpg HTTP/1.1" 200 89337 "-" "-"
66.249.66.220 - - [30/Apr/2021:22:13:11 +0200] "GET /images/big_prod_1/8424346034994NN.jpg HTTP/1.1" 200 219287 "-" "Googlebot-Image/1.0"
98.248.210.135 - - [30/Apr/2021:22:13:59 +0200] "GET /images/big_prod/8904245400477.jpg HTTP/1.1" 304 0 "http://pos.kit-systems.com/?display=dual" "Mozilla/5.0 (Windows NT 6.2; WOW64) AppleWebKit/537.36 (KHTML, like Gecko) (KioWare Client Platform r3727) Chrome/78.0.3904.108 Safari/537.36"
124.72.229.233 - - [30/Apr/2021:22:15:31 +0200] "GET /templates/Pixame_v1/stylesheet.css HTTP/1.1" 200 56057 "http://www.wonder-geek.com/caravelle-vintage-clock-p-45890.html" "Mozilla/5.0 (Windows NT 6.1; WOW64) AppleWebKit/537.36 (KHTML, like Gecko) Chrome/86.0.4240.198 Safari/537.36"
124.72.229.233 - - [30/Apr/2021:22:15:31 +0200] "GET /highslide/highslide.js HTTP/1.1" 200 42909 "http://www.wonder-geek.com/caravelle-vintage-clock-p-45890.html" "Mozilla/5.0 (Windows NT 6.1; WOW64) AppleWebKit/537.36 (KHTML, like Gecko) Chrome/86.0.4240.198 Safari/537.36"
124.72.229.233 - - [30/Apr/2021:22:15:31 +0200] "GET /js/jquery.jqzoom.js HTTP/1.1" 200 4761 "http://www.wonder-geek.com/caravelle-vintage-clock-p-45890.html" "Mozilla/5.0 (Windows NT 6.1; WOW64) AppleWebKit/537.36 (KHTML, like Gecko) Chrome/86.0.4240.198 Safari/537.36"
124.72.229.233 - - [30/Apr/2021:22:15:31 +0200] "GET /js/jquery.js HTTP/1.1" 200 54075 "http://www.wonder-geek.com/caravelle-vintage-clock-p-45890.html" "Mozilla/5.0 (Windows NT 6.1; WOW64) AppleWebKit/537.36 (KHTML, like Gecko) Chrome/86.0.4240.198 Safari/537.36"
124.72.229.233 - - [30/Apr/2021:22:15:32 +0200] "GET /templates/Pixame_v1/images/icon_accueil2.png HTTP/1.1" 200 1137 "http://www.wonder-geek.com/caravelle-vintage-clock-p-45890.html" "Mozilla/5.0 (Windows NT 6.1; WOW64) AppleWebKit/537.36 (KHTML, like Gecko) Chrome/86.0.4240.198 Safari/537.36"
124.72.229.233 - - [30/Apr/2021:22:15:33 +0200] "GET /mondial_relay/js/jquery-1.3.2.min.js HTTP/1.1" 200 57254 "http://www.wonder-geek.com/caravelle-vintage-clock-p-45890.html" "Mozilla/5.0 (Windows NT 6.1; WOW64) AppleWebKit/537.36 (KHTML, like Gecko) Chrome/86.0.4240.198 Safari/537.36"
124.72.229.233 - - [30/Apr/2021:22:15:33 +0200] "GET /templates/Pixame_v1/images/buttons/english/button_in_cart.gif HTTP/1.1" 200 1212 "http://www.wonder-geek.com/caravelle-vintage-clock-p-45890.html" "Mozilla/5.0 (Windows NT 6.1; WOW64) AppleWebKit/537.36 (KHTML, like Gecko) Chrome/86.0.4240.198 Safari/537.36"
124.72.229.233 - - [30/Apr/2021:22:15:34 +0200] "GET /templates/Pixame_v1/images/Bottom_texture.jpg HTTP/1.1" 200 56290 "http://www.wonder-geek.com/templates/Pixame_v1/stylesheet.css" "Mozilla/5.0 (Windows NT 6.1; WOW64) AppleWebKit/537.36 (KHTML, like Gecko) Chrome/86.0.4240.198 Safari/537.36"
124.72.229.233 - - [30/Apr/2021:22:15:35 +0200] "GET /images/big_prod/281413.jpg HTTP/1.1" 200 120834 "http://www.wonder-geek.com/caravelle-vintage-clock-p-45890.html" "Mozilla/5.0 (Windows NT 6.1; WOW64) AppleWebKit/537.36 (KHTML, like Gecko) Chrome/86.0.4240.198 Safari/537.36"
124.72.229.233 - - [30/Apr/2021:22:15:35 +0200] "GET /templates/Pixame_v1/images/header.png HTTP/1.1" 200 70245 "http://www.wonder-geek.com/templates/Pixame_v1/stylesheet.css" "Mozilla/5.0 (Windows NT 6.1; WOW64) AppleWebKit/537.36 (KHTML, like Gecko) Chrome/86.0.4240.198 Safari/537.36"
124.72.229.233 - - [30/Apr/2021:22:15:35 +0200] "GET /templates/Pixame_v1/images/nav.png HTTP/1.1" 200 1283 "http://www.wonder-geek.com/templates/Pixame_v1/stylesheet.css" "Mozilla/5.0 (Windows NT 6.1; WOW64) AppleWebKit/537.36 (KHTML, like Gecko) Chrome/86.0.4240.198 Safari/537.36"
124.72.229.233 - - [30/Apr/2021:22:15:35 +0200] "GET /templates/Pixame_v1/images/Middle_texture.jpg HTTP/1.1" 200 249620 "http://www.wonder-geek.com/templates/Pixame_v1/stylesheet.css" "Mozilla/5.0 (Windows NT 6.1; WOW64) AppleWebKit/537.36 (KHTML, like Gecko) Chrome/86.0.4240.198 Safari/537.36"
124.72.229.233 - - [30/Apr/2021:22:15:36 +0200] "GET /design/productsenstock.png HTTP/1.1" 200 4743 "http://www.wonder-geek.com/templates/Pixame_v1/stylesheet.css" "Mozilla/5.0 (Windows NT 6.1; WOW64) AppleWebKit/537.36 (KHTML, like Gecko) Chrome/86.0.4240.198 Safari/537.36"
124.72.229.233 - - [30/Apr/2021:22:15:36 +0200] "GET /templates/Pixame_v1/images/header-object.png HTTP/1.1" 200 106050 "http://www.wonder-geek.com/templates/Pixame_v1/stylesheet.css" "Mozilla/5.0 (Windows NT 6.1; WOW64) AppleWebKit/537.36 (KHTML, like Gecko) Chrome/86.0.4240.198 Safari/537.36"
124.72.229.233 - - [30/Apr/2021:22:15:36 +0200] "GET /highslide/graphics/outlines/drop-shadow.png HTTP/1.1" 200 2022 "http://www.wonder-geek.com/caravelle-vintage-clock-p-45890.html" "Mozilla/5.0 (Windows NT 6.1; WOW64) AppleWebKit/537.36 (KHTML, like Gecko) Chrome/86.0.4240.198 Safari/537.36"
124.72.229.233 - - [30/Apr/2021:22:15:36 +0200] "GET /favicon.ico HTTP/1.1" 200 1591 "http://www.wonder-geek.com/caravelle-vintage-clock-p-45890.html" "Mozilla/5.0 (Windows NT 6.1; WOW64) AppleWebKit/537.36 (KHTML, like Gecko) Chrome/86.0.4240.198 Safari/537.36"
27.115.124.70 - - [30/Apr/2021:22:15:42 +0200] "GET /js/jquery.jqzoom.js HTTP/1.1" 200 4761 "http://www.wonder-geek.com/caravelle-vintage-clock-p-45890.html" "Mozilla/5.0 (Windows NT 6.1; WOW64; Trident/7.0; rv:11.0) like Gecko"
27.115.124.70 - - [30/Apr/2021:22:15:42 +0200] "GET /templates/Pixame_v1/stylesheet.css HTTP/1.1" 200 56057 "http://www.wonder-geek.com/caravelle-vintage-clock-p-45890.html" "Mozilla/5.0 (Windows NT 6.1; WOW64; Trident/7.0; rv:11.0) like Gecko"
27.115.124.6 - - [30/Apr/2021:22:15:42 +0200] "GET /highslide/highslide.js HTTP/1.1" 200 42909 "http://www.wonder-geek.com/caravelle-vintage-clock-p-45890.html" "Mozilla/5.0 (Windows NT 6.1; WOW64; Trident/7.0; rv:11.0) like Gecko"
27.115.124.38 - - [30/Apr/2021:22:15:42 +0200] "GET /js/jquery.js HTTP/1.1" 200 54075 "http://www.wonder-geek.com/caravelle-vintage-clock-p-45890.html" "Mozilla/5.0 (Windows NT 6.1; WOW64; Trident/7.0; rv:11.0) like Gecko"
27.115.124.101 - - [30/Apr/2021:22:15:42 +0200] "GET /mondial_relay/js/jquery-1.3.2.min.js HTTP/1.1" 200 57254 "http://www.wonder-geek.com/caravelle-vintage-clock-p-45890.html" "Mozilla/5.0 (Windows NT 6.1; WOW64; Trident/7.0; rv:11.0) like Gecko"
27.115.124.101 - - [30/Apr/2021:22:15:43 +0200] "GET /templates/Pixame_v1/images/icon_accueil2.png HTTP/1.1" 200 1137 "http://www.wonder-geek.com/caravelle-vintage-clock-p-45890.html" "Mozilla/5.0 (Windows NT 6.1; WOW64; Trident/7.0; rv:11.0) like Gecko"
27.115.124.101 - - [30/Apr/2021:22:15:43 +0200] "GET /js/jquery.jqzoom.js HTTP/1.1" 200 4761 "http://www.wonder-geek.com/caravelle-vintage-clock-p-45890.html" "Mozilla/5.0 (Windows NT 6.1; WOW64; Trident/7.0; rv:11.0) like Gecko"
27.115.124.38 - - [30/Apr/2021:22:15:43 +0200] "GET /templates/Pixame_v1/images/nav.png HTTP/1.1" 200 1283 "http://www.wonder-geek.com/templates/Pixame_v1/stylesheet.css" "Mozilla/5.0 (Windows NT 6.1; WOW64; Trident/7.0; rv:11.0) like Gecko"
27.115.124.70 - - [30/Apr/2021:22:15:43 +0200] "GET /highslide/highslide.js HTTP/1.1" 200 42909 "http://www.wonder-geek.com/caravelle-vintage-clock-p-45890.html" "Mozilla/5.0 (Windows NT 6.1; WOW64; Trident/7.0; rv:11.0) like Gecko"
27.115.124.70 - - [30/Apr/2021:22:15:43 +0200] "GET /js/jquery.js HTTP/1.1" 200 54075 "http://www.wonder-geek.com/caravelle-vintage-clock-p-45890.html" "Mozilla/5.0 (Windows NT 6.1; WOW64; Trident/7.0; rv:11.0) like Gecko"
27.115.124.38 - - [30/Apr/2021:22:15:43 +0200] "GET /design/productsenstock.png HTTP/1.1" 200 4743 "http://www.wonder-geek.com/templates/Pixame_v1/stylesheet.css" "Mozilla/5.0 (Windows NT 6.1; WOW64; Trident/7.0; rv:11.0) like Gecko"
27.115.124.70 - - [30/Apr/2021:22:15:43 +0200] "GET /templates/Pixame_v1/images/Bottom_texture.jpg HTTP/1.1" 200 56290 "http://www.wonder-geek.com/templates/Pixame_v1/stylesheet.css" "Mozilla/5.0 (Windows NT 6.1; WOW64; Trident/7.0; rv:11.0) like Gecko"
27.115.124.6 - - [30/Apr/2021:22:15:43 +0200] "GET /templates/Pixame_v1/images/header.png HTTP/1.1" 200 70245 "http://www.wonder-geek.com/templates/Pixame_v1/stylesheet.css" "Mozilla/5.0 (Windows NT 6.1; WOW64; Trident/7.0; rv:11.0) like Gecko"
27.115.124.101 - - [30/Apr/2021:22:15:43 +0200] "GET /templates/Pixame_v1/stylesheet.css HTTP/1.1" 200 56057 "http://www.wonder-geek.com/caravelle-vintage-clock-p-45890.html" "Mozilla/5.0 (Windows NT 6.1; WOW64; Trident/7.0; rv:11.0) like Gecko"
27.115.124.101 - - [30/Apr/2021:22:15:43 +0200] "GET /mondial_relay/js/jquery-1.3.2.min.js HTTP/1.1" 200 57254 "http://www.wonder-geek.com/caravelle-vintage-clock-p-45890.html" "Mozilla/5.0 (Windows NT 6.1; WOW64; Trident/7.0; rv:11.0) like Gecko"
27.115.124.38 - - [30/Apr/2021:22:15:43 +0200] "GET /templates/Pixame_v1/stylesheet.css HTTP/1.1" 200 56057 "http://www.wonder-geek.com/caravelle-vintage-clock-p-45890.html" "Mozilla/5.0 (Linux; U; Android 8.1.0; zh-CN; EML-AL00 Build/HUAWEIEML-AL00) AppleWebKit/537.36 (KHTML, like Gecko) Version/4.0 Chrome/57.0.2987.108 baidu.sogo.uc.UCBrowser/11.9.4.974 UWS/2.13.1.48 Mobile Safari/537.36 AliApp(DingTalk/4.5.11) com.alibaba.android.rimet/10487439 Channel/227200 language/zh-CN"
27.115.124.70 - - [30/Apr/2021:22:15:43 +0200] "GET /js/jquery.jqzoom.js HTTP/1.1" 200 4761 "http://www.wonder-geek.com/caravelle-vintage-clock-p-45890.html" "Mozilla/5.0 (Linux; U; Android 8.1.0; zh-CN; EML-AL00 Build/HUAWEIEML-AL00) AppleWebKit/537.36 (KHTML, like Gecko) Version/4.0 Chrome/57.0.2987.108 baidu.sogo.uc.UCBrowser/11.9.4.974 UWS/2.13.1.48 Mobile Safari/537.36 AliApp(DingTalk/4.5.11) com.alibaba.android.rimet/10487439 Channel/227200 language/zh-CN"
27.115.124.6 - - [30/Apr/2021:22:15:43 +0200] "GET /js/jquery.jqzoom.js HTTP/1.1" 200 4761 "http://www.wonder-geek.com/" "Mozilla/5.0 (Linux; U; Android 8.1.0; zh-CN; EML-AL00 Build/HUAWEIEML-AL00) AppleWebKit/537.36 (KHTML, like Gecko) Version/4.0 Chrome/57.0.2987.108 baidu.sogo.uc.UCBrowser/11.9.4.974 UWS/2.13.1.48 Mobile Safari/537.36 AliApp(DingTalk/4.5.11) com.alibaba.android.rimet/10487439 Channel/227200 language/zh-CN"
27.115.124.101 - - [30/Apr/2021:22:15:43 +0200] "GET /templates/Pixame_v1/images/header-object.png HTTP/1.1" 200 106050 "http://www.wonder-geek.com/templates/Pixame_v1/stylesheet.css" "Mozilla/5.0 (Windows NT 6.1; WOW64; Trident/7.0; rv:11.0) like Gecko"
27.115.124.101 - - [30/Apr/2021:22:15:44 +0200] "GET /templates/Pixame_v1/images/icon_accueil2.png HTTP/1.1" 200 1137 "http://www.wonder-geek.com/caravelle-vintage-clock-p-45890.html" "Mozilla/5.0 (Windows NT 6.1; WOW64; Trident/7.0; rv:11.0) like Gecko"
27.115.124.70 - - [30/Apr/2021:22:15:44 +0200] "GET /highslide/highslide.js HTTP/1.1" 200 42909 "http://www.wonder-geek.com/caravelle-vintage-clock-p-45890.html" "Mozilla/5.0 (Linux; U; Android 8.1.0; zh-CN; EML-AL00 Build/HUAWEIEML-AL00) AppleWebKit/537.36 (KHTML, like Gecko) Version/4.0 Chrome/57.0.2987.108 baidu.sogo.uc.UCBrowser/11.9.4.974 UWS/2.13.1.48 Mobile Safari/537.36 AliApp(DingTalk/4.5.11) com.alibaba.android.rimet/10487439 Channel/227200 language/zh-CN"
27.115.124.70 - - [30/Apr/2021:22:15:44 +0200] "GET /highslide/highslide.js HTTP/1.1" 200 42909 "http://www.wonder-geek.com/" "Mozilla/5.0 (Linux; U; Android 8.1.0; zh-CN; EML-AL00 Build/HUAWEIEML-AL00) AppleWebKit/537.36 (KHTML, like Gecko) Version/4.0 Chrome/57.0.2987.108 baidu.sogo.uc.UCBrowser/11.9.4.974 UWS/2.13.1.48 Mobile Safari/537.36 AliApp(DingTalk/4.5.11) com.alibaba.android.rimet/10487439 Channel/227200 language/zh-CN"
27.115.124.38 - - [30/Apr/2021:22:15:44 +0200] "GET /templates/Pixame_v1/images/buttons/english/button_in_cart.gif HTTP/1.1" 200 1212 "http://www.wonder-geek.com/caravelle-vintage-clock-p-45890.html" "Mozilla/5.0 (Windows NT 6.1; WOW64; Trident/7.0; rv:11.0) like Gecko"
27.115.124.38 - - [30/Apr/2021:22:15:44 +0200] "GET /mondial_relay/js/jquery-1.3.2.min.js HTTP/1.1" 200 57254 "http://www.wonder-geek.com/caravelle-vintage-clock-p-45890.html" "Mozilla/5.0 (Linux; U; Android 8.1.0; zh-CN; EML-AL00 Build/HUAWEIEML-AL00) AppleWebKit/537.36 (KHTML, like Gecko) Version/4.0 Chrome/57.0.2987.108 baidu.sogo.uc.UCBrowser/11.9.4.974 UWS/2.13.1.48 Mobile Safari/537.36 AliApp(DingTalk/4.5.11) com.alibaba.android.rimet/10487439 Channel/227200 language/zh-CN"
