176.201.234.215 - - [28/May/2021:20:10:40 +0200] "GET /templates/Pixame_v1/stylesheet.css HTTP/1.1" 200 56057 "http://www.wonder-geek.com/exit-hand-wooden-frame-p-45701.html" "Mozilla/5.0 (Linux; Android 10; SAMSUNG SM-A415F) AppleWebKit/537.36 (KHTML, like Gecko) SamsungBrowser/14.0 Chrome/87.0.4280.141 Mobile Safari/537.36"
176.201.234.215 - - [28/May/2021:20:10:41 +0200] "GET /mondial_relay/js/jquery-1.3.2.min.js HTTP/1.1" 200 57254 "http://www.wonder-geek.com/exit-hand-wooden-frame-p-45701.html" "Mozilla/5.0 (Linux; Android 10; SAMSUNG SM-A415F) AppleWebKit/537.36 (KHTML, like Gecko) SamsungBrowser/14.0 Chrome/87.0.4280.141 Mobile Safari/537.36"
176.201.234.215 - - [28/May/2021:20:10:42 +0200] "GET /templates/Pixame_v1/images/icon_accueil2.png HTTP/1.1" 200 1137 "http://www.wonder-geek.com/exit-hand-wooden-frame-p-45701.html" "Mozilla/5.0 (Linux; Android 10; SAMSUNG SM-A415F) AppleWebKit/537.36 (KHTML, like Gecko) SamsungBrowser/14.0 Chrome/87.0.4280.141 Mobile Safari/537.36"
176.201.234.215 - - [28/May/2021:20:10:43 +0200] "GET /templates/Pixame_v1/images/buttons/english/button_in_cart.gif HTTP/1.1" 200 1212 "http://www.wonder-geek.com/exit-hand-wooden-frame-p-45701.html" "Mozilla/5.0 (Linux; Android 10; SAMSUNG SM-A415F) AppleWebKit/537.36 (KHTML, like Gecko) SamsungBrowser/14.0 Chrome/87.0.4280.141 Mobile Safari/537.36"
176.201.234.215 - - [28/May/2021:20:10:43 +0200] "GET /images/big_prod/3503424504064.jpg HTTP/1.1" 200 62652 "http://www.wonder-geek.com/exit-hand-wooden-frame-p-45701.html" "Mozilla/5.0 (Linux; Android 10; SAMSUNG SM-A415F) AppleWebKit/537.36 (KHTML, like Gecko) SamsungBrowser/14.0 Chrome/87.0.4280.141 Mobile Safari/537.36"
176.201.234.215 - - [28/May/2021:20:10:43 +0200] "GET /templates/Pixame_v1/images/Bottom_texture.jpg HTTP/1.1" 200 56290 "http://www.wonder-geek.com/templates/Pixame_v1/stylesheet.css" "Mozilla/5.0 (Linux; Android 10; SAMSUNG SM-A415F) AppleWebKit/537.36 (KHTML, like Gecko) SamsungBrowser/14.0 Chrome/87.0.4280.141 Mobile Safari/537.36"
176.201.234.215 - - [28/May/2021:20:10:43 +0200] "GET /templates/Pixame_v1/images/nav.png HTTP/1.1" 200 1283 "http://www.wonder-geek.com/templates/Pixame_v1/stylesheet.css" "Mozilla/5.0 (Linux; Android 10; SAMSUNG SM-A415F) AppleWebKit/537.36 (KHTML, like Gecko) SamsungBrowser/14.0 Chrome/87.0.4280.141 Mobile Safari/537.36"
176.201.234.215 - - [28/May/2021:20:10:43 +0200] "GET /templates/Pixame_v1/images/header.png HTTP/1.1" 200 70245 "http://www.wonder-geek.com/templates/Pixame_v1/stylesheet.css" "Mozilla/5.0 (Linux; Android 10; SAMSUNG SM-A415F) AppleWebKit/537.36 (KHTML, like Gecko) SamsungBrowser/14.0 Chrome/87.0.4280.141 Mobile Safari/537.36"
176.201.234.215 - - [28/May/2021:20:10:43 +0200] "GET /templates/Pixame_v1/images/Middle_texture.jpg HTTP/1.1" 200 249620 "http://www.wonder-geek.com/templates/Pixame_v1/stylesheet.css" "Mozilla/5.0 (Linux; Android 10; SAMSUNG SM-A415F) AppleWebKit/537.36 (KHTML, like Gecko) SamsungBrowser/14.0 Chrome/87.0.4280.141 Mobile Safari/537.36"
176.201.234.215 - - [28/May/2021:20:10:44 +0200] "GET /templates/Pixame_v1/images/header-object.png HTTP/1.1" 200 106050 "http://www.wonder-geek.com/templates/Pixame_v1/stylesheet.css" "Mozilla/5.0 (Linux; Android 10; SAMSUNG SM-A415F) AppleWebKit/537.36 (KHTML, like Gecko) SamsungBrowser/14.0 Chrome/87.0.4280.141 Mobile Safari/537.36"
176.201.234.215 - - [28/May/2021:20:10:44 +0200] "GET /design/productsenstock.png HTTP/1.1" 200 4743 "http://www.wonder-geek.com/templates/Pixame_v1/stylesheet.css" "Mozilla/5.0 (Linux; Android 10; SAMSUNG SM-A415F) AppleWebKit/537.36 (KHTML, like Gecko) SamsungBrowser/14.0 Chrome/87.0.4280.141 Mobile Safari/537.36"
176.201.234.215 - - [28/May/2021:20:10:47 +0200] "GET /highslide/graphics/outlines/drop-shadow.png HTTP/1.1" 200 2022 "http://www.wonder-geek.com/exit-hand-wooden-frame-p-45701.html" "Mozilla/5.0 (Linux; Android 10; SAMSUNG SM-A415F) AppleWebKit/537.36 (KHTML, like Gecko) SamsungBrowser/14.0 Chrome/87.0.4280.141 Mobile Safari/537.36"
176.201.234.215 - - [28/May/2021:20:10:47 +0200] "GET /favicon.ico HTTP/1.1" 200 1591 "http://www.wonder-geek.com/exit-hand-wooden-frame-p-45701.html" "Mozilla/5.0 (Linux; Android 10; SAMSUNG SM-A415F) AppleWebKit/537.36 (KHTML, like Gecko) SamsungBrowser/14.0 Chrome/87.0.4280.141 Mobile Safari/537.36"
157.55.39.152 - - [28/May/2021:20:14:09 +0200] "GET /images/med_prod/3503420125157.jpg HTTP/1.1" 200 71252 "-" "Mozilla/5.0 (compatible; bingbot/2.0; +http://www.bing.com/bingbot.htm)"
185.191.171.19 - - [28/May/2021:20:14:31 +0200] "GET /robots.txt HTTP/1.1" 200 2438 "-" "Mozilla/5.0 (compatible; SemrushBot/7~bl; +http://www.semrush.com/bot.html)"
40.77.167.90 - - [28/May/2021:20:16:38 +0200] "GET /images/big_prod/5027148061811.jpg HTTP/1.1" 200 125056 "-" "Mozilla/5.0 (compatible; bingbot/2.0; +http://www.bing.com/bingbot.htm)"
110.249.202.184 - - [28/May/2021:20:16:42 +0200] "GET /images/big_prod_1/MEXI.jpg HTTP/1.1" 200 73848 "http://www.wonder-geek.com/aztec-mini-ceramic-flower-p-55313.html" "Mozilla/5.0 (Linux; Android 5.0) AppleWebKit/537.36 (KHTML, like Gecko) Mobile Safari/537.36 (compatible; Bytespider; https://zhanzhang.toutiao.com/)"
110.249.202.189 - - [28/May/2021:20:16:43 +0200] "GET /images/big_prod/5055321760329.jpg HTTP/1.1" 200 68056 "http://www.wonder-geek.com/aztec-mini-ceramic-flower-p-55313.html" "Mozilla/5.0 (Linux; Android 5.0) AppleWebKit/537.36 (KHTML, like Gecko) Mobile Safari/537.36 (compatible; Bytespider; https://zhanzhang.toutiao.com/)"
157.55.39.128 - - [28/May/2021:20:17:28 +0200] "GET /images/HK9-15E.jpg HTTP/1.1" 200 21225 "-" "Mozilla/5.0 (compatible; bingbot/2.0; +http://www.bing.com/bingbot.htm)"
157.55.39.152 - - [28/May/2021:20:19:09 +0200] "GET /images/med_prod/1011815440102.jpg HTTP/1.1" 200 66162 "-" "Mozilla/5.0 (compatible; bingbot/2.0; +http://www.bing.com/bingbot.htm)"
157.55.39.152 - - [28/May/2021:20:20:39 +0200] "GET /images/4025055902754.jpg HTTP/1.1" 200 38656 "-" "Mozilla/5.0 (compatible; bingbot/2.0; +http://www.bing.com/bingbot.htm)"
193.176.84.175 - - [28/May/2021:20:24:33 +0200] "GET /images/big_prod/3565750169812.jpg HTTP/1.1" 200 110916 "-" "Mozilla/5.0 (X11; Linux x86_64) AppleWebKit/537.36 (KHTML, like Gecko) Chrome/87.0.4280.66 Safari/537.36"
207.46.13.38 - - [28/May/2021:20:26:29 +0200] "GET /images/big_prod/8424001602049.jpg HTTP/1.1" 200 85901 "-" "Mozilla/5.0 (compatible; bingbot/2.0; +http://www.bing.com/bingbot.htm)"
220.243.135.45 - - [28/May/2021:20:26:43 +0200] "GET /images/big_prod_1/3520071807164B.jpg HTTP/1.1" 200 50144 "http://www.wonder-geek.com/white-stars-table-lamp-p-55271.html" "Mozilla/5.0 (Linux; Android 5.0) AppleWebKit/537.36 (KHTML, like Gecko) Mobile Safari/537.36 (compatible; Bytespider; https://zhanzhang.toutiao.com/)"
220.243.135.39 - - [28/May/2021:20:26:44 +0200] "GET /images/big_prod/3520071807164.jpg HTTP/1.1" 200 49232 "http://www.wonder-geek.com/white-stars-table-lamp-p-55271.html" "Mozilla/5.0 (Linux; Android 5.0) AppleWebKit/537.36 (KHTML, like Gecko) Mobile Safari/537.36 (compatible; Bytespider; https://zhanzhang.toutiao.com/)"
216.244.66.242 - - [28/May/2021:20:28:13 +0200] "GET /robots.txt HTTP/1.1" 200 2438 "-" "Mozilla/5.0 (compatible; DotBot/1.2; +https://opensiteexplorer.org/dotbot; help@moz.com)"
207.46.13.38 - - [28/May/2021:20:31:50 +0200] "GET /js/jquery.js HTTP/1.1" 200 54075 "-" "Mozilla/5.0 (compatible; bingbot/2.0; +http://www.bing.com/bingbot.htm)"
207.46.13.38 - - [28/May/2021:20:35:10 +0200] "GET /js/jquery.js HTTP/1.1" 200 54075 "-" "Mozilla/5.0 (compatible; bingbot/2.0; +http://www.bing.com/bingbot.htm)"
66.249.75.166 - - [28/May/2021:20:36:15 +0200] "GET /images/big_prod/3503420125669.jpg HTTP/1.1" 200 344634 "-" "Googlebot-Image/1.0"
35.196.26.55 - - [28/May/2021:20:36:15 +0200] "GET /robots.txt HTTP/1.0" 200 2438 "-" "ZoominfoBot (zoominfobot at zoominfo dot com)"
51.104.146.225 - - [28/May/2021:20:36:22 +0200] "GET /images/big_prod/5406924021049.jpg HTTP/1.1" 200 29717 "-" "DuckDuckBot/1.1; (+http://duckduckgo.com/duckduckbot.html)"
111.225.148.243 - - [28/May/2021:20:36:41 +0200] "GET /highslide/highslide.js HTTP/1.1" 200 42909 "http://www.wonder-geek.com/cherry-blossom-sticker-p-39177.html" "Mozilla/5.0 (Linux; Android 5.0) AppleWebKit/537.36 (KHTML, like Gecko) Mobile Safari/537.36 (compatible; Bytespider; https://zhanzhang.toutiao.com/)"
111.225.148.236 - - [28/May/2021:20:36:44 +0200] "GET /images/big_prod/3609810052697.jpg HTTP/1.1" 200 44888 "http://www.wonder-geek.com/cherry-blossom-sticker-p-39177.html" "Mozilla/5.0 (Linux; Android 5.0) AppleWebKit/537.36 (KHTML, like Gecko) Mobile Safari/537.36 (compatible; Bytespider; https://zhanzhang.toutiao.com/)"
157.55.39.44 - - [28/May/2021:20:36:55 +0200] "GET /images/med_prod/1384010178423.jpg HTTP/1.1" 200 76130 "-" "Mozilla/5.0 (compatible; bingbot/2.0; +http://www.bing.com/bingbot.htm)"
17.121.113.134 - - [28/May/2021:20:39:45 +0200] "GET /images/mini_prod/3760076655906.jpg HTTP/1.1" 200 4343 "-" "Mozilla/5.0 (Macintosh; Intel Mac OS X 10_15_5) AppleWebKit/605.1.15 (KHTML, like Gecko) Version/13.1.1 Safari/605.1.15 (Applebot/0.1; +http://www.apple.com/go/applebot)"
40.77.167.64 - - [28/May/2021:20:41:17 +0200] "GET /images/8009233801219.jpg HTTP/1.1" 200 28528 "-" "Mozilla/5.0 (compatible; bingbot/2.0; +http://www.bing.com/bingbot.htm)"
66.102.8.26 - - [28/May/2021:20:43:21 +0200] "GET /images/big_prod/4012390388237.jpg HTTP/1.1" 200 56772 "-" "Mozilla/5.0 (Windows NT 5.1; rv:11.0) Gecko Firefox/11.0 (via ggpht.com GoogleImageProxy)"
5.255.231.71 - - [28/May/2021:20:46:11 +0200] "GET /robots.txt HTTP/1.1" 200 2438 "-" "Mozilla/5.0 (compatible; YandexBot/3.0; +http://yandex.com/bots)"
111.225.149.91 - - [28/May/2021:20:46:42 +0200] "GET /images/big_prod_1/8424346240258a.jpg HTTP/1.1" 200 52502 "http://www.wonder-geek.com/crystal-glass-metal-lamp-p-55297.html" "Mozilla/5.0 (Linux; Android 5.0) AppleWebKit/537.36 (KHTML, like Gecko) Mobile Safari/537.36 (compatible; Bytespider; https://zhanzhang.toutiao.com/)"
111.225.149.85 - - [28/May/2021:20:46:42 +0200] "GET /images/big_prod_3/8424346240258c.jpg HTTP/1.1" 200 78112 "http://www.wonder-geek.com/crystal-glass-metal-lamp-p-55297.html" "Mozilla/5.0 (Linux; Android 5.0) AppleWebKit/537.36 (KHTML, like Gecko) Mobile Safari/537.36 (compatible; Bytespider; https://zhanzhang.toutiao.com/)"
111.225.149.82 - - [28/May/2021:20:46:42 +0200] "GET /images/big_prod_2/8424346240258b.jpg HTTP/1.1" 200 44888 "http://www.wonder-geek.com/crystal-glass-metal-lamp-p-55297.html" "Mozilla/5.0 (Linux; Android 5.0) AppleWebKit/537.36 (KHTML, like Gecko) Mobile Safari/537.36 (compatible; Bytespider; https://zhanzhang.toutiao.com/)"
111.225.149.93 - - [28/May/2021:20:46:43 +0200] "GET /images/big_prod/8424346240258.jpg HTTP/1.1" 200 52405 "http://www.wonder-geek.com/crystal-glass-metal-lamp-p-55297.html" "Mozilla/5.0 (Linux; Android 5.0) AppleWebKit/537.36 (KHTML, like Gecko) Mobile Safari/537.36 (compatible; Bytespider; https://zhanzhang.toutiao.com/)"
5.255.231.71 - - [28/May/2021:20:46:49 +0200] "GET /images/med_prod/5050293384221.jpg HTTP/1.1" 200 56085 "-" "Mozilla/5.0 (compatible; YandexImages/3.0; +http://yandex.com/bots)"
190.226.95.185 - - [28/May/2021:20:47:48 +0200] "GET /images/big_prod_1/b8435333807804.jpg HTTP/1.1" 200 53280 "-" "Dalvik/2.1.0 (Linux; U; Android 8.1.0; SM-J610G Build/M1AJQ)"
190.226.95.185 - - [28/May/2021:20:47:49 +0200] "GET /images/big_prod_1/b8435333807804.jpg HTTP/1.1" 200 15840 "-" "Dalvik/2.1.0 (Linux; U; Android 8.1.0; SM-J610G Build/M1AJQ)"
40.77.167.90 - - [28/May/2021:20:48:41 +0200] "GET /images/big_prod/8718317678899.jpg HTTP/1.1" 200 170338 "-" "Mozilla/5.0 (compatible; bingbot/2.0; +http://www.bing.com/bingbot.htm)"
40.77.167.50 - - [28/May/2021:20:49:00 +0200] "GET /robots.txt HTTP/1.1" 200 2438 "-" "Mozilla/5.0 (compatible; bingbot/2.0; +http://www.bing.com/bingbot.htm)"
185.191.171.41 - - [28/May/2021:20:50:23 +0200] "GET /robots.txt HTTP/1.1" 200 2438 "-" "Mozilla/5.0 (compatible; SemrushBot/7~bl; +http://www.semrush.com/bot.html)"
216.244.66.242 - - [28/May/2021:20:50:55 +0200] "GET /images/4027950.jpg HTTP/1.1" 200 39594 "-" "Mozilla/5.0 (compatible; DotBot/1.2; +https://opensiteexplorer.org/dotbot; help@moz.com)"
157.55.39.122 - - [28/May/2021:20:51:16 +0200] "GET /images/big_prod/3520071693804.jpg HTTP/1.1" 200 56447 "-" "Mozilla/5.0 (compatible; bingbot/2.0; +http://www.bing.com/bingbot.htm)"
157.55.39.122 - - [28/May/2021:20:51:57 +0200] "GET /images/big_prod/3608860225297.jpg HTTP/1.1" 200 67437 "-" "Mozilla/5.0 (compatible; bingbot/2.0; +http://www.bing.com/bingbot.htm)"
207.46.13.38 - - [28/May/2021:20:52:11 +0200] "GET /images/big_prod/3503420074639.jpg HTTP/1.1" 200 68909 "-" "Mozilla/5.0 (compatible; bingbot/2.0; +http://www.bing.com/bingbot.htm)"
157.55.39.44 - - [28/May/2021:20:52:27 +0200] "GET /images/1399984254882.jpg HTTP/1.1" 200 149926 "-" "Mozilla/5.0 (compatible; bingbot/2.0; +http://www.bing.com/bingbot.htm)"
157.55.39.44 - - [28/May/2021:20:54:47 +0200] "GET /images/big_prod/3453131132084.jpg HTTP/1.1" 200 94746 "-" "Mozilla/5.0 (compatible; bingbot/2.0; +http://www.bing.com/bingbot.htm)"
111.225.149.18 - - [28/May/2021:20:56:43 +0200] "GET /images/big_prod_1/MEXI.jpg HTTP/1.1" 200 50680 "http://www.wonder-geek.com/aztec-mini-ceramic-flower-black-p-55312.html" "Mozilla/5.0 (Linux; Android 5.0) AppleWebKit/537.36 (KHTML, like Gecko) Mobile Safari/537.36 (compatible; Bytespider; https://zhanzhang.toutiao.com/)"
111.225.149.14 - - [28/May/2021:20:56:43 +0200] "GET /images/big_prod/5055321760312.jpg HTTP/1.1" 200 39096 "http://www.wonder-geek.com/aztec-mini-ceramic-flower-black-p-55312.html" "Mozilla/5.0 (Linux; Android 5.0) AppleWebKit/537.36 (KHTML, like Gecko) Mobile Safari/537.36 (compatible; Bytespider; https://zhanzhang.toutiao.com/)"
66.249.75.166 - - [28/May/2021:20:58:42 +0200] "GET /images/mini_prod/3609810077430.jpg HTTP/1.1" 200 7497 "-" "Googlebot-Image/1.0"
66.249.75.170 - - [28/May/2021:21:02:08 +0200] "GET /images/mini_prod/4045233026690.jpg HTTP/1.1" 200 4082 "-" "Googlebot-Image/1.0"
40.77.167.64 - - [28/May/2021:21:02:08 +0200] "GET /images/big_prod/8422099381358.jpg HTTP/1.1" 200 56258 "-" "Mozilla/5.0 (compatible; bingbot/2.0; +http://www.bing.com/bingbot.htm)"
207.46.13.38 - - [28/May/2021:21:03:24 +0200] "GET /images/mini_prod/3453411117985.jpg HTTP/1.1" 200 5465 "-" "Mozilla/5.0 (compatible; bingbot/2.0; +http://www.bing.com/bingbot.htm)"
66.249.88.92 - - [28/May/2021:21:04:59 +0200] "GET /images/4036113222141.jpg HTTP/1.1" 200 93741 "-" "Mozilla/5.0 (Windows NT 5.1; rv:11.0) Gecko Firefox/11.0 (via ggpht.com GoogleImageProxy)"
70.60.105.182 - - [28/May/2021:21:05:12 +0200] "GET /js/jquery.jqzoom.js HTTP/1.1" 200 4761 "http://www.wonder-geek.com/harley-davidson-metal-plate-p-26432.html" "Mozilla/5.0 (Windows NT 10.0; Win64; x64; rv:88.0) Gecko/20100101 Firefox/88.0"
70.60.105.182 - - [28/May/2021:21:05:12 +0200] "GET /templates/Pixame_v1/stylesheet.css HTTP/1.1" 200 56057 "http://www.wonder-geek.com/harley-davidson-metal-plate-p-26432.html" "Mozilla/5.0 (Windows NT 10.0; Win64; x64; rv:88.0) Gecko/20100101 Firefox/88.0"
70.60.105.182 - - [28/May/2021:21:05:12 +0200] "GET /highslide/highslide.js HTTP/1.1" 200 42909 "http://www.wonder-geek.com/harley-davidson-metal-plate-p-26432.html" "Mozilla/5.0 (Windows NT 10.0; Win64; x64; rv:88.0) Gecko/20100101 Firefox/88.0"
70.60.105.182 - - [28/May/2021:21:05:12 +0200] "GET /mondial_relay/js/jquery-1.3.2.min.js HTTP/1.1" 200 57254 "http://www.wonder-geek.com/harley-davidson-metal-plate-p-26432.html" "Mozilla/5.0 (Windows NT 10.0; Win64; x64; rv:88.0) Gecko/20100101 Firefox/88.0"
70.60.105.182 - - [28/May/2021:21:05:12 +0200] "GET /js/jquery.js HTTP/1.1" 200 54075 "http://www.wonder-geek.com/harley-davidson-metal-plate-p-26432.html" "Mozilla/5.0 (Windows NT 10.0; Win64; x64; rv:88.0) Gecko/20100101 Firefox/88.0"
70.60.105.182 - - [28/May/2021:21:05:12 +0200] "GET /templates/Pixame_v1/images/icon_accueil2.png HTTP/1.1" 200 1137 "http://www.wonder-geek.com/harley-davidson-metal-plate-p-26432.html" "Mozilla/5.0 (Windows NT 10.0; Win64; x64; rv:88.0) Gecko/20100101 Firefox/88.0"
70.60.105.182 - - [28/May/2021:21:05:12 +0200] "GET /templates/Pixame_v1/images/nav.png HTTP/1.1" 200 1283 "http://www.wonder-geek.com/templates/Pixame_v1/stylesheet.css" "Mozilla/5.0 (Windows NT 10.0; Win64; x64; rv:88.0) Gecko/20100101 Firefox/88.0"
70.60.105.182 - - [28/May/2021:21:05:13 +0200] "GET /templates/Pixame_v1/images/Bottom_texture.jpg HTTP/1.1" 200 56290 "http://www.wonder-geek.com/templates/Pixame_v1/stylesheet.css" "Mozilla/5.0 (Windows NT 10.0; Win64; x64; rv:88.0) Gecko/20100101 Firefox/88.0"
70.60.105.182 - - [28/May/2021:21:05:13 +0200] "GET /templates/Pixame_v1/images/flash.swf HTTP/1.1" 200 2868 "http://www.wonder-geek.com/harley-davidson-metal-plate-p-26432.html" "Mozilla/5.0 (Windows NT 10.0; Win64; x64; rv:88.0) Gecko/20100101 Firefox/88.0"
70.60.105.182 - - [28/May/2021:21:05:13 +0200] "GET /images/4036113222141.jpg HTTP/1.1" 200 93741 "http://www.wonder-geek.com/harley-davidson-metal-plate-p-26432.html" "Mozilla/5.0 (Windows NT 10.0; Win64; x64; rv:88.0) Gecko/20100101 Firefox/88.0"
70.60.105.182 - - [28/May/2021:21:05:13 +0200] "GET /templates/Pixame_v1/images/header.png HTTP/1.1" 200 70245 "http://www.wonder-geek.com/templates/Pixame_v1/stylesheet.css" "Mozilla/5.0 (Windows NT 10.0; Win64; x64; rv:88.0) Gecko/20100101 Firefox/88.0"
70.60.105.182 - - [28/May/2021:21:05:13 +0200] "GET /design/productsenstock.png HTTP/1.1" 200 4743 "http://www.wonder-geek.com/templates/Pixame_v1/stylesheet.css" "Mozilla/5.0 (Windows NT 10.0; Win64; x64; rv:88.0) Gecko/20100101 Firefox/88.0"
70.60.105.182 - - [28/May/2021:21:05:13 +0200] "GET /templates/Pixame_v1/images/header-object.png HTTP/1.1" 200 106050 "http://www.wonder-geek.com/templates/Pixame_v1/stylesheet.css" "Mozilla/5.0 (Windows NT 10.0; Win64; x64; rv:88.0) Gecko/20100101 Firefox/88.0"
70.60.105.182 - - [28/May/2021:21:05:13 +0200] "GET /templates/Pixame_v1/images/buttons/english/button_in_cart.gif HTTP/1.1" 200 1212 "http://www.wonder-geek.com/harley-davidson-metal-plate-p-26432.html" "Mozilla/5.0 (Windows NT 10.0; Win64; x64; rv:88.0) Gecko/20100101 Firefox/88.0"
70.60.105.182 - - [28/May/2021:21:05:13 +0200] "GET /favicon.ico HTTP/1.1" 200 1591 "http://www.wonder-geek.com/harley-davidson-metal-plate-p-26432.html" "Mozilla/5.0 (Windows NT 10.0; Win64; x64; rv:88.0) Gecko/20100101 Firefox/88.0"
70.60.105.182 - - [28/May/2021:21:05:13 +0200] "GET /templates/Pixame_v1/images/Middle_texture.jpg HTTP/1.1" 200 249620 "http://www.wonder-geek.com/templates/Pixame_v1/stylesheet.css" "Mozilla/5.0 (Windows NT 10.0; Win64; x64; rv:88.0) Gecko/20100101 Firefox/88.0"
70.60.105.182 - - [28/May/2021:21:05:13 +0200] "GET /highslide/graphics/outlines/drop-shadow.png HTTP/1.1" 200 2022 "http://www.wonder-geek.com/harley-davidson-metal-plate-p-26432.html" "Mozilla/5.0 (Windows NT 10.0; Win64; x64; rv:88.0) Gecko/20100101 Firefox/88.0"
220.243.136.49 - - [28/May/2021:21:06:43 +0200] "GET /images/big_prod_1/8422018273511B.jpg HTTP/1.1" 200 46336 "http://www.wonder-geek.com/white-resin-monkey-lamp-p-55238.html" "Mozilla/5.0 (Linux; Android 5.0) AppleWebKit/537.36 (KHTML, like Gecko) Mobile Safari/537.36 (compatible; Bytespider; https://zhanzhang.toutiao.com/)"
220.243.136.53 - - [28/May/2021:21:06:43 +0200] "GET /images/big_prod_2/8422018273511C.jpg HTTP/1.1" 200 51840 "http://www.wonder-geek.com/white-resin-monkey-lamp-p-55238.html" "Mozilla/5.0 (Linux; Android 5.0) AppleWebKit/537.36 (KHTML, like Gecko) Mobile Safari/537.36 (compatible; Bytespider; https://zhanzhang.toutiao.com/)"
220.243.136.44 - - [28/May/2021:21:06:43 +0200] "GET /images/big_prod/8422018273511.jpg HTTP/1.1" 200 44888 "http://www.wonder-geek.com/white-resin-monkey-lamp-p-55238.html" "Mozilla/5.0 (Linux; Android 5.0) AppleWebKit/537.36 (KHTML, like Gecko) Mobile Safari/537.36 (compatible; Bytespider; https://zhanzhang.toutiao.com/)"
40.77.167.70 - - [28/May/2021:21:07:33 +0200] "GET /images/big_prod/4895220303446.jpg HTTP/1.1" 200 49780 "-" "Mozilla/5.0 (compatible; bingbot/2.0; +http://www.bing.com/bingbot.htm)"
157.55.39.122 - - [28/May/2021:21:07:45 +0200] "GET /images/big_prod/3503420189722.jpg HTTP/1.1" 200 68985 "-" "Mozilla/5.0 (compatible; bingbot/2.0; +http://www.bing.com/bingbot.htm)"
157.55.39.122 - - [28/May/2021:21:08:31 +0200] "GET /images/1300010240281.jpg HTTP/1.1" 200 104017 "-" "Mozilla/5.0 (compatible; bingbot/2.0; +http://www.bing.com/bingbot.htm)"
157.55.39.22 - - [28/May/2021:21:10:32 +0200] "GET /images/big_prod/8433933199671.jpg HTTP/1.1" 200 210125 "-" "Mozilla/5.0 (compatible; bingbot/2.0; +http://www.bing.com/bingbot.htm)"
157.55.39.152 - - [28/May/2021:21:10:36 +0200] "GET /images/big_prod/3612875120836.jpg HTTP/1.1" 200 60896 "-" "Mozilla/5.0 (compatible; bingbot/2.0; +http://www.bing.com/bingbot.htm)"
74.125.209.18 - - [28/May/2021:21:11:07 +0200] "GET /images/8714274565029.jpg HTTP/1.1" 200 61108 "-" "Mozilla/5.0 (Windows NT 5.1; rv:11.0) Gecko Firefox/11.0 (via ggpht.com GoogleImageProxy)"
40.77.167.90 - - [28/May/2021:21:11:49 +0200] "GET /images/8432699037265.jpg HTTP/1.1" 200 30771 "-" "Mozilla/5.0 (compatible; bingbot/2.0; +http://www.bing.com/bingbot.htm)"
111.225.148.13 - - [28/May/2021:21:16:42 +0200] "GET /images/big_prod/3609810052659.jpg HTTP/1.1" 200 52128 "http://www.wonder-geek.com/buddha-waterfall-sticker-p-39175.html" "Mozilla/5.0 (Linux; Android 5.0) AppleWebKit/537.36 (KHTML, like Gecko) Mobile Safari/537.36 (compatible; Bytespider; https://zhanzhang.toutiao.com/)"
40.77.167.70 - - [28/May/2021:21:17:15 +0200] "GET /images/1399984227053.jpg HTTP/1.1" 200 44240 "-" "Mozilla/5.0 (compatible; bingbot/2.0; +http://www.bing.com/bingbot.htm)"
207.46.13.38 - - [28/May/2021:21:22:53 +0200] "GET /images/big_prod/8424346049424.jpg HTTP/1.1" 200 127057 "-" "Mozilla/5.0 (compatible; bingbot/2.0; +http://www.bing.com/bingbot.htm)"
207.46.13.38 - - [28/May/2021:21:22:54 +0200] "GET /images/mini_prod/8422017143211.jpg HTTP/1.1" 200 5022 "-" "Mozilla/5.0 (compatible; bingbot/2.0; +http://www.bing.com/bingbot.htm)"
207.46.13.38 - - [28/May/2021:21:22:54 +0200] "GET /js/jquery.js HTTP/1.1" 200 54075 "-" "Mozilla/5.0 (compatible; bingbot/2.0; +http://www.bing.com/bingbot.htm)"
207.46.13.38 - - [28/May/2021:21:22:55 +0200] "GET /js/jquery.js HTTP/1.1" 200 54075 "-" "Mozilla/5.0 (compatible; bingbot/2.0; +http://www.bing.com/bingbot.htm)"
207.46.13.38 - - [28/May/2021:21:22:57 +0200] "GET /js/jquery.js HTTP/1.1" 200 54075 "-" "Mozilla/5.0 (compatible; bingbot/2.0; +http://www.bing.com/bingbot.htm)"
185.191.171.23 - - [28/May/2021:21:24:58 +0200] "GET /robots.txt HTTP/1.1" 200 2438 "-" "Mozilla/5.0 (compatible; SemrushBot/7~bl; +http://www.semrush.com/bot.html)"
157.55.39.44 - - [28/May/2021:21:26:00 +0200] "GET /images/big_prod/3609810070813.jpg HTTP/1.1" 200 64978 "-" "Mozilla/5.0 (compatible; bingbot/2.0; +http://www.bing.com/bingbot.htm)"
60.8.123.195 - - [28/May/2021:21:26:41 +0200] "GET /images/big_prod_1/3609810052642b.jpg HTTP/1.1" 200 50144 "http://www.wonder-geek.com/buddha-fullness-sticker-p-39176.html" "Mozilla/5.0 (Linux; Android 5.0) AppleWebKit/537.36 (KHTML, like Gecko) Mobile Safari/537.36 (compatible; Bytespider; https://zhanzhang.toutiao.com/)"
60.8.123.205 - - [28/May/2021:21:26:41 +0200] "GET /images/big_prod/3609810052642a.jpg HTTP/1.1" 200 78192 "http://www.wonder-geek.com/buddha-fullness-sticker-p-39176.html" "Mozilla/5.0 (Linux; Android 5.0) AppleWebKit/537.36 (KHTML, like Gecko) Mobile Safari/537.36 (compatible; Bytespider; https://zhanzhang.toutiao.com/)"
40.77.167.90 - - [28/May/2021:21:27:53 +0200] "GET /images/med_prod/8435306286179.jpg HTTP/1.1" 200 125524 "-" "Mozilla/5.0 (compatible; bingbot/2.0; +http://www.bing.com/bingbot.htm)"
40.77.167.64 - - [28/May/2021:21:28:41 +0200] "GET /images/big_prod/8422001017726.jpg HTTP/1.1" 200 65802 "-" "Mozilla/5.0 (compatible; bingbot/2.0; +http://www.bing.com/bingbot.htm)"
207.46.13.38 - - [28/May/2021:21:31:26 +0200] "GET /images/big_prod_1/b4542202662281.jpg HTTP/1.1" 200 72459 "-" "Mozilla/5.0 (compatible; bingbot/2.0; +http://www.bing.com/bingbot.htm)"
40.77.167.64 - - [28/May/2021:21:33:26 +0200] "GET /images/5055071696169.jpg HTTP/1.1" 200 62521 "-" "Mozilla/5.0 (compatible; bingbot/2.0; +http://www.bing.com/bingbot.htm)"
114.119.144.233 - - [28/May/2021:21:33:55 +0200] "GET /images/mini_prod/8433933229804.jpg HTTP/1.1" 200 5397 "-" "Mozilla/5.0 (Linux; Android 7.0;) AppleWebKit/537.36 (KHTML, like Gecko) Mobile Safari/537.36 (compatible; PetalBot;+https://webmaster.petalsearch.com/site/petalbot)"
207.46.13.38 - - [28/May/2021:21:34:26 +0200] "GET /images/1399984249727.jpg HTTP/1.1" 200 79049 "-" "Mozilla/5.0 (compatible; bingbot/2.0; +http://www.bing.com/bingbot.htm)"
40.77.167.90 - - [28/May/2021:21:36:14 +0200] "GET /images/big_prod/3014627949977.jpg HTTP/1.1" 200 60721 "-" "Mozilla/5.0 (compatible; bingbot/2.0; +http://www.bing.com/bingbot.htm)"
60.8.123.41 - - [28/May/2021:21:36:40 +0200] "GET /images/3609810030732.jpg HTTP/1.1" 200 49192 "http://www.wonder-geek.com/repositionable-wall-stickers-p-28115.html" "Mozilla/5.0 (Linux; Android 5.0) AppleWebKit/537.36 (KHTML, like Gecko) Mobile Safari/537.36 (compatible; Bytespider; https://zhanzhang.toutiao.com/)"
157.55.39.128 - - [28/May/2021:21:37:38 +0200] "GET /images/big_prod/3560600293853.jpg HTTP/1.1" 200 123460 "-" "Mozilla/5.0 (compatible; bingbot/2.0; +http://www.bing.com/bingbot.htm)"
40.77.167.64 - - [28/May/2021:21:39:23 +0200] "GET /images/big_prod/3609810016583.jpg HTTP/1.1" 200 78533 "-" "Mozilla/5.0 (compatible; bingbot/2.0; +http://www.bing.com/bingbot.htm)"
5.255.231.71 - - [28/May/2021:21:39:28 +0200] "GET /images/med_prod/4036113301310N.jpg HTTP/1.1" 304 0 "-" "Mozilla/5.0 (compatible; YandexImages/3.0; +http://yandex.com/bots)"
207.46.13.38 - - [28/May/2021:21:39:45 +0200] "GET /images/big_prod_1/3574641022532a.jpg HTTP/1.1" 200 40604 "-" "Mozilla/5.0 (compatible; bingbot/2.0; +http://www.bing.com/bingbot.htm)"
157.55.39.44 - - [28/May/2021:21:44:24 +0200] "GET /images/big_prod/1750287000000.jpg HTTP/1.1" 200 116622 "-" "Mozilla/5.0 (compatible; bingbot/2.0; +http://www.bing.com/bingbot.htm)"
157.55.39.22 - - [28/May/2021:21:46:38 +0200] "GET /images/big_prod/8422017796448.jpg HTTP/1.1" 200 256176 "-" "Mozilla/5.0 (compatible; bingbot/2.0; +http://www.bing.com/bingbot.htm)"
110.249.201.233 - - [28/May/2021:21:46:40 +0200] "GET /images/big_prod_1/8422018239609B.jpg HTTP/1.1" 200 73848 "http://www.wonder-geek.com/large-gray-porcelain-lamp-p-55227.html" "Mozilla/5.0 (Linux; Android 5.0) AppleWebKit/537.36 (KHTML, like Gecko) Mobile Safari/537.36 (compatible; Bytespider; https://zhanzhang.toutiao.com/)"
110.249.201.248 - - [28/May/2021:21:46:40 +0200] "GET /images/big_prod_2/8422018239609C.jpg HTTP/1.1" 200 44888 "http://www.wonder-geek.com/large-gray-porcelain-lamp-p-55227.html" "Mozilla/5.0 (Linux; Android 5.0) AppleWebKit/537.36 (KHTML, like Gecko) Mobile Safari/537.36 (compatible; Bytespider; https://zhanzhang.toutiao.com/)"
110.249.201.241 - - [28/May/2021:21:46:41 +0200] "GET /images/big_prod/8422018239609.jpg HTTP/1.1" 200 50680 "http://www.wonder-geek.com/large-gray-porcelain-lamp-p-55227.html" "Mozilla/5.0 (Linux; Android 5.0) AppleWebKit/537.36 (KHTML, like Gecko) Mobile Safari/537.36 (compatible; Bytespider; https://zhanzhang.toutiao.com/)"
40.77.167.70 - - [28/May/2021:21:46:41 +0200] "GET /images/big_prod/7601020000105.jpg HTTP/1.1" 200 64853 "-" "Mozilla/5.0 (compatible; bingbot/2.0; +http://www.bing.com/bingbot.htm)"
157.55.39.152 - - [28/May/2021:21:47:52 +0200] "GET /images/4010070230982.jpg HTTP/1.1" 200 24530 "-" "Mozilla/5.0 (compatible; bingbot/2.0; +http://www.bing.com/bingbot.htm)"
66.249.75.166 - - [28/May/2021:21:48:07 +0200] "GET /images/mini_prod/9316188078009.jpg HTTP/1.1" 200 4838 "-" "Googlebot-Image/1.0"
66.249.75.168 - - [28/May/2021:21:48:18 +0200] "GET /images/9316188036092.jpg HTTP/1.1" 200 20118 "-" "Googlebot-Image/1.0"
40.77.167.90 - - [28/May/2021:21:50:06 +0200] "GET /images/3521320617138.jpg HTTP/1.1" 200 59890 "-" "Mozilla/5.0 (compatible; bingbot/2.0; +http://www.bing.com/bingbot.htm)"
60.8.123.61 - - [28/May/2021:21:56:44 +0200] "GET /images/big_prod_1/3609810041646a.jpg HTTP/1.1" 200 39096 "http://www.wonder-geek.com/japanese-garden-sticker-p-35389.html" "Mozilla/5.0 (Linux; Android 5.0) AppleWebKit/537.36 (KHTML, like Gecko) Mobile Safari/537.36 (compatible; Bytespider; https://zhanzhang.toutiao.com/)"
60.8.123.61 - - [28/May/2021:21:56:45 +0200] "GET /images/big_prod/3609810041646.jpg HTTP/1.1" 200 37856 "http://www.wonder-geek.com/japanese-garden-sticker-p-35389.html" "Mozilla/5.0 (Linux; Android 5.0) AppleWebKit/537.36 (KHTML, like Gecko) Mobile Safari/537.36 (compatible; Bytespider; https://zhanzhang.toutiao.com/)"
207.46.13.38 - - [28/May/2021:21:57:39 +0200] "GET /images/big_prod/3453131127516.jpg HTTP/1.1" 200 108817 "-" "Mozilla/5.0 (compatible; bingbot/2.0; +http://www.bing.com/bingbot.htm)"
185.191.171.17 - - [28/May/2021:22:01:07 +0200] "GET /robots.txt HTTP/1.1" 200 2438 "-" "Mozilla/5.0 (compatible; SemrushBot/7~bl; +http://www.semrush.com/bot.html)"
207.46.13.38 - - [28/May/2021:22:05:47 +0200] "GET /js/jquery.js HTTP/1.1" 200 54075 "-" "Mozilla/5.0 (compatible; bingbot/2.0; +http://www.bing.com/bingbot.htm)"
111.225.148.106 - - [28/May/2021:22:06:42 +0200] "GET /images/big_prod/3609810052666.jpg HTTP/1.1" 200 52128 "http://www.wonder-geek.com/buddha-cherry-blossoms-sticker-p-39174.html" "Mozilla/5.0 (Linux; Android 5.0) AppleWebKit/537.36 (KHTML, like Gecko) Mobile Safari/537.36 (compatible; Bytespider; https://zhanzhang.toutiao.com/)"
64.233.172.80 - - [28/May/2021:22:09:17 +0200] "GET /images/big_prod/8904245400347.jpg HTTP/1.1" 200 77729 "-" "Mozilla/5.0 (Windows NT 5.1; rv:11.0) Gecko Firefox/11.0 (via ggpht.com GoogleImageProxy)"
157.55.39.22 - - [28/May/2021:22:10:37 +0200] "GET /images/8028501269568.jpg HTTP/1.1" 200 95626 "-" "Mozilla/5.0 (compatible; bingbot/2.0; +http://www.bing.com/bingbot.htm)"
207.46.13.38 - - [28/May/2021:22:10:42 +0200] "GET /images/big_prod/8432699030303.jpg HTTP/1.1" 200 89449 "-" "Mozilla/5.0 (compatible; bingbot/2.0; +http://www.bing.com/bingbot.htm)"
207.46.13.38 - - [28/May/2021:22:13:19 +0200] "GET /images/mini_prod/1384015725653.jpg HTTP/1.1" 200 3950 "-" "Mozilla/5.0 (compatible; bingbot/2.0; +http://www.bing.com/bingbot.htm)"
216.244.66.242 - - [28/May/2021:22:15:03 +0200] "GET /robots.txt HTTP/1.1" 200 2438 "-" "Mozilla/5.0 (compatible; DotBot/1.2; +https://opensiteexplorer.org/dotbot; help@moz.com)"
111.225.149.91 - - [28/May/2021:22:16:41 +0200] "GET /images/big_prod_1/8424346363773a.jpg HTTP/1.1" 200 40544 "http://www.wonder-geek.com/water-hyacinth-table-lamp-p-55247.html" "Mozilla/5.0 (Linux; Android 5.0) AppleWebKit/537.36 (KHTML, like Gecko) Mobile Safari/537.36 (compatible; Bytespider; https://zhanzhang.toutiao.com/)"
111.225.149.82 - - [28/May/2021:22:16:41 +0200] "GET /images/big_prod_2/8424346363773b.jpg HTTP/1.1" 200 70952 "http://www.wonder-geek.com/water-hyacinth-table-lamp-p-55247.html" "Mozilla/5.0 (Linux; Android 5.0) AppleWebKit/537.36 (KHTML, like Gecko) Mobile Safari/537.36 (compatible; Bytespider; https://zhanzhang.toutiao.com/)"
111.225.149.85 - - [28/May/2021:22:16:42 +0200] "GET /images/big_prod/8424346363773.jpg HTTP/1.1" 200 50680 "http://www.wonder-geek.com/water-hyacinth-table-lamp-p-55247.html" "Mozilla/5.0 (Linux; Android 5.0) AppleWebKit/537.36 (KHTML, like Gecko) Mobile Safari/537.36 (compatible; Bytespider; https://zhanzhang.toutiao.com/)"
66.249.75.170 - - [28/May/2021:22:18:29 +0200] "GET /images/med_prod/1341689418243.jpg HTTP/1.1" 200 82108 "-" "Googlebot-Image/1.0"
157.55.39.128 - - [28/May/2021:22:21:09 +0200] "GET /images/3660173162270.jpg HTTP/1.1" 200 32897 "-" "Mozilla/5.0 (compatible; bingbot/2.0; +http://www.bing.com/bingbot.htm)"
157.55.39.22 - - [28/May/2021:22:21:37 +0200] "GET /images/3609080552651.jpg HTTP/1.1" 200 94373 "-" "Mozilla/5.0 (compatible; bingbot/2.0; +http://www.bing.com/bingbot.htm)"
157.55.39.122 - - [28/May/2021:22:23:55 +0200] "GET /images/big_prod/3700276218624.jpg HTTP/1.1" 200 94649 "-" "Mozilla/5.0 (compatible; bingbot/2.0; +http://www.bing.com/bingbot.htm)"
157.55.39.44 - - [28/May/2021:22:26:25 +0200] "GET /images/mini_prod/4012390352528.jpg HTTP/1.1" 200 6761 "-" "Mozilla/5.0 (compatible; bingbot/2.0; +http://www.bing.com/bingbot.htm)"
60.8.123.31 - - [28/May/2021:22:26:40 +0200] "GET /images/big_prod/8433933201091.jpg HTTP/1.1" 200 57920 "http://www.wonder-geek.com/monkey-statue-resin-said-nothing-nothing-seen-nothing-heard-p-55274.html" "Mozilla/5.0 (Linux; Android 5.0) AppleWebKit/537.36 (KHTML, like Gecko) Mobile Safari/537.36 (compatible; Bytespider; https://zhanzhang.toutiao.com/)"
157.55.39.128 - - [28/May/2021:22:27:19 +0200] "GET /images/4010070217860.jpg HTTP/1.1" 200 28509 "-" "Mozilla/5.0 (compatible; bingbot/2.0; +http://www.bing.com/bingbot.htm)"
66.249.75.168 - - [28/May/2021:22:30:55 +0200] "GET /images/mini_prod/8718375755617.jpg HTTP/1.1" 200 7471 "-" "Googlebot-Image/1.0"
216.244.66.242 - - [28/May/2021:22:32:10 +0200] "GET /images/big_prod/3453131145176.jpg HTTP/1.1" 200 88869 "-" "Mozilla/5.0 (compatible; DotBot/1.2; +https://opensiteexplorer.org/dotbot; help@moz.com)"
207.164.70.100 - - [28/May/2021:22:32:40 +0200] "GET /templates/Pixame_v1/stylesheet.css HTTP/1.1" 200 56057 "http://www.wonder-geek.com/ceramic-espresso-cups-p-43484.html" "Mozilla/5.0 (Windows NT 10.0; Win64; x64) AppleWebKit/537.36 (KHTML, like Gecko) Chrome/90.0.4430.212 Safari/537.36"
207.164.70.100 - - [28/May/2021:22:32:41 +0200] "GET /js/jquery.jqzoom.js HTTP/1.1" 200 4761 "http://www.wonder-geek.com/ceramic-espresso-cups-p-43484.html" "Mozilla/5.0 (Windows NT 10.0; Win64; x64) AppleWebKit/537.36 (KHTML, like Gecko) Chrome/90.0.4430.212 Safari/537.36"
207.164.70.100 - - [28/May/2021:22:32:41 +0200] "GET /highslide/highslide.js HTTP/1.1" 200 42909 "http://www.wonder-geek.com/ceramic-espresso-cups-p-43484.html" "Mozilla/5.0 (Windows NT 10.0; Win64; x64) AppleWebKit/537.36 (KHTML, like Gecko) Chrome/90.0.4430.212 Safari/537.36"
207.164.70.100 - - [28/May/2021:22:32:41 +0200] "GET /js/jquery.js HTTP/1.1" 200 54075 "http://www.wonder-geek.com/ceramic-espresso-cups-p-43484.html" "Mozilla/5.0 (Windows NT 10.0; Win64; x64) AppleWebKit/537.36 (KHTML, like Gecko) Chrome/90.0.4430.212 Safari/537.36"
207.164.70.100 - - [28/May/2021:22:32:41 +0200] "GET /mondial_relay/js/jquery-1.3.2.min.js HTTP/1.1" 200 57254 "http://www.wonder-geek.com/ceramic-espresso-cups-p-43484.html" "Mozilla/5.0 (Windows NT 10.0; Win64; x64) AppleWebKit/537.36 (KHTML, like Gecko) Chrome/90.0.4430.212 Safari/537.36"
207.164.70.100 - - [28/May/2021:22:32:41 +0200] "GET /templates/Pixame_v1/images/icon_accueil2.png HTTP/1.1" 200 1137 "http://www.wonder-geek.com/ceramic-espresso-cups-p-43484.html" "Mozilla/5.0 (Windows NT 10.0; Win64; x64) AppleWebKit/537.36 (KHTML, like Gecko) Chrome/90.0.4430.212 Safari/537.36"
207.164.70.100 - - [28/May/2021:22:32:41 +0200] "GET /templates/Pixame_v1/images/header.png HTTP/1.1" 200 70245 "http://www.wonder-geek.com/templates/Pixame_v1/stylesheet.css" "Mozilla/5.0 (Windows NT 10.0; Win64; x64) AppleWebKit/537.36 (KHTML, like Gecko) Chrome/90.0.4430.212 Safari/537.36"
207.164.70.100 - - [28/May/2021:22:32:41 +0200] "GET /templates/Pixame_v1/images/buttons/english/button_in_cart.gif HTTP/1.1" 200 1212 "http://www.wonder-geek.com/ceramic-espresso-cups-p-43484.html" "Mozilla/5.0 (Windows NT 10.0; Win64; x64) AppleWebKit/537.36 (KHTML, like Gecko) Chrome/90.0.4430.212 Safari/537.36"
207.164.70.100 - - [28/May/2021:22:32:41 +0200] "GET /templates/Pixame_v1/images/nav.png HTTP/1.1" 200 1283 "http://www.wonder-geek.com/templates/Pixame_v1/stylesheet.css" "Mozilla/5.0 (Windows NT 10.0; Win64; x64) AppleWebKit/537.36 (KHTML, like Gecko) Chrome/90.0.4430.212 Safari/537.36"
207.164.70.100 - - [28/May/2021:22:32:41 +0200] "GET /templates/Pixame_v1/images/Bottom_texture.jpg HTTP/1.1" 200 56290 "http://www.wonder-geek.com/templates/Pixame_v1/stylesheet.css" "Mozilla/5.0 (Windows NT 10.0; Win64; x64) AppleWebKit/537.36 (KHTML, like Gecko) Chrome/90.0.4430.212 Safari/537.36"
207.164.70.100 - - [28/May/2021:22:32:41 +0200] "GET /images/big_prod/3700516246103.jpg HTTP/1.1" 200 64235 "http://www.wonder-geek.com/ceramic-espresso-cups-p-43484.html" "Mozilla/5.0 (Windows NT 10.0; Win64; x64) AppleWebKit/537.36 (KHTML, like Gecko) Chrome/90.0.4430.212 Safari/537.36"
207.164.70.100 - - [28/May/2021:22:32:41 +0200] "GET /design/productsenstock.png HTTP/1.1" 200 4743 "http://www.wonder-geek.com/templates/Pixame_v1/stylesheet.css" "Mozilla/5.0 (Windows NT 10.0; Win64; x64) AppleWebKit/537.36 (KHTML, like Gecko) Chrome/90.0.4430.212 Safari/537.36"
207.164.70.100 - - [28/May/2021:22:32:42 +0200] "GET /templates/Pixame_v1/images/header-object.png HTTP/1.1" 200 106050 "http://www.wonder-geek.com/templates/Pixame_v1/stylesheet.css" "Mozilla/5.0 (Windows NT 10.0; Win64; x64) AppleWebKit/537.36 (KHTML, like Gecko) Chrome/90.0.4430.212 Safari/537.36"
207.164.70.100 - - [28/May/2021:22:32:42 +0200] "GET /templates/Pixame_v1/images/Middle_texture.jpg HTTP/1.1" 200 249620 "http://www.wonder-geek.com/templates/Pixame_v1/stylesheet.css" "Mozilla/5.0 (Windows NT 10.0; Win64; x64) AppleWebKit/537.36 (KHTML, like Gecko) Chrome/90.0.4430.212 Safari/537.36"
207.164.70.100 - - [28/May/2021:22:32:42 +0200] "GET /highslide/graphics/outlines/drop-shadow.png HTTP/1.1" 200 2022 "http://www.wonder-geek.com/ceramic-espresso-cups-p-43484.html" "Mozilla/5.0 (Windows NT 10.0; Win64; x64) AppleWebKit/537.36 (KHTML, like Gecko) Chrome/90.0.4430.212 Safari/537.36"
207.164.70.100 - - [28/May/2021:22:32:42 +0200] "GET /favicon.ico HTTP/1.1" 200 1591 "http://www.wonder-geek.com/ceramic-espresso-cups-p-43484.html" "Mozilla/5.0 (Windows NT 10.0; Win64; x64) AppleWebKit/537.36 (KHTML, like Gecko) Chrome/90.0.4430.212 Safari/537.36"
66.249.75.166 - - [28/May/2021:22:36:15 +0200] "GET /images/mini_prod/30792.gif HTTP/1.1" 200 13216 "-" "Googlebot-Image/1.0"
110.249.201.55 - - [28/May/2021:22:36:41 +0200] "GET /images/big_prod_1/8433833240152B.jpg HTTP/1.1" 200 91224 "http://www.wonder-geek.com/brown-gold-elephant-family-statuette-p-55290.html" "Mozilla/5.0 (Linux; Android 5.0) AppleWebKit/537.36 (KHTML, like Gecko) Mobile Safari/537.36 (compatible; Bytespider; https://zhanzhang.toutiao.com/)"
110.249.201.45 - - [28/May/2021:22:36:41 +0200] "GET /images/big_prod/8433833240152.jpg HTTP/1.1" 200 52128 "http://www.wonder-geek.com/brown-gold-elephant-family-statuette-p-55290.html" "Mozilla/5.0 (Linux; Android 5.0) AppleWebKit/537.36 (KHTML, like Gecko) Mobile Safari/537.36 (compatible; Bytespider; https://zhanzhang.toutiao.com/)"
185.191.171.44 - - [28/May/2021:22:39:13 +0200] "GET /robots.txt HTTP/1.1" 200 2438 "-" "Mozilla/5.0 (compatible; SemrushBot/7~bl; +http://www.semrush.com/bot.html)"
157.55.39.44 - - [28/May/2021:22:42:18 +0200] "GET /images/big_prod/sweatcccpnoir.jpg HTTP/1.1" 200 64327 "-" "Mozilla/5.0 (compatible; bingbot/2.0; +http://www.bing.com/bingbot.htm)"
157.55.39.44 - - [28/May/2021:22:44:48 +0200] "GET /images/med_prod/5051276183169.jpg HTTP/1.1" 200 36537 "-" "Mozilla/5.0 (compatible; bingbot/2.0; +http://www.bing.com/bingbot.htm)"
207.46.13.38 - - [28/May/2021:22:46:13 +0200] "GET /images/mini_prod/3014627927852.jpg HTTP/1.1" 200 3588 "-" "Mozilla/5.0 (compatible; bingbot/2.0; +http://www.bing.com/bingbot.htm)"
60.8.123.160 - - [28/May/2021:22:46:39 +0200] "GET /js/modernizr-transitions.js HTTP/1.1" 200 2026 "http://www.wonder-geek.com/with-infuser-c-12_221.html?page=5" "Mozilla/5.0 (Linux; Android 5.0) AppleWebKit/537.36 (KHTML, like Gecko) Mobile Safari/537.36 (compatible; Bytespider; https://zhanzhang.toutiao.com/)"
60.8.123.151 - - [28/May/2021:22:46:39 +0200] "GET /mondial_relay/js/jquery-1.3.2.min.js HTTP/1.1" 200 57254 "http://www.wonder-geek.com/with-infuser-c-12_221.html?page=5" "Mozilla/5.0 (Linux; Android 5.0) AppleWebKit/537.36 (KHTML, like Gecko) Mobile Safari/537.36 (compatible; Bytespider; https://zhanzhang.toutiao.com/)"
60.8.123.153 - - [28/May/2021:22:46:39 +0200] "GET /js/jquery.masonry.min.js HTTP/1.1" 200 5392 "http://www.wonder-geek.com/with-infuser-c-12_221.html?page=5" "Mozilla/5.0 (Linux; Android 5.0) AppleWebKit/537.36 (KHTML, like Gecko) Mobile Safari/537.36 (compatible; Bytespider; https://zhanzhang.toutiao.com/)"
157.55.39.128 - - [28/May/2021:22:47:51 +0200] "GET /images/mini_prod/5018997621714.jpg HTTP/1.1" 200 7882 "-" "Mozilla/5.0 (compatible; bingbot/2.0; +http://www.bing.com/bingbot.htm)"
157.55.39.22 - - [28/May/2021:22:48:40 +0200] "GET /images/big_prod/5018997614778.jpg HTTP/1.1" 200 96945 "-" "Mozilla/5.0 (compatible; bingbot/2.0; +http://www.bing.com/bingbot.htm)"
40.77.167.70 - - [28/May/2021:22:49:15 +0200] "GET /images/med_prod/1384010178416.jpg HTTP/1.1" 200 112018 "-" "Mozilla/5.0 (compatible; bingbot/2.0; +http://www.bing.com/bingbot.htm)"
207.46.13.38 - - [28/May/2021:22:52:14 +0200] "GET /js/jquery.js HTTP/1.1" 200 54075 "-" "Mozilla/5.0 (compatible; bingbot/2.0; +http://www.bing.com/bingbot.htm)"
66.249.75.170 - - [28/May/2021:22:52:40 +0200] "GET /images/big_prod/3700344871683.jpg HTTP/1.1" 200 215791 "-" "Googlebot-Image/1.0"
157.55.39.128 - - [28/May/2021:22:55:02 +0200] "GET /images/big_prod/8422096017601.jpg HTTP/1.1" 200 132199 "-" "Mozilla/5.0 (compatible; bingbot/2.0; +http://www.bing.com/bingbot.htm)"
66.249.81.50 - - [28/May/2021:22:56:05 +0200] "GET /images/big_prod_1/a5018997627778.jpg HTTP/1.1" 200 136458 "-" "Mozilla/5.0 (Windows NT 5.1; rv:11.0) Gecko Firefox/11.0 (via ggpht.com GoogleImageProxy)"
103.131.71.91 - - [28/May/2021:22:56:22 +0200] "GET /robots.txt HTTP/1.1" 200 2438 "-" "Mozilla/5.0 (compatible; coccocbot-web/1.0; +http://help.coccoc.com/searchengine)"
162.210.196.98 - - [28/May/2021:23:00:27 +0200] "GET /robots.txt HTTP/1.1" 200 2438 "-" "Mozilla/5.0 (compatible; MJ12bot/v1.4.8; http://mj12bot.com/)"
40.77.167.64 - - [28/May/2021:23:03:46 +0200] "GET /images/big_prod_1/8719497614301b.jpg HTTP/1.1" 200 39466 "-" "Mozilla/5.0 (compatible; bingbot/2.0; +http://www.bing.com/bingbot.htm)"
40.77.167.64 - - [28/May/2021:23:04:50 +0200] "GET /images/big_prod/4005086220096.jpg HTTP/1.1" 200 49906 "-" "Mozilla/5.0 (compatible; bingbot/2.0; +http://www.bing.com/bingbot.htm)"
207.46.13.38 - - [28/May/2021:23:05:13 +0200] "GET /images/big_prod/3453131097758.jpg HTTP/1.1" 200 50166 "-" "Mozilla/5.0 (compatible; bingbot/2.0; +http://www.bing.com/bingbot.htm)"
66.249.75.168 - - [28/May/2021:23:05:13 +0200] "GET /images/mini_prod/3700516272690.jpg HTTP/1.1" 200 5953 "-" "Googlebot-Image/1.0"
207.46.13.38 - - [28/May/2021:23:05:14 +0200] "GET /images/1399984254912.jpg HTTP/1.1" 200 150157 "-" "Mozilla/5.0 (compatible; bingbot/2.0; +http://www.bing.com/bingbot.htm)"
157.55.39.152 - - [28/May/2021:23:06:56 +0200] "GET /images/4893438001284.jpg HTTP/1.1" 200 28142 "-" "Mozilla/5.0 (compatible; bingbot/2.0; +http://www.bing.com/bingbot.htm)"
216.244.66.242 - - [28/May/2021:23:08:54 +0200] "GET /robots.txt HTTP/1.1" 200 2438 "-" "Mozilla/5.0 (compatible; DotBot/1.2; +https://opensiteexplorer.org/dotbot; help@moz.com)"
185.191.171.10 - - [28/May/2021:23:09:59 +0200] "GET /robots.txt HTTP/1.1" 200 2438 "-" "Mozilla/5.0 (compatible; SemrushBot/7~bl; +http://www.semrush.com/bot.html)"
66.102.8.28 - - [28/May/2021:23:11:29 +0200] "GET /images/mini_prod/1360150000008.jpg HTTP/1.1" 200 5979 "-" "Mozilla/5.0 (Windows NT 5.1; rv:11.0) Gecko Firefox/11.0 (via ggpht.com GoogleImageProxy)"
199.245.32.210 - - [28/May/2021:23:11:37 +0200] "GET /js/jquery.jqzoom.js HTTP/1.1" 200 4761 "http://www.wonder-geek.com/bell-wall-bell-c-13_270.html?page=1" "Mozilla/5.0 (Windows NT 10.0; Win64; x64) AppleWebKit/537.36 (KHTML, like Gecko) Chrome/90.0.4430.212 Safari/537.36"
199.245.32.210 - - [28/May/2021:23:11:37 +0200] "GET /templates/Pixame_v1/stylesheet.css HTTP/1.1" 200 56057 "http://www.wonder-geek.com/bell-wall-bell-c-13_270.html?page=1" "Mozilla/5.0 (Windows NT 10.0; Win64; x64) AppleWebKit/537.36 (KHTML, like Gecko) Chrome/90.0.4430.212 Safari/537.36"
199.245.32.210 - - [28/May/2021:23:11:37 +0200] "GET /js/jquery.js HTTP/1.1" 200 54075 "http://www.wonder-geek.com/bell-wall-bell-c-13_270.html?page=1" "Mozilla/5.0 (Windows NT 10.0; Win64; x64) AppleWebKit/537.36 (KHTML, like Gecko) Chrome/90.0.4430.212 Safari/537.36"
199.245.32.210 - - [28/May/2021:23:11:37 +0200] "GET /mondial_relay/js/jquery-1.3.2.min.js HTTP/1.1" 200 57254 "http://www.wonder-geek.com/bell-wall-bell-c-13_270.html?page=1" "Mozilla/5.0 (Windows NT 10.0; Win64; x64) AppleWebKit/537.36 (KHTML, like Gecko) Chrome/90.0.4430.212 Safari/537.36"
199.245.32.210 - - [28/May/2021:23:11:37 +0200] "GET /highslide/highslide.js HTTP/1.1" 200 42909 "http://www.wonder-geek.com/bell-wall-bell-c-13_270.html?page=1" "Mozilla/5.0 (Windows NT 10.0; Win64; x64) AppleWebKit/537.36 (KHTML, like Gecko) Chrome/90.0.4430.212 Safari/537.36"
199.245.32.210 - - [28/May/2021:23:11:37 +0200] "GET /js/jquery.masonry.min.js HTTP/1.1" 200 5392 "http://www.wonder-geek.com/bell-wall-bell-c-13_270.html?page=1" "Mozilla/5.0 (Windows NT 10.0; Win64; x64) AppleWebKit/537.36 (KHTML, like Gecko) Chrome/90.0.4430.212 Safari/537.36"
199.245.32.210 - - [28/May/2021:23:11:37 +0200] "GET /js/modernizr-transitions.js HTTP/1.1" 200 2026 "http://www.wonder-geek.com/bell-wall-bell-c-13_270.html?page=1" "Mozilla/5.0 (Windows NT 10.0; Win64; x64) AppleWebKit/537.36 (KHTML, like Gecko) Chrome/90.0.4430.212 Safari/537.36"
199.245.32.210 - - [28/May/2021:23:11:37 +0200] "GET /templates/Pixame_v1/images/icon_accueil2.png HTTP/1.1" 200 1137 "http://www.wonder-geek.com/bell-wall-bell-c-13_270.html?page=1" "Mozilla/5.0 (Windows NT 10.0; Win64; x64) AppleWebKit/537.36 (KHTML, like Gecko) Chrome/90.0.4430.212 Safari/537.36"
199.245.32.210 - - [28/May/2021:23:11:37 +0200] "GET /templates/Pixame_v1/images/nav.png HTTP/1.1" 200 1283 "http://www.wonder-geek.com/templates/Pixame_v1/stylesheet.css" "Mozilla/5.0 (Windows NT 10.0; Win64; x64) AppleWebKit/537.36 (KHTML, like Gecko) Chrome/90.0.4430.212 Safari/537.36"
199.245.32.210 - - [28/May/2021:23:11:38 +0200] "GET /templates/Pixame_v1/images/header-object.png HTTP/1.1" 200 106050 "http://www.wonder-geek.com/templates/Pixame_v1/stylesheet.css" "Mozilla/5.0 (Windows NT 10.0; Win64; x64) AppleWebKit/537.36 (KHTML, like Gecko) Chrome/90.0.4430.212 Safari/537.36"
199.245.32.210 - - [28/May/2021:23:11:38 +0200] "GET /templates/Pixame_v1/images/header.png HTTP/1.1" 200 70245 "http://www.wonder-geek.com/templates/Pixame_v1/stylesheet.css" "Mozilla/5.0 (Windows NT 10.0; Win64; x64) AppleWebKit/537.36 (KHTML, like Gecko) Chrome/90.0.4430.212 Safari/537.36"
199.245.32.210 - - [28/May/2021:23:11:38 +0200] "GET /templates/Pixame_v1/images/Middle_texture.jpg HTTP/1.1" 200 249620 "http://www.wonder-geek.com/templates/Pixame_v1/stylesheet.css" "Mozilla/5.0 (Windows NT 10.0; Win64; x64) AppleWebKit/537.36 (KHTML, like Gecko) Chrome/90.0.4430.212 Safari/537.36"
199.245.32.210 - - [28/May/2021:23:11:38 +0200] "GET /templates/Pixame_v1/images/Bottom_texture.jpg HTTP/1.1" 200 56290 "http://www.wonder-geek.com/templates/Pixame_v1/stylesheet.css" "Mozilla/5.0 (Windows NT 10.0; Win64; x64) AppleWebKit/537.36 (KHTML, like Gecko) Chrome/90.0.4430.212 Safari/537.36"
199.245.32.210 - - [28/May/2021:23:11:38 +0200] "GET /images/mini_prod/1362530000004.jpg HTTP/1.1" 200 2687 "http://www.wonder-geek.com/bell-wall-bell-c-13_270.html?page=1" "Mozilla/5.0 (Windows NT 10.0; Win64; x64) AppleWebKit/537.36 (KHTML, like Gecko) Chrome/90.0.4430.212 Safari/537.36"
199.245.32.210 - - [28/May/2021:23:11:38 +0200] "GET /images/mini_prod/1399124740022.jpg HTTP/1.1" 200 4040 "http://www.wonder-geek.com/bell-wall-bell-c-13_270.html?page=1" "Mozilla/5.0 (Windows NT 10.0; Win64; x64) AppleWebKit/537.36 (KHTML, like Gecko) Chrome/90.0.4430.212 Safari/537.36"
199.245.32.210 - - [28/May/2021:23:11:38 +0200] "GET /images/mini_prod/3520071693798.jpg HTTP/1.1" 200 4476 "http://www.wonder-geek.com/bell-wall-bell-c-13_270.html?page=1" "Mozilla/5.0 (Windows NT 10.0; Win64; x64) AppleWebKit/537.36 (KHTML, like Gecko) Chrome/90.0.4430.212 Safari/537.36"
199.245.32.210 - - [28/May/2021:23:11:38 +0200] "GET /design/productsenstock.png HTTP/1.1" 200 4743 "http://www.wonder-geek.com/templates/Pixame_v1/stylesheet.css" "Mozilla/5.0 (Windows NT 10.0; Win64; x64) AppleWebKit/537.36 (KHTML, like Gecko) Chrome/90.0.4430.212 Safari/537.36"
199.245.32.210 - - [28/May/2021:23:11:38 +0200] "GET /images/mini_prod/3520071693804.jpg HTTP/1.1" 200 4346 "http://www.wonder-geek.com/bell-wall-bell-c-13_270.html?page=1" "Mozilla/5.0 (Windows NT 10.0; Win64; x64) AppleWebKit/537.36 (KHTML, like Gecko) Chrome/90.0.4430.212 Safari/537.36"
199.245.32.210 - - [28/May/2021:23:11:38 +0200] "GET /images/mini_prod/5414451985017.jpg HTTP/1.1" 200 5558 "http://www.wonder-geek.com/bell-wall-bell-c-13_270.html?page=1" "Mozilla/5.0 (Windows NT 10.0; Win64; x64) AppleWebKit/537.36 (KHTML, like Gecko) Chrome/90.0.4430.212 Safari/537.36"
199.245.32.210 - - [28/May/2021:23:11:38 +0200] "GET /images/mini_prod/8433933116036.jpg HTTP/1.1" 200 3005 "http://www.wonder-geek.com/bell-wall-bell-c-13_270.html?page=1" "Mozilla/5.0 (Windows NT 10.0; Win64; x64) AppleWebKit/537.36 (KHTML, like Gecko) Chrome/90.0.4430.212 Safari/537.36"
199.245.32.210 - - [28/May/2021:23:11:38 +0200] "GET /images/mini_prod/1300000836173.jpg HTTP/1.1" 200 4379 "http://www.wonder-geek.com/bell-wall-bell-c-13_270.html?page=1" "Mozilla/5.0 (Windows NT 10.0; Win64; x64) AppleWebKit/537.36 (KHTML, like Gecko) Chrome/90.0.4430.212 Safari/537.36"
199.245.32.210 - - [28/May/2021:23:11:38 +0200] "GET /images/mini_prod/1362490000007.jpg HTTP/1.1" 200 4559 "http://www.wonder-geek.com/bell-wall-bell-c-13_270.html?page=1" "Mozilla/5.0 (Windows NT 10.0; Win64; x64) AppleWebKit/537.36 (KHTML, like Gecko) Chrome/90.0.4430.212 Safari/537.36"
