199.245.32.210 - - [28/May/2021:23:11:38 +0200] "GET /images/mini_prod/8422033150156.jpg HTTP/1.1" 200 4876 "http://www.wonder-geek.com/bell-wall-bell-c-13_270.html?page=1" "Mozilla/5.0 (Windows NT 10.0; Win64; x64) AppleWebKit/537.36 (KHTML, like Gecko) Chrome/90.0.4430.212 Safari/537.36"
199.245.32.210 - - [28/May/2021:23:11:38 +0200] "GET /images/mini_prod/1360150000008.jpg HTTP/1.1" 200 5979 "http://www.wonder-geek.com/bell-wall-bell-c-13_270.html?page=1" "Mozilla/5.0 (Windows NT 10.0; Win64; x64) AppleWebKit/537.36 (KHTML, like Gecko) Chrome/90.0.4430.212 Safari/537.36"
199.245.32.210 - - [28/May/2021:23:11:38 +0200] "GET /images/mini_prod/8433933158333.jpg HTTP/1.1" 200 4499 "http://www.wonder-geek.com/bell-wall-bell-c-13_270.html?page=1" "Mozilla/5.0 (Windows NT 10.0; Win64; x64) AppleWebKit/537.36 (KHTML, like Gecko) Chrome/90.0.4430.212 Safari/537.36"
199.245.32.210 - - [28/May/2021:23:11:38 +0200] "GET /images/mini_prod/8422002383769.jpg HTTP/1.1" 200 4343 "http://www.wonder-geek.com/bell-wall-bell-c-13_270.html?page=1" "Mozilla/5.0 (Windows NT 10.0; Win64; x64) AppleWebKit/537.36 (KHTML, like Gecko) Chrome/90.0.4430.212 Safari/537.36"
199.245.32.210 - - [28/May/2021:23:11:38 +0200] "GET /images/mini_prod/3503420158926.jpg HTTP/1.1" 200 4438 "http://www.wonder-geek.com/bell-wall-bell-c-13_270.html?page=1" "Mozilla/5.0 (Windows NT 10.0; Win64; x64) AppleWebKit/537.36 (KHTML, like Gecko) Chrome/90.0.4430.212 Safari/537.36"
199.245.32.210 - - [28/May/2021:23:11:38 +0200] "GET /images/mini_prod/8433933058787.jpg HTTP/1.1" 200 6332 "http://www.wonder-geek.com/bell-wall-bell-c-13_270.html?page=1" "Mozilla/5.0 (Windows NT 10.0; Win64; x64) AppleWebKit/537.36 (KHTML, like Gecko) Chrome/90.0.4430.212 Safari/537.36"
199.245.32.210 - - [28/May/2021:23:11:38 +0200] "GET /images/mini_prod/5415203421760.jpg HTTP/1.1" 200 5571 "http://www.wonder-geek.com/bell-wall-bell-c-13_270.html?page=1" "Mozilla/5.0 (Windows NT 10.0; Win64; x64) AppleWebKit/537.36 (KHTML, like Gecko) Chrome/90.0.4430.212 Safari/537.36"
199.245.32.210 - - [28/May/2021:23:11:38 +0200] "GET /images/mini_prod/8433933113790.jpg HTTP/1.1" 200 3175 "http://www.wonder-geek.com/bell-wall-bell-c-13_270.html?page=1" "Mozilla/5.0 (Windows NT 10.0; Win64; x64) AppleWebKit/537.36 (KHTML, like Gecko) Chrome/90.0.4430.212 Safari/537.36"
199.245.32.210 - - [28/May/2021:23:11:38 +0200] "GET /images/mini_prod/8433933717578.jpg HTTP/1.1" 200 6911 "http://www.wonder-geek.com/bell-wall-bell-c-13_270.html?page=1" "Mozilla/5.0 (Windows NT 10.0; Win64; x64) AppleWebKit/537.36 (KHTML, like Gecko) Chrome/90.0.4430.212 Safari/537.36"
199.245.32.210 - - [28/May/2021:23:11:38 +0200] "GET /images/mini_prod/8433933052174.jpg HTTP/1.1" 200 6575 "http://www.wonder-geek.com/bell-wall-bell-c-13_270.html?page=1" "Mozilla/5.0 (Windows NT 10.0; Win64; x64) AppleWebKit/537.36 (KHTML, like Gecko) Chrome/90.0.4430.212 Safari/537.36"
199.245.32.210 - - [28/May/2021:23:11:38 +0200] "GET /images/mini_prod/1300000170109.jpg HTTP/1.1" 200 3706 "http://www.wonder-geek.com/bell-wall-bell-c-13_270.html?page=1" "Mozilla/5.0 (Windows NT 10.0; Win64; x64) AppleWebKit/537.36 (KHTML, like Gecko) Chrome/90.0.4430.212 Safari/537.36"
199.245.32.210 - - [28/May/2021:23:11:39 +0200] "GET /images/mini_prod/8433933595077.jpg HTTP/1.1" 200 4792 "http://www.wonder-geek.com/bell-wall-bell-c-13_270.html?page=1" "Mozilla/5.0 (Windows NT 10.0; Win64; x64) AppleWebKit/537.36 (KHTML, like Gecko) Chrome/90.0.4430.212 Safari/537.36"
199.245.32.210 - - [28/May/2021:23:11:39 +0200] "GET /highslide/graphics/outlines/drop-shadow.png HTTP/1.1" 200 2022 "http://www.wonder-geek.com/bell-wall-bell-c-13_270.html?page=1" "Mozilla/5.0 (Windows NT 10.0; Win64; x64) AppleWebKit/537.36 (KHTML, like Gecko) Chrome/90.0.4430.212 Safari/537.36"
199.245.32.210 - - [28/May/2021:23:11:39 +0200] "GET /favicon.ico HTTP/1.1" 200 1591 "http://www.wonder-geek.com/bell-wall-bell-c-13_270.html?page=1" "Mozilla/5.0 (Windows NT 10.0; Win64; x64) AppleWebKit/537.36 (KHTML, like Gecko) Chrome/90.0.4430.212 Safari/537.36"
199.245.32.210 - - [28/May/2021:23:11:48 +0200] "GET /images/big_prod/1360150000008.jpg HTTP/1.1" 200 71941 "http://www.wonder-geek.com/bell-witch-cast-iron-p-49199.html" "Mozilla/5.0 (Windows NT 10.0; Win64; x64) AppleWebKit/537.36 (KHTML, like Gecko) Chrome/90.0.4430.212 Safari/537.36"
199.245.32.210 - - [28/May/2021:23:11:48 +0200] "GET /images/big_prod_1/1360150000008B.jpg HTTP/1.1" 200 84289 "http://www.wonder-geek.com/bell-witch-cast-iron-p-49199.html" "Mozilla/5.0 (Windows NT 10.0; Win64; x64) AppleWebKit/537.36 (KHTML, like Gecko) Chrome/90.0.4430.212 Safari/537.36"
199.245.32.210 - - [28/May/2021:23:11:48 +0200] "GET /templates/Pixame_v1/images/buttons/english/button_in_cart.gif HTTP/1.1" 200 1212 "http://www.wonder-geek.com/bell-witch-cast-iron-p-49199.html" "Mozilla/5.0 (Windows NT 10.0; Win64; x64) AppleWebKit/537.36 (KHTML, like Gecko) Chrome/90.0.4430.212 Safari/537.36"
207.46.13.38 - - [28/May/2021:23:12:59 +0200] "GET /images/big_prod_2/8424346225033C.jpg HTTP/1.1" 200 69408 "-" "Mozilla/5.0 (compatible; bingbot/2.0; +http://www.bing.com/bingbot.htm)"
211.249.246.147 - - [28/May/2021:23:13:35 +0200] "GET /robots.txt HTTP/1.1" 200 2438 "-" "Mozilla/5.0 (compatible; Daum/4.1; +http://cs.daum.net/faq/15/4118.html?faqId=28966)"
157.55.39.128 - - [28/May/2021:23:15:04 +0200] "GET /images/big_prod/8422039530020.jpg HTTP/1.1" 200 97156 "-" "Mozilla/5.0 (compatible; bingbot/2.0; +http://www.bing.com/bingbot.htm)"
207.46.13.38 - - [28/May/2021:23:15:33 +0200] "GET /js/jquery.js HTTP/1.1" 200 54075 "-" "Mozilla/5.0 (compatible; bingbot/2.0; +http://www.bing.com/bingbot.htm)"
207.46.13.38 - - [28/May/2021:23:16:49 +0200] "GET /images/mini_prod/3665269031997.jpg HTTP/1.1" 200 5032 "-" "Mozilla/5.0 (compatible; bingbot/2.0; +http://www.bing.com/bingbot.htm)"
157.55.39.22 - - [28/May/2021:23:20:03 +0200] "GET /images/big_prod/8499132033239.jpg HTTP/1.1" 200 116398 "-" "Mozilla/5.0 (compatible; bingbot/2.0; +http://www.bing.com/bingbot.htm)"
216.244.66.242 - - [28/May/2021:23:21:55 +0200] "GET /images/4010070227272.jpg HTTP/1.1" 200 22666 "-" "Mozilla/5.0 (compatible; DotBot/1.2; +https://opensiteexplorer.org/dotbot; help@moz.com)"
40.77.167.64 - - [28/May/2021:23:22:42 +0200] "GET /images/mini_prod/8422542017216.jpg HTTP/1.1" 200 4890 "-" "Mozilla/5.0 (compatible; bingbot/2.0; +http://www.bing.com/bingbot.htm)"
66.249.75.166 - - [28/May/2021:23:26:24 +0200] "GET /images/4717115120269.jpg HTTP/1.1" 200 28588 "-" "Googlebot-Image/1.0"
40.77.167.64 - - [28/May/2021:23:27:17 +0200] "GET /images/big_prod/1399984239247BEYBLADE.jpg HTTP/1.1" 200 89368 "-" "Mozilla/5.0 (compatible; bingbot/2.0; +http://www.bing.com/bingbot.htm)"
40.77.167.70 - - [28/May/2021:23:29:14 +0200] "GET /images/med_prod/7316197615563.jpg HTTP/1.1" 200 262025 "-" "Mozilla/5.0 (Windows NT 6.1; WOW64) AppleWebKit/534+ (KHTML, like Gecko) BingPreview/1.0b"
207.46.13.38 - - [28/May/2021:23:31:28 +0200] "GET /images/big_prod/1384000000048BB.jpg HTTP/1.1" 200 125403 "-" "Mozilla/5.0 (compatible; bingbot/2.0; +http://www.bing.com/bingbot.htm)"
157.55.39.22 - - [28/May/2021:23:32:46 +0200] "GET /images/big_prod/3700281645385.jpg HTTP/1.1" 200 351805 "-" "Mozilla/5.0 (compatible; bingbot/2.0; +http://www.bing.com/bingbot.htm)"
157.55.39.44 - - [28/May/2021:23:33:14 +0200] "GET /images/mini_prod/1399984231715.jpg HTTP/1.1" 200 5987 "-" "Mozilla/5.0 (compatible; bingbot/2.0; +http://www.bing.com/bingbot.htm)"
40.77.167.64 - - [28/May/2021:23:35:18 +0200] "GET /images/3438100321324.jpg HTTP/1.1" 200 33554 "-" "Mozilla/5.0 (compatible; bingbot/2.0; +http://www.bing.com/bingbot.htm)"
40.77.167.70 - - [28/May/2021:23:38:03 +0200] "GET /images/big_prod/3574642016028.jpg HTTP/1.1" 200 38794 "-" "Mozilla/5.0 (compatible; bingbot/2.0; +http://www.bing.com/bingbot.htm)"
207.46.13.38 - - [28/May/2021:23:38:12 +0200] "GET /images/big_prod/3612875117300.jpg HTTP/1.1" 200 121027 "-" "Mozilla/5.0 (compatible; bingbot/2.0; +http://www.bing.com/bingbot.htm)"
42.192.17.155 - - [28/May/2021:23:41:07 +0200] "GET /images/mini_prod/8422017742711.jpg HTTP/1.1" 200 3647 "-" "Mozilla/5.0 (Linux; Android 10; LIO-AN00 Build/HUAWEILIO-AN00; wv) AppleWebKit/537.36 (KHTML, like Gecko) Version/4.0 Chrome/78.0.3904.62 XWEB/2692 MMWEBSDK/200901 Mobile Safari/537.36"
40.77.167.90 - - [28/May/2021:23:41:37 +0200] "GET /images/big_prod/8718657460574.jpg HTTP/1.1" 200 44499 "-" "Mozilla/5.0 (compatible; bingbot/2.0; +http://www.bing.com/bingbot.htm)"
207.46.13.38 - - [28/May/2021:23:47:22 +0200] "GET /images/8420406800547.jpg HTTP/1.1" 200 61671 "-" "Mozilla/5.0 (compatible; bingbot/2.0; +http://www.bing.com/bingbot.htm)"
185.191.171.38 - - [28/May/2021:23:47:50 +0200] "GET /robots.txt HTTP/1.1" 200 2438 "-" "Mozilla/5.0 (compatible; SemrushBot/7~bl; +http://www.semrush.com/bot.html)"
207.46.13.38 - - [28/May/2021:23:52:44 +0200] "GET /images/med_prod/8435107822583.jpg HTTP/1.1" 200 122678 "-" "Mozilla/5.0 (compatible; bingbot/2.0; +http://www.bing.com/bingbot.htm)"
157.55.39.22 - - [28/May/2021:23:54:47 +0200] "GET /images/9316188050197.jpg HTTP/1.1" 200 109470 "-" "Mozilla/5.0 (compatible; bingbot/2.0; +http://www.bing.com/bingbot.htm)"
207.46.13.38 - - [28/May/2021:23:55:00 +0200] "GET /images/big_prod/3453131150477.jpg HTTP/1.1" 200 56630 "-" "Mozilla/5.0 (compatible; bingbot/2.0; +http://www.bing.com/bingbot.htm)"
66.249.75.168 - - [29/May/2021:00:00:10 +0200] "GET /images/CADRE-LOUIS-PHILIPPES-01.jpg HTTP/1.1" 200 68930 "-" "Googlebot-Image/1.0"
216.244.66.242 - - [29/May/2021:00:01:17 +0200] "GET /robots.txt HTTP/1.1" 200 2438 "-" "Mozilla/5.0 (compatible; DotBot/1.2; +https://opensiteexplorer.org/dotbot; help@moz.com)"
157.55.39.22 - - [29/May/2021:00:02:05 +0200] "GET /images/big_prod/3453131126564.jpg HTTP/1.1" 200 112049 "-" "Mozilla/5.0 (compatible; bingbot/2.0; +http://www.bing.com/bingbot.htm)"
207.46.13.38 - - [29/May/2021:00:02:25 +0200] "GET /images/big_prod/8020912049265.jpg HTTP/1.1" 200 104747 "-" "Mozilla/5.0 (compatible; bingbot/2.0; +http://www.bing.com/bingbot.htm)"
40.77.167.90 - - [29/May/2021:00:03:04 +0200] "GET /images/big_prod_2/c5018997632079.jpg HTTP/1.1" 200 101129 "-" "Mozilla/5.0 (compatible; bingbot/2.0; +http://www.bing.com/bingbot.htm)"
207.46.13.38 - - [29/May/2021:00:03:50 +0200] "GET /images/big_prod/5018997612989.jpg HTTP/1.1" 200 103302 "-" "Mozilla/5.0 (compatible; bingbot/2.0; +http://www.bing.com/bingbot.htm)"
66.249.75.166 - - [29/May/2021:00:05:27 +0200] "GET /mondial_relay/js/jquery-1.3.2.min.js HTTP/1.1" 200 57254 "http://www.wonder-geek.com/votive-candle-hours-caramel-cupcake-p-38121.html" "Mozilla/5.0 AppleWebKit/537.36 (KHTML, like Gecko; compatible; Googlebot/2.1; +http://www.google.com/bot.html) Chrome/90.0.4430.97 Safari/537.36"
207.46.13.38 - - [29/May/2021:00:05:54 +0200] "GET /images/8999991018434.jpg HTTP/1.1" 200 30034 "-" "Mozilla/5.0 (compatible; bingbot/2.0; +http://www.bing.com/bingbot.htm)"
66.249.75.168 - - [29/May/2021:00:06:10 +0200] "GET /images/mini_prod/8422004542201c.jpg HTTP/1.1" 200 6761 "-" "Googlebot-Image/1.0"
207.46.13.38 - - [29/May/2021:00:06:15 +0200] "GET /images/mini_prod/8433933199572.jpg HTTP/1.1" 200 7358 "-" "Mozilla/5.0 (compatible; bingbot/2.0; +http://www.bing.com/bingbot.htm)"
207.46.13.38 - - [29/May/2021:00:06:56 +0200] "GET /images/3281640377234.jpg HTTP/1.1" 200 30598 "-" "Mozilla/5.0 (compatible; bingbot/2.0; +http://www.bing.com/bingbot.htm)"
157.55.39.44 - - [29/May/2021:00:12:57 +0200] "GET /images/med_prod/1399984285091.jpg HTTP/1.1" 200 108763 "-" "Mozilla/5.0 (compatible; bingbot/2.0; +http://www.bing.com/bingbot.htm)"
207.46.13.38 - - [29/May/2021:00:14:07 +0200] "GET /images/3438100333303.jpg HTTP/1.1" 200 36416 "-" "Mozilla/5.0 (compatible; bingbot/2.0; +http://www.bing.com/bingbot.htm)"
66.249.75.168 - - [29/May/2021:00:16:01 +0200] "GET /images/big_prod_1/panda.jpg HTTP/1.1" 200 273930 "-" "Googlebot-Image/1.0"
111.225.148.3 - - [29/May/2021:00:16:36 +0200] "GET /js/jquery.js HTTP/1.1" 200 54075 "http://www.wonder-geek.com/towels-napkins-c-11_177.html?page=6" "Mozilla/5.0 (Linux; Android 5.0) AppleWebKit/537.36 (KHTML, like Gecko) Mobile Safari/537.36 (compatible; Bytespider; https://zhanzhang.toutiao.com/)"
157.55.39.128 - - [29/May/2021:00:18:32 +0200] "GET /images/med_prod/1384010176436.jpg HTTP/1.1" 200 84953 "-" "Mozilla/5.0 (compatible; bingbot/2.0; +http://www.bing.com/bingbot.htm)"
185.191.171.36 - - [29/May/2021:00:23:20 +0200] "GET /robots.txt HTTP/1.1" 200 2438 "-" "Mozilla/5.0 (compatible; SemrushBot/7~bl; +http://www.semrush.com/bot.html)"
40.77.167.64 - - [29/May/2021:00:23:40 +0200] "GET /images/big_prod/3453131129145.jpg HTTP/1.1" 200 96175 "-" "Mozilla/5.0 (compatible; bingbot/2.0; +http://www.bing.com/bingbot.htm)"
157.55.39.44 - - [29/May/2021:00:24:58 +0200] "GET /images/big_prod/842218807859.jpg HTTP/1.1" 200 87472 "-" "Mozilla/5.0 (compatible; bingbot/2.0; +http://www.bing.com/bingbot.htm)"
66.249.75.166 - - [29/May/2021:00:25:43 +0200] "GET /images/med_prod/3681643102596.jpg HTTP/1.1" 200 123728 "-" "Googlebot-Image/1.0"
207.46.13.38 - - [29/May/2021:00:29:23 +0200] "GET /images/big_prod_1/5410574484604B.jpg HTTP/1.1" 200 146219 "-" "Mozilla/5.0 (compatible; bingbot/2.0; +http://www.bing.com/bingbot.htm)"
157.55.39.122 - - [29/May/2021:00:31:05 +0200] "GET /images/big_prod_1/3700281642940c.jpg HTTP/1.1" 200 357483 "-" "Mozilla/5.0 (compatible; bingbot/2.0; +http://www.bing.com/bingbot.htm)"
40.77.167.70 - - [29/May/2021:00:32:52 +0200] "GET /images/big_prod_1/3665269030952.jpg HTTP/1.1" 200 169755 "-" "Mozilla/5.0 (compatible; bingbot/2.0; +http://www.bing.com/bingbot.htm)"
157.55.39.44 - - [29/May/2021:00:35:20 +0200] "GET /images/med_prod/3700276293218.jpg HTTP/1.1" 200 85209 "-" "Mozilla/5.0 (compatible; bingbot/2.0; +http://www.bing.com/bingbot.htm)"
157.55.39.152 - - [29/May/2021:00:35:24 +0200] "GET /images/big_prod/8422099381457.jpg HTTP/1.1" 200 69039 "-" "Mozilla/5.0 (compatible; bingbot/2.0; +http://www.bing.com/bingbot.htm)"
66.249.75.168 - - [29/May/2021:00:38:24 +0200] "GET /images/big_prod/3700829400162.jpg HTTP/1.1" 200 39020 "-" "Googlebot-Image/1.0"
40.77.167.70 - - [29/May/2021:00:39:02 +0200] "GET /images/big_prod/8011717796072.jpg HTTP/1.1" 200 86093 "-" "Mozilla/5.0 (compatible; bingbot/2.0; +http://www.bing.com/bingbot.htm)"
114.119.145.117 - - [29/May/2021:00:39:39 +0200] "GET /images/big_prod/3609810076303.jpg HTTP/1.1" 200 104842 "-" "Mozilla/5.0 (Linux; Android 7.0;) AppleWebKit/537.36 (KHTML, like Gecko) Mobile Safari/537.36 (compatible; PetalBot;+https://webmaster.petalsearch.com/site/petalbot)"
40.77.167.70 - - [29/May/2021:00:41:13 +0200] "GET /images/big_prod/9316188078221.jpg HTTP/1.1" 200 95363 "-" "Mozilla/5.0 (compatible; bingbot/2.0; +http://www.bing.com/bingbot.htm)"
157.55.39.128 - - [29/May/2021:00:44:24 +0200] "GET /images/mini_prod/3560600291859.jpg HTTP/1.1" 200 6236 "-" "Mozilla/5.0 (compatible; bingbot/2.0; +http://www.bing.com/bingbot.htm)"
40.77.167.64 - - [29/May/2021:00:44:33 +0200] "GET /images/8028501769228.jpg HTTP/1.1" 200 35957 "-" "Mozilla/5.0 (compatible; bingbot/2.0; +http://www.bing.com/bingbot.htm)"
66.249.75.170 - - [29/May/2021:00:45:59 +0200] "GET /images/big_prod/4029811408948.jpg HTTP/1.1" 200 99761 "-" "Googlebot-Image/1.0"
23.100.232.233 - - [29/May/2021:00:46:57 +0200] "GET /templates/Pixame_v1/stylesheet.css HTTP/1.1" 200 56057 "http://www.wonder-geek.com/-p-35055.html" "Mozilla/5.0 (compatible; MSIE 9.0; Windows NT 6.0; Trident/5.0;  Trident/5.0)"
23.100.232.233 - - [29/May/2021:00:46:57 +0200] "GET /highslide/highslide.js HTTP/1.1" 200 42909 "http://www.wonder-geek.com/-p-35055.html" "Mozilla/5.0 (compatible; MSIE 9.0; Windows NT 6.0; Trident/5.0;  Trident/5.0)"
23.100.232.233 - - [29/May/2021:00:46:58 +0200] "GET /js/jquery.js HTTP/1.1" 200 54075 "http://www.wonder-geek.com/-p-35055.html" "Mozilla/5.0 (compatible; MSIE 9.0; Windows NT 6.0; Trident/5.0;  Trident/5.0)"
23.100.232.233 - - [29/May/2021:00:46:59 +0200] "GET /js/jquery.jqzoom.js HTTP/1.1" 200 4761 "http://www.wonder-geek.com/-p-35055.html" "Mozilla/5.0 (compatible; MSIE 9.0; Windows NT 6.0; Trident/5.0;  Trident/5.0)"
23.100.232.233 - - [29/May/2021:00:46:59 +0200] "GET /mondial_relay/js/jquery-1.3.2.min.js HTTP/1.1" 200 57254 "http://www.wonder-geek.com/-p-35055.html" "Mozilla/5.0 (compatible; MSIE 9.0; Windows NT 6.0; Trident/5.0;  Trident/5.0)"
157.55.39.152 - - [29/May/2021:00:47:00 +0200] "GET /images/big_prod/9316188077514.jpg HTTP/1.1" 200 101147 "-" "Mozilla/5.0 (compatible; bingbot/2.0; +http://www.bing.com/bingbot.htm)"
23.100.232.233 - - [29/May/2021:00:47:03 +0200] "GET /templates/Pixame_v1/images/flash.swf HTTP/1.1" 200 2868 "http://www.wonder-geek.com/-p-35055.html" "Mozilla/5.0 (compatible; MSIE 9.0; Windows NT 6.0; Trident/5.0;  Trident/5.0)"
157.55.39.122 - - [29/May/2021:00:47:05 +0200] "GET /images/big_prod_1/9316188077514N.jpg HTTP/1.1" 200 52486 "-" "Mozilla/5.0 (compatible; bingbot/2.0; +http://www.bing.com/bingbot.htm)"
40.77.167.90 - - [29/May/2021:00:49:09 +0200] "GET /images/ROXY.jpg HTTP/1.1" 200 38142 "-" "Mozilla/5.0 (compatible; bingbot/2.0; +http://www.bing.com/bingbot.htm)"
66.249.75.170 - - [29/May/2021:00:49:44 +0200] "GET /images/big_prod/3700572738154.jpg HTTP/1.1" 200 594622 "-" "Googlebot-Image/1.0"
207.46.13.38 - - [29/May/2021:00:50:00 +0200] "GET /images/big_prod/3503420102554.jpg HTTP/1.1" 200 101611 "-" "Mozilla/5.0 (compatible; bingbot/2.0; +http://www.bing.com/bingbot.htm)"
157.55.39.128 - - [29/May/2021:00:50:05 +0200] "GET /images/8714274565029.jpg HTTP/1.1" 200 61108 "-" "Mozilla/5.0 (compatible; bingbot/2.0; +http://www.bing.com/bingbot.htm)"
40.77.167.90 - - [29/May/2021:00:50:22 +0200] "GET /images/big_prod/a8422048810410.jpg HTTP/1.1" 200 100940 "-" "Mozilla/5.0 (compatible; bingbot/2.0; +http://www.bing.com/bingbot.htm)"
40.77.167.90 - - [29/May/2021:00:50:22 +0200] "GET /images/big_prod_1/8422048810410e.jpg HTTP/1.1" 200 168186 "-" "Mozilla/5.0 (compatible; bingbot/2.0; +http://www.bing.com/bingbot.htm)"
207.46.13.38 - - [29/May/2021:00:50:28 +0200] "GET /js/jquery.js HTTP/1.1" 200 54075 "-" "Mozilla/5.0 (compatible; bingbot/2.0; +http://www.bing.com/bingbot.htm)"
207.46.13.38 - - [29/May/2021:00:50:29 +0200] "GET /js/jquery.js HTTP/1.1" 200 54075 "-" "Mozilla/5.0 (compatible; bingbot/2.0; +http://www.bing.com/bingbot.htm)"
207.46.13.38 - - [29/May/2021:00:50:30 +0200] "GET /js/jquery.js HTTP/1.1" 200 54075 "-" "Mozilla/5.0 (compatible; bingbot/2.0; +http://www.bing.com/bingbot.htm)"
114.119.147.45 - - [29/May/2021:00:51:02 +0200] "GET /images/big_prod_1/8424001540044N.jpg HTTP/1.1" 200 155056 "-" "Mozilla/5.0 (Linux; Android 7.0;) AppleWebKit/537.36 (KHTML, like Gecko) Mobile Safari/537.36 (compatible; PetalBot;+https://webmaster.petalsearch.com/site/petalbot)"
66.249.75.170 - - [29/May/2021:00:52:39 +0200] "GET /images/big_prod/3565750285628.jpg HTTP/1.1" 200 76810 "-" "Googlebot-Image/1.0"
40.77.167.90 - - [29/May/2021:00:53:10 +0200] "GET /images/mini_prod/DSCN0624.gif HTTP/1.1" 200 13511 "-" "Mozilla/5.0 (compatible; bingbot/2.0; +http://www.bing.com/bingbot.htm)"
216.244.66.242 - - [29/May/2021:00:53:37 +0200] "GET /robots.txt HTTP/1.1" 200 2438 "-" "Mozilla/5.0 (compatible; DotBot/1.2; +https://opensiteexplorer.org/dotbot; help@moz.com)"
157.55.39.128 - - [29/May/2021:00:54:46 +0200] "GET /images/big_prod_1/3457844509751B.jpg HTTP/1.1" 200 73145 "-" "Mozilla/5.0 (compatible; bingbot/2.0; +http://www.bing.com/bingbot.htm)"
40.77.167.70 - - [29/May/2021:00:57:24 +0200] "GET /images/4029811317363.jpg HTTP/1.1" 200 136907 "-" "Mozilla/5.0 (compatible; bingbot/2.0; +http://www.bing.com/bingbot.htm)"
157.55.39.128 - - [29/May/2021:00:58:16 +0200] "GET /images/4012390326918.jpg HTTP/1.1" 200 32066 "-" "Mozilla/5.0 (compatible; bingbot/2.0; +http://www.bing.com/bingbot.htm)"
66.249.75.168 - - [29/May/2021:00:59:38 +0200] "GET /images/big_prod/1300000022637.jpg HTTP/1.1" 200 124144 "-" "Googlebot-Image/1.0"
185.191.171.19 - - [29/May/2021:01:02:29 +0200] "GET /robots.txt HTTP/1.1" 200 2438 "-" "Mozilla/5.0 (compatible; SemrushBot/7~bl; +http://www.semrush.com/bot.html)"
66.249.75.170 - - [29/May/2021:01:04:05 +0200] "GET /images/big_prod/3665269069808.jpg HTTP/1.1" 200 130913 "-" "Googlebot-Image/1.0"
40.77.167.64 - - [29/May/2021:01:05:53 +0200] "GET /js/jquery.masonry.min.js HTTP/1.1" 200 5392 "-" "Mozilla/5.0 (compatible; bingbot/2.0; +http://www.bing.com/bingbot.htm)"
40.77.167.64 - - [29/May/2021:01:05:53 +0200] "GET /js/jquery.masonry.min.js HTTP/1.1" 200 5392 "-" "Mozilla/5.0 (compatible; bingbot/2.0; +http://www.bing.com/bingbot.htm)"
40.77.167.64 - - [29/May/2021:01:06:14 +0200] "GET /images/big_prod_1/028399219407.jpg HTTP/1.1" 200 85580 "-" "Mozilla/5.0 (compatible; bingbot/2.0; +http://www.bing.com/bingbot.htm)"
157.55.39.44 - - [29/May/2021:01:06:33 +0200] "GET /images/big_prod_1/1328399138296b.jpg HTTP/1.1" 200 57622 "-" "Mozilla/5.0 (compatible; bingbot/2.0; +http://www.bing.com/bingbot.htm)"
157.55.39.128 - - [29/May/2021:01:10:48 +0200] "GET /images/big_prod/3609810089853.jpg HTTP/1.1" 200 142732 "-" "Mozilla/5.0 (compatible; bingbot/2.0; +http://www.bing.com/bingbot.htm)"
207.46.13.38 - - [29/May/2021:01:11:10 +0200] "GET /js/jquery.js HTTP/1.1" 200 54075 "-" "Mozilla/5.0 (compatible; bingbot/2.0; +http://www.bing.com/bingbot.htm)"
157.55.39.128 - - [29/May/2021:01:12:27 +0200] "GET /images/1399984234754.jpg HTTP/1.1" 200 85095 "-" "Mozilla/5.0 (compatible; bingbot/2.0; +http://www.bing.com/bingbot.htm)"
66.249.75.170 - - [29/May/2021:01:13:44 +0200] "GET /images/big_prod/8717202559770.jpg HTTP/1.1" 200 287989 "-" "Googlebot-Image/1.0"
157.55.39.128 - - [29/May/2021:01:17:28 +0200] "GET /images/big_prod/4045233009549.jpg HTTP/1.1" 200 164427 "-" "Mozilla/5.0 (compatible; bingbot/2.0; +http://www.bing.com/bingbot.htm)"
66.249.75.168 - - [29/May/2021:01:17:41 +0200] "GET /images/big_prod/3700572738178.jpg HTTP/1.1" 200 278814 "-" "Googlebot-Image/1.0"
66.249.75.168 - - [29/May/2021:01:23:24 +0200] "GET /images/big_prod/5415203851451.jpg HTTP/1.1" 200 50676 "-" "Googlebot-Image/1.0"
157.55.39.22 - - [29/May/2021:01:23:53 +0200] "GET /js/modernizr-transitions.js HTTP/1.1" 200 2026 "-" "Mozilla/5.0 (compatible; bingbot/2.0; +http://www.bing.com/bingbot.htm)"
157.55.39.22 - - [29/May/2021:01:23:54 +0200] "GET /images/big_prod_2/577GJ14c.jpg HTTP/1.1" 200 105322 "-" "Mozilla/5.0 (compatible; bingbot/2.0; +http://www.bing.com/bingbot.htm)"
157.55.39.22 - - [29/May/2021:01:23:56 +0200] "GET /js/modernizr-transitions.js HTTP/1.1" 200 2026 "-" "Mozilla/5.0 (compatible; bingbot/2.0; +http://www.bing.com/bingbot.htm)"
157.55.39.22 - - [29/May/2021:01:23:58 +0200] "GET /js/modernizr-transitions.js HTTP/1.1" 200 2026 "-" "Mozilla/5.0 (compatible; bingbot/2.0; +http://www.bing.com/bingbot.htm)"
157.55.39.22 - - [29/May/2021:01:23:59 +0200] "GET /js/modernizr-transitions.js HTTP/1.1" 200 2026 "-" "Mozilla/5.0 (compatible; bingbot/2.0; +http://www.bing.com/bingbot.htm)"
207.46.13.38 - - [29/May/2021:01:24:51 +0200] "GET /images/mini_prod/842201823982.jpg HTTP/1.1" 200 3363 "-" "Mozilla/5.0 (compatible; bingbot/2.0; +http://www.bing.com/bingbot.htm)"
66.102.8.30 - - [29/May/2021:01:25:09 +0200] "GET /images/5411329064317.jpg HTTP/1.1" 200 41071 "-" "Mozilla/5.0 (Windows NT 5.1; rv:11.0) Gecko Firefox/11.0 (via ggpht.com GoogleImageProxy)"
66.102.8.30 - - [29/May/2021:01:25:09 +0200] "GET /images/5411329064317.jpg HTTP/1.1" 200 41071 "-" "Mozilla/5.0 (Windows NT 5.1; rv:11.0) Gecko Firefox/11.0 (via ggpht.com GoogleImageProxy)"
66.249.88.92 - - [29/May/2021:01:25:12 +0200] "GET /images/5411329064317.jpg HTTP/1.1" 200 41071 "-" "Mozilla/5.0 (Windows NT 5.1; rv:11.0) Gecko Firefox/11.0 (via ggpht.com GoogleImageProxy)"
66.249.88.93 - - [29/May/2021:01:25:12 +0200] "GET /images/5411329064317.jpg HTTP/1.1" 200 41071 "-" "Mozilla/5.0 (Windows NT 5.1; rv:11.0) Gecko Firefox/11.0 (via ggpht.com GoogleImageProxy)"
66.249.75.168 - - [29/May/2021:01:28:37 +0200] "GET /images/big_prod/5051276286341.jpg HTTP/1.1" 200 98572 "-" "Googlebot-Image/1.0"
66.249.75.168 - - [29/May/2021:01:30:27 +0200] "GET /images/big_prod/8422015014018.jpg HTTP/1.1" 200 166222 "-" "Googlebot-Image/1.0"
40.77.167.90 - - [29/May/2021:01:30:55 +0200] "GET /images/mini_prod/3457010043645.jpg HTTP/1.1" 200 7700 "-" "Mozilla/5.0 (compatible; bingbot/2.0; +http://www.bing.com/bingbot.htm)"
207.46.13.38 - - [29/May/2021:01:32:23 +0200] "GET /js/jquery.js HTTP/1.1" 200 54075 "-" "Mozilla/5.0 (compatible; bingbot/2.0; +http://www.bing.com/bingbot.htm)"
66.249.75.170 - - [29/May/2021:01:36:49 +0200] "GET /images/big_prod/1820027000000.jpg HTTP/1.1" 200 111385 "-" "Googlebot-Image/1.0"
40.77.167.64 - - [29/May/2021:01:37:27 +0200] "GET /images/DSCN0893.jpg HTTP/1.1" 200 30551 "-" "Mozilla/5.0 (compatible; bingbot/2.0; +http://www.bing.com/bingbot.htm)"
185.191.171.10 - - [29/May/2021:01:40:26 +0200] "GET /robots.txt HTTP/1.1" 200 2438 "-" "Mozilla/5.0 (compatible; SemrushBot/7~bl; +http://www.semrush.com/bot.html)"
66.249.75.168 - - [29/May/2021:01:43:53 +0200] "GET /images/big_prod/8011717795945.jpg HTTP/1.1" 200 101360 "-" "Googlebot-Image/1.0"
95.163.255.198 - - [29/May/2021:01:44:20 +0200] "GET /robots.txt HTTP/1.0" 200 2438 "-" "Mozilla/5.0 (compatible; Linux x86_64; Mail.RU_Bot/Img/2.0; +http://go.mail.ru/help/robots)"
95.163.255.138 - - [29/May/2021:01:44:26 +0200] "GET /images/med_prod/1308421361496.jpg HTTP/1.1" 200 136778 "http://go.mail.ru/search_images" "Mozilla/5.0 (compatible; Linux x86_64; Mail.RU_Bot/Img/2.0; +http://go.mail.ru/help/robots)"
157.55.39.122 - - [29/May/2021:01:45:00 +0200] "GET /images/big_prod_2/3660173218083c.jpg HTTP/1.1" 200 52442 "-" "Mozilla/5.0 (compatible; bingbot/2.0; +http://www.bing.com/bingbot.htm)"
207.46.13.38 - - [29/May/2021:01:45:06 +0200] "GET /images/4029811304431.jpg HTTP/1.1" 200 123116 "-" "Mozilla/5.0 (compatible; bingbot/2.0; +http://www.bing.com/bingbot.htm)"
216.244.66.242 - - [29/May/2021:01:46:27 +0200] "GET /robots.txt HTTP/1.1" 200 2438 "-" "Mozilla/5.0 (compatible; DotBot/1.2; +https://opensiteexplorer.org/dotbot; help@moz.com)"
157.55.39.44 - - [29/May/2021:01:48:37 +0200] "GET /images/big_prod/242BF.jpg HTTP/1.1" 200 119281 "-" "Mozilla/5.0 (compatible; bingbot/2.0; +http://www.bing.com/bingbot.htm)"
23.100.232.233 - - [29/May/2021:01:49:16 +0200] "GET /templates/Pixame_v1/stylesheet.css HTTP/1.1" 200 56057 "http://www.wonder-geek.com/mickey-pluto-patriotic-figurine-p-51456.html" "Mozilla/5.0 (compatible; MSIE 9.0; Windows NT 6.0; Trident/5.0;  Trident/5.0)"
23.100.232.233 - - [29/May/2021:01:49:17 +0200] "GET /highslide/highslide.js HTTP/1.1" 200 42909 "http://www.wonder-geek.com/mickey-pluto-patriotic-figurine-p-51456.html" "Mozilla/5.0 (compatible; MSIE 9.0; Windows NT 6.0; Trident/5.0;  Trident/5.0)"
23.100.232.233 - - [29/May/2021:01:49:17 +0200] "GET /js/jquery.js HTTP/1.1" 200 54075 "http://www.wonder-geek.com/mickey-pluto-patriotic-figurine-p-51456.html" "Mozilla/5.0 (compatible; MSIE 9.0; Windows NT 6.0; Trident/5.0;  Trident/5.0)"
23.100.232.233 - - [29/May/2021:01:49:17 +0200] "GET /js/jquery.jqzoom.js HTTP/1.1" 200 4761 "http://www.wonder-geek.com/mickey-pluto-patriotic-figurine-p-51456.html" "Mozilla/5.0 (compatible; MSIE 9.0; Windows NT 6.0; Trident/5.0;  Trident/5.0)"
23.100.232.233 - - [29/May/2021:01:49:18 +0200] "GET /mondial_relay/js/jquery-1.3.2.min.js HTTP/1.1" 200 57254 "http://www.wonder-geek.com/mickey-pluto-patriotic-figurine-p-51456.html" "Mozilla/5.0 (compatible; MSIE 9.0; Windows NT 6.0; Trident/5.0;  Trident/5.0)"
23.100.232.233 - - [29/May/2021:01:49:20 +0200] "GET /templates/Pixame_v1/images/flash.swf HTTP/1.1" 200 2868 "http://www.wonder-geek.com/mickey-pluto-patriotic-figurine-p-51456.html" "Mozilla/5.0 (compatible; MSIE 9.0; Windows NT 6.0; Trident/5.0;  Trident/5.0)"
66.249.75.170 - - [29/May/2021:01:53:12 +0200] "GET /images/big_prod/3457010301080.jpg HTTP/1.1" 200 257684 "-" "Googlebot-Image/1.0"
207.46.13.38 - - [29/May/2021:01:54:07 +0200] "GET /images/big_prod/1399985100904B.jpg HTTP/1.1" 200 97456 "-" "Mozilla/5.0 (compatible; bingbot/2.0; +http://www.bing.com/bingbot.htm)"
207.46.13.38 - - [29/May/2021:01:55:45 +0200] "GET /js/jquery.js HTTP/1.1" 200 54075 "-" "Mozilla/5.0 (compatible; bingbot/2.0; +http://www.bing.com/bingbot.htm)"
110.249.202.5 - - [29/May/2021:01:56:35 +0200] "GET /images/big_prod_1/3609810041721a.jpg HTTP/1.1" 200 42200 "http://www.wonder-geek.com/bouddha-sticker-p-35391.html" "Mozilla/5.0 (Linux; Android 5.0) AppleWebKit/537.36 (KHTML, like Gecko) Mobile Safari/537.36 (compatible; Bytespider; https://zhanzhang.toutiao.com/)"
110.249.202.4 - - [29/May/2021:01:56:35 +0200] "GET /images/big_prod/3609810041721.jpg HTTP/1.1" 200 51840 "http://www.wonder-geek.com/bouddha-sticker-p-35391.html" "Mozilla/5.0 (Linux; Android 5.0) AppleWebKit/537.36 (KHTML, like Gecko) Mobile Safari/537.36 (compatible; Bytespider; https://zhanzhang.toutiao.com/)"
66.249.75.170 - - [29/May/2021:01:57:17 +0200] "GET /images/big_prod/N1384010177280.jpg HTTP/1.1" 200 97352 "-" "Googlebot-Image/1.0"
157.55.39.44 - - [29/May/2021:02:04:11 +0200] "GET /images/3681643300152.jpg HTTP/1.1" 200 34587 "-" "Mozilla/5.0 (compatible; bingbot/2.0; +http://www.bing.com/bingbot.htm)"
40.77.167.70 - - [29/May/2021:02:05:41 +0200] "GET /images/big_prod/8011717798045.jpg HTTP/1.1" 200 161050 "-" "Mozilla/5.0 (compatible; bingbot/2.0; +http://www.bing.com/bingbot.htm)"
40.77.167.90 - - [29/May/2021:02:07:27 +0200] "GET /images/big_prod/5415203854575.jpg HTTP/1.1" 200 79012 "-" "Mozilla/5.0 (compatible; bingbot/2.0; +http://www.bing.com/bingbot.htm)"
207.46.13.38 - - [29/May/2021:02:09:57 +0200] "GET /images/big_prod/4542202653760fred.jpg HTTP/1.1" 200 61031 "-" "Mozilla/5.0 (compatible; bingbot/2.0; +http://www.bing.com/bingbot.htm)"
40.77.167.70 - - [29/May/2021:02:10:14 +0200] "GET /images/med_prod/1384010178843.jpg HTTP/1.1" 200 113823 "-" "Mozilla/5.0 (compatible; bingbot/2.0; +http://www.bing.com/bingbot.htm)"
207.46.13.38 - - [29/May/2021:02:11:48 +0200] "GET /images/3565750158564.jpg HTTP/1.1" 200 104246 "-" "Mozilla/5.0 (compatible; bingbot/2.0; +http://www.bing.com/bingbot.htm)"
157.55.39.22 - - [29/May/2021:02:14:59 +0200] "GET /images/DSCN1982.jpg HTTP/1.1" 200 19772 "-" "Mozilla/5.0 (compatible; bingbot/2.0; +http://www.bing.com/bingbot.htm)"
66.249.75.168 - - [29/May/2021:02:15:14 +0200] "GET /images/big_prod_1/1384010204214a.jpg HTTP/1.1" 200 124283 "-" "Googlebot-Image/1.0"
