157.55.39.122 - - [28/May/2021:03:27:20 +0200] "GET /images/big_prod/8718375752906.jpg HTTP/1.1" 200 131317 "-" "Mozilla/5.0 (compatible; bingbot/2.0; +http://www.bing.com/bingbot.htm)"
40.77.167.64 - - [28/May/2021:03:27:24 +0200] "GET /images/big_prod_1/8718375752906A.jpg HTTP/1.1" 200 140802 "-" "Mozilla/5.0 (compatible; bingbot/2.0; +http://www.bing.com/bingbot.htm)"
157.55.39.122 - - [28/May/2021:03:29:51 +0200] "GET /images/big_prod/3665269014358.jpg HTTP/1.1" 200 54600 "-" "Mozilla/5.0 (compatible; bingbot/2.0; +http://www.bing.com/bingbot.htm)"
157.55.39.152 - - [28/May/2021:03:30:05 +0200] "GET /images/big_prod/8433933115787.jpg HTTP/1.1" 200 186437 "-" "Mozilla/5.0 (compatible; bingbot/2.0; +http://www.bing.com/bingbot.htm)"
66.249.75.168 - - [28/May/2021:03:32:13 +0200] "GET /images/720322233824.jpg HTTP/1.1" 200 19655 "-" "Googlebot-Image/1.0"
114.119.145.117 - - [28/May/2021:03:34:21 +0200] "GET /images/mini_prod/8422057789271B.jpg HTTP/1.1" 200 5267 "-" "Mozilla/5.0 (Linux; Android 7.0;) AppleWebKit/537.36 (KHTML, like Gecko) Mobile Safari/537.36 (compatible; PetalBot;+https://webmaster.petalsearch.com/site/petalbot)"
207.46.13.38 - - [28/May/2021:03:37:55 +0200] "GET /images/big_prod/8422001017658.jpg HTTP/1.1" 200 59119 "-" "Mozilla/5.0 (compatible; bingbot/2.0; +http://www.bing.com/bingbot.htm)"
192.0.102.52 - - [28/May/2021:03:39:48 +0200] "GET /images/med_prod/8435306270062.jpg HTTP/1.1" 200 92313 "-" "Photon/1.0"
157.55.39.128 - - [28/May/2021:03:40:17 +0200] "GET /images/big_prod/1399985100522.jpg HTTP/1.1" 200 70917 "-" "Mozilla/5.0 (compatible; bingbot/2.0; +http://www.bing.com/bingbot.htm)"
40.77.167.70 - - [28/May/2021:03:42:53 +0200] "GET /images/med_prod/4010070266462.jpg HTTP/1.1" 200 51111 "-" "Mozilla/5.0 (compatible; bingbot/2.0; +http://www.bing.com/bingbot.htm)"
207.46.13.38 - - [28/May/2021:03:46:35 +0200] "GET /images/big_prod/9316188068222.jpg HTTP/1.1" 200 77571 "-" "Mozilla/5.0 (compatible; bingbot/2.0; +http://www.bing.com/bingbot.htm)"
40.77.167.90 - - [28/May/2021:03:46:55 +0200] "GET /images/beatlesnoir.jpg HTTP/1.1" 200 128057 "-" "Mozilla/5.0 (compatible; bingbot/2.0; +http://www.bing.com/bingbot.htm)"
40.77.167.90 - - [28/May/2021:03:46:56 +0200] "GET /images/big_prod_2/f4542202653760.jpg HTTP/1.1" 200 37295 "-" "Mozilla/5.0 (compatible; bingbot/2.0; +http://www.bing.com/bingbot.htm)"
147.92.153.2 - - [28/May/2021:03:47:15 +0200] "GET /robots.txt HTTP/1.1" 200 2438 "-" "Mozilla/5.0 (Windows NT 6.1; Win64; x64) AppleWebit/537.36 (KHTML, like Gecko) Chrome/63.0.3239.0 Safari/537.36 (compatible; Linespider/1.1; +https://lin.ee/4dwXkTH)"
66.249.75.170 - - [28/May/2021:03:47:37 +0200] "GET /images/big_prod/8433833239996.jpg HTTP/1.1" 200 344787 "-" "Googlebot-Image/1.0"
157.55.39.44 - - [28/May/2021:03:49:17 +0200] "GET /images/big_prod/3457010509752.jpg HTTP/1.1" 200 69471 "-" "Mozilla/5.0 (compatible; bingbot/2.0; +http://www.bing.com/bingbot.htm)"
40.77.167.90 - - [28/May/2021:03:49:54 +0200] "GET /images/big_prod/4029811376315.jpg HTTP/1.1" 200 127543 "-" "Mozilla/5.0 (compatible; bingbot/2.0; +http://www.bing.com/bingbot.htm)"
207.46.13.38 - - [28/May/2021:03:53:15 +0200] "GET /js/jquery.js HTTP/1.1" 200 54075 "-" "Mozilla/5.0 (compatible; bingbot/2.0; +http://www.bing.com/bingbot.htm)"
157.55.39.122 - - [28/May/2021:03:55:05 +0200] "GET /images/big_prod/8011717795945.jpg HTTP/1.1" 200 101360 "-" "Mozilla/5.0 (compatible; bingbot/2.0; +http://www.bing.com/bingbot.htm)"
157.55.39.22 - - [28/May/2021:03:59:27 +0200] "GET /images/big_prod_1/9316188076050N.jpg HTTP/1.1" 200 56241 "-" "Mozilla/5.0 (compatible; bingbot/2.0; +http://www.bing.com/bingbot.htm)"
52.154.60.82 - - [28/May/2021:03:59:59 +0200] "GET /images/big_prod/4005086220072.jpg HTTP/1.1" 200 59821 "-" "DuckDuckBot/1.1; (+http://duckduckgo.com/duckduckbot.html)"
157.55.39.22 - - [28/May/2021:04:04:47 +0200] "GET /images/mini_prod/1341689162849.jpg HTTP/1.1" 200 6648 "-" "Mozilla/5.0 (compatible; bingbot/2.0; +http://www.bing.com/bingbot.htm)"
66.249.75.166 - - [28/May/2021:04:06:13 +0200] "GET /images/big_prod/3520071807164.jpg HTTP/1.1" 200 113423 "-" "Googlebot-Image/1.0"
66.249.75.166 - - [28/May/2021:04:06:13 +0200] "GET /images/mini_prod/3520071399652.jpg HTTP/1.1" 200 4931 "-" "Googlebot-Image/1.0"
157.55.39.128 - - [28/May/2021:04:07:18 +0200] "GET /images/mini_prod/3574641017446.jpg HTTP/1.1" 200 5224 "-" "Mozilla/5.0 (compatible; bingbot/2.0; +http://www.bing.com/bingbot.htm)"
207.46.13.38 - - [28/May/2021:04:10:02 +0200] "GET /images/med_prod/3438100362273.jpg HTTP/1.1" 200 78380 "-" "Mozilla/5.0 (compatible; bingbot/2.0; +http://www.bing.com/bingbot.htm)"
136.243.4.209 - - [28/May/2021:04:10:09 +0200] "GET /robots.txt HTTP/1.1" 200 2438 "-" "Mozilla/5.0 (compatible; MJ12bot/v1.4.8; http://mj12bot.com/)"
147.92.153.17 - - [28/May/2021:04:11:13 +0200] "GET /images/big_prod/8719172834208.jpg HTTP/1.1" 200 190355 "-" "Mozilla/5.0 (compatible; Linespider/1.1; +https://lin.ee/4dwXkTH)"
66.249.75.166 - - [28/May/2021:04:11:34 +0200] "GET /images/big_prod/3453131144940.jpg HTTP/1.1" 200 153664 "-" "Googlebot-Image/1.0"
66.249.75.166 - - [28/May/2021:04:11:49 +0200] "GET /images/big_prod_1/3453131144940N.jpg HTTP/1.1" 200 311268 "-" "Googlebot-Image/1.0"
147.92.153.6 - - [28/May/2021:04:13:54 +0200] "GET /images/big_prod/3520071807171.jpg HTTP/1.1" 200 229817 "-" "Mozilla/5.0 (compatible; Linespider/1.1; +https://lin.ee/4dwXkTH)"
60.8.123.8 - - [28/May/2021:04:14:18 +0200] "GET /robots.txt HTTP/1.1" 200 2438 "-" "Mozilla/5.0 (Linux; Android 5.0) AppleWebKit/537.36 (KHTML, like Gecko) Mobile Safari/537.36 (compatible; Bytespider; https://zhanzhang.toutiao.com/)"
185.191.171.39 - - [28/May/2021:04:15:55 +0200] "GET /robots.txt HTTP/1.1" 200 2438 "-" "Mozilla/5.0 (compatible; SemrushBot/7~bl; +http://www.semrush.com/bot.html)"
207.46.13.38 - - [28/May/2021:04:16:43 +0200] "GET /images/mini_prod/5051276278414.jpg HTTP/1.1" 200 3800 "-" "Mozilla/5.0 (compatible; bingbot/2.0; +http://www.bing.com/bingbot.htm)"
157.55.39.22 - - [28/May/2021:04:17:19 +0200] "GET /images/big_prod/3609810063211.jpg HTTP/1.1" 200 76756 "-" "Mozilla/5.0 (compatible; bingbot/2.0; +http://www.bing.com/bingbot.htm)"
66.249.75.166 - - [28/May/2021:04:21:13 +0200] "GET /images/big_prod_1/b9316188081979.jpg HTTP/1.1" 200 51978 "-" "Googlebot-Image/1.0"
207.46.13.38 - - [28/May/2021:04:23:38 +0200] "GET /js/jquery.js HTTP/1.1" 200 54075 "-" "Mozilla/5.0 (compatible; bingbot/2.0; +http://www.bing.com/bingbot.htm)"
207.46.13.38 - - [28/May/2021:04:23:48 +0200] "GET /images/big_prod/3565750295832.jpg HTTP/1.1" 200 103687 "-" "Mozilla/5.0 (compatible; bingbot/2.0; +http://www.bing.com/bingbot.htm)"
40.77.167.64 - - [28/May/2021:04:24:20 +0200] "GET /images/big_prod/8422033225342.jpg HTTP/1.1" 200 184835 "-" "Mozilla/5.0 (compatible; bingbot/2.0; +http://www.bing.com/bingbot.htm)"
66.102.8.28 - - [28/May/2021:04:24:45 +0200] "GET /images/big_prod/8422087179356.jpg HTTP/1.1" 200 359717 "-" "Mozilla/5.0 (Windows NT 5.1; rv:11.0) Gecko Firefox/11.0 (via ggpht.com GoogleImageProxy)"
66.249.75.166 - - [28/May/2021:04:25:11 +0200] "GET /images/big_prod_1/4010229021300a.jpg HTTP/1.1" 200 40564 "-" "Googlebot-Image/1.0"
157.55.39.122 - - [28/May/2021:04:25:37 +0200] "GET /images/mini_prod/8422011476100.jpg HTTP/1.1" 200 5177 "-" "Mozilla/5.0 (compatible; bingbot/2.0; +http://www.bing.com/bingbot.htm)"
157.55.39.128 - - [28/May/2021:04:26:49 +0200] "GET /images/med_prod/00000000000lyon.jpg HTTP/1.1" 200 59347 "-" "Mozilla/5.0 (compatible; bingbot/2.0; +http://www.bing.com/bingbot.htm)"
108.233.86.125 - - [28/May/2021:04:27:15 +0200] "GET /images/big_prod/8904245400477.jpg HTTP/1.1" 200 89677 "http://pos.kit-systems.com/" "Mozilla/5.0 (Windows NT 6.2) AppleWebKit/537.36 (KHTML, like Gecko) (KioWare Client Platform r1956) Chrome/55.0.2883.87 Safari/537.36"
207.46.13.38 - - [28/May/2021:04:34:05 +0200] "GET /images/mini_prod/3609810071643.jpg HTTP/1.1" 200 8839 "-" "Mozilla/5.0 (compatible; bingbot/2.0; +http://www.bing.com/bingbot.htm)"
220.243.135.10 - - [28/May/2021:04:34:19 +0200] "GET /images/big_prod_1/LaBougieAutrement.jpg HTTP/1.1" 200 141894 "http://www.wonder-geek.com/powder-candle-bougie-autrement-star-blue-p-53085.html" "Mozilla/5.0 (Linux; Android 5.0) AppleWebKit/537.36 (KHTML, like Gecko) Mobile Safari/537.36 (compatible; Bytespider; https://zhanzhang.toutiao.com/)"
157.55.39.152 - - [28/May/2021:04:36:00 +0200] "GET /images/big_prod/8433220156653.jpg HTTP/1.1" 200 120923 "-" "Mozilla/5.0 (compatible; bingbot/2.0; +http://www.bing.com/bingbot.htm)"
66.249.75.170 - - [28/May/2021:04:36:13 +0200] "GET /images/big_prod/3503420036231.jpg HTTP/1.1" 200 55507 "-" "Googlebot-Image/1.0"
157.55.39.122 - - [28/May/2021:04:37:59 +0200] "GET /images/med_prod/3457010951223.jpg HTTP/1.1" 200 80641 "-" "Mozilla/5.0 (compatible; bingbot/2.0; +http://www.bing.com/bingbot.htm)"
157.55.39.22 - - [28/May/2021:04:39:51 +0200] "GET /images/8427787035957.jpg HTTP/1.1" 200 35423 "-" "Mozilla/5.0 (compatible; bingbot/2.0; +http://www.bing.com/bingbot.htm)"
40.77.167.90 - - [28/May/2021:04:46:28 +0200] "GET /images/mini_prod/3520071741406.jpg HTTP/1.1" 200 6058 "-" "Mozilla/5.0 (compatible; bingbot/2.0; +http://www.bing.com/bingbot.htm)"
157.55.39.122 - - [28/May/2021:04:51:42 +0200] "GET /images/mini_prod/8433833240121.jpg HTTP/1.1" 200 8460 "-" "Mozilla/5.0 (compatible; bingbot/2.0; +http://www.bing.com/bingbot.htm)"
207.46.13.38 - - [28/May/2021:04:51:53 +0200] "GET /js/jquery.js HTTP/1.1" 200 54075 "-" "Mozilla/5.0 (compatible; bingbot/2.0; +http://www.bing.com/bingbot.htm)"
114.119.129.36 - - [28/May/2021:04:52:22 +0200] "GET /images/big_prod_1/3609810070837a.jpg HTTP/1.1" 200 317721 "-" "Mozilla/5.0 (Linux; Android 7.0;) AppleWebKit/537.36 (KHTML, like Gecko) Mobile Safari/537.36 (compatible; PetalBot;+https://webmaster.petalsearch.com/site/petalbot)"
40.77.167.70 - - [28/May/2021:04:55:49 +0200] "GET /images/8001011162444.jpg HTTP/1.1" 200 41485 "-" "Mozilla/5.0 (compatible; bingbot/2.0; +http://www.bing.com/bingbot.htm)"
66.249.75.166 - - [28/May/2021:04:56:37 +0200] "GET /images/mini_prod/7601020000402.jpg HTTP/1.1" 200 6706 "-" "Googlebot-Image/1.0"
114.119.130.202 - - [28/May/2021:04:57:17 +0200] "GET /images/mini_prod/3560600311267.jpg HTTP/1.1" 200 10178 "-" "Mozilla/5.0 (Linux; Android 7.0;) AppleWebKit/537.36 (KHTML, like Gecko) Mobile Safari/537.36 (compatible; PetalBot;+https://webmaster.petalsearch.com/site/petalbot)"
40.77.167.70 - - [28/May/2021:04:58:09 +0200] "GET /images/big_prod/8422033178754.jpg HTTP/1.1" 200 93734 "-" "Mozilla/5.0 (compatible; bingbot/2.0; +http://www.bing.com/bingbot.htm)"
157.55.39.152 - - [28/May/2021:04:59:12 +0200] "GET /images/mini_prod/8424001622061.jpg HTTP/1.1" 200 4048 "-" "Mozilla/5.0 (compatible; bingbot/2.0; +http://www.bing.com/bingbot.htm)"
66.249.75.168 - - [28/May/2021:05:00:04 +0200] "GET /images/big_prod/8499132034137.jpg HTTP/1.1" 200 102078 "-" "Googlebot-Image/1.0"
40.77.167.70 - - [28/May/2021:05:00:20 +0200] "GET /images/big_prod/5051276388199.jpg HTTP/1.1" 200 342477 "-" "Mozilla/5.0 (compatible; bingbot/2.0; +http://www.bing.com/bingbot.htm)"
207.46.13.38 - - [28/May/2021:05:04:37 +0200] "GET /images/mini_prod/3520071798776.jpg HTTP/1.1" 200 6430 "-" "Mozilla/5.0 (compatible; bingbot/2.0; +http://www.bing.com/bingbot.htm)"
40.77.167.64 - - [28/May/2021:05:06:23 +0200] "GET /images/4012390328837.jpg HTTP/1.1" 200 48408 "-" "Mozilla/5.0 (compatible; bingbot/2.0; +http://www.bing.com/bingbot.htm)"
185.191.171.6 - - [28/May/2021:05:10:57 +0200] "GET /robots.txt HTTP/1.1" 200 2438 "-" "Mozilla/5.0 (compatible; SemrushBot/7~bl; +http://www.semrush.com/bot.html)"
66.249.75.168 - - [28/May/2021:05:14:37 +0200] "GET /images/big_prod/5404006037919.jpg HTTP/1.1" 200 84960 "-" "Googlebot-Image/1.0"
66.249.75.166 - - [28/May/2021:05:17:49 +0200] "GET /images/big_prod/8424001261628.jpg HTTP/1.1" 200 35232 "-" "Googlebot-Image/1.0"
40.77.167.90 - - [28/May/2021:05:18:57 +0200] "GET /images/4891813201083.jpg HTTP/1.1" 200 24117 "-" "Mozilla/5.0 (compatible; bingbot/2.0; +http://www.bing.com/bingbot.htm)"
207.46.13.38 - - [28/May/2021:05:20:01 +0200] "GET /js/jquery.js HTTP/1.1" 200 54075 "-" "Mozilla/5.0 (compatible; bingbot/2.0; +http://www.bing.com/bingbot.htm)"
207.46.13.38 - - [28/May/2021:05:20:02 +0200] "GET /js/jquery.js HTTP/1.1" 200 54075 "-" "Mozilla/5.0 (compatible; bingbot/2.0; +http://www.bing.com/bingbot.htm)"
64.233.173.114 - - [28/May/2021:05:20:18 +0200] "GET /images/big_prod/8422048810717.jpg HTTP/1.1" 200 118702 "-" "Mozilla/5.0 (Windows NT 5.1; rv:11.0) Gecko Firefox/11.0 (via ggpht.com GoogleImageProxy)"
149.129.41.216 - - [28/May/2021:05:20:19 +0200] "GET /templates/Pixame_v1/stylesheet.css HTTP/1.1" 200 56057 "http://www.wonder-geek.com/bamboo-fiber-plant-cover-p-54362.html" "Mozilla/5.0 (Windows NT 6.1; Win64; x64) AppleWebKit/537.36 (KHTML, like Gecko) Chrome/90.0.4430.212 Safari/537.36"
149.129.41.216 - - [28/May/2021:05:20:20 +0200] "GET /js/jquery.jqzoom.js HTTP/1.1" 200 4761 "http://www.wonder-geek.com/bamboo-fiber-plant-cover-p-54362.html" "Mozilla/5.0 (Windows NT 6.1; Win64; x64) AppleWebKit/537.36 (KHTML, like Gecko) Chrome/90.0.4430.212 Safari/537.36"
149.129.41.216 - - [28/May/2021:05:20:20 +0200] "GET /mondial_relay/js/jquery-1.3.2.min.js HTTP/1.1" 200 57254 "http://www.wonder-geek.com/bamboo-fiber-plant-cover-p-54362.html" "Mozilla/5.0 (Windows NT 6.1; Win64; x64) AppleWebKit/537.36 (KHTML, like Gecko) Chrome/90.0.4430.212 Safari/537.36"
149.129.41.216 - - [28/May/2021:05:20:21 +0200] "GET /highslide/highslide.js HTTP/1.1" 200 42909 "http://www.wonder-geek.com/bamboo-fiber-plant-cover-p-54362.html" "Mozilla/5.0 (Windows NT 6.1; Win64; x64) AppleWebKit/537.36 (KHTML, like Gecko) Chrome/90.0.4430.212 Safari/537.36"
149.129.41.216 - - [28/May/2021:05:20:21 +0200] "GET /js/jquery.js HTTP/1.1" 200 54075 "http://www.wonder-geek.com/bamboo-fiber-plant-cover-p-54362.html" "Mozilla/5.0 (Windows NT 6.1; Win64; x64) AppleWebKit/537.36 (KHTML, like Gecko) Chrome/90.0.4430.212 Safari/537.36"
149.129.41.216 - - [28/May/2021:05:20:21 +0200] "GET /templates/Pixame_v1/images/icon_accueil2.png HTTP/1.1" 200 1137 "http://www.wonder-geek.com/bamboo-fiber-plant-cover-p-54362.html" "Mozilla/5.0 (Windows NT 6.1; Win64; x64) AppleWebKit/537.36 (KHTML, like Gecko) Chrome/90.0.4430.212 Safari/537.36"
149.129.41.216 - - [28/May/2021:05:20:22 +0200] "GET /templates/Pixame_v1/images/Bottom_texture.jpg HTTP/1.1" 200 56290 "http://www.wonder-geek.com/templates/Pixame_v1/stylesheet.css" "Mozilla/5.0 (Windows NT 6.1; Win64; x64) AppleWebKit/537.36 (KHTML, like Gecko) Chrome/90.0.4430.212 Safari/537.36"
149.129.41.216 - - [28/May/2021:05:20:22 +0200] "GET /templates/Pixame_v1/images/header.png HTTP/1.1" 200 70245 "http://www.wonder-geek.com/templates/Pixame_v1/stylesheet.css" "Mozilla/5.0 (Windows NT 6.1; Win64; x64) AppleWebKit/537.36 (KHTML, like Gecko) Chrome/90.0.4430.212 Safari/537.36"
149.129.41.216 - - [28/May/2021:05:20:22 +0200] "GET /templates/Pixame_v1/images/nav.png HTTP/1.1" 200 1283 "http://www.wonder-geek.com/templates/Pixame_v1/stylesheet.css" "Mozilla/5.0 (Windows NT 6.1; Win64; x64) AppleWebKit/537.36 (KHTML, like Gecko) Chrome/90.0.4430.212 Safari/537.36"
149.129.41.216 - - [28/May/2021:05:20:22 +0200] "GET /templates/Pixame_v1/images/Middle_texture.jpg HTTP/1.1" 200 249620 "http://www.wonder-geek.com/templates/Pixame_v1/stylesheet.css" "Mozilla/5.0 (Windows NT 6.1; Win64; x64) AppleWebKit/537.36 (KHTML, like Gecko) Chrome/90.0.4430.212 Safari/537.36"
149.129.41.216 - - [28/May/2021:05:20:22 +0200] "GET /templates/Pixame_v1/images/header-object.png HTTP/1.1" 200 106050 "http://www.wonder-geek.com/templates/Pixame_v1/stylesheet.css" "Mozilla/5.0 (Windows NT 6.1; Win64; x64) AppleWebKit/537.36 (KHTML, like Gecko) Chrome/90.0.4430.212 Safari/537.36"
149.129.41.216 - - [28/May/2021:05:20:23 +0200] "GET /design/productsenstock.png HTTP/1.1" 200 4743 "http://www.wonder-geek.com/templates/Pixame_v1/stylesheet.css" "Mozilla/5.0 (Windows NT 6.1; Win64; x64) AppleWebKit/537.36 (KHTML, like Gecko) Chrome/90.0.4430.212 Safari/537.36"
149.129.41.216 - - [28/May/2021:05:20:23 +0200] "GET /images/big_prod/8422048810717.jpg HTTP/1.1" 200 118702 "http://www.wonder-geek.com/bamboo-fiber-plant-cover-p-54362.html" "Mozilla/5.0 (Windows NT 6.1; Win64; x64) AppleWebKit/537.36 (KHTML, like Gecko) Chrome/90.0.4430.212 Safari/537.36"
149.129.41.216 - - [28/May/2021:05:20:23 +0200] "GET /templates/Pixame_v1/images/buttons/english/button_in_cart.gif HTTP/1.1" 200 1212 "http://www.wonder-geek.com/bamboo-fiber-plant-cover-p-54362.html" "Mozilla/5.0 (Windows NT 6.1; Win64; x64) AppleWebKit/537.36 (KHTML, like Gecko) Chrome/90.0.4430.212 Safari/537.36"
149.129.41.216 - - [28/May/2021:05:20:24 +0200] "GET /images/big_prod_1/8422048840714A.jpg HTTP/1.1" 200 187948 "http://www.wonder-geek.com/bamboo-fiber-plant-cover-p-54362.html" "Mozilla/5.0 (Windows NT 6.1; Win64; x64) AppleWebKit/537.36 (KHTML, like Gecko) Chrome/90.0.4430.212 Safari/537.36"
149.129.41.216 - - [28/May/2021:05:20:24 +0200] "GET /highslide/graphics/outlines/drop-shadow.png HTTP/1.1" 200 2022 "http://www.wonder-geek.com/bamboo-fiber-plant-cover-p-54362.html" "Mozilla/5.0 (Windows NT 6.1; Win64; x64) AppleWebKit/537.36 (KHTML, like Gecko) Chrome/90.0.4430.212 Safari/537.36"
149.129.41.216 - - [28/May/2021:05:20:24 +0200] "GET /favicon.ico HTTP/1.1" 200 1591 "http://www.wonder-geek.com/bamboo-fiber-plant-cover-p-54362.html" "Mozilla/5.0 (Windows NT 6.1; Win64; x64) AppleWebKit/537.36 (KHTML, like Gecko) Chrome/90.0.4430.212 Safari/537.36"
66.249.75.166 - - [28/May/2021:05:21:13 +0200] "GET /images/big_prod_1/3520071807164B.jpg HTTP/1.1" 200 156619 "-" "Googlebot-Image/1.0"
157.55.39.122 - - [28/May/2021:05:21:16 +0200] "GET /images/mini_prod/3520071807171.jpg HTTP/1.1" 200 5452 "-" "Mozilla/5.0 (compatible; bingbot/2.0; +http://www.bing.com/bingbot.htm)"
114.119.154.200 - - [28/May/2021:05:21:54 +0200] "GET /images/mini_prod/3359103027467.jpg HTTP/1.1" 200 3483 "-" "Mozilla/5.0 (Linux; Android 7.0;) AppleWebKit/537.36 (KHTML, like Gecko) Mobile Safari/537.36 (compatible; PetalBot;+https://webmaster.petalsearch.com/site/petalbot)"
192.3.181.34 - - [28/May/2021:05:22:47 +0200] "GET /images/8420406212517.jpg HTTP/1.0" 200 22244 "-" "-"
40.77.167.90 - - [28/May/2021:05:32:26 +0200] "GET /images/big_prod_1/8433916685016N.jpg HTTP/1.1" 200 80392 "-" "Mozilla/5.0 (compatible; bingbot/2.0; +http://www.bing.com/bingbot.htm)"
157.55.39.128 - - [28/May/2021:05:35:37 +0200] "GET /images/teeshirtcapuchepokemon.jpg HTTP/1.1" 200 29765 "-" "Mozilla/5.0 (compatible; bingbot/2.0; +http://www.bing.com/bingbot.htm)"
66.249.75.168 - - [28/May/2021:05:35:57 +0200] "GET /images/big_prod/045544973342.jpg HTTP/1.1" 200 179810 "-" "Googlebot-Image/1.0"
66.249.75.166 - - [28/May/2021:05:36:13 +0200] "GET /images/4036113102269.jpg HTTP/1.1" 200 164619 "-" "Googlebot-Image/1.0"
114.119.147.45 - - [28/May/2021:05:39:27 +0200] "GET /images/big_prod/8718375750957.jpg HTTP/1.1" 200 56845 "-" "Mozilla/5.0 (Linux; Android 7.0;) AppleWebKit/537.36 (KHTML, like Gecko) Mobile Safari/537.36 (compatible; PetalBot;+https://webmaster.petalsearch.com/site/petalbot)"
207.46.13.38 - - [28/May/2021:05:39:34 +0200] "GET /images/mini_prod/8718375753538.jpg HTTP/1.1" 200 6279 "-" "Mozilla/5.0 (compatible; bingbot/2.0; +http://www.bing.com/bingbot.htm)"
66.249.75.166 - - [28/May/2021:05:44:09 +0200] "GET /images/med_prod/3700653593146.jpg HTTP/1.1" 200 112461 "-" "Googlebot-Image/1.0"
157.55.39.128 - - [28/May/2021:05:47:48 +0200] "GET /images/mini_prod/1384010177198.jpg HTTP/1.1" 200 5906 "-" "Mozilla/5.0 (compatible; bingbot/2.0; +http://www.bing.com/bingbot.htm)"
207.46.13.38 - - [28/May/2021:05:49:50 +0200] "GET /js/jquery.js HTTP/1.1" 200 54075 "-" "Mozilla/5.0 (compatible; bingbot/2.0; +http://www.bing.com/bingbot.htm)"
114.119.154.200 - - [28/May/2021:05:50:06 +0200] "GET /images/big_prod/9316188077361.jpg HTTP/1.1" 200 82719 "-" "Mozilla/5.0 (Linux; Android 7.0;) AppleWebKit/537.36 (KHTML, like Gecko) Mobile Safari/537.36 (compatible; PetalBot;+https://webmaster.petalsearch.com/site/petalbot)"
40.77.167.70 - - [28/May/2021:05:55:45 +0200] "GET /images/big_prod/4895220303446.jpg HTTP/1.1" 200 49780 "-" "Mozilla/5.0 (compatible; bingbot/2.0; +http://www.bing.com/bingbot.htm)"
66.249.75.184 - - [28/May/2021:05:57:27 +0200] "GET /images/mini_prod/7601020000082.jpg HTTP/1.1" 200 7937 "-" "Googlebot-Image/1.0"
157.55.39.152 - - [28/May/2021:05:58:10 +0200] "GET /images/mini_prod/8433933186480.jpg HTTP/1.1" 200 5794 "-" "Mozilla/5.0 (compatible; bingbot/2.0; +http://www.bing.com/bingbot.htm)"
66.249.75.184 - - [28/May/2021:06:00:46 +0200] "GET /images/big_prod_1/3457844509751B.jpg HTTP/1.1" 200 73145 "-" "Googlebot-Image/1.0"
157.55.39.122 - - [28/May/2021:06:00:54 +0200] "GET /images/DSCN4430bob.jpg HTTP/1.1" 200 29515 "-" "Mozilla/5.0 (compatible; bingbot/2.0; +http://www.bing.com/bingbot.htm)"
5.189.140.97 - - [28/May/2021:06:00:55 +0200] "GET /robots.txt HTTP/1.1" 200 2438 "-" "Mozilla/5.0 (compatible; MJ12bot/v1.4.8; http://mj12bot.com/)"
157.55.39.128 - - [28/May/2021:06:01:46 +0200] "GET /images/big_prod/720322264866.jpg HTTP/1.1" 200 124417 "-" "Mozilla/5.0 (compatible; bingbot/2.0; +http://www.bing.com/bingbot.htm)"
148.251.8.250 - - [28/May/2021:06:03:02 +0200] "GET /robots.txt HTTP/1.1" 200 2438 "-" "Mozilla/5.0 (compatible; MJ12bot/v1.4.8; http://mj12bot.com/)"
114.119.151.113 - - [28/May/2021:06:04:47 +0200] "GET /images/big_prod_1/3609810047259b.jpg HTTP/1.1" 200 196369 "-" "Mozilla/5.0 (Linux; Android 7.0;) AppleWebKit/537.36 (KHTML, like Gecko) Mobile Safari/537.36 (compatible; PetalBot;+https://webmaster.petalsearch.com/site/petalbot)"
173.212.216.3 - - [28/May/2021:06:04:57 +0200] "GET /robots.txt HTTP/1.1" 200 2438 "-" "Mozilla/5.0 (compatible; MJ12bot/v1.4.8; http://mj12bot.com/)"
185.191.171.17 - - [28/May/2021:06:05:22 +0200] "GET /robots.txt HTTP/1.1" 200 2438 "-" "Mozilla/5.0 (compatible; SemrushBot/7~bl; +http://www.semrush.com/bot.html)"
66.249.75.168 - - [28/May/2021:06:06:13 +0200] "GET /images/big_prod_2/3520071755953b.jpg HTTP/1.1" 200 579047 "-" "Googlebot-Image/1.0"
167.114.101.143 - - [28/May/2021:06:08:01 +0200] "GET /robots.txt HTTP/1.1" 200 2438 "-" "Mozilla/5.0 (compatible; MJ12bot/v1.4.8; http://mj12bot.com/)"
207.46.13.38 - - [28/May/2021:06:18:32 +0200] "GET /js/jquery.js HTTP/1.1" 200 54075 "-" "Mozilla/5.0 (compatible; bingbot/2.0; +http://www.bing.com/bingbot.htm)"
40.77.167.64 - - [28/May/2021:06:19:02 +0200] "GET /images/mini_prod/3014627889389.jpg HTTP/1.1" 200 8884 "-" "Mozilla/5.0 (compatible; bingbot/2.0; +http://www.bing.com/bingbot.htm)"
66.249.75.186 - - [28/May/2021:06:19:10 +0200] "GET /images/mini_prod/3700407620333.jpg HTTP/1.1" 200 8286 "-" "Googlebot-Image/1.0"
207.46.13.38 - - [28/May/2021:06:22:55 +0200] "GET /images/9316188034876.jpg HTTP/1.1" 200 15226 "-" "Mozilla/5.0 (compatible; bingbot/2.0; +http://www.bing.com/bingbot.htm)"
207.46.13.38 - - [28/May/2021:06:22:56 +0200] "GET /images/mini_prod/3503420127014.jpg HTTP/1.1" 200 5567 "-" "Mozilla/5.0 (compatible; bingbot/2.0; +http://www.bing.com/bingbot.htm)"
157.55.39.44 - - [28/May/2021:06:23:14 +0200] "GET /images/mini_prod/B8424001483150A.jpg HTTP/1.1" 200 4599 "-" "Mozilla/5.0 (compatible; bingbot/2.0; +http://www.bing.com/bingbot.htm)"
5.255.231.71 - - [28/May/2021:06:23:52 +0200] "GET /robots.txt HTTP/1.1" 200 2438 "-" "Mozilla/5.0 (compatible; YandexBot/3.0; +http://yandex.com/bots)"
5.255.231.71 - - [28/May/2021:06:23:56 +0200] "GET /images/big_prod/3453131129152.jpg HTTP/1.1" 304 0 "-" "Mozilla/5.0 (compatible; YandexImages/3.0; +http://yandex.com/bots)"
157.55.39.122 - - [28/May/2021:06:34:08 +0200] "GET /images/big_prod/3574642859403.jpg HTTP/1.1" 200 31504 "-" "Mozilla/5.0 (compatible; bingbot/2.0; +http://www.bing.com/bingbot.htm)"
157.55.39.122 - - [28/May/2021:06:34:09 +0200] "GET /images/mini_prod/8717202559831.jpg HTTP/1.1" 200 3699 "-" "Mozilla/5.0 (compatible; bingbot/2.0; +http://www.bing.com/bingbot.htm)"
157.55.39.122 - - [28/May/2021:06:34:09 +0200] "GET /images/mini_prod/8445146022745.jpg HTTP/1.1" 200 4349 "-" "Mozilla/5.0 (compatible; bingbot/2.0; +http://www.bing.com/bingbot.htm)"
114.119.144.233 - - [28/May/2021:06:34:26 +0200] "GET /images/big_prod_1/b3608860093544.jpg HTTP/1.1" 200 95794 "-" "Mozilla/5.0 (Linux; Android 7.0;) AppleWebKit/537.36 (KHTML, like Gecko) Mobile Safari/537.36 (compatible; PetalBot;+https://webmaster.petalsearch.com/site/petalbot)"
66.249.75.184 - - [28/May/2021:06:34:56 +0200] "GET /images/big_prod/3700786500356.jpg HTTP/1.1" 200 60512 "-" "Googlebot-Image/1.0"
74.125.209.20 - - [28/May/2021:06:35:36 +0200] "GET /images/8435333807729.jpg HTTP/1.1" 200 99416 "-" "Mozilla/5.0 (Windows NT 5.1; rv:11.0) Gecko Firefox/11.0 (via ggpht.com GoogleImageProxy)"
66.249.75.186 - - [28/May/2021:06:36:13 +0200] "GET /images/big_prod/9316188081979.jpg HTTP/1.1" 200 88453 "-" "Googlebot-Image/1.0"
66.249.75.186 - - [28/May/2021:06:36:14 +0200] "GET /images/big_prod/3520071592442.jpg HTTP/1.1" 200 65045 "-" "Googlebot-Image/1.0"
5.9.61.232 - - [28/May/2021:06:37:43 +0200] "GET /robots.txt HTTP/1.1" 200 2438 "-" "Mozilla/5.0 (compatible; MJ12bot/v1.4.8; http://mj12bot.com/)"
66.249.75.188 - - [28/May/2021:06:38:34 +0200] "GET /images/mini_prod/8422144192321.jpg HTTP/1.1" 200 6132 "-" "Googlebot-Image/1.0"
114.119.132.105 - - [28/May/2021:06:38:55 +0200] "GET /images/mini_prod/3503420215452.jpg HTTP/1.1" 200 5779 "-" "Mozilla/5.0 (Linux; Android 7.0;) AppleWebKit/537.36 (KHTML, like Gecko) Mobile Safari/537.36 (compatible; PetalBot;+https://webmaster.petalsearch.com/site/petalbot)"
157.55.39.122 - - [28/May/2021:06:39:09 +0200] "GET /images/big_prod_1/8424345292913B.jpg HTTP/1.1" 200 73029 "-" "Mozilla/5.0 (compatible; bingbot/2.0; +http://www.bing.com/bingbot.htm)"
114.119.151.113 - - [28/May/2021:06:41:18 +0200] "GET /images/mini_prod/5051276250113.jpg HTTP/1.1" 200 8359 "-" "Mozilla/5.0 (Linux; Android 7.0;) AppleWebKit/537.36 (KHTML, like Gecko) Mobile Safari/537.36 (compatible; PetalBot;+https://webmaster.petalsearch.com/site/petalbot)"
207.46.13.38 - - [28/May/2021:06:41:27 +0200] "GET /images/8422111018095b2.jpg HTTP/1.1" 200 29259 "-" "Mozilla/5.0 (compatible; bingbot/2.0; +http://www.bing.com/bingbot.htm)"
185.191.171.17 - - [28/May/2021:06:45:40 +0200] "GET /robots.txt HTTP/1.1" 200 2438 "-" "Mozilla/5.0 (compatible; SemrushBot/7~bl; +http://www.semrush.com/bot.html)"
207.46.13.38 - - [28/May/2021:06:47:25 +0200] "GET /js/jquery.js HTTP/1.1" 200 54075 "-" "Mozilla/5.0 (compatible; bingbot/2.0; +http://www.bing.com/bingbot.htm)"
66.102.9.239 - - [28/May/2021:06:50:49 +0200] "GET /images/big_prod_2/3665269089219b.jpg HTTP/1.1" 200 269714 "-" "Mozilla/5.0 (Windows NT 5.1; rv:11.0) Gecko Firefox/11.0 (via ggpht.com GoogleImageProxy)"
157.55.39.22 - - [28/May/2021:06:52:25 +0200] "GET /images/big_prod/5051276225647.jpg HTTP/1.1" 200 87986 "-" "Mozilla/5.0 (compatible; bingbot/2.0; +http://www.bing.com/bingbot.htm)"
213.239.216.194 - - [28/May/2021:06:53:17 +0200] "GET /robots.txt HTTP/1.1" 200 2438 "-" "Mozilla/5.0 (compatible; MJ12bot/v1.4.8; http://mj12bot.com/)"
157.55.39.22 - - [28/May/2021:06:53:55 +0200] "GET /images/big_prod/8006180200157.jpg HTTP/1.1" 200 95143 "-" "Mozilla/5.0 (compatible; bingbot/2.0; +http://www.bing.com/bingbot.htm)"
114.119.150.15 - - [28/May/2021:06:54:41 +0200] "GET /images/big_prod/8433933229101.jpg HTTP/1.1" 200 149179 "-" "Mozilla/5.0 (Linux; Android 7.0;) AppleWebKit/537.36 (KHTML, like Gecko) Mobile Safari/537.36 (compatible; PetalBot;+https://webmaster.petalsearch.com/site/petalbot)"
207.46.13.38 - - [28/May/2021:06:56:29 +0200] "GET /images/8420406302577.jpg HTTP/1.1" 200 23797 "-" "Mozilla/5.0 (compatible; bingbot/2.0; +http://www.bing.com/bingbot.htm)"
66.249.75.170 - - [28/May/2021:06:57:35 +0200] "GET /images/big_prod/3560600314770.jpg HTTP/1.1" 200 72959 "-" "Googlebot-Image/1.0"
114.119.158.196 - - [28/May/2021:07:02:04 +0200] "GET /images/big_prod_1/3665269006346a.jpg HTTP/1.1" 200 289144 "-" "Mozilla/5.0 (Linux; Android 7.0;) AppleWebKit/537.36 (KHTML, like Gecko) Mobile Safari/537.36 (compatible; PetalBot;+https://webmaster.petalsearch.com/site/petalbot)"
173.212.216.3 - - [28/May/2021:07:05:38 +0200] "GET /robots.txt HTTP/1.1" 200 2438 "-" "Mozilla/5.0 (compatible; MJ12bot/v1.4.8; http://mj12bot.com/)"
40.77.167.70 - - [28/May/2021:07:05:56 +0200] "GET /images/mini_prod/8422015319922C.jpg HTTP/1.1" 200 5583 "-" "Mozilla/5.0 (compatible; bingbot/2.0; +http://www.bing.com/bingbot.htm)"
40.77.167.70 - - [28/May/2021:07:05:57 +0200] "GET /images/big_prod/3520071619026.jpg HTTP/1.1" 200 41698 "-" "Mozilla/5.0 (compatible; bingbot/2.0; +http://www.bing.com/bingbot.htm)"
157.55.39.122 - - [28/May/2021:07:10:01 +0200] "GET /images/mini_prod/8424001714841.jpg HTTP/1.1" 200 3054 "-" "Mozilla/5.0 (compatible; bingbot/2.0; +http://www.bing.com/bingbot.htm)"
40.77.167.90 - - [28/May/2021:07:10:44 +0200] "GET /images/big_prod/3609810036192.jpg HTTP/1.1" 200 95518 "-" "Mozilla/5.0 (compatible; bingbot/2.0; +http://www.bing.com/bingbot.htm)"
207.46.13.38 - - [28/May/2021:07:13:48 +0200] "GET /images/big_prod/8719075391426.jpg HTTP/1.1" 200 45434 "-" "Mozilla/5.0 (compatible; bingbot/2.0; +http://www.bing.com/bingbot.htm)"
66.102.8.30 - - [28/May/2021:07:16:07 +0200] "GET /images/med_prod/1341689419929.jpg HTTP/1.1" 200 154632 "-" "Mozilla/5.0 (Windows NT 5.1; rv:11.0) Gecko Firefox/11.0 (via ggpht.com GoogleImageProxy)"
207.46.13.38 - - [28/May/2021:07:16:18 +0200] "GET /js/jquery.js HTTP/1.1" 200 54075 "-" "Mozilla/5.0 (compatible; bingbot/2.0; +http://www.bing.com/bingbot.htm)"
207.46.13.38 - - [28/May/2021:07:16:18 +0200] "GET /js/jquery.js HTTP/1.1" 200 54075 "-" "Mozilla/5.0 (compatible; bingbot/2.0; +http://www.bing.com/bingbot.htm)"
66.249.75.166 - - [28/May/2021:07:16:34 +0200] "GET /images/mini_prod/5018997626986.jpg HTTP/1.1" 200 7392 "-" "Googlebot-Image/1.0"
40.77.167.70 - - [28/May/2021:07:18:43 +0200] "GET /images/1399984220450.jpg HTTP/1.1" 200 15775 "-" "Mozilla/5.0 (compatible; bingbot/2.0; +http://www.bing.com/bingbot.htm)"
157.55.39.128 - - [28/May/2021:07:26:39 +0200] "GET /images/mini_prod/3520071693798.jpg HTTP/1.1" 200 4476 "-" "Mozilla/5.0 (compatible; bingbot/2.0; +http://www.bing.com/bingbot.htm)"
185.191.171.40 - - [28/May/2021:07:27:45 +0200] "GET /robots.txt HTTP/1.1" 200 2438 "-" "Mozilla/5.0 (compatible; SemrushBot/7~bl; +http://www.semrush.com/bot.html)"
40.77.167.90 - - [28/May/2021:07:28:15 +0200] "GET /images/mini_prod/4036113102108.jpg HTTP/1.1" 200 8245 "-" "Mozilla/5.0 (compatible; bingbot/2.0; +http://www.bing.com/bingbot.htm)"
157.55.39.122 - - [28/May/2021:07:33:24 +0200] "GET /images/mini_prod/3438100363218.jpg HTTP/1.1" 200 9526 "-" "Mozilla/5.0 (compatible; bingbot/2.0; +http://www.bing.com/bingbot.htm)"
66.249.75.166 - - [28/May/2021:07:35:10 +0200] "GET /images/big_prod_3/d8435465009381.jpg HTTP/1.1" 200 110039 "-" "Googlebot-Image/1.0"
66.249.75.168 - - [28/May/2021:07:36:13 +0200] "GET /images/3760116325424.jpg HTTP/1.1" 200 38430 "-" "Googlebot-Image/1.0"
185.191.171.20 - - [28/May/2021:07:40:20 +0200] "GET /robots.txt HTTP/1.1" 200 2438 "-" "Mozilla/5.0 (compatible; SemrushBot/7~bl; +http://www.semrush.com/bot.html)"
207.46.13.38 - - [28/May/2021:07:45:01 +0200] "GET /js/jquery.js HTTP/1.1" 200 54075 "-" "Mozilla/5.0 (compatible; bingbot/2.0; +http://www.bing.com/bingbot.htm)"
157.55.39.122 - - [28/May/2021:07:45:47 +0200] "GET /images/mini_prod/8433933124611.jpg HTTP/1.1" 200 6730 "-" "Mozilla/5.0 (compatible; bingbot/2.0; +http://www.bing.com/bingbot.htm)"
207.46.13.38 - - [28/May/2021:07:48:56 +0200] "GET /images/mini_prod/3565750277784.jpg HTTP/1.1" 200 6230 "-" "Mozilla/5.0 (compatible; bingbot/2.0; +http://www.bing.com/bingbot.htm)"
157.55.39.128 - - [28/May/2021:07:50:31 +0200] "GET /images/big_prod/1341689256739.jpg HTTP/1.1" 200 54695 "-" "Mozilla/5.0 (compatible; bingbot/2.0; +http://www.bing.com/bingbot.htm)"
40.77.167.90 - - [28/May/2021:07:52:31 +0200] "GET /images/big_prod/3565750324204.jpg HTTP/1.1" 200 146979 "-" "Mozilla/5.0 (compatible; bingbot/2.0; +http://www.bing.com/bingbot.htm)"
157.55.39.22 - - [28/May/2021:07:53:41 +0200] "GET /images/big_prod/3700230605972.jpg HTTP/1.1" 200 83633 "-" "Mozilla/5.0 (compatible; bingbot/2.0; +http://www.bing.com/bingbot.htm)"
66.249.75.166 - - [28/May/2021:07:55:02 +0200] "GET /robots.txt HTTP/1.1" 200 2438 "-" "Mozilla/5.0 (compatible; Googlebot/2.1; +http://www.google.com/bot.html)"
66.249.75.166 - - [28/May/2021:07:55:02 +0200] "GET /images/mini_prod/3661443602052.jpg HTTP/1.1" 200 4153 "-" "Googlebot-Image/1.0"
40.77.167.90 - - [28/May/2021:08:00:02 +0200] "GET /images/190907_025632_PEEL_keGG7K.jpg HTTP/1.1" 200 50034 "-" "Mozilla/5.0 (compatible; bingbot/2.0; +http://www.bing.com/bingbot.htm)"
157.55.39.122 - - [28/May/2021:08:00:17 +0200] "GET /images/3438100349564.jpg HTTP/1.1" 200 35955 "-" "Mozilla/5.0 (compatible; bingbot/2.0; +http://www.bing.com/bingbot.htm)"
207.46.13.38 - - [28/May/2021:08:00:29 +0200] "GET /images/big_prod_1/8717202558889b.jpg HTTP/1.1" 200 51014 "-" "Mozilla/5.0 (compatible; bingbot/2.0; +http://www.bing.com/bingbot.htm)"
64.233.172.84 - - [28/May/2021:08:01:59 +0200] "GET /images/8437105059923.jpg HTTP/1.1" 200 36085 "-" "Mozilla/5.0 (Windows NT 5.1; rv:11.0) Gecko Firefox/11.0 (via ggpht.com GoogleImageProxy)"
66.249.75.170 - - [28/May/2021:08:02:38 +0200] "GET /images/mini_prod/4036113830230.jpg HTTP/1.1" 200 10869 "-" "Googlebot-Image/1.0"
95.163.255.146 - - [28/May/2021:08:03:29 +0200] "GET /robots.txt HTTP/1.1" 200 2438 "-" "Mozilla/5.0 (compatible; Linux x86_64; Mail.RU_Bot/2.0; +http://go.mail.ru/help/robots)"
192.99.5.48 - - [28/May/2021:08:04:33 +0200] "GET /robots.txt HTTP/1.1" 200 2438 "-" "Mozilla/5.0 (compatible; MJ12bot/v1.4.8; http://mj12bot.com/)"
157.55.39.44 - - [28/May/2021:08:06:01 +0200] "GET /images/mini_prod/8720088299647.jpg HTTP/1.1" 200 5982 "-" "Mozilla/5.0 (compatible; bingbot/2.0; +http://www.bing.com/bingbot.htm)"
157.55.39.44 - - [28/May/2021:08:06:33 +0200] "GET /images/big_prod/4036113280035.jpg HTTP/1.1" 200 91160 "-" "Mozilla/5.0 (compatible; bingbot/2.0; +http://www.bing.com/bingbot.htm)"
40.77.167.70 - - [28/May/2021:08:09:28 +0200] "GET /images/6942138919509.jpg HTTP/1.1" 200 94374 "-" "Mozilla/5.0 (compatible; bingbot/2.0; +http://www.bing.com/bingbot.htm)"
157.55.39.128 - - [28/May/2021:08:10:53 +0200] "GET /images/med_prod/4010070303938.jpg HTTP/1.1" 200 119332 "-" "Mozilla/5.0 (compatible; bingbot/2.0; +http://www.bing.com/bingbot.htm)"
66.249.75.170 - - [28/May/2021:08:13:37 +0200] "GET /images/mini_prod/3609810077287.jpg HTTP/1.1" 200 12653 "-" "Googlebot-Image/1.0"
207.46.13.38 - - [28/May/2021:08:15:54 +0200] "GET /js/jquery.js HTTP/1.1" 200 54075 "-" "Mozilla/5.0 (compatible; bingbot/2.0; +http://www.bing.com/bingbot.htm)"
207.46.13.38 - - [28/May/2021:08:15:54 +0200] "GET /js/jquery.js HTTP/1.1" 200 54075 "-" "Mozilla/5.0 (compatible; bingbot/2.0; +http://www.bing.com/bingbot.htm)"
66.249.75.168 - - [28/May/2021:08:16:18 +0200] "GET /images/big_prod_2/9316188055567b.jpg HTTP/1.1" 200 61074 "-" "Googlebot-Image/1.0"
207.46.13.38 - - [28/May/2021:08:16:28 +0200] "GET /images/DSCN3969.jpg HTTP/1.1" 200 14818 "-" "Mozilla/5.0 (compatible; bingbot/2.0; +http://www.bing.com/bingbot.htm)"
157.55.39.152 - - [28/May/2021:08:20:23 +0200] "GET /images/big_prod/1399985000181.jpg HTTP/1.1" 200 143254 "-" "Mozilla/5.0 (compatible; bingbot/2.0; +http://www.bing.com/bingbot.htm)"
157.55.39.44 - - [28/May/2021:08:23:33 +0200] "GET /images/mini_prod/8718657467146.jpg HTTP/1.1" 200 5081 "-" "Mozilla/5.0 (compatible; bingbot/2.0; +http://www.bing.com/bingbot.htm)"
95.163.255.137 - - [28/May/2021:08:23:34 +0200] "GET /robots.txt HTTP/1.1" 200 2438 "-" "Mozilla/5.0 (compatible; Linux x86_64; Mail.RU_Bot/2.0; +http://go.mail.ru/help/robots)"
35.227.2.210 - - [28/May/2021:08:23:45 +0200] "GET /robots.txt HTTP/1.0" 200 2438 "-" "ZoominfoBot (zoominfobot at zoominfo dot com)"
185.191.171.45 - - [28/May/2021:08:28:13 +0200] "GET /robots.txt HTTP/1.1" 200 2438 "-" "Mozilla/5.0 (compatible; SemrushBot/7~bl; +http://www.semrush.com/bot.html)"
157.55.39.22 - - [28/May/2021:08:30:44 +0200] "GET /images/big_prod/1365382000000.jpg HTTP/1.1" 200 84555 "-" "Mozilla/5.0 (compatible; bingbot/2.0; +http://www.bing.com/bingbot.htm)"
40.77.167.50 - - [28/May/2021:08:31:00 +0200] "GET /robots.txt HTTP/1.1" 200 2438 "-" "Mozilla/5.0 (compatible; bingbot/2.0; +http://www.bing.com/bingbot.htm)"
66.249.75.170 - - [28/May/2021:08:32:09 +0200] "GET /images/mini_prod/3279390169131.jpg HTTP/1.1" 200 10027 "-" "Googlebot-Image/1.0"
66.249.75.168 - - [28/May/2021:08:36:13 +0200] "GET /images/big_prod/5902335380282.jpg HTTP/1.1" 200 86039 "-" "Googlebot-Image/1.0"
40.77.167.64 - - [28/May/2021:08:37:35 +0200] "GET /images/big_prod_1/3700230606245a.jpg HTTP/1.1" 200 40148 "-" "Mozilla/5.0 (compatible; bingbot/2.0; +http://www.bing.com/bingbot.htm)"
66.249.75.166 - - [28/May/2021:08:39:28 +0200] "GET /images/8412906960104.jpg HTTP/1.1" 200 60933 "-" "Googlebot-Image/1.0"
40.77.167.64 - - [28/May/2021:08:41:06 +0200] "GET /images/big_prod/b3700276294789.jpg HTTP/1.1" 200 41333 "-" "Mozilla/5.0 (compatible; bingbot/2.0; +http://www.bing.com/bingbot.htm)"
66.249.75.170 - - [28/May/2021:08:42:25 +0200] "GET /images/mini_prod/1962360000009.jpg HTTP/1.1" 200 5941 "-" "Googlebot-Image/1.0"
40.77.167.90 - - [28/May/2021:08:42:38 +0200] "GET /images/big_prod/3608860230260.jpg HTTP/1.1" 200 81318 "-" "Mozilla/5.0 (compatible; bingbot/2.0; +http://www.bing.com/bingbot.htm)"
157.55.39.122 - - [28/May/2021:08:45:42 +0200] "GET /images/med_prod/1384010176320.jpg HTTP/1.1" 200 56801 "-" "Mozilla/5.0 (compatible; bingbot/2.0; +http://www.bing.com/bingbot.htm)"
192.99.14.130 - - [28/May/2021:08:46:15 +0200] "GET /robots.txt HTTP/1.1" 200 2438 "-" "Mozilla/5.0 (compatible; MJ12bot/v1.4.8; http://mj12bot.com/)"
207.46.13.38 - - [28/May/2021:08:46:59 +0200] "GET /js/jquery.js HTTP/1.1" 200 54075 "-" "Mozilla/5.0 (compatible; bingbot/2.0; +http://www.bing.com/bingbot.htm)"
207.46.13.38 - - [28/May/2021:08:47:00 +0200] "GET /js/jquery.js HTTP/1.1" 200 54075 "-" "Mozilla/5.0 (compatible; bingbot/2.0; +http://www.bing.com/bingbot.htm)"
207.46.13.38 - - [28/May/2021:08:47:17 +0200] "GET /js/jquery.js HTTP/1.1" 200 54075 "-" "Mozilla/5.0 (compatible; bingbot/2.0; +http://www.bing.com/bingbot.htm)"
157.55.39.152 - - [28/May/2021:08:47:25 +0200] "GET /images/big_prod_1/6971640206074a.jpg HTTP/1.1" 200 172154 "-" "Mozilla/5.0 (compatible; bingbot/2.0; +http://www.bing.com/bingbot.htm)"
40.77.167.64 - - [28/May/2021:08:47:29 +0200] "GET /images/big_prod_2/6971640206074b.jpg HTTP/1.1" 200 133910 "-" "Mozilla/5.0 (compatible; bingbot/2.0; +http://www.bing.com/bingbot.htm)"
40.77.167.64 - - [28/May/2021:08:47:29 +0200] "GET /images/big_prod_3/6971640206074c.jpg HTTP/1.1" 200 119195 "-" "Mozilla/5.0 (compatible; bingbot/2.0; +http://www.bing.com/bingbot.htm)"
157.55.39.22 - - [28/May/2021:08:47:35 +0200] "GET /images/big_prod/6971640206074.jpg HTTP/1.1" 200 182629 "-" "Mozilla/5.0 (compatible; bingbot/2.0; +http://www.bing.com/bingbot.htm)"
157.55.39.22 - - [28/May/2021:08:47:36 +0200] "GET /images/big_prod_4/6971640206074d.jpg HTTP/1.1" 200 181054 "-" "Mozilla/5.0 (compatible; bingbot/2.0; +http://www.bing.com/bingbot.htm)"
207.46.13.38 - - [28/May/2021:08:47:39 +0200] "GET /images/big_prod_5/6971640206074e.jpg HTTP/1.1" 200 129427 "-" "Mozilla/5.0 (compatible; bingbot/2.0; +http://www.bing.com/bingbot.htm)"
157.55.39.122 - - [28/May/2021:08:55:02 +0200] "GET /images/3700653500342.jpg HTTP/1.1" 200 29855 "-" "Mozilla/5.0 (compatible; bingbot/2.0; +http://www.bing.com/bingbot.htm)"
95.163.255.143 - - [28/May/2021:08:56:05 +0200] "GET /robots.txt HTTP/1.1" 200 2438 "-" "Mozilla/5.0 (compatible; Linux x86_64; Mail.RU_Bot/2.0; +http://go.mail.ru/help/robots)"
207.46.13.38 - - [28/May/2021:08:59:41 +0200] "GET /images/med_prod/1399984220368NN.jpg HTTP/1.1" 200 72077 "-" "Mozilla/5.0 (compatible; bingbot/2.0; +http://www.bing.com/bingbot.htm)"
40.77.167.64 - - [28/May/2021:09:01:18 +0200] "GET /images/081008_191329_PEEL_4E7rkE.jpg HTTP/1.1" 200 17751 "-" "Mozilla/5.0 (compatible; bingbot/2.0; +http://www.bing.com/bingbot.htm)"
157.55.39.152 - - [28/May/2021:09:01:37 +0200] "GET /images/4036113142234.jpg HTTP/1.1" 200 45213 "-" "Mozilla/5.0 (compatible; bingbot/2.0; +http://www.bing.com/bingbot.htm)"
95.163.255.144 - - [28/May/2021:09:01:49 +0200] "GET /favicon.ico HTTP/1.1" 200 1591 "-" "Mozilla/5.0 (compatible; Linux x86_64; Mail.RU_Bot/Favicons/2.0; +https://help.mail.ru/webmaster/indexing/robots)"
54.236.1.11 - - [28/May/2021:09:02:46 +0200] "GET /images/mibascharlotte.jpg HTTP/1.1" 200 21726 "-" "Mozilla/5.0 (compatible; Pinterestbot/1.0; +http://www.pinterest.com/bot.html)"
157.55.39.122 - - [28/May/2021:09:02:53 +0200] "GET /images/big_prod/3453131125031.jpg HTTP/1.1" 200 90345 "-" "Mozilla/5.0 (compatible; bingbot/2.0; +http://www.bing.com/bingbot.htm)"
157.55.39.128 - - [28/May/2021:09:09:08 +0200] "GET /images/1399984254417.jpg HTTP/1.1" 200 95005 "-" "Mozilla/5.0 (compatible; bingbot/2.0; +http://www.bing.com/bingbot.htm)"
66.249.75.168 - - [28/May/2021:09:10:09 +0200] "GET /images/big_prod_3/1345544973564d.jpg HTTP/1.1" 200 72565 "-" "Googlebot-Image/1.0"
114.119.158.196 - - [28/May/2021:09:10:13 +0200] "GET /images/big_prod/1384000001519.jpg HTTP/1.1" 200 231859 "-" "Mozilla/5.0 (Linux; Android 7.0;) AppleWebKit/537.36 (KHTML, like Gecko) Mobile Safari/537.36 (compatible; PetalBot;+https://webmaster.petalsearch.com/site/petalbot)"
157.55.39.152 - - [28/May/2021:09:10:27 +0200] "GET /images/med_prod/3503420125157.jpg HTTP/1.1" 200 71252 "-" "Mozilla/5.0 (compatible; bingbot/2.0; +http://www.bing.com/bingbot.htm)"
185.191.171.45 - - [28/May/2021:09:11:43 +0200] "GET /robots.txt HTTP/1.1" 200 2438 "-" "Mozilla/5.0 (compatible; SemrushBot/7~bl; +http://www.semrush.com/bot.html)"
157.55.39.22 - - [28/May/2021:09:17:49 +0200] "GET /images/big_prod/3014627558919.jpg HTTP/1.1" 200 122950 "-" "Mozilla/5.0 (compatible; bingbot/2.0; +http://www.bing.com/bingbot.htm)"
40.77.167.70 - - [28/May/2021:09:22:16 +0200] "GET /images/big_prod/8436048153217.jpg HTTP/1.1" 200 83635 "-" "Mozilla/5.0 (compatible; bingbot/2.0; +http://www.bing.com/bingbot.htm)"
66.249.75.170 - - [28/May/2021:09:25:07 +0200] "GET /images/mini_prod/0720322297291.jpg HTTP/1.1" 200 8088 "-" "Googlebot-Image/1.0"
114.119.151.113 - - [28/May/2021:09:28:08 +0200] "GET /images/big_prod_1/8424001602049B.jpg HTTP/1.1" 200 71721 "-" "Mozilla/5.0 (Linux; Android 7.0;) AppleWebKit/537.36 (KHTML, like Gecko) Mobile Safari/537.36 (compatible; PetalBot;+https://webmaster.petalsearch.com/site/petalbot)"
5.9.112.210 - - [28/May/2021:09:28:23 +0200] "GET /robots.txt HTTP/1.1" 200 2438 "-" "Mozilla/5.0 (compatible; MJ12bot/v1.4.8; http://mj12bot.com/)"
66.249.75.170 - - [28/May/2021:09:29:25 +0200] "GET /images/mini_prod/8433933208793.jpg HTTP/1.1" 200 11502 "-" "Googlebot-Image/1.0"
207.46.13.38 - - [28/May/2021:09:29:33 +0200] "GET /images/8029759061133.jpg HTTP/1.1" 200 56331 "-" "Mozilla/5.0 (compatible; bingbot/2.0; +http://www.bing.com/bingbot.htm)"
114.119.151.113 - - [28/May/2021:09:30:31 +0200] "GET /images/big_prod/8719497612895.jpg HTTP/1.1" 200 233881 "-" "Mozilla/5.0 (Linux; Android 7.0;) AppleWebKit/537.36 (KHTML, like Gecko) Mobile Safari/537.36 (compatible; PetalBot;+https://webmaster.petalsearch.com/site/petalbot)"
40.77.167.64 - - [28/May/2021:09:34:20 +0200] "GET /images/big_prod/3453131151276.jpg HTTP/1.1" 200 168395 "-" "Mozilla/5.0 (compatible; bingbot/2.0; +http://www.bing.com/bingbot.htm)"
40.77.167.90 - - [28/May/2021:09:36:49 +0200] "GET /images/big_prod/8904245400101.jpg HTTP/1.1" 200 66091 "-" "Mozilla/5.0 (compatible; bingbot/2.0; +http://www.bing.com/bingbot.htm)"
114.119.150.15 - - [28/May/2021:09:38:17 +0200] "GET /images/big_prod_1/8419810093379a.jpg HTTP/1.1" 200 176035 "-" "Mozilla/5.0 (Linux; Android 7.0;) AppleWebKit/537.36 (KHTML, like Gecko) Mobile Safari/537.36 (compatible; PetalBot;+https://webmaster.petalsearch.com/site/petalbot)"
66.249.75.166 - - [28/May/2021:09:38:56 +0200] "GET /images/big_prod_2/3665269082012a.jpg HTTP/1.1" 200 150744 "-" "Googlebot-Image/1.0"
207.46.13.38 - - [28/May/2021:09:39:05 +0200] "GET /images/med_prod/3438100363287.jpg HTTP/1.1" 200 135985 "-" "Mozilla/5.0 (compatible; bingbot/2.0; +http://www.bing.com/bingbot.htm)"
40.77.167.70 - - [28/May/2021:09:41:11 +0200] "GET /images/big_prod/8424345932369.jpg HTTP/1.1" 200 59580 "-" "Mozilla/5.0 (compatible; bingbot/2.0; +http://www.bing.com/bingbot.htm)"
40.77.167.64 - - [28/May/2021:09:42:21 +0200] "GET /images/3761194750849.jpg HTTP/1.1" 200 42138 "-" "Mozilla/5.0 (compatible; bingbot/2.0; +http://www.bing.com/bingbot.htm)"
17.121.114.14 - - [28/May/2021:09:47:03 +0200] "GET /robots.txt HTTP/1.1" 200 2438 "-" "Mozilla/5.0 (Macintosh; Intel Mac OS X 10_15_5) AppleWebKit/605.1.15 (KHTML, like Gecko) Version/13.1.1 Safari/605.1.15 (Applebot/0.1; +http://www.apple.com/go/applebot)"
157.55.39.22 - - [28/May/2021:09:47:31 +0200] "GET /images/big_prod_2/5404006040773c.jpg HTTP/1.1" 200 93152 "-" "Mozilla/5.0 (compatible; bingbot/2.0; +http://www.bing.com/bingbot.htm)"
207.46.13.38 - - [28/May/2021:09:48:13 +0200] "GET /js/jquery.js HTTP/1.1" 200 54075 "-" "Mozilla/5.0 (compatible; bingbot/2.0; +http://www.bing.com/bingbot.htm)"
66.249.75.170 - - [28/May/2021:09:48:15 +0200] "GET /images/big_prod/5404006037926.jpg HTTP/1.1" 200 80768 "-" "Googlebot-Image/1.0"
207.46.13.38 - - [28/May/2021:09:48:23 +0200] "GET /js/jquery.js HTTP/1.1" 200 54075 "-" "Mozilla/5.0 (compatible; bingbot/2.0; +http://www.bing.com/bingbot.htm)"
114.119.158.196 - - [28/May/2021:09:49:14 +0200] "GET /images/big_prod/3609810059955.jpg HTTP/1.1" 200 114669 "-" "Mozilla/5.0 (Linux; Android 7.0;) AppleWebKit/537.36 (KHTML, like Gecko) Mobile Safari/537.36 (compatible; PetalBot;+https://webmaster.petalsearch.com/site/petalbot)"
157.55.39.22 - - [28/May/2021:09:50:11 +0200] "GET /images/mini_prod/8422001017627.jpg HTTP/1.1" 200 5112 "-" "Mozilla/5.0 (compatible; bingbot/2.0; +http://www.bing.com/bingbot.htm)"
157.55.39.122 - - [28/May/2021:09:51:29 +0200] "GET /images/big_prod_1/3453131145060B.jpg HTTP/1.1" 200 168255 "-" "Mozilla/5.0 (compatible; bingbot/2.0; +http://www.bing.com/bingbot.htm)"
157.55.39.44 - - [28/May/2021:09:52:12 +0200] "GET /images/mini_prod/1328399219193.jpg HTTP/1.1" 200 6281 "-" "Mozilla/5.0 (compatible; bingbot/2.0; +http://www.bing.com/bingbot.htm)"
157.55.39.128 - - [28/May/2021:09:55:25 +0200] "GET /images/big_prod_1/CD4061f.jpg HTTP/1.1" 200 289110 "-" "Mozilla/5.0 (compatible; bingbot/2.0; +http://www.bing.com/bingbot.htm)"
157.55.39.128 - - [28/May/2021:09:55:25 +0200] "GET /images/big_prod/3453131129152.jpg HTTP/1.1" 200 131043 "-" "Mozilla/5.0 (compatible; bingbot/2.0; +http://www.bing.com/bingbot.htm)"
157.55.39.128 - - [28/May/2021:09:55:26 +0200] "GET /images/4012390360370.jpg HTTP/1.1" 200 83055 "-" "Mozilla/5.0 (compatible; bingbot/2.0; +http://www.bing.com/bingbot.htm)"
157.55.39.152 - - [28/May/2021:09:56:02 +0200] "GET /images/mini_prod/1384000001694.jpg HTTP/1.1" 200 7500 "-" "Mozilla/5.0 (compatible; bingbot/2.0; +http://www.bing.com/bingbot.htm)"
185.191.171.1 - - [28/May/2021:09:56:41 +0200] "GET /robots.txt HTTP/1.1" 200 2438 "-" "Mozilla/5.0 (compatible; SemrushBot/7~bl; +http://www.semrush.com/bot.html)"
157.55.39.128 - - [28/May/2021:09:57:33 +0200] "GET /images/8423599061252.jpg HTTP/1.1" 200 33543 "-" "Mozilla/5.0 (compatible; bingbot/2.0; +http://www.bing.com/bingbot.htm)"
114.119.129.36 - - [28/May/2021:09:57:54 +0200] "GET /images/mini_prod/3453131155632.jpg HTTP/1.1" 200 9916 "-" "Mozilla/5.0 (Linux; Android 7.0;) AppleWebKit/537.36 (KHTML, like Gecko) Mobile Safari/537.36 (compatible; PetalBot;+https://webmaster.petalsearch.com/site/petalbot)"
157.55.39.122 - - [28/May/2021:09:58:09 +0200] "GET /images/8435333808078.jpg HTTP/1.1" 200 97111 "-" "Mozilla/5.0 (compatible; bingbot/2.0; +http://www.bing.com/bingbot.htm)"
66.249.75.168 - - [28/May/2021:09:59:30 +0200] "GET /images/big_prod/8422011475318.jpg HTTP/1.1" 200 48384 "-" "Googlebot-Image/1.0"
157.55.39.122 - - [28/May/2021:09:59:40 +0200] "GET /images/big_prod/8422014991129D.jpg HTTP/1.1" 200 290951 "-" "Mozilla/5.0 (compatible; bingbot/2.0; +http://www.bing.com/bingbot.htm)"
66.249.75.166 - - [28/May/2021:09:59:43 +0200] "GET /images/3700789201793.jpg HTTP/1.1" 200 91022 "-" "Googlebot-Image/1.0"
66.102.9.239 - - [28/May/2021:10:01:22 +0200] "GET /images/mini_prod/1362490000007.jpg HTTP/1.1" 200 4559 "-" "Mozilla/5.0 (Windows NT 5.1; rv:11.0) Gecko Firefox/11.0 (via ggpht.com GoogleImageProxy)"
37.248.158.201 - - [28/May/2021:10:01:36 +0200] "GET /js/jquery.jqzoom.js HTTP/1.1" 200 4761 "http://www.wonder-geek.com/bell-wall-bell-c-13_270.html" "Mozilla/5.0 (Windows NT 10.0; Win64; x64) AppleWebKit/537.36 (KHTML, like Gecko) Chrome/90.0.4430.212 Safari/537.36"
37.248.158.201 - - [28/May/2021:10:01:36 +0200] "GET /highslide/highslide.js HTTP/1.1" 200 42909 "http://www.wonder-geek.com/bell-wall-bell-c-13_270.html" "Mozilla/5.0 (Windows NT 10.0; Win64; x64) AppleWebKit/537.36 (KHTML, like Gecko) Chrome/90.0.4430.212 Safari/537.36"
37.248.158.201 - - [28/May/2021:10:01:36 +0200] "GET /js/jquery.js HTTP/1.1" 200 54075 "http://www.wonder-geek.com/bell-wall-bell-c-13_270.html" "Mozilla/5.0 (Windows NT 10.0; Win64; x64) AppleWebKit/537.36 (KHTML, like Gecko) Chrome/90.0.4430.212 Safari/537.36"
37.248.158.201 - - [28/May/2021:10:01:36 +0200] "GET /templates/Pixame_v1/stylesheet.css HTTP/1.1" 200 56057 "http://www.wonder-geek.com/bell-wall-bell-c-13_270.html" "Mozilla/5.0 (Windows NT 10.0; Win64; x64) AppleWebKit/537.36 (KHTML, like Gecko) Chrome/90.0.4430.212 Safari/537.36"
