37.248.158.201 - - [28/May/2021:10:01:36 +0200] "GET /mondial_relay/js/jquery-1.3.2.min.js HTTP/1.1" 200 57254 "http://www.wonder-geek.com/bell-wall-bell-c-13_270.html" "Mozilla/5.0 (Windows NT 10.0; Win64; x64) AppleWebKit/537.36 (KHTML, like Gecko) Chrome/90.0.4430.212 Safari/537.36"
37.248.158.201 - - [28/May/2021:10:01:36 +0200] "GET /templates/Pixame_v1/images/icon_accueil2.png HTTP/1.1" 200 1137 "http://www.wonder-geek.com/bell-wall-bell-c-13_270.html" "Mozilla/5.0 (Windows NT 10.0; Win64; x64) AppleWebKit/537.36 (KHTML, like Gecko) Chrome/90.0.4430.212 Safari/537.36"
37.248.158.201 - - [28/May/2021:10:01:36 +0200] "GET /js/modernizr-transitions.js HTTP/1.1" 200 2026 "http://www.wonder-geek.com/bell-wall-bell-c-13_270.html" "Mozilla/5.0 (Windows NT 10.0; Win64; x64) AppleWebKit/537.36 (KHTML, like Gecko) Chrome/90.0.4430.212 Safari/537.36"
37.248.158.201 - - [28/May/2021:10:01:36 +0200] "GET /js/jquery.masonry.min.js HTTP/1.1" 200 5392 "http://www.wonder-geek.com/bell-wall-bell-c-13_270.html" "Mozilla/5.0 (Windows NT 10.0; Win64; x64) AppleWebKit/537.36 (KHTML, like Gecko) Chrome/90.0.4430.212 Safari/537.36"
37.248.158.201 - - [28/May/2021:10:01:36 +0200] "GET /templates/Pixame_v1/images/nav.png HTTP/1.1" 200 1283 "http://www.wonder-geek.com/templates/Pixame_v1/stylesheet.css" "Mozilla/5.0 (Windows NT 10.0; Win64; x64) AppleWebKit/537.36 (KHTML, like Gecko) Chrome/90.0.4430.212 Safari/537.36"
37.248.158.201 - - [28/May/2021:10:01:36 +0200] "GET /templates/Pixame_v1/images/Bottom_texture.jpg HTTP/1.1" 200 56290 "http://www.wonder-geek.com/templates/Pixame_v1/stylesheet.css" "Mozilla/5.0 (Windows NT 10.0; Win64; x64) AppleWebKit/537.36 (KHTML, like Gecko) Chrome/90.0.4430.212 Safari/537.36"
37.248.158.201 - - [28/May/2021:10:01:36 +0200] "GET /images/mini_prod/5414451985017.jpg HTTP/1.1" 200 5558 "http://www.wonder-geek.com/bell-wall-bell-c-13_270.html" "Mozilla/5.0 (Windows NT 10.0; Win64; x64) AppleWebKit/537.36 (KHTML, like Gecko) Chrome/90.0.4430.212 Safari/537.36"
37.248.158.201 - - [28/May/2021:10:01:36 +0200] "GET /images/mini_prod/1362490000007.jpg HTTP/1.1" 200 4559 "http://www.wonder-geek.com/bell-wall-bell-c-13_270.html" "Mozilla/5.0 (Windows NT 10.0; Win64; x64) AppleWebKit/537.36 (KHTML, like Gecko) Chrome/90.0.4430.212 Safari/537.36"
37.248.158.201 - - [28/May/2021:10:01:36 +0200] "GET /templates/Pixame_v1/images/header-object.png HTTP/1.1" 200 106050 "http://www.wonder-geek.com/templates/Pixame_v1/stylesheet.css" "Mozilla/5.0 (Windows NT 10.0; Win64; x64) AppleWebKit/537.36 (KHTML, like Gecko) Chrome/90.0.4430.212 Safari/537.36"
37.248.158.201 - - [28/May/2021:10:01:36 +0200] "GET /templates/Pixame_v1/images/header.png HTTP/1.1" 200 70245 "http://www.wonder-geek.com/templates/Pixame_v1/stylesheet.css" "Mozilla/5.0 (Windows NT 10.0; Win64; x64) AppleWebKit/537.36 (KHTML, like Gecko) Chrome/90.0.4430.212 Safari/537.36"
37.248.158.201 - - [28/May/2021:10:01:36 +0200] "GET /images/mini_prod/1300000836173.jpg HTTP/1.1" 200 4379 "http://www.wonder-geek.com/bell-wall-bell-c-13_270.html" "Mozilla/5.0 (Windows NT 10.0; Win64; x64) AppleWebKit/537.36 (KHTML, like Gecko) Chrome/90.0.4430.212 Safari/537.36"
37.248.158.201 - - [28/May/2021:10:01:36 +0200] "GET /images/mini_prod/3520071693804.jpg HTTP/1.1" 200 4346 "http://www.wonder-geek.com/bell-wall-bell-c-13_270.html" "Mozilla/5.0 (Windows NT 10.0; Win64; x64) AppleWebKit/537.36 (KHTML, like Gecko) Chrome/90.0.4430.212 Safari/537.36"
37.248.158.201 - - [28/May/2021:10:01:36 +0200] "GET /images/mini_prod/1399124740022.jpg HTTP/1.1" 200 4040 "http://www.wonder-geek.com/bell-wall-bell-c-13_270.html" "Mozilla/5.0 (Windows NT 10.0; Win64; x64) AppleWebKit/537.36 (KHTML, like Gecko) Chrome/90.0.4430.212 Safari/537.36"
37.248.158.201 - - [28/May/2021:10:01:36 +0200] "GET /images/mini_prod/8422033150156.jpg HTTP/1.1" 200 4876 "http://www.wonder-geek.com/bell-wall-bell-c-13_270.html" "Mozilla/5.0 (Windows NT 10.0; Win64; x64) AppleWebKit/537.36 (KHTML, like Gecko) Chrome/90.0.4430.212 Safari/537.36"
37.248.158.201 - - [28/May/2021:10:01:36 +0200] "GET /images/mini_prod/3503420158926.jpg HTTP/1.1" 200 4438 "http://www.wonder-geek.com/bell-wall-bell-c-13_270.html" "Mozilla/5.0 (Windows NT 10.0; Win64; x64) AppleWebKit/537.36 (KHTML, like Gecko) Chrome/90.0.4430.212 Safari/537.36"
37.248.158.201 - - [28/May/2021:10:01:36 +0200] "GET /images/mini_prod/1360150000008.jpg HTTP/1.1" 200 5979 "http://www.wonder-geek.com/bell-wall-bell-c-13_270.html" "Mozilla/5.0 (Windows NT 10.0; Win64; x64) AppleWebKit/537.36 (KHTML, like Gecko) Chrome/90.0.4430.212 Safari/537.36"
37.248.158.201 - - [28/May/2021:10:01:36 +0200] "GET /images/mini_prod/5415203421760.jpg HTTP/1.1" 200 5571 "http://www.wonder-geek.com/bell-wall-bell-c-13_270.html" "Mozilla/5.0 (Windows NT 10.0; Win64; x64) AppleWebKit/537.36 (KHTML, like Gecko) Chrome/90.0.4430.212 Safari/537.36"
37.248.158.201 - - [28/May/2021:10:01:37 +0200] "GET /design/productsenstock.png HTTP/1.1" 200 4743 "http://www.wonder-geek.com/templates/Pixame_v1/stylesheet.css" "Mozilla/5.0 (Windows NT 10.0; Win64; x64) AppleWebKit/537.36 (KHTML, like Gecko) Chrome/90.0.4430.212 Safari/537.36"
37.248.158.201 - - [28/May/2021:10:01:37 +0200] "GET /templates/Pixame_v1/images/Middle_texture.jpg HTTP/1.1" 200 249620 "http://www.wonder-geek.com/templates/Pixame_v1/stylesheet.css" "Mozilla/5.0 (Windows NT 10.0; Win64; x64) AppleWebKit/537.36 (KHTML, like Gecko) Chrome/90.0.4430.212 Safari/537.36"
37.248.158.201 - - [28/May/2021:10:01:37 +0200] "GET /images/mini_prod/1362530000004.jpg HTTP/1.1" 200 2687 "http://www.wonder-geek.com/bell-wall-bell-c-13_270.html" "Mozilla/5.0 (Windows NT 10.0; Win64; x64) AppleWebKit/537.36 (KHTML, like Gecko) Chrome/90.0.4430.212 Safari/537.36"
37.248.158.201 - - [28/May/2021:10:01:37 +0200] "GET /images/mini_prod/8433933116036.jpg HTTP/1.1" 200 3005 "http://www.wonder-geek.com/bell-wall-bell-c-13_270.html" "Mozilla/5.0 (Windows NT 10.0; Win64; x64) AppleWebKit/537.36 (KHTML, like Gecko) Chrome/90.0.4430.212 Safari/537.36"
37.248.158.201 - - [28/May/2021:10:01:37 +0200] "GET /images/mini_prod/8433933158333.jpg HTTP/1.1" 200 4499 "http://www.wonder-geek.com/bell-wall-bell-c-13_270.html" "Mozilla/5.0 (Windows NT 10.0; Win64; x64) AppleWebKit/537.36 (KHTML, like Gecko) Chrome/90.0.4430.212 Safari/537.36"
37.248.158.201 - - [28/May/2021:10:01:37 +0200] "GET /images/mini_prod/3520071693798.jpg HTTP/1.1" 200 4476 "http://www.wonder-geek.com/bell-wall-bell-c-13_270.html" "Mozilla/5.0 (Windows NT 10.0; Win64; x64) AppleWebKit/537.36 (KHTML, like Gecko) Chrome/90.0.4430.212 Safari/537.36"
37.248.158.201 - - [28/May/2021:10:01:37 +0200] "GET /images/mini_prod/8433933058787.jpg HTTP/1.1" 200 6332 "http://www.wonder-geek.com/bell-wall-bell-c-13_270.html" "Mozilla/5.0 (Windows NT 10.0; Win64; x64) AppleWebKit/537.36 (KHTML, like Gecko) Chrome/90.0.4430.212 Safari/537.36"
37.248.158.201 - - [28/May/2021:10:01:37 +0200] "GET /images/mini_prod/8433933113790.jpg HTTP/1.1" 200 3175 "http://www.wonder-geek.com/bell-wall-bell-c-13_270.html" "Mozilla/5.0 (Windows NT 10.0; Win64; x64) AppleWebKit/537.36 (KHTML, like Gecko) Chrome/90.0.4430.212 Safari/537.36"
37.248.158.201 - - [28/May/2021:10:01:37 +0200] "GET /images/mini_prod/8422002383769.jpg HTTP/1.1" 200 4343 "http://www.wonder-geek.com/bell-wall-bell-c-13_270.html" "Mozilla/5.0 (Windows NT 10.0; Win64; x64) AppleWebKit/537.36 (KHTML, like Gecko) Chrome/90.0.4430.212 Safari/537.36"
37.248.158.201 - - [28/May/2021:10:01:37 +0200] "GET /images/mini_prod/8433933717578.jpg HTTP/1.1" 200 6911 "http://www.wonder-geek.com/bell-wall-bell-c-13_270.html" "Mozilla/5.0 (Windows NT 10.0; Win64; x64) AppleWebKit/537.36 (KHTML, like Gecko) Chrome/90.0.4430.212 Safari/537.36"
37.248.158.201 - - [28/May/2021:10:01:37 +0200] "GET /images/mini_prod/8433933052174.jpg HTTP/1.1" 200 6575 "http://www.wonder-geek.com/bell-wall-bell-c-13_270.html" "Mozilla/5.0 (Windows NT 10.0; Win64; x64) AppleWebKit/537.36 (KHTML, like Gecko) Chrome/90.0.4430.212 Safari/537.36"
37.248.158.201 - - [28/May/2021:10:01:37 +0200] "GET /images/mini_prod/1300000170109.jpg HTTP/1.1" 200 3706 "http://www.wonder-geek.com/bell-wall-bell-c-13_270.html" "Mozilla/5.0 (Windows NT 10.0; Win64; x64) AppleWebKit/537.36 (KHTML, like Gecko) Chrome/90.0.4430.212 Safari/537.36"
37.248.158.201 - - [28/May/2021:10:01:37 +0200] "GET /images/mini_prod/8433933595077.jpg HTTP/1.1" 200 4792 "http://www.wonder-geek.com/bell-wall-bell-c-13_270.html" "Mozilla/5.0 (Windows NT 10.0; Win64; x64) AppleWebKit/537.36 (KHTML, like Gecko) Chrome/90.0.4430.212 Safari/537.36"
37.248.158.201 - - [28/May/2021:10:01:37 +0200] "GET /highslide/graphics/outlines/drop-shadow.png HTTP/1.1" 200 2022 "http://www.wonder-geek.com/bell-wall-bell-c-13_270.html" "Mozilla/5.0 (Windows NT 10.0; Win64; x64) AppleWebKit/537.36 (KHTML, like Gecko) Chrome/90.0.4430.212 Safari/537.36"
37.248.158.201 - - [28/May/2021:10:01:37 +0200] "GET /favicon.ico HTTP/1.1" 200 1591 "http://www.wonder-geek.com/bell-wall-bell-c-13_270.html" "Mozilla/5.0 (Windows NT 10.0; Win64; x64) AppleWebKit/537.36 (KHTML, like Gecko) Chrome/90.0.4430.212 Safari/537.36"
114.119.130.202 - - [28/May/2021:10:05:01 +0200] "GET /images/big_prod/3503420188558.jpg HTTP/1.1" 200 206338 "-" "Mozilla/5.0 (Linux; Android 7.0;) AppleWebKit/537.36 (KHTML, like Gecko) Mobile Safari/537.36 (compatible; PetalBot;+https://webmaster.petalsearch.com/site/petalbot)"
144.76.81.229 - - [28/May/2021:10:07:49 +0200] "GET /robots.txt HTTP/1.1" 200 2438 "-" "Mozilla/5.0 (compatible; MJ12bot/v1.4.8; http://mj12bot.com/)"
40.77.167.70 - - [28/May/2021:10:07:50 +0200] "GET /images/4897021357451.jpg HTTP/1.1" 200 83472 "-" "Mozilla/5.0 (compatible; bingbot/2.0; +http://www.bing.com/bingbot.htm)"
66.249.75.166 - - [28/May/2021:10:09:07 +0200] "GET /images/big_prod_1/b8435465009381.jpg HTTP/1.1" 200 59952 "-" "Googlebot-Image/1.0"
66.249.75.166 - - [28/May/2021:10:10:13 +0200] "GET /images/mini_prod/3681643302262.jpg HTTP/1.1" 200 7171 "-" "Googlebot-Image/1.0"
114.119.150.15 - - [28/May/2021:10:10:17 +0200] "GET /images/big_prod/8718657460031B.jpg HTTP/1.1" 200 203740 "-" "Mozilla/5.0 (Linux; Android 7.0;) AppleWebKit/537.36 (KHTML, like Gecko) Mobile Safari/537.36 (compatible; PetalBot;+https://webmaster.petalsearch.com/site/petalbot)"
157.55.39.128 - - [28/May/2021:10:10:35 +0200] "GET /images/8003990628133.jpg HTTP/1.1" 200 41035 "-" "Mozilla/5.0 (compatible; bingbot/2.0; +http://www.bing.com/bingbot.htm)"
66.249.76.62 - - [28/May/2021:10:14:27 +0200] "GET /images/mini_prod/8433933158289.jpg HTTP/1.1" 200 3371 "-" "Googlebot-Image/1.0"
40.77.167.70 - - [28/May/2021:10:15:42 +0200] "GET /images/big_prod/3609810062030.jpg HTTP/1.1" 200 88151 "-" "Mozilla/5.0 (compatible; bingbot/2.0; +http://www.bing.com/bingbot.htm)"
114.119.147.45 - - [28/May/2021:10:16:04 +0200] "GET /images/8928501299957.jpg HTTP/1.1" 200 16928 "-" "Mozilla/5.0 (Linux; Android 7.0;) AppleWebKit/537.36 (KHTML, like Gecko) Mobile Safari/537.36 (compatible; PetalBot;+https://webmaster.petalsearch.com/site/petalbot)"
207.46.13.38 - - [28/May/2021:10:16:10 +0200] "GET /images/mini_prod/3520071778235.jpg HTTP/1.1" 200 6337 "-" "Mozilla/5.0 (compatible; bingbot/2.0; +http://www.bing.com/bingbot.htm)"
207.46.13.38 - - [28/May/2021:10:18:26 +0200] "GET /js/jquery.js HTTP/1.1" 200 54075 "-" "Mozilla/5.0 (compatible; bingbot/2.0; +http://www.bing.com/bingbot.htm)"
207.46.13.38 - - [28/May/2021:10:18:26 +0200] "GET /js/jquery.js HTTP/1.1" 200 54075 "-" "Mozilla/5.0 (compatible; bingbot/2.0; +http://www.bing.com/bingbot.htm)"
207.46.13.38 - - [28/May/2021:10:18:27 +0200] "GET /js/jquery.js HTTP/1.1" 200 54075 "-" "Mozilla/5.0 (compatible; bingbot/2.0; +http://www.bing.com/bingbot.htm)"
157.55.39.44 - - [28/May/2021:10:21:24 +0200] "GET /images/mini_prod/8422011490038.jpg HTTP/1.1" 200 9105 "-" "Mozilla/5.0 (compatible; bingbot/2.0; +http://www.bing.com/bingbot.htm)"
86.91.184.147 - - [28/May/2021:10:21:59 +0200] "GET /js/jquery.jqzoom.js HTTP/1.1" 200 4761 "http://www.wonder-geek.com/crystal-salt-night-light-p-52242.html" "Mozilla/5.0 (Windows NT 10.0; Win64; x64) AppleWebKit/537.36 (KHTML, like Gecko) Chrome/90.0.4430.212 Safari/537.36"
86.91.184.147 - - [28/May/2021:10:21:59 +0200] "GET /highslide/highslide.js HTTP/1.1" 200 42909 "http://www.wonder-geek.com/crystal-salt-night-light-p-52242.html" "Mozilla/5.0 (Windows NT 10.0; Win64; x64) AppleWebKit/537.36 (KHTML, like Gecko) Chrome/90.0.4430.212 Safari/537.36"
86.91.184.147 - - [28/May/2021:10:21:59 +0200] "GET /templates/Pixame_v1/stylesheet.css HTTP/1.1" 200 56057 "http://www.wonder-geek.com/crystal-salt-night-light-p-52242.html" "Mozilla/5.0 (Windows NT 10.0; Win64; x64) AppleWebKit/537.36 (KHTML, like Gecko) Chrome/90.0.4430.212 Safari/537.36"
86.91.184.147 - - [28/May/2021:10:21:59 +0200] "GET /js/jquery.js HTTP/1.1" 200 54075 "http://www.wonder-geek.com/crystal-salt-night-light-p-52242.html" "Mozilla/5.0 (Windows NT 10.0; Win64; x64) AppleWebKit/537.36 (KHTML, like Gecko) Chrome/90.0.4430.212 Safari/537.36"
86.91.184.147 - - [28/May/2021:10:21:59 +0200] "GET /mondial_relay/js/jquery-1.3.2.min.js HTTP/1.1" 200 57254 "http://www.wonder-geek.com/crystal-salt-night-light-p-52242.html" "Mozilla/5.0 (Windows NT 10.0; Win64; x64) AppleWebKit/537.36 (KHTML, like Gecko) Chrome/90.0.4430.212 Safari/537.36"
86.91.184.147 - - [28/May/2021:10:21:59 +0200] "GET /templates/Pixame_v1/images/icon_accueil2.png HTTP/1.1" 200 1137 "http://www.wonder-geek.com/crystal-salt-night-light-p-52242.html" "Mozilla/5.0 (Windows NT 10.0; Win64; x64) AppleWebKit/537.36 (KHTML, like Gecko) Chrome/90.0.4430.212 Safari/537.36"
86.91.184.147 - - [28/May/2021:10:21:59 +0200] "GET /templates/Pixame_v1/images/buttons/english/button_in_cart.gif HTTP/1.1" 200 1212 "http://www.wonder-geek.com/crystal-salt-night-light-p-52242.html" "Mozilla/5.0 (Windows NT 10.0; Win64; x64) AppleWebKit/537.36 (KHTML, like Gecko) Chrome/90.0.4430.212 Safari/537.36"
86.91.184.147 - - [28/May/2021:10:21:59 +0200] "GET /images/big_prod_2/8720088291368b.jpg HTTP/1.1" 200 57253 "http://www.wonder-geek.com/crystal-salt-night-light-p-52242.html" "Mozilla/5.0 (Windows NT 10.0; Win64; x64) AppleWebKit/537.36 (KHTML, like Gecko) Chrome/90.0.4430.212 Safari/537.36"
86.91.184.147 - - [28/May/2021:10:21:59 +0200] "GET /images/big_prod/8720088291368.jpg HTTP/1.1" 200 63281 "http://www.wonder-geek.com/crystal-salt-night-light-p-52242.html" "Mozilla/5.0 (Windows NT 10.0; Win64; x64) AppleWebKit/537.36 (KHTML, like Gecko) Chrome/90.0.4430.212 Safari/537.36"
86.91.184.147 - - [28/May/2021:10:21:59 +0200] "GET /templates/Pixame_v1/images/nav.png HTTP/1.1" 200 1283 "http://www.wonder-geek.com/templates/Pixame_v1/stylesheet.css" "Mozilla/5.0 (Windows NT 10.0; Win64; x64) AppleWebKit/537.36 (KHTML, like Gecko) Chrome/90.0.4430.212 Safari/537.36"
86.91.184.147 - - [28/May/2021:10:21:59 +0200] "GET /templates/Pixame_v1/images/Bottom_texture.jpg HTTP/1.1" 200 56290 "http://www.wonder-geek.com/templates/Pixame_v1/stylesheet.css" "Mozilla/5.0 (Windows NT 10.0; Win64; x64) AppleWebKit/537.36 (KHTML, like Gecko) Chrome/90.0.4430.212 Safari/537.36"
86.91.184.147 - - [28/May/2021:10:21:59 +0200] "GET /images/big_prod_1/8720088291368a.jpg HTTP/1.1" 200 109721 "http://www.wonder-geek.com/crystal-salt-night-light-p-52242.html" "Mozilla/5.0 (Windows NT 10.0; Win64; x64) AppleWebKit/537.36 (KHTML, like Gecko) Chrome/90.0.4430.212 Safari/537.36"
86.91.184.147 - - [28/May/2021:10:21:59 +0200] "GET /templates/Pixame_v1/images/header.png HTTP/1.1" 200 70245 "http://www.wonder-geek.com/templates/Pixame_v1/stylesheet.css" "Mozilla/5.0 (Windows NT 10.0; Win64; x64) AppleWebKit/537.36 (KHTML, like Gecko) Chrome/90.0.4430.212 Safari/537.36"
86.91.184.147 - - [28/May/2021:10:21:59 +0200] "GET /design/productsenstock.png HTTP/1.1" 200 4743 "http://www.wonder-geek.com/templates/Pixame_v1/stylesheet.css" "Mozilla/5.0 (Windows NT 10.0; Win64; x64) AppleWebKit/537.36 (KHTML, like Gecko) Chrome/90.0.4430.212 Safari/537.36"
86.91.184.147 - - [28/May/2021:10:21:59 +0200] "GET /templates/Pixame_v1/images/header-object.png HTTP/1.1" 200 106050 "http://www.wonder-geek.com/templates/Pixame_v1/stylesheet.css" "Mozilla/5.0 (Windows NT 10.0; Win64; x64) AppleWebKit/537.36 (KHTML, like Gecko) Chrome/90.0.4430.212 Safari/537.36"
86.91.184.147 - - [28/May/2021:10:21:59 +0200] "GET /templates/Pixame_v1/images/Middle_texture.jpg HTTP/1.1" 200 249620 "http://www.wonder-geek.com/templates/Pixame_v1/stylesheet.css" "Mozilla/5.0 (Windows NT 10.0; Win64; x64) AppleWebKit/537.36 (KHTML, like Gecko) Chrome/90.0.4430.212 Safari/537.36"
86.91.184.147 - - [28/May/2021:10:21:59 +0200] "GET /highslide/graphics/outlines/drop-shadow.png HTTP/1.1" 200 2022 "http://www.wonder-geek.com/crystal-salt-night-light-p-52242.html" "Mozilla/5.0 (Windows NT 10.0; Win64; x64) AppleWebKit/537.36 (KHTML, like Gecko) Chrome/90.0.4430.212 Safari/537.36"
86.91.184.147 - - [28/May/2021:10:21:59 +0200] "GET /favicon.ico HTTP/1.1" 200 1591 "http://www.wonder-geek.com/crystal-salt-night-light-p-52242.html" "Mozilla/5.0 (Windows NT 10.0; Win64; x64) AppleWebKit/537.36 (KHTML, like Gecko) Chrome/90.0.4430.212 Safari/537.36"
95.163.255.134 - - [28/May/2021:10:23:24 +0200] "GET /robots.txt HTTP/1.1" 200 2438 "-" "Mozilla/5.0 (compatible; Linux x86_64; Mail.RU_Bot/2.0; +http://go.mail.ru/help/robots)"
114.119.130.202 - - [28/May/2021:10:23:41 +0200] "GET /images/big_prod_1/3700281645828a.jpg HTTP/1.1" 200 177081 "-" "Mozilla/5.0 (Linux; Android 7.0;) AppleWebKit/537.36 (KHTML, like Gecko) Mobile Safari/537.36 (compatible; PetalBot;+https://webmaster.petalsearch.com/site/petalbot)"
40.77.167.64 - - [28/May/2021:10:24:36 +0200] "GET /images/big_prod/1328399219377.jpg HTTP/1.1" 200 75531 "-" "Mozilla/5.0 (compatible; bingbot/2.0; +http://www.bing.com/bingbot.htm)"
185.191.171.7 - - [28/May/2021:10:25:20 +0200] "GET /robots.txt HTTP/1.1" 200 2438 "-" "Mozilla/5.0 (compatible; SemrushBot/7~bl; +http://www.semrush.com/bot.html)"
66.249.75.166 - - [28/May/2021:10:29:09 +0200] "GET /images/3524550045153.jpg HTTP/1.1" 200 35114 "-" "Googlebot-Image/1.0"
66.249.75.166 - - [28/May/2021:10:29:13 +0200] "GET /images/mini_prod/3609810077430.jpg HTTP/1.1" 200 7497 "-" "Googlebot-Image/1.0"
114.119.158.196 - - [28/May/2021:10:29:38 +0200] "GET /images/mini_prod/3453131150606.jpg HTTP/1.1" 200 8961 "-" "Mozilla/5.0 (Linux; Android 7.0;) AppleWebKit/537.36 (KHTML, like Gecko) Mobile Safari/537.36 (compatible; PetalBot;+https://webmaster.petalsearch.com/site/petalbot)"
54.36.149.45 - - [28/May/2021:10:31:28 +0200] "GET /robots.txt HTTP/1.1" 200 2438 "-" "Mozilla/5.0 (compatible; AhrefsBot/7.0; +http://ahrefs.com/robot/)"
157.55.39.128 - - [28/May/2021:10:35:27 +0200] "GET /images/5018997517635.jpg HTTP/1.1" 200 154546 "-" "Mozilla/5.0 (compatible; bingbot/2.0; +http://www.bing.com/bingbot.htm)"
157.55.39.128 - - [28/May/2021:10:35:27 +0200] "GET /images/1399984228029.jpg HTTP/1.1" 200 37933 "-" "Mozilla/5.0 (compatible; bingbot/2.0; +http://www.bing.com/bingbot.htm)"
66.249.75.168 - - [28/May/2021:10:36:13 +0200] "GET /images/mini_prod/1600532.jpg HTTP/1.1" 200 4209 "-" "Googlebot-Image/1.0"
192.0.101.83 - - [28/May/2021:10:36:40 +0200] "GET /images/big_prod/1900514904162.jpg HTTP/1.1" 200 136272 "-" "Photon/1.0"
207.46.13.38 - - [28/May/2021:10:37:41 +0200] "GET /images/big_prod/1341689160111.jpg HTTP/1.1" 200 108727 "-" "Mozilla/5.0 (compatible; bingbot/2.0; +http://www.bing.com/bingbot.htm)"
40.77.167.90 - - [28/May/2021:10:37:56 +0200] "GET /images/big_prod/3014627557363.jpg HTTP/1.1" 200 86197 "-" "Mozilla/5.0 (compatible; bingbot/2.0; +http://www.bing.com/bingbot.htm)"
40.77.167.90 - - [28/May/2021:10:38:47 +0200] "GET /images/med_prod/3565750027204.jpg HTTP/1.1" 200 55988 "-" "Mozilla/5.0 (compatible; bingbot/2.0; +http://www.bing.com/bingbot.htm)"
40.77.167.90 - - [28/May/2021:10:39:04 +0200] "GET /images/mini_prod/8424346365982.jpg HTTP/1.1" 200 3727 "-" "Mozilla/5.0 (compatible; bingbot/2.0; +http://www.bing.com/bingbot.htm)"
207.46.13.38 - - [28/May/2021:10:42:01 +0200] "GET /images/big_prod_1/b1341689137205.jpg HTTP/1.1" 200 98214 "-" "Mozilla/5.0 (compatible; bingbot/2.0; +http://www.bing.com/bingbot.htm)"
207.46.13.38 - - [28/May/2021:10:42:31 +0200] "GET /images/12472.jpg HTTP/1.1" 200 28889 "-" "Mozilla/5.0 (compatible; bingbot/2.0; +http://www.bing.com/bingbot.htm)"
114.119.150.15 - - [28/May/2021:10:45:58 +0200] "GET /images/big_prod/1384010200063.jpg HTTP/1.1" 200 88327 "-" "Mozilla/5.0 (Linux; Android 7.0;) AppleWebKit/537.36 (KHTML, like Gecko) Mobile Safari/537.36 (compatible; PetalBot;+https://webmaster.petalsearch.com/site/petalbot)"
20.71.12.143 - - [28/May/2021:10:47:33 +0200] "GET /images/scanserviettechf.jpg HTTP/1.1" 200 25939 "-" "DuckDuckBot/1.1; (+http://duckduckgo.com/duckduckbot.html)"
40.77.167.50 - - [28/May/2021:10:48:28 +0200] "GET /robots.txt HTTP/1.1" 200 2438 "-" "Mozilla/5.0 (compatible; bingbot/2.0; +http://www.bing.com/bingbot.htm)"
195.245.112.88 - - [28/May/2021:10:48:41 +0200] "GET /images/376011631719117072012.jpg HTTP/1.1" 200 50545 "http://www.wonder-geek.com/images/376011631719117072012.jpg" "Mozilla/4.0 (compatible; MSIE 5.01; Windows NT 5.0)"
207.46.13.38 - - [28/May/2021:10:48:59 +0200] "GET /js/jquery.js HTTP/1.1" 200 54075 "-" "Mozilla/5.0 (compatible; bingbot/2.0; +http://www.bing.com/bingbot.htm)"
157.55.39.128 - - [28/May/2021:10:49:32 +0200] "GET /images/big_prod/8433933224052.jpg HTTP/1.1" 200 113980 "-" "Mozilla/5.0 (compatible; bingbot/2.0; +http://www.bing.com/bingbot.htm)"
40.77.167.64 - - [28/May/2021:10:50:28 +0200] "GET /images/mini_prod/8009233038400.gif HTTP/1.1" 200 10518 "-" "Mozilla/5.0 (compatible; bingbot/2.0; +http://www.bing.com/bingbot.htm)"
185.191.171.14 - - [28/May/2021:11:00:10 +0200] "GET /robots.txt HTTP/1.1" 200 2438 "-" "Mozilla/5.0 (compatible; SemrushBot/7~bl; +http://www.semrush.com/bot.html)"
114.119.147.45 - - [28/May/2021:11:01:36 +0200] "GET /images/mini_prod/3700572738857.jpg HTTP/1.1" 200 6049 "-" "Mozilla/5.0 (Linux; Android 7.0;) AppleWebKit/537.36 (KHTML, like Gecko) Mobile Safari/537.36 (compatible; PetalBot;+https://webmaster.petalsearch.com/site/petalbot)"
157.55.39.22 - - [28/May/2021:11:01:58 +0200] "GET /images/big_prod/8719497610846.jpg HTTP/1.1" 200 76607 "-" "Mozilla/5.0 (compatible; bingbot/2.0; +http://www.bing.com/bingbot.htm)"
66.249.75.166 - - [28/May/2021:11:05:42 +0200] "GET /images/3438100339831.jpg HTTP/1.1" 200 20467 "-" "Googlebot-Image/1.0"
157.55.39.22 - - [28/May/2021:11:06:38 +0200] "GET /images/big_prod/8422017821218.jpg HTTP/1.1" 200 39577 "-" "Mozilla/5.0 (compatible; bingbot/2.0; +http://www.bing.com/bingbot.htm)"
78.46.63.108 - - [28/May/2021:11:08:35 +0200] "GET /robots.txt HTTP/1.1" 200 2438 "-" "Mozilla/5.0 (compatible; MJ12bot/v1.4.8; http://mj12bot.com/)"
114.119.147.45 - - [28/May/2021:11:08:48 +0200] "GET /images/big_prod_1/3609810072114a.jpg HTTP/1.1" 200 319334 "-" "Mozilla/5.0 (Linux; Android 7.0;) AppleWebKit/537.36 (KHTML, like Gecko) Mobile Safari/537.36 (compatible; PetalBot;+https://webmaster.petalsearch.com/site/petalbot)"
157.55.39.152 - - [28/May/2021:11:08:49 +0200] "GET /images/big_prod/3453131154420.jpg HTTP/1.1" 200 101098 "-" "Mozilla/5.0 (compatible; bingbot/2.0; +http://www.bing.com/bingbot.htm)"
23.100.232.233 - - [28/May/2021:11:10:51 +0200] "GET /templates/Pixame_v1/stylesheet.css HTTP/1.1" 200 56057 "http://www.wonder-geek.com/masha-bear-doll-sled-p-36999.html" "Mozilla/5.0 (compatible; MSIE 9.0; Windows NT 6.0; Trident/5.0;  Trident/5.0)"
23.100.232.233 - - [28/May/2021:11:10:51 +0200] "GET /highslide/highslide.js HTTP/1.1" 200 42909 "http://www.wonder-geek.com/masha-bear-doll-sled-p-36999.html" "Mozilla/5.0 (compatible; MSIE 9.0; Windows NT 6.0; Trident/5.0;  Trident/5.0)"
23.100.232.233 - - [28/May/2021:11:10:51 +0200] "GET /js/jquery.jqzoom.js HTTP/1.1" 200 4761 "http://www.wonder-geek.com/masha-bear-doll-sled-p-36999.html" "Mozilla/5.0 (compatible; MSIE 9.0; Windows NT 6.0; Trident/5.0;  Trident/5.0)"
23.100.232.233 - - [28/May/2021:11:10:51 +0200] "GET /js/jquery.js HTTP/1.1" 200 54075 "http://www.wonder-geek.com/masha-bear-doll-sled-p-36999.html" "Mozilla/5.0 (compatible; MSIE 9.0; Windows NT 6.0; Trident/5.0;  Trident/5.0)"
23.100.232.233 - - [28/May/2021:11:10:52 +0200] "GET /mondial_relay/js/jquery-1.3.2.min.js HTTP/1.1" 200 57254 "http://www.wonder-geek.com/masha-bear-doll-sled-p-36999.html" "Mozilla/5.0 (compatible; MSIE 9.0; Windows NT 6.0; Trident/5.0;  Trident/5.0)"
23.100.232.233 - - [28/May/2021:11:10:53 +0200] "GET /templates/Pixame_v1/images/flash.swf HTTP/1.1" 200 2868 "http://www.wonder-geek.com/masha-bear-doll-sled-p-36999.html" "Mozilla/5.0 (compatible; MSIE 9.0; Windows NT 6.0; Trident/5.0;  Trident/5.0)"
66.249.75.168 - - [28/May/2021:11:11:01 +0200] "GET /images/mini_prod/9316188076197.jpg HTTP/1.1" 200 7692 "-" "Googlebot-Image/1.0"
207.46.13.38 - - [28/May/2021:11:12:58 +0200] "GET /images/big_prod_2/5018997632086b.jpg HTTP/1.1" 200 56355 "-" "Mozilla/5.0 (compatible; bingbot/2.0; +http://www.bing.com/bingbot.htm)"
40.77.167.64 - - [28/May/2021:11:13:20 +0200] "GET /images/DSCN4071.jpg HTTP/1.1" 200 13477 "-" "Mozilla/5.0 (compatible; bingbot/2.0; +http://www.bing.com/bingbot.htm)"
157.55.39.128 - - [28/May/2021:11:14:12 +0200] "GET /images/big_prod_1/8433933199497B.jpg HTTP/1.1" 200 273109 "-" "Mozilla/5.0 (compatible; bingbot/2.0; +http://www.bing.com/bingbot.htm)"
66.249.75.168 - - [28/May/2021:11:17:02 +0200] "GET /images/mini_prod/9349878007553.jpg HTTP/1.1" 200 5064 "-" "Googlebot-Image/1.0"
157.55.39.152 - - [28/May/2021:11:18:50 +0200] "GET /images/mini_prod/4500391700009.jpg HTTP/1.1" 200 8677 "-" "Mozilla/5.0 (compatible; bingbot/2.0; +http://www.bing.com/bingbot.htm)"
157.55.39.152 - - [28/May/2021:11:20:11 +0200] "GET /images/big_prod/8433933129968N.jpg HTTP/1.1" 200 180485 "-" "Mozilla/5.0 (compatible; bingbot/2.0; +http://www.bing.com/bingbot.htm)"
172.197.98.226 - - [28/May/2021:11:21:46 +0200] "GET /images/3298460223146.jpg HTTP/1.1" 200 26503 "-" "Dalvik/2.1.0 (Linux; U; Android 9; VFD 630 Build/P00610)"
157.55.39.128 - - [28/May/2021:11:26:02 +0200] "GET /images/med_prod/1399984284285N.jpg HTTP/1.1" 200 81979 "-" "Mozilla/5.0 (compatible; bingbot/2.0; +http://www.bing.com/bingbot.htm)"
157.55.39.122 - - [28/May/2021:11:28:28 +0200] "GET /images/big_prod_2/3660173185552b.jpg HTTP/1.1" 200 48211 "-" "Mozilla/5.0 (compatible; bingbot/2.0; +http://www.bing.com/bingbot.htm)"
40.77.167.70 - - [28/May/2021:11:30:07 +0200] "GET /images/3700653591821.jpg HTTP/1.1" 200 62793 "-" "Mozilla/5.0 (compatible; bingbot/2.0; +http://www.bing.com/bingbot.htm)"
207.46.13.38 - - [28/May/2021:11:32:24 +0200] "GET /js/jquery.js HTTP/1.1" 200 54075 "-" "Mozilla/5.0 (compatible; bingbot/2.0; +http://www.bing.com/bingbot.htm)"
207.46.13.38 - - [28/May/2021:11:32:24 +0200] "GET /js/jquery.js HTTP/1.1" 200 54075 "-" "Mozilla/5.0 (compatible; bingbot/2.0; +http://www.bing.com/bingbot.htm)"
172.197.98.226 - - [28/May/2021:11:33:35 +0200] "GET /images/DSCN1182.jpg HTTP/1.1" 200 37229 "-" "Dalvik/2.1.0 (Linux; U; Android 9; VFD 630 Build/P00610)"
172.197.98.226 - - [28/May/2021:11:33:35 +0200] "GET /images/8422666661418.jpg HTTP/1.1" 200 41610 "-" "Dalvik/2.1.0 (Linux; U; Android 9; VFD 630 Build/P00610)"
172.197.98.226 - - [28/May/2021:11:33:35 +0200] "GET /images/BAP13010r.jpg HTTP/1.1" 200 36743 "-" "Dalvik/2.1.0 (Linux; U; Android 9; VFD 630 Build/P00610)"
40.77.167.90 - - [28/May/2021:11:36:00 +0200] "GET /images/mini_prod/8424346365982.jpg HTTP/1.1" 200 3727 "-" "Mozilla/5.0 (compatible; bingbot/2.0; +http://www.bing.com/bingbot.htm)"
185.191.171.44 - - [28/May/2021:11:37:19 +0200] "GET /robots.txt HTTP/1.1" 200 2438 "-" "Mozilla/5.0 (compatible; SemrushBot/7~bl; +http://www.semrush.com/bot.html)"
66.249.75.170 - - [28/May/2021:11:38:26 +0200] "GET /images/mini_prod/8422078576225.jpg HTTP/1.1" 200 7435 "-" "Googlebot-Image/1.0"
119.160.119.169 - - [28/May/2021:11:40:31 +0200] "GET /templates/Pixame_v1/stylesheet.css HTTP/1.1" 200 56057 "http://www.wonder-geek.com/pillow-case-mustard-yellow-p-51990.html" "Mozilla/5.0 (Linux; Android 10; TECNO KE5k) AppleWebKit/537.36 (KHTML, like Gecko) Chrome/80.0.3987.99 Mobile Safari/537.36"
119.160.119.169 - - [28/May/2021:11:40:32 +0200] "GET /js/jquery.jqzoom.js HTTP/1.1" 200 4761 "http://www.wonder-geek.com/pillow-case-mustard-yellow-p-51990.html" "Mozilla/5.0 (Linux; Android 10; TECNO KE5k) AppleWebKit/537.36 (KHTML, like Gecko) Chrome/80.0.3987.99 Mobile Safari/537.36"
119.160.119.169 - - [28/May/2021:11:40:34 +0200] "GET /mondial_relay/js/jquery-1.3.2.min.js HTTP/1.1" 200 57254 "http://www.wonder-geek.com/pillow-case-mustard-yellow-p-51990.html" "Mozilla/5.0 (Linux; Android 10; TECNO KE5k) AppleWebKit/537.36 (KHTML, like Gecko) Chrome/80.0.3987.99 Mobile Safari/537.36"
119.160.119.169 - - [28/May/2021:11:40:43 +0200] "GET /highslide/highslide.js HTTP/1.1" 200 34752 "http://www.wonder-geek.com/pillow-case-mustard-yellow-p-51990.html" "Mozilla/5.0 (Linux; Android 10; TECNO KE5k) AppleWebKit/537.36 (KHTML, like Gecko) Chrome/80.0.3987.99 Mobile Safari/537.36"
119.160.119.169 - - [28/May/2021:11:40:43 +0200] "GET /js/jquery.js HTTP/1.1" 200 37648 "http://www.wonder-geek.com/pillow-case-mustard-yellow-p-51990.html" "Mozilla/5.0 (Linux; Android 10; TECNO KE5k) AppleWebKit/537.36 (KHTML, like Gecko) Chrome/80.0.3987.99 Mobile Safari/537.36"
207.46.13.38 - - [28/May/2021:11:41:25 +0200] "GET /images/big_prod/3453131146913.jpg HTTP/1.1" 200 45380 "-" "Mozilla/5.0 (compatible; bingbot/2.0; +http://www.bing.com/bingbot.htm)"
207.46.13.38 - - [28/May/2021:11:41:26 +0200] "GET /images/big_prod/3453131146913.jpg HTTP/1.1" 200 45380 "-" "Mozilla/5.0 (compatible; bingbot/2.0; +http://www.bing.com/bingbot.htm)"
195.248.68.66 - - [28/May/2021:11:41:32 +0200] "GET /templates/Pixame_v1/stylesheet.css HTTP/1.1" 200 56057 "http://www.wonder-geek.com/league-justice-pencil-case-p-41080.html" "Mozilla/5.0 (Windows NT 10.0; Win64; x64) AppleWebKit/537.36 (KHTML, like Gecko) Chrome/91.0.4472.77 Safari/537.36"
195.248.68.66 - - [28/May/2021:11:41:32 +0200] "GET /js/jquery.jqzoom.js HTTP/1.1" 200 4761 "http://www.wonder-geek.com/league-justice-pencil-case-p-41080.html" "Mozilla/5.0 (Windows NT 10.0; Win64; x64) AppleWebKit/537.36 (KHTML, like Gecko) Chrome/91.0.4472.77 Safari/537.36"
195.248.68.66 - - [28/May/2021:11:41:32 +0200] "GET /highslide/highslide.js HTTP/1.1" 200 42909 "http://www.wonder-geek.com/league-justice-pencil-case-p-41080.html" "Mozilla/5.0 (Windows NT 10.0; Win64; x64) AppleWebKit/537.36 (KHTML, like Gecko) Chrome/91.0.4472.77 Safari/537.36"
195.248.68.66 - - [28/May/2021:11:41:32 +0200] "GET /js/jquery.js HTTP/1.1" 200 54075 "http://www.wonder-geek.com/league-justice-pencil-case-p-41080.html" "Mozilla/5.0 (Windows NT 10.0; Win64; x64) AppleWebKit/537.36 (KHTML, like Gecko) Chrome/91.0.4472.77 Safari/537.36"
195.248.68.66 - - [28/May/2021:11:41:32 +0200] "GET /mondial_relay/js/jquery-1.3.2.min.js HTTP/1.1" 200 57254 "http://www.wonder-geek.com/league-justice-pencil-case-p-41080.html" "Mozilla/5.0 (Windows NT 10.0; Win64; x64) AppleWebKit/537.36 (KHTML, like Gecko) Chrome/91.0.4472.77 Safari/537.36"
195.248.68.66 - - [28/May/2021:11:41:32 +0200] "GET /templates/Pixame_v1/images/icon_accueil2.png HTTP/1.1" 200 1137 "http://www.wonder-geek.com/league-justice-pencil-case-p-41080.html" "Mozilla/5.0 (Windows NT 10.0; Win64; x64) AppleWebKit/537.36 (KHTML, like Gecko) Chrome/91.0.4472.77 Safari/537.36"
195.248.68.66 - - [28/May/2021:11:41:32 +0200] "GET /templates/Pixame_v1/images/buttons/english/button_in_cart.gif HTTP/1.1" 200 1212 "http://www.wonder-geek.com/league-justice-pencil-case-p-41080.html" "Mozilla/5.0 (Windows NT 10.0; Win64; x64) AppleWebKit/537.36 (KHTML, like Gecko) Chrome/91.0.4472.77 Safari/537.36"
195.248.68.66 - - [28/May/2021:11:41:32 +0200] "GET /templates/Pixame_v1/images/header.png HTTP/1.1" 200 70245 "http://www.wonder-geek.com/templates/Pixame_v1/stylesheet.css" "Mozilla/5.0 (Windows NT 10.0; Win64; x64) AppleWebKit/537.36 (KHTML, like Gecko) Chrome/91.0.4472.77 Safari/537.36"
195.248.68.66 - - [28/May/2021:11:41:32 +0200] "GET /templates/Pixame_v1/images/Bottom_texture.jpg HTTP/1.1" 200 56290 "http://www.wonder-geek.com/templates/Pixame_v1/stylesheet.css" "Mozilla/5.0 (Windows NT 10.0; Win64; x64) AppleWebKit/537.36 (KHTML, like Gecko) Chrome/91.0.4472.77 Safari/537.36"
195.248.68.66 - - [28/May/2021:11:41:32 +0200] "GET /templates/Pixame_v1/images/nav.png HTTP/1.1" 200 1283 "http://www.wonder-geek.com/templates/Pixame_v1/stylesheet.css" "Mozilla/5.0 (Windows NT 10.0; Win64; x64) AppleWebKit/537.36 (KHTML, like Gecko) Chrome/91.0.4472.77 Safari/537.36"
195.248.68.66 - - [28/May/2021:11:41:33 +0200] "GET /design/productsenstock.png HTTP/1.1" 200 4743 "http://www.wonder-geek.com/templates/Pixame_v1/stylesheet.css" "Mozilla/5.0 (Windows NT 10.0; Win64; x64) AppleWebKit/537.36 (KHTML, like Gecko) Chrome/91.0.4472.77 Safari/537.36"
195.248.68.66 - - [28/May/2021:11:41:33 +0200] "GET /templates/Pixame_v1/images/header-object.png HTTP/1.1" 200 106050 "http://www.wonder-geek.com/templates/Pixame_v1/stylesheet.css" "Mozilla/5.0 (Windows NT 10.0; Win64; x64) AppleWebKit/537.36 (KHTML, like Gecko) Chrome/91.0.4472.77 Safari/537.36"
195.248.68.66 - - [28/May/2021:11:41:33 +0200] "GET /images/big_prod/5410574420480.jpg HTTP/1.1" 200 130720 "http://www.wonder-geek.com/league-justice-pencil-case-p-41080.html" "Mozilla/5.0 (Windows NT 10.0; Win64; x64) AppleWebKit/537.36 (KHTML, like Gecko) Chrome/91.0.4472.77 Safari/537.36"
195.248.68.66 - - [28/May/2021:11:41:33 +0200] "GET /templates/Pixame_v1/images/Middle_texture.jpg HTTP/1.1" 200 249620 "http://www.wonder-geek.com/templates/Pixame_v1/stylesheet.css" "Mozilla/5.0 (Windows NT 10.0; Win64; x64) AppleWebKit/537.36 (KHTML, like Gecko) Chrome/91.0.4472.77 Safari/537.36"
195.248.68.66 - - [28/May/2021:11:41:33 +0200] "GET /highslide/graphics/outlines/drop-shadow.png HTTP/1.1" 200 2022 "http://www.wonder-geek.com/league-justice-pencil-case-p-41080.html" "Mozilla/5.0 (Windows NT 10.0; Win64; x64) AppleWebKit/537.36 (KHTML, like Gecko) Chrome/91.0.4472.77 Safari/537.36"
195.248.68.66 - - [28/May/2021:11:41:33 +0200] "GET /favicon.ico HTTP/1.1" 200 1591 "http://www.wonder-geek.com/league-justice-pencil-case-p-41080.html" "Mozilla/5.0 (Windows NT 10.0; Win64; x64) AppleWebKit/537.36 (KHTML, like Gecko) Chrome/91.0.4472.77 Safari/537.36"
66.102.9.243 - - [28/May/2021:11:44:03 +0200] "GET /images/big_prod_1/8717202557011a.jpg HTTP/1.1" 200 188265 "-" "Mozilla/5.0 (Windows NT 5.1; rv:11.0) Gecko Firefox/11.0 (via ggpht.com GoogleImageProxy)"
157.55.39.152 - - [28/May/2021:11:47:33 +0200] "GET /images/big_prod/8432699037265.jpg HTTP/1.1" 200 62602 "-" "Mozilla/5.0 (compatible; bingbot/2.0; +http://www.bing.com/bingbot.htm)"
40.77.167.90 - - [28/May/2021:11:47:44 +0200] "GET /images/big_prod/8904245400101.jpg HTTP/1.1" 200 66091 "-" "Mozilla/5.0 (compatible; bingbot/2.0; +http://www.bing.com/bingbot.htm)"
66.249.75.168 - - [28/May/2021:11:49:19 +0200] "GET /images/3700057117382.jpg HTTP/1.1" 200 28654 "-" "Googlebot-Image/1.0"
157.55.39.128 - - [28/May/2021:11:52:05 +0200] "GET /images/big_prod/3560600313728.jpg HTTP/1.1" 200 109101 "-" "Mozilla/5.0 (compatible; bingbot/2.0; +http://www.bing.com/bingbot.htm)"
157.55.39.152 - - [28/May/2021:11:53:43 +0200] "GET /images/mini_prod/4500391700009.jpg HTTP/1.1" 200 8677 "-" "Mozilla/5.0 (compatible; bingbot/2.0; +http://www.bing.com/bingbot.htm)"
66.102.8.28 - - [28/May/2021:11:53:49 +0200] "GET /images/041689560010.jpg HTTP/1.1" 200 99116 "-" "Mozilla/5.0 (Windows NT 5.1; rv:11.0) Gecko Firefox/11.0 (via ggpht.com GoogleImageProxy)"
66.102.8.26 - - [28/May/2021:11:53:50 +0200] "GET /images/041689560010.jpg HTTP/1.1" 200 99116 "-" "Mozilla/5.0 (Windows NT 5.1; rv:11.0) Gecko Firefox/11.0 (via ggpht.com GoogleImageProxy)"
157.55.39.128 - - [28/May/2021:11:53:55 +0200] "GET /images/big_prod/3560600313728.jpg HTTP/1.1" 200 109101 "-" "Mozilla/5.0 (compatible; bingbot/2.0; +http://www.bing.com/bingbot.htm)"
157.55.39.22 - - [28/May/2021:11:54:33 +0200] "GET /images/big_prod_2/5404006040773c.jpg HTTP/1.1" 200 93152 "-" "Mozilla/5.0 (compatible; bingbot/2.0; +http://www.bing.com/bingbot.htm)"
66.249.75.166 - - [28/May/2021:11:56:52 +0200] "GET /images/big_prod/3574641017514.jpg HTTP/1.1" 200 192996 "-" "Googlebot-Image/1.0"
157.55.39.122 - - [28/May/2021:11:57:20 +0200] "GET /images/big_prod_2/3660173185552b.jpg HTTP/1.1" 200 48211 "-" "Mozilla/5.0 (compatible; bingbot/2.0; +http://www.bing.com/bingbot.htm)"
66.249.75.170 - - [28/May/2021:11:58:15 +0200] "GET /images/big_prod/4036113311012.jpg HTTP/1.1" 200 80991 "-" "Googlebot-Image/1.0"
157.55.39.152 - - [28/May/2021:11:58:25 +0200] "GET /images/big_prod_1/3665269096323a.jpg HTTP/1.1" 200 326920 "-" "Mozilla/5.0 (compatible; bingbot/2.0; +http://www.bing.com/bingbot.htm)"
157.55.39.128 - - [28/May/2021:11:58:28 +0200] "GET /images/big_prod/3665269096323.jpg HTTP/1.1" 200 221484 "-" "Mozilla/5.0 (compatible; bingbot/2.0; +http://www.bing.com/bingbot.htm)"
66.249.75.170 - - [28/May/2021:12:00:00 +0200] "GET /images/mini_prod/4036113222844.jpg HTTP/1.1" 200 9134 "-" "Googlebot-Image/1.0"
157.55.39.122 - - [28/May/2021:12:00:03 +0200] "GET /images/big_prod/8422014991129D.jpg HTTP/1.1" 200 290951 "-" "Mozilla/5.0 (compatible; bingbot/2.0; +http://www.bing.com/bingbot.htm)"
66.249.75.170 - - [28/May/2021:12:02:21 +0200] "GET /images/big_prod_1/3660173231273B.jpg HTTP/1.1" 200 94963 "-" "Googlebot-Image/1.0"
114.119.145.117 - - [28/May/2021:12:08:39 +0200] "GET /images/mini_prod/3014627985456.jpg HTTP/1.1" 200 5376 "-" "Mozilla/5.0 (Linux; Android 7.0;) AppleWebKit/537.36 (KHTML, like Gecko) Mobile Safari/537.36 (compatible; PetalBot;+https://webmaster.petalsearch.com/site/petalbot)"
185.191.171.23 - - [28/May/2021:12:09:40 +0200] "GET /robots.txt HTTP/1.1" 200 2438 "-" "Mozilla/5.0 (compatible; SemrushBot/7~bl; +http://www.semrush.com/bot.html)"
207.46.13.38 - - [28/May/2021:12:11:08 +0200] "GET /js/jquery.js HTTP/1.1" 200 54075 "-" "Mozilla/5.0 (compatible; bingbot/2.0; +http://www.bing.com/bingbot.htm)"
207.46.13.38 - - [28/May/2021:12:11:08 +0200] "GET /js/jquery.js HTTP/1.1" 200 54075 "-" "Mozilla/5.0 (compatible; bingbot/2.0; +http://www.bing.com/bingbot.htm)"
34.74.145.53 - - [28/May/2021:12:12:45 +0200] "GET /robots.txt HTTP/1.0" 200 2438 "-" "ZoominfoBot (zoominfobot at zoominfo dot com)"
23.100.232.233 - - [28/May/2021:12:12:52 +0200] "GET /templates/Pixame_v1/stylesheet.css HTTP/1.1" 200 56057 "http://www.wonder-geek.com/-p-1378.html" "Mozilla/5.0 (compatible; MSIE 9.0; Windows NT 6.0; Trident/5.0;  Trident/5.0)"
23.100.232.233 - - [28/May/2021:12:12:52 +0200] "GET /highslide/highslide.js HTTP/1.1" 200 42909 "http://www.wonder-geek.com/-p-1378.html" "Mozilla/5.0 (compatible; MSIE 9.0; Windows NT 6.0; Trident/5.0;  Trident/5.0)"
23.100.232.233 - - [28/May/2021:12:12:53 +0200] "GET /js/jquery.js HTTP/1.1" 200 54075 "http://www.wonder-geek.com/-p-1378.html" "Mozilla/5.0 (compatible; MSIE 9.0; Windows NT 6.0; Trident/5.0;  Trident/5.0)"
23.100.232.233 - - [28/May/2021:12:12:53 +0200] "GET /mondial_relay/js/jquery-1.3.2.min.js HTTP/1.1" 200 57254 "http://www.wonder-geek.com/-p-1378.html" "Mozilla/5.0 (compatible; MSIE 9.0; Windows NT 6.0; Trident/5.0;  Trident/5.0)"
23.100.232.233 - - [28/May/2021:12:12:53 +0200] "GET /js/jquery.jqzoom.js HTTP/1.1" 200 4761 "http://www.wonder-geek.com/-p-1378.html" "Mozilla/5.0 (compatible; MSIE 9.0; Windows NT 6.0; Trident/5.0;  Trident/5.0)"
23.100.232.233 - - [28/May/2021:12:12:56 +0200] "GET /templates/Pixame_v1/images/flash.swf HTTP/1.1" 200 2868 "http://www.wonder-geek.com/-p-1378.html" "Mozilla/5.0 (compatible; MSIE 9.0; Windows NT 6.0; Trident/5.0;  Trident/5.0)"
114.119.144.233 - - [28/May/2021:12:15:48 +0200] "GET /images/big_prod/8422000173539.jpg HTTP/1.1" 200 183137 "-" "Mozilla/5.0 (Linux; Android 7.0;) AppleWebKit/537.36 (KHTML, like Gecko) Mobile Safari/537.36 (compatible; PetalBot;+https://webmaster.petalsearch.com/site/petalbot)"
66.249.75.170 - - [28/May/2021:12:17:17 +0200] "GET /images/big_prod/5415203976307.jpg HTTP/1.1" 200 430073 "-" "Googlebot-Image/1.0"
171.13.14.75 - - [28/May/2021:12:22:40 +0200] "GET /templates/Pixame_v1/stylesheet.css HTTP/1.1" 200 56057 "http://www.wonder-geek.com/" "Mozilla/5.0 (Windows NT 10.0; Win64; x64) AppleWebKit/537.36 (KHTML, like Gecko) Chrome/78.0.3904.87 Safari/537.36"
171.13.14.18 - - [28/May/2021:12:22:40 +0200] "GET /js/jquery.jqzoom.js HTTP/1.1" 200 4761 "http://www.wonder-geek.com/" "Mozilla/5.0 (Windows NT 10.0; Win64; x64) AppleWebKit/537.36 (KHTML, like Gecko) Chrome/78.0.3904.87 Safari/537.36"
171.13.14.75 - - [28/May/2021:12:22:41 +0200] "GET /js/jquery.js HTTP/1.1" 200 54075 "http://www.wonder-geek.com/" "Mozilla/5.0 (Windows NT 10.0; Win64; x64) AppleWebKit/537.36 (KHTML, like Gecko) Chrome/78.0.3904.87 Safari/537.36"
171.13.14.20 - - [28/May/2021:12:22:41 +0200] "GET /highslide/highslide.js HTTP/1.1" 200 42909 "http://www.wonder-geek.com/" "Mozilla/5.0 (Windows NT 10.0; Win64; x64) AppleWebKit/537.36 (KHTML, like Gecko) Chrome/78.0.3904.87 Safari/537.36"
171.13.14.75 - - [28/May/2021:12:22:41 +0200] "GET /mondial_relay/js/jquery-1.3.2.min.js HTTP/1.1" 200 57254 "http://www.wonder-geek.com/" "Mozilla/5.0 (Windows NT 10.0; Win64; x64) AppleWebKit/537.36 (KHTML, like Gecko) Chrome/78.0.3904.87 Safari/537.36"
171.13.14.75 - - [28/May/2021:12:22:42 +0200] "GET /templates/Pixame_v1/images/icon_accueil2.png HTTP/1.1" 200 1137 "http://www.wonder-geek.com/" "Mozilla/5.0 (Windows NT 10.0; Win64; x64) AppleWebKit/537.36 (KHTML, like Gecko) Chrome/78.0.3904.87 Safari/537.36"
171.13.14.75 - - [28/May/2021:12:22:43 +0200] "GET /templates/Pixame_v1/images/nav.png HTTP/1.1" 200 1283 "http://www.wonder-geek.com/templates/Pixame_v1/stylesheet.css" "Mozilla/5.0 (Windows NT 10.0; Win64; x64) AppleWebKit/537.36 (KHTML, like Gecko) Chrome/78.0.3904.87 Safari/537.36"
171.13.14.18 - - [28/May/2021:12:22:43 +0200] "GET /images/mini_prod/3520071784656.jpg HTTP/1.1" 200 4391 "http://www.wonder-geek.com/" "Mozilla/5.0 (Windows NT 10.0; Win64; x64) AppleWebKit/537.36 (KHTML, like Gecko) Chrome/78.0.3904.87 Safari/537.36"
171.13.14.75 - - [28/May/2021:12:22:43 +0200] "GET /templates/Pixame_v1/images/Bottom_texture.jpg HTTP/1.1" 200 56290 "http://www.wonder-geek.com/templates/Pixame_v1/stylesheet.css" "Mozilla/5.0 (Windows NT 10.0; Win64; x64) AppleWebKit/537.36 (KHTML, like Gecko) Chrome/78.0.3904.87 Safari/537.36"
171.13.14.75 - - [28/May/2021:12:22:43 +0200] "GET /design/productsenstock.png HTTP/1.1" 200 4743 "http://www.wonder-geek.com/templates/Pixame_v1/stylesheet.css" "Mozilla/5.0 (Windows NT 10.0; Win64; x64) AppleWebKit/537.36 (KHTML, like Gecko) Chrome/78.0.3904.87 Safari/537.36"
171.13.14.75 - - [28/May/2021:12:22:43 +0200] "GET /templates/Pixame_v1/images/header-object.png HTTP/1.1" 200 106050 "http://www.wonder-geek.com/templates/Pixame_v1/stylesheet.css" "Mozilla/5.0 (Windows NT 10.0; Win64; x64) AppleWebKit/537.36 (KHTML, like Gecko) Chrome/78.0.3904.87 Safari/537.36"
171.13.14.20 - - [28/May/2021:12:22:44 +0200] "GET /templates/Pixame_v1/images/header.png HTTP/1.1" 200 70245 "http://www.wonder-geek.com/templates/Pixame_v1/stylesheet.css" "Mozilla/5.0 (Windows NT 10.0; Win64; x64) AppleWebKit/537.36 (KHTML, like Gecko) Chrome/78.0.3904.87 Safari/537.36"
171.13.14.75 - - [28/May/2021:12:22:44 +0200] "GET /js/jquery.masonry.min.js HTTP/1.1" 200 5392 "http://www.wonder-geek.com/" "Mozilla/5.0 (Windows NT 10.0; Win64; x64) AppleWebKit/537.36 (KHTML, like Gecko) Chrome/78.0.3904.87 Safari/537.36"
171.13.14.75 - - [28/May/2021:12:22:45 +0200] "GET /js/modernizr-transitions.js HTTP/1.1" 200 2026 "http://www.wonder-geek.com/" "Mozilla/5.0 (Windows NT 10.0; Win64; x64) AppleWebKit/537.36 (KHTML, like Gecko) Chrome/78.0.3904.87 Safari/537.36"
171.13.14.75 - - [28/May/2021:12:22:45 +0200] "GET /images/mini_prod/5055321765201.jpg HTTP/1.1" 200 4705 "http://www.wonder-geek.com/" "Mozilla/5.0 (Windows NT 10.0; Win64; x64) AppleWebKit/537.36 (KHTML, like Gecko) Chrome/78.0.3904.87 Safari/537.36"
171.13.14.76 - - [28/May/2021:12:22:47 +0200] "GET /templates/Pixame_v1/images/Middle_texture.jpg HTTP/1.1" 200 92672 "http://www.wonder-geek.com/templates/Pixame_v1/stylesheet.css" "Mozilla/5.0 (Windows NT 10.0; Win64; x64) AppleWebKit/537.36 (KHTML, like Gecko) Chrome/78.0.3904.87 Safari/537.36"
171.13.14.36 - - [28/May/2021:12:23:03 +0200] "GET /js/jquery.jqzoom.js HTTP/1.1" 200 4761 "http://www.wonder-geek.com/" "Mozilla/5.0 (Linux; Android 8.0; Pixel 2 Build/OPD3.170816.012) AppleWebKit/537.36 (KHTML, like Gecko) Chrome/75.0.3765.0 Mobile Safari/537.36"
171.13.14.47 - - [28/May/2021:12:23:03 +0200] "GET /templates/Pixame_v1/stylesheet.css HTTP/1.1" 200 56057 "http://www.wonder-geek.com/" "Mozilla/5.0 (Linux; Android 8.0; Pixel 2 Build/OPD3.170816.012) AppleWebKit/537.36 (KHTML, like Gecko) Chrome/75.0.3765.0 Mobile Safari/537.36"
171.13.14.39 - - [28/May/2021:12:23:03 +0200] "GET /highslide/highslide.js HTTP/1.1" 200 42909 "http://www.wonder-geek.com/" "Mozilla/5.0 (Linux; Android 8.0; Pixel 2 Build/OPD3.170816.012) AppleWebKit/537.36 (KHTML, like Gecko) Chrome/75.0.3765.0 Mobile Safari/537.36"
171.13.14.38 - - [28/May/2021:12:23:04 +0200] "GET /js/jquery.js HTTP/1.1" 200 54075 "http://www.wonder-geek.com/" "Mozilla/5.0 (Linux; Android 8.0; Pixel 2 Build/OPD3.170816.012) AppleWebKit/537.36 (KHTML, like Gecko) Chrome/75.0.3765.0 Mobile Safari/537.36"
171.13.14.84 - - [28/May/2021:12:23:04 +0200] "GET /mondial_relay/js/jquery-1.3.2.min.js HTTP/1.1" 200 57254 "http://www.wonder-geek.com/" "Mozilla/5.0 (Linux; Android 8.0; Pixel 2 Build/OPD3.170816.012) AppleWebKit/537.36 (KHTML, like Gecko) Chrome/75.0.3765.0 Mobile Safari/537.36"
171.13.14.47 - - [28/May/2021:12:23:06 +0200] "GET /templates/Pixame_v1/images/header.png HTTP/1.1" 200 70245 "http://www.wonder-geek.com/templates/Pixame_v1/stylesheet.css" "Mozilla/5.0 (Linux; Android 8.0; Pixel 2 Build/OPD3.170816.012) AppleWebKit/537.36 (KHTML, like Gecko) Chrome/75.0.3765.0 Mobile Safari/537.36"
171.13.14.38 - - [28/May/2021:12:23:07 +0200] "GET /templates/Pixame_v1/images/icon_accueil2.png HTTP/1.1" 200 1137 "http://www.wonder-geek.com/" "Mozilla/5.0 (Linux; Android 8.0; Pixel 2 Build/OPD3.170816.012) AppleWebKit/537.36 (KHTML, like Gecko) Chrome/75.0.3765.0 Mobile Safari/537.36"
171.13.14.36 - - [28/May/2021:12:23:07 +0200] "GET /templates/Pixame_v1/images/header-object.png HTTP/1.1" 200 106050 "http://www.wonder-geek.com/templates/Pixame_v1/stylesheet.css" "Mozilla/5.0 (Linux; Android 8.0; Pixel 2 Build/OPD3.170816.012) AppleWebKit/537.36 (KHTML, like Gecko) Chrome/75.0.3765.0 Mobile Safari/537.36"
171.13.14.39 - - [28/May/2021:12:23:07 +0200] "GET /templates/Pixame_v1/images/Bottom_texture.jpg HTTP/1.1" 200 56290 "http://www.wonder-geek.com/templates/Pixame_v1/stylesheet.css" "Mozilla/5.0 (Linux; Android 8.0; Pixel 2 Build/OPD3.170816.012) AppleWebKit/537.36 (KHTML, like Gecko) Chrome/75.0.3765.0 Mobile Safari/537.36"
171.13.14.84 - - [28/May/2021:12:23:07 +0200] "GET /templates/Pixame_v1/images/nav.png HTTP/1.1" 200 1283 "http://www.wonder-geek.com/templates/Pixame_v1/stylesheet.css" "Mozilla/5.0 (Linux; Android 8.0; Pixel 2 Build/OPD3.170816.012) AppleWebKit/537.36 (KHTML, like Gecko) Chrome/75.0.3765.0 Mobile Safari/537.36"
171.13.14.48 - - [28/May/2021:12:23:08 +0200] "GET /templates/Pixame_v1/images/Middle_texture.jpg HTTP/1.1" 200 249620 "http://www.wonder-geek.com/templates/Pixame_v1/stylesheet.css" "Mozilla/5.0 (Linux; Android 8.0; Pixel 2 Build/OPD3.170816.012) AppleWebKit/537.36 (KHTML, like Gecko) Chrome/75.0.3765.0 Mobile Safari/537.36"
66.249.75.166 - - [28/May/2021:12:23:14 +0200] "GET /images/mini_prod/4036113222165.jpg HTTP/1.1" 200 7399 "-" "Googlebot-Image/1.0"
114.119.132.105 - - [28/May/2021:12:32:32 +0200] "GET /images/med_prod/5051276183039.jpg HTTP/1.1" 200 122072 "-" "Mozilla/5.0 (Linux; Android 7.0;) AppleWebKit/537.36 (KHTML, like Gecko) Mobile Safari/537.36 (compatible; PetalBot;+https://webmaster.petalsearch.com/site/petalbot)"
66.249.75.170 - - [28/May/2021:12:36:14 +0200] "GET /images/big_prod_1/b1341689137205.jpg HTTP/1.1" 200 98214 "-" "Googlebot-Image/1.0"
54.36.149.29 - - [28/May/2021:12:39:34 +0200] "GET /robots.txt HTTP/1.1" 200 2438 "-" "Mozilla/5.0 (compatible; AhrefsBot/7.0; +http://ahrefs.com/robot/)"
185.191.171.14 - - [28/May/2021:12:41:39 +0200] "GET /robots.txt HTTP/1.1" 200 2438 "-" "Mozilla/5.0 (compatible; SemrushBot/7~bl; +http://www.semrush.com/bot.html)"
23.100.232.233 - - [28/May/2021:12:42:49 +0200] "GET /templates/Pixame_v1/stylesheet.css HTTP/1.1" 200 56057 "http://www.wonder-geek.com/incense-sticks-camphor-p-51691.html" "Mozilla/5.0 (compatible; MSIE 9.0; Windows NT 6.0; Trident/5.0;  Trident/5.0)"
23.100.232.233 - - [28/May/2021:12:42:49 +0200] "GET /highslide/highslide.js HTTP/1.1" 200 42909 "http://www.wonder-geek.com/incense-sticks-camphor-p-51691.html" "Mozilla/5.0 (compatible; MSIE 9.0; Windows NT 6.0; Trident/5.0;  Trident/5.0)"
23.100.232.233 - - [28/May/2021:12:42:50 +0200] "GET /js/jquery.jqzoom.js HTTP/1.1" 200 4761 "http://www.wonder-geek.com/incense-sticks-camphor-p-51691.html" "Mozilla/5.0 (compatible; MSIE 9.0; Windows NT 6.0; Trident/5.0;  Trident/5.0)"
23.100.232.233 - - [28/May/2021:12:42:50 +0200] "GET /js/jquery.js HTTP/1.1" 200 54075 "http://www.wonder-geek.com/incense-sticks-camphor-p-51691.html" "Mozilla/5.0 (compatible; MSIE 9.0; Windows NT 6.0; Trident/5.0;  Trident/5.0)"
23.100.232.233 - - [28/May/2021:12:42:51 +0200] "GET /mondial_relay/js/jquery-1.3.2.min.js HTTP/1.1" 200 57254 "http://www.wonder-geek.com/incense-sticks-camphor-p-51691.html" "Mozilla/5.0 (compatible; MSIE 9.0; Windows NT 6.0; Trident/5.0;  Trident/5.0)"
