157.90.177.217 - - [13/Jun/2021:04:35:57 +0200] "GET /vintage-kitchen-towel-p-43126.html HTTP/1.0" 200 72786 "-" "Mozilla/5.0 (compatible; BLEXBot/1.0; +http://webmeup-crawler.com/)"
157.90.177.217 - - [13/Jun/2021:04:36:01 +0200] "GET /vintage-metal-ashtray-p-41483.html HTTP/1.0" 200 72774 "-" "Mozilla/5.0 (compatible; BLEXBot/1.0; +http://webmeup-crawler.com/)"
51.68.224.127 - - [13/Jun/2021:04:36:04 +0200] "GET /adminweb/export_orders_xml.php?token=256de2z6edz6ed2z6DFSFsed2zed6zeDSFDSGdzedezfzf&maxorders=10&orderstart=1&status=14&start_date=2018-10-01 HTTP/1.0" 200 285 "-" "GesCom CharlotteBoutik Serveur"
51.68.224.127 - - [13/Jun/2021:04:36:04 +0200] "GET /adminweb/export_orders_xml.php?token=256de2z6edz6ed2z6DFSFsed2zed6zeDSFDSGdzedezfzf&maxorders=10&orderstart=1&status=6&start_date=2018-10-01 HTTP/1.0" 200 30039 "-" "GesCom CharlotteBoutik Serveur"
157.90.177.217 - - [13/Jun/2021:04:36:06 +0200] "GET /vintage-motorcycle-coat-rack-p-46694.html HTTP/1.0" 200 72978 "-" "Mozilla/5.0 (compatible; BLEXBot/1.0; +http://webmeup-crawler.com/)"
157.55.39.122 - - [13/Jun/2021:04:36:08 +0200] "GET /gormiti-pairs-socks-size-23-26-p-50916.html HTTP/1.0" 301 72647 "-" "Mozilla/5.0 (compatible; bingbot/2.0; +http://www.bing.com/bingbot.htm)"
54.36.148.142 - - [13/Jun/2021:04:36:08 +0200] "GET /card-holders-passport-cases-c-31_236.html?page=2 HTTP/1.0" 200 79927 "-" "Mozilla/5.0 (compatible; AhrefsBot/7.0; +http://ahrefs.com/robot/)"
157.90.177.217 - - [13/Jun/2021:04:36:11 +0200] "GET /vintage-phone-cover-iphone-p-20216.html HTTP/1.0" 200 75493 "-" "Mozilla/5.0 (compatible; BLEXBot/1.0; +http://webmeup-crawler.com/)"
40.77.167.70 - - [13/Jun/2021:04:36:14 +0200] "GET /bamboo-pot-mister-sucre-p-48630.html HTTP/1.0" 301 72878 "-" "Mozilla/5.0 (compatible; bingbot/2.0; +http://www.bing.com/bingbot.htm)"
157.90.177.217 - - [13/Jun/2021:04:36:15 +0200] "GET /vintage-pink-phone-cover-iphone-p-20214.html HTTP/1.0" 200 75235 "-" "Mozilla/5.0 (compatible; BLEXBot/1.0; +http://webmeup-crawler.com/)"
157.90.177.217 - - [13/Jun/2021:04:36:20 +0200] "GET /vintage-round-metal-flower-dish-p-46429.html HTTP/1.0" 200 72853 "-" "Mozilla/5.0 (compatible; BLEXBot/1.0; +http://webmeup-crawler.com/)"
157.90.177.217 - - [13/Jun/2021:04:36:24 +0200] "GET /vintage-trivet-p-40818.html HTTP/1.0" 200 72712 "-" "Mozilla/5.0 (compatible; BLEXBot/1.0; +http://webmeup-crawler.com/)"
157.90.177.217 - - [13/Jun/2021:04:36:28 +0200] "GET /vintage-trivet-p-40819.html HTTP/1.0" 200 72712 "-" "Mozilla/5.0 (compatible; BLEXBot/1.0; +http://webmeup-crawler.com/)"
49.7.20.122 - - [13/Jun/2021:04:36:29 +0200] "GET / HTTP/1.0" 200 149863 "-" "Sogou web spider/4.0(+http://www.sogou.com/docs/help/webmasters.htm#07)"
40.77.167.106 - - [13/Jun/2021:04:36:33 +0200] "GET /eccentric-dog-little-tray-235-175-cm-p-39733.html HTTP/1.0" 301 73066 "-" "Mozilla/5.0 (compatible; bingbot/2.0; +http://www.bing.com/bingbot.htm)"
157.90.177.217 - - [13/Jun/2021:04:36:33 +0200] "GET /vintage-trivet-p-40820.html HTTP/1.0" 200 72712 "-" "Mozilla/5.0 (compatible; BLEXBot/1.0; +http://webmeup-crawler.com/)"
40.77.167.106 - - [13/Jun/2021:04:36:34 +0200] "GET /-p-30752.html HTTP/1.0" 200 70165 "-" "Mozilla/5.0 (compatible; bingbot/2.0; +http://www.bing.com/bingbot.htm)"
157.90.177.217 - - [13/Jun/2021:04:36:39 +0200] "GET /vintage-trivet-p-40821.html HTTP/1.0" 200 72712 "-" "Mozilla/5.0 (compatible; BLEXBot/1.0; +http://webmeup-crawler.com/)"
157.90.177.217 - - [13/Jun/2021:04:36:46 +0200] "GET /vintage-wooden-p-35592.html HTTP/1.0" 200 73688 "-" "Mozilla/5.0 (compatible; BLEXBot/1.0; +http://webmeup-crawler.com/)"
157.90.177.217 - - [13/Jun/2021:04:36:51 +0200] "GET /virgin-child-prayer-candle-novena-p-47130.html HTTP/1.0" 200 73678 "-" "Mozilla/5.0 (compatible; BLEXBot/1.0; +http://webmeup-crawler.com/)"
157.90.177.217 - - [13/Jun/2021:04:36:56 +0200] "GET /virgo-clasic-keyring-cbkreation-p-43257.html HTTP/1.0" 200 72941 "-" "Mozilla/5.0 (compatible; BLEXBot/1.0; +http://webmeup-crawler.com/)"
157.90.177.217 - - [13/Jun/2021:04:37:01 +0200] "GET /virgo-cookware-cbkreation-p-43287.html HTTP/1.0" 200 72901 "-" "Mozilla/5.0 (compatible; BLEXBot/1.0; +http://webmeup-crawler.com/)"
157.90.177.217 - - [13/Jun/2021:04:37:06 +0200] "GET /virgo-mousepad-cbkreation-p-43313.html HTTP/1.0" 200 72866 "-" "Mozilla/5.0 (compatible; BLEXBot/1.0; +http://webmeup-crawler.com/)"
157.55.39.44 - - [13/Jun/2021:04:37:09 +0200] "GET /magnets-paris-p-48344.html HTTP/1.0" 200 72864 "-" "Mozilla/5.0 (compatible; bingbot/2.0; +http://www.bing.com/bingbot.htm)"
157.90.177.217 - - [13/Jun/2021:04:37:10 +0200] "GET /vive-paris-hairbrush-p-18965.html HTTP/1.0" 200 72793 "-" "Mozilla/5.0 (compatible; BLEXBot/1.0; +http://webmeup-crawler.com/)"
157.90.177.217 - - [13/Jun/2021:04:37:14 +0200] "GET /vive-paris-hairbrush-p-20208.html HTTP/1.0" 200 72792 "-" "Mozilla/5.0 (compatible; BLEXBot/1.0; +http://webmeup-crawler.com/)"
157.90.177.217 - - [13/Jun/2021:04:37:19 +0200] "GET /robots.txt HTTP/1.0" 301 531 "-" "Mozilla/5.0 (compatible; BLEXBot/1.0; +http://webmeup-crawler.com/)"
157.90.177.217 - - [13/Jun/2021:04:37:19 +0200] "GET /robots.txt HTTP/1.0" 200 245 "-" "Mozilla/5.0 (compatible; BLEXBot/1.0; +http://webmeup-crawler.com/)"
157.90.177.217 - - [13/Jun/2021:04:37:19 +0200] "GET /vive-paris-spiral-notebook-p-20223.html HTTP/1.0" 200 72888 "-" "Mozilla/5.0 (compatible; BLEXBot/1.0; +http://webmeup-crawler.com/)"
157.90.177.217 - - [13/Jun/2021:04:37:23 +0200] "GET /vivement-dimanche-pencil-case-p-20206.html HTTP/1.0" 200 72842 "-" "Mozilla/5.0 (compatible; BLEXBot/1.0; +http://webmeup-crawler.com/)"
54.36.148.111 - - [13/Jun/2021:04:37:26 +0200] "GET /wooden-dish-p-53549.html HTTP/1.0" 200 73504 "-" "Mozilla/5.0 (compatible; AhrefsBot/7.0; +http://ahrefs.com/robot/)"
157.90.177.217 - - [13/Jun/2021:04:37:28 +0200] "GET /volkswagen-adult-apron-p-34171.html HTTP/1.0" 200 72799 "-" "Mozilla/5.0 (compatible; BLEXBot/1.0; +http://webmeup-crawler.com/)"
157.90.177.217 - - [13/Jun/2021:04:37:32 +0200] "GET /volkswagen-beetle-metal-plate-p-26427.html HTTP/1.0" 200 72944 "-" "Mozilla/5.0 (compatible; BLEXBot/1.0; +http://webmeup-crawler.com/)"
157.90.177.217 - - [13/Jun/2021:04:37:37 +0200] "GET /volkswagen-bulli-metal-plate-p-26425.html HTTP/1.0" 200 72936 "-" "Mozilla/5.0 (compatible; BLEXBot/1.0; +http://webmeup-crawler.com/)"
157.90.177.217 - - [13/Jun/2021:04:37:41 +0200] "GET /volkswagen-bully-blue-picnic-mats-p-31975.html HTTP/1.0" 200 73291 "-" "Mozilla/5.0 (compatible; BLEXBot/1.0; +http://webmeup-crawler.com/)"
157.90.177.217 - - [13/Jun/2021:04:37:46 +0200] "GET /volkswagen-bully-picnic-mats-p-31976.html HTTP/1.0" 200 73275 "-" "Mozilla/5.0 (compatible; BLEXBot/1.0; +http://webmeup-crawler.com/)"
157.90.177.217 - - [13/Jun/2021:04:37:50 +0200] "GET /volkswagen-bully-rectangular-mirror-p-29010.html HTTP/1.0" 200 72872 "-" "Mozilla/5.0 (compatible; BLEXBot/1.0; +http://webmeup-crawler.com/)"
157.90.177.217 - - [13/Jun/2021:04:37:55 +0200] "GET /volkswagen-flower-messenger-p-18923.html HTTP/1.0" 200 73705 "-" "Mozilla/5.0 (compatible; BLEXBot/1.0; +http://webmeup-crawler.com/)"
157.90.177.217 - - [13/Jun/2021:04:38:05 +0200] "GET /volkswagen-golf-metal-plate-p-27974.html HTTP/1.0" 200 72929 "-" "Mozilla/5.0 (compatible; BLEXBot/1.0; +http://webmeup-crawler.com/)"
157.90.177.217 - - [13/Jun/2021:04:38:09 +0200] "GET /volkswagen-light-keychain-p-28755.html HTTP/1.0" 200 72844 "-" "Mozilla/5.0 (compatible; BLEXBot/1.0; +http://webmeup-crawler.com/)"
157.90.177.217 - - [13/Jun/2021:04:38:14 +0200] "GET /volkswagen-light-keychain-yellow-p-28754.html HTTP/1.0" 200 72877 "-" "Mozilla/5.0 (compatible; BLEXBot/1.0; +http://webmeup-crawler.com/)"
157.90.177.217 - - [13/Jun/2021:04:38:19 +0200] "GET /volkswagen-metal-plate-p-12552.html HTTP/1.0" 200 72772 "-" "Mozilla/5.0 (compatible; BLEXBot/1.0; +http://webmeup-crawler.com/)"
185.191.171.34 - - [13/Jun/2021:04:38:22 +0200] "GET /vieillis-coasters-p-53171.html HTTP/1.0" 200 72813 "-" "Mozilla/5.0 (compatible; SemrushBot/7~bl; +http://www.semrush.com/bot.html)"
157.90.177.217 - - [13/Jun/2021:04:38:23 +0200] "GET /volkswagen-mini-magnets-enamelled-p-31623.html HTTP/1.0" 200 73139 "-" "Mozilla/5.0 (compatible; BLEXBot/1.0; +http://webmeup-crawler.com/)"
157.90.177.217 - - [13/Jun/2021:04:38:28 +0200] "GET /volkswagen-mini-magnets-enamelled-p-38437.html HTTP/1.0" 200 73139 "-" "Mozilla/5.0 (compatible; BLEXBot/1.0; +http://webmeup-crawler.com/)"
157.90.177.217 - - [13/Jun/2021:04:38:34 +0200] "GET /volkswagen-mini-magnets-enamelled-p-38438.html HTTP/1.0" 200 73139 "-" "Mozilla/5.0 (compatible; BLEXBot/1.0; +http://webmeup-crawler.com/)"
157.90.177.217 - - [13/Jun/2021:04:38:39 +0200] "GET /volkswagen-saltshaker-pepper-p-35133.html HTTP/1.0" 200 72885 "-" "Mozilla/5.0 (compatible; BLEXBot/1.0; +http://webmeup-crawler.com/)"
157.55.39.152 - - [13/Jun/2021:04:38:42 +0200] "GET /beatles-notebook-p-17107.html HTTP/1.0" 200 72959 "-" "Mozilla/5.0 (compatible; bingbot/2.0; +http://www.bing.com/bingbot.htm)"
54.36.148.86 - - [13/Jun/2021:04:38:42 +0200] "GET /hello-kitty-chocolate-node-companion-camomilla-p-16293.html HTTP/1.0" 200 73148 "-" "Mozilla/5.0 (compatible; AhrefsBot/7.0; +http://ahrefs.com/robot/)"
157.90.177.217 - - [13/Jun/2021:04:38:44 +0200] "GET /volkswagen-service-metal-plate-p-37174.html HTTP/1.0" 200 72970 "-" "Mozilla/5.0 (compatible; BLEXBot/1.0; +http://webmeup-crawler.com/)"
157.90.177.217 - - [13/Jun/2021:04:38:49 +0200] "GET /volkswagen-small-metal-plate-p-29714.html HTTP/1.0" 200 72600 "-" "Mozilla/5.0 (compatible; BLEXBot/1.0; +http://webmeup-crawler.com/)"
157.90.177.217 - - [13/Jun/2021:04:38:53 +0200] "GET /volkswagen-small-metal-plate-p-29715.html HTTP/1.0" 200 72874 "-" "Mozilla/5.0 (compatible; BLEXBot/1.0; +http://webmeup-crawler.com/)"
207.46.13.38 - - [13/Jun/2021:04:38:53 +0200] "GET /glass-cutting-board-by-cbkreation-p-51332.html HTTP/1.0" 301 72968 "-" "Mozilla/5.0 (compatible; bingbot/2.0; +http://www.bing.com/bingbot.htm)"
157.90.177.217 - - [13/Jun/2021:04:38:57 +0200] "GET /volkswagen-small-metal-plate-p-29716.html HTTP/1.0" 200 72600 "-" "Mozilla/5.0 (compatible; BLEXBot/1.0; +http://webmeup-crawler.com/)"
157.90.177.217 - - [13/Jun/2021:04:39:01 +0200] "GET /volkswagen-small-metal-plate-p-29717.html HTTP/1.0" 200 72874 "-" "Mozilla/5.0 (compatible; BLEXBot/1.0; +http://webmeup-crawler.com/)"
157.90.177.217 - - [13/Jun/2021:04:39:06 +0200] "GET /volkswagen-surf-messenger-p-18921.html HTTP/1.0" 200 73691 "-" "Mozilla/5.0 (compatible; BLEXBot/1.0; +http://webmeup-crawler.com/)"
157.90.177.217 - - [13/Jun/2021:04:39:12 +0200] "GET /volkwagen-blue-power-bank-3000mah-p-35061.html HTTP/1.0" 200 75552 "-" "Mozilla/5.0 (compatible; BLEXBot/1.0; +http://webmeup-crawler.com/)"
157.90.177.217 - - [13/Jun/2021:04:39:16 +0200] "GET /volkwagen-power-bank-3000mah-p-35060.html HTTP/1.0" 200 75536 "-" "Mozilla/5.0 (compatible; BLEXBot/1.0; +http://webmeup-crawler.com/)"
157.90.177.217 - - [13/Jun/2021:04:39:22 +0200] "GET /votive-candle-bergamot-moss-white-musk-p-46871.html HTTP/1.0" 200 73589 "-" "Mozilla/5.0 (compatible; BLEXBot/1.0; +http://webmeup-crawler.com/)"
157.90.177.217 - - [13/Jun/2021:04:39:26 +0200] "GET /votive-candle-bloom-p-49930.html HTTP/1.0" 200 73499 "-" "Mozilla/5.0 (compatible; BLEXBot/1.0; +http://webmeup-crawler.com/)"
157.90.177.217 - - [13/Jun/2021:04:39:30 +0200] "GET /votive-candle-cashmere-p-46018.html HTTP/1.0" 200 73400 "-" "Mozilla/5.0 (compatible; BLEXBot/1.0; +http://webmeup-crawler.com/)"
157.90.177.217 - - [13/Jun/2021:04:39:34 +0200] "GET /votive-candle-christmas-night-p-42617.html HTTP/1.0" 200 73438 "-" "Mozilla/5.0 (compatible; BLEXBot/1.0; +http://webmeup-crawler.com/)"
157.90.177.217 - - [13/Jun/2021:04:39:38 +0200] "GET /votive-candle-damask-rose-arabian-jasmine-p-46866.html HTTP/1.0" 200 73629 "-" "Mozilla/5.0 (compatible; BLEXBot/1.0; +http://webmeup-crawler.com/)"
157.90.177.217 - - [13/Jun/2021:04:39:43 +0200] "GET /votive-candle-home-christmas-p-46035.html HTTP/1.0" 200 73503 "-" "Mozilla/5.0 (compatible; BLEXBot/1.0; +http://webmeup-crawler.com/)"
157.55.39.128 - - [13/Jun/2021:04:39:48 +0200] "GET /kawasaki-metal-plate-p-51152.html HTTP/1.0" 200 72896 "-" "Mozilla/5.0 (compatible; bingbot/2.0; +http://www.bing.com/bingbot.htm)"
157.90.177.217 - - [13/Jun/2021:04:39:49 +0200] "GET /votive-candle-hours-baked-apple-p-38118.html HTTP/1.0" 200 73963 "-" "Mozilla/5.0 (compatible; BLEXBot/1.0; +http://webmeup-crawler.com/)"
54.36.148.40 - - [13/Jun/2021:04:39:54 +0200] "GET /laissez-lucie-faire-small-wallet-maria-p-44822.html HTTP/1.0" 200 73680 "-" "Mozilla/5.0 (compatible; AhrefsBot/7.0; +http://ahrefs.com/robot/)"
157.90.177.217 - - [13/Jun/2021:04:39:55 +0200] "GET /votive-candle-hours-basil-lime-mandarin-p-47624.html HTTP/1.0" 200 73510 "-" "Mozilla/5.0 (compatible; BLEXBot/1.0; +http://webmeup-crawler.com/)"
157.90.177.217 - - [13/Jun/2021:04:39:59 +0200] "GET /votive-candle-hours-calming-aloe-p-43773.html HTTP/1.0" 200 73397 "-" "Mozilla/5.0 (compatible; BLEXBot/1.0; +http://webmeup-crawler.com/)"
157.90.177.217 - - [13/Jun/2021:04:40:04 +0200] "GET /votive-candle-hours-caramel-cupcake-p-38121.html HTTP/1.0" 200 73973 "-" "Mozilla/5.0 (compatible; BLEXBot/1.0; +http://webmeup-crawler.com/)"
157.90.177.217 - - [13/Jun/2021:04:40:11 +0200] "GET /votive-candle-hours-cerulean-p-38947.html HTTP/1.0" 200 73946 "-" "Mozilla/5.0 (compatible; BLEXBot/1.0; +http://webmeup-crawler.com/)"
185.191.171.26 - - [13/Jun/2021:04:40:18 +0200] "GET /mustache-light-pink-women-tee-shirt-p-35909.html HTTP/1.0" 301 75191 "-" "Mozilla/5.0 (compatible; SemrushBot/7~bl; +http://www.semrush.com/bot.html)"
157.90.177.217 - - [13/Jun/2021:04:40:18 +0200] "GET /votive-candle-hours-christmas-cupcake-p-33122.html HTTP/1.0" 200 74113 "-" "Mozilla/5.0 (compatible; BLEXBot/1.0; +http://webmeup-crawler.com/)"
185.191.171.14 - - [13/Jun/2021:04:40:20 +0200] "GET /mustache-light-pink-women-shirt-p-35909.html HTTP/1.0" 200 75093 "-" "Mozilla/5.0 (compatible; SemrushBot/7~bl; +http://www.semrush.com/bot.html)"
66.249.68.8 - - [13/Jun/2021:04:40:23 +0200] "GET /images/med_prod/1399984285152.jpg HTTP/1.0" 200 268 "-" "Googlebot-Image/1.0"
157.90.177.217 - - [13/Jun/2021:04:40:27 +0200] "GET /votive-candle-hours-cinnamon-spice-medium-p-33126.html HTTP/1.0" 200 74160 "-" "Mozilla/5.0 (compatible; BLEXBot/1.0; +http://webmeup-crawler.com/)"
157.90.177.217 - - [13/Jun/2021:04:40:33 +0200] "GET /votive-candle-hours-citrus-crush-p-33127.html HTTP/1.0" 200 74127 "-" "Mozilla/5.0 (compatible; BLEXBot/1.0; +http://webmeup-crawler.com/)"
157.90.177.217 - - [13/Jun/2021:04:40:36 +0200] "GET /votive-candle-hours-cotton-soft-p-33121.html HTTP/1.0" 200 74083 "-" "Mozilla/5.0 (compatible; BLEXBot/1.0; +http://webmeup-crawler.com/)"
66.249.68.8 - - [13/Jun/2021:04:40:37 +0200] "GET /images/mini_prod/3665284220642.jpg HTTP/1.0" 200 269 "-" "Googlebot-Image/1.0"
157.90.177.217 - - [13/Jun/2021:04:40:41 +0200] "GET /votive-candle-hours-dawn-mist-p-33120.html HTTP/1.0" 200 74080 "-" "Mozilla/5.0 (compatible; BLEXBot/1.0; +http://webmeup-crawler.com/)"
157.90.177.217 - - [13/Jun/2021:04:40:45 +0200] "GET /votive-candle-hours-eastern-promise-p-38112.html HTTP/1.0" 200 73969 "-" "Mozilla/5.0 (compatible; BLEXBot/1.0; +http://webmeup-crawler.com/)"
157.55.39.44 - - [13/Jun/2021:04:40:48 +0200] "GET /sponge-bob-melamine-bowl-p-17120.html HTTP/1.0" 301 72985 "-" "Mozilla/5.0 (compatible; bingbot/2.0; +http://www.bing.com/bingbot.htm)"
157.90.177.217 - - [13/Jun/2021:04:40:50 +0200] "GET /votive-candle-hours-french-vanilla-p-33125.html HTTP/1.0" 200 74109 "-" "Mozilla/5.0 (compatible; BLEXBot/1.0; +http://webmeup-crawler.com/)"
40.77.167.70 - - [13/Jun/2021:04:40:53 +0200] "GET /-p-21099.html HTTP/1.0" 200 70165 "-" "Mozilla/5.0 (compatible; bingbot/2.0; +http://www.bing.com/bingbot.htm)"
40.77.167.70 - - [13/Jun/2021:04:40:53 +0200] "GET /barbapapa-large-coin-purse-p-5345.html HTTP/1.0" 200 72986 "-" "Mozilla/5.0 (compatible; bingbot/2.0; +http://www.bing.com/bingbot.htm)"
157.90.177.217 - - [13/Jun/2021:04:40:54 +0200] "GET /votive-candle-hours-fresh-linen-p-33132.html HTTP/1.0" 200 74087 "-" "Mozilla/5.0 (compatible; BLEXBot/1.0; +http://webmeup-crawler.com/)"
157.90.177.217 - - [13/Jun/2021:04:40:58 +0200] "GET /votive-candle-hours-grass-p-33131.html HTTP/1.0" 200 74053 "-" "Mozilla/5.0 (compatible; BLEXBot/1.0; +http://webmeup-crawler.com/)"
157.90.177.217 - - [13/Jun/2021:04:41:03 +0200] "GET /votive-candle-hours-intense-p-33119.html HTTP/1.0" 200 74080 "-" "Mozilla/5.0 (compatible; BLEXBot/1.0; +http://webmeup-crawler.com/)"
13.66.139.0 - - [13/Jun/2021:04:41:04 +0200] "GET /white-and-grey-moroccan-ashtray-p-52623.html HTTP/1.0" 301 72892 "-" "Mozilla/5.0 (compatible; bingbot/2.0; +http://www.bing.com/bingbot.htm)"
157.90.177.217 - - [13/Jun/2021:04:41:08 +0200] "GET /votive-candle-hours-jasmine-daydream-p-33123.html HTTP/1.0" 200 74169 "-" "Mozilla/5.0 (compatible; BLEXBot/1.0; +http://webmeup-crawler.com/)"
157.90.177.217 - - [13/Jun/2021:04:41:12 +0200] "GET /votive-candle-hours-jasmine-freesia-p-38945.html HTTP/1.0" 200 73985 "-" "Mozilla/5.0 (compatible; BLEXBot/1.0; +http://webmeup-crawler.com/)"
40.77.167.106 - - [13/Jun/2021:04:41:13 +0200] "GET /shoulder-bag-jasmine-by-teo-jasmin-p-39251.html HTTP/1.0" 301 70394 "-" "Mozilla/5.0 (compatible; bingbot/2.0; +http://www.bing.com/bingbot.htm)"
54.36.148.117 - - [13/Jun/2021:04:41:15 +0200] "GET /comptoir-rectangular-tray-p-51427.html HTTP/1.0" 200 72960 "-" "Mozilla/5.0 (compatible; AhrefsBot/7.0; +http://ahrefs.com/robot/)"
157.90.177.217 - - [13/Jun/2021:04:41:17 +0200] "GET /votive-candle-hours-lavender-sage-p-33124.html HTTP/1.0" 200 74118 "-" "Mozilla/5.0 (compatible; BLEXBot/1.0; +http://webmeup-crawler.com/)"
157.90.177.217 - - [13/Jun/2021:04:41:23 +0200] "GET /votive-candle-hours-lemon-amalfi-p-47629.html HTTP/1.0" 200 73446 "-" "Mozilla/5.0 (compatible; BLEXBot/1.0; +http://webmeup-crawler.com/)"
157.90.177.217 - - [13/Jun/2021:04:41:28 +0200] "GET /votive-candle-hours-paradise-sunset-p-39902.html HTTP/1.0" 200 73460 "-" "Mozilla/5.0 (compatible; BLEXBot/1.0; +http://webmeup-crawler.com/)"
66.249.68.10 - - [13/Jun/2021:04:41:31 +0200] "GET /images/big_prod/4022158874407.jpg HTTP/1.0" 200 268 "-" "Googlebot-Image/1.0"
157.90.177.217 - - [13/Jun/2021:04:41:33 +0200] "GET /votive-candle-hours-pearl-bouquet-p-34629.html HTTP/1.0" 200 74180 "-" "Mozilla/5.0 (compatible; BLEXBot/1.0; +http://webmeup-crawler.com/)"
157.90.177.217 - - [13/Jun/2021:04:41:37 +0200] "GET /votive-candle-hours-pink-grapefruit-cassis-p-35341.html HTTP/1.0" 200 74228 "-" "Mozilla/5.0 (compatible; BLEXBot/1.0; +http://webmeup-crawler.com/)"
157.90.177.217 - - [13/Jun/2021:04:41:41 +0200] "GET /votive-candle-hours-rambling-rose-p-33117.html HTTP/1.0" 200 74088 "-" "Mozilla/5.0 (compatible; BLEXBot/1.0; +http://webmeup-crawler.com/)"
157.55.39.152 - - [13/Jun/2021:04:41:42 +0200] "GET /bamboo-tray-spicy-p-46452.html HTTP/1.0" 200 72780 "-" "Mozilla/5.0 (compatible; bingbot/2.0; +http://www.bing.com/bingbot.htm)"
157.90.177.217 - - [13/Jun/2021:04:41:46 +0200] "GET /votive-candle-hours-sandalwood-vanilla-p-37308.html HTTP/1.0" 200 74201 "-" "Mozilla/5.0 (compatible; BLEXBot/1.0; +http://webmeup-crawler.com/)"
157.90.177.217 - - [13/Jun/2021:04:41:50 +0200] "GET /votive-candle-hours-simply-mulberry-p-35342.html HTTP/1.0" 200 74160 "-" "Mozilla/5.0 (compatible; BLEXBot/1.0; +http://webmeup-crawler.com/)"
207.46.13.38 - - [13/Jun/2021:04:41:54 +0200] "GET /laundry-basket-50-cm-p-52236.html HTTP/1.0" 301 73516 "-" "Mozilla/5.0 (compatible; bingbot/2.0; +http://www.bing.com/bingbot.htm)"
157.90.177.217 - - [13/Jun/2021:04:41:55 +0200] "GET /votive-candle-hours-simply-p-33130.html HTTP/1.0" 200 74059 "-" "Mozilla/5.0 (compatible; BLEXBot/1.0; +http://webmeup-crawler.com/)"
157.90.177.217 - - [13/Jun/2021:04:41:59 +0200] "GET /votive-candle-hours-strawberry-cream-p-38108.html HTTP/1.0" 200 73995 "-" "Mozilla/5.0 (compatible; BLEXBot/1.0; +http://webmeup-crawler.com/)"
157.90.177.217 - - [13/Jun/2021:04:42:04 +0200] "GET /votive-candle-hours-sweet-black-cherries-p-33128.html HTTP/1.0" 200 74155 "-" "Mozilla/5.0 (compatible; BLEXBot/1.0; +http://webmeup-crawler.com/)"
157.90.177.217 - - [13/Jun/2021:04:42:09 +0200] "GET /votive-candle-hours-sweet-p-34630.html HTTP/1.0" 200 73928 "-" "Mozilla/5.0 (compatible; BLEXBot/1.0; +http://webmeup-crawler.com/)"
207.46.13.38 - - [13/Jun/2021:04:42:10 +0200] "GET /mugs-and-mazagrans-c-12_57.html?page=8 HTTP/1.0" 301 96590 "-" "Mozilla/5.0 (compatible; bingbot/2.0; +http://www.bing.com/bingbot.htm)"
40.77.167.106 - - [13/Jun/2021:04:42:14 +0200] "GET /charmmy-kitty-set-of-hair-clips-p-13536.html HTTP/1.0" 301 70394 "-" "Mozilla/5.0 (compatible; bingbot/2.0; +http://www.bing.com/bingbot.htm)"
157.90.177.217 - - [13/Jun/2021:04:42:17 +0200] "GET /votive-candle-hours-true-enchantment-p-33129.html HTTP/1.0" 200 74126 "-" "Mozilla/5.0 (compatible; BLEXBot/1.0; +http://webmeup-crawler.com/)"
157.90.177.217 - - [13/Jun/2021:04:42:21 +0200] "GET /votive-candle-pina-colada-p-44132.html HTTP/1.0" 200 73565 "-" "Mozilla/5.0 (compatible; BLEXBot/1.0; +http://webmeup-crawler.com/)"
54.36.148.254 - - [13/Jun/2021:04:42:22 +0200] "GET /pillow-case-cotton-percale-threads-p-43855.html HTTP/1.0" 200 73749 "-" "Mozilla/5.0 (compatible; AhrefsBot/7.0; +http://ahrefs.com/robot/)"
147.92.153.20 - - [13/Jun/2021:04:42:23 +0200] "GET /heart-home-votive-candle-hours-sweet-peas-p-55373.html HTTP/1.0" 200 73958 "-" "Mozilla/5.0 (compatible; Linespider/1.1; +https://lin.ee/4dwXkTH)"
157.90.177.217 - - [13/Jun/2021:04:42:25 +0200] "GET /votive-candle-plum-orange-blossom-p-46024.html HTTP/1.0" 200 73556 "-" "Mozilla/5.0 (compatible; BLEXBot/1.0; +http://webmeup-crawler.com/)"
157.90.177.217 - - [13/Jun/2021:04:42:30 +0200] "GET /votive-candle-rose-p-42630.html HTTP/1.0" 200 73405 "-" "Mozilla/5.0 (compatible; BLEXBot/1.0; +http://webmeup-crawler.com/)"
157.90.177.217 - - [13/Jun/2021:04:42:34 +0200] "GET /votive-candle-spicy-mandarin-p-49933.html HTTP/1.0" 200 73532 "-" "Mozilla/5.0 (compatible; BLEXBot/1.0; +http://webmeup-crawler.com/)"
49.7.20.118 - - [13/Jun/2021:04:42:37 +0200] "GET / HTTP/1.0" 301 511 "-" "Sogou web spider/4.0(+http://www.sogou.com/docs/help/webmasters.htm#07)"
157.90.177.217 - - [13/Jun/2021:04:42:38 +0200] "GET /votive-candle-stopover-mediterranean-p-44131.html HTTP/1.0" 200 73740 "-" "Mozilla/5.0 (compatible; BLEXBot/1.0; +http://webmeup-crawler.com/)"
157.90.177.217 - - [13/Jun/2021:04:42:42 +0200] "GET /votive-candle-sugar-spice-p-42626.html HTTP/1.0" 200 73458 "-" "Mozilla/5.0 (compatible; BLEXBot/1.0; +http://webmeup-crawler.com/)"
157.90.177.217 - - [13/Jun/2021:04:42:47 +0200] "GET /votive-candle-sweet-apple-treat-p-42613.html HTTP/1.0" 200 73497 "-" "Mozilla/5.0 (compatible; BLEXBot/1.0; +http://webmeup-crawler.com/)"
157.55.39.128 - - [13/Jun/2021:04:42:48 +0200] "GET /angry-birds-set-of-hair-ornements-p-19410.html HTTP/1.0" 301 70406 "-" "Mozilla/5.0 (compatible; bingbot/2.0; +http://www.bing.com/bingbot.htm)"
167.114.116.38 - - [13/Jun/2021:04:42:50 +0200] "GET /robots.txt HTTP/1.0" 200 245 "-" "Mozilla/5.0 (compatible; MJ12bot/v1.4.8; http://mj12bot.com/)"
157.90.177.217 - - [13/Jun/2021:04:42:52 +0200] "GET /votive-candle-violet-moon-p-42622.html HTTP/1.0" 200 73456 "-" "Mozilla/5.0 (compatible; BLEXBot/1.0; +http://webmeup-crawler.com/)"
157.90.177.217 - - [13/Jun/2021:04:42:58 +0200] "GET /votive-candle-white-eucalyptus-p-46863.html HTTP/1.0" 200 73509 "-" "Mozilla/5.0 (compatible; BLEXBot/1.0; +http://webmeup-crawler.com/)"
157.90.177.217 - - [13/Jun/2021:04:43:02 +0200] "GET /votive-metal-candles-holder-p-42182.html HTTP/1.0" 200 73031 "-" "Mozilla/5.0 (compatible; BLEXBot/1.0; +http://webmeup-crawler.com/)"
157.90.177.217 - - [13/Jun/2021:04:43:07 +0200] "GET /votive-metal-candles-holder-p-42183.html HTTP/1.0" 200 73032 "-" "Mozilla/5.0 (compatible; BLEXBot/1.0; +http://webmeup-crawler.com/)"
157.55.39.44 - - [13/Jun/2021:04:43:08 +0200] "GET /sonny-angel-figure-easter-series-p-34302.html HTTP/1.0" 200 70287 "-" "Mozilla/5.0 (compatible; bingbot/2.0; +http://www.bing.com/bingbot.htm)"
157.90.177.217 - - [13/Jun/2021:04:43:12 +0200] "GET /voyage-stickers-p-39329.html HTTP/1.0" 200 72950 "-" "Mozilla/5.0 (compatible; BLEXBot/1.0; +http://webmeup-crawler.com/)"
157.90.177.217 - - [13/Jun/2021:04:43:17 +0200] "GET /walking-dead-daryl-poster-p-30895.html HTTP/1.0" 200 72822 "-" "Mozilla/5.0 (compatible; BLEXBot/1.0; +http://webmeup-crawler.com/)"
157.90.177.217 - - [13/Jun/2021:04:43:22 +0200] "GET /walking-dead-daryl-poster-p-40775.html HTTP/1.0" 200 72822 "-" "Mozilla/5.0 (compatible; BLEXBot/1.0; +http://webmeup-crawler.com/)"
157.90.177.217 - - [13/Jun/2021:04:43:26 +0200] "GET /walking-dead-shirt-p-29584.html HTTP/1.0" 200 73939 "-" "Mozilla/5.0 (compatible; BLEXBot/1.0; +http://webmeup-crawler.com/)"
157.90.177.217 - - [13/Jun/2021:04:43:32 +0200] "GET /walking-dead-shirt-p-29586.html HTTP/1.0" 200 74455 "-" "Mozilla/5.0 (compatible; BLEXBot/1.0; +http://webmeup-crawler.com/)"
157.90.177.217 - - [13/Jun/2021:04:43:36 +0200] "GET /wall-coat-wooden-supports-p-52250.html HTTP/1.0" 200 73509 "-" "Mozilla/5.0 (compatible; BLEXBot/1.0; +http://webmeup-crawler.com/)"
157.90.177.217 - - [13/Jun/2021:04:43:41 +0200] "GET /wall-decor-octopus-p-47397.html HTTP/1.0" 200 73522 "-" "Mozilla/5.0 (compatible; BLEXBot/1.0; +http://webmeup-crawler.com/)"
157.90.177.217 - - [13/Jun/2021:04:43:45 +0200] "GET /wall-decoration-beer-capsule-collector-p-55089.html HTTP/1.0" 200 73573 "-" "Mozilla/5.0 (compatible; BLEXBot/1.0; +http://webmeup-crawler.com/)"
54.36.148.86 - - [13/Jun/2021:04:43:46 +0200] "GET /pillow-case-cotton-percale-threads-p-43856.html HTTP/1.0" 200 73749 "-" "Mozilla/5.0 (compatible; AhrefsBot/7.0; +http://ahrefs.com/robot/)"
157.90.177.217 - - [13/Jun/2021:04:43:50 +0200] "GET /wall-decoration-blue-gold-model-p-38577.html HTTP/1.0" 200 72981 "-" "Mozilla/5.0 (compatible; BLEXBot/1.0; +http://webmeup-crawler.com/)"
157.90.177.217 - - [13/Jun/2021:04:43:56 +0200] "GET /wall-decoration-branch-p-47492.html HTTP/1.0" 200 72873 "-" "Mozilla/5.0 (compatible; BLEXBot/1.0; +http://webmeup-crawler.com/)"
157.90.177.217 - - [13/Jun/2021:04:44:01 +0200] "GET /wall-decoration-cactus-mirror-p-47504.html HTTP/1.0" 200 72873 "-" "Mozilla/5.0 (compatible; BLEXBot/1.0; +http://webmeup-crawler.com/)"
157.90.177.217 - - [13/Jun/2021:04:44:05 +0200] "GET /wall-decoration-cork-mappemonde-p-40615.html HTTP/1.0" 200 73630 "-" "Mozilla/5.0 (compatible; BLEXBot/1.0; +http://webmeup-crawler.com/)"
157.90.177.217 - - [13/Jun/2021:04:44:11 +0200] "GET /wall-decoration-fire-extinguisher-p-51447.html HTTP/1.0" 200 72944 "-" "Mozilla/5.0 (compatible; BLEXBot/1.0; +http://webmeup-crawler.com/)"
207.46.13.38 - - [13/Jun/2021:04:44:12 +0200] "GET /sponge-bob-plastic-plate-p-17131.html HTTP/1.0" 301 70232 "-" "Mozilla/5.0 (compatible; bingbot/2.0; +http://www.bing.com/bingbot.htm)"
157.90.177.217 - - [13/Jun/2021:04:44:16 +0200] "GET /wall-decoration-flamingo-p-37458.html HTTP/1.0" 200 72913 "-" "Mozilla/5.0 (compatible; BLEXBot/1.0; +http://webmeup-crawler.com/)"
157.90.177.217 - - [13/Jun/2021:04:44:20 +0200] "GET /wall-decoration-flamingo-p-45741.html HTTP/1.0" 200 72910 "-" "Mozilla/5.0 (compatible; BLEXBot/1.0; +http://webmeup-crawler.com/)"
157.90.177.217 - - [13/Jun/2021:04:44:25 +0200] "GET /wall-decoration-green-model-p-38571.html HTTP/1.0" 200 72945 "-" "Mozilla/5.0 (compatible; BLEXBot/1.0; +http://webmeup-crawler.com/)"
40.77.167.90 - - [13/Jun/2021:04:44:29 +0200] "GET /-p-17616.html HTTP/1.0" 200 70165 "-" "Mozilla/5.0 (compatible; bingbot/2.0; +http://www.bing.com/bingbot.htm)"
40.77.167.90 - - [13/Jun/2021:04:44:30 +0200] "GET /hello-kitty-sports-bottle-p-25066.html HTTP/1.0" 200 72817 "-" "Mozilla/5.0 (compatible; bingbot/2.0; +http://www.bing.com/bingbot.htm)"
157.90.177.217 - - [13/Jun/2021:04:44:30 +0200] "GET /wall-decoration-green-model-p-41004.html HTTP/1.0" 200 72918 "-" "Mozilla/5.0 (compatible; BLEXBot/1.0; +http://webmeup-crawler.com/)"
167.114.116.38 - - [13/Jun/2021:04:44:34 +0200] "GET /panda-cushion-with-removable-cover-p-45413.html HTTP/1.0" 301 70232 "-" "Mozilla/5.0 (compatible; MJ12bot/v1.4.8; http://mj12bot.com/)"
157.90.177.217 - - [13/Jun/2021:04:44:36 +0200] "GET /wall-decoration-green-tabby-p-41105.html HTTP/1.0" 200 72919 "-" "Mozilla/5.0 (compatible; BLEXBot/1.0; +http://webmeup-crawler.com/)"
157.90.177.217 - - [13/Jun/2021:04:44:42 +0200] "GET /wall-decoration-hang-croix-camargue-p-40448.html HTTP/1.0" 200 72995 "-" "Mozilla/5.0 (compatible; BLEXBot/1.0; +http://webmeup-crawler.com/)"
49.7.20.122 - - [13/Jun/2021:04:44:46 +0200] "GET / HTTP/1.0" 200 149998 "-" "Sogou web spider/4.0(+http://www.sogou.com/docs/help/webmasters.htm#07)"
157.90.177.217 - - [13/Jun/2021:04:44:46 +0200] "GET /wall-decoration-hang-p-42747.html HTTP/1.0" 200 72926 "-" "Mozilla/5.0 (compatible; BLEXBot/1.0; +http://webmeup-crawler.com/)"
207.46.13.38 - - [13/Jun/2021:04:44:48 +0200] "GET /js/jquery.js HTTP/1.0" 200 252 "-" "Mozilla/5.0 (compatible; bingbot/2.0; +http://www.bing.com/bingbot.htm)"
157.90.177.217 - - [13/Jun/2021:04:44:50 +0200] "GET /wall-decoration-hang-p-42749.html HTTP/1.0" 200 72936 "-" "Mozilla/5.0 (compatible; BLEXBot/1.0; +http://webmeup-crawler.com/)"
157.90.177.217 - - [13/Jun/2021:04:44:55 +0200] "GET /wall-decoration-home-p-52202.html HTTP/1.0" 200 72908 "-" "Mozilla/5.0 (compatible; BLEXBot/1.0; +http://webmeup-crawler.com/)"
40.77.167.90 - - [13/Jun/2021:04:44:56 +0200] "GET /images/mini_prod/3574640159659.jpg HTTP/1.0" 200 269 "-" "Mozilla/5.0 (compatible; bingbot/2.0; +http://www.bing.com/bingbot.htm)"
157.90.177.217 - - [13/Jun/2021:04:45:00 +0200] "GET /wall-decoration-horse-black-white-p-37574.html HTTP/1.0" 200 73025 "-" "Mozilla/5.0 (compatible; BLEXBot/1.0; +http://webmeup-crawler.com/)"
54.36.148.86 - - [13/Jun/2021:04:45:03 +0200] "GET /spice-with-sprinkler-poudre-perlimpinpin-p-46515.html HTTP/1.0" 200 72905 "-" "Mozilla/5.0 (compatible; AhrefsBot/7.0; +http://ahrefs.com/robot/)"
157.90.177.217 - - [13/Jun/2021:04:45:05 +0200] "GET /wall-decoration-mirror-flower-p-48720.html HTTP/1.0" 200 73474 "-" "Mozilla/5.0 (compatible; BLEXBot/1.0; +http://webmeup-crawler.com/)"
207.46.13.38 - - [13/Jun/2021:04:45:10 +0200] "GET /nici-ayumi-brown-portfolio-p-33439.html HTTP/1.0" 200 73034 "-" "Mozilla/5.0 (compatible; bingbot/2.0; +http://www.bing.com/bingbot.htm)"
157.90.177.217 - - [13/Jun/2021:04:45:10 +0200] "GET /wall-decoration-mirror-flower-p-48822.html HTTP/1.0" 200 73474 "-" "Mozilla/5.0 (compatible; BLEXBot/1.0; +http://webmeup-crawler.com/)"
157.90.177.217 - - [13/Jun/2021:04:45:18 +0200] "GET /wall-decoration-mirror-flowers-p-52685.html HTTP/1.0" 200 72921 "-" "Mozilla/5.0 (compatible; BLEXBot/1.0; +http://webmeup-crawler.com/)"
157.90.177.217 - - [13/Jun/2021:04:45:23 +0200] "GET /wall-decoration-mirror-metal-flower-p-50498.html HTTP/1.0" 200 72911 "-" "Mozilla/5.0 (compatible; BLEXBot/1.0; +http://webmeup-crawler.com/)"
167.114.116.38 - - [13/Jun/2021:04:45:28 +0200] "GET /-p-45413.html HTTP/1.0" 200 70165 "-" "Mozilla/5.0 (compatible; MJ12bot/v1.4.8; http://mj12bot.com/)"
157.90.177.217 - - [13/Jun/2021:04:45:32 +0200] "GET /wall-decoration-mirror-metal-leaves-p-50499.html HTTP/1.0" 200 72911 "-" "Mozilla/5.0 (compatible; BLEXBot/1.0; +http://webmeup-crawler.com/)"
207.46.13.79 - - [13/Jun/2021:04:45:35 +0200] "GET /wooden-support-for-keys-grey-p-41923.html HTTP/1.0" 301 70354 "-" "Mozilla/5.0 (compatible; bingbot/2.0; +http://www.bing.com/bingbot.htm)"
157.90.177.217 - - [13/Jun/2021:04:45:39 +0200] "GET /wall-decoration-mirror-metal-leaves-p-50500.html HTTP/1.0" 200 72911 "-" "Mozilla/5.0 (compatible; BLEXBot/1.0; +http://webmeup-crawler.com/)"
157.90.177.217 - - [13/Jun/2021:04:45:46 +0200] "GET /wall-decoration-mirror-p-48718.html HTTP/1.0" 200 72822 "-" "Mozilla/5.0 (compatible; BLEXBot/1.0; +http://webmeup-crawler.com/)"
157.90.177.217 - - [13/Jun/2021:04:45:52 +0200] "GET /wall-decoration-mirror-p-48721.html HTTP/1.0" 200 73465 "-" "Mozilla/5.0 (compatible; BLEXBot/1.0; +http://webmeup-crawler.com/)"
157.55.39.122 - - [13/Jun/2021:04:45:59 +0200] "GET /barbapapa-love-lace-curtain-p-10429.html HTTP/1.0" 200 72996 "-" "Mozilla/5.0 (compatible; bingbot/2.0; +http://www.bing.com/bingbot.htm)"
167.114.116.38 - - [13/Jun/2021:04:46:00 +0200] "GET /postcard-with-envelope-cat-p-48858.html HTTP/1.0" 301 73036 "-" "Mozilla/5.0 (compatible; MJ12bot/v1.4.8; http://mj12bot.com/)"
157.90.177.217 - - [13/Jun/2021:04:46:00 +0200] "GET /wall-decoration-mirror-p-51799.html HTTP/1.0" 200 73636 "-" "Mozilla/5.0 (compatible; BLEXBot/1.0; +http://webmeup-crawler.com/)"
40.77.167.106 - - [13/Jun/2021:04:46:04 +0200] "GET /teo-jasmin-traveller-bag-teo-titi-black-p-38844.html HTTP/1.0" 301 70376 "-" "Mozilla/5.0 (compatible; bingbot/2.0; +http://www.bing.com/bingbot.htm)"
17.121.114.75 - - [13/Jun/2021:04:45:59 +0200] "GET /plastic-boxes-storage-c-13_150_217.html HTTP/1.0" 200 75915 "-" "Mozilla/5.0 (Macintosh; Intel Mac OS X 10_15_5) AppleWebKit/605.1.15 (KHTML, like Gecko) Version/13.1.1 Safari/605.1.15 (Applebot/0.1; +http://www.apple.com/go/applebot)"
157.90.177.217 - - [13/Jun/2021:04:46:07 +0200] "GET /wall-decoration-p-46712.html HTTP/1.0" 200 72775 "-" "Mozilla/5.0 (compatible; BLEXBot/1.0; +http://webmeup-crawler.com/)"
207.46.13.38 - - [13/Jun/2021:04:46:14 +0200] "GET /kori-kumi-vanity-bag-p-30500.html HTTP/1.0" 301 73556 "-" "Mozilla/5.0 (compatible; bingbot/2.0; +http://www.bing.com/bingbot.htm)"
157.90.177.217 - - [13/Jun/2021:04:46:15 +0200] "GET /wall-decoration-pump-gasoline-metal-p-50189.html HTTP/1.0" 200 72979 "-" "Mozilla/5.0 (compatible; BLEXBot/1.0; +http://webmeup-crawler.com/)"
54.36.149.86 - - [13/Jun/2021:04:46:18 +0200] "GET /pizza-scooter-p-37829.html HTTP/1.0" 200 73346 "-" "Mozilla/5.0 (compatible; AhrefsBot/7.0; +http://ahrefs.com/robot/)"
157.90.177.217 - - [13/Jun/2021:04:46:19 +0200] "GET /wall-decoration-purple-model-p-38569.html HTTP/1.0" 200 72924 "-" "Mozilla/5.0 (compatible; BLEXBot/1.0; +http://webmeup-crawler.com/)"
157.90.177.217 - - [13/Jun/2021:04:46:25 +0200] "GET /wall-decoration-relief-bath-vintage-p-46063.html HTTP/1.0" 200 73026 "-" "Mozilla/5.0 (compatible; BLEXBot/1.0; +http://webmeup-crawler.com/)"
157.90.177.217 - - [13/Jun/2021:04:46:30 +0200] "GET /wall-decoration-relief-bath-vintage-p-46103.html HTTP/1.0" 200 73026 "-" "Mozilla/5.0 (compatible; BLEXBot/1.0; +http://webmeup-crawler.com/)"
157.90.177.217 - - [13/Jun/2021:04:46:36 +0200] "GET /wall-decoration-shape-hand-symbol-p-49184.html HTTP/1.0" 200 73570 "-" "Mozilla/5.0 (compatible; BLEXBot/1.0; +http://webmeup-crawler.com/)"
157.90.177.217 - - [13/Jun/2021:04:46:41 +0200] "GET /wall-decoration-wood-c-13_274.html?page=1 HTTP/1.0" 200 92577 "-" "Mozilla/5.0 (compatible; BLEXBot/1.0; +http://webmeup-crawler.com/)"
167.114.116.38 - - [13/Jun/2021:04:46:56 +0200] "GET /postcard-with-envelope-p-48858.html HTTP/1.0" 200 72947 "-" "Mozilla/5.0 (compatible; MJ12bot/v1.4.8; http://mj12bot.com/)"
157.90.177.217 - - [13/Jun/2021:04:46:56 +0200] "GET /wall-decoration-wood-c-13_274.html?page=12 HTTP/1.0" 200 93125 "-" "Mozilla/5.0 (compatible; BLEXBot/1.0; +http://webmeup-crawler.com/)"
157.90.177.217 - - [13/Jun/2021:04:47:12 +0200] "GET /wall-decoration-wood-c-13_274.html?page=13 HTTP/1.0" 200 92494 "-" "Mozilla/5.0 (compatible; BLEXBot/1.0; +http://webmeup-crawler.com/)"
207.46.13.38 - - [13/Jun/2021:04:47:25 +0200] "GET /-p-31845.html HTTP/1.0" 200 70165 "-" "Mozilla/5.0 (compatible; bingbot/2.0; +http://www.bing.com/bingbot.htm)"
157.90.177.217 - - [13/Jun/2021:04:47:27 +0200] "GET /robots.txt HTTP/1.0" 301 531 "-" "Mozilla/5.0 (compatible; BLEXBot/1.0; +http://webmeup-crawler.com/)"
157.90.177.217 - - [13/Jun/2021:04:47:27 +0200] "GET /robots.txt HTTP/1.0" 200 245 "-" "Mozilla/5.0 (compatible; BLEXBot/1.0; +http://webmeup-crawler.com/)"
207.46.13.38 - - [13/Jun/2021:04:47:26 +0200] "GET /route-metal-plate-p-12559.html HTTP/1.0" 200 72804 "-" "Mozilla/5.0 (compatible; bingbot/2.0; +http://www.bing.com/bingbot.htm)"
185.191.171.7 - - [13/Jun/2021:04:47:32 +0200] "GET /beyblade-p-27883.html HTTP/1.0" 200 72891 "-" "Mozilla/5.0 (compatible; SemrushBot/7~bl; +http://www.semrush.com/bot.html)"
157.90.177.217 - - [13/Jun/2021:04:47:27 +0200] "GET /wall-decoration-wood-c-13_274.html?page=14 HTTP/1.0" 200 92852 "-" "Mozilla/5.0 (compatible; BLEXBot/1.0; +http://webmeup-crawler.com/)"
54.36.149.24 - - [13/Jun/2021:04:47:38 +0200] "GET /spice-with-sprinkler-vous-tenez-p-46514.html HTTP/1.0" 200 72893 "-" "Mozilla/5.0 (compatible; AhrefsBot/7.0; +http://ahrefs.com/robot/)"
167.114.116.38 - - [13/Jun/2021:04:47:41 +0200] "GET /postcard-with-envelope-cats-p-48864.html HTTP/1.0" 200 72961 "-" "Mozilla/5.0 (compatible; MJ12bot/v1.4.8; http://mj12bot.com/)"
157.90.177.217 - - [13/Jun/2021:04:47:43 +0200] "GET /wall-decoration-wood-c-13_274.html?page=15 HTTP/1.0" 200 83242 "-" "Mozilla/5.0 (compatible; BLEXBot/1.0; +http://webmeup-crawler.com/)"
207.46.13.79 - - [13/Jun/2021:04:47:55 +0200] "GET /decorative-wooden-plate-barbecue-party-light-brown-p-47835.html HTTP/1.0" 200 73246 "-" "Mozilla/5.0 (compatible; bingbot/2.0; +http://www.bing.com/bingbot.htm)"
157.90.177.217 - - [13/Jun/2021:04:47:56 +0200] "GET /wall-decoration-yellow-model-p-38570.html HTTP/1.0" 200 72950 "-" "Mozilla/5.0 (compatible; BLEXBot/1.0; +http://webmeup-crawler.com/)"
157.90.177.217 - - [13/Jun/2021:04:48:02 +0200] "GET /wall-hanging-blue-buddha-p-49458.html HTTP/1.0" 200 72974 "-" "Mozilla/5.0 (compatible; BLEXBot/1.0; +http://webmeup-crawler.com/)"
185.191.171.20 - - [13/Jun/2021:04:48:04 +0200] "GET /-p-45453.html?action=add_product HTTP/1.0" 302 476 "-" "Mozilla/5.0 (compatible; SemrushBot/7~bl; +http://www.semrush.com/bot.html)"
157.90.177.217 - - [13/Jun/2021:04:48:07 +0200] "GET /wall-hanging-ganesha-p-49457.html HTTP/1.0" 200 72966 "-" "Mozilla/5.0 (compatible; BLEXBot/1.0; +http://webmeup-crawler.com/)"
157.55.39.44 - - [13/Jun/2021:04:48:09 +0200] "GET /austin-mini-service-clock-30-cm-p-37050.html HTTP/1.0" 301 70359 "-" "Mozilla/5.0 (compatible; bingbot/2.0; +http://www.bing.com/bingbot.htm)"
157.90.177.217 - - [13/Jun/2021:04:48:13 +0200] "GET /wall-sticker-buddha-p-53960.html HTTP/1.0" 200 73609 "-" "Mozilla/5.0 (compatible; BLEXBot/1.0; +http://webmeup-crawler.com/)"
157.90.177.217 - - [13/Jun/2021:04:48:19 +0200] "GET /wall-sticker-c-13_187.html?page=1 HTTP/1.0" 200 93070 "-" "Mozilla/5.0 (compatible; BLEXBot/1.0; +http://webmeup-crawler.com/)"
167.114.116.38 - - [13/Jun/2021:04:48:32 +0200] "GET /postcard-with-envelope-elephant-p-48857.html HTTP/1.0" 200 72980 "-" "Mozilla/5.0 (compatible; MJ12bot/v1.4.8; http://mj12bot.com/)"
40.77.167.70 - - [13/Jun/2021:04:48:33 +0200] "GET /ballerina-jewelry-box-p-36933.html HTTP/1.0" 301 73851 "-" "Mozilla/5.0 (compatible; bingbot/2.0; +http://www.bing.com/bingbot.htm)"
157.55.39.152 - - [13/Jun/2021:04:48:37 +0200] "GET /marseille-little-tray-20-14-cm-p-47718.html HTTP/1.0" 301 72976 "-" "Mozilla/5.0 (compatible; bingbot/2.0; +http://www.bing.com/bingbot.htm)"
157.90.177.217 - - [13/Jun/2021:04:48:35 +0200] "GET /wall-sticker-c-13_187.html?page=12 HTTP/1.0" 200 92542 "-" "Mozilla/5.0 (compatible; BLEXBot/1.0; +http://webmeup-crawler.com/)"
157.55.39.122 - - [13/Jun/2021:04:48:50 +0200] "GET /spain-rectangular-cushion-by-cbkreation-p-16243.html HTTP/1.0" 301 70394 "-" "Mozilla/5.0 (compatible; bingbot/2.0; +http://www.bing.com/bingbot.htm)"
54.36.148.92 - - [13/Jun/2021:04:48:50 +0200] "GET /pillow-case-cotton-percale-threads-p-43857.html HTTP/1.0" 200 73749 "-" "Mozilla/5.0 (compatible; AhrefsBot/7.0; +http://ahrefs.com/robot/)"
167.114.116.38 - - [13/Jun/2021:04:48:59 +0200] "GET /postcard-with-envelope-happy-birthday-p-48868.html HTTP/1.0" 200 73011 "-" "Mozilla/5.0 (compatible; MJ12bot/v1.4.8; http://mj12bot.com/)"
185.191.171.22 - - [13/Jun/2021:04:49:00 +0200] "GET /sonny-angel-tree-ornament-dure-p-32514.html HTTP/1.0" 200 73218 "-" "Mozilla/5.0 (compatible; SemrushBot/7~bl; +http://www.semrush.com/bot.html)"
157.90.177.217 - - [13/Jun/2021:04:48:51 +0200] "GET /wall-sticker-c-13_187.html?page=13 HTTP/1.0" 200 92640 "-" "Mozilla/5.0 (compatible; BLEXBot/1.0; +http://webmeup-crawler.com/)"
157.55.39.44 - - [13/Jun/2021:04:49:02 +0200] "GET /kitchen-towel-dark-blue-p-54116.html HTTP/1.0" 200 72844 "-" "Mozilla/5.0 (compatible; bingbot/2.0; +http://www.bing.com/bingbot.htm)"
157.90.177.217 - - [13/Jun/2021:04:49:07 +0200] "GET /wall-sticker-c-13_187.html?page=14 HTTP/1.0" 200 92292 "-" "Mozilla/5.0 (compatible; BLEXBot/1.0; +http://webmeup-crawler.com/)"
157.90.177.217 - - [13/Jun/2021:04:49:25 +0200] "GET /wall-sticker-c-13_187.html?page=15 HTTP/1.0" 200 92560 "-" "Mozilla/5.0 (compatible; BLEXBot/1.0; +http://webmeup-crawler.com/)"
157.55.39.44 - - [13/Jun/2021:04:49:49 +0200] "GET /images/mini_prod/4012390352528.jpg HTTP/1.0" 200 269 "-" "Mozilla/5.0 (compatible; bingbot/2.0; +http://www.bing.com/bingbot.htm)"
157.90.177.217 - - [13/Jun/2021:04:49:40 +0200] "GET /wall-sticker-c-13_187.html?page=16 HTTP/1.0" 200 93366 "-" "Mozilla/5.0 (compatible; BLEXBot/1.0; +http://webmeup-crawler.com/)"
157.55.39.122 - - [13/Jun/2021:04:49:53 +0200] "GET /-p-12978.html HTTP/1.0" 200 70165 "-" "Mozilla/5.0 (compatible; bingbot/2.0; +http://www.bing.com/bingbot.htm)"
185.191.171.6 - - [13/Jun/2021:04:49:53 +0200] "GET /large-cabas-p-43426.html?action=add_product HTTP/1.0" 302 476 "-" "Mozilla/5.0 (compatible; SemrushBot/7~bl; +http://www.semrush.com/bot.html)"
167.114.116.38 - - [13/Jun/2021:04:49:54 +0200] "GET /postcard-with-envelope-p-48858.html HTTP/1.0" 200 72947 "-" "Mozilla/5.0 (compatible; MJ12bot/v1.4.8; http://mj12bot.com/)"
54.36.148.86 - - [13/Jun/2021:04:50:02 +0200] "GET /jasmin-melamine-dish-cake-p-37906.html HTTP/1.0" 200 72834 "-" "Mozilla/5.0 (compatible; AhrefsBot/7.0; +http://ahrefs.com/robot/)"
157.90.177.217 - - [13/Jun/2021:04:49:55 +0200] "GET /wall-sticker-c-13_187.html?page=17 HTTP/1.0" 200 92968 "-" "Mozilla/5.0 (compatible; BLEXBot/1.0; +http://webmeup-crawler.com/)"
66.249.68.10 - - [13/Jun/2021:04:50:09 +0200] "GET /despicable-me-puzzle-45-pieces-p-27683.html HTTP/1.0" 301 70354 "-" "Mozilla/5.0 (compatible; Googlebot/2.1; +http://www.google.com/bot.html)"
66.249.68.6 - - [13/Jun/2021:04:50:10 +0200] "GET /despicable-puzzle-pieces-p-27683.html HTTP/1.0" 200 70263 "-" "Mozilla/5.0 (compatible; Googlebot/2.1; +http://www.google.com/bot.html)"
157.90.177.217 - - [13/Jun/2021:04:50:14 +0200] "GET /wall-sticker-copains-abord-p-52218.html HTTP/1.0" 200 73579 "-" "Mozilla/5.0 (compatible; BLEXBot/1.0; +http://webmeup-crawler.com/)"
157.90.177.217 - - [13/Jun/2021:04:50:20 +0200] "GET /wall-sticker-dream-suspension-p-53959.html HTTP/1.0" 200 73709 "-" "Mozilla/5.0 (compatible; BLEXBot/1.0; +http://webmeup-crawler.com/)"
185.191.171.39 - - [13/Jun/2021:04:50:28 +0200] "GET /blacks-glass-p-51694.html?action=add_product HTTP/1.0" 302 476 "-" "Mozilla/5.0 (compatible; SemrushBot/7~bl; +http://www.semrush.com/bot.html)"
157.90.177.217 - - [13/Jun/2021:04:50:27 +0200] "GET /wall-sticker-joie-vivre-p-39225.html HTTP/1.0" 200 73532 "-" "Mozilla/5.0 (compatible; BLEXBot/1.0; +http://webmeup-crawler.com/)"
157.90.177.217 - - [13/Jun/2021:04:50:34 +0200] "GET /wall-sticker-meilleur-cafe-p-53957.html HTTP/1.0" 200 73739 "-" "Mozilla/5.0 (compatible; BLEXBot/1.0; +http://webmeup-crawler.com/)"
40.77.167.106 - - [13/Jun/2021:04:50:34 +0200] "GET /violetta-badges-set-p-28293.html HTTP/1.0" 301 72850 "-" "Mozilla/5.0 (compatible; bingbot/2.0; +http://www.bing.com/bingbot.htm)"
64.233.173.116 - - [13/Jun/2021:04:50:37 +0200] "GET /images/big_prod_1/3700281645682a.jpg HTTP/1.0" 200 271 "-" "Mozilla/5.0 (Windows NT 5.1; rv:11.0) Gecko Firefox/11.0 (via ggpht.com GoogleImageProxy)"
157.90.177.217 - - [13/Jun/2021:04:50:40 +0200] "GET /wall-sticker-p-48979.html HTTP/1.0" 200 73364 "-" "Mozilla/5.0 (compatible; BLEXBot/1.0; +http://webmeup-crawler.com/)"
167.114.116.38 - - [13/Jun/2021:04:50:41 +0200] "GET /postcard-with-envelope-rhinoceros-p-48861.html HTTP/1.0" 200 72990 "-" "Mozilla/5.0 (compatible; MJ12bot/v1.4.8; http://mj12bot.com/)"
157.90.177.217 - - [13/Jun/2021:04:50:50 +0200] "GET /wall-sticker-p-51939.html HTTP/1.0" 200 73414 "-" "Mozilla/5.0 (compatible; BLEXBot/1.0; +http://webmeup-crawler.com/)"
40.77.167.90 - - [13/Jun/2021:04:50:59 +0200] "GET /spiderman-yellow-swimsuit-p-30821.html HTTP/1.0" 200 73994 "-" "Mozilla/5.0 (compatible; bingbot/2.0; +http://www.bing.com/bingbot.htm)"
207.46.13.79 - - [13/Jun/2021:04:51:00 +0200] "GET /fragrance-sachet-fresh-linen-p-40545.html HTTP/1.0" 200 73536 "-" "Mozilla/5.0 (compatible; bingbot/2.0; +http://www.bing.com/bingbot.htm)"
207.46.13.38 - - [13/Jun/2021:04:51:00 +0200] "GET /sonny-angel-figure-marine-series-p-50985.html HTTP/1.0" 200 73741 "-" "Mozilla/5.0 (compatible; bingbot/2.0; +http://www.bing.com/bingbot.htm)"
157.90.177.217 - - [13/Jun/2021:04:51:04 +0200] "GET /wall-sticker-vivre-rves-p-39226.html HTTP/1.0" 200 72889 "-" "Mozilla/5.0 (compatible; BLEXBot/1.0; +http://webmeup-crawler.com/)"
49.7.20.118 - - [13/Jun/2021:04:50:29 +0200] "GET / HTTP/1.0" 200 150385 "-" "Sogou web spider/4.0(+http://www.sogou.com/docs/help/webmasters.htm#07)"
157.90.177.217 - - [13/Jun/2021:04:51:10 +0200] "GET /wall-sticker-wooden-suspensions-p-53958.html HTTP/1.0" 200 73731 "-" "Mozilla/5.0 (compatible; BLEXBot/1.0; +http://webmeup-crawler.com/)"
157.55.39.152 - - [13/Jun/2021:04:51:11 +0200] "GET /beatles-multifunction-p-7756.html HTTP/1.0" 200 73042 "-" "Mozilla/5.0 (compatible; bingbot/2.0; +http://www.bing.com/bingbot.htm)"
157.90.177.217 - - [13/Jun/2021:04:51:15 +0200] "GET /wall-stickers-bonheur-p-42993.html HTTP/1.0" 200 72884 "-" "Mozilla/5.0 (compatible; BLEXBot/1.0; +http://webmeup-crawler.com/)"
54.36.148.105 - - [13/Jun/2021:04:51:17 +0200] "GET /round-doormat-flower-life-diameter-p-52118.html HTTP/1.0" 200 73830 "-" "Mozilla/5.0 (compatible; AhrefsBot/7.0; +http://ahrefs.com/robot/)"
207.46.13.38 - - [13/Jun/2021:04:51:18 +0200] "GET /-p-31328.html HTTP/1.0" 200 70165 "-" "Mozilla/5.0 (compatible; bingbot/2.0; +http://www.bing.com/bingbot.htm)"
157.90.177.217 - - [13/Jun/2021:04:51:20 +0200] "GET /wall-stickers-hummingbirds-p-51119.html HTTP/1.0" 200 73556 "-" "Mozilla/5.0 (compatible; BLEXBot/1.0; +http://webmeup-crawler.com/)"
157.90.177.217 - - [13/Jun/2021:04:51:26 +0200] "GET /wall-stickers-music-p-51126.html HTTP/1.0" 200 73056 "-" "Mozilla/5.0 (compatible; BLEXBot/1.0; +http://webmeup-crawler.com/)"
167.114.116.38 - - [13/Jun/2021:04:51:35 +0200] "GET /powder-candle-250-grs-la-bougie-autrement-glitter-gold-p-53088.html HTTP/1.0" 301 74273 "-" "Mozilla/5.0 (compatible; MJ12bot/v1.4.8; http://mj12bot.com/)"
157.90.177.217 - - [13/Jun/2021:04:51:36 +0200] "GET /wall-stickers-reeds-p-42992.html HTTP/1.0" 200 73530 "-" "Mozilla/5.0 (compatible; BLEXBot/1.0; +http://webmeup-crawler.com/)"
157.90.177.217 - - [13/Jun/2021:04:51:43 +0200] "GET /wall-stickers-swallows-p-51118.html HTTP/1.0" 200 73504 "-" "Mozilla/5.0 (compatible; BLEXBot/1.0; +http://webmeup-crawler.com/)"
157.90.177.217 - - [13/Jun/2021:04:51:47 +0200] "GET /wall-stickers-treble-clef-p-51124.html HTTP/1.0" 200 72939 "-" "Mozilla/5.0 (compatible; BLEXBot/1.0; +http://webmeup-crawler.com/)"
185.191.171.10 - - [13/Jun/2021:04:51:48 +0200] "GET /postcard-with-envelope-star-du-jour-p-48856.html HTTP/1.0" 301 73083 "-" "Mozilla/5.0 (compatible; SemrushBot/7~bl; +http://www.semrush.com/bot.html)"
157.55.39.128 - - [13/Jun/2021:04:51:50 +0200] "GET /paris-coffee-box-p-15279.html HTTP/1.0" 301 70290 "-" "Mozilla/5.0 (compatible; bingbot/2.0; +http://www.bing.com/bingbot.htm)"
185.191.171.5 - - [13/Jun/2021:04:51:51 +0200] "GET /postcard-with-envelope-star-jour-p-48856.html HTTP/1.0" 200 72984 "-" "Mozilla/5.0 (compatible; SemrushBot/7~bl; +http://www.semrush.com/bot.html)"
157.55.39.122 - - [13/Jun/2021:04:51:54 +0200] "GET /teo-jasmin-pencil-case-p-31567.html HTTP/1.0" 301 70343 "-" "Mozilla/5.0 (compatible; bingbot/2.0; +http://www.bing.com/bingbot.htm)"
185.191.171.23 - - [13/Jun/2021:04:51:55 +0200] "GET /pusheen-the-grey-cat-soft-toy-36-cm-p-42084.html HTTP/1.0" 301 70232 "-" "Mozilla/5.0 (compatible; SemrushBot/7~bl; +http://www.semrush.com/bot.html)"
185.191.171.22 - - [13/Jun/2021:04:51:57 +0200] "GET /-p-42084.html HTTP/1.0" 200 70165 "-" "Mozilla/5.0 (compatible; SemrushBot/7~bl; +http://www.semrush.com/bot.html)"
157.90.177.217 - - [13/Jun/2021:04:51:54 +0200] "GET /wallet-c-31_237.html?page=1 HTTP/1.0" 200 91443 "-" "Mozilla/5.0 (compatible; BLEXBot/1.0; +http://webmeup-crawler.com/)"
157.90.177.217 - - [13/Jun/2021:04:52:06 +0200] "GET /wallet-coca-cola-velvet-p-24020.html HTTP/1.0" 200 73075 "-" "Mozilla/5.0 (compatible; BLEXBot/1.0; +http://webmeup-crawler.com/)"
167.114.116.38 - - [13/Jun/2021:04:52:06 +0200] "GET /powder-candle-bougie-autrement-glitter-gold-p-53088.html HTTP/1.0" 200 74163 "-" "Mozilla/5.0 (compatible; MJ12bot/v1.4.8; http://mj12bot.com/)"
157.55.39.44 - - [13/Jun/2021:04:52:10 +0200] "GET /british-guard-moneybox-p-34170.html HTTP/1.0" 200 72793 "-" "Mozilla/5.0 (compatible; bingbot/2.0; +http://www.bing.com/bingbot.htm)"
157.90.177.217 - - [13/Jun/2021:04:52:11 +0200] "GET /wallet-zippo-black-textures-p-49091.html HTTP/1.0" 200 73905 "-" "Mozilla/5.0 (compatible; BLEXBot/1.0; +http://webmeup-crawler.com/)"
185.191.171.12 - - [13/Jun/2021:04:52:17 +0200] "GET /buffalo-skull-glass-cutting-board-by-cbkreation-p-51464.html HTTP/1.0" 301 73082 "-" "Mozilla/5.0 (compatible; SemrushBot/7~bl; +http://www.semrush.com/bot.html)"
157.90.177.217 - - [13/Jun/2021:04:52:18 +0200] "GET /want-mini-magnet-mirror-p-19664.html HTTP/1.0" 200 72803 "-" "Mozilla/5.0 (compatible; BLEXBot/1.0; +http://webmeup-crawler.com/)"
