111.225.149.51 - - [13/Jun/2021:18:40:29 +0200] "GET /swfobject.js HTTP/1.0" 404 1308 "http://www.wonder-geek.com/arlsienne-metal-rests-flat-p-43892.html" "Mozilla/5.0 (Linux; Android 5.0) AppleWebKit/537.36 (KHTML, like Gecko) Mobile Safari/537.36 (compatible; Bytespider; https://zhanzhang.toutiao.com/)"
111.225.149.45 - - [13/Jun/2021:18:40:32 +0200] "GET /highslide/graphics/zoomout.cur HTTP/1.0" 200 614 "http://www.wonder-geek.com/arlsienne-metal-rests-flat-p-43892.html" "Mozilla/5.0 (Linux; Android 5.0) AppleWebKit/537.36 (KHTML, like Gecko) Mobile Safari/537.36 (compatible; Bytespider; https://zhanzhang.toutiao.com/)"
111.225.149.51 - - [13/Jun/2021:18:40:32 +0200] "GET /images/big_prod/3503420169731.jpg HTTP/1.0" 200 268 "http://www.wonder-geek.com/arlsienne-metal-rests-flat-p-43892.html" "Mozilla/5.0 (Linux; Android 5.0) AppleWebKit/537.36 (KHTML, like Gecko) Mobile Safari/537.36 (compatible; Bytespider; https://zhanzhang.toutiao.com/)"
54.36.148.98 - - [13/Jun/2021:18:40:45 +0200] "GET /salsa-ramekin-p-37453.html HTTP/1.0" 200 72743 "-" "Mozilla/5.0 (compatible; AhrefsBot/7.0; +http://ahrefs.com/robot/)"
40.77.167.106 - - [13/Jun/2021:18:40:55 +0200] "GET /-p-24208.html HTTP/1.0" 200 70165 "-" "Mozilla/5.0 (compatible; bingbot/2.0; +http://www.bing.com/bingbot.htm)"
207.46.13.38 - - [13/Jun/2021:18:41:09 +0200] "GET /nice-flag-p-38276.html HTTP/1.0" 200 70213 "-" "Mozilla/5.0 (compatible; bingbot/2.0; +http://www.bing.com/bingbot.htm)"
157.55.39.128 - - [13/Jun/2021:18:41:24 +0200] "GET /cat-large-bowl-p-48617.html HTTP/1.0" 301 72772 "-" "Mozilla/5.0 (compatible; bingbot/2.0; +http://www.bing.com/bingbot.htm)"
40.77.167.57 - - [13/Jun/2021:18:41:31 +0200] "GET /selenite-pyramid-cm-p-46311.html HTTP/1.0" 301 72940 "-" "Mozilla/5.0 (compatible; bingbot/2.0; +http://www.bing.com/bingbot.htm)"
40.77.167.57 - - [13/Jun/2021:18:41:32 +0200] "GET /-p-12218.html HTTP/1.0" 200 70165 "-" "Mozilla/5.0 (compatible; bingbot/2.0; +http://www.bing.com/bingbot.htm)"
40.77.167.57 - - [13/Jun/2021:18:41:33 +0200] "GET /pink-fitted-sheet-p-34829.html HTTP/1.0" 301 70232 "-" "Mozilla/5.0 (compatible; bingbot/2.0; +http://www.bing.com/bingbot.htm)"
40.77.167.57 - - [13/Jun/2021:18:41:33 +0200] "GET /bag-of-300-grams-of-chewing-gum-machine-compatible-p-39031.html HTTP/1.0" 301 70418 "-" "Mozilla/5.0 (compatible; bingbot/2.0; +http://www.bing.com/bingbot.htm)"
157.55.39.81 - - [13/Jun/2021:18:41:44 +0200] "GET /poppies-small-ashtray-p-49154.html HTTP/1.0" 200 72785 "-" "Mozilla/5.0 (compatible; bingbot/2.0; +http://www.bing.com/bingbot.htm)"
185.191.171.37 - - [13/Jun/2021:18:41:50 +0200] "GET /carlin-union-jack-white-sports-printed-france-p-33648.html HTTP/1.0" 200 73219 "-" "Mozilla/5.0 (compatible; SemrushBot/7~bl; +http://www.semrush.com/bot.html)"
185.191.171.39 - - [13/Jun/2021:18:42:15 +0200] "GET /uncle-scrooge-figurine-collection-britto-p-45554.html HTTP/1.0" 200 74249 "-" "Mozilla/5.0 (compatible; SemrushBot/7~bl; +http://www.semrush.com/bot.html)"
54.36.148.182 - - [13/Jun/2021:18:42:18 +0200] "GET /usa-cushion-p-22444.html HTTP/1.0" 301 70298 "-" "Mozilla/5.0 (compatible; AhrefsBot/7.0; +http://ahrefs.com/robot/)"
185.191.171.39 - - [13/Jun/2021:18:42:21 +0200] "GET /lamp-bear-in-the-forest-60-cm-p-51100.html HTTP/1.0" 301 72830 "-" "Mozilla/5.0 (compatible; SemrushBot/7~bl; +http://www.semrush.com/bot.html)"
185.191.171.38 - - [13/Jun/2021:18:42:23 +0200] "GET /lamp-bear-forest-p-51100.html HTTP/1.0" 200 72747 "-" "Mozilla/5.0 (compatible; SemrushBot/7~bl; +http://www.semrush.com/bot.html)"
157.55.39.122 - - [13/Jun/2021:18:42:43 +0200] "GET /-p-22234.html HTTP/1.0" 200 70165 "-" "Mozilla/5.0 (compatible; bingbot/2.0; +http://www.bing.com/bingbot.htm)"
54.36.148.192 - - [13/Jun/2021:18:42:51 +0200] "GET /cobra-japan-shirt-p-29558.html HTTP/1.0" 200 73898 "-" "Mozilla/5.0 (compatible; AhrefsBot/7.0; +http://ahrefs.com/robot/)"
40.77.167.90 - - [13/Jun/2021:18:43:01 +0200] "GET /-p-11188.html HTTP/1.0" 200 70165 "-" "Mozilla/5.0 (compatible; bingbot/2.0; +http://www.bing.com/bingbot.htm)"
185.191.171.25 - - [13/Jun/2021:18:43:04 +0200] "GET /melt-strawberry-cream-p-39006.html HTTP/1.0" 200 73494 "-" "Mozilla/5.0 (compatible; SemrushBot/7~bl; +http://www.semrush.com/bot.html)"
157.55.39.122 - - [13/Jun/2021:18:43:12 +0200] "GET /-p-30240.html HTTP/1.0" 200 70165 "-" "Mozilla/5.0 (compatible; bingbot/2.0; +http://www.bing.com/bingbot.htm)"
40.77.167.57 - - [13/Jun/2021:18:43:22 +0200] "GET /images/med_prod/5018997612453.jpg HTTP/1.0" 200 268 "-" "Mozilla/5.0 (compatible; bingbot/2.0; +http://www.bing.com/bingbot.htm)"
157.55.39.122 - - [13/Jun/2021:18:43:43 +0200] "GET /lotus-candleholder-chakra-indigo-silverlining-p-35518.html HTTP/1.0" 200 74441 "-" "Mozilla/5.0 (compatible; bingbot/2.0; +http://www.bing.com/bingbot.htm)"
40.77.167.106 - - [13/Jun/2021:18:43:47 +0200] "GET /magnet-citron-79-54-cm-p-40116.html HTTP/1.0" 301 72891 "-" "Mozilla/5.0 (compatible; bingbot/2.0; +http://www.bing.com/bingbot.htm)"
40.77.167.106 - - [13/Jun/2021:18:43:49 +0200] "GET /buddhist-monks-in-resin-11-cm-p-46641.html HTTP/1.0" 301 72998 "-" "Mozilla/5.0 (compatible; bingbot/2.0; +http://www.bing.com/bingbot.htm)"
157.55.39.128 - - [13/Jun/2021:18:43:53 +0200] "GET /-p-36489.html HTTP/1.0" 200 70165 "-" "Mozilla/5.0 (compatible; bingbot/2.0; +http://www.bing.com/bingbot.htm)"
207.46.13.38 - - [13/Jun/2021:18:43:57 +0200] "GET /images/mini_prod/TROBP3416.gif HTTP/1.0" 200 264 "-" "Mozilla/5.0 (compatible; bingbot/2.0; +http://www.bing.com/bingbot.htm)"
157.55.39.152 - - [13/Jun/2021:18:44:06 +0200] "GET /-p-31436.html HTTP/1.0" 200 70165 "-" "Mozilla/5.0 (compatible; bingbot/2.0; +http://www.bing.com/bingbot.htm)"
157.55.39.152 - - [13/Jun/2021:18:44:07 +0200] "GET /kaloo-plume-lilac-bear-soft-toy-p-15729.html HTTP/1.0" 301 70397 "-" "Mozilla/5.0 (compatible; bingbot/2.0; +http://www.bing.com/bingbot.htm)"
157.55.39.122 - - [13/Jun/2021:18:44:32 +0200] "GET /tin-and-metal-signs-c-13_130.html?page=6 HTTP/1.0" 301 94852 "-" "Mozilla/5.0 (compatible; bingbot/2.0; +http://www.bing.com/bingbot.htm)"
54.36.148.97 - - [13/Jun/2021:18:44:53 +0200] "GET /collectible-figurines-decorative-c-13_135.html?page=43 HTTP/1.0" 200 96864 "-" "Mozilla/5.0 (compatible; AhrefsBot/7.0; +http://ahrefs.com/robot/)"
147.92.153.7 - - [13/Jun/2021:18:45:03 +0200] "GET /partys-decoration-c-12_51.html HTTP/1.0" 200 69136 "-" "Mozilla/5.0 (compatible; Linespider/1.1; +https://lin.ee/4dwXkTH)"
185.191.171.6 - - [13/Jun/2021:18:45:08 +0200] "GET /monkey-table-lamp-in-resin-62-cm-p-52747.html HTTP/1.0" 301 73570 "-" "Mozilla/5.0 (compatible; SemrushBot/7~bl; +http://www.semrush.com/bot.html)"
185.191.171.4 - - [13/Jun/2021:18:45:10 +0200] "GET /monkey-table-lamp-resin-p-52747.html HTTP/1.0" 200 73480 "-" "Mozilla/5.0 (compatible; SemrushBot/7~bl; +http://www.semrush.com/bot.html)"
40.77.167.57 - - [13/Jun/2021:18:45:22 +0200] "GET /ceramic-lamp-p-52174.html HTTP/1.0" 200 73558 "-" "Mozilla/5.0 (compatible; bingbot/2.0; +http://www.bing.com/bingbot.htm)"
40.77.167.57 - - [13/Jun/2021:18:45:23 +0200] "GET /storage-and-cups-c-12_159_264.html HTTP/1.0" 301 90235 "-" "Mozilla/5.0 (compatible; bingbot/2.0; +http://www.bing.com/bingbot.htm)"
40.77.167.57 - - [13/Jun/2021:18:45:24 +0200] "GET /disney-princess-sports-bottle-p-25063.html HTTP/1.0" 200 72848 "-" "Mozilla/5.0 (compatible; bingbot/2.0; +http://www.bing.com/bingbot.htm)"
40.77.167.70 - - [13/Jun/2021:18:45:27 +0200] "GET /cat-by-allen-adult-apron-p-39738.html HTTP/1.0" 301 73486 "-" "Mozilla/5.0 (compatible; bingbot/2.0; +http://www.bing.com/bingbot.htm)"
157.55.39.44 - - [13/Jun/2021:18:45:41 +0200] "GET /-p-27458.html HTTP/1.0" 200 70165 "-" "Mozilla/5.0 (compatible; bingbot/2.0; +http://www.bing.com/bingbot.htm)"
157.55.39.81 - - [13/Jun/2021:18:45:45 +0200] "GET /white-lama-piggy-bank-p-47723.html HTTP/1.0" 200 72811 "-" "Mozilla/5.0 (compatible; bingbot/2.0; +http://www.bing.com/bingbot.htm)"
157.55.39.122 - - [13/Jun/2021:18:45:46 +0200] "GET /flower-summer-collection-green-turtle-p-52698.html HTTP/1.0" 200 72986 "-" "Mozilla/5.0 (compatible; bingbot/2.0; +http://www.bing.com/bingbot.htm)"
207.46.13.38 - - [13/Jun/2021:18:45:57 +0200] "GET /glass-cutting-board-cherry-p-47881.html HTTP/1.0" 200 72818 "-" "Mozilla/5.0 (compatible; bingbot/2.0; +http://www.bing.com/bingbot.htm)"
192.0.102.144 - - [13/Jun/2021:18:46:14 +0200] "GET /images/med_prod/5055071700200.jpg HTTP/1.0" 200 268 "-" "Photon/1.0"
157.55.39.122 - - [13/Jun/2021:18:46:23 +0200] "GET /allen-designs-small-flowerpot-rikaro-baby-rose-p-51398.html HTTP/1.0" 200 70343 "-" "Mozilla/5.0 (compatible; bingbot/2.0; +http://www.bing.com/bingbot.htm)"
40.77.167.70 - - [13/Jun/2021:18:46:28 +0200] "GET /-p-10594.html HTTP/1.0" 200 70165 "-" "Mozilla/5.0 (compatible; bingbot/2.0; +http://www.bing.com/bingbot.htm)"
40.77.167.106 - - [13/Jun/2021:18:46:36 +0200] "GET /tigrou-birthday-card-with-envelope-p-25260.html HTTP/1.0" 200 72853 "-" "Mozilla/5.0 (compatible; bingbot/2.0; +http://www.bing.com/bingbot.htm)"
40.77.167.70 - - [13/Jun/2021:18:46:40 +0200] "GET /wax-melt-basil-lime-and-mandarin-p-47625.html HTTP/1.0" 301 73579 "-" "Mozilla/5.0 (compatible; bingbot/2.0; +http://www.bing.com/bingbot.htm)"
54.36.148.86 - - [13/Jun/2021:18:46:56 +0200] "GET /vronse-body-talk-resin-statuette-athlete-p-54713.html HTTP/1.0" 200 73942 "-" "Mozilla/5.0 (compatible; AhrefsBot/7.0; +http://ahrefs.com/robot/)"
207.46.13.38 - - [13/Jun/2021:18:46:57 +0200] "GET /hanging-iron-structure-flamingo-50-19-cm-p-47931.html HTTP/1.0" 301 73067 "-" "Mozilla/5.0 (compatible; bingbot/2.0; +http://www.bing.com/bingbot.htm)"
66.249.70.42 - - [13/Jun/2021:18:47:18 +0200] "GET /images/big_prod_2/9316188055567b.jpg HTTP/1.0" 200 271 "-" "Googlebot-Image/1.0"
51.68.224.127 - - [13/Jun/2021:18:47:27 +0200] "GET /adminweb/export_orders_xml.php?token=256de2z6edz6ed2z6DFSFsed2zed6zeDSFDSGdzedezfzf&maxorders=10&orderstart=1&status=14&start_date=2018-10-01 HTTP/1.0" 200 285 "-" "GesCom CharlotteBoutik Serveur"
51.68.224.127 - - [13/Jun/2021:18:47:28 +0200] "GET /adminweb/export_orders_xml.php?token=256de2z6edz6ed2z6DFSFsed2zed6zeDSFDSGdzedezfzf&maxorders=10&orderstart=1&status=6&start_date=2018-10-01 HTTP/1.0" 200 30039 "-" "GesCom CharlotteBoutik Serveur"
40.77.167.57 - - [13/Jun/2021:18:47:31 +0200] "GET /zodiac-sign-training-bottle-cbkreation-p-43347.html HTTP/1.0" 200 73213 "-" "Mozilla/5.0 (compatible; bingbot/2.0; +http://www.bing.com/bingbot.htm)"
157.55.39.44 - - [13/Jun/2021:18:47:32 +0200] "GET /winnie-the-pooh-bath-towel-p-10121.html HTTP/1.0" 301 70340 "-" "Mozilla/5.0 (compatible; bingbot/2.0; +http://www.bing.com/bingbot.htm)"
157.55.39.152 - - [13/Jun/2021:18:47:36 +0200] "GET /betty-boop-pink-vinyl-beauty-bag-p-16551.html HTTP/1.0" 301 72997 "-" "Mozilla/5.0 (compatible; bingbot/2.0; +http://www.bing.com/bingbot.htm)"
157.55.39.122 - - [13/Jun/2021:18:47:37 +0200] "GET /blue-perfume-diffuser-p-35888.html HTTP/1.0" 200 72912 "-" "Mozilla/5.0 (compatible; bingbot/2.0; +http://www.bing.com/bingbot.htm)"
40.77.167.70 - - [13/Jun/2021:18:47:48 +0200] "GET /-p-25940.html HTTP/1.0" 200 70165 "-" "Mozilla/5.0 (compatible; bingbot/2.0; +http://www.bing.com/bingbot.htm)"
157.55.39.81 - - [13/Jun/2021:18:47:55 +0200] "GET /glass-cutting-board-by-cbkreation-p-51321.html HTTP/1.0" 301 72968 "-" "Mozilla/5.0 (compatible; bingbot/2.0; +http://www.bing.com/bingbot.htm)"
185.191.171.23 - - [13/Jun/2021:18:47:58 +0200] "GET /harold-oven-mitt-p-43817.html HTTP/1.0" 200 72765 "-" "Mozilla/5.0 (compatible; SemrushBot/7~bl; +http://www.semrush.com/bot.html)"
185.191.171.23 - - [13/Jun/2021:18:48:11 +0200] "GET /red-decorative-wooden-plate-made-in-luberon-p-52890.html HTTP/1.0" 301 73311 "-" "Mozilla/5.0 (compatible; SemrushBot/7~bl; +http://www.semrush.com/bot.html)"
185.191.171.12 - - [13/Jun/2021:18:48:13 +0200] "GET /decorative-wooden-plate-made-luberon-p-52890.html HTTP/1.0" 200 73208 "-" "Mozilla/5.0 (compatible; SemrushBot/7~bl; +http://www.semrush.com/bot.html)"
185.191.171.24 - - [13/Jun/2021:18:48:17 +0200] "GET /tetsubin-black-gold-teapot-japanese-liter-p-38425.html?action=add_product HTTP/1.0" 302 476 "-" "Mozilla/5.0 (compatible; SemrushBot/7~bl; +http://www.semrush.com/bot.html)"
40.77.167.90 - - [13/Jun/2021:18:48:21 +0200] "GET /mickey-box-collection-by-romano-britto-p-20288.html HTTP/1.0" 301 73172 "-" "Mozilla/5.0 (compatible; bingbot/2.0; +http://www.bing.com/bingbot.htm)"
157.55.39.81 - - [13/Jun/2021:18:48:25 +0200] "GET /harley-davidson-eagle-zippo-lighter-p-29783.html HTTP/1.0" 200 70331 "-" "Mozilla/5.0 (compatible; bingbot/2.0; +http://www.bing.com/bingbot.htm)"
157.55.39.152 - - [13/Jun/2021:18:48:30 +0200] "GET /-p-17746.html HTTP/1.0" 200 70165 "-" "Mozilla/5.0 (compatible; bingbot/2.0; +http://www.bing.com/bingbot.htm)"
185.191.171.24 - - [13/Jun/2021:18:48:50 +0200] "GET /liberty-russian-doll-rectangulary-cushion-by-cbkreation-p-18496.html HTTP/1.0" 301 70523 "-" "Mozilla/5.0 (compatible; SemrushBot/7~bl; +http://www.semrush.com/bot.html)"
185.191.171.22 - - [13/Jun/2021:18:48:53 +0200] "GET /liberty-russian-doll-rectangulary-cushion-cbkreation-p-18496.html HTTP/1.0" 200 70404 "-" "Mozilla/5.0 (compatible; SemrushBot/7~bl; +http://www.semrush.com/bot.html)"
40.77.167.106 - - [13/Jun/2021:18:49:07 +0200] "GET /rococo-purple-retro-clock-p-34244.html HTTP/1.0" 301 70232 "-" "Mozilla/5.0 (compatible; bingbot/2.0; +http://www.bing.com/bingbot.htm)"
54.36.149.86 - - [13/Jun/2021:18:49:07 +0200] "GET /iphone-black-shell-with-personalized-picture-p-16338.html HTTP/1.0" 200 73256 "-" "Mozilla/5.0 (compatible; AhrefsBot/7.0; +http://ahrefs.com/robot/)"
157.55.39.81 - - [13/Jun/2021:18:49:15 +0200] "GET /tetsubin-teapot-japanese-p-37374.html HTTP/1.0" 200 73061 "-" "Mozilla/5.0 (compatible; bingbot/2.0; +http://www.bing.com/bingbot.htm)"
157.55.39.152 - - [13/Jun/2021:18:49:19 +0200] "GET /-p-9647.html HTTP/1.0" 200 70163 "-" "Mozilla/5.0 (compatible; bingbot/2.0; +http://www.bing.com/bingbot.htm)"
40.77.167.106 - - [13/Jun/2021:18:49:26 +0200] "GET /raving-rabbits-sports-bottle-p-31753.html HTTP/1.0" 200 72890 "-" "Mozilla/5.0 (compatible; bingbot/2.0; +http://www.bing.com/bingbot.htm)"
185.191.171.41 - - [13/Jun/2021:18:49:29 +0200] "GET /wall-decoration-beer-capsule-collector-p-53784.html HTTP/1.0" 200 73820 "-" "Mozilla/5.0 (compatible; SemrushBot/7~bl; +http://www.semrush.com/bot.html)"
157.55.39.128 - - [13/Jun/2021:18:49:34 +0200] "GET /decorative-thermometer-in-metal-30-cm-le-gendarme-p-47086.html HTTP/1.0" 301 73123 "-" "Mozilla/5.0 (compatible; bingbot/2.0; +http://www.bing.com/bingbot.htm)"
40.77.167.57 - - [13/Jun/2021:18:49:42 +0200] "GET /js/jquery.js HTTP/1.0" 200 252 "-" "Mozilla/5.0 (compatible; bingbot/2.0; +http://www.bing.com/bingbot.htm)"
40.77.167.57 - - [13/Jun/2021:18:49:45 +0200] "GET /paris-saint-germain-zippo-lighter-p-49098.html HTTP/1.0" 200 76040 "-" "Mozilla/5.0 (compatible; bingbot/2.0; +http://www.bing.com/bingbot.htm)"
40.77.167.57 - - [13/Jun/2021:18:49:45 +0200] "GET /spiderman-bag-lunch-box-and-bottle-p-31684.html HTTP/1.0" 301 74761 "-" "Mozilla/5.0 (compatible; bingbot/2.0; +http://www.bing.com/bingbot.htm)"
185.191.171.34 - - [13/Jun/2021:18:49:57 +0200] "GET /petsy-terracotta-planter-grey-p-55326.html?action=add_product HTTP/1.0" 302 476 "-" "Mozilla/5.0 (compatible; SemrushBot/7~bl; +http://www.semrush.com/bot.html)"
40.77.167.70 - - [13/Jun/2021:18:50:12 +0200] "GET /shiny-skull-moneybox-p-45239.html HTTP/1.0" 200 72799 "-" "Mozilla/5.0 (compatible; bingbot/2.0; +http://www.bing.com/bingbot.htm)"
157.55.39.81 - - [13/Jun/2021:18:50:15 +0200] "GET /monster-high-mini-led-keychain-flashlight-white-p-17848.html HTTP/1.0" 301 73209 "-" "Mozilla/5.0 (compatible; bingbot/2.0; +http://www.bing.com/bingbot.htm)"
207.46.13.38 - - [13/Jun/2021:18:50:19 +0200] "GET /pencil-case-c-31_75.html?page=5 HTTP/1.0" 200 94131 "-" "Mozilla/5.0 (compatible; bingbot/2.0; +http://www.bing.com/bingbot.htm)"
157.55.39.122 - - [13/Jun/2021:18:50:25 +0200] "GET /tin-and-metal-signs-c-13_130.html?page=6 HTTP/1.0" 301 94852 "-" "Mozilla/5.0 (compatible; bingbot/2.0; +http://www.bing.com/bingbot.htm)"
111.225.149.54 - - [13/Jun/2021:18:50:28 +0200] "GET /glass-cutting-board-cbkreation-p-51313.html HTTP/1.0" 200 72871 "-" "Mozilla/5.0 (Linux; Android 5.0) AppleWebKit/537.36 (KHTML, like Gecko) Mobile Safari/537.36 (compatible; Bytespider; https://zhanzhang.toutiao.com/)"
111.225.149.51 - - [13/Jun/2021:18:50:29 +0200] "GET /swfobject.js HTTP/1.0" 404 1308 "http://www.wonder-geek.com/glass-cutting-board-cbkreation-p-51313.html" "Mozilla/5.0 (Linux; Android 5.0) AppleWebKit/537.36 (KHTML, like Gecko) Mobile Safari/537.36 (compatible; Bytespider; https://zhanzhang.toutiao.com/)"
185.191.171.42 - - [13/Jun/2021:18:50:29 +0200] "GET /candle-hours-true-enchantment-p-53892.html HTTP/1.0" 200 74084 "-" "Mozilla/5.0 (compatible; SemrushBot/7~bl; +http://www.semrush.com/bot.html)"
111.225.149.44 - - [13/Jun/2021:18:50:39 +0200] "GET /highslide/graphics/zoomout.cur HTTP/1.0" 200 614 "http://www.wonder-geek.com/glass-cutting-board-cbkreation-p-51313.html" "Mozilla/5.0 (Linux; Android 5.0) AppleWebKit/537.36 (KHTML, like Gecko) Mobile Safari/537.36 (compatible; Bytespider; https://zhanzhang.toutiao.com/)"
111.225.149.52 - - [13/Jun/2021:18:50:39 +0200] "GET /images/big_prod/8422011475806.jpg HTTP/1.0" 200 268 "http://www.wonder-geek.com/glass-cutting-board-cbkreation-p-51313.html" "Mozilla/5.0 (Linux; Android 5.0) AppleWebKit/537.36 (KHTML, like Gecko) Mobile Safari/537.36 (compatible; Bytespider; https://zhanzhang.toutiao.com/)"
40.77.167.57 - - [13/Jun/2021:18:50:50 +0200] "GET /-p-14097.html HTTP/1.0" 200 70165 "-" "Mozilla/5.0 (compatible; bingbot/2.0; +http://www.bing.com/bingbot.htm)"
40.77.167.57 - - [13/Jun/2021:18:50:50 +0200] "GET /bamboo-fiber-folk-p-49559.html HTTP/1.0" 200 72877 "-" "Mozilla/5.0 (compatible; bingbot/2.0; +http://www.bing.com/bingbot.htm)"
40.77.167.70 - - [13/Jun/2021:18:50:52 +0200] "GET /create-your-pocket-shopping-tour-top-model-p-20189.html HTTP/1.0" 301 80292 "-" "Mozilla/5.0 (compatible; bingbot/2.0; +http://www.bing.com/bingbot.htm)"
157.55.39.81 - - [13/Jun/2021:18:51:04 +0200] "GET /prince-charming-cinderella-film-figure-p-32167.html HTTP/1.0" 200 70321 "-" "Mozilla/5.0 (compatible; bingbot/2.0; +http://www.bing.com/bingbot.htm)"
157.55.39.152 - - [13/Jun/2021:18:51:08 +0200] "GET /costaud-backpack-p-8297.html HTTP/1.0" 200 70223 "-" "Mozilla/5.0 (compatible; bingbot/2.0; +http://www.bing.com/bingbot.htm)"
40.77.167.70 - - [13/Jun/2021:18:51:08 +0200] "GET /retro-ceramic-flatware-beer-p-42148.html HTTP/1.0" 200 72928 "-" "Mozilla/5.0 (compatible; bingbot/2.0; +http://www.bing.com/bingbot.htm)"
40.77.167.90 - - [13/Jun/2021:18:51:13 +0200] "GET /-p-17537.html HTTP/1.0" 200 70165 "-" "Mozilla/5.0 (compatible; bingbot/2.0; +http://www.bing.com/bingbot.htm)"
207.46.13.38 - - [13/Jun/2021:18:51:18 +0200] "GET /-p-23403.html HTTP/1.0" 200 70165 "-" "Mozilla/5.0 (compatible; bingbot/2.0; +http://www.bing.com/bingbot.htm)"
66.249.70.42 - - [13/Jun/2021:18:51:19 +0200] "GET /plush-keeleco-eco-friendly-meerkat-p-51848.html HTTP/1.0" 301 74169 "-" "Mozilla/5.0 (Linux; Android 6.0.1; Nexus 5X Build/MMB29P) AppleWebKit/537.36 (KHTML, like Gecko) Chrome/91.0.4472.90 Mobile Safari/537.36 (compatible; Googlebot/2.1; +http://www.google.com/bot.html)"
66.249.70.40 - - [13/Jun/2021:18:51:20 +0200] "GET /plush-keeleco-friendly-meerkat-p-51848.html HTTP/1.0" 200 74072 "-" "Mozilla/5.0 (Linux; Android 6.0.1; Nexus 5X Build/MMB29P) AppleWebKit/537.36 (KHTML, like Gecko) Chrome/91.0.4472.90 Mobile Safari/537.36 (compatible; Googlebot/2.1; +http://www.google.com/bot.html)"
54.36.149.37 - - [13/Jun/2021:18:51:21 +0200] "GET /collectible-figurines-decorative-c-13_135.html?page=44 HTTP/1.0" 200 96108 "-" "Mozilla/5.0 (compatible; AhrefsBot/7.0; +http://ahrefs.com/robot/)"
157.55.39.44 - - [13/Jun/2021:18:51:29 +0200] "GET /beatles-back-ussr-large-coin-purse-p-8092.html HTTP/1.0" 200 73089 "-" "Mozilla/5.0 (compatible; bingbot/2.0; +http://www.bing.com/bingbot.htm)"
185.191.171.39 - - [13/Jun/2021:18:51:45 +0200] "GET /paris-kitchen-apron-adult-p-28591.html HTTP/1.0" 200 72785 "-" "Mozilla/5.0 (compatible; SemrushBot/7~bl; +http://www.semrush.com/bot.html)"
185.191.171.12 - - [13/Jun/2021:18:52:00 +0200] "GET /chocolat-menier-large-metal-plate-30-40-cm-p-27381.html HTTP/1.0" 301 73059 "-" "Mozilla/5.0 (compatible; SemrushBot/7~bl; +http://www.semrush.com/bot.html)"
185.191.171.38 - - [13/Jun/2021:18:52:02 +0200] "GET /chocolat-menier-large-metal-plate-p-27381.html HTTP/1.0" 200 72959 "-" "Mozilla/5.0 (compatible; SemrushBot/7~bl; +http://www.semrush.com/bot.html)"
157.55.39.128 - - [13/Jun/2021:18:52:14 +0200] "GET /-p-9224.html HTTP/1.0" 200 70163 "-" "Mozilla/5.0 (compatible; bingbot/2.0; +http://www.bing.com/bingbot.htm)"
157.55.39.81 - - [13/Jun/2021:18:52:35 +0200] "GET /incense-stick-holder-elephant-p-35503.html HTTP/1.0" 200 73008 "-" "Mozilla/5.0 (compatible; bingbot/2.0; +http://www.bing.com/bingbot.htm)"
185.191.171.44 - - [13/Jun/2021:18:52:42 +0200] "GET /paperweight-awakening-kitten-ronner-knip-p-53519.html HTTP/1.0" 200 73865 "-" "Mozilla/5.0 (compatible; SemrushBot/7~bl; +http://www.semrush.com/bot.html)"
157.55.39.128 - - [13/Jun/2021:18:53:05 +0200] "GET /-p-15456.html HTTP/1.0" 200 70165 "-" "Mozilla/5.0 (compatible; bingbot/2.0; +http://www.bing.com/bingbot.htm)"
157.55.39.152 - - [13/Jun/2021:18:53:07 +0200] "GET /gorilla-teapot-by-paul-cardew-p-35268.html HTTP/1.0" 301 72931 "-" "Mozilla/5.0 (compatible; bingbot/2.0; +http://www.bing.com/bingbot.htm)"
40.77.167.106 - - [13/Jun/2021:18:53:10 +0200] "GET /tour-eiffel-pot-cookware-cbkreation-p-29704.html HTTP/1.0" 301 72976 "-" "Mozilla/5.0 (compatible; bingbot/2.0; +http://www.bing.com/bingbot.htm)"
54.36.149.57 - - [13/Jun/2021:18:53:30 +0200] "GET /nightlight-shaped-cream-p-44648.html HTTP/1.0" 200 72860 "-" "Mozilla/5.0 (compatible; AhrefsBot/7.0; +http://ahrefs.com/robot/)"
17.121.112.147 - - [13/Jun/2021:18:53:31 +0200] "GET /-p-4703.html HTTP/1.0" 200 70163 "-" "Mozilla/5.0 (Macintosh; Intel Mac OS X 10_15_5) AppleWebKit/605.1.15 (KHTML, like Gecko) Version/13.1.1 Safari/605.1.15 (Applebot/0.1; +http://www.apple.com/go/applebot)"
157.55.39.44 - - [13/Jun/2021:18:53:51 +0200] "GET /-p-15972.html HTTP/1.0" 200 70165 "-" "Mozilla/5.0 (compatible; bingbot/2.0; +http://www.bing.com/bingbot.htm)"
207.46.13.38 - - [13/Jun/2021:18:53:57 +0200] "GET /hush-little-bunny-vintage-gorjuss-post-card-p-34612.html HTTP/1.0" 200 70371 "-" "Mozilla/5.0 (compatible; bingbot/2.0; +http://www.bing.com/bingbot.htm)"
207.46.13.38 - - [13/Jun/2021:18:53:58 +0200] "GET /zodiac-black-women-tee-shirt-p-30813.html HTTP/1.0" 301 74884 "-" "Mozilla/5.0 (compatible; bingbot/2.0; +http://www.bing.com/bingbot.htm)"
40.77.167.90 - - [13/Jun/2021:18:54:00 +0200] "GET /ceramic-lamp-p-52767.html HTTP/1.0" 200 73541 "-" "Mozilla/5.0 (compatible; bingbot/2.0; +http://www.bing.com/bingbot.htm)"
66.249.70.38 - - [13/Jun/2021:18:54:02 +0200] "GET /little-mermaid-money-p-4671.html HTTP/1.0" 200 72825 "-" "Mozilla/5.0 (Linux; Android 6.0.1; Nexus 5X Build/MMB29P) AppleWebKit/537.36 (KHTML, like Gecko) Chrome/91.0.4472.90 Mobile Safari/537.36 (compatible; Googlebot/2.1; +http://www.google.com/bot.html)"
185.191.171.13 - - [13/Jun/2021:18:54:02 +0200] "GET /barbapapa-night-light-and-torch-p-27900.html HTTP/1.0" 301 70232 "-" "Mozilla/5.0 (compatible; SemrushBot/7~bl; +http://www.semrush.com/bot.html)"
157.55.39.122 - - [13/Jun/2021:18:54:04 +0200] "GET /salt-pepper-faces-p-32463.html HTTP/1.0" 200 72798 "-" "Mozilla/5.0 (compatible; bingbot/2.0; +http://www.bing.com/bingbot.htm)"
185.191.171.17 - - [13/Jun/2021:18:54:05 +0200] "GET /-p-27900.html HTTP/1.0" 200 70165 "-" "Mozilla/5.0 (compatible; SemrushBot/7~bl; +http://www.semrush.com/bot.html)"
157.55.39.122 - - [13/Jun/2021:18:54:06 +0200] "GET /hello-kitty-swimming-armband-p-20701.html HTTP/1.0" 200 70296 "-" "Mozilla/5.0 (compatible; bingbot/2.0; +http://www.bing.com/bingbot.htm)"
40.77.167.106 - - [13/Jun/2021:18:54:12 +0200] "GET /rotating-glass-tealight-holder-p-31878.html HTTP/1.0" 301 70232 "-" "Mozilla/5.0 (compatible; bingbot/2.0; +http://www.bing.com/bingbot.htm)"
185.191.171.2 - - [13/Jun/2021:18:54:26 +0200] "GET /elephants-ceramic-perfume-diffuser-cream-p-47206.html?action=add_product HTTP/1.0" 302 476 "-" "Mozilla/5.0 (compatible; SemrushBot/7~bl; +http://www.semrush.com/bot.html)"
40.77.167.57 - - [13/Jun/2021:18:54:41 +0200] "GET /pillow-case-p-33865.html HTTP/1.0" 200 73015 "-" "Mozilla/5.0 (compatible; bingbot/2.0; +http://www.bing.com/bingbot.htm)"
157.55.39.44 - - [13/Jun/2021:18:54:43 +0200] "GET /images/mini_prod/3281640257987.jpg HTTP/1.0" 200 269 "-" "Mozilla/5.0 (compatible; bingbot/2.0; +http://www.bing.com/bingbot.htm)"
40.77.167.57 - - [13/Jun/2021:18:54:43 +0200] "GET /beyond-charms-keychain-leopard-p-51832.html HTTP/1.0" 200 74082 "-" "Mozilla/5.0 (compatible; bingbot/2.0; +http://www.bing.com/bingbot.htm)"
157.55.39.44 - - [13/Jun/2021:18:54:44 +0200] "GET /hourglass-decoration-olive-wood-p-50862.html HTTP/1.0" 200 70285 "-" "Mozilla/5.0 (compatible; bingbot/2.0; +http://www.bing.com/bingbot.htm)"
157.55.39.152 - - [13/Jun/2021:18:54:49 +0200] "GET /-p-33970.html HTTP/1.0" 200 70165 "-" "Mozilla/5.0 (compatible; bingbot/2.0; +http://www.bing.com/bingbot.htm)"
40.77.167.90 - - [13/Jun/2021:18:54:59 +0200] "GET /ty-monstaz-talking-plush-jazzy-p-19369.html HTTP/1.0" 301 70394 "-" "Mozilla/5.0 (compatible; bingbot/2.0; +http://www.bing.com/bingbot.htm)"
40.77.167.90 - - [13/Jun/2021:18:54:59 +0200] "GET /paris-bath-soap-dish-p-34851.html HTTP/1.0" 200 72806 "-" "Mozilla/5.0 (compatible; bingbot/2.0; +http://www.bing.com/bingbot.htm)"
157.55.39.128 - - [13/Jun/2021:18:55:07 +0200] "GET /llama-love-round-metal-storage-box-p-47619.html HTTP/1.0" 301 70380 "-" "Mozilla/5.0 (compatible; bingbot/2.0; +http://www.bing.com/bingbot.htm)"
185.191.171.35 - - [13/Jun/2021:18:55:14 +0200] "GET /premium-percale-cotton-p-46752.html?action=add_product HTTP/1.0" 302 476 "-" "Mozilla/5.0 (compatible; SemrushBot/7~bl; +http://www.semrush.com/bot.html)"
54.36.148.102 - - [13/Jun/2021:18:55:31 +0200] "GET /plush-penguin-yoopy-star-p-42701.html HTTP/1.0" 200 72960 "-" "Mozilla/5.0 (compatible; AhrefsBot/7.0; +http://ahrefs.com/robot/)"
185.191.171.36 - - [13/Jun/2021:18:55:38 +0200] "GET /brass-sextant-with-box-p-51518.html HTTP/1.0" 301 72940 "-" "Mozilla/5.0 (compatible; SemrushBot/7~bl; +http://www.semrush.com/bot.html)"
185.191.171.6 - - [13/Jun/2021:18:55:40 +0200] "GET /brass-sextant-with-p-51518.html HTTP/1.0" 200 72855 "-" "Mozilla/5.0 (compatible; SemrushBot/7~bl; +http://www.semrush.com/bot.html)"
147.92.153.14 - - [13/Jun/2021:18:55:43 +0200] "GET /fragrances-ambiance-c-231.html HTTP/1.0" 200 92284 "-" "Mozilla/5.0 (compatible; Linespider/1.1; +https://lin.ee/4dwXkTH)"
157.55.39.152 - - [13/Jun/2021:18:55:49 +0200] "GET /brasil-clock-cbkreation-p-24402.html HTTP/1.0" 200 72778 "-" "Mozilla/5.0 (compatible; bingbot/2.0; +http://www.bing.com/bingbot.htm)"
157.55.39.152 - - [13/Jun/2021:18:55:58 +0200] "GET /glitter-adhesive-roll-p-51413.html HTTP/1.0" 200 73734 "-" "Mozilla/5.0 (compatible; bingbot/2.0; +http://www.bing.com/bingbot.htm)"
157.55.39.81 - - [13/Jun/2021:18:56:05 +0200] "GET /-p-27908.html HTTP/1.0" 200 70165 "-" "Mozilla/5.0 (compatible; bingbot/2.0; +http://www.bing.com/bingbot.htm)"
185.191.171.43 - - [13/Jun/2021:18:56:15 +0200] "GET /metal-lamp-black-38-cm-p-48266.html HTTP/1.0" 301 73373 "-" "Mozilla/5.0 (compatible; SemrushBot/7~bl; +http://www.semrush.com/bot.html)"
185.191.171.11 - - [13/Jun/2021:18:56:17 +0200] "GET /metal-lamp-black-p-48266.html HTTP/1.0" 200 73290 "-" "Mozilla/5.0 (compatible; SemrushBot/7~bl; +http://www.semrush.com/bot.html)"
40.77.167.70 - - [13/Jun/2021:18:56:18 +0200] "GET /yogi-yogini-yogamat-pink-p-48360.html HTTP/1.0" 200 73428 "-" "Mozilla/5.0 (compatible; bingbot/2.0; +http://www.bing.com/bingbot.htm)"
207.46.13.38 - - [13/Jun/2021:18:56:25 +0200] "GET /swfobject.js HTTP/1.0" 404 1308 "-" "Mozilla/5.0 (compatible; bingbot/2.0; +http://www.bing.com/bingbot.htm)"
207.46.13.38 - - [13/Jun/2021:18:56:34 +0200] "GET /swfobject.js HTTP/1.0" 404 1308 "-" "Mozilla/5.0 (compatible; bingbot/2.0; +http://www.bing.com/bingbot.htm)"
54.36.148.234 - - [13/Jun/2021:18:56:34 +0200] "GET /plush-christmas-tree-decoration-10-cm-p-49653.html HTTP/1.0" 301 70389 "-" "Mozilla/5.0 (compatible; AhrefsBot/7.0; +http://ahrefs.com/robot/)"
157.55.39.44 - - [13/Jun/2021:18:56:42 +0200] "GET /robocar-poli-moving-eye-p-32409.html HTTP/1.0" 301 73065 "-" "Mozilla/5.0 (compatible; bingbot/2.0; +http://www.bing.com/bingbot.htm)"
157.55.39.81 - - [13/Jun/2021:18:56:46 +0200] "GET /retro-wooden-motorcycle-riders-frame-to-hang-p-46409.html HTTP/1.0" 301 73182 "-" "Mozilla/5.0 (compatible; bingbot/2.0; +http://www.bing.com/bingbot.htm)"
157.55.39.152 - - [13/Jun/2021:18:56:51 +0200] "GET /spiderman-large-trolley-p-15135.html HTTP/1.0" 200 70247 "-" "Mozilla/5.0 (compatible; bingbot/2.0; +http://www.bing.com/bingbot.htm)"
157.55.39.44 - - [13/Jun/2021:18:57:02 +0200] "GET /arlesienne-oven-mitt-p-43814.html HTTP/1.0" 301 72906 "-" "Mozilla/5.0 (compatible; bingbot/2.0; +http://www.bing.com/bingbot.htm)"
157.55.39.81 - - [13/Jun/2021:18:57:26 +0200] "GET /spiderman-mattress-swimming-pool-p-30010.html HTTP/1.0" 200 73292 "-" "Mozilla/5.0 (compatible; bingbot/2.0; +http://www.bing.com/bingbot.htm)"
185.191.171.9 - - [13/Jun/2021:18:57:27 +0200] "GET /flower-life-p-49359.html?action=add_product HTTP/1.0" 302 476 "-" "Mozilla/5.0 (compatible; SemrushBot/7~bl; +http://www.semrush.com/bot.html)"
40.77.167.106 - - [13/Jun/2021:18:57:30 +0200] "GET /italia-tablecloth-anti-stain-p-34994.html HTTP/1.0" 200 72917 "-" "Mozilla/5.0 (compatible; bingbot/2.0; +http://www.bing.com/bingbot.htm)"
185.191.171.17 - - [13/Jun/2021:18:57:40 +0200] "GET /cotton-towel-retro-style-p-40736.html HTTP/1.0" 200 70282 "-" "Mozilla/5.0 (compatible; SemrushBot/7~bl; +http://www.semrush.com/bot.html)"
54.36.148.86 - - [13/Jun/2021:18:57:40 +0200] "GET /guzmanie-shower-curtain-p-53942.html HTTP/1.0" 200 73555 "-" "Mozilla/5.0 (compatible; AhrefsBot/7.0; +http://ahrefs.com/robot/)"
54.36.149.90 - - [13/Jun/2021:18:57:44 +0200] "GET /white-glass-and-metal-desk-lamp-p-50107.html HTTP/1.0" 301 72863 "-" "Mozilla/5.0 (compatible; AhrefsBot/7.0; +http://ahrefs.com/robot/)"
157.55.39.122 - - [13/Jun/2021:18:57:54 +0200] "GET /-p-34800.html HTTP/1.0" 200 70165 "-" "Mozilla/5.0 (compatible; bingbot/2.0; +http://www.bing.com/bingbot.htm)"
185.191.171.5 - - [13/Jun/2021:18:58:03 +0200] "GET /book-lamp-in-real-wood-led-colors-size-p-52967.html HTTP/1.0" 301 74239 "-" "Mozilla/5.0 (compatible; SemrushBot/7~bl; +http://www.semrush.com/bot.html)"
185.191.171.9 - - [13/Jun/2021:18:58:06 +0200] "GET /book-lamp-real-wood-colors-size-p-52967.html HTTP/1.0" 200 74141 "-" "Mozilla/5.0 (compatible; SemrushBot/7~bl; +http://www.semrush.com/bot.html)"
40.77.167.90 - - [13/Jun/2021:18:58:13 +0200] "GET /devil-white-woman-tee-shirt-p-30744.html HTTP/1.0" 301 74912 "-" "Mozilla/5.0 (compatible; bingbot/2.0; +http://www.bing.com/bingbot.htm)"
40.77.167.90 - - [13/Jun/2021:18:58:14 +0200] "GET /daisy-duck-cup-cake-figure-p-15674.html HTTP/1.0" 301 70232 "-" "Mozilla/5.0 (compatible; bingbot/2.0; +http://www.bing.com/bingbot.htm)"
185.191.171.24 - - [13/Jun/2021:18:58:38 +0200] "GET /zen-women-tee-shirt-p-36615.html HTTP/1.0" 301 79688 "-" "Mozilla/5.0 (compatible; SemrushBot/7~bl; +http://www.semrush.com/bot.html)"
185.191.171.42 - - [13/Jun/2021:18:58:40 +0200] "GET /women-shirt-p-36615.html HTTP/1.0" 200 79610 "-" "Mozilla/5.0 (compatible; SemrushBot/7~bl; +http://www.semrush.com/bot.html)"
185.191.171.38 - - [13/Jun/2021:18:59:11 +0200] "GET /windchime-bonheur-chimes-p-43530.html HTTP/1.0" 200 73446 "-" "Mozilla/5.0 (compatible; SemrushBot/7~bl; +http://www.semrush.com/bot.html)"
157.55.39.122 - - [13/Jun/2021:18:59:26 +0200] "GET /water-outdoor-games-c-4_143.html HTTP/1.0" 200 91900 "-" "Mozilla/5.0 (compatible; bingbot/2.0; +http://www.bing.com/bingbot.htm)"
54.36.148.86 - - [13/Jun/2021:18:59:38 +0200] "GET /bamboo-bread-p-41857.html HTTP/1.0" 200 72852 "-" "Mozilla/5.0 (compatible; AhrefsBot/7.0; +http://ahrefs.com/robot/)"
157.55.39.152 - - [13/Jun/2021:18:59:49 +0200] "GET /-p-30135.html HTTP/1.0" 200 70165 "-" "Mozilla/5.0 (compatible; bingbot/2.0; +http://www.bing.com/bingbot.htm)"
185.191.171.14 - - [13/Jun/2021:19:00:19 +0200] "GET /quebec-mouse-cbkreation-p-13991.html HTTP/1.0" 200 72770 "-" "Mozilla/5.0 (compatible; SemrushBot/7~bl; +http://www.semrush.com/bot.html)"
110.249.202.171 - - [13/Jun/2021:19:00:28 +0200] "GET /protects-plastic-mattress-p-55453.html HTTP/1.0" 200 72985 "-" "Mozilla/5.0 (Linux; Android 5.0) AppleWebKit/537.36 (KHTML, like Gecko) Mobile Safari/537.36 (compatible; Bytespider; https://zhanzhang.toutiao.com/)"
110.249.202.174 - - [13/Jun/2021:19:00:30 +0200] "GET /swfobject.js HTTP/1.0" 404 1308 "http://www.wonder-geek.com/protects-plastic-mattress-p-55453.html" "Mozilla/5.0 (Linux; Android 5.0) AppleWebKit/537.36 (KHTML, like Gecko) Mobile Safari/537.36 (compatible; Bytespider; https://zhanzhang.toutiao.com/)"
110.249.202.188 - - [13/Jun/2021:19:00:32 +0200] "GET /highslide/graphics/zoomout.cur HTTP/1.0" 200 614 "http://www.wonder-geek.com/protects-plastic-mattress-p-55453.html" "Mozilla/5.0 (Linux; Android 5.0) AppleWebKit/537.36 (KHTML, like Gecko) Mobile Safari/537.36 (compatible; Bytespider; https://zhanzhang.toutiao.com/)"
110.249.202.172 - - [13/Jun/2021:19:00:32 +0200] "GET /images/big_prod/3014627923892.jpg HTTP/1.0" 200 268 "http://www.wonder-geek.com/protects-plastic-mattress-p-55453.html" "Mozilla/5.0 (Linux; Android 5.0) AppleWebKit/537.36 (KHTML, like Gecko) Mobile Safari/537.36 (compatible; Bytespider; https://zhanzhang.toutiao.com/)"
185.191.171.40 - - [13/Jun/2021:19:00:41 +0200] "GET /toucan-wooden-figurine-albasia-p-54323.html HTTP/1.0" 200 73754 "-" "Mozilla/5.0 (compatible; SemrushBot/7~bl; +http://www.semrush.com/bot.html)"
185.191.171.21 - - [13/Jun/2021:19:00:52 +0200] "GET /ganesh-statue-30-cm-p-42033.html HTTP/1.0" 301 72906 "-" "Mozilla/5.0 (compatible; SemrushBot/7~bl; +http://www.semrush.com/bot.html)"
207.46.13.38 - - [13/Jun/2021:19:01:14 +0200] "GET /top-model-wedding-album-coloring-p-18767.html HTTP/1.0" 301 70232 "-" "Mozilla/5.0 (compatible; bingbot/2.0; +http://www.bing.com/bingbot.htm)"
185.191.171.36 - - [13/Jun/2021:19:01:28 +0200] "GET /ganesh-statue-p-42033.html HTTP/1.0" 200 72826 "-" "Mozilla/5.0 (compatible; SemrushBot/7~bl; +http://www.semrush.com/bot.html)"
106.38.241.175 - - [13/Jun/2021:19:01:30 +0200] "GET / HTTP/1.0" 200 150116 "-" "Sogou web spider/4.0(+http://www.sogou.com/docs/help/webmasters.htm#07)"
40.77.167.90 - - [13/Jun/2021:19:01:32 +0200] "GET /-p-3928.html HTTP/1.0" 200 70163 "-" "Mozilla/5.0 (compatible; bingbot/2.0; +http://www.bing.com/bingbot.htm)"
157.55.39.81 - - [13/Jun/2021:19:01:22 +0200] "GET /kimmidoll-mizuyo-jewelry-box-p-31948.html HTTP/1.0" 301 73113 "-" "Mozilla/5.0 (compatible; bingbot/2.0; +http://www.bing.com/bingbot.htm)"
40.77.167.90 - - [13/Jun/2021:19:01:36 +0200] "GET /toucan-money-box-12-cm-black-p-47934.html HTTP/1.0" 301 72957 "-" "Mozilla/5.0 (compatible; bingbot/2.0; +http://www.bing.com/bingbot.htm)"
185.191.171.7 - - [13/Jun/2021:19:01:45 +0200] "GET /powder-candle-bougie-autrement-golden-night-p-53087.html HTTP/1.0" 200 74163 "-" "Mozilla/5.0 (compatible; SemrushBot/7~bl; +http://www.semrush.com/bot.html)"
54.36.148.1 - - [13/Jun/2021:19:01:48 +0200] "GET /nightlight-shaped-rabbit-p-37286.html HTTP/1.0" 200 72845 "-" "Mozilla/5.0 (compatible; AhrefsBot/7.0; +http://ahrefs.com/robot/)"
157.55.39.81 - - [13/Jun/2021:19:02:08 +0200] "GET /-p-21577.html HTTP/1.0" 200 70165 "-" "Mozilla/5.0 (compatible; bingbot/2.0; +http://www.bing.com/bingbot.htm)"
157.55.39.152 - - [13/Jun/2021:19:02:09 +0200] "GET /salt-with-wooden-spoon-inaya-p-54497.html HTTP/1.0" 200 72964 "-" "Mozilla/5.0 (compatible; bingbot/2.0; +http://www.bing.com/bingbot.htm)"
40.77.167.106 - - [13/Jun/2021:19:02:10 +0200] "GET /support-metal-bottle-bar-p-47885.html HTTP/1.0" 301 72930 "-" "Mozilla/5.0 (compatible; bingbot/2.0; +http://www.bing.com/bingbot.htm)"
157.55.39.81 - - [13/Jun/2021:19:02:26 +0200] "GET /dachshund-assorted-assorted-jewelry-holders-p-49180.html HTTP/1.0" 200 73113 "-" "Mozilla/5.0 (compatible; bingbot/2.0; +http://www.bing.com/bingbot.htm)"
157.55.39.128 - - [13/Jun/2021:19:02:35 +0200] "GET /coca-cola-black-metal-plate-p-37157.html HTTP/1.0" 200 72895 "-" "Mozilla/5.0 (compatible; bingbot/2.0; +http://www.bing.com/bingbot.htm)"
40.77.167.106 - - [13/Jun/2021:19:03:01 +0200] "GET /images/big_prod_1/028399219407.jpg HTTP/1.0" 200 269 "-" "Mozilla/5.0 (compatible; bingbot/2.0; +http://www.bing.com/bingbot.htm)"
157.55.39.122 - - [13/Jun/2021:19:03:01 +0200] "GET /teo-jasmin-saucer-for-tea-bag-p-37959.html HTTP/1.0" 301 72894 "-" "Mozilla/5.0 (compatible; bingbot/2.0; +http://www.bing.com/bingbot.htm)"
207.46.13.38 - - [13/Jun/2021:19:03:09 +0200] "GET /-p-34574.html HTTP/1.0" 200 70165 "-" "Mozilla/5.0 (compatible; bingbot/2.0; +http://www.bing.com/bingbot.htm)"
157.55.39.44 - - [13/Jun/2021:19:03:42 +0200] "GET /olaf-disney-trolley-bag-p-30351.html HTTP/1.0" 301 73182 "-" "Mozilla/5.0 (compatible; bingbot/2.0; +http://www.bing.com/bingbot.htm)"
40.77.167.57 - - [13/Jun/2021:19:03:47 +0200] "GET /slicer-sausage-p-39699.html HTTP/1.0" 200 72943 "-" "Mozilla/5.0 (compatible; bingbot/2.0; +http://www.bing.com/bingbot.htm)"
54.36.148.86 - - [13/Jun/2021:19:03:49 +0200] "GET /petit-akio-night-light-unicorn-p-54707.html HTTP/1.0" 200 74102 "-" "Mozilla/5.0 (compatible; AhrefsBot/7.0; +http://ahrefs.com/robot/)"
40.77.167.106 - - [13/Jun/2021:19:03:52 +0200] "GET /large-eco-responsible-oud-wood-geranium-candle-heart-and-home-p-52798.html HTTP/1.0" 301 74314 "-" "Mozilla/5.0 (compatible; bingbot/2.0; +http://www.bing.com/bingbot.htm)"
157.55.39.128 - - [13/Jun/2021:19:03:57 +0200] "GET /-p-18153.html HTTP/1.0" 200 70165 "-" "Mozilla/5.0 (compatible; bingbot/2.0; +http://www.bing.com/bingbot.htm)"
185.191.171.37 - - [13/Jun/2021:19:04:02 +0200] "GET /great-patina-white-elephant-statuette-p-50662.html?action=add_product HTTP/1.0" 302 476 "-" "Mozilla/5.0 (compatible; SemrushBot/7~bl; +http://www.semrush.com/bot.html)"
185.191.171.25 - - [13/Jun/2021:19:04:12 +0200] "GET /radio-wood-colors-p-19020.html?action=add_product HTTP/1.0" 301 476 "-" "Mozilla/5.0 (compatible; SemrushBot/7~bl; +http://www.semrush.com/bot.html)"
40.77.167.57 - - [13/Jun/2021:19:04:14 +0200] "GET /duvet-cover-cotton-percale-threads-p-43844.html HTTP/1.0" 200 73103 "-" "Mozilla/5.0 (compatible; bingbot/2.0; +http://www.bing.com/bingbot.htm)"
157.55.39.44 - - [13/Jun/2021:19:04:23 +0200] "GET /paris-glass-wall-clock-p-10446.html HTTP/1.0" 200 72799 "-" "Mozilla/5.0 (compatible; bingbot/2.0; +http://www.bing.com/bingbot.htm)"
157.55.39.44 - - [13/Jun/2021:19:04:25 +0200] "GET /-p-12063.html HTTP/1.0" 200 70165 "-" "Mozilla/5.0 (compatible; bingbot/2.0; +http://www.bing.com/bingbot.htm)"
54.36.149.39 - - [13/Jun/2021:19:04:28 +0200] "GET /volkswagen-green-metal-keyring-p-18909.html HTTP/1.0" 301 70232 "-" "Mozilla/5.0 (compatible; AhrefsBot/7.0; +http://ahrefs.com/robot/)"
51.68.224.127 - - [13/Jun/2021:19:04:30 +0200] "GET /adminweb/export_orders_xml.php?token=256de2z6edz6ed2z6DFSFsed2zed6zeDSFDSGdzedezfzf&maxorders=10&orderstart=1&status=14&start_date=2018-10-01 HTTP/1.0" 200 285 "-" "GesCom CharlotteBoutik Serveur"
51.68.224.127 - - [13/Jun/2021:19:04:30 +0200] "GET /adminweb/export_orders_xml.php?token=256de2z6edz6ed2z6DFSFsed2zed6zeDSFDSGdzedezfzf&maxorders=10&orderstart=1&status=6&start_date=2018-10-01 HTTP/1.0" 200 30039 "-" "GesCom CharlotteBoutik Serveur"
207.46.13.38 - - [13/Jun/2021:19:04:58 +0200] "GET /retro-flamenco-alarm-clock-pink-p-53131.html HTTP/1.0" 200 72949 "-" "Mozilla/5.0 (compatible; bingbot/2.0; +http://www.bing.com/bingbot.htm)"
185.191.171.6 - - [13/Jun/2021:19:05:18 +0200] "GET /wood-herbs-cyprus-stool-p-51695.html HTTP/1.0" 200 72851 "-" "Mozilla/5.0 (compatible; SemrushBot/7~bl; +http://www.semrush.com/bot.html)"
185.191.171.11 - - [13/Jun/2021:19:05:20 +0200] "GET /hedgehog-pencil-cbkreation-p-43428.html?action=add_product HTTP/1.0" 302 476 "-" "Mozilla/5.0 (compatible; SemrushBot/7~bl; +http://www.semrush.com/bot.html)"
54.36.149.33 - - [13/Jun/2021:19:05:32 +0200] "GET /home-and-decoration-c-13.html?page=35 HTTP/1.0" 301 92802 "-" "Mozilla/5.0 (compatible; AhrefsBot/7.0; +http://ahrefs.com/robot/)"
66.249.70.38 - - [13/Jun/2021:19:05:39 +0200] "GET /images/mini_prod/3700344870105.jpg HTTP/1.0" 200 269 "-" "Googlebot-Image/1.0"
40.77.167.106 - - [13/Jun/2021:19:05:38 +0200] "GET /beyblade-mattress-swimming-pool-p-14358.html HTTP/1.0" 200 72996 "-" "Mozilla/5.0 (compatible; bingbot/2.0; +http://www.bing.com/bingbot.htm)"
17.121.112.88 - - [13/Jun/2021:19:05:51 +0200] "GET /mini-metal-tray-banania-p-33322.html HTTP/1.0" 200 72884 "-" "Mozilla/5.0 (Macintosh; Intel Mac OS X 10_15_5) AppleWebKit/605.1.15 (KHTML, like Gecko) Version/13.1.1 Safari/605.1.15 (Applebot/0.1; +http://www.apple.com/go/applebot)"
54.36.148.223 - - [13/Jun/2021:19:05:58 +0200] "GET /gold-snake-statuette-p-52336.html HTTP/1.0" 200 73610 "-" "Mozilla/5.0 (compatible; AhrefsBot/7.0; +http://ahrefs.com/robot/)"
157.55.39.128 - - [13/Jun/2021:19:06:15 +0200] "GET /-p-13271.html HTTP/1.0" 200 70165 "-" "Mozilla/5.0 (compatible; bingbot/2.0; +http://www.bing.com/bingbot.htm)"
40.77.167.70 - - [13/Jun/2021:19:06:19 +0200] "GET /kitten-cardboard-p-27644.html HTTP/1.0" 200 73008 "-" "Mozilla/5.0 (compatible; bingbot/2.0; +http://www.bing.com/bingbot.htm)"
157.55.39.81 - - [13/Jun/2021:19:06:19 +0200] "GET /computer-briefcase-c-31_82.html HTTP/1.0" 200 84067 "-" "Mozilla/5.0 (compatible; bingbot/2.0; +http://www.bing.com/bingbot.htm)"
147.92.153.11 - - [13/Jun/2021:19:06:23 +0200] "GET /companion-wallet-c-31_238.html HTTP/1.0" 200 90834 "-" "Mozilla/5.0 (compatible; Linespider/1.1; +https://lin.ee/4dwXkTH)"
157.55.39.44 - - [13/Jun/2021:19:06:33 +0200] "GET /-p-46890.html HTTP/1.0" 200 70165 "-" "Mozilla/5.0 (compatible; bingbot/2.0; +http://www.bing.com/bingbot.htm)"
40.77.167.70 - - [13/Jun/2021:19:06:37 +0200] "GET /js/jquery.min.js HTTP/1.0" 404 1308 "-" "Mozilla/5.0 (compatible; bingbot/2.0; +http://www.bing.com/bingbot.htm)"
54.36.148.207 - - [13/Jun/2021:19:06:40 +0200] "GET /retro-ceramic-flatware-24-18-cm-beer-p-42149.html HTTP/1.0" 301 73022 "-" "Mozilla/5.0 (compatible; AhrefsBot/7.0; +http://ahrefs.com/robot/)"
148.251.54.157 - - [13/Jun/2021:19:06:48 +0200] "GET /snowman-solar-powered-dancing-p-34143.html]Test HTTP/1.0" 301 609 "http://wonder-geek.com/snowman-solar-powered-dancing-p-34143.html]Test" "Mozilla/5.0 (Windows NT 10.0; Win64; x64) AppleWebKit/537.36 (KHTML, like Gecko) Chrome/83.0.4103.61 Safari/537.36 Edg/83.0.478.37"
148.251.54.157 - - [13/Jun/2021:19:06:49 +0200] "GET /snowman-solar-powered-dancing-p-34143.html%5dTest HTTP/1.0" 404 1308 "http://www.wonder-geek.com/snowman-solar-powered-dancing-p-34143.html%5dTest" "Mozilla/5.0 (Windows NT 10.0; Win64; x64) AppleWebKit/537.36 (KHTML, like Gecko) Chrome/83.0.4103.61 Safari/537.36 Edg/83.0.478.37"
148.251.54.157 - - [13/Jun/2021:19:06:49 +0200] "GET / HTTP/1.0" 301 511 "http://wonder-geek.com/" "Mozilla/5.0 (Windows NT 10.0; Win64; x64) AppleWebKit/537.36 (KHTML, like Gecko) Chrome/83.0.4103.61 Safari/537.36 Edg/83.0.478.37"
148.251.54.157 - - [13/Jun/2021:19:06:49 +0200] "GET / HTTP/1.0" 200 150105 "http://www.wonder-geek.com/" "Mozilla/5.0 (Windows NT 10.0; Win64; x64) AppleWebKit/537.36 (KHTML, like Gecko) Chrome/83.0.4103.61 Safari/537.36 Edg/83.0.478.37"
148.251.54.157 - - [13/Jun/2021:19:06:49 +0200] "GET /create_account.php HTTP/1.0" 200 33633 "http://www.wonder-geek.com/create_account.php" "Mozilla/5.0 (Windows NT 10.0; Win64; x64) AppleWebKit/537.36 (KHTML, like Gecko) Chrome/83.0.4103.61 Safari/537.36 Edg/83.0.478.37"
148.251.54.157 - - [13/Jun/2021:19:07:14 +0200] "POST /create_account.php HTTP/1.0" 200 34571 "http://www.wonder-geek.com/create_account.php" "Mozilla/5.0 (Windows NT 10.0; Win64; x64) AppleWebKit/537.36 (KHTML, like Gecko) Chrome/83.0.4103.61 Safari/537.36 Edg/83.0.478.37"
148.251.54.157 - - [13/Jun/2021:19:07:14 +0200] "GET /login.php HTTP/1.0" 200 17155 "http://www.wonder-geek.com/login.php" "Mozilla/5.0 (Windows NT 10.0; Win64; x64) AppleWebKit/537.36 (KHTML, like Gecko) Chrome/83.0.4103.61 Safari/537.36 Edg/83.0.478.37"
148.251.54.157 - - [13/Jun/2021:19:07:14 +0200] "POST /login.php?action=process HTTP/1.0" 200 17687 "http://www.wonder-geek.com/login.php" "Mozilla/5.0 (Windows NT 10.0; Win64; x64) AppleWebKit/537.36 (KHTML, like Gecko) Chrome/83.0.4103.61 Safari/537.36 Edg/83.0.478.37"
148.251.54.157 - - [13/Jun/2021:19:07:14 +0200] "GET / HTTP/1.0" 200 149992 "http://www.wonder-geek.com/" "Mozilla/5.0 (Windows NT 10.0; Win64; x64) AppleWebKit/537.36 (KHTML, like Gecko) Chrome/83.0.4103.61 Safari/537.36 Edg/83.0.478.37"
185.191.171.42 - - [13/Jun/2021:19:07:25 +0200] "GET /yuco-quilted-glove-and-potholder-tomette-p-48216.html HTTP/1.0" 301 70232 "-" "Mozilla/5.0 (compatible; SemrushBot/7~bl; +http://www.semrush.com/bot.html)"
185.191.171.37 - - [13/Jun/2021:19:07:27 +0200] "GET /-p-48216.html HTTP/1.0" 200 70165 "-" "Mozilla/5.0 (compatible; SemrushBot/7~bl; +http://www.semrush.com/bot.html)"
185.191.171.36 - - [13/Jun/2021:19:07:29 +0200] "GET /mandala-coasters-ceramic-p-44401.html HTTP/1.0" 200 70303 "-" "Mozilla/5.0 (compatible; SemrushBot/7~bl; +http://www.semrush.com/bot.html)"
157.55.39.81 - - [13/Jun/2021:19:07:37 +0200] "GET /-p-34271.html HTTP/1.0" 200 70165 "-" "Mozilla/5.0 (compatible; bingbot/2.0; +http://www.bing.com/bingbot.htm)"
157.55.39.128 - - [13/Jun/2021:19:07:45 +0200] "GET /cotton-bed-base-cover-160-200-cm-zinc-p-44230.html HTTP/1.0" 301 73024 "-" "Mozilla/5.0 (compatible; bingbot/2.0; +http://www.bing.com/bingbot.htm)"
40.77.167.90 - - [13/Jun/2021:19:08:02 +0200] "GET /breakfast-c-12_61.html HTTP/1.0" 200 91466 "-" "Mozilla/5.0 (compatible; bingbot/2.0; +http://www.bing.com/bingbot.htm)"
40.77.167.90 - - [13/Jun/2021:19:08:04 +0200] "GET /fairy-kitchen-towel-p-38812.html HTTP/1.0" 200 72764 "-" "Mozilla/5.0 (compatible; bingbot/2.0; +http://www.bing.com/bingbot.htm)"
40.77.167.90 - - [13/Jun/2021:19:08:05 +0200] "GET /big-hero-polar-plaid-p-33186.html HTTP/1.0" 301 73047 "-" "Mozilla/5.0 (compatible; bingbot/2.0; +http://www.bing.com/bingbot.htm)"
54.36.148.86 - - [13/Jun/2021:19:08:06 +0200] "GET /metal-boxes-storage-c-13_150_218.html?page=1 HTTP/1.0" 200 89783 "-" "Mozilla/5.0 (compatible; AhrefsBot/7.0; +http://ahrefs.com/robot/)"
157.55.39.81 - - [13/Jun/2021:19:08:07 +0200] "GET /placemats-c-12_156.html HTTP/1.0" 200 92032 "-" "Mozilla/5.0 (compatible; bingbot/2.0; +http://www.bing.com/bingbot.htm)"
66.249.70.38 - - [13/Jun/2021:19:08:12 +0200] "GET /images/mini_prod/9316188065054.jpg HTTP/1.0" 200 269 "-" "Googlebot-Image/1.0"
207.46.13.38 - - [13/Jun/2021:19:08:49 +0200] "GET /solar-powered-sunflower-dancing-p-33553.html HTTP/1.0" 301 70232 "-" "Mozilla/5.0 (compatible; bingbot/2.0; +http://www.bing.com/bingbot.htm)"
185.191.171.15 - - [13/Jun/2021:19:09:00 +0200] "GET /small-tinbox-retro-motorcycle-55-25-cm-p-41335.html HTTP/1.0" 301 70445 "-" "Mozilla/5.0 (compatible; SemrushBot/7~bl; +http://www.semrush.com/bot.html)"
185.191.171.37 - - [13/Jun/2021:19:09:02 +0200] "GET /small-tinbox-rtro-motorcycle-p-41335.html HTTP/1.0" 200 70350 "-" "Mozilla/5.0 (compatible; SemrushBot/7~bl; +http://www.semrush.com/bot.html)"
157.55.39.122 - - [13/Jun/2021:19:09:06 +0200] "GET /ethnic-style-burlap-table-p-48444.html HTTP/1.0" 200 72788 "-" "Mozilla/5.0 (compatible; bingbot/2.0; +http://www.bing.com/bingbot.htm)"
157.55.39.152 - - [13/Jun/2021:19:09:20 +0200] "GET /games-and-toys/toys/the-smurfs-bath-toys-p-7291.html HTTP/1.0" 301 615 "-" "Mozilla/5.0 (compatible; bingbot/2.0; +http://www.bing.com/bingbot.htm)"
77.75.77.17 - - [13/Jun/2021:19:09:22 +0200] "GET /robots.txt HTTP/1.0" 200 245 "-" "Mozilla/5.0 (compatible; SeznamBot/3.2; +http://napoveda.seznam.cz/en/seznambot-intro/)"
77.75.77.17 - - [13/Jun/2021:19:09:23 +0200] "GET /images/big_prod/3453131139618.jpg HTTP/1.0" 200 268 "-" "Mozilla/5.0 (compatible; SeznamBot/3.2; +http://napoveda.seznam.cz/en/seznambot-intro/)"
157.55.39.122 - - [13/Jun/2021:19:09:35 +0200] "GET /frozen-vertical-bag-p-29766.html HTTP/1.0" 301 70305 "-" "Mozilla/5.0 (compatible; bingbot/2.0; +http://www.bing.com/bingbot.htm)"
157.55.39.152 - - [13/Jun/2021:19:09:42 +0200] "GET /gorjuss-little-riding-hood-manicure-p-46949.html HTTP/1.0" 200 74074 "-" "Mozilla/5.0 (compatible; bingbot/2.0; +http://www.bing.com/bingbot.htm)"
54.36.148.251 - - [13/Jun/2021:19:10:07 +0200] "GET /tweety-love-money-p-34081.html HTTP/1.0" 200 72835 "-" "Mozilla/5.0 (compatible; AhrefsBot/7.0; +http://ahrefs.com/robot/)"
157.55.39.44 - - [13/Jun/2021:19:10:14 +0200] "GET /jasmin-frre-purse-p-32965.html HTTP/1.0" 200 72838 "-" "Mozilla/5.0 (compatible; bingbot/2.0; +http://www.bing.com/bingbot.htm)"
210.242.49.250 - - [13/Jun/2021:19:10:18 +0200] "GET /images/med_prod/3661977000041.jpg HTTP/1.0" 200 268 "-" "Wget/1.21.1"
157.55.39.81 - - [13/Jun/2021:19:10:27 +0200] "GET /plush-penguin-yoopy-star-p-42701.html HTTP/1.0" 200 72960 "-" "Mozilla/5.0 (compatible; bingbot/2.0; +http://www.bing.com/bingbot.htm)"
220.243.135.133 - - [13/Jun/2021:19:10:28 +0200] "GET /marseille-football-stickers-p-35384.html HTTP/1.0" 200 72853 "-" "Mozilla/5.0 (Linux; Android 5.0) AppleWebKit/537.36 (KHTML, like Gecko) Mobile Safari/537.36 (compatible; Bytespider; https://zhanzhang.toutiao.com/)"
