185.191.171.11 - - [13/Jun/2021:04:52:20 +0200] "GET /buffalo-skull-glass-cutting-board-cbkreation-p-51464.html HTTP/1.0" 200 72971 "-" "Mozilla/5.0 (compatible; SemrushBot/7~bl; +http://www.semrush.com/bot.html)"
157.90.177.217 - - [13/Jun/2021:04:52:25 +0200] "GET /warning-alien-zone-metal-plate-deco-p-46330.html HTTP/1.0" 200 72898 "-" "Mozilla/5.0 (compatible; BLEXBot/1.0; +http://webmeup-crawler.com/)"
207.46.13.79 - - [13/Jun/2021:04:52:26 +0200] "GET /owls-cats-michelle-allen-designs-coasters-p-47690.html HTTP/1.0" 200 73053 "-" "Mozilla/5.0 (compatible; bingbot/2.0; +http://www.bing.com/bingbot.htm)"
54.36.148.102 - - [13/Jun/2021:04:52:28 +0200] "GET /incense-champa-super-grams-about-sticks-p-48090.html HTTP/1.0" 200 73385 "-" "Mozilla/5.0 (compatible; AhrefsBot/7.0; +http://ahrefs.com/robot/)"
157.90.177.217 - - [13/Jun/2021:04:52:33 +0200] "GET /warning-genius-work-metal-plate-deco-p-36129.html HTTP/1.0" 200 72924 "-" "Mozilla/5.0 (compatible; BLEXBot/1.0; +http://webmeup-crawler.com/)"
157.90.177.217 - - [13/Jun/2021:04:52:39 +0200] "GET /wash-large-metal-plate-deco-p-35495.html HTTP/1.0" 200 72882 "-" "Mozilla/5.0 (compatible; BLEXBot/1.0; +http://webmeup-crawler.com/)"
157.90.177.217 - - [13/Jun/2021:04:52:45 +0200] "GET /washed-dyed-cotton-tablecloth-p-55038.html HTTP/1.0" 200 73876 "-" "Mozilla/5.0 (compatible; BLEXBot/1.0; +http://webmeup-crawler.com/)"
157.90.177.217 - - [13/Jun/2021:04:52:52 +0200] "GET /washed-dyed-cotton-tablecloth-p-55039.html HTTP/1.0" 200 73876 "-" "Mozilla/5.0 (compatible; BLEXBot/1.0; +http://webmeup-crawler.com/)"
207.46.13.38 - - [13/Jun/2021:04:52:53 +0200] "GET /dessert-dish-glass-with-anti-slip-feet-p-47337.html HTTP/1.0" 200 73522 "-" "Mozilla/5.0 (compatible; bingbot/2.0; +http://www.bing.com/bingbot.htm)"
157.90.177.217 - - [13/Jun/2021:04:52:58 +0200] "GET /washed-dyed-cotton-tablecloth-p-55040.html HTTP/1.0" 200 73876 "-" "Mozilla/5.0 (compatible; BLEXBot/1.0; +http://webmeup-crawler.com/)"
157.90.177.217 - - [13/Jun/2021:04:53:03 +0200] "GET /washed-dyed-cotton-tablecloth-p-55041.html HTTP/1.0" 200 73876 "-" "Mozilla/5.0 (compatible; BLEXBot/1.0; +http://webmeup-crawler.com/)"
157.90.177.217 - - [13/Jun/2021:04:53:09 +0200] "GET /washed-dyed-cotton-tablecloth-p-55042.html HTTP/1.0" 200 73669 "-" "Mozilla/5.0 (compatible; BLEXBot/1.0; +http://webmeup-crawler.com/)"
51.68.224.127 - - [13/Jun/2021:04:53:12 +0200] "GET /adminweb/export_orders_xml.php?token=256de2z6edz6ed2z6DFSFsed2zed6zeDSFDSGdzedezfzf&maxorders=10&orderstart=1&status=14&start_date=2018-10-01 HTTP/1.0" 200 285 "-" "GesCom CharlotteBoutik Serveur"
51.68.224.127 - - [13/Jun/2021:04:53:12 +0200] "GET /adminweb/export_orders_xml.php?token=256de2z6edz6ed2z6DFSFsed2zed6zeDSFDSGdzedezfzf&maxorders=10&orderstart=1&status=6&start_date=2018-10-01 HTTP/1.0" 200 30039 "-" "GesCom CharlotteBoutik Serveur"
157.90.177.217 - - [13/Jun/2021:04:53:14 +0200] "GET /washed-dyed-cotton-tablecloth-p-55043.html HTTP/1.0" 200 73669 "-" "Mozilla/5.0 (compatible; BLEXBot/1.0; +http://webmeup-crawler.com/)"
167.114.116.38 - - [13/Jun/2021:04:53:16 +0200] "GET /powder-candle-250-grs-la-bougie-autrement-star-blue-p-53076.html HTTP/1.0" 301 73996 "-" "Mozilla/5.0 (compatible; MJ12bot/v1.4.8; http://mj12bot.com/)"
157.90.177.217 - - [13/Jun/2021:04:53:19 +0200] "GET /washed-dyed-cotton-tablecloth-p-55044.html HTTP/1.0" 200 73669 "-" "Mozilla/5.0 (compatible; BLEXBot/1.0; +http://webmeup-crawler.com/)"
157.90.177.217 - - [13/Jun/2021:04:53:24 +0200] "GET /washed-dyed-cotton-tablecloth-p-55045.html HTTP/1.0" 200 73669 "-" "Mozilla/5.0 (compatible; BLEXBot/1.0; +http://webmeup-crawler.com/)"
157.90.177.217 - - [13/Jun/2021:04:53:30 +0200] "GET /washed-dyed-cotton-tablecloth-p-55049.html HTTP/1.0" 200 73669 "-" "Mozilla/5.0 (compatible; BLEXBot/1.0; +http://webmeup-crawler.com/)"
207.46.13.38 - - [13/Jun/2021:04:53:30 +0200] "GET /star-wars-rectangular-mirror-p-31609.html HTTP/1.0" 200 72860 "-" "Mozilla/5.0 (compatible; bingbot/2.0; +http://www.bing.com/bingbot.htm)"
207.46.13.38 - - [13/Jun/2021:04:53:35 +0200] "GET /harley-davidson-lighter-p-41029.html HTTP/1.0" 200 73249 "-" "Mozilla/5.0 (compatible; bingbot/2.0; +http://www.bing.com/bingbot.htm)"
157.55.39.122 - - [13/Jun/2021:04:53:35 +0200] "GET /-p-6651.html HTTP/1.0" 200 70163 "-" "Mozilla/5.0 (compatible; bingbot/2.0; +http://www.bing.com/bingbot.htm)"
157.90.177.217 - - [13/Jun/2021:04:53:38 +0200] "GET /washed-dyed-cotton-tablecloth-p-55050.html HTTP/1.0" 200 73669 "-" "Mozilla/5.0 (compatible; BLEXBot/1.0; +http://webmeup-crawler.com/)"
207.46.13.38 - - [13/Jun/2021:04:53:40 +0200] "GET /grey-soliflore-birds-p-36487.html HTTP/1.0" 200 70235 "-" "Mozilla/5.0 (compatible; bingbot/2.0; +http://www.bing.com/bingbot.htm)"
157.90.177.217 - - [13/Jun/2021:04:53:44 +0200] "GET /washed-dyed-cotton-tablecloth-pearl-p-55046.html HTTP/1.0" 200 73762 "-" "Mozilla/5.0 (compatible; BLEXBot/1.0; +http://webmeup-crawler.com/)"
54.36.148.221 - - [13/Jun/2021:04:53:48 +0200] "GET /wall-decoration-flamingo-p-37458.html HTTP/1.0" 200 72913 "-" "Mozilla/5.0 (compatible; AhrefsBot/7.0; +http://ahrefs.com/robot/)"
157.90.177.217 - - [13/Jun/2021:04:53:49 +0200] "GET /washed-dyed-cotton-tablecloth-pearl-p-55047.html HTTP/1.0" 200 73762 "-" "Mozilla/5.0 (compatible; BLEXBot/1.0; +http://webmeup-crawler.com/)"
157.55.39.152 - - [13/Jun/2021:04:53:51 +0200] "GET /images/big_prod/1341689288259.jpg HTTP/1.0" 200 268 "-" "Mozilla/5.0 (compatible; bingbot/2.0; +http://www.bing.com/bingbot.htm)"
66.249.68.10 - - [13/Jun/2021:04:53:51 +0200] "GET /elastic-loom-bands-p-26692.html HTTP/1.0" 200 72812 "-" "Mozilla/5.0 (Linux; Android 6.0.1; Nexus 5X Build/MMB29P) AppleWebKit/537.36 (KHTML, like Gecko) Chrome/91.0.4472.90 Mobile Safari/537.36 (compatible; Googlebot/2.1; +http://www.google.com/bot.html)"
40.77.167.70 - - [13/Jun/2021:04:53:56 +0200] "GET /images/med_prod/1399984284308N.jpg HTTP/1.0" 200 269 "-" "Mozilla/5.0 (compatible; bingbot/2.0; +http://www.bing.com/bingbot.htm)"
157.90.177.217 - - [13/Jun/2021:04:53:57 +0200] "GET /washed-dyed-cotton-tablecloth-pearl-p-55048.html HTTP/1.0" 200 73762 "-" "Mozilla/5.0 (compatible; BLEXBot/1.0; +http://webmeup-crawler.com/)"
185.191.171.18 - - [13/Jun/2021:04:53:57 +0200] "GET /porcelain-mug-with-infuser-p-48053.html HTTP/1.0" 301 72916 "-" "Mozilla/5.0 (compatible; SemrushBot/7~bl; +http://www.semrush.com/bot.html)"
185.191.171.18 - - [13/Jun/2021:04:54:02 +0200] "GET /porcelain-with-infuser-p-48053.html HTTP/1.0" 200 72827 "-" "Mozilla/5.0 (compatible; SemrushBot/7~bl; +http://www.semrush.com/bot.html)"
167.114.116.38 - - [13/Jun/2021:04:54:03 +0200] "GET /powder-candle-bougie-autrement-star-blue-p-53076.html HTTP/1.0" 200 73889 "-" "Mozilla/5.0 (compatible; MJ12bot/v1.4.8; http://mj12bot.com/)"
157.90.177.217 - - [13/Jun/2021:04:54:03 +0200] "GET /watches-c-3_66.html?page=1 HTTP/1.0" 200 90910 "-" "Mozilla/5.0 (compatible; BLEXBot/1.0; +http://webmeup-crawler.com/)"
157.55.39.122 - - [13/Jun/2021:04:54:10 +0200] "GET /mug-with-infuser-for-tea-britanny-p-47846.html HTTP/1.0" 301 72966 "-" "Mozilla/5.0 (compatible; bingbot/2.0; +http://www.bing.com/bingbot.htm)"
157.55.39.122 - - [13/Jun/2021:04:54:12 +0200] "GET /betty-boop-large-bag-p-3351.html HTTP/1.0" 301 70328 "-" "Mozilla/5.0 (compatible; bingbot/2.0; +http://www.bing.com/bingbot.htm)"
157.90.177.217 - - [13/Jun/2021:04:54:15 +0200] "GET /water-bottle-angel-p-52644.html HTTP/1.0" 200 72888 "-" "Mozilla/5.0 (compatible; BLEXBot/1.0; +http://webmeup-crawler.com/)"
40.77.167.70 - - [13/Jun/2021:04:54:04 +0200] "GET /snow-and-glitter-ball-c-13_259.html HTTP/1.0" 301 90069 "-" "Mozilla/5.0 (compatible; bingbot/2.0; +http://www.bing.com/bingbot.htm)"
185.191.171.4 - - [13/Jun/2021:04:54:20 +0200] "GET /household-linen/towel-bath-towels/smurf-beach-towel-p-13089.html HTTP/1.0" 301 70232 "-" "Mozilla/5.0 (compatible; SemrushBot/7~bl; +http://www.semrush.com/bot.html)"
185.191.171.23 - - [13/Jun/2021:04:54:22 +0200] "GET /-p-13089.html HTTP/1.0" 200 70165 "-" "Mozilla/5.0 (compatible; SemrushBot/7~bl; +http://www.semrush.com/bot.html)"
157.90.177.217 - - [13/Jun/2021:04:54:22 +0200] "GET /water-bottle-night-mask-p-52646.html HTTP/1.0" 200 72965 "-" "Mozilla/5.0 (compatible; BLEXBot/1.0; +http://webmeup-crawler.com/)"
157.90.177.217 - - [13/Jun/2021:04:54:28 +0200] "GET /water-bottle-p-53411.html HTTP/1.0" 200 73580 "-" "Mozilla/5.0 (compatible; BLEXBot/1.0; +http://webmeup-crawler.com/)"
66.249.68.6 - - [13/Jun/2021:04:54:35 +0200] "GET /images/big_prod_1/b8435465009381.jpg HTTP/1.0" 200 271 "-" "Googlebot-Image/1.0"
40.77.167.70 - - [13/Jun/2021:04:54:34 +0200] "GET /cafe-coffee-cutting-board-p-35940.html HTTP/1.0" 301 72897 "-" "Mozilla/5.0 (compatible; bingbot/2.0; +http://www.bing.com/bingbot.htm)"
167.114.116.38 - - [13/Jun/2021:04:54:39 +0200] "GET /powder-candle-bougie-autrement-glitter-gold-p-53088.html HTTP/1.0" 200 74163 "-" "Mozilla/5.0 (compatible; MJ12bot/v1.4.8; http://mj12bot.com/)"
157.90.177.217 - - [13/Jun/2021:04:54:33 +0200] "GET /water-bottles-sport-bottles-c-12_161.html?page=1 HTTP/1.0" 200 92590 "-" "Mozilla/5.0 (compatible; BLEXBot/1.0; +http://webmeup-crawler.com/)"
49.7.20.122 - - [13/Jun/2021:04:54:35 +0200] "GET / HTTP/1.0" 200 150490 "-" "Sogou web spider/4.0(+http://www.sogou.com/docs/help/webmasters.htm#07)"
157.90.177.217 - - [13/Jun/2021:04:54:51 +0200] "GET /water-glasses-p-46522.html HTTP/1.0" 200 73378 "-" "Mozilla/5.0 (compatible; BLEXBot/1.0; +http://webmeup-crawler.com/)"
157.90.177.217 - - [13/Jun/2021:04:54:58 +0200] "GET /water-hyacinth-table-lamp-p-55246.html HTTP/1.0" 200 73800 "-" "Mozilla/5.0 (compatible; BLEXBot/1.0; +http://webmeup-crawler.com/)"
157.90.177.217 - - [13/Jun/2021:04:55:05 +0200] "GET /water-lily-travel-thermos-with-metal-infuser-p-55009.html HTTP/1.0" 200 73909 "-" "Mozilla/5.0 (compatible; BLEXBot/1.0; +http://webmeup-crawler.com/)"
54.36.149.28 - - [13/Jun/2021:04:55:05 +0200] "GET /rhum-metal-plate-deco-p-51751.html HTTP/1.0" 200 72764 "-" "Mozilla/5.0 (compatible; AhrefsBot/7.0; +http://ahrefs.com/robot/)"
157.55.39.44 - - [13/Jun/2021:04:55:10 +0200] "GET /cars-tumbler-with-straw-p-31690.html HTTP/1.0" 200 70271 "-" "Mozilla/5.0 (compatible; bingbot/2.0; +http://www.bing.com/bingbot.htm)"
157.55.39.152 - - [13/Jun/2021:04:55:14 +0200] "GET /white-moustache-ring-p-18243.html HTTP/1.0" 200 72956 "-" "Mozilla/5.0 (compatible; bingbot/2.0; +http://www.bing.com/bingbot.htm)"
167.114.116.38 - - [13/Jun/2021:04:55:16 +0200] "GET /powder-candle-bougie-autrement-star-blue-p-53076.html HTTP/1.0" 200 73889 "-" "Mozilla/5.0 (compatible; MJ12bot/v1.4.8; http://mj12bot.com/)"
157.90.177.217 - - [13/Jun/2021:04:55:11 +0200] "GET /water-outdoor-games-c-4_143.html?page=1 HTTP/1.0" 200 91911 "-" "Mozilla/5.0 (compatible; BLEXBot/1.0; +http://webmeup-crawler.com/)"
157.90.177.217 - - [13/Jun/2021:04:55:22 +0200] "GET /waterproof-polyester-mattress-protector-p-49341.html HTTP/1.0" 200 73039 "-" "Mozilla/5.0 (compatible; BLEXBot/1.0; +http://webmeup-crawler.com/)"
207.46.13.79 - - [13/Jun/2021:04:55:19 +0200] "GET /soft-toys-security-blanket-c-4_46.html?page=5 HTTP/1.0" 200 92114 "-" "Mozilla/5.0 (compatible; bingbot/2.0; +http://www.bing.com/bingbot.htm)"
157.90.177.217 - - [13/Jun/2021:04:55:30 +0200] "GET /waterproof-polyester-mattress-protector-p-49342.html HTTP/1.0" 200 73054 "-" "Mozilla/5.0 (compatible; BLEXBot/1.0; +http://webmeup-crawler.com/)"
66.249.68.8 - - [13/Jun/2021:04:55:37 +0200] "GET /images/mini_prod/3665284220604.jpg HTTP/1.0" 200 269 "-" "Googlebot-Image/1.0"
157.90.177.217 - - [13/Jun/2021:04:55:37 +0200] "GET /waterproof-polyester-mattress-protector-p-49343.html HTTP/1.0" 200 73074 "-" "Mozilla/5.0 (compatible; BLEXBot/1.0; +http://webmeup-crawler.com/)"
157.90.177.217 - - [13/Jun/2021:04:55:45 +0200] "GET /wave-surf-area-metal-plate-deco-p-35411.html HTTP/1.0" 200 72898 "-" "Mozilla/5.0 (compatible; BLEXBot/1.0; +http://webmeup-crawler.com/)"
157.90.177.217 - - [13/Jun/2021:04:55:50 +0200] "GET /waxed-concrete-tile-stickers-p-51948.html HTTP/1.0" 200 73617 "-" "Mozilla/5.0 (compatible; BLEXBot/1.0; +http://webmeup-crawler.com/)"
164.132.128.23 - - [13/Jun/2021:04:55:56 +0200] "GET /archivarix.cms.php HTTP/1.0" 301 547 "-" "Mozilla/4.0 (compatible; MSIE 6.0; Windows NT 5.1; SV1)"
164.132.128.23 - - [13/Jun/2021:04:55:56 +0200] "GET /archivarix.cms.php HTTP/1.0" 404 1308 "-" "Mozilla/4.0 (compatible; MSIE 6.0; Windows NT 5.1; SV1)"
157.90.177.217 - - [13/Jun/2021:04:55:57 +0200] "GET /waxed-concrete-tile-stickers-p-51949.html HTTP/1.0" 200 73618 "-" "Mozilla/5.0 (compatible; BLEXBot/1.0; +http://webmeup-crawler.com/)"
157.90.177.217 - - [13/Jun/2021:04:56:03 +0200] "GET /weapon-mtal-keyring-colt-python-p-31991.html HTTP/1.0" 200 72899 "-" "Mozilla/5.0 (compatible; BLEXBot/1.0; +http://webmeup-crawler.com/)"
157.90.177.217 - - [13/Jun/2021:04:56:11 +0200] "GET /weapon-mtal-keyring-desert-eagle-p-31992.html HTTP/1.0" 200 72948 "-" "Mozilla/5.0 (compatible; BLEXBot/1.0; +http://webmeup-crawler.com/)"
157.90.177.217 - - [13/Jun/2021:04:56:18 +0200] "GET /weapon-mtal-keyring-famas-p-31990.html HTTP/1.0" 200 72850 "-" "Mozilla/5.0 (compatible; BLEXBot/1.0; +http://webmeup-crawler.com/)"
54.36.148.86 - - [13/Jun/2021:04:56:22 +0200] "GET /polar-blanket-light-green-p-43664.html HTTP/1.0" 200 73510 "-" "Mozilla/5.0 (compatible; AhrefsBot/7.0; +http://ahrefs.com/robot/)"
157.90.177.217 - - [13/Jun/2021:04:56:25 +0200] "GET /weapon-mtal-keyring-five-seven-p-31989.html HTTP/1.0" 200 72909 "-" "Mozilla/5.0 (compatible; BLEXBot/1.0; +http://webmeup-crawler.com/)"
167.114.116.38 - - [13/Jun/2021:04:56:25 +0200] "GET /pump-and-polish-metal-plate-deco-25-33-cm-p-39979.html HTTP/1.0" 301 70400 "-" "Mozilla/5.0 (compatible; MJ12bot/v1.4.8; http://mj12bot.com/)"
157.90.177.217 - - [13/Jun/2021:04:56:32 +0200] "GET /weapon-mtal-keyring-p-31993.html HTTP/1.0" 200 72797 "-" "Mozilla/5.0 (compatible; BLEXBot/1.0; +http://webmeup-crawler.com/)"
157.90.177.217 - - [13/Jun/2021:04:56:41 +0200] "GET /weapon-mtal-keyring-pistol-maverick-p-31988.html HTTP/1.0" 200 72972 "-" "Mozilla/5.0 (compatible; BLEXBot/1.0; +http://webmeup-crawler.com/)"
185.191.171.4 - - [13/Jun/2021:04:56:42 +0200] "GET /microfibre-base-cover-grey-p-47367.html HTTP/1.0" 200 72970 "-" "Mozilla/5.0 (compatible; SemrushBot/7~bl; +http://www.semrush.com/bot.html)"
157.90.177.217 - - [13/Jun/2021:04:56:49 +0200] "GET /weapon-mtal-keyring-thompson-m1928-p-31985.html HTTP/1.0" 200 72922 "-" "Mozilla/5.0 (compatible; BLEXBot/1.0; +http://webmeup-crawler.com/)"
167.114.116.38 - - [13/Jun/2021:04:56:54 +0200] "GET /pump-polish-metal-plate-deco-p-39979.html HTTP/1.0" 200 70305 "-" "Mozilla/5.0 (compatible; MJ12bot/v1.4.8; http://mj12bot.com/)"
157.90.177.217 - - [13/Jun/2021:04:56:56 +0200] "GET /weenicons-east-cost-shirt-p-29582.html HTTP/1.0" 200 74252 "-" "Mozilla/5.0 (compatible; BLEXBot/1.0; +http://webmeup-crawler.com/)"
185.191.171.6 - - [13/Jun/2021:04:57:04 +0200] "GET /copper-metal-table-lamp-p-52985.html?action=add_product HTTP/1.0" 302 476 "-" "Mozilla/5.0 (compatible; SemrushBot/7~bl; +http://www.semrush.com/bot.html)"
157.90.177.217 - - [13/Jun/2021:04:57:04 +0200] "GET /weenicons-talking-shirt-p-29585.html HTTP/1.0" 200 74043 "-" "Mozilla/5.0 (compatible; BLEXBot/1.0; +http://webmeup-crawler.com/)"
54.36.149.90 - - [13/Jun/2021:04:57:04 +0200] "GET /cats-melamine-pie-dish-p-38450.html HTTP/1.0" 301 70232 "-" "Mozilla/5.0 (compatible; AhrefsBot/7.0; +http://ahrefs.com/robot/)"
157.90.177.217 - - [13/Jun/2021:04:57:11 +0200] "GET /welcome-night-club-frame-with-p-46686.html HTTP/1.0" 200 73003 "-" "Mozilla/5.0 (compatible; BLEXBot/1.0; +http://webmeup-crawler.com/)"
157.55.39.152 - - [13/Jun/2021:04:57:14 +0200] "GET /london-magazines-holder-p-39355.html HTTP/1.0" 200 72828 "-" "Mozilla/5.0 (compatible; bingbot/2.0; +http://www.bing.com/bingbot.htm)"
157.90.177.217 - - [13/Jun/2021:04:57:18 +0200] "GET /welcome-paradise-wooden-wall-decoration-hang-p-42120.html HTTP/1.0" 200 73109 "-" "Mozilla/5.0 (compatible; BLEXBot/1.0; +http://webmeup-crawler.com/)"
157.90.177.217 - - [13/Jun/2021:04:57:25 +0200] "GET /welcome-surf-wooden-wall-decoration-hang-p-41386.html HTTP/1.0" 200 73059 "-" "Mozilla/5.0 (compatible; BLEXBot/1.0; +http://webmeup-crawler.com/)"
167.114.116.38 - - [13/Jun/2021:04:57:26 +0200] "GET /pump-polish-metal-plate-deco-p-39979.html HTTP/1.0" 200 70305 "-" "Mozilla/5.0 (compatible; MJ12bot/v1.4.8; http://mj12bot.com/)"
157.90.177.217 - - [13/Jun/2021:04:57:30 +0200] "GET /robots.txt HTTP/1.0" 301 531 "-" "Mozilla/5.0 (compatible; BLEXBot/1.0; +http://webmeup-crawler.com/)"
157.90.177.217 - - [13/Jun/2021:04:57:30 +0200] "GET /robots.txt HTTP/1.0" 200 245 "-" "Mozilla/5.0 (compatible; BLEXBot/1.0; +http://webmeup-crawler.com/)"
157.90.177.217 - - [13/Jun/2021:04:57:30 +0200] "GET /wendy-lucie-make-p-49020.html HTTP/1.0" 200 73860 "-" "Mozilla/5.0 (compatible; BLEXBot/1.0; +http://webmeup-crawler.com/)"
40.77.167.106 - - [13/Jun/2021:04:57:34 +0200] "GET /-p-33410.html HTTP/1.0" 200 70165 "-" "Mozilla/5.0 (compatible; bingbot/2.0; +http://www.bing.com/bingbot.htm)"
157.90.177.217 - - [13/Jun/2021:04:57:36 +0200] "GET /whale-allen-cushion-p-40062.html HTTP/1.0" 200 73551 "-" "Mozilla/5.0 (compatible; BLEXBot/1.0; +http://webmeup-crawler.com/)"
54.36.149.51 - - [13/Jun/2021:04:57:38 +0200] "GET /minute-cooking-hourglass-black-sand-p-53719.html HTTP/1.0" 200 73613 "-" "Mozilla/5.0 (compatible; AhrefsBot/7.0; +http://ahrefs.com/robot/)"
157.55.39.128 - - [13/Jun/2021:04:57:40 +0200] "GET /-p-12334.html HTTP/1.0" 200 70165 "-" "Mozilla/5.0 (compatible; bingbot/2.0; +http://www.bing.com/bingbot.htm)"
157.90.177.217 - - [13/Jun/2021:04:57:43 +0200] "GET /whisky-black-white-mirror-p-48304.html HTTP/1.0" 200 72847 "-" "Mozilla/5.0 (compatible; BLEXBot/1.0; +http://webmeup-crawler.com/)"
157.90.177.217 - - [13/Jun/2021:04:57:52 +0200] "GET /white-adult-cotton-apron-p-39044.html HTTP/1.0" 200 73398 "-" "Mozilla/5.0 (compatible; BLEXBot/1.0; +http://webmeup-crawler.com/)"
157.90.177.217 - - [13/Jun/2021:04:58:00 +0200] "GET /white-alarm-clock-p-28797.html HTTP/1.0" 200 72814 "-" "Mozilla/5.0 (compatible; BLEXBot/1.0; +http://webmeup-crawler.com/)"
157.90.177.217 - - [13/Jun/2021:04:58:07 +0200] "GET /white-ball-p-54494.html HTTP/1.0" 200 72824 "-" "Mozilla/5.0 (compatible; BLEXBot/1.0; +http://webmeup-crawler.com/)"
167.114.116.38 - - [13/Jun/2021:04:58:11 +0200] "GET /queen-chess-piece-silver-p-53097.html HTTP/1.0" 200 72854 "-" "Mozilla/5.0 (compatible; MJ12bot/v1.4.8; http://mj12bot.com/)"
157.90.177.217 - - [13/Jun/2021:04:58:14 +0200] "GET /white-bamboo-bowl-p-54151.html HTTP/1.0" 200 72721 "-" "Mozilla/5.0 (compatible; BLEXBot/1.0; +http://webmeup-crawler.com/)"
157.90.177.217 - - [13/Jun/2021:04:58:21 +0200] "GET /white-black-moroccan-ashtray-p-52624.html HTTP/1.0" 200 72803 "-" "Mozilla/5.0 (compatible; BLEXBot/1.0; +http://webmeup-crawler.com/)"
216.244.66.242 - - [13/Jun/2021:04:58:30 +0200] "GET /robots.txt HTTP/1.0" 200 245 "-" "Mozilla/5.0 (compatible; DotBot/1.2; +https://opensiteexplorer.org/dotbot; help@moz.com)"
157.90.177.217 - - [13/Jun/2021:04:58:31 +0200] "GET /white-cats-salt-pepper-p-52793.html HTTP/1.0" 200 73440 "-" "Mozilla/5.0 (compatible; BLEXBot/1.0; +http://webmeup-crawler.com/)"
157.90.177.217 - - [13/Jun/2021:04:58:38 +0200] "GET /white-ceramic-cover-p-53751.html HTTP/1.0" 200 73602 "-" "Mozilla/5.0 (compatible; BLEXBot/1.0; +http://webmeup-crawler.com/)"
167.114.116.38 - - [13/Jun/2021:04:58:38 +0200] "GET /rectangular-signboard-arrow-wood-different-models-p-45473.html HTTP/1.0" 301 70232 "-" "Mozilla/5.0 (compatible; MJ12bot/v1.4.8; http://mj12bot.com/)"
157.90.177.217 - - [13/Jun/2021:04:58:46 +0200] "GET /white-ceramic-lamp-p-52593.html HTTP/1.0" 200 73959 "-" "Mozilla/5.0 (compatible; BLEXBot/1.0; +http://webmeup-crawler.com/)"
54.36.149.30 - - [13/Jun/2021:04:58:49 +0200] "GET /tiana-princess-passion-figurine-p-52399.html HTTP/1.0" 200 74253 "-" "Mozilla/5.0 (compatible; AhrefsBot/7.0; +http://ahrefs.com/robot/)"
157.90.177.217 - - [13/Jun/2021:04:58:52 +0200] "GET /white-ceramic-teapot-dubout-cats-p-40076.html HTTP/1.0" 200 72926 "-" "Mozilla/5.0 (compatible; BLEXBot/1.0; +http://webmeup-crawler.com/)"
157.55.39.152 - - [13/Jun/2021:04:58:54 +0200] "GET /squirrel-jewelry-support-statuette-p-47111.html HTTP/1.0" 200 73048 "-" "Mozilla/5.0 (compatible; bingbot/2.0; +http://www.bing.com/bingbot.htm)"
157.90.177.217 - - [13/Jun/2021:04:58:59 +0200] "GET /white-ceramic-teapot-little-prince-saint-exupery-p-44860.html HTTP/1.0" 200 73071 "-" "Mozilla/5.0 (compatible; BLEXBot/1.0; +http://webmeup-crawler.com/)"
207.46.13.38 - - [13/Jun/2021:04:59:02 +0200] "GET /-p-30111.html HTTP/1.0" 200 70165 "-" "Mozilla/5.0 (compatible; bingbot/2.0; +http://www.bing.com/bingbot.htm)"
157.90.177.217 - - [13/Jun/2021:04:59:03 +0200] "GET /white-ceramic-toilet-brush-p-48707.html HTTP/1.0" 200 72950 "-" "Mozilla/5.0 (compatible; BLEXBot/1.0; +http://webmeup-crawler.com/)"
157.90.177.217 - - [13/Jun/2021:04:59:10 +0200] "GET /white-ceramic-wine-p-45685.html HTTP/1.0" 200 72819 "-" "Mozilla/5.0 (compatible; BLEXBot/1.0; +http://webmeup-crawler.com/)"
167.114.116.38 - - [13/Jun/2021:04:59:15 +0200] "GET /-p-45473.html HTTP/1.0" 200 70165 "-" "Mozilla/5.0 (compatible; MJ12bot/v1.4.8; http://mj12bot.com/)"
157.90.177.217 - - [13/Jun/2021:04:59:17 +0200] "GET /white-chickens-salt-pepper-p-52792.html HTTP/1.0" 200 72920 "-" "Mozilla/5.0 (compatible; BLEXBot/1.0; +http://webmeup-crawler.com/)"
157.90.177.217 - - [13/Jun/2021:04:59:23 +0200] "GET /white-coat-rack-dream-catchers-wooden-hooks-p-50575.html HTTP/1.0" 200 73626 "-" "Mozilla/5.0 (compatible; BLEXBot/1.0; +http://webmeup-crawler.com/)"
157.90.177.217 - - [13/Jun/2021:04:59:30 +0200] "GET /white-coat-rack-fatima-hand-wooden-hooks-p-50571.html HTTP/1.0" 200 73588 "-" "Mozilla/5.0 (compatible; BLEXBot/1.0; +http://webmeup-crawler.com/)"
157.90.177.217 - - [13/Jun/2021:04:59:37 +0200] "GET /white-cotton-kitchen-towel-cannes-peri-p-42546.html HTTP/1.0" 200 72971 "-" "Mozilla/5.0 (compatible; BLEXBot/1.0; +http://webmeup-crawler.com/)"
157.90.177.217 - - [13/Jun/2021:04:59:44 +0200] "GET /white-cotton-kitchen-towel-corsica-p-43599.html HTTP/1.0" 200 72951 "-" "Mozilla/5.0 (compatible; BLEXBot/1.0; +http://webmeup-crawler.com/)"
54.36.149.78 - - [13/Jun/2021:04:59:50 +0200] "GET /stone-green-opal-60-70-grams-p-46619.html HTTP/1.0" 301 74053 "-" "Mozilla/5.0 (compatible; AhrefsBot/7.0; +http://ahrefs.com/robot/)"
157.90.177.217 - - [13/Jun/2021:04:59:50 +0200] "GET /white-cotton-kitchen-towel-corsica-p-52483.html HTTP/1.0" 200 72951 "-" "Mozilla/5.0 (compatible; BLEXBot/1.0; +http://webmeup-crawler.com/)"
185.191.171.33 - - [13/Jun/2021:04:59:53 +0200] "GET /flower-power-small-mug-by-cbkreation-p-14915.html HTTP/1.0" 301 72986 "-" "Mozilla/5.0 (compatible; SemrushBot/7~bl; +http://www.semrush.com/bot.html)"
185.191.171.11 - - [13/Jun/2021:04:59:56 +0200] "GET /flower-power-small-cbkreation-p-14915.html HTTP/1.0" 200 72890 "-" "Mozilla/5.0 (compatible; SemrushBot/7~bl; +http://www.semrush.com/bot.html)"
157.90.177.217 - - [13/Jun/2021:04:59:59 +0200] "GET /white-cotton-kitchen-towel-corsica-p-52485.html HTTP/1.0" 200 72951 "-" "Mozilla/5.0 (compatible; BLEXBot/1.0; +http://webmeup-crawler.com/)"
167.114.116.38 - - [13/Jun/2021:04:59:59 +0200] "GET /rectangular-signboard-arrow-wood-model-p-45473.html HTTP/1.0" 301 70232 "-" "Mozilla/5.0 (compatible; MJ12bot/v1.4.8; http://mj12bot.com/)"
54.36.148.251 - - [13/Jun/2021:05:00:05 +0200] "GET /microfiber-bolster-p-39799.html HTTP/1.0" 200 72930 "-" "Mozilla/5.0 (compatible; AhrefsBot/7.0; +http://ahrefs.com/robot/)"
157.90.177.217 - - [13/Jun/2021:05:00:06 +0200] "GET /white-cotton-kitchen-towel-corsica-p-52486.html HTTP/1.0" 200 72951 "-" "Mozilla/5.0 (compatible; BLEXBot/1.0; +http://webmeup-crawler.com/)"
157.55.39.44 - - [13/Jun/2021:05:00:10 +0200] "GET /-p-41573.html HTTP/1.0" 200 70165 "-" "Mozilla/5.0 (compatible; bingbot/2.0; +http://www.bing.com/bingbot.htm)"
157.90.177.217 - - [13/Jun/2021:05:00:16 +0200] "GET /white-cotton-kitchen-towel-corsica-p-52487.html HTTP/1.0" 200 72951 "-" "Mozilla/5.0 (compatible; BLEXBot/1.0; +http://webmeup-crawler.com/)"
185.191.171.42 - - [13/Jun/2021:05:00:31 +0200] "GET /gorjuss-sparkle-bloom-pencil-case-catch-falling-star-p-52366.html?action=add_product HTTP/1.0" 302 476 "-" "Mozilla/5.0 (compatible; SemrushBot/7~bl; +http://www.semrush.com/bot.html)"
88.147.174.111 - - [13/Jun/2021:05:01:01 +0200] "GET /contact_us.php HTTP/1.0" 301 539 "http://wonder-geek.com/contact_us.php" "Mozilla/5.0 (Windows NT 6.1; WOW64) AppleWebKit/537.36 (KHTML, like Gecko) Chrome/83.0.4102.0 Safari/537.36"
167.114.116.38 - - [13/Jun/2021:05:00:31 +0200] "GET /-p-45473.html HTTP/1.0" 200 70165 "-" "Mozilla/5.0 (compatible; MJ12bot/v1.4.8; http://mj12bot.com/)"
157.90.177.217 - - [13/Jun/2021:05:00:31 +0200] "GET /white-cotton-kitchen-towel-little-prince-p-44858.html HTTP/1.0" 200 72993 "-" "Mozilla/5.0 (compatible; BLEXBot/1.0; +http://webmeup-crawler.com/)"
88.147.174.111 - - [13/Jun/2021:05:01:01 +0200] "GET /contact_us.php HTTP/1.0" 200 26241 "http://www.wonder-geek.com/contact_us.php" "Mozilla/5.0 (Windows NT 6.1; WOW64) AppleWebKit/537.36 (KHTML, like Gecko) Chrome/83.0.4102.0 Safari/537.36"
207.46.13.38 - - [13/Jun/2021:05:00:31 +0200] "GET /blue-sloth-moneybox-p-52237.html HTTP/1.0" 200 73345 "-" "Mozilla/5.0 (compatible; bingbot/2.0; +http://www.bing.com/bingbot.htm)"
157.55.39.122 - - [13/Jun/2021:05:00:31 +0200] "GET /buddhist-bracelet-wooden-beads-blue-p-37671.html HTTP/1.0" 200 72844 "-" "Mozilla/5.0 (compatible; bingbot/2.0; +http://www.bing.com/bingbot.htm)"
157.90.177.217 - - [13/Jun/2021:05:01:01 +0200] "GET /white-cotton-kitchen-towel-little-prince-p-52481.html HTTP/1.0" 200 72993 "-" "Mozilla/5.0 (compatible; BLEXBot/1.0; +http://webmeup-crawler.com/)"
185.191.171.39 - - [13/Jun/2021:05:00:41 +0200] "GET /flower-joris-collection-blue-p-54680.html HTTP/1.0" 200 72886 "-" "Mozilla/5.0 (compatible; SemrushBot/7~bl; +http://www.semrush.com/bot.html)"
157.55.39.152 - - [13/Jun/2021:05:00:41 +0200] "GET /calendar-workbook-organizer-c-129_189.html HTTP/1.0" 200 91006 "-" "Mozilla/5.0 (compatible; bingbot/2.0; +http://www.bing.com/bingbot.htm)"
40.77.167.70 - - [13/Jun/2021:05:01:21 +0200] "GET /ny-statue-of-liberty-pot-cookware-cbkreation-p-23969.html HTTP/1.0" 301 73032 "-" "Mozilla/5.0 (compatible; bingbot/2.0; +http://www.bing.com/bingbot.htm)"
157.90.177.217 - - [13/Jun/2021:05:01:21 +0200] "GET /white-cotton-kitchen-towel-little-prince-p-52482.html HTTP/1.0" 200 72993 "-" "Mozilla/5.0 (compatible; BLEXBot/1.0; +http://webmeup-crawler.com/)"
157.55.39.122 - - [13/Jun/2021:05:01:31 +0200] "GET /-p-15716.html HTTP/1.0" 200 70165 "-" "Mozilla/5.0 (compatible; bingbot/2.0; +http://www.bing.com/bingbot.htm)"
17.121.115.4 - - [13/Jun/2021:05:01:21 +0200] "GET /barbapapa-travel-heat-insulating-p-11715.html HTTP/1.0" 200 73000 "-" "Mozilla/5.0 (Macintosh; Intel Mac OS X 10_15_5) AppleWebKit/605.1.15 (KHTML, like Gecko) Version/13.1.1 Safari/605.1.15 (Applebot/0.1; +http://www.apple.com/go/applebot)"
157.55.39.128 - - [13/Jun/2021:05:01:30 +0200] "GET /my-little-pony-mousepad-p-16006.html HTTP/1.0" 301 73029 "-" "Mozilla/5.0 (compatible; bingbot/2.0; +http://www.bing.com/bingbot.htm)"
54.36.148.166 - - [13/Jun/2021:05:01:30 +0200] "GET /beige-eyelet-curtain-p-39036.html HTTP/1.0" 200 75031 "-" "Mozilla/5.0 (compatible; AhrefsBot/7.0; +http://ahrefs.com/robot/)"
167.114.116.38 - - [13/Jun/2021:05:01:30 +0200] "GET /resin-statuette-naked-man-44-cm-p-53051.html HTTP/1.0" 301 73015 "-" "Mozilla/5.0 (compatible; MJ12bot/v1.4.8; http://mj12bot.com/)"
40.77.167.90 - - [13/Jun/2021:05:01:34 +0200] "GET /teo-jasmin-set-cups-espresso-p-32919.html HTTP/1.0" 301 72925 "-" "Mozilla/5.0 (compatible; bingbot/2.0; +http://www.bing.com/bingbot.htm)"
207.46.13.38 - - [13/Jun/2021:05:01:35 +0200] "GET /diner-oven-mitt-p-37765.html HTTP/1.0" 301 70232 "-" "Mozilla/5.0 (compatible; bingbot/2.0; +http://www.bing.com/bingbot.htm)"
157.55.39.152 - - [13/Jun/2021:05:01:35 +0200] "GET /set-of-white-mustache-circle-coasters-by-cbkreation-p-16705.html HTTP/1.0" 301 73219 "-" "Mozilla/5.0 (compatible; bingbot/2.0; +http://www.bing.com/bingbot.htm)"
157.55.39.44 - - [13/Jun/2021:05:01:35 +0200] "GET /pin-up-pill-box-passion-p-34377.html HTTP/1.0" 301 74712 "-" "Mozilla/5.0 (compatible; bingbot/2.0; +http://www.bing.com/bingbot.htm)"
157.90.177.217 - - [13/Jun/2021:05:01:37 +0200] "GET /white-cotton-kitchen-towel-monaco-p-42543.html HTTP/1.0" 200 72973 "-" "Mozilla/5.0 (compatible; BLEXBot/1.0; +http://webmeup-crawler.com/)"
40.77.167.70 - - [13/Jun/2021:05:01:45 +0200] "GET /windchime-wood-chimes-p-43519.html HTTP/1.0" 200 73439 "-" "Mozilla/5.0 (compatible; bingbot/2.0; +http://www.bing.com/bingbot.htm)"
157.90.177.217 - - [13/Jun/2021:05:01:45 +0200] "GET /white-cotton-kitchen-towel-monaco-p-42544.html HTTP/1.0" 200 72973 "-" "Mozilla/5.0 (compatible; BLEXBot/1.0; +http://webmeup-crawler.com/)"
40.77.167.70 - - [13/Jun/2021:05:01:47 +0200] "GET /-p-16138.html HTTP/1.0" 200 70165 "-" "Mozilla/5.0 (compatible; bingbot/2.0; +http://www.bing.com/bingbot.htm)"
157.90.177.217 - - [13/Jun/2021:05:01:54 +0200] "GET /white-cotton-kitchen-towel-nice-p-42545.html HTTP/1.0" 200 72936 "-" "Mozilla/5.0 (compatible; BLEXBot/1.0; +http://webmeup-crawler.com/)"
207.46.13.38 - - [13/Jun/2021:05:01:56 +0200] "GET /-p-34801.html HTTP/1.0" 200 70165 "-" "Mozilla/5.0 (compatible; bingbot/2.0; +http://www.bing.com/bingbot.htm)"
157.90.177.217 - - [13/Jun/2021:05:02:01 +0200] "GET /white-cotton-kitchen-towel-petit-beurre-p-42549.html HTTP/1.0" 200 72985 "-" "Mozilla/5.0 (compatible; BLEXBot/1.0; +http://webmeup-crawler.com/)"
157.90.177.217 - - [13/Jun/2021:05:02:09 +0200] "GET /white-decorative-statue-p-31563.html HTTP/1.0" 200 72888 "-" "Mozilla/5.0 (compatible; BLEXBot/1.0; +http://webmeup-crawler.com/)"
167.114.116.38 - - [13/Jun/2021:05:02:14 +0200] "GET /resin-statuette-naked-p-53051.html HTTP/1.0" 200 72927 "-" "Mozilla/5.0 (compatible; MJ12bot/v1.4.8; http://mj12bot.com/)"
185.191.171.4 - - [13/Jun/2021:05:02:17 +0200] "GET /kitchen-towel-brown-p-54119.html?action=add_product HTTP/1.0" 302 476 "-" "Mozilla/5.0 (compatible; SemrushBot/7~bl; +http://www.semrush.com/bot.html)"
157.90.177.217 - - [13/Jun/2021:05:02:16 +0200] "GET /white-earth-table-lamp-p-55272.html HTTP/1.0" 200 73327 "-" "Mozilla/5.0 (compatible; BLEXBot/1.0; +http://webmeup-crawler.com/)"
207.46.13.79 - - [13/Jun/2021:05:02:19 +0200] "GET /skull-angel-wings-figure-p-34180.html HTTP/1.0" 200 70276 "-" "Mozilla/5.0 (compatible; bingbot/2.0; +http://www.bing.com/bingbot.htm)"
88.147.174.111 - - [13/Jun/2021:05:02:22 +0200] "POST /contact_us.php?action=send HTTP/1.0" 200 27554 "http://www.wonder-geek.com/contact_us.php" "Mozilla/5.0 (Windows NT 6.1; WOW64) AppleWebKit/537.36 (KHTML, like Gecko) Chrome/83.0.4102.0 Safari/537.36"
157.90.177.217 - - [13/Jun/2021:05:02:25 +0200] "GET /white-fitted-sheet-p-27506.html HTTP/1.0" 200 72726 "-" "Mozilla/5.0 (compatible; BLEXBot/1.0; +http://webmeup-crawler.com/)"
157.90.177.217 - - [13/Jun/2021:05:02:35 +0200] "GET /white-form-letter-p-45491.html HTTP/1.0" 200 73008 "-" "Mozilla/5.0 (compatible; BLEXBot/1.0; +http://webmeup-crawler.com/)"
157.55.39.44 - - [13/Jun/2021:05:02:41 +0200] "GET /cupcakes-cushion-personalized-picture-p-16981.html HTTP/1.0" 200 73385 "-" "Mozilla/5.0 (compatible; bingbot/2.0; +http://www.bing.com/bingbot.htm)"
157.90.177.217 - - [13/Jun/2021:05:02:42 +0200] "GET /white-glass-metal-desk-lamp-p-50107.html HTTP/1.0" 200 72769 "-" "Mozilla/5.0 (compatible; BLEXBot/1.0; +http://webmeup-crawler.com/)"
103.131.71.188 - - [13/Jun/2021:05:02:56 +0200] "GET /robots.txt HTTP/1.0" 301 531 "-" "Mozilla/5.0 (compatible; coccocbot-web/1.0; +http://help.coccoc.com/searchengine)"
167.114.116.38 - - [13/Jun/2021:05:02:56 +0200] "GET /resin-statuette-naked-p-53051.html HTTP/1.0" 200 72927 "-" "Mozilla/5.0 (compatible; MJ12bot/v1.4.8; http://mj12bot.com/)"
103.131.71.188 - - [13/Jun/2021:05:02:58 +0200] "GET /robots.txt HTTP/1.0" 200 245 "-" "Mozilla/5.0 (compatible; coccocbot-web/1.0; +http://help.coccoc.com/searchengine)"
157.90.177.217 - - [13/Jun/2021:05:02:56 +0200] "GET /white-grey-moroccan-ashtray-p-52623.html HTTP/1.0" 200 72798 "-" "Mozilla/5.0 (compatible; BLEXBot/1.0; +http://webmeup-crawler.com/)"
157.55.39.128 - - [13/Jun/2021:05:03:00 +0200] "GET /robocar-poli-astronaut-convertible-vehicle-p-37007.html HTTP/1.0" 200 70366 "-" "Mozilla/5.0 (compatible; bingbot/2.0; +http://www.bing.com/bingbot.htm)"
157.90.177.217 - - [13/Jun/2021:05:03:04 +0200] "GET /white-grey-moroccan-ashtray-p-52625.html HTTP/1.0" 200 72798 "-" "Mozilla/5.0 (compatible; BLEXBot/1.0; +http://webmeup-crawler.com/)"
157.90.177.217 - - [13/Jun/2021:05:03:08 +0200] "GET /white-hook-metal-p-44992.html HTTP/1.0" 200 72888 "-" "Mozilla/5.0 (compatible; BLEXBot/1.0; +http://webmeup-crawler.com/)"
157.55.39.44 - - [13/Jun/2021:05:03:10 +0200] "GET /games-toys-c-4.html HTTP/1.0" 200 92706 "-" "Mozilla/5.0 (compatible; bingbot/2.0; +http://www.bing.com/bingbot.htm)"
157.90.177.217 - - [13/Jun/2021:05:03:14 +0200] "GET /white-horse-moneybox-p-25022.html HTTP/1.0" 200 72779 "-" "Mozilla/5.0 (compatible; BLEXBot/1.0; +http://webmeup-crawler.com/)"
40.77.167.106 - - [13/Jun/2021:05:03:15 +0200] "GET /incense-burner-sticks-and-cones-flower-of-life-p-48488.html HTTP/1.0" 301 73733 "-" "Mozilla/5.0 (compatible; bingbot/2.0; +http://www.bing.com/bingbot.htm)"
216.244.66.242 - - [13/Jun/2021:05:03:07 +0200] "GET /placemats-c-12_156.html?page=6 HTTP/1.0" 200 91903 "-" "Mozilla/5.0 (compatible; DotBot/1.2; +https://opensiteexplorer.org/dotbot; help@moz.com)"
40.77.167.106 - - [13/Jun/2021:05:03:18 +0200] "GET /images/big_prod/3609810065154Z.jpg HTTP/1.0" 200 269 "-" "Mozilla/5.0 (compatible; bingbot/2.0; +http://www.bing.com/bingbot.htm)"
157.55.39.44 - - [13/Jun/2021:05:03:17 +0200] "GET /my-little-pony-mini-led-glitter-shake-and-shine-p-31920.html HTTP/1.0" 301 73419 "-" "Mozilla/5.0 (compatible; bingbot/2.0; +http://www.bing.com/bingbot.htm)"
207.46.13.79 - - [13/Jun/2021:05:03:19 +0200] "GET /top-model-candy-and-talita-jewelry-box-p-34813.html HTTP/1.0" 301 70415 "-" "Mozilla/5.0 (compatible; bingbot/2.0; +http://www.bing.com/bingbot.htm)"
40.77.167.106 - - [13/Jun/2021:05:03:20 +0200] "GET /britto-flying-heart-folding-umbrella-p-38856.html HTTP/1.0" 200 70299 "-" "Mozilla/5.0 (compatible; bingbot/2.0; +http://www.bing.com/bingbot.htm)"
157.90.177.217 - - [13/Jun/2021:05:03:22 +0200] "GET /white-horse-training-bottle-cbkreation-p-29796.html HTTP/1.0" 200 73226 "-" "Mozilla/5.0 (compatible; BLEXBot/1.0; +http://webmeup-crawler.com/)"
157.90.177.217 - - [13/Jun/2021:05:03:27 +0200] "GET /white-kitchen-towel-p-38795.html HTTP/1.0" 200 72836 "-" "Mozilla/5.0 (compatible; BLEXBot/1.0; +http://webmeup-crawler.com/)"
157.55.39.44 - - [13/Jun/2021:05:03:30 +0200] "GET /-p-9656.html HTTP/1.0" 200 70163 "-" "Mozilla/5.0 (compatible; bingbot/2.0; +http://www.bing.com/bingbot.htm)"
157.90.177.217 - - [13/Jun/2021:05:03:33 +0200] "GET /white-lama-piggy-bank-p-47723.html HTTP/1.0" 200 72811 "-" "Mozilla/5.0 (compatible; BLEXBot/1.0; +http://webmeup-crawler.com/)"
157.90.177.217 - - [13/Jun/2021:05:03:41 +0200] "GET /white-lampshade-p-54564.html HTTP/1.0" 200 73423 "-" "Mozilla/5.0 (compatible; BLEXBot/1.0; +http://webmeup-crawler.com/)"
167.114.116.38 - - [13/Jun/2021:05:03:43 +0200] "GET /retro-metal-and-wood-lantern-p-45403.html HTTP/1.0" 301 70232 "-" "Mozilla/5.0 (compatible; MJ12bot/v1.4.8; http://mj12bot.com/)"
157.55.39.152 - - [13/Jun/2021:05:03:45 +0200] "GET /dog-bowls-au-petit-bonheur-p-32208.html HTTP/1.0" 301 70335 "-" "Mozilla/5.0 (compatible; bingbot/2.0; +http://www.bing.com/bingbot.htm)"
157.90.177.217 - - [13/Jun/2021:05:03:49 +0200] "GET /white-lampshade-p-55429.html HTTP/1.0" 200 70215 "-" "Mozilla/5.0 (compatible; BLEXBot/1.0; +http://webmeup-crawler.com/)"
157.90.177.217 - - [13/Jun/2021:05:03:56 +0200] "GET /white-meditation-buddha-resin-statuette-p-50399.html HTTP/1.0" 200 73033 "-" "Mozilla/5.0 (compatible; BLEXBot/1.0; +http://webmeup-crawler.com/)"
157.90.177.217 - - [13/Jun/2021:05:04:03 +0200] "GET /white-metal-table-lamp-p-50110.html HTTP/1.0" 200 72717 "-" "Mozilla/5.0 (compatible; BLEXBot/1.0; +http://webmeup-crawler.com/)"
157.90.177.217 - - [13/Jun/2021:05:04:11 +0200] "GET /white-mustache-circle-coasters-cbkreation-p-16705.html HTTP/1.0" 200 73111 "-" "Mozilla/5.0 (compatible; BLEXBot/1.0; +http://webmeup-crawler.com/)"
54.36.148.255 - - [13/Jun/2021:05:04:15 +0200] "GET /lotus-candleholder-chakra-silverlining-p-35525.html HTTP/1.0" 200 74401 "-" "Mozilla/5.0 (compatible; AhrefsBot/7.0; +http://ahrefs.com/robot/)"
40.77.167.70 - - [13/Jun/2021:05:04:15 +0200] "GET /help-me-shower-curtain-180-180-cm-p-39388.html HTTP/1.0" 301 72973 "-" "Mozilla/5.0 (compatible; bingbot/2.0; +http://www.bing.com/bingbot.htm)"
49.7.20.113 - - [13/Jun/2021:05:04:02 +0200] "GET / HTTP/1.0" 200 149649 "-" "Sogou web spider/4.0(+http://www.sogou.com/docs/help/webmasters.htm#07)"
157.90.177.217 - - [13/Jun/2021:05:04:21 +0200] "GET /white-mustache-square-coasters-cbkreation-p-16700.html HTTP/1.0" 200 73115 "-" "Mozilla/5.0 (compatible; BLEXBot/1.0; +http://webmeup-crawler.com/)"
157.90.177.217 - - [13/Jun/2021:05:04:28 +0200] "GET /white-paris-square-coasters-cbkreation-p-17252.html HTTP/1.0" 200 73086 "-" "Mozilla/5.0 (compatible; BLEXBot/1.0; +http://webmeup-crawler.com/)"
167.114.116.38 - - [13/Jun/2021:05:04:30 +0200] "GET /-p-45403.html HTTP/1.0" 200 70165 "-" "Mozilla/5.0 (compatible; MJ12bot/v1.4.8; http://mj12bot.com/)"
157.55.39.122 - - [13/Jun/2021:05:04:31 +0200] "GET /dark-dudes-doggy-dude-pencil-case-p-6152.html HTTP/1.0" 200 72764 "-" "Mozilla/5.0 (compatible; bingbot/2.0; +http://www.bing.com/bingbot.htm)"
216.244.66.242 - - [13/Jun/2021:05:04:32 +0200] "GET /labrador-puppies-bedside-lamp-p-26616.html HTTP/1.0" 200 72792 "-" "Mozilla/5.0 (compatible; DotBot/1.2; +https://opensiteexplorer.org/dotbot; help@moz.com)"
157.90.177.217 - - [13/Jun/2021:05:04:35 +0200] "GET /white-pear-decoration-p-46479.html HTTP/1.0" 200 72857 "-" "Mozilla/5.0 (compatible; BLEXBot/1.0; +http://webmeup-crawler.com/)"
54.36.148.195 - - [13/Jun/2021:05:04:40 +0200] "GET /collectible-figurines-and-decorative-c-13_135.html?page=54 HTTP/1.0" 301 96792 "-" "Mozilla/5.0 (compatible; AhrefsBot/7.0; +http://ahrefs.com/robot/)"
157.90.177.217 - - [13/Jun/2021:05:04:40 +0200] "GET /white-piggy-bank-p-34691.html HTTP/1.0" 200 72736 "-" "Mozilla/5.0 (compatible; BLEXBot/1.0; +http://webmeup-crawler.com/)"
185.191.171.22 - - [13/Jun/2021:05:04:45 +0200] "GET /robots.txt HTTP/1.0" 200 245 "-" "Mozilla/5.0 (compatible; SemrushBot/7~bl; +http://www.semrush.com/bot.html)"
185.191.171.18 - - [13/Jun/2021:05:04:45 +0200] "GET /provence-soap-marseille-soap-p-39422.html?action=add_product HTTP/1.0" 302 476 "-" "Mozilla/5.0 (compatible; SemrushBot/7~bl; +http://www.semrush.com/bot.html)"
157.90.177.217 - - [13/Jun/2021:05:04:48 +0200] "GET /white-piggy-bank-p-54801.html HTTP/1.0" 200 72838 "-" "Mozilla/5.0 (compatible; BLEXBot/1.0; +http://webmeup-crawler.com/)"
207.46.13.38 - - [13/Jun/2021:05:04:55 +0200] "GET /rebecca-bonbon-credit-card-sticker-p-8821.html HTTP/1.0" 200 72719 "-" "Mozilla/5.0 (compatible; bingbot/2.0; +http://www.bing.com/bingbot.htm)"
157.90.177.217 - - [13/Jun/2021:05:04:56 +0200] "GET /white-pineapple-natural-leds-p-40174.html HTTP/1.0" 200 72801 "-" "Mozilla/5.0 (compatible; BLEXBot/1.0; +http://webmeup-crawler.com/)"
216.244.66.242 - - [13/Jun/2021:05:05:02 +0200] "GET /fragrance-sachet-coconut-escape-p-40535.html HTTP/1.0" 200 73537 "-" "Mozilla/5.0 (compatible; DotBot/1.2; +https://opensiteexplorer.org/dotbot; help@moz.com)"
40.77.167.90 - - [13/Jun/2021:05:05:02 +0200] "GET /images/big_prod/8904245400101.jpg HTTP/1.0" 200 268 "-" "Mozilla/5.0 (compatible; bingbot/2.0; +http://www.bing.com/bingbot.htm)"
157.90.177.217 - - [13/Jun/2021:05:05:02 +0200] "GET /white-porcelain-bowl-with-small-gold-hearts-p-53704.html HTTP/1.0" 200 73588 "-" "Mozilla/5.0 (compatible; BLEXBot/1.0; +http://webmeup-crawler.com/)"
40.77.167.90 - - [13/Jun/2021:05:05:04 +0200] "GET /-p-3608.html HTTP/1.0" 200 70163 "-" "Mozilla/5.0 (compatible; bingbot/2.0; +http://www.bing.com/bingbot.htm)"
157.90.177.217 - - [13/Jun/2021:05:05:07 +0200] "GET /white-rabbit-decorative-statue-p-31562.html HTTP/1.0" 200 72921 "-" "Mozilla/5.0 (compatible; BLEXBot/1.0; +http://webmeup-crawler.com/)"
157.90.177.217 - - [13/Jun/2021:05:05:11 +0200] "GET /white-sage-aromatika-incense-sticks-p-51692.html HTTP/1.0" 200 72972 "-" "Mozilla/5.0 (compatible; BLEXBot/1.0; +http://webmeup-crawler.com/)"
207.46.13.38 - - [13/Jun/2021:05:05:12 +0200] "GET /kaloo-plume-natural-rabbit-soft-toy-p-15730.html HTTP/1.0" 301 70421 "-" "Mozilla/5.0 (compatible; bingbot/2.0; +http://www.bing.com/bingbot.htm)"
49.7.20.122 - - [13/Jun/2021:05:05:14 +0200] "GET / HTTP/1.0" 200 150326 "-" "Sogou web spider/4.0(+http://www.sogou.com/docs/help/webmasters.htm#07)"
167.114.116.38 - - [13/Jun/2021:05:05:15 +0200] "GET /retro-metal-wood-lantern-p-45403.html HTTP/1.0" 301 70232 "-" "Mozilla/5.0 (compatible; MJ12bot/v1.4.8; http://mj12bot.com/)"
207.46.13.38 - - [13/Jun/2021:05:05:15 +0200] "GET /gray-metal-wood-flexo-lamp-p-53081.html HTTP/1.0" 200 73973 "-" "Mozilla/5.0 (compatible; bingbot/2.0; +http://www.bing.com/bingbot.htm)"
157.90.177.217 - - [13/Jun/2021:05:05:17 +0200] "GET /white-sage-backflow-incense-cones-p-51974.html HTTP/1.0" 200 73868 "-" "Mozilla/5.0 (compatible; BLEXBot/1.0; +http://webmeup-crawler.com/)"
157.90.177.217 - - [13/Jun/2021:05:05:22 +0200] "GET /white-silver-ceramic-lamp-p-52778.html HTTP/1.0" 200 73476 "-" "Mozilla/5.0 (compatible; BLEXBot/1.0; +http://webmeup-crawler.com/)"
157.90.177.217 - - [13/Jun/2021:05:05:26 +0200] "GET /white-silver-wooden-chest-p-52910.html HTTP/1.0" 200 73646 "-" "Mozilla/5.0 (compatible; BLEXBot/1.0; +http://webmeup-crawler.com/)"
157.90.177.217 - - [13/Jun/2021:05:05:31 +0200] "GET /white-skeleton-statuette-nothing-hear-p-46099.html HTTP/1.0" 200 72963 "-" "Mozilla/5.0 (compatible; BLEXBot/1.0; +http://webmeup-crawler.com/)"
157.55.39.152 - - [13/Jun/2021:05:05:35 +0200] "GET /-p-35229.html HTTP/1.0" 200 70165 "-" "Mozilla/5.0 (compatible; bingbot/2.0; +http://www.bing.com/bingbot.htm)"
157.90.177.217 - - [13/Jun/2021:05:05:36 +0200] "GET /white-skeleton-statuette-nothing-p-46100.html HTTP/1.0" 200 72943 "-" "Mozilla/5.0 (compatible; BLEXBot/1.0; +http://webmeup-crawler.com/)"
207.46.13.38 - - [13/Jun/2021:05:05:39 +0200] "GET /ganesh-statue-29-cm-p-36848.html HTTP/1.0" 301 72878 "-" "Mozilla/5.0 (compatible; bingbot/2.0; +http://www.bing.com/bingbot.htm)"
157.90.177.217 - - [13/Jun/2021:05:05:41 +0200] "GET /white-skeleton-statuette-nothing-said-p-46101.html HTTP/1.0" 200 72959 "-" "Mozilla/5.0 (compatible; BLEXBot/1.0; +http://webmeup-crawler.com/)"
157.90.177.217 - - [13/Jun/2021:05:05:48 +0200] "GET /white-stained-pine-wood-chest-p-53540.html HTTP/1.0" 200 73490 "-" "Mozilla/5.0 (compatible; BLEXBot/1.0; +http://webmeup-crawler.com/)"
167.114.116.38 - - [13/Jun/2021:05:05:49 +0200] "GET /-p-45403.html HTTP/1.0" 200 70165 "-" "Mozilla/5.0 (compatible; MJ12bot/v1.4.8; http://mj12bot.com/)"
157.90.177.217 - - [13/Jun/2021:05:05:54 +0200] "GET /white-statuette-p-43102.html HTTP/1.0" 200 72866 "-" "Mozilla/5.0 (compatible; BLEXBot/1.0; +http://webmeup-crawler.com/)"
157.90.177.217 - - [13/Jun/2021:05:05:58 +0200] "GET /white-statuette-p-51725.html HTTP/1.0" 200 72853 "-" "Mozilla/5.0 (compatible; BLEXBot/1.0; +http://webmeup-crawler.com/)"
157.90.177.217 - - [13/Jun/2021:05:06:04 +0200] "GET /white-stoneware-bowl-with-blue-stripes-p-55133.html HTTP/1.0" 200 73585 "-" "Mozilla/5.0 (compatible; BLEXBot/1.0; +http://webmeup-crawler.com/)"
157.90.177.217 - - [13/Jun/2021:05:06:10 +0200] "GET /white-swan-money-p-54821.html HTTP/1.0" 200 72907 "-" "Mozilla/5.0 (compatible; BLEXBot/1.0; +http://webmeup-crawler.com/)"
207.46.13.38 - - [13/Jun/2021:05:06:13 +0200] "GET /products_new.php?page=4 HTTP/1.0" 200 94739 "-" "Mozilla/5.0 (compatible; bingbot/2.0; +http://www.bing.com/bingbot.htm)"
157.90.177.217 - - [13/Jun/2021:05:06:14 +0200] "GET /white-unicorn-moneybox-p-50753.html HTTP/1.0" 200 72814 "-" "Mozilla/5.0 (compatible; BLEXBot/1.0; +http://webmeup-crawler.com/)"
40.77.167.106 - - [13/Jun/2021:05:06:17 +0200] "GET /iphone-black-padded-olivia-paris-p-16885.html HTTP/1.0" 200 76065 "-" "Mozilla/5.0 (compatible; bingbot/2.0; +http://www.bing.com/bingbot.htm)"
167.114.116.38 - - [13/Jun/2021:05:06:18 +0200] "GET /rhinoceros-gold-jewelry-stand-and-white-cup-p-48826.html HTTP/1.0" 301 73207 "-" "Mozilla/5.0 (compatible; MJ12bot/v1.4.8; http://mj12bot.com/)"
157.90.177.217 - - [13/Jun/2021:05:06:19 +0200] "GET /white-wall-mirror-p-52473.html HTTP/1.0" 200 73363 "-" "Mozilla/5.0 (compatible; BLEXBot/1.0; +http://webmeup-crawler.com/)"
157.90.177.217 - - [13/Jun/2021:05:06:25 +0200] "GET /white-women-shirt-p-31144.html HTTP/1.0" 200 75050 "-" "Mozilla/5.0 (compatible; BLEXBot/1.0; +http://webmeup-crawler.com/)"
157.90.177.217 - - [13/Jun/2021:05:06:30 +0200] "GET /white-women-shirt-p-33784.html HTTP/1.0" 200 75072 "-" "Mozilla/5.0 (compatible; BLEXBot/1.0; +http://webmeup-crawler.com/)"
157.90.177.217 - - [13/Jun/2021:05:06:34 +0200] "GET /white-wooden-aged-appearance-medium-model-p-52442.html HTTP/1.0" 200 74309 "-" "Mozilla/5.0 (compatible; BLEXBot/1.0; +http://webmeup-crawler.com/)"
157.90.177.217 - - [13/Jun/2021:05:06:39 +0200] "GET /white-wooden-aged-appearance-small-model-p-52441.html HTTP/1.0" 200 74292 "-" "Mozilla/5.0 (compatible; BLEXBot/1.0; +http://webmeup-crawler.com/)"
157.90.177.217 - - [13/Jun/2021:05:06:43 +0200] "GET /white-wooden-aged-appearance-tall-model-p-52443.html HTTP/1.0" 200 74278 "-" "Mozilla/5.0 (compatible; BLEXBot/1.0; +http://webmeup-crawler.com/)"
157.90.177.217 - - [13/Jun/2021:05:06:48 +0200] "GET /white-wooden-p-42204.html HTTP/1.0" 200 72899 "-" "Mozilla/5.0 (compatible; BLEXBot/1.0; +http://webmeup-crawler.com/)"
167.114.116.38 - - [13/Jun/2021:05:06:49 +0200] "GET /rhinoceros-gold-jewelry-stand-white-p-48826.html HTTP/1.0" 200 73105 "-" "Mozilla/5.0 (compatible; MJ12bot/v1.4.8; http://mj12bot.com/)"
157.90.177.217 - - [13/Jun/2021:05:06:53 +0200] "GET /white-wooden-picture-frame-views-p-31739.html HTTP/1.0" 200 72940 "-" "Mozilla/5.0 (compatible; BLEXBot/1.0; +http://webmeup-crawler.com/)"
54.36.148.10 - - [13/Jun/2021:05:06:54 +0200] "GET /incense-meditation-grams-about-sticks-p-45149.html HTTP/1.0" 200 73324 "-" "Mozilla/5.0 (compatible; AhrefsBot/7.0; +http://ahrefs.com/robot/)"
157.90.177.217 - - [13/Jun/2021:05:06:58 +0200] "GET /wiccan-pagan-symbol-stones-black-agate-p-47024.html HTTP/1.0" 200 76749 "-" "Mozilla/5.0 (compatible; BLEXBot/1.0; +http://webmeup-crawler.com/)"
157.55.39.122 - - [13/Jun/2021:05:07:01 +0200] "GET /-p-18792.html HTTP/1.0" 200 70165 "-" "Mozilla/5.0 (compatible; bingbot/2.0; +http://www.bing.com/bingbot.htm)"
157.90.177.217 - - [13/Jun/2021:05:07:07 +0200] "GET /wicker-basket-p-44996.html HTTP/1.0" 200 72771 "-" "Mozilla/5.0 (compatible; BLEXBot/1.0; +http://webmeup-crawler.com/)"
40.77.167.90 - - [13/Jun/2021:05:07:11 +0200] "GET /tea-for-one-mandala-p-44265.html HTTP/1.0" 301 73317 "-" "Mozilla/5.0 (compatible; bingbot/2.0; +http://www.bing.com/bingbot.htm)"
157.90.177.217 - - [13/Jun/2021:05:07:13 +0200] "GET /wicker-basket-p-44997.html HTTP/1.0" 200 72771 "-" "Mozilla/5.0 (compatible; BLEXBot/1.0; +http://webmeup-crawler.com/)"
157.90.177.217 - - [13/Jun/2021:05:07:18 +0200] "GET /wicker-basket-p-44998.html HTTP/1.0" 200 72751 "-" "Mozilla/5.0 (compatible; BLEXBot/1.0; +http://webmeup-crawler.com/)"
157.90.177.217 - - [13/Jun/2021:05:07:22 +0200] "GET /wicker-basket-p-48598.html HTTP/1.0" 200 72755 "-" "Mozilla/5.0 (compatible; BLEXBot/1.0; +http://webmeup-crawler.com/)"
167.114.116.38 - - [13/Jun/2021:05:07:24 +0200] "GET /rhinoceros-statuette-in-natural-resin-p-53095.html HTTP/1.0" 301 73055 "-" "Mozilla/5.0 (compatible; MJ12bot/v1.4.8; http://mj12bot.com/)"
40.77.167.70 - - [13/Jun/2021:05:07:25 +0200] "GET /images/big_prod/5410574484604.jpg HTTP/1.0" 200 268 "-" "Mozilla/5.0 (compatible; bingbot/2.0; +http://www.bing.com/bingbot.htm)"
185.191.171.15 - - [13/Jun/2021:05:07:25 +0200] "GET /bon-retablissement-hen-figurine-decorative-p-38728.html HTTP/1.0" 301 73088 "-" "Mozilla/5.0 (compatible; SemrushBot/7~bl; +http://www.semrush.com/bot.html)"
185.191.171.39 - - [13/Jun/2021:05:07:28 +0200] "GET /rtablissement-figurine-decorative-p-38728.html HTTP/1.0" 200 72988 "-" "Mozilla/5.0 (compatible; SemrushBot/7~bl; +http://www.semrush.com/bot.html)"
157.90.177.217 - - [13/Jun/2021:05:07:28 +0200] "GET /wicker-basket-p-48603.html HTTP/1.0" 200 72771 "-" "Mozilla/5.0 (compatible; BLEXBot/1.0; +http://webmeup-crawler.com/)"
157.90.177.217 - - [13/Jun/2021:05:07:34 +0200] "GET /robots.txt HTTP/1.0" 301 531 "-" "Mozilla/5.0 (compatible; BLEXBot/1.0; +http://webmeup-crawler.com/)"
157.90.177.217 - - [13/Jun/2021:05:07:34 +0200] "GET /robots.txt HTTP/1.0" 200 245 "-" "Mozilla/5.0 (compatible; BLEXBot/1.0; +http://webmeup-crawler.com/)"
157.90.177.217 - - [13/Jun/2021:05:07:34 +0200] "GET /wild-deer-tray-melamine-p-54921.html HTTP/1.0" 200 72953 "-" "Mozilla/5.0 (compatible; BLEXBot/1.0; +http://webmeup-crawler.com/)"
157.55.39.152 - - [13/Jun/2021:05:07:35 +0200] "GET /the-little-prince-backpack-p-2587.html HTTP/1.0" 301 70337 "-" "Mozilla/5.0 (compatible; bingbot/2.0; +http://www.bing.com/bingbot.htm)"
66.249.68.10 - - [13/Jun/2021:05:07:38 +0200] "GET /images/big_prod/3560600314770.jpg HTTP/1.0" 200 268 "-" "Googlebot-Image/1.0"
157.90.177.217 - - [13/Jun/2021:05:07:38 +0200] "GET /william-shakespeare-stickers-p-39324.html HTTP/1.0" 200 72967 "-" "Mozilla/5.0 (compatible; BLEXBot/1.0; +http://webmeup-crawler.com/)"
