86.135.181.185 - - [13/Jun/2021:19:41:14 +0200] "GET /mondial_relay/js/jquery-1.3.2.min.js HTTP/1.0" 200 276 "http://www.wonder-geek.com/pencil-pooby-ylvi-minimoomis-p-33972.html" "Mozilla/5.0 (Linux; Android 11; SM-A715F) AppleWebKit/537.36 (KHTML, like Gecko) Chrome/91.0.4472.101 Mobile Safari/537.36"
86.135.181.185 - - [13/Jun/2021:19:41:14 +0200] "GET /swfobject.js HTTP/1.0" 404 1308 "http://www.wonder-geek.com/pencil-pooby-ylvi-minimoomis-p-33972.html" "Mozilla/5.0 (Linux; Android 11; SM-A715F) AppleWebKit/537.36 (KHTML, like Gecko) Chrome/91.0.4472.101 Mobile Safari/537.36"
86.135.181.185 - - [13/Jun/2021:19:41:14 +0200] "GET /templates/Pixame_v1/images/icon_accueil2.png HTTP/1.0" 200 278 "http://www.wonder-geek.com/pencil-pooby-ylvi-minimoomis-p-33972.html" "Mozilla/5.0 (Linux; Android 11; SM-A715F) AppleWebKit/537.36 (KHTML, like Gecko) Chrome/91.0.4472.101 Mobile Safari/537.36"
86.135.181.185 - - [13/Jun/2021:19:41:14 +0200] "GET /templates/Pixame_v1/images/infobox/pixel_trans.gif HTTP/1.0" 200 328 "http://www.wonder-geek.com/pencil-pooby-ylvi-minimoomis-p-33972.html" "Mozilla/5.0 (Linux; Android 11; SM-A715F) AppleWebKit/537.36 (KHTML, like Gecko) Chrome/91.0.4472.101 Mobile Safari/537.36"
86.135.181.185 - - [13/Jun/2021:19:41:14 +0200] "GET /images/pixel_trans.gif HTTP/1.0" 200 328 "http://www.wonder-geek.com/pencil-pooby-ylvi-minimoomis-p-33972.html" "Mozilla/5.0 (Linux; Android 11; SM-A715F) AppleWebKit/537.36 (KHTML, like Gecko) Chrome/91.0.4472.101 Mobile Safari/537.36"
86.135.181.185 - - [13/Jun/2021:19:41:14 +0200] "GET /templates/Pixame_v1/images/pixel_trans.gif HTTP/1.0" 200 328 "http://www.wonder-geek.com/pencil-pooby-ylvi-minimoomis-p-33972.html" "Mozilla/5.0 (Linux; Android 11; SM-A715F) AppleWebKit/537.36 (KHTML, like Gecko) Chrome/91.0.4472.101 Mobile Safari/537.36"
86.135.181.185 - - [13/Jun/2021:19:41:14 +0200] "GET /images/med_prod/1384010181164.jpg HTTP/1.0" 200 268 "http://www.wonder-geek.com/pencil-pooby-ylvi-minimoomis-p-33972.html" "Mozilla/5.0 (Linux; Android 11; SM-A715F) AppleWebKit/537.36 (KHTML, like Gecko) Chrome/91.0.4472.101 Mobile Safari/537.36"
86.135.181.185 - - [13/Jun/2021:19:41:14 +0200] "GET /templates/Pixame_v1/images/buttons/english/button_in_cart.gif HTTP/1.0" 200 295 "http://www.wonder-geek.com/pencil-pooby-ylvi-minimoomis-p-33972.html" "Mozilla/5.0 (Linux; Android 11; SM-A715F) AppleWebKit/537.36 (KHTML, like Gecko) Chrome/91.0.4472.101 Mobile Safari/537.36"
86.135.181.185 - - [13/Jun/2021:19:41:14 +0200] "GET /swfobject.js HTTP/1.0" 404 1308 "http://www.wonder-geek.com/pencil-pooby-ylvi-minimoomis-p-33972.html" "Mozilla/5.0 (Linux; Android 11; SM-A715F) AppleWebKit/537.36 (KHTML, like Gecko) Chrome/91.0.4472.101 Mobile Safari/537.36"
86.135.181.185 - - [13/Jun/2021:19:41:14 +0200] "GET /templates/Pixame_v1/images/infobox/corner_left.gif HTTP/1.0" 200 660 "http://www.wonder-geek.com/pencil-pooby-ylvi-minimoomis-p-33972.html" "Mozilla/5.0 (Linux; Android 11; SM-A715F) AppleWebKit/537.36 (KHTML, like Gecko) Chrome/91.0.4472.101 Mobile Safari/537.36"
86.135.181.185 - - [13/Jun/2021:19:41:14 +0200] "GET /templates/Pixame_v1/images/infobox/corner_right.gif HTTP/1.0" 200 664 "http://www.wonder-geek.com/pencil-pooby-ylvi-minimoomis-p-33972.html" "Mozilla/5.0 (Linux; Android 11; SM-A715F) AppleWebKit/537.36 (KHTML, like Gecko) Chrome/91.0.4472.101 Mobile Safari/537.36"
86.135.181.185 - - [13/Jun/2021:19:41:14 +0200] "GET /images/mini_prod/1384010181157.jpg HTTP/1.0" 200 269 "http://www.wonder-geek.com/pencil-pooby-ylvi-minimoomis-p-33972.html" "Mozilla/5.0 (Linux; Android 11; SM-A715F) AppleWebKit/537.36 (KHTML, like Gecko) Chrome/91.0.4472.101 Mobile Safari/537.36"
86.135.181.185 - - [13/Jun/2021:19:41:14 +0200] "GET /images/mini_prod/1384010181140.jpg HTTP/1.0" 200 269 "http://www.wonder-geek.com/pencil-pooby-ylvi-minimoomis-p-33972.html" "Mozilla/5.0 (Linux; Android 11; SM-A715F) AppleWebKit/537.36 (KHTML, like Gecko) Chrome/91.0.4472.101 Mobile Safari/537.36"
86.135.181.185 - - [13/Jun/2021:19:41:14 +0200] "GET /templates/Pixame_v1/images/Bottom_texture.jpg HTTP/1.0" 200 280 "http://www.wonder-geek.com/templates/Pixame_v1/stylesheet.css" "Mozilla/5.0 (Linux; Android 11; SM-A715F) AppleWebKit/537.36 (KHTML, like Gecko) Chrome/91.0.4472.101 Mobile Safari/537.36"
86.135.181.185 - - [13/Jun/2021:19:41:14 +0200] "GET /templates/Pixame_v1/images/Middle_texture.jpg HTTP/1.0" 200 280 "http://www.wonder-geek.com/templates/Pixame_v1/stylesheet.css" "Mozilla/5.0 (Linux; Android 11; SM-A715F) AppleWebKit/537.36 (KHTML, like Gecko) Chrome/91.0.4472.101 Mobile Safari/537.36"
86.135.181.185 - - [13/Jun/2021:19:41:14 +0200] "GET /templates/Pixame_v1/images/header.png HTTP/1.0" 200 271 "http://www.wonder-geek.com/templates/Pixame_v1/stylesheet.css" "Mozilla/5.0 (Linux; Android 11; SM-A715F) AppleWebKit/537.36 (KHTML, like Gecko) Chrome/91.0.4472.101 Mobile Safari/537.36"
86.135.181.185 - - [13/Jun/2021:19:41:14 +0200] "GET /templates/Pixame_v1/images/header-object.png HTTP/1.0" 200 278 "http://www.wonder-geek.com/templates/Pixame_v1/stylesheet.css" "Mozilla/5.0 (Linux; Android 11; SM-A715F) AppleWebKit/537.36 (KHTML, like Gecko) Chrome/91.0.4472.101 Mobile Safari/537.36"
86.135.181.185 - - [13/Jun/2021:19:41:14 +0200] "GET /templates/Pixame_v1/images/nav.png HTTP/1.0" 200 268 "http://www.wonder-geek.com/templates/Pixame_v1/stylesheet.css" "Mozilla/5.0 (Linux; Android 11; SM-A715F) AppleWebKit/537.36 (KHTML, like Gecko) Chrome/91.0.4472.101 Mobile Safari/537.36"
86.135.181.185 - - [13/Jun/2021:19:41:14 +0200] "GET /highslide/graphics/zoomin.cur HTTP/1.0" 200 614 "http://www.wonder-geek.com/templates/Pixame_v1/stylesheet.css" "Mozilla/5.0 (Linux; Android 11; SM-A715F) AppleWebKit/537.36 (KHTML, like Gecko) Chrome/91.0.4472.101 Mobile Safari/537.36"
86.135.181.185 - - [13/Jun/2021:19:41:14 +0200] "GET /design/productsenstock.png HTTP/1.0" 200 260 "http://www.wonder-geek.com/templates/Pixame_v1/stylesheet.css" "Mozilla/5.0 (Linux; Android 11; SM-A715F) AppleWebKit/537.36 (KHTML, like Gecko) Chrome/91.0.4472.101 Mobile Safari/537.36"
86.135.181.185 - - [13/Jun/2021:19:41:14 +0200] "GET /templates/Pixame_v1/images/infobox/infobox_footer_middle.gif HTTP/1.0" 200 357 "http://www.wonder-geek.com/pencil-pooby-ylvi-minimoomis-p-33972.html" "Mozilla/5.0 (Linux; Android 11; SM-A715F) AppleWebKit/537.36 (KHTML, like Gecko) Chrome/91.0.4472.101 Mobile Safari/537.36"
86.135.181.185 - - [13/Jun/2021:19:41:15 +0200] "GET /highslide/graphics/outlines/drop-shadow.png HTTP/1.0" 200 277 "http://www.wonder-geek.com/pencil-pooby-ylvi-minimoomis-p-33972.html" "Mozilla/5.0 (Linux; Android 11; SM-A715F) AppleWebKit/537.36 (KHTML, like Gecko) Chrome/91.0.4472.101 Mobile Safari/537.36"
86.135.181.185 - - [13/Jun/2021:19:41:15 +0200] "GET /highslide/graphics/zoomout.cur HTTP/1.0" 200 614 "http://www.wonder-geek.com/pencil-pooby-ylvi-minimoomis-p-33972.html" "Mozilla/5.0 (Linux; Android 11; SM-A715F) AppleWebKit/537.36 (KHTML, like Gecko) Chrome/91.0.4472.101 Mobile Safari/537.36"
86.135.181.185 - - [13/Jun/2021:19:41:15 +0200] "GET /highslide/graphics/loader.white.gif HTTP/1.0" 200 960 "http://www.wonder-geek.com/templates/Pixame_v1/stylesheet.css" "Mozilla/5.0 (Linux; Android 11; SM-A715F) AppleWebKit/537.36 (KHTML, like Gecko) Chrome/91.0.4472.101 Mobile Safari/537.36"
86.135.181.185 - - [13/Jun/2021:19:41:15 +0200] "GET /favicon.ico HTTP/1.0" 200 260 "http://www.wonder-geek.com/pencil-pooby-ylvi-minimoomis-p-33972.html" "Mozilla/5.0 (Linux; Android 11; SM-A715F) AppleWebKit/537.36 (KHTML, like Gecko) Chrome/91.0.4472.101 Mobile Safari/537.36"
54.36.148.119 - - [13/Jun/2021:19:41:23 +0200] "GET /wooden-boxes-storage-c-13_150_220.html?page=1 HTTP/1.0" 200 90002 "-" "Mozilla/5.0 (compatible; AhrefsBot/7.0; +http://ahrefs.com/robot/)"
86.135.181.185 - - [13/Jun/2021:19:41:26 +0200] "GET /pencil-cooco-ylvi-minimoomis-p-33973.html HTTP/1.0" 200 74751 "http://www.wonder-geek.com/pencil-pooby-ylvi-minimoomis-p-33972.html" "Mozilla/5.0 (Linux; Android 11; SM-A715F) AppleWebKit/537.36 (KHTML, like Gecko) Chrome/91.0.4472.101 Mobile Safari/537.36"
86.135.181.185 - - [13/Jun/2021:19:41:26 +0200] "GET /swfobject.js HTTP/1.0" 404 1308 "http://www.wonder-geek.com/pencil-cooco-ylvi-minimoomis-p-33973.html" "Mozilla/5.0 (Linux; Android 11; SM-A715F) AppleWebKit/537.36 (KHTML, like Gecko) Chrome/91.0.4472.101 Mobile Safari/537.36"
86.135.181.185 - - [13/Jun/2021:19:41:26 +0200] "GET /images/med_prod/1384010181157.jpg HTTP/1.0" 200 268 "http://www.wonder-geek.com/pencil-cooco-ylvi-minimoomis-p-33973.html" "Mozilla/5.0 (Linux; Android 11; SM-A715F) AppleWebKit/537.36 (KHTML, like Gecko) Chrome/91.0.4472.101 Mobile Safari/537.36"
86.135.181.185 - - [13/Jun/2021:19:41:26 +0200] "GET /images/mini_prod/1384010181164.jpg HTTP/1.0" 200 269 "http://www.wonder-geek.com/pencil-cooco-ylvi-minimoomis-p-33973.html" "Mozilla/5.0 (Linux; Android 11; SM-A715F) AppleWebKit/537.36 (KHTML, like Gecko) Chrome/91.0.4472.101 Mobile Safari/537.36"
40.77.167.90 - - [13/Jun/2021:19:41:50 +0200] "GET /angel-white-women-tee-shirt-p-30731.html HTTP/1.0" 301 75162 "-" "Mozilla/5.0 (compatible; bingbot/2.0; +http://www.bing.com/bingbot.htm)"
40.77.167.90 - - [13/Jun/2021:19:41:52 +0200] "GET /camargue-metal-paper-towel-dispenser-p-43910.html HTTP/1.0" 200 72902 "-" "Mozilla/5.0 (compatible; bingbot/2.0; +http://www.bing.com/bingbot.htm)"
185.191.171.16 - - [13/Jun/2021:19:41:59 +0200] "GET /pillow-case-cotton-percale-threads-p-54396.html?action=add_product HTTP/1.0" 302 476 "-" "Mozilla/5.0 (compatible; SemrushBot/7~bl; +http://www.semrush.com/bot.html)"
157.55.39.44 - - [13/Jun/2021:19:42:07 +0200] "GET /ethnik-round-side-table-p-50229.html HTTP/1.0" 200 72766 "-" "Mozilla/5.0 (compatible; bingbot/2.0; +http://www.bing.com/bingbot.htm)"
157.55.39.44 - - [13/Jun/2021:19:42:09 +0200] "GET /small-panda-resin-box-p-48270.html HTTP/1.0" 301 73604 "-" "Mozilla/5.0 (compatible; bingbot/2.0; +http://www.bing.com/bingbot.htm)"
185.191.171.39 - - [13/Jun/2021:19:42:12 +0200] "GET /betty-boop-money-box-p-40947.html HTTP/1.0" 301 70331 "-" "Mozilla/5.0 (compatible; SemrushBot/7~bl; +http://www.semrush.com/bot.html)"
185.191.171.19 - - [13/Jun/2021:19:42:14 +0200] "GET /betty-boop-money-p-40947.html HTTP/1.0" 200 70248 "-" "Mozilla/5.0 (compatible; SemrushBot/7~bl; +http://www.semrush.com/bot.html)"
40.77.167.106 - - [13/Jun/2021:19:42:41 +0200] "GET /smiski-phosphorescent-tooth-brush-holder-p-47289.html HTTP/1.0" 200 74317 "-" "Mozilla/5.0 (compatible; bingbot/2.0; +http://www.bing.com/bingbot.htm)"
157.55.39.152 - - [13/Jun/2021:19:42:52 +0200] "GET /mini-p-50370.html HTTP/1.0" 200 72780 "-" "Mozilla/5.0 (compatible; bingbot/2.0; +http://www.bing.com/bingbot.htm)"
40.77.167.57 - - [13/Jun/2021:19:43:07 +0200] "GET /js/jquery.js HTTP/1.0" 200 252 "-" "Mozilla/5.0 (compatible; bingbot/2.0; +http://www.bing.com/bingbot.htm)"
40.77.167.57 - - [13/Jun/2021:19:43:07 +0200] "GET /monkey-pyramid-statuette-p-55276.html HTTP/1.0" 200 73652 "-" "Mozilla/5.0 (compatible; bingbot/2.0; +http://www.bing.com/bingbot.htm)"
54.36.148.13 - - [13/Jun/2021:19:43:10 +0200] "GET /home-fragrance-heart-home-white-musk-cedarwood-p-52818.html HTTP/1.0" 200 74269 "-" "Mozilla/5.0 (compatible; AhrefsBot/7.0; +http://ahrefs.com/robot/)"
40.77.167.57 - - [13/Jun/2021:19:43:38 +0200] "GET /-p-17887.html HTTP/1.0" 200 70165 "-" "Mozilla/5.0 (compatible; bingbot/2.0; +http://www.bing.com/bingbot.htm)"
207.46.13.38 - - [13/Jun/2021:19:43:53 +0200] "GET /figc-blue-shopping-p-26006.html HTTP/1.0" 200 73035 "-" "Mozilla/5.0 (compatible; bingbot/2.0; +http://www.bing.com/bingbot.htm)"
40.77.167.106 - - [13/Jun/2021:19:44:11 +0200] "GET /-p-41801.html HTTP/1.0" 200 70165 "-" "Mozilla/5.0 (compatible; bingbot/2.0; +http://www.bing.com/bingbot.htm)"
40.77.167.70 - - [13/Jun/2021:19:44:24 +0200] "GET /pebble-melt-chakra-scented-p-51486.html HTTP/1.0" 200 74205 "-" "Mozilla/5.0 (compatible; bingbot/2.0; +http://www.bing.com/bingbot.htm)"
17.121.113.144 - - [13/Jun/2021:19:44:28 +0200] "GET /open-your-heart-phone-cover-iphone-p-17817.html HTTP/1.0" 200 73419 "-" "Mozilla/5.0 (Macintosh; Intel Mac OS X 10_15_5) AppleWebKit/605.1.15 (KHTML, like Gecko) Version/13.1.1 Safari/605.1.15 (Applebot/0.1; +http://www.apple.com/go/applebot)"
54.36.148.86 - - [13/Jun/2021:19:45:01 +0200] "GET /raving-rabbits-clock-p-37535.html HTTP/1.0" 200 72827 "-" "Mozilla/5.0 (compatible; AhrefsBot/7.0; +http://ahrefs.com/robot/)"
185.191.171.20 - - [13/Jun/2021:19:45:16 +0200] "GET /sentiment-towel-kitchen-towel-p-43621.html HTTP/1.0" 200 73582 "-" "Mozilla/5.0 (compatible; SemrushBot/7~bl; +http://www.semrush.com/bot.html)"
157.55.39.122 - - [13/Jun/2021:19:45:18 +0200] "GET /violetta-apron-and-chef-hat-p-29524.html HTTP/1.0" 301 73031 "-" "Mozilla/5.0 (compatible; bingbot/2.0; +http://www.bing.com/bingbot.htm)"
185.191.171.24 - - [13/Jun/2021:19:45:21 +0200] "GET /diesel-black-pencil-case-only-the-brave-factory-p-36505.html HTTP/1.0" 301 73177 "-" "Mozilla/5.0 (compatible; SemrushBot/7~bl; +http://www.semrush.com/bot.html)"
185.191.171.36 - - [13/Jun/2021:19:45:23 +0200] "GET /diesel-black-pencil-case-only-brave-factory-p-36505.html HTTP/1.0" 200 73067 "-" "Mozilla/5.0 (compatible; SemrushBot/7~bl; +http://www.semrush.com/bot.html)"
40.77.167.57 - - [13/Jun/2021:19:45:23 +0200] "GET /buddha-wall-stickers-p-51128.html HTTP/1.0" 200 73076 "-" "Mozilla/5.0 (compatible; bingbot/2.0; +http://www.bing.com/bingbot.htm)"
40.77.167.106 - - [13/Jun/2021:19:45:52 +0200] "GET /tigrou-birthday-card-with-envelope-p-25260.html HTTP/1.0" 200 72853 "-" "Mozilla/5.0 (compatible; bingbot/2.0; +http://www.bing.com/bingbot.htm)"
40.77.167.70 - - [13/Jun/2021:19:45:56 +0200] "GET /moto-guzzi-tank-metal-keyring-p-18654.html HTTP/1.0" 200 70313 "-" "Mozilla/5.0 (compatible; bingbot/2.0; +http://www.bing.com/bingbot.htm)"
157.55.39.122 - - [13/Jun/2021:19:46:00 +0200] "GET /-p-30270.html HTTP/1.0" 200 70165 "-" "Mozilla/5.0 (compatible; bingbot/2.0; +http://www.bing.com/bingbot.htm)"
157.55.39.122 - - [13/Jun/2021:19:46:02 +0200] "GET /winnie-the-pooh-set-of-hair-ornements-p-13565.html HTTP/1.0" 301 73091 "-" "Mozilla/5.0 (compatible; bingbot/2.0; +http://www.bing.com/bingbot.htm)"
40.77.167.57 - - [13/Jun/2021:19:46:19 +0200] "GET /angry-birds-pencil-pot-p-19131.html HTTP/1.0" 301 73084 "-" "Mozilla/5.0 (compatible; bingbot/2.0; +http://www.bing.com/bingbot.htm)"
54.36.148.49 - - [13/Jun/2021:19:46:51 +0200] "GET /diesel-blue-pencil-case-industry-p-36507.html HTTP/1.0" 200 72955 "-" "Mozilla/5.0 (compatible; AhrefsBot/7.0; +http://ahrefs.com/robot/)"
157.55.39.81 - - [13/Jun/2021:19:47:01 +0200] "GET /barbabelle-and-francois-car-p-15686.html HTTP/1.0" 301 73077 "-" "Mozilla/5.0 (compatible; bingbot/2.0; +http://www.bing.com/bingbot.htm)"
157.55.39.122 - - [13/Jun/2021:19:47:09 +0200] "GET /embossed-large-handbag-new-heights-p-32781.html HTTP/1.0" 301 70384 "-" "Mozilla/5.0 (compatible; bingbot/2.0; +http://www.bing.com/bingbot.htm)"
157.55.39.122 - - [13/Jun/2021:19:47:10 +0200] "GET /cement-tile-stickers-15-15-cm-brown-p-45010.html HTTP/1.0" 301 73243 "-" "Mozilla/5.0 (compatible; bingbot/2.0; +http://www.bing.com/bingbot.htm)"
40.77.167.106 - - [13/Jun/2021:19:47:14 +0200] "GET /images/mini_prod/137166268119.jpg HTTP/1.0" 200 268 "-" "Mozilla/5.0 (compatible; bingbot/2.0; +http://www.bing.com/bingbot.htm)"
185.191.171.4 - - [13/Jun/2021:19:47:26 +0200] "GET /feng-shui-chakra-gemstone-spheres-p-53739.html?action=add_product HTTP/1.0" 302 476 "-" "Mozilla/5.0 (compatible; SemrushBot/7~bl; +http://www.semrush.com/bot.html)"
157.55.39.122 - - [13/Jun/2021:19:47:29 +0200] "GET /suicide-squad-group-poster-p-37817.html HTTP/1.0" 200 72830 "-" "Mozilla/5.0 (compatible; bingbot/2.0; +http://www.bing.com/bingbot.htm)"
54.36.148.86 - - [13/Jun/2021:19:48:44 +0200] "GET /beaut-photo-frame-p-12686.html HTTP/1.0" 200 72795 "-" "Mozilla/5.0 (compatible; AhrefsBot/7.0; +http://ahrefs.com/robot/)"
157.55.39.44 - - [13/Jun/2021:19:48:48 +0200] "GET /-p-50181.html HTTP/1.0" 200 70165 "-" "Mozilla/5.0 (compatible; bingbot/2.0; +http://www.bing.com/bingbot.htm)"
40.77.167.57 - - [13/Jun/2021:19:48:52 +0200] "GET /dragon-ball-m-23.html HTTP/1.0" 200 83619 "-" "Mozilla/5.0 (compatible; bingbot/2.0; +http://www.bing.com/bingbot.htm)"
157.55.39.152 - - [13/Jun/2021:19:48:57 +0200] "GET /gorilla-teapot-by-paul-cardew-p-35268.html HTTP/1.0" 301 72931 "-" "Mozilla/5.0 (compatible; bingbot/2.0; +http://www.bing.com/bingbot.htm)"
185.191.171.14 - - [13/Jun/2021:19:48:58 +0200] "GET /betty-boop-mtal-ashtray-p-36134.html?action=add_product HTTP/1.0" 302 476 "-" "Mozilla/5.0 (compatible; SemrushBot/7~bl; +http://www.semrush.com/bot.html)"
40.77.167.70 - - [13/Jun/2021:19:49:03 +0200] "GET /-p-36425.html HTTP/1.0" 200 70165 "-" "Mozilla/5.0 (compatible; bingbot/2.0; +http://www.bing.com/bingbot.htm)"
147.92.153.2 - - [13/Jun/2021:19:49:03 +0200] "GET /cats-dubout-large-bowl-p-55395.html HTTP/1.0" 200 72799 "-" "Mozilla/5.0 (compatible; Linespider/1.1; +https://lin.ee/4dwXkTH)"
40.77.167.70 - - [13/Jun/2021:19:49:05 +0200] "GET /ceramic-vase-klimt-kiss-p-53523.html HTTP/1.0" 200 73827 "-" "Mozilla/5.0 (compatible; bingbot/2.0; +http://www.bing.com/bingbot.htm)"
207.46.13.38 - - [13/Jun/2021:19:49:08 +0200] "GET /winnie-the-pooh-figure-rabbit-with-pots-p-15634.html HTTP/1.0" 301 70232 "-" "Mozilla/5.0 (compatible; bingbot/2.0; +http://www.bing.com/bingbot.htm)"
157.55.39.128 - - [13/Jun/2021:19:49:20 +0200] "GET /white-shell-galaxy-note-with-personalized-picture-p-16354.html HTTP/1.0" 200 73182 "-" "Mozilla/5.0 (compatible; bingbot/2.0; +http://www.bing.com/bingbot.htm)"
40.77.167.57 - - [13/Jun/2021:19:49:30 +0200] "GET /-p-12903.html HTTP/1.0" 200 70165 "-" "Mozilla/5.0 (compatible; bingbot/2.0; +http://www.bing.com/bingbot.htm)"
157.55.39.128 - - [13/Jun/2021:19:49:41 +0200] "GET /-p-8124.html HTTP/1.0" 200 70163 "-" "Mozilla/5.0 (compatible; bingbot/2.0; +http://www.bing.com/bingbot.htm)"
157.55.39.152 - - [13/Jun/2021:19:49:45 +0200] "GET /anna-poster-p-30914.html HTTP/1.0" 200 72722 "-" "Mozilla/5.0 (compatible; bingbot/2.0; +http://www.bing.com/bingbot.htm)"
207.46.13.38 - - [13/Jun/2021:19:49:53 +0200] "GET /diner-oven-mitt-p-37765.html HTTP/1.0" 301 70232 "-" "Mozilla/5.0 (compatible; bingbot/2.0; +http://www.bing.com/bingbot.htm)"
40.77.167.90 - - [13/Jun/2021:19:49:58 +0200] "GET /-p-21908.html HTTP/1.0" 200 70165 "-" "Mozilla/5.0 (compatible; bingbot/2.0; +http://www.bing.com/bingbot.htm)"
157.55.39.81 - - [13/Jun/2021:19:50:11 +0200] "GET /old-tv-box-and-clock-p-34234.html HTTP/1.0" 301 72959 "-" "Mozilla/5.0 (compatible; bingbot/2.0; +http://www.bing.com/bingbot.htm)"
157.55.39.81 - - [13/Jun/2021:19:50:21 +0200] "GET /sixtine-plaid-180-130-cm-p-51298.html HTTP/1.0" 301 72968 "-" "Mozilla/5.0 (compatible; bingbot/2.0; +http://www.bing.com/bingbot.htm)"
220.243.188.221 - - [13/Jun/2021:19:50:28 +0200] "GET /glass-cutting-board-cbkreation-p-51323.html HTTP/1.0" 200 72871 "-" "Mozilla/5.0 (Linux; Android 5.0) AppleWebKit/537.36 (KHTML, like Gecko) Mobile Safari/537.36 (compatible; Bytespider; https://zhanzhang.toutiao.com/)"
220.243.188.237 - - [13/Jun/2021:19:50:29 +0200] "GET /swfobject.js HTTP/1.0" 404 1308 "http://www.wonder-geek.com/glass-cutting-board-cbkreation-p-51323.html" "Mozilla/5.0 (Linux; Android 5.0) AppleWebKit/537.36 (KHTML, like Gecko) Mobile Safari/537.36 (compatible; Bytespider; https://zhanzhang.toutiao.com/)"
220.243.188.230 - - [13/Jun/2021:19:50:30 +0200] "GET /highslide/graphics/zoomout.cur HTTP/1.0" 200 614 "http://www.wonder-geek.com/glass-cutting-board-cbkreation-p-51323.html" "Mozilla/5.0 (Linux; Android 5.0) AppleWebKit/537.36 (KHTML, like Gecko) Mobile Safari/537.36 (compatible; Bytespider; https://zhanzhang.toutiao.com/)"
220.243.188.224 - - [13/Jun/2021:19:50:30 +0200] "GET /images/big_prod/8422011475912.jpg HTTP/1.0" 200 268 "http://www.wonder-geek.com/glass-cutting-board-cbkreation-p-51323.html" "Mozilla/5.0 (Linux; Android 5.0) AppleWebKit/537.36 (KHTML, like Gecko) Mobile Safari/537.36 (compatible; Bytespider; https://zhanzhang.toutiao.com/)"
54.36.148.86 - - [13/Jun/2021:19:50:47 +0200] "GET /kitchen-towel-brown-p-54118.html HTTP/1.0" 200 72824 "-" "Mozilla/5.0 (compatible; AhrefsBot/7.0; +http://ahrefs.com/robot/)"
40.77.167.90 - - [13/Jun/2021:19:50:50 +0200] "GET /love-map-collection-gorjuss-p-23144.html HTTP/1.0" 301 70373 "-" "Mozilla/5.0 (compatible; bingbot/2.0; +http://www.bing.com/bingbot.htm)"
185.191.171.2 - - [13/Jun/2021:19:51:17 +0200] "GET /le-petit-prince-de-st-exupery-box-sets-of-cups-p-53197.html HTTP/1.0" 301 73992 "-" "Mozilla/5.0 (compatible; SemrushBot/7~bl; +http://www.semrush.com/bot.html)"
185.191.171.44 - - [13/Jun/2021:19:51:19 +0200] "GET /petit-prince-exupry-sets-cups-p-53197.html HTTP/1.0" 200 73896 "-" "Mozilla/5.0 (compatible; SemrushBot/7~bl; +http://www.semrush.com/bot.html)"
157.55.39.122 - - [13/Jun/2021:19:51:19 +0200] "GET /one-wax-melt-heart-and-home-cedarwood-white-musk-p-52812.html HTTP/1.0" 301 74305 "-" "Mozilla/5.0 (compatible; bingbot/2.0; +http://www.bing.com/bingbot.htm)"
157.55.39.44 - - [13/Jun/2021:19:51:27 +0200] "GET /cement-tile-stickers-p-50345.html HTTP/1.0" 200 73733 "-" "Mozilla/5.0 (compatible; bingbot/2.0; +http://www.bing.com/bingbot.htm)"
157.55.39.44 - - [13/Jun/2021:19:51:28 +0200] "GET /-p-16820.html HTTP/1.0" 200 70165 "-" "Mozilla/5.0 (compatible; bingbot/2.0; +http://www.bing.com/bingbot.htm)"
185.191.171.18 - - [13/Jun/2021:19:51:31 +0200] "GET /maman-super-maman-adult-apron-p-54711.html?action=add_product HTTP/1.0" 302 476 "-" "Mozilla/5.0 (compatible; SemrushBot/7~bl; +http://www.semrush.com/bot.html)"
106.11.159.18 - - [13/Jun/2021:19:51:39 +0200] "GET /images/mini_prod/9316188087384.jpg HTTP/1.0" 200 269 "http://www.wonder-geek.com/decorations-c-13_89.html" "YisouSpider"
185.191.171.18 - - [13/Jun/2021:19:51:59 +0200] "GET /children-coat-hooks-p-52559.html HTTP/1.0" 200 72961 "-" "Mozilla/5.0 (compatible; SemrushBot/7~bl; +http://www.semrush.com/bot.html)"
157.55.39.122 - - [13/Jun/2021:19:52:20 +0200] "GET /cat-with-glasses-savings-bank-20-cm-p-48695.html HTTP/1.0" 301 70367 "-" "Mozilla/5.0 (compatible; bingbot/2.0; +http://www.bing.com/bingbot.htm)"
40.77.167.70 - - [13/Jun/2021:19:52:23 +0200] "GET /mickey-mouse-disney-large-suitcase-p-33678.html HTTP/1.0" 301 70232 "-" "Mozilla/5.0 (compatible; bingbot/2.0; +http://www.bing.com/bingbot.htm)"
157.55.39.152 - - [13/Jun/2021:19:52:24 +0200] "GET /vintage-liberty-cushion-p-16211.html HTTP/1.0" 200 73373 "-" "Mozilla/5.0 (compatible; bingbot/2.0; +http://www.bing.com/bingbot.htm)"
157.55.39.81 - - [13/Jun/2021:19:52:24 +0200] "GET /lyon-training-bottle-by-cbkreation-p-31270.html HTTP/1.0" 301 73257 "-" "Mozilla/5.0 (compatible; bingbot/2.0; +http://www.bing.com/bingbot.htm)"
157.55.39.44 - - [13/Jun/2021:19:52:38 +0200] "GET /pink-flamingos-shower-curtain-p-50730.html HTTP/1.0" 200 73598 "-" "Mozilla/5.0 (compatible; bingbot/2.0; +http://www.bing.com/bingbot.htm)"
54.36.149.27 - - [13/Jun/2021:19:52:51 +0200] "GET /super-pusheenicorn-p-44589.html HTTP/1.0" 200 73151 "-" "Mozilla/5.0 (compatible; AhrefsBot/7.0; +http://ahrefs.com/robot/)"
157.55.39.44 - - [13/Jun/2021:19:52:58 +0200] "GET /carlin-case-notepad-p-30104.html HTTP/1.0" 200 72971 "-" "Mozilla/5.0 (compatible; bingbot/2.0; +http://www.bing.com/bingbot.htm)"
157.55.39.152 - - [13/Jun/2021:19:53:04 +0200] "GET /white-babouchka-table-lamp-p-55270.html HTTP/1.0" 200 73606 "-" "Mozilla/5.0 (compatible; bingbot/2.0; +http://www.bing.com/bingbot.htm)"
157.55.39.152 - - [13/Jun/2021:19:53:05 +0200] "GET /shopping-bag-cats-p-45439.html HTTP/1.0" 301 72941 "-" "Mozilla/5.0 (compatible; bingbot/2.0; +http://www.bing.com/bingbot.htm)"
40.77.167.70 - - [13/Jun/2021:19:53:14 +0200] "GET /betty-boop-rectangular-mirror-p-12898.html HTTP/1.0" 200 72838 "-" "Mozilla/5.0 (compatible; bingbot/2.0; +http://www.bing.com/bingbot.htm)"
157.55.39.81 - - [13/Jun/2021:19:53:21 +0200] "GET /crayola-best-friends-diary-set-p-16632.html HTTP/1.0" 301 73448 "-" "Mozilla/5.0 (compatible; bingbot/2.0; +http://www.bing.com/bingbot.htm)"
40.77.167.106 - - [13/Jun/2021:19:54:02 +0200] "GET /teo-jasmin-medium-cabas-jasmine-p-46979.html HTTP/1.0" 301 73873 "-" "Mozilla/5.0 (compatible; bingbot/2.0; +http://www.bing.com/bingbot.htm)"
51.68.224.127 - - [13/Jun/2021:19:54:04 +0200] "GET /adminweb/export_orders_xml.php?token=256de2z6edz6ed2z6DFSFsed2zed6zeDSFDSGdzedezfzf&maxorders=10&orderstart=1&status=14&start_date=2018-10-01 HTTP/1.0" 200 285 "-" "GesCom CharlotteBoutik Serveur"
51.68.224.127 - - [13/Jun/2021:19:54:04 +0200] "GET /adminweb/export_orders_xml.php?token=256de2z6edz6ed2z6DFSFsed2zed6zeDSFDSGdzedezfzf&maxorders=10&orderstart=1&status=6&start_date=2018-10-01 HTTP/1.0" 200 30039 "-" "GesCom CharlotteBoutik Serveur"
54.36.149.62 - - [13/Jun/2021:19:54:09 +0200] "GET /paris-thick-cardboard-vanity-collection-p-29116.html HTTP/1.0" 301 70232 "-" "Mozilla/5.0 (compatible; AhrefsBot/7.0; +http://ahrefs.com/robot/)"
185.191.171.22 - - [13/Jun/2021:19:54:14 +0200] "GET /ceramic-lamp-21-cm-p-52415.html HTTP/1.0" 301 73560 "-" "Mozilla/5.0 (compatible; SemrushBot/7~bl; +http://www.semrush.com/bot.html)"
185.191.171.23 - - [13/Jun/2021:19:54:17 +0200] "GET /ceramic-lamp-p-52415.html HTTP/1.0" 200 73481 "-" "Mozilla/5.0 (compatible; SemrushBot/7~bl; +http://www.semrush.com/bot.html)"
54.36.148.240 - - [13/Jun/2021:19:54:17 +0200] "GET /world-map-large-clock-p-52866.html HTTP/1.0" 301 72881 "-" "Mozilla/5.0 (compatible; AhrefsBot/7.0; +http://ahrefs.com/robot/)"
40.77.167.90 - - [13/Jun/2021:19:54:32 +0200] "GET /-p-22682.html HTTP/1.0" 200 70165 "-" "Mozilla/5.0 (compatible; bingbot/2.0; +http://www.bing.com/bingbot.htm)"
40.77.167.106 - - [13/Jun/2021:19:54:36 +0200] "GET /verity-rose-gift-card-p-29165.html HTTP/1.0" 200 70261 "-" "Mozilla/5.0 (compatible; bingbot/2.0; +http://www.bing.com/bingbot.htm)"
40.77.167.106 - - [13/Jun/2021:19:54:37 +0200] "GET /images/big_prod/3609810062054.jpg HTTP/1.0" 200 268 "-" "Mozilla/5.0 (compatible; bingbot/2.0; +http://www.bing.com/bingbot.htm)"
157.55.39.128 - - [13/Jun/2021:19:54:40 +0200] "GET /jellyfish-glass-paperweight-p-49432.html HTTP/1.0" 200 72843 "-" "Mozilla/5.0 (compatible; bingbot/2.0; +http://www.bing.com/bingbot.htm)"
157.55.39.81 - - [13/Jun/2021:19:54:41 +0200] "GET /wooden-with-brass-borders-p-55075.html HTTP/1.0" 200 73731 "-" "Mozilla/5.0 (compatible; bingbot/2.0; +http://www.bing.com/bingbot.htm)"
157.55.39.81 - - [13/Jun/2021:19:54:42 +0200] "GET /metal-plate-30-cm-wine-p-50934.html HTTP/1.0" 301 72869 "-" "Mozilla/5.0 (compatible; bingbot/2.0; +http://www.bing.com/bingbot.htm)"
54.36.148.197 - - [13/Jun/2021:19:54:47 +0200] "GET /iphone-transparent-shell-with-personalized-picture-p-16340.html HTTP/1.0" 200 73320 "-" "Mozilla/5.0 (compatible; AhrefsBot/7.0; +http://ahrefs.com/robot/)"
157.55.39.128 - - [13/Jun/2021:19:54:51 +0200] "GET /harley-davidson-ride-metal-plate-p-33720.html HTTP/1.0" 200 72886 "-" "Mozilla/5.0 (compatible; bingbot/2.0; +http://www.bing.com/bingbot.htm)"
40.77.167.106 - - [13/Jun/2021:19:54:56 +0200] "GET /-p-19145.html HTTP/1.0" 200 70165 "-" "Mozilla/5.0 (compatible; bingbot/2.0; +http://www.bing.com/bingbot.htm)"
185.191.171.37 - - [13/Jun/2021:19:55:01 +0200] "GET /round-doormat-diameter-60-cm-p-53933.html HTTP/1.0" 301 73759 "-" "Mozilla/5.0 (compatible; SemrushBot/7~bl; +http://www.semrush.com/bot.html)"
185.191.171.37 - - [13/Jun/2021:19:55:03 +0200] "GET /round-doormat-diameter-p-53933.html HTTP/1.0" 200 73670 "-" "Mozilla/5.0 (compatible; SemrushBot/7~bl; +http://www.semrush.com/bot.html)"
40.77.167.106 - - [13/Jun/2021:19:55:14 +0200] "GET /star-wars-darth-vader-stickers-p-15394.html HTTP/1.0" 200 70275 "-" "Mozilla/5.0 (compatible; bingbot/2.0; +http://www.bing.com/bingbot.htm)"
157.55.39.128 - - [13/Jun/2021:19:55:23 +0200] "GET /wall-stickers-hummingbirds-p-51119.html HTTP/1.0" 200 73556 "-" "Mozilla/5.0 (compatible; bingbot/2.0; +http://www.bing.com/bingbot.htm)"
185.191.171.16 - - [13/Jun/2021:19:55:33 +0200] "GET /black-slabbinck-p-30715.html HTTP/1.0" 200 72788 "-" "Mozilla/5.0 (compatible; SemrushBot/7~bl; +http://www.semrush.com/bot.html)"
66.249.70.40 - - [13/Jun/2021:19:55:39 +0200] "GET /images/big_prod_1/360981997964a.jpg HTTP/1.0" 200 270 "-" "Googlebot-Image/1.0"
17.121.114.19 - - [13/Jun/2021:19:55:51 +0200] "GET /tinted-candle-mass-purple-color-p-48930.html HTTP/1.0" 200 72626 "-" "Mozilla/5.0 (Macintosh; Intel Mac OS X 10_15_5) AppleWebKit/605.1.15 (KHTML, like Gecko) Version/13.1.1 Safari/605.1.15 (Applebot/0.1; +http://www.apple.com/go/applebot)"
157.55.39.128 - - [13/Jun/2021:19:56:01 +0200] "GET /provence-magnetic-corkscrew-p-44554.html HTTP/1.0" 200 72959 "-" "Mozilla/5.0 (compatible; bingbot/2.0; +http://www.bing.com/bingbot.htm)"
157.55.39.122 - - [13/Jun/2021:19:56:11 +0200] "GET /ceramic-salt-flower-with-spoon-p-54830.html HTTP/1.0" 200 73507 "-" "Mozilla/5.0 (compatible; bingbot/2.0; +http://www.bing.com/bingbot.htm)"
40.77.167.90 - - [13/Jun/2021:19:56:15 +0200] "GET /peppa-pig-little-backpack-p-30389.html HTTP/1.0" 301 70335 "-" "Mozilla/5.0 (compatible; bingbot/2.0; +http://www.bing.com/bingbot.htm)"
157.55.39.81 - - [13/Jun/2021:19:56:15 +0200] "GET /images/5411854144577.jpg HTTP/1.0" 200 259 "-" "Mozilla/5.0 (compatible; bingbot/2.0; +http://www.bing.com/bingbot.htm)"
40.77.167.106 - - [13/Jun/2021:19:56:23 +0200] "GET /-p-15154.html HTTP/1.0" 200 70165 "-" "Mozilla/5.0 (compatible; bingbot/2.0; +http://www.bing.com/bingbot.htm)"
157.55.39.81 - - [13/Jun/2021:19:56:31 +0200] "GET /grey-home-sweet-home-perfume-diffuser-p-40552.html HTTP/1.0" 200 73039 "-" "Mozilla/5.0 (compatible; bingbot/2.0; +http://www.bing.com/bingbot.htm)"
40.77.167.70 - - [13/Jun/2021:19:56:44 +0200] "GET /tweety-tennis-figurine-p-35358.html HTTP/1.0" 200 72803 "-" "Mozilla/5.0 (compatible; bingbot/2.0; +http://www.bing.com/bingbot.htm)"
17.121.114.19 - - [13/Jun/2021:19:56:50 +0200] "GET /clock-indian-spirit-mandala-p-42945.html HTTP/1.0" 200 72879 "-" "Mozilla/5.0 (Macintosh; Intel Mac OS X 10_15_5) AppleWebKit/605.1.15 (KHTML, like Gecko) Version/13.1.1 Safari/605.1.15 (Applebot/0.1; +http://www.apple.com/go/applebot)"
40.77.167.90 - - [13/Jun/2021:19:56:51 +0200] "GET /elephant-gold-jewelry-stand-and-white-cup-p-48827.html HTTP/1.0" 301 73195 "-" "Mozilla/5.0 (compatible; bingbot/2.0; +http://www.bing.com/bingbot.htm)"
54.36.148.248 - - [13/Jun/2021:19:56:52 +0200] "GET /metal-ding-dong-bell-bike-black-p-40743.html HTTP/1.0" 200 72904 "-" "Mozilla/5.0 (compatible; AhrefsBot/7.0; +http://ahrefs.com/robot/)"
157.55.39.152 - - [13/Jun/2021:19:56:55 +0200] "GET /-p-14870.html HTTP/1.0" 200 70165 "-" "Mozilla/5.0 (compatible; bingbot/2.0; +http://www.bing.com/bingbot.htm)"
185.191.171.44 - - [13/Jun/2021:19:57:32 +0200] "GET /ghostbust-door-p-50103.html?action=add_product HTTP/1.0" 302 476 "-" "Mozilla/5.0 (compatible; SemrushBot/7~bl; +http://www.semrush.com/bot.html)"
40.77.167.70 - - [13/Jun/2021:19:57:34 +0200] "GET /triskel-wooden-decoration-clip-p-46490.html HTTP/1.0" 200 70275 "-" "Mozilla/5.0 (compatible; bingbot/2.0; +http://www.bing.com/bingbot.htm)"
157.55.39.128 - - [13/Jun/2021:19:57:50 +0200] "GET /looney-toons-oval-placemat-p-17126.html HTTP/1.0" 200 73046 "-" "Mozilla/5.0 (compatible; bingbot/2.0; +http://www.bing.com/bingbot.htm)"
157.55.39.122 - - [13/Jun/2021:19:58:11 +0200] "GET /scent-heart-home-ruby-pomegranate-p-51058.html HTTP/1.0" 200 73245 "-" "Mozilla/5.0 (compatible; bingbot/2.0; +http://www.bing.com/bingbot.htm)"
40.65.123.15 - - [13/Jun/2021:19:58:16 +0200] "GET /images/8928591935308.jpg HTTP/1.0" 200 259 "-" "Python-urllib/3.6"
157.55.39.122 - - [13/Jun/2021:19:58:32 +0200] "GET /quartz-geode-size-about-220-p-46286.html HTTP/1.0" 301 73986 "-" "Mozilla/5.0 (compatible; bingbot/2.0; +http://www.bing.com/bingbot.htm)"
66.249.70.40 - - [13/Jun/2021:19:58:33 +0200] "GET /cushion-cherry-pits-p-54265.html HTTP/1.0" 200 72898 "-" "Mozilla/5.0 (Linux; Android 6.0.1; Nexus 5X Build/MMB29P) AppleWebKit/537.36 (KHTML, like Gecko) Chrome/91.0.4472.90 Mobile Safari/537.36 (compatible; Googlebot/2.1; +http://www.google.com/bot.html)"
157.55.39.152 - - [13/Jun/2021:19:58:36 +0200] "GET /play-pots-modeling-clay-p-21644.html HTTP/1.0" 301 70232 "-" "Mozilla/5.0 (compatible; bingbot/2.0; +http://www.bing.com/bingbot.htm)"
40.77.167.70 - - [13/Jun/2021:19:58:44 +0200] "GET /small-bleu-elefant-money-p-54807.html HTTP/1.0" 200 72880 "-" "Mozilla/5.0 (compatible; bingbot/2.0; +http://www.bing.com/bingbot.htm)"
54.36.148.155 - - [13/Jun/2021:19:58:47 +0200] "GET /quebec-cookware-cbkreation-p-29711.html HTTP/1.0" 200 72837 "-" "Mozilla/5.0 (compatible; AhrefsBot/7.0; +http://ahrefs.com/robot/)"
157.55.39.122 - - [13/Jun/2021:19:58:51 +0200] "GET /queen-chess-piece-silver-p-53097.html HTTP/1.0" 200 72854 "-" "Mozilla/5.0 (compatible; bingbot/2.0; +http://www.bing.com/bingbot.htm)"
185.191.171.44 - - [13/Jun/2021:19:58:57 +0200] "GET /kimmijunior-charly-girly-set-p-17994.html HTTP/1.0" 301 73285 "-" "Mozilla/5.0 (compatible; SemrushBot/7~bl; +http://www.semrush.com/bot.html)"
185.191.171.19 - - [13/Jun/2021:19:58:59 +0200] "GET /kimmijunior-charly-girly-p-17994.html HTTP/1.0" 200 73194 "-" "Mozilla/5.0 (compatible; SemrushBot/7~bl; +http://www.semrush.com/bot.html)"
40.77.167.106 - - [13/Jun/2021:19:59:03 +0200] "GET /-p-11976.html HTTP/1.0" 200 70165 "-" "Mozilla/5.0 (compatible; bingbot/2.0; +http://www.bing.com/bingbot.htm)"
157.55.39.81 - - [13/Jun/2021:19:59:12 +0200] "GET /llama-love-glasses-case-p-47579.html HTTP/1.0" 200 73467 "-" "Mozilla/5.0 (compatible; bingbot/2.0; +http://www.bing.com/bingbot.htm)"
40.77.167.70 - - [13/Jun/2021:19:59:24 +0200] "GET /support-metal-bottle-musician-p-54984.html HTTP/1.0" 200 73581 "-" "Mozilla/5.0 (compatible; bingbot/2.0; +http://www.bing.com/bingbot.htm)"
185.191.171.45 - - [13/Jun/2021:19:59:36 +0200] "GET /cotton-floor-cushion-green-45-cm-p-48835.html HTTP/1.0" 301 73555 "-" "Mozilla/5.0 (compatible; SemrushBot/7~bl; +http://www.semrush.com/bot.html)"
54.36.149.21 - - [13/Jun/2021:19:59:38 +0200] "GET /grey-cat-lighting-p-34289.html HTTP/1.0" 301 72807 "-" "Mozilla/5.0 (compatible; AhrefsBot/7.0; +http://ahrefs.com/robot/)"
185.191.171.2 - - [13/Jun/2021:19:59:38 +0200] "GET /cotton-floor-cushion-green-p-48835.html HTTP/1.0" 200 73462 "-" "Mozilla/5.0 (compatible; SemrushBot/7~bl; +http://www.semrush.com/bot.html)"
207.46.13.38 - - [13/Jun/2021:19:59:42 +0200] "GET /images/mini_prod/3660173161402.jpg HTTP/1.0" 200 269 "-" "Mozilla/5.0 (compatible; bingbot/2.0; +http://www.bing.com/bingbot.htm)"
147.92.153.6 - - [13/Jun/2021:19:59:43 +0200] "GET /cats-dubout-large-bowl-p-55394.html HTTP/1.0" 200 72799 "-" "Mozilla/5.0 (compatible; Linespider/1.1; +https://lin.ee/4dwXkTH)"
17.121.115.226 - - [13/Jun/2021:19:59:48 +0200] "GET /head-wallet-model-p-39445.html HTTP/1.0" 200 72816 "-" "Mozilla/5.0 (Macintosh; Intel Mac OS X 10_15_5) AppleWebKit/605.1.15 (KHTML, like Gecko) Version/13.1.1 Safari/605.1.15 (Applebot/0.1; +http://www.apple.com/go/applebot)"
185.191.171.12 - - [13/Jun/2021:19:59:49 +0200] "GET /happy-place-wooden-wall-decoration-hang-p-35372.html?action=add_product HTTP/1.0" 302 476 "-" "Mozilla/5.0 (compatible; SemrushBot/7~bl; +http://www.semrush.com/bot.html)"
157.55.39.128 - - [13/Jun/2021:20:00:02 +0200] "GET /phosphorescent-musical-jewelry-dancer-p-41992.html HTTP/1.0" 200 74183 "-" "Mozilla/5.0 (compatible; bingbot/2.0; +http://www.bing.com/bingbot.htm)"
111.225.149.144 - - [13/Jun/2021:20:00:27 +0200] "GET /retro-clock-p-55424.html HTTP/1.0" 200 73336 "-" "Mozilla/5.0 (Linux; Android 5.0) AppleWebKit/537.36 (KHTML, like Gecko) Mobile Safari/537.36 (compatible; Bytespider; https://zhanzhang.toutiao.com/)"
111.225.149.147 - - [13/Jun/2021:20:00:29 +0200] "GET /swfobject.js HTTP/1.0" 404 1308 "http://www.wonder-geek.com/retro-clock-p-55424.html" "Mozilla/5.0 (Linux; Android 5.0) AppleWebKit/537.36 (KHTML, like Gecko) Mobile Safari/537.36 (compatible; Bytespider; https://zhanzhang.toutiao.com/)"
111.225.149.146 - - [13/Jun/2021:20:00:29 +0200] "GET /mondial_relay/js/jquery-1.3.2.min.js HTTP/1.0" 200 276 "http://www.wonder-geek.com/retro-clock-p-55424.html" "Mozilla/5.0 (Linux; Android 5.0) AppleWebKit/537.36 (KHTML, like Gecko) Mobile Safari/537.36 (compatible; Bytespider; https://zhanzhang.toutiao.com/)"
54.36.148.159 - - [13/Jun/2021:20:00:42 +0200] "GET /iphone-white-shell-with-personalized-picture-p-16339.html HTTP/1.0" 200 73266 "-" "Mozilla/5.0 (compatible; AhrefsBot/7.0; +http://ahrefs.com/robot/)"
40.77.167.106 - - [13/Jun/2021:20:00:42 +0200] "GET /-p-20655.html HTTP/1.0" 200 70165 "-" "Mozilla/5.0 (compatible; bingbot/2.0; +http://www.bing.com/bingbot.htm)"
111.225.149.144 - - [13/Jun/2021:20:01:04 +0200] "GET /swfobject.js HTTP/1.0" 404 1308 "http://www.wonder-geek.com/retro-clock-p-55424.html" "Mozilla/5.0 (Linux; Android 5.0) AppleWebKit/537.36 (KHTML, like Gecko) Mobile Safari/537.36 (compatible; Bytespider; https://zhanzhang.toutiao.com/)"
111.225.149.144 - - [13/Jun/2021:20:01:05 +0200] "GET /mondial_relay/js/jquery-1.3.2.min.js HTTP/1.0" 200 276 "http://www.wonder-geek.com/retro-clock-p-55424.html" "Mozilla/5.0 (Linux; Android 5.0) AppleWebKit/537.36 (KHTML, like Gecko) Mobile Safari/537.36 (compatible; Bytespider; https://zhanzhang.toutiao.com/)"
111.225.149.144 - - [13/Jun/2021:20:01:17 +0200] "GET /mondial_relay/js/jquery-1.3.2.min.js HTTP/1.0" 200 276 "http://www.wonder-geek.com/retro-clock-p-55424.html" "Mozilla/5.0 (Linux; Android 5.0) AppleWebKit/537.36 (KHTML, like Gecko) Mobile Safari/537.36 (compatible; Bytespider; https://zhanzhang.toutiao.com/)"
185.191.171.2 - - [13/Jun/2021:20:01:26 +0200] "GET /playboy-vintage-p-13758.html HTTP/1.0" 200 72788 "-" "Mozilla/5.0 (compatible; SemrushBot/7~bl; +http://www.semrush.com/bot.html)"
157.55.39.81 - - [13/Jun/2021:20:01:26 +0200] "GET /soft-toys-security-blanket-c-4_46.html?page=8 HTTP/1.0" 200 91076 "-" "Mozilla/5.0 (compatible; bingbot/2.0; +http://www.bing.com/bingbot.htm)"
40.77.167.57 - - [13/Jun/2021:20:01:40 +0200] "GET /-p-22489.html HTTP/1.0" 200 70165 "-" "Mozilla/5.0 (compatible; bingbot/2.0; +http://www.bing.com/bingbot.htm)"
157.55.39.152 - - [13/Jun/2021:20:01:48 +0200] "GET /exit-wooden-frame-p-34875.html HTTP/1.0" 301 70232 "-" "Mozilla/5.0 (compatible; bingbot/2.0; +http://www.bing.com/bingbot.htm)"
40.77.167.70 - - [13/Jun/2021:20:01:54 +0200] "GET /stone-carnelian-200-210-grams-p-46577.html HTTP/1.0" 301 74397 "-" "Mozilla/5.0 (compatible; bingbot/2.0; +http://www.bing.com/bingbot.htm)"
185.191.171.24 - - [13/Jun/2021:20:02:06 +0200] "GET /table-lamp-openwork-metal-sphere-p-48075.html HTTP/1.0" 200 72888 "-" "Mozilla/5.0 (compatible; SemrushBot/7~bl; +http://www.semrush.com/bot.html)"
66.249.81.48 - - [13/Jun/2021:20:02:06 +0200] "GET /images/big_prod_2/3442440302790z.jpg HTTP/1.0" 200 271 "-" "Mozilla/5.0 (Windows NT 5.1; rv:11.0) Gecko Firefox/11.0 (via ggpht.com GoogleImageProxy)"
83.99.11.157 - - [13/Jun/2021:20:02:10 +0200] "GET /pure-washed-linen-cushion-cover-p-54379.html HTTP/1.0" 200 74059 "https://www.google.com/" "Mozilla/5.0 (Windows NT 10.0; Win64; x64) AppleWebKit/537.36 (KHTML, like Gecko) Chrome/91.0.4472.101 Safari/537.36"
83.99.11.157 - - [13/Jun/2021:20:02:12 +0200] "GET /templates/Pixame_v1/stylesheet.css HTTP/1.0" 200 267 "http://www.wonder-geek.com/pure-washed-linen-cushion-cover-p-54379.html" "Mozilla/5.0 (Windows NT 10.0; Win64; x64) AppleWebKit/537.36 (KHTML, like Gecko) Chrome/91.0.4472.101 Safari/537.36"
83.99.11.157 - - [13/Jun/2021:20:02:12 +0200] "GET /js/jquery.jqzoom.js HTTP/1.0" 200 259 "http://www.wonder-geek.com/pure-washed-linen-cushion-cover-p-54379.html" "Mozilla/5.0 (Windows NT 10.0; Win64; x64) AppleWebKit/537.36 (KHTML, like Gecko) Chrome/91.0.4472.101 Safari/537.36"
83.99.11.157 - - [13/Jun/2021:20:02:12 +0200] "GET /mondial_relay/js/jquery-1.3.2.min.js HTTP/1.0" 200 276 "http://www.wonder-geek.com/pure-washed-linen-cushion-cover-p-54379.html" "Mozilla/5.0 (Windows NT 10.0; Win64; x64) AppleWebKit/537.36 (KHTML, like Gecko) Chrome/91.0.4472.101 Safari/537.36"
83.99.11.157 - - [13/Jun/2021:20:02:12 +0200] "GET /js/jquery.js HTTP/1.0" 200 252 "http://www.wonder-geek.com/pure-washed-linen-cushion-cover-p-54379.html" "Mozilla/5.0 (Windows NT 10.0; Win64; x64) AppleWebKit/537.36 (KHTML, like Gecko) Chrome/91.0.4472.101 Safari/537.36"
83.99.11.157 - - [13/Jun/2021:20:02:12 +0200] "GET /highslide/highslide.js HTTP/1.0" 200 262 "http://www.wonder-geek.com/pure-washed-linen-cushion-cover-p-54379.html" "Mozilla/5.0 (Windows NT 10.0; Win64; x64) AppleWebKit/537.36 (KHTML, like Gecko) Chrome/91.0.4472.101 Safari/537.36"
83.99.11.157 - - [13/Jun/2021:20:02:12 +0200] "GET /swfobject.js HTTP/1.0" 404 1308 "http://www.wonder-geek.com/pure-washed-linen-cushion-cover-p-54379.html" "Mozilla/5.0 (Windows NT 10.0; Win64; x64) AppleWebKit/537.36 (KHTML, like Gecko) Chrome/91.0.4472.101 Safari/537.36"
83.99.11.157 - - [13/Jun/2021:20:02:12 +0200] "GET /templates/Pixame_v1/images/icon_accueil2.png HTTP/1.0" 200 278 "http://www.wonder-geek.com/pure-washed-linen-cushion-cover-p-54379.html" "Mozilla/5.0 (Windows NT 10.0; Win64; x64) AppleWebKit/537.36 (KHTML, like Gecko) Chrome/91.0.4472.101 Safari/537.36"
83.99.11.157 - - [13/Jun/2021:20:02:12 +0200] "GET /templates/Pixame_v1/images/infobox/pixel_trans.gif HTTP/1.0" 200 328 "http://www.wonder-geek.com/pure-washed-linen-cushion-cover-p-54379.html" "Mozilla/5.0 (Windows NT 10.0; Win64; x64) AppleWebKit/537.36 (KHTML, like Gecko) Chrome/91.0.4472.101 Safari/537.36"
83.99.11.157 - - [13/Jun/2021:20:02:12 +0200] "GET /templates/Pixame_v1/images/pixel_trans.gif HTTP/1.0" 200 328 "http://www.wonder-geek.com/pure-washed-linen-cushion-cover-p-54379.html" "Mozilla/5.0 (Windows NT 10.0; Win64; x64) AppleWebKit/537.36 (KHTML, like Gecko) Chrome/91.0.4472.101 Safari/537.36"
83.99.11.157 - - [13/Jun/2021:20:02:12 +0200] "GET /images/pixel_trans.gif HTTP/1.0" 200 328 "http://www.wonder-geek.com/pure-washed-linen-cushion-cover-p-54379.html" "Mozilla/5.0 (Windows NT 10.0; Win64; x64) AppleWebKit/537.36 (KHTML, like Gecko) Chrome/91.0.4472.101 Safari/537.36"
83.99.11.157 - - [13/Jun/2021:20:02:12 +0200] "GET /images/big_prod/3442440302806.jpg HTTP/1.0" 200 268 "http://www.wonder-geek.com/pure-washed-linen-cushion-cover-p-54379.html" "Mozilla/5.0 (Windows NT 10.0; Win64; x64) AppleWebKit/537.36 (KHTML, like Gecko) Chrome/91.0.4472.101 Safari/537.36"
83.99.11.157 - - [13/Jun/2021:20:02:12 +0200] "GET /templates/Pixame_v1/images/Middle_texture.jpg HTTP/1.0" 200 280 "http://www.wonder-geek.com/templates/Pixame_v1/stylesheet.css" "Mozilla/5.0 (Windows NT 10.0; Win64; x64) AppleWebKit/537.36 (KHTML, like Gecko) Chrome/91.0.4472.101 Safari/537.36"
83.99.11.157 - - [13/Jun/2021:20:02:12 +0200] "GET /templates/Pixame_v1/images/Bottom_texture.jpg HTTP/1.0" 200 280 "http://www.wonder-geek.com/templates/Pixame_v1/stylesheet.css" "Mozilla/5.0 (Windows NT 10.0; Win64; x64) AppleWebKit/537.36 (KHTML, like Gecko) Chrome/91.0.4472.101 Safari/537.36"
83.99.11.157 - - [13/Jun/2021:20:02:12 +0200] "GET /templates/Pixame_v1/images/header.png HTTP/1.0" 200 271 "http://www.wonder-geek.com/templates/Pixame_v1/stylesheet.css" "Mozilla/5.0 (Windows NT 10.0; Win64; x64) AppleWebKit/537.36 (KHTML, like Gecko) Chrome/91.0.4472.101 Safari/537.36"
83.99.11.157 - - [13/Jun/2021:20:02:12 +0200] "GET /templates/Pixame_v1/images/nav.png HTTP/1.0" 200 268 "http://www.wonder-geek.com/templates/Pixame_v1/stylesheet.css" "Mozilla/5.0 (Windows NT 10.0; Win64; x64) AppleWebKit/537.36 (KHTML, like Gecko) Chrome/91.0.4472.101 Safari/537.36"
83.99.11.157 - - [13/Jun/2021:20:02:12 +0200] "GET /templates/Pixame_v1/images/header-object.png HTTP/1.0" 200 278 "http://www.wonder-geek.com/templates/Pixame_v1/stylesheet.css" "Mozilla/5.0 (Windows NT 10.0; Win64; x64) AppleWebKit/537.36 (KHTML, like Gecko) Chrome/91.0.4472.101 Safari/537.36"
83.99.11.157 - - [13/Jun/2021:20:02:12 +0200] "GET /images/big_prod_2/3442440302790z.jpg HTTP/1.0" 200 271 "http://www.wonder-geek.com/pure-washed-linen-cushion-cover-p-54379.html" "Mozilla/5.0 (Windows NT 10.0; Win64; x64) AppleWebKit/537.36 (KHTML, like Gecko) Chrome/91.0.4472.101 Safari/537.36"
83.99.11.157 - - [13/Jun/2021:20:02:12 +0200] "GET /highslide/graphics/zoomin.cur HTTP/1.0" 200 614 "http://www.wonder-geek.com/templates/Pixame_v1/stylesheet.css" "Mozilla/5.0 (Windows NT 10.0; Win64; x64) AppleWebKit/537.36 (KHTML, like Gecko) Chrome/91.0.4472.101 Safari/537.36"
83.99.11.157 - - [13/Jun/2021:20:02:12 +0200] "GET /templates/Pixame_v1/images/infobox/infobox_footer_middle.gif HTTP/1.0" 200 357 "http://www.wonder-geek.com/pure-washed-linen-cushion-cover-p-54379.html" "Mozilla/5.0 (Windows NT 10.0; Win64; x64) AppleWebKit/537.36 (KHTML, like Gecko) Chrome/91.0.4472.101 Safari/537.36"
83.99.11.157 - - [13/Jun/2021:20:02:12 +0200] "GET /design/productsenstock.png HTTP/1.0" 200 260 "http://www.wonder-geek.com/templates/Pixame_v1/stylesheet.css" "Mozilla/5.0 (Windows NT 10.0; Win64; x64) AppleWebKit/537.36 (KHTML, like Gecko) Chrome/91.0.4472.101 Safari/537.36"
83.99.11.157 - - [13/Jun/2021:20:02:12 +0200] "GET /images/big_prod_1/housse-de-coussin-prelude-30x50-cm.jpg HTTP/1.0" 200 291 "http://www.wonder-geek.com/pure-washed-linen-cushion-cover-p-54379.html" "Mozilla/5.0 (Windows NT 10.0; Win64; x64) AppleWebKit/537.36 (KHTML, like Gecko) Chrome/91.0.4472.101 Safari/537.36"
83.99.11.157 - - [13/Jun/2021:20:02:12 +0200] "GET /templates/Pixame_v1/images/buttons/english/button_in_cart.gif HTTP/1.0" 200 295 "http://www.wonder-geek.com/pure-washed-linen-cushion-cover-p-54379.html" "Mozilla/5.0 (Windows NT 10.0; Win64; x64) AppleWebKit/537.36 (KHTML, like Gecko) Chrome/91.0.4472.101 Safari/537.36"
40.77.167.57 - - [13/Jun/2021:20:02:11 +0200] "GET /glass-votive-holder-gold-p-42646.html HTTP/1.0" 200 73000 "-" "Mozilla/5.0 (compatible; bingbot/2.0; +http://www.bing.com/bingbot.htm)"
83.99.11.157 - - [13/Jun/2021:20:02:13 +0200] "GET /highslide/graphics/outlines/drop-shadow.png HTTP/1.0" 200 277 "http://www.wonder-geek.com/pure-washed-linen-cushion-cover-p-54379.html" "Mozilla/5.0 (Windows NT 10.0; Win64; x64) AppleWebKit/537.36 (KHTML, like Gecko) Chrome/91.0.4472.101 Safari/537.36"
83.99.11.157 - - [13/Jun/2021:20:02:13 +0200] "GET /highslide/graphics/loader.white.gif HTTP/1.0" 200 960 "http://www.wonder-geek.com/templates/Pixame_v1/stylesheet.css" "Mozilla/5.0 (Windows NT 10.0; Win64; x64) AppleWebKit/537.36 (KHTML, like Gecko) Chrome/91.0.4472.101 Safari/537.36"
83.99.11.157 - - [13/Jun/2021:20:02:13 +0200] "GET /favicon.ico HTTP/1.0" 200 260 "http://www.wonder-geek.com/pure-washed-linen-cushion-cover-p-54379.html" "Mozilla/5.0 (Windows NT 10.0; Win64; x64) AppleWebKit/537.36 (KHTML, like Gecko) Chrome/91.0.4472.101 Safari/537.36"
83.99.11.157 - - [13/Jun/2021:20:02:13 +0200] "GET /highslide/graphics/zoomout.cur HTTP/1.0" 200 614 "http://www.wonder-geek.com/pure-washed-linen-cushion-cover-p-54379.html" "Mozilla/5.0 (Windows NT 10.0; Win64; x64) AppleWebKit/537.36 (KHTML, like Gecko) Chrome/91.0.4472.101 Safari/537.36"
157.55.39.152 - - [13/Jun/2021:20:02:15 +0200] "GET /-p-19975.html HTTP/1.0" 200 70165 "-" "Mozilla/5.0 (compatible; bingbot/2.0; +http://www.bing.com/bingbot.htm)"
157.55.39.122 - - [13/Jun/2021:20:02:21 +0200] "GET /bloom-allen-desings-adult-apron-p-54534.html HTTP/1.0" 200 73469 "-" "Mozilla/5.0 (compatible; bingbot/2.0; +http://www.bing.com/bingbot.htm)"
157.55.39.122 - - [13/Jun/2021:20:02:23 +0200] "GET /veronese-design-vitruvian-man-figurine-22-cm-p-34249.html HTTP/1.0" 301 73436 "-" "Mozilla/5.0 (compatible; bingbot/2.0; +http://www.bing.com/bingbot.htm)"
40.77.167.106 - - [13/Jun/2021:20:02:25 +0200] "GET /microfiber-bolster-p-39799.html HTTP/1.0" 200 72930 "-" "Mozilla/5.0 (compatible; bingbot/2.0; +http://www.bing.com/bingbot.htm)"
185.191.171.39 - - [13/Jun/2021:20:02:27 +0200] "GET /stade-toulousain-polar-blanket-p-52740.html HTTP/1.0" 301 70232 "-" "Mozilla/5.0 (compatible; SemrushBot/7~bl; +http://www.semrush.com/bot.html)"
185.191.171.1 - - [13/Jun/2021:20:02:29 +0200] "GET /-p-52740.html HTTP/1.0" 200 70165 "-" "Mozilla/5.0 (compatible; SemrushBot/7~bl; +http://www.semrush.com/bot.html)"
40.77.167.57 - - [13/Jun/2021:20:02:31 +0200] "GET /kimmidoll-yua-metal-keyring-p-17489.html HTTP/1.0" 301 70373 "-" "Mozilla/5.0 (compatible; bingbot/2.0; +http://www.bing.com/bingbot.htm)"
54.36.149.44 - - [13/Jun/2021:20:02:32 +0200] "GET /holder-coffee-capsules-p-52714.html HTTP/1.0" 200 72957 "-" "Mozilla/5.0 (compatible; AhrefsBot/7.0; +http://ahrefs.com/robot/)"
40.77.167.90 - - [13/Jun/2021:20:02:34 +0200] "GET /ogc-nice-flag-p-38276.html HTTP/1.0" 301 70289 "-" "Mozilla/5.0 (compatible; bingbot/2.0; +http://www.bing.com/bingbot.htm)"
157.55.39.128 - - [13/Jun/2021:20:02:35 +0200] "GET /kimmi-junior-meika-pocket-mirror-p-15846.html HTTP/1.0" 200 75886 "-" "Mozilla/5.0 (compatible; bingbot/2.0; +http://www.bing.com/bingbot.htm)"
40.77.167.106 - - [13/Jun/2021:20:02:54 +0200] "GET /kimmidoll-mihoko-vanity-collection-p-28688.html HTTP/1.0" 200 70326 "-" "Mozilla/5.0 (compatible; bingbot/2.0; +http://www.bing.com/bingbot.htm)"
66.249.70.40 - - [13/Jun/2021:20:03:16 +0200] "GET /images/big_prod_1/3520071807164B.jpg HTTP/1.0" 200 271 "-" "Googlebot-Image/1.0"
157.55.39.44 - - [13/Jun/2021:20:03:18 +0200] "GET /ben-10-towel-p-6174.html HTTP/1.0" 301 70258 "-" "Mozilla/5.0 (compatible; bingbot/2.0; +http://www.bing.com/bingbot.htm)"
185.191.171.26 - - [13/Jun/2021:20:03:37 +0200] "GET /world-vintage-clock-p-47713.html HTTP/1.0" 200 72920 "-" "Mozilla/5.0 (compatible; SemrushBot/7~bl; +http://www.semrush.com/bot.html)"
40.77.167.57 - - [13/Jun/2021:20:03:50 +0200] "GET /concrete-pencil-p-41579.html HTTP/1.0" 200 72785 "-" "Mozilla/5.0 (compatible; bingbot/2.0; +http://www.bing.com/bingbot.htm)"
