40.77.167.106 - - [13/Jun/2021:23:25:36 +0200] "GET /fff-kids-school-bag-p-52063.html HTTP/1.0" 301 70293 "-" "Mozilla/5.0 (compatible; bingbot/2.0; +http://www.bing.com/bingbot.htm)"
185.191.171.13 - - [13/Jun/2021:23:25:36 +0200] "GET /chair-cushion-velcro-blue-and-lin-38-cm-p-49314.html HTTP/1.0" 301 73022 "-" "Mozilla/5.0 (compatible; SemrushBot/7~bl; +http://www.semrush.com/bot.html)"
185.191.171.43 - - [13/Jun/2021:23:25:41 +0200] "GET /chair-cushion-scratchs-blue-p-49314.html HTTP/1.0" 200 72928 "-" "Mozilla/5.0 (compatible; SemrushBot/7~bl; +http://www.semrush.com/bot.html)"
66.249.70.38 - - [13/Jun/2021:23:25:45 +0200] "GET /paris-saint-germain-beer-glasses-p-33916.html HTTP/1.0" 200 72958 "-" "Mozilla/5.0 (compatible; Googlebot/2.1; +http://www.google.com/bot.html)"
40.77.167.106 - - [13/Jun/2021:23:26:07 +0200] "GET /tinkerbell-fairy-figurine-periwinkle-p-19377.html HTTP/1.0" 200 70336 "-" "Mozilla/5.0 (compatible; bingbot/2.0; +http://www.bing.com/bingbot.htm)"
185.191.171.37 - - [13/Jun/2021:23:26:27 +0200] "GET /hanging-board-buddha-quote-if-you-turn-on-lamp-for-someone-p-49494.html HTTP/1.0" 301 73264 "-" "Mozilla/5.0 (compatible; SemrushBot/7~bl; +http://www.semrush.com/bot.html)"
185.191.171.8 - - [13/Jun/2021:23:26:29 +0200] "GET /hanging-board-buddha-quote-turn-lamp-someone-p-49494.html HTTP/1.0" 200 73153 "-" "Mozilla/5.0 (compatible; SemrushBot/7~bl; +http://www.semrush.com/bot.html)"
40.77.167.90 - - [13/Jun/2021:23:26:43 +0200] "GET /pink-flamingo-night-light-with-led-p-48680.html HTTP/1.0" 301 72999 "-" "Mozilla/5.0 (compatible; bingbot/2.0; +http://www.bing.com/bingbot.htm)"
157.55.39.152 - - [13/Jun/2021:23:26:47 +0200] "GET /van-gogh-coffee-duo-set-p-48226.html HTTP/1.0" 301 73540 "-" "Mozilla/5.0 (compatible; bingbot/2.0; +http://www.bing.com/bingbot.htm)"
157.55.39.122 - - [13/Jun/2021:23:26:52 +0200] "GET /images/5022271900839.jpg HTTP/1.0" 200 259 "-" "Mozilla/5.0 (compatible; bingbot/2.0; +http://www.bing.com/bingbot.htm)"
157.55.39.128 - - [13/Jun/2021:23:27:02 +0200] "GET /frozen-blue-vanity-p-34114.html HTTP/1.0" 200 72900 "-" "Mozilla/5.0 (compatible; bingbot/2.0; +http://www.bing.com/bingbot.htm)"
157.55.39.152 - - [13/Jun/2021:23:27:06 +0200] "GET /kaloo-plume-lilac-bear-soft-toy-p-15729.html HTTP/1.0" 301 70397 "-" "Mozilla/5.0 (compatible; bingbot/2.0; +http://www.bing.com/bingbot.htm)"
40.77.167.57 - - [13/Jun/2021:23:27:09 +0200] "GET /horse-mini-trolley-p-49037.html HTTP/1.0" 200 73497 "-" "Mozilla/5.0 (compatible; bingbot/2.0; +http://www.bing.com/bingbot.htm)"
157.55.39.44 - - [13/Jun/2021:23:27:11 +0200] "GET /glass-votive-holder-heart-home-blue-p-37446.html HTTP/1.0" 200 74076 "-" "Mozilla/5.0 (compatible; bingbot/2.0; +http://www.bing.com/bingbot.htm)"
54.36.148.86 - - [13/Jun/2021:23:27:15 +0200] "GET /bagshandbags-shoulder-bags-c-31_81.html?page=4 HTTP/1.0" 200 97269 "-" "Mozilla/5.0 (compatible; AhrefsBot/7.0; +http://ahrefs.com/robot/)"
157.55.39.44 - - [13/Jun/2021:23:27:28 +0200] "GET /retro-chest-in-weathered-wood-p-52940.html HTTP/1.0" 301 72907 "-" "Mozilla/5.0 (compatible; bingbot/2.0; +http://www.bing.com/bingbot.htm)"
207.46.13.38 - - [13/Jun/2021:23:27:52 +0200] "GET /images/mini_prod/9316188081016.jpg HTTP/1.0" 200 269 "-" "Mozilla/5.0 (compatible; bingbot/2.0; +http://www.bing.com/bingbot.htm)"
157.55.39.128 - - [13/Jun/2021:23:28:01 +0200] "GET /images/big_prod/3560600313728.jpg HTTP/1.0" 200 268 "-" "Mozilla/5.0 (compatible; bingbot/2.0; +http://www.bing.com/bingbot.htm)"
51.68.224.127 - - [13/Jun/2021:23:28:03 +0200] "GET /adminweb/export_orders_xml.php?token=256de2z6edz6ed2z6DFSFsed2zed6zeDSFDSGdzedezfzf&maxorders=10&orderstart=1&status=14&start_date=2018-10-01 HTTP/1.0" 200 285 "-" "GesCom CharlotteBoutik Serveur"
51.68.224.127 - - [13/Jun/2021:23:28:03 +0200] "GET /adminweb/export_orders_xml.php?token=256de2z6edz6ed2z6DFSFsed2zed6zeDSFDSGdzedezfzf&maxorders=10&orderstart=1&status=6&start_date=2018-10-01 HTTP/1.0" 200 30039 "-" "GesCom CharlotteBoutik Serveur"
40.77.167.70 - - [13/Jun/2021:23:28:07 +0200] "GET /industrial-retro-clock-in-aged-metal-20-17-cm-p-48586.html HTTP/1.0" 301 70423 "-" "Mozilla/5.0 (compatible; bingbot/2.0; +http://www.bing.com/bingbot.htm)"
157.55.39.122 - - [13/Jun/2021:23:28:20 +0200] "GET /english-flag-salt-pepper-p-29274.html HTTP/1.0" 200 72815 "-" "Mozilla/5.0 (compatible; bingbot/2.0; +http://www.bing.com/bingbot.htm)"
157.55.39.122 - - [13/Jun/2021:23:28:22 +0200] "GET /kimmidoll-namika-nail-files-p-31931.html HTTP/1.0" 200 72903 "-" "Mozilla/5.0 (compatible; bingbot/2.0; +http://www.bing.com/bingbot.htm)"
185.191.171.33 - - [13/Jun/2021:23:28:40 +0200] "GET /robots.txt HTTP/1.0" 301 531 "-" "Mozilla/5.0 (compatible; SemrushBot/7~bl; +http://www.semrush.com/bot.html)"
185.191.171.43 - - [13/Jun/2021:23:28:41 +0200] "GET /robots.txt HTTP/1.0" 200 245 "-" "Mozilla/5.0 (compatible; SemrushBot/7~bl; +http://www.semrush.com/bot.html)"
185.191.171.38 - - [13/Jun/2021:23:28:41 +0200] "GET /luggages-schoolbags-leather-shop/suitcaselittle-suitcase-trolley/hello-kitty-kiss-purple-suitcase-p-18398.html HTTP/1.0" 301 731 "-" "Mozilla/5.0 (compatible; SemrushBot/7~bl; +http://www.semrush.com/bot.html)"
185.191.171.38 - - [13/Jun/2021:23:28:41 +0200] "GET /luggages-schoolbags-leather-shop/suitcaselittle-suitcase-trolley/hello-kitty-kiss-purple-suitcase-p-18398.html HTTP/1.0" 301 70415 "-" "Mozilla/5.0 (compatible; SemrushBot/7~bl; +http://www.semrush.com/bot.html)"
185.191.171.9 - - [13/Jun/2021:23:28:44 +0200] "GET /hello-kitty-kiss-purple-suitcase-p-18398.html HTTP/1.0" 200 70316 "-" "Mozilla/5.0 (compatible; SemrushBot/7~bl; +http://www.semrush.com/bot.html)"
157.55.39.128 - - [13/Jun/2021:23:28:54 +0200] "GET /mobile-bells-metal-elephants-p-41509.html HTTP/1.0" 200 73495 "-" "Mozilla/5.0 (compatible; bingbot/2.0; +http://www.bing.com/bingbot.htm)"
157.55.39.44 - - [13/Jun/2021:23:29:19 +0200] "GET /so-sweet-white-women-tee-shirt-p-30996.html HTTP/1.0" 301 74922 "-" "Mozilla/5.0 (compatible; bingbot/2.0; +http://www.bing.com/bingbot.htm)"
157.55.39.44 - - [13/Jun/2021:23:29:21 +0200] "GET /cotton-floor-cushion-40-cm-louison-p-51666.html HTTP/1.0" 301 73802 "-" "Mozilla/5.0 (compatible; bingbot/2.0; +http://www.bing.com/bingbot.htm)"
66.249.70.40 - - [13/Jun/2021:23:29:25 +0200] "GET /guevara-zippo-lighter-p-29758.html HTTP/1.0" 200 73265 "-" "Mozilla/5.0 (Linux; Android 6.0.1; Nexus 5X Build/MMB29P) AppleWebKit/537.36 (KHTML, like Gecko) Chrome/91.0.4472.90 Mobile Safari/537.36 (compatible; Googlebot/2.1; +http://www.google.com/bot.html)"
40.77.167.70 - - [13/Jun/2021:23:29:34 +0200] "GET /vespa-navy-blue-mug-p-15553.html HTTP/1.0" 301 70325 "-" "Mozilla/5.0 (compatible; bingbot/2.0; +http://www.bing.com/bingbot.htm)"
185.191.171.6 - - [13/Jun/2021:23:30:08 +0200] "GET /giraffe-statuette-resin-p-52582.html HTTP/1.0" 200 73457 "-" "Mozilla/5.0 (compatible; SemrushBot/7~bl; +http://www.semrush.com/bot.html)"
157.55.39.122 - - [13/Jun/2021:23:30:12 +0200] "GET /african-water-carrier-figurine-p-55283.html HTTP/1.0" 200 73539 "-" "Mozilla/5.0 (compatible; bingbot/2.0; +http://www.bing.com/bingbot.htm)"
40.77.167.57 - - [13/Jun/2021:23:30:16 +0200] "GET /-p-33612.html HTTP/1.0" 200 70165 "-" "Mozilla/5.0 (compatible; bingbot/2.0; +http://www.bing.com/bingbot.htm)"
220.243.135.68 - - [13/Jun/2021:23:30:25 +0200] "GET /glass-cutting-board-cbkreation-p-51303.html HTTP/1.0" 200 72871 "-" "Mozilla/5.0 (Linux; Android 5.0) AppleWebKit/537.36 (KHTML, like Gecko) Mobile Safari/537.36 (compatible; Bytespider; https://zhanzhang.toutiao.com/)"
220.243.135.70 - - [13/Jun/2021:23:30:26 +0200] "GET /swfobject.js HTTP/1.0" 404 1308 "http://www.wonder-geek.com/glass-cutting-board-cbkreation-p-51303.html" "Mozilla/5.0 (Linux; Android 5.0) AppleWebKit/537.36 (KHTML, like Gecko) Mobile Safari/537.36 (compatible; Bytespider; https://zhanzhang.toutiao.com/)"
220.243.135.85 - - [13/Jun/2021:23:30:27 +0200] "GET /highslide/graphics/zoomout.cur HTTP/1.0" 200 614 "http://www.wonder-geek.com/glass-cutting-board-cbkreation-p-51303.html" "Mozilla/5.0 (Linux; Android 5.0) AppleWebKit/537.36 (KHTML, like Gecko) Mobile Safari/537.36 (compatible; Bytespider; https://zhanzhang.toutiao.com/)"
220.243.135.85 - - [13/Jun/2021:23:30:27 +0200] "GET /images/big_prod/8422011475707.jpg HTTP/1.0" 200 268 "http://www.wonder-geek.com/glass-cutting-board-cbkreation-p-51303.html" "Mozilla/5.0 (Linux; Android 5.0) AppleWebKit/537.36 (KHTML, like Gecko) Mobile Safari/537.36 (compatible; Bytespider; https://zhanzhang.toutiao.com/)"
17.121.115.133 - - [13/Jun/2021:23:30:34 +0200] "GET /mani-lucky-charm-size-amour-p-33281.html HTTP/1.0" 200 73121 "-" "Mozilla/5.0 (Macintosh; Intel Mac OS X 10_15_5) AppleWebKit/605.1.15 (KHTML, like Gecko) Version/13.1.1 Safari/605.1.15 (Applebot/0.1; +http://www.apple.com/go/applebot)"
157.55.39.122 - - [13/Jun/2021:23:30:50 +0200] "GET /jack-never-land-pirates-little-backpack-p-30384.html HTTP/1.0" 200 73231 "-" "Mozilla/5.0 (compatible; bingbot/2.0; +http://www.bing.com/bingbot.htm)"
157.55.39.128 - - [13/Jun/2021:23:30:55 +0200] "GET /snow-white-queen-figure-p-3603.html HTTP/1.0" 200 70272 "-" "Mozilla/5.0 (compatible; bingbot/2.0; +http://www.bing.com/bingbot.htm)"
157.55.39.128 - - [13/Jun/2021:23:30:56 +0200] "GET /kimmidoll-masayo-nail-files-p-31932.html HTTP/1.0" 200 72903 "-" "Mozilla/5.0 (compatible; bingbot/2.0; +http://www.bing.com/bingbot.htm)"
40.77.167.106 - - [13/Jun/2021:23:31:00 +0200] "GET /houndstooth-russian-doll-cushion-by-cbkreation-p-18422.html HTTP/1.0" 301 70429 "-" "Mozilla/5.0 (compatible; bingbot/2.0; +http://www.bing.com/bingbot.htm)"
54.36.148.86 - - [13/Jun/2021:23:31:08 +0200] "GET /nerf-darts-refill-elite-p-20346.html HTTP/1.0" 200 72700 "-" "Mozilla/5.0 (compatible; AhrefsBot/7.0; +http://ahrefs.com/robot/)"
157.55.39.122 - - [13/Jun/2021:23:31:20 +0200] "GET /-p-10263.html HTTP/1.0" 200 70165 "-" "Mozilla/5.0 (compatible; bingbot/2.0; +http://www.bing.com/bingbot.htm)"
157.55.39.122 - - [13/Jun/2021:23:31:21 +0200] "GET /disney-princess-umbrella-p-6041.html HTTP/1.0" 200 70274 "-" "Mozilla/5.0 (compatible; bingbot/2.0; +http://www.bing.com/bingbot.htm)"
40.77.167.90 - - [13/Jun/2021:23:31:25 +0200] "GET /jasmin-large-cabas-hmong-eggplant-p-37992.html HTTP/1.0" 200 70288 "-" "Mozilla/5.0 (compatible; bingbot/2.0; +http://www.bing.com/bingbot.htm)"
40.77.167.106 - - [13/Jun/2021:23:31:25 +0200] "GET /images/c4010070229269.jpg HTTP/1.0" 200 260 "-" "Mozilla/5.0 (compatible; bingbot/2.0; +http://www.bing.com/bingbot.htm)"
40.77.167.70 - - [13/Jun/2021:23:31:25 +0200] "GET /white-star-table-or-hanging-lamp-p-52983.html HTTP/1.0" 301 73820 "-" "Mozilla/5.0 (compatible; bingbot/2.0; +http://www.bing.com/bingbot.htm)"
40.77.167.106 - - [13/Jun/2021:23:31:30 +0200] "GET /-p-26497.html HTTP/1.0" 200 70165 "-" "Mozilla/5.0 (compatible; bingbot/2.0; +http://www.bing.com/bingbot.htm)"
40.77.167.57 - - [13/Jun/2021:23:31:35 +0200] "GET /tinted-candle-in-the-mass-ivory-color-p-48915.html HTTP/1.0" 301 72996 "-" "Mozilla/5.0 (compatible; bingbot/2.0; +http://www.bing.com/bingbot.htm)"
40.77.167.57 - - [13/Jun/2021:23:31:36 +0200] "GET /-p-30627.html HTTP/1.0" 200 70165 "-" "Mozilla/5.0 (compatible; bingbot/2.0; +http://www.bing.com/bingbot.htm)"
157.55.39.81 - - [13/Jun/2021:23:31:53 +0200] "GET /beige-small-box-for-baby-teeth-p-33507.html HTTP/1.0" 301 73044 "-" "Mozilla/5.0 (compatible; bingbot/2.0; +http://www.bing.com/bingbot.htm)"
157.55.39.81 - - [13/Jun/2021:23:31:55 +0200] "GET /paris-aime-small-tray-p-18985.html HTTP/1.0" 200 73017 "-" "Mozilla/5.0 (compatible; bingbot/2.0; +http://www.bing.com/bingbot.htm)"
40.77.167.57 - - [13/Jun/2021:23:32:00 +0200] "GET /-p-21501.html HTTP/1.0" 200 70165 "-" "Mozilla/5.0 (compatible; bingbot/2.0; +http://www.bing.com/bingbot.htm)"
40.77.167.90 - - [13/Jun/2021:23:32:06 +0200] "GET /cuba-metal-tray-p-39516.html HTTP/1.0" 200 72871 "-" "Mozilla/5.0 (compatible; bingbot/2.0; +http://www.bing.com/bingbot.htm)"
54.36.148.12 - - [13/Jun/2021:23:32:06 +0200] "GET /metal-retro-red-van-pill-box-p-34574.html HTTP/1.0" 301 70232 "-" "Mozilla/5.0 (compatible; AhrefsBot/7.0; +http://ahrefs.com/robot/)"
157.55.39.128 - - [13/Jun/2021:23:32:23 +0200] "GET /placemat-exotique-p-53601.html HTTP/1.0" 200 73333 "-" "Mozilla/5.0 (compatible; bingbot/2.0; +http://www.bing.com/bingbot.htm)"
207.46.13.38 - - [13/Jun/2021:23:32:29 +0200] "GET /minnie-mouse-pencil-pot-p-22595.html HTTP/1.0" 301 73161 "-" "Mozilla/5.0 (compatible; bingbot/2.0; +http://www.bing.com/bingbot.htm)"
13.83.127.109 - - [13/Jun/2021:23:32:36 +0200] "GET /images/4010070217860.jpg HTTP/1.0" 200 259 "-" "Python-urllib/3.6"
40.77.167.106 - - [13/Jun/2021:23:32:36 +0200] "GET /embroidered-rectangular-tablecloth-kolam-p-46467.html HTTP/1.0" 200 73013 "-" "Mozilla/5.0 (compatible; bingbot/2.0; +http://www.bing.com/bingbot.htm)"
157.55.39.81 - - [13/Jun/2021:23:32:43 +0200] "GET /paris-paperweight-p-32049.html HTTP/1.0" 200 70223 "-" "Mozilla/5.0 (compatible; bingbot/2.0; +http://www.bing.com/bingbot.htm)"
40.77.167.90 - - [13/Jun/2021:23:33:02 +0200] "GET /iron-man-statue-pot-candy-p-30912.html HTTP/1.0" 301 72976 "-" "Mozilla/5.0 (compatible; bingbot/2.0; +http://www.bing.com/bingbot.htm)"
147.92.153.3 - - [13/Jun/2021:23:33:04 +0200] "GET /gift-towels-p-52068.html HTTP/1.0" 200 72922 "-" "Mozilla/5.0 (compatible; Linespider/1.1; +https://lin.ee/4dwXkTH)"
207.46.13.38 - - [13/Jun/2021:23:33:25 +0200] "GET /swfobject.js HTTP/1.0" 404 1308 "-" "Mozilla/5.0 (compatible; bingbot/2.0; +http://www.bing.com/bingbot.htm)"
207.46.13.38 - - [13/Jun/2021:23:33:26 +0200] "GET /barbapapa-placemat-p-11714.html HTTP/1.0" 200 72706 "-" "Mozilla/5.0 (compatible; bingbot/2.0; +http://www.bing.com/bingbot.htm)"
157.55.39.128 - - [13/Jun/2021:23:33:44 +0200] "GET /incense-satya-nag-champa-sandalwood-15-grams-or-about-15-sticks-p-44398.html HTTP/1.0" 301 74249 "-" "Mozilla/5.0 (compatible; bingbot/2.0; +http://www.bing.com/bingbot.htm)"
40.77.167.57 - - [13/Jun/2021:23:33:51 +0200] "GET /plaid-sofa-throw-portofino-with-fringes-beige-p-47923.html HTTP/1.0" 200 73750 "-" "Mozilla/5.0 (compatible; bingbot/2.0; +http://www.bing.com/bingbot.htm)"
185.191.171.8 - - [13/Jun/2021:23:34:21 +0200] "GET /small-metal-plate-collection-vespa-pin-up-p-16836.html HTTP/1.0" 301 73711 "-" "Mozilla/5.0 (compatible; SemrushBot/7~bl; +http://www.semrush.com/bot.html)"
185.191.171.8 - - [13/Jun/2021:23:34:25 +0200] "GET /small-metal-plate-collection-vespa-p-16836.html HTTP/1.0" 200 73610 "-" "Mozilla/5.0 (compatible; SemrushBot/7~bl; +http://www.semrush.com/bot.html)"
157.55.39.152 - - [13/Jun/2021:23:34:26 +0200] "GET /-p-19975.html HTTP/1.0" 200 70165 "-" "Mozilla/5.0 (compatible; bingbot/2.0; +http://www.bing.com/bingbot.htm)"
54.36.148.86 - - [13/Jun/2021:23:34:35 +0200] "GET /spiderman-small-flexible-molds-model-p-28219.html HTTP/1.0" 200 73075 "-" "Mozilla/5.0 (compatible; AhrefsBot/7.0; +http://ahrefs.com/robot/)"
157.55.39.44 - - [13/Jun/2021:23:34:49 +0200] "GET /walking-dead-shirt-p-29586.html HTTP/1.0" 200 74455 "-" "Mozilla/5.0 (compatible; bingbot/2.0; +http://www.bing.com/bingbot.htm)"
157.55.39.81 - - [13/Jun/2021:23:35:03 +0200] "GET /flamingo-trivet-p-43940.html HTTP/1.0" 200 72738 "-" "Mozilla/5.0 (compatible; bingbot/2.0; +http://www.bing.com/bingbot.htm)"
40.77.167.57 - - [13/Jun/2021:23:35:11 +0200] "GET /images/mini_prod/8422020166351.jpg HTTP/1.0" 200 269 "-" "Mozilla/5.0 (compatible; bingbot/2.0; +http://www.bing.com/bingbot.htm)"
66.249.70.38 - - [13/Jun/2021:23:35:39 +0200] "GET /images/big_prod/3700281647822.jpg HTTP/1.0" 200 268 "-" "Googlebot-Image/1.0"
157.55.39.81 - - [13/Jun/2021:23:35:44 +0200] "GET /disney-princess-placemat-p-22494.html HTTP/1.0" 200 72871 "-" "Mozilla/5.0 (compatible; bingbot/2.0; +http://www.bing.com/bingbot.htm)"
207.46.13.38 - - [13/Jun/2021:23:35:48 +0200] "GET /teo-jasmin-companion-portfolio-america-white-p-38696.html HTTP/1.0" 301 74305 "-" "Mozilla/5.0 (compatible; bingbot/2.0; +http://www.bing.com/bingbot.htm)"
157.55.39.152 - - [13/Jun/2021:23:36:25 +0200] "GET /bracelet-chakra-chips-p-45454.html HTTP/1.0" 200 72916 "-" "Mozilla/5.0 (compatible; bingbot/2.0; +http://www.bing.com/bingbot.htm)"
40.77.167.106 - - [13/Jun/2021:23:36:31 +0200] "GET /charmmy-kitty-set-of-hair-clips-p-13536.html HTTP/1.0" 301 70394 "-" "Mozilla/5.0 (compatible; bingbot/2.0; +http://www.bing.com/bingbot.htm)"
40.77.167.106 - - [13/Jun/2021:23:36:36 +0200] "GET /images/big_prod/842200907261.jpg HTTP/1.0" 200 267 "-" "Mozilla/5.0 (compatible; bingbot/2.0; +http://www.bing.com/bingbot.htm)"
54.36.149.21 - - [13/Jun/2021:23:36:42 +0200] "GET /60-bedclothes-220-240-cm-p-24456.html HTTP/1.0" 301 70232 "-" "Mozilla/5.0 (compatible; AhrefsBot/7.0; +http://ahrefs.com/robot/)"
40.77.167.70 - - [13/Jun/2021:23:36:46 +0200] "GET /ken-khaki-messenger-bag-p-11248.html HTTP/1.0" 301 70337 "-" "Mozilla/5.0 (compatible; bingbot/2.0; +http://www.bing.com/bingbot.htm)"
40.77.167.70 - - [13/Jun/2021:23:37:06 +0200] "GET /accessories-c-97_98.html HTTP/1.0" 200 84100 "-" "Mozilla/5.0 (compatible; bingbot/2.0; +http://www.bing.com/bingbot.htm)"
185.191.171.1 - - [13/Jun/2021:23:37:17 +0200] "GET /union-jack-cosmetics-p-30028.html HTTP/1.0" 200 72881 "-" "Mozilla/5.0 (compatible; SemrushBot/7~bl; +http://www.semrush.com/bot.html)"
54.36.148.86 - - [13/Jun/2021:23:37:53 +0200] "GET /london-stamp-cushion-p-26110.html HTTP/1.0" 200 73040 "-" "Mozilla/5.0 (compatible; AhrefsBot/7.0; +http://ahrefs.com/robot/)"
40.77.167.70 - - [13/Jun/2021:23:37:55 +0200] "GET /hello-kitty-p-22244.html HTTP/1.0" 200 72894 "-" "Mozilla/5.0 (compatible; bingbot/2.0; +http://www.bing.com/bingbot.htm)"
40.77.167.90 - - [13/Jun/2021:23:38:05 +0200] "GET /-p-15820.html HTTP/1.0" 200 70165 "-" "Mozilla/5.0 (compatible; bingbot/2.0; +http://www.bing.com/bingbot.htm)"
157.55.39.44 - - [13/Jun/2021:23:38:10 +0200] "GET /garden-gnomes-set-cups-espresso-p-32013.html HTTP/1.0" 301 70403 "-" "Mozilla/5.0 (compatible; bingbot/2.0; +http://www.bing.com/bingbot.htm)"
66.249.70.38 - - [13/Jun/2021:23:38:25 +0200] "GET /images/8435306266867.jpg HTTP/1.0" 200 259 "-" "Googlebot-Image/1.0"
185.191.171.16 - - [13/Jun/2021:23:38:28 +0200] "GET /teo-jasmin-jasmine-mug-p-41389.html HTTP/1.0" 301 72845 "-" "Mozilla/5.0 (compatible; SemrushBot/7~bl; +http://www.semrush.com/bot.html)"
185.191.171.5 - - [13/Jun/2021:23:38:30 +0200] "GET /jasmin-jasmine-p-41389.html HTTP/1.0" 200 72764 "-" "Mozilla/5.0 (compatible; SemrushBot/7~bl; +http://www.semrush.com/bot.html)"
40.77.167.106 - - [13/Jun/2021:23:38:37 +0200] "GET /water-hyacinth-table-lamp-p-55247.html HTTP/1.0" 200 73604 "-" "Mozilla/5.0 (compatible; bingbot/2.0; +http://www.bing.com/bingbot.htm)"
157.55.39.81 - - [13/Jun/2021:23:38:44 +0200] "GET /my-little-pony-mini-led-glitter-shake-and-shine-p-31919.html HTTP/1.0" 301 73419 "-" "Mozilla/5.0 (compatible; bingbot/2.0; +http://www.bing.com/bingbot.htm)"
185.191.171.18 - - [13/Jun/2021:23:39:02 +0200] "GET /voyage-stickers-p-39329.html?action=add_product HTTP/1.0" 302 476 "-" "Mozilla/5.0 (compatible; SemrushBot/7~bl; +http://www.semrush.com/bot.html)"
40.77.167.70 - - [13/Jun/2021:23:39:15 +0200] "GET /images/8003990616086.jpg HTTP/1.0" 200 259 "-" "Mozilla/5.0 (compatible; bingbot/2.0; +http://www.bing.com/bingbot.htm)"
207.46.13.38 - - [13/Jun/2021:23:39:25 +0200] "GET /iron-man-avengers-figure-p-24825.html HTTP/1.0" 301 73018 "-" "Mozilla/5.0 (compatible; bingbot/2.0; +http://www.bing.com/bingbot.htm)"
207.46.13.38 - - [13/Jun/2021:23:39:27 +0200] "GET /oops-daisy-vintage-gorjuss-post-card-p-34617.html HTTP/1.0" 200 70342 "-" "Mozilla/5.0 (compatible; bingbot/2.0; +http://www.bing.com/bingbot.htm)"
157.55.39.128 - - [13/Jun/2021:23:39:34 +0200] "GET /nici-horseshoe-stamp-p-22398.html HTTP/1.0" 200 70256 "-" "Mozilla/5.0 (compatible; bingbot/2.0; +http://www.bing.com/bingbot.htm)"
185.191.171.39 - - [13/Jun/2021:23:39:48 +0200] "GET /decorative-statuette-monkeys-wisdom-orange-p-52735.html?action=add_product HTTP/1.0" 302 476 "-" "Mozilla/5.0 (compatible; SemrushBot/7~bl; +http://www.semrush.com/bot.html)"
207.46.13.38 - - [13/Jun/2021:23:39:54 +0200] "GET /images/big_prod/3565750289664.jpg HTTP/1.0" 200 268 "-" "Mozilla/5.0 (compatible; bingbot/2.0; +http://www.bing.com/bingbot.htm)"
207.46.13.38 - - [13/Jun/2021:23:39:55 +0200] "GET /sausage-box-with-knife-happy-therapie-p-47686.html HTTP/1.0" 301 72988 "-" "Mozilla/5.0 (compatible; bingbot/2.0; +http://www.bing.com/bingbot.htm)"
54.36.148.95 - - [13/Jun/2021:23:40:10 +0200] "GET /pan-am-suitcase-size-p-28631.html HTTP/1.0" 301 70232 "-" "Mozilla/5.0 (compatible; AhrefsBot/7.0; +http://ahrefs.com/robot/)"
157.55.39.44 - - [13/Jun/2021:23:40:11 +0200] "GET /decorations-and-furnishings/decorations/enerve-packet-cigarettes-case-p-14954.html HTTP/1.0" 301 70232 "-" "Mozilla/5.0 (compatible; bingbot/2.0; +http://www.bing.com/bingbot.htm)"
40.77.167.57 - - [13/Jun/2021:23:40:15 +0200] "GET /hello-kitty-large-bag-pink-high-street-by-camomilla-p-18457.html HTTP/1.0" 301 70508 "-" "Mozilla/5.0 (compatible; bingbot/2.0; +http://www.bing.com/bingbot.htm)"
220.243.188.89 - - [13/Jun/2021:23:40:27 +0200] "GET /industrial-storage-medium-size-only-p-45109.html HTTP/1.0" 200 73813 "-" "Mozilla/5.0 (Linux; Android 5.0) AppleWebKit/537.36 (KHTML, like Gecko) Mobile Safari/537.36 (compatible; Bytespider; https://zhanzhang.toutiao.com/)"
220.243.188.89 - - [13/Jun/2021:23:40:29 +0200] "GET /swfobject.js HTTP/1.0" 404 1308 "http://www.wonder-geek.com/industrial-storage-medium-size-only-p-45109.html" "Mozilla/5.0 (Linux; Android 5.0) AppleWebKit/537.36 (KHTML, like Gecko) Mobile Safari/537.36 (compatible; Bytespider; https://zhanzhang.toutiao.com/)"
185.191.171.3 - - [13/Jun/2021:23:40:30 +0200] "GET /jouets-citron-magnet-p-15272.html?action=add_product HTTP/1.0" 302 476 "-" "Mozilla/5.0 (compatible; SemrushBot/7~bl; +http://www.semrush.com/bot.html)"
220.243.188.90 - - [13/Jun/2021:23:40:31 +0200] "GET /images/big_prod_1/indus2.jpg HTTP/1.0" 200 263 "http://www.wonder-geek.com/industrial-storage-medium-size-only-p-45109.html" "Mozilla/5.0 (Linux; Android 5.0) AppleWebKit/537.36 (KHTML, like Gecko) Mobile Safari/537.36 (compatible; Bytespider; https://zhanzhang.toutiao.com/)"
54.36.148.2 - - [13/Jun/2021:23:40:31 +0200] "GET /duvet-cover-in-cotton-percale-80-threads-140-200-cm-p-51261.html HTTP/1.0" 301 73205 "-" "Mozilla/5.0 (compatible; AhrefsBot/7.0; +http://ahrefs.com/robot/)"
220.243.188.82 - - [13/Jun/2021:23:40:31 +0200] "GET /highslide/graphics/zoomout.cur HTTP/1.0" 200 614 "http://www.wonder-geek.com/industrial-storage-medium-size-only-p-45109.html" "Mozilla/5.0 (Linux; Android 5.0) AppleWebKit/537.36 (KHTML, like Gecko) Mobile Safari/537.36 (compatible; Bytespider; https://zhanzhang.toutiao.com/)"
220.243.188.91 - - [13/Jun/2021:23:40:32 +0200] "GET /images/big_prod/INDUS.jpg HTTP/1.0" 200 260 "http://www.wonder-geek.com/industrial-storage-medium-size-only-p-45109.html" "Mozilla/5.0 (Linux; Android 5.0) AppleWebKit/537.36 (KHTML, like Gecko) Mobile Safari/537.36 (compatible; Bytespider; https://zhanzhang.toutiao.com/)"
185.191.171.38 - - [13/Jun/2021:23:40:40 +0200] "GET /fiat-yellow-pencil-case-p-17069.html HTTP/1.0" 200 73057 "-" "Mozilla/5.0 (compatible; SemrushBot/7~bl; +http://www.semrush.com/bot.html)"
54.36.148.252 - - [13/Jun/2021:23:41:10 +0200] "GET /jewelry-boxes-holders-c-13_150_131.html?page=2 HTTP/1.0" 200 82705 "-" "Mozilla/5.0 (compatible; AhrefsBot/7.0; +http://ahrefs.com/robot/)"
157.55.39.81 - - [13/Jun/2021:23:41:14 +0200] "GET /lighting-c-13_86.html?page=10 HTTP/1.0" 200 93380 "-" "Mozilla/5.0 (compatible; bingbot/2.0; +http://www.bing.com/bingbot.htm)"
40.77.167.70 - - [13/Jun/2021:23:41:36 +0200] "GET /barbamama-melamine-plate-p-9351.html HTTP/1.0" 200 70249 "-" "Mozilla/5.0 (compatible; bingbot/2.0; +http://www.bing.com/bingbot.htm)"
54.36.148.141 - - [13/Jun/2021:23:41:38 +0200] "GET /water-bottles-and-sport-bottles-c-12_161.html?page=6 HTTP/1.0" 301 96007 "-" "Mozilla/5.0 (compatible; AhrefsBot/7.0; +http://ahrefs.com/robot/)"
40.77.167.106 - - [13/Jun/2021:23:41:48 +0200] "GET /monkey-statue-resin-said-nothing-nothing-seen-nothing-heard-p-52841.html HTTP/1.0" 200 73178 "-" "Mozilla/5.0 (compatible; bingbot/2.0; +http://www.bing.com/bingbot.htm)"
157.55.39.122 - - [13/Jun/2021:23:41:53 +0200] "GET /cotton-bath-mat-50-80-cm-poudre-de-lila-p-47265.html HTTP/1.0" 301 73925 "-" "Mozilla/5.0 (compatible; bingbot/2.0; +http://www.bing.com/bingbot.htm)"
185.191.171.26 - - [13/Jun/2021:23:42:06 +0200] "GET /flower-life-earrings-brass-golden-p-39340.html HTTP/1.0" 200 72877 "-" "Mozilla/5.0 (compatible; SemrushBot/7~bl; +http://www.semrush.com/bot.html)"
185.191.171.38 - - [13/Jun/2021:23:42:29 +0200] "GET /100-paris-pencil-case-p-15434.html HTTP/1.0" 301 72873 "-" "Mozilla/5.0 (compatible; SemrushBot/7~bl; +http://www.semrush.com/bot.html)"
185.191.171.4 - - [13/Jun/2021:23:42:31 +0200] "GET /paris-pencil-case-p-15434.html HTTP/1.0" 200 72789 "-" "Mozilla/5.0 (compatible; SemrushBot/7~bl; +http://www.semrush.com/bot.html)"
40.77.167.90 - - [13/Jun/2021:23:42:38 +0200] "GET /white-black-skull-keyrings-sound-light-p-40194.html HTTP/1.0" 200 73034 "-" "Mozilla/5.0 (compatible; bingbot/2.0; +http://www.bing.com/bingbot.htm)"
157.55.39.122 - - [13/Jun/2021:23:42:51 +0200] "GET /little-frog-savings-bank-p-48694.html HTTP/1.0" 200 72800 "-" "Mozilla/5.0 (compatible; bingbot/2.0; +http://www.bing.com/bingbot.htm)"
54.36.148.86 - - [13/Jun/2021:23:42:51 +0200] "GET /bratz-scarf-glove-p-22129.html HTTP/1.0" 200 73025 "-" "Mozilla/5.0 (compatible; AhrefsBot/7.0; +http://ahrefs.com/robot/)"
185.191.171.6 - - [13/Jun/2021:23:43:01 +0200] "GET /bears-decoration-statuette-p-49224.html HTTP/1.0" 200 70259 "-" "Mozilla/5.0 (compatible; SemrushBot/7~bl; +http://www.semrush.com/bot.html)"
40.77.167.57 - - [13/Jun/2021:23:43:11 +0200] "GET /vintage-pin-up-cola-cola-canvas-frame-35-35-cm-p-33386.html HTTP/1.0" 301 73155 "-" "Mozilla/5.0 (compatible; bingbot/2.0; +http://www.bing.com/bingbot.htm)"
40.77.167.90 - - [13/Jun/2021:23:43:26 +0200] "GET /white-horse-cbkreation-p-25998.html HTTP/1.0" 200 72826 "-" "Mozilla/5.0 (compatible; bingbot/2.0; +http://www.bing.com/bingbot.htm)"
40.77.167.70 - - [13/Jun/2021:23:43:45 +0200] "GET /votive-candle-hours-sweet-p-34630.html HTTP/1.0" 200 73928 "-" "Mozilla/5.0 (compatible; bingbot/2.0; +http://www.bing.com/bingbot.htm)"
185.191.171.1 - - [13/Jun/2021:23:43:45 +0200] "GET /breakfast-board-half-tassen-made-germany-p-53732.html HTTP/1.0" 200 74151 "-" "Mozilla/5.0 (compatible; SemrushBot/7~bl; +http://www.semrush.com/bot.html)"
147.92.153.5 - - [13/Jun/2021:23:43:45 +0200] "GET /paris-towels-p-48625.html HTTP/1.0" 200 72798 "-" "Mozilla/5.0 (compatible; Linespider/1.1; +https://lin.ee/4dwXkTH)"
157.55.39.152 - - [13/Jun/2021:23:43:49 +0200] "GET /unicorn-pencil-p-51484.html HTTP/1.0" 200 73318 "-" "Mozilla/5.0 (compatible; bingbot/2.0; +http://www.bing.com/bingbot.htm)"
40.77.167.57 - - [13/Jun/2021:23:44:22 +0200] "GET /bag-of-300-grams-of-chewing-gum-machine-compatible-p-39031.html HTTP/1.0" 301 70418 "-" "Mozilla/5.0 (compatible; bingbot/2.0; +http://www.bing.com/bingbot.htm)"
51.68.224.127 - - [13/Jun/2021:23:44:25 +0200] "GET /adminweb/export_orders_xml.php?token=256de2z6edz6ed2z6DFSFsed2zed6zeDSFDSGdzedezfzf&maxorders=10&orderstart=1&status=14&start_date=2018-10-01 HTTP/1.0" 200 285 "-" "GesCom CharlotteBoutik Serveur"
51.68.224.127 - - [13/Jun/2021:23:44:25 +0200] "GET /adminweb/export_orders_xml.php?token=256de2z6edz6ed2z6DFSFsed2zed6zeDSFDSGdzedezfzf&maxorders=10&orderstart=1&status=6&start_date=2018-10-01 HTTP/1.0" 200 30039 "-" "GesCom CharlotteBoutik Serveur"
54.36.149.65 - - [13/Jun/2021:23:44:32 +0200] "GET /duvet-cover-cotton-percale-threads-p-53224.html HTTP/1.0" 200 73104 "-" "Mozilla/5.0 (compatible; AhrefsBot/7.0; +http://ahrefs.com/robot/)"
157.55.39.122 - - [13/Jun/2021:23:44:32 +0200] "GET /decorative-brass-telescope-p-51516.html HTTP/1.0" 200 73473 "-" "Mozilla/5.0 (compatible; bingbot/2.0; +http://www.bing.com/bingbot.htm)"
40.77.167.57 - - [13/Jun/2021:23:44:37 +0200] "GET /-p-1927.html HTTP/1.0" 200 70163 "-" "Mozilla/5.0 (compatible; bingbot/2.0; +http://www.bing.com/bingbot.htm)"
40.77.167.106 - - [13/Jun/2021:23:44:48 +0200] "GET /beatles-cover-smartphone-p-8883.html HTTP/1.0" 200 73102 "-" "Mozilla/5.0 (compatible; bingbot/2.0; +http://www.bing.com/bingbot.htm)"
185.191.171.12 - - [13/Jun/2021:23:44:51 +0200] "GET /quebec-pot-cookware-cbkreation-p-29711.html HTTP/1.0" 301 72930 "-" "Mozilla/5.0 (compatible; SemrushBot/7~bl; +http://www.semrush.com/bot.html)"
185.191.171.39 - - [13/Jun/2021:23:44:53 +0200] "GET /quebec-cookware-cbkreation-p-29711.html HTTP/1.0" 200 72837 "-" "Mozilla/5.0 (compatible; SemrushBot/7~bl; +http://www.semrush.com/bot.html)"
157.55.39.81 - - [13/Jun/2021:23:45:25 +0200] "GET /french-prsident-cbkreation-p-13833.html HTTP/1.0" 200 72941 "-" "Mozilla/5.0 (compatible; bingbot/2.0; +http://www.bing.com/bingbot.htm)"
40.77.167.70 - - [13/Jun/2021:23:45:29 +0200] "GET /large-tassen-porcelain-hopeful-bowl-made-in-germany-p-52576.html HTTP/1.0" 301 74043 "-" "Mozilla/5.0 (compatible; bingbot/2.0; +http://www.bing.com/bingbot.htm)"
54.36.148.116 - - [13/Jun/2021:23:45:37 +0200] "GET /carefree-cohorts-timon-and-pumbaa-figurine-p-37695.html HTTP/1.0" 301 73645 "-" "Mozilla/5.0 (compatible; AhrefsBot/7.0; +http://ahrefs.com/robot/)"
157.55.39.152 - - [13/Jun/2021:23:45:46 +0200] "GET /-p-5770.html HTTP/1.0" 200 70163 "-" "Mozilla/5.0 (compatible; bingbot/2.0; +http://www.bing.com/bingbot.htm)"
40.77.167.57 - - [13/Jun/2021:23:46:01 +0200] "GET /js/jquery.js HTTP/1.0" 200 252 "-" "Mozilla/5.0 (compatible; bingbot/2.0; +http://www.bing.com/bingbot.htm)"
185.191.171.21 - - [13/Jun/2021:23:46:14 +0200] "GET /bonheur-large-metal-plate-deco-p-54246.html HTTP/1.0" 200 73465 "-" "Mozilla/5.0 (compatible; SemrushBot/7~bl; +http://www.semrush.com/bot.html)"
54.36.148.209 - - [13/Jun/2021:23:46:16 +0200] "GET /klimt-fulfilment-candle-holder-p-53588.html HTTP/1.0" 200 73573 "-" "Mozilla/5.0 (compatible; AhrefsBot/7.0; +http://ahrefs.com/robot/)"
185.191.171.9 - - [13/Jun/2021:23:46:34 +0200] "GET /hello-kitty-large-bag-blue-high-street-by-camomilla-p-18458.html HTTP/1.0" 301 70508 "-" "Mozilla/5.0 (compatible; SemrushBot/7~bl; +http://www.semrush.com/bot.html)"
185.191.171.38 - - [13/Jun/2021:23:46:37 +0200] "GET /hello-kitty-large-blue-high-street-camomilla-p-18458.html HTTP/1.0" 200 70397 "-" "Mozilla/5.0 (compatible; SemrushBot/7~bl; +http://www.semrush.com/bot.html)"
17.121.115.240 - - [13/Jun/2021:23:46:46 +0200] "GET /games-toys-c-4.html?page=6 HTTP/1.0" 200 92379 "-" "Mozilla/5.0 (Macintosh; Intel Mac OS X 10_15_5) AppleWebKit/605.1.15 (KHTML, like Gecko) Version/13.1.1 Safari/605.1.15 (Applebot/0.1; +http://www.apple.com/go/applebot)"
185.191.171.39 - - [13/Jun/2021:23:46:51 +0200] "GET /sausage-box-with-knife-paris-p-47324.html HTTP/1.0" 301 72937 "-" "Mozilla/5.0 (compatible; SemrushBot/7~bl; +http://www.semrush.com/bot.html)"
185.191.171.7 - - [13/Jun/2021:23:46:54 +0200] "GET /sausage-with-knife-paris-p-47324.html HTTP/1.0" 200 72846 "-" "Mozilla/5.0 (compatible; SemrushBot/7~bl; +http://www.semrush.com/bot.html)"
157.55.39.44 - - [13/Jun/2021:23:47:01 +0200] "GET /cactus-theme-indian-espresso-cup-p-39625.html HTTP/1.0" 301 72995 "-" "Mozilla/5.0 (compatible; bingbot/2.0; +http://www.bing.com/bingbot.htm)"
157.55.39.44 - - [13/Jun/2021:23:47:00 +0200] "GET /table-setting-c-97_99.html HTTP/1.0" 200 80407 "-" "Mozilla/5.0 (compatible; bingbot/2.0; +http://www.bing.com/bingbot.htm)"
185.191.171.40 - - [13/Jun/2021:23:47:14 +0200] "GET /frames-flags-and-decorative-paintings-c-13_148.html?page=13 HTTP/1.0" 301 93913 "-" "Mozilla/5.0 (compatible; SemrushBot/7~bl; +http://www.semrush.com/bot.html)"
185.191.171.16 - - [13/Jun/2021:23:47:16 +0200] "GET /frames-flags-decorative-paintings-c-148.html?page=13 HTTP/1.0" 301 93790 "-" "Mozilla/5.0 (compatible; SemrushBot/7~bl; +http://www.semrush.com/bot.html)"
185.191.171.10 - - [13/Jun/2021:23:47:18 +0200] "GET /frames-flags-decorative-paintings-c-13_148.html?page=13 HTTP/1.0" 200 93807 "-" "Mozilla/5.0 (compatible; SemrushBot/7~bl; +http://www.semrush.com/bot.html)"
157.55.39.152 - - [13/Jun/2021:23:47:24 +0200] "GET /metal-moneybox-star-wars-darth-vader-p-34869.html HTTP/1.0" 301 70232 "-" "Mozilla/5.0 (compatible; bingbot/2.0; +http://www.bing.com/bingbot.htm)"
40.77.167.70 - - [13/Jun/2021:23:47:25 +0200] "GET /small-box-for-baby-teeth-jade-p-50814.html HTTP/1.0" 301 73660 "-" "Mozilla/5.0 (compatible; bingbot/2.0; +http://www.bing.com/bingbot.htm)"
207.46.13.38 - - [13/Jun/2021:23:47:28 +0200] "GET /marsupilami-bath-toys-p-7303.html HTTP/1.0" 301 70229 "-" "Mozilla/5.0 (compatible; bingbot/2.0; +http://www.bing.com/bingbot.htm)"
185.191.171.6 - - [13/Jun/2021:23:47:29 +0200] "GET /bedclothes-140-200-cm-grey-p-44336.html HTTP/1.0" 301 70232 "-" "Mozilla/5.0 (compatible; SemrushBot/7~bl; +http://www.semrush.com/bot.html)"
185.191.171.38 - - [13/Jun/2021:23:47:32 +0200] "GET /-p-44336.html HTTP/1.0" 200 70165 "-" "Mozilla/5.0 (compatible; SemrushBot/7~bl; +http://www.semrush.com/bot.html)"
185.191.171.38 - - [13/Jun/2021:23:47:36 +0200] "GET /sonny-angel-york-series-figurine-p-50043.html HTTP/1.0" 200 73736 "-" "Mozilla/5.0 (compatible; SemrushBot/7~bl; +http://www.semrush.com/bot.html)"
40.77.167.70 - - [13/Jun/2021:23:47:54 +0200] "GET /boho-canvas-frame-34-23-cm-dream-catcher-p-39214.html HTTP/1.0" 301 73108 "-" "Mozilla/5.0 (compatible; bingbot/2.0; +http://www.bing.com/bingbot.htm)"
66.160.140.184 - - [13/Jun/2021:23:48:02 +0200] "GET /robots.txt HTTP/1.0" 200 245 "-" "The Knowledge AI"
66.160.140.184 - - [13/Jun/2021:23:48:03 +0200] "GET / HTTP/1.0" 200 149876 "-" "The Knowledge AI"
207.46.13.38 - - [13/Jun/2021:23:48:04 +0200] "GET /decorations/magnets/route-logo-metal-magnet-p-8188.html HTTP/1.0" 301 621 "-" "Mozilla/5.0 (compatible; bingbot/2.0; +http://www.bing.com/bingbot.htm)"
54.36.149.30 - - [13/Jun/2021:23:48:04 +0200] "GET /lotus-canvas-frame-p-33992.html HTTP/1.0" 200 72918 "-" "Mozilla/5.0 (compatible; AhrefsBot/7.0; +http://ahrefs.com/robot/)"
157.55.39.152 - - [13/Jun/2021:23:48:25 +0200] "GET /maisy-pencil-case-p-4518.html HTTP/1.0" 200 70221 "-" "Mozilla/5.0 (compatible; bingbot/2.0; +http://www.bing.com/bingbot.htm)"
157.55.39.128 - - [13/Jun/2021:23:48:31 +0200] "GET /dogs-white-mug-p-49735.html HTTP/1.0" 301 72763 "-" "Mozilla/5.0 (compatible; bingbot/2.0; +http://www.bing.com/bingbot.htm)"
207.46.13.38 - - [13/Jun/2021:23:48:35 +0200] "GET /charmmy-kitty-set-of-hair-ornements-p-13559.html HTTP/1.0" 301 73230 "-" "Mozilla/5.0 (compatible; bingbot/2.0; +http://www.bing.com/bingbot.htm)"
66.249.70.40 - - [13/Jun/2021:23:48:38 +0200] "GET /images/med_prod/1345544778374.jpg HTTP/1.0" 200 268 "-" "Googlebot-Image/1.0"
40.77.167.90 - - [13/Jun/2021:23:48:43 +0200] "GET /tea-for-one-mandala-p-44265.html HTTP/1.0" 301 73317 "-" "Mozilla/5.0 (compatible; bingbot/2.0; +http://www.bing.com/bingbot.htm)"
66.249.70.38 - - [13/Jun/2021:23:49:24 +0200] "GET /sexy-shower-curtain-p-39390.html HTTP/1.0" 200 72882 "-" "Mozilla/5.0 (Linux; Android 6.0.1; Nexus 5X Build/MMB29P) AppleWebKit/537.36 (KHTML, like Gecko) Chrome/91.0.4472.90 Mobile Safari/537.36 (compatible; Googlebot/2.1; +http://www.google.com/bot.html)"
40.77.167.70 - - [13/Jun/2021:23:49:24 +0200] "GET /iron-statue-candy-p-30912.html HTTP/1.0" 200 72892 "-" "Mozilla/5.0 (compatible; bingbot/2.0; +http://www.bing.com/bingbot.htm)"
40.77.167.90 - - [13/Jun/2021:23:49:42 +0200] "GET /-p-29842.html HTTP/1.0" 200 70165 "-" "Mozilla/5.0 (compatible; bingbot/2.0; +http://www.bing.com/bingbot.htm)"
207.46.13.38 - - [13/Jun/2021:23:49:46 +0200] "GET /hello-kitty-backpack-p-24284.html HTTP/1.0" 200 73146 "-" "Mozilla/5.0 (compatible; bingbot/2.0; +http://www.bing.com/bingbot.htm)"
54.36.149.91 - - [13/Jun/2021:23:49:48 +0200] "GET /wax-melt-gingerbread-house-p-46029.html HTTP/1.0" 301 73508 "-" "Mozilla/5.0 (compatible; AhrefsBot/7.0; +http://ahrefs.com/robot/)"
157.55.39.44 - - [13/Jun/2021:23:49:51 +0200] "GET /winnie-pooh-sticker-p-20474.html HTTP/1.0" 200 75020 "-" "Mozilla/5.0 (compatible; bingbot/2.0; +http://www.bing.com/bingbot.htm)"
54.36.148.174 - - [13/Jun/2021:23:49:54 +0200] "GET /little-geisha-p-50775.html HTTP/1.0" 200 73798 "-" "Mozilla/5.0 (compatible; AhrefsBot/7.0; +http://ahrefs.com/robot/)"
157.55.39.128 - - [13/Jun/2021:23:49:56 +0200] "GET /-p-20302.html HTTP/1.0" 200 70165 "-" "Mozilla/5.0 (compatible; bingbot/2.0; +http://www.bing.com/bingbot.htm)"
17.121.115.45 - - [13/Jun/2021:23:49:59 +0200] "GET /vilaines-filles-beach-towel-p-51707.html HTTP/1.0" 200 72950 "-" "Mozilla/5.0 (Macintosh; Intel Mac OS X 10_15_5) AppleWebKit/605.1.15 (KHTML, like Gecko) Version/13.1.1 Safari/605.1.15 (Applebot/0.1; +http://www.apple.com/go/applebot)"
185.191.171.6 - - [13/Jun/2021:23:50:09 +0200] "GET /guillermo-forchino-collection-doctor-p-40342.html?action=add_product HTTP/1.0" 302 476 "-" "Mozilla/5.0 (compatible; SemrushBot/7~bl; +http://www.semrush.com/bot.html)"
220.243.188.94 - - [13/Jun/2021:23:50:23 +0200] "GET /glass-cutting-board-cbkreation-p-51301.html HTTP/1.0" 200 72871 "-" "Mozilla/5.0 (Linux; Android 5.0) AppleWebKit/537.36 (KHTML, like Gecko) Mobile Safari/537.36 (compatible; Bytespider; https://zhanzhang.toutiao.com/)"
220.243.188.118 - - [13/Jun/2021:23:50:24 +0200] "GET /swfobject.js HTTP/1.0" 404 1308 "http://www.wonder-geek.com/glass-cutting-board-cbkreation-p-51301.html" "Mozilla/5.0 (Linux; Android 5.0) AppleWebKit/537.36 (KHTML, like Gecko) Mobile Safari/537.36 (compatible; Bytespider; https://zhanzhang.toutiao.com/)"
220.243.188.120 - - [13/Jun/2021:23:50:25 +0200] "GET /highslide/graphics/zoomout.cur HTTP/1.0" 200 614 "http://www.wonder-geek.com/glass-cutting-board-cbkreation-p-51301.html" "Mozilla/5.0 (Linux; Android 5.0) AppleWebKit/537.36 (KHTML, like Gecko) Mobile Safari/537.36 (compatible; Bytespider; https://zhanzhang.toutiao.com/)"
220.243.188.98 - - [13/Jun/2021:23:50:25 +0200] "GET /images/big_prod/8422011475691.jpg HTTP/1.0" 200 268 "http://www.wonder-geek.com/glass-cutting-board-cbkreation-p-51301.html" "Mozilla/5.0 (Linux; Android 5.0) AppleWebKit/537.36 (KHTML, like Gecko) Mobile Safari/537.36 (compatible; Bytespider; https://zhanzhang.toutiao.com/)"
185.191.171.21 - - [13/Jun/2021:23:50:32 +0200] "GET /protects-plastic-mattress-140-190-cm-p-33871.html HTTP/1.0" 301 70232 "-" "Mozilla/5.0 (compatible; SemrushBot/7~bl; +http://www.semrush.com/bot.html)"
185.191.171.7 - - [13/Jun/2021:23:50:34 +0200] "GET /-p-33871.html HTTP/1.0" 200 70165 "-" "Mozilla/5.0 (compatible; SemrushBot/7~bl; +http://www.semrush.com/bot.html)"
40.77.167.70 - - [13/Jun/2021:23:50:35 +0200] "GET /gund-mini-cat-sound-plush-beige-p-36874.html HTTP/1.0" 301 73066 "-" "Mozilla/5.0 (compatible; bingbot/2.0; +http://www.bing.com/bingbot.htm)"
157.55.39.152 - - [13/Jun/2021:23:50:44 +0200] "GET /-p-3889.html HTTP/1.0" 200 70163 "-" "Mozilla/5.0 (compatible; bingbot/2.0; +http://www.bing.com/bingbot.htm)"
157.55.39.122 - - [13/Jun/2021:23:51:10 +0200] "GET /large-candle-guardian-angel-p-51067.html HTTP/1.0" 200 73316 "-" "Mozilla/5.0 (compatible; bingbot/2.0; +http://www.bing.com/bingbot.htm)"
157.55.39.128 - - [13/Jun/2021:23:51:14 +0200] "GET /godmother-cinderella-figure-p-2913.html HTTP/1.0" 200 70289 "-" "Mozilla/5.0 (compatible; bingbot/2.0; +http://www.bing.com/bingbot.htm)"
17.121.112.48 - - [13/Jun/2021:23:51:20 +0200] "GET /corby-puppy-rachael-hale-poster-p-25822.html HTTP/1.0" 200 72857 "-" "Mozilla/5.0 (Macintosh; Intel Mac OS X 10_15_5) AppleWebKit/605.1.15 (KHTML, like Gecko) Version/13.1.1 Safari/605.1.15 (Applebot/0.1; +http://www.apple.com/go/applebot)"
54.36.148.229 - - [13/Jun/2021:23:51:35 +0200] "GET /votive-candle-hours-sweet-peas-p-55373.html HTTP/1.0" 301 74066 "-" "Mozilla/5.0 (compatible; AhrefsBot/7.0; +http://ahrefs.com/robot/)"
157.55.39.44 - - [13/Jun/2021:23:51:49 +0200] "GET /white-ceramic-lamp-p-55147.html HTTP/1.0" 200 73581 "-" "Mozilla/5.0 (compatible; bingbot/2.0; +http://www.bing.com/bingbot.htm)"
207.46.13.38 - - [13/Jun/2021:23:52:05 +0200] "GET /decorative-globe-p-40904.html HTTP/1.0" 200 72823 "-" "Mozilla/5.0 (compatible; bingbot/2.0; +http://www.bing.com/bingbot.htm)"
40.77.167.70 - - [13/Jun/2021:23:52:09 +0200] "GET /model-candy-talita-jewelry-p-34813.html HTTP/1.0" 200 70322 "-" "Mozilla/5.0 (compatible; bingbot/2.0; +http://www.bing.com/bingbot.htm)"
40.77.167.70 - - [13/Jun/2021:23:52:09 +0200] "GET /peter-pan-by-britto-disney-figure-collection-p-39601.html HTTP/1.0" 301 73605 "-" "Mozilla/5.0 (compatible; bingbot/2.0; +http://www.bing.com/bingbot.htm)"
157.55.39.44 - - [13/Jun/2021:23:52:28 +0200] "GET /tinted-candle-in-the-mass-burgundy-p-48918.html HTTP/1.0" 301 72978 "-" "Mozilla/5.0 (compatible; bingbot/2.0; +http://www.bing.com/bingbot.htm)"
157.55.39.44 - - [13/Jun/2021:23:52:29 +0200] "GET /elastic-bracelet-with-21-beads-of-pink-zebra-jasper-p-48644.html HTTP/1.0" 301 73285 "-" "Mozilla/5.0 (compatible; bingbot/2.0; +http://www.bing.com/bingbot.htm)"
40.77.167.57 - - [13/Jun/2021:23:52:33 +0200] "GET /kaloo-plume-natural-rabbit-soft-toy-p-15730.html HTTP/1.0" 301 70421 "-" "Mozilla/5.0 (compatible; bingbot/2.0; +http://www.bing.com/bingbot.htm)"
185.191.171.8 - - [13/Jun/2021:23:52:38 +0200] "GET /lu-petit-beurre-ceramic-mug-and-cup-p-41055.html HTTP/1.0" 301 73009 "-" "Mozilla/5.0 (compatible; SemrushBot/7~bl; +http://www.semrush.com/bot.html)"
185.191.171.17 - - [13/Jun/2021:23:52:40 +0200] "GET /petit-beurre-ceramic-p-41055.html HTTP/1.0" 200 72922 "-" "Mozilla/5.0 (compatible; SemrushBot/7~bl; +http://www.semrush.com/bot.html)"
185.191.171.10 - - [13/Jun/2021:23:52:44 +0200] "GET /paris-white-tea-box-p-28375.html HTTP/1.0" 301 70293 "-" "Mozilla/5.0 (compatible; SemrushBot/7~bl; +http://www.semrush.com/bot.html)"
185.191.171.4 - - [13/Jun/2021:23:52:47 +0200] "GET /paris-white-p-28375.html HTTP/1.0" 200 70215 "-" "Mozilla/5.0 (compatible; SemrushBot/7~bl; +http://www.semrush.com/bot.html)"
185.191.171.24 - - [13/Jun/2021:23:52:49 +0200] "GET /london-puzzles-nathalie-lete-p-27751.html HTTP/1.0" 200 73116 "-" "Mozilla/5.0 (compatible; SemrushBot/7~bl; +http://www.semrush.com/bot.html)"
185.191.171.26 - - [13/Jun/2021:23:52:58 +0200] "GET /green-glass-ashtray-p-36383.html HTTP/1.0" 200 72779 "-" "Mozilla/5.0 (compatible; SemrushBot/7~bl; +http://www.semrush.com/bot.html)"
40.77.167.57 - - [13/Jun/2021:23:53:20 +0200] "GET /isothermic-stainless-steel-bottle-virgo-cbkreation-p-51042.html HTTP/1.0" 200 73064 "-" "Mozilla/5.0 (compatible; bingbot/2.0; +http://www.bing.com/bingbot.htm)"
40.77.167.57 - - [13/Jun/2021:23:53:22 +0200] "GET /-p-26978.html HTTP/1.0" 200 70165 "-" "Mozilla/5.0 (compatible; bingbot/2.0; +http://www.bing.com/bingbot.htm)"
54.36.148.111 - - [13/Jun/2021:23:53:25 +0200] "GET /-c-97_196.html HTTP/1.0" 200 75500 "-" "Mozilla/5.0 (compatible; AhrefsBot/7.0; +http://ahrefs.com/robot/)"
157.55.39.122 - - [13/Jun/2021:23:53:30 +0200] "GET /lotus-candleholder-chakra-indigo-silverlining-p-35518.html HTTP/1.0" 200 74441 "-" "Mozilla/5.0 (compatible; bingbot/2.0; +http://www.bing.com/bingbot.htm)"
157.55.39.44 - - [13/Jun/2021:23:53:38 +0200] "GET /parrot-wooden-wall-decoration-to-hang-p-47428.html HTTP/1.0" 301 73113 "-" "Mozilla/5.0 (compatible; bingbot/2.0; +http://www.bing.com/bingbot.htm)"
40.77.167.70 - - [13/Jun/2021:23:54:05 +0200] "GET /pink-small-box-for-baby-teeth-snow-ball-p-36482.html HTTP/1.0" 301 70439 "-" "Mozilla/5.0 (compatible; bingbot/2.0; +http://www.bing.com/bingbot.htm)"
185.191.171.7 - - [13/Jun/2021:23:54:05 +0200] "GET /snow-white-figurine-collection-homeward-dwarfs-p-14668.html HTTP/1.0" 200 73013 "-" "Mozilla/5.0 (compatible; SemrushBot/7~bl; +http://www.semrush.com/bot.html)"
157.55.39.81 - - [13/Jun/2021:23:54:13 +0200] "GET /bedside-lamp-gray-p-55248.html HTTP/1.0" 200 73847 "-" "Mozilla/5.0 (compatible; bingbot/2.0; +http://www.bing.com/bingbot.htm)"
147.92.153.7 - - [13/Jun/2021:23:54:21 +0200] "GET /charlot-towel-p-39105.html HTTP/1.0" 200 72811 "-" "Mozilla/5.0 (compatible; Linespider/1.1; +https://lin.ee/4dwXkTH)"
157.55.39.81 - - [13/Jun/2021:23:54:23 +0200] "GET /hello-kitty-by-victoria-casal-couture-white-watch-p-20140.html HTTP/1.0" 301 73078 "-" "Mozilla/5.0 (compatible; bingbot/2.0; +http://www.bing.com/bingbot.htm)"
157.55.39.81 - - [13/Jun/2021:23:54:24 +0200] "GET /-p-33415.html HTTP/1.0" 200 70165 "-" "Mozilla/5.0 (compatible; bingbot/2.0; +http://www.bing.com/bingbot.htm)"
157.55.39.152 - - [13/Jun/2021:23:54:27 +0200] "GET /kimmidoll-love-elle-keychain-deco-plate-p-17975.html HTTP/1.0" 200 73335 "-" "Mozilla/5.0 (compatible; bingbot/2.0; +http://www.bing.com/bingbot.htm)"
157.55.39.152 - - [13/Jun/2021:23:54:29 +0200] "GET /teo-jasmin-pencil-case-teo-marley-p-41282.html HTTP/1.0" 301 73643 "-" "Mozilla/5.0 (compatible; bingbot/2.0; +http://www.bing.com/bingbot.htm)"
157.55.39.122 - - [13/Jun/2021:23:54:32 +0200] "GET /-p-29502.html HTTP/1.0" 200 70165 "-" "Mozilla/5.0 (compatible; bingbot/2.0; +http://www.bing.com/bingbot.htm)"
40.77.167.90 - - [13/Jun/2021:23:54:43 +0200] "GET /pencil-pot-cbkreation-p-43446.html HTTP/1.0" 301 72881 "-" "Mozilla/5.0 (compatible; bingbot/2.0; +http://www.bing.com/bingbot.htm)"
40.77.167.70 - - [13/Jun/2021:23:54:49 +0200] "GET /horse-small-round-magnet-p-31913.html HTTP/1.0" 200 72791 "-" "Mozilla/5.0 (compatible; bingbot/2.0; +http://www.bing.com/bingbot.htm)"
207.46.13.38 - - [13/Jun/2021:23:55:06 +0200] "GET /retro-ceramic-flatware-beer-p-42149.html HTTP/1.0" 200 72928 "-" "Mozilla/5.0 (compatible; bingbot/2.0; +http://www.bing.com/bingbot.htm)"
157.55.39.44 - - [13/Jun/2021:23:55:10 +0200] "GET /so-funky-vertical-messenger-bag-p-19061.html HTTP/1.0" 301 73890 "-" "Mozilla/5.0 (compatible; bingbot/2.0; +http://www.bing.com/bingbot.htm)"
54.36.149.8 - - [13/Jun/2021:23:55:13 +0200] "GET /rugs-c-11_269.html HTTP/1.0" 200 90727 "-" "Mozilla/5.0 (compatible; AhrefsBot/7.0; +http://ahrefs.com/robot/)"
185.191.171.26 - - [13/Jun/2021:23:55:15 +0200] "GET /fc-barcelona-sport-bag-p-36261.html HTTP/1.0" 301 73089 "-" "Mozilla/5.0 (compatible; SemrushBot/7~bl; +http://www.semrush.com/bot.html)"
185.191.171.24 - - [13/Jun/2021:23:55:17 +0200] "GET /barcelona-sport-p-36261.html HTTP/1.0" 200 73007 "-" "Mozilla/5.0 (compatible; SemrushBot/7~bl; +http://www.semrush.com/bot.html)"
157.55.39.81 - - [13/Jun/2021:23:55:33 +0200] "GET /diddlina-mouse-p-8672.html HTTP/1.0" 200 70236 "-" "Mozilla/5.0 (compatible; bingbot/2.0; +http://www.bing.com/bingbot.htm)"
157.55.39.152 - - [13/Jun/2021:23:55:55 +0200] "GET /fitted-sheet-in-cotton-percale-80-threads-140-190-30-cm-p-48198.html HTTP/1.0" 301 73222 "-" "Mozilla/5.0 (compatible; bingbot/2.0; +http://www.bing.com/bingbot.htm)"
207.46.13.38 - - [13/Jun/2021:23:56:05 +0200] "GET /tarot-ganesh-wood-p-55099.html HTTP/1.0" 200 73648 "-" "Mozilla/5.0 (compatible; bingbot/2.0; +http://www.bing.com/bingbot.htm)"
157.55.39.122 - - [13/Jun/2021:23:56:10 +0200] "GET /-p-30762.html HTTP/1.0" 200 70165 "-" "Mozilla/5.0 (compatible; bingbot/2.0; +http://www.bing.com/bingbot.htm)"
40.77.167.57 - - [13/Jun/2021:23:56:30 +0200] "GET /images/big_prod/8422001017733.jpg HTTP/1.0" 200 268 "-" "Mozilla/5.0 (compatible; bingbot/2.0; +http://www.bing.com/bingbot.htm)"
157.55.39.122 - - [13/Jun/2021:23:56:35 +0200] "GET /dancer-jewelery-box-p-42718.html HTTP/1.0" 301 73619 "-" "Mozilla/5.0 (compatible; bingbot/2.0; +http://www.bing.com/bingbot.htm)"
40.77.167.70 - - [13/Jun/2021:23:56:45 +0200] "GET /-p-12929.html HTTP/1.0" 200 70165 "-" "Mozilla/5.0 (compatible; bingbot/2.0; +http://www.bing.com/bingbot.htm)"
207.46.13.38 - - [13/Jun/2021:23:56:54 +0200] "GET /-p-40488.html HTTP/1.0" 200 70165 "-" "Mozilla/5.0 (compatible; bingbot/2.0; +http://www.bing.com/bingbot.htm)"
54.36.148.12 - - [13/Jun/2021:23:57:03 +0200] "GET /towels-napkins-c-11_177.html?page=8 HTTP/1.0" 200 79470 "-" "Mozilla/5.0 (compatible; AhrefsBot/7.0; +http://ahrefs.com/robot/)"
66.249.70.38 - - [13/Jun/2021:23:57:18 +0200] "GET /lisa-flower-pot-p-51553.html HTTP/1.0" 301 70285 "-" "Mozilla/5.0 (Linux; Android 6.0.1; Nexus 5X Build/MMB29P) AppleWebKit/537.36 (KHTML, like Gecko) Chrome/91.0.4472.90 Mobile Safari/537.36 (compatible; Googlebot/2.1; +http://www.google.com/bot.html)"
66.249.70.38 - - [13/Jun/2021:23:57:19 +0200] "GET /lisa-flower-p-51553.html HTTP/1.0" 200 70207 "-" "Mozilla/5.0 (Linux; Android 6.0.1; Nexus 5X Build/MMB29P) AppleWebKit/537.36 (KHTML, like Gecko) Chrome/91.0.4472.90 Mobile Safari/537.36 (compatible; Googlebot/2.1; +http://www.google.com/bot.html)"
157.55.39.152 - - [13/Jun/2021:23:57:45 +0200] "GET /-p-18803.html HTTP/1.0" 200 70165 "-" "Mozilla/5.0 (compatible; bingbot/2.0; +http://www.bing.com/bingbot.htm)"
185.191.171.38 - - [13/Jun/2021:23:57:49 +0200] "GET /paris-cover-for-iphone-and-4s-by-etienne-boyer-p-24612.html HTTP/1.0" 301 70466 "-" "Mozilla/5.0 (compatible; SemrushBot/7~bl; +http://www.semrush.com/bot.html)"
40.77.167.57 - - [13/Jun/2021:23:57:50 +0200] "GET /images/mini_prod/3574642563072.jpg HTTP/1.0" 200 269 "-" "Mozilla/5.0 (compatible; bingbot/2.0; +http://www.bing.com/bingbot.htm)"
185.191.171.41 - - [13/Jun/2021:23:57:51 +0200] "GET /paris-cover-iphone-etienne-boyer-p-24612.html HTTP/1.0" 200 70367 "-" "Mozilla/5.0 (compatible; SemrushBot/7~bl; +http://www.semrush.com/bot.html)"
40.77.167.57 - - [13/Jun/2021:23:57:51 +0200] "GET /angry-birds-pen-p-19142.html HTTP/1.0" 301 73033 "-" "Mozilla/5.0 (compatible; bingbot/2.0; +http://www.bing.com/bingbot.htm)"
40.77.167.57 - - [13/Jun/2021:23:57:53 +0200] "GET /horse-wastebasket-p-50762.html HTTP/1.0" 200 72763 "-" "Mozilla/5.0 (compatible; bingbot/2.0; +http://www.bing.com/bingbot.htm)"
