185.191.171.21 - - [13/Jun/2021:11:50:21 +0200] "GET /zodiac-high-ceramic-p-30785.html HTTP/1.0" 200 72757 "-" "Mozilla/5.0 (compatible; SemrushBot/7~bl; +http://www.semrush.com/bot.html)"
157.55.39.44 - - [13/Jun/2021:11:50:30 +0200] "GET /gorilla-teapot-paul-cardew-p-35268.html HTTP/1.0" 200 72838 "-" "Mozilla/5.0 (compatible; bingbot/2.0; +http://www.bing.com/bingbot.htm)"
157.55.39.44 - - [13/Jun/2021:11:50:32 +0200] "GET /silver-skull-keyrings-p-34191.html HTTP/1.0" 200 72834 "-" "Mozilla/5.0 (compatible; bingbot/2.0; +http://www.bing.com/bingbot.htm)"
54.36.148.40 - - [13/Jun/2021:11:50:43 +0200] "GET /cats-shower-curtain-p-50729.html HTTP/1.0" 200 73499 "-" "Mozilla/5.0 (compatible; AhrefsBot/7.0; +http://ahrefs.com/robot/)"
40.77.167.90 - - [13/Jun/2021:11:50:51 +0200] "GET /nightlight-shaped-owl-multicolor-led-p-35349.html HTTP/1.0" 301 72996 "-" "Mozilla/5.0 (compatible; bingbot/2.0; +http://www.bing.com/bingbot.htm)"
185.100.87.192 - - [13/Jun/2021:11:51:09 +0200] "GET /contact_us.php HTTP/1.0" 200 26241 "http://www.wonder-geek.com/contact_us.php" "Mozilla/5.0 (Windows NT 10.0; Win64; x64) AppleWebKit/537.36 (KHTML, like Gecko) Chrome/83.0.4096.0 Safari/537.36"
185.100.87.192 - - [13/Jun/2021:11:51:10 +0200] "POST /contact_us.php?action=send HTTP/1.0" 200 26701 "http://www.wonder-geek.com/contact_us.php" "Mozilla/5.0 (Windows NT 10.0; Win64; x64) AppleWebKit/537.36 (KHTML, like Gecko) Chrome/83.0.4096.0 Safari/537.36"
185.100.87.192 - - [13/Jun/2021:11:51:11 +0200] "GET /contact_us.php HTTP/1.0" 200 26241 "http://www.wonder-geek.com/contact_us.php" "Mozilla/5.0 (Windows NT 10.0; Win64; x64) AppleWebKit/537.36 (KHTML, like Gecko) Chrome/83.0.4096.0 Safari/537.36"
185.191.171.21 - - [13/Jun/2021:11:51:17 +0200] "GET /tinted-candle-in-the-mass-beige-p-48917.html HTTP/1.0" 301 72967 "-" "Mozilla/5.0 (compatible; SemrushBot/7~bl; +http://www.semrush.com/bot.html)"
185.191.171.36 - - [13/Jun/2021:11:51:19 +0200] "GET /tinted-candle-mass-beige-p-48917.html HTTP/1.0" 200 72876 "-" "Mozilla/5.0 (compatible; SemrushBot/7~bl; +http://www.semrush.com/bot.html)"
157.55.39.128 - - [13/Jun/2021:11:52:01 +0200] "GET /collectible-dragon-ball-statue-trunks-p-33466.html HTTP/1.0" 200 73120 "-" "Mozilla/5.0 (compatible; bingbot/2.0; +http://www.bing.com/bingbot.htm)"
207.46.13.79 - - [13/Jun/2021:11:52:06 +0200] "GET /beige-metal-table-lamp-p-50112.html HTTP/1.0" 200 72717 "-" "Mozilla/5.0 (compatible; bingbot/2.0; +http://www.bing.com/bingbot.htm)"
207.46.13.38 - - [13/Jun/2021:11:52:24 +0200] "GET /swfobject.js HTTP/1.0" 404 1308 "-" "Mozilla/5.0 (compatible; bingbot/2.0; +http://www.bing.com/bingbot.htm)"
54.36.148.86 - - [13/Jun/2021:11:52:29 +0200] "GET /moroccan-ashtray-p-53147.html HTTP/1.0" 200 72734 "-" "Mozilla/5.0 (compatible; AhrefsBot/7.0; +http://ahrefs.com/robot/)"
207.46.13.38 - - [13/Jun/2021:11:52:45 +0200] "GET /lego-star-wars-yoda-led-lite-keychains-p-27075.html HTTP/1.0" 301 73156 "-" "Mozilla/5.0 (compatible; bingbot/2.0; +http://www.bing.com/bingbot.htm)"
40.77.167.106 - - [13/Jun/2021:11:52:49 +0200] "GET /harley-davidson-cycles-zippo-lighter-p-29781.html HTTP/1.0" 200 70336 "-" "Mozilla/5.0 (compatible; bingbot/2.0; +http://www.bing.com/bingbot.htm)"
157.55.39.128 - - [13/Jun/2021:11:53:01 +0200] "GET /yin-et-yang-clock-by-cbkreation-p-24708.html HTTP/1.0" 301 73041 "-" "Mozilla/5.0 (compatible; bingbot/2.0; +http://www.bing.com/bingbot.htm)"
207.46.13.38 - - [13/Jun/2021:11:53:05 +0200] "GET /-p-24022.html HTTP/1.0" 200 70165 "-" "Mozilla/5.0 (compatible; bingbot/2.0; +http://www.bing.com/bingbot.htm)"
157.55.39.122 - - [13/Jun/2021:11:53:21 +0200] "GET /-p-30762.html HTTP/1.0" 200 70165 "-" "Mozilla/5.0 (compatible; bingbot/2.0; +http://www.bing.com/bingbot.htm)"
207.46.13.79 - - [13/Jun/2021:11:53:26 +0200] "GET /general-store-jars-anise-black-pepper-p-36656.html HTTP/1.0" 200 74309 "-" "Mozilla/5.0 (compatible; bingbot/2.0; +http://www.bing.com/bingbot.htm)"
207.46.13.79 - - [13/Jun/2021:11:53:37 +0200] "GET /-p-15534.html HTTP/1.0" 200 70165 "-" "Mozilla/5.0 (compatible; bingbot/2.0; +http://www.bing.com/bingbot.htm)"
40.77.167.70 - - [13/Jun/2021:11:53:46 +0200] "GET /minnie-mouse-smile-backpack-p-34782.html HTTP/1.0" 200 72968 "-" "Mozilla/5.0 (compatible; bingbot/2.0; +http://www.bing.com/bingbot.htm)"
207.46.13.38 - - [13/Jun/2021:11:53:53 +0200] "GET /js/jquery.js HTTP/1.0" 200 252 "-" "Mozilla/5.0 (compatible; bingbot/2.0; +http://www.bing.com/bingbot.htm)"
157.55.39.152 - - [13/Jun/2021:11:54:05 +0200] "GET /hello-kitty-large-backpack-p-19832.html HTTP/1.0" 200 72892 "-" "Mozilla/5.0 (compatible; bingbot/2.0; +http://www.bing.com/bingbot.htm)"
54.36.148.24 - - [13/Jun/2021:11:54:16 +0200] "GET /ottomans-storage-ottomans-c-13_209.html?page=2 HTTP/1.0" 200 81441 "-" "Mozilla/5.0 (compatible; AhrefsBot/7.0; +http://ahrefs.com/robot/)"
207.46.13.38 - - [13/Jun/2021:11:54:24 +0200] "GET /swfobject.js HTTP/1.0" 404 1308 "-" "Mozilla/5.0 (compatible; bingbot/2.0; +http://www.bing.com/bingbot.htm)"
207.46.13.38 - - [13/Jun/2021:11:54:25 +0200] "GET /green-kitchen-towel-50-70-cm-p-44419.html HTTP/1.0" 301 72903 "-" "Mozilla/5.0 (compatible; bingbot/2.0; +http://www.bing.com/bingbot.htm)"
40.77.167.70 - - [13/Jun/2021:11:54:26 +0200] "GET /minecraft-shirt-p-29613.html HTTP/1.0" 200 70219 "-" "Mozilla/5.0 (compatible; bingbot/2.0; +http://www.bing.com/bingbot.htm)"
49.7.20.113 - - [13/Jun/2021:11:54:36 +0200] "GET / HTTP/1.0" 200 150081 "-" "Sogou web spider/4.0(+http://www.sogou.com/docs/help/webmasters.htm#07)"
185.191.171.13 - - [13/Jun/2021:11:54:39 +0200] "GET /tinted-candle-in-the-mass-dark-blue-color-p-48926.html HTTP/1.0" 301 73019 "-" "Mozilla/5.0 (compatible; SemrushBot/7~bl; +http://www.semrush.com/bot.html)"
185.191.171.8 - - [13/Jun/2021:11:54:40 +0200] "GET /tinted-candle-mass-dark-blue-color-p-48926.html HTTP/1.0" 200 72918 "-" "Mozilla/5.0 (compatible; SemrushBot/7~bl; +http://www.semrush.com/bot.html)"
157.55.39.152 - - [13/Jun/2021:11:55:05 +0200] "GET /lyon-black-tee-shirt-p-31275.html HTTP/1.0" 301 74810 "-" "Mozilla/5.0 (compatible; bingbot/2.0; +http://www.bing.com/bingbot.htm)"
62.210.105.116 - - [13/Jun/2021:11:55:08 +0200] "GET /contact_us.php HTTP/1.0" 200 26241 "http://www.wonder-geek.com/contact_us.php" "Mozilla/5.0 (Windows NT 6.3; ) AppleWebKit/537.36 (KHTML, like Gecko) Chrome/83.0.4103.61 Safari/537.36"
62.210.105.116 - - [13/Jun/2021:11:55:10 +0200] "POST /contact_us.php?action=send HTTP/1.0" 200 26651 "http://www.wonder-geek.com/contact_us.php" "Mozilla/5.0 (Windows NT 6.3; ) AppleWebKit/537.36 (KHTML, like Gecko) Chrome/83.0.4103.61 Safari/537.36"
62.210.105.116 - - [13/Jun/2021:11:55:11 +0200] "GET /contact_us.php HTTP/1.0" 200 26241 "http://www.wonder-geek.com/contact_us.php" "Mozilla/5.0 (Windows NT 6.3; ) AppleWebKit/537.36 (KHTML, like Gecko) Chrome/83.0.4103.61 Safari/537.36"
54.36.148.100 - - [13/Jun/2021:11:56:05 +0200] "GET /home-fragrance-heart-home-rosewood-vanilla-p-52816.html HTTP/1.0" 200 74223 "-" "Mozilla/5.0 (compatible; AhrefsBot/7.0; +http://ahrefs.com/robot/)"
207.46.13.38 - - [13/Jun/2021:11:56:26 +0200] "GET /star-wars-suitcase-60-cm-p-30752.html HTTP/1.0" 301 70232 "-" "Mozilla/5.0 (compatible; bingbot/2.0; +http://www.bing.com/bingbot.htm)"
207.46.13.38 - - [13/Jun/2021:11:56:27 +0200] "GET /-p-10475.html HTTP/1.0" 200 70165 "-" "Mozilla/5.0 (compatible; bingbot/2.0; +http://www.bing.com/bingbot.htm)"
207.46.13.79 - - [13/Jun/2021:11:56:27 +0200] "GET /metal-clock-shape-motorcycle-color-bronze-p-38748.html HTTP/1.0" 200 70319 "-" "Mozilla/5.0 (compatible; bingbot/2.0; +http://www.bing.com/bingbot.htm)"
40.77.167.106 - - [13/Jun/2021:11:56:30 +0200] "GET /the-little-prince-white-ceramic-plate-p-52499.html HTTP/1.0" 301 70395 "-" "Mozilla/5.0 (compatible; bingbot/2.0; +http://www.bing.com/bingbot.htm)"
51.68.224.127 - - [13/Jun/2021:11:56:56 +0200] "GET /adminweb/export_orders_xml.php?token=256de2z6edz6ed2z6DFSFsed2zed6zeDSFDSGdzedezfzf&maxorders=10&orderstart=1&status=14&start_date=2018-10-01 HTTP/1.0" 200 285 "-" "GesCom CharlotteBoutik Serveur"
51.68.224.127 - - [13/Jun/2021:11:56:56 +0200] "GET /adminweb/export_orders_xml.php?token=256de2z6edz6ed2z6DFSFsed2zed6zeDSFDSGdzedezfzf&maxorders=10&orderstart=1&status=6&start_date=2018-10-01 HTTP/1.0" 200 30039 "-" "GesCom CharlotteBoutik Serveur"
207.46.13.38 - - [13/Jun/2021:11:57:26 +0200] "GET /-p-33310.html HTTP/1.0" 200 70165 "-" "Mozilla/5.0 (compatible; bingbot/2.0; +http://www.bing.com/bingbot.htm)"
40.77.167.106 - - [13/Jun/2021:11:57:30 +0200] "GET /-p-34015.html HTTP/1.0" 200 70165 "-" "Mozilla/5.0 (compatible; bingbot/2.0; +http://www.bing.com/bingbot.htm)"
157.55.39.128 - - [13/Jun/2021:11:57:42 +0200] "GET /model-vespa-150-gs-1955-silver-p-18645.html HTTP/1.0" 301 70382 "-" "Mozilla/5.0 (compatible; bingbot/2.0; +http://www.bing.com/bingbot.htm)"
54.36.148.156 - - [13/Jun/2021:11:57:48 +0200] "GET /barbapapa-horizontal-lunch-p-13770.html HTTP/1.0" 200 73306 "-" "Mozilla/5.0 (compatible; AhrefsBot/7.0; +http://ahrefs.com/robot/)"
157.55.39.152 - - [13/Jun/2021:11:58:06 +0200] "GET /-p-32069.html HTTP/1.0" 200 70165 "-" "Mozilla/5.0 (compatible; bingbot/2.0; +http://www.bing.com/bingbot.htm)"
40.77.167.90 - - [13/Jun/2021:11:58:22 +0200] "GET /love-and-peace-black-shirt-p-30149.html HTTP/1.0" 301 74103 "-" "Mozilla/5.0 (compatible; bingbot/2.0; +http://www.bing.com/bingbot.htm)"
207.46.13.38 - - [13/Jun/2021:11:58:27 +0200] "GET /personalized-photo-album-kimmidoll-love-p-21751.html HTTP/1.0" 200 73312 "-" "Mozilla/5.0 (compatible; bingbot/2.0; +http://www.bing.com/bingbot.htm)"
207.46.13.38 - - [13/Jun/2021:11:58:27 +0200] "GET /mickey-mouse-surprise-collection-figure-p-17335.html HTTP/1.0" 301 70232 "-" "Mozilla/5.0 (compatible; bingbot/2.0; +http://www.bing.com/bingbot.htm)"
207.46.13.38 - - [13/Jun/2021:11:58:46 +0200] "GET /kimmidoll-brush-p-44882.html HTTP/1.0" 200 72794 "-" "Mozilla/5.0 (compatible; bingbot/2.0; +http://www.bing.com/bingbot.htm)"
157.55.39.128 - - [13/Jun/2021:11:59:02 +0200] "GET /schleich-peanuts-snoopy-with-supper-p-35072.html HTTP/1.0" 200 73075 "-" "Mozilla/5.0 (compatible; bingbot/2.0; +http://www.bing.com/bingbot.htm)"
40.77.167.106 - - [13/Jun/2021:11:59:07 +0200] "GET /retro-camper-storage-stool-p-34228.html HTTP/1.0" 301 73105 "-" "Mozilla/5.0 (compatible; bingbot/2.0; +http://www.bing.com/bingbot.htm)"
40.77.167.90 - - [13/Jun/2021:11:59:07 +0200] "GET /pugsley-keel-toys-plush-unicorn-light-pink-20-cm-p-46895.html HTTP/1.0" 301 73215 "-" "Mozilla/5.0 (compatible; bingbot/2.0; +http://www.bing.com/bingbot.htm)"
17.121.113.92 - - [13/Jun/2021:11:59:15 +0200] "GET /indian-fancy-bracelet-finish-golden-color-p-43741.html HTTP/1.0" 200 72911 "-" "Mozilla/5.0 (Macintosh; Intel Mac OS X 10_15_5) AppleWebKit/605.1.15 (KHTML, like Gecko) Version/13.1.1 Safari/605.1.15 (Applebot/0.1; +http://www.apple.com/go/applebot)"
54.36.148.86 - - [13/Jun/2021:11:59:27 +0200] "GET /home-fragrance-heart-home-vanilla-rosewood-p-52819.html HTTP/1.0" 200 74224 "-" "Mozilla/5.0 (compatible; AhrefsBot/7.0; +http://ahrefs.com/robot/)"
157.55.39.152 - - [13/Jun/2021:11:59:46 +0200] "GET /made-usa-eyelets-curtain-p-31459.html HTTP/1.0" 301 75061 "-" "Mozilla/5.0 (compatible; bingbot/2.0; +http://www.bing.com/bingbot.htm)"
207.46.13.38 - - [13/Jun/2021:11:59:51 +0200] "GET /los-angeles-california-hobo-bag-p-28612.html HTTP/1.0" 301 70385 "-" "Mozilla/5.0 (compatible; bingbot/2.0; +http://www.bing.com/bingbot.htm)"
185.191.171.41 - - [13/Jun/2021:11:59:55 +0200] "GET /maoi-candle-hours-p-42282.html HTTP/1.0" 200 72883 "-" "Mozilla/5.0 (compatible; SemrushBot/7~bl; +http://www.semrush.com/bot.html)"
185.191.171.12 - - [13/Jun/2021:11:59:58 +0200] "GET /small-box-for-baby-teeth-ratoncito-perez-p-35468.html HTTP/1.0" 301 70232 "-" "Mozilla/5.0 (compatible; SemrushBot/7~bl; +http://www.semrush.com/bot.html)"
185.191.171.9 - - [13/Jun/2021:12:00:00 +0200] "GET /-p-35468.html HTTP/1.0" 200 70165 "-" "Mozilla/5.0 (compatible; SemrushBot/7~bl; +http://www.semrush.com/bot.html)"
207.46.13.38 - - [13/Jun/2021:12:00:07 +0200] "GET /-p-34093.html HTTP/1.0" 200 70165 "-" "Mozilla/5.0 (compatible; bingbot/2.0; +http://www.bing.com/bingbot.htm)"
207.46.13.38 - - [13/Jun/2021:12:00:53 +0200] "GET /-p-24798.html HTTP/1.0" 200 70165 "-" "Mozilla/5.0 (compatible; bingbot/2.0; +http://www.bing.com/bingbot.htm)"
207.46.13.38 - - [13/Jun/2021:12:00:53 +0200] "GET /deco-wooden-carved-drum-29-14-cm-p-46277.html HTTP/1.0" 301 72961 "-" "Mozilla/5.0 (compatible; bingbot/2.0; +http://www.bing.com/bingbot.htm)"
162.210.196.98 - - [13/Jun/2021:12:01:32 +0200] "GET /robots.txt HTTP/1.0" 200 245 "-" "Mozilla/5.0 (compatible; MJ12bot/v1.4.8; http://mj12bot.com/)"
40.77.167.106 - - [13/Jun/2021:12:01:03 +0200] "GET /hanging-decoration-tour-de-france-p-52271.html HTTP/1.0" 301 73023 "-" "Mozilla/5.0 (compatible; bingbot/2.0; +http://www.bing.com/bingbot.htm)"
40.77.167.90 - - [13/Jun/2021:12:01:03 +0200] "GET /-p-29696.html HTTP/1.0" 200 70165 "-" "Mozilla/5.0 (compatible; bingbot/2.0; +http://www.bing.com/bingbot.htm)"
40.77.167.70 - - [13/Jun/2021:12:01:30 +0200] "GET /coffee-box-retro-metal-wood-pattern-p-38825.html HTTP/1.0" 301 70232 "-" "Mozilla/5.0 (compatible; bingbot/2.0; +http://www.bing.com/bingbot.htm)"
40.77.167.106 - - [13/Jun/2021:12:01:17 +0200] "GET /protective-fleece-pillow-cover-50-70-cm-p-39151.html HTTP/1.0" 301 73704 "-" "Mozilla/5.0 (compatible; bingbot/2.0; +http://www.bing.com/bingbot.htm)"
162.210.196.98 - - [13/Jun/2021:12:01:40 +0200] "GET / HTTP/1.0" 200 149477 "-" "Mozilla/5.0 (compatible; MJ12bot/v1.4.8; http://mj12bot.com/)"
207.46.13.38 - - [13/Jun/2021:12:01:47 +0200] "GET /teo-jasmin-red-bowl-p-32942.html HTTP/1.0" 301 72839 "-" "Mozilla/5.0 (compatible; bingbot/2.0; +http://www.bing.com/bingbot.htm)"
207.46.13.38 - - [13/Jun/2021:12:01:49 +0200] "GET /betty-boop-magnet-p-12510.html HTTP/1.0" 200 70241 "-" "Mozilla/5.0 (compatible; bingbot/2.0; +http://www.bing.com/bingbot.htm)"
40.77.167.90 - - [13/Jun/2021:12:01:52 +0200] "GET /polar-blanket-beige-240-220-cm-p-39013.html HTTP/1.0" 301 70232 "-" "Mozilla/5.0 (compatible; bingbot/2.0; +http://www.bing.com/bingbot.htm)"
40.77.167.106 - - [13/Jun/2021:12:02:47 +0200] "GET /musical-jewelry-box-p-42719.html HTTP/1.0" 301 72989 "-" "Mozilla/5.0 (compatible; bingbot/2.0; +http://www.bing.com/bingbot.htm)"
54.36.148.86 - - [13/Jun/2021:12:02:58 +0200] "GET /jasmin-companion-portfolio-p-38837.html HTTP/1.0" 200 74266 "-" "Mozilla/5.0 (compatible; AhrefsBot/7.0; +http://ahrefs.com/robot/)"
40.77.167.90 - - [13/Jun/2021:12:02:58 +0200] "GET /-p-6588.html HTTP/1.0" 200 70163 "-" "Mozilla/5.0 (compatible; bingbot/2.0; +http://www.bing.com/bingbot.htm)"
157.55.39.128 - - [13/Jun/2021:12:03:03 +0200] "GET /graffiti-compact-mirror-p-26196.html HTTP/1.0" 200 72920 "-" "Mozilla/5.0 (compatible; bingbot/2.0; +http://www.bing.com/bingbot.htm)"
185.191.171.39 - - [13/Jun/2021:12:03:22 +0200] "GET /wax-melt-snow-angel-p-39003.html HTTP/1.0" 301 73480 "-" "Mozilla/5.0 (compatible; SemrushBot/7~bl; +http://www.semrush.com/bot.html)"
185.191.171.15 - - [13/Jun/2021:12:03:25 +0200] "GET /melt-snow-angel-p-39003.html HTTP/1.0" 200 73398 "-" "Mozilla/5.0 (compatible; SemrushBot/7~bl; +http://www.semrush.com/bot.html)"
185.191.171.18 - - [13/Jun/2021:12:03:28 +0200] "GET /tendresse-duvet-cover-washed-cotton-gauze-p-54431.html?action=add_product HTTP/1.0" 302 476 "-" "Mozilla/5.0 (compatible; SemrushBot/7~bl; +http://www.semrush.com/bot.html)"
40.77.167.70 - - [13/Jun/2021:12:03:37 +0200] "GET /tinted-candle-in-the-mass-white-p-48919.html HTTP/1.0" 301 72959 "-" "Mozilla/5.0 (compatible; bingbot/2.0; +http://www.bing.com/bingbot.htm)"
157.55.39.128 - - [13/Jun/2021:12:03:42 +0200] "GET /paris-saint-germain-psg-beer-glass-p-33910.html HTTP/1.0" 301 72958 "-" "Mozilla/5.0 (compatible; bingbot/2.0; +http://www.bing.com/bingbot.htm)"
207.46.13.38 - - [13/Jun/2021:12:04:07 +0200] "GET /route-66-metal-plate-20-30-cm-p-29720.html HTTP/1.0" 301 72905 "-" "Mozilla/5.0 (compatible; bingbot/2.0; +http://www.bing.com/bingbot.htm)"
40.77.167.90 - - [13/Jun/2021:12:04:12 +0200] "GET /kimmidoll-airi-shopping-bag-p-31945.html HTTP/1.0" 301 70373 "-" "Mozilla/5.0 (compatible; bingbot/2.0; +http://www.bing.com/bingbot.htm)"
185.191.171.15 - - [13/Jun/2021:12:04:15 +0200] "GET /candle-hours-cinnamon-spice-medium-p-33048.html?action=add_product HTTP/1.0" 302 476 "-" "Mozilla/5.0 (compatible; SemrushBot/7~bl; +http://www.semrush.com/bot.html)"
157.55.39.128 - - [13/Jun/2021:12:04:32 +0200] "GET /large-sheet-metal-coca-cola-blue-p-12354.html HTTP/1.0" 200 75026 "-" "Mozilla/5.0 (compatible; bingbot/2.0; +http://www.bing.com/bingbot.htm)"
40.77.167.106 - - [13/Jun/2021:12:04:47 +0200] "GET /puppy-glue-stick-21-grs-p-40831.html HTTP/1.0" 301 72856 "-" "Mozilla/5.0 (compatible; bingbot/2.0; +http://www.bing.com/bingbot.htm)"
207.46.13.38 - - [13/Jun/2021:12:05:27 +0200] "GET /figure-simba-p-11245.html HTTP/1.0" 200 70216 "-" "Mozilla/5.0 (compatible; bingbot/2.0; +http://www.bing.com/bingbot.htm)"
54.36.148.70 - - [13/Jun/2021:12:06:13 +0200] "GET /butterfly-metal-trivet-p-40447.html HTTP/1.0" 200 72798 "-" "Mozilla/5.0 (compatible; AhrefsBot/7.0; +http://ahrefs.com/robot/)"
185.191.171.7 - - [13/Jun/2021:12:06:15 +0200] "GET /sitting-indian-decoration-p-53692.html HTTP/1.0" 200 72932 "-" "Mozilla/5.0 (compatible; SemrushBot/7~bl; +http://www.semrush.com/bot.html)"
185.191.171.18 - - [13/Jun/2021:12:06:24 +0200] "GET /white-floor-lamp-gold-patinated-metal-transportable-p-55087.html HTTP/1.0" 200 73678 "-" "Mozilla/5.0 (compatible; SemrushBot/7~bl; +http://www.semrush.com/bot.html)"
40.77.167.106 - - [13/Jun/2021:12:06:26 +0200] "GET /wine-metal-plate-deco-p-36125.html HTTP/1.0" 200 72786 "-" "Mozilla/5.0 (compatible; bingbot/2.0; +http://www.bing.com/bingbot.htm)"
207.46.13.79 - - [13/Jun/2021:12:06:59 +0200] "GET /sophie-the-giraffe-little-picture-frame-p-4050.html HTTP/1.0" 301 70442 "-" "Mozilla/5.0 (compatible; bingbot/2.0; +http://www.bing.com/bingbot.htm)"
207.46.13.79 - - [13/Jun/2021:12:07:01 +0200] "GET /-p-25309.html HTTP/1.0" 200 70165 "-" "Mozilla/5.0 (compatible; bingbot/2.0; +http://www.bing.com/bingbot.htm)"
185.191.171.1 - - [13/Jun/2021:12:07:13 +0200] "GET /harley-davidson-first-zippo-lighter-p-29785.html HTTP/1.0" 200 73414 "-" "Mozilla/5.0 (compatible; SemrushBot/7~bl; +http://www.semrush.com/bot.html)"
66.249.68.10 - - [13/Jun/2021:12:07:19 +0200] "GET /sonny-angel-cherry-blossom-series-night-figure-p-54724.html HTTP/1.0" 200 73731 "-" "Mozilla/5.0 (compatible; Googlebot/2.1; +http://www.google.com/bot.html)"
185.191.171.3 - - [13/Jun/2021:12:07:20 +0200] "GET /-p-48902.html?action=add_product HTTP/1.0" 302 476 "-" "Mozilla/5.0 (compatible; SemrushBot/7~bl; +http://www.semrush.com/bot.html)"
40.77.167.90 - - [13/Jun/2021:12:07:32 +0200] "GET /-p-18260.html HTTP/1.0" 200 70165 "-" "Mozilla/5.0 (compatible; bingbot/2.0; +http://www.bing.com/bingbot.htm)"
157.55.39.152 - - [13/Jun/2021:12:07:47 +0200] "GET /-p-18346.html HTTP/1.0" 200 70165 "-" "Mozilla/5.0 (compatible; bingbot/2.0; +http://www.bing.com/bingbot.htm)"
40.77.167.106 - - [13/Jun/2021:12:07:57 +0200] "GET /nici-dragon-mug-p-22318.html HTTP/1.0" 301 70285 "-" "Mozilla/5.0 (compatible; bingbot/2.0; +http://www.bing.com/bingbot.htm)"
207.46.13.38 - - [13/Jun/2021:12:08:02 +0200] "GET /-p-2915.html HTTP/1.0" 200 70163 "-" "Mozilla/5.0 (compatible; bingbot/2.0; +http://www.bing.com/bingbot.htm)"
157.55.39.128 - - [13/Jun/2021:12:08:06 +0200] "GET /-p-34070.html HTTP/1.0" 200 70165 "-" "Mozilla/5.0 (compatible; bingbot/2.0; +http://www.bing.com/bingbot.htm)"
207.46.13.38 - - [13/Jun/2021:12:08:11 +0200] "GET /-p-27348.html HTTP/1.0" 200 70165 "-" "Mozilla/5.0 (compatible; bingbot/2.0; +http://www.bing.com/bingbot.htm)"
157.55.39.44 - - [13/Jun/2021:12:08:22 +0200] "GET /planes-placemat-p-31796.html HTTP/1.0" 200 72816 "-" "Mozilla/5.0 (compatible; bingbot/2.0; +http://www.bing.com/bingbot.htm)"
207.46.13.38 - - [13/Jun/2021:12:08:27 +0200] "GET /-p-22939.html HTTP/1.0" 200 70165 "-" "Mozilla/5.0 (compatible; bingbot/2.0; +http://www.bing.com/bingbot.htm)"
157.55.39.128 - - [13/Jun/2021:12:08:27 +0200] "GET /chica-loca-beauty-bag-p-20095.html HTTP/1.0" 301 73076 "-" "Mozilla/5.0 (compatible; bingbot/2.0; +http://www.bing.com/bingbot.htm)"
157.55.39.122 - - [13/Jun/2021:12:08:34 +0200] "GET /set-of-plush-tree-hanging-decorations-p-52655.html HTTP/1.0" 301 73051 "-" "Mozilla/5.0 (compatible; bingbot/2.0; +http://www.bing.com/bingbot.htm)"
157.55.39.128 - - [13/Jun/2021:12:08:43 +0200] "GET /vespa-green-phone-cover-for-iphone-p-11775.html HTTP/1.0" 301 73082 "-" "Mozilla/5.0 (compatible; bingbot/2.0; +http://www.bing.com/bingbot.htm)"
40.77.167.70 - - [13/Jun/2021:12:08:57 +0200] "GET /gorjuss-keyring-little-wings-p-51403.html HTTP/1.0" 200 72873 "-" "Mozilla/5.0 (compatible; bingbot/2.0; +http://www.bing.com/bingbot.htm)"
54.36.148.31 - - [13/Jun/2021:12:09:00 +0200] "GET /exost-rallye-monster-18-p-32358.html HTTP/1.0" 301 70232 "-" "Mozilla/5.0 (compatible; AhrefsBot/7.0; +http://ahrefs.com/robot/)"
157.55.39.152 - - [13/Jun/2021:12:09:01 +0200] "GET /sex-pistols-pencil-case-p-19627.html HTTP/1.0" 301 72920 "-" "Mozilla/5.0 (compatible; bingbot/2.0; +http://www.bing.com/bingbot.htm)"
54.36.148.86 - - [13/Jun/2021:12:09:46 +0200] "GET /apache-women-watch-multicolor-buffalo-head-p-41563.html HTTP/1.0" 200 73160 "-" "Mozilla/5.0 (compatible; AhrefsBot/7.0; +http://ahrefs.com/robot/)"
207.46.13.38 - - [13/Jun/2021:12:09:48 +0200] "GET /top-model-long-sleeve-shirt-p-50920.html HTTP/1.0" 301 76987 "-" "Mozilla/5.0 (compatible; bingbot/2.0; +http://www.bing.com/bingbot.htm)"
40.77.167.106 - - [13/Jun/2021:12:09:57 +0200] "GET /zodiac-high-ceramic-mug-p-30784.html HTTP/1.0" 301 72843 "-" "Mozilla/5.0 (compatible; bingbot/2.0; +http://www.bing.com/bingbot.htm)"
157.55.39.122 - - [13/Jun/2021:12:10:04 +0200] "GET /boho-canvas-frame-34-23-cm-buffalo-head-p-39213.html HTTP/1.0" 301 73101 "-" "Mozilla/5.0 (compatible; bingbot/2.0; +http://www.bing.com/bingbot.htm)"
40.77.167.70 - - [13/Jun/2021:12:10:27 +0200] "GET /-p-17335.html HTTP/1.0" 200 70165 "-" "Mozilla/5.0 (compatible; bingbot/2.0; +http://www.bing.com/bingbot.htm)"
207.46.13.79 - - [13/Jun/2021:12:10:30 +0200] "GET /radio-60-wood-colors-p-19020.html HTTP/1.0" 301 70232 "-" "Mozilla/5.0 (compatible; bingbot/2.0; +http://www.bing.com/bingbot.htm)"
207.46.13.38 - - [13/Jun/2021:12:10:32 +0200] "GET /small-barbapapa-money-box-p-28447.html HTTP/1.0" 301 72867 "-" "Mozilla/5.0 (compatible; bingbot/2.0; +http://www.bing.com/bingbot.htm)"
157.55.39.122 - - [13/Jun/2021:12:10:37 +0200] "GET /happy-colors-love-pink-placemat-p-22362.html HTTP/1.0" 200 73091 "-" "Mozilla/5.0 (compatible; bingbot/2.0; +http://www.bing.com/bingbot.htm)"
207.46.13.38 - - [13/Jun/2021:12:10:47 +0200] "GET /french-riviera-white-and-pink-bowling-bag-p-38648.html HTTP/1.0" 301 73342 "-" "Mozilla/5.0 (compatible; bingbot/2.0; +http://www.bing.com/bingbot.htm)"
40.77.167.70 - - [13/Jun/2021:12:10:58 +0200] "GET /-p-49657.html HTTP/1.0" 200 70165 "-" "Mozilla/5.0 (compatible; bingbot/2.0; +http://www.bing.com/bingbot.htm)"
157.55.39.128 - - [13/Jun/2021:12:11:03 +0200] "GET /-p-14533.html HTTP/1.0" 200 70165 "-" "Mozilla/5.0 (compatible; bingbot/2.0; +http://www.bing.com/bingbot.htm)"
157.55.39.128 - - [13/Jun/2021:12:11:05 +0200] "GET /cat-head-wallet-model-p-39438.html HTTP/1.0" 301 72899 "-" "Mozilla/5.0 (compatible; bingbot/2.0; +http://www.bing.com/bingbot.htm)"
207.46.13.79 - - [13/Jun/2021:12:11:50 +0200] "GET /russian-dolls-black-samsung-galaxy-note-phone-cover-by-cbkreat-p-18761.html HTTP/1.0" 301 70601 "-" "Mozilla/5.0 (compatible; bingbot/2.0; +http://www.bing.com/bingbot.htm)"
40.77.167.70 - - [13/Jun/2021:12:11:58 +0200] "GET /ride-hobo-p-31356.html HTTP/1.0" 200 73032 "-" "Mozilla/5.0 (compatible; bingbot/2.0; +http://www.bing.com/bingbot.htm)"
185.191.171.16 - - [13/Jun/2021:12:11:59 +0200] "GET /robots.txt HTTP/1.0" 200 245 "-" "Mozilla/5.0 (compatible; SemrushBot/7~bl; +http://www.semrush.com/bot.html)"
185.191.171.23 - - [13/Jun/2021:12:11:59 +0200] "GET /flower-summer-collection-p-54630.html?action=add_product HTTP/1.0" 302 476 "-" "Mozilla/5.0 (compatible; SemrushBot/7~bl; +http://www.semrush.com/bot.html)"
157.55.39.44 - - [13/Jun/2021:12:12:43 +0200] "GET /cats-cutty-door-plate-toilettes-p-50640.html HTTP/1.0" 200 72935 "-" "Mozilla/5.0 (compatible; bingbot/2.0; +http://www.bing.com/bingbot.htm)"
157.55.39.44 - - [13/Jun/2021:12:12:44 +0200] "GET /kimmidoll-brush-p-42415.html HTTP/1.0" 200 72794 "-" "Mozilla/5.0 (compatible; bingbot/2.0; +http://www.bing.com/bingbot.htm)"
157.55.39.122 - - [13/Jun/2021:12:12:47 +0200] "GET /golden-tree-jewelry-statuette-p-49178.html HTTP/1.0" 200 73041 "-" "Mozilla/5.0 (compatible; bingbot/2.0; +http://www.bing.com/bingbot.htm)"
51.68.224.127 - - [13/Jun/2021:12:13:04 +0200] "GET /adminweb/export_orders_xml.php?token=256de2z6edz6ed2z6DFSFsed2zed6zeDSFDSGdzedezfzf&maxorders=10&orderstart=1&status=14&start_date=2018-10-01 HTTP/1.0" 200 285 "-" "GesCom CharlotteBoutik Serveur"
51.68.224.127 - - [13/Jun/2021:12:13:04 +0200] "GET /adminweb/export_orders_xml.php?token=256de2z6edz6ed2z6DFSFsed2zed6zeDSFDSGdzedezfzf&maxorders=10&orderstart=1&status=6&start_date=2018-10-01 HTTP/1.0" 200 30039 "-" "GesCom CharlotteBoutik Serveur"
54.36.148.40 - - [13/Jun/2021:12:13:11 +0200] "GET /teo-jasmin-calendar-school-year-2017-2018-p-40852.html HTTP/1.0" 301 70232 "-" "Mozilla/5.0 (compatible; AhrefsBot/7.0; +http://ahrefs.com/robot/)"
40.77.167.90 - - [13/Jun/2021:12:13:14 +0200] "GET /cats-dubout-figurine-cats-extra-p-35861.html HTTP/1.0" 200 73374 "-" "Mozilla/5.0 (compatible; bingbot/2.0; +http://www.bing.com/bingbot.htm)"
40.77.167.90 - - [13/Jun/2021:12:13:16 +0200] "GET /-p-8475.html HTTP/1.0" 200 70163 "-" "Mozilla/5.0 (compatible; bingbot/2.0; +http://www.bing.com/bingbot.htm)"
207.46.13.38 - - [13/Jun/2021:12:13:19 +0200] "GET /cat-by-michelle-allen-little-tray-20-14-cm-p-39729.html HTTP/1.0" 301 73093 "-" "Mozilla/5.0 (compatible; bingbot/2.0; +http://www.bing.com/bingbot.htm)"
54.36.148.71 - - [13/Jun/2021:12:13:23 +0200] "GET /snow-glitter-ball-c-13_259.html?page=2 HTTP/1.0" 200 83592 "-" "Mozilla/5.0 (compatible; AhrefsBot/7.0; +http://ahrefs.com/robot/)"
185.191.171.36 - - [13/Jun/2021:12:13:30 +0200] "GET /liban-clock-by-cbkreation-p-36924.html HTTP/1.0" 301 72892 "-" "Mozilla/5.0 (compatible; SemrushBot/7~bl; +http://www.semrush.com/bot.html)"
185.191.171.36 - - [13/Jun/2021:12:13:32 +0200] "GET /liban-clock-cbkreation-p-36924.html HTTP/1.0" 200 72803 "-" "Mozilla/5.0 (compatible; SemrushBot/7~bl; +http://www.semrush.com/bot.html)"
40.77.167.70 - - [13/Jun/2021:12:13:36 +0200] "GET /stormtrooper-miniature-character-p-32467.html HTTP/1.0" 200 70316 "-" "Mozilla/5.0 (compatible; bingbot/2.0; +http://www.bing.com/bingbot.htm)"
207.46.13.38 - - [13/Jun/2021:12:13:48 +0200] "GET /hello-kitty-flower-ceiling-light-glass-p-16149.html HTTP/1.0" 200 70307 "-" "Mozilla/5.0 (compatible; bingbot/2.0; +http://www.bing.com/bingbot.htm)"
185.191.171.44 - - [13/Jun/2021:12:13:53 +0200] "GET /resin-statue-animals-savannah-p-54279.html?action=add_product HTTP/1.0" 302 476 "-" "Mozilla/5.0 (compatible; SemrushBot/7~bl; +http://www.semrush.com/bot.html)"
207.46.13.79 - - [13/Jun/2021:12:14:01 +0200] "GET /fitted-sheet-red-p-31982.html HTTP/1.0" 301 72797 "-" "Mozilla/5.0 (compatible; bingbot/2.0; +http://www.bing.com/bingbot.htm)"
54.36.148.44 - - [13/Jun/2021:12:14:03 +0200] "GET /van-gogh-little-tray-21-14-cm-p-51668.html HTTP/1.0" 301 72958 "-" "Mozilla/5.0 (compatible; AhrefsBot/7.0; +http://ahrefs.com/robot/)"
207.46.13.38 - - [13/Jun/2021:12:14:09 +0200] "GET /-p-30627.html HTTP/1.0" 200 70165 "-" "Mozilla/5.0 (compatible; bingbot/2.0; +http://www.bing.com/bingbot.htm)"
17.121.114.214 - - [13/Jun/2021:12:14:23 +0200] "GET /cake-molds-cube-molds-c-12_246.html HTTP/1.0" 200 85130 "-" "Mozilla/5.0 (Macintosh; Intel Mac OS X 10_15_5) AppleWebKit/605.1.15 (KHTML, like Gecko) Version/13.1.1 Safari/605.1.15 (Applebot/0.1; +http://www.apple.com/go/applebot)"
157.55.39.128 - - [13/Jun/2021:12:14:23 +0200] "GET /mini-cooper-1300-car-p-27589.html HTTP/1.0" 301 72895 "-" "Mozilla/5.0 (compatible; bingbot/2.0; +http://www.bing.com/bingbot.htm)"
157.55.39.44 - - [13/Jun/2021:12:14:42 +0200] "GET /goofy-great-wall-sticker-repositionable-p-18833.html HTTP/1.0" 301 70232 "-" "Mozilla/5.0 (compatible; bingbot/2.0; +http://www.bing.com/bingbot.htm)"
157.55.39.44 - - [13/Jun/2021:12:14:43 +0200] "GET /knight-set-for-children-p-22591.html HTTP/1.0" 301 70337 "-" "Mozilla/5.0 (compatible; bingbot/2.0; +http://www.bing.com/bingbot.htm)"
185.191.171.19 - - [13/Jun/2021:12:14:45 +0200] "GET /surf-metal-plate-deco-p-36133.html HTTP/1.0" 200 72857 "-" "Mozilla/5.0 (compatible; SemrushBot/7~bl; +http://www.semrush.com/bot.html)"
207.46.13.38 - - [13/Jun/2021:12:15:07 +0200] "GET /-p-23938.html HTTP/1.0" 200 70165 "-" "Mozilla/5.0 (compatible; bingbot/2.0; +http://www.bing.com/bingbot.htm)"
54.36.148.64 - - [13/Jun/2021:12:15:16 +0200] "GET /johnny-hallyday-glass-p-6843.html HTTP/1.0" 301 70229 "-" "Mozilla/5.0 (compatible; AhrefsBot/7.0; +http://ahrefs.com/robot/)"
40.77.167.70 - - [13/Jun/2021:12:15:28 +0200] "GET /-p-33831.html HTTP/1.0" 200 70165 "-" "Mozilla/5.0 (compatible; bingbot/2.0; +http://www.bing.com/bingbot.htm)"
157.55.39.122 - - [13/Jun/2021:12:15:54 +0200] "GET /betty-boop-new-york-mirror-p-9907.html HTTP/1.0" 301 70229 "-" "Mozilla/5.0 (compatible; bingbot/2.0; +http://www.bing.com/bingbot.htm)"
157.55.39.44 - - [13/Jun/2021:12:16:03 +0200] "GET /corsica-metal-plate-p-52505.html HTTP/1.0" 200 72762 "-" "Mozilla/5.0 (compatible; bingbot/2.0; +http://www.bing.com/bingbot.htm)"
157.55.39.44 - - [13/Jun/2021:12:16:04 +0200] "GET /decorative-white-cat-14-cm-p-47107.html HTTP/1.0" 301 73519 "-" "Mozilla/5.0 (compatible; bingbot/2.0; +http://www.bing.com/bingbot.htm)"
54.36.149.9 - - [13/Jun/2021:12:16:13 +0200] "GET /jasmin-companion-portfolio-p-44296.html HTTP/1.0" 200 74302 "-" "Mozilla/5.0 (compatible; AhrefsBot/7.0; +http://ahrefs.com/robot/)"
207.46.13.38 - - [13/Jun/2021:12:16:26 +0200] "GET /js/jquery.js HTTP/1.0" 200 252 "-" "Mozilla/5.0 (compatible; bingbot/2.0; +http://www.bing.com/bingbot.htm)"
40.77.167.90 - - [13/Jun/2021:12:16:35 +0200] "GET /ogc-nice-flag-p-38276.html HTTP/1.0" 301 70289 "-" "Mozilla/5.0 (compatible; bingbot/2.0; +http://www.bing.com/bingbot.htm)"
40.77.167.70 - - [13/Jun/2021:12:17:08 +0200] "GET /-p-37770.html HTTP/1.0" 200 70165 "-" "Mozilla/5.0 (compatible; bingbot/2.0; +http://www.bing.com/bingbot.htm)"
40.77.167.70 - - [13/Jun/2021:12:17:18 +0200] "GET /sticker-for-windows-chakra-p-48352.html HTTP/1.0" 301 70326 "-" "Mozilla/5.0 (compatible; bingbot/2.0; +http://www.bing.com/bingbot.htm)"
207.46.13.38 - - [13/Jun/2021:12:17:32 +0200] "GET /headrest-cushion-white-50-70-cm-p-51960.html HTTP/1.0" 301 73553 "-" "Mozilla/5.0 (compatible; bingbot/2.0; +http://www.bing.com/bingbot.htm)"
207.46.13.38 - - [13/Jun/2021:12:17:33 +0200] "GET /lamp-buddha-pink-p-44891.html HTTP/1.0" 200 72764 "-" "Mozilla/5.0 (compatible; bingbot/2.0; +http://www.bing.com/bingbot.htm)"
157.55.39.128 - - [13/Jun/2021:12:17:33 +0200] "GET /kimmi-junior-meika-pocket-mirror-p-15846.html HTTP/1.0" 200 75886 "-" "Mozilla/5.0 (compatible; bingbot/2.0; +http://www.bing.com/bingbot.htm)"
49.7.20.122 - - [13/Jun/2021:12:17:41 +0200] "GET / HTTP/1.0" 200 149770 "-" "Sogou web spider/4.0(+http://www.sogou.com/docs/help/webmasters.htm#07)"
207.46.13.79 - - [13/Jun/2021:12:17:43 +0200] "GET /fragrance-sachet-baked-apple-p-40548.html HTTP/1.0" 200 73505 "-" "Mozilla/5.0 (compatible; bingbot/2.0; +http://www.bing.com/bingbot.htm)"
207.46.13.79 - - [13/Jun/2021:12:17:44 +0200] "GET /vintage-metal-plate-deco-p-38041.html HTTP/1.0" 200 70276 "-" "Mozilla/5.0 (compatible; bingbot/2.0; +http://www.bing.com/bingbot.htm)"
157.55.39.44 - - [13/Jun/2021:12:18:03 +0200] "GET /bart-simpson-clock-p-12854.html HTTP/1.0" 200 72760 "-" "Mozilla/5.0 (compatible; bingbot/2.0; +http://www.bing.com/bingbot.htm)"
207.46.13.38 - - [13/Jun/2021:12:18:10 +0200] "GET /flower-braided-willow-p-49689.html HTTP/1.0" 200 70269 "-" "Mozilla/5.0 (compatible; bingbot/2.0; +http://www.bing.com/bingbot.htm)"
185.191.171.2 - - [13/Jun/2021:12:18:22 +0200] "GET /mareva-coated-tablecloth-grey-yellow-p-45344.html?action=add_product HTTP/1.0" 302 476 "-" "Mozilla/5.0 (compatible; SemrushBot/7~bl; +http://www.semrush.com/bot.html)"
185.191.171.11 - - [13/Jun/2021:12:18:25 +0200] "GET /stitch-flowers-collection-statuette-p-47670.html?action=add_product HTTP/1.0" 302 476 "-" "Mozilla/5.0 (compatible; SemrushBot/7~bl; +http://www.semrush.com/bot.html)"
185.191.171.44 - - [13/Jun/2021:12:18:29 +0200] "GET /rectangular-kitchen-towel-cotton-paris-p-51356.html?action=add_product HTTP/1.0" 302 476 "-" "Mozilla/5.0 (compatible; SemrushBot/7~bl; +http://www.semrush.com/bot.html)"
185.191.171.11 - - [13/Jun/2021:12:18:31 +0200] "GET /hand-of-fatma-acrylic-magnet-p-52883.html HTTP/1.0" 301 72928 "-" "Mozilla/5.0 (compatible; SemrushBot/7~bl; +http://www.semrush.com/bot.html)"
185.191.171.22 - - [13/Jun/2021:12:18:39 +0200] "GET /hand-fatma-acrylic-magnet-p-52883.html HTTP/1.0" 200 72836 "-" "Mozilla/5.0 (compatible; SemrushBot/7~bl; +http://www.semrush.com/bot.html)"
40.77.167.70 - - [13/Jun/2021:12:18:48 +0200] "GET /alpine-metal-plate-p-38392.html HTTP/1.0" 200 70246 "-" "Mozilla/5.0 (compatible; bingbot/2.0; +http://www.bing.com/bingbot.htm)"
185.191.171.22 - - [13/Jun/2021:12:18:48 +0200] "GET /skull-money-resin-skated-gold-p-37766.html HTTP/1.0" 200 72985 "-" "Mozilla/5.0 (compatible; SemrushBot/7~bl; +http://www.semrush.com/bot.html)"
157.55.39.152 - - [13/Jun/2021:12:18:57 +0200] "GET /furnishings-c-13_87.html?page=3 HTTP/1.0" 200 91914 "-" "Mozilla/5.0 (compatible; bingbot/2.0; +http://www.bing.com/bingbot.htm)"
40.77.167.106 - - [13/Jun/2021:12:19:02 +0200] "GET /frozen-poster-p-28278.html HTTP/1.0" 200 72695 "-" "Mozilla/5.0 (compatible; bingbot/2.0; +http://www.bing.com/bingbot.htm)"
207.46.13.79 - - [13/Jun/2021:12:19:07 +0200] "GET /statue-the-white-bear-of-francois-pompon-18-35-cm-p-47632.html HTTP/1.0" 301 74097 "-" "Mozilla/5.0 (compatible; bingbot/2.0; +http://www.bing.com/bingbot.htm)"
54.36.149.95 - - [13/Jun/2021:12:19:16 +0200] "GET /chalut-door-p-37211.html HTTP/1.0" 200 73054 "-" "Mozilla/5.0 (compatible; AhrefsBot/7.0; +http://ahrefs.com/robot/)"
17.121.114.177 - - [13/Jun/2021:12:19:27 +0200] "GET /shirts-sweatshirts-c-53_54.html HTTP/1.0" 200 93535 "-" "Mozilla/5.0 (Macintosh; Intel Mac OS X 10_15_5) AppleWebKit/605.1.15 (KHTML, like Gecko) Version/13.1.1 Safari/605.1.15 (Applebot/0.1; +http://www.apple.com/go/applebot)"
40.77.167.70 - - [13/Jun/2021:12:20:08 +0200] "GET /urss-clock-by-cbkreation-p-24369.html HTTP/1.0" 301 73000 "-" "Mozilla/5.0 (compatible; bingbot/2.0; +http://www.bing.com/bingbot.htm)"
51.255.106.85 - - [13/Jun/2021:12:20:30 +0200] "GET /contact_us.php HTTP/1.0" 200 26241 "http://www.wonder-geek.com/contact_us.php" "Mozilla/5.0 (Windows NT 6.1; Win64; x64) AppleWebKit/537.36 (KHTML, like Gecko) Chrome/83.0.4103.61 Safari/537.36 Edg/83.0.478.37"
51.255.106.85 - - [13/Jun/2021:12:20:31 +0200] "POST /contact_us.php?action=send HTTP/1.0" 200 26677 "http://www.wonder-geek.com/contact_us.php" "Mozilla/5.0 (Windows NT 6.1; Win64; x64) AppleWebKit/537.36 (KHTML, like Gecko) Chrome/83.0.4103.61 Safari/537.36 Edg/83.0.478.37"
51.255.106.85 - - [13/Jun/2021:12:20:32 +0200] "GET /contact_us.php HTTP/1.0" 200 26241 "http://www.wonder-geek.com/contact_us.php" "Mozilla/5.0 (Windows NT 6.1; Win64; x64) AppleWebKit/537.36 (KHTML, like Gecko) Chrome/83.0.4103.61 Safari/537.36 Edg/83.0.478.37"
157.55.39.44 - - [13/Jun/2021:12:20:53 +0200] "GET /johnny-hallyday-glass-wall-clock-p-9324.html HTTP/1.0" 200 72899 "-" "Mozilla/5.0 (compatible; bingbot/2.0; +http://www.bing.com/bingbot.htm)"
207.46.13.79 - - [13/Jun/2021:12:21:14 +0200] "GET /-p-29197.html HTTP/1.0" 200 70165 "-" "Mozilla/5.0 (compatible; bingbot/2.0; +http://www.bing.com/bingbot.htm)"
207.46.13.38 - - [13/Jun/2021:12:21:18 +0200] "GET /masha-and-the-bear-desk-p-32470.html HTTP/1.0" 301 70337 "-" "Mozilla/5.0 (compatible; bingbot/2.0; +http://www.bing.com/bingbot.htm)"
157.55.39.152 - - [13/Jun/2021:12:21:28 +0200] "GET /-p-22696.html HTTP/1.0" 200 70165 "-" "Mozilla/5.0 (compatible; bingbot/2.0; +http://www.bing.com/bingbot.htm)"
54.36.149.35 - - [13/Jun/2021:12:21:38 +0200] "GET /pet-rug-60-40-cm-pacha-p-49540.html HTTP/1.0" 301 72723 "-" "Mozilla/5.0 (compatible; AhrefsBot/7.0; +http://ahrefs.com/robot/)"
35.243.252.220 - - [13/Jun/2021:12:21:40 +0200] "GET /robots.txt HTTP/1.0" 200 245 "-" "ZoominfoBot (zoominfobot at zoominfo dot com)"
35.243.252.220 - - [13/Jun/2021:12:21:41 +0200] "GET /bowls-c-12_60.html HTTP/1.0" 200 92785 "-" "ZoominfoBot (zoominfobot at zoominfo dot com)"
185.191.171.33 - - [13/Jun/2021:12:21:47 +0200] "GET /gold-silver-crucifix-pendant-zippo-chain-venetian-mesh-p-49088.html?action=add_product HTTP/1.0" 302 476 "-" "Mozilla/5.0 (compatible; SemrushBot/7~bl; +http://www.semrush.com/bot.html)"
35.243.252.220 - - [13/Jun/2021:12:21:52 +0200] "GET /dishes-c-12.html HTTP/1.0" 200 91215 "-" "ZoominfoBot (zoominfobot at zoominfo dot com)"
54.36.149.41 - - [13/Jun/2021:12:22:15 +0200] "GET /tree-bears-lighting-p-54212.html HTTP/1.0" 200 73271 "-" "Mozilla/5.0 (compatible; AhrefsBot/7.0; +http://ahrefs.com/robot/)"
106.38.241.175 - - [13/Jun/2021:12:22:18 +0200] "GET / HTTP/1.0" 200 149589 "-" "Sogou web spider/4.0(+http://www.sogou.com/docs/help/webmasters.htm#07)"
40.77.167.70 - - [13/Jun/2021:12:22:28 +0200] "GET /-p-42575.html HTTP/1.0" 200 70165 "-" "Mozilla/5.0 (compatible; bingbot/2.0; +http://www.bing.com/bingbot.htm)"
54.36.148.178 - - [13/Jun/2021:12:22:42 +0200] "GET /est-beau-la-vie-stickers-20-70-cm-p-39328.html HTTP/1.0" 301 73016 "-" "Mozilla/5.0 (compatible; AhrefsBot/7.0; +http://ahrefs.com/robot/)"
207.46.13.38 - - [13/Jun/2021:12:23:09 +0200] "GET /tea-for-one-flowers-p-46833.html HTTP/1.0" 301 72812 "-" "Mozilla/5.0 (compatible; bingbot/2.0; +http://www.bing.com/bingbot.htm)"
40.77.167.90 - - [13/Jun/2021:12:23:15 +0200] "GET /-p-29473.html HTTP/1.0" 200 70165 "-" "Mozilla/5.0 (compatible; bingbot/2.0; +http://www.bing.com/bingbot.htm)"
66.249.68.6 - - [13/Jun/2021:12:23:16 +0200] "GET /lego-superman-lite-super-heroes-keychains-p-27072.html HTTP/1.0" 200 73136 "-" "Mozilla/5.0 (Linux; Android 6.0.1; Nexus 5X Build/MMB29P) AppleWebKit/537.36 (KHTML, like Gecko) Chrome/91.0.4472.90 Mobile Safari/537.36 (compatible; Googlebot/2.1; +http://www.google.com/bot.html)"
157.55.39.122 - - [13/Jun/2021:12:23:24 +0200] "GET /medusa-glass-paperweight-p-51430.html HTTP/1.0" 200 72809 "-" "Mozilla/5.0 (compatible; bingbot/2.0; +http://www.bing.com/bingbot.htm)"
157.55.39.152 - - [13/Jun/2021:12:23:29 +0200] "GET /cccp-alarm-clock-by-cbkreation-p-25010.html HTTP/1.0" 301 72990 "-" "Mozilla/5.0 (compatible; bingbot/2.0; +http://www.bing.com/bingbot.htm)"
185.191.171.5 - - [13/Jun/2021:12:23:36 +0200] "GET /flamingo-pink-tisaniere-p-39638.html HTTP/1.0" 301 72958 "-" "Mozilla/5.0 (compatible; SemrushBot/7~bl; +http://www.semrush.com/bot.html)"
185.191.171.39 - - [13/Jun/2021:12:23:38 +0200] "GET /flamingo-pink-tisanire-p-39638.html HTTP/1.0" 200 72869 "-" "Mozilla/5.0 (compatible; SemrushBot/7~bl; +http://www.semrush.com/bot.html)"
207.46.13.38 - - [13/Jun/2021:12:23:48 +0200] "GET /-p-15699.html HTTP/1.0" 200 70165 "-" "Mozilla/5.0 (compatible; bingbot/2.0; +http://www.bing.com/bingbot.htm)"
185.191.171.15 - - [13/Jun/2021:12:23:49 +0200] "GET /jewelry-holder-flower-dress-p-47489.html HTTP/1.0" 200 72954 "-" "Mozilla/5.0 (compatible; SemrushBot/7~bl; +http://www.semrush.com/bot.html)"
54.36.148.24 - - [13/Jun/2021:12:23:54 +0200] "GET /cat-peg-kitchen-supports-p-44485.html HTTP/1.0" 301 73112 "-" "Mozilla/5.0 (compatible; AhrefsBot/7.0; +http://ahrefs.com/robot/)"
157.55.39.152 - - [13/Jun/2021:12:24:08 +0200] "GET /frida-khalo-round-presentation-dish-model-p-49541.html HTTP/1.0" 200 73078 "-" "Mozilla/5.0 (compatible; bingbot/2.0; +http://www.bing.com/bingbot.htm)"
157.55.39.152 - - [13/Jun/2021:12:24:49 +0200] "GET /iphone-case-silicone-audiocassette-p-25374.html HTTP/1.0" 200 75600 "-" "Mozilla/5.0 (compatible; bingbot/2.0; +http://www.bing.com/bingbot.htm)"
66.249.68.34 - - [13/Jun/2021:12:24:56 +0200] "GET / HTTP/1.0" 301 511 "-" "Mozilla/5.0 (Linux; Android 6.0.1; Nexus 5X Build/MMB29P) AppleWebKit/537.36 (KHTML, like Gecko) Chrome/91.0.4472.90 Mobile Safari/537.36 (compatible; Googlebot/2.1; +http://www.google.com/bot.html)"
54.36.149.26 - - [13/Jun/2021:12:25:04 +0200] "GET /uk-mouse-pad-cbkreation-p-14153.html HTTP/1.0" 301 72823 "-" "Mozilla/5.0 (compatible; AhrefsBot/7.0; +http://ahrefs.com/robot/)"
207.46.13.79 - - [13/Jun/2021:12:25:05 +0200] "GET /mickey-ceiling-light-glass-p-6798.html HTTP/1.0" 200 70257 "-" "Mozilla/5.0 (compatible; bingbot/2.0; +http://www.bing.com/bingbot.htm)"
185.191.171.42 - - [13/Jun/2021:12:25:17 +0200] "GET /open-your-heart-phone-cover-iphone-p-17817.html HTTP/1.0" 200 73419 "-" "Mozilla/5.0 (compatible; SemrushBot/7~bl; +http://www.semrush.com/bot.html)"
185.191.171.42 - - [13/Jun/2021:12:25:19 +0200] "GET /ashtrays-c-13_240.html?page=2 HTTP/1.0" 200 91587 "-" "Mozilla/5.0 (compatible; SemrushBot/7~bl; +http://www.semrush.com/bot.html)"
54.36.148.129 - - [13/Jun/2021:12:25:20 +0200] "GET /brasil-passeport-p-19070.html HTTP/1.0" 200 72861 "-" "Mozilla/5.0 (compatible; AhrefsBot/7.0; +http://ahrefs.com/robot/)"
185.191.171.14 - - [13/Jun/2021:12:25:47 +0200] "GET /stade-toulousain-pencil-pot-p-26572.html HTTP/1.0" 301 72900 "-" "Mozilla/5.0 (compatible; SemrushBot/7~bl; +http://www.semrush.com/bot.html)"
185.191.171.7 - - [13/Jun/2021:12:25:49 +0200] "GET /stade-toulousain-pencil-p-26572.html HTTP/1.0" 200 72810 "-" "Mozilla/5.0 (compatible; SemrushBot/7~bl; +http://www.semrush.com/bot.html)"
17.121.112.150 - - [13/Jun/2021:12:26:04 +0200] "GET /forest-round-side-table-p-50230.html HTTP/1.0" 200 70247 "-" "Mozilla/5.0 (Macintosh; Intel Mac OS X 10_15_5) AppleWebKit/605.1.15 (KHTML, like Gecko) Version/13.1.1 Safari/605.1.15 (Applebot/0.1; +http://www.apple.com/go/applebot)"
157.55.39.122 - - [13/Jun/2021:12:26:05 +0200] "GET /-p-12141.html HTTP/1.0" 200 70165 "-" "Mozilla/5.0 (compatible; bingbot/2.0; +http://www.bing.com/bingbot.htm)"
207.46.13.79 - - [13/Jun/2021:12:26:14 +0200] "GET /lego-superman-led-lite-dc-super-heroes-keychains-p-27072.html HTTP/1.0" 301 73244 "-" "Mozilla/5.0 (compatible; bingbot/2.0; +http://www.bing.com/bingbot.htm)"
207.46.13.79 - - [13/Jun/2021:12:26:15 +0200] "GET /tablecloths-c-11_176.html HTTP/1.0" 200 91510 "-" "Mozilla/5.0 (compatible; bingbot/2.0; +http://www.bing.com/bingbot.htm)"
207.46.13.38 - - [13/Jun/2021:12:26:31 +0200] "GET /flower-of-life-earrings-brass-silver-colored-p-39339.html HTTP/1.0" 301 73049 "-" "Mozilla/5.0 (compatible; bingbot/2.0; +http://www.bing.com/bingbot.htm)"
207.46.13.79 - - [13/Jun/2021:12:26:45 +0200] "GET /coca-cola-small-metal-plate-p-27978.html HTTP/1.0" 200 72866 "-" "Mozilla/5.0 (compatible; bingbot/2.0; +http://www.bing.com/bingbot.htm)"
40.77.167.106 - - [13/Jun/2021:12:26:50 +0200] "GET /beyblade-red-swimsuit-p-30448.html HTTP/1.0" 301 74604 "-" "Mozilla/5.0 (compatible; bingbot/2.0; +http://www.bing.com/bingbot.htm)"
40.77.167.90 - - [13/Jun/2021:12:27:04 +0200] "GET /elvis-m-148.html HTTP/1.0" 200 79370 "-" "Mozilla/5.0 (compatible; bingbot/2.0; +http://www.bing.com/bingbot.htm)"
207.46.13.38 - - [13/Jun/2021:12:27:11 +0200] "GET /emily-the-strange-stickers-p-12139.html HTTP/1.0" 301 70364 "-" "Mozilla/5.0 (compatible; bingbot/2.0; +http://www.bing.com/bingbot.htm)"
157.55.39.128 - - [13/Jun/2021:12:27:14 +0200] "GET /tablecloth-castillon-treated-anti-stain-blue-150-250-cm-p-48526.html HTTP/1.0" 301 70232 "-" "Mozilla/5.0 (compatible; bingbot/2.0; +http://www.bing.com/bingbot.htm)"
207.46.13.38 - - [13/Jun/2021:12:27:29 +0200] "GET /hello-kitty-chocolate-houndstooth-wallet-by-camomilla-p-16302.html HTTP/1.0" 301 74048 "-" "Mozilla/5.0 (compatible; bingbot/2.0; +http://www.bing.com/bingbot.htm)"
185.191.171.43 - - [13/Jun/2021:12:27:32 +0200] "GET /pear-resin-gold-patina-p-40002.html?action=add_product HTTP/1.0" 302 476 "-" "Mozilla/5.0 (compatible; SemrushBot/7~bl; +http://www.semrush.com/bot.html)"
207.46.13.38 - - [13/Jun/2021:12:28:10 +0200] "GET /dubout-cats-white-mug-p-38798.html HTTP/1.0" 301 70315 "-" "Mozilla/5.0 (compatible; bingbot/2.0; +http://www.bing.com/bingbot.htm)"
207.46.13.38 - - [13/Jun/2021:12:28:11 +0200] "GET /hello-kitty-capri-pants-p-30238.html HTTP/1.0" 200 73955 "-" "Mozilla/5.0 (compatible; bingbot/2.0; +http://www.bing.com/bingbot.htm)"
207.46.13.79 - - [13/Jun/2021:12:28:16 +0200] "GET /my-little-pony-mini-led-glitter-shake-and-shine-p-31919.html HTTP/1.0" 301 73419 "-" "Mozilla/5.0 (compatible; bingbot/2.0; +http://www.bing.com/bingbot.htm)"
207.46.13.79 - - [13/Jun/2021:12:28:17 +0200] "GET /happy-hour-free-beer-wall-bottle-opener-p-36857.html HTTP/1.0" 200 72962 "-" "Mozilla/5.0 (compatible; bingbot/2.0; +http://www.bing.com/bingbot.htm)"
54.36.149.87 - - [13/Jun/2021:12:28:17 +0200] "GET /dishes-dishes-c-12_251.html HTTP/1.0" 200 89382 "-" "Mozilla/5.0 (compatible; AhrefsBot/7.0; +http://ahrefs.com/robot/)"
54.36.148.68 - - [13/Jun/2021:12:28:18 +0200] "GET /kimmijunior-mug-p-11378.html HTTP/1.0" 301 70232 "-" "Mozilla/5.0 (compatible; AhrefsBot/7.0; +http://ahrefs.com/robot/)"
157.55.39.152 - - [13/Jun/2021:12:28:49 +0200] "GET /-p-14526.html HTTP/1.0" 200 70165 "-" "Mozilla/5.0 (compatible; bingbot/2.0; +http://www.bing.com/bingbot.htm)"
51.68.224.127 - - [13/Jun/2021:12:29:14 +0200] "GET /adminweb/export_orders_xml.php?token=256de2z6edz6ed2z6DFSFsed2zed6zeDSFDSGdzedezfzf&maxorders=10&orderstart=1&status=14&start_date=2018-10-01 HTTP/1.0" 200 285 "-" "GesCom CharlotteBoutik Serveur"
51.68.224.127 - - [13/Jun/2021:12:29:14 +0200] "GET /adminweb/export_orders_xml.php?token=256de2z6edz6ed2z6DFSFsed2zed6zeDSFDSGdzedezfzf&maxorders=10&orderstart=1&status=6&start_date=2018-10-01 HTTP/1.0" 200 30039 "-" "GesCom CharlotteBoutik Serveur"
185.191.171.1 - - [13/Jun/2021:12:29:36 +0200] "GET /harley-davidson-large-p-37071.html?action=add_product HTTP/1.0" 302 476 "-" "Mozilla/5.0 (compatible; SemrushBot/7~bl; +http://www.semrush.com/bot.html)"
157.55.39.128 - - [13/Jun/2021:12:29:55 +0200] "GET /soft-toys-security-blanket-c-4_46.html HTTP/1.0" 200 91888 "-" "Mozilla/5.0 (compatible; bingbot/2.0; +http://www.bing.com/bingbot.htm)"
185.191.171.35 - - [13/Jun/2021:12:30:07 +0200] "GET /white-cotton-kitchen-towel-little-prince-p-44858.html?action=add_product HTTP/1.0" 302 476 "-" "Mozilla/5.0 (compatible; SemrushBot/7~bl; +http://www.semrush.com/bot.html)"
207.46.13.38 - - [13/Jun/2021:12:30:30 +0200] "GET /set-tray-and-small-cactus-pots-p-48107.html HTTP/1.0" 301 73566 "-" "Mozilla/5.0 (compatible; bingbot/2.0; +http://www.bing.com/bingbot.htm)"
40.77.167.90 - - [13/Jun/2021:12:30:40 +0200] "GET /pepe-jeans-suitcase-61-cm-p-33482.html HTTP/1.0" 301 73326 "-" "Mozilla/5.0 (compatible; bingbot/2.0; +http://www.bing.com/bingbot.htm)"
35.243.252.220 - - [13/Jun/2021:12:30:42 +0200] "GET /barbecue-aperitif-c-12_254.html HTTP/1.0" 200 87573 "-" "ZoominfoBot (zoominfobot at zoominfo dot com)"
35.243.252.220 - - [13/Jun/2021:12:30:50 +0200] "GET /flatwares-c-12_63.html HTTP/1.0" 200 89381 "-" "ZoominfoBot (zoominfobot at zoominfo dot com)"
40.77.167.90 - - [13/Jun/2021:12:30:56 +0200] "GET /jasmin-large-cabas-jasmine-rockabilly-p-39272.html HTTP/1.0" 200 70293 "-" "Mozilla/5.0 (compatible; bingbot/2.0; +http://www.bing.com/bingbot.htm)"
54.36.148.47 - - [13/Jun/2021:12:31:19 +0200] "GET /white-stars-table-lamp-p-36479.html HTTP/1.0" 200 72759 "-" "Mozilla/5.0 (compatible; AhrefsBot/7.0; +http://ahrefs.com/robot/)"
157.55.39.152 - - [13/Jun/2021:12:31:29 +0200] "GET /dubout-cats-soap-box-10-65-28-cm-p-40105.html HTTP/1.0" 301 70350 "-" "Mozilla/5.0 (compatible; bingbot/2.0; +http://www.bing.com/bingbot.htm)"
207.46.13.38 - - [13/Jun/2021:12:31:35 +0200] "GET /paris-magnetic-memo-board-p-30033.html HTTP/1.0" 200 72893 "-" "Mozilla/5.0 (compatible; bingbot/2.0; +http://www.bing.com/bingbot.htm)"
17.121.115.63 - - [13/Jun/2021:12:31:50 +0200] "GET /carpet-mandala-p-43925.html HTTP/1.0" 200 70259 "-" "Mozilla/5.0 (Macintosh; Intel Mac OS X 10_15_5) AppleWebKit/605.1.15 (KHTML, like Gecko) Version/13.1.1 Safari/605.1.15 (Applebot/0.1; +http://www.apple.com/go/applebot)"
40.77.167.90 - - [13/Jun/2021:12:32:05 +0200] "GET /mickey-pvc-led-ceiling-light-p-33145.html HTTP/1.0" 301 70232 "-" "Mozilla/5.0 (compatible; bingbot/2.0; +http://www.bing.com/bingbot.htm)"
157.55.39.122 - - [13/Jun/2021:12:32:10 +0200] "GET /mini-magnetic-plate-rtro-cant-cook-cares-p-34414.html HTTP/1.0" 200 70386 "-" "Mozilla/5.0 (compatible; bingbot/2.0; +http://www.bing.com/bingbot.htm)"
185.191.171.35 - - [13/Jun/2021:12:32:16 +0200] "GET /duvet-cover-in-cotton-percale-80-threads-140-200-cm-p-51261.html HTTP/1.0" 301 73205 "-" "Mozilla/5.0 (compatible; SemrushBot/7~bl; +http://www.semrush.com/bot.html)"
185.191.171.1 - - [13/Jun/2021:12:32:19 +0200] "GET /duvet-cover-cotton-percale-threads-p-51261.html HTTP/1.0" 200 73104 "-" "Mozilla/5.0 (compatible; SemrushBot/7~bl; +http://www.semrush.com/bot.html)"
157.55.39.122 - - [13/Jun/2021:12:32:26 +0200] "GET /-p-12120.html HTTP/1.0" 200 70165 "-" "Mozilla/5.0 (compatible; bingbot/2.0; +http://www.bing.com/bingbot.htm)"
185.191.171.42 - - [13/Jun/2021:12:33:14 +0200] "GET /eau-de-la-metal-plate-deco-p-45080.html HTTP/1.0" 301 70232 "-" "Mozilla/5.0 (compatible; SemrushBot/7~bl; +http://www.semrush.com/bot.html)"
185.191.171.37 - - [13/Jun/2021:12:33:16 +0200] "GET /-p-45080.html HTTP/1.0" 200 70165 "-" "Mozilla/5.0 (compatible; SemrushBot/7~bl; +http://www.semrush.com/bot.html)"
