207.46.13.38 - - [13/Jun/2021:17:38:30 +0200] "GET /dora-the-explorer-pvc-pendant-light-fitting-p-18708.html HTTP/1.0" 301 73314 "-" "Mozilla/5.0 (compatible; bingbot/2.0; +http://www.bing.com/bingbot.htm)"
185.191.171.43 - - [13/Jun/2021:17:38:50 +0200] "GET /archangel-chamuel-statuette-bronze-color-p-53052.html?action=add_product HTTP/1.0" 302 476 "-" "Mozilla/5.0 (compatible; SemrushBot/7~bl; +http://www.semrush.com/bot.html)"
40.77.167.90 - - [13/Jun/2021:17:39:02 +0200] "GET /samurai-ukiyo-mase-chudayu-masa-aki-statue-in-resin-p-35581.html HTTP/1.0" 301 70514 "-" "Mozilla/5.0 (compatible; bingbot/2.0; +http://www.bing.com/bingbot.htm)"
157.55.39.44 - - [13/Jun/2021:17:39:06 +0200] "GET /-p-21485.html HTTP/1.0" 200 70165 "-" "Mozilla/5.0 (compatible; bingbot/2.0; +http://www.bing.com/bingbot.htm)"
157.55.39.152 - - [13/Jun/2021:17:39:11 +0200] "GET /-p-17183.html HTTP/1.0" 200 70165 "-" "Mozilla/5.0 (compatible; bingbot/2.0; +http://www.bing.com/bingbot.htm)"
157.55.39.44 - - [13/Jun/2021:17:39:16 +0200] "GET /cars-small-walk-p-29533.html HTTP/1.0" 200 72743 "-" "Mozilla/5.0 (compatible; bingbot/2.0; +http://www.bing.com/bingbot.htm)"
54.36.149.24 - - [13/Jun/2021:17:39:38 +0200] "GET /shop-c-155.html?page=1 HTTP/1.0" 200 88903 "-" "Mozilla/5.0 (compatible; AhrefsBot/7.0; +http://ahrefs.com/robot/)"
207.46.13.38 - - [13/Jun/2021:17:39:50 +0200] "GET /harley-davidson-lighter-p-41029.html HTTP/1.0" 200 73249 "-" "Mozilla/5.0 (compatible; bingbot/2.0; +http://www.bing.com/bingbot.htm)"
40.77.167.106 - - [13/Jun/2021:17:39:55 +0200] "GET /charmmy-kitty-large-cosmetic-bag-p-26666.html HTTP/1.0" 301 73239 "-" "Mozilla/5.0 (compatible; bingbot/2.0; +http://www.bing.com/bingbot.htm)"
185.191.171.43 - - [13/Jun/2021:17:39:57 +0200] "GET /paris-pencil-case-p-15434.html HTTP/1.0" 200 72789 "-" "Mozilla/5.0 (compatible; SemrushBot/7~bl; +http://www.semrush.com/bot.html)"
40.77.167.106 - - [13/Jun/2021:17:40:31 +0200] "GET /-p-33410.html HTTP/1.0" 200 70165 "-" "Mozilla/5.0 (compatible; bingbot/2.0; +http://www.bing.com/bingbot.htm)"
40.77.167.70 - - [13/Jun/2021:17:40:39 +0200] "GET /images/8029759057051.jpg HTTP/1.0" 200 259 "-" "Mozilla/5.0 (compatible; bingbot/2.0; +http://www.bing.com/bingbot.htm)"
5.9.71.213 - - [13/Jun/2021:17:40:46 +0200] "GET /robots.txt HTTP/1.0" 301 531 "-" "Mozilla/5.0 (compatible; MJ12bot/v1.4.8; http://mj12bot.com/)"
5.9.71.213 - - [13/Jun/2021:17:40:46 +0200] "GET /robots.txt HTTP/1.0" 200 245 "-" "Mozilla/5.0 (compatible; MJ12bot/v1.4.8; http://mj12bot.com/)"
5.9.71.213 - - [13/Jun/2021:17:40:48 +0200] "GET /decorations-and-furnishings/furnishings/disney-princess-table-p-1203.html HTTP/1.0" 301 657 "-" "Mozilla/5.0 (compatible; MJ12bot/v1.4.8; http://mj12bot.com/)"
5.9.71.213 - - [13/Jun/2021:17:40:49 +0200] "GET /decorations-and-furnishings/furnishings/disney-princess-table-p-1203.html HTTP/1.0" 301 70229 "-" "Mozilla/5.0 (compatible; MJ12bot/v1.4.8; http://mj12bot.com/)"
5.9.71.213 - - [13/Jun/2021:17:40:51 +0200] "GET /-p-1203.html HTTP/1.0" 200 70163 "-" "Mozilla/5.0 (compatible; MJ12bot/v1.4.8; http://mj12bot.com/)"
5.9.71.213 - - [13/Jun/2021:17:40:53 +0200] "GET /-p-12746.html HTTP/1.0" 200 70165 "-" "Mozilla/5.0 (compatible; MJ12bot/v1.4.8; http://mj12bot.com/)"
5.9.71.213 - - [13/Jun/2021:17:40:55 +0200] "GET /-p-19170.html HTTP/1.0" 200 70165 "-" "Mozilla/5.0 (compatible; MJ12bot/v1.4.8; http://mj12bot.com/)"
5.9.71.213 - - [13/Jun/2021:17:40:57 +0200] "GET /-p-22647.html HTTP/1.0" 200 70165 "-" "Mozilla/5.0 (compatible; MJ12bot/v1.4.8; http://mj12bot.com/)"
5.9.71.213 - - [13/Jun/2021:17:40:59 +0200] "GET /-p-23219.html HTTP/1.0" 200 70165 "-" "Mozilla/5.0 (compatible; MJ12bot/v1.4.8; http://mj12bot.com/)"
5.9.71.213 - - [13/Jun/2021:17:41:00 +0200] "GET /-p-26604.html HTTP/1.0" 200 70165 "-" "Mozilla/5.0 (compatible; MJ12bot/v1.4.8; http://mj12bot.com/)"
5.9.71.213 - - [13/Jun/2021:17:41:02 +0200] "GET /-p-30764.html HTTP/1.0" 200 70165 "-" "Mozilla/5.0 (compatible; MJ12bot/v1.4.8; http://mj12bot.com/)"
147.92.153.8 - - [13/Jun/2021:17:41:03 +0200] "GET /glasses-drinking-c-12_62.html HTTP/1.0" 200 90975 "-" "Mozilla/5.0 (compatible; Linespider/1.1; +https://lin.ee/4dwXkTH)"
5.9.71.213 - - [13/Jun/2021:17:41:04 +0200] "GET /-p-31084.html HTTP/1.0" 200 70165 "-" "Mozilla/5.0 (compatible; MJ12bot/v1.4.8; http://mj12bot.com/)"
5.9.71.213 - - [13/Jun/2021:17:41:06 +0200] "GET /-p-31414.html HTTP/1.0" 200 70165 "-" "Mozilla/5.0 (compatible; MJ12bot/v1.4.8; http://mj12bot.com/)"
5.9.71.213 - - [13/Jun/2021:17:41:08 +0200] "GET /-p-31554.html HTTP/1.0" 200 70165 "-" "Mozilla/5.0 (compatible; MJ12bot/v1.4.8; http://mj12bot.com/)"
5.9.71.213 - - [13/Jun/2021:17:41:10 +0200] "GET /-p-31656.html HTTP/1.0" 200 70165 "-" "Mozilla/5.0 (compatible; MJ12bot/v1.4.8; http://mj12bot.com/)"
40.77.167.106 - - [13/Jun/2021:17:41:10 +0200] "GET /glass-cutting-board-by-cbkreation-p-51346.html HTTP/1.0" 301 72968 "-" "Mozilla/5.0 (compatible; bingbot/2.0; +http://www.bing.com/bingbot.htm)"
5.9.71.213 - - [13/Jun/2021:17:41:12 +0200] "GET /-p-31657.html HTTP/1.0" 200 70165 "-" "Mozilla/5.0 (compatible; MJ12bot/v1.4.8; http://mj12bot.com/)"
5.9.71.213 - - [13/Jun/2021:17:41:13 +0200] "GET /-p-31666.html HTTP/1.0" 200 70165 "-" "Mozilla/5.0 (compatible; MJ12bot/v1.4.8; http://mj12bot.com/)"
5.9.71.213 - - [13/Jun/2021:17:41:15 +0200] "GET /-p-31732.html HTTP/1.0" 200 70165 "-" "Mozilla/5.0 (compatible; MJ12bot/v1.4.8; http://mj12bot.com/)"
5.9.71.213 - - [13/Jun/2021:17:41:17 +0200] "GET /-p-31760.html HTTP/1.0" 200 70165 "-" "Mozilla/5.0 (compatible; MJ12bot/v1.4.8; http://mj12bot.com/)"
5.9.71.213 - - [13/Jun/2021:17:41:19 +0200] "GET /-p-32179.html HTTP/1.0" 200 70165 "-" "Mozilla/5.0 (compatible; MJ12bot/v1.4.8; http://mj12bot.com/)"
157.55.39.152 - - [13/Jun/2021:17:41:21 +0200] "GET /kimmi-junior-best-friend-necklaces-p-8753.html HTTP/1.0" 200 72914 "-" "Mozilla/5.0 (compatible; bingbot/2.0; +http://www.bing.com/bingbot.htm)"
5.9.71.213 - - [13/Jun/2021:17:41:21 +0200] "GET /-p-32945.html HTTP/1.0" 200 70165 "-" "Mozilla/5.0 (compatible; MJ12bot/v1.4.8; http://mj12bot.com/)"
157.55.39.152 - - [13/Jun/2021:17:41:23 +0200] "GET /-p-30844.html HTTP/1.0" 200 70165 "-" "Mozilla/5.0 (compatible; bingbot/2.0; +http://www.bing.com/bingbot.htm)"
5.9.71.213 - - [13/Jun/2021:17:41:24 +0200] "GET /-p-33163.html HTTP/1.0" 200 70165 "-" "Mozilla/5.0 (compatible; MJ12bot/v1.4.8; http://mj12bot.com/)"
5.9.71.213 - - [13/Jun/2021:17:41:26 +0200] "GET /-p-33486.html HTTP/1.0" 200 70165 "-" "Mozilla/5.0 (compatible; MJ12bot/v1.4.8; http://mj12bot.com/)"
5.9.71.213 - - [13/Jun/2021:17:41:27 +0200] "GET /-p-33489.html HTTP/1.0" 200 70165 "-" "Mozilla/5.0 (compatible; MJ12bot/v1.4.8; http://mj12bot.com/)"
5.9.71.213 - - [13/Jun/2021:17:41:29 +0200] "GET /-p-34439.html HTTP/1.0" 200 70165 "-" "Mozilla/5.0 (compatible; MJ12bot/v1.4.8; http://mj12bot.com/)"
5.9.71.213 - - [13/Jun/2021:17:41:31 +0200] "GET /-p-34941.html HTTP/1.0" 200 70165 "-" "Mozilla/5.0 (compatible; MJ12bot/v1.4.8; http://mj12bot.com/)"
5.9.71.213 - - [13/Jun/2021:17:41:33 +0200] "GET /-p-35102.html HTTP/1.0" 200 70165 "-" "Mozilla/5.0 (compatible; MJ12bot/v1.4.8; http://mj12bot.com/)"
5.9.71.213 - - [13/Jun/2021:17:41:35 +0200] "GET /-p-35227.html HTTP/1.0" 200 70165 "-" "Mozilla/5.0 (compatible; MJ12bot/v1.4.8; http://mj12bot.com/)"
5.9.71.213 - - [13/Jun/2021:17:41:37 +0200] "GET /-p-36897.html HTTP/1.0" 200 70165 "-" "Mozilla/5.0 (compatible; MJ12bot/v1.4.8; http://mj12bot.com/)"
51.68.224.127 - - [13/Jun/2021:17:41:38 +0200] "GET /adminweb/export_orders_xml.php?token=256de2z6edz6ed2z6DFSFsed2zed6zeDSFDSGdzedezfzf&maxorders=10&orderstart=1&status=14&start_date=2018-10-01 HTTP/1.0" 200 285 "-" "GesCom CharlotteBoutik Serveur"
51.68.224.127 - - [13/Jun/2021:17:41:38 +0200] "GET /adminweb/export_orders_xml.php?token=256de2z6edz6ed2z6DFSFsed2zed6zeDSFDSGdzedezfzf&maxorders=10&orderstart=1&status=6&start_date=2018-10-01 HTTP/1.0" 200 30039 "-" "GesCom CharlotteBoutik Serveur"
157.55.39.128 - - [13/Jun/2021:17:41:37 +0200] "GET /paris-corkscrew-notre-dame-de-paris-metal-copper-color-p-38611.html HTTP/1.0" 301 73142 "-" "Mozilla/5.0 (compatible; bingbot/2.0; +http://www.bing.com/bingbot.htm)"
5.9.71.213 - - [13/Jun/2021:17:41:38 +0200] "GET /-p-36934.html HTTP/1.0" 200 70165 "-" "Mozilla/5.0 (compatible; MJ12bot/v1.4.8; http://mj12bot.com/)"
157.55.39.128 - - [13/Jun/2021:17:41:40 +0200] "GET /stitch-laying-down-collection-statuette-p-47679.html HTTP/1.0" 200 74597 "-" "Mozilla/5.0 (compatible; bingbot/2.0; +http://www.bing.com/bingbot.htm)"
5.9.71.213 - - [13/Jun/2021:17:41:40 +0200] "GET /-p-36947.html HTTP/1.0" 200 70165 "-" "Mozilla/5.0 (compatible; MJ12bot/v1.4.8; http://mj12bot.com/)"
5.9.71.213 - - [13/Jun/2021:17:41:43 +0200] "GET /-p-37001.html HTTP/1.0" 200 70165 "-" "Mozilla/5.0 (compatible; MJ12bot/v1.4.8; http://mj12bot.com/)"
5.9.71.213 - - [13/Jun/2021:17:41:45 +0200] "GET /-p-37002.html HTTP/1.0" 200 70165 "-" "Mozilla/5.0 (compatible; MJ12bot/v1.4.8; http://mj12bot.com/)"
5.9.71.213 - - [13/Jun/2021:17:41:47 +0200] "GET /-p-37215.html HTTP/1.0" 200 70165 "-" "Mozilla/5.0 (compatible; MJ12bot/v1.4.8; http://mj12bot.com/)"
54.36.148.86 - - [13/Jun/2021:17:41:48 +0200] "GET /tweety-money-p-24157.html HTTP/1.0" 200 72749 "-" "Mozilla/5.0 (compatible; AhrefsBot/7.0; +http://ahrefs.com/robot/)"
5.9.71.213 - - [13/Jun/2021:17:41:48 +0200] "GET /-p-39482.html HTTP/1.0" 200 70165 "-" "Mozilla/5.0 (compatible; MJ12bot/v1.4.8; http://mj12bot.com/)"
5.9.71.213 - - [13/Jun/2021:17:41:50 +0200] "GET /-p-39728.html HTTP/1.0" 200 70165 "-" "Mozilla/5.0 (compatible; MJ12bot/v1.4.8; http://mj12bot.com/)"
5.9.71.213 - - [13/Jun/2021:17:41:52 +0200] "GET /-p-40524.html HTTP/1.0" 200 70165 "-" "Mozilla/5.0 (compatible; MJ12bot/v1.4.8; http://mj12bot.com/)"
5.9.71.213 - - [13/Jun/2021:17:41:54 +0200] "GET /-p-40525.html HTTP/1.0" 200 70165 "-" "Mozilla/5.0 (compatible; MJ12bot/v1.4.8; http://mj12bot.com/)"
5.9.71.213 - - [13/Jun/2021:17:41:55 +0200] "GET /-p-41583.html HTTP/1.0" 200 70165 "-" "Mozilla/5.0 (compatible; MJ12bot/v1.4.8; http://mj12bot.com/)"
207.46.13.38 - - [13/Jun/2021:17:41:57 +0200] "GET /swfobject.js HTTP/1.0" 404 1308 "-" "Mozilla/5.0 (compatible; bingbot/2.0; +http://www.bing.com/bingbot.htm)"
5.9.71.213 - - [13/Jun/2021:17:41:57 +0200] "GET /-p-41600.html HTTP/1.0" 200 70165 "-" "Mozilla/5.0 (compatible; MJ12bot/v1.4.8; http://mj12bot.com/)"
5.9.71.213 - - [13/Jun/2021:17:41:59 +0200] "GET /-p-42700.html HTTP/1.0" 200 70165 "-" "Mozilla/5.0 (compatible; MJ12bot/v1.4.8; http://mj12bot.com/)"
5.9.71.213 - - [13/Jun/2021:17:42:01 +0200] "GET /-p-45166.html HTTP/1.0" 200 70165 "-" "Mozilla/5.0 (compatible; MJ12bot/v1.4.8; http://mj12bot.com/)"
40.77.167.90 - - [13/Jun/2021:17:42:02 +0200] "GET /merci-gustave-eiffel-tower-usa-minigus-p-31375.html HTTP/1.0" 301 70439 "-" "Mozilla/5.0 (compatible; bingbot/2.0; +http://www.bing.com/bingbot.htm)"
5.9.71.213 - - [13/Jun/2021:17:42:03 +0200] "GET /-p-47321.html HTTP/1.0" 200 70165 "-" "Mozilla/5.0 (compatible; MJ12bot/v1.4.8; http://mj12bot.com/)"
5.9.71.213 - - [13/Jun/2021:17:42:06 +0200] "GET /-p-47407.html HTTP/1.0" 200 70165 "-" "Mozilla/5.0 (compatible; MJ12bot/v1.4.8; http://mj12bot.com/)"
5.9.71.213 - - [13/Jun/2021:17:42:07 +0200] "GET /-p-47457.html HTTP/1.0" 200 70165 "-" "Mozilla/5.0 (compatible; MJ12bot/v1.4.8; http://mj12bot.com/)"
5.9.71.213 - - [13/Jun/2021:17:42:09 +0200] "GET /-p-9859.html HTTP/1.0" 200 70163 "-" "Mozilla/5.0 (compatible; MJ12bot/v1.4.8; http://mj12bot.com/)"
5.9.71.213 - - [13/Jun/2021:17:42:11 +0200] "GET /angel-fluorite-p-45476.html HTTP/1.0" 200 73549 "-" "Mozilla/5.0 (compatible; MJ12bot/v1.4.8; http://mj12bot.com/)"
207.46.13.38 - - [13/Jun/2021:17:42:13 +0200] "GET /vespa-pink-pencil-case-p-15585.html HTTP/1.0" 200 72853 "-" "Mozilla/5.0 (compatible; bingbot/2.0; +http://www.bing.com/bingbot.htm)"
5.9.71.213 - - [13/Jun/2021:17:42:13 +0200] "GET /angel-rock-crystal-p-45475.html HTTP/1.0" 200 73582 "-" "Mozilla/5.0 (compatible; MJ12bot/v1.4.8; http://mj12bot.com/)"
5.9.71.213 - - [13/Jun/2021:17:42:15 +0200] "GET /angel-rose-quartz-p-45474.html HTTP/1.0" 200 73567 "-" "Mozilla/5.0 (compatible; MJ12bot/v1.4.8; http://mj12bot.com/)"
52.143.242.6 - - [13/Jun/2021:17:42:17 +0200] "GET /images/4008789054197.jpg HTTP/1.0" 200 259 "-" "DuckDuckBot/1.1; (+http://duckduckgo.com/duckduckbot.html)"
5.9.71.213 - - [13/Jun/2021:17:42:17 +0200] "GET /areu-table-lamp-gold-metal-p-54594.html HTTP/1.0" 200 73609 "-" "Mozilla/5.0 (compatible; MJ12bot/v1.4.8; http://mj12bot.com/)"
5.9.71.213 - - [13/Jun/2021:17:42:19 +0200] "GET /bamboo-table-lamp-white-shade-p-54580.html HTTP/1.0" 200 73940 "-" "Mozilla/5.0 (compatible; MJ12bot/v1.4.8; http://mj12bot.com/)"
5.9.71.213 - - [13/Jun/2021:17:42:20 +0200] "GET /beatles-sergent-pepper-poster-p-6548.html HTTP/1.0" 200 70299 "-" "Mozilla/5.0 (compatible; MJ12bot/v1.4.8; http://mj12bot.com/)"
207.46.13.38 - - [13/Jun/2021:17:42:21 +0200] "GET /mickey-club-house-rainwear-years-p-44013.html HTTP/1.0" 200 72828 "-" "Mozilla/5.0 (compatible; bingbot/2.0; +http://www.bing.com/bingbot.htm)"
5.9.71.213 - - [13/Jun/2021:17:42:22 +0200] "GET /beautiful-babushka-by-kimmidoll-emerald-green-keyring-p-33235.html HTTP/1.0" 301 70532 "-" "Mozilla/5.0 (compatible; MJ12bot/v1.4.8; http://mj12bot.com/)"
5.9.71.213 - - [13/Jun/2021:17:42:24 +0200] "GET /beautiful-babushka-kimmidoll-emerald-green-keyring-p-33235.html HTTP/1.0" 200 70415 "-" "Mozilla/5.0 (compatible; MJ12bot/v1.4.8; http://mj12bot.com/)"
5.9.71.213 - - [13/Jun/2021:17:42:26 +0200] "GET /beautiful-babushka-kimmidoll-emerald-green-keyring-p-33235.html HTTP/1.0" 200 70415 "-" "Mozilla/5.0 (compatible; MJ12bot/v1.4.8; http://mj12bot.com/)"
5.9.71.213 - - [13/Jun/2021:17:42:28 +0200] "GET /black-and-gold-clock-metal-30-cm-p-50797.html HTTP/1.0" 301 70349 "-" "Mozilla/5.0 (compatible; MJ12bot/v1.4.8; http://mj12bot.com/)"
5.9.71.213 - - [13/Jun/2021:17:42:30 +0200] "GET /black-gold-clock-mtal-p-50797.html HTTP/1.0" 200 70261 "-" "Mozilla/5.0 (compatible; MJ12bot/v1.4.8; http://mj12bot.com/)"
5.9.71.213 - - [13/Jun/2021:17:42:32 +0200] "GET /black-gold-clock-mtal-p-50797.html HTTP/1.0" 200 70261 "-" "Mozilla/5.0 (compatible; MJ12bot/v1.4.8; http://mj12bot.com/)"
5.9.71.213 - - [13/Jun/2021:17:42:34 +0200] "GET /black-metal-and-wood-flexo-lamp-p-52981.html HTTP/1.0" 301 72966 "-" "Mozilla/5.0 (compatible; MJ12bot/v1.4.8; http://mj12bot.com/)"
5.9.71.213 - - [13/Jun/2021:17:42:36 +0200] "GET /black-metal-wood-flexo-lamp-p-52981.html HTTP/1.0" 200 72872 "-" "Mozilla/5.0 (compatible; MJ12bot/v1.4.8; http://mj12bot.com/)"
5.9.71.213 - - [13/Jun/2021:17:42:37 +0200] "GET /black-metal-wood-flexo-lamp-p-52981.html HTTP/1.0" 200 72872 "-" "Mozilla/5.0 (compatible; MJ12bot/v1.4.8; http://mj12bot.com/)"
5.9.71.213 - - [13/Jun/2021:17:42:39 +0200] "GET /black-pig-sign-p-45471.html HTTP/1.0" 301 70232 "-" "Mozilla/5.0 (compatible; MJ12bot/v1.4.8; http://mj12bot.com/)"
5.9.71.213 - - [13/Jun/2021:17:42:41 +0200] "GET /-p-45471.html HTTP/1.0" 200 70165 "-" "Mozilla/5.0 (compatible; MJ12bot/v1.4.8; http://mj12bot.com/)"
5.9.71.213 - - [13/Jun/2021:17:42:43 +0200] "GET /blue-fish-statuette-p-53090.html HTTP/1.0" 200 73404 "-" "Mozilla/5.0 (compatible; MJ12bot/v1.4.8; http://mj12bot.com/)"
5.9.71.213 - - [13/Jun/2021:17:42:45 +0200] "GET /bohemian-black-p-50879.html HTTP/1.0" 200 73464 "-" "Mozilla/5.0 (compatible; MJ12bot/v1.4.8; http://mj12bot.com/)"
5.9.71.213 - - [13/Jun/2021:17:42:47 +0200] "GET /bohemian-black-rug-p-50879.html HTTP/1.0" 301 73545 "-" "Mozilla/5.0 (compatible; MJ12bot/v1.4.8; http://mj12bot.com/)"
5.9.71.213 - - [13/Jun/2021:17:42:49 +0200] "GET /bohemian-black-p-50879.html HTTP/1.0" 200 73464 "-" "Mozilla/5.0 (compatible; MJ12bot/v1.4.8; http://mj12bot.com/)"
5.9.71.213 - - [13/Jun/2021:17:42:50 +0200] "GET /book-lamp-in-real-wood-led-colors-size-p-52971.html HTTP/1.0" 301 74236 "-" "Mozilla/5.0 (compatible; MJ12bot/v1.4.8; http://mj12bot.com/)"
5.9.71.213 - - [13/Jun/2021:17:42:52 +0200] "GET /book-lamp-real-wood-colors-size-p-52971.html HTTP/1.0" 200 74138 "-" "Mozilla/5.0 (compatible; MJ12bot/v1.4.8; http://mj12bot.com/)"
5.9.71.213 - - [13/Jun/2021:17:42:54 +0200] "GET /book-lamp-real-wood-colors-size-p-52971.html HTTP/1.0" 200 74138 "-" "Mozilla/5.0 (compatible; MJ12bot/v1.4.8; http://mj12bot.com/)"
5.9.71.213 - - [13/Jun/2021:17:42:56 +0200] "GET /brown-lampshade-p-54562.html HTTP/1.0" 200 73651 "-" "Mozilla/5.0 (compatible; MJ12bot/v1.4.8; http://mj12bot.com/)"
5.9.71.213 - - [13/Jun/2021:17:42:58 +0200] "GET /buddha-moon-statuette-27-cm-p-53040.html HTTP/1.0" 301 72959 "-" "Mozilla/5.0 (compatible; MJ12bot/v1.4.8; http://mj12bot.com/)"
5.9.71.213 - - [13/Jun/2021:17:43:00 +0200] "GET /buddha-moon-statuette-p-53040.html HTTP/1.0" 200 72871 "-" "Mozilla/5.0 (compatible; MJ12bot/v1.4.8; http://mj12bot.com/)"
5.9.71.213 - - [13/Jun/2021:17:43:01 +0200] "GET /buddha-moon-statuette-p-53040.html HTTP/1.0" 200 72871 "-" "Mozilla/5.0 (compatible; MJ12bot/v1.4.8; http://mj12bot.com/)"
5.9.71.213 - - [13/Jun/2021:17:43:03 +0200] "GET /canvas-frame-indian-chiefs-collection-p-48819.html HTTP/1.0" 200 72985 "-" "Mozilla/5.0 (compatible; MJ12bot/v1.4.8; http://mj12bot.com/)"
157.55.39.44 - - [13/Jun/2021:17:43:04 +0200] "GET /-p-16556.html HTTP/1.0" 200 70165 "-" "Mozilla/5.0 (compatible; bingbot/2.0; +http://www.bing.com/bingbot.htm)"
5.9.71.213 - - [13/Jun/2021:17:43:05 +0200] "GET /cat-champagne-name-holder-p-45433.html HTTP/1.0" 301 72940 "-" "Mozilla/5.0 (compatible; MJ12bot/v1.4.8; http://mj12bot.com/)"
5.9.71.213 - - [13/Jun/2021:17:43:07 +0200] "GET /champagne-name-holder-p-45433.html HTTP/1.0" 200 72852 "-" "Mozilla/5.0 (compatible; MJ12bot/v1.4.8; http://mj12bot.com/)"
157.55.39.128 - - [13/Jun/2021:17:43:09 +0200] "GET /disney-princess-jewelry-box-p-37038.html HTTP/1.0" 301 73807 "-" "Mozilla/5.0 (compatible; bingbot/2.0; +http://www.bing.com/bingbot.htm)"
5.9.71.213 - - [13/Jun/2021:17:43:09 +0200] "GET /cats-by-dubout-bowl-p-40056.html HTTP/1.0" 301 70328 "-" "Mozilla/5.0 (compatible; MJ12bot/v1.4.8; http://mj12bot.com/)"
5.9.71.213 - - [13/Jun/2021:17:43:12 +0200] "GET /cats-dubout-bowl-p-40056.html HTTP/1.0" 200 70245 "-" "Mozilla/5.0 (compatible; MJ12bot/v1.4.8; http://mj12bot.com/)"
5.9.71.213 - - [13/Jun/2021:17:43:13 +0200] "GET /cats-dubout-bowl-p-40056.html HTTP/1.0" 200 70245 "-" "Mozilla/5.0 (compatible; MJ12bot/v1.4.8; http://mj12bot.com/)"
157.55.39.152 - - [13/Jun/2021:17:43:14 +0200] "GET /metal-beer-bucket-p-44738.html HTTP/1.0" 200 72758 "-" "Mozilla/5.0 (compatible; bingbot/2.0; +http://www.bing.com/bingbot.htm)"
5.9.71.213 - - [13/Jun/2021:17:43:15 +0200] "GET /cement-tile-coasters-p-53117.html HTTP/1.0" 200 72813 "-" "Mozilla/5.0 (compatible; MJ12bot/v1.4.8; http://mj12bot.com/)"
5.9.71.213 - - [13/Jun/2021:17:43:17 +0200] "GET /ceramic-lamp-black-background-p-54584.html HTTP/1.0" 200 73775 "-" "Mozilla/5.0 (compatible; MJ12bot/v1.4.8; http://mj12bot.com/)"
5.9.71.213 - - [13/Jun/2021:17:43:19 +0200] "GET /chakra-banner-120-30-cm-p-44402.html HTTP/1.0" 301 73272 "-" "Mozilla/5.0 (compatible; MJ12bot/v1.4.8; http://mj12bot.com/)"
54.36.148.161 - - [13/Jun/2021:17:43:20 +0200] "GET /london-mirror-bag-p-29319.html HTTP/1.0" 301 72894 "-" "Mozilla/5.0 (compatible; AhrefsBot/7.0; +http://ahrefs.com/robot/)"
5.9.71.213 - - [13/Jun/2021:17:43:21 +0200] "GET /chakra-banner-p-44402.html HTTP/1.0" 200 73192 "-" "Mozilla/5.0 (compatible; MJ12bot/v1.4.8; http://mj12bot.com/)"
5.9.71.213 - - [13/Jun/2021:17:43:23 +0200] "GET /chakra-banner-p-44402.html HTTP/1.0" 200 73192 "-" "Mozilla/5.0 (compatible; MJ12bot/v1.4.8; http://mj12bot.com/)"
5.9.71.213 - - [13/Jun/2021:17:43:25 +0200] "GET /champagne-name-holder-p-45433.html HTTP/1.0" 200 72852 "-" "Mozilla/5.0 (compatible; MJ12bot/v1.4.8; http://mj12bot.com/)"
5.9.71.213 - - [13/Jun/2021:17:43:27 +0200] "GET /christmas-2019-figurine-sonny-angel-p-50889.html HTTP/1.0" 200 73724 "-" "Mozilla/5.0 (compatible; MJ12bot/v1.4.8; http://mj12bot.com/)"
5.9.71.213 - - [13/Jun/2021:17:43:28 +0200] "GET /coasters-mandala-grey-p-44399.html HTTP/1.0" 200 73422 "-" "Mozilla/5.0 (compatible; MJ12bot/v1.4.8; http://mj12bot.com/)"
40.77.167.106 - - [13/Jun/2021:17:43:30 +0200] "GET /om-kids-school-bag-p-18788.html HTTP/1.0" 301 73216 "-" "Mozilla/5.0 (compatible; bingbot/2.0; +http://www.bing.com/bingbot.htm)"
5.9.71.213 - - [13/Jun/2021:17:43:30 +0200] "GET /coasters-mandala-grey-set-of-p-44399.html HTTP/1.0" 301 73510 "-" "Mozilla/5.0 (compatible; MJ12bot/v1.4.8; http://mj12bot.com/)"
5.9.71.213 - - [13/Jun/2021:17:43:33 +0200] "GET /coasters-mandala-grey-p-44399.html HTTP/1.0" 200 73422 "-" "Mozilla/5.0 (compatible; MJ12bot/v1.4.8; http://mj12bot.com/)"
5.9.71.213 - - [13/Jun/2021:17:43:35 +0200] "GET /coasters-mandala-pink-p-44400.html HTTP/1.0" 200 73421 "-" "Mozilla/5.0 (compatible; MJ12bot/v1.4.8; http://mj12bot.com/)"
5.9.71.213 - - [13/Jun/2021:17:43:37 +0200] "GET /coasters-mandala-pink-set-of-p-44400.html HTTP/1.0" 301 73509 "-" "Mozilla/5.0 (compatible; MJ12bot/v1.4.8; http://mj12bot.com/)"
5.9.71.213 - - [13/Jun/2021:17:43:38 +0200] "GET /coasters-mandala-pink-p-44400.html HTTP/1.0" 200 73421 "-" "Mozilla/5.0 (compatible; MJ12bot/v1.4.8; http://mj12bot.com/)"
5.9.71.213 - - [13/Jun/2021:17:43:40 +0200] "GET /coca-cola-have-coke-photo-frame-p-19675.html HTTP/1.0" 301 70232 "-" "Mozilla/5.0 (compatible; MJ12bot/v1.4.8; http://mj12bot.com/)"
185.191.171.41 - - [13/Jun/2021:17:43:41 +0200] "GET /decoration-hippos-p-21332.html?action=add_product HTTP/1.0" 302 476 "-" "Mozilla/5.0 (compatible; SemrushBot/7~bl; +http://www.semrush.com/bot.html)"
5.9.71.213 - - [13/Jun/2021:17:43:42 +0200] "GET /-p-19675.html HTTP/1.0" 200 70165 "-" "Mozilla/5.0 (compatible; MJ12bot/v1.4.8; http://mj12bot.com/)"
5.9.71.213 - - [13/Jun/2021:17:43:44 +0200] "GET /copper-king-chess-piece-gold-p-45452.html HTTP/1.0" 301 70232 "-" "Mozilla/5.0 (compatible; MJ12bot/v1.4.8; http://mj12bot.com/)"
185.191.171.19 - - [13/Jun/2021:17:43:45 +0200] "GET /despicable-marbles-p-33480.html?action=add_product HTTP/1.0" 302 476 "-" "Mozilla/5.0 (compatible; SemrushBot/7~bl; +http://www.semrush.com/bot.html)"
5.9.71.213 - - [13/Jun/2021:17:43:45 +0200] "GET /-p-45452.html HTTP/1.0" 200 70165 "-" "Mozilla/5.0 (compatible; MJ12bot/v1.4.8; http://mj12bot.com/)"
5.9.71.213 - - [13/Jun/2021:17:43:47 +0200] "GET /copper-queen-chess-piece-gold-p-45451.html HTTP/1.0" 301 70232 "-" "Mozilla/5.0 (compatible; MJ12bot/v1.4.8; http://mj12bot.com/)"
5.9.71.213 - - [13/Jun/2021:17:43:49 +0200] "GET /-p-45451.html HTTP/1.0" 200 70165 "-" "Mozilla/5.0 (compatible; MJ12bot/v1.4.8; http://mj12bot.com/)"
5.9.71.213 - - [13/Jun/2021:17:43:51 +0200] "GET /copper-tower-chess-piece-gold-p-45453.html HTTP/1.0" 301 70232 "-" "Mozilla/5.0 (compatible; MJ12bot/v1.4.8; http://mj12bot.com/)"
54.36.149.5 - - [13/Jun/2021:17:43:52 +0200] "GET /amethyst-druse-pendant-balance-body-spirit-p-47231.html HTTP/1.0" 200 73722 "-" "Mozilla/5.0 (compatible; AhrefsBot/7.0; +http://ahrefs.com/robot/)"
5.9.71.213 - - [13/Jun/2021:17:43:52 +0200] "GET /-p-45453.html HTTP/1.0" 200 70165 "-" "Mozilla/5.0 (compatible; MJ12bot/v1.4.8; http://mj12bot.com/)"
5.9.71.213 - - [13/Jun/2021:17:43:55 +0200] "GET /cotton-floor-cushion-longbeach-blue-40-cm-p-51662.html HTTP/1.0" 301 70232 "-" "Mozilla/5.0 (compatible; MJ12bot/v1.4.8; http://mj12bot.com/)"
5.9.71.213 - - [13/Jun/2021:17:43:57 +0200] "GET /-p-51662.html HTTP/1.0" 200 70165 "-" "Mozilla/5.0 (compatible; MJ12bot/v1.4.8; http://mj12bot.com/)"
5.9.71.213 - - [13/Jun/2021:17:43:59 +0200] "GET /cotton-floor-cushion-longbeach-blue-p-51662.html HTTP/1.0" 301 70232 "-" "Mozilla/5.0 (compatible; MJ12bot/v1.4.8; http://mj12bot.com/)"
5.9.71.213 - - [13/Jun/2021:17:44:00 +0200] "GET /-p-51662.html HTTP/1.0" 200 70165 "-" "Mozilla/5.0 (compatible; MJ12bot/v1.4.8; http://mj12bot.com/)"
5.9.71.213 - - [13/Jun/2021:17:44:02 +0200] "GET /cotton-floor-cushion-puebla-p-54413.html HTTP/1.0" 200 73684 "-" "Mozilla/5.0 (compatible; MJ12bot/v1.4.8; http://mj12bot.com/)"
5.9.71.213 - - [13/Jun/2021:17:44:04 +0200] "GET /cotton-tablecloth-exotic-spirit-150-150-cm-p-39888.html HTTP/1.0" 301 73034 "-" "Mozilla/5.0 (compatible; MJ12bot/v1.4.8; http://mj12bot.com/)"
5.9.71.213 - - [13/Jun/2021:17:44:06 +0200] "GET /cotton-tablecloth-exotic-spirit-p-39888.html HTTP/1.0" 200 72936 "-" "Mozilla/5.0 (compatible; MJ12bot/v1.4.8; http://mj12bot.com/)"
5.9.71.213 - - [13/Jun/2021:17:44:08 +0200] "GET /cotton-tablecloth-exotic-spirit-p-39888.html HTTP/1.0" 200 72936 "-" "Mozilla/5.0 (compatible; MJ12bot/v1.4.8; http://mj12bot.com/)"
5.9.71.213 - - [13/Jun/2021:17:44:10 +0200] "GET /crystal-salt-lamp-heart-p-48790.html HTTP/1.0" 200 70247 "-" "Mozilla/5.0 (compatible; MJ12bot/v1.4.8; http://mj12bot.com/)"
40.77.167.70 - - [13/Jun/2021:17:44:10 +0200] "GET /holiday-moneybox-p-55012.html HTTP/1.0" 200 73358 "-" "Mozilla/5.0 (compatible; bingbot/2.0; +http://www.bing.com/bingbot.htm)"
40.77.167.70 - - [13/Jun/2021:17:44:11 +0200] "GET /kori-kumi-calendar-year-2017-p-36750.html HTTP/1.0" 200 73032 "-" "Mozilla/5.0 (compatible; bingbot/2.0; +http://www.bing.com/bingbot.htm)"
5.9.71.213 - - [13/Jun/2021:17:44:12 +0200] "GET /decoration-african-woman-32-cm-p-53032.html HTTP/1.0" 301 72990 "-" "Mozilla/5.0 (compatible; MJ12bot/v1.4.8; http://mj12bot.com/)"
5.9.71.213 - - [13/Jun/2021:17:44:15 +0200] "GET /decoration-african-woman-p-53032.html HTTP/1.0" 200 72899 "-" "Mozilla/5.0 (compatible; MJ12bot/v1.4.8; http://mj12bot.com/)"
5.9.71.213 - - [13/Jun/2021:17:44:17 +0200] "GET /decoration-african-woman-33-cm-p-53032.html HTTP/1.0" 301 72990 "-" "Mozilla/5.0 (compatible; MJ12bot/v1.4.8; http://mj12bot.com/)"
157.55.39.128 - - [13/Jun/2021:17:44:17 +0200] "GET /boxes-cones-champa-white-sage-incence-cones-p-55202.html HTTP/1.0" 200 74804 "-" "Mozilla/5.0 (compatible; bingbot/2.0; +http://www.bing.com/bingbot.htm)"
5.9.71.213 - - [13/Jun/2021:17:44:18 +0200] "GET /decoration-african-woman-p-53032.html HTTP/1.0" 200 72899 "-" "Mozilla/5.0 (compatible; MJ12bot/v1.4.8; http://mj12bot.com/)"
5.9.71.213 - - [13/Jun/2021:17:44:20 +0200] "GET /decoration-african-woman-p-53032.html HTTP/1.0" 200 72899 "-" "Mozilla/5.0 (compatible; MJ12bot/v1.4.8; http://mj12bot.com/)"
5.9.71.213 - - [13/Jun/2021:17:44:22 +0200] "GET /decorations-and-furnishings/furnishings/disney-princess-table-p-1203.html HTTP/1.0" 301 70229 "-" "Mozilla/5.0 (compatible; MJ12bot/v1.4.8; http://mj12bot.com/)"
5.9.71.213 - - [13/Jun/2021:17:44:24 +0200] "GET /-p-1203.html HTTP/1.0" 200 70163 "-" "Mozilla/5.0 (compatible; MJ12bot/v1.4.8; http://mj12bot.com/)"
5.9.71.213 - - [13/Jun/2021:17:44:25 +0200] "GET /dinosaur-nightlight-p-53121.html HTTP/1.0" 200 73976 "-" "Mozilla/5.0 (compatible; MJ12bot/v1.4.8; http://mj12bot.com/)"
5.9.71.213 - - [13/Jun/2021:17:44:27 +0200] "GET /disney-frozen-anna-and-elsa-mug-p-28166.html HTTP/1.0" 301 73207 "-" "Mozilla/5.0 (compatible; MJ12bot/v1.4.8; http://mj12bot.com/)"
5.9.71.213 - - [13/Jun/2021:17:44:29 +0200] "GET /disney-frozen-anna-elsa-p-28166.html HTTP/1.0" 200 73117 "-" "Mozilla/5.0 (compatible; MJ12bot/v1.4.8; http://mj12bot.com/)"
40.77.167.70 - - [13/Jun/2021:17:44:30 +0200] "GET /small-tins-box-gorjuss-sugar-and-spice-p-48406.html HTTP/1.0" 301 70356 "-" "Mozilla/5.0 (compatible; bingbot/2.0; +http://www.bing.com/bingbot.htm)"
5.9.71.213 - - [13/Jun/2021:17:44:31 +0200] "GET /disney-frozen-anna-elsa-p-28166.html HTTP/1.0" 200 73117 "-" "Mozilla/5.0 (compatible; MJ12bot/v1.4.8; http://mj12bot.com/)"
5.9.71.213 - - [13/Jun/2021:17:44:33 +0200] "GET /disney-princess-table-p-1203.html HTTP/1.0" 301 70229 "-" "Mozilla/5.0 (compatible; MJ12bot/v1.4.8; http://mj12bot.com/)"
5.9.71.213 - - [13/Jun/2021:17:44:34 +0200] "GET /-p-1203.html HTTP/1.0" 200 70163 "-" "Mozilla/5.0 (compatible; MJ12bot/v1.4.8; http://mj12bot.com/)"
5.9.71.213 - - [13/Jun/2021:17:44:36 +0200] "GET /double-walled-porcelain-mug-with-infuser-p-52997.html HTTP/1.0" 301 73056 "-" "Mozilla/5.0 (compatible; MJ12bot/v1.4.8; http://mj12bot.com/)"
5.9.71.213 - - [13/Jun/2021:17:44:38 +0200] "GET /double-walled-porcelain-with-infuser-p-52997.html HTTP/1.0" 200 72953 "-" "Mozilla/5.0 (compatible; MJ12bot/v1.4.8; http://mj12bot.com/)"
5.9.71.213 - - [13/Jun/2021:17:44:40 +0200] "GET /double-walled-porcelain-with-infuser-p-52997.html HTTP/1.0" 200 72953 "-" "Mozilla/5.0 (compatible; MJ12bot/v1.4.8; http://mj12bot.com/)"
5.9.71.213 - - [13/Jun/2021:17:44:42 +0200] "GET /dubout-cats-soap-box-10-65-28-cm-p-40103.html HTTP/1.0" 301 73175 "-" "Mozilla/5.0 (compatible; MJ12bot/v1.4.8; http://mj12bot.com/)"
5.9.71.213 - - [13/Jun/2021:17:44:44 +0200] "GET /dubout-cats-soap-p-40103.html HTTP/1.0" 200 73092 "-" "Mozilla/5.0 (compatible; MJ12bot/v1.4.8; http://mj12bot.com/)"
5.9.71.213 - - [13/Jun/2021:17:44:46 +0200] "GET /dubout-cats-soap-p-40103.html HTTP/1.0" 200 73092 "-" "Mozilla/5.0 (compatible; MJ12bot/v1.4.8; http://mj12bot.com/)"
5.9.71.213 - - [13/Jun/2021:17:44:48 +0200] "GET /earrings-flower-life-silver-with-amethyst-p-45457.html HTTP/1.0" 200 70382 "-" "Mozilla/5.0 (compatible; MJ12bot/v1.4.8; http://mj12bot.com/)"
5.9.71.213 - - [13/Jun/2021:17:44:50 +0200] "GET /earrings-flower-of-life-925-silver-with-amethyst-p-45457.html HTTP/1.0" 301 70490 "-" "Mozilla/5.0 (compatible; MJ12bot/v1.4.8; http://mj12bot.com/)"
5.9.71.213 - - [13/Jun/2021:17:44:51 +0200] "GET /earrings-flower-life-silver-with-amethyst-p-45457.html HTTP/1.0" 200 70382 "-" "Mozilla/5.0 (compatible; MJ12bot/v1.4.8; http://mj12bot.com/)"
5.9.71.213 - - [13/Jun/2021:17:44:53 +0200] "GET /educational-watch-children-koala-p-51721.html HTTP/1.0" 200 74404 "-" "Mozilla/5.0 (compatible; MJ12bot/v1.4.8; http://mj12bot.com/)"
5.9.71.213 - - [13/Jun/2021:17:44:55 +0200] "GET /educational-watch-for-children-koala-p-51721.html HTTP/1.0" 301 74503 "-" "Mozilla/5.0 (compatible; MJ12bot/v1.4.8; http://mj12bot.com/)"
5.9.71.213 - - [13/Jun/2021:17:44:57 +0200] "GET /educational-watch-children-koala-p-51721.html HTTP/1.0" 200 74404 "-" "Mozilla/5.0 (compatible; MJ12bot/v1.4.8; http://mj12bot.com/)"
5.9.71.213 - - [13/Jun/2021:17:44:59 +0200] "GET /fatma-hand-coasters-p-53025.html HTTP/1.0" 200 72803 "-" "Mozilla/5.0 (compatible; MJ12bot/v1.4.8; http://mj12bot.com/)"
5.9.71.213 - - [13/Jun/2021:17:45:01 +0200] "GET /flore-bedclothes-260-240-cm-p-53127.html HTTP/1.0" 301 72919 "-" "Mozilla/5.0 (compatible; MJ12bot/v1.4.8; http://mj12bot.com/)"
5.9.71.213 - - [13/Jun/2021:17:45:03 +0200] "GET /flore-bedclothes-p-53127.html HTTP/1.0" 200 72836 "-" "Mozilla/5.0 (compatible; MJ12bot/v1.4.8; http://mj12bot.com/)"
5.9.71.213 - - [13/Jun/2021:17:45:05 +0200] "GET /flore-bedclothes-p-53127.html HTTP/1.0" 200 72836 "-" "Mozilla/5.0 (compatible; MJ12bot/v1.4.8; http://mj12bot.com/)"
5.9.71.213 - - [13/Jun/2021:17:45:07 +0200] "GET /flower-life-earrings-silver-p-44403.html HTTP/1.0" 200 72883 "-" "Mozilla/5.0 (compatible; MJ12bot/v1.4.8; http://mj12bot.com/)"
5.9.71.213 - - [13/Jun/2021:17:45:09 +0200] "GET /flower-life-pendant-silver-p-44404.html HTTP/1.0" 200 72862 "-" "Mozilla/5.0 (compatible; MJ12bot/v1.4.8; http://mj12bot.com/)"
157.55.39.152 - - [13/Jun/2021:17:45:11 +0200] "GET /decorative-wooden-plate-entre-interdite-rleurs-anthracite-p-47815.html HTTP/1.0" 200 73341 "-" "Mozilla/5.0 (compatible; bingbot/2.0; +http://www.bing.com/bingbot.htm)"
5.9.71.213 - - [13/Jun/2021:17:45:11 +0200] "GET /flower-of-life-earrings-925-silver-p-44403.html HTTP/1.0" 301 72977 "-" "Mozilla/5.0 (compatible; MJ12bot/v1.4.8; http://mj12bot.com/)"
157.55.39.152 - - [13/Jun/2021:17:45:13 +0200] "GET /-p-19550.html HTTP/1.0" 200 70165 "-" "Mozilla/5.0 (compatible; bingbot/2.0; +http://www.bing.com/bingbot.htm)"
5.9.71.213 - - [13/Jun/2021:17:45:14 +0200] "GET /flower-life-earrings-silver-p-44403.html HTTP/1.0" 200 72883 "-" "Mozilla/5.0 (compatible; MJ12bot/v1.4.8; http://mj12bot.com/)"
185.191.171.12 - - [13/Jun/2021:17:45:15 +0200] "GET /boxes-storage-c-13_150.html?page=17 HTTP/1.0" 200 94446 "-" "Mozilla/5.0 (compatible; SemrushBot/7~bl; +http://www.semrush.com/bot.html)"
5.9.71.213 - - [13/Jun/2021:17:45:16 +0200] "GET /flower-of-life-pendant-silver-p-44404.html HTTP/1.0" 301 72955 "-" "Mozilla/5.0 (compatible; MJ12bot/v1.4.8; http://mj12bot.com/)"
5.9.71.213 - - [13/Jun/2021:17:45:18 +0200] "GET /flower-life-pendant-silver-p-44404.html HTTP/1.0" 200 72862 "-" "Mozilla/5.0 (compatible; MJ12bot/v1.4.8; http://mj12bot.com/)"
5.9.71.213 - - [13/Jun/2021:17:45:20 +0200] "GET /flynn-the-bear-small-gund-27-cm-p-32817.html HTTP/1.0" 301 70232 "-" "Mozilla/5.0 (compatible; MJ12bot/v1.4.8; http://mj12bot.com/)"
5.9.71.213 - - [13/Jun/2021:17:45:22 +0200] "GET /-p-32817.html HTTP/1.0" 200 70165 "-" "Mozilla/5.0 (compatible; MJ12bot/v1.4.8; http://mj12bot.com/)"
5.9.71.213 - - [13/Jun/2021:17:45:24 +0200] "GET /glass-lamp-28-cm-p-53104.html HTTP/1.0" 301 73556 "-" "Mozilla/5.0 (compatible; MJ12bot/v1.4.8; http://mj12bot.com/)"
5.9.71.213 - - [13/Jun/2021:17:45:26 +0200] "GET /glass-lamp-p-53104.html HTTP/1.0" 200 73479 "-" "Mozilla/5.0 (compatible; MJ12bot/v1.4.8; http://mj12bot.com/)"
5.9.71.213 - - [13/Jun/2021:17:45:28 +0200] "GET /glass-lamp-28-cm-p-53105.html HTTP/1.0" 301 73556 "-" "Mozilla/5.0 (compatible; MJ12bot/v1.4.8; http://mj12bot.com/)"
5.9.71.213 - - [13/Jun/2021:17:45:30 +0200] "GET /glass-lamp-p-53105.html HTTP/1.0" 200 73479 "-" "Mozilla/5.0 (compatible; MJ12bot/v1.4.8; http://mj12bot.com/)"
157.55.39.152 - - [13/Jun/2021:17:45:30 +0200] "GET /black-planisphere-wall-sticker-p-51614.html HTTP/1.0" 200 72964 "-" "Mozilla/5.0 (compatible; bingbot/2.0; +http://www.bing.com/bingbot.htm)"
5.9.71.213 - - [13/Jun/2021:17:45:32 +0200] "GET /glass-lamp-29-cm-p-53104.html HTTP/1.0" 301 73556 "-" "Mozilla/5.0 (compatible; MJ12bot/v1.4.8; http://mj12bot.com/)"
5.9.71.213 - - [13/Jun/2021:17:45:34 +0200] "GET /glass-lamp-p-53104.html HTTP/1.0" 200 73479 "-" "Mozilla/5.0 (compatible; MJ12bot/v1.4.8; http://mj12bot.com/)"
54.36.149.3 - - [13/Jun/2021:17:45:34 +0200] "GET /set-of-square-coasters-starry-russian-doll-by-cbk-p-18470.html HTTP/1.0" 301 73253 "-" "Mozilla/5.0 (compatible; AhrefsBot/7.0; +http://ahrefs.com/robot/)"
5.9.71.213 - - [13/Jun/2021:17:45:36 +0200] "GET /glass-lamp-29-cm-p-53105.html HTTP/1.0" 301 73556 "-" "Mozilla/5.0 (compatible; MJ12bot/v1.4.8; http://mj12bot.com/)"
5.9.71.213 - - [13/Jun/2021:17:45:38 +0200] "GET /glass-lamp-p-53105.html HTTP/1.0" 200 73479 "-" "Mozilla/5.0 (compatible; MJ12bot/v1.4.8; http://mj12bot.com/)"
5.9.71.213 - - [13/Jun/2021:17:45:40 +0200] "GET /glass-lamp-p-53104.html HTTP/1.0" 200 73479 "-" "Mozilla/5.0 (compatible; MJ12bot/v1.4.8; http://mj12bot.com/)"
5.9.71.213 - - [13/Jun/2021:17:45:42 +0200] "GET /glass-lamp-p-53105.html HTTP/1.0" 200 73479 "-" "Mozilla/5.0 (compatible; MJ12bot/v1.4.8; http://mj12bot.com/)"
5.9.71.213 - - [13/Jun/2021:17:45:43 +0200] "GET /gray-ceramic-lamp-p-54586.html HTTP/1.0" 200 73610 "-" "Mozilla/5.0 (compatible; MJ12bot/v1.4.8; http://mj12bot.com/)"
5.9.71.213 - - [13/Jun/2021:17:45:45 +0200] "GET /gray-metal-and-wood-flexo-lamp-43-cm-p-53081.html HTTP/1.0" 301 74066 "-" "Mozilla/5.0 (compatible; MJ12bot/v1.4.8; http://mj12bot.com/)"
5.9.71.213 - - [13/Jun/2021:17:45:47 +0200] "GET /gray-metal-wood-flexo-lamp-p-53081.html HTTP/1.0" 200 73973 "-" "Mozilla/5.0 (compatible; MJ12bot/v1.4.8; http://mj12bot.com/)"
5.9.71.213 - - [13/Jun/2021:17:45:49 +0200] "GET /gray-metal-wood-flexo-lamp-p-53081.html HTTP/1.0" 200 73973 "-" "Mozilla/5.0 (compatible; MJ12bot/v1.4.8; http://mj12bot.com/)"
40.77.167.70 - - [13/Jun/2021:17:45:50 +0200] "GET /winx-picnic-set-p-17168.html HTTP/1.0" 301 73724 "-" "Mozilla/5.0 (compatible; bingbot/2.0; +http://www.bing.com/bingbot.htm)"
5.9.71.213 - - [13/Jun/2021:17:45:51 +0200] "GET /grey-garden-bedclothes-220-240-cm-p-39995.html HTTP/1.0" 301 70232 "-" "Mozilla/5.0 (compatible; MJ12bot/v1.4.8; http://mj12bot.com/)"
5.9.71.213 - - [13/Jun/2021:17:45:53 +0200] "GET /-p-39995.html HTTP/1.0" 200 70165 "-" "Mozilla/5.0 (compatible; MJ12bot/v1.4.8; http://mj12bot.com/)"
5.9.71.213 - - [13/Jun/2021:17:45:54 +0200] "GET /grey-garden-bedclothes-p-39995.html HTTP/1.0" 301 70232 "-" "Mozilla/5.0 (compatible; MJ12bot/v1.4.8; http://mj12bot.com/)"
5.9.71.213 - - [13/Jun/2021:17:45:56 +0200] "GET /-p-39995.html HTTP/1.0" 200 70165 "-" "Mozilla/5.0 (compatible; MJ12bot/v1.4.8; http://mj12bot.com/)"
5.9.71.213 - - [13/Jun/2021:17:45:58 +0200] "GET /harley-davidson-metal-caddy-p-52955.html HTTP/1.0" 200 72988 "-" "Mozilla/5.0 (compatible; MJ12bot/v1.4.8; http://mj12bot.com/)"
5.9.71.213 - - [13/Jun/2021:17:46:00 +0200] "GET /harley-davidson-metal-tea-caddy-p-52955.html HTTP/1.0" 301 73082 "-" "Mozilla/5.0 (compatible; MJ12bot/v1.4.8; http://mj12bot.com/)"
5.9.71.213 - - [13/Jun/2021:17:46:02 +0200] "GET /harley-davidson-metal-caddy-p-52955.html HTTP/1.0" 200 72988 "-" "Mozilla/5.0 (compatible; MJ12bot/v1.4.8; http://mj12bot.com/)"
5.9.71.213 - - [13/Jun/2021:17:46:04 +0200] "GET /hello-kitty-by-camomilla-large-handbag-p-4406.html HTTP/1.0" 301 73265 "-" "Mozilla/5.0 (compatible; MJ12bot/v1.4.8; http://mj12bot.com/)"
5.9.71.213 - - [13/Jun/2021:17:46:06 +0200] "GET /hello-kitty-camomilla-large-handbag-p-4406.html HTTP/1.0" 200 73164 "-" "Mozilla/5.0 (compatible; MJ12bot/v1.4.8; http://mj12bot.com/)"
5.9.71.213 - - [13/Jun/2021:17:46:08 +0200] "GET /hello-kitty-camomilla-large-handbag-p-4406.html HTTP/1.0" 200 73164 "-" "Mozilla/5.0 (compatible; MJ12bot/v1.4.8; http://mj12bot.com/)"
5.9.71.213 - - [13/Jun/2021:17:46:10 +0200] "GET /home/stickers-and-posters/punks-not-dead-sticker-p-12746.html HTTP/1.0" 301 70232 "-" "Mozilla/5.0 (compatible; MJ12bot/v1.4.8; http://mj12bot.com/)"
207.46.13.38 - - [13/Jun/2021:17:46:10 +0200] "GET /set-cube-candle-holders-chakras-p-48358.html HTTP/1.0" 301 73063 "-" "Mozilla/5.0 (compatible; bingbot/2.0; +http://www.bing.com/bingbot.htm)"
54.36.148.164 - - [13/Jun/2021:17:46:11 +0200] "GET /metal-ding-dong-bell-bike-black-p-40741.html HTTP/1.0" 200 72902 "-" "Mozilla/5.0 (compatible; AhrefsBot/7.0; +http://ahrefs.com/robot/)"
5.9.71.213 - - [13/Jun/2021:17:46:12 +0200] "GET /-p-12746.html HTTP/1.0" 200 70165 "-" "Mozilla/5.0 (compatible; MJ12bot/v1.4.8; http://mj12bot.com/)"
5.9.71.213 - - [13/Jun/2021:17:46:14 +0200] "GET /household-linen/towel-bath-towels/tweety-and-sylvester-towel-p-14256.html HTTP/1.0" 301 70232 "-" "Mozilla/5.0 (compatible; MJ12bot/v1.4.8; http://mj12bot.com/)"
5.9.71.213 - - [13/Jun/2021:17:46:16 +0200] "GET /-p-14256.html HTTP/1.0" 200 70165 "-" "Mozilla/5.0 (compatible; MJ12bot/v1.4.8; http://mj12bot.com/)"
5.9.71.213 - - [13/Jun/2021:17:46:18 +0200] "GET /indoor-buddha-fountain-25-cm-p-48808.html HTTP/1.0" 301 73084 "-" "Mozilla/5.0 (compatible; MJ12bot/v1.4.8; http://mj12bot.com/)"
66.249.70.42 - - [13/Jun/2021:17:46:19 +0200] "GET /croissant-and-cupcake-cutting-board-p-35943.html HTTP/1.0" 301 72983 "-" "Mozilla/5.0 (Linux; Android 6.0.1; Nexus 5X Build/MMB29P) AppleWebKit/537.36 (KHTML, like Gecko) Chrome/91.0.4472.90 Mobile Safari/537.36 (compatible; Googlebot/2.1; +http://www.google.com/bot.html)"
5.9.71.213 - - [13/Jun/2021:17:46:20 +0200] "GET /indoor-buddha-fountain-p-48808.html HTTP/1.0" 200 72995 "-" "Mozilla/5.0 (compatible; MJ12bot/v1.4.8; http://mj12bot.com/)"
66.249.70.38 - - [13/Jun/2021:17:46:20 +0200] "GET /croissant-cupcake-cutting-board-p-35943.html HTTP/1.0" 200 72885 "-" "Mozilla/5.0 (Linux; Android 6.0.1; Nexus 5X Build/MMB29P) AppleWebKit/537.36 (KHTML, like Gecko) Chrome/91.0.4472.90 Mobile Safari/537.36 (compatible; Googlebot/2.1; +http://www.google.com/bot.html)"
5.9.71.213 - - [13/Jun/2021:17:46:22 +0200] "GET /indoor-buddha-fountain-27-cm-p-48808.html HTTP/1.0" 301 73084 "-" "Mozilla/5.0 (compatible; MJ12bot/v1.4.8; http://mj12bot.com/)"
5.9.71.213 - - [13/Jun/2021:17:46:24 +0200] "GET /indoor-buddha-fountain-p-48808.html HTTP/1.0" 200 72995 "-" "Mozilla/5.0 (compatible; MJ12bot/v1.4.8; http://mj12bot.com/)"
5.9.71.213 - - [13/Jun/2021:17:46:25 +0200] "GET /indoor-buddha-fountain-p-48808.html HTTP/1.0" 200 72995 "-" "Mozilla/5.0 (compatible; MJ12bot/v1.4.8; http://mj12bot.com/)"
5.9.71.213 - - [13/Jun/2021:17:46:27 +0200] "GET /industrial-clock-with-gears-p-53019.html HTTP/1.0" 200 73733 "-" "Mozilla/5.0 (compatible; MJ12bot/v1.4.8; http://mj12bot.com/)"
5.9.71.213 - - [13/Jun/2021:17:46:29 +0200] "GET /isothermic-stainless-steel-bottle-meilleure-maman-p-54540.html HTTP/1.0" 200 72996 "-" "Mozilla/5.0 (compatible; MJ12bot/v1.4.8; http://mj12bot.com/)"
40.77.167.70 - - [13/Jun/2021:17:46:30 +0200] "GET /-p-22847.html HTTP/1.0" 200 70165 "-" "Mozilla/5.0 (compatible; bingbot/2.0; +http://www.bing.com/bingbot.htm)"
5.9.71.213 - - [13/Jun/2021:17:46:31 +0200] "GET /jewels-bowl-p-54550.html HTTP/1.0" 200 73362 "-" "Mozilla/5.0 (compatible; MJ12bot/v1.4.8; http://mj12bot.com/)"
5.9.71.213 - - [13/Jun/2021:17:46:33 +0200] "GET /joustra-pyro-gravure-p-23219.html HTTP/1.0" 301 70232 "-" "Mozilla/5.0 (compatible; MJ12bot/v1.4.8; http://mj12bot.com/)"
5.9.71.213 - - [13/Jun/2021:17:46:35 +0200] "GET /-p-23219.html HTTP/1.0" 200 70165 "-" "Mozilla/5.0 (compatible; MJ12bot/v1.4.8; http://mj12bot.com/)"
5.9.71.213 - - [13/Jun/2021:17:46:36 +0200] "GET /king-chess-piece-silver-p-53096.html HTTP/1.0" 200 72847 "-" "Mozilla/5.0 (compatible; MJ12bot/v1.4.8; http://mj12bot.com/)"
157.55.39.122 - - [13/Jun/2021:17:46:37 +0200] "GET /paris-soap-dispenser-p-8640.html HTTP/1.0" 200 72803 "-" "Mozilla/5.0 (compatible; bingbot/2.0; +http://www.bing.com/bingbot.htm)"
5.9.71.213 - - [13/Jun/2021:17:46:38 +0200] "GET /king-silver-decorative-chess-piece-p-53099.html HTTP/1.0" 200 72932 "-" "Mozilla/5.0 (compatible; MJ12bot/v1.4.8; http://mj12bot.com/)"
5.9.71.213 - - [13/Jun/2021:17:46:40 +0200] "GET /laissez-lucie-faire-liberty-adult-apron-p-39875.html HTTP/1.0" 200 72909 "-" "Mozilla/5.0 (compatible; MJ12bot/v1.4.8; http://mj12bot.com/)"
5.9.71.213 - - [13/Jun/2021:17:46:42 +0200] "GET /large-bamboo-lamp-p-54587.html HTTP/1.0" 200 73778 "-" "Mozilla/5.0 (compatible; MJ12bot/v1.4.8; http://mj12bot.com/)"
5.9.71.213 - - [13/Jun/2021:17:46:44 +0200] "GET /large-bowl-p-53015.html HTTP/1.0" 200 72665 "-" "Mozilla/5.0 (compatible; MJ12bot/v1.4.8; http://mj12bot.com/)"
5.9.71.213 - - [13/Jun/2021:17:46:46 +0200] "GET /large-candle-hours-paradise-sunset-p-39893.html HTTP/1.0" 200 70353 "-" "Mozilla/5.0 (compatible; MJ12bot/v1.4.8; http://mj12bot.com/)"
5.9.71.213 - - [13/Jun/2021:17:46:47 +0200] "GET /large-jar-candle-70-hours-paradise-sunset-p-39893.html HTTP/1.0" 301 70454 "-" "Mozilla/5.0 (compatible; MJ12bot/v1.4.8; http://mj12bot.com/)"
5.9.71.213 - - [13/Jun/2021:17:46:49 +0200] "GET /large-candle-hours-paradise-sunset-p-39893.html HTTP/1.0" 200 70353 "-" "Mozilla/5.0 (compatible; MJ12bot/v1.4.8; http://mj12bot.com/)"
5.9.71.213 - - [13/Jun/2021:17:46:51 +0200] "GET /led-dinosaur-nightlight-p-53121.html HTTP/1.0" 301 74062 "-" "Mozilla/5.0 (compatible; MJ12bot/v1.4.8; http://mj12bot.com/)"
66.249.70.38 - - [13/Jun/2021:17:46:52 +0200] "GET /cafe-coffee-cutting-board-23-14-cm-p-40648.html HTTP/1.0" 301 72967 "-" "Mozilla/5.0 (Linux; Android 6.0.1; Nexus 5X Build/MMB29P) AppleWebKit/537.36 (KHTML, like Gecko) Chrome/91.0.4472.90 Mobile Safari/537.36 (compatible; Googlebot/2.1; +http://www.google.com/bot.html)"
66.249.70.38 - - [13/Jun/2021:17:46:52 +0200] "GET /coffee-cutting-board-p-40648.html HTTP/1.0" 200 72880 "-" "Mozilla/5.0 (Linux; Android 6.0.1; Nexus 5X Build/MMB29P) AppleWebKit/537.36 (KHTML, like Gecko) Chrome/91.0.4472.90 Mobile Safari/537.36 (compatible; Googlebot/2.1; +http://www.google.com/bot.html)"
5.9.71.213 - - [13/Jun/2021:17:46:53 +0200] "GET /dinosaur-nightlight-p-53121.html HTTP/1.0" 200 73976 "-" "Mozilla/5.0 (compatible; MJ12bot/v1.4.8; http://mj12bot.com/)"
5.9.71.213 - - [13/Jun/2021:17:46:55 +0200] "GET /led-unicorn-nightlight-p-53119.html HTTP/1.0" 301 74059 "-" "Mozilla/5.0 (compatible; MJ12bot/v1.4.8; http://mj12bot.com/)"
5.9.71.213 - - [13/Jun/2021:17:46:56 +0200] "GET /unicorn-nightlight-p-53119.html HTTP/1.0" 200 73974 "-" "Mozilla/5.0 (compatible; MJ12bot/v1.4.8; http://mj12bot.com/)"
5.9.71.213 - - [13/Jun/2021:17:46:58 +0200] "GET /love-and-peace-grey-shirt-p-30147.html HTTP/1.0" 301 74362 "-" "Mozilla/5.0 (compatible; MJ12bot/v1.4.8; http://mj12bot.com/)"
212.102.57.85 - - [13/Jun/2021:17:46:59 +0200] "GET /contact_us.php HTTP/1.0" 200 26241 "http://www.wonder-geek.com/contact_us.php" "Mozilla/5.0 (Windows NT 10.0; Win64; x64) AppleWebKit/537.36 (KHTML, like Gecko) Chrome/83.0.4089.0 Safari/537.36"
212.102.57.85 - - [13/Jun/2021:17:46:59 +0200] "POST /contact_us.php?action=send HTTP/1.0" 200 28475 "http://www.wonder-geek.com/contact_us.php" "Mozilla/5.0 (Windows NT 10.0; Win64; x64) AppleWebKit/537.36 (KHTML, like Gecko) Chrome/83.0.4089.0 Safari/537.36"
5.9.71.213 - - [13/Jun/2021:17:47:00 +0200] "GET /love-peace-grey-shirt-p-30147.html HTTP/1.0" 200 74274 "-" "Mozilla/5.0 (compatible; MJ12bot/v1.4.8; http://mj12bot.com/)"
5.9.71.213 - - [13/Jun/2021:17:47:02 +0200] "GET /love-and-peace-pink-shirt-p-30150.html HTTP/1.0" 301 74628 "-" "Mozilla/5.0 (compatible; MJ12bot/v1.4.8; http://mj12bot.com/)"
5.9.71.213 - - [13/Jun/2021:17:47:04 +0200] "GET /love-peace-pink-shirt-p-30150.html HTTP/1.0" 200 74540 "-" "Mozilla/5.0 (compatible; MJ12bot/v1.4.8; http://mj12bot.com/)"
5.9.71.213 - - [13/Jun/2021:17:47:05 +0200] "GET /love-peace-grey-shirt-p-30147.html HTTP/1.0" 200 74274 "-" "Mozilla/5.0 (compatible; MJ12bot/v1.4.8; http://mj12bot.com/)"
5.9.71.213 - - [13/Jun/2021:17:47:07 +0200] "GET /love-peace-pink-shirt-p-30150.html HTTP/1.0" 200 74540 "-" "Mozilla/5.0 (compatible; MJ12bot/v1.4.8; http://mj12bot.com/)"
5.9.71.213 - - [13/Jun/2021:17:47:09 +0200] "GET /luggages-schoolbags-leather-shop/bagshandbags-shoulder-bags/angry-birds-bag-for-p-19170.html HTTP/1.0" 301 70232 "-" "Mozilla/5.0 (compatible; MJ12bot/v1.4.8; http://mj12bot.com/)"
5.9.71.213 - - [13/Jun/2021:17:47:11 +0200] "GET /-p-19170.html HTTP/1.0" 200 70165 "-" "Mozilla/5.0 (compatible; MJ12bot/v1.4.8; http://mj12bot.com/)"
40.77.167.70 - - [13/Jun/2021:17:47:11 +0200] "GET /-p-18312.html HTTP/1.0" 200 70165 "-" "Mozilla/5.0 (compatible; bingbot/2.0; +http://www.bing.com/bingbot.htm)"
5.9.71.213 - - [13/Jun/2021:17:47:12 +0200] "GET /luggages-schoolbags-leather-shop/kids-school-bag/monster-high-kids-school-bag-p-26604.html HTTP/1.0" 301 70232 "-" "Mozilla/5.0 (compatible; MJ12bot/v1.4.8; http://mj12bot.com/)"
5.9.71.213 - - [13/Jun/2021:17:47:14 +0200] "GET /-p-26604.html HTTP/1.0" 200 70165 "-" "Mozilla/5.0 (compatible; MJ12bot/v1.4.8; http://mj12bot.com/)"
5.9.71.213 - - [13/Jun/2021:17:47:16 +0200] "GET /mandala-coasters-ceramic-p-44401.html HTTP/1.0" 200 70303 "-" "Mozilla/5.0 (compatible; MJ12bot/v1.4.8; http://mj12bot.com/)"
5.9.71.213 - - [13/Jun/2021:17:47:18 +0200] "GET /mandala-coasters-ceramic-set-of-p-44401.html HTTP/1.0" 301 70394 "-" "Mozilla/5.0 (compatible; MJ12bot/v1.4.8; http://mj12bot.com/)"
5.9.71.213 - - [13/Jun/2021:17:47:19 +0200] "GET /mandala-coasters-ceramic-p-44401.html HTTP/1.0" 200 70303 "-" "Mozilla/5.0 (compatible; MJ12bot/v1.4.8; http://mj12bot.com/)"
207.46.13.38 - - [13/Jun/2021:17:47:20 +0200] "GET /hello-kitty-notebook-with-pen-p-7217.html HTTP/1.0" 301 72959 "-" "Mozilla/5.0 (compatible; bingbot/2.0; +http://www.bing.com/bingbot.htm)"
5.9.71.213 - - [13/Jun/2021:17:47:21 +0200] "GET /mani-lucky-glasses-case-p-39908.html HTTP/1.0" 301 70232 "-" "Mozilla/5.0 (compatible; MJ12bot/v1.4.8; http://mj12bot.com/)"
5.9.71.213 - - [13/Jun/2021:17:47:23 +0200] "GET /-p-39908.html HTTP/1.0" 200 70165 "-" "Mozilla/5.0 (compatible; MJ12bot/v1.4.8; http://mj12bot.com/)"
5.9.71.213 - - [13/Jun/2021:17:47:24 +0200] "GET /mani-the-lucky-cat-glasses-case-p-39908.html HTTP/1.0" 301 70232 "-" "Mozilla/5.0 (compatible; MJ12bot/v1.4.8; http://mj12bot.com/)"
5.9.71.213 - - [13/Jun/2021:17:47:26 +0200] "GET /-p-39908.html HTTP/1.0" 200 70165 "-" "Mozilla/5.0 (compatible; MJ12bot/v1.4.8; http://mj12bot.com/)"
5.9.71.213 - - [13/Jun/2021:17:47:28 +0200] "GET /marine-laundry-basket-black-and-white-50-cm-p-48829.html HTTP/1.0" 301 73923 "-" "Mozilla/5.0 (compatible; MJ12bot/v1.4.8; http://mj12bot.com/)"
5.9.71.213 - - [13/Jun/2021:17:47:30 +0200] "GET /marine-laundry-basket-black-white-p-48829.html HTTP/1.0" 200 73823 "-" "Mozilla/5.0 (compatible; MJ12bot/v1.4.8; http://mj12bot.com/)"
5.9.71.213 - - [13/Jun/2021:17:47:31 +0200] "GET /marine-laundry-basket-black-white-p-48829.html HTTP/1.0" 200 73823 "-" "Mozilla/5.0 (compatible; MJ12bot/v1.4.8; http://mj12bot.com/)"
5.9.71.213 - - [13/Jun/2021:17:47:33 +0200] "GET /marvel-avengers-large-backpack-p-30759.html HTTP/1.0" 200 73021 "-" "Mozilla/5.0 (compatible; MJ12bot/v1.4.8; http://mj12bot.com/)"
5.9.71.213 - - [13/Jun/2021:17:47:35 +0200] "GET /marvel-avengers-school-backpack-p-30764.html HTTP/1.0" 301 70232 "-" "Mozilla/5.0 (compatible; MJ12bot/v1.4.8; http://mj12bot.com/)"
5.9.71.213 - - [13/Jun/2021:17:47:37 +0200] "GET /-p-30764.html HTTP/1.0" 200 70165 "-" "Mozilla/5.0 (compatible; MJ12bot/v1.4.8; http://mj12bot.com/)"
5.9.71.213 - - [13/Jun/2021:17:47:38 +0200] "GET /melt-coconut-escape-p-39897.html HTTP/1.0" 200 70269 "-" "Mozilla/5.0 (compatible; MJ12bot/v1.4.8; http://mj12bot.com/)"
5.9.71.213 - - [13/Jun/2021:17:47:40 +0200] "GET /metal-decoration-in-the-shape-of-red-mailbox-p-39998.html HTTP/1.0" 301 70451 "-" "Mozilla/5.0 (compatible; MJ12bot/v1.4.8; http://mj12bot.com/)"
5.9.71.213 - - [13/Jun/2021:17:47:42 +0200] "GET /metal-decoration-shape-mailbox-p-39998.html HTTP/1.0" 200 70354 "-" "Mozilla/5.0 (compatible; MJ12bot/v1.4.8; http://mj12bot.com/)"
5.9.71.213 - - [13/Jun/2021:17:47:43 +0200] "GET /metal-decoration-shape-mailbox-p-39998.html HTTP/1.0" 200 70354 "-" "Mozilla/5.0 (compatible; MJ12bot/v1.4.8; http://mj12bot.com/)"
5.9.71.213 - - [13/Jun/2021:17:47:45 +0200] "GET /mini-delices-set-cup-and-teapot-p-24645.html HTTP/1.0" 301 70370 "-" "Mozilla/5.0 (compatible; MJ12bot/v1.4.8; http://mj12bot.com/)"
