40.77.167.90 - - [13/Jun/2021:17:07:27 +0200] "GET /candytuft-flower-fairies-teapot-p-40075.html HTTP/1.0" 200 74543 "-" "Mozilla/5.0 (compatible; bingbot/2.0; +http://www.bing.com/bingbot.htm)"
40.77.167.90 - - [13/Jun/2021:17:07:28 +0200] "GET /decorative-wooden-plate-donkey-corsica-yellow-and-blue-p-47839.html HTTP/1.0" 301 73422 "-" "Mozilla/5.0 (compatible; bingbot/2.0; +http://www.bing.com/bingbot.htm)"
40.77.167.106 - - [13/Jun/2021:17:07:29 +0200] "GET /gorjuss-small-note-book-with-p-29462.html HTTP/1.0" 200 72982 "-" "Mozilla/5.0 (compatible; bingbot/2.0; +http://www.bing.com/bingbot.htm)"
157.55.39.128 - - [13/Jun/2021:17:07:34 +0200] "GET /-p-12746.html HTTP/1.0" 200 70165 "-" "Mozilla/5.0 (compatible; bingbot/2.0; +http://www.bing.com/bingbot.htm)"
207.46.13.38 - - [13/Jun/2021:17:07:39 +0200] "GET /gingka-beyblade-keychains-p-18666.html HTTP/1.0" 200 70281 "-" "Mozilla/5.0 (compatible; bingbot/2.0; +http://www.bing.com/bingbot.htm)"
207.46.13.38 - - [13/Jun/2021:17:07:41 +0200] "GET /panda-hot-water-bottle-p-48678.html HTTP/1.0" 301 73487 "-" "Mozilla/5.0 (compatible; bingbot/2.0; +http://www.bing.com/bingbot.htm)"
66.249.70.38 - - [13/Jun/2021:17:07:45 +0200] "GET /js/jquery.min.js HTTP/1.0" 404 1308 "http://www.wonder-geek.com/trivet-boards-c-12_158.html?page=2" "Mozilla/5.0 (Linux; Android 6.0.1; Nexus 5X Build/MMB29P) AppleWebKit/537.36 (KHTML, like Gecko) Chrome/90.0.4430.97 Mobile Safari/537.36 (compatible; Googlebot/2.1; +http://www.google.com/bot.html)"
54.36.148.204 - - [13/Jun/2021:17:08:34 +0200] "GET /sausage-with-knife-bodega-p-47319.html HTTP/1.0" 200 72855 "-" "Mozilla/5.0 (compatible; AhrefsBot/7.0; +http://ahrefs.com/robot/)"
51.68.224.127 - - [13/Jun/2021:17:08:42 +0200] "GET /adminweb/export_orders_xml.php?token=256de2z6edz6ed2z6DFSFsed2zed6zeDSFDSGdzedezfzf&maxorders=10&orderstart=1&status=14&start_date=2018-10-01 HTTP/1.0" 200 285 "-" "GesCom CharlotteBoutik Serveur"
51.68.224.127 - - [13/Jun/2021:17:08:42 +0200] "GET /adminweb/export_orders_xml.php?token=256de2z6edz6ed2z6DFSFsed2zed6zeDSFDSGdzedezfzf&maxorders=10&orderstart=1&status=6&start_date=2018-10-01 HTTP/1.0" 200 30039 "-" "GesCom CharlotteBoutik Serveur"
207.46.13.38 - - [13/Jun/2021:17:08:46 +0200] "GET /buddha-resin-box-p-38531.html HTTP/1.0" 301 70290 "-" "Mozilla/5.0 (compatible; bingbot/2.0; +http://www.bing.com/bingbot.htm)"
40.77.167.70 - - [13/Jun/2021:17:08:50 +0200] "GET /atlantic-surf-spot-wooden-wall-decoration-to-hang-p-39693.html HTTP/1.0" 301 70458 "-" "Mozilla/5.0 (compatible; bingbot/2.0; +http://www.bing.com/bingbot.htm)"
185.191.171.8 - - [13/Jun/2021:17:08:54 +0200] "GET /round-rattan-table-lamp-p-54575.html HTTP/1.0" 200 73790 "-" "Mozilla/5.0 (compatible; SemrushBot/7~bl; +http://www.semrush.com/bot.html)"
147.92.153.17 - - [13/Jun/2021:17:09:03 +0200] "GET /round-trays-c-12_159_263.html HTTP/1.0" 200 90546 "-" "Mozilla/5.0 (compatible; Linespider/1.1; +https://lin.ee/4dwXkTH)"
157.55.39.44 - - [13/Jun/2021:17:09:21 +0200] "GET /barbamama-wood-money-p-6650.html HTTP/1.0" 200 72914 "-" "Mozilla/5.0 (compatible; bingbot/2.0; +http://www.bing.com/bingbot.htm)"
207.46.13.38 - - [13/Jun/2021:17:09:37 +0200] "GET /-p-23051.html HTTP/1.0" 200 70165 "-" "Mozilla/5.0 (compatible; bingbot/2.0; +http://www.bing.com/bingbot.htm)"
207.46.13.38 - - [13/Jun/2021:17:10:03 +0200] "GET /educational-watch-children-koala-p-51721.html HTTP/1.0" 200 74404 "-" "Mozilla/5.0 (compatible; bingbot/2.0; +http://www.bing.com/bingbot.htm)"
157.55.39.152 - - [13/Jun/2021:17:10:16 +0200] "GET /images/1399984264409.jpg HTTP/1.0" 200 259 "-" "Mozilla/5.0 (compatible; bingbot/2.0; +http://www.bing.com/bingbot.htm)"
185.191.171.17 - - [13/Jun/2021:17:10:52 +0200] "GET /protective-cover-for-cotton-fleece-160-70-cm-p-42596.html HTTP/1.0" 301 73097 "-" "Mozilla/5.0 (compatible; SemrushBot/7~bl; +http://www.semrush.com/bot.html)"
185.191.171.38 - - [13/Jun/2021:17:10:54 +0200] "GET /protective-cover-cotton-fleece-p-42596.html HTTP/1.0" 200 73000 "-" "Mozilla/5.0 (compatible; SemrushBot/7~bl; +http://www.semrush.com/bot.html)"
54.36.148.128 - - [13/Jun/2021:17:10:58 +0200] "GET /lola-shower-towel-white-p-41784.html HTTP/1.0" 200 73718 "-" "Mozilla/5.0 (compatible; AhrefsBot/7.0; +http://ahrefs.com/robot/)"
207.46.13.38 - - [13/Jun/2021:17:11:00 +0200] "GET /aperophile-steel-sign-30-40-cm-p-47676.html HTTP/1.0" 301 72922 "-" "Mozilla/5.0 (compatible; bingbot/2.0; +http://www.bing.com/bingbot.htm)"
157.55.39.44 - - [13/Jun/2021:17:11:04 +0200] "GET /mini-magnetic-plate-retro-wine-lovers-age-gracefully-p-34407.html HTTP/1.0" 301 73196 "-" "Mozilla/5.0 (compatible; bingbot/2.0; +http://www.bing.com/bingbot.htm)"
207.46.13.38 - - [13/Jun/2021:17:11:09 +0200] "GET /cotton-bed-base-cover-160-200-cm-mastic-p-44229.html HTTP/1.0" 301 73041 "-" "Mozilla/5.0 (compatible; bingbot/2.0; +http://www.bing.com/bingbot.htm)"
66.249.81.50 - - [13/Jun/2021:17:11:30 +0200] "GET /images/big_prod/VANGOGH2.jpg HTTP/1.0" 200 263 "-" "Mozilla/5.0 (Windows NT 5.1; rv:11.0) Gecko Firefox/11.0 (via ggpht.com GoogleImageProxy)"
66.249.70.38 - - [13/Jun/2021:17:11:37 +0200] "GET /frozen-elsa-and-anna-jewelry-box-p-37026.html HTTP/1.0" 301 73824 "-" "Mozilla/5.0 (Linux; Android 6.0.1; Nexus 5X Build/MMB29P) AppleWebKit/537.36 (KHTML, like Gecko) Chrome/91.0.4472.90 Mobile Safari/537.36 (compatible; Googlebot/2.1; +http://www.google.com/bot.html)"
66.249.70.40 - - [13/Jun/2021:17:11:38 +0200] "GET /frozen-elsa-anna-jewelry-p-37026.html HTTP/1.0" 200 73733 "-" "Mozilla/5.0 (Linux; Android 6.0.1; Nexus 5X Build/MMB29P) AppleWebKit/537.36 (KHTML, like Gecko) Chrome/91.0.4472.90 Mobile Safari/537.36 (compatible; Googlebot/2.1; +http://www.google.com/bot.html)"
207.46.13.38 - - [13/Jun/2021:17:12:01 +0200] "GET /crayola-coloring-album-p-25052.html HTTP/1.0" 200 70243 "-" "Mozilla/5.0 (compatible; bingbot/2.0; +http://www.bing.com/bingbot.htm)"
207.46.13.38 - - [13/Jun/2021:17:12:07 +0200] "GET /glass-votive-holder-gold-p-42646.html HTTP/1.0" 200 73000 "-" "Mozilla/5.0 (compatible; bingbot/2.0; +http://www.bing.com/bingbot.htm)"
106.38.241.175 - - [13/Jun/2021:17:12:09 +0200] "GET / HTTP/1.0" 200 149830 "-" "Sogou web spider/4.0(+http://www.sogou.com/docs/help/webmasters.htm#07)"
40.77.167.70 - - [13/Jun/2021:17:12:09 +0200] "GET /vespa-blue-keyring-p-31627.html HTTP/1.0" 200 70227 "-" "Mozilla/5.0 (compatible; bingbot/2.0; +http://www.bing.com/bingbot.htm)"
40.77.167.106 - - [13/Jun/2021:17:12:17 +0200] "GET /-p-34432.html HTTP/1.0" 200 70165 "-" "Mozilla/5.0 (compatible; bingbot/2.0; +http://www.bing.com/bingbot.htm)"
157.55.39.152 - - [13/Jun/2021:17:12:56 +0200] "GET / HTTP/1.0" 200 149937 "-" "Mozilla/5.0 (compatible; bingbot/2.0; +http://www.bing.com/bingbot.htm)"
40.77.189.124 - - [13/Jun/2021:17:12:59 +0200] "GET /templates/Pixame_v1/stylesheet.css HTTP/1.0" 200 267 "http://www.wonder-geek.com/" "Mozilla/5.0 (Windows NT 6.1; WOW64) AppleWebKit/534+ (KHTML, like Gecko) BingPreview/1.0b"
157.55.39.44 - - [13/Jun/2021:17:13:01 +0200] "GET /dalmatians-cruella-devil-figure-p-4704.html HTTP/1.0" 200 70324 "-" "Mozilla/5.0 (compatible; bingbot/2.0; +http://www.bing.com/bingbot.htm)"
40.77.167.70 - - [13/Jun/2021:17:13:09 +0200] "GET /industrial-retro-clock-in-aged-metal-225-75-17-cm-p-48588.html HTTP/1.0" 301 73244 "-" "Mozilla/5.0 (compatible; bingbot/2.0; +http://www.bing.com/bingbot.htm)"
40.77.167.70 - - [13/Jun/2021:17:13:10 +0200] "GET /ken-khaki-messenger-bag-p-11248.html HTTP/1.0" 301 70337 "-" "Mozilla/5.0 (compatible; bingbot/2.0; +http://www.bing.com/bingbot.htm)"
185.191.171.1 - - [13/Jun/2021:17:13:11 +0200] "GET /cat-small-melamine-tray-p-48618.html HTTP/1.0" 301 72954 "-" "Mozilla/5.0 (compatible; SemrushBot/7~bl; +http://www.semrush.com/bot.html)"
185.191.171.38 - - [13/Jun/2021:17:13:13 +0200] "GET /small-melamine-tray-p-48618.html HTTP/1.0" 200 72868 "-" "Mozilla/5.0 (compatible; SemrushBot/7~bl; +http://www.semrush.com/bot.html)"
54.36.148.88 - - [13/Jun/2021:17:13:14 +0200] "GET /sausage-with-knife-boucherie-charcuterie-p-47323.html HTTP/1.0" 200 73789 "-" "Mozilla/5.0 (compatible; AhrefsBot/7.0; +http://ahrefs.com/robot/)"
185.220.101.142 - - [13/Jun/2021:17:13:29 +0200] "GET /contact_us.php HTTP/1.0" 200 26241 "http://www.wonder-geek.com/contact_us.php" "Mozilla/5.0 (Windows NT 10.0; Win64; x64) AppleWebKit/537.36 (KHTML, like Gecko) Chrome/83.0.4089.0 Safari/537.36"
94.230.208.148 - - [13/Jun/2021:17:13:30 +0200] "POST /contact_us.php?action=send HTTP/1.0" 200 26706 "http://www.wonder-geek.com/contact_us.php" "Mozilla/5.0 (Windows NT 10.0; Win64; x64) AppleWebKit/537.36 (KHTML, like Gecko) Chrome/83.0.4089.0 Safari/537.36"
185.220.102.245 - - [13/Jun/2021:17:13:31 +0200] "GET /contact_us.php HTTP/1.0" 200 26241 "http://www.wonder-geek.com/contact_us.php" "Mozilla/5.0 (Windows NT 10.0; Win64; x64) AppleWebKit/537.36 (KHTML, like Gecko) Chrome/83.0.4089.0 Safari/537.36"
157.55.39.128 - - [13/Jun/2021:17:13:33 +0200] "GET /usa-clock-by-cbkreation-p-24710.html HTTP/1.0" 301 72979 "-" "Mozilla/5.0 (compatible; bingbot/2.0; +http://www.bing.com/bingbot.htm)"
5.34.180.192 - - [13/Jun/2021:17:13:45 +0200] "GET / HTTP/1.0" 200 146430 "https://zerkolov.ru/" "Mozilla/4.0 (compatible; MSIE 6.0; Windows NT 5.1; .NET CLR 1.0.3705)"
5.34.180.192 - - [13/Jun/2021:17:13:45 +0200] "GET / HTTP/1.0" 200 146430 "https://zerkolov.ru/" "Mozilla/4.0 (compatible; MSIE 6.0; Windows NT 5.1; .NET CLR 1.0.3705)"
5.34.180.192 - - [13/Jun/2021:17:13:46 +0200] "GET / HTTP/1.0" 200 146430 "https://zerkolov.ru/" "Mozilla/4.0 (compatible; MSIE 6.0; Windows NT 5.1; .NET CLR 1.0.3705)"
207.46.13.38 - - [13/Jun/2021:17:13:51 +0200] "GET /little-prince-money-p-45848.html HTTP/1.0" 200 72872 "-" "Mozilla/5.0 (compatible; bingbot/2.0; +http://www.bing.com/bingbot.htm)"
207.46.13.38 - - [13/Jun/2021:17:13:54 +0200] "GET /cats-teapot-with-metal-infuser-p-37903.html HTTP/1.0" 200 70312 "-" "Mozilla/5.0 (compatible; bingbot/2.0; +http://www.bing.com/bingbot.htm)"
207.46.13.38 - - [13/Jun/2021:17:13:58 +0200] "GET /buddha-statue-polyresin-21-cm-p-42008.html HTTP/1.0" 301 72973 "-" "Mozilla/5.0 (compatible; bingbot/2.0; +http://www.bing.com/bingbot.htm)"
40.77.167.70 - - [13/Jun/2021:17:14:02 +0200] "GET /salt-and-pepper-clock-collection-p-30169.html HTTP/1.0" 301 73012 "-" "Mozilla/5.0 (compatible; bingbot/2.0; +http://www.bing.com/bingbot.htm)"
185.191.171.25 - - [13/Jun/2021:17:14:14 +0200] "GET /angry-birds-shoulder-laptop-p-16737.html HTTP/1.0" 200 73224 "-" "Mozilla/5.0 (compatible; SemrushBot/7~bl; +http://www.semrush.com/bot.html)"
157.55.39.152 - - [13/Jun/2021:17:14:17 +0200] "GET /-p-10213.html HTTP/1.0" 200 70165 "-" "Mozilla/5.0 (compatible; bingbot/2.0; +http://www.bing.com/bingbot.htm)"
185.191.171.34 - - [13/Jun/2021:17:14:20 +0200] "GET /mango-tray-wood-tree-life-p-46369.html?action=add_product HTTP/1.0" 302 476 "-" "Mozilla/5.0 (compatible; SemrushBot/7~bl; +http://www.semrush.com/bot.html)"
40.77.167.106 - - [13/Jun/2021:17:14:22 +0200] "GET /planes-dusty-disney-sunglasses-for-child-p-29957.html HTTP/1.0" 301 70451 "-" "Mozilla/5.0 (compatible; bingbot/2.0; +http://www.bing.com/bingbot.htm)"
147.92.153.2 - - [13/Jun/2021:17:14:23 +0200] "GET /salt-boxes-jars-c-12_223.html HTTP/1.0" 200 90151 "-" "Mozilla/5.0 (compatible; Linespider/1.1; +https://lin.ee/4dwXkTH)"
40.77.167.106 - - [13/Jun/2021:17:14:23 +0200] "GET /verity-rose-gift-card-p-29165.html HTTP/1.0" 200 70261 "-" "Mozilla/5.0 (compatible; bingbot/2.0; +http://www.bing.com/bingbot.htm)"
40.77.167.90 - - [13/Jun/2021:17:14:27 +0200] "GET /burlap-round-table-set-sweet-p-48454.html HTTP/1.0" 301 73490 "-" "Mozilla/5.0 (compatible; bingbot/2.0; +http://www.bing.com/bingbot.htm)"
185.191.171.44 - - [13/Jun/2021:17:14:29 +0200] "GET /household-linen-c-11.html?page=20 HTTP/1.0" 200 92301 "-" "Mozilla/5.0 (compatible; SemrushBot/7~bl; +http://www.semrush.com/bot.html)"
157.55.39.128 - - [13/Jun/2021:17:14:44 +0200] "GET /images/big_prod/045544973359.jpg HTTP/1.0" 200 267 "-" "Mozilla/5.0 (compatible; bingbot/2.0; +http://www.bing.com/bingbot.htm)"
157.55.39.152 - - [13/Jun/2021:17:14:57 +0200] "GET /images/mini_prod/1399984235287.jpg HTTP/1.0" 200 269 "-" "Mozilla/5.0 (compatible; bingbot/2.0; +http://www.bing.com/bingbot.htm)"
185.191.171.23 - - [13/Jun/2021:17:14:57 +0200] "GET /piggy-bank-p-52600.html?action=add_product HTTP/1.0" 302 476 "-" "Mozilla/5.0 (compatible; SemrushBot/7~bl; +http://www.semrush.com/bot.html)"
207.46.13.38 - - [13/Jun/2021:17:15:02 +0200] "GET /embossed-shoulder-brought-love-p-32777.html HTTP/1.0" 200 74129 "-" "Mozilla/5.0 (compatible; bingbot/2.0; +http://www.bing.com/bingbot.htm)"
40.77.167.106 - - [13/Jun/2021:17:15:07 +0200] "GET /isothermic-stainless-steel-bottle-cuba-by-cbkreation-p-51218.html HTTP/1.0" 301 73827 "-" "Mozilla/5.0 (compatible; bingbot/2.0; +http://www.bing.com/bingbot.htm)"
157.55.39.44 - - [13/Jun/2021:17:15:12 +0200] "GET /cooking-recipe-cutting-board-p-44525.html HTTP/1.0" 200 72849 "-" "Mozilla/5.0 (compatible; bingbot/2.0; +http://www.bing.com/bingbot.htm)"
54.36.148.38 - - [13/Jun/2021:17:15:13 +0200] "GET /johnny-hallyday-cup-and-saucer-set-p-10478.html HTTP/1.0" 301 70232 "-" "Mozilla/5.0 (compatible; AhrefsBot/7.0; +http://ahrefs.com/robot/)"
54.36.148.101 - - [13/Jun/2021:17:15:29 +0200] "GET /kitchen-towel-holder-hooks-p-47376.html HTTP/1.0" 200 73429 "-" "Mozilla/5.0 (compatible; AhrefsBot/7.0; +http://ahrefs.com/robot/)"
157.55.39.152 - - [13/Jun/2021:17:15:37 +0200] "GET /tinted-candle-in-the-mass-blue-color-p-48924.html HTTP/1.0" 301 72706 "-" "Mozilla/5.0 (compatible; bingbot/2.0; +http://www.bing.com/bingbot.htm)"
185.191.171.23 - - [13/Jun/2021:17:15:40 +0200] "GET /happy-cat-metal-tray-25-36-cm-p-45784.html HTTP/1.0" 301 73035 "-" "Mozilla/5.0 (compatible; SemrushBot/7~bl; +http://www.semrush.com/bot.html)"
185.191.171.43 - - [13/Jun/2021:17:15:42 +0200] "GET /happy-metal-tray-p-45784.html HTTP/1.0" 200 72952 "-" "Mozilla/5.0 (compatible; SemrushBot/7~bl; +http://www.semrush.com/bot.html)"
157.55.39.44 - - [13/Jun/2021:17:16:24 +0200] "GET /natural-wood-cutting-board-p-42162.html HTTP/1.0" 200 72889 "-" "Mozilla/5.0 (compatible; bingbot/2.0; +http://www.bing.com/bingbot.htm)"
185.191.171.45 - - [13/Jun/2021:17:16:33 +0200] "GET /-p-42695.html?action=add_product HTTP/1.0" 302 476 "-" "Mozilla/5.0 (compatible; SemrushBot/7~bl; +http://www.semrush.com/bot.html)"
40.77.167.70 - - [13/Jun/2021:17:16:38 +0200] "GET /betty-boop-mtal-ashtray-p-36134.html HTTP/1.0" 200 72832 "-" "Mozilla/5.0 (compatible; bingbot/2.0; +http://www.bing.com/bingbot.htm)"
54.36.148.66 - - [13/Jun/2021:17:16:55 +0200] "GET /colima-bedclothes-240-260-cm-p-38802.html HTTP/1.0" 301 70232 "-" "Mozilla/5.0 (compatible; AhrefsBot/7.0; +http://ahrefs.com/robot/)"
185.191.171.13 - - [13/Jun/2021:17:17:17 +0200] "GET /ceramic-lamp-245-cm-p-53379.html HTTP/1.0" 301 73771 "-" "Mozilla/5.0 (compatible; SemrushBot/7~bl; +http://www.semrush.com/bot.html)"
40.77.167.106 - - [13/Jun/2021:17:17:17 +0200] "GET /robot-clock-p-29977.html HTTP/1.0" 200 70199 "-" "Mozilla/5.0 (compatible; bingbot/2.0; +http://www.bing.com/bingbot.htm)"
185.191.171.25 - - [13/Jun/2021:17:17:19 +0200] "GET /ceramic-lamp-p-53379.html HTTP/1.0" 200 73692 "-" "Mozilla/5.0 (compatible; SemrushBot/7~bl; +http://www.semrush.com/bot.html)"
185.191.171.12 - - [13/Jun/2021:17:17:29 +0200] "GET /monkey-statue-resin-not-hear-anything-p-46700.html HTTP/1.0" 301 73076 "-" "Mozilla/5.0 (compatible; SemrushBot/7~bl; +http://www.semrush.com/bot.html)"
185.191.171.8 - - [13/Jun/2021:17:17:32 +0200] "GET /monkey-statue-resin-hear-anything-p-46700.html HTTP/1.0" 200 72976 "-" "Mozilla/5.0 (compatible; SemrushBot/7~bl; +http://www.semrush.com/bot.html)"
157.55.39.128 - - [13/Jun/2021:17:17:45 +0200] "GET /the-little-prince-pink-apron-p-10315.html HTTP/1.0" 301 73038 "-" "Mozilla/5.0 (compatible; bingbot/2.0; +http://www.bing.com/bingbot.htm)"
54.36.148.34 - - [13/Jun/2021:17:17:53 +0200] "GET /bamboo-pitcher-veux-soleil-liter-p-45484.html HTTP/1.0" 200 73083 "-" "Mozilla/5.0 (compatible; AhrefsBot/7.0; +http://ahrefs.com/robot/)"
185.191.171.18 - - [13/Jun/2021:17:18:10 +0200] "GET /robots.txt HTTP/1.0" 200 245 "-" "Mozilla/5.0 (compatible; SemrushBot/7~bl; +http://www.semrush.com/bot.html)"
185.191.171.44 - - [13/Jun/2021:17:18:10 +0200] "GET /small-round-table-with-earthenware-tray-p-49605.html HTTP/1.0" 200 74598 "-" "Mozilla/5.0 (compatible; SemrushBot/7~bl; +http://www.semrush.com/bot.html)"
40.77.167.90 - - [13/Jun/2021:17:18:26 +0200] "GET /set-of-black-mustache-circle-coasters-by-cbkreation-p-16702.html HTTP/1.0" 301 73167 "-" "Mozilla/5.0 (compatible; bingbot/2.0; +http://www.bing.com/bingbot.htm)"
157.55.39.152 - - [13/Jun/2021:17:18:39 +0200] "GET /-p-21445.html HTTP/1.0" 200 70165 "-" "Mozilla/5.0 (compatible; bingbot/2.0; +http://www.bing.com/bingbot.htm)"
40.77.167.106 - - [13/Jun/2021:17:18:49 +0200] "GET /little-prince-trivet-p-47176.html HTTP/1.0" 200 72778 "-" "Mozilla/5.0 (compatible; bingbot/2.0; +http://www.bing.com/bingbot.htm)"
157.55.39.44 - - [13/Jun/2021:17:18:53 +0200] "GET /doh-vinci-photo-tour-p-27709.html HTTP/1.0" 301 73350 "-" "Mozilla/5.0 (compatible; bingbot/2.0; +http://www.bing.com/bingbot.htm)"
207.46.13.38 - - [13/Jun/2021:17:19:02 +0200] "GET /-p-3937.html HTTP/1.0" 200 70163 "-" "Mozilla/5.0 (compatible; bingbot/2.0; +http://www.bing.com/bingbot.htm)"
157.55.39.128 - - [13/Jun/2021:17:19:25 +0200] "GET /lola-shower-towel-70-130-cm-420-gr-white-p-41784.html HTTP/1.0" 301 73808 "-" "Mozilla/5.0 (compatible; bingbot/2.0; +http://www.bing.com/bingbot.htm)"
157.55.39.152 - - [13/Jun/2021:17:19:49 +0200] "GET /images/mini_prod/00000000000000000000000pandi.jpg HTTP/1.0" 200 284 "-" "Mozilla/5.0 (compatible; bingbot/2.0; +http://www.bing.com/bingbot.htm)"
157.55.39.152 - - [13/Jun/2021:17:19:50 +0200] "GET /-p-18346.html HTTP/1.0" 200 70165 "-" "Mozilla/5.0 (compatible; bingbot/2.0; +http://www.bing.com/bingbot.htm)"
14.207.22.113 - - [13/Jun/2021:17:19:51 +0200] "GET /contact_us.php HTTP/1.0" 200 26241 "http://www.wonder-geek.com/contact_us.php" "Mozilla/5.0 (Windows NT 10.0; Win64; x64) AppleWebKit/537.36 (KHTML, like Gecko) Chrome/83.0.4098.0 Safari/537.36"
14.207.22.113 - - [13/Jun/2021:17:19:53 +0200] "POST /contact_us.php?action=send HTTP/1.0" 200 26483 "http://www.wonder-geek.com/contact_us.php" "Mozilla/5.0 (Windows NT 10.0; Win64; x64) AppleWebKit/537.36 (KHTML, like Gecko) Chrome/83.0.4098.0 Safari/537.36"
157.55.39.44 - - [13/Jun/2021:17:19:54 +0200] "GET /glasses-little-prince-p-53842.html HTTP/1.0" 200 72941 "-" "Mozilla/5.0 (compatible; bingbot/2.0; +http://www.bing.com/bingbot.htm)"
207.46.13.38 - - [13/Jun/2021:17:19:59 +0200] "GET /small-blue-ceramic-lamp-p-54853.html HTTP/1.0" 200 73615 "-" "Mozilla/5.0 (compatible; bingbot/2.0; +http://www.bing.com/bingbot.htm)"
185.191.171.8 - - [13/Jun/2021:17:20:05 +0200] "GET /tealights-sweet-apple-treat-p-42643.html HTTP/1.0" 200 73466 "-" "Mozilla/5.0 (compatible; SemrushBot/7~bl; +http://www.semrush.com/bot.html)"
54.36.148.86 - - [13/Jun/2021:17:20:10 +0200] "GET /decorative-metal-plate-halte-p-51449.html HTTP/1.0" 200 72830 "-" "Mozilla/5.0 (compatible; AhrefsBot/7.0; +http://ahrefs.com/robot/)"
157.55.39.44 - - [13/Jun/2021:17:20:13 +0200] "GET /small-earth-globe-decoration-p-50872.html HTTP/1.0" 200 73715 "-" "Mozilla/5.0 (compatible; bingbot/2.0; +http://www.bing.com/bingbot.htm)"
157.55.39.122 - - [13/Jun/2021:17:20:17 +0200] "GET /-p-29547.html HTTP/1.0" 200 70165 "-" "Mozilla/5.0 (compatible; bingbot/2.0; +http://www.bing.com/bingbot.htm)"
66.249.70.40 - - [13/Jun/2021:17:20:39 +0200] "GET /images/big_prod_2/8718375755532b.jpg HTTP/1.0" 200 271 "-" "Googlebot-Image/1.0"
207.46.13.38 - - [13/Jun/2021:17:20:41 +0200] "GET /peanuts-linus-figure-p-11180.html HTTP/1.0" 200 72891 "-" "Mozilla/5.0 (compatible; bingbot/2.0; +http://www.bing.com/bingbot.htm)"
157.55.39.81 - - [13/Jun/2021:17:20:45 +0200] "GET /bagshandbags-shoulder-bags-c-31_81.html HTTP/1.0" 200 96685 "-" "Mozilla/5.0 (compatible; bingbot/2.0; +http://www.bing.com/bingbot.htm)"
185.191.171.9 - - [13/Jun/2021:17:20:48 +0200] "GET /openwork-tubular-table-lamp-p-52905.html?action=add_product HTTP/1.0" 302 476 "-" "Mozilla/5.0 (compatible; SemrushBot/7~bl; +http://www.semrush.com/bot.html)"
40.77.167.70 - - [13/Jun/2021:17:21:09 +0200] "GET /kimmidoll-brush-p-44814.html HTTP/1.0" 200 72794 "-" "Mozilla/5.0 (compatible; bingbot/2.0; +http://www.bing.com/bingbot.htm)"
157.55.39.81 - - [13/Jun/2021:17:21:26 +0200] "GET /images/8006529208042.jpg HTTP/1.0" 200 259 "-" "Mozilla/5.0 (compatible; bingbot/2.0; +http://www.bing.com/bingbot.htm)"
207.46.13.38 - - [13/Jun/2021:17:21:39 +0200] "GET /zebra-money-p-47939.html HTTP/1.0" 200 72819 "-" "Mozilla/5.0 (compatible; bingbot/2.0; +http://www.bing.com/bingbot.htm)"
66.249.70.42 - - [13/Jun/2021:17:21:48 +0200] "GET /benedict-zippo-lighter-p-53268.html HTTP/1.0" 200 74068 "-" "Mozilla/5.0 (Linux; Android 6.0.1; Nexus 5X Build/MMB29P) AppleWebKit/537.36 (KHTML, like Gecko) Chrome/91.0.4472.90 Mobile Safari/537.36 (compatible; Googlebot/2.1; +http://www.google.com/bot.html)"
207.46.13.38 - - [13/Jun/2021:17:21:58 +0200] "GET /cotton-floor-cushion-purple-p-53471.html HTTP/1.0" 200 73469 "-" "Mozilla/5.0 (compatible; bingbot/2.0; +http://www.bing.com/bingbot.htm)"
207.46.13.38 - - [13/Jun/2021:17:22:18 +0200] "GET /apache-women-watch-multicolor-dream-catcher-p-41561.html HTTP/1.0" 200 73156 "-" "Mozilla/5.0 (compatible; bingbot/2.0; +http://www.bing.com/bingbot.htm)"
54.36.148.38 - - [13/Jun/2021:17:22:20 +0200] "GET /sausage-with-knife-excuse-french-p-47322.html HTTP/1.0" 200 73530 "-" "Mozilla/5.0 (compatible; AhrefsBot/7.0; +http://ahrefs.com/robot/)"
207.46.13.38 - - [13/Jun/2021:17:22:20 +0200] "GET /pluto-figure-p-2862.html HTTP/1.0" 301 70229 "-" "Mozilla/5.0 (compatible; bingbot/2.0; +http://www.bing.com/bingbot.htm)"
157.55.39.122 - - [13/Jun/2021:17:22:25 +0200] "GET /-p-19657.html HTTP/1.0" 200 70165 "-" "Mozilla/5.0 (compatible; bingbot/2.0; +http://www.bing.com/bingbot.htm)"
40.77.167.90 - - [13/Jun/2021:17:22:48 +0200] "GET /titeuf-sticker-p-24721.html HTTP/1.0" 200 72860 "-" "Mozilla/5.0 (compatible; bingbot/2.0; +http://www.bing.com/bingbot.htm)"
40.77.167.90 - - [13/Jun/2021:17:22:49 +0200] "GET /anna-and-elsa-frozen-small-backpack-p-30738.html HTTP/1.0" 301 70385 "-" "Mozilla/5.0 (compatible; bingbot/2.0; +http://www.bing.com/bingbot.htm)"
157.55.39.44 - - [13/Jun/2021:17:23:03 +0200] "GET /glasses-and-drinking-cup-c-12_62.html HTTP/1.0" 301 91055 "-" "Mozilla/5.0 (compatible; bingbot/2.0; +http://www.bing.com/bingbot.htm)"
185.191.171.26 - - [13/Jun/2021:17:23:05 +0200] "GET /hot-air-ballon-by-allen-cushion-45-cm-p-40063.html HTTP/1.0" 301 73085 "-" "Mozilla/5.0 (compatible; SemrushBot/7~bl; +http://www.semrush.com/bot.html)"
185.191.171.35 - - [13/Jun/2021:17:23:07 +0200] "GET /ballon-allen-cushion-p-40063.html HTTP/1.0" 200 72998 "-" "Mozilla/5.0 (compatible; SemrushBot/7~bl; +http://www.semrush.com/bot.html)"
185.191.171.42 - - [13/Jun/2021:17:23:29 +0200] "GET /small-melamine-tray-p-48618.html?action=add_product HTTP/1.0" 302 476 "-" "Mozilla/5.0 (compatible; SemrushBot/7~bl; +http://www.semrush.com/bot.html)"
185.191.171.8 - - [13/Jun/2021:17:23:32 +0200] "GET /decoration-protection-animal-iphone-cable-p-47283.html?action=add_product HTTP/1.0" 302 476 "-" "Mozilla/5.0 (compatible; SemrushBot/7~bl; +http://www.semrush.com/bot.html)"
157.55.39.44 - - [13/Jun/2021:17:23:42 +0200] "GET /little-prince-eyeglass-case-p-45822.html HTTP/1.0" 200 72906 "-" "Mozilla/5.0 (compatible; bingbot/2.0; +http://www.bing.com/bingbot.htm)"
157.55.39.44 - - [13/Jun/2021:17:23:44 +0200] "GET /coca-cola-have-coke-now-towel-p-14750.html HTTP/1.0" 301 70232 "-" "Mozilla/5.0 (compatible; bingbot/2.0; +http://www.bing.com/bingbot.htm)"
157.55.39.128 - - [13/Jun/2021:17:24:07 +0200] "GET /long-lady-umbrella-gorjuss-hush-little-bunny-p-48411.html HTTP/1.0" 200 74155 "-" "Mozilla/5.0 (compatible; bingbot/2.0; +http://www.bing.com/bingbot.htm)"
157.55.39.81 - - [13/Jun/2021:17:24:15 +0200] "GET /images/big_prod/1384010200759.jpg HTTP/1.0" 200 268 "-" "Mozilla/5.0 (compatible; bingbot/2.0; +http://www.bing.com/bingbot.htm)"
157.55.39.81 - - [13/Jun/2021:17:24:16 +0200] "GET /boutis-bedspread-and-pillowcases-arkansas-240-260-cm-p-39592.html HTTP/1.0" 301 73177 "-" "Mozilla/5.0 (compatible; bingbot/2.0; +http://www.bing.com/bingbot.htm)"
157.55.39.128 - - [13/Jun/2021:17:24:26 +0200] "GET /usa-alarm-clock-by-cbkreation-p-24995.html HTTP/1.0" 301 72968 "-" "Mozilla/5.0 (compatible; bingbot/2.0; +http://www.bing.com/bingbot.htm)"
40.77.167.106 - - [13/Jun/2021:17:24:38 +0200] "GET /-p-24515.html HTTP/1.0" 200 70165 "-" "Mozilla/5.0 (compatible; bingbot/2.0; +http://www.bing.com/bingbot.htm)"
54.36.148.152 - - [13/Jun/2021:17:24:44 +0200] "GET /round-mirror-hanging-indian-spirit-p-44035.html HTTP/1.0" 200 72873 "-" "Mozilla/5.0 (compatible; AhrefsBot/7.0; +http://ahrefs.com/robot/)"
157.55.39.44 - - [13/Jun/2021:17:24:52 +0200] "GET /gund-mini-tiger-sound-plush-p-34854.html HTTP/1.0" 200 72936 "-" "Mozilla/5.0 (compatible; bingbot/2.0; +http://www.bing.com/bingbot.htm)"
40.77.167.106 - - [13/Jun/2021:17:24:58 +0200] "GET /kimmidoll-airi-canvas-wallet-p-31939.html HTTP/1.0" 200 72950 "-" "Mozilla/5.0 (compatible; bingbot/2.0; +http://www.bing.com/bingbot.htm)"
40.77.167.106 - - [13/Jun/2021:17:24:58 +0200] "GET /paperweight-black-steinlen-p-46905.html HTTP/1.0" 200 73269 "-" "Mozilla/5.0 (compatible; bingbot/2.0; +http://www.bing.com/bingbot.htm)"
147.92.153.20 - - [13/Jun/2021:17:25:03 +0200] "GET /towel-dispenser-c-12_225.html HTTP/1.0" 200 83081 "-" "Mozilla/5.0 (compatible; Linespider/1.1; +https://lin.ee/4dwXkTH)"
51.68.224.127 - - [13/Jun/2021:17:25:03 +0200] "GET /adminweb/export_orders_xml.php?token=256de2z6edz6ed2z6DFSFsed2zed6zeDSFDSGdzedezfzf&maxorders=10&orderstart=1&status=14&start_date=2018-10-01 HTTP/1.0" 200 285 "-" "GesCom CharlotteBoutik Serveur"
51.68.224.127 - - [13/Jun/2021:17:25:03 +0200] "GET /adminweb/export_orders_xml.php?token=256de2z6edz6ed2z6DFSFsed2zed6zeDSFDSGdzedezfzf&maxorders=10&orderstart=1&status=6&start_date=2018-10-01 HTTP/1.0" 200 30039 "-" "GesCom CharlotteBoutik Serveur"
185.191.171.42 - - [13/Jun/2021:17:25:49 +0200] "GET /little-buddha-collection-keychain-p-53295.html?action=add_product HTTP/1.0" 302 476 "-" "Mozilla/5.0 (compatible; SemrushBot/7~bl; +http://www.semrush.com/bot.html)"
172.241.214.244 - - [13/Jun/2021:17:25:52 +0200] "GET / HTTP/1.0" 301 511 "-" "Mozilla/5.0 (Windows NT 10.0; Win64; x64) AppleWebKit/537.36 (KHTML, like Gecko) Chrome/88.0.4240.193 Safari/537.36"
172.241.214.244 - - [13/Jun/2021:17:25:54 +0200] "GET / HTTP/1.0" 200 149891 "-" "Mozilla/5.0 (Windows NT 10.0; Win64; x64) AppleWebKit/537.36 (KHTML, like Gecko) Chrome/88.0.4240.193 Safari/537.36"
172.241.214.244 - - [13/Jun/2021:17:25:55 +0200] "GET //wp-includes/wlwmanifest.xml HTTP/1.0" 404 1308 "-" "Mozilla/5.0 (Windows NT 10.0; Win64; x64) AppleWebKit/537.36 (KHTML, like Gecko) Chrome/88.0.4240.193 Safari/537.36"
172.241.214.244 - - [13/Jun/2021:17:25:55 +0200] "GET //xmlrpc.php?rsd HTTP/1.0" 404 1308 "-" "Mozilla/5.0 (Windows NT 10.0; Win64; x64) AppleWebKit/537.36 (KHTML, like Gecko) Chrome/88.0.4240.193 Safari/537.36"
172.241.214.244 - - [13/Jun/2021:17:25:55 +0200] "GET / HTTP/1.0" 200 150382 "-" "Mozilla/5.0 (Windows NT 10.0; Win64; x64) AppleWebKit/537.36 (KHTML, like Gecko) Chrome/88.0.4240.193 Safari/537.36"
172.241.214.244 - - [13/Jun/2021:17:25:56 +0200] "GET //blog/wp-includes/wlwmanifest.xml HTTP/1.0" 404 1308 "-" "Mozilla/5.0 (Windows NT 10.0; Win64; x64) AppleWebKit/537.36 (KHTML, like Gecko) Chrome/88.0.4240.193 Safari/537.36"
172.241.214.244 - - [13/Jun/2021:17:25:57 +0200] "GET //web/wp-includes/wlwmanifest.xml HTTP/1.0" 404 1308 "-" "Mozilla/5.0 (Windows NT 10.0; Win64; x64) AppleWebKit/537.36 (KHTML, like Gecko) Chrome/88.0.4240.193 Safari/537.36"
172.241.214.244 - - [13/Jun/2021:17:25:57 +0200] "GET //wordpress/wp-includes/wlwmanifest.xml HTTP/1.0" 404 1308 "-" "Mozilla/5.0 (Windows NT 10.0; Win64; x64) AppleWebKit/537.36 (KHTML, like Gecko) Chrome/88.0.4240.193 Safari/537.36"
157.55.39.81 - - [13/Jun/2021:17:25:56 +0200] "GET /charmmy-kitty-waistcoat-p-31126.html HTTP/1.0" 200 74017 "-" "Mozilla/5.0 (compatible; bingbot/2.0; +http://www.bing.com/bingbot.htm)"
172.241.214.244 - - [13/Jun/2021:17:25:57 +0200] "GET //website/wp-includes/wlwmanifest.xml HTTP/1.0" 404 1308 "-" "Mozilla/5.0 (Windows NT 10.0; Win64; x64) AppleWebKit/537.36 (KHTML, like Gecko) Chrome/88.0.4240.193 Safari/537.36"
172.241.214.244 - - [13/Jun/2021:17:25:57 +0200] "GET //wp/wp-includes/wlwmanifest.xml HTTP/1.0" 404 1308 "-" "Mozilla/5.0 (Windows NT 10.0; Win64; x64) AppleWebKit/537.36 (KHTML, like Gecko) Chrome/88.0.4240.193 Safari/537.36"
172.241.214.244 - - [13/Jun/2021:17:25:57 +0200] "GET //news/wp-includes/wlwmanifest.xml HTTP/1.0" 404 1308 "-" "Mozilla/5.0 (Windows NT 10.0; Win64; x64) AppleWebKit/537.36 (KHTML, like Gecko) Chrome/88.0.4240.193 Safari/537.36"
172.241.214.244 - - [13/Jun/2021:17:25:58 +0200] "GET //2020/wp-includes/wlwmanifest.xml HTTP/1.0" 404 1308 "-" "Mozilla/5.0 (Windows NT 10.0; Win64; x64) AppleWebKit/537.36 (KHTML, like Gecko) Chrome/88.0.4240.193 Safari/537.36"
172.241.214.244 - - [13/Jun/2021:17:25:58 +0200] "GET //2019/wp-includes/wlwmanifest.xml HTTP/1.0" 404 1308 "-" "Mozilla/5.0 (Windows NT 10.0; Win64; x64) AppleWebKit/537.36 (KHTML, like Gecko) Chrome/88.0.4240.193 Safari/537.36"
172.241.214.244 - - [13/Jun/2021:17:25:58 +0200] "GET //shop/wp-includes/wlwmanifest.xml HTTP/1.0" 404 1308 "-" "Mozilla/5.0 (Windows NT 10.0; Win64; x64) AppleWebKit/537.36 (KHTML, like Gecko) Chrome/88.0.4240.193 Safari/537.36"
172.241.214.244 - - [13/Jun/2021:17:25:58 +0200] "GET //wp1/wp-includes/wlwmanifest.xml HTTP/1.0" 404 1308 "-" "Mozilla/5.0 (Windows NT 10.0; Win64; x64) AppleWebKit/537.36 (KHTML, like Gecko) Chrome/88.0.4240.193 Safari/537.36"
172.241.214.244 - - [13/Jun/2021:17:25:59 +0200] "GET //test/wp-includes/wlwmanifest.xml HTTP/1.0" 404 1308 "-" "Mozilla/5.0 (Windows NT 10.0; Win64; x64) AppleWebKit/537.36 (KHTML, like Gecko) Chrome/88.0.4240.193 Safari/537.36"
172.241.214.244 - - [13/Jun/2021:17:25:59 +0200] "GET //wp2/wp-includes/wlwmanifest.xml HTTP/1.0" 404 1308 "-" "Mozilla/5.0 (Windows NT 10.0; Win64; x64) AppleWebKit/537.36 (KHTML, like Gecko) Chrome/88.0.4240.193 Safari/537.36"
172.241.214.244 - - [13/Jun/2021:17:25:59 +0200] "GET //site/wp-includes/wlwmanifest.xml HTTP/1.0" 404 1308 "-" "Mozilla/5.0 (Windows NT 10.0; Win64; x64) AppleWebKit/537.36 (KHTML, like Gecko) Chrome/88.0.4240.193 Safari/537.36"
172.241.214.244 - - [13/Jun/2021:17:25:59 +0200] "GET //cms/wp-includes/wlwmanifest.xml HTTP/1.0" 404 1308 "-" "Mozilla/5.0 (Windows NT 10.0; Win64; x64) AppleWebKit/537.36 (KHTML, like Gecko) Chrome/88.0.4240.193 Safari/537.36"
172.241.214.244 - - [13/Jun/2021:17:25:59 +0200] "GET //sito/wp-includes/wlwmanifest.xml HTTP/1.0" 404 1308 "-" "Mozilla/5.0 (Windows NT 10.0; Win64; x64) AppleWebKit/537.36 (KHTML, like Gecko) Chrome/88.0.4240.193 Safari/537.36"
157.55.39.152 - - [13/Jun/2021:17:26:09 +0200] "GET /buddha-decorative-statue-185-cm-p-42792.html HTTP/1.0" 301 73014 "-" "Mozilla/5.0 (compatible; bingbot/2.0; +http://www.bing.com/bingbot.htm)"
207.46.13.38 - - [13/Jun/2021:17:26:51 +0200] "GET /bohemian-ethnic-lirette-carpet-p-50876.html HTTP/1.0" 200 73609 "-" "Mozilla/5.0 (compatible; bingbot/2.0; +http://www.bing.com/bingbot.htm)"
185.191.171.22 - - [13/Jun/2021:17:26:59 +0200] "GET /natural-floor-carpet-p-52151.html HTTP/1.0" 200 73001 "-" "Mozilla/5.0 (compatible; SemrushBot/7~bl; +http://www.semrush.com/bot.html)"
185.191.171.22 - - [13/Jun/2021:17:27:02 +0200] "GET /large-sandstone-vase-45-cm-p-52246.html HTTP/1.0" 301 70334 "-" "Mozilla/5.0 (compatible; SemrushBot/7~bl; +http://www.semrush.com/bot.html)"
185.191.171.10 - - [13/Jun/2021:17:27:04 +0200] "GET /large-sandstone-vase-p-52246.html HTTP/1.0" 200 70247 "-" "Mozilla/5.0 (compatible; SemrushBot/7~bl; +http://www.semrush.com/bot.html)"
54.36.149.2 - - [13/Jun/2021:17:27:05 +0200] "GET /pocahontas-couture-force-figurine-p-54712.html HTTP/1.0" 200 74314 "-" "Mozilla/5.0 (compatible; AhrefsBot/7.0; +http://ahrefs.com/robot/)"
157.55.39.81 - - [13/Jun/2021:17:27:37 +0200] "GET /-p-17481.html HTTP/1.0" 200 70165 "-" "Mozilla/5.0 (compatible; bingbot/2.0; +http://www.bing.com/bingbot.htm)"
157.55.39.81 - - [13/Jun/2021:17:27:38 +0200] "GET /gold-jewelry-stand-white-p-48823.html HTTP/1.0" 200 73042 "-" "Mozilla/5.0 (compatible; bingbot/2.0; +http://www.bing.com/bingbot.htm)"
40.77.167.70 - - [13/Jun/2021:17:27:42 +0200] "GET /pinasun-bedclothes-240-260-p-47187.html HTTP/1.0" 301 73046 "-" "Mozilla/5.0 (compatible; bingbot/2.0; +http://www.bing.com/bingbot.htm)"
157.55.39.152 - - [13/Jun/2021:17:27:49 +0200] "GET /teo-jasmin-jasmine-rockabilly-companion-portfolio-p-39129.html HTTP/1.0" 301 74011 "-" "Mozilla/5.0 (compatible; bingbot/2.0; +http://www.bing.com/bingbot.htm)"
185.191.171.11 - - [13/Jun/2021:17:28:03 +0200] "GET /paperweight-almond-blossom-gogh-p-53517.html?action=add_product HTTP/1.0" 302 476 "-" "Mozilla/5.0 (compatible; SemrushBot/7~bl; +http://www.semrush.com/bot.html)"
157.55.39.81 - - [13/Jun/2021:17:28:06 +0200] "GET /burlap-round-table-set-love-p-47321.html HTTP/1.0" 301 70232 "-" "Mozilla/5.0 (compatible; bingbot/2.0; +http://www.bing.com/bingbot.htm)"
40.77.167.90 - - [13/Jun/2021:17:28:21 +0200] "GET /horse-handbag-p-23048.html HTTP/1.0" 200 72832 "-" "Mozilla/5.0 (compatible; bingbot/2.0; +http://www.bing.com/bingbot.htm)"
40.77.167.90 - - [13/Jun/2021:17:28:23 +0200] "GET /elastic-loom-bands-p-26855.html HTTP/1.0" 200 72812 "-" "Mozilla/5.0 (compatible; bingbot/2.0; +http://www.bing.com/bingbot.htm)"
40.77.167.90 - - [13/Jun/2021:17:28:24 +0200] "GET /lavender-bread-bag-p-44197.html HTTP/1.0" 301 70232 "-" "Mozilla/5.0 (compatible; bingbot/2.0; +http://www.bing.com/bingbot.htm)"
157.55.39.44 - - [13/Jun/2021:17:28:43 +0200] "GET /camargue-metal-rests-flat-p-47891.html HTTP/1.0" 200 72805 "-" "Mozilla/5.0 (compatible; bingbot/2.0; +http://www.bing.com/bingbot.htm)"
207.46.13.38 - - [13/Jun/2021:17:28:59 +0200] "GET /js/jquery.js HTTP/1.0" 200 252 "-" "Mozilla/5.0 (compatible; bingbot/2.0; +http://www.bing.com/bingbot.htm)"
185.191.171.15 - - [13/Jun/2021:17:29:05 +0200] "GET /with-infuser-p-54484.html?action=add_product HTTP/1.0" 302 476 "-" "Mozilla/5.0 (compatible; SemrushBot/7~bl; +http://www.semrush.com/bot.html)"
40.77.167.70 - - [13/Jun/2021:17:29:09 +0200] "GET /eyelets-screen-curtain-color-linen-p-46235.html HTTP/1.0" 200 75928 "-" "Mozilla/5.0 (compatible; bingbot/2.0; +http://www.bing.com/bingbot.htm)"
54.36.148.86 - - [13/Jun/2021:17:29:12 +0200] "GET /sausage-with-knife-happy-thrapie-p-47686.html HTTP/1.0" 200 72889 "-" "Mozilla/5.0 (compatible; AhrefsBot/7.0; +http://ahrefs.com/robot/)"
207.46.13.38 - - [13/Jun/2021:17:29:22 +0200] "GET /-p-26978.html HTTP/1.0" 200 70165 "-" "Mozilla/5.0 (compatible; bingbot/2.0; +http://www.bing.com/bingbot.htm)"
40.77.167.70 - - [13/Jun/2021:17:29:40 +0200] "GET /-p-36425.html HTTP/1.0" 200 70165 "-" "Mozilla/5.0 (compatible; bingbot/2.0; +http://www.bing.com/bingbot.htm)"
54.36.148.138 - - [13/Jun/2021:17:29:47 +0200] "GET /standing-flower-pot-p-52291.html HTTP/1.0" 301 73676 "-" "Mozilla/5.0 (compatible; AhrefsBot/7.0; +http://ahrefs.com/robot/)"
54.36.148.240 - - [13/Jun/2021:17:29:51 +0200] "GET /cheshire-cat-ceramic-money-box-p-51780.html HTTP/1.0" 301 70232 "-" "Mozilla/5.0 (compatible; AhrefsBot/7.0; +http://ahrefs.com/robot/)"
157.55.39.81 - - [13/Jun/2021:17:29:57 +0200] "GET /-p-31215.html HTTP/1.0" 200 70165 "-" "Mozilla/5.0 (compatible; bingbot/2.0; +http://www.bing.com/bingbot.htm)"
157.55.39.152 - - [13/Jun/2021:17:30:01 +0200] "GET /-p-3889.html HTTP/1.0" 200 70163 "-" "Mozilla/5.0 (compatible; bingbot/2.0; +http://www.bing.com/bingbot.htm)"
157.55.39.128 - - [13/Jun/2021:17:30:07 +0200] "GET /pgase-training-bottle-cbkreation-p-33775.html HTTP/1.0" 200 73211 "-" "Mozilla/5.0 (compatible; bingbot/2.0; +http://www.bing.com/bingbot.htm)"
207.46.13.38 - - [13/Jun/2021:17:30:12 +0200] "GET /switchboard-p-27600.html HTTP/1.0" 200 72741 "-" "Mozilla/5.0 (compatible; bingbot/2.0; +http://www.bing.com/bingbot.htm)"
147.92.153.19 - - [13/Jun/2021:17:30:23 +0200] "GET /pants-capri-pants-c-1_20.html HTTP/1.0" 200 79058 "-" "Mozilla/5.0 (compatible; Linespider/1.1; +https://lin.ee/4dwXkTH)"
54.36.148.122 - - [13/Jun/2021:17:30:35 +0200] "GET /provence-metal-plate-30-15-cm-p-47635.html HTTP/1.0" 301 72904 "-" "Mozilla/5.0 (compatible; AhrefsBot/7.0; +http://ahrefs.com/robot/)"
157.55.39.44 - - [13/Jun/2021:17:30:45 +0200] "GET /london-metal-keyring-mail-p-35350.html HTTP/1.0" 200 72868 "-" "Mozilla/5.0 (compatible; bingbot/2.0; +http://www.bing.com/bingbot.htm)"
66.249.70.38 - - [13/Jun/2021:17:31:06 +0200] "GET /trivet-boards-c-158.html?page=2 HTTP/1.0" 301 93841 "-" "Mozilla/5.0 (Linux; Android 6.0.1; Nexus 5X Build/MMB29P) AppleWebKit/537.36 (KHTML, like Gecko) Chrome/91.0.4472.90 Mobile Safari/537.36 (compatible; Googlebot/2.1; +http://www.google.com/bot.html)"
66.249.70.38 - - [13/Jun/2021:17:31:06 +0200] "GET /trivet-boards-c-12_158.html?page=2 HTTP/1.0" 200 93857 "-" "Mozilla/5.0 (Linux; Android 6.0.1; Nexus 5X Build/MMB29P) AppleWebKit/537.36 (KHTML, like Gecko) Chrome/91.0.4472.90 Mobile Safari/537.36 (compatible; Googlebot/2.1; +http://www.google.com/bot.html)"
54.36.148.221 - - [13/Jun/2021:17:31:16 +0200] "GET /sausage-with-knife-paris-p-47324.html HTTP/1.0" 200 72846 "-" "Mozilla/5.0 (compatible; AhrefsBot/7.0; +http://ahrefs.com/robot/)"
157.55.39.44 - - [13/Jun/2021:17:31:24 +0200] "GET /haddock-and-tintin-figures-and-accessories-p-12374.html HTTP/1.0" 301 70451 "-" "Mozilla/5.0 (compatible; bingbot/2.0; +http://www.bing.com/bingbot.htm)"
157.55.39.81 - - [13/Jun/2021:17:31:26 +0200] "GET /images/110908_065947_PEEL_GWSzgf.jpg HTTP/1.0" 200 271 "-" "Mozilla/5.0 (compatible; bingbot/2.0; +http://www.bing.com/bingbot.htm)"
157.55.39.128 - - [13/Jun/2021:17:31:28 +0200] "GET /-p-16159.html HTTP/1.0" 200 70165 "-" "Mozilla/5.0 (compatible; bingbot/2.0; +http://www.bing.com/bingbot.htm)"
40.77.167.90 - - [13/Jun/2021:17:31:31 +0200] "GET /earth-globe-cork-coloring-p-52913.html HTTP/1.0" 200 72913 "-" "Mozilla/5.0 (compatible; bingbot/2.0; +http://www.bing.com/bingbot.htm)"
207.46.13.38 - - [13/Jun/2021:17:31:32 +0200] "GET /bolster-case-cotton-percale-threads-p-43862.html HTTP/1.0" 200 73768 "-" "Mozilla/5.0 (compatible; bingbot/2.0; +http://www.bing.com/bingbot.htm)"
40.77.167.70 - - [13/Jun/2021:17:31:33 +0200] "GET /-p-38854.html HTTP/1.0" 200 70165 "-" "Mozilla/5.0 (compatible; bingbot/2.0; +http://www.bing.com/bingbot.htm)"
185.191.171.34 - - [13/Jun/2021:17:31:35 +0200] "GET /winchester-metal-plate-deco-p-42348.html?action=add_product HTTP/1.0" 302 476 "-" "Mozilla/5.0 (compatible; SemrushBot/7~bl; +http://www.semrush.com/bot.html)"
157.55.39.128 - - [13/Jun/2021:17:31:38 +0200] "GET /olaf-et-sven-frozen-poster-p-30918.html HTTP/1.0" 301 72914 "-" "Mozilla/5.0 (compatible; bingbot/2.0; +http://www.bing.com/bingbot.htm)"
207.46.13.38 - - [13/Jun/2021:17:31:43 +0200] "GET /superman-satchel-bag-p-30370.html HTTP/1.0" 301 73126 "-" "Mozilla/5.0 (compatible; bingbot/2.0; +http://www.bing.com/bingbot.htm)"
77.75.77.109 - - [13/Jun/2021:17:31:43 +0200] "GET /robots.txt HTTP/1.0" 200 245 "-" "Mozilla/5.0 (compatible; SeznamBot/3.2; +http://napoveda.seznam.cz/en/seznambot-intro/)"
77.75.77.109 - - [13/Jun/2021:17:31:44 +0200] "GET /images/big_prod/8424017888314.jpg HTTP/1.0" 200 268 "-" "Mozilla/5.0 (compatible; SeznamBot/3.2; +http://napoveda.seznam.cz/en/seznambot-intro/)"
207.46.13.38 - - [13/Jun/2021:17:31:49 +0200] "GET /tinted-candle-in-the-mass-saffron-color-p-48913.html HTTP/1.0" 301 73002 "-" "Mozilla/5.0 (compatible; bingbot/2.0; +http://www.bing.com/bingbot.htm)"
157.55.39.152 - - [13/Jun/2021:17:31:54 +0200] "GET /kimmi-junior-lexi-wooden-pen-p-15841.html HTTP/1.0" 301 72933 "-" "Mozilla/5.0 (compatible; bingbot/2.0; +http://www.bing.com/bingbot.htm)"
40.77.167.106 - - [13/Jun/2021:17:31:59 +0200] "GET /spiderman-round-pencil-case-p-31292.html HTTP/1.0" 200 72881 "-" "Mozilla/5.0 (compatible; bingbot/2.0; +http://www.bing.com/bingbot.htm)"
157.55.39.81 - - [13/Jun/2021:17:32:17 +0200] "GET /nici-ayumi-pink-brown-shoulder-p-33440.html HTTP/1.0" 200 73307 "-" "Mozilla/5.0 (compatible; bingbot/2.0; +http://www.bing.com/bingbot.htm)"
157.55.39.152 - - [13/Jun/2021:17:32:29 +0200] "GET /plush-keeleco-eco-friendly-lazy-monkey-p-51849.html HTTP/1.0" 301 70380 "-" "Mozilla/5.0 (compatible; bingbot/2.0; +http://www.bing.com/bingbot.htm)"
40.77.167.70 - - [13/Jun/2021:17:32:39 +0200] "GET /matriochka-glass-cup-size-p-33304.html HTTP/1.0" 301 70232 "-" "Mozilla/5.0 (compatible; bingbot/2.0; +http://www.bing.com/bingbot.htm)"
40.77.167.90 - - [13/Jun/2021:17:32:50 +0200] "GET /jasmin-titi-gavroche-handbag-hanger-p-34888.html HTTP/1.0" 200 70343 "-" "Mozilla/5.0 (compatible; bingbot/2.0; +http://www.bing.com/bingbot.htm)"
40.77.167.90 - - [13/Jun/2021:17:32:51 +0200] "GET /-p-18289.html HTTP/1.0" 200 70165 "-" "Mozilla/5.0 (compatible; bingbot/2.0; +http://www.bing.com/bingbot.htm)"
66.249.70.40 - - [13/Jun/2021:17:33:01 +0200] "GET /wunzees-doll-series-flora-p-45117.html HTTP/1.0" 200 73642 "-" "Mozilla/5.0 (compatible; Googlebot/2.1; +http://www.google.com/bot.html)"
157.55.39.81 - - [13/Jun/2021:17:33:06 +0200] "GET /images/mini_prod/1384220107220.jpg HTTP/1.0" 200 269 "-" "Mozilla/5.0 (compatible; bingbot/2.0; +http://www.bing.com/bingbot.htm)"
157.55.39.81 - - [13/Jun/2021:17:33:07 +0200] "GET /moon-stars-and-sun-wooden-box-p-48745.html HTTP/1.0" 301 70333 "-" "Mozilla/5.0 (compatible; bingbot/2.0; +http://www.bing.com/bingbot.htm)"
54.36.149.101 - - [13/Jun/2021:17:33:11 +0200] "GET /pots-cookie-jars-c-12_250.html?page=1 HTTP/1.0" 200 89884 "-" "Mozilla/5.0 (compatible; AhrefsBot/7.0; +http://ahrefs.com/robot/)"
207.46.13.38 - - [13/Jun/2021:17:33:19 +0200] "GET /-p-10531.html HTTP/1.0" 200 70165 "-" "Mozilla/5.0 (compatible; bingbot/2.0; +http://www.bing.com/bingbot.htm)"
207.46.13.38 - - [13/Jun/2021:17:33:20 +0200] "GET /fiat-yellow-pencil-case-p-17069.html HTTP/1.0" 200 73057 "-" "Mozilla/5.0 (compatible; bingbot/2.0; +http://www.bing.com/bingbot.htm)"
185.191.171.17 - - [13/Jun/2021:17:33:28 +0200] "GET /phone-cover-iphone-p-20609.html?action=add_product HTTP/1.0" 302 476 "-" "Mozilla/5.0 (compatible; SemrushBot/7~bl; +http://www.semrush.com/bot.html)"
207.46.13.38 - - [13/Jun/2021:17:33:43 +0200] "GET /corsica-white-p-43552.html HTTP/1.0" 200 72748 "-" "Mozilla/5.0 (compatible; bingbot/2.0; +http://www.bing.com/bingbot.htm)"
157.55.39.81 - - [13/Jun/2021:17:33:46 +0200] "GET /fdm-fiers-etre-marseillais-sweatsuit-p-29990.html HTTP/1.0" 301 74352 "-" "Mozilla/5.0 (compatible; bingbot/2.0; +http://www.bing.com/bingbot.htm)"
157.55.39.44 - - [13/Jun/2021:17:33:47 +0200] "GET /littlest-petshop-pop-up-p-1192.html HTTP/1.0" 301 73154 "-" "Mozilla/5.0 (compatible; bingbot/2.0; +http://www.bing.com/bingbot.htm)"
157.55.39.122 - - [13/Jun/2021:17:33:47 +0200] "GET /winx-training-bottle-p-14881.html HTTP/1.0" 200 74909 "-" "Mozilla/5.0 (compatible; bingbot/2.0; +http://www.bing.com/bingbot.htm)"
157.55.39.44 - - [13/Jun/2021:17:34:04 +0200] "GET /small-tree-of-life-bonsai-in-citrine-p-47195.html HTTP/1.0" 301 72945 "-" "Mozilla/5.0 (compatible; bingbot/2.0; +http://www.bing.com/bingbot.htm)"
157.55.39.44 - - [13/Jun/2021:17:34:05 +0200] "GET /crayola-set-of-12-supertips-washable-lavable-p-16585.html HTTP/1.0" 301 70412 "-" "Mozilla/5.0 (compatible; bingbot/2.0; +http://www.bing.com/bingbot.htm)"
40.77.167.70 - - [13/Jun/2021:17:34:14 +0200] "GET /scrooge-duck-tales-disney-traditions-p-47125.html HTTP/1.0" 200 74363 "-" "Mozilla/5.0 (compatible; bingbot/2.0; +http://www.bing.com/bingbot.htm)"
157.55.39.44 - - [13/Jun/2021:17:34:34 +0200] "GET /figurine-scorcerer-mickey-p-53352.html HTTP/1.0" 200 74405 "-" "Mozilla/5.0 (compatible; bingbot/2.0; +http://www.bing.com/bingbot.htm)"
185.191.171.38 - - [13/Jun/2021:17:34:34 +0200] "GET /statue-the-white-bear-of-francois-pompon-anthracite-p-53533.html HTTP/1.0" 301 73836 "-" "Mozilla/5.0 (compatible; SemrushBot/7~bl; +http://www.semrush.com/bot.html)"
185.191.171.24 - - [13/Jun/2021:17:34:37 +0200] "GET /statue-white-bear-franois-pompon-anthracite-p-53533.html HTTP/1.0" 200 73726 "-" "Mozilla/5.0 (compatible; SemrushBot/7~bl; +http://www.semrush.com/bot.html)"
157.55.39.44 - - [13/Jun/2021:17:34:54 +0200] "GET /princess-sofia-storage-cupboard-p-28200.html HTTP/1.0" 200 72893 "-" "Mozilla/5.0 (compatible; bingbot/2.0; +http://www.bing.com/bingbot.htm)"
207.46.13.38 - - [13/Jun/2021:17:35:12 +0200] "GET /london-bus-metal-keyring-p-18872.html HTTP/1.0" 301 72891 "-" "Mozilla/5.0 (compatible; bingbot/2.0; +http://www.bing.com/bingbot.htm)"
40.77.167.70 - - [13/Jun/2021:17:35:12 +0200] "GET /pink-aquaducks-duck-bath-swims-and-quacks-p-34990.html HTTP/1.0" 301 73546 "-" "Mozilla/5.0 (compatible; bingbot/2.0; +http://www.bing.com/bingbot.htm)"
40.77.167.70 - - [13/Jun/2021:17:35:15 +0200] "GET /wall-decoration-green-model-p-38571.html HTTP/1.0" 200 72945 "-" "Mozilla/5.0 (compatible; bingbot/2.0; +http://www.bing.com/bingbot.htm)"
157.55.39.152 - - [13/Jun/2021:17:35:15 +0200] "GET /avengers-wastebasket-p-31190.html HTTP/1.0" 200 72813 "-" "Mozilla/5.0 (compatible; bingbot/2.0; +http://www.bing.com/bingbot.htm)"
54.36.148.86 - - [13/Jun/2021:17:35:17 +0200] "GET /yoga-statuette-p-53028.html HTTP/1.0" 200 72801 "-" "Mozilla/5.0 (compatible; AhrefsBot/7.0; +http://ahrefs.com/robot/)"
157.55.39.81 - - [13/Jun/2021:17:35:17 +0200] "GET /iron-man-tee-shirt-p-31031.html HTTP/1.0" 301 70232 "-" "Mozilla/5.0 (compatible; bingbot/2.0; +http://www.bing.com/bingbot.htm)"
157.55.39.128 - - [13/Jun/2021:17:35:20 +0200] "GET /expanding-organiser-file-p-13894.html HTTP/1.0" 200 81883 "-" "Mozilla/5.0 (compatible; bingbot/2.0; +http://www.bing.com/bingbot.htm)"
207.46.13.38 - - [13/Jun/2021:17:35:25 +0200] "GET /design/productsenstock.png HTTP/1.0" 200 260 "-" "Mozilla/5.0 (compatible; bingbot/2.0; +http://www.bing.com/bingbot.htm)"
157.55.39.122 - - [13/Jun/2021:17:35:26 +0200] "GET /-p-36876.html HTTP/1.0" 200 70165 "-" "Mozilla/5.0 (compatible; bingbot/2.0; +http://www.bing.com/bingbot.htm)"
207.46.13.38 - - [13/Jun/2021:17:35:27 +0200] "GET /wooden-laundry-basket-53-cm-p-35740.html HTTP/1.0" 301 70339 "-" "Mozilla/5.0 (compatible; bingbot/2.0; +http://www.bing.com/bingbot.htm)"
157.55.39.44 - - [13/Jun/2021:17:35:31 +0200] "GET /highslide/graphics/loader.white.gif HTTP/1.0" 200 960 "-" "Mozilla/5.0 (compatible; bingbot/2.0; +http://www.bing.com/bingbot.htm)"
157.55.39.44 - - [13/Jun/2021:17:35:32 +0200] "GET /highslide/graphics/zoomin.cur HTTP/1.0" 200 614 "-" "Mozilla/5.0 (compatible; bingbot/2.0; +http://www.bing.com/bingbot.htm)"
157.55.39.44 - - [13/Jun/2021:17:35:32 +0200] "GET /images/med_prod/8435333831052.jpg HTTP/1.0" 200 268 "-" "Mozilla/5.0 (compatible; bingbot/2.0; +http://www.bing.com/bingbot.htm)"
66.249.70.38 - - [13/Jun/2021:17:35:38 +0200] "GET /images/1399984263600.jpg HTTP/1.0" 200 259 "-" "Googlebot-Image/1.0"
157.55.39.152 - - [13/Jun/2021:17:35:50 +0200] "GET /-p-31670.html HTTP/1.0" 200 70165 "-" "Mozilla/5.0 (compatible; bingbot/2.0; +http://www.bing.com/bingbot.htm)"
157.55.39.128 - - [13/Jun/2021:17:36:08 +0200] "GET /-p-15669.html HTTP/1.0" 200 70165 "-" "Mozilla/5.0 (compatible; bingbot/2.0; +http://www.bing.com/bingbot.htm)"
157.55.39.128 - - [13/Jun/2021:17:36:09 +0200] "GET /masha-and-bear-doll-and-his-sled-13-cm-p-36999.html HTTP/1.0" 301 73653 "-" "Mozilla/5.0 (compatible; bingbot/2.0; +http://www.bing.com/bingbot.htm)"
157.55.39.152 - - [13/Jun/2021:17:36:12 +0200] "GET /small-louis-philippe-old-wallpaper-cushion-p-16229.html HTTP/1.0" 301 73698 "-" "Mozilla/5.0 (compatible; bingbot/2.0; +http://www.bing.com/bingbot.htm)"
157.55.39.122 - - [13/Jun/2021:17:36:36 +0200] "GET /toucan-round-side-table-p-48994.html HTTP/1.0" 200 72789 "-" "Mozilla/5.0 (compatible; bingbot/2.0; +http://www.bing.com/bingbot.htm)"
40.77.167.70 - - [13/Jun/2021:17:36:40 +0200] "GET /images/3700653501684.jpg HTTP/1.0" 200 259 "-" "Mozilla/5.0 (compatible; bingbot/2.0; +http://www.bing.com/bingbot.htm)"
207.46.13.38 - - [13/Jun/2021:17:36:47 +0200] "GET /ohana-means-family-lilo-and-stitch-figurine-p-36263.html HTTP/1.0" 301 73645 "-" "Mozilla/5.0 (compatible; bingbot/2.0; +http://www.bing.com/bingbot.htm)"
40.77.167.90 - - [13/Jun/2021:17:37:03 +0200] "GET /green-dragon-money-p-54836.html HTTP/1.0" 200 72845 "-" "Mozilla/5.0 (compatible; bingbot/2.0; +http://www.bing.com/bingbot.htm)"
40.77.167.90 - - [13/Jun/2021:17:37:04 +0200] "GET /cotton-floor-cushion-terracotta-p-47392.html HTTP/1.0" 200 73537 "-" "Mozilla/5.0 (compatible; bingbot/2.0; +http://www.bing.com/bingbot.htm)"
40.77.167.90 - - [13/Jun/2021:17:37:05 +0200] "GET /20-cat-eye-marbles-p-27834.html HTTP/1.0" 301 70232 "-" "Mozilla/5.0 (compatible; bingbot/2.0; +http://www.bing.com/bingbot.htm)"
207.46.13.38 - - [13/Jun/2021:17:37:12 +0200] "GET /images/big_prod/3503420091087.jpg HTTP/1.0" 200 268 "-" "Mozilla/5.0 (compatible; bingbot/2.0; +http://www.bing.com/bingbot.htm)"
54.36.148.86 - - [13/Jun/2021:17:37:27 +0200] "GET /crystal-mint-150g-p-45717.html HTTP/1.0" 200 72982 "-" "Mozilla/5.0 (compatible; AhrefsBot/7.0; +http://ahrefs.com/robot/)"
157.55.39.128 - - [13/Jun/2021:17:37:58 +0200] "GET /-p-19146.html HTTP/1.0" 200 70165 "-" "Mozilla/5.0 (compatible; bingbot/2.0; +http://www.bing.com/bingbot.htm)"
207.46.13.38 - - [13/Jun/2021:17:38:04 +0200] "GET /protective-cover-cotton-fleece-p-42596.html HTTP/1.0" 200 73000 "-" "Mozilla/5.0 (compatible; bingbot/2.0; +http://www.bing.com/bingbot.htm)"
