207.46.13.38 - - [13/Jun/2021:05:39:17 +0200] "GET /-p-30111.html HTTP/1.0" 200 70165 "-" "Mozilla/5.0 (compatible; bingbot/2.0; +http://www.bing.com/bingbot.htm)"
40.77.167.106 - - [13/Jun/2021:05:39:21 +0200] "GET /tropical-paradise-surfboard-wooden-wall-decoration-p-35367.html HTTP/1.0" 200 73035 "-" "Mozilla/5.0 (compatible; bingbot/2.0; +http://www.bing.com/bingbot.htm)"
40.77.167.106 - - [13/Jun/2021:05:39:23 +0200] "GET /wax-melt-rambling-rose-p-39001.html HTTP/1.0" 301 73493 "-" "Mozilla/5.0 (compatible; bingbot/2.0; +http://www.bing.com/bingbot.htm)"
207.46.13.38 - - [13/Jun/2021:05:39:37 +0200] "GET /swfobject.js HTTP/1.0" 404 1308 "-" "Mozilla/5.0 (compatible; bingbot/2.0; +http://www.bing.com/bingbot.htm)"
157.55.39.122 - - [13/Jun/2021:05:39:44 +0200] "GET /-p-8473.html HTTP/1.0" 200 70163 "-" "Mozilla/5.0 (compatible; bingbot/2.0; +http://www.bing.com/bingbot.htm)"
207.46.13.38 - - [13/Jun/2021:05:39:56 +0200] "GET /swfobject.js HTTP/1.0" 404 1308 "-" "Mozilla/5.0 (compatible; bingbot/2.0; +http://www.bing.com/bingbot.htm)"
17.121.113.175 - - [13/Jun/2021:05:39:57 +0200] "GET /-p-48122.html HTTP/1.0" 200 70165 "-" "Mozilla/5.0 (Macintosh; Intel Mac OS X 10_15_5) AppleWebKit/605.1.15 (KHTML, like Gecko) Version/13.1.1 Safari/605.1.15 (Applebot/0.1; +http://www.apple.com/go/applebot)"
40.77.167.70 - - [13/Jun/2021:05:40:01 +0200] "GET /-p-17637.html HTTP/1.0" 200 70165 "-" "Mozilla/5.0 (compatible; bingbot/2.0; +http://www.bing.com/bingbot.htm)"
40.77.167.106 - - [13/Jun/2021:05:40:19 +0200] "GET /teo-jasmin-frere-purse-p-32965.html HTTP/1.0" 301 72922 "-" "Mozilla/5.0 (compatible; bingbot/2.0; +http://www.bing.com/bingbot.htm)"
54.36.148.86 - - [13/Jun/2021:05:40:29 +0200] "GET /escale-dlices-butter-dish-p-42691.html HTTP/1.0" 200 72906 "-" "Mozilla/5.0 (compatible; AhrefsBot/7.0; +http://ahrefs.com/robot/)"
157.55.39.122 - - [13/Jun/2021:05:40:35 +0200] "GET /-p-18563.html HTTP/1.0" 200 70165 "-" "Mozilla/5.0 (compatible; bingbot/2.0; +http://www.bing.com/bingbot.htm)"
66.249.68.8 - - [13/Jun/2021:05:40:37 +0200] "GET /images/big_prod_1/3453131153584C.jpg HTTP/1.0" 200 271 "-" "Googlebot-Image/1.0"
157.55.39.152 - - [13/Jun/2021:05:40:40 +0200] "GET /orgonite-pendulum-shungite-facet-cut-p-52835.html HTTP/1.0" 301 74807 "-" "Mozilla/5.0 (compatible; bingbot/2.0; +http://www.bing.com/bingbot.htm)"
185.191.171.2 - - [13/Jun/2021:05:40:51 +0200] "GET /decorative-wooden-plate-donkey-corsica-white-and-light-brown-p-47838.html HTTP/1.0" 301 73476 "-" "Mozilla/5.0 (compatible; SemrushBot/7~bl; +http://www.semrush.com/bot.html)"
185.191.171.11 - - [13/Jun/2021:05:40:53 +0200] "GET /decorative-wooden-plate-donkey-corsica-white-light-brown-p-47838.html HTTP/1.0" 200 73353 "-" "Mozilla/5.0 (compatible; SemrushBot/7~bl; +http://www.semrush.com/bot.html)"
49.7.20.122 - - [13/Jun/2021:05:40:59 +0200] "GET / HTTP/1.0" 200 150291 "-" "Sogou web spider/4.0(+http://www.sogou.com/docs/help/webmasters.htm#07)"
40.77.167.106 - - [13/Jun/2021:05:41:10 +0200] "GET /-p-10149.html HTTP/1.0" 200 70165 "-" "Mozilla/5.0 (compatible; bingbot/2.0; +http://www.bing.com/bingbot.htm)"
40.77.167.106 - - [13/Jun/2021:05:41:11 +0200] "GET /paul-frank-flat-cosmetic-bag-p-9642.html HTTP/1.0" 301 73241 "-" "Mozilla/5.0 (compatible; bingbot/2.0; +http://www.bing.com/bingbot.htm)"
207.46.13.38 - - [13/Jun/2021:05:41:36 +0200] "GET /verity-rose-cupcake-mirror-bag-p-29171.html HTTP/1.0" 301 70360 "-" "Mozilla/5.0 (compatible; bingbot/2.0; +http://www.bing.com/bingbot.htm)"
51.68.224.127 - - [13/Jun/2021:05:41:39 +0200] "GET /adminweb/export_orders_xml.php?token=256de2z6edz6ed2z6DFSFsed2zed6zeDSFDSGdzedezfzf&maxorders=10&orderstart=1&status=14&start_date=2018-10-01 HTTP/1.0" 200 285 "-" "GesCom CharlotteBoutik Serveur"
51.68.224.127 - - [13/Jun/2021:05:41:39 +0200] "GET /adminweb/export_orders_xml.php?token=256de2z6edz6ed2z6DFSFsed2zed6zeDSFDSGdzedezfzf&maxorders=10&orderstart=1&status=6&start_date=2018-10-01 HTTP/1.0" 200 30039 "-" "GesCom CharlotteBoutik Serveur"
54.36.148.86 - - [13/Jun/2021:05:41:52 +0200] "GET /bamboo-laundry-basket-p-48966.html HTTP/1.0" 200 72843 "-" "Mozilla/5.0 (compatible; AhrefsBot/7.0; +http://ahrefs.com/robot/)"
40.77.167.90 - - [13/Jun/2021:05:42:14 +0200] "GET /trolley-suitcase-paris-black-small-p-38638.html HTTP/1.0" 200 70295 "-" "Mozilla/5.0 (compatible; bingbot/2.0; +http://www.bing.com/bingbot.htm)"
207.46.13.38 - - [13/Jun/2021:05:42:20 +0200] "GET /-p-18281.html HTTP/1.0" 200 70165 "-" "Mozilla/5.0 (compatible; bingbot/2.0; +http://www.bing.com/bingbot.htm)"
207.46.13.38 - - [13/Jun/2021:05:42:22 +0200] "GET /-p-12119.html HTTP/1.0" 200 70165 "-" "Mozilla/5.0 (compatible; bingbot/2.0; +http://www.bing.com/bingbot.htm)"
157.55.39.128 - - [13/Jun/2021:05:42:24 +0200] "GET /spirituous-beverages-set-of-shooters-p-35143.html HTTP/1.0" 301 70232 "-" "Mozilla/5.0 (compatible; bingbot/2.0; +http://www.bing.com/bingbot.htm)"
54.36.148.86 - - [13/Jun/2021:05:43:04 +0200] "GET /tits-mots-humour-butter-dish-p-42690.html HTTP/1.0" 200 72979 "-" "Mozilla/5.0 (compatible; AhrefsBot/7.0; +http://ahrefs.com/robot/)"
185.191.171.45 - - [13/Jun/2021:05:43:05 +0200] "GET /taipei-bedclothes-220-240-cm-p-51522.html HTTP/1.0" 301 73006 "-" "Mozilla/5.0 (compatible; SemrushBot/7~bl; +http://www.semrush.com/bot.html)"
185.191.171.23 - - [13/Jun/2021:05:43:07 +0200] "GET /taipei-bedclothes-p-51522.html HTTP/1.0" 200 72922 "-" "Mozilla/5.0 (compatible; SemrushBot/7~bl; +http://www.semrush.com/bot.html)"
157.55.39.152 - - [13/Jun/2021:05:43:18 +0200] "GET /industrial-retro-clock-in-aged-metal-185-85-435-cm-p-48587.html HTTP/1.0" 301 73913 "-" "Mozilla/5.0 (compatible; bingbot/2.0; +http://www.bing.com/bingbot.htm)"
40.77.167.90 - - [13/Jun/2021:05:43:26 +0200] "GET /-p-23391.html HTTP/1.0" 200 70165 "-" "Mozilla/5.0 (compatible; bingbot/2.0; +http://www.bing.com/bingbot.htm)"
40.77.167.90 - - [13/Jun/2021:05:43:44 +0200] "GET /-p-19203.html HTTP/1.0" 200 70165 "-" "Mozilla/5.0 (compatible; bingbot/2.0; +http://www.bing.com/bingbot.htm)"
207.46.13.38 - - [13/Jun/2021:05:44:03 +0200] "GET /-p-17879.html HTTP/1.0" 200 70165 "-" "Mozilla/5.0 (compatible; bingbot/2.0; +http://www.bing.com/bingbot.htm)"
54.36.148.21 - - [13/Jun/2021:05:44:05 +0200] "GET /bulldog-moneybox-p-40970.html HTTP/1.0" 200 72797 "-" "Mozilla/5.0 (compatible; AhrefsBot/7.0; +http://ahrefs.com/robot/)"
185.191.171.16 - - [13/Jun/2021:05:44:17 +0200] "GET /retro-case-for-cigarettes-pack-p-42575.html HTTP/1.0" 301 70232 "-" "Mozilla/5.0 (compatible; SemrushBot/7~bl; +http://www.semrush.com/bot.html)"
157.55.39.152 - - [13/Jun/2021:05:44:18 +0200] "GET /resin-statuette-naked-woman-14-cm-p-52874.html HTTP/1.0" 301 73051 "-" "Mozilla/5.0 (compatible; bingbot/2.0; +http://www.bing.com/bingbot.htm)"
185.191.171.5 - - [13/Jun/2021:05:44:19 +0200] "GET /-p-42575.html HTTP/1.0" 200 70165 "-" "Mozilla/5.0 (compatible; SemrushBot/7~bl; +http://www.semrush.com/bot.html)"
157.55.39.128 - - [13/Jun/2021:05:44:24 +0200] "GET /cement-tile-stickers-p-50342.html HTTP/1.0" 200 73735 "-" "Mozilla/5.0 (compatible; bingbot/2.0; +http://www.bing.com/bingbot.htm)"
157.55.39.128 - - [13/Jun/2021:05:44:34 +0200] "GET /hello-kitty-camomilla-cosmetic-bag-lilac-and-glitters-p-18442.html HTTP/1.0" 301 73655 "-" "Mozilla/5.0 (compatible; bingbot/2.0; +http://www.bing.com/bingbot.htm)"
40.77.167.90 - - [13/Jun/2021:05:44:39 +0200] "GET /small-tinbox-retro-motorcycle-55-25-cm-p-41341.html HTTP/1.0" 301 73194 "-" "Mozilla/5.0 (compatible; bingbot/2.0; +http://www.bing.com/bingbot.htm)"
207.46.13.79 - - [13/Jun/2021:05:45:10 +0200] "GET /swimsuit-c-1_18.html HTTP/1.0" 200 91851 "-" "Mozilla/5.0 (compatible; bingbot/2.0; +http://www.bing.com/bingbot.htm)"
40.77.167.90 - - [13/Jun/2021:05:45:16 +0200] "GET /rectangular-carved-box-symbol-om-p-47383.html HTTP/1.0" 301 70365 "-" "Mozilla/5.0 (compatible; bingbot/2.0; +http://www.bing.com/bingbot.htm)"
54.36.148.36 - - [13/Jun/2021:05:45:19 +0200] "GET /pokemon-swimsuit-p-30590.html HTTP/1.0" 200 73912 "-" "Mozilla/5.0 (compatible; AhrefsBot/7.0; +http://ahrefs.com/robot/)"
216.244.66.242 - - [13/Jun/2021:05:45:38 +0200] "GET /robots.txt HTTP/1.0" 200 245 "-" "Mozilla/5.0 (compatible; DotBot/1.2; +https://opensiteexplorer.org/dotbot; help@moz.com)"
66.249.68.10 - - [13/Jun/2021:05:45:45 +0200] "GET /js/jquery.js HTTP/1.0" 200 252 "http://www.wonder-geek.com/-p-3188.html" "Mozilla/5.0 (Linux; Android 6.0.1; Nexus 5X Build/MMB29P) AppleWebKit/537.36 (KHTML, like Gecko) Chrome/90.0.4430.97 Mobile Safari/537.36 (compatible; Googlebot/2.1; +http://www.google.com/bot.html)"
157.55.39.152 - - [13/Jun/2021:05:45:59 +0200] "GET /-p-31810.html HTTP/1.0" 200 70165 "-" "Mozilla/5.0 (compatible; bingbot/2.0; +http://www.bing.com/bingbot.htm)"
157.55.39.44 - - [13/Jun/2021:05:46:34 +0200] "GET /images/big_prod/3609810084087.jpg HTTP/1.0" 200 268 "-" "Mozilla/5.0 (compatible; bingbot/2.0; +http://www.bing.com/bingbot.htm)"
54.36.148.86 - - [13/Jun/2021:05:46:38 +0200] "GET /black-wood-craft-ashtray-with-mother-pearl-inclusions-p-50592.html HTTP/1.0" 200 73855 "-" "Mozilla/5.0 (compatible; AhrefsBot/7.0; +http://ahrefs.com/robot/)"
207.46.13.79 - - [13/Jun/2021:05:46:40 +0200] "GET /images/big_prod/1365382000000.jpg HTTP/1.0" 200 268 "-" "Mozilla/5.0 (compatible; bingbot/2.0; +http://www.bing.com/bingbot.htm)"
207.46.13.79 - - [13/Jun/2021:05:46:42 +0200] "GET /paris-tour-eiffel-soap-dish-p-8642.html HTTP/1.0" 200 72831 "-" "Mozilla/5.0 (compatible; bingbot/2.0; +http://www.bing.com/bingbot.htm)"
40.77.167.70 - - [13/Jun/2021:05:46:49 +0200] "GET /coca-cola-wall-bottle-opener-p-27918.html HTTP/1.0" 200 72881 "-" "Mozilla/5.0 (compatible; bingbot/2.0; +http://www.bing.com/bingbot.htm)"
66.249.68.10 - - [13/Jun/2021:05:46:50 +0200] "GET /images/big_prod/3560600303163.jpg HTTP/1.0" 200 268 "-" "Googlebot-Image/1.0"
54.36.148.35 - - [13/Jun/2021:05:46:58 +0200] "GET /pillow-case-65-65-cm-light-brown-color-p-39686.html HTTP/1.0" 301 73237 "-" "Mozilla/5.0 (compatible; AhrefsBot/7.0; +http://ahrefs.com/robot/)"
157.55.39.152 - - [13/Jun/2021:05:46:59 +0200] "GET /coca-cola-mirror-p-28092.html HTTP/1.0" 200 72721 "-" "Mozilla/5.0 (compatible; bingbot/2.0; +http://www.bing.com/bingbot.htm)"
40.77.167.90 - - [13/Jun/2021:05:47:15 +0200] "GET /-p-32109.html HTTP/1.0" 200 70165 "-" "Mozilla/5.0 (compatible; bingbot/2.0; +http://www.bing.com/bingbot.htm)"
157.55.39.128 - - [13/Jun/2021:05:47:17 +0200] "GET /games-and-toys/figures/minnie-figure-p-2840.html HTTP/1.0" 301 70298 "-" "Mozilla/5.0 (compatible; bingbot/2.0; +http://www.bing.com/bingbot.htm)"
157.55.39.128 - - [13/Jun/2021:05:47:19 +0200] "GET /retro-small-steel-fridge-magnets-p-31629.html HTTP/1.0" 301 73077 "-" "Mozilla/5.0 (compatible; bingbot/2.0; +http://www.bing.com/bingbot.htm)"
185.191.171.35 - - [13/Jun/2021:05:47:46 +0200] "GET /-p-45782.html?action=add_product HTTP/1.0" 302 476 "-" "Mozilla/5.0 (compatible; SemrushBot/7~bl; +http://www.semrush.com/bot.html)"
54.36.148.29 - - [13/Jun/2021:05:47:46 +0200] "GET /nici-love-pooh-pencil-case-p-23172.html HTTP/1.0" 200 73047 "-" "Mozilla/5.0 (compatible; AhrefsBot/7.0; +http://ahrefs.com/robot/)"
13.66.139.0 - - [13/Jun/2021:05:48:04 +0200] "GET /the-little-prince-of-saint-exupery-bowl-p-52494.html HTTP/1.0" 301 72995 "-" "Mozilla/5.0 (compatible; bingbot/2.0; +http://www.bing.com/bingbot.htm)"
207.46.13.38 - - [13/Jun/2021:05:48:36 +0200] "GET /images/DSCN0109.jpg HTTP/1.0" 200 254 "-" "Mozilla/5.0 (compatible; bingbot/2.0; +http://www.bing.com/bingbot.htm)"
207.46.13.38 - - [13/Jun/2021:05:48:40 +0200] "GET /-p-18667.html HTTP/1.0" 200 70165 "-" "Mozilla/5.0 (compatible; bingbot/2.0; +http://www.bing.com/bingbot.htm)"
157.55.39.44 - - [13/Jun/2021:05:48:45 +0200] "GET /incense-sticks-burner-and-storage-box-flower-of-life-p-39336.html HTTP/1.0" 301 74080 "-" "Mozilla/5.0 (compatible; bingbot/2.0; +http://www.bing.com/bingbot.htm)"
157.55.39.128 - - [13/Jun/2021:05:48:45 +0200] "GET /-p-35547.html HTTP/1.0" 200 70165 "-" "Mozilla/5.0 (compatible; bingbot/2.0; +http://www.bing.com/bingbot.htm)"
185.191.171.12 - - [13/Jun/2021:05:48:53 +0200] "GET /placemat-little-prince-plane-p-53833.html HTTP/1.0" 200 72842 "-" "Mozilla/5.0 (compatible; SemrushBot/7~bl; +http://www.semrush.com/bot.html)"
40.77.167.90 - - [13/Jun/2021:05:48:57 +0200] "GET /-p-17243.html HTTP/1.0" 200 70165 "-" "Mozilla/5.0 (compatible; bingbot/2.0; +http://www.bing.com/bingbot.htm)"
40.77.167.90 - - [13/Jun/2021:05:48:58 +0200] "GET /round-tablecloth-180-cm-mastic-p-48426.html HTTP/1.0" 301 70232 "-" "Mozilla/5.0 (compatible; bingbot/2.0; +http://www.bing.com/bingbot.htm)"
54.36.148.211 - - [13/Jun/2021:05:48:58 +0200] "GET /round-chair-cushion-reversible-linen-p-54654.html HTTP/1.0" 200 73860 "-" "Mozilla/5.0 (compatible; AhrefsBot/7.0; +http://ahrefs.com/robot/)"
207.46.13.38 - - [13/Jun/2021:05:49:01 +0200] "GET /lotus-candleholder-light-black-silverlining-p-38923.html HTTP/1.0" 200 73764 "-" "Mozilla/5.0 (compatible; bingbot/2.0; +http://www.bing.com/bingbot.htm)"
40.77.167.106 - - [13/Jun/2021:05:49:10 +0200] "GET /amethyst-druse-pendant-balance-body-spirit-p-47231.html HTTP/1.0" 200 73722 "-" "Mozilla/5.0 (compatible; bingbot/2.0; +http://www.bing.com/bingbot.htm)"
185.191.171.5 - - [13/Jun/2021:05:49:10 +0200] "GET /idefix-money-box-p-7297.html HTTP/1.0" 301 72809 "-" "Mozilla/5.0 (compatible; SemrushBot/7~bl; +http://www.semrush.com/bot.html)"
185.191.171.40 - - [13/Jun/2021:05:49:13 +0200] "GET /idefix-money-p-7297.html HTTP/1.0" 200 72731 "-" "Mozilla/5.0 (compatible; SemrushBot/7~bl; +http://www.semrush.com/bot.html)"
216.244.66.242 - - [13/Jun/2021:05:49:25 +0200] "GET /spiderman-blue-swimsuit-p-30823.html HTTP/1.0" 200 74003 "-" "Mozilla/5.0 (compatible; DotBot/1.2; +https://opensiteexplorer.org/dotbot; help@moz.com)"
40.77.167.106 - - [13/Jun/2021:05:49:31 +0200] "GET /statuette-jesus-christ-sacred-heart-inside-and-outside-p-51648.html HTTP/1.0" 301 74232 "-" "Mozilla/5.0 (compatible; bingbot/2.0; +http://www.bing.com/bingbot.htm)"
54.36.148.107 - - [13/Jun/2021:05:50:07 +0200] "GET /doormat-love-cats-p-52765.html HTTP/1.0" 200 73875 "-" "Mozilla/5.0 (compatible; AhrefsBot/7.0; +http://ahrefs.com/robot/)"
40.77.167.90 - - [13/Jun/2021:05:50:18 +0200] "GET /cats-dubout-cotton-kitchen-apron-made-in-france-p-36644.html HTTP/1.0" 301 73105 "-" "Mozilla/5.0 (compatible; bingbot/2.0; +http://www.bing.com/bingbot.htm)"
17.121.113.157 - - [13/Jun/2021:05:50:30 +0200] "GET /disney-princess-aurora-jacket-p-31248.html HTTP/1.0" 200 74190 "-" "Mozilla/5.0 (Macintosh; Intel Mac OS X 10_15_5) AppleWebKit/605.1.15 (KHTML, like Gecko) Version/13.1.1 Safari/605.1.15 (Applebot/0.1; +http://www.apple.com/go/applebot)"
157.55.39.122 - - [13/Jun/2021:05:50:45 +0200] "GET /-p-12371.html HTTP/1.0" 200 70165 "-" "Mozilla/5.0 (compatible; bingbot/2.0; +http://www.bing.com/bingbot.htm)"
54.36.148.0 - - [13/Jun/2021:05:50:48 +0200] "GET /ben-10-plastic-glass-p-17153.html HTTP/1.0" 301 72984 "-" "Mozilla/5.0 (compatible; AhrefsBot/7.0; +http://ahrefs.com/robot/)"
207.46.13.79 - - [13/Jun/2021:05:50:51 +0200] "GET /-p-7309.html HTTP/1.0" 200 70163 "-" "Mozilla/5.0 (compatible; bingbot/2.0; +http://www.bing.com/bingbot.htm)"
216.244.66.242 - - [13/Jun/2021:05:50:53 +0200] "GET /-p-33404.html HTTP/1.0" 200 70165 "-" "Mozilla/5.0 (compatible; DotBot/1.2; +https://opensiteexplorer.org/dotbot; help@moz.com)"
40.77.167.70 - - [13/Jun/2021:05:50:59 +0200] "GET /ma-petite-cremerie-pot-p-35608.html HTTP/1.0" 301 72868 "-" "Mozilla/5.0 (compatible; bingbot/2.0; +http://www.bing.com/bingbot.htm)"
54.36.148.128 - - [13/Jun/2021:05:51:17 +0200] "GET /monkey-gold-table-lamp-p-50019.html HTTP/1.0" 200 73586 "-" "Mozilla/5.0 (compatible; AhrefsBot/7.0; +http://ahrefs.com/robot/)"
40.77.167.90 - - [13/Jun/2021:05:51:26 +0200] "GET /furnishings-c-13_87.html HTTP/1.0" 200 90585 "-" "Mozilla/5.0 (compatible; bingbot/2.0; +http://www.bing.com/bingbot.htm)"
66.249.68.6 - - [13/Jun/2021:05:51:36 +0200] "GET /gorjuss-large-gift-little-wings-p-50955.html HTTP/1.0" 200 73794 "-" "Mozilla/5.0 (compatible; Googlebot/2.1; +http://www.google.com/bot.html)"
40.77.167.106 - - [13/Jun/2021:05:51:41 +0200] "GET /small-appliances-and-hifi-c-13_88.html HTTP/1.0" 301 89694 "-" "Mozilla/5.0 (compatible; bingbot/2.0; +http://www.bing.com/bingbot.htm)"
157.55.39.122 - - [13/Jun/2021:05:51:46 +0200] "GET /volkswagen-bully-camper-metal-plate-p-37150.html HTTP/1.0" 200 73079 "-" "Mozilla/5.0 (compatible; bingbot/2.0; +http://www.bing.com/bingbot.htm)"
207.46.13.38 - - [13/Jun/2021:05:51:58 +0200] "GET /bedclothes-140-200-cm-black-striped-p-44343.html HTTP/1.0" 301 70232 "-" "Mozilla/5.0 (compatible; bingbot/2.0; +http://www.bing.com/bingbot.htm)"
185.191.171.16 - - [13/Jun/2021:05:52:11 +0200] "GET /cat-saucer-for-tea-bag-p-38449.html HTTP/1.0" 301 70232 "-" "Mozilla/5.0 (compatible; SemrushBot/7~bl; +http://www.semrush.com/bot.html)"
185.191.171.39 - - [13/Jun/2021:05:52:13 +0200] "GET /-p-38449.html HTTP/1.0" 200 70165 "-" "Mozilla/5.0 (compatible; SemrushBot/7~bl; +http://www.semrush.com/bot.html)"
54.36.148.86 - - [13/Jun/2021:05:52:20 +0200] "GET /ceramic-salt-with-spoon-aderne-blue-p-47870.html HTTP/1.0" 200 72924 "-" "Mozilla/5.0 (compatible; AhrefsBot/7.0; +http://ahrefs.com/robot/)"
157.55.39.44 - - [13/Jun/2021:05:52:35 +0200] "GET /cactus-theme-indian-espresso-cup-p-39625.html HTTP/1.0" 301 72995 "-" "Mozilla/5.0 (compatible; bingbot/2.0; +http://www.bing.com/bingbot.htm)"
40.77.167.90 - - [13/Jun/2021:05:52:39 +0200] "GET /frozen-lunchbox-p-31746.html HTTP/1.0" 200 74507 "-" "Mozilla/5.0 (compatible; bingbot/2.0; +http://www.bing.com/bingbot.htm)"
40.77.167.90 - - [13/Jun/2021:05:52:40 +0200] "GET /high-school-musical-handbag-p-6466.html HTTP/1.0" 200 75402 "-" "Mozilla/5.0 (compatible; bingbot/2.0; +http://www.bing.com/bingbot.htm)"
40.77.167.90 - - [13/Jun/2021:05:52:42 +0200] "GET /images/big_prod/577GJ14.jpg HTTP/1.0" 200 262 "-" "Mozilla/5.0 (compatible; bingbot/2.0; +http://www.bing.com/bingbot.htm)"
157.55.39.128 - - [13/Jun/2021:05:52:45 +0200] "GET /giraffe-statuette-giraffe-p-52880.html HTTP/1.0" 200 72954 "-" "Mozilla/5.0 (compatible; bingbot/2.0; +http://www.bing.com/bingbot.htm)"
17.121.114.97 - - [13/Jun/2021:05:53:05 +0200] "GET /halloween-stacked-huey-dewey-louie-figurine-p-53270.html HTTP/1.0" 200 74380 "-" "Mozilla/5.0 (Macintosh; Intel Mac OS X 10_15_5) AppleWebKit/605.1.15 (KHTML, like Gecko) Version/13.1.1 Safari/605.1.15 (Applebot/0.1; +http://www.apple.com/go/applebot)"
54.36.148.187 - - [13/Jun/2021:05:53:33 +0200] "GET /home-decoration-c-13.html?page=71 HTTP/1.0" 200 92182 "-" "Mozilla/5.0 (compatible; AhrefsBot/7.0; +http://ahrefs.com/robot/)"
157.55.39.44 - - [13/Jun/2021:05:53:35 +0200] "GET /rhum-metal-plate-deco-p-51751.html HTTP/1.0" 200 72764 "-" "Mozilla/5.0 (compatible; bingbot/2.0; +http://www.bing.com/bingbot.htm)"
207.46.13.38 - - [13/Jun/2021:05:53:41 +0200] "GET /comics-phone-cover-iphone-p-18864.html HTTP/1.0" 200 73649 "-" "Mozilla/5.0 (compatible; bingbot/2.0; +http://www.bing.com/bingbot.htm)"
207.46.13.38 - - [13/Jun/2021:05:54:02 +0200] "GET /comics-phone-cover-iphone-p-18864.html HTTP/1.0" 200 73649 "-" "Mozilla/5.0 (compatible; bingbot/2.0; +http://www.bing.com/bingbot.htm)"
40.77.167.106 - - [13/Jun/2021:05:54:30 +0200] "GET /-p-5260.html HTTP/1.0" 200 70163 "-" "Mozilla/5.0 (compatible; bingbot/2.0; +http://www.bing.com/bingbot.htm)"
157.55.39.122 - - [13/Jun/2021:05:54:36 +0200] "GET /incense-satya-nag-champa-agarbatti-15-grams-or-about-15-sticks-p-35492.html HTTP/1.0" 301 73580 "-" "Mozilla/5.0 (compatible; bingbot/2.0; +http://www.bing.com/bingbot.htm)"
54.36.148.209 - - [13/Jun/2021:05:54:38 +0200] "GET /door-lock-p-40926.html HTTP/1.0" 200 72719 "-" "Mozilla/5.0 (compatible; AhrefsBot/7.0; +http://ahrefs.com/robot/)"
207.46.13.38 - - [13/Jun/2021:05:54:41 +0200] "GET /tin-and-metal-signs-c-13_130.html?page=2 HTTP/1.0" 301 93801 "-" "Mozilla/5.0 (compatible; bingbot/2.0; +http://www.bing.com/bingbot.htm)"
185.191.171.6 - - [13/Jun/2021:05:55:00 +0200] "GET /becassine-large-metal-plate-30-40-cm-p-48238.html HTTP/1.0" 301 73011 "-" "Mozilla/5.0 (compatible; SemrushBot/7~bl; +http://www.semrush.com/bot.html)"
185.191.171.3 - - [13/Jun/2021:05:55:02 +0200] "GET /becassine-large-metal-plate-p-48238.html HTTP/1.0" 200 72917 "-" "Mozilla/5.0 (compatible; SemrushBot/7~bl; +http://www.semrush.com/bot.html)"
54.36.149.27 - - [13/Jun/2021:05:55:43 +0200] "GET /vanity-printed-running-horses-p-35450.html HTTP/1.0" 200 75268 "-" "Mozilla/5.0 (compatible; AhrefsBot/7.0; +http://ahrefs.com/robot/)"
40.77.167.106 - - [13/Jun/2021:05:56:00 +0200] "GET /-p-3950.html HTTP/1.0" 200 70163 "-" "Mozilla/5.0 (compatible; bingbot/2.0; +http://www.bing.com/bingbot.htm)"
207.46.13.38 - - [13/Jun/2021:05:56:30 +0200] "GET /images/big_prod/8020912049685.jpg HTTP/1.0" 200 268 "-" "Mozilla/5.0 (compatible; bingbot/2.0; +http://www.bing.com/bingbot.htm)"
54.36.148.86 - - [13/Jun/2021:05:56:49 +0200] "GET /pillow-case-cotton-percale-threads-p-43858.html HTTP/1.0" 200 73749 "-" "Mozilla/5.0 (compatible; AhrefsBot/7.0; +http://ahrefs.com/robot/)"
157.55.39.44 - - [13/Jun/2021:05:56:53 +0200] "GET /wooden-keyrings-with-mirror-p-52597.html HTTP/1.0" 200 73659 "-" "Mozilla/5.0 (compatible; bingbot/2.0; +http://www.bing.com/bingbot.htm)"
157.55.39.44 - - [13/Jun/2021:05:56:55 +0200] "GET /angry-birds-beach-towel-p-29468.html HTTP/1.0" 301 70232 "-" "Mozilla/5.0 (compatible; bingbot/2.0; +http://www.bing.com/bingbot.htm)"
17.121.115.158 - - [13/Jun/2021:05:57:08 +0200] "GET /glasses-drinking-c-12_62.html HTTP/1.0" 200 90975 "-" "Mozilla/5.0 (Macintosh; Intel Mac OS X 10_15_5) AppleWebKit/605.1.15 (KHTML, like Gecko) Version/13.1.1 Safari/605.1.15 (Applebot/0.1; +http://www.apple.com/go/applebot)"
40.77.167.70 - - [13/Jun/2021:05:57:10 +0200] "GET /van-gogh-nuit-toile-zip-purse-made-in-france-p-47749.html HTTP/1.0" 301 73856 "-" "Mozilla/5.0 (compatible; bingbot/2.0; +http://www.bing.com/bingbot.htm)"
207.46.13.38 - - [13/Jun/2021:05:57:15 +0200] "GET /beer-shower-curtain-180-180-cm-p-37702.html HTTP/1.0" 301 72968 "-" "Mozilla/5.0 (compatible; bingbot/2.0; +http://www.bing.com/bingbot.htm)"
207.46.13.38 - - [13/Jun/2021:05:57:21 +0200] "GET /support-metal-bottle-the-guitarist-p-41012.html HTTP/1.0" 301 73065 "-" "Mozilla/5.0 (compatible; bingbot/2.0; +http://www.bing.com/bingbot.htm)"
185.191.171.33 - - [13/Jun/2021:05:57:36 +0200] "GET /crayola-farm-stamper-p-16685.html?action=add_product HTTP/1.0" 302 476 "-" "Mozilla/5.0 (compatible; SemrushBot/7~bl; +http://www.semrush.com/bot.html)"
51.68.224.127 - - [13/Jun/2021:05:57:49 +0200] "GET /adminweb/export_orders_xml.php?token=256de2z6edz6ed2z6DFSFsed2zed6zeDSFDSGdzedezfzf&maxorders=10&orderstart=1&status=14&start_date=2018-10-01 HTTP/1.0" 200 285 "-" "GesCom CharlotteBoutik Serveur"
51.68.224.127 - - [13/Jun/2021:05:57:49 +0200] "GET /adminweb/export_orders_xml.php?token=256de2z6edz6ed2z6DFSFsed2zed6zeDSFDSGdzedezfzf&maxorders=10&orderstart=1&status=6&start_date=2018-10-01 HTTP/1.0" 200 30039 "-" "GesCom CharlotteBoutik Serveur"
54.36.148.68 - - [13/Jun/2021:05:57:55 +0200] "GET /rococo-rtro-phone-p-37503.html HTTP/1.0" 200 72972 "-" "Mozilla/5.0 (compatible; AhrefsBot/7.0; +http://ahrefs.com/robot/)"
49.7.20.122 - - [13/Jun/2021:05:57:59 +0200] "GET / HTTP/1.0" 200 149343 "-" "Sogou web spider/4.0(+http://www.sogou.com/docs/help/webmasters.htm#07)"
157.55.39.128 - - [13/Jun/2021:05:58:25 +0200] "GET /votive-candle-15-hours-basil-lime-and-mandarin-p-47624.html HTTP/1.0" 301 73616 "-" "Mozilla/5.0 (compatible; bingbot/2.0; +http://www.bing.com/bingbot.htm)"
157.55.39.128 - - [13/Jun/2021:05:58:27 +0200] "GET /van-gogh-nuit-etoilee-eyeglass-case-p-47643.html HTTP/1.0" 301 70232 "-" "Mozilla/5.0 (compatible; bingbot/2.0; +http://www.bing.com/bingbot.htm)"
157.55.39.128 - - [13/Jun/2021:05:58:28 +0200] "GET /-p-23197.html HTTP/1.0" 200 70165 "-" "Mozilla/5.0 (compatible; bingbot/2.0; +http://www.bing.com/bingbot.htm)"
17.121.112.80 - - [13/Jun/2021:05:58:29 +0200] "GET /fanny-door-coconut-fiber-p-47880.html HTTP/1.0" 200 72985 "-" "Mozilla/5.0 (Macintosh; Intel Mac OS X 10_15_5) AppleWebKit/605.1.15 (KHTML, like Gecko) Version/13.1.1 Safari/605.1.15 (Applebot/0.1; +http://www.apple.com/go/applebot)"
185.191.171.43 - - [13/Jun/2021:05:58:30 +0200] "GET /liberty-russian-doll-mouse-cbkreation-p-18494.html?action=add_product HTTP/1.0" 302 476 "-" "Mozilla/5.0 (compatible; SemrushBot/7~bl; +http://www.semrush.com/bot.html)"
40.77.167.90 - - [13/Jun/2021:05:58:30 +0200] "GET /cats-cup-espresso-p-45721.html HTTP/1.0" 301 72820 "-" "Mozilla/5.0 (compatible; bingbot/2.0; +http://www.bing.com/bingbot.htm)"
157.55.39.122 - - [13/Jun/2021:05:58:46 +0200] "GET /rugby-opener-p-24316.html HTTP/1.0" 301 70232 "-" "Mozilla/5.0 (compatible; bingbot/2.0; +http://www.bing.com/bingbot.htm)"
40.77.167.70 - - [13/Jun/2021:05:59:01 +0200] "GET /cherries-red-butter-dish-p-38023.html HTTP/1.0" 301 72867 "-" "Mozilla/5.0 (compatible; bingbot/2.0; +http://www.bing.com/bingbot.htm)"
157.55.39.152 - - [13/Jun/2021:05:59:10 +0200] "GET /coca-cola-wallet-p-31804.html HTTP/1.0" 200 70236 "-" "Mozilla/5.0 (compatible; bingbot/2.0; +http://www.bing.com/bingbot.htm)"
54.36.149.75 - - [13/Jun/2021:05:59:12 +0200] "GET /harley-davidson-eagle-metal-plate-p-12547.html HTTP/1.0" 200 72910 "-" "Mozilla/5.0 (compatible; AhrefsBot/7.0; +http://ahrefs.com/robot/)"
157.55.39.152 - - [13/Jun/2021:05:59:40 +0200] "GET /bob-marley-song-zippo-lighter-p-13400.html HTTP/1.0" 301 73386 "-" "Mozilla/5.0 (compatible; bingbot/2.0; +http://www.bing.com/bingbot.htm)"
157.55.39.44 - - [13/Jun/2021:05:59:46 +0200] "GET /beyblade-bookends-p-18659.html HTTP/1.0" 200 70223 "-" "Mozilla/5.0 (compatible; bingbot/2.0; +http://www.bing.com/bingbot.htm)"
66.249.68.8 - - [13/Jun/2021:05:59:54 +0200] "GET /images/mini_prod/8718375755617.jpg HTTP/1.0" 200 269 "-" "Googlebot-Image/1.0"
185.191.171.35 - - [13/Jun/2021:05:59:55 +0200] "GET /shasta-sage-smudge-large-p-40515.html HTTP/1.0" 200 73668 "-" "Mozilla/5.0 (compatible; SemrushBot/7~bl; +http://www.semrush.com/bot.html)"
207.46.13.38 - - [13/Jun/2021:06:00:07 +0200] "GET /article-classified-the-spongebob-metal-suitcase-p-47968.html HTTP/1.0" 301 73824 "-" "Mozilla/5.0 (compatible; bingbot/2.0; +http://www.bing.com/bingbot.htm)"
207.46.13.38 - - [13/Jun/2021:06:00:11 +0200] "GET /js/jquery.js HTTP/1.0" 200 252 "-" "Mozilla/5.0 (compatible; bingbot/2.0; +http://www.bing.com/bingbot.htm)"
207.46.13.38 - - [13/Jun/2021:06:00:21 +0200] "GET /angel-bell-metal-11-cm-p-38732.html HTTP/1.0" 301 72877 "-" "Mozilla/5.0 (compatible; bingbot/2.0; +http://www.bing.com/bingbot.htm)"
40.77.167.106 - - [13/Jun/2021:06:00:31 +0200] "GET /-p-23231.html HTTP/1.0" 200 70165 "-" "Mozilla/5.0 (compatible; bingbot/2.0; +http://www.bing.com/bingbot.htm)"
54.36.148.86 - - [13/Jun/2021:06:00:31 +0200] "GET /sixtine-plaid-p-51298.html HTTP/1.0" 200 72888 "-" "Mozilla/5.0 (compatible; AhrefsBot/7.0; +http://ahrefs.com/robot/)"
185.191.171.21 - - [13/Jun/2021:06:00:54 +0200] "GET /schoolbag-caramel-and-cie-the-purple-rabbits-p-48773.html HTTP/1.0" 301 70410 "-" "Mozilla/5.0 (compatible; SemrushBot/7~bl; +http://www.semrush.com/bot.html)"
157.55.39.128 - - [13/Jun/2021:06:01:29 +0200] "GET /-p-11975.html HTTP/1.0" 200 70165 "-" "Mozilla/5.0 (compatible; bingbot/2.0; +http://www.bing.com/bingbot.htm)"
157.55.39.44 - - [13/Jun/2021:06:01:06 +0200] "GET /minnie-mouse-metal-box-p-26703.html HTTP/1.0" 301 72977 "-" "Mozilla/5.0 (compatible; bingbot/2.0; +http://www.bing.com/bingbot.htm)"
157.55.39.152 - - [13/Jun/2021:06:01:29 +0200] "GET /despecable-me-keyring-p-33477.html HTTP/1.0" 301 72962 "-" "Mozilla/5.0 (compatible; bingbot/2.0; +http://www.bing.com/bingbot.htm)"
185.191.171.21 - - [13/Jun/2021:06:01:51 +0200] "GET /schoolbag-caramel-and-cie-the-purple-rabbits-p-48773.html HTTP/1.0" 301 70410 "-" "Mozilla/5.0 (compatible; SemrushBot/7~bl; +http://www.semrush.com/bot.html)"
157.55.39.122 - - [13/Jun/2021:06:01:51 +0200] "GET /la-vie-est-formidable-shirt-by-etienne-boyer-p-29565.html HTTP/1.0" 301 75469 "-" "Mozilla/5.0 (compatible; bingbot/2.0; +http://www.bing.com/bingbot.htm)"
185.191.171.19 - - [13/Jun/2021:06:01:57 +0200] "GET /frida-khalo-saucer-p-50156.html HTTP/1.0" 200 72823 "-" "Mozilla/5.0 (compatible; SemrushBot/7~bl; +http://www.semrush.com/bot.html)"
157.55.39.152 - - [13/Jun/2021:06:01:59 +0200] "GET /images/220108_162618_PEEL_vx2d7w.jpg HTTP/1.0" 200 271 "-" "Mozilla/5.0 (compatible; bingbot/2.0; +http://www.bing.com/bingbot.htm)"
42.192.37.168 - - [13/Jun/2021:06:02:15 +0200] "GET / HTTP/1.0" 301 511 "-" "Mozilla/5.0 (compatible; ThinkBot/0.3.0; +In_the_test_phase,_if_the_spider_brings_you_trouble,_please_add_our_IP_to_the_blacklist._Thank_you.)"
42.192.37.168 - - [13/Jun/2021:06:02:15 +0200] "GET / HTTP/1.0" 200 149767 "-" "Mozilla/5.0 (compatible; ThinkBot/0.3.0; +In_the_test_phase,_if_the_spider_brings_you_trouble,_please_add_our_IP_to_the_blacklist._Thank_you.)"
17.121.112.202 - - [13/Jun/2021:06:02:16 +0200] "GET /harley-davidson-zippo-lighter-laser-p-53266.html HTTP/1.0" 200 75211 "-" "Mozilla/5.0 (Macintosh; Intel Mac OS X 10_15_5) AppleWebKit/605.1.15 (KHTML, like Gecko) Version/13.1.1 Safari/605.1.15 (Applebot/0.1; +http://www.apple.com/go/applebot)"
42.192.37.168 - - [13/Jun/2021:06:02:21 +0200] "GET / HTTP/1.0" 301 511 "-" "Mozilla/5.0 (compatible; ThinkBot/0.3.0; +In_the_test_phase,_if_the_spider_brings_you_trouble,_please_add_our_IP_to_the_blacklist._Thank_you.)"
42.192.37.168 - - [13/Jun/2021:06:02:22 +0200] "GET / HTTP/1.0" 200 149810 "http://wonder-geek.com" "Mozilla/5.0 (compatible; ThinkBot/0.3.0; +In_the_test_phase,_if_the_spider_brings_you_trouble,_please_add_our_IP_to_the_blacklist._Thank_you.)"
207.46.13.79 - - [13/Jun/2021:06:02:45 +0200] "GET /tiana-princess-passion-figurine-p-52399.html HTTP/1.0" 200 74253 "-" "Mozilla/5.0 (compatible; bingbot/2.0; +http://www.bing.com/bingbot.htm)"
157.55.39.128 - - [13/Jun/2021:06:02:49 +0200] "GET /mani-the-lucky-cat-charm-size-amour-p-33281.html HTTP/1.0" 301 73215 "-" "Mozilla/5.0 (compatible; bingbot/2.0; +http://www.bing.com/bingbot.htm)"
40.77.167.90 - - [13/Jun/2021:06:02:57 +0200] "GET /pucca-mobile-sock-p-24398.html HTTP/1.0" 200 72648 "-" "Mozilla/5.0 (compatible; bingbot/2.0; +http://www.bing.com/bingbot.htm)"
54.36.149.20 - - [13/Jun/2021:06:03:08 +0200] "GET /decorative-useful-klimt-p-52199.html HTTP/1.0" 200 73481 "-" "Mozilla/5.0 (compatible; AhrefsBot/7.0; +http://ahrefs.com/robot/)"
207.46.13.79 - - [13/Jun/2021:06:03:08 +0200] "GET /cafe-de-la-tour-paris-clock-p-10888.html HTTP/1.0" 301 72927 "-" "Mozilla/5.0 (compatible; bingbot/2.0; +http://www.bing.com/bingbot.htm)"
207.46.13.38 - - [13/Jun/2021:06:03:18 +0200] "GET /the-little-prince-of-saint-exupery-bowl-p-44841.html HTTP/1.0" 301 72994 "-" "Mozilla/5.0 (compatible; bingbot/2.0; +http://www.bing.com/bingbot.htm)"
40.77.167.90 - - [13/Jun/2021:06:03:54 +0200] "GET /images/ROXY.jpg HTTP/1.0" 200 250 "-" "Mozilla/5.0 (compatible; bingbot/2.0; +http://www.bing.com/bingbot.htm)"
207.46.13.38 - - [13/Jun/2021:06:04:01 +0200] "GET /betty-boop-rectangular-metal-plate-p-12383.html HTTP/1.0" 200 70326 "-" "Mozilla/5.0 (compatible; bingbot/2.0; +http://www.bing.com/bingbot.htm)"
66.249.68.10 - - [13/Jun/2021:06:04:02 +0200] "GET /guevara-zippo-lighter-p-29758.html HTTP/1.0" 200 73265 "-" "Mozilla/5.0 (Linux; Android 6.0.1; Nexus 5X Build/MMB29P) AppleWebKit/537.36 (KHTML, like Gecko) Chrome/91.0.4472.90 Mobile Safari/537.36 (compatible; Googlebot/2.1; +http://www.google.com/bot.html)"
157.55.39.44 - - [13/Jun/2021:06:04:16 +0200] "GET /-p-15882.html HTTP/1.0" 200 70165 "-" "Mozilla/5.0 (compatible; bingbot/2.0; +http://www.bing.com/bingbot.htm)"
185.191.171.1 - - [13/Jun/2021:06:04:17 +0200] "GET /paper-currency-mug-by-cbkreation-p-26474.html HTTP/1.0" 301 72953 "-" "Mozilla/5.0 (compatible; SemrushBot/7~bl; +http://www.semrush.com/bot.html)"
157.55.39.44 - - [13/Jun/2021:06:04:18 +0200] "GET /bakugan-towel-p-5737.html HTTP/1.0" 200 70205 "-" "Mozilla/5.0 (compatible; bingbot/2.0; +http://www.bing.com/bingbot.htm)"
185.191.171.39 - - [13/Jun/2021:06:04:19 +0200] "GET /paper-currency-cbkreation-p-26474.html HTTP/1.0" 200 72861 "-" "Mozilla/5.0 (compatible; SemrushBot/7~bl; +http://www.semrush.com/bot.html)"
185.191.171.15 - - [13/Jun/2021:06:04:23 +0200] "GET /metal-cylindrical-p-52612.html?action=add_product HTTP/1.0" 302 476 "-" "Mozilla/5.0 (compatible; SemrushBot/7~bl; +http://www.semrush.com/bot.html)"
207.46.13.38 - - [13/Jun/2021:06:04:29 +0200] "GET /swfobject.js HTTP/1.0" 404 1308 "-" "Mozilla/5.0 (compatible; bingbot/2.0; +http://www.bing.com/bingbot.htm)"
207.46.13.38 - - [13/Jun/2021:06:04:30 +0200] "GET /charcoal-tablets-golden-temple-tablets-p-47648.html HTTP/1.0" 200 73235 "-" "Mozilla/5.0 (compatible; bingbot/2.0; +http://www.bing.com/bingbot.htm)"
157.55.39.122 - - [13/Jun/2021:06:04:39 +0200] "GET /olaf-frozen-figure-tree-ornament-p-30720.html HTTP/1.0" 200 73003 "-" "Mozilla/5.0 (compatible; bingbot/2.0; +http://www.bing.com/bingbot.htm)"
207.46.13.38 - - [13/Jun/2021:06:04:49 +0200] "GET /soft-hot-water-bottle-les-vilaines-filles-p-52643.html HTTP/1.0" 301 73140 "-" "Mozilla/5.0 (compatible; bingbot/2.0; +http://www.bing.com/bingbot.htm)"
40.77.167.106 - - [13/Jun/2021:06:05:02 +0200] "GET /marilyn-monroe-carrying-case-25-cm-p-29443.html HTTP/1.0" 301 73010 "-" "Mozilla/5.0 (compatible; bingbot/2.0; +http://www.bing.com/bingbot.htm)"
157.55.39.152 - - [13/Jun/2021:06:05:11 +0200] "GET /van-gogh-coffee-duo-set-p-48226.html HTTP/1.0" 301 73540 "-" "Mozilla/5.0 (compatible; bingbot/2.0; +http://www.bing.com/bingbot.htm)"
54.36.148.86 - - [13/Jun/2021:06:05:13 +0200] "GET /suis-unique-comme-tout-monde-little-tray-p-42086.html HTTP/1.0" 200 73064 "-" "Mozilla/5.0 (compatible; AhrefsBot/7.0; +http://ahrefs.com/robot/)"
73.108.250.133 - - [13/Jun/2021:06:05:16 +0200] "GET /sigil-lucifer-satatic-book-handbag-shape-book-p-40613.html HTTP/1.0" 200 75045 "-" "Mozilla/5.0 (Linux; Android 8.0.0; VS988) AppleWebKit/537.36 (KHTML, like Gecko) Chrome/90.0.4430.210 Mobile Safari/537.36"
92.38.136.69 - - [13/Jun/2021:06:05:26 +0200] "GET /snowman-solar-powered-dancing-p-34143.html]Test HTTP/1.0" 301 609 "http://wonder-geek.com/snowman-solar-powered-dancing-p-34143.html]Test" "Mozilla/5.0 (Windows NT 10.0; Win64; x64) AppleWebKit/537.36 (KHTML, like Gecko) Chrome/83.0.4103.61 Safari/537.36/iYA9HebN-7"
92.38.136.69 - - [13/Jun/2021:06:05:29 +0200] "GET /snowman-solar-powered-dancing-p-34143.html%5dTest HTTP/1.0" 404 1308 "http://www.wonder-geek.com/snowman-solar-powered-dancing-p-34143.html%5dTest" "Mozilla/5.0 (Windows NT 10.0; Win64; x64) AppleWebKit/537.36 (KHTML, like Gecko) Chrome/83.0.4103.61 Safari/537.36/iYA9HebN-7"
92.38.136.69 - - [13/Jun/2021:06:05:31 +0200] "GET / HTTP/1.0" 301 511 "http://wonder-geek.com/" "Mozilla/5.0 (Windows NT 10.0; Win64; x64) AppleWebKit/537.36 (KHTML, like Gecko) Chrome/83.0.4103.61 Safari/537.36/iYA9HebN-7"
207.46.13.38 - - [13/Jun/2021:06:05:31 +0200] "GET /-p-40488.html HTTP/1.0" 200 70165 "-" "Mozilla/5.0 (compatible; bingbot/2.0; +http://www.bing.com/bingbot.htm)"
92.38.136.69 - - [13/Jun/2021:06:05:34 +0200] "GET / HTTP/1.0" 200 150370 "http://www.wonder-geek.com/" "Mozilla/5.0 (Windows NT 10.0; Win64; x64) AppleWebKit/537.36 (KHTML, like Gecko) Chrome/83.0.4103.61 Safari/537.36/iYA9HebN-7"
207.46.13.79 - - [13/Jun/2021:06:05:36 +0200] "GET /pesos-money-box-by-cbkreation-p-24144.html HTTP/1.0" 301 72957 "-" "Mozilla/5.0 (compatible; bingbot/2.0; +http://www.bing.com/bingbot.htm)"
157.55.39.128 - - [13/Jun/2021:06:05:36 +0200] "GET /gray-polyester-round-chair-cushion-p-44376.html HTTP/1.0" 200 73550 "-" "Mozilla/5.0 (compatible; bingbot/2.0; +http://www.bing.com/bingbot.htm)"
17.121.112.9 - - [13/Jun/2021:06:05:40 +0200] "GET /charmmy-kitty-dress-p-31102.html HTTP/1.0" 200 74485 "-" "Mozilla/5.0 (Macintosh; Intel Mac OS X 10_15_5) AppleWebKit/605.1.15 (KHTML, like Gecko) Version/13.1.1 Safari/605.1.15 (Applebot/0.1; +http://www.apple.com/go/applebot)"
207.46.13.38 - - [13/Jun/2021:06:05:41 +0200] "GET /-p-22818.html HTTP/1.0" 200 70165 "-" "Mozilla/5.0 (compatible; bingbot/2.0; +http://www.bing.com/bingbot.htm)"
157.55.39.152 - - [13/Jun/2021:06:05:49 +0200] "GET /images/mini_prod/5400924010737.jpg HTTP/1.0" 200 269 "-" "Mozilla/5.0 (compatible; bingbot/2.0; +http://www.bing.com/bingbot.htm)"
207.46.13.38 - - [13/Jun/2021:06:06:09 +0200] "GET /coca-cola-money-p-12392.html HTTP/1.0" 200 70243 "-" "Mozilla/5.0 (compatible; bingbot/2.0; +http://www.bing.com/bingbot.htm)"
40.77.167.70 - - [13/Jun/2021:06:06:22 +0200] "GET /-p-10286.html HTTP/1.0" 200 70165 "-" "Mozilla/5.0 (compatible; bingbot/2.0; +http://www.bing.com/bingbot.htm)"
157.55.39.128 - - [13/Jun/2021:06:06:26 +0200] "GET /headrest-cushion-blue-45-70-cm-p-45243.html HTTP/1.0" 301 70232 "-" "Mozilla/5.0 (compatible; bingbot/2.0; +http://www.bing.com/bingbot.htm)"
157.55.39.44 - - [13/Jun/2021:06:06:27 +0200] "GET /sheaffer-fountain-pen-ferrari-intensity-p-37636.html HTTP/1.0" 301 70445 "-" "Mozilla/5.0 (compatible; bingbot/2.0; +http://www.bing.com/bingbot.htm)"
157.55.39.128 - - [13/Jun/2021:06:06:28 +0200] "GET /beyblade-dvd-p-27883.html HTTP/1.0" 301 72966 "-" "Mozilla/5.0 (compatible; bingbot/2.0; +http://www.bing.com/bingbot.htm)"
92.38.136.69 - - [13/Jun/2021:06:06:51 +0200] "GET /trivet-boards-c-12_158.html HTTP/1.0" 200 93973 "http://www.wonder-geek.com/trivet-boards-c-12_158.html" "Mozilla/5.0 (Windows NT 10.0; Win64; x64) AppleWebKit/537.36 (KHTML, like Gecko) Chrome/83.0.4103.61 Safari/537.36/iYA9HebN-7"
92.38.136.69 - - [13/Jun/2021:06:06:54 +0200] "GET /cardboard-boxes-storage-c-13_150_216.html HTTP/1.0" 200 77605 "http://www.wonder-geek.com/cardboard-boxes-storage-c-13_150_216.html" "Mozilla/5.0 (Windows NT 10.0; Win64; x64) AppleWebKit/537.36 (KHTML, like Gecko) Chrome/83.0.4103.61 Safari/537.36/iYA9HebN-7"
157.55.39.122 - - [13/Jun/2021:06:06:58 +0200] "GET /florialys-fragrance-in-provence-golden-jasmine-p-48498.html HTTP/1.0" 301 73214 "-" "Mozilla/5.0 (compatible; bingbot/2.0; +http://www.bing.com/bingbot.htm)"
54.36.148.73 - - [13/Jun/2021:06:07:16 +0200] "GET /egg-cup-p-40825.html HTTP/1.0" 200 72646 "-" "Mozilla/5.0 (compatible; AhrefsBot/7.0; +http://ahrefs.com/robot/)"
40.77.167.70 - - [13/Jun/2021:06:07:31 +0200] "GET /zen-lotus-canvas-frame-20-20-cm-p-33992.html HTTP/1.0" 301 73003 "-" "Mozilla/5.0 (compatible; bingbot/2.0; +http://www.bing.com/bingbot.htm)"
40.77.167.106 - - [13/Jun/2021:06:07:53 +0200] "GET /-p-29839.html HTTP/1.0" 200 70165 "-" "Mozilla/5.0 (compatible; bingbot/2.0; +http://www.bing.com/bingbot.htm)"
40.77.167.106 - - [13/Jun/2021:06:07:55 +0200] "GET /vintage-hook-bolt-hole-p-48554.html HTTP/1.0" 200 70243 "-" "Mozilla/5.0 (compatible; bingbot/2.0; +http://www.bing.com/bingbot.htm)"
40.77.167.90 - - [13/Jun/2021:06:07:58 +0200] "GET /star-wars-darth-vader-in-room-guard-torch-voice-changer-p-30099.html HTTP/1.0" 301 70232 "-" "Mozilla/5.0 (compatible; bingbot/2.0; +http://www.bing.com/bingbot.htm)"
185.191.171.18 - - [13/Jun/2021:06:08:01 +0200] "GET /robots.txt HTTP/1.0" 200 245 "-" "Mozilla/5.0 (compatible; SemrushBot/7~bl; +http://www.semrush.com/bot.html)"
185.191.171.20 - - [13/Jun/2021:06:08:01 +0200] "GET /yoga-statuette-utthita-parsvakonasana-side-angle-posture-p-50077.html HTTP/1.0" 200 70383 "-" "Mozilla/5.0 (compatible; SemrushBot/7~bl; +http://www.semrush.com/bot.html)"
157.55.39.128 - - [13/Jun/2021:06:09:17 +0200] "GET /kimmidoll-kazumi-canvas-wallet-p-31938.html HTTP/1.0" 200 73583 "-" "Mozilla/5.0 (compatible; bingbot/2.0; +http://www.bing.com/bingbot.htm)"
157.55.39.44 - - [13/Jun/2021:06:09:27 +0200] "GET /polar-bear-small-round-magnet-p-31912.html HTTP/1.0" 200 72861 "-" "Mozilla/5.0 (compatible; bingbot/2.0; +http://www.bing.com/bingbot.htm)"
54.36.148.105 - - [13/Jun/2021:06:09:32 +0200] "GET /nippon-doll-cosmetic-pouch-p-26868.html HTTP/1.0" 200 73081 "-" "Mozilla/5.0 (compatible; AhrefsBot/7.0; +http://ahrefs.com/robot/)"
54.36.148.198 - - [13/Jun/2021:06:09:51 +0200] "GET /puppy-glue-stick-21-grs-p-40831.html HTTP/1.0" 301 72856 "-" "Mozilla/5.0 (compatible; AhrefsBot/7.0; +http://ahrefs.com/robot/)"
157.55.39.44 - - [13/Jun/2021:06:10:07 +0200] "GET /blue-vespa-shoulder-bag-p-23062.html HTTP/1.0" 301 70349 "-" "Mozilla/5.0 (compatible; bingbot/2.0; +http://www.bing.com/bingbot.htm)"
40.77.167.70 - - [13/Jun/2021:06:10:21 +0200] "GET /johnny-hallyday-zippo-lighter-p-49853.html HTTP/1.0" 200 73925 "-" "Mozilla/5.0 (compatible; bingbot/2.0; +http://www.bing.com/bingbot.htm)"
66.249.68.6 - - [13/Jun/2021:06:10:37 +0200] "GET /images/big_prod_2/1328399220359C.jpg HTTP/1.0" 200 271 "-" "Googlebot-Image/1.0"
207.46.13.38 - - [13/Jun/2021:06:10:42 +0200] "GET /wunzees-doll-65-cm-series-bella-the-rabbit-p-45122.html HTTP/1.0" 301 73770 "-" "Mozilla/5.0 (compatible; bingbot/2.0; +http://www.bing.com/bingbot.htm)"
73.108.250.133 - - [13/Jun/2021:06:11:02 +0200] "GET /sigil-lucifer-satatic-book-handbag-shape-book-p-40613.html HTTP/1.0" 200 75045 "-" "Mozilla/5.0 (Linux; Android 8.0.0; VS988) AppleWebKit/537.36 (KHTML, like Gecko) Chrome/90.0.4430.210 Mobile Safari/537.36"
73.108.250.133 - - [13/Jun/2021:06:11:03 +0200] "GET /templates/Pixame_v1/stylesheet.css HTTP/1.0" 200 267 "http://www.wonder-geek.com/sigil-lucifer-satatic-book-handbag-shape-book-p-40613.html" "Mozilla/5.0 (Linux; Android 8.0.0; VS988) AppleWebKit/537.36 (KHTML, like Gecko) Chrome/90.0.4430.210 Mobile Safari/537.36"
73.108.250.133 - - [13/Jun/2021:06:11:03 +0200] "GET /js/jquery.js HTTP/1.0" 200 252 "http://www.wonder-geek.com/sigil-lucifer-satatic-book-handbag-shape-book-p-40613.html" "Mozilla/5.0 (Linux; Android 8.0.0; VS988) AppleWebKit/537.36 (KHTML, like Gecko) Chrome/90.0.4430.210 Mobile Safari/537.36"
73.108.250.133 - - [13/Jun/2021:06:11:03 +0200] "GET /highslide/highslide.js HTTP/1.0" 200 262 "http://www.wonder-geek.com/sigil-lucifer-satatic-book-handbag-shape-book-p-40613.html" "Mozilla/5.0 (Linux; Android 8.0.0; VS988) AppleWebKit/537.36 (KHTML, like Gecko) Chrome/90.0.4430.210 Mobile Safari/537.36"
73.108.250.133 - - [13/Jun/2021:06:11:04 +0200] "GET /js/jquery.jqzoom.js HTTP/1.0" 200 259 "http://www.wonder-geek.com/sigil-lucifer-satatic-book-handbag-shape-book-p-40613.html" "Mozilla/5.0 (Linux; Android 8.0.0; VS988) AppleWebKit/537.36 (KHTML, like Gecko) Chrome/90.0.4430.210 Mobile Safari/537.36"
73.108.250.133 - - [13/Jun/2021:06:11:04 +0200] "GET /mondial_relay/js/jquery-1.3.2.min.js HTTP/1.0" 200 276 "http://www.wonder-geek.com/sigil-lucifer-satatic-book-handbag-shape-book-p-40613.html" "Mozilla/5.0 (Linux; Android 8.0.0; VS988) AppleWebKit/537.36 (KHTML, like Gecko) Chrome/90.0.4430.210 Mobile Safari/537.36"
73.108.250.133 - - [13/Jun/2021:06:11:05 +0200] "GET /swfobject.js HTTP/1.0" 404 1308 "http://www.wonder-geek.com/sigil-lucifer-satatic-book-handbag-shape-book-p-40613.html" "Mozilla/5.0 (Linux; Android 8.0.0; VS988) AppleWebKit/537.36 (KHTML, like Gecko) Chrome/90.0.4430.210 Mobile Safari/537.36"
73.108.250.133 - - [13/Jun/2021:06:11:05 +0200] "GET /templates/Pixame_v1/images/icon_accueil2.png HTTP/1.0" 200 278 "http://www.wonder-geek.com/sigil-lucifer-satatic-book-handbag-shape-book-p-40613.html" "Mozilla/5.0 (Linux; Android 8.0.0; VS988) AppleWebKit/537.36 (KHTML, like Gecko) Chrome/90.0.4430.210 Mobile Safari/537.36"
73.108.250.133 - - [13/Jun/2021:06:11:07 +0200] "GET /templates/Pixame_v1/images/Bottom_texture.jpg HTTP/1.0" 200 280 "http://www.wonder-geek.com/templates/Pixame_v1/stylesheet.css" "Mozilla/5.0 (Linux; Android 8.0.0; VS988) AppleWebKit/537.36 (KHTML, like Gecko) Chrome/90.0.4430.210 Mobile Safari/537.36"
73.108.250.133 - - [13/Jun/2021:06:11:07 +0200] "GET /templates/Pixame_v1/images/Middle_texture.jpg HTTP/1.0" 200 280 "http://www.wonder-geek.com/templates/Pixame_v1/stylesheet.css" "Mozilla/5.0 (Linux; Android 8.0.0; VS988) AppleWebKit/537.36 (KHTML, like Gecko) Chrome/90.0.4430.210 Mobile Safari/537.36"
73.108.250.133 - - [13/Jun/2021:06:11:07 +0200] "GET /templates/Pixame_v1/images/header.png HTTP/1.0" 200 271 "http://www.wonder-geek.com/templates/Pixame_v1/stylesheet.css" "Mozilla/5.0 (Linux; Android 8.0.0; VS988) AppleWebKit/537.36 (KHTML, like Gecko) Chrome/90.0.4430.210 Mobile Safari/537.36"
73.108.250.133 - - [13/Jun/2021:06:11:08 +0200] "GET /templates/Pixame_v1/images/header-object.png HTTP/1.0" 200 278 "http://www.wonder-geek.com/templates/Pixame_v1/stylesheet.css" "Mozilla/5.0 (Linux; Android 8.0.0; VS988) AppleWebKit/537.36 (KHTML, like Gecko) Chrome/90.0.4430.210 Mobile Safari/537.36"
73.108.250.133 - - [13/Jun/2021:06:11:08 +0200] "GET /images/big_prod/1300000019972.jpg HTTP/1.0" 200 268 "http://www.wonder-geek.com/sigil-lucifer-satatic-book-handbag-shape-book-p-40613.html" "Mozilla/5.0 (Linux; Android 8.0.0; VS988) AppleWebKit/537.36 (KHTML, like Gecko) Chrome/90.0.4430.210 Mobile Safari/537.36"
73.108.250.133 - - [13/Jun/2021:06:11:13 +0200] "GET /templates/Pixame_v1/images/nav.png HTTP/1.0" 200 268 "http://www.wonder-geek.com/templates/Pixame_v1/stylesheet.css" "Mozilla/5.0 (Linux; Android 8.0.0; VS988) AppleWebKit/537.36 (KHTML, like Gecko) Chrome/90.0.4430.210 Mobile Safari/537.36"
73.108.250.133 - - [13/Jun/2021:06:11:13 +0200] "GET /design/productsenstock.png HTTP/1.0" 200 260 "http://www.wonder-geek.com/templates/Pixame_v1/stylesheet.css" "Mozilla/5.0 (Linux; Android 8.0.0; VS988) AppleWebKit/537.36 (KHTML, like Gecko) Chrome/90.0.4430.210 Mobile Safari/537.36"
207.46.13.79 - - [13/Jun/2021:06:11:16 +0200] "GET /images/big_prod/3665269092233.jpg HTTP/1.0" 200 268 "-" "Mozilla/5.0 (compatible; bingbot/2.0; +http://www.bing.com/bingbot.htm)"
73.108.250.133 - - [13/Jun/2021:06:11:18 +0200] "GET /images/big_prod_1/b1300000019972.jpg HTTP/1.0" 200 271 "http://www.wonder-geek.com/sigil-lucifer-satatic-book-handbag-shape-book-p-40613.html" "Mozilla/5.0 (Linux; Android 8.0.0; VS988) AppleWebKit/537.36 (KHTML, like Gecko) Chrome/90.0.4430.210 Mobile Safari/537.36"
73.108.250.133 - - [13/Jun/2021:06:11:18 +0200] "GET /images/big_prod_2/c1300000019972.jpg HTTP/1.0" 200 271 "http://www.wonder-geek.com/sigil-lucifer-satatic-book-handbag-shape-book-p-40613.html" "Mozilla/5.0 (Linux; Android 8.0.0; VS988) AppleWebKit/537.36 (KHTML, like Gecko) Chrome/90.0.4430.210 Mobile Safari/537.36"
73.108.250.133 - - [13/Jun/2021:06:11:18 +0200] "GET /images/big_prod_3/d1300000019972.jpg HTTP/1.0" 200 271 "http://www.wonder-geek.com/sigil-lucifer-satatic-book-handbag-shape-book-p-40613.html" "Mozilla/5.0 (Linux; Android 8.0.0; VS988) AppleWebKit/537.36 (KHTML, like Gecko) Chrome/90.0.4430.210 Mobile Safari/537.36"
73.108.250.133 - - [13/Jun/2021:06:11:19 +0200] "GET /templates/Pixame_v1/images/buttons/english/button_in_cart.gif HTTP/1.0" 200 295 "http://www.wonder-geek.com/sigil-lucifer-satatic-book-handbag-shape-book-p-40613.html" "Mozilla/5.0 (Linux; Android 8.0.0; VS988) AppleWebKit/537.36 (KHTML, like Gecko) Chrome/90.0.4430.210 Mobile Safari/537.36"
73.108.250.133 - - [13/Jun/2021:06:11:21 +0200] "GET /highslide/graphics/outlines/drop-shadow.png HTTP/1.0" 200 277 "http://www.wonder-geek.com/sigil-lucifer-satatic-book-handbag-shape-book-p-40613.html" "Mozilla/5.0 (Linux; Android 8.0.0; VS988) AppleWebKit/537.36 (KHTML, like Gecko) Chrome/90.0.4430.210 Mobile Safari/537.36"
73.108.250.133 - - [13/Jun/2021:06:11:21 +0200] "GET /highslide/graphics/loader.white.gif HTTP/1.0" 200 960 "http://www.wonder-geek.com/templates/Pixame_v1/stylesheet.css" "Mozilla/5.0 (Linux; Android 8.0.0; VS988) AppleWebKit/537.36 (KHTML, like Gecko) Chrome/90.0.4430.210 Mobile Safari/537.36"
157.55.39.44 - - [13/Jun/2021:06:11:28 +0200] "GET /luggages-schoolbags-leather-shop/backpacks/minnie-mouse-backpack-p-22691.html HTTP/1.0" 301 665 "-" "Mozilla/5.0 (compatible; bingbot/2.0; +http://www.bing.com/bingbot.htm)"
207.46.13.38 - - [13/Jun/2021:06:11:30 +0200] "GET /angry-birds-pencil-pot-p-19131.html HTTP/1.0" 301 73084 "-" "Mozilla/5.0 (compatible; bingbot/2.0; +http://www.bing.com/bingbot.htm)"
157.55.39.128 - - [13/Jun/2021:06:11:37 +0200] "GET /leopard-table-lamp-resin-silver-p-52750.html HTTP/1.0" 200 73552 "-" "Mozilla/5.0 (compatible; bingbot/2.0; +http://www.bing.com/bingbot.htm)"
157.55.39.128 - - [13/Jun/2021:06:11:39 +0200] "GET /mini-cooper-union-jack-figurine-p-26242.html HTTP/1.0" 301 70232 "-" "Mozilla/5.0 (compatible; bingbot/2.0; +http://www.bing.com/bingbot.htm)"
49.7.20.113 - - [13/Jun/2021:06:11:48 +0200] "GET / HTTP/1.0" 200 150325 "-" "Sogou web spider/4.0(+http://www.sogou.com/docs/help/webmasters.htm#07)"
40.77.167.90 - - [13/Jun/2021:06:11:49 +0200] "GET /teo-jasmin-kitten-scarf-p-35977.html HTTP/1.0" 301 72891 "-" "Mozilla/5.0 (compatible; bingbot/2.0; +http://www.bing.com/bingbot.htm)"
54.36.148.10 - - [13/Jun/2021:06:11:52 +0200] "GET /galileo-thermometer-indoors-p-50115.html HTTP/1.0" 200 73624 "-" "Mozilla/5.0 (compatible; AhrefsBot/7.0; +http://ahrefs.com/robot/)"
40.77.167.106 - - [13/Jun/2021:06:11:53 +0200] "GET /incense-satya-nag-champa-white-sage15-grams-or-about-15-sticks-p-48491.html HTTP/1.0" 301 73582 "-" "Mozilla/5.0 (compatible; bingbot/2.0; +http://www.bing.com/bingbot.htm)"
157.55.39.152 - - [13/Jun/2021:06:12:01 +0200] "GET /star-wars-the-black-series-tie-fighter-pilot-figure-p-34593.html HTTP/1.0" 301 70232 "-" "Mozilla/5.0 (compatible; bingbot/2.0; +http://www.bing.com/bingbot.htm)"
157.55.39.44 - - [13/Jun/2021:06:12:18 +0200] "GET /tinkerbell-disney-jean-p-30235.html HTTP/1.0" 200 73993 "-" "Mozilla/5.0 (compatible; bingbot/2.0; +http://www.bing.com/bingbot.htm)"
157.55.39.128 - - [13/Jun/2021:06:12:57 +0200] "GET /cotton-bath-mat-50-80-cm-grey-p-48776.html HTTP/1.0" 301 70322 "-" "Mozilla/5.0 (compatible; bingbot/2.0; +http://www.bing.com/bingbot.htm)"
66.249.68.6 - - [13/Jun/2021:06:12:58 +0200] "GET /images/mini_prod/3661443602052.jpg HTTP/1.0" 200 269 "-" "Googlebot-Image/1.0"
