54.36.148.120 - - [13/Jun/2021:13:13:14 +0200] "GET /gift-made-metal-towels-p-50887.html HTTP/1.0" 200 73043 "-" "Mozilla/5.0 (compatible; AhrefsBot/7.0; +http://ahrefs.com/robot/)"
40.77.167.106 - - [13/Jun/2021:13:13:23 +0200] "GET /paw-patrol-team-poster-p-32328.html HTTP/1.0" 301 70343 "-" "Mozilla/5.0 (compatible; bingbot/2.0; +http://www.bing.com/bingbot.htm)"
66.249.68.10 - - [13/Jun/2021:13:13:45 +0200] "GET /disney-princess-jewelry-p-37039.html HTTP/1.0" 200 73715 "-" "Mozilla/5.0 (compatible; Googlebot/2.1; +http://www.google.com/bot.html)"
40.77.167.70 - - [13/Jun/2021:13:13:55 +0200] "GET /washed-linen-pillowcase-celadon-p-48174.html HTTP/1.0" 200 70320 "-" "Mozilla/5.0 (compatible; bingbot/2.0; +http://www.bing.com/bingbot.htm)"
207.46.13.38 - - [13/Jun/2021:13:14:03 +0200] "GET /elmer-bear-cub-figure-p-486.html HTTP/1.0" 301 70226 "-" "Mozilla/5.0 (compatible; bingbot/2.0; +http://www.bing.com/bingbot.htm)"
207.46.13.38 - - [13/Jun/2021:13:14:15 +0200] "GET /japan-alarm-clock-by-cbkreation-p-24998.html HTTP/1.0" 301 72990 "-" "Mozilla/5.0 (compatible; bingbot/2.0; +http://www.bing.com/bingbot.htm)"
147.92.153.1 - - [13/Jun/2021:13:14:22 +0200] "GET /cotton-floor-cushion-alabama-p-55454.html HTTP/1.0" 200 73696 "-" "Mozilla/5.0 (compatible; Linespider/1.1; +https://lin.ee/4dwXkTH)"
157.55.39.128 - - [13/Jun/2021:13:14:30 +0200] "GET /unicorn-plush-pink-and-white-11-cm-p-47653.html HTTP/1.0" 301 72991 "-" "Mozilla/5.0 (compatible; bingbot/2.0; +http://www.bing.com/bingbot.htm)"
66.249.68.6 - - [13/Jun/2021:13:14:52 +0200] "GET /pin-up-car-wash-large-metal-plate-deco-p-35495.html HTTP/1.0" 301 72976 "-" "Mozilla/5.0 (Linux; Android 6.0.1; Nexus 5X Build/MMB29P) AppleWebKit/537.36 (KHTML, like Gecko) Chrome/91.0.4472.90 Mobile Safari/537.36 (compatible; Googlebot/2.1; +http://www.google.com/bot.html)"
66.249.68.8 - - [13/Jun/2021:13:14:53 +0200] "GET /wash-large-metal-plate-deco-p-35495.html HTTP/1.0" 200 72882 "-" "Mozilla/5.0 (Linux; Android 6.0.1; Nexus 5X Build/MMB29P) AppleWebKit/537.36 (KHTML, like Gecko) Chrome/91.0.4472.90 Mobile Safari/537.36 (compatible; Googlebot/2.1; +http://www.google.com/bot.html)"
40.77.167.70 - - [13/Jun/2021:13:15:05 +0200] "GET /triskel-wooden-decoration-clip-p-46490.html HTTP/1.0" 200 70275 "-" "Mozilla/5.0 (compatible; bingbot/2.0; +http://www.bing.com/bingbot.htm)"
40.77.167.70 - - [13/Jun/2021:13:15:06 +0200] "GET /violetta-apron-chef-p-29524.html HTTP/1.0" 200 72945 "-" "Mozilla/5.0 (compatible; bingbot/2.0; +http://www.bing.com/bingbot.htm)"
207.46.13.38 - - [13/Jun/2021:13:15:15 +0200] "GET /-p-13248.html HTTP/1.0" 200 70165 "-" "Mozilla/5.0 (compatible; bingbot/2.0; +http://www.bing.com/bingbot.htm)"
40.77.167.106 - - [13/Jun/2021:13:15:24 +0200] "GET /cicada-cast-iron-trivet-24-cm-p-48577.html HTTP/1.0" 301 72915 "-" "Mozilla/5.0 (compatible; bingbot/2.0; +http://www.bing.com/bingbot.htm)"
40.77.167.70 - - [13/Jun/2021:13:15:33 +0200] "GET /michelle-arlen-owl-glass-clock-p-24295.html HTTP/1.0" 301 73291 "-" "Mozilla/5.0 (compatible; bingbot/2.0; +http://www.bing.com/bingbot.htm)"
207.46.13.38 - - [13/Jun/2021:13:15:42 +0200] "GET /swfobject.js HTTP/1.0" 404 1308 "-" "Mozilla/5.0 (compatible; bingbot/2.0; +http://www.bing.com/bingbot.htm)"
185.191.171.6 - - [13/Jun/2021:13:15:46 +0200] "GET /robots.txt HTTP/1.0" 200 245 "-" "Mozilla/5.0 (compatible; SemrushBot/7~bl; +http://www.semrush.com/bot.html)"
185.191.171.41 - - [13/Jun/2021:13:15:47 +0200] "GET /cat-peg-kitchen-supports-p-44485.html HTTP/1.0" 301 73112 "-" "Mozilla/5.0 (compatible; SemrushBot/7~bl; +http://www.semrush.com/bot.html)"
185.191.171.2 - - [13/Jun/2021:13:15:48 +0200] "GET /kitchen-supports-p-44485.html HTTP/1.0" 200 73029 "-" "Mozilla/5.0 (compatible; SemrushBot/7~bl; +http://www.semrush.com/bot.html)"
207.46.13.79 - - [13/Jun/2021:13:15:49 +0200] "GET /pucca-round-pencil-case-p-24397.html HTTP/1.0" 200 72950 "-" "Mozilla/5.0 (compatible; bingbot/2.0; +http://www.bing.com/bingbot.htm)"
40.77.167.106 - - [13/Jun/2021:13:16:04 +0200] "GET /small-jar-candle-basil-lime-and-mandarin-p-47626.html HTTP/1.0" 301 73440 "-" "Mozilla/5.0 (compatible; bingbot/2.0; +http://www.bing.com/bingbot.htm)"
40.77.167.70 - - [13/Jun/2021:13:16:25 +0200] "GET /dog-head-wallet-model-p-39444.html HTTP/1.0" 301 72900 "-" "Mozilla/5.0 (compatible; bingbot/2.0; +http://www.bing.com/bingbot.htm)"
54.36.148.86 - - [13/Jun/2021:13:16:37 +0200] "GET /littlest-petshop-magic-tracer-p-6917.html HTTP/1.0" 200 73144 "-" "Mozilla/5.0 (compatible; AhrefsBot/7.0; +http://ahrefs.com/robot/)"
207.46.13.38 - - [13/Jun/2021:13:16:45 +0200] "GET /jamaca-flag-p-12080.html HTTP/1.0" 301 70232 "-" "Mozilla/5.0 (compatible; bingbot/2.0; +http://www.bing.com/bingbot.htm)"
157.55.39.128 - - [13/Jun/2021:13:17:00 +0200] "GET /take-the-cake-bag-mme-irma-p-48106.html HTTP/1.0" 301 73708 "-" "Mozilla/5.0 (compatible; bingbot/2.0; +http://www.bing.com/bingbot.htm)"
54.36.148.211 - - [13/Jun/2021:13:17:19 +0200] "GET /set-of-pair-of-socks-strawberry-shortcake-size-24-26-p-24802.html HTTP/1.0" 301 70232 "-" "Mozilla/5.0 (compatible; AhrefsBot/7.0; +http://ahrefs.com/robot/)"
157.55.39.122 - - [13/Jun/2021:13:17:29 +0200] "GET /images/32816402472921.jpg HTTP/1.0" 200 260 "-" "Mozilla/5.0 (compatible; bingbot/2.0; +http://www.bing.com/bingbot.htm)"
207.46.13.38 - - [13/Jun/2021:13:17:44 +0200] "GET /-p-7290.html HTTP/1.0" 200 70163 "-" "Mozilla/5.0 (compatible; bingbot/2.0; +http://www.bing.com/bingbot.htm)"
40.77.167.106 - - [13/Jun/2021:13:18:04 +0200] "GET /velvet-purse-black-white-p-49964.html HTTP/1.0" 200 73463 "-" "Mozilla/5.0 (compatible; bingbot/2.0; +http://www.bing.com/bingbot.htm)"
157.55.39.122 - - [13/Jun/2021:13:18:20 +0200] "GET /nici-wallet-and-mirror-p-19274.html HTTP/1.0" 301 73434 "-" "Mozilla/5.0 (compatible; bingbot/2.0; +http://www.bing.com/bingbot.htm)"
35.243.252.220 - - [13/Jun/2021:13:18:33 +0200] "GET /butter-dish-c-12_222.html HTTP/1.0" 200 81443 "-" "ZoominfoBot (zoominfobot at zoominfo dot com)"
122.247.85.151 - - [13/Jun/2021:13:18:39 +0200] "GET /contact_us.php HTTP/1.0" 200 26241 "http://www.wonder-geek.com/contact_us.php" "Mozilla/5.0 (Windows NT 6.1; Win64; x64) AppleWebKit/537.36 (KHTML, like Gecko) Chrome/83.0.4103.61 Safari/537.36"
157.55.39.122 - - [13/Jun/2021:13:18:40 +0200] "GET /angry-birds-pencil-p-19131.html HTTP/1.0" 200 72999 "-" "Mozilla/5.0 (compatible; bingbot/2.0; +http://www.bing.com/bingbot.htm)"
207.46.13.38 - - [13/Jun/2021:13:18:45 +0200] "GET /soap-dish-provence-p-44491.html HTTP/1.0" 200 72771 "-" "Mozilla/5.0 (compatible; bingbot/2.0; +http://www.bing.com/bingbot.htm)"
122.247.85.151 - - [13/Jun/2021:13:18:46 +0200] "POST /contact_us.php?action=send HTTP/1.0" 200 26472 "http://www.wonder-geek.com/contact_us.php" "Mozilla/5.0 (Windows NT 6.1; Win64; x64) AppleWebKit/537.36 (KHTML, like Gecko) Chrome/83.0.4103.61 Safari/537.36"
51.68.224.127 - - [13/Jun/2021:13:19:13 +0200] "GET /adminweb/export_orders_xml.php?token=256de2z6edz6ed2z6DFSFsed2zed6zeDSFDSGdzedezfzf&maxorders=10&orderstart=1&status=14&start_date=2018-10-01 HTTP/1.0" 200 285 "-" "GesCom CharlotteBoutik Serveur"
51.68.224.127 - - [13/Jun/2021:13:19:13 +0200] "GET /adminweb/export_orders_xml.php?token=256de2z6edz6ed2z6DFSFsed2zed6zeDSFDSGdzedezfzf&maxorders=10&orderstart=1&status=6&start_date=2018-10-01 HTTP/1.0" 200 30039 "-" "GesCom CharlotteBoutik Serveur"
157.55.39.44 - - [13/Jun/2021:13:19:19 +0200] "GET /monster-high-black-skull-mug-p-17816.html HTTP/1.0" 301 70232 "-" "Mozilla/5.0 (compatible; bingbot/2.0; +http://www.bing.com/bingbot.htm)"
5.255.231.71 - - [13/Jun/2021:13:19:21 +0200] "GET /robots.txt HTTP/1.0" 200 245 "-" "Mozilla/5.0 (compatible; YandexBot/3.0; +http://yandex.com/bots)"
207.46.13.79 - - [13/Jun/2021:13:19:24 +0200] "GET /paul-frank-red-briefcase-p-9924.html HTTP/1.0" 301 70327 "-" "Mozilla/5.0 (compatible; bingbot/2.0; +http://www.bing.com/bingbot.htm)"
5.255.231.71 - - [13/Jun/2021:13:19:25 +0200] "GET /images/mini_prod/8433933237212.jpg HTTP/1.0" 200 269 "-" "Mozilla/5.0 (compatible; YandexImages/3.0; +http://yandex.com/bots)"
54.36.148.86 - - [13/Jun/2021:13:20:14 +0200] "GET /pill-chat-cushions-p-53836.html HTTP/1.0" 200 72984 "-" "Mozilla/5.0 (compatible; AhrefsBot/7.0; +http://ahrefs.com/robot/)"
157.55.39.152 - - [13/Jun/2021:13:20:25 +0200] "GET /-p-24800.html HTTP/1.0" 200 70165 "-" "Mozilla/5.0 (compatible; bingbot/2.0; +http://www.bing.com/bingbot.htm)"
157.55.39.128 - - [13/Jun/2021:13:20:41 +0200] "GET /collectible-figurines-and-decorative-c-13_135.html?page=4 HTTP/1.0" 301 96266 "-" "Mozilla/5.0 (compatible; bingbot/2.0; +http://www.bing.com/bingbot.htm)"
207.46.13.79 - - [13/Jun/2021:13:20:48 +0200] "GET /images/3438100351994.jpg HTTP/1.0" 200 259 "-" "Mozilla/5.0 (compatible; bingbot/2.0; +http://www.bing.com/bingbot.htm)"
207.46.13.38 - - [13/Jun/2021:13:21:04 +0200] "GET /princess-sofia-musical-jewelry-box-p-26782.html HTTP/1.0" 301 70232 "-" "Mozilla/5.0 (compatible; bingbot/2.0; +http://www.bing.com/bingbot.htm)"
157.55.39.128 - - [13/Jun/2021:13:21:20 +0200] "GET /-p-28845.html HTTP/1.0" 200 70165 "-" "Mozilla/5.0 (compatible; bingbot/2.0; +http://www.bing.com/bingbot.htm)"
49.7.20.122 - - [13/Jun/2021:13:21:38 +0200] "GET / HTTP/1.0" 200 150488 "-" "Sogou web spider/4.0(+http://www.sogou.com/docs/help/webmasters.htm#07)"
185.191.171.33 - - [13/Jun/2021:13:21:40 +0200] "GET /coat-rack-p-50130.html?action=add_product HTTP/1.0" 302 476 "-" "Mozilla/5.0 (compatible; SemrushBot/7~bl; +http://www.semrush.com/bot.html)"
207.46.13.79 - - [13/Jun/2021:13:22:20 +0200] "GET /-p-22355.html HTTP/1.0" 200 70165 "-" "Mozilla/5.0 (compatible; bingbot/2.0; +http://www.bing.com/bingbot.htm)"
207.46.13.38 - - [13/Jun/2021:13:22:24 +0200] "GET /blue-vespa-shoulder-bag-p-23064.html HTTP/1.0" 301 70349 "-" "Mozilla/5.0 (compatible; bingbot/2.0; +http://www.bing.com/bingbot.htm)"
207.46.13.38 - - [13/Jun/2021:13:22:26 +0200] "GET /jasmin-large-cabas-rockabilly-p-39275.html HTTP/1.0" 200 70257 "-" "Mozilla/5.0 (compatible; bingbot/2.0; +http://www.bing.com/bingbot.htm)"
207.46.13.38 - - [13/Jun/2021:13:22:35 +0200] "GET /-p-5173.html HTTP/1.0" 200 70163 "-" "Mozilla/5.0 (compatible; bingbot/2.0; +http://www.bing.com/bingbot.htm)"
207.46.13.38 - - [13/Jun/2021:13:22:39 +0200] "GET /teo-jasmin-orange-book-directory-p-30140.html HTTP/1.0" 301 73022 "-" "Mozilla/5.0 (compatible; bingbot/2.0; +http://www.bing.com/bingbot.htm)"
157.55.39.152 - - [13/Jun/2021:13:22:44 +0200] "GET /images/mini_prod/8422010052206.jpg HTTP/1.0" 200 269 "-" "Mozilla/5.0 (compatible; bingbot/2.0; +http://www.bing.com/bingbot.htm)"
157.55.39.122 - - [13/Jun/2021:13:23:01 +0200] "GET /lola-shower-towel-70-130-cm-420-gr-grey-p-41786.html HTTP/1.0" 301 73799 "-" "Mozilla/5.0 (compatible; bingbot/2.0; +http://www.bing.com/bingbot.htm)"
54.36.148.250 - - [13/Jun/2021:13:23:17 +0200] "GET /calendar-bookmarks-year-2018-16-cm-p-36807.html HTTP/1.0" 301 70232 "-" "Mozilla/5.0 (compatible; AhrefsBot/7.0; +http://ahrefs.com/robot/)"
207.46.13.38 - - [13/Jun/2021:13:23:24 +0200] "GET /rasta-duck-frame-canvas-p-31824.html HTTP/1.0" 200 72855 "-" "Mozilla/5.0 (compatible; bingbot/2.0; +http://www.bing.com/bingbot.htm)"
185.191.171.38 - - [13/Jun/2021:13:23:27 +0200] "GET /wax-melt-true-enchantment-p-39005.html HTTP/1.0" 301 73533 "-" "Mozilla/5.0 (compatible; SemrushBot/7~bl; +http://www.semrush.com/bot.html)"
207.46.13.38 - - [13/Jun/2021:13:23:28 +0200] "GET /images/big_prod_1/8424345491002a.jpg HTTP/1.0" 200 271 "-" "Mozilla/5.0 (compatible; bingbot/2.0; +http://www.bing.com/bingbot.htm)"
185.191.171.33 - - [13/Jun/2021:13:23:29 +0200] "GET /melt-true-enchantment-p-39005.html HTTP/1.0" 200 73445 "-" "Mozilla/5.0 (compatible; SemrushBot/7~bl; +http://www.semrush.com/bot.html)"
185.191.171.39 - - [13/Jun/2021:13:23:34 +0200] "GET /small-metallic-box-retro-95-55-21-cm-welcome-to-surfing-p-38918.html HTTP/1.0" 301 70416 "-" "Mozilla/5.0 (compatible; SemrushBot/7~bl; +http://www.semrush.com/bot.html)"
185.191.171.23 - - [13/Jun/2021:13:23:36 +0200] "GET /small-metallic-retro-welcome-surfing-p-38918.html HTTP/1.0" 200 70313 "-" "Mozilla/5.0 (compatible; SemrushBot/7~bl; +http://www.semrush.com/bot.html)"
185.191.171.39 - - [13/Jun/2021:13:23:38 +0200] "GET /do-me-favor-smile-panel-led-p-35337.html HTTP/1.0" 301 72943 "-" "Mozilla/5.0 (compatible; SemrushBot/7~bl; +http://www.semrush.com/bot.html)"
185.191.171.18 - - [13/Jun/2021:13:23:40 +0200] "GET /favor-smile-panel-p-35337.html HTTP/1.0" 200 72859 "-" "Mozilla/5.0 (compatible; SemrushBot/7~bl; +http://www.semrush.com/bot.html)"
185.191.171.5 - - [13/Jun/2021:13:23:49 +0200] "GET /double-dispenser-cereals-p-50116.html HTTP/1.0" 200 73453 "-" "Mozilla/5.0 (compatible; SemrushBot/7~bl; +http://www.semrush.com/bot.html)"
54.36.149.9 - - [13/Jun/2021:13:23:49 +0200] "GET /spice-with-sprinkler-nature-p-46512.html HTTP/1.0" 200 70282 "-" "Mozilla/5.0 (compatible; AhrefsBot/7.0; +http://ahrefs.com/robot/)"
157.55.39.152 - - [13/Jun/2021:13:24:04 +0200] "GET / HTTP/1.0" 301 511 "-" "Mozilla/5.0 (compatible; bingbot/2.0; +http://www.bing.com/bingbot.htm)"
40.77.167.70 - - [13/Jun/2021:13:24:04 +0200] "GET /horses-cosmetic-bag-p-24232.html HTTP/1.0" 301 72937 "-" "Mozilla/5.0 (compatible; bingbot/2.0; +http://www.bing.com/bingbot.htm)"
185.191.171.39 - - [13/Jun/2021:13:24:13 +0200] "GET /vintage-tv-liberty-cushion-p-16211.html HTTP/1.0" 301 73463 "-" "Mozilla/5.0 (compatible; SemrushBot/7~bl; +http://www.semrush.com/bot.html)"
185.191.171.40 - - [13/Jun/2021:13:24:15 +0200] "GET /vintage-liberty-cushion-p-16211.html HTTP/1.0" 200 73373 "-" "Mozilla/5.0 (compatible; SemrushBot/7~bl; +http://www.semrush.com/bot.html)"
103.111.30.40 - - [13/Jun/2021:13:24:29 +0200] "GET /wp-login.php HTTP/1.0" 404 1308 "-" "Mozilla/5.0 (X11; Ubuntu; Linux x86_64; rv:62.0) Gecko/20100101 Firefox/62.0"
40.77.167.106 - - [13/Jun/2021:13:24:45 +0200] "GET /-p-39366.html HTTP/1.0" 200 70165 "-" "Mozilla/5.0 (compatible; bingbot/2.0; +http://www.bing.com/bingbot.htm)"
54.36.148.19 - - [13/Jun/2021:13:24:48 +0200] "GET /eyelet-curtain-135-240-cm-p-52387.html HTTP/1.0" 301 75671 "-" "Mozilla/5.0 (compatible; AhrefsBot/7.0; +http://ahrefs.com/robot/)"
185.191.171.18 - - [13/Jun/2021:13:24:48 +0200] "GET /toilet-paper-dispenser-p-42984.html HTTP/1.0" 200 72797 "-" "Mozilla/5.0 (compatible; SemrushBot/7~bl; +http://www.semrush.com/bot.html)"
40.77.167.70 - - [13/Jun/2021:13:25:02 +0200] "GET /home/furnishings/mickey-mouse-folding-chair-p-20554.html HTTP/1.0" 301 72650 "-" "Mozilla/5.0 (compatible; bingbot/2.0; +http://www.bing.com/bingbot.htm)"
147.92.153.18 - - [13/Jun/2021:13:25:02 +0200] "GET /characters-sculpture-natural-wood-aluminum-p-55479.html HTTP/1.0" 200 73050 "-" "Mozilla/5.0 (compatible; Linespider/1.1; +https://lin.ee/4dwXkTH)"
40.77.167.70 - - [13/Jun/2021:13:25:04 +0200] "GET /merryweather-figure-p-15680.html HTTP/1.0" 200 70251 "-" "Mozilla/5.0 (compatible; bingbot/2.0; +http://www.bing.com/bingbot.htm)"
66.249.68.10 - - [13/Jun/2021:13:25:18 +0200] "GET /images/mini_prod/3453131155342.jpg HTTP/1.0" 200 269 "-" "Googlebot-Image/1.0"
40.77.167.106 - - [13/Jun/2021:13:25:25 +0200] "GET /-p-13951.html HTTP/1.0" 200 70165 "-" "Mozilla/5.0 (compatible; bingbot/2.0; +http://www.bing.com/bingbot.htm)"
185.191.171.11 - - [13/Jun/2021:13:25:30 +0200] "GET /jane-crowther-cats-p-54244.html HTTP/1.0" 200 73427 "-" "Mozilla/5.0 (compatible; SemrushBot/7~bl; +http://www.semrush.com/bot.html)"
157.55.39.44 - - [13/Jun/2021:13:26:23 +0200] "GET /despicable-me-marbles-p-33480.html HTTP/1.0" 301 73064 "-" "Mozilla/5.0 (compatible; bingbot/2.0; +http://www.bing.com/bingbot.htm)"
207.46.13.38 - - [13/Jun/2021:13:26:45 +0200] "GET /buddha-canvas-frame-40-40-cm-p-38506.html HTTP/1.0" 301 72984 "-" "Mozilla/5.0 (compatible; bingbot/2.0; +http://www.bing.com/bingbot.htm)"
185.191.171.43 - - [13/Jun/2021:13:26:53 +0200] "GET /key-holder-in-raw-wood-p-47969.html HTTP/1.0" 301 70299 "-" "Mozilla/5.0 (compatible; SemrushBot/7~bl; +http://www.semrush.com/bot.html)"
185.191.171.23 - - [13/Jun/2021:13:26:55 +0200] "GET /holder-wood-p-47969.html HTTP/1.0" 200 70221 "-" "Mozilla/5.0 (compatible; SemrushBot/7~bl; +http://www.semrush.com/bot.html)"
207.46.13.38 - - [13/Jun/2021:13:27:00 +0200] "GET /best-breakfast-cutting-board-23-14-cm-p-40645.html HTTP/1.0" 301 73008 "-" "Mozilla/5.0 (compatible; bingbot/2.0; +http://www.bing.com/bingbot.htm)"
5.255.231.71 - - [13/Jun/2021:13:27:01 +0200] "GET /images/mini_prod/3520071776705.jpg HTTP/1.0" 200 269 "-" "Mozilla/5.0 (compatible; YandexImages/3.0; +http://yandex.com/bots)"
157.55.39.122 - - [13/Jun/2021:13:27:03 +0200] "GET /decorative-wooden-plate-barbecue-party-anthracite-p-47836.html HTTP/1.0" 200 73241 "-" "Mozilla/5.0 (compatible; bingbot/2.0; +http://www.bing.com/bingbot.htm)"
40.77.167.106 - - [13/Jun/2021:13:27:08 +0200] "GET /horse-portrait-canvas-frame-p-31841.html HTTP/1.0" 200 72888 "-" "Mozilla/5.0 (compatible; bingbot/2.0; +http://www.bing.com/bingbot.htm)"
17.121.113.160 - - [13/Jun/2021:13:27:21 +0200] "GET /christopher-zippo-lighter-p-53269.html HTTP/1.0" 200 74636 "-" "Mozilla/5.0 (Macintosh; Intel Mac OS X 10_15_5) AppleWebKit/605.1.15 (KHTML, like Gecko) Version/13.1.1 Safari/605.1.15 (Applebot/0.1; +http://www.apple.com/go/applebot)"
54.36.148.86 - - [13/Jun/2021:13:27:21 +0200] "GET /florialys-fragrance-provence-imperial-lavender-p-48502.html HTTP/1.0" 200 73122 "-" "Mozilla/5.0 (compatible; AhrefsBot/7.0; +http://ahrefs.com/robot/)"
207.46.13.38 - - [13/Jun/2021:13:27:25 +0200] "GET /fdm-fiers-etre-marseillais-baby-sweatsuit-p-29987.html HTTP/1.0" 301 74754 "-" "Mozilla/5.0 (compatible; bingbot/2.0; +http://www.bing.com/bingbot.htm)"
40.77.167.70 - - [13/Jun/2021:13:27:45 +0200] "GET /vespa-blue-keyring-p-31627.html HTTP/1.0" 200 70227 "-" "Mozilla/5.0 (compatible; bingbot/2.0; +http://www.bing.com/bingbot.htm)"
157.55.39.128 - - [13/Jun/2021:13:27:51 +0200] "GET /cactus-flower-pot-in-resin-p-48535.html HTTP/1.0" 301 70331 "-" "Mozilla/5.0 (compatible; bingbot/2.0; +http://www.bing.com/bingbot.htm)"
54.36.149.76 - - [13/Jun/2021:13:28:38 +0200] "GET /iphone-silicone-red-shell-audiocassette-p-18939.html HTTP/1.0" 301 76298 "-" "Mozilla/5.0 (compatible; AhrefsBot/7.0; +http://ahrefs.com/robot/)"
185.191.171.41 - - [13/Jun/2021:13:29:16 +0200] "GET /tweety-bookends-p-6399.html HTTP/1.0" 200 72697 "-" "Mozilla/5.0 (compatible; SemrushBot/7~bl; +http://www.semrush.com/bot.html)"
40.77.167.90 - - [13/Jun/2021:13:29:22 +0200] "GET /batman-polar-blanket-p-31997.html HTTP/1.0" 200 72971 "-" "Mozilla/5.0 (compatible; bingbot/2.0; +http://www.bing.com/bingbot.htm)"
40.77.167.90 - - [13/Jun/2021:13:29:22 +0200] "GET /stitch-figure-collection-by-romero-britto-p-51468.html HTTP/1.0" 301 74563 "-" "Mozilla/5.0 (compatible; bingbot/2.0; +http://www.bing.com/bingbot.htm)"
157.55.39.122 - - [13/Jun/2021:13:29:26 +0200] "GET /-p-22585.html HTTP/1.0" 200 70165 "-" "Mozilla/5.0 (compatible; bingbot/2.0; +http://www.bing.com/bingbot.htm)"
207.46.13.38 - - [13/Jun/2021:13:29:44 +0200] "GET /js/jquery.js HTTP/1.0" 200 252 "-" "Mozilla/5.0 (compatible; bingbot/2.0; +http://www.bing.com/bingbot.htm)"
207.46.13.38 - - [13/Jun/2021:13:29:44 +0200] "GET /js/jquery.js HTTP/1.0" 200 252 "-" "Mozilla/5.0 (compatible; bingbot/2.0; +http://www.bing.com/bingbot.htm)"
207.46.13.38 - - [13/Jun/2021:13:29:55 +0200] "GET /baby-chimpanzee-small-round-magnet-p-31911.html HTTP/1.0" 200 72871 "-" "Mozilla/5.0 (compatible; bingbot/2.0; +http://www.bing.com/bingbot.htm)"
5.255.231.71 - - [13/Jun/2021:13:30:19 +0200] "GET /images/mini_prod/5055321765850.jpg HTTP/1.0" 200 269 "-" "Mozilla/5.0 (compatible; YandexImages/3.0; +http://yandex.com/bots)"
185.191.171.42 - - [13/Jun/2021:13:30:44 +0200] "GET /tendresse-duvet-cover-washed-cotton-gauze-p-54431.html HTTP/1.0" 200 74464 "-" "Mozilla/5.0 (compatible; SemrushBot/7~bl; +http://www.semrush.com/bot.html)"
40.77.167.70 - - [13/Jun/2021:13:30:45 +0200] "GET /-p-31121.html HTTP/1.0" 200 70165 "-" "Mozilla/5.0 (compatible; bingbot/2.0; +http://www.bing.com/bingbot.htm)"
54.36.148.118 - - [13/Jun/2021:13:30:46 +0200] "GET /spice-with-sprinkler-piquant-p-46511.html HTTP/1.0" 200 70259 "-" "Mozilla/5.0 (compatible; AhrefsBot/7.0; +http://ahrefs.com/robot/)"
157.55.39.44 - - [13/Jun/2021:13:31:00 +0200] "GET /small-box-for-baby-teeth-the-small-mouse-p-49165.html HTTP/1.0" 301 73134 "-" "Mozilla/5.0 (compatible; bingbot/2.0; +http://www.bing.com/bingbot.htm)"
185.191.171.6 - - [13/Jun/2021:13:31:08 +0200] "GET /gorjuss-classic-stripe-boxed-pencil-set-ladybird-p-43174.html HTTP/1.0" 301 73786 "-" "Mozilla/5.0 (compatible; SemrushBot/7~bl; +http://www.semrush.com/bot.html)"
185.191.171.39 - - [13/Jun/2021:13:31:10 +0200] "GET /gorjuss-classic-stripe-boxed-pencil-ladybird-p-43174.html HTTP/1.0" 200 73675 "-" "Mozilla/5.0 (compatible; SemrushBot/7~bl; +http://www.semrush.com/bot.html)"
157.55.39.128 - - [13/Jun/2021:13:31:11 +0200] "GET /coca-cola-sugar-box-p-31660.html HTTP/1.0" 301 70305 "-" "Mozilla/5.0 (compatible; bingbot/2.0; +http://www.bing.com/bingbot.htm)"
35.243.252.220 - - [13/Jun/2021:13:31:17 +0200] "GET /cake-molds-cube-molds-c-12_246.html HTTP/1.0" 200 85130 "-" "ZoominfoBot (zoominfobot at zoominfo dot com)"
207.46.13.79 - - [13/Jun/2021:13:31:22 +0200] "GET /ford-zippo-lighter-p-49080.html HTTP/1.0" 200 73989 "-" "Mozilla/5.0 (compatible; bingbot/2.0; +http://www.bing.com/bingbot.htm)"
17.121.112.86 - - [13/Jun/2021:13:31:23 +0200] "GET /-p-40303.html HTTP/1.0" 200 70165 "-" "Mozilla/5.0 (Macintosh; Intel Mac OS X 10_15_5) AppleWebKit/605.1.15 (KHTML, like Gecko) Version/13.1.1 Safari/605.1.15 (Applebot/0.1; +http://www.apple.com/go/applebot)"
54.36.148.6 - - [13/Jun/2021:13:31:35 +0200] "GET /canvas-frame-regles-des-toilettes-p-52180.html HTTP/1.0" 301 73667 "-" "Mozilla/5.0 (compatible; AhrefsBot/7.0; +http://ahrefs.com/robot/)"
17.121.112.86 - - [13/Jun/2021:13:31:56 +0200] "GET /cement-tile-stickers-p-50341.html HTTP/1.0" 200 73113 "-" "Mozilla/5.0 (Macintosh; Intel Mac OS X 10_15_5) AppleWebKit/605.1.15 (KHTML, like Gecko) Version/13.1.1 Safari/605.1.15 (Applebot/0.1; +http://www.apple.com/go/applebot)"
40.77.167.70 - - [13/Jun/2021:13:32:36 +0200] "GET /betty-boop-photo-frame-p-17823.html HTTP/1.0" 200 72837 "-" "Mozilla/5.0 (compatible; bingbot/2.0; +http://www.bing.com/bingbot.htm)"
40.77.167.106 - - [13/Jun/2021:13:33:25 +0200] "GET /-p-19527.html HTTP/1.0" 200 70165 "-" "Mozilla/5.0 (compatible; bingbot/2.0; +http://www.bing.com/bingbot.htm)"
207.46.13.79 - - [13/Jun/2021:13:33:34 +0200] "GET /another-beer-metal-plate-deco-p-36124.html HTTP/1.0" 200 72850 "-" "Mozilla/5.0 (compatible; bingbot/2.0; +http://www.bing.com/bingbot.htm)"
54.36.148.224 - - [13/Jun/2021:13:33:51 +0200] "GET /tour-eiffel-pot-cookware-p-29704.html HTTP/1.0" 301 72976 "-" "Mozilla/5.0 (compatible; AhrefsBot/7.0; +http://ahrefs.com/robot/)"
40.77.167.90 - - [13/Jun/2021:13:34:12 +0200] "GET /provence-metal-plate-30-15-cm-p-47634.html HTTP/1.0" 301 72881 "-" "Mozilla/5.0 (compatible; bingbot/2.0; +http://www.bing.com/bingbot.htm)"
40.77.167.90 - - [13/Jun/2021:13:34:13 +0200] "GET /moroccan-green-ashtray-p-31884.html HTTP/1.0" 200 72792 "-" "Mozilla/5.0 (compatible; bingbot/2.0; +http://www.bing.com/bingbot.htm)"
207.46.13.38 - - [13/Jun/2021:13:34:35 +0200] "GET /strawberries-oilcloth-240-160-cm-p-48559.html HTTP/1.0" 301 72983 "-" "Mozilla/5.0 (compatible; bingbot/2.0; +http://www.bing.com/bingbot.htm)"
157.55.39.44 - - [13/Jun/2021:13:34:40 +0200] "GET /images/big_prod_1/1328399138296b.jpg HTTP/1.0" 200 271 "-" "Mozilla/5.0 (compatible; bingbot/2.0; +http://www.bing.com/bingbot.htm)"
185.191.171.25 - - [13/Jun/2021:13:34:45 +0200] "GET /viking-cross-wooden-wall-decoration-p-46239.html?action=add_product HTTP/1.0" 302 476 "-" "Mozilla/5.0 (compatible; SemrushBot/7~bl; +http://www.semrush.com/bot.html)"
54.36.148.83 - - [13/Jun/2021:13:34:47 +0200] "GET /robots.txt HTTP/1.0" 301 531 "-" "Mozilla/5.0 (compatible; AhrefsBot/7.0; +http://ahrefs.com/robot/)"
54.36.148.83 - - [13/Jun/2021:13:34:47 +0200] "GET /robots.txt HTTP/1.0" 200 245 "-" "Mozilla/5.0 (compatible; AhrefsBot/7.0; +http://ahrefs.com/robot/)"
54.36.148.86 - - [13/Jun/2021:13:34:48 +0200] "GET / HTTP/1.0" 301 511 "-" "Mozilla/5.0 (compatible; AhrefsBot/7.0; +http://ahrefs.com/robot/)"
54.36.149.28 - - [13/Jun/2021:13:34:54 +0200] "GET /st-peter-statue-20-cm-p-43931.html HTTP/1.0" 301 72949 "-" "Mozilla/5.0 (compatible; AhrefsBot/7.0; +http://ahrefs.com/robot/)"
40.77.167.106 - - [13/Jun/2021:13:34:55 +0200] "GET /tetsubin-black-teapot-japanese-05-liter-p-41375.html HTTP/1.0" 301 73247 "-" "Mozilla/5.0 (compatible; bingbot/2.0; +http://www.bing.com/bingbot.htm)"
40.77.167.106 - - [13/Jun/2021:13:34:56 +0200] "GET /aerosmith-abyss-zippo-lighter-p-37651.html HTTP/1.0" 200 73303 "-" "Mozilla/5.0 (compatible; bingbot/2.0; +http://www.bing.com/bingbot.htm)"
54.36.149.2 - - [13/Jun/2021:13:35:07 +0200] "GET /blue-and-gold-cat-statuette-17-cm-p-35430.html HTTP/1.0" 301 70232 "-" "Mozilla/5.0 (compatible; AhrefsBot/7.0; +http://ahrefs.com/robot/)"
35.243.252.220 - - [13/Jun/2021:13:35:15 +0200] "GET /glasses-drinking-c-12_62.html HTTP/1.0" 200 90975 "-" "ZoominfoBot (zoominfobot at zoominfo dot com)"
157.55.39.128 - - [13/Jun/2021:13:35:22 +0200] "GET /-p-27352.html HTTP/1.0" 200 70165 "-" "Mozilla/5.0 (compatible; bingbot/2.0; +http://www.bing.com/bingbot.htm)"
51.68.224.127 - - [13/Jun/2021:13:35:24 +0200] "GET /adminweb/export_orders_xml.php?token=256de2z6edz6ed2z6DFSFsed2zed6zeDSFDSGdzedezfzf&maxorders=10&orderstart=1&status=14&start_date=2018-10-01 HTTP/1.0" 200 285 "-" "GesCom CharlotteBoutik Serveur"
51.68.224.127 - - [13/Jun/2021:13:35:24 +0200] "GET /adminweb/export_orders_xml.php?token=256de2z6edz6ed2z6DFSFsed2zed6zeDSFDSGdzedezfzf&maxorders=10&orderstart=1&status=6&start_date=2018-10-01 HTTP/1.0" 200 30039 "-" "GesCom CharlotteBoutik Serveur"
207.46.13.38 - - [13/Jun/2021:13:35:27 +0200] "GET /-p-21568.html HTTP/1.0" 200 70165 "-" "Mozilla/5.0 (compatible; bingbot/2.0; +http://www.bing.com/bingbot.htm)"
147.92.153.10 - - [13/Jun/2021:13:35:42 +0200] "GET /images/big_prod/3665269117424.jpg HTTP/1.0" 200 268 "-" "Mozilla/5.0 (compatible; Linespider/1.1; +https://lin.ee/4dwXkTH)"
40.77.167.70 - - [13/Jun/2021:13:36:16 +0200] "GET /little-buddha-happy-statue-10-cm-p-37710.html HTTP/1.0" 301 72993 "-" "Mozilla/5.0 (compatible; bingbot/2.0; +http://www.bing.com/bingbot.htm)"
185.191.171.42 - - [13/Jun/2021:13:36:43 +0200] "GET /great-dog-bowls-table-p-31429.html HTTP/1.0" 301 72965 "-" "Mozilla/5.0 (compatible; SemrushBot/7~bl; +http://www.semrush.com/bot.html)"
185.191.171.14 - - [13/Jun/2021:13:36:45 +0200] "GET /great-bowls-table-p-31429.html HTTP/1.0" 200 72881 "-" "Mozilla/5.0 (compatible; SemrushBot/7~bl; +http://www.semrush.com/bot.html)"
35.243.252.220 - - [13/Jun/2021:13:37:21 +0200] "GET /bowls-c-12_255.html HTTP/1.0" 200 78275 "-" "ZoominfoBot (zoominfobot at zoominfo dot com)"
207.46.13.38 - - [13/Jun/2021:13:37:30 +0200] "GET /images/mini_prod/3453131139632.jpg HTTP/1.0" 200 269 "-" "Mozilla/5.0 (compatible; bingbot/2.0; +http://www.bing.com/bingbot.htm)"
207.46.13.38 - - [13/Jun/2021:13:37:30 +0200] "GET /sticker-for-windows-chakra-p-48353.html HTTP/1.0" 301 72954 "-" "Mozilla/5.0 (compatible; bingbot/2.0; +http://www.bing.com/bingbot.htm)"
40.77.167.106 - - [13/Jun/2021:13:37:46 +0200] "GET /-p-31186.html HTTP/1.0" 200 70165 "-" "Mozilla/5.0 (compatible; bingbot/2.0; +http://www.bing.com/bingbot.htm)"
40.77.167.106 - - [13/Jun/2021:13:37:47 +0200] "GET /ferrari-towel-80-160-cm-p-39108.html HTTP/1.0" 301 70232 "-" "Mozilla/5.0 (compatible; bingbot/2.0; +http://www.bing.com/bingbot.htm)"
207.46.13.38 - - [13/Jun/2021:13:37:54 +0200] "GET /jasmin-croisette-notebook-p-34953.html HTTP/1.0" 200 72954 "-" "Mozilla/5.0 (compatible; bingbot/2.0; +http://www.bing.com/bingbot.htm)"
54.36.148.86 - - [13/Jun/2021:13:38:13 +0200] "GET / HTTP/1.0" 200 149740 "-" "Mozilla/5.0 (compatible; AhrefsBot/7.0; +http://ahrefs.com/robot/)"
157.55.39.44 - - [13/Jun/2021:13:39:01 +0200] "GET /labrador-puppies-bedside-lamp-p-26616.html HTTP/1.0" 200 72792 "-" "Mozilla/5.0 (compatible; bingbot/2.0; +http://www.bing.com/bingbot.htm)"
157.55.39.152 - - [13/Jun/2021:13:39:26 +0200] "GET /small-pucca-alarm-clock-p-15438.html HTTP/1.0" 200 73001 "-" "Mozilla/5.0 (compatible; bingbot/2.0; +http://www.bing.com/bingbot.htm)"
106.38.241.175 - - [13/Jun/2021:13:39:33 +0200] "GET / HTTP/1.0" 200 149996 "-" "Sogou web spider/4.0(+http://www.sogou.com/docs/help/webmasters.htm#07)"
40.77.167.106 - - [13/Jun/2021:13:39:46 +0200] "GET /merci-gustave-eiffel-tower-minnie-mouse-pink-p-32822.html HTTP/1.0" 200 70376 "-" "Mozilla/5.0 (compatible; bingbot/2.0; +http://www.bing.com/bingbot.htm)"
207.46.13.38 - - [13/Jun/2021:13:40:01 +0200] "GET /-p-29478.html HTTP/1.0" 200 70165 "-" "Mozilla/5.0 (compatible; bingbot/2.0; +http://www.bing.com/bingbot.htm)"
54.36.148.86 - - [13/Jun/2021:13:40:03 +0200] "GET /small-statuette-marie-dore-p-55485.html HTTP/1.0" 200 73522 "-" "Mozilla/5.0 (compatible; AhrefsBot/7.0; +http://ahrefs.com/robot/)"
54.36.149.16 - - [13/Jun/2021:13:40:05 +0200] "GET /detective-pusheen-backpack-clip-p-38719.html HTTP/1.0" 301 70232 "-" "Mozilla/5.0 (compatible; AhrefsBot/7.0; +http://ahrefs.com/robot/)"
157.55.39.44 - - [13/Jun/2021:13:40:11 +0200] "GET /pillow-case-in-cotton-percale-80-threads-65-65-cm-p-48194.html HTTP/1.0" 301 73195 "-" "Mozilla/5.0 (compatible; bingbot/2.0; +http://www.bing.com/bingbot.htm)"
207.46.13.38 - - [13/Jun/2021:13:40:16 +0200] "GET /iron-man-avengers-figure-p-24825.html HTTP/1.0" 301 73018 "-" "Mozilla/5.0 (compatible; bingbot/2.0; +http://www.bing.com/bingbot.htm)"
207.46.13.79 - - [13/Jun/2021:13:41:24 +0200] "GET /-p-12630.html HTTP/1.0" 200 70165 "-" "Mozilla/5.0 (compatible; bingbot/2.0; +http://www.bing.com/bingbot.htm)"
157.55.39.128 - - [13/Jun/2021:13:41:32 +0200] "GET /mr-men-melamine-plate-p-4256.html HTTP/1.0" 301 70303 "-" "Mozilla/5.0 (compatible; bingbot/2.0; +http://www.bing.com/bingbot.htm)"
207.46.13.38 - - [13/Jun/2021:13:41:36 +0200] "GET /barbapapa-wooden-car-p-16076.html HTTP/1.0" 301 73032 "-" "Mozilla/5.0 (compatible; bingbot/2.0; +http://www.bing.com/bingbot.htm)"
40.77.167.106 - - [13/Jun/2021:13:41:37 +0200] "GET /cats-grey-cups-espresso-p-37857.html HTTP/1.0" 200 72873 "-" "Mozilla/5.0 (compatible; bingbot/2.0; +http://www.bing.com/bingbot.htm)"
54.36.148.183 - - [13/Jun/2021:13:41:48 +0200] "GET /home-decoration-c-13.html?page=42 HTTP/1.0" 200 92769 "-" "Mozilla/5.0 (compatible; AhrefsBot/7.0; +http://ahrefs.com/robot/)"
40.77.167.90 - - [13/Jun/2021:13:41:53 +0200] "GET /johnny-hallyday-cigarettes-case-p-51147.html HTTP/1.0" 200 73719 "-" "Mozilla/5.0 (compatible; bingbot/2.0; +http://www.bing.com/bingbot.htm)"
185.191.171.15 - - [13/Jun/2021:13:42:20 +0200] "GET /stone-polychrome-jasper-grams-p-46583.html?action=add_product HTTP/1.0" 302 476 "-" "Mozilla/5.0 (compatible; SemrushBot/7~bl; +http://www.semrush.com/bot.html)"
207.46.13.79 - - [13/Jun/2021:13:42:25 +0200] "GET /dubout-cats-white-mug-p-52492.html HTTP/1.0" 301 72845 "-" "Mozilla/5.0 (compatible; bingbot/2.0; +http://www.bing.com/bingbot.htm)"
185.191.171.39 - - [13/Jun/2021:13:42:36 +0200] "GET /quilted-floor-grey-blue-p-45104.html?action=add_product HTTP/1.0" 302 476 "-" "Mozilla/5.0 (compatible; SemrushBot/7~bl; +http://www.semrush.com/bot.html)"
40.77.167.70 - - [13/Jun/2021:13:42:37 +0200] "GET /-p-19372.html HTTP/1.0" 200 70165 "-" "Mozilla/5.0 (compatible; bingbot/2.0; +http://www.bing.com/bingbot.htm)"
40.77.167.106 - - [13/Jun/2021:13:42:46 +0200] "GET /clocks-c-13_67.html?page=9 HTTP/1.0" 200 92840 "-" "Mozilla/5.0 (compatible; bingbot/2.0; +http://www.bing.com/bingbot.htm)"
40.77.167.90 - - [13/Jun/2021:13:42:55 +0200] "GET /teddy-bear-christmas-tree-decoration-cm-p-49647.html HTTP/1.0" 301 70412 "-" "Mozilla/5.0 (compatible; bingbot/2.0; +http://www.bing.com/bingbot.htm)"
35.243.252.220 - - [13/Jun/2021:13:42:56 +0200] "GET /products_new.php HTTP/1.0" 200 95115 "-" "ZoominfoBot (zoominfobot at zoominfo dot com)"
157.55.39.44 - - [13/Jun/2021:13:43:02 +0200] "GET /smurf-coin-bank-p-23436.html HTTP/1.0" 200 72749 "-" "Mozilla/5.0 (compatible; bingbot/2.0; +http://www.bing.com/bingbot.htm)"
40.77.167.70 - - [13/Jun/2021:13:43:09 +0200] "GET /-p-18312.html HTTP/1.0" 200 70165 "-" "Mozilla/5.0 (compatible; bingbot/2.0; +http://www.bing.com/bingbot.htm)"
35.243.252.220 - - [13/Jun/2021:13:43:20 +0200] "GET /checkout_shipping.php HTTP/1.0" 302 468 "-" "ZoominfoBot (zoominfobot at zoominfo dot com)"
54.36.148.86 - - [13/Jun/2021:13:43:28 +0200] "GET /quote-cutting-board-p-51904.html HTTP/1.0" 200 72777 "-" "Mozilla/5.0 (compatible; AhrefsBot/7.0; +http://ahrefs.com/robot/)"
185.191.171.18 - - [13/Jun/2021:13:43:38 +0200] "GET /strawberry-shortcake-cap-and-scarf-set-years-p-22135.html HTTP/1.0" 301 73222 "-" "Mozilla/5.0 (compatible; SemrushBot/7~bl; +http://www.semrush.com/bot.html)"
185.191.171.13 - - [13/Jun/2021:13:43:41 +0200] "GET /strawberry-shortcake-scarf-years-p-22135.html HTTP/1.0" 200 73123 "-" "Mozilla/5.0 (compatible; SemrushBot/7~bl; +http://www.semrush.com/bot.html)"
54.36.148.109 - - [13/Jun/2021:13:43:41 +0200] "GET /corse-adult-cap-by-cbk-p-29936.html HTTP/1.0" 301 72922 "-" "Mozilla/5.0 (compatible; AhrefsBot/7.0; +http://ahrefs.com/robot/)"
185.191.171.36 - - [13/Jun/2021:13:43:45 +0200] "GET /square-coasters-cupcakes-cbkreation-p-17368.html?action=add_product HTTP/1.0" 302 476 "-" "Mozilla/5.0 (compatible; SemrushBot/7~bl; +http://www.semrush.com/bot.html)"
35.243.252.220 - - [13/Jun/2021:13:44:24 +0200] "GET /bottle-holder-beer-bucket-c-12_224.html HTTP/1.0" 200 89861 "-" "ZoominfoBot (zoominfobot at zoominfo dot com)"
185.191.171.3 - - [13/Jun/2021:13:44:25 +0200] "GET /smiski-figure-series-note-there-single-figure-p-37897.html?action=add_product HTTP/1.0" 302 476 "-" "Mozilla/5.0 (compatible; SemrushBot/7~bl; +http://www.semrush.com/bot.html)"
207.46.13.38 - - [13/Jun/2021:13:44:45 +0200] "GET /imitation-spanish-tile-pattern-p-46020.html HTTP/1.0" 200 70299 "-" "Mozilla/5.0 (compatible; bingbot/2.0; +http://www.bing.com/bingbot.htm)"
157.55.39.44 - - [13/Jun/2021:13:44:49 +0200] "GET /love-calligraphy-compact-mirror-p-26197.html HTTP/1.0" 200 72984 "-" "Mozilla/5.0 (compatible; bingbot/2.0; +http://www.bing.com/bingbot.htm)"
54.36.148.55 - - [13/Jun/2021:13:45:12 +0200] "GET /home-decoration-c-13.html?page=43 HTTP/1.0" 200 92953 "-" "Mozilla/5.0 (compatible; AhrefsBot/7.0; +http://ahrefs.com/robot/)"
35.243.252.220 - - [13/Jun/2021:13:45:18 +0200] "GET /manicure-articles-c-31_204.html HTTP/1.0" 200 89404 "-" "ZoominfoBot (zoominfobot at zoominfo dot com)"
157.55.39.152 - - [13/Jun/2021:13:45:27 +0200] "GET /cars-mattress-inflatable-surfboard-p-19985.html HTTP/1.0" 200 73048 "-" "Mozilla/5.0 (compatible; bingbot/2.0; +http://www.bing.com/bingbot.htm)"
17.121.115.142 - - [13/Jun/2021:13:45:40 +0200] "GET /pucca-pencil-case-p-2966.html HTTP/1.0" 200 72904 "-" "Mozilla/5.0 (Macintosh; Intel Mac OS X 10_15_5) AppleWebKit/605.1.15 (KHTML, like Gecko) Version/13.1.1 Safari/605.1.15 (Applebot/0.1; +http://www.apple.com/go/applebot)"
157.55.39.44 - - [13/Jun/2021:13:45:42 +0200] "GET /austin-mini-cooper-large-metal-plate-deco-p-33724.html HTTP/1.0" 200 70319 "-" "Mozilla/5.0 (compatible; bingbot/2.0; +http://www.bing.com/bingbot.htm)"
40.77.167.106 - - [13/Jun/2021:13:45:47 +0200] "GET /-p-18661.html HTTP/1.0" 200 70165 "-" "Mozilla/5.0 (compatible; bingbot/2.0; +http://www.bing.com/bingbot.htm)"
185.191.171.37 - - [13/Jun/2021:13:46:17 +0200] "GET /pink-kitchen-towel-p-55171.html?action=add_product HTTP/1.0" 302 476 "-" "Mozilla/5.0 (compatible; SemrushBot/7~bl; +http://www.semrush.com/bot.html)"
185.191.171.23 - - [13/Jun/2021:13:46:20 +0200] "GET /littlest-petshop-backpack-p-25773.html HTTP/1.0" 200 73127 "-" "Mozilla/5.0 (compatible; SemrushBot/7~bl; +http://www.semrush.com/bot.html)"
147.92.153.15 - - [13/Jun/2021:13:46:22 +0200] "GET /images/big_prod/5415203108920.jpg HTTP/1.0" 200 268 "-" "Mozilla/5.0 (compatible; Linespider/1.1; +https://lin.ee/4dwXkTH)"
54.36.148.93 - - [13/Jun/2021:13:46:42 +0200] "GET /set-of-pair-of-socks-strawberry-shortcake-size-19-22-p-24867.html HTTP/1.0" 301 70232 "-" "Mozilla/5.0 (compatible; AhrefsBot/7.0; +http://ahrefs.com/robot/)"
157.55.39.128 - - [13/Jun/2021:13:46:43 +0200] "GET /decorative-useful-little-buddha-p-53310.html HTTP/1.0" 200 72925 "-" "Mozilla/5.0 (compatible; bingbot/2.0; +http://www.bing.com/bingbot.htm)"
35.243.252.220 - - [13/Jun/2021:13:46:53 +0200] "GET /with-infuser-c-12_221.html HTTP/1.0" 200 90836 "-" "ZoominfoBot (zoominfobot at zoominfo dot com)"
54.36.148.86 - - [13/Jun/2021:13:46:54 +0200] "GET /tealights-violet-moon-p-42641.html HTTP/1.0" 200 73386 "-" "Mozilla/5.0 (compatible; AhrefsBot/7.0; +http://ahrefs.com/robot/)"
185.191.171.11 - - [13/Jun/2021:13:47:14 +0200] "GET /assassin-creed-zippo-lighter-p-45296.html HTTP/1.0" 200 75807 "-" "Mozilla/5.0 (compatible; SemrushBot/7~bl; +http://www.semrush.com/bot.html)"
157.55.39.152 - - [13/Jun/2021:13:47:17 +0200] "GET /lady-and-the-tramp-figure-p-4711.html HTTP/1.0" 301 72725 "-" "Mozilla/5.0 (compatible; bingbot/2.0; +http://www.bing.com/bingbot.htm)"
40.77.167.106 - - [13/Jun/2021:13:47:21 +0200] "GET /-p-20452.html HTTP/1.0" 200 70165 "-" "Mozilla/5.0 (compatible; bingbot/2.0; +http://www.bing.com/bingbot.htm)"
185.191.171.45 - - [13/Jun/2021:13:47:27 +0200] "GET /indian-porcelain-bowl-480-ml-p-39623.html HTTP/1.0" 301 72885 "-" "Mozilla/5.0 (compatible; SemrushBot/7~bl; +http://www.semrush.com/bot.html)"
185.191.171.40 - - [13/Jun/2021:13:47:30 +0200] "GET /indian-porcelain-bowl-p-39623.html HTTP/1.0" 200 72797 "-" "Mozilla/5.0 (compatible; SemrushBot/7~bl; +http://www.semrush.com/bot.html)"
185.191.171.39 - - [13/Jun/2021:13:47:34 +0200] "GET /kitchen-timer-clock-p-55014.html HTTP/1.0" 200 72815 "-" "Mozilla/5.0 (compatible; SemrushBot/7~bl; +http://www.semrush.com/bot.html)"
207.46.13.38 - - [13/Jun/2021:13:47:37 +0200] "GET /coca-cola-things-go-better-paper-towel-dispenser-p-35211.html HTTP/1.0" 301 70232 "-" "Mozilla/5.0 (compatible; bingbot/2.0; +http://www.bing.com/bingbot.htm)"
40.77.167.106 - - [13/Jun/2021:13:47:41 +0200] "GET /spiderman-sports-bottle-p-25059.html HTTP/1.0" 200 72800 "-" "Mozilla/5.0 (compatible; bingbot/2.0; +http://www.bing.com/bingbot.htm)"
54.36.148.183 - - [13/Jun/2021:13:48:24 +0200] "GET /decorative-brass-telescope-p-51516.html HTTP/1.0" 200 73473 "-" "Mozilla/5.0 (compatible; AhrefsBot/7.0; +http://ahrefs.com/robot/)"
35.243.252.220 - - [13/Jun/2021:13:49:00 +0200] "GET /dishes-dishes-c-12_251.html HTTP/1.0" 200 89382 "-" "ZoominfoBot (zoominfobot at zoominfo dot com)"
40.77.167.90 - - [13/Jun/2021:13:49:05 +0200] "GET /disney-frozen-olaf-large-bag-p-31219.html HTTP/1.0" 301 73194 "-" "Mozilla/5.0 (compatible; bingbot/2.0; +http://www.bing.com/bingbot.htm)"
157.55.39.152 - - [13/Jun/2021:13:49:09 +0200] "GET /-p-39591.html HTTP/1.0" 200 70165 "-" "Mozilla/5.0 (compatible; bingbot/2.0; +http://www.bing.com/bingbot.htm)"
207.46.13.38 - - [13/Jun/2021:13:49:21 +0200] "GET /small-wooden-towel-holder-hang-p-51023.html HTTP/1.0" 200 72940 "-" "Mozilla/5.0 (compatible; bingbot/2.0; +http://www.bing.com/bingbot.htm)"
207.46.13.38 - - [13/Jun/2021:13:49:28 +0200] "GET /jewels-beauty-accessories-c-3_29.html HTTP/1.0" 200 85279 "-" "Mozilla/5.0 (compatible; bingbot/2.0; +http://www.bing.com/bingbot.htm)"
40.77.167.90 - - [13/Jun/2021:13:49:37 +0200] "GET /hello-kitty-by-victoria-casal-couture-orange-watch-p-20144.html HTTP/1.0" 301 73106 "-" "Mozilla/5.0 (compatible; bingbot/2.0; +http://www.bing.com/bingbot.htm)"
157.55.39.122 - - [13/Jun/2021:13:49:43 +0200] "GET /-p-6907.html HTTP/1.0" 200 70163 "-" "Mozilla/5.0 (compatible; bingbot/2.0; +http://www.bing.com/bingbot.htm)"
54.36.148.158 - - [13/Jun/2021:13:49:58 +0200] "GET /superman-backpack-p-3539.html HTTP/1.0" 200 73016 "-" "Mozilla/5.0 (compatible; AhrefsBot/7.0; +http://ahrefs.com/robot/)"
157.55.39.128 - - [13/Jun/2021:13:50:04 +0200] "GET /-p-22347.html HTTP/1.0" 200 70165 "-" "Mozilla/5.0 (compatible; bingbot/2.0; +http://www.bing.com/bingbot.htm)"
157.55.39.152 - - [13/Jun/2021:13:50:09 +0200] "GET /basket-in-black-and-natural-palm-leaves-41-30-cm-p-48064.html HTTP/1.0" 301 73073 "-" "Mozilla/5.0 (compatible; bingbot/2.0; +http://www.bing.com/bingbot.htm)"
157.55.39.152 - - [13/Jun/2021:13:50:47 +0200] "GET /-p-29890.html HTTP/1.0" 200 70165 "-" "Mozilla/5.0 (compatible; bingbot/2.0; +http://www.bing.com/bingbot.htm)"
66.249.68.6 - - [13/Jun/2021:13:50:48 +0200] "GET /small-dory-finding-dory-p-37132.html HTTP/1.0" 200 74279 "-" "Mozilla/5.0 (Linux; Android 6.0.1; Nexus 5X Build/MMB29P) AppleWebKit/537.36 (KHTML, like Gecko) Chrome/91.0.4472.90 Mobile Safari/537.36 (compatible; Googlebot/2.1; +http://www.google.com/bot.html)"
185.191.171.15 - - [13/Jun/2021:13:50:50 +0200] "GET /leonard-de-vinci-paperweight-the-vitruvian-man-p-44146.html HTTP/1.0" 301 74374 "-" "Mozilla/5.0 (compatible; SemrushBot/7~bl; +http://www.semrush.com/bot.html)"
185.191.171.44 - - [13/Jun/2021:13:50:53 +0200] "GET /lonard-vinci-paperweight-vitruvian-p-44146.html HTTP/1.0" 200 74273 "-" "Mozilla/5.0 (compatible; SemrushBot/7~bl; +http://www.semrush.com/bot.html)"
207.46.13.38 - - [13/Jun/2021:13:51:07 +0200] "GET /bratz-scarf-glove-p-22129.html HTTP/1.0" 200 73025 "-" "Mozilla/5.0 (compatible; bingbot/2.0; +http://www.bing.com/bingbot.htm)"
185.191.171.36 - - [13/Jun/2021:13:51:11 +0200] "GET /fitted-sheet-in-cotton-percale-80-threads-140-190-30-cm-p-52134.html HTTP/1.0" 301 73906 "-" "Mozilla/5.0 (compatible; SemrushBot/7~bl; +http://www.semrush.com/bot.html)"
40.77.167.106 - - [13/Jun/2021:13:51:12 +0200] "GET /decorations-and-furnishings/zippo-harley-davidson-lighter-belt-case-p-13408.html HTTP/1.0" 301 73733 "-" "Mozilla/5.0 (compatible; bingbot/2.0; +http://www.bing.com/bingbot.htm)"
185.191.171.15 - - [13/Jun/2021:13:51:13 +0200] "GET /fitted-sheet-cotton-percale-threads-p-52134.html HTTP/1.0" 200 73804 "-" "Mozilla/5.0 (compatible; SemrushBot/7~bl; +http://www.semrush.com/bot.html)"
207.46.13.38 - - [13/Jun/2021:13:51:17 +0200] "GET /-p-29500.html HTTP/1.0" 200 70165 "-" "Mozilla/5.0 (compatible; bingbot/2.0; +http://www.bing.com/bingbot.htm)"
66.249.68.8 - - [13/Jun/2021:13:51:19 +0200] "GET /suitcase-lunch-lunch-c-12_64.html HTTP/1.0" 200 87458 "-" "Mozilla/5.0 (Linux; Android 6.0.1; Nexus 5X Build/MMB29P) AppleWebKit/537.36 (KHTML, like Gecko) Chrome/91.0.4472.90 Mobile Safari/537.36 (compatible; Googlebot/2.1; +http://www.google.com/bot.html)"
157.55.39.128 - - [13/Jun/2021:13:51:24 +0200] "GET /music-disc-turns-recorder-p-41581.html HTTP/1.0" 200 73908 "-" "Mozilla/5.0 (compatible; bingbot/2.0; +http://www.bing.com/bingbot.htm)"
54.36.148.86 - - [13/Jun/2021:13:51:31 +0200] "GET /pedal-green-p-52588.html HTTP/1.0" 200 73899 "-" "Mozilla/5.0 (compatible; AhrefsBot/7.0; +http://ahrefs.com/robot/)"
51.68.224.127 - - [13/Jun/2021:13:51:32 +0200] "GET /adminweb/export_orders_xml.php?token=256de2z6edz6ed2z6DFSFsed2zed6zeDSFDSGdzedezfzf&maxorders=10&orderstart=1&status=14&start_date=2018-10-01 HTTP/1.0" 200 285 "-" "GesCom CharlotteBoutik Serveur"
51.68.224.127 - - [13/Jun/2021:13:51:33 +0200] "GET /adminweb/export_orders_xml.php?token=256de2z6edz6ed2z6DFSFsed2zed6zeDSFDSGdzedezfzf&maxorders=10&orderstart=1&status=6&start_date=2018-10-01 HTTP/1.0" 200 30039 "-" "GesCom CharlotteBoutik Serveur"
207.46.13.38 - - [13/Jun/2021:13:51:49 +0200] "GET /frozen-elsa-and-anna-jewelry-box-p-37026.html HTTP/1.0" 301 73824 "-" "Mozilla/5.0 (compatible; bingbot/2.0; +http://www.bing.com/bingbot.htm)"
66.249.68.6 - - [13/Jun/2021:13:51:56 +0200] "GET /sexy-shower-curtain-p-39390.html HTTP/1.0" 200 72882 "-" "Mozilla/5.0 (Linux; Android 6.0.1; Nexus 5X Build/MMB29P) AppleWebKit/537.36 (KHTML, like Gecko) Chrome/91.0.4472.90 Mobile Safari/537.36 (compatible; Googlebot/2.1; +http://www.google.com/bot.html)"
185.191.171.22 - - [13/Jun/2021:13:52:04 +0200] "GET /vintage-cola-cola-bottle-canvas-frame-p-33385.html?action=add_product HTTP/1.0" 302 476 "-" "Mozilla/5.0 (compatible; SemrushBot/7~bl; +http://www.semrush.com/bot.html)"
207.46.13.38 - - [13/Jun/2021:13:52:08 +0200] "GET /zodiac-black-women-tee-shirt-p-30804.html HTTP/1.0" 301 74886 "-" "Mozilla/5.0 (compatible; bingbot/2.0; +http://www.bing.com/bingbot.htm)"
207.46.13.38 - - [13/Jun/2021:13:52:17 +0200] "GET /images/1399984252437.jpg HTTP/1.0" 200 259 "-" "Mozilla/5.0 (compatible; bingbot/2.0; +http://www.bing.com/bingbot.htm)"
40.77.167.70 - - [13/Jun/2021:13:52:19 +0200] "GET /cats-by-dubout-figurine-happy-days-p-33344.html HTTP/1.0" 301 70387 "-" "Mozilla/5.0 (compatible; bingbot/2.0; +http://www.bing.com/bingbot.htm)"
157.55.39.44 - - [13/Jun/2021:13:52:22 +0200] "GET /uk-alarm-clock-by-cbkreation-p-24991.html HTTP/1.0" 301 72963 "-" "Mozilla/5.0 (compatible; bingbot/2.0; +http://www.bing.com/bingbot.htm)"
40.77.167.70 - - [13/Jun/2021:13:52:22 +0200] "GET /iphone-transparent-shell-44s-with-personalized-picture-p-16340.html HTTP/1.0" 301 73437 "-" "Mozilla/5.0 (compatible; bingbot/2.0; +http://www.bing.com/bingbot.htm)"
49.7.20.122 - - [13/Jun/2021:13:52:27 +0200] "GET / HTTP/1.0" 200 149935 "-" "Sogou web spider/4.0(+http://www.sogou.com/docs/help/webmasters.htm#07)"
40.77.167.106 - - [13/Jun/2021:13:52:28 +0200] "GET /-p-36670.html HTTP/1.0" 200 70165 "-" "Mozilla/5.0 (compatible; bingbot/2.0; +http://www.bing.com/bingbot.htm)"
185.191.171.3 - - [13/Jun/2021:13:52:32 +0200] "GET /piggy-bank-with-small-hammer-18-ans-p-45013.html HTTP/1.0" 301 70232 "-" "Mozilla/5.0 (compatible; SemrushBot/7~bl; +http://www.semrush.com/bot.html)"
185.191.171.35 - - [13/Jun/2021:13:52:33 +0200] "GET /-p-45013.html HTTP/1.0" 200 70165 "-" "Mozilla/5.0 (compatible; SemrushBot/7~bl; +http://www.semrush.com/bot.html)"
207.46.13.38 - - [13/Jun/2021:13:52:37 +0200] "GET /horse-wastebasket-p-50762.html HTTP/1.0" 200 72763 "-" "Mozilla/5.0 (compatible; bingbot/2.0; +http://www.bing.com/bingbot.htm)"
157.55.39.44 - - [13/Jun/2021:13:52:42 +0200] "GET /gorjuss-glass-frame-print-30-30-cm-p-29676.html HTTP/1.0" 301 70406 "-" "Mozilla/5.0 (compatible; bingbot/2.0; +http://www.bing.com/bingbot.htm)"
207.46.13.38 - - [13/Jun/2021:13:52:46 +0200] "GET /js/jquery.js HTTP/1.0" 200 252 "-" "Mozilla/5.0 (compatible; bingbot/2.0; +http://www.bing.com/bingbot.htm)"
207.46.13.38 - - [13/Jun/2021:13:52:47 +0200] "GET /js/jquery.js HTTP/1.0" 200 252 "-" "Mozilla/5.0 (compatible; bingbot/2.0; +http://www.bing.com/bingbot.htm)"
157.55.39.44 - - [13/Jun/2021:13:53:12 +0200] "GET /the-ballerina-statue-collection-body-talk-p-38821.html HTTP/1.0" 301 73984 "-" "Mozilla/5.0 (compatible; bingbot/2.0; +http://www.bing.com/bingbot.htm)"
54.36.148.65 - - [13/Jun/2021:13:53:16 +0200] "GET /fitted-sheet-c-11_193.html?page=7 HTTP/1.0" 200 87059 "-" "Mozilla/5.0 (compatible; AhrefsBot/7.0; +http://ahrefs.com/robot/)"
157.55.39.152 - - [13/Jun/2021:13:53:48 +0200] "GET /company-name-retro-malle-38-cm-p-45881.html HTTP/1.0" 301 70351 "-" "Mozilla/5.0 (compatible; bingbot/2.0; +http://www.bing.com/bingbot.htm)"
207.46.13.38 - - [13/Jun/2021:13:54:01 +0200] "GET /american-small-steel-fridge-magnets-p-12574.html HTTP/1.0" 200 70331 "-" "Mozilla/5.0 (compatible; bingbot/2.0; +http://www.bing.com/bingbot.htm)"
185.191.171.7 - - [13/Jun/2021:13:54:09 +0200] "GET /padded-leather-pattern-adhesive-roll-p-48981.html HTTP/1.0" 200 73022 "-" "Mozilla/5.0 (compatible; SemrushBot/7~bl; +http://www.semrush.com/bot.html)"
207.46.13.180 - - [13/Jun/2021:13:54:53 +0200] "GET /jamaca-case-lenticulaire-iphone-sries-p-24226.html HTTP/1.0" 200 75623 "-" "Mozilla/5.0 (compatible; bingbot/2.0; +http://www.bing.com/bingbot.htm)"
54.36.148.86 - - [13/Jun/2021:13:55:00 +0200] "GET /daisy-duck-hair-ornements-p-19277.html HTTP/1.0" 200 75413 "-" "Mozilla/5.0 (compatible; AhrefsBot/7.0; +http://ahrefs.com/robot/)"
157.55.39.152 - - [13/Jun/2021:13:55:07 +0200] "GET /images/big_prod/4025055017786.jpg HTTP/1.0" 200 268 "-" "Mozilla/5.0 (compatible; bingbot/2.0; +http://www.bing.com/bingbot.htm)"
185.191.171.1 - - [13/Jun/2021:13:55:20 +0200] "GET /tinkerbell-notepad-romero-britto-p-14643.html?action=add_product HTTP/1.0" 302 476 "-" "Mozilla/5.0 (compatible; SemrushBot/7~bl; +http://www.semrush.com/bot.html)"
207.46.13.38 - - [13/Jun/2021:13:55:22 +0200] "GET /georges-clounet-napkins-dispenser-p-39502.html HTTP/1.0" 200 72754 "-" "Mozilla/5.0 (compatible; bingbot/2.0; +http://www.bing.com/bingbot.htm)"
157.55.39.128 - - [13/Jun/2021:13:55:24 +0200] "GET /placemat-bonne-franquette-p-53599.html HTTP/1.0" 200 73436 "-" "Mozilla/5.0 (compatible; bingbot/2.0; +http://www.bing.com/bingbot.htm)"
40.77.167.90 - - [13/Jun/2021:13:55:40 +0200] "GET /images/big_prod/3612872112292N.jpg HTTP/1.0" 200 269 "-" "Mozilla/5.0 (compatible; bingbot/2.0; +http://www.bing.com/bingbot.htm)"
207.46.13.180 - - [13/Jun/2021:13:55:45 +0200] "GET /sacha-hammered-ceramic-cover-white-p-55337.html HTTP/1.0" 200 73662 "-" "Mozilla/5.0 (compatible; bingbot/2.0; +http://www.bing.com/bingbot.htm)"
207.46.13.180 - - [13/Jun/2021:13:55:46 +0200] "GET /-m-98.html HTTP/1.0" 200 77169 "-" "Mozilla/5.0 (compatible; bingbot/2.0; +http://www.bing.com/bingbot.htm)"
207.46.13.38 - - [13/Jun/2021:13:56:12 +0200] "GET /-p-35281.html HTTP/1.0" 200 70165 "-" "Mozilla/5.0 (compatible; bingbot/2.0; +http://www.bing.com/bingbot.htm)"
157.55.39.128 - - [13/Jun/2021:13:56:14 +0200] "GET /god-ganesh-pencil-pot-hammered-aluminum-p-47215.html HTTP/1.0" 301 74506 "-" "Mozilla/5.0 (compatible; bingbot/2.0; +http://www.bing.com/bingbot.htm)"
157.55.39.44 - - [13/Jun/2021:13:56:17 +0200] "GET /pvc-table-protector-under-tablecloth-140-240-cm-p-48562.html HTTP/1.0" 301 73195 "-" "Mozilla/5.0 (compatible; bingbot/2.0; +http://www.bing.com/bingbot.htm)"
