185.191.171.7 - - [13/Jun/2021:22:24:40 +0200] "GET /saltshaker-pepper-p-37862.html HTTP/1.0" 200 72859 "-" "Mozilla/5.0 (compatible; SemrushBot/7~bl; +http://www.semrush.com/bot.html)"
40.77.167.70 - - [13/Jun/2021:22:24:41 +0200] "GET /pebble-melt-chakra-scented-p-51486.html HTTP/1.0" 200 74205 "-" "Mozilla/5.0 (compatible; bingbot/2.0; +http://www.bing.com/bingbot.htm)"
157.55.39.122 - - [13/Jun/2021:22:24:53 +0200] "GET /-p-24404.html HTTP/1.0" 200 70165 "-" "Mozilla/5.0 (compatible; bingbot/2.0; +http://www.bing.com/bingbot.htm)"
185.191.171.3 - - [13/Jun/2021:22:24:59 +0200] "GET /quebec-pencil-p-29729.html HTTP/1.0" 200 72781 "-" "Mozilla/5.0 (compatible; SemrushBot/7~bl; +http://www.semrush.com/bot.html)"
40.77.167.90 - - [13/Jun/2021:22:25:09 +0200] "GET /stone-green-opal-40-50-grams-p-46621.html HTTP/1.0" 301 74053 "-" "Mozilla/5.0 (compatible; bingbot/2.0; +http://www.bing.com/bingbot.htm)"
54.36.148.86 - - [13/Jun/2021:22:25:12 +0200] "GET /maya-vase-burgundy-beige-ceramic-p-53372.html HTTP/1.0" 200 70309 "-" "Mozilla/5.0 (compatible; AhrefsBot/7.0; +http://ahrefs.com/robot/)"
185.191.171.2 - - [13/Jun/2021:22:25:29 +0200] "GET /-p-45354.html?action=add_product HTTP/1.0" 302 476 "-" "Mozilla/5.0 (compatible; SemrushBot/7~bl; +http://www.semrush.com/bot.html)"
157.55.39.44 - - [13/Jun/2021:22:25:32 +0200] "GET /decorative-wooden-plate-entree-interdite-aux-raleurs-azure-blue-p-47812.html HTTP/1.0" 301 73465 "-" "Mozilla/5.0 (compatible; bingbot/2.0; +http://www.bing.com/bingbot.htm)"
185.191.171.7 - - [13/Jun/2021:22:25:39 +0200] "GET /chakra-wooden-throat-chakra-p-46562.html?action=add_product HTTP/1.0" 302 476 "-" "Mozilla/5.0 (compatible; SemrushBot/7~bl; +http://www.semrush.com/bot.html)"
66.249.70.42 - - [13/Jun/2021:22:26:03 +0200] "GET /images/mini_prod/3503420070761B.jpg HTTP/1.0" 200 270 "-" "Googlebot-Image/1.0"
157.55.39.122 - - [13/Jun/2021:22:26:04 +0200] "GET /betty-boop-large-bag-p-3351.html HTTP/1.0" 301 70328 "-" "Mozilla/5.0 (compatible; bingbot/2.0; +http://www.bing.com/bingbot.htm)"
157.55.39.122 - - [13/Jun/2021:22:26:05 +0200] "GET /cotton-floor-cushion-40-cm-albertine-p-51082.html HTTP/1.0" 301 70364 "-" "Mozilla/5.0 (compatible; bingbot/2.0; +http://www.bing.com/bingbot.htm)"
40.77.167.57 - - [13/Jun/2021:22:26:08 +0200] "GET /harley-davidson-2004-dyna-super-glide-sport-p-30415.html HTTP/1.0" 200 73043 "-" "Mozilla/5.0 (compatible; bingbot/2.0; +http://www.bing.com/bingbot.htm)"
40.77.167.57 - - [13/Jun/2021:22:26:09 +0200] "GET /-p-6621.html HTTP/1.0" 200 70163 "-" "Mozilla/5.0 (compatible; bingbot/2.0; +http://www.bing.com/bingbot.htm)"
40.77.167.57 - - [13/Jun/2021:22:26:09 +0200] "GET /-p-33448.html HTTP/1.0" 200 70165 "-" "Mozilla/5.0 (compatible; bingbot/2.0; +http://www.bing.com/bingbot.htm)"
40.77.167.70 - - [13/Jun/2021:22:26:10 +0200] "GET /-p-17914.html HTTP/1.0" 200 70165 "-" "Mozilla/5.0 (compatible; bingbot/2.0; +http://www.bing.com/bingbot.htm)"
157.55.39.44 - - [13/Jun/2021:22:26:14 +0200] "GET /bouddha-quote-stickers-p-39321.html HTTP/1.0" 200 73000 "-" "Mozilla/5.0 (compatible; bingbot/2.0; +http://www.bing.com/bingbot.htm)"
207.46.13.38 - - [13/Jun/2021:22:26:25 +0200] "GET /swfobject.js HTTP/1.0" 404 1308 "-" "Mozilla/5.0 (compatible; bingbot/2.0; +http://www.bing.com/bingbot.htm)"
207.46.13.38 - - [13/Jun/2021:22:26:25 +0200] "GET /swfobject.js HTTP/1.0" 404 1308 "-" "Mozilla/5.0 (compatible; bingbot/2.0; +http://www.bing.com/bingbot.htm)"
207.46.13.38 - - [13/Jun/2021:22:26:26 +0200] "GET /jamaica-mouse-pad-p-19554.html HTTP/1.0" 301 72928 "-" "Mozilla/5.0 (compatible; bingbot/2.0; +http://www.bing.com/bingbot.htm)"
54.36.148.158 - - [13/Jun/2021:22:26:47 +0200] "GET /skull-crest-figure-p-34169.html HTTP/1.0" 200 72813 "-" "Mozilla/5.0 (compatible; AhrefsBot/7.0; +http://ahrefs.com/robot/)"
157.55.39.152 - - [13/Jun/2021:22:26:49 +0200] "GET /iphone-case-silicone-audiocassette-p-25374.html HTTP/1.0" 200 75600 "-" "Mozilla/5.0 (compatible; bingbot/2.0; +http://www.bing.com/bingbot.htm)"
66.249.70.38 - - [13/Jun/2021:22:26:56 +0200] "GET /cement-tiles-placemat-p-49951.html HTTP/1.0" 200 72923 "-" "Mozilla/5.0 (Linux; Android 6.0.1; Nexus 5X Build/MMB29P) AppleWebKit/537.36 (KHTML, like Gecko) Chrome/91.0.4472.90 Mobile Safari/537.36 (compatible; Googlebot/2.1; +http://www.google.com/bot.html)"
157.55.39.44 - - [13/Jun/2021:22:27:03 +0200] "GET /socks-for-adults-c-53_137.html HTTP/1.0" 301 69306 "-" "Mozilla/5.0 (compatible; bingbot/2.0; +http://www.bing.com/bingbot.htm)"
157.55.39.152 - - [13/Jun/2021:22:27:09 +0200] "GET /daddy-little-princess-ariel-and-triton-figurine-p-45824.html HTTP/1.0" 301 75260 "-" "Mozilla/5.0 (compatible; bingbot/2.0; +http://www.bing.com/bingbot.htm)"
66.249.70.38 - - [13/Jun/2021:22:27:26 +0200] "GET /paris-saint-germain-beer-glasses-p-33916.html HTTP/1.0" 200 72958 "-" "Mozilla/5.0 (Linux; Android 6.0.1; Nexus 5X Build/MMB29P) AppleWebKit/537.36 (KHTML, like Gecko) Chrome/91.0.4472.90 Mobile Safari/537.36 (compatible; Googlebot/2.1; +http://www.google.com/bot.html)"
185.191.171.34 - - [13/Jun/2021:22:27:38 +0200] "GET /cats-by-dubout-trivet-p-52479.html HTTP/1.0" 301 72847 "-" "Mozilla/5.0 (compatible; SemrushBot/7~bl; +http://www.semrush.com/bot.html)"
185.191.171.44 - - [13/Jun/2021:22:27:40 +0200] "GET /cats-dubout-trivet-p-52479.html HTTP/1.0" 200 72762 "-" "Mozilla/5.0 (compatible; SemrushBot/7~bl; +http://www.semrush.com/bot.html)"
54.36.149.13 - - [13/Jun/2021:22:28:18 +0200] "GET /retro-wooden-chest-p-52932.html HTTP/1.0" 200 73382 "-" "Mozilla/5.0 (compatible; AhrefsBot/7.0; +http://ahrefs.com/robot/)"
157.55.39.128 - - [13/Jun/2021:22:28:26 +0200] "GET /goofy-goof-figure-p-2860.html HTTP/1.0" 200 70239 "-" "Mozilla/5.0 (compatible; bingbot/2.0; +http://www.bing.com/bingbot.htm)"
157.55.39.128 - - [13/Jun/2021:22:28:27 +0200] "GET /-p-6455.html HTTP/1.0" 200 70163 "-" "Mozilla/5.0 (compatible; bingbot/2.0; +http://www.bing.com/bingbot.htm)"
207.46.13.38 - - [13/Jun/2021:22:28:29 +0200] "GET /dog-night-light-p-29898.html HTTP/1.0" 301 70285 "-" "Mozilla/5.0 (compatible; bingbot/2.0; +http://www.bing.com/bingbot.htm)"
157.55.39.81 - - [13/Jun/2021:22:28:30 +0200] "GET /white-and-grey-moroccan-ashtray-p-52625.html HTTP/1.0" 301 72892 "-" "Mozilla/5.0 (compatible; bingbot/2.0; +http://www.bing.com/bingbot.htm)"
157.55.39.122 - - [13/Jun/2021:22:28:43 +0200] "GET /harley-quinn-poster-p-30901.html HTTP/1.0" 200 72794 "-" "Mozilla/5.0 (compatible; bingbot/2.0; +http://www.bing.com/bingbot.htm)"
147.92.153.4 - - [13/Jun/2021:22:29:03 +0200] "GET /mini-p-50370.html HTTP/1.0" 200 72780 "-" "Mozilla/5.0 (compatible; Linespider/1.1; +https://lin.ee/4dwXkTH)"
185.191.171.43 - - [13/Jun/2021:22:29:04 +0200] "GET /pillow-cushion-46-16-cm-unicorn-dream-p-47077.html HTTP/1.0" 301 70232 "-" "Mozilla/5.0 (compatible; SemrushBot/7~bl; +http://www.semrush.com/bot.html)"
185.191.171.13 - - [13/Jun/2021:22:29:07 +0200] "GET /-p-47077.html HTTP/1.0" 200 70165 "-" "Mozilla/5.0 (compatible; SemrushBot/7~bl; +http://www.semrush.com/bot.html)"
40.77.167.90 - - [13/Jun/2021:22:29:09 +0200] "GET /poster-p-26593.html HTTP/1.0" 200 70198 "-" "Mozilla/5.0 (compatible; bingbot/2.0; +http://www.bing.com/bingbot.htm)"
40.77.167.106 - - [13/Jun/2021:22:29:13 +0200] "GET /gorjuss-ruby-vintage-suitcase-58-cm-p-29820.html HTTP/1.0" 301 70232 "-" "Mozilla/5.0 (compatible; bingbot/2.0; +http://www.bing.com/bingbot.htm)"
40.77.167.70 - - [13/Jun/2021:22:29:14 +0200] "GET /-p-21270.html HTTP/1.0" 200 70165 "-" "Mozilla/5.0 (compatible; bingbot/2.0; +http://www.bing.com/bingbot.htm)"
157.55.39.44 - - [13/Jun/2021:22:29:22 +0200] "GET /images/big_prod/1750287000000.jpg HTTP/1.0" 200 268 "-" "Mozilla/5.0 (compatible; bingbot/2.0; +http://www.bing.com/bingbot.htm)"
40.77.167.57 - - [13/Jun/2021:22:29:35 +0200] "GET /-p-28642.html HTTP/1.0" 200 70165 "-" "Mozilla/5.0 (compatible; bingbot/2.0; +http://www.bing.com/bingbot.htm)"
54.36.149.73 - - [13/Jun/2021:22:29:46 +0200] "GET /home-and-decoration-c-13.html?page=57 HTTP/1.0" 301 92034 "-" "Mozilla/5.0 (compatible; AhrefsBot/7.0; +http://ahrefs.com/robot/)"
54.36.148.200 - - [13/Jun/2021:22:29:49 +0200] "GET /saffron-kitchen-towel-50-70-cm-p-44423.html HTTP/1.0" 301 72916 "-" "Mozilla/5.0 (compatible; AhrefsBot/7.0; +http://ahrefs.com/robot/)"
54.36.148.86 - - [13/Jun/2021:22:30:00 +0200] "GET /travel-trunk-p-49059.html HTTP/1.0" 200 73632 "-" "Mozilla/5.0 (compatible; AhrefsBot/7.0; +http://ahrefs.com/robot/)"
207.46.13.38 - - [13/Jun/2021:22:30:09 +0200] "GET /bowls-c-12_60.html?page=5 HTTP/1.0" 200 92221 "-" "Mozilla/5.0 (compatible; bingbot/2.0; +http://www.bing.com/bingbot.htm)"
157.55.39.152 - - [13/Jun/2021:22:30:19 +0200] "GET /gorjuss-small-gift-marigold-fairy-p-50953.html HTTP/1.0" 200 73819 "-" "Mozilla/5.0 (compatible; bingbot/2.0; +http://www.bing.com/bingbot.htm)"
40.77.167.106 - - [13/Jun/2021:22:30:23 +0200] "GET /-p-35526.html HTTP/1.0" 200 70165 "-" "Mozilla/5.0 (compatible; bingbot/2.0; +http://www.bing.com/bingbot.htm)"
40.77.167.106 - - [13/Jun/2021:22:30:24 +0200] "GET /small-box-for-baby-teeth-fir-light-green-p-42380.html HTTP/1.0" 301 70232 "-" "Mozilla/5.0 (compatible; bingbot/2.0; +http://www.bing.com/bingbot.htm)"
110.249.201.130 - - [13/Jun/2021:22:30:40 +0200] "GET /mickey-collection-romano-britto-p-20288.html HTTP/1.0" 200 73074 "-" "Mozilla/5.0 (Linux; Android 5.0) AppleWebKit/537.36 (KHTML, like Gecko) Mobile Safari/537.36 (compatible; Bytespider; https://zhanzhang.toutiao.com/)"
110.249.201.130 - - [13/Jun/2021:22:30:43 +0200] "GET /swfobject.js HTTP/1.0" 404 1308 "http://www.wonder-geek.com/mickey-collection-romano-britto-p-20288.html" "Mozilla/5.0 (Linux; Android 5.0) AppleWebKit/537.36 (KHTML, like Gecko) Mobile Safari/537.36 (compatible; Bytespider; https://zhanzhang.toutiao.com/)"
110.249.201.130 - - [13/Jun/2021:22:30:44 +0200] "GET /swfobject.js HTTP/1.0" 404 1308 "http://www.wonder-geek.com/mickey-collection-romano-britto-p-20288.html" "Mozilla/5.0 (Linux; Android 5.0) AppleWebKit/537.36 (KHTML, like Gecko) Mobile Safari/537.36 (compatible; Bytespider; https://zhanzhang.toutiao.com/)"
110.249.201.147 - - [13/Jun/2021:22:30:47 +0200] "GET /highslide/graphics/zoomout.cur HTTP/1.0" 200 614 "http://www.wonder-geek.com/mickey-collection-romano-britto-p-20288.html" "Mozilla/5.0 (Linux; Android 5.0) AppleWebKit/537.36 (KHTML, like Gecko) Mobile Safari/537.36 (compatible; Bytespider; https://zhanzhang.toutiao.com/)"
110.249.201.148 - - [13/Jun/2021:22:30:47 +0200] "GET /images/045544314732.jpg HTTP/1.0" 200 258 "http://www.wonder-geek.com/mickey-collection-romano-britto-p-20288.html" "Mozilla/5.0 (Linux; Android 5.0) AppleWebKit/537.36 (KHTML, like Gecko) Mobile Safari/537.36 (compatible; Bytespider; https://zhanzhang.toutiao.com/)"
17.121.114.67 - - [13/Jun/2021:22:30:59 +0200] "GET /napolon-rectangulary-cushion-cbkreation-p-28584.html HTTP/1.0" 200 73335 "-" "Mozilla/5.0 (Macintosh; Intel Mac OS X 10_15_5) AppleWebKit/605.1.15 (KHTML, like Gecko) Version/13.1.1 Safari/605.1.15 (Applebot/0.1; +http://www.apple.com/go/applebot)"
157.55.39.128 - - [13/Jun/2021:22:31:06 +0200] "GET /images/big_prod/3660173124520.jpg HTTP/1.0" 200 268 "-" "Mozilla/5.0 (compatible; bingbot/2.0; +http://www.bing.com/bingbot.htm)"
185.191.171.42 - - [13/Jun/2021:22:31:07 +0200] "GET /coffee-and-tea-box-c-13_150_153.html?page=1 HTTP/1.0" 301 89999 "-" "Mozilla/5.0 (compatible; SemrushBot/7~bl; +http://www.semrush.com/bot.html)"
157.55.39.128 - - [13/Jun/2021:22:31:08 +0200] "GET /gorse-flower-fairies-mug-p-40071.html HTTP/1.0" 301 74580 "-" "Mozilla/5.0 (compatible; bingbot/2.0; +http://www.bing.com/bingbot.htm)"
185.191.171.33 - - [13/Jun/2021:22:31:09 +0200] "GET /coffee-c-153.html?page=1 HTTP/1.0" 301 89753 "-" "Mozilla/5.0 (compatible; SemrushBot/7~bl; +http://www.semrush.com/bot.html)"
40.77.167.106 - - [13/Jun/2021:22:31:10 +0200] "GET /-p-9272.html HTTP/1.0" 200 70163 "-" "Mozilla/5.0 (compatible; bingbot/2.0; +http://www.bing.com/bingbot.htm)"
157.55.39.152 - - [13/Jun/2021:22:31:10 +0200] "GET /industrial-retro-clock-in-aged-metal-185-85-435-cm-p-48587.html HTTP/1.0" 301 73913 "-" "Mozilla/5.0 (compatible; bingbot/2.0; +http://www.bing.com/bingbot.htm)"
185.191.171.33 - - [13/Jun/2021:22:31:11 +0200] "GET /coffee-c-13_150_153.html?page=1 HTTP/1.0" 200 89921 "-" "Mozilla/5.0 (compatible; SemrushBot/7~bl; +http://www.semrush.com/bot.html)"
40.77.167.90 - - [13/Jun/2021:22:31:25 +0200] "GET /images/big_prod/3453131151573.jpg HTTP/1.0" 200 268 "-" "Mozilla/5.0 (compatible; bingbot/2.0; +http://www.bing.com/bingbot.htm)"
185.191.171.6 - - [13/Jun/2021:22:31:33 +0200] "GET /statuette-african-bust-31-cm-p-48840.html HTTP/1.0" 301 70344 "-" "Mozilla/5.0 (compatible; SemrushBot/7~bl; +http://www.semrush.com/bot.html)"
185.191.171.43 - - [13/Jun/2021:22:31:35 +0200] "GET /statuette-african-bust-p-48840.html HTTP/1.0" 200 70255 "-" "Mozilla/5.0 (compatible; SemrushBot/7~bl; +http://www.semrush.com/bot.html)"
54.36.148.48 - - [13/Jun/2021:22:31:39 +0200] "GET /hello-kitty-tights-model-blue-size-years-p-34665.html HTTP/1.0" 301 70232 "-" "Mozilla/5.0 (compatible; AhrefsBot/7.0; +http://ahrefs.com/robot/)"
54.36.149.61 - - [13/Jun/2021:22:31:47 +0200] "GET /boxes-cones-champa-backflow-incence-cones-p-54148.html HTTP/1.0" 200 74058 "-" "Mozilla/5.0 (compatible; AhrefsBot/7.0; +http://ahrefs.com/robot/)"
157.55.39.128 - - [13/Jun/2021:22:31:56 +0200] "GET /-p-25797.html HTTP/1.0" 200 70165 "-" "Mozilla/5.0 (compatible; bingbot/2.0; +http://www.bing.com/bingbot.htm)"
40.77.167.70 - - [13/Jun/2021:22:32:09 +0200] "GET /so-sweet-black-women-tee-shirt-p-30993.html HTTP/1.0" 301 74877 "-" "Mozilla/5.0 (compatible; bingbot/2.0; +http://www.bing.com/bingbot.htm)"
185.191.171.40 - - [13/Jun/2021:22:32:27 +0200] "GET /mickey-mouse-large-backpack-p-25090.html HTTP/1.0" 200 73169 "-" "Mozilla/5.0 (compatible; SemrushBot/7~bl; +http://www.semrush.com/bot.html)"
40.77.167.106 - - [13/Jun/2021:22:32:29 +0200] "GET /pepe-jeans-gray-shoulder-bag-p-35985.html HTTP/1.0" 301 73276 "-" "Mozilla/5.0 (compatible; bingbot/2.0; +http://www.bing.com/bingbot.htm)"
40.77.167.90 - - [13/Jun/2021:22:32:34 +0200] "GET /yellow-piggy-bank-p-54795.html HTTP/1.0" 200 72846 "-" "Mozilla/5.0 (compatible; bingbot/2.0; +http://www.bing.com/bingbot.htm)"
185.191.171.44 - - [13/Jun/2021:22:32:47 +0200] "GET /white-wooden-picture-frame-views-p-31739.html?action=add_product HTTP/1.0" 302 476 "-" "Mozilla/5.0 (compatible; SemrushBot/7~bl; +http://www.semrush.com/bot.html)"
185.191.171.40 - - [13/Jun/2021:22:33:21 +0200] "GET /rugby-player-zippo-lighter-p-45295.html HTTP/1.0" 200 70259 "-" "Mozilla/5.0 (compatible; SemrushBot/7~bl; +http://www.semrush.com/bot.html)"
54.36.149.92 - - [13/Jun/2021:22:33:36 +0200] "GET /diesel-grey-pencil-case-industry-p-36506.html HTTP/1.0" 200 72955 "-" "Mozilla/5.0 (compatible; AhrefsBot/7.0; +http://ahrefs.com/robot/)"
207.46.13.38 - - [13/Jun/2021:22:33:49 +0200] "GET /yuna-kimmidoll-necklace-swarovski-p-15877.html HTTP/1.0" 301 70232 "-" "Mozilla/5.0 (compatible; bingbot/2.0; +http://www.bing.com/bingbot.htm)"
185.191.171.14 - - [13/Jun/2021:22:33:50 +0200] "GET /duvet-cover-cotton-percale-threads-p-51261.html?action=add_product HTTP/1.0" 302 476 "-" "Mozilla/5.0 (compatible; SemrushBot/7~bl; +http://www.semrush.com/bot.html)"
185.191.171.13 - - [13/Jun/2021:22:33:55 +0200] "GET /small-piggy-bank-beige-p-55214.html HTTP/1.0" 200 73438 "-" "Mozilla/5.0 (compatible; SemrushBot/7~bl; +http://www.semrush.com/bot.html)"
40.77.167.70 - - [13/Jun/2021:22:34:10 +0200] "GET /grey-and-beige-soap-dispenser-p-39764.html HTTP/1.0" 301 72960 "-" "Mozilla/5.0 (compatible; bingbot/2.0; +http://www.bing.com/bingbot.htm)"
207.46.13.38 - - [13/Jun/2021:22:34:14 +0200] "GET /spiderman-bust-bank-p-30237.html HTTP/1.0" 200 72773 "-" "Mozilla/5.0 (compatible; bingbot/2.0; +http://www.bing.com/bingbot.htm)"
157.55.39.128 - - [13/Jun/2021:22:34:19 +0200] "GET /led-unicorn-nightlight-p-53119.html HTTP/1.0" 301 74059 "-" "Mozilla/5.0 (compatible; bingbot/2.0; +http://www.bing.com/bingbot.htm)"
147.92.153.2 - - [13/Jun/2021:22:34:24 +0200] "GET /towel-p-5735.html HTTP/1.0" 200 72835 "-" "Mozilla/5.0 (compatible; Linespider/1.1; +https://lin.ee/4dwXkTH)"
40.77.167.90 - - [13/Jun/2021:22:34:29 +0200] "GET /20-cat-eye-marbles-p-27834.html HTTP/1.0" 301 70232 "-" "Mozilla/5.0 (compatible; bingbot/2.0; +http://www.bing.com/bingbot.htm)"
157.55.39.122 - - [13/Jun/2021:22:34:34 +0200] "GET /large-royal-burgundy-ceramic-tealight-p-42171.html HTTP/1.0" 200 73636 "-" "Mozilla/5.0 (compatible; bingbot/2.0; +http://www.bing.com/bingbot.htm)"
157.55.39.122 - - [13/Jun/2021:22:34:36 +0200] "GET /-p-35007.html HTTP/1.0" 200 70165 "-" "Mozilla/5.0 (compatible; bingbot/2.0; +http://www.bing.com/bingbot.htm)"
157.55.39.44 - - [13/Jun/2021:22:34:53 +0200] "GET /kimmidoll-brush-p-42415.html HTTP/1.0" 200 72794 "-" "Mozilla/5.0 (compatible; bingbot/2.0; +http://www.bing.com/bingbot.htm)"
157.55.39.122 - - [13/Jun/2021:22:35:14 +0200] "GET /tinted-candle-in-the-mass-apple-green-color-p-48931.html HTTP/1.0" 301 72753 "-" "Mozilla/5.0 (compatible; bingbot/2.0; +http://www.bing.com/bingbot.htm)"
54.36.149.102 - - [13/Jun/2021:22:35:19 +0200] "GET /personality-pose-cinderella-figurine-p-52398.html HTTP/1.0" 200 74214 "-" "Mozilla/5.0 (compatible; AhrefsBot/7.0; +http://ahrefs.com/robot/)"
185.191.171.15 - - [13/Jun/2021:22:35:30 +0200] "GET /chair-cushion-42-42-cm-yellow-curry-p-45920.html HTTP/1.0" 301 73025 "-" "Mozilla/5.0 (compatible; SemrushBot/7~bl; +http://www.semrush.com/bot.html)"
185.191.171.41 - - [13/Jun/2021:22:35:33 +0200] "GET /chair-cushion-yellow-curry-p-45920.html HTTP/1.0" 200 72932 "-" "Mozilla/5.0 (compatible; SemrushBot/7~bl; +http://www.semrush.com/bot.html)"
40.77.167.90 - - [13/Jun/2021:22:35:48 +0200] "GET /avengers-marvel-kids-school-bag-p-30187.html HTTP/1.0" 301 70365 "-" "Mozilla/5.0 (compatible; bingbot/2.0; +http://www.bing.com/bingbot.htm)"
40.77.167.70 - - [13/Jun/2021:22:35:54 +0200] "GET /-p-23117.html HTTP/1.0" 200 70165 "-" "Mozilla/5.0 (compatible; bingbot/2.0; +http://www.bing.com/bingbot.htm)"
40.77.167.57 - - [13/Jun/2021:22:35:58 +0200] "GET /industrial-box-small-model-only-p-48570.html HTTP/1.0" 301 70369 "-" "Mozilla/5.0 (compatible; bingbot/2.0; +http://www.bing.com/bingbot.htm)"
40.77.167.57 - - [13/Jun/2021:22:35:58 +0200] "GET /top-model-dance-desk-blotter-3d-p-33634.html HTTP/1.0" 301 70356 "-" "Mozilla/5.0 (compatible; bingbot/2.0; +http://www.bing.com/bingbot.htm)"
40.77.167.106 - - [13/Jun/2021:22:36:11 +0200] "GET /children-coat-hooks-p-52563.html HTTP/1.0" 200 72951 "-" "Mozilla/5.0 (compatible; bingbot/2.0; +http://www.bing.com/bingbot.htm)"
157.55.39.44 - - [13/Jun/2021:22:36:34 +0200] "GET /hello-kitty-chalkboard-giant-wall-sticker-p-3804.html HTTP/1.0" 301 70229 "-" "Mozilla/5.0 (compatible; bingbot/2.0; +http://www.bing.com/bingbot.htm)"
157.55.39.122 - - [13/Jun/2021:22:36:39 +0200] "GET /harley-davidson-slim-lighter-p-37650.html HTTP/1.0" 200 73285 "-" "Mozilla/5.0 (compatible; bingbot/2.0; +http://www.bing.com/bingbot.htm)"
207.46.13.38 - - [13/Jun/2021:22:36:50 +0200] "GET /love-paris-box-of-coasters-p-39750.html HTTP/1.0" 301 72927 "-" "Mozilla/5.0 (compatible; bingbot/2.0; +http://www.bing.com/bingbot.htm)"
17.121.114.89 - - [13/Jun/2021:22:36:57 +0200] "GET /neon-colored-pencils-model-p-15795.html HTTP/1.0" 200 72614 "-" "Mozilla/5.0 (Macintosh; Intel Mac OS X 10_15_5) AppleWebKit/605.1.15 (KHTML, like Gecko) Version/13.1.1 Safari/605.1.15 (Applebot/0.1; +http://www.apple.com/go/applebot)"
54.36.148.99 - - [13/Jun/2021:22:37:03 +0200] "GET /disney-planes-slate-p-27806.html HTTP/1.0" 200 72827 "-" "Mozilla/5.0 (compatible; AhrefsBot/7.0; +http://ahrefs.com/robot/)"
40.77.167.90 - - [13/Jun/2021:22:37:48 +0200] "GET /christmas-tree-ornament-christmas-balls-c-13_271.html HTTP/1.0" 200 90449 "-" "Mozilla/5.0 (compatible; bingbot/2.0; +http://www.bing.com/bingbot.htm)"
185.191.171.42 - - [13/Jun/2021:22:37:54 +0200] "GET /typewriter-pendulum-clock-by-michelle-allen-p-53180.html HTTP/1.0" 301 74019 "-" "Mozilla/5.0 (compatible; SemrushBot/7~bl; +http://www.semrush.com/bot.html)"
185.191.171.6 - - [13/Jun/2021:22:37:56 +0200] "GET /typewriter-pendulum-clock-michelle-allen-p-53180.html HTTP/1.0" 200 73912 "-" "Mozilla/5.0 (compatible; SemrushBot/7~bl; +http://www.semrush.com/bot.html)"
40.77.167.57 - - [13/Jun/2021:22:37:56 +0200] "GET /small-wooden-towel-holder-hang-p-51023.html HTTP/1.0" 200 72940 "-" "Mozilla/5.0 (compatible; bingbot/2.0; +http://www.bing.com/bingbot.htm)"
40.77.167.70 - - [13/Jun/2021:22:38:08 +0200] "GET /images/3700653504050.jpg HTTP/1.0" 200 259 "-" "Mozilla/5.0 (compatible; bingbot/2.0; +http://www.bing.com/bingbot.htm)"
66.249.70.38 - - [13/Jun/2021:22:38:23 +0200] "GET /gorjuss-cards-supplied-with-an-envelope-wish-p-48393.html HTTP/1.0" 301 73208 "-" "Mozilla/5.0 (compatible; Googlebot/2.1; +http://www.google.com/bot.html)"
66.249.70.42 - - [13/Jun/2021:22:38:25 +0200] "GET /oympique-marseille-kids-school-p-52064.html HTTP/1.0" 200 74075 "-" "Mozilla/5.0 (Linux; Android 6.0.1; Nexus 5X Build/MMB29P) AppleWebKit/537.36 (KHTML, like Gecko) Chrome/91.0.4472.90 Mobile Safari/537.36 (compatible; Googlebot/2.1; +http://www.google.com/bot.html)"
66.249.70.40 - - [13/Jun/2021:22:38:26 +0200] "GET /gorjuss-cards-supplied-with-envelope-wish-p-48393.html HTTP/1.0" 200 73100 "-" "Mozilla/5.0 (compatible; Googlebot/2.1; +http://www.google.com/bot.html)"
157.55.39.81 - - [13/Jun/2021:22:38:28 +0200] "GET /-p-34821.html HTTP/1.0" 200 70165 "-" "Mozilla/5.0 (compatible; bingbot/2.0; +http://www.bing.com/bingbot.htm)"
157.55.39.81 - - [13/Jun/2021:22:38:29 +0200] "GET /tigger-tree-ornament-p-31817.html HTTP/1.0" 301 70232 "-" "Mozilla/5.0 (compatible; bingbot/2.0; +http://www.bing.com/bingbot.htm)"
185.191.171.33 - - [13/Jun/2021:22:38:43 +0200] "GET /carpet-and-doormat-c-11_167.html?page=5 HTTP/1.0" 301 84320 "-" "Mozilla/5.0 (compatible; SemrushBot/7~bl; +http://www.semrush.com/bot.html)"
185.191.171.11 - - [13/Jun/2021:22:38:45 +0200] "GET /decorative-carpets-c-167.html?page=5 HTTP/1.0" 301 84253 "-" "Mozilla/5.0 (compatible; SemrushBot/7~bl; +http://www.semrush.com/bot.html)"
185.191.171.4 - - [13/Jun/2021:22:38:47 +0200] "GET /decorative-carpets-c-11_269_167.html?page=5 HTTP/1.0" 200 84383 "-" "Mozilla/5.0 (compatible; SemrushBot/7~bl; +http://www.semrush.com/bot.html)"
157.55.39.128 - - [13/Jun/2021:22:38:47 +0200] "GET /teo-jasmin-doll-pouch-jasmine-apache-p-35511.html HTTP/1.0" 301 70433 "-" "Mozilla/5.0 (compatible; bingbot/2.0; +http://www.bing.com/bingbot.htm)"
157.55.39.128 - - [13/Jun/2021:22:38:49 +0200] "GET /mickey-mouse-my-best-friend-small-suitcase-with-wheels-p-30756.html HTTP/1.0" 301 70538 "-" "Mozilla/5.0 (compatible; bingbot/2.0; +http://www.bing.com/bingbot.htm)"
54.36.149.19 - - [13/Jun/2021:22:38:51 +0200] "GET /vintage-navigation-theme-suitcase-p-49613.html HTTP/1.0" 200 72943 "-" "Mozilla/5.0 (compatible; AhrefsBot/7.0; +http://ahrefs.com/robot/)"
51.68.224.127 - - [13/Jun/2021:22:38:51 +0200] "GET /adminweb/export_orders_xml.php?token=256de2z6edz6ed2z6DFSFsed2zed6zeDSFDSGdzedezfzf&maxorders=10&orderstart=1&status=14&start_date=2018-10-01 HTTP/1.0" 200 285 "-" "GesCom CharlotteBoutik Serveur"
51.68.224.127 - - [13/Jun/2021:22:38:51 +0200] "GET /adminweb/export_orders_xml.php?token=256de2z6edz6ed2z6DFSFsed2zed6zeDSFDSGdzedezfzf&maxorders=10&orderstart=1&status=6&start_date=2018-10-01 HTTP/1.0" 200 30039 "-" "GesCom CharlotteBoutik Serveur"
157.55.39.81 - - [13/Jun/2021:22:39:28 +0200] "GET /duvet-cover-in-cotton-percale-80-threads-240-220-cm-p-48158.html HTTP/1.0" 301 73204 "-" "Mozilla/5.0 (compatible; bingbot/2.0; +http://www.bing.com/bingbot.htm)"
157.55.39.152 - - [13/Jun/2021:22:39:32 +0200] "GET /-p-18388.html HTTP/1.0" 200 70165 "-" "Mozilla/5.0 (compatible; bingbot/2.0; +http://www.bing.com/bingbot.htm)"
185.191.171.16 - - [13/Jun/2021:22:39:35 +0200] "GET /powder-candle-bougie-autrement-glitter-blue-p-53086.html?action=add_product HTTP/1.0" 302 476 "-" "Mozilla/5.0 (compatible; SemrushBot/7~bl; +http://www.semrush.com/bot.html)"
40.77.167.57 - - [13/Jun/2021:22:39:45 +0200] "GET /paperweight-awakening-kitten-by-ronner-knip-p-53519.html HTTP/1.0" 301 73972 "-" "Mozilla/5.0 (compatible; bingbot/2.0; +http://www.bing.com/bingbot.htm)"
66.249.66.202 - - [13/Jun/2021:22:39:49 +0200] "GET / HTTP/1.0" 200 150042 "-" "Mozilla/5.0 (Linux; Android 6.0.1; Nexus 5X Build/MMB29P) AppleWebKit/537.36 (KHTML, like Gecko) Chrome/91.0.4472.90 Mobile Safari/537.36 (compatible; Googlebot/2.1; +http://www.google.com/bot.html)"
157.55.39.152 - - [13/Jun/2021:22:40:10 +0200] "GET /mini-magnetic-plate-retro-eat-drink-be-merry-p-34409.html HTTP/1.0" 301 70469 "-" "Mozilla/5.0 (compatible; bingbot/2.0; +http://www.bing.com/bingbot.htm)"
111.225.148.164 - - [13/Jun/2021:22:40:25 +0200] "GET /glass-cutting-board-cbkreation-p-51334.html HTTP/1.0" 200 72871 "-" "Mozilla/5.0 (Linux; Android 5.0) AppleWebKit/537.36 (KHTML, like Gecko) Mobile Safari/537.36 (compatible; Bytespider; https://zhanzhang.toutiao.com/)"
111.225.148.154 - - [13/Jun/2021:22:40:27 +0200] "GET /swfobject.js HTTP/1.0" 404 1308 "http://www.wonder-geek.com/glass-cutting-board-cbkreation-p-51334.html" "Mozilla/5.0 (Linux; Android 5.0) AppleWebKit/537.36 (KHTML, like Gecko) Mobile Safari/537.36 (compatible; Bytespider; https://zhanzhang.toutiao.com/)"
111.225.148.161 - - [13/Jun/2021:22:40:28 +0200] "GET /highslide/graphics/zoomout.cur HTTP/1.0" 200 614 "http://www.wonder-geek.com/glass-cutting-board-cbkreation-p-51334.html" "Mozilla/5.0 (Linux; Android 5.0) AppleWebKit/537.36 (KHTML, like Gecko) Mobile Safari/537.36 (compatible; Bytespider; https://zhanzhang.toutiao.com/)"
111.225.148.161 - - [13/Jun/2021:22:40:28 +0200] "GET /images/big_prod/8422011476049.jpg HTTP/1.0" 200 268 "http://www.wonder-geek.com/glass-cutting-board-cbkreation-p-51334.html" "Mozilla/5.0 (Linux; Android 5.0) AppleWebKit/537.36 (KHTML, like Gecko) Mobile Safari/537.36 (compatible; Bytespider; https://zhanzhang.toutiao.com/)"
207.46.13.38 - - [13/Jun/2021:22:40:29 +0200] "GET /tin-and-metal-signs-c-13_130.html?page=10 HTTP/1.0" 301 95059 "-" "Mozilla/5.0 (compatible; bingbot/2.0; +http://www.bing.com/bingbot.htm)"
66.249.70.38 - - [13/Jun/2021:22:40:35 +0200] "GET /fine-porcelain-saucer-p-55477.html HTTP/1.0" 200 73081 "-" "Mozilla/5.0 (Linux; Android 6.0.1; Nexus 5X Build/MMB29P) AppleWebKit/537.36 (KHTML, like Gecko) Chrome/91.0.4472.90 Mobile Safari/537.36 (compatible; Googlebot/2.1; +http://www.google.com/bot.html)"
54.36.148.86 - - [13/Jun/2021:22:40:39 +0200] "GET /parrot-figurine-flocked-resin-p-54029.html HTTP/1.0" 200 73781 "-" "Mozilla/5.0 (compatible; AhrefsBot/7.0; +http://ahrefs.com/robot/)"
40.77.167.70 - - [13/Jun/2021:22:40:49 +0200] "GET /mickey-mouse-folding-chair-p-20554.html HTTP/1.0" 200 72557 "-" "Mozilla/5.0 (compatible; bingbot/2.0; +http://www.bing.com/bingbot.htm)"
207.46.13.38 - - [13/Jun/2021:22:40:53 +0200] "GET /-p-36873.html HTTP/1.0" 200 70165 "-" "Mozilla/5.0 (compatible; bingbot/2.0; +http://www.bing.com/bingbot.htm)"
207.46.13.38 - - [13/Jun/2021:22:41:09 +0200] "GET /-p-22783.html HTTP/1.0" 200 70165 "-" "Mozilla/5.0 (compatible; bingbot/2.0; +http://www.bing.com/bingbot.htm)"
40.77.167.106 - - [13/Jun/2021:22:41:14 +0200] "GET /velvet-purse-black-white-p-49964.html HTTP/1.0" 200 73463 "-" "Mozilla/5.0 (compatible; bingbot/2.0; +http://www.bing.com/bingbot.htm)"
157.55.39.128 - - [13/Jun/2021:22:41:19 +0200] "GET /-p-7755.html HTTP/1.0" 200 70163 "-" "Mozilla/5.0 (compatible; bingbot/2.0; +http://www.bing.com/bingbot.htm)"
216.244.66.242 - - [13/Jun/2021:22:41:22 +0200] "GET /robots.txt HTTP/1.0" 200 245 "-" "Mozilla/5.0 (compatible; DotBot/1.2; +https://opensiteexplorer.org/dotbot; help@moz.com)"
40.77.167.70 - - [13/Jun/2021:22:41:39 +0200] "GET /nightlight-shaped-cream-p-44648.html HTTP/1.0" 200 72860 "-" "Mozilla/5.0 (compatible; bingbot/2.0; +http://www.bing.com/bingbot.htm)"
175.44.42.195 - - [13/Jun/2021:22:41:53 +0200] "GET / HTTP/1.0" 200 150058 "http://mxx.uk-events.com/" "Mozilla/5.0 (iPhone; CPU iPhone OS 10_2_1 like Mac OS X) AppleWebKit/602.4.6 (KHTML, like Gecko) Version/10.0 Mobile/14D27 Safari/602.1"
185.191.171.34 - - [13/Jun/2021:22:41:59 +0200] "GET /authentic-mini-melamine-tray-p-45168.html HTTP/1.0" 200 72943 "-" "Mozilla/5.0 (compatible; SemrushBot/7~bl; +http://www.semrush.com/bot.html)"
157.55.39.152 - - [13/Jun/2021:22:42:10 +0200] "GET /-p-19023.html HTTP/1.0" 200 70165 "-" "Mozilla/5.0 (compatible; bingbot/2.0; +http://www.bing.com/bingbot.htm)"
157.55.39.44 - - [13/Jun/2021:22:42:15 +0200] "GET /french-bulldog-little-tray-p-34394.html HTTP/1.0" 301 70232 "-" "Mozilla/5.0 (compatible; bingbot/2.0; +http://www.bing.com/bingbot.htm)"
54.36.148.86 - - [13/Jun/2021:22:42:16 +0200] "GET /duvet-cover-cotton-percale-threads-p-52078.html HTTP/1.0" 200 73104 "-" "Mozilla/5.0 (compatible; AhrefsBot/7.0; +http://ahrefs.com/robot/)"
157.55.39.81 - - [13/Jun/2021:22:42:20 +0200] "GET /images/mini_prod/8422017821195BB.jpg HTTP/1.0" 200 271 "-" "Mozilla/5.0 (compatible; bingbot/2.0; +http://www.bing.com/bingbot.htm)"
157.55.39.152 - - [13/Jun/2021:22:42:30 +0200] "GET /betty-boop-figure-collection-p-28451.html HTTP/1.0" 200 70296 "-" "Mozilla/5.0 (compatible; bingbot/2.0; +http://www.bing.com/bingbot.htm)"
40.77.167.70 - - [13/Jun/2021:22:42:35 +0200] "GET /panda-in-paris-placemat-p-45587.html HTTP/1.0" 301 72865 "-" "Mozilla/5.0 (compatible; bingbot/2.0; +http://www.bing.com/bingbot.htm)"
40.77.167.70 - - [13/Jun/2021:22:42:36 +0200] "GET /kimmi-junior-best-friend-necklaces-p-8755.html HTTP/1.0" 200 72914 "-" "Mozilla/5.0 (compatible; bingbot/2.0; +http://www.bing.com/bingbot.htm)"
185.191.171.37 - - [13/Jun/2021:22:42:40 +0200] "GET /sonny-angel-figurine-series-p-27672.html?action=add_product HTTP/1.0" 302 476 "-" "Mozilla/5.0 (compatible; SemrushBot/7~bl; +http://www.semrush.com/bot.html)"
207.46.13.38 - - [13/Jun/2021:22:42:49 +0200] "GET /globe-tripod-p-51548.html HTTP/1.0" 200 73459 "-" "Mozilla/5.0 (compatible; bingbot/2.0; +http://www.bing.com/bingbot.htm)"
185.191.171.13 - - [13/Jun/2021:22:43:15 +0200] "GET /white-and-silver-wooden-chest-p-52910.html HTTP/1.0" 301 73738 "-" "Mozilla/5.0 (compatible; SemrushBot/7~bl; +http://www.semrush.com/bot.html)"
185.191.171.44 - - [13/Jun/2021:22:43:17 +0200] "GET /white-silver-wooden-chest-p-52910.html HTTP/1.0" 200 73646 "-" "Mozilla/5.0 (compatible; SemrushBot/7~bl; +http://www.semrush.com/bot.html)"
54.36.148.3 - - [13/Jun/2021:22:43:24 +0200] "GET /glass-cups-with-wooden-cups-and-copper-inscriptions-p-49414.html HTTP/1.0" 301 73194 "-" "Mozilla/5.0 (compatible; AhrefsBot/7.0; +http://ahrefs.com/robot/)"
66.249.70.40 - - [13/Jun/2021:22:43:53 +0200] "GET /sonny-angel-cherry-blossom-series-night-figure-p-54724.html HTTP/1.0" 200 73731 "-" "Mozilla/5.0 (compatible; Googlebot/2.1; +http://www.google.com/bot.html)"
54.36.148.76 - - [13/Jun/2021:22:43:57 +0200] "GET /tweety-drum-figurine-p-42730.html HTTP/1.0" 200 72790 "-" "Mozilla/5.0 (compatible; AhrefsBot/7.0; +http://ahrefs.com/robot/)"
207.46.13.38 - - [13/Jun/2021:22:44:19 +0200] "GET /buddha-canvas-frame-40-40-cm-p-38506.html HTTP/1.0" 301 72984 "-" "Mozilla/5.0 (compatible; bingbot/2.0; +http://www.bing.com/bingbot.htm)"
40.77.167.90 - - [13/Jun/2021:22:44:30 +0200] "GET /tetsubin-black-et-gold-teapot-japanese-08-liter-p-38424.html HTTP/1.0" 301 73310 "-" "Mozilla/5.0 (compatible; bingbot/2.0; +http://www.bing.com/bingbot.htm)"
40.77.167.106 - - [13/Jun/2021:22:44:51 +0200] "GET /-p-3950.html HTTP/1.0" 200 70163 "-" "Mozilla/5.0 (compatible; bingbot/2.0; +http://www.bing.com/bingbot.htm)"
185.191.171.9 - - [13/Jun/2021:22:45:02 +0200] "GET /cats-by-dubout-figurine-escape-plan-p-32703.html HTTP/1.0" 301 74027 "-" "Mozilla/5.0 (compatible; SemrushBot/7~bl; +http://www.semrush.com/bot.html)"
147.92.153.3 - - [13/Jun/2021:22:45:03 +0200] "GET /images/70265.jpg HTTP/1.0" 200 251 "-" "Mozilla/5.0 (compatible; Linespider/1.1; +https://lin.ee/4dwXkTH)"
185.191.171.40 - - [13/Jun/2021:22:45:04 +0200] "GET /cats-dubout-figurine-escape-plan-p-32703.html HTTP/1.0" 200 73928 "-" "Mozilla/5.0 (compatible; SemrushBot/7~bl; +http://www.semrush.com/bot.html)"
54.36.148.227 - - [13/Jun/2021:22:45:08 +0200] "GET /happy-colors-harmony-small-mug-p-19857.html HTTP/1.0" 301 70232 "-" "Mozilla/5.0 (compatible; AhrefsBot/7.0; +http://ahrefs.com/robot/)"
66.249.70.38 - - [13/Jun/2021:22:45:20 +0200] "GET /images/big_prod/3442440244601.jpg HTTP/1.0" 200 268 "-" "Googlebot-Image/1.0"
54.36.148.121 - - [13/Jun/2021:22:45:41 +0200] "GET /open-light-decoration-p-52230.html HTTP/1.0" 200 73725 "-" "Mozilla/5.0 (compatible; AhrefsBot/7.0; +http://ahrefs.com/robot/)"
17.121.113.37 - - [13/Jun/2021:22:46:29 +0200] "GET /barbapapa-kids-school-p-26518.html HTTP/1.0" 200 70247 "-" "Mozilla/5.0 (Macintosh; Intel Mac OS X 10_15_5) AppleWebKit/605.1.15 (KHTML, like Gecko) Version/13.1.1 Safari/605.1.15 (Applebot/0.1; +http://www.apple.com/go/applebot)"
185.191.171.44 - - [13/Jun/2021:22:46:59 +0200] "GET /artist-snack-monkey-sonny-angel-figure-p-33952.html HTTP/1.0" 200 70307 "-" "Mozilla/5.0 (compatible; SemrushBot/7~bl; +http://www.semrush.com/bot.html)"
157.55.39.152 - - [13/Jun/2021:22:47:01 +0200] "GET /ceramic-lamp-p-54023.html HTTP/1.0" 200 73391 "-" "Mozilla/5.0 (compatible; bingbot/2.0; +http://www.bing.com/bingbot.htm)"
54.36.149.21 - - [13/Jun/2021:22:47:19 +0200] "GET /office-items-c-97_100.html HTTP/1.0" 200 90225 "-" "Mozilla/5.0 (compatible; AhrefsBot/7.0; +http://ahrefs.com/robot/)"
157.55.39.44 - - [13/Jun/2021:22:47:25 +0200] "GET /taurus-metal-trivet-p-39674.html HTTP/1.0" 200 72753 "-" "Mozilla/5.0 (compatible; bingbot/2.0; +http://www.bing.com/bingbot.htm)"
40.77.167.90 - - [13/Jun/2021:22:47:30 +0200] "GET /hello-kitty-camomilla-pink-sequins-shopping-p-8398.html HTTP/1.0" 200 73309 "-" "Mozilla/5.0 (compatible; bingbot/2.0; +http://www.bing.com/bingbot.htm)"
40.77.167.70 - - [13/Jun/2021:22:47:45 +0200] "GET /-p-18312.html HTTP/1.0" 200 70165 "-" "Mozilla/5.0 (compatible; bingbot/2.0; +http://www.bing.com/bingbot.htm)"
40.77.167.57 - - [13/Jun/2021:22:47:57 +0200] "GET /-p-32223.html HTTP/1.0" 200 70165 "-" "Mozilla/5.0 (compatible; bingbot/2.0; +http://www.bing.com/bingbot.htm)"
157.55.39.152 - - [13/Jun/2021:22:48:01 +0200] "GET /real-madrid-pop-phone-cover-for-iphone-and-p-13208.html HTTP/1.0" 301 73099 "-" "Mozilla/5.0 (compatible; bingbot/2.0; +http://www.bing.com/bingbot.htm)"
40.77.167.106 - - [13/Jun/2021:22:48:13 +0200] "GET /black-silicon-phone-cover-iphone-p-13830.html HTTP/1.0" 200 73677 "-" "Mozilla/5.0 (compatible; bingbot/2.0; +http://www.bing.com/bingbot.htm)"
157.55.39.128 - - [13/Jun/2021:22:48:19 +0200] "GET /images/mini_prod/8720088291290.jpg HTTP/1.0" 200 269 "-" "Mozilla/5.0 (compatible; bingbot/2.0; +http://www.bing.com/bingbot.htm)"
157.55.39.128 - - [13/Jun/2021:22:48:19 +0200] "GET /bolster-case-45-185-cm-red-p-36450.html HTTP/1.0" 301 73110 "-" "Mozilla/5.0 (compatible; bingbot/2.0; +http://www.bing.com/bingbot.htm)"
157.55.39.44 - - [13/Jun/2021:22:48:24 +0200] "GET /provence-soap-dish-p-51393.html HTTP/1.0" 200 72788 "-" "Mozilla/5.0 (compatible; bingbot/2.0; +http://www.bing.com/bingbot.htm)"
157.55.39.81 - - [13/Jun/2021:22:48:29 +0200] "GET /trudi-placido-polar-bear-soft-toy-22-cm-p-16224.html HTTP/1.0" 301 72858 "-" "Mozilla/5.0 (compatible; bingbot/2.0; +http://www.bing.com/bingbot.htm)"
185.191.171.35 - - [13/Jun/2021:22:48:33 +0200] "GET /poetic-set-cups-espresso-p-45269.html HTTP/1.0" 301 72912 "-" "Mozilla/5.0 (compatible; SemrushBot/7~bl; +http://www.semrush.com/bot.html)"
185.191.171.41 - - [13/Jun/2021:22:48:35 +0200] "GET /poetic-cups-espresso-p-45269.html HTTP/1.0" 200 72825 "-" "Mozilla/5.0 (compatible; SemrushBot/7~bl; +http://www.semrush.com/bot.html)"
17.121.114.210 - - [13/Jun/2021:22:49:02 +0200] "GET /little-pony-cushion-p-31843.html HTTP/1.0" 301 70232 "-" "Mozilla/5.0 (Macintosh; Intel Mac OS X 10_15_5) AppleWebKit/605.1.15 (KHTML, like Gecko) Version/13.1.1 Safari/605.1.15 (Applebot/0.1; +http://www.apple.com/go/applebot)"
17.121.114.210 - - [13/Jun/2021:22:49:04 +0200] "GET /-p-31843.html HTTP/1.0" 200 70165 "-" "Mozilla/5.0 (Macintosh; Intel Mac OS X 10_15_5) AppleWebKit/605.1.15 (KHTML, like Gecko) Version/13.1.1 Safari/605.1.15 (Applebot/0.1; +http://www.apple.com/go/applebot)"
54.36.148.17 - - [13/Jun/2021:22:49:09 +0200] "GET /resin-statuette-celtic-skull-p-50618.html HTTP/1.0" 200 73551 "-" "Mozilla/5.0 (compatible; AhrefsBot/7.0; +http://ahrefs.com/robot/)"
157.55.39.152 - - [13/Jun/2021:22:49:11 +0200] "GET / HTTP/1.0" 301 511 "-" "Mozilla/5.0 (compatible; bingbot/2.0; +http://www.bing.com/bingbot.htm)"
40.77.167.70 - - [13/Jun/2021:22:49:52 +0200] "GET /isothermic-stainless-steel-bottle-corsica-cbkreation-p-51048.html HTTP/1.0" 200 73746 "-" "Mozilla/5.0 (compatible; bingbot/2.0; +http://www.bing.com/bingbot.htm)"
157.55.39.44 - - [13/Jun/2021:22:49:55 +0200] "GET /dalmatians-cruella-devil-figure-p-4704.html HTTP/1.0" 200 70324 "-" "Mozilla/5.0 (compatible; bingbot/2.0; +http://www.bing.com/bingbot.htm)"
157.55.39.152 - - [13/Jun/2021:22:50:02 +0200] "GET /simpsons-shirt-p-29593.html HTTP/1.0" 200 74180 "-" "Mozilla/5.0 (compatible; bingbot/2.0; +http://www.bing.com/bingbot.htm)"
54.36.149.87 - - [13/Jun/2021:22:50:12 +0200] "GET /expresso-set-star-wars-spaceship-p-16039.html HTTP/1.0" 301 70232 "-" "Mozilla/5.0 (compatible; AhrefsBot/7.0; +http://ahrefs.com/robot/)"
40.77.167.106 - - [13/Jun/2021:22:50:13 +0200] "GET /play-doh-set-of-pots-of-modeling-clay-p-21644.html HTTP/1.0" 301 70232 "-" "Mozilla/5.0 (compatible; bingbot/2.0; +http://www.bing.com/bingbot.htm)"
157.55.39.44 - - [13/Jun/2021:22:50:17 +0200] "GET /chez-georges-clounet-metal-box-for-coffee-pods-p-39483.html HTTP/1.0" 301 73194 "-" "Mozilla/5.0 (compatible; bingbot/2.0; +http://www.bing.com/bingbot.htm)"
147.92.153.10 - - [13/Jun/2021:22:50:23 +0200] "GET /pucca-towel-p-2356.html HTTP/1.0" 200 72864 "-" "Mozilla/5.0 (compatible; Linespider/1.1; +https://lin.ee/4dwXkTH)"
220.243.188.73 - - [13/Jun/2021:22:50:26 +0200] "GET /provence-kitchen-towels-p-44528.html HTTP/1.0" 200 72861 "-" "Mozilla/5.0 (Linux; Android 5.0) AppleWebKit/537.36 (KHTML, like Gecko) Mobile Safari/537.36 (compatible; Bytespider; https://zhanzhang.toutiao.com/)"
220.243.188.73 - - [13/Jun/2021:22:50:27 +0200] "GET /swfobject.js HTTP/1.0" 404 1308 "http://www.wonder-geek.com/provence-kitchen-towels-p-44528.html" "Mozilla/5.0 (Linux; Android 5.0) AppleWebKit/537.36 (KHTML, like Gecko) Mobile Safari/537.36 (compatible; Bytespider; https://zhanzhang.toutiao.com/)"
220.243.188.69 - - [13/Jun/2021:22:50:28 +0200] "GET /images/big_prod/3503420208379.jpg HTTP/1.0" 200 268 "http://www.wonder-geek.com/provence-kitchen-towels-p-44528.html" "Mozilla/5.0 (Linux; Android 5.0) AppleWebKit/537.36 (KHTML, like Gecko) Mobile Safari/537.36 (compatible; Bytespider; https://zhanzhang.toutiao.com/)"
220.243.188.88 - - [13/Jun/2021:22:50:28 +0200] "GET /highslide/graphics/zoomout.cur HTTP/1.0" 200 614 "http://www.wonder-geek.com/provence-kitchen-towels-p-44528.html" "Mozilla/5.0 (Linux; Android 5.0) AppleWebKit/537.36 (KHTML, like Gecko) Mobile Safari/537.36 (compatible; Bytespider; https://zhanzhang.toutiao.com/)"
185.191.171.11 - - [13/Jun/2021:22:50:39 +0200] "GET /mokaite-bedclothes-p-43584.html HTTP/1.0" 200 73506 "-" "Mozilla/5.0 (compatible; SemrushBot/7~bl; +http://www.semrush.com/bot.html)"
54.36.149.72 - - [13/Jun/2021:22:50:43 +0200] "GET /duvet-cover-thread-cotton-pink-p-46744.html HTTP/1.0" 200 73766 "-" "Mozilla/5.0 (compatible; AhrefsBot/7.0; +http://ahrefs.com/robot/)"
40.77.167.70 - - [13/Jun/2021:22:50:51 +0200] "GET /elmer-apron-p-41572.html HTTP/1.0" 200 72983 "-" "Mozilla/5.0 (compatible; bingbot/2.0; +http://www.bing.com/bingbot.htm)"
185.191.171.18 - - [13/Jun/2021:22:51:08 +0200] "GET /apple-deco-ceramic-white-color-25-cm-p-45405.html HTTP/1.0" 301 70232 "-" "Mozilla/5.0 (compatible; SemrushBot/7~bl; +http://www.semrush.com/bot.html)"
157.55.39.152 - - [13/Jun/2021:22:51:11 +0200] "GET /parma-perfume-diffuser-p-35891.html HTTP/1.0" 200 72920 "-" "Mozilla/5.0 (compatible; bingbot/2.0; +http://www.bing.com/bingbot.htm)"
185.191.171.18 - - [13/Jun/2021:22:51:11 +0200] "GET /-p-45405.html HTTP/1.0" 200 70165 "-" "Mozilla/5.0 (compatible; SemrushBot/7~bl; +http://www.semrush.com/bot.html)"
40.77.167.57 - - [13/Jun/2021:22:51:15 +0200] "GET /js/jquery.js HTTP/1.0" 200 252 "-" "Mozilla/5.0 (compatible; bingbot/2.0; +http://www.bing.com/bingbot.htm)"
40.77.167.106 - - [13/Jun/2021:22:51:16 +0200] "GET /bulldog-cushion-p-44357.html HTTP/1.0" 200 72850 "-" "Mozilla/5.0 (compatible; bingbot/2.0; +http://www.bing.com/bingbot.htm)"
40.77.167.57 - - [13/Jun/2021:22:51:25 +0200] "GET /js/jquery.js HTTP/1.0" 200 252 "-" "Mozilla/5.0 (compatible; bingbot/2.0; +http://www.bing.com/bingbot.htm)"
40.77.167.90 - - [13/Jun/2021:22:51:35 +0200] "GET /love-phone-cover-iphone-p-18971.html HTTP/1.0" 200 75593 "-" "Mozilla/5.0 (compatible; bingbot/2.0; +http://www.bing.com/bingbot.htm)"
17.121.114.202 - - [13/Jun/2021:22:51:55 +0200] "GET /resin-lion-statue-p-48002.html HTTP/1.0" 200 70223 "-" "Mozilla/5.0 (Macintosh; Intel Mac OS X 10_15_5) AppleWebKit/605.1.15 (KHTML, like Gecko) Version/13.1.1 Safari/605.1.15 (Applebot/0.1; +http://www.apple.com/go/applebot)"
157.55.39.122 - - [13/Jun/2021:22:52:16 +0200] "GET /mickey-mouse-sports-bottle-p-25061.html HTTP/1.0" 200 72824 "-" "Mozilla/5.0 (compatible; bingbot/2.0; +http://www.bing.com/bingbot.htm)"
185.191.171.14 - - [13/Jun/2021:22:52:18 +0200] "GET /candle-hours-fresh-linen-p-53895.html?action=add_product HTTP/1.0" 302 476 "-" "Mozilla/5.0 (compatible; SemrushBot/7~bl; +http://www.semrush.com/bot.html)"
216.244.66.242 - - [13/Jun/2021:22:52:19 +0200] "GET /-p-37263.html HTTP/1.0" 200 70165 "-" "Mozilla/5.0 (compatible; DotBot/1.2; +https://opensiteexplorer.org/dotbot; help@moz.com)"
157.55.39.152 - - [13/Jun/2021:22:52:21 +0200] "GET /-p-26549.html HTTP/1.0" 200 70165 "-" "Mozilla/5.0 (compatible; bingbot/2.0; +http://www.bing.com/bingbot.htm)"
54.36.148.136 - - [13/Jun/2021:22:52:24 +0200] "GET /titeuf-sticker-p-24724.html HTTP/1.0" 200 72843 "-" "Mozilla/5.0 (compatible; AhrefsBot/7.0; +http://ahrefs.com/robot/)"
157.55.39.44 - - [13/Jun/2021:22:52:36 +0200] "GET /mandala-desk-organizer-carved-wood-p-48055.html HTTP/1.0" 200 73784 "-" "Mozilla/5.0 (compatible; bingbot/2.0; +http://www.bing.com/bingbot.htm)"
157.55.39.44 - - [13/Jun/2021:22:52:37 +0200] "GET /minnie-mouse-milk-p-27655.html HTTP/1.0" 200 72793 "-" "Mozilla/5.0 (compatible; bingbot/2.0; +http://www.bing.com/bingbot.htm)"
157.55.39.128 - - [13/Jun/2021:22:52:39 +0200] "GET /small-oval-placemat-p-17138.html HTTP/1.0" 200 73178 "-" "Mozilla/5.0 (compatible; bingbot/2.0; +http://www.bing.com/bingbot.htm)"
40.77.167.57 - - [13/Jun/2021:22:52:40 +0200] "GET /barbapapa-bath-toys-p-918.html HTTP/1.0" 301 70226 "-" "Mozilla/5.0 (compatible; bingbot/2.0; +http://www.bing.com/bingbot.htm)"
66.249.70.38 - - [13/Jun/2021:22:52:45 +0200] "GET /images/big_prod_1/8424345769408B.jpg HTTP/1.0" 200 271 "-" "Googlebot-Image/1.0"
157.55.39.122 - - [13/Jun/2021:22:53:07 +0200] "GET /tweety-pink-suitcase-p-34790.html HTTP/1.0" 200 70274 "-" "Mozilla/5.0 (compatible; bingbot/2.0; +http://www.bing.com/bingbot.htm)"
66.249.70.38 - - [13/Jun/2021:22:53:23 +0200] "GET /mimosa-branch-adhesive-decoration-board-p-55494.html HTTP/1.0" 200 73641 "-" "Mozilla/5.0 (Linux; Android 6.0.1; Nexus 5X Build/MMB29P) AppleWebKit/537.36 (KHTML, like Gecko) Chrome/91.0.4472.90 Mobile Safari/537.36 (compatible; Googlebot/2.1; +http://www.google.com/bot.html)"
216.244.66.242 - - [13/Jun/2021:22:53:34 +0200] "GET /images/med_prod/4029811331451.jpg HTTP/1.0" 200 268 "-" "Mozilla/5.0 (compatible; DotBot/1.2; +https://opensiteexplorer.org/dotbot; help@moz.com)"
157.55.39.81 - - [13/Jun/2021:22:53:40 +0200] "GET /ceramic-salt-pot-with-spoon-dory-p-50650.html HTTP/1.0" 301 72972 "-" "Mozilla/5.0 (compatible; bingbot/2.0; +http://www.bing.com/bingbot.htm)"
157.55.39.152 - - [13/Jun/2021:22:53:45 +0200] "GET /london-mirror-bag-p-29317.html HTTP/1.0" 301 72890 "-" "Mozilla/5.0 (compatible; bingbot/2.0; +http://www.bing.com/bingbot.htm)"
157.55.39.152 - - [13/Jun/2021:22:53:47 +0200] "GET /cars-straws-box-p-16548.html HTTP/1.0" 301 72990 "-" "Mozilla/5.0 (compatible; bingbot/2.0; +http://www.bing.com/bingbot.htm)"
40.77.167.90 - - [13/Jun/2021:22:53:49 +0200] "GET /pulp-fiction-mia-poster-p-32299.html HTTP/1.0" 301 70325 "-" "Mozilla/5.0 (compatible; bingbot/2.0; +http://www.bing.com/bingbot.htm)"
157.55.39.152 - - [13/Jun/2021:22:53:55 +0200] "GET /coasters-mandala-p-50117.html HTTP/1.0" 200 72723 "-" "Mozilla/5.0 (compatible; bingbot/2.0; +http://www.bing.com/bingbot.htm)"
207.46.13.38 - - [13/Jun/2021:22:54:02 +0200] "GET /kimmi-junior-felt-p-15815.html HTTP/1.0" 200 75135 "-" "Mozilla/5.0 (compatible; bingbot/2.0; +http://www.bing.com/bingbot.htm)"
54.36.148.54 - - [13/Jun/2021:22:54:14 +0200] "GET /moki-bedspread-p-53238.html HTTP/1.0" 200 73000 "-" "Mozilla/5.0 (compatible; AhrefsBot/7.0; +http://ahrefs.com/robot/)"
185.191.171.15 - - [13/Jun/2021:22:54:16 +0200] "GET /live-ride-black-shirt-p-30592.html HTTP/1.0" 200 74777 "-" "Mozilla/5.0 (compatible; SemrushBot/7~bl; +http://www.semrush.com/bot.html)"
185.191.171.38 - - [13/Jun/2021:22:54:19 +0200] "GET /gorjuss-scarf-glasses-p-43166.html?action=add_product HTTP/1.0" 302 476 "-" "Mozilla/5.0 (compatible; SemrushBot/7~bl; +http://www.semrush.com/bot.html)"
157.55.39.128 - - [13/Jun/2021:22:54:20 +0200] "GET /trudi-perla-lamb-soft-toy-20-cm-p-16221.html HTTP/1.0" 301 72778 "-" "Mozilla/5.0 (compatible; bingbot/2.0; +http://www.bing.com/bingbot.htm)"
40.77.167.90 - - [13/Jun/2021:22:54:29 +0200] "GET /images/big_prod_1/4542202662595b.jpg HTTP/1.0" 200 271 "-" "Mozilla/5.0 (compatible; bingbot/2.0; +http://www.bing.com/bingbot.htm)"
40.77.167.90 - - [13/Jun/2021:22:54:30 +0200] "GET /skeleton-black-shirt-p-30118.html HTTP/1.0" 200 73972 "-" "Mozilla/5.0 (compatible; bingbot/2.0; +http://www.bing.com/bingbot.htm)"
40.77.167.90 - - [13/Jun/2021:22:54:32 +0200] "GET /sex-pistols-large-shopping-bag-p-15083.html HTTP/1.0" 301 70348 "-" "Mozilla/5.0 (compatible; bingbot/2.0; +http://www.bing.com/bingbot.htm)"
54.36.149.97 - - [13/Jun/2021:22:54:49 +0200] "GET /johnny-hallyday-blue-cigarettes-case-and-lighter-p-31927.html HTTP/1.0" 301 70232 "-" "Mozilla/5.0 (compatible; AhrefsBot/7.0; +http://ahrefs.com/robot/)"
40.77.167.70 - - [13/Jun/2021:22:54:56 +0200] "GET /therese-aromatika-incense-sticks-p-53452.html HTTP/1.0" 200 72941 "-" "Mozilla/5.0 (compatible; bingbot/2.0; +http://www.bing.com/bingbot.htm)"
40.77.167.90 - - [13/Jun/2021:22:55:09 +0200] "GET /high-school-musical-handbag-p-6466.html HTTP/1.0" 200 75402 "-" "Mozilla/5.0 (compatible; bingbot/2.0; +http://www.bing.com/bingbot.htm)"
51.68.224.127 - - [13/Jun/2021:22:55:15 +0200] "GET /adminweb/export_orders_xml.php?token=256de2z6edz6ed2z6DFSFsed2zed6zeDSFDSGdzedezfzf&maxorders=10&orderstart=1&status=14&start_date=2018-10-01 HTTP/1.0" 200 285 "-" "GesCom CharlotteBoutik Serveur"
51.68.224.127 - - [13/Jun/2021:22:55:15 +0200] "GET /adminweb/export_orders_xml.php?token=256de2z6edz6ed2z6DFSFsed2zed6zeDSFDSGdzedezfzf&maxorders=10&orderstart=1&status=6&start_date=2018-10-01 HTTP/1.0" 200 30039 "-" "GesCom CharlotteBoutik Serveur"
40.77.167.57 - - [13/Jun/2021:22:55:18 +0200] "GET /chica-loca-invitation-set-p-17463.html HTTP/1.0" 301 73138 "-" "Mozilla/5.0 (compatible; bingbot/2.0; +http://www.bing.com/bingbot.htm)"
40.77.167.106 - - [13/Jun/2021:22:55:22 +0200] "GET /marilyn-monroe-carrying-case-25-cm-p-29443.html HTTP/1.0" 301 73010 "-" "Mozilla/5.0 (compatible; bingbot/2.0; +http://www.bing.com/bingbot.htm)"
54.36.149.66 - - [13/Jun/2021:22:55:47 +0200] "GET /duvet-cover-cotton-percale-threads-p-48211.html HTTP/1.0" 200 73104 "-" "Mozilla/5.0 (compatible; AhrefsBot/7.0; +http://ahrefs.com/robot/)"
185.191.171.37 - - [13/Jun/2021:22:55:48 +0200] "GET /johnny-hallyday-clock-p-11918.html HTTP/1.0" 200 72794 "-" "Mozilla/5.0 (compatible; SemrushBot/7~bl; +http://www.semrush.com/bot.html)"
157.55.39.44 - - [13/Jun/2021:22:56:15 +0200] "GET /piggy-bank-with-small-hammer-50-years-p-38525.html HTTP/1.0" 301 73099 "-" "Mozilla/5.0 (compatible; bingbot/2.0; +http://www.bing.com/bingbot.htm)"
185.191.171.2 - - [13/Jun/2021:22:56:21 +0200] "GET /mirror-wall-decor-p-48719.html HTTP/1.0" 200 73396 "-" "Mozilla/5.0 (compatible; SemrushBot/7~bl; +http://www.semrush.com/bot.html)"
40.77.167.57 - - [13/Jun/2021:22:56:58 +0200] "GET /gingerbread-p-30682.html HTTP/1.0" 200 72709 "-" "Mozilla/5.0 (compatible; bingbot/2.0; +http://www.bing.com/bingbot.htm)"
157.55.39.122 - - [13/Jun/2021:22:57:17 +0200] "GET /boho-decorative-metal-plate-by-cbk-p-52886.html HTTP/1.0" 301 72972 "-" "Mozilla/5.0 (compatible; bingbot/2.0; +http://www.bing.com/bingbot.htm)"
54.36.148.127 - - [13/Jun/2021:22:57:20 +0200] "GET /duvet-cover-cotton-percale-threads-p-52079.html HTTP/1.0" 200 73104 "-" "Mozilla/5.0 (compatible; AhrefsBot/7.0; +http://ahrefs.com/robot/)"
40.77.167.57 - - [13/Jun/2021:22:57:21 +0200] "GET /barbapapa-phone-cover-for-iphone-and-p-14167.html HTTP/1.0" 301 73332 "-" "Mozilla/5.0 (compatible; bingbot/2.0; +http://www.bing.com/bingbot.htm)"
40.77.167.57 - - [13/Jun/2021:22:57:38 +0200] "GET /-p-13205.html HTTP/1.0" 200 70165 "-" "Mozilla/5.0 (compatible; bingbot/2.0; +http://www.bing.com/bingbot.htm)"
185.191.171.17 - - [13/Jun/2021:22:57:52 +0200] "GET /strawberry-shortcake-tights-p-34659.html HTTP/1.0" 301 70232 "-" "Mozilla/5.0 (compatible; SemrushBot/7~bl; +http://www.semrush.com/bot.html)"
185.191.171.11 - - [13/Jun/2021:22:57:54 +0200] "GET /-p-34659.html HTTP/1.0" 200 70165 "-" "Mozilla/5.0 (compatible; SemrushBot/7~bl; +http://www.semrush.com/bot.html)"
