157.55.39.128 - - [13/Jun/2021:20:03:54 +0200] "GET /cats-shadow-door-plate-toilet-p-46411.html HTTP/1.0" 200 72886 "-" "Mozilla/5.0 (compatible; bingbot/2.0; +http://www.bing.com/bingbot.htm)"
34.122.145.211 - - [13/Jun/2021:20:03:56 +0200] "GET / HTTP/1.0" 301 511 "-" "Mozilla/5.0 (Windows NT 10.0; Win64; x64) AppleWebKit/537.36 (KHTML, like Gecko) Chrome/93.0.4542.0 Safari/537.36"
34.122.145.211 - - [13/Jun/2021:20:03:58 +0200] "GET / HTTP/1.0" 200 149898 "-" "Mozilla/5.0 (Windows NT 10.0; Win64; x64) AppleWebKit/537.36 (KHTML, like Gecko) Chrome/93.0.4542.0 Safari/537.36"
34.122.145.211 - - [13/Jun/2021:20:03:59 +0200] "GET /templates/Pixame_v1/stylesheet.css HTTP/1.0" 200 267 "http://www.wonder-geek.com/" "Mozilla/5.0 (Windows NT 10.0; Win64; x64) AppleWebKit/537.36 (KHTML, like Gecko) Chrome/93.0.4542.0 Safari/537.36"
34.122.145.211 - - [13/Jun/2021:20:03:59 +0200] "GET /highslide/highslide.js HTTP/1.0" 200 262 "http://www.wonder-geek.com/" "Mozilla/5.0 (Windows NT 10.0; Win64; x64) AppleWebKit/537.36 (KHTML, like Gecko) Chrome/93.0.4542.0 Safari/537.36"
34.122.145.211 - - [13/Jun/2021:20:04:00 +0200] "GET /js/jquery.js HTTP/1.0" 200 252 "http://www.wonder-geek.com/" "Mozilla/5.0 (Windows NT 10.0; Win64; x64) AppleWebKit/537.36 (KHTML, like Gecko) Chrome/93.0.4542.0 Safari/537.36"
34.122.145.211 - - [13/Jun/2021:20:04:00 +0200] "GET /js/jquery.jqzoom.js HTTP/1.0" 200 259 "http://www.wonder-geek.com/" "Mozilla/5.0 (Windows NT 10.0; Win64; x64) AppleWebKit/537.36 (KHTML, like Gecko) Chrome/93.0.4542.0 Safari/537.36"
34.122.145.211 - - [13/Jun/2021:20:04:00 +0200] "GET /mondial_relay/js/jquery-1.3.2.min.js HTTP/1.0" 200 276 "http://www.wonder-geek.com/" "Mozilla/5.0 (Windows NT 10.0; Win64; x64) AppleWebKit/537.36 (KHTML, like Gecko) Chrome/93.0.4542.0 Safari/537.36"
34.122.145.211 - - [13/Jun/2021:20:04:00 +0200] "GET /swfobject.js HTTP/1.0" 404 1308 "http://www.wonder-geek.com/" "Mozilla/5.0 (Windows NT 10.0; Win64; x64) AppleWebKit/537.36 (KHTML, like Gecko) Chrome/93.0.4542.0 Safari/537.36"
34.122.145.211 - - [13/Jun/2021:20:04:01 +0200] "GET /js/jquery.min.js HTTP/1.0" 404 1308 "http://www.wonder-geek.com/" "Mozilla/5.0 (Windows NT 10.0; Win64; x64) AppleWebKit/537.36 (KHTML, like Gecko) Chrome/93.0.4542.0 Safari/537.36"
34.122.145.211 - - [13/Jun/2021:20:04:01 +0200] "GET /js/jquery.masonry.min.js HTTP/1.0" 200 264 "http://www.wonder-geek.com/" "Mozilla/5.0 (Windows NT 10.0; Win64; x64) AppleWebKit/537.36 (KHTML, like Gecko) Chrome/93.0.4542.0 Safari/537.36"
34.122.145.211 - - [13/Jun/2021:20:04:01 +0200] "GET /js/modernizr-transitions.js HTTP/1.0" 200 267 "http://www.wonder-geek.com/" "Mozilla/5.0 (Windows NT 10.0; Win64; x64) AppleWebKit/537.36 (KHTML, like Gecko) Chrome/93.0.4542.0 Safari/537.36"
34.122.145.211 - - [13/Jun/2021:20:04:01 +0200] "GET /templates/Pixame_v1/images/icon_accueil2.png HTTP/1.0" 200 278 "http://www.wonder-geek.com/" "Mozilla/5.0 (Windows NT 10.0; Win64; x64) AppleWebKit/537.36 (KHTML, like Gecko) Chrome/93.0.4542.0 Safari/537.36"
34.122.145.211 - - [13/Jun/2021:20:04:02 +0200] "GET /swfobject.js HTTP/1.0" 404 1308 "http://www.wonder-geek.com/" "Mozilla/5.0 (Windows NT 10.0; Win64; x64) AppleWebKit/537.36 (KHTML, like Gecko) Chrome/93.0.4542.0 Safari/537.36"
34.122.145.211 - - [13/Jun/2021:20:04:02 +0200] "GET /templates/Pixame_v1/images/infobox/pixel_trans.gif HTTP/1.0" 200 328 "http://www.wonder-geek.com/" "Mozilla/5.0 (Windows NT 10.0; Win64; x64) AppleWebKit/537.36 (KHTML, like Gecko) Chrome/93.0.4542.0 Safari/537.36"
34.122.145.211 - - [13/Jun/2021:20:04:02 +0200] "GET /images/pixel_trans.gif HTTP/1.0" 200 328 "http://www.wonder-geek.com/" "Mozilla/5.0 (Windows NT 10.0; Win64; x64) AppleWebKit/537.36 (KHTML, like Gecko) Chrome/93.0.4542.0 Safari/537.36"
34.122.145.211 - - [13/Jun/2021:20:04:02 +0200] "GET /templates/Pixame_v1/images/Bottom_texture.jpg HTTP/1.0" 200 280 "http://www.wonder-geek.com/templates/Pixame_v1/stylesheet.css" "Mozilla/5.0 (Windows NT 10.0; Win64; x64) AppleWebKit/537.36 (KHTML, like Gecko) Chrome/93.0.4542.0 Safari/537.36"
34.122.145.211 - - [13/Jun/2021:20:04:03 +0200] "GET /templates/Pixame_v1/images/Middle_texture.jpg HTTP/1.0" 200 280 "http://www.wonder-geek.com/templates/Pixame_v1/stylesheet.css" "Mozilla/5.0 (Windows NT 10.0; Win64; x64) AppleWebKit/537.36 (KHTML, like Gecko) Chrome/93.0.4542.0 Safari/537.36"
34.122.145.211 - - [13/Jun/2021:20:04:03 +0200] "GET /templates/Pixame_v1/images/header.png HTTP/1.0" 200 271 "http://www.wonder-geek.com/templates/Pixame_v1/stylesheet.css" "Mozilla/5.0 (Windows NT 10.0; Win64; x64) AppleWebKit/537.36 (KHTML, like Gecko) Chrome/93.0.4542.0 Safari/537.36"
34.122.145.211 - - [13/Jun/2021:20:04:03 +0200] "GET /templates/Pixame_v1/images/header-object.png HTTP/1.0" 200 278 "http://www.wonder-geek.com/templates/Pixame_v1/stylesheet.css" "Mozilla/5.0 (Windows NT 10.0; Win64; x64) AppleWebKit/537.36 (KHTML, like Gecko) Chrome/93.0.4542.0 Safari/537.36"
34.122.145.211 - - [13/Jun/2021:20:04:04 +0200] "GET /templates/Pixame_v1/images/nav.png HTTP/1.0" 200 268 "http://www.wonder-geek.com/templates/Pixame_v1/stylesheet.css" "Mozilla/5.0 (Windows NT 10.0; Win64; x64) AppleWebKit/537.36 (KHTML, like Gecko) Chrome/93.0.4542.0 Safari/537.36"
34.122.145.211 - - [13/Jun/2021:20:04:04 +0200] "GET /design/productsenstock.png HTTP/1.0" 200 260 "http://www.wonder-geek.com/templates/Pixame_v1/stylesheet.css" "Mozilla/5.0 (Windows NT 10.0; Win64; x64) AppleWebKit/537.36 (KHTML, like Gecko) Chrome/93.0.4542.0 Safari/537.36"
34.122.145.211 - - [13/Jun/2021:20:04:04 +0200] "GET /templates/Pixame_v1/images/infobox/infobox_footer_middle.gif HTTP/1.0" 200 357 "http://www.wonder-geek.com/" "Mozilla/5.0 (Windows NT 10.0; Win64; x64) AppleWebKit/537.36 (KHTML, like Gecko) Chrome/93.0.4542.0 Safari/537.36"
40.77.167.106 - - [13/Jun/2021:20:04:04 +0200] "GET /kimmi-junior-lotti-pocket-mirror-p-15844.html HTTP/1.0" 301 70232 "-" "Mozilla/5.0 (compatible; bingbot/2.0; +http://www.bing.com/bingbot.htm)"
34.122.145.211 - - [13/Jun/2021:20:04:04 +0200] "GET /templates/Pixame_v1/images/pixel_trans.gif HTTP/1.0" 200 328 "http://www.wonder-geek.com/" "Mozilla/5.0 (Windows NT 10.0; Win64; x64) AppleWebKit/537.36 (KHTML, like Gecko) Chrome/93.0.4542.0 Safari/537.36"
34.122.145.211 - - [13/Jun/2021:20:04:05 +0200] "GET /js/jquery.min.js HTTP/1.0" 404 1308 "http://www.wonder-geek.com/" "Mozilla/5.0 (Windows NT 10.0; Win64; x64) AppleWebKit/537.36 (KHTML, like Gecko) Chrome/93.0.4542.0 Safari/537.36"
34.122.145.211 - - [13/Jun/2021:20:04:05 +0200] "GET /images/mini_prod/8424346234905.jpg HTTP/1.0" 200 269 "http://www.wonder-geek.com/" "Mozilla/5.0 (Windows NT 10.0; Win64; x64) AppleWebKit/537.36 (KHTML, like Gecko) Chrome/93.0.4542.0 Safari/537.36"
34.122.145.211 - - [13/Jun/2021:20:04:05 +0200] "GET /images/mini_prod/3453131155236.jpg HTTP/1.0" 200 269 "http://www.wonder-geek.com/" "Mozilla/5.0 (Windows NT 10.0; Win64; x64) AppleWebKit/537.36 (KHTML, like Gecko) Chrome/93.0.4542.0 Safari/537.36"
34.122.145.211 - - [13/Jun/2021:20:04:05 +0200] "GET /images/mini_prod/8422018272514.jpg HTTP/1.0" 200 269 "http://www.wonder-geek.com/" "Mozilla/5.0 (Windows NT 10.0; Win64; x64) AppleWebKit/537.36 (KHTML, like Gecko) Chrome/93.0.4542.0 Safari/537.36"
34.122.145.211 - - [13/Jun/2021:20:04:07 +0200] "GET /images/mini_prod/8424345302186.jpg HTTP/1.0" 200 269 "http://www.wonder-geek.com/" "Mozilla/5.0 (Windows NT 10.0; Win64; x64) AppleWebKit/537.36 (KHTML, like Gecko) Chrome/93.0.4542.0 Safari/537.36"
34.122.145.211 - - [13/Jun/2021:20:04:07 +0200] "GET /images/mini_prod/3453131153584.jpg HTTP/1.0" 200 269 "http://www.wonder-geek.com/" "Mozilla/5.0 (Windows NT 10.0; Win64; x64) AppleWebKit/537.36 (KHTML, like Gecko) Chrome/93.0.4542.0 Safari/537.36"
34.122.145.211 - - [13/Jun/2021:20:04:07 +0200] "GET /images/mini_prod/3665269032307B.jpg HTTP/1.0" 200 270 "http://www.wonder-geek.com/" "Mozilla/5.0 (Windows NT 10.0; Win64; x64) AppleWebKit/537.36 (KHTML, like Gecko) Chrome/93.0.4542.0 Safari/537.36"
34.122.145.211 - - [13/Jun/2021:20:04:07 +0200] "GET /images/mini_prod/3565750277630.jpg HTTP/1.0" 200 269 "http://www.wonder-geek.com/" "Mozilla/5.0 (Windows NT 10.0; Win64; x64) AppleWebKit/537.36 (KHTML, like Gecko) Chrome/93.0.4542.0 Safari/537.36"
34.122.145.211 - - [13/Jun/2021:20:04:07 +0200] "GET /images/mini_prod/3574641017446.jpg HTTP/1.0" 200 269 "http://www.wonder-geek.com/" "Mozilla/5.0 (Windows NT 10.0; Win64; x64) AppleWebKit/537.36 (KHTML, like Gecko) Chrome/93.0.4542.0 Safari/537.36"
34.122.145.211 - - [13/Jun/2021:20:04:07 +0200] "GET /images/mini_prod/8445148006330.jpg HTTP/1.0" 200 269 "http://www.wonder-geek.com/" "Mozilla/5.0 (Windows NT 10.0; Win64; x64) AppleWebKit/537.36 (KHTML, like Gecko) Chrome/93.0.4542.0 Safari/537.36"
34.122.145.211 - - [13/Jun/2021:20:04:08 +0200] "GET /images/mini_prod/8433833240152.jpg HTTP/1.0" 200 269 "http://www.wonder-geek.com/" "Mozilla/5.0 (Windows NT 10.0; Win64; x64) AppleWebKit/537.36 (KHTML, like Gecko) Chrome/93.0.4542.0 Safari/537.36"
34.122.145.211 - - [13/Jun/2021:20:04:08 +0200] "GET /images/mini_prod/3665284220581.jpg HTTP/1.0" 200 269 "http://www.wonder-geek.com/" "Mozilla/5.0 (Windows NT 10.0; Win64; x64) AppleWebKit/537.36 (KHTML, like Gecko) Chrome/93.0.4542.0 Safari/537.36"
34.122.145.211 - - [13/Jun/2021:20:04:08 +0200] "GET /images/mini_prod/5055321748464.jpg HTTP/1.0" 200 269 "http://www.wonder-geek.com/" "Mozilla/5.0 (Windows NT 10.0; Win64; x64) AppleWebKit/537.36 (KHTML, like Gecko) Chrome/93.0.4542.0 Safari/537.36"
34.122.145.211 - - [13/Jun/2021:20:04:08 +0200] "GET /images/mini_prod/8422001276604.jpg HTTP/1.0" 200 269 "http://www.wonder-geek.com/" "Mozilla/5.0 (Windows NT 10.0; Win64; x64) AppleWebKit/537.36 (KHTML, like Gecko) Chrome/93.0.4542.0 Safari/537.36"
34.122.145.211 - - [13/Jun/2021:20:04:09 +0200] "GET /images/mini_prod/8445148005692.jpg HTTP/1.0" 200 269 "http://www.wonder-geek.com/" "Mozilla/5.0 (Windows NT 10.0; Win64; x64) AppleWebKit/537.36 (KHTML, like Gecko) Chrome/93.0.4542.0 Safari/537.36"
34.122.145.211 - - [13/Jun/2021:20:04:09 +0200] "GET /images/mini_prod/3665269128222.jpg HTTP/1.0" 200 269 "http://www.wonder-geek.com/" "Mozilla/5.0 (Windows NT 10.0; Win64; x64) AppleWebKit/537.36 (KHTML, like Gecko) Chrome/93.0.4542.0 Safari/537.36"
34.122.145.211 - - [13/Jun/2021:20:04:09 +0200] "GET /images/mini_prod/5055321765447.jpg HTTP/1.0" 200 269 "http://www.wonder-geek.com/" "Mozilla/5.0 (Windows NT 10.0; Win64; x64) AppleWebKit/537.36 (KHTML, like Gecko) Chrome/93.0.4542.0 Safari/537.36"
185.191.171.7 - - [13/Jun/2021:20:04:16 +0200] "GET /open-light-decoration-p-52230.html?action=add_product HTTP/1.0" 302 476 "-" "Mozilla/5.0 (compatible; SemrushBot/7~bl; +http://www.semrush.com/bot.html)"
54.36.149.92 - - [13/Jun/2021:20:04:20 +0200] "GET /winx-picnic-p-17167.html HTTP/1.0" 200 73645 "-" "Mozilla/5.0 (compatible; AhrefsBot/7.0; +http://ahrefs.com/robot/)"
106.38.241.175 - - [13/Jun/2021:20:04:26 +0200] "GET / HTTP/1.0" 200 149544 "-" "Sogou web spider/4.0(+http://www.sogou.com/docs/help/webmasters.htm#07)"
40.77.167.57 - - [13/Jun/2021:20:04:31 +0200] "GET /-p-25271.html HTTP/1.0" 200 70165 "-" "Mozilla/5.0 (compatible; bingbot/2.0; +http://www.bing.com/bingbot.htm)"
40.77.167.57 - - [13/Jun/2021:20:04:32 +0200] "GET /gorjuss-classic-stripe-organiser-journal-hatter-p-43172.html HTTP/1.0" 200 75015 "-" "Mozilla/5.0 (compatible; bingbot/2.0; +http://www.bing.com/bingbot.htm)"
157.55.39.81 - - [13/Jun/2021:20:04:36 +0200] "GET /glasses-case-c-31_164.html HTTP/1.0" 200 90546 "-" "Mozilla/5.0 (compatible; bingbot/2.0; +http://www.bing.com/bingbot.htm)"
54.36.148.186 - - [13/Jun/2021:20:04:44 +0200] "GET /distributor-chewing-gum-23-cm-p-37838.html HTTP/1.0" 301 73015 "-" "Mozilla/5.0 (compatible; AhrefsBot/7.0; +http://ahrefs.com/robot/)"
157.55.39.44 - - [13/Jun/2021:20:04:49 +0200] "GET /polar-bear-small-round-magnet-p-31912.html HTTP/1.0" 200 72861 "-" "Mozilla/5.0 (compatible; bingbot/2.0; +http://www.bing.com/bingbot.htm)"
5.188.48.98 - - [13/Jun/2021:20:05:33 +0200] "GET /create_account.php HTTP/1.0" 301 547 "http://wonder-geek.com/create_account.php" "Mozilla/5.0 (Windows NT 6.1; Win64; x64) AppleWebKit/537.36 (KHTML, like Gecko) Chrome/83.0.4103.24 Safari/537.36 Edg/83.0.478.18"
5.188.48.98 - - [13/Jun/2021:20:05:33 +0200] "GET /create_account.php HTTP/1.0" 301 547 "http://wonder-geek.com/create_account.php" "Mozilla/5.0 (Windows NT 10.0; Win64; x64) AppleWebKit/537.36 (KHTML, like Gecko) Chrome/83.0.4103.61 Safari/537.36"
5.188.48.98 - - [13/Jun/2021:20:05:33 +0200] "GET /create_account.php HTTP/1.0" 200 33633 "http://www.wonder-geek.com/create_account.php" "Mozilla/5.0 (Windows NT 10.0; Win64; x64) AppleWebKit/537.36 (KHTML, like Gecko) Chrome/83.0.4103.61 Safari/537.36"
5.188.48.98 - - [13/Jun/2021:20:05:33 +0200] "GET /create_account.php HTTP/1.0" 200 33633 "http://www.wonder-geek.com/create_account.php" "Mozilla/5.0 (Windows NT 6.1; Win64; x64) AppleWebKit/537.36 (KHTML, like Gecko) Chrome/83.0.4103.24 Safari/537.36 Edg/83.0.478.18"
5.188.48.98 - - [13/Jun/2021:20:05:33 +0200] "POST /create_account.php HTTP/1.0" 200 34321 "http://www.wonder-geek.com/create_account.php" "Mozilla/5.0 (Windows NT 6.1; Win64; x64) AppleWebKit/537.36 (KHTML, like Gecko) Chrome/83.0.4103.24 Safari/537.36 Edg/83.0.478.18"
5.188.48.98 - - [13/Jun/2021:20:05:33 +0200] "POST /create_account.php HTTP/1.0" 200 34315 "http://www.wonder-geek.com/create_account.php" "Mozilla/5.0 (Windows NT 10.0; Win64; x64) AppleWebKit/537.36 (KHTML, like Gecko) Chrome/83.0.4103.61 Safari/537.36"
5.188.48.98 - - [13/Jun/2021:20:05:33 +0200] "GET /login.php HTTP/1.0" 200 17155 "http://www.wonder-geek.com/login.php" "Mozilla/5.0 (Windows NT 10.0; Win64; x64) AppleWebKit/537.36 (KHTML, like Gecko) Chrome/83.0.4103.61 Safari/537.36"
5.188.48.98 - - [13/Jun/2021:20:05:33 +0200] "GET /login.php HTTP/1.0" 200 17155 "http://www.wonder-geek.com/login.php" "Mozilla/5.0 (Windows NT 6.1; Win64; x64) AppleWebKit/537.36 (KHTML, like Gecko) Chrome/83.0.4103.24 Safari/537.36 Edg/83.0.478.18"
5.188.48.98 - - [13/Jun/2021:20:05:34 +0200] "POST /login.php?action=process HTTP/1.0" 200 17661 "http://www.wonder-geek.com/login.php" "Mozilla/5.0 (Windows NT 10.0; Win64; x64) AppleWebKit/537.36 (KHTML, like Gecko) Chrome/83.0.4103.61 Safari/537.36"
5.188.48.98 - - [13/Jun/2021:20:05:34 +0200] "POST /login.php?action=process HTTP/1.0" 200 17659 "http://www.wonder-geek.com/login.php" "Mozilla/5.0 (Windows NT 6.1; Win64; x64) AppleWebKit/537.36 (KHTML, like Gecko) Chrome/83.0.4103.24 Safari/537.36 Edg/83.0.478.18"
5.188.48.98 - - [13/Jun/2021:20:05:34 +0200] "GET /create_account.php HTTP/1.0" 200 33633 "http://www.wonder-geek.com/create_account.php" "Mozilla/5.0 (Windows NT 6.1; Win64; x64) AppleWebKit/537.36 (KHTML, like Gecko) Chrome/83.0.4103.24 Safari/537.36 Edg/83.0.478.18"
5.188.48.98 - - [13/Jun/2021:20:05:34 +0200] "GET /create_account.php HTTP/1.0" 200 33633 "http://www.wonder-geek.com/create_account.php" "Mozilla/5.0 (Windows NT 10.0; Win64; x64) AppleWebKit/537.36 (KHTML, like Gecko) Chrome/83.0.4103.61 Safari/537.36"
157.55.39.152 - - [13/Jun/2021:20:05:46 +0200] "GET /pyramid-in-green-aventurine-base-cm-quality-aa-p-44004.html HTTP/1.0" 301 73089 "-" "Mozilla/5.0 (compatible; bingbot/2.0; +http://www.bing.com/bingbot.htm)"
40.77.167.57 - - [13/Jun/2021:20:05:51 +0200] "GET /genie-figure-p-2841.html HTTP/1.0" 200 70214 "-" "Mozilla/5.0 (compatible; bingbot/2.0; +http://www.bing.com/bingbot.htm)"
218.63.100.63 - - [13/Jun/2021:20:06:12 +0200] "GET /images/big_prod/8433933158289.jpg HTTP/1.0" 200 268 "https://cn.bing.com/" "Mozilla/5.0 (Windows NT 6.1; Win64; x64) AppleWebKit/537.36 (KHTML, like Gecko) Chrome/91.0.4472.101 Safari/537.36"
40.77.167.57 - - [13/Jun/2021:20:06:13 +0200] "GET /elephant-statue-said-nothing-nothing-seen-nothing-heard-p-55268.html HTTP/1.0" 200 73790 "-" "Mozilla/5.0 (compatible; bingbot/2.0; +http://www.bing.com/bingbot.htm)"
218.63.100.63 - - [13/Jun/2021:20:06:14 +0200] "GET /favicon.ico HTTP/1.0" 200 260 "http://www.wonder-geek.com/images/big_prod/8433933158289.jpg" "Mozilla/5.0 (Windows NT 6.1; Win64; x64) AppleWebKit/537.36 (KHTML, like Gecko) Chrome/91.0.4472.101 Safari/537.36"
157.55.39.122 - - [13/Jun/2021:20:06:17 +0200] "GET /-p-14485.html HTTP/1.0" 200 70165 "-" "Mozilla/5.0 (compatible; bingbot/2.0; +http://www.bing.com/bingbot.htm)"
216.244.66.242 - - [13/Jun/2021:20:06:18 +0200] "GET /robots.txt HTTP/1.0" 200 245 "-" "Mozilla/5.0 (compatible; DotBot/1.2; +https://opensiteexplorer.org/dotbot; help@moz.com)"
54.36.148.86 - - [13/Jun/2021:20:06:20 +0200] "GET /cats-dubout-large-bowl-p-55395.html HTTP/1.0" 200 72799 "-" "Mozilla/5.0 (compatible; AhrefsBot/7.0; +http://ahrefs.com/robot/)"
54.36.148.200 - - [13/Jun/2021:20:06:36 +0200] "GET /metal-cylindrical-coffee-box-p-52611.html HTTP/1.0" 301 73067 "-" "Mozilla/5.0 (compatible; AhrefsBot/7.0; +http://ahrefs.com/robot/)"
54.36.148.147 - - [13/Jun/2021:20:06:43 +0200] "GET /candy-mouse-pad-p-13988.html HTTP/1.0" 301 72851 "-" "Mozilla/5.0 (compatible; AhrefsBot/7.0; +http://ahrefs.com/robot/)"
157.55.39.128 - - [13/Jun/2021:20:06:52 +0200] "GET /tweety-money-box-p-24161.html HTTP/1.0" 301 72843 "-" "Mozilla/5.0 (compatible; bingbot/2.0; +http://www.bing.com/bingbot.htm)"
185.191.171.34 - - [13/Jun/2021:20:07:20 +0200] "GET /becassine-money-box-p-15682.html HTTP/1.0" 301 72834 "-" "Mozilla/5.0 (compatible; SemrushBot/7~bl; +http://www.semrush.com/bot.html)"
185.191.171.40 - - [13/Jun/2021:20:07:22 +0200] "GET /bcassine-money-p-15682.html HTTP/1.0" 200 72753 "-" "Mozilla/5.0 (compatible; SemrushBot/7~bl; +http://www.semrush.com/bot.html)"
157.55.39.81 - - [13/Jun/2021:20:07:53 +0200] "GET /melamine-plate-daisy-duck-p-14887.html HTTP/1.0" 200 70255 "-" "Mozilla/5.0 (compatible; bingbot/2.0; +http://www.bing.com/bingbot.htm)"
157.55.39.128 - - [13/Jun/2021:20:07:58 +0200] "GET /vespa-keychain-knife-p-23067.html HTTP/1.0" 200 70256 "-" "Mozilla/5.0 (compatible; bingbot/2.0; +http://www.bing.com/bingbot.htm)"
157.55.39.128 - - [13/Jun/2021:20:07:59 +0200] "GET /tweety-figure-p-3622.html HTTP/1.0" 200 70219 "-" "Mozilla/5.0 (compatible; bingbot/2.0; +http://www.bing.com/bingbot.htm)"
54.36.148.61 - - [13/Jun/2021:20:08:13 +0200] "GET /dragonfly-wall-decoration-blue-model-p-55403.html HTTP/1.0" 200 73752 "-" "Mozilla/5.0 (compatible; AhrefsBot/7.0; +http://ahrefs.com/robot/)"
157.55.39.122 - - [13/Jun/2021:20:08:13 +0200] "GET /pyramid-in-rose-quartz-base-cm-quality-aa-p-44006.html HTTP/1.0" 301 73039 "-" "Mozilla/5.0 (compatible; bingbot/2.0; +http://www.bing.com/bingbot.htm)"
207.46.13.38 - - [13/Jun/2021:20:08:22 +0200] "GET /swfobject.js HTTP/1.0" 404 1308 "-" "Mozilla/5.0 (compatible; bingbot/2.0; +http://www.bing.com/bingbot.htm)"
185.191.171.10 - - [13/Jun/2021:20:08:40 +0200] "GET /jane-crowther-cats-p-54757.html?action=add_product HTTP/1.0" 302 476 "-" "Mozilla/5.0 (compatible; SemrushBot/7~bl; +http://www.semrush.com/bot.html)"
207.46.13.38 - - [13/Jun/2021:20:08:45 +0200] "GET /napy-bedclothes-260-240-cm-p-45166.html HTTP/1.0" 301 70232 "-" "Mozilla/5.0 (compatible; bingbot/2.0; +http://www.bing.com/bingbot.htm)"
157.55.39.44 - - [13/Jun/2021:20:08:49 +0200] "GET /gorjuss-found-my-family-in-book-figure-collection-p-28065.html HTTP/1.0" 301 70232 "-" "Mozilla/5.0 (compatible; bingbot/2.0; +http://www.bing.com/bingbot.htm)"
40.77.167.57 - - [13/Jun/2021:20:08:55 +0200] "GET /zebra-resin-lamp-p-55234.html HTTP/1.0" 200 73570 "-" "Mozilla/5.0 (compatible; bingbot/2.0; +http://www.bing.com/bingbot.htm)"
40.77.167.57 - - [13/Jun/2021:20:08:56 +0200] "GET /arabica-kitchen-towel-45-60-cm-p-52684.html HTTP/1.0" 301 72926 "-" "Mozilla/5.0 (compatible; bingbot/2.0; +http://www.bing.com/bingbot.htm)"
54.36.149.73 - - [13/Jun/2021:20:09:06 +0200] "GET /cat-door-mat-coconut-fiber-p-48673.html HTTP/1.0" 301 73065 "-" "Mozilla/5.0 (compatible; AhrefsBot/7.0; +http://ahrefs.com/robot/)"
185.191.171.33 - - [13/Jun/2021:20:09:11 +0200] "GET /small-tinbox-retro-motorcycle-75-cm-p-41347.html HTTP/1.0" 301 70394 "-" "Mozilla/5.0 (compatible; SemrushBot/7~bl; +http://www.semrush.com/bot.html)"
185.191.171.4 - - [13/Jun/2021:20:09:13 +0200] "GET /small-tinbox-rtro-motorcycle-p-41347.html HTTP/1.0" 200 70299 "-" "Mozilla/5.0 (compatible; SemrushBot/7~bl; +http://www.semrush.com/bot.html)"
185.191.171.20 - - [13/Jun/2021:20:09:30 +0200] "GET /jimi-hendrix-lighter-p-41033.html HTTP/1.0" 200 73225 "-" "Mozilla/5.0 (compatible; SemrushBot/7~bl; +http://www.semrush.com/bot.html)"
40.77.167.70 - - [13/Jun/2021:20:09:35 +0200] "GET /decorative-snail-in-magnesia-37-cm-p-44674.html HTTP/1.0" 301 73007 "-" "Mozilla/5.0 (compatible; bingbot/2.0; +http://www.bing.com/bingbot.htm)"
216.244.66.242 - - [13/Jun/2021:20:09:44 +0200] "GET /kaloo-plume-lilac-bear-soft-p-15729.html HTTP/1.0" 200 70303 "-" "Mozilla/5.0 (compatible; DotBot/1.2; +https://opensiteexplorer.org/dotbot; help@moz.com)"
185.191.171.38 - - [13/Jun/2021:20:10:02 +0200] "GET /small-collection-plate-metal-vespa-gran-sport-p-16832.html HTTP/1.0" 200 73474 "-" "Mozilla/5.0 (compatible; SemrushBot/7~bl; +http://www.semrush.com/bot.html)"
185.191.171.16 - - [13/Jun/2021:20:10:09 +0200] "GET /lotus-candle-holder-in-glass-p-42829.html HTTP/1.0" 301 74037 "-" "Mozilla/5.0 (compatible; SemrushBot/7~bl; +http://www.semrush.com/bot.html)"
185.191.171.6 - - [13/Jun/2021:20:10:11 +0200] "GET /lotus-candle-holder-glass-p-42829.html HTTP/1.0" 200 73945 "-" "Mozilla/5.0 (compatible; SemrushBot/7~bl; +http://www.semrush.com/bot.html)"
157.55.39.152 - - [13/Jun/2021:20:10:15 +0200] "GET /playboy-zippo-lighter-p-13392.html HTTP/1.0" 200 73236 "-" "Mozilla/5.0 (compatible; bingbot/2.0; +http://www.bing.com/bingbot.htm)"
185.191.171.8 - - [13/Jun/2021:20:10:21 +0200] "GET /golden-moon-table-lamp-p-55265.html HTTP/1.0" 200 73527 "-" "Mozilla/5.0 (compatible; SemrushBot/7~bl; +http://www.semrush.com/bot.html)"
147.92.153.3 - - [13/Jun/2021:20:10:23 +0200] "GET /unicorn-nightlight-blue-p-55362.html HTTP/1.0" 200 74256 "-" "Mozilla/5.0 (compatible; Linespider/1.1; +https://lin.ee/4dwXkTH)"
111.225.149.168 - - [13/Jun/2021:20:10:27 +0200] "GET /rebecca-bedclothes-p-55451.html HTTP/1.0" 200 73540 "-" "Mozilla/5.0 (Linux; Android 5.0) AppleWebKit/537.36 (KHTML, like Gecko) Mobile Safari/537.36 (compatible; Bytespider; https://zhanzhang.toutiao.com/)"
111.225.149.166 - - [13/Jun/2021:20:10:28 +0200] "GET /mondial_relay/js/jquery-1.3.2.min.js HTTP/1.0" 200 276 "http://www.wonder-geek.com/rebecca-bedclothes-p-55451.html" "Mozilla/5.0 (Linux; Android 5.0) AppleWebKit/537.36 (KHTML, like Gecko) Mobile Safari/537.36 (compatible; Bytespider; https://zhanzhang.toutiao.com/)"
40.77.167.57 - - [13/Jun/2021:20:10:29 +0200] "GET /js/jquery.js HTTP/1.0" 200 252 "-" "Mozilla/5.0 (compatible; bingbot/2.0; +http://www.bing.com/bingbot.htm)"
111.225.149.159 - - [13/Jun/2021:20:10:29 +0200] "GET /swfobject.js HTTP/1.0" 404 1308 "http://www.wonder-geek.com/rebecca-bedclothes-p-55451.html" "Mozilla/5.0 (Linux; Android 5.0) AppleWebKit/537.36 (KHTML, like Gecko) Mobile Safari/537.36 (compatible; Bytespider; https://zhanzhang.toutiao.com/)"
111.225.149.159 - - [13/Jun/2021:20:10:30 +0200] "GET /swfobject.js HTTP/1.0" 404 1308 "http://www.wonder-geek.com/rebecca-bedclothes-p-55451.html" "Mozilla/5.0 (Linux; Android 5.0) AppleWebKit/537.36 (KHTML, like Gecko) Mobile Safari/537.36 (compatible; Bytespider; https://zhanzhang.toutiao.com/)"
111.225.149.169 - - [13/Jun/2021:20:10:32 +0200] "GET /images/big_prod_1/3665269128222a.jpg HTTP/1.0" 200 271 "http://www.wonder-geek.com/rebecca-bedclothes-p-55451.html" "Mozilla/5.0 (Linux; Android 5.0) AppleWebKit/537.36 (KHTML, like Gecko) Mobile Safari/537.36 (compatible; Bytespider; https://zhanzhang.toutiao.com/)"
111.225.149.157 - - [13/Jun/2021:20:10:32 +0200] "GET /highslide/graphics/zoomout.cur HTTP/1.0" 200 614 "http://www.wonder-geek.com/rebecca-bedclothes-p-55451.html" "Mozilla/5.0 (Linux; Android 5.0) AppleWebKit/537.36 (KHTML, like Gecko) Mobile Safari/537.36 (compatible; Bytespider; https://zhanzhang.toutiao.com/)"
111.225.149.168 - - [13/Jun/2021:20:10:33 +0200] "GET /images/big_prod/3665269128222.jpg HTTP/1.0" 200 268 "http://www.wonder-geek.com/rebecca-bedclothes-p-55451.html" "Mozilla/5.0 (Linux; Android 5.0) AppleWebKit/537.36 (KHTML, like Gecko) Mobile Safari/537.36 (compatible; Bytespider; https://zhanzhang.toutiao.com/)"
157.55.39.122 - - [13/Jun/2021:20:10:33 +0200] "GET /small-white-money-p-54798.html HTTP/1.0" 200 72848 "-" "Mozilla/5.0 (compatible; bingbot/2.0; +http://www.bing.com/bingbot.htm)"
54.36.148.86 - - [13/Jun/2021:20:10:34 +0200] "GET / HTTP/1.0" 200 149997 "-" "Mozilla/5.0 (compatible; AhrefsBot/7.0; +http://ahrefs.com/robot/)"
157.55.39.81 - - [13/Jun/2021:20:10:34 +0200] "GET /-p-31797.html HTTP/1.0" 200 70165 "-" "Mozilla/5.0 (compatible; bingbot/2.0; +http://www.bing.com/bingbot.htm)"
51.68.224.127 - - [13/Jun/2021:20:10:37 +0200] "GET /adminweb/export_orders_xml.php?token=256de2z6edz6ed2z6DFSFsed2zed6zeDSFDSGdzedezfzf&maxorders=10&orderstart=1&status=14&start_date=2018-10-01 HTTP/1.0" 200 285 "-" "GesCom CharlotteBoutik Serveur"
51.68.224.127 - - [13/Jun/2021:20:10:37 +0200] "GET /adminweb/export_orders_xml.php?token=256de2z6edz6ed2z6DFSFsed2zed6zeDSFDSGdzedezfzf&maxorders=10&orderstart=1&status=6&start_date=2018-10-01 HTTP/1.0" 200 30039 "-" "GesCom CharlotteBoutik Serveur"
207.46.13.38 - - [13/Jun/2021:20:10:39 +0200] "GET /bob-marley-floor-standing-ashtray-p-9859.html HTTP/1.0" 301 70229 "-" "Mozilla/5.0 (compatible; bingbot/2.0; +http://www.bing.com/bingbot.htm)"
207.46.13.38 - - [13/Jun/2021:20:10:39 +0200] "GET /manual-pouch-umbrella-gorjuss-the-foxes-p-48435.html HTTP/1.0" 301 74143 "-" "Mozilla/5.0 (compatible; bingbot/2.0; +http://www.bing.com/bingbot.htm)"
157.55.39.128 - - [13/Jun/2021:20:10:44 +0200] "GET /images/big_prod_1/3700281645682a.jpg HTTP/1.0" 200 271 "-" "Mozilla/5.0 (compatible; bingbot/2.0; +http://www.bing.com/bingbot.htm)"
185.191.171.11 - - [13/Jun/2021:20:11:18 +0200] "GET /bathroom-accessories-c-13_172.html?page=1 HTTP/1.0" 200 91397 "-" "Mozilla/5.0 (compatible; SemrushBot/7~bl; +http://www.semrush.com/bot.html)"
40.77.167.57 - - [13/Jun/2021:20:11:31 +0200] "GET /hello-kitty-figure-p-2906.html HTTP/1.0" 200 72865 "-" "Mozilla/5.0 (compatible; bingbot/2.0; +http://www.bing.com/bingbot.htm)"
157.55.39.152 - - [13/Jun/2021:20:11:36 +0200] "GET /parfum-provence-soap-dish-p-47698.html HTTP/1.0" 200 72821 "-" "Mozilla/5.0 (compatible; bingbot/2.0; +http://www.bing.com/bingbot.htm)"
185.191.171.6 - - [13/Jun/2021:20:11:47 +0200] "GET /pharaoh-figurine-bronze-aspect-p-52827.html?action=add_product HTTP/1.0" 302 476 "-" "Mozilla/5.0 (compatible; SemrushBot/7~bl; +http://www.semrush.com/bot.html)"
157.55.39.44 - - [13/Jun/2021:20:11:49 +0200] "GET /clone-commander-wolffe-miniature-figure-p-29880.html HTTP/1.0" 200 70351 "-" "Mozilla/5.0 (compatible; bingbot/2.0; +http://www.bing.com/bingbot.htm)"
40.77.167.57 - - [13/Jun/2021:20:11:54 +0200] "GET /american-dream-phone-cover-for-iphone-and-p-14166.html HTTP/1.0" 301 73624 "-" "Mozilla/5.0 (compatible; bingbot/2.0; +http://www.bing.com/bingbot.htm)"
40.77.167.90 - - [13/Jun/2021:20:11:58 +0200] "GET /wooden-with-chiseled-brass-decoration-p-55078.html HTTP/1.0" 200 73919 "-" "Mozilla/5.0 (compatible; bingbot/2.0; +http://www.bing.com/bingbot.htm)"
40.77.167.90 - - [13/Jun/2021:20:11:59 +0200] "GET /strawberry-shortcake-towel-p-141.html HTTP/1.0" 200 70255 "-" "Mozilla/5.0 (compatible; bingbot/2.0; +http://www.bing.com/bingbot.htm)"
40.77.167.70 - - [13/Jun/2021:20:12:05 +0200] "GET /antique-style-resin-lamp-p-54846.html HTTP/1.0" 200 73836 "-" "Mozilla/5.0 (compatible; bingbot/2.0; +http://www.bing.com/bingbot.htm)"
54.36.148.252 - - [13/Jun/2021:20:12:23 +0200] "GET /breakfast-c-12_61.html?page=7 HTTP/1.0" 200 79286 "-" "Mozilla/5.0 (compatible; AhrefsBot/7.0; +http://ahrefs.com/robot/)"
40.77.167.106 - - [13/Jun/2021:20:12:25 +0200] "GET /mini-metal-tray-renault-gordini-r8-p-35256.html HTTP/1.0" 301 73078 "-" "Mozilla/5.0 (compatible; bingbot/2.0; +http://www.bing.com/bingbot.htm)"
185.191.171.42 - - [13/Jun/2021:20:12:29 +0200] "GET /large-heart-ceramic-trinket-box-ladybird-p-34740.html HTTP/1.0" 301 70414 "-" "Mozilla/5.0 (compatible; SemrushBot/7~bl; +http://www.semrush.com/bot.html)"
185.191.171.14 - - [13/Jun/2021:20:12:30 +0200] "GET /large-heart-ceramic-trinket-ladybird-p-34740.html HTTP/1.0" 200 70311 "-" "Mozilla/5.0 (compatible; SemrushBot/7~bl; +http://www.semrush.com/bot.html)"
40.77.167.57 - - [13/Jun/2021:20:12:31 +0200] "GET /lamp-buddha-pink-p-44891.html HTTP/1.0" 200 72764 "-" "Mozilla/5.0 (compatible; bingbot/2.0; +http://www.bing.com/bingbot.htm)"
185.191.171.42 - - [13/Jun/2021:20:13:32 +0200] "GET /rabbit-mini-p-28260.html?action=add_product HTTP/1.0" 302 476 "-" "Mozilla/5.0 (compatible; SemrushBot/7~bl; +http://www.semrush.com/bot.html)"
40.77.167.70 - - [13/Jun/2021:20:13:57 +0200] "GET /nici-jolly-sheep-pencils-gray-p-20584.html HTTP/1.0" 200 72886 "-" "Mozilla/5.0 (compatible; bingbot/2.0; +http://www.bing.com/bingbot.htm)"
157.55.39.81 - - [13/Jun/2021:20:14:04 +0200] "GET /toy-story-blue-polar-cat-size-52-cm-p-23964.html HTTP/1.0" 301 70391 "-" "Mozilla/5.0 (compatible; bingbot/2.0; +http://www.bing.com/bingbot.htm)"
185.191.171.17 - - [13/Jun/2021:20:14:06 +0200] "GET /blacks-keyring-p-43116.html HTTP/1.0" 200 72761 "-" "Mozilla/5.0 (compatible; SemrushBot/7~bl; +http://www.semrush.com/bot.html)"
54.36.148.85 - - [13/Jun/2021:20:14:10 +0200] "GET /mimosa-branch-adhesive-decoration-board-p-55494.html HTTP/1.0" 200 73641 "-" "Mozilla/5.0 (compatible; AhrefsBot/7.0; +http://ahrefs.com/robot/)"
185.191.171.10 - - [13/Jun/2021:20:14:12 +0200] "GET /drink-dispenser-55-p-49664.html HTTP/1.0" 301 72865 "-" "Mozilla/5.0 (compatible; SemrushBot/7~bl; +http://www.semrush.com/bot.html)"
185.191.171.12 - - [13/Jun/2021:20:14:14 +0200] "GET /drink-dispenser-p-49664.html HTTP/1.0" 200 72783 "-" "Mozilla/5.0 (compatible; SemrushBot/7~bl; +http://www.semrush.com/bot.html)"
157.55.39.128 - - [13/Jun/2021:20:14:14 +0200] "GET /horse-alarm-clock-by-cbkreation-p-25048.html HTTP/1.0" 301 72996 "-" "Mozilla/5.0 (compatible; bingbot/2.0; +http://www.bing.com/bingbot.htm)"
40.77.167.90 - - [13/Jun/2021:20:14:17 +0200] "GET /pillow-case-purple-p-54626.html HTTP/1.0" 200 73609 "-" "Mozilla/5.0 (compatible; bingbot/2.0; +http://www.bing.com/bingbot.htm)"
157.55.39.152 - - [13/Jun/2021:20:14:18 +0200] "GET /avengers-lunchbox-p-37539.html HTTP/1.0" 200 72809 "-" "Mozilla/5.0 (compatible; bingbot/2.0; +http://www.bing.com/bingbot.htm)"
157.55.39.44 - - [13/Jun/2021:20:14:40 +0200] "GET /decorative-statuettes-monkeys-wisdom-orange-p-52731.html HTTP/1.0" 200 73075 "-" "Mozilla/5.0 (compatible; bingbot/2.0; +http://www.bing.com/bingbot.htm)"
185.191.171.41 - - [13/Jun/2021:20:14:49 +0200] "GET /white-piggy-bank-p-54801.html?action=add_product HTTP/1.0" 302 476 "-" "Mozilla/5.0 (compatible; SemrushBot/7~bl; +http://www.semrush.com/bot.html)"
40.77.167.70 - - [13/Jun/2021:20:15:18 +0200] "GET /-p-42575.html HTTP/1.0" 200 70165 "-" "Mozilla/5.0 (compatible; bingbot/2.0; +http://www.bing.com/bingbot.htm)"
40.77.167.90 - - [13/Jun/2021:20:15:21 +0200] "GET /pulp-fiction-mia-poster-p-32299.html HTTP/1.0" 301 70325 "-" "Mozilla/5.0 (compatible; bingbot/2.0; +http://www.bing.com/bingbot.htm)"
66.249.70.42 - - [13/Jun/2021:20:15:39 +0200] "GET /images/mini_prod/3609810096288.jpg HTTP/1.0" 200 269 "-" "Googlebot-Image/1.0"
157.55.39.122 - - [13/Jun/2021:20:15:44 +0200] "GET /london-metal-keyring-union-jack-boot-p-35354.html HTTP/1.0" 200 72935 "-" "Mozilla/5.0 (compatible; bingbot/2.0; +http://www.bing.com/bingbot.htm)"
40.77.167.106 - - [13/Jun/2021:20:15:54 +0200] "GET /images/8435333807712.jpg HTTP/1.0" 200 259 "-" "Mozilla/5.0 (compatible; bingbot/2.0; +http://www.bing.com/bingbot.htm)"
54.36.148.221 - - [13/Jun/2021:20:15:56 +0200] "GET /collectible-figurines-decorative-c-13_135.html?page=42 HTTP/1.0" 200 96618 "-" "Mozilla/5.0 (compatible; AhrefsBot/7.0; +http://ahrefs.com/robot/)"
157.55.39.44 - - [13/Jun/2021:20:16:11 +0200] "GET /-p-30161.html HTTP/1.0" 200 70165 "-" "Mozilla/5.0 (compatible; bingbot/2.0; +http://www.bing.com/bingbot.htm)"
185.191.171.6 - - [13/Jun/2021:20:16:57 +0200] "GET /rock-candle-hours-silver-p-42102.html?action=add_product HTTP/1.0" 302 476 "-" "Mozilla/5.0 (compatible; SemrushBot/7~bl; +http://www.semrush.com/bot.html)"
40.77.167.106 - - [13/Jun/2021:20:17:25 +0200] "GET /sonny-angel-figure-valentine-series-p-28587.html HTTP/1.0" 200 73180 "-" "Mozilla/5.0 (compatible; bingbot/2.0; +http://www.bing.com/bingbot.htm)"
157.55.39.81 - - [13/Jun/2021:20:17:33 +0200] "GET /images/big_prod/3520071754512.jpg HTTP/1.0" 200 268 "-" "Mozilla/5.0 (compatible; bingbot/2.0; +http://www.bing.com/bingbot.htm)"
40.77.167.90 - - [13/Jun/2021:20:17:37 +0200] "GET /marley-zippo-lighter-p-29773.html HTTP/1.0" 200 70268 "-" "Mozilla/5.0 (compatible; bingbot/2.0; +http://www.bing.com/bingbot.htm)"
157.55.39.122 - - [13/Jun/2021:20:17:43 +0200] "GET /austria-mug-by-cbkreation-p-33766.html HTTP/1.0" 301 72895 "-" "Mozilla/5.0 (compatible; bingbot/2.0; +http://www.bing.com/bingbot.htm)"
54.36.149.69 - - [13/Jun/2021:20:17:45 +0200] "GET /small-glass-cups-michelle-allen-designs-p-36960.html HTTP/1.0" 200 73210 "-" "Mozilla/5.0 (compatible; AhrefsBot/7.0; +http://ahrefs.com/robot/)"
185.191.171.15 - - [13/Jun/2021:20:17:48 +0200] "GET /terracotta-soldier-statuette-of-emperor-qin-60-cm-p-52438.html HTTP/1.0" 301 74333 "-" "Mozilla/5.0 (compatible; SemrushBot/7~bl; +http://www.semrush.com/bot.html)"
185.191.171.39 - - [13/Jun/2021:20:17:49 +0200] "GET /terracotta-soldier-statuette-emperor-p-52438.html HTTP/1.0" 200 74230 "-" "Mozilla/5.0 (compatible; SemrushBot/7~bl; +http://www.semrush.com/bot.html)"
157.55.39.122 - - [13/Jun/2021:20:17:54 +0200] "GET /mister-men-long-sleeve-shirt-p-31041.html HTTP/1.0" 301 74064 "-" "Mozilla/5.0 (compatible; bingbot/2.0; +http://www.bing.com/bingbot.htm)"
157.55.39.128 - - [13/Jun/2021:20:17:58 +0200] "GET /free-cold-beer-wall-bottle-opener-p-36858.html HTTP/1.0" 200 72936 "-" "Mozilla/5.0 (compatible; bingbot/2.0; +http://www.bing.com/bingbot.htm)"
157.55.39.128 - - [13/Jun/2021:20:17:59 +0200] "GET /orange-kitchen-towel-50-70-cm-p-44418.html HTTP/1.0" 301 72909 "-" "Mozilla/5.0 (compatible; bingbot/2.0; +http://www.bing.com/bingbot.htm)"
157.55.39.128 - - [13/Jun/2021:20:18:14 +0200] "GET /barbapapa-manga-metal-magnet-p-8801.html HTTP/1.0" 200 72954 "-" "Mozilla/5.0 (compatible; bingbot/2.0; +http://www.bing.com/bingbot.htm)"
157.55.39.152 - - [13/Jun/2021:20:18:18 +0200] "GET /pepsi-cola-small-steel-fridge-magnets-p-8170.html HTTP/1.0" 200 70339 "-" "Mozilla/5.0 (compatible; bingbot/2.0; +http://www.bing.com/bingbot.htm)"
77.75.78.162 - - [13/Jun/2021:20:18:42 +0200] "GET /robots.txt HTTP/1.0" 200 245 "-" "Mozilla/5.0 (compatible; SeznamBot/3.2; +http://napoveda.seznam.cz/en/seznambot-intro/)"
77.75.78.162 - - [13/Jun/2021:20:18:42 +0200] "GET /images/big_prod_1/3014627557349aa.jpg HTTP/1.0" 200 272 "-" "Mozilla/5.0 (compatible; SeznamBot/3.2; +http://napoveda.seznam.cz/en/seznambot-intro/)"
185.191.171.25 - - [13/Jun/2021:20:18:47 +0200] "GET /trivet-and-boards-cut-c-12_158.html?page=8 HTTP/1.0" 301 93877 "-" "Mozilla/5.0 (compatible; SemrushBot/7~bl; +http://www.semrush.com/bot.html)"
185.191.171.16 - - [13/Jun/2021:20:18:50 +0200] "GET /trivet-boards-c-158.html?page=8 HTTP/1.0" 301 93776 "-" "Mozilla/5.0 (compatible; SemrushBot/7~bl; +http://www.semrush.com/bot.html)"
185.191.171.11 - - [13/Jun/2021:20:18:53 +0200] "GET /trivet-boards-c-12_158.html?page=8 HTTP/1.0" 200 93792 "-" "Mozilla/5.0 (compatible; SemrushBot/7~bl; +http://www.semrush.com/bot.html)"
66.249.70.38 - - [13/Jun/2021:20:18:59 +0200] "GET /heure-apro-clock-p-45027.html HTTP/1.0" 200 70259 "-" "Mozilla/5.0 (Linux; Android 6.0.1; Nexus 5X Build/MMB29P) AppleWebKit/537.36 (KHTML, like Gecko) Chrome/91.0.4472.90 Mobile Safari/537.36 (compatible; Googlebot/2.1; +http://www.google.com/bot.html)"
157.55.39.128 - - [13/Jun/2021:20:19:14 +0200] "GET /teo-jasmin-medium-cabas-teo-nova-p-43482.html HTTP/1.0" 301 73866 "-" "Mozilla/5.0 (compatible; bingbot/2.0; +http://www.bing.com/bingbot.htm)"
157.55.39.81 - - [13/Jun/2021:20:19:18 +0200] "GET /decorations-and-furnishings/lighting/hello-kitty-bedside-lamp-p-18722.html HTTP/1.0" 301 70232 "-" "Mozilla/5.0 (compatible; bingbot/2.0; +http://www.bing.com/bingbot.htm)"
54.36.148.5 - - [13/Jun/2021:20:19:31 +0200] "GET /pimprenelle-bedclothes-p-54672.html HTTP/1.0" 200 73543 "-" "Mozilla/5.0 (compatible; AhrefsBot/7.0; +http://ahrefs.com/robot/)"
157.55.39.44 - - [13/Jun/2021:20:19:51 +0200] "GET /tealight-holders-candle-holders-c-231_230.html HTTP/1.0" 200 91855 "-" "Mozilla/5.0 (compatible; bingbot/2.0; +http://www.bing.com/bingbot.htm)"
40.77.167.106 - - [13/Jun/2021:20:19:58 +0200] "GET /beatles-storage-p-5111.html HTTP/1.0" 200 70221 "-" "Mozilla/5.0 (compatible; bingbot/2.0; +http://www.bing.com/bingbot.htm)"
157.55.39.128 - - [13/Jun/2021:20:20:01 +0200] "GET /images/big_prod/3760116324205.jpg HTTP/1.0" 200 268 "-" "Mozilla/5.0 (compatible; bingbot/2.0; +http://www.bing.com/bingbot.htm)"
40.77.167.106 - - [13/Jun/2021:20:20:15 +0200] "GET /little-prince-money-p-45849.html HTTP/1.0" 200 72870 "-" "Mozilla/5.0 (compatible; bingbot/2.0; +http://www.bing.com/bingbot.htm)"
40.77.167.106 - - [13/Jun/2021:20:20:17 +0200] "GET /the-little-prince-of-saint-exupery-wall-decoration-19-19-cm-p-45843.html HTTP/1.0" 301 73220 "-" "Mozilla/5.0 (compatible; bingbot/2.0; +http://www.bing.com/bingbot.htm)"
185.191.171.4 - - [13/Jun/2021:20:20:21 +0200] "GET /robots.txt HTTP/1.0" 200 245 "-" "Mozilla/5.0 (compatible; SemrushBot/7~bl; +http://www.semrush.com/bot.html)"
185.191.171.41 - - [13/Jun/2021:20:20:21 +0200] "GET /teo-jasmin-teo-avoriaz-large-soup-bowl-p-34950.html HTTP/1.0" 301 73056 "-" "Mozilla/5.0 (compatible; SemrushBot/7~bl; +http://www.semrush.com/bot.html)"
185.191.171.11 - - [13/Jun/2021:20:20:24 +0200] "GET /jasmin-avoriaz-large-soup-bowl-p-34950.html HTTP/1.0" 200 72959 "-" "Mozilla/5.0 (compatible; SemrushBot/7~bl; +http://www.semrush.com/bot.html)"
110.249.201.133 - - [13/Jun/2021:20:20:27 +0200] "GET /white-lampshade-p-55318.html HTTP/1.0" 200 72839 "-" "Mozilla/5.0 (Linux; Android 5.0) AppleWebKit/537.36 (KHTML, like Gecko) Mobile Safari/537.36 (compatible; Bytespider; https://zhanzhang.toutiao.com/)"
110.249.201.137 - - [13/Jun/2021:20:20:28 +0200] "GET /js/jquery.js HTTP/1.0" 200 252 "http://www.wonder-geek.com/white-lampshade-p-55318.html" "Mozilla/5.0 (Linux; Android 5.0) AppleWebKit/537.36 (KHTML, like Gecko) Mobile Safari/537.36 (compatible; Bytespider; https://zhanzhang.toutiao.com/)"
110.249.201.141 - - [13/Jun/2021:20:20:28 +0200] "GET /swfobject.js HTTP/1.0" 404 1308 "http://www.wonder-geek.com/white-lampshade-p-55318.html" "Mozilla/5.0 (Linux; Android 5.0) AppleWebKit/537.36 (KHTML, like Gecko) Mobile Safari/537.36 (compatible; Bytespider; https://zhanzhang.toutiao.com/)"
110.249.201.137 - - [13/Jun/2021:20:20:28 +0200] "GET /swfobject.js HTTP/1.0" 404 1308 "http://www.wonder-geek.com/white-lampshade-p-55318.html" "Mozilla/5.0 (Linux; Android 5.0) AppleWebKit/537.36 (KHTML, like Gecko) Mobile Safari/537.36 (compatible; Bytespider; https://zhanzhang.toutiao.com/)"
110.249.201.144 - - [13/Jun/2021:20:20:29 +0200] "GET /highslide/graphics/zoomout.cur HTTP/1.0" 200 614 "http://www.wonder-geek.com/white-lampshade-p-55318.html" "Mozilla/5.0 (Linux; Android 5.0) AppleWebKit/537.36 (KHTML, like Gecko) Mobile Safari/537.36 (compatible; Bytespider; https://zhanzhang.toutiao.com/)"
110.249.201.147 - - [13/Jun/2021:20:20:29 +0200] "GET /images/big_prod/8422054646546.jpg HTTP/1.0" 200 268 "http://www.wonder-geek.com/white-lampshade-p-55318.html" "Mozilla/5.0 (Linux; Android 5.0) AppleWebKit/537.36 (KHTML, like Gecko) Mobile Safari/537.36 (compatible; Bytespider; https://zhanzhang.toutiao.com/)"
185.191.171.23 - - [13/Jun/2021:20:20:35 +0200] "GET /great-wallet-pocket-pepe-jeans-bohemian-p-38137.html HTTP/1.0" 200 73981 "-" "Mozilla/5.0 (compatible; SemrushBot/7~bl; +http://www.semrush.com/bot.html)"
207.46.13.38 - - [13/Jun/2021:20:20:56 +0200] "GET /magnet-citron-79-54-cm-p-40118.html HTTP/1.0" 301 72921 "-" "Mozilla/5.0 (compatible; bingbot/2.0; +http://www.bing.com/bingbot.htm)"
207.46.13.38 - - [13/Jun/2021:20:20:58 +0200] "GET /fdm-fiers-etre-marseillais-baby-sweatsuit-p-29987.html HTTP/1.0" 301 74754 "-" "Mozilla/5.0 (compatible; bingbot/2.0; +http://www.bing.com/bingbot.htm)"
147.92.153.14 - - [13/Jun/2021:20:21:03 +0200] "GET /ceramic-luxy-cache-green-p-55329.html HTTP/1.0" 200 73530 "-" "Mozilla/5.0 (compatible; Linespider/1.1; +https://lin.ee/4dwXkTH)"
207.46.13.38 - - [13/Jun/2021:20:21:09 +0200] "GET /ceramic-table-lamp-silver-p-52775.html HTTP/1.0" 200 73604 "-" "Mozilla/5.0 (compatible; bingbot/2.0; +http://www.bing.com/bingbot.htm)"
54.36.148.86 - - [13/Jun/2021:20:21:19 +0200] "GET /mini-dlices-sugar-bowl-p-25772.html HTTP/1.0" 200 72817 "-" "Mozilla/5.0 (compatible; AhrefsBot/7.0; +http://ahrefs.com/robot/)"
207.46.13.38 - - [13/Jun/2021:20:21:37 +0200] "GET /bolster-case-45-185-cm-grey-p-34838.html HTTP/1.0" 301 73131 "-" "Mozilla/5.0 (compatible; bingbot/2.0; +http://www.bing.com/bingbot.htm)"
40.77.167.70 - - [13/Jun/2021:20:21:46 +0200] "GET /johnny-hallyday-zippo-lighter-p-49853.html HTTP/1.0" 200 73925 "-" "Mozilla/5.0 (compatible; bingbot/2.0; +http://www.bing.com/bingbot.htm)"
40.77.167.57 - - [13/Jun/2021:20:21:51 +0200] "GET /images/Photodel-072b.jpg HTTP/1.0" 200 259 "-" "Mozilla/5.0 (compatible; bingbot/2.0; +http://www.bing.com/bingbot.htm)"
40.77.167.57 - - [13/Jun/2021:20:21:52 +0200] "GET /-p-15639.html HTTP/1.0" 200 70165 "-" "Mozilla/5.0 (compatible; bingbot/2.0; +http://www.bing.com/bingbot.htm)"
40.77.167.106 - - [13/Jun/2021:20:22:00 +0200] "GET /barbapapa-soft-p-48936.html HTTP/1.0" 200 72589 "-" "Mozilla/5.0 (compatible; bingbot/2.0; +http://www.bing.com/bingbot.htm)"
40.77.167.57 - - [13/Jun/2021:20:22:53 +0200] "GET /small-barbapapa-money-box-p-28447.html HTTP/1.0" 301 72867 "-" "Mozilla/5.0 (compatible; bingbot/2.0; +http://www.bing.com/bingbot.htm)"
207.46.13.38 - - [13/Jun/2021:20:23:17 +0200] "GET /croissant-metal-metal-paper-reel-p-42683.html HTTP/1.0" 200 72938 "-" "Mozilla/5.0 (compatible; bingbot/2.0; +http://www.bing.com/bingbot.htm)"
54.36.148.86 - - [13/Jun/2021:20:23:19 +0200] "GET /cotton-floor-cushion-puebla-p-54413.html HTTP/1.0" 200 73684 "-" "Mozilla/5.0 (compatible; AhrefsBot/7.0; +http://ahrefs.com/robot/)"
185.191.171.19 - - [13/Jun/2021:20:23:24 +0200] "GET /gorjuss-cards-supplied-with-an-envelope-we-walk-together-p-53417.html HTTP/1.0" 301 73265 "-" "Mozilla/5.0 (compatible; SemrushBot/7~bl; +http://www.semrush.com/bot.html)"
185.191.171.39 - - [13/Jun/2021:20:23:26 +0200] "GET /gorjuss-cards-supplied-with-envelope-walk-together-p-53417.html HTTP/1.0" 200 73148 "-" "Mozilla/5.0 (compatible; SemrushBot/7~bl; +http://www.semrush.com/bot.html)"
157.55.39.44 - - [13/Jun/2021:20:23:40 +0200] "GET /games-toys-c-4.html HTTP/1.0" 200 92706 "-" "Mozilla/5.0 (compatible; bingbot/2.0; +http://www.bing.com/bingbot.htm)"
40.77.167.70 - - [13/Jun/2021:20:23:54 +0200] "GET /js/jquery.min.js HTTP/1.0" 404 1308 "-" "Mozilla/5.0 (compatible; bingbot/2.0; +http://www.bing.com/bingbot.htm)"
40.77.167.70 - - [13/Jun/2021:20:23:55 +0200] "GET /images/3609080364254.jpg HTTP/1.0" 200 259 "-" "Mozilla/5.0 (compatible; bingbot/2.0; +http://www.bing.com/bingbot.htm)"
66.249.70.40 - - [13/Jun/2021:20:24:01 +0200] "GET /blue-piggy-bank-p-54809.html HTTP/1.0" 200 72931 "-" "Mozilla/5.0 (Linux; Android 6.0.1; Nexus 5X Build/MMB29P) AppleWebKit/537.36 (KHTML, like Gecko) Chrome/91.0.4472.90 Mobile Safari/537.36 (compatible; Googlebot/2.1; +http://www.google.com/bot.html)"
157.55.39.152 - - [13/Jun/2021:20:24:08 +0200] "GET /adult-apron-cook-collection-p-54745.html HTTP/1.0" 200 72827 "-" "Mozilla/5.0 (compatible; bingbot/2.0; +http://www.bing.com/bingbot.htm)"
40.77.167.90 - - [13/Jun/2021:20:24:15 +0200] "GET /transparent-rectangular-plastic-tablecloth-p-52779.html HTTP/1.0" 200 73036 "-" "Mozilla/5.0 (compatible; bingbot/2.0; +http://www.bing.com/bingbot.htm)"
40.77.167.90 - - [13/Jun/2021:20:24:17 +0200] "GET /pet-rug-60-40-cm-pacha-p-49540.html HTTP/1.0" 301 72723 "-" "Mozilla/5.0 (compatible; bingbot/2.0; +http://www.bing.com/bingbot.htm)"
40.77.167.57 - - [13/Jun/2021:20:24:32 +0200] "GET /looney-tunes-bugs-and-lola-bunny-mobile-sock-p-18017.html HTTP/1.0" 301 72947 "-" "Mozilla/5.0 (compatible; bingbot/2.0; +http://www.bing.com/bingbot.htm)"
157.55.39.152 - - [13/Jun/2021:20:24:36 +0200] "GET /tarot-box-dreamcatcher-p-43802.html HTTP/1.0" 301 73196 "-" "Mozilla/5.0 (compatible; bingbot/2.0; +http://www.bing.com/bingbot.htm)"
157.55.39.128 - - [13/Jun/2021:20:24:37 +0200] "GET /kimmidoll-kazumi-canvas-wallet-p-31938.html HTTP/1.0" 200 73583 "-" "Mozilla/5.0 (compatible; bingbot/2.0; +http://www.bing.com/bingbot.htm)"
185.191.171.2 - - [13/Jun/2021:20:24:55 +0200] "GET /wooden-wall-mirror-p-49267.html HTTP/1.0" 200 70227 "-" "Mozilla/5.0 (compatible; SemrushBot/7~bl; +http://www.semrush.com/bot.html)"
40.77.167.106 - - [13/Jun/2021:20:24:56 +0200] "GET /hello-kitty-stamp-set-p-6585.html HTTP/1.0" 301 70340 "-" "Mozilla/5.0 (compatible; bingbot/2.0; +http://www.bing.com/bingbot.htm)"
157.55.39.152 - - [13/Jun/2021:20:25:00 +0200] "GET /mani-lucky-cat-fuchsia-pen-p-37336.html HTTP/1.0" 301 72971 "-" "Mozilla/5.0 (compatible; bingbot/2.0; +http://www.bing.com/bingbot.htm)"
40.77.167.57 - - [13/Jun/2021:20:25:05 +0200] "GET /confetti-bedclothes-140-200-cm-p-51956.html HTTP/1.0" 301 73635 "-" "Mozilla/5.0 (compatible; bingbot/2.0; +http://www.bing.com/bingbot.htm)"
54.36.148.213 - - [13/Jun/2021:20:25:10 +0200] "GET /love-personnalized-iphone-shell-p-17686.html HTTP/1.0" 200 73176 "-" "Mozilla/5.0 (compatible; AhrefsBot/7.0; +http://ahrefs.com/robot/)"
157.55.39.128 - - [13/Jun/2021:20:25:44 +0200] "GET /paris-coffee-box-p-15279.html HTTP/1.0" 301 70290 "-" "Mozilla/5.0 (compatible; bingbot/2.0; +http://www.bing.com/bingbot.htm)"
157.55.39.128 - - [13/Jun/2021:20:25:45 +0200] "GET /gaming-master-yoda-shirt-p-29575.html HTTP/1.0" 200 74265 "-" "Mozilla/5.0 (compatible; bingbot/2.0; +http://www.bing.com/bingbot.htm)"
17.121.113.180 - - [13/Jun/2021:20:25:55 +0200] "GET /ceramic-flower-p-53368.html HTTP/1.0" 200 72761 "-" "Mozilla/5.0 (Macintosh; Intel Mac OS X 10_15_5) AppleWebKit/605.1.15 (KHTML, like Gecko) Version/13.1.1 Safari/605.1.15 (Applebot/0.1; +http://www.apple.com/go/applebot)"
157.55.39.152 - - [13/Jun/2021:20:25:57 +0200] "GET /bedclothes-blue-striped-p-44341.html HTTP/1.0" 301 70232 "-" "Mozilla/5.0 (compatible; bingbot/2.0; +http://www.bing.com/bingbot.htm)"
185.191.171.37 - - [13/Jun/2021:20:26:09 +0200] "GET /little-buddha-retractable-ballpoint-pen-black-p-43065.html HTTP/1.0" 301 73162 "-" "Mozilla/5.0 (compatible; SemrushBot/7~bl; +http://www.semrush.com/bot.html)"
185.191.171.3 - - [13/Jun/2021:20:26:11 +0200] "GET /little-buddha-retractable-ballpoint-black-p-43065.html HTTP/1.0" 200 73054 "-" "Mozilla/5.0 (compatible; SemrushBot/7~bl; +http://www.semrush.com/bot.html)"
157.55.39.81 - - [13/Jun/2021:20:26:15 +0200] "GET /metal-clock-shape-motorcycle-color-bronze-p-38748.html HTTP/1.0" 200 70319 "-" "Mozilla/5.0 (compatible; bingbot/2.0; +http://www.bing.com/bingbot.htm)"
157.55.39.122 - - [13/Jun/2021:20:26:19 +0200] "GET /-p-22585.html HTTP/1.0" 200 70165 "-" "Mozilla/5.0 (compatible; bingbot/2.0; +http://www.bing.com/bingbot.htm)"
157.55.39.81 - - [13/Jun/2021:20:26:35 +0200] "GET /lois-motorcycling-wallet-p-38160.html HTTP/1.0" 200 73767 "-" "Mozilla/5.0 (compatible; bingbot/2.0; +http://www.bing.com/bingbot.htm)"
40.77.167.106 - - [13/Jun/2021:20:26:39 +0200] "GET /mushroom-lamp-in-aged-metal-52-cm-p-48269.html HTTP/1.0" 301 73682 "-" "Mozilla/5.0 (compatible; bingbot/2.0; +http://www.bing.com/bingbot.htm)"
157.55.39.152 - - [13/Jun/2021:20:26:47 +0200] "GET /english-police-salt-and-pepper-p-29273.html HTTP/1.0" 301 72924 "-" "Mozilla/5.0 (compatible; bingbot/2.0; +http://www.bing.com/bingbot.htm)"
185.191.171.5 - - [13/Jun/2021:20:26:57 +0200] "GET /retro-wall-lamp-white-weathered-metal-p-44615.html?action=add_product HTTP/1.0" 302 476 "-" "Mozilla/5.0 (compatible; SemrushBot/7~bl; +http://www.semrush.com/bot.html)"
51.68.224.127 - - [13/Jun/2021:20:27:00 +0200] "GET /adminweb/export_orders_xml.php?token=256de2z6edz6ed2z6DFSFsed2zed6zeDSFDSGdzedezfzf&maxorders=10&orderstart=1&status=14&start_date=2018-10-01 HTTP/1.0" 200 285 "-" "GesCom CharlotteBoutik Serveur"
51.68.224.127 - - [13/Jun/2021:20:27:00 +0200] "GET /adminweb/export_orders_xml.php?token=256de2z6edz6ed2z6DFSFsed2zed6zeDSFDSGdzedezfzf&maxorders=10&orderstart=1&status=6&start_date=2018-10-01 HTTP/1.0" 200 30039 "-" "GesCom CharlotteBoutik Serveur"
54.36.148.57 - - [13/Jun/2021:20:27:09 +0200] "GET /buddha-small-notebook-model-p-38473.html HTTP/1.0" 200 72958 "-" "Mozilla/5.0 (compatible; AhrefsBot/7.0; +http://ahrefs.com/robot/)"
157.55.39.128 - - [13/Jun/2021:20:27:24 +0200] "GET /pillow-case-cotton-percale-threads-p-43854.html HTTP/1.0" 200 73749 "-" "Mozilla/5.0 (compatible; bingbot/2.0; +http://www.bing.com/bingbot.htm)"
40.77.167.70 - - [13/Jun/2021:20:27:29 +0200] "GET /earth-globe-decoration-p-50870.html HTTP/1.0" 200 73650 "-" "Mozilla/5.0 (compatible; bingbot/2.0; +http://www.bing.com/bingbot.htm)"
157.55.39.44 - - [13/Jun/2021:20:27:34 +0200] "GET /images/big_prod/5018997632116.jpg HTTP/1.0" 200 268 "-" "Mozilla/5.0 (compatible; bingbot/2.0; +http://www.bing.com/bingbot.htm)"
207.46.13.38 - - [13/Jun/2021:20:27:57 +0200] "GET /-p-12831.html HTTP/1.0" 200 70165 "-" "Mozilla/5.0 (compatible; bingbot/2.0; +http://www.bing.com/bingbot.htm)"
