157.55.39.128 - - [13/Jun/2021:14:14:19 +0200] "GET /small-wooden-box-butterflies-and-ribbon-p-37616.html HTTP/1.0" 301 70397 "-" "Mozilla/5.0 (compatible; bingbot/2.0; +http://www.bing.com/bingbot.htm)"
157.55.39.152 - - [13/Jun/2021:14:14:22 +0200] "GET /turquoise-lama-piggy-bank-p-47724.html HTTP/1.0" 200 72852 "-" "Mozilla/5.0 (compatible; bingbot/2.0; +http://www.bing.com/bingbot.htm)"
106.38.241.175 - - [13/Jun/2021:14:14:33 +0200] "GET / HTTP/1.0" 200 150061 "-" "Sogou web spider/4.0(+http://www.sogou.com/docs/help/webmasters.htm#07)"
157.55.39.152 - - [13/Jun/2021:14:14:37 +0200] "GET /images/big_prod/8433978414326.jpg HTTP/1.0" 200 268 "-" "Mozilla/5.0 (compatible; bingbot/2.0; +http://www.bing.com/bingbot.htm)"
157.55.39.152 - - [13/Jun/2021:14:14:39 +0200] "GET /-p-30154.html HTTP/1.0" 200 70165 "-" "Mozilla/5.0 (compatible; bingbot/2.0; +http://www.bing.com/bingbot.htm)"
157.55.39.106 - - [13/Jun/2021:14:14:52 +0200] "GET /-p-19671.html HTTP/1.0" 200 70165 "-" "Mozilla/5.0 (compatible; bingbot/2.0; +http://www.bing.com/bingbot.htm)"
157.55.39.44 - - [13/Jun/2021:14:14:54 +0200] "GET /pillowcases-bolstercases-c-11_166.html HTTP/1.0" 200 90504 "-" "Mozilla/5.0 (compatible; bingbot/2.0; +http://www.bing.com/bingbot.htm)"
157.55.39.44 - - [13/Jun/2021:14:14:56 +0200] "GET /small-box-for-baby-teeth-p-53344.html HTTP/1.0" 301 72996 "-" "Mozilla/5.0 (compatible; bingbot/2.0; +http://www.bing.com/bingbot.htm)"
54.36.148.1 - - [13/Jun/2021:14:15:13 +0200] "GET /microfibre-base-cover-white-p-47369.html HTTP/1.0" 200 72978 "-" "Mozilla/5.0 (compatible; AhrefsBot/7.0; +http://ahrefs.com/robot/)"
157.55.39.128 - - [13/Jun/2021:14:15:16 +0200] "GET /metal-small-box-for-baby-teeth-pink-p-47099.html HTTP/1.0" 301 73709 "-" "Mozilla/5.0 (compatible; bingbot/2.0; +http://www.bing.com/bingbot.htm)"
207.46.13.38 - - [13/Jun/2021:14:15:20 +0200] "GET /incense-chakras-p-44372.html HTTP/1.0" 200 72876 "-" "Mozilla/5.0 (compatible; bingbot/2.0; +http://www.bing.com/bingbot.htm)"
157.55.39.44 - - [13/Jun/2021:14:15:35 +0200] "GET /bistro-des-arts-mug-p-39711.html HTTP/1.0" 301 72850 "-" "Mozilla/5.0 (compatible; bingbot/2.0; +http://www.bing.com/bingbot.htm)"
157.55.39.152 - - [13/Jun/2021:14:15:59 +0200] "GET /beyblade-m-236.html HTTP/1.0" 200 80286 "-" "Mozilla/5.0 (compatible; bingbot/2.0; +http://www.bing.com/bingbot.htm)"
157.55.39.44 - - [13/Jun/2021:14:16:14 +0200] "GET /round-wooden-tray-p-47707.html HTTP/1.0" 200 70259 "-" "Mozilla/5.0 (compatible; bingbot/2.0; +http://www.bing.com/bingbot.htm)"
157.55.39.44 - - [13/Jun/2021:14:16:16 +0200] "GET /gorjuss-fairy-lights-bag-p-27144.html HTTP/1.0" 301 73093 "-" "Mozilla/5.0 (compatible; bingbot/2.0; +http://www.bing.com/bingbot.htm)"
207.46.13.38 - - [13/Jun/2021:14:16:19 +0200] "GET /js/jquery.js HTTP/1.0" 200 252 "-" "Mozilla/5.0 (compatible; bingbot/2.0; +http://www.bing.com/bingbot.htm)"
185.191.171.22 - - [13/Jun/2021:14:16:23 +0200] "GET /robots.txt HTTP/1.0" 200 245 "-" "Mozilla/5.0 (compatible; SemrushBot/7~bl; +http://www.semrush.com/bot.html)"
185.191.171.3 - - [13/Jun/2021:14:16:23 +0200] "GET /gorse-umbrella-flower-fairies-p-41705.html HTTP/1.0" 200 74695 "-" "Mozilla/5.0 (compatible; SemrushBot/7~bl; +http://www.semrush.com/bot.html)"
157.55.39.122 - - [13/Jun/2021:14:16:25 +0200] "GET /images/big_prod/8412497557080.jpg HTTP/1.0" 200 268 "-" "Mozilla/5.0 (compatible; bingbot/2.0; +http://www.bing.com/bingbot.htm)"
54.36.148.76 - - [13/Jun/2021:14:16:50 +0200] "GET /havana-small-ashtray-p-47853.html HTTP/1.0" 200 72756 "-" "Mozilla/5.0 (compatible; AhrefsBot/7.0; +http://ahrefs.com/robot/)"
157.55.39.152 - - [13/Jun/2021:14:16:59 +0200] "GET /decorative-metal-bell-with-rope-p-38658.html HTTP/1.0" 301 70232 "-" "Mozilla/5.0 (compatible; bingbot/2.0; +http://www.bing.com/bingbot.htm)"
185.191.171.37 - - [13/Jun/2021:14:17:08 +0200] "GET /little-buddha-collection-statuette-blue-p-46069.html HTTP/1.0" 200 70336 "-" "Mozilla/5.0 (compatible; SemrushBot/7~bl; +http://www.semrush.com/bot.html)"
157.55.39.122 - - [13/Jun/2021:14:17:16 +0200] "GET /-p-17488.html HTTP/1.0" 200 70165 "-" "Mozilla/5.0 (compatible; bingbot/2.0; +http://www.bing.com/bingbot.htm)"
207.46.13.38 - - [13/Jun/2021:14:17:20 +0200] "GET /jar-candle-30-hours-simply-spa-p-33052.html HTTP/1.0" 301 70376 "-" "Mozilla/5.0 (compatible; bingbot/2.0; +http://www.bing.com/bingbot.htm)"
40.77.167.90 - - [13/Jun/2021:14:17:20 +0200] "GET /gorjuss-toadstools-maxi-portfolio-p-30845.html HTTP/1.0" 200 73081 "-" "Mozilla/5.0 (compatible; bingbot/2.0; +http://www.bing.com/bingbot.htm)"
157.55.39.122 - - [13/Jun/2021:14:17:26 +0200] "GET /beautiful-babushka-by-kimmidoll-black-notebook-p-33221.html HTTP/1.0" 301 73205 "-" "Mozilla/5.0 (compatible; bingbot/2.0; +http://www.bing.com/bingbot.htm)"
207.46.13.180 - - [13/Jun/2021:14:17:31 +0200] "GET /the-beatles-shirt-p-29552.html HTTP/1.0" 301 70319 "-" "Mozilla/5.0 (compatible; bingbot/2.0; +http://www.bing.com/bingbot.htm)"
157.55.39.106 - - [13/Jun/2021:14:17:44 +0200] "GET /the-shadow-frame-cats-by-dubout-cat-nap-p-38858.html HTTP/1.0" 301 73463 "-" "Mozilla/5.0 (compatible; bingbot/2.0; +http://www.bing.com/bingbot.htm)"
157.55.39.106 - - [13/Jun/2021:14:17:46 +0200] "GET /cow-pop-plush-by-britto-20-cm-p-24361.html HTTP/1.0" 301 77111 "-" "Mozilla/5.0 (compatible; bingbot/2.0; +http://www.bing.com/bingbot.htm)"
40.77.167.70 - - [13/Jun/2021:14:17:49 +0200] "GET /images/mini_prod/8422060206000.jpg HTTP/1.0" 200 269 "-" "Mozilla/5.0 (compatible; bingbot/2.0; +http://www.bing.com/bingbot.htm)"
185.191.171.8 - - [13/Jun/2021:14:18:06 +0200] "GET /holy-family-aromatika-incense-sticks-p-53451.html?action=add_product HTTP/1.0" 302 476 "-" "Mozilla/5.0 (compatible; SemrushBot/7~bl; +http://www.semrush.com/bot.html)"
157.55.39.152 - - [13/Jun/2021:14:18:20 +0200] "GET /-p-39316.html HTTP/1.0" 200 70165 "-" "Mozilla/5.0 (compatible; bingbot/2.0; +http://www.bing.com/bingbot.htm)"
185.191.171.41 - - [13/Jun/2021:14:18:20 +0200] "GET /set-of-johnny-hallyday-purple-bar-stools-p-38854.html HTTP/1.0" 301 70232 "-" "Mozilla/5.0 (compatible; SemrushBot/7~bl; +http://www.semrush.com/bot.html)"
185.191.171.11 - - [13/Jun/2021:14:18:22 +0200] "GET /-p-38854.html HTTP/1.0" 200 70165 "-" "Mozilla/5.0 (compatible; SemrushBot/7~bl; +http://www.semrush.com/bot.html)"
147.92.153.10 - - [13/Jun/2021:14:18:23 +0200] "GET /school-trolley-c-31_169.html HTTP/1.0" 200 82438 "-" "Mozilla/5.0 (compatible; Linespider/1.1; +https://lin.ee/4dwXkTH)"
185.191.171.33 - - [13/Jun/2021:14:18:30 +0200] "GET /duvet-cover-in-cotton-percale-80-threads-200-200-cm-p-52208.html HTTP/1.0" 301 73205 "-" "Mozilla/5.0 (compatible; SemrushBot/7~bl; +http://www.semrush.com/bot.html)"
54.36.148.35 - - [13/Jun/2021:14:18:31 +0200] "GET /little-miss-sunshine-hobo-p-5338.html HTTP/1.0" 200 72819 "-" "Mozilla/5.0 (compatible; AhrefsBot/7.0; +http://ahrefs.com/robot/)"
185.191.171.4 - - [13/Jun/2021:14:18:32 +0200] "GET /duvet-cover-cotton-percale-threads-p-52208.html HTTP/1.0" 200 73104 "-" "Mozilla/5.0 (compatible; SemrushBot/7~bl; +http://www.semrush.com/bot.html)"
40.77.167.106 - - [13/Jun/2021:14:18:40 +0200] "GET /-p-38084.html HTTP/1.0" 200 70165 "-" "Mozilla/5.0 (compatible; bingbot/2.0; +http://www.bing.com/bingbot.htm)"
17.121.114.74 - - [13/Jun/2021:14:19:06 +0200] "GET /espresso-love-p-46258.html HTTP/1.0" 200 72785 "-" "Mozilla/5.0 (Macintosh; Intel Mac OS X 10_15_5) AppleWebKit/605.1.15 (KHTML, like Gecko) Version/13.1.1 Safari/605.1.15 (Applebot/0.1; +http://www.apple.com/go/applebot)"
207.46.13.38 - - [13/Jun/2021:14:19:10 +0200] "GET /cement-tile-stickers-p-50347.html HTTP/1.0" 200 73732 "-" "Mozilla/5.0 (compatible; bingbot/2.0; +http://www.bing.com/bingbot.htm)"
157.55.39.44 - - [13/Jun/2021:14:19:15 +0200] "GET /-p-24259.html HTTP/1.0" 200 70165 "-" "Mozilla/5.0 (compatible; bingbot/2.0; +http://www.bing.com/bingbot.htm)"
157.55.39.122 - - [13/Jun/2021:14:19:20 +0200] "GET /marilyn-monroe-by-sam-shaw-bedclothes-240-p-14322.html HTTP/1.0" 301 70232 "-" "Mozilla/5.0 (compatible; bingbot/2.0; +http://www.bing.com/bingbot.htm)"
40.77.167.70 - - [13/Jun/2021:14:19:20 +0200] "GET /schleich-peanuts-charlie-brown-p-35079.html HTTP/1.0" 200 73035 "-" "Mozilla/5.0 (compatible; bingbot/2.0; +http://www.bing.com/bingbot.htm)"
207.46.13.38 - - [13/Jun/2021:14:19:25 +0200] "GET /101-dalmatians-rolly-figure-p-19358.html HTTP/1.0" 301 72767 "-" "Mozilla/5.0 (compatible; bingbot/2.0; +http://www.bing.com/bingbot.htm)"
40.77.167.70 - - [13/Jun/2021:14:19:32 +0200] "GET /trays-c-12_159.html HTTP/1.0" 200 91840 "-" "Mozilla/5.0 (compatible; bingbot/2.0; +http://www.bing.com/bingbot.htm)"
40.77.167.70 - - [13/Jun/2021:14:19:35 +0200] "GET /mini-magnetic-plate-retro-p-30544.html HTTP/1.0" 301 72933 "-" "Mozilla/5.0 (compatible; bingbot/2.0; +http://www.bing.com/bingbot.htm)"
157.55.39.128 - - [13/Jun/2021:14:19:37 +0200] "GET /barbapapa-postcard-p-19476.html HTTP/1.0" 200 72869 "-" "Mozilla/5.0 (compatible; bingbot/2.0; +http://www.bing.com/bingbot.htm)"
40.77.167.90 - - [13/Jun/2021:14:19:59 +0200] "GET /-p-15728.html HTTP/1.0" 200 70165 "-" "Mozilla/5.0 (compatible; bingbot/2.0; +http://www.bing.com/bingbot.htm)"
157.55.39.44 - - [13/Jun/2021:14:20:05 +0200] "GET /weenicons-you-talking-to-me-tee-shirt-p-29585.html HTTP/1.0" 301 74133 "-" "Mozilla/5.0 (compatible; bingbot/2.0; +http://www.bing.com/bingbot.htm)"
157.55.39.44 - - [13/Jun/2021:14:20:07 +0200] "GET /hirondelle-jewelery-holder-p-48887.html HTTP/1.0" 200 72982 "-" "Mozilla/5.0 (compatible; bingbot/2.0; +http://www.bing.com/bingbot.htm)"
49.7.20.122 - - [13/Jun/2021:14:20:11 +0200] "GET / HTTP/1.0" 200 150039 "-" "Sogou web spider/4.0(+http://www.sogou.com/docs/help/webmasters.htm#07)"
54.36.148.86 - - [13/Jun/2021:14:20:13 +0200] "GET /waterproof-mattress-protector-baby-p-50926.html HTTP/1.0" 301 70232 "-" "Mozilla/5.0 (compatible; AhrefsBot/7.0; +http://ahrefs.com/robot/)"
157.55.39.128 - - [13/Jun/2021:14:20:17 +0200] "GET /funny-pets-triangular-pencil-case-p-18776.html HTTP/1.0" 200 73048 "-" "Mozilla/5.0 (compatible; bingbot/2.0; +http://www.bing.com/bingbot.htm)"
185.191.171.38 - - [13/Jun/2021:14:20:19 +0200] "GET /the-ballerina-statue-collection-body-talk-p-38822.html HTTP/1.0" 301 73984 "-" "Mozilla/5.0 (compatible; SemrushBot/7~bl; +http://www.semrush.com/bot.html)"
185.191.171.5 - - [13/Jun/2021:14:20:21 +0200] "GET /ballerina-statue-collection-body-talk-p-38822.html HTTP/1.0" 200 73880 "-" "Mozilla/5.0 (compatible; SemrushBot/7~bl; +http://www.semrush.com/bot.html)"
139.155.37.114 - - [13/Jun/2021:14:20:24 +0200] "GET /contact_us.php HTTP/1.0" 200 26241 "http://www.wonder-geek.com/contact_us.php" "Mozilla/5.0 (Windows NT 10.0; Win64; x64) AppleWebKit/537.36 (KHTML, like Gecko) Chrome/83.0.4087.0 Safari/537.36"
66.249.70.38 - - [13/Jun/2021:14:20:38 +0200] "GET /images/big_prod/3612875125008.jpg HTTP/1.0" 200 268 "-" "Googlebot-Image/1.0"
40.77.167.90 - - [13/Jun/2021:14:20:42 +0200] "GET /towel-dispenser-c-12_225.html HTTP/1.0" 200 83081 "-" "Mozilla/5.0 (compatible; bingbot/2.0; +http://www.bing.com/bingbot.htm)"
54.36.148.230 - - [13/Jun/2021:14:20:46 +0200] "GET /cushion-mattress-ply-cotton-60-60-45-cm-p-49149.html HTTP/1.0" 301 70232 "-" "Mozilla/5.0 (compatible; AhrefsBot/7.0; +http://ahrefs.com/robot/)"
185.191.171.35 - - [13/Jun/2021:14:20:58 +0200] "GET /rattan-baskets-55-cm-p-49732.html HTTP/1.0" 301 72876 "-" "Mozilla/5.0 (compatible; SemrushBot/7~bl; +http://www.semrush.com/bot.html)"
157.55.39.152 - - [13/Jun/2021:14:21:00 +0200] "GET /daisy-duck-set-of-hair-ornements-p-19277.html HTTP/1.0" 301 75505 "-" "Mozilla/5.0 (compatible; bingbot/2.0; +http://www.bing.com/bingbot.htm)"
185.191.171.5 - - [13/Jun/2021:14:21:01 +0200] "GET /rattan-baskets-p-49732.html HTTP/1.0" 200 72795 "-" "Mozilla/5.0 (compatible; SemrushBot/7~bl; +http://www.semrush.com/bot.html)"
157.55.39.128 - - [13/Jun/2021:14:21:17 +0200] "GET /-p-29843.html HTTP/1.0" 200 70165 "-" "Mozilla/5.0 (compatible; bingbot/2.0; +http://www.bing.com/bingbot.htm)"
207.46.13.38 - - [13/Jun/2021:14:21:51 +0200] "GET /smiley-money-p-24006.html HTTP/1.0" 200 72692 "-" "Mozilla/5.0 (compatible; bingbot/2.0; +http://www.bing.com/bingbot.htm)"
185.191.171.3 - - [13/Jun/2021:14:21:55 +0200] "GET /stationery-cardmaking-c-129.html?page=4 HTTP/1.0" 200 92947 "-" "Mozilla/5.0 (compatible; SemrushBot/7~bl; +http://www.semrush.com/bot.html)"
54.36.148.86 - - [13/Jun/2021:14:21:55 +0200] "GET /little-frog-savings-bank-p-48694.html HTTP/1.0" 200 72800 "-" "Mozilla/5.0 (compatible; AhrefsBot/7.0; +http://ahrefs.com/robot/)"
40.77.167.90 - - [13/Jun/2021:14:22:13 +0200] "GET /-p-18313.html HTTP/1.0" 200 70165 "-" "Mozilla/5.0 (compatible; bingbot/2.0; +http://www.bing.com/bingbot.htm)"
40.77.167.70 - - [13/Jun/2021:14:22:30 +0200] "GET /-p-2927.html HTTP/1.0" 200 70163 "-" "Mozilla/5.0 (compatible; bingbot/2.0; +http://www.bing.com/bingbot.htm)"
157.55.39.152 - - [13/Jun/2021:14:22:41 +0200] "GET /zodiac-high-ceramic-mug-p-30781.html HTTP/1.0" 301 72843 "-" "Mozilla/5.0 (compatible; bingbot/2.0; +http://www.bing.com/bingbot.htm)"
185.191.171.11 - - [13/Jun/2021:14:22:42 +0200] "GET /wall-decoration-horse-black-white-p-37574.html?action=add_product HTTP/1.0" 302 476 "-" "Mozilla/5.0 (compatible; SemrushBot/7~bl; +http://www.semrush.com/bot.html)"
185.191.171.25 - - [13/Jun/2021:14:22:56 +0200] "GET /jasmin-glass-coasters-p-34893.html?action=add_product HTTP/1.0" 302 476 "-" "Mozilla/5.0 (compatible; SemrushBot/7~bl; +http://www.semrush.com/bot.html)"
207.46.13.38 - - [13/Jun/2021:14:23:00 +0200] "GET /-p-7302.html HTTP/1.0" 200 70163 "-" "Mozilla/5.0 (compatible; bingbot/2.0; +http://www.bing.com/bingbot.htm)"
207.46.13.38 - - [13/Jun/2021:14:23:01 +0200] "GET /couple-perrier-by-villemot-poster-p-15231.html HTTP/1.0" 301 70378 "-" "Mozilla/5.0 (compatible; bingbot/2.0; +http://www.bing.com/bingbot.htm)"
40.77.167.70 - - [13/Jun/2021:14:23:11 +0200] "GET /camargue-potholder-20-cm-p-43820.html HTTP/1.0" 301 72888 "-" "Mozilla/5.0 (compatible; bingbot/2.0; +http://www.bing.com/bingbot.htm)"
54.36.148.116 - - [13/Jun/2021:14:23:19 +0200] "GET /calendar-bookmarks-year-2018-16-cm-p-41809.html HTTP/1.0" 301 70232 "-" "Mozilla/5.0 (compatible; AhrefsBot/7.0; +http://ahrefs.com/robot/)"
207.46.13.38 - - [13/Jun/2021:14:23:19 +0200] "GET /ethnic-style-burlap-table-p-48445.html HTTP/1.0" 200 72787 "-" "Mozilla/5.0 (compatible; bingbot/2.0; +http://www.bing.com/bingbot.htm)"
40.77.167.106 - - [13/Jun/2021:14:23:20 +0200] "GET /lulu-castagnette-cushion-p-24567.html HTTP/1.0" 301 70232 "-" "Mozilla/5.0 (compatible; bingbot/2.0; +http://www.bing.com/bingbot.htm)"
139.155.37.114 - - [13/Jun/2021:14:23:27 +0200] "POST /contact_us.php?action=send HTTP/1.0" 302 488 "http://www.wonder-geek.com/contact_us.php" "Mozilla/5.0 (Windows NT 10.0; Win64; x64) AppleWebKit/537.36 (KHTML, like Gecko) Chrome/83.0.4087.0 Safari/537.36"
139.155.37.114 - - [13/Jun/2021:14:23:31 +0200] "GET /contact_us.php?action=success HTTP/1.0" 200 13477 "http://www.wonder-geek.com/contact_us.php?action=success" "Mozilla/5.0 (Windows NT 10.0; Win64; x64) AppleWebKit/537.36 (KHTML, like Gecko) Chrome/83.0.4087.0 Safari/537.36"
54.36.148.86 - - [13/Jun/2021:14:23:43 +0200] "GET /cotton-floor-cushion-charmelia-p-49387.html HTTP/1.0" 200 73500 "-" "Mozilla/5.0 (compatible; AhrefsBot/7.0; +http://ahrefs.com/robot/)"
51.68.224.127 - - [13/Jun/2021:14:23:51 +0200] "GET /adminweb/export_orders_xml.php?token=256de2z6edz6ed2z6DFSFsed2zed6zeDSFDSGdzedezfzf&maxorders=10&orderstart=1&status=14&start_date=2018-10-01 HTTP/1.0" 200 285 "-" "GesCom CharlotteBoutik Serveur"
51.68.224.127 - - [13/Jun/2021:14:23:51 +0200] "GET /adminweb/export_orders_xml.php?token=256de2z6edz6ed2z6DFSFsed2zed6zeDSFDSGdzedezfzf&maxorders=10&orderstart=1&status=6&start_date=2018-10-01 HTTP/1.0" 200 30039 "-" "GesCom CharlotteBoutik Serveur"
185.191.171.18 - - [13/Jun/2021:14:24:10 +0200] "GET /golden-pentagon-mirror-30-cm-p-48540.html HTTP/1.0" 301 72944 "-" "Mozilla/5.0 (compatible; SemrushBot/7~bl; +http://www.semrush.com/bot.html)"
185.191.171.3 - - [13/Jun/2021:14:24:13 +0200] "GET /golden-pentagon-mirror-p-48540.html HTTP/1.0" 200 72855 "-" "Mozilla/5.0 (compatible; SemrushBot/7~bl; +http://www.semrush.com/bot.html)"
185.191.171.41 - - [13/Jun/2021:14:24:18 +0200] "GET /bamboo-floor-lamp-p-52785.html HTTP/1.0" 200 73492 "-" "Mozilla/5.0 (compatible; SemrushBot/7~bl; +http://www.semrush.com/bot.html)"
207.46.13.38 - - [13/Jun/2021:14:24:28 +0200] "GET /american-cream-clock-p-26642.html HTTP/1.0" 200 72790 "-" "Mozilla/5.0 (compatible; bingbot/2.0; +http://www.bing.com/bingbot.htm)"
185.191.171.36 - - [13/Jun/2021:14:24:35 +0200] "GET /washed-linen-towel-46-70-cm-bronze-p-48130.html HTTP/1.0" 301 70391 "-" "Mozilla/5.0 (compatible; SemrushBot/7~bl; +http://www.semrush.com/bot.html)"
185.191.171.18 - - [13/Jun/2021:14:24:37 +0200] "GET /washed-linen-towel-bronze-p-48130.html HTTP/1.0" 200 70299 "-" "Mozilla/5.0 (compatible; SemrushBot/7~bl; +http://www.semrush.com/bot.html)"
157.55.39.152 - - [13/Jun/2021:14:24:40 +0200] "GET /ivory-beige-kitchen-towel-50-70-cm-p-44421.html HTTP/1.0" 301 72940 "-" "Mozilla/5.0 (compatible; bingbot/2.0; +http://www.bing.com/bingbot.htm)"
185.191.171.33 - - [13/Jun/2021:14:24:47 +0200] "GET /zodiac-sign-training-bottle-by-cbkreation-p-43349.html HTTP/1.0" 301 73318 "-" "Mozilla/5.0 (compatible; SemrushBot/7~bl; +http://www.semrush.com/bot.html)"
185.191.171.41 - - [13/Jun/2021:14:24:49 +0200] "GET /zodiac-sign-training-bottle-cbkreation-p-43349.html HTTP/1.0" 200 73213 "-" "Mozilla/5.0 (compatible; SemrushBot/7~bl; +http://www.semrush.com/bot.html)"
185.191.171.36 - - [13/Jun/2021:14:24:51 +0200] "GET /cars-disney-card-with-envelope-p-34426.html HTTP/1.0" 200 72881 "-" "Mozilla/5.0 (compatible; SemrushBot/7~bl; +http://www.semrush.com/bot.html)"
40.77.167.70 - - [13/Jun/2021:14:25:11 +0200] "GET /-p-12304.html HTTP/1.0" 200 70165 "-" "Mozilla/5.0 (compatible; bingbot/2.0; +http://www.bing.com/bingbot.htm)"
185.191.171.36 - - [13/Jun/2021:14:25:28 +0200] "GET /plush-keeleco-friendly-hedgehog-p-55364.html?action=add_product HTTP/1.0" 302 476 "-" "Mozilla/5.0 (compatible; SemrushBot/7~bl; +http://www.semrush.com/bot.html)"
54.36.149.71 - - [13/Jun/2021:14:25:31 +0200] "GET /butterfly-vintage-keyring-clock-p-48058.html HTTP/1.0" 200 70279 "-" "Mozilla/5.0 (compatible; AhrefsBot/7.0; +http://ahrefs.com/robot/)"
185.191.171.6 - - [13/Jun/2021:14:25:40 +0200] "GET /beatles-travel-p-12698.html?action=add_product HTTP/1.0" 302 476 "-" "Mozilla/5.0 (compatible; SemrushBot/7~bl; +http://www.semrush.com/bot.html)"
40.77.167.90 - - [13/Jun/2021:14:25:47 +0200] "GET /-p-21385.html HTTP/1.0" 200 70165 "-" "Mozilla/5.0 (compatible; bingbot/2.0; +http://www.bing.com/bingbot.htm)"
40.77.167.90 - - [13/Jun/2021:14:25:49 +0200] "GET /mickey-pluto-patriotic-figurine-p-51456.html HTTP/1.0" 200 74108 "-" "Mozilla/5.0 (compatible; bingbot/2.0; +http://www.bing.com/bingbot.htm)"
157.55.39.122 - - [13/Jun/2021:14:25:57 +0200] "GET /peugeot-large-metal-plate-deco-p-34123.html HTTP/1.0" 200 70275 "-" "Mozilla/5.0 (compatible; bingbot/2.0; +http://www.bing.com/bingbot.htm)"
157.55.39.128 - - [13/Jun/2021:14:26:18 +0200] "GET /daisy-and-minnie-bag-lunch-box-and-bottle-p-31685.html HTTP/1.0" 301 73188 "-" "Mozilla/5.0 (compatible; bingbot/2.0; +http://www.bing.com/bingbot.htm)"
157.55.39.128 - - [13/Jun/2021:14:26:48 +0200] "GET /tibetan-treasure-hand-painted-spirals-p-54964.html HTTP/1.0" 200 74011 "-" "Mozilla/5.0 (compatible; bingbot/2.0; +http://www.bing.com/bingbot.htm)"
157.55.39.152 - - [13/Jun/2021:14:26:52 +0200] "GET /mickey-birthday-card-with-envelope-p-25256.html HTTP/1.0" 200 72863 "-" "Mozilla/5.0 (compatible; bingbot/2.0; +http://www.bing.com/bingbot.htm)"
54.36.149.94 - - [13/Jun/2021:14:27:27 +0200] "GET /hello-kitty-hair-ornements-p-13568.html HTTP/1.0" 200 72968 "-" "Mozilla/5.0 (compatible; AhrefsBot/7.0; +http://ahrefs.com/robot/)"
207.46.13.38 - - [13/Jun/2021:14:27:37 +0200] "GET /chair-cushion-scratchs-blue-p-49314.html HTTP/1.0" 200 72928 "-" "Mozilla/5.0 (compatible; bingbot/2.0; +http://www.bing.com/bingbot.htm)"
207.46.13.38 - - [13/Jun/2021:14:27:42 +0200] "GET /mappemonde-coasters-p-52604.html HTTP/1.0" 200 72783 "-" "Mozilla/5.0 (compatible; bingbot/2.0; +http://www.bing.com/bingbot.htm)"
157.55.39.122 - - [13/Jun/2021:14:28:07 +0200] "GET /zodiac-sign-training-bottle-cbkreation-p-43342.html HTTP/1.0" 200 73213 "-" "Mozilla/5.0 (compatible; bingbot/2.0; +http://www.bing.com/bingbot.htm)"
185.191.171.18 - - [13/Jun/2021:14:28:59 +0200] "GET /pillow-case-cotton-percale-threads-p-48194.html HTTP/1.0" 200 73094 "-" "Mozilla/5.0 (compatible; SemrushBot/7~bl; +http://www.semrush.com/bot.html)"
40.77.167.106 - - [13/Jun/2021:14:29:01 +0200] "GET /marseille-women-black-tee-shirt-p-31251.html HTTP/1.0" 301 74656 "-" "Mozilla/5.0 (compatible; bingbot/2.0; +http://www.bing.com/bingbot.htm)"
147.92.153.7 - - [13/Jun/2021:14:29:03 +0200] "GET /floor-cushions-c-11_182.html HTTP/1.0" 200 90781 "-" "Mozilla/5.0 (compatible; Linespider/1.1; +https://lin.ee/4dwXkTH)"
157.55.39.152 - - [13/Jun/2021:14:29:11 +0200] "GET /-p-32185.html HTTP/1.0" 200 70165 "-" "Mozilla/5.0 (compatible; bingbot/2.0; +http://www.bing.com/bingbot.htm)"
207.46.13.38 - - [13/Jun/2021:14:29:16 +0200] "GET /heart-and-home-eco-friendly-stick-diffuser-vanilla-rosewood-p-52807.html HTTP/1.0" 301 74167 "-" "Mozilla/5.0 (compatible; bingbot/2.0; +http://www.bing.com/bingbot.htm)"
157.55.39.152 - - [13/Jun/2021:14:29:21 +0200] "GET /-p-12997.html HTTP/1.0" 200 70165 "-" "Mozilla/5.0 (compatible; bingbot/2.0; +http://www.bing.com/bingbot.htm)"
157.55.39.152 - - [13/Jun/2021:14:29:31 +0200] "GET /motocycle-and-more-red-tee-shirt-p-35447.html HTTP/1.0" 301 74848 "-" "Mozilla/5.0 (compatible; bingbot/2.0; +http://www.bing.com/bingbot.htm)"
54.36.149.0 - - [13/Jun/2021:14:29:31 +0200] "GET /knight-chess-piece-silver-p-49292.html HTTP/1.0" 200 73854 "-" "Mozilla/5.0 (compatible; AhrefsBot/7.0; +http://ahrefs.com/robot/)"
157.55.39.152 - - [13/Jun/2021:14:29:34 +0200] "GET /heart-and-home-eco-friendly-stick-diffuser-geranium-oud-wood-p-52808.html HTTP/1.0" 301 74164 "-" "Mozilla/5.0 (compatible; bingbot/2.0; +http://www.bing.com/bingbot.htm)"
207.46.13.38 - - [13/Jun/2021:14:29:36 +0200] "GET /-p-19847.html HTTP/1.0" 200 70165 "-" "Mozilla/5.0 (compatible; bingbot/2.0; +http://www.bing.com/bingbot.htm)"
157.55.39.122 - - [13/Jun/2021:14:29:40 +0200] "GET /-p-50886.html HTTP/1.0" 200 70165 "-" "Mozilla/5.0 (compatible; bingbot/2.0; +http://www.bing.com/bingbot.htm)"
157.55.39.128 - - [13/Jun/2021:14:29:59 +0200] "GET /pyramid-in-cornelian-base-cm-quality-aa-p-44008.html HTTP/1.0" 301 73019 "-" "Mozilla/5.0 (compatible; bingbot/2.0; +http://www.bing.com/bingbot.htm)"
185.191.171.14 - - [13/Jun/2021:14:30:03 +0200] "GET /rattan-bedhead-wall-sticker-p-53898.html HTTP/1.0" 200 73589 "-" "Mozilla/5.0 (compatible; SemrushBot/7~bl; +http://www.semrush.com/bot.html)"
157.55.39.152 - - [13/Jun/2021:14:30:09 +0200] "GET /tea-pot-c-12_175.html?page=2 HTTP/1.0" 200 92212 "-" "Mozilla/5.0 (compatible; bingbot/2.0; +http://www.bing.com/bingbot.htm)"
207.46.13.38 - - [13/Jun/2021:14:30:14 +0200] "GET /harley-davidson-zippo-lighter-p-30270.html HTTP/1.0" 301 70232 "-" "Mozilla/5.0 (compatible; bingbot/2.0; +http://www.bing.com/bingbot.htm)"
40.77.167.90 - - [13/Jun/2021:14:30:33 +0200] "GET /gray-metal-linen-lamp-p-55121.html HTTP/1.0" 200 73426 "-" "Mozilla/5.0 (compatible; bingbot/2.0; +http://www.bing.com/bingbot.htm)"
54.36.149.96 - - [13/Jun/2021:14:30:41 +0200] "GET /johnny-hallyday-guitar-keyring-black-metal-and-resin-centre-shap-p-12085.html HTTP/1.0" 301 70232 "-" "Mozilla/5.0 (compatible; AhrefsBot/7.0; +http://ahrefs.com/robot/)"
185.191.171.21 - - [13/Jun/2021:14:30:45 +0200] "GET /sweets-white-p-31689.html?action=add_product HTTP/1.0" 302 476 "-" "Mozilla/5.0 (compatible; SemrushBot/7~bl; +http://www.semrush.com/bot.html)"
40.77.167.106 - - [13/Jun/2021:14:31:02 +0200] "GET /-p-33475.html HTTP/1.0" 200 70165 "-" "Mozilla/5.0 (compatible; bingbot/2.0; +http://www.bing.com/bingbot.htm)"
40.77.167.106 - - [13/Jun/2021:14:31:03 +0200] "GET /small-box-for-baby-teeth-jade-p-50813.html HTTP/1.0" 301 73660 "-" "Mozilla/5.0 (compatible; bingbot/2.0; +http://www.bing.com/bingbot.htm)"
54.36.148.86 - - [13/Jun/2021:14:31:21 +0200] "GET /pairs-socks-peanuts-p-50911.html HTTP/1.0" 200 72499 "-" "Mozilla/5.0 (compatible; AhrefsBot/7.0; +http://ahrefs.com/robot/)"
207.46.13.38 - - [13/Jun/2021:14:31:33 +0200] "GET /mickey-mouse-smile-suitcase-p-34798.html HTTP/1.0" 200 70291 "-" "Mozilla/5.0 (compatible; bingbot/2.0; +http://www.bing.com/bingbot.htm)"
157.55.39.122 - - [13/Jun/2021:14:31:38 +0200] "GET /lotus-candle-holder-in-glass-p-42827.html HTTP/1.0" 301 74037 "-" "Mozilla/5.0 (compatible; bingbot/2.0; +http://www.bing.com/bingbot.htm)"
207.46.13.38 - - [13/Jun/2021:14:31:49 +0200] "GET /swfobject.js HTTP/1.0" 404 1308 "-" "Mozilla/5.0 (compatible; bingbot/2.0; +http://www.bing.com/bingbot.htm)"
40.77.167.106 - - [13/Jun/2021:14:32:02 +0200] "GET /emily-cupcakes-p-24306.html HTTP/1.0" 200 72850 "-" "Mozilla/5.0 (compatible; bingbot/2.0; +http://www.bing.com/bingbot.htm)"
157.55.39.122 - - [13/Jun/2021:14:32:08 +0200] "GET /-p-6633.html HTTP/1.0" 200 70163 "-" "Mozilla/5.0 (compatible; bingbot/2.0; +http://www.bing.com/bingbot.htm)"
185.191.171.42 - - [13/Jun/2021:14:32:10 +0200] "GET /zodiac-black-women-tee-shirt-p-30803.html HTTP/1.0" 301 74886 "-" "Mozilla/5.0 (compatible; SemrushBot/7~bl; +http://www.semrush.com/bot.html)"
185.191.171.10 - - [13/Jun/2021:14:32:12 +0200] "GET /zodiac-black-women-shirt-p-30803.html HTTP/1.0" 200 74795 "-" "Mozilla/5.0 (compatible; SemrushBot/7~bl; +http://www.semrush.com/bot.html)"
54.36.148.0 - - [13/Jun/2021:14:32:25 +0200] "GET /set-of-circle-coasters-with-personalized-pictures-p-16334.html HTTP/1.0" 301 73614 "-" "Mozilla/5.0 (compatible; AhrefsBot/7.0; +http://ahrefs.com/robot/)"
54.36.148.186 - - [13/Jun/2021:14:32:34 +0200] "GET /pillow-case-65-65-cm-red-p-39127.html HTTP/1.0" 301 73099 "-" "Mozilla/5.0 (compatible; AhrefsBot/7.0; +http://ahrefs.com/robot/)"
185.191.171.44 - - [13/Jun/2021:14:32:40 +0200] "GET /bolster-case-cotton-percale-threads-p-48188.html?action=add_product HTTP/1.0" 302 476 "-" "Mozilla/5.0 (compatible; SemrushBot/7~bl; +http://www.semrush.com/bot.html)"
185.191.171.5 - - [13/Jun/2021:14:32:45 +0200] "GET /salamander-wall-decoration-p-40932.html HTTP/1.0" 200 72966 "-" "Mozilla/5.0 (compatible; SemrushBot/7~bl; +http://www.semrush.com/bot.html)"
207.46.13.38 - - [13/Jun/2021:14:32:55 +0200] "GET /us-route-66-metal-plate-20-30-cm-p-12560.html HTTP/1.0" 301 70341 "-" "Mozilla/5.0 (compatible; bingbot/2.0; +http://www.bing.com/bingbot.htm)"
207.46.13.38 - - [13/Jun/2021:14:32:56 +0200] "GET /my-little-pony-mini-led-glitter-shake-and-shine-p-31922.html HTTP/1.0" 301 73418 "-" "Mozilla/5.0 (compatible; bingbot/2.0; +http://www.bing.com/bingbot.htm)"
40.77.167.70 - - [13/Jun/2021:14:33:04 +0200] "GET /solar-powered-shark-dancing-p-38828.html HTTP/1.0" 200 73086 "-" "Mozilla/5.0 (compatible; bingbot/2.0; +http://www.bing.com/bingbot.htm)"
185.191.171.11 - - [13/Jun/2021:14:33:08 +0200] "GET /lavender-soap-dispenser-p-51395.html HTTP/1.0" 200 72846 "-" "Mozilla/5.0 (compatible; SemrushBot/7~bl; +http://www.semrush.com/bot.html)"
54.36.148.151 - - [13/Jun/2021:14:33:16 +0200] "GET /home-decoration-c-13.html?page=44 HTTP/1.0" 200 92121 "-" "Mozilla/5.0 (compatible; AhrefsBot/7.0; +http://ahrefs.com/robot/)"
207.46.13.38 - - [13/Jun/2021:14:33:21 +0200] "GET /metal-cylindrical-tea-box-p-47672.html HTTP/1.0" 301 70323 "-" "Mozilla/5.0 (compatible; bingbot/2.0; +http://www.bing.com/bingbot.htm)"
207.46.13.38 - - [13/Jun/2021:14:33:22 +0200] "GET /titeuf-figure-p-4593.html HTTP/1.0" 200 70219 "-" "Mozilla/5.0 (compatible; bingbot/2.0; +http://www.bing.com/bingbot.htm)"
185.191.171.23 - - [13/Jun/2021:14:33:24 +0200] "GET /uk-poster-p-30862.html HTTP/1.0" 301 72755 "-" "Mozilla/5.0 (compatible; SemrushBot/7~bl; +http://www.semrush.com/bot.html)"
185.191.171.40 - - [13/Jun/2021:14:33:25 +0200] "GET /poster-p-30862.html HTTP/1.0" 200 72682 "-" "Mozilla/5.0 (compatible; SemrushBot/7~bl; +http://www.semrush.com/bot.html)"
157.55.39.128 - - [13/Jun/2021:14:33:26 +0200] "GET /images/big_prod/4029811370900.jpg HTTP/1.0" 200 268 "-" "Mozilla/5.0 (compatible; bingbot/2.0; +http://www.bing.com/bingbot.htm)"
157.55.39.128 - - [13/Jun/2021:14:33:28 +0200] "GET /mobile-phone-cigarette-case-p-19073.html HTTP/1.0" 200 70291 "-" "Mozilla/5.0 (compatible; bingbot/2.0; +http://www.bing.com/bingbot.htm)"
157.55.39.122 - - [13/Jun/2021:14:33:30 +0200] "GET /hello-kitty-ceiling-light-glass-p-16152.html HTTP/1.0" 301 70232 "-" "Mozilla/5.0 (compatible; bingbot/2.0; +http://www.bing.com/bingbot.htm)"
157.55.39.44 - - [13/Jun/2021:14:33:38 +0200] "GET /-p-12397.html HTTP/1.0" 200 70165 "-" "Mozilla/5.0 (compatible; bingbot/2.0; +http://www.bing.com/bingbot.htm)"
54.36.148.249 - - [13/Jun/2021:14:33:54 +0200] "GET /cars-bedside-lamp-p-24745.html HTTP/1.0" 301 70232 "-" "Mozilla/5.0 (compatible; AhrefsBot/7.0; +http://ahrefs.com/robot/)"
157.55.39.128 - - [13/Jun/2021:14:33:59 +0200] "GET /gorjuss-the-dreamer-pencil-case-p-29920.html HTTP/1.0" 301 70397 "-" "Mozilla/5.0 (compatible; bingbot/2.0; +http://www.bing.com/bingbot.htm)"
157.55.39.128 - - [13/Jun/2021:14:34:00 +0200] "GET /-p-14602.html HTTP/1.0" 200 70165 "-" "Mozilla/5.0 (compatible; bingbot/2.0; +http://www.bing.com/bingbot.htm)"
185.191.171.37 - - [13/Jun/2021:14:34:28 +0200] "GET /fluffy-white-tea-box-100-p-42849.html HTTP/1.0" 301 73007 "-" "Mozilla/5.0 (compatible; SemrushBot/7~bl; +http://www.semrush.com/bot.html)"
185.191.171.11 - - [13/Jun/2021:14:34:30 +0200] "GET /fluffy-white-p-42849.html HTTP/1.0" 200 72928 "-" "Mozilla/5.0 (compatible; SemrushBot/7~bl; +http://www.semrush.com/bot.html)"
185.191.171.34 - - [13/Jun/2021:14:34:37 +0200] "GET /jacquard-cotton-velvet-towel-170-95-cm-fish-p-45352.html HTTP/1.0" 301 70415 "-" "Mozilla/5.0 (compatible; SemrushBot/7~bl; +http://www.semrush.com/bot.html)"
185.191.171.13 - - [13/Jun/2021:14:34:40 +0200] "GET /jacquard-cotton-velvet-towel-fish-p-45352.html HTTP/1.0" 200 70315 "-" "Mozilla/5.0 (compatible; SemrushBot/7~bl; +http://www.semrush.com/bot.html)"
54.36.148.110 - - [13/Jun/2021:14:34:54 +0200] "GET /playboy-pink-cigarettes-case-p-17466.html HTTP/1.0" 301 70232 "-" "Mozilla/5.0 (compatible; AhrefsBot/7.0; +http://ahrefs.com/robot/)"
207.46.13.38 - - [13/Jun/2021:14:34:56 +0200] "GET /-p-11783.html HTTP/1.0" 200 70165 "-" "Mozilla/5.0 (compatible; bingbot/2.0; +http://www.bing.com/bingbot.htm)"
157.55.39.122 - - [13/Jun/2021:14:34:58 +0200] "GET /-p-34048.html HTTP/1.0" 200 70165 "-" "Mozilla/5.0 (compatible; bingbot/2.0; +http://www.bing.com/bingbot.htm)"
157.55.39.128 - - [13/Jun/2021:14:34:59 +0200] "GET /large-porcelain-bowl-flamingo-p-51798.html HTTP/1.0" 200 73462 "-" "Mozilla/5.0 (compatible; bingbot/2.0; +http://www.bing.com/bingbot.htm)"
54.36.148.86 - - [13/Jun/2021:14:35:04 +0200] "GET /kitchen-towel-holder-hooks-p-47373.html HTTP/1.0" 200 73428 "-" "Mozilla/5.0 (compatible; AhrefsBot/7.0; +http://ahrefs.com/robot/)"
66.249.70.40 - - [13/Jun/2021:14:35:12 +0200] "GET /index.php?manufacturers_id= HTTP/1.0" 301 68904 "-" "Mozilla/5.0 (Linux; Android 6.0.1; Nexus 5X Build/MMB29P) AppleWebKit/537.36 (KHTML, like Gecko) Chrome/91.0.4472.90 Mobile Safari/537.36 (compatible; Googlebot/2.1; +http://www.google.com/bot.html)"
66.249.70.40 - - [13/Jun/2021:14:35:13 +0200] "GET / HTTP/1.0" 200 150245 "-" "Mozilla/5.0 (Linux; Android 6.0.1; Nexus 5X Build/MMB29P) AppleWebKit/537.36 (KHTML, like Gecko) Chrome/91.0.4472.90 Mobile Safari/537.36 (compatible; Googlebot/2.1; +http://www.google.com/bot.html)"
40.77.167.90 - - [13/Jun/2021:14:35:23 +0200] "GET /bamboo-retro-tray-p-51684.html HTTP/1.0" 200 72833 "-" "Mozilla/5.0 (compatible; bingbot/2.0; +http://www.bing.com/bingbot.htm)"
40.77.167.90 - - [13/Jun/2021:14:35:24 +0200] "GET /metal-ding-dong-bell-for-bike-black-p-40743.html HTTP/1.0" 301 73002 "-" "Mozilla/5.0 (compatible; bingbot/2.0; +http://www.bing.com/bingbot.htm)"
40.77.167.70 - - [13/Jun/2021:14:35:26 +0200] "GET /cupcake-vintage-mini-tin-box-p-29118.html HTTP/1.0" 301 70367 "-" "Mozilla/5.0 (compatible; bingbot/2.0; +http://www.bing.com/bingbot.htm)"
40.77.167.70 - - [13/Jun/2021:14:35:43 +0200] "GET /cement-tile-stickers-p-50346.html HTTP/1.0" 200 73733 "-" "Mozilla/5.0 (compatible; bingbot/2.0; +http://www.bing.com/bingbot.htm)"
66.249.70.40 - - [13/Jun/2021:14:35:53 +0200] "GET /daisy-green-mini-rectangular-tray-p-55471.html HTTP/1.0" 200 72957 "-" "Mozilla/5.0 (Linux; Android 6.0.1; Nexus 5X Build/MMB29P) AppleWebKit/537.36 (KHTML, like Gecko) Chrome/91.0.4472.90 Mobile Safari/537.36 (compatible; Googlebot/2.1; +http://www.google.com/bot.html)"
157.55.39.122 - - [13/Jun/2021:14:36:28 +0200] "GET /-p-3458.html HTTP/1.0" 200 70163 "-" "Mozilla/5.0 (compatible; bingbot/2.0; +http://www.bing.com/bingbot.htm)"
157.55.39.128 - - [13/Jun/2021:14:36:38 +0200] "GET /teo-jasmin-doll-pouch-jasmine-apache-p-35511.html HTTP/1.0" 301 70433 "-" "Mozilla/5.0 (compatible; bingbot/2.0; +http://www.bing.com/bingbot.htm)"
207.46.13.38 - - [13/Jun/2021:14:36:45 +0200] "GET /buddha-resin-gold-statue-10-cm-not-say-p-38078.html HTTP/1.0" 301 70385 "-" "Mozilla/5.0 (compatible; bingbot/2.0; +http://www.bing.com/bingbot.htm)"
185.191.171.20 - - [13/Jun/2021:14:36:46 +0200] "GET /transparent-rectangular-plastic-tablecloth-160-250-cm-p-52780.html HTTP/1.0" 301 70458 "-" "Mozilla/5.0 (compatible; SemrushBot/7~bl; +http://www.semrush.com/bot.html)"
185.191.171.40 - - [13/Jun/2021:14:36:49 +0200] "GET /transparent-rectangular-plastic-tablecloth-p-52780.html HTTP/1.0" 200 70349 "-" "Mozilla/5.0 (compatible; SemrushBot/7~bl; +http://www.semrush.com/bot.html)"
54.36.149.45 - - [13/Jun/2021:14:36:49 +0200] "GET /hello-kitty-hair-ornements-p-13570.html HTTP/1.0" 200 72947 "-" "Mozilla/5.0 (compatible; AhrefsBot/7.0; +http://ahrefs.com/robot/)"
157.55.39.44 - - [13/Jun/2021:14:36:57 +0200] "GET /-p-22131.html HTTP/1.0" 200 70165 "-" "Mozilla/5.0 (compatible; bingbot/2.0; +http://www.bing.com/bingbot.htm)"
157.55.39.82 - - [13/Jun/2021:14:37:05 +0200] "GET /mondial_relay/js/jquery-1.3.2.min.js HTTP/1.0" 200 276 "-" "Mozilla/5.0 (compatible; bingbot/2.0; +http://www.bing.com/bingbot.htm)"
207.46.13.38 - - [13/Jun/2021:14:37:06 +0200] "GET /-p-8585.html HTTP/1.0" 200 70163 "-" "Mozilla/5.0 (compatible; bingbot/2.0; +http://www.bing.com/bingbot.htm)"
40.77.167.106 - - [13/Jun/2021:14:37:12 +0200] "GET /microfibre-bed-base-cover-160-200-cm-light-brown-p-47977.html HTTP/1.0" 301 73105 "-" "Mozilla/5.0 (compatible; bingbot/2.0; +http://www.bing.com/bingbot.htm)"
207.46.13.38 - - [13/Jun/2021:14:37:20 +0200] "GET /swfobject.js HTTP/1.0" 404 1308 "-" "Mozilla/5.0 (compatible; bingbot/2.0; +http://www.bing.com/bingbot.htm)"
207.46.13.38 - - [13/Jun/2021:14:37:20 +0200] "GET /bob-marley-zippo-lighter-p-29779.html HTTP/1.0" 301 73366 "-" "Mozilla/5.0 (compatible; bingbot/2.0; +http://www.bing.com/bingbot.htm)"
207.46.13.38 - - [13/Jun/2021:14:38:04 +0200] "GET /-p-33448.html HTTP/1.0" 200 70165 "-" "Mozilla/5.0 (compatible; bingbot/2.0; +http://www.bing.com/bingbot.htm)"
185.191.171.38 - - [13/Jun/2021:14:38:18 +0200] "GET /keel-toys-plush-pipp-panda-p-51009.html HTTP/1.0" 200 70283 "-" "Mozilla/5.0 (compatible; SemrushBot/7~bl; +http://www.semrush.com/bot.html)"
157.55.39.152 - - [13/Jun/2021:14:38:22 +0200] "GET /-p-18803.html HTTP/1.0" 200 70165 "-" "Mozilla/5.0 (compatible; bingbot/2.0; +http://www.bing.com/bingbot.htm)"
40.77.167.90 - - [13/Jun/2021:14:38:32 +0200] "GET /-p-33664.html HTTP/1.0" 200 70165 "-" "Mozilla/5.0 (compatible; bingbot/2.0; +http://www.bing.com/bingbot.htm)"
40.77.167.90 - - [13/Jun/2021:14:38:34 +0200] "GET /-p-30157.html HTTP/1.0" 200 70165 "-" "Mozilla/5.0 (compatible; bingbot/2.0; +http://www.bing.com/bingbot.htm)"
54.36.148.221 - - [13/Jun/2021:14:38:42 +0200] "GET /kimmidoll-wastebasket-p-27442.html HTTP/1.0" 200 72798 "-" "Mozilla/5.0 (compatible; AhrefsBot/7.0; +http://ahrefs.com/robot/)"
185.191.171.11 - - [13/Jun/2021:14:38:51 +0200] "GET /jasmin-p-32294.html?action=add_product HTTP/1.0" 302 476 "-" "Mozilla/5.0 (compatible; SemrushBot/7~bl; +http://www.semrush.com/bot.html)"
131.107.159.86 - - [13/Jun/2021:14:38:55 +0200] "GET /images/med_prod/5018997611975.jpg HTTP/1.0" 200 268 "-" "Mozilla/5.0 (X11; Linux i686) AppleWebKit/537.17 (KHTML, like Gecko) Chrome/24.0.1312.27 Safari/537.17"
13.83.127.109 - - [13/Jun/2021:14:39:02 +0200] "GET /images/big_prod_2/4542202657140b.jpg HTTP/1.0" 200 271 "-" "Python-urllib/3.6"
40.77.167.106 - - [13/Jun/2021:14:39:03 +0200] "GET /-p-20164.html HTTP/1.0" 200 70165 "-" "Mozilla/5.0 (compatible; bingbot/2.0; +http://www.bing.com/bingbot.htm)"
40.77.167.106 - - [13/Jun/2021:14:39:05 +0200] "GET /ceramic-salt-with-spoon-inaya-blue-p-50604.html HTTP/1.0" 200 72882 "-" "Mozilla/5.0 (compatible; bingbot/2.0; +http://www.bing.com/bingbot.htm)"
40.77.167.90 - - [13/Jun/2021:14:39:11 +0200] "GET /eeyore-money-box-p-6906.html HTTP/1.0" 301 72791 "-" "Mozilla/5.0 (compatible; bingbot/2.0; +http://www.bing.com/bingbot.htm)"
157.55.39.152 - - [13/Jun/2021:14:39:15 +0200] "GET /crayola-farm-stamper-kit-p-16685.html HTTP/1.0" 301 70355 "-" "Mozilla/5.0 (compatible; bingbot/2.0; +http://www.bing.com/bingbot.htm)"
185.191.171.6 - - [13/Jun/2021:14:39:24 +0200] "GET /jardin-sucr-metal-chocolate-p-46828.html?action=add_product HTTP/1.0" 302 476 "-" "Mozilla/5.0 (compatible; SemrushBot/7~bl; +http://www.semrush.com/bot.html)"
157.55.39.122 - - [13/Jun/2021:14:39:40 +0200] "GET /mandala-notebook-with-leather-cover-p-50906.html HTTP/1.0" 200 73684 "-" "Mozilla/5.0 (compatible; bingbot/2.0; +http://www.bing.com/bingbot.htm)"
147.92.153.5 - - [13/Jun/2021:14:39:43 +0200] "GET /mini-trays-c-12_159_260.html HTTP/1.0" 200 91902 "-" "Mozilla/5.0 (compatible; Linespider/1.1; +https://lin.ee/4dwXkTH)"
51.68.224.127 - - [13/Jun/2021:14:40:00 +0200] "GET /adminweb/export_orders_xml.php?token=256de2z6edz6ed2z6DFSFsed2zed6zeDSFDSGdzedezfzf&maxorders=10&orderstart=1&status=14&start_date=2018-10-01 HTTP/1.0" 200 285 "-" "GesCom CharlotteBoutik Serveur"
51.68.224.127 - - [13/Jun/2021:14:40:00 +0200] "GET /adminweb/export_orders_xml.php?token=256de2z6edz6ed2z6DFSFsed2zed6zeDSFDSGdzedezfzf&maxorders=10&orderstart=1&status=6&start_date=2018-10-01 HTTP/1.0" 200 30039 "-" "GesCom CharlotteBoutik Serveur"
157.55.39.152 - - [13/Jun/2021:14:40:02 +0200] "GET /butterflies-makeup-accessories-p-28913.html HTTP/1.0" 200 72939 "-" "Mozilla/5.0 (compatible; bingbot/2.0; +http://www.bing.com/bingbot.htm)"
185.191.171.36 - - [13/Jun/2021:14:40:23 +0200] "GET /votive-candle-hours-cinnamon-spice-medium-p-33126.html HTTP/1.0" 200 74160 "-" "Mozilla/5.0 (compatible; SemrushBot/7~bl; +http://www.semrush.com/bot.html)"
54.36.149.80 - - [13/Jun/2021:14:40:36 +0200] "GET /hello-kitty-tiara-p-13512.html HTTP/1.0" 200 72779 "-" "Mozilla/5.0 (compatible; AhrefsBot/7.0; +http://ahrefs.com/robot/)"
54.236.1.11 - - [13/Jun/2021:14:40:36 +0200] "GET /-m-462.html HTTP/1.0" 200 75935 "-" "Mozilla/5.0 (compatible; Pinterestbot/1.0; +http://www.pinterest.com/bot.html)"
157.55.39.44 - - [13/Jun/2021:14:40:47 +0200] "GET /minnie-umbrella-p-6094.html HTTP/1.0" 200 72935 "-" "Mozilla/5.0 (compatible; bingbot/2.0; +http://www.bing.com/bingbot.htm)"
157.55.39.152 - - [13/Jun/2021:14:40:52 +0200] "GET /images/med_prod/3032164202010.jpg HTTP/1.0" 200 268 "-" "Mozilla/5.0 (compatible; bingbot/2.0; +http://www.bing.com/bingbot.htm)"
40.77.167.70 - - [13/Jun/2021:14:41:02 +0200] "GET /adult-cotton-apron-stone-collection-p-40207.html HTTP/1.0" 200 72874 "-" "Mozilla/5.0 (compatible; bingbot/2.0; +http://www.bing.com/bingbot.htm)"
111.94.16.54 - - [13/Jun/2021:14:41:07 +0200] "GET /miso-cute-kimmidoll-love-p-21767.html HTTP/1.0" 200 77259 "https://www.google.com/" "Mozilla/5.0 (Linux; Android 9; CPH1923) AppleWebKit/537.36 (KHTML, like Gecko) Chrome/91.0.4472.88 Mobile Safari/537.36"
111.94.16.54 - - [13/Jun/2021:14:41:08 +0200] "GET /templates/Pixame_v1/stylesheet.css HTTP/1.0" 200 267 "http://www.wonder-geek.com/miso-cute-kimmidoll-love-p-21767.html" "Mozilla/5.0 (Linux; Android 9; CPH1923) AppleWebKit/537.36 (KHTML, like Gecko) Chrome/91.0.4472.88 Mobile Safari/537.36"
111.94.16.54 - - [13/Jun/2021:14:41:08 +0200] "GET /highslide/highslide.js HTTP/1.0" 200 262 "http://www.wonder-geek.com/miso-cute-kimmidoll-love-p-21767.html" "Mozilla/5.0 (Linux; Android 9; CPH1923) AppleWebKit/537.36 (KHTML, like Gecko) Chrome/91.0.4472.88 Mobile Safari/537.36"
111.94.16.54 - - [13/Jun/2021:14:41:08 +0200] "GET /js/jquery.js HTTP/1.0" 200 252 "http://www.wonder-geek.com/miso-cute-kimmidoll-love-p-21767.html" "Mozilla/5.0 (Linux; Android 9; CPH1923) AppleWebKit/537.36 (KHTML, like Gecko) Chrome/91.0.4472.88 Mobile Safari/537.36"
111.94.16.54 - - [13/Jun/2021:14:41:08 +0200] "GET /js/jquery.jqzoom.js HTTP/1.0" 200 259 "http://www.wonder-geek.com/miso-cute-kimmidoll-love-p-21767.html" "Mozilla/5.0 (Linux; Android 9; CPH1923) AppleWebKit/537.36 (KHTML, like Gecko) Chrome/91.0.4472.88 Mobile Safari/537.36"
111.94.16.54 - - [13/Jun/2021:14:41:08 +0200] "GET /mondial_relay/js/jquery-1.3.2.min.js HTTP/1.0" 200 276 "http://www.wonder-geek.com/miso-cute-kimmidoll-love-p-21767.html" "Mozilla/5.0 (Linux; Android 9; CPH1923) AppleWebKit/537.36 (KHTML, like Gecko) Chrome/91.0.4472.88 Mobile Safari/537.36"
111.94.16.54 - - [13/Jun/2021:14:41:09 +0200] "GET /swfobject.js HTTP/1.0" 404 1308 "http://www.wonder-geek.com/miso-cute-kimmidoll-love-p-21767.html" "Mozilla/5.0 (Linux; Android 9; CPH1923) AppleWebKit/537.36 (KHTML, like Gecko) Chrome/91.0.4472.88 Mobile Safari/537.36"
111.94.16.54 - - [13/Jun/2021:14:41:10 +0200] "GET /templates/Pixame_v1/images/icon_accueil2.png HTTP/1.0" 200 278 "http://www.wonder-geek.com/miso-cute-kimmidoll-love-p-21767.html" "Mozilla/5.0 (Linux; Android 9; CPH1923) AppleWebKit/537.36 (KHTML, like Gecko) Chrome/91.0.4472.88 Mobile Safari/537.36"
111.94.16.54 - - [13/Jun/2021:14:41:10 +0200] "GET /templates/Pixame_v1/images/Bottom_texture.jpg HTTP/1.0" 200 280 "http://www.wonder-geek.com/templates/Pixame_v1/stylesheet.css" "Mozilla/5.0 (Linux; Android 9; CPH1923) AppleWebKit/537.36 (KHTML, like Gecko) Chrome/91.0.4472.88 Mobile Safari/537.36"
111.94.16.54 - - [13/Jun/2021:14:41:10 +0200] "GET /templates/Pixame_v1/images/Middle_texture.jpg HTTP/1.0" 200 280 "http://www.wonder-geek.com/templates/Pixame_v1/stylesheet.css" "Mozilla/5.0 (Linux; Android 9; CPH1923) AppleWebKit/537.36 (KHTML, like Gecko) Chrome/91.0.4472.88 Mobile Safari/537.36"
111.94.16.54 - - [13/Jun/2021:14:41:10 +0200] "GET /templates/Pixame_v1/images/nav.png HTTP/1.0" 200 268 "http://www.wonder-geek.com/templates/Pixame_v1/stylesheet.css" "Mozilla/5.0 (Linux; Android 9; CPH1923) AppleWebKit/537.36 (KHTML, like Gecko) Chrome/91.0.4472.88 Mobile Safari/537.36"
111.94.16.54 - - [13/Jun/2021:14:41:10 +0200] "GET /templates/Pixame_v1/images/header.png HTTP/1.0" 200 271 "http://www.wonder-geek.com/templates/Pixame_v1/stylesheet.css" "Mozilla/5.0 (Linux; Android 9; CPH1923) AppleWebKit/537.36 (KHTML, like Gecko) Chrome/91.0.4472.88 Mobile Safari/537.36"
111.94.16.54 - - [13/Jun/2021:14:41:10 +0200] "GET /templates/Pixame_v1/images/header-object.png HTTP/1.0" 200 278 "http://www.wonder-geek.com/templates/Pixame_v1/stylesheet.css" "Mozilla/5.0 (Linux; Android 9; CPH1923) AppleWebKit/537.36 (KHTML, like Gecko) Chrome/91.0.4472.88 Mobile Safari/537.36"
111.94.16.54 - - [13/Jun/2021:14:41:10 +0200] "GET /swfobject.js HTTP/1.0" 404 1308 "http://www.wonder-geek.com/miso-cute-kimmidoll-love-p-21767.html" "Mozilla/5.0 (Linux; Android 9; CPH1923) AppleWebKit/537.36 (KHTML, like Gecko) Chrome/91.0.4472.88 Mobile Safari/537.36"
185.191.171.7 - - [13/Jun/2021:14:41:10 +0200] "GET /windchime-chimes-75-cm-p-43538.html HTTP/1.0" 301 73512 "-" "Mozilla/5.0 (compatible; SemrushBot/7~bl; +http://www.semrush.com/bot.html)"
111.94.16.54 - - [13/Jun/2021:14:41:11 +0200] "GET /highslide/graphics/zoomin.cur HTTP/1.0" 200 614 "http://www.wonder-geek.com/templates/Pixame_v1/stylesheet.css" "Mozilla/5.0 (Linux; Android 9; CPH1923) AppleWebKit/537.36 (KHTML, like Gecko) Chrome/91.0.4472.88 Mobile Safari/537.36"
111.94.16.54 - - [13/Jun/2021:14:41:11 +0200] "GET /images/pixel_trans.gif HTTP/1.0" 200 328 "http://www.wonder-geek.com/miso-cute-kimmidoll-love-p-21767.html" "Mozilla/5.0 (Linux; Android 9; CPH1923) AppleWebKit/537.36 (KHTML, like Gecko) Chrome/91.0.4472.88 Mobile Safari/537.36"
111.94.16.54 - - [13/Jun/2021:14:41:11 +0200] "GET /templates/Pixame_v1/images/buttons/english/button_in_cart.gif HTTP/1.0" 200 295 "http://www.wonder-geek.com/miso-cute-kimmidoll-love-p-21767.html" "Mozilla/5.0 (Linux; Android 9; CPH1923) AppleWebKit/537.36 (KHTML, like Gecko) Chrome/91.0.4472.88 Mobile Safari/537.36"
111.94.16.54 - - [13/Jun/2021:14:41:11 +0200] "GET /images/1399984228029.jpg HTTP/1.0" 200 259 "http://www.wonder-geek.com/miso-cute-kimmidoll-love-p-21767.html" "Mozilla/5.0 (Linux; Android 9; CPH1923) AppleWebKit/537.36 (KHTML, like Gecko) Chrome/91.0.4472.88 Mobile Safari/537.36"
111.94.16.54 - - [13/Jun/2021:14:41:11 +0200] "GET /design/productsenstock.png HTTP/1.0" 200 260 "http://www.wonder-geek.com/templates/Pixame_v1/stylesheet.css" "Mozilla/5.0 (Linux; Android 9; CPH1923) AppleWebKit/537.36 (KHTML, like Gecko) Chrome/91.0.4472.88 Mobile Safari/537.36"
111.94.16.54 - - [13/Jun/2021:14:41:11 +0200] "GET /templates/Pixame_v1/images/infobox/infobox_footer_middle.gif HTTP/1.0" 200 357 "http://www.wonder-geek.com/miso-cute-kimmidoll-love-p-21767.html" "Mozilla/5.0 (Linux; Android 9; CPH1923) AppleWebKit/537.36 (KHTML, like Gecko) Chrome/91.0.4472.88 Mobile Safari/537.36"
111.94.16.54 - - [13/Jun/2021:14:41:12 +0200] "GET /templates/Pixame_v1/images/pixel_trans.gif HTTP/1.0" 200 328 "http://www.wonder-geek.com/miso-cute-kimmidoll-love-p-21767.html" "Mozilla/5.0 (Linux; Android 9; CPH1923) AppleWebKit/537.36 (KHTML, like Gecko) Chrome/91.0.4472.88 Mobile Safari/537.36"
111.94.16.54 - - [13/Jun/2021:14:41:12 +0200] "GET /templates/Pixame_v1/images/infobox/pixel_trans.gif HTTP/1.0" 200 328 "http://www.wonder-geek.com/miso-cute-kimmidoll-love-p-21767.html" "Mozilla/5.0 (Linux; Android 9; CPH1923) AppleWebKit/537.36 (KHTML, like Gecko) Chrome/91.0.4472.88 Mobile Safari/537.36"
185.191.171.40 - - [13/Jun/2021:14:41:12 +0200] "GET /windchime-chimes-p-43538.html HTTP/1.0" 200 73429 "-" "Mozilla/5.0 (compatible; SemrushBot/7~bl; +http://www.semrush.com/bot.html)"
111.94.16.54 - - [13/Jun/2021:14:41:13 +0200] "GET /highslide/graphics/outlines/drop-shadow.png HTTP/1.0" 200 277 "http://www.wonder-geek.com/miso-cute-kimmidoll-love-p-21767.html" "Mozilla/5.0 (Linux; Android 9; CPH1923) AppleWebKit/537.36 (KHTML, like Gecko) Chrome/91.0.4472.88 Mobile Safari/537.36"
111.94.16.54 - - [13/Jun/2021:14:41:13 +0200] "GET /highslide/graphics/zoomout.cur HTTP/1.0" 200 614 "http://www.wonder-geek.com/miso-cute-kimmidoll-love-p-21767.html" "Mozilla/5.0 (Linux; Android 9; CPH1923) AppleWebKit/537.36 (KHTML, like Gecko) Chrome/91.0.4472.88 Mobile Safari/537.36"
111.94.16.54 - - [13/Jun/2021:14:41:13 +0200] "GET /highslide/graphics/loader.white.gif HTTP/1.0" 200 960 "http://www.wonder-geek.com/templates/Pixame_v1/stylesheet.css" "Mozilla/5.0 (Linux; Android 9; CPH1923) AppleWebKit/537.36 (KHTML, like Gecko) Chrome/91.0.4472.88 Mobile Safari/537.36"
111.94.16.54 - - [13/Jun/2021:14:41:13 +0200] "GET /favicon.ico HTTP/1.0" 200 260 "http://www.wonder-geek.com/miso-cute-kimmidoll-love-p-21767.html" "Mozilla/5.0 (Linux; Android 9; CPH1923) AppleWebKit/537.36 (KHTML, like Gecko) Chrome/91.0.4472.88 Mobile Safari/537.36"
207.46.13.38 - - [13/Jun/2021:14:41:14 +0200] "GET /russian-doll-kitchen-towel-p-38778.html HTTP/1.0" 200 72826 "-" "Mozilla/5.0 (compatible; bingbot/2.0; +http://www.bing.com/bingbot.htm)"
54.36.148.0 - - [13/Jun/2021:14:41:32 +0200] "GET /games-and-toys-c-4.html?page=12 HTTP/1.0" 301 90689 "-" "Mozilla/5.0 (compatible; AhrefsBot/7.0; +http://ahrefs.com/robot/)"
207.46.13.38 - - [13/Jun/2021:14:41:35 +0200] "GET /mickey-mouse-greeting-from-england-figurine-collection-p-29068.html HTTP/1.0" 200 73340 "-" "Mozilla/5.0 (compatible; bingbot/2.0; +http://www.bing.com/bingbot.htm)"
157.55.39.122 - - [13/Jun/2021:14:41:39 +0200] "GET /-p-22487.html HTTP/1.0" 200 70165 "-" "Mozilla/5.0 (compatible; bingbot/2.0; +http://www.bing.com/bingbot.htm)"
66.249.70.40 - - [13/Jun/2021:14:41:39 +0200] "GET /laundry-basket-mdf-60-cm-p-52175.html HTTP/1.0" 301 70312 "-" "Mozilla/5.0 (Linux; Android 6.0.1; Nexus 5X Build/MMB29P) AppleWebKit/537.36 (KHTML, like Gecko) Chrome/91.0.4472.90 Mobile Safari/537.36 (compatible; Googlebot/2.1; +http://www.google.com/bot.html)"
66.249.70.40 - - [13/Jun/2021:14:41:40 +0200] "GET /laundry-basket-p-52175.html HTTP/1.0" 200 70231 "-" "Mozilla/5.0 (Linux; Android 6.0.1; Nexus 5X Build/MMB29P) AppleWebKit/537.36 (KHTML, like Gecko) Chrome/91.0.4472.90 Mobile Safari/537.36 (compatible; Googlebot/2.1; +http://www.google.com/bot.html)"
40.77.167.70 - - [13/Jun/2021:14:41:45 +0200] "GET /-p-14380.html HTTP/1.0" 200 70165 "-" "Mozilla/5.0 (compatible; bingbot/2.0; +http://www.bing.com/bingbot.htm)"
185.191.171.4 - - [13/Jun/2021:14:41:46 +0200] "GET /gorjuss-cards-supplied-with-envelope-cobwebs-p-48398.html HTTP/1.0" 200 73109 "-" "Mozilla/5.0 (compatible; SemrushBot/7~bl; +http://www.semrush.com/bot.html)"
54.36.148.246 - - [13/Jun/2021:14:41:57 +0200] "GET /metal-moneybox-star-wars-captain-phasma-p-34871.html HTTP/1.0" 301 70232 "-" "Mozilla/5.0 (compatible; AhrefsBot/7.0; +http://ahrefs.com/robot/)"
5.255.231.71 - - [13/Jun/2021:14:41:57 +0200] "GET /images/mini_prod/3665284220628.jpg HTTP/1.0" 200 269 "-" "Mozilla/5.0 (compatible; YandexImages/3.0; +http://yandex.com/bots)"
