5.9.71.213 - - [13/Jun/2021:17:47:47 +0200] "GET /mini-dlices-teapot-p-24645.html HTTP/1.0" 200 70285 "-" "Mozilla/5.0 (compatible; MJ12bot/v1.4.8; http://mj12bot.com/)"
5.9.71.213 - - [13/Jun/2021:17:47:48 +0200] "GET /mini-delices-set-of-coffee-mugs-p-24643.html HTTP/1.0" 301 73103 "-" "Mozilla/5.0 (compatible; MJ12bot/v1.4.8; http://mj12bot.com/)"
5.9.71.213 - - [13/Jun/2021:17:47:50 +0200] "GET /mini-dlices-coffee-mugs-p-24643.html HTTP/1.0" 200 73013 "-" "Mozilla/5.0 (compatible; MJ12bot/v1.4.8; http://mj12bot.com/)"
40.77.167.90 - - [13/Jun/2021:17:47:52 +0200] "GET /-p-17813.html HTTP/1.0" 200 70165 "-" "Mozilla/5.0 (compatible; bingbot/2.0; +http://www.bing.com/bingbot.htm)"
5.9.71.213 - - [13/Jun/2021:17:47:52 +0200] "GET /mini-delices-teacups-with-saucers-p-24644.html HTTP/1.0" 301 70424 "-" "Mozilla/5.0 (compatible; MJ12bot/v1.4.8; http://mj12bot.com/)"
5.9.71.213 - - [13/Jun/2021:17:47:55 +0200] "GET /mini-dlices-teacups-with-saucers-p-24644.html HTTP/1.0" 200 70325 "-" "Mozilla/5.0 (compatible; MJ12bot/v1.4.8; http://mj12bot.com/)"
5.9.71.213 - - [13/Jun/2021:17:47:56 +0200] "GET /mini-dlices-coffee-mugs-p-24643.html HTTP/1.0" 200 73013 "-" "Mozilla/5.0 (compatible; MJ12bot/v1.4.8; http://mj12bot.com/)"
5.9.71.213 - - [13/Jun/2021:17:47:58 +0200] "GET /mini-dlices-teacups-with-saucers-p-24644.html HTTP/1.0" 200 70325 "-" "Mozilla/5.0 (compatible; MJ12bot/v1.4.8; http://mj12bot.com/)"
5.9.71.213 - - [13/Jun/2021:17:48:00 +0200] "GET /mini-dlices-teapot-p-24645.html HTTP/1.0" 200 70285 "-" "Mozilla/5.0 (compatible; MJ12bot/v1.4.8; http://mj12bot.com/)"
185.191.171.21 - - [13/Jun/2021:17:48:01 +0200] "GET /stickers-volkswagen-beetle-blue-wall-decoration-p-35554.html HTTP/1.0" 200 73154 "-" "Mozilla/5.0 (compatible; SemrushBot/7~bl; +http://www.semrush.com/bot.html)"
5.9.71.213 - - [13/Jun/2021:17:48:02 +0200] "GET /model-ecostyllisme-p-35454.html HTTP/1.0" 301 70232 "-" "Mozilla/5.0 (compatible; MJ12bot/v1.4.8; http://mj12bot.com/)"
5.9.71.213 - - [13/Jun/2021:17:48:05 +0200] "GET /-p-35454.html HTTP/1.0" 200 70165 "-" "Mozilla/5.0 (compatible; MJ12bot/v1.4.8; http://mj12bot.com/)"
207.46.13.38 - - [13/Jun/2021:17:48:05 +0200] "GET /stone-golden-healer-grams-p-46604.html HTTP/1.0" 200 74183 "-" "Mozilla/5.0 (compatible; bingbot/2.0; +http://www.bing.com/bingbot.htm)"
5.9.71.213 - - [13/Jun/2021:17:48:06 +0200] "GET /monkey-lamp-p-45417.html HTTP/1.0" 301 70232 "-" "Mozilla/5.0 (compatible; MJ12bot/v1.4.8; http://mj12bot.com/)"
5.9.71.213 - - [13/Jun/2021:17:48:08 +0200] "GET /-p-45417.html HTTP/1.0" 200 70165 "-" "Mozilla/5.0 (compatible; MJ12bot/v1.4.8; http://mj12bot.com/)"
157.55.39.81 - - [13/Jun/2021:17:48:09 +0200] "GET /chouchou-ceramic-solitary-teapot-p-52663.html HTTP/1.0" 200 72858 "-" "Mozilla/5.0 (compatible; bingbot/2.0; +http://www.bing.com/bingbot.htm)"
5.9.71.213 - - [13/Jun/2021:17:48:10 +0200] "GET /monster-high-kids-school-bag-p-26604.html HTTP/1.0" 301 70232 "-" "Mozilla/5.0 (compatible; MJ12bot/v1.4.8; http://mj12bot.com/)"
5.9.71.213 - - [13/Jun/2021:17:48:11 +0200] "GET /-p-26604.html HTTP/1.0" 200 70165 "-" "Mozilla/5.0 (compatible; MJ12bot/v1.4.8; http://mj12bot.com/)"
5.9.71.213 - - [13/Jun/2021:17:48:13 +0200] "GET /olive-ceramic-p-54507.html HTTP/1.0" 200 72742 "-" "Mozilla/5.0 (compatible; MJ12bot/v1.4.8; http://mj12bot.com/)"
5.9.71.213 - - [13/Jun/2021:17:48:15 +0200] "GET /outdoor-buddha-53-cm-p-53043.html HTTP/1.0" 301 73487 "-" "Mozilla/5.0 (compatible; MJ12bot/v1.4.8; http://mj12bot.com/)"
5.9.71.213 - - [13/Jun/2021:17:48:17 +0200] "GET /outdoor-buddha-p-53043.html HTTP/1.0" 200 73406 "-" "Mozilla/5.0 (compatible; MJ12bot/v1.4.8; http://mj12bot.com/)"
5.9.71.213 - - [13/Jun/2021:17:48:18 +0200] "GET /outdoor-buddha-p-53043.html HTTP/1.0" 200 73406 "-" "Mozilla/5.0 (compatible; MJ12bot/v1.4.8; http://mj12bot.com/)"
5.9.71.213 - - [13/Jun/2021:17:48:20 +0200] "GET /panda-cushion-with-removable-cover-40-40-cm-p-45413.html HTTP/1.0" 301 70232 "-" "Mozilla/5.0 (compatible; MJ12bot/v1.4.8; http://mj12bot.com/)"
5.9.71.213 - - [13/Jun/2021:17:48:22 +0200] "GET /-p-45413.html HTTP/1.0" 200 70165 "-" "Mozilla/5.0 (compatible; MJ12bot/v1.4.8; http://mj12bot.com/)"
54.36.148.108 - - [13/Jun/2021:17:48:28 +0200] "GET /hannah-montana-postman-p-1485.html HTTP/1.0" 200 73223 "-" "Mozilla/5.0 (compatible; AhrefsBot/7.0; +http://ahrefs.com/robot/)"
157.55.39.122 - - [13/Jun/2021:17:48:37 +0200] "GET /tinkerbell-glitter-small-satchel-p-19687.html HTTP/1.0" 200 70283 "-" "Mozilla/5.0 (compatible; bingbot/2.0; +http://www.bing.com/bingbot.htm)"
185.191.171.38 - - [13/Jun/2021:17:48:40 +0200] "GET /bamboo-fiber-plant-cover-p-54407.html?action=add_product HTTP/1.0" 302 476 "-" "Mozilla/5.0 (compatible; SemrushBot/7~bl; +http://www.semrush.com/bot.html)"
54.36.148.30 - - [13/Jun/2021:17:48:40 +0200] "GET /hello-kitty-set-of-pen-p-20161.html HTTP/1.0" 301 77336 "-" "Mozilla/5.0 (compatible; AhrefsBot/7.0; +http://ahrefs.com/robot/)"
185.191.171.38 - - [13/Jun/2021:17:48:53 +0200] "GET /large-eco-responsible-rosewood-and-vanilla-candle-heart-and-home-p-52799.html HTTP/1.0" 301 74343 "-" "Mozilla/5.0 (compatible; SemrushBot/7~bl; +http://www.semrush.com/bot.html)"
185.191.171.38 - - [13/Jun/2021:17:48:55 +0200] "GET /large-responsible-rosewood-vanilla-candle-heart-home-p-52799.html HTTP/1.0" 200 74224 "-" "Mozilla/5.0 (compatible; SemrushBot/7~bl; +http://www.semrush.com/bot.html)"
207.46.13.38 - - [13/Jun/2021:17:49:14 +0200] "GET /-p-13205.html HTTP/1.0" 200 70165 "-" "Mozilla/5.0 (compatible; bingbot/2.0; +http://www.bing.com/bingbot.htm)"
40.77.167.106 - - [13/Jun/2021:17:49:21 +0200] "GET /dora-the-explorer-ceiling-light-p-18707.html HTTP/1.0" 301 73204 "-" "Mozilla/5.0 (compatible; bingbot/2.0; +http://www.bing.com/bingbot.htm)"
40.77.167.2 - - [13/Jun/2021:17:49:31 +0200] "GET /freshener-heart-home-magnolia-blossom-p-40607.html HTTP/1.0" 200 70293 "-" "Mozilla/5.0 (compatible; bingbot/2.0; +http://www.bing.com/bingbot.htm)"
40.77.167.2 - - [13/Jun/2021:17:49:55 +0200] "GET /smokers-items-c-3_112.html HTTP/1.0" 200 91685 "-" "Mozilla/5.0 (compatible; bingbot/2.0; +http://www.bing.com/bingbot.htm)"
207.46.13.38 - - [13/Jun/2021:17:49:59 +0200] "GET /paper-currency-cbkreation-p-26474.html HTTP/1.0" 200 72861 "-" "Mozilla/5.0 (compatible; bingbot/2.0; +http://www.bing.com/bingbot.htm)"
157.55.39.122 - - [13/Jun/2021:17:50:01 +0200] "GET /cushion-chambord-40-cm-p-39142.html HTTP/1.0" 301 70232 "-" "Mozilla/5.0 (compatible; bingbot/2.0; +http://www.bing.com/bingbot.htm)"
185.191.171.12 - - [13/Jun/2021:17:50:10 +0200] "GET /wooden-tree-decorations-hang-p-49640.html?action=add_product HTTP/1.0" 302 476 "-" "Mozilla/5.0 (compatible; SemrushBot/7~bl; +http://www.semrush.com/bot.html)"
66.249.70.42 - - [13/Jun/2021:17:50:12 +0200] "GET /best-breakfast-cutting-board-23-14-cm-p-40645.html HTTP/1.0" 301 73008 "-" "Mozilla/5.0 (Linux; Android 6.0.1; Nexus 5X Build/MMB29P) AppleWebKit/537.36 (KHTML, like Gecko) Chrome/91.0.4472.90 Mobile Safari/537.36 (compatible; Googlebot/2.1; +http://www.google.com/bot.html)"
66.249.70.42 - - [13/Jun/2021:17:50:12 +0200] "GET /best-breakfast-cutting-board-p-40645.html HTTP/1.0" 200 72913 "-" "Mozilla/5.0 (Linux; Android 6.0.1; Nexus 5X Build/MMB29P) AppleWebKit/537.36 (KHTML, like Gecko) Chrome/91.0.4472.90 Mobile Safari/537.36 (compatible; Googlebot/2.1; +http://www.google.com/bot.html)"
40.77.167.2 - - [13/Jun/2021:17:50:21 +0200] "GET /images/5610401603967.jpg HTTP/1.0" 200 259 "-" "Mozilla/5.0 (compatible; bingbot/2.0; +http://www.bing.com/bingbot.htm)"
40.77.167.90 - - [13/Jun/2021:17:50:22 +0200] "GET /-p-21586.html HTTP/1.0" 200 70165 "-" "Mozilla/5.0 (compatible; bingbot/2.0; +http://www.bing.com/bingbot.htm)"
54.36.149.101 - - [13/Jun/2021:17:50:29 +0200] "GET /little-prince-soap-p-52467.html HTTP/1.0" 200 73107 "-" "Mozilla/5.0 (compatible; AhrefsBot/7.0; +http://ahrefs.com/robot/)"
40.77.167.106 - - [13/Jun/2021:17:50:30 +0200] "GET /fawn-cushion-p-36901.html HTTP/1.0" 301 70232 "-" "Mozilla/5.0 (compatible; bingbot/2.0; +http://www.bing.com/bingbot.htm)"
66.249.70.40 - - [13/Jun/2021:17:50:38 +0200] "GET /images/big_prod/3453131132466.jpg HTTP/1.0" 200 268 "-" "Googlebot-Image/1.0"
157.55.39.122 - - [13/Jun/2021:17:50:47 +0200] "GET /-p-7291.html HTTP/1.0" 200 70163 "-" "Mozilla/5.0 (compatible; bingbot/2.0; +http://www.bing.com/bingbot.htm)"
157.55.39.122 - - [13/Jun/2021:17:50:49 +0200] "GET /klimt-le-baiser-shoulder-hook-bag-made-in-france-p-47416.html HTTP/1.0" 301 73956 "-" "Mozilla/5.0 (compatible; bingbot/2.0; +http://www.bing.com/bingbot.htm)"
157.55.39.152 - - [13/Jun/2021:17:50:51 +0200] "GET /little-buddha-glasses-case-p-53306.html HTTP/1.0" 200 72899 "-" "Mozilla/5.0 (compatible; bingbot/2.0; +http://www.bing.com/bingbot.htm)"
40.88.21.235 - - [13/Jun/2021:17:51:12 +0200] "GET / HTTP/1.0" 200 149768 "http://www.wonder-geek.com/" "Mozilla/5.0 (compatible; DuckDuckGo-Favicons-Bot/1.0; +http://duckduckgo.com)"
40.88.21.235 - - [13/Jun/2021:17:51:13 +0200] "GET /favicon.ico HTTP/1.0" 200 260 "http://www.wonder-geek.com/favicon.ico" "Mozilla/5.0 (compatible; DuckDuckGo-Favicons-Bot/1.0; +http://duckduckgo.com)"
106.38.241.175 - - [13/Jun/2021:17:51:17 +0200] "GET / HTTP/1.0" 200 149770 "-" "Sogou web spider/4.0(+http://www.sogou.com/docs/help/webmasters.htm#07)"
66.249.70.42 - - [13/Jun/2021:17:51:41 +0200] "GET /swfobject.js HTTP/1.0" 404 1308 "http://www.wonder-geek.com/best-breakfast-cutting-board-p-40645.html" "Mozilla/5.0 (Linux; Android 6.0.1; Nexus 5X Build/MMB29P) AppleWebKit/537.36 (KHTML, like Gecko) Chrome/90.0.4430.97 Mobile Safari/537.36 (compatible; Googlebot/2.1; +http://www.google.com/bot.html)"
40.77.167.106 - - [13/Jun/2021:17:51:41 +0200] "GET /buddhist-bracelet-wooden-beads-black-p-37664.html HTTP/1.0" 200 72849 "-" "Mozilla/5.0 (compatible; bingbot/2.0; +http://www.bing.com/bingbot.htm)"
66.249.70.42 - - [13/Jun/2021:17:51:41 +0200] "GET /swfobject.js HTTP/1.0" 404 1308 "http://www.wonder-geek.com/best-breakfast-cutting-board-p-40645.html" "Mozilla/5.0 (Linux; Android 6.0.1; Nexus 5X Build/MMB29P) AppleWebKit/537.36 (KHTML, like Gecko) Chrome/90.0.4430.97 Mobile Safari/537.36 (compatible; Googlebot/2.1; +http://www.google.com/bot.html)"
147.92.153.4 - - [13/Jun/2021:17:51:43 +0200] "GET /bedside-lamp-gray-p-55248.html HTTP/1.0" 200 73847 "-" "Mozilla/5.0 (compatible; Linespider/1.1; +https://lin.ee/4dwXkTH)"
185.191.171.8 - - [13/Jun/2021:17:51:47 +0200] "GET /large-candle-hours-sweet-black-cherries-p-53882.html HTTP/1.0" 200 74159 "-" "Mozilla/5.0 (compatible; SemrushBot/7~bl; +http://www.semrush.com/bot.html)"
185.191.171.44 - - [13/Jun/2021:17:52:14 +0200] "GET /purse-and-wallet-c-31_76.html?page=8 HTTP/1.0" 301 86301 "-" "Mozilla/5.0 (compatible; SemrushBot/7~bl; +http://www.semrush.com/bot.html)"
185.191.171.40 - - [13/Jun/2021:17:52:16 +0200] "GET /purse-wallet-c-76.html?page=8 HTTP/1.0" 301 86146 "-" "Mozilla/5.0 (compatible; SemrushBot/7~bl; +http://www.semrush.com/bot.html)"
185.191.171.13 - - [13/Jun/2021:17:52:18 +0200] "GET /purse-wallet-c-31_76.html?page=8 HTTP/1.0" 200 86218 "-" "Mozilla/5.0 (compatible; SemrushBot/7~bl; +http://www.semrush.com/bot.html)"
185.191.171.21 - - [13/Jun/2021:17:52:21 +0200] "GET /california-custom-glass-clock-p-55076.html HTTP/1.0" 200 72984 "-" "Mozilla/5.0 (compatible; SemrushBot/7~bl; +http://www.semrush.com/bot.html)"
157.55.39.152 - - [13/Jun/2021:17:52:31 +0200] "GET /-p-10456.html HTTP/1.0" 200 70165 "-" "Mozilla/5.0 (compatible; bingbot/2.0; +http://www.bing.com/bingbot.htm)"
54.36.148.86 - - [13/Jun/2021:17:52:34 +0200] "GET /tweety-boat-money-p-34082.html HTTP/1.0" 200 72857 "-" "Mozilla/5.0 (compatible; AhrefsBot/7.0; +http://ahrefs.com/robot/)"
66.249.70.38 - - [13/Jun/2021:17:52:54 +0200] "GET /trivet-and-boards-cut-c-12_158.html?page=7 HTTP/1.0" 301 93934 "-" "Mozilla/5.0 (Linux; Android 6.0.1; Nexus 5X Build/MMB29P) AppleWebKit/537.36 (KHTML, like Gecko) Chrome/91.0.4472.90 Mobile Safari/537.36 (compatible; Googlebot/2.1; +http://www.google.com/bot.html)"
66.249.70.42 - - [13/Jun/2021:17:52:55 +0200] "GET /trivet-boards-c-158.html?page=7 HTTP/1.0" 301 93833 "-" "Mozilla/5.0 (Linux; Android 6.0.1; Nexus 5X Build/MMB29P) AppleWebKit/537.36 (KHTML, like Gecko) Chrome/91.0.4472.90 Mobile Safari/537.36 (compatible; Googlebot/2.1; +http://www.google.com/bot.html)"
157.55.39.44 - - [13/Jun/2021:17:52:56 +0200] "GET /-p-17200.html HTTP/1.0" 200 70165 "-" "Mozilla/5.0 (compatible; bingbot/2.0; +http://www.bing.com/bingbot.htm)"
66.249.70.40 - - [13/Jun/2021:17:52:56 +0200] "GET /trivet-boards-c-12_158.html?page=7 HTTP/1.0" 200 93849 "-" "Mozilla/5.0 (Linux; Android 6.0.1; Nexus 5X Build/MMB29P) AppleWebKit/537.36 (KHTML, like Gecko) Chrome/91.0.4472.90 Mobile Safari/537.36 (compatible; Googlebot/2.1; +http://www.google.com/bot.html)"
178.133.60.97 - - [13/Jun/2021:17:52:58 +0200] "GET /incense-satya-musk-grams-about-sticks-p-53925.html HTTP/1.0" 200 73217 "https://www.google.com/" "Mozilla/5.0 (Linux; Android 11; M2101K6G) AppleWebKit/537.36 (KHTML, like Gecko) Chrome/91.0.4472.101 Mobile Safari/537.36"
178.133.60.97 - - [13/Jun/2021:17:52:59 +0200] "GET /swfobject.js HTTP/1.0" 404 1308 "http://www.wonder-geek.com/incense-satya-musk-grams-about-sticks-p-53925.html" "Mozilla/5.0 (Linux; Android 11; M2101K6G) AppleWebKit/537.36 (KHTML, like Gecko) Chrome/91.0.4472.101 Mobile Safari/537.36"
157.55.39.44 - - [13/Jun/2021:17:53:16 +0200] "GET /wwe-batista-pencil-pot-p-13877.html HTTP/1.0" 301 72962 "-" "Mozilla/5.0 (compatible; bingbot/2.0; +http://www.bing.com/bingbot.htm)"
185.191.171.26 - - [13/Jun/2021:17:53:26 +0200] "GET /surf-amazing-wooden-wall-decoration-hang-p-41392.html HTTP/1.0" 200 73059 "-" "Mozilla/5.0 (compatible; SemrushBot/7~bl; +http://www.semrush.com/bot.html)"
157.55.39.128 - - [13/Jun/2021:17:53:29 +0200] "GET /the-doors-metal-keyring-p-23083.html HTTP/1.0" 301 72867 "-" "Mozilla/5.0 (compatible; bingbot/2.0; +http://www.bing.com/bingbot.htm)"
207.46.13.38 - - [13/Jun/2021:17:53:34 +0200] "GET /cupcake-paris-charm-ball-p-54938.html HTTP/1.0" 200 73687 "-" "Mozilla/5.0 (compatible; bingbot/2.0; +http://www.bing.com/bingbot.htm)"
157.55.39.81 - - [13/Jun/2021:17:53:50 +0200] "GET /betty-boop-card-holder-p-31821.html HTTP/1.0" 200 70266 "-" "Mozilla/5.0 (compatible; bingbot/2.0; +http://www.bing.com/bingbot.htm)"
40.77.167.90 - - [13/Jun/2021:17:53:54 +0200] "GET /images/big_prod/3665269014396.jpg HTTP/1.0" 200 268 "-" "Mozilla/5.0 (compatible; bingbot/2.0; +http://www.bing.com/bingbot.htm)"
185.191.171.11 - - [13/Jun/2021:17:54:15 +0200] "GET /atlantic-surf-spot-small-ashtray-p-39665.html HTTP/1.0" 200 72872 "-" "Mozilla/5.0 (compatible; SemrushBot/7~bl; +http://www.semrush.com/bot.html)"
207.46.13.38 - - [13/Jun/2021:17:54:17 +0200] "GET /js/jquery.js HTTP/1.0" 200 252 "-" "Mozilla/5.0 (compatible; bingbot/2.0; +http://www.bing.com/bingbot.htm)"
157.55.39.44 - - [13/Jun/2021:17:54:19 +0200] "GET /-p-19545.html HTTP/1.0" 200 70165 "-" "Mozilla/5.0 (compatible; bingbot/2.0; +http://www.bing.com/bingbot.htm)"
157.55.39.128 - - [13/Jun/2021:17:54:29 +0200] "GET /-p-15669.html HTTP/1.0" 200 70165 "-" "Mozilla/5.0 (compatible; bingbot/2.0; +http://www.bing.com/bingbot.htm)"
157.55.39.152 - - [13/Jun/2021:17:54:33 +0200] "GET /catches-dreams-diameter-of-cm-p-44676.html HTTP/1.0" 301 73014 "-" "Mozilla/5.0 (compatible; bingbot/2.0; +http://www.bing.com/bingbot.htm)"
40.77.167.70 - - [13/Jun/2021:17:54:52 +0200] "GET /-p-24843.html HTTP/1.0" 200 70165 "-" "Mozilla/5.0 (compatible; bingbot/2.0; +http://www.bing.com/bingbot.htm)"
54.36.148.225 - - [13/Jun/2021:17:54:55 +0200] "GET /coat-rack-wooden-supports-p-46728.html HTTP/1.0" 200 72871 "-" "Mozilla/5.0 (compatible; AhrefsBot/7.0; +http://ahrefs.com/robot/)"
40.77.167.90 - - [13/Jun/2021:17:54:56 +0200] "GET /-p-4800.html HTTP/1.0" 200 70163 "-" "Mozilla/5.0 (compatible; bingbot/2.0; +http://www.bing.com/bingbot.htm)"
40.77.167.106 - - [13/Jun/2021:17:55:02 +0200] "GET /home-where-bowl-p-36408.html HTTP/1.0" 200 72904 "-" "Mozilla/5.0 (compatible; bingbot/2.0; +http://www.bing.com/bingbot.htm)"
157.55.39.81 - - [13/Jun/2021:17:55:10 +0200] "GET /yuco-quilted-glove-and-potholder-curry-p-48214.html HTTP/1.0" 301 74016 "-" "Mozilla/5.0 (compatible; bingbot/2.0; +http://www.bing.com/bingbot.htm)"
157.55.39.152 - - [13/Jun/2021:17:55:32 +0200] "GET /barbamama-birth-barbabib-p-16320.html HTTP/1.0" 200 73043 "-" "Mozilla/5.0 (compatible; bingbot/2.0; +http://www.bing.com/bingbot.htm)"
66.249.70.40 - - [13/Jun/2021:17:55:33 +0200] "GET /trivet-and-boards-cut-c-12_158.html?page=6 HTTP/1.0" 301 94206 "-" "Mozilla/5.0 (Linux; Android 6.0.1; Nexus 5X Build/MMB29P) AppleWebKit/537.36 (KHTML, like Gecko) Chrome/91.0.4472.90 Mobile Safari/537.36 (compatible; Googlebot/2.1; +http://www.google.com/bot.html)"
66.249.70.40 - - [13/Jun/2021:17:55:34 +0200] "GET /trivet-boards-c-158.html?page=6 HTTP/1.0" 301 94105 "-" "Mozilla/5.0 (Linux; Android 6.0.1; Nexus 5X Build/MMB29P) AppleWebKit/537.36 (KHTML, like Gecko) Chrome/91.0.4472.90 Mobile Safari/537.36 (compatible; Googlebot/2.1; +http://www.google.com/bot.html)"
66.249.70.42 - - [13/Jun/2021:17:55:35 +0200] "GET /trivet-boards-c-12_158.html?page=6 HTTP/1.0" 200 94121 "-" "Mozilla/5.0 (Linux; Android 6.0.1; Nexus 5X Build/MMB29P) AppleWebKit/537.36 (KHTML, like Gecko) Chrome/91.0.4472.90 Mobile Safari/537.36 (compatible; Googlebot/2.1; +http://www.google.com/bot.html)"
157.55.39.128 - - [13/Jun/2021:17:55:57 +0200] "GET /images/8006281601136.jpg HTTP/1.0" 200 259 "-" "Mozilla/5.0 (compatible; bingbot/2.0; +http://www.bing.com/bingbot.htm)"
40.77.167.90 - - [13/Jun/2021:17:55:58 +0200] "GET /candy-cloud-notepad-dasha-p-49838.html HTTP/1.0" 200 72851 "-" "Mozilla/5.0 (compatible; bingbot/2.0; +http://www.bing.com/bingbot.htm)"
40.77.167.90 - - [13/Jun/2021:17:56:00 +0200] "GET /black-fancy-elastic-bracelet-p-43729.html HTTP/1.0" 200 72805 "-" "Mozilla/5.0 (compatible; bingbot/2.0; +http://www.bing.com/bingbot.htm)"
207.46.13.38 - - [13/Jun/2021:17:56:04 +0200] "GET /jake-never-land-pirates-money-p-32144.html HTTP/1.0" 200 73069 "-" "Mozilla/5.0 (compatible; bingbot/2.0; +http://www.bing.com/bingbot.htm)"
207.46.13.38 - - [13/Jun/2021:17:56:12 +0200] "GET /-m-20.html HTTP/1.0" 200 89493 "-" "Mozilla/5.0 (compatible; bingbot/2.0; +http://www.bing.com/bingbot.htm)"
207.46.13.38 - - [13/Jun/2021:17:56:13 +0200] "GET /renault-gordini-collection-metal-plate-deco-p-37168.html HTTP/1.0" 200 70371 "-" "Mozilla/5.0 (compatible; bingbot/2.0; +http://www.bing.com/bingbot.htm)"
157.55.39.81 - - [13/Jun/2021:17:56:48 +0200] "GET /images/med_prod/1399984220375NN.jpg HTTP/1.0" 200 270 "-" "Mozilla/5.0 (compatible; bingbot/2.0; +http://www.bing.com/bingbot.htm)"
40.77.167.90 - - [13/Jun/2021:17:56:53 +0200] "GET /beyblade-beach-towel-p-14851.html HTTP/1.0" 301 70232 "-" "Mozilla/5.0 (compatible; bingbot/2.0; +http://www.bing.com/bingbot.htm)"
54.36.148.86 - - [13/Jun/2021:17:57:08 +0200] "GET /kimmi-junior-best-friend-necklaces-p-8756.html HTTP/1.0" 200 72914 "-" "Mozilla/5.0 (compatible; AhrefsBot/7.0; +http://ahrefs.com/robot/)"
207.46.13.38 - - [13/Jun/2021:17:57:11 +0200] "GET /-p-14557.html HTTP/1.0" 200 70165 "-" "Mozilla/5.0 (compatible; bingbot/2.0; +http://www.bing.com/bingbot.htm)"
207.46.13.38 - - [13/Jun/2021:17:57:13 +0200] "GET /zen-canvas-frame-p-38319.html HTTP/1.0" 301 72881 "-" "Mozilla/5.0 (compatible; bingbot/2.0; +http://www.bing.com/bingbot.htm)"
157.55.39.44 - - [13/Jun/2021:17:57:17 +0200] "GET /corsica-white-p-43558.html HTTP/1.0" 200 72748 "-" "Mozilla/5.0 (compatible; bingbot/2.0; +http://www.bing.com/bingbot.htm)"
157.55.39.128 - - [13/Jun/2021:17:57:21 +0200] "GET /stars-teapot-p-55245.html HTTP/1.0" 200 73592 "-" "Mozilla/5.0 (compatible; bingbot/2.0; +http://www.bing.com/bingbot.htm)"
40.77.167.106 - - [13/Jun/2021:17:57:21 +0200] "GET /beyblade-blue-swimsuit-p-30447.html HTTP/1.0" 200 74543 "-" "Mozilla/5.0 (compatible; bingbot/2.0; +http://www.bing.com/bingbot.htm)"
66.249.70.38 - - [13/Jun/2021:17:57:23 +0200] "GET /tweety-surf-money-box-p-34080.html HTTP/1.0" 301 72921 "-" "Mozilla/5.0 (compatible; Googlebot/2.1; +http://www.google.com/bot.html)"
66.249.70.40 - - [13/Jun/2021:17:57:24 +0200] "GET /tweety-surf-money-p-34080.html HTTP/1.0" 200 72837 "-" "Mozilla/5.0 (compatible; Googlebot/2.1; +http://www.google.com/bot.html)"
207.46.13.38 - - [13/Jun/2021:17:57:29 +0200] "GET /swfobject.js HTTP/1.0" 404 1308 "-" "Mozilla/5.0 (compatible; bingbot/2.0; +http://www.bing.com/bingbot.htm)"
40.77.167.106 - - [13/Jun/2021:17:57:33 +0200] "GET /-p-27176.html HTTP/1.0" 200 70165 "-" "Mozilla/5.0 (compatible; bingbot/2.0; +http://www.bing.com/bingbot.htm)"
157.55.39.122 - - [13/Jun/2021:17:57:49 +0200] "GET /-p-4701.html HTTP/1.0" 200 70163 "-" "Mozilla/5.0 (compatible; bingbot/2.0; +http://www.bing.com/bingbot.htm)"
185.191.171.26 - - [13/Jun/2021:17:57:49 +0200] "GET /laissez-lucie-faire-make-wapi-p-49004.html HTTP/1.0" 200 73937 "-" "Mozilla/5.0 (compatible; SemrushBot/7~bl; +http://www.semrush.com/bot.html)"
157.55.39.128 - - [13/Jun/2021:17:57:49 +0200] "GET /door-plate-for-the-bedroom-p-52416.html HTTP/1.0" 301 72916 "-" "Mozilla/5.0 (compatible; bingbot/2.0; +http://www.bing.com/bingbot.htm)"
207.46.13.38 - - [13/Jun/2021:17:57:53 +0200] "GET /puebla-bedclothes-p-54967.html HTTP/1.0" 200 73475 "-" "Mozilla/5.0 (compatible; bingbot/2.0; +http://www.bing.com/bingbot.htm)"
207.46.13.38 - - [13/Jun/2021:17:57:55 +0200] "GET /swfobject.js HTTP/1.0" 404 1308 "-" "Mozilla/5.0 (compatible; bingbot/2.0; +http://www.bing.com/bingbot.htm)"
51.68.224.127 - - [13/Jun/2021:17:57:58 +0200] "GET /adminweb/export_orders_xml.php?token=256de2z6edz6ed2z6DFSFsed2zed6zeDSFDSGdzedezfzf&maxorders=10&orderstart=1&status=14&start_date=2018-10-01 HTTP/1.0" 200 285 "-" "GesCom CharlotteBoutik Serveur"
51.68.224.127 - - [13/Jun/2021:17:57:58 +0200] "GET /adminweb/export_orders_xml.php?token=256de2z6edz6ed2z6DFSFsed2zed6zeDSFDSGdzedezfzf&maxorders=10&orderstart=1&status=6&start_date=2018-10-01 HTTP/1.0" 200 30039 "-" "GesCom CharlotteBoutik Serveur"
157.55.39.44 - - [13/Jun/2021:17:57:58 +0200] "GET /white-natural-mini-wooden-p-55036.html HTTP/1.0" 200 73696 "-" "Mozilla/5.0 (compatible; bingbot/2.0; +http://www.bing.com/bingbot.htm)"
40.77.167.106 - - [13/Jun/2021:17:58:14 +0200] "GET /isothermic-stainless-steel-bottle-aquarius-by-cbkreation-p-51036.html HTTP/1.0" 301 73207 "-" "Mozilla/5.0 (compatible; bingbot/2.0; +http://www.bing.com/bingbot.htm)"
157.55.39.81 - - [13/Jun/2021:17:58:19 +0200] "GET /iron-man-apron-p-29522.html HTTP/1.0" 301 70295 "-" "Mozilla/5.0 (compatible; bingbot/2.0; +http://www.bing.com/bingbot.htm)"
190.115.174.180 - - [13/Jun/2021:17:58:27 +0200] "GET /images/big_prod/3612875122243.jpg HTTP/1.0" 200 268 "-" "AndroidDownloadManager/7.0 (Linux; U; Android 7.0; HTC 10 evo Build/NRD90M)"
207.46.13.38 - - [13/Jun/2021:17:58:42 +0200] "GET /vespa-blue-card-holder-p-15578.html HTTP/1.0" 200 72912 "-" "Mozilla/5.0 (compatible; bingbot/2.0; +http://www.bing.com/bingbot.htm)"
207.46.13.38 - - [13/Jun/2021:17:58:44 +0200] "GET /monkey-statue-resin-p-47520.html HTTP/1.0" 200 72828 "-" "Mozilla/5.0 (compatible; bingbot/2.0; +http://www.bing.com/bingbot.htm)"
207.46.13.38 - - [13/Jun/2021:17:58:46 +0200] "GET /-p-17631.html HTTP/1.0" 200 70165 "-" "Mozilla/5.0 (compatible; bingbot/2.0; +http://www.bing.com/bingbot.htm)"
74.125.210.52 - - [13/Jun/2021:17:58:48 +0200] "GET /images/big_prod/3612875122243.jpg HTTP/1.0" 200 268 "-" "Mozilla/5.0 (Windows NT 5.1; rv:11.0) Gecko Firefox/11.0 (via ggpht.com GoogleImageProxy)"
157.55.39.122 - - [13/Jun/2021:17:58:49 +0200] "GET /tree-of-life-side-tables-p-53060.html HTTP/1.0" 301 72982 "-" "Mozilla/5.0 (compatible; bingbot/2.0; +http://www.bing.com/bingbot.htm)"
185.191.171.9 - - [13/Jun/2021:17:59:02 +0200] "GET /cast-iron-trivet-17-cm-p-49196.html HTTP/1.0" 301 72865 "-" "Mozilla/5.0 (compatible; SemrushBot/7~bl; +http://www.semrush.com/bot.html)"
185.191.171.1 - - [13/Jun/2021:17:59:04 +0200] "GET /cast-iron-trivet-p-49196.html HTTP/1.0" 200 72782 "-" "Mozilla/5.0 (compatible; SemrushBot/7~bl; +http://www.semrush.com/bot.html)"
54.36.148.86 - - [13/Jun/2021:17:59:07 +0200] "GET /retro-frame-bluish-chamonix-p-50793.html HTTP/1.0" 200 72875 "-" "Mozilla/5.0 (compatible; AhrefsBot/7.0; +http://ahrefs.com/robot/)"
157.55.39.122 - - [13/Jun/2021:17:59:08 +0200] "GET /-p-14523.html HTTP/1.0" 200 70165 "-" "Mozilla/5.0 (compatible; bingbot/2.0; +http://www.bing.com/bingbot.htm)"
157.55.39.81 - - [13/Jun/2021:17:59:29 +0200] "GET /images/8003990623916.jpg HTTP/1.0" 200 259 "-" "Mozilla/5.0 (compatible; bingbot/2.0; +http://www.bing.com/bingbot.htm)"
185.191.171.2 - - [13/Jun/2021:17:59:32 +0200] "GET /horse-pencil-cbkreation-p-29798.html HTTP/1.0" 200 72830 "-" "Mozilla/5.0 (compatible; SemrushBot/7~bl; +http://www.semrush.com/bot.html)"
66.249.70.38 - - [13/Jun/2021:17:59:40 +0200] "GET /genie-from-aladdin-disney-traditions-p-47004.html HTTP/1.0" 200 73900 "-" "Mozilla/5.0 (compatible; Googlebot/2.1; +http://www.google.com/bot.html)"
54.36.149.7 - - [13/Jun/2021:17:59:48 +0200] "GET /chair-cushion-velcro-powder-and-gray-38-cm-p-43505.html HTTP/1.0" 301 73053 "-" "Mozilla/5.0 (compatible; AhrefsBot/7.0; +http://ahrefs.com/robot/)"
157.55.39.128 - - [13/Jun/2021:17:59:49 +0200] "GET /minions-yellow-bananas-clock-p-31918.html HTTP/1.0" 200 72868 "-" "Mozilla/5.0 (compatible; bingbot/2.0; +http://www.bing.com/bingbot.htm)"
40.77.167.106 - - [13/Jun/2021:17:59:53 +0200] "GET /porcelain-with-infuser-p-48050.html HTTP/1.0" 200 72827 "-" "Mozilla/5.0 (compatible; bingbot/2.0; +http://www.bing.com/bingbot.htm)"
207.46.13.38 - - [13/Jun/2021:18:00:01 +0200] "GET /images/big_prod/3503420174117.jpg HTTP/1.0" 200 268 "-" "Mozilla/5.0 (compatible; bingbot/2.0; +http://www.bing.com/bingbot.htm)"
157.55.39.122 - - [13/Jun/2021:18:00:18 +0200] "GET /small-white-cushion-with-personalized-picture-p-16257.html HTTP/1.0" 200 73456 "-" "Mozilla/5.0 (compatible; bingbot/2.0; +http://www.bing.com/bingbot.htm)"
149.154.161.1 - - [13/Jun/2021:18:01:01 +0200] "GET /images/big_prod_3/d028399219216.jpg HTTP/1.0" 200 270 "-" "TelegramBot (like TwitterBot)"
185.191.171.42 - - [13/Jun/2021:18:00:52 +0200] "GET /russian-doll-liberty-metal-keychain-cbkreation-p-23488.html HTTP/1.0" 200 74509 "-" "Mozilla/5.0 (compatible; SemrushBot/7~bl; +http://www.semrush.com/bot.html)"
54.36.148.86 - - [13/Jun/2021:18:01:10 +0200] "GET /tweety-coat-rack-p-6987.html HTTP/1.0" 200 72902 "-" "Mozilla/5.0 (compatible; AhrefsBot/7.0; +http://ahrefs.com/robot/)"
157.55.39.128 - - [13/Jun/2021:18:01:29 +0200] "GET /-p-34583.html HTTP/1.0" 200 70165 "-" "Mozilla/5.0 (compatible; bingbot/2.0; +http://www.bing.com/bingbot.htm)"
185.191.171.19 - - [13/Jun/2021:18:01:37 +0200] "GET /cotton-floor-cushion-blue-45-cm-p-43509.html HTTP/1.0" 301 73547 "-" "Mozilla/5.0 (compatible; SemrushBot/7~bl; +http://www.semrush.com/bot.html)"
185.191.171.34 - - [13/Jun/2021:18:01:47 +0200] "GET /cotton-floor-cushion-blue-p-43509.html HTTP/1.0" 200 73455 "-" "Mozilla/5.0 (compatible; SemrushBot/7~bl; +http://www.semrush.com/bot.html)"
207.46.13.38 - - [13/Jun/2021:18:01:56 +0200] "GET /-p-14711.html HTTP/1.0" 200 70165 "-" "Mozilla/5.0 (compatible; bingbot/2.0; +http://www.bing.com/bingbot.htm)"
157.55.39.152 - - [13/Jun/2021:18:01:56 +0200] "GET /simpsons-tray-p-27368.html HTTP/1.0" 200 72767 "-" "Mozilla/5.0 (compatible; bingbot/2.0; +http://www.bing.com/bingbot.htm)"
40.77.167.106 - - [13/Jun/2021:18:01:56 +0200] "GET /rocker-salt-and-pepper-p-29973.html HTTP/1.0" 301 72870 "-" "Mozilla/5.0 (compatible; bingbot/2.0; +http://www.bing.com/bingbot.htm)"
185.191.171.11 - - [13/Jun/2021:18:01:59 +0200] "GET /cyclope-figure-p-23427.html HTTP/1.0" 200 70211 "-" "Mozilla/5.0 (compatible; SemrushBot/7~bl; +http://www.semrush.com/bot.html)"
157.55.39.122 - - [13/Jun/2021:18:02:19 +0200] "GET /-p-35007.html HTTP/1.0" 200 70165 "-" "Mozilla/5.0 (compatible; bingbot/2.0; +http://www.bing.com/bingbot.htm)"
147.92.153.1 - - [13/Jun/2021:18:02:23 +0200] "GET /indoor-fountains-c-13_272.html HTTP/1.0" 200 83123 "-" "Mozilla/5.0 (compatible; Linespider/1.1; +https://lin.ee/4dwXkTH)"
40.77.167.90 - - [13/Jun/2021:18:02:25 +0200] "GET /-p-20180.html HTTP/1.0" 200 70165 "-" "Mozilla/5.0 (compatible; bingbot/2.0; +http://www.bing.com/bingbot.htm)"
40.77.167.90 - - [13/Jun/2021:18:02:27 +0200] "GET /green-polyester-round-chair-cushion-p-54638.html HTTP/1.0" 200 73541 "-" "Mozilla/5.0 (compatible; bingbot/2.0; +http://www.bing.com/bingbot.htm)"
40.77.167.90 - - [13/Jun/2021:18:02:28 +0200] "GET /digipenguin-p-30674.html HTTP/1.0" 200 70199 "-" "Mozilla/5.0 (compatible; bingbot/2.0; +http://www.bing.com/bingbot.htm)"
40.77.167.90 - - [13/Jun/2021:18:02:29 +0200] "GET /unicorn-nightlight-p-53119.html HTTP/1.0" 200 73974 "-" "Mozilla/5.0 (compatible; bingbot/2.0; +http://www.bing.com/bingbot.htm)"
157.55.39.122 - - [13/Jun/2021:18:02:30 +0200] "GET /white-earth-table-lamp-p-55272.html HTTP/1.0" 200 73327 "-" "Mozilla/5.0 (compatible; bingbot/2.0; +http://www.bing.com/bingbot.htm)"
40.77.167.70 - - [13/Jun/2021:18:02:37 +0200] "GET /-p-17914.html HTTP/1.0" 200 70165 "-" "Mozilla/5.0 (compatible; bingbot/2.0; +http://www.bing.com/bingbot.htm)"
157.55.39.152 - - [13/Jun/2021:18:02:43 +0200] "GET /monster-doll-cushion-personalized-picture-p-16681.html HTTP/1.0" 200 73416 "-" "Mozilla/5.0 (compatible; bingbot/2.0; +http://www.bing.com/bingbot.htm)"
207.46.13.38 - - [13/Jun/2021:18:02:50 +0200] "GET /swfobject.js HTTP/1.0" 404 1308 "-" "Mozilla/5.0 (compatible; bingbot/2.0; +http://www.bing.com/bingbot.htm)"
185.191.171.11 - - [13/Jun/2021:18:02:51 +0200] "GET /light-turquoise-fitted-sheet-p-39049.html?action=add_product HTTP/1.0" 302 476 "-" "Mozilla/5.0 (compatible; SemrushBot/7~bl; +http://www.semrush.com/bot.html)"
54.36.148.96 - - [13/Jun/2021:18:03:28 +0200] "GET /league-justice-pencil-case-p-41080.html HTTP/1.0" 200 72857 "-" "Mozilla/5.0 (compatible; AhrefsBot/7.0; +http://ahrefs.com/robot/)"
185.191.171.6 - - [13/Jun/2021:18:03:28 +0200] "GET /frosted-glass-betty-boop-fifties-p-15439.html?action=add_product HTTP/1.0" 302 476 "-" "Mozilla/5.0 (compatible; SemrushBot/7~bl; +http://www.semrush.com/bot.html)"
157.55.39.44 - - [13/Jun/2021:18:03:38 +0200] "GET /glass-votive-holder-heart-home-blue-p-37446.html HTTP/1.0" 200 74076 "-" "Mozilla/5.0 (compatible; bingbot/2.0; +http://www.bing.com/bingbot.htm)"
185.191.171.6 - - [13/Jun/2021:18:03:39 +0200] "GET /statue-st-michael-bronze-color-78-cm-veronese-design-p-50221.html HTTP/1.0" 301 73220 "-" "Mozilla/5.0 (compatible; SemrushBot/7~bl; +http://www.semrush.com/bot.html)"
157.55.39.44 - - [13/Jun/2021:18:03:57 +0200] "GET /-p-28205.html HTTP/1.0" 200 70165 "-" "Mozilla/5.0 (compatible; bingbot/2.0; +http://www.bing.com/bingbot.htm)"
185.191.171.15 - - [13/Jun/2021:18:03:57 +0200] "GET /statue-michael-bronze-color-veronese-design-p-50221.html HTTP/1.0" 200 73110 "-" "Mozilla/5.0 (compatible; SemrushBot/7~bl; +http://www.semrush.com/bot.html)"
185.191.171.24 - - [13/Jun/2021:18:04:28 +0200] "GET /pencil-cbkreation-p-41503.html?action=add_product HTTP/1.0" 302 476 "-" "Mozilla/5.0 (compatible; SemrushBot/7~bl; +http://www.semrush.com/bot.html)"
157.55.39.122 - - [13/Jun/2021:18:04:38 +0200] "GET /images/big_prod_2/8717202558889a.jpg HTTP/1.0" 200 271 "-" "Mozilla/5.0 (compatible; bingbot/2.0; +http://www.bing.com/bingbot.htm)"
157.55.39.122 - - [13/Jun/2021:18:04:39 +0200] "GET /hourglass-decoration-glass-and-gilding-p-49418.html HTTP/1.0" 301 73034 "-" "Mozilla/5.0 (compatible; bingbot/2.0; +http://www.bing.com/bingbot.htm)"
185.191.171.34 - - [13/Jun/2021:18:04:42 +0200] "GET /stuffins-apron-holder-glove-p-28190.html HTTP/1.0" 200 73166 "-" "Mozilla/5.0 (compatible; SemrushBot/7~bl; +http://www.semrush.com/bot.html)"
157.55.39.44 - - [13/Jun/2021:18:04:47 +0200] "GET /cement-statue-buddha-head-p-47110.html HTTP/1.0" 200 72861 "-" "Mozilla/5.0 (compatible; bingbot/2.0; +http://www.bing.com/bingbot.htm)"
157.55.39.44 - - [13/Jun/2021:18:04:49 +0200] "GET /-p-16820.html HTTP/1.0" 200 70165 "-" "Mozilla/5.0 (compatible; bingbot/2.0; +http://www.bing.com/bingbot.htm)"
157.55.39.81 - - [13/Jun/2021:18:05:10 +0200] "GET /canvas-frame-regles-des-toilettes-p-52177.html HTTP/1.0" 301 73667 "-" "Mozilla/5.0 (compatible; bingbot/2.0; +http://www.bing.com/bingbot.htm)"
157.55.39.81 - - [13/Jun/2021:18:05:12 +0200] "GET /-p-25204.html HTTP/1.0" 200 70165 "-" "Mozilla/5.0 (compatible; bingbot/2.0; +http://www.bing.com/bingbot.htm)"
157.55.39.81 - - [13/Jun/2021:18:05:13 +0200] "GET /iron-man-apron-p-29522.html HTTP/1.0" 301 70295 "-" "Mozilla/5.0 (compatible; bingbot/2.0; +http://www.bing.com/bingbot.htm)"
157.55.39.152 - - [13/Jun/2021:18:05:32 +0200] "GET /images/4011745cendrilllon.jpg HTTP/1.0" 200 264 "-" "Mozilla/5.0 (compatible; bingbot/2.0; +http://www.bing.com/bingbot.htm)"
66.249.70.42 - - [13/Jun/2021:18:05:39 +0200] "GET /images/big_prod/8719075395295.jpg HTTP/1.0" 200 268 "-" "Googlebot-Image/1.0"
54.36.148.223 - - [13/Jun/2021:18:05:41 +0200] "GET /tweety-money-p-24161.html HTTP/1.0" 200 72764 "-" "Mozilla/5.0 (compatible; AhrefsBot/7.0; +http://ahrefs.com/robot/)"
40.77.167.106 - - [13/Jun/2021:18:05:42 +0200] "GET /batman-silver-p-48296.html HTTP/1.0" 200 73694 "-" "Mozilla/5.0 (compatible; bingbot/2.0; +http://www.bing.com/bingbot.htm)"
157.55.39.44 - - [13/Jun/2021:18:05:58 +0200] "GET /crasy-allen-tote-p-53174.html HTTP/1.0" 200 72851 "-" "Mozilla/5.0 (compatible; bingbot/2.0; +http://www.bing.com/bingbot.htm)"
157.55.39.128 - - [13/Jun/2021:18:06:00 +0200] "GET /-p-9697.html HTTP/1.0" 200 70163 "-" "Mozilla/5.0 (compatible; bingbot/2.0; +http://www.bing.com/bingbot.htm)"
157.55.39.81 - - [13/Jun/2021:18:06:01 +0200] "GET /-p-25055.html HTTP/1.0" 200 70165 "-" "Mozilla/5.0 (compatible; bingbot/2.0; +http://www.bing.com/bingbot.htm)"
157.55.39.128 - - [13/Jun/2021:18:06:02 +0200] "GET /tinkerbell-disney-secret-box-collection-p-29101.html HTTP/1.0" 301 70405 "-" "Mozilla/5.0 (compatible; bingbot/2.0; +http://www.bing.com/bingbot.htm)"
40.77.167.106 - - [13/Jun/2021:18:06:02 +0200] "GET /statuette-jesus-christ-sacred-heart-20-cm-p-47139.html HTTP/1.0" 301 73060 "-" "Mozilla/5.0 (compatible; bingbot/2.0; +http://www.bing.com/bingbot.htm)"
157.55.39.128 - - [13/Jun/2021:18:06:04 +0200] "GET /-p-5232.html HTTP/1.0" 200 70163 "-" "Mozilla/5.0 (compatible; bingbot/2.0; +http://www.bing.com/bingbot.htm)"
54.36.149.43 - - [13/Jun/2021:18:06:16 +0200] "GET /trivet-and-boards-cut-c-12_158.html?page=5 HTTP/1.0" 301 92272 "-" "Mozilla/5.0 (compatible; AhrefsBot/7.0; +http://ahrefs.com/robot/)"
40.77.167.70 - - [13/Jun/2021:18:06:16 +0200] "GET /coca-cola-have-coke-towel-p-14750.html HTTP/1.0" 301 70232 "-" "Mozilla/5.0 (compatible; bingbot/2.0; +http://www.bing.com/bingbot.htm)"
40.77.167.106 - - [13/Jun/2021:18:06:23 +0200] "GET /-p-31863.html HTTP/1.0" 200 70165 "-" "Mozilla/5.0 (compatible; bingbot/2.0; +http://www.bing.com/bingbot.htm)"
157.55.39.81 - - [13/Jun/2021:18:06:41 +0200] "GET /minnie-mouse-flush-wooden-p-22741.html HTTP/1.0" 200 70281 "-" "Mozilla/5.0 (compatible; bingbot/2.0; +http://www.bing.com/bingbot.htm)"
91.79.37.241 - - [13/Jun/2021:18:06:43 +0200] "GET / HTTP/1.0" 301 511 "http://wonder-geek.com/" "Mozilla/5.0 (Windows NT 6.1; Win64; x64) AppleWebKit/537.36 (KHTML, like Gecko) Chrome/83.0.4103.24 Safari/537.36 Edg/83.0.478.18"
91.79.37.241 - - [13/Jun/2021:18:06:44 +0200] "GET / HTTP/1.0" 200 150007 "http://www.wonder-geek.com/" "Mozilla/5.0 (Windows NT 6.1; Win64; x64) AppleWebKit/537.36 (KHTML, like Gecko) Chrome/83.0.4103.24 Safari/537.36 Edg/83.0.478.18"
91.79.37.241 - - [13/Jun/2021:18:06:44 +0200] "GET /trivet-boards-c-12_158.html HTTP/1.0" 200 93973 "http://www.wonder-geek.com/trivet-boards-c-12_158.html" "Mozilla/5.0 (Windows NT 6.1; Win64; x64) AppleWebKit/537.36 (KHTML, like Gecko) Chrome/83.0.4103.24 Safari/537.36 Edg/83.0.478.18"
91.79.37.241 - - [13/Jun/2021:18:06:45 +0200] "GET /cardboard-boxes-storage-c-13_150_216.html HTTP/1.0" 200 77605 "http://www.wonder-geek.com/cardboard-boxes-storage-c-13_150_216.html" "Mozilla/5.0 (Windows NT 6.1; Win64; x64) AppleWebKit/537.36 (KHTML, like Gecko) Chrome/83.0.4103.24 Safari/537.36 Edg/83.0.478.18"
91.79.37.241 - - [13/Jun/2021:18:06:46 +0200] "GET /cushion-headboard-c-11_173.html HTTP/1.0" 200 88935 "http://www.wonder-geek.com/cushion-headboard-c-11_173.html" "Mozilla/5.0 (Windows NT 6.1; Win64; x64) AppleWebKit/537.36 (KHTML, like Gecko) Chrome/83.0.4103.24 Safari/537.36 Edg/83.0.478.18"
91.79.37.241 - - [13/Jun/2021:18:06:46 +0200] "GET /board-games-c-4_47.html HTTP/1.0" 200 75503 "http://www.wonder-geek.com/board-games-c-4_47.html" "Mozilla/5.0 (Windows NT 6.1; Win64; x64) AppleWebKit/537.36 (KHTML, like Gecko) Chrome/83.0.4103.24 Safari/537.36 Edg/83.0.478.18"
157.55.39.122 - - [13/Jun/2021:18:06:49 +0200] "GET /star-wars-blue-training-bottle-p-29945.html HTTP/1.0" 200 72952 "-" "Mozilla/5.0 (compatible; bingbot/2.0; +http://www.bing.com/bingbot.htm)"
157.55.39.122 - - [13/Jun/2021:18:06:59 +0200] "GET /white-flowers-table-lamp-p-52565.html HTTP/1.0" 200 73385 "-" "Mozilla/5.0 (compatible; bingbot/2.0; +http://www.bing.com/bingbot.htm)"
207.46.13.38 - - [13/Jun/2021:18:07:04 +0200] "GET /swfobject.js HTTP/1.0" 404 1308 "-" "Mozilla/5.0 (compatible; bingbot/2.0; +http://www.bing.com/bingbot.htm)"
207.46.13.38 - - [13/Jun/2021:18:07:05 +0200] "GET /glass-jellyfish-paperweight-65-cm-p-52865.html HTTP/1.0" 301 72975 "-" "Mozilla/5.0 (compatible; bingbot/2.0; +http://www.bing.com/bingbot.htm)"
66.249.70.42 - - [13/Jun/2021:18:07:10 +0200] "GET /tiger-pyramid-with-tree-life-p-54367.html HTTP/1.0" 200 74308 "-" "Mozilla/5.0 (compatible; Googlebot/2.1; +http://www.google.com/bot.html)"
157.55.39.152 - - [13/Jun/2021:18:07:13 +0200] "GET /cats-ceramic-teapot-p-45925.html HTTP/1.0" 200 72782 "-" "Mozilla/5.0 (compatible; bingbot/2.0; +http://www.bing.com/bingbot.htm)"
54.36.148.228 - - [13/Jun/2021:18:07:19 +0200] "GET /areches-charming-dekor-bedclothes-220-240-cm-p-36285.html HTTP/1.0" 301 70232 "-" "Mozilla/5.0 (compatible; AhrefsBot/7.0; +http://ahrefs.com/robot/)"
54.36.148.86 - - [13/Jun/2021:18:07:45 +0200] "GET /collectible-figurines-decorative-c-13_135.html?page=46 HTTP/1.0" 200 96196 "-" "Mozilla/5.0 (compatible; AhrefsBot/7.0; +http://ahrefs.com/robot/)"
185.191.171.3 - - [13/Jun/2021:18:07:58 +0200] "GET /infuser-rest-c-12_247.html?page=2 HTTP/1.0" 200 85178 "-" "Mozilla/5.0 (compatible; SemrushBot/7~bl; +http://www.semrush.com/bot.html)"
40.77.167.106 - - [13/Jun/2021:18:08:12 +0200] "GET /minions-despicable-me-backpack-p-35791.html HTTP/1.0" 301 73815 "-" "Mozilla/5.0 (compatible; bingbot/2.0; +http://www.bing.com/bingbot.htm)"
40.77.167.106 - - [13/Jun/2021:18:08:13 +0200] "GET /votive-candle-15-hours-pink-grapefruit-and-cassis-p-35341.html HTTP/1.0" 301 74337 "-" "Mozilla/5.0 (compatible; bingbot/2.0; +http://www.bing.com/bingbot.htm)"
40.77.167.106 - - [13/Jun/2021:18:08:15 +0200] "GET /-p-29839.html HTTP/1.0" 200 70165 "-" "Mozilla/5.0 (compatible; bingbot/2.0; +http://www.bing.com/bingbot.htm)"
40.77.167.90 - - [13/Jun/2021:18:08:32 +0200] "GET /looney-tunes-little-backpack-p-10635.html HTTP/1.0" 200 70263 "-" "Mozilla/5.0 (compatible; bingbot/2.0; +http://www.bing.com/bingbot.htm)"
157.55.39.44 - - [13/Jun/2021:18:08:38 +0200] "GET /gogh-tournesols-eyeglass-case-p-47646.html HTTP/1.0" 200 72852 "-" "Mozilla/5.0 (compatible; bingbot/2.0; +http://www.bing.com/bingbot.htm)"
185.191.171.43 - - [13/Jun/2021:18:08:41 +0200] "GET /-p-14661.html?action=add_product HTTP/1.0" 302 476 "-" "Mozilla/5.0 (compatible; SemrushBot/7~bl; +http://www.semrush.com/bot.html)"
157.55.39.81 - - [13/Jun/2021:18:08:43 +0200] "GET /-p-32055.html HTTP/1.0" 200 70165 "-" "Mozilla/5.0 (compatible; bingbot/2.0; +http://www.bing.com/bingbot.htm)"
207.46.13.38 - - [13/Jun/2021:18:08:48 +0200] "GET /-p-35415.html HTTP/1.0" 200 70165 "-" "Mozilla/5.0 (compatible; bingbot/2.0; +http://www.bing.com/bingbot.htm)"
157.55.39.81 - - [13/Jun/2021:18:09:11 +0200] "GET /harley-davidson-mini-p-27955.html HTTP/1.0" 200 70243 "-" "Mozilla/5.0 (compatible; bingbot/2.0; +http://www.bing.com/bingbot.htm)"
185.191.171.21 - - [13/Jun/2021:18:09:31 +0200] "GET /frame-canvas-tits-chats-chats-chats-60-40-cm-p-37031.html HTTP/1.0" 301 73248 "-" "Mozilla/5.0 (compatible; SemrushBot/7~bl; +http://www.semrush.com/bot.html)"
207.46.13.38 - - [13/Jun/2021:18:09:32 +0200] "GET /nemo-mattress-swimming-pool-p-13998.html HTTP/1.0" 301 70232 "-" "Mozilla/5.0 (compatible; bingbot/2.0; +http://www.bing.com/bingbot.htm)"
185.191.171.10 - - [13/Jun/2021:18:09:33 +0200] "GET /frame-canvas-tits-chats-chats-chats-p-37031.html HTTP/1.0" 200 73146 "-" "Mozilla/5.0 (compatible; SemrushBot/7~bl; +http://www.semrush.com/bot.html)"
40.77.167.70 - - [13/Jun/2021:18:09:43 +0200] "GET /microfibre-bed-base-cover-160-200-cm-brown-p-43764.html HTTP/1.0" 301 70232 "-" "Mozilla/5.0 (compatible; bingbot/2.0; +http://www.bing.com/bingbot.htm)"
185.191.171.33 - - [13/Jun/2021:18:09:59 +0200] "GET /black-ipad-moustach-cover-cbkreation-p-16978.html HTTP/1.0" 200 70309 "-" "Mozilla/5.0 (compatible; SemrushBot/7~bl; +http://www.semrush.com/bot.html)"
40.77.167.106 - - [13/Jun/2021:18:10:03 +0200] "GET /espresso-set-allen-desings-p-48229.html HTTP/1.0" 301 73560 "-" "Mozilla/5.0 (compatible; bingbot/2.0; +http://www.bing.com/bingbot.htm)"
54.36.148.121 - - [13/Jun/2021:18:10:05 +0200] "GET /collectible-figurines-decorative-c-13_135.html?page=47 HTTP/1.0" 200 96671 "-" "Mozilla/5.0 (compatible; AhrefsBot/7.0; +http://ahrefs.com/robot/)"
157.55.39.81 - - [13/Jun/2021:18:10:31 +0200] "GET /emily-lili-petrol-p-30435.html HTTP/1.0" 200 72767 "-" "Mozilla/5.0 (compatible; bingbot/2.0; +http://www.bing.com/bingbot.htm)"
157.55.39.152 - - [13/Jun/2021:18:10:54 +0200] "GET /-p-5101.html HTTP/1.0" 200 70163 "-" "Mozilla/5.0 (compatible; bingbot/2.0; +http://www.bing.com/bingbot.htm)"
157.55.39.152 - - [13/Jun/2021:18:10:56 +0200] "GET /dandy-dog-figurine-44-cm-p-32158.html HTTP/1.0" 301 72954 "-" "Mozilla/5.0 (compatible; bingbot/2.0; +http://www.bing.com/bingbot.htm)"
157.55.39.122 - - [13/Jun/2021:18:11:00 +0200] "GET /fuel-pump-clock-p-55134.html HTTP/1.0" 200 73380 "-" "Mozilla/5.0 (compatible; bingbot/2.0; +http://www.bing.com/bingbot.htm)"
157.55.39.122 - - [13/Jun/2021:18:11:02 +0200] "GET /little-buddha-notebook-p-53282.html HTTP/1.0" 200 72946 "-" "Mozilla/5.0 (compatible; bingbot/2.0; +http://www.bing.com/bingbot.htm)"
157.55.39.122 - - [13/Jun/2021:18:11:03 +0200] "GET /anjali-mudra-yoga-statue-p-50992.html HTTP/1.0" 200 73476 "-" "Mozilla/5.0 (compatible; bingbot/2.0; +http://www.bing.com/bingbot.htm)"
40.77.167.70 - - [13/Jun/2021:18:11:03 +0200] "GET /disney-doc-mcstuffins-lunchbox-p-37035.html HTTP/1.0" 301 70232 "-" "Mozilla/5.0 (compatible; bingbot/2.0; +http://www.bing.com/bingbot.htm)"
157.55.39.81 - - [13/Jun/2021:18:11:04 +0200] "GET /cotton-floor-cushion-40-cm-londres-p-51083.html HTTP/1.0" 301 73581 "-" "Mozilla/5.0 (compatible; bingbot/2.0; +http://www.bing.com/bingbot.htm)"
207.46.13.38 - - [13/Jun/2021:18:11:13 +0200] "GET /dubout-cats-thermometer-p-40028.html HTTP/1.0" 200 72851 "-" "Mozilla/5.0 (compatible; bingbot/2.0; +http://www.bing.com/bingbot.htm)"
40.77.167.70 - - [13/Jun/2021:18:11:17 +0200] "GET /marseille-soap-soap-dish-p-34848.html HTTP/1.0" 200 72839 "-" "Mozilla/5.0 (compatible; bingbot/2.0; +http://www.bing.com/bingbot.htm)"
207.46.13.38 - - [13/Jun/2021:18:11:30 +0200] "GET /swfobject.js HTTP/1.0" 404 1308 "-" "Mozilla/5.0 (compatible; bingbot/2.0; +http://www.bing.com/bingbot.htm)"
157.55.39.44 - - [13/Jun/2021:18:11:38 +0200] "GET /citron-miniature-vehicle-p-41830.html HTTP/1.0" 200 72859 "-" "Mozilla/5.0 (compatible; bingbot/2.0; +http://www.bing.com/bingbot.htm)"
40.77.167.106 - - [13/Jun/2021:18:11:52 +0200] "GET /images/big_prod/1399984289341.jpg HTTP/1.0" 200 268 "-" "Mozilla/5.0 (compatible; bingbot/2.0; +http://www.bing.com/bingbot.htm)"
157.55.39.122 - - [13/Jun/2021:18:12:00 +0200] "GET /strawberry-shortcake-blue-swimsuit-p-30285.html HTTP/1.0" 200 74311 "-" "Mozilla/5.0 (compatible; bingbot/2.0; +http://www.bing.com/bingbot.htm)"
157.55.39.152 - - [13/Jun/2021:18:12:03 +0200] "GET /-p-33678.html HTTP/1.0" 200 70165 "-" "Mozilla/5.0 (compatible; bingbot/2.0; +http://www.bing.com/bingbot.htm)"
207.46.13.38 - - [13/Jun/2021:18:12:04 +0200] "GET /jar-candle-30-hours-strawberry-ice-cream-p-38109.html HTTP/1.0" 301 74092 "-" "Mozilla/5.0 (compatible; bingbot/2.0; +http://www.bing.com/bingbot.htm)"
185.191.171.13 - - [13/Jun/2021:18:12:05 +0200] "GET /harley-quinn-money-box-27-cm-p-40949.html HTTP/1.0" 301 73542 "-" "Mozilla/5.0 (compatible; SemrushBot/7~bl; +http://www.semrush.com/bot.html)"
185.191.171.7 - - [13/Jun/2021:18:12:07 +0200] "GET /harley-quinn-money-p-40949.html HTTP/1.0" 200 73457 "-" "Mozilla/5.0 (compatible; SemrushBot/7~bl; +http://www.semrush.com/bot.html)"
40.77.167.70 - - [13/Jun/2021:18:12:14 +0200] "GET /gorjuss-cards-supplied-with-an-envelope-the-owl-p-48366.html HTTP/1.0" 301 73196 "-" "Mozilla/5.0 (compatible; bingbot/2.0; +http://www.bing.com/bingbot.htm)"
54.36.148.68 - - [13/Jun/2021:18:12:23 +0200] "GET /nightlight-shaped-bird-p-44649.html HTTP/1.0" 200 72827 "-" "Mozilla/5.0 (compatible; AhrefsBot/7.0; +http://ahrefs.com/robot/)"
40.77.167.70 - - [13/Jun/2021:18:12:54 +0200] "GET /perfume-burner-for-pebbles-to-melt-skull-p-44016.html HTTP/1.0" 301 70401 "-" "Mozilla/5.0 (compatible; bingbot/2.0; +http://www.bing.com/bingbot.htm)"
148.251.8.250 - - [13/Jun/2021:18:12:59 +0200] "GET /robots.txt HTTP/1.0" 200 245 "-" "Mozilla/5.0 (compatible; MJ12bot/v1.4.8; http://mj12bot.com/)"
148.251.8.250 - - [13/Jun/2021:18:13:03 +0200] "GET /characters-sculpture-natural-wood-aluminum-p-55479.html HTTP/1.0" 200 73050 "-" "Mozilla/5.0 (compatible; MJ12bot/v1.4.8; http://mj12bot.com/)"
147.92.153.8 - - [13/Jun/2021:18:13:03 +0200] "GET /storage-cups-c-12_159_264.html HTTP/1.0" 200 90158 "-" "Mozilla/5.0 (compatible; Linespider/1.1; +https://lin.ee/4dwXkTH)"
148.251.8.250 - - [13/Jun/2021:18:13:07 +0200] "GET /decorative-useful-gogh-p-55439.html HTTP/1.0" 200 73500 "-" "Mozilla/5.0 (compatible; MJ12bot/v1.4.8; http://mj12bot.com/)"
148.251.8.250 - - [13/Jun/2021:18:13:12 +0200] "GET /retro-coffee-ceramic-cups-p-55440.html HTTP/1.0" 200 73620 "-" "Mozilla/5.0 (compatible; MJ12bot/v1.4.8; http://mj12bot.com/)"
40.77.167.70 - - [13/Jun/2021:18:13:13 +0200] "GET /-p-21921.html HTTP/1.0" 200 70165 "-" "Mozilla/5.0 (compatible; bingbot/2.0; +http://www.bing.com/bingbot.htm)"
148.251.8.250 - - [13/Jun/2021:18:13:15 +0200] "GET /zinc-look-metal-flowerpot-cover-pumpkin-beige-p-55463.html HTTP/1.0" 200 73638 "-" "Mozilla/5.0 (compatible; MJ12bot/v1.4.8; http://mj12bot.com/)"
185.191.171.10 - - [13/Jun/2021:18:13:17 +0200] "GET /lentil-case-p-47534.html?action=add_product HTTP/1.0" 302 476 "-" "Mozilla/5.0 (compatible; SemrushBot/7~bl; +http://www.semrush.com/bot.html)"
148.251.8.250 - - [13/Jun/2021:18:13:19 +0200] "GET /zinc-look-metal-flowerpot-cover-pumpkin-blue-p-55461.html HTTP/1.0" 200 73631 "-" "Mozilla/5.0 (compatible; MJ12bot/v1.4.8; http://mj12bot.com/)"
157.55.39.152 - - [13/Jun/2021:18:13:23 +0200] "GET /tony-parker-nba-polar-blanket-p-31999.html HTTP/1.0" 301 70385 "-" "Mozilla/5.0 (compatible; bingbot/2.0; +http://www.bing.com/bingbot.htm)"
157.55.39.44 - - [13/Jun/2021:18:13:28 +0200] "GET /-p-39103.html HTTP/1.0" 200 70165 "-" "Mozilla/5.0 (compatible; bingbot/2.0; +http://www.bing.com/bingbot.htm)"
66.249.70.38 - - [13/Jun/2021:18:14:07 +0200] "GET /trivet-boards-c-158.html?page=6 HTTP/1.0" 301 94105 "-" "Mozilla/5.0 (Linux; Android 6.0.1; Nexus 5X Build/MMB29P) AppleWebKit/537.36 (KHTML, like Gecko) Chrome/91.0.4472.90 Mobile Safari/537.36 (compatible; Googlebot/2.1; +http://www.google.com/bot.html)"
66.249.70.42 - - [13/Jun/2021:18:14:08 +0200] "GET /trivet-boards-c-12_158.html?page=6 HTTP/1.0" 200 94121 "-" "Mozilla/5.0 (Linux; Android 6.0.1; Nexus 5X Build/MMB29P) AppleWebKit/537.36 (KHTML, like Gecko) Chrome/91.0.4472.90 Mobile Safari/537.36 (compatible; Googlebot/2.1; +http://www.google.com/bot.html)"
40.77.167.106 - - [13/Jun/2021:18:14:13 +0200] "GET /-p-31531.html HTTP/1.0" 200 70165 "-" "Mozilla/5.0 (compatible; bingbot/2.0; +http://www.bing.com/bingbot.htm)"
51.68.224.127 - - [13/Jun/2021:18:14:18 +0200] "GET /adminweb/export_orders_xml.php?token=256de2z6edz6ed2z6DFSFsed2zed6zeDSFDSGdzedezfzf&maxorders=10&orderstart=1&status=14&start_date=2018-10-01 HTTP/1.0" 200 285 "-" "GesCom CharlotteBoutik Serveur"
51.68.224.127 - - [13/Jun/2021:18:14:18 +0200] "GET /adminweb/export_orders_xml.php?token=256de2z6edz6ed2z6DFSFsed2zed6zeDSFDSGdzedezfzf&maxorders=10&orderstart=1&status=6&start_date=2018-10-01 HTTP/1.0" 200 30039 "-" "GesCom CharlotteBoutik Serveur"
54.36.148.178 - - [13/Jun/2021:18:14:19 +0200] "GET /empty-pocket-metal-fatma-hands-p-45949.html HTTP/1.0" 200 73868 "-" "Mozilla/5.0 (compatible; AhrefsBot/7.0; +http://ahrefs.com/robot/)"
185.191.171.24 - - [13/Jun/2021:18:14:23 +0200] "GET /round-and-golden-metatron-box-p-50602.html HTTP/1.0" 301 70343 "-" "Mozilla/5.0 (compatible; SemrushBot/7~bl; +http://www.semrush.com/bot.html)"
185.191.171.15 - - [13/Jun/2021:18:14:25 +0200] "GET /round-golden-metatron-p-50602.html HTTP/1.0" 200 70255 "-" "Mozilla/5.0 (compatible; SemrushBot/7~bl; +http://www.semrush.com/bot.html)"
157.55.39.122 - - [13/Jun/2021:18:14:30 +0200] "GET /-p-17554.html HTTP/1.0" 200 70165 "-" "Mozilla/5.0 (compatible; bingbot/2.0; +http://www.bing.com/bingbot.htm)"
157.55.39.122 - - [13/Jun/2021:18:14:32 +0200] "GET /-p-29502.html HTTP/1.0" 200 70165 "-" "Mozilla/5.0 (compatible; bingbot/2.0; +http://www.bing.com/bingbot.htm)"
157.55.39.152 - - [13/Jun/2021:18:14:34 +0200] "GET /wood-herbs-cyprus-stool-p-51695.html HTTP/1.0" 200 72851 "-" "Mozilla/5.0 (compatible; bingbot/2.0; +http://www.bing.com/bingbot.htm)"
