157.55.39.152 - - [13/Jun/2021:13:56:22 +0200] "GET /mickey-club-house-umbrella-p-20500.html HTTP/1.0" 200 73042 "-" "Mozilla/5.0 (compatible; bingbot/2.0; +http://www.bing.com/bingbot.htm)"
54.36.148.71 - - [13/Jun/2021:13:56:40 +0200] "GET /provencal-arabesques-carpet-p-50450.html HTTP/1.0" 200 73708 "-" "Mozilla/5.0 (compatible; AhrefsBot/7.0; +http://ahrefs.com/robot/)"
157.55.39.106 - - [13/Jun/2021:13:56:50 +0200] "GET /-p-24842.html HTTP/1.0" 200 70165 "-" "Mozilla/5.0 (compatible; bingbot/2.0; +http://www.bing.com/bingbot.htm)"
157.55.39.122 - - [13/Jun/2021:13:56:53 +0200] "GET /images/mini_prod/3503420103131.jpg HTTP/1.0" 200 269 "-" "Mozilla/5.0 (compatible; bingbot/2.0; +http://www.bing.com/bingbot.htm)"
157.55.39.106 - - [13/Jun/2021:13:56:53 +0200] "GET /images/8006180201956.jpg HTTP/1.0" 200 259 "-" "Mozilla/5.0 (compatible; bingbot/2.0; +http://www.bing.com/bingbot.htm)"
147.92.153.9 - - [13/Jun/2021:13:57:03 +0200] "GET /cotton-bath-p-55257.html HTTP/1.0" 200 73704 "-" "Mozilla/5.0 (compatible; Linespider/1.1; +https://lin.ee/4dwXkTH)"
40.77.167.106 - - [13/Jun/2021:13:57:39 +0200] "GET /star-wars-backpack-p-35799.html HTTP/1.0" 301 70232 "-" "Mozilla/5.0 (compatible; bingbot/2.0; +http://www.bing.com/bingbot.htm)"
54.36.149.81 - - [13/Jun/2021:13:57:46 +0200] "GET /barbabravo-glass-p-16781.html HTTP/1.0" 301 70232 "-" "Mozilla/5.0 (compatible; AhrefsBot/7.0; +http://ahrefs.com/robot/)"
40.77.167.106 - - [13/Jun/2021:13:58:08 +0200] "GET /bob-marley-mirror-p-7142.html HTTP/1.0" 301 72791 "-" "Mozilla/5.0 (compatible; bingbot/2.0; +http://www.bing.com/bingbot.htm)"
54.36.148.86 - - [13/Jun/2021:13:58:21 +0200] "GET /lighting-c-13_86.html?page=25 HTTP/1.0" 200 93521 "-" "Mozilla/5.0 (compatible; AhrefsBot/7.0; +http://ahrefs.com/robot/)"
157.55.39.44 - - [13/Jun/2021:13:58:53 +0200] "GET /gorjuss-cards-supplied-with-an-envelope-catch-falling-star-p-48392.html HTTP/1.0" 301 73292 "-" "Mozilla/5.0 (compatible; bingbot/2.0; +http://www.bing.com/bingbot.htm)"
207.46.13.180 - - [13/Jun/2021:13:59:15 +0200] "GET /daisy-duck-coin-purse-p-9695.html HTTP/1.0" 200 70259 "-" "Mozilla/5.0 (compatible; bingbot/2.0; +http://www.bing.com/bingbot.htm)"
40.77.167.106 - - [13/Jun/2021:13:59:27 +0200] "GET /fiat-500-orange-desk-lamp-p-17064.html HTTP/1.0" 301 73551 "-" "Mozilla/5.0 (compatible; bingbot/2.0; +http://www.bing.com/bingbot.htm)"
157.55.39.44 - - [13/Jun/2021:13:59:33 +0200] "GET /buddha-canvas-frame-40-40-cm-p-38507.html HTTP/1.0" 301 72984 "-" "Mozilla/5.0 (compatible; bingbot/2.0; +http://www.bing.com/bingbot.htm)"
54.36.148.113 - - [13/Jun/2021:14:00:00 +0200] "GET /angry-birds-sports-p-29472.html HTTP/1.0" 200 73036 "-" "Mozilla/5.0 (compatible; AhrefsBot/7.0; +http://ahrefs.com/robot/)"
40.77.167.70 - - [13/Jun/2021:14:00:10 +0200] "GET /cogsworth-figure-p-4051.html HTTP/1.0" 200 70234 "-" "Mozilla/5.0 (compatible; bingbot/2.0; +http://www.bing.com/bingbot.htm)"
40.77.167.90 - - [13/Jun/2021:14:00:18 +0200] "GET /juventus-pencil-p-30614.html HTTP/1.0" 200 70243 "-" "Mozilla/5.0 (compatible; bingbot/2.0; +http://www.bing.com/bingbot.htm)"
40.77.167.90 - - [13/Jun/2021:14:00:20 +0200] "GET /-p-25750.html HTTP/1.0" 200 70165 "-" "Mozilla/5.0 (compatible; bingbot/2.0; +http://www.bing.com/bingbot.htm)"
207.46.13.38 - - [13/Jun/2021:14:00:26 +0200] "GET /vespa-red-keyring-p-12322.html HTTP/1.0" 301 70295 "-" "Mozilla/5.0 (compatible; bingbot/2.0; +http://www.bing.com/bingbot.htm)"
207.46.13.38 - - [13/Jun/2021:14:00:29 +0200] "GET /strawberry-shortcake-raincoat-p-31187.html HTTP/1.0" 200 74091 "-" "Mozilla/5.0 (compatible; bingbot/2.0; +http://www.bing.com/bingbot.htm)"
40.77.167.106 - - [13/Jun/2021:14:00:43 +0200] "GET /-p-3359.html HTTP/1.0" 200 70163 "-" "Mozilla/5.0 (compatible; bingbot/2.0; +http://www.bing.com/bingbot.htm)"
185.191.171.24 - - [13/Jun/2021:14:01:31 +0200] "GET /silver-moon-table-lamp-p-55266.html HTTP/1.0" 200 73528 "-" "Mozilla/5.0 (compatible; SemrushBot/7~bl; +http://www.semrush.com/bot.html)"
157.55.39.122 - - [13/Jun/2021:14:01:39 +0200] "GET /-p-12141.html HTTP/1.0" 200 70165 "-" "Mozilla/5.0 (compatible; bingbot/2.0; +http://www.bing.com/bingbot.htm)"
157.55.39.152 - - [13/Jun/2021:14:01:39 +0200] "GET /zodiac-white-women-tee-shirt-p-30802.html HTTP/1.0" 301 74921 "-" "Mozilla/5.0 (compatible; bingbot/2.0; +http://www.bing.com/bingbot.htm)"
54.36.148.194 - - [13/Jun/2021:14:01:44 +0200] "GET /nippon-doll-portfolio-p-26865.html HTTP/1.0" 200 73106 "-" "Mozilla/5.0 (compatible; AhrefsBot/7.0; +http://ahrefs.com/robot/)"
54.36.149.34 - - [13/Jun/2021:14:01:51 +0200] "GET /elephants-wood-jewelry-box-15-cm-p-45999.html HTTP/1.0" 301 70352 "-" "Mozilla/5.0 (compatible; AhrefsBot/7.0; +http://ahrefs.com/robot/)"
40.77.167.70 - - [13/Jun/2021:14:01:51 +0200] "GET /opera-rock-bedclothes-240-220-cm-p-35317.html HTTP/1.0" 301 72982 "-" "Mozilla/5.0 (compatible; bingbot/2.0; +http://www.bing.com/bingbot.htm)"
185.191.171.44 - - [13/Jun/2021:14:01:59 +0200] "GET /despicable-me-marbles-p-33480.html HTTP/1.0" 301 73064 "-" "Mozilla/5.0 (compatible; SemrushBot/7~bl; +http://www.semrush.com/bot.html)"
185.191.171.11 - - [13/Jun/2021:14:02:02 +0200] "GET /despicable-marbles-p-33480.html HTTP/1.0" 200 72979 "-" "Mozilla/5.0 (compatible; SemrushBot/7~bl; +http://www.semrush.com/bot.html)"
207.46.13.38 - - [13/Jun/2021:14:02:20 +0200] "GET /statuette-jesus-christ-redeemer-resin-p-46650.html HTTP/1.0" 200 72990 "-" "Mozilla/5.0 (compatible; bingbot/2.0; +http://www.bing.com/bingbot.htm)"
40.77.167.70 - - [13/Jun/2021:14:02:30 +0200] "GET /naked-man-kneeling-bronze-aspect-resin-figure-19-cm-p-52843.html HTTP/1.0" 301 73176 "-" "Mozilla/5.0 (compatible; bingbot/2.0; +http://www.bing.com/bingbot.htm)"
185.191.171.24 - - [13/Jun/2021:14:02:34 +0200] "GET /round-mirror-32-27-19-cm-p-49271.html HTTP/1.0" 301 72904 "-" "Mozilla/5.0 (compatible; SemrushBot/7~bl; +http://www.semrush.com/bot.html)"
185.191.171.8 - - [13/Jun/2021:14:02:36 +0200] "GET /round-mirror-p-49271.html HTTP/1.0" 200 72825 "-" "Mozilla/5.0 (compatible; SemrushBot/7~bl; +http://www.semrush.com/bot.html)"
185.191.171.40 - - [13/Jun/2021:14:02:45 +0200] "GET /pillow-case-cotton-percale-threads-p-51255.html?action=add_product HTTP/1.0" 302 476 "-" "Mozilla/5.0 (compatible; SemrushBot/7~bl; +http://www.semrush.com/bot.html)"
185.191.171.44 - - [13/Jun/2021:14:02:47 +0200] "GET /white-natural-mini-wooden-p-55032.html HTTP/1.0" 200 73696 "-" "Mozilla/5.0 (compatible; SemrushBot/7~bl; +http://www.semrush.com/bot.html)"
157.55.39.128 - - [13/Jun/2021:14:03:16 +0200] "GET /asterix-money-box-p-28449.html HTTP/1.0" 301 72810 "-" "Mozilla/5.0 (compatible; bingbot/2.0; +http://www.bing.com/bingbot.htm)"
40.77.167.106 - - [13/Jun/2021:14:03:20 +0200] "GET /retro-glass-cutting-board-30-20-cm-p-45915.html HTTP/1.0" 301 73257 "-" "Mozilla/5.0 (compatible; bingbot/2.0; +http://www.bing.com/bingbot.htm)"
95.213.218.168 - - [13/Jun/2021:14:03:25 +0200] "GET /images/1300010237526.jpg HTTP/1.0" 200 259 "-" "Mozilla/5.0 (Linux; U; Android 7.1.1; en-US; MI MAX 2 Build/NMF26F) AppleWebKit/537.36 (KHTML, like Gecko) Version/4.0 Chrome/78.0.3904.108 UCBrowser/13.4.0.1306 Mobile Safari/537.36"
54.36.149.30 - - [13/Jun/2021:14:03:33 +0200] "GET /averell-dalton-figure-p-4588.html HTTP/1.0" 200 72628 "-" "Mozilla/5.0 (compatible; AhrefsBot/7.0; +http://ahrefs.com/robot/)"
185.191.171.8 - - [13/Jun/2021:14:03:37 +0200] "GET /boards-wall-stickers-nici-p-14912.html HTTP/1.0" 200 73235 "-" "Mozilla/5.0 (compatible; SemrushBot/7~bl; +http://www.semrush.com/bot.html)"
207.46.13.38 - - [13/Jun/2021:14:03:38 +0200] "GET /quenotte-servane-tooth-p-55158.html HTTP/1.0" 200 73520 "-" "Mozilla/5.0 (compatible; bingbot/2.0; +http://www.bing.com/bingbot.htm)"
157.55.39.152 - - [13/Jun/2021:14:03:39 +0200] "GET /bob-marley-lion-mini-magnet-mirror-p-19669.html HTTP/1.0" 301 73024 "-" "Mozilla/5.0 (compatible; bingbot/2.0; +http://www.bing.com/bingbot.htm)"
207.46.13.180 - - [13/Jun/2021:14:03:56 +0200] "GET /captain-hook-figure-p-2870.html HTTP/1.0" 200 70249 "-" "Mozilla/5.0 (compatible; bingbot/2.0; +http://www.bing.com/bingbot.htm)"
207.46.13.180 - - [13/Jun/2021:14:03:57 +0200] "GET /super-duck-frame-canvas-p-31825.html HTTP/1.0" 200 72855 "-" "Mozilla/5.0 (compatible; bingbot/2.0; +http://www.bing.com/bingbot.htm)"
207.46.13.38 - - [13/Jun/2021:14:04:00 +0200] "GET /minnie-mouse-pencil-pot-p-22595.html HTTP/1.0" 301 73161 "-" "Mozilla/5.0 (compatible; bingbot/2.0; +http://www.bing.com/bingbot.htm)"
185.191.171.23 - - [13/Jun/2021:14:04:11 +0200] "GET /burlap-round-table-set-free-p-48453.html HTTP/1.0" 301 73482 "-" "Mozilla/5.0 (compatible; SemrushBot/7~bl; +http://www.semrush.com/bot.html)"
185.191.171.23 - - [13/Jun/2021:14:04:13 +0200] "GET /burlap-round-table-free-p-48453.html HTTP/1.0" 200 73392 "-" "Mozilla/5.0 (compatible; SemrushBot/7~bl; +http://www.semrush.com/bot.html)"
207.46.13.180 - - [13/Jun/2021:14:04:35 +0200] "GET /home-and-decoration/tin-and-metal-signs/harley-davidson-genuine-metal-plate-p-23294.html HTTP/1.0" 301 73103 "-" "Mozilla/5.0 (compatible; bingbot/2.0; +http://www.bing.com/bingbot.htm)"
40.77.167.70 - - [13/Jun/2021:14:04:49 +0200] "GET /-p-21270.html HTTP/1.0" 200 70165 "-" "Mozilla/5.0 (compatible; bingbot/2.0; +http://www.bing.com/bingbot.htm)"
157.55.39.128 - - [13/Jun/2021:14:04:56 +0200] "GET /wrought-iron-bedhead-wall-sticker-p-38333.html HTTP/1.0" 200 73062 "-" "Mozilla/5.0 (compatible; bingbot/2.0; +http://www.bing.com/bingbot.htm)"
54.36.148.73 - - [13/Jun/2021:14:05:01 +0200] "GET /johnny-hallyday-mouse-pad-p-6835.html HTTP/1.0" 301 72878 "-" "Mozilla/5.0 (compatible; AhrefsBot/7.0; +http://ahrefs.com/robot/)"
54.36.149.94 - - [13/Jun/2021:14:05:07 +0200] "GET /hello-kitty-hair-clips-p-13576.html HTTP/1.0" 200 72935 "-" "Mozilla/5.0 (compatible; AhrefsBot/7.0; +http://ahrefs.com/robot/)"
157.55.39.128 - - [13/Jun/2021:14:05:15 +0200] "GET /hello-kitty-purple-square-leisure-bag-p-20563.html HTTP/1.0" 301 73357 "-" "Mozilla/5.0 (compatible; bingbot/2.0; +http://www.bing.com/bingbot.htm)"
40.77.167.70 - - [13/Jun/2021:14:05:49 +0200] "GET /-p-5555.html HTTP/1.0" 200 70163 "-" "Mozilla/5.0 (compatible; bingbot/2.0; +http://www.bing.com/bingbot.htm)"
207.46.13.38 - - [13/Jun/2021:14:06:07 +0200] "GET /swfobject.js HTTP/1.0" 404 1308 "-" "Mozilla/5.0 (compatible; bingbot/2.0; +http://www.bing.com/bingbot.htm)"
207.46.13.38 - - [13/Jun/2021:14:06:08 +0200] "GET /franklin-purple-swimsuit-p-30244.html HTTP/1.0" 200 74810 "-" "Mozilla/5.0 (compatible; bingbot/2.0; +http://www.bing.com/bingbot.htm)"
185.191.171.17 - - [13/Jun/2021:14:06:24 +0200] "GET /uk-keyring-by-cbkreation-p-43234.html HTTP/1.0" 301 72940 "-" "Mozilla/5.0 (compatible; SemrushBot/7~bl; +http://www.semrush.com/bot.html)"
185.191.171.11 - - [13/Jun/2021:14:06:26 +0200] "GET /keyring-cbkreation-p-43234.html HTTP/1.0" 200 72855 "-" "Mozilla/5.0 (compatible; SemrushBot/7~bl; +http://www.semrush.com/bot.html)"
54.36.148.180 - - [13/Jun/2021:14:06:46 +0200] "GET /valdrome-kalian-napkin-made-france-p-43970.html HTTP/1.0" 200 73605 "-" "Mozilla/5.0 (compatible; AhrefsBot/7.0; +http://ahrefs.com/robot/)"
207.46.13.38 - - [13/Jun/2021:14:06:55 +0200] "GET /clowdeen-wolf-figure-p-22569.html HTTP/1.0" 200 70256 "-" "Mozilla/5.0 (compatible; bingbot/2.0; +http://www.bing.com/bingbot.htm)"
157.55.39.44 - - [13/Jun/2021:14:07:14 +0200] "GET /nici-love-pooh-pencil-case-p-23172.html HTTP/1.0" 200 73047 "-" "Mozilla/5.0 (compatible; bingbot/2.0; +http://www.bing.com/bingbot.htm)"
157.55.39.44 - - [13/Jun/2021:14:07:16 +0200] "GET /bird-ceramic-mug-with-infuser-p-37893.html HTTP/1.0" 301 72929 "-" "Mozilla/5.0 (compatible; bingbot/2.0; +http://www.bing.com/bingbot.htm)"
185.191.171.43 - - [13/Jun/2021:14:07:18 +0200] "GET /le-chat-noir-sugar-box-p-26836.html HTTP/1.0" 301 70311 "-" "Mozilla/5.0 (compatible; SemrushBot/7~bl; +http://www.semrush.com/bot.html)"
185.191.171.16 - - [13/Jun/2021:14:07:20 +0200] "GET /chat-noir-sugar-p-26836.html HTTP/1.0" 200 70229 "-" "Mozilla/5.0 (compatible; SemrushBot/7~bl; +http://www.semrush.com/bot.html)"
54.36.148.182 - - [13/Jun/2021:14:07:21 +0200] "GET /dog-head-wallet-model-p-39442.html HTTP/1.0" 301 72899 "-" "Mozilla/5.0 (compatible; AhrefsBot/7.0; +http://ahrefs.com/robot/)"
157.55.39.128 - - [13/Jun/2021:14:07:25 +0200] "GET /-p-6455.html HTTP/1.0" 200 70163 "-" "Mozilla/5.0 (compatible; bingbot/2.0; +http://www.bing.com/bingbot.htm)"
157.55.39.128 - - [13/Jun/2021:14:07:27 +0200] "GET /chairs-cushion-c-11_165.html?page=3 HTTP/1.0" 200 91777 "-" "Mozilla/5.0 (compatible; bingbot/2.0; +http://www.bing.com/bingbot.htm)"
40.77.167.90 - - [13/Jun/2021:14:07:30 +0200] "GET /small-postcard-plate-with-envelope-15-105-cm-p-40127.html HTTP/1.0" 301 73143 "-" "Mozilla/5.0 (compatible; bingbot/2.0; +http://www.bing.com/bingbot.htm)"
80.11.253.192 - - [13/Jun/2021:14:07:37 +0200] "GET / HTTP/1.0" 200 150657 "-" "Mozilla/5.0 (Windows NT 10.0; Win64; x64; rv:89.0) Gecko/20100101 Firefox/89.0"
80.11.253.192 - - [13/Jun/2021:14:07:38 +0200] "GET /templates/Pixame_v1/stylesheet.css HTTP/1.0" 200 267 "http://www.wonder-geek.com/" "Mozilla/5.0 (Windows NT 10.0; Win64; x64; rv:89.0) Gecko/20100101 Firefox/89.0"
80.11.253.192 - - [13/Jun/2021:14:07:38 +0200] "GET /js/jquery.js HTTP/1.0" 200 252 "http://www.wonder-geek.com/" "Mozilla/5.0 (Windows NT 10.0; Win64; x64; rv:89.0) Gecko/20100101 Firefox/89.0"
80.11.253.192 - - [13/Jun/2021:14:07:38 +0200] "GET /highslide/highslide.js HTTP/1.0" 200 262 "http://www.wonder-geek.com/" "Mozilla/5.0 (Windows NT 10.0; Win64; x64; rv:89.0) Gecko/20100101 Firefox/89.0"
80.11.253.192 - - [13/Jun/2021:14:07:38 +0200] "GET /mondial_relay/js/jquery-1.3.2.min.js HTTP/1.0" 200 276 "http://www.wonder-geek.com/" "Mozilla/5.0 (Windows NT 10.0; Win64; x64; rv:89.0) Gecko/20100101 Firefox/89.0"
80.11.253.192 - - [13/Jun/2021:14:07:38 +0200] "GET /js/jquery.jqzoom.js HTTP/1.0" 200 259 "http://www.wonder-geek.com/" "Mozilla/5.0 (Windows NT 10.0; Win64; x64; rv:89.0) Gecko/20100101 Firefox/89.0"
80.11.253.192 - - [13/Jun/2021:14:07:38 +0200] "GET /swfobject.js HTTP/1.0" 404 1308 "http://www.wonder-geek.com/" "Mozilla/5.0 (Windows NT 10.0; Win64; x64; rv:89.0) Gecko/20100101 Firefox/89.0"
80.11.253.192 - - [13/Jun/2021:14:07:38 +0200] "GET /js/jquery.min.js HTTP/1.0" 404 1308 "http://www.wonder-geek.com/" "Mozilla/5.0 (Windows NT 10.0; Win64; x64; rv:89.0) Gecko/20100101 Firefox/89.0"
80.11.253.192 - - [13/Jun/2021:14:07:38 +0200] "GET /js/jquery.masonry.min.js HTTP/1.0" 200 264 "http://www.wonder-geek.com/" "Mozilla/5.0 (Windows NT 10.0; Win64; x64; rv:89.0) Gecko/20100101 Firefox/89.0"
80.11.253.192 - - [13/Jun/2021:14:07:38 +0200] "GET /js/modernizr-transitions.js HTTP/1.0" 200 267 "http://www.wonder-geek.com/" "Mozilla/5.0 (Windows NT 10.0; Win64; x64; rv:89.0) Gecko/20100101 Firefox/89.0"
80.11.253.192 - - [13/Jun/2021:14:07:38 +0200] "GET /images/mini_prod/8433833240084a.jpg HTTP/1.0" 200 270 "http://www.wonder-geek.com/" "Mozilla/5.0 (Windows NT 10.0; Win64; x64; rv:89.0) Gecko/20100101 Firefox/89.0"
80.11.253.192 - - [13/Jun/2021:14:07:38 +0200] "GET /images/mini_prod/3665284220581.jpg HTTP/1.0" 200 269 "http://www.wonder-geek.com/" "Mozilla/5.0 (Windows NT 10.0; Win64; x64; rv:89.0) Gecko/20100101 Firefox/89.0"
80.11.253.192 - - [13/Jun/2021:14:07:37 +0200] "GET /adminweb/login.php HTTP/1.0" 200 4479 "-" "Mozilla/5.0 (Windows NT 10.0; Win64; x64; rv:89.0) Gecko/20100101 Firefox/89.0"
80.11.253.192 - - [13/Jun/2021:14:07:38 +0200] "GET /adminweb/includes/stylesheet.css HTTP/1.0" 200 265 "http://www.wonder-geek.com/adminweb/login.php" "Mozilla/5.0 (Windows NT 10.0; Win64; x64; rv:89.0) Gecko/20100101 Firefox/89.0"
80.11.253.192 - - [13/Jun/2021:14:07:38 +0200] "GET /adminweb/includes/index.css HTTP/1.0" 200 260 "http://www.wonder-geek.com/adminweb/login.php" "Mozilla/5.0 (Windows NT 10.0; Win64; x64; rv:89.0) Gecko/20100101 Firefox/89.0"
80.11.253.192 - - [13/Jun/2021:14:07:38 +0200] "GET /adminweb/includes/helptip.css HTTP/1.0" 200 1234 "http://www.wonder-geek.com/adminweb/login.php" "Mozilla/5.0 (Windows NT 10.0; Win64; x64; rv:89.0) Gecko/20100101 Firefox/89.0"
80.11.253.192 - - [13/Jun/2021:14:07:38 +0200] "GET /adminweb/includes/javascript/helptip.js HTTP/1.0" 200 279 "http://www.wonder-geek.com/adminweb/login.php" "Mozilla/5.0 (Windows NT 10.0; Win64; x64; rv:89.0) Gecko/20100101 Firefox/89.0"
80.11.253.192 - - [13/Jun/2021:14:07:38 +0200] "GET /images/mini_prod/5051276416823.jpg HTTP/1.0" 200 269 "http://www.wonder-geek.com/" "Mozilla/5.0 (Windows NT 10.0; Win64; x64; rv:89.0) Gecko/20100101 Firefox/89.0"
80.11.253.192 - - [13/Jun/2021:14:07:38 +0200] "GET /templates/Pixame_v1/images/infobox/pixel_trans.gif HTTP/1.0" 200 328 "http://www.wonder-geek.com/" "Mozilla/5.0 (Windows NT 10.0; Win64; x64; rv:89.0) Gecko/20100101 Firefox/89.0"
80.11.253.192 - - [13/Jun/2021:14:07:38 +0200] "GET /templates/Pixame_v1/images/pixel_trans.gif HTTP/1.0" 200 328 "http://www.wonder-geek.com/" "Mozilla/5.0 (Windows NT 10.0; Win64; x64; rv:89.0) Gecko/20100101 Firefox/89.0"
80.11.253.192 - - [13/Jun/2021:14:07:38 +0200] "GET /images/mini_prod/N5055321752836.jpg HTTP/1.0" 200 270 "http://www.wonder-geek.com/" "Mozilla/5.0 (Windows NT 10.0; Win64; x64; rv:89.0) Gecko/20100101 Firefox/89.0"
80.11.253.192 - - [13/Jun/2021:14:07:38 +0200] "GET /images/mini_prod/5055321765447.jpg HTTP/1.0" 200 269 "http://www.wonder-geek.com/" "Mozilla/5.0 (Windows NT 10.0; Win64; x64; rv:89.0) Gecko/20100101 Firefox/89.0"
80.11.253.192 - - [13/Jun/2021:14:07:38 +0200] "GET /images/mini_prod/8433933758878.jpg HTTP/1.0" 200 269 "http://www.wonder-geek.com/" "Mozilla/5.0 (Windows NT 10.0; Win64; x64; rv:89.0) Gecko/20100101 Firefox/89.0"
80.11.253.192 - - [13/Jun/2021:14:07:38 +0200] "GET /images/mini_prod/5027166920022.jpg HTTP/1.0" 200 269 "http://www.wonder-geek.com/" "Mozilla/5.0 (Windows NT 10.0; Win64; x64; rv:89.0) Gecko/20100101 Firefox/89.0"
80.11.253.192 - - [13/Jun/2021:14:07:38 +0200] "GET /images/mini_prod/5404006044627.jpg HTTP/1.0" 200 269 "http://www.wonder-geek.com/" "Mozilla/5.0 (Windows NT 10.0; Win64; x64; rv:89.0) Gecko/20100101 Firefox/89.0"
80.11.253.192 - - [13/Jun/2021:14:07:38 +0200] "GET /images/mini_prod/8720088294611.jpg HTTP/1.0" 200 269 "http://www.wonder-geek.com/" "Mozilla/5.0 (Windows NT 10.0; Win64; x64; rv:89.0) Gecko/20100101 Firefox/89.0"
80.11.253.192 - - [13/Jun/2021:14:07:38 +0200] "GET /images/mini_prod/3453131156318.jpg HTTP/1.0" 200 269 "http://www.wonder-geek.com/" "Mozilla/5.0 (Windows NT 10.0; Win64; x64; rv:89.0) Gecko/20100101 Firefox/89.0"
80.11.253.192 - - [13/Jun/2021:14:07:38 +0200] "GET /images/mini_prod/3540945859273.jpg HTTP/1.0" 200 269 "http://www.wonder-geek.com/" "Mozilla/5.0 (Windows NT 10.0; Win64; x64; rv:89.0) Gecko/20100101 Firefox/89.0"
80.11.253.192 - - [13/Jun/2021:14:07:38 +0200] "GET /images/mini_prod/3453131157629.jpg HTTP/1.0" 200 269 "http://www.wonder-geek.com/" "Mozilla/5.0 (Windows NT 10.0; Win64; x64; rv:89.0) Gecko/20100101 Firefox/89.0"
80.11.253.192 - - [13/Jun/2021:14:07:38 +0200] "GET /images/mini_prod/5055321748501.jpg HTTP/1.0" 200 269 "http://www.wonder-geek.com/" "Mozilla/5.0 (Windows NT 10.0; Win64; x64; rv:89.0) Gecko/20100101 Firefox/89.0"
80.11.253.192 - - [13/Jun/2021:14:07:38 +0200] "GET /images/pixel_trans.gif HTTP/1.0" 200 328 "http://www.wonder-geek.com/" "Mozilla/5.0 (Windows NT 10.0; Win64; x64; rv:89.0) Gecko/20100101 Firefox/89.0"
80.11.253.192 - - [13/Jun/2021:14:07:38 +0200] "GET /images/mini_prod/5027166920008.jpg HTTP/1.0" 200 269 "http://www.wonder-geek.com/" "Mozilla/5.0 (Windows NT 10.0; Win64; x64; rv:89.0) Gecko/20100101 Firefox/89.0"
80.11.253.192 - - [13/Jun/2021:14:07:38 +0200] "GET /images/mini_prod/8433933100325.jpg HTTP/1.0" 200 269 "http://www.wonder-geek.com/" "Mozilla/5.0 (Windows NT 10.0; Win64; x64; rv:89.0) Gecko/20100101 Firefox/89.0"
80.11.253.192 - - [13/Jun/2021:14:07:38 +0200] "GET /images/mini_prod/3520071784632.jpg HTTP/1.0" 200 269 "http://www.wonder-geek.com/" "Mozilla/5.0 (Windows NT 10.0; Win64; x64; rv:89.0) Gecko/20100101 Firefox/89.0"
80.11.253.192 - - [13/Jun/2021:14:07:38 +0200] "GET /images/mini_prod/8422004158037B.jpg HTTP/1.0" 200 270 "http://www.wonder-geek.com/" "Mozilla/5.0 (Windows NT 10.0; Win64; x64; rv:89.0) Gecko/20100101 Firefox/89.0"
80.11.253.192 - - [13/Jun/2021:14:07:38 +0200] "GET /images/mini_prod/5051276416830.jpg HTTP/1.0" 200 269 "http://www.wonder-geek.com/" "Mozilla/5.0 (Windows NT 10.0; Win64; x64; rv:89.0) Gecko/20100101 Firefox/89.0"
80.11.253.192 - - [13/Jun/2021:14:07:38 +0200] "GET /templates/Pixame_v1/images/icon_accueil2.png HTTP/1.0" 200 278 "http://www.wonder-geek.com/" "Mozilla/5.0 (Windows NT 10.0; Win64; x64; rv:89.0) Gecko/20100101 Firefox/89.0"
80.11.253.192 - - [13/Jun/2021:14:07:38 +0200] "GET /images/mini_prod/3520071807140.jpg HTTP/1.0" 200 269 "http://www.wonder-geek.com/" "Mozilla/5.0 (Windows NT 10.0; Win64; x64; rv:89.0) Gecko/20100101 Firefox/89.0"
80.11.253.192 - - [13/Jun/2021:14:07:38 +0200] "GET /images/mini_prod/8720088294604.jpg HTTP/1.0" 200 269 "http://www.wonder-geek.com/" "Mozilla/5.0 (Windows NT 10.0; Win64; x64; rv:89.0) Gecko/20100101 Firefox/89.0"
80.11.253.192 - - [13/Jun/2021:14:07:38 +0200] "GET /images/mini_prod/8712159169966.jpg HTTP/1.0" 200 269 "http://www.wonder-geek.com/" "Mozilla/5.0 (Windows NT 10.0; Win64; x64; rv:89.0) Gecko/20100101 Firefox/89.0"
80.11.253.192 - - [13/Jun/2021:14:07:38 +0200] "GET /images/mini_prod/5415203108999.jpg HTTP/1.0" 200 269 "http://www.wonder-geek.com/" "Mozilla/5.0 (Windows NT 10.0; Win64; x64; rv:89.0) Gecko/20100101 Firefox/89.0"
80.11.253.192 - - [13/Jun/2021:14:07:38 +0200] "GET /images/mini_prod/5404006043446.jpg HTTP/1.0" 200 269 "http://www.wonder-geek.com/" "Mozilla/5.0 (Windows NT 10.0; Win64; x64; rv:89.0) Gecko/20100101 Firefox/89.0"
80.11.253.192 - - [13/Jun/2021:14:07:38 +0200] "GET /images/mini_prod/3665284220598.jpg HTTP/1.0" 200 269 "http://www.wonder-geek.com/" "Mozilla/5.0 (Windows NT 10.0; Win64; x64; rv:89.0) Gecko/20100101 Firefox/89.0"
80.11.253.192 - - [13/Jun/2021:14:07:38 +0200] "GET /images/defaut.gif HTTP/1.0" 200 251 "http://www.wonder-geek.com/" "Mozilla/5.0 (Windows NT 10.0; Win64; x64; rv:89.0) Gecko/20100101 Firefox/89.0"
80.11.253.192 - - [13/Jun/2021:14:07:38 +0200] "GET /images/mini_prod/8433933237212.jpg HTTP/1.0" 200 269 "http://www.wonder-geek.com/" "Mozilla/5.0 (Windows NT 10.0; Win64; x64; rv:89.0) Gecko/20100101 Firefox/89.0"
80.11.253.192 - - [13/Jun/2021:14:07:38 +0200] "GET /images/mini_prod/3665284220635.jpg HTTP/1.0" 200 269 "http://www.wonder-geek.com/" "Mozilla/5.0 (Windows NT 10.0; Win64; x64; rv:89.0) Gecko/20100101 Firefox/89.0"
80.11.253.192 - - [13/Jun/2021:14:07:38 +0200] "GET /images/mini_prod/8433833240145.jpg HTTP/1.0" 200 269 "http://www.wonder-geek.com/" "Mozilla/5.0 (Windows NT 10.0; Win64; x64; rv:89.0) Gecko/20100101 Firefox/89.0"
80.11.253.192 - - [13/Jun/2021:14:07:38 +0200] "GET /images/mini_prod/360981997964.jpg HTTP/1.0" 200 268 "http://www.wonder-geek.com/" "Mozilla/5.0 (Windows NT 10.0; Win64; x64; rv:89.0) Gecko/20100101 Firefox/89.0"
80.11.253.192 - - [13/Jun/2021:14:07:38 +0200] "GET /images/mini_prod/5055321748471.jpg HTTP/1.0" 200 269 "http://www.wonder-geek.com/" "Mozilla/5.0 (Windows NT 10.0; Win64; x64; rv:89.0) Gecko/20100101 Firefox/89.0"
80.11.253.192 - - [13/Jun/2021:14:07:38 +0200] "GET /images/mini_prod/3453131146333.jpg HTTP/1.0" 200 269 "http://www.wonder-geek.com/" "Mozilla/5.0 (Windows NT 10.0; Win64; x64; rv:89.0) Gecko/20100101 Firefox/89.0"
80.11.253.192 - - [13/Jun/2021:14:07:38 +0200] "GET /images/mini_prod/5055321748518.jpg HTTP/1.0" 200 269 "http://www.wonder-geek.com/" "Mozilla/5.0 (Windows NT 10.0; Win64; x64; rv:89.0) Gecko/20100101 Firefox/89.0"
80.11.253.192 - - [13/Jun/2021:14:07:38 +0200] "GET /images/mini_prod/3453131155229.jpg HTTP/1.0" 200 269 "http://www.wonder-geek.com/" "Mozilla/5.0 (Windows NT 10.0; Win64; x64; rv:89.0) Gecko/20100101 Firefox/89.0"
80.11.253.192 - - [13/Jun/2021:14:07:38 +0200] "GET /images/mini_prod/8422018273511.jpg HTTP/1.0" 200 269 "http://www.wonder-geek.com/" "Mozilla/5.0 (Windows NT 10.0; Win64; x64; rv:89.0) Gecko/20100101 Firefox/89.0"
80.11.253.192 - - [13/Jun/2021:14:07:38 +0200] "GET /images/mini_prod/8445148006330.jpg HTTP/1.0" 200 269 "http://www.wonder-geek.com/" "Mozilla/5.0 (Windows NT 10.0; Win64; x64; rv:89.0) Gecko/20100101 Firefox/89.0"
80.11.253.192 - - [13/Jun/2021:14:07:38 +0200] "GET /images/mini_prod/3453131157377.jpg HTTP/1.0" 200 269 "http://www.wonder-geek.com/" "Mozilla/5.0 (Windows NT 10.0; Win64; x64; rv:89.0) Gecko/20100101 Firefox/89.0"
80.11.253.192 - - [13/Jun/2021:14:07:38 +0200] "GET /images/mini_prod/5055321757893.jpg HTTP/1.0" 200 269 "http://www.wonder-geek.com/" "Mozilla/5.0 (Windows NT 10.0; Win64; x64; rv:89.0) Gecko/20100101 Firefox/89.0"
80.11.253.192 - - [13/Jun/2021:14:07:38 +0200] "GET /images/mini_prod/3520071798769.jpg HTTP/1.0" 200 269 "http://www.wonder-geek.com/" "Mozilla/5.0 (Windows NT 10.0; Win64; x64; rv:89.0) Gecko/20100101 Firefox/89.0"
80.11.253.192 - - [13/Jun/2021:14:07:38 +0200] "GET /images/mini_prod/8433833240121.jpg HTTP/1.0" 200 269 "http://www.wonder-geek.com/" "Mozilla/5.0 (Windows NT 10.0; Win64; x64; rv:89.0) Gecko/20100101 Firefox/89.0"
80.11.253.192 - - [13/Jun/2021:14:07:39 +0200] "GET /images/mini_prod/5415203942296.jpg HTTP/1.0" 200 269 "http://www.wonder-geek.com/" "Mozilla/5.0 (Windows NT 10.0; Win64; x64; rv:89.0) Gecko/20100101 Firefox/89.0"
80.11.253.192 - - [13/Jun/2021:14:07:39 +0200] "GET /images/mini_prod/3565750200065.jpg HTTP/1.0" 200 269 "http://www.wonder-geek.com/" "Mozilla/5.0 (Windows NT 10.0; Win64; x64; rv:89.0) Gecko/20100101 Firefox/89.0"
80.11.253.192 - - [13/Jun/2021:14:07:39 +0200] "GET /images/mini_prod/8424346363773.jpg HTTP/1.0" 200 269 "http://www.wonder-geek.com/" "Mozilla/5.0 (Windows NT 10.0; Win64; x64; rv:89.0) Gecko/20100101 Firefox/89.0"
80.11.253.192 - - [13/Jun/2021:14:07:39 +0200] "GET /images/mini_prod/3565752000700.jpg HTTP/1.0" 200 269 "http://www.wonder-geek.com/" "Mozilla/5.0 (Windows NT 10.0; Win64; x64; rv:89.0) Gecko/20100101 Firefox/89.0"
80.11.253.192 - - [13/Jun/2021:14:07:39 +0200] "GET /images/mini_prod/842201827250.jpg HTTP/1.0" 200 268 "http://www.wonder-geek.com/" "Mozilla/5.0 (Windows NT 10.0; Win64; x64; rv:89.0) Gecko/20100101 Firefox/89.0"
80.11.253.192 - - [13/Jun/2021:14:07:39 +0200] "GET /images/mini_prod/8424001815784.jpg HTTP/1.0" 200 269 "http://www.wonder-geek.com/" "Mozilla/5.0 (Windows NT 10.0; Win64; x64; rv:89.0) Gecko/20100101 Firefox/89.0"
80.11.253.192 - - [13/Jun/2021:14:07:39 +0200] "GET /images/mini_prod/5027148067066.jpg HTTP/1.0" 200 269 "http://www.wonder-geek.com/" "Mozilla/5.0 (Windows NT 10.0; Win64; x64; rv:89.0) Gecko/20100101 Firefox/89.0"
80.11.253.192 - - [13/Jun/2021:14:07:39 +0200] "GET /images/mini_prod/8424346367375.jpg HTTP/1.0" 200 269 "http://www.wonder-geek.com/" "Mozilla/5.0 (Windows NT 10.0; Win64; x64; rv:89.0) Gecko/20100101 Firefox/89.0"
80.11.253.192 - - [13/Jun/2021:14:07:39 +0200] "GET /images/mini_prod/8712159160833.jpg HTTP/1.0" 200 269 "http://www.wonder-geek.com/" "Mozilla/5.0 (Windows NT 10.0; Win64; x64; rv:89.0) Gecko/20100101 Firefox/89.0"
80.11.253.192 - - [13/Jun/2021:14:07:39 +0200] "GET /images/mini_prod/8433833240220.jpg HTTP/1.0" 200 269 "http://www.wonder-geek.com/" "Mozilla/5.0 (Windows NT 10.0; Win64; x64; rv:89.0) Gecko/20100101 Firefox/89.0"
80.11.253.192 - - [13/Jun/2021:14:07:39 +0200] "GET /images/mini_prod/5404006048250.jpg HTTP/1.0" 200 269 "http://www.wonder-geek.com/" "Mozilla/5.0 (Windows NT 10.0; Win64; x64; rv:89.0) Gecko/20100101 Firefox/89.0"
80.11.253.192 - - [13/Jun/2021:14:07:39 +0200] "GET /images/mini_prod/3520071784625.jpg HTTP/1.0" 200 269 "http://www.wonder-geek.com/" "Mozilla/5.0 (Windows NT 10.0; Win64; x64; rv:89.0) Gecko/20100101 Firefox/89.0"
80.11.253.192 - - [13/Jun/2021:14:07:39 +0200] "GET /images/mini_prod/5055321752836.jpg HTTP/1.0" 200 269 "http://www.wonder-geek.com/" "Mozilla/5.0 (Windows NT 10.0; Win64; x64; rv:89.0) Gecko/20100101 Firefox/89.0"
80.11.253.192 - - [13/Jun/2021:14:07:39 +0200] "GET /images/mini_prod/8422018273603.jpg HTTP/1.0" 200 269 "http://www.wonder-geek.com/" "Mozilla/5.0 (Windows NT 10.0; Win64; x64; rv:89.0) Gecko/20100101 Firefox/89.0"
80.11.253.192 - - [13/Jun/2021:14:07:39 +0200] "GET /images/mini_prod/5055321765201.jpg HTTP/1.0" 200 269 "http://www.wonder-geek.com/" "Mozilla/5.0 (Windows NT 10.0; Win64; x64; rv:89.0) Gecko/20100101 Firefox/89.0"
80.11.253.192 - - [13/Jun/2021:14:07:39 +0200] "GET /images/mini_prod/5055321765836.jpg HTTP/1.0" 200 269 "http://www.wonder-geek.com/" "Mozilla/5.0 (Windows NT 10.0; Win64; x64; rv:89.0) Gecko/20100101 Firefox/89.0"
80.11.253.192 - - [13/Jun/2021:14:07:39 +0200] "GET /images/mini_prod/3665284220659.jpg HTTP/1.0" 200 269 "http://www.wonder-geek.com/" "Mozilla/5.0 (Windows NT 10.0; Win64; x64; rv:89.0) Gecko/20100101 Firefox/89.0"
80.11.253.192 - - [13/Jun/2021:14:07:39 +0200] "GET /images/mini_prod/3520071807164.jpg HTTP/1.0" 200 269 "http://www.wonder-geek.com/" "Mozilla/5.0 (Windows NT 10.0; Win64; x64; rv:89.0) Gecko/20100101 Firefox/89.0"
80.11.253.192 - - [13/Jun/2021:14:07:39 +0200] "GET /images/mini_prod/8712159167870.jpg HTTP/1.0" 200 269 "http://www.wonder-geek.com/" "Mozilla/5.0 (Windows NT 10.0; Win64; x64; rv:89.0) Gecko/20100101 Firefox/89.0"
80.11.253.192 - - [13/Jun/2021:14:07:39 +0200] "GET /images/mini_prod/8433933127841.jpg HTTP/1.0" 200 269 "http://www.wonder-geek.com/" "Mozilla/5.0 (Windows NT 10.0; Win64; x64; rv:89.0) Gecko/20100101 Firefox/89.0"
80.11.253.192 - - [13/Jun/2021:14:07:39 +0200] "GET /images/mini_prod/5055321753017.jpg HTTP/1.0" 200 269 "http://www.wonder-geek.com/" "Mozilla/5.0 (Windows NT 10.0; Win64; x64; rv:89.0) Gecko/20100101 Firefox/89.0"
80.11.253.192 - - [13/Jun/2021:14:07:39 +0200] "GET /images/mini_prod/5400924136208.jpg HTTP/1.0" 200 269 "http://www.wonder-geek.com/" "Mozilla/5.0 (Windows NT 10.0; Win64; x64; rv:89.0) Gecko/20100101 Firefox/89.0"
80.11.253.192 - - [13/Jun/2021:14:07:39 +0200] "GET /images/mini_prod/3609810053953.jpg HTTP/1.0" 200 269 "http://www.wonder-geek.com/" "Mozilla/5.0 (Windows NT 10.0; Win64; x64; rv:89.0) Gecko/20100101 Firefox/89.0"
80.11.253.192 - - [13/Jun/2021:14:07:39 +0200] "GET /images/mini_prod/8422000414809B.jpg HTTP/1.0" 200 270 "http://www.wonder-geek.com/" "Mozilla/5.0 (Windows NT 10.0; Win64; x64; rv:89.0) Gecko/20100101 Firefox/89.0"
80.11.253.192 - - [13/Jun/2021:14:07:39 +0200] "GET /images/mini_prod/3665284220574.jpg HTTP/1.0" 200 269 "http://www.wonder-geek.com/" "Mozilla/5.0 (Windows NT 10.0; Win64; x64; rv:89.0) Gecko/20100101 Firefox/89.0"
80.11.253.192 - - [13/Jun/2021:14:07:39 +0200] "GET /favicon.ico HTTP/1.0" 200 260 "http://www.wonder-geek.com/adminweb/login.php" "Mozilla/5.0 (Windows NT 10.0; Win64; x64; rv:89.0) Gecko/20100101 Firefox/89.0"
80.11.253.192 - - [13/Jun/2021:14:07:39 +0200] "GET /adminweb/images/logo_mini.png HTTP/1.0" 200 263 "http://www.wonder-geek.com/adminweb/login.php" "Mozilla/5.0 (Windows NT 10.0; Win64; x64; rv:89.0) Gecko/20100101 Firefox/89.0"
80.11.253.192 - - [13/Jun/2021:14:07:39 +0200] "GET /adminweb/includes/languages/french/images/buttons/button_confirm.gif HTTP/1.0" 200 302 "http://www.wonder-geek.com/adminweb/login.php" "Mozilla/5.0 (Windows NT 10.0; Win64; x64; rv:89.0) Gecko/20100101 Firefox/89.0"
80.11.253.192 - - [13/Jun/2021:14:07:39 +0200] "GET /adminweb/images/pixel_trans.gif HTTP/1.0" 200 328 "http://www.wonder-geek.com/adminweb/login.php" "Mozilla/5.0 (Windows NT 10.0; Win64; x64; rv:89.0) Gecko/20100101 Firefox/89.0"
80.11.253.192 - - [13/Jun/2021:14:07:39 +0200] "GET /adminweb/images/pixel_black.gif HTTP/1.0" 200 320 "http://www.wonder-geek.com/adminweb/login.php" "Mozilla/5.0 (Windows NT 10.0; Win64; x64; rv:89.0) Gecko/20100101 Firefox/89.0"
80.11.253.192 - - [13/Jun/2021:14:07:39 +0200] "GET /adminweb/images/artoisweb.jpg HTTP/1.0" 200 264 "http://www.wonder-geek.com/adminweb/login.php" "Mozilla/5.0 (Windows NT 10.0; Win64; x64; rv:89.0) Gecko/20100101 Firefox/89.0"
80.11.253.192 - - [13/Jun/2021:14:07:41 +0200] "GET /templates/Pixame_v1/images/Bottom_texture.jpg HTTP/1.0" 200 280 "http://www.wonder-geek.com/templates/Pixame_v1/stylesheet.css" "Mozilla/5.0 (Windows NT 10.0; Win64; x64; rv:89.0) Gecko/20100101 Firefox/89.0"
80.11.253.192 - - [13/Jun/2021:14:07:41 +0200] "GET /swfobject.js HTTP/1.0" 404 1308 "http://www.wonder-geek.com/" "Mozilla/5.0 (Windows NT 10.0; Win64; x64; rv:89.0) Gecko/20100101 Firefox/89.0"
207.46.13.180 - - [13/Jun/2021:14:07:41 +0200] "GET /resin-stone-boxes-storage-c-84.html HTTP/1.0" 301 82285 "-" "Mozilla/5.0 (compatible; bingbot/2.0; +http://www.bing.com/bingbot.htm)"
51.68.224.127 - - [13/Jun/2021:14:07:41 +0200] "GET /adminweb/export_orders_xml.php?token=256de2z6edz6ed2z6DFSFsed2zed6zeDSFDSGdzedezfzf&maxorders=10&orderstart=1&status=14&start_date=2018-10-01 HTTP/1.0" 200 285 "-" "GesCom CharlotteBoutik Serveur"
51.68.224.127 - - [13/Jun/2021:14:07:41 +0200] "GET /adminweb/export_orders_xml.php?token=256de2z6edz6ed2z6DFSFsed2zed6zeDSFDSGdzedezfzf&maxorders=10&orderstart=1&status=6&start_date=2018-10-01 HTTP/1.0" 200 30039 "-" "GesCom CharlotteBoutik Serveur"
80.11.253.192 - - [13/Jun/2021:14:07:42 +0200] "GET /templates/Pixame_v1/images/Middle_texture.jpg HTTP/1.0" 200 280 "http://www.wonder-geek.com/templates/Pixame_v1/stylesheet.css" "Mozilla/5.0 (Windows NT 10.0; Win64; x64; rv:89.0) Gecko/20100101 Firefox/89.0"
80.11.253.192 - - [13/Jun/2021:14:07:42 +0200] "GET /templates/Pixame_v1/images/header-object.png HTTP/1.0" 200 278 "http://www.wonder-geek.com/templates/Pixame_v1/stylesheet.css" "Mozilla/5.0 (Windows NT 10.0; Win64; x64; rv:89.0) Gecko/20100101 Firefox/89.0"
80.11.253.192 - - [13/Jun/2021:14:07:42 +0200] "GET /templates/Pixame_v1/images/header.png HTTP/1.0" 200 271 "http://www.wonder-geek.com/templates/Pixame_v1/stylesheet.css" "Mozilla/5.0 (Windows NT 10.0; Win64; x64; rv:89.0) Gecko/20100101 Firefox/89.0"
80.11.253.192 - - [13/Jun/2021:14:07:42 +0200] "GET /templates/Pixame_v1/images/nav.png HTTP/1.0" 200 268 "http://www.wonder-geek.com/templates/Pixame_v1/stylesheet.css" "Mozilla/5.0 (Windows NT 10.0; Win64; x64; rv:89.0) Gecko/20100101 Firefox/89.0"
80.11.253.192 - - [13/Jun/2021:14:07:43 +0200] "GET /templates/Pixame_v1/images/flash.swf HTTP/1.0" 200 290 "http://www.wonder-geek.com/" "Mozilla/5.0 (Windows NT 10.0; Win64; x64; rv:89.0) Gecko/20100101 Firefox/89.0"
147.92.153.13 - - [13/Jun/2021:14:07:43 +0200] "GET /bell-wall-bell-c-13_270.html HTTP/1.0" 200 89221 "-" "Mozilla/5.0 (compatible; Linespider/1.1; +https://lin.ee/4dwXkTH)"
80.11.253.192 - - [13/Jun/2021:14:07:44 +0200] "GET /js/jquery.min.js HTTP/1.0" 404 1308 "http://www.wonder-geek.com/" "Mozilla/5.0 (Windows NT 10.0; Win64; x64; rv:89.0) Gecko/20100101 Firefox/89.0"
80.11.253.192 - - [13/Jun/2021:14:07:44 +0200] "GET /templates/Pixame_v1/images/infobox/infobox_footer_middle.gif HTTP/1.0" 200 357 "http://www.wonder-geek.com/" "Mozilla/5.0 (Windows NT 10.0; Win64; x64; rv:89.0) Gecko/20100101 Firefox/89.0"
80.11.253.192 - - [13/Jun/2021:14:07:44 +0200] "GET /design/productsenstock.png HTTP/1.0" 200 260 "http://www.wonder-geek.com/templates/Pixame_v1/stylesheet.css" "Mozilla/5.0 (Windows NT 10.0; Win64; x64; rv:89.0) Gecko/20100101 Firefox/89.0"
80.11.253.192 - - [13/Jun/2021:14:07:55 +0200] "GET /highslide/graphics/loader.white.gif HTTP/1.0" 200 960 "http://www.wonder-geek.com/templates/Pixame_v1/stylesheet.css" "Mozilla/5.0 (Windows NT 10.0; Win64; x64; rv:89.0) Gecko/20100101 Firefox/89.0"
80.11.253.192 - - [13/Jun/2021:14:07:58 +0200] "GET /highslide/graphics/outlines/drop-shadow.png HTTP/1.0" 200 277 "http://www.wonder-geek.com/" "Mozilla/5.0 (Windows NT 10.0; Win64; x64; rv:89.0) Gecko/20100101 Firefox/89.0"
80.11.253.192 - - [13/Jun/2021:14:07:58 +0200] "GET /highslide/graphics/zoomout.cur HTTP/1.0" 200 614 "http://www.wonder-geek.com/" "Mozilla/5.0 (Windows NT 10.0; Win64; x64; rv:89.0) Gecko/20100101 Firefox/89.0"
207.46.13.38 - - [13/Jun/2021:14:08:29 +0200] "GET /-p-25951.html HTTP/1.0" 200 70165 "-" "Mozilla/5.0 (compatible; bingbot/2.0; +http://www.bing.com/bingbot.htm)"
54.36.148.2 - - [13/Jun/2021:14:08:29 +0200] "GET /jake-never-land-pirates-toddler-flatware-p-27545.html HTTP/1.0" 200 73046 "-" "Mozilla/5.0 (compatible; AhrefsBot/7.0; +http://ahrefs.com/robot/)"
207.46.13.38 - - [13/Jun/2021:14:08:31 +0200] "GET /lu-petit-beurre-bowl-p-41062.html HTTP/1.0" 301 72836 "-" "Mozilla/5.0 (compatible; bingbot/2.0; +http://www.bing.com/bingbot.htm)"
157.55.39.122 - - [13/Jun/2021:14:08:36 +0200] "GET /reversible-star-wars-bedclothes-140-200-cm-p-49672.html HTTP/1.0" 301 70232 "-" "Mozilla/5.0 (compatible; bingbot/2.0; +http://www.bing.com/bingbot.htm)"
40.77.167.90 - - [13/Jun/2021:14:08:50 +0200] "GET /pet-rug-60-40-cm-pacha-p-49540.html HTTP/1.0" 301 72723 "-" "Mozilla/5.0 (compatible; bingbot/2.0; +http://www.bing.com/bingbot.htm)"
80.11.253.192 - - [13/Jun/2021:14:08:51 +0200] "GET /adminweb/login.php HTTP/1.0" 200 4479 "-" "Mozilla/5.0 (Windows NT 10.0; Win64; x64; rv:89.0) Gecko/20100101 Firefox/89.0"
80.11.253.192 - - [13/Jun/2021:14:08:51 +0200] "GET /adminweb/includes/stylesheet.css HTTP/1.0" 200 265 "http://www.wonder-geek.com/adminweb/login.php" "Mozilla/5.0 (Windows NT 10.0; Win64; x64; rv:89.0) Gecko/20100101 Firefox/89.0"
80.11.253.192 - - [13/Jun/2021:14:08:56 +0200] "POST /adminweb/login.php?action=process HTTP/1.0" 302 481 "http://www.wonder-geek.com/adminweb/login.php" "Mozilla/5.0 (Windows NT 10.0; Win64; x64; rv:89.0) Gecko/20100101 Firefox/89.0"
80.11.253.192 - - [13/Jun/2021:14:08:56 +0200] "GET /adminweb/index.php HTTP/1.0" 200 27835 "http://www.wonder-geek.com/adminweb/login.php" "Mozilla/5.0 (Windows NT 10.0; Win64; x64; rv:89.0) Gecko/20100101 Firefox/89.0"
80.11.253.192 - - [13/Jun/2021:14:08:56 +0200] "GET /adminweb/includes/menu.js HTTP/1.0" 200 265 "http://www.wonder-geek.com/adminweb/index.php" "Mozilla/5.0 (Windows NT 10.0; Win64; x64; rv:89.0) Gecko/20100101 Firefox/89.0"
80.11.253.192 - - [13/Jun/2021:14:08:56 +0200] "GET /adminweb/images/cre_header_slice.gif HTTP/1.0" 200 270 "http://www.wonder-geek.com/adminweb/index.php" "Mozilla/5.0 (Windows NT 10.0; Win64; x64; rv:89.0) Gecko/20100101 Firefox/89.0"
80.11.253.192 - - [13/Jun/2021:14:09:01 +0200] "GET /adminweb/index.php HTTP/1.0" 302 481 "-" "Mozilla/5.0 (Windows NT 10.0; Win64; x64) AppleWebKit/537.36 (KHTML, like Gecko) Chrome/91.0.4472.77 Safari/537.36"
80.11.253.192 - - [13/Jun/2021:14:09:01 +0200] "GET /adminweb/login.php HTTP/1.0" 200 4479 "-" "Mozilla/5.0 (Windows NT 10.0; Win64; x64) AppleWebKit/537.36 (KHTML, like Gecko) Chrome/91.0.4472.77 Safari/537.36"
40.77.167.70 - - [13/Jun/2021:14:09:10 +0200] "GET /travel-trunk-p-49060.html HTTP/1.0" 200 70237 "-" "Mozilla/5.0 (compatible; bingbot/2.0; +http://www.bing.com/bingbot.htm)"
40.77.167.70 - - [13/Jun/2021:14:09:12 +0200] "GET /cotton-floor-cushion-charmelia-40-40-30-cm-p-47899.html HTTP/1.0" 301 73673 "-" "Mozilla/5.0 (compatible; bingbot/2.0; +http://www.bing.com/bingbot.htm)"
207.46.13.180 - - [13/Jun/2021:14:09:26 +0200] "GET /tour-eiffel-zippo-lighter-p-42877.html HTTP/1.0" 200 73294 "-" "Mozilla/5.0 (compatible; bingbot/2.0; +http://www.bing.com/bingbot.htm)"
80.11.253.192 - - [13/Jun/2021:14:09:28 +0200] "GET /adminweb/login.php HTTP/1.0" 200 4479 "-" "Mozilla/5.0 (Windows NT 10.0; Win64; x64; rv:89.0) Gecko/20100101 Firefox/89.0"
80.11.253.192 - - [13/Jun/2021:14:09:28 +0200] "GET /adminweb/includes/stylesheet.css HTTP/1.0" 200 265 "http://www.wonder-geek.com/adminweb/login.php" "Mozilla/5.0 (Windows NT 10.0; Win64; x64; rv:89.0) Gecko/20100101 Firefox/89.0"
80.11.253.192 - - [13/Jun/2021:14:09:28 +0200] "GET /adminweb/includes/index.css HTTP/1.0" 200 260 "http://www.wonder-geek.com/adminweb/login.php" "Mozilla/5.0 (Windows NT 10.0; Win64; x64; rv:89.0) Gecko/20100101 Firefox/89.0"
80.11.253.192 - - [13/Jun/2021:14:09:28 +0200] "GET /adminweb/includes/helptip.css HTTP/1.0" 200 1234 "http://www.wonder-geek.com/adminweb/login.php" "Mozilla/5.0 (Windows NT 10.0; Win64; x64; rv:89.0) Gecko/20100101 Firefox/89.0"
80.11.253.192 - - [13/Jun/2021:14:09:28 +0200] "GET /adminweb/includes/javascript/helptip.js HTTP/1.0" 200 279 "http://www.wonder-geek.com/adminweb/login.php" "Mozilla/5.0 (Windows NT 10.0; Win64; x64; rv:89.0) Gecko/20100101 Firefox/89.0"
80.11.253.192 - - [13/Jun/2021:14:09:28 +0200] "GET /adminweb/images/pixel_trans.gif HTTP/1.0" 200 328 "http://www.wonder-geek.com/adminweb/login.php" "Mozilla/5.0 (Windows NT 10.0; Win64; x64; rv:89.0) Gecko/20100101 Firefox/89.0"
80.11.253.192 - - [13/Jun/2021:14:09:28 +0200] "GET /adminweb/images/artoisweb.jpg HTTP/1.0" 200 264 "http://www.wonder-geek.com/adminweb/login.php" "Mozilla/5.0 (Windows NT 10.0; Win64; x64; rv:89.0) Gecko/20100101 Firefox/89.0"
80.11.253.192 - - [13/Jun/2021:14:09:28 +0200] "GET /adminweb/images/logo_mini.png HTTP/1.0" 200 263 "http://www.wonder-geek.com/adminweb/login.php" "Mozilla/5.0 (Windows NT 10.0; Win64; x64; rv:89.0) Gecko/20100101 Firefox/89.0"
80.11.253.192 - - [13/Jun/2021:14:09:28 +0200] "GET /adminweb/images/pixel_black.gif HTTP/1.0" 200 320 "http://www.wonder-geek.com/adminweb/login.php" "Mozilla/5.0 (Windows NT 10.0; Win64; x64; rv:89.0) Gecko/20100101 Firefox/89.0"
80.11.253.192 - - [13/Jun/2021:14:09:29 +0200] "GET /adminweb/includes/languages/french/images/buttons/button_confirm.gif HTTP/1.0" 200 302 "http://www.wonder-geek.com/adminweb/login.php" "Mozilla/5.0 (Windows NT 10.0; Win64; x64; rv:89.0) Gecko/20100101 Firefox/89.0"
80.11.253.192 - - [13/Jun/2021:14:09:34 +0200] "GET /adminweb/orders.php HTTP/1.0" 200 59470 "http://www.wonder-geek.com/adminweb/index.php" "Mozilla/5.0 (Windows NT 10.0; Win64; x64; rv:89.0) Gecko/20100101 Firefox/89.0"
80.11.253.192 - - [13/Jun/2021:14:09:34 +0200] "GET /adminweb/includes/general.js HTTP/1.0" 200 1135 "http://www.wonder-geek.com/adminweb/orders.php" "Mozilla/5.0 (Windows NT 10.0; Win64; x64; rv:89.0) Gecko/20100101 Firefox/89.0"
80.11.253.192 - - [13/Jun/2021:14:09:34 +0200] "GET /adminweb/includes/languages/french/images/buttons/button_edit_status.gif HTTP/1.0" 200 306 "http://www.wonder-geek.com/adminweb/orders.php" "Mozilla/5.0 (Windows NT 10.0; Win64; x64; rv:89.0) Gecko/20100101 Firefox/89.0"
80.11.253.192 - - [13/Jun/2021:14:09:34 +0200] "GET /adminweb/includes/languages/french/images/buttons/button_packingslip.gif HTTP/1.0" 200 988 "http://www.wonder-geek.com/adminweb/orders.php" "Mozilla/5.0 (Windows NT 10.0; Win64; x64; rv:89.0) Gecko/20100101 Firefox/89.0"
80.11.253.192 - - [13/Jun/2021:14:09:34 +0200] "GET /adminweb/includes/languages/french/images/buttons/button_invoice.gif HTTP/1.0" 200 302 "http://www.wonder-geek.com/adminweb/orders.php" "Mozilla/5.0 (Windows NT 10.0; Win64; x64; rv:89.0) Gecko/20100101 Firefox/89.0"
80.11.253.192 - - [13/Jun/2021:14:09:34 +0200] "GET /adminweb/images/arrow_up.gif HTTP/1.0" 200 373 "http://www.wonder-geek.com/adminweb/orders.php" "Mozilla/5.0 (Windows NT 10.0; Win64; x64; rv:89.0) Gecko/20100101 Firefox/89.0"
80.11.253.192 - - [13/Jun/2021:14:09:34 +0200] "GET /adminweb/images/arrow_down.gif HTTP/1.0" 200 373 "http://www.wonder-geek.com/adminweb/orders.php" "Mozilla/5.0 (Windows NT 10.0; Win64; x64; rv:89.0) Gecko/20100101 Firefox/89.0"
80.11.253.192 - - [13/Jun/2021:14:09:34 +0200] "GET /adminweb/includes/languages/french/images/buttons/button_delete.gif HTTP/1.0" 200 301 "http://www.wonder-geek.com/adminweb/orders.php" "Mozilla/5.0 (Windows NT 10.0; Win64; x64; rv:89.0) Gecko/20100101 Firefox/89.0"
80.11.253.192 - - [13/Jun/2021:14:09:34 +0200] "GET /adminweb/images/icons/preview.gif HTTP/1.0" 200 664 "http://www.wonder-geek.com/adminweb/orders.php" "Mozilla/5.0 (Windows NT 10.0; Win64; x64; rv:89.0) Gecko/20100101 Firefox/89.0"
80.11.253.192 - - [13/Jun/2021:14:09:34 +0200] "GET /adminweb/images/icons/icon_status_ok_colissimo.jpg HTTP/1.0" 200 285 "http://www.wonder-geek.com/adminweb/orders.php" "Mozilla/5.0 (Windows NT 10.0; Win64; x64; rv:89.0) Gecko/20100101 Firefox/89.0"
80.11.253.192 - - [13/Jun/2021:14:09:34 +0200] "GET /adminweb/includes/languages/french/images/buttons/button_edit_order.gif HTTP/1.0" 200 305 "http://www.wonder-geek.com/adminweb/orders.php" "Mozilla/5.0 (Windows NT 10.0; Win64; x64; rv:89.0) Gecko/20100101 Firefox/89.0"
80.11.253.192 - - [13/Jun/2021:14:09:34 +0200] "GET /adminweb/images/icon_info.gif HTTP/1.0" 200 827 "http://www.wonder-geek.com/adminweb/orders.php" "Mozilla/5.0 (Windows NT 10.0; Win64; x64; rv:89.0) Gecko/20100101 Firefox/89.0"
80.11.253.192 - - [13/Jun/2021:14:09:34 +0200] "GET /adminweb/images/icon_arrow_right.gif HTTP/1.0" 200 366 "http://www.wonder-geek.com/adminweb/orders.php" "Mozilla/5.0 (Windows NT 10.0; Win64; x64; rv:89.0) Gecko/20100101 Firefox/89.0"
207.46.13.38 - - [13/Jun/2021:14:09:47 +0200] "GET /swfobject.js HTTP/1.0" 404 1308 "-" "Mozilla/5.0 (compatible; bingbot/2.0; +http://www.bing.com/bingbot.htm)"
185.191.171.1 - - [13/Jun/2021:14:09:52 +0200] "GET /small-baby-teeth-parma-small-mouse-p-44659.html HTTP/1.0" 200 73071 "-" "Mozilla/5.0 (compatible; SemrushBot/7~bl; +http://www.semrush.com/bot.html)"
66.249.68.10 - - [13/Jun/2021:14:09:56 +0200] "GET /images/big_prod/3014627558919.jpg HTTP/1.0" 200 268 "-" "Googlebot-Image/1.0"
207.46.13.38 - - [13/Jun/2021:14:09:57 +0200] "GET /heart-shaped-selenite-white-p-47022.html HTTP/1.0" 200 74497 "-" "Mozilla/5.0 (compatible; bingbot/2.0; +http://www.bing.com/bingbot.htm)"
54.36.148.86 - - [13/Jun/2021:14:10:07 +0200] "GET /hello-kitty-hair-ornements-p-13561.html HTTP/1.0" 200 72954 "-" "Mozilla/5.0 (compatible; AhrefsBot/7.0; +http://ahrefs.com/robot/)"
207.46.13.38 - - [13/Jun/2021:14:10:14 +0200] "GET /laundry-basket-50-cm-p-52239.html HTTP/1.0" 301 72877 "-" "Mozilla/5.0 (compatible; bingbot/2.0; +http://www.bing.com/bingbot.htm)"
207.46.13.180 - - [13/Jun/2021:14:10:17 +0200] "GET /bowl-kissing-berry-inside-made-in-germany-p-48478.html HTTP/1.0" 301 74144 "-" "Mozilla/5.0 (compatible; bingbot/2.0; +http://www.bing.com/bingbot.htm)"
207.46.13.180 - - [13/Jun/2021:14:10:18 +0200] "GET /paris-je-aime-small-tray-p-18985.html HTTP/1.0" 301 73105 "-" "Mozilla/5.0 (compatible; bingbot/2.0; +http://www.bing.com/bingbot.htm)"
207.46.13.180 - - [13/Jun/2021:14:10:19 +0200] "GET /-p-25186.html HTTP/1.0" 200 70165 "-" "Mozilla/5.0 (compatible; bingbot/2.0; +http://www.bing.com/bingbot.htm)"
207.46.13.38 - - [13/Jun/2021:14:10:29 +0200] "GET /-p-30596.html HTTP/1.0" 200 70165 "-" "Mozilla/5.0 (compatible; bingbot/2.0; +http://www.bing.com/bingbot.htm)"
157.55.39.44 - - [13/Jun/2021:14:10:34 +0200] "GET /star-wars-inflatable-swimming-ring-p-34885.html HTTP/1.0" 200 73146 "-" "Mozilla/5.0 (compatible; bingbot/2.0; +http://www.bing.com/bingbot.htm)"
185.191.171.4 - - [13/Jun/2021:14:10:34 +0200] "GET /jane-crowther-frog-bowl-p-54778.html HTTP/1.0" 200 73541 "-" "Mozilla/5.0 (compatible; SemrushBot/7~bl; +http://www.semrush.com/bot.html)"
40.77.167.106 - - [13/Jun/2021:14:10:39 +0200] "GET /-p-28810.html HTTP/1.0" 200 70165 "-" "Mozilla/5.0 (compatible; bingbot/2.0; +http://www.bing.com/bingbot.htm)"
40.77.167.70 - - [13/Jun/2021:14:11:09 +0200] "GET /french-riviera-navy-blue-shopper-bag-p-38650.html HTTP/1.0" 301 70427 "-" "Mozilla/5.0 (compatible; bingbot/2.0; +http://www.bing.com/bingbot.htm)"
54.36.148.247 - - [13/Jun/2021:14:11:47 +0200] "GET /microfibre-base-cover-grey-p-47368.html HTTP/1.0" 200 72973 "-" "Mozilla/5.0 (compatible; AhrefsBot/7.0; +http://ahrefs.com/robot/)"
54.36.148.188 - - [13/Jun/2021:14:11:57 +0200] "GET /burlap-round-table-set-love-p-47321.html HTTP/1.0" 301 70232 "-" "Mozilla/5.0 (compatible; AhrefsBot/7.0; +http://ahrefs.com/robot/)"
40.77.167.106 - - [13/Jun/2021:14:12:01 +0200] "GET /disney-princess-pencil-case-p-44919.html HTTP/1.0" 200 72865 "-" "Mozilla/5.0 (compatible; bingbot/2.0; +http://www.bing.com/bingbot.htm)"
157.55.39.44 - - [13/Jun/2021:14:12:15 +0200] "GET /-p-21507.html HTTP/1.0" 200 70165 "-" "Mozilla/5.0 (compatible; bingbot/2.0; +http://www.bing.com/bingbot.htm)"
5.255.231.71 - - [13/Jun/2021:14:12:48 +0200] "GET /images/mini_prod/8422018239609.jpg HTTP/1.0" 200 269 "-" "Mozilla/5.0 (compatible; YandexImages/3.0; +http://yandex.com/bots)"
40.77.167.90 - - [13/Jun/2021:14:12:56 +0200] "GET /embossed-shoulder-bag-you-brought-me-love-p-32777.html HTTP/1.0" 301 74226 "-" "Mozilla/5.0 (compatible; bingbot/2.0; +http://www.bing.com/bingbot.htm)"
157.55.39.128 - - [13/Jun/2021:14:13:01 +0200] "GET /panda-bedclothes-140-200-cm-p-49147.html HTTP/1.0" 301 70328 "-" "Mozilla/5.0 (compatible; bingbot/2.0; +http://www.bing.com/bingbot.htm)"
157.55.39.152 - - [13/Jun/2021:14:13:10 +0200] "GET /mustache-white-tee-shirt-p-31176.html HTTP/1.0" 301 74838 "-" "Mozilla/5.0 (compatible; bingbot/2.0; +http://www.bing.com/bingbot.htm)"
40.77.167.106 - - [13/Jun/2021:14:13:20 +0200] "GET /bag-for-shopping-the-cats-of-dubout-big-dodo-40-40-cm-p-44030.html HTTP/1.0" 301 73858 "-" "Mozilla/5.0 (compatible; bingbot/2.0; +http://www.bing.com/bingbot.htm)"
54.36.148.231 - - [13/Jun/2021:14:13:26 +0200] "GET /microfibre-base-cover-light-brown-p-47981.html HTTP/1.0" 200 73008 "-" "Mozilla/5.0 (compatible; AhrefsBot/7.0; +http://ahrefs.com/robot/)"
40.77.167.70 - - [13/Jun/2021:14:13:31 +0200] "GET /-p-21278.html HTTP/1.0" 200 70165 "-" "Mozilla/5.0 (compatible; bingbot/2.0; +http://www.bing.com/bingbot.htm)"
40.77.167.90 - - [13/Jun/2021:14:13:40 +0200] "GET /-p-20067.html HTTP/1.0" 200 70165 "-" "Mozilla/5.0 (compatible; bingbot/2.0; +http://www.bing.com/bingbot.htm)"
40.77.167.90 - - [13/Jun/2021:14:13:42 +0200] "GET /dubout-cats-mug-p-33315.html HTTP/1.0" 301 70301 "-" "Mozilla/5.0 (compatible; bingbot/2.0; +http://www.bing.com/bingbot.htm)"
157.55.39.128 - - [13/Jun/2021:14:14:17 +0200] "GET /bolster-case-45-185-cm-red-p-36450.html HTTP/1.0" 301 73110 "-" "Mozilla/5.0 (compatible; bingbot/2.0; +http://www.bing.com/bingbot.htm)"
