54.36.149.87 - - [13/Jun/2021:15:56:09 +0200] "GET /solar-powered-sunflower-dancing-p-33552.html HTTP/1.0" 200 73117 "-" "Mozilla/5.0 (compatible; AhrefsBot/7.0; +http://ahrefs.com/robot/)"
185.191.171.16 - - [13/Jun/2021:15:56:35 +0200] "GET /salamander-wall-decoration-30-cm-p-40976.html HTTP/1.0" 301 70364 "-" "Mozilla/5.0 (compatible; SemrushBot/7~bl; +http://www.semrush.com/bot.html)"
157.55.39.128 - - [13/Jun/2021:15:56:36 +0200] "GET /-p-15633.html HTTP/1.0" 200 70165 "-" "Mozilla/5.0 (compatible; bingbot/2.0; +http://www.bing.com/bingbot.htm)"
185.191.171.33 - - [13/Jun/2021:15:56:37 +0200] "GET /salamander-wall-decoration-p-40976.html HTTP/1.0" 200 70271 "-" "Mozilla/5.0 (compatible; SemrushBot/7~bl; +http://www.semrush.com/bot.html)"
40.77.167.90 - - [13/Jun/2021:15:56:42 +0200] "GET /mug-dragon-ball-freezer-army-p-30218.html HTTP/1.0" 301 72944 "-" "Mozilla/5.0 (compatible; bingbot/2.0; +http://www.bing.com/bingbot.htm)"
185.191.171.15 - - [13/Jun/2021:15:56:49 +0200] "GET /despicable-puzzle-pieces-p-27684.html?action=add_product HTTP/1.0" 302 476 "-" "Mozilla/5.0 (compatible; SemrushBot/7~bl; +http://www.semrush.com/bot.html)"
157.55.39.152 - - [13/Jun/2021:15:56:50 +0200] "GET /bakugan-placemat-p-17143.html HTTP/1.0" 200 72835 "-" "Mozilla/5.0 (compatible; bingbot/2.0; +http://www.bing.com/bingbot.htm)"
207.46.13.38 - - [13/Jun/2021:15:57:08 +0200] "GET /swfobject.js HTTP/1.0" 404 1308 "-" "Mozilla/5.0 (compatible; bingbot/2.0; +http://www.bing.com/bingbot.htm)"
207.46.13.38 - - [13/Jun/2021:15:57:21 +0200] "GET /corsica-wall-decoration-p-44563.html HTTP/1.0" 200 72821 "-" "Mozilla/5.0 (compatible; bingbot/2.0; +http://www.bing.com/bingbot.htm)"
207.46.13.38 - - [13/Jun/2021:15:57:22 +0200] "GET /gold-wall-mirror-p-53691.html HTTP/1.0" 200 72773 "-" "Mozilla/5.0 (compatible; bingbot/2.0; +http://www.bing.com/bingbot.htm)"
40.77.167.70 - - [13/Jun/2021:15:57:26 +0200] "GET /morgan-red-for-women-watch-p-35096.html HTTP/1.0" 301 70355 "-" "Mozilla/5.0 (compatible; bingbot/2.0; +http://www.bing.com/bingbot.htm)"
40.77.167.106 - - [13/Jun/2021:15:57:31 +0200] "GET /-p-19741.html HTTP/1.0" 200 70165 "-" "Mozilla/5.0 (compatible; bingbot/2.0; +http://www.bing.com/bingbot.htm)"
54.36.148.126 - - [13/Jun/2021:15:57:38 +0200] "GET /harry-potter-figurine-ron-weasley-p-49389.html HTTP/1.0" 301 73714 "-" "Mozilla/5.0 (compatible; AhrefsBot/7.0; +http://ahrefs.com/robot/)"
207.46.13.38 - - [13/Jun/2021:15:57:39 +0200] "GET /-p-34266.html HTTP/1.0" 200 70165 "-" "Mozilla/5.0 (compatible; bingbot/2.0; +http://www.bing.com/bingbot.htm)"
54.36.148.86 - - [13/Jun/2021:15:57:42 +0200] "GET /jakarta-yellow-carpet-p-48421.html HTTP/1.0" 200 73625 "-" "Mozilla/5.0 (compatible; AhrefsBot/7.0; +http://ahrefs.com/robot/)"
207.46.13.38 - - [13/Jun/2021:15:57:46 +0200] "GET /gorjuss-the-fox-maxi-portfolio-p-26464.html HTTP/1.0" 301 73750 "-" "Mozilla/5.0 (compatible; bingbot/2.0; +http://www.bing.com/bingbot.htm)"
157.55.39.128 - - [13/Jun/2021:15:57:48 +0200] "GET /-p-35459.html HTTP/1.0" 200 70165 "-" "Mozilla/5.0 (compatible; bingbot/2.0; +http://www.bing.com/bingbot.htm)"
185.191.171.5 - - [13/Jun/2021:15:58:02 +0200] "GET /decoration-protection-animal-iphone-cable-p-47279.html HTTP/1.0" 200 76960 "-" "Mozilla/5.0 (compatible; SemrushBot/7~bl; +http://www.semrush.com/bot.html)"
207.46.13.38 - - [13/Jun/2021:15:58:08 +0200] "GET /decorative-statue-p-55285.html HTTP/1.0" 200 73428 "-" "Mozilla/5.0 (compatible; bingbot/2.0; +http://www.bing.com/bingbot.htm)"
157.55.39.44 - - [13/Jun/2021:15:58:08 +0200] "GET /decorative-globe-p-46667.html HTTP/1.0" 200 72814 "-" "Mozilla/5.0 (compatible; bingbot/2.0; +http://www.bing.com/bingbot.htm)"
54.36.148.3 - - [13/Jun/2021:15:58:15 +0200] "GET /minion-yellow-ceramic-mug-p-33964.html HTTP/1.0" 301 70232 "-" "Mozilla/5.0 (compatible; AhrefsBot/7.0; +http://ahrefs.com/robot/)"
54.36.148.19 - - [13/Jun/2021:15:58:32 +0200] "GET /lost-for-words-gorjuss-phone-cover-p-22788.html HTTP/1.0" 301 70232 "-" "Mozilla/5.0 (compatible; AhrefsBot/7.0; +http://ahrefs.com/robot/)"
185.191.171.9 - - [13/Jun/2021:15:58:49 +0200] "GET /glass-lamp-p-53103.html HTTP/1.0" 200 73503 "-" "Mozilla/5.0 (compatible; SemrushBot/7~bl; +http://www.semrush.com/bot.html)"
5.255.231.71 - - [13/Jun/2021:15:58:56 +0200] "GET /images/big_prod/8006180200577.jpg HTTP/1.0" 200 268 "-" "Mozilla/5.0 (compatible; YandexImages/3.0; +http://yandex.com/bots)"
157.55.39.24 - - [13/Jun/2021:15:59:20 +0200] "GET /la-ferrari-race-and-play-124-red-p-37804.html HTTP/1.0" 301 70232 "-" "Mozilla/5.0 (compatible; bingbot/2.0; +http://www.bing.com/bingbot.htm)"
54.36.149.28 - - [13/Jun/2021:15:59:21 +0200] "GET /duvet-cover-cotton-percale-threads-p-51260.html HTTP/1.0" 200 73104 "-" "Mozilla/5.0 (compatible; AhrefsBot/7.0; +http://ahrefs.com/robot/)"
54.36.148.140 - - [13/Jun/2021:15:59:27 +0200] "GET /wall-stickers-20-70-cm-treble-clef-p-51124.html HTTP/1.0" 301 73031 "-" "Mozilla/5.0 (compatible; AhrefsBot/7.0; +http://ahrefs.com/robot/)"
157.55.39.24 - - [13/Jun/2021:15:59:30 +0200] "GET /route-flag-mirror-p-32538.html HTTP/1.0" 200 72764 "-" "Mozilla/5.0 (compatible; bingbot/2.0; +http://www.bing.com/bingbot.htm)"
157.55.39.24 - - [13/Jun/2021:15:59:45 +0200] "GET /little-buddha-collection-keychain-p-53297.html HTTP/1.0" 200 72888 "-" "Mozilla/5.0 (compatible; bingbot/2.0; +http://www.bing.com/bingbot.htm)"
40.77.167.106 - - [13/Jun/2021:15:59:50 +0200] "GET /british-no-stress-eyelets-sheer-p-39099.html HTTP/1.0" 301 75128 "-" "Mozilla/5.0 (compatible; bingbot/2.0; +http://www.bing.com/bingbot.htm)"
40.77.167.106 - - [13/Jun/2021:15:59:50 +0200] "GET /cement-tile-stickers-15-15-cm-beige-and-gold-p-45005.html HTTP/1.0" 301 73939 "-" "Mozilla/5.0 (compatible; bingbot/2.0; +http://www.bing.com/bingbot.htm)"
157.55.39.152 - - [13/Jun/2021:16:00:21 +0200] "GET /magnet-citron-79-54-cm-p-40117.html HTTP/1.0" 301 72921 "-" "Mozilla/5.0 (compatible; bingbot/2.0; +http://www.bing.com/bingbot.htm)"
40.77.167.70 - - [13/Jun/2021:16:00:27 +0200] "GET /beatles-story-notebook-p-17105.html HTTP/1.0" 200 74567 "-" "Mozilla/5.0 (compatible; bingbot/2.0; +http://www.bing.com/bingbot.htm)"
185.191.171.16 - - [13/Jun/2021:16:00:36 +0200] "GET /bamboo-cups-humming-bird-p-49567.html HTTP/1.0" 200 72831 "-" "Mozilla/5.0 (compatible; SemrushBot/7~bl; +http://www.semrush.com/bot.html)"
54.36.148.86 - - [13/Jun/2021:16:00:50 +0200] "GET /quote-cutting-board-p-51903.html HTTP/1.0" 200 72777 "-" "Mozilla/5.0 (compatible; AhrefsBot/7.0; +http://ahrefs.com/robot/)"
207.46.13.38 - - [13/Jun/2021:16:01:27 +0200] "GET /acdc-covers-poster-p-36700.html HTTP/1.0" 200 72786 "-" "Mozilla/5.0 (compatible; bingbot/2.0; +http://www.bing.com/bingbot.htm)"
157.55.39.152 - - [13/Jun/2021:16:01:40 +0200] "GET /bob-the-builder-backpack-p-20702.html HTTP/1.0" 301 73054 "-" "Mozilla/5.0 (compatible; bingbot/2.0; +http://www.bing.com/bingbot.htm)"
40.77.167.106 - - [13/Jun/2021:16:01:44 +0200] "GET /newspaper-porcelain-bowl-p-31535.html HTTP/1.0" 200 70259 "-" "Mozilla/5.0 (compatible; bingbot/2.0; +http://www.bing.com/bingbot.htm)"
40.77.167.90 - - [13/Jun/2021:16:01:51 +0200] "GET /glass-cutting-board-cbkreation-p-51323.html HTTP/1.0" 200 72871 "-" "Mozilla/5.0 (compatible; bingbot/2.0; +http://www.bing.com/bingbot.htm)"
40.77.167.106 - - [13/Jun/2021:16:02:09 +0200] "GET /images/big_prod/8433933189771.jpg HTTP/1.0" 200 268 "-" "Mozilla/5.0 (compatible; bingbot/2.0; +http://www.bing.com/bingbot.htm)"
157.55.39.122 - - [13/Jun/2021:16:02:16 +0200] "GET /chactus-potholder-p-54729.html HTTP/1.0" 200 72787 "-" "Mozilla/5.0 (compatible; bingbot/2.0; +http://www.bing.com/bingbot.htm)"
54.36.148.2 - - [13/Jun/2021:16:02:17 +0200] "GET /star-wars-captain-phasma-poster-p-36316.html HTTP/1.0" 200 72885 "-" "Mozilla/5.0 (compatible; AhrefsBot/7.0; +http://ahrefs.com/robot/)"
157.55.39.152 - - [13/Jun/2021:16:02:22 +0200] "GET /small-box-for-baby-teeth-fir-dark-green-p-42381.html HTTP/1.0" 301 70232 "-" "Mozilla/5.0 (compatible; bingbot/2.0; +http://www.bing.com/bingbot.htm)"
207.46.13.38 - - [13/Jun/2021:16:03:10 +0200] "GET /-p-24011.html HTTP/1.0" 200 70165 "-" "Mozilla/5.0 (compatible; bingbot/2.0; +http://www.bing.com/bingbot.htm)"
157.55.39.128 - - [13/Jun/2021:16:03:16 +0200] "GET /images/mini_prod/8424346211975.jpg HTTP/1.0" 200 269 "-" "Mozilla/5.0 (compatible; bingbot/2.0; +http://www.bing.com/bingbot.htm)"
51.68.224.127 - - [13/Jun/2021:16:03:16 +0200] "GET /adminweb/export_orders_xml.php?token=256de2z6edz6ed2z6DFSFsed2zed6zeDSFDSGdzedezfzf&maxorders=10&orderstart=1&status=14&start_date=2018-10-01 HTTP/1.0" 200 285 "-" "GesCom CharlotteBoutik Serveur"
51.68.224.127 - - [13/Jun/2021:16:03:16 +0200] "GET /adminweb/export_orders_xml.php?token=256de2z6edz6ed2z6DFSFsed2zed6zeDSFDSGdzedezfzf&maxorders=10&orderstart=1&status=6&start_date=2018-10-01 HTTP/1.0" 200 30039 "-" "GesCom CharlotteBoutik Serveur"
207.46.13.38 - - [13/Jun/2021:16:03:21 +0200] "GET /patinated-metal-headlight-clock-p-45930.html HTTP/1.0" 200 70279 "-" "Mozilla/5.0 (compatible; bingbot/2.0; +http://www.bing.com/bingbot.htm)"
54.36.148.86 - - [13/Jun/2021:16:03:43 +0200] "GET /smurf-toddler-flatware-p-27536.html HTTP/1.0" 200 72822 "-" "Mozilla/5.0 (compatible; AhrefsBot/7.0; +http://ahrefs.com/robot/)"
17.121.114.171 - - [13/Jun/2021:16:03:47 +0200] "GET /betty-boop-large-sticker-p-2981.html HTTP/1.0" 200 72787 "-" "Mozilla/5.0 (Macintosh; Intel Mac OS X 10_15_5) AppleWebKit/605.1.15 (KHTML, like Gecko) Version/13.1.1 Safari/605.1.15 (Applebot/0.1; +http://www.apple.com/go/applebot)"
157.55.39.122 - - [13/Jun/2021:16:03:57 +0200] "GET /dragon-ball-crystal-ball-money-p-40944.html HTTP/1.0" 200 72994 "-" "Mozilla/5.0 (compatible; bingbot/2.0; +http://www.bing.com/bingbot.htm)"
185.191.171.42 - - [13/Jun/2021:16:04:42 +0200] "GET /egyptian-hathor-statue-resin-p-50137.html?action=add_product HTTP/1.0" 302 476 "-" "Mozilla/5.0 (compatible; SemrushBot/7~bl; +http://www.semrush.com/bot.html)"
40.77.167.106 - - [13/Jun/2021:16:04:50 +0200] "GET /car-wooden-barbapapa-with-its-handle-p-21473.html HTTP/1.0" 301 70415 "-" "Mozilla/5.0 (compatible; bingbot/2.0; +http://www.bing.com/bingbot.htm)"
207.46.13.38 - - [13/Jun/2021:16:04:55 +0200] "GET /my-favourite-friends-puppy-kids-school-backpack-p-36204.html HTTP/1.0" 301 70448 "-" "Mozilla/5.0 (compatible; bingbot/2.0; +http://www.bing.com/bingbot.htm)"
207.46.13.48 - - [13/Jun/2021:16:04:58 +0200] "GET /robots.txt HTTP/1.0" 200 245 "-" "Mozilla/5.0 (compatible; bingbot/2.0; +http://www.bing.com/bingbot.htm)"
147.92.153.7 - - [13/Jun/2021:16:05:03 +0200] "GET /good-point-c-13_150_151.html HTTP/1.0" 200 79321 "-" "Mozilla/5.0 (compatible; Linespider/1.1; +https://lin.ee/4dwXkTH)"
185.191.171.42 - - [13/Jun/2021:16:05:05 +0200] "GET /poster-corsica-50-70-cm-p-43687.html HTTP/1.0" 301 72915 "-" "Mozilla/5.0 (compatible; SemrushBot/7~bl; +http://www.semrush.com/bot.html)"
185.191.171.7 - - [13/Jun/2021:16:05:07 +0200] "GET /poster-corsica-p-43687.html HTTP/1.0" 200 72834 "-" "Mozilla/5.0 (compatible; SemrushBot/7~bl; +http://www.semrush.com/bot.html)"
157.55.39.152 - - [13/Jun/2021:16:05:10 +0200] "GET /-p-9859.html HTTP/1.0" 200 70163 "-" "Mozilla/5.0 (compatible; bingbot/2.0; +http://www.bing.com/bingbot.htm)"
54.36.148.86 - - [13/Jun/2021:16:05:18 +0200] "GET /lola-shower-towel-grey-p-41786.html HTTP/1.0" 200 73710 "-" "Mozilla/5.0 (compatible; AhrefsBot/7.0; +http://ahrefs.com/robot/)"
157.55.39.24 - - [13/Jun/2021:16:05:21 +0200] "GET /london-bus-shower-curtain-180-180-cm-p-34867.html HTTP/1.0" 301 73010 "-" "Mozilla/5.0 (compatible; bingbot/2.0; +http://www.bing.com/bingbot.htm)"
185.191.171.45 - - [13/Jun/2021:16:05:34 +0200] "GET /ceramic-flower-p-53368.html HTTP/1.0" 200 72761 "-" "Mozilla/5.0 (compatible; SemrushBot/7~bl; +http://www.semrush.com/bot.html)"
157.55.39.24 - - [13/Jun/2021:16:06:00 +0200] "GET /kimmidoll-storage-cardboard-boxes-p-31956.html HTTP/1.0" 301 70232 "-" "Mozilla/5.0 (compatible; bingbot/2.0; +http://www.bing.com/bingbot.htm)"
207.46.13.38 - - [13/Jun/2021:16:06:08 +0200] "GET /-p-12218.html HTTP/1.0" 200 70165 "-" "Mozilla/5.0 (compatible; bingbot/2.0; +http://www.bing.com/bingbot.htm)"
157.55.39.44 - - [13/Jun/2021:16:06:45 +0200] "GET /hello-kitty-banner-p-16867.html HTTP/1.0" 200 70246 "-" "Mozilla/5.0 (compatible; bingbot/2.0; +http://www.bing.com/bingbot.htm)"
54.36.148.34 - - [13/Jun/2021:16:06:49 +0200] "GET /laundry-basket-p-49923.html HTTP/1.0" 200 73435 "-" "Mozilla/5.0 (compatible; AhrefsBot/7.0; +http://ahrefs.com/robot/)"
157.55.39.122 - - [13/Jun/2021:16:06:49 +0200] "GET /-p-22316.html HTTP/1.0" 200 70165 "-" "Mozilla/5.0 (compatible; bingbot/2.0; +http://www.bing.com/bingbot.htm)"
185.191.171.21 - - [13/Jun/2021:16:07:17 +0200] "GET /stationery-cardmaking-c-129.html HTTP/1.0" 200 92219 "-" "Mozilla/5.0 (compatible; SemrushBot/7~bl; +http://www.semrush.com/bot.html)"
157.55.39.122 - - [13/Jun/2021:16:07:27 +0200] "GET /-p-31396.html HTTP/1.0" 200 70165 "-" "Mozilla/5.0 (compatible; bingbot/2.0; +http://www.bing.com/bingbot.htm)"
157.55.39.128 - - [13/Jun/2021:16:07:31 +0200] "GET /young-thumper-figure-p-2918.html HTTP/1.0" 200 70254 "-" "Mozilla/5.0 (compatible; bingbot/2.0; +http://www.bing.com/bingbot.htm)"
207.46.13.38 - - [13/Jun/2021:16:07:44 +0200] "GET /-p-22328.html HTTP/1.0" 200 70165 "-" "Mozilla/5.0 (compatible; bingbot/2.0; +http://www.bing.com/bingbot.htm)"
157.55.39.24 - - [13/Jun/2021:16:07:51 +0200] "GET /quartz-globe-diameter-base-p-50601.html HTTP/1.0" 200 73582 "-" "Mozilla/5.0 (compatible; bingbot/2.0; +http://www.bing.com/bingbot.htm)"
40.77.167.90 - - [13/Jun/2021:16:08:01 +0200] "GET /charlie-chaplin-garcon-de-cafe-large-metal-plate-p-15318.html HTTP/1.0" 301 70484 "-" "Mozilla/5.0 (compatible; bingbot/2.0; +http://www.bing.com/bingbot.htm)"
40.77.167.90 - - [13/Jun/2021:16:08:02 +0200] "GET /mustache-money-box-by-cbkreation-p-16695.html HTTP/1.0" 301 73099 "-" "Mozilla/5.0 (compatible; bingbot/2.0; +http://www.bing.com/bingbot.htm)"
40.77.167.70 - - [13/Jun/2021:16:08:05 +0200] "GET /salt-with-wooden-spoon-jania-p-54487.html HTTP/1.0" 200 72963 "-" "Mozilla/5.0 (compatible; bingbot/2.0; +http://www.bing.com/bingbot.htm)"
185.191.171.18 - - [13/Jun/2021:16:08:10 +0200] "GET /trolley-backpack-brought-love-gorjuss-p-47753.html?action=add_product HTTP/1.0" 302 476 "-" "Mozilla/5.0 (compatible; SemrushBot/7~bl; +http://www.semrush.com/bot.html)"
207.46.13.38 - - [13/Jun/2021:16:08:11 +0200] "GET /sonny-angel-christmas-limited-series-2017-p-53388.html HTTP/1.0" 200 74760 "-" "Mozilla/5.0 (compatible; bingbot/2.0; +http://www.bing.com/bingbot.htm)"
54.36.148.153 - - [13/Jun/2021:16:08:19 +0200] "GET /mandala-coasters-blue-p-54076.html HTTP/1.0" 200 72818 "-" "Mozilla/5.0 (compatible; AhrefsBot/7.0; +http://ahrefs.com/robot/)"
54.36.148.167 - - [13/Jun/2021:16:08:30 +0200] "GET /cupcakes-cushion-by-cbkreation-p-17330.html HTTP/1.0" 301 70232 "-" "Mozilla/5.0 (compatible; AhrefsBot/7.0; +http://ahrefs.com/robot/)"
157.55.39.44 - - [13/Jun/2021:16:08:46 +0200] "GET /jimi-hendrix-poster-p-12157.html HTTP/1.0" 200 70251 "-" "Mozilla/5.0 (compatible; bingbot/2.0; +http://www.bing.com/bingbot.htm)"
40.77.167.70 - - [13/Jun/2021:16:09:11 +0200] "GET /lu-trivet-p-27387.html HTTP/1.0" 301 72715 "-" "Mozilla/5.0 (compatible; bingbot/2.0; +http://www.bing.com/bingbot.htm)"
185.191.171.5 - - [13/Jun/2021:16:09:15 +0200] "GET /paris-saint-germain-psg-beer-glass-p-33910.html HTTP/1.0" 301 72958 "-" "Mozilla/5.0 (compatible; SemrushBot/7~bl; +http://www.semrush.com/bot.html)"
185.191.171.14 - - [13/Jun/2021:16:09:17 +0200] "GET /paris-saint-germain-beer-glass-p-33910.html HTTP/1.0" 200 72861 "-" "Mozilla/5.0 (compatible; SemrushBot/7~bl; +http://www.semrush.com/bot.html)"
157.55.39.122 - - [13/Jun/2021:16:09:27 +0200] "GET /clocks-c-13_67.html?page=4 HTTP/1.0" 200 93945 "-" "Mozilla/5.0 (compatible; bingbot/2.0; +http://www.bing.com/bingbot.htm)"
157.55.39.128 - - [13/Jun/2021:16:09:38 +0200] "GET /ceramic-planter-gold-p-55311.html HTTP/1.0" 200 73452 "-" "Mozilla/5.0 (compatible; bingbot/2.0; +http://www.bing.com/bingbot.htm)"
207.46.13.38 - - [13/Jun/2021:16:09:43 +0200] "GET /juventus-pot-pencil-p-30614.html HTTP/1.0" 301 70325 "-" "Mozilla/5.0 (compatible; bingbot/2.0; +http://www.bing.com/bingbot.htm)"
207.46.13.38 - - [13/Jun/2021:16:09:54 +0200] "GET /nesting-dolls-p-51469.html HTTP/1.0" 200 72813 "-" "Mozilla/5.0 (compatible; bingbot/2.0; +http://www.bing.com/bingbot.htm)"
103.131.71.82 - - [13/Jun/2021:16:09:58 +0200] "GET /robots.txt HTTP/1.0" 301 531 "-" "Mozilla/5.0 (compatible; coccocbot-web/1.0; +http://help.coccoc.com/searchengine)"
54.36.148.86 - - [13/Jun/2021:16:09:58 +0200] "GET /magical-sound-lights-unicorn-p-44590.html HTTP/1.0" 200 73217 "-" "Mozilla/5.0 (compatible; AhrefsBot/7.0; +http://ahrefs.com/robot/)"
157.55.39.122 - - [13/Jun/2021:16:09:59 +0200] "GET /gothic-lolita-white-cushion-p-22188.html HTTP/1.0" 200 73059 "-" "Mozilla/5.0 (compatible; bingbot/2.0; +http://www.bing.com/bingbot.htm)"
103.131.71.82 - - [13/Jun/2021:16:10:00 +0200] "GET /robots.txt HTTP/1.0" 200 245 "-" "Mozilla/5.0 (compatible; coccocbot-web/1.0; +http://help.coccoc.com/searchengine)"
207.46.13.38 - - [13/Jun/2021:16:10:24 +0200] "GET /miss-sunshine-computer-bag-p-34669.html HTTP/1.0" 301 73103 "-" "Mozilla/5.0 (compatible; bingbot/2.0; +http://www.bing.com/bingbot.htm)"
207.46.13.38 - - [13/Jun/2021:16:10:41 +0200] "GET /-p-39595.html HTTP/1.0" 200 70165 "-" "Mozilla/5.0 (compatible; bingbot/2.0; +http://www.bing.com/bingbot.htm)"
40.77.167.70 - - [13/Jun/2021:16:10:46 +0200] "GET /african-water-carrier-figurine-p-55284.html HTTP/1.0" 200 73608 "-" "Mozilla/5.0 (compatible; bingbot/2.0; +http://www.bing.com/bingbot.htm)"
40.77.167.70 - - [13/Jun/2021:16:10:47 +0200] "GET /csi-les-experts-mousepad-p-18072.html HTTP/1.0" 301 73023 "-" "Mozilla/5.0 (compatible; bingbot/2.0; +http://www.bing.com/bingbot.htm)"
157.55.39.122 - - [13/Jun/2021:16:10:51 +0200] "GET /-p-21915.html HTTP/1.0" 200 70165 "-" "Mozilla/5.0 (compatible; bingbot/2.0; +http://www.bing.com/bingbot.htm)"
207.46.13.38 - - [13/Jun/2021:16:11:00 +0200] "GET /my-little-kitchen-ceramic-mug-with-infuser-p-41631.html HTTP/1.0" 301 73031 "-" "Mozilla/5.0 (compatible; bingbot/2.0; +http://www.bing.com/bingbot.htm)"
40.77.167.90 - - [13/Jun/2021:16:11:06 +0200] "GET /-p-33664.html HTTP/1.0" 200 70165 "-" "Mozilla/5.0 (compatible; bingbot/2.0; +http://www.bing.com/bingbot.htm)"
40.77.167.90 - - [13/Jun/2021:16:11:07 +0200] "GET /images/mini_prod/8012052166421.jpg HTTP/1.0" 404 1308 "-" "Mozilla/5.0 (compatible; bingbot/2.0; +http://www.bing.com/bingbot.htm)"
157.55.39.24 - - [13/Jun/2021:16:11:22 +0200] "GET /radio-60-beige-with-bluetooth-p-39012.html HTTP/1.0" 301 70232 "-" "Mozilla/5.0 (compatible; bingbot/2.0; +http://www.bing.com/bingbot.htm)"
157.55.39.128 - - [13/Jun/2021:16:11:29 +0200] "GET /teo-jasmin-medium-cabas-teo-america-denim-p-38675.html HTTP/1.0" 301 70388 "-" "Mozilla/5.0 (compatible; bingbot/2.0; +http://www.bing.com/bingbot.htm)"
185.191.171.35 - - [13/Jun/2021:16:11:35 +0200] "GET /cats-dubout-photo-frame-third-p-38861.html?action=add_product HTTP/1.0" 302 476 "-" "Mozilla/5.0 (compatible; SemrushBot/7~bl; +http://www.semrush.com/bot.html)"
54.36.148.86 - - [13/Jun/2021:16:11:35 +0200] "GET /beige-twine-fitted-sheet-p-51983.html HTTP/1.0" 200 72835 "-" "Mozilla/5.0 (compatible; AhrefsBot/7.0; +http://ahrefs.com/robot/)"
157.55.39.44 - - [13/Jun/2021:16:11:47 +0200] "GET /horse-club-brown-umbrella-p-9493.html HTTP/1.0" 200 72973 "-" "Mozilla/5.0 (compatible; bingbot/2.0; +http://www.bing.com/bingbot.htm)"
79.124.60.174 - - [13/Jun/2021:16:11:50 +0200] "GET /contact_us.php HTTP/1.0" 200 26241 "http://www.wonder-geek.com/contact_us.php" "Mozilla/5.0 (Windows NT 6.1; WOW64) AppleWebKit/537.36 (KHTML, like Gecko) Chrome/83.0.4102.0 Safari/537.36"
79.124.60.174 - - [13/Jun/2021:16:11:51 +0200] "POST /contact_us.php?action=send HTTP/1.0" 200 26649 "http://www.wonder-geek.com/contact_us.php" "Mozilla/5.0 (Windows NT 6.1; WOW64) AppleWebKit/537.36 (KHTML, like Gecko) Chrome/83.0.4102.0 Safari/537.36"
79.124.60.174 - - [13/Jun/2021:16:11:51 +0200] "GET /contact_us.php HTTP/1.0" 200 26241 "http://www.wonder-geek.com/contact_us.php" "Mozilla/5.0 (Windows NT 6.1; WOW64) AppleWebKit/537.36 (KHTML, like Gecko) Chrome/83.0.4102.0 Safari/537.36"
157.55.39.122 - - [13/Jun/2021:16:12:28 +0200] "GET /dessert-dish-glass-with-anti-slip-feet-p-47331.html HTTP/1.0" 200 72893 "-" "Mozilla/5.0 (compatible; bingbot/2.0; +http://www.bing.com/bingbot.htm)"
54.36.148.45 - - [13/Jun/2021:16:12:38 +0200] "GET /vent-du-sud-bathrobe-size-lxl-p-45904.html HTTP/1.0" 301 72929 "-" "Mozilla/5.0 (compatible; AhrefsBot/7.0; +http://ahrefs.com/robot/)"
157.55.39.44 - - [13/Jun/2021:16:12:47 +0200] "GET /-p-13480.html HTTP/1.0" 200 70165 "-" "Mozilla/5.0 (compatible; bingbot/2.0; +http://www.bing.com/bingbot.htm)"
77.75.79.62 - - [13/Jun/2021:16:12:54 +0200] "GET /robots.txt HTTP/1.0" 200 245 "-" "Mozilla/5.0 (compatible; SeznamBot/3.2; +http://napoveda.seznam.cz/en/seznambot-intro/)"
77.75.79.62 - - [13/Jun/2021:16:12:54 +0200] "GET /apache-women-watch-multicolor-buffalo-head-p-41563.html HTTP/1.0" 200 73160 "-" "Mozilla/5.0 (compatible; SeznamBot/3.2; +http://napoveda.seznam.cz/en/seznambot-intro/)"
207.46.13.38 - - [13/Jun/2021:16:12:55 +0200] "GET /-p-29478.html HTTP/1.0" 200 70165 "-" "Mozilla/5.0 (compatible; bingbot/2.0; +http://www.bing.com/bingbot.htm)"
77.75.79.62 - - [13/Jun/2021:16:12:55 +0200] "GET /images/big_prod/1384220059369.jpg HTTP/1.0" 200 268 "-" "Mozilla/5.0 (compatible; SeznamBot/3.2; +http://napoveda.seznam.cz/en/seznambot-intro/)"
54.36.149.74 - - [13/Jun/2021:16:13:08 +0200] "GET /volkswagen-blue-mug-p-18918.html HTTP/1.0" 301 70232 "-" "Mozilla/5.0 (compatible; AhrefsBot/7.0; +http://ahrefs.com/robot/)"
157.55.39.122 - - [13/Jun/2021:16:13:09 +0200] "GET /black-lampshade-p-55199.html HTTP/1.0" 200 73349 "-" "Mozilla/5.0 (compatible; bingbot/2.0; +http://www.bing.com/bingbot.htm)"
54.36.149.102 - - [13/Jun/2021:16:13:10 +0200] "GET /pill-chat-piano-p-53835.html HTTP/1.0" 200 72960 "-" "Mozilla/5.0 (compatible; AhrefsBot/7.0; +http://ahrefs.com/robot/)"
207.46.13.38 - - [13/Jun/2021:16:13:13 +0200] "GET /decorative-wooden-plate-habite-chez-mon-chien-white-p-47827.html HTTP/1.0" 301 73396 "-" "Mozilla/5.0 (compatible; bingbot/2.0; +http://www.bing.com/bingbot.htm)"
40.77.167.106 - - [13/Jun/2021:16:13:41 +0200] "GET /route-66-logo-cosmetic-bag-p-10991.html HTTP/1.0" 301 72836 "-" "Mozilla/5.0 (compatible; bingbot/2.0; +http://www.bing.com/bingbot.htm)"
157.55.39.152 - - [13/Jun/2021:16:13:45 +0200] "GET /-p-20310.html HTTP/1.0" 200 70165 "-" "Mozilla/5.0 (compatible; bingbot/2.0; +http://www.bing.com/bingbot.htm)"
185.191.171.26 - - [13/Jun/2021:16:13:45 +0200] "GET /leather-wallet-spades-p-47351.html HTTP/1.0" 200 73849 "-" "Mozilla/5.0 (compatible; SemrushBot/7~bl; +http://www.semrush.com/bot.html)"
157.55.39.24 - - [13/Jun/2021:16:13:53 +0200] "GET /happy-birthday-card-p-20014.html HTTP/1.0" 200 72842 "-" "Mozilla/5.0 (compatible; bingbot/2.0; +http://www.bing.com/bingbot.htm)"
51.83.131.42 - - [13/Jun/2021:16:14:00 +0200] "GET /contact_us.php HTTP/1.0" 200 26241 "http://www.wonder-geek.com/contact_us.php" "Mozilla/5.0 (Windows NT 6.3; ) AppleWebKit/537.36 (KHTML, like Gecko) Chrome/83.0.4103.61 Safari/537.36"
51.83.131.42 - - [13/Jun/2021:16:14:01 +0200] "POST /contact_us.php?action=send HTTP/1.0" 200 26668 "http://www.wonder-geek.com/contact_us.php" "Mozilla/5.0 (Windows NT 6.3; ) AppleWebKit/537.36 (KHTML, like Gecko) Chrome/83.0.4103.61 Safari/537.36"
51.83.131.42 - - [13/Jun/2021:16:14:02 +0200] "GET /contact_us.php HTTP/1.0" 200 26241 "http://www.wonder-geek.com/contact_us.php" "Mozilla/5.0 (Windows NT 6.3; ) AppleWebKit/537.36 (KHTML, like Gecko) Chrome/83.0.4103.61 Safari/537.36"
157.55.39.122 - - [13/Jun/2021:16:14:29 +0200] "GET /the-funny-little-bugs-cars-fiona-fly-p-7302.html HTTP/1.0" 301 70229 "-" "Mozilla/5.0 (compatible; bingbot/2.0; +http://www.bing.com/bingbot.htm)"
157.55.39.128 - - [13/Jun/2021:16:14:38 +0200] "GET /clock-pastis-olive-p-49727.html HTTP/1.0" 200 70227 "-" "Mozilla/5.0 (compatible; bingbot/2.0; +http://www.bing.com/bingbot.htm)"
54.36.148.206 - - [13/Jun/2021:16:14:57 +0200] "GET /betty-boop-mtal-ashtray-heartbreaker-p-36135.html HTTP/1.0" 200 72948 "-" "Mozilla/5.0 (compatible; AhrefsBot/7.0; +http://ahrefs.com/robot/)"
54.36.148.18 - - [13/Jun/2021:16:15:09 +0200] "GET /sarah-kay-pairs-of-socks-27-30-p-25529.html HTTP/1.0" 301 70232 "-" "Mozilla/5.0 (compatible; AhrefsBot/7.0; +http://ahrefs.com/robot/)"
185.191.171.16 - - [13/Jun/2021:16:15:17 +0200] "GET /savon-marseille-bath-soap-dish-p-36222.html HTTP/1.0" 200 72892 "-" "Mozilla/5.0 (compatible; SemrushBot/7~bl; +http://www.semrush.com/bot.html)"
185.191.171.3 - - [13/Jun/2021:16:15:27 +0200] "GET /triangular-vintage-alarm-clock-gray-pink-p-55137.html?action=add_product HTTP/1.0" 302 476 "-" "Mozilla/5.0 (compatible; SemrushBot/7~bl; +http://www.semrush.com/bot.html)"
157.55.39.152 - - [13/Jun/2021:16:15:32 +0200] "GET /-p-2123.html HTTP/1.0" 200 70163 "-" "Mozilla/5.0 (compatible; bingbot/2.0; +http://www.bing.com/bingbot.htm)"
147.92.153.2 - - [13/Jun/2021:16:15:43 +0200] "GET /pillow-bolster-c-11_199.html HTTP/1.0" 200 85909 "-" "Mozilla/5.0 (compatible; Linespider/1.1; +https://lin.ee/4dwXkTH)"
157.55.39.24 - - [13/Jun/2021:16:15:43 +0200] "GET /cats-by-dubout-sugar-box-p-26840.html HTTP/1.0" 301 73020 "-" "Mozilla/5.0 (compatible; bingbot/2.0; +http://www.bing.com/bingbot.htm)"
40.77.167.90 - - [13/Jun/2021:16:15:54 +0200] "GET /tooth-glass-paris-eau-de-parfum-p-37460.html HTTP/1.0" 301 72979 "-" "Mozilla/5.0 (compatible; bingbot/2.0; +http://www.bing.com/bingbot.htm)"
157.55.39.152 - - [13/Jun/2021:16:16:42 +0200] "GET /batman-the-joker-black-shirt-p-29546.html HTTP/1.0" 301 70232 "-" "Mozilla/5.0 (compatible; bingbot/2.0; +http://www.bing.com/bingbot.htm)"
157.55.39.152 - - [13/Jun/2021:16:16:43 +0200] "GET /planes-bedclothes-140-200-cm-p-30562.html HTTP/1.0" 301 70232 "-" "Mozilla/5.0 (compatible; bingbot/2.0; +http://www.bing.com/bingbot.htm)"
185.191.171.41 - - [13/Jun/2021:16:16:43 +0200] "GET /adult-cotton-apron-angle-collection-p-39198.html?action=add_product HTTP/1.0" 302 476 "-" "Mozilla/5.0 (compatible; SemrushBot/7~bl; +http://www.semrush.com/bot.html)"
54.36.148.86 - - [13/Jun/2021:16:16:47 +0200] "GET /lola-shower-towel-p-41785.html HTTP/1.0" 200 73690 "-" "Mozilla/5.0 (compatible; AhrefsBot/7.0; +http://ahrefs.com/robot/)"
40.77.167.90 - - [13/Jun/2021:16:16:49 +0200] "GET /images/big_prod_1/8424346225033B.jpg HTTP/1.0" 200 271 "-" "Mozilla/5.0 (compatible; bingbot/2.0; +http://www.bing.com/bingbot.htm)"
40.77.167.106 - - [13/Jun/2021:16:16:52 +0200] "GET /transformers-kids-school-bag-p-31355.html HTTP/1.0" 301 70379 "-" "Mozilla/5.0 (compatible; bingbot/2.0; +http://www.bing.com/bingbot.htm)"
157.55.39.128 - - [13/Jun/2021:16:16:54 +0200] "GET /magnet-citron-79-54-cm-p-40122.html HTTP/1.0" 301 72891 "-" "Mozilla/5.0 (compatible; bingbot/2.0; +http://www.bing.com/bingbot.htm)"
40.77.167.106 - - [13/Jun/2021:16:17:11 +0200] "GET /retro-glass-cutting-board-30-20-cm-p-45915.html HTTP/1.0" 301 73257 "-" "Mozilla/5.0 (compatible; bingbot/2.0; +http://www.bing.com/bingbot.htm)"
40.77.167.70 - - [13/Jun/2021:16:17:32 +0200] "GET /morgan-red-for-women-watch-p-35096.html HTTP/1.0" 301 70355 "-" "Mozilla/5.0 (compatible; bingbot/2.0; +http://www.bing.com/bingbot.htm)"
185.191.171.34 - - [13/Jun/2021:16:17:39 +0200] "GET /robots.txt HTTP/1.0" 200 245 "-" "Mozilla/5.0 (compatible; SemrushBot/7~bl; +http://www.semrush.com/bot.html)"
185.191.171.14 - - [13/Jun/2021:16:17:39 +0200] "GET /strawberry-shortcake-poncho-years-p-31119.html HTTP/1.0" 200 74065 "-" "Mozilla/5.0 (compatible; SemrushBot/7~bl; +http://www.semrush.com/bot.html)"
157.55.39.44 - - [13/Jun/2021:16:17:48 +0200] "GET /sleepy-figure-collection-romero-britto-p-53436.html HTTP/1.0" 200 74430 "-" "Mozilla/5.0 (compatible; bingbot/2.0; +http://www.bing.com/bingbot.htm)"
207.46.13.38 - - [13/Jun/2021:16:17:52 +0200] "GET /dolphin-wall-decoration-33-cm-p-48635.html HTTP/1.0" 301 72983 "-" "Mozilla/5.0 (compatible; bingbot/2.0; +http://www.bing.com/bingbot.htm)"
54.36.148.191 - - [13/Jun/2021:16:17:56 +0200] "GET /elmer-toddler-flatware-set-p-4016.html HTTP/1.0" 301 72902 "-" "Mozilla/5.0 (compatible; AhrefsBot/7.0; +http://ahrefs.com/robot/)"
185.191.171.39 - - [13/Jun/2021:16:18:02 +0200] "GET /lamp-chrie-party-p-49038.html?action=add_product HTTP/1.0" 302 476 "-" "Mozilla/5.0 (compatible; SemrushBot/7~bl; +http://www.semrush.com/bot.html)"
207.46.13.38 - - [13/Jun/2021:16:18:07 +0200] "GET /buddha-perfume-diffuser-p-52261.html HTTP/1.0" 200 73525 "-" "Mozilla/5.0 (compatible; bingbot/2.0; +http://www.bing.com/bingbot.htm)"
54.36.148.86 - - [13/Jun/2021:16:18:24 +0200] "GET /sixtine-bedspread-p-51292.html HTTP/1.0" 200 72909 "-" "Mozilla/5.0 (compatible; AhrefsBot/7.0; +http://ahrefs.com/robot/)"
157.55.39.24 - - [13/Jun/2021:16:18:48 +0200] "GET /batman-adult-full-latex-mask-for-halloween-costume-p-30976.html HTTP/1.0" 301 70511 "-" "Mozilla/5.0 (compatible; bingbot/2.0; +http://www.bing.com/bingbot.htm)"
40.77.167.106 - - [13/Jun/2021:16:18:51 +0200] "GET /wind-chime-angel-blue-p-40217.html HTTP/1.0" 200 73710 "-" "Mozilla/5.0 (compatible; bingbot/2.0; +http://www.bing.com/bingbot.htm)"
51.68.224.127 - - [13/Jun/2021:16:19:38 +0200] "GET /adminweb/export_orders_xml.php?token=256de2z6edz6ed2z6DFSFsed2zed6zeDSFDSGdzedezfzf&maxorders=10&orderstart=1&status=14&start_date=2018-10-01 HTTP/1.0" 200 285 "-" "GesCom CharlotteBoutik Serveur"
51.68.224.127 - - [13/Jun/2021:16:19:38 +0200] "GET /adminweb/export_orders_xml.php?token=256de2z6edz6ed2z6DFSFsed2zed6zeDSFDSGdzedezfzf&maxorders=10&orderstart=1&status=6&start_date=2018-10-01 HTTP/1.0" 200 30039 "-" "GesCom CharlotteBoutik Serveur"
54.36.148.86 - - [13/Jun/2021:16:19:48 +0200] "GET /black-fitted-sheet-p-34833.html HTTP/1.0" 200 73438 "-" "Mozilla/5.0 (compatible; AhrefsBot/7.0; +http://ahrefs.com/robot/)"
157.55.39.24 - - [13/Jun/2021:16:19:59 +0200] "GET /bell-and-wall-bell-c-13_270.html HTTP/1.0" 301 89300 "-" "Mozilla/5.0 (compatible; bingbot/2.0; +http://www.bing.com/bingbot.htm)"
157.55.39.122 - - [13/Jun/2021:16:20:09 +0200] "GET /smiley-money-p-24007.html HTTP/1.0" 200 72692 "-" "Mozilla/5.0 (compatible; bingbot/2.0; +http://www.bing.com/bingbot.htm)"
40.77.167.70 - - [13/Jun/2021:16:20:15 +0200] "GET /accessories-mobiles-c-3_17.html HTTP/1.0" 200 94300 "-" "Mozilla/5.0 (compatible; bingbot/2.0; +http://www.bing.com/bingbot.htm)"
157.55.39.152 - - [13/Jun/2021:16:20:23 +0200] "GET /minnie-mouse-disney-suitcase-p-31207.html HTTP/1.0" 200 73266 "-" "Mozilla/5.0 (compatible; bingbot/2.0; +http://www.bing.com/bingbot.htm)"
185.191.171.42 - - [13/Jun/2021:16:20:26 +0200] "GET /duvet-cover-cotton-percale-threads-p-53232.html?action=add_product HTTP/1.0" 302 476 "-" "Mozilla/5.0 (compatible; SemrushBot/7~bl; +http://www.semrush.com/bot.html)"
157.55.39.122 - - [13/Jun/2021:16:20:29 +0200] "GET /-p-19986.html HTTP/1.0" 200 70165 "-" "Mozilla/5.0 (compatible; bingbot/2.0; +http://www.bing.com/bingbot.htm)"
40.77.167.106 - - [13/Jun/2021:16:20:34 +0200] "GET /mickey-mouse-large-backpack-p-25090.html HTTP/1.0" 200 73169 "-" "Mozilla/5.0 (compatible; bingbot/2.0; +http://www.bing.com/bingbot.htm)"
66.249.70.40 - - [13/Jun/2021:16:20:38 +0200] "GET /images/mini_prod/5400924136208.jpg HTTP/1.0" 200 269 "-" "Googlebot-Image/1.0"
157.55.39.44 - - [13/Jun/2021:16:20:39 +0200] "GET /zodiac-high-ceramic-mug-p-30790.html HTTP/1.0" 301 72843 "-" "Mozilla/5.0 (compatible; bingbot/2.0; +http://www.bing.com/bingbot.htm)"
54.36.148.86 - - [13/Jun/2021:16:20:41 +0200] "GET /teo-jasmin-teo-racing-red-figurine-34-cm-p-29197.html HTTP/1.0" 301 70232 "-" "Mozilla/5.0 (compatible; AhrefsBot/7.0; +http://ahrefs.com/robot/)"
40.77.167.106 - - [13/Jun/2021:16:20:44 +0200] "GET /-p-22835.html HTTP/1.0" 200 70165 "-" "Mozilla/5.0 (compatible; bingbot/2.0; +http://www.bing.com/bingbot.htm)"
40.77.167.106 - - [13/Jun/2021:16:20:45 +0200] "GET /-p-23263.html HTTP/1.0" 200 70165 "-" "Mozilla/5.0 (compatible; bingbot/2.0; +http://www.bing.com/bingbot.htm)"
207.46.13.38 - - [13/Jun/2021:16:20:50 +0200] "GET /swfobject.js HTTP/1.0" 404 1308 "-" "Mozilla/5.0 (compatible; bingbot/2.0; +http://www.bing.com/bingbot.htm)"
40.77.167.106 - - [13/Jun/2021:16:21:02 +0200] "GET /rococo-pink-retro-clock-p-34239.html HTTP/1.0" 301 70232 "-" "Mozilla/5.0 (compatible; bingbot/2.0; +http://www.bing.com/bingbot.htm)"
40.77.167.106 - - [13/Jun/2021:16:21:02 +0200] "GET /cotton-bath-mat-50-80-cm-ivory-color-p-48699.html HTTP/1.0" 301 70371 "-" "Mozilla/5.0 (compatible; bingbot/2.0; +http://www.bing.com/bingbot.htm)"
40.77.167.70 - - [13/Jun/2021:16:21:11 +0200] "GET /images/newyork.jpg HTTP/1.0" 200 253 "-" "Mozilla/5.0 (compatible; bingbot/2.0; +http://www.bing.com/bingbot.htm)"
40.77.167.70 - - [13/Jun/2021:16:21:12 +0200] "GET /winnie-the-pooh-metal-suitcase-p-22473.html HTTP/1.0" 301 70391 "-" "Mozilla/5.0 (compatible; bingbot/2.0; +http://www.bing.com/bingbot.htm)"
54.36.149.18 - - [13/Jun/2021:16:21:13 +0200] "GET /votive-candle-15-hours-pearl-bouquet-p-34629.html HTTP/1.0" 301 74280 "-" "Mozilla/5.0 (compatible; AhrefsBot/7.0; +http://ahrefs.com/robot/)"
185.191.171.2 - - [13/Jun/2021:16:21:18 +0200] "GET /bilbao-coated-tablecloth-p-51231.html HTTP/1.0" 200 73514 "-" "Mozilla/5.0 (compatible; SemrushBot/7~bl; +http://www.semrush.com/bot.html)"
157.55.39.128 - - [13/Jun/2021:16:21:29 +0200] "GET /-p-29829.html HTTP/1.0" 200 70165 "-" "Mozilla/5.0 (compatible; bingbot/2.0; +http://www.bing.com/bingbot.htm)"
40.77.167.106 - - [13/Jun/2021:16:21:34 +0200] "GET /jamaica-paper-towel-dispenser-p-17439.html HTTP/1.0" 200 72823 "-" "Mozilla/5.0 (compatible; bingbot/2.0; +http://www.bing.com/bingbot.htm)"
185.191.171.23 - - [13/Jun/2021:16:21:41 +0200] "GET /vase-flower-soliflore-c-13_232.html?page=4 HTTP/1.0" 301 77985 "-" "Mozilla/5.0 (compatible; SemrushBot/7~bl; +http://www.semrush.com/bot.html)"
54.36.148.33 - - [13/Jun/2021:16:21:42 +0200] "GET /duvet-cover-cotton-percale-threads-p-51261.html HTTP/1.0" 200 73104 "-" "Mozilla/5.0 (compatible; AhrefsBot/7.0; +http://ahrefs.com/robot/)"
185.191.171.4 - - [13/Jun/2021:16:21:43 +0200] "GET /vase-soliflore-c-232.html?page=4 HTTP/1.0" 301 77862 "-" "Mozilla/5.0 (compatible; SemrushBot/7~bl; +http://www.semrush.com/bot.html)"
185.191.171.18 - - [13/Jun/2021:16:21:46 +0200] "GET /vase-soliflore-c-13_232.html?page=4 HTTP/1.0" 200 77899 "-" "Mozilla/5.0 (compatible; SemrushBot/7~bl; +http://www.semrush.com/bot.html)"
157.55.39.152 - - [13/Jun/2021:16:22:02 +0200] "GET /batman-black-shirt-p-29544.html HTTP/1.0" 200 73905 "-" "Mozilla/5.0 (compatible; bingbot/2.0; +http://www.bing.com/bingbot.htm)"
40.77.167.70 - - [13/Jun/2021:16:22:06 +0200] "GET /pistols-messenger-p-14499.html HTTP/1.0" 200 74374 "-" "Mozilla/5.0 (compatible; bingbot/2.0; +http://www.bing.com/bingbot.htm)"
40.77.167.70 - - [13/Jun/2021:16:22:08 +0200] "GET /ty-the-beanie-babies-plush-my-little-pony-twilight-sparkle-17-cm-p-27351.html HTTP/1.0" 301 70559 "-" "Mozilla/5.0 (compatible; bingbot/2.0; +http://www.bing.com/bingbot.htm)"
37.228.65.107 - - [13/Jun/2021:16:22:08 +0200] "GET /contact_us.php HTTP/1.0" 200 26241 "http://www.wonder-geek.com/contact_us.php" "Mozilla/5.0 (Windows NT 10.0; Win64; x64) AppleWebKit/537.36 (KHTML, like Gecko) Chrome/83.0.4103.61 Safari/537.36/iYA9HebN-7"
157.55.39.152 - - [13/Jun/2021:16:22:23 +0200] "GET /porcelain-mug-set-cheery-and-baffled-tassen-made-in-germany-p-47555.html HTTP/1.0" 301 75065 "-" "Mozilla/5.0 (compatible; bingbot/2.0; +http://www.bing.com/bingbot.htm)"
157.55.39.152 - - [13/Jun/2021:16:22:24 +0200] "GET /freegun-white-bath-sheet-p-33328.html HTTP/1.0" 200 70251 "-" "Mozilla/5.0 (compatible; bingbot/2.0; +http://www.bing.com/bingbot.htm)"
185.191.171.9 - - [13/Jun/2021:16:22:32 +0200] "GET /minnie-mouse-placemat-p-31701.html HTTP/1.0" 200 72885 "-" "Mozilla/5.0 (compatible; SemrushBot/7~bl; +http://www.semrush.com/bot.html)"
40.77.167.90 - - [13/Jun/2021:16:22:42 +0200] "GET /elephant-gold-jewelry-stand-and-white-cup-p-48827.html HTTP/1.0" 301 73195 "-" "Mozilla/5.0 (compatible; bingbot/2.0; +http://www.bing.com/bingbot.htm)"
54.36.148.215 - - [13/Jun/2021:16:23:08 +0200] "GET /sixtine-bedspread-p-51294.html HTTP/1.0" 200 72909 "-" "Mozilla/5.0 (compatible; AhrefsBot/7.0; +http://ahrefs.com/robot/)"
157.55.39.152 - - [13/Jun/2021:16:23:12 +0200] "GET /bench-stool-p-51608.html HTTP/1.0" 200 73320 "-" "Mozilla/5.0 (compatible; bingbot/2.0; +http://www.bing.com/bingbot.htm)"
157.55.39.106 - - [13/Jun/2021:16:23:28 +0200] "GET /indian-motorcycle-metal-plate-deco-p-41089.html HTTP/1.0" 200 72985 "-" "Mozilla/5.0 (compatible; bingbot/2.0; +http://www.bing.com/bingbot.htm)"
157.55.39.106 - - [13/Jun/2021:16:23:29 +0200] "GET /quartz-geode-size-about-75-p-44408.html HTTP/1.0" 301 73968 "-" "Mozilla/5.0 (compatible; bingbot/2.0; +http://www.bing.com/bingbot.htm)"
157.55.39.106 - - [13/Jun/2021:16:23:30 +0200] "GET /union-jack-suitcase-60-cm-p-25114.html HTTP/1.0" 301 70355 "-" "Mozilla/5.0 (compatible; bingbot/2.0; +http://www.bing.com/bingbot.htm)"
157.55.39.106 - - [13/Jun/2021:16:23:31 +0200] "GET /-p-30262.html HTTP/1.0" 200 70165 "-" "Mozilla/5.0 (compatible; bingbot/2.0; +http://www.bing.com/bingbot.htm)"
157.55.39.106 - - [13/Jun/2021:16:23:32 +0200] "GET /kimmi-junior-best-friend-necklaces-p-8750.html HTTP/1.0" 200 72925 "-" "Mozilla/5.0 (compatible; bingbot/2.0; +http://www.bing.com/bingbot.htm)"
157.55.39.106 - - [13/Jun/2021:16:23:33 +0200] "GET /corsica-white-p-43555.html HTTP/1.0" 200 72748 "-" "Mozilla/5.0 (compatible; bingbot/2.0; +http://www.bing.com/bingbot.htm)"
157.55.39.106 - - [13/Jun/2021:16:23:34 +0200] "GET /the-shadow-frame-cats-by-dubout-the-walk-p-38859.html HTTP/1.0" 301 73484 "-" "Mozilla/5.0 (compatible; bingbot/2.0; +http://www.bing.com/bingbot.htm)"
157.55.39.106 - - [13/Jun/2021:16:23:35 +0200] "GET /tetsubin-brown-teapot-japanese-12-liter-p-49383.html HTTP/1.0" 301 73269 "-" "Mozilla/5.0 (compatible; bingbot/2.0; +http://www.bing.com/bingbot.htm)"
157.55.39.106 - - [13/Jun/2021:16:23:36 +0200] "GET /union-jack-carlin-women-tee-shirt-p-30905.html HTTP/1.0" 301 74949 "-" "Mozilla/5.0 (compatible; bingbot/2.0; +http://www.bing.com/bingbot.htm)"
157.55.39.106 - - [13/Jun/2021:16:23:37 +0200] "GET /usa-flag-red-and-blue-cushion-p-34588.html HTTP/1.0" 301 70232 "-" "Mozilla/5.0 (compatible; bingbot/2.0; +http://www.bing.com/bingbot.htm)"
157.55.39.106 - - [13/Jun/2021:16:23:37 +0200] "GET /-p-22593.html HTTP/1.0" 200 70165 "-" "Mozilla/5.0 (compatible; bingbot/2.0; +http://www.bing.com/bingbot.htm)"
157.55.39.106 - - [13/Jun/2021:16:23:38 +0200] "GET /-p-36836.html HTTP/1.0" 200 70165 "-" "Mozilla/5.0 (compatible; bingbot/2.0; +http://www.bing.com/bingbot.htm)"
157.55.39.122 - - [13/Jun/2021:16:23:39 +0200] "GET /world-map-metal-clock-43-cm-p-47947.html HTTP/1.0" 301 72922 "-" "Mozilla/5.0 (compatible; bingbot/2.0; +http://www.bing.com/bingbot.htm)"
157.55.39.106 - - [13/Jun/2021:16:23:39 +0200] "GET /sleepwear-c-2_42.html HTTP/1.0" 200 69080 "-" "Mozilla/5.0 (compatible; bingbot/2.0; +http://www.bing.com/bingbot.htm)"
157.55.39.106 - - [13/Jun/2021:16:23:40 +0200] "GET /retro-sugar-tin-box-p-40719.html HTTP/1.0" 301 70293 "-" "Mozilla/5.0 (compatible; bingbot/2.0; +http://www.bing.com/bingbot.htm)"
157.55.39.106 - - [13/Jun/2021:16:23:41 +0200] "GET /create-your-topmodel-kitty-colouring-book-p-35832.html HTTP/1.0" 301 70232 "-" "Mozilla/5.0 (compatible; bingbot/2.0; +http://www.bing.com/bingbot.htm)"
157.55.39.106 - - [13/Jun/2021:16:23:42 +0200] "GET /light-brown-fitted-sheet-90-190-cm-p-39683.html HTTP/1.0" 301 73581 "-" "Mozilla/5.0 (compatible; bingbot/2.0; +http://www.bing.com/bingbot.htm)"
157.55.39.106 - - [13/Jun/2021:16:23:43 +0200] "GET /van-gogh-terrasse-du-caf-le-soir-zip-purse-made-in-france-p-47460.html HTTP/1.0" 301 73306 "-" "Mozilla/5.0 (compatible; bingbot/2.0; +http://www.bing.com/bingbot.htm)"
157.55.39.106 - - [13/Jun/2021:16:23:44 +0200] "GET /-p-19170.html HTTP/1.0" 200 70165 "-" "Mozilla/5.0 (compatible; bingbot/2.0; +http://www.bing.com/bingbot.htm)"
157.55.39.106 - - [13/Jun/2021:16:23:45 +0200] "GET /-p-20439.html HTTP/1.0" 200 70165 "-" "Mozilla/5.0 (compatible; bingbot/2.0; +http://www.bing.com/bingbot.htm)"
157.55.39.106 - - [13/Jun/2021:16:23:46 +0200] "GET /tea-for-one-mandala-p-43384.html HTTP/1.0" 301 73924 "-" "Mozilla/5.0 (compatible; bingbot/2.0; +http://www.bing.com/bingbot.htm)"
157.55.39.106 - - [13/Jun/2021:16:23:47 +0200] "GET /street-fighter-caracteres-mousepad-p-16002.html HTTP/1.0" 301 70232 "-" "Mozilla/5.0 (compatible; bingbot/2.0; +http://www.bing.com/bingbot.htm)"
157.55.39.106 - - [13/Jun/2021:16:23:48 +0200] "GET /-p-22936.html HTTP/1.0" 200 70165 "-" "Mozilla/5.0 (compatible; bingbot/2.0; +http://www.bing.com/bingbot.htm)"
207.46.13.38 - - [13/Jun/2021:16:23:48 +0200] "GET /rigid-glasses-cats-p-53838.html HTTP/1.0" 200 72900 "-" "Mozilla/5.0 (compatible; bingbot/2.0; +http://www.bing.com/bingbot.htm)"
157.55.39.24 - - [13/Jun/2021:16:23:52 +0200] "GET /images/b1399984237205.jpg HTTP/1.0" 200 260 "-" "Mozilla/5.0 (compatible; bingbot/2.0; +http://www.bing.com/bingbot.htm)"
40.77.167.106 - - [13/Jun/2021:16:23:55 +0200] "GET /crayola-set-of-first-markers-p-16588.html HTTP/1.0" 301 70345 "-" "Mozilla/5.0 (compatible; bingbot/2.0; +http://www.bing.com/bingbot.htm)"
157.55.39.24 - - [13/Jun/2021:16:23:55 +0200] "GET /ikat-wooden-tray-55-35-cm-p-47117.html HTTP/1.0" 301 70352 "-" "Mozilla/5.0 (compatible; bingbot/2.0; +http://www.bing.com/bingbot.htm)"
54.36.148.148 - - [13/Jun/2021:16:24:30 +0200] "GET /betty-boop-mtal-ashtray-peace-p-36138.html HTTP/1.0" 200 72892 "-" "Mozilla/5.0 (compatible; AhrefsBot/7.0; +http://ahrefs.com/robot/)"
157.55.39.152 - - [13/Jun/2021:16:24:33 +0200] "GET /300-elastic-loom-bands-p-26692.html HTTP/1.0" 301 72897 "-" "Mozilla/5.0 (compatible; bingbot/2.0; +http://www.bing.com/bingbot.htm)"
40.77.167.70 - - [13/Jun/2021:16:24:53 +0200] "GET /wwe-expanding-organiser-file-p-13894.html HTTP/1.0" 301 81974 "-" "Mozilla/5.0 (compatible; bingbot/2.0; +http://www.bing.com/bingbot.htm)"
40.77.167.70 - - [13/Jun/2021:16:24:54 +0200] "GET /union-jack-small-ashtray-p-36620.html HTTP/1.0" 301 70232 "-" "Mozilla/5.0 (compatible; bingbot/2.0; +http://www.bing.com/bingbot.htm)"
157.55.39.128 - - [13/Jun/2021:16:24:58 +0200] "GET /windchime-wood-five-chimes-p-43513.html HTTP/1.0" 200 73463 "-" "Mozilla/5.0 (compatible; bingbot/2.0; +http://www.bing.com/bingbot.htm)"
157.55.39.128 - - [13/Jun/2021:16:25:00 +0200] "GET /-p-18059.html HTTP/1.0" 200 70165 "-" "Mozilla/5.0 (compatible; bingbot/2.0; +http://www.bing.com/bingbot.htm)"
54.36.149.47 - - [13/Jun/2021:16:25:03 +0200] "GET /adhesive-roll-45-150-cm-wood-p-53552.html HTTP/1.0" 301 73743 "-" "Mozilla/5.0 (compatible; AhrefsBot/7.0; +http://ahrefs.com/robot/)"
40.77.167.90 - - [13/Jun/2021:16:25:22 +0200] "GET /christmas-spirit-hot-water-bottle-p-52606.html HTTP/1.0" 301 72962 "-" "Mozilla/5.0 (compatible; bingbot/2.0; +http://www.bing.com/bingbot.htm)"
66.249.70.42 - - [13/Jun/2021:16:25:56 +0200] "GET /maman-super-maman-adult-apron-p-54711.html HTTP/1.0" 200 72916 "-" "Mozilla/5.0 (compatible; Googlebot/2.1; +http://www.google.com/bot.html)"
54.36.148.115 - - [13/Jun/2021:16:25:56 +0200] "GET /towels-napkins-c-11_177.html HTTP/1.0" 200 92386 "-" "Mozilla/5.0 (compatible; AhrefsBot/7.0; +http://ahrefs.com/robot/)"
54.236.1.13 - - [13/Jun/2021:16:26:08 +0200] "GET /jeux-jouets/jouets/kit-magnet-fusee-geante-p-19498.html HTTP/1.0" 301 70232 "-" "Mozilla/5.0 (compatible; Pinterestbot/1.0; +http://www.pinterest.com/bot.html)"
54.236.1.13 - - [13/Jun/2021:16:26:09 +0200] "GET /-p-19498.html HTTP/1.0" 200 70165 "-" "Mozilla/5.0 (compatible; Pinterestbot/1.0; +http://www.pinterest.com/bot.html)"
40.77.167.106 - - [13/Jun/2021:16:26:22 +0200] "GET /images/big_prod/1345544960069.jpg HTTP/1.0" 200 268 "-" "Mozilla/5.0 (compatible; bingbot/2.0; +http://www.bing.com/bingbot.htm)"
147.92.153.19 - - [13/Jun/2021:16:26:23 +0200] "GET /chairs-cushion-c-11_165.html HTTP/1.0" 200 90952 "-" "Mozilla/5.0 (compatible; Linespider/1.1; +https://lin.ee/4dwXkTH)"
207.46.13.38 - - [13/Jun/2021:16:26:42 +0200] "GET /cccp-star-adult-cap-by-cbkreation-p-36523.html HTTP/1.0" 301 70232 "-" "Mozilla/5.0 (compatible; bingbot/2.0; +http://www.bing.com/bingbot.htm)"
185.191.171.35 - - [13/Jun/2021:16:26:43 +0200] "GET /duvet-cover-cotton-percale-threads-p-53224.html HTTP/1.0" 200 73104 "-" "Mozilla/5.0 (compatible; SemrushBot/7~bl; +http://www.semrush.com/bot.html)"
157.55.39.44 - - [13/Jun/2021:16:26:48 +0200] "GET /night-clothes-c-1_24.html HTTP/1.0" 200 69098 "-" "Mozilla/5.0 (compatible; bingbot/2.0; +http://www.bing.com/bingbot.htm)"
207.46.13.38 - - [13/Jun/2021:16:27:03 +0200] "GET /bowls-c-12_60.html?page=5 HTTP/1.0" 200 92222 "-" "Mozilla/5.0 (compatible; bingbot/2.0; +http://www.bing.com/bingbot.htm)"
157.55.39.128 - - [13/Jun/2021:16:27:11 +0200] "GET /-p-6455.html HTTP/1.0" 200 70163 "-" "Mozilla/5.0 (compatible; bingbot/2.0; +http://www.bing.com/bingbot.htm)"
157.55.39.152 - - [13/Jun/2021:16:27:22 +0200] "GET /images/3700276281758050720122.jpg HTTP/1.0" 200 268 "-" "Mozilla/5.0 (compatible; bingbot/2.0; +http://www.bing.com/bingbot.htm)"
54.36.148.86 - - [13/Jun/2021:16:27:29 +0200] "GET /hand-fatma-acrylic-magnet-p-52882.html HTTP/1.0" 200 72836 "-" "Mozilla/5.0 (compatible; AhrefsBot/7.0; +http://ahrefs.com/robot/)"
157.55.39.128 - - [13/Jun/2021:16:27:30 +0200] "GET /freegun-polar-plaid-p-29089.html HTTP/1.0" 200 72937 "-" "Mozilla/5.0 (compatible; bingbot/2.0; +http://www.bing.com/bingbot.htm)"
17.121.114.73 - - [13/Jun/2021:16:27:38 +0200] "GET /games-toys-c-4.html?page=5 HTTP/1.0" 200 92077 "-" "Mozilla/5.0 (Macintosh; Intel Mac OS X 10_15_5) AppleWebKit/605.1.15 (KHTML, like Gecko) Version/13.1.1 Safari/605.1.15 (Applebot/0.1; +http://www.apple.com/go/applebot)"
157.55.39.24 - - [13/Jun/2021:16:27:45 +0200] "GET /chakra-stone-set-pyramid-shaped-p-43371.html HTTP/1.0" 301 73002 "-" "Mozilla/5.0 (compatible; bingbot/2.0; +http://www.bing.com/bingbot.htm)"
207.46.13.38 - - [13/Jun/2021:16:27:46 +0200] "GET /-p-13108.html HTTP/1.0" 200 70165 "-" "Mozilla/5.0 (compatible; bingbot/2.0; +http://www.bing.com/bingbot.htm)"
40.77.167.70 - - [13/Jun/2021:16:27:54 +0200] "GET /gorjuss-cards-supplied-with-an-envelope-the-secret-p-48382.html HTTP/1.0" 301 73226 "-" "Mozilla/5.0 (compatible; bingbot/2.0; +http://www.bing.com/bingbot.htm)"
40.77.167.70 - - [13/Jun/2021:16:28:04 +0200] "GET /monster-high-pencil-box-p-21803.html HTTP/1.0" 301 73025 "-" "Mozilla/5.0 (compatible; bingbot/2.0; +http://www.bing.com/bingbot.htm)"
185.191.171.17 - - [13/Jun/2021:16:28:06 +0200] "GET /marshall-backpack-p-26525.html HTTP/1.0" 200 73183 "-" "Mozilla/5.0 (compatible; SemrushBot/7~bl; +http://www.semrush.com/bot.html)"
185.191.171.4 - - [13/Jun/2021:16:28:08 +0200] "GET /daisy-duck-cosmetic-pouch-p-28836.html HTTP/1.0" 200 72893 "-" "Mozilla/5.0 (compatible; SemrushBot/7~bl; +http://www.semrush.com/bot.html)"
54.36.149.34 - - [13/Jun/2021:16:28:17 +0200] "GET /candy-alarm-clock-by-cbk-p-25004.html HTTP/1.0" 301 73009 "-" "Mozilla/5.0 (compatible; AhrefsBot/7.0; +http://ahrefs.com/robot/)"
157.55.39.106 - - [13/Jun/2021:16:28:27 +0200] "GET /dubout-cats-cover-for-the-pillow-p-32248.html HTTP/1.0" 301 70391 "-" "Mozilla/5.0 (compatible; bingbot/2.0; +http://www.bing.com/bingbot.htm)"
157.55.39.106 - - [13/Jun/2021:16:28:28 +0200] "GET /havana-small-ashtray-p-47853.html HTTP/1.0" 200 72756 "-" "Mozilla/5.0 (compatible; bingbot/2.0; +http://www.bing.com/bingbot.htm)"
157.55.39.106 - - [13/Jun/2021:16:28:29 +0200] "GET /rococo-retro-phone-p-37503.html HTTP/1.0" 301 73056 "-" "Mozilla/5.0 (compatible; bingbot/2.0; +http://www.bing.com/bingbot.htm)"
157.55.39.106 - - [13/Jun/2021:16:28:30 +0200] "GET /ceramic-salt-pot-with-spoon-dory-p-50650.html HTTP/1.0" 301 72972 "-" "Mozilla/5.0 (compatible; bingbot/2.0; +http://www.bing.com/bingbot.htm)"
157.55.39.152 - - [13/Jun/2021:16:28:33 +0200] "GET /johnny-hallyday-zippo-lighter-p-49852.html HTTP/1.0" 200 73925 "-" "Mozilla/5.0 (compatible; bingbot/2.0; +http://www.bing.com/bingbot.htm)"
40.77.167.70 - - [13/Jun/2021:16:28:43 +0200] "GET /teo-jasmin-pencil-case-p-31568.html HTTP/1.0" 301 72959 "-" "Mozilla/5.0 (compatible; bingbot/2.0; +http://www.bing.com/bingbot.htm)"
40.77.167.90 - - [13/Jun/2021:16:28:48 +0200] "GET /skaar-marvel-super-hero-mashers-articulate-figurine-p-29854.html HTTP/1.0" 200 70411 "-" "Mozilla/5.0 (compatible; bingbot/2.0; +http://www.bing.com/bingbot.htm)"
185.191.171.17 - - [13/Jun/2021:16:28:54 +0200] "GET /metal-ding-dong-bell-for-bike-grey-p-40746.html HTTP/1.0" 301 73000 "-" "Mozilla/5.0 (compatible; SemrushBot/7~bl; +http://www.semrush.com/bot.html)"
185.191.171.1 - - [13/Jun/2021:16:28:56 +0200] "GET /metal-ding-dong-bell-bike-grey-p-40746.html HTTP/1.0" 200 72903 "-" "Mozilla/5.0 (compatible; SemrushBot/7~bl; +http://www.semrush.com/bot.html)"
40.77.167.70 - - [13/Jun/2021:16:29:03 +0200] "GET /images/big_prod/3520071720609.jpg HTTP/1.0" 200 268 "-" "Mozilla/5.0 (compatible; bingbot/2.0; +http://www.bing.com/bingbot.htm)"
54.36.149.58 - - [13/Jun/2021:16:29:06 +0200] "GET /blue-duck-fitted-sheet-p-51982.html HTTP/1.0" 200 72825 "-" "Mozilla/5.0 (compatible; AhrefsBot/7.0; +http://ahrefs.com/robot/)"
157.55.39.128 - - [13/Jun/2021:16:29:10 +0200] "GET /flat-thread-sheet-cotton-57-color-lila-powder-240-300-cm-p-46738.html HTTP/1.0" 301 70472 "-" "Mozilla/5.0 (compatible; bingbot/2.0; +http://www.bing.com/bingbot.htm)"
157.55.39.24 - - [13/Jun/2021:16:29:27 +0200] "GET /small-green-japanese-cast-iron-teapot-liter-p-54887.html HTTP/1.0" 200 73792 "-" "Mozilla/5.0 (compatible; bingbot/2.0; +http://www.bing.com/bingbot.htm)"
