157.55.39.81 - - [13/Jun/2021:22:58:00 +0200] "GET /water-bottles-sport-bottles-c-12_161.html HTTP/1.0" 200 92579 "-" "Mozilla/5.0 (compatible; bingbot/2.0; +http://www.bing.com/bingbot.htm)"
157.55.39.81 - - [13/Jun/2021:22:58:02 +0200] "GET /union-jack-suitcase-60-cm-p-25114.html HTTP/1.0" 301 70355 "-" "Mozilla/5.0 (compatible; bingbot/2.0; +http://www.bing.com/bingbot.htm)"
207.46.13.38 - - [13/Jun/2021:22:58:05 +0200] "GET /-p-14711.html HTTP/1.0" 200 70165 "-" "Mozilla/5.0 (compatible; bingbot/2.0; +http://www.bing.com/bingbot.htm)"
207.46.13.38 - - [13/Jun/2021:22:58:06 +0200] "GET /-p-26667.html HTTP/1.0" 200 70165 "-" "Mozilla/5.0 (compatible; bingbot/2.0; +http://www.bing.com/bingbot.htm)"
207.46.13.38 - - [13/Jun/2021:22:58:07 +0200] "GET /kori-kumi-vanity-bag-p-30500.html HTTP/1.0" 301 73556 "-" "Mozilla/5.0 (compatible; bingbot/2.0; +http://www.bing.com/bingbot.htm)"
157.55.39.122 - - [13/Jun/2021:22:58:10 +0200] "GET /decoration-african-woman-chest-p-55278.html HTTP/1.0" 200 73063 "-" "Mozilla/5.0 (compatible; bingbot/2.0; +http://www.bing.com/bingbot.htm)"
40.77.167.90 - - [13/Jun/2021:22:58:31 +0200] "GET /little-londoner-payphone-sticker-photo-frame-p-26133.html HTTP/1.0" 200 73010 "-" "Mozilla/5.0 (compatible; bingbot/2.0; +http://www.bing.com/bingbot.htm)"
157.55.39.44 - - [13/Jun/2021:22:58:35 +0200] "GET /hello-kitty-by-camomilla-large-handbag-p-4408.html HTTP/1.0" 301 73256 "-" "Mozilla/5.0 (compatible; bingbot/2.0; +http://www.bing.com/bingbot.htm)"
213.166.82.155 - - [13/Jun/2021:22:58:42 +0200] "GET /snowman-solar-powered-dancing-p-34143.html]Test HTTP/1.0" 301 609 "http://wonder-geek.com/snowman-solar-powered-dancing-p-34143.html]Test" "Mozilla/5.0 (Windows NT 10.0; Win64; x64) AppleWebKit/537.36 (KHTML, like Gecko) Chrome/83.0.4103.44 Safari/537.36 OPR/69.0.3686.7 (Edition beta)"
213.166.82.155 - - [13/Jun/2021:22:58:42 +0200] "GET /snowman-solar-powered-dancing-p-34143.html%5dTest HTTP/1.0" 404 1308 "http://www.wonder-geek.com/snowman-solar-powered-dancing-p-34143.html%5dTest" "Mozilla/5.0 (Windows NT 10.0; Win64; x64) AppleWebKit/537.36 (KHTML, like Gecko) Chrome/83.0.4103.44 Safari/537.36 OPR/69.0.3686.7 (Edition beta)"
213.166.82.155 - - [13/Jun/2021:22:58:42 +0200] "GET / HTTP/1.0" 301 511 "http://wonder-geek.com/" "Mozilla/5.0 (Windows NT 10.0; Win64; x64) AppleWebKit/537.36 (KHTML, like Gecko) Chrome/83.0.4103.44 Safari/537.36 OPR/69.0.3686.7 (Edition beta)"
213.166.82.155 - - [13/Jun/2021:22:58:42 +0200] "GET / HTTP/1.0" 200 150309 "http://www.wonder-geek.com/" "Mozilla/5.0 (Windows NT 10.0; Win64; x64) AppleWebKit/537.36 (KHTML, like Gecko) Chrome/83.0.4103.44 Safari/537.36 OPR/69.0.3686.7 (Edition beta)"
213.166.82.155 - - [13/Jun/2021:22:58:43 +0200] "GET /trivet-boards-c-12_158.html HTTP/1.0" 200 93973 "http://www.wonder-geek.com/trivet-boards-c-12_158.html" "Mozilla/5.0 (Windows NT 10.0; Win64; x64) AppleWebKit/537.36 (KHTML, like Gecko) Chrome/83.0.4103.44 Safari/537.36 OPR/69.0.3686.7 (Edition beta)"
213.166.82.155 - - [13/Jun/2021:22:58:44 +0200] "GET /cardboard-boxes-storage-c-13_150_216.html HTTP/1.0" 200 77605 "http://www.wonder-geek.com/cardboard-boxes-storage-c-13_150_216.html" "Mozilla/5.0 (Windows NT 10.0; Win64; x64) AppleWebKit/537.36 (KHTML, like Gecko) Chrome/83.0.4103.44 Safari/537.36 OPR/69.0.3686.7 (Edition beta)"
213.166.82.155 - - [13/Jun/2021:22:58:45 +0200] "GET /cushion-headboard-c-11_173.html HTTP/1.0" 200 88935 "http://www.wonder-geek.com/cushion-headboard-c-11_173.html" "Mozilla/5.0 (Windows NT 10.0; Win64; x64) AppleWebKit/537.36 (KHTML, like Gecko) Chrome/83.0.4103.44 Safari/537.36 OPR/69.0.3686.7 (Edition beta)"
213.166.82.155 - - [13/Jun/2021:22:58:45 +0200] "GET /board-games-c-4_47.html HTTP/1.0" 200 75503 "http://www.wonder-geek.com/board-games-c-4_47.html" "Mozilla/5.0 (Windows NT 10.0; Win64; x64) AppleWebKit/537.36 (KHTML, like Gecko) Chrome/83.0.4103.44 Safari/537.36 OPR/69.0.3686.7 (Edition beta)"
54.36.148.79 - - [13/Jun/2021:22:58:56 +0200] "GET /quartz-globe-diameter-base-p-50601.html HTTP/1.0" 200 73582 "-" "Mozilla/5.0 (compatible; AhrefsBot/7.0; +http://ahrefs.com/robot/)"
157.55.39.152 - - [13/Jun/2021:22:59:02 +0200] "GET /la-caravelle-vintage-clock-60-cm-p-45890.html HTTP/1.0" 301 73022 "-" "Mozilla/5.0 (compatible; bingbot/2.0; +http://www.bing.com/bingbot.htm)"
40.77.167.106 - - [13/Jun/2021:22:59:06 +0200] "GET /retro-camper-storage-stool-p-34228.html HTTP/1.0" 301 73105 "-" "Mozilla/5.0 (compatible; bingbot/2.0; +http://www.bing.com/bingbot.htm)"
157.55.39.122 - - [13/Jun/2021:22:59:11 +0200] "GET /-p-36876.html HTTP/1.0" 200 70165 "-" "Mozilla/5.0 (compatible; bingbot/2.0; +http://www.bing.com/bingbot.htm)"
157.55.39.122 - - [13/Jun/2021:22:59:12 +0200] "GET /ceramic-salt-with-spoon-aderne-p-50644.html HTTP/1.0" 200 72868 "-" "Mozilla/5.0 (compatible; bingbot/2.0; +http://www.bing.com/bingbot.htm)"
157.55.39.122 - - [13/Jun/2021:22:59:13 +0200] "GET /melt-lemon-amalfi-p-47628.html HTTP/1.0" 200 73424 "-" "Mozilla/5.0 (compatible; bingbot/2.0; +http://www.bing.com/bingbot.htm)"
157.55.39.44 - - [13/Jun/2021:22:59:36 +0200] "GET /miracle-tattoos-augmented-reality-p-30664.html HTTP/1.0" 200 73763 "-" "Mozilla/5.0 (compatible; bingbot/2.0; +http://www.bing.com/bingbot.htm)"
66.249.70.38 - - [13/Jun/2021:22:59:46 +0200] "GET /products_new.php HTTP/1.0" 200 95115 "-" "Mozilla/5.0 (Linux; Android 6.0.1; Nexus 5X Build/MMB29P) AppleWebKit/537.36 (KHTML, like Gecko) Chrome/91.0.4472.90 Mobile Safari/537.36 (compatible; Googlebot/2.1; +http://www.google.com/bot.html)"
66.249.70.38 - - [13/Jun/2021:22:59:52 +0200] "GET /js/jquery.masonry.min.js HTTP/1.0" 200 264 "http://www.wonder-geek.com/products_new.php" "Mozilla/5.0 (Linux; Android 6.0.1; Nexus 5X Build/MMB29P) AppleWebKit/537.36 (KHTML, like Gecko) Chrome/90.0.4430.97 Mobile Safari/537.36 (compatible; Googlebot/2.1; +http://www.google.com/bot.html)"
157.55.39.122 - - [13/Jun/2021:22:59:57 +0200] "GET /great-wall-decor-old-orange-scooter-p-36513.html HTTP/1.0" 301 70385 "-" "Mozilla/5.0 (compatible; bingbot/2.0; +http://www.bing.com/bingbot.htm)"
185.191.171.13 - - [13/Jun/2021:23:00:13 +0200] "GET /brown-horse-figurine-resin-p-53655.html?action=add_product HTTP/1.0" 302 476 "-" "Mozilla/5.0 (compatible; SemrushBot/7~bl; +http://www.semrush.com/bot.html)"
157.55.39.122 - - [13/Jun/2021:23:00:18 +0200] "GET /-p-23714.html HTTP/1.0" 200 70165 "-" "Mozilla/5.0 (compatible; bingbot/2.0; +http://www.bing.com/bingbot.htm)"
157.55.39.152 - - [13/Jun/2021:23:00:22 +0200] "GET /california-usa-brown-backpack-p-37100.html HTTP/1.0" 301 73225 "-" "Mozilla/5.0 (compatible; bingbot/2.0; +http://www.bing.com/bingbot.htm)"
157.55.39.128 - - [13/Jun/2021:23:00:22 +0200] "GET /gormiti-swimming-armband-p-9112.html HTTP/1.0" 200 72692 "-" "Mozilla/5.0 (compatible; bingbot/2.0; +http://www.bing.com/bingbot.htm)"
110.249.201.201 - - [13/Jun/2021:23:00:25 +0200] "GET /pineapple-cutting-board-p-40705.html HTTP/1.0" 200 72805 "-" "Mozilla/5.0 (Linux; Android 5.0) AppleWebKit/537.36 (KHTML, like Gecko) Mobile Safari/537.36 (compatible; Bytespider; https://zhanzhang.toutiao.com/)"
110.249.201.190 - - [13/Jun/2021:23:00:27 +0200] "GET /swfobject.js HTTP/1.0" 404 1308 "http://www.wonder-geek.com/pineapple-cutting-board-p-40705.html" "Mozilla/5.0 (Linux; Android 5.0) AppleWebKit/537.36 (KHTML, like Gecko) Mobile Safari/537.36 (compatible; Bytespider; https://zhanzhang.toutiao.com/)"
110.249.201.202 - - [13/Jun/2021:23:00:28 +0200] "GET /highslide/graphics/zoomout.cur HTTP/1.0" 200 614 "http://www.wonder-geek.com/pineapple-cutting-board-p-40705.html" "Mozilla/5.0 (Linux; Android 5.0) AppleWebKit/537.36 (KHTML, like Gecko) Mobile Safari/537.36 (compatible; Bytespider; https://zhanzhang.toutiao.com/)"
110.249.201.203 - - [13/Jun/2021:23:00:28 +0200] "GET /images/big_prod/3612875118550.jpg HTTP/1.0" 200 268 "http://www.wonder-geek.com/pineapple-cutting-board-p-40705.html" "Mozilla/5.0 (Linux; Android 5.0) AppleWebKit/537.36 (KHTML, like Gecko) Mobile Safari/537.36 (compatible; Bytespider; https://zhanzhang.toutiao.com/)"
40.77.167.90 - - [13/Jun/2021:23:00:30 +0200] "GET /cars-large-expandable-backpack-p-19750.html HTTP/1.0" 200 73279 "-" "Mozilla/5.0 (compatible; bingbot/2.0; +http://www.bing.com/bingbot.htm)"
207.46.13.38 - - [13/Jun/2021:23:00:32 +0200] "GET /corsica-zippo-lighter-p-29767.html HTTP/1.0" 200 70261 "-" "Mozilla/5.0 (compatible; bingbot/2.0; +http://www.bing.com/bingbot.htm)"
185.191.171.34 - - [13/Jun/2021:23:00:41 +0200] "GET /little-prince-saint-exupery-bowl-p-52494.html?action=add_product HTTP/1.0" 302 476 "-" "Mozilla/5.0 (compatible; SemrushBot/7~bl; +http://www.semrush.com/bot.html)"
207.46.13.38 - - [13/Jun/2021:23:00:41 +0200] "GET /provence-soap-box-marseille-soap-10-65-35-cm-p-39424.html HTTP/1.0" 301 73270 "-" "Mozilla/5.0 (compatible; bingbot/2.0; +http://www.bing.com/bingbot.htm)"
54.36.148.86 - - [13/Jun/2021:23:00:51 +0200] "GET /duvet-cover-cotton-percale-threads-p-51258.html HTTP/1.0" 200 73425 "-" "Mozilla/5.0 (compatible; AhrefsBot/7.0; +http://ahrefs.com/robot/)"
147.92.153.10 - - [13/Jun/2021:23:01:06 +0200] "GET /pucca-towel-p-2355.html HTTP/1.0" 200 72851 "-" "Mozilla/5.0 (compatible; Linespider/1.1; +https://lin.ee/4dwXkTH)"
157.55.39.81 - - [13/Jun/2021:23:01:06 +0200] "GET /general-store-jars-anise-black-pepper-p-36656.html HTTP/1.0" 200 73487 "-" "Mozilla/5.0 (compatible; bingbot/2.0; +http://www.bing.com/bingbot.htm)"
40.77.167.90 - - [13/Jun/2021:23:01:32 +0200] "GET /decorative-fruit-figurine-cherry-glossy-white-p-52716.html HTTP/1.0" 200 73095 "-" "Mozilla/5.0 (compatible; bingbot/2.0; +http://www.bing.com/bingbot.htm)"
185.191.171.7 - - [13/Jun/2021:23:01:06 +0200] "GET /bowl-tasty-pin-inside-made-in-germany-p-53187.html HTTP/1.0" 301 74295 "-" "Mozilla/5.0 (compatible; SemrushBot/7~bl; +http://www.semrush.com/bot.html)"
185.191.171.25 - - [13/Jun/2021:23:01:46 +0200] "GET /bowl-tasty-inside-made-germany-p-53187.html HTTP/1.0" 200 74198 "-" "Mozilla/5.0 (compatible; SemrushBot/7~bl; +http://www.semrush.com/bot.html)"
157.55.39.122 - - [13/Jun/2021:23:01:47 +0200] "GET /-p-14130.html HTTP/1.0" 200 70165 "-" "Mozilla/5.0 (compatible; bingbot/2.0; +http://www.bing.com/bingbot.htm)"
40.77.167.106 - - [13/Jun/2021:23:01:47 +0200] "GET /cars-backpack-p-10777.html HTTP/1.0" 200 72949 "-" "Mozilla/5.0 (compatible; bingbot/2.0; +http://www.bing.com/bingbot.htm)"
157.55.39.152 - - [13/Jun/2021:23:01:55 +0200] "GET /johnny-hallyday-zippo-lighter-p-49852.html HTTP/1.0" 200 73925 "-" "Mozilla/5.0 (compatible; bingbot/2.0; +http://www.bing.com/bingbot.htm)"
185.191.171.9 - - [13/Jun/2021:23:01:57 +0200] "GET /beanie-buddies-plush-little-pony-apple-jack-p-27346.html HTTP/1.0" 200 72912 "-" "Mozilla/5.0 (compatible; SemrushBot/7~bl; +http://www.semrush.com/bot.html)"
66.249.70.40 - - [13/Jun/2021:23:02:03 +0200] "GET /salt-with-wooden-spoon-sardella-p-54527.html HTTP/1.0" 200 72860 "-" "Mozilla/5.0 (Linux; Android 6.0.1; Nexus 5X Build/MMB29P) AppleWebKit/537.36 (KHTML, like Gecko) Chrome/91.0.4472.90 Mobile Safari/537.36 (compatible; Googlebot/2.1; +http://www.google.com/bot.html)"
157.55.39.81 - - [13/Jun/2021:23:02:10 +0200] "GET /-p-29247.html HTTP/1.0" 200 70165 "-" "Mozilla/5.0 (compatible; bingbot/2.0; +http://www.bing.com/bingbot.htm)"
157.55.39.152 - - [13/Jun/2021:23:02:14 +0200] "GET /tetsubin-light-green-teapot-japanese-08-liter-p-39978.html HTTP/1.0" 301 73296 "-" "Mozilla/5.0 (compatible; bingbot/2.0; +http://www.bing.com/bingbot.htm)"
157.55.39.122 - - [13/Jun/2021:23:02:27 +0200] "GET /images/big_prod_1/3281640406323a.jpg HTTP/1.0" 200 271 "-" "Mozilla/5.0 (compatible; bingbot/2.0; +http://www.bing.com/bingbot.htm)"
157.55.39.122 - - [13/Jun/2021:23:02:28 +0200] "GET /mickey-mouse-figure-collection-by-britto-p-34382.html HTTP/1.0" 301 73753 "-" "Mozilla/5.0 (compatible; bingbot/2.0; +http://www.bing.com/bingbot.htm)"
54.36.148.86 - - [13/Jun/2021:23:02:32 +0200] "GET /duvet-cover-cotton-percale-threads-p-48212.html HTTP/1.0" 200 73104 "-" "Mozilla/5.0 (compatible; AhrefsBot/7.0; +http://ahrefs.com/robot/)"
185.191.171.42 - - [13/Jun/2021:23:02:37 +0200] "GET /unicorn-plush-pink-white-p-47647.html?action=add_product HTTP/1.0" 302 476 "-" "Mozilla/5.0 (compatible; SemrushBot/7~bl; +http://www.semrush.com/bot.html)"
40.77.167.106 - - [13/Jun/2021:23:02:58 +0200] "GET /retro-ceramic-flatware-beer-p-42150.html HTTP/1.0" 200 72928 "-" "Mozilla/5.0 (compatible; bingbot/2.0; +http://www.bing.com/bingbot.htm)"
40.77.167.106 - - [13/Jun/2021:23:03:14 +0200] "GET /-p-23453.html HTTP/1.0" 200 70165 "-" "Mozilla/5.0 (compatible; bingbot/2.0; +http://www.bing.com/bingbot.htm)"
157.55.39.122 - - [13/Jun/2021:23:03:38 +0200] "GET /-p-21940.html HTTP/1.0" 200 70165 "-" "Mozilla/5.0 (compatible; bingbot/2.0; +http://www.bing.com/bingbot.htm)"
66.249.70.38 - - [13/Jun/2021:23:03:46 +0200] "GET /images/mini_prod/8903833909217.jpg HTTP/1.0" 200 269 "-" "Googlebot-Image/1.0"
40.77.167.57 - - [13/Jun/2021:23:03:48 +0200] "GET /led-lamp-mojito-13-cm-p-47784.html HTTP/1.0" 301 72771 "-" "Mozilla/5.0 (compatible; bingbot/2.0; +http://www.bing.com/bingbot.htm)"
157.55.39.81 - - [13/Jun/2021:23:04:00 +0200] "GET /small-box-for-baby-teeth-the-adam-small-mouse-p-47096.html HTTP/1.0" 301 73830 "-" "Mozilla/5.0 (compatible; bingbot/2.0; +http://www.bing.com/bingbot.htm)"
157.55.39.81 - - [13/Jun/2021:23:04:02 +0200] "GET /babar-the-elephant-m-5.html HTTP/1.0" 200 68963 "-" "Mozilla/5.0 (compatible; bingbot/2.0; +http://www.bing.com/bingbot.htm)"
40.77.167.70 - - [13/Jun/2021:23:04:13 +0200] "GET /solar-powered-shark-dancing-p-38828.html HTTP/1.0" 200 73086 "-" "Mozilla/5.0 (compatible; bingbot/2.0; +http://www.bing.com/bingbot.htm)"
40.77.167.70 - - [13/Jun/2021:23:04:14 +0200] "GET /burlap-round-table-p-53151.html HTTP/1.0" 200 73348 "-" "Mozilla/5.0 (compatible; bingbot/2.0; +http://www.bing.com/bingbot.htm)"
40.77.167.70 - - [13/Jun/2021:23:04:15 +0200] "GET /eyelet-curtain-135-240-cm-p-52384.html HTTP/1.0" 301 75065 "-" "Mozilla/5.0 (compatible; bingbot/2.0; +http://www.bing.com/bingbot.htm)"
207.46.13.38 - - [13/Jun/2021:23:04:22 +0200] "GET /dolphin-wall-decoration-33-cm-p-48635.html HTTP/1.0" 301 72983 "-" "Mozilla/5.0 (compatible; bingbot/2.0; +http://www.bing.com/bingbot.htm)"
40.77.167.106 - - [13/Jun/2021:23:04:43 +0200] "GET /eccentric-dog-little-tray-235-175-cm-p-39733.html HTTP/1.0" 301 73066 "-" "Mozilla/5.0 (compatible; bingbot/2.0; +http://www.bing.com/bingbot.htm)"
185.191.171.37 - - [13/Jun/2021:23:04:58 +0200] "GET /deco-horse-head-statue-p-44642.html HTTP/1.0" 200 70243 "-" "Mozilla/5.0 (compatible; SemrushBot/7~bl; +http://www.semrush.com/bot.html)"
157.55.39.44 - - [13/Jun/2021:23:05:17 +0200] "GET /cupcakes-cushion-personalized-picture-p-16981.html HTTP/1.0" 200 73385 "-" "Mozilla/5.0 (compatible; bingbot/2.0; +http://www.bing.com/bingbot.htm)"
185.191.171.15 - - [13/Jun/2021:23:05:17 +0200] "GET /saltshaker-pepper-p-42259.html HTTP/1.0" 200 72824 "-" "Mozilla/5.0 (compatible; SemrushBot/7~bl; +http://www.semrush.com/bot.html)"
157.55.39.81 - - [13/Jun/2021:23:05:21 +0200] "GET /van-gogh-terrasse-du-caf-le-soir-zip-purse-made-in-france-p-47460.html HTTP/1.0" 301 73306 "-" "Mozilla/5.0 (compatible; bingbot/2.0; +http://www.bing.com/bingbot.htm)"
40.77.167.70 - - [13/Jun/2021:23:05:26 +0200] "GET /kori-kumi-calendar-year-2017-p-36750.html HTTP/1.0" 200 73032 "-" "Mozilla/5.0 (compatible; bingbot/2.0; +http://www.bing.com/bingbot.htm)"
185.191.171.42 - - [13/Jun/2021:23:05:29 +0200] "GET /pillow-case-65-65-cm-blue-jean-p-36885.html HTTP/1.0" 301 73164 "-" "Mozilla/5.0 (compatible; SemrushBot/7~bl; +http://www.semrush.com/bot.html)"
54.36.148.240 - - [13/Jun/2021:23:05:29 +0200] "GET /finding-dory-homework-notebooks-p-40846.html HTTP/1.0" 200 73191 "-" "Mozilla/5.0 (compatible; AhrefsBot/7.0; +http://ahrefs.com/robot/)"
185.191.171.15 - - [13/Jun/2021:23:05:31 +0200] "GET /pillow-case-blue-jean-p-36885.html HTTP/1.0" 200 73076 "-" "Mozilla/5.0 (compatible; SemrushBot/7~bl; +http://www.semrush.com/bot.html)"
157.55.39.122 - - [13/Jun/2021:23:05:38 +0200] "GET /-p-12371.html HTTP/1.0" 200 70165 "-" "Mozilla/5.0 (compatible; bingbot/2.0; +http://www.bing.com/bingbot.htm)"
40.77.167.106 - - [13/Jun/2021:23:05:43 +0200] "GET /-p-33395.html HTTP/1.0" 200 70165 "-" "Mozilla/5.0 (compatible; bingbot/2.0; +http://www.bing.com/bingbot.htm)"
40.77.167.90 - - [13/Jun/2021:23:05:50 +0200] "GET /vive-paris-hairbrush-p-18965.html HTTP/1.0" 200 72793 "-" "Mozilla/5.0 (compatible; bingbot/2.0; +http://www.bing.com/bingbot.htm)"
185.191.171.37 - - [13/Jun/2021:23:06:11 +0200] "GET /horses-mirror-p-33036.html?action=add_product HTTP/1.0" 302 476 "-" "Mozilla/5.0 (compatible; SemrushBot/7~bl; +http://www.semrush.com/bot.html)"
207.46.13.38 - - [13/Jun/2021:23:06:13 +0200] "GET /cats-shower-curtain-p-55300.html HTTP/1.0" 200 73499 "-" "Mozilla/5.0 (compatible; bingbot/2.0; +http://www.bing.com/bingbot.htm)"
157.55.39.44 - - [13/Jun/2021:23:06:18 +0200] "GET /jiminy-cricket-mini-figurine-p-51180.html HTTP/1.0" 200 74437 "-" "Mozilla/5.0 (compatible; bingbot/2.0; +http://www.bing.com/bingbot.htm)"
157.55.39.128 - - [13/Jun/2021:23:06:21 +0200] "GET /the-saddle-club-100-pieces-puzzle-p-27686.html HTTP/1.0" 301 73128 "-" "Mozilla/5.0 (compatible; bingbot/2.0; +http://www.bing.com/bingbot.htm)"
40.77.167.57 - - [13/Jun/2021:23:06:23 +0200] "GET /horses-keyring-p-33559.html HTTP/1.0" 200 73978 "-" "Mozilla/5.0 (compatible; bingbot/2.0; +http://www.bing.com/bingbot.htm)"
40.77.167.70 - - [13/Jun/2021:23:06:23 +0200] "GET /-p-48729.html HTTP/1.0" 200 70165 "-" "Mozilla/5.0 (compatible; bingbot/2.0; +http://www.bing.com/bingbot.htm)"
40.77.167.90 - - [13/Jun/2021:23:06:51 +0200] "GET /-p-8472.html HTTP/1.0" 200 70163 "-" "Mozilla/5.0 (compatible; bingbot/2.0; +http://www.bing.com/bingbot.htm)"
157.55.39.44 - - [13/Jun/2021:23:06:56 +0200] "GET /winnie-the-pooh-yellow-swimsuit-p-30253.html HTTP/1.0" 301 74692 "-" "Mozilla/5.0 (compatible; bingbot/2.0; +http://www.bing.com/bingbot.htm)"
54.36.148.184 - - [13/Jun/2021:23:07:08 +0200] "GET /mickey-mousse-ying-and-yang-tray-p-17920.html HTTP/1.0" 301 70232 "-" "Mozilla/5.0 (compatible; AhrefsBot/7.0; +http://ahrefs.com/robot/)"
207.46.13.38 - - [13/Jun/2021:23:07:12 +0200] "GET /volkswagen-bully-rectangular-mirror-p-29010.html HTTP/1.0" 200 72872 "-" "Mozilla/5.0 (compatible; bingbot/2.0; +http://www.bing.com/bingbot.htm)"
40.77.167.57 - - [13/Jun/2021:23:07:37 +0200] "GET /images/med_prod/1384010181331.jpg HTTP/1.0" 200 268 "-" "Mozilla/5.0 (compatible; bingbot/2.0; +http://www.bing.com/bingbot.htm)"
40.77.167.90 - - [13/Jun/2021:23:07:54 +0200] "GET /-p-51079.html HTTP/1.0" 200 70165 "-" "Mozilla/5.0 (compatible; bingbot/2.0; +http://www.bing.com/bingbot.htm)"
40.77.167.90 - - [13/Jun/2021:23:07:56 +0200] "GET /volkswagen-electronic-lighter-p-47735.html HTTP/1.0" 301 70232 "-" "Mozilla/5.0 (compatible; bingbot/2.0; +http://www.bing.com/bingbot.htm)"
185.191.171.45 - - [13/Jun/2021:23:08:04 +0200] "GET /plush-pelly-brown-horse-miss-melody-25-cm-p-35453.html HTTP/1.0" 301 70413 "-" "Mozilla/5.0 (compatible; SemrushBot/7~bl; +http://www.semrush.com/bot.html)"
185.191.171.40 - - [13/Jun/2021:23:08:06 +0200] "GET /plush-pelly-brown-horse-miss-melody-p-35453.html HTTP/1.0" 200 70311 "-" "Mozilla/5.0 (compatible; SemrushBot/7~bl; +http://www.semrush.com/bot.html)"
157.55.39.81 - - [13/Jun/2021:23:08:21 +0200] "GET /-p-20606.html HTTP/1.0" 200 70165 "-" "Mozilla/5.0 (compatible; bingbot/2.0; +http://www.bing.com/bingbot.htm)"
157.55.39.81 - - [13/Jun/2021:23:08:22 +0200] "GET /-p-20439.html HTTP/1.0" 200 70165 "-" "Mozilla/5.0 (compatible; bingbot/2.0; +http://www.bing.com/bingbot.htm)"
157.55.39.128 - - [13/Jun/2021:23:08:25 +0200] "GET /metal-small-box-for-baby-teeth-pink-p-47099.html HTTP/1.0" 301 73709 "-" "Mozilla/5.0 (compatible; bingbot/2.0; +http://www.bing.com/bingbot.htm)"
54.236.1.13 - - [13/Jun/2021:23:08:35 +0200] "GET /harley-davidson-large-box-p-26383.html HTTP/1.0" 301 70361 "-" "Mozilla/5.0 (compatible; Pinterestbot/1.0; +http://www.pinterest.com/bot.html)"
54.236.1.13 - - [13/Jun/2021:23:08:36 +0200] "GET /harley-davidson-large-p-26383.html HTTP/1.0" 200 70273 "-" "Mozilla/5.0 (compatible; Pinterestbot/1.0; +http://www.pinterest.com/bot.html)"
54.236.1.13 - - [13/Jun/2021:23:08:36 +0200] "GET /apple-touch-icon.png HTTP/1.0" 404 1308 "-" "Mozilla/5.0 (compatible; Pinterestbot/1.0; +http://www.pinterest.com/bot.html)"
157.55.39.128 - - [13/Jun/2021:23:08:42 +0200] "GET /multicolored-elephant-money-p-54867.html HTTP/1.0" 200 73729 "-" "Mozilla/5.0 (compatible; bingbot/2.0; +http://www.bing.com/bingbot.htm)"
185.191.171.14 - - [13/Jun/2021:23:08:58 +0200] "GET /magnet-citron-79-54-cm-p-40116.html HTTP/1.0" 301 72891 "-" "Mozilla/5.0 (compatible; SemrushBot/7~bl; +http://www.semrush.com/bot.html)"
185.191.171.8 - - [13/Jun/2021:23:09:01 +0200] "GET /magnet-citron-p-40116.html HTTP/1.0" 200 72811 "-" "Mozilla/5.0 (compatible; SemrushBot/7~bl; +http://www.semrush.com/bot.html)"
54.36.148.201 - - [13/Jun/2021:23:09:01 +0200] "GET /mini-rectangular-tray-mini-van-surf-green-p-40338.html HTTP/1.0" 301 70232 "-" "Mozilla/5.0 (compatible; AhrefsBot/7.0; +http://ahrefs.com/robot/)"
157.55.39.81 - - [13/Jun/2021:23:09:01 +0200] "GET /spiderman-mattress-swimming-pool-p-30010.html HTTP/1.0" 200 73292 "-" "Mozilla/5.0 (compatible; bingbot/2.0; +http://www.bing.com/bingbot.htm)"
185.191.171.1 - - [13/Jun/2021:23:09:11 +0200] "GET /candle-hours-simply-mulberry-p-53891.html?action=add_product HTTP/1.0" 302 476 "-" "Mozilla/5.0 (compatible; SemrushBot/7~bl; +http://www.semrush.com/bot.html)"
157.55.39.81 - - [13/Jun/2021:23:09:22 +0200] "GET /star-wars-ben-quadinaros-et-otago-222-figure-p-14026.html HTTP/1.0" 301 70232 "-" "Mozilla/5.0 (compatible; bingbot/2.0; +http://www.bing.com/bingbot.htm)"
66.249.70.38 - - [13/Jun/2021:23:09:33 +0200] "GET /benedict-zippo-lighter-p-53268.html HTTP/1.0" 200 74068 "-" "Mozilla/5.0 (Linux; Android 6.0.1; Nexus 5X Build/MMB29P) AppleWebKit/537.36 (KHTML, like Gecko) Chrome/91.0.4472.90 Mobile Safari/537.36 (compatible; Googlebot/2.1; +http://www.google.com/bot.html)"
54.36.148.57 - - [13/Jun/2021:23:09:38 +0200] "GET /christmas-tree-ornament-christmas-balls-c-13_271.html?page=2 HTTP/1.0" 200 86579 "-" "Mozilla/5.0 (compatible; AhrefsBot/7.0; +http://ahrefs.com/robot/)"
40.77.167.57 - - [13/Jun/2021:23:09:48 +0200] "GET /-p-35187.html HTTP/1.0" 200 70165 "-" "Mozilla/5.0 (compatible; bingbot/2.0; +http://www.bing.com/bingbot.htm)"
195.201.141.45 - - [13/Jun/2021:23:09:55 +0200] "GET /glass-ceramic-hermetic-p-41246.html HTTP/1.0" 200 72886 "-" "Mozilla/5.0 (Windows NT 10.0; Win64; x64) AppleWebKit/537.36 (KHTML, like Gecko) Chrome/84.0.4147.105 Safari/537.36"
207.46.13.38 - - [13/Jun/2021:23:10:00 +0200] "GET /swfobject.js HTTP/1.0" 404 1308 "-" "Mozilla/5.0 (compatible; bingbot/2.0; +http://www.bing.com/bingbot.htm)"
157.55.39.128 - - [13/Jun/2021:23:10:02 +0200] "GET /decorative-statuette-monkeys-wisdom-ocher-p-52733.html HTTP/1.0" 200 73748 "-" "Mozilla/5.0 (compatible; bingbot/2.0; +http://www.bing.com/bingbot.htm)"
157.55.39.81 - - [13/Jun/2021:23:10:04 +0200] "GET /silver-moon-table-lamp-p-55266.html HTTP/1.0" 200 73528 "-" "Mozilla/5.0 (compatible; bingbot/2.0; +http://www.bing.com/bingbot.htm)"
40.77.167.90 - - [13/Jun/2021:23:10:13 +0200] "GET /daisy-duck-great-wall-sticker-repositionable-p-18829.html HTTP/1.0" 200 73186 "-" "Mozilla/5.0 (compatible; bingbot/2.0; +http://www.bing.com/bingbot.htm)"
157.55.39.44 - - [13/Jun/2021:23:10:18 +0200] "GET /images/astefalbalaidefix.jpg HTTP/1.0" 200 263 "-" "Mozilla/5.0 (compatible; bingbot/2.0; +http://www.bing.com/bingbot.htm)"
207.46.13.38 - - [13/Jun/2021:23:10:23 +0200] "GET /-p-31845.html HTTP/1.0" 200 70165 "-" "Mozilla/5.0 (compatible; bingbot/2.0; +http://www.bing.com/bingbot.htm)"
220.243.188.82 - - [13/Jun/2021:23:10:26 +0200] "GET /sentiment-towel-kitchen-towel-p-43622.html HTTP/1.0" 200 73582 "-" "Mozilla/5.0 (Linux; Android 5.0) AppleWebKit/537.36 (KHTML, like Gecko) Mobile Safari/537.36 (compatible; Bytespider; https://zhanzhang.toutiao.com/)"
220.243.188.75 - - [13/Jun/2021:23:10:27 +0200] "GET /swfobject.js HTTP/1.0" 404 1308 "http://www.wonder-geek.com/sentiment-towel-kitchen-towel-p-43622.html" "Mozilla/5.0 (Linux; Android 5.0) AppleWebKit/537.36 (KHTML, like Gecko) Mobile Safari/537.36 (compatible; Bytespider; https://zhanzhang.toutiao.com/)"
220.243.188.67 - - [13/Jun/2021:23:10:28 +0200] "GET /images/big_prod_1/message.jpg HTTP/1.0" 200 264 "http://www.wonder-geek.com/sentiment-towel-kitchen-towel-p-43622.html" "Mozilla/5.0 (Linux; Android 5.0) AppleWebKit/537.36 (KHTML, like Gecko) Mobile Safari/537.36 (compatible; Bytespider; https://zhanzhang.toutiao.com/)"
220.243.188.63 - - [13/Jun/2021:23:10:28 +0200] "GET /images/big_prod/5051276275024.jpg HTTP/1.0" 200 268 "http://www.wonder-geek.com/sentiment-towel-kitchen-towel-p-43622.html" "Mozilla/5.0 (Linux; Android 5.0) AppleWebKit/537.36 (KHTML, like Gecko) Mobile Safari/537.36 (compatible; Bytespider; https://zhanzhang.toutiao.com/)"
220.243.188.64 - - [13/Jun/2021:23:10:28 +0200] "GET /highslide/graphics/zoomout.cur HTTP/1.0" 200 614 "http://www.wonder-geek.com/sentiment-towel-kitchen-towel-p-43622.html" "Mozilla/5.0 (Linux; Android 5.0) AppleWebKit/537.36 (KHTML, like Gecko) Mobile Safari/537.36 (compatible; Bytespider; https://zhanzhang.toutiao.com/)"
157.55.39.128 - - [13/Jun/2021:23:10:41 +0200] "GET /support-metal-bottle-the-huntsman-p-39636.html HTTP/1.0" 301 70415 "-" "Mozilla/5.0 (compatible; bingbot/2.0; +http://www.bing.com/bingbot.htm)"
157.55.39.128 - - [13/Jun/2021:23:10:51 +0200] "GET /-p-14351.html HTTP/1.0" 200 70165 "-" "Mozilla/5.0 (compatible; bingbot/2.0; +http://www.bing.com/bingbot.htm)"
207.46.13.38 - - [13/Jun/2021:23:11:04 +0200] "GET /blue-vespa-shoulder-p-23064.html HTTP/1.0" 200 70263 "-" "Mozilla/5.0 (compatible; bingbot/2.0; +http://www.bing.com/bingbot.htm)"
185.191.171.33 - - [13/Jun/2021:23:11:12 +0200] "GET /new-york-yankees-black-bag-post-office-p-19821.html HTTP/1.0" 301 73364 "-" "Mozilla/5.0 (compatible; SemrushBot/7~bl; +http://www.semrush.com/bot.html)"
185.191.171.37 - - [13/Jun/2021:23:11:14 +0200] "GET /york-yankees-black-post-office-p-19821.html HTTP/1.0" 200 73267 "-" "Mozilla/5.0 (compatible; SemrushBot/7~bl; +http://www.semrush.com/bot.html)"
40.77.167.70 - - [13/Jun/2021:23:11:25 +0200] "GET /dastardly-and-muttley-fast-food-shirt-p-29622.html HTTP/1.0" 301 70399 "-" "Mozilla/5.0 (compatible; bingbot/2.0; +http://www.bing.com/bingbot.htm)"
40.77.167.70 - - [13/Jun/2021:23:11:28 +0200] "GET /-p-24983.html HTTP/1.0" 200 70165 "-" "Mozilla/5.0 (compatible; bingbot/2.0; +http://www.bing.com/bingbot.htm)"
185.191.171.5 - - [13/Jun/2021:23:11:36 +0200] "GET /lois-motorcycling-wallet-p-38160.html HTTP/1.0" 200 73767 "-" "Mozilla/5.0 (compatible; SemrushBot/7~bl; +http://www.semrush.com/bot.html)"
51.68.224.127 - - [13/Jun/2021:23:11:39 +0200] "GET /adminweb/export_orders_xml.php?token=256de2z6edz6ed2z6DFSFsed2zed6zeDSFDSGdzedezfzf&maxorders=10&orderstart=1&status=14&start_date=2018-10-01 HTTP/1.0" 200 285 "-" "GesCom CharlotteBoutik Serveur"
51.68.224.127 - - [13/Jun/2021:23:11:39 +0200] "GET /adminweb/export_orders_xml.php?token=256de2z6edz6ed2z6DFSFsed2zed6zeDSFDSGdzedezfzf&maxorders=10&orderstart=1&status=6&start_date=2018-10-01 HTTP/1.0" 200 30039 "-" "GesCom CharlotteBoutik Serveur"
147.92.153.9 - - [13/Jun/2021:23:11:44 +0200] "GET /james-towel-p-39104.html HTTP/1.0" 200 72795 "-" "Mozilla/5.0 (compatible; Linespider/1.1; +https://lin.ee/4dwXkTH)"
185.191.171.41 - - [13/Jun/2021:23:11:48 +0200] "GET /new-york-yankees-bag-post-office-p-19810.html HTTP/1.0" 301 73733 "-" "Mozilla/5.0 (compatible; SemrushBot/7~bl; +http://www.semrush.com/bot.html)"
185.191.171.18 - - [13/Jun/2021:23:11:50 +0200] "GET /york-yankees-post-office-p-19810.html HTTP/1.0" 200 73642 "-" "Mozilla/5.0 (compatible; SemrushBot/7~bl; +http://www.semrush.com/bot.html)"
185.191.171.7 - - [13/Jun/2021:23:12:02 +0200] "GET /hanging-wooden-wall-decoration-p-47066.html HTTP/1.0" 200 72982 "-" "Mozilla/5.0 (compatible; SemrushBot/7~bl; +http://www.semrush.com/bot.html)"
17.121.112.123 - - [13/Jun/2021:23:12:04 +0200] "GET /star-wars-captain-phasma-poster-p-36316.html HTTP/1.0" 200 72885 "-" "Mozilla/5.0 (Macintosh; Intel Mac OS X 10_15_5) AppleWebKit/605.1.15 (KHTML, like Gecko) Version/13.1.1 Safari/605.1.15 (Applebot/0.1; +http://www.apple.com/go/applebot)"
40.77.167.90 - - [13/Jun/2021:23:12:11 +0200] "GET /bart-simpsons-soccer-mobile-sock-p-17484.html HTTP/1.0" 301 70232 "-" "Mozilla/5.0 (compatible; bingbot/2.0; +http://www.bing.com/bingbot.htm)"
157.55.39.44 - - [13/Jun/2021:23:12:18 +0200] "GET /calimero-pink-cushion-p-22187.html HTTP/1.0" 200 72881 "-" "Mozilla/5.0 (compatible; bingbot/2.0; +http://www.bing.com/bingbot.htm)"
157.55.39.122 - - [13/Jun/2021:23:12:23 +0200] "GET /pgase-training-bottle-p-33776.html HTTP/1.0" 200 73139 "-" "Mozilla/5.0 (compatible; bingbot/2.0; +http://www.bing.com/bingbot.htm)"
66.249.70.42 - - [13/Jun/2021:23:12:31 +0200] "GET /camargue-small-ashtray-p-54600.html HTTP/1.0" 200 72793 "-" "Mozilla/5.0 (Linux; Android 6.0.1; Nexus 5X Build/MMB29P) AppleWebKit/537.36 (KHTML, like Gecko) Chrome/91.0.4472.90 Mobile Safari/537.36 (compatible; Googlebot/2.1; +http://www.google.com/bot.html)"
185.191.171.22 - - [13/Jun/2021:23:12:37 +0200] "GET /metal-wall-hook-the-wines-p-46796.html HTTP/1.0" 301 73745 "-" "Mozilla/5.0 (compatible; SemrushBot/7~bl; +http://www.semrush.com/bot.html)"
185.191.171.22 - - [13/Jun/2021:23:12:39 +0200] "GET /metal-wall-hook-wines-p-46796.html HTTP/1.0" 200 73657 "-" "Mozilla/5.0 (compatible; SemrushBot/7~bl; +http://www.semrush.com/bot.html)"
157.55.39.152 - - [13/Jun/2021:23:13:05 +0200] "GET /little-prince-tote-p-47143.html HTTP/1.0" 200 72866 "-" "Mozilla/5.0 (compatible; bingbot/2.0; +http://www.bing.com/bingbot.htm)"
207.46.13.38 - - [13/Jun/2021:23:13:21 +0200] "GET /corn-maker-coca-cola-p-47519.html HTTP/1.0" 200 74133 "-" "Mozilla/5.0 (compatible; bingbot/2.0; +http://www.bing.com/bingbot.htm)"
77.75.77.54 - - [13/Jun/2021:23:13:38 +0200] "GET /robots.txt HTTP/1.0" 200 245 "-" "Mozilla/5.0 (compatible; SeznamBot/3.2; +http://napoveda.seznam.cz/en/seznambot-intro/)"
77.75.77.54 - - [13/Jun/2021:23:13:38 +0200] "GET /household-linen-c-11.html HTTP/1.0" 200 92197 "-" "Mozilla/5.0 (compatible; SeznamBot/3.2; +http://napoveda.seznam.cz/en/seznambot-intro/)"
157.55.39.122 - - [13/Jun/2021:23:13:38 +0200] "GET /-p-22990.html HTTP/1.0" 200 70165 "-" "Mozilla/5.0 (compatible; bingbot/2.0; +http://www.bing.com/bingbot.htm)"
40.77.167.57 - - [13/Jun/2021:23:14:01 +0200] "GET /tweety-bookends-p-6399.html HTTP/1.0" 200 72697 "-" "Mozilla/5.0 (compatible; bingbot/2.0; +http://www.bing.com/bingbot.htm)"
40.77.167.57 - - [13/Jun/2021:23:14:02 +0200] "GET /bedclothes-140-200-cm-pink-striped-p-44345.html HTTP/1.0" 301 73057 "-" "Mozilla/5.0 (compatible; bingbot/2.0; +http://www.bing.com/bingbot.htm)"
40.77.167.57 - - [13/Jun/2021:23:14:04 +0200] "GET /winnie-the-pooh-birthday-card-with-envelope-p-25259.html HTTP/1.0" 301 73015 "-" "Mozilla/5.0 (compatible; bingbot/2.0; +http://www.bing.com/bingbot.htm)"
54.36.148.86 - - [13/Jun/2021:23:14:07 +0200] "GET /dishes-c-12.html?page=71 HTTP/1.0" 200 92961 "-" "Mozilla/5.0 (compatible; AhrefsBot/7.0; +http://ahrefs.com/robot/)"
157.55.39.81 - - [13/Jun/2021:23:14:12 +0200] "GET /provence-soap-marseille-soap-p-39423.html HTTP/1.0" 200 73176 "-" "Mozilla/5.0 (compatible; bingbot/2.0; +http://www.bing.com/bingbot.htm)"
157.55.39.81 - - [13/Jun/2021:23:14:14 +0200] "GET /-p-34729.html HTTP/1.0" 200 70165 "-" "Mozilla/5.0 (compatible; bingbot/2.0; +http://www.bing.com/bingbot.htm)"
157.55.39.128 - - [13/Jun/2021:23:14:22 +0200] "GET /chimes-and-suspensions-c-13_241.html HTTP/1.0" 301 90610 "-" "Mozilla/5.0 (compatible; bingbot/2.0; +http://www.bing.com/bingbot.htm)"
157.55.39.44 - - [13/Jun/2021:23:14:28 +0200] "GET /walking-dead-shirt-p-29586.html HTTP/1.0" 200 74455 "-" "Mozilla/5.0 (compatible; bingbot/2.0; +http://www.bing.com/bingbot.htm)"
66.249.70.40 - - [13/Jun/2021:23:14:45 +0200] "GET /images/mini_prod/8712159153286.jpg HTTP/1.0" 200 269 "-" "Googlebot-Image/1.0"
54.36.148.70 - - [13/Jun/2021:23:14:48 +0200] "GET /curtain-eyelets-lin-and-yellow-135-250-cm-p-49126.html HTTP/1.0" 301 75224 "-" "Mozilla/5.0 (compatible; AhrefsBot/7.0; +http://ahrefs.com/robot/)"
40.77.167.70 - - [13/Jun/2021:23:15:03 +0200] "GET /heart-home-friendly-stick-diffuser-bamboo-ginger-p-52804.html HTTP/1.0" 200 74013 "-" "Mozilla/5.0 (compatible; bingbot/2.0; +http://www.bing.com/bingbot.htm)"
40.77.167.70 - - [13/Jun/2021:23:15:04 +0200] "GET /french-riviera-navy-blue-shopper-bag-p-38650.html HTTP/1.0" 301 70427 "-" "Mozilla/5.0 (compatible; bingbot/2.0; +http://www.bing.com/bingbot.htm)"
157.55.39.81 - - [13/Jun/2021:23:15:22 +0200] "GET /happy-hour-free-beer-wall-bottle-opener-p-36857.html HTTP/1.0" 200 72962 "-" "Mozilla/5.0 (compatible; bingbot/2.0; +http://www.bing.com/bingbot.htm)"
185.191.171.36 - - [13/Jun/2021:23:15:34 +0200] "GET /betty-boop-mtal-ashtray-hussy-p-36136.html HTTP/1.0" 200 72892 "-" "Mozilla/5.0 (compatible; SemrushBot/7~bl; +http://www.semrush.com/bot.html)"
40.77.167.90 - - [13/Jun/2021:23:15:34 +0200] "GET /russian-doll-pink-figure-cm-p-27614.html HTTP/1.0" 301 72958 "-" "Mozilla/5.0 (compatible; bingbot/2.0; +http://www.bing.com/bingbot.htm)"
157.55.39.152 - - [13/Jun/2021:23:15:53 +0200] "GET /purple-elephant-piggy-bank-p-47730.html HTTP/1.0" 200 72827 "-" "Mozilla/5.0 (compatible; bingbot/2.0; +http://www.bing.com/bingbot.htm)"
157.55.39.152 - - [13/Jun/2021:23:15:55 +0200] "GET /-p-2579.html HTTP/1.0" 200 70163 "-" "Mozilla/5.0 (compatible; bingbot/2.0; +http://www.bing.com/bingbot.htm)"
40.77.167.106 - - [13/Jun/2021:23:16:06 +0200] "GET /zodiac-sign-training-bottle-cbkreation-p-43351.html HTTP/1.0" 200 73213 "-" "Mozilla/5.0 (compatible; bingbot/2.0; +http://www.bing.com/bingbot.htm)"
157.55.39.128 - - [13/Jun/2021:23:16:10 +0200] "GET /images/big_prod/8433978414647.jpg HTTP/1.0" 200 268 "-" "Mozilla/5.0 (compatible; bingbot/2.0; +http://www.bing.com/bingbot.htm)"
157.55.39.122 - - [13/Jun/2021:23:16:17 +0200] "GET /images/big_prod/3503420111143.jpg HTTP/1.0" 200 268 "-" "Mozilla/5.0 (compatible; bingbot/2.0; +http://www.bing.com/bingbot.htm)"
157.55.39.122 - - [13/Jun/2021:23:16:19 +0200] "GET /-p-24404.html HTTP/1.0" 200 70165 "-" "Mozilla/5.0 (compatible; bingbot/2.0; +http://www.bing.com/bingbot.htm)"
40.77.167.106 - - [13/Jun/2021:23:16:25 +0200] "GET /jamaica-paper-towel-dispenser-p-17439.html HTTP/1.0" 200 72823 "-" "Mozilla/5.0 (compatible; bingbot/2.0; +http://www.bing.com/bingbot.htm)"
207.46.13.38 - - [13/Jun/2021:23:16:27 +0200] "GET /nici-porcupine-plush-25-cm-p-35176.html HTTP/1.0" 301 79751 "-" "Mozilla/5.0 (compatible; bingbot/2.0; +http://www.bing.com/bingbot.htm)"
207.46.13.38 - - [13/Jun/2021:23:16:44 +0200] "GET /pucca-towel-p-2355.html HTTP/1.0" 200 72851 "-" "Mozilla/5.0 (compatible; bingbot/2.0; +http://www.bing.com/bingbot.htm)"
157.55.39.122 - - [13/Jun/2021:23:16:49 +0200] "GET /car-air-freshener-heart-and-home-dawn-mist-p-40597.html HTTP/1.0" 301 70376 "-" "Mozilla/5.0 (compatible; bingbot/2.0; +http://www.bing.com/bingbot.htm)"
157.55.39.122 - - [13/Jun/2021:23:16:50 +0200] "GET /strawberry-shortcake-hat-years-p-22143.html HTTP/1.0" 301 73039 "-" "Mozilla/5.0 (compatible; bingbot/2.0; +http://www.bing.com/bingbot.htm)"
66.249.70.38 - - [13/Jun/2021:23:16:50 +0200] "GET /dolomite-vase-face-blue-finish-p-54841.html HTTP/1.0" 200 73753 "-" "Mozilla/5.0 (compatible; Googlebot/2.1; +http://www.google.com/bot.html)"
40.77.167.57 - - [13/Jun/2021:23:17:01 +0200] "GET /pink-wooden-money-p-54355.html HTTP/1.0" 200 72817 "-" "Mozilla/5.0 (compatible; bingbot/2.0; +http://www.bing.com/bingbot.htm)"
157.55.39.128 - - [13/Jun/2021:23:17:04 +0200] "GET /corsica-small-cushion-cbkreation-30-cm-p-38852.html HTTP/1.0" 301 70380 "-" "Mozilla/5.0 (compatible; bingbot/2.0; +http://www.bing.com/bingbot.htm)"
207.46.13.38 - - [13/Jun/2021:23:17:24 +0200] "GET /-p-15699.html HTTP/1.0" 200 70165 "-" "Mozilla/5.0 (compatible; bingbot/2.0; +http://www.bing.com/bingbot.htm)"
40.77.167.90 - - [13/Jun/2021:23:17:30 +0200] "GET /images/3760122975002.jpg HTTP/1.0" 200 259 "-" "Mozilla/5.0 (compatible; bingbot/2.0; +http://www.bing.com/bingbot.htm)"
66.249.70.40 - - [13/Jun/2021:23:17:32 +0200] "GET /images/big_prod/8720088299593.jpg HTTP/1.0" 200 268 "-" "Googlebot-Image/1.0"
207.46.13.38 - - [13/Jun/2021:23:17:34 +0200] "GET /zen-canvas-frame-p-38319.html HTTP/1.0" 301 72881 "-" "Mozilla/5.0 (compatible; bingbot/2.0; +http://www.bing.com/bingbot.htm)"
207.46.13.38 - - [13/Jun/2021:23:17:36 +0200] "GET /black-zippo-fire-starter-p-51933.html HTTP/1.0" 200 73686 "-" "Mozilla/5.0 (compatible; bingbot/2.0; +http://www.bing.com/bingbot.htm)"
185.191.171.2 - - [13/Jun/2021:23:17:43 +0200] "GET /nici-jolly-mh-cushion-p-7195.html HTTP/1.0" 301 70229 "-" "Mozilla/5.0 (compatible; SemrushBot/7~bl; +http://www.semrush.com/bot.html)"
185.191.171.20 - - [13/Jun/2021:23:17:45 +0200] "GET /-p-7195.html HTTP/1.0" 200 70163 "-" "Mozilla/5.0 (compatible; SemrushBot/7~bl; +http://www.semrush.com/bot.html)"
185.191.171.41 - - [13/Jun/2021:23:17:53 +0200] "GET /nesting-dolls-glass-cutting-board-cbkreation-p-51466.html?action=add_product HTTP/1.0" 302 476 "-" "Mozilla/5.0 (compatible; SemrushBot/7~bl; +http://www.semrush.com/bot.html)"
157.55.39.152 - - [13/Jun/2021:23:17:54 +0200] "GET /temps-large-bowl-p-45338.html HTTP/1.0" 200 72764 "-" "Mozilla/5.0 (compatible; bingbot/2.0; +http://www.bing.com/bingbot.htm)"
157.55.39.44 - - [13/Jun/2021:23:18:18 +0200] "GET /dancer-ballerina-jewelry-phosphorescent-p-50834.html HTTP/1.0" 200 74425 "-" "Mozilla/5.0 (compatible; bingbot/2.0; +http://www.bing.com/bingbot.htm)"
40.77.167.70 - - [13/Jun/2021:23:18:29 +0200] "GET /-p-19674.html HTTP/1.0" 200 70165 "-" "Mozilla/5.0 (compatible; bingbot/2.0; +http://www.bing.com/bingbot.htm)"
40.77.167.57 - - [13/Jun/2021:23:18:31 +0200] "GET /-p-35286.html HTTP/1.0" 200 70165 "-" "Mozilla/5.0 (compatible; bingbot/2.0; +http://www.bing.com/bingbot.htm)"
157.55.39.81 - - [13/Jun/2021:23:18:52 +0200] "GET /-p-26788.html HTTP/1.0" 200 70165 "-" "Mozilla/5.0 (compatible; bingbot/2.0; +http://www.bing.com/bingbot.htm)"
54.36.149.5 - - [13/Jun/2021:23:18:54 +0200] "GET /monkey-statue-resin-said-nothing-nothing-seen-nothing-heard-p-49276.html HTTP/1.0" 200 73146 "-" "Mozilla/5.0 (compatible; AhrefsBot/7.0; +http://ahrefs.com/robot/)"
185.191.171.33 - - [13/Jun/2021:23:18:59 +0200] "GET /moon-stars-and-sun-wooden-box-p-48745.html HTTP/1.0" 301 70333 "-" "Mozilla/5.0 (compatible; SemrushBot/7~bl; +http://www.semrush.com/bot.html)"
185.191.171.5 - - [13/Jun/2021:23:19:01 +0200] "GET /moon-stars-wooden-p-48745.html HTTP/1.0" 200 70249 "-" "Mozilla/5.0 (compatible; SemrushBot/7~bl; +http://www.semrush.com/bot.html)"
40.77.167.106 - - [13/Jun/2021:23:19:07 +0200] "GET /merci-gustave-eiffel-tower-minnie-mouse-pink-p-32822.html HTTP/1.0" 200 70376 "-" "Mozilla/5.0 (compatible; bingbot/2.0; +http://www.bing.com/bingbot.htm)"
185.191.171.5 - - [13/Jun/2021:23:19:17 +0200] "GET /round-mirror-p-48539.html?action=add_product HTTP/1.0" 302 476 "-" "Mozilla/5.0 (compatible; SemrushBot/7~bl; +http://www.semrush.com/bot.html)"
40.77.167.90 - - [13/Jun/2021:23:19:22 +0200] "GET /glass-cutting-board-cbkreation-p-51304.html HTTP/1.0" 200 72871 "-" "Mozilla/5.0 (compatible; bingbot/2.0; +http://www.bing.com/bingbot.htm)"
185.191.171.21 - - [13/Jun/2021:23:19:22 +0200] "GET /glass-cutting-board-cbkreation-p-51914.html HTTP/1.0" 200 72871 "-" "Mozilla/5.0 (compatible; SemrushBot/7~bl; +http://www.semrush.com/bot.html)"
157.55.39.81 - - [13/Jun/2021:23:19:42 +0200] "GET /cotton-tablecloth-angle-p-49122.html HTTP/1.0" 200 72885 "-" "Mozilla/5.0 (compatible; bingbot/2.0; +http://www.bing.com/bingbot.htm)"
185.191.171.40 - - [13/Jun/2021:23:20:05 +0200] "GET /moroccan-beige-ashtray-dark-grey-stripes-p-44888.html HTTP/1.0" 301 70232 "-" "Mozilla/5.0 (compatible; SemrushBot/7~bl; +http://www.semrush.com/bot.html)"
185.191.171.40 - - [13/Jun/2021:23:20:08 +0200] "GET /-p-44888.html HTTP/1.0" 200 70165 "-" "Mozilla/5.0 (compatible; SemrushBot/7~bl; +http://www.semrush.com/bot.html)"
185.191.171.41 - - [13/Jun/2021:23:20:10 +0200] "GET /chair-cushion-scratchs-green-38-cm-p-51735.html HTTP/1.0" 301 73005 "-" "Mozilla/5.0 (compatible; SemrushBot/7~bl; +http://www.semrush.com/bot.html)"
185.191.171.44 - - [13/Jun/2021:23:20:12 +0200] "GET /chair-cushion-scratchs-green-p-51735.html HTTP/1.0" 200 72910 "-" "Mozilla/5.0 (compatible; SemrushBot/7~bl; +http://www.semrush.com/bot.html)"
110.249.202.28 - - [13/Jun/2021:23:20:25 +0200] "GET /glass-cutting-board-cbkreation-p-51184.html HTTP/1.0" 200 72875 "-" "Mozilla/5.0 (Linux; Android 5.0) AppleWebKit/537.36 (KHTML, like Gecko) Mobile Safari/537.36 (compatible; Bytespider; https://zhanzhang.toutiao.com/)"
110.249.202.37 - - [13/Jun/2021:23:20:26 +0200] "GET /mondial_relay/js/jquery-1.3.2.min.js HTTP/1.0" 200 276 "http://www.wonder-geek.com/glass-cutting-board-cbkreation-p-51184.html" "Mozilla/5.0 (Linux; Android 5.0) AppleWebKit/537.36 (KHTML, like Gecko) Mobile Safari/537.36 (compatible; Bytespider; https://zhanzhang.toutiao.com/)"
110.249.202.23 - - [13/Jun/2021:23:20:26 +0200] "GET /swfobject.js HTTP/1.0" 404 1308 "http://www.wonder-geek.com/glass-cutting-board-cbkreation-p-51184.html" "Mozilla/5.0 (Linux; Android 5.0) AppleWebKit/537.36 (KHTML, like Gecko) Mobile Safari/537.36 (compatible; Bytespider; https://zhanzhang.toutiao.com/)"
110.249.202.37 - - [13/Jun/2021:23:20:27 +0200] "GET /swfobject.js HTTP/1.0" 404 1308 "http://www.wonder-geek.com/glass-cutting-board-cbkreation-p-51184.html" "Mozilla/5.0 (Linux; Android 5.0) AppleWebKit/537.36 (KHTML, like Gecko) Mobile Safari/537.36 (compatible; Bytespider; https://zhanzhang.toutiao.com/)"
110.249.202.41 - - [13/Jun/2021:23:20:28 +0200] "GET /highslide/graphics/zoomout.cur HTTP/1.0" 200 614 "http://www.wonder-geek.com/glass-cutting-board-cbkreation-p-51184.html" "Mozilla/5.0 (Linux; Android 5.0) AppleWebKit/537.36 (KHTML, like Gecko) Mobile Safari/537.36 (compatible; Bytespider; https://zhanzhang.toutiao.com/)"
110.249.202.27 - - [13/Jun/2021:23:20:28 +0200] "GET /images/big_prod/8422011475493A.jpg HTTP/1.0" 200 269 "http://www.wonder-geek.com/glass-cutting-board-cbkreation-p-51184.html" "Mozilla/5.0 (Linux; Android 5.0) AppleWebKit/537.36 (KHTML, like Gecko) Mobile Safari/537.36 (compatible; Bytespider; https://zhanzhang.toutiao.com/)"
157.55.39.152 - - [13/Jun/2021:23:20:54 +0200] "GET /dragon-money-p-54839.html HTTP/1.0" 200 72821 "-" "Mozilla/5.0 (compatible; bingbot/2.0; +http://www.bing.com/bingbot.htm)"
40.77.167.90 - - [13/Jun/2021:23:21:02 +0200] "GET /-p-18324.html HTTP/1.0" 200 70165 "-" "Mozilla/5.0 (compatible; bingbot/2.0; +http://www.bing.com/bingbot.htm)"
40.77.167.70 - - [13/Jun/2021:23:21:07 +0200] "GET /mickey-club-house-melamine-bowl-p-20359.html HTTP/1.0" 200 72932 "-" "Mozilla/5.0 (compatible; bingbot/2.0; +http://www.bing.com/bingbot.htm)"
207.46.13.38 - - [13/Jun/2021:23:21:21 +0200] "GET /swfobject.js HTTP/1.0" 404 1308 "-" "Mozilla/5.0 (compatible; bingbot/2.0; +http://www.bing.com/bingbot.htm)"
185.191.171.34 - - [13/Jun/2021:23:21:36 +0200] "GET /robots.txt HTTP/1.0" 200 245 "-" "Mozilla/5.0 (compatible; SemrushBot/7~bl; +http://www.semrush.com/bot.html)"
185.191.171.39 - - [13/Jun/2021:23:21:37 +0200] "GET /espresso-allen-desings-p-48229.html?action=add_product HTTP/1.0" 302 476 "-" "Mozilla/5.0 (compatible; SemrushBot/7~bl; +http://www.semrush.com/bot.html)"
207.46.13.38 - - [13/Jun/2021:23:21:45 +0200] "GET /route-66-metal-plate-20-30-cm-p-29720.html HTTP/1.0" 301 72905 "-" "Mozilla/5.0 (compatible; bingbot/2.0; +http://www.bing.com/bingbot.htm)"
157.55.39.81 - - [13/Jun/2021:23:22:02 +0200] "GET /nici-donkey-keyring-plush-p-33668.html HTTP/1.0" 200 70281 "-" "Mozilla/5.0 (compatible; bingbot/2.0; +http://www.bing.com/bingbot.htm)"
40.77.167.106 - - [13/Jun/2021:23:22:06 +0200] "GET /beyblade-mattress-swimming-pool-p-14358.html HTTP/1.0" 200 72996 "-" "Mozilla/5.0 (compatible; bingbot/2.0; +http://www.bing.com/bingbot.htm)"
40.77.167.70 - - [13/Jun/2021:23:22:06 +0200] "GET /images/med_prod/3438100364390.jpg HTTP/1.0" 200 268 "-" "Mozilla/5.0 (compatible; bingbot/2.0; +http://www.bing.com/bingbot.htm)"
157.55.39.44 - - [13/Jun/2021:23:22:11 +0200] "GET /spongebob-glass-marbles-p-4967.html HTTP/1.0" 200 70269 "-" "Mozilla/5.0 (compatible; bingbot/2.0; +http://www.bing.com/bingbot.htm)"
147.92.153.10 - - [13/Jun/2021:23:22:24 +0200] "GET /james-towel-p-39101.html HTTP/1.0" 200 72774 "-" "Mozilla/5.0 (compatible; Linespider/1.1; +https://lin.ee/4dwXkTH)"
40.77.167.57 - - [13/Jun/2021:23:22:30 +0200] "GET /small-wooden-towel-holder-hang-p-51023.html HTTP/1.0" 200 72940 "-" "Mozilla/5.0 (compatible; bingbot/2.0; +http://www.bing.com/bingbot.htm)"
185.191.171.44 - - [13/Jun/2021:23:23:08 +0200] "GET /small-cat-alarm-clock-by-jo-p-39720.html HTTP/1.0" 301 72984 "-" "Mozilla/5.0 (compatible; SemrushBot/7~bl; +http://www.semrush.com/bot.html)"
185.191.171.40 - - [13/Jun/2021:23:23:10 +0200] "GET /small-alarm-clock-p-39720.html HTTP/1.0" 200 72900 "-" "Mozilla/5.0 (compatible; SemrushBot/7~bl; +http://www.semrush.com/bot.html)"
54.36.149.44 - - [13/Jun/2021:23:23:11 +0200] "GET /jerry-toddler-flatware-p-14878.html HTTP/1.0" 200 73284 "-" "Mozilla/5.0 (compatible; AhrefsBot/7.0; +http://ahrefs.com/robot/)"
157.55.39.128 - - [13/Jun/2021:23:23:20 +0200] "GET /images/mini_prod/4260082934785.jpg HTTP/1.0" 200 269 "-" "Mozilla/5.0 (compatible; bingbot/2.0; +http://www.bing.com/bingbot.htm)"
40.77.167.106 - - [13/Jun/2021:23:23:36 +0200] "GET /jiminy-cricket-mini-figurine-p-36911.html HTTP/1.0" 200 73992 "-" "Mozilla/5.0 (compatible; bingbot/2.0; +http://www.bing.com/bingbot.htm)"
185.191.171.16 - - [13/Jun/2021:23:23:40 +0200] "GET /smiley-mug-p-16722.html HTTP/1.0" 301 72747 "-" "Mozilla/5.0 (compatible; SemrushBot/7~bl; +http://www.semrush.com/bot.html)"
157.55.39.44 - - [13/Jun/2021:23:23:40 +0200] "GET /cupcakes-cushion-personalized-picture-p-16981.html HTTP/1.0" 200 73385 "-" "Mozilla/5.0 (compatible; bingbot/2.0; +http://www.bing.com/bingbot.htm)"
185.191.171.40 - - [13/Jun/2021:23:23:42 +0200] "GET /smiley-p-16722.html HTTP/1.0" 200 72674 "-" "Mozilla/5.0 (compatible; SemrushBot/7~bl; +http://www.semrush.com/bot.html)"
40.77.167.70 - - [13/Jun/2021:23:23:47 +0200] "GET /collection-plate-metal-vespa-get-the-best-p-35030.html HTTP/1.0" 301 73185 "-" "Mozilla/5.0 (compatible; bingbot/2.0; +http://www.bing.com/bingbot.htm)"
157.55.39.122 - - [13/Jun/2021:23:24:00 +0200] "GET /zodiac-sign-training-bottle-cbkreation-p-43341.html HTTP/1.0" 200 73213 "-" "Mozilla/5.0 (compatible; bingbot/2.0; +http://www.bing.com/bingbot.htm)"
66.249.81.52 - - [13/Jun/2021:23:24:01 +0200] "GET /images/big_prod_4/d4542202653760.jpg HTTP/1.0" 200 271 "-" "Mozilla/5.0 (Windows NT 5.1; rv:11.0) Gecko Firefox/11.0 (via ggpht.com GoogleImageProxy)"
40.77.167.90 - - [13/Jun/2021:23:24:04 +0200] "GET /london-plymouth-big-ben-cushion-p-27469.html HTTP/1.0" 301 73259 "-" "Mozilla/5.0 (compatible; bingbot/2.0; +http://www.bing.com/bingbot.htm)"
157.55.39.128 - - [13/Jun/2021:23:24:05 +0200] "GET /patchouli-vanilla-melts-p-55226.html HTTP/1.0" 200 73747 "-" "Mozilla/5.0 (compatible; bingbot/2.0; +http://www.bing.com/bingbot.htm)"
185.191.171.12 - - [13/Jun/2021:23:24:15 +0200] "GET /beach-shower-curtain-p-37701.html HTTP/1.0" 200 72890 "-" "Mozilla/5.0 (compatible; SemrushBot/7~bl; +http://www.semrush.com/bot.html)"
40.77.167.70 - - [13/Jun/2021:23:24:26 +0200] "GET /volkswagen-surf-messenger-bag-p-18921.html HTTP/1.0" 301 73783 "-" "Mozilla/5.0 (compatible; bingbot/2.0; +http://www.bing.com/bingbot.htm)"
40.77.167.57 - - [13/Jun/2021:23:24:33 +0200] "GET /ethnic-style-burlap-table-p-48445.html HTTP/1.0" 200 72787 "-" "Mozilla/5.0 (compatible; bingbot/2.0; +http://www.bing.com/bingbot.htm)"
40.77.167.106 - - [13/Jun/2021:23:25:08 +0200] "GET /-p-14960.html HTTP/1.0" 200 70165 "-" "Mozilla/5.0 (compatible; bingbot/2.0; +http://www.bing.com/bingbot.htm)"
157.55.39.128 - - [13/Jun/2021:23:25:12 +0200] "GET /-p-22543.html HTTP/1.0" 200 70165 "-" "Mozilla/5.0 (compatible; bingbot/2.0; +http://www.bing.com/bingbot.htm)"
5.255.231.71 - - [13/Jun/2021:23:25:13 +0200] "GET /robots.txt HTTP/1.0" 200 245 "-" "Mozilla/5.0 (compatible; YandexBot/3.0; +http://yandex.com/bots)"
5.255.231.71 - - [13/Jun/2021:23:25:17 +0200] "GET /images/med_prod/3700276293218.jpg HTTP/1.0" 200 268 "-" "Mozilla/5.0 (compatible; YandexImages/3.0; +http://yandex.com/bots)"
185.191.171.43 - - [13/Jun/2021:23:25:17 +0200] "GET /ethnic-style-burlap-table-p-48451.html?action=add_product HTTP/1.0" 302 476 "-" "Mozilla/5.0 (compatible; SemrushBot/7~bl; +http://www.semrush.com/bot.html)"
5.255.231.71 - - [13/Jun/2021:23:25:21 +0200] "GET /images/3784276293287.jpg HTTP/1.0" 200 259 "-" "Mozilla/5.0 (compatible; YandexImages/3.0; +http://yandex.com/bots)"
185.191.171.8 - - [13/Jun/2021:23:25:22 +0200] "GET /britto-elephant-statuette-20-cm-limited-edition-p-49262.html HTTP/1.0" 301 70443 "-" "Mozilla/5.0 (compatible; SemrushBot/7~bl; +http://www.semrush.com/bot.html)"
185.191.171.40 - - [13/Jun/2021:23:25:25 +0200] "GET /britto-elephant-statuette-limited-edition-p-49262.html HTTP/1.0" 200 70335 "-" "Mozilla/5.0 (compatible; SemrushBot/7~bl; +http://www.semrush.com/bot.html)"
40.77.167.70 - - [13/Jun/2021:23:25:25 +0200] "GET /cuba-metal-tray-25-16-cm-p-39516.html HTTP/1.0" 301 72953 "-" "Mozilla/5.0 (compatible; bingbot/2.0; +http://www.bing.com/bingbot.htm)"
185.191.171.45 - - [13/Jun/2021:23:25:27 +0200] "GET /indian-boho-wall-sticker-p-45016.html HTTP/1.0" 200 73552 "-" "Mozilla/5.0 (compatible; SemrushBot/7~bl; +http://www.semrush.com/bot.html)"
