157.55.39.24 - - [13/Jun/2021:16:29:30 +0200] "GET /nici-horse-club-pencils-gray-p-20583.html HTTP/1.0" 200 72879 "-" "Mozilla/5.0 (compatible; bingbot/2.0; +http://www.bing.com/bingbot.htm)"
157.55.39.24 - - [13/Jun/2021:16:29:32 +0200] "GET /mareva-coated-tablecloth-grey-orange-p-44306.html HTTP/1.0" 200 72962 "-" "Mozilla/5.0 (compatible; bingbot/2.0; +http://www.bing.com/bingbot.htm)"
106.38.241.175 - - [13/Jun/2021:16:29:58 +0200] "GET / HTTP/1.0" 200 150406 "-" "Sogou web spider/4.0(+http://www.sogou.com/docs/help/webmasters.htm#07)"
157.55.39.44 - - [13/Jun/2021:16:30:08 +0200] "GET /nici-debbie-giraffe-plush-15-cm-p-35188.html HTTP/1.0" 301 70359 "-" "Mozilla/5.0 (compatible; bingbot/2.0; +http://www.bing.com/bingbot.htm)"
185.191.171.7 - - [13/Jun/2021:16:30:19 +0200] "GET /sentiment-towel-kitchen-towel-p-43626.html?action=add_product HTTP/1.0" 302 476 "-" "Mozilla/5.0 (compatible; SemrushBot/7~bl; +http://www.semrush.com/bot.html)"
40.77.167.106 - - [13/Jun/2021:16:30:33 +0200] "GET /frankie-stein-figure-p-22565.html HTTP/1.0" 200 72862 "-" "Mozilla/5.0 (compatible; bingbot/2.0; +http://www.bing.com/bingbot.htm)"
185.191.171.21 - - [13/Jun/2021:16:30:37 +0200] "GET /fiat-500-pen-and-keyring-box-p-24968.html HTTP/1.0" 301 73355 "-" "Mozilla/5.0 (compatible; SemrushBot/7~bl; +http://www.semrush.com/bot.html)"
157.55.39.44 - - [13/Jun/2021:16:30:37 +0200] "GET /gorjuss-the-collector-bag-p-29743.html HTTP/1.0" 301 70323 "-" "Mozilla/5.0 (compatible; bingbot/2.0; +http://www.bing.com/bingbot.htm)"
185.191.171.39 - - [13/Jun/2021:16:30:39 +0200] "GET /fiat-keyring-p-24968.html HTTP/1.0" 200 73276 "-" "Mozilla/5.0 (compatible; SemrushBot/7~bl; +http://www.semrush.com/bot.html)"
54.36.149.26 - - [13/Jun/2021:16:30:49 +0200] "GET /sixtine-bedspread-p-51295.html HTTP/1.0" 200 72909 "-" "Mozilla/5.0 (compatible; AhrefsBot/7.0; +http://ahrefs.com/robot/)"
157.55.39.128 - - [13/Jun/2021:16:30:51 +0200] "GET /harley-davidson-ride-metal-plate-p-33720.html HTTP/1.0" 200 72886 "-" "Mozilla/5.0 (compatible; bingbot/2.0; +http://www.bing.com/bingbot.htm)"
207.46.13.38 - - [13/Jun/2021:16:30:58 +0200] "GET /pink-flamingos-placemat-p-43014.html HTTP/1.0" 200 72784 "-" "Mozilla/5.0 (compatible; bingbot/2.0; +http://www.bing.com/bingbot.htm)"
157.55.39.128 - - [13/Jun/2021:16:31:11 +0200] "GET /pinocchio-figure-p-3601.html HTTP/1.0" 200 70234 "-" "Mozilla/5.0 (compatible; bingbot/2.0; +http://www.bing.com/bingbot.htm)"
157.55.39.122 - - [13/Jun/2021:16:31:30 +0200] "GET /corsica-espresso-set-p-30430.html HTTP/1.0" 301 70232 "-" "Mozilla/5.0 (compatible; bingbot/2.0; +http://www.bing.com/bingbot.htm)"
185.191.171.43 - - [13/Jun/2021:16:31:34 +0200] "GET /ceramic-salt-flower-pot-with-spoon-p-50642.html HTTP/1.0" 301 72983 "-" "Mozilla/5.0 (compatible; SemrushBot/7~bl; +http://www.semrush.com/bot.html)"
157.55.39.128 - - [13/Jun/2021:16:31:34 +0200] "GET /collectible-labubu-figurine-p-50061.html HTTP/1.0" 200 74497 "-" "Mozilla/5.0 (compatible; bingbot/2.0; +http://www.bing.com/bingbot.htm)"
185.191.171.6 - - [13/Jun/2021:16:31:36 +0200] "GET /ceramic-salt-flower-with-spoon-p-50642.html HTTP/1.0" 200 72886 "-" "Mozilla/5.0 (compatible; SemrushBot/7~bl; +http://www.semrush.com/bot.html)"
185.191.171.3 - - [13/Jun/2021:16:31:38 +0200] "GET /large-candle-ruby-pomegranate-p-51060.html?action=add_product HTTP/1.0" 302 476 "-" "Mozilla/5.0 (compatible; SemrushBot/7~bl; +http://www.semrush.com/bot.html)"
157.55.39.122 - - [13/Jun/2021:16:31:51 +0200] "GET /-p-24764.html HTTP/1.0" 200 70165 "-" "Mozilla/5.0 (compatible; bingbot/2.0; +http://www.bing.com/bingbot.htm)"
157.55.39.122 - - [13/Jun/2021:16:32:11 +0200] "GET /hello-kitty-ceiling-light-glass-p-16152.html HTTP/1.0" 301 70232 "-" "Mozilla/5.0 (compatible; bingbot/2.0; +http://www.bing.com/bingbot.htm)"
54.36.148.140 - - [13/Jun/2021:16:32:25 +0200] "GET /collectible-figurines-decorative-c-13_135.html?page=45 HTTP/1.0" 200 96095 "-" "Mozilla/5.0 (compatible; AhrefsBot/7.0; +http://ahrefs.com/robot/)"
185.191.171.3 - - [13/Jun/2021:16:32:37 +0200] "GET /lavender-provence-little-tray-p-39727.html?action=add_product HTTP/1.0" 302 476 "-" "Mozilla/5.0 (compatible; SemrushBot/7~bl; +http://www.semrush.com/bot.html)"
185.191.171.25 - - [13/Jun/2021:16:32:46 +0200] "GET /joyeux-anniversaire-card-p-20024.html HTTP/1.0" 200 72882 "-" "Mozilla/5.0 (compatible; SemrushBot/7~bl; +http://www.semrush.com/bot.html)"
207.46.13.38 - - [13/Jun/2021:16:32:48 +0200] "GET /-p-13685.html HTTP/1.0" 200 70165 "-" "Mozilla/5.0 (compatible; bingbot/2.0; +http://www.bing.com/bingbot.htm)"
207.46.13.38 - - [13/Jun/2021:16:32:50 +0200] "GET /bodega-oven-mitt-p-51439.html HTTP/1.0" 200 72797 "-" "Mozilla/5.0 (compatible; bingbot/2.0; +http://www.bing.com/bingbot.htm)"
157.55.39.152 - - [13/Jun/2021:16:33:34 +0200] "GET /-p-21445.html HTTP/1.0" 200 70165 "-" "Mozilla/5.0 (compatible; bingbot/2.0; +http://www.bing.com/bingbot.htm)"
54.36.148.188 - - [13/Jun/2021:16:33:58 +0200] "GET /betty-boop-mtal-ashtray-stars-p-36137.html HTTP/1.0" 200 72892 "-" "Mozilla/5.0 (compatible; AhrefsBot/7.0; +http://ahrefs.com/robot/)"
207.46.13.38 - - [13/Jun/2021:16:33:58 +0200] "GET /-p-20575.html HTTP/1.0" 200 70165 "-" "Mozilla/5.0 (compatible; bingbot/2.0; +http://www.bing.com/bingbot.htm)"
40.77.167.90 - - [13/Jun/2021:16:34:24 +0200] "GET /cars-sports-bottle-p-25062.html HTTP/1.0" 200 72760 "-" "Mozilla/5.0 (compatible; bingbot/2.0; +http://www.bing.com/bingbot.htm)"
157.55.39.122 - - [13/Jun/2021:16:34:31 +0200] "GET /-p-22071.html HTTP/1.0" 200 70165 "-" "Mozilla/5.0 (compatible; bingbot/2.0; +http://www.bing.com/bingbot.htm)"
173.231.59.211 - - [13/Jun/2021:16:34:33 +0200] "GET /robots.txt HTTP/1.0" 301 531 "-" "Mozilla/5.0 (compatible; Adsbot/3.1; +https://seostar.co/robot/)"
173.231.59.211 - - [13/Jun/2021:16:34:39 +0200] "GET / HTTP/1.0" 301 511 "-" "Mozilla/5.0 (compatible; Adsbot/3.1; +https://seostar.co/robot/)"
173.231.59.211 - - [13/Jun/2021:16:34:44 +0200] "GET /robots.txt HTTP/1.0" 200 245 "-" "Mozilla/5.0 (compatible; Adsbot/3.1; +https://seostar.co/robot/)"
157.55.39.44 - - [13/Jun/2021:16:35:28 +0200] "GET /dog-head-wallet-model-p-39443.html HTTP/1.0" 301 72899 "-" "Mozilla/5.0 (compatible; bingbot/2.0; +http://www.bing.com/bingbot.htm)"
157.55.39.44 - - [13/Jun/2021:16:35:30 +0200] "GET /fairies-backpack-p-19685.html HTTP/1.0" 200 72776 "-" "Mozilla/5.0 (compatible; bingbot/2.0; +http://www.bing.com/bingbot.htm)"
157.55.39.128 - - [13/Jun/2021:16:35:32 +0200] "GET /-p-25797.html HTTP/1.0" 200 70165 "-" "Mozilla/5.0 (compatible; bingbot/2.0; +http://www.bing.com/bingbot.htm)"
54.36.148.86 - - [13/Jun/2021:16:35:33 +0200] "GET /blue-jean-fitted-sheet-p-36443.html HTTP/1.0" 200 73477 "-" "Mozilla/5.0 (compatible; AhrefsBot/7.0; +http://ahrefs.com/robot/)"
157.55.39.122 - - [13/Jun/2021:16:35:40 +0200] "GET /ceramic-planter-night-p-55308.html HTTP/1.0" 200 73472 "-" "Mozilla/5.0 (compatible; bingbot/2.0; +http://www.bing.com/bingbot.htm)"
54.36.148.106 - - [13/Jun/2021:16:35:50 +0200] "GET /comptoir-du-cafe-rectangular-tray-p-51427.html HTTP/1.0" 301 73052 "-" "Mozilla/5.0 (compatible; AhrefsBot/7.0; +http://ahrefs.com/robot/)"
157.55.39.44 - - [13/Jun/2021:16:36:00 +0200] "GET /beanie-babies-plush-little-pony-pinkie-p-32126.html HTTP/1.0" 200 70406 "-" "Mozilla/5.0 (compatible; bingbot/2.0; +http://www.bing.com/bingbot.htm)"
51.68.224.127 - - [13/Jun/2021:16:36:01 +0200] "GET /adminweb/export_orders_xml.php?token=256de2z6edz6ed2z6DFSFsed2zed6zeDSFDSGdzedezfzf&maxorders=10&orderstart=1&status=14&start_date=2018-10-01 HTTP/1.0" 200 285 "-" "GesCom CharlotteBoutik Serveur"
51.68.224.127 - - [13/Jun/2021:16:36:01 +0200] "GET /adminweb/export_orders_xml.php?token=256de2z6edz6ed2z6DFSFsed2zed6zeDSFDSGdzedezfzf&maxorders=10&orderstart=1&status=6&start_date=2018-10-01 HTTP/1.0" 200 30039 "-" "GesCom CharlotteBoutik Serveur"
185.191.171.42 - - [13/Jun/2021:16:36:11 +0200] "GET /bottle-opener-apro-recrute-p-53204.html?action=add_product HTTP/1.0" 302 476 "-" "Mozilla/5.0 (compatible; SemrushBot/7~bl; +http://www.semrush.com/bot.html)"
185.191.171.11 - - [13/Jun/2021:16:36:20 +0200] "GET /terracotta-piggy-bank-with-small-hammer-p-30025.html?action=add_product HTTP/1.0" 302 476 "-" "Mozilla/5.0 (compatible; SemrushBot/7~bl; +http://www.semrush.com/bot.html)"
207.46.13.38 - - [13/Jun/2021:16:36:27 +0200] "GET /-p-31724.html HTTP/1.0" 200 70165 "-" "Mozilla/5.0 (compatible; bingbot/2.0; +http://www.bing.com/bingbot.htm)"
207.46.13.38 - - [13/Jun/2021:16:36:45 +0200] "GET /js/jquery.js HTTP/1.0" 200 252 "-" "Mozilla/5.0 (compatible; bingbot/2.0; +http://www.bing.com/bingbot.htm)"
157.55.39.44 - - [13/Jun/2021:16:36:49 +0200] "GET /coca-cola-delicious-refreshing-canvas-frame-30-60-cm-p-33388.html HTTP/1.0" 301 70514 "-" "Mozilla/5.0 (compatible; bingbot/2.0; +http://www.bing.com/bingbot.htm)"
157.55.39.122 - - [13/Jun/2021:16:36:54 +0200] "GET /glasses-little-prince-p-53841.html HTTP/1.0" 200 72941 "-" "Mozilla/5.0 (compatible; bingbot/2.0; +http://www.bing.com/bingbot.htm)"
157.55.39.152 - - [13/Jun/2021:16:36:54 +0200] "GET /-p-7913.html HTTP/1.0" 200 70163 "-" "Mozilla/5.0 (compatible; bingbot/2.0; +http://www.bing.com/bingbot.htm)"
40.77.167.90 - - [13/Jun/2021:16:36:59 +0200] "GET /miss-bad-photo-frame-p-5145.html HTTP/1.0" 301 72899 "-" "Mozilla/5.0 (compatible; bingbot/2.0; +http://www.bing.com/bingbot.htm)"
54.36.148.114 - - [13/Jun/2021:16:37:02 +0200] "GET /betty-boop-mtal-ashtray-p-36134.html HTTP/1.0" 200 72832 "-" "Mozilla/5.0 (compatible; AhrefsBot/7.0; +http://ahrefs.com/robot/)"
147.92.153.12 - - [13/Jun/2021:16:37:03 +0200] "GET /hair-accessories-c-3_205.html HTTP/1.0" 200 90053 "-" "Mozilla/5.0 (compatible; Linespider/1.1; +https://lin.ee/4dwXkTH)"
157.55.39.152 - - [13/Jun/2021:16:37:04 +0200] "GET /pin-up-demonia-figure-by-stephan-saint-emett-p-35270.html HTTP/1.0" 301 70457 "-" "Mozilla/5.0 (compatible; bingbot/2.0; +http://www.bing.com/bingbot.htm)"
207.46.13.38 - - [13/Jun/2021:16:37:34 +0200] "GET /large-jar-candle-70-hours-simply-mulberry-p-35343.html HTTP/1.0" 301 74224 "-" "Mozilla/5.0 (compatible; bingbot/2.0; +http://www.bing.com/bingbot.htm)"
157.55.39.122 - - [13/Jun/2021:16:38:10 +0200] "GET /transportable-and-rechargeable-radio-p-52632.html HTTP/1.0" 301 73895 "-" "Mozilla/5.0 (compatible; bingbot/2.0; +http://www.bing.com/bingbot.htm)"
40.77.167.106 - - [13/Jun/2021:16:38:15 +0200] "GET /andorra-mousepad-by-cbkreation-p-36710.html HTTP/1.0" 301 72975 "-" "Mozilla/5.0 (compatible; bingbot/2.0; +http://www.bing.com/bingbot.htm)"
185.191.171.22 - - [13/Jun/2021:16:38:24 +0200] "GET /bolster-case-in-cotton-percale-80-threads-43-190-cm-p-48189.html HTTP/1.0" 301 73870 "-" "Mozilla/5.0 (compatible; SemrushBot/7~bl; +http://www.semrush.com/bot.html)"
185.191.171.44 - - [13/Jun/2021:16:38:25 +0200] "GET /bolster-case-cotton-percale-threads-p-48189.html HTTP/1.0" 200 73768 "-" "Mozilla/5.0 (compatible; SemrushBot/7~bl; +http://www.semrush.com/bot.html)"
54.36.148.81 - - [13/Jun/2021:16:38:33 +0200] "GET /myrose-chandan-sandalwood-melts-p-55223.html HTTP/1.0" 200 73826 "-" "Mozilla/5.0 (compatible; AhrefsBot/7.0; +http://ahrefs.com/robot/)"
207.46.13.38 - - [13/Jun/2021:16:38:54 +0200] "GET /-p-34312.html HTTP/1.0" 200 70165 "-" "Mozilla/5.0 (compatible; bingbot/2.0; +http://www.bing.com/bingbot.htm)"
157.55.39.152 - - [13/Jun/2021:16:39:25 +0200] "GET /boho-canvas-frame-40-30-cm-dream-and-love-p-41543.html HTTP/1.0" 301 73151 "-" "Mozilla/5.0 (compatible; bingbot/2.0; +http://www.bing.com/bingbot.htm)"
216.244.66.242 - - [13/Jun/2021:16:39:27 +0200] "GET /robots.txt HTTP/1.0" 200 245 "-" "Mozilla/5.0 (compatible; DotBot/1.2; +https://opensiteexplorer.org/dotbot; help@moz.com)"
157.55.39.122 - - [13/Jun/2021:16:39:31 +0200] "GET /raving-rabbids-square-p-16501.html HTTP/1.0" 200 70273 "-" "Mozilla/5.0 (compatible; bingbot/2.0; +http://www.bing.com/bingbot.htm)"
157.55.39.44 - - [13/Jun/2021:16:39:39 +0200] "GET /-p-38377.html HTTP/1.0" 200 70165 "-" "Mozilla/5.0 (compatible; bingbot/2.0; +http://www.bing.com/bingbot.htm)"
185.191.171.39 - - [13/Jun/2021:16:40:05 +0200] "GET /bamboo-box-for-bread-p-46455.html HTTP/1.0" 301 70298 "-" "Mozilla/5.0 (compatible; SemrushBot/7~bl; +http://www.semrush.com/bot.html)"
40.77.167.70 - - [13/Jun/2021:16:40:06 +0200] "GET /glasses-p-38012.html HTTP/1.0" 200 70230 "-" "Mozilla/5.0 (compatible; bingbot/2.0; +http://www.bing.com/bingbot.htm)"
185.191.171.6 - - [13/Jun/2021:16:40:09 +0200] "GET /bamboo-bread-p-46455.html HTTP/1.0" 200 70219 "-" "Mozilla/5.0 (compatible; SemrushBot/7~bl; +http://www.semrush.com/bot.html)"
54.36.148.197 - - [13/Jun/2021:16:40:10 +0200] "GET /fitted-sheet-color-p-38878.html HTTP/1.0" 200 72907 "-" "Mozilla/5.0 (compatible; AhrefsBot/7.0; +http://ahrefs.com/robot/)"
157.55.39.44 - - [13/Jun/2021:16:40:29 +0200] "GET /-p-37293.html HTTP/1.0" 200 70165 "-" "Mozilla/5.0 (compatible; bingbot/2.0; +http://www.bing.com/bingbot.htm)"
207.46.13.48 - - [13/Jun/2021:16:40:42 +0200] "GET /robots.txt HTTP/1.0" 200 245 "-" "Mozilla/5.0 (compatible; bingbot/2.0; +http://www.bing.com/bingbot.htm)"
157.55.39.128 - - [13/Jun/2021:16:41:01 +0200] "GET /cars-round-table-p-18801.html HTTP/1.0" 200 72930 "-" "Mozilla/5.0 (compatible; bingbot/2.0; +http://www.bing.com/bingbot.htm)"
157.55.39.152 - - [13/Jun/2021:16:41:15 +0200] "GET /-p-14680.html HTTP/1.0" 200 70165 "-" "Mozilla/5.0 (compatible; bingbot/2.0; +http://www.bing.com/bingbot.htm)"
157.55.39.44 - - [13/Jun/2021:16:41:20 +0200] "GET /-p-12397.html HTTP/1.0" 200 70165 "-" "Mozilla/5.0 (compatible; bingbot/2.0; +http://www.bing.com/bingbot.htm)"
54.36.148.86 - - [13/Jun/2021:16:41:34 +0200] "GET /figures-c-4_15.html?page=1 HTTP/1.0" 200 91295 "-" "Mozilla/5.0 (compatible; AhrefsBot/7.0; +http://ahrefs.com/robot/)"
40.77.167.70 - - [13/Jun/2021:16:41:56 +0200] "GET /frosted-glass-betty-boop-the-twenties-p-15442.html HTTP/1.0" 301 72932 "-" "Mozilla/5.0 (compatible; bingbot/2.0; +http://www.bing.com/bingbot.htm)"
157.55.39.128 - - [13/Jun/2021:16:42:13 +0200] "GET /phone-box-retro-console-80-cm-p-35691.html HTTP/1.0" 301 70367 "-" "Mozilla/5.0 (compatible; bingbot/2.0; +http://www.bing.com/bingbot.htm)"
66.249.70.38 - - [13/Jun/2021:16:42:18 +0200] "GET /images/mini_prod/5415203108937.jpg HTTP/1.0" 200 269 "-" "Googlebot-Image/1.0"
185.191.171.12 - - [13/Jun/2021:16:42:23 +0200] "GET /digital-alarm-clock-p-38744.html?action=add_product HTTP/1.0" 302 476 "-" "Mozilla/5.0 (compatible; SemrushBot/7~bl; +http://www.semrush.com/bot.html)"
40.77.167.106 - - [13/Jun/2021:16:42:35 +0200] "GET /washed-dyed-cotton-tablecloth-pearl-p-54412.html HTTP/1.0" 200 70299 "-" "Mozilla/5.0 (compatible; bingbot/2.0; +http://www.bing.com/bingbot.htm)"
157.55.39.44 - - [13/Jun/2021:16:42:49 +0200] "GET /laissez-lucie-faire-china-teapot-p-32036.html HTTP/1.0" 200 72857 "-" "Mozilla/5.0 (compatible; bingbot/2.0; +http://www.bing.com/bingbot.htm)"
157.55.39.128 - - [13/Jun/2021:16:42:53 +0200] "GET /bamboo-fiber-plant-cover-like-bird-p-49556.html HTTP/1.0" 200 70271 "-" "Mozilla/5.0 (compatible; bingbot/2.0; +http://www.bing.com/bingbot.htm)"
54.36.149.30 - - [13/Jun/2021:16:43:00 +0200] "GET /linen-c-11_68.html HTTP/1.0" 200 91302 "-" "Mozilla/5.0 (compatible; AhrefsBot/7.0; +http://ahrefs.com/robot/)"
17.121.115.239 - - [13/Jun/2021:16:43:24 +0200] "GET /beatles-logo-metal-magnet-p-10808.html HTTP/1.0" 200 72762 "-" "Mozilla/5.0 (Macintosh; Intel Mac OS X 10_15_5) AppleWebKit/605.1.15 (KHTML, like Gecko) Version/13.1.1 Safari/605.1.15 (Applebot/0.1; +http://www.apple.com/go/applebot)"
40.77.167.106 - - [13/Jun/2021:16:43:31 +0200] "GET /socks-and-slippers/socks/strawberry-shortcake-knee-high-socks-p-1759.html HTTP/1.0" 301 70229 "-" "Mozilla/5.0 (compatible; bingbot/2.0; +http://www.bing.com/bingbot.htm)"
216.244.66.242 - - [13/Jun/2021:16:43:36 +0200] "GET /-p-15992.html HTTP/1.0" 200 70165 "-" "Mozilla/5.0 (compatible; DotBot/1.2; +https://opensiteexplorer.org/dotbot; help@moz.com)"
54.36.149.65 - - [13/Jun/2021:16:43:52 +0200] "GET /cars-blue-long-sleeve-shirt-size-years-p-23655.html HTTP/1.0" 301 70232 "-" "Mozilla/5.0 (compatible; AhrefsBot/7.0; +http://ahrefs.com/robot/)"
40.77.167.106 - - [13/Jun/2021:16:44:14 +0200] "GET /paris-soap-dispenser-p-13953.html HTTP/1.0" 200 72872 "-" "Mozilla/5.0 (compatible; bingbot/2.0; +http://www.bing.com/bingbot.htm)"
40.77.167.106 - - [13/Jun/2021:16:44:26 +0200] "GET /mareva-coated-tablecloth-grey-yellow-p-45344.html HTTP/1.0" 200 72961 "-" "Mozilla/5.0 (compatible; bingbot/2.0; +http://www.bing.com/bingbot.htm)"
54.36.148.108 - - [13/Jun/2021:16:44:33 +0200] "GET /galileo-thermometer-indoors-p-55397.html HTTP/1.0" 200 73540 "-" "Mozilla/5.0 (compatible; AhrefsBot/7.0; +http://ahrefs.com/robot/)"
185.191.171.35 - - [13/Jun/2021:16:44:34 +0200] "GET /adhesive-roll-45-150-cm-cement-tiles-p-52217.html HTTP/1.0" 301 73832 "-" "Mozilla/5.0 (compatible; SemrushBot/7~bl; +http://www.semrush.com/bot.html)"
185.191.171.15 - - [13/Jun/2021:16:44:36 +0200] "GET /adhesive-roll-cement-tiles-p-52217.html HTTP/1.0" 200 73739 "-" "Mozilla/5.0 (compatible; SemrushBot/7~bl; +http://www.semrush.com/bot.html)"
207.46.13.38 - - [13/Jun/2021:16:44:37 +0200] "GET /ethnic-style-burlap-table-p-48449.html HTTP/1.0" 200 72788 "-" "Mozilla/5.0 (compatible; bingbot/2.0; +http://www.bing.com/bingbot.htm)"
185.191.171.2 - - [13/Jun/2021:16:44:38 +0200] "GET /deco-sommelier-peux-apro-p-42706.html HTTP/1.0" 200 73849 "-" "Mozilla/5.0 (compatible; SemrushBot/7~bl; +http://www.semrush.com/bot.html)"
40.77.167.70 - - [13/Jun/2021:16:44:56 +0200] "GET /industrial-retro-clock-in-aged-metal-20-17-cm-p-48586.html HTTP/1.0" 301 70423 "-" "Mozilla/5.0 (compatible; bingbot/2.0; +http://www.bing.com/bingbot.htm)"
207.46.13.38 - - [13/Jun/2021:16:44:59 +0200] "GET /large-hanging-clock-london-p-50948.html HTTP/1.0" 200 72958 "-" "Mozilla/5.0 (compatible; bingbot/2.0; +http://www.bing.com/bingbot.htm)"
157.55.39.122 - - [13/Jun/2021:16:45:11 +0200] "GET /mickey-wastebasket-p-31189.html HTTP/1.0" 200 72798 "-" "Mozilla/5.0 (compatible; bingbot/2.0; +http://www.bing.com/bingbot.htm)"
40.77.167.70 - - [13/Jun/2021:16:45:14 +0200] "GET /beautiful-ladybug-and-her-car-figure-p-3943.html HTTP/1.0" 301 73746 "-" "Mozilla/5.0 (compatible; bingbot/2.0; +http://www.bing.com/bingbot.htm)"
157.55.39.128 - - [13/Jun/2021:16:45:15 +0200] "GET /mareva-coated-tablecloth-grey-orange-p-44307.html HTTP/1.0" 200 72961 "-" "Mozilla/5.0 (compatible; bingbot/2.0; +http://www.bing.com/bingbot.htm)"
157.55.39.122 - - [13/Jun/2021:16:45:52 +0200] "GET /decorative-blue-globe-p-45094.html HTTP/1.0" 200 72857 "-" "Mozilla/5.0 (compatible; bingbot/2.0; +http://www.bing.com/bingbot.htm)"
216.244.66.242 - - [13/Jun/2021:16:45:59 +0200] "GET /images/DSCN0893.jpg HTTP/1.0" 200 254 "-" "Mozilla/5.0 (compatible; DotBot/1.2; +https://opensiteexplorer.org/dotbot; help@moz.com)"
207.46.13.38 - - [13/Jun/2021:16:46:01 +0200] "GET /cotton-table-runner-laissez-lucie-faire-p-39878.html HTTP/1.0" 200 72993 "-" "Mozilla/5.0 (compatible; bingbot/2.0; +http://www.bing.com/bingbot.htm)"
54.36.149.37 - - [13/Jun/2021:16:46:12 +0200] "GET /galileo-thermometer-indoors-p-55398.html HTTP/1.0" 200 73559 "-" "Mozilla/5.0 (compatible; AhrefsBot/7.0; +http://ahrefs.com/robot/)"
157.55.39.152 - - [13/Jun/2021:16:46:15 +0200] "GET /-p-19023.html HTTP/1.0" 200 70165 "-" "Mozilla/5.0 (compatible; bingbot/2.0; +http://www.bing.com/bingbot.htm)"
54.36.148.120 - - [13/Jun/2021:16:46:24 +0200] "GET /cat-set-cups-espresso-p-31391.html HTTP/1.0" 301 70232 "-" "Mozilla/5.0 (compatible; AhrefsBot/7.0; +http://ahrefs.com/robot/)"
157.55.39.106 - - [13/Jun/2021:16:46:26 +0200] "GET /keep-calm-and-carry-on-rectangular-mirror-p-29005.html HTTP/1.0" 301 70406 "-" "Mozilla/5.0 (compatible; bingbot/2.0; +http://www.bing.com/bingbot.htm)"
157.55.39.106 - - [13/Jun/2021:16:46:27 +0200] "GET /mater-money-box-p-15642.html HTTP/1.0" 301 73129 "-" "Mozilla/5.0 (compatible; bingbot/2.0; +http://www.bing.com/bingbot.htm)"
207.46.13.38 - - [13/Jun/2021:16:46:38 +0200] "GET /pin-up-hanbag-diva-metal-plate-deco-p-34293.html HTTP/1.0" 301 72979 "-" "Mozilla/5.0 (compatible; bingbot/2.0; +http://www.bing.com/bingbot.htm)"
157.55.39.122 - - [13/Jun/2021:16:46:43 +0200] "GET /one-collectible-labubu-figurine-p-50061.html HTTP/1.0" 301 74591 "-" "Mozilla/5.0 (compatible; bingbot/2.0; +http://www.bing.com/bingbot.htm)"
207.46.13.38 - - [13/Jun/2021:16:47:35 +0200] "GET /-p-12831.html HTTP/1.0" 200 70165 "-" "Mozilla/5.0 (compatible; bingbot/2.0; +http://www.bing.com/bingbot.htm)"
147.92.153.7 - - [13/Jun/2021:16:47:43 +0200] "GET /utensil-cutlery-c-12_244.html HTTP/1.0" 200 89657 "-" "Mozilla/5.0 (compatible; Linespider/1.1; +https://lin.ee/4dwXkTH)"
207.46.13.38 - - [13/Jun/2021:16:47:43 +0200] "GET /images/3384371051029.jpg HTTP/1.0" 200 259 "-" "Mozilla/5.0 (compatible; bingbot/2.0; +http://www.bing.com/bingbot.htm)"
54.36.148.130 - - [13/Jun/2021:16:47:49 +0200] "GET /marseille-clock-p-19534.html HTTP/1.0" 301 70232 "-" "Mozilla/5.0 (compatible; AhrefsBot/7.0; +http://ahrefs.com/robot/)"
54.36.148.86 - - [13/Jun/2021:16:47:50 +0200] "GET /indoor-crystal-time-indicator-p-55407.html HTTP/1.0" 200 73630 "-" "Mozilla/5.0 (compatible; AhrefsBot/7.0; +http://ahrefs.com/robot/)"
157.55.39.122 - - [13/Jun/2021:16:47:51 +0200] "GET /office-items-c-97_100.html HTTP/1.0" 200 90225 "-" "Mozilla/5.0 (compatible; bingbot/2.0; +http://www.bing.com/bingbot.htm)"
103.131.71.18 - - [13/Jun/2021:16:47:54 +0200] "GET /robots.txt HTTP/1.0" 200 245 "-" "Mozilla/5.0 (compatible; coccocbot-image/1.0; +http://help.coccoc.com/searchengine)"
207.46.13.38 - - [13/Jun/2021:16:48:05 +0200] "GET /mystic-skull-moneybox-p-52302.html HTTP/1.0" 200 72786 "-" "Mozilla/5.0 (compatible; bingbot/2.0; +http://www.bing.com/bingbot.htm)"
185.191.171.24 - - [13/Jun/2021:16:48:23 +0200] "GET /pucca-p-22266.html HTTP/1.0" 200 72807 "-" "Mozilla/5.0 (compatible; SemrushBot/7~bl; +http://www.semrush.com/bot.html)"
54.36.148.100 - - [13/Jun/2021:16:48:25 +0200] "GET /obelix-figure-p-15701.html HTTP/1.0" 301 70232 "-" "Mozilla/5.0 (compatible; AhrefsBot/7.0; +http://ahrefs.com/robot/)"
103.131.71.42 - - [13/Jun/2021:16:48:49 +0200] "GET /images/pixel_trans.gif HTTP/1.0" 304 135 "-" "Mozilla/5.0 (compatible; coccocbot-image/1.0; +http://help.coccoc.com/searchengine)"
157.55.39.128 - - [13/Jun/2021:16:49:01 +0200] "GET /tasting-set-pieces-p-45736.html HTTP/1.0" 301 72897 "-" "Mozilla/5.0 (compatible; bingbot/2.0; +http://www.bing.com/bingbot.htm)"
216.244.66.242 - - [13/Jun/2021:16:49:02 +0200] "GET /clocks-c-13_67.html?page=14 HTTP/1.0" 200 91278 "-" "Mozilla/5.0 (compatible; DotBot/1.2; +https://opensiteexplorer.org/dotbot; help@moz.com)"
185.191.171.5 - - [13/Jun/2021:16:49:12 +0200] "GET /philosophizing-monkey-by-rheinhold-cm-p-46899.html HTTP/1.0" 301 73704 "-" "Mozilla/5.0 (compatible; SemrushBot/7~bl; +http://www.semrush.com/bot.html)"
185.191.171.36 - - [13/Jun/2021:16:49:14 +0200] "GET /philosophizing-monkey-rheinhold-p-46899.html HTTP/1.0" 200 73606 "-" "Mozilla/5.0 (compatible; SemrushBot/7~bl; +http://www.semrush.com/bot.html)"
54.36.148.201 - - [13/Jun/2021:16:49:23 +0200] "GET /washed-dyed-cotton-tablecloth-p-55040.html HTTP/1.0" 200 73876 "-" "Mozilla/5.0 (compatible; AhrefsBot/7.0; +http://ahrefs.com/robot/)"
157.55.39.122 - - [13/Jun/2021:16:49:32 +0200] "GET /little-prince-navy-blue-jewelry-phosphorescent-p-16447.html HTTP/1.0" 200 74318 "-" "Mozilla/5.0 (compatible; bingbot/2.0; +http://www.bing.com/bingbot.htm)"
157.55.39.152 - - [13/Jun/2021:16:49:35 +0200] "GET /-p-26631.html HTTP/1.0" 200 70165 "-" "Mozilla/5.0 (compatible; bingbot/2.0; +http://www.bing.com/bingbot.htm)"
40.77.167.70 - - [13/Jun/2021:16:49:36 +0200] "GET /beatles-abbey-road-carry-calling-cards-p-19517.html HTTP/1.0" 200 73194 "-" "Mozilla/5.0 (compatible; bingbot/2.0; +http://www.bing.com/bingbot.htm)"
40.77.167.106 - - [13/Jun/2021:16:49:36 +0200] "GET /rococo-retro-phone-p-37502.html HTTP/1.0" 301 73056 "-" "Mozilla/5.0 (compatible; bingbot/2.0; +http://www.bing.com/bingbot.htm)"
157.55.39.152 - - [13/Jun/2021:16:49:46 +0200] "GET /barbapapa-phone-cover-iphone-p-14167.html HTTP/1.0" 200 73237 "-" "Mozilla/5.0 (compatible; bingbot/2.0; +http://www.bing.com/bingbot.htm)"
216.244.66.242 - - [13/Jun/2021:16:49:55 +0200] "GET /chair-cushion-gopher-beige-p-51760.html HTTP/1.0" 200 73622 "-" "Mozilla/5.0 (compatible; DotBot/1.2; +https://opensiteexplorer.org/dotbot; help@moz.com)"
40.77.167.90 - - [13/Jun/2021:16:49:57 +0200] "GET /nightlight-shaped-cream-p-44646.html HTTP/1.0" 200 72860 "-" "Mozilla/5.0 (compatible; bingbot/2.0; +http://www.bing.com/bingbot.htm)"
66.249.70.38 - - [13/Jun/2021:16:50:38 +0200] "GET /images/big_prod/8712159160833.jpg HTTP/1.0" 200 268 "-" "Googlebot-Image/1.0"
157.55.39.122 - - [13/Jun/2021:16:50:42 +0200] "GET /little-geisha-grey-small-tea-box-p-39301.html HTTP/1.0" 301 70358 "-" "Mozilla/5.0 (compatible; bingbot/2.0; +http://www.bing.com/bingbot.htm)"
54.36.148.86 - - [13/Jun/2021:16:51:02 +0200] "GET /bell-wall-bell-c-13_270.html HTTP/1.0" 200 89221 "-" "Mozilla/5.0 (compatible; AhrefsBot/7.0; +http://ahrefs.com/robot/)"
40.77.167.106 - - [13/Jun/2021:16:51:05 +0200] "GET /cars-backpack-p-10777.html HTTP/1.0" 200 72949 "-" "Mozilla/5.0 (compatible; bingbot/2.0; +http://www.bing.com/bingbot.htm)"
157.55.39.44 - - [13/Jun/2021:16:51:10 +0200] "GET /johnny-hallyday-cigarettes-case-p-51145.html HTTP/1.0" 200 73719 "-" "Mozilla/5.0 (compatible; bingbot/2.0; +http://www.bing.com/bingbot.htm)"
207.46.13.38 - - [13/Jun/2021:16:51:16 +0200] "GET /-p-1848.html HTTP/1.0" 200 70163 "-" "Mozilla/5.0 (compatible; bingbot/2.0; +http://www.bing.com/bingbot.htm)"
207.46.13.38 - - [13/Jun/2021:16:51:21 +0200] "GET /minion-table-lamp-p-31855.html HTTP/1.0" 301 70232 "-" "Mozilla/5.0 (compatible; bingbot/2.0; +http://www.bing.com/bingbot.htm)"
216.244.66.242 - - [13/Jun/2021:16:51:24 +0200] "GET /-c-104.html HTTP/1.0" 200 68852 "-" "Mozilla/5.0 (compatible; DotBot/1.2; +https://opensiteexplorer.org/dotbot; help@moz.com)"
157.55.39.152 - - [13/Jun/2021:16:51:25 +0200] "GET /mani-lucky-charm-size-pour-vacances-p-33277.html HTTP/1.0" 200 73215 "-" "Mozilla/5.0 (compatible; bingbot/2.0; +http://www.bing.com/bingbot.htm)"
40.77.167.90 - - [13/Jun/2021:16:51:25 +0200] "GET /gorjuss-ladybird-travel-vanity-p-33683.html HTTP/1.0" 200 70306 "-" "Mozilla/5.0 (compatible; bingbot/2.0; +http://www.bing.com/bingbot.htm)"
216.244.66.242 - - [13/Jun/2021:16:51:28 +0200] "GET /-p-25587.html HTTP/1.0" 200 70165 "-" "Mozilla/5.0 (compatible; DotBot/1.2; +https://opensiteexplorer.org/dotbot; help@moz.com)"
216.244.66.242 - - [13/Jun/2021:16:51:31 +0200] "GET /-p-25744.html HTTP/1.0" 200 70165 "-" "Mozilla/5.0 (compatible; DotBot/1.2; +https://opensiteexplorer.org/dotbot; help@moz.com)"
40.77.167.106 - - [13/Jun/2021:16:51:45 +0200] "GET /small-box-for-baby-teeth-gold-p-36445.html HTTP/1.0" 301 73044 "-" "Mozilla/5.0 (compatible; bingbot/2.0; +http://www.bing.com/bingbot.htm)"
40.77.167.106 - - [13/Jun/2021:16:51:58 +0200] "GET /tetsubin-light-teapot-japanese-liter-p-55292.html HTTP/1.0" 200 73151 "-" "Mozilla/5.0 (compatible; bingbot/2.0; +http://www.bing.com/bingbot.htm)"
66.249.70.40 - - [13/Jun/2021:16:52:05 +0200] "GET /choupy-ceramic-solitary-teapot-p-54598.html HTTP/1.0" 200 72853 "-" "Mozilla/5.0 (compatible; Googlebot/2.1; +http://www.google.com/bot.html)"
207.46.13.38 - - [13/Jun/2021:16:52:16 +0200] "GET /sixtine-microfiber-pillowcase-65-65-cm-p-51364.html HTTP/1.0" 301 70389 "-" "Mozilla/5.0 (compatible; bingbot/2.0; +http://www.bing.com/bingbot.htm)"
207.46.13.38 - - [13/Jun/2021:16:52:21 +0200] "GET /-p-22534.html HTTP/1.0" 200 70165 "-" "Mozilla/5.0 (compatible; bingbot/2.0; +http://www.bing.com/bingbot.htm)"
51.68.224.127 - - [13/Jun/2021:16:52:21 +0200] "GET /adminweb/export_orders_xml.php?token=256de2z6edz6ed2z6DFSFsed2zed6zeDSFDSGdzedezfzf&maxorders=10&orderstart=1&status=14&start_date=2018-10-01 HTTP/1.0" 200 285 "-" "GesCom CharlotteBoutik Serveur"
51.68.224.127 - - [13/Jun/2021:16:52:21 +0200] "GET /adminweb/export_orders_xml.php?token=256de2z6edz6ed2z6DFSFsed2zed6zeDSFDSGdzedezfzf&maxorders=10&orderstart=1&status=6&start_date=2018-10-01 HTTP/1.0" 200 30039 "-" "GesCom CharlotteBoutik Serveur"
207.46.13.38 - - [13/Jun/2021:16:52:33 +0200] "GET /swfobject.js HTTP/1.0" 404 1308 "-" "Mozilla/5.0 (compatible; bingbot/2.0; +http://www.bing.com/bingbot.htm)"
54.36.148.107 - - [13/Jun/2021:16:52:43 +0200] "GET /washed-dyed-cotton-tablecloth-p-55050.html HTTP/1.0" 200 73669 "-" "Mozilla/5.0 (compatible; AhrefsBot/7.0; +http://ahrefs.com/robot/)"
157.55.39.128 - - [13/Jun/2021:16:52:53 +0200] "GET /teo-jasmin-pencil-case-p-31570.html HTTP/1.0" 301 72959 "-" "Mozilla/5.0 (compatible; bingbot/2.0; +http://www.bing.com/bingbot.htm)"
157.55.39.152 - - [13/Jun/2021:16:52:57 +0200] "GET /eeyore-thanks-for-noticin-me-figure-collection-p-33737.html HTTP/1.0" 301 70232 "-" "Mozilla/5.0 (compatible; bingbot/2.0; +http://www.bing.com/bingbot.htm)"
40.77.167.90 - - [13/Jun/2021:16:53:05 +0200] "GET /musical-jewelery-tutu-dancer-p-50833.html HTTP/1.0" 200 73965 "-" "Mozilla/5.0 (compatible; bingbot/2.0; +http://www.bing.com/bingbot.htm)"
40.77.167.90 - - [13/Jun/2021:16:53:06 +0200] "GET /bird-terracotta-planter-p-55319.html HTTP/1.0" 200 73516 "-" "Mozilla/5.0 (compatible; bingbot/2.0; +http://www.bing.com/bingbot.htm)"
157.55.39.44 - - [13/Jun/2021:16:53:40 +0200] "GET /iron-maiden-zippo-lighter-p-39528.html HTTP/1.0" 200 75141 "-" "Mozilla/5.0 (compatible; bingbot/2.0; +http://www.bing.com/bingbot.htm)"
207.46.13.38 - - [13/Jun/2021:16:53:53 +0200] "GET /swfobject.js HTTP/1.0" 404 1308 "-" "Mozilla/5.0 (compatible; bingbot/2.0; +http://www.bing.com/bingbot.htm)"
157.55.39.152 - - [13/Jun/2021:16:53:57 +0200] "GET /buddha-canvas-frame-20-20-cm-p-33994.html HTTP/1.0" 301 72989 "-" "Mozilla/5.0 (compatible; bingbot/2.0; +http://www.bing.com/bingbot.htm)"
54.36.148.86 - - [13/Jun/2021:16:54:06 +0200] "GET /mini-white-natural-wooden-p-55030.html HTTP/1.0" 200 73696 "-" "Mozilla/5.0 (compatible; AhrefsBot/7.0; +http://ahrefs.com/robot/)"
40.77.167.106 - - [13/Jun/2021:16:54:34 +0200] "GET /images/12485-strega-biancaneve.jpg HTTP/1.0" 200 269 "-" "Mozilla/5.0 (compatible; bingbot/2.0; +http://www.bing.com/bingbot.htm)"
157.55.39.44 - - [13/Jun/2021:16:54:40 +0200] "GET /so-funky-vertical-messenger-bag-p-19061.html HTTP/1.0" 301 73890 "-" "Mozilla/5.0 (compatible; bingbot/2.0; +http://www.bing.com/bingbot.htm)"
40.77.167.70 - - [13/Jun/2021:16:54:40 +0200] "GET /purple-brush-with-white-horse-p-34816.html HTTP/1.0" 200 73494 "-" "Mozilla/5.0 (compatible; bingbot/2.0; +http://www.bing.com/bingbot.htm)"
207.46.13.38 - - [13/Jun/2021:16:54:44 +0200] "GET /rabelais-stickers-p-39323.html HTTP/1.0" 200 72839 "-" "Mozilla/5.0 (compatible; bingbot/2.0; +http://www.bing.com/bingbot.htm)"
185.191.171.44 - - [13/Jun/2021:16:54:46 +0200] "GET /doudou-bedclothes-140-200-cm-p-53971.html HTTP/1.0" 301 72979 "-" "Mozilla/5.0 (compatible; SemrushBot/7~bl; +http://www.semrush.com/bot.html)"
185.191.171.6 - - [13/Jun/2021:16:54:49 +0200] "GET /doudou-bedclothes-p-53971.html HTTP/1.0" 200 72895 "-" "Mozilla/5.0 (compatible; SemrushBot/7~bl; +http://www.semrush.com/bot.html)"
54.36.149.7 - - [13/Jun/2021:16:55:33 +0200] "GET /black-fuel-pump-clock-p-55409.html HTTP/1.0" 200 73601 "-" "Mozilla/5.0 (compatible; AhrefsBot/7.0; +http://ahrefs.com/robot/)"
40.77.167.106 - - [13/Jun/2021:16:55:46 +0200] "GET /copains-abord-metal-plate-deco-p-51898.html HTTP/1.0" 200 73469 "-" "Mozilla/5.0 (compatible; bingbot/2.0; +http://www.bing.com/bingbot.htm)"
40.77.167.106 - - [13/Jun/2021:16:55:47 +0200] "GET /star-wars-stool-p-17181.html HTTP/1.0" 200 70243 "-" "Mozilla/5.0 (compatible; bingbot/2.0; +http://www.bing.com/bingbot.htm)"
157.55.39.122 - - [13/Jun/2021:16:56:03 +0200] "GET /pour-ton-anniv-card-p-20018.html HTTP/1.0" 301 72916 "-" "Mozilla/5.0 (compatible; bingbot/2.0; +http://www.bing.com/bingbot.htm)"
157.55.39.122 - - [13/Jun/2021:16:56:13 +0200] "GET /-p-17488.html HTTP/1.0" 200 70165 "-" "Mozilla/5.0 (compatible; bingbot/2.0; +http://www.bing.com/bingbot.htm)"
157.55.39.152 - - [13/Jun/2021:16:56:18 +0200] "GET /faut-faire-stickers-p-39331.html HTTP/1.0" 200 73039 "-" "Mozilla/5.0 (compatible; bingbot/2.0; +http://www.bing.com/bingbot.htm)"
157.55.39.152 - - [13/Jun/2021:16:56:19 +0200] "GET /wooden-wall-decoration-flamingo-p-44249.html HTTP/1.0" 200 72882 "-" "Mozilla/5.0 (compatible; bingbot/2.0; +http://www.bing.com/bingbot.htm)"
66.249.70.38 - - [13/Jun/2021:16:56:32 +0200] "GET /worry-stones-rock-crystal-set-of-p-44963.html HTTP/1.0" 301 70365 "-" "Mozilla/5.0 (Linux; Android 6.0.1; Nexus 5X Build/MMB29P) AppleWebKit/537.36 (KHTML, like Gecko) Chrome/91.0.4472.90 Mobile Safari/537.36 (compatible; Googlebot/2.1; +http://www.google.com/bot.html)"
66.249.70.40 - - [13/Jun/2021:16:56:33 +0200] "GET /worry-stones-rock-crystal-p-44963.html HTTP/1.0" 200 70273 "-" "Mozilla/5.0 (Linux; Android 6.0.1; Nexus 5X Build/MMB29P) AppleWebKit/537.36 (KHTML, like Gecko) Chrome/91.0.4472.90 Mobile Safari/537.36 (compatible; Googlebot/2.1; +http://www.google.com/bot.html)"
40.77.167.90 - - [13/Jun/2021:16:56:37 +0200] "GET /-p-4141.html HTTP/1.0" 200 70163 "-" "Mozilla/5.0 (compatible; bingbot/2.0; +http://www.bing.com/bingbot.htm)"
40.77.167.90 - - [13/Jun/2021:16:56:38 +0200] "GET /wooden-world-tray-p-53713.html HTTP/1.0" 200 73846 "-" "Mozilla/5.0 (compatible; bingbot/2.0; +http://www.bing.com/bingbot.htm)"
54.36.148.95 - - [13/Jun/2021:16:56:58 +0200] "GET /atlantique-retro-malle-48-cm-p-45882.html HTTP/1.0" 301 72964 "-" "Mozilla/5.0 (compatible; AhrefsBot/7.0; +http://ahrefs.com/robot/)"
54.36.148.58 - - [13/Jun/2021:16:57:05 +0200] "GET /fragrances-ambiance-c-231.html HTTP/1.0" 200 92284 "-" "Mozilla/5.0 (compatible; AhrefsBot/7.0; +http://ahrefs.com/robot/)"
207.46.13.38 - - [13/Jun/2021:16:57:21 +0200] "GET /disney-princess-personal-diary-p-17198.html HTTP/1.0" 200 73008 "-" "Mozilla/5.0 (compatible; bingbot/2.0; +http://www.bing.com/bingbot.htm)"
185.191.171.23 - - [13/Jun/2021:16:57:21 +0200] "GET /nippon-doll-cosmetic-pouch-p-26870.html HTTP/1.0" 200 73082 "-" "Mozilla/5.0 (compatible; SemrushBot/7~bl; +http://www.semrush.com/bot.html)"
185.191.171.41 - - [13/Jun/2021:16:57:45 +0200] "GET /volkswagen-beetle-red-p-26266.html HTTP/1.0" 301 70232 "-" "Mozilla/5.0 (compatible; SemrushBot/7~bl; +http://www.semrush.com/bot.html)"
185.191.171.21 - - [13/Jun/2021:16:57:47 +0200] "GET /-p-26266.html HTTP/1.0" 200 70165 "-" "Mozilla/5.0 (compatible; SemrushBot/7~bl; +http://www.semrush.com/bot.html)"
40.77.167.70 - - [13/Jun/2021:16:57:57 +0200] "GET /kimmijunior-willow-girly-set-p-17993.html HTTP/1.0" 301 73314 "-" "Mozilla/5.0 (compatible; bingbot/2.0; +http://www.bing.com/bingbot.htm)"
147.92.153.6 - - [13/Jun/2021:16:58:23 +0200] "GET /small-trays-c-12_159_261.html HTTP/1.0" 200 89517 "-" "Mozilla/5.0 (compatible; Linespider/1.1; +https://lin.ee/4dwXkTH)"
207.46.13.38 - - [13/Jun/2021:16:58:39 +0200] "GET /grey-fitted-sheet-p-34831.html HTTP/1.0" 200 72748 "-" "Mozilla/5.0 (compatible; bingbot/2.0; +http://www.bing.com/bingbot.htm)"
54.36.148.86 - - [13/Jun/2021:16:58:40 +0200] "GET /storage-cups-c-12_159_264.html HTTP/1.0" 200 90158 "-" "Mozilla/5.0 (compatible; AhrefsBot/7.0; +http://ahrefs.com/robot/)"
207.46.13.38 - - [13/Jun/2021:16:58:44 +0200] "GET /uk-tablet-cover-p-25016.html HTTP/1.0" 301 73004 "-" "Mozilla/5.0 (compatible; bingbot/2.0; +http://www.bing.com/bingbot.htm)"
66.249.70.38 - - [13/Jun/2021:16:58:45 +0200] "GET /decorative-statuettes-monkeys-of-wisdom-ocher-p-52730.html HTTP/1.0" 301 73170 "-" "Mozilla/5.0 (Linux; Android 6.0.1; Nexus 5X Build/MMB29P) AppleWebKit/537.36 (KHTML, like Gecko) Chrome/91.0.4472.90 Mobile Safari/537.36 (compatible; Googlebot/2.1; +http://www.google.com/bot.html)"
66.249.70.42 - - [13/Jun/2021:16:58:46 +0200] "GET /decorative-statuettes-monkeys-wisdom-ocher-p-52730.html HTTP/1.0" 200 73061 "-" "Mozilla/5.0 (Linux; Android 6.0.1; Nexus 5X Build/MMB29P) AppleWebKit/537.36 (KHTML, like Gecko) Chrome/91.0.4472.90 Mobile Safari/537.36 (compatible; Googlebot/2.1; +http://www.google.com/bot.html)"
207.46.13.38 - - [13/Jun/2021:16:59:43 +0200] "GET /postcard-with-envelope-star-jour-p-48856.html HTTP/1.0" 200 72984 "-" "Mozilla/5.0 (compatible; bingbot/2.0; +http://www.bing.com/bingbot.htm)"
157.55.39.152 - - [13/Jun/2021:16:59:46 +0200] "GET /valdrome-kalian-napkin-made-in-france-p-43970.html HTTP/1.0" 301 73706 "-" "Mozilla/5.0 (compatible; bingbot/2.0; +http://www.bing.com/bingbot.htm)"
157.55.39.122 - - [13/Jun/2021:17:00:02 +0200] "GET /-p-33548.html HTTP/1.0" 200 70165 "-" "Mozilla/5.0 (compatible; bingbot/2.0; +http://www.bing.com/bingbot.htm)"
157.55.39.122 - - [13/Jun/2021:17:00:03 +0200] "GET /large-candle-guardian-angel-p-51067.html HTTP/1.0" 200 73316 "-" "Mozilla/5.0 (compatible; bingbot/2.0; +http://www.bing.com/bingbot.htm)"
66.249.70.42 - - [13/Jun/2021:17:00:11 +0200] "GET /images/B7601019990400.jpg HTTP/1.0" 200 260 "-" "Googlebot-Image/1.0"
54.36.148.46 - - [13/Jun/2021:17:00:17 +0200] "GET /breakfast-c-12_61.html HTTP/1.0" 200 91466 "-" "Mozilla/5.0 (compatible; AhrefsBot/7.0; +http://ahrefs.com/robot/)"
40.77.167.106 - - [13/Jun/2021:17:00:42 +0200] "GET /hello-kitty-grey-tiara-p-13515.html HTTP/1.0" 200 72794 "-" "Mozilla/5.0 (compatible; bingbot/2.0; +http://www.bing.com/bingbot.htm)"
157.55.39.128 - - [13/Jun/2021:17:00:42 +0200] "GET /-p-29889.html HTTP/1.0" 200 70165 "-" "Mozilla/5.0 (compatible; bingbot/2.0; +http://www.bing.com/bingbot.htm)"
207.46.13.38 - - [13/Jun/2021:17:01:03 +0200] "GET /images/mini_prod/3609810076303.jpg HTTP/1.0" 200 269 "-" "Mozilla/5.0 (compatible; bingbot/2.0; +http://www.bing.com/bingbot.htm)"
207.46.13.38 - - [13/Jun/2021:17:01:03 +0200] "GET /js/jquery.js HTTP/1.0" 200 252 "-" "Mozilla/5.0 (compatible; bingbot/2.0; +http://www.bing.com/bingbot.htm)"
207.46.13.38 - - [13/Jun/2021:17:01:04 +0200] "GET /js/jquery.js HTTP/1.0" 200 252 "-" "Mozilla/5.0 (compatible; bingbot/2.0; +http://www.bing.com/bingbot.htm)"
40.77.167.90 - - [13/Jun/2021:17:01:14 +0200] "GET /barbapapa-cosmetic-p-7716.html HTTP/1.0" 200 73025 "-" "Mozilla/5.0 (compatible; bingbot/2.0; +http://www.bing.com/bingbot.htm)"
157.55.39.44 - - [13/Jun/2021:17:01:23 +0200] "GET /disney-princess-kids-school-bag-p-14535.html HTTP/1.0" 301 73276 "-" "Mozilla/5.0 (compatible; bingbot/2.0; +http://www.bing.com/bingbot.htm)"
207.46.13.38 - - [13/Jun/2021:17:01:14 +0200] "GET /corsica-mini-metal-tray-p-44856.html HTTP/1.0" 200 72908 "-" "Mozilla/5.0 (compatible; bingbot/2.0; +http://www.bing.com/bingbot.htm)"
207.46.13.38 - - [13/Jun/2021:17:01:29 +0200] "GET /disney-princess-personal-diary-p-17198.html HTTP/1.0" 200 73008 "-" "Mozilla/5.0 (compatible; bingbot/2.0; +http://www.bing.com/bingbot.htm)"
40.77.167.106 - - [13/Jun/2021:17:01:36 +0200] "GET /postcard-with-envelope-anniversary-50-years-p-48849.html HTTP/1.0" 301 73123 "-" "Mozilla/5.0 (compatible; bingbot/2.0; +http://www.bing.com/bingbot.htm)"
157.55.39.44 - - [13/Jun/2021:17:01:41 +0200] "GET /black-brass-compass-p-52853.html HTTP/1.0" 200 73347 "-" "Mozilla/5.0 (compatible; bingbot/2.0; +http://www.bing.com/bingbot.htm)"
157.55.39.44 - - [13/Jun/2021:17:01:43 +0200] "GET /pillowcase-50-70-cm-color-lila-powder-p-46740.html HTTP/1.0" 301 73695 "-" "Mozilla/5.0 (compatible; bingbot/2.0; +http://www.bing.com/bingbot.htm)"
40.77.167.70 - - [13/Jun/2021:17:01:47 +0200] "GET /-p-9547.html HTTP/1.0" 200 70163 "-" "Mozilla/5.0 (compatible; bingbot/2.0; +http://www.bing.com/bingbot.htm)"
185.191.171.23 - - [13/Jun/2021:17:01:51 +0200] "GET /fitted-sheet-cotton-percale-threads-p-51245.html HTTP/1.0" 200 73805 "-" "Mozilla/5.0 (compatible; SemrushBot/7~bl; +http://www.semrush.com/bot.html)"
207.46.13.38 - - [13/Jun/2021:17:01:53 +0200] "GET /images/5411854136589.jpg HTTP/1.0" 200 259 "-" "Mozilla/5.0 (compatible; bingbot/2.0; +http://www.bing.com/bingbot.htm)"
54.36.148.25 - - [13/Jun/2021:17:01:54 +0200] "GET /mouse-c-129_85.html HTTP/1.0" 200 91331 "-" "Mozilla/5.0 (compatible; AhrefsBot/7.0; +http://ahrefs.com/robot/)"
207.46.13.38 - - [13/Jun/2021:17:01:56 +0200] "GET /swfobject.js HTTP/1.0" 404 1308 "-" "Mozilla/5.0 (compatible; bingbot/2.0; +http://www.bing.com/bingbot.htm)"
207.46.13.38 - - [13/Jun/2021:17:01:58 +0200] "GET /verity-rose-cupcake-decorative-plate-p-29157.html HTTP/1.0" 200 72952 "-" "Mozilla/5.0 (compatible; bingbot/2.0; +http://www.bing.com/bingbot.htm)"
157.55.39.128 - - [13/Jun/2021:17:02:04 +0200] "GET /urss-clock-cbkreation-p-24369.html HTTP/1.0" 200 72912 "-" "Mozilla/5.0 (compatible; bingbot/2.0; +http://www.bing.com/bingbot.htm)"
157.55.39.128 - - [13/Jun/2021:17:02:05 +0200] "GET /verity-rose-moonstruck-emery-board-p-29144.html HTTP/1.0" 200 72972 "-" "Mozilla/5.0 (compatible; bingbot/2.0; +http://www.bing.com/bingbot.htm)"
40.77.167.70 - - [13/Jun/2021:17:02:22 +0200] "GET /kimmijunior-willow-girly-set-p-17993.html HTTP/1.0" 301 73314 "-" "Mozilla/5.0 (compatible; bingbot/2.0; +http://www.bing.com/bingbot.htm)"
40.77.167.106 - - [13/Jun/2021:17:02:22 +0200] "GET /paris-tree-decoration-hanging-p-31812.html HTTP/1.0" 200 72919 "-" "Mozilla/5.0 (compatible; bingbot/2.0; +http://www.bing.com/bingbot.htm)"
185.191.171.34 - - [13/Jun/2021:17:02:22 +0200] "GET /distributor-chewing-p-37837.html?action=add_product HTTP/1.0" 302 476 "-" "Mozilla/5.0 (compatible; SemrushBot/7~bl; +http://www.semrush.com/bot.html)"
185.191.171.44 - - [13/Jun/2021:17:02:26 +0200] "GET /chakra-mini-worry-stones-p-53740.html?action=add_product HTTP/1.0" 302 476 "-" "Mozilla/5.0 (compatible; SemrushBot/7~bl; +http://www.semrush.com/bot.html)"
207.46.13.38 - - [13/Jun/2021:17:02:34 +0200] "GET /swfobject.js HTTP/1.0" 404 1308 "-" "Mozilla/5.0 (compatible; bingbot/2.0; +http://www.bing.com/bingbot.htm)"
207.46.13.38 - - [13/Jun/2021:17:02:48 +0200] "GET /images/big_prod/VANGOGH11.jpg HTTP/1.0" 200 264 "-" "Mozilla/5.0 (compatible; bingbot/2.0; +http://www.bing.com/bingbot.htm)"
185.191.171.7 - - [13/Jun/2021:17:02:52 +0200] "GET /arlsienne-metal-rests-flat-p-43892.html HTTP/1.0" 200 72823 "-" "Mozilla/5.0 (compatible; SemrushBot/7~bl; +http://www.semrush.com/bot.html)"
157.55.39.122 - - [13/Jun/2021:17:02:52 +0200] "GET /black-fancy-elastic-bracelet-p-43727.html HTTP/1.0" 200 72809 "-" "Mozilla/5.0 (compatible; bingbot/2.0; +http://www.bing.com/bingbot.htm)"
207.46.13.38 - - [13/Jun/2021:17:02:53 +0200] "GET /wax-melt-warmer-moroccan-lattice-p-48096.html HTTP/1.0" 301 73632 "-" "Mozilla/5.0 (compatible; bingbot/2.0; +http://www.bing.com/bingbot.htm)"
66.249.70.38 - - [13/Jun/2021:17:03:01 +0200] "GET /strawberry-shortcake-towel-p-9040.html HTTP/1.0" 301 70229 "-" "Mozilla/5.0 (Linux; Android 6.0.1; Nexus 5X Build/MMB29P) AppleWebKit/537.36 (KHTML, like Gecko) Chrome/91.0.4472.90 Mobile Safari/537.36 (compatible; Googlebot/2.1; +http://www.google.com/bot.html)"
66.249.70.38 - - [13/Jun/2021:17:03:02 +0200] "GET /-p-9040.html HTTP/1.0" 200 70163 "-" "Mozilla/5.0 (Linux; Android 6.0.1; Nexus 5X Build/MMB29P) AppleWebKit/537.36 (KHTML, like Gecko) Chrome/91.0.4472.90 Mobile Safari/537.36 (compatible; Googlebot/2.1; +http://www.google.com/bot.html)"
207.46.13.38 - - [13/Jun/2021:17:03:26 +0200] "GET /volkswagen-bully-red-picnic-mats-p-31976.html HTTP/1.0" 301 73370 "-" "Mozilla/5.0 (compatible; bingbot/2.0; +http://www.bing.com/bingbot.htm)"
207.46.13.38 - - [13/Jun/2021:17:03:30 +0200] "GET /-p-22714.html HTTP/1.0" 200 70165 "-" "Mozilla/5.0 (compatible; bingbot/2.0; +http://www.bing.com/bingbot.htm)"
40.77.167.70 - - [13/Jun/2021:17:03:30 +0200] "GET /sonny-angel-figure-12th-anniversary-p-36107.html HTTP/1.0" 200 73245 "-" "Mozilla/5.0 (compatible; bingbot/2.0; +http://www.bing.com/bingbot.htm)"
178.159.37.60 - - [13/Jun/2021:17:03:48 +0200] "GET /create_account.php HTTP/1.0" 301 547 "-" "Mozilla/4.0 (compatible; MSIE 6.0; Windows NT 5.1; SV1)"
178.159.37.60 - - [13/Jun/2021:17:03:48 +0200] "GET /create_account.php HTTP/1.0" 200 33633 "-" "Mozilla/4.0 (compatible; MSIE 6.0; Windows NT 5.1; SV1)"
178.159.37.60 - - [13/Jun/2021:17:03:48 +0200] "POST /create_account.php HTTP/1.0" 200 34549 "http://wonder-geek.com/create_account.php" "Mozilla/4.0 (compatible; MSIE 6.0; Windows NT 5.1; SV1)"
54.36.148.86 - - [13/Jun/2021:17:04:05 +0200] "GET / HTTP/1.0" 200 149941 "-" "Mozilla/5.0 (compatible; AhrefsBot/7.0; +http://ahrefs.com/robot/)"
185.191.171.11 - - [13/Jun/2021:17:04:33 +0200] "GET /melt-cerulean-p-38944.html HTTP/1.0" 200 73375 "-" "Mozilla/5.0 (compatible; SemrushBot/7~bl; +http://www.semrush.com/bot.html)"
40.77.167.70 - - [13/Jun/2021:17:04:36 +0200] "GET /uk-carlin-phone-cover-for-galaxy-s3-by-cbkreation-p-30086.html HTTP/1.0" 301 70457 "-" "Mozilla/5.0 (compatible; bingbot/2.0; +http://www.bing.com/bingbot.htm)"
157.55.39.44 - - [13/Jun/2021:17:04:42 +0200] "GET /disney-princess-large-shopping-bag-p-10760.html HTTP/1.0" 301 70380 "-" "Mozilla/5.0 (compatible; bingbot/2.0; +http://www.bing.com/bingbot.htm)"
17.121.113.225 - - [13/Jun/2021:17:04:44 +0200] "GET /noddy-swimsuit-p-30585.html HTTP/1.0" 200 73895 "-" "Mozilla/5.0 (Macintosh; Intel Mac OS X 10_15_5) AppleWebKit/605.1.15 (KHTML, like Gecko) Version/13.1.1 Safari/605.1.15 (Applebot/0.1; +http://www.apple.com/go/applebot)"
157.55.39.152 - - [13/Jun/2021:17:04:46 +0200] "GET /flowerpot-enjoy-life-p-51111.html HTTP/1.0" 200 70239 "-" "Mozilla/5.0 (compatible; bingbot/2.0; +http://www.bing.com/bingbot.htm)"
185.191.171.15 - - [13/Jun/2021:17:04:52 +0200] "GET /luggages-schoolbags-leather-shop-c-31.html?page=66 HTTP/1.0" 200 94062 "-" "Mozilla/5.0 (compatible; SemrushBot/7~bl; +http://www.semrush.com/bot.html)"
157.55.39.152 - - [13/Jun/2021:17:05:17 +0200] "GET /cat-hourglass-toothbrush-holder-p-28327.html HTTP/1.0" 301 70232 "-" "Mozilla/5.0 (compatible; bingbot/2.0; +http://www.bing.com/bingbot.htm)"
40.77.167.70 - - [13/Jun/2021:17:05:22 +0200] "GET /-p-34871.html HTTP/1.0" 200 70165 "-" "Mozilla/5.0 (compatible; bingbot/2.0; +http://www.bing.com/bingbot.htm)"
185.191.171.21 - - [13/Jun/2021:17:05:25 +0200] "GET /jane-crowther-p-54769.html HTTP/1.0" 200 73477 "-" "Mozilla/5.0 (compatible; SemrushBot/7~bl; +http://www.semrush.com/bot.html)"
207.46.13.38 - - [13/Jun/2021:17:05:30 +0200] "GET /winx-oval-placemat-p-17121.html HTTP/1.0" 200 72973 "-" "Mozilla/5.0 (compatible; bingbot/2.0; +http://www.bing.com/bingbot.htm)"
157.55.39.152 - - [13/Jun/2021:17:05:37 +0200] "GET /double-walled-porcelain-with-infuser-p-53002.html HTTP/1.0" 200 72953 "-" "Mozilla/5.0 (compatible; bingbot/2.0; +http://www.bing.com/bingbot.htm)"
66.249.70.38 - - [13/Jun/2021:17:05:38 +0200] "GET /images/big_prod_1/3609810059924a.jpg HTTP/1.0" 200 271 "-" "Googlebot-Image/1.0"
40.77.167.106 - - [13/Jun/2021:17:05:47 +0200] "GET /baloo-figure-p-2872.html HTTP/1.0" 200 70214 "-" "Mozilla/5.0 (compatible; bingbot/2.0; +http://www.bing.com/bingbot.htm)"
207.46.13.38 - - [13/Jun/2021:17:05:54 +0200] "GET /decorative-statuette-monkeys-of-wisdom-orange-30-cm-p-52735.html HTTP/1.0" 301 73866 "-" "Mozilla/5.0 (compatible; bingbot/2.0; +http://www.bing.com/bingbot.htm)"
207.46.13.38 - - [13/Jun/2021:17:05:56 +0200] "GET /table-protector-under-tablecloth-p-48561.html HTTP/1.0" 200 73096 "-" "Mozilla/5.0 (compatible; bingbot/2.0; +http://www.bing.com/bingbot.htm)"
40.77.167.70 - - [13/Jun/2021:17:06:00 +0200] "GET /corsica-wall-decoration-p-44561.html HTTP/1.0" 200 72821 "-" "Mozilla/5.0 (compatible; bingbot/2.0; +http://www.bing.com/bingbot.htm)"
54.36.148.86 - - [13/Jun/2021:17:06:24 +0200] "GET /bookmark-lenticular-rabbit-p-19155.html HTTP/1.0" 200 72985 "-" "Mozilla/5.0 (compatible; AhrefsBot/7.0; +http://ahrefs.com/robot/)"
157.55.39.128 - - [13/Jun/2021:17:06:34 +0200] "GET /yogi-yogini-yogamat-black-p-51479.html HTTP/1.0" 200 73436 "-" "Mozilla/5.0 (compatible; bingbot/2.0; +http://www.bing.com/bingbot.htm)"
66.249.70.42 - - [13/Jun/2021:17:06:52 +0200] "GET /trivet-and-boards-cut-c-12_158.html?page=2 HTTP/1.0" 301 93942 "-" "Mozilla/5.0 (Linux; Android 6.0.1; Nexus 5X Build/MMB29P) AppleWebKit/537.36 (KHTML, like Gecko) Chrome/91.0.4472.90 Mobile Safari/537.36 (compatible; Googlebot/2.1; +http://www.google.com/bot.html)"
66.249.70.38 - - [13/Jun/2021:17:06:53 +0200] "GET /trivet-boards-c-158.html?page=2 HTTP/1.0" 301 93841 "-" "Mozilla/5.0 (Linux; Android 6.0.1; Nexus 5X Build/MMB29P) AppleWebKit/537.36 (KHTML, like Gecko) Chrome/91.0.4472.90 Mobile Safari/537.36 (compatible; Googlebot/2.1; +http://www.google.com/bot.html)"
66.249.70.38 - - [13/Jun/2021:17:06:54 +0200] "GET /trivet-boards-c-12_158.html?page=2 HTTP/1.0" 200 93857 "-" "Mozilla/5.0 (Linux; Android 6.0.1; Nexus 5X Build/MMB29P) AppleWebKit/537.36 (KHTML, like Gecko) Chrome/91.0.4472.90 Mobile Safari/537.36 (compatible; Googlebot/2.1; +http://www.google.com/bot.html)"
157.55.39.122 - - [13/Jun/2021:17:07:03 +0200] "GET /yuco-quilted-glove-and-potholder-tomette-p-48216.html HTTP/1.0" 301 70232 "-" "Mozilla/5.0 (compatible; bingbot/2.0; +http://www.bing.com/bingbot.htm)"
207.46.13.38 - - [13/Jun/2021:17:07:10 +0200] "GET /frozen-bowl-p-31749.html HTTP/1.0" 200 70199 "-" "Mozilla/5.0 (compatible; bingbot/2.0; +http://www.bing.com/bingbot.htm)"
207.46.13.38 - - [13/Jun/2021:17:07:12 +0200] "GET /jamaican-clock-p-24958.html HTTP/1.0" 200 72730 "-" "Mozilla/5.0 (compatible; bingbot/2.0; +http://www.bing.com/bingbot.htm)"
66.249.70.42 - - [13/Jun/2021:17:07:18 +0200] "GET /ads.txt HTTP/1.0" 404 1308 "-" "Mozilla/5.0 (compatible; Googlebot/2.1; +http://www.google.com/bot.html)"
40.77.167.90 - - [13/Jun/2021:17:07:25 +0200] "GET /-p-1656.html HTTP/1.0" 200 70163 "-" "Mozilla/5.0 (compatible; bingbot/2.0; +http://www.bing.com/bingbot.htm)"
40.77.167.90 - - [13/Jun/2021:17:07:26 +0200] "GET /-p-15992.html HTTP/1.0" 200 70165 "-" "Mozilla/5.0 (compatible; bingbot/2.0; +http://www.bing.com/bingbot.htm)"
