40.77.167.57 - - [13/Jun/2021:20:28:03 +0200] "GET /mugs-and-mazagrans-c-12_57.html?page=8 HTTP/1.0" 301 96590 "-" "Mozilla/5.0 (compatible; bingbot/2.0; +http://www.bing.com/bingbot.htm)"
157.55.39.128 - - [13/Jun/2021:20:28:07 +0200] "GET /-p-29829.html HTTP/1.0" 200 70165 "-" "Mozilla/5.0 (compatible; bingbot/2.0; +http://www.bing.com/bingbot.htm)"
157.55.39.81 - - [13/Jun/2021:20:28:13 +0200] "GET /kiub-collection-cats-cool-p-54781.html HTTP/1.0" 200 73627 "-" "Mozilla/5.0 (compatible; bingbot/2.0; +http://www.bing.com/bingbot.htm)"
157.55.39.122 - - [13/Jun/2021:20:28:18 +0200] "GET /small-candle-ginger-lemongrass-p-53337.html HTTP/1.0" 200 73479 "-" "Mozilla/5.0 (compatible; bingbot/2.0; +http://www.bing.com/bingbot.htm)"
40.77.167.90 - - [13/Jun/2021:20:28:37 +0200] "GET /disney-frozen-olaf-large-bag-p-31219.html HTTP/1.0" 301 73194 "-" "Mozilla/5.0 (compatible; bingbot/2.0; +http://www.bing.com/bingbot.htm)"
185.191.171.5 - - [13/Jun/2021:20:28:39 +0200] "GET /metal-beer-bucket-pizza-biere-foot-p-53421.html HTTP/1.0" 301 72939 "-" "Mozilla/5.0 (compatible; SemrushBot/7~bl; +http://www.semrush.com/bot.html)"
185.191.171.10 - - [13/Jun/2021:20:28:41 +0200] "GET /metal-beer-bucket-pizza-bire-foot-p-53421.html HTTP/1.0" 200 72839 "-" "Mozilla/5.0 (compatible; SemrushBot/7~bl; +http://www.semrush.com/bot.html)"
207.46.13.38 - - [13/Jun/2021:20:28:46 +0200] "GET /zodiac-black-women-tee-shirt-p-30813.html HTTP/1.0" 301 74884 "-" "Mozilla/5.0 (compatible; bingbot/2.0; +http://www.bing.com/bingbot.htm)"
157.55.39.44 - - [13/Jun/2021:20:29:01 +0200] "GET /cars-kids-school-bag-p-10350.html HTTP/1.0" 301 70310 "-" "Mozilla/5.0 (compatible; bingbot/2.0; +http://www.bing.com/bingbot.htm)"
54.36.148.230 - - [13/Jun/2021:20:29:08 +0200] "GET /round-fringed-p-53785.html HTTP/1.0" 200 72919 "-" "Mozilla/5.0 (compatible; AhrefsBot/7.0; +http://ahrefs.com/robot/)"
185.191.171.34 - - [13/Jun/2021:20:29:10 +0200] "GET /puppies-and-boots-wildside-poster-p-25820.html HTTP/1.0" 301 72943 "-" "Mozilla/5.0 (compatible; SemrushBot/7~bl; +http://www.semrush.com/bot.html)"
185.191.171.34 - - [13/Jun/2021:20:29:12 +0200] "GET /puppies-boots-wildside-poster-p-25820.html HTTP/1.0" 200 72847 "-" "Mozilla/5.0 (compatible; SemrushBot/7~bl; +http://www.semrush.com/bot.html)"
157.55.39.128 - - [13/Jun/2021:20:29:55 +0200] "GET /coca-cola-black-metal-plate-p-37157.html HTTP/1.0" 200 72895 "-" "Mozilla/5.0 (compatible; bingbot/2.0; +http://www.bing.com/bingbot.htm)"
40.77.167.70 - - [13/Jun/2021:20:30:07 +0200] "GET /washed-linen-skirt-natural-color-p-48110.html HTTP/1.0" 200 70370 "-" "Mozilla/5.0 (compatible; bingbot/2.0; +http://www.bing.com/bingbot.htm)"
157.55.39.44 - - [13/Jun/2021:20:30:12 +0200] "GET /bowl-p-36518.html HTTP/1.0" 200 72789 "-" "Mozilla/5.0 (compatible; bingbot/2.0; +http://www.bing.com/bingbot.htm)"
110.249.202.51 - - [13/Jun/2021:20:30:26 +0200] "GET /small-statuette-marie-dore-p-55485.html HTTP/1.0" 200 73522 "-" "Mozilla/5.0 (Linux; Android 5.0) AppleWebKit/537.36 (KHTML, like Gecko) Mobile Safari/537.36 (compatible; Bytespider; https://zhanzhang.toutiao.com/)"
110.249.202.51 - - [13/Jun/2021:20:30:27 +0200] "GET /swfobject.js HTTP/1.0" 404 1308 "http://www.wonder-geek.com/small-statuette-marie-dore-p-55485.html" "Mozilla/5.0 (Linux; Android 5.0) AppleWebKit/537.36 (KHTML, like Gecko) Mobile Safari/537.36 (compatible; Bytespider; https://zhanzhang.toutiao.com/)"
110.249.202.61 - - [13/Jun/2021:20:30:28 +0200] "GET /images/big_prod_1/3700344870105B.jpg HTTP/1.0" 200 271 "http://www.wonder-geek.com/small-statuette-marie-dore-p-55485.html" "Mozilla/5.0 (Linux; Android 5.0) AppleWebKit/537.36 (KHTML, like Gecko) Mobile Safari/537.36 (compatible; Bytespider; https://zhanzhang.toutiao.com/)"
110.249.202.56 - - [13/Jun/2021:20:30:30 +0200] "GET /highslide/graphics/zoomout.cur HTTP/1.0" 200 614 "http://www.wonder-geek.com/small-statuette-marie-dore-p-55485.html" "Mozilla/5.0 (Linux; Android 5.0) AppleWebKit/537.36 (KHTML, like Gecko) Mobile Safari/537.36 (compatible; Bytespider; https://zhanzhang.toutiao.com/)"
110.249.202.48 - - [13/Jun/2021:20:30:30 +0200] "GET /images/big_prod/3700344870105.jpg HTTP/1.0" 200 268 "http://www.wonder-geek.com/small-statuette-marie-dore-p-55485.html" "Mozilla/5.0 (Linux; Android 5.0) AppleWebKit/537.36 (KHTML, like Gecko) Mobile Safari/537.36 (compatible; Bytespider; https://zhanzhang.toutiao.com/)"
157.55.39.44 - - [13/Jun/2021:20:30:32 +0200] "GET /-p-3611.html HTTP/1.0" 200 70163 "-" "Mozilla/5.0 (compatible; bingbot/2.0; +http://www.bing.com/bingbot.htm)"
40.77.167.57 - - [13/Jun/2021:20:30:53 +0200] "GET /-p-31724.html HTTP/1.0" 200 70165 "-" "Mozilla/5.0 (compatible; bingbot/2.0; +http://www.bing.com/bingbot.htm)"
157.55.39.81 - - [13/Jun/2021:20:30:58 +0200] "GET /idefix-money-box-75-cm-p-40945.html HTTP/1.0" 301 72855 "-" "Mozilla/5.0 (compatible; bingbot/2.0; +http://www.bing.com/bingbot.htm)"
54.36.148.86 - - [13/Jun/2021:20:31:12 +0200] "GET /wall-stickers-swallows-p-51118.html HTTP/1.0" 200 73504 "-" "Mozilla/5.0 (compatible; AhrefsBot/7.0; +http://ahrefs.com/robot/)"
40.77.167.57 - - [13/Jun/2021:20:31:24 +0200] "GET /decorative-hanging-pie-blue-outline-p-35425.html HTTP/1.0" 301 73070 "-" "Mozilla/5.0 (compatible; bingbot/2.0; +http://www.bing.com/bingbot.htm)"
40.77.167.70 - - [13/Jun/2021:20:31:28 +0200] "GET /set-of-round-stones-chakra-p-42875.html HTTP/1.0" 301 73004 "-" "Mozilla/5.0 (compatible; bingbot/2.0; +http://www.bing.com/bingbot.htm)"
40.77.167.90 - - [13/Jun/2021:20:31:37 +0200] "GET /-p-13528.html HTTP/1.0" 200 70165 "-" "Mozilla/5.0 (compatible; bingbot/2.0; +http://www.bing.com/bingbot.htm)"
147.92.153.18 - - [13/Jun/2021:20:31:43 +0200] "GET /ceramic-luxy-cache-green-p-55328.html HTTP/1.0" 200 73533 "-" "Mozilla/5.0 (compatible; Linespider/1.1; +https://lin.ee/4dwXkTH)"
185.191.171.36 - - [13/Jun/2021:20:32:15 +0200] "GET /bamboo-fiber-plant-cover-p-54400.html HTTP/1.0" 200 73439 "-" "Mozilla/5.0 (compatible; SemrushBot/7~bl; +http://www.semrush.com/bot.html)"
207.46.13.38 - - [13/Jun/2021:20:32:18 +0200] "GET /-p-35551.html HTTP/1.0" 200 70165 "-" "Mozilla/5.0 (compatible; bingbot/2.0; +http://www.bing.com/bingbot.htm)"
17.121.113.76 - - [13/Jun/2021:20:32:22 +0200] "GET /cushions-c-11_71.html?page=1 HTTP/1.0" 200 90036 "-" "Mozilla/5.0 (Macintosh; Intel Mac OS X 10_15_5) AppleWebKit/605.1.15 (KHTML, like Gecko) Version/13.1.1 Safari/605.1.15 (Applebot/0.1; +http://www.apple.com/go/applebot)"
40.77.167.57 - - [13/Jun/2021:20:32:24 +0200] "GET /sentiment-tea-towel-kitchen-towel-70-35-cm-p-43642.html HTTP/1.0" 301 73678 "-" "Mozilla/5.0 (compatible; bingbot/2.0; +http://www.bing.com/bingbot.htm)"
157.55.39.152 - - [13/Jun/2021:20:32:57 +0200] "GET /great-wallet-pocket-pepe-jeans-bohemian-p-38137.html HTTP/1.0" 200 73981 "-" "Mozilla/5.0 (compatible; bingbot/2.0; +http://www.bing.com/bingbot.htm)"
40.77.167.106 - - [13/Jun/2021:20:33:06 +0200] "GET /star-wars-covers-poster-p-33526.html HTTP/1.0" 200 70271 "-" "Mozilla/5.0 (compatible; bingbot/2.0; +http://www.bing.com/bingbot.htm)"
54.36.148.86 - - [13/Jun/2021:20:33:10 +0200] "GET /hello-kitty-large-backpack-p-9930.html HTTP/1.0" 200 73103 "-" "Mozilla/5.0 (compatible; AhrefsBot/7.0; +http://ahrefs.com/robot/)"
157.55.39.44 - - [13/Jun/2021:20:33:42 +0200] "GET /-p-28205.html HTTP/1.0" 200 70165 "-" "Mozilla/5.0 (compatible; bingbot/2.0; +http://www.bing.com/bingbot.htm)"
40.77.167.90 - - [13/Jun/2021:20:33:55 +0200] "GET /white-owl-decorative-statue-p-31563.html HTTP/1.0" 301 72978 "-" "Mozilla/5.0 (compatible; bingbot/2.0; +http://www.bing.com/bingbot.htm)"
157.55.39.152 - - [13/Jun/2021:20:33:59 +0200] "GET /tarot-p-37142.html HTTP/1.0" 200 73791 "-" "Mozilla/5.0 (compatible; bingbot/2.0; +http://www.bing.com/bingbot.htm)"
157.55.39.152 - - [13/Jun/2021:20:33:59 +0200] "GET /-p-11128.html HTTP/1.0" 200 70165 "-" "Mozilla/5.0 (compatible; bingbot/2.0; +http://www.bing.com/bingbot.htm)"
207.46.13.38 - - [13/Jun/2021:20:34:14 +0200] "GET /swfobject.js HTTP/1.0" 404 1308 "-" "Mozilla/5.0 (compatible; bingbot/2.0; +http://www.bing.com/bingbot.htm)"
17.121.114.100 - - [13/Jun/2021:20:34:15 +0200] "GET /sticker-windows-chakra-p-48349.html HTTP/1.0" 200 72865 "-" "Mozilla/5.0 (Macintosh; Intel Mac OS X 10_15_5) AppleWebKit/605.1.15 (KHTML, like Gecko) Version/13.1.1 Safari/605.1.15 (Applebot/0.1; +http://www.apple.com/go/applebot)"
40.77.167.57 - - [13/Jun/2021:20:34:23 +0200] "GET /stone-amethyst-sold-by-weight-160-170-grams-p-46544.html HTTP/1.0" 301 73937 "-" "Mozilla/5.0 (compatible; bingbot/2.0; +http://www.bing.com/bingbot.htm)"
157.55.39.81 - - [13/Jun/2021:20:34:28 +0200] "GET /tour-eiffel-zippo-lighter-p-42877.html HTTP/1.0" 200 73294 "-" "Mozilla/5.0 (compatible; bingbot/2.0; +http://www.bing.com/bingbot.htm)"
185.191.171.6 - - [13/Jun/2021:20:34:43 +0200] "GET /wooden-calendar-p-49194.html?action=add_product HTTP/1.0" 302 476 "-" "Mozilla/5.0 (compatible; SemrushBot/7~bl; +http://www.semrush.com/bot.html)"
207.46.13.38 - - [13/Jun/2021:20:34:45 +0200] "GET /swfobject.js HTTP/1.0" 404 1308 "-" "Mozilla/5.0 (compatible; bingbot/2.0; +http://www.bing.com/bingbot.htm)"
207.46.13.38 - - [13/Jun/2021:20:34:46 +0200] "GET /clapper-clock-p-32612.html HTTP/1.0" 200 72853 "-" "Mozilla/5.0 (compatible; bingbot/2.0; +http://www.bing.com/bingbot.htm)"
66.249.70.42 - - [13/Jun/2021:20:34:47 +0200] "GET /images/mini_prod/7601020000082.jpg HTTP/1.0" 200 269 "-" "Googlebot-Image/1.0"
40.77.167.57 - - [13/Jun/2021:20:34:54 +0200] "GET /cement-tile-stickers-p-50348.html HTTP/1.0" 200 73114 "-" "Mozilla/5.0 (compatible; bingbot/2.0; +http://www.bing.com/bingbot.htm)"
185.191.171.43 - - [13/Jun/2021:20:34:55 +0200] "GET /white-and-blue-decorative-vase-aged-aspect-p-52430.html HTTP/1.0" 301 70424 "-" "Mozilla/5.0 (compatible; SemrushBot/7~bl; +http://www.semrush.com/bot.html)"
40.77.167.106 - - [13/Jun/2021:20:34:57 +0200] "GET /kyoto-black-tea-box-p-39303.html HTTP/1.0" 301 73016 "-" "Mozilla/5.0 (compatible; bingbot/2.0; +http://www.bing.com/bingbot.htm)"
185.191.171.11 - - [13/Jun/2021:20:34:57 +0200] "GET /white-blue-decorative-vase-aged-aspect-p-52430.html HTTP/1.0" 200 70319 "-" "Mozilla/5.0 (compatible; SemrushBot/7~bl; +http://www.semrush.com/bot.html)"
157.55.39.81 - - [13/Jun/2021:20:34:58 +0200] "GET /tetsubin-brown-teapot-japanese-12-liter-p-49383.html HTTP/1.0" 301 73269 "-" "Mozilla/5.0 (compatible; bingbot/2.0; +http://www.bing.com/bingbot.htm)"
157.55.39.122 - - [13/Jun/2021:20:34:57 +0200] "GET /mouseion-collection-the-gayer-anderson-cat-resin-figure-p-34111.html HTTP/1.0" 301 73234 "-" "Mozilla/5.0 (compatible; bingbot/2.0; +http://www.bing.com/bingbot.htm)"
40.77.167.106 - - [13/Jun/2021:20:35:07 +0200] "GET /-p-20164.html HTTP/1.0" 200 70165 "-" "Mozilla/5.0 (compatible; bingbot/2.0; +http://www.bing.com/bingbot.htm)"
40.77.167.106 - - [13/Jun/2021:20:35:08 +0200] "GET /harley-davidson-zippo-lighter-p-39525.html HTTP/1.0" 200 73318 "-" "Mozilla/5.0 (compatible; bingbot/2.0; +http://www.bing.com/bingbot.htm)"
185.191.171.13 - - [13/Jun/2021:20:35:09 +0200] "GET /navy-blue-keychain-the-little-prince-p-47478.html HTTP/1.0" 301 73057 "-" "Mozilla/5.0 (compatible; SemrushBot/7~bl; +http://www.semrush.com/bot.html)"
185.191.171.20 - - [13/Jun/2021:20:35:11 +0200] "GET /navy-blue-keychain-little-prince-p-47478.html HTTP/1.0" 200 72958 "-" "Mozilla/5.0 (compatible; SemrushBot/7~bl; +http://www.semrush.com/bot.html)"
54.36.148.9 - - [13/Jun/2021:20:35:11 +0200] "GET /love-personnalized-white-shell-samsung-p-17691.html HTTP/1.0" 200 73223 "-" "Mozilla/5.0 (compatible; AhrefsBot/7.0; +http://ahrefs.com/robot/)"
157.55.39.44 - - [13/Jun/2021:20:35:12 +0200] "GET /beyblade-bookends-p-18659.html HTTP/1.0" 200 70223 "-" "Mozilla/5.0 (compatible; bingbot/2.0; +http://www.bing.com/bingbot.htm)"
40.77.167.90 - - [13/Jun/2021:20:35:36 +0200] "GET /-p-29696.html HTTP/1.0" 200 70165 "-" "Mozilla/5.0 (compatible; bingbot/2.0; +http://www.bing.com/bingbot.htm)"
66.249.70.42 - - [13/Jun/2021:20:35:39 +0200] "GET /images/big_prod_1/8718375755532a.jpg HTTP/1.0" 200 271 "-" "Googlebot-Image/1.0"
185.191.171.44 - - [13/Jun/2021:20:35:40 +0200] "GET /leopard-bling-decorative-statue-57-cm-p-35416.html HTTP/1.0" 301 73040 "-" "Mozilla/5.0 (compatible; SemrushBot/7~bl; +http://www.semrush.com/bot.html)"
157.55.39.128 - - [13/Jun/2021:20:35:40 +0200] "GET /gray-polyester-round-chair-cushion-p-43895.html HTTP/1.0" 200 73548 "-" "Mozilla/5.0 (compatible; bingbot/2.0; +http://www.bing.com/bingbot.htm)"
185.191.171.45 - - [13/Jun/2021:20:35:42 +0200] "GET /leopard-bling-decorative-statue-p-35416.html HTTP/1.0" 200 72942 "-" "Mozilla/5.0 (compatible; SemrushBot/7~bl; +http://www.semrush.com/bot.html)"
185.191.171.10 - - [13/Jun/2021:20:35:57 +0200] "GET /coasters-cbkreation-p-23361.html?action=add_product HTTP/1.0" 302 476 "-" "Mozilla/5.0 (compatible; SemrushBot/7~bl; +http://www.semrush.com/bot.html)"
40.77.167.70 - - [13/Jun/2021:20:35:57 +0200] "GET /jakarta-yellow-carpet-60-120-cm-p-48420.html HTTP/1.0" 301 73702 "-" "Mozilla/5.0 (compatible; bingbot/2.0; +http://www.bing.com/bingbot.htm)"
157.55.39.81 - - [13/Jun/2021:20:36:05 +0200] "GET /babar-cap-glove-set-52-cm-p-22949.html HTTP/1.0" 301 70316 "-" "Mozilla/5.0 (compatible; bingbot/2.0; +http://www.bing.com/bingbot.htm)"
17.121.115.5 - - [13/Jun/2021:20:36:06 +0200] "GET /globe-liege-p-49447.html HTTP/1.0" 200 73373 "-" "Mozilla/5.0 (Macintosh; Intel Mac OS X 10_15_5) AppleWebKit/605.1.15 (KHTML, like Gecko) Version/13.1.1 Safari/605.1.15 (Applebot/0.1; +http://www.apple.com/go/applebot)"
54.36.148.190 - - [13/Jun/2021:20:37:09 +0200] "GET /duvet-cover-cotton-percale-threads-p-51262.html HTTP/1.0" 200 73104 "-" "Mozilla/5.0 (compatible; AhrefsBot/7.0; +http://ahrefs.com/robot/)"
54.36.148.8 - - [13/Jun/2021:20:37:16 +0200] "GET /fiers-etre-marseillais-ashtray-p-12666.html HTTP/1.0" 301 70232 "-" "Mozilla/5.0 (compatible; AhrefsBot/7.0; +http://ahrefs.com/robot/)"
40.77.167.106 - - [13/Jun/2021:20:37:19 +0200] "GET /white-tigers-blue-lunch-p-40958.html HTTP/1.0" 200 72829 "-" "Mozilla/5.0 (compatible; bingbot/2.0; +http://www.bing.com/bingbot.htm)"
207.46.13.38 - - [13/Jun/2021:20:37:27 +0200] "GET /gorjuss-ruby-tartan-heart-shaped-metal-p-46938.html HTTP/1.0" 200 74296 "-" "Mozilla/5.0 (compatible; bingbot/2.0; +http://www.bing.com/bingbot.htm)"
185.191.171.34 - - [13/Jun/2021:20:37:56 +0200] "GET /gorjuss-chronicles-clutch-bag-the-hatter-p-46967.html HTTP/1.0" 301 75127 "-" "Mozilla/5.0 (compatible; SemrushBot/7~bl; +http://www.semrush.com/bot.html)"
185.191.171.26 - - [13/Jun/2021:20:37:59 +0200] "GET /gorjuss-chronicles-clutch-hatter-p-46967.html HTTP/1.0" 200 75028 "-" "Mozilla/5.0 (compatible; SemrushBot/7~bl; +http://www.semrush.com/bot.html)"
157.55.39.122 - - [13/Jun/2021:20:38:00 +0200] "GET /-p-34817.html HTTP/1.0" 200 70165 "-" "Mozilla/5.0 (compatible; bingbot/2.0; +http://www.bing.com/bingbot.htm)"
157.55.39.128 - - [13/Jun/2021:20:38:06 +0200] "GET /tibetan-treasure-hand-painted-flowers-p-54961.html HTTP/1.0" 200 74324 "-" "Mozilla/5.0 (compatible; bingbot/2.0; +http://www.bing.com/bingbot.htm)"
157.55.39.152 - - [13/Jun/2021:20:38:18 +0200] "GET /chair-cushion-in-blue-cotton-p-47760.html HTTP/1.0" 301 72923 "-" "Mozilla/5.0 (compatible; bingbot/2.0; +http://www.bing.com/bingbot.htm)"
185.191.171.7 - - [13/Jun/2021:20:38:32 +0200] "GET /earth-globe-decoration-p-50868.html?action=add_product HTTP/1.0" 302 476 "-" "Mozilla/5.0 (compatible; SemrushBot/7~bl; +http://www.semrush.com/bot.html)"
157.55.39.122 - - [13/Jun/2021:20:38:38 +0200] "GET /hello-kitty-large-backpack-p-23250.html HTTP/1.0" 200 70259 "-" "Mozilla/5.0 (compatible; bingbot/2.0; +http://www.bing.com/bingbot.htm)"
40.77.167.70 - - [13/Jun/2021:20:38:58 +0200] "GET /-p-17637.html HTTP/1.0" 200 70165 "-" "Mozilla/5.0 (compatible; bingbot/2.0; +http://www.bing.com/bingbot.htm)"
40.77.167.57 - - [13/Jun/2021:20:39:02 +0200] "GET /js/jquery.js HTTP/1.0" 200 252 "-" "Mozilla/5.0 (compatible; bingbot/2.0; +http://www.bing.com/bingbot.htm)"
40.77.167.90 - - [13/Jun/2021:20:39:07 +0200] "GET /images/8421440065404.jpg HTTP/1.0" 200 259 "-" "Mozilla/5.0 (compatible; bingbot/2.0; +http://www.bing.com/bingbot.htm)"
40.77.167.57 - - [13/Jun/2021:20:39:12 +0200] "GET /js/jquery.js HTTP/1.0" 200 252 "-" "Mozilla/5.0 (compatible; bingbot/2.0; +http://www.bing.com/bingbot.htm)"
54.36.148.86 - - [13/Jun/2021:20:39:13 +0200] "GET /apache-women-watch-pink-buffalo-head-p-42978.html HTTP/1.0" 200 73075 "-" "Mozilla/5.0 (compatible; AhrefsBot/7.0; +http://ahrefs.com/robot/)"
207.46.13.38 - - [13/Jun/2021:20:39:28 +0200] "GET /christmas-2015-figurine-sonny-angel-p-32515.html HTTP/1.0" 200 70337 "-" "Mozilla/5.0 (compatible; bingbot/2.0; +http://www.bing.com/bingbot.htm)"
185.191.171.7 - - [13/Jun/2021:20:39:32 +0200] "GET /dora-the-explorer-swimming-ring-p-14353.html HTTP/1.0" 301 73359 "-" "Mozilla/5.0 (compatible; SemrushBot/7~bl; +http://www.semrush.com/bot.html)"
185.191.171.34 - - [13/Jun/2021:20:39:34 +0200] "GET /dora-explorer-swimming-ring-p-14353.html HTTP/1.0" 200 73265 "-" "Mozilla/5.0 (compatible; SemrushBot/7~bl; +http://www.semrush.com/bot.html)"
54.236.1.13 - - [13/Jun/2021:20:39:38 +0200] "GET /swing-map-collection-gorjuss-p-23145.html HTTP/1.0" 301 70379 "-" "Mozilla/5.0 (compatible; Pinterestbot/1.0; +http://www.pinterest.com/bot.html)"
54.236.1.13 - - [13/Jun/2021:20:39:39 +0200] "GET /swing-collection-gorjuss-p-23145.html HTTP/1.0" 200 70288 "-" "Mozilla/5.0 (compatible; Pinterestbot/1.0; +http://www.pinterest.com/bot.html)"
157.55.39.122 - - [13/Jun/2021:20:39:39 +0200] "GET /-p-16657.html HTTP/1.0" 200 70165 "-" "Mozilla/5.0 (compatible; bingbot/2.0; +http://www.bing.com/bingbot.htm)"
66.249.88.80 - - [13/Jun/2021:20:39:56 +0200] "GET /images/big_prod_2/8424001731985B.jpg HTTP/1.0" 200 271 "-" "Mozilla/5.0 (Windows NT 5.1; rv:11.0) Gecko Firefox/11.0 (via ggpht.com GoogleImageProxy)"
157.55.39.122 - - [13/Jun/2021:20:39:58 +0200] "GET /-p-22994.html HTTP/1.0" 200 70165 "-" "Mozilla/5.0 (compatible; bingbot/2.0; +http://www.bing.com/bingbot.htm)"
157.55.39.122 - - [13/Jun/2021:20:40:09 +0200] "GET /small-box-for-baby-teeth-the-blue-small-mouse-p-44655.html HTTP/1.0" 301 73182 "-" "Mozilla/5.0 (compatible; bingbot/2.0; +http://www.bing.com/bingbot.htm)"
157.55.39.152 - - [13/Jun/2021:20:40:18 +0200] "GET /white-foliage-soliflore-p-36360.html HTTP/1.0" 200 72849 "-" "Mozilla/5.0 (compatible; bingbot/2.0; +http://www.bing.com/bingbot.htm)"
110.249.201.243 - - [13/Jun/2021:20:40:29 +0200] "GET /industrial-storage-small-size-only-p-45110.html HTTP/1.0" 200 73797 "-" "Mozilla/5.0 (Linux; Android 5.0) AppleWebKit/537.36 (KHTML, like Gecko) Mobile Safari/537.36 (compatible; Bytespider; https://zhanzhang.toutiao.com/)"
110.249.201.243 - - [13/Jun/2021:20:40:31 +0200] "GET /swfobject.js HTTP/1.0" 404 1308 "http://www.wonder-geek.com/industrial-storage-small-size-only-p-45110.html" "Mozilla/5.0 (Linux; Android 5.0) AppleWebKit/537.36 (KHTML, like Gecko) Mobile Safari/537.36 (compatible; Bytespider; https://zhanzhang.toutiao.com/)"
110.249.201.243 - - [13/Jun/2021:20:40:31 +0200] "GET /swfobject.js HTTP/1.0" 404 1308 "http://www.wonder-geek.com/industrial-storage-small-size-only-p-45110.html" "Mozilla/5.0 (Linux; Android 5.0) AppleWebKit/537.36 (KHTML, like Gecko) Mobile Safari/537.36 (compatible; Bytespider; https://zhanzhang.toutiao.com/)"
110.249.201.248 - - [13/Jun/2021:20:40:32 +0200] "GET /images/big_prod_1/indus2.jpg HTTP/1.0" 200 263 "http://www.wonder-geek.com/industrial-storage-small-size-only-p-45110.html" "Mozilla/5.0 (Linux; Android 5.0) AppleWebKit/537.36 (KHTML, like Gecko) Mobile Safari/537.36 (compatible; Bytespider; https://zhanzhang.toutiao.com/)"
110.249.201.240 - - [13/Jun/2021:20:40:33 +0200] "GET /highslide/graphics/zoomout.cur HTTP/1.0" 200 614 "http://www.wonder-geek.com/industrial-storage-small-size-only-p-45110.html" "Mozilla/5.0 (Linux; Android 5.0) AppleWebKit/537.36 (KHTML, like Gecko) Mobile Safari/537.36 (compatible; Bytespider; https://zhanzhang.toutiao.com/)"
110.249.201.239 - - [13/Jun/2021:20:40:33 +0200] "GET /images/big_prod/INDUS.jpg HTTP/1.0" 200 260 "http://www.wonder-geek.com/industrial-storage-small-size-only-p-45110.html" "Mozilla/5.0 (Linux; Android 5.0) AppleWebKit/537.36 (KHTML, like Gecko) Mobile Safari/537.36 (compatible; Bytespider; https://zhanzhang.toutiao.com/)"
157.55.39.81 - - [13/Jun/2021:20:40:46 +0200] "GET /the-shadow-frame-cats-by-dubout-cat-nap-p-38858.html HTTP/1.0" 301 73463 "-" "Mozilla/5.0 (compatible; bingbot/2.0; +http://www.bing.com/bingbot.htm)"
54.36.148.182 - - [13/Jun/2021:20:41:01 +0200] "GET /white-shell-samsung-with-personalized-picture-p-16356.html HTTP/1.0" 200 73249 "-" "Mozilla/5.0 (compatible; AhrefsBot/7.0; +http://ahrefs.com/robot/)"
185.191.171.2 - - [13/Jun/2021:20:41:02 +0200] "GET /dishes-c-13_12.html?page=31 HTTP/1.0" 200 91643 "-" "Mozilla/5.0 (compatible; SemrushBot/7~bl; +http://www.semrush.com/bot.html)"
157.55.39.81 - - [13/Jun/2021:20:41:36 +0200] "GET /monster-high-mini-led-keychain-flashlight-white-p-17848.html HTTP/1.0" 301 73209 "-" "Mozilla/5.0 (compatible; bingbot/2.0; +http://www.bing.com/bingbot.htm)"
185.191.171.37 - - [13/Jun/2021:20:41:38 +0200] "GET /rectangular-indoor-carpet-p-53794.html HTTP/1.0" 200 73625 "-" "Mozilla/5.0 (compatible; SemrushBot/7~bl; +http://www.semrush.com/bot.html)"
207.46.13.38 - - [13/Jun/2021:20:41:49 +0200] "GET /tour-france-ceramic-money-p-52190.html HTTP/1.0" 200 72913 "-" "Mozilla/5.0 (compatible; bingbot/2.0; +http://www.bing.com/bingbot.htm)"
185.191.171.23 - - [13/Jun/2021:20:42:07 +0200] "GET /cafe-placemat-p-49103.html HTTP/1.0" 301 72986 "-" "Mozilla/5.0 (compatible; SemrushBot/7~bl; +http://www.semrush.com/bot.html)"
185.191.171.23 - - [13/Jun/2021:20:42:09 +0200] "GET /placemat-p-49103.html HTTP/1.0" 200 72911 "-" "Mozilla/5.0 (compatible; SemrushBot/7~bl; +http://www.semrush.com/bot.html)"
147.92.153.3 - - [13/Jun/2021:20:42:23 +0200] "GET /water-hyacinth-table-lamp-p-55247.html HTTP/1.0" 200 73604 "-" "Mozilla/5.0 (compatible; Linespider/1.1; +https://lin.ee/4dwXkTH)"
185.191.171.11 - - [13/Jun/2021:20:42:26 +0200] "GET /panda-hot-water-bottle-p-48676.html HTTP/1.0" 301 73488 "-" "Mozilla/5.0 (compatible; SemrushBot/7~bl; +http://www.semrush.com/bot.html)"
185.191.171.7 - - [13/Jun/2021:20:42:28 +0200] "GET /panda-water-bottle-p-48676.html HTTP/1.0" 200 73403 "-" "Mozilla/5.0 (compatible; SemrushBot/7~bl; +http://www.semrush.com/bot.html)"
54.36.149.15 - - [13/Jun/2021:20:42:49 +0200] "GET /horse-mini-trolley-p-49037.html HTTP/1.0" 200 73497 "-" "Mozilla/5.0 (compatible; AhrefsBot/7.0; +http://ahrefs.com/robot/)"
157.55.39.152 - - [13/Jun/2021:20:42:58 +0200] "GET /medusa-glass-paperweight-p-48941.html HTTP/1.0" 200 70251 "-" "Mozilla/5.0 (compatible; bingbot/2.0; +http://www.bing.com/bingbot.htm)"
207.46.13.38 - - [13/Jun/2021:20:43:03 +0200] "GET /black-shell-samsung-with-personalized-picture-p-16359.html HTTP/1.0" 200 73251 "-" "Mozilla/5.0 (compatible; bingbot/2.0; +http://www.bing.com/bingbot.htm)"
157.55.39.81 - - [13/Jun/2021:20:43:08 +0200] "GET /dora-explorer-picnic-p-16808.html HTTP/1.0" 200 74043 "-" "Mozilla/5.0 (compatible; bingbot/2.0; +http://www.bing.com/bingbot.htm)"
17.121.113.88 - - [13/Jun/2021:20:43:09 +0200] "GET /melt-baked-apple-p-37438.html HTTP/1.0" 200 73357 "-" "Mozilla/5.0 (Macintosh; Intel Mac OS X 10_15_5) AppleWebKit/605.1.15 (KHTML, like Gecko) Version/13.1.1 Safari/605.1.15 (Applebot/0.1; +http://www.apple.com/go/applebot)"
40.77.167.90 - - [13/Jun/2021:20:43:18 +0200] "GET /cars-sports-bottle-p-25062.html HTTP/1.0" 200 72760 "-" "Mozilla/5.0 (compatible; bingbot/2.0; +http://www.bing.com/bingbot.htm)"
51.68.224.127 - - [13/Jun/2021:20:43:21 +0200] "GET /adminweb/export_orders_xml.php?token=256de2z6edz6ed2z6DFSFsed2zed6zeDSFDSGdzedezfzf&maxorders=10&orderstart=1&status=14&start_date=2018-10-01 HTTP/1.0" 200 285 "-" "GesCom CharlotteBoutik Serveur"
51.68.224.127 - - [13/Jun/2021:20:43:21 +0200] "GET /adminweb/export_orders_xml.php?token=256de2z6edz6ed2z6DFSFsed2zed6zeDSFDSGdzedezfzf&maxorders=10&orderstart=1&status=6&start_date=2018-10-01 HTTP/1.0" 200 30039 "-" "GesCom CharlotteBoutik Serveur"
40.77.167.106 - - [13/Jun/2021:20:43:38 +0200] "GET /cicada-cast-iron-trivet-24-cm-p-48577.html HTTP/1.0" 301 72915 "-" "Mozilla/5.0 (compatible; bingbot/2.0; +http://www.bing.com/bingbot.htm)"
40.77.167.70 - - [13/Jun/2021:20:43:49 +0200] "GET /small-boxes-and-pill-c-13_150_154.html HTTP/1.0" 301 90463 "-" "Mozilla/5.0 (compatible; bingbot/2.0; +http://www.bing.com/bingbot.htm)"
40.77.167.70 - - [13/Jun/2021:20:43:50 +0200] "GET /lagoona-blue-figure-p-22568.html HTTP/1.0" 200 72857 "-" "Mozilla/5.0 (compatible; bingbot/2.0; +http://www.bing.com/bingbot.htm)"
178.159.37.142 - - [13/Jun/2021:20:43:57 +0200] "GET /create_account.php HTTP/1.0" 301 547 "-" "Mozilla/4.0 (compatible; MSIE 6.0; Windows NT 5.1; SV1)"
157.55.39.81 - - [13/Jun/2021:20:43:57 +0200] "GET /fragrance-sachet-fresh-linen-p-40545.html HTTP/1.0" 200 73536 "-" "Mozilla/5.0 (compatible; bingbot/2.0; +http://www.bing.com/bingbot.htm)"
157.55.39.152 - - [13/Jun/2021:20:43:59 +0200] "GET /-p-476.html HTTP/1.0" 200 70161 "-" "Mozilla/5.0 (compatible; bingbot/2.0; +http://www.bing.com/bingbot.htm)"
40.77.167.106 - - [13/Jun/2021:20:44:01 +0200] "GET /washed-dyed-cotton-tablecloth-p-55042.html HTTP/1.0" 200 73669 "-" "Mozilla/5.0 (compatible; bingbot/2.0; +http://www.bing.com/bingbot.htm)"
40.77.167.70 - - [13/Jun/2021:20:44:07 +0200] "GET /images/mini_prod/3453131151870.jpg HTTP/1.0" 200 269 "-" "Mozilla/5.0 (compatible; bingbot/2.0; +http://www.bing.com/bingbot.htm)"
178.159.37.142 - - [13/Jun/2021:20:44:12 +0200] "GET /create_account.php HTTP/1.0" 200 33633 "-" "Mozilla/4.0 (compatible; MSIE 6.0; Windows NT 5.1; SV1)"
178.159.37.142 - - [13/Jun/2021:20:44:13 +0200] "POST /create_account.php HTTP/1.0" 200 34549 "http://wonder-geek.com/create_account.php" "Mozilla/4.0 (compatible; MSIE 6.0; Windows NT 5.1; SV1)"
185.191.171.21 - - [13/Jun/2021:20:44:25 +0200] "GET /my-favourite-friends-puppy-kids-school-backpack-p-49049.html HTTP/1.0" 301 73833 "-" "Mozilla/5.0 (compatible; SemrushBot/7~bl; +http://www.semrush.com/bot.html)"
185.191.171.1 - - [13/Jun/2021:20:44:27 +0200] "GET /favourite-friends-puppy-kids-school-backpack-p-49049.html HTTP/1.0" 200 73722 "-" "Mozilla/5.0 (compatible; SemrushBot/7~bl; +http://www.semrush.com/bot.html)"
54.36.148.176 - - [13/Jun/2021:20:44:32 +0200] "GET /harley-quinn-poster-p-30901.html HTTP/1.0" 200 72794 "-" "Mozilla/5.0 (compatible; AhrefsBot/7.0; +http://ahrefs.com/robot/)"
157.55.39.44 - - [13/Jun/2021:20:44:33 +0200] "GET /-p-12919.html HTTP/1.0" 200 70165 "-" "Mozilla/5.0 (compatible; bingbot/2.0; +http://www.bing.com/bingbot.htm)"
207.46.13.38 - - [13/Jun/2021:20:44:38 +0200] "GET /my-favourite-friends-puppy-kids-school-backpack-p-36204.html HTTP/1.0" 301 70448 "-" "Mozilla/5.0 (compatible; bingbot/2.0; +http://www.bing.com/bingbot.htm)"
207.46.13.38 - - [13/Jun/2021:20:44:40 +0200] "GET /elmer-bear-cub-figure-p-486.html HTTP/1.0" 301 70226 "-" "Mozilla/5.0 (compatible; bingbot/2.0; +http://www.bing.com/bingbot.htm)"
157.55.39.152 - - [13/Jun/2021:20:44:49 +0200] "GET /-p-24635.html HTTP/1.0" 200 70165 "-" "Mozilla/5.0 (compatible; bingbot/2.0; +http://www.bing.com/bingbot.htm)"
207.46.13.38 - - [13/Jun/2021:20:44:59 +0200] "GET /coca-cola-wallet-p-18869.html HTTP/1.0" 200 70236 "-" "Mozilla/5.0 (compatible; bingbot/2.0; +http://www.bing.com/bingbot.htm)"
95.102.48.164 - - [13/Jun/2021:20:45:02 +0200] "GET /amys-paris-bowl-p-54775.html HTTP/1.0" 200 73403 "-" "Mozilla/5.0 (Macintosh; Intel Mac OS X 10_15_6) AppleWebKit/605.1.15 (KHTML, like Gecko) Version/14.0.3 Safari/605.1.15"
95.102.48.164 - - [13/Jun/2021:20:45:03 +0200] "GET /js/jquery.js HTTP/1.0" 200 252 "http://www.wonder-geek.com/amys-paris-bowl-p-54775.html" "Mozilla/5.0 (Macintosh; Intel Mac OS X 10_15_6) AppleWebKit/605.1.15 (KHTML, like Gecko) Version/14.0.3 Safari/605.1.15"
95.102.48.164 - - [13/Jun/2021:20:45:03 +0200] "GET /highslide/highslide.js HTTP/1.0" 200 262 "http://www.wonder-geek.com/amys-paris-bowl-p-54775.html" "Mozilla/5.0 (Macintosh; Intel Mac OS X 10_15_6) AppleWebKit/605.1.15 (KHTML, like Gecko) Version/14.0.3 Safari/605.1.15"
95.102.48.164 - - [13/Jun/2021:20:45:03 +0200] "GET /templates/Pixame_v1/stylesheet.css HTTP/1.0" 200 267 "http://www.wonder-geek.com/amys-paris-bowl-p-54775.html" "Mozilla/5.0 (Macintosh; Intel Mac OS X 10_15_6) AppleWebKit/605.1.15 (KHTML, like Gecko) Version/14.0.3 Safari/605.1.15"
95.102.48.164 - - [13/Jun/2021:20:45:03 +0200] "GET /js/jquery.jqzoom.js HTTP/1.0" 200 259 "http://www.wonder-geek.com/amys-paris-bowl-p-54775.html" "Mozilla/5.0 (Macintosh; Intel Mac OS X 10_15_6) AppleWebKit/605.1.15 (KHTML, like Gecko) Version/14.0.3 Safari/605.1.15"
95.102.48.164 - - [13/Jun/2021:20:45:03 +0200] "GET /mondial_relay/js/jquery-1.3.2.min.js HTTP/1.0" 200 276 "http://www.wonder-geek.com/amys-paris-bowl-p-54775.html" "Mozilla/5.0 (Macintosh; Intel Mac OS X 10_15_6) AppleWebKit/605.1.15 (KHTML, like Gecko) Version/14.0.3 Safari/605.1.15"
95.102.48.164 - - [13/Jun/2021:20:45:03 +0200] "GET /swfobject.js HTTP/1.0" 404 1308 "http://www.wonder-geek.com/amys-paris-bowl-p-54775.html" "Mozilla/5.0 (Macintosh; Intel Mac OS X 10_15_6) AppleWebKit/605.1.15 (KHTML, like Gecko) Version/14.0.3 Safari/605.1.15"
95.102.48.164 - - [13/Jun/2021:20:45:03 +0200] "GET /templates/Pixame_v1/images/icon_accueil2.png HTTP/1.0" 200 278 "http://www.wonder-geek.com/amys-paris-bowl-p-54775.html" "Mozilla/5.0 (Macintosh; Intel Mac OS X 10_15_6) AppleWebKit/605.1.15 (KHTML, like Gecko) Version/14.0.3 Safari/605.1.15"
95.102.48.164 - - [13/Jun/2021:20:45:03 +0200] "GET /templates/Pixame_v1/images/infobox/pixel_trans.gif HTTP/1.0" 200 328 "http://www.wonder-geek.com/amys-paris-bowl-p-54775.html" "Mozilla/5.0 (Macintosh; Intel Mac OS X 10_15_6) AppleWebKit/605.1.15 (KHTML, like Gecko) Version/14.0.3 Safari/605.1.15"
95.102.48.164 - - [13/Jun/2021:20:45:03 +0200] "GET /images/pixel_trans.gif HTTP/1.0" 200 328 "http://www.wonder-geek.com/amys-paris-bowl-p-54775.html" "Mozilla/5.0 (Macintosh; Intel Mac OS X 10_15_6) AppleWebKit/605.1.15 (KHTML, like Gecko) Version/14.0.3 Safari/605.1.15"
95.102.48.164 - - [13/Jun/2021:20:45:03 +0200] "GET /templates/Pixame_v1/images/pixel_trans.gif HTTP/1.0" 200 328 "http://www.wonder-geek.com/amys-paris-bowl-p-54775.html" "Mozilla/5.0 (Macintosh; Intel Mac OS X 10_15_6) AppleWebKit/605.1.15 (KHTML, like Gecko) Version/14.0.3 Safari/605.1.15"
95.102.48.164 - - [13/Jun/2021:20:45:03 +0200] "GET /images/big_prod/3700572752716.jpg HTTP/1.0" 200 268 "http://www.wonder-geek.com/amys-paris-bowl-p-54775.html" "Mozilla/5.0 (Macintosh; Intel Mac OS X 10_15_6) AppleWebKit/605.1.15 (KHTML, like Gecko) Version/14.0.3 Safari/605.1.15"
95.102.48.164 - - [13/Jun/2021:20:45:03 +0200] "GET /images/big_prod_1/3700572752716B.jpg HTTP/1.0" 200 271 "http://www.wonder-geek.com/amys-paris-bowl-p-54775.html" "Mozilla/5.0 (Macintosh; Intel Mac OS X 10_15_6) AppleWebKit/605.1.15 (KHTML, like Gecko) Version/14.0.3 Safari/605.1.15"
95.102.48.164 - - [13/Jun/2021:20:45:03 +0200] "GET /templates/Pixame_v1/images/buttons/english/button_in_cart.gif HTTP/1.0" 200 295 "http://www.wonder-geek.com/amys-paris-bowl-p-54775.html" "Mozilla/5.0 (Macintosh; Intel Mac OS X 10_15_6) AppleWebKit/605.1.15 (KHTML, like Gecko) Version/14.0.3 Safari/605.1.15"
95.102.48.164 - - [13/Jun/2021:20:45:03 +0200] "GET /templates/Pixame_v1/images/Bottom_texture.jpg HTTP/1.0" 200 280 "http://www.wonder-geek.com/amys-paris-bowl-p-54775.html" "Mozilla/5.0 (Macintosh; Intel Mac OS X 10_15_6) AppleWebKit/605.1.15 (KHTML, like Gecko) Version/14.0.3 Safari/605.1.15"
95.102.48.164 - - [13/Jun/2021:20:45:03 +0200] "GET /templates/Pixame_v1/images/Middle_texture.jpg HTTP/1.0" 200 280 "http://www.wonder-geek.com/amys-paris-bowl-p-54775.html" "Mozilla/5.0 (Macintosh; Intel Mac OS X 10_15_6) AppleWebKit/605.1.15 (KHTML, like Gecko) Version/14.0.3 Safari/605.1.15"
95.102.48.164 - - [13/Jun/2021:20:45:03 +0200] "GET /templates/Pixame_v1/images/nav.png HTTP/1.0" 200 268 "http://www.wonder-geek.com/amys-paris-bowl-p-54775.html" "Mozilla/5.0 (Macintosh; Intel Mac OS X 10_15_6) AppleWebKit/605.1.15 (KHTML, like Gecko) Version/14.0.3 Safari/605.1.15"
95.102.48.164 - - [13/Jun/2021:20:45:03 +0200] "GET /templates/Pixame_v1/images/header.png HTTP/1.0" 200 271 "http://www.wonder-geek.com/amys-paris-bowl-p-54775.html" "Mozilla/5.0 (Macintosh; Intel Mac OS X 10_15_6) AppleWebKit/605.1.15 (KHTML, like Gecko) Version/14.0.3 Safari/605.1.15"
95.102.48.164 - - [13/Jun/2021:20:45:03 +0200] "GET /templates/Pixame_v1/images/header-object.png HTTP/1.0" 200 278 "http://www.wonder-geek.com/amys-paris-bowl-p-54775.html" "Mozilla/5.0 (Macintosh; Intel Mac OS X 10_15_6) AppleWebKit/605.1.15 (KHTML, like Gecko) Version/14.0.3 Safari/605.1.15"
95.102.48.164 - - [13/Jun/2021:20:45:03 +0200] "GET /design/productsenstock.png HTTP/1.0" 200 260 "http://www.wonder-geek.com/amys-paris-bowl-p-54775.html" "Mozilla/5.0 (Macintosh; Intel Mac OS X 10_15_6) AppleWebKit/605.1.15 (KHTML, like Gecko) Version/14.0.3 Safari/605.1.15"
95.102.48.164 - - [13/Jun/2021:20:45:04 +0200] "GET /templates/Pixame_v1/images/infobox/infobox_footer_middle.gif HTTP/1.0" 200 357 "http://www.wonder-geek.com/amys-paris-bowl-p-54775.html" "Mozilla/5.0 (Macintosh; Intel Mac OS X 10_15_6) AppleWebKit/605.1.15 (KHTML, like Gecko) Version/14.0.3 Safari/605.1.15"
95.102.48.164 - - [13/Jun/2021:20:45:04 +0200] "GET /highslide/graphics/zoomin.cur HTTP/1.0" 200 614 "http://www.wonder-geek.com/amys-paris-bowl-p-54775.html" "Mozilla/5.0 (Macintosh; Intel Mac OS X 10_15_6) AppleWebKit/605.1.15 (KHTML, like Gecko) Version/14.0.3 Safari/605.1.15"
157.55.39.122 - - [13/Jun/2021:20:45:03 +0200] "GET /santa-with-baby-jesus-hanging-ornament-p-38184.html HTTP/1.0" 301 70232 "-" "Mozilla/5.0 (compatible; bingbot/2.0; +http://www.bing.com/bingbot.htm)"
95.102.48.164 - - [13/Jun/2021:20:45:04 +0200] "GET /highslide/graphics/zoomout.cur HTTP/1.0" 200 614 "http://www.wonder-geek.com/amys-paris-bowl-p-54775.html" "Mozilla/5.0 (Macintosh; Intel Mac OS X 10_15_6) AppleWebKit/605.1.15 (KHTML, like Gecko) Version/14.0.3 Safari/605.1.15"
95.102.48.164 - - [13/Jun/2021:20:45:04 +0200] "GET /highslide/graphics/loader.white.gif HTTP/1.0" 200 960 "http://www.wonder-geek.com/amys-paris-bowl-p-54775.html" "Mozilla/5.0 (Macintosh; Intel Mac OS X 10_15_6) AppleWebKit/605.1.15 (KHTML, like Gecko) Version/14.0.3 Safari/605.1.15"
95.102.48.164 - - [13/Jun/2021:20:45:05 +0200] "GET /highslide/graphics/outlines/drop-shadow.png HTTP/1.0" 200 277 "http://www.wonder-geek.com/amys-paris-bowl-p-54775.html" "Mozilla/5.0 (Macintosh; Intel Mac OS X 10_15_6) AppleWebKit/605.1.15 (KHTML, like Gecko) Version/14.0.3 Safari/605.1.15"
157.55.39.122 - - [13/Jun/2021:20:45:04 +0200] "GET /star-wars-r2d2-sound-effects-pencil-case-p-32742.html HTTP/1.0" 200 70315 "-" "Mozilla/5.0 (compatible; bingbot/2.0; +http://www.bing.com/bingbot.htm)"
95.102.48.164 - - [13/Jun/2021:20:45:05 +0200] "GET /favicon.ico HTTP/1.0" 200 260 "http://www.wonder-geek.com/amys-paris-bowl-p-54775.html" "Mozilla/5.0 (Macintosh; Intel Mac OS X 10_15_6) AppleWebKit/605.1.15 (KHTML, like Gecko) Version/14.0.3 Safari/605.1.15"
40.77.167.90 - - [13/Jun/2021:20:45:08 +0200] "GET /car-air-freshener-heart-and-home-sweet-pea-p-40565.html HTTP/1.0" 301 73261 "-" "Mozilla/5.0 (compatible; bingbot/2.0; +http://www.bing.com/bingbot.htm)"
157.55.39.122 - - [13/Jun/2021:20:45:13 +0200] "GET /barbecue-bar-paper-towel-dispenser-p-38258.html HTTP/1.0" 301 70380 "-" "Mozilla/5.0 (compatible; bingbot/2.0; +http://www.bing.com/bingbot.htm)"
40.77.167.57 - - [13/Jun/2021:20:45:18 +0200] "GET /cccp-large-cabas-p-39395.html HTTP/1.0" 200 72807 "-" "Mozilla/5.0 (compatible; bingbot/2.0; +http://www.bing.com/bingbot.htm)"
157.55.39.44 - - [13/Jun/2021:20:45:22 +0200] "GET /route-66-metal-plate-20-30-cm-p-29719.html HTTP/1.0" 301 72905 "-" "Mozilla/5.0 (compatible; bingbot/2.0; +http://www.bing.com/bingbot.htm)"
207.46.13.38 - - [13/Jun/2021:20:45:23 +0200] "GET /wicker-picnic-basket-with-dishes-for-p-42062.html HTTP/1.0" 301 73367 "-" "Mozilla/5.0 (compatible; bingbot/2.0; +http://www.bing.com/bingbot.htm)"
40.77.167.90 - - [13/Jun/2021:20:45:28 +0200] "GET /topmodel-fantasy-friend-colouring-book-p-26629.html HTTP/1.0" 301 70232 "-" "Mozilla/5.0 (compatible; bingbot/2.0; +http://www.bing.com/bingbot.htm)"
157.55.39.44 - - [13/Jun/2021:20:45:43 +0200] "GET /hello-kitty-chalkboard-giant-wall-sticker-p-3804.html HTTP/1.0" 301 70229 "-" "Mozilla/5.0 (compatible; bingbot/2.0; +http://www.bing.com/bingbot.htm)"
40.77.167.57 - - [13/Jun/2021:20:45:49 +0200] "GET /washed-dyed-cotton-tablecloth-p-55039.html HTTP/1.0" 200 73876 "-" "Mozilla/5.0 (compatible; bingbot/2.0; +http://www.bing.com/bingbot.htm)"
40.77.167.70 - - [13/Jun/2021:20:45:52 +0200] "GET /door-plate-for-the-bedroom-p-52419.html HTTP/1.0" 301 72915 "-" "Mozilla/5.0 (compatible; bingbot/2.0; +http://www.bing.com/bingbot.htm)"
40.77.167.90 - - [13/Jun/2021:20:46:11 +0200] "GET /gorjuss-cards-supplied-with-an-envelope-tall-tails-p-48390.html HTTP/1.0" 301 73238 "-" "Mozilla/5.0 (compatible; bingbot/2.0; +http://www.bing.com/bingbot.htm)"
157.55.39.152 - - [13/Jun/2021:20:46:18 +0200] "GET /calendar-workbook-organizer-c-129_189.html HTTP/1.0" 200 91006 "-" "Mozilla/5.0 (compatible; bingbot/2.0; +http://www.bing.com/bingbot.htm)"
54.36.148.86 - - [13/Jun/2021:20:46:27 +0200] "GET /angry-birds-training-bottle-p-18798.html HTTP/1.0" 200 72970 "-" "Mozilla/5.0 (compatible; AhrefsBot/7.0; +http://ahrefs.com/robot/)"
157.55.39.152 - - [13/Jun/2021:20:46:39 +0200] "GET /bamboo-tray-spicy-p-46452.html HTTP/1.0" 200 72780 "-" "Mozilla/5.0 (compatible; bingbot/2.0; +http://www.bing.com/bingbot.htm)"
157.55.39.152 - - [13/Jun/2021:20:46:40 +0200] "GET /wood-herbs-cyprus-stool-p-51695.html HTTP/1.0" 200 72851 "-" "Mozilla/5.0 (compatible; bingbot/2.0; +http://www.bing.com/bingbot.htm)"
54.36.149.38 - - [13/Jun/2021:20:46:48 +0200] "GET /littlest-petshop-foam-wall-stickers-p-7822.html HTTP/1.0" 301 70229 "-" "Mozilla/5.0 (compatible; AhrefsBot/7.0; +http://ahrefs.com/robot/)"
40.77.167.106 - - [13/Jun/2021:20:47:08 +0200] "GET /betty-boop-mobile-sock-p-32844.html HTTP/1.0" 200 72991 "-" "Mozilla/5.0 (compatible; bingbot/2.0; +http://www.bing.com/bingbot.htm)"
157.55.39.81 - - [13/Jun/2021:20:47:16 +0200] "GET /garden-gnomes-clock-p-32004.html HTTP/1.0" 200 70251 "-" "Mozilla/5.0 (compatible; bingbot/2.0; +http://www.bing.com/bingbot.htm)"
185.191.171.5 - - [13/Jun/2021:20:47:24 +0200] "GET /expresso-provence-p-21395.html?action=add_product HTTP/1.0" 302 476 "-" "Mozilla/5.0 (compatible; SemrushBot/7~bl; +http://www.semrush.com/bot.html)"
207.46.13.38 - - [13/Jun/2021:20:47:30 +0200] "GET /-i-17.html HTTP/1.0" 200 99322 "-" "Mozilla/5.0 (compatible; bingbot/2.0; +http://www.bing.com/bingbot.htm)"
185.191.171.5 - - [13/Jun/2021:20:47:43 +0200] "GET /decorative-pelican-statue-p-53810.html?action=add_product HTTP/1.0" 302 476 "-" "Mozilla/5.0 (compatible; SemrushBot/7~bl; +http://www.semrush.com/bot.html)"
157.55.39.44 - - [13/Jun/2021:20:47:53 +0200] "GET /-p-11899.html HTTP/1.0" 200 70165 "-" "Mozilla/5.0 (compatible; bingbot/2.0; +http://www.bing.com/bingbot.htm)"
157.55.39.122 - - [13/Jun/2021:20:48:04 +0200] "GET /gorjuss-the-hatter-wallet-p-35568.html HTTP/1.0" 301 70361 "-" "Mozilla/5.0 (compatible; bingbot/2.0; +http://www.bing.com/bingbot.htm)"
54.36.149.100 - - [13/Jun/2021:20:48:07 +0200] "GET /wonder-woman-money-box-155-cm-p-41829.html HTTP/1.0" 301 72951 "-" "Mozilla/5.0 (compatible; AhrefsBot/7.0; +http://ahrefs.com/robot/)"
54.36.148.48 - - [13/Jun/2021:20:48:23 +0200] "GET /coca-cola-coffee-p-23346.html HTTP/1.0" 200 72902 "-" "Mozilla/5.0 (compatible; AhrefsBot/7.0; +http://ahrefs.com/robot/)"
66.249.70.40 - - [13/Jun/2021:20:48:28 +0200] "GET /images/mini_prod/8422001276604.jpg HTTP/1.0" 200 269 "-" "Googlebot-Image/1.0"
54.36.148.202 - - [13/Jun/2021:20:48:34 +0200] "GET /pineapple-lamp-in-white-resin-p-48255.html HTTP/1.0" 301 73907 "-" "Mozilla/5.0 (compatible; AhrefsBot/7.0; +http://ahrefs.com/robot/)"
54.36.149.59 - - [13/Jun/2021:20:49:00 +0200] "GET /cosmetic-bags-and-flat-purse-c-31_239.html HTTP/1.0" 301 95154 "-" "Mozilla/5.0 (compatible; AhrefsBot/7.0; +http://ahrefs.com/robot/)"
157.55.39.81 - - [13/Jun/2021:20:49:07 +0200] "GET /dachshund-assorted-assorted-jewelry-holders-p-49180.html HTTP/1.0" 200 73113 "-" "Mozilla/5.0 (compatible; bingbot/2.0; +http://www.bing.com/bingbot.htm)"
40.77.167.70 - - [13/Jun/2021:20:49:11 +0200] "GET /bookend-wood-le-petit-prince-de-st-exupery-p-47768.html HTTP/1.0" 301 73067 "-" "Mozilla/5.0 (compatible; bingbot/2.0; +http://www.bing.com/bingbot.htm)"
157.55.39.122 - - [13/Jun/2021:20:49:21 +0200] "GET /barbabright-marine-figure-p-468.html HTTP/1.0" 301 70226 "-" "Mozilla/5.0 (compatible; bingbot/2.0; +http://www.bing.com/bingbot.htm)"
40.77.167.106 - - [13/Jun/2021:20:49:28 +0200] "GET /-p-30752.html HTTP/1.0" 200 70165 "-" "Mozilla/5.0 (compatible; bingbot/2.0; +http://www.bing.com/bingbot.htm)"
157.55.39.81 - - [13/Jun/2021:20:49:37 +0200] "GET /-p-4478.html HTTP/1.0" 200 70163 "-" "Mozilla/5.0 (compatible; bingbot/2.0; +http://www.bing.com/bingbot.htm)"
40.77.167.70 - - [13/Jun/2021:20:49:42 +0200] "GET /atlantic-surf-spot-wooden-wall-decoration-to-hang-p-39693.html HTTP/1.0" 301 70458 "-" "Mozilla/5.0 (compatible; bingbot/2.0; +http://www.bing.com/bingbot.htm)"
54.36.148.169 - - [13/Jun/2021:20:50:16 +0200] "GET /small-buddhist-monk-yellow-dress-p-46805.html HTTP/1.0" 200 73622 "-" "Mozilla/5.0 (compatible; AhrefsBot/7.0; +http://ahrefs.com/robot/)"
110.249.202.217 - - [13/Jun/2021:20:50:26 +0200] "GET /bolster-case-beige-p-55449.html HTTP/1.0" 200 73722 "-" "Mozilla/5.0 (Linux; Android 5.0) AppleWebKit/537.36 (KHTML, like Gecko) Mobile Safari/537.36 (compatible; Bytespider; https://zhanzhang.toutiao.com/)"
110.249.202.218 - - [13/Jun/2021:20:50:27 +0200] "GET /swfobject.js HTTP/1.0" 404 1308 "http://www.wonder-geek.com/bolster-case-beige-p-55449.html" "Mozilla/5.0 (Linux; Android 5.0) AppleWebKit/537.36 (KHTML, like Gecko) Mobile Safari/537.36 (compatible; Bytespider; https://zhanzhang.toutiao.com/)"
110.249.202.225 - - [13/Jun/2021:20:50:28 +0200] "GET /images/big_prod_1/3014627927449a.jpg HTTP/1.0" 200 271 "http://www.wonder-geek.com/bolster-case-beige-p-55449.html" "Mozilla/5.0 (Linux; Android 5.0) AppleWebKit/537.36 (KHTML, like Gecko) Mobile Safari/537.36 (compatible; Bytespider; https://zhanzhang.toutiao.com/)"
110.249.202.214 - - [13/Jun/2021:20:50:28 +0200] "GET /highslide/graphics/zoomout.cur HTTP/1.0" 200 614 "http://www.wonder-geek.com/bolster-case-beige-p-55449.html" "Mozilla/5.0 (Linux; Android 5.0) AppleWebKit/537.36 (KHTML, like Gecko) Mobile Safari/537.36 (compatible; Bytespider; https://zhanzhang.toutiao.com/)"
110.249.202.223 - - [13/Jun/2021:20:50:28 +0200] "GET /images/big_prod/3014627927449.jpg HTTP/1.0" 200 268 "http://www.wonder-geek.com/bolster-case-beige-p-55449.html" "Mozilla/5.0 (Linux; Android 5.0) AppleWebKit/537.36 (KHTML, like Gecko) Mobile Safari/537.36 (compatible; Bytespider; https://zhanzhang.toutiao.com/)"
207.46.13.38 - - [13/Jun/2021:20:50:29 +0200] "GET /hush-little-bunny-vintage-gorjuss-post-card-p-34612.html HTTP/1.0" 200 70371 "-" "Mozilla/5.0 (compatible; bingbot/2.0; +http://www.bing.com/bingbot.htm)"
40.77.167.106 - - [13/Jun/2021:20:50:34 +0200] "GET /-p-19741.html HTTP/1.0" 200 70165 "-" "Mozilla/5.0 (compatible; bingbot/2.0; +http://www.bing.com/bingbot.htm)"
157.55.39.81 - - [13/Jun/2021:20:50:37 +0200] "GET /quilted-floor-mat-65-165-cm-grey-and-orange-p-45105.html HTTP/1.0" 301 73934 "-" "Mozilla/5.0 (compatible; bingbot/2.0; +http://www.bing.com/bingbot.htm)"
40.77.167.90 - - [13/Jun/2021:20:50:38 +0200] "GET /beyblade-beach-towel-p-14851.html HTTP/1.0" 301 70232 "-" "Mozilla/5.0 (compatible; bingbot/2.0; +http://www.bing.com/bingbot.htm)"
207.46.13.38 - - [13/Jun/2021:20:50:48 +0200] "GET /quebec-pot-cookware-cbkreation-p-29711.html HTTP/1.0" 301 72930 "-" "Mozilla/5.0 (compatible; bingbot/2.0; +http://www.bing.com/bingbot.htm)"
17.121.114.60 - - [13/Jun/2021:20:50:51 +0200] "GET /mtal-signs-c-13_130.html?page=3 HTTP/1.0" 200 93137 "-" "Mozilla/5.0 (Macintosh; Intel Mac OS X 10_15_5) AppleWebKit/605.1.15 (KHTML, like Gecko) Version/13.1.1 Safari/605.1.15 (Applebot/0.1; +http://www.apple.com/go/applebot)"
157.55.39.152 - - [13/Jun/2021:20:50:58 +0200] "GET /marseille-metal-plate-p-47636.html HTTP/1.0" 200 72800 "-" "Mozilla/5.0 (compatible; bingbot/2.0; +http://www.bing.com/bingbot.htm)"
157.55.39.122 - - [13/Jun/2021:20:51:32 +0200] "GET /ceramic-fish-p-48610.html HTTP/1.0" 200 72760 "-" "Mozilla/5.0 (compatible; bingbot/2.0; +http://www.bing.com/bingbot.htm)"
40.77.167.57 - - [13/Jun/2021:20:51:57 +0200] "GET /hello-kitty-little-red-embroidered-patch-p-13525.html HTTP/1.0" 301 73094 "-" "Mozilla/5.0 (compatible; bingbot/2.0; +http://www.bing.com/bingbot.htm)"
54.36.148.179 - - [13/Jun/2021:20:52:08 +0200] "GET /winx-picnic-p-17168.html HTTP/1.0" 200 73646 "-" "Mozilla/5.0 (compatible; AhrefsBot/7.0; +http://ahrefs.com/robot/)"
66.249.70.38 - - [13/Jun/2021:20:52:08 +0200] "GET /kimmidoll-brush-p-44811.html HTTP/1.0" 200 72794 "-" "Mozilla/5.0 (Linux; Android 6.0.1; Nexus 5X Build/MMB29P) AppleWebKit/537.36 (KHTML, like Gecko) Chrome/91.0.4472.90 Mobile Safari/537.36 (compatible; Googlebot/2.1; +http://www.google.com/bot.html)"
207.46.13.38 - - [13/Jun/2021:20:52:10 +0200] "GET /fdm-fiers-etre-marseillais-baby-sweatsuit-p-29987.html HTTP/1.0" 301 74754 "-" "Mozilla/5.0 (compatible; bingbot/2.0; +http://www.bing.com/bingbot.htm)"
185.191.171.44 - - [13/Jun/2021:20:52:13 +0200] "GET /pegase-cbkreation-p-33803.html HTTP/1.0" 200 72806 "-" "Mozilla/5.0 (compatible; SemrushBot/7~bl; +http://www.semrush.com/bot.html)"
40.77.167.70 - - [13/Jun/2021:20:52:17 +0200] "GET /roller-heart-cushion-p-36893.html HTTP/1.0" 200 72970 "-" "Mozilla/5.0 (compatible; bingbot/2.0; +http://www.bing.com/bingbot.htm)"
40.77.167.70 - - [13/Jun/2021:20:52:19 +0200] "GET /cat-by-allen-adult-apron-p-39738.html HTTP/1.0" 301 73486 "-" "Mozilla/5.0 (compatible; bingbot/2.0; +http://www.bing.com/bingbot.htm)"
157.55.39.122 - - [13/Jun/2021:20:52:32 +0200] "GET /mug-with-infuser-for-tea-britanny-p-47846.html HTTP/1.0" 301 72966 "-" "Mozilla/5.0 (compatible; bingbot/2.0; +http://www.bing.com/bingbot.htm)"
157.55.39.44 - - [13/Jun/2021:20:52:54 +0200] "GET /incense-spiritual-guide-10-grams-or-about-sticks-p-35490.html HTTP/1.0" 301 73281 "-" "Mozilla/5.0 (compatible; bingbot/2.0; +http://www.bing.com/bingbot.htm)"
147.92.153.7 - - [13/Jun/2021:20:53:03 +0200] "GET /gray-gold-decorative-statue-p-55287.html HTTP/1.0" 200 73715 "-" "Mozilla/5.0 (compatible; Linespider/1.1; +https://lin.ee/4dwXkTH)"
40.77.167.57 - - [13/Jun/2021:20:53:05 +0200] "GET /school-trolley-c-31_169.html HTTP/1.0" 200 82438 "-" "Mozilla/5.0 (compatible; bingbot/2.0; +http://www.bing.com/bingbot.htm)"
207.46.13.38 - - [13/Jun/2021:20:53:19 +0200] "GET /hello-kitty-adult-umbrella-p-20509.html HTTP/1.0" 200 73690 "-" "Mozilla/5.0 (compatible; bingbot/2.0; +http://www.bing.com/bingbot.htm)"
40.77.167.106 - - [13/Jun/2021:20:53:38 +0200] "GET /-p-32866.html HTTP/1.0" 200 70165 "-" "Mozilla/5.0 (compatible; bingbot/2.0; +http://www.bing.com/bingbot.htm)"
157.55.39.128 - - [13/Jun/2021:20:53:57 +0200] "GET /merci-gustave-eiffel-tower-samba-brazil-minigus-p-31380.html HTTP/1.0" 200 70391 "-" "Mozilla/5.0 (compatible; bingbot/2.0; +http://www.bing.com/bingbot.htm)"
40.77.167.70 - - [13/Jun/2021:20:54:02 +0200] "GET /little-prince-pink-jewelry-p-41994.html HTTP/1.0" 200 73857 "-" "Mozilla/5.0 (compatible; bingbot/2.0; +http://www.bing.com/bingbot.htm)"
54.36.148.86 - - [13/Jun/2021:20:54:13 +0200] "GET /deco-horse-head-statue-p-44644.html HTTP/1.0" 200 72847 "-" "Mozilla/5.0 (compatible; AhrefsBot/7.0; +http://ahrefs.com/robot/)"
157.55.39.122 - - [13/Jun/2021:20:54:33 +0200] "GET /-p-22382.html HTTP/1.0" 200 70165 "-" "Mozilla/5.0 (compatible; bingbot/2.0; +http://www.bing.com/bingbot.htm)"
157.55.39.44 - - [13/Jun/2021:20:54:37 +0200] "GET /-p-34032.html HTTP/1.0" 200 70165 "-" "Mozilla/5.0 (compatible; bingbot/2.0; +http://www.bing.com/bingbot.htm)"
40.77.167.90 - - [13/Jun/2021:20:54:39 +0200] "GET /-p-29130.html HTTP/1.0" 200 70165 "-" "Mozilla/5.0 (compatible; bingbot/2.0; +http://www.bing.com/bingbot.htm)"
40.77.167.106 - - [13/Jun/2021:20:54:42 +0200] "GET /set-bedspread-boutis-and-pillowcases-yellow-curry-250x230-p-48181.html HTTP/1.0" 301 70495 "-" "Mozilla/5.0 (compatible; bingbot/2.0; +http://www.bing.com/bingbot.htm)"
185.191.171.21 - - [13/Jun/2021:20:54:42 +0200] "GET /monkey-velvet-cushion-cover-40-60-cm-tomette-p-48147.html HTTP/1.0" 301 70232 "-" "Mozilla/5.0 (compatible; SemrushBot/7~bl; +http://www.semrush.com/bot.html)"
185.191.171.37 - - [13/Jun/2021:20:54:45 +0200] "GET /-p-48147.html HTTP/1.0" 200 70165 "-" "Mozilla/5.0 (compatible; SemrushBot/7~bl; +http://www.semrush.com/bot.html)"
157.55.39.81 - - [13/Jun/2021:20:54:48 +0200] "GET /-p-5116.html HTTP/1.0" 200 70163 "-" "Mozilla/5.0 (compatible; bingbot/2.0; +http://www.bing.com/bingbot.htm)"
157.55.39.128 - - [13/Jun/2021:20:54:57 +0200] "GET /bowl-grinning-green-made-in-germany-p-52578.html HTTP/1.0" 301 74054 "-" "Mozilla/5.0 (compatible; bingbot/2.0; +http://www.bing.com/bingbot.htm)"
40.77.167.70 - - [13/Jun/2021:20:55:01 +0200] "GET /hello-kitty-red-suitcase-by-camomilla-p-11002.html HTTP/1.0" 301 70386 "-" "Mozilla/5.0 (compatible; bingbot/2.0; +http://www.bing.com/bingbot.htm)"
185.191.171.14 - - [13/Jun/2021:20:55:07 +0200] "GET /tania-velvet-chair-cushion-grey-40-cm-p-49317.html HTTP/1.0" 301 70232 "-" "Mozilla/5.0 (compatible; SemrushBot/7~bl; +http://www.semrush.com/bot.html)"
