66.249.68.8 - - [13/Jun/2021:09:34:28 +0200] "GET /cafe-de-la-tour-paris-blue-clock-p-10889.html HTTP/1.0" 301 70349 "-" "Mozilla/5.0 (Linux; Android 6.0.1; Nexus 5X Build/MMB29P) AppleWebKit/537.36 (KHTML, like Gecko) Chrome/91.0.4472.90 Mobile Safari/537.36 (compatible; Googlebot/2.1; +http://www.google.com/bot.html)"
66.249.68.6 - - [13/Jun/2021:09:34:30 +0200] "GET /tour-paris-grey-clock-p-10889.html HTTP/1.0" 200 70261 "-" "Mozilla/5.0 (Linux; Android 6.0.1; Nexus 5X Build/MMB29P) AppleWebKit/537.36 (KHTML, like Gecko) Chrome/91.0.4472.90 Mobile Safari/537.36 (compatible; Googlebot/2.1; +http://www.google.com/bot.html)"
185.191.171.34 - - [13/Jun/2021:09:34:32 +0200] "GET /minions-despicable-me-backpack-p-35791.html HTTP/1.0" 301 73815 "-" "Mozilla/5.0 (compatible; SemrushBot/7~bl; +http://www.semrush.com/bot.html)"
185.191.171.6 - - [13/Jun/2021:09:34:34 +0200] "GET /minions-despicable-backpack-p-35791.html HTTP/1.0" 200 73721 "-" "Mozilla/5.0 (compatible; SemrushBot/7~bl; +http://www.semrush.com/bot.html)"
185.191.171.19 - - [13/Jun/2021:09:34:36 +0200] "GET /-p-43791.html?action=add_product HTTP/1.0" 302 476 "-" "Mozilla/5.0 (compatible; SemrushBot/7~bl; +http://www.semrush.com/bot.html)"
66.249.81.48 - - [13/Jun/2021:09:34:38 +0200] "GET /images/9316188038751.jpg HTTP/1.0" 200 259 "-" "Mozilla/5.0 (Windows NT 5.1; rv:11.0) Gecko Firefox/11.0 (via ggpht.com GoogleImageProxy)"
54.36.148.86 - - [13/Jun/2021:09:34:50 +0200] "GET /disney-princesses-pull-under-p-31127.html HTTP/1.0" 200 74018 "-" "Mozilla/5.0 (compatible; AhrefsBot/7.0; +http://ahrefs.com/robot/)"
207.46.13.38 - - [13/Jun/2021:09:34:51 +0200] "GET /bedclothes-140-200-cm-pink-striped-p-44345.html HTTP/1.0" 301 73057 "-" "Mozilla/5.0 (compatible; bingbot/2.0; +http://www.bing.com/bingbot.htm)"
207.46.13.38 - - [13/Jun/2021:09:34:56 +0200] "GET /grumpy-figure-collection-by-romero-britto-p-13949.html HTTP/1.0" 301 73112 "-" "Mozilla/5.0 (compatible; bingbot/2.0; +http://www.bing.com/bingbot.htm)"
157.55.39.152 - - [13/Jun/2021:09:35:20 +0200] "GET /tweety-pink-suitcase-49-cm-p-34790.html HTTP/1.0" 301 70361 "-" "Mozilla/5.0 (compatible; bingbot/2.0; +http://www.bing.com/bingbot.htm)"
40.77.167.90 - - [13/Jun/2021:09:35:56 +0200] "GET /images/mini_prod/3760049592467.jpg HTTP/1.0" 200 269 "-" "Mozilla/5.0 (compatible; bingbot/2.0; +http://www.bing.com/bingbot.htm)"
157.55.39.122 - - [13/Jun/2021:09:36:00 +0200] "GET /dubout-cats-white-ceramic-plate-p-52495.html HTTP/1.0" 200 70279 "-" "Mozilla/5.0 (compatible; bingbot/2.0; +http://www.bing.com/bingbot.htm)"
54.36.148.86 - - [13/Jun/2021:09:36:02 +0200] "GET /bamboo-stainless-steel-piece-barbecue-p-48877.html HTTP/1.0" 200 73915 "-" "Mozilla/5.0 (compatible; AhrefsBot/7.0; +http://ahrefs.com/robot/)"
40.77.167.70 - - [13/Jun/2021:09:36:12 +0200] "GET /yogi-yogini-yogamat-purple-p-48660.html HTTP/1.0" 200 73445 "-" "Mozilla/5.0 (compatible; bingbot/2.0; +http://www.bing.com/bingbot.htm)"
157.55.39.152 - - [13/Jun/2021:09:36:21 +0200] "GET /nici-bat-keyring-plush-p-33452.html HTTP/1.0" 301 70343 "-" "Mozilla/5.0 (compatible; bingbot/2.0; +http://www.bing.com/bingbot.htm)"
157.55.39.122 - - [13/Jun/2021:09:36:48 +0200] "GET /-p-18781.html HTTP/1.0" 200 70165 "-" "Mozilla/5.0 (compatible; bingbot/2.0; +http://www.bing.com/bingbot.htm)"
54.36.148.86 - - [13/Jun/2021:09:37:16 +0200] "GET /littlest-petshop-pink-swimsuit-p-30317.html HTTP/1.0" 200 74277 "-" "Mozilla/5.0 (compatible; AhrefsBot/7.0; +http://ahrefs.com/robot/)"
207.46.13.79 - - [13/Jun/2021:09:37:35 +0200] "GET /advent-calendar-woods-snowman-p-35644.html HTTP/1.0" 200 72885 "-" "Mozilla/5.0 (compatible; bingbot/2.0; +http://www.bing.com/bingbot.htm)"
157.55.39.44 - - [13/Jun/2021:09:37:39 +0200] "GET /cats-shower-curtain-180-200-cm-p-50729.html HTTP/1.0" 301 73585 "-" "Mozilla/5.0 (compatible; bingbot/2.0; +http://www.bing.com/bingbot.htm)"
157.55.39.122 - - [13/Jun/2021:09:37:48 +0200] "GET /-p-24868.html HTTP/1.0" 200 70165 "-" "Mozilla/5.0 (compatible; bingbot/2.0; +http://www.bing.com/bingbot.htm)"
54.36.148.184 - - [13/Jun/2021:09:37:50 +0200] "GET /ty-monstaz-talking-plush-maxine-p-19370.html HTTP/1.0" 301 70232 "-" "Mozilla/5.0 (compatible; AhrefsBot/7.0; +http://ahrefs.com/robot/)"
157.55.39.152 - - [13/Jun/2021:09:37:53 +0200] "GET /-p-37919.html HTTP/1.0" 200 70165 "-" "Mozilla/5.0 (compatible; bingbot/2.0; +http://www.bing.com/bingbot.htm)"
54.36.148.86 - - [13/Jun/2021:09:38:30 +0200] "GET /sonny-angel-figure-marine-series-p-50985.html HTTP/1.0" 200 73741 "-" "Mozilla/5.0 (compatible; AhrefsBot/7.0; +http://ahrefs.com/robot/)"
157.55.39.128 - - [13/Jun/2021:09:38:48 +0200] "GET /luminous-frame-with-color-variations-dragonfly-p-39477.html HTTP/1.0" 200 73023 "-" "Mozilla/5.0 (compatible; bingbot/2.0; +http://www.bing.com/bingbot.htm)"
40.77.167.70 - - [13/Jun/2021:09:38:52 +0200] "GET /gorjuss-awashed-mousepad-p-24486.html HTTP/1.0" 200 70462 "-" "Mozilla/5.0 (compatible; bingbot/2.0; +http://www.bing.com/bingbot.htm)"
207.46.13.38 - - [13/Jun/2021:09:39:11 +0200] "GET /dubout-cats-pill-box-p-32230.html HTTP/1.0" 301 70331 "-" "Mozilla/5.0 (compatible; bingbot/2.0; +http://www.bing.com/bingbot.htm)"
40.77.167.70 - - [13/Jun/2021:09:39:15 +0200] "GET /danger-metal-plate-deco-p-37608.html HTTP/1.0" 200 70271 "-" "Mozilla/5.0 (compatible; bingbot/2.0; +http://www.bing.com/bingbot.htm)"
207.46.13.79 - - [13/Jun/2021:09:39:25 +0200] "GET /embroidered-rectangular-tablecloth-kolam-140-140-cm-p-44469.html HTTP/1.0" 301 73779 "-" "Mozilla/5.0 (compatible; bingbot/2.0; +http://www.bing.com/bingbot.htm)"
54.36.148.86 - - [13/Jun/2021:09:39:47 +0200] "GET /minute-cooking-hourglass-white-sand-p-53720.html HTTP/1.0" 200 73613 "-" "Mozilla/5.0 (compatible; AhrefsBot/7.0; +http://ahrefs.com/robot/)"
157.55.39.128 - - [13/Jun/2021:09:39:58 +0200] "GET /retro-chest-575-cm-p-34949.html HTTP/1.0" 301 72846 "-" "Mozilla/5.0 (compatible; bingbot/2.0; +http://www.bing.com/bingbot.htm)"
40.77.167.106 - - [13/Jun/2021:09:40:13 +0200] "GET /skull-money-box-resin-silver-and-patina-p-39406.html HTTP/1.0" 301 70232 "-" "Mozilla/5.0 (compatible; bingbot/2.0; +http://www.bing.com/bingbot.htm)"
207.46.13.79 - - [13/Jun/2021:09:40:26 +0200] "GET /table-lamp-horse-85-cm-p-38584.html HTTP/1.0" 301 72884 "-" "Mozilla/5.0 (compatible; bingbot/2.0; +http://www.bing.com/bingbot.htm)"
207.46.13.38 - - [13/Jun/2021:09:40:32 +0200] "GET /images/1399984255643.jpg HTTP/1.0" 200 259 "-" "Mozilla/5.0 (compatible; bingbot/2.0; +http://www.bing.com/bingbot.htm)"
207.46.13.38 - - [13/Jun/2021:09:40:34 +0200] "GET /images/8420406302577.jpg HTTP/1.0" 200 259 "-" "Mozilla/5.0 (compatible; bingbot/2.0; +http://www.bing.com/bingbot.htm)"
40.77.167.106 - - [13/Jun/2021:09:40:36 +0200] "GET /worry-stones-hematite-p-46297.html HTTP/1.0" 200 74401 "-" "Mozilla/5.0 (compatible; bingbot/2.0; +http://www.bing.com/bingbot.htm)"
40.77.167.106 - - [13/Jun/2021:09:40:37 +0200] "GET /happy-colors-happiness-bowling-bag-p-19015.html HTTP/1.0" 301 70380 "-" "Mozilla/5.0 (compatible; bingbot/2.0; +http://www.bing.com/bingbot.htm)"
66.249.68.6 - - [13/Jun/2021:09:40:38 +0200] "GET /images/big_prod_1/3453131157629a.jpg HTTP/1.0" 200 271 "-" "Googlebot-Image/1.0"
17.121.112.52 - - [13/Jun/2021:09:40:53 +0200] "GET /london-shower-curtain-p-34867.html HTTP/1.0" 200 72922 "-" "Mozilla/5.0 (Macintosh; Intel Mac OS X 10_15_5) AppleWebKit/605.1.15 (KHTML, like Gecko) Version/13.1.1 Safari/605.1.15 (Applebot/0.1; +http://www.apple.com/go/applebot)"
54.36.148.86 - - [13/Jun/2021:09:41:05 +0200] "GET /round-chair-cushion-reversible-pearl-grey-p-54650.html HTTP/1.0" 200 73849 "-" "Mozilla/5.0 (compatible; AhrefsBot/7.0; +http://ahrefs.com/robot/)"
157.55.39.152 - - [13/Jun/2021:09:41:12 +0200] "GET /kimmijunior-charly-girly-set-p-17994.html HTTP/1.0" 301 73285 "-" "Mozilla/5.0 (compatible; bingbot/2.0; +http://www.bing.com/bingbot.htm)"
157.55.39.152 - - [13/Jun/2021:09:41:14 +0200] "GET /disney-by-britto-mickey-and-minnie-mouse-limited-edition-p-47684.html HTTP/1.0" 301 74490 "-" "Mozilla/5.0 (compatible; bingbot/2.0; +http://www.bing.com/bingbot.htm)"
66.249.68.8 - - [13/Jun/2021:09:41:44 +0200] "GET /-m-19.html HTTP/1.0" 200 80087 "-" "Mozilla/5.0 (Linux; Android 6.0.1; Nexus 5X Build/MMB29P) AppleWebKit/537.36 (KHTML, like Gecko) Chrome/91.0.4472.90 Mobile Safari/537.36 (compatible; Googlebot/2.1; +http://www.google.com/bot.html)"
40.77.167.70 - - [13/Jun/2021:09:41:53 +0200] "GET /street-fighter-mousepad-p-16003.html HTTP/1.0" 200 72948 "-" "Mozilla/5.0 (compatible; bingbot/2.0; +http://www.bing.com/bingbot.htm)"
157.55.39.44 - - [13/Jun/2021:09:41:57 +0200] "GET /patinated-metal-boat-clock-p-45712.html HTTP/1.0" 200 72796 "-" "Mozilla/5.0 (compatible; bingbot/2.0; +http://www.bing.com/bingbot.htm)"
157.55.39.152 - - [13/Jun/2021:09:42:03 +0200] "GET /pastis-metal-plate-deco-p-51749.html HTTP/1.0" 200 72760 "-" "Mozilla/5.0 (compatible; bingbot/2.0; +http://www.bing.com/bingbot.htm)"
51.195.42.226 - - [13/Jun/2021:09:42:12 +0200] "GET /contact_us.php HTTP/1.0" 200 26241 "http://www.wonder-geek.com/contact_us.php" "Mozilla/5.0 (Windows NT 6.3; Win64; x64) AppleWebKit/537.36 (KHTML, like Gecko) Chrome/83.0.4103.44 Safari/537.36"
217.182.76.127 - - [13/Jun/2021:09:42:13 +0200] "POST /contact_us.php?action=send HTTP/1.0" 200 26643 "http://www.wonder-geek.com/contact_us.php" "Mozilla/5.0 (Windows NT 6.3; Win64; x64) AppleWebKit/537.36 (KHTML, like Gecko) Chrome/83.0.4103.44 Safari/537.36"
217.182.76.127 - - [13/Jun/2021:09:42:14 +0200] "GET /contact_us.php HTTP/1.0" 200 26241 "http://www.wonder-geek.com/contact_us.php" "Mozilla/5.0 (Windows NT 6.3; Win64; x64) AppleWebKit/537.36 (KHTML, like Gecko) Chrome/83.0.4103.44 Safari/537.36"
66.249.68.8 - - [13/Jun/2021:09:42:23 +0200] "GET /images/mini_prod/9316188071314.jpg HTTP/1.0" 200 269 "-" "Googlebot-Image/1.0"
54.36.149.65 - - [13/Jun/2021:09:42:23 +0200] "GET /color-phone-poster-p-32304.html HTTP/1.0" 200 72806 "-" "Mozilla/5.0 (compatible; AhrefsBot/7.0; +http://ahrefs.com/robot/)"
157.55.39.44 - - [13/Jun/2021:09:42:38 +0200] "GET /parrot-wooden-wall-decoration-to-hang-p-47428.html HTTP/1.0" 301 73113 "-" "Mozilla/5.0 (compatible; bingbot/2.0; +http://www.bing.com/bingbot.htm)"
40.77.167.70 - - [13/Jun/2021:09:42:43 +0200] "GET /-p-31848.html HTTP/1.0" 200 70165 "-" "Mozilla/5.0 (compatible; bingbot/2.0; +http://www.bing.com/bingbot.htm)"
40.77.167.106 - - [13/Jun/2021:09:42:43 +0200] "GET /citation-confucius-white-women-tee-shirt-p-34202.html HTTP/1.0" 301 75251 "-" "Mozilla/5.0 (compatible; bingbot/2.0; +http://www.bing.com/bingbot.htm)"
207.46.13.79 - - [13/Jun/2021:09:43:16 +0200] "GET /tigger-tree-ornament-p-31817.html HTTP/1.0" 301 70232 "-" "Mozilla/5.0 (compatible; bingbot/2.0; +http://www.bing.com/bingbot.htm)"
157.55.39.122 - - [13/Jun/2021:09:43:21 +0200] "GET /suicide-squad-group-poster-p-37817.html HTTP/1.0" 200 72830 "-" "Mozilla/5.0 (compatible; bingbot/2.0; +http://www.bing.com/bingbot.htm)"
54.36.149.106 - - [13/Jun/2021:09:43:44 +0200] "GET /piggy-bank-p-52600.html HTTP/1.0" 200 72724 "-" "Mozilla/5.0 (compatible; AhrefsBot/7.0; +http://ahrefs.com/robot/)"
185.191.171.33 - - [13/Jun/2021:09:43:47 +0200] "GET /minnie-mouse-children-stool-p-27476.html HTTP/1.0" 200 70267 "-" "Mozilla/5.0 (compatible; SemrushBot/7~bl; +http://www.semrush.com/bot.html)"
157.55.39.152 - - [13/Jun/2021:09:43:53 +0200] "GET /-p-24875.html HTTP/1.0" 200 70165 "-" "Mozilla/5.0 (compatible; bingbot/2.0; +http://www.bing.com/bingbot.htm)"
66.249.68.8 - - [13/Jun/2021:09:44:12 +0200] "GET /incense-satya-champa-jasmine-grams-about-sticks-p-44396.html HTTP/1.0" 200 73441 "-" "Mozilla/5.0 (Linux; Android 6.0.1; Nexus 5X Build/MMB29P) AppleWebKit/537.36 (KHTML, like Gecko) Chrome/91.0.4472.90 Mobile Safari/537.36 (compatible; Googlebot/2.1; +http://www.google.com/bot.html)"
40.77.167.106 - - [13/Jun/2021:09:44:43 +0200] "GET /marilyn-monroe-small-metal-plate-p-12513.html HTTP/1.0" 200 70316 "-" "Mozilla/5.0 (compatible; bingbot/2.0; +http://www.bing.com/bingbot.htm)"
207.46.13.38 - - [13/Jun/2021:09:45:00 +0200] "GET /js/jquery.js HTTP/1.0" 200 252 "-" "Mozilla/5.0 (compatible; bingbot/2.0; +http://www.bing.com/bingbot.htm)"
54.36.148.86 - - [13/Jun/2021:09:45:05 +0200] "GET /gift-infuser-buddha-paradise-p-53439.html HTTP/1.0" 200 74034 "-" "Mozilla/5.0 (compatible; AhrefsBot/7.0; +http://ahrefs.com/robot/)"
157.55.39.122 - - [13/Jun/2021:09:45:09 +0200] "GET /little-buddha-resin-gold-statue-145-cm-not-say-p-38077.html HTTP/1.0" 301 70433 "-" "Mozilla/5.0 (compatible; bingbot/2.0; +http://www.bing.com/bingbot.htm)"
157.55.39.122 - - [13/Jun/2021:09:45:10 +0200] "GET /nici-ayumi-black-plush-20-cm-p-33423.html HTTP/1.0" 301 70344 "-" "Mozilla/5.0 (compatible; bingbot/2.0; +http://www.bing.com/bingbot.htm)"
157.55.39.128 - - [13/Jun/2021:09:45:23 +0200] "GET /quartz-geode-size-about-220-p-47199.html HTTP/1.0" 301 73733 "-" "Mozilla/5.0 (compatible; bingbot/2.0; +http://www.bing.com/bingbot.htm)"
40.77.167.90 - - [13/Jun/2021:09:45:30 +0200] "GET /paris-shopping-bag-p-46248.html HTTP/1.0" 301 72950 "-" "Mozilla/5.0 (compatible; bingbot/2.0; +http://www.bing.com/bingbot.htm)"
207.46.13.38 - - [13/Jun/2021:09:45:42 +0200] "GET /images/big_prod_1/5410574484604B.jpg HTTP/1.0" 200 271 "-" "Mozilla/5.0 (compatible; bingbot/2.0; +http://www.bing.com/bingbot.htm)"
185.191.171.43 - - [13/Jun/2021:09:45:42 +0200] "GET /bagshandbags-shoulder-bags-c-31_81.html?page=21 HTTP/1.0" 200 83507 "-" "Mozilla/5.0 (compatible; SemrushBot/7~bl; +http://www.semrush.com/bot.html)"
54.36.148.15 - - [13/Jun/2021:09:46:14 +0200] "GET /cherries-butter-dish-p-38023.html HTTP/1.0" 200 72780 "-" "Mozilla/5.0 (compatible; AhrefsBot/7.0; +http://ahrefs.com/robot/)"
207.46.13.79 - - [13/Jun/2021:09:46:17 +0200] "GET /images/big_prod_1/2791693067392B.jpg HTTP/1.0" 200 271 "-" "Mozilla/5.0 (compatible; bingbot/2.0; +http://www.bing.com/bingbot.htm)"
207.46.13.38 - - [13/Jun/2021:09:46:44 +0200] "GET /resin-skull-ashtray-p-52999.html HTTP/1.0" 200 72757 "-" "Mozilla/5.0 (compatible; bingbot/2.0; +http://www.bing.com/bingbot.htm)"
17.121.113.206 - - [13/Jun/2021:09:46:48 +0200] "GET /bicycle-pendulum-clock-allen-p-53181.html HTTP/1.0" 200 73198 "-" "Mozilla/5.0 (Macintosh; Intel Mac OS X 10_15_5) AppleWebKit/605.1.15 (KHTML, like Gecko) Version/13.1.1 Safari/605.1.15 (Applebot/0.1; +http://www.apple.com/go/applebot)"
66.249.68.6 - - [13/Jun/2021:09:47:03 +0200] "GET /resin-statuette-naked-p-50994.html HTTP/1.0" 200 73964 "-" "Mozilla/5.0 (Linux; Android 6.0.1; Nexus 5X Build/MMB29P) AppleWebKit/537.36 (KHTML, like Gecko) Chrome/91.0.4472.90 Mobile Safari/537.36 (compatible; Googlebot/2.1; +http://www.google.com/bot.html)"
40.77.167.70 - - [13/Jun/2021:09:47:13 +0200] "GET /large-tassen-porcelain-hopeful-bowl-made-in-germany-p-52576.html HTTP/1.0" 301 74043 "-" "Mozilla/5.0 (compatible; bingbot/2.0; +http://www.bing.com/bingbot.htm)"
207.46.13.38 - - [13/Jun/2021:09:47:18 +0200] "GET /hello-kitty-backpack-p-16383.html HTTP/1.0" 200 70235 "-" "Mozilla/5.0 (compatible; bingbot/2.0; +http://www.bing.com/bingbot.htm)"
54.36.148.206 - - [13/Jun/2021:09:47:21 +0200] "GET /apache-women-watch-blue-dream-catcher-p-41560.html HTTP/1.0" 200 73108 "-" "Mozilla/5.0 (compatible; AhrefsBot/7.0; +http://ahrefs.com/robot/)"
51.68.224.127 - - [13/Jun/2021:09:47:31 +0200] "GET /adminweb/export_orders_xml.php?token=256de2z6edz6ed2z6DFSFsed2zed6zeDSFDSGdzedezfzf&maxorders=10&orderstart=1&status=14&start_date=2018-10-01 HTTP/1.0" 200 285 "-" "GesCom CharlotteBoutik Serveur"
51.68.224.127 - - [13/Jun/2021:09:47:31 +0200] "GET /adminweb/export_orders_xml.php?token=256de2z6edz6ed2z6DFSFsed2zed6zeDSFDSGdzedezfzf&maxorders=10&orderstart=1&status=6&start_date=2018-10-01 HTTP/1.0" 200 30039 "-" "GesCom CharlotteBoutik Serveur"
40.77.167.70 - - [13/Jun/2021:09:47:33 +0200] "GET /-p-29471.html HTTP/1.0" 200 70165 "-" "Mozilla/5.0 (compatible; bingbot/2.0; +http://www.bing.com/bingbot.htm)"
207.46.13.79 - - [13/Jun/2021:09:47:37 +0200] "GET /jacquard-anti-stain-tablecloth-red-140-140-cm-p-34055.html HTTP/1.0" 301 70232 "-" "Mozilla/5.0 (compatible; bingbot/2.0; +http://www.bing.com/bingbot.htm)"
40.77.167.90 - - [13/Jun/2021:09:48:13 +0200] "GET /-p-29842.html HTTP/1.0" 200 70165 "-" "Mozilla/5.0 (compatible; bingbot/2.0; +http://www.bing.com/bingbot.htm)"
40.77.167.70 - - [13/Jun/2021:09:48:17 +0200] "GET /-p-29445.html HTTP/1.0" 200 70165 "-" "Mozilla/5.0 (compatible; bingbot/2.0; +http://www.bing.com/bingbot.htm)"
54.36.149.48 - - [13/Jun/2021:09:48:29 +0200] "GET /moroccan-ashtray-p-40814.html HTTP/1.0" 200 72772 "-" "Mozilla/5.0 (compatible; AhrefsBot/7.0; +http://ahrefs.com/robot/)"
117.197.233.21 - - [13/Jun/2021:09:48:57 +0200] "GET / HTTP/1.0" 200 149973 "-" "-"
117.197.233.21 - - [13/Jun/2021:09:48:59 +0200] "GET / HTTP/1.0" 200 150411 "-" "-"
117.197.233.21 - - [13/Jun/2021:09:49:00 +0200] "GET /contact_us.php HTTP/1.0" 200 26241 "-" "-"
117.197.233.21 - - [13/Jun/2021:09:49:01 +0200] "GET /contact_us.php HTTP/1.0" 200 26241 "-" "-"
40.77.167.90 - - [13/Jun/2021:09:49:11 +0200] "GET /-p-35282.html HTTP/1.0" 200 70165 "-" "Mozilla/5.0 (compatible; bingbot/2.0; +http://www.bing.com/bingbot.htm)"
40.77.167.106 - - [13/Jun/2021:09:49:22 +0200] "GET /kimmidoll-glasses-case-p-49830.html HTTP/1.0" 200 72886 "-" "Mozilla/5.0 (compatible; bingbot/2.0; +http://www.bing.com/bingbot.htm)"
40.77.167.106 - - [13/Jun/2021:09:49:23 +0200] "GET /retro-notepad-p-33093.html HTTP/1.0" 200 72802 "-" "Mozilla/5.0 (compatible; bingbot/2.0; +http://www.bing.com/bingbot.htm)"
216.244.66.242 - - [13/Jun/2021:09:49:26 +0200] "GET /robots.txt HTTP/1.0" 200 245 "-" "Mozilla/5.0 (compatible; DotBot/1.2; +https://opensiteexplorer.org/dotbot; help@moz.com)"
216.244.66.242 - - [13/Jun/2021:09:49:26 +0200] "GET /robots.txt HTTP/1.0" 301 531 "-" "Mozilla/5.0 (compatible; DotBot/1.2; +https://opensiteexplorer.org/dotbot; help@moz.com)"
216.244.66.242 - - [13/Jun/2021:09:49:26 +0200] "GET /robots.txt HTTP/1.0" 200 245 "-" "Mozilla/5.0 (compatible; DotBot/1.2; +https://opensiteexplorer.org/dotbot; help@moz.com)"
185.191.171.44 - - [13/Jun/2021:09:49:40 +0200] "GET /shadow-frame-cats-dubout-threesome-p-38860.html HTTP/1.0" 200 73404 "-" "Mozilla/5.0 (compatible; SemrushBot/7~bl; +http://www.semrush.com/bot.html)"
54.36.148.208 - - [13/Jun/2021:09:49:44 +0200] "GET /terracota-polyester-round-chair-cushion-p-50046.html HTTP/1.0" 200 73567 "-" "Mozilla/5.0 (compatible; AhrefsBot/7.0; +http://ahrefs.com/robot/)"
40.77.167.106 - - [13/Jun/2021:09:50:24 +0200] "GET /-p-31042.html HTTP/1.0" 200 70165 "-" "Mozilla/5.0 (compatible; bingbot/2.0; +http://www.bing.com/bingbot.htm)"
40.77.167.90 - - [13/Jun/2021:09:50:51 +0200] "GET /van-gogh-nuit-toilee-cotton-pouch-p-47657.html HTTP/1.0" 301 73673 "-" "Mozilla/5.0 (compatible; bingbot/2.0; +http://www.bing.com/bingbot.htm)"
54.36.148.165 - - [13/Jun/2021:09:51:01 +0200] "GET /buddha-kitchen-towel-p-38811.html HTTP/1.0" 200 72771 "-" "Mozilla/5.0 (compatible; AhrefsBot/7.0; +http://ahrefs.com/robot/)"
40.77.167.70 - - [13/Jun/2021:09:51:22 +0200] "GET /blue-jean-fitted-sheet-p-36443.html HTTP/1.0" 200 73477 "-" "Mozilla/5.0 (compatible; bingbot/2.0; +http://www.bing.com/bingbot.htm)"
185.191.171.41 - - [13/Jun/2021:09:51:54 +0200] "GET /fragrances-ambiance-c-231.html?page=4 HTTP/1.0" 200 93056 "-" "Mozilla/5.0 (compatible; SemrushBot/7~bl; +http://www.semrush.com/bot.html)"
54.36.148.86 - - [13/Jun/2021:09:52:13 +0200] "GET /disney-princess-jewelry-p-37039.html HTTP/1.0" 200 73715 "-" "Mozilla/5.0 (compatible; AhrefsBot/7.0; +http://ahrefs.com/robot/)"
157.55.39.122 - - [13/Jun/2021:09:52:19 +0200] "GET /images/big_prod/045544908276.jpg HTTP/1.0" 200 267 "-" "Mozilla/5.0 (compatible; bingbot/2.0; +http://www.bing.com/bingbot.htm)"
66.249.68.6 - - [13/Jun/2021:09:52:23 +0200] "GET /lego-superman-lite-super-heroes-keychains-p-27072.html HTTP/1.0" 200 73136 "-" "Mozilla/5.0 (Linux; Android 6.0.1; Nexus 5X Build/MMB29P) AppleWebKit/537.36 (KHTML, like Gecko) Chrome/91.0.4472.90 Mobile Safari/537.36 (compatible; Googlebot/2.1; +http://www.google.com/bot.html)"
157.55.39.122 - - [13/Jun/2021:09:52:29 +0200] "GET /fowl-temper-donald-duck-personality-pose-figurine-collection-p-18510.html HTTP/1.0" 301 70232 "-" "Mozilla/5.0 (compatible; bingbot/2.0; +http://www.bing.com/bingbot.htm)"
40.77.167.90 - - [13/Jun/2021:09:52:51 +0200] "GET /horses-keyring-p-33562.html HTTP/1.0" 200 73978 "-" "Mozilla/5.0 (compatible; bingbot/2.0; +http://www.bing.com/bingbot.htm)"
40.77.167.70 - - [13/Jun/2021:09:52:56 +0200] "GET /london-coldstream-guard-cushion-p-26111.html HTTP/1.0" 200 73123 "-" "Mozilla/5.0 (compatible; bingbot/2.0; +http://www.bing.com/bingbot.htm)"
54.36.148.121 - - [13/Jun/2021:09:53:06 +0200] "GET /disney-princess-wax-crayons-box-p-497.html HTTP/1.0" 301 73446 "-" "Mozilla/5.0 (compatible; AhrefsBot/7.0; +http://ahrefs.com/robot/)"
207.46.13.79 - - [13/Jun/2021:09:53:08 +0200] "GET /assassin-creed-zippo-lighter-p-39526.html HTTP/1.0" 301 70232 "-" "Mozilla/5.0 (compatible; bingbot/2.0; +http://www.bing.com/bingbot.htm)"
40.77.167.106 - - [13/Jun/2021:09:53:14 +0200] "GET /marseille-keyring-p-12444.html HTTP/1.0" 301 70232 "-" "Mozilla/5.0 (compatible; bingbot/2.0; +http://www.bing.com/bingbot.htm)"
54.36.149.52 - - [13/Jun/2021:09:53:29 +0200] "GET /corby-puppy-rachael-hale-poster-p-25822.html HTTP/1.0" 200 72857 "-" "Mozilla/5.0 (compatible; AhrefsBot/7.0; +http://ahrefs.com/robot/)"
157.55.39.152 - - [13/Jun/2021:09:53:33 +0200] "GET /disney-princess-dinner-set-p-16561.html HTTP/1.0" 301 73537 "-" "Mozilla/5.0 (compatible; bingbot/2.0; +http://www.bing.com/bingbot.htm)"
207.46.13.38 - - [13/Jun/2021:09:53:35 +0200] "GET /harley-davidson-lighter-p-41025.html HTTP/1.0" 200 73249 "-" "Mozilla/5.0 (compatible; bingbot/2.0; +http://www.bing.com/bingbot.htm)"
207.46.13.38 - - [13/Jun/2021:09:53:38 +0200] "GET /glass-votive-candles-holder-feather-with-love-p-42176.html HTTP/1.0" 200 73079 "-" "Mozilla/5.0 (compatible; bingbot/2.0; +http://www.bing.com/bingbot.htm)"
207.46.13.38 - - [13/Jun/2021:09:53:55 +0200] "GET /keith-haring-tote-bag-p-29252.html HTTP/1.0" 301 72898 "-" "Mozilla/5.0 (compatible; bingbot/2.0; +http://www.bing.com/bingbot.htm)"
40.77.167.90 - - [13/Jun/2021:09:53:57 +0200] "GET /images/big_prod/1341689379131.jpg HTTP/1.0" 200 268 "-" "Mozilla/5.0 (compatible; bingbot/2.0; +http://www.bing.com/bingbot.htm)"
207.46.13.79 - - [13/Jun/2021:09:53:58 +0200] "GET /ball-lamp-in-polished-pebbles-of-rock-crystal-13-cm-p-47200.html HTTP/1.0" 301 73894 "-" "Mozilla/5.0 (compatible; bingbot/2.0; +http://www.bing.com/bingbot.htm)"
66.249.68.10 - - [13/Jun/2021:09:54:25 +0200] "GET /jane-crowther-cats-p-54763.html HTTP/1.0" 200 73507 "-" "Mozilla/5.0 (Linux; Android 6.0.1; Nexus 5X Build/MMB29P) AppleWebKit/537.36 (KHTML, like Gecko) Chrome/91.0.4472.90 Mobile Safari/537.36 (compatible; Googlebot/2.1; +http://www.google.com/bot.html)"
40.77.167.106 - - [13/Jun/2021:09:54:35 +0200] "GET /narwhal-nightlight-p-53135.html HTTP/1.0" 200 74585 "-" "Mozilla/5.0 (compatible; bingbot/2.0; +http://www.bing.com/bingbot.htm)"
54.36.148.249 - - [13/Jun/2021:09:54:42 +0200] "GET /monkey-wall-lamp-standing-68-cm-p-48812.html HTTP/1.0" 301 70359 "-" "Mozilla/5.0 (compatible; AhrefsBot/7.0; +http://ahrefs.com/robot/)"
54.36.149.19 - - [13/Jun/2021:09:54:46 +0200] "GET /yoga-statuette-p-53026.html HTTP/1.0" 200 72799 "-" "Mozilla/5.0 (compatible; AhrefsBot/7.0; +http://ahrefs.com/robot/)"
207.46.13.79 - - [13/Jun/2021:09:54:49 +0200] "GET /-p-23153.html HTTP/1.0" 200 70165 "-" "Mozilla/5.0 (compatible; bingbot/2.0; +http://www.bing.com/bingbot.htm)"
185.191.171.37 - - [13/Jun/2021:09:54:52 +0200] "GET /little-moustache-ring-p-18696.html HTTP/1.0" 200 73261 "-" "Mozilla/5.0 (compatible; SemrushBot/7~bl; +http://www.semrush.com/bot.html)"
207.46.13.38 - - [13/Jun/2021:09:54:53 +0200] "GET /taurus-decorative-statue-p-31560.html HTTP/1.0" 200 70276 "-" "Mozilla/5.0 (compatible; bingbot/2.0; +http://www.bing.com/bingbot.htm)"
54.36.148.139 - - [13/Jun/2021:09:54:54 +0200] "GET /cats-by-dubout-figurine-scary-movie-p-32709.html HTTP/1.0" 301 73402 "-" "Mozilla/5.0 (compatible; AhrefsBot/7.0; +http://ahrefs.com/robot/)"
157.55.39.44 - - [13/Jun/2021:09:54:59 +0200] "GET /-p-11098.html HTTP/1.0" 200 70165 "-" "Mozilla/5.0 (compatible; bingbot/2.0; +http://www.bing.com/bingbot.htm)"
157.55.39.44 - - [13/Jun/2021:09:55:00 +0200] "GET /avengers-iron-man-mask-p-24834.html HTTP/1.0" 301 73046 "-" "Mozilla/5.0 (compatible; bingbot/2.0; +http://www.bing.com/bingbot.htm)"
207.46.13.38 - - [13/Jun/2021:09:55:03 +0200] "GET /swfobject.js HTTP/1.0" 404 1308 "-" "Mozilla/5.0 (compatible; bingbot/2.0; +http://www.bing.com/bingbot.htm)"
185.191.171.36 - - [13/Jun/2021:09:55:14 +0200] "GET /writing-correction-c-129_186.html?page=3 HTTP/1.0" 200 92603 "-" "Mozilla/5.0 (compatible; SemrushBot/7~bl; +http://www.semrush.com/bot.html)"
157.55.39.128 - - [13/Jun/2021:09:55:40 +0200] "GET /decorative-wooden-plate-chien-mechant-white-p-47798.html HTTP/1.0" 301 73321 "-" "Mozilla/5.0 (compatible; bingbot/2.0; +http://www.bing.com/bingbot.htm)"
40.77.167.70 - - [13/Jun/2021:09:55:46 +0200] "GET /ice-bucket-with-shovel-p-48471.html HTTP/1.0" 301 73663 "-" "Mozilla/5.0 (compatible; bingbot/2.0; +http://www.bing.com/bingbot.htm)"
40.77.167.106 - - [13/Jun/2021:09:55:54 +0200] "GET /eiffel-tower-paris-glass-ashtray-p-48206.html HTTP/1.0" 200 74644 "-" "Mozilla/5.0 (compatible; bingbot/2.0; +http://www.bing.com/bingbot.htm)"
40.77.167.106 - - [13/Jun/2021:09:55:55 +0200] "GET /-p-11466.html HTTP/1.0" 200 70165 "-" "Mozilla/5.0 (compatible; bingbot/2.0; +http://www.bing.com/bingbot.htm)"
54.36.149.12 - - [13/Jun/2021:09:56:04 +0200] "GET /green-piggy-bank-premire-tirelire-p-53364.html HTTP/1.0" 200 72821 "-" "Mozilla/5.0 (compatible; AhrefsBot/7.0; +http://ahrefs.com/robot/)"
157.55.39.152 - - [13/Jun/2021:09:56:34 +0200] "GET /breakfast-c-12_61.html?page=1 HTTP/1.0" 200 91477 "-" "Mozilla/5.0 (compatible; bingbot/2.0; +http://www.bing.com/bingbot.htm)"
185.191.171.23 - - [13/Jun/2021:09:56:36 +0200] "GET /le-petit-prince-de-st-exupery-collection-mug-p-51372.html HTTP/1.0" 301 73068 "-" "Mozilla/5.0 (compatible; SemrushBot/7~bl; +http://www.semrush.com/bot.html)"
185.191.171.1 - - [13/Jun/2021:09:56:38 +0200] "GET /petit-prince-exupry-collection-p-51372.html HTTP/1.0" 200 72971 "-" "Mozilla/5.0 (compatible; SemrushBot/7~bl; +http://www.semrush.com/bot.html)"
49.7.20.122 - - [13/Jun/2021:09:56:41 +0200] "GET / HTTP/1.0" 200 149980 "-" "Sogou web spider/4.0(+http://www.sogou.com/docs/help/webmasters.htm#07)"
185.191.171.24 - - [13/Jun/2021:09:56:48 +0200] "GET /glass-cutting-board-by-cbkreation-p-51346.html HTTP/1.0" 301 72968 "-" "Mozilla/5.0 (compatible; SemrushBot/7~bl; +http://www.semrush.com/bot.html)"
185.191.171.33 - - [13/Jun/2021:09:56:50 +0200] "GET /glass-cutting-board-cbkreation-p-51346.html HTTP/1.0" 200 72871 "-" "Mozilla/5.0 (compatible; SemrushBot/7~bl; +http://www.semrush.com/bot.html)"
207.46.13.38 - - [13/Jun/2021:09:56:54 +0200] "GET /london-keyring-p-22603.html HTTP/1.0" 200 72703 "-" "Mozilla/5.0 (compatible; bingbot/2.0; +http://www.bing.com/bingbot.htm)"
207.46.13.38 - - [13/Jun/2021:09:57:04 +0200] "GET /-p-29761.html HTTP/1.0" 200 70165 "-" "Mozilla/5.0 (compatible; bingbot/2.0; +http://www.bing.com/bingbot.htm)"
54.36.148.56 - - [13/Jun/2021:09:57:20 +0200] "GET /collectible-figurines-and-decorative-c-13_135.html?page=22 HTTP/1.0" 301 96548 "-" "Mozilla/5.0 (compatible; AhrefsBot/7.0; +http://ahrefs.com/robot/)"
54.36.148.86 - - [13/Jun/2021:09:57:29 +0200] "GET /white-wooden-tray-aged-appearance-p-40592.html HTTP/1.0" 200 73032 "-" "Mozilla/5.0 (compatible; AhrefsBot/7.0; +http://ahrefs.com/robot/)"
157.55.39.152 - - [13/Jun/2021:09:57:34 +0200] "GET /-p-21265.html HTTP/1.0" 200 70165 "-" "Mozilla/5.0 (compatible; bingbot/2.0; +http://www.bing.com/bingbot.htm)"
185.191.171.17 - - [13/Jun/2021:09:57:38 +0200] "GET /boho-wooden-frame-dream-love-p-39228.html HTTP/1.0" 200 72961 "-" "Mozilla/5.0 (compatible; SemrushBot/7~bl; +http://www.semrush.com/bot.html)"
185.191.171.40 - - [13/Jun/2021:09:57:47 +0200] "GET /superman-tee-shirt-p-29588.html HTTP/1.0" 301 70300 "-" "Mozilla/5.0 (compatible; SemrushBot/7~bl; +http://www.semrush.com/bot.html)"
185.191.171.19 - - [13/Jun/2021:09:57:49 +0200] "GET /superman-shirt-p-29588.html HTTP/1.0" 200 70219 "-" "Mozilla/5.0 (compatible; SemrushBot/7~bl; +http://www.semrush.com/bot.html)"
207.46.13.38 - - [13/Jun/2021:09:58:04 +0200] "GET /-p-37016.html HTTP/1.0" 200 70165 "-" "Mozilla/5.0 (compatible; bingbot/2.0; +http://www.bing.com/bingbot.htm)"
185.191.171.35 - - [13/Jun/2021:09:58:14 +0200] "GET /small-japanese-turquoise-silver-cast-iron-teapot-liter-p-54888.html HTTP/1.0" 200 74206 "-" "Mozilla/5.0 (compatible; SemrushBot/7~bl; +http://www.semrush.com/bot.html)"
157.55.39.44 - - [13/Jun/2021:09:58:39 +0200] "GET /-p-17204.html HTTP/1.0" 200 70165 "-" "Mozilla/5.0 (compatible; bingbot/2.0; +http://www.bing.com/bingbot.htm)"
54.36.148.4 - - [13/Jun/2021:09:58:43 +0200] "GET /moroccan-ashtray-p-40815.html HTTP/1.0" 200 72772 "-" "Mozilla/5.0 (compatible; AhrefsBot/7.0; +http://ahrefs.com/robot/)"
207.46.13.38 - - [13/Jun/2021:09:58:55 +0200] "GET /duvet-cover-57-thread-cotton-140-200-cm-white-p-46743.html HTTP/1.0" 301 70417 "-" "Mozilla/5.0 (compatible; bingbot/2.0; +http://www.bing.com/bingbot.htm)"
207.46.13.38 - - [13/Jun/2021:09:59:04 +0200] "GET /gorjuss-ladybird-large-suitcase-60-cm-p-27367.html HTTP/1.0" 301 70232 "-" "Mozilla/5.0 (compatible; bingbot/2.0; +http://www.bing.com/bingbot.htm)"
185.191.171.6 - - [13/Jun/2021:09:59:08 +0200] "GET /peace-love-glass-tray-p-24156.html?action=add_product HTTP/1.0" 302 476 "-" "Mozilla/5.0 (compatible; SemrushBot/7~bl; +http://www.semrush.com/bot.html)"
157.55.39.128 - - [13/Jun/2021:09:59:30 +0200] "GET /industrial-pouf-storage-box-large-size-36-cm-only-p-48579.html HTTP/1.0" 301 73875 "-" "Mozilla/5.0 (compatible; bingbot/2.0; +http://www.bing.com/bingbot.htm)"
40.77.167.106 - - [13/Jun/2021:09:59:35 +0200] "GET /the-beatles-travel-mug-p-12698.html HTTP/1.0" 301 72779 "-" "Mozilla/5.0 (compatible; bingbot/2.0; +http://www.bing.com/bingbot.htm)"
54.36.148.86 - - [13/Jun/2021:09:59:50 +0200] "GET /incense-satya-rose-boxes-grams-p-54245.html HTTP/1.0" 200 73961 "-" "Mozilla/5.0 (compatible; AhrefsBot/7.0; +http://ahrefs.com/robot/)"
216.244.66.242 - - [13/Jun/2021:10:00:02 +0200] "GET /specials.php?page=13 HTTP/1.0" 200 126209 "-" "Mozilla/5.0 (compatible; DotBot/1.2; +https://opensiteexplorer.org/dotbot; help@moz.com)"
147.92.153.13 - - [13/Jun/2021:10:00:13 +0200] "GET /moustache-ring-p-18244.html HTTP/1.0" 200 72950 "-" "Mozilla/5.0 (compatible; Linespider/1.1; +https://lin.ee/4dwXkTH)"
66.249.68.8 - - [13/Jun/2021:10:00:42 +0200] "GET /images/3684643100319.jpg HTTP/1.0" 200 259 "-" "Googlebot-Image/1.0"
157.55.39.128 - - [13/Jun/2021:10:00:42 +0200] "GET /teletubbies-towel-p-39102.html HTTP/1.0" 200 70223 "-" "Mozilla/5.0 (compatible; bingbot/2.0; +http://www.bing.com/bingbot.htm)"
157.55.39.152 - - [13/Jun/2021:10:00:34 +0200] "GET /industrial-pouf-storage-box-medium-size-30-cm-only-p-48581.html HTTP/1.0" 301 73882 "-" "Mozilla/5.0 (compatible; bingbot/2.0; +http://www.bing.com/bingbot.htm)"
54.36.148.7 - - [13/Jun/2021:10:01:02 +0200] "GET /incense-satya-champa-karma-grams-about-sticks-p-45279.html HTTP/1.0" 200 73424 "-" "Mozilla/5.0 (compatible; AhrefsBot/7.0; +http://ahrefs.com/robot/)"
157.55.39.152 - - [13/Jun/2021:10:01:38 +0200] "GET /lotus-candleholder-chakra-orange-silverlining-p-35529.html HTTP/1.0" 200 74442 "-" "Mozilla/5.0 (compatible; bingbot/2.0; +http://www.bing.com/bingbot.htm)"
207.46.13.38 - - [13/Jun/2021:10:01:47 +0200] "GET /mugs-and-mazagrans-c-12_57.html?page=5 HTTP/1.0" 301 96041 "-" "Mozilla/5.0 (compatible; bingbot/2.0; +http://www.bing.com/bingbot.htm)"
216.244.66.242 - - [13/Jun/2021:10:01:47 +0200] "GET /minions-cushion-p-31201.html HTTP/1.0" 301 70232 "-" "Mozilla/5.0 (compatible; DotBot/1.2; +https://opensiteexplorer.org/dotbot; help@moz.com)"
54.36.148.149 - - [13/Jun/2021:10:02:17 +0200] "GET /amethyst-obelisk-p-53559.html HTTP/1.0" 200 73267 "-" "Mozilla/5.0 (compatible; AhrefsBot/7.0; +http://ahrefs.com/robot/)"
185.191.171.18 - - [13/Jun/2021:10:02:35 +0200] "GET /incense-aura-cleansing-grams-about-sticks-p-52435.html?action=add_product HTTP/1.0" 302 476 "-" "Mozilla/5.0 (compatible; SemrushBot/7~bl; +http://www.semrush.com/bot.html)"
157.55.39.122 - - [13/Jun/2021:10:02:57 +0200] "GET /-p-22157.html HTTP/1.0" 200 70165 "-" "Mozilla/5.0 (compatible; bingbot/2.0; +http://www.bing.com/bingbot.htm)"
185.191.171.6 - - [13/Jun/2021:10:03:10 +0200] "GET /fitted-sheet-cotton-percale-threads-p-48183.html?action=add_product HTTP/1.0" 302 476 "-" "Mozilla/5.0 (compatible; SemrushBot/7~bl; +http://www.semrush.com/bot.html)"
54.36.148.65 - - [13/Jun/2021:10:03:28 +0200] "GET /gorjuss-trinket-autumn-leaves-p-51405.html HTTP/1.0" 200 74129 "-" "Mozilla/5.0 (compatible; AhrefsBot/7.0; +http://ahrefs.com/robot/)"
40.77.167.106 - - [13/Jun/2021:10:03:35 +0200] "GET /littlest-petshop-multicolour-swimsuit-p-30265.html HTTP/1.0" 200 74348 "-" "Mozilla/5.0 (compatible; bingbot/2.0; +http://www.bing.com/bingbot.htm)"
17.121.112.22 - - [13/Jun/2021:10:03:39 +0200] "GET /mtal-signs-c-13_130.html?page=6 HTTP/1.0" 200 94770 "-" "Mozilla/5.0 (Macintosh; Intel Mac OS X 10_15_5) AppleWebKit/605.1.15 (KHTML, like Gecko) Version/13.1.1 Safari/605.1.15 (Applebot/0.1; +http://www.apple.com/go/applebot)"
185.191.171.39 - - [13/Jun/2021:10:03:42 +0200] "GET /drink-dispenser-p-49663.html?action=add_product HTTP/1.0" 302 476 "-" "Mozilla/5.0 (compatible; SemrushBot/7~bl; +http://www.semrush.com/bot.html)"
51.68.224.127 - - [13/Jun/2021:10:03:47 +0200] "GET /adminweb/export_orders_xml.php?token=256de2z6edz6ed2z6DFSFsed2zed6zeDSFDSGdzedezfzf&maxorders=10&orderstart=1&status=14&start_date=2018-10-01 HTTP/1.0" 200 285 "-" "GesCom CharlotteBoutik Serveur"
51.68.224.127 - - [13/Jun/2021:10:03:47 +0200] "GET /adminweb/export_orders_xml.php?token=256de2z6edz6ed2z6DFSFsed2zed6zeDSFDSGdzedezfzf&maxorders=10&orderstart=1&status=6&start_date=2018-10-01 HTTP/1.0" 200 30039 "-" "GesCom CharlotteBoutik Serveur"
207.46.13.38 - - [13/Jun/2021:10:03:55 +0200] "GET /russian-doll-green-figure-cm-p-27615.html HTTP/1.0" 301 72967 "-" "Mozilla/5.0 (compatible; bingbot/2.0; +http://www.bing.com/bingbot.htm)"
216.244.66.242 - - [13/Jun/2021:10:04:15 +0200] "GET /-p-13679.html HTTP/1.0" 200 70165 "-" "Mozilla/5.0 (compatible; DotBot/1.2; +https://opensiteexplorer.org/dotbot; help@moz.com)"
157.55.39.128 - - [13/Jun/2021:10:04:39 +0200] "GET /images/mini_prod/8424001278909.jpg HTTP/1.0" 200 269 "-" "Mozilla/5.0 (compatible; bingbot/2.0; +http://www.bing.com/bingbot.htm)"
54.36.149.31 - - [13/Jun/2021:10:04:44 +0200] "GET /gorjuss-trinket-beeloved-p-46950.html HTTP/1.0" 200 73118 "-" "Mozilla/5.0 (compatible; AhrefsBot/7.0; +http://ahrefs.com/robot/)"
216.244.66.242 - - [13/Jun/2021:10:04:46 +0200] "GET /-p-22192.html HTTP/1.0" 200 70165 "-" "Mozilla/5.0 (compatible; DotBot/1.2; +https://opensiteexplorer.org/dotbot; help@moz.com)"
185.191.171.45 - - [13/Jun/2021:10:04:56 +0200] "GET /collection-metal-plate-deco-p-37161.html?action=add_product HTTP/1.0" 302 476 "-" "Mozilla/5.0 (compatible; SemrushBot/7~bl; +http://www.semrush.com/bot.html)"
207.46.13.79 - - [13/Jun/2021:10:05:11 +0200] "GET /marseille-soap-box-soap-10-65-28-cm-p-40115.html HTTP/1.0" 301 73189 "-" "Mozilla/5.0 (compatible; bingbot/2.0; +http://www.bing.com/bingbot.htm)"
207.46.13.79 - - [13/Jun/2021:10:05:13 +0200] "GET /indoor-fountains-c-13_272.html HTTP/1.0" 200 83123 "-" "Mozilla/5.0 (compatible; bingbot/2.0; +http://www.bing.com/bingbot.htm)"
216.244.66.242 - - [13/Jun/2021:10:05:19 +0200] "GET /betty-boop-ashtray-p-27179.html HTTP/1.0" 200 72780 "-" "Mozilla/5.0 (compatible; DotBot/1.2; +https://opensiteexplorer.org/dotbot; help@moz.com)"
185.191.171.3 - - [13/Jun/2021:10:05:25 +0200] "GET /breakfast-board-the-sweet-life-tassen-made-in-germany-p-53191.html HTTP/1.0" 301 74055 "-" "Mozilla/5.0 (compatible; SemrushBot/7~bl; +http://www.semrush.com/bot.html)"
185.191.171.44 - - [13/Jun/2021:10:05:27 +0200] "GET /breakfast-board-sweet-life-tassen-made-germany-p-53191.html HTTP/1.0" 200 73942 "-" "Mozilla/5.0 (compatible; SemrushBot/7~bl; +http://www.semrush.com/bot.html)"
54.36.148.32 - - [13/Jun/2021:10:05:29 +0200] "GET /wooden-range-bottle-with-bottle-opener-old-style-p-40214.html HTTP/1.0" 301 73177 "-" "Mozilla/5.0 (compatible; AhrefsBot/7.0; +http://ahrefs.com/robot/)"
216.244.66.242 - - [13/Jun/2021:10:05:51 +0200] "GET /london-phoneboxes-poster-p-25818.html HTTP/1.0" 200 70276 "-" "Mozilla/5.0 (compatible; DotBot/1.2; +https://opensiteexplorer.org/dotbot; help@moz.com)"
157.55.39.128 - - [13/Jun/2021:10:06:00 +0200] "GET /-p-5172.html HTTP/1.0" 200 70163 "-" "Mozilla/5.0 (compatible; bingbot/2.0; +http://www.bing.com/bingbot.htm)"
54.36.148.86 - - [13/Jun/2021:10:06:01 +0200] "GET /green-piggy-bank-premire-tirelire-p-53365.html HTTP/1.0" 200 72821 "-" "Mozilla/5.0 (compatible; AhrefsBot/7.0; +http://ahrefs.com/robot/)"
216.244.66.242 - - [13/Jun/2021:10:06:18 +0200] "GET /london-taxi-metal-keyring-p-26241.html HTTP/1.0" 301 70232 "-" "Mozilla/5.0 (compatible; DotBot/1.2; +https://opensiteexplorer.org/dotbot; help@moz.com)"
40.77.167.90 - - [13/Jun/2021:10:06:43 +0200] "GET /glass-cutting-board-flammy-p-47883.html HTTP/1.0" 200 72818 "-" "Mozilla/5.0 (compatible; bingbot/2.0; +http://www.bing.com/bingbot.htm)"
216.244.66.242 - - [13/Jun/2021:10:06:44 +0200] "GET /mickey-mouse-pencil-case-p-10602.html HTTP/1.0" 200 72871 "-" "Mozilla/5.0 (compatible; DotBot/1.2; +https://opensiteexplorer.org/dotbot; help@moz.com)"
40.77.167.106 - - [13/Jun/2021:10:06:56 +0200] "GET /tetsubin-nenuphar-yellow-teapots-japanese-p-38417.html HTTP/1.0" 200 73160 "-" "Mozilla/5.0 (compatible; bingbot/2.0; +http://www.bing.com/bingbot.htm)"
40.77.167.106 - - [13/Jun/2021:10:06:57 +0200] "GET /animals-alarm-clock-by-cbkreation-p-43810.html HTTP/1.0" 301 73051 "-" "Mozilla/5.0 (compatible; bingbot/2.0; +http://www.bing.com/bingbot.htm)"
185.191.171.44 - - [13/Jun/2021:10:06:57 +0200] "GET /set-of-wooden-tree-decorations-to-hang-p-49640.html HTTP/1.0" 301 73049 "-" "Mozilla/5.0 (compatible; SemrushBot/7~bl; +http://www.semrush.com/bot.html)"
40.77.167.106 - - [13/Jun/2021:10:06:59 +0200] "GET /cats-shadow-door-plate-bedroom-p-46410.html HTTP/1.0" 200 72891 "-" "Mozilla/5.0 (compatible; bingbot/2.0; +http://www.bing.com/bingbot.htm)"
185.191.171.44 - - [13/Jun/2021:10:07:00 +0200] "GET /wooden-tree-decorations-hang-p-49640.html HTTP/1.0" 200 72954 "-" "Mozilla/5.0 (compatible; SemrushBot/7~bl; +http://www.semrush.com/bot.html)"
157.55.39.152 - - [13/Jun/2021:10:07:05 +0200] "GET /tulip-white-table-lamp-p-52973.html HTTP/1.0" 200 73365 "-" "Mozilla/5.0 (compatible; bingbot/2.0; +http://www.bing.com/bingbot.htm)"
216.244.66.242 - - [13/Jun/2021:10:07:09 +0200] "GET /minnie-mouse-heart-analog-watch-with-flashlight-p-14694.html HTTP/1.0" 200 70391 "-" "Mozilla/5.0 (compatible; DotBot/1.2; +https://opensiteexplorer.org/dotbot; help@moz.com)"
54.36.148.86 - - [13/Jun/2021:10:07:19 +0200] "GET /louis-philippe-wallpaper-cushion-p-16234.html HTTP/1.0" 200 73554 "-" "Mozilla/5.0 (compatible; AhrefsBot/7.0; +http://ahrefs.com/robot/)"
216.244.66.242 - - [13/Jun/2021:10:07:33 +0200] "GET /cars-small-silicone-mold-orange-model-p-28240.html HTTP/1.0" 200 70307 "-" "Mozilla/5.0 (compatible; DotBot/1.2; +https://opensiteexplorer.org/dotbot; help@moz.com)"
147.92.153.15 - - [13/Jun/2021:10:07:43 +0200] "GET /images/3384956585093.jpg HTTP/1.0" 200 259 "-" "Mozilla/5.0 (compatible; Linespider/1.1; +https://lin.ee/4dwXkTH)"
40.77.167.70 - - [13/Jun/2021:10:07:55 +0200] "GET /fuel-pump-clock-p-38093.html HTTP/1.0" 200 70231 "-" "Mozilla/5.0 (compatible; bingbot/2.0; +http://www.bing.com/bingbot.htm)"
216.244.66.242 - - [13/Jun/2021:10:07:56 +0200] "GET /frame-canvas-free-beer-p-26148.html HTTP/1.0" 200 72852 "-" "Mozilla/5.0 (compatible; DotBot/1.2; +https://opensiteexplorer.org/dotbot; help@moz.com)"
40.77.167.106 - - [13/Jun/2021:10:07:59 +0200] "GET /guevara-hasta-victoria-siempre-zippo-lighter-p-37645.html HTTP/1.0" 200 73457 "-" "Mozilla/5.0 (compatible; bingbot/2.0; +http://www.bing.com/bingbot.htm)"
207.46.13.79 - - [13/Jun/2021:10:08:12 +0200] "GET /barbapapa-horizontal-lunch-bag-p-13770.html HTTP/1.0" 301 73399 "-" "Mozilla/5.0 (compatible; bingbot/2.0; +http://www.bing.com/bingbot.htm)"
216.244.66.242 - - [13/Jun/2021:10:08:18 +0200] "GET /keep-calm-metal-plate-deco-p-37229.html HTTP/1.0" 200 72828 "-" "Mozilla/5.0 (compatible; DotBot/1.2; +https://opensiteexplorer.org/dotbot; help@moz.com)"
157.55.39.44 - - [13/Jun/2021:10:08:20 +0200] "GET /funky-dolls-round-box-p-18851.html HTTP/1.0" 301 72985 "-" "Mozilla/5.0 (compatible; bingbot/2.0; +http://www.bing.com/bingbot.htm)"
207.46.13.79 - - [13/Jun/2021:10:08:25 +0200] "GET /motorcycle-decorative-metal-plate-25-20-cm-p-47948.html HTTP/1.0" 301 72998 "-" "Mozilla/5.0 (compatible; bingbot/2.0; +http://www.bing.com/bingbot.htm)"
157.55.39.152 - - [13/Jun/2021:10:08:36 +0200] "GET /rolling-stones-door-mat-60-40-cm-p-47258.html HTTP/1.0" 301 73171 "-" "Mozilla/5.0 (compatible; bingbot/2.0; +http://www.bing.com/bingbot.htm)"
157.55.39.152 - - [13/Jun/2021:10:08:37 +0200] "GET /set-of-snowman-fir-decoration-11-cm-p-41953.html HTTP/1.0" 301 73009 "-" "Mozilla/5.0 (compatible; bingbot/2.0; +http://www.bing.com/bingbot.htm)"
54.36.149.61 - - [13/Jun/2021:10:08:39 +0200] "GET /vintage-liberty-cushion-p-16211.html HTTP/1.0" 200 73373 "-" "Mozilla/5.0 (compatible; AhrefsBot/7.0; +http://ahrefs.com/robot/)"
216.244.66.242 - - [13/Jun/2021:10:08:40 +0200] "GET /verity-rose-moonstruck-photo-frame-p-29148.html HTTP/1.0" 200 72927 "-" "Mozilla/5.0 (compatible; DotBot/1.2; +https://opensiteexplorer.org/dotbot; help@moz.com)"
185.191.171.12 - - [13/Jun/2021:10:08:49 +0200] "GET /headrest-cushion-blue-p-44365.html HTTP/1.0" 200 73456 "-" "Mozilla/5.0 (compatible; SemrushBot/7~bl; +http://www.semrush.com/bot.html)"
216.244.66.242 - - [13/Jun/2021:10:09:00 +0200] "GET /images/5425016105856.jpg HTTP/1.0" 200 259 "-" "Mozilla/5.0 (compatible; DotBot/1.2; +https://opensiteexplorer.org/dotbot; help@moz.com)"
185.191.171.14 - - [13/Jun/2021:10:09:01 +0200] "GET /coca-cola-phone-cover-iphone-p-15951.html HTTP/1.0" 200 73757 "-" "Mozilla/5.0 (compatible; SemrushBot/7~bl; +http://www.semrush.com/bot.html)"
207.46.13.38 - - [13/Jun/2021:10:09:15 +0200] "GET /diamond-carpet-80-50-cm-p-50745.html HTTP/1.0" 301 73818 "-" "Mozilla/5.0 (compatible; bingbot/2.0; +http://www.bing.com/bingbot.htm)"
216.244.66.242 - - [13/Jun/2021:10:09:19 +0200] "GET /images/5702015124928.jpg HTTP/1.0" 200 259 "-" "Mozilla/5.0 (compatible; DotBot/1.2; +https://opensiteexplorer.org/dotbot; help@moz.com)"
40.77.167.70 - - [13/Jun/2021:10:09:25 +0200] "GET /cupcakes-money-box-by-cbkreation-p-17353.html HTTP/1.0" 301 73075 "-" "Mozilla/5.0 (compatible; bingbot/2.0; +http://www.bing.com/bingbot.htm)"
216.244.66.242 - - [13/Jun/2021:10:09:38 +0200] "GET /images/med_prod/3560600279734.jpg HTTP/1.0" 200 268 "-" "Mozilla/5.0 (compatible; DotBot/1.2; +https://opensiteexplorer.org/dotbot; help@moz.com)"
157.55.39.44 - - [13/Jun/2021:10:09:50 +0200] "GET /simpsons-duff-coffee-box-p-17916.html HTTP/1.0" 301 70355 "-" "Mozilla/5.0 (compatible; bingbot/2.0; +http://www.bing.com/bingbot.htm)"
216.244.66.242 - - [13/Jun/2021:10:09:55 +0200] "GET /luggages-schoolbags-leather-shop/suitcaselittle-suitcase-trolley/hello-kitty-kiss-purple-suitcase-p-18398.html HTTP/1.0" 301 731 "-" "Mozilla/5.0 (compatible; DotBot/1.2; +https://opensiteexplorer.org/dotbot; help@moz.com)"
66.249.68.8 - - [13/Jun/2021:10:09:56 +0200] "GET /images/big_prod/5051276286341.jpg HTTP/1.0" 200 268 "-" "Googlebot-Image/1.0"
40.77.167.90 - - [13/Jun/2021:10:10:03 +0200] "GET /-p-11974.html HTTP/1.0" 200 70165 "-" "Mozilla/5.0 (compatible; bingbot/2.0; +http://www.bing.com/bingbot.htm)"
54.36.149.61 - - [13/Jun/2021:10:10:04 +0200] "GET /mercedes-benz-p-27597.html HTTP/1.0" 200 72483 "-" "Mozilla/5.0 (compatible; AhrefsBot/7.0; +http://ahrefs.com/robot/)"
216.244.66.242 - - [13/Jun/2021:10:10:11 +0200] "GET /musical-keyring-nici-just-married-p-13815.html HTTP/1.0" 200 79899 "-" "Mozilla/5.0 (compatible; DotBot/1.2; +https://opensiteexplorer.org/dotbot; help@moz.com)"
185.191.171.13 - - [13/Jun/2021:10:10:17 +0200] "GET /robots.txt HTTP/1.0" 200 245 "-" "Mozilla/5.0 (compatible; SemrushBot/7~bl; +http://www.semrush.com/bot.html)"
185.191.171.16 - - [13/Jun/2021:10:10:17 +0200] "GET /metal-plate-20-15-cm-p-47050.html HTTP/1.0" 301 70299 "-" "Mozilla/5.0 (compatible; SemrushBot/7~bl; +http://www.semrush.com/bot.html)"
185.191.171.15 - - [13/Jun/2021:10:10:19 +0200] "GET /metal-plate-p-47050.html HTTP/1.0" 200 70221 "-" "Mozilla/5.0 (compatible; SemrushBot/7~bl; +http://www.semrush.com/bot.html)"
207.46.13.38 - - [13/Jun/2021:10:10:23 +0200] "GET /js/jquery.js HTTP/1.0" 200 252 "-" "Mozilla/5.0 (compatible; bingbot/2.0; +http://www.bing.com/bingbot.htm)"
157.55.39.128 - - [13/Jun/2021:10:10:31 +0200] "GET /images/mini_prod/3014627889327.jpg HTTP/1.0" 200 269 "-" "Mozilla/5.0 (compatible; bingbot/2.0; +http://www.bing.com/bingbot.htm)"
185.191.171.11 - - [13/Jun/2021:10:10:33 +0200] "GET /fitted-sheet-cotton-percale-threads-p-43832.html HTTP/1.0" 200 73125 "-" "Mozilla/5.0 (compatible; SemrushBot/7~bl; +http://www.semrush.com/bot.html)"
216.244.66.242 - - [13/Jun/2021:10:10:36 +0200] "GET /images/med_prod/00carlin.jpg HTTP/1.0" 200 263 "-" "Mozilla/5.0 (compatible; DotBot/1.2; +https://opensiteexplorer.org/dotbot; help@moz.com)"
216.244.66.242 - - [13/Jun/2021:10:10:50 +0200] "GET /images/med_prod/3457010954408.jpg HTTP/1.0" 200 268 "-" "Mozilla/5.0 (compatible; DotBot/1.2; +https://opensiteexplorer.org/dotbot; help@moz.com)"
157.55.39.152 - - [13/Jun/2021:10:10:56 +0200] "GET /buddha-resin-box-p-38536.html HTTP/1.0" 301 73016 "-" "Mozilla/5.0 (compatible; bingbot/2.0; +http://www.bing.com/bingbot.htm)"
54.36.148.83 - - [13/Jun/2021:10:11:21 +0200] "GET /pedal-blue-p-52592.html HTTP/1.0" 200 73698 "-" "Mozilla/5.0 (compatible; AhrefsBot/7.0; +http://ahrefs.com/robot/)"
106.11.154.11 - - [13/Jun/2021:10:11:57 +0200] "GET /images/mini_prod/8435333831052.jpg HTTP/1.0" 200 269 "http://www.wonder-geek.com/wastebasket-c-129_184.html" "YisouSpider"
157.55.39.128 - - [13/Jun/2021:10:12:02 +0200] "GET /top-model-criterium-p-35449.html HTTP/1.0" 301 72924 "-" "Mozilla/5.0 (compatible; bingbot/2.0; +http://www.bing.com/bingbot.htm)"
185.191.171.45 - - [13/Jun/2021:10:12:04 +0200] "GET /peche-et-baignade-interdites-wall-sticker-p-39309.html HTTP/1.0" 301 73121 "-" "Mozilla/5.0 (compatible; SemrushBot/7~bl; +http://www.semrush.com/bot.html)"
185.191.171.18 - - [13/Jun/2021:10:12:06 +0200] "GET /pche-baignade-interdites-wall-sticker-p-39309.html HTTP/1.0" 200 73017 "-" "Mozilla/5.0 (compatible; SemrushBot/7~bl; +http://www.semrush.com/bot.html)"
54.36.148.197 - - [13/Jun/2021:10:12:31 +0200] "GET /metal-beer-bucket-bistrot-amis-p-42680.html HTTP/1.0" 200 72929 "-" "Mozilla/5.0 (compatible; AhrefsBot/7.0; +http://ahrefs.com/robot/)"
207.46.13.38 - - [13/Jun/2021:10:12:36 +0200] "GET /boho-decorative-metal-plate-p-52886.html HTTP/1.0" 200 72878 "-" "Mozilla/5.0 (compatible; bingbot/2.0; +http://www.bing.com/bingbot.htm)"
185.191.171.18 - - [13/Jun/2021:10:12:37 +0200] "GET /cushion-cover-toucan-p-51899.html HTTP/1.0" 200 73631 "-" "Mozilla/5.0 (compatible; SemrushBot/7~bl; +http://www.semrush.com/bot.html)"
185.191.171.1 - - [13/Jun/2021:10:12:39 +0200] "GET /placemat-the-little-prince-plane-p-53833.html HTTP/1.0" 301 72937 "-" "Mozilla/5.0 (compatible; SemrushBot/7~bl; +http://www.semrush.com/bot.html)"
185.191.171.35 - - [13/Jun/2021:10:12:40 +0200] "GET /placemat-little-prince-plane-p-53833.html HTTP/1.0" 200 72842 "-" "Mozilla/5.0 (compatible; SemrushBot/7~bl; +http://www.semrush.com/bot.html)"
157.55.39.122 - - [13/Jun/2021:10:12:42 +0200] "GET /boho-decorative-metal-plate-by-cbk-p-52886.html HTTP/1.0" 301 72972 "-" "Mozilla/5.0 (compatible; bingbot/2.0; +http://www.bing.com/bingbot.htm)"
157.55.39.152 - - [13/Jun/2021:10:12:46 +0200] "GET /betty-boop-and-her-dog-figure-collection-p-28452.html HTTP/1.0" 301 70427 "-" "Mozilla/5.0 (compatible; bingbot/2.0; +http://www.bing.com/bingbot.htm)"
157.55.39.152 - - [13/Jun/2021:10:12:56 +0200] "GET /-p-18187.html HTTP/1.0" 200 70165 "-" "Mozilla/5.0 (compatible; bingbot/2.0; +http://www.bing.com/bingbot.htm)"
207.46.13.38 - - [13/Jun/2021:10:13:00 +0200] "GET /large-triptych-hanging-clock-airplane-metal-and-wood-207-cm-p-51998.html HTTP/1.0" 301 70488 "-" "Mozilla/5.0 (compatible; bingbot/2.0; +http://www.bing.com/bingbot.htm)"
207.46.13.38 - - [13/Jun/2021:10:13:36 +0200] "GET /-p-20872.html HTTP/1.0" 200 70165 "-" "Mozilla/5.0 (compatible; bingbot/2.0; +http://www.bing.com/bingbot.htm)"
157.55.39.122 - - [13/Jun/2021:10:13:42 +0200] "GET /chakra-wooden-throat-chakra-p-46562.html HTTP/1.0" 200 70243 "-" "Mozilla/5.0 (compatible; bingbot/2.0; +http://www.bing.com/bingbot.htm)"
54.36.148.83 - - [13/Jun/2021:10:13:51 +0200] "GET /pusheen-sticker-sheet-pastel-p-42603.html HTTP/1.0" 200 73092 "-" "Mozilla/5.0 (compatible; AhrefsBot/7.0; +http://ahrefs.com/robot/)"
207.46.13.38 - - [13/Jun/2021:10:14:06 +0200] "GET /crayola-set-of-white-board-markers-p-16603.html HTTP/1.0" 301 70412 "-" "Mozilla/5.0 (compatible; bingbot/2.0; +http://www.bing.com/bingbot.htm)"
106.38.241.175 - - [13/Jun/2021:10:14:14 +0200] "GET / HTTP/1.0" 301 511 "-" "Sogou web spider/4.0(+http://www.sogou.com/docs/help/webmasters.htm#07)"
185.191.171.25 - - [13/Jun/2021:10:14:19 +0200] "GET /lois-jean-wallet-women-p-38155.html HTTP/1.0" 200 74020 "-" "Mozilla/5.0 (compatible; SemrushBot/7~bl; +http://www.semrush.com/bot.html)"
