157.55.39.128 - - [13/Jun/2021:03:53:12 +0200] "GET /images/big_prod/5027148061767.jpg HTTP/1.1" 200 56254 "-" "Mozilla/5.0 (compatible; bingbot/2.0; +http://www.bing.com/bingbot.htm)"
66.249.68.6 - - [13/Jun/2021:03:54:28 +0200] "GET /images/big_prod/8422061196126.jpg HTTP/1.1" 200 127437 "-" "Googlebot-Image/1.0"
207.46.13.38 - - [13/Jun/2021:03:55:23 +0200] "GET /js/jquery.js HTTP/1.1" 200 54075 "-" "Mozilla/5.0 (compatible; bingbot/2.0; +http://www.bing.com/bingbot.htm)"
40.77.167.106 - - [13/Jun/2021:03:57:09 +0200] "GET /images/8435306266157.jpg HTTP/1.1" 200 93099 "-" "Mozilla/5.0 (compatible; bingbot/2.0; +http://www.bing.com/bingbot.htm)"
157.90.177.217 - - [13/Jun/2021:03:57:12 +0200] "GET /robots.txt HTTP/1.1" 304 0 "-" "Mozilla/5.0 (compatible; BLEXBot/1.0; +http://webmeup-crawler.com/)"
66.249.68.6 - - [13/Jun/2021:03:59:42 +0200] "GET /images/big_prod_1/3609810096172a.jpg HTTP/1.1" 200 96271 "-" "Googlebot-Image/1.0"
207.46.13.38 - - [13/Jun/2021:04:00:25 +0200] "GET /images/med_prod/8435107822583.jpg HTTP/1.1" 200 122678 "-" "Mozilla/5.0 (compatible; bingbot/2.0; +http://www.bing.com/bingbot.htm)"
40.77.167.90 - - [13/Jun/2021:04:00:39 +0200] "GET /images/mini_prod/DSCN0624.gif HTTP/1.1" 200 13511 "-" "Mozilla/5.0 (compatible; bingbot/2.0; +http://www.bing.com/bingbot.htm)"
66.249.68.10 - - [13/Jun/2021:04:01:10 +0200] "GET /images/big_prod/1348422000680.jpg HTTP/1.1" 200 52359 "-" "Googlebot-Image/1.0"
185.191.171.24 - - [13/Jun/2021:04:02:28 +0200] "GET /robots.txt HTTP/1.1" 200 2438 "-" "Mozilla/5.0 (compatible; SemrushBot/7~bl; +http://www.semrush.com/bot.html)"
66.249.68.10 - - [13/Jun/2021:04:03:06 +0200] "GET /images/big_prod/8422015014018.jpg HTTP/1.1" 200 166222 "-" "Googlebot-Image/1.0"
66.249.68.6 - - [13/Jun/2021:04:04:03 +0200] "GET /images/big_prod_1/8717202557011a.jpg HTTP/1.1" 200 188265 "-" "Googlebot-Image/1.0"
66.249.68.6 - - [13/Jun/2021:04:04:59 +0200] "GET /images/big_prod/3700516225276.jpg HTTP/1.1" 200 229704 "-" "Googlebot-Image/1.0"
66.249.68.8 - - [13/Jun/2021:04:05:37 +0200] "GET /images/big_prod_1/5400924064785B.jpg HTTP/1.1" 200 55329 "-" "Googlebot-Image/1.0"
157.55.39.152 - - [13/Jun/2021:04:06:19 +0200] "GET /images/big_prod/8718657461113.jpg HTTP/1.1" 200 44959 "-" "Mozilla/5.0 (compatible; bingbot/2.0; +http://www.bing.com/bingbot.htm)"
157.90.177.217 - - [13/Jun/2021:04:07:14 +0200] "GET /robots.txt HTTP/1.1" 304 0 "-" "Mozilla/5.0 (compatible; BLEXBot/1.0; +http://webmeup-crawler.com/)"
66.249.68.8 - - [13/Jun/2021:04:10:16 +0200] "GET /images/big_prod_1/4010229021300a.jpg HTTP/1.1" 200 40564 "-" "Googlebot-Image/1.0"
216.244.66.242 - - [13/Jun/2021:04:10:30 +0200] "GET /robots.txt HTTP/1.1" 200 2438 "-" "Mozilla/5.0 (compatible; DotBot/1.2; +https://opensiteexplorer.org/dotbot; help@moz.com)"
66.249.68.6 - - [13/Jun/2021:04:10:38 +0200] "GET /images/big_prod_1/8424345769408B.jpg HTTP/1.1" 200 314250 "-" "Googlebot-Image/1.0"
66.249.68.8 - - [13/Jun/2021:04:15:39 +0200] "GET /images/mini_prod/7601020000402.jpg HTTP/1.1" 200 6706 "-" "Googlebot-Image/1.0"
157.90.177.217 - - [13/Jun/2021:04:17:15 +0200] "GET /robots.txt HTTP/1.1" 304 0 "-" "Mozilla/5.0 (compatible; BLEXBot/1.0; +http://webmeup-crawler.com/)"
207.46.13.38 - - [13/Jun/2021:04:20:37 +0200] "GET /js/jquery.js HTTP/1.1" 200 54075 "-" "Mozilla/5.0 (compatible; bingbot/2.0; +http://www.bing.com/bingbot.htm)"
110.249.202.112 - - [13/Jun/2021:04:22:43 +0200] "GET /robots.txt HTTP/1.1" 200 2438 "-" "Mozilla/5.0 (Linux; Android 5.0) AppleWebKit/537.36 (KHTML, like Gecko) Mobile Safari/537.36 (compatible; Bytespider; https://zhanzhang.toutiao.com/)"
157.55.39.152 - - [13/Jun/2021:04:25:19 +0200] "GET /images/big_prod/8718657460710.jpg HTTP/1.1" 200 90214 "-" "Mozilla/5.0 (compatible; bingbot/2.0; +http://www.bing.com/bingbot.htm)"
66.249.68.10 - - [13/Jun/2021:04:25:38 +0200] "GET /images/big_prod/3520071778488.jpg HTTP/1.1" 200 125051 "-" "Googlebot-Image/1.0"
157.90.177.217 - - [13/Jun/2021:04:27:16 +0200] "GET /robots.txt HTTP/1.1" 304 0 "-" "Mozilla/5.0 (compatible; BLEXBot/1.0; +http://webmeup-crawler.com/)"
157.55.39.44 - - [13/Jun/2021:04:27:56 +0200] "GET /images/mini_prod/8422048009616.jpg HTTP/1.1" 200 5678 "-" "Mozilla/5.0 (compatible; bingbot/2.0; +http://www.bing.com/bingbot.htm)"
157.55.39.128 - - [13/Jun/2021:04:28:25 +0200] "GET /images/big_prod/191693128505.jpg HTTP/1.1" 200 81748 "-" "Mozilla/5.0 (compatible; bingbot/2.0; +http://www.bing.com/bingbot.htm)"
157.55.39.44 - - [13/Jun/2021:04:28:29 +0200] "GET /images/big_prod_1/191693128505B.jpg HTTP/1.1" 200 83985 "-" "Mozilla/5.0 (compatible; bingbot/2.0; +http://www.bing.com/bingbot.htm)"
157.55.39.44 - - [13/Jun/2021:04:29:30 +0200] "GET /images/big_prod/1399984247242.jpg HTTP/1.1" 200 68783 "-" "Mozilla/5.0 (compatible; bingbot/2.0; +http://www.bing.com/bingbot.htm)"
66.249.68.8 - - [13/Jun/2021:04:32:38 +0200] "GET /images/mini_prod/3700407620333.jpg HTTP/1.1" 200 8286 "-" "Googlebot-Image/1.0"
207.46.13.48 - - [13/Jun/2021:04:35:38 +0200] "GET /robots.txt HTTP/1.1" 200 2438 "-" "Mozilla/5.0 (compatible; bingbot/2.0; +http://www.bing.com/bingbot.htm)"
157.90.177.217 - - [13/Jun/2021:04:37:19 +0200] "GET /robots.txt HTTP/1.1" 304 0 "-" "Mozilla/5.0 (compatible; BLEXBot/1.0; +http://webmeup-crawler.com/)"
66.249.68.8 - - [13/Jun/2021:04:40:23 +0200] "GET /images/med_prod/1399984285152.jpg HTTP/1.1" 200 65906 "-" "Googlebot-Image/1.0"
66.249.68.8 - - [13/Jun/2021:04:40:37 +0200] "GET /images/mini_prod/3665284220642.jpg HTTP/1.1" 200 5930 "-" "Googlebot-Image/1.0"
66.249.68.10 - - [13/Jun/2021:04:41:31 +0200] "GET /images/big_prod/4022158874407.jpg HTTP/1.1" 200 89940 "-" "Googlebot-Image/1.0"
167.114.116.38 - - [13/Jun/2021:04:42:50 +0200] "GET /robots.txt HTTP/1.1" 200 2438 "-" "Mozilla/5.0 (compatible; MJ12bot/v1.4.8; http://mj12bot.com/)"
207.46.13.38 - - [13/Jun/2021:04:44:49 +0200] "GET /js/jquery.js HTTP/1.1" 200 54075 "-" "Mozilla/5.0 (compatible; bingbot/2.0; +http://www.bing.com/bingbot.htm)"
40.77.167.90 - - [13/Jun/2021:04:44:56 +0200] "GET /images/mini_prod/3574640159659.jpg HTTP/1.1" 200 8645 "-" "Mozilla/5.0 (compatible; bingbot/2.0; +http://www.bing.com/bingbot.htm)"
157.90.177.217 - - [13/Jun/2021:04:47:27 +0200] "GET /robots.txt HTTP/1.1" 304 0 "-" "Mozilla/5.0 (compatible; BLEXBot/1.0; +http://webmeup-crawler.com/)"
157.55.39.44 - - [13/Jun/2021:04:49:49 +0200] "GET /images/mini_prod/4012390352528.jpg HTTP/1.1" 200 6761 "-" "Mozilla/5.0 (compatible; bingbot/2.0; +http://www.bing.com/bingbot.htm)"
64.233.173.116 - - [13/Jun/2021:04:50:38 +0200] "GET /images/big_prod_1/3700281645682a.jpg HTTP/1.1" 200 99029 "-" "Mozilla/5.0 (Windows NT 5.1; rv:11.0) Gecko Firefox/11.0 (via ggpht.com GoogleImageProxy)"
157.55.39.152 - - [13/Jun/2021:04:53:52 +0200] "GET /images/big_prod/1341689288259.jpg HTTP/1.1" 200 163541 "-" "Mozilla/5.0 (compatible; bingbot/2.0; +http://www.bing.com/bingbot.htm)"
40.77.167.70 - - [13/Jun/2021:04:53:56 +0200] "GET /images/med_prod/1399984284308N.jpg HTTP/1.1" 200 84849 "-" "Mozilla/5.0 (compatible; bingbot/2.0; +http://www.bing.com/bingbot.htm)"
66.249.68.6 - - [13/Jun/2021:04:54:35 +0200] "GET /images/big_prod_1/b8435465009381.jpg HTTP/1.1" 200 59952 "-" "Googlebot-Image/1.0"
66.249.68.8 - - [13/Jun/2021:04:55:37 +0200] "GET /images/mini_prod/3665284220604.jpg HTTP/1.1" 200 6792 "-" "Googlebot-Image/1.0"
157.90.177.217 - - [13/Jun/2021:04:57:30 +0200] "GET /robots.txt HTTP/1.1" 304 0 "-" "Mozilla/5.0 (compatible; BLEXBot/1.0; +http://webmeup-crawler.com/)"
216.244.66.242 - - [13/Jun/2021:04:58:30 +0200] "GET /robots.txt HTTP/1.1" 200 2438 "-" "Mozilla/5.0 (compatible; DotBot/1.2; +https://opensiteexplorer.org/dotbot; help@moz.com)"
103.131.71.188 - - [13/Jun/2021:05:02:59 +0200] "GET /robots.txt HTTP/1.1" 200 2438 "-" "Mozilla/5.0 (compatible; coccocbot-web/1.0; +http://help.coccoc.com/searchengine)"
40.77.167.106 - - [13/Jun/2021:05:03:19 +0200] "GET /images/big_prod/3609810065154Z.jpg HTTP/1.1" 200 73730 "-" "Mozilla/5.0 (compatible; bingbot/2.0; +http://www.bing.com/bingbot.htm)"
185.191.171.22 - - [13/Jun/2021:05:04:45 +0200] "GET /robots.txt HTTP/1.1" 200 2438 "-" "Mozilla/5.0 (compatible; SemrushBot/7~bl; +http://www.semrush.com/bot.html)"
40.77.167.90 - - [13/Jun/2021:05:05:03 +0200] "GET /images/big_prod/8904245400101.jpg HTTP/1.1" 200 66091 "-" "Mozilla/5.0 (compatible; bingbot/2.0; +http://www.bing.com/bingbot.htm)"
40.77.167.70 - - [13/Jun/2021:05:07:25 +0200] "GET /images/big_prod/5410574484604.jpg HTTP/1.1" 200 123497 "-" "Mozilla/5.0 (compatible; bingbot/2.0; +http://www.bing.com/bingbot.htm)"
157.90.177.217 - - [13/Jun/2021:05:07:34 +0200] "GET /robots.txt HTTP/1.1" 304 0 "-" "Mozilla/5.0 (compatible; BLEXBot/1.0; +http://webmeup-crawler.com/)"
66.249.68.10 - - [13/Jun/2021:05:07:39 +0200] "GET /images/big_prod/3560600314770.jpg HTTP/1.1" 200 72959 "-" "Googlebot-Image/1.0"
207.46.13.38 - - [13/Jun/2021:05:08:51 +0200] "GET /js/jquery.js HTTP/1.1" 200 54075 "-" "Mozilla/5.0 (compatible; bingbot/2.0; +http://www.bing.com/bingbot.htm)"
207.46.13.38 - - [13/Jun/2021:05:08:51 +0200] "GET /js/jquery.js HTTP/1.1" 200 54075 "-" "Mozilla/5.0 (compatible; bingbot/2.0; +http://www.bing.com/bingbot.htm)"
185.191.171.41 - - [13/Jun/2021:05:09:39 +0200] "GET /robots.txt HTTP/1.1" 200 2438 "-" "Mozilla/5.0 (compatible; SemrushBot/7~bl; +http://www.semrush.com/bot.html)"
157.90.177.217 - - [13/Jun/2021:05:17:36 +0200] "GET /robots.txt HTTP/1.1" 304 0 "-" "Mozilla/5.0 (compatible; BLEXBot/1.0; +http://webmeup-crawler.com/)"
66.249.68.8 - - [13/Jun/2021:05:17:39 +0200] "GET /images/mini_prod/9316188079471.jpg HTTP/1.1" 200 6916 "-" "Googlebot-Image/1.0"
66.249.68.8 - - [13/Jun/2021:05:20:43 +0200] "GET /images/med_prod/1399984280959.jpg HTTP/1.1" 200 71376 "-" "Googlebot-Image/1.0"
66.249.68.8 - - [13/Jun/2021:05:25:37 +0200] "GET /images/8421440087406.jpg HTTP/1.1" 200 46784 "-" "Googlebot-Image/1.0"
157.90.177.217 - - [13/Jun/2021:05:27:37 +0200] "GET /robots.txt HTTP/1.1" 304 0 "-" "Mozilla/5.0 (compatible; BLEXBot/1.0; +http://webmeup-crawler.com/)"
66.249.68.8 - - [13/Jun/2021:05:33:46 +0200] "GET /images/big_prod/8424001261628.jpg HTTP/1.1" 200 35232 "-" "Googlebot-Image/1.0"
207.46.13.38 - - [13/Jun/2021:05:35:04 +0200] "GET /js/jquery.js HTTP/1.1" 200 54075 "-" "Mozilla/5.0 (compatible; bingbot/2.0; +http://www.bing.com/bingbot.htm)"
66.249.68.8 - - [13/Jun/2021:05:40:38 +0200] "GET /images/big_prod_1/3453131153584C.jpg HTTP/1.1" 200 485609 "-" "Googlebot-Image/1.0"
216.244.66.242 - - [13/Jun/2021:05:45:38 +0200] "GET /robots.txt HTTP/1.1" 200 2438 "-" "Mozilla/5.0 (compatible; DotBot/1.2; +https://opensiteexplorer.org/dotbot; help@moz.com)"
66.249.68.10 - - [13/Jun/2021:05:45:45 +0200] "GET /js/jquery.js HTTP/1.1" 200 54075 "http://www.wonder-geek.com/-p-3188.html" "Mozilla/5.0 (Linux; Android 6.0.1; Nexus 5X Build/MMB29P) AppleWebKit/537.36 (KHTML, like Gecko) Chrome/90.0.4430.97 Mobile Safari/537.36 (compatible; Googlebot/2.1; +http://www.google.com/bot.html)"
157.55.39.44 - - [13/Jun/2021:05:46:34 +0200] "GET /images/big_prod/3609810084087.jpg HTTP/1.1" 200 73151 "-" "Mozilla/5.0 (compatible; bingbot/2.0; +http://www.bing.com/bingbot.htm)"
207.46.13.79 - - [13/Jun/2021:05:46:41 +0200] "GET /images/big_prod/1365382000000.jpg HTTP/1.1" 200 84555 "-" "Mozilla/5.0 (compatible; bingbot/2.0; +http://www.bing.com/bingbot.htm)"
66.249.68.10 - - [13/Jun/2021:05:46:50 +0200] "GET /images/big_prod/3560600303163.jpg HTTP/1.1" 200 279241 "-" "Googlebot-Image/1.0"
207.46.13.38 - - [13/Jun/2021:05:48:36 +0200] "GET /images/DSCN0109.jpg HTTP/1.1" 200 16026 "-" "Mozilla/5.0 (compatible; bingbot/2.0; +http://www.bing.com/bingbot.htm)"
40.77.167.90 - - [13/Jun/2021:05:52:42 +0200] "GET /images/big_prod/577GJ14.jpg HTTP/1.1" 200 129984 "-" "Mozilla/5.0 (compatible; bingbot/2.0; +http://www.bing.com/bingbot.htm)"
207.46.13.38 - - [13/Jun/2021:05:56:31 +0200] "GET /images/big_prod/8020912049685.jpg HTTP/1.1" 200 80008 "-" "Mozilla/5.0 (compatible; bingbot/2.0; +http://www.bing.com/bingbot.htm)"
66.249.68.8 - - [13/Jun/2021:05:59:54 +0200] "GET /images/mini_prod/8718375755617.jpg HTTP/1.1" 200 7471 "-" "Googlebot-Image/1.0"
207.46.13.38 - - [13/Jun/2021:06:00:11 +0200] "GET /js/jquery.js HTTP/1.1" 200 54075 "-" "Mozilla/5.0 (compatible; bingbot/2.0; +http://www.bing.com/bingbot.htm)"
157.55.39.152 - - [13/Jun/2021:06:01:59 +0200] "GET /images/220108_162618_PEEL_vx2d7w.jpg HTTP/1.1" 200 39480 "-" "Mozilla/5.0 (compatible; bingbot/2.0; +http://www.bing.com/bingbot.htm)"
40.77.167.90 - - [13/Jun/2021:06:03:54 +0200] "GET /images/ROXY.jpg HTTP/1.1" 200 38142 "-" "Mozilla/5.0 (compatible; bingbot/2.0; +http://www.bing.com/bingbot.htm)"
157.55.39.152 - - [13/Jun/2021:06:05:49 +0200] "GET /images/mini_prod/5400924010737.jpg HTTP/1.1" 200 6750 "-" "Mozilla/5.0 (compatible; bingbot/2.0; +http://www.bing.com/bingbot.htm)"
185.191.171.18 - - [13/Jun/2021:06:08:01 +0200] "GET /robots.txt HTTP/1.1" 200 2438 "-" "Mozilla/5.0 (compatible; SemrushBot/7~bl; +http://www.semrush.com/bot.html)"
66.249.68.6 - - [13/Jun/2021:06:10:38 +0200] "GET /images/big_prod_2/1328399220359C.jpg HTTP/1.1" 200 257392 "-" "Googlebot-Image/1.0"
73.108.250.133 - - [13/Jun/2021:06:11:03 +0200] "GET /templates/Pixame_v1/stylesheet.css HTTP/1.1" 200 56057 "http://www.wonder-geek.com/sigil-lucifer-satatic-book-handbag-shape-book-p-40613.html" "Mozilla/5.0 (Linux; Android 8.0.0; VS988) AppleWebKit/537.36 (KHTML, like Gecko) Chrome/90.0.4430.210 Mobile Safari/537.36"
73.108.250.133 - - [13/Jun/2021:06:11:03 +0200] "GET /highslide/highslide.js HTTP/1.1" 200 42909 "http://www.wonder-geek.com/sigil-lucifer-satatic-book-handbag-shape-book-p-40613.html" "Mozilla/5.0 (Linux; Android 8.0.0; VS988) AppleWebKit/537.36 (KHTML, like Gecko) Chrome/90.0.4430.210 Mobile Safari/537.36"
73.108.250.133 - - [13/Jun/2021:06:11:03 +0200] "GET /js/jquery.js HTTP/1.1" 200 54075 "http://www.wonder-geek.com/sigil-lucifer-satatic-book-handbag-shape-book-p-40613.html" "Mozilla/5.0 (Linux; Android 8.0.0; VS988) AppleWebKit/537.36 (KHTML, like Gecko) Chrome/90.0.4430.210 Mobile Safari/537.36"
73.108.250.133 - - [13/Jun/2021:06:11:04 +0200] "GET /js/jquery.jqzoom.js HTTP/1.1" 200 4761 "http://www.wonder-geek.com/sigil-lucifer-satatic-book-handbag-shape-book-p-40613.html" "Mozilla/5.0 (Linux; Android 8.0.0; VS988) AppleWebKit/537.36 (KHTML, like Gecko) Chrome/90.0.4430.210 Mobile Safari/537.36"
73.108.250.133 - - [13/Jun/2021:06:11:04 +0200] "GET /mondial_relay/js/jquery-1.3.2.min.js HTTP/1.1" 200 57254 "http://www.wonder-geek.com/sigil-lucifer-satatic-book-handbag-shape-book-p-40613.html" "Mozilla/5.0 (Linux; Android 8.0.0; VS988) AppleWebKit/537.36 (KHTML, like Gecko) Chrome/90.0.4430.210 Mobile Safari/537.36"
73.108.250.133 - - [13/Jun/2021:06:11:05 +0200] "GET /templates/Pixame_v1/images/icon_accueil2.png HTTP/1.1" 200 1137 "http://www.wonder-geek.com/sigil-lucifer-satatic-book-handbag-shape-book-p-40613.html" "Mozilla/5.0 (Linux; Android 8.0.0; VS988) AppleWebKit/537.36 (KHTML, like Gecko) Chrome/90.0.4430.210 Mobile Safari/537.36"
73.108.250.133 - - [13/Jun/2021:06:11:07 +0200] "GET /templates/Pixame_v1/images/Bottom_texture.jpg HTTP/1.1" 200 56290 "http://www.wonder-geek.com/templates/Pixame_v1/stylesheet.css" "Mozilla/5.0 (Linux; Android 8.0.0; VS988) AppleWebKit/537.36 (KHTML, like Gecko) Chrome/90.0.4430.210 Mobile Safari/537.36"
73.108.250.133 - - [13/Jun/2021:06:11:07 +0200] "GET /templates/Pixame_v1/images/header.png HTTP/1.1" 200 70245 "http://www.wonder-geek.com/templates/Pixame_v1/stylesheet.css" "Mozilla/5.0 (Linux; Android 8.0.0; VS988) AppleWebKit/537.36 (KHTML, like Gecko) Chrome/90.0.4430.210 Mobile Safari/537.36"
73.108.250.133 - - [13/Jun/2021:06:11:08 +0200] "GET /templates/Pixame_v1/images/Middle_texture.jpg HTTP/1.1" 200 249620 "http://www.wonder-geek.com/templates/Pixame_v1/stylesheet.css" "Mozilla/5.0 (Linux; Android 8.0.0; VS988) AppleWebKit/537.36 (KHTML, like Gecko) Chrome/90.0.4430.210 Mobile Safari/537.36"
73.108.250.133 - - [13/Jun/2021:06:11:09 +0200] "GET /templates/Pixame_v1/images/header-object.png HTTP/1.1" 200 106050 "http://www.wonder-geek.com/templates/Pixame_v1/stylesheet.css" "Mozilla/5.0 (Linux; Android 8.0.0; VS988) AppleWebKit/537.36 (KHTML, like Gecko) Chrome/90.0.4430.210 Mobile Safari/537.36"
73.108.250.133 - - [13/Jun/2021:06:11:09 +0200] "GET /images/big_prod/1300000019972.jpg HTTP/1.1" 200 162015 "http://www.wonder-geek.com/sigil-lucifer-satatic-book-handbag-shape-book-p-40613.html" "Mozilla/5.0 (Linux; Android 8.0.0; VS988) AppleWebKit/537.36 (KHTML, like Gecko) Chrome/90.0.4430.210 Mobile Safari/537.36"
73.108.250.133 - - [13/Jun/2021:06:11:13 +0200] "GET /templates/Pixame_v1/images/nav.png HTTP/1.1" 200 1283 "http://www.wonder-geek.com/templates/Pixame_v1/stylesheet.css" "Mozilla/5.0 (Linux; Android 8.0.0; VS988) AppleWebKit/537.36 (KHTML, like Gecko) Chrome/90.0.4430.210 Mobile Safari/537.36"
73.108.250.133 - - [13/Jun/2021:06:11:13 +0200] "GET /design/productsenstock.png HTTP/1.1" 200 4743 "http://www.wonder-geek.com/templates/Pixame_v1/stylesheet.css" "Mozilla/5.0 (Linux; Android 8.0.0; VS988) AppleWebKit/537.36 (KHTML, like Gecko) Chrome/90.0.4430.210 Mobile Safari/537.36"
207.46.13.79 - - [13/Jun/2021:06:11:17 +0200] "GET /images/big_prod/3665269092233.jpg HTTP/1.1" 200 369195 "-" "Mozilla/5.0 (compatible; bingbot/2.0; +http://www.bing.com/bingbot.htm)"
73.108.250.133 - - [13/Jun/2021:06:11:19 +0200] "GET /images/big_prod_1/b1300000019972.jpg HTTP/1.1" 200 76171 "http://www.wonder-geek.com/sigil-lucifer-satatic-book-handbag-shape-book-p-40613.html" "Mozilla/5.0 (Linux; Android 8.0.0; VS988) AppleWebKit/537.36 (KHTML, like Gecko) Chrome/90.0.4430.210 Mobile Safari/537.36"
73.108.250.133 - - [13/Jun/2021:06:11:19 +0200] "GET /images/big_prod_2/c1300000019972.jpg HTTP/1.1" 200 123131 "http://www.wonder-geek.com/sigil-lucifer-satatic-book-handbag-shape-book-p-40613.html" "Mozilla/5.0 (Linux; Android 8.0.0; VS988) AppleWebKit/537.36 (KHTML, like Gecko) Chrome/90.0.4430.210 Mobile Safari/537.36"
73.108.250.133 - - [13/Jun/2021:06:11:19 +0200] "GET /images/big_prod_3/d1300000019972.jpg HTTP/1.1" 200 123666 "http://www.wonder-geek.com/sigil-lucifer-satatic-book-handbag-shape-book-p-40613.html" "Mozilla/5.0 (Linux; Android 8.0.0; VS988) AppleWebKit/537.36 (KHTML, like Gecko) Chrome/90.0.4430.210 Mobile Safari/537.36"
73.108.250.133 - - [13/Jun/2021:06:11:19 +0200] "GET /templates/Pixame_v1/images/buttons/english/button_in_cart.gif HTTP/1.1" 200 1212 "http://www.wonder-geek.com/sigil-lucifer-satatic-book-handbag-shape-book-p-40613.html" "Mozilla/5.0 (Linux; Android 8.0.0; VS988) AppleWebKit/537.36 (KHTML, like Gecko) Chrome/90.0.4430.210 Mobile Safari/537.36"
73.108.250.133 - - [13/Jun/2021:06:11:21 +0200] "GET /highslide/graphics/outlines/drop-shadow.png HTTP/1.1" 200 2022 "http://www.wonder-geek.com/sigil-lucifer-satatic-book-handbag-shape-book-p-40613.html" "Mozilla/5.0 (Linux; Android 8.0.0; VS988) AppleWebKit/537.36 (KHTML, like Gecko) Chrome/90.0.4430.210 Mobile Safari/537.36"
66.249.68.6 - - [13/Jun/2021:06:12:58 +0200] "GET /images/mini_prod/3661443602052.jpg HTTP/1.1" 200 4153 "-" "Googlebot-Image/1.0"
66.249.68.6 - - [13/Jun/2021:06:19:57 +0200] "GET /images/mini_prod/9316188076159.jpg HTTP/1.1" 200 7150 "-" "Googlebot-Image/1.0"
157.55.39.128 - - [13/Jun/2021:06:21:57 +0200] "GET /images/med_prod/1384010176436.jpg HTTP/1.1" 200 84953 "-" "Mozilla/5.0 (compatible; bingbot/2.0; +http://www.bing.com/bingbot.htm)"
66.249.68.6 - - [13/Jun/2021:06:25:38 +0200] "GET /images/501212833935610072012.jpg HTTP/1.1" 200 63048 "-" "Googlebot-Image/1.0"
207.46.13.38 - - [13/Jun/2021:06:25:45 +0200] "GET /js/jquery.js HTTP/1.1" 200 54075 "-" "Mozilla/5.0 (compatible; bingbot/2.0; +http://www.bing.com/bingbot.htm)"
66.249.68.8 - - [13/Jun/2021:06:27:05 +0200] "GET /images/big_prod/3520071711744.jpg HTTP/1.1" 200 316158 "-" "Googlebot-Image/1.0"
40.77.167.90 - - [13/Jun/2021:06:28:08 +0200] "GET /images/8028501267021B.jpg HTTP/1.1" 200 72308 "-" "Mozilla/5.0 (compatible; bingbot/2.0; +http://www.bing.com/bingbot.htm)"
40.77.167.90 - - [13/Jun/2021:06:30:18 +0200] "GET /images/big_prod/3609810082045.jpg HTTP/1.1" 200 101857 "-" "Mozilla/5.0 (compatible; bingbot/2.0; +http://www.bing.com/bingbot.htm)"
216.244.66.242 - - [13/Jun/2021:06:33:46 +0200] "GET /robots.txt HTTP/1.1" 200 2438 "-" "Mozilla/5.0 (compatible; DotBot/1.2; +https://opensiteexplorer.org/dotbot; help@moz.com)"
157.55.39.128 - - [13/Jun/2021:06:40:30 +0200] "GET /images/teeshirtcapuchepokemon.jpg HTTP/1.1" 200 29765 "-" "Mozilla/5.0 (compatible; bingbot/2.0; +http://www.bing.com/bingbot.htm)"
66.249.68.6 - - [13/Jun/2021:06:40:38 +0200] "GET /images/big_prod_1/3609810096219b.jpg HTTP/1.1" 200 105676 "-" "Googlebot-Image/1.0"
207.46.13.79 - - [13/Jun/2021:06:48:18 +0200] "GET /images/big_prod_1/c8717202556908.jpg HTTP/1.1" 200 49067 "-" "Mozilla/5.0 (compatible; bingbot/2.0; +http://www.bing.com/bingbot.htm)"
40.77.167.106 - - [13/Jun/2021:06:48:25 +0200] "GET /images/big_prod/3608860242829.jpg HTTP/1.1" 200 48854 "-" "Mozilla/5.0 (compatible; bingbot/2.0; +http://www.bing.com/bingbot.htm)"
40.77.167.70 - - [13/Jun/2021:06:49:35 +0200] "GET /images/med_prod/1384010178416.jpg HTTP/1.1" 200 112018 "-" "Mozilla/5.0 (compatible; bingbot/2.0; +http://www.bing.com/bingbot.htm)"
66.249.68.6 - - [13/Jun/2021:06:52:21 +0200] "GET /images/8412906996745.jpg HTTP/1.1" 200 55471 "-" "Googlebot-Image/1.0"
157.55.39.152 - - [13/Jun/2021:06:54:36 +0200] "GET /images/3700235419345.jpg HTTP/1.1" 200 18327 "-" "Mozilla/5.0 (compatible; bingbot/2.0; +http://www.bing.com/bingbot.htm)"
157.55.39.122 - - [13/Jun/2021:06:57:21 +0200] "GET /images/8435306246555.jpg HTTP/1.1" 200 91026 "-" "Mozilla/5.0 (compatible; bingbot/2.0; +http://www.bing.com/bingbot.htm)"
207.46.13.38 - - [13/Jun/2021:07:05:48 +0200] "GET /images/big_prod/8717202559642.jpg HTTP/1.1" 200 271103 "-" "Mozilla/5.0 (compatible; bingbot/2.0; +http://www.bing.com/bingbot.htm)"
66.249.68.6 - - [13/Jun/2021:07:07:16 +0200] "GET /robots.txt HTTP/1.1" 200 2438 "-" "Mozilla/5.0 (compatible; Googlebot/2.1; +http://www.google.com/bot.html)"
185.191.171.15 - - [13/Jun/2021:07:08:23 +0200] "GET /robots.txt HTTP/1.1" 200 2438 "-" "Mozilla/5.0 (compatible; SemrushBot/7~bl; +http://www.semrush.com/bot.html)"
157.55.39.128 - - [13/Jun/2021:07:08:53 +0200] "GET /images/9316188056038.jpg HTTP/1.1" 200 94985 "-" "Mozilla/5.0 (compatible; bingbot/2.0; +http://www.bing.com/bingbot.htm)"
66.249.68.10 - - [13/Jun/2021:07:10:38 +0200] "GET /images/3438100346556.jpg HTTP/1.1" 200 45806 "-" "Googlebot-Image/1.0"
207.46.13.79 - - [13/Jun/2021:07:11:35 +0200] "GET /images/big_prod/4029811369379.jpg HTTP/1.1" 200 104447 "-" "Mozilla/5.0 (compatible; bingbot/2.0; +http://www.bing.com/bingbot.htm)"
40.64.105.247 - - [13/Jun/2021:07:12:18 +0200] "GET /images/big_prod_3/1328399219599c.jpg HTTP/1.1" 200 66493 "-" "DuckDuckBot/1.1; (+http://duckduckgo.com/duckduckbot.html)"
207.46.13.38 - - [13/Jun/2021:07:13:55 +0200] "GET /js/jquery.js HTTP/1.1" 200 54075 "-" "Mozilla/5.0 (compatible; bingbot/2.0; +http://www.bing.com/bingbot.htm)"
207.46.13.38 - - [13/Jun/2021:07:13:56 +0200] "GET /js/jquery.js HTTP/1.1" 200 54075 "-" "Mozilla/5.0 (compatible; bingbot/2.0; +http://www.bing.com/bingbot.htm)"
207.46.13.38 - - [13/Jun/2021:07:13:56 +0200] "GET /js/jquery.js HTTP/1.1" 200 54075 "-" "Mozilla/5.0 (compatible; bingbot/2.0; +http://www.bing.com/bingbot.htm)"
207.46.13.38 - - [13/Jun/2021:07:13:57 +0200] "GET /js/jquery.js HTTP/1.1" 200 54075 "-" "Mozilla/5.0 (compatible; bingbot/2.0; +http://www.bing.com/bingbot.htm)"
157.55.39.152 - - [13/Jun/2021:07:14:00 +0200] "GET /images/big_prod/5401924021044.jpg HTTP/1.1" 200 28943 "-" "Mozilla/5.0 (compatible; bingbot/2.0; +http://www.bing.com/bingbot.htm)"
66.249.68.6 - - [13/Jun/2021:07:17:59 +0200] "GET /images/1399984256091.jpg HTTP/1.1" 200 148495 "-" "Googlebot-Image/1.0"
216.244.66.242 - - [13/Jun/2021:07:22:16 +0200] "GET /robots.txt HTTP/1.1" 200 2438 "-" "Mozilla/5.0 (compatible; DotBot/1.2; +https://opensiteexplorer.org/dotbot; help@moz.com)"
207.46.13.38 - - [13/Jun/2021:07:24:17 +0200] "GET /images/big_prod_1/3609810065154a.jpg HTTP/1.1" 200 211274 "-" "Mozilla/5.0 (compatible; bingbot/2.0; +http://www.bing.com/bingbot.htm)"
207.46.13.38 - - [13/Jun/2021:07:31:58 +0200] "GET /images/med_prod/1384010179185.jpg HTTP/1.1" 200 94907 "-" "Mozilla/5.0 (compatible; bingbot/2.0; +http://www.bing.com/bingbot.htm)"
207.46.13.79 - - [13/Jun/2021:07:34:11 +0200] "GET /images/9316188050197.jpg HTTP/1.1" 200 109470 "-" "Mozilla/5.0 (compatible; bingbot/2.0; +http://www.bing.com/bingbot.htm)"
157.55.39.128 - - [13/Jun/2021:07:37:32 +0200] "GET /images/big_prod/3014627889389.jpg HTTP/1.1" 200 101519 "-" "Mozilla/5.0 (compatible; bingbot/2.0; +http://www.bing.com/bingbot.htm)"
207.46.13.79 - - [13/Jun/2021:07:38:52 +0200] "GET /images/big_prod/4012390384352.jpg HTTP/1.1" 200 91105 "-" "Mozilla/5.0 (compatible; bingbot/2.0; +http://www.bing.com/bingbot.htm)"
66.249.68.6 - - [13/Jun/2021:07:40:37 +0200] "GET /images/mini_prod/3665269117424.jpg HTTP/1.1" 200 6013 "-" "Googlebot-Image/1.0"
40.77.167.106 - - [13/Jun/2021:07:41:11 +0200] "GET /images/big_prod/3700281645446.jpg HTTP/1.1" 200 256686 "-" "Mozilla/5.0 (compatible; bingbot/2.0; +http://www.bing.com/bingbot.htm)"
207.46.13.79 - - [13/Jun/2021:07:42:53 +0200] "GET /images/big_prod/3665269008029.jpg HTTP/1.1" 200 83484 "-" "Mozilla/5.0 (compatible; bingbot/2.0; +http://www.bing.com/bingbot.htm)"
66.249.68.10 - - [13/Jun/2021:07:43:57 +0200] "GET /images/mini_prod/3609810077287.jpg HTTP/1.1" 200 12653 "-" "Googlebot-Image/1.0"
157.55.39.122 - - [13/Jun/2021:07:47:47 +0200] "GET /images/med_prod/8435107795085.jpg HTTP/1.1" 200 128429 "-" "Mozilla/5.0 (compatible; bingbot/2.0; +http://www.bing.com/bingbot.htm)"
207.46.13.38 - - [13/Jun/2021:07:48:11 +0200] "GET /images/330721281312917072012.jpg HTTP/1.1" 200 63390 "-" "Mozilla/5.0 (compatible; bingbot/2.0; +http://www.bing.com/bingbot.htm)"
40.77.167.70 - - [13/Jun/2021:07:49:31 +0200] "GET /images/big_prod/8422001888104.jpg HTTP/1.1" 200 55455 "-" "Mozilla/5.0 (compatible; bingbot/2.0; +http://www.bing.com/bingbot.htm)"
207.46.13.38 - - [13/Jun/2021:07:55:02 +0200] "GET /images/big_prod/8422096017618.jpg HTTP/1.1" 200 110371 "-" "Mozilla/5.0 (compatible; bingbot/2.0; +http://www.bing.com/bingbot.htm)"
40.77.167.106 - - [13/Jun/2021:07:56:27 +0200] "GET /images/big_prod/3453131151276.jpg HTTP/1.1" 200 168395 "-" "Mozilla/5.0 (compatible; bingbot/2.0; +http://www.bing.com/bingbot.htm)"
64.233.173.116 - - [13/Jun/2021:08:03:44 +0200] "GET /images/big_prod_1/8904245400491.jpg HTTP/1.1" 200 99804 "-" "Mozilla/5.0 (Windows NT 5.1; rv:11.0) Gecko Firefox/11.0 (via ggpht.com GoogleImageProxy)"
207.46.13.38 - - [13/Jun/2021:08:04:28 +0200] "GET /images/big_prod/1284220071968.jpg HTTP/1.1" 200 146958 "-" "Mozilla/5.0 (compatible; bingbot/2.0; +http://www.bing.com/bingbot.htm)"
66.249.80.48 - - [13/Jun/2021:08:04:39 +0200] "GET /images/1399984256107.jpg HTTP/1.1" 200 94568 "-" "Mozilla/5.0 (Windows NT 5.1; rv:11.0) Gecko Firefox/11.0 (via ggpht.com GoogleImageProxy)"
157.55.39.122 - - [13/Jun/2021:08:05:48 +0200] "GET /images/big_prod/3453131150491.jpg HTTP/1.1" 200 132421 "-" "Mozilla/5.0 (compatible; bingbot/2.0; +http://www.bing.com/bingbot.htm)"
157.55.39.128 - - [13/Jun/2021:08:07:17 +0200] "GET /images/mini_prod/1300000022842.jpg HTTP/1.1" 200 5047 "-" "Mozilla/5.0 (compatible; bingbot/2.0; +http://www.bing.com/bingbot.htm)"
207.46.13.79 - - [13/Jun/2021:08:07:31 +0200] "GET /images/big_prod_4/6971640206074d.jpg HTTP/1.1" 200 181054 "-" "Mozilla/5.0 (compatible; bingbot/2.0; +http://www.bing.com/bingbot.htm)"
207.46.13.38 - - [13/Jun/2021:08:07:40 +0200] "GET /js/jquery.js HTTP/1.1" 200 54075 "-" "Mozilla/5.0 (compatible; bingbot/2.0; +http://www.bing.com/bingbot.htm)"
207.46.13.38 - - [13/Jun/2021:08:07:43 +0200] "GET /js/jquery.js HTTP/1.1" 200 54075 "-" "Mozilla/5.0 (compatible; bingbot/2.0; +http://www.bing.com/bingbot.htm)"
157.55.39.152 - - [13/Jun/2021:08:08:53 +0200] "GET /images/big_prod_1/3574640130559b.jpg HTTP/1.1" 200 222917 "-" "Mozilla/5.0 (compatible; bingbot/2.0; +http://www.bing.com/bingbot.htm)"
185.191.171.43 - - [13/Jun/2021:08:09:24 +0200] "GET /robots.txt HTTP/1.1" 200 2438 "-" "Mozilla/5.0 (compatible; SemrushBot/7~bl; +http://www.semrush.com/bot.html)"
66.249.68.8 - - [13/Jun/2021:08:09:56 +0200] "GET /images/big_prod/9316188082167.jpg HTTP/1.1" 200 52176 "-" "Googlebot-Image/1.0"
216.244.66.242 - - [13/Jun/2021:08:10:08 +0200] "GET /robots.txt HTTP/1.1" 200 2438 "-" "Mozilla/5.0 (compatible; DotBot/1.2; +https://opensiteexplorer.org/dotbot; help@moz.com)"
157.55.39.44 - - [13/Jun/2021:08:11:08 +0200] "GET /images/med_prod/5901130040636.jpg HTTP/1.1" 200 111476 "-" "Mozilla/5.0 (compatible; bingbot/2.0; +http://www.bing.com/bingbot.htm)"
40.77.167.90 - - [13/Jun/2021:08:11:12 +0200] "GET /images/mini_prod/8421440012309.jpg HTTP/1.1" 200 10252 "-" "Mozilla/5.0 (compatible; bingbot/2.0; +http://www.bing.com/bingbot.htm)"
40.77.167.70 - - [13/Jun/2021:08:13:53 +0200] "GET /images/big_prod/3609810090200.jpg HTTP/1.1" 200 129692 "-" "Mozilla/5.0 (compatible; bingbot/2.0; +http://www.bing.com/bingbot.htm)"
157.55.39.128 - - [13/Jun/2021:08:16:49 +0200] "GET /images/1345544394314.jpg HTTP/1.1" 200 75836 "-" "Mozilla/5.0 (compatible; bingbot/2.0; +http://www.bing.com/bingbot.htm)"
216.244.66.242 - - [13/Jun/2021:08:17:22 +0200] "GET /images/big_prod_1/b8435333807804.jpg HTTP/1.1" 200 86824 "-" "Mozilla/5.0 (compatible; DotBot/1.2; +https://opensiteexplorer.org/dotbot; help@moz.com)"
40.77.167.90 - - [13/Jun/2021:08:18:19 +0200] "GET /images/big_prod_1/78-4153b.jpg HTTP/1.1" 200 59186 "-" "Mozilla/5.0 (compatible; bingbot/2.0; +http://www.bing.com/bingbot.htm)"
40.77.167.106 - - [13/Jun/2021:08:21:05 +0200] "GET /images/big_prod/1384010188361.jpg HTTP/1.1" 200 62901 "-" "Mozilla/5.0 (compatible; bingbot/2.0; +http://www.bing.com/bingbot.htm)"
74.125.209.16 - - [13/Jun/2021:08:23:08 +0200] "GET /images/big_prod_1/8717202557639b.jpg HTTP/1.1" 200 124790 "-" "Mozilla/5.0 (Windows NT 5.1; rv:11.0) Gecko Firefox/11.0 (via ggpht.com GoogleImageProxy)"
207.46.13.38 - - [13/Jun/2021:08:24:34 +0200] "GET /images/med_prod/1341689437312.jpg HTTP/1.1" 200 94062 "-" "Mozilla/5.0 (compatible; bingbot/2.0; +http://www.bing.com/bingbot.htm)"
157.55.39.128 - - [13/Jun/2021:08:29:20 +0200] "GET /images/045544476133.jpg HTTP/1.1" 200 28879 "-" "Mozilla/5.0 (compatible; bingbot/2.0; +http://www.bing.com/bingbot.htm)"
207.46.13.38 - - [13/Jun/2021:08:33:25 +0200] "GET /js/jquery.js HTTP/1.1" 200 54075 "-" "Mozilla/5.0 (compatible; bingbot/2.0; +http://www.bing.com/bingbot.htm)"
66.249.68.6 - - [13/Jun/2021:08:43:10 +0200] "GET /robots.txt HTTP/1.1" 200 2438 "-" "Mozilla/5.0 (compatible; Googlebot/2.1; +http://www.google.com/bot.html)"
66.249.68.8 - - [13/Jun/2021:08:46:16 +0200] "GET /images/mini_prod/8712159169782.jpg HTTP/1.1" 200 5936 "-" "Googlebot-Image/1.0"
157.55.39.128 - - [13/Jun/2021:08:47:31 +0200] "GET /images/3660173162270.jpg HTTP/1.1" 200 32897 "-" "Mozilla/5.0 (compatible; bingbot/2.0; +http://www.bing.com/bingbot.htm)"
207.46.13.38 - - [13/Jun/2021:08:48:18 +0200] "GET /images/big_prod/1399986106011.jpg HTTP/1.1" 200 58090 "-" "Mozilla/5.0 (compatible; bingbot/2.0; +http://www.bing.com/bingbot.htm)"
207.46.13.38 - - [13/Jun/2021:08:50:36 +0200] "GET /images/4029811304431.jpg HTTP/1.1" 200 123116 "-" "Mozilla/5.0 (compatible; bingbot/2.0; +http://www.bing.com/bingbot.htm)"
207.46.13.38 - - [13/Jun/2021:08:53:15 +0200] "GET /js/jquery.js HTTP/1.1" 200 54075 "-" "Mozilla/5.0 (compatible; bingbot/2.0; +http://www.bing.com/bingbot.htm)"
40.77.167.70 - - [13/Jun/2021:08:53:16 +0200] "GET /highslide/highslide.js HTTP/1.1" 200 42909 "-" "Mozilla/5.0 (compatible; bingbot/2.0; +http://www.bing.com/bingbot.htm)"
157.55.39.152 - - [13/Jun/2021:08:53:19 +0200] "GET /js/jquery.jqzoom.js HTTP/1.1" 200 4761 "-" "Mozilla/5.0 (compatible; bingbot/2.0; +http://www.bing.com/bingbot.htm)"
207.46.13.79 - - [13/Jun/2021:08:53:25 +0200] "GET /mondial_relay/js/jquery-1.3.2.min.js HTTP/1.1" 200 57254 "-" "Mozilla/5.0 (compatible; bingbot/2.0; +http://www.bing.com/bingbot.htm)"
157.55.39.128 - - [13/Jun/2021:08:55:34 +0200] "GET /images/big_prod/8422096017601.jpg HTTP/1.1" 200 132199 "-" "Mozilla/5.0 (compatible; bingbot/2.0; +http://www.bing.com/bingbot.htm)"
157.55.39.128 - - [13/Jun/2021:08:55:53 +0200] "GET /images/big_prod_2/3609810065154.jpg HTTP/1.1" 200 93127 "-" "Mozilla/5.0 (compatible; bingbot/2.0; +http://www.bing.com/bingbot.htm)"
66.249.68.10 - - [13/Jun/2021:08:56:16 +0200] "GET /images/big_prod/4029811336319.jpg HTTP/1.1" 200 166365 "-" "Googlebot-Image/1.0"
207.46.13.38 - - [13/Jun/2021:08:56:46 +0200] "GET /js/jquery.js HTTP/1.1" 200 54075 "-" "Mozilla/5.0 (compatible; bingbot/2.0; +http://www.bing.com/bingbot.htm)"
66.249.81.48 - - [13/Jun/2021:08:56:58 +0200] "GET /images/big_prod/8422012915202.jpg HTTP/1.1" 200 221147 "-" "Mozilla/5.0 (Windows NT 5.1; rv:11.0) Gecko Firefox/11.0 (via ggpht.com GoogleImageProxy)"
217.15.236.105 - - [13/Jun/2021:08:57:07 +0200] "GET /js/jquery.jqzoom.js HTTP/1.1" 200 4761 "http://www.wonder-geek.com/" "Mozilla/5.0 (iPhone; CPU iPhone OS 14_6 like Mac OS X) AppleWebKit/605.1.15 (KHTML, like Gecko) CriOS/91.0.4472.80 Mobile/15E148 Safari/604.1"
217.15.236.105 - - [13/Jun/2021:08:57:07 +0200] "GET /templates/Pixame_v1/stylesheet.css HTTP/1.1" 200 56057 "http://www.wonder-geek.com/" "Mozilla/5.0 (iPhone; CPU iPhone OS 14_6 like Mac OS X) AppleWebKit/605.1.15 (KHTML, like Gecko) CriOS/91.0.4472.80 Mobile/15E148 Safari/604.1"
217.15.236.105 - - [13/Jun/2021:08:57:08 +0200] "GET /highslide/highslide.js HTTP/1.1" 200 42909 "http://www.wonder-geek.com/" "Mozilla/5.0 (iPhone; CPU iPhone OS 14_6 like Mac OS X) AppleWebKit/605.1.15 (KHTML, like Gecko) CriOS/91.0.4472.80 Mobile/15E148 Safari/604.1"
217.15.236.105 - - [13/Jun/2021:08:57:08 +0200] "GET /js/jquery.js HTTP/1.1" 200 54075 "http://www.wonder-geek.com/" "Mozilla/5.0 (iPhone; CPU iPhone OS 14_6 like Mac OS X) AppleWebKit/605.1.15 (KHTML, like Gecko) CriOS/91.0.4472.80 Mobile/15E148 Safari/604.1"
217.15.236.105 - - [13/Jun/2021:08:57:08 +0200] "GET /templates/Pixame_v1/images/icon_accueil2.png HTTP/1.1" 200 1137 "http://www.wonder-geek.com/" "Mozilla/5.0 (iPhone; CPU iPhone OS 14_6 like Mac OS X) AppleWebKit/605.1.15 (KHTML, like Gecko) CriOS/91.0.4472.80 Mobile/15E148 Safari/604.1"
217.15.236.105 - - [13/Jun/2021:08:57:08 +0200] "GET /mondial_relay/js/jquery-1.3.2.min.js HTTP/1.1" 200 57254 "http://www.wonder-geek.com/" "Mozilla/5.0 (iPhone; CPU iPhone OS 14_6 like Mac OS X) AppleWebKit/605.1.15 (KHTML, like Gecko) CriOS/91.0.4472.80 Mobile/15E148 Safari/604.1"
217.15.236.105 - - [13/Jun/2021:08:57:08 +0200] "GET /templates/Pixame_v1/images/buttons/english/button_in_cart.gif HTTP/1.1" 200 1212 "http://www.wonder-geek.com/" "Mozilla/5.0 (iPhone; CPU iPhone OS 14_6 like Mac OS X) AppleWebKit/605.1.15 (KHTML, like Gecko) CriOS/91.0.4472.80 Mobile/15E148 Safari/604.1"
217.15.236.105 - - [13/Jun/2021:08:57:08 +0200] "GET /images/big_prod/8422012915202.jpg HTTP/1.1" 200 221147 "http://www.wonder-geek.com/" "Mozilla/5.0 (iPhone; CPU iPhone OS 14_6 like Mac OS X) AppleWebKit/605.1.15 (KHTML, like Gecko) CriOS/91.0.4472.80 Mobile/15E148 Safari/604.1"
217.15.236.105 - - [13/Jun/2021:08:57:08 +0200] "GET /favicon.ico HTTP/1.1" 200 1591 "-" "Mozilla/5.0 (iPhone; CPU iPhone OS 14_6 like Mac OS X) AppleWebKit/605.1.15 (KHTML, like Gecko) CriOS/91.0.4472.80 Mobile/15E148 Safari/604.1"
217.15.236.105 - - [13/Jun/2021:08:57:08 +0200] "GET /templates/Pixame_v1/images/Bottom_texture.jpg HTTP/1.1" 200 56290 "http://www.wonder-geek.com/" "Mozilla/5.0 (iPhone; CPU iPhone OS 14_6 like Mac OS X) AppleWebKit/605.1.15 (KHTML, like Gecko) CriOS/91.0.4472.80 Mobile/15E148 Safari/604.1"
217.15.236.105 - - [13/Jun/2021:08:57:08 +0200] "GET /templates/Pixame_v1/images/header.png HTTP/1.1" 200 70245 "http://www.wonder-geek.com/" "Mozilla/5.0 (iPhone; CPU iPhone OS 14_6 like Mac OS X) AppleWebKit/605.1.15 (KHTML, like Gecko) CriOS/91.0.4472.80 Mobile/15E148 Safari/604.1"
217.15.236.105 - - [13/Jun/2021:08:57:08 +0200] "GET /templates/Pixame_v1/images/nav.png HTTP/1.1" 200 1283 "http://www.wonder-geek.com/" "Mozilla/5.0 (iPhone; CPU iPhone OS 14_6 like Mac OS X) AppleWebKit/605.1.15 (KHTML, like Gecko) CriOS/91.0.4472.80 Mobile/15E148 Safari/604.1"
217.15.236.105 - - [13/Jun/2021:08:57:08 +0200] "GET /images/big_prod_1/8422012915202B.jpg HTTP/1.1" 200 494413 "http://www.wonder-geek.com/" "Mozilla/5.0 (iPhone; CPU iPhone OS 14_6 like Mac OS X) AppleWebKit/605.1.15 (KHTML, like Gecko) CriOS/91.0.4472.80 Mobile/15E148 Safari/604.1"
217.15.236.105 - - [13/Jun/2021:08:57:08 +0200] "GET /templates/Pixame_v1/images/Middle_texture.jpg HTTP/1.1" 200 249620 "http://www.wonder-geek.com/" "Mozilla/5.0 (iPhone; CPU iPhone OS 14_6 like Mac OS X) AppleWebKit/605.1.15 (KHTML, like Gecko) CriOS/91.0.4472.80 Mobile/15E148 Safari/604.1"
217.15.236.105 - - [13/Jun/2021:08:57:08 +0200] "GET /design/productsenstock.png HTTP/1.1" 200 4743 "http://www.wonder-geek.com/" "Mozilla/5.0 (iPhone; CPU iPhone OS 14_6 like Mac OS X) AppleWebKit/605.1.15 (KHTML, like Gecko) CriOS/91.0.4472.80 Mobile/15E148 Safari/604.1"
217.15.236.105 - - [13/Jun/2021:08:57:08 +0200] "GET /templates/Pixame_v1/images/header-object.png HTTP/1.1" 200 106050 "http://www.wonder-geek.com/" "Mozilla/5.0 (iPhone; CPU iPhone OS 14_6 like Mac OS X) AppleWebKit/605.1.15 (KHTML, like Gecko) CriOS/91.0.4472.80 Mobile/15E148 Safari/604.1"
217.15.236.105 - - [13/Jun/2021:08:57:08 +0200] "GET /highslide/graphics/outlines/drop-shadow.png HTTP/1.1" 200 2022 "http://www.wonder-geek.com/" "Mozilla/5.0 (iPhone; CPU iPhone OS 14_6 like Mac OS X) AppleWebKit/605.1.15 (KHTML, like Gecko) CriOS/91.0.4472.80 Mobile/15E148 Safari/604.1"
216.244.66.242 - - [13/Jun/2021:08:58:17 +0200] "GET /robots.txt HTTP/1.1" 200 2438 "-" "Mozilla/5.0 (compatible; DotBot/1.2; +https://opensiteexplorer.org/dotbot; help@moz.com)"
66.249.68.6 - - [13/Jun/2021:09:06:16 +0200] "GET /images/big_prod/3574642575143.jpg HTTP/1.1" 200 174761 "-" "Googlebot-Image/1.0"
157.55.39.122 - - [13/Jun/2021:09:08:54 +0200] "GET /images/mini_prod/4891320388130.jpg HTTP/1.1" 200 8701 "-" "Mozilla/5.0 (compatible; bingbot/2.0; +http://www.bing.com/bingbot.htm)"
185.191.171.17 - - [13/Jun/2021:09:09:36 +0200] "GET /robots.txt HTTP/1.1" 200 2438 "-" "Mozilla/5.0 (compatible; SemrushBot/7~bl; +http://www.semrush.com/bot.html)"
66.249.68.6 - - [13/Jun/2021:09:16:16 +0200] "GET /images/mini_prod/3565750200065.jpg HTTP/1.1" 200 6038 "-" "Googlebot-Image/1.0"
157.55.39.152 - - [13/Jun/2021:09:20:40 +0200] "GET /images/big_prod_1/6971640206074a.jpg HTTP/1.1" 200 172154 "-" "Mozilla/5.0 (compatible; bingbot/2.0; +http://www.bing.com/bingbot.htm)"
207.46.13.38 - - [13/Jun/2021:09:22:28 +0200] "GET /js/jquery.js HTTP/1.1" 200 54075 "-" "Mozilla/5.0 (compatible; bingbot/2.0; +http://www.bing.com/bingbot.htm)"
207.46.13.38 - - [13/Jun/2021:09:22:38 +0200] "GET /js/jquery.js HTTP/1.1" 200 54075 "-" "Mozilla/5.0 (compatible; bingbot/2.0; +http://www.bing.com/bingbot.htm)"
66.249.68.8 - - [13/Jun/2021:09:26:16 +0200] "GET /images/mini_prod/3539570204008.jpg HTTP/1.1" 200 8694 "-" "Googlebot-Image/1.0"
40.77.167.90 - - [13/Jun/2021:09:27:07 +0200] "GET /images/big_prod/3665269007169.jpg HTTP/1.1" 200 208101 "-" "Mozilla/5.0 (compatible; bingbot/2.0; +http://www.bing.com/bingbot.htm)"
207.46.13.79 - - [13/Jun/2021:09:27:22 +0200] "GET /images/big_prod/9316188086738.jpg HTTP/1.1" 200 73382 "-" "Mozilla/5.0 (compatible; bingbot/2.0; +http://www.bing.com/bingbot.htm)"
157.55.39.152 - - [13/Jun/2021:09:28:30 +0200] "GET /images/mini_prod/3503420219726SC001.jpg HTTP/1.1" 200 4224 "-" "Mozilla/5.0 (compatible; bingbot/2.0; +http://www.bing.com/bingbot.htm)"
40.77.167.106 - - [13/Jun/2021:09:29:11 +0200] "GET /images/1399984231623.jpg HTTP/1.1" 200 36008 "-" "Mozilla/5.0 (compatible; bingbot/2.0; +http://www.bing.com/bingbot.htm)"
114.5.102.229 - - [13/Jun/2021:09:31:11 +0200] "GET /images/med_prod/1399984288900.jpg HTTP/1.1" 200 92940 "-" "Mozilla/4.0 (compatible; MSIE 7.0; Windows NT 10.0; Win64; x64; Trident/7.0; .NET4.0C; .NET4.0E; McAfee; .NET CLR 2.0.50727; .NET CLR 3.0.30729; .NET CLR 3.5.30729)"
52.184.84.234 - - [13/Jun/2021:09:31:11 +0200] "GET /images/med_prod/1399984288900.jpg HTTP/1.1" 200 92940 "-" "Mozilla/5.0 (Windows NT 6.1; WOW64) AppleWebKit/534+ (KHTML, like Gecko) BingPreview/1.0b"
40.77.167.90 - - [13/Jun/2021:09:31:17 +0200] "GET /images/big_prod/8433933182284.jpg HTTP/1.1" 200 111651 "-" "Mozilla/5.0 (compatible; bingbot/2.0; +http://www.bing.com/bingbot.htm)"
40.77.167.90 - - [13/Jun/2021:09:32:07 +0200] "GET /images/190907_025632_PEEL_keGG7K.jpg HTTP/1.1" 200 50034 "-" "Mozilla/5.0 (compatible; bingbot/2.0; +http://www.bing.com/bingbot.htm)"
40.77.167.70 - - [13/Jun/2021:09:33:31 +0200] "GET /images/mini_prod/1341689137342.jpg HTTP/1.1" 200 9085 "-" "Mozilla/5.0 (compatible; bingbot/2.0; +http://www.bing.com/bingbot.htm)"
40.77.167.106 - - [13/Jun/2021:09:33:50 +0200] "GET /images/big_prod/3609810045163.jpg HTTP/1.1" 200 96632 "-" "Mozilla/5.0 (compatible; bingbot/2.0; +http://www.bing.com/bingbot.htm)"
157.55.39.128 - - [13/Jun/2021:09:34:16 +0200] "GET /images/med_prod/3609080717609.jpg HTTP/1.1" 200 149315 "-" "Mozilla/5.0 (compatible; bingbot/2.0; +http://www.bing.com/bingbot.htm)"
66.249.81.48 - - [13/Jun/2021:09:34:38 +0200] "GET /images/9316188038751.jpg HTTP/1.1" 200 69800 "-" "Mozilla/5.0 (Windows NT 5.1; rv:11.0) Gecko Firefox/11.0 (via ggpht.com GoogleImageProxy)"
40.77.167.90 - - [13/Jun/2021:09:35:56 +0200] "GET /images/mini_prod/3760049592467.jpg HTTP/1.1" 200 6359 "-" "Mozilla/5.0 (compatible; bingbot/2.0; +http://www.bing.com/bingbot.htm)"
207.46.13.38 - - [13/Jun/2021:09:40:32 +0200] "GET /images/1399984255643.jpg HTTP/1.1" 200 83137 "-" "Mozilla/5.0 (compatible; bingbot/2.0; +http://www.bing.com/bingbot.htm)"
207.46.13.38 - - [13/Jun/2021:09:40:34 +0200] "GET /images/8420406302577.jpg HTTP/1.1" 200 23797 "-" "Mozilla/5.0 (compatible; bingbot/2.0; +http://www.bing.com/bingbot.htm)"
66.249.68.6 - - [13/Jun/2021:09:40:38 +0200] "GET /images/big_prod_1/3453131157629a.jpg HTTP/1.1" 200 94407 "-" "Googlebot-Image/1.0"
66.249.68.8 - - [13/Jun/2021:09:42:23 +0200] "GET /images/mini_prod/9316188071314.jpg HTTP/1.1" 200 6707 "-" "Googlebot-Image/1.0"
207.46.13.38 - - [13/Jun/2021:09:45:01 +0200] "GET /js/jquery.js HTTP/1.1" 200 54075 "-" "Mozilla/5.0 (compatible; bingbot/2.0; +http://www.bing.com/bingbot.htm)"
207.46.13.38 - - [13/Jun/2021:09:45:43 +0200] "GET /images/big_prod_1/5410574484604B.jpg HTTP/1.1" 200 146219 "-" "Mozilla/5.0 (compatible; bingbot/2.0; +http://www.bing.com/bingbot.htm)"
207.46.13.79 - - [13/Jun/2021:09:46:17 +0200] "GET /images/big_prod_1/2791693067392B.jpg HTTP/1.1" 200 109377 "-" "Mozilla/5.0 (compatible; bingbot/2.0; +http://www.bing.com/bingbot.htm)"
216.244.66.242 - - [13/Jun/2021:09:49:26 +0200] "GET /robots.txt HTTP/1.1" 200 2438 "-" "Mozilla/5.0 (compatible; DotBot/1.2; +https://opensiteexplorer.org/dotbot; help@moz.com)"
216.244.66.242 - - [13/Jun/2021:09:49:26 +0200] "GET /robots.txt HTTP/1.1" 200 2438 "-" "Mozilla/5.0 (compatible; DotBot/1.2; +https://opensiteexplorer.org/dotbot; help@moz.com)"
157.55.39.122 - - [13/Jun/2021:09:52:19 +0200] "GET /images/big_prod/045544908276.jpg HTTP/1.1" 200 100860 "-" "Mozilla/5.0 (compatible; bingbot/2.0; +http://www.bing.com/bingbot.htm)"
40.77.167.90 - - [13/Jun/2021:09:53:58 +0200] "GET /images/big_prod/1341689379131.jpg HTTP/1.1" 200 165351 "-" "Mozilla/5.0 (compatible; bingbot/2.0; +http://www.bing.com/bingbot.htm)"
66.249.68.8 - - [13/Jun/2021:10:00:43 +0200] "GET /images/3684643100319.jpg HTTP/1.1" 200 37265 "-" "Googlebot-Image/1.0"
157.55.39.128 - - [13/Jun/2021:10:04:39 +0200] "GET /images/mini_prod/8424001278909.jpg HTTP/1.1" 200 5619 "-" "Mozilla/5.0 (compatible; bingbot/2.0; +http://www.bing.com/bingbot.htm)"
147.92.153.15 - - [13/Jun/2021:10:07:43 +0200] "GET /images/3384956585093.jpg HTTP/1.1" 200 19437 "-" "Mozilla/5.0 (compatible; Linespider/1.1; +https://lin.ee/4dwXkTH)"
216.244.66.242 - - [13/Jun/2021:10:09:00 +0200] "GET /images/5425016105856.jpg HTTP/1.1" 200 33143 "-" "Mozilla/5.0 (compatible; DotBot/1.2; +https://opensiteexplorer.org/dotbot; help@moz.com)"
216.244.66.242 - - [13/Jun/2021:10:09:20 +0200] "GET /images/5702015124928.jpg HTTP/1.1" 200 173552 "-" "Mozilla/5.0 (compatible; DotBot/1.2; +https://opensiteexplorer.org/dotbot; help@moz.com)"
216.244.66.242 - - [13/Jun/2021:10:09:39 +0200] "GET /images/med_prod/3560600279734.jpg HTTP/1.1" 200 219906 "-" "Mozilla/5.0 (compatible; DotBot/1.2; +https://opensiteexplorer.org/dotbot; help@moz.com)"
66.249.68.8 - - [13/Jun/2021:10:09:56 +0200] "GET /images/big_prod/5051276286341.jpg HTTP/1.1" 200 98572 "-" "Googlebot-Image/1.0"
185.191.171.13 - - [13/Jun/2021:10:10:17 +0200] "GET /robots.txt HTTP/1.1" 200 2438 "-" "Mozilla/5.0 (compatible; SemrushBot/7~bl; +http://www.semrush.com/bot.html)"
207.46.13.38 - - [13/Jun/2021:10:10:24 +0200] "GET /js/jquery.js HTTP/1.1" 200 54075 "-" "Mozilla/5.0 (compatible; bingbot/2.0; +http://www.bing.com/bingbot.htm)"
157.55.39.128 - - [13/Jun/2021:10:10:31 +0200] "GET /images/mini_prod/3014627889327.jpg HTTP/1.1" 200 8172 "-" "Mozilla/5.0 (compatible; bingbot/2.0; +http://www.bing.com/bingbot.htm)"
216.244.66.242 - - [13/Jun/2021:10:10:36 +0200] "GET /images/med_prod/00carlin.jpg HTTP/1.1" 200 71291 "-" "Mozilla/5.0 (compatible; DotBot/1.2; +https://opensiteexplorer.org/dotbot; help@moz.com)"
216.244.66.242 - - [13/Jun/2021:10:10:51 +0200] "GET /images/med_prod/3457010954408.jpg HTTP/1.1" 200 145375 "-" "Mozilla/5.0 (compatible; DotBot/1.2; +https://opensiteexplorer.org/dotbot; help@moz.com)"
106.11.154.11 - - [13/Jun/2021:10:11:57 +0200] "GET /images/mini_prod/8435333831052.jpg HTTP/1.1" 200 6821 "http://www.wonder-geek.com/wastebasket-c-129_184.html" "YisouSpider"
67.22.62.219 - - [13/Jun/2021:10:16:44 +0200] "GET /robots.txt HTTP/1.1" 200 2438 "-" "Dispatch/0.14.0-SNAPSHOT"
66.249.68.8 - - [13/Jun/2021:10:20:38 +0200] "GET /images/big_prod/8422021019762.jpg HTTP/1.1" 200 74486 "-" "Googlebot-Image/1.0"
157.55.39.128 - - [13/Jun/2021:10:20:41 +0200] "GET /images/4012390331516.jpg HTTP/1.1" 200 39834 "-" "Mozilla/5.0 (compatible; bingbot/2.0; +http://www.bing.com/bingbot.htm)"
157.55.39.44 - - [13/Jun/2021:10:21:01 +0200] "GET /images/big_prod/4022158874407.jpg HTTP/1.1" 200 89940 "-" "Mozilla/5.0 (compatible; bingbot/2.0; +http://www.bing.com/bingbot.htm)"
157.55.39.128 - - [13/Jun/2021:10:22:31 +0200] "GET /images/big_prod/3503420107825.jpg HTTP/1.1" 200 95878 "-" "Mozilla/5.0 (compatible; bingbot/2.0; +http://www.bing.com/bingbot.htm)"
207.46.13.38 - - [13/Jun/2021:10:26:48 +0200] "GET /images/big_prod/4260082930565.jpg HTTP/1.1" 200 85516 "-" "Mozilla/5.0 (compatible; bingbot/2.0; +http://www.bing.com/bingbot.htm)"
66.249.81.52 - - [13/Jun/2021:10:28:38 +0200] "GET /images/big_prod_1/8718375752340a.jpg HTTP/1.1" 200 133187 "-" "Mozilla/5.0 (Windows NT 5.1; rv:11.0) Gecko Firefox/11.0 (via ggpht.com GoogleImageProxy)"
207.46.13.38 - - [13/Jun/2021:10:28:58 +0200] "GET /images/big_prod/3503420102554.jpg HTTP/1.1" 200 101611 "-" "Mozilla/5.0 (compatible; bingbot/2.0; +http://www.bing.com/bingbot.htm)"
157.55.39.122 - - [13/Jun/2021:10:29:22 +0200] "GET /images/mini_prod/3661443611276.jpg HTTP/1.1" 200 5164 "-" "Mozilla/5.0 (compatible; bingbot/2.0; +http://www.bing.com/bingbot.htm)"
40.77.167.106 - - [13/Jun/2021:10:29:57 +0200] "GET /images/big_prod/3701206600427.jpg HTTP/1.1" 200 128886 "-" "Mozilla/5.0 (compatible; bingbot/2.0; +http://www.bing.com/bingbot.htm)"
40.77.167.70 - - [13/Jun/2021:10:33:27 +0200] "GET /images/WD5549.jpg HTTP/1.1" 200 28911 "-" "Mozilla/5.0 (compatible; bingbot/2.0; +http://www.bing.com/bingbot.htm)"
207.46.13.38 - - [13/Jun/2021:10:35:16 +0200] "GET /js/jquery.js HTTP/1.1" 200 54075 "-" "Mozilla/5.0 (compatible; bingbot/2.0; +http://www.bing.com/bingbot.htm)"
207.46.13.79 - - [13/Jun/2021:10:38:20 +0200] "GET /images/big_prod/3609810096363.jpg HTTP/1.1" 200 199867 "-" "Mozilla/5.0 (compatible; bingbot/2.0; +http://www.bing.com/bingbot.htm)"
192.0.102.144 - - [13/Jun/2021:10:38:21 +0200] "GET /images/5901130026753.jpg HTTP/1.1" 200 56782 "-" "Photon/1.0"
66.249.68.8 - - [13/Jun/2021:10:43:51 +0200] "GET /images/mini_prod/8419810093416.jpg HTTP/1.1" 200 5074 "-" "Googlebot-Image/1.0"
207.46.13.79 - - [13/Jun/2021:10:44:40 +0200] "GET /images/big_prod/1328399219582.jpg HTTP/1.1" 200 91020 "-" "Mozilla/5.0 (compatible; bingbot/2.0; +http://www.bing.com/bingbot.htm)"
40.77.167.70 - - [13/Jun/2021:10:45:28 +0200] "GET /images/big_prod/2399123270062.jpg HTTP/1.1" 200 60070 "-" "Mozilla/5.0 (compatible; bingbot/2.0; +http://www.bing.com/bingbot.htm)"
66.249.68.10 - - [13/Jun/2021:10:45:59 +0200] "GET /images/mini_prod/3700407613410.jpg HTTP/1.1" 200 3186 "-" "Googlebot-Image/1.0"
157.55.39.128 - - [13/Jun/2021:10:46:05 +0200] "GET /images/mini_prod/0000039897677330.jpg HTTP/1.1" 200 6331 "-" "Mozilla/5.0 (compatible; bingbot/2.0; +http://www.bing.com/bingbot.htm)"
157.55.39.122 - - [13/Jun/2021:10:47:14 +0200] "GET /images/8849233801235.jpg HTTP/1.1" 200 38719 "-" "Mozilla/5.0 (compatible; bingbot/2.0; +http://www.bing.com/bingbot.htm)"
54.36.149.69 - - [13/Jun/2021:10:52:34 +0200] "GET /robots.txt HTTP/1.1" 200 2438 "-" "Mozilla/5.0 (compatible; AhrefsBot/7.0; +http://ahrefs.com/robot/)"
207.46.13.38 - - [13/Jun/2021:10:52:38 +0200] "GET /images/8430957063803.jpg HTTP/1.1" 200 116908 "-" "Mozilla/5.0 (compatible; bingbot/2.0; +http://www.bing.com/bingbot.htm)"
157.55.39.122 - - [13/Jun/2021:10:52:55 +0200] "GET /images/8435141329031.jpg HTTP/1.1" 200 29094 "-" "Mozilla/5.0 (compatible; bingbot/2.0; +http://www.bing.com/bingbot.htm)"
