207.46.13.38 - - [13/Jun/2021:16:47:43 +0200] "GET /images/3384371051029.jpg HTTP/1.1" 200 36111 "-" "Mozilla/5.0 (compatible; bingbot/2.0; +http://www.bing.com/bingbot.htm)"
103.131.71.18 - - [13/Jun/2021:16:47:54 +0200] "GET /robots.txt HTTP/1.1" 200 2438 "-" "Mozilla/5.0 (compatible; coccocbot-image/1.0; +http://help.coccoc.com/searchengine)"
66.249.70.38 - - [13/Jun/2021:16:50:39 +0200] "GET /images/big_prod/8712159160833.jpg HTTP/1.1" 200 463760 "-" "Googlebot-Image/1.0"
40.77.167.106 - - [13/Jun/2021:16:54:34 +0200] "GET /images/12485-strega-biancaneve.jpg HTTP/1.1" 200 28011 "-" "Mozilla/5.0 (compatible; bingbot/2.0; +http://www.bing.com/bingbot.htm)"
66.249.70.42 - - [13/Jun/2021:17:00:11 +0200] "GET /images/B7601019990400.jpg HTTP/1.1" 200 52094 "-" "Googlebot-Image/1.0"
207.46.13.38 - - [13/Jun/2021:17:01:03 +0200] "GET /images/mini_prod/3609810076303.jpg HTTP/1.1" 200 9984 "-" "Mozilla/5.0 (compatible; bingbot/2.0; +http://www.bing.com/bingbot.htm)"
207.46.13.38 - - [13/Jun/2021:17:01:04 +0200] "GET /js/jquery.js HTTP/1.1" 200 54075 "-" "Mozilla/5.0 (compatible; bingbot/2.0; +http://www.bing.com/bingbot.htm)"
207.46.13.38 - - [13/Jun/2021:17:01:04 +0200] "GET /js/jquery.js HTTP/1.1" 200 54075 "-" "Mozilla/5.0 (compatible; bingbot/2.0; +http://www.bing.com/bingbot.htm)"
207.46.13.38 - - [13/Jun/2021:17:01:53 +0200] "GET /images/5411854136589.jpg HTTP/1.1" 200 32098 "-" "Mozilla/5.0 (compatible; bingbot/2.0; +http://www.bing.com/bingbot.htm)"
207.46.13.38 - - [13/Jun/2021:17:02:49 +0200] "GET /images/big_prod/VANGOGH11.jpg HTTP/1.1" 200 153564 "-" "Mozilla/5.0 (compatible; bingbot/2.0; +http://www.bing.com/bingbot.htm)"
66.249.70.38 - - [13/Jun/2021:17:05:39 +0200] "GET /images/big_prod_1/3609810059924a.jpg HTTP/1.1" 200 115316 "-" "Googlebot-Image/1.0"
157.55.39.152 - - [13/Jun/2021:17:10:17 +0200] "GET /images/1399984264409.jpg HTTP/1.1" 200 53657 "-" "Mozilla/5.0 (compatible; bingbot/2.0; +http://www.bing.com/bingbot.htm)"
66.249.81.50 - - [13/Jun/2021:17:11:30 +0200] "GET /images/big_prod/VANGOGH2.jpg HTTP/1.1" 200 126647 "-" "Mozilla/5.0 (Windows NT 5.1; rv:11.0) Gecko Firefox/11.0 (via ggpht.com GoogleImageProxy)"
40.77.189.124 - - [13/Jun/2021:17:12:59 +0200] "GET /templates/Pixame_v1/stylesheet.css HTTP/1.1" 200 56057 "http://www.wonder-geek.com/" "Mozilla/5.0 (Windows NT 6.1; WOW64) AppleWebKit/534+ (KHTML, like Gecko) BingPreview/1.0b"
157.55.39.128 - - [13/Jun/2021:17:14:44 +0200] "GET /images/big_prod/045544973359.jpg HTTP/1.1" 200 71148 "-" "Mozilla/5.0 (compatible; bingbot/2.0; +http://www.bing.com/bingbot.htm)"
157.55.39.152 - - [13/Jun/2021:17:14:57 +0200] "GET /images/mini_prod/1399984235287.jpg HTTP/1.1" 200 7163 "-" "Mozilla/5.0 (compatible; bingbot/2.0; +http://www.bing.com/bingbot.htm)"
185.191.171.18 - - [13/Jun/2021:17:18:10 +0200] "GET /robots.txt HTTP/1.1" 200 2438 "-" "Mozilla/5.0 (compatible; SemrushBot/7~bl; +http://www.semrush.com/bot.html)"
157.55.39.152 - - [13/Jun/2021:17:19:49 +0200] "GET /images/mini_prod/00000000000000000000000pandi.jpg HTTP/1.1" 200 4971 "-" "Mozilla/5.0 (compatible; bingbot/2.0; +http://www.bing.com/bingbot.htm)"
66.249.70.40 - - [13/Jun/2021:17:20:39 +0200] "GET /images/big_prod_2/8718375755532b.jpg HTTP/1.1" 200 57284 "-" "Googlebot-Image/1.0"
157.55.39.81 - - [13/Jun/2021:17:21:26 +0200] "GET /images/8006529208042.jpg HTTP/1.1" 200 32209 "-" "Mozilla/5.0 (compatible; bingbot/2.0; +http://www.bing.com/bingbot.htm)"
157.55.39.81 - - [13/Jun/2021:17:24:16 +0200] "GET /images/big_prod/1384010200759.jpg HTTP/1.1" 200 95670 "-" "Mozilla/5.0 (compatible; bingbot/2.0; +http://www.bing.com/bingbot.htm)"
207.46.13.38 - - [13/Jun/2021:17:29:00 +0200] "GET /js/jquery.js HTTP/1.1" 200 54075 "-" "Mozilla/5.0 (compatible; bingbot/2.0; +http://www.bing.com/bingbot.htm)"
157.55.39.81 - - [13/Jun/2021:17:31:26 +0200] "GET /images/110908_065947_PEEL_GWSzgf.jpg HTTP/1.1" 200 18165 "-" "Mozilla/5.0 (compatible; bingbot/2.0; +http://www.bing.com/bingbot.htm)"
77.75.77.109 - - [13/Jun/2021:17:31:43 +0200] "GET /robots.txt HTTP/1.1" 200 2438 "-" "Mozilla/5.0 (compatible; SeznamBot/3.2; +http://napoveda.seznam.cz/en/seznambot-intro/)"
77.75.77.109 - - [13/Jun/2021:17:31:44 +0200] "GET /images/big_prod/8424017888314.jpg HTTP/1.1" 200 258126 "-" "Mozilla/5.0 (compatible; SeznamBot/3.2; +http://napoveda.seznam.cz/en/seznambot-intro/)"
157.55.39.81 - - [13/Jun/2021:17:33:06 +0200] "GET /images/mini_prod/1384220107220.jpg HTTP/1.1" 200 5061 "-" "Mozilla/5.0 (compatible; bingbot/2.0; +http://www.bing.com/bingbot.htm)"
207.46.13.38 - - [13/Jun/2021:17:35:25 +0200] "GET /design/productsenstock.png HTTP/1.1" 200 4743 "-" "Mozilla/5.0 (compatible; bingbot/2.0; +http://www.bing.com/bingbot.htm)"
157.55.39.44 - - [13/Jun/2021:17:35:32 +0200] "GET /images/med_prod/8435333831052.jpg HTTP/1.1" 200 95173 "-" "Mozilla/5.0 (compatible; bingbot/2.0; +http://www.bing.com/bingbot.htm)"
66.249.70.38 - - [13/Jun/2021:17:35:39 +0200] "GET /images/1399984263600.jpg HTTP/1.1" 200 113077 "-" "Googlebot-Image/1.0"
40.77.167.70 - - [13/Jun/2021:17:36:40 +0200] "GET /images/3700653501684.jpg HTTP/1.1" 200 53456 "-" "Mozilla/5.0 (compatible; bingbot/2.0; +http://www.bing.com/bingbot.htm)"
207.46.13.38 - - [13/Jun/2021:17:37:13 +0200] "GET /images/big_prod/3503420091087.jpg HTTP/1.1" 200 105010 "-" "Mozilla/5.0 (compatible; bingbot/2.0; +http://www.bing.com/bingbot.htm)"
40.77.167.70 - - [13/Jun/2021:17:40:39 +0200] "GET /images/8029759057051.jpg HTTP/1.1" 200 34534 "-" "Mozilla/5.0 (compatible; bingbot/2.0; +http://www.bing.com/bingbot.htm)"
5.9.71.213 - - [13/Jun/2021:17:40:46 +0200] "GET /robots.txt HTTP/1.1" 200 2438 "-" "Mozilla/5.0 (compatible; MJ12bot/v1.4.8; http://mj12bot.com/)"
52.143.242.6 - - [13/Jun/2021:17:42:17 +0200] "GET /images/4008789054197.jpg HTTP/1.1" 200 160173 "-" "DuckDuckBot/1.1; (+http://duckduckgo.com/duckduckbot.html)"
40.77.167.2 - - [13/Jun/2021:17:50:21 +0200] "GET /images/5610401603967.jpg HTTP/1.1" 200 28465 "-" "Mozilla/5.0 (compatible; bingbot/2.0; +http://www.bing.com/bingbot.htm)"
66.249.70.40 - - [13/Jun/2021:17:50:39 +0200] "GET /images/big_prod/3453131132466.jpg HTTP/1.1" 200 65304 "-" "Googlebot-Image/1.0"
40.88.21.235 - - [13/Jun/2021:17:51:13 +0200] "GET /favicon.ico HTTP/1.1" 200 1591 "http://www.wonder-geek.com/favicon.ico" "Mozilla/5.0 (compatible; DuckDuckGo-Favicons-Bot/1.0; +http://duckduckgo.com)"
40.77.167.90 - - [13/Jun/2021:17:53:54 +0200] "GET /images/big_prod/3665269014396.jpg HTTP/1.1" 200 63765 "-" "Mozilla/5.0 (compatible; bingbot/2.0; +http://www.bing.com/bingbot.htm)"
207.46.13.38 - - [13/Jun/2021:17:54:17 +0200] "GET /js/jquery.js HTTP/1.1" 200 54075 "-" "Mozilla/5.0 (compatible; bingbot/2.0; +http://www.bing.com/bingbot.htm)"
157.55.39.128 - - [13/Jun/2021:17:55:58 +0200] "GET /images/8006281601136.jpg HTTP/1.1" 200 43827 "-" "Mozilla/5.0 (compatible; bingbot/2.0; +http://www.bing.com/bingbot.htm)"
157.55.39.81 - - [13/Jun/2021:17:56:49 +0200] "GET /images/med_prod/1399984220375NN.jpg HTTP/1.1" 200 86027 "-" "Mozilla/5.0 (compatible; bingbot/2.0; +http://www.bing.com/bingbot.htm)"
190.115.174.180 - - [13/Jun/2021:17:58:41 +0200] "GET /images/big_prod/3612875122243.jpg HTTP/1.1" 200 117853 "-" "AndroidDownloadManager/7.0 (Linux; U; Android 7.0; HTC 10 evo Build/NRD90M)"
74.125.210.52 - - [13/Jun/2021:17:58:48 +0200] "GET /images/big_prod/3612875122243.jpg HTTP/1.1" 200 117853 "-" "Mozilla/5.0 (Windows NT 5.1; rv:11.0) Gecko Firefox/11.0 (via ggpht.com GoogleImageProxy)"
157.55.39.81 - - [13/Jun/2021:17:59:29 +0200] "GET /images/8003990623916.jpg HTTP/1.1" 200 46042 "-" "Mozilla/5.0 (compatible; bingbot/2.0; +http://www.bing.com/bingbot.htm)"
207.46.13.38 - - [13/Jun/2021:18:00:02 +0200] "GET /images/big_prod/3503420174117.jpg HTTP/1.1" 200 129033 "-" "Mozilla/5.0 (compatible; bingbot/2.0; +http://www.bing.com/bingbot.htm)"
149.154.161.1 - - [13/Jun/2021:18:01:01 +0200] "GET /images/big_prod_3/d028399219216.jpg HTTP/1.1" 200 92321 "-" "TelegramBot (like TwitterBot)"
157.55.39.122 - - [13/Jun/2021:18:04:38 +0200] "GET /images/big_prod_2/8717202558889a.jpg HTTP/1.1" 200 55439 "-" "Mozilla/5.0 (compatible; bingbot/2.0; +http://www.bing.com/bingbot.htm)"
157.55.39.152 - - [13/Jun/2021:18:05:32 +0200] "GET /images/4011745cendrilllon.jpg HTTP/1.1" 200 34359 "-" "Mozilla/5.0 (compatible; bingbot/2.0; +http://www.bing.com/bingbot.htm)"
66.249.70.42 - - [13/Jun/2021:18:05:39 +0200] "GET /images/big_prod/8719075395295.jpg HTTP/1.1" 200 141345 "-" "Googlebot-Image/1.0"
40.77.167.106 - - [13/Jun/2021:18:11:52 +0200] "GET /images/big_prod/1399984289341.jpg HTTP/1.1" 200 50875 "-" "Mozilla/5.0 (compatible; bingbot/2.0; +http://www.bing.com/bingbot.htm)"
148.251.8.250 - - [13/Jun/2021:18:12:59 +0200] "GET /robots.txt HTTP/1.1" 200 2438 "-" "Mozilla/5.0 (compatible; MJ12bot/v1.4.8; http://mj12bot.com/)"
157.55.39.152 - - [13/Jun/2021:18:15:23 +0200] "GET /images/big_prod/3453131150507.jpg HTTP/1.1" 200 121006 "-" "Mozilla/5.0 (compatible; bingbot/2.0; +http://www.bing.com/bingbot.htm)"
77.75.76.163 - - [13/Jun/2021:18:15:50 +0200] "GET /robots.txt HTTP/1.1" 200 2438 "-" "Mozilla/5.0 (compatible; SeznamBot/3.2; +http://napoveda.seznam.cz/en/seznambot-intro/)"
77.75.76.163 - - [13/Jun/2021:18:15:50 +0200] "GET /images/big_prod/5018997627426.jpg HTTP/1.1" 200 172849 "-" "Mozilla/5.0 (compatible; SeznamBot/3.2; +http://napoveda.seznam.cz/en/seznambot-intro/)"
40.77.167.57 - - [13/Jun/2021:18:18:14 +0200] "GET /images/mini_prod/1399984289945new.jpg HTTP/1.1" 200 3951 "-" "Mozilla/5.0 (compatible; bingbot/2.0; +http://www.bing.com/bingbot.htm)"
185.191.171.4 - - [13/Jun/2021:18:18:25 +0200] "GET /robots.txt HTTP/1.1" 200 2438 "-" "Mozilla/5.0 (compatible; SemrushBot/7~bl; +http://www.semrush.com/bot.html)"
66.249.70.42 - - [13/Jun/2021:18:20:39 +0200] "GET /images/big_prod/8720088292495.jpg HTTP/1.1" 200 91197 "-" "Googlebot-Image/1.0"
40.77.167.106 - - [13/Jun/2021:18:21:33 +0200] "GET /images/big_prod/8422020166344.jpg HTTP/1.1" 200 51304 "-" "Mozilla/5.0 (compatible; bingbot/2.0; +http://www.bing.com/bingbot.htm)"
157.55.39.152 - - [13/Jun/2021:18:21:54 +0200] "GET /images/big_prod/8422099381204.jpg HTTP/1.1" 200 56169 "-" "Mozilla/5.0 (compatible; bingbot/2.0; +http://www.bing.com/bingbot.htm)"
66.249.82.111 - - [13/Jun/2021:18:23:34 +0200] "GET /images/big_prod/8424346253821.jpg HTTP/1.1" 200 84817 "-" "Mozilla/5.0 (Windows NT 5.1; rv:11.0) Gecko Firefox/11.0 (via ggpht.com GoogleImageProxy)"
66.249.93.25 - - [13/Jun/2021:18:23:57 +0200] "GET /images/big_prod_1/b8719075391662.jpg HTTP/1.1" 200 60549 "-" "Mozilla/5.0 (Windows NT 5.1; rv:11.0) Gecko Firefox/11.0 (via ggpht.com GoogleImageProxy)"
40.77.167.57 - - [13/Jun/2021:18:25:54 +0200] "GET /images/big_prod/3520071651156.jpg HTTP/1.1" 200 83527 "-" "Mozilla/5.0 (compatible; bingbot/2.0; +http://www.bing.com/bingbot.htm)"
66.249.70.42 - - [13/Jun/2021:18:26:54 +0200] "GET /images/big_prod/3520071592442.jpg HTTP/1.1" 200 65045 "-" "Googlebot-Image/1.0"
111.225.149.52 - - [13/Jun/2021:18:30:32 +0200] "GET /images/big_prod/8433933581865.jpg HTTP/1.1" 200 50680 "http://www.wonder-geek.com/camargue-cross-metal-trivet-p-53757.html" "Mozilla/5.0 (Linux; Android 5.0) AppleWebKit/537.36 (KHTML, like Gecko) Mobile Safari/537.36 (compatible; Bytespider; https://zhanzhang.toutiao.com/)"
66.249.70.40 - - [13/Jun/2021:18:32:52 +0200] "GET /images/mini_prod/8422057789295.jpg HTTP/1.1" 200 7401 "-" "Googlebot-Image/1.0"
157.55.39.128 - - [13/Jun/2021:18:34:20 +0200] "GET /images/big_prod/1341689256739.jpg HTTP/1.1" 200 54695 "-" "Mozilla/5.0 (compatible; bingbot/2.0; +http://www.bing.com/bingbot.htm)"
157.55.39.152 - - [13/Jun/2021:18:35:35 +0200] "GET /images/big_prod/4010070323318.jpg HTTP/1.1" 200 136682 "-" "Mozilla/5.0 (compatible; bingbot/2.0; +http://www.bing.com/bingbot.htm)"
66.249.70.40 - - [13/Jun/2021:18:35:39 +0200] "GET /images/big_prod_2/5415203911087B.jpg HTTP/1.1" 200 95641 "-" "Googlebot-Image/1.0"
40.77.167.57 - - [13/Jun/2021:18:36:40 +0200] "GET /images/1399984280027.jpg HTTP/1.1" 200 65620 "-" "Mozilla/5.0 (compatible; bingbot/2.0; +http://www.bing.com/bingbot.htm)"
217.61.226.87 - - [13/Jun/2021:18:37:50 +0200] "GET /js/jquery.jqzoom.js HTTP/1.1" 200 4761 "http://www.wonder-geek.com/" "Mozilla/5.0 (iPhone; CPU iPhone OS 14_4_2 like Mac OS X) AppleWebKit/605.1.15 (KHTML, like Gecko) Version/14.0.3 Mobile/15E148 Safari/604.1"
217.61.226.87 - - [13/Jun/2021:18:37:50 +0200] "GET /templates/Pixame_v1/images/icon_accueil2.png HTTP/1.1" 200 1137 "http://www.wonder-geek.com/" "Mozilla/5.0 (iPhone; CPU iPhone OS 14_4_2 like Mac OS X) AppleWebKit/605.1.15 (KHTML, like Gecko) Version/14.0.3 Mobile/15E148 Safari/604.1"
217.61.226.87 - - [13/Jun/2021:18:37:50 +0200] "GET /templates/Pixame_v1/stylesheet.css HTTP/1.1" 200 56057 "http://www.wonder-geek.com/" "Mozilla/5.0 (iPhone; CPU iPhone OS 14_4_2 like Mac OS X) AppleWebKit/605.1.15 (KHTML, like Gecko) Version/14.0.3 Mobile/15E148 Safari/604.1"
217.61.226.87 - - [13/Jun/2021:18:37:51 +0200] "GET /js/jquery.masonry.min.js HTTP/1.1" 200 5392 "http://www.wonder-geek.com/" "Mozilla/5.0 (iPhone; CPU iPhone OS 14_4_2 like Mac OS X) AppleWebKit/605.1.15 (KHTML, like Gecko) Version/14.0.3 Mobile/15E148 Safari/604.1"
217.61.226.87 - - [13/Jun/2021:18:37:51 +0200] "GET /js/jquery.js HTTP/1.1" 200 54075 "http://www.wonder-geek.com/" "Mozilla/5.0 (iPhone; CPU iPhone OS 14_4_2 like Mac OS X) AppleWebKit/605.1.15 (KHTML, like Gecko) Version/14.0.3 Mobile/15E148 Safari/604.1"
217.61.226.87 - - [13/Jun/2021:18:37:51 +0200] "GET /js/modernizr-transitions.js HTTP/1.1" 200 2026 "http://www.wonder-geek.com/" "Mozilla/5.0 (iPhone; CPU iPhone OS 14_4_2 like Mac OS X) AppleWebKit/605.1.15 (KHTML, like Gecko) Version/14.0.3 Mobile/15E148 Safari/604.1"
217.61.226.87 - - [13/Jun/2021:18:37:51 +0200] "GET /images/mini_prod/8422018239616.jpg HTTP/1.1" 200 3534 "http://www.wonder-geek.com/" "Mozilla/5.0 (iPhone; CPU iPhone OS 14_4_2 like Mac OS X) AppleWebKit/605.1.15 (KHTML, like Gecko) Version/14.0.3 Mobile/15E148 Safari/604.1"
217.61.226.87 - - [13/Jun/2021:18:37:51 +0200] "GET /images/mini_prod/8433933758878.jpg HTTP/1.1" 200 6627 "http://www.wonder-geek.com/" "Mozilla/5.0 (iPhone; CPU iPhone OS 14_4_2 like Mac OS X) AppleWebKit/605.1.15 (KHTML, like Gecko) Version/14.0.3 Mobile/15E148 Safari/604.1"
217.61.226.87 - - [13/Jun/2021:18:37:51 +0200] "GET /images/mini_prod/5404006046140.jpg HTTP/1.1" 200 2627 "http://www.wonder-geek.com/" "Mozilla/5.0 (iPhone; CPU iPhone OS 14_4_2 like Mac OS X) AppleWebKit/605.1.15 (KHTML, like Gecko) Version/14.0.3 Mobile/15E148 Safari/604.1"
217.61.226.87 - - [13/Jun/2021:18:37:51 +0200] "GET /images/mini_prod/5055321765447.jpg HTTP/1.1" 200 4164 "http://www.wonder-geek.com/" "Mozilla/5.0 (iPhone; CPU iPhone OS 14_4_2 like Mac OS X) AppleWebKit/605.1.15 (KHTML, like Gecko) Version/14.0.3 Mobile/15E148 Safari/604.1"
217.61.226.87 - - [13/Jun/2021:18:37:51 +0200] "GET /images/mini_prod/8712159169997.jpg HTTP/1.1" 200 4763 "http://www.wonder-geek.com/" "Mozilla/5.0 (iPhone; CPU iPhone OS 14_4_2 like Mac OS X) AppleWebKit/605.1.15 (KHTML, like Gecko) Version/14.0.3 Mobile/15E148 Safari/604.1"
217.61.226.87 - - [13/Jun/2021:18:37:51 +0200] "GET /images/mini_prod/5051276416830.jpg HTTP/1.1" 200 4096 "http://www.wonder-geek.com/" "Mozilla/5.0 (iPhone; CPU iPhone OS 14_4_2 like Mac OS X) AppleWebKit/605.1.15 (KHTML, like Gecko) Version/14.0.3 Mobile/15E148 Safari/604.1"
217.61.226.87 - - [13/Jun/2021:18:37:51 +0200] "GET /images/mini_prod/5404006046072.jpg HTTP/1.1" 200 4708 "http://www.wonder-geek.com/" "Mozilla/5.0 (iPhone; CPU iPhone OS 14_4_2 like Mac OS X) AppleWebKit/605.1.15 (KHTML, like Gecko) Version/14.0.3 Mobile/15E148 Safari/604.1"
217.61.226.87 - - [13/Jun/2021:18:37:51 +0200] "GET /images/mini_prod/8903833909194.jpg HTTP/1.1" 200 6644 "http://www.wonder-geek.com/" "Mozilla/5.0 (iPhone; CPU iPhone OS 14_4_2 like Mac OS X) AppleWebKit/605.1.15 (KHTML, like Gecko) Version/14.0.3 Mobile/15E148 Safari/604.1"
217.61.226.87 - - [13/Jun/2021:18:37:51 +0200] "GET /images/mini_prod/5027166920053.jpg HTTP/1.1" 200 5857 "http://www.wonder-geek.com/" "Mozilla/5.0 (iPhone; CPU iPhone OS 14_4_2 like Mac OS X) AppleWebKit/605.1.15 (KHTML, like Gecko) Version/14.0.3 Mobile/15E148 Safari/604.1"
217.61.226.87 - - [13/Jun/2021:18:37:51 +0200] "GET /images/mini_prod/5027166920008.jpg HTTP/1.1" 200 4326 "http://www.wonder-geek.com/" "Mozilla/5.0 (iPhone; CPU iPhone OS 14_4_2 like Mac OS X) AppleWebKit/605.1.15 (KHTML, like Gecko) Version/14.0.3 Mobile/15E148 Safari/604.1"
217.61.226.87 - - [13/Jun/2021:18:37:51 +0200] "GET /images/mini_prod/3453131155229.jpg HTTP/1.1" 200 8261 "http://www.wonder-geek.com/" "Mozilla/5.0 (iPhone; CPU iPhone OS 14_4_2 like Mac OS X) AppleWebKit/605.1.15 (KHTML, like Gecko) Version/14.0.3 Mobile/15E148 Safari/604.1"
217.61.226.87 - - [13/Jun/2021:18:37:51 +0200] "GET /images/mini_prod/5051276416717.jpg HTTP/1.1" 200 2694 "http://www.wonder-geek.com/" "Mozilla/5.0 (iPhone; CPU iPhone OS 14_4_2 like Mac OS X) AppleWebKit/605.1.15 (KHTML, like Gecko) Version/14.0.3 Mobile/15E148 Safari/604.1"
217.61.226.87 - - [13/Jun/2021:18:37:51 +0200] "GET /images/mini_prod/8422018273504.jpg HTTP/1.1" 200 3911 "http://www.wonder-geek.com/" "Mozilla/5.0 (iPhone; CPU iPhone OS 14_4_2 like Mac OS X) AppleWebKit/605.1.15 (KHTML, like Gecko) Version/14.0.3 Mobile/15E148 Safari/604.1"
217.61.226.87 - - [13/Jun/2021:18:37:51 +0200] "GET /images/mini_prod/8424346363773.jpg HTTP/1.1" 200 8877 "http://www.wonder-geek.com/" "Mozilla/5.0 (iPhone; CPU iPhone OS 14_4_2 like Mac OS X) AppleWebKit/605.1.15 (KHTML, like Gecko) Version/14.0.3 Mobile/15E148 Safari/604.1"
217.61.226.87 - - [13/Jun/2021:18:37:51 +0200] "GET /images/mini_prod/8718375754832.jpg HTTP/1.1" 200 5408 "http://www.wonder-geek.com/" "Mozilla/5.0 (iPhone; CPU iPhone OS 14_4_2 like Mac OS X) AppleWebKit/605.1.15 (KHTML, like Gecko) Version/14.0.3 Mobile/15E148 Safari/604.1"
111.225.149.51 - - [13/Jun/2021:18:40:33 +0200] "GET /images/big_prod/3503420169731.jpg HTTP/1.1" 200 70912 "http://www.wonder-geek.com/arlsienne-metal-rests-flat-p-43892.html" "Mozilla/5.0 (Linux; Android 5.0) AppleWebKit/537.36 (KHTML, like Gecko) Mobile Safari/537.36 (compatible; Bytespider; https://zhanzhang.toutiao.com/)"
40.77.167.57 - - [13/Jun/2021:18:43:22 +0200] "GET /images/med_prod/5018997612453.jpg HTTP/1.1" 200 103827 "-" "Mozilla/5.0 (compatible; bingbot/2.0; +http://www.bing.com/bingbot.htm)"
207.46.13.38 - - [13/Jun/2021:18:43:57 +0200] "GET /images/mini_prod/TROBP3416.gif HTTP/1.1" 200 15089 "-" "Mozilla/5.0 (compatible; bingbot/2.0; +http://www.bing.com/bingbot.htm)"
192.0.102.144 - - [13/Jun/2021:18:46:14 +0200] "GET /images/med_prod/5055071700200.jpg HTTP/1.1" 200 92057 "-" "Photon/1.0"
66.249.70.42 - - [13/Jun/2021:18:47:19 +0200] "GET /images/big_prod_2/9316188055567b.jpg HTTP/1.1" 200 61074 "-" "Googlebot-Image/1.0"
40.77.167.57 - - [13/Jun/2021:18:49:42 +0200] "GET /js/jquery.js HTTP/1.1" 200 54075 "-" "Mozilla/5.0 (compatible; bingbot/2.0; +http://www.bing.com/bingbot.htm)"
111.225.149.52 - - [13/Jun/2021:18:50:40 +0200] "GET /images/big_prod/8422011475806.jpg HTTP/1.1" 200 45096 "http://www.wonder-geek.com/glass-cutting-board-cbkreation-p-51313.html" "Mozilla/5.0 (Linux; Android 5.0) AppleWebKit/537.36 (KHTML, like Gecko) Mobile Safari/537.36 (compatible; Bytespider; https://zhanzhang.toutiao.com/)"
157.55.39.44 - - [13/Jun/2021:18:54:43 +0200] "GET /images/mini_prod/3281640257987.jpg HTTP/1.1" 200 5881 "-" "Mozilla/5.0 (compatible; bingbot/2.0; +http://www.bing.com/bingbot.htm)"
110.249.202.172 - - [13/Jun/2021:19:00:41 +0200] "GET /images/big_prod/3014627923892.jpg HTTP/1.1" 200 49232 "http://www.wonder-geek.com/protects-plastic-mattress-p-55453.html" "Mozilla/5.0 (Linux; Android 5.0) AppleWebKit/537.36 (KHTML, like Gecko) Mobile Safari/537.36 (compatible; Bytespider; https://zhanzhang.toutiao.com/)"
40.77.167.106 - - [13/Jun/2021:19:03:01 +0200] "GET /images/big_prod_1/028399219407.jpg HTTP/1.1" 200 85580 "-" "Mozilla/5.0 (compatible; bingbot/2.0; +http://www.bing.com/bingbot.htm)"
66.249.70.38 - - [13/Jun/2021:19:05:39 +0200] "GET /images/mini_prod/3700344870105.jpg HTTP/1.1" 200 5669 "-" "Googlebot-Image/1.0"
66.249.70.38 - - [13/Jun/2021:19:08:12 +0200] "GET /images/mini_prod/9316188065054.jpg HTTP/1.1" 200 6874 "-" "Googlebot-Image/1.0"
77.75.77.17 - - [13/Jun/2021:19:09:22 +0200] "GET /robots.txt HTTP/1.1" 200 2438 "-" "Mozilla/5.0 (compatible; SeznamBot/3.2; +http://napoveda.seznam.cz/en/seznambot-intro/)"
77.75.77.17 - - [13/Jun/2021:19:09:23 +0200] "GET /images/big_prod/3453131139618.jpg HTTP/1.1" 200 73213 "-" "Mozilla/5.0 (compatible; SeznamBot/3.2; +http://napoveda.seznam.cz/en/seznambot-intro/)"
210.242.49.250 - - [13/Jun/2021:19:10:19 +0200] "GET /images/med_prod/3661977000041.jpg HTTP/1.1" 200 58748 "-" "Wget/1.21.1"
220.243.135.142 - - [13/Jun/2021:19:10:30 +0200] "GET /images/big_prod/3609810044814.jpg HTTP/1.1" 200 49440 "http://www.wonder-geek.com/marseille-football-stickers-p-35384.html" "Mozilla/5.0 (Linux; Android 5.0) AppleWebKit/537.36 (KHTML, like Gecko) Mobile Safari/537.36 (compatible; Bytespider; https://zhanzhang.toutiao.com/)"
216.244.66.242 - - [13/Jun/2021:19:11:40 +0200] "GET /robots.txt HTTP/1.1" 200 2438 "-" "Mozilla/5.0 (compatible; DotBot/1.2; +https://opensiteexplorer.org/dotbot; help@moz.com)"
66.102.9.241 - - [13/Jun/2021:19:15:11 +0200] "GET /images/big_prod/1300000021517.jpg HTTP/1.1" 200 44695 "-" "Mozilla/5.0 (Windows NT 5.1; rv:11.0) Gecko Firefox/11.0 (via ggpht.com GoogleImageProxy)"
40.77.167.90 - - [13/Jun/2021:19:15:23 +0200] "GET /images/big_prod/3609810046528.jpg HTTP/1.1" 200 173888 "-" "Mozilla/5.0 (compatible; bingbot/2.0; +http://www.bing.com/bingbot.htm)"
68.133.77.148 - - [13/Jun/2021:19:18:02 +0200] "GET /images/12339.jpg HTTP/1.1" 200 26558 "-" "Mozilla/5.0 (Macintosh; Intel Mac OS X 10_15_6) AppleWebKit/605.1.15 (KHTML, like Gecko) Version/14.0.3 Safari/605.1.15"
66.249.70.38 - - [13/Jun/2021:19:18:04 +0200] "GET /images/mini_prod/5055321760312.jpg HTTP/1.1" 200 10889 "-" "Googlebot-Image/1.0"
46.158.102.22 - - [13/Jun/2021:19:18:38 +0200] "GET /images/3298060223751.jpg HTTP/1.1" 200 65888 "-" "Mozilla/5.0 (Linux; Android 6.0; PMT3118_3GE) AppleWebKit/537.36 (KHTML, like Gecko) Chrome/90.0.4430.91 Safari/537.36"
46.158.102.22 - - [13/Jun/2021:19:18:39 +0200] "GET /favicon.ico HTTP/1.1" 200 1591 "http://www.wonder-geek.com/images/3298060223751.jpg" "Mozilla/5.0 (Linux; Android 6.0; PMT3118_3GE) AppleWebKit/537.36 (KHTML, like Gecko) Chrome/90.0.4430.91 Safari/537.36"
46.158.102.22 - - [13/Jun/2021:19:18:40 +0200] "GET /images/3298060223751.jpg HTTP/1.1" 200 65888 "-" "Mozilla/5.0 (Linux; Android 6.0; PMT3118_3GE) AppleWebKit/537.36 (KHTML, like Gecko) Chrome/90.0.4430.91 Safari/537.36"
40.77.167.57 - - [13/Jun/2021:19:18:55 +0200] "GET /images/big_prod/1328399075065.jpg HTTP/1.1" 200 64115 "-" "Mozilla/5.0 (compatible; bingbot/2.0; +http://www.bing.com/bingbot.htm)"
40.77.167.70 - - [13/Jun/2021:19:18:59 +0200] "GET /images/med_prod/1399984272190.jpg HTTP/1.1" 200 155055 "-" "Mozilla/5.0 (compatible; bingbot/2.0; +http://www.bing.com/bingbot.htm)"
185.191.171.42 - - [13/Jun/2021:19:19:35 +0200] "GET /robots.txt HTTP/1.1" 200 2438 "-" "Mozilla/5.0 (compatible; SemrushBot/7~bl; +http://www.semrush.com/bot.html)"
220.243.188.158 - - [13/Jun/2021:19:20:30 +0200] "GET /images/big_prod/8422011475714.jpg HTTP/1.1" 200 47992 "http://www.wonder-geek.com/glass-cutting-board-cbkreation-p-51304.html" "Mozilla/5.0 (Linux; Android 5.0) AppleWebKit/537.36 (KHTML, like Gecko) Mobile Safari/537.36 (compatible; Bytespider; https://zhanzhang.toutiao.com/)"
40.77.167.57 - - [13/Jun/2021:19:22:15 +0200] "GET /images/1399984247327.gif HTTP/1.1" 200 83841 "-" "Mozilla/5.0 (compatible; bingbot/2.0; +http://www.bing.com/bingbot.htm)"
40.77.167.57 - - [13/Jun/2021:19:22:16 +0200] "GET /images/1399984251188.jpg HTTP/1.1" 200 110986 "-" "Mozilla/5.0 (compatible; bingbot/2.0; +http://www.bing.com/bingbot.htm)"
74.125.210.48 - - [13/Jun/2021:19:25:36 +0200] "GET /images/big_prod/4029811324033.jpg HTTP/1.1" 200 42185 "-" "Mozilla/5.0 (Windows NT 5.1; rv:11.0) Gecko Firefox/11.0 (via ggpht.com GoogleImageProxy)"
110.249.202.229 - - [13/Jun/2021:19:30:59 +0200] "GET /images/big_prod/3565750030877.jpg HTTP/1.1" 200 70952 "http://www.wonder-geek.com/perrier-metal-plate-postcard-p-15149.html" "Mozilla/5.0 (Linux; Android 5.0) AppleWebKit/537.36 (KHTML, like Gecko) Mobile Safari/537.36 (compatible; Bytespider; https://zhanzhang.toutiao.com/)"
157.55.39.128 - - [13/Jun/2021:19:36:17 +0200] "GET /images/mini_prod/1384010176290.jpg HTTP/1.1" 200 6018 "-" "Mozilla/5.0 (compatible; bingbot/2.0; +http://www.bing.com/bingbot.htm)"
66.249.70.38 - - [13/Jun/2021:19:38:25 +0200] "GET /images/mini_prod/3661443602052.jpg HTTP/1.1" 200 4153 "-" "Googlebot-Image/1.0"
157.55.39.152 - - [13/Jun/2021:19:40:41 +0200] "GET /images/3272760369674.jpg HTTP/1.1" 200 13661 "-" "Mozilla/5.0 (compatible; bingbot/2.0; +http://www.bing.com/bingbot.htm)"
110.249.201.209 - - [13/Jun/2021:19:40:42 +0200] "GET /images/big_prod_2/3700281650273b.jpg HTTP/1.1" 200 49873 "http://www.wonder-geek.com/adhesive-roll-cement-tiles-p-55402.html" "Mozilla/5.0 (Linux; Android 5.0) AppleWebKit/537.36 (KHTML, like Gecko) Mobile Safari/537.36 (compatible; Bytespider; https://zhanzhang.toutiao.com/)"
110.249.201.205 - - [13/Jun/2021:19:40:43 +0200] "GET /images/big_prod_1/3700281650273a.jpg HTTP/1.1" 200 65120 "http://www.wonder-geek.com/adhesive-roll-cement-tiles-p-55402.html" "Mozilla/5.0 (Linux; Android 5.0) AppleWebKit/537.36 (KHTML, like Gecko) Mobile Safari/537.36 (compatible; Bytespider; https://zhanzhang.toutiao.com/)"
110.249.201.192 - - [13/Jun/2021:19:40:44 +0200] "GET /images/big_prod/3700281650273.jpg HTTP/1.1" 200 66608 "http://www.wonder-geek.com/adhesive-roll-cement-tiles-p-55402.html" "Mozilla/5.0 (Linux; Android 5.0) AppleWebKit/537.36 (KHTML, like Gecko) Mobile Safari/537.36 (compatible; Bytespider; https://zhanzhang.toutiao.com/)"
66.249.93.24 - - [13/Jun/2021:19:41:10 +0200] "GET /images/med_prod/1384010181164.jpg HTTP/1.1" 200 51192 "-" "Mozilla/5.0 (Windows NT 5.1; rv:11.0) Gecko Firefox/11.0 (via ggpht.com GoogleImageProxy)"
86.135.181.185 - - [13/Jun/2021:19:41:14 +0200] "GET /templates/Pixame_v1/stylesheet.css HTTP/1.1" 200 56057 "http://www.wonder-geek.com/pencil-pooby-ylvi-minimoomis-p-33972.html" "Mozilla/5.0 (Linux; Android 11; SM-A715F) AppleWebKit/537.36 (KHTML, like Gecko) Chrome/91.0.4472.101 Mobile Safari/537.36"
86.135.181.185 - - [13/Jun/2021:19:41:14 +0200] "GET /highslide/highslide.js HTTP/1.1" 200 42909 "http://www.wonder-geek.com/pencil-pooby-ylvi-minimoomis-p-33972.html" "Mozilla/5.0 (Linux; Android 11; SM-A715F) AppleWebKit/537.36 (KHTML, like Gecko) Chrome/91.0.4472.101 Mobile Safari/537.36"
86.135.181.185 - - [13/Jun/2021:19:41:14 +0200] "GET /js/jquery.jqzoom.js HTTP/1.1" 200 4761 "http://www.wonder-geek.com/pencil-pooby-ylvi-minimoomis-p-33972.html" "Mozilla/5.0 (Linux; Android 11; SM-A715F) AppleWebKit/537.36 (KHTML, like Gecko) Chrome/91.0.4472.101 Mobile Safari/537.36"
86.135.181.185 - - [13/Jun/2021:19:41:14 +0200] "GET /js/jquery.js HTTP/1.1" 200 54075 "http://www.wonder-geek.com/pencil-pooby-ylvi-minimoomis-p-33972.html" "Mozilla/5.0 (Linux; Android 11; SM-A715F) AppleWebKit/537.36 (KHTML, like Gecko) Chrome/91.0.4472.101 Mobile Safari/537.36"
86.135.181.185 - - [13/Jun/2021:19:41:14 +0200] "GET /mondial_relay/js/jquery-1.3.2.min.js HTTP/1.1" 200 57254 "http://www.wonder-geek.com/pencil-pooby-ylvi-minimoomis-p-33972.html" "Mozilla/5.0 (Linux; Android 11; SM-A715F) AppleWebKit/537.36 (KHTML, like Gecko) Chrome/91.0.4472.101 Mobile Safari/537.36"
86.135.181.185 - - [13/Jun/2021:19:41:14 +0200] "GET /templates/Pixame_v1/images/icon_accueil2.png HTTP/1.1" 200 1137 "http://www.wonder-geek.com/pencil-pooby-ylvi-minimoomis-p-33972.html" "Mozilla/5.0 (Linux; Android 11; SM-A715F) AppleWebKit/537.36 (KHTML, like Gecko) Chrome/91.0.4472.101 Mobile Safari/537.36"
86.135.181.185 - - [13/Jun/2021:19:41:14 +0200] "GET /templates/Pixame_v1/images/buttons/english/button_in_cart.gif HTTP/1.1" 200 1212 "http://www.wonder-geek.com/pencil-pooby-ylvi-minimoomis-p-33972.html" "Mozilla/5.0 (Linux; Android 11; SM-A715F) AppleWebKit/537.36 (KHTML, like Gecko) Chrome/91.0.4472.101 Mobile Safari/537.36"
86.135.181.185 - - [13/Jun/2021:19:41:14 +0200] "GET /images/med_prod/1384010181164.jpg HTTP/1.1" 200 51192 "http://www.wonder-geek.com/pencil-pooby-ylvi-minimoomis-p-33972.html" "Mozilla/5.0 (Linux; Android 11; SM-A715F) AppleWebKit/537.36 (KHTML, like Gecko) Chrome/91.0.4472.101 Mobile Safari/537.36"
86.135.181.185 - - [13/Jun/2021:19:41:14 +0200] "GET /images/mini_prod/1384010181157.jpg HTTP/1.1" 200 4037 "http://www.wonder-geek.com/pencil-pooby-ylvi-minimoomis-p-33972.html" "Mozilla/5.0 (Linux; Android 11; SM-A715F) AppleWebKit/537.36 (KHTML, like Gecko) Chrome/91.0.4472.101 Mobile Safari/537.36"
86.135.181.185 - - [13/Jun/2021:19:41:14 +0200] "GET /images/mini_prod/1384010181140.jpg HTTP/1.1" 200 3586 "http://www.wonder-geek.com/pencil-pooby-ylvi-minimoomis-p-33972.html" "Mozilla/5.0 (Linux; Android 11; SM-A715F) AppleWebKit/537.36 (KHTML, like Gecko) Chrome/91.0.4472.101 Mobile Safari/537.36"
86.135.181.185 - - [13/Jun/2021:19:41:14 +0200] "GET /templates/Pixame_v1/images/nav.png HTTP/1.1" 200 1283 "http://www.wonder-geek.com/templates/Pixame_v1/stylesheet.css" "Mozilla/5.0 (Linux; Android 11; SM-A715F) AppleWebKit/537.36 (KHTML, like Gecko) Chrome/91.0.4472.101 Mobile Safari/537.36"
86.135.181.185 - - [13/Jun/2021:19:41:14 +0200] "GET /templates/Pixame_v1/images/header.png HTTP/1.1" 200 70245 "http://www.wonder-geek.com/templates/Pixame_v1/stylesheet.css" "Mozilla/5.0 (Linux; Android 11; SM-A715F) AppleWebKit/537.36 (KHTML, like Gecko) Chrome/91.0.4472.101 Mobile Safari/537.36"
86.135.181.185 - - [13/Jun/2021:19:41:14 +0200] "GET /templates/Pixame_v1/images/Bottom_texture.jpg HTTP/1.1" 200 56290 "http://www.wonder-geek.com/templates/Pixame_v1/stylesheet.css" "Mozilla/5.0 (Linux; Android 11; SM-A715F) AppleWebKit/537.36 (KHTML, like Gecko) Chrome/91.0.4472.101 Mobile Safari/537.36"
86.135.181.185 - - [13/Jun/2021:19:41:14 +0200] "GET /design/productsenstock.png HTTP/1.1" 200 4743 "http://www.wonder-geek.com/templates/Pixame_v1/stylesheet.css" "Mozilla/5.0 (Linux; Android 11; SM-A715F) AppleWebKit/537.36 (KHTML, like Gecko) Chrome/91.0.4472.101 Mobile Safari/537.36"
86.135.181.185 - - [13/Jun/2021:19:41:14 +0200] "GET /templates/Pixame_v1/images/header-object.png HTTP/1.1" 200 106050 "http://www.wonder-geek.com/templates/Pixame_v1/stylesheet.css" "Mozilla/5.0 (Linux; Android 11; SM-A715F) AppleWebKit/537.36 (KHTML, like Gecko) Chrome/91.0.4472.101 Mobile Safari/537.36"
86.135.181.185 - - [13/Jun/2021:19:41:14 +0200] "GET /templates/Pixame_v1/images/Middle_texture.jpg HTTP/1.1" 200 249620 "http://www.wonder-geek.com/templates/Pixame_v1/stylesheet.css" "Mozilla/5.0 (Linux; Android 11; SM-A715F) AppleWebKit/537.36 (KHTML, like Gecko) Chrome/91.0.4472.101 Mobile Safari/537.36"
86.135.181.185 - - [13/Jun/2021:19:41:15 +0200] "GET /highslide/graphics/outlines/drop-shadow.png HTTP/1.1" 200 2022 "http://www.wonder-geek.com/pencil-pooby-ylvi-minimoomis-p-33972.html" "Mozilla/5.0 (Linux; Android 11; SM-A715F) AppleWebKit/537.36 (KHTML, like Gecko) Chrome/91.0.4472.101 Mobile Safari/537.36"
86.135.181.185 - - [13/Jun/2021:19:41:15 +0200] "GET /favicon.ico HTTP/1.1" 200 1591 "http://www.wonder-geek.com/pencil-pooby-ylvi-minimoomis-p-33972.html" "Mozilla/5.0 (Linux; Android 11; SM-A715F) AppleWebKit/537.36 (KHTML, like Gecko) Chrome/91.0.4472.101 Mobile Safari/537.36"
86.135.181.185 - - [13/Jun/2021:19:41:26 +0200] "GET /images/med_prod/1384010181157.jpg HTTP/1.1" 200 50160 "http://www.wonder-geek.com/pencil-cooco-ylvi-minimoomis-p-33973.html" "Mozilla/5.0 (Linux; Android 11; SM-A715F) AppleWebKit/537.36 (KHTML, like Gecko) Chrome/91.0.4472.101 Mobile Safari/537.36"
86.135.181.185 - - [13/Jun/2021:19:41:26 +0200] "GET /images/mini_prod/1384010181164.jpg HTTP/1.1" 200 3928 "http://www.wonder-geek.com/pencil-cooco-ylvi-minimoomis-p-33973.html" "Mozilla/5.0 (Linux; Android 11; SM-A715F) AppleWebKit/537.36 (KHTML, like Gecko) Chrome/91.0.4472.101 Mobile Safari/537.36"
40.77.167.57 - - [13/Jun/2021:19:43:07 +0200] "GET /js/jquery.js HTTP/1.1" 200 54075 "-" "Mozilla/5.0 (compatible; bingbot/2.0; +http://www.bing.com/bingbot.htm)"
40.77.167.106 - - [13/Jun/2021:19:47:14 +0200] "GET /images/mini_prod/137166268119.jpg HTTP/1.1" 200 10787 "-" "Mozilla/5.0 (compatible; bingbot/2.0; +http://www.bing.com/bingbot.htm)"
220.243.188.224 - - [13/Jun/2021:19:50:31 +0200] "GET /images/big_prod/8422011475912.jpg HTTP/1.1" 200 49152 "http://www.wonder-geek.com/glass-cutting-board-cbkreation-p-51323.html" "Mozilla/5.0 (Linux; Android 5.0) AppleWebKit/537.36 (KHTML, like Gecko) Mobile Safari/537.36 (compatible; Bytespider; https://zhanzhang.toutiao.com/)"
106.11.159.18 - - [13/Jun/2021:19:51:39 +0200] "GET /images/mini_prod/9316188087384.jpg HTTP/1.1" 200 5816 "http://www.wonder-geek.com/decorations-c-13_89.html" "YisouSpider"
40.77.167.106 - - [13/Jun/2021:19:54:37 +0200] "GET /images/big_prod/3609810062054.jpg HTTP/1.1" 200 93871 "-" "Mozilla/5.0 (compatible; bingbot/2.0; +http://www.bing.com/bingbot.htm)"
66.249.70.40 - - [13/Jun/2021:19:55:39 +0200] "GET /images/big_prod_1/360981997964a.jpg HTTP/1.1" 200 145663 "-" "Googlebot-Image/1.0"
157.55.39.81 - - [13/Jun/2021:19:56:15 +0200] "GET /images/5411854144577.jpg HTTP/1.1" 200 36485 "-" "Mozilla/5.0 (compatible; bingbot/2.0; +http://www.bing.com/bingbot.htm)"
40.65.123.15 - - [13/Jun/2021:19:58:16 +0200] "GET /images/8928591935308.jpg HTTP/1.1" 200 27117 "-" "Python-urllib/3.6"
207.46.13.38 - - [13/Jun/2021:19:59:42 +0200] "GET /images/mini_prod/3660173161402.jpg HTTP/1.1" 200 6327 "-" "Mozilla/5.0 (compatible; bingbot/2.0; +http://www.bing.com/bingbot.htm)"
111.225.149.146 - - [13/Jun/2021:20:00:30 +0200] "GET /mondial_relay/js/jquery-1.3.2.min.js HTTP/1.1" 200 57254 "http://www.wonder-geek.com/retro-clock-p-55424.html" "Mozilla/5.0 (Linux; Android 5.0) AppleWebKit/537.36 (KHTML, like Gecko) Mobile Safari/537.36 (compatible; Bytespider; https://zhanzhang.toutiao.com/)"
111.225.149.144 - - [13/Jun/2021:20:01:05 +0200] "GET /mondial_relay/js/jquery-1.3.2.min.js HTTP/1.1" 206 1 "http://www.wonder-geek.com/retro-clock-p-55424.html" "Mozilla/5.0 (Linux; Android 5.0) AppleWebKit/537.36 (KHTML, like Gecko) Mobile Safari/537.36 (compatible; Bytespider; https://zhanzhang.toutiao.com/)"
111.225.149.144 - - [13/Jun/2021:20:01:17 +0200] "GET /mondial_relay/js/jquery-1.3.2.min.js HTTP/1.1" 206 19606 "http://www.wonder-geek.com/retro-clock-p-55424.html" "Mozilla/5.0 (Linux; Android 5.0) AppleWebKit/537.36 (KHTML, like Gecko) Mobile Safari/537.36 (compatible; Bytespider; https://zhanzhang.toutiao.com/)"
66.249.81.48 - - [13/Jun/2021:20:02:07 +0200] "GET /images/big_prod_2/3442440302790z.jpg HTTP/1.1" 200 110980 "-" "Mozilla/5.0 (Windows NT 5.1; rv:11.0) Gecko Firefox/11.0 (via ggpht.com GoogleImageProxy)"
83.99.11.157 - - [13/Jun/2021:20:02:12 +0200] "GET /templates/Pixame_v1/stylesheet.css HTTP/1.1" 200 56057 "http://www.wonder-geek.com/pure-washed-linen-cushion-cover-p-54379.html" "Mozilla/5.0 (Windows NT 10.0; Win64; x64) AppleWebKit/537.36 (KHTML, like Gecko) Chrome/91.0.4472.101 Safari/537.36"
83.99.11.157 - - [13/Jun/2021:20:02:12 +0200] "GET /js/jquery.jqzoom.js HTTP/1.1" 200 4761 "http://www.wonder-geek.com/pure-washed-linen-cushion-cover-p-54379.html" "Mozilla/5.0 (Windows NT 10.0; Win64; x64) AppleWebKit/537.36 (KHTML, like Gecko) Chrome/91.0.4472.101 Safari/537.36"
83.99.11.157 - - [13/Jun/2021:20:02:12 +0200] "GET /mondial_relay/js/jquery-1.3.2.min.js HTTP/1.1" 200 57254 "http://www.wonder-geek.com/pure-washed-linen-cushion-cover-p-54379.html" "Mozilla/5.0 (Windows NT 10.0; Win64; x64) AppleWebKit/537.36 (KHTML, like Gecko) Chrome/91.0.4472.101 Safari/537.36"
83.99.11.157 - - [13/Jun/2021:20:02:12 +0200] "GET /js/jquery.js HTTP/1.1" 200 54075 "http://www.wonder-geek.com/pure-washed-linen-cushion-cover-p-54379.html" "Mozilla/5.0 (Windows NT 10.0; Win64; x64) AppleWebKit/537.36 (KHTML, like Gecko) Chrome/91.0.4472.101 Safari/537.36"
83.99.11.157 - - [13/Jun/2021:20:02:12 +0200] "GET /highslide/highslide.js HTTP/1.1" 200 42909 "http://www.wonder-geek.com/pure-washed-linen-cushion-cover-p-54379.html" "Mozilla/5.0 (Windows NT 10.0; Win64; x64) AppleWebKit/537.36 (KHTML, like Gecko) Chrome/91.0.4472.101 Safari/537.36"
83.99.11.157 - - [13/Jun/2021:20:02:12 +0200] "GET /templates/Pixame_v1/images/icon_accueil2.png HTTP/1.1" 200 1137 "http://www.wonder-geek.com/pure-washed-linen-cushion-cover-p-54379.html" "Mozilla/5.0 (Windows NT 10.0; Win64; x64) AppleWebKit/537.36 (KHTML, like Gecko) Chrome/91.0.4472.101 Safari/537.36"
83.99.11.157 - - [13/Jun/2021:20:02:12 +0200] "GET /templates/Pixame_v1/images/nav.png HTTP/1.1" 200 1283 "http://www.wonder-geek.com/templates/Pixame_v1/stylesheet.css" "Mozilla/5.0 (Windows NT 10.0; Win64; x64) AppleWebKit/537.36 (KHTML, like Gecko) Chrome/91.0.4472.101 Safari/537.36"
83.99.11.157 - - [13/Jun/2021:20:02:12 +0200] "GET /templates/Pixame_v1/images/Bottom_texture.jpg HTTP/1.1" 200 56290 "http://www.wonder-geek.com/templates/Pixame_v1/stylesheet.css" "Mozilla/5.0 (Windows NT 10.0; Win64; x64) AppleWebKit/537.36 (KHTML, like Gecko) Chrome/91.0.4472.101 Safari/537.36"
83.99.11.157 - - [13/Jun/2021:20:02:12 +0200] "GET /templates/Pixame_v1/images/header.png HTTP/1.1" 200 70245 "http://www.wonder-geek.com/templates/Pixame_v1/stylesheet.css" "Mozilla/5.0 (Windows NT 10.0; Win64; x64) AppleWebKit/537.36 (KHTML, like Gecko) Chrome/91.0.4472.101 Safari/537.36"
83.99.11.157 - - [13/Jun/2021:20:02:12 +0200] "GET /templates/Pixame_v1/images/header-object.png HTTP/1.1" 200 106050 "http://www.wonder-geek.com/templates/Pixame_v1/stylesheet.css" "Mozilla/5.0 (Windows NT 10.0; Win64; x64) AppleWebKit/537.36 (KHTML, like Gecko) Chrome/91.0.4472.101 Safari/537.36"
83.99.11.157 - - [13/Jun/2021:20:02:12 +0200] "GET /templates/Pixame_v1/images/Middle_texture.jpg HTTP/1.1" 200 249620 "http://www.wonder-geek.com/templates/Pixame_v1/stylesheet.css" "Mozilla/5.0 (Windows NT 10.0; Win64; x64) AppleWebKit/537.36 (KHTML, like Gecko) Chrome/91.0.4472.101 Safari/537.36"
83.99.11.157 - - [13/Jun/2021:20:02:12 +0200] "GET /images/big_prod/3442440302806.jpg HTTP/1.1" 200 290863 "http://www.wonder-geek.com/pure-washed-linen-cushion-cover-p-54379.html" "Mozilla/5.0 (Windows NT 10.0; Win64; x64) AppleWebKit/537.36 (KHTML, like Gecko) Chrome/91.0.4472.101 Safari/537.36"
83.99.11.157 - - [13/Jun/2021:20:02:12 +0200] "GET /images/big_prod_2/3442440302790z.jpg HTTP/1.1" 200 110980 "http://www.wonder-geek.com/pure-washed-linen-cushion-cover-p-54379.html" "Mozilla/5.0 (Windows NT 10.0; Win64; x64) AppleWebKit/537.36 (KHTML, like Gecko) Chrome/91.0.4472.101 Safari/537.36"
83.99.11.157 - - [13/Jun/2021:20:02:12 +0200] "GET /design/productsenstock.png HTTP/1.1" 200 4743 "http://www.wonder-geek.com/templates/Pixame_v1/stylesheet.css" "Mozilla/5.0 (Windows NT 10.0; Win64; x64) AppleWebKit/537.36 (KHTML, like Gecko) Chrome/91.0.4472.101 Safari/537.36"
83.99.11.157 - - [13/Jun/2021:20:02:12 +0200] "GET /templates/Pixame_v1/images/buttons/english/button_in_cart.gif HTTP/1.1" 200 1212 "http://www.wonder-geek.com/pure-washed-linen-cushion-cover-p-54379.html" "Mozilla/5.0 (Windows NT 10.0; Win64; x64) AppleWebKit/537.36 (KHTML, like Gecko) Chrome/91.0.4472.101 Safari/537.36"
83.99.11.157 - - [13/Jun/2021:20:02:12 +0200] "GET /images/big_prod_1/housse-de-coussin-prelude-30x50-cm.jpg HTTP/1.1" 200 121658 "http://www.wonder-geek.com/pure-washed-linen-cushion-cover-p-54379.html" "Mozilla/5.0 (Windows NT 10.0; Win64; x64) AppleWebKit/537.36 (KHTML, like Gecko) Chrome/91.0.4472.101 Safari/537.36"
83.99.11.157 - - [13/Jun/2021:20:02:13 +0200] "GET /highslide/graphics/outlines/drop-shadow.png HTTP/1.1" 200 2022 "http://www.wonder-geek.com/pure-washed-linen-cushion-cover-p-54379.html" "Mozilla/5.0 (Windows NT 10.0; Win64; x64) AppleWebKit/537.36 (KHTML, like Gecko) Chrome/91.0.4472.101 Safari/537.36"
83.99.11.157 - - [13/Jun/2021:20:02:13 +0200] "GET /favicon.ico HTTP/1.1" 200 1591 "http://www.wonder-geek.com/pure-washed-linen-cushion-cover-p-54379.html" "Mozilla/5.0 (Windows NT 10.0; Win64; x64) AppleWebKit/537.36 (KHTML, like Gecko) Chrome/91.0.4472.101 Safari/537.36"
66.249.70.40 - - [13/Jun/2021:20:03:16 +0200] "GET /images/big_prod_1/3520071807164B.jpg HTTP/1.1" 200 156619 "-" "Googlebot-Image/1.0"
34.122.145.211 - - [13/Jun/2021:20:03:59 +0200] "GET /templates/Pixame_v1/stylesheet.css HTTP/1.1" 200 56057 "http://www.wonder-geek.com/" "Mozilla/5.0 (Windows NT 10.0; Win64; x64) AppleWebKit/537.36 (KHTML, like Gecko) Chrome/93.0.4542.0 Safari/537.36"
34.122.145.211 - - [13/Jun/2021:20:03:59 +0200] "GET /highslide/highslide.js HTTP/1.1" 200 42909 "http://www.wonder-geek.com/" "Mozilla/5.0 (Windows NT 10.0; Win64; x64) AppleWebKit/537.36 (KHTML, like Gecko) Chrome/93.0.4542.0 Safari/537.36"
34.122.145.211 - - [13/Jun/2021:20:04:00 +0200] "GET /js/jquery.js HTTP/1.1" 200 54075 "http://www.wonder-geek.com/" "Mozilla/5.0 (Windows NT 10.0; Win64; x64) AppleWebKit/537.36 (KHTML, like Gecko) Chrome/93.0.4542.0 Safari/537.36"
34.122.145.211 - - [13/Jun/2021:20:04:00 +0200] "GET /js/jquery.jqzoom.js HTTP/1.1" 200 4761 "http://www.wonder-geek.com/" "Mozilla/5.0 (Windows NT 10.0; Win64; x64) AppleWebKit/537.36 (KHTML, like Gecko) Chrome/93.0.4542.0 Safari/537.36"
34.122.145.211 - - [13/Jun/2021:20:04:01 +0200] "GET /mondial_relay/js/jquery-1.3.2.min.js HTTP/1.1" 200 57254 "http://www.wonder-geek.com/" "Mozilla/5.0 (Windows NT 10.0; Win64; x64) AppleWebKit/537.36 (KHTML, like Gecko) Chrome/93.0.4542.0 Safari/537.36"
34.122.145.211 - - [13/Jun/2021:20:04:01 +0200] "GET /js/jquery.masonry.min.js HTTP/1.1" 200 5392 "http://www.wonder-geek.com/" "Mozilla/5.0 (Windows NT 10.0; Win64; x64) AppleWebKit/537.36 (KHTML, like Gecko) Chrome/93.0.4542.0 Safari/537.36"
34.122.145.211 - - [13/Jun/2021:20:04:01 +0200] "GET /js/modernizr-transitions.js HTTP/1.1" 200 2026 "http://www.wonder-geek.com/" "Mozilla/5.0 (Windows NT 10.0; Win64; x64) AppleWebKit/537.36 (KHTML, like Gecko) Chrome/93.0.4542.0 Safari/537.36"
34.122.145.211 - - [13/Jun/2021:20:04:01 +0200] "GET /templates/Pixame_v1/images/icon_accueil2.png HTTP/1.1" 200 1137 "http://www.wonder-geek.com/" "Mozilla/5.0 (Windows NT 10.0; Win64; x64) AppleWebKit/537.36 (KHTML, like Gecko) Chrome/93.0.4542.0 Safari/537.36"
34.122.145.211 - - [13/Jun/2021:20:04:03 +0200] "GET /templates/Pixame_v1/images/Bottom_texture.jpg HTTP/1.1" 200 56290 "http://www.wonder-geek.com/templates/Pixame_v1/stylesheet.css" "Mozilla/5.0 (Windows NT 10.0; Win64; x64) AppleWebKit/537.36 (KHTML, like Gecko) Chrome/93.0.4542.0 Safari/537.36"
34.122.145.211 - - [13/Jun/2021:20:04:04 +0200] "GET /templates/Pixame_v1/images/header-object.png HTTP/1.1" 200 106050 "http://www.wonder-geek.com/templates/Pixame_v1/stylesheet.css" "Mozilla/5.0 (Windows NT 10.0; Win64; x64) AppleWebKit/537.36 (KHTML, like Gecko) Chrome/93.0.4542.0 Safari/537.36"
34.122.145.211 - - [13/Jun/2021:20:04:04 +0200] "GET /templates/Pixame_v1/images/header.png HTTP/1.1" 200 70245 "http://www.wonder-geek.com/templates/Pixame_v1/stylesheet.css" "Mozilla/5.0 (Windows NT 10.0; Win64; x64) AppleWebKit/537.36 (KHTML, like Gecko) Chrome/93.0.4542.0 Safari/537.36"
34.122.145.211 - - [13/Jun/2021:20:04:04 +0200] "GET /templates/Pixame_v1/images/nav.png HTTP/1.1" 200 1283 "http://www.wonder-geek.com/templates/Pixame_v1/stylesheet.css" "Mozilla/5.0 (Windows NT 10.0; Win64; x64) AppleWebKit/537.36 (KHTML, like Gecko) Chrome/93.0.4542.0 Safari/537.36"
34.122.145.211 - - [13/Jun/2021:20:04:04 +0200] "GET /templates/Pixame_v1/images/Middle_texture.jpg HTTP/1.1" 200 249620 "http://www.wonder-geek.com/templates/Pixame_v1/stylesheet.css" "Mozilla/5.0 (Windows NT 10.0; Win64; x64) AppleWebKit/537.36 (KHTML, like Gecko) Chrome/93.0.4542.0 Safari/537.36"
34.122.145.211 - - [13/Jun/2021:20:04:04 +0200] "GET /design/productsenstock.png HTTP/1.1" 200 4743 "http://www.wonder-geek.com/templates/Pixame_v1/stylesheet.css" "Mozilla/5.0 (Windows NT 10.0; Win64; x64) AppleWebKit/537.36 (KHTML, like Gecko) Chrome/93.0.4542.0 Safari/537.36"
34.122.145.211 - - [13/Jun/2021:20:04:05 +0200] "GET /images/mini_prod/8424346234905.jpg HTTP/1.1" 200 9221 "http://www.wonder-geek.com/" "Mozilla/5.0 (Windows NT 10.0; Win64; x64) AppleWebKit/537.36 (KHTML, like Gecko) Chrome/93.0.4542.0 Safari/537.36"
34.122.145.211 - - [13/Jun/2021:20:04:05 +0200] "GET /images/mini_prod/3453131155236.jpg HTTP/1.1" 200 7898 "http://www.wonder-geek.com/" "Mozilla/5.0 (Windows NT 10.0; Win64; x64) AppleWebKit/537.36 (KHTML, like Gecko) Chrome/93.0.4542.0 Safari/537.36"
34.122.145.211 - - [13/Jun/2021:20:04:05 +0200] "GET /images/mini_prod/8422018272514.jpg HTTP/1.1" 200 4399 "http://www.wonder-geek.com/" "Mozilla/5.0 (Windows NT 10.0; Win64; x64) AppleWebKit/537.36 (KHTML, like Gecko) Chrome/93.0.4542.0 Safari/537.36"
34.122.145.211 - - [13/Jun/2021:20:04:07 +0200] "GET /images/mini_prod/8424345302186.jpg HTTP/1.1" 200 3394 "http://www.wonder-geek.com/" "Mozilla/5.0 (Windows NT 10.0; Win64; x64) AppleWebKit/537.36 (KHTML, like Gecko) Chrome/93.0.4542.0 Safari/537.36"
34.122.145.211 - - [13/Jun/2021:20:04:07 +0200] "GET /images/mini_prod/3453131153584.jpg HTTP/1.1" 200 4017 "http://www.wonder-geek.com/" "Mozilla/5.0 (Windows NT 10.0; Win64; x64) AppleWebKit/537.36 (KHTML, like Gecko) Chrome/93.0.4542.0 Safari/537.36"
34.122.145.211 - - [13/Jun/2021:20:04:07 +0200] "GET /images/mini_prod/3665269032307B.jpg HTTP/1.1" 200 6146 "http://www.wonder-geek.com/" "Mozilla/5.0 (Windows NT 10.0; Win64; x64) AppleWebKit/537.36 (KHTML, like Gecko) Chrome/93.0.4542.0 Safari/537.36"
34.122.145.211 - - [13/Jun/2021:20:04:07 +0200] "GET /images/mini_prod/3565750277630.jpg HTTP/1.1" 200 4057 "http://www.wonder-geek.com/" "Mozilla/5.0 (Windows NT 10.0; Win64; x64) AppleWebKit/537.36 (KHTML, like Gecko) Chrome/93.0.4542.0 Safari/537.36"
34.122.145.211 - - [13/Jun/2021:20:04:07 +0200] "GET /images/mini_prod/3574641017446.jpg HTTP/1.1" 200 5224 "http://www.wonder-geek.com/" "Mozilla/5.0 (Windows NT 10.0; Win64; x64) AppleWebKit/537.36 (KHTML, like Gecko) Chrome/93.0.4542.0 Safari/537.36"
34.122.145.211 - - [13/Jun/2021:20:04:07 +0200] "GET /images/mini_prod/8445148006330.jpg HTTP/1.1" 200 3670 "http://www.wonder-geek.com/" "Mozilla/5.0 (Windows NT 10.0; Win64; x64) AppleWebKit/537.36 (KHTML, like Gecko) Chrome/93.0.4542.0 Safari/537.36"
34.122.145.211 - - [13/Jun/2021:20:04:08 +0200] "GET /images/mini_prod/8433833240152.jpg HTTP/1.1" 200 5762 "http://www.wonder-geek.com/" "Mozilla/5.0 (Windows NT 10.0; Win64; x64) AppleWebKit/537.36 (KHTML, like Gecko) Chrome/93.0.4542.0 Safari/537.36"
34.122.145.211 - - [13/Jun/2021:20:04:08 +0200] "GET /images/mini_prod/3665284220581.jpg HTTP/1.1" 200 6306 "http://www.wonder-geek.com/" "Mozilla/5.0 (Windows NT 10.0; Win64; x64) AppleWebKit/537.36 (KHTML, like Gecko) Chrome/93.0.4542.0 Safari/537.36"
34.122.145.211 - - [13/Jun/2021:20:04:08 +0200] "GET /images/mini_prod/5055321748464.jpg HTTP/1.1" 200 4879 "http://www.wonder-geek.com/" "Mozilla/5.0 (Windows NT 10.0; Win64; x64) AppleWebKit/537.36 (KHTML, like Gecko) Chrome/93.0.4542.0 Safari/537.36"
34.122.145.211 - - [13/Jun/2021:20:04:08 +0200] "GET /images/mini_prod/8422001276604.jpg HTTP/1.1" 200 6802 "http://www.wonder-geek.com/" "Mozilla/5.0 (Windows NT 10.0; Win64; x64) AppleWebKit/537.36 (KHTML, like Gecko) Chrome/93.0.4542.0 Safari/537.36"
34.122.145.211 - - [13/Jun/2021:20:04:09 +0200] "GET /images/mini_prod/8445148005692.jpg HTTP/1.1" 200 7133 "http://www.wonder-geek.com/" "Mozilla/5.0 (Windows NT 10.0; Win64; x64) AppleWebKit/537.36 (KHTML, like Gecko) Chrome/93.0.4542.0 Safari/537.36"
34.122.145.211 - - [13/Jun/2021:20:04:09 +0200] "GET /images/mini_prod/3665269128222.jpg HTTP/1.1" 200 6637 "http://www.wonder-geek.com/" "Mozilla/5.0 (Windows NT 10.0; Win64; x64) AppleWebKit/537.36 (KHTML, like Gecko) Chrome/93.0.4542.0 Safari/537.36"
34.122.145.211 - - [13/Jun/2021:20:04:09 +0200] "GET /images/mini_prod/5055321765447.jpg HTTP/1.1" 200 4164 "http://www.wonder-geek.com/" "Mozilla/5.0 (Windows NT 10.0; Win64; x64) AppleWebKit/537.36 (KHTML, like Gecko) Chrome/93.0.4542.0 Safari/537.36"
218.63.100.63 - - [13/Jun/2021:20:06:13 +0200] "GET /images/big_prod/8433933158289.jpg HTTP/1.1" 200 43018 "https://cn.bing.com/" "Mozilla/5.0 (Windows NT 6.1; Win64; x64) AppleWebKit/537.36 (KHTML, like Gecko) Chrome/91.0.4472.101 Safari/537.36"
218.63.100.63 - - [13/Jun/2021:20:06:14 +0200] "GET /favicon.ico HTTP/1.1" 200 1591 "http://www.wonder-geek.com/images/big_prod/8433933158289.jpg" "Mozilla/5.0 (Windows NT 6.1; Win64; x64) AppleWebKit/537.36 (KHTML, like Gecko) Chrome/91.0.4472.101 Safari/537.36"
216.244.66.242 - - [13/Jun/2021:20:06:18 +0200] "GET /robots.txt HTTP/1.1" 200 2438 "-" "Mozilla/5.0 (compatible; DotBot/1.2; +https://opensiteexplorer.org/dotbot; help@moz.com)"
111.225.149.166 - - [13/Jun/2021:20:10:29 +0200] "GET /mondial_relay/js/jquery-1.3.2.min.js HTTP/1.1" 200 57254 "http://www.wonder-geek.com/rebecca-bedclothes-p-55451.html" "Mozilla/5.0 (Linux; Android 5.0) AppleWebKit/537.36 (KHTML, like Gecko) Mobile Safari/537.36 (compatible; Bytespider; https://zhanzhang.toutiao.com/)"
40.77.167.57 - - [13/Jun/2021:20:10:29 +0200] "GET /js/jquery.js HTTP/1.1" 200 54075 "-" "Mozilla/5.0 (compatible; bingbot/2.0; +http://www.bing.com/bingbot.htm)"
111.225.149.169 - - [13/Jun/2021:20:10:33 +0200] "GET /images/big_prod_1/3665269128222a.jpg HTTP/1.1" 200 36200 "http://www.wonder-geek.com/rebecca-bedclothes-p-55451.html" "Mozilla/5.0 (Linux; Android 5.0) AppleWebKit/537.36 (KHTML, like Gecko) Mobile Safari/537.36 (compatible; Bytespider; https://zhanzhang.toutiao.com/)"
