17.121.113.112 - - [13/Jun/2021:10:53:56 +0200] "GET /images/100_4007.jpg HTTP/1.1" 200 32696 "-" "Mozilla/5.0 (Macintosh; Intel Mac OS X 10_15_5) AppleWebKit/605.1.15 (KHTML, like Gecko) Version/13.1.1 Safari/605.1.15 (Applebot/0.1; +http://www.apple.com/go/applebot)"
66.249.68.10 - - [13/Jun/2021:10:55:35 +0200] "GET /js/jquery.masonry.min.js HTTP/1.1" 200 5392 "http://www.wonder-geek.com/" "Mozilla/5.0 AppleWebKit/537.36 (KHTML, like Gecko; compatible; Googlebot/2.1; +http://www.google.com/bot.html) Chrome/90.0.4430.97 Safari/537.36"
207.46.13.38 - - [13/Jun/2021:10:59:49 +0200] "GET /js/jquery.js HTTP/1.1" 200 54075 "-" "Mozilla/5.0 (compatible; bingbot/2.0; +http://www.bing.com/bingbot.htm)"
40.77.167.70 - - [13/Jun/2021:11:04:50 +0200] "GET /images/big_prod/5051276275246.jpg HTTP/1.1" 200 120378 "-" "Mozilla/5.0 (compatible; bingbot/2.0; +http://www.bing.com/bingbot.htm)"
103.131.71.43 - - [13/Jun/2021:11:08:44 +0200] "GET /robots.txt HTTP/1.1" 200 2438 "-" "Mozilla/5.0 (compatible; coccocbot-image/1.0; +http://help.coccoc.com/searchengine)"
103.131.71.40 - - [13/Jun/2021:11:09:17 +0200] "GET /robots.txt HTTP/1.1" 200 2438 "-" "Mozilla/5.0 (compatible; coccocbot-image/1.0; +http://help.coccoc.com/searchengine)"
103.131.71.53 - - [13/Jun/2021:11:09:28 +0200] "GET /images/big_prod/4025055910704.jpg HTTP/1.1" 200 146902 "-" "Mozilla/5.0 (compatible; coccocbot-image/1.0; +http://help.coccoc.com/searchengine)"
185.191.171.5 - - [13/Jun/2021:11:10:57 +0200] "GET /robots.txt HTTP/1.1" 200 2438 "-" "Mozilla/5.0 (compatible; SemrushBot/7~bl; +http://www.semrush.com/bot.html)"
54.236.1.11 - - [13/Jun/2021:11:15:31 +0200] "GET /images/7316191713265.jpg HTTP/1.1" 200 169085 "-" "Mozilla/5.0 (compatible; Pinterestbot/1.0; +http://www.pinterest.com/bot.html)"
66.249.68.6 - - [13/Jun/2021:11:20:38 +0200] "GET /images/big_prod/8433933112755.jpg HTTP/1.1" 200 146708 "-" "Googlebot-Image/1.0"
207.46.13.38 - - [13/Jun/2021:11:26:24 +0200] "GET /js/jquery.js HTTP/1.1" 200 54075 "-" "Mozilla/5.0 (compatible; bingbot/2.0; +http://www.bing.com/bingbot.htm)"
77.88.31.244 - - [13/Jun/2021:11:29:19 +0200] "GET /images/1399984255544.jpg HTTP/1.1" 200 103662 "-" "Mozilla/5.0 (compatible; YandexImageResizer/2.0; +http://yandex.com/bots)"
216.244.66.242 - - [13/Jun/2021:11:33:11 +0200] "GET /robots.txt HTTP/1.1" 200 2438 "-" "Mozilla/5.0 (compatible; DotBot/1.2; +https://opensiteexplorer.org/dotbot; help@moz.com)"
216.244.66.242 - - [13/Jun/2021:11:46:31 +0200] "GET /images/3438100328866.jpg HTTP/1.1" 200 33808 "-" "Mozilla/5.0 (compatible; DotBot/1.2; +https://opensiteexplorer.org/dotbot; help@moz.com)"
207.46.13.38 - - [13/Jun/2021:11:53:54 +0200] "GET /js/jquery.js HTTP/1.1" 200 54075 "-" "Mozilla/5.0 (compatible; bingbot/2.0; +http://www.bing.com/bingbot.htm)"
162.210.196.98 - - [13/Jun/2021:12:01:32 +0200] "GET /robots.txt HTTP/1.1" 200 2438 "-" "Mozilla/5.0 (compatible; MJ12bot/v1.4.8; http://mj12bot.com/)"
185.191.171.16 - - [13/Jun/2021:12:11:59 +0200] "GET /robots.txt HTTP/1.1" 200 2438 "-" "Mozilla/5.0 (compatible; SemrushBot/7~bl; +http://www.semrush.com/bot.html)"
207.46.13.38 - - [13/Jun/2021:12:16:27 +0200] "GET /js/jquery.js HTTP/1.1" 200 54075 "-" "Mozilla/5.0 (compatible; bingbot/2.0; +http://www.bing.com/bingbot.htm)"
35.243.252.220 - - [13/Jun/2021:12:21:41 +0200] "GET /robots.txt HTTP/1.0" 200 2438 "-" "ZoominfoBot (zoominfobot at zoominfo dot com)"
207.46.13.38 - - [13/Jun/2021:12:39:21 +0200] "GET /js/jquery.js HTTP/1.1" 200 54075 "-" "Mozilla/5.0 (compatible; bingbot/2.0; +http://www.bing.com/bingbot.htm)"
207.46.13.38 - - [13/Jun/2021:12:48:21 +0200] "GET /images/big_prod/8499132034977.jpg HTTP/1.1" 200 171578 "-" "Mozilla/5.0 (compatible; bingbot/2.0; +http://www.bing.com/bingbot.htm)"
40.77.167.70 - - [13/Jun/2021:12:54:31 +0200] "GET /images/big_prod_1/b3014627874392.jpg HTTP/1.1" 200 127194 "-" "Mozilla/5.0 (compatible; bingbot/2.0; +http://www.bing.com/bingbot.htm)"
66.249.68.8 - - [13/Jun/2021:12:55:18 +0200] "GET /images/big_prod/8424312538259C.jpg HTTP/1.1" 200 235081 "-" "Googlebot-Image/1.0"
66.249.93.25 - - [13/Jun/2021:12:58:08 +0200] "GET /images/big_prod/4542202653807.jpg HTTP/1.1" 200 54973 "-" "Mozilla/5.0 (Windows NT 5.1; rv:11.0) Gecko Firefox/11.0 (via ggpht.com GoogleImageProxy)"
17.121.113.188 - - [13/Jun/2021:12:59:34 +0200] "GET /robots.txt HTTP/1.1" 200 2438 "-" "Mozilla/5.0 (Macintosh; Intel Mac OS X 10_15_5) AppleWebKit/605.1.15 (KHTML, like Gecko) Version/13.1.1 Safari/605.1.15 (Applebot/0.1; +http://www.apple.com/go/applebot)"
66.249.68.6 - - [13/Jun/2021:13:02:03 +0200] "GET /js/jquery.masonry.min.js HTTP/1.1" 200 5392 "http://www.wonder-geek.com/" "Mozilla/5.0 (Linux; Android 6.0.1; Nexus 5X Build/MMB29P) AppleWebKit/537.36 (KHTML, like Gecko) Chrome/90.0.4430.97 Mobile Safari/537.36 (compatible; Googlebot/2.1; +http://www.google.com/bot.html)"
207.46.13.79 - - [13/Jun/2021:13:03:37 +0200] "GET /images/baloo.jpg HTTP/1.1" 200 16855 "-" "Mozilla/5.0 (compatible; bingbot/2.0; +http://www.bing.com/bingbot.htm)"
157.55.39.122 - - [13/Jun/2021:13:05:48 +0200] "GET /images/5110994699472.jpg HTTP/1.1" 200 31785 "-" "Mozilla/5.0 (compatible; bingbot/2.0; +http://www.bing.com/bingbot.htm)"
40.77.167.106 - - [13/Jun/2021:13:06:42 +0200] "GET /images/mini_prod/1300000020077N.jpg HTTP/1.1" 200 9784 "-" "Mozilla/5.0 (compatible; bingbot/2.0; +http://www.bing.com/bingbot.htm)"
207.46.13.38 - - [13/Jun/2021:13:06:45 +0200] "GET /images/mini_prod/8433933141342.jpg HTTP/1.1" 200 6384 "-" "Mozilla/5.0 (compatible; bingbot/2.0; +http://www.bing.com/bingbot.htm)"
147.92.153.7 - - [13/Jun/2021:13:09:05 +0200] "GET /robots.txt HTTP/1.1" 200 2438 "-" "Mozilla/5.0 (Windows NT 6.1; Win64; x64) AppleWebit/537.36 (KHTML, like Gecko) Chrome/63.0.3239.0 Safari/537.36 (compatible; Linespider/1.1; +https://lin.ee/4dwXkTH)"
157.55.39.122 - - [13/Jun/2021:13:10:09 +0200] "GET /images/1399984265451.jpg HTTP/1.1" 200 61588 "-" "Mozilla/5.0 (compatible; bingbot/2.0; +http://www.bing.com/bingbot.htm)"
185.191.171.6 - - [13/Jun/2021:13:15:46 +0200] "GET /robots.txt HTTP/1.1" 200 2438 "-" "Mozilla/5.0 (compatible; SemrushBot/7~bl; +http://www.semrush.com/bot.html)"
157.55.39.122 - - [13/Jun/2021:13:17:29 +0200] "GET /images/32816402472921.jpg HTTP/1.1" 200 50495 "-" "Mozilla/5.0 (compatible; bingbot/2.0; +http://www.bing.com/bingbot.htm)"
5.255.231.71 - - [13/Jun/2021:13:19:21 +0200] "GET /robots.txt HTTP/1.1" 200 2438 "-" "Mozilla/5.0 (compatible; YandexBot/3.0; +http://yandex.com/bots)"
5.255.231.71 - - [13/Jun/2021:13:19:25 +0200] "GET /images/mini_prod/8433933237212.jpg HTTP/1.1" 200 5663 "-" "Mozilla/5.0 (compatible; YandexImages/3.0; +http://yandex.com/bots)"
207.46.13.79 - - [13/Jun/2021:13:20:48 +0200] "GET /images/3438100351994.jpg HTTP/1.1" 200 31649 "-" "Mozilla/5.0 (compatible; bingbot/2.0; +http://www.bing.com/bingbot.htm)"
157.55.39.152 - - [13/Jun/2021:13:22:44 +0200] "GET /images/mini_prod/8422010052206.jpg HTTP/1.1" 200 9032 "-" "Mozilla/5.0 (compatible; bingbot/2.0; +http://www.bing.com/bingbot.htm)"
207.46.13.38 - - [13/Jun/2021:13:23:30 +0200] "GET /images/big_prod_1/8424345491002a.jpg HTTP/1.1" 200 140018 "-" "Mozilla/5.0 (compatible; bingbot/2.0; +http://www.bing.com/bingbot.htm)"
66.249.68.10 - - [13/Jun/2021:13:25:18 +0200] "GET /images/mini_prod/3453131155342.jpg HTTP/1.1" 200 5228 "-" "Googlebot-Image/1.0"
5.255.231.71 - - [13/Jun/2021:13:27:01 +0200] "GET /images/mini_prod/3520071776705.jpg HTTP/1.1" 200 5604 "-" "Mozilla/5.0 (compatible; YandexImages/3.0; +http://yandex.com/bots)"
207.46.13.38 - - [13/Jun/2021:13:29:44 +0200] "GET /js/jquery.js HTTP/1.1" 200 54075 "-" "Mozilla/5.0 (compatible; bingbot/2.0; +http://www.bing.com/bingbot.htm)"
207.46.13.38 - - [13/Jun/2021:13:29:45 +0200] "GET /js/jquery.js HTTP/1.1" 200 54075 "-" "Mozilla/5.0 (compatible; bingbot/2.0; +http://www.bing.com/bingbot.htm)"
5.255.231.71 - - [13/Jun/2021:13:30:19 +0200] "GET /images/mini_prod/5055321765850.jpg HTTP/1.1" 200 4949 "-" "Mozilla/5.0 (compatible; YandexImages/3.0; +http://yandex.com/bots)"
157.55.39.44 - - [13/Jun/2021:13:34:40 +0200] "GET /images/big_prod_1/1328399138296b.jpg HTTP/1.1" 200 57622 "-" "Mozilla/5.0 (compatible; bingbot/2.0; +http://www.bing.com/bingbot.htm)"
54.36.148.83 - - [13/Jun/2021:13:34:47 +0200] "GET /robots.txt HTTP/1.1" 200 2438 "-" "Mozilla/5.0 (compatible; AhrefsBot/7.0; +http://ahrefs.com/robot/)"
147.92.153.10 - - [13/Jun/2021:13:35:43 +0200] "GET /images/big_prod/3665269117424.jpg HTTP/1.1" 200 115522 "-" "Mozilla/5.0 (compatible; Linespider/1.1; +https://lin.ee/4dwXkTH)"
207.46.13.38 - - [13/Jun/2021:13:37:30 +0200] "GET /images/mini_prod/3453131139632.jpg HTTP/1.1" 200 5873 "-" "Mozilla/5.0 (compatible; bingbot/2.0; +http://www.bing.com/bingbot.htm)"
147.92.153.15 - - [13/Jun/2021:13:46:24 +0200] "GET /images/big_prod/5415203108920.jpg HTTP/1.1" 200 463724 "-" "Mozilla/5.0 (compatible; Linespider/1.1; +https://lin.ee/4dwXkTH)"
207.46.13.38 - - [13/Jun/2021:13:52:17 +0200] "GET /images/1399984252437.jpg HTTP/1.1" 200 28384 "-" "Mozilla/5.0 (compatible; bingbot/2.0; +http://www.bing.com/bingbot.htm)"
207.46.13.38 - - [13/Jun/2021:13:52:47 +0200] "GET /js/jquery.js HTTP/1.1" 200 54075 "-" "Mozilla/5.0 (compatible; bingbot/2.0; +http://www.bing.com/bingbot.htm)"
207.46.13.38 - - [13/Jun/2021:13:52:48 +0200] "GET /js/jquery.js HTTP/1.1" 200 54075 "-" "Mozilla/5.0 (compatible; bingbot/2.0; +http://www.bing.com/bingbot.htm)"
157.55.39.152 - - [13/Jun/2021:13:55:07 +0200] "GET /images/big_prod/4025055017786.jpg HTTP/1.1" 200 55226 "-" "Mozilla/5.0 (compatible; bingbot/2.0; +http://www.bing.com/bingbot.htm)"
40.77.167.90 - - [13/Jun/2021:13:55:40 +0200] "GET /images/big_prod/3612872112292N.jpg HTTP/1.1" 200 112145 "-" "Mozilla/5.0 (compatible; bingbot/2.0; +http://www.bing.com/bingbot.htm)"
157.55.39.122 - - [13/Jun/2021:13:56:53 +0200] "GET /images/mini_prod/3503420103131.jpg HTTP/1.1" 200 7509 "-" "Mozilla/5.0 (compatible; bingbot/2.0; +http://www.bing.com/bingbot.htm)"
157.55.39.106 - - [13/Jun/2021:13:56:54 +0200] "GET /images/8006180201956.jpg HTTP/1.1" 200 45240 "-" "Mozilla/5.0 (compatible; bingbot/2.0; +http://www.bing.com/bingbot.htm)"
95.213.218.168 - - [13/Jun/2021:14:03:25 +0200] "GET /images/1300010237526.jpg HTTP/1.1" 200 92988 "-" "Mozilla/5.0 (Linux; U; Android 7.1.1; en-US; MI MAX 2 Build/NMF26F) AppleWebKit/537.36 (KHTML, like Gecko) Version/4.0 Chrome/78.0.3904.108 UCBrowser/13.4.0.1306 Mobile Safari/537.36"
80.11.253.192 - - [13/Jun/2021:14:07:38 +0200] "GET /js/jquery.js HTTP/1.1" 200 54075 "http://www.wonder-geek.com/" "Mozilla/5.0 (Windows NT 10.0; Win64; x64; rv:89.0) Gecko/20100101 Firefox/89.0"
80.11.253.192 - - [13/Jun/2021:14:07:38 +0200] "GET /highslide/highslide.js HTTP/1.1" 200 42909 "http://www.wonder-geek.com/" "Mozilla/5.0 (Windows NT 10.0; Win64; x64; rv:89.0) Gecko/20100101 Firefox/89.0"
80.11.253.192 - - [13/Jun/2021:14:07:38 +0200] "GET /js/jquery.jqzoom.js HTTP/1.1" 200 4761 "http://www.wonder-geek.com/" "Mozilla/5.0 (Windows NT 10.0; Win64; x64; rv:89.0) Gecko/20100101 Firefox/89.0"
80.11.253.192 - - [13/Jun/2021:14:07:38 +0200] "GET /templates/Pixame_v1/stylesheet.css HTTP/1.1" 200 56057 "http://www.wonder-geek.com/" "Mozilla/5.0 (Windows NT 10.0; Win64; x64; rv:89.0) Gecko/20100101 Firefox/89.0"
80.11.253.192 - - [13/Jun/2021:14:07:38 +0200] "GET /mondial_relay/js/jquery-1.3.2.min.js HTTP/1.1" 200 57254 "http://www.wonder-geek.com/" "Mozilla/5.0 (Windows NT 10.0; Win64; x64; rv:89.0) Gecko/20100101 Firefox/89.0"
80.11.253.192 - - [13/Jun/2021:14:07:38 +0200] "GET /js/jquery.masonry.min.js HTTP/1.1" 200 5392 "http://www.wonder-geek.com/" "Mozilla/5.0 (Windows NT 10.0; Win64; x64; rv:89.0) Gecko/20100101 Firefox/89.0"
80.11.253.192 - - [13/Jun/2021:14:07:38 +0200] "GET /js/modernizr-transitions.js HTTP/1.1" 200 2026 "http://www.wonder-geek.com/" "Mozilla/5.0 (Windows NT 10.0; Win64; x64; rv:89.0) Gecko/20100101 Firefox/89.0"
80.11.253.192 - - [13/Jun/2021:14:07:38 +0200] "GET /images/mini_prod/8433833240084a.jpg HTTP/1.1" 200 4468 "http://www.wonder-geek.com/" "Mozilla/5.0 (Windows NT 10.0; Win64; x64; rv:89.0) Gecko/20100101 Firefox/89.0"
80.11.253.192 - - [13/Jun/2021:14:07:38 +0200] "GET /images/mini_prod/3665284220581.jpg HTTP/1.1" 200 6306 "http://www.wonder-geek.com/" "Mozilla/5.0 (Windows NT 10.0; Win64; x64; rv:89.0) Gecko/20100101 Firefox/89.0"
80.11.253.192 - - [13/Jun/2021:14:07:38 +0200] "GET /adminweb/includes/stylesheet.css HTTP/1.1" 200 21750 "http://www.wonder-geek.com/adminweb/login.php" "Mozilla/5.0 (Windows NT 10.0; Win64; x64; rv:89.0) Gecko/20100101 Firefox/89.0"
80.11.253.192 - - [13/Jun/2021:14:07:38 +0200] "GET /adminweb/includes/index.css HTTP/1.1" 200 1318 "http://www.wonder-geek.com/adminweb/login.php" "Mozilla/5.0 (Windows NT 10.0; Win64; x64; rv:89.0) Gecko/20100101 Firefox/89.0"
80.11.253.192 - - [13/Jun/2021:14:07:38 +0200] "GET /adminweb/includes/javascript/helptip.js HTTP/1.1" 200 2949 "http://www.wonder-geek.com/adminweb/login.php" "Mozilla/5.0 (Windows NT 10.0; Win64; x64; rv:89.0) Gecko/20100101 Firefox/89.0"
80.11.253.192 - - [13/Jun/2021:14:07:38 +0200] "GET /images/mini_prod/5051276416823.jpg HTTP/1.1" 200 4274 "http://www.wonder-geek.com/" "Mozilla/5.0 (Windows NT 10.0; Win64; x64; rv:89.0) Gecko/20100101 Firefox/89.0"
80.11.253.192 - - [13/Jun/2021:14:07:38 +0200] "GET /images/mini_prod/N5055321752836.jpg HTTP/1.1" 200 4377 "http://www.wonder-geek.com/" "Mozilla/5.0 (Windows NT 10.0; Win64; x64; rv:89.0) Gecko/20100101 Firefox/89.0"
80.11.253.192 - - [13/Jun/2021:14:07:38 +0200] "GET /images/mini_prod/5055321765447.jpg HTTP/1.1" 200 4164 "http://www.wonder-geek.com/" "Mozilla/5.0 (Windows NT 10.0; Win64; x64; rv:89.0) Gecko/20100101 Firefox/89.0"
80.11.253.192 - - [13/Jun/2021:14:07:38 +0200] "GET /images/mini_prod/8433933758878.jpg HTTP/1.1" 200 6627 "http://www.wonder-geek.com/" "Mozilla/5.0 (Windows NT 10.0; Win64; x64; rv:89.0) Gecko/20100101 Firefox/89.0"
80.11.253.192 - - [13/Jun/2021:14:07:38 +0200] "GET /images/mini_prod/5027166920022.jpg HTTP/1.1" 200 5807 "http://www.wonder-geek.com/" "Mozilla/5.0 (Windows NT 10.0; Win64; x64; rv:89.0) Gecko/20100101 Firefox/89.0"
80.11.253.192 - - [13/Jun/2021:14:07:38 +0200] "GET /images/mini_prod/5404006044627.jpg HTTP/1.1" 200 3073 "http://www.wonder-geek.com/" "Mozilla/5.0 (Windows NT 10.0; Win64; x64; rv:89.0) Gecko/20100101 Firefox/89.0"
80.11.253.192 - - [13/Jun/2021:14:07:38 +0200] "GET /images/mini_prod/8720088294611.jpg HTTP/1.1" 200 6248 "http://www.wonder-geek.com/" "Mozilla/5.0 (Windows NT 10.0; Win64; x64; rv:89.0) Gecko/20100101 Firefox/89.0"
80.11.253.192 - - [13/Jun/2021:14:07:38 +0200] "GET /images/mini_prod/3453131156318.jpg HTTP/1.1" 200 7187 "http://www.wonder-geek.com/" "Mozilla/5.0 (Windows NT 10.0; Win64; x64; rv:89.0) Gecko/20100101 Firefox/89.0"
80.11.253.192 - - [13/Jun/2021:14:07:38 +0200] "GET /images/mini_prod/3540945859273.jpg HTTP/1.1" 200 5981 "http://www.wonder-geek.com/" "Mozilla/5.0 (Windows NT 10.0; Win64; x64; rv:89.0) Gecko/20100101 Firefox/89.0"
80.11.253.192 - - [13/Jun/2021:14:07:38 +0200] "GET /images/mini_prod/3453131157629.jpg HTTP/1.1" 200 3447 "http://www.wonder-geek.com/" "Mozilla/5.0 (Windows NT 10.0; Win64; x64; rv:89.0) Gecko/20100101 Firefox/89.0"
80.11.253.192 - - [13/Jun/2021:14:07:38 +0200] "GET /images/mini_prod/5055321748501.jpg HTTP/1.1" 200 6081 "http://www.wonder-geek.com/" "Mozilla/5.0 (Windows NT 10.0; Win64; x64; rv:89.0) Gecko/20100101 Firefox/89.0"
80.11.253.192 - - [13/Jun/2021:14:07:38 +0200] "GET /images/mini_prod/5027166920008.jpg HTTP/1.1" 200 4326 "http://www.wonder-geek.com/" "Mozilla/5.0 (Windows NT 10.0; Win64; x64; rv:89.0) Gecko/20100101 Firefox/89.0"
80.11.253.192 - - [13/Jun/2021:14:07:38 +0200] "GET /images/mini_prod/8433933100325.jpg HTTP/1.1" 200 6843 "http://www.wonder-geek.com/" "Mozilla/5.0 (Windows NT 10.0; Win64; x64; rv:89.0) Gecko/20100101 Firefox/89.0"
80.11.253.192 - - [13/Jun/2021:14:07:38 +0200] "GET /images/mini_prod/3520071784632.jpg HTTP/1.1" 200 4290 "http://www.wonder-geek.com/" "Mozilla/5.0 (Windows NT 10.0; Win64; x64; rv:89.0) Gecko/20100101 Firefox/89.0"
80.11.253.192 - - [13/Jun/2021:14:07:38 +0200] "GET /images/mini_prod/8422004158037B.jpg HTTP/1.1" 200 7153 "http://www.wonder-geek.com/" "Mozilla/5.0 (Windows NT 10.0; Win64; x64; rv:89.0) Gecko/20100101 Firefox/89.0"
80.11.253.192 - - [13/Jun/2021:14:07:38 +0200] "GET /images/mini_prod/5051276416830.jpg HTTP/1.1" 200 4096 "http://www.wonder-geek.com/" "Mozilla/5.0 (Windows NT 10.0; Win64; x64; rv:89.0) Gecko/20100101 Firefox/89.0"
80.11.253.192 - - [13/Jun/2021:14:07:38 +0200] "GET /templates/Pixame_v1/images/icon_accueil2.png HTTP/1.1" 200 1137 "http://www.wonder-geek.com/" "Mozilla/5.0 (Windows NT 10.0; Win64; x64; rv:89.0) Gecko/20100101 Firefox/89.0"
80.11.253.192 - - [13/Jun/2021:14:07:38 +0200] "GET /images/mini_prod/3520071807140.jpg HTTP/1.1" 200 5175 "http://www.wonder-geek.com/" "Mozilla/5.0 (Windows NT 10.0; Win64; x64; rv:89.0) Gecko/20100101 Firefox/89.0"
80.11.253.192 - - [13/Jun/2021:14:07:38 +0200] "GET /images/mini_prod/8720088294604.jpg HTTP/1.1" 200 4774 "http://www.wonder-geek.com/" "Mozilla/5.0 (Windows NT 10.0; Win64; x64; rv:89.0) Gecko/20100101 Firefox/89.0"
80.11.253.192 - - [13/Jun/2021:14:07:38 +0200] "GET /images/mini_prod/8712159169966.jpg HTTP/1.1" 200 7204 "http://www.wonder-geek.com/" "Mozilla/5.0 (Windows NT 10.0; Win64; x64; rv:89.0) Gecko/20100101 Firefox/89.0"
80.11.253.192 - - [13/Jun/2021:14:07:38 +0200] "GET /images/mini_prod/5415203108999.jpg HTTP/1.1" 200 7108 "http://www.wonder-geek.com/" "Mozilla/5.0 (Windows NT 10.0; Win64; x64; rv:89.0) Gecko/20100101 Firefox/89.0"
80.11.253.192 - - [13/Jun/2021:14:07:38 +0200] "GET /images/mini_prod/5404006043446.jpg HTTP/1.1" 200 2950 "http://www.wonder-geek.com/" "Mozilla/5.0 (Windows NT 10.0; Win64; x64; rv:89.0) Gecko/20100101 Firefox/89.0"
80.11.253.192 - - [13/Jun/2021:14:07:38 +0200] "GET /images/mini_prod/3665284220598.jpg HTTP/1.1" 200 6633 "http://www.wonder-geek.com/" "Mozilla/5.0 (Windows NT 10.0; Win64; x64; rv:89.0) Gecko/20100101 Firefox/89.0"
80.11.253.192 - - [13/Jun/2021:14:07:38 +0200] "GET /images/defaut.gif HTTP/1.1" 200 5544 "http://www.wonder-geek.com/" "Mozilla/5.0 (Windows NT 10.0; Win64; x64; rv:89.0) Gecko/20100101 Firefox/89.0"
80.11.253.192 - - [13/Jun/2021:14:07:38 +0200] "GET /images/mini_prod/8433933237212.jpg HTTP/1.1" 200 5663 "http://www.wonder-geek.com/" "Mozilla/5.0 (Windows NT 10.0; Win64; x64; rv:89.0) Gecko/20100101 Firefox/89.0"
80.11.253.192 - - [13/Jun/2021:14:07:38 +0200] "GET /images/mini_prod/3665284220635.jpg HTTP/1.1" 200 6602 "http://www.wonder-geek.com/" "Mozilla/5.0 (Windows NT 10.0; Win64; x64; rv:89.0) Gecko/20100101 Firefox/89.0"
80.11.253.192 - - [13/Jun/2021:14:07:38 +0200] "GET /images/mini_prod/8433833240145.jpg HTTP/1.1" 200 8532 "http://www.wonder-geek.com/" "Mozilla/5.0 (Windows NT 10.0; Win64; x64; rv:89.0) Gecko/20100101 Firefox/89.0"
80.11.253.192 - - [13/Jun/2021:14:07:38 +0200] "GET /images/mini_prod/360981997964.jpg HTTP/1.1" 200 4754 "http://www.wonder-geek.com/" "Mozilla/5.0 (Windows NT 10.0; Win64; x64; rv:89.0) Gecko/20100101 Firefox/89.0"
80.11.253.192 - - [13/Jun/2021:14:07:38 +0200] "GET /images/mini_prod/3453131146333.jpg HTTP/1.1" 200 7926 "http://www.wonder-geek.com/" "Mozilla/5.0 (Windows NT 10.0; Win64; x64; rv:89.0) Gecko/20100101 Firefox/89.0"
80.11.253.192 - - [13/Jun/2021:14:07:38 +0200] "GET /images/mini_prod/5055321748471.jpg HTTP/1.1" 200 6511 "http://www.wonder-geek.com/" "Mozilla/5.0 (Windows NT 10.0; Win64; x64; rv:89.0) Gecko/20100101 Firefox/89.0"
80.11.253.192 - - [13/Jun/2021:14:07:38 +0200] "GET /images/mini_prod/5055321748518.jpg HTTP/1.1" 200 6497 "http://www.wonder-geek.com/" "Mozilla/5.0 (Windows NT 10.0; Win64; x64; rv:89.0) Gecko/20100101 Firefox/89.0"
80.11.253.192 - - [13/Jun/2021:14:07:38 +0200] "GET /images/mini_prod/3453131155229.jpg HTTP/1.1" 200 8261 "http://www.wonder-geek.com/" "Mozilla/5.0 (Windows NT 10.0; Win64; x64; rv:89.0) Gecko/20100101 Firefox/89.0"
80.11.253.192 - - [13/Jun/2021:14:07:38 +0200] "GET /images/mini_prod/8422018273511.jpg HTTP/1.1" 200 2505 "http://www.wonder-geek.com/" "Mozilla/5.0 (Windows NT 10.0; Win64; x64; rv:89.0) Gecko/20100101 Firefox/89.0"
80.11.253.192 - - [13/Jun/2021:14:07:38 +0200] "GET /images/mini_prod/8445148006330.jpg HTTP/1.1" 200 3670 "http://www.wonder-geek.com/" "Mozilla/5.0 (Windows NT 10.0; Win64; x64; rv:89.0) Gecko/20100101 Firefox/89.0"
80.11.253.192 - - [13/Jun/2021:14:07:38 +0200] "GET /images/mini_prod/3453131157377.jpg HTTP/1.1" 200 2660 "http://www.wonder-geek.com/" "Mozilla/5.0 (Windows NT 10.0; Win64; x64; rv:89.0) Gecko/20100101 Firefox/89.0"
80.11.253.192 - - [13/Jun/2021:14:07:38 +0200] "GET /images/mini_prod/5055321757893.jpg HTTP/1.1" 200 5042 "http://www.wonder-geek.com/" "Mozilla/5.0 (Windows NT 10.0; Win64; x64; rv:89.0) Gecko/20100101 Firefox/89.0"
80.11.253.192 - - [13/Jun/2021:14:07:38 +0200] "GET /images/mini_prod/3520071798769.jpg HTTP/1.1" 200 5196 "http://www.wonder-geek.com/" "Mozilla/5.0 (Windows NT 10.0; Win64; x64; rv:89.0) Gecko/20100101 Firefox/89.0"
80.11.253.192 - - [13/Jun/2021:14:07:38 +0200] "GET /images/mini_prod/8433833240121.jpg HTTP/1.1" 200 8460 "http://www.wonder-geek.com/" "Mozilla/5.0 (Windows NT 10.0; Win64; x64; rv:89.0) Gecko/20100101 Firefox/89.0"
80.11.253.192 - - [13/Jun/2021:14:07:39 +0200] "GET /images/mini_prod/5415203942296.jpg HTTP/1.1" 200 3255 "http://www.wonder-geek.com/" "Mozilla/5.0 (Windows NT 10.0; Win64; x64; rv:89.0) Gecko/20100101 Firefox/89.0"
80.11.253.192 - - [13/Jun/2021:14:07:39 +0200] "GET /images/mini_prod/3565750200065.jpg HTTP/1.1" 200 6038 "http://www.wonder-geek.com/" "Mozilla/5.0 (Windows NT 10.0; Win64; x64; rv:89.0) Gecko/20100101 Firefox/89.0"
80.11.253.192 - - [13/Jun/2021:14:07:39 +0200] "GET /images/mini_prod/8424346363773.jpg HTTP/1.1" 200 8877 "http://www.wonder-geek.com/" "Mozilla/5.0 (Windows NT 10.0; Win64; x64; rv:89.0) Gecko/20100101 Firefox/89.0"
80.11.253.192 - - [13/Jun/2021:14:07:39 +0200] "GET /images/mini_prod/3565752000700.jpg HTTP/1.1" 200 5103 "http://www.wonder-geek.com/" "Mozilla/5.0 (Windows NT 10.0; Win64; x64; rv:89.0) Gecko/20100101 Firefox/89.0"
80.11.253.192 - - [13/Jun/2021:14:07:39 +0200] "GET /images/mini_prod/842201827250.jpg HTTP/1.1" 200 3054 "http://www.wonder-geek.com/" "Mozilla/5.0 (Windows NT 10.0; Win64; x64; rv:89.0) Gecko/20100101 Firefox/89.0"
80.11.253.192 - - [13/Jun/2021:14:07:39 +0200] "GET /images/mini_prod/8424001815784.jpg HTTP/1.1" 200 5412 "http://www.wonder-geek.com/" "Mozilla/5.0 (Windows NT 10.0; Win64; x64; rv:89.0) Gecko/20100101 Firefox/89.0"
80.11.253.192 - - [13/Jun/2021:14:07:39 +0200] "GET /images/mini_prod/5027148067066.jpg HTTP/1.1" 200 6026 "http://www.wonder-geek.com/" "Mozilla/5.0 (Windows NT 10.0; Win64; x64; rv:89.0) Gecko/20100101 Firefox/89.0"
80.11.253.192 - - [13/Jun/2021:14:07:39 +0200] "GET /images/mini_prod/8424346367375.jpg HTTP/1.1" 200 3730 "http://www.wonder-geek.com/" "Mozilla/5.0 (Windows NT 10.0; Win64; x64; rv:89.0) Gecko/20100101 Firefox/89.0"
80.11.253.192 - - [13/Jun/2021:14:07:39 +0200] "GET /images/mini_prod/8712159160833.jpg HTTP/1.1" 200 6451 "http://www.wonder-geek.com/" "Mozilla/5.0 (Windows NT 10.0; Win64; x64; rv:89.0) Gecko/20100101 Firefox/89.0"
80.11.253.192 - - [13/Jun/2021:14:07:39 +0200] "GET /images/mini_prod/8433833240220.jpg HTTP/1.1" 200 3986 "http://www.wonder-geek.com/" "Mozilla/5.0 (Windows NT 10.0; Win64; x64; rv:89.0) Gecko/20100101 Firefox/89.0"
80.11.253.192 - - [13/Jun/2021:14:07:39 +0200] "GET /images/mini_prod/5404006048250.jpg HTTP/1.1" 200 4092 "http://www.wonder-geek.com/" "Mozilla/5.0 (Windows NT 10.0; Win64; x64; rv:89.0) Gecko/20100101 Firefox/89.0"
80.11.253.192 - - [13/Jun/2021:14:07:39 +0200] "GET /images/mini_prod/3520071784625.jpg HTTP/1.1" 200 4562 "http://www.wonder-geek.com/" "Mozilla/5.0 (Windows NT 10.0; Win64; x64; rv:89.0) Gecko/20100101 Firefox/89.0"
80.11.253.192 - - [13/Jun/2021:14:07:39 +0200] "GET /images/mini_prod/5055321752836.jpg HTTP/1.1" 200 3301 "http://www.wonder-geek.com/" "Mozilla/5.0 (Windows NT 10.0; Win64; x64; rv:89.0) Gecko/20100101 Firefox/89.0"
80.11.253.192 - - [13/Jun/2021:14:07:39 +0200] "GET /images/mini_prod/8422018273603.jpg HTTP/1.1" 200 2404 "http://www.wonder-geek.com/" "Mozilla/5.0 (Windows NT 10.0; Win64; x64; rv:89.0) Gecko/20100101 Firefox/89.0"
80.11.253.192 - - [13/Jun/2021:14:07:39 +0200] "GET /images/mini_prod/5055321765201.jpg HTTP/1.1" 200 4705 "http://www.wonder-geek.com/" "Mozilla/5.0 (Windows NT 10.0; Win64; x64; rv:89.0) Gecko/20100101 Firefox/89.0"
80.11.253.192 - - [13/Jun/2021:14:07:39 +0200] "GET /images/mini_prod/5055321765836.jpg HTTP/1.1" 200 4796 "http://www.wonder-geek.com/" "Mozilla/5.0 (Windows NT 10.0; Win64; x64; rv:89.0) Gecko/20100101 Firefox/89.0"
80.11.253.192 - - [13/Jun/2021:14:07:39 +0200] "GET /images/mini_prod/3665284220659.jpg HTTP/1.1" 200 3908 "http://www.wonder-geek.com/" "Mozilla/5.0 (Windows NT 10.0; Win64; x64; rv:89.0) Gecko/20100101 Firefox/89.0"
80.11.253.192 - - [13/Jun/2021:14:07:39 +0200] "GET /images/mini_prod/3520071807164.jpg HTTP/1.1" 200 3858 "http://www.wonder-geek.com/" "Mozilla/5.0 (Windows NT 10.0; Win64; x64; rv:89.0) Gecko/20100101 Firefox/89.0"
80.11.253.192 - - [13/Jun/2021:14:07:39 +0200] "GET /images/mini_prod/8712159167870.jpg HTTP/1.1" 200 6581 "http://www.wonder-geek.com/" "Mozilla/5.0 (Windows NT 10.0; Win64; x64; rv:89.0) Gecko/20100101 Firefox/89.0"
80.11.253.192 - - [13/Jun/2021:14:07:39 +0200] "GET /images/mini_prod/8433933127841.jpg HTTP/1.1" 200 3895 "http://www.wonder-geek.com/" "Mozilla/5.0 (Windows NT 10.0; Win64; x64; rv:89.0) Gecko/20100101 Firefox/89.0"
80.11.253.192 - - [13/Jun/2021:14:07:39 +0200] "GET /images/mini_prod/5055321753017.jpg HTTP/1.1" 200 2578 "http://www.wonder-geek.com/" "Mozilla/5.0 (Windows NT 10.0; Win64; x64; rv:89.0) Gecko/20100101 Firefox/89.0"
80.11.253.192 - - [13/Jun/2021:14:07:39 +0200] "GET /images/mini_prod/5400924136208.jpg HTTP/1.1" 200 4609 "http://www.wonder-geek.com/" "Mozilla/5.0 (Windows NT 10.0; Win64; x64; rv:89.0) Gecko/20100101 Firefox/89.0"
80.11.253.192 - - [13/Jun/2021:14:07:39 +0200] "GET /images/mini_prod/3609810053953.jpg HTTP/1.1" 200 8155 "http://www.wonder-geek.com/" "Mozilla/5.0 (Windows NT 10.0; Win64; x64; rv:89.0) Gecko/20100101 Firefox/89.0"
80.11.253.192 - - [13/Jun/2021:14:07:39 +0200] "GET /images/mini_prod/8422000414809B.jpg HTTP/1.1" 200 8302 "http://www.wonder-geek.com/" "Mozilla/5.0 (Windows NT 10.0; Win64; x64; rv:89.0) Gecko/20100101 Firefox/89.0"
80.11.253.192 - - [13/Jun/2021:14:07:39 +0200] "GET /images/mini_prod/3665284220574.jpg HTTP/1.1" 200 5714 "http://www.wonder-geek.com/" "Mozilla/5.0 (Windows NT 10.0; Win64; x64; rv:89.0) Gecko/20100101 Firefox/89.0"
80.11.253.192 - - [13/Jun/2021:14:07:39 +0200] "GET /favicon.ico HTTP/1.1" 200 1591 "http://www.wonder-geek.com/adminweb/login.php" "Mozilla/5.0 (Windows NT 10.0; Win64; x64; rv:89.0) Gecko/20100101 Firefox/89.0"
80.11.253.192 - - [13/Jun/2021:14:07:39 +0200] "GET /adminweb/includes/languages/french/images/buttons/button_confirm.gif HTTP/1.1" 200 1090 "http://www.wonder-geek.com/adminweb/login.php" "Mozilla/5.0 (Windows NT 10.0; Win64; x64; rv:89.0) Gecko/20100101 Firefox/89.0"
80.11.253.192 - - [13/Jun/2021:14:07:39 +0200] "GET /adminweb/images/logo_mini.png HTTP/1.1" 200 47706 "http://www.wonder-geek.com/adminweb/login.php" "Mozilla/5.0 (Windows NT 10.0; Win64; x64; rv:89.0) Gecko/20100101 Firefox/89.0"
80.11.253.192 - - [13/Jun/2021:14:07:39 +0200] "GET /adminweb/images/artoisweb.jpg HTTP/1.1" 200 38128 "http://www.wonder-geek.com/adminweb/login.php" "Mozilla/5.0 (Windows NT 10.0; Win64; x64; rv:89.0) Gecko/20100101 Firefox/89.0"
80.11.253.192 - - [13/Jun/2021:14:07:41 +0200] "GET /templates/Pixame_v1/images/Bottom_texture.jpg HTTP/1.1" 200 56290 "http://www.wonder-geek.com/templates/Pixame_v1/stylesheet.css" "Mozilla/5.0 (Windows NT 10.0; Win64; x64; rv:89.0) Gecko/20100101 Firefox/89.0"
80.11.253.192 - - [13/Jun/2021:14:07:42 +0200] "GET /templates/Pixame_v1/images/Middle_texture.jpg HTTP/1.1" 200 249620 "http://www.wonder-geek.com/templates/Pixame_v1/stylesheet.css" "Mozilla/5.0 (Windows NT 10.0; Win64; x64; rv:89.0) Gecko/20100101 Firefox/89.0"
80.11.253.192 - - [13/Jun/2021:14:07:42 +0200] "GET /templates/Pixame_v1/images/header.png HTTP/1.1" 200 70245 "http://www.wonder-geek.com/templates/Pixame_v1/stylesheet.css" "Mozilla/5.0 (Windows NT 10.0; Win64; x64; rv:89.0) Gecko/20100101 Firefox/89.0"
80.11.253.192 - - [13/Jun/2021:14:07:42 +0200] "GET /templates/Pixame_v1/images/header-object.png HTTP/1.1" 200 106050 "http://www.wonder-geek.com/templates/Pixame_v1/stylesheet.css" "Mozilla/5.0 (Windows NT 10.0; Win64; x64; rv:89.0) Gecko/20100101 Firefox/89.0"
80.11.253.192 - - [13/Jun/2021:14:07:42 +0200] "GET /templates/Pixame_v1/images/nav.png HTTP/1.1" 200 1283 "http://www.wonder-geek.com/templates/Pixame_v1/stylesheet.css" "Mozilla/5.0 (Windows NT 10.0; Win64; x64; rv:89.0) Gecko/20100101 Firefox/89.0"
80.11.253.192 - - [13/Jun/2021:14:07:43 +0200] "GET /templates/Pixame_v1/images/flash.swf HTTP/1.1" 200 2868 "http://www.wonder-geek.com/" "Mozilla/5.0 (Windows NT 10.0; Win64; x64; rv:89.0) Gecko/20100101 Firefox/89.0"
80.11.253.192 - - [13/Jun/2021:14:07:44 +0200] "GET /design/productsenstock.png HTTP/1.1" 200 4743 "http://www.wonder-geek.com/templates/Pixame_v1/stylesheet.css" "Mozilla/5.0 (Windows NT 10.0; Win64; x64; rv:89.0) Gecko/20100101 Firefox/89.0"
80.11.253.192 - - [13/Jun/2021:14:07:58 +0200] "GET /highslide/graphics/outlines/drop-shadow.png HTTP/1.1" 200 2022 "http://www.wonder-geek.com/" "Mozilla/5.0 (Windows NT 10.0; Win64; x64; rv:89.0) Gecko/20100101 Firefox/89.0"
80.11.253.192 - - [13/Jun/2021:14:08:51 +0200] "GET /adminweb/includes/stylesheet.css HTTP/1.1" 200 21750 "http://www.wonder-geek.com/adminweb/login.php" "Mozilla/5.0 (Windows NT 10.0; Win64; x64; rv:89.0) Gecko/20100101 Firefox/89.0"
80.11.253.192 - - [13/Jun/2021:14:08:56 +0200] "GET /adminweb/includes/menu.js HTTP/1.1" 200 14657 "http://www.wonder-geek.com/adminweb/index.php" "Mozilla/5.0 (Windows NT 10.0; Win64; x64; rv:89.0) Gecko/20100101 Firefox/89.0"
80.11.253.192 - - [13/Jun/2021:14:08:56 +0200] "GET /adminweb/images/cre_header_slice.gif HTTP/1.1" 200 2862 "http://www.wonder-geek.com/adminweb/index.php" "Mozilla/5.0 (Windows NT 10.0; Win64; x64; rv:89.0) Gecko/20100101 Firefox/89.0"
80.11.253.192 - - [13/Jun/2021:14:09:28 +0200] "GET /adminweb/includes/stylesheet.css HTTP/1.1" 200 21750 "http://www.wonder-geek.com/adminweb/login.php" "Mozilla/5.0 (Windows NT 10.0; Win64; x64; rv:89.0) Gecko/20100101 Firefox/89.0"
80.11.253.192 - - [13/Jun/2021:14:09:28 +0200] "GET /adminweb/includes/index.css HTTP/1.1" 200 1318 "http://www.wonder-geek.com/adminweb/login.php" "Mozilla/5.0 (Windows NT 10.0; Win64; x64; rv:89.0) Gecko/20100101 Firefox/89.0"
80.11.253.192 - - [13/Jun/2021:14:09:28 +0200] "GET /adminweb/includes/javascript/helptip.js HTTP/1.1" 200 2949 "http://www.wonder-geek.com/adminweb/login.php" "Mozilla/5.0 (Windows NT 10.0; Win64; x64; rv:89.0) Gecko/20100101 Firefox/89.0"
80.11.253.192 - - [13/Jun/2021:14:09:28 +0200] "GET /adminweb/images/logo_mini.png HTTP/1.1" 200 47706 "http://www.wonder-geek.com/adminweb/login.php" "Mozilla/5.0 (Windows NT 10.0; Win64; x64; rv:89.0) Gecko/20100101 Firefox/89.0"
80.11.253.192 - - [13/Jun/2021:14:09:28 +0200] "GET /adminweb/images/artoisweb.jpg HTTP/1.1" 200 38128 "http://www.wonder-geek.com/adminweb/login.php" "Mozilla/5.0 (Windows NT 10.0; Win64; x64; rv:89.0) Gecko/20100101 Firefox/89.0"
80.11.253.192 - - [13/Jun/2021:14:09:29 +0200] "GET /adminweb/includes/languages/french/images/buttons/button_confirm.gif HTTP/1.1" 200 1090 "http://www.wonder-geek.com/adminweb/login.php" "Mozilla/5.0 (Windows NT 10.0; Win64; x64; rv:89.0) Gecko/20100101 Firefox/89.0"
80.11.253.192 - - [13/Jun/2021:14:09:34 +0200] "GET /adminweb/includes/languages/french/images/buttons/button_edit_status.gif HTTP/1.1" 200 1398 "http://www.wonder-geek.com/adminweb/orders.php" "Mozilla/5.0 (Windows NT 10.0; Win64; x64; rv:89.0) Gecko/20100101 Firefox/89.0"
80.11.253.192 - - [13/Jun/2021:14:09:34 +0200] "GET /adminweb/includes/languages/french/images/buttons/button_invoice.gif HTTP/1.1" 200 1398 "http://www.wonder-geek.com/adminweb/orders.php" "Mozilla/5.0 (Windows NT 10.0; Win64; x64; rv:89.0) Gecko/20100101 Firefox/89.0"
80.11.253.192 - - [13/Jun/2021:14:09:34 +0200] "GET /adminweb/includes/languages/french/images/buttons/button_delete.gif HTTP/1.1" 200 1031 "http://www.wonder-geek.com/adminweb/orders.php" "Mozilla/5.0 (Windows NT 10.0; Win64; x64; rv:89.0) Gecko/20100101 Firefox/89.0"
80.11.253.192 - - [13/Jun/2021:14:09:34 +0200] "GET /adminweb/images/icons/icon_status_ok_colissimo.jpg HTTP/1.1" 200 2300 "http://www.wonder-geek.com/adminweb/orders.php" "Mozilla/5.0 (Windows NT 10.0; Win64; x64; rv:89.0) Gecko/20100101 Firefox/89.0"
80.11.253.192 - - [13/Jun/2021:14:09:34 +0200] "GET /adminweb/includes/languages/french/images/buttons/button_edit_order.gif HTTP/1.1" 200 1428 "http://www.wonder-geek.com/adminweb/orders.php" "Mozilla/5.0 (Windows NT 10.0; Win64; x64; rv:89.0) Gecko/20100101 Firefox/89.0"
66.249.68.10 - - [13/Jun/2021:14:09:56 +0200] "GET /images/big_prod/3014627558919.jpg HTTP/1.1" 200 122950 "-" "Googlebot-Image/1.0"
5.255.231.71 - - [13/Jun/2021:14:12:48 +0200] "GET /images/mini_prod/8422018239609.jpg HTTP/1.1" 200 3417 "-" "Mozilla/5.0 (compatible; YandexImages/3.0; +http://yandex.com/bots)"
157.55.39.152 - - [13/Jun/2021:14:14:38 +0200] "GET /images/big_prod/8433978414326.jpg HTTP/1.1" 200 92326 "-" "Mozilla/5.0 (compatible; bingbot/2.0; +http://www.bing.com/bingbot.htm)"
207.46.13.38 - - [13/Jun/2021:14:16:20 +0200] "GET /js/jquery.js HTTP/1.1" 200 54075 "-" "Mozilla/5.0 (compatible; bingbot/2.0; +http://www.bing.com/bingbot.htm)"
185.191.171.22 - - [13/Jun/2021:14:16:23 +0200] "GET /robots.txt HTTP/1.1" 200 2438 "-" "Mozilla/5.0 (compatible; SemrushBot/7~bl; +http://www.semrush.com/bot.html)"
157.55.39.122 - - [13/Jun/2021:14:16:25 +0200] "GET /images/big_prod/8412497557080.jpg HTTP/1.1" 200 132668 "-" "Mozilla/5.0 (compatible; bingbot/2.0; +http://www.bing.com/bingbot.htm)"
40.77.167.70 - - [13/Jun/2021:14:17:49 +0200] "GET /images/mini_prod/8422060206000.jpg HTTP/1.1" 200 7077 "-" "Mozilla/5.0 (compatible; bingbot/2.0; +http://www.bing.com/bingbot.htm)"
66.249.70.38 - - [13/Jun/2021:14:20:39 +0200] "GET /images/big_prod/3612875125008.jpg HTTP/1.1" 200 93630 "-" "Googlebot-Image/1.0"
157.55.39.128 - - [13/Jun/2021:14:33:26 +0200] "GET /images/big_prod/4029811370900.jpg HTTP/1.1" 200 65630 "-" "Mozilla/5.0 (compatible; bingbot/2.0; +http://www.bing.com/bingbot.htm)"
157.55.39.82 - - [13/Jun/2021:14:37:05 +0200] "GET /mondial_relay/js/jquery-1.3.2.min.js HTTP/1.1" 200 57254 "-" "Mozilla/5.0 (compatible; bingbot/2.0; +http://www.bing.com/bingbot.htm)"
131.107.159.86 - - [13/Jun/2021:14:38:58 +0200] "GET /images/med_prod/5018997611975.jpg HTTP/1.1" 200 113229 "-" "Mozilla/5.0 (X11; Linux i686) AppleWebKit/537.17 (KHTML, like Gecko) Chrome/24.0.1312.27 Safari/537.17"
13.83.127.109 - - [13/Jun/2021:14:39:03 +0200] "GET /images/big_prod_2/4542202657140b.jpg HTTP/1.1" 200 107904 "-" "Python-urllib/3.6"
157.55.39.152 - - [13/Jun/2021:14:40:52 +0200] "GET /images/med_prod/3032164202010.jpg HTTP/1.1" 200 69305 "-" "Mozilla/5.0 (compatible; bingbot/2.0; +http://www.bing.com/bingbot.htm)"
111.94.16.54 - - [13/Jun/2021:14:41:08 +0200] "GET /js/jquery.jqzoom.js HTTP/1.1" 200 4761 "http://www.wonder-geek.com/miso-cute-kimmidoll-love-p-21767.html" "Mozilla/5.0 (Linux; Android 9; CPH1923) AppleWebKit/537.36 (KHTML, like Gecko) Chrome/91.0.4472.88 Mobile Safari/537.36"
111.94.16.54 - - [13/Jun/2021:14:41:09 +0200] "GET /templates/Pixame_v1/stylesheet.css HTTP/1.1" 200 56057 "http://www.wonder-geek.com/miso-cute-kimmidoll-love-p-21767.html" "Mozilla/5.0 (Linux; Android 9; CPH1923) AppleWebKit/537.36 (KHTML, like Gecko) Chrome/91.0.4472.88 Mobile Safari/537.36"
111.94.16.54 - - [13/Jun/2021:14:41:09 +0200] "GET /js/jquery.js HTTP/1.1" 200 54075 "http://www.wonder-geek.com/miso-cute-kimmidoll-love-p-21767.html" "Mozilla/5.0 (Linux; Android 9; CPH1923) AppleWebKit/537.36 (KHTML, like Gecko) Chrome/91.0.4472.88 Mobile Safari/537.36"
111.94.16.54 - - [13/Jun/2021:14:41:09 +0200] "GET /highslide/highslide.js HTTP/1.1" 200 42909 "http://www.wonder-geek.com/miso-cute-kimmidoll-love-p-21767.html" "Mozilla/5.0 (Linux; Android 9; CPH1923) AppleWebKit/537.36 (KHTML, like Gecko) Chrome/91.0.4472.88 Mobile Safari/537.36"
111.94.16.54 - - [13/Jun/2021:14:41:09 +0200] "GET /mondial_relay/js/jquery-1.3.2.min.js HTTP/1.1" 200 57254 "http://www.wonder-geek.com/miso-cute-kimmidoll-love-p-21767.html" "Mozilla/5.0 (Linux; Android 9; CPH1923) AppleWebKit/537.36 (KHTML, like Gecko) Chrome/91.0.4472.88 Mobile Safari/537.36"
111.94.16.54 - - [13/Jun/2021:14:41:10 +0200] "GET /templates/Pixame_v1/images/icon_accueil2.png HTTP/1.1" 200 1137 "http://www.wonder-geek.com/miso-cute-kimmidoll-love-p-21767.html" "Mozilla/5.0 (Linux; Android 9; CPH1923) AppleWebKit/537.36 (KHTML, like Gecko) Chrome/91.0.4472.88 Mobile Safari/537.36"
111.94.16.54 - - [13/Jun/2021:14:41:10 +0200] "GET /templates/Pixame_v1/images/Bottom_texture.jpg HTTP/1.1" 200 56290 "http://www.wonder-geek.com/templates/Pixame_v1/stylesheet.css" "Mozilla/5.0 (Linux; Android 9; CPH1923) AppleWebKit/537.36 (KHTML, like Gecko) Chrome/91.0.4472.88 Mobile Safari/537.36"
111.94.16.54 - - [13/Jun/2021:14:41:10 +0200] "GET /templates/Pixame_v1/images/nav.png HTTP/1.1" 200 1283 "http://www.wonder-geek.com/templates/Pixame_v1/stylesheet.css" "Mozilla/5.0 (Linux; Android 9; CPH1923) AppleWebKit/537.36 (KHTML, like Gecko) Chrome/91.0.4472.88 Mobile Safari/537.36"
111.94.16.54 - - [13/Jun/2021:14:41:11 +0200] "GET /templates/Pixame_v1/images/buttons/english/button_in_cart.gif HTTP/1.1" 200 1212 "http://www.wonder-geek.com/miso-cute-kimmidoll-love-p-21767.html" "Mozilla/5.0 (Linux; Android 9; CPH1923) AppleWebKit/537.36 (KHTML, like Gecko) Chrome/91.0.4472.88 Mobile Safari/537.36"
111.94.16.54 - - [13/Jun/2021:14:41:11 +0200] "GET /images/1399984228029.jpg HTTP/1.1" 200 37933 "http://www.wonder-geek.com/miso-cute-kimmidoll-love-p-21767.html" "Mozilla/5.0 (Linux; Android 9; CPH1923) AppleWebKit/537.36 (KHTML, like Gecko) Chrome/91.0.4472.88 Mobile Safari/537.36"
111.94.16.54 - - [13/Jun/2021:14:41:11 +0200] "GET /design/productsenstock.png HTTP/1.1" 200 4743 "http://www.wonder-geek.com/templates/Pixame_v1/stylesheet.css" "Mozilla/5.0 (Linux; Android 9; CPH1923) AppleWebKit/537.36 (KHTML, like Gecko) Chrome/91.0.4472.88 Mobile Safari/537.36"
111.94.16.54 - - [13/Jun/2021:14:41:11 +0200] "GET /templates/Pixame_v1/images/header.png HTTP/1.1" 200 70245 "http://www.wonder-geek.com/templates/Pixame_v1/stylesheet.css" "Mozilla/5.0 (Linux; Android 9; CPH1923) AppleWebKit/537.36 (KHTML, like Gecko) Chrome/91.0.4472.88 Mobile Safari/537.36"
111.94.16.54 - - [13/Jun/2021:14:41:11 +0200] "GET /templates/Pixame_v1/images/Middle_texture.jpg HTTP/1.1" 200 249620 "http://www.wonder-geek.com/templates/Pixame_v1/stylesheet.css" "Mozilla/5.0 (Linux; Android 9; CPH1923) AppleWebKit/537.36 (KHTML, like Gecko) Chrome/91.0.4472.88 Mobile Safari/537.36"
111.94.16.54 - - [13/Jun/2021:14:41:12 +0200] "GET /templates/Pixame_v1/images/header-object.png HTTP/1.1" 200 106050 "http://www.wonder-geek.com/templates/Pixame_v1/stylesheet.css" "Mozilla/5.0 (Linux; Android 9; CPH1923) AppleWebKit/537.36 (KHTML, like Gecko) Chrome/91.0.4472.88 Mobile Safari/537.36"
111.94.16.54 - - [13/Jun/2021:14:41:13 +0200] "GET /highslide/graphics/outlines/drop-shadow.png HTTP/1.1" 200 2022 "http://www.wonder-geek.com/miso-cute-kimmidoll-love-p-21767.html" "Mozilla/5.0 (Linux; Android 9; CPH1923) AppleWebKit/537.36 (KHTML, like Gecko) Chrome/91.0.4472.88 Mobile Safari/537.36"
111.94.16.54 - - [13/Jun/2021:14:41:13 +0200] "GET /favicon.ico HTTP/1.1" 200 1591 "http://www.wonder-geek.com/miso-cute-kimmidoll-love-p-21767.html" "Mozilla/5.0 (Linux; Android 9; CPH1923) AppleWebKit/537.36 (KHTML, like Gecko) Chrome/91.0.4472.88 Mobile Safari/537.36"
5.255.231.71 - - [13/Jun/2021:14:41:57 +0200] "GET /images/mini_prod/3665284220628.jpg HTTP/1.1" 200 7103 "-" "Mozilla/5.0 (compatible; YandexImages/3.0; +http://yandex.com/bots)"
157.55.39.122 - - [13/Jun/2021:14:42:37 +0200] "GET /images/mini_prod/3574642016028.jpg HTTP/1.1" 200 3077 "-" "Mozilla/5.0 (compatible; bingbot/2.0; +http://www.bing.com/bingbot.htm)"
207.46.13.38 - - [13/Jun/2021:14:44:03 +0200] "GET /js/jquery.js HTTP/1.1" 200 54075 "-" "Mozilla/5.0 (compatible; bingbot/2.0; +http://www.bing.com/bingbot.htm)"
5.255.231.71 - - [13/Jun/2021:14:49:03 +0200] "GET /images/mini_prod/5055321765492.jpg HTTP/1.1" 200 3912 "-" "Mozilla/5.0 (compatible; YandexImages/3.0; +http://yandex.com/bots)"
157.55.39.128 - - [13/Jun/2021:14:51:19 +0200] "GET /images/mini_prod/3612875114453.jpg HTTP/1.1" 200 4942 "-" "Mozilla/5.0 (compatible; bingbot/2.0; +http://www.bing.com/bingbot.htm)"
5.255.231.71 - - [13/Jun/2021:14:53:28 +0200] "GET /images/mini_prod/8424346363773.jpg HTTP/1.1" 200 8877 "-" "Mozilla/5.0 (compatible; YandexImages/3.0; +http://yandex.com/bots)"
207.46.13.38 - - [13/Jun/2021:14:54:03 +0200] "GET /images/7316191464822.jpg HTTP/1.1" 200 25147 "-" "Mozilla/5.0 (compatible; bingbot/2.0; +http://www.bing.com/bingbot.htm)"
40.77.167.70 - - [13/Jun/2021:14:57:04 +0200] "GET /images/big_prod/9316188078221.jpg HTTP/1.1" 200 95363 "-" "Mozilla/5.0 (compatible; bingbot/2.0; +http://www.bing.com/bingbot.htm)"
157.55.39.128 - - [13/Jun/2021:14:58:00 +0200] "GET /images/1399984257616.jpg HTTP/1.1" 200 117898 "-" "Mozilla/5.0 (compatible; bingbot/2.0; +http://www.bing.com/bingbot.htm)"
64.233.173.116 - - [13/Jun/2021:14:58:23 +0200] "GET /images/9316188038751.jpg HTTP/1.1" 200 69800 "-" "Mozilla/5.0 (Windows NT 5.1; rv:11.0) Gecko Firefox/11.0 (via ggpht.com GoogleImageProxy)"
157.55.39.152 - - [13/Jun/2021:14:59:43 +0200] "GET /images/8432699030273.jpg HTTP/1.1" 200 37032 "-" "Mozilla/5.0 (compatible; bingbot/2.0; +http://www.bing.com/bingbot.htm)"
5.255.231.71 - - [13/Jun/2021:15:01:11 +0200] "GET /images/mini_prod/842201827250.jpg HTTP/1.1" 200 3054 "-" "Mozilla/5.0 (compatible; YandexImages/3.0; +http://yandex.com/bots)"
5.255.231.71 - - [13/Jun/2021:15:01:21 +0200] "GET /images/mini_prod/3540945859273.jpg HTTP/1.1" 200 5981 "-" "Mozilla/5.0 (compatible; YandexImages/3.0; +http://yandex.com/bots)"
207.46.13.38 - - [13/Jun/2021:15:11:35 +0200] "GET /js/jquery.js HTTP/1.1" 200 54075 "-" "Mozilla/5.0 (compatible; bingbot/2.0; +http://www.bing.com/bingbot.htm)"
157.55.39.44 - - [13/Jun/2021:15:12:00 +0200] "GET /images/big_prod/9316188077408.jpg HTTP/1.1" 200 103881 "-" "Mozilla/5.0 (compatible; bingbot/2.0; +http://www.bing.com/bingbot.htm)"
157.55.39.152 - - [13/Jun/2021:15:12:14 +0200] "GET /images/mini_prod/3453131150620.jpg HTTP/1.1" 200 5037 "-" "Mozilla/5.0 (compatible; bingbot/2.0; +http://www.bing.com/bingbot.htm)"
185.191.171.2 - - [13/Jun/2021:15:17:03 +0200] "GET /robots.txt HTTP/1.1" 200 2438 "-" "Mozilla/5.0 (compatible; SemrushBot/7~bl; +http://www.semrush.com/bot.html)"
40.77.167.90 - - [13/Jun/2021:15:17:05 +0200] "GET /images/big_prod/3609810096219.jpg HTTP/1.1" 200 64176 "-" "Mozilla/5.0 (compatible; bingbot/2.0; +http://www.bing.com/bingbot.htm)"
207.46.13.38 - - [13/Jun/2021:15:17:19 +0200] "GET /images/med_prod/1384010182949.jpg HTTP/1.1" 200 154194 "-" "Mozilla/5.0 (compatible; bingbot/2.0; +http://www.bing.com/bingbot.htm)"
66.249.70.42 - - [13/Jun/2021:15:20:38 +0200] "GET /images/mini_prod/8424001708949.jpg HTTP/1.1" 200 8886 "-" "Googlebot-Image/1.0"
5.255.231.71 - - [13/Jun/2021:15:23:50 +0200] "GET /robots.txt HTTP/1.1" 200 2438 "-" "Mozilla/5.0 (compatible; YandexBot/3.0; +http://yandex.com/bots)"
5.255.231.71 - - [13/Jun/2021:15:23:53 +0200] "GET /images/mini_prod/8422005767504.jpg HTTP/1.1" 200 3158 "-" "Mozilla/5.0 (compatible; YandexImages/3.0; +http://yandex.com/bots)"
157.55.39.122 - - [13/Jun/2021:15:23:58 +0200] "GET /images/mini_prod/134168916107.jpg HTTP/1.1" 200 5540 "-" "Mozilla/5.0 (compatible; bingbot/2.0; +http://www.bing.com/bingbot.htm)"
52.250.124.251 - - [13/Jun/2021:15:26:50 +0200] "GET /images/big_prod/3503420106699B.jpg HTTP/1.1" 200 90126 "-" "Python-urllib/3.6"
157.55.39.152 - - [13/Jun/2021:15:26:56 +0200] "GET /images/3700224531027.jpg HTTP/1.1" 200 84148 "-" "Mozilla/5.0 (compatible; bingbot/2.0; +http://www.bing.com/bingbot.htm)"
52.250.124.251 - - [13/Jun/2021:15:27:44 +0200] "GET /images/big_prod/3503420107184.jpg HTTP/1.1" 200 79775 "-" "Python-urllib/3.6"
40.77.167.106 - - [13/Jun/2021:15:28:16 +0200] "GET /images/8081221699558.jpg HTTP/1.1" 200 30630 "-" "Mozilla/5.0 (compatible; bingbot/2.0; +http://www.bing.com/bingbot.htm)"
5.255.231.71 - - [13/Jun/2021:15:29:29 +0200] "GET /images/mini_prod/3574641017378.jpg HTTP/1.1" 200 5566 "-" "Mozilla/5.0 (compatible; YandexImages/3.0; +http://yandex.com/bots)"
5.255.231.71 - - [13/Jun/2021:15:31:22 +0200] "GET /images/mini_prod/8433833240183.jpg HTTP/1.1" 200 5473 "-" "Mozilla/5.0 (compatible; YandexImages/3.0; +http://yandex.com/bots)"
157.55.39.128 - - [13/Jun/2021:15:38:43 +0200] "GET /images/mini_prod/DSCN0983.gif HTTP/1.1" 200 10402 "-" "Mozilla/5.0 (compatible; bingbot/2.0; +http://www.bing.com/bingbot.htm)"
157.55.39.106 - - [13/Jun/2021:15:39:23 +0200] "GET /images/big_prod/a1328399270071.jpg HTTP/1.1" 200 166155 "-" "Mozilla/5.0 (compatible; bingbot/2.0; +http://www.bing.com/bingbot.htm)"
207.46.13.38 - - [13/Jun/2021:15:39:59 +0200] "GET /js/jquery.js HTTP/1.1" 200 54075 "-" "Mozilla/5.0 (compatible; bingbot/2.0; +http://www.bing.com/bingbot.htm)"
40.77.167.90 - - [13/Jun/2021:15:46:48 +0200] "GET /images/big_prod/3609810076198.jpg HTTP/1.1" 200 93427 "-" "Mozilla/5.0 (compatible; bingbot/2.0; +http://www.bing.com/bingbot.htm)"
157.55.39.128 - - [13/Jun/2021:15:49:59 +0200] "GET /images/8423599061252.jpg HTTP/1.1" 200 33543 "-" "Mozilla/5.0 (compatible; bingbot/2.0; +http://www.bing.com/bingbot.htm)"
40.77.167.90 - - [13/Jun/2021:15:50:18 +0200] "GET /images/4542202650684b.jpg HTTP/1.1" 200 102880 "-" "Mozilla/5.0 (compatible; bingbot/2.0; +http://www.bing.com/bingbot.htm)"
5.255.231.71 - - [13/Jun/2021:15:58:56 +0200] "GET /images/big_prod/8006180200577.jpg HTTP/1.1" 304 0 "-" "Mozilla/5.0 (compatible; YandexImages/3.0; +http://yandex.com/bots)"
40.77.167.106 - - [13/Jun/2021:16:02:10 +0200] "GET /images/big_prod/8433933189771.jpg HTTP/1.1" 200 270258 "-" "Mozilla/5.0 (compatible; bingbot/2.0; +http://www.bing.com/bingbot.htm)"
157.55.39.128 - - [13/Jun/2021:16:03:16 +0200] "GET /images/mini_prod/8424346211975.jpg HTTP/1.1" 200 5216 "-" "Mozilla/5.0 (compatible; bingbot/2.0; +http://www.bing.com/bingbot.htm)"
207.46.13.48 - - [13/Jun/2021:16:04:58 +0200] "GET /robots.txt HTTP/1.1" 200 2438 "-" "Mozilla/5.0 (compatible; bingbot/2.0; +http://www.bing.com/bingbot.htm)"
103.131.71.82 - - [13/Jun/2021:16:10:01 +0200] "GET /robots.txt HTTP/1.1" 200 2438 "-" "Mozilla/5.0 (compatible; coccocbot-web/1.0; +http://help.coccoc.com/searchengine)"
77.75.79.62 - - [13/Jun/2021:16:12:54 +0200] "GET /robots.txt HTTP/1.1" 200 2438 "-" "Mozilla/5.0 (compatible; SeznamBot/3.2; +http://napoveda.seznam.cz/en/seznambot-intro/)"
77.75.79.62 - - [13/Jun/2021:16:12:56 +0200] "GET /images/big_prod/1384220059369.jpg HTTP/1.1" 200 171681 "-" "Mozilla/5.0 (compatible; SeznamBot/3.2; +http://napoveda.seznam.cz/en/seznambot-intro/)"
40.77.167.90 - - [13/Jun/2021:16:16:49 +0200] "GET /images/big_prod_1/8424346225033B.jpg HTTP/1.1" 200 74433 "-" "Mozilla/5.0 (compatible; bingbot/2.0; +http://www.bing.com/bingbot.htm)"
185.191.171.34 - - [13/Jun/2021:16:17:39 +0200] "GET /robots.txt HTTP/1.1" 200 2438 "-" "Mozilla/5.0 (compatible; SemrushBot/7~bl; +http://www.semrush.com/bot.html)"
66.249.70.40 - - [13/Jun/2021:16:20:38 +0200] "GET /images/mini_prod/5400924136208.jpg HTTP/1.1" 200 4609 "-" "Googlebot-Image/1.0"
40.77.167.70 - - [13/Jun/2021:16:21:11 +0200] "GET /images/newyork.jpg HTTP/1.1" 200 136892 "-" "Mozilla/5.0 (compatible; bingbot/2.0; +http://www.bing.com/bingbot.htm)"
157.55.39.24 - - [13/Jun/2021:16:23:52 +0200] "GET /images/b1399984237205.jpg HTTP/1.1" 200 44846 "-" "Mozilla/5.0 (compatible; bingbot/2.0; +http://www.bing.com/bingbot.htm)"
40.77.167.106 - - [13/Jun/2021:16:26:22 +0200] "GET /images/big_prod/1345544960069.jpg HTTP/1.1" 200 82581 "-" "Mozilla/5.0 (compatible; bingbot/2.0; +http://www.bing.com/bingbot.htm)"
157.55.39.152 - - [13/Jun/2021:16:27:22 +0200] "GET /images/3700276281758050720122.jpg HTTP/1.1" 200 31850 "-" "Mozilla/5.0 (compatible; bingbot/2.0; +http://www.bing.com/bingbot.htm)"
40.77.167.70 - - [13/Jun/2021:16:29:03 +0200] "GET /images/big_prod/3520071720609.jpg HTTP/1.1" 200 75468 "-" "Mozilla/5.0 (compatible; bingbot/2.0; +http://www.bing.com/bingbot.htm)"
173.231.59.211 - - [13/Jun/2021:16:34:44 +0200] "GET /robots.txt HTTP/1.1" 200 2438 "-" "Mozilla/5.0 (compatible; Adsbot/3.1; +https://seostar.co/robot/)"
207.46.13.38 - - [13/Jun/2021:16:36:45 +0200] "GET /js/jquery.js HTTP/1.1" 200 54075 "-" "Mozilla/5.0 (compatible; bingbot/2.0; +http://www.bing.com/bingbot.htm)"
216.244.66.242 - - [13/Jun/2021:16:39:27 +0200] "GET /robots.txt HTTP/1.1" 200 2438 "-" "Mozilla/5.0 (compatible; DotBot/1.2; +https://opensiteexplorer.org/dotbot; help@moz.com)"
207.46.13.48 - - [13/Jun/2021:16:40:42 +0200] "GET /robots.txt HTTP/1.1" 200 2438 "-" "Mozilla/5.0 (compatible; bingbot/2.0; +http://www.bing.com/bingbot.htm)"
66.249.70.38 - - [13/Jun/2021:16:42:18 +0200] "GET /images/mini_prod/5415203108937.jpg HTTP/1.1" 200 7055 "-" "Googlebot-Image/1.0"
216.244.66.242 - - [13/Jun/2021:16:45:59 +0200] "GET /images/DSCN0893.jpg HTTP/1.1" 200 30551 "-" "Mozilla/5.0 (compatible; DotBot/1.2; +https://opensiteexplorer.org/dotbot; help@moz.com)"
