185.191.171.18 - - [14/Jun/2021:07:30:35 +0200] "GET /robots.txt HTTP/1.1" 200 2438 "-" "Mozilla/5.0 (compatible; SemrushBot/7~bl; +http://www.semrush.com/bot.html)"
66.249.70.38 - - [14/Jun/2021:07:30:39 +0200] "GET /images/big_prod/b5051276247885.jpg HTTP/1.1" 200 57890 "-" "Googlebot-Image/1.0"
157.55.39.81 - - [14/Jun/2021:07:33:29 +0200] "GET /images/big_prod/1384010206133B.jpg HTTP/1.1" 200 169637 "-" "Mozilla/5.0 (compatible; bingbot/2.0; +http://www.bing.com/bingbot.htm)"
66.249.70.40 - - [14/Jun/2021:07:35:20 +0200] "GET /images/big_prod/8433933226506.jpg HTTP/1.1" 200 84782 "-" "Googlebot-Image/1.0"
66.249.70.42 - - [14/Jun/2021:07:37:07 +0200] "GET /highslide/highslide.js HTTP/1.1" 200 42909 "http://www.wonder-geek.com/wall-decoration-wood-c-13_274.html?page=8" "Mozilla/5.0 AppleWebKit/537.36 (KHTML, like Gecko; compatible; Googlebot/2.1; +http://www.google.com/bot.html) Chrome/90.0.4430.97 Safari/537.36"
213.180.203.24 - - [14/Jun/2021:07:37:26 +0200] "GET /images/mini_prod/3665284220604.jpg HTTP/1.1" 200 6792 "-" "Mozilla/5.0 (compatible; YandexImages/3.0; +http://yandex.com/bots)"
78.149.193.159 - - [14/Jun/2021:07:37:44 +0200] "GET /images/med_prod/1341689418243.jpg HTTP/1.1" 200 82108 "-" "Dalvik/2.1.0 (Linux; U; Android 10; CLT-L09 Build/HUAWEICLT-L09)"
40.77.167.57 - - [14/Jun/2021:07:38:46 +0200] "GET /js/jquery.js HTTP/1.1" 200 54075 "-" "Mozilla/5.0 (compatible; bingbot/2.0; +http://www.bing.com/bingbot.htm)"
157.55.39.152 - - [14/Jun/2021:07:39:31 +0200] "GET /images/med_prod/3457010954125.jpg HTTP/1.1" 200 128957 "-" "Mozilla/5.0 (compatible; bingbot/2.0; +http://www.bing.com/bingbot.htm)"
5.255.231.71 - - [14/Jun/2021:07:44:38 +0200] "GET /images/mini_prod/5404006047550.jpg HTTP/1.1" 200 3174 "-" "Mozilla/5.0 (compatible; YandexImages/3.0; +http://yandex.com/bots)"
207.46.13.38 - - [14/Jun/2021:07:48:01 +0200] "GET /images/big_prod/3565750237429.jpg HTTP/1.1" 200 138247 "-" "Mozilla/5.0 (compatible; bingbot/2.0; +http://www.bing.com/bingbot.htm)"
66.249.70.38 - - [14/Jun/2021:07:50:20 +0200] "GET /images/mini_prod/3700344887448.jpg HTTP/1.1" 200 4282 "-" "Googlebot-Image/1.0"
157.55.39.122 - - [14/Jun/2021:07:52:06 +0200] "GET /images/med_prod/8433933011805.jpg HTTP/1.1" 200 129326 "-" "Mozilla/5.0 (compatible; bingbot/2.0; +http://www.bing.com/bingbot.htm)"
103.131.71.229 - - [14/Jun/2021:07:53:10 +0200] "GET /robots.txt HTTP/1.1" 200 2438 "-" "Mozilla/5.0 (compatible; coccocbot-web/1.0; +http://help.coccoc.com/searchengine)"
40.77.167.106 - - [14/Jun/2021:07:53:52 +0200] "GET /images/big_prod/8433933100080b.jpg HTTP/1.1" 200 80901 "-" "Mozilla/5.0 (compatible; bingbot/2.0; +http://www.bing.com/bingbot.htm)"
5.255.231.71 - - [14/Jun/2021:07:54:11 +0200] "GET /images/mini_prod/N5055321752836.jpg HTTP/1.1" 200 4377 "-" "Mozilla/5.0 (compatible; YandexImages/3.0; +http://yandex.com/bots)"
66.249.70.38 - - [14/Jun/2021:07:55:20 +0200] "GET /images/mini_prod/842200907261.jpg HTTP/1.1" 200 4734 "-" "Googlebot-Image/1.0"
157.55.39.44 - - [14/Jun/2021:07:55:59 +0200] "GET /images/big_prod/8422056789630B.jpg HTTP/1.1" 200 282010 "-" "Mozilla/5.0 (compatible; bingbot/2.0; +http://www.bing.com/bingbot.htm)"
66.249.70.40 - - [14/Jun/2021:07:56:56 +0200] "GET /images/big_prod/8422012494806.jpg HTTP/1.1" 200 37908 "-" "Googlebot-Image/1.0"
5.255.231.71 - - [14/Jun/2021:08:02:33 +0200] "GET /images/big_prod/1384010207857.jpg HTTP/1.1" 304 0 "-" "Mozilla/5.0 (compatible; YandexImages/3.0; +http://yandex.com/bots)"
5.255.231.71 - - [14/Jun/2021:08:03:12 +0200] "GET /images/mini_prod/3014627949502.jpg HTTP/1.1" 200 6606 "-" "Mozilla/5.0 (compatible; YandexImages/3.0; +http://yandex.com/bots)"
40.77.167.57 - - [14/Jun/2021:08:03:15 +0200] "GET /js/jquery.js HTTP/1.1" 200 54075 "-" "Mozilla/5.0 (compatible; bingbot/2.0; +http://www.bing.com/bingbot.htm)"
220.243.188.43 - - [14/Jun/2021:08:04:09 +0200] "GET /js/jquery.masonry.min.js HTTP/1.1" 200 5392 "http://www.wonder-geek.com/stationery-cardmaking-c-129.html" "Mozilla/5.0 (compatible; Bytespider; https://zhanzhang.toutiao.com/) AppleWebKit/537.36 (KHTML, like Gecko) Chrome/70.0.0.0 Safari/537.36"
220.243.188.52 - - [14/Jun/2021:08:04:09 +0200] "GET /js/modernizr-transitions.js HTTP/1.1" 200 2026 "http://www.wonder-geek.com/stationery-cardmaking-c-129.html" "Mozilla/5.0 (compatible; Bytespider; https://zhanzhang.toutiao.com/) AppleWebKit/537.36 (KHTML, like Gecko) Chrome/70.0.0.0 Safari/537.36"
66.249.70.38 - - [14/Jun/2021:08:05:20 +0200] "GET /images/med_prod/5051276183091.jpg HTTP/1.1" 200 91421 "-" "Googlebot-Image/1.0"
40.77.167.57 - - [14/Jun/2021:08:10:33 +0200] "GET /images/8012052151366.jpg HTTP/1.1" 200 39312 "-" "Mozilla/5.0 (compatible; bingbot/2.0; +http://www.bing.com/bingbot.htm)"
216.244.66.242 - - [14/Jun/2021:08:12:55 +0200] "GET /robots.txt HTTP/1.1" 200 2438 "-" "Mozilla/5.0 (compatible; DotBot/1.2; +https://opensiteexplorer.org/dotbot; help@moz.com)"
66.249.70.40 - - [14/Jun/2021:08:13:20 +0200] "GET /images/big_prod_1/8422000414809a.jpg HTTP/1.1" 200 241253 "-" "Googlebot-Image/1.0"
220.243.135.206 - - [14/Jun/2021:08:14:07 +0200] "GET /robots.txt HTTP/1.1" 200 2438 "-" "Mozilla/5.0 (Linux; Android 5.0) AppleWebKit/537.36 (KHTML, like Gecko) Mobile Safari/537.36 (compatible; Bytespider; https://zhanzhang.toutiao.com/)"
74.125.210.48 - - [14/Jun/2021:08:16:35 +0200] "GET /images/big_prod/4542202662328NN.jpg HTTP/1.1" 200 76840 "-" "Mozilla/5.0 (Windows NT 5.1; rv:11.0) Gecko Firefox/11.0 (via ggpht.com GoogleImageProxy)"
157.55.39.44 - - [14/Jun/2021:08:18:50 +0200] "GET /images/big_prod/8433978414623.jpg HTTP/1.1" 200 44931 "-" "Mozilla/5.0 (compatible; bingbot/2.0; +http://www.bing.com/bingbot.htm)"
66.249.70.38 - - [14/Jun/2021:08:20:20 +0200] "GET /images/big_prod/3609810096288.jpg HTTP/1.1" 200 202063 "-" "Googlebot-Image/1.0"
216.244.66.242 - - [14/Jun/2021:08:23:48 +0200] "GET /images/big_prod/4029811354597.jpg HTTP/1.1" 200 161364 "-" "Mozilla/5.0 (compatible; DotBot/1.2; +https://opensiteexplorer.org/dotbot; help@moz.com)"
40.77.167.70 - - [14/Jun/2021:08:23:54 +0200] "GET /images/mini_prod/3014627932689.jpg HTTP/1.1" 200 4051 "-" "Mozilla/5.0 (compatible; bingbot/2.0; +http://www.bing.com/bingbot.htm)"
216.244.66.242 - - [14/Jun/2021:08:23:59 +0200] "GET /images/4895029694677.jpg HTTP/1.1" 200 42067 "-" "Mozilla/5.0 (compatible; DotBot/1.2; +https://opensiteexplorer.org/dotbot; help@moz.com)"
66.249.70.42 - - [14/Jun/2021:08:28:17 +0200] "GET /images/big_prod/3700856404782.jpg HTTP/1.1" 200 99749 "-" "Googlebot-Image/1.0"
157.55.39.128 - - [14/Jun/2021:08:29:26 +0200] "GET /images/big_prod/3453131132237.jpg HTTP/1.1" 200 47728 "-" "Mozilla/5.0 (compatible; bingbot/2.0; +http://www.bing.com/bingbot.htm)"
185.191.171.11 - - [14/Jun/2021:08:30:38 +0200] "GET /robots.txt HTTP/1.1" 200 2438 "-" "Mozilla/5.0 (compatible; SemrushBot/7~bl; +http://www.semrush.com/bot.html)"
66.249.70.42 - - [14/Jun/2021:08:31:39 +0200] "GET /images/3761194750849.jpg HTTP/1.1" 200 42138 "-" "Googlebot-Image/1.0"
157.55.39.122 - - [14/Jun/2021:08:32:41 +0200] "GET /images/5411217332207.jpg HTTP/1.1" 200 82153 "-" "Mozilla/5.0 (compatible; bingbot/2.0; +http://www.bing.com/bingbot.htm)"
40.77.167.57 - - [14/Jun/2021:08:33:42 +0200] "GET /js/jquery.js HTTP/1.1" 200 54075 "-" "Mozilla/5.0 (compatible; bingbot/2.0; +http://www.bing.com/bingbot.htm)"
40.77.167.57 - - [14/Jun/2021:08:33:43 +0200] "GET /js/jquery.js HTTP/1.1" 200 54075 "-" "Mozilla/5.0 (compatible; bingbot/2.0; +http://www.bing.com/bingbot.htm)"
66.249.70.42 - - [14/Jun/2021:08:35:20 +0200] "GET /images/big_prod/8717318138753.jpg HTTP/1.1" 200 60706 "-" "Googlebot-Image/1.0"
5.255.231.71 - - [14/Jun/2021:08:35:33 +0200] "GET /images/mini_prod/5400924136208.jpg HTTP/1.1" 200 4609 "-" "Mozilla/5.0 (compatible; YandexImages/3.0; +http://yandex.com/bots)"
40.77.167.106 - - [14/Jun/2021:08:35:57 +0200] "GET /images/10350.jpg HTTP/1.1" 200 25438 "-" "Mozilla/5.0 (compatible; bingbot/2.0; +http://www.bing.com/bingbot.htm)"
207.46.13.38 - - [14/Jun/2021:08:37:28 +0200] "GET /images/1308421410057.jpg HTTP/1.1" 200 103632 "-" "Mozilla/5.0 (compatible; bingbot/2.0; +http://www.bing.com/bingbot.htm)"
207.46.13.38 - - [14/Jun/2021:08:40:14 +0200] "GET /images/big_prod/8422020065869B.jpg HTTP/1.1" 200 58667 "-" "Mozilla/5.0 (compatible; bingbot/2.0; +http://www.bing.com/bingbot.htm)"
212.127.220.36 - - [14/Jun/2021:08:42:25 +0200] "GET /templates/Pixame_v1/stylesheet.css HTTP/1.1" 200 56057 "http://www.wonder-geek.com/dolomite-vase-face-pink-finish-p-54842.html" "Mozilla/5.0 (Linux; Android 11; AC2003) AppleWebKit/537.36 (KHTML, like Gecko) Chrome/91.0.4472.101 Mobile Safari/537.36"
212.127.220.36 - - [14/Jun/2021:08:42:25 +0200] "GET /highslide/highslide.js HTTP/1.1" 200 42909 "http://www.wonder-geek.com/dolomite-vase-face-pink-finish-p-54842.html" "Mozilla/5.0 (Linux; Android 11; AC2003) AppleWebKit/537.36 (KHTML, like Gecko) Chrome/91.0.4472.101 Mobile Safari/537.36"
212.127.220.36 - - [14/Jun/2021:08:42:25 +0200] "GET /js/jquery.jqzoom.js HTTP/1.1" 200 4761 "http://www.wonder-geek.com/dolomite-vase-face-pink-finish-p-54842.html" "Mozilla/5.0 (Linux; Android 11; AC2003) AppleWebKit/537.36 (KHTML, like Gecko) Chrome/91.0.4472.101 Mobile Safari/537.36"
212.127.220.36 - - [14/Jun/2021:08:42:25 +0200] "GET /js/jquery.js HTTP/1.1" 200 54075 "http://www.wonder-geek.com/dolomite-vase-face-pink-finish-p-54842.html" "Mozilla/5.0 (Linux; Android 11; AC2003) AppleWebKit/537.36 (KHTML, like Gecko) Chrome/91.0.4472.101 Mobile Safari/537.36"
212.127.220.36 - - [14/Jun/2021:08:42:25 +0200] "GET /mondial_relay/js/jquery-1.3.2.min.js HTTP/1.1" 200 57254 "http://www.wonder-geek.com/dolomite-vase-face-pink-finish-p-54842.html" "Mozilla/5.0 (Linux; Android 11; AC2003) AppleWebKit/537.36 (KHTML, like Gecko) Chrome/91.0.4472.101 Mobile Safari/537.36"
212.127.220.36 - - [14/Jun/2021:08:42:25 +0200] "GET /templates/Pixame_v1/images/icon_accueil2.png HTTP/1.1" 200 1137 "http://www.wonder-geek.com/dolomite-vase-face-pink-finish-p-54842.html" "Mozilla/5.0 (Linux; Android 11; AC2003) AppleWebKit/537.36 (KHTML, like Gecko) Chrome/91.0.4472.101 Mobile Safari/537.36"
212.127.220.36 - - [14/Jun/2021:08:42:26 +0200] "GET /images/big_prod/8422017826312.jpg HTTP/1.1" 200 56419 "http://www.wonder-geek.com/dolomite-vase-face-pink-finish-p-54842.html" "Mozilla/5.0 (Linux; Android 11; AC2003) AppleWebKit/537.36 (KHTML, like Gecko) Chrome/91.0.4472.101 Mobile Safari/537.36"
212.127.220.36 - - [14/Jun/2021:08:42:26 +0200] "GET /templates/Pixame_v1/images/Bottom_texture.jpg HTTP/1.1" 200 56290 "http://www.wonder-geek.com/templates/Pixame_v1/stylesheet.css" "Mozilla/5.0 (Linux; Android 11; AC2003) AppleWebKit/537.36 (KHTML, like Gecko) Chrome/91.0.4472.101 Mobile Safari/537.36"
212.127.220.36 - - [14/Jun/2021:08:42:26 +0200] "GET /images/big_prod_2/8422017826305b.jpg HTTP/1.1" 200 63783 "http://www.wonder-geek.com/dolomite-vase-face-pink-finish-p-54842.html" "Mozilla/5.0 (Linux; Android 11; AC2003) AppleWebKit/537.36 (KHTML, like Gecko) Chrome/91.0.4472.101 Mobile Safari/537.36"
212.127.220.36 - - [14/Jun/2021:08:42:26 +0200] "GET /images/big_prod_1/8422017826312a.jpg HTTP/1.1" 200 59435 "http://www.wonder-geek.com/dolomite-vase-face-pink-finish-p-54842.html" "Mozilla/5.0 (Linux; Android 11; AC2003) AppleWebKit/537.36 (KHTML, like Gecko) Chrome/91.0.4472.101 Mobile Safari/537.36"
212.127.220.36 - - [14/Jun/2021:08:42:26 +0200] "GET /templates/Pixame_v1/images/header.png HTTP/1.1" 200 70245 "http://www.wonder-geek.com/templates/Pixame_v1/stylesheet.css" "Mozilla/5.0 (Linux; Android 11; AC2003) AppleWebKit/537.36 (KHTML, like Gecko) Chrome/91.0.4472.101 Mobile Safari/537.36"
212.127.220.36 - - [14/Jun/2021:08:42:26 +0200] "GET /templates/Pixame_v1/images/nav.png HTTP/1.1" 200 1283 "http://www.wonder-geek.com/templates/Pixame_v1/stylesheet.css" "Mozilla/5.0 (Linux; Android 11; AC2003) AppleWebKit/537.36 (KHTML, like Gecko) Chrome/91.0.4472.101 Mobile Safari/537.36"
212.127.220.36 - - [14/Jun/2021:08:42:26 +0200] "GET /templates/Pixame_v1/images/buttons/english/button_in_cart.gif HTTP/1.1" 200 1212 "http://www.wonder-geek.com/dolomite-vase-face-pink-finish-p-54842.html" "Mozilla/5.0 (Linux; Android 11; AC2003) AppleWebKit/537.36 (KHTML, like Gecko) Chrome/91.0.4472.101 Mobile Safari/537.36"
212.127.220.36 - - [14/Jun/2021:08:42:26 +0200] "GET /templates/Pixame_v1/images/header-object.png HTTP/1.1" 200 106050 "http://www.wonder-geek.com/templates/Pixame_v1/stylesheet.css" "Mozilla/5.0 (Linux; Android 11; AC2003) AppleWebKit/537.36 (KHTML, like Gecko) Chrome/91.0.4472.101 Mobile Safari/537.36"
212.127.220.36 - - [14/Jun/2021:08:42:26 +0200] "GET /templates/Pixame_v1/images/Middle_texture.jpg HTTP/1.1" 200 249620 "http://www.wonder-geek.com/templates/Pixame_v1/stylesheet.css" "Mozilla/5.0 (Linux; Android 11; AC2003) AppleWebKit/537.36 (KHTML, like Gecko) Chrome/91.0.4472.101 Mobile Safari/537.36"
212.127.220.36 - - [14/Jun/2021:08:42:26 +0200] "GET /design/productsenstock.png HTTP/1.1" 200 4743 "http://www.wonder-geek.com/templates/Pixame_v1/stylesheet.css" "Mozilla/5.0 (Linux; Android 11; AC2003) AppleWebKit/537.36 (KHTML, like Gecko) Chrome/91.0.4472.101 Mobile Safari/537.36"
212.127.220.36 - - [14/Jun/2021:08:42:27 +0200] "GET /highslide/graphics/outlines/drop-shadow.png HTTP/1.1" 200 2022 "http://www.wonder-geek.com/dolomite-vase-face-pink-finish-p-54842.html" "Mozilla/5.0 (Linux; Android 11; AC2003) AppleWebKit/537.36 (KHTML, like Gecko) Chrome/91.0.4472.101 Mobile Safari/537.36"
212.127.220.36 - - [14/Jun/2021:08:42:27 +0200] "GET /favicon.ico HTTP/1.1" 200 1591 "http://www.wonder-geek.com/dolomite-vase-face-pink-finish-p-54842.html" "Mozilla/5.0 (Linux; Android 11; AC2003) AppleWebKit/537.36 (KHTML, like Gecko) Chrome/91.0.4472.101 Mobile Safari/537.36"
66.249.70.42 - - [14/Jun/2021:08:44:18 +0200] "GET /robots.txt HTTP/1.1" 200 2438 "-" "Mozilla/5.0 (compatible; Googlebot/2.1; +http://www.google.com/bot.html)"
66.249.70.40 - - [14/Jun/2021:08:44:19 +0200] "GET /images/big_prod/8424345769408.jpg HTTP/1.1" 200 237420 "-" "Googlebot-Image/1.0"
5.255.231.71 - - [14/Jun/2021:08:45:06 +0200] "GET /images/mini_prod/5051276416847.jpg HTTP/1.1" 200 4443 "-" "Mozilla/5.0 (compatible; YandexImages/3.0; +http://yandex.com/bots)"
66.249.70.42 - - [14/Jun/2021:08:45:20 +0200] "GET /images/big_prod/3681643403518.jpg HTTP/1.1" 200 101778 "-" "Googlebot-Image/1.0"
157.55.39.122 - - [14/Jun/2021:08:49:53 +0200] "GET /images/8427787036114.jpg HTTP/1.1" 200 58538 "-" "Mozilla/5.0 (compatible; bingbot/2.0; +http://www.bing.com/bingbot.htm)"
157.55.39.44 - - [14/Jun/2021:08:50:19 +0200] "GET /images/3700276267851.jpg HTTP/1.1" 200 23672 "-" "Mozilla/5.0 (compatible; bingbot/2.0; +http://www.bing.com/bingbot.htm)"
157.55.39.81 - - [14/Jun/2021:08:51:46 +0200] "GET /images/75258bis.jpg HTTP/1.1" 200 34182 "-" "Mozilla/5.0 (compatible; bingbot/2.0; +http://www.bing.com/bingbot.htm)"
40.77.167.70 - - [14/Jun/2021:08:54:07 +0200] "GET /images/070209_191252_PEEL_HyC3YV.jpg HTTP/1.1" 200 39355 "-" "Mozilla/5.0 (compatible; bingbot/2.0; +http://www.bing.com/bingbot.htm)"
66.249.81.52 - - [14/Jun/2021:08:57:07 +0200] "GET /images/3663173161663.jpg HTTP/1.1" 200 19872 "-" "Mozilla/5.0 (Windows NT 5.1; rv:11.0) Gecko Firefox/11.0 (via ggpht.com GoogleImageProxy)"
66.249.70.42 - - [14/Jun/2021:08:59:50 +0200] "GET /images/big_prod/3574642577536.jpg HTTP/1.1" 200 40133 "-" "Googlebot-Image/1.0"
40.77.167.57 - - [14/Jun/2021:09:01:54 +0200] "GET /js/jquery.js HTTP/1.1" 200 54075 "-" "Mozilla/5.0 (compatible; bingbot/2.0; +http://www.bing.com/bingbot.htm)"
40.77.167.57 - - [14/Jun/2021:09:01:54 +0200] "GET /js/jquery.js HTTP/1.1" 200 54075 "-" "Mozilla/5.0 (compatible; bingbot/2.0; +http://www.bing.com/bingbot.htm)"
40.77.167.57 - - [14/Jun/2021:09:01:54 +0200] "GET /js/jquery.js HTTP/1.1" 200 54075 "-" "Mozilla/5.0 (compatible; bingbot/2.0; +http://www.bing.com/bingbot.htm)"
216.244.66.242 - - [14/Jun/2021:09:02:16 +0200] "GET /robots.txt HTTP/1.1" 200 2438 "-" "Mozilla/5.0 (compatible; DotBot/1.2; +https://opensiteexplorer.org/dotbot; help@moz.com)"
37.228.237.83 - - [14/Jun/2021:09:05:05 +0200] "GET /images/4008421369201.jpg HTTP/1.1" 200 38519 "-" "Dalvik/2.1.0 (Linux; U; Android 10; POT-LX1 Build/HUAWEIPOT-L01)"
66.249.70.42 - - [14/Jun/2021:09:05:38 +0200] "GET /images/mini_prod/3560600314275.jpg HTTP/1.1" 200 9233 "-" "Googlebot-Image/1.0"
66.249.81.52 - - [14/Jun/2021:09:08:35 +0200] "GET /images/big_prod_1/3700572755373C.jpg HTTP/1.1" 200 454480 "-" "Mozilla/5.0 (Windows NT 5.1; rv:11.0) Gecko Firefox/11.0 (via ggpht.com GoogleImageProxy)"
31.14.211.125 - - [14/Jun/2021:09:08:47 +0200] "GET /js/jquery.jqzoom.js HTTP/1.1" 200 4761 "http://www.wonder-geek.com/jane-crowther-p-53855.html" "Mozilla/5.0 (Windows NT 10.0; Win64; x64) AppleWebKit/537.36 (KHTML, like Gecko) Chrome/91.0.4472.77 Safari/537.36"
31.14.211.125 - - [14/Jun/2021:09:08:47 +0200] "GET /highslide/highslide.js HTTP/1.1" 200 42909 "http://www.wonder-geek.com/jane-crowther-p-53855.html" "Mozilla/5.0 (Windows NT 10.0; Win64; x64) AppleWebKit/537.36 (KHTML, like Gecko) Chrome/91.0.4472.77 Safari/537.36"
31.14.211.125 - - [14/Jun/2021:09:08:47 +0200] "GET /js/jquery.js HTTP/1.1" 200 54075 "http://www.wonder-geek.com/jane-crowther-p-53855.html" "Mozilla/5.0 (Windows NT 10.0; Win64; x64) AppleWebKit/537.36 (KHTML, like Gecko) Chrome/91.0.4472.77 Safari/537.36"
31.14.211.125 - - [14/Jun/2021:09:08:47 +0200] "GET /mondial_relay/js/jquery-1.3.2.min.js HTTP/1.1" 200 57254 "http://www.wonder-geek.com/jane-crowther-p-53855.html" "Mozilla/5.0 (Windows NT 10.0; Win64; x64) AppleWebKit/537.36 (KHTML, like Gecko) Chrome/91.0.4472.77 Safari/537.36"
31.14.211.125 - - [14/Jun/2021:09:08:47 +0200] "GET /templates/Pixame_v1/stylesheet.css HTTP/1.1" 200 56057 "http://www.wonder-geek.com/jane-crowther-p-53855.html" "Mozilla/5.0 (Windows NT 10.0; Win64; x64) AppleWebKit/537.36 (KHTML, like Gecko) Chrome/91.0.4472.77 Safari/537.36"
66.249.70.38 - - [14/Jun/2021:09:08:48 +0200] "GET /images/mini_prod/3574642575877.jpg HTTP/1.1" 200 3855 "-" "Googlebot-Image/1.0"
31.14.211.125 - - [14/Jun/2021:09:08:48 +0200] "GET /templates/Pixame_v1/images/icon_accueil2.png HTTP/1.1" 200 1137 "http://www.wonder-geek.com/jane-crowther-p-53855.html" "Mozilla/5.0 (Windows NT 10.0; Win64; x64) AppleWebKit/537.36 (KHTML, like Gecko) Chrome/91.0.4472.77 Safari/537.36"
31.14.211.125 - - [14/Jun/2021:09:08:48 +0200] "GET /templates/Pixame_v1/images/nav.png HTTP/1.1" 200 1283 "http://www.wonder-geek.com/templates/Pixame_v1/stylesheet.css" "Mozilla/5.0 (Windows NT 10.0; Win64; x64) AppleWebKit/537.36 (KHTML, like Gecko) Chrome/91.0.4472.77 Safari/537.36"
31.14.211.125 - - [14/Jun/2021:09:08:48 +0200] "GET /templates/Pixame_v1/images/Bottom_texture.jpg HTTP/1.1" 200 56290 "http://www.wonder-geek.com/templates/Pixame_v1/stylesheet.css" "Mozilla/5.0 (Windows NT 10.0; Win64; x64) AppleWebKit/537.36 (KHTML, like Gecko) Chrome/91.0.4472.77 Safari/537.36"
31.14.211.125 - - [14/Jun/2021:09:08:48 +0200] "GET /templates/Pixame_v1/images/header.png HTTP/1.1" 200 70245 "http://www.wonder-geek.com/templates/Pixame_v1/stylesheet.css" "Mozilla/5.0 (Windows NT 10.0; Win64; x64) AppleWebKit/537.36 (KHTML, like Gecko) Chrome/91.0.4472.77 Safari/537.36"
31.14.211.125 - - [14/Jun/2021:09:08:48 +0200] "GET /design/productsenstock.png HTTP/1.1" 200 4743 "http://www.wonder-geek.com/templates/Pixame_v1/stylesheet.css" "Mozilla/5.0 (Windows NT 10.0; Win64; x64) AppleWebKit/537.36 (KHTML, like Gecko) Chrome/91.0.4472.77 Safari/537.36"
31.14.211.125 - - [14/Jun/2021:09:08:48 +0200] "GET /templates/Pixame_v1/images/Middle_texture.jpg HTTP/1.1" 200 249620 "http://www.wonder-geek.com/templates/Pixame_v1/stylesheet.css" "Mozilla/5.0 (Windows NT 10.0; Win64; x64) AppleWebKit/537.36 (KHTML, like Gecko) Chrome/91.0.4472.77 Safari/537.36"
31.14.211.125 - - [14/Jun/2021:09:08:48 +0200] "GET /templates/Pixame_v1/images/buttons/english/button_in_cart.gif HTTP/1.1" 200 1212 "http://www.wonder-geek.com/jane-crowther-p-53855.html" "Mozilla/5.0 (Windows NT 10.0; Win64; x64) AppleWebKit/537.36 (KHTML, like Gecko) Chrome/91.0.4472.77 Safari/537.36"
31.14.211.125 - - [14/Jun/2021:09:08:48 +0200] "GET /images/big_prod/3700572755373B.jpg HTTP/1.1" 200 579939 "http://www.wonder-geek.com/jane-crowther-p-53855.html" "Mozilla/5.0 (Windows NT 10.0; Win64; x64) AppleWebKit/537.36 (KHTML, like Gecko) Chrome/91.0.4472.77 Safari/537.36"
31.14.211.125 - - [14/Jun/2021:09:08:48 +0200] "GET /templates/Pixame_v1/images/header-object.png HTTP/1.1" 200 106050 "http://www.wonder-geek.com/templates/Pixame_v1/stylesheet.css" "Mozilla/5.0 (Windows NT 10.0; Win64; x64) AppleWebKit/537.36 (KHTML, like Gecko) Chrome/91.0.4472.77 Safari/537.36"
31.14.211.125 - - [14/Jun/2021:09:08:49 +0200] "GET /images/big_prod_1/3700572755373C.jpg HTTP/1.1" 200 454480 "http://www.wonder-geek.com/jane-crowther-p-53855.html" "Mozilla/5.0 (Windows NT 10.0; Win64; x64) AppleWebKit/537.36 (KHTML, like Gecko) Chrome/91.0.4472.77 Safari/537.36"
31.14.211.125 - - [14/Jun/2021:09:08:49 +0200] "GET /highslide/graphics/outlines/drop-shadow.png HTTP/1.1" 200 2022 "http://www.wonder-geek.com/jane-crowther-p-53855.html" "Mozilla/5.0 (Windows NT 10.0; Win64; x64) AppleWebKit/537.36 (KHTML, like Gecko) Chrome/91.0.4472.77 Safari/537.36"
31.14.211.125 - - [14/Jun/2021:09:08:49 +0200] "GET /favicon.ico HTTP/1.1" 200 1591 "http://www.wonder-geek.com/jane-crowther-p-53855.html" "Mozilla/5.0 (Windows NT 10.0; Win64; x64) AppleWebKit/537.36 (KHTML, like Gecko) Chrome/91.0.4472.77 Safari/537.36"
40.77.167.106 - - [14/Jun/2021:09:08:50 +0200] "GET /images/5055071696169.jpg HTTP/1.1" 200 62521 "-" "Mozilla/5.0 (compatible; bingbot/2.0; +http://www.bing.com/bingbot.htm)"
5.255.231.71 - - [14/Jun/2021:09:12:25 +0200] "GET /robots.txt HTTP/1.1" 200 2438 "-" "Mozilla/5.0 (compatible; YandexBot/3.0; +http://yandex.com/bots)"
5.255.231.71 - - [14/Jun/2021:09:12:29 +0200] "GET /images/mini_prod/3520071798776.jpg HTTP/1.1" 200 6430 "-" "Mozilla/5.0 (compatible; YandexImages/3.0; +http://yandex.com/bots)"
40.77.167.57 - - [14/Jun/2021:09:15:16 +0200] "GET /images/3438100333303.jpg HTTP/1.1" 200 36416 "-" "Mozilla/5.0 (compatible; bingbot/2.0; +http://www.bing.com/bingbot.htm)"
66.249.81.52 - - [14/Jun/2021:09:15:50 +0200] "GET /images/big_prod_1/3700572755366C.jpg HTTP/1.1" 200 375617 "-" "Mozilla/5.0 (Windows NT 5.1; rv:11.0) Gecko Firefox/11.0 (via ggpht.com GoogleImageProxy)"
31.14.211.125 - - [14/Jun/2021:09:15:54 +0200] "GET /images/big_prod_1/3700572755366C.jpg HTTP/1.1" 200 375617 "http://www.wonder-geek.com/jane-crowther-black-p-53852.html" "Mozilla/5.0 (Windows NT 10.0; Win64; x64) AppleWebKit/537.36 (KHTML, like Gecko) Chrome/91.0.4472.77 Safari/537.36"
31.14.211.125 - - [14/Jun/2021:09:15:54 +0200] "GET /images/big_prod/3700572755366B.jpg HTTP/1.1" 200 447541 "http://www.wonder-geek.com/jane-crowther-black-p-53852.html" "Mozilla/5.0 (Windows NT 10.0; Win64; x64) AppleWebKit/537.36 (KHTML, like Gecko) Chrome/91.0.4472.77 Safari/537.36"
5.255.231.71 - - [14/Jun/2021:09:16:56 +0200] "GET /images/mini_prod/8433933226506.jpg HTTP/1.1" 200 5009 "-" "Mozilla/5.0 (compatible; YandexImages/3.0; +http://yandex.com/bots)"
66.249.81.50 - - [14/Jun/2021:09:17:02 +0200] "GET /images/big_prod_1/3700572755359C.jpg HTTP/1.1" 200 380438 "-" "Mozilla/5.0 (Windows NT 5.1; rv:11.0) Gecko Firefox/11.0 (via ggpht.com GoogleImageProxy)"
31.14.211.125 - - [14/Jun/2021:09:17:08 +0200] "GET /images/big_prod_1/3700572755359C.jpg HTTP/1.1" 200 380438 "http://www.wonder-geek.com/jane-crowther-ziggy-p-53854.html" "Mozilla/5.0 (Windows NT 10.0; Win64; x64) AppleWebKit/537.36 (KHTML, like Gecko) Chrome/91.0.4472.77 Safari/537.36"
31.14.211.125 - - [14/Jun/2021:09:17:08 +0200] "GET /images/big_prod/3700572755359B.jpg HTTP/1.1" 200 471689 "http://www.wonder-geek.com/jane-crowther-ziggy-p-53854.html" "Mozilla/5.0 (Windows NT 10.0; Win64; x64) AppleWebKit/537.36 (KHTML, like Gecko) Chrome/91.0.4472.77 Safari/537.36"
40.77.167.90 - - [14/Jun/2021:09:18:21 +0200] "GET /images/8430269357782.jpg HTTP/1.1" 200 121993 "-" "Mozilla/5.0 (compatible; bingbot/2.0; +http://www.bing.com/bingbot.htm)"
66.249.81.50 - - [14/Jun/2021:09:18:25 +0200] "GET /images/big_prod_1/3700572730622B.jpg HTTP/1.1" 200 391463 "-" "Mozilla/5.0 (Windows NT 5.1; rv:11.0) Gecko Firefox/11.0 (via ggpht.com GoogleImageProxy)"
31.14.211.125 - - [14/Jun/2021:09:18:29 +0200] "GET /images/big_prod_1/3700572730622B.jpg HTTP/1.1" 200 391463 "http://www.wonder-geek.com/jane-crowther-cats-p-54763.html" "Mozilla/5.0 (Windows NT 10.0; Win64; x64) AppleWebKit/537.36 (KHTML, like Gecko) Chrome/91.0.4472.77 Safari/537.36"
31.14.211.125 - - [14/Jun/2021:09:18:29 +0200] "GET /images/big_prod/3700572730622.jpg HTTP/1.1" 200 525020 "http://www.wonder-geek.com/jane-crowther-cats-p-54763.html" "Mozilla/5.0 (Windows NT 10.0; Win64; x64) AppleWebKit/537.36 (KHTML, like Gecko) Chrome/91.0.4472.77 Safari/537.36"
157.55.39.128 - - [14/Jun/2021:09:19:09 +0200] "GET /images/1399984246979.gif HTTP/1.1" 200 74651 "-" "Mozilla/5.0 (compatible; bingbot/2.0; +http://www.bing.com/bingbot.htm)"
40.77.167.57 - - [14/Jun/2021:09:19:19 +0200] "GET /images/big_prod/4012390387834.jpg HTTP/1.1" 200 78818 "-" "Mozilla/5.0 (compatible; bingbot/2.0; +http://www.bing.com/bingbot.htm)"
66.249.70.40 - - [14/Jun/2021:09:19:23 +0200] "GET /images/big_prod/4029811408948.jpg HTTP/1.1" 200 99761 "-" "Googlebot-Image/1.0"
157.55.39.152 - - [14/Jun/2021:09:22:43 +0200] "GET /images/big_prod_1/3520071748900a.jpg HTTP/1.1" 200 43502 "-" "Mozilla/5.0 (compatible; bingbot/2.0; +http://www.bing.com/bingbot.htm)"
66.249.70.38 - - [14/Jun/2021:09:25:38 +0200] "GET /images/big_prod/8433933105191.jpg HTTP/1.1" 200 74480 "-" "Googlebot-Image/1.0"
5.255.231.71 - - [14/Jun/2021:09:25:54 +0200] "GET /images/mini_prod/3453131146333.jpg HTTP/1.1" 200 7926 "-" "Mozilla/5.0 (compatible; YandexImages/3.0; +http://yandex.com/bots)"
157.55.39.122 - - [14/Jun/2021:09:26:16 +0200] "GET /images/mini_prod/3574642575259.jpg HTTP/1.1" 200 6604 "-" "Mozilla/5.0 (compatible; bingbot/2.0; +http://www.bing.com/bingbot.htm)"
66.249.80.50 - - [14/Jun/2021:09:28:50 +0200] "GET /images/DSCN4020b.jpg HTTP/1.1" 200 24636 "-" "Mozilla/5.0 (Windows NT 5.1; rv:11.0) Gecko Firefox/11.0 (via ggpht.com GoogleImageProxy)"
207.46.13.38 - - [14/Jun/2021:09:28:51 +0200] "GET /images/mini_prod/8433933208793.jpg HTTP/1.1" 200 11502 "-" "Mozilla/5.0 (compatible; bingbot/2.0; +http://www.bing.com/bingbot.htm)"
157.55.39.128 - - [14/Jun/2021:09:30:22 +0200] "GET /images/big_prod_1/5036278061035.jpg HTTP/1.1" 200 84642 "-" "Mozilla/5.0 (compatible; bingbot/2.0; +http://www.bing.com/bingbot.htm)"
66.249.70.38 - - [14/Jun/2021:09:31:16 +0200] "GET /images/big_prod_1/8433833240121B.jpg HTTP/1.1" 200 390867 "-" "Googlebot-Image/1.0"
185.191.171.43 - - [14/Jun/2021:09:31:46 +0200] "GET /robots.txt HTTP/1.1" 200 2438 "-" "Mozilla/5.0 (compatible; SemrushBot/7~bl; +http://www.semrush.com/bot.html)"
66.249.70.42 - - [14/Jun/2021:09:32:09 +0200] "GET /images/big_prod/3660173212371.jpg HTTP/1.1" 200 35023 "-" "Googlebot-Image/1.0"
66.249.70.38 - - [14/Jun/2021:09:33:17 +0200] "GET /images/mini_prod/NE0572.jpg HTTP/1.1" 200 8454 "-" "Googlebot-Image/1.0"
157.55.39.81 - - [14/Jun/2021:09:34:11 +0200] "GET /images/big_prod_3/4250255858642c.jpg HTTP/1.1" 200 413397 "-" "Mozilla/5.0 (compatible; bingbot/2.0; +http://www.bing.com/bingbot.htm)"
5.255.231.71 - - [14/Jun/2021:09:34:23 +0200] "GET /images/mini_prod/5051276416854.jpg HTTP/1.1" 200 5705 "-" "Mozilla/5.0 (compatible; YandexImages/3.0; +http://yandex.com/bots)"
5.255.231.71 - - [14/Jun/2021:09:34:27 +0200] "GET /images/mini_prod/8424312538259C.jpg HTTP/1.1" 200 4382 "-" "Mozilla/5.0 (compatible; YandexImages/3.0; +http://yandex.com/bots)"
157.55.39.128 - - [14/Jun/2021:09:39:22 +0200] "GET /images/med_prod/5055071705359.jpg HTTP/1.1" 200 68371 "-" "Mozilla/5.0 (compatible; bingbot/2.0; +http://www.bing.com/bingbot.htm)"
40.77.167.57 - - [14/Jun/2021:09:40:29 +0200] "GET /images/big_prod_2/8422012530214C.jpg HTTP/1.1" 200 54631 "-" "Mozilla/5.0 (compatible; bingbot/2.0; +http://www.bing.com/bingbot.htm)"
40.77.167.57 - - [14/Jun/2021:09:41:39 +0200] "GET /images/med_prod/1384010183823.jpg HTTP/1.1" 200 210106 "-" "Mozilla/5.0 (compatible; bingbot/2.0; +http://www.bing.com/bingbot.htm)"
66.249.70.38 - - [14/Jun/2021:09:49:00 +0200] "GET /images/big_prod/3442440233483.jpg HTTP/1.1" 200 82212 "-" "Googlebot-Image/1.0"
216.244.66.242 - - [14/Jun/2021:09:52:20 +0200] "GET /robots.txt HTTP/1.1" 200 2438 "-" "Mozilla/5.0 (compatible; DotBot/1.2; +https://opensiteexplorer.org/dotbot; help@moz.com)"
157.55.39.152 - - [14/Jun/2021:09:54:24 +0200] "GET /images/mini_prod/1300000023160.jpg HTTP/1.1" 200 6264 "-" "Mozilla/5.0 (compatible; bingbot/2.0; +http://www.bing.com/bingbot.htm)"
40.77.167.57 - - [14/Jun/2021:09:54:49 +0200] "GET /js/jquery.js HTTP/1.1" 200 54075 "-" "Mozilla/5.0 (compatible; bingbot/2.0; +http://www.bing.com/bingbot.htm)"
66.249.70.40 - - [14/Jun/2021:09:57:46 +0200] "GET /images/big_prod/5051276275253.jpg HTTP/1.1" 200 103100 "-" "Googlebot-Image/1.0"
157.55.39.122 - - [14/Jun/2021:09:59:30 +0200] "GET /images/1399984256633.jpg HTTP/1.1" 200 137375 "-" "Mozilla/5.0 (compatible; bingbot/2.0; +http://www.bing.com/bingbot.htm)"
66.249.81.48 - - [14/Jun/2021:10:00:39 +0200] "GET /images/med_prod/5036278053245.jpg HTTP/1.1" 200 117734 "-" "Mozilla/5.0 (Windows NT 5.1; rv:11.0) Gecko Firefox/11.0 (via ggpht.com GoogleImageProxy)"
94.143.237.230 - - [14/Jun/2021:10:01:12 +0200] "GET /templates/Pixame_v1/stylesheet.css HTTP/1.1" 200 56057 "http://www.wonder-geek.com/-p-30376.html" "Mozilla/5.0 (Windows NT 10.0; Win64; x64) AppleWebKit/537.36 (KHTML, like Gecko) Chrome/91.0.4472.101 Safari/537.36"
94.143.237.230 - - [14/Jun/2021:10:01:13 +0200] "GET /highslide/highslide.js HTTP/1.1" 200 42909 "http://www.wonder-geek.com/-p-30376.html" "Mozilla/5.0 (Windows NT 10.0; Win64; x64) AppleWebKit/537.36 (KHTML, like Gecko) Chrome/91.0.4472.101 Safari/537.36"
94.143.237.230 - - [14/Jun/2021:10:01:13 +0200] "GET /js/jquery.jqzoom.js HTTP/1.1" 200 4761 "http://www.wonder-geek.com/-p-30376.html" "Mozilla/5.0 (Windows NT 10.0; Win64; x64) AppleWebKit/537.36 (KHTML, like Gecko) Chrome/91.0.4472.101 Safari/537.36"
94.143.237.230 - - [14/Jun/2021:10:01:13 +0200] "GET /js/jquery.js HTTP/1.1" 200 54075 "http://www.wonder-geek.com/-p-30376.html" "Mozilla/5.0 (Windows NT 10.0; Win64; x64) AppleWebKit/537.36 (KHTML, like Gecko) Chrome/91.0.4472.101 Safari/537.36"
94.143.237.230 - - [14/Jun/2021:10:01:13 +0200] "GET /mondial_relay/js/jquery-1.3.2.min.js HTTP/1.1" 200 57254 "http://www.wonder-geek.com/-p-30376.html" "Mozilla/5.0 (Windows NT 10.0; Win64; x64) AppleWebKit/537.36 (KHTML, like Gecko) Chrome/91.0.4472.101 Safari/537.36"
94.143.237.230 - - [14/Jun/2021:10:01:13 +0200] "GET /templates/Pixame_v1/images/icon_accueil2.png HTTP/1.1" 200 1137 "http://www.wonder-geek.com/-p-30376.html" "Mozilla/5.0 (Windows NT 10.0; Win64; x64) AppleWebKit/537.36 (KHTML, like Gecko) Chrome/91.0.4472.101 Safari/537.36"
94.143.237.230 - - [14/Jun/2021:10:01:13 +0200] "GET /templates/Pixame_v1/images/Bottom_texture.jpg HTTP/1.1" 200 56290 "http://www.wonder-geek.com/templates/Pixame_v1/stylesheet.css" "Mozilla/5.0 (Windows NT 10.0; Win64; x64) AppleWebKit/537.36 (KHTML, like Gecko) Chrome/91.0.4472.101 Safari/537.36"
94.143.237.230 - - [14/Jun/2021:10:01:13 +0200] "GET /templates/Pixame_v1/images/header.png HTTP/1.1" 200 70245 "http://www.wonder-geek.com/templates/Pixame_v1/stylesheet.css" "Mozilla/5.0 (Windows NT 10.0; Win64; x64) AppleWebKit/537.36 (KHTML, like Gecko) Chrome/91.0.4472.101 Safari/537.36"
94.143.237.230 - - [14/Jun/2021:10:01:13 +0200] "GET /templates/Pixame_v1/images/nav.png HTTP/1.1" 200 1283 "http://www.wonder-geek.com/templates/Pixame_v1/stylesheet.css" "Mozilla/5.0 (Windows NT 10.0; Win64; x64) AppleWebKit/537.36 (KHTML, like Gecko) Chrome/91.0.4472.101 Safari/537.36"
94.143.237.230 - - [14/Jun/2021:10:01:13 +0200] "GET /templates/Pixame_v1/images/header-object.png HTTP/1.1" 200 106050 "http://www.wonder-geek.com/templates/Pixame_v1/stylesheet.css" "Mozilla/5.0 (Windows NT 10.0; Win64; x64) AppleWebKit/537.36 (KHTML, like Gecko) Chrome/91.0.4472.101 Safari/537.36"
94.143.237.230 - - [14/Jun/2021:10:01:13 +0200] "GET /design/productsenstock.png HTTP/1.1" 200 4743 "http://www.wonder-geek.com/templates/Pixame_v1/stylesheet.css" "Mozilla/5.0 (Windows NT 10.0; Win64; x64) AppleWebKit/537.36 (KHTML, like Gecko) Chrome/91.0.4472.101 Safari/537.36"
94.143.237.230 - - [14/Jun/2021:10:01:13 +0200] "GET /templates/Pixame_v1/images/Middle_texture.jpg HTTP/1.1" 200 249620 "http://www.wonder-geek.com/templates/Pixame_v1/stylesheet.css" "Mozilla/5.0 (Windows NT 10.0; Win64; x64) AppleWebKit/537.36 (KHTML, like Gecko) Chrome/91.0.4472.101 Safari/537.36"
94.143.237.230 - - [14/Jun/2021:10:01:14 +0200] "GET /highslide/graphics/outlines/drop-shadow.png HTTP/1.1" 200 2022 "http://www.wonder-geek.com/-p-30376.html" "Mozilla/5.0 (Windows NT 10.0; Win64; x64) AppleWebKit/537.36 (KHTML, like Gecko) Chrome/91.0.4472.101 Safari/537.36"
94.143.237.230 - - [14/Jun/2021:10:01:14 +0200] "GET /favicon.ico HTTP/1.1" 200 1591 "http://www.wonder-geek.com/-p-30376.html" "Mozilla/5.0 (Windows NT 10.0; Win64; x64) AppleWebKit/537.36 (KHTML, like Gecko) Chrome/91.0.4472.101 Safari/537.36"
66.249.70.42 - - [14/Jun/2021:10:03:20 +0200] "GET /images/big_prod/5018997617090.jpg HTTP/1.1" 200 176799 "-" "Googlebot-Image/1.0"
157.55.39.152 - - [14/Jun/2021:10:08:18 +0200] "GET /images/1020322242437.jpg HTTP/1.1" 200 62638 "-" "Mozilla/5.0 (compatible; bingbot/2.0; +http://www.bing.com/bingbot.htm)"
5.255.231.71 - - [14/Jun/2021:10:10:22 +0200] "GET /images/mini_prod/8445148003391.jpg HTTP/1.1" 200 2856 "-" "Mozilla/5.0 (compatible; YandexImages/3.0; +http://yandex.com/bots)"
40.77.167.57 - - [14/Jun/2021:10:12:21 +0200] "GET /images/big_prod/1300000021838b.jpg HTTP/1.1" 200 45935 "-" "Mozilla/5.0 (compatible; bingbot/2.0; +http://www.bing.com/bingbot.htm)"
40.77.167.90 - - [14/Jun/2021:10:13:32 +0200] "GET /images/big_prod/8433933193334.jpg HTTP/1.1" 200 89734 "-" "Mozilla/5.0 (compatible; bingbot/2.0; +http://www.bing.com/bingbot.htm)"
40.77.167.106 - - [14/Jun/2021:10:17:07 +0200] "GET /images/big_prod_1/8719497614301b.jpg HTTP/1.1" 200 39466 "-" "Mozilla/5.0 (compatible; bingbot/2.0; +http://www.bing.com/bingbot.htm)"
40.77.167.57 - - [14/Jun/2021:10:18:52 +0200] "GET /js/jquery.js HTTP/1.1" 200 54075 "-" "Mozilla/5.0 (compatible; bingbot/2.0; +http://www.bing.com/bingbot.htm)"
40.77.167.57 - - [14/Jun/2021:10:18:53 +0200] "GET /js/jquery.js HTTP/1.1" 200 54075 "-" "Mozilla/5.0 (compatible; bingbot/2.0; +http://www.bing.com/bingbot.htm)"
31.14.211.125 - - [14/Jun/2021:10:19:15 +0200] "GET /images/big_prod/3700572755366B.jpg HTTP/1.1" 200 447541 "http://www.wonder-geek.com/jane-crowther-black-p-53852.html" "Mozilla/5.0 (Windows NT 10.0; Win64; x64) AppleWebKit/537.36 (KHTML, like Gecko) Chrome/91.0.4472.77 Safari/537.36"
66.249.70.42 - - [14/Jun/2021:10:22:29 +0200] "GET /images/big_prod_1/5400924114664.jpg HTTP/1.1" 200 140648 "-" "Googlebot-Image/1.0"
40.77.167.70 - - [14/Jun/2021:10:22:56 +0200] "GET /images/big_prod_1/b4029811369201.jpg HTTP/1.1" 200 148946 "-" "Mozilla/5.0 (compatible; bingbot/2.0; +http://www.bing.com/bingbot.htm)"
66.249.70.38 - - [14/Jun/2021:10:24:24 +0200] "GET /images/big_prod/3014627897193.jpg HTTP/1.1" 200 152579 "-" "Googlebot-Image/1.0"
66.249.70.40 - - [14/Jun/2021:10:25:38 +0200] "GET /images/big_prod_1/3609810034655a.jpg HTTP/1.1" 200 123475 "-" "Googlebot-Image/1.0"
207.46.13.38 - - [14/Jun/2021:10:26:36 +0200] "GET /images/8003990616116.jpg HTTP/1.1" 200 31204 "-" "Mozilla/5.0 (compatible; bingbot/2.0; +http://www.bing.com/bingbot.htm)"
5.255.231.71 - - [14/Jun/2021:10:26:46 +0200] "GET /images/mini_prod/3014627927449.jpg HTTP/1.1" 200 3725 "-" "Mozilla/5.0 (compatible; YandexImages/3.0; +http://yandex.com/bots)"
66.249.81.50 - - [14/Jun/2021:10:27:09 +0200] "GET /images/big_prod/3700572740539.jpg HTTP/1.1" 200 306171 "-" "Mozilla/5.0 (Windows NT 5.1; rv:11.0) Gecko Firefox/11.0 (via ggpht.com GoogleImageProxy)"
157.55.39.122 - - [14/Jun/2021:10:27:12 +0200] "GET /images/3438100349564.jpg HTTP/1.1" 200 35955 "-" "Mozilla/5.0 (compatible; bingbot/2.0; +http://www.bing.com/bingbot.htm)"
185.191.171.24 - - [14/Jun/2021:10:32:26 +0200] "GET /robots.txt HTTP/1.1" 200 2438 "-" "Mozilla/5.0 (compatible; SemrushBot/7~bl; +http://www.semrush.com/bot.html)"
40.77.167.57 - - [14/Jun/2021:10:35:27 +0200] "GET /images/4225055184987.jpg HTTP/1.1" 200 27979 "-" "Mozilla/5.0 (compatible; bingbot/2.0; +http://www.bing.com/bingbot.htm)"
86.120.6.47 - - [14/Jun/2021:10:38:54 +0200] "GET /highslide/highslide.js HTTP/1.1" 200 42909 "http://www.wonder-geek.com/volkswagen-bully-metal-plate-p-37151.html" "Mozilla/5.0 (Windows NT 10.0; Win64; x64) AppleWebKit/537.36 (KHTML, like Gecko) Chrome/91.0.4472.101 Safari/537.36"
86.120.6.47 - - [14/Jun/2021:10:38:54 +0200] "GET /templates/Pixame_v1/stylesheet.css HTTP/1.1" 200 56057 "http://www.wonder-geek.com/volkswagen-bully-metal-plate-p-37151.html" "Mozilla/5.0 (Windows NT 10.0; Win64; x64) AppleWebKit/537.36 (KHTML, like Gecko) Chrome/91.0.4472.101 Safari/537.36"
86.120.6.47 - - [14/Jun/2021:10:38:54 +0200] "GET /js/jquery.js HTTP/1.1" 200 54075 "http://www.wonder-geek.com/volkswagen-bully-metal-plate-p-37151.html" "Mozilla/5.0 (Windows NT 10.0; Win64; x64) AppleWebKit/537.36 (KHTML, like Gecko) Chrome/91.0.4472.101 Safari/537.36"
86.120.6.47 - - [14/Jun/2021:10:38:54 +0200] "GET /js/jquery.jqzoom.js HTTP/1.1" 200 4761 "http://www.wonder-geek.com/volkswagen-bully-metal-plate-p-37151.html" "Mozilla/5.0 (Windows NT 10.0; Win64; x64) AppleWebKit/537.36 (KHTML, like Gecko) Chrome/91.0.4472.101 Safari/537.36"
86.120.6.47 - - [14/Jun/2021:10:38:54 +0200] "GET /mondial_relay/js/jquery-1.3.2.min.js HTTP/1.1" 200 57254 "http://www.wonder-geek.com/volkswagen-bully-metal-plate-p-37151.html" "Mozilla/5.0 (Windows NT 10.0; Win64; x64) AppleWebKit/537.36 (KHTML, like Gecko) Chrome/91.0.4472.101 Safari/537.36"
86.120.6.47 - - [14/Jun/2021:10:38:54 +0200] "GET /templates/Pixame_v1/images/icon_accueil2.png HTTP/1.1" 200 1137 "http://www.wonder-geek.com/volkswagen-bully-metal-plate-p-37151.html" "Mozilla/5.0 (Windows NT 10.0; Win64; x64) AppleWebKit/537.36 (KHTML, like Gecko) Chrome/91.0.4472.101 Safari/537.36"
86.120.6.47 - - [14/Jun/2021:10:38:55 +0200] "GET /templates/Pixame_v1/images/Bottom_texture.jpg HTTP/1.1" 200 56290 "http://www.wonder-geek.com/templates/Pixame_v1/stylesheet.css" "Mozilla/5.0 (Windows NT 10.0; Win64; x64) AppleWebKit/537.36 (KHTML, like Gecko) Chrome/91.0.4472.101 Safari/537.36"
86.120.6.47 - - [14/Jun/2021:10:38:55 +0200] "GET /templates/Pixame_v1/images/nav.png HTTP/1.1" 200 1283 "http://www.wonder-geek.com/templates/Pixame_v1/stylesheet.css" "Mozilla/5.0 (Windows NT 10.0; Win64; x64) AppleWebKit/537.36 (KHTML, like Gecko) Chrome/91.0.4472.101 Safari/537.36"
86.120.6.47 - - [14/Jun/2021:10:38:55 +0200] "GET /templates/Pixame_v1/images/header-object.png HTTP/1.1" 200 106050 "http://www.wonder-geek.com/templates/Pixame_v1/stylesheet.css" "Mozilla/5.0 (Windows NT 10.0; Win64; x64) AppleWebKit/537.36 (KHTML, like Gecko) Chrome/91.0.4472.101 Safari/537.36"
86.120.6.47 - - [14/Jun/2021:10:38:55 +0200] "GET /templates/Pixame_v1/images/header.png HTTP/1.1" 200 70245 "http://www.wonder-geek.com/templates/Pixame_v1/stylesheet.css" "Mozilla/5.0 (Windows NT 10.0; Win64; x64) AppleWebKit/537.36 (KHTML, like Gecko) Chrome/91.0.4472.101 Safari/537.36"
86.120.6.47 - - [14/Jun/2021:10:38:55 +0200] "GET /images/big_prod/4036113222134.jpg HTTP/1.1" 200 107293 "http://www.wonder-geek.com/volkswagen-bully-metal-plate-p-37151.html" "Mozilla/5.0 (Windows NT 10.0; Win64; x64) AppleWebKit/537.36 (KHTML, like Gecko) Chrome/91.0.4472.101 Safari/537.36"
86.120.6.47 - - [14/Jun/2021:10:38:56 +0200] "GET /design/productsenstock.png HTTP/1.1" 200 4743 "http://www.wonder-geek.com/templates/Pixame_v1/stylesheet.css" "Mozilla/5.0 (Windows NT 10.0; Win64; x64) AppleWebKit/537.36 (KHTML, like Gecko) Chrome/91.0.4472.101 Safari/537.36"
86.120.6.47 - - [14/Jun/2021:10:38:56 +0200] "GET /templates/Pixame_v1/images/Middle_texture.jpg HTTP/1.1" 200 249620 "http://www.wonder-geek.com/templates/Pixame_v1/stylesheet.css" "Mozilla/5.0 (Windows NT 10.0; Win64; x64) AppleWebKit/537.36 (KHTML, like Gecko) Chrome/91.0.4472.101 Safari/537.36"
86.120.6.47 - - [14/Jun/2021:10:38:56 +0200] "GET /templates/Pixame_v1/images/buttons/english/button_in_cart.gif HTTP/1.1" 200 1212 "http://www.wonder-geek.com/volkswagen-bully-metal-plate-p-37151.html" "Mozilla/5.0 (Windows NT 10.0; Win64; x64) AppleWebKit/537.36 (KHTML, like Gecko) Chrome/91.0.4472.101 Safari/537.36"
86.120.6.47 - - [14/Jun/2021:10:38:56 +0200] "GET /highslide/graphics/outlines/drop-shadow.png HTTP/1.1" 200 2022 "http://www.wonder-geek.com/volkswagen-bully-metal-plate-p-37151.html" "Mozilla/5.0 (Windows NT 10.0; Win64; x64) AppleWebKit/537.36 (KHTML, like Gecko) Chrome/91.0.4472.101 Safari/537.36"
86.120.6.47 - - [14/Jun/2021:10:38:56 +0200] "GET /favicon.ico HTTP/1.1" 200 1591 "http://www.wonder-geek.com/volkswagen-bully-metal-plate-p-37151.html" "Mozilla/5.0 (Windows NT 10.0; Win64; x64) AppleWebKit/537.36 (KHTML, like Gecko) Chrome/91.0.4472.101 Safari/537.36"
86.120.6.47 - - [14/Jun/2021:10:39:53 +0200] "GET /images/4036113222141.jpg HTTP/1.1" 200 93741 "http://www.wonder-geek.com/harley-davidson-metal-plate-p-26432.html" "Mozilla/5.0 (Windows NT 10.0; Win64; x64) AppleWebKit/537.36 (KHTML, like Gecko) Chrome/91.0.4472.101 Safari/537.36"
66.249.70.40 - - [14/Jun/2021:10:40:40 +0200] "GET /images/big_prod/3014627557387.jpg HTTP/1.1" 200 49723 "-" "Googlebot-Image/1.0"
216.244.66.242 - - [14/Jun/2021:10:40:51 +0200] "GET /robots.txt HTTP/1.1" 200 2438 "-" "Mozilla/5.0 (compatible; DotBot/1.2; +https://opensiteexplorer.org/dotbot; help@moz.com)"
40.77.167.57 - - [14/Jun/2021:10:43:34 +0200] "GET /js/jquery.js HTTP/1.1" 200 54075 "-" "Mozilla/5.0 (compatible; bingbot/2.0; +http://www.bing.com/bingbot.htm)"
40.77.167.57 - - [14/Jun/2021:10:43:35 +0200] "GET /js/jquery.js HTTP/1.1" 200 54075 "-" "Mozilla/5.0 (compatible; bingbot/2.0; +http://www.bing.com/bingbot.htm)"
5.255.231.71 - - [14/Jun/2021:10:46:38 +0200] "GET /images/mini_prod/5055321765447.jpg HTTP/1.1" 200 4164 "-" "Mozilla/5.0 (compatible; YandexImages/3.0; +http://yandex.com/bots)"
66.249.70.42 - - [14/Jun/2021:10:46:45 +0200] "GET /images/big_prod_1/8720088294598a.jpg HTTP/1.1" 200 142066 "-" "Googlebot-Image/1.0"
216.244.66.242 - - [14/Jun/2021:10:51:34 +0200] "GET /images/8435306240584.jpg HTTP/1.1" 200 35371 "-" "Mozilla/5.0 (compatible; DotBot/1.2; +https://opensiteexplorer.org/dotbot; help@moz.com)"
54.36.148.107 - - [14/Jun/2021:10:53:41 +0200] "GET /robots.txt HTTP/1.1" 200 2438 "-" "Mozilla/5.0 (compatible; AhrefsBot/7.0; +http://ahrefs.com/robot/)"
5.188.48.88 - - [14/Jun/2021:10:56:42 +0200] "GET /images/big_prod/3609810099128.jpg HTTP/1.0" 200 96817 "http://www.wonder-geek.com/images/big_prod/3609810099128.jpg" "Mozilla/5.0 (Windows NT 10.0; Win64; x64) AppleWebKit/537.36 (KHTML, like Gecko) Chrome/83.0.4093.3 Safari/537.36"
40.77.167.90 - - [14/Jun/2021:10:57:05 +0200] "GET /robots.txt HTTP/1.1" 200 2438 "-" "Mozilla/5.0 (compatible; bingbot/2.0; +http://www.bing.com/bingbot.htm)"
157.55.39.81 - - [14/Jun/2021:10:57:17 +0200] "GET /mondial_relay/js/jquery-1.3.2.min.js HTTP/1.1" 200 57254 "-" "Mozilla/5.0 (iPhone; CPU iPhone OS 7_0 like Mac OS X) AppleWebKit/537.51.1 (KHTML, like Gecko) Version/7.0 Mobile/11A465 Safari/9537.53 (compatible; bingbot/2.0; +http://www.bing.com/bingbot.htm)"
40.77.167.70 - - [14/Jun/2021:10:57:18 +0200] "GET /highslide/highslide.js HTTP/1.1" 200 42909 "-" "Mozilla/5.0 (iPhone; CPU iPhone OS 7_0 like Mac OS X) AppleWebKit/537.51.1 (KHTML, like Gecko) Version/7.0 Mobile/11A465 Safari/9537.53 (compatible; bingbot/2.0; +http://www.bing.com/bingbot.htm)"
40.77.167.57 - - [14/Jun/2021:10:57:18 +0200] "GET /js/jquery.js HTTP/1.1" 200 54075 "-" "Mozilla/5.0 (iPhone; CPU iPhone OS 7_0 like Mac OS X) AppleWebKit/537.51.1 (KHTML, like Gecko) Version/7.0 Mobile/11A465 Safari/9537.53 (compatible; bingbot/2.0; +http://www.bing.com/bingbot.htm)"
157.55.39.152 - - [14/Jun/2021:10:57:23 +0200] "GET /js/jquery.jqzoom.js HTTP/1.1" 200 4761 "-" "Mozilla/5.0 (iPhone; CPU iPhone OS 7_0 like Mac OS X) AppleWebKit/537.51.1 (KHTML, like Gecko) Version/7.0 Mobile/11A465 Safari/9537.53 (compatible; bingbot/2.0; +http://www.bing.com/bingbot.htm)"
86.120.6.47 - - [14/Jun/2021:11:02:23 +0200] "GET /images/big_prod/4036113222844.jpg HTTP/1.1" 200 144918 "http://www.wonder-geek.com/kawasaki-metal-plate-p-45957.html" "Mozilla/5.0 (Windows NT 10.0; Win64; x64) AppleWebKit/537.36 (KHTML, like Gecko) Chrome/91.0.4472.101 Safari/537.36"
66.102.9.243 - - [14/Jun/2021:11:08:18 +0200] "GET /images/big_prod_2/4250255859175c.jpg HTTP/1.1" 200 68153 "-" "Mozilla/5.0 (Windows NT 5.1; rv:11.0) Gecko Firefox/11.0 (via ggpht.com GoogleImageProxy)"
66.249.70.38 - - [14/Jun/2021:11:08:35 +0200] "GET /highslide/highslide.js HTTP/1.1" 200 42909 "http://www.wonder-geek.com/betty-boop-photo-frame-p-17824.html" "Mozilla/5.0 (Linux; Android 6.0.1; Nexus 5X Build/MMB29P) AppleWebKit/537.36 (KHTML, like Gecko) Chrome/90.0.4430.97 Mobile Safari/537.36 (compatible; Googlebot/2.1; +http://www.google.com/bot.html)"
66.249.70.42 - - [14/Jun/2021:11:09:12 +0200] "GET /images/med_prod/3519570205878.jpg HTTP/1.1" 200 55073 "-" "Googlebot-Image/1.0"
86.120.6.47 - - [14/Jun/2021:11:09:43 +0200] "GET /images/4036113231884.jpg HTTP/1.1" 200 185738 "http://www.wonder-geek.com/harley-davidson-large-metal-plate-deco-p-26644.html" "Mozilla/5.0 (Windows NT 10.0; Win64; x64) AppleWebKit/537.36 (KHTML, like Gecko) Chrome/91.0.4472.101 Safari/537.36"
66.249.70.40 - - [14/Jun/2021:11:11:15 +0200] "GET /images/mini_prod/3279390169131.jpg HTTP/1.1" 200 10027 "-" "Googlebot-Image/1.0"
40.77.167.57 - - [14/Jun/2021:11:14:47 +0200] "GET /js/jquery.js HTTP/1.1" 200 54075 "-" "Mozilla/5.0 (compatible; bingbot/2.0; +http://www.bing.com/bingbot.htm)"
40.77.167.57 - - [14/Jun/2021:11:14:47 +0200] "GET /js/jquery.js HTTP/1.1" 200 54075 "-" "Mozilla/5.0 (compatible; bingbot/2.0; +http://www.bing.com/bingbot.htm)"
86.120.6.47 - - [14/Jun/2021:11:14:55 +0200] "GET /images/4036113261171.jpg HTTP/1.1" 200 133700 "http://www.wonder-geek.com/harley-davidson-parking-only-metal-plate-p-23299.html" "Mozilla/5.0 (Windows NT 10.0; Win64; x64) AppleWebKit/537.36 (KHTML, like Gecko) Chrome/91.0.4472.101 Safari/537.36"
5.255.231.71 - - [14/Jun/2021:11:15:37 +0200] "GET /robots.txt HTTP/1.1" 200 2438 "-" "Mozilla/5.0 (compatible; YandexBot/3.0; +http://yandex.com/bots)"
5.255.231.71 - - [14/Jun/2021:11:15:41 +0200] "GET /images/mini_prod/3609810053953.jpg HTTP/1.1" 200 8155 "-" "Mozilla/5.0 (compatible; YandexImages/3.0; +http://yandex.com/bots)"
86.120.6.47 - - [14/Jun/2021:11:16:20 +0200] "GET /images/4036113261355.jpg HTTP/1.1" 200 77669 "http://www.wonder-geek.com/harley-davidson-genuine-metal-plate-p-23294.html" "Mozilla/5.0 (Windows NT 10.0; Win64; x64) AppleWebKit/537.36 (KHTML, like Gecko) Chrome/91.0.4472.101 Safari/537.36"
86.120.6.47 - - [14/Jun/2021:11:19:11 +0200] "GET /images/big_prod/4036113261843.jpg HTTP/1.1" 200 108993 "http://www.wonder-geek.com/volkswagen-service-metal-plate-p-37174.html" "Mozilla/5.0 (Windows NT 10.0; Win64; x64) AppleWebKit/537.36 (KHTML, like Gecko) Chrome/91.0.4472.101 Safari/537.36"
86.120.6.47 - - [14/Jun/2021:11:21:35 +0200] "GET /images/big_prod/4036113262253.jpg HTTP/1.1" 200 113674 "http://www.wonder-geek.com/mercedes-benz-metal-plate-p-45958.html" "Mozilla/5.0 (Windows NT 10.0; Win64; x64) AppleWebKit/537.36 (KHTML, like Gecko) Chrome/91.0.4472.101 Safari/537.36"
66.249.70.42 - - [14/Jun/2021:11:25:38 +0200] "GET /images/1399984259856.jpg HTTP/1.1" 200 63514 "-" "Googlebot-Image/1.0"
147.92.153.8 - - [14/Jun/2021:11:27:42 +0200] "GET /images/1399984236628.jpg HTTP/1.1" 200 14221 "-" "Mozilla/5.0 (compatible; Linespider/1.1; +https://lin.ee/4dwXkTH)"
66.249.70.40 - - [14/Jun/2021:11:30:56 +0200] "GET /images/big_prod/8422011490083.jpg HTTP/1.1" 200 100964 "-" "Googlebot-Image/1.0"
40.77.167.70 - - [14/Jun/2021:11:32:21 +0200] "GET /images/med_prod/1341689806514.jpg HTTP/1.1" 200 74843 "-" "Mozilla/5.0 (compatible; bingbot/2.0; +http://www.bing.com/bingbot.htm)"
185.191.171.13 - - [14/Jun/2021:11:32:40 +0200] "GET /robots.txt HTTP/1.1" 200 2438 "-" "Mozilla/5.0 (compatible; SemrushBot/7~bl; +http://www.semrush.com/bot.html)"
40.77.202.156 - - [14/Jun/2021:11:32:42 +0200] "GET /templates/Pixame_v1/images/icon_accueil2.png HTTP/1.1" 200 1137 "http://www.wonder-geek.com/dora-explorer-baby-p-2403.html" "Mozilla/5.0 (iPhone; CPU iPhone OS 7_0 like Mac OS X) AppleWebKit/537.51.1 (KHTML, like Gecko) Version/7.0 Mobile/11A465 Safari/9537.53 BingPreview/1.0b"
40.77.202.156 - - [14/Jun/2021:11:32:42 +0200] "GET /templates/Pixame_v1/stylesheet.css HTTP/1.1" 200 56057 "http://www.wonder-geek.com/dora-explorer-baby-p-2403.html" "Mozilla/5.0 (iPhone; CPU iPhone OS 7_0 like Mac OS X) AppleWebKit/537.51.1 (KHTML, like Gecko) Version/7.0 Mobile/11A465 Safari/9537.53 BingPreview/1.0b"
40.77.202.156 - - [14/Jun/2021:11:32:42 +0200] "GET /templates/Pixame_v1/images/buttons/english/button_in_cart.gif HTTP/1.1" 200 1212 "http://www.wonder-geek.com/dora-explorer-baby-p-2403.html" "Mozilla/5.0 (iPhone; CPU iPhone OS 7_0 like Mac OS X) AppleWebKit/537.51.1 (KHTML, like Gecko) Version/7.0 Mobile/11A465 Safari/9537.53 BingPreview/1.0b"
40.77.202.156 - - [14/Jun/2021:11:32:43 +0200] "GET /templates/Pixame_v1/images/nav.png HTTP/1.1" 200 1283 "http://www.wonder-geek.com/templates/Pixame_v1/stylesheet.css" "Mozilla/5.0 (iPhone; CPU iPhone OS 7_0 like Mac OS X) AppleWebKit/537.51.1 (KHTML, like Gecko) Version/7.0 Mobile/11A465 Safari/9537.53 BingPreview/1.0b"
