40.77.202.156 - - [14/Jun/2021:11:32:43 +0200] "GET /images/070309_152834_PEEL_h3CWsx.jpg HTTP/1.1" 200 66448 "http://www.wonder-geek.com/dora-explorer-baby-p-2403.html" "Mozilla/5.0 (iPhone; CPU iPhone OS 7_0 like Mac OS X) AppleWebKit/537.51.1 (KHTML, like Gecko) Version/7.0 Mobile/11A465 Safari/9537.53 BingPreview/1.0b"
40.77.202.156 - - [14/Jun/2021:11:32:43 +0200] "GET /templates/Pixame_v1/images/Bottom_texture.jpg HTTP/1.1" 200 56290 "http://www.wonder-geek.com/templates/Pixame_v1/stylesheet.css" "Mozilla/5.0 (iPhone; CPU iPhone OS 7_0 like Mac OS X) AppleWebKit/537.51.1 (KHTML, like Gecko) Version/7.0 Mobile/11A465 Safari/9537.53 BingPreview/1.0b"
40.77.202.156 - - [14/Jun/2021:11:32:43 +0200] "GET /templates/Pixame_v1/images/header.png HTTP/1.1" 200 70245 "http://www.wonder-geek.com/templates/Pixame_v1/stylesheet.css" "Mozilla/5.0 (iPhone; CPU iPhone OS 7_0 like Mac OS X) AppleWebKit/537.51.1 (KHTML, like Gecko) Version/7.0 Mobile/11A465 Safari/9537.53 BingPreview/1.0b"
40.77.202.156 - - [14/Jun/2021:11:32:43 +0200] "GET /design/productsenstock.png HTTP/1.1" 200 4743 "http://www.wonder-geek.com/templates/Pixame_v1/stylesheet.css" "Mozilla/5.0 (iPhone; CPU iPhone OS 7_0 like Mac OS X) AppleWebKit/537.51.1 (KHTML, like Gecko) Version/7.0 Mobile/11A465 Safari/9537.53 BingPreview/1.0b"
40.77.202.156 - - [14/Jun/2021:11:32:43 +0200] "GET /templates/Pixame_v1/images/header-object.png HTTP/1.1" 200 106050 "http://www.wonder-geek.com/templates/Pixame_v1/stylesheet.css" "Mozilla/5.0 (iPhone; CPU iPhone OS 7_0 like Mac OS X) AppleWebKit/537.51.1 (KHTML, like Gecko) Version/7.0 Mobile/11A465 Safari/9537.53 BingPreview/1.0b"
40.77.202.156 - - [14/Jun/2021:11:32:43 +0200] "GET /templates/Pixame_v1/images/Middle_texture.jpg HTTP/1.1" 200 249620 "http://www.wonder-geek.com/templates/Pixame_v1/stylesheet.css" "Mozilla/5.0 (iPhone; CPU iPhone OS 7_0 like Mac OS X) AppleWebKit/537.51.1 (KHTML, like Gecko) Version/7.0 Mobile/11A465 Safari/9537.53 BingPreview/1.0b"
40.77.202.156 - - [14/Jun/2021:11:32:44 +0200] "GET /highslide/graphics/outlines/drop-shadow.png HTTP/1.1" 200 2022 "http://www.wonder-geek.com/dora-explorer-baby-p-2403.html" "Mozilla/5.0 (iPhone; CPU iPhone OS 7_0 like Mac OS X) AppleWebKit/537.51.1 (KHTML, like Gecko) Version/7.0 Mobile/11A465 Safari/9537.53 BingPreview/1.0b"
40.77.167.90 - - [14/Jun/2021:11:32:48 +0200] "GET /robots.txt HTTP/1.1" 200 2438 "-" "Mozilla/5.0 (compatible; bingbot/2.0; +http://www.bing.com/bingbot.htm)"
5.255.231.71 - - [14/Jun/2021:11:34:08 +0200] "GET /images/mini_prod/3014627556472.jpg HTTP/1.1" 200 4071 "-" "Mozilla/5.0 (compatible; YandexImages/3.0; +http://yandex.com/bots)"
5.255.231.71 - - [14/Jun/2021:11:35:30 +0200] "GET /images/mini_prod/8422018273603.jpg HTTP/1.1" 200 2404 "-" "Mozilla/5.0 (compatible; YandexImages/3.0; +http://yandex.com/bots)"
66.249.70.38 - - [14/Jun/2021:11:35:43 +0200] "GET /images/big_prod/045544973342.jpg HTTP/1.1" 200 179810 "-" "Googlebot-Image/1.0"
5.9.120.203 - - [14/Jun/2021:11:36:03 +0200] "GET /images/big_prod_2/4542202657140b.jpg HTTP/1.1" 200 107904 "http://www.wonder-geek.com/images/big_prod_2/4542202657140b.jpg" "Mozilla/5.0 (compatible; Googlebot/2.1; +http://www.google.com/bot.html)"
5.9.120.203 - - [14/Jun/2021:11:36:03 +0200] "GET /images/big_prod_1/8422326571194b.jpg HTTP/1.1" 200 221544 "http://www.wonder-geek.com/images/big_prod_1/8422326571194b.jpg" "Mozilla/5.0 (compatible; Googlebot/2.1; +http://www.google.com/bot.html)"
66.249.93.26 - - [14/Jun/2021:11:40:20 +0200] "GET /images/med_prod/1384010180549.jpg HTTP/1.1" 200 81159 "-" "Mozilla/5.0 (Windows NT 5.1; rv:11.0) Gecko Firefox/11.0 (via ggpht.com GoogleImageProxy)"
40.77.167.57 - - [14/Jun/2021:11:42:50 +0200] "GET /js/jquery.js HTTP/1.1" 200 54075 "-" "Mozilla/5.0 (compatible; bingbot/2.0; +http://www.bing.com/bingbot.htm)"
64.233.173.114 - - [14/Jun/2021:11:44:43 +0200] "GET /images/big_prod/8421693061970.jpg HTTP/1.1" 200 652124 "-" "Mozilla/5.0 (Windows NT 5.1; rv:11.0) Gecko Firefox/11.0 (via ggpht.com GoogleImageProxy)"
40.77.167.57 - - [14/Jun/2021:11:52:21 +0200] "GET /images/med_prod/1341689437312.jpg HTTP/1.1" 200 94062 "-" "Mozilla/5.0 (compatible; bingbot/2.0; +http://www.bing.com/bingbot.htm)"
106.11.153.154 - - [14/Jun/2021:11:55:23 +0200] "GET /robots.txt HTTP/1.1" 200 2438 "-" "YisouSpider"
66.249.70.42 - - [14/Jun/2021:11:56:05 +0200] "GET /images/big_prod/7601020000150.jpg HTTP/1.1" 200 72453 "-" "Googlebot-Image/1.0"
147.92.153.10 - - [14/Jun/2021:11:59:42 +0200] "GET /images/big_prod/3453131148245.jpg HTTP/1.1" 200 91065 "-" "Mozilla/5.0 (compatible; Linespider/1.1; +https://lin.ee/4dwXkTH)"
195.245.112.88 - - [14/Jun/2021:12:00:06 +0200] "GET /images/376011631719117072012.jpg HTTP/1.1" 200 50545 "http://www.wonder-geek.com/images/376011631719117072012.jpg" "Mozilla/4.0 (compatible; MSIE 5.01; Windows NT 5.0)"
66.249.70.42 - - [14/Jun/2021:12:00:12 +0200] "GET /images/mini_prod/3520071776699.jpg HTTP/1.1" 200 5016 "-" "Googlebot-Image/1.0"
66.249.93.24 - - [14/Jun/2021:12:04:07 +0200] "GET /images/4895028509248.jpg HTTP/1.1" 200 109651 "-" "Mozilla/5.0 (Windows NT 5.1; rv:11.0) Gecko Firefox/11.0 (via ggpht.com GoogleImageProxy)"
40.77.167.57 - - [14/Jun/2021:12:07:02 +0200] "GET /js/jquery.js HTTP/1.1" 200 54075 "-" "Mozilla/5.0 (compatible; bingbot/2.0; +http://www.bing.com/bingbot.htm)"
66.249.70.38 - - [14/Jun/2021:12:13:27 +0200] "GET /images/big_prod/3700344871683.jpg HTTP/1.1" 200 215791 "-" "Googlebot-Image/1.0"
5.255.231.71 - - [14/Jun/2021:12:19:25 +0200] "GET /images/mini_prod/8422004158006B.jpg HTTP/1.1" 200 7892 "-" "Mozilla/5.0 (compatible; YandexImages/3.0; +http://yandex.com/bots)"
5.255.231.71 - - [14/Jun/2021:12:20:33 +0200] "GET /images/mini_prod/5055321765201.jpg HTTP/1.1" 200 4705 "-" "Mozilla/5.0 (compatible; YandexImages/3.0; +http://yandex.com/bots)"
5.255.231.71 - - [14/Jun/2021:12:24:37 +0200] "GET /images/mini_prod/8712159160833.jpg HTTP/1.1" 200 6451 "-" "Mozilla/5.0 (compatible; YandexImages/3.0; +http://yandex.com/bots)"
66.249.93.26 - - [14/Jun/2021:12:25:31 +0200] "GET /images/big_prod/8720088297063.jpg HTTP/1.1" 200 128109 "-" "Mozilla/5.0 (Windows NT 5.1; rv:11.0) Gecko Firefox/11.0 (via ggpht.com GoogleImageProxy)"
66.249.70.40 - - [14/Jun/2021:12:25:38 +0200] "GET /images/mini_prod/3453131155786.jpg HTTP/1.1" 200 7943 "-" "Googlebot-Image/1.0"
66.249.70.40 - - [14/Jun/2021:12:25:42 +0200] "GET /images/big_prod/8718657460055C.jpg HTTP/1.1" 200 229527 "-" "Googlebot-Image/1.0"
147.92.153.15 - - [14/Jun/2021:12:31:42 +0200] "GET /images/big_prod/3453131148221.jpg HTTP/1.1" 200 70495 "-" "Mozilla/5.0 (compatible; Linespider/1.1; +https://lin.ee/4dwXkTH)"
185.191.171.16 - - [14/Jun/2021:12:34:11 +0200] "GET /robots.txt HTTP/1.1" 200 2438 "-" "Mozilla/5.0 (compatible; SemrushBot/7~bl; +http://www.semrush.com/bot.html)"
40.77.167.57 - - [14/Jun/2021:12:36:05 +0200] "GET /js/jquery.js HTTP/1.1" 200 54075 "-" "Mozilla/5.0 (compatible; bingbot/2.0; +http://www.bing.com/bingbot.htm)"
40.77.167.57 - - [14/Jun/2021:12:36:15 +0200] "GET /js/jquery.js HTTP/1.1" 200 54075 "-" "Mozilla/5.0 (compatible; bingbot/2.0; +http://www.bing.com/bingbot.htm)"
66.249.70.40 - - [14/Jun/2021:12:55:52 +0200] "GET /images/mini_prod/3574642575761.jpg HTTP/1.1" 200 3645 "-" "Googlebot-Image/1.0"
5.255.231.71 - - [14/Jun/2021:12:58:12 +0200] "GET /images/mini_prod/8445148004237.jpg HTTP/1.1" 200 8360 "-" "Mozilla/5.0 (compatible; YandexImages/3.0; +http://yandex.com/bots)"
40.77.167.106 - - [14/Jun/2021:12:58:31 +0200] "GET /images/big_prod/1491693043822.jpg HTTP/1.1" 200 112337 "-" "Mozilla/5.0 (compatible; bingbot/2.0; +http://www.bing.com/bingbot.htm)"
207.46.13.38 - - [14/Jun/2021:13:00:58 +0200] "GET /js/jquery.js HTTP/1.1" 200 54075 "-" "Mozilla/5.0 (compatible; bingbot/2.0; +http://www.bing.com/bingbot.htm)"
147.92.153.8 - - [14/Jun/2021:13:03:43 +0200] "GET /images/big_prod/8422010439274.jpg HTTP/1.1" 200 175088 "-" "Mozilla/5.0 (compatible; Linespider/1.1; +https://lin.ee/4dwXkTH)"
17.121.113.205 - - [14/Jun/2021:13:08:31 +0200] "GET /robots.txt HTTP/1.1" 200 2438 "-" "Mozilla/5.0 (Macintosh; Intel Mac OS X 10_15_5) AppleWebKit/605.1.15 (KHTML, like Gecko) Version/13.1.1 Safari/605.1.15 (Applebot/0.1; +http://www.apple.com/go/applebot)"
147.92.153.15 - - [14/Jun/2021:13:14:18 +0200] "GET /robots.txt HTTP/1.1" 200 2438 "-" "Mozilla/5.0 (compatible; Linespider/1.1; +https://lin.ee/4dwXkTH)"
5.255.231.71 - - [14/Jun/2021:13:14:38 +0200] "GET /robots.txt HTTP/1.1" 200 2438 "-" "Mozilla/5.0 (compatible; YandexBot/3.0; +http://yandex.com/bots)"
5.255.231.71 - - [14/Jun/2021:13:14:42 +0200] "GET /images/mini_prod/8433933240724.jpg HTTP/1.1" 200 3876 "-" "Mozilla/5.0 (compatible; YandexImages/3.0; +http://yandex.com/bots)"
207.46.13.38 - - [14/Jun/2021:13:25:08 +0200] "GET /js/jquery.js HTTP/1.1" 200 54075 "-" "Mozilla/5.0 (compatible; bingbot/2.0; +http://www.bing.com/bingbot.htm)"
66.249.70.38 - - [14/Jun/2021:13:25:38 +0200] "GET /images/mini_prod/3612874128802.jpg HTTP/1.1" 200 6634 "-" "Googlebot-Image/1.0"
5.255.231.71 - - [14/Jun/2021:13:30:36 +0200] "GET /images/big_prod/8904245400477.jpg HTTP/1.1" 304 0 "-" "Mozilla/5.0 (compatible; YandexImages/3.0; +http://yandex.com/bots)"
168.119.68.244 - - [14/Jun/2021:13:35:15 +0200] "GET /js/jquery.jqzoom.js HTTP/1.1" 200 4761 "http://www.wonder-geek.com/" "Mozilla/5.0 (compatible; AhrefsBot/7.0; +http://ahrefs.com/robot/)"
168.119.68.244 - - [14/Jun/2021:13:35:15 +0200] "GET /highslide/highslide.js HTTP/1.1" 200 42909 "http://www.wonder-geek.com/" "Mozilla/5.0 (compatible; AhrefsBot/7.0; +http://ahrefs.com/robot/)"
168.119.68.244 - - [14/Jun/2021:13:35:15 +0200] "GET /mondial_relay/js/jquery-1.3.2.min.js HTTP/1.1" 200 57254 "http://www.wonder-geek.com/" "Mozilla/5.0 (compatible; AhrefsBot/7.0; +http://ahrefs.com/robot/)"
168.119.68.244 - - [14/Jun/2021:13:35:15 +0200] "GET /templates/Pixame_v1/stylesheet.css HTTP/1.1" 200 56057 "http://www.wonder-geek.com/" "Mozilla/5.0 (compatible; AhrefsBot/7.0; +http://ahrefs.com/robot/)"
168.119.68.244 - - [14/Jun/2021:13:35:15 +0200] "GET /js/jquery.js HTTP/1.1" 200 54075 "http://www.wonder-geek.com/" "Mozilla/5.0 (compatible; AhrefsBot/7.0; +http://ahrefs.com/robot/)"
168.119.68.244 - - [14/Jun/2021:13:35:15 +0200] "GET /js/jquery.masonry.min.js HTTP/1.1" 200 5392 "http://www.wonder-geek.com/" "Mozilla/5.0 (compatible; AhrefsBot/7.0; +http://ahrefs.com/robot/)"
168.119.68.244 - - [14/Jun/2021:13:35:15 +0200] "GET /js/modernizr-transitions.js HTTP/1.1" 200 2026 "http://www.wonder-geek.com/" "Mozilla/5.0 (compatible; AhrefsBot/7.0; +http://ahrefs.com/robot/)"
185.191.171.35 - - [14/Jun/2021:13:36:17 +0200] "GET /robots.txt HTTP/1.1" 200 2438 "-" "Mozilla/5.0 (compatible; SemrushBot/7~bl; +http://www.semrush.com/bot.html)"
66.249.82.112 - - [14/Jun/2021:13:51:08 +0200] "GET /images/big_prod/4029811324033.jpg HTTP/1.1" 200 42185 "-" "Mozilla/5.0 (Windows NT 5.1; rv:11.0) Gecko Firefox/11.0 (via ggpht.com GoogleImageProxy)"
66.249.70.38 - - [14/Jun/2021:13:51:30 +0200] "GET /images/mini_prod/4036113222677.jpg HTTP/1.1" 200 10735 "-" "Googlebot-Image/1.0"
207.46.13.38 - - [14/Jun/2021:13:51:41 +0200] "GET /js/jquery.js HTTP/1.1" 200 54075 "-" "Mozilla/5.0 (compatible; bingbot/2.0; +http://www.bing.com/bingbot.htm)"
66.249.70.42 - - [14/Jun/2021:13:55:38 +0200] "GET /images/mini_prod/3609810077287.jpg HTTP/1.1" 200 12653 "-" "Googlebot-Image/1.0"
103.131.71.70 - - [14/Jun/2021:13:59:45 +0200] "GET /robots.txt HTTP/1.1" 200 2438 "-" "Mozilla/5.0 (compatible; coccocbot-web/1.0; +http://help.coccoc.com/searchengine)"
207.46.13.48 - - [14/Jun/2021:14:05:21 +0200] "GET /robots.txt HTTP/1.1" 200 2438 "-" "Mozilla/5.0 (compatible; bingbot/2.0; +http://www.bing.com/bingbot.htm)"
64.233.173.114 - - [14/Jun/2021:14:06:04 +0200] "GET /images/big_prod/3281640331458.jpg HTTP/1.1" 200 179776 "-" "Mozilla/5.0 (Windows NT 5.1; rv:11.0) Gecko Firefox/11.0 (via ggpht.com GoogleImageProxy)"
207.46.13.38 - - [14/Jun/2021:14:15:23 +0200] "GET /js/jquery.js HTTP/1.1" 200 54075 "-" "Mozilla/5.0 (compatible; bingbot/2.0; +http://www.bing.com/bingbot.htm)"
147.92.153.11 - - [14/Jun/2021:14:18:23 +0200] "GET /images/big_prod/3665269132038.jpg HTTP/1.1" 200 392758 "-" "Mozilla/5.0 (compatible; Linespider/1.1; +https://lin.ee/4dwXkTH)"
66.249.70.42 - - [14/Jun/2021:14:25:38 +0200] "GET /images/big_prod_1/8424346061020N.jpg HTTP/1.1" 200 149928 "-" "Googlebot-Image/1.0"
5.255.231.71 - - [14/Jun/2021:14:27:02 +0200] "GET /images/mini_prod/8720088294635.jpg HTTP/1.1" 200 6690 "-" "Mozilla/5.0 (compatible; YandexImages/3.0; +http://yandex.com/bots)"
64.233.173.116 - - [14/Jun/2021:14:33:51 +0200] "GET /images/big_prod/3665269096910.jpg HTTP/1.1" 200 1012738 "-" "Mozilla/5.0 (Windows NT 5.1; rv:11.0) Gecko Firefox/11.0 (via ggpht.com GoogleImageProxy)"
207.46.13.38 - - [14/Jun/2021:14:36:46 +0200] "GET /js/jquery.js HTTP/1.1" 200 54075 "-" "Mozilla/5.0 (compatible; bingbot/2.0; +http://www.bing.com/bingbot.htm)"
207.46.13.38 - - [14/Jun/2021:14:37:35 +0200] "GET /js/jquery.js HTTP/1.1" 200 54075 "-" "Mozilla/5.0 (compatible; bingbot/2.0; +http://www.bing.com/bingbot.htm)"
207.46.13.38 - - [14/Jun/2021:14:37:36 +0200] "GET /js/jquery.js HTTP/1.1" 200 54075 "-" "Mozilla/5.0 (compatible; bingbot/2.0; +http://www.bing.com/bingbot.htm)"
185.191.171.16 - - [14/Jun/2021:14:37:43 +0200] "GET /robots.txt HTTP/1.1" 200 2438 "-" "Mozilla/5.0 (compatible; SemrushBot/7~bl; +http://www.semrush.com/bot.html)"
66.249.70.38 - - [14/Jun/2021:14:40:17 +0200] "GET /images/mini_prod/3574642575723.jpg HTTP/1.1" 200 3849 "-" "Googlebot-Image/1.0"
207.46.13.38 - - [14/Jun/2021:14:41:46 +0200] "GET /js/jquery.js HTTP/1.1" 200 54075 "-" "Mozilla/5.0 (compatible; bingbot/2.0; +http://www.bing.com/bingbot.htm)"
108.59.8.70 - - [14/Jun/2021:14:42:06 +0200] "GET /robots.txt HTTP/1.1" 200 2438 "-" "Mozilla/5.0 (compatible; MJ12bot/v1.4.8; http://mj12bot.com/)"
207.46.13.38 - - [14/Jun/2021:14:46:50 +0200] "GET /images/mini_prod/1328399144136.jpg HTTP/1.1" 200 6323 "-" "Mozilla/5.0 (compatible; bingbot/2.0; +http://www.bing.com/bingbot.htm)"
157.55.39.81 - - [14/Jun/2021:14:47:52 +0200] "GET /images/8412193202789.jpg HTTP/1.1" 200 31397 "-" "Mozilla/5.0 (compatible; bingbot/2.0; +http://www.bing.com/bingbot.htm)"
207.46.13.38 - - [14/Jun/2021:14:50:21 +0200] "GET /images/5414629676815.jpg HTTP/1.1" 200 69577 "-" "Mozilla/5.0 (compatible; bingbot/2.0; +http://www.bing.com/bingbot.htm)"
66.249.70.42 - - [14/Jun/2021:14:57:09 +0200] "GET /images/mini_prod/3453131156301.jpg HTTP/1.1" 200 7513 "-" "Googlebot-Image/1.0"
207.46.13.38 - - [14/Jun/2021:14:58:10 +0200] "GET /images/720322259787.jpg HTTP/1.1" 200 72847 "-" "Mozilla/5.0 (compatible; bingbot/2.0; +http://www.bing.com/bingbot.htm)"
40.77.167.70 - - [14/Jun/2021:15:06:04 +0200] "GET /images/big_prod/3442440233117.jpg HTTP/1.1" 200 82823 "-" "Mozilla/5.0 (compatible; bingbot/2.0; +http://www.bing.com/bingbot.htm)"
74.125.210.52 - - [14/Jun/2021:15:06:18 +0200] "GET /images/big_prod/8421693061970.jpg HTTP/1.1" 200 652124 "-" "Mozilla/5.0 (Windows NT 5.1; rv:11.0) Gecko Firefox/11.0 (via ggpht.com GoogleImageProxy)"
74.125.210.50 - - [14/Jun/2021:15:06:18 +0200] "GET /images/big_prod/8421693061970.jpg HTTP/1.1" 200 652124 "-" "Mozilla/5.0 (Windows NT 5.1; rv:11.0) Gecko Firefox/11.0 (via ggpht.com GoogleImageProxy)"
66.249.88.81 - - [14/Jun/2021:15:06:21 +0200] "GET /images/big_prod/8421693061970.jpg HTTP/1.1" 200 652124 "-" "Mozilla/5.0 (Windows NT 5.1; rv:11.0) Gecko Firefox/11.0 (via ggpht.com GoogleImageProxy)"
66.249.88.80 - - [14/Jun/2021:15:06:21 +0200] "GET /images/big_prod/8421693061970.jpg HTTP/1.1" 200 652124 "-" "Mozilla/5.0 (Windows NT 5.1; rv:11.0) Gecko Firefox/11.0 (via ggpht.com GoogleImageProxy)"
66.249.88.80 - - [14/Jun/2021:15:06:21 +0200] "GET /images/big_prod/8421693061970.jpg HTTP/1.1" 200 652124 "-" "Mozilla/5.0 (Windows NT 5.1; rv:11.0) Gecko Firefox/11.0 (via ggpht.com GoogleImageProxy)"
157.55.39.128 - - [14/Jun/2021:15:11:48 +0200] "GET /images/big_prod/3770014725042.jpg HTTP/1.1" 200 132848 "-" "Mozilla/5.0 (compatible; bingbot/2.0; +http://www.bing.com/bingbot.htm)"
207.46.13.38 - - [14/Jun/2021:15:13:40 +0200] "GET /images/4007176129012.jpg HTTP/1.1" 200 67654 "-" "Mozilla/5.0 (compatible; bingbot/2.0; +http://www.bing.com/bingbot.htm)"
207.46.13.38 - - [14/Jun/2021:15:14:00 +0200] "GET /images/1399984243862.jpg HTTP/1.1" 200 23103 "-" "Mozilla/5.0 (compatible; bingbot/2.0; +http://www.bing.com/bingbot.htm)"
157.55.39.122 - - [14/Jun/2021:15:15:30 +0200] "GET /images/med_prod/3700653511409.jpg HTTP/1.1" 200 55887 "-" "Mozilla/5.0 (compatible; bingbot/2.0; +http://www.bing.com/bingbot.htm)"
40.77.167.90 - - [14/Jun/2021:15:16:32 +0200] "GET /images/mini_prod/3608860260335.jpg HTTP/1.1" 200 7022 "-" "Mozilla/5.0 (compatible; bingbot/2.0; +http://www.bing.com/bingbot.htm)"
40.77.167.70 - - [14/Jun/2021:15:20:55 +0200] "GET /images/big_prod/35444.jpg HTTP/1.1" 200 77684 "-" "Mozilla/5.0 (compatible; bingbot/2.0; +http://www.bing.com/bingbot.htm)"
66.249.70.38 - - [14/Jun/2021:15:25:38 +0200] "GET /images/090907_095531_PEEL_VwPFfh.jpg HTTP/1.1" 200 55146 "-" "Googlebot-Image/1.0"
207.46.13.38 - - [14/Jun/2021:15:26:01 +0200] "GET /images/mini_prod/3014627985890.jpg HTTP/1.1" 200 4187 "-" "Mozilla/5.0 (compatible; bingbot/2.0; +http://www.bing.com/bingbot.htm)"
157.55.39.81 - - [14/Jun/2021:15:29:15 +0200] "GET /images/med_prod/1645973339802.jpg HTTP/1.1" 200 55209 "-" "Mozilla/5.0 (compatible; bingbot/2.0; +http://www.bing.com/bingbot.htm)"
40.77.167.90 - - [14/Jun/2021:15:38:04 +0200] "GET /images/mini_prod/3442440234398.jpg HTTP/1.1" 200 5679 "-" "Mozilla/5.0 (compatible; bingbot/2.0; +http://www.bing.com/bingbot.htm)"
185.191.171.36 - - [14/Jun/2021:15:40:24 +0200] "GET /robots.txt HTTP/1.1" 200 2438 "-" "Mozilla/5.0 (compatible; SemrushBot/7~bl; +http://www.semrush.com/bot.html)"
5.255.231.71 - - [14/Jun/2021:15:44:16 +0200] "GET /robots.txt HTTP/1.1" 200 2438 "-" "Mozilla/5.0 (compatible; YandexBot/3.0; +http://yandex.com/bots)"
5.255.231.71 - - [14/Jun/2021:15:44:20 +0200] "GET /images/mini_prod/5055321760336.jpg HTTP/1.1" 200 6605 "-" "Mozilla/5.0 (compatible; YandexImages/3.0; +http://yandex.com/bots)"
157.55.39.152 - - [14/Jun/2021:15:45:29 +0200] "GET /images/mini_prod/3457010954163.jpg HTTP/1.1" 200 7940 "-" "Mozilla/5.0 (compatible; bingbot/2.0; +http://www.bing.com/bingbot.htm)"
157.55.39.44 - - [14/Jun/2021:15:47:10 +0200] "GET /images/mini_prod/9316188078139.jpg HTTP/1.1" 200 4187 "-" "Mozilla/5.0 (compatible; bingbot/2.0; +http://www.bing.com/bingbot.htm)"
40.77.167.106 - - [14/Jun/2021:15:47:20 +0200] "GET /images/big_prod/8435153884634.jpg HTTP/1.1" 200 149843 "-" "Mozilla/5.0 (compatible; bingbot/2.0; +http://www.bing.com/bingbot.htm)"
5.255.231.71 - - [14/Jun/2021:15:49:14 +0200] "GET /images/mini_prod/3014627923892.jpg HTTP/1.1" 200 5202 "-" "Mozilla/5.0 (compatible; YandexImages/3.0; +http://yandex.com/bots)"
195.234.109.128 - - [14/Jun/2021:15:52:41 +0200] "GET /images/med_prod/720322274995.jpg HTTP/1.1" 200 103990 "-" "Photon/1.0"
40.77.167.70 - - [14/Jun/2021:15:54:20 +0200] "GET /images/big_prod_1/3609810072060a.jpg HTTP/1.1" 200 327066 "-" "Mozilla/5.0 (compatible; bingbot/2.0; +http://www.bing.com/bingbot.htm)"
207.46.13.38 - - [14/Jun/2021:15:54:24 +0200] "GET /js/jquery.js HTTP/1.1" 200 54075 "-" "Mozilla/5.0 (compatible; bingbot/2.0; +http://www.bing.com/bingbot.htm)"
40.77.167.90 - - [14/Jun/2021:15:57:36 +0200] "GET /images/big_prod/3453281117856.jpg HTTP/1.1" 200 117044 "-" "Mozilla/5.0 (compatible; bingbot/2.0; +http://www.bing.com/bingbot.htm)"
157.55.39.81 - - [14/Jun/2021:16:03:09 +0200] "GET /images/med_prod/3453131091060.jpg HTTP/1.1" 200 34186 "-" "Mozilla/5.0 (compatible; bingbot/2.0; +http://www.bing.com/bingbot.htm)"
157.55.39.152 - - [14/Jun/2021:16:04:04 +0200] "GET /images/big_prod/3700281645682.jpg HTTP/1.1" 200 89959 "-" "Mozilla/5.0 (compatible; bingbot/2.0; +http://www.bing.com/bingbot.htm)"
66.249.93.26 - - [14/Jun/2021:16:06:03 +0200] "GET /images/big_prod/8422001898851.jpg HTTP/1.1" 200 444581 "-" "Mozilla/5.0 (Windows NT 5.1; rv:11.0) Gecko Firefox/11.0 (via ggpht.com GoogleImageProxy)"
66.249.70.38 - - [14/Jun/2021:16:10:15 +0200] "GET /images/big_prod/5051276230948.jpg HTTP/1.1" 200 60422 "-" "Googlebot-Image/1.0"
40.77.167.106 - - [14/Jun/2021:16:11:22 +0200] "GET /images/mini_prod/1384000001496.jpg HTTP/1.1" 200 9594 "-" "Mozilla/5.0 (compatible; bingbot/2.0; +http://www.bing.com/bingbot.htm)"
40.77.167.106 - - [14/Jun/2021:16:14:11 +0200] "GET /images/3453131103527.jpg HTTP/1.1" 200 22956 "-" "Mozilla/5.0 (compatible; bingbot/2.0; +http://www.bing.com/bingbot.htm)"
207.46.13.38 - - [14/Jun/2021:16:14:57 +0200] "GET /images/big_prod/720322284468.jpg HTTP/1.1" 200 85483 "-" "Mozilla/5.0 (compatible; bingbot/2.0; +http://www.bing.com/bingbot.htm)"
157.55.39.152 - - [14/Jun/2021:16:15:43 +0200] "GET /images/med_prod/4007176130506.jpg HTTP/1.1" 200 74487 "-" "Mozilla/5.0 (compatible; bingbot/2.0; +http://www.bing.com/bingbot.htm)"
207.46.13.38 - - [14/Jun/2021:16:17:37 +0200] "GET /js/jquery.js HTTP/1.1" 200 54075 "-" "Mozilla/5.0 (compatible; bingbot/2.0; +http://www.bing.com/bingbot.htm)"
207.46.13.38 - - [14/Jun/2021:16:17:37 +0200] "GET /js/jquery.js HTTP/1.1" 200 54075 "-" "Mozilla/5.0 (compatible; bingbot/2.0; +http://www.bing.com/bingbot.htm)"
157.55.39.152 - - [14/Jun/2021:16:23:03 +0200] "GET /images/big_prod/3453131147910D.jpg HTTP/1.1" 200 107404 "-" "Mozilla/5.0 (compatible; bingbot/2.0; +http://www.bing.com/bingbot.htm)"
207.46.13.38 - - [14/Jun/2021:16:23:10 +0200] "GET /images/med_prod/8433933011454.jpg HTTP/1.1" 200 104114 "-" "Mozilla/5.0 (compatible; bingbot/2.0; +http://www.bing.com/bingbot.htm)"
207.46.13.38 - - [14/Jun/2021:16:27:21 +0200] "GET /images/big_prod_1/3700281646986a.jpg HTTP/1.1" 200 449568 "-" "Mozilla/5.0 (compatible; bingbot/2.0; +http://www.bing.com/bingbot.htm)"
66.249.70.38 - - [14/Jun/2021:16:38:08 +0200] "GET /images/mini_prod/3574642577727.jpg HTTP/1.1" 200 3323 "-" "Googlebot-Image/1.0"
185.191.171.39 - - [14/Jun/2021:16:40:41 +0200] "GET /robots.txt HTTP/1.1" 200 2438 "-" "Mozilla/5.0 (compatible; SemrushBot/7~bl; +http://www.semrush.com/bot.html)"
66.249.70.42 - - [14/Jun/2021:16:41:11 +0200] "GET /images/634482306635.jpg HTTP/1.1" 200 31606 "-" "Googlebot-Image/1.0"
207.46.13.38 - - [14/Jun/2021:16:44:11 +0200] "GET /js/jquery.js HTTP/1.1" 200 54075 "-" "Mozilla/5.0 (compatible; bingbot/2.0; +http://www.bing.com/bingbot.htm)"
207.46.13.38 - - [14/Jun/2021:16:44:12 +0200] "GET /js/jquery.js HTTP/1.1" 200 54075 "-" "Mozilla/5.0 (compatible; bingbot/2.0; +http://www.bing.com/bingbot.htm)"
157.55.39.152 - - [14/Jun/2021:16:44:28 +0200] "GET /images/big_prod_1/3700281648331a.jpg HTTP/1.1" 200 228745 "-" "Mozilla/5.0 (compatible; bingbot/2.0; +http://www.bing.com/bingbot.htm)"
157.55.39.152 - - [14/Jun/2021:16:46:35 +0200] "GET /images/big_prod/3609810063228.jpg HTTP/1.1" 200 113626 "-" "Mozilla/5.0 (compatible; bingbot/2.0; +http://www.bing.com/bingbot.htm)"
64.233.173.114 - - [14/Jun/2021:16:47:09 +0200] "GET /images/DSCN4020b.jpg HTTP/1.1" 200 24636 "-" "Mozilla/5.0 (Windows NT 5.1; rv:11.0) Gecko Firefox/11.0 (via ggpht.com GoogleImageProxy)"
40.77.167.106 - - [14/Jun/2021:16:48:00 +0200] "GET /images/big_prod_1/b3608860230246.jpg HTTP/1.1" 200 50930 "-" "Mozilla/5.0 (compatible; bingbot/2.0; +http://www.bing.com/bingbot.htm)"
157.55.39.44 - - [14/Jun/2021:16:54:56 +0200] "GET /images/big_prod/8902276100830.jpg HTTP/1.1" 200 111534 "-" "Mozilla/5.0 (compatible; bingbot/2.0; +http://www.bing.com/bingbot.htm)"
5.255.231.71 - - [14/Jun/2021:16:55:36 +0200] "GET /images/big_prod_3/4250255859120d.jpg HTTP/1.1" 304 0 "-" "Mozilla/5.0 (compatible; YandexImages/3.0; +http://yandex.com/bots)"
157.55.39.122 - - [14/Jun/2021:16:58:26 +0200] "GET /images/big_prod/1384010204399.jpg HTTP/1.1" 200 58798 "-" "Mozilla/5.0 (compatible; bingbot/2.0; +http://www.bing.com/bingbot.htm)"
40.77.167.90 - - [14/Jun/2021:17:02:54 +0200] "GET /images/big_prod/8433933225998.jpg HTTP/1.1" 200 115703 "-" "Mozilla/5.0 (compatible; bingbot/2.0; +http://www.bing.com/bingbot.htm)"
66.249.70.42 - - [14/Jun/2021:17:04:52 +0200] "GET /images/big_prod/c8499132034151.jpg HTTP/1.1" 200 98369 "-" "Googlebot-Image/1.0"
66.249.70.42 - - [14/Jun/2021:17:05:55 +0200] "GET /images/big_prod_3/8720088299487b.jpg HTTP/1.1" 200 254507 "-" "Googlebot-Image/1.0"
85.224.83.213 - - [14/Jun/2021:17:06:29 +0200] "GET /js/jquery.jqzoom.js HTTP/1.1" 200 4761 "http://www.wonder-geek.com/" "Mozilla/5.0 (Windows NT 10.0; Win64; x64) AppleWebKit/537.36 (KHTML, like Gecko) Chrome/91.0.4472.77 Safari/537.36"
85.224.83.213 - - [14/Jun/2021:17:06:30 +0200] "GET /highslide/highslide.js HTTP/1.1" 200 42909 "http://www.wonder-geek.com/" "Mozilla/5.0 (Windows NT 10.0; Win64; x64) AppleWebKit/537.36 (KHTML, like Gecko) Chrome/91.0.4472.77 Safari/537.36"
85.224.83.213 - - [14/Jun/2021:17:06:30 +0200] "GET /templates/Pixame_v1/stylesheet.css HTTP/1.1" 200 56057 "http://www.wonder-geek.com/" "Mozilla/5.0 (Windows NT 10.0; Win64; x64) AppleWebKit/537.36 (KHTML, like Gecko) Chrome/91.0.4472.77 Safari/537.36"
85.224.83.213 - - [14/Jun/2021:17:06:30 +0200] "GET /js/jquery.js HTTP/1.1" 200 54075 "http://www.wonder-geek.com/" "Mozilla/5.0 (Windows NT 10.0; Win64; x64) AppleWebKit/537.36 (KHTML, like Gecko) Chrome/91.0.4472.77 Safari/537.36"
85.224.83.213 - - [14/Jun/2021:17:06:30 +0200] "GET /mondial_relay/js/jquery-1.3.2.min.js HTTP/1.1" 200 57254 "http://www.wonder-geek.com/" "Mozilla/5.0 (Windows NT 10.0; Win64; x64) AppleWebKit/537.36 (KHTML, like Gecko) Chrome/91.0.4472.77 Safari/537.36"
85.224.83.213 - - [14/Jun/2021:17:06:30 +0200] "GET /js/jquery.masonry.min.js HTTP/1.1" 200 5392 "http://www.wonder-geek.com/" "Mozilla/5.0 (Windows NT 10.0; Win64; x64) AppleWebKit/537.36 (KHTML, like Gecko) Chrome/91.0.4472.77 Safari/537.36"
85.224.83.213 - - [14/Jun/2021:17:06:30 +0200] "GET /js/modernizr-transitions.js HTTP/1.1" 200 2026 "http://www.wonder-geek.com/" "Mozilla/5.0 (Windows NT 10.0; Win64; x64) AppleWebKit/537.36 (KHTML, like Gecko) Chrome/91.0.4472.77 Safari/537.36"
85.224.83.213 - - [14/Jun/2021:17:06:30 +0200] "GET /templates/Pixame_v1/images/icon_accueil2.png HTTP/1.1" 200 1137 "http://www.wonder-geek.com/" "Mozilla/5.0 (Windows NT 10.0; Win64; x64) AppleWebKit/537.36 (KHTML, like Gecko) Chrome/91.0.4472.77 Safari/537.36"
85.224.83.213 - - [14/Jun/2021:17:06:30 +0200] "GET /templates/Pixame_v1/images/Bottom_texture.jpg HTTP/1.1" 200 56290 "http://www.wonder-geek.com/templates/Pixame_v1/stylesheet.css" "Mozilla/5.0 (Windows NT 10.0; Win64; x64) AppleWebKit/537.36 (KHTML, like Gecko) Chrome/91.0.4472.77 Safari/537.36"
85.224.83.213 - - [14/Jun/2021:17:06:30 +0200] "GET /templates/Pixame_v1/images/nav.png HTTP/1.1" 200 1283 "http://www.wonder-geek.com/templates/Pixame_v1/stylesheet.css" "Mozilla/5.0 (Windows NT 10.0; Win64; x64) AppleWebKit/537.36 (KHTML, like Gecko) Chrome/91.0.4472.77 Safari/537.36"
85.224.83.213 - - [14/Jun/2021:17:06:30 +0200] "GET /design/productsenstock.png HTTP/1.1" 200 4743 "http://www.wonder-geek.com/templates/Pixame_v1/stylesheet.css" "Mozilla/5.0 (Windows NT 10.0; Win64; x64) AppleWebKit/537.36 (KHTML, like Gecko) Chrome/91.0.4472.77 Safari/537.36"
85.224.83.213 - - [14/Jun/2021:17:06:30 +0200] "GET /templates/Pixame_v1/images/header-object.png HTTP/1.1" 200 106050 "http://www.wonder-geek.com/templates/Pixame_v1/stylesheet.css" "Mozilla/5.0 (Windows NT 10.0; Win64; x64) AppleWebKit/537.36 (KHTML, like Gecko) Chrome/91.0.4472.77 Safari/537.36"
85.224.83.213 - - [14/Jun/2021:17:06:30 +0200] "GET /templates/Pixame_v1/images/header.png HTTP/1.1" 200 70245 "http://www.wonder-geek.com/templates/Pixame_v1/stylesheet.css" "Mozilla/5.0 (Windows NT 10.0; Win64; x64) AppleWebKit/537.36 (KHTML, like Gecko) Chrome/91.0.4472.77 Safari/537.36"
85.224.83.213 - - [14/Jun/2021:17:06:30 +0200] "GET /images/mini_prod/3665284220611.jpg HTTP/1.1" 200 6925 "http://www.wonder-geek.com/" "Mozilla/5.0 (Windows NT 10.0; Win64; x64) AppleWebKit/537.36 (KHTML, like Gecko) Chrome/91.0.4472.77 Safari/537.36"
85.224.83.213 - - [14/Jun/2021:17:06:30 +0200] "GET /images/mini_prod/8433833240145.jpg HTTP/1.1" 200 8532 "http://www.wonder-geek.com/" "Mozilla/5.0 (Windows NT 10.0; Win64; x64) AppleWebKit/537.36 (KHTML, like Gecko) Chrome/91.0.4472.77 Safari/537.36"
85.224.83.213 - - [14/Jun/2021:17:06:30 +0200] "GET /images/mini_prod/8424346240258.jpg HTTP/1.1" 200 3673 "http://www.wonder-geek.com/" "Mozilla/5.0 (Windows NT 10.0; Win64; x64) AppleWebKit/537.36 (KHTML, like Gecko) Chrome/91.0.4472.77 Safari/537.36"
85.224.83.213 - - [14/Jun/2021:17:06:30 +0200] "GET /images/mini_prod/3665284220628.jpg HTTP/1.1" 200 7103 "http://www.wonder-geek.com/" "Mozilla/5.0 (Windows NT 10.0; Win64; x64) AppleWebKit/537.36 (KHTML, like Gecko) Chrome/91.0.4472.77 Safari/537.36"
85.224.83.213 - - [14/Jun/2021:17:06:30 +0200] "GET /images/mini_prod/8712159169133.jpg HTTP/1.1" 200 9241 "http://www.wonder-geek.com/" "Mozilla/5.0 (Windows NT 10.0; Win64; x64) AppleWebKit/537.36 (KHTML, like Gecko) Chrome/91.0.4472.77 Safari/537.36"
85.224.83.213 - - [14/Jun/2021:17:06:30 +0200] "GET /images/mini_prod/N5055321752836.jpg HTTP/1.1" 200 4377 "http://www.wonder-geek.com/" "Mozilla/5.0 (Windows NT 10.0; Win64; x64) AppleWebKit/537.36 (KHTML, like Gecko) Chrome/91.0.4472.77 Safari/537.36"
85.224.83.213 - - [14/Jun/2021:17:06:30 +0200] "GET /images/mini_prod/5055321765447.jpg HTTP/1.1" 200 4164 "http://www.wonder-geek.com/" "Mozilla/5.0 (Windows NT 10.0; Win64; x64) AppleWebKit/537.36 (KHTML, like Gecko) Chrome/91.0.4472.77 Safari/537.36"
85.224.83.213 - - [14/Jun/2021:17:06:30 +0200] "GET /images/mini_prod/8422005767405.jpg HTTP/1.1" 200 2666 "http://www.wonder-geek.com/" "Mozilla/5.0 (Windows NT 10.0; Win64; x64) AppleWebKit/537.36 (KHTML, like Gecko) Chrome/91.0.4472.77 Safari/537.36"
85.224.83.213 - - [14/Jun/2021:17:06:30 +0200] "GET /templates/Pixame_v1/images/Middle_texture.jpg HTTP/1.1" 200 249620 "http://www.wonder-geek.com/templates/Pixame_v1/stylesheet.css" "Mozilla/5.0 (Windows NT 10.0; Win64; x64) AppleWebKit/537.36 (KHTML, like Gecko) Chrome/91.0.4472.77 Safari/537.36"
85.224.83.213 - - [14/Jun/2021:17:06:30 +0200] "GET /images/mini_prod/3665284220673.jpg HTTP/1.1" 200 4231 "http://www.wonder-geek.com/" "Mozilla/5.0 (Windows NT 10.0; Win64; x64) AppleWebKit/537.36 (KHTML, like Gecko) Chrome/91.0.4472.77 Safari/537.36"
85.224.83.213 - - [14/Jun/2021:17:06:30 +0200] "GET /images/mini_prod/3453131151269.jpg HTTP/1.1" 200 4408 "http://www.wonder-geek.com/" "Mozilla/5.0 (Windows NT 10.0; Win64; x64) AppleWebKit/537.36 (KHTML, like Gecko) Chrome/91.0.4472.77 Safari/537.36"
85.224.83.213 - - [14/Jun/2021:17:06:30 +0200] "GET /images/mini_prod/3520071813295.jpg HTTP/1.1" 200 6258 "http://www.wonder-geek.com/" "Mozilla/5.0 (Windows NT 10.0; Win64; x64) AppleWebKit/537.36 (KHTML, like Gecko) Chrome/91.0.4472.77 Safari/537.36"
85.224.83.213 - - [14/Jun/2021:17:06:30 +0200] "GET /images/mini_prod/5055321760312.jpg HTTP/1.1" 200 10889 "http://www.wonder-geek.com/" "Mozilla/5.0 (Windows NT 10.0; Win64; x64) AppleWebKit/537.36 (KHTML, like Gecko) Chrome/91.0.4472.77 Safari/537.36"
85.224.83.213 - - [14/Jun/2021:17:06:30 +0200] "GET /images/mini_prod/8422005767504.jpg HTTP/1.1" 200 3158 "http://www.wonder-geek.com/" "Mozilla/5.0 (Windows NT 10.0; Win64; x64) AppleWebKit/537.36 (KHTML, like Gecko) Chrome/91.0.4472.77 Safari/537.36"
85.224.83.213 - - [14/Jun/2021:17:06:30 +0200] "GET /images/mini_prod/8433933621776.jpg HTTP/1.1" 200 3170 "http://www.wonder-geek.com/" "Mozilla/5.0 (Windows NT 10.0; Win64; x64) AppleWebKit/537.36 (KHTML, like Gecko) Chrome/91.0.4472.77 Safari/537.36"
85.224.83.213 - - [14/Jun/2021:17:06:30 +0200] "GET /images/mini_prod/8718657461021.jpg HTTP/1.1" 200 4119 "http://www.wonder-geek.com/" "Mozilla/5.0 (Windows NT 10.0; Win64; x64) AppleWebKit/537.36 (KHTML, like Gecko) Chrome/91.0.4472.77 Safari/537.36"
85.224.83.213 - - [14/Jun/2021:17:06:30 +0200] "GET /images/mini_prod/8422054646560.jpg HTTP/1.1" 200 8317 "http://www.wonder-geek.com/" "Mozilla/5.0 (Windows NT 10.0; Win64; x64) AppleWebKit/537.36 (KHTML, like Gecko) Chrome/91.0.4472.77 Safari/537.36"
85.224.83.213 - - [14/Jun/2021:17:06:30 +0200] "GET /images/mini_prod/1938713266262.jpg HTTP/1.1" 200 4856 "http://www.wonder-geek.com/" "Mozilla/5.0 (Windows NT 10.0; Win64; x64) AppleWebKit/537.36 (KHTML, like Gecko) Chrome/91.0.4472.77 Safari/537.36"
85.224.83.213 - - [14/Jun/2021:17:06:30 +0200] "GET /images/mini_prod/8433933226339.jpg HTTP/1.1" 200 6618 "http://www.wonder-geek.com/" "Mozilla/5.0 (Windows NT 10.0; Win64; x64) AppleWebKit/537.36 (KHTML, like Gecko) Chrome/91.0.4472.77 Safari/537.36"
85.224.83.213 - - [14/Jun/2021:17:06:30 +0200] "GET /images/mini_prod/5055321760329.jpg HTTP/1.1" 200 11234 "http://www.wonder-geek.com/" "Mozilla/5.0 (Windows NT 10.0; Win64; x64) AppleWebKit/537.36 (KHTML, like Gecko) Chrome/91.0.4472.77 Safari/537.36"
85.224.83.213 - - [14/Jun/2021:17:06:30 +0200] "GET /images/mini_prod/3540945601933.jpg HTTP/1.1" 200 6361 "http://www.wonder-geek.com/" "Mozilla/5.0 (Windows NT 10.0; Win64; x64) AppleWebKit/537.36 (KHTML, like Gecko) Chrome/91.0.4472.77 Safari/537.36"
85.224.83.213 - - [14/Jun/2021:17:06:30 +0200] "GET /images/mini_prod/5404006043446.jpg HTTP/1.1" 200 2950 "http://www.wonder-geek.com/" "Mozilla/5.0 (Windows NT 10.0; Win64; x64) AppleWebKit/537.36 (KHTML, like Gecko) Chrome/91.0.4472.77 Safari/537.36"
85.224.83.213 - - [14/Jun/2021:17:06:30 +0200] "GET /images/mini_prod/3665284220635.jpg HTTP/1.1" 200 6602 "http://www.wonder-geek.com/" "Mozilla/5.0 (Windows NT 10.0; Win64; x64) AppleWebKit/537.36 (KHTML, like Gecko) Chrome/91.0.4472.77 Safari/537.36"
85.224.83.213 - - [14/Jun/2021:17:06:30 +0200] "GET /images/mini_prod/3014627927562.jpg HTTP/1.1" 200 3808 "http://www.wonder-geek.com/" "Mozilla/5.0 (Windows NT 10.0; Win64; x64) AppleWebKit/537.36 (KHTML, like Gecko) Chrome/91.0.4472.77 Safari/537.36"
85.224.83.213 - - [14/Jun/2021:17:06:30 +0200] "GET /images/mini_prod/8720088299487.jpg HTTP/1.1" 200 9098 "http://www.wonder-geek.com/" "Mozilla/5.0 (Windows NT 10.0; Win64; x64) AppleWebKit/537.36 (KHTML, like Gecko) Chrome/91.0.4472.77 Safari/537.36"
85.224.83.213 - - [14/Jun/2021:17:06:30 +0200] "GET /images/mini_prod/3453131157629.jpg HTTP/1.1" 200 3447 "http://www.wonder-geek.com/" "Mozilla/5.0 (Windows NT 10.0; Win64; x64) AppleWebKit/537.36 (KHTML, like Gecko) Chrome/91.0.4472.77 Safari/537.36"
85.224.83.213 - - [14/Jun/2021:17:06:30 +0200] "GET /images/mini_prod/5404006044627.jpg HTTP/1.1" 200 3073 "http://www.wonder-geek.com/" "Mozilla/5.0 (Windows NT 10.0; Win64; x64) AppleWebKit/537.36 (KHTML, like Gecko) Chrome/91.0.4472.77 Safari/537.36"
85.224.83.213 - - [14/Jun/2021:17:06:30 +0200] "GET /images/mini_prod/5055321748488.jpg HTTP/1.1" 200 6464 "http://www.wonder-geek.com/" "Mozilla/5.0 (Windows NT 10.0; Win64; x64) AppleWebKit/537.36 (KHTML, like Gecko) Chrome/91.0.4472.77 Safari/537.36"
85.224.83.213 - - [14/Jun/2021:17:06:30 +0200] "GET /images/mini_prod/8712159160833.jpg HTTP/1.1" 200 6451 "http://www.wonder-geek.com/" "Mozilla/5.0 (Windows NT 10.0; Win64; x64) AppleWebKit/537.36 (KHTML, like Gecko) Chrome/91.0.4472.77 Safari/537.36"
85.224.83.213 - - [14/Jun/2021:17:06:30 +0200] "GET /images/mini_prod/8720088294604.jpg HTTP/1.1" 200 4774 "http://www.wonder-geek.com/" "Mozilla/5.0 (Windows NT 10.0; Win64; x64) AppleWebKit/537.36 (KHTML, like Gecko) Chrome/91.0.4472.77 Safari/537.36"
85.224.83.213 - - [14/Jun/2021:17:06:30 +0200] "GET /images/mini_prod/3665284220574.jpg HTTP/1.1" 200 5714 "http://www.wonder-geek.com/" "Mozilla/5.0 (Windows NT 10.0; Win64; x64) AppleWebKit/537.36 (KHTML, like Gecko) Chrome/91.0.4472.77 Safari/537.36"
85.224.83.213 - - [14/Jun/2021:17:06:30 +0200] "GET /images/mini_prod/5051276405162.jpg HTTP/1.1" 200 4720 "http://www.wonder-geek.com/" "Mozilla/5.0 (Windows NT 10.0; Win64; x64) AppleWebKit/537.36 (KHTML, like Gecko) Chrome/91.0.4472.77 Safari/537.36"
85.224.83.213 - - [14/Jun/2021:17:06:30 +0200] "GET /images/mini_prod/8433833240084a.jpg HTTP/1.1" 200 4468 "http://www.wonder-geek.com/" "Mozilla/5.0 (Windows NT 10.0; Win64; x64) AppleWebKit/537.36 (KHTML, like Gecko) Chrome/91.0.4472.77 Safari/537.36"
85.224.83.213 - - [14/Jun/2021:17:06:30 +0200] "GET /images/mini_prod/5055321765850.jpg HTTP/1.1" 200 4949 "http://www.wonder-geek.com/" "Mozilla/5.0 (Windows NT 10.0; Win64; x64) AppleWebKit/537.36 (KHTML, like Gecko) Chrome/91.0.4472.77 Safari/537.36"
85.224.83.213 - - [14/Jun/2021:17:06:30 +0200] "GET /images/mini_prod/5404006047543.jpg HTTP/1.1" 200 3618 "http://www.wonder-geek.com/" "Mozilla/5.0 (Windows NT 10.0; Win64; x64) AppleWebKit/537.36 (KHTML, like Gecko) Chrome/91.0.4472.77 Safari/537.36"
85.224.83.213 - - [14/Jun/2021:17:06:30 +0200] "GET /images/mini_prod/8422001276604.jpg HTTP/1.1" 200 6802 "http://www.wonder-geek.com/" "Mozilla/5.0 (Windows NT 10.0; Win64; x64) AppleWebKit/537.36 (KHTML, like Gecko) Chrome/91.0.4472.77 Safari/537.36"
85.224.83.213 - - [14/Jun/2021:17:06:30 +0200] "GET /images/mini_prod/3520071807140.jpg HTTP/1.1" 200 5175 "http://www.wonder-geek.com/" "Mozilla/5.0 (Windows NT 10.0; Win64; x64) AppleWebKit/537.36 (KHTML, like Gecko) Chrome/91.0.4472.77 Safari/537.36"
85.224.83.213 - - [14/Jun/2021:17:06:30 +0200] "GET /images/mini_prod/3453131151146.jpg HTTP/1.1" 200 8186 "http://www.wonder-geek.com/" "Mozilla/5.0 (Windows NT 10.0; Win64; x64) AppleWebKit/537.36 (KHTML, like Gecko) Chrome/91.0.4472.77 Safari/537.36"
85.224.83.213 - - [14/Jun/2021:17:06:30 +0200] "GET /images/mini_prod/3565750200096.jpg HTTP/1.1" 200 5255 "http://www.wonder-geek.com/" "Mozilla/5.0 (Windows NT 10.0; Win64; x64) AppleWebKit/537.36 (KHTML, like Gecko) Chrome/91.0.4472.77 Safari/537.36"
85.224.83.213 - - [14/Jun/2021:17:06:30 +0200] "GET /images/mini_prod/5027148067011.jpg HTTP/1.1" 200 5807 "http://www.wonder-geek.com/" "Mozilla/5.0 (Windows NT 10.0; Win64; x64) AppleWebKit/537.36 (KHTML, like Gecko) Chrome/91.0.4472.77 Safari/537.36"
85.224.83.213 - - [14/Jun/2021:17:06:30 +0200] "GET /images/mini_prod/8433933100325.jpg HTTP/1.1" 200 6843 "http://www.wonder-geek.com/" "Mozilla/5.0 (Windows NT 10.0; Win64; x64) AppleWebKit/537.36 (KHTML, like Gecko) Chrome/91.0.4472.77 Safari/537.36"
85.224.83.213 - - [14/Jun/2021:17:06:30 +0200] "GET /images/mini_prod/3665284220598.jpg HTTP/1.1" 200 6633 "http://www.wonder-geek.com/" "Mozilla/5.0 (Windows NT 10.0; Win64; x64) AppleWebKit/537.36 (KHTML, like Gecko) Chrome/91.0.4472.77 Safari/537.36"
85.224.83.213 - - [14/Jun/2021:17:06:30 +0200] "GET /images/mini_prod/8718375754832.jpg HTTP/1.1" 200 5408 "http://www.wonder-geek.com/" "Mozilla/5.0 (Windows NT 10.0; Win64; x64) AppleWebKit/537.36 (KHTML, like Gecko) Chrome/91.0.4472.77 Safari/537.36"
85.224.83.213 - - [14/Jun/2021:17:06:30 +0200] "GET /images/mini_prod/5051276405186.jpg HTTP/1.1" 200 5531 "http://www.wonder-geek.com/" "Mozilla/5.0 (Windows NT 10.0; Win64; x64) AppleWebKit/537.36 (KHTML, like Gecko) Chrome/91.0.4472.77 Safari/537.36"
85.224.83.213 - - [14/Jun/2021:17:06:30 +0200] "GET /images/mini_prod/8433933202883.jpg HTTP/1.1" 200 4316 "http://www.wonder-geek.com/" "Mozilla/5.0 (Windows NT 10.0; Win64; x64) AppleWebKit/537.36 (KHTML, like Gecko) Chrome/91.0.4472.77 Safari/537.36"
85.224.83.213 - - [14/Jun/2021:17:06:30 +0200] "GET /images/mini_prod/8433933202180.jpg HTTP/1.1" 200 4444 "http://www.wonder-geek.com/" "Mozilla/5.0 (Windows NT 10.0; Win64; x64) AppleWebKit/537.36 (KHTML, like Gecko) Chrome/91.0.4472.77 Safari/537.36"
85.224.83.213 - - [14/Jun/2021:17:06:30 +0200] "GET /images/mini_prod/8424345302186.jpg HTTP/1.1" 200 3394 "http://www.wonder-geek.com/" "Mozilla/5.0 (Windows NT 10.0; Win64; x64) AppleWebKit/537.36 (KHTML, like Gecko) Chrome/91.0.4472.77 Safari/537.36"
85.224.83.213 - - [14/Jun/2021:17:06:30 +0200] "GET /images/mini_prod/8433933101742.jpg HTTP/1.1" 200 3125 "http://www.wonder-geek.com/" "Mozilla/5.0 (Windows NT 10.0; Win64; x64) AppleWebKit/537.36 (KHTML, like Gecko) Chrome/91.0.4472.77 Safari/537.36"
85.224.83.213 - - [14/Jun/2021:17:06:30 +0200] "GET /images/mini_prod/8718375755532.jpg HTTP/1.1" 200 3932 "http://www.wonder-geek.com/" "Mozilla/5.0 (Windows NT 10.0; Win64; x64) AppleWebKit/537.36 (KHTML, like Gecko) Chrome/91.0.4472.77 Safari/537.36"
85.224.83.213 - - [14/Jun/2021:17:06:30 +0200] "GET /images/mini_prod/8424001815784.jpg HTTP/1.1" 200 5412 "http://www.wonder-geek.com/" "Mozilla/5.0 (Windows NT 10.0; Win64; x64) AppleWebKit/537.36 (KHTML, like Gecko) Chrome/91.0.4472.77 Safari/537.36"
85.224.83.213 - - [14/Jun/2021:17:06:30 +0200] "GET /images/mini_prod/8433933240724.jpg HTTP/1.1" 200 3876 "http://www.wonder-geek.com/" "Mozilla/5.0 (Windows NT 10.0; Win64; x64) AppleWebKit/537.36 (KHTML, like Gecko) Chrome/91.0.4472.77 Safari/537.36"
85.224.83.213 - - [14/Jun/2021:17:06:30 +0200] "GET /images/mini_prod/8422000414823B.jpg HTTP/1.1" 200 8987 "http://www.wonder-geek.com/" "Mozilla/5.0 (Windows NT 10.0; Win64; x64) AppleWebKit/537.36 (KHTML, like Gecko) Chrome/91.0.4472.77 Safari/537.36"
85.224.83.213 - - [14/Jun/2021:17:06:30 +0200] "GET /images/mini_prod/5055321753031.jpg HTTP/1.1" 200 3941 "http://www.wonder-geek.com/" "Mozilla/5.0 (Windows NT 10.0; Win64; x64) AppleWebKit/537.36 (KHTML, like Gecko) Chrome/91.0.4472.77 Safari/537.36"
85.224.83.213 - - [14/Jun/2021:17:06:30 +0200] "GET /images/mini_prod/8433933370261.jpg HTTP/1.1" 200 6844 "http://www.wonder-geek.com/" "Mozilla/5.0 (Windows NT 10.0; Win64; x64) AppleWebKit/537.36 (KHTML, like Gecko) Chrome/91.0.4472.77 Safari/537.36"
85.224.83.213 - - [14/Jun/2021:17:06:30 +0200] "GET /images/mini_prod/5055321765836.jpg HTTP/1.1" 200 4796 "http://www.wonder-geek.com/" "Mozilla/5.0 (Windows NT 10.0; Win64; x64) AppleWebKit/537.36 (KHTML, like Gecko) Chrome/91.0.4472.77 Safari/537.36"
85.224.83.213 - - [14/Jun/2021:17:06:30 +0200] "GET /images/mini_prod/8424346367375.jpg HTTP/1.1" 200 3730 "http://www.wonder-geek.com/" "Mozilla/5.0 (Windows NT 10.0; Win64; x64) AppleWebKit/537.36 (KHTML, like Gecko) Chrome/91.0.4472.77 Safari/537.36"
85.224.83.213 - - [14/Jun/2021:17:06:30 +0200] "GET /images/mini_prod/8424346258154.jpg HTTP/1.1" 200 4913 "http://www.wonder-geek.com/" "Mozilla/5.0 (Windows NT 10.0; Win64; x64) AppleWebKit/537.36 (KHTML, like Gecko) Chrome/91.0.4472.77 Safari/537.36"
85.224.83.213 - - [14/Jun/2021:17:06:30 +0200] "GET /images/mini_prod/8422018239814E.jpg HTTP/1.1" 200 3476 "http://www.wonder-geek.com/" "Mozilla/5.0 (Windows NT 10.0; Win64; x64) AppleWebKit/537.36 (KHTML, like Gecko) Chrome/91.0.4472.77 Safari/537.36"
85.224.83.213 - - [14/Jun/2021:17:06:30 +0200] "GET /images/mini_prod/5400924136208.jpg HTTP/1.1" 200 4609 "http://www.wonder-geek.com/" "Mozilla/5.0 (Windows NT 10.0; Win64; x64) AppleWebKit/537.36 (KHTML, like Gecko) Chrome/91.0.4472.77 Safari/537.36"
85.224.83.213 - - [14/Jun/2021:17:06:30 +0200] "GET /images/mini_prod/5404006040759.jpg HTTP/1.1" 200 2481 "http://www.wonder-geek.com/" "Mozilla/5.0 (Windows NT 10.0; Win64; x64) AppleWebKit/537.36 (KHTML, like Gecko) Chrome/91.0.4472.77 Safari/537.36"
85.224.83.213 - - [14/Jun/2021:17:06:30 +0200] "GET /images/mini_prod/3574641017378.jpg HTTP/1.1" 200 5566 "http://www.wonder-geek.com/" "Mozilla/5.0 (Windows NT 10.0; Win64; x64) AppleWebKit/537.36 (KHTML, like Gecko) Chrome/91.0.4472.77 Safari/537.36"
85.224.83.213 - - [14/Jun/2021:17:06:30 +0200] "GET /images/mini_prod/3565752000700.jpg HTTP/1.1" 200 5103 "http://www.wonder-geek.com/" "Mozilla/5.0 (Windows NT 10.0; Win64; x64) AppleWebKit/537.36 (KHTML, like Gecko) Chrome/91.0.4472.77 Safari/537.36"
85.224.83.213 - - [14/Jun/2021:17:06:30 +0200] "GET /images/mini_prod/8433833240220.jpg HTTP/1.1" 200 3986 "http://www.wonder-geek.com/" "Mozilla/5.0 (Windows NT 10.0; Win64; x64) AppleWebKit/537.36 (KHTML, like Gecko) Chrome/91.0.4472.77 Safari/537.36"
85.224.83.213 - - [14/Jun/2021:17:06:30 +0200] "GET /images/mini_prod/8718657461014.jpg HTTP/1.1" 200 4265 "http://www.wonder-geek.com/" "Mozilla/5.0 (Windows NT 10.0; Win64; x64) AppleWebKit/537.36 (KHTML, like Gecko) Chrome/91.0.4472.77 Safari/537.36"
85.224.83.213 - - [14/Jun/2021:17:06:30 +0200] "GET /images/mini_prod/5404006048250.jpg HTTP/1.1" 200 4092 "http://www.wonder-geek.com/" "Mozilla/5.0 (Windows NT 10.0; Win64; x64) AppleWebKit/537.36 (KHTML, like Gecko) Chrome/91.0.4472.77 Safari/537.36"
85.224.83.213 - - [14/Jun/2021:17:06:30 +0200] "GET /highslide/graphics/outlines/drop-shadow.png HTTP/1.1" 200 2022 "http://www.wonder-geek.com/" "Mozilla/5.0 (Windows NT 10.0; Win64; x64) AppleWebKit/537.36 (KHTML, like Gecko) Chrome/91.0.4472.77 Safari/537.36"
85.224.83.213 - - [14/Jun/2021:17:06:30 +0200] "GET /favicon.ico HTTP/1.1" 200 1591 "http://www.wonder-geek.com/" "Mozilla/5.0 (Windows NT 10.0; Win64; x64) AppleWebKit/537.36 (KHTML, like Gecko) Chrome/91.0.4472.77 Safari/537.36"
216.244.66.242 - - [14/Jun/2021:17:07:40 +0200] "GET /robots.txt HTTP/1.1" 200 2438 "-" "Mozilla/5.0 (compatible; DotBot/1.2; +https://opensiteexplorer.org/dotbot; help@moz.com)"
207.46.13.38 - - [14/Jun/2021:17:08:12 +0200] "GET /js/jquery.js HTTP/1.1" 200 54075 "-" "Mozilla/5.0 (compatible; bingbot/2.0; +http://www.bing.com/bingbot.htm)"
147.92.153.9 - - [14/Jun/2021:17:09:04 +0200] "GET /images/big_prod/8422010439298.jpg HTTP/1.1" 200 163264 "-" "Mozilla/5.0 (compatible; Linespider/1.1; +https://lin.ee/4dwXkTH)"
27.61.181.50 - - [14/Jun/2021:17:09:41 +0200] "GET /images/37006535002050.jpg HTTP/1.1" 200 31808 "-" "WhatsApp/2.21.10.16 Android/5.1 Device/Coolpad-CP8298_I00"
5.255.231.71 - - [14/Jun/2021:17:12:33 +0200] "GET /images/mini_prod/3520071784656.jpg HTTP/1.1" 200 4391 "-" "Mozilla/5.0 (compatible; YandexImages/3.0; +http://yandex.com/bots)"
173.231.59.211 - - [14/Jun/2021:17:15:11 +0200] "GET /robots.txt HTTP/1.1" 200 2438 "-" "Mozilla/5.0 (compatible; Adsbot/3.1; +https://seostar.co/robot/)"
157.55.39.44 - - [14/Jun/2021:17:17:00 +0200] "GET /images/big_prod/1384010202890.jpg HTTP/1.1" 200 58940 "-" "Mozilla/5.0 (compatible; bingbot/2.0; +http://www.bing.com/bingbot.htm)"
40.77.167.90 - - [14/Jun/2021:17:24:55 +0200] "GET /images/big_prod_1/b8435337081934.jpg HTTP/1.1" 200 92830 "-" "Mozilla/5.0 (compatible; bingbot/2.0; +http://www.bing.com/bingbot.htm)"
216.244.66.242 - - [14/Jun/2021:17:25:24 +0200] "GET /images/5060075240560.jpg HTTP/1.1" 200 24431 "-" "Mozilla/5.0 (compatible; DotBot/1.2; +https://opensiteexplorer.org/dotbot; help@moz.com)"
207.46.13.38 - - [14/Jun/2021:17:33:07 +0200] "GET /images/mini_prod/33852.jpg HTTP/1.1" 200 4781 "-" "Mozilla/5.0 (compatible; bingbot/2.0; +http://www.bing.com/bingbot.htm)"
66.249.70.42 - - [14/Jun/2021:17:33:45 +0200] "GET /images/mini_prod/3574642577734.jpg HTTP/1.1" 200 2767 "-" "Googlebot-Image/1.0"
207.46.13.38 - - [14/Jun/2021:17:33:57 +0200] "GET /images/med_prod/3520071433530.jpg HTTP/1.1" 200 100420 "-" "Mozilla/5.0 (compatible; bingbot/2.0; +http://www.bing.com/bingbot.htm)"
185.191.171.9 - - [14/Jun/2021:17:34:39 +0200] "GET /robots.txt HTTP/1.1" 200 2438 "-" "Mozilla/5.0 (compatible; SemrushBot/7~bl; +http://www.semrush.com/bot.html)"
207.46.13.38 - - [14/Jun/2021:17:34:45 +0200] "GET /js/jquery.js HTTP/1.1" 200 54075 "-" "Mozilla/5.0 (compatible; bingbot/2.0; +http://www.bing.com/bingbot.htm)"
147.92.153.15 - - [14/Jun/2021:17:41:04 +0200] "GET /images/big_prod/3453131148238.jpg HTTP/1.1" 200 79794 "-" "Mozilla/5.0 (compatible; Linespider/1.1; +https://lin.ee/4dwXkTH)"
157.55.39.128 - - [14/Jun/2021:17:43:40 +0200] "GET /images/4007176129029.jpg HTTP/1.1" 200 55662 "-" "Mozilla/5.0 (compatible; bingbot/2.0; +http://www.bing.com/bingbot.htm)"
207.46.13.38 - - [14/Jun/2021:17:47:19 +0200] "GET /images/big_prod/3609810072152.jpg HTTP/1.1" 200 177683 "-" "Mozilla/5.0 (compatible; bingbot/2.0; +http://www.bing.com/bingbot.htm)"
40.77.167.90 - - [14/Jun/2021:17:49:09 +0200] "GET /images/big_prod_2/8445148004206C.jpg HTTP/1.1" 200 372854 "-" "Mozilla/5.0 (compatible; bingbot/2.0; +http://www.bing.com/bingbot.htm)"
207.46.13.38 - - [14/Jun/2021:17:49:18 +0200] "GET /images/mini_prod/3700516271891.jpg HTTP/1.1" 200 8153 "-" "Mozilla/5.0 (compatible; bingbot/2.0; +http://www.bing.com/bingbot.htm)"
40.77.167.106 - - [14/Jun/2021:17:50:41 +0200] "GET /images/big_prod/1491693047073.jpg HTTP/1.1" 200 152565 "-" "Mozilla/5.0 (compatible; bingbot/2.0; +http://www.bing.com/bingbot.htm)"
40.77.167.106 - - [14/Jun/2021:17:51:51 +0200] "GET /images/med_prod/4029811346332.jpg HTTP/1.1" 200 56560 "-" "Mozilla/5.0 (compatible; bingbot/2.0; +http://www.bing.com/bingbot.htm)"
157.55.39.152 - - [14/Jun/2021:17:54:05 +0200] "GET /images/big_prod/3442440299021B.jpg HTTP/1.1" 200 200536 "-" "Mozilla/5.0 (compatible; bingbot/2.0; +http://www.bing.com/bingbot.htm)"
66.249.70.38 - - [14/Jun/2021:18:01:35 +0200] "GET /images/big_prod/8720088299487.jpg HTTP/1.1" 200 158379 "-" "Googlebot-Image/1.0"
157.55.39.122 - - [14/Jun/2021:18:03:03 +0200] "GET /images/mini_prod/5018997619551.jpg HTTP/1.1" 200 5640 "-" "Mozilla/5.0 (compatible; bingbot/2.0; +http://www.bing.com/bingbot.htm)"
157.55.39.128 - - [14/Jun/2021:18:05:03 +0200] "GET /images/DSCN4001.jpg HTTP/1.1" 200 23030 "-" "Mozilla/5.0 (compatible; bingbot/2.0; +http://www.bing.com/bingbot.htm)"
216.244.66.242 - - [14/Jun/2021:18:10:09 +0200] "GET /robots.txt HTTP/1.1" 200 2438 "-" "Mozilla/5.0 (compatible; DotBot/1.2; +https://opensiteexplorer.org/dotbot; help@moz.com)"
185.191.171.44 - - [14/Jun/2021:18:11:42 +0200] "GET /robots.txt HTTP/1.1" 200 2438 "-" "Mozilla/5.0 (compatible; SemrushBot/7~bl; +http://www.semrush.com/bot.html)"
147.92.153.5 - - [14/Jun/2021:18:13:04 +0200] "GET /images/big_prod/8422010439281.jpg HTTP/1.1" 200 159360 "-" "Mozilla/5.0 (compatible; Linespider/1.1; +https://lin.ee/4dwXkTH)"
