213.180.203.24 - - [14/Jun/2021:03:43:01 +0200] "GET /images/mini_prod/5404006043453a.jpg HTTP/1.1" 200 3134 "-" "Mozilla/5.0 (compatible; YandexImages/3.0; +http://yandex.com/bots)"
66.249.70.42 - - [14/Jun/2021:03:47:30 +0200] "GET /images/mini_prod/051108_221858_PEEL_8hfG3m.gif HTTP/1.1" 200 9163 "-" "Googlebot-Image/1.0"
157.55.39.122 - - [14/Jun/2021:03:47:32 +0200] "GET /images/med_prod/1384010176344.jpg HTTP/1.1" 200 55315 "-" "Mozilla/5.0 (compatible; bingbot/2.0; +http://www.bing.com/bingbot.htm)"
40.77.167.90 - - [14/Jun/2021:03:51:59 +0200] "GET /images/big_prod/8718317678899.jpg HTTP/1.1" 200 170338 "-" "Mozilla/5.0 (compatible; bingbot/2.0; +http://www.bing.com/bingbot.htm)"
5.9.141.8 - - [14/Jun/2021:03:53:57 +0200] "GET /robots.txt HTTP/1.1" 200 2438 "-" "Mozilla/5.0 (compatible; MJ12bot/v1.4.8; http://mj12bot.com/)"
157.55.39.122 - - [14/Jun/2021:03:54:23 +0200] "GET /images/8009233806351.jpg HTTP/1.1" 200 45654 "-" "Mozilla/5.0 (compatible; bingbot/2.0; +http://www.bing.com/bingbot.htm)"
207.46.13.38 - - [14/Jun/2021:03:57:36 +0200] "GET /images/mini_prod/8428551001482.jpg HTTP/1.1" 200 7692 "-" "Mozilla/5.0 (compatible; bingbot/2.0; +http://www.bing.com/bingbot.htm)"
216.244.66.242 - - [14/Jun/2021:03:58:47 +0200] "GET /robots.txt HTTP/1.1" 200 2438 "-" "Mozilla/5.0 (compatible; DotBot/1.2; +https://opensiteexplorer.org/dotbot; help@moz.com)"
103.131.71.150 - - [14/Jun/2021:04:02:28 +0200] "GET /robots.txt HTTP/1.1" 200 2438 "-" "Mozilla/5.0 (compatible; coccocbot-web/1.0; +http://help.coccoc.com/searchengine)"
103.131.71.148 - - [14/Jun/2021:04:02:30 +0200] "GET /robots.txt HTTP/1.1" 200 2438 "-" "Mozilla/5.0 (compatible; coccocbot-web/1.0; +http://help.coccoc.com/searchengine)"
5.255.231.71 - - [14/Jun/2021:04:04:33 +0200] "GET /images/mini_prod/8424346234905.jpg HTTP/1.1" 200 9221 "-" "Mozilla/5.0 (compatible; YandexImages/3.0; +http://yandex.com/bots)"
66.249.70.42 - - [14/Jun/2021:04:05:37 +0200] "GET /images/big_prod/3660173169286.jpg HTTP/1.1" 200 59024 "-" "Googlebot-Image/1.0"
66.249.88.78 - - [14/Jun/2021:04:08:06 +0200] "GET /images/big_prod/4029811400034.jpg HTTP/1.1" 200 115992 "-" "Mozilla/5.0 (Windows NT 5.1; rv:11.0) Gecko Firefox/11.0 (via ggpht.com GoogleImageProxy)"
47.36.243.170 - - [14/Jun/2021:04:08:15 +0200] "GET /highslide/highslide.js HTTP/1.1" 200 42909 "http://www.wonder-geek.com/black-p-45694.html" "Mozilla/5.0 (Windows NT 10.0; Win64; x64) AppleWebKit/537.36 (KHTML, like Gecko) Chrome/91.0.4472.77 Safari/537.36"
47.36.243.170 - - [14/Jun/2021:04:08:15 +0200] "GET /templates/Pixame_v1/stylesheet.css HTTP/1.1" 200 56057 "http://www.wonder-geek.com/black-p-45694.html" "Mozilla/5.0 (Windows NT 10.0; Win64; x64) AppleWebKit/537.36 (KHTML, like Gecko) Chrome/91.0.4472.77 Safari/537.36"
47.36.243.170 - - [14/Jun/2021:04:08:15 +0200] "GET /js/jquery.jqzoom.js HTTP/1.1" 200 4761 "http://www.wonder-geek.com/black-p-45694.html" "Mozilla/5.0 (Windows NT 10.0; Win64; x64) AppleWebKit/537.36 (KHTML, like Gecko) Chrome/91.0.4472.77 Safari/537.36"
47.36.243.170 - - [14/Jun/2021:04:08:15 +0200] "GET /js/jquery.js HTTP/1.1" 200 54075 "http://www.wonder-geek.com/black-p-45694.html" "Mozilla/5.0 (Windows NT 10.0; Win64; x64) AppleWebKit/537.36 (KHTML, like Gecko) Chrome/91.0.4472.77 Safari/537.36"
47.36.243.170 - - [14/Jun/2021:04:08:15 +0200] "GET /mondial_relay/js/jquery-1.3.2.min.js HTTP/1.1" 200 57254 "http://www.wonder-geek.com/black-p-45694.html" "Mozilla/5.0 (Windows NT 10.0; Win64; x64) AppleWebKit/537.36 (KHTML, like Gecko) Chrome/91.0.4472.77 Safari/537.36"
47.36.243.170 - - [14/Jun/2021:04:08:16 +0200] "GET /templates/Pixame_v1/images/icon_accueil2.png HTTP/1.1" 200 1137 "http://www.wonder-geek.com/black-p-45694.html" "Mozilla/5.0 (Windows NT 10.0; Win64; x64) AppleWebKit/537.36 (KHTML, like Gecko) Chrome/91.0.4472.77 Safari/537.36"
47.36.243.170 - - [14/Jun/2021:04:08:16 +0200] "GET /templates/Pixame_v1/images/buttons/english/button_in_cart.gif HTTP/1.1" 200 1212 "http://www.wonder-geek.com/black-p-45694.html" "Mozilla/5.0 (Windows NT 10.0; Win64; x64) AppleWebKit/537.36 (KHTML, like Gecko) Chrome/91.0.4472.77 Safari/537.36"
47.36.243.170 - - [14/Jun/2021:04:08:17 +0200] "GET /templates/Pixame_v1/images/nav.png HTTP/1.1" 200 1283 "http://www.wonder-geek.com/templates/Pixame_v1/stylesheet.css" "Mozilla/5.0 (Windows NT 10.0; Win64; x64) AppleWebKit/537.36 (KHTML, like Gecko) Chrome/91.0.4472.77 Safari/537.36"
47.36.243.170 - - [14/Jun/2021:04:08:17 +0200] "GET /templates/Pixame_v1/images/Bottom_texture.jpg HTTP/1.1" 200 56290 "http://www.wonder-geek.com/templates/Pixame_v1/stylesheet.css" "Mozilla/5.0 (Windows NT 10.0; Win64; x64) AppleWebKit/537.36 (KHTML, like Gecko) Chrome/91.0.4472.77 Safari/537.36"
47.36.243.170 - - [14/Jun/2021:04:08:17 +0200] "GET /templates/Pixame_v1/images/header.png HTTP/1.1" 200 70245 "http://www.wonder-geek.com/templates/Pixame_v1/stylesheet.css" "Mozilla/5.0 (Windows NT 10.0; Win64; x64) AppleWebKit/537.36 (KHTML, like Gecko) Chrome/91.0.4472.77 Safari/537.36"
47.36.243.170 - - [14/Jun/2021:04:08:17 +0200] "GET /design/productsenstock.png HTTP/1.1" 200 4743 "http://www.wonder-geek.com/templates/Pixame_v1/stylesheet.css" "Mozilla/5.0 (Windows NT 10.0; Win64; x64) AppleWebKit/537.36 (KHTML, like Gecko) Chrome/91.0.4472.77 Safari/537.36"
47.36.243.170 - - [14/Jun/2021:04:08:17 +0200] "GET /images/big_prod/4029811400034.jpg HTTP/1.1" 200 115992 "http://www.wonder-geek.com/black-p-45694.html" "Mozilla/5.0 (Windows NT 10.0; Win64; x64) AppleWebKit/537.36 (KHTML, like Gecko) Chrome/91.0.4472.77 Safari/537.36"
47.36.243.170 - - [14/Jun/2021:04:08:17 +0200] "GET /templates/Pixame_v1/images/header-object.png HTTP/1.1" 200 106050 "http://www.wonder-geek.com/templates/Pixame_v1/stylesheet.css" "Mozilla/5.0 (Windows NT 10.0; Win64; x64) AppleWebKit/537.36 (KHTML, like Gecko) Chrome/91.0.4472.77 Safari/537.36"
47.36.243.170 - - [14/Jun/2021:04:08:18 +0200] "GET /templates/Pixame_v1/images/Middle_texture.jpg HTTP/1.1" 200 249620 "http://www.wonder-geek.com/templates/Pixame_v1/stylesheet.css" "Mozilla/5.0 (Windows NT 10.0; Win64; x64) AppleWebKit/537.36 (KHTML, like Gecko) Chrome/91.0.4472.77 Safari/537.36"
47.36.243.170 - - [14/Jun/2021:04:08:18 +0200] "GET /highslide/graphics/outlines/drop-shadow.png HTTP/1.1" 200 2022 "http://www.wonder-geek.com/black-p-45694.html" "Mozilla/5.0 (Windows NT 10.0; Win64; x64) AppleWebKit/537.36 (KHTML, like Gecko) Chrome/91.0.4472.77 Safari/537.36"
47.36.243.170 - - [14/Jun/2021:04:08:18 +0200] "GET /favicon.ico HTTP/1.1" 200 1591 "http://www.wonder-geek.com/black-p-45694.html" "Mozilla/5.0 (Windows NT 10.0; Win64; x64) AppleWebKit/537.36 (KHTML, like Gecko) Chrome/91.0.4472.77 Safari/537.36"
40.77.167.90 - - [14/Jun/2021:04:08:30 +0200] "GET /images/big_prod/3014627557363.jpg HTTP/1.1" 200 86197 "-" "Mozilla/5.0 (compatible; bingbot/2.0; +http://www.bing.com/bingbot.htm)"
5.255.231.71 - - [14/Jun/2021:04:09:46 +0200] "GET /images/mini_prod/8712159169782.jpg HTTP/1.1" 200 5936 "-" "Mozilla/5.0 (compatible; YandexImages/3.0; +http://yandex.com/bots)"
5.255.231.71 - - [14/Jun/2021:04:10:10 +0200] "GET /images/mini_prod/8433933101742.jpg HTTP/1.1" 200 3125 "-" "Mozilla/5.0 (compatible; YandexImages/3.0; +http://yandex.com/bots)"
66.249.70.40 - - [14/Jun/2021:04:10:26 +0200] "GET /mondial_relay/js/jquery-1.3.2.min.js HTTP/1.1" 200 57254 "http://www.wonder-geek.com/scented-votive-chakra-candles-p-55100.html" "Mozilla/5.0 (Linux; Android 6.0.1; Nexus 5X Build/MMB29P) AppleWebKit/537.36 (KHTML, like Gecko) Chrome/91.0.4472.90 Mobile Safari/537.36 (compatible; Googlebot/2.1; +http://www.google.com/bot.html)"
157.55.39.128 - - [14/Jun/2021:04:11:38 +0200] "GET /images/1399984234754.jpg HTTP/1.1" 200 85095 "-" "Mozilla/5.0 (compatible; bingbot/2.0; +http://www.bing.com/bingbot.htm)"
94.181.75.218 - - [14/Jun/2021:04:12:17 +0200] "GET /images/3700235441681.jpg HTTP/1.1" 200 25681 "http://quoizeltableslamps.blogspot.com/2012/10/nostalgia-metal-shade-table-lamp.html" "Mozilla/5.0 (Windows NT 5.1; rv:52.0) Gecko/20100101 Firefox/52.0"
207.46.13.38 - - [14/Jun/2021:04:12:49 +0200] "GET /images/big_prod/1384010184516.jpg HTTP/1.1" 200 74384 "-" "Mozilla/5.0 (compatible; bingbot/2.0; +http://www.bing.com/bingbot.htm)"
157.55.39.122 - - [14/Jun/2021:04:12:55 +0200] "GET /images/3298060226240.jpg HTTP/1.1" 200 95795 "-" "Mozilla/5.0 (compatible; bingbot/2.0; +http://www.bing.com/bingbot.htm)"
40.77.167.57 - - [14/Jun/2021:04:12:59 +0200] "GET /images/med_prod/9316188016254.jpg HTTP/1.1" 200 108715 "-" "Mozilla/5.0 (compatible; bingbot/2.0; +http://www.bing.com/bingbot.htm)"
40.77.167.90 - - [14/Jun/2021:04:14:27 +0200] "GET /images/big_prod/5018997627945.jpg HTTP/1.1" 200 116206 "-" "Mozilla/5.0 (compatible; bingbot/2.0; +http://www.bing.com/bingbot.htm)"
157.55.39.152 - - [14/Jun/2021:04:14:50 +0200] "GET /images/big_prod/3700230605545.jpg HTTP/1.1" 200 163933 "-" "Mozilla/5.0 (compatible; bingbot/2.0; +http://www.bing.com/bingbot.htm)"
157.55.39.44 - - [14/Jun/2021:04:15:13 +0200] "GET /images/big_prod/3503420005510.jpg HTTP/1.1" 200 106387 "-" "Mozilla/5.0 (compatible; bingbot/2.0; +http://www.bing.com/bingbot.htm)"
40.77.167.90 - - [14/Jun/2021:04:18:05 +0200] "GET /images/big_prod/1345544761390.jpg HTTP/1.1" 200 76674 "-" "Mozilla/5.0 (compatible; bingbot/2.0; +http://www.bing.com/bingbot.htm)"
5.255.231.71 - - [14/Jun/2021:04:19:05 +0200] "GET /images/big_prod/4260082930565.jpg HTTP/1.1" 304 0 "-" "Mozilla/5.0 (compatible; YandexImages/3.0; +http://yandex.com/bots)"
147.92.153.17 - - [14/Jun/2021:04:21:03 +0200] "GET /images/big_prod/8422004158020B.jpg HTTP/1.1" 200 497933 "-" "Mozilla/5.0 (compatible; Linespider/1.1; +https://lin.ee/4dwXkTH)"
40.77.167.70 - - [14/Jun/2021:04:21:13 +0200] "GET /images/3609810021037.jpg HTTP/1.1" 200 77858 "-" "Mozilla/5.0 (compatible; bingbot/2.0; +http://www.bing.com/bingbot.htm)"
77.75.78.171 - - [14/Jun/2021:04:26:01 +0200] "GET /robots.txt HTTP/1.1" 200 2438 "-" "Mozilla/5.0 (compatible; SeznamBot/3.2; +http://napoveda.seznam.cz/en/seznambot-intro/)"
185.191.171.22 - - [14/Jun/2021:04:27:45 +0200] "GET /robots.txt HTTP/1.1" 200 2438 "-" "Mozilla/5.0 (compatible; SemrushBot/7~bl; +http://www.semrush.com/bot.html)"
40.77.167.57 - - [14/Jun/2021:04:29:47 +0200] "GET /images/big_prod_2/8424346225033C.jpg HTTP/1.1" 200 69408 "-" "Mozilla/5.0 (compatible; bingbot/2.0; +http://www.bing.com/bingbot.htm)"
157.55.39.81 - - [14/Jun/2021:04:32:09 +0200] "GET /images/big_prod/1384010184257.jpg HTTP/1.1" 200 94786 "-" "Mozilla/5.0 (compatible; bingbot/2.0; +http://www.bing.com/bingbot.htm)"
207.46.13.38 - - [14/Jun/2021:04:32:21 +0200] "GET /images/mini_prod/1348422000253.jpg HTTP/1.1" 200 8169 "-" "Mozilla/5.0 (compatible; bingbot/2.0; +http://www.bing.com/bingbot.htm)"
66.249.70.40 - - [14/Jun/2021:04:35:37 +0200] "GET /images/big_prod/3014627985463.jpg HTTP/1.1" 200 218108 "-" "Googlebot-Image/1.0"
66.249.70.38 - - [14/Jun/2021:04:36:47 +0200] "GET /images/mini_prod/8433933208793.jpg HTTP/1.1" 200 11502 "-" "Googlebot-Image/1.0"
5.255.231.71 - - [14/Jun/2021:04:38:56 +0200] "GET /images/mini_prod/8718375755532.jpg HTTP/1.1" 200 3932 "-" "Mozilla/5.0 (compatible; YandexImages/3.0; +http://yandex.com/bots)"
157.55.39.152 - - [14/Jun/2021:04:40:22 +0200] "GET /images/med_prod/1341689132521.jpg HTTP/1.1" 200 160099 "-" "Mozilla/5.0 (compatible; bingbot/2.0; +http://www.bing.com/bingbot.htm)"
5.255.231.71 - - [14/Jun/2021:04:47:48 +0200] "GET /images/mini_prod/5055321748518.jpg HTTP/1.1" 200 6497 "-" "Mozilla/5.0 (compatible; YandexImages/3.0; +http://yandex.com/bots)"
40.77.167.106 - - [14/Jun/2021:04:47:55 +0200] "GET /images/5018997405611.jpg HTTP/1.1" 200 105777 "-" "Mozilla/5.0 (compatible; bingbot/2.0; +http://www.bing.com/bingbot.htm)"
216.244.66.242 - - [14/Jun/2021:04:49:19 +0200] "GET /robots.txt HTTP/1.1" 200 2438 "-" "Mozilla/5.0 (compatible; DotBot/1.2; +https://opensiteexplorer.org/dotbot; help@moz.com)"
40.77.167.57 - - [14/Jun/2021:04:51:18 +0200] "GET /js/jquery.js HTTP/1.1" 200 54075 "-" "Mozilla/5.0 (compatible; bingbot/2.0; +http://www.bing.com/bingbot.htm)"
40.77.167.57 - - [14/Jun/2021:04:51:18 +0200] "GET /js/jquery.js HTTP/1.1" 200 54075 "-" "Mozilla/5.0 (compatible; bingbot/2.0; +http://www.bing.com/bingbot.htm)"
66.249.70.42 - - [14/Jun/2021:04:53:01 +0200] "GET /images/big_prod/3442440268560.jpg HTTP/1.1" 200 41201 "-" "Googlebot-Image/1.0"
157.55.39.152 - - [14/Jun/2021:04:56:24 +0200] "GET /images/big_prod/teonovabeige.jpg HTTP/1.1" 200 74081 "-" "Mozilla/5.0 (compatible; bingbot/2.0; +http://www.bing.com/bingbot.htm)"
5.255.231.71 - - [14/Jun/2021:04:56:49 +0200] "GET /images/mini_prod/3453131156301.jpg HTTP/1.1" 200 7513 "-" "Mozilla/5.0 (compatible; YandexImages/3.0; +http://yandex.com/bots)"
5.255.231.71 - - [14/Jun/2021:04:58:29 +0200] "GET /images/mini_prod/8422018239517a.jpg HTTP/1.1" 200 4180 "-" "Mozilla/5.0 (compatible; YandexImages/3.0; +http://yandex.com/bots)"
157.55.39.122 - - [14/Jun/2021:04:59:19 +0200] "GET /images/PM01W.jpg HTTP/1.1" 200 49120 "-" "Mozilla/5.0 (compatible; bingbot/2.0; +http://www.bing.com/bingbot.htm)"
5.255.231.71 - - [14/Jun/2021:04:59:42 +0200] "GET /images/mini_prod/3665284220598.jpg HTTP/1.1" 200 6633 "-" "Mozilla/5.0 (compatible; YandexImages/3.0; +http://yandex.com/bots)"
185.191.171.9 - - [14/Jun/2021:05:00:31 +0200] "GET /robots.txt HTTP/1.1" 200 2438 "-" "Mozilla/5.0 (compatible; SemrushBot/7~bl; +http://www.semrush.com/bot.html)"
216.244.66.242 - - [14/Jun/2021:05:01:07 +0200] "GET /images/mini_prod/1345544823432.jpg HTTP/1.1" 200 11634 "-" "Mozilla/5.0 (compatible; DotBot/1.2; +https://opensiteexplorer.org/dotbot; help@moz.com)"
207.46.13.48 - - [14/Jun/2021:05:04:25 +0200] "GET /robots.txt HTTP/1.1" 200 2438 "-" "Mozilla/5.0 (compatible; bingbot/2.0; +http://www.bing.com/bingbot.htm)"
5.255.231.71 - - [14/Jun/2021:05:07:39 +0200] "GET /images/mini_prod/5055321765843.jpg HTTP/1.1" 200 4588 "-" "Mozilla/5.0 (compatible; YandexImages/3.0; +http://yandex.com/bots)"
207.46.13.38 - - [14/Jun/2021:05:14:04 +0200] "GET /images/mini_prod/8499132041661.jpg HTTP/1.1" 200 9761 "-" "Mozilla/5.0 (compatible; bingbot/2.0; +http://www.bing.com/bingbot.htm)"
40.77.167.57 - - [14/Jun/2021:05:18:02 +0200] "GET /images/big_prod/1328399219629.jpg HTTP/1.1" 200 73840 "-" "Mozilla/5.0 (compatible; bingbot/2.0; +http://www.bing.com/bingbot.htm)"
40.77.167.57 - - [14/Jun/2021:05:18:02 +0200] "GET /images/big_prod_1/1328399219629a.jpg HTTP/1.1" 200 59553 "-" "Mozilla/5.0 (compatible; bingbot/2.0; +http://www.bing.com/bingbot.htm)"
157.55.39.44 - - [14/Jun/2021:05:18:09 +0200] "GET /images/big_prod_3/1328399219629c.jpg HTTP/1.1" 200 56975 "-" "Mozilla/5.0 (compatible; bingbot/2.0; +http://www.bing.com/bingbot.htm)"
40.77.167.57 - - [14/Jun/2021:05:18:12 +0200] "GET /images/big_prod/5018997627778.jpg HTTP/1.1" 200 130077 "-" "Mozilla/5.0 (compatible; bingbot/2.0; +http://www.bing.com/bingbot.htm)"
157.55.39.122 - - [14/Jun/2021:05:18:14 +0200] "GET /images/big_prod_2/b5018997627778.jpg HTTP/1.1" 200 67930 "-" "Mozilla/5.0 (compatible; bingbot/2.0; +http://www.bing.com/bingbot.htm)"
40.77.167.70 - - [14/Jun/2021:05:18:15 +0200] "GET /images/big_prod_1/a5018997627778.jpg HTTP/1.1" 200 136458 "-" "Mozilla/5.0 (compatible; bingbot/2.0; +http://www.bing.com/bingbot.htm)"
157.55.39.128 - - [14/Jun/2021:05:18:18 +0200] "GET /images/big_prod_2/1328399219629b.jpg HTTP/1.1" 200 54033 "-" "Mozilla/5.0 (compatible; bingbot/2.0; +http://www.bing.com/bingbot.htm)"
157.55.39.128 - - [14/Jun/2021:05:19:04 +0200] "GET /images/mini_prod/3503420093814.jpg HTTP/1.1" 200 5517 "-" "Mozilla/5.0 (compatible; bingbot/2.0; +http://www.bing.com/bingbot.htm)"
5.255.231.71 - - [14/Jun/2021:05:24:43 +0200] "GET /robots.txt HTTP/1.1" 200 2438 "-" "Mozilla/5.0 (compatible; YandexBot/3.0; +http://yandex.com/bots)"
5.255.231.71 - - [14/Jun/2021:05:24:47 +0200] "GET /images/mini_prod/842201823982.jpg HTTP/1.1" 200 3363 "-" "Mozilla/5.0 (compatible; YandexImages/3.0; +http://yandex.com/bots)"
5.255.231.71 - - [14/Jun/2021:05:25:57 +0200] "GET /images/mini_prod/5051276416724.jpg HTTP/1.1" 200 2515 "-" "Mozilla/5.0 (compatible; YandexImages/3.0; +http://yandex.com/bots)"
157.55.39.128 - - [14/Jun/2021:05:26:21 +0200] "GET /images/mini_prod/0039897677330ehh.jpg HTTP/1.1" 200 5480 "-" "Mozilla/5.0 (compatible; bingbot/2.0; +http://www.bing.com/bingbot.htm)"
66.249.70.38 - - [14/Jun/2021:05:26:55 +0200] "GET /images/1399984260289.jpg HTTP/1.1" 200 56097 "-" "Googlebot-Image/1.0"
185.191.171.26 - - [14/Jun/2021:05:28:45 +0200] "GET /robots.txt HTTP/1.1" 200 2438 "-" "Mozilla/5.0 (compatible; SemrushBot/7~bl; +http://www.semrush.com/bot.html)"
66.249.70.40 - - [14/Jun/2021:05:28:45 +0200] "GET /images/big_prod/8422001872301.jpg HTTP/1.1" 200 381801 "-" "Googlebot-Image/1.0"
5.255.231.71 - - [14/Jun/2021:05:29:13 +0200] "GET /images/mini_prod/8422000414823B.jpg HTTP/1.1" 200 8987 "-" "Mozilla/5.0 (compatible; YandexImages/3.0; +http://yandex.com/bots)"
5.255.231.71 - - [14/Jun/2021:05:30:28 +0200] "GET /images/mini_prod/5027148067066.jpg HTTP/1.1" 200 6026 "-" "Mozilla/5.0 (compatible; YandexImages/3.0; +http://yandex.com/bots)"
77.75.78.172 - - [14/Jun/2021:05:30:48 +0200] "GET /robots.txt HTTP/1.1" 200 2438 "-" "Mozilla/5.0 (compatible; SeznamBot/3.2; +http://napoveda.seznam.cz/en/seznambot-intro/)"
77.75.78.172 - - [14/Jun/2021:05:30:48 +0200] "GET /images/big_prod_1/1750287000000B.jpg HTTP/1.1" 200 156527 "-" "Mozilla/5.0 (compatible; SeznamBot/3.2; +http://napoveda.seznam.cz/en/seznambot-intro/)"
207.46.13.38 - - [14/Jun/2021:05:33:17 +0200] "GET /images/6953270925761.jpg HTTP/1.1" 200 48915 "-" "Mozilla/5.0 (compatible; bingbot/2.0; +http://www.bing.com/bingbot.htm)"
173.208.130.202 - - [14/Jun/2021:05:34:23 +0200] "GET /robots.txt HTTP/1.1" 200 2438 "-" "Mozilla/5.0 (compatible; MJ12bot/v1.4.8; http://mj12bot.com/)"
5.255.231.71 - - [14/Jun/2021:05:34:36 +0200] "GET /images/mini_prod/8433933100325.jpg HTTP/1.1" 200 6843 "-" "Mozilla/5.0 (compatible; YandexImages/3.0; +http://yandex.com/bots)"
66.249.70.42 - - [14/Jun/2021:05:35:37 +0200] "GET /images/big_prod/8433933111888.jpg HTTP/1.1" 200 117989 "-" "Googlebot-Image/1.0"
66.249.70.38 - - [14/Jun/2021:05:35:52 +0200] "GET /images/big_prod/8424346350001.jpg HTTP/1.1" 200 294446 "-" "Googlebot-Image/1.0"
157.55.39.152 - - [14/Jun/2021:05:38:58 +0200] "GET /js/jquery.jqzoom.js HTTP/1.1" 200 4761 "-" "Mozilla/5.0 (compatible; bingbot/2.0; +http://www.bing.com/bingbot.htm)"
157.55.39.128 - - [14/Jun/2021:05:39:05 +0200] "GET /images/8006281601136.jpg HTTP/1.1" 200 43827 "-" "Mozilla/5.0 (compatible; bingbot/2.0; +http://www.bing.com/bingbot.htm)"
216.244.66.242 - - [14/Jun/2021:05:41:11 +0200] "GET /robots.txt HTTP/1.1" 200 2438 "-" "Mozilla/5.0 (compatible; DotBot/1.2; +https://opensiteexplorer.org/dotbot; help@moz.com)"
207.46.13.38 - - [14/Jun/2021:05:43:28 +0200] "GET /images/big_prod_2/3700230606245b.jpg HTTP/1.1" 200 117943 "-" "Mozilla/5.0 (compatible; bingbot/2.0; +http://www.bing.com/bingbot.htm)"
40.77.167.106 - - [14/Jun/2021:05:46:00 +0200] "GET /images/med_prod/3457010954057.jpg HTTP/1.1" 200 124679 "-" "Mozilla/5.0 (compatible; bingbot/2.0; +http://www.bing.com/bingbot.htm)"
147.92.153.10 - - [14/Jun/2021:05:46:22 +0200] "GET /images/big_prod/5051276416830.jpg HTTP/1.1" 200 67143 "-" "Mozilla/5.0 (compatible; Linespider/1.1; +https://lin.ee/4dwXkTH)"
157.55.39.44 - - [14/Jun/2021:05:47:52 +0200] "GET /images/mini_prod/8718969065900.jpg HTTP/1.1" 200 6670 "-" "Mozilla/5.0 (compatible; bingbot/2.0; +http://www.bing.com/bingbot.htm)"
40.77.167.57 - - [14/Jun/2021:05:48:24 +0200] "GET /js/jquery.js HTTP/1.1" 200 54075 "-" "Mozilla/5.0 (compatible; bingbot/2.0; +http://www.bing.com/bingbot.htm)"
40.77.167.57 - - [14/Jun/2021:05:48:25 +0200] "GET /js/jquery.js HTTP/1.1" 200 54075 "-" "Mozilla/5.0 (compatible; bingbot/2.0; +http://www.bing.com/bingbot.htm)"
207.46.13.38 - - [14/Jun/2021:05:55:28 +0200] "GET /images/big_prod/3442440269673.jpg HTTP/1.1" 200 151094 "-" "Mozilla/5.0 (compatible; bingbot/2.0; +http://www.bing.com/bingbot.htm)"
40.77.167.70 - - [14/Jun/2021:05:59:00 +0200] "GET /images/DSCN0705BIS2.jpg HTTP/1.1" 200 16911 "-" "Mozilla/5.0 (compatible; bingbot/2.0; +http://www.bing.com/bingbot.htm)"
207.46.13.38 - - [14/Jun/2021:06:02:19 +0200] "GET /images/big_prod/3665269006858.jpg HTTP/1.1" 200 53285 "-" "Mozilla/5.0 (compatible; bingbot/2.0; +http://www.bing.com/bingbot.htm)"
54.236.1.13 - - [14/Jun/2021:06:04:52 +0200] "GET /robots.txt HTTP/1.1" 200 2438 "-" "Mozilla/5.0 (compatible; Pinterestbot/1.0; +http://www.pinterest.com/bot.html)"
66.249.70.38 - - [14/Jun/2021:06:05:57 +0200] "GET /images/big_prod/3574642012716.jpg HTTP/1.1" 200 53629 "-" "Googlebot-Image/1.0"
157.55.39.152 - - [14/Jun/2021:06:10:22 +0200] "GET /images/big_prod/8420002225799.jpg HTTP/1.1" 200 75850 "-" "Mozilla/5.0 (compatible; bingbot/2.0; +http://www.bing.com/bingbot.htm)"
52.250.124.251 - - [14/Jun/2021:06:13:28 +0200] "GET /images/med_prod/1384010176504.jpg HTTP/1.1" 200 57426 "-" "Python-urllib/3.6"
40.77.167.57 - - [14/Jun/2021:06:14:07 +0200] "GET /js/jquery.js HTTP/1.1" 200 54075 "-" "Mozilla/5.0 (compatible; bingbot/2.0; +http://www.bing.com/bingbot.htm)"
66.249.70.40 - - [14/Jun/2021:06:16:37 +0200] "GET /images/mini_prod/8422018239517.jpg HTTP/1.1" 200 4136 "-" "Googlebot-Image/1.0"
5.255.231.71 - - [14/Jun/2021:06:16:40 +0200] "GET /images/mini_prod/5027166920015.jpg HTTP/1.1" 200 4640 "-" "Mozilla/5.0 (compatible; YandexImages/3.0; +http://yandex.com/bots)"
5.255.231.71 - - [14/Jun/2021:06:22:07 +0200] "GET /images/mini_prod/5055321753031.jpg HTTP/1.1" 200 3941 "-" "Mozilla/5.0 (compatible; YandexImages/3.0; +http://yandex.com/bots)"
40.77.167.57 - - [14/Jun/2021:06:24:09 +0200] "GET /images/big_prod_1/3664944072218a.jpg HTTP/1.1" 200 146154 "-" "Mozilla/5.0 (compatible; bingbot/2.0; +http://www.bing.com/bingbot.htm)"
203.109.147.159 - - [14/Jun/2021:06:26:24 +0200] "GET /js/jquery.jqzoom.js HTTP/1.1" 200 4761 "http://www.wonder-geek.com/" "Mozilla/5.0 (Windows NT 10.0; Win64; x64) AppleWebKit/537.36 (KHTML, like Gecko) Chrome/91.0.4472.77 Safari/537.36"
203.109.147.159 - - [14/Jun/2021:06:26:24 +0200] "GET /templates/Pixame_v1/stylesheet.css HTTP/1.1" 200 56057 "http://www.wonder-geek.com/" "Mozilla/5.0 (Windows NT 10.0; Win64; x64) AppleWebKit/537.36 (KHTML, like Gecko) Chrome/91.0.4472.77 Safari/537.36"
203.109.147.159 - - [14/Jun/2021:06:26:24 +0200] "GET /highslide/highslide.js HTTP/1.1" 200 42909 "http://www.wonder-geek.com/" "Mozilla/5.0 (Windows NT 10.0; Win64; x64) AppleWebKit/537.36 (KHTML, like Gecko) Chrome/91.0.4472.77 Safari/537.36"
203.109.147.159 - - [14/Jun/2021:06:26:24 +0200] "GET /templates/Pixame_v1/images/icon_accueil2.png HTTP/1.1" 200 1137 "http://www.wonder-geek.com/" "Mozilla/5.0 (Windows NT 10.0; Win64; x64) AppleWebKit/537.36 (KHTML, like Gecko) Chrome/91.0.4472.77 Safari/537.36"
203.109.147.159 - - [14/Jun/2021:06:26:25 +0200] "GET /js/jquery.js HTTP/1.1" 200 54075 "http://www.wonder-geek.com/" "Mozilla/5.0 (Windows NT 10.0; Win64; x64) AppleWebKit/537.36 (KHTML, like Gecko) Chrome/91.0.4472.77 Safari/537.36"
203.109.147.159 - - [14/Jun/2021:06:26:25 +0200] "GET /mondial_relay/js/jquery-1.3.2.min.js HTTP/1.1" 200 57254 "http://www.wonder-geek.com/" "Mozilla/5.0 (Windows NT 10.0; Win64; x64) AppleWebKit/537.36 (KHTML, like Gecko) Chrome/91.0.4472.77 Safari/537.36"
203.109.147.159 - - [14/Jun/2021:06:26:25 +0200] "GET /js/jquery.masonry.min.js HTTP/1.1" 200 5392 "http://www.wonder-geek.com/" "Mozilla/5.0 (Windows NT 10.0; Win64; x64) AppleWebKit/537.36 (KHTML, like Gecko) Chrome/91.0.4472.77 Safari/537.36"
203.109.147.159 - - [14/Jun/2021:06:26:25 +0200] "GET /js/modernizr-transitions.js HTTP/1.1" 200 2026 "http://www.wonder-geek.com/" "Mozilla/5.0 (Windows NT 10.0; Win64; x64) AppleWebKit/537.36 (KHTML, like Gecko) Chrome/91.0.4472.77 Safari/537.36"
203.109.147.159 - - [14/Jun/2021:06:26:25 +0200] "GET /images/mini_prod/3665284220673.jpg HTTP/1.1" 200 4231 "http://www.wonder-geek.com/" "Mozilla/5.0 (Windows NT 10.0; Win64; x64) AppleWebKit/537.36 (KHTML, like Gecko) Chrome/91.0.4472.77 Safari/537.36"
203.109.147.159 - - [14/Jun/2021:06:26:25 +0200] "GET /images/mini_prod/5055321748488.jpg HTTP/1.1" 200 6464 "http://www.wonder-geek.com/" "Mozilla/5.0 (Windows NT 10.0; Win64; x64) AppleWebKit/537.36 (KHTML, like Gecko) Chrome/91.0.4472.77 Safari/537.36"
203.109.147.159 - - [14/Jun/2021:06:26:25 +0200] "GET /images/mini_prod/8424346240258.jpg HTTP/1.1" 200 3673 "http://www.wonder-geek.com/" "Mozilla/5.0 (Windows NT 10.0; Win64; x64) AppleWebKit/537.36 (KHTML, like Gecko) Chrome/91.0.4472.77 Safari/537.36"
203.109.147.159 - - [14/Jun/2021:06:26:26 +0200] "GET /images/mini_prod/8422004158037B.jpg HTTP/1.1" 200 7153 "http://www.wonder-geek.com/" "Mozilla/5.0 (Windows NT 10.0; Win64; x64) AppleWebKit/537.36 (KHTML, like Gecko) Chrome/91.0.4472.77 Safari/537.36"
203.109.147.159 - - [14/Jun/2021:06:26:26 +0200] "GET /images/mini_prod/8422018273603.jpg HTTP/1.1" 200 2404 "http://www.wonder-geek.com/" "Mozilla/5.0 (Windows NT 10.0; Win64; x64) AppleWebKit/537.36 (KHTML, like Gecko) Chrome/91.0.4472.77 Safari/537.36"
203.109.147.159 - - [14/Jun/2021:06:26:26 +0200] "GET /images/mini_prod/8433933241332.jpg HTTP/1.1" 200 3651 "http://www.wonder-geek.com/" "Mozilla/5.0 (Windows NT 10.0; Win64; x64) AppleWebKit/537.36 (KHTML, like Gecko) Chrome/91.0.4472.77 Safari/537.36"
203.109.147.159 - - [14/Jun/2021:06:26:26 +0200] "GET /images/mini_prod/5055321748471.jpg HTTP/1.1" 200 6511 "http://www.wonder-geek.com/" "Mozilla/5.0 (Windows NT 10.0; Win64; x64) AppleWebKit/537.36 (KHTML, like Gecko) Chrome/91.0.4472.77 Safari/537.36"
203.109.147.159 - - [14/Jun/2021:06:26:26 +0200] "GET /images/mini_prod/8433933127841.jpg HTTP/1.1" 200 3895 "http://www.wonder-geek.com/" "Mozilla/5.0 (Windows NT 10.0; Win64; x64) AppleWebKit/537.36 (KHTML, like Gecko) Chrome/91.0.4472.77 Safari/537.36"
203.109.147.159 - - [14/Jun/2021:06:26:26 +0200] "GET /images/mini_prod/8718657461021.jpg HTTP/1.1" 200 4119 "http://www.wonder-geek.com/" "Mozilla/5.0 (Windows NT 10.0; Win64; x64) AppleWebKit/537.36 (KHTML, like Gecko) Chrome/91.0.4472.77 Safari/537.36"
203.109.147.159 - - [14/Jun/2021:06:26:26 +0200] "GET /images/mini_prod/8422018239500.jpg HTTP/1.1" 200 3980 "http://www.wonder-geek.com/" "Mozilla/5.0 (Windows NT 10.0; Win64; x64) AppleWebKit/537.36 (KHTML, like Gecko) Chrome/91.0.4472.77 Safari/537.36"
203.109.147.159 - - [14/Jun/2021:06:26:26 +0200] "GET /images/mini_prod/5055321748464.jpg HTTP/1.1" 200 4879 "http://www.wonder-geek.com/" "Mozilla/5.0 (Windows NT 10.0; Win64; x64) AppleWebKit/537.36 (KHTML, like Gecko) Chrome/91.0.4472.77 Safari/537.36"
203.109.147.159 - - [14/Jun/2021:06:26:26 +0200] "GET /images/mini_prod/3565750258950Z.jpg HTTP/1.1" 200 3184 "http://www.wonder-geek.com/" "Mozilla/5.0 (Windows NT 10.0; Win64; x64) AppleWebKit/537.36 (KHTML, like Gecko) Chrome/91.0.4472.77 Safari/537.36"
203.109.147.159 - - [14/Jun/2021:06:26:26 +0200] "GET /images/mini_prod/3574641017507.jpg HTTP/1.1" 200 5721 "http://www.wonder-geek.com/" "Mozilla/5.0 (Windows NT 10.0; Win64; x64) AppleWebKit/537.36 (KHTML, like Gecko) Chrome/91.0.4472.77 Safari/537.36"
203.109.147.159 - - [14/Jun/2021:06:26:26 +0200] "GET /images/mini_prod/8422004158013B.jpg HTTP/1.1" 200 7692 "http://www.wonder-geek.com/" "Mozilla/5.0 (Windows NT 10.0; Win64; x64) AppleWebKit/537.36 (KHTML, like Gecko) Chrome/91.0.4472.77 Safari/537.36"
203.109.147.159 - - [14/Jun/2021:06:26:26 +0200] "GET /images/mini_prod/5055321748501.jpg HTTP/1.1" 200 6081 "http://www.wonder-geek.com/" "Mozilla/5.0 (Windows NT 10.0; Win64; x64) AppleWebKit/537.36 (KHTML, like Gecko) Chrome/91.0.4472.77 Safari/537.36"
203.109.147.159 - - [14/Jun/2021:06:26:26 +0200] "GET /images/mini_prod/8424346258154.jpg HTTP/1.1" 200 4913 "http://www.wonder-geek.com/" "Mozilla/5.0 (Windows NT 10.0; Win64; x64) AppleWebKit/537.36 (KHTML, like Gecko) Chrome/91.0.4472.77 Safari/537.36"
203.109.147.159 - - [14/Jun/2021:06:26:26 +0200] "GET /images/mini_prod/3520071807171.jpg HTTP/1.1" 200 5452 "http://www.wonder-geek.com/" "Mozilla/5.0 (Windows NT 10.0; Win64; x64) AppleWebKit/537.36 (KHTML, like Gecko) Chrome/91.0.4472.77 Safari/537.36"
203.109.147.159 - - [14/Jun/2021:06:26:26 +0200] "GET /images/mini_prod/3014627923892.jpg HTTP/1.1" 200 5202 "http://www.wonder-geek.com/" "Mozilla/5.0 (Windows NT 10.0; Win64; x64) AppleWebKit/537.36 (KHTML, like Gecko) Chrome/91.0.4472.77 Safari/537.36"
203.109.147.159 - - [14/Jun/2021:06:26:26 +0200] "GET /images/mini_prod/8719172834208.jpg HTTP/1.1" 200 7139 "http://www.wonder-geek.com/" "Mozilla/5.0 (Windows NT 10.0; Win64; x64) AppleWebKit/537.36 (KHTML, like Gecko) Chrome/91.0.4472.77 Safari/537.36"
203.109.147.159 - - [14/Jun/2021:06:26:26 +0200] "GET /images/mini_prod/3520071784632.jpg HTTP/1.1" 200 4290 "http://www.wonder-geek.com/" "Mozilla/5.0 (Windows NT 10.0; Win64; x64) AppleWebKit/537.36 (KHTML, like Gecko) Chrome/91.0.4472.77 Safari/537.36"
203.109.147.159 - - [14/Jun/2021:06:26:26 +0200] "GET /images/mini_prod/5051276416830.jpg HTTP/1.1" 200 4096 "http://www.wonder-geek.com/" "Mozilla/5.0 (Windows NT 10.0; Win64; x64) AppleWebKit/537.36 (KHTML, like Gecko) Chrome/91.0.4472.77 Safari/537.36"
203.109.147.159 - - [14/Jun/2021:06:26:27 +0200] "GET /images/mini_prod/8433933621776.jpg HTTP/1.1" 200 3170 "http://www.wonder-geek.com/" "Mozilla/5.0 (Windows NT 10.0; Win64; x64) AppleWebKit/537.36 (KHTML, like Gecko) Chrome/91.0.4472.77 Safari/537.36"
203.109.147.159 - - [14/Jun/2021:06:26:27 +0200] "GET /images/mini_prod/5415203108920.jpg HTTP/1.1" 200 7368 "http://www.wonder-geek.com/" "Mozilla/5.0 (Windows NT 10.0; Win64; x64) AppleWebKit/537.36 (KHTML, like Gecko) Chrome/91.0.4472.77 Safari/537.36"
203.109.147.159 - - [14/Jun/2021:06:26:27 +0200] "GET /images/mini_prod/8712159169997.jpg HTTP/1.1" 200 4763 "http://www.wonder-geek.com/" "Mozilla/5.0 (Windows NT 10.0; Win64; x64) AppleWebKit/537.36 (KHTML, like Gecko) Chrome/91.0.4472.77 Safari/537.36"
203.109.147.159 - - [14/Jun/2021:06:26:27 +0200] "GET /images/mini_prod/8433933202883.jpg HTTP/1.1" 200 4316 "http://www.wonder-geek.com/" "Mozilla/5.0 (Windows NT 10.0; Win64; x64) AppleWebKit/537.36 (KHTML, like Gecko) Chrome/91.0.4472.77 Safari/537.36"
203.109.147.159 - - [14/Jun/2021:06:26:27 +0200] "GET /images/mini_prod/8424346363773.jpg HTTP/1.1" 200 8877 "http://www.wonder-geek.com/" "Mozilla/5.0 (Windows NT 10.0; Win64; x64) AppleWebKit/537.36 (KHTML, like Gecko) Chrome/91.0.4472.77 Safari/537.36"
203.109.147.159 - - [14/Jun/2021:06:26:27 +0200] "GET /images/mini_prod/5404006046072.jpg HTTP/1.1" 200 4708 "http://www.wonder-geek.com/" "Mozilla/5.0 (Windows NT 10.0; Win64; x64) AppleWebKit/537.36 (KHTML, like Gecko) Chrome/91.0.4472.77 Safari/537.36"
203.109.147.159 - - [14/Jun/2021:06:26:27 +0200] "GET /images/mini_prod/5404006042531Z.jpg HTTP/1.1" 200 5691 "http://www.wonder-geek.com/" "Mozilla/5.0 (Windows NT 10.0; Win64; x64) AppleWebKit/537.36 (KHTML, like Gecko) Chrome/91.0.4472.77 Safari/537.36"
203.109.147.159 - - [14/Jun/2021:06:26:27 +0200] "GET /images/mini_prod/8903833909217.jpg HTTP/1.1" 200 6192 "http://www.wonder-geek.com/" "Mozilla/5.0 (Windows NT 10.0; Win64; x64) AppleWebKit/537.36 (KHTML, like Gecko) Chrome/91.0.4472.77 Safari/537.36"
203.109.147.159 - - [14/Jun/2021:06:26:27 +0200] "GET /images/mini_prod/8424346367382.jpg HTTP/1.1" 200 3771 "http://www.wonder-geek.com/" "Mozilla/5.0 (Windows NT 10.0; Win64; x64) AppleWebKit/537.36 (KHTML, like Gecko) Chrome/91.0.4472.77 Safari/537.36"
203.109.147.159 - - [14/Jun/2021:06:26:27 +0200] "GET /images/mini_prod/8433833239996.jpg HTTP/1.1" 200 5867 "http://www.wonder-geek.com/" "Mozilla/5.0 (Windows NT 10.0; Win64; x64) AppleWebKit/537.36 (KHTML, like Gecko) Chrome/91.0.4472.77 Safari/537.36"
203.109.147.159 - - [14/Jun/2021:06:26:27 +0200] "GET /images/mini_prod/8445148004237.jpg HTTP/1.1" 200 8360 "http://www.wonder-geek.com/" "Mozilla/5.0 (Windows NT 10.0; Win64; x64) AppleWebKit/537.36 (KHTML, like Gecko) Chrome/91.0.4472.77 Safari/537.36"
203.109.147.159 - - [14/Jun/2021:06:26:27 +0200] "GET /images/mini_prod/3520071807164.jpg HTTP/1.1" 200 3858 "http://www.wonder-geek.com/" "Mozilla/5.0 (Windows NT 10.0; Win64; x64) AppleWebKit/537.36 (KHTML, like Gecko) Chrome/91.0.4472.77 Safari/537.36"
203.109.147.159 - - [14/Jun/2021:06:26:27 +0200] "GET /images/mini_prod/8424346365982Z.jpg HTTP/1.1" 200 3854 "http://www.wonder-geek.com/" "Mozilla/5.0 (Windows NT 10.0; Win64; x64) AppleWebKit/537.36 (KHTML, like Gecko) Chrome/91.0.4472.77 Safari/537.36"
203.109.147.159 - - [14/Jun/2021:06:26:27 +0200] "GET /images/mini_prod/5055321765447.jpg HTTP/1.1" 200 4164 "http://www.wonder-geek.com/" "Mozilla/5.0 (Windows NT 10.0; Win64; x64) AppleWebKit/537.36 (KHTML, like Gecko) Chrome/91.0.4472.77 Safari/537.36"
203.109.147.159 - - [14/Jun/2021:06:26:27 +0200] "GET /images/mini_prod/5404006044580.jpg HTTP/1.1" 200 3472 "http://www.wonder-geek.com/" "Mozilla/5.0 (Windows NT 10.0; Win64; x64) AppleWebKit/537.36 (KHTML, like Gecko) Chrome/91.0.4472.77 Safari/537.36"
203.109.147.159 - - [14/Jun/2021:06:26:27 +0200] "GET /images/mini_prod/8433933226339.jpg HTTP/1.1" 200 6618 "http://www.wonder-geek.com/" "Mozilla/5.0 (Windows NT 10.0; Win64; x64) AppleWebKit/537.36 (KHTML, like Gecko) Chrome/91.0.4472.77 Safari/537.36"
203.109.147.159 - - [14/Jun/2021:06:26:27 +0200] "GET /images/mini_prod/8422000414823B.jpg HTTP/1.1" 200 8987 "http://www.wonder-geek.com/" "Mozilla/5.0 (Windows NT 10.0; Win64; x64) AppleWebKit/537.36 (KHTML, like Gecko) Chrome/91.0.4472.77 Safari/537.36"
203.109.147.159 - - [14/Jun/2021:06:26:27 +0200] "GET /images/mini_prod/5051276416717.jpg HTTP/1.1" 200 2694 "http://www.wonder-geek.com/" "Mozilla/5.0 (Windows NT 10.0; Win64; x64) AppleWebKit/537.36 (KHTML, like Gecko) Chrome/91.0.4472.77 Safari/537.36"
203.109.147.159 - - [14/Jun/2021:06:26:28 +0200] "GET /images/mini_prod/5027166920008.jpg HTTP/1.1" 200 4326 "http://www.wonder-geek.com/" "Mozilla/5.0 (Windows NT 10.0; Win64; x64) AppleWebKit/537.36 (KHTML, like Gecko) Chrome/91.0.4472.77 Safari/537.36"
203.109.147.159 - - [14/Jun/2021:06:26:28 +0200] "GET /images/mini_prod/8422000414816B.jpg HTTP/1.1" 200 8544 "http://www.wonder-geek.com/" "Mozilla/5.0 (Windows NT 10.0; Win64; x64) AppleWebKit/537.36 (KHTML, like Gecko) Chrome/91.0.4472.77 Safari/537.36"
203.109.147.159 - - [14/Jun/2021:06:26:28 +0200] "GET /images/mini_prod/N5055321752836.jpg HTTP/1.1" 200 4377 "http://www.wonder-geek.com/" "Mozilla/5.0 (Windows NT 10.0; Win64; x64) AppleWebKit/537.36 (KHTML, like Gecko) Chrome/91.0.4472.77 Safari/537.36"
203.109.147.159 - - [14/Jun/2021:06:26:28 +0200] "GET /images/mini_prod/5404006041527.jpg HTTP/1.1" 200 5024 "http://www.wonder-geek.com/" "Mozilla/5.0 (Windows NT 10.0; Win64; x64) AppleWebKit/537.36 (KHTML, like Gecko) Chrome/91.0.4472.77 Safari/537.36"
203.109.147.159 - - [14/Jun/2021:06:26:28 +0200] "GET /images/mini_prod/8422018239616.jpg HTTP/1.1" 200 3534 "http://www.wonder-geek.com/" "Mozilla/5.0 (Windows NT 10.0; Win64; x64) AppleWebKit/537.36 (KHTML, like Gecko) Chrome/91.0.4472.77 Safari/537.36"
203.109.147.159 - - [14/Jun/2021:06:26:28 +0200] "GET /images/mini_prod/8433933237212.jpg HTTP/1.1" 200 5663 "http://www.wonder-geek.com/" "Mozilla/5.0 (Windows NT 10.0; Win64; x64) AppleWebKit/537.36 (KHTML, like Gecko) Chrome/91.0.4472.77 Safari/537.36"
203.109.147.159 - - [14/Jun/2021:06:26:28 +0200] "GET /images/mini_prod/8903833909200.jpg HTTP/1.1" 200 6008 "http://www.wonder-geek.com/" "Mozilla/5.0 (Windows NT 10.0; Win64; x64) AppleWebKit/537.36 (KHTML, like Gecko) Chrome/91.0.4472.77 Safari/537.36"
203.109.147.159 - - [14/Jun/2021:06:26:28 +0200] "GET /images/mini_prod/3609810059924.jpg HTTP/1.1" 200 3551 "http://www.wonder-geek.com/" "Mozilla/5.0 (Windows NT 10.0; Win64; x64) AppleWebKit/537.36 (KHTML, like Gecko) Chrome/91.0.4472.77 Safari/537.36"
203.109.147.159 - - [14/Jun/2021:06:26:28 +0200] "GET /images/mini_prod/8718375754832.jpg HTTP/1.1" 200 5408 "http://www.wonder-geek.com/" "Mozilla/5.0 (Windows NT 10.0; Win64; x64) AppleWebKit/537.36 (KHTML, like Gecko) Chrome/91.0.4472.77 Safari/537.36"
203.109.147.159 - - [14/Jun/2021:06:26:28 +0200] "GET /images/mini_prod/5027166920046.jpg HTTP/1.1" 200 6798 "http://www.wonder-geek.com/" "Mozilla/5.0 (Windows NT 10.0; Win64; x64) AppleWebKit/537.36 (KHTML, like Gecko) Chrome/91.0.4472.77 Safari/537.36"
203.109.147.159 - - [14/Jun/2021:06:26:28 +0200] "GET /images/mini_prod/3565750277630.jpg HTTP/1.1" 200 4057 "http://www.wonder-geek.com/" "Mozilla/5.0 (Windows NT 10.0; Win64; x64) AppleWebKit/537.36 (KHTML, like Gecko) Chrome/91.0.4472.77 Safari/537.36"
203.109.147.159 - - [14/Jun/2021:06:26:28 +0200] "GET /images/mini_prod/8433833240220.jpg HTTP/1.1" 200 3986 "http://www.wonder-geek.com/" "Mozilla/5.0 (Windows NT 10.0; Win64; x64) AppleWebKit/537.36 (KHTML, like Gecko) Chrome/91.0.4472.77 Safari/537.36"
203.109.147.159 - - [14/Jun/2021:06:26:28 +0200] "GET /images/mini_prod/5051276416724.jpg HTTP/1.1" 200 2515 "http://www.wonder-geek.com/" "Mozilla/5.0 (Windows NT 10.0; Win64; x64) AppleWebKit/537.36 (KHTML, like Gecko) Chrome/91.0.4472.77 Safari/537.36"
203.109.147.159 - - [14/Jun/2021:06:26:28 +0200] "GET /images/mini_prod/8422054646560.jpg HTTP/1.1" 200 8317 "http://www.wonder-geek.com/" "Mozilla/5.0 (Windows NT 10.0; Win64; x64) AppleWebKit/537.36 (KHTML, like Gecko) Chrome/91.0.4472.77 Safari/537.36"
203.109.147.159 - - [14/Jun/2021:06:26:28 +0200] "GET /images/mini_prod/8424346234905.jpg HTTP/1.1" 200 9221 "http://www.wonder-geek.com/" "Mozilla/5.0 (Windows NT 10.0; Win64; x64) AppleWebKit/537.36 (KHTML, like Gecko) Chrome/91.0.4472.77 Safari/537.36"
203.109.147.159 - - [14/Jun/2021:06:26:28 +0200] "GET /images/mini_prod/3520071807140.jpg HTTP/1.1" 200 5175 "http://www.wonder-geek.com/" "Mozilla/5.0 (Windows NT 10.0; Win64; x64) AppleWebKit/537.36 (KHTML, like Gecko) Chrome/91.0.4472.77 Safari/537.36"
203.109.147.159 - - [14/Jun/2021:06:26:28 +0200] "GET /images/mini_prod/8422000414809B.jpg HTTP/1.1" 200 8302 "http://www.wonder-geek.com/" "Mozilla/5.0 (Windows NT 10.0; Win64; x64) AppleWebKit/537.36 (KHTML, like Gecko) Chrome/91.0.4472.77 Safari/537.36"
203.109.147.159 - - [14/Jun/2021:06:26:28 +0200] "GET /images/mini_prod/3453131155229.jpg HTTP/1.1" 200 8261 "http://www.wonder-geek.com/" "Mozilla/5.0 (Windows NT 10.0; Win64; x64) AppleWebKit/537.36 (KHTML, like Gecko) Chrome/91.0.4472.77 Safari/537.36"
203.109.147.159 - - [14/Jun/2021:06:26:29 +0200] "GET /images/mini_prod/3540945601933.jpg HTTP/1.1" 200 6361 "http://www.wonder-geek.com/" "Mozilla/5.0 (Windows NT 10.0; Win64; x64) AppleWebKit/537.36 (KHTML, like Gecko) Chrome/91.0.4472.77 Safari/537.36"
203.109.147.159 - - [14/Jun/2021:06:26:29 +0200] "GET /images/mini_prod/3665284220611.jpg HTTP/1.1" 200 6925 "http://www.wonder-geek.com/" "Mozilla/5.0 (Windows NT 10.0; Win64; x64) AppleWebKit/537.36 (KHTML, like Gecko) Chrome/91.0.4472.77 Safari/537.36"
203.109.147.159 - - [14/Jun/2021:06:26:29 +0200] "GET /images/mini_prod/3665269117424.jpg HTTP/1.1" 200 6013 "http://www.wonder-geek.com/" "Mozilla/5.0 (Windows NT 10.0; Win64; x64) AppleWebKit/537.36 (KHTML, like Gecko) Chrome/91.0.4472.77 Safari/537.36"
203.109.147.159 - - [14/Jun/2021:06:26:29 +0200] "GET /images/mini_prod/3665269032307B.jpg HTTP/1.1" 200 6146 "http://www.wonder-geek.com/" "Mozilla/5.0 (Windows NT 10.0; Win64; x64) AppleWebKit/537.36 (KHTML, like Gecko) Chrome/91.0.4472.77 Safari/537.36"
203.109.147.159 - - [14/Jun/2021:06:26:29 +0200] "GET /images/mini_prod/8712159166965.jpg HTTP/1.1" 200 7047 "http://www.wonder-geek.com/" "Mozilla/5.0 (Windows NT 10.0; Win64; x64) AppleWebKit/537.36 (KHTML, like Gecko) Chrome/91.0.4472.77 Safari/537.36"
203.109.147.159 - - [14/Jun/2021:06:26:29 +0200] "GET /images/mini_prod/3014627949502.jpg HTTP/1.1" 200 6606 "http://www.wonder-geek.com/" "Mozilla/5.0 (Windows NT 10.0; Win64; x64) AppleWebKit/537.36 (KHTML, like Gecko) Chrome/91.0.4472.77 Safari/537.36"
203.109.147.159 - - [14/Jun/2021:06:26:29 +0200] "GET /images/mini_prod/8422018239609.jpg HTTP/1.1" 200 3417 "http://www.wonder-geek.com/" "Mozilla/5.0 (Windows NT 10.0; Win64; x64) AppleWebKit/537.36 (KHTML, like Gecko) Chrome/91.0.4472.77 Safari/537.36"
203.109.147.159 - - [14/Jun/2021:06:26:29 +0200] "GET /images/mini_prod/5055321765492.jpg HTTP/1.1" 200 3912 "http://www.wonder-geek.com/" "Mozilla/5.0 (Windows NT 10.0; Win64; x64) AppleWebKit/537.36 (KHTML, like Gecko) Chrome/91.0.4472.77 Safari/537.36"
203.109.147.159 - - [14/Jun/2021:06:26:31 +0200] "GET /templates/Pixame_v1/images/Bottom_texture.jpg HTTP/1.1" 200 56290 "http://www.wonder-geek.com/templates/Pixame_v1/stylesheet.css" "Mozilla/5.0 (Windows NT 10.0; Win64; x64) AppleWebKit/537.36 (KHTML, like Gecko) Chrome/91.0.4472.77 Safari/537.36"
203.109.147.159 - - [14/Jun/2021:06:26:31 +0200] "GET /templates/Pixame_v1/images/header.png HTTP/1.1" 200 70245 "http://www.wonder-geek.com/templates/Pixame_v1/stylesheet.css" "Mozilla/5.0 (Windows NT 10.0; Win64; x64) AppleWebKit/537.36 (KHTML, like Gecko) Chrome/91.0.4472.77 Safari/537.36"
203.109.147.159 - - [14/Jun/2021:06:26:31 +0200] "GET /templates/Pixame_v1/images/nav.png HTTP/1.1" 200 1283 "http://www.wonder-geek.com/templates/Pixame_v1/stylesheet.css" "Mozilla/5.0 (Windows NT 10.0; Win64; x64) AppleWebKit/537.36 (KHTML, like Gecko) Chrome/91.0.4472.77 Safari/537.36"
203.109.147.159 - - [14/Jun/2021:06:26:31 +0200] "GET /design/productsenstock.png HTTP/1.1" 200 4743 "http://www.wonder-geek.com/templates/Pixame_v1/stylesheet.css" "Mozilla/5.0 (Windows NT 10.0; Win64; x64) AppleWebKit/537.36 (KHTML, like Gecko) Chrome/91.0.4472.77 Safari/537.36"
203.109.147.159 - - [14/Jun/2021:06:26:31 +0200] "GET /images/mini_prod/5055321765201.jpg HTTP/1.1" 200 4705 "http://www.wonder-geek.com/" "Mozilla/5.0 (Windows NT 10.0; Win64; x64) AppleWebKit/537.36 (KHTML, like Gecko) Chrome/91.0.4472.77 Safari/537.36"
203.109.147.159 - - [14/Jun/2021:06:26:31 +0200] "GET /images/mini_prod/5055321766208Z.jpg HTTP/1.1" 200 4587 "http://www.wonder-geek.com/" "Mozilla/5.0 (Windows NT 10.0; Win64; x64) AppleWebKit/537.36 (KHTML, like Gecko) Chrome/91.0.4472.77 Safari/537.36"
203.109.147.159 - - [14/Jun/2021:06:26:31 +0200] "GET /images/mini_prod/3665284220604.jpg HTTP/1.1" 200 6792 "http://www.wonder-geek.com/" "Mozilla/5.0 (Windows NT 10.0; Win64; x64) AppleWebKit/537.36 (KHTML, like Gecko) Chrome/91.0.4472.77 Safari/537.36"
203.109.147.159 - - [14/Jun/2021:06:26:31 +0200] "GET /images/mini_prod/3665284220642.jpg HTTP/1.1" 200 5930 "http://www.wonder-geek.com/" "Mozilla/5.0 (Windows NT 10.0; Win64; x64) AppleWebKit/537.36 (KHTML, like Gecko) Chrome/91.0.4472.77 Safari/537.36"
203.109.147.159 - - [14/Jun/2021:06:26:32 +0200] "GET /templates/Pixame_v1/images/Middle_texture.jpg HTTP/1.1" 200 249620 "http://www.wonder-geek.com/templates/Pixame_v1/stylesheet.css" "Mozilla/5.0 (Windows NT 10.0; Win64; x64) AppleWebKit/537.36 (KHTML, like Gecko) Chrome/91.0.4472.77 Safari/537.36"
203.109.147.159 - - [14/Jun/2021:06:26:32 +0200] "GET /templates/Pixame_v1/images/header-object.png HTTP/1.1" 200 86140 "http://www.wonder-geek.com/templates/Pixame_v1/stylesheet.css" "Mozilla/5.0 (Windows NT 10.0; Win64; x64) AppleWebKit/537.36 (KHTML, like Gecko) Chrome/91.0.4472.77 Safari/537.36"
40.77.167.90 - - [14/Jun/2021:06:29:50 +0200] "GET /images/mini_prod/8717703116472.gif HTTP/1.1" 200 8230 "-" "Mozilla/5.0 (compatible; bingbot/2.0; +http://www.bing.com/bingbot.htm)"
185.191.171.24 - - [14/Jun/2021:06:30:12 +0200] "GET /robots.txt HTTP/1.1" 200 2438 "-" "Mozilla/5.0 (compatible; SemrushBot/7~bl; +http://www.semrush.com/bot.html)"
216.244.66.242 - - [14/Jun/2021:06:32:55 +0200] "GET /robots.txt HTTP/1.1" 200 2438 "-" "Mozilla/5.0 (compatible; DotBot/1.2; +https://opensiteexplorer.org/dotbot; help@moz.com)"
40.77.167.90 - - [14/Jun/2021:06:35:21 +0200] "GET /images/big_prod/1399984289389.jpg HTTP/1.1" 200 93255 "-" "Mozilla/5.0 (compatible; bingbot/2.0; +http://www.bing.com/bingbot.htm)"
40.77.167.57 - - [14/Jun/2021:06:41:44 +0200] "GET /js/jquery.js HTTP/1.1" 200 54075 "-" "Mozilla/5.0 (compatible; bingbot/2.0; +http://www.bing.com/bingbot.htm)"
40.77.167.57 - - [14/Jun/2021:06:41:44 +0200] "GET /js/jquery.js HTTP/1.1" 200 54075 "-" "Mozilla/5.0 (compatible; bingbot/2.0; +http://www.bing.com/bingbot.htm)"
40.77.167.57 - - [14/Jun/2021:06:41:44 +0200] "GET /js/jquery.js HTTP/1.1" 200 54075 "-" "Mozilla/5.0 (compatible; bingbot/2.0; +http://www.bing.com/bingbot.htm)"
40.77.167.57 - - [14/Jun/2021:06:41:46 +0200] "GET /js/jquery.js HTTP/1.1" 200 54075 "-" "Mozilla/5.0 (compatible; bingbot/2.0; +http://www.bing.com/bingbot.htm)"
40.77.167.57 - - [14/Jun/2021:06:41:47 +0200] "GET /js/jquery.js HTTP/1.1" 200 54075 "-" "Mozilla/5.0 (compatible; bingbot/2.0; +http://www.bing.com/bingbot.htm)"
66.249.70.40 - - [14/Jun/2021:06:42:08 +0200] "GET /images/mini_prod/5051276388786.jpg HTTP/1.1" 200 6924 "-" "Googlebot-Image/1.0"
192.0.101.83 - - [14/Jun/2021:06:44:00 +0200] "GET /images/big_prod/1900514904162.jpg HTTP/1.1" 200 136272 "-" "Photon/1.0"
40.77.167.57 - - [14/Jun/2021:06:46:42 +0200] "GET /images/big_prod/3612875117300.jpg HTTP/1.1" 200 121027 "-" "Mozilla/5.0 (compatible; bingbot/2.0; +http://www.bing.com/bingbot.htm)"
66.249.70.42 - - [14/Jun/2021:06:47:01 +0200] "GET /images/big_prod/3665269069808.jpg HTTP/1.1" 200 130913 "-" "Googlebot-Image/1.0"
5.255.231.71 - - [14/Jun/2021:06:48:04 +0200] "GET /images/mini_prod/8422054646546.jpg HTTP/1.1" 200 3425 "-" "Mozilla/5.0 (compatible; YandexImages/3.0; +http://yandex.com/bots)"
157.55.39.122 - - [14/Jun/2021:06:48:31 +0200] "GET /images/big_prod/3700276218624.jpg HTTP/1.1" 200 94649 "-" "Mozilla/5.0 (compatible; bingbot/2.0; +http://www.bing.com/bingbot.htm)"
207.46.13.38 - - [14/Jun/2021:06:49:03 +0200] "GET /images/mini_prod/3665269031560.jpg HTTP/1.1" 200 7224 "-" "Mozilla/5.0 (compatible; bingbot/2.0; +http://www.bing.com/bingbot.htm)"
157.55.39.152 - - [14/Jun/2021:06:52:05 +0200] "GET /images/big_prod/1341689712303.jpg HTTP/1.1" 200 87228 "-" "Mozilla/5.0 (compatible; bingbot/2.0; +http://www.bing.com/bingbot.htm)"
157.55.39.152 - - [14/Jun/2021:06:54:16 +0200] "GET /images/mini_prod/1011815440256.jpg HTTP/1.1" 200 7641 "-" "Mozilla/5.0 (compatible; bingbot/2.0; +http://www.bing.com/bingbot.htm)"
40.77.167.90 - - [14/Jun/2021:06:55:53 +0200] "GET /images/big_prod_2/1328399144969b.jpg HTTP/1.1" 200 70354 "-" "Mozilla/5.0 (compatible; bingbot/2.0; +http://www.bing.com/bingbot.htm)"
207.46.13.38 - - [14/Jun/2021:06:57:25 +0200] "GET /images/med_prod/720322240013.jpg HTTP/1.1" 200 87343 "-" "Mozilla/5.0 (compatible; bingbot/2.0; +http://www.bing.com/bingbot.htm)"
207.46.13.48 - - [14/Jun/2021:06:59:55 +0200] "GET /robots.txt HTTP/1.1" 200 2438 "-" "Mozilla/5.0 (compatible; bingbot/2.0; +http://www.bing.com/bingbot.htm)"
157.55.39.44 - - [14/Jun/2021:07:00:42 +0200] "GET /images/mini_prod/8422015482527.jpg HTTP/1.1" 200 5260 "-" "Mozilla/5.0 (compatible; bingbot/2.0; +http://www.bing.com/bingbot.htm)"
157.55.39.128 - - [14/Jun/2021:07:02:51 +0200] "GET /images/big_prod_1/191693004021.jpg HTTP/1.1" 200 127272 "-" "Mozilla/5.0 (compatible; bingbot/2.0; +http://www.bing.com/bingbot.htm)"
157.55.39.122 - - [14/Jun/2021:07:05:02 +0200] "GET /images/big_prod/5400924037604.jpg HTTP/1.1" 200 63590 "-" "Mozilla/5.0 (compatible; bingbot/2.0; +http://www.bing.com/bingbot.htm)"
40.77.167.57 - - [14/Jun/2021:07:05:43 +0200] "GET /images/med_prod/5055071696022.jpg HTTP/1.1" 200 74265 "-" "Mozilla/5.0 (compatible; bingbot/2.0; +http://www.bing.com/bingbot.htm)"
66.249.70.40 - - [14/Jun/2021:07:05:59 +0200] "GET /images/med_prod/1399984280911.jpg HTTP/1.1" 200 97729 "-" "Googlebot-Image/1.0"
66.249.70.38 - - [14/Jun/2021:07:07:20 +0200] "GET /robots.txt HTTP/1.1" 200 2438 "-" "Mozilla/5.0 (compatible; Googlebot/2.1; +http://www.google.com/bot.html)"
207.46.13.38 - - [14/Jun/2021:07:08:16 +0200] "GET /images/3349600112131.jpg HTTP/1.1" 200 38269 "-" "Mozilla/5.0 (compatible; bingbot/2.0; +http://www.bing.com/bingbot.htm)"
40.77.167.57 - - [14/Jun/2021:07:11:13 +0200] "GET /js/jquery.js HTTP/1.1" 200 54075 "-" "Mozilla/5.0 (compatible; bingbot/2.0; +http://www.bing.com/bingbot.htm)"
5.255.231.71 - - [14/Jun/2021:07:11:48 +0200] "GET /robots.txt HTTP/1.1" 200 2438 "-" "Mozilla/5.0 (compatible; YandexBot/3.0; +http://yandex.com/bots)"
5.255.231.71 - - [14/Jun/2021:07:11:51 +0200] "GET /images/mini_prod/3665284220680.jpg HTTP/1.1" 200 3881 "-" "Mozilla/5.0 (compatible; YandexImages/3.0; +http://yandex.com/bots)"
207.46.13.38 - - [14/Jun/2021:07:12:15 +0200] "GET /images/big_prod/8409810063809.jpg HTTP/1.1" 200 100206 "-" "Mozilla/5.0 (compatible; bingbot/2.0; +http://www.bing.com/bingbot.htm)"
54.162.102.36 - - [14/Jun/2021:07:13:08 +0200] "GET /robots.txt HTTP/1.1" 200 2438 "-" "MixnodeCache/1.8(+https://cache.mixnode.com/)"
5.255.231.71 - - [14/Jun/2021:07:14:38 +0200] "GET /images/mini_prod/8424001512058.jpg HTTP/1.1" 200 5366 "-" "Mozilla/5.0 (compatible; YandexImages/3.0; +http://yandex.com/bots)"
157.55.39.128 - - [14/Jun/2021:07:19:28 +0200] "GET /images/1341689170806b.jpg HTTP/1.1" 200 38097 "-" "Mozilla/5.0 (compatible; bingbot/2.0; +http://www.bing.com/bingbot.htm)"
66.249.70.42 - - [14/Jun/2021:07:21:52 +0200] "GET /images/big_prod/3660218961912.jpg HTTP/1.1" 200 106169 "-" "Googlebot-Image/1.0"
216.244.66.242 - - [14/Jun/2021:07:23:43 +0200] "GET /robots.txt HTTP/1.1" 200 2438 "-" "Mozilla/5.0 (compatible; DotBot/1.2; +https://opensiteexplorer.org/dotbot; help@moz.com)"
40.77.167.57 - - [14/Jun/2021:07:25:26 +0200] "GET /images/med_prod/3032160280234.jpg HTTP/1.1" 200 94047 "-" "Mozilla/5.0 (compatible; bingbot/2.0; +http://www.bing.com/bingbot.htm)"
157.55.39.81 - - [14/Jun/2021:07:26:18 +0200] "GET /images/big_prod/8718375751152.jpg HTTP/1.1" 200 117615 "-" "Mozilla/5.0 (compatible; bingbot/2.0; +http://www.bing.com/bingbot.htm)"
