64.188.177.184 - - [14/Jun/2021:22:26:50 +0200] "GET /mondial_relay/js/jquery-1.3.2.min.js HTTP/1.1" 200 57254 "http://www.wonder-geek.com/snow-white-evil-queen-disney-traditions-p-55220.html" "Mozilla/5.0 (Linux; Android 11; SM-G973U) AppleWebKit/537.36 (KHTML, like Gecko) Chrome/91.0.4472.88 Mobile Safari/537.36"
64.188.177.184 - - [14/Jun/2021:22:26:50 +0200] "GET /js/jquery.js HTTP/1.1" 200 54075 "http://www.wonder-geek.com/snow-white-evil-queen-disney-traditions-p-55220.html" "Mozilla/5.0 (Linux; Android 11; SM-G973U) AppleWebKit/537.36 (KHTML, like Gecko) Chrome/91.0.4472.88 Mobile Safari/537.36"
64.188.177.184 - - [14/Jun/2021:22:26:51 +0200] "GET /templates/Pixame_v1/images/buttons/english/button_in_cart.gif HTTP/1.1" 200 1212 "http://www.wonder-geek.com/snow-white-evil-queen-disney-traditions-p-55220.html" "Mozilla/5.0 (Linux; Android 11; SM-G973U) AppleWebKit/537.36 (KHTML, like Gecko) Chrome/91.0.4472.88 Mobile Safari/537.36"
64.188.177.184 - - [14/Jun/2021:22:26:51 +0200] "GET /templates/Pixame_v1/images/icon_accueil2.png HTTP/1.1" 200 1137 "http://www.wonder-geek.com/snow-white-evil-queen-disney-traditions-p-55220.html" "Mozilla/5.0 (Linux; Android 11; SM-G973U) AppleWebKit/537.36 (KHTML, like Gecko) Chrome/91.0.4472.88 Mobile Safari/537.36"
64.188.177.184 - - [14/Jun/2021:22:26:51 +0200] "GET /templates/Pixame_v1/images/nav.png HTTP/1.1" 200 1283 "http://www.wonder-geek.com/templates/Pixame_v1/stylesheet.css" "Mozilla/5.0 (Linux; Android 11; SM-G973U) AppleWebKit/537.36 (KHTML, like Gecko) Chrome/91.0.4472.88 Mobile Safari/537.36"
64.188.177.184 - - [14/Jun/2021:22:26:51 +0200] "GET /templates/Pixame_v1/images/Bottom_texture.jpg HTTP/1.1" 200 56290 "http://www.wonder-geek.com/templates/Pixame_v1/stylesheet.css" "Mozilla/5.0 (Linux; Android 11; SM-G973U) AppleWebKit/537.36 (KHTML, like Gecko) Chrome/91.0.4472.88 Mobile Safari/537.36"
64.188.177.184 - - [14/Jun/2021:22:26:52 +0200] "GET /design/productsenstock.png HTTP/1.1" 200 4743 "http://www.wonder-geek.com/templates/Pixame_v1/stylesheet.css" "Mozilla/5.0 (Linux; Android 11; SM-G973U) AppleWebKit/537.36 (KHTML, like Gecko) Chrome/91.0.4472.88 Mobile Safari/537.36"
64.188.177.184 - - [14/Jun/2021:22:26:52 +0200] "GET /templates/Pixame_v1/images/header.png HTTP/1.1" 200 70245 "http://www.wonder-geek.com/templates/Pixame_v1/stylesheet.css" "Mozilla/5.0 (Linux; Android 11; SM-G973U) AppleWebKit/537.36 (KHTML, like Gecko) Chrome/91.0.4472.88 Mobile Safari/537.36"
64.188.177.184 - - [14/Jun/2021:22:26:52 +0200] "GET /templates/Pixame_v1/images/header-object.png HTTP/1.1" 200 106050 "http://www.wonder-geek.com/templates/Pixame_v1/stylesheet.css" "Mozilla/5.0 (Linux; Android 11; SM-G973U) AppleWebKit/537.36 (KHTML, like Gecko) Chrome/91.0.4472.88 Mobile Safari/537.36"
64.188.177.184 - - [14/Jun/2021:22:26:54 +0200] "GET /images/big_prod/028399282418c.jpg HTTP/1.1" 200 224425 "http://www.wonder-geek.com/snow-white-evil-queen-disney-traditions-p-55220.html" "Mozilla/5.0 (Linux; Android 11; SM-G973U) AppleWebKit/537.36 (KHTML, like Gecko) Chrome/91.0.4472.88 Mobile Safari/537.36"
64.188.177.184 - - [14/Jun/2021:22:26:54 +0200] "GET /templates/Pixame_v1/images/Middle_texture.jpg HTTP/1.1" 200 249620 "http://www.wonder-geek.com/templates/Pixame_v1/stylesheet.css" "Mozilla/5.0 (Linux; Android 11; SM-G973U) AppleWebKit/537.36 (KHTML, like Gecko) Chrome/91.0.4472.88 Mobile Safari/537.36"
64.188.177.184 - - [14/Jun/2021:22:26:54 +0200] "GET /images/big_prod_3/028399282418a.jpg HTTP/1.1" 200 210395 "http://www.wonder-geek.com/snow-white-evil-queen-disney-traditions-p-55220.html" "Mozilla/5.0 (Linux; Android 11; SM-G973U) AppleWebKit/537.36 (KHTML, like Gecko) Chrome/91.0.4472.88 Mobile Safari/537.36"
64.188.177.184 - - [14/Jun/2021:22:26:54 +0200] "GET /images/big_prod_1/028399282418b.jpg HTTP/1.1" 200 167516 "http://www.wonder-geek.com/snow-white-evil-queen-disney-traditions-p-55220.html" "Mozilla/5.0 (Linux; Android 11; SM-G973U) AppleWebKit/537.36 (KHTML, like Gecko) Chrome/91.0.4472.88 Mobile Safari/537.36"
64.188.177.184 - - [14/Jun/2021:22:26:54 +0200] "GET /images/big_prod_2/028399282418a.jpg HTTP/1.1" 200 210395 "http://www.wonder-geek.com/snow-white-evil-queen-disney-traditions-p-55220.html" "Mozilla/5.0 (Linux; Android 11; SM-G973U) AppleWebKit/537.36 (KHTML, like Gecko) Chrome/91.0.4472.88 Mobile Safari/537.36"
64.188.177.184 - - [14/Jun/2021:22:26:55 +0200] "GET /highslide/graphics/outlines/drop-shadow.png HTTP/1.1" 200 2022 "http://www.wonder-geek.com/snow-white-evil-queen-disney-traditions-p-55220.html" "Mozilla/5.0 (Linux; Android 11; SM-G973U) AppleWebKit/537.36 (KHTML, like Gecko) Chrome/91.0.4472.88 Mobile Safari/537.36"
64.188.177.184 - - [14/Jun/2021:22:26:55 +0200] "GET /favicon.ico HTTP/1.1" 200 1591 "http://www.wonder-geek.com/snow-white-evil-queen-disney-traditions-p-55220.html" "Mozilla/5.0 (Linux; Android 11; SM-G973U) AppleWebKit/537.36 (KHTML, like Gecko) Chrome/91.0.4472.88 Mobile Safari/537.36"
157.55.39.81 - - [14/Jun/2021:22:28:38 +0200] "GET /images/mini_prod/8422010052251.jpg HTTP/1.1" 200 9807 "-" "Mozilla/5.0 (compatible; bingbot/2.0; +http://www.bing.com/bingbot.htm)"
66.249.70.42 - - [14/Jun/2021:22:31:08 +0200] "GET /images/mini_prod/8422019609029.jpg HTTP/1.1" 200 7784 "-" "Googlebot-Image/1.0"
165.225.76.96 - - [14/Jun/2021:22:32:35 +0200] "GET /images/med_prod/3661977000041.jpg HTTP/1.1" 200 58748 "-" "aria2/1.35.0"
220.243.188.70 - - [14/Jun/2021:22:34:00 +0200] "GET /images/big_prod/8422011476025.jpg HTTP/1.1" 200 32888 "http://www.wonder-geek.com/glass-cutting-board-cbkreation-p-51332.html" "Mozilla/5.0 (Linux; Android 5.0) AppleWebKit/537.36 (KHTML, like Gecko) Mobile Safari/537.36 (compatible; Bytespider; https://zhanzhang.toutiao.com/)"
185.191.171.17 - - [14/Jun/2021:22:36:09 +0200] "GET /robots.txt HTTP/1.1" 200 2438 "-" "Mozilla/5.0 (compatible; SemrushBot/7~bl; +http://www.semrush.com/bot.html)"
66.249.70.42 - - [14/Jun/2021:22:38:39 +0200] "GET /images/mini_prod/4036113222165.jpg HTTP/1.1" 200 7399 "-" "Googlebot-Image/1.0"
40.77.167.70 - - [14/Jun/2021:22:39:03 +0200] "GET /images/big_prod_1/3665269030952.jpg HTTP/1.1" 200 169755 "-" "Mozilla/5.0 (compatible; bingbot/2.0; +http://www.bing.com/bingbot.htm)"
157.55.39.44 - - [14/Jun/2021:22:42:42 +0200] "GET /images/big_prod/8011717796140R.jpg HTTP/1.1" 200 118566 "-" "Mozilla/5.0 (compatible; bingbot/2.0; +http://www.bing.com/bingbot.htm)"
157.55.39.44 - - [14/Jun/2021:22:43:21 +0200] "GET /images/med_prod/1384010183687.jpg HTTP/1.1" 200 98586 "-" "Mozilla/5.0 (compatible; bingbot/2.0; +http://www.bing.com/bingbot.htm)"
40.77.167.106 - - [14/Jun/2021:22:43:39 +0200] "GET /images/8412199931898.jpg HTTP/1.1" 200 37636 "-" "Mozilla/5.0 (compatible; bingbot/2.0; +http://www.bing.com/bingbot.htm)"
111.225.148.95 - - [14/Jun/2021:22:44:03 +0200] "GET /images/big_prod/8422011475677.jpg HTTP/1.1" 200 34868 "http://www.wonder-geek.com/glass-cutting-board-cbkreation-p-51296.html" "Mozilla/5.0 (Linux; Android 5.0) AppleWebKit/537.36 (KHTML, like Gecko) Mobile Safari/537.36 (compatible; Bytespider; https://zhanzhang.toutiao.com/)"
66.249.70.38 - - [14/Jun/2021:22:44:05 +0200] "GET /images/big_prod_1/FLOWERFAIRIES.jpg HTTP/1.1" 200 145664 "-" "Googlebot-Image/1.0"
147.92.153.8 - - [14/Jun/2021:22:50:24 +0200] "GET /images/3272760373312.jpg HTTP/1.1" 200 20013 "-" "Mozilla/5.0 (compatible; Linespider/1.1; +https://lin.ee/4dwXkTH)"
66.249.70.42 - - [14/Jun/2021:22:51:09 +0200] "GET /images/big_prod/8433933149126.jpg HTTP/1.1" 200 177073 "-" "Googlebot-Image/1.0"
157.55.39.128 - - [14/Jun/2021:22:51:51 +0200] "GET /images/med_prod/8433933706565.jpg HTTP/1.1" 200 64712 "-" "Mozilla/5.0 (compatible; bingbot/2.0; +http://www.bing.com/bingbot.htm)"
157.55.39.122 - - [14/Jun/2021:22:52:50 +0200] "GET /images/big_prod/3612874102505.jpg HTTP/1.1" 200 115711 "-" "Mozilla/5.0 (compatible; bingbot/2.0; +http://www.bing.com/bingbot.htm)"
40.77.167.70 - - [14/Jun/2021:22:53:30 +0200] "GET /images/5600401603968.jpg HTTP/1.1" 200 24788 "-" "Mozilla/5.0 (compatible; bingbot/2.0; +http://www.bing.com/bingbot.htm)"
110.249.201.53 - - [14/Jun/2021:22:54:20 +0200] "GET /images/3454231118800.jpg HTTP/1.1" 200 62264 "http://www.wonder-geek.com/michelle-allen-cutting-board-p-27728.html" "Mozilla/5.0 (Linux; Android 5.0) AppleWebKit/537.36 (KHTML, like Gecko) Mobile Safari/537.36 (compatible; Bytespider; https://zhanzhang.toutiao.com/)"
40.77.167.90 - - [14/Jun/2021:23:00:41 +0200] "GET /images/big_prod/842203315859.jpg HTTP/1.1" 200 86279 "-" "Mozilla/5.0 (compatible; bingbot/2.0; +http://www.bing.com/bingbot.htm)"
111.225.148.49 - - [14/Jun/2021:23:04:01 +0200] "GET /images/big_prod/8422011475530.jpg HTTP/1.1" 200 63712 "http://www.wonder-geek.com/glass-cutting-board-cbkreation-p-51280.html" "Mozilla/5.0 (Linux; Android 5.0) AppleWebKit/537.36 (KHTML, like Gecko) Mobile Safari/537.36 (compatible; Bytespider; https://zhanzhang.toutiao.com/)"
157.55.39.128 - - [14/Jun/2021:23:05:43 +0200] "GET /images/4717115120269.jpg HTTP/1.1" 200 28588 "-" "Mozilla/5.0 (compatible; bingbot/2.0; +http://www.bing.com/bingbot.htm)"
207.46.13.38 - - [14/Jun/2021:23:07:53 +0200] "GET /images/3272760394720.jpg HTTP/1.1" 200 25990 "-" "Mozilla/5.0 (compatible; bingbot/2.0; +http://www.bing.com/bingbot.htm)"
157.55.39.128 - - [14/Jun/2021:23:09:55 +0200] "GET /images/4008789052636.jpg HTTP/1.1" 200 163996 "-" "Mozilla/5.0 (compatible; bingbot/2.0; +http://www.bing.com/bingbot.htm)"
157.55.39.152 - - [14/Jun/2021:23:12:13 +0200] "GET /images/hiver%20066.jpg HTTP/1.1" 200 41315 "-" "Mozilla/5.0 (compatible; bingbot/2.0; +http://www.bing.com/bingbot.htm)"
66.249.70.38 - - [14/Jun/2021:23:13:38 +0200] "GET /images/big_prod_1/taie-manoir.jpg HTTP/1.1" 200 368895 "-" "Googlebot-Image/1.0"
110.249.202.155 - - [14/Jun/2021:23:14:00 +0200] "GET /images/big_prod/8422011475523.jpg HTTP/1.1" 200 78192 "http://www.wonder-geek.com/glass-cutting-board-cbkreation-p-51279.html" "Mozilla/5.0 (Linux; Android 5.0) AppleWebKit/537.36 (KHTML, like Gecko) Mobile Safari/537.36 (compatible; Bytespider; https://zhanzhang.toutiao.com/)"
40.77.167.70 - - [14/Jun/2021:23:16:02 +0200] "GET /images/big_prod_1/3609810083325c.jpg HTTP/1.1" 200 192587 "-" "Mozilla/5.0 (compatible; bingbot/2.0; +http://www.bing.com/bingbot.htm)"
207.46.13.38 - - [14/Jun/2021:23:16:11 +0200] "GET /images/big_prod/3609810083325b.jpg HTTP/1.1" 200 75561 "-" "Mozilla/5.0 (compatible; bingbot/2.0; +http://www.bing.com/bingbot.htm)"
157.55.39.152 - - [14/Jun/2021:23:18:49 +0200] "GET /images/big_prod/5401924021044.jpg HTTP/1.1" 200 28943 "-" "Mozilla/5.0 (compatible; bingbot/2.0; +http://www.bing.com/bingbot.htm)"
157.55.39.81 - - [14/Jun/2021:23:20:03 +0200] "GET /images/mini_prod/8422013118800.jpg HTTP/1.1" 200 5068 "-" "Mozilla/5.0 (compatible; bingbot/2.0; +http://www.bing.com/bingbot.htm)"
110.249.202.81 - - [14/Jun/2021:23:24:07 +0200] "GET /images/big_prod/8422011475943.jpg HTTP/1.1" 200 36032 "http://www.wonder-geek.com/glass-cutting-board-cbkreation-p-51326.html" "Mozilla/5.0 (Linux; Android 5.0) AppleWebKit/537.36 (KHTML, like Gecko) Mobile Safari/537.36 (compatible; Bytespider; https://zhanzhang.toutiao.com/)"
207.46.13.38 - - [14/Jun/2021:23:25:45 +0200] "GET /images/8718531320970.jpg HTTP/1.1" 200 48390 "-" "Mozilla/5.0 (compatible; bingbot/2.0; +http://www.bing.com/bingbot.htm)"
66.249.70.38 - - [14/Jun/2021:23:31:09 +0200] "GET /images/3000000010723.jpg HTTP/1.1" 200 35340 "-" "Googlebot-Image/1.0"
157.55.39.122 - - [14/Jun/2021:23:31:09 +0200] "GET /images/med_prod/8717318124107.jpg HTTP/1.1" 200 101434 "-" "Mozilla/5.0 (compatible; bingbot/2.0; +http://www.bing.com/bingbot.htm)"
40.77.167.106 - - [14/Jun/2021:23:32:25 +0200] "GET /images/big_prod/5419240219243.jpg HTTP/1.1" 200 92666 "-" "Mozilla/5.0 (compatible; bingbot/2.0; +http://www.bing.com/bingbot.htm)"
220.243.136.188 - - [14/Jun/2021:23:34:07 +0200] "GET /images/big_prod/8422011476124.jpg HTTP/1.1" 200 37348 "http://www.wonder-geek.com/glass-cutting-board-cbkreation-p-51341.html" "Mozilla/5.0 (Linux; Android 5.0) AppleWebKit/537.36 (KHTML, like Gecko) Mobile Safari/537.36 (compatible; Bytespider; https://zhanzhang.toutiao.com/)"
185.191.171.22 - - [14/Jun/2021:23:38:02 +0200] "GET /robots.txt HTTP/1.1" 200 2438 "-" "Mozilla/5.0 (compatible; SemrushBot/7~bl; +http://www.semrush.com/bot.html)"
207.46.13.38 - - [14/Jun/2021:23:39:47 +0200] "GET /js/jquery.js HTTP/1.1" 200 54075 "-" "Mozilla/5.0 (compatible; bingbot/2.0; +http://www.bing.com/bingbot.htm)"
157.55.39.128 - - [14/Jun/2021:23:40:27 +0200] "GET /images/mini_prod/0paris.jpg HTTP/1.1" 200 3869 "-" "Mozilla/5.0 (compatible; bingbot/2.0; +http://www.bing.com/bingbot.htm)"
207.46.13.38 - - [14/Jun/2021:23:41:30 +0200] "GET /images/big_prod/1098890726291.jpg HTTP/1.1" 200 33070 "-" "Mozilla/5.0 (compatible; bingbot/2.0; +http://www.bing.com/bingbot.htm)"
66.249.70.38 - - [14/Jun/2021:23:43:16 +0200] "GET /images/big_prod/8499132034137.jpg HTTP/1.1" 200 102078 "-" "Googlebot-Image/1.0"
220.243.136.113 - - [14/Jun/2021:23:44:06 +0200] "GET /images/big_prod/8422011475721.jpg HTTP/1.1" 200 47783 "http://www.wonder-geek.com/glass-cutting-board-cbkreation-p-51305.html" "Mozilla/5.0 (Linux; Android 5.0) AppleWebKit/537.36 (KHTML, like Gecko) Mobile Safari/537.36 (compatible; Bytespider; https://zhanzhang.toutiao.com/)"
40.77.167.106 - - [14/Jun/2021:23:44:25 +0200] "GET /images/big_prod/8433933142332.jpg HTTP/1.1" 200 88889 "-" "Mozilla/5.0 (compatible; bingbot/2.0; +http://www.bing.com/bingbot.htm)"
113.31.111.114 - - [14/Jun/2021:23:47:17 +0200] "GET /images/big_prod/3665269069587.jpg HTTP/1.1" 200 128839 "http://www.wonder-geek.com/berlin-curry-headrest-cushion-p-54642.html" "Mozilla/5.0 (Macintosh; Intel Mac OS X 10_12_6) AppleWebKit/537.36 (KHTML, like Gecko) Chrome/59.0.3071.115 Safari/537.36"
113.31.153.90 - - [14/Jun/2021:23:47:19 +0200] "GET /images/big_prod/3442440279900.jpg HTTP/1.1" 200 498051 "http://www.wonder-geek.com/wood-land-curry-stool-p-54374.html" "Mozilla/5.0 (Macintosh; Intel Mac OS X 10_12_6) AppleWebKit/537.36 (KHTML, like Gecko) Chrome/59.0.3071.115 Safari/537.36"
40.77.167.90 - - [14/Jun/2021:23:47:39 +0200] "GET /images/1000000810004.jpg HTTP/1.1" 200 43317 "-" "Mozilla/5.0 (compatible; bingbot/2.0; +http://www.bing.com/bingbot.htm)"
40.77.167.90 - - [14/Jun/2021:23:48:19 +0200] "GET /images/cadrehsm.jpg HTTP/1.1" 200 46214 "-" "Mozilla/5.0 (compatible; bingbot/2.0; +http://www.bing.com/bingbot.htm)"
40.77.167.90 - - [14/Jun/2021:23:48:22 +0200] "GET /images/big_prod_2/8424001615155b.jpg HTTP/1.1" 200 401994 "-" "Mozilla/5.0 (compatible; bingbot/2.0; +http://www.bing.com/bingbot.htm)"
66.249.70.40 - - [14/Jun/2021:23:48:50 +0200] "GET /images/mini_prod/8712159160734.jpg HTTP/1.1" 200 5822 "-" "Googlebot-Image/1.0"
121.5.147.119 - - [14/Jun/2021:23:52:58 +0200] "GET /images/big_prod/3665269069587.jpg HTTP/1.1" 200 128492 "-" "Mozilla/5.0 (Linux; Android 10; LIO-AN00 Build/HUAWEILIO-AN00; wv) AppleWebKit/537.36 (KHTML, like Gecko) Version/4.0 Chrome/78.0.3904.62 XWEB/2692 MMWEBSDK/200901 Mobile Safari/537.36"
121.5.147.119 - - [14/Jun/2021:23:53:08 +0200] "GET /images/big_prod/3665269069587.jpg HTTP/1.1" 200 128839 "-" "Mozilla/5.0 (Linux; Android 10; LIO-AN00 Build/HUAWEILIO-AN00; wv) AppleWebKit/537.36 (KHTML, like Gecko) Version/4.0 Chrome/78.0.3904.62 XWEB/2692 MMWEBSDK/200901 Mobile Safari/537.36"
220.243.188.175 - - [14/Jun/2021:23:54:06 +0200] "GET /images/big_prod/3457010942306B.jpg HTTP/1.1" 200 43440 "http://www.wonder-geek.com/little-prince-animated-music-p-16467.html" "Mozilla/5.0 (Linux; Android 5.0) AppleWebKit/537.36 (KHTML, like Gecko) Mobile Safari/537.36 (compatible; Bytespider; https://zhanzhang.toutiao.com/)"
66.249.70.40 - - [14/Jun/2021:23:54:27 +0200] "GET /images/big_prod/4250255840180.jpg HTTP/1.1" 200 114269 "-" "Googlebot-Image/1.0"
216.244.66.242 - - [14/Jun/2021:23:54:45 +0200] "GET /robots.txt HTTP/1.1" 200 2438 "-" "Mozilla/5.0 (compatible; DotBot/1.2; +https://opensiteexplorer.org/dotbot; help@moz.com)"
40.77.167.70 - - [14/Jun/2021:23:59:03 +0200] "GET /highslide/highslide.js HTTP/1.1" 200 42909 "-" "Mozilla/5.0 (compatible; bingbot/2.0; +http://www.bing.com/bingbot.htm)"
66.249.70.42 - - [15/Jun/2021:00:00:04 +0200] "GET /images/big_prod/8433933237816.jpg HTTP/1.1" 200 418161 "-" "Googlebot-Image/1.0"
207.46.13.38 - - [15/Jun/2021:00:03:45 +0200] "GET /js/jquery.js HTTP/1.1" 200 54075 "-" "Mozilla/5.0 (compatible; bingbot/2.0; +http://www.bing.com/bingbot.htm)"
111.225.148.207 - - [15/Jun/2021:00:04:07 +0200] "GET /images/big_prod/8422011475752.jpg HTTP/1.1" 200 42258 "http://www.wonder-geek.com/glass-cutting-board-cbkreation-p-51308.html" "Mozilla/5.0 (Linux; Android 5.0) AppleWebKit/537.36 (KHTML, like Gecko) Mobile Safari/537.36 (compatible; Bytespider; https://zhanzhang.toutiao.com/)"
147.92.153.4 - - [15/Jun/2021:00:05:01 +0200] "GET /images/3272760380808.jpg HTTP/1.1" 200 14555 "-" "Mozilla/5.0 (compatible; Linespider/1.1; +https://lin.ee/4dwXkTH)"
66.249.70.38 - - [15/Jun/2021:00:05:41 +0200] "GET /images/big_prod_3/8445148006330c.jpg HTTP/1.1" 200 114944 "-" "Googlebot-Image/1.0"
207.46.13.38 - - [15/Jun/2021:00:10:08 +0200] "GET /images/Photo-0302.jpg HTTP/1.1" 200 19241 "-" "Mozilla/5.0 (compatible; bingbot/2.0; +http://www.bing.com/bingbot.htm)"
110.249.201.17 - - [15/Jun/2021:00:14:06 +0200] "GET /images/big_prod_1/message.jpg HTTP/1.1" 200 56472 "http://www.wonder-geek.com/sentiment-towel-kitchen-towel-p-43621.html" "Mozilla/5.0 (Linux; Android 5.0) AppleWebKit/537.36 (KHTML, like Gecko) Mobile Safari/537.36 (compatible; Bytespider; https://zhanzhang.toutiao.com/)"
110.249.201.10 - - [15/Jun/2021:00:14:07 +0200] "GET /images/big_prod/5051276275093.jpg HTTP/1.1" 200 50680 "http://www.wonder-geek.com/sentiment-towel-kitchen-towel-p-43621.html" "Mozilla/5.0 (Linux; Android 5.0) AppleWebKit/537.36 (KHTML, like Gecko) Mobile Safari/537.36 (compatible; Bytespider; https://zhanzhang.toutiao.com/)"
40.77.167.106 - - [15/Jun/2021:00:14:53 +0200] "GET /images/big_prod/3453131150859.jpg HTTP/1.1" 200 109584 "-" "Mozilla/5.0 (compatible; bingbot/2.0; +http://www.bing.com/bingbot.htm)"
66.249.70.40 - - [15/Jun/2021:00:16:55 +0200] "GET /images/med_prod/045544564182.jpg HTTP/1.1" 200 127713 "-" "Googlebot-Image/1.0"
40.77.167.90 - - [15/Jun/2021:00:18:22 +0200] "GET /images/5025123281384c.jpg HTTP/1.1" 200 135299 "-" "Mozilla/5.0 (compatible; bingbot/2.0; +http://www.bing.com/bingbot.htm)"
54.36.148.142 - - [15/Jun/2021:00:18:50 +0200] "GET /robots.txt HTTP/1.1" 200 2438 "-" "Mozilla/5.0 (compatible; AhrefsBot/7.0; +http://ahrefs.com/robot/)"
157.55.39.128 - - [15/Jun/2021:00:20:58 +0200] "GET /images/big_prod/3660173230566.jpg HTTP/1.1" 200 62342 "-" "Mozilla/5.0 (compatible; bingbot/2.0; +http://www.bing.com/bingbot.htm)"
111.225.148.226 - - [15/Jun/2021:00:24:22 +0200] "GET /images/big_prod/8422011476032.jpg HTTP/1.1" 200 42474 "http://www.wonder-geek.com/glass-cutting-board-cbkreation-p-51333.html" "Mozilla/5.0 (Linux; Android 5.0) AppleWebKit/537.36 (KHTML, like Gecko) Mobile Safari/537.36 (compatible; Bytespider; https://zhanzhang.toutiao.com/)"
157.55.39.122 - - [15/Jun/2021:00:24:53 +0200] "GET /images/366107505838813.jpg HTTP/1.1" 200 47632 "-" "Mozilla/5.0 (compatible; bingbot/2.0; +http://www.bing.com/bingbot.htm)"
207.46.13.38 - - [15/Jun/2021:00:25:50 +0200] "GET /images/b045544409650.jpg HTTP/1.1" 200 41068 "-" "Mozilla/5.0 (compatible; bingbot/2.0; +http://www.bing.com/bingbot.htm)"
212.70.137.195 - - [15/Jun/2021:00:26:13 +0200] "GET /images/big_prod/3665269096910.jpg HTTP/1.1" 200 1012738 "-" "com.google.android.apps.searchlite/173804 (Linux; U; Android 10; bg; Nokia 2.1; Build/QKQ1.190828.002; Cronet/90.0.4430.82)"
207.46.13.38 - - [15/Jun/2021:00:28:59 +0200] "GET /js/jquery.js HTTP/1.1" 200 54075 "-" "Mozilla/5.0 (compatible; bingbot/2.0; +http://www.bing.com/bingbot.htm)"
207.46.13.38 - - [15/Jun/2021:00:29:07 +0200] "GET /images/big_prod_1/4029811442959B.jpg HTTP/1.1" 200 75354 "-" "Mozilla/5.0 (compatible; bingbot/2.0; +http://www.bing.com/bingbot.htm)"
157.55.39.152 - - [15/Jun/2021:00:29:48 +0200] "GET /images/big_prod_1/JAMINERACINGVANILLE2.jpg HTTP/1.1" 200 84272 "-" "Mozilla/5.0 (compatible; bingbot/2.0; +http://www.bing.com/bingbot.htm)"
157.55.39.128 - - [15/Jun/2021:00:33:08 +0200] "GET /images/big_prod/8718657460727.jpg HTTP/1.1" 200 66274 "-" "Mozilla/5.0 (compatible; bingbot/2.0; +http://www.bing.com/bingbot.htm)"
40.77.167.90 - - [15/Jun/2021:00:33:25 +0200] "GET /images/med_prod/1384010179918.jpg HTTP/1.1" 200 83548 "-" "Mozilla/5.0 (compatible; bingbot/2.0; +http://www.bing.com/bingbot.htm)"
66.249.70.38 - - [15/Jun/2021:00:33:40 +0200] "GET /images/big_prod_1/8422010274509a.jpg HTTP/1.1" 200 395565 "-" "Googlebot-Image/1.0"
110.249.202.168 - - [15/Jun/2021:00:34:04 +0200] "GET /images/big_prod/3609810036994.jpg HTTP/1.1" 200 83984 "http://www.wonder-geek.com/butterflies-orchids-sticker-p-39178.html" "Mozilla/5.0 (Linux; Android 5.0) AppleWebKit/537.36 (KHTML, like Gecko) Mobile Safari/537.36 (compatible; Bytespider; https://zhanzhang.toutiao.com/)"
185.191.171.11 - - [15/Jun/2021:00:34:38 +0200] "GET /robots.txt HTTP/1.1" 200 2438 "-" "Mozilla/5.0 (compatible; SemrushBot/7~bl; +http://www.semrush.com/bot.html)"
157.55.39.44 - - [15/Jun/2021:00:37:19 +0200] "GET /images/4895005802003.jpg HTTP/1.1" 200 23351 "-" "Mozilla/5.0 (compatible; bingbot/2.0; +http://www.bing.com/bingbot.htm)"
185.191.171.17 - - [15/Jun/2021:00:38:07 +0200] "GET /robots.txt HTTP/1.1" 200 2438 "-" "Mozilla/5.0 (compatible; SemrushBot/7~bl; +http://www.semrush.com/bot.html)"
66.249.70.42 - - [15/Jun/2021:00:39:22 +0200] "GET /images/big_prod/3453131155717.jpg HTTP/1.1" 200 128095 "-" "Googlebot-Image/1.0"
5.255.231.71 - - [15/Jun/2021:00:42:18 +0200] "GET /robots.txt HTTP/1.1" 200 2438 "-" "Mozilla/5.0 (compatible; YandexBot/3.0; +http://yandex.com/bots)"
207.46.13.38 - - [15/Jun/2021:00:42:49 +0200] "GET /images/big_prod_3/8445148004206D.jpg HTTP/1.1" 200 754012 "-" "Mozilla/5.0 (compatible; bingbot/2.0; +http://www.bing.com/bingbot.htm)"
220.243.188.193 - - [15/Jun/2021:00:43:57 +0200] "GET /images/big_prod_2/3520071784656C.jpg HTTP/1.1" 200 73768 "http://www.wonder-geek.com/silver-patinated-earth-table-lamp-p-55267.html" "Mozilla/5.0 (Linux; Android 5.0) AppleWebKit/537.36 (KHTML, like Gecko) Mobile Safari/537.36 (compatible; Bytespider; https://zhanzhang.toutiao.com/)"
220.243.188.197 - - [15/Jun/2021:00:43:57 +0200] "GET /images/big_prod_1/3520071784656B.jpg HTTP/1.1" 200 63712 "http://www.wonder-geek.com/silver-patinated-earth-table-lamp-p-55267.html" "Mozilla/5.0 (Linux; Android 5.0) AppleWebKit/537.36 (KHTML, like Gecko) Mobile Safari/537.36 (compatible; Bytespider; https://zhanzhang.toutiao.com/)"
220.243.188.193 - - [15/Jun/2021:00:43:57 +0200] "GET /images/big_prod/3520071784656.jpg HTTP/1.1" 200 63712 "http://www.wonder-geek.com/silver-patinated-earth-table-lamp-p-55267.html" "Mozilla/5.0 (Linux; Android 5.0) AppleWebKit/537.36 (KHTML, like Gecko) Mobile Safari/537.36 (compatible; Bytespider; https://zhanzhang.toutiao.com/)"
40.77.167.90 - - [15/Jun/2021:00:44:35 +0200] "GET /images/9316188039086.jpg HTTP/1.1" 200 16869 "-" "Mozilla/5.0 (compatible; bingbot/2.0; +http://www.bing.com/bingbot.htm)"
40.77.167.70 - - [15/Jun/2021:00:44:48 +0200] "GET /images/big_prod/1300000023962.jpg HTTP/1.1" 200 61429 "-" "Mozilla/5.0 (compatible; bingbot/2.0; +http://www.bing.com/bingbot.htm)"
5.255.231.71 - - [15/Jun/2021:00:44:49 +0200] "GET /images/big_prod_1/8717202557899a.jpg HTTP/1.1" 200 144567 "-" "Mozilla/5.0 (compatible; YandexImages/3.0; +http://yandex.com/bots)"
5.255.231.71 - - [15/Jun/2021:00:44:52 +0200] "GET /images/big_prod/8717202557899.jpg HTTP/1.1" 304 0 "-" "Mozilla/5.0 (compatible; YandexImages/3.0; +http://yandex.com/bots)"
40.77.167.106 - - [15/Jun/2021:00:46:06 +0200] "GET /images/big_prod/7601019993326.jpg HTTP/1.1" 200 69576 "-" "Mozilla/5.0 (compatible; bingbot/2.0; +http://www.bing.com/bingbot.htm)"
66.249.70.40 - - [15/Jun/2021:00:48:17 +0200] "GET /images/mini_prod/5027148026261.jpg HTTP/1.1" 200 5992 "-" "Googlebot-Image/1.0"
66.249.70.38 - - [15/Jun/2021:00:50:35 +0200] "GET /images/mini_prod/8719172831016a.jpg HTTP/1.1" 200 4899 "-" "Googlebot-Image/1.0"
207.46.13.38 - - [15/Jun/2021:00:52:57 +0200] "GET /images/big_prod/8422099001126A.jpg HTTP/1.1" 200 59664 "-" "Mozilla/5.0 (Windows NT 6.1; WOW64) AppleWebKit/534+ (KHTML, like Gecko) BingPreview/1.0b"
40.77.167.90 - - [15/Jun/2021:00:53:53 +0200] "GET /images/5055139362784.jpg HTTP/1.1" 200 116617 "-" "Mozilla/5.0 (compatible; bingbot/2.0; +http://www.bing.com/bingbot.htm)"
110.249.201.146 - - [15/Jun/2021:00:53:56 +0200] "GET /images/big_prod/3565750200096.jpg HTTP/1.1" 200 63712 "http://www.wonder-geek.com/petit-prince-exupry-collection-p-55420.html" "Mozilla/5.0 (Linux; Android 5.0) AppleWebKit/537.36 (KHTML, like Gecko) Mobile Safari/537.36 (compatible; Bytespider; https://zhanzhang.toutiao.com/)"
66.249.70.40 - - [15/Jun/2021:01:01:49 +0200] "GET /images/mini_prod/3574640131020.jpg HTTP/1.1" 200 7968 "-" "Googlebot-Image/1.0"
108.75.180.86 - - [15/Jun/2021:01:03:13 +0200] "GET /js/jquery.js HTTP/1.1" 200 54075 "http://www.wonder-geek.com/white-tower-chess-piece-p-51213.html" "Mozilla/5.0 (iPhone; CPU iPhone OS 14_6 like Mac OS X) AppleWebKit/605.1.15 (KHTML, like Gecko) Version/14.6 Mobile/15E148 DuckDuckGo/7 Safari/605.1.15"
108.75.180.86 - - [15/Jun/2021:01:03:13 +0200] "GET /highslide/highslide.js HTTP/1.1" 200 42909 "http://www.wonder-geek.com/white-tower-chess-piece-p-51213.html" "Mozilla/5.0 (iPhone; CPU iPhone OS 14_6 like Mac OS X) AppleWebKit/605.1.15 (KHTML, like Gecko) Version/14.6 Mobile/15E148 DuckDuckGo/7 Safari/605.1.15"
157.55.39.81 - - [15/Jun/2021:01:03:13 +0200] "GET /images/mini_prod/3014627829224.jpg HTTP/1.1" 200 4800 "-" "Mozilla/5.0 (compatible; bingbot/2.0; +http://www.bing.com/bingbot.htm)"
108.75.180.86 - - [15/Jun/2021:01:03:14 +0200] "GET /templates/Pixame_v1/stylesheet.css HTTP/1.1" 200 56057 "http://www.wonder-geek.com/white-tower-chess-piece-p-51213.html" "Mozilla/5.0 (iPhone; CPU iPhone OS 14_6 like Mac OS X) AppleWebKit/605.1.15 (KHTML, like Gecko) Version/14.6 Mobile/15E148 DuckDuckGo/7 Safari/605.1.15"
108.75.180.86 - - [15/Jun/2021:01:03:15 +0200] "GET /js/jquery.jqzoom.js HTTP/1.1" 200 4761 "http://www.wonder-geek.com/white-tower-chess-piece-p-51213.html" "Mozilla/5.0 (iPhone; CPU iPhone OS 14_6 like Mac OS X) AppleWebKit/605.1.15 (KHTML, like Gecko) Version/14.6 Mobile/15E148 DuckDuckGo/7 Safari/605.1.15"
108.75.180.86 - - [15/Jun/2021:01:03:15 +0200] "GET /templates/Pixame_v1/images/icon_accueil2.png HTTP/1.1" 200 1137 "http://www.wonder-geek.com/white-tower-chess-piece-p-51213.html" "Mozilla/5.0 (iPhone; CPU iPhone OS 14_6 like Mac OS X) AppleWebKit/605.1.15 (KHTML, like Gecko) Version/14.6 Mobile/15E148 DuckDuckGo/7 Safari/605.1.15"
108.75.180.86 - - [15/Jun/2021:01:03:15 +0200] "GET /mondial_relay/js/jquery-1.3.2.min.js HTTP/1.1" 200 57254 "http://www.wonder-geek.com/white-tower-chess-piece-p-51213.html" "Mozilla/5.0 (iPhone; CPU iPhone OS 14_6 like Mac OS X) AppleWebKit/605.1.15 (KHTML, like Gecko) Version/14.6 Mobile/15E148 DuckDuckGo/7 Safari/605.1.15"
108.75.180.86 - - [15/Jun/2021:01:03:15 +0200] "GET /images/big_prod/5406924021049.jpg HTTP/1.1" 200 29717 "http://www.wonder-geek.com/white-tower-chess-piece-p-51213.html" "Mozilla/5.0 (iPhone; CPU iPhone OS 14_6 like Mac OS X) AppleWebKit/605.1.15 (KHTML, like Gecko) Version/14.6 Mobile/15E148 DuckDuckGo/7 Safari/605.1.15"
108.75.180.86 - - [15/Jun/2021:01:03:15 +0200] "GET /templates/Pixame_v1/images/buttons/english/button_in_cart.gif HTTP/1.1" 200 1212 "http://www.wonder-geek.com/white-tower-chess-piece-p-51213.html" "Mozilla/5.0 (iPhone; CPU iPhone OS 14_6 like Mac OS X) AppleWebKit/605.1.15 (KHTML, like Gecko) Version/14.6 Mobile/15E148 DuckDuckGo/7 Safari/605.1.15"
108.75.180.86 - - [15/Jun/2021:01:03:16 +0200] "GET /templates/Pixame_v1/images/nav.png HTTP/1.1" 200 1283 "http://www.wonder-geek.com/white-tower-chess-piece-p-51213.html" "Mozilla/5.0 (iPhone; CPU iPhone OS 14_6 like Mac OS X) AppleWebKit/605.1.15 (KHTML, like Gecko) Version/14.6 Mobile/15E148 DuckDuckGo/7 Safari/605.1.15"
108.75.180.86 - - [15/Jun/2021:01:03:16 +0200] "GET /templates/Pixame_v1/images/Bottom_texture.jpg HTTP/1.1" 200 56290 "http://www.wonder-geek.com/white-tower-chess-piece-p-51213.html" "Mozilla/5.0 (iPhone; CPU iPhone OS 14_6 like Mac OS X) AppleWebKit/605.1.15 (KHTML, like Gecko) Version/14.6 Mobile/15E148 DuckDuckGo/7 Safari/605.1.15"
108.75.180.86 - - [15/Jun/2021:01:03:17 +0200] "GET /templates/Pixame_v1/images/header.png HTTP/1.1" 200 70245 "http://www.wonder-geek.com/white-tower-chess-piece-p-51213.html" "Mozilla/5.0 (iPhone; CPU iPhone OS 14_6 like Mac OS X) AppleWebKit/605.1.15 (KHTML, like Gecko) Version/14.6 Mobile/15E148 DuckDuckGo/7 Safari/605.1.15"
108.75.180.86 - - [15/Jun/2021:01:03:17 +0200] "GET /templates/Pixame_v1/images/header-object.png HTTP/1.1" 200 106050 "http://www.wonder-geek.com/white-tower-chess-piece-p-51213.html" "Mozilla/5.0 (iPhone; CPU iPhone OS 14_6 like Mac OS X) AppleWebKit/605.1.15 (KHTML, like Gecko) Version/14.6 Mobile/15E148 DuckDuckGo/7 Safari/605.1.15"
108.75.180.86 - - [15/Jun/2021:01:03:17 +0200] "GET /design/productsenstock.png HTTP/1.1" 200 4743 "http://www.wonder-geek.com/white-tower-chess-piece-p-51213.html" "Mozilla/5.0 (iPhone; CPU iPhone OS 14_6 like Mac OS X) AppleWebKit/605.1.15 (KHTML, like Gecko) Version/14.6 Mobile/15E148 DuckDuckGo/7 Safari/605.1.15"
108.75.180.86 - - [15/Jun/2021:01:03:18 +0200] "GET /templates/Pixame_v1/images/Middle_texture.jpg HTTP/1.1" 200 249620 "http://www.wonder-geek.com/white-tower-chess-piece-p-51213.html" "Mozilla/5.0 (iPhone; CPU iPhone OS 14_6 like Mac OS X) AppleWebKit/605.1.15 (KHTML, like Gecko) Version/14.6 Mobile/15E148 DuckDuckGo/7 Safari/605.1.15"
108.75.180.86 - - [15/Jun/2021:01:03:19 +0200] "GET /favicon.ico HTTP/1.1" 200 1591 "-" "Mozilla/5.0 (iPhone; CPU iPhone OS 14_6 like Mac OS X) AppleWebKit/605.1.15 (KHTML, like Gecko) Version/14.6 Mobile/15E148 DuckDuckGo/7 Safari/605.1.15"
111.225.148.241 - - [15/Jun/2021:01:03:58 +0200] "GET /images/big_prod_1/message.jpg HTTP/1.1" 200 62264 "http://www.wonder-geek.com/sentiment-towel-kitchen-towel-p-43620.html" "Mozilla/5.0 (Linux; Android 5.0) AppleWebKit/537.36 (KHTML, like Gecko) Mobile Safari/537.36 (compatible; Bytespider; https://zhanzhang.toutiao.com/)"
111.225.148.249 - - [15/Jun/2021:01:03:59 +0200] "GET /images/big_prod/5051276275222.jpg HTTP/1.1" 200 44888 "http://www.wonder-geek.com/sentiment-towel-kitchen-towel-p-43620.html" "Mozilla/5.0 (Linux; Android 5.0) AppleWebKit/537.36 (KHTML, like Gecko) Mobile Safari/537.36 (compatible; Bytespider; https://zhanzhang.toutiao.com/)"
74.125.210.50 - - [15/Jun/2021:01:04:03 +0200] "GET /images/med_prod/8435107822026.jpg HTTP/1.1" 200 173520 "-" "Mozilla/5.0 (Windows NT 5.1; rv:11.0) Gecko Firefox/11.0 (via ggpht.com GoogleImageProxy)"
207.46.13.38 - - [15/Jun/2021:01:04:29 +0200] "GET /images/big_prod/8719497612772.jpg HTTP/1.1" 200 146729 "-" "Mozilla/5.0 (compatible; bingbot/2.0; +http://www.bing.com/bingbot.htm)"
157.55.39.122 - - [15/Jun/2021:01:06:06 +0200] "GET /images/3845653503020.jpg HTTP/1.1" 200 21082 "-" "Mozilla/5.0 (compatible; bingbot/2.0; +http://www.bing.com/bingbot.htm)"
40.77.167.90 - - [15/Jun/2021:01:09:24 +0200] "GET /images/big_prod/4044927045375.jpg HTTP/1.1" 200 43774 "-" "Mozilla/5.0 (compatible; bingbot/2.0; +http://www.bing.com/bingbot.htm)"
157.55.39.152 - - [15/Jun/2021:01:10:43 +0200] "GET /images/mini_prod/3609810096172.jpg HTTP/1.1" 200 5558 "-" "Mozilla/5.0 (compatible; bingbot/2.0; +http://www.bing.com/bingbot.htm)"
66.249.70.38 - - [15/Jun/2021:01:13:03 +0200] "GET /images/big_prod/8422023017889t.jpg HTTP/1.1" 200 39393 "-" "Googlebot-Image/1.0"
111.225.149.197 - - [15/Jun/2021:01:14:03 +0200] "GET /images/big_prod/8422011475974.jpg HTTP/1.1" 200 44888 "http://www.wonder-geek.com/glass-cutting-board-cbkreation-p-51328.html" "Mozilla/5.0 (Linux; Android 5.0) AppleWebKit/537.36 (KHTML, like Gecko) Mobile Safari/537.36 (compatible; Bytespider; https://zhanzhang.toutiao.com/)"
207.46.13.38 - - [15/Jun/2021:01:15:19 +0200] "GET /images/med_prod/1384010178201.jpg HTTP/1.1" 200 88889 "-" "Mozilla/5.0 (compatible; bingbot/2.0; +http://www.bing.com/bingbot.htm)"
157.55.39.44 - - [15/Jun/2021:01:16:33 +0200] "GET /images/big_prod/4029811411573.jpg HTTP/1.1" 200 38894 "-" "Mozilla/5.0 (compatible; bingbot/2.0; +http://www.bing.com/bingbot.htm)"
157.55.39.122 - - [15/Jun/2021:01:19:00 +0200] "GET /images/big_prod/3453131137782.jpg HTTP/1.1" 200 74748 "-" "Mozilla/5.0 (compatible; bingbot/2.0; +http://www.bing.com/bingbot.htm)"
157.55.39.128 - - [15/Jun/2021:01:19:44 +0200] "GET /images/8033667001914.jpg HTTP/1.1" 200 68380 "-" "Mozilla/5.0 (compatible; bingbot/2.0; +http://www.bing.com/bingbot.htm)"
157.55.39.152 - - [15/Jun/2021:01:21:04 +0200] "GET /images/big_prod/1328399219346.jpg HTTP/1.1" 200 107136 "-" "Mozilla/5.0 (compatible; bingbot/2.0; +http://www.bing.com/bingbot.htm)"
207.46.13.38 - - [15/Jun/2021:01:22:44 +0200] "GET /js/jquery.js HTTP/1.1" 200 54075 "-" "Mozilla/5.0 (compatible; bingbot/2.0; +http://www.bing.com/bingbot.htm)"
157.55.39.122 - - [15/Jun/2021:01:22:59 +0200] "GET /images/big_prod/3503420190438.jpg HTTP/1.1" 200 234820 "-" "Mozilla/5.0 (compatible; bingbot/2.0; +http://www.bing.com/bingbot.htm)"
111.225.148.169 - - [15/Jun/2021:01:23:57 +0200] "GET /highslide/highslide.js HTTP/1.1" 200 42909 "http://www.wonder-geek.com/glass-cutting-board-cbkreation-p-51282.html" "Mozilla/5.0 (Linux; Android 5.0) AppleWebKit/537.36 (KHTML, like Gecko) Mobile Safari/537.36 (compatible; Bytespider; https://zhanzhang.toutiao.com/)"
111.225.148.168 - - [15/Jun/2021:01:23:59 +0200] "GET /images/big_prod/8422011475554.jpg HTTP/1.1" 200 51782 "http://www.wonder-geek.com/glass-cutting-board-cbkreation-p-51282.html" "Mozilla/5.0 (Linux; Android 5.0) AppleWebKit/537.36 (KHTML, like Gecko) Mobile Safari/537.36 (compatible; Bytespider; https://zhanzhang.toutiao.com/)"
66.249.70.42 - - [15/Jun/2021:01:24:17 +0200] "GET /images/big_prod_1/8422018239609B.jpg HTTP/1.1" 200 241688 "-" "Googlebot-Image/1.0"
66.249.70.42 - - [15/Jun/2021:01:25:56 +0200] "GET /images/3760200591971.jpg HTTP/1.1" 200 38281 "-" "Googlebot-Image/1.0"
157.55.39.152 - - [15/Jun/2021:01:28:35 +0200] "GET /images/big_prod_1/b4044927045375.jpg HTTP/1.1" 200 79037 "-" "Mozilla/5.0 (compatible; bingbot/2.0; +http://www.bing.com/bingbot.htm)"
157.55.39.122 - - [15/Jun/2021:01:30:29 +0200] "GET /images/big_prod_1/b3608860242829.jpg HTTP/1.1" 200 49224 "-" "Mozilla/5.0 (compatible; bingbot/2.0; +http://www.bing.com/bingbot.htm)"
40.77.167.70 - - [15/Jun/2021:01:30:45 +0200] "GET /images/big_prod_1/3661075002046N.jpg HTTP/1.1" 200 70061 "-" "Mozilla/5.0 (compatible; bingbot/2.0; +http://www.bing.com/bingbot.htm)"
40.77.167.106 - - [15/Jun/2021:01:32:10 +0200] "GET /images/8432193231985.jpg HTTP/1.1" 200 34219 "-" "Mozilla/5.0 (compatible; bingbot/2.0; +http://www.bing.com/bingbot.htm)"
111.225.149.33 - - [15/Jun/2021:01:33:59 +0200] "GET /images/big_prod/3565750200065.jpg HTTP/1.1" 200 52128 "http://www.wonder-geek.com/petit-prince-exupry-collection-p-55419.html" "Mozilla/5.0 (Linux; Android 5.0) AppleWebKit/537.36 (KHTML, like Gecko) Mobile Safari/537.36 (compatible; Bytespider; https://zhanzhang.toutiao.com/)"
5.255.231.71 - - [15/Jun/2021:01:35:09 +0200] "GET /images/3298060221207.jpg HTTP/1.1" 304 0 "-" "Mozilla/5.0 (compatible; YandexImages/3.0; +http://yandex.com/bots)"
66.249.70.42 - - [15/Jun/2021:01:35:30 +0200] "GET /images/mini_prod/8719172834215.jpg HTTP/1.1" 200 7957 "-" "Googlebot-Image/1.0"
157.55.39.122 - - [15/Jun/2021:01:36:52 +0200] "GET /images/big_prod_1/b8435333853276.jpg HTTP/1.1" 200 125748 "-" "Mozilla/5.0 (compatible; bingbot/2.0; +http://www.bing.com/bingbot.htm)"
157.55.39.122 - - [15/Jun/2021:01:36:53 +0200] "GET /images/big_prod/9316188077033.jpg HTTP/1.1" 200 59461 "-" "Mozilla/5.0 (compatible; bingbot/2.0; +http://www.bing.com/bingbot.htm)"
40.77.167.70 - - [15/Jun/2021:01:38:15 +0200] "GET /images/med_prod/3700789213239.jpg HTTP/1.1" 200 96094 "-" "Mozilla/5.0 (compatible; bingbot/2.0; +http://www.bing.com/bingbot.htm)"
185.191.171.39 - - [15/Jun/2021:01:39:14 +0200] "GET /robots.txt HTTP/1.1" 200 2438 "-" "Mozilla/5.0 (compatible; SemrushBot/7~bl; +http://www.semrush.com/bot.html)"
157.55.39.44 - - [15/Jun/2021:01:39:16 +0200] "GET /images/big_prod/3453131132084.jpg HTTP/1.1" 200 94746 "-" "Mozilla/5.0 (compatible; bingbot/2.0; +http://www.bing.com/bingbot.htm)"
147.92.153.18 - - [15/Jun/2021:01:41:01 +0200] "GET /images/big_prod/3665269128222.jpg HTTP/1.1" 200 154698 "-" "Mozilla/5.0 (compatible; Linespider/1.1; +https://lin.ee/4dwXkTH)"
207.46.13.38 - - [15/Jun/2021:01:42:03 +0200] "GET /images/big_prod/1384010190838.jpg HTTP/1.1" 200 173006 "-" "Mozilla/5.0 (compatible; bingbot/2.0; +http://www.bing.com/bingbot.htm)"
66.249.70.40 - - [15/Jun/2021:01:42:46 +0200] "GET /images/mini_prod/1399984251133.jpg HTTP/1.1" 200 9766 "-" "Googlebot-Image/1.0"
111.225.149.180 - - [15/Jun/2021:01:43:56 +0200] "GET /images/big_prod/1384010204191.jpg HTTP/1.1" 200 72400 "http://www.wonder-geek.com/tetsubin-teapot-sheet-below-p-38434.html" "Mozilla/5.0 (Linux; Android 5.0) AppleWebKit/537.36 (KHTML, like Gecko) Mobile Safari/537.36 (compatible; Bytespider; https://zhanzhang.toutiao.com/)"
207.46.13.38 - - [15/Jun/2021:01:45:25 +0200] "GET /images/big_prod/1384010204504.jpg HTTP/1.1" 200 82485 "-" "Mozilla/5.0 (compatible; bingbot/2.0; +http://www.bing.com/bingbot.htm)"
66.249.70.42 - - [15/Jun/2021:01:46:44 +0200] "GET /images/big_prod/5027148061156.jpg HTTP/1.1" 200 130341 "-" "Googlebot-Image/1.0"
111.225.149.114 - - [15/Jun/2021:01:53:57 +0200] "GET /images/big_prod_1/3560600315005B.jpg HTTP/1.1" 200 56915 "http://www.wonder-geek.com/cats-vilaines-filles-teapot-p-48612.html" "Mozilla/5.0 (Linux; Android 5.0) AppleWebKit/537.36 (KHTML, like Gecko) Mobile Safari/537.36 (compatible; Bytespider; https://zhanzhang.toutiao.com/)"
111.225.149.110 - - [15/Jun/2021:01:53:58 +0200] "GET /images/big_prod/3560600315005.jpg HTTP/1.1" 200 62264 "http://www.wonder-geek.com/cats-vilaines-filles-teapot-p-48612.html" "Mozilla/5.0 (Linux; Android 5.0) AppleWebKit/537.36 (KHTML, like Gecko) Mobile Safari/537.36 (compatible; Bytespider; https://zhanzhang.toutiao.com/)"
66.249.70.42 - - [15/Jun/2021:01:58:11 +0200] "GET /images/mini_prod/3503420172731N.jpg HTTP/1.1" 200 10615 "-" "Googlebot-Image/1.0"
157.55.39.44 - - [15/Jun/2021:02:00:11 +0200] "GET /images/9316188038713.jpg HTTP/1.1" 200 64616 "-" "Mozilla/5.0 (compatible; bingbot/2.0; +http://www.bing.com/bingbot.htm)"
157.55.39.44 - - [15/Jun/2021:02:03:28 +0200] "GET /images/big_prod/3453131139533.jpg HTTP/1.1" 200 57713 "-" "Mozilla/5.0 (compatible; bingbot/2.0; +http://www.bing.com/bingbot.htm)"
66.249.70.38 - - [15/Jun/2021:02:09:11 +0200] "GET /images/mini_prod/9316188071048.jpg HTTP/1.1" 200 6556 "-" "Googlebot-Image/1.0"
66.249.70.40 - - [15/Jun/2021:02:09:34 +0200] "GET /images/big_prod/3457019600474a.jpg HTTP/1.1" 200 89978 "-" "Googlebot-Image/1.0"
220.243.188.249 - - [15/Jun/2021:02:14:00 +0200] "GET /images/4036113221755.jpg HTTP/1.1" 200 47784 "http://www.wonder-geek.com/harley-davidson-metal-plate-p-23296.html" "Mozilla/5.0 (Linux; Android 5.0) AppleWebKit/537.36 (KHTML, like Gecko) Mobile Safari/537.36 (compatible; Bytespider; https://zhanzhang.toutiao.com/)"
157.55.39.44 - - [15/Jun/2021:02:14:58 +0200] "GET /images/big_prod/4036113102849.jpg HTTP/1.1" 200 106265 "-" "Mozilla/5.0 (compatible; bingbot/2.0; +http://www.bing.com/bingbot.htm)"
207.46.13.38 - - [15/Jun/2021:02:16:51 +0200] "GET /js/jquery.js HTTP/1.1" 200 54075 "-" "Mozilla/5.0 (compatible; bingbot/2.0; +http://www.bing.com/bingbot.htm)"
207.46.13.38 - - [15/Jun/2021:02:16:52 +0200] "GET /js/jquery.js HTTP/1.1" 200 54075 "-" "Mozilla/5.0 (compatible; bingbot/2.0; +http://www.bing.com/bingbot.htm)"
207.46.13.48 - - [15/Jun/2021:02:18:01 +0200] "GET /robots.txt HTTP/1.1" 200 2438 "-" "Mozilla/5.0 (compatible; bingbot/2.0; +http://www.bing.com/bingbot.htm)"
