66.249.72.168 - - [16/Jul/2021:10:11:03 +0200] "GET /dog-and-cat-shaped-cushion-p-39368.html HTTP/1.0" 301 70264 "-" "Mozilla/5.0 (Linux; Android 6.0.1; Nexus 5X Build/MMB29P) AppleWebKit/537.36 (KHTML, like Gecko) Chrome/91.0.4472.90 Mobile Safari/537.36 (compatible; Googlebot/2.1; +http://www.google.com/bot.html)"
66.249.72.168 - - [16/Jul/2021:10:11:04 +0200] "GET /-p-39368.html HTTP/1.0" 200 70197 "-" "Mozilla/5.0 (Linux; Android 6.0.1; Nexus 5X Build/MMB29P) AppleWebKit/537.36 (KHTML, like Gecko) Chrome/91.0.4472.90 Mobile Safari/537.36 (compatible; Googlebot/2.1; +http://www.google.com/bot.html)"
207.46.13.65 - - [16/Jul/2021:10:11:26 +0200] "GET /swfobject.js HTTP/1.0" 404 1308 "-" "Mozilla/5.0 (compatible; bingbot/2.0; +http://www.bing.com/bingbot.htm)"
114.119.151.113 - - [16/Jul/2021:10:11:32 +0200] "GET /harley-davidson-garage-metal-plate-p-33719.html HTTP/1.0" 200 72932 "-" "Mozilla/5.0 (Linux; Android 7.0;) AppleWebKit/537.36 (KHTML, like Gecko) Mobile Safari/537.36 (compatible; PetalBot;+https://webmaster.petalsearch.com/site/petalbot)"
157.55.39.127 - - [16/Jul/2021:10:11:37 +0200] "GET /urss-mouse-cbkreation-p-13992.html HTTP/1.0" 200 72794 "-" "Mozilla/5.0 (compatible; bingbot/2.0; +http://www.bing.com/bingbot.htm)"
157.55.39.127 - - [16/Jul/2021:10:11:39 +0200] "GET /volkswagen-electronic-lighter-p-47731.html HTTP/1.0" 301 70264 "-" "Mozilla/5.0 (compatible; bingbot/2.0; +http://www.bing.com/bingbot.htm)"
40.77.167.36 - - [16/Jul/2021:10:11:42 +0200] "GET /images/5411854144577.jpg HTTP/1.0" 200 259 "-" "Mozilla/5.0 (compatible; bingbot/2.0; +http://www.bing.com/bingbot.htm)"
54.36.148.242 - - [16/Jul/2021:10:11:42 +0200] "GET /despicable-marbles-p-33480.html HTTP/1.0" 200 73011 "-" "Mozilla/5.0 (compatible; AhrefsBot/7.0; +http://ahrefs.com/robot/)"
40.77.167.36 - - [16/Jul/2021:10:11:43 +0200] "GET /garden-gnomes-clock-p-32004.html HTTP/1.0" 200 70283 "-" "Mozilla/5.0 (compatible; bingbot/2.0; +http://www.bing.com/bingbot.htm)"
40.77.167.25 - - [16/Jul/2021:10:11:52 +0200] "GET /-p-24485.html HTTP/1.0" 200 70197 "-" "Mozilla/5.0 (compatible; bingbot/2.0; +http://www.bing.com/bingbot.htm)"
40.77.167.77 - - [16/Jul/2021:10:11:53 +0200] "GET /images/big_prod/8424001774395.jpg HTTP/1.0" 200 268 "-" "Mozilla/5.0 (compatible; bingbot/2.0; +http://www.bing.com/bingbot.htm)"
40.77.167.25 - - [16/Jul/2021:10:12:06 +0200] "GET /yellow-bluetooth-radio-p-47529.html HTTP/1.0" 200 74210 "-" "Mozilla/5.0 (compatible; bingbot/2.0; +http://www.bing.com/bingbot.htm)"
40.77.167.25 - - [16/Jul/2021:10:12:09 +0200] "GET /unicorn-jewelry-holder-black-cup-p-48881.html HTTP/1.0" 301 73126 "-" "Mozilla/5.0 (compatible; bingbot/2.0; +http://www.bing.com/bingbot.htm)"
185.191.171.8 - - [16/Jul/2021:10:12:41 +0200] "GET /ultrasonic-aroma-diffuser-forest-natural-p-54112.html HTTP/1.0" 200 74883 "-" "Mozilla/5.0 (compatible; SemrushBot/7~bl; +http://www.semrush.com/bot.html)"
35.243.248.148 - - [16/Jul/2021:10:12:55 +0200] "GET /products_new.php HTTP/1.0" 200 95410 "-" "ZoominfoBot (zoominfobot at zoominfo dot com)"
40.77.167.36 - - [16/Jul/2021:10:13:13 +0200] "GET /images/big_prod/8720088296042.jpg HTTP/1.0" 200 268 "-" "Mozilla/5.0 (compatible; bingbot/2.0; +http://www.bing.com/bingbot.htm)"
35.243.248.148 - - [16/Jul/2021:10:13:14 +0200] "GET /checkout_shipping.php HTTP/1.0" 302 468 "-" "ZoominfoBot (zoominfobot at zoominfo dot com)"
114.119.147.45 - - [16/Jul/2021:10:13:16 +0200] "GET /images/big_prod/8422018239517a.jpg HTTP/1.0" 200 269 "-" "Mozilla/5.0 (Linux; Android 7.0;) AppleWebKit/537.36 (KHTML, like Gecko) Mobile Safari/537.36 (compatible; PetalBot;+https://webmaster.petalsearch.com/site/petalbot)"
54.36.148.242 - - [16/Jul/2021:10:13:26 +0200] "GET /large-dark-gray-porcelain-lamp-p-55235.html HTTP/1.0" 200 73713 "-" "Mozilla/5.0 (compatible; AhrefsBot/7.0; +http://ahrefs.com/robot/)"
207.46.13.65 - - [16/Jul/2021:10:13:27 +0200] "GET /images/big_prod_1/4029811442959B.jpg HTTP/1.0" 200 271 "-" "Mozilla/5.0 (compatible; bingbot/2.0; +http://www.bing.com/bingbot.htm)"
207.46.13.65 - - [16/Jul/2021:10:13:29 +0200] "GET /-p-19980.html HTTP/1.0" 200 70197 "-" "Mozilla/5.0 (compatible; bingbot/2.0; +http://www.bing.com/bingbot.htm)"
35.243.248.148 - - [16/Jul/2021:10:14:01 +0200] "GET /bottle-holder-beer-bucket-c-12_224.html HTTP/1.0" 200 89630 "-" "ZoominfoBot (zoominfobot at zoominfo dot com)"
185.191.171.11 - - [16/Jul/2021:10:14:23 +0200] "GET /dishes-c-13_12.html?page=140 HTTP/1.0" 200 90710 "-" "Mozilla/5.0 (compatible; SemrushBot/7~bl; +http://www.semrush.com/bot.html)"
185.191.171.3 - - [16/Jul/2021:10:14:41 +0200] "GET /disney-princess-kids-school-p-14535.html HTTP/1.0" 200 73214 "-" "Mozilla/5.0 (compatible; SemrushBot/7~bl; +http://www.semrush.com/bot.html)"
35.243.248.148 - - [16/Jul/2021:10:14:43 +0200] "GET /manicure-articles-c-31_204.html HTTP/1.0" 200 89436 "-" "ZoominfoBot (zoominfobot at zoominfo dot com)"
114.119.151.113 - - [16/Jul/2021:10:15:02 +0200] "GET /images/big_prod_1/3453131121729a.jpg HTTP/1.0" 200 271 "-" "Mozilla/5.0 (Linux; Android 7.0;) AppleWebKit/537.36 (KHTML, like Gecko) Mobile Safari/537.36 (compatible; PetalBot;+https://webmaster.petalsearch.com/site/petalbot)"
54.36.148.242 - - [16/Jul/2021:10:15:05 +0200] "GET /flower-foot-p-55579.html HTTP/1.0" 200 72843 "-" "Mozilla/5.0 (compatible; AhrefsBot/7.0; +http://ahrefs.com/robot/)"
40.77.167.77 - - [16/Jul/2021:10:15:12 +0200] "GET /porcelain-with-infuser-p-48053.html HTTP/1.0" 200 72859 "-" "Mozilla/5.0 (compatible; bingbot/2.0; +http://www.bing.com/bingbot.htm)"
185.191.171.2 - - [16/Jul/2021:10:15:16 +0200] "GET /-p-40593.html?action=add_product HTTP/1.0" 302 476 "-" "Mozilla/5.0 (compatible; SemrushBot/7~bl; +http://www.semrush.com/bot.html)"
207.46.13.65 - - [16/Jul/2021:10:15:29 +0200] "GET /pucca-tights-p-34658.html HTTP/1.0" 200 73892 "-" "Mozilla/5.0 (compatible; bingbot/2.0; +http://www.bing.com/bingbot.htm)"
35.243.248.148 - - [16/Jul/2021:10:15:55 +0200] "GET /with-infuser-c-12_221.html HTTP/1.0" 200 90836 "-" "ZoominfoBot (zoominfobot at zoominfo dot com)"
207.46.13.65 - - [16/Jul/2021:10:16:09 +0200] "GET /calimero-mousepad-p-10929.html HTTP/1.0" 200 72792 "-" "Mozilla/5.0 (compatible; bingbot/2.0; +http://www.bing.com/bingbot.htm)"
40.77.167.77 - - [16/Jul/2021:10:16:10 +0200] "GET /decoration-protection-animal-iphone-cable-p-47282.html HTTP/1.0" 200 76992 "-" "Mozilla/5.0 (compatible; bingbot/2.0; +http://www.bing.com/bingbot.htm)"
207.46.13.51 - - [16/Jul/2021:10:16:13 +0200] "GET /sailor-moon-p-30223.html HTTP/1.0" 200 72818 "-" "Mozilla/5.0 (compatible; bingbot/2.0; +http://www.bing.com/bingbot.htm)"
207.46.13.127 - - [16/Jul/2021:10:16:13 +0200] "GET /-p-36670.html HTTP/1.0" 200 70197 "-" "Mozilla/5.0 (compatible; bingbot/2.0; +http://www.bing.com/bingbot.htm)"
185.191.171.41 - - [16/Jul/2021:10:16:14 +0200] "GET /paperweight-girl-with-pearl-earring-vermeer-p-55504.html HTTP/1.0" 200 73735 "-" "Mozilla/5.0 (compatible; SemrushBot/7~bl; +http://www.semrush.com/bot.html)"
17.121.113.198 - - [16/Jul/2021:10:16:19 +0200] "GET /kitchen-supports-p-44485.html HTTP/1.0" 200 73061 "-" "Mozilla/5.0 (Macintosh; Intel Mac OS X 10_15_5) AppleWebKit/605.1.15 (KHTML, like Gecko) Version/13.1.1 Safari/605.1.15 (Applebot/0.1; +http://www.apple.com/go/applebot)"
185.191.171.12 - - [16/Jul/2021:10:16:29 +0200] "GET /fitted-sheet-cotton-percale-threads-p-51241.html HTTP/1.0" 200 73162 "-" "Mozilla/5.0 (compatible; SemrushBot/7~bl; +http://www.semrush.com/bot.html)"
207.46.13.65 - - [16/Jul/2021:10:16:36 +0200] "GET /swfobject.js HTTP/1.0" 404 1308 "-" "Mozilla/5.0 (compatible; bingbot/2.0; +http://www.bing.com/bingbot.htm)"
54.36.148.242 - - [16/Jul/2021:10:16:40 +0200] "GET /snow-glitter-ball-c-13_259.html HTTP/1.0" 200 90019 "-" "Mozilla/5.0 (compatible; AhrefsBot/7.0; +http://ahrefs.com/robot/)"
114.119.132.105 - - [16/Jul/2021:10:16:44 +0200] "GET /fff-jug-litre-p-33908.html HTTP/1.0" 301 72875 "-" "Mozilla/5.0 (Linux; Android 7.0;) AppleWebKit/537.36 (KHTML, like Gecko) Mobile Safari/537.36 (compatible; PetalBot;+https://webmaster.petalsearch.com/site/petalbot)"
114.119.132.105 - - [16/Jul/2021:10:16:45 +0200] "GET /litre-p-33908.html HTTP/1.0" 200 72803 "-" "Mozilla/5.0 (Linux; Android 7.0;) AppleWebKit/537.36 (KHTML, like Gecko) Mobile Safari/537.36 (compatible; PetalBot;+https://webmaster.petalsearch.com/site/petalbot)"
157.55.39.127 - - [16/Jul/2021:10:17:07 +0200] "GET /-p-17813.html HTTP/1.0" 200 70197 "-" "Mozilla/5.0 (compatible; bingbot/2.0; +http://www.bing.com/bingbot.htm)"
207.46.13.142 - - [16/Jul/2021:10:17:29 +0200] "GET /sticker-for-windows-chakra-p-48349.html HTTP/1.0" 301 72986 "-" "Mozilla/5.0 (compatible; bingbot/2.0; +http://www.bing.com/bingbot.htm)"
35.243.248.148 - - [16/Jul/2021:10:17:34 +0200] "GET /dishes-dishes-c-12_251.html HTTP/1.0" 200 89414 "-" "ZoominfoBot (zoominfobot at zoominfo dot com)"
66.249.72.166 - - [16/Jul/2021:10:17:35 +0200] "GET /images/mini_prod/5027166920008.jpg HTTP/1.0" 200 269 "-" "Googlebot-Image/1.0"
207.46.13.125 - - [16/Jul/2021:10:17:44 +0200] "GET /donkey-kong-shirt-p-29598.html HTTP/1.0" 200 74221 "-" "Mozilla/5.0 (compatible; bingbot/2.0; +http://www.bing.com/bingbot.htm)"
185.191.171.21 - - [16/Jul/2021:10:18:04 +0200] "GET /candy-cloud-unicorn-jazzy-p-49785.html HTTP/1.0" 200 73364 "-" "Mozilla/5.0 (compatible; SemrushBot/7~bl; +http://www.semrush.com/bot.html)"
185.191.171.37 - - [16/Jul/2021:10:18:06 +0200] "GET /betty-boop-rectangular-metal-plate-p-12383.html HTTP/1.0" 200 70358 "-" "Mozilla/5.0 (compatible; SemrushBot/7~bl; +http://www.semrush.com/bot.html)"
54.36.148.242 - - [16/Jul/2021:10:18:14 +0200] "GET /characters-sculpture-natural-wood-aluminum-p-55478.html HTTP/1.0" 200 73176 "-" "Mozilla/5.0 (compatible; AhrefsBot/7.0; +http://ahrefs.com/robot/)"
185.191.171.21 - - [16/Jul/2021:10:18:17 +0200] "GET /decoration-elephant-head-p-46693.html HTTP/1.0" 200 72950 "-" "Mozilla/5.0 (compatible; SemrushBot/7~bl; +http://www.semrush.com/bot.html)"
114.119.145.117 - - [16/Jul/2021:10:18:19 +0200] "GET /summer-beach-party-wooden-wall-decoration-to-hang-p-37233.html HTTP/1.0" 301 73166 "-" "Mozilla/5.0 (Linux; Android 7.0;) AppleWebKit/537.36 (KHTML, like Gecko) Mobile Safari/537.36 (compatible; PetalBot;+https://webmaster.petalsearch.com/site/petalbot)"
114.119.145.117 - - [16/Jul/2021:10:18:20 +0200] "GET /summer-beach-party-wooden-wall-decoration-hang-p-37233.html HTTP/1.0" 200 73053 "-" "Mozilla/5.0 (Linux; Android 7.0;) AppleWebKit/537.36 (KHTML, like Gecko) Mobile Safari/537.36 (compatible; PetalBot;+https://webmaster.petalsearch.com/site/petalbot)"
66.249.72.168 - - [16/Jul/2021:10:18:53 +0200] "GET /the-howling-of-wolves-cushion-p-34141.html HTTP/1.0" 301 70264 "-" "Mozilla/5.0 (compatible; Googlebot/2.1; +http://www.google.com/bot.html)"
66.249.72.170 - - [16/Jul/2021:10:18:55 +0200] "GET /-p-34141.html HTTP/1.0" 200 70197 "-" "Mozilla/5.0 (compatible; Googlebot/2.1; +http://www.google.com/bot.html)"
84.13.28.67 - - [16/Jul/2021:10:18:59 +0200] "GET /large-eco-responsible-bamboo-ginger-candle-heart-and-home-p-52796.html HTTP/1.0" 301 74314 "https://www.google.com/" "Mozilla/5.0 (Linux; Android 11; SM-G970F) AppleWebKit/537.36 (KHTML, like Gecko) Chrome/91.0.4472.120 Mobile Safari/537.36"
84.13.28.67 - - [16/Jul/2021:10:19:00 +0200] "GET /large-responsible-bamboo-ginger-candle-heart-home-p-52796.html HTTP/1.0" 200 74198 "https://www.google.com/" "Mozilla/5.0 (Linux; Android 11; SM-G970F) AppleWebKit/537.36 (KHTML, like Gecko) Chrome/91.0.4472.120 Mobile Safari/537.36"
84.13.28.67 - - [16/Jul/2021:10:19:00 +0200] "GET /large-eco-responsible-bamboo-ginger-candle-heart-and-home-p-52796.html HTTP/1.0" 301 74314 "https://www.google.com/" "Mozilla/5.0 (Linux; Android 11; SM-G970F) AppleWebKit/537.36 (KHTML, like Gecko) Chrome/91.0.4472.120 Mobile Safari/537.36"
84.13.28.67 - - [16/Jul/2021:10:19:01 +0200] "GET /large-responsible-bamboo-ginger-candle-heart-home-p-52796.html HTTP/1.0" 200 74198 "https://www.google.com/" "Mozilla/5.0 (Linux; Android 11; SM-G970F) AppleWebKit/537.36 (KHTML, like Gecko) Chrome/91.0.4472.120 Mobile Safari/537.36"
66.249.93.14 - - [16/Jul/2021:10:19:02 +0200] "GET /images/big_prod_2/bambou1.jpg HTTP/1.0" 200 264 "-" "Mozilla/5.0 (Windows NT 5.1; rv:11.0) Gecko Firefox/11.0 (via ggpht.com GoogleImageProxy)"
84.13.28.67 - - [16/Jul/2021:10:19:02 +0200] "GET /templates/Pixame_v1/stylesheet.css HTTP/1.0" 200 267 "http://www.wonder-geek.com/large-responsible-bamboo-ginger-candle-heart-home-p-52796.html" "Mozilla/5.0 (Linux; Android 11; SM-G970F) AppleWebKit/537.36 (KHTML, like Gecko) Chrome/91.0.4472.120 Mobile Safari/537.36"
84.13.28.67 - - [16/Jul/2021:10:19:02 +0200] "GET /highslide/highslide.js HTTP/1.0" 200 262 "http://www.wonder-geek.com/large-responsible-bamboo-ginger-candle-heart-home-p-52796.html" "Mozilla/5.0 (Linux; Android 11; SM-G970F) AppleWebKit/537.36 (KHTML, like Gecko) Chrome/91.0.4472.120 Mobile Safari/537.36"
84.13.28.67 - - [16/Jul/2021:10:19:02 +0200] "GET /js/jquery.js HTTP/1.0" 200 252 "http://www.wonder-geek.com/large-responsible-bamboo-ginger-candle-heart-home-p-52796.html" "Mozilla/5.0 (Linux; Android 11; SM-G970F) AppleWebKit/537.36 (KHTML, like Gecko) Chrome/91.0.4472.120 Mobile Safari/537.36"
84.13.28.67 - - [16/Jul/2021:10:19:02 +0200] "GET /js/jquery.jqzoom.js HTTP/1.0" 200 259 "http://www.wonder-geek.com/large-responsible-bamboo-ginger-candle-heart-home-p-52796.html" "Mozilla/5.0 (Linux; Android 11; SM-G970F) AppleWebKit/537.36 (KHTML, like Gecko) Chrome/91.0.4472.120 Mobile Safari/537.36"
84.13.28.67 - - [16/Jul/2021:10:19:02 +0200] "GET /mondial_relay/js/jquery-1.3.2.min.js HTTP/1.0" 200 276 "http://www.wonder-geek.com/large-responsible-bamboo-ginger-candle-heart-home-p-52796.html" "Mozilla/5.0 (Linux; Android 11; SM-G970F) AppleWebKit/537.36 (KHTML, like Gecko) Chrome/91.0.4472.120 Mobile Safari/537.36"
84.13.28.67 - - [16/Jul/2021:10:19:02 +0200] "GET /swfobject.js HTTP/1.0" 404 1308 "http://www.wonder-geek.com/large-responsible-bamboo-ginger-candle-heart-home-p-52796.html" "Mozilla/5.0 (Linux; Android 11; SM-G970F) AppleWebKit/537.36 (KHTML, like Gecko) Chrome/91.0.4472.120 Mobile Safari/537.36"
84.13.28.67 - - [16/Jul/2021:10:19:02 +0200] "GET /templates/Pixame_v1/images/icon_accueil2.png HTTP/1.0" 200 278 "http://www.wonder-geek.com/large-responsible-bamboo-ginger-candle-heart-home-p-52796.html" "Mozilla/5.0 (Linux; Android 11; SM-G970F) AppleWebKit/537.36 (KHTML, like Gecko) Chrome/91.0.4472.120 Mobile Safari/537.36"
84.13.28.67 - - [16/Jul/2021:10:19:02 +0200] "GET /templates/Pixame_v1/images/infobox/pixel_trans.gif HTTP/1.0" 200 328 "http://www.wonder-geek.com/large-responsible-bamboo-ginger-candle-heart-home-p-52796.html" "Mozilla/5.0 (Linux; Android 11; SM-G970F) AppleWebKit/537.36 (KHTML, like Gecko) Chrome/91.0.4472.120 Mobile Safari/537.36"
84.13.28.67 - - [16/Jul/2021:10:19:02 +0200] "GET /images/pixel_trans.gif HTTP/1.0" 200 328 "http://www.wonder-geek.com/large-responsible-bamboo-ginger-candle-heart-home-p-52796.html" "Mozilla/5.0 (Linux; Android 11; SM-G970F) AppleWebKit/537.36 (KHTML, like Gecko) Chrome/91.0.4472.120 Mobile Safari/537.36"
84.13.28.67 - - [16/Jul/2021:10:19:02 +0200] "GET /templates/Pixame_v1/images/pixel_trans.gif HTTP/1.0" 200 328 "http://www.wonder-geek.com/large-responsible-bamboo-ginger-candle-heart-home-p-52796.html" "Mozilla/5.0 (Linux; Android 11; SM-G970F) AppleWebKit/537.36 (KHTML, like Gecko) Chrome/91.0.4472.120 Mobile Safari/537.36"
84.13.28.67 - - [16/Jul/2021:10:19:02 +0200] "GET /images/big_prod/5051276388113.jpg HTTP/1.0" 200 268 "http://www.wonder-geek.com/large-responsible-bamboo-ginger-candle-heart-home-p-52796.html" "Mozilla/5.0 (Linux; Android 11; SM-G970F) AppleWebKit/537.36 (KHTML, like Gecko) Chrome/91.0.4472.120 Mobile Safari/537.36"
84.13.28.67 - - [16/Jul/2021:10:19:02 +0200] "GET /images/big_prod_1/bambougingembre.jpg HTTP/1.0" 200 272 "http://www.wonder-geek.com/large-responsible-bamboo-ginger-candle-heart-home-p-52796.html" "Mozilla/5.0 (Linux; Android 11; SM-G970F) AppleWebKit/537.36 (KHTML, like Gecko) Chrome/91.0.4472.120 Mobile Safari/537.36"
84.13.28.67 - - [16/Jul/2021:10:19:02 +0200] "GET /swfobject.js HTTP/1.0" 404 1308 "http://www.wonder-geek.com/large-responsible-bamboo-ginger-candle-heart-home-p-52796.html" "Mozilla/5.0 (Linux; Android 11; SM-G970F) AppleWebKit/537.36 (KHTML, like Gecko) Chrome/91.0.4472.120 Mobile Safari/537.36"
84.13.28.67 - - [16/Jul/2021:10:19:02 +0200] "GET /images/big_prod_2/bambou1.jpg HTTP/1.0" 200 264 "http://www.wonder-geek.com/large-responsible-bamboo-ginger-candle-heart-home-p-52796.html" "Mozilla/5.0 (Linux; Android 11; SM-G970F) AppleWebKit/537.36 (KHTML, like Gecko) Chrome/91.0.4472.120 Mobile Safari/537.36"
84.13.28.67 - - [16/Jul/2021:10:19:02 +0200] "GET /templates/Pixame_v1/images/buttons/english/button_in_cart.gif HTTP/1.0" 200 295 "http://www.wonder-geek.com/large-responsible-bamboo-ginger-candle-heart-home-p-52796.html" "Mozilla/5.0 (Linux; Android 11; SM-G970F) AppleWebKit/537.36 (KHTML, like Gecko) Chrome/91.0.4472.120 Mobile Safari/537.36"
84.13.28.67 - - [16/Jul/2021:10:19:02 +0200] "GET /templates/Pixame_v1/images/Bottom_texture.jpg HTTP/1.0" 200 280 "http://www.wonder-geek.com/templates/Pixame_v1/stylesheet.css" "Mozilla/5.0 (Linux; Android 11; SM-G970F) AppleWebKit/537.36 (KHTML, like Gecko) Chrome/91.0.4472.120 Mobile Safari/537.36"
84.13.28.67 - - [16/Jul/2021:10:19:02 +0200] "GET /templates/Pixame_v1/images/header.png HTTP/1.0" 200 271 "http://www.wonder-geek.com/templates/Pixame_v1/stylesheet.css" "Mozilla/5.0 (Linux; Android 11; SM-G970F) AppleWebKit/537.36 (KHTML, like Gecko) Chrome/91.0.4472.120 Mobile Safari/537.36"
84.13.28.67 - - [16/Jul/2021:10:19:02 +0200] "GET /templates/Pixame_v1/images/header-object.png HTTP/1.0" 200 278 "http://www.wonder-geek.com/templates/Pixame_v1/stylesheet.css" "Mozilla/5.0 (Linux; Android 11; SM-G970F) AppleWebKit/537.36 (KHTML, like Gecko) Chrome/91.0.4472.120 Mobile Safari/537.36"
84.13.28.67 - - [16/Jul/2021:10:19:02 +0200] "GET /templates/Pixame_v1/images/nav.png HTTP/1.0" 200 268 "http://www.wonder-geek.com/templates/Pixame_v1/stylesheet.css" "Mozilla/5.0 (Linux; Android 11; SM-G970F) AppleWebKit/537.36 (KHTML, like Gecko) Chrome/91.0.4472.120 Mobile Safari/537.36"
84.13.28.67 - - [16/Jul/2021:10:19:02 +0200] "GET /templates/Pixame_v1/images/Middle_texture.jpg HTTP/1.0" 200 280 "http://www.wonder-geek.com/templates/Pixame_v1/stylesheet.css" "Mozilla/5.0 (Linux; Android 11; SM-G970F) AppleWebKit/537.36 (KHTML, like Gecko) Chrome/91.0.4472.120 Mobile Safari/537.36"
84.13.28.67 - - [16/Jul/2021:10:19:02 +0200] "GET /design/productsenstock.png HTTP/1.0" 200 260 "http://www.wonder-geek.com/templates/Pixame_v1/stylesheet.css" "Mozilla/5.0 (Linux; Android 11; SM-G970F) AppleWebKit/537.36 (KHTML, like Gecko) Chrome/91.0.4472.120 Mobile Safari/537.36"
84.13.28.67 - - [16/Jul/2021:10:19:02 +0200] "GET /templates/Pixame_v1/images/infobox/infobox_footer_middle.gif HTTP/1.0" 200 357 "http://www.wonder-geek.com/large-responsible-bamboo-ginger-candle-heart-home-p-52796.html" "Mozilla/5.0 (Linux; Android 11; SM-G970F) AppleWebKit/537.36 (KHTML, like Gecko) Chrome/91.0.4472.120 Mobile Safari/537.36"
84.13.28.67 - - [16/Jul/2021:10:19:02 +0200] "GET /highslide/graphics/zoomin.cur HTTP/1.0" 200 614 "http://www.wonder-geek.com/templates/Pixame_v1/stylesheet.css" "Mozilla/5.0 (Linux; Android 11; SM-G970F) AppleWebKit/537.36 (KHTML, like Gecko) Chrome/91.0.4472.120 Mobile Safari/537.36"
84.13.28.67 - - [16/Jul/2021:10:19:02 +0200] "GET /highslide/graphics/outlines/drop-shadow.png HTTP/1.0" 200 277 "http://www.wonder-geek.com/large-responsible-bamboo-ginger-candle-heart-home-p-52796.html" "Mozilla/5.0 (Linux; Android 11; SM-G970F) AppleWebKit/537.36 (KHTML, like Gecko) Chrome/91.0.4472.120 Mobile Safari/537.36"
84.13.28.67 - - [16/Jul/2021:10:19:02 +0200] "GET /highslide/graphics/zoomout.cur HTTP/1.0" 200 614 "http://www.wonder-geek.com/large-responsible-bamboo-ginger-candle-heart-home-p-52796.html" "Mozilla/5.0 (Linux; Android 11; SM-G970F) AppleWebKit/537.36 (KHTML, like Gecko) Chrome/91.0.4472.120 Mobile Safari/537.36"
84.13.28.67 - - [16/Jul/2021:10:19:02 +0200] "GET /highslide/graphics/loader.white.gif HTTP/1.0" 200 960 "http://www.wonder-geek.com/templates/Pixame_v1/stylesheet.css" "Mozilla/5.0 (Linux; Android 11; SM-G970F) AppleWebKit/537.36 (KHTML, like Gecko) Chrome/91.0.4472.120 Mobile Safari/537.36"
84.13.28.67 - - [16/Jul/2021:10:19:02 +0200] "GET /favicon.ico HTTP/1.0" 200 260 "http://www.wonder-geek.com/large-responsible-bamboo-ginger-candle-heart-home-p-52796.html" "Mozilla/5.0 (Linux; Android 11; SM-G970F) AppleWebKit/537.36 (KHTML, like Gecko) Chrome/91.0.4472.120 Mobile Safari/537.36"
40.77.167.36 - - [16/Jul/2021:10:19:05 +0200] "GET /-p-20601.html HTTP/1.0" 200 70197 "-" "Mozilla/5.0 (compatible; bingbot/2.0; +http://www.bing.com/bingbot.htm)"
157.55.39.121 - - [16/Jul/2021:10:19:16 +0200] "GET /images/big_prod/3503420082726.jpg HTTP/1.0" 200 268 "-" "Mozilla/5.0 (compatible; bingbot/2.0; +http://www.bing.com/bingbot.htm)"
84.13.28.67 - - [16/Jul/2021:10:19:29 +0200] "GET /highslide/graphics/fullexpand.gif HTTP/1.0" 200 495 "http://www.wonder-geek.com/templates/Pixame_v1/stylesheet.css" "Mozilla/5.0 (Linux; Android 11; SM-G970F) AppleWebKit/537.36 (KHTML, like Gecko) Chrome/91.0.4472.120 Mobile Safari/537.36"
84.13.28.67 - - [16/Jul/2021:10:19:31 +0200] "GET /large-responsible-bamboo-ginger-candle-heart-home-p-52796.html HTTP/1.0" 200 74198 "https://www.google.com/" "Mozilla/5.0 (Linux; Android 11; SM-G970F) AppleWebKit/537.36 (KHTML, like Gecko) Chrome/91.0.4472.120 Mobile Safari/537.36"
84.13.28.67 - - [16/Jul/2021:10:19:32 +0200] "GET /swfobject.js HTTP/1.0" 404 1308 "http://www.wonder-geek.com/large-responsible-bamboo-ginger-candle-heart-home-p-52796.html" "Mozilla/5.0 (Linux; Android 11; SM-G970F) AppleWebKit/537.36 (KHTML, like Gecko) Chrome/91.0.4472.120 Mobile Safari/537.36"
84.13.28.67 - - [16/Jul/2021:10:19:32 +0200] "GET /swfobject.js HTTP/1.0" 404 1308 "http://www.wonder-geek.com/large-responsible-bamboo-ginger-candle-heart-home-p-52796.html" "Mozilla/5.0 (Linux; Android 11; SM-G970F) AppleWebKit/537.36 (KHTML, like Gecko) Chrome/91.0.4472.120 Mobile Safari/537.36"
84.13.28.67 - - [16/Jul/2021:10:19:32 +0200] "GET /favicon.ico HTTP/1.0" 200 260 "http://www.wonder-geek.com/large-responsible-bamboo-ginger-candle-heart-home-p-52796.html" "Mozilla/5.0 (Linux; Android 11; SM-G970F) AppleWebKit/537.36 (KHTML, like Gecko) Chrome/91.0.4472.120 Mobile Safari/537.36"
84.13.28.67 - - [16/Jul/2021:10:19:33 +0200] "GET /large-responsible-bamboo-ginger-candle-heart-home-p-52796.html HTTP/1.0" 200 74198 "https://www.google.com/" "Mozilla/5.0 (Linux; Android 11; SM-G970F) AppleWebKit/537.36 (KHTML, like Gecko) Chrome/91.0.4472.120 Mobile Safari/537.36"
84.13.28.67 - - [16/Jul/2021:10:19:34 +0200] "GET /swfobject.js HTTP/1.0" 404 1308 "http://www.wonder-geek.com/large-responsible-bamboo-ginger-candle-heart-home-p-52796.html" "Mozilla/5.0 (Linux; Android 11; SM-G970F) AppleWebKit/537.36 (KHTML, like Gecko) Chrome/91.0.4472.120 Mobile Safari/537.36"
84.13.28.67 - - [16/Jul/2021:10:19:34 +0200] "GET /favicon.ico HTTP/1.0" 200 260 "http://www.wonder-geek.com/large-responsible-bamboo-ginger-candle-heart-home-p-52796.html" "Mozilla/5.0 (Linux; Android 11; SM-G970F) AppleWebKit/537.36 (KHTML, like Gecko) Chrome/91.0.4472.120 Mobile Safari/537.36"
54.36.148.242 - - [16/Jul/2021:10:19:47 +0200] "GET /dinosaur-nightlight-green-p-55363.html HTTP/1.0" 200 74130 "-" "Mozilla/5.0 (compatible; AhrefsBot/7.0; +http://ahrefs.com/robot/)"
114.119.132.105 - - [16/Jul/2021:10:20:01 +0200] "GET /despicable-me-mirror-p-32541.html HTTP/1.0" 301 72906 "-" "Mozilla/5.0 (Linux; Android 7.0;) AppleWebKit/537.36 (KHTML, like Gecko) Mobile Safari/537.36 (compatible; PetalBot;+https://webmaster.petalsearch.com/site/petalbot)"
114.119.132.105 - - [16/Jul/2021:10:20:02 +0200] "GET /despicable-mirror-p-32541.html HTTP/1.0" 200 72822 "-" "Mozilla/5.0 (Linux; Android 7.0;) AppleWebKit/537.36 (KHTML, like Gecko) Mobile Safari/537.36 (compatible; PetalBot;+https://webmaster.petalsearch.com/site/petalbot)"
157.55.39.121 - - [16/Jul/2021:10:20:15 +0200] "GET /images/mini_prod/3700281645842.jpg HTTP/1.0" 200 269 "-" "Mozilla/5.0 (compatible; bingbot/2.0; +http://www.bing.com/bingbot.htm)"
84.13.28.67 - - [16/Jul/2021:10:20:34 +0200] "GET /fragrances-ambiance-c-231.html HTTP/1.0" 200 92315 "http://www.wonder-geek.com/large-responsible-bamboo-ginger-candle-heart-home-p-52796.html" "Mozilla/5.0 (Linux; Android 11; SM-G970F) AppleWebKit/537.36 (KHTML, like Gecko) Chrome/91.0.4472.120 Mobile Safari/537.36"
84.13.28.67 - - [16/Jul/2021:10:20:35 +0200] "GET /swfobject.js HTTP/1.0" 404 1308 "http://www.wonder-geek.com/fragrances-ambiance-c-231.html" "Mozilla/5.0 (Linux; Android 11; SM-G970F) AppleWebKit/537.36 (KHTML, like Gecko) Chrome/91.0.4472.120 Mobile Safari/537.36"
84.13.28.67 - - [16/Jul/2021:10:20:35 +0200] "GET /images/mini_prod/8901810021006.jpg HTTP/1.0" 200 269 "http://www.wonder-geek.com/fragrances-ambiance-c-231.html" "Mozilla/5.0 (Linux; Android 11; SM-G970F) AppleWebKit/537.36 (KHTML, like Gecko) Chrome/91.0.4472.120 Mobile Safari/537.36"
84.13.28.67 - - [16/Jul/2021:10:20:35 +0200] "GET /images/mini_prod/8901319003121.jpg HTTP/1.0" 200 269 "http://www.wonder-geek.com/fragrances-ambiance-c-231.html" "Mozilla/5.0 (Linux; Android 11; SM-G970F) AppleWebKit/537.36 (KHTML, like Gecko) Chrome/91.0.4472.120 Mobile Safari/537.36"
84.13.28.67 - - [16/Jul/2021:10:20:35 +0200] "GET /images/mini_prod/8422017821195BB.jpg HTTP/1.0" 200 271 "http://www.wonder-geek.com/fragrances-ambiance-c-231.html" "Mozilla/5.0 (Linux; Android 11; SM-G970F) AppleWebKit/537.36 (KHTML, like Gecko) Chrome/91.0.4472.120 Mobile Safari/537.36"
84.13.28.67 - - [16/Jul/2021:10:20:35 +0200] "GET /images/mini_prod/NN8422017821065NN.jpg HTTP/1.0" 200 273 "http://www.wonder-geek.com/fragrances-ambiance-c-231.html" "Mozilla/5.0 (Linux; Android 11; SM-G970F) AppleWebKit/537.36 (KHTML, like Gecko) Chrome/91.0.4472.120 Mobile Safari/537.36"
84.13.28.67 - - [16/Jul/2021:10:20:35 +0200] "GET /images/mini_prod/8422017821171.jpg HTTP/1.0" 200 269 "http://www.wonder-geek.com/fragrances-ambiance-c-231.html" "Mozilla/5.0 (Linux; Android 11; SM-G970F) AppleWebKit/537.36 (KHTML, like Gecko) Chrome/91.0.4472.120 Mobile Safari/537.36"
84.13.28.67 - - [16/Jul/2021:10:20:35 +0200] "GET /js/jquery.min.js HTTP/1.0" 404 1308 "http://www.wonder-geek.com/fragrances-ambiance-c-231.html" "Mozilla/5.0 (Linux; Android 11; SM-G970F) AppleWebKit/537.36 (KHTML, like Gecko) Chrome/91.0.4472.120 Mobile Safari/537.36"
84.13.28.67 - - [16/Jul/2021:10:20:35 +0200] "GET /images/mini_prod/8422017821126.jpg HTTP/1.0" 200 269 "http://www.wonder-geek.com/fragrances-ambiance-c-231.html" "Mozilla/5.0 (Linux; Android 11; SM-G970F) AppleWebKit/537.36 (KHTML, like Gecko) Chrome/91.0.4472.120 Mobile Safari/537.36"
84.13.28.67 - - [16/Jul/2021:10:20:35 +0200] "GET /js/jquery.masonry.min.js HTTP/1.0" 200 264 "http://www.wonder-geek.com/fragrances-ambiance-c-231.html" "Mozilla/5.0 (Linux; Android 11; SM-G970F) AppleWebKit/537.36 (KHTML, like Gecko) Chrome/91.0.4472.120 Mobile Safari/537.36"
84.13.28.67 - - [16/Jul/2021:10:20:35 +0200] "GET /js/modernizr-transitions.js HTTP/1.0" 200 267 "http://www.wonder-geek.com/fragrances-ambiance-c-231.html" "Mozilla/5.0 (Linux; Android 11; SM-G970F) AppleWebKit/537.36 (KHTML, like Gecko) Chrome/91.0.4472.120 Mobile Safari/537.36"
84.13.28.67 - - [16/Jul/2021:10:20:35 +0200] "GET /images/mini_prod/8422017821089.jpg HTTP/1.0" 200 269 "http://www.wonder-geek.com/fragrances-ambiance-c-231.html" "Mozilla/5.0 (Linux; Android 11; SM-G970F) AppleWebKit/537.36 (KHTML, like Gecko) Chrome/91.0.4472.120 Mobile Safari/537.36"
84.13.28.67 - - [16/Jul/2021:10:20:35 +0200] "GET /images/mini_prod/8422017821058.jpg HTTP/1.0" 200 269 "http://www.wonder-geek.com/fragrances-ambiance-c-231.html" "Mozilla/5.0 (Linux; Android 11; SM-G970F) AppleWebKit/537.36 (KHTML, like Gecko) Chrome/91.0.4472.120 Mobile Safari/537.36"
84.13.28.67 - - [16/Jul/2021:10:20:35 +0200] "GET /images/mini_prod/8422017821140.jpg HTTP/1.0" 200 269 "http://www.wonder-geek.com/fragrances-ambiance-c-231.html" "Mozilla/5.0 (Linux; Android 11; SM-G970F) AppleWebKit/537.36 (KHTML, like Gecko) Chrome/91.0.4472.120 Mobile Safari/537.36"
84.13.28.67 - - [16/Jul/2021:10:20:35 +0200] "GET /images/mini_prod/8422017821096.jpg HTTP/1.0" 200 269 "http://www.wonder-geek.com/fragrances-ambiance-c-231.html" "Mozilla/5.0 (Linux; Android 11; SM-G970F) AppleWebKit/537.36 (KHTML, like Gecko) Chrome/91.0.4472.120 Mobile Safari/537.36"
84.13.28.67 - - [16/Jul/2021:10:20:35 +0200] "GET /images/mini_prod/8422017821249.jpg HTTP/1.0" 200 269 "http://www.wonder-geek.com/fragrances-ambiance-c-231.html" "Mozilla/5.0 (Linux; Android 11; SM-G970F) AppleWebKit/537.36 (KHTML, like Gecko) Chrome/91.0.4472.120 Mobile Safari/537.36"
84.13.28.67 - - [16/Jul/2021:10:20:35 +0200] "GET /design/fondothers.jpg HTTP/1.0" 200 667 "http://www.wonder-geek.com/templates/Pixame_v1/stylesheet.css" "Mozilla/5.0 (Linux; Android 11; SM-G970F) AppleWebKit/537.36 (KHTML, like Gecko) Chrome/91.0.4472.120 Mobile Safari/537.36"
84.13.28.67 - - [16/Jul/2021:10:20:35 +0200] "GET /design/fondcurrent.jpg HTTP/1.0" 200 683 "http://www.wonder-geek.com/templates/Pixame_v1/stylesheet.css" "Mozilla/5.0 (Linux; Android 11; SM-G970F) AppleWebKit/537.36 (KHTML, like Gecko) Chrome/91.0.4472.120 Mobile Safari/537.36"
84.13.28.67 - - [16/Jul/2021:10:20:35 +0200] "GET /images/mini_prod/8422017821133.jpg HTTP/1.0" 200 269 "http://www.wonder-geek.com/fragrances-ambiance-c-231.html" "Mozilla/5.0 (Linux; Android 11; SM-G970F) AppleWebKit/537.36 (KHTML, like Gecko) Chrome/91.0.4472.120 Mobile Safari/537.36"
84.13.28.67 - - [16/Jul/2021:10:20:35 +0200] "GET /images/mini_prod/8422017821034.jpg HTTP/1.0" 200 269 "http://www.wonder-geek.com/fragrances-ambiance-c-231.html" "Mozilla/5.0 (Linux; Android 11; SM-G970F) AppleWebKit/537.36 (KHTML, like Gecko) Chrome/91.0.4472.120 Mobile Safari/537.36"
84.13.28.67 - - [16/Jul/2021:10:20:35 +0200] "GET /images/mini_prod/8422017821041.jpg HTTP/1.0" 200 269 "http://www.wonder-geek.com/fragrances-ambiance-c-231.html" "Mozilla/5.0 (Linux; Android 11; SM-G970F) AppleWebKit/537.36 (KHTML, like Gecko) Chrome/91.0.4472.120 Mobile Safari/537.36"
84.13.28.67 - - [16/Jul/2021:10:20:35 +0200] "GET /images/mini_prod/8422017821157.jpg HTTP/1.0" 200 269 "http://www.wonder-geek.com/fragrances-ambiance-c-231.html" "Mozilla/5.0 (Linux; Android 11; SM-G970F) AppleWebKit/537.36 (KHTML, like Gecko) Chrome/91.0.4472.120 Mobile Safari/537.36"
84.13.28.67 - - [16/Jul/2021:10:20:35 +0200] "GET /images/mini_prod/3700344872352.jpg HTTP/1.0" 200 269 "http://www.wonder-geek.com/fragrances-ambiance-c-231.html" "Mozilla/5.0 (Linux; Android 11; SM-G970F) AppleWebKit/537.36 (KHTML, like Gecko) Chrome/91.0.4472.120 Mobile Safari/537.36"
84.13.28.67 - - [16/Jul/2021:10:20:35 +0200] "GET /images/mini_prod/a8422017821010.jpg HTTP/1.0" 200 270 "http://www.wonder-geek.com/fragrances-ambiance-c-231.html" "Mozilla/5.0 (Linux; Android 11; SM-G970F) AppleWebKit/537.36 (KHTML, like Gecko) Chrome/91.0.4472.120 Mobile Safari/537.36"
84.13.28.67 - - [16/Jul/2021:10:20:35 +0200] "GET /images/mini_prod/8422017821201.jpg HTTP/1.0" 200 269 "http://www.wonder-geek.com/fragrances-ambiance-c-231.html" "Mozilla/5.0 (Linux; Android 11; SM-G970F) AppleWebKit/537.36 (KHTML, like Gecko) Chrome/91.0.4472.120 Mobile Safari/537.36"
84.13.28.67 - - [16/Jul/2021:10:20:35 +0200] "GET /images/mini_prod/8422017821164.jpg HTTP/1.0" 200 269 "http://www.wonder-geek.com/fragrances-ambiance-c-231.html" "Mozilla/5.0 (Linux; Android 11; SM-G970F) AppleWebKit/537.36 (KHTML, like Gecko) Chrome/91.0.4472.120 Mobile Safari/537.36"
84.13.28.67 - - [16/Jul/2021:10:20:35 +0200] "GET /images/mini_prod/8422017821232.jpg HTTP/1.0" 200 269 "http://www.wonder-geek.com/fragrances-ambiance-c-231.html" "Mozilla/5.0 (Linux; Android 11; SM-G970F) AppleWebKit/537.36 (KHTML, like Gecko) Chrome/91.0.4472.120 Mobile Safari/537.36"
17.121.114.79 - - [16/Jul/2021:10:20:47 +0200] "GET /rococo-rtro-phone-p-37503.html HTTP/1.0" 200 73004 "-" "Mozilla/5.0 (Macintosh; Intel Mac OS X 10_15_5) AppleWebKit/605.1.15 (KHTML, like Gecko) Version/13.1.1 Safari/605.1.15 (Applebot/0.1; +http://www.apple.com/go/applebot)"
66.249.72.166 - - [16/Jul/2021:10:20:55 +0200] "GET /coconut-fibers-doormat-mandala-p-52119.html HTTP/1.0" 200 74012 "-" "Mozilla/5.0 (Linux; Android 6.0.1; Nexus 5X Build/MMB29P) AppleWebKit/537.36 (KHTML, like Gecko) Chrome/91.0.4472.90 Mobile Safari/537.36 (compatible; Googlebot/2.1; +http://www.google.com/bot.html)"
84.13.28.67 - - [16/Jul/2021:10:21:02 +0200] "GET /mugs-mazagrans-c-12_57.html HTTP/1.0" 200 96568 "http://www.wonder-geek.com/fragrances-ambiance-c-231.html" "Mozilla/5.0 (Linux; Android 11; SM-G970F) AppleWebKit/537.36 (KHTML, like Gecko) Chrome/91.0.4472.120 Mobile Safari/537.36"
84.13.28.67 - - [16/Jul/2021:10:21:02 +0200] "GET /swfobject.js HTTP/1.0" 404 1308 "http://www.wonder-geek.com/mugs-mazagrans-c-12_57.html" "Mozilla/5.0 (Linux; Android 11; SM-G970F) AppleWebKit/537.36 (KHTML, like Gecko) Chrome/91.0.4472.120 Mobile Safari/537.36"
84.13.28.67 - - [16/Jul/2021:10:21:02 +0200] "GET /images/mini_prod/MUGBLANC010176.jpg HTTP/1.0" 200 270 "http://www.wonder-geek.com/mugs-mazagrans-c-12_57.html" "Mozilla/5.0 (Linux; Android 11; SM-G970F) AppleWebKit/537.36 (KHTML, like Gecko) Chrome/91.0.4472.120 Mobile Safari/537.36"
84.13.28.67 - - [16/Jul/2021:10:21:02 +0200] "GET /images/mini_prod/6953270923965.jpg HTTP/1.0" 200 269 "http://www.wonder-geek.com/mugs-mazagrans-c-12_57.html" "Mozilla/5.0 (Linux; Android 11; SM-G970F) AppleWebKit/537.36 (KHTML, like Gecko) Chrome/91.0.4472.120 Mobile Safari/537.36"
84.13.28.67 - - [16/Jul/2021:10:21:02 +0200] "GET /images/mini_prod/6953270923989.jpg HTTP/1.0" 200 269 "http://www.wonder-geek.com/mugs-mazagrans-c-12_57.html" "Mozilla/5.0 (Linux; Android 11; SM-G970F) AppleWebKit/537.36 (KHTML, like Gecko) Chrome/91.0.4472.120 Mobile Safari/537.36"
84.13.28.67 - - [16/Jul/2021:10:21:02 +0200] "GET /images/mini_prod/1300000020008.jpg HTTP/1.0" 200 269 "http://www.wonder-geek.com/mugs-mazagrans-c-12_57.html" "Mozilla/5.0 (Linux; Android 11; SM-G970F) AppleWebKit/537.36 (KHTML, like Gecko) Chrome/91.0.4472.120 Mobile Safari/537.36"
84.13.28.67 - - [16/Jul/2021:10:21:02 +0200] "GET /images/mini_prod/1300000020015.jpg HTTP/1.0" 200 269 "http://www.wonder-geek.com/mugs-mazagrans-c-12_57.html" "Mozilla/5.0 (Linux; Android 11; SM-G970F) AppleWebKit/537.36 (KHTML, like Gecko) Chrome/91.0.4472.120 Mobile Safari/537.36"
84.13.28.67 - - [16/Jul/2021:10:21:02 +0200] "GET /js/jquery.min.js HTTP/1.0" 404 1308 "http://www.wonder-geek.com/mugs-mazagrans-c-12_57.html" "Mozilla/5.0 (Linux; Android 11; SM-G970F) AppleWebKit/537.36 (KHTML, like Gecko) Chrome/91.0.4472.120 Mobile Safari/537.36"
84.13.28.67 - - [16/Jul/2021:10:21:02 +0200] "GET /images/mini_prod/1384010206805.jpg HTTP/1.0" 200 269 "http://www.wonder-geek.com/mugs-mazagrans-c-12_57.html" "Mozilla/5.0 (Linux; Android 11; SM-G970F) AppleWebKit/537.36 (KHTML, like Gecko) Chrome/91.0.4472.120 Mobile Safari/537.36"
84.13.28.67 - - [16/Jul/2021:10:21:02 +0200] "GET /images/mini_prod/3503420032967.jpg HTTP/1.0" 200 269 "http://www.wonder-geek.com/mugs-mazagrans-c-12_57.html" "Mozilla/5.0 (Linux; Android 11; SM-G970F) AppleWebKit/537.36 (KHTML, like Gecko) Chrome/91.0.4472.120 Mobile Safari/537.36"
84.13.28.67 - - [16/Jul/2021:10:21:02 +0200] "GET /images/mini_prod/1399984264591.jpg HTTP/1.0" 200 269 "http://www.wonder-geek.com/mugs-mazagrans-c-12_57.html" "Mozilla/5.0 (Linux; Android 11; SM-G970F) AppleWebKit/537.36 (KHTML, like Gecko) Chrome/91.0.4472.120 Mobile Safari/537.36"
84.13.28.67 - - [16/Jul/2021:10:21:02 +0200] "GET /images/mini_prod/1384010184448.jpg HTTP/1.0" 200 269 "http://www.wonder-geek.com/mugs-mazagrans-c-12_57.html" "Mozilla/5.0 (Linux; Android 11; SM-G970F) AppleWebKit/537.36 (KHTML, like Gecko) Chrome/91.0.4472.120 Mobile Safari/537.36"
84.13.28.67 - - [16/Jul/2021:10:21:02 +0200] "GET /images/mini_prod/3503420153532.jpg HTTP/1.0" 200 269 "http://www.wonder-geek.com/mugs-mazagrans-c-12_57.html" "Mozilla/5.0 (Linux; Android 11; SM-G970F) AppleWebKit/537.36 (KHTML, like Gecko) Chrome/91.0.4472.120 Mobile Safari/537.36"
84.13.28.67 - - [16/Jul/2021:10:21:02 +0200] "GET /images/mini_prod/3503420093463.jpg HTTP/1.0" 200 269 "http://www.wonder-geek.com/mugs-mazagrans-c-12_57.html" "Mozilla/5.0 (Linux; Android 11; SM-G970F) AppleWebKit/537.36 (KHTML, like Gecko) Chrome/91.0.4472.120 Mobile Safari/537.36"
84.13.28.67 - - [16/Jul/2021:10:21:02 +0200] "GET /images/mini_prod/1399984261293.jpg HTTP/1.0" 200 269 "http://www.wonder-geek.com/mugs-mazagrans-c-12_57.html" "Mozilla/5.0 (Linux; Android 11; SM-G970F) AppleWebKit/537.36 (KHTML, like Gecko) Chrome/91.0.4472.120 Mobile Safari/537.36"
84.13.28.67 - - [16/Jul/2021:10:21:02 +0200] "GET /images/mini_prod/1399984264614.jpg HTTP/1.0" 200 269 "http://www.wonder-geek.com/mugs-mazagrans-c-12_57.html" "Mozilla/5.0 (Linux; Android 11; SM-G970F) AppleWebKit/537.36 (KHTML, like Gecko) Chrome/91.0.4472.120 Mobile Safari/537.36"
84.13.28.67 - - [16/Jul/2021:10:21:02 +0200] "GET /images/mini_prod/3503420045332.jpg HTTP/1.0" 200 269 "http://www.wonder-geek.com/mugs-mazagrans-c-12_57.html" "Mozilla/5.0 (Linux; Android 11; SM-G970F) AppleWebKit/537.36 (KHTML, like Gecko) Chrome/91.0.4472.120 Mobile Safari/537.36"
84.13.28.67 - - [16/Jul/2021:10:21:02 +0200] "GET /images/mini_prod/1384010178782.jpg HTTP/1.0" 200 269 "http://www.wonder-geek.com/mugs-mazagrans-c-12_57.html" "Mozilla/5.0 (Linux; Android 11; SM-G970F) AppleWebKit/537.36 (KHTML, like Gecko) Chrome/91.0.4472.120 Mobile Safari/537.36"
84.13.28.67 - - [16/Jul/2021:10:21:02 +0200] "GET /images/mini_prod/1384010178799.jpg HTTP/1.0" 200 269 "http://www.wonder-geek.com/mugs-mazagrans-c-12_57.html" "Mozilla/5.0 (Linux; Android 11; SM-G970F) AppleWebKit/537.36 (KHTML, like Gecko) Chrome/91.0.4472.120 Mobile Safari/537.36"
84.13.28.67 - - [16/Jul/2021:10:21:02 +0200] "GET /images/mini_prod/1384010178775.jpg HTTP/1.0" 200 269 "http://www.wonder-geek.com/mugs-mazagrans-c-12_57.html" "Mozilla/5.0 (Linux; Android 11; SM-G970F) AppleWebKit/537.36 (KHTML, like Gecko) Chrome/91.0.4472.120 Mobile Safari/537.36"
84.13.28.67 - - [16/Jul/2021:10:21:02 +0200] "GET /images/mini_prod/1384010178805.jpg HTTP/1.0" 200 269 "http://www.wonder-geek.com/mugs-mazagrans-c-12_57.html" "Mozilla/5.0 (Linux; Android 11; SM-G970F) AppleWebKit/537.36 (KHTML, like Gecko) Chrome/91.0.4472.120 Mobile Safari/537.36"
84.13.28.67 - - [16/Jul/2021:10:21:02 +0200] "GET /images/mini_prod/3503420026096.jpg HTTP/1.0" 200 269 "http://www.wonder-geek.com/mugs-mazagrans-c-12_57.html" "Mozilla/5.0 (Linux; Android 11; SM-G970F) AppleWebKit/537.36 (KHTML, like Gecko) Chrome/91.0.4472.120 Mobile Safari/537.36"
84.13.28.67 - - [16/Jul/2021:10:21:02 +0200] "GET /images/mini_prod/5204549086333.jpg HTTP/1.0" 200 269 "http://www.wonder-geek.com/mugs-mazagrans-c-12_57.html" "Mozilla/5.0 (Linux; Android 11; SM-G970F) AppleWebKit/537.36 (KHTML, like Gecko) Chrome/91.0.4472.120 Mobile Safari/537.36"
207.46.13.51 - - [16/Jul/2021:10:21:05 +0200] "GET /shiva-mug-by-cbkreation-p-37855.html HTTP/1.0" 301 72946 "-" "Mozilla/5.0 (compatible; bingbot/2.0; +http://www.bing.com/bingbot.htm)"
84.13.28.67 - - [16/Jul/2021:10:21:07 +0200] "GET /mugs-mazagrans-c-12_57.html HTTP/1.0" 200 96568 "http://www.wonder-geek.com/mugs-mazagrans-c-12_57.html" "Mozilla/5.0 (Linux; Android 11; SM-G970F) AppleWebKit/537.36 (KHTML, like Gecko) Chrome/91.0.4472.120 Mobile Safari/537.36"
84.13.28.67 - - [16/Jul/2021:10:21:08 +0200] "GET /swfobject.js HTTP/1.0" 404 1308 "http://www.wonder-geek.com/mugs-mazagrans-c-12_57.html" "Mozilla/5.0 (Linux; Android 11; SM-G970F) AppleWebKit/537.36 (KHTML, like Gecko) Chrome/91.0.4472.120 Mobile Safari/537.36"
84.13.28.67 - - [16/Jul/2021:10:21:08 +0200] "GET /js/jquery.min.js HTTP/1.0" 404 1308 "http://www.wonder-geek.com/mugs-mazagrans-c-12_57.html" "Mozilla/5.0 (Linux; Android 11; SM-G970F) AppleWebKit/537.36 (KHTML, like Gecko) Chrome/91.0.4472.120 Mobile Safari/537.36"
84.13.28.67 - - [16/Jul/2021:10:21:08 +0200] "GET /js/jquery.min.js HTTP/1.0" 404 1308 "http://www.wonder-geek.com/mugs-mazagrans-c-12_57.html" "Mozilla/5.0 (Linux; Android 11; SM-G970F) AppleWebKit/537.36 (KHTML, like Gecko) Chrome/91.0.4472.120 Mobile Safari/537.36"
207.46.13.65 - - [16/Jul/2021:10:21:08 +0200] "GET /swfobject.js HTTP/1.0" 404 1308 "-" "Mozilla/5.0 (compatible; bingbot/2.0; +http://www.bing.com/bingbot.htm)"
84.13.28.67 - - [16/Jul/2021:10:21:09 +0200] "GET /glasses-drinking-c-12_62.html HTTP/1.0" 200 90561 "http://www.wonder-geek.com/mugs-mazagrans-c-12_57.html" "Mozilla/5.0 (Linux; Android 11; SM-G970F) AppleWebKit/537.36 (KHTML, like Gecko) Chrome/91.0.4472.120 Mobile Safari/537.36"
84.13.28.67 - - [16/Jul/2021:10:21:10 +0200] "GET /swfobject.js HTTP/1.0" 404 1308 "http://www.wonder-geek.com/glasses-drinking-c-12_62.html" "Mozilla/5.0 (Linux; Android 11; SM-G970F) AppleWebKit/537.36 (KHTML, like Gecko) Chrome/91.0.4472.120 Mobile Safari/537.36"
84.13.28.67 - - [16/Jul/2021:10:21:10 +0200] "GET /images/mini_prod/8003990609699.jpg HTTP/1.0" 200 269 "http://www.wonder-geek.com/glasses-drinking-c-12_62.html" "Mozilla/5.0 (Linux; Android 11; SM-G970F) AppleWebKit/537.36 (KHTML, like Gecko) Chrome/91.0.4472.120 Mobile Safari/537.36"
84.13.28.67 - - [16/Jul/2021:10:21:10 +0200] "GET /images/mini_prod/8003990623473.jpg HTTP/1.0" 200 269 "http://www.wonder-geek.com/glasses-drinking-c-12_62.html" "Mozilla/5.0 (Linux; Android 11; SM-G970F) AppleWebKit/537.36 (KHTML, like Gecko) Chrome/91.0.4472.120 Mobile Safari/537.36"
84.13.28.67 - - [16/Jul/2021:10:21:10 +0200] "GET /images/mini_prod/3453131148245.jpg HTTP/1.0" 200 269 "http://www.wonder-geek.com/glasses-drinking-c-12_62.html" "Mozilla/5.0 (Linux; Android 11; SM-G970F) AppleWebKit/537.36 (KHTML, like Gecko) Chrome/91.0.4472.120 Mobile Safari/537.36"
84.13.28.67 - - [16/Jul/2021:10:21:10 +0200] "GET /images/mini_prod/3453131148221.jpg HTTP/1.0" 200 269 "http://www.wonder-geek.com/glasses-drinking-c-12_62.html" "Mozilla/5.0 (Linux; Android 11; SM-G970F) AppleWebKit/537.36 (KHTML, like Gecko) Chrome/91.0.4472.120 Mobile Safari/537.36"
84.13.28.67 - - [16/Jul/2021:10:21:10 +0200] "GET /images/mini_prod/3453131148238.jpg HTTP/1.0" 200 269 "http://www.wonder-geek.com/glasses-drinking-c-12_62.html" "Mozilla/5.0 (Linux; Android 11; SM-G970F) AppleWebKit/537.36 (KHTML, like Gecko) Chrome/91.0.4472.120 Mobile Safari/537.36"
84.13.28.67 - - [16/Jul/2021:10:21:10 +0200] "GET /images/mini_prod/1399984265451.jpg HTTP/1.0" 200 269 "http://www.wonder-geek.com/glasses-drinking-c-12_62.html" "Mozilla/5.0 (Linux; Android 11; SM-G970F) AppleWebKit/537.36 (KHTML, like Gecko) Chrome/91.0.4472.120 Mobile Safari/537.36"
84.13.28.67 - - [16/Jul/2021:10:21:10 +0200] "GET /js/jquery.min.js HTTP/1.0" 404 1308 "http://www.wonder-geek.com/glasses-drinking-c-12_62.html" "Mozilla/5.0 (Linux; Android 11; SM-G970F) AppleWebKit/537.36 (KHTML, like Gecko) Chrome/91.0.4472.120 Mobile Safari/537.36"
84.13.28.67 - - [16/Jul/2021:10:21:10 +0200] "GET /images/mini_prod/1399984241813.jpg HTTP/1.0" 200 269 "http://www.wonder-geek.com/glasses-drinking-c-12_62.html" "Mozilla/5.0 (Linux; Android 11; SM-G970F) AppleWebKit/537.36 (KHTML, like Gecko) Chrome/91.0.4472.120 Mobile Safari/537.36"
84.13.28.67 - - [16/Jul/2021:10:21:10 +0200] "GET /images/mini_prod/3453131122429.jpg HTTP/1.0" 200 269 "http://www.wonder-geek.com/glasses-drinking-c-12_62.html" "Mozilla/5.0 (Linux; Android 11; SM-G970F) AppleWebKit/537.36 (KHTML, like Gecko) Chrome/91.0.4472.120 Mobile Safari/537.36"
84.13.28.67 - - [16/Jul/2021:10:21:10 +0200] "GET /images/mini_prod/8422010439274.jpg HTTP/1.0" 200 269 "http://www.wonder-geek.com/glasses-drinking-c-12_62.html" "Mozilla/5.0 (Linux; Android 11; SM-G970F) AppleWebKit/537.36 (KHTML, like Gecko) Chrome/91.0.4472.120 Mobile Safari/537.36"
84.13.28.67 - - [16/Jul/2021:10:21:10 +0200] "GET /images/mini_prod/8422010439281.jpg HTTP/1.0" 200 269 "http://www.wonder-geek.com/glasses-drinking-c-12_62.html" "Mozilla/5.0 (Linux; Android 11; SM-G970F) AppleWebKit/537.36 (KHTML, like Gecko) Chrome/91.0.4472.120 Mobile Safari/537.36"
84.13.28.67 - - [16/Jul/2021:10:21:10 +0200] "GET /images/mini_prod/8422010439298.jpg HTTP/1.0" 200 269 "http://www.wonder-geek.com/glasses-drinking-c-12_62.html" "Mozilla/5.0 (Linux; Android 11; SM-G970F) AppleWebKit/537.36 (KHTML, like Gecko) Chrome/91.0.4472.120 Mobile Safari/537.36"
84.13.28.67 - - [16/Jul/2021:10:21:10 +0200] "GET /images/mini_prod/1384010205013.jpg HTTP/1.0" 200 269 "http://www.wonder-geek.com/glasses-drinking-c-12_62.html" "Mozilla/5.0 (Linux; Android 11; SM-G970F) AppleWebKit/537.36 (KHTML, like Gecko) Chrome/91.0.4472.120 Mobile Safari/537.36"
84.13.28.67 - - [16/Jul/2021:10:21:10 +0200] "GET /images/mini_prod/9316188029582.jpg HTTP/1.0" 200 269 "http://www.wonder-geek.com/glasses-drinking-c-12_62.html" "Mozilla/5.0 (Linux; Android 11; SM-G970F) AppleWebKit/537.36 (KHTML, like Gecko) Chrome/91.0.4472.120 Mobile Safari/537.36"
84.13.28.67 - - [16/Jul/2021:10:21:10 +0200] "GET /images/mini_prod/090309_162614_PEEL_BWfDnQ.jpg HTTP/1.0" 200 281 "http://www.wonder-geek.com/glasses-drinking-c-12_62.html" "Mozilla/5.0 (Linux; Android 11; SM-G970F) AppleWebKit/537.36 (KHTML, like Gecko) Chrome/91.0.4472.120 Mobile Safari/537.36"
84.13.28.67 - - [16/Jul/2021:10:21:10 +0200] "GET /images/mini_prod/4225055184987.jpg HTTP/1.0" 200 269 "http://www.wonder-geek.com/glasses-drinking-c-12_62.html" "Mozilla/5.0 (Linux; Android 11; SM-G970F) AppleWebKit/537.36 (KHTML, like Gecko) Chrome/91.0.4472.120 Mobile Safari/537.36"
84.13.28.67 - - [16/Jul/2021:10:21:10 +0200] "GET /images/mini_prod/4325055184984.jpg HTTP/1.0" 200 269 "http://www.wonder-geek.com/glasses-drinking-c-12_62.html" "Mozilla/5.0 (Linux; Android 11; SM-G970F) AppleWebKit/537.36 (KHTML, like Gecko) Chrome/91.0.4472.120 Mobile Safari/537.36"
84.13.28.67 - - [16/Jul/2021:10:21:10 +0200] "GET /images/mini_prod/4425055184981.jpg HTTP/1.0" 200 269 "http://www.wonder-geek.com/glasses-drinking-c-12_62.html" "Mozilla/5.0 (Linux; Android 11; SM-G970F) AppleWebKit/537.36 (KHTML, like Gecko) Chrome/91.0.4472.120 Mobile Safari/537.36"
84.13.28.67 - - [16/Jul/2021:10:21:10 +0200] "GET /images/mini_prod/8003990631300.jpg HTTP/1.0" 200 269 "http://www.wonder-geek.com/glasses-drinking-c-12_62.html" "Mozilla/5.0 (Linux; Android 11; SM-G970F) AppleWebKit/537.36 (KHTML, like Gecko) Chrome/91.0.4472.120 Mobile Safari/537.36"
84.13.28.67 - - [16/Jul/2021:10:21:10 +0200] "GET /images/mini_prod/1399985000372.jpg HTTP/1.0" 200 269 "http://www.wonder-geek.com/glasses-drinking-c-12_62.html" "Mozilla/5.0 (Linux; Android 11; SM-G970F) AppleWebKit/537.36 (KHTML, like Gecko) Chrome/91.0.4472.120 Mobile Safari/537.36"
84.13.28.67 - - [16/Jul/2021:10:21:10 +0200] "GET /images/mini_prod/9316188084260.jpg HTTP/1.0" 200 269 "http://www.wonder-geek.com/glasses-drinking-c-12_62.html" "Mozilla/5.0 (Linux; Android 11; SM-G970F) AppleWebKit/537.36 (KHTML, like Gecko) Chrome/91.0.4472.120 Mobile Safari/537.36"
84.13.28.67 - - [16/Jul/2021:10:21:16 +0200] "GET /mugs-mazagrans-c-12_57.html HTTP/1.0" 200 96568 "http://www.wonder-geek.com/mugs-mazagrans-c-12_57.html" "Mozilla/5.0 (Linux; Android 11; SM-G970F) AppleWebKit/537.36 (KHTML, like Gecko) Chrome/91.0.4472.120 Mobile Safari/537.36"
84.13.28.67 - - [16/Jul/2021:10:21:17 +0200] "GET /fragrances-ambiance-c-231.html HTTP/1.0" 200 92315 "http://www.wonder-geek.com/large-responsible-bamboo-ginger-candle-heart-home-p-52796.html" "Mozilla/5.0 (Linux; Android 11; SM-G970F) AppleWebKit/537.36 (KHTML, like Gecko) Chrome/91.0.4472.120 Mobile Safari/537.36"
185.191.171.45 - - [16/Jul/2021:10:21:28 +0200] "GET /statuette-jesus-christ-sacred-heart-p-47136.html HTTP/1.0" 200 73645 "-" "Mozilla/5.0 (compatible; SemrushBot/7~bl; +http://www.semrush.com/bot.html)"
54.36.148.242 - - [16/Jul/2021:10:21:28 +0200] "GET /retro-style-saveurs-traditions-franaises-p-55521.html HTTP/1.0" 200 73954 "-" "Mozilla/5.0 (compatible; AhrefsBot/7.0; +http://ahrefs.com/robot/)"
207.46.13.142 - - [16/Jul/2021:10:21:30 +0200] "GET /gorjuss-lockable-journal-with-heart-shaped-lock-little-wings-p-50951.html HTTP/1.0" 200 74320 "-" "Mozilla/5.0 (compatible; bingbot/2.0; +http://www.bing.com/bingbot.htm)"
185.191.171.22 - - [16/Jul/2021:10:21:45 +0200] "GET /small-resin-monkey-statuette-nothing-p-55812.html HTTP/1.0" 200 73188 "-" "Mozilla/5.0 (compatible; SemrushBot/7~bl; +http://www.semrush.com/bot.html)"
114.119.130.202 - - [16/Jul/2021:10:21:49 +0200] "GET /school-gorjuss-sugar-and-spice-agenda-year-2017-2018-p-39785.html HTTP/1.0" 301 73456 "-" "Mozilla/5.0 (Linux; Android 7.0;) AppleWebKit/537.36 (KHTML, like Gecko) Mobile Safari/537.36 (compatible; PetalBot;+https://webmaster.petalsearch.com/site/petalbot)"
114.119.130.202 - - [16/Jul/2021:10:21:50 +0200] "GET /school-gorjuss-sugar-spice-agenda-year-2017-2018-p-39785.html HTTP/1.0" 200 73341 "-" "Mozilla/5.0 (Linux; Android 7.0;) AppleWebKit/537.36 (KHTML, like Gecko) Mobile Safari/537.36 (compatible; PetalBot;+https://webmaster.petalsearch.com/site/petalbot)"
157.55.39.121 - - [16/Jul/2021:10:21:57 +0200] "GET /-p-6633.html HTTP/1.0" 200 70195 "-" "Mozilla/5.0 (compatible; bingbot/2.0; +http://www.bing.com/bingbot.htm)"
51.68.224.127 - - [16/Jul/2021:10:22:00 +0200] "GET /adminweb/export_orders_xml.php?token=256de2z6edz6ed2z6DFSFsed2zed6zeDSFDSGdzedezfzf&maxorders=10&orderstart=1&status=14&start_date=2018-10-01 HTTP/1.0" 200 285 "-" "GesCom CharlotteBoutik Serveur"
