114.119.154.200 - - [16/Jul/2021:07:57:39 +0200] "GET /lyon-isothermic-stainless-steel-bottle-by-cbkreation-p-50976.html HTTP/1.0" 301 73190 "-" "Mozilla/5.0 (Linux; Android 7.0;) AppleWebKit/537.36 (KHTML, like Gecko) Mobile Safari/537.36 (compatible; PetalBot;+https://webmaster.petalsearch.com/site/petalbot)"
114.119.154.200 - - [16/Jul/2021:07:57:40 +0200] "GET /lyon-isothermic-stainless-steel-bottle-cbkreation-p-50976.html HTTP/1.0" 200 73074 "-" "Mozilla/5.0 (Linux; Android 7.0;) AppleWebKit/537.36 (KHTML, like Gecko) Mobile Safari/537.36 (compatible; PetalBot;+https://webmaster.petalsearch.com/site/petalbot)"
207.46.13.65 - - [16/Jul/2021:07:57:53 +0200] "GET /images/big_prod/3009090002212.jpg HTTP/1.0" 200 268 "-" "Mozilla/5.0 (compatible; bingbot/2.0; +http://www.bing.com/bingbot.htm)"
40.77.167.77 - - [16/Jul/2021:07:58:17 +0200] "GET /hello-kitty-bedside-lamp-p-13490.html HTTP/1.0" 301 70264 "-" "Mozilla/5.0 (compatible; bingbot/2.0; +http://www.bing.com/bingbot.htm)"
54.36.148.242 - - [16/Jul/2021:07:58:21 +0200] "GET /toilet-paper-dispenser-p-42983.html HTTP/1.0" 200 72829 "-" "Mozilla/5.0 (compatible; AhrefsBot/7.0; +http://ahrefs.com/robot/)"
207.46.13.51 - - [16/Jul/2021:07:58:29 +0200] "GET /paul-frank-blue-computer-bag-p-6062.html HTTP/1.0" 301 73841 "-" "Mozilla/5.0 (compatible; bingbot/2.0; +http://www.bing.com/bingbot.htm)"
157.55.39.127 - - [16/Jul/2021:07:58:55 +0200] "GET /bolster-case-in-cotton-percale-80-threads-43-190-cm-p-43862.html HTTP/1.0" 301 73902 "-" "Mozilla/5.0 (compatible; bingbot/2.0; +http://www.bing.com/bingbot.htm)"
66.249.72.166 - - [16/Jul/2021:07:59:33 +0200] "GET /beyblade-blue-swimsuit-p-30447.html HTTP/1.0" 200 74575 "-" "Mozilla/5.0 (Linux; Android 6.0.1; Nexus 5X Build/MMB29P) AppleWebKit/537.36 (KHTML, like Gecko) Chrome/91.0.4472.90 Mobile Safari/537.36 (compatible; Googlebot/2.1; +http://www.google.com/bot.html)"
114.119.158.196 - - [16/Jul/2021:07:59:37 +0200] "GET /round-metatron-wood-box-p-50609.html HTTP/1.0" 301 70357 "-" "Mozilla/5.0 (Linux; Android 7.0;) AppleWebKit/537.36 (KHTML, like Gecko) Mobile Safari/537.36 (compatible; PetalBot;+https://webmaster.petalsearch.com/site/petalbot)"
114.119.158.196 - - [16/Jul/2021:07:59:38 +0200] "GET /round-metatron-wood-p-50609.html HTTP/1.0" 200 70271 "-" "Mozilla/5.0 (Linux; Android 7.0;) AppleWebKit/537.36 (KHTML, like Gecko) Mobile Safari/537.36 (compatible; PetalBot;+https://webmaster.petalsearch.com/site/petalbot)"
40.77.167.36 - - [16/Jul/2021:08:00:01 +0200] "GET /roma-mug-by-cbkreation-p-49255.html HTTP/1.0" 301 72908 "-" "Mozilla/5.0 (compatible; bingbot/2.0; +http://www.bing.com/bingbot.htm)"
185.191.171.4 - - [16/Jul/2021:08:00:08 +0200] "GET /robots.txt HTTP/1.0" 200 245 "-" "Mozilla/5.0 (compatible; SemrushBot/7~bl; +http://www.semrush.com/bot.html)"
40.77.167.77 - - [16/Jul/2021:08:00:08 +0200] "GET /provence-moroccan-ashtray-p-37378.html HTTP/1.0" 200 70313 "-" "Mozilla/5.0 (compatible; bingbot/2.0; +http://www.bing.com/bingbot.htm)"
185.191.171.3 - - [16/Jul/2021:08:00:08 +0200] "GET /tigrou-birthday-card-with-envelope-p-25260.html HTTP/1.0" 200 72885 "-" "Mozilla/5.0 (compatible; SemrushBot/7~bl; +http://www.semrush.com/bot.html)"
207.46.13.51 - - [16/Jul/2021:08:00:14 +0200] "GET /-p-33976.html HTTP/1.0" 200 70197 "-" "Mozilla/5.0 (compatible; bingbot/2.0; +http://www.bing.com/bingbot.htm)"
40.77.167.36 - - [16/Jul/2021:08:00:33 +0200] "GET /create-your-topmodel-kitty-colouring-book-p-35832.html HTTP/1.0" 301 70264 "-" "Mozilla/5.0 (compatible; bingbot/2.0; +http://www.bing.com/bingbot.htm)"
54.36.148.242 - - [16/Jul/2021:08:00:34 +0200] "GET /corsica-black-hoodies-p-31741.html HTTP/1.0" 200 76365 "-" "Mozilla/5.0 (compatible; AhrefsBot/7.0; +http://ahrefs.com/robot/)"
66.249.72.170 - - [16/Jul/2021:08:00:35 +0200] "GET /porcelain-bowl-plumes-480-ml-indians-p-39624.html HTTP/1.0" 301 73001 "-" "Mozilla/5.0 (Linux; Android 6.0.1; Nexus 5X Build/MMB29P) AppleWebKit/537.36 (KHTML, like Gecko) Chrome/91.0.4472.90 Mobile Safari/537.36 (compatible; Googlebot/2.1; +http://www.google.com/bot.html)"
66.249.72.166 - - [16/Jul/2021:08:00:37 +0200] "GET /porcelain-bowl-plumes-indians-p-39624.html HTTP/1.0" 200 72905 "-" "Mozilla/5.0 (Linux; Android 6.0.1; Nexus 5X Build/MMB29P) AppleWebKit/537.36 (KHTML, like Gecko) Chrome/91.0.4472.90 Mobile Safari/537.36 (compatible; Googlebot/2.1; +http://www.google.com/bot.html)"
207.46.13.51 - - [16/Jul/2021:08:00:50 +0200] "GET /fantasy-watch-women-fowers-p-49961.html HTTP/1.0" 200 72920 "-" "Mozilla/5.0 (compatible; bingbot/2.0; +http://www.bing.com/bingbot.htm)"
185.191.171.2 - - [16/Jul/2021:08:00:53 +0200] "GET /decorative-useful-little-buddha-p-53308.html HTTP/1.0" 200 72957 "-" "Mozilla/5.0 (compatible; SemrushBot/7~bl; +http://www.semrush.com/bot.html)"
157.55.39.124 - - [16/Jul/2021:08:00:59 +0200] "GET /cement-tile-stickers-15-15-cm-p-50347.html HTTP/1.0" 301 73851 "-" "Mozilla/5.0 (compatible; bingbot/2.0; +http://www.bing.com/bingbot.htm)"
157.55.39.124 - - [16/Jul/2021:08:01:02 +0200] "GET /little-buddha-collection-keychain-p-53294.html HTTP/1.0" 200 72940 "-" "Mozilla/5.0 (compatible; bingbot/2.0; +http://www.bing.com/bingbot.htm)"
40.77.167.36 - - [16/Jul/2021:08:01:20 +0200] "GET /images/mini_prod/000039897677330.jpg HTTP/1.0" 200 271 "-" "Mozilla/5.0 (compatible; bingbot/2.0; +http://www.bing.com/bingbot.htm)"
185.191.171.1 - - [16/Jul/2021:08:01:21 +0200] "GET /wolf-black-tee-shirt-p-31156.html HTTP/1.0" 301 74860 "-" "Mozilla/5.0 (compatible; SemrushBot/7~bl; +http://www.semrush.com/bot.html)"
185.191.171.9 - - [16/Jul/2021:08:01:24 +0200] "GET /wolf-black-shirt-p-31156.html HTTP/1.0" 200 74777 "-" "Mozilla/5.0 (compatible; SemrushBot/7~bl; +http://www.semrush.com/bot.html)"
114.119.150.15 - - [16/Jul/2021:08:01:25 +0200] "GET /copper-metal-table-lamp-p-52985.html HTTP/1.0" 200 72804 "-" "Mozilla/5.0 (Linux; Android 7.0;) AppleWebKit/537.36 (KHTML, like Gecko) Mobile Safari/537.36 (compatible; PetalBot;+https://webmaster.petalsearch.com/site/petalbot)"
54.36.148.149 - - [16/Jul/2021:08:01:34 +0200] "GET /tea-towels-napkins-c-11_177.html?page=1 HTTP/1.0" 301 92515 "-" "Mozilla/5.0 (compatible; AhrefsBot/7.0; +http://ahrefs.com/robot/)"
66.249.72.168 - - [16/Jul/2021:08:01:54 +0200] "GET /noddy-swimsuit-p-30585.html HTTP/1.0" 200 73927 "-" "Mozilla/5.0 (Linux; Android 6.0.1; Nexus 5X Build/MMB29P) AppleWebKit/537.36 (KHTML, like Gecko) Chrome/91.0.4472.90 Mobile Safari/537.36 (compatible; Googlebot/2.1; +http://www.google.com/bot.html)"
185.191.171.1 - - [16/Jul/2021:08:01:55 +0200] "GET /-p-44336.html?action=add_product HTTP/1.0" 302 476 "-" "Mozilla/5.0 (compatible; SemrushBot/7~bl; +http://www.semrush.com/bot.html)"
207.46.13.65 - - [16/Jul/2021:08:01:55 +0200] "GET /marsupilami-bath-toys-p-7303.html HTTP/1.0" 301 70261 "-" "Mozilla/5.0 (compatible; bingbot/2.0; +http://www.bing.com/bingbot.htm)"
207.46.13.51 - - [16/Jul/2021:08:02:00 +0200] "GET /-p-16508.html HTTP/1.0" 200 70197 "-" "Mozilla/5.0 (compatible; bingbot/2.0; +http://www.bing.com/bingbot.htm)"
207.46.13.125 - - [16/Jul/2021:08:02:10 +0200] "GET /moroccan-ashtray-flowers-p-52628.html HTTP/1.0" 200 72813 "-" "Mozilla/5.0 (compatible; bingbot/2.0; +http://www.bing.com/bingbot.htm)"
114.119.158.196 - - [16/Jul/2021:08:02:18 +0200] "GET /marilyn-monroe-little-storage-box-p-5115.html HTTP/1.0" 301 73163 "-" "Mozilla/5.0 (Linux; Android 7.0;) AppleWebKit/537.36 (KHTML, like Gecko) Mobile Safari/537.36 (compatible; PetalBot;+https://webmaster.petalsearch.com/site/petalbot)"
114.119.158.196 - - [16/Jul/2021:08:02:20 +0200] "GET /marilyn-monroe-little-storage-p-5115.html HTTP/1.0" 200 73068 "-" "Mozilla/5.0 (Linux; Android 7.0;) AppleWebKit/537.36 (KHTML, like Gecko) Mobile Safari/537.36 (compatible; PetalBot;+https://webmaster.petalsearch.com/site/petalbot)"
157.55.39.121 - - [16/Jul/2021:08:02:43 +0200] "GET /-p-24008.html HTTP/1.0" 200 70197 "-" "Mozilla/5.0 (compatible; bingbot/2.0; +http://www.bing.com/bingbot.htm)"
54.36.148.242 - - [16/Jul/2021:08:02:50 +0200] "GET /cement-plant-pots-p-54294.html HTTP/1.0" 200 73878 "-" "Mozilla/5.0 (compatible; AhrefsBot/7.0; +http://ahrefs.com/robot/)"
40.77.167.36 - - [16/Jul/2021:08:02:51 +0200] "GET /trolley-backpack-oops-daisy-gorjuss-p-35556.html HTTP/1.0" 200 70381 "-" "Mozilla/5.0 (compatible; bingbot/2.0; +http://www.bing.com/bingbot.htm)"
17.121.115.126 - - [16/Jul/2021:08:02:53 +0200] "GET /verity-rose-gift-card-p-29161.html HTTP/1.0" 200 70293 "-" "Mozilla/5.0 (Macintosh; Intel Mac OS X 10_15_5) AppleWebKit/605.1.15 (KHTML, like Gecko) Version/13.1.1 Safari/605.1.15 (Applebot/0.1; +http://www.apple.com/go/applebot)"
207.46.13.65 - - [16/Jul/2021:08:02:56 +0200] "GET /franklin-purple-swimsuit-p-30244.html HTTP/1.0" 200 74842 "-" "Mozilla/5.0 (compatible; bingbot/2.0; +http://www.bing.com/bingbot.htm)"
40.77.167.77 - - [16/Jul/2021:08:03:17 +0200] "GET /selenite-lamp-p-38794.html HTTP/1.0" 200 73442 "-" "Mozilla/5.0 (compatible; bingbot/2.0; +http://www.bing.com/bingbot.htm)"
157.55.39.124 - - [16/Jul/2021:08:03:29 +0200] "GET /shopping-bag-cats-p-45439.html HTTP/1.0" 301 72973 "-" "Mozilla/5.0 (compatible; bingbot/2.0; +http://www.bing.com/bingbot.htm)"
185.191.171.26 - - [16/Jul/2021:08:03:51 +0200] "GET /god-atlas-statuette-in-patinated-bronze-resin-28-cm-p-52310.html HTTP/1.0" 301 74103 "-" "Mozilla/5.0 (compatible; SemrushBot/7~bl; +http://www.semrush.com/bot.html)"
114.119.130.202 - - [16/Jul/2021:08:03:51 +0200] "GET /bamboo-fiber-mattress-protector-p-52891.html HTTP/1.0" 200 73091 "-" "Mozilla/5.0 (Linux; Android 7.0;) AppleWebKit/537.36 (KHTML, like Gecko) Mobile Safari/537.36 (compatible; PetalBot;+https://webmaster.petalsearch.com/site/petalbot)"
185.191.171.43 - - [16/Jul/2021:08:03:53 +0200] "GET /atlas-statuette-patinated-bronze-resin-p-52310.html HTTP/1.0" 200 73998 "-" "Mozilla/5.0 (compatible; SemrushBot/7~bl; +http://www.semrush.com/bot.html)"
207.46.13.51 - - [16/Jul/2021:08:04:19 +0200] "GET /kawasaki-metal-plate-p-51152.html HTTP/1.0" 200 72928 "-" "Mozilla/5.0 (compatible; bingbot/2.0; +http://www.bing.com/bingbot.htm)"
185.191.171.15 - - [16/Jul/2021:08:04:41 +0200] "GET /jane-crowther-p-54771.html?action=add_product HTTP/1.0" 302 476 "-" "Mozilla/5.0 (compatible; SemrushBot/7~bl; +http://www.semrush.com/bot.html)"
54.36.148.242 - - [16/Jul/2021:08:04:57 +0200] "GET /little-buddha-collection-keychain-blue-p-50247.html HTTP/1.0" 200 72970 "-" "Mozilla/5.0 (compatible; AhrefsBot/7.0; +http://ahrefs.com/robot/)"
207.46.13.65 - - [16/Jul/2021:08:05:05 +0200] "GET /marilyn-monroe-rectangular-mirror-p-48303.html HTTP/1.0" 200 72891 "-" "Mozilla/5.0 (compatible; bingbot/2.0; +http://www.bing.com/bingbot.htm)"
157.55.39.124 - - [16/Jul/2021:08:05:49 +0200] "GET /300-elastic-loom-bands-p-26855.html HTTP/1.0" 301 72929 "-" "Mozilla/5.0 (compatible; bingbot/2.0; +http://www.bing.com/bingbot.htm)"
185.191.171.43 - - [16/Jul/2021:08:05:50 +0200] "GET /crystal-glass-metal-lamp-p-55299.html HTTP/1.0" 200 73891 "-" "Mozilla/5.0 (compatible; SemrushBot/7~bl; +http://www.semrush.com/bot.html)"
207.46.13.125 - - [16/Jul/2021:08:06:01 +0200] "GET /juventus-alarm-clock-p-30636.html HTTP/1.0" 200 70288 "-" "Mozilla/5.0 (compatible; bingbot/2.0; +http://www.bing.com/bingbot.htm)"
40.77.167.36 - - [16/Jul/2021:08:06:22 +0200] "GET /small-cool-lunch-tour-france-p-51683.html HTTP/1.0" 200 73082 "-" "Mozilla/5.0 (compatible; bingbot/2.0; +http://www.bing.com/bingbot.htm)"
66.249.72.166 - - [16/Jul/2021:08:06:22 +0200] "GET /minions-lunchbox-p-33060.html HTTP/1.0" 200 72970 "-" "Mozilla/5.0 (compatible; Googlebot/2.1; +http://www.google.com/bot.html)"
207.46.13.65 - - [16/Jul/2021:08:06:27 +0200] "GET /images/med_prod/720322240013.jpg HTTP/1.0" 200 267 "-" "Mozilla/5.0 (compatible; bingbot/2.0; +http://www.bing.com/bingbot.htm)"
114.119.154.200 - - [16/Jul/2021:08:06:32 +0200] "GET /black-metal-table-lamp-p-52984.html HTTP/1.0" 200 72797 "-" "Mozilla/5.0 (Linux; Android 7.0;) AppleWebKit/537.36 (KHTML, like Gecko) Mobile Safari/537.36 (compatible; PetalBot;+https://webmaster.petalsearch.com/site/petalbot)"
66.249.72.168 - - [16/Jul/2021:08:06:33 +0200] "GET /amber-kimmi-junior-mug-p-7933.html HTTP/1.0" 301 70261 "-" "Mozilla/5.0 (compatible; Googlebot/2.1; +http://www.google.com/bot.html)"
66.249.72.168 - - [16/Jul/2021:08:06:35 +0200] "GET /-p-7933.html HTTP/1.0" 200 70195 "-" "Mozilla/5.0 (compatible; Googlebot/2.1; +http://www.google.com/bot.html)"
40.77.167.77 - - [16/Jul/2021:08:06:48 +0200] "GET /gund-mini-tiger-sound-plush-p-34854.html HTTP/1.0" 200 72968 "-" "Mozilla/5.0 (compatible; bingbot/2.0; +http://www.bing.com/bingbot.htm)"
54.36.148.242 - - [16/Jul/2021:08:07:09 +0200] "GET /jesus-prayer-candle-p-48669.html HTTP/1.0" 200 72841 "-" "Mozilla/5.0 (compatible; AhrefsBot/7.0; +http://ahrefs.com/robot/)"
157.55.39.124 - - [16/Jul/2021:08:07:20 +0200] "GET /camargue-small-ashtray-p-37387.html HTTP/1.0" 200 72824 "-" "Mozilla/5.0 (compatible; bingbot/2.0; +http://www.bing.com/bingbot.htm)"
114.119.130.202 - - [16/Jul/2021:08:07:34 +0200] "GET /windchime-wood-five-chimes-p-43517.html HTTP/1.0" 200 73495 "-" "Mozilla/5.0 (Linux; Android 7.0;) AppleWebKit/537.36 (KHTML, like Gecko) Mobile Safari/537.36 (compatible; PetalBot;+https://webmaster.petalsearch.com/site/petalbot)"
40.77.167.36 - - [16/Jul/2021:08:07:52 +0200] "GET /transformers-prime-beast-hunters-ultimate-dragon-figure-p-21598.html HTTP/1.0" 301 70264 "-" "Mozilla/5.0 (compatible; bingbot/2.0; +http://www.bing.com/bingbot.htm)"
49.7.20.113 - - [16/Jul/2021:08:07:58 +0200] "GET / HTTP/1.0" 200 95434 "-" "Sogou web spider/4.0(+http://www.sogou.com/docs/help/webmasters.htm#07)"
207.46.13.51 - - [16/Jul/2021:08:08:30 +0200] "GET /pinocchio-figure-p-3601.html HTTP/1.0" 200 70266 "-" "Mozilla/5.0 (compatible; bingbot/2.0; +http://www.bing.com/bingbot.htm)"
66.249.72.168 - - [16/Jul/2021:08:08:39 +0200] "GET /american-orange-p-33102.html HTTP/1.0" 200 72869 "-" "Mozilla/5.0 (compatible; Googlebot/2.1; +http://www.google.com/bot.html)"
207.46.13.125 - - [16/Jul/2021:08:08:52 +0200] "GET /olympique-de-marseille-puzzle-calculator-p-18784.html HTTP/1.0" 301 70486 "-" "Mozilla/5.0 (compatible; bingbot/2.0; +http://www.bing.com/bingbot.htm)"
207.46.13.65 - - [16/Jul/2021:08:08:56 +0200] "GET /skull-rider-moneybox-p-30014.html HTTP/1.0" 200 70267 "-" "Mozilla/5.0 (compatible; bingbot/2.0; +http://www.bing.com/bingbot.htm)"
185.191.171.17 - - [16/Jul/2021:08:09:04 +0200] "GET /coca-cola-things-better-large-metal-plate-deco-p-35214.html HTTP/1.0" 200 73030 "-" "Mozilla/5.0 (compatible; SemrushBot/7~bl; +http://www.semrush.com/bot.html)"
5.9.141.8 - - [16/Jul/2021:08:09:07 +0200] "GET /robots.txt HTTP/1.0" 200 245 "-" "Mozilla/5.0 (compatible; MJ12bot/v1.4.8; http://mj12bot.com/)"
54.36.148.242 - - [16/Jul/2021:08:09:12 +0200] "GET /frida-khalo-rectangular-presentation-dish-model-p-49530.html HTTP/1.0" 200 73181 "-" "Mozilla/5.0 (compatible; AhrefsBot/7.0; +http://ahrefs.com/robot/)"
185.191.171.33 - - [16/Jul/2021:08:09:13 +0200] "GET /thread-count-cotton-percale-fitted-sheet-p-54444.html?action=add_product HTTP/1.0" 302 476 "-" "Mozilla/5.0 (compatible; SemrushBot/7~bl; +http://www.semrush.com/bot.html)"
5.9.141.8 - - [16/Jul/2021:08:09:14 +0200] "GET /writing-correction-c-186.html?page=5 HTTP/1.0" 301 92664 "-" "Mozilla/5.0 (compatible; MJ12bot/v1.4.8; http://mj12bot.com/)"
5.9.141.8 - - [16/Jul/2021:08:09:20 +0200] "GET /writing-correction-c-129_186.html?page=5 HTTP/1.0" 200 92710 "-" "Mozilla/5.0 (compatible; MJ12bot/v1.4.8; http://mj12bot.com/)"
5.9.141.8 - - [16/Jul/2021:08:09:28 +0200] "GET /zen-canvas-frame-ne-cherche-pas-le-bonheur-cree-le-p-39223.html HTTP/1.0" 301 73247 "-" "Mozilla/5.0 (compatible; MJ12bot/v1.4.8; http://mj12bot.com/)"
5.9.141.8 - - [16/Jul/2021:08:09:38 +0200] "GET /canvas-frame-cherche-bonheur-p-39223.html HTTP/1.0" 200 73152 "-" "Mozilla/5.0 (compatible; MJ12bot/v1.4.8; http://mj12bot.com/)"
114.119.158.196 - - [16/Jul/2021:08:09:57 +0200] "GET /images/big_prod_1/3609810041707b.jpg HTTP/1.0" 200 271 "-" "Mozilla/5.0 (Linux; Android 7.0;) AppleWebKit/537.36 (KHTML, like Gecko) Mobile Safari/537.36 (compatible; PetalBot;+https://webmaster.petalsearch.com/site/petalbot)"
157.55.39.124 - - [16/Jul/2021:08:10:09 +0200] "GET /mala-carnelian-108-beads-p-51006.html HTTP/1.0" 301 76260 "-" "Mozilla/5.0 (compatible; bingbot/2.0; +http://www.bing.com/bingbot.htm)"
51.68.224.127 - - [16/Jul/2021:08:10:19 +0200] "GET /adminweb/export_orders_xml.php?token=256de2z6edz6ed2z6DFSFsed2zed6zeDSFDSGdzedezfzf&maxorders=10&orderstart=1&status=14&start_date=2018-10-01 HTTP/1.0" 200 285 "-" "GesCom CharlotteBoutik Serveur"
51.68.224.127 - - [16/Jul/2021:08:10:19 +0200] "GET /adminweb/export_orders_xml.php?token=256de2z6edz6ed2z6DFSFsed2zed6zeDSFDSGdzedezfzf&maxorders=10&orderstart=1&status=6&start_date=2018-10-01 HTTP/1.0" 200 29786 "-" "GesCom CharlotteBoutik Serveur"
207.46.13.51 - - [16/Jul/2021:08:10:30 +0200] "GET /color-phone-box-poster-p-32304.html HTTP/1.0" 301 72923 "-" "Mozilla/5.0 (compatible; bingbot/2.0; +http://www.bing.com/bingbot.htm)"
157.55.39.124 - - [16/Jul/2021:08:10:34 +0200] "GET /-p-26510.html HTTP/1.0" 200 70197 "-" "Mozilla/5.0 (compatible; bingbot/2.0; +http://www.bing.com/bingbot.htm)"
40.77.167.77 - - [16/Jul/2021:08:10:39 +0200] "GET /austin-mini-cooper-large-metal-plate-deco-p-33724.html HTTP/1.0" 200 70351 "-" "Mozilla/5.0 (compatible; bingbot/2.0; +http://www.bing.com/bingbot.htm)"
66.249.72.168 - - [16/Jul/2021:08:10:55 +0200] "GET /minions-lunchbox-p-33060.html HTTP/1.0" 200 72970 "-" "Mozilla/5.0 (Linux; Android 6.0.1; Nexus 5X Build/MMB29P) AppleWebKit/537.36 (KHTML, like Gecko) Chrome/91.0.4472.90 Mobile Safari/537.36 (compatible; Googlebot/2.1; +http://www.google.com/bot.html)"
114.119.151.113 - - [16/Jul/2021:08:11:02 +0200] "GET /gift-made-metal-towels-p-50887.html HTTP/1.0" 200 73075 "-" "Mozilla/5.0 (Linux; Android 7.0;) AppleWebKit/537.36 (KHTML, like Gecko) Mobile Safari/537.36 (compatible; PetalBot;+https://webmaster.petalsearch.com/site/petalbot)"
54.36.148.242 - - [16/Jul/2021:08:11:16 +0200] "GET /playboy-bunny-black-zippo-lighter-p-32564.html HTTP/1.0" 200 73424 "-" "Mozilla/5.0 (compatible; AhrefsBot/7.0; +http://ahrefs.com/robot/)"
185.191.171.23 - - [16/Jul/2021:08:11:32 +0200] "GET /little-prince-tote-p-51202.html HTTP/1.0" 200 72898 "-" "Mozilla/5.0 (compatible; SemrushBot/7~bl; +http://www.semrush.com/bot.html)"
157.55.39.127 - - [16/Jul/2021:08:11:35 +0200] "GET /images/mini_prod/3700281645835.jpg HTTP/1.0" 200 269 "-" "Mozilla/5.0 (compatible; bingbot/2.0; +http://www.bing.com/bingbot.htm)"
40.77.167.36 - - [16/Jul/2021:08:11:54 +0200] "GET /marseille-black-tee-shirt-p-31254.html HTTP/1.0" 301 75447 "-" "Mozilla/5.0 (compatible; bingbot/2.0; +http://www.bing.com/bingbot.htm)"
157.55.39.124 - - [16/Jul/2021:08:12:10 +0200] "GET /lotus-candleholder-pink-green-goldlining-p-47012.html HTTP/1.0" 200 74437 "-" "Mozilla/5.0 (compatible; bingbot/2.0; +http://www.bing.com/bingbot.htm)"
66.249.72.168 - - [16/Jul/2021:08:12:28 +0200] "GET /little-prince-jewelry-p-51620.html HTTP/1.0" 200 74253 "-" "Mozilla/5.0 (Linux; Android 6.0.1; Nexus 5X Build/MMB29P) AppleWebKit/537.36 (KHTML, like Gecko) Chrome/91.0.4472.90 Mobile Safari/537.36 (compatible; Googlebot/2.1; +http://www.google.com/bot.html)"
185.191.171.4 - - [16/Jul/2021:08:12:38 +0200] "GET /lotus-candleholder-pastel-pink-with-golden-lining-p-42874.html HTTP/1.0" 200 74512 "-" "Mozilla/5.0 (compatible; SemrushBot/7~bl; +http://www.semrush.com/bot.html)"
114.119.158.196 - - [16/Jul/2021:08:13:03 +0200] "GET /paperweight-water-lilies-monet-p-53516.html HTTP/1.0" 200 73887 "-" "Mozilla/5.0 (Linux; Android 7.0;) AppleWebKit/537.36 (KHTML, like Gecko) Mobile Safari/537.36 (compatible; PetalBot;+https://webmaster.petalsearch.com/site/petalbot)"
54.36.148.242 - - [16/Jul/2021:08:13:12 +0200] "GET /zebra-money-p-54516.html HTTP/1.0" 200 72943 "-" "Mozilla/5.0 (compatible; AhrefsBot/7.0; +http://ahrefs.com/robot/)"
66.249.72.166 - - [16/Jul/2021:08:13:12 +0200] "GET /hello-kitty-picnic-p-17166.html HTTP/1.0" 200 73239 "-" "Mozilla/5.0 (compatible; Googlebot/2.1; +http://www.google.com/bot.html)"
157.55.39.124 - - [16/Jul/2021:08:13:49 +0200] "GET /figure-finding-dory-collectible-surprise-p-35273.html HTTP/1.0" 200 70394 "-" "Mozilla/5.0 (compatible; bingbot/2.0; +http://www.bing.com/bingbot.htm)"
207.46.13.125 - - [16/Jul/2021:08:14:12 +0200] "GET /school-gorjuss-sugar-and-spice-agenda-year-2017-2018-p-39785.html HTTP/1.0" 301 73456 "-" "Mozilla/5.0 (compatible; bingbot/2.0; +http://www.bing.com/bingbot.htm)"
207.46.13.125 - - [16/Jul/2021:08:14:32 +0200] "GET /clowdeen-wolf-figure-p-22569.html HTTP/1.0" 200 70288 "-" "Mozilla/5.0 (compatible; bingbot/2.0; +http://www.bing.com/bingbot.htm)"
185.191.171.37 - - [16/Jul/2021:08:14:35 +0200] "GET /patinated-white-square-wooden-wall-decoration-40-40-cm-p-45897.html HTTP/1.0" 301 73209 "-" "Mozilla/5.0 (compatible; SemrushBot/7~bl; +http://www.semrush.com/bot.html)"
114.119.144.233 - - [16/Jul/2021:08:14:35 +0200] "GET /bowl-white-porcelain-chouchou-collection-p-52620.html HTTP/1.0" 200 72950 "-" "Mozilla/5.0 (Linux; Android 7.0;) AppleWebKit/537.36 (KHTML, like Gecko) Mobile Safari/537.36 (compatible; PetalBot;+https://webmaster.petalsearch.com/site/petalbot)"
185.191.171.8 - - [16/Jul/2021:08:14:37 +0200] "GET /patinated-white-square-wooden-wall-decoration-p-45897.html HTTP/1.0" 200 73097 "-" "Mozilla/5.0 (compatible; SemrushBot/7~bl; +http://www.semrush.com/bot.html)"
185.191.171.34 - - [16/Jul/2021:08:15:08 +0200] "GET /dumbo-disney-figure-collection-p-20183.html HTTP/1.0" 200 72962 "-" "Mozilla/5.0 (compatible; SemrushBot/7~bl; +http://www.semrush.com/bot.html)"
40.77.167.36 - - [16/Jul/2021:08:15:13 +0200] "GET /sexy-shower-curtain-180-180-cm-p-39390.html HTTP/1.0" 301 73000 "-" "Mozilla/5.0 (compatible; bingbot/2.0; +http://www.bing.com/bingbot.htm)"
54.36.148.242 - - [16/Jul/2021:08:15:15 +0200] "GET /bonza-wall-stickers-p-36140.html HTTP/1.0" 200 72853 "-" "Mozilla/5.0 (compatible; AhrefsBot/7.0; +http://ahrefs.com/robot/)"
17.121.112.68 - - [16/Jul/2021:08:15:18 +0200] "GET /-p-35784.html HTTP/1.0" 200 70197 "-" "Mozilla/5.0 (Macintosh; Intel Mac OS X 10_15_5) AppleWebKit/605.1.15 (KHTML, like Gecko) Version/13.1.1 Safari/605.1.15 (Applebot/0.1; +http://www.apple.com/go/applebot)"
66.249.72.170 - - [16/Jul/2021:08:15:28 +0200] "GET /hello-kitty-picnic-p-17166.html HTTP/1.0" 200 73239 "-" "Mozilla/5.0 (Linux; Android 6.0.1; Nexus 5X Build/MMB29P) AppleWebKit/537.36 (KHTML, like Gecko) Chrome/91.0.4472.90 Mobile Safari/537.36 (compatible; Googlebot/2.1; +http://www.google.com/bot.html)"
207.46.13.65 - - [16/Jul/2021:08:15:36 +0200] "GET /grey-soliflore-birds-p-36487.html HTTP/1.0" 200 70267 "-" "Mozilla/5.0 (compatible; bingbot/2.0; +http://www.bing.com/bingbot.htm)"
185.191.171.1 - - [16/Jul/2021:08:16:06 +0200] "GET /small-tinbox-rtro-motorcycle-p-41353.html HTTP/1.0" 200 70331 "-" "Mozilla/5.0 (compatible; SemrushBot/7~bl; +http://www.semrush.com/bot.html)"
207.46.13.65 - - [16/Jul/2021:08:16:07 +0200] "GET /peace-and-love-by-romero-britto-small-notebook-p-32419.html HTTP/1.0" 301 73160 "-" "Mozilla/5.0 (compatible; bingbot/2.0; +http://www.bing.com/bingbot.htm)"
185.191.171.37 - - [16/Jul/2021:08:16:11 +0200] "GET /superhero-frog-money-bank-p-37603.html HTTP/1.0" 301 70264 "-" "Mozilla/5.0 (compatible; SemrushBot/7~bl; +http://www.semrush.com/bot.html)"
185.191.171.12 - - [16/Jul/2021:08:16:14 +0200] "GET /-p-37603.html HTTP/1.0" 200 70197 "-" "Mozilla/5.0 (compatible; SemrushBot/7~bl; +http://www.semrush.com/bot.html)"
114.119.158.196 - - [16/Jul/2021:08:16:16 +0200] "GET /tinted-candle-mass-ocher-color-p-48916.html HTTP/1.0" 200 72922 "-" "Mozilla/5.0 (Linux; Android 7.0;) AppleWebKit/537.36 (KHTML, like Gecko) Mobile Safari/537.36 (compatible; PetalBot;+https://webmaster.petalsearch.com/site/petalbot)"
207.46.13.125 - - [16/Jul/2021:08:16:33 +0200] "GET /beautiful-babushka-by-kimmidoll-green-decorative-figurine-p-33239.html HTTP/1.0" 301 70588 "-" "Mozilla/5.0 (compatible; bingbot/2.0; +http://www.bing.com/bingbot.htm)"
40.77.167.68 - - [16/Jul/2021:08:16:48 +0200] "GET /alarms-clocks-c-13_65.html HTTP/1.0" 200 91355 "-" "Mozilla/5.0 (compatible; bingbot/2.0; +http://www.bing.com/bingbot.htm)"
40.77.167.68 - - [16/Jul/2021:08:16:49 +0200] "GET /images/TBOB51SHNOIRb.jpg HTTP/1.0" 200 259 "-" "Mozilla/5.0 (compatible; bingbot/2.0; +http://www.bing.com/bingbot.htm)"
40.77.167.68 - - [16/Jul/2021:08:16:50 +0200] "GET /images/mini_prod/5414451398688.jpg HTTP/1.0" 200 269 "-" "Mozilla/5.0 (compatible; bingbot/2.0; +http://www.bing.com/bingbot.htm)"
40.77.167.68 - - [16/Jul/2021:08:16:50 +0200] "GET /betty-boop-bunny-coin-purse-p-13694.html HTTP/1.0" 200 73134 "-" "Mozilla/5.0 (compatible; bingbot/2.0; +http://www.bing.com/bingbot.htm)"
40.77.167.68 - - [16/Jul/2021:08:16:51 +0200] "GET /cats-dubout-figurine-siesta-p-33345.html HTTP/1.0" 200 73309 "-" "Mozilla/5.0 (compatible; bingbot/2.0; +http://www.bing.com/bingbot.htm)"
54.36.148.242 - - [16/Jul/2021:08:17:12 +0200] "GET /smiley-reporter-p-16739.html HTTP/1.0" 200 73167 "-" "Mozilla/5.0 (compatible; AhrefsBot/7.0; +http://ahrefs.com/robot/)"
185.191.171.37 - - [16/Jul/2021:08:17:18 +0200] "GET /incense-stick-holder-flowers-p-55241.html?action=add_product HTTP/1.0" 302 476 "-" "Mozilla/5.0 (compatible; SemrushBot/7~bl; +http://www.semrush.com/bot.html)"
207.46.13.51 - - [16/Jul/2021:08:17:32 +0200] "GET /retro-wooden-motorcycle-frame-to-hang-latter-dude-p-46393.html HTTP/1.0" 301 73253 "-" "Mozilla/5.0 (compatible; bingbot/2.0; +http://www.bing.com/bingbot.htm)"
66.249.72.168 - - [16/Jul/2021:08:17:44 +0200] "GET /daisy-minnie-lunch-bottle-p-31685.html HTTP/1.0" 200 73085 "-" "Mozilla/5.0 (compatible; Googlebot/2.1; +http://www.google.com/bot.html)"
157.55.39.124 - - [16/Jul/2021:08:18:09 +0200] "GET /large-clock-world-p-51513.html HTTP/1.0" 200 70263 "-" "Mozilla/5.0 (compatible; bingbot/2.0; +http://www.bing.com/bingbot.htm)"
207.46.13.125 - - [16/Jul/2021:08:18:14 +0200] "GET /js/jquery.js HTTP/1.0" 200 252 "-" "Mozilla/5.0 (compatible; bingbot/2.0; +http://www.bing.com/bingbot.htm)"
40.77.167.36 - - [16/Jul/2021:08:18:14 +0200] "GET /charcoal-tablets-golden-temple-100-tablets-p-47648.html HTTP/1.0" 301 73372 "-" "Mozilla/5.0 (compatible; bingbot/2.0; +http://www.bing.com/bingbot.htm)"
114.119.151.113 - - [16/Jul/2021:08:18:22 +0200] "GET /images/mini_prod/8422017740618.jpg HTTP/1.0" 200 269 "-" "Mozilla/5.0 (Linux; Android 7.0;) AppleWebKit/537.36 (KHTML, like Gecko) Mobile Safari/537.36 (compatible; PetalBot;+https://webmaster.petalsearch.com/site/petalbot)"
66.249.72.166 - - [16/Jul/2021:08:18:24 +0200] "GET /luggages-schoolbags-leather-shop/vanity-beauty-bags/kimmidoll-airi-vanity-collection-p-27445.html HTTP/1.0" 301 70264 "-" "Mozilla/5.0 (compatible; Googlebot/2.1; +http://www.google.com/bot.html)"
66.249.72.170 - - [16/Jul/2021:08:18:25 +0200] "GET /-p-27445.html HTTP/1.0" 200 70197 "-" "Mozilla/5.0 (compatible; Googlebot/2.1; +http://www.google.com/bot.html)"
185.191.171.34 - - [16/Jul/2021:08:18:33 +0200] "GET /zippo-outdoor-utility-lighter-p-29793.html HTTP/1.0" 200 73360 "-" "Mozilla/5.0 (compatible; SemrushBot/7~bl; +http://www.semrush.com/bot.html)"
207.46.13.125 - - [16/Jul/2021:08:18:34 +0200] "GET /spongebob-names-shirt-p-29557.html HTTP/1.0" 200 74237 "-" "Mozilla/5.0 (compatible; bingbot/2.0; +http://www.bing.com/bingbot.htm)"
207.46.13.51 - - [16/Jul/2021:08:18:40 +0200] "GET /llama-love-round-metal-storage-box-p-47619.html HTTP/1.0" 301 70412 "-" "Mozilla/5.0 (compatible; bingbot/2.0; +http://www.bing.com/bingbot.htm)"
157.55.39.121 - - [16/Jul/2021:08:18:45 +0200] "GET /la-vie-est-formidable-shirt-by-etienne-boyer-p-29565.html HTTP/1.0" 301 75501 "-" "Mozilla/5.0 (compatible; bingbot/2.0; +http://www.bing.com/bingbot.htm)"
207.46.13.65 - - [16/Jul/2021:08:19:06 +0200] "GET /gund-mini-lion-sound-plush-p-34857.html HTTP/1.0" 200 72960 "-" "Mozilla/5.0 (compatible; bingbot/2.0; +http://www.bing.com/bingbot.htm)"
185.191.171.35 - - [16/Jul/2021:08:19:08 +0200] "GET /clocks-c-13_67.html?page=3 HTTP/1.0" 200 93102 "-" "Mozilla/5.0 (compatible; SemrushBot/7~bl; +http://www.semrush.com/bot.html)"
185.191.171.41 - - [16/Jul/2021:08:19:10 +0200] "GET /vespa-green-phone-cover-iphone-p-11775.html HTTP/1.0" 200 73017 "-" "Mozilla/5.0 (compatible; SemrushBot/7~bl; +http://www.semrush.com/bot.html)"
54.36.148.242 - - [16/Jul/2021:08:19:15 +0200] "GET /bamboo-fiber-plant-cover-p-55349.html HTTP/1.0" 200 73443 "-" "Mozilla/5.0 (compatible; AhrefsBot/7.0; +http://ahrefs.com/robot/)"
40.77.167.77 - - [16/Jul/2021:08:19:29 +0200] "GET /cars-tumbler-with-straw-p-31690.html HTTP/1.0" 200 70303 "-" "Mozilla/5.0 (compatible; bingbot/2.0; +http://www.bing.com/bingbot.htm)"
13.66.139.0 - - [16/Jul/2021:08:19:45 +0200] "GET /gorjuss-little-song-bag-p-29742.html HTTP/1.0" 301 70381 "-" "Mozilla/5.0 (compatible; bingbot/2.0; +http://www.bing.com/bingbot.htm)"
114.119.154.200 - - [16/Jul/2021:08:19:51 +0200] "GET /moon-lamp-p-50114.html HTTP/1.0" 200 73364 "-" "Mozilla/5.0 (Linux; Android 7.0;) AppleWebKit/537.36 (KHTML, like Gecko) Mobile Safari/537.36 (compatible; PetalBot;+https://webmaster.petalsearch.com/site/petalbot)"
17.121.113.158 - - [16/Jul/2021:08:19:59 +0200] "GET /miracle-tattoos-augmented-reality-p-30664.html HTTP/1.0" 200 73795 "-" "Mozilla/5.0 (Macintosh; Intel Mac OS X 10_15_5) AppleWebKit/605.1.15 (KHTML, like Gecko) Version/13.1.1 Safari/605.1.15 (Applebot/0.1; +http://www.apple.com/go/applebot)"
66.249.72.170 - - [16/Jul/2021:08:20:00 +0200] "GET /daisy-minnie-lunch-bottle-p-31685.html HTTP/1.0" 200 73085 "-" "Mozilla/5.0 (Linux; Android 6.0.1; Nexus 5X Build/MMB29P) AppleWebKit/537.36 (KHTML, like Gecko) Chrome/91.0.4472.90 Mobile Safari/537.36 (compatible; Googlebot/2.1; +http://www.google.com/bot.html)"
185.191.171.18 - - [16/Jul/2021:08:20:08 +0200] "GET /characters-sculpture-natural-wood-aluminum-p-55480.html?action=add_product HTTP/1.0" 302 476 "-" "Mozilla/5.0 (compatible; SemrushBot/7~bl; +http://www.semrush.com/bot.html)"
157.55.39.121 - - [16/Jul/2021:08:20:15 +0200] "GET /-p-29547.html HTTP/1.0" 200 70197 "-" "Mozilla/5.0 (compatible; bingbot/2.0; +http://www.bing.com/bingbot.htm)"
40.77.167.36 - - [16/Jul/2021:08:20:43 +0200] "GET /fireflower-metal-capacity-p-52993.html HTTP/1.0" 200 73145 "-" "Mozilla/5.0 (compatible; bingbot/2.0; +http://www.bing.com/bingbot.htm)"
40.77.167.36 - - [16/Jul/2021:08:20:46 +0200] "GET /computer-briefcase-c-31_82.html HTTP/1.0" 200 84099 "-" "Mozilla/5.0 (compatible; bingbot/2.0; +http://www.bing.com/bingbot.htm)"
40.77.167.36 - - [16/Jul/2021:08:20:46 +0200] "GET /light-wood-table-lamp-scandinavian-spirit-p-52769.html HTTP/1.0" 200 73840 "-" "Mozilla/5.0 (compatible; bingbot/2.0; +http://www.bing.com/bingbot.htm)"
207.46.13.65 - - [16/Jul/2021:08:20:47 +0200] "GET /images/big_prod_1/4029811441235B.jpg HTTP/1.0" 200 271 "-" "Mozilla/5.0 (compatible; bingbot/2.0; +http://www.bing.com/bingbot.htm)"
207.46.13.65 - - [16/Jul/2021:08:20:49 +0200] "GET /confiture-picon-placemat-p-49719.html HTTP/1.0" 200 72864 "-" "Mozilla/5.0 (compatible; bingbot/2.0; +http://www.bing.com/bingbot.htm)"
54.36.148.242 - - [16/Jul/2021:08:21:09 +0200] "GET /janod-axion-birthday-p-20553.html HTTP/1.0" 200 73741 "-" "Mozilla/5.0 (compatible; AhrefsBot/7.0; +http://ahrefs.com/robot/)"
66.249.72.166 - - [16/Jul/2021:08:21:29 +0200] "GET /images/big_prod_1/8424345610281B.jpg HTTP/1.0" 200 271 "-" "Googlebot-Image/1.0"
114.119.130.202 - - [16/Jul/2021:08:21:39 +0200] "GET /calavera-yellow-beauty-nail-kit-p-29315.html HTTP/1.0" 301 73111 "-" "Mozilla/5.0 (Linux; Android 7.0;) AppleWebKit/537.36 (KHTML, like Gecko) Mobile Safari/537.36 (compatible; PetalBot;+https://webmaster.petalsearch.com/site/petalbot)"
114.119.130.202 - - [16/Jul/2021:08:21:43 +0200] "GET /calavera-yellow-beauty-nail-p-29315.html HTTP/1.0" 200 73017 "-" "Mozilla/5.0 (Linux; Android 7.0;) AppleWebKit/537.36 (KHTML, like Gecko) Mobile Safari/537.36 (compatible; PetalBot;+https://webmaster.petalsearch.com/site/petalbot)"
185.191.171.7 - - [16/Jul/2021:08:21:52 +0200] "GET /flamingo-wall-decoration-p-42133.html?action=add_product HTTP/1.0" 302 476 "-" "Mozilla/5.0 (compatible; SemrushBot/7~bl; +http://www.semrush.com/bot.html)"
66.249.72.166 - - [16/Jul/2021:08:22:16 +0200] "GET /frozen-lunchbox-p-31746.html HTTP/1.0" 200 74539 "-" "Mozilla/5.0 (compatible; Googlebot/2.1; +http://www.google.com/bot.html)"
185.191.171.22 - - [16/Jul/2021:08:22:23 +0200] "GET /table-decoration-bowl-paulownia-wood-p-48814.html HTTP/1.0" 200 70333 "-" "Mozilla/5.0 (compatible; SemrushBot/7~bl; +http://www.semrush.com/bot.html)"
185.191.171.42 - - [16/Jul/2021:08:22:43 +0200] "GET /harley-davidson-large-box-p-26374.html HTTP/1.0" 301 70367 "-" "Mozilla/5.0 (compatible; SemrushBot/7~bl; +http://www.semrush.com/bot.html)"
185.191.171.23 - - [16/Jul/2021:08:22:45 +0200] "GET /harley-davidson-large-p-26374.html HTTP/1.0" 200 70279 "-" "Mozilla/5.0 (compatible; SemrushBot/7~bl; +http://www.semrush.com/bot.html)"
54.36.149.88 - - [16/Jul/2021:08:22:46 +0200] "GET /wise-wings-integrity-owl-figurine-p-51819.html HTTP/1.0" 301 74309 "-" "Mozilla/5.0 (compatible; AhrefsBot/7.0; +http://ahrefs.com/robot/)"
114.119.144.233 - - [16/Jul/2021:08:22:47 +0200] "GET /fatima-engraved-small-box-carved-p-44405.html HTTP/1.0" 301 74184 "-" "Mozilla/5.0 (Linux; Android 7.0;) AppleWebKit/537.36 (KHTML, like Gecko) Mobile Safari/537.36 (compatible; PetalBot;+https://webmaster.petalsearch.com/site/petalbot)"
114.119.144.233 - - [16/Jul/2021:08:22:50 +0200] "GET /fatima-engraved-small-carved-p-44405.html HTTP/1.0" 200 74089 "-" "Mozilla/5.0 (Linux; Android 7.0;) AppleWebKit/537.36 (KHTML, like Gecko) Mobile Safari/537.36 (compatible; PetalBot;+https://webmaster.petalsearch.com/site/petalbot)"
54.36.148.242 - - [16/Jul/2021:08:23:13 +0200] "GET /metal-boxes-storage-c-13_150_218.html HTTP/1.0" 200 90111 "-" "Mozilla/5.0 (compatible; AhrefsBot/7.0; +http://ahrefs.com/robot/)"
66.249.72.170 - - [16/Jul/2021:08:23:45 +0200] "GET /pillow-protector-bolster-protector-c-11_276.html?page=2 HTTP/1.0" 200 83279 "-" "Mozilla/5.0 (Linux; Android 6.0.1; Nexus 5X Build/MMB29P) AppleWebKit/537.36 (KHTML, like Gecko) Chrome/91.0.4472.90 Mobile Safari/537.36 (compatible; Googlebot/2.1; +http://www.google.com/bot.html)"
66.249.72.168 - - [16/Jul/2021:08:23:46 +0200] "GET /lavender-liquid-soap-dispenser-p-44975.html HTTP/1.0" 200 72935 "-" "Mozilla/5.0 (Linux; Android 6.0.1; Nexus 5X Build/MMB29P) AppleWebKit/537.36 (KHTML, like Gecko) Chrome/91.0.4472.90 Mobile Safari/537.36 (compatible; Googlebot/2.1; +http://www.google.com/bot.html)"
185.191.171.23 - - [16/Jul/2021:08:24:02 +0200] "GET /purple-tulip-alarm-clock-p-47276.html HTTP/1.0" 200 74179 "-" "Mozilla/5.0 (compatible; SemrushBot/7~bl; +http://www.semrush.com/bot.html)"
207.46.13.65 - - [16/Jul/2021:08:24:05 +0200] "GET /swfobject.js HTTP/1.0" 404 1308 "-" "Mozilla/5.0 (compatible; bingbot/2.0; +http://www.bing.com/bingbot.htm)"
66.249.76.54 - - [16/Jul/2021:08:24:21 +0200] "GET /psg-paris-saint-germain-football-boot-money-box-p-52183.html HTTP/1.0" 301 73129 "-" "Mozilla/5.0 (Linux; Android 6.0.1; Nexus 5X Build/MMB29P) AppleWebKit/537.36 (KHTML, like Gecko) Chrome/91.0.4472.90 Mobile Safari/537.36 (compatible; Googlebot/2.1; +http://www.google.com/bot.html)"
66.249.72.168 - - [16/Jul/2021:08:24:22 +0200] "GET /paris-saint-germain-football-boot-money-p-52183.html HTTP/1.0" 200 73023 "-" "Mozilla/5.0 (Linux; Android 6.0.1; Nexus 5X Build/MMB29P) AppleWebKit/537.36 (KHTML, like Gecko) Chrome/91.0.4472.90 Mobile Safari/537.36 (compatible; Googlebot/2.1; +http://www.google.com/bot.html)"
207.46.13.51 - - [16/Jul/2021:08:24:32 +0200] "GET /wrap-stitch-with-santa-figurine-p-49215.html HTTP/1.0" 200 73981 "-" "Mozilla/5.0 (compatible; bingbot/2.0; +http://www.bing.com/bingbot.htm)"
66.249.72.168 - - [16/Jul/2021:08:24:33 +0200] "GET /frozen-lunchbox-p-31746.html HTTP/1.0" 200 74539 "-" "Mozilla/5.0 (Linux; Android 6.0.1; Nexus 5X Build/MMB29P) AppleWebKit/537.36 (KHTML, like Gecko) Chrome/91.0.4472.90 Mobile Safari/537.36 (compatible; Googlebot/2.1; +http://www.google.com/bot.html)"
66.249.72.166 - - [16/Jul/2021:08:24:41 +0200] "GET /images/big_prod_2/5018997626924B.jpg HTTP/1.0" 200 271 "-" "Googlebot-Image/1.0"
114.119.145.117 - - [16/Jul/2021:08:24:53 +0200] "GET /brioche-charm-ball-p-54940.html HTTP/1.0" 200 73647 "-" "Mozilla/5.0 (Linux; Android 7.0;) AppleWebKit/537.36 (KHTML, like Gecko) Mobile Safari/537.36 (compatible; PetalBot;+https://webmaster.petalsearch.com/site/petalbot)"
66.249.72.166 - - [16/Jul/2021:08:24:57 +0200] "GET /images/mini_prod/4010070222550.jpg HTTP/1.0" 200 269 "-" "Googlebot-Image/1.0"
157.55.39.124 - - [16/Jul/2021:08:25:01 +0200] "GET /-p-39526.html HTTP/1.0" 200 70197 "-" "Mozilla/5.0 (compatible; bingbot/2.0; +http://www.bing.com/bingbot.htm)"
54.36.148.242 - - [16/Jul/2021:08:25:10 +0200] "GET /cups-c-12_248.html HTTP/1.0" 200 89188 "-" "Mozilla/5.0 (compatible; AhrefsBot/7.0; +http://ahrefs.com/robot/)"
207.46.13.51 - - [16/Jul/2021:08:25:22 +0200] "GET /-p-2000.html HTTP/1.0" 200 70195 "-" "Mozilla/5.0 (compatible; bingbot/2.0; +http://www.bing.com/bingbot.htm)"
147.92.153.2 - - [16/Jul/2021:08:25:49 +0200] "GET /fragrance-case-cabinet-diffuser-c-231_228.html HTTP/1.0" 200 90025 "-" "Mozilla/5.0 (compatible; Linespider/1.1; +https://lin.ee/4dwXkTH)"
207.46.13.125 - - [16/Jul/2021:08:25:53 +0200] "GET /images/1399984243862.jpg HTTP/1.0" 200 259 "-" "Mozilla/5.0 (compatible; bingbot/2.0; +http://www.bing.com/bingbot.htm)"
207.46.13.51 - - [16/Jul/2021:08:26:01 +0200] "GET /littlest-petshop-white-swimsuit-p-30316.html HTTP/1.0" 200 74324 "-" "Mozilla/5.0 (compatible; bingbot/2.0; +http://www.bing.com/bingbot.htm)"
114.119.129.36 - - [16/Jul/2021:08:26:10 +0200] "GET /metal-retro-calendar-decorated-with-bird-p-40400.html HTTP/1.0" 200 73018 "-" "Mozilla/5.0 (Linux; Android 7.0;) AppleWebKit/537.36 (KHTML, like Gecko) Mobile Safari/537.36 (compatible; PetalBot;+https://webmaster.petalsearch.com/site/petalbot)"
51.68.224.127 - - [16/Jul/2021:08:26:35 +0200] "GET /adminweb/export_orders_xml.php?token=256de2z6edz6ed2z6DFSFsed2zed6zeDSFDSGdzedezfzf&maxorders=10&orderstart=1&status=14&start_date=2018-10-01 HTTP/1.0" 200 285 "-" "GesCom CharlotteBoutik Serveur"
51.68.224.127 - - [16/Jul/2021:08:26:35 +0200] "GET /adminweb/export_orders_xml.php?token=256de2z6edz6ed2z6DFSFsed2zed6zeDSFDSGdzedezfzf&maxorders=10&orderstart=1&status=6&start_date=2018-10-01 HTTP/1.0" 200 29786 "-" "GesCom CharlotteBoutik Serveur"
66.249.72.168 - - [16/Jul/2021:08:26:49 +0200] "GET /wicker-picnic-basket-with-dishes-p-42062.html HTTP/1.0" 200 73300 "-" "Mozilla/5.0 (compatible; Googlebot/2.1; +http://www.google.com/bot.html)"
49.7.21.70 - - [16/Jul/2021:08:26:53 +0200] "GET /suitcase-lunch-lunch-c-64.html HTTP/1.0" 301 87473 "-" "Sogou web spider/4.0(+http://www.sogou.com/docs/help/webmasters.htm#07)"
40.77.167.77 - - [16/Jul/2021:08:27:10 +0200] "GET /golfer-statuette-p-51566.html HTTP/1.0" 200 72824 "-" "Mozilla/5.0 (compatible; bingbot/2.0; +http://www.bing.com/bingbot.htm)"
54.36.148.242 - - [16/Jul/2021:08:27:11 +0200] "GET /-i-17.html HTTP/1.0" 200 99354 "-" "Mozilla/5.0 (compatible; AhrefsBot/7.0; +http://ahrefs.com/robot/)"
207.46.13.125 - - [16/Jul/2021:08:27:54 +0200] "GET /metal-ding-dong-bell-for-bike-grey-p-40746.html HTTP/1.0" 301 73032 "-" "Mozilla/5.0 (compatible; bingbot/2.0; +http://www.bing.com/bingbot.htm)"
185.191.171.4 - - [16/Jul/2021:08:28:05 +0200] "GET /the-rugs-c-11_269.html?page=6 HTTP/1.0" 301 90929 "-" "Mozilla/5.0 (compatible; SemrushBot/7~bl; +http://www.semrush.com/bot.html)"
185.191.171.10 - - [16/Jul/2021:08:28:07 +0200] "GET /rugs-c-269.html?page=6 HTTP/1.0" 200 90734 "-" "Mozilla/5.0 (compatible; SemrushBot/7~bl; +http://www.semrush.com/bot.html)"
114.119.144.233 - - [16/Jul/2021:08:29:03 +0200] "GET /egg-cup-p-40826.html HTTP/1.0" 200 72677 "-" "Mozilla/5.0 (Linux; Android 7.0;) AppleWebKit/537.36 (KHTML, like Gecko) Mobile Safari/537.36 (compatible; PetalBot;+https://webmaster.petalsearch.com/site/petalbot)"
66.249.72.170 - - [16/Jul/2021:08:29:05 +0200] "GET /wicker-picnic-basket-with-dishes-p-42062.html HTTP/1.0" 200 73300 "-" "Mozilla/5.0 (Linux; Android 6.0.1; Nexus 5X Build/MMB29P) AppleWebKit/537.36 (KHTML, like Gecko) Chrome/91.0.4472.90 Mobile Safari/537.36 (compatible; Googlebot/2.1; +http://www.google.com/bot.html)"
54.36.148.242 - - [16/Jul/2021:08:29:12 +0200] "GET /tablecloths-c-11_176.html HTTP/1.0" 200 91540 "-" "Mozilla/5.0 (compatible; AhrefsBot/7.0; +http://ahrefs.com/robot/)"
66.249.72.168 - - [16/Jul/2021:08:29:31 +0200] "GET /highslide/highslide.js HTTP/1.0" 200 262 "http://www.wonder-geek.com/wicker-picnic-basket-with-dishes-p-42062.html" "Mozilla/5.0 (Linux; Android 6.0.1; Nexus 5X Build/MMB29P) AppleWebKit/537.36 (KHTML, like Gecko) Chrome/91.0.4472.90 Mobile Safari/537.36 (compatible; Googlebot/2.1; +http://www.google.com/bot.html)"
114.119.154.200 - - [16/Jul/2021:08:29:37 +0200] "GET /images/mini_prod/3565750277562.jpg HTTP/1.0" 200 269 "-" "Mozilla/5.0 (Linux; Android 7.0;) AppleWebKit/537.36 (KHTML, like Gecko) Mobile Safari/537.36 (compatible; PetalBot;+https://webmaster.petalsearch.com/site/petalbot)"
66.249.72.166 - - [16/Jul/2021:08:29:55 +0200] "GET /images/MISES-EN-SITUATION-STACH-20.jpg HTTP/1.0" 200 273 "-" "Googlebot-Image/1.0"
17.121.114.188 - - [16/Jul/2021:08:30:03 +0200] "GET /candy-cloud-notepad-candy-p-49833.html HTTP/1.0" 200 72880 "-" "Mozilla/5.0 (Macintosh; Intel Mac OS X 10_15_5) AppleWebKit/605.1.15 (KHTML, like Gecko) Version/13.1.1 Safari/605.1.15 (Applebot/0.1; +http://www.apple.com/go/applebot)"
49.180.107.12 - - [16/Jul/2021:08:30:11 +0200] "GET /ceramic-salt-pot-with-spoon-paludier-p-50631.html HTTP/1.0" 301 73006 "-" "Mozilla/5.0 (Windows NT 10.0; Win64; x64) AppleWebKit/537.36 (KHTML, like Gecko) Chrome/91.0.4472.124 Safari/537.36 Edg/91.0.864.67"
49.180.107.12 - - [16/Jul/2021:08:30:12 +0200] "GET /ceramic-salt-with-spoon-paludier-p-50631.html HTTP/1.0" 200 72907 "-" "Mozilla/5.0 (Windows NT 10.0; Win64; x64) AppleWebKit/537.36 (KHTML, like Gecko) Chrome/91.0.4472.124 Safari/537.36 Edg/91.0.864.67"
49.180.107.12 - - [16/Jul/2021:08:30:13 +0200] "GET /templates/Pixame_v1/stylesheet.css HTTP/1.0" 200 267 "http://www.wonder-geek.com/ceramic-salt-with-spoon-paludier-p-50631.html" "Mozilla/5.0 (Windows NT 10.0; Win64; x64) AppleWebKit/537.36 (KHTML, like Gecko) Chrome/91.0.4472.124 Safari/537.36 Edg/91.0.864.67"
49.180.107.12 - - [16/Jul/2021:08:30:14 +0200] "GET /highslide/highslide.js HTTP/1.0" 200 262 "http://www.wonder-geek.com/ceramic-salt-with-spoon-paludier-p-50631.html" "Mozilla/5.0 (Windows NT 10.0; Win64; x64) AppleWebKit/537.36 (KHTML, like Gecko) Chrome/91.0.4472.124 Safari/537.36 Edg/91.0.864.67"
49.180.107.12 - - [16/Jul/2021:08:30:14 +0200] "GET /js/jquery.js HTTP/1.0" 200 252 "http://www.wonder-geek.com/ceramic-salt-with-spoon-paludier-p-50631.html" "Mozilla/5.0 (Windows NT 10.0; Win64; x64) AppleWebKit/537.36 (KHTML, like Gecko) Chrome/91.0.4472.124 Safari/537.36 Edg/91.0.864.67"
207.46.13.125 - - [16/Jul/2021:08:30:14 +0200] "GET /coca-cola-university-cosmetic-bag-p-18868.html HTTP/1.0" 301 73284 "-" "Mozilla/5.0 (compatible; bingbot/2.0; +http://www.bing.com/bingbot.htm)"
49.180.107.12 - - [16/Jul/2021:08:30:15 +0200] "GET /js/jquery.jqzoom.js HTTP/1.0" 200 259 "http://www.wonder-geek.com/ceramic-salt-with-spoon-paludier-p-50631.html" "Mozilla/5.0 (Windows NT 10.0; Win64; x64) AppleWebKit/537.36 (KHTML, like Gecko) Chrome/91.0.4472.124 Safari/537.36 Edg/91.0.864.67"
49.180.107.12 - - [16/Jul/2021:08:30:15 +0200] "GET /mondial_relay/js/jquery-1.3.2.min.js HTTP/1.0" 200 276 "http://www.wonder-geek.com/ceramic-salt-with-spoon-paludier-p-50631.html" "Mozilla/5.0 (Windows NT 10.0; Win64; x64) AppleWebKit/537.36 (KHTML, like Gecko) Chrome/91.0.4472.124 Safari/537.36 Edg/91.0.864.67"
49.180.107.12 - - [16/Jul/2021:08:30:16 +0200] "GET /swfobject.js HTTP/1.0" 404 1308 "http://www.wonder-geek.com/ceramic-salt-with-spoon-paludier-p-50631.html" "Mozilla/5.0 (Windows NT 10.0; Win64; x64) AppleWebKit/537.36 (KHTML, like Gecko) Chrome/91.0.4472.124 Safari/537.36 Edg/91.0.864.67"
49.180.107.12 - - [16/Jul/2021:08:30:16 +0200] "GET /templates/Pixame_v1/images/icon_accueil2.png HTTP/1.0" 200 278 "http://www.wonder-geek.com/ceramic-salt-with-spoon-paludier-p-50631.html" "Mozilla/5.0 (Windows NT 10.0; Win64; x64) AppleWebKit/537.36 (KHTML, like Gecko) Chrome/91.0.4472.124 Safari/537.36 Edg/91.0.864.67"
49.180.107.12 - - [16/Jul/2021:08:30:17 +0200] "GET /images/pixel_trans.gif HTTP/1.0" 200 328 "http://www.wonder-geek.com/ceramic-salt-with-spoon-paludier-p-50631.html" "Mozilla/5.0 (Windows NT 10.0; Win64; x64) AppleWebKit/537.36 (KHTML, like Gecko) Chrome/91.0.4472.124 Safari/537.36 Edg/91.0.864.67"
49.180.107.12 - - [16/Jul/2021:08:30:17 +0200] "GET /templates/Pixame_v1/images/infobox/pixel_trans.gif HTTP/1.0" 200 328 "http://www.wonder-geek.com/ceramic-salt-with-spoon-paludier-p-50631.html" "Mozilla/5.0 (Windows NT 10.0; Win64; x64) AppleWebKit/537.36 (KHTML, like Gecko) Chrome/91.0.4472.124 Safari/537.36 Edg/91.0.864.67"
49.180.107.12 - - [16/Jul/2021:08:30:17 +0200] "GET /swfobject.js HTTP/1.0" 404 1308 "http://www.wonder-geek.com/ceramic-salt-with-spoon-paludier-p-50631.html" "Mozilla/5.0 (Windows NT 10.0; Win64; x64) AppleWebKit/537.36 (KHTML, like Gecko) Chrome/91.0.4472.124 Safari/537.36 Edg/91.0.864.67"
49.180.107.12 - - [16/Jul/2021:08:30:17 +0200] "GET /images/big_prod/3503420099427.jpg HTTP/1.0" 200 268 "http://www.wonder-geek.com/ceramic-salt-with-spoon-paludier-p-50631.html" "Mozilla/5.0 (Windows NT 10.0; Win64; x64) AppleWebKit/537.36 (KHTML, like Gecko) Chrome/91.0.4472.124 Safari/537.36 Edg/91.0.864.67"
49.180.107.12 - - [16/Jul/2021:08:30:17 +0200] "GET /templates/Pixame_v1/images/pixel_trans.gif HTTP/1.0" 200 328 "http://www.wonder-geek.com/ceramic-salt-with-spoon-paludier-p-50631.html" "Mozilla/5.0 (Windows NT 10.0; Win64; x64) AppleWebKit/537.36 (KHTML, like Gecko) Chrome/91.0.4472.124 Safari/537.36 Edg/91.0.864.67"
49.180.107.12 - - [16/Jul/2021:08:30:17 +0200] "GET /templates/Pixame_v1/images/buttons/english/button_in_cart.gif HTTP/1.0" 200 295 "http://www.wonder-geek.com/ceramic-salt-with-spoon-paludier-p-50631.html" "Mozilla/5.0 (Windows NT 10.0; Win64; x64) AppleWebKit/537.36 (KHTML, like Gecko) Chrome/91.0.4472.124 Safari/537.36 Edg/91.0.864.67"
49.180.107.12 - - [16/Jul/2021:08:30:17 +0200] "GET /templates/Pixame_v1/images/Bottom_texture.jpg HTTP/1.0" 200 280 "http://www.wonder-geek.com/templates/Pixame_v1/stylesheet.css" "Mozilla/5.0 (Windows NT 10.0; Win64; x64) AppleWebKit/537.36 (KHTML, like Gecko) Chrome/91.0.4472.124 Safari/537.36 Edg/91.0.864.67"
49.180.107.12 - - [16/Jul/2021:08:30:18 +0200] "GET /templates/Pixame_v1/images/Middle_texture.jpg HTTP/1.0" 200 280 "http://www.wonder-geek.com/templates/Pixame_v1/stylesheet.css" "Mozilla/5.0 (Windows NT 10.0; Win64; x64) AppleWebKit/537.36 (KHTML, like Gecko) Chrome/91.0.4472.124 Safari/537.36 Edg/91.0.864.67"
66.249.72.170 - - [16/Jul/2021:08:30:17 +0200] "GET /ryoko-keyring-p-11352.html HTTP/1.0" 200 70253 "-" "Mozilla/5.0 (compatible; Googlebot/2.1; +http://www.google.com/bot.html)"
49.180.107.12 - - [16/Jul/2021:08:30:18 +0200] "GET /templates/Pixame_v1/images/header.png HTTP/1.0" 200 271 "http://www.wonder-geek.com/templates/Pixame_v1/stylesheet.css" "Mozilla/5.0 (Windows NT 10.0; Win64; x64) AppleWebKit/537.36 (KHTML, like Gecko) Chrome/91.0.4472.124 Safari/537.36 Edg/91.0.864.67"
49.180.107.12 - - [16/Jul/2021:08:30:19 +0200] "GET /templates/Pixame_v1/images/header-object.png HTTP/1.0" 200 278 "http://www.wonder-geek.com/templates/Pixame_v1/stylesheet.css" "Mozilla/5.0 (Windows NT 10.0; Win64; x64) AppleWebKit/537.36 (KHTML, like Gecko) Chrome/91.0.4472.124 Safari/537.36 Edg/91.0.864.67"
49.180.107.12 - - [16/Jul/2021:08:30:19 +0200] "GET /templates/Pixame_v1/images/nav.png HTTP/1.0" 200 268 "http://www.wonder-geek.com/templates/Pixame_v1/stylesheet.css" "Mozilla/5.0 (Windows NT 10.0; Win64; x64) AppleWebKit/537.36 (KHTML, like Gecko) Chrome/91.0.4472.124 Safari/537.36 Edg/91.0.864.67"
49.180.107.12 - - [16/Jul/2021:08:30:19 +0200] "GET /highslide/graphics/zoomin.cur HTTP/1.0" 200 614 "http://www.wonder-geek.com/templates/Pixame_v1/stylesheet.css" "Mozilla/5.0 (Windows NT 10.0; Win64; x64) AppleWebKit/537.36 (KHTML, like Gecko) Chrome/91.0.4472.124 Safari/537.36 Edg/91.0.864.67"
49.180.107.12 - - [16/Jul/2021:08:30:19 +0200] "GET /design/productsenstock.png HTTP/1.0" 200 260 "http://www.wonder-geek.com/templates/Pixame_v1/stylesheet.css" "Mozilla/5.0 (Windows NT 10.0; Win64; x64) AppleWebKit/537.36 (KHTML, like Gecko) Chrome/91.0.4472.124 Safari/537.36 Edg/91.0.864.67"
49.180.107.12 - - [16/Jul/2021:08:30:20 +0200] "GET /templates/Pixame_v1/images/infobox/infobox_footer_middle.gif HTTP/1.0" 200 357 "http://www.wonder-geek.com/ceramic-salt-with-spoon-paludier-p-50631.html" "Mozilla/5.0 (Windows NT 10.0; Win64; x64) AppleWebKit/537.36 (KHTML, like Gecko) Chrome/91.0.4472.124 Safari/537.36 Edg/91.0.864.67"
49.180.107.12 - - [16/Jul/2021:08:30:21 +0200] "GET /highslide/graphics/outlines/drop-shadow.png HTTP/1.0" 200 277 "http://www.wonder-geek.com/ceramic-salt-with-spoon-paludier-p-50631.html" "Mozilla/5.0 (Windows NT 10.0; Win64; x64) AppleWebKit/537.36 (KHTML, like Gecko) Chrome/91.0.4472.124 Safari/537.36 Edg/91.0.864.67"
49.180.107.12 - - [16/Jul/2021:08:30:21 +0200] "GET /highslide/graphics/loader.white.gif HTTP/1.0" 200 960 "http://www.wonder-geek.com/templates/Pixame_v1/stylesheet.css" "Mozilla/5.0 (Windows NT 10.0; Win64; x64) AppleWebKit/537.36 (KHTML, like Gecko) Chrome/91.0.4472.124 Safari/537.36 Edg/91.0.864.67"
