207.46.13.174 - - [16/Jul/2021:18:45:40 +0200] "GET /asterix-holding-his-braces-figure-p-15700.html HTTP/1.0" 301 70264 "-" "Mozilla/5.0 (compatible; bingbot/2.0; +http://www.bing.com/bingbot.htm)"
207.46.13.182 - - [16/Jul/2021:18:45:46 +0200] "GET /soft-toys-security-blanket-c-4_46.html?page=6 HTTP/1.0" 200 92642 "-" "Mozilla/5.0 (compatible; bingbot/2.0; +http://www.bing.com/bingbot.htm)"
54.36.148.242 - - [16/Jul/2021:18:46:13 +0200] "GET /indian-fancy-bracelet-finish-golden-color-p-43741.html HTTP/1.0" 200 72943 "-" "Mozilla/5.0 (compatible; AhrefsBot/7.0; +http://ahrefs.com/robot/)"
207.46.13.182 - - [16/Jul/2021:18:46:35 +0200] "GET /michelle-arlen-owl-glass-clock-p-24295.html HTTP/1.0" 301 73323 "-" "Mozilla/5.0 (compatible; bingbot/2.0; +http://www.bing.com/bingbot.htm)"
185.191.171.1 - - [16/Jul/2021:18:46:45 +0200] "GET /bamboo-bathroom-p-55503.html HTTP/1.0" 200 73779 "-" "Mozilla/5.0 (compatible; SemrushBot/7~bl; +http://www.semrush.com/bot.html)"
157.55.39.72 - - [16/Jul/2021:18:46:47 +0200] "GET /-p-14526.html HTTP/1.0" 200 70197 "-" "Mozilla/5.0 (compatible; bingbot/2.0; +http://www.bing.com/bingbot.htm)"
207.46.13.182 - - [16/Jul/2021:18:47:38 +0200] "GET /elephants-ceramic-perfume-diffuser-cream-p-47206.html HTTP/1.0" 200 73706 "-" "Mozilla/5.0 (compatible; bingbot/2.0; +http://www.bing.com/bingbot.htm)"
157.55.39.180 - - [16/Jul/2021:18:47:49 +0200] "GET /the-little-prince-white-ceramic-plate-p-52499.html HTTP/1.0" 301 70427 "-" "Mozilla/5.0 (compatible; bingbot/2.0; +http://www.bing.com/bingbot.htm)"
207.46.13.179 - - [16/Jul/2021:18:47:58 +0200] "GET /small-baby-teeth-hedgehog-p-51575.html HTTP/1.0" 200 73021 "-" "Mozilla/5.0 (compatible; bingbot/2.0; +http://www.bing.com/bingbot.htm)"
54.36.148.242 - - [16/Jul/2021:18:48:00 +0200] "GET /vespa-blue-card-holder-p-15578.html HTTP/1.0" 200 72944 "-" "Mozilla/5.0 (compatible; AhrefsBot/7.0; +http://ahrefs.com/robot/)"
185.191.171.10 - - [16/Jul/2021:18:48:03 +0200] "GET /bronze-statue-archangel-zadkiel-p-53927.html HTTP/1.0" 200 73030 "-" "Mozilla/5.0 (compatible; SemrushBot/7~bl; +http://www.semrush.com/bot.html)"
207.46.13.182 - - [16/Jul/2021:18:48:17 +0200] "GET /-p-16820.html HTTP/1.0" 200 70197 "-" "Mozilla/5.0 (compatible; bingbot/2.0; +http://www.bing.com/bingbot.htm)"
157.55.39.167 - - [16/Jul/2021:18:48:33 +0200] "GET /swfobject.js HTTP/1.0" 404 1308 "-" "Mozilla/5.0 (compatible; bingbot/2.0; +http://www.bing.com/bingbot.htm)"
157.55.39.180 - - [16/Jul/2021:18:48:49 +0200] "GET /gorjuss-lockable-journal-with-heart-shaped-lock-autumn-leave-p-50950.html HTTP/1.0" 200 74323 "-" "Mozilla/5.0 (compatible; bingbot/2.0; +http://www.bing.com/bingbot.htm)"
157.55.39.72 - - [16/Jul/2021:18:49:08 +0200] "GET /butterflies-makeup-accessories-p-28913.html HTTP/1.0" 200 72971 "-" "Mozilla/5.0 (compatible; bingbot/2.0; +http://www.bing.com/bingbot.htm)"
157.55.39.166 - - [16/Jul/2021:18:49:26 +0200] "GET /love-personnalized-money-boxes-p-17692.html HTTP/1.0" 200 73173 "-" "Mozilla/5.0 (compatible; bingbot/2.0; +http://www.bing.com/bingbot.htm)"
207.46.13.179 - - [16/Jul/2021:18:49:30 +0200] "GET /-p-14216.html HTTP/1.0" 200 70197 "-" "Mozilla/5.0 (compatible; bingbot/2.0; +http://www.bing.com/bingbot.htm)"
54.36.148.242 - - [16/Jul/2021:18:49:47 +0200] "GET /olivia-paris-cosmetic-p-16804.html HTTP/1.0" 200 73026 "-" "Mozilla/5.0 (compatible; AhrefsBot/7.0; +http://ahrefs.com/robot/)"
157.55.39.167 - - [16/Jul/2021:18:49:58 +0200] "GET /watch-freegun-rocket-usa-p-35084.html HTTP/1.0" 301 70387 "-" "Mozilla/5.0 (compatible; bingbot/2.0; +http://www.bing.com/bingbot.htm)"
207.46.13.182 - - [16/Jul/2021:18:50:29 +0200] "GET /mickey-mouse-disney-large-suitcase-p-33678.html HTTP/1.0" 301 70264 "-" "Mozilla/5.0 (compatible; bingbot/2.0; +http://www.bing.com/bingbot.htm)"
49.7.21.122 - - [16/Jul/2021:18:50:40 +0200] "GET /alarms-clocks-clocks-and-watches/alarms-clocks-c-5_14_65.html HTTP/1.0" 301 91218 "-" "Sogou web spider/4.0(+http://www.sogou.com/docs/help/webmasters.htm#07)"
157.55.39.166 - - [16/Jul/2021:18:50:44 +0200] "GET /hello-kitty-kiss-purple-suitcase-p-18398.html HTTP/1.0" 200 70348 "-" "Mozilla/5.0 (compatible; bingbot/2.0; +http://www.bing.com/bingbot.htm)"
157.55.39.167 - - [16/Jul/2021:18:51:03 +0200] "GET /swfobject.js HTTP/1.0" 404 1308 "-" "Mozilla/5.0 (compatible; bingbot/2.0; +http://www.bing.com/bingbot.htm)"
35.229.113.181 - - [16/Jul/2021:18:51:37 +0200] "GET /corkscrew-bottle-opener-sommelier-c-12_213.html HTTP/1.0" 200 90657 "-" "ZoominfoBot (zoominfobot at zoominfo dot com)"
54.36.148.242 - - [16/Jul/2021:18:51:38 +0200] "GET /macarons-placemat-p-49105.html HTTP/1.0" 200 70237 "-" "Mozilla/5.0 (compatible; AhrefsBot/7.0; +http://ahrefs.com/robot/)"
185.191.171.43 - - [16/Jul/2021:18:51:43 +0200] "GET /saucer-p-53820.html?action=add_product HTTP/1.0" 302 476 "-" "Mozilla/5.0 (compatible; SemrushBot/7~bl; +http://www.semrush.com/bot.html)"
157.55.39.166 - - [16/Jul/2021:18:51:44 +0200] "GET /accessories-c-3.html HTTP/1.0" 200 93219 "-" "Mozilla/5.0 (compatible; bingbot/2.0; +http://www.bing.com/bingbot.htm)"
157.55.39.166 - - [16/Jul/2021:18:52:04 +0200] "GET /tablecloths-c-11_176.html HTTP/1.0" 200 91540 "-" "Mozilla/5.0 (compatible; bingbot/2.0; +http://www.bing.com/bingbot.htm)"
185.191.171.12 - - [16/Jul/2021:18:52:05 +0200] "GET /headrest-cushion-45-70-cm-christie-p-45249.html HTTP/1.0" 301 70264 "-" "Mozilla/5.0 (compatible; SemrushBot/7~bl; +http://www.semrush.com/bot.html)"
185.191.171.44 - - [16/Jul/2021:18:52:08 +0200] "GET /-p-45249.html HTTP/1.0" 200 70197 "-" "Mozilla/5.0 (compatible; SemrushBot/7~bl; +http://www.semrush.com/bot.html)"
51.68.224.127 - - [16/Jul/2021:18:52:32 +0200] "GET /adminweb/export_orders_xml.php?token=256de2z6edz6ed2z6DFSFsed2zed6zeDSFDSGdzedezfzf&maxorders=10&orderstart=1&status=14&start_date=2018-10-01 HTTP/1.0" 200 285 "-" "GesCom CharlotteBoutik Serveur"
51.68.224.127 - - [16/Jul/2021:18:52:32 +0200] "GET /adminweb/export_orders_xml.php?token=256de2z6edz6ed2z6DFSFsed2zed6zeDSFDSGdzedezfzf&maxorders=10&orderstart=1&status=6&start_date=2018-10-01 HTTP/1.0" 200 29786 "-" "GesCom CharlotteBoutik Serveur"
157.55.39.167 - - [16/Jul/2021:18:52:38 +0200] "GET /betty-boop-beach-towel-p-14855.html HTTP/1.0" 301 70264 "-" "Mozilla/5.0 (compatible; bingbot/2.0; +http://www.bing.com/bingbot.htm)"
157.55.39.177 - - [16/Jul/2021:18:52:52 +0200] "GET /lotus-candleholder-chakra-yellow-silverlining-p-35526.html HTTP/1.0" 301 70264 "-" "Mozilla/5.0 (compatible; bingbot/2.0; +http://www.bing.com/bingbot.htm)"
157.55.39.78 - - [16/Jul/2021:18:53:13 +0200] "GET /-p-31601.html HTTP/1.0" 200 70197 "-" "Mozilla/5.0 (compatible; bingbot/2.0; +http://www.bing.com/bingbot.htm)"
207.46.13.182 - - [16/Jul/2021:18:53:42 +0200] "GET /techno-duck-frame-canvas-p-31828.html HTTP/1.0" 200 72895 "-" "Mozilla/5.0 (compatible; bingbot/2.0; +http://www.bing.com/bingbot.htm)"
185.191.171.13 - - [16/Jul/2021:18:53:45 +0200] "GET /small-sommelier-shape-book-p-54553.html?action=add_product HTTP/1.0" 302 476 "-" "Mozilla/5.0 (compatible; SemrushBot/7~bl; +http://www.semrush.com/bot.html)"
207.46.13.182 - - [16/Jul/2021:18:53:46 +0200] "GET /ma-petite-cremerie-pot-p-35608.html HTTP/1.0" 301 72900 "-" "Mozilla/5.0 (compatible; bingbot/2.0; +http://www.bing.com/bingbot.htm)"
54.36.148.242 - - [16/Jul/2021:18:53:49 +0200] "GET /avengers-placemat-p-37536.html HTTP/1.0" 200 70273 "-" "Mozilla/5.0 (compatible; AhrefsBot/7.0; +http://ahrefs.com/robot/)"
157.55.39.180 - - [16/Jul/2021:18:54:00 +0200] "GET /inuit-bedclothes-220-240-cm-p-28332.html HTTP/1.0" 301 73144 "-" "Mozilla/5.0 (compatible; bingbot/2.0; +http://www.bing.com/bingbot.htm)"
157.55.39.177 - - [16/Jul/2021:18:54:13 +0200] "GET /images/mini_prod/3438100304334NN.jpg HTTP/1.0" 200 271 "-" "Mozilla/5.0 (compatible; bingbot/2.0; +http://www.bing.com/bingbot.htm)"
35.229.113.181 - - [16/Jul/2021:18:54:13 +0200] "GET /adaptable-decorative-caps-c-12_249.html HTTP/1.0" 200 78156 "-" "ZoominfoBot (zoominfobot at zoominfo dot com)"
157.55.39.177 - - [16/Jul/2021:18:54:14 +0200] "GET /glass-votive-holder-gold-p-42646.html HTTP/1.0" 200 73032 "-" "Mozilla/5.0 (compatible; bingbot/2.0; +http://www.bing.com/bingbot.htm)"
157.55.39.166 - - [16/Jul/2021:18:54:24 +0200] "GET /marvel-avengers-backpack-40-cm-p-34801.html HTTP/1.0" 301 70264 "-" "Mozilla/5.0 (compatible; bingbot/2.0; +http://www.bing.com/bingbot.htm)"
185.191.171.34 - - [16/Jul/2021:18:54:26 +0200] "GET /doc-mcstruffins-mug-p-29508.html HTTP/1.0" 301 72884 "-" "Mozilla/5.0 (compatible; SemrushBot/7~bl; +http://www.semrush.com/bot.html)"
185.191.171.15 - - [16/Jul/2021:18:54:28 +0200] "GET /mcstruffins-p-29508.html HTTP/1.0" 200 72806 "-" "Mozilla/5.0 (compatible; SemrushBot/7~bl; +http://www.semrush.com/bot.html)"
157.55.39.72 - - [16/Jul/2021:18:54:38 +0200] "GET /rolling-stones-zippo-lighter-p-30271.html HTTP/1.0" 301 70264 "-" "Mozilla/5.0 (compatible; bingbot/2.0; +http://www.bing.com/bingbot.htm)"
157.55.39.167 - - [16/Jul/2021:18:54:45 +0200] "GET /images/3700276281109.jpg HTTP/1.0" 200 259 "-" "Mozilla/5.0 (compatible; bingbot/2.0; +http://www.bing.com/bingbot.htm)"
66.249.66.198 - - [16/Jul/2021:18:54:50 +0200] "GET /la-marquise-gourmande-tray-p-33518.html HTTP/1.0" 301 70375 "-" "Mozilla/5.0 (Linux; Android 6.0.1; Nexus 5X Build/MMB29P) AppleWebKit/537.36 (KHTML, like Gecko) Chrome/91.0.4472.90 Mobile Safari/537.36 (compatible; Googlebot/2.1; +http://www.google.com/bot.html)"
66.249.66.202 - - [16/Jul/2021:18:54:51 +0200] "GET /marquise-gourmande-tray-p-33518.html HTTP/1.0" 200 70285 "-" "Mozilla/5.0 (Linux; Android 6.0.1; Nexus 5X Build/MMB29P) AppleWebKit/537.36 (KHTML, like Gecko) Chrome/91.0.4472.90 Mobile Safari/537.36 (compatible; Googlebot/2.1; +http://www.google.com/bot.html)"
66.249.81.186 - - [16/Jul/2021:18:54:52 +0200] "GET /images/big_prod/3453131130417.jpg HTTP/1.0" 200 268 "-" "Mozilla/5.0 (Windows NT 5.1; rv:11.0) Gecko Firefox/11.0 (via ggpht.com GoogleImageProxy)"
79.118.46.65 - - [16/Jul/2021:18:54:58 +0200] "GET /owls-cats-michelle-allen-designs-coasters-p-37672.html HTTP/1.0" 200 73030 "http://www.google.com/" "Mozilla/5.0 (Linux; Android 10; Redmi Note 9 Pro) AppleWebKit/537.36 (KHTML, like Gecko) Chrome/91.0.4472.120 Mobile Safari/537.36"
79.118.46.65 - - [16/Jul/2021:18:54:58 +0200] "GET /templates/Pixame_v1/stylesheet.css HTTP/1.0" 200 267 "http://www.wonder-geek.com/owls-cats-michelle-allen-designs-coasters-p-37672.html" "Mozilla/5.0 (Linux; Android 10; Redmi Note 9 Pro) AppleWebKit/537.36 (KHTML, like Gecko) Chrome/91.0.4472.120 Mobile Safari/537.36"
79.118.46.65 - - [16/Jul/2021:18:54:59 +0200] "GET /highslide/highslide.js HTTP/1.0" 200 262 "http://www.wonder-geek.com/owls-cats-michelle-allen-designs-coasters-p-37672.html" "Mozilla/5.0 (Linux; Android 10; Redmi Note 9 Pro) AppleWebKit/537.36 (KHTML, like Gecko) Chrome/91.0.4472.120 Mobile Safari/537.36"
79.118.46.65 - - [16/Jul/2021:18:54:59 +0200] "GET /js/jquery.js HTTP/1.0" 200 252 "http://www.wonder-geek.com/owls-cats-michelle-allen-designs-coasters-p-37672.html" "Mozilla/5.0 (Linux; Android 10; Redmi Note 9 Pro) AppleWebKit/537.36 (KHTML, like Gecko) Chrome/91.0.4472.120 Mobile Safari/537.36"
79.118.46.65 - - [16/Jul/2021:18:54:59 +0200] "GET /js/jquery.jqzoom.js HTTP/1.0" 200 259 "http://www.wonder-geek.com/owls-cats-michelle-allen-designs-coasters-p-37672.html" "Mozilla/5.0 (Linux; Android 10; Redmi Note 9 Pro) AppleWebKit/537.36 (KHTML, like Gecko) Chrome/91.0.4472.120 Mobile Safari/537.36"
79.118.46.65 - - [16/Jul/2021:18:54:59 +0200] "GET /mondial_relay/js/jquery-1.3.2.min.js HTTP/1.0" 200 276 "http://www.wonder-geek.com/owls-cats-michelle-allen-designs-coasters-p-37672.html" "Mozilla/5.0 (Linux; Android 10; Redmi Note 9 Pro) AppleWebKit/537.36 (KHTML, like Gecko) Chrome/91.0.4472.120 Mobile Safari/537.36"
79.118.46.65 - - [16/Jul/2021:18:54:59 +0200] "GET /swfobject.js HTTP/1.0" 404 1308 "http://www.wonder-geek.com/owls-cats-michelle-allen-designs-coasters-p-37672.html" "Mozilla/5.0 (Linux; Android 10; Redmi Note 9 Pro) AppleWebKit/537.36 (KHTML, like Gecko) Chrome/91.0.4472.120 Mobile Safari/537.36"
79.118.46.65 - - [16/Jul/2021:18:54:59 +0200] "GET /templates/Pixame_v1/images/icon_accueil2.png HTTP/1.0" 200 278 "http://www.wonder-geek.com/owls-cats-michelle-allen-designs-coasters-p-37672.html" "Mozilla/5.0 (Linux; Android 10; Redmi Note 9 Pro) AppleWebKit/537.36 (KHTML, like Gecko) Chrome/91.0.4472.120 Mobile Safari/537.36"
79.118.46.65 - - [16/Jul/2021:18:54:59 +0200] "GET /templates/Pixame_v1/images/infobox/pixel_trans.gif HTTP/1.0" 200 328 "http://www.wonder-geek.com/owls-cats-michelle-allen-designs-coasters-p-37672.html" "Mozilla/5.0 (Linux; Android 10; Redmi Note 9 Pro) AppleWebKit/537.36 (KHTML, like Gecko) Chrome/91.0.4472.120 Mobile Safari/537.36"
79.118.46.65 - - [16/Jul/2021:18:54:59 +0200] "GET /images/pixel_trans.gif HTTP/1.0" 200 328 "http://www.wonder-geek.com/owls-cats-michelle-allen-designs-coasters-p-37672.html" "Mozilla/5.0 (Linux; Android 10; Redmi Note 9 Pro) AppleWebKit/537.36 (KHTML, like Gecko) Chrome/91.0.4472.120 Mobile Safari/537.36"
79.118.46.65 - - [16/Jul/2021:18:54:59 +0200] "GET /templates/Pixame_v1/images/pixel_trans.gif HTTP/1.0" 200 328 "http://www.wonder-geek.com/owls-cats-michelle-allen-designs-coasters-p-37672.html" "Mozilla/5.0 (Linux; Android 10; Redmi Note 9 Pro) AppleWebKit/537.36 (KHTML, like Gecko) Chrome/91.0.4472.120 Mobile Safari/537.36"
79.118.46.65 - - [16/Jul/2021:18:54:59 +0200] "GET /images/big_prod/3453131130417.jpg HTTP/1.0" 200 268 "http://www.wonder-geek.com/owls-cats-michelle-allen-designs-coasters-p-37672.html" "Mozilla/5.0 (Linux; Android 10; Redmi Note 9 Pro) AppleWebKit/537.36 (KHTML, like Gecko) Chrome/91.0.4472.120 Mobile Safari/537.36"
79.118.46.65 - - [16/Jul/2021:18:55:00 +0200] "GET /templates/Pixame_v1/images/Bottom_texture.jpg HTTP/1.0" 200 280 "http://www.wonder-geek.com/templates/Pixame_v1/stylesheet.css" "Mozilla/5.0 (Linux; Android 10; Redmi Note 9 Pro) AppleWebKit/537.36 (KHTML, like Gecko) Chrome/91.0.4472.120 Mobile Safari/537.36"
79.118.46.65 - - [16/Jul/2021:18:55:00 +0200] "GET /templates/Pixame_v1/images/Middle_texture.jpg HTTP/1.0" 200 280 "http://www.wonder-geek.com/templates/Pixame_v1/stylesheet.css" "Mozilla/5.0 (Linux; Android 10; Redmi Note 9 Pro) AppleWebKit/537.36 (KHTML, like Gecko) Chrome/91.0.4472.120 Mobile Safari/537.36"
79.118.46.65 - - [16/Jul/2021:18:55:00 +0200] "GET /templates/Pixame_v1/images/nav.png HTTP/1.0" 200 268 "http://www.wonder-geek.com/templates/Pixame_v1/stylesheet.css" "Mozilla/5.0 (Linux; Android 10; Redmi Note 9 Pro) AppleWebKit/537.36 (KHTML, like Gecko) Chrome/91.0.4472.120 Mobile Safari/537.36"
79.118.46.65 - - [16/Jul/2021:18:55:00 +0200] "GET /templates/Pixame_v1/images/header.png HTTP/1.0" 200 271 "http://www.wonder-geek.com/templates/Pixame_v1/stylesheet.css" "Mozilla/5.0 (Linux; Android 10; Redmi Note 9 Pro) AppleWebKit/537.36 (KHTML, like Gecko) Chrome/91.0.4472.120 Mobile Safari/537.36"
79.118.46.65 - - [16/Jul/2021:18:55:00 +0200] "GET /templates/Pixame_v1/images/header-object.png HTTP/1.0" 200 278 "http://www.wonder-geek.com/templates/Pixame_v1/stylesheet.css" "Mozilla/5.0 (Linux; Android 10; Redmi Note 9 Pro) AppleWebKit/537.36 (KHTML, like Gecko) Chrome/91.0.4472.120 Mobile Safari/537.36"
79.118.46.65 - - [16/Jul/2021:18:55:00 +0200] "GET /highslide/graphics/zoomin.cur HTTP/1.0" 200 614 "http://www.wonder-geek.com/templates/Pixame_v1/stylesheet.css" "Mozilla/5.0 (Linux; Android 10; Redmi Note 9 Pro) AppleWebKit/537.36 (KHTML, like Gecko) Chrome/91.0.4472.120 Mobile Safari/537.36"
79.118.46.65 - - [16/Jul/2021:18:55:00 +0200] "GET /design/productsenstock.png HTTP/1.0" 200 260 "http://www.wonder-geek.com/templates/Pixame_v1/stylesheet.css" "Mozilla/5.0 (Linux; Android 10; Redmi Note 9 Pro) AppleWebKit/537.36 (KHTML, like Gecko) Chrome/91.0.4472.120 Mobile Safari/537.36"
79.118.46.65 - - [16/Jul/2021:18:55:00 +0200] "GET /templates/Pixame_v1/images/infobox/infobox_footer_middle.gif HTTP/1.0" 200 357 "http://www.wonder-geek.com/owls-cats-michelle-allen-designs-coasters-p-37672.html" "Mozilla/5.0 (Linux; Android 10; Redmi Note 9 Pro) AppleWebKit/537.36 (KHTML, like Gecko) Chrome/91.0.4472.120 Mobile Safari/537.36"
79.118.46.65 - - [16/Jul/2021:18:55:00 +0200] "GET /templates/Pixame_v1/images/buttons/english/button_in_cart.gif HTTP/1.0" 200 295 "http://www.wonder-geek.com/owls-cats-michelle-allen-designs-coasters-p-37672.html" "Mozilla/5.0 (Linux; Android 10; Redmi Note 9 Pro) AppleWebKit/537.36 (KHTML, like Gecko) Chrome/91.0.4472.120 Mobile Safari/537.36"
79.118.46.65 - - [16/Jul/2021:18:55:00 +0200] "GET /highslide/graphics/outlines/drop-shadow.png HTTP/1.0" 200 277 "http://www.wonder-geek.com/owls-cats-michelle-allen-designs-coasters-p-37672.html" "Mozilla/5.0 (Linux; Android 10; Redmi Note 9 Pro) AppleWebKit/537.36 (KHTML, like Gecko) Chrome/91.0.4472.120 Mobile Safari/537.36"
79.118.46.65 - - [16/Jul/2021:18:55:00 +0200] "GET /highslide/graphics/zoomout.cur HTTP/1.0" 200 614 "http://www.wonder-geek.com/owls-cats-michelle-allen-designs-coasters-p-37672.html" "Mozilla/5.0 (Linux; Android 10; Redmi Note 9 Pro) AppleWebKit/537.36 (KHTML, like Gecko) Chrome/91.0.4472.120 Mobile Safari/537.36"
79.118.46.65 - - [16/Jul/2021:18:55:00 +0200] "GET /highslide/graphics/loader.white.gif HTTP/1.0" 200 960 "http://www.wonder-geek.com/templates/Pixame_v1/stylesheet.css" "Mozilla/5.0 (Linux; Android 10; Redmi Note 9 Pro) AppleWebKit/537.36 (KHTML, like Gecko) Chrome/91.0.4472.120 Mobile Safari/537.36"
79.118.46.65 - - [16/Jul/2021:18:55:00 +0200] "GET /favicon.ico HTTP/1.0" 200 260 "http://www.wonder-geek.com/owls-cats-michelle-allen-designs-coasters-p-37672.html" "Mozilla/5.0 (Linux; Android 10; Redmi Note 9 Pro) AppleWebKit/537.36 (KHTML, like Gecko) Chrome/91.0.4472.120 Mobile Safari/537.36"
157.55.39.177 - - [16/Jul/2021:18:55:12 +0200] "GET /fanny-door-mat-coconut-fiber-p-47880.html HTTP/1.0" 301 73108 "-" "Mozilla/5.0 (compatible; bingbot/2.0; +http://www.bing.com/bingbot.htm)"
157.55.39.180 - - [16/Jul/2021:18:55:20 +0200] "GET /golden-round-mirror-455-cm-p-48537.html HTTP/1.0" 301 72989 "-" "Mozilla/5.0 (compatible; bingbot/2.0; +http://www.bing.com/bingbot.htm)"
157.55.39.78 - - [16/Jul/2021:18:55:25 +0200] "GET /socks/socks-for-girls/set-pair-socks-strawberry-shortcake-size-3135-p-24784.html HTTP/1.0" 301 70264 "-" "Mozilla/5.0 (compatible; bingbot/2.0; +http://www.bing.com/bingbot.htm)"
54.36.148.242 - - [16/Jul/2021:18:55:36 +0200] "GET /paris-moulin-rouge-metal-magnet-p-14646.html HTTP/1.0" 200 72844 "-" "Mozilla/5.0 (compatible; AhrefsBot/7.0; +http://ahrefs.com/robot/)"
185.191.171.19 - - [16/Jul/2021:18:55:48 +0200] "GET /wall-decoration-in-wood-and-mdf-c-13_274.html?page=11 HTTP/1.0" 301 94170 "-" "Mozilla/5.0 (compatible; SemrushBot/7~bl; +http://www.semrush.com/bot.html)"
185.191.171.18 - - [16/Jul/2021:18:55:50 +0200] "GET /wall-decoration-wood-c-274.html?page=11 HTTP/1.0" 301 94047 "-" "Mozilla/5.0 (compatible; SemrushBot/7~bl; +http://www.semrush.com/bot.html)"
207.46.13.174 - - [16/Jul/2021:18:55:51 +0200] "GET /set-of-wooden-tree-decorations-to-hang-p-52654.html HTTP/1.0" 301 73081 "-" "Mozilla/5.0 (compatible; bingbot/2.0; +http://www.bing.com/bingbot.htm)"
185.191.171.42 - - [16/Jul/2021:18:55:52 +0200] "GET /wall-decoration-wood-c-13_274.html?page=11 HTTP/1.0" 200 94077 "-" "Mozilla/5.0 (compatible; SemrushBot/7~bl; +http://www.semrush.com/bot.html)"
207.46.13.182 - - [16/Jul/2021:18:55:58 +0200] "GET /-p-20459.html HTTP/1.0" 200 70197 "-" "Mozilla/5.0 (compatible; bingbot/2.0; +http://www.bing.com/bingbot.htm)"
157.55.39.167 - - [16/Jul/2021:18:56:18 +0200] "GET /-p-12831.html HTTP/1.0" 200 70197 "-" "Mozilla/5.0 (compatible; bingbot/2.0; +http://www.bing.com/bingbot.htm)"
207.46.13.182 - - [16/Jul/2021:18:56:21 +0200] "GET /gorjuss-glass-frame-print-30-30-cm-p-29676.html HTTP/1.0" 301 605 "-" "Mozilla/5.0 (compatible; bingbot/2.0; +http://www.bing.com/bingbot.htm)"
207.46.13.179 - - [16/Jul/2021:18:56:23 +0200] "GET /beyblade-spinning-top-magnet-p-18668.html HTTP/1.0" 301 70411 "-" "Mozilla/5.0 (compatible; bingbot/2.0; +http://www.bing.com/bingbot.htm)"
207.46.13.182 - - [16/Jul/2021:18:57:03 +0200] "GET /minecraft-shirt-p-29613.html HTTP/1.0" 200 70251 "-" "Mozilla/5.0 (compatible; bingbot/2.0; +http://www.bing.com/bingbot.htm)"
66.249.66.202 - - [16/Jul/2021:18:57:14 +0200] "GET /avengers-marvel-p-31619.html HTTP/1.0" 200 73059 "-" "Mozilla/5.0 (Linux; Android 6.0.1; Nexus 5X Build/MMB29P) AppleWebKit/537.36 (KHTML, like Gecko) Chrome/91.0.4472.90 Mobile Safari/537.36 (compatible; Googlebot/2.1; +http://www.google.com/bot.html)"
207.46.13.179 - - [16/Jul/2021:18:57:18 +0200] "GET /-p-15469.html HTTP/1.0" 200 70197 "-" "Mozilla/5.0 (compatible; bingbot/2.0; +http://www.bing.com/bingbot.htm)"
157.55.39.166 - - [16/Jul/2021:18:57:24 +0200] "GET /ceramic-salt-flower-pot-with-spoon-p-50642.html HTTP/1.0" 301 73015 "-" "Mozilla/5.0 (compatible; bingbot/2.0; +http://www.bing.com/bingbot.htm)"
54.36.148.242 - - [16/Jul/2021:18:57:28 +0200] "GET /yoga-lotus-anjali-mudra-statuette-p-51727.html HTTP/1.0" 200 72965 "-" "Mozilla/5.0 (compatible; AhrefsBot/7.0; +http://ahrefs.com/robot/)"
207.46.13.182 - - [16/Jul/2021:18:57:28 +0200] "GET /hello-kitty-by-camomilla-large-handbag-p-4408.html HTTP/1.0" 301 73288 "-" "Mozilla/5.0 (compatible; bingbot/2.0; +http://www.bing.com/bingbot.htm)"
47.6.190.220 - - [16/Jul/2021:18:57:36 +0200] "GET /images/3760122975002.jpg HTTP/1.0" 200 259 "-" "Dalvik/2.1.0 (Linux; U; Android 8.1.0; RCT6513W87DK5e Build/O11019)"
157.55.39.72 - - [16/Jul/2021:18:57:48 +0200] "GET /marsupilami-figures-in-tube-p-22572.html HTTP/1.0" 301 70414 "-" "Mozilla/5.0 (compatible; bingbot/2.0; +http://www.bing.com/bingbot.htm)"
185.191.171.24 - - [16/Jul/2021:18:57:54 +0200] "GET /strawberry-shortcake-sweater-p-31124.html HTTP/1.0" 301 70264 "-" "Mozilla/5.0 (compatible; SemrushBot/7~bl; +http://www.semrush.com/bot.html)"
185.191.171.4 - - [16/Jul/2021:18:57:56 +0200] "GET /-p-31124.html HTTP/1.0" 200 70197 "-" "Mozilla/5.0 (compatible; SemrushBot/7~bl; +http://www.semrush.com/bot.html)"
197.2.186.71 - - [16/Jul/2021:18:58:01 +0200] "GET /?utm=semalt.com HTTP/1.0" 301 541 "https://semalt.com-----google.com/?q=semalt" "Mozilla/5.0 (Windows NT 10.0; Win64; x64) AppleWebKit/537.36 (KHTML, like Gecko) Chrome/74.0.3729.169 Safari/537.36"
197.2.186.71 - - [16/Jul/2021:18:58:02 +0200] "GET /?utm=semalt.com HTTP/1.0" 500 72825 "-" "Mozilla/5.0 (Windows NT 10.0; Win64; x64) AppleWebKit/537.36 (KHTML, like Gecko) Chrome/74.0.3729.169 Safari/537.36"
216.244.66.242 - - [16/Jul/2021:18:58:09 +0200] "GET /star-wars-weed-toybox-p-32603.html HTTP/1.0" 200 70293 "-" "Mozilla/5.0 (compatible; DotBot/1.2; +https://opensiteexplorer.org/dotbot; help@moz.com)"
207.46.13.174 - - [16/Jul/2021:18:58:12 +0200] "GET /rock-dog-cushion-p-22993.html HTTP/1.0" 301 72951 "-" "Mozilla/5.0 (compatible; bingbot/2.0; +http://www.bing.com/bingbot.htm)"
207.46.13.174 - - [16/Jul/2021:18:58:14 +0200] "GET /medusa-glass-paperweight-p-51430.html HTTP/1.0" 200 72841 "-" "Mozilla/5.0 (compatible; bingbot/2.0; +http://www.bing.com/bingbot.htm)"
207.46.13.182 - - [16/Jul/2021:18:58:17 +0200] "GET /white-and-silver-horse-head-statue-p-34531.html HTTP/1.0" 301 70447 "-" "Mozilla/5.0 (compatible; bingbot/2.0; +http://www.bing.com/bingbot.htm)"
207.46.13.182 - - [16/Jul/2021:18:58:28 +0200] "GET /uk-alarm-clock-by-cbkreation-p-24991.html HTTP/1.0" 301 72995 "-" "Mozilla/5.0 (compatible; bingbot/2.0; +http://www.bing.com/bingbot.htm)"
207.46.13.182 - - [16/Jul/2021:18:58:29 +0200] "GET /cherry-blossoms-red-tea-box-p-39296.html HTTP/1.0" 301 73113 "-" "Mozilla/5.0 (compatible; bingbot/2.0; +http://www.bing.com/bingbot.htm)"
157.55.39.177 - - [16/Jul/2021:18:58:32 +0200] "GET /maleficent-figure-p-3602.html HTTP/1.0" 200 70271 "-" "Mozilla/5.0 (compatible; bingbot/2.0; +http://www.bing.com/bingbot.htm)"
207.46.13.174 - - [16/Jul/2021:18:58:43 +0200] "GET /horse-pot-cookware-cbkreation-p-29797.html HTTP/1.0" 301 72953 "-" "Mozilla/5.0 (compatible; bingbot/2.0; +http://www.bing.com/bingbot.htm)"
157.55.39.166 - - [16/Jul/2021:18:58:52 +0200] "GET /jar-candle-heart-and-home-welcoming-fire-p-53326.html HTTP/1.0" 301 73397 "-" "Mozilla/5.0 (compatible; bingbot/2.0; +http://www.bing.com/bingbot.htm)"
157.55.39.166 - - [16/Jul/2021:18:58:54 +0200] "GET /mini-metal-tray-citron-type-p-35255.html HTTP/1.0" 200 72991 "-" "Mozilla/5.0 (compatible; bingbot/2.0; +http://www.bing.com/bingbot.htm)"
207.46.13.179 - - [16/Jul/2021:18:58:59 +0200] "GET /london-westminster-rectangular-mirror-p-29009.html HTTP/1.0" 200 72920 "-" "Mozilla/5.0 (compatible; bingbot/2.0; +http://www.bing.com/bingbot.htm)"
35.229.113.181 - - [16/Jul/2021:18:59:00 +0200] "GET /coasters-c-12_157.html HTTP/1.0" 200 91821 "-" "ZoominfoBot (zoominfobot at zoominfo dot com)"
157.55.39.167 - - [16/Jul/2021:18:59:27 +0200] "GET /support-metal-bottle-the-barman-p-41700.html HTTP/1.0" 301 73076 "-" "Mozilla/5.0 (compatible; bingbot/2.0; +http://www.bing.com/bingbot.htm)"
157.55.39.72 - - [16/Jul/2021:18:59:31 +0200] "GET /pusheen-birthday-collectable-set-birthday-p-40023.html HTTP/1.0" 301 74390 "-" "Mozilla/5.0 (compatible; bingbot/2.0; +http://www.bing.com/bingbot.htm)"
157.55.39.177 - - [16/Jul/2021:18:59:40 +0200] "GET /-p-15720.html HTTP/1.0" 200 70197 "-" "Mozilla/5.0 (compatible; bingbot/2.0; +http://www.bing.com/bingbot.htm)"
54.36.148.242 - - [16/Jul/2021:18:59:44 +0200] "GET /wooden-deco-plate-crossing-theme-p-41098.html HTTP/1.0" 200 73800 "-" "Mozilla/5.0 (compatible; AhrefsBot/7.0; +http://ahrefs.com/robot/)"
185.191.171.15 - - [16/Jul/2021:18:59:45 +0200] "GET /robots.txt HTTP/1.0" 301 531 "-" "Mozilla/5.0 (compatible; SemrushBot/7~bl; +http://www.semrush.com/bot.html)"
185.191.171.3 - - [16/Jul/2021:18:59:46 +0200] "GET /robots.txt HTTP/1.0" 200 245 "-" "Mozilla/5.0 (compatible; SemrushBot/7~bl; +http://www.semrush.com/bot.html)"
185.191.171.36 - - [16/Jul/2021:18:59:46 +0200] "GET /alarms-clocks-clocks-and-watches/alarms-clocks/small-spongebob-alarm-clock-p-5171.html HTTP/1.0" 301 683 "-" "Mozilla/5.0 (compatible; SemrushBot/7~bl; +http://www.semrush.com/bot.html)"
185.191.171.37 - - [16/Jul/2021:18:59:46 +0200] "GET /alarms-clocks-clocks-and-watches/alarms-clocks/small-spongebob-alarm-clock-p-5171.html HTTP/1.0" 301 70261 "-" "Mozilla/5.0 (compatible; SemrushBot/7~bl; +http://www.semrush.com/bot.html)"
185.191.171.36 - - [16/Jul/2021:18:59:48 +0200] "GET /-p-5171.html HTTP/1.0" 200 70195 "-" "Mozilla/5.0 (compatible; SemrushBot/7~bl; +http://www.semrush.com/bot.html)"
207.46.13.182 - - [16/Jul/2021:18:59:59 +0200] "GET /bell-witch-cast-iron-25-cm-p-49199.html HTTP/1.0" 301 73571 "-" "Mozilla/5.0 (compatible; bingbot/2.0; +http://www.bing.com/bingbot.htm)"
216.244.66.242 - - [16/Jul/2021:19:00:43 +0200] "GET /blu-vintage-tv-alarm-clock-p-38262.html HTTP/1.0" 301 72981 "-" "Mozilla/5.0 (compatible; DotBot/1.2; +https://opensiteexplorer.org/dotbot; help@moz.com)"
207.46.13.182 - - [16/Jul/2021:19:00:41 +0200] "GET /despicable-me-puzzle-45-pieces-p-27684.html HTTP/1.0" 301 73131 "-" "Mozilla/5.0 (compatible; bingbot/2.0; +http://www.bing.com/bingbot.htm)"
157.55.39.177 - - [16/Jul/2021:19:00:47 +0200] "GET /duvet-cover-cotton-percale-threads-p-48207.html HTTP/1.0" 200 73136 "-" "Mozilla/5.0 (compatible; bingbot/2.0; +http://www.bing.com/bingbot.htm)"
207.46.13.182 - - [16/Jul/2021:19:00:59 +0200] "GET /blue-vespa-shoulder-bag-p-23062.html HTTP/1.0" 301 70381 "-" "Mozilla/5.0 (compatible; bingbot/2.0; +http://www.bing.com/bingbot.htm)"
207.46.13.182 - - [16/Jul/2021:19:01:14 +0200] "GET /verity-rose-moonstruck-photo-frame-p-29148.html HTTP/1.0" 200 72959 "-" "Mozilla/5.0 (compatible; bingbot/2.0; +http://www.bing.com/bingbot.htm)"
66.249.66.202 - - [16/Jul/2021:19:01:14 +0200] "GET /world-shower-curtain-p-39392.html HTTP/1.0" 200 72946 "-" "Mozilla/5.0 (compatible; Googlebot/2.1; +http://www.google.com/bot.html)"
157.55.39.167 - - [16/Jul/2021:19:01:35 +0200] "GET /-p-22194.html HTTP/1.0" 200 70197 "-" "Mozilla/5.0 (compatible; bingbot/2.0; +http://www.bing.com/bingbot.htm)"
216.244.66.242 - - [16/Jul/2021:19:01:35 +0200] "GET /orange-moustache-ring-p-18245.html HTTP/1.0" 200 72995 "-" "Mozilla/5.0 (compatible; DotBot/1.2; +https://opensiteexplorer.org/dotbot; help@moz.com)"
185.191.171.18 - - [16/Jul/2021:19:01:37 +0200] "GET /decorative-fruit-figurine-cherry-glossy-white-p-52717.html HTTP/1.0" 200 73139 "-" "Mozilla/5.0 (compatible; SemrushBot/7~bl; +http://www.semrush.com/bot.html)"
35.229.113.181 - - [16/Jul/2021:19:01:38 +0200] "GET /specials.php HTTP/1.0" 200 125737 "-" "ZoominfoBot (zoominfobot at zoominfo dot com)"
207.46.13.182 - - [16/Jul/2021:19:01:41 +0200] "GET /microfibre-bed-base-cover-160-200-cm-brown-p-43764.html HTTP/1.0" 301 70264 "-" "Mozilla/5.0 (compatible; bingbot/2.0; +http://www.bing.com/bingbot.htm)"
185.191.171.44 - - [16/Jul/2021:19:01:42 +0200] "GET /home-and-decoration-c-13.html?page=122 HTTP/1.0" 301 92195 "-" "Mozilla/5.0 (compatible; SemrushBot/7~bl; +http://www.semrush.com/bot.html)"
185.191.171.18 - - [16/Jul/2021:19:01:45 +0200] "GET /home-decoration-c-13.html?page=122 HTTP/1.0" 200 92107 "-" "Mozilla/5.0 (compatible; SemrushBot/7~bl; +http://www.semrush.com/bot.html)"
207.46.13.179 - - [16/Jul/2021:19:01:59 +0200] "GET /teo-jasmin-medium-cabas-teo-america-denim-p-38675.html HTTP/1.0" 301 70420 "-" "Mozilla/5.0 (compatible; bingbot/2.0; +http://www.bing.com/bingbot.htm)"
216.244.66.242 - - [16/Jul/2021:19:01:59 +0200] "GET /-p-27412.html HTTP/1.0" 200 70197 "-" "Mozilla/5.0 (compatible; DotBot/1.2; +https://opensiteexplorer.org/dotbot; help@moz.com)"
157.55.39.180 - - [16/Jul/2021:19:02:03 +0200] "GET /dora-the-explorater-plastic-bowl-p-14856.html HTTP/1.0" 301 70402 "-" "Mozilla/5.0 (compatible; bingbot/2.0; +http://www.bing.com/bingbot.htm)"
157.55.39.167 - - [16/Jul/2021:19:02:08 +0200] "GET /-p-21255.html HTTP/1.0" 200 70197 "-" "Mozilla/5.0 (compatible; bingbot/2.0; +http://www.bing.com/bingbot.htm)"
157.55.39.166 - - [16/Jul/2021:19:02:16 +0200] "GET /marseille-soap-box-soap-10-65-28-cm-p-40115.html HTTP/1.0" 301 73221 "-" "Mozilla/5.0 (compatible; bingbot/2.0; +http://www.bing.com/bingbot.htm)"
185.191.171.10 - - [16/Jul/2021:19:02:20 +0200] "GET /ceramic-lamp-35-cm-p-52602.html HTTP/1.0" 301 73592 "-" "Mozilla/5.0 (compatible; SemrushBot/7~bl; +http://www.semrush.com/bot.html)"
216.244.66.242 - - [16/Jul/2021:19:02:21 +0200] "GET /-p-28138.html HTTP/1.0" 200 70197 "-" "Mozilla/5.0 (compatible; DotBot/1.2; +https://opensiteexplorer.org/dotbot; help@moz.com)"
185.191.171.8 - - [16/Jul/2021:19:02:23 +0200] "GET /ceramic-lamp-p-52602.html HTTP/1.0" 200 73513 "-" "Mozilla/5.0 (compatible; SemrushBot/7~bl; +http://www.semrush.com/bot.html)"
157.55.39.78 - - [16/Jul/2021:19:02:25 +0200] "GET /keith-haring-tote-p-29252.html HTTP/1.0" 200 72846 "-" "Mozilla/5.0 (compatible; bingbot/2.0; +http://www.bing.com/bingbot.htm)"
185.191.171.20 - - [16/Jul/2021:19:02:38 +0200] "GET /small-baby-teeth-small-mouse-p-45386.html HTTP/1.0" 200 73071 "-" "Mozilla/5.0 (compatible; SemrushBot/7~bl; +http://www.semrush.com/bot.html)"
216.244.66.242 - - [16/Jul/2021:19:02:54 +0200] "GET /golden-birds-teapot-p-37902.html HTTP/1.0" 200 72766 "-" "Mozilla/5.0 (compatible; DotBot/1.2; +https://opensiteexplorer.org/dotbot; help@moz.com)"
216.244.66.242 - - [16/Jul/2021:19:03:11 +0200] "GET /retro-scooter-clock-p-34215.html HTTP/1.0" 200 70265 "-" "Mozilla/5.0 (compatible; DotBot/1.2; +https://opensiteexplorer.org/dotbot; help@moz.com)"
54.36.148.242 - - [16/Jul/2021:19:03:16 +0200] "GET /paris-saint-germain-zippo-lighter-p-49098.html HTTP/1.0" 200 76072 "-" "Mozilla/5.0 (compatible; AhrefsBot/7.0; +http://ahrefs.com/robot/)"
207.46.13.179 - - [16/Jul/2021:19:03:19 +0200] "GET /-p-35055.html HTTP/1.0" 200 70197 "-" "Mozilla/5.0 (compatible; bingbot/2.0; +http://www.bing.com/bingbot.htm)"
157.55.39.177 - - [16/Jul/2021:19:03:25 +0200] "GET /happy-colors-pink-hairbrush-p-22735.html HTTP/1.0" 200 72881 "-" "Mozilla/5.0 (compatible; bingbot/2.0; +http://www.bing.com/bingbot.htm)"
216.244.66.242 - - [16/Jul/2021:19:03:28 +0200] "GET /kimmi-junior-niki-coin-purse-p-8735.html HTTP/1.0" 200 73041 "-" "Mozilla/5.0 (compatible; DotBot/1.2; +https://opensiteexplorer.org/dotbot; help@moz.com)"
66.249.66.202 - - [16/Jul/2021:19:03:29 +0200] "GET /world-shower-curtain-p-39392.html HTTP/1.0" 200 72946 "-" "Mozilla/5.0 (Linux; Android 6.0.1; Nexus 5X Build/MMB29P) AppleWebKit/537.36 (KHTML, like Gecko) Chrome/91.0.4472.90 Mobile Safari/537.36 (compatible; Googlebot/2.1; +http://www.google.com/bot.html)"
157.55.39.72 - - [16/Jul/2021:19:03:39 +0200] "GET /-p-19129.html HTTP/1.0" 200 70197 "-" "Mozilla/5.0 (compatible; bingbot/2.0; +http://www.bing.com/bingbot.htm)"
207.46.13.182 - - [16/Jul/2021:19:04:55 +0200] "GET /hello-kitty-figure-p-2904.html HTTP/1.0" 301 70261 "-" "Mozilla/5.0 (compatible; bingbot/2.0; +http://www.bing.com/bingbot.htm)"
207.46.13.182 - - [16/Jul/2021:19:04:59 +0200] "GET /parrot-wooden-wall-decoration-to-hang-p-47428.html HTTP/1.0" 301 73145 "-" "Mozilla/5.0 (compatible; bingbot/2.0; +http://www.bing.com/bingbot.htm)"
185.191.171.22 - - [16/Jul/2021:19:05:21 +0200] "GET /wunzees-doll-series-ginger-giraffe-p-45115.html?action=add_product HTTP/1.0" 302 476 "-" "Mozilla/5.0 (compatible; SemrushBot/7~bl; +http://www.semrush.com/bot.html)"
35.229.113.181 - - [16/Jul/2021:19:05:22 +0200] "GET /luggages-schoolbags-leather-shop-c-31.html HTTP/1.0" 200 92198 "-" "ZoominfoBot (zoominfobot at zoominfo dot com)"
185.191.171.15 - - [16/Jul/2021:19:05:22 +0200] "GET /household-linen-c-11.html?page=52 HTTP/1.0" 200 92278 "-" "Mozilla/5.0 (compatible; SemrushBot/7~bl; +http://www.semrush.com/bot.html)"
157.55.39.166 - - [16/Jul/2021:19:05:29 +0200] "GET /have-surfboard-wooden-wall-decoration-p-46271.html HTTP/1.0" 200 72960 "-" "Mozilla/5.0 (compatible; bingbot/2.0; +http://www.bing.com/bingbot.htm)"
66.249.66.198 - - [16/Jul/2021:19:05:48 +0200] "GET /cement-tile-stickers-p-50329.html HTTP/1.0" 200 73145 "-" "Mozilla/5.0 (compatible; Googlebot/2.1; +http://www.google.com/bot.html)"
66.249.66.198 - - [16/Jul/2021:19:05:49 +0200] "GET /baby-girl-angel-statue-angel-baptism-p-54306.html HTTP/1.0" 200 73663 "-" "Mozilla/5.0 (compatible; Googlebot/2.1; +http://www.google.com/bot.html)"
147.92.153.13 - - [16/Jul/2021:19:05:50 +0200] "GET /pillow-protector-bolster-protector-c-11_276.html HTTP/1.0" 200 83268 "-" "Mozilla/5.0 (compatible; Linespider/1.1; +https://lin.ee/4dwXkTH)"
157.55.39.166 - - [16/Jul/2021:19:05:55 +0200] "GET /-p-5378.html HTTP/1.0" 200 70195 "-" "Mozilla/5.0 (compatible; bingbot/2.0; +http://www.bing.com/bingbot.htm)"
35.229.113.181 - - [16/Jul/2021:19:06:02 +0200] "GET /shop-c-155.html HTTP/1.0" 200 88924 "-" "ZoominfoBot (zoominfobot at zoominfo dot com)"
157.55.39.167 - - [16/Jul/2021:19:06:02 +0200] "GET /gingka-beyblade-keychains-p-18666.html HTTP/1.0" 200 70313 "-" "Mozilla/5.0 (compatible; bingbot/2.0; +http://www.bing.com/bingbot.htm)"
157.55.39.167 - - [16/Jul/2021:19:06:15 +0200] "GET /swfobject.js HTTP/1.0" 404 1308 "-" "Mozilla/5.0 (compatible; bingbot/2.0; +http://www.bing.com/bingbot.htm)"
207.46.13.179 - - [16/Jul/2021:19:06:29 +0200] "GET /paris-notebook-p-29054.html HTTP/1.0" 200 72901 "-" "Mozilla/5.0 (compatible; bingbot/2.0; +http://www.bing.com/bingbot.htm)"
54.36.148.242 - - [16/Jul/2021:19:07:05 +0200] "GET /house-rules-large-metal-plate-deco-p-36113.html HTTP/1.0" 200 72922 "-" "Mozilla/5.0 (compatible; AhrefsBot/7.0; +http://ahrefs.com/robot/)"
157.55.39.72 - - [16/Jul/2021:19:07:19 +0200] "GET /-p-14680.html HTTP/1.0" 200 70197 "-" "Mozilla/5.0 (compatible; bingbot/2.0; +http://www.bing.com/bingbot.htm)"
185.191.171.4 - - [16/Jul/2021:19:07:34 +0200] "GET /robots.txt HTTP/1.0" 200 245 "-" "Mozilla/5.0 (compatible; SemrushBot/7~bl; +http://www.semrush.com/bot.html)"
185.191.171.10 - - [16/Jul/2021:19:07:37 +0200] "GET /bagshandbags-shoulder-bags-c-31_81.html?page=6 HTTP/1.0" 200 97452 "-" "Mozilla/5.0 (compatible; SemrushBot/7~bl; +http://www.semrush.com/bot.html)"
207.46.13.182 - - [16/Jul/2021:19:07:39 +0200] "GET /miracle-tattoos-augmented-reality-p-30664.html HTTP/1.0" 200 73795 "-" "Mozilla/5.0 (compatible; bingbot/2.0; +http://www.bing.com/bingbot.htm)"
157.55.39.78 - - [16/Jul/2021:19:07:45 +0200] "GET /cars-tokyo-mater-round-pencil-case-p-13351.html HTTP/1.0" 200 73479 "-" "Mozilla/5.0 (compatible; bingbot/2.0; +http://www.bing.com/bingbot.htm)"
157.55.39.78 - - [16/Jul/2021:19:07:46 +0200] "GET /beach-metal-plate-deco-p-34326.html HTTP/1.0" 200 72831 "-" "Mozilla/5.0 (compatible; bingbot/2.0; +http://www.bing.com/bingbot.htm)"
157.55.39.167 - - [16/Jul/2021:19:07:49 +0200] "GET /rose-metal-tray-p-53577.html HTTP/1.0" 200 73729 "-" "Mozilla/5.0 (compatible; bingbot/2.0; +http://www.bing.com/bingbot.htm)"
207.46.13.174 - - [16/Jul/2021:19:07:54 +0200] "GET /popstar-top-model-album-coloring-p-22617.html HTTP/1.0" 301 70264 "-" "Mozilla/5.0 (compatible; bingbot/2.0; +http://www.bing.com/bingbot.htm)"
157.55.39.180 - - [16/Jul/2021:19:08:02 +0200] "GET /the-little-friend-vintage-gorjuss-post-card-p-34614.html HTTP/1.0" 301 70501 "-" "Mozilla/5.0 (compatible; bingbot/2.0; +http://www.bing.com/bingbot.htm)"
157.55.39.167 - - [16/Jul/2021:19:08:07 +0200] "GET /swfobject.js HTTP/1.0" 404 1308 "-" "Mozilla/5.0 (compatible; bingbot/2.0; +http://www.bing.com/bingbot.htm)"
35.229.113.181 - - [16/Jul/2021:19:08:07 +0200] "GET /wastebasket-c-129_184.html HTTP/1.0" 200 84315 "-" "ZoominfoBot (zoominfobot at zoominfo dot com)"
66.249.66.200 - - [16/Jul/2021:19:08:07 +0200] "GET /cement-tile-stickers-p-50329.html HTTP/1.0" 200 73145 "-" "Mozilla/5.0 (Linux; Android 6.0.1; Nexus 5X Build/MMB29P) AppleWebKit/537.36 (KHTML, like Gecko) Chrome/91.0.4472.90 Mobile Safari/537.36 (compatible; Googlebot/2.1; +http://www.google.com/bot.html)"
185.191.171.42 - - [16/Jul/2021:19:08:27 +0200] "GET /decorative-statuettes-monkeys-wisdom-green-p-52732.html?action=add_product HTTP/1.0" 302 476 "-" "Mozilla/5.0 (compatible; SemrushBot/7~bl; +http://www.semrush.com/bot.html)"
51.68.224.127 - - [16/Jul/2021:19:08:46 +0200] "GET /adminweb/export_orders_xml.php?token=256de2z6edz6ed2z6DFSFsed2zed6zeDSFDSGdzedezfzf&maxorders=10&orderstart=1&status=14&start_date=2018-10-01 HTTP/1.0" 200 285 "-" "GesCom CharlotteBoutik Serveur"
51.68.224.127 - - [16/Jul/2021:19:08:46 +0200] "GET /adminweb/export_orders_xml.php?token=256de2z6edz6ed2z6DFSFsed2zed6zeDSFDSGdzedezfzf&maxorders=10&orderstart=1&status=6&start_date=2018-10-01 HTTP/1.0" 200 29786 "-" "GesCom CharlotteBoutik Serveur"
185.191.171.23 - - [16/Jul/2021:19:08:47 +0200] "GET /mugs-mazagrans-c-12_57.html?page=15 HTTP/1.0" 200 97449 "-" "Mozilla/5.0 (compatible; SemrushBot/7~bl; +http://www.semrush.com/bot.html)"
185.191.171.38 - - [16/Jul/2021:19:08:49 +0200] "GET /horses-stickers-p-19589.html HTTP/1.0" 200 72549 "-" "Mozilla/5.0 (compatible; SemrushBot/7~bl; +http://www.semrush.com/bot.html)"
207.46.13.179 - - [16/Jul/2021:19:08:50 +0200] "GET /flat-thread-sheet-cotton-57-color-lila-powder-240-300-cm-p-46738.html HTTP/1.0" 301 70504 "-" "Mozilla/5.0 (compatible; bingbot/2.0; +http://www.bing.com/bingbot.htm)"
207.46.13.182 - - [16/Jul/2021:19:09:00 +0200] "GET /llama-love-figurine-10-cm-p-47611.html HTTP/1.0" 301 72966 "-" "Mozilla/5.0 (compatible; bingbot/2.0; +http://www.bing.com/bingbot.htm)"
157.55.39.72 - - [16/Jul/2021:19:09:20 +0200] "GET /tarot-box-dreamcatcher-p-43802.html HTTP/1.0" 301 73228 "-" "Mozilla/5.0 (compatible; bingbot/2.0; +http://www.bing.com/bingbot.htm)"
157.55.39.180 - - [16/Jul/2021:19:09:25 +0200] "GET /corset-black-shirt-p-30121.html HTTP/1.0" 200 74000 "-" "Mozilla/5.0 (compatible; bingbot/2.0; +http://www.bing.com/bingbot.htm)"
185.191.171.23 - - [16/Jul/2021:19:09:28 +0200] "GET /black-kitchen-towel-p-44415.html HTTP/1.0" 200 72849 "-" "Mozilla/5.0 (compatible; SemrushBot/7~bl; +http://www.semrush.com/bot.html)"
35.229.113.181 - - [16/Jul/2021:19:10:02 +0200] "GET /cups-c-12_248.html HTTP/1.0" 200 89188 "-" "ZoominfoBot (zoominfobot at zoominfo dot com)"
207.46.13.174 - - [16/Jul/2021:19:10:05 +0200] "GET /beautiful-babushka-by-kimmidoll-black-notebook-p-33221.html HTTP/1.0" 301 73237 "-" "Mozilla/5.0 (compatible; bingbot/2.0; +http://www.bing.com/bingbot.htm)"
157.55.39.167 - - [16/Jul/2021:19:10:11 +0200] "GET /sweaters-sweatshirts-vests-c-2_37.html HTTP/1.0" 200 69229 "-" "Mozilla/5.0 (compatible; bingbot/2.0; +http://www.bing.com/bingbot.htm)"
157.55.39.177 - - [16/Jul/2021:19:10:16 +0200] "GET /images/med_prod/3661977002595.jpg HTTP/1.0" 200 268 "-" "Mozilla/5.0 (compatible; bingbot/2.0; +http://www.bing.com/bingbot.htm)"
185.191.171.41 - - [16/Jul/2021:19:10:19 +0200] "GET /tropical-bedclothes-p-41114.html?action=add_product HTTP/1.0" 302 476 "-" "Mozilla/5.0 (compatible; SemrushBot/7~bl; +http://www.semrush.com/bot.html)"
66.249.66.200 - - [16/Jul/2021:19:10:25 +0200] "GET /cement-tile-stickers-p-50328.html HTTP/1.0" 200 73145 "-" "Mozilla/5.0 (compatible; Googlebot/2.1; +http://www.google.com/bot.html)"
185.191.171.9 - - [16/Jul/2021:19:10:26 +0200] "GET /oops-daisy-vintage-gorjuss-post-card-p-34617.html HTTP/1.0" 200 70374 "-" "Mozilla/5.0 (compatible; SemrushBot/7~bl; +http://www.semrush.com/bot.html)"
157.55.39.78 - - [16/Jul/2021:19:10:25 +0200] "GET /miracle-tattoos-augmented-reality-p-30661.html HTTP/1.0" 200 73682 "-" "Mozilla/5.0 (compatible; bingbot/2.0; +http://www.bing.com/bingbot.htm)"
54.36.148.242 - - [16/Jul/2021:19:10:51 +0200] "GET /saint-benedict-prayer-candle-novena-p-44454.html HTTP/1.0" 200 73698 "-" "Mozilla/5.0 (compatible; AhrefsBot/7.0; +http://ahrefs.com/robot/)"
207.46.13.182 - - [16/Jul/2021:19:11:00 +0200] "GET /kimmidoll-brush-p-42415.html HTTP/1.0" 200 72826 "-" "Mozilla/5.0 (compatible; bingbot/2.0; +http://www.bing.com/bingbot.htm)"
185.191.171.20 - - [16/Jul/2021:19:11:05 +0200] "GET /light-wood-lamp-vintage-bulb-p-50723.html HTTP/1.0" 200 73954 "-" "Mozilla/5.0 (compatible; SemrushBot/7~bl; +http://www.semrush.com/bot.html)"
207.46.13.182 - - [16/Jul/2021:19:11:11 +0200] "GET /monster-high-pencil-box-p-21803.html HTTP/1.0" 301 73057 "-" "Mozilla/5.0 (compatible; bingbot/2.0; +http://www.bing.com/bingbot.htm)"
207.46.13.179 - - [16/Jul/2021:19:11:16 +0200] "GET /sonny-angel-figurine-series-p-27672.html HTTP/1.0" 200 73416 "-" "Mozilla/5.0 (compatible; bingbot/2.0; +http://www.bing.com/bingbot.htm)"
207.46.13.182 - - [16/Jul/2021:19:11:50 +0200] "GET /-p-10594.html HTTP/1.0" 200 70197 "-" "Mozilla/5.0 (compatible; bingbot/2.0; +http://www.bing.com/bingbot.htm)"
157.55.39.166 - - [16/Jul/2021:19:11:58 +0200] "GET /small-tins-box-gorjuss-every-summer-has-story-p-48408.html HTTP/1.0" 301 70409 "-" "Mozilla/5.0 (compatible; bingbot/2.0; +http://www.bing.com/bingbot.htm)"
207.46.13.182 - - [16/Jul/2021:19:12:02 +0200] "GET /-p-14846.html HTTP/1.0" 200 70197 "-" "Mozilla/5.0 (compatible; bingbot/2.0; +http://www.bing.com/bingbot.htm)"
207.46.13.179 - - [16/Jul/2021:19:12:20 +0200] "GET /-p-6455.html HTTP/1.0" 200 70195 "-" "Mozilla/5.0 (compatible; bingbot/2.0; +http://www.bing.com/bingbot.htm)"
157.55.39.177 - - [16/Jul/2021:19:12:27 +0200] "GET /sticker-for-windows-chakra-p-48353.html HTTP/1.0" 301 72986 "-" "Mozilla/5.0 (compatible; bingbot/2.0; +http://www.bing.com/bingbot.htm)"
66.249.66.198 - - [16/Jul/2021:19:12:29 +0200] "GET /girls/long-sleeves-tshirts/dora-the-explorer-long-sleeve-tshirt-p-2112.html HTTP/1.0" 301 70261 "-" "Mozilla/5.0 (compatible; Googlebot/2.1; +http://www.google.com/bot.html)"
66.249.66.202 - - [16/Jul/2021:19:12:30 +0200] "GET /-p-2112.html HTTP/1.0" 200 70195 "-" "Mozilla/5.0 (compatible; Googlebot/2.1; +http://www.google.com/bot.html)"
66.249.66.198 - - [16/Jul/2021:19:12:43 +0200] "GET /cement-tile-stickers-p-50328.html HTTP/1.0" 200 73145 "-" "Mozilla/5.0 (Linux; Android 6.0.1; Nexus 5X Build/MMB29P) AppleWebKit/537.36 (KHTML, like Gecko) Chrome/91.0.4472.90 Mobile Safari/537.36 (compatible; Googlebot/2.1; +http://www.google.com/bot.html)"
185.191.171.26 - - [16/Jul/2021:19:12:54 +0200] "GET /washed-linen-towel-46-70-cm-paon-p-48132.html HTTP/1.0" 301 70417 "-" "Mozilla/5.0 (compatible; SemrushBot/7~bl; +http://www.semrush.com/bot.html)"
185.191.171.38 - - [16/Jul/2021:19:12:56 +0200] "GET /washed-linen-towel-paon-p-48132.html HTTP/1.0" 200 70327 "-" "Mozilla/5.0 (compatible; SemrushBot/7~bl; +http://www.semrush.com/bot.html)"
157.55.39.166 - - [16/Jul/2021:19:13:16 +0200] "GET /matriochka-white-women-tee-shirt-p-30984.html HTTP/1.0" 301 74973 "-" "Mozilla/5.0 (compatible; bingbot/2.0; +http://www.bing.com/bingbot.htm)"
157.55.39.166 - - [16/Jul/2021:19:13:17 +0200] "GET /disney-princess-placemat-p-22494.html HTTP/1.0" 200 72903 "-" "Mozilla/5.0 (compatible; bingbot/2.0; +http://www.bing.com/bingbot.htm)"
207.46.13.182 - - [16/Jul/2021:19:13:22 +0200] "GET /burundi-round-side-table-p-51697.html HTTP/1.0" 200 73396 "-" "Mozilla/5.0 (compatible; bingbot/2.0; +http://www.bing.com/bingbot.htm)"
157.55.39.177 - - [16/Jul/2021:19:13:25 +0200] "GET /cupcakes-salt-and-pepper-p-28849.html HTTP/1.0" 301 70387 "-" "Mozilla/5.0 (compatible; bingbot/2.0; +http://www.bing.com/bingbot.htm)"
185.191.171.14 - - [16/Jul/2021:19:13:28 +0200] "GET /gorjuss-cards-supplied-with-envelope-catch-falling-star-p-48392.html?action=add_product HTTP/1.0" 302 476 "-" "Mozilla/5.0 (compatible; SemrushBot/7~bl; +http://www.semrush.com/bot.html)"
157.55.39.177 - - [16/Jul/2021:19:13:35 +0200] "GET /kimmidoll-brush-p-44111.html HTTP/1.0" 200 72826 "-" "Mozilla/5.0 (compatible; bingbot/2.0; +http://www.bing.com/bingbot.htm)"
157.55.39.167 - - [16/Jul/2021:19:13:40 +0200] "GET /coca-cola-red-round-pencil-case-p-12394.html HTTP/1.0" 301 72964 "-" "Mozilla/5.0 (compatible; bingbot/2.0; +http://www.bing.com/bingbot.htm)"
185.191.171.6 - - [16/Jul/2021:19:13:53 +0200] "GET /goa-nappa-bedclothes-220-240-cm-p-42396.html HTTP/1.0" 301 73007 "-" "Mozilla/5.0 (compatible; SemrushBot/7~bl; +http://www.semrush.com/bot.html)"
185.191.171.23 - - [16/Jul/2021:19:13:55 +0200] "GET /nappa-bedclothes-p-42396.html HTTP/1.0" 200 72924 "-" "Mozilla/5.0 (compatible; SemrushBot/7~bl; +http://www.semrush.com/bot.html)"
185.191.171.8 - - [16/Jul/2021:19:14:07 +0200] "GET /espresso-cups-restaurant-mustache-p-26483.html HTTP/1.0" 200 72913 "-" "Mozilla/5.0 (compatible; SemrushBot/7~bl; +http://www.semrush.com/bot.html)"
157.55.39.180 - - [16/Jul/2021:19:14:22 +0200] "GET /cicada-cast-iron-trivet-24-cm-p-48577.html HTTP/1.0" 301 72947 "-" "Mozilla/5.0 (compatible; bingbot/2.0; +http://www.bing.com/bingbot.htm)"
207.46.13.174 - - [16/Jul/2021:19:14:26 +0200] "GET /one-collectible-labubu-figurine-p-50061.html HTTP/1.0" 301 74623 "-" "Mozilla/5.0 (compatible; bingbot/2.0; +http://www.bing.com/bingbot.htm)"
54.36.148.242 - - [16/Jul/2021:19:14:32 +0200] "GET /bamboo-fiber-plant-cover-p-55173.html HTTP/1.0" 200 73470 "-" "Mozilla/5.0 (compatible; AhrefsBot/7.0; +http://ahrefs.com/robot/)"
185.191.171.1 - - [16/Jul/2021:19:14:40 +0200] "GET /-p-32413.html?action=add_product HTTP/1.0" 302 476 "-" "Mozilla/5.0 (compatible; SemrushBot/7~bl; +http://www.semrush.com/bot.html)"
207.46.13.182 - - [16/Jul/2021:19:14:49 +0200] "GET /faustine-potholder-20-cm-p-44527.html HTTP/1.0" 301 72924 "-" "Mozilla/5.0 (compatible; bingbot/2.0; +http://www.bing.com/bingbot.htm)"
66.249.66.200 - - [16/Jul/2021:19:15:02 +0200] "GET /decorative-door-sticker-p-51534.html HTTP/1.0" 200 73696 "-" "Mozilla/5.0 (compatible; Googlebot/2.1; +http://www.google.com/bot.html)"
185.191.171.40 - - [16/Jul/2021:19:15:07 +0200] "GET /gorjuss-coaster-nice-to-sea-you-p-47743.html HTTP/1.0" 301 70360 "-" "Mozilla/5.0 (compatible; SemrushBot/7~bl; +http://www.semrush.com/bot.html)"
185.191.171.5 - - [16/Jul/2021:19:15:09 +0200] "GET /gorjuss-coaster-nice-p-47743.html HTTP/1.0" 200 70273 "-" "Mozilla/5.0 (compatible; SemrushBot/7~bl; +http://www.semrush.com/bot.html)"
66.249.66.200 - - [16/Jul/2021:19:15:11 +0200] "GET /images/big_prod/3700572722443.jpg HTTP/1.0" 200 268 "-" "Googlebot-Image/1.0"
185.191.171.43 - - [16/Jul/2021:19:15:25 +0200] "GET /chair-cushion-velcro-blue-and-lin-38-cm-p-43501.html HTTP/1.0" 301 70264 "-" "Mozilla/5.0 (compatible; SemrushBot/7~bl; +http://www.semrush.com/bot.html)"
185.191.171.24 - - [16/Jul/2021:19:15:27 +0200] "GET /-p-43501.html HTTP/1.0" 200 70197 "-" "Mozilla/5.0 (compatible; SemrushBot/7~bl; +http://www.semrush.com/bot.html)"
157.55.39.167 - - [16/Jul/2021:19:15:28 +0200] "GET /images/img11247.jpg HTTP/1.0" 200 254 "-" "Mozilla/5.0 (compatible; bingbot/2.0; +http://www.bing.com/bingbot.htm)"
185.191.171.4 - - [16/Jul/2021:19:15:39 +0200] "GET /small-jar-candle-plum-and-orange-blossom-p-46022.html HTTP/1.0" 301 73528 "-" "Mozilla/5.0 (compatible; SemrushBot/7~bl; +http://www.semrush.com/bot.html)"
185.191.171.39 - - [16/Jul/2021:19:15:41 +0200] "GET /small-candle-plum-orange-blossom-p-46022.html HTTP/1.0" 200 73429 "-" "Mozilla/5.0 (compatible; SemrushBot/7~bl; +http://www.semrush.com/bot.html)"
157.55.39.180 - - [16/Jul/2021:19:15:42 +0200] "GET /-p-24832.html HTTP/1.0" 200 70197 "-" "Mozilla/5.0 (compatible; bingbot/2.0; +http://www.bing.com/bingbot.htm)"
185.191.171.35 - - [16/Jul/2021:19:15:53 +0200] "GET /towel-bath-towels-c-11_70.html?page=1 HTTP/1.0" 200 90731 "-" "Mozilla/5.0 (compatible; SemrushBot/7~bl; +http://www.semrush.com/bot.html)"
157.55.39.177 - - [16/Jul/2021:19:16:05 +0200] "GET /maximus-horse-figure-p-15657.html HTTP/1.0" 200 70267 "-" "Mozilla/5.0 (compatible; bingbot/2.0; +http://www.bing.com/bingbot.htm)"
157.55.39.167 - - [16/Jul/2021:19:16:12 +0200] "GET /my-little-kitchen-ceramic-mug-with-infuser-p-41631.html HTTP/1.0" 301 73063 "-" "Mozilla/5.0 (compatible; bingbot/2.0; +http://www.bing.com/bingbot.htm)"
157.55.39.167 - - [16/Jul/2021:19:16:15 +0200] "GET /-p-14446.html HTTP/1.0" 200 70197 "-" "Mozilla/5.0 (compatible; bingbot/2.0; +http://www.bing.com/bingbot.htm)"
