111.225.149.17 - - [16/Jul/2021:09:35:44 +0200] "GET /swfobject.js HTTP/1.0" 404 1308 "http://www.wonder-geek.com/esotericism-lithotherapy-c-174.html" "Mozilla/5.0 (compatible; Bytespider; https://zhanzhang.toutiao.com/) AppleWebKit/537.36 (KHTML, like Gecko) Chrome/70.0.0.0 Safari/537.36"
111.225.149.2 - - [16/Jul/2021:09:35:52 +0200] "GET /js/jquery.min.js HTTP/1.0" 404 1308 "http://www.wonder-geek.com/esotericism-lithotherapy-c-174.html" "Mozilla/5.0 (compatible; Bytespider; https://zhanzhang.toutiao.com/) AppleWebKit/537.36 (KHTML, like Gecko) Chrome/70.0.0.0 Safari/537.36"
111.225.149.21 - - [16/Jul/2021:09:35:52 +0200] "GET /js/jquery.masonry.min.js HTTP/1.0" 200 264 "http://www.wonder-geek.com/esotericism-lithotherapy-c-174.html" "Mozilla/5.0 (compatible; Bytespider; https://zhanzhang.toutiao.com/) AppleWebKit/537.36 (KHTML, like Gecko) Chrome/70.0.0.0 Safari/537.36"
111.225.149.19 - - [16/Jul/2021:09:35:52 +0200] "GET /js/modernizr-transitions.js HTTP/1.0" 200 267 "http://www.wonder-geek.com/esotericism-lithotherapy-c-174.html" "Mozilla/5.0 (compatible; Bytespider; https://zhanzhang.toutiao.com/) AppleWebKit/537.36 (KHTML, like Gecko) Chrome/70.0.0.0 Safari/537.36"
111.225.149.18 - - [16/Jul/2021:09:35:55 +0200] "GET /highslide/graphics/zoomout.cur HTTP/1.0" 200 614 "http://www.wonder-geek.com/esotericism-lithotherapy-c-174.html" "Mozilla/5.0 (compatible; Bytespider; https://zhanzhang.toutiao.com/) AppleWebKit/537.36 (KHTML, like Gecko) Chrome/70.0.0.0 Safari/537.36"
114.119.158.196 - - [16/Jul/2021:09:36:14 +0200] "GET /large-jar-candle-70-hours-sandalwood-and-vanilla-p-37311.html HTTP/1.0" 301 74356 "-" "Mozilla/5.0 (Linux; Android 7.0;) AppleWebKit/537.36 (KHTML, like Gecko) Mobile Safari/537.36 (compatible; PetalBot;+https://webmaster.petalsearch.com/site/petalbot)"
114.119.158.196 - - [16/Jul/2021:09:36:16 +0200] "GET /large-candle-hours-sandalwood-vanilla-p-37311.html HTTP/1.0" 200 74252 "-" "Mozilla/5.0 (Linux; Android 7.0;) AppleWebKit/537.36 (KHTML, like Gecko) Mobile Safari/537.36 (compatible; PetalBot;+https://webmaster.petalsearch.com/site/petalbot)"
207.46.13.125 - - [16/Jul/2021:09:36:20 +0200] "GET /small-postcard-plate-with-envelope-15-105-cm-p-40128.html HTTP/1.0" 301 73175 "-" "Mozilla/5.0 (compatible; bingbot/2.0; +http://www.bing.com/bingbot.htm)"
185.191.171.36 - - [16/Jul/2021:09:36:23 +0200] "GET /rusty-metal-structure-palm-tree-60-cm-p-49864.html HTTP/1.0" 301 70421 "-" "Mozilla/5.0 (compatible; SemrushBot/7~bl; +http://www.semrush.com/bot.html)"
185.191.171.44 - - [16/Jul/2021:09:36:26 +0200] "GET /rusty-metal-structure-palm-tree-p-49864.html HTTP/1.0" 200 70323 "-" "Mozilla/5.0 (compatible; SemrushBot/7~bl; +http://www.semrush.com/bot.html)"
207.46.13.51 - - [16/Jul/2021:09:36:36 +0200] "GET /teacups-clock-allen-p-31433.html HTTP/1.0" 200 70269 "-" "Mozilla/5.0 (compatible; bingbot/2.0; +http://www.bing.com/bingbot.htm)"
185.191.171.15 - - [16/Jul/2021:09:36:42 +0200] "GET /breakfast-board-half-tassen-made-germany-p-53732.html?action=add_product HTTP/1.0" 302 476 "-" "Mozilla/5.0 (compatible; SemrushBot/7~bl; +http://www.semrush.com/bot.html)"
207.46.13.65 - - [16/Jul/2021:09:36:55 +0200] "GET /liberty-pink-strawberry-bracelet-p-16749.html HTTP/1.0" 200 73137 "-" "Mozilla/5.0 (compatible; bingbot/2.0; +http://www.bing.com/bingbot.htm)"
54.36.148.242 - - [16/Jul/2021:09:37:02 +0200] "GET /planes-cushion-p-25909.html HTTP/1.0" 200 72869 "-" "Mozilla/5.0 (compatible; AhrefsBot/7.0; +http://ahrefs.com/robot/)"
114.119.154.200 - - [16/Jul/2021:09:37:02 +0200] "GET /bmw-large-metal-plate-deco-p-33723.html HTTP/1.0" 301 72933 "-" "Mozilla/5.0 (Linux; Android 7.0;) AppleWebKit/537.36 (KHTML, like Gecko) Mobile Safari/537.36 (compatible; PetalBot;+https://webmaster.petalsearch.com/site/petalbot)"
185.191.171.36 - - [16/Jul/2021:09:37:08 +0200] "GET /kori-kumi-ballpoint-black-p-30496.html HTTP/1.0" 200 72948 "-" "Mozilla/5.0 (compatible; SemrushBot/7~bl; +http://www.semrush.com/bot.html)"
114.119.154.200 - - [16/Jul/2021:09:37:12 +0200] "GET /large-metal-plate-deco-p-33723.html HTTP/1.0" 200 72844 "-" "Mozilla/5.0 (Linux; Android 7.0;) AppleWebKit/537.36 (KHTML, like Gecko) Mobile Safari/537.36 (compatible; PetalBot;+https://webmaster.petalsearch.com/site/petalbot)"
40.77.167.77 - - [16/Jul/2021:09:37:39 +0200] "GET /-p-12974.html HTTP/1.0" 200 70197 "-" "Mozilla/5.0 (compatible; bingbot/2.0; +http://www.bing.com/bingbot.htm)"
40.77.167.36 - - [16/Jul/2021:09:37:40 +0200] "GET /mug-with-infuser-for-tea-cutty-p-47847.html HTTP/1.0" 301 70356 "-" "Mozilla/5.0 (compatible; bingbot/2.0; +http://www.bing.com/bingbot.htm)"
40.77.167.77 - - [16/Jul/2021:09:37:41 +0200] "GET /-p-29836.html HTTP/1.0" 200 70197 "-" "Mozilla/5.0 (compatible; bingbot/2.0; +http://www.bing.com/bingbot.htm)"
185.191.171.42 - - [16/Jul/2021:09:37:50 +0200] "GET /cats-bees-mini-rectangular-tray-p-54906.html HTTP/1.0" 200 72999 "-" "Mozilla/5.0 (compatible; SemrushBot/7~bl; +http://www.semrush.com/bot.html)"
114.119.129.36 - - [16/Jul/2021:09:37:54 +0200] "GET /silhouette-ceramic-vase-charles-rennie-mackintosh-p-55381.html HTTP/1.0" 200 74170 "-" "Mozilla/5.0 (Linux; Android 7.0;) AppleWebKit/537.36 (KHTML, like Gecko) Mobile Safari/537.36 (compatible; PetalBot;+https://webmaster.petalsearch.com/site/petalbot)"
35.243.248.148 - - [16/Jul/2021:09:38:01 +0200] "GET /luggages-schoolbags-leather-shop-c-31.html HTTP/1.0" 200 92198 "-" "ZoominfoBot (zoominfobot at zoominfo dot com)"
207.46.13.65 - - [16/Jul/2021:09:38:12 +0200] "GET /swfobject.js HTTP/1.0" 404 1308 "-" "Mozilla/5.0 (compatible; bingbot/2.0; +http://www.bing.com/bingbot.htm)"
40.77.167.77 - - [16/Jul/2021:09:38:17 +0200] "GET /tetsubin-light-teapot-japanese-06-liter-p-40139.html HTTP/1.0" 301 73279 "-" "Mozilla/5.0 (compatible; bingbot/2.0; +http://www.bing.com/bingbot.htm)"
185.191.171.41 - - [16/Jul/2021:09:38:30 +0200] "GET /small-tins-box-gorjuss-oops-daisy-p-48403.html HTTP/1.0" 301 70385 "-" "Mozilla/5.0 (compatible; SemrushBot/7~bl; +http://www.semrush.com/bot.html)"
185.191.171.24 - - [16/Jul/2021:09:38:32 +0200] "GET /small-tins-gorjuss-oops-daisy-p-48403.html HTTP/1.0" 200 70289 "-" "Mozilla/5.0 (compatible; SemrushBot/7~bl; +http://www.semrush.com/bot.html)"
185.191.171.9 - - [16/Jul/2021:09:38:35 +0200] "GET /gogh-terrasse-soir-purse-made-france-p-47460.html HTTP/1.0" 200 73235 "-" "Mozilla/5.0 (compatible; SemrushBot/7~bl; +http://www.semrush.com/bot.html)"
106.38.241.175 - - [16/Jul/2021:09:38:43 +0200] "GET / HTTP/1.0" 200 95438 "-" "Sogou web spider/4.0(+http://www.sogou.com/docs/help/webmasters.htm#07)"
35.243.248.148 - - [16/Jul/2021:09:38:45 +0200] "GET /shop-c-155.html HTTP/1.0" 200 88924 "-" "ZoominfoBot (zoominfobot at zoominfo dot com)"
54.36.148.242 - - [16/Jul/2021:09:38:57 +0200] "GET /adults-apron-cotton-yuco-curry-p-48217.html HTTP/1.0" 200 72948 "-" "Mozilla/5.0 (compatible; AhrefsBot/7.0; +http://ahrefs.com/robot/)"
114.119.129.36 - - [16/Jul/2021:09:40:01 +0200] "GET /britto-bottle-stoppers-cat-p-32679.html HTTP/1.0" 301 70372 "-" "Mozilla/5.0 (Linux; Android 7.0;) AppleWebKit/537.36 (KHTML, like Gecko) Mobile Safari/537.36 (compatible; PetalBot;+https://webmaster.petalsearch.com/site/petalbot)"
114.119.129.36 - - [16/Jul/2021:09:40:02 +0200] "GET /britto-bottle-stoppers-p-32679.html HTTP/1.0" 200 70283 "-" "Mozilla/5.0 (Linux; Android 7.0;) AppleWebKit/537.36 (KHTML, like Gecko) Mobile Safari/537.36 (compatible; PetalBot;+https://webmaster.petalsearch.com/site/petalbot)"
49.7.20.118 - - [16/Jul/2021:09:40:54 +0200] "GET / HTTP/1.0" 200 95396 "-" "Sogou web spider/4.0(+http://www.sogou.com/docs/help/webmasters.htm#07)"
207.46.13.142 - - [16/Jul/2021:09:40:56 +0200] "GET /windchime-wood-chimes-p-43521.html HTTP/1.0" 200 73471 "-" "Mozilla/5.0 (compatible; bingbot/2.0; +http://www.bing.com/bingbot.htm)"
54.36.148.242 - - [16/Jul/2021:09:40:57 +0200] "GET /flatwares-c-12_63.html?page=1 HTTP/1.0" 200 89462 "-" "Mozilla/5.0 (compatible; AhrefsBot/7.0; +http://ahrefs.com/robot/)"
66.249.72.170 - - [16/Jul/2021:09:41:00 +0200] "GET /zodiac-sign-training-bottle-cbkreation-p-43343.html HTTP/1.0" 200 73245 "-" "Mozilla/5.0 (Linux; Android 6.0.1; Nexus 5X Build/MMB29P) AppleWebKit/537.36 (KHTML, like Gecko) Chrome/91.0.4472.90 Mobile Safari/537.36 (compatible; Googlebot/2.1; +http://www.google.com/bot.html)"
35.243.248.148 - - [16/Jul/2021:09:41:10 +0200] "GET /wastebasket-c-129_184.html HTTP/1.0" 200 84315 "-" "ZoominfoBot (zoominfobot at zoominfo dot com)"
207.46.13.65 - - [16/Jul/2021:09:41:23 +0200] "GET /swfobject.js HTTP/1.0" 404 1308 "-" "Mozilla/5.0 (compatible; bingbot/2.0; +http://www.bing.com/bingbot.htm)"
114.119.150.15 - - [16/Jul/2021:09:41:34 +0200] "GET /incense-burner-brass-charcoal-incense-sticks-green-p-46637.html HTTP/1.0" 200 73343 "-" "Mozilla/5.0 (Linux; Android 7.0;) AppleWebKit/537.36 (KHTML, like Gecko) Mobile Safari/537.36 (compatible; PetalBot;+https://webmaster.petalsearch.com/site/petalbot)"
157.55.39.121 - - [16/Jul/2021:09:41:53 +0200] "GET /round-mirror-catches-golden-dreams-hang-p-45740.html HTTP/1.0" 200 72994 "-" "Mozilla/5.0 (compatible; bingbot/2.0; +http://www.bing.com/bingbot.htm)"
157.55.39.127 - - [16/Jul/2021:09:41:55 +0200] "GET /-p-25750.html HTTP/1.0" 200 70197 "-" "Mozilla/5.0 (compatible; bingbot/2.0; +http://www.bing.com/bingbot.htm)"
207.46.13.65 - - [16/Jul/2021:09:41:58 +0200] "GET /-p-24435.html HTTP/1.0" 200 70197 "-" "Mozilla/5.0 (compatible; bingbot/2.0; +http://www.bing.com/bingbot.htm)"
185.191.171.44 - - [16/Jul/2021:09:41:59 +0200] "GET /cats-dubout-placemat-p-40083.html HTTP/1.0" 200 72863 "-" "Mozilla/5.0 (compatible; SemrushBot/7~bl; +http://www.semrush.com/bot.html)"
185.191.171.4 - - [16/Jul/2021:09:42:25 +0200] "GET /candle-hours-dawn-mist-p-53894.html HTTP/1.0" 200 74045 "-" "Mozilla/5.0 (compatible; SemrushBot/7~bl; +http://www.semrush.com/bot.html)"
185.191.171.12 - - [16/Jul/2021:09:42:42 +0200] "GET /white-natural-mini-wooden-p-55036.html HTTP/1.0" 200 73728 "-" "Mozilla/5.0 (compatible; SemrushBot/7~bl; +http://www.semrush.com/bot.html)"
54.36.148.242 - - [16/Jul/2021:09:42:45 +0200] "GET /small-panda-nici-charm-phone-charm-p-33462.html HTTP/1.0" 200 72946 "-" "Mozilla/5.0 (compatible; AhrefsBot/7.0; +http://ahrefs.com/robot/)"
207.46.13.65 - - [16/Jul/2021:09:42:45 +0200] "GET /jungle-wall-sticker-p-42967.html HTTP/1.0" 200 72833 "-" "Mozilla/5.0 (compatible; bingbot/2.0; +http://www.bing.com/bingbot.htm)"
35.243.248.148 - - [16/Jul/2021:09:43:13 +0200] "GET /cups-c-12_248.html HTTP/1.0" 200 89188 "-" "ZoominfoBot (zoominfobot at zoominfo dot com)"
40.77.167.77 - - [16/Jul/2021:09:43:16 +0200] "GET /cotton-floor-cushion-40-cm-louison-p-51666.html HTTP/1.0" 301 73834 "-" "Mozilla/5.0 (compatible; bingbot/2.0; +http://www.bing.com/bingbot.htm)"
40.77.167.77 - - [16/Jul/2021:09:43:19 +0200] "GET /-p-5171.html HTTP/1.0" 200 70195 "-" "Mozilla/5.0 (compatible; bingbot/2.0; +http://www.bing.com/bingbot.htm)"
40.77.167.36 - - [16/Jul/2021:09:43:23 +0200] "GET /wooden-wall-decoration-hang-bonne-franquette-p-49982.html HTTP/1.0" 200 73053 "-" "Mozilla/5.0 (compatible; bingbot/2.0; +http://www.bing.com/bingbot.htm)"
114.119.129.36 - - [16/Jul/2021:09:43:25 +0200] "GET /flamingo-metal-tray-light-green-p-40183.html HTTP/1.0" 200 72977 "-" "Mozilla/5.0 (Linux; Android 7.0;) AppleWebKit/537.36 (KHTML, like Gecko) Mobile Safari/537.36 (compatible; PetalBot;+https://webmaster.petalsearch.com/site/petalbot)"
54.36.148.242 - - [16/Jul/2021:09:44:32 +0200] "GET /disney-princess-personal-diary-p-17198.html HTTP/1.0" 200 73040 "-" "Mozilla/5.0 (compatible; AhrefsBot/7.0; +http://ahrefs.com/robot/)"
207.46.13.51 - - [16/Jul/2021:09:44:38 +0200] "GET /images/big_prod/8422032145696.jpg HTTP/1.0" 200 268 "-" "Mozilla/5.0 (compatible; bingbot/2.0; +http://www.bing.com/bingbot.htm)"
207.46.13.51 - - [16/Jul/2021:09:44:41 +0200] "GET /zen-canvas-frame-p-38318.html HTTP/1.0" 301 72913 "-" "Mozilla/5.0 (compatible; bingbot/2.0; +http://www.bing.com/bingbot.htm)"
114.119.154.200 - - [16/Jul/2021:09:45:14 +0200] "GET /images/big_prod/8718375750124.jpg HTTP/1.0" 200 268 "-" "Mozilla/5.0 (Linux; Android 7.0;) AppleWebKit/537.36 (KHTML, like Gecko) Mobile Safari/537.36 (compatible; PetalBot;+https://webmaster.petalsearch.com/site/petalbot)"
40.77.167.36 - - [16/Jul/2021:09:45:20 +0200] "GET /buffalo-skull-glass-cutting-board-by-cbkreation-p-51464.html HTTP/1.0" 301 73114 "-" "Mozilla/5.0 (compatible; bingbot/2.0; +http://www.bing.com/bingbot.htm)"
185.191.171.37 - - [16/Jul/2021:09:45:35 +0200] "GET /pink-pineapple-natural-leds-p-40173.html?action=add_product HTTP/1.0" 302 476 "-" "Mozilla/5.0 (compatible; SemrushBot/7~bl; +http://www.semrush.com/bot.html)"
207.46.13.127 - - [16/Jul/2021:09:45:37 +0200] "GET /-p-2889.html HTTP/1.0" 200 70195 "-" "Mozilla/5.0 (compatible; bingbot/2.0; +http://www.bing.com/bingbot.htm)"
207.46.13.51 - - [16/Jul/2021:09:45:41 +0200] "GET /-p-20170.html HTTP/1.0" 200 70197 "-" "Mozilla/5.0 (compatible; bingbot/2.0; +http://www.bing.com/bingbot.htm)"
185.191.171.41 - - [16/Jul/2021:09:45:45 +0200] "GET /fragrances-of-ambiance-c-231.html?page=26 HTTP/1.0" 301 93159 "-" "Mozilla/5.0 (compatible; SemrushBot/7~bl; +http://www.semrush.com/bot.html)"
207.46.13.65 - - [16/Jul/2021:09:45:46 +0200] "GET /catch-wave-lilo-stitch-15th-anniversary-figurine-p-53271.html HTTP/1.0" 200 74552 "-" "Mozilla/5.0 (compatible; bingbot/2.0; +http://www.bing.com/bingbot.htm)"
185.191.171.25 - - [16/Jul/2021:09:45:47 +0200] "GET /fragrances-ambiance-c-231.html?page=26 HTTP/1.0" 200 93067 "-" "Mozilla/5.0 (compatible; SemrushBot/7~bl; +http://www.semrush.com/bot.html)"
147.92.153.12 - - [16/Jul/2021:09:45:49 +0200] "GET /corkscrew-bottle-opener-sommelier-c-12_213.html HTTP/1.0" 200 90657 "-" "Mozilla/5.0 (compatible; Linespider/1.1; +https://lin.ee/4dwXkTH)"
207.46.13.51 - - [16/Jul/2021:09:45:59 +0200] "GET /playboy-glitter-cherry-berry-towel-p-18301.html HTTP/1.0" 301 70264 "-" "Mozilla/5.0 (compatible; bingbot/2.0; +http://www.bing.com/bingbot.htm)"
207.46.13.65 - - [16/Jul/2021:09:46:05 +0200] "GET /tiger-red-tee-shirt-p-31163.html HTTP/1.0" 301 74795 "-" "Mozilla/5.0 (compatible; bingbot/2.0; +http://www.bing.com/bingbot.htm)"
40.77.167.77 - - [16/Jul/2021:09:46:10 +0200] "GET /provencal-boutis-240-260-cm-with-pillowcases-color-saffron-p-48534.html HTTP/1.0" 301 73331 "-" "Mozilla/5.0 (compatible; bingbot/2.0; +http://www.bing.com/bingbot.htm)"
54.36.148.242 - - [16/Jul/2021:09:46:13 +0200] "GET /bracelet-aquamarine-p-48651.html HTTP/1.0" 200 73793 "-" "Mozilla/5.0 (compatible; AhrefsBot/7.0; +http://ahrefs.com/robot/)"
40.77.167.36 - - [16/Jul/2021:09:46:15 +0200] "GET /mickey-ceiling-light-glass-p-6798.html HTTP/1.0" 200 70289 "-" "Mozilla/5.0 (compatible; bingbot/2.0; +http://www.bing.com/bingbot.htm)"
157.55.39.121 - - [16/Jul/2021:09:46:44 +0200] "GET /love-etienne-boyer-white-woman-shirt-p-33851.html HTTP/1.0" 200 75198 "-" "Mozilla/5.0 (compatible; bingbot/2.0; +http://www.bing.com/bingbot.htm)"
114.119.145.117 - - [16/Jul/2021:09:46:54 +0200] "GET /plush-keeleco-eco-friendly-whale-p-51855.html HTTP/1.0" 301 70394 "-" "Mozilla/5.0 (Linux; Android 7.0;) AppleWebKit/537.36 (KHTML, like Gecko) Mobile Safari/537.36 (compatible; PetalBot;+https://webmaster.petalsearch.com/site/petalbot)"
114.119.145.117 - - [16/Jul/2021:09:46:55 +0200] "GET /plush-keeleco-friendly-whale-p-51855.html HTTP/1.0" 200 70299 "-" "Mozilla/5.0 (Linux; Android 7.0;) AppleWebKit/537.36 (KHTML, like Gecko) Mobile Safari/537.36 (compatible; PetalBot;+https://webmaster.petalsearch.com/site/petalbot)"
185.191.171.17 - - [16/Jul/2021:09:47:12 +0200] "GET /monkey-statuette-copper-color-resin-p-47995.html HTTP/1.0" 200 70363 "-" "Mozilla/5.0 (compatible; SemrushBot/7~bl; +http://www.semrush.com/bot.html)"
49.7.21.70 - - [16/Jul/2021:09:47:30 +0200] "GET /suitcase-lunch-lunch-c-64.html HTTP/1.0" 301 87473 "-" "Sogou web spider/4.0(+http://www.sogou.com/docs/help/webmasters.htm#07)"
185.191.171.4 - - [16/Jul/2021:09:47:47 +0200] "GET /metal-tray-p-45852.html?action=add_product HTTP/1.0" 302 476 "-" "Mozilla/5.0 (compatible; SemrushBot/7~bl; +http://www.semrush.com/bot.html)"
54.36.148.242 - - [16/Jul/2021:09:47:59 +0200] "GET /york-yankees-notebook-tablet-p-22600.html HTTP/1.0" 200 73352 "-" "Mozilla/5.0 (compatible; AhrefsBot/7.0; +http://ahrefs.com/robot/)"
40.77.167.77 - - [16/Jul/2021:09:48:17 +0200] "GET /-p-19006.html HTTP/1.0" 200 70197 "-" "Mozilla/5.0 (compatible; bingbot/2.0; +http://www.bing.com/bingbot.htm)"
114.119.147.45 - - [16/Jul/2021:09:48:48 +0200] "GET /bon-anniversaire-card-p-20029.html HTTP/1.0" 301 72966 "-" "Mozilla/5.0 (Linux; Android 7.0;) AppleWebKit/537.36 (KHTML, like Gecko) Mobile Safari/537.36 (compatible; PetalBot;+https://webmaster.petalsearch.com/site/petalbot)"
114.119.147.45 - - [16/Jul/2021:09:48:49 +0200] "GET /anniversaire-card-p-20029.html HTTP/1.0" 200 72882 "-" "Mozilla/5.0 (Linux; Android 7.0;) AppleWebKit/537.36 (KHTML, like Gecko) Mobile Safari/537.36 (compatible; PetalBot;+https://webmaster.petalsearch.com/site/petalbot)"
66.249.72.168 - - [16/Jul/2021:09:49:11 +0200] "GET /tibetan-treasure-hand-painted-flowers-p-54965.html HTTP/1.0" 200 74040 "-" "Mozilla/5.0 (compatible; Googlebot/2.1; +http://www.google.com/bot.html)"
51.68.224.127 - - [16/Jul/2021:09:49:34 +0200] "GET /adminweb/export_orders_xml.php?token=256de2z6edz6ed2z6DFSFsed2zed6zeDSFDSGdzedezfzf&maxorders=10&orderstart=1&status=14&start_date=2018-10-01 HTTP/1.0" 200 285 "-" "GesCom CharlotteBoutik Serveur"
51.68.224.127 - - [16/Jul/2021:09:49:34 +0200] "GET /adminweb/export_orders_xml.php?token=256de2z6edz6ed2z6DFSFsed2zed6zeDSFDSGdzedezfzf&maxorders=10&orderstart=1&status=6&start_date=2018-10-01 HTTP/1.0" 200 29786 "-" "GesCom CharlotteBoutik Serveur"
207.46.13.127 - - [16/Jul/2021:09:49:37 +0200] "GET /home-and-decoration-c-13.html HTTP/1.0" 301 91638 "-" "Mozilla/5.0 (compatible; bingbot/2.0; +http://www.bing.com/bingbot.htm)"
40.77.167.36 - - [16/Jul/2021:09:49:42 +0200] "GET /uk-carlin-by-cbkreation-keyring-p-30096.html HTTP/1.0" 301 73015 "-" "Mozilla/5.0 (compatible; bingbot/2.0; +http://www.bing.com/bingbot.htm)"
54.36.148.242 - - [16/Jul/2021:09:49:42 +0200] "GET /flees-eyelets-sheer-curtain-p-41796.html HTTP/1.0" 200 75040 "-" "Mozilla/5.0 (compatible; AhrefsBot/7.0; +http://ahrefs.com/robot/)"
66.249.72.166 - - [16/Jul/2021:09:49:46 +0200] "GET /images/mini_prod/50182424346216482.jpg HTTP/1.0" 200 273 "-" "Googlebot-Image/1.0"
40.77.167.36 - - [16/Jul/2021:09:49:51 +0200] "GET /chameleon-nightlight-p-53140.html HTTP/1.0" 200 70275 "-" "Mozilla/5.0 (compatible; bingbot/2.0; +http://www.bing.com/bingbot.htm)"
114.119.144.233 - - [16/Jul/2021:09:49:55 +0200] "GET /pucca-alarm-clock-p-22200.html HTTP/1.0" 200 73016 "-" "Mozilla/5.0 (Linux; Android 7.0;) AppleWebKit/537.36 (KHTML, like Gecko) Mobile Safari/537.36 (compatible; PetalBot;+https://webmaster.petalsearch.com/site/petalbot)"
157.55.39.127 - - [16/Jul/2021:09:50:05 +0200] "GET /-p-16694.html HTTP/1.0" 200 70197 "-" "Mozilla/5.0 (compatible; bingbot/2.0; +http://www.bing.com/bingbot.htm)"
207.46.13.65 - - [16/Jul/2021:09:50:15 +0200] "GET /bob-marley-zippo-lighter-p-29779.html HTTP/1.0" 301 73398 "-" "Mozilla/5.0 (compatible; bingbot/2.0; +http://www.bing.com/bingbot.htm)"
40.77.167.36 - - [16/Jul/2021:09:50:22 +0200] "GET /petit-prince-metal-tray-p-47148.html HTTP/1.0" 200 72922 "-" "Mozilla/5.0 (compatible; bingbot/2.0; +http://www.bing.com/bingbot.htm)"
40.77.167.36 - - [16/Jul/2021:09:50:23 +0200] "GET /clay-baby-footprints-p-30527.html HTTP/1.0" 301 70264 "-" "Mozilla/5.0 (compatible; bingbot/2.0; +http://www.bing.com/bingbot.htm)"
207.46.13.51 - - [16/Jul/2021:09:50:39 +0200] "GET /brasil-passeport-set-p-19070.html HTTP/1.0" 301 72976 "-" "Mozilla/5.0 (compatible; bingbot/2.0; +http://www.bing.com/bingbot.htm)"
66.249.72.170 - - [16/Jul/2021:09:50:46 +0200] "GET /frozen-musical-jewelry-box-p-33685.html HTTP/1.0" 301 70264 "-" "Mozilla/5.0 (Linux; Android 6.0.1; Nexus 5X Build/MMB29P) AppleWebKit/537.36 (KHTML, like Gecko) Chrome/91.0.4472.90 Mobile Safari/537.36 (compatible; Googlebot/2.1; +http://www.google.com/bot.html)"
66.249.72.168 - - [16/Jul/2021:09:50:47 +0200] "GET /-p-33685.html HTTP/1.0" 200 70197 "-" "Mozilla/5.0 (Linux; Android 6.0.1; Nexus 5X Build/MMB29P) AppleWebKit/537.36 (KHTML, like Gecko) Chrome/91.0.4472.90 Mobile Safari/537.36 (compatible; Googlebot/2.1; +http://www.google.com/bot.html)"
66.249.72.168 - - [16/Jul/2021:09:51:01 +0200] "GET /small-lion-nici-charm-phone-charm-p-33463.html HTTP/1.0" 200 70319 "-" "Mozilla/5.0 (Linux; Android 6.0.1; Nexus 5X Build/MMB29P) AppleWebKit/537.36 (KHTML, like Gecko) Chrome/91.0.4472.90 Mobile Safari/537.36 (compatible; Googlebot/2.1; +http://www.google.com/bot.html)"
35.243.248.148 - - [16/Jul/2021:09:51:13 +0200] "GET /butter-dish-c-12_222.html HTTP/1.0" 200 77393 "-" "ZoominfoBot (zoominfobot at zoominfo dot com)"
207.46.13.125 - - [16/Jul/2021:09:51:22 +0200] "GET /gorjuss-wiro-bound-notebook-pastel-print-toadstools-p-34751.html HTTP/1.0" 200 73659 "-" "Mozilla/5.0 (compatible; bingbot/2.0; +http://www.bing.com/bingbot.htm)"
54.36.148.242 - - [16/Jul/2021:09:51:24 +0200] "GET /russian-doll-kitchen-towel-p-38778.html HTTP/1.0" 200 72858 "-" "Mozilla/5.0 (compatible; AhrefsBot/7.0; +http://ahrefs.com/robot/)"
114.119.130.202 - - [16/Jul/2021:09:51:31 +0200] "GET /nici-jolly-lynn-sheep-plush-p-35183.html HTTP/1.0" 200 79786 "-" "Mozilla/5.0 (Linux; Android 7.0;) AppleWebKit/537.36 (KHTML, like Gecko) Mobile Safari/537.36 (compatible; PetalBot;+https://webmaster.petalsearch.com/site/petalbot)"
185.191.171.26 - - [16/Jul/2021:09:52:12 +0200] "GET /stitch-figure-collection-romero-britto-p-51468.html HTTP/1.0" 200 74490 "-" "Mozilla/5.0 (compatible; SemrushBot/7~bl; +http://www.semrush.com/bot.html)"
185.191.171.26 - - [16/Jul/2021:09:52:15 +0200] "GET /batman-black-shirt-p-29544.html?action=add_product HTTP/1.0" 302 476 "-" "Mozilla/5.0 (compatible; SemrushBot/7~bl; +http://www.semrush.com/bot.html)"
207.46.13.65 - - [16/Jul/2021:09:52:56 +0200] "GET /disney-princess-metal-box-p-26697.html HTTP/1.0" 301 73031 "-" "Mozilla/5.0 (compatible; bingbot/2.0; +http://www.bing.com/bingbot.htm)"
54.36.148.242 - - [16/Jul/2021:09:53:10 +0200] "GET /puebla-bedclothes-p-54967.html HTTP/1.0" 200 73507 "-" "Mozilla/5.0 (compatible; AhrefsBot/7.0; +http://ahrefs.com/robot/)"
207.46.13.125 - - [16/Jul/2021:09:53:21 +0200] "GET /american-dream-phone-cover-for-iphone-and-p-14166.html HTTP/1.0" 301 73656 "-" "Mozilla/5.0 (compatible; bingbot/2.0; +http://www.bing.com/bingbot.htm)"
114.119.154.200 - - [16/Jul/2021:09:53:22 +0200] "GET /exit-way-out-hand-wooden-frame-p-45701.html HTTP/1.0" 301 73061 "-" "Mozilla/5.0 (Linux; Android 7.0;) AppleWebKit/537.36 (KHTML, like Gecko) Mobile Safari/537.36 (compatible; PetalBot;+https://webmaster.petalsearch.com/site/petalbot)"
114.119.154.200 - - [16/Jul/2021:09:53:24 +0200] "GET /exit-hand-wooden-frame-p-45701.html HTTP/1.0" 200 72972 "-" "Mozilla/5.0 (Linux; Android 7.0;) AppleWebKit/537.36 (KHTML, like Gecko) Mobile Safari/537.36 (compatible; PetalBot;+https://webmaster.petalsearch.com/site/petalbot)"
185.191.171.34 - - [16/Jul/2021:09:53:27 +0200] "GET /african-woman-carrying-water-decoration-hand-head-p-52878.html HTTP/1.0" 200 73150 "-" "Mozilla/5.0 (compatible; SemrushBot/7~bl; +http://www.semrush.com/bot.html)"
207.46.13.65 - - [16/Jul/2021:09:54:24 +0200] "GET /swfobject.js HTTP/1.0" 404 1308 "-" "Mozilla/5.0 (compatible; bingbot/2.0; +http://www.bing.com/bingbot.htm)"
40.77.167.77 - - [16/Jul/2021:09:54:29 +0200] "GET /tour-eiffel-deco-thermometer-p-17023.html HTTP/1.0" 200 74617 "-" "Mozilla/5.0 (compatible; bingbot/2.0; +http://www.bing.com/bingbot.htm)"
207.46.13.51 - - [16/Jul/2021:09:54:43 +0200] "GET /crayola-mini-markers-washable-p-16590.html HTTP/1.0" 200 72959 "-" "Mozilla/5.0 (compatible; bingbot/2.0; +http://www.bing.com/bingbot.htm)"
54.36.148.242 - - [16/Jul/2021:09:54:50 +0200] "GET /bilbao-coated-tablecloth-yellow-p-51233.html HTTP/1.0" 200 72961 "-" "Mozilla/5.0 (compatible; AhrefsBot/7.0; +http://ahrefs.com/robot/)"
114.119.158.196 - - [16/Jul/2021:09:55:23 +0200] "GET /kori-kumi-ballpoint-black-p-30495.html HTTP/1.0" 200 72948 "-" "Mozilla/5.0 (Linux; Android 7.0;) AppleWebKit/537.36 (KHTML, like Gecko) Mobile Safari/537.36 (compatible; PetalBot;+https://webmaster.petalsearch.com/site/petalbot)"
207.46.13.125 - - [16/Jul/2021:09:55:43 +0200] "GET /frozen-musical-jewelry-box-p-33685.html HTTP/1.0" 301 70264 "-" "Mozilla/5.0 (compatible; bingbot/2.0; +http://www.bing.com/bingbot.htm)"
40.77.167.36 - - [16/Jul/2021:09:56:01 +0200] "GET /happy-hour-free-beer-wall-bottle-opener-p-36857.html HTTP/1.0" 200 72994 "-" "Mozilla/5.0 (compatible; bingbot/2.0; +http://www.bing.com/bingbot.htm)"
54.36.148.242 - - [16/Jul/2021:09:56:31 +0200] "GET /horses-stickers-p-19589.html HTTP/1.0" 200 72549 "-" "Mozilla/5.0 (compatible; AhrefsBot/7.0; +http://ahrefs.com/robot/)"
207.46.13.65 - - [16/Jul/2021:09:56:36 +0200] "GET /harley-davidson-genuine-deco-thermometer-p-15205.html HTTP/1.0" 200 73001 "-" "Mozilla/5.0 (compatible; bingbot/2.0; +http://www.bing.com/bingbot.htm)"
185.191.171.43 - - [16/Jul/2021:09:56:42 +0200] "GET /candle-hours-strawberry-cream-p-38109.html?action=add_product HTTP/1.0" 302 476 "-" "Mozilla/5.0 (compatible; SemrushBot/7~bl; +http://www.semrush.com/bot.html)"
207.46.13.51 - - [16/Jul/2021:09:56:49 +0200] "GET /betty-boop-ashtray-p-27180.html HTTP/1.0" 200 74057 "-" "Mozilla/5.0 (compatible; bingbot/2.0; +http://www.bing.com/bingbot.htm)"
207.46.13.125 - - [16/Jul/2021:09:56:53 +0200] "GET /-m-79.html HTTP/1.0" 200 91565 "-" "Mozilla/5.0 (compatible; bingbot/2.0; +http://www.bing.com/bingbot.htm)"
40.77.167.77 - - [16/Jul/2021:09:56:59 +0200] "GET /beatles-back-ussr-large-coin-purse-p-8092.html HTTP/1.0" 200 73121 "-" "Mozilla/5.0 (compatible; bingbot/2.0; +http://www.bing.com/bingbot.htm)"
40.77.167.77 - - [16/Jul/2021:09:57:01 +0200] "GET /horse-portrait-canvas-frame-p-31842.html HTTP/1.0" 200 72948 "-" "Mozilla/5.0 (compatible; bingbot/2.0; +http://www.bing.com/bingbot.htm)"
114.119.144.233 - - [16/Jul/2021:09:57:02 +0200] "GET /vintage-pvc-clock-p-40518.html HTTP/1.0" 301 70345 "-" "Mozilla/5.0 (Linux; Android 7.0;) AppleWebKit/537.36 (KHTML, like Gecko) Mobile Safari/537.36 (compatible; PetalBot;+https://webmaster.petalsearch.com/site/petalbot)"
185.191.171.36 - - [16/Jul/2021:09:57:03 +0200] "GET /wall-decoration-wood-c-13_274.html?page=6 HTTP/1.0" 200 94309 "-" "Mozilla/5.0 (compatible; SemrushBot/7~bl; +http://www.semrush.com/bot.html)"
114.119.144.233 - - [16/Jul/2021:09:57:03 +0200] "GET /vintage-clock-p-40518.html HTTP/1.0" 200 70265 "-" "Mozilla/5.0 (Linux; Android 7.0;) AppleWebKit/537.36 (KHTML, like Gecko) Mobile Safari/537.36 (compatible; PetalBot;+https://webmaster.petalsearch.com/site/petalbot)"
40.77.167.36 - - [16/Jul/2021:09:57:42 +0200] "GET /crayola-chalk-duster-p-16607.html HTTP/1.0" 200 70279 "-" "Mozilla/5.0 (compatible; bingbot/2.0; +http://www.bing.com/bingbot.htm)"
40.77.167.77 - - [16/Jul/2021:09:57:58 +0200] "GET /rectangular-burlap-placemat-corsica-p-50942.html HTTP/1.0" 200 72899 "-" "Mozilla/5.0 (compatible; bingbot/2.0; +http://www.bing.com/bingbot.htm)"
54.36.148.242 - - [16/Jul/2021:09:58:16 +0200] "GET /tweety-pirate-figurine-p-35360.html HTTP/1.0" 200 72835 "-" "Mozilla/5.0 (compatible; AhrefsBot/7.0; +http://ahrefs.com/robot/)"
40.77.167.36 - - [16/Jul/2021:09:58:31 +0200] "GET /charmmy-kitty-large-cosmetic-bag-p-26752.html HTTP/1.0" 301 73207 "-" "Mozilla/5.0 (compatible; bingbot/2.0; +http://www.bing.com/bingbot.htm)"
185.191.171.25 - - [16/Jul/2021:09:58:44 +0200] "GET /retro-sugar-bowl-with-metal-spout-p-45509.html HTTP/1.0" 200 70319 "-" "Mozilla/5.0 (compatible; SemrushBot/7~bl; +http://www.semrush.com/bot.html)"
207.46.13.142 - - [16/Jul/2021:09:58:47 +0200] "GET /-p-31252.html HTTP/1.0" 200 70197 "-" "Mozilla/5.0 (compatible; bingbot/2.0; +http://www.bing.com/bingbot.htm)"
114.119.132.105 - - [16/Jul/2021:09:58:52 +0200] "GET /array-m-451.html?page=4 HTTP/1.0" 200 91963 "-" "Mozilla/5.0 (Linux; Android 7.0;) AppleWebKit/537.36 (KHTML, like Gecko) Mobile Safari/537.36 (compatible; PetalBot;+https://webmaster.petalsearch.com/site/petalbot)"
185.191.171.3 - - [16/Jul/2021:09:58:59 +0200] "GET /collectible-figurines-and-decorative-c-13_135.html?page=12 HTTP/1.0" 301 97179 "-" "Mozilla/5.0 (compatible; SemrushBot/7~bl; +http://www.semrush.com/bot.html)"
185.191.171.25 - - [16/Jul/2021:09:59:02 +0200] "GET /collectible-figurines-decorative-c-135.html?page=12 HTTP/1.0" 301 97056 "-" "Mozilla/5.0 (compatible; SemrushBot/7~bl; +http://www.semrush.com/bot.html)"
185.191.171.17 - - [16/Jul/2021:09:59:04 +0200] "GET /collectible-figurines-decorative-c-13_135.html?page=12 HTTP/1.0" 200 97074 "-" "Mozilla/5.0 (compatible; SemrushBot/7~bl; +http://www.semrush.com/bot.html)"
66.249.72.166 - - [16/Jul/2021:09:59:56 +0200] "GET /home-and-decoration/furnishings/cars-wood-toybox-p-27479.html HTTP/1.0" 301 70264 "-" "Mozilla/5.0 (compatible; Googlebot/2.1; +http://www.google.com/bot.html)"
66.249.72.166 - - [16/Jul/2021:09:59:57 +0200] "GET /-p-27479.html HTTP/1.0" 200 70197 "-" "Mozilla/5.0 (compatible; Googlebot/2.1; +http://www.google.com/bot.html)"
54.36.148.242 - - [16/Jul/2021:09:59:58 +0200] "GET /cats-dubout-sugar-p-26839.html HTTP/1.0" 200 72966 "-" "Mozilla/5.0 (compatible; AhrefsBot/7.0; +http://ahrefs.com/robot/)"
114.119.154.200 - - [16/Jul/2021:10:00:27 +0200] "GET /yogi-yogini-yogamat-pink-p-49035.html HTTP/1.0" 200 70287 "-" "Mozilla/5.0 (Linux; Android 7.0;) AppleWebKit/537.36 (KHTML, like Gecko) Mobile Safari/537.36 (compatible; PetalBot;+https://webmaster.petalsearch.com/site/petalbot)"
207.46.13.51 - - [16/Jul/2021:10:00:29 +0200] "GET /arabica-oven-mitt-p-52682.html HTTP/1.0" 200 72835 "-" "Mozilla/5.0 (compatible; bingbot/2.0; +http://www.bing.com/bingbot.htm)"
185.191.171.43 - - [16/Jul/2021:10:00:44 +0200] "GET /russian-dolls-iphone-phone-metal-cover-by-cbkreation-p-18756.html HTTP/1.0" 301 70570 "-" "Mozilla/5.0 (compatible; SemrushBot/7~bl; +http://www.semrush.com/bot.html)"
185.191.171.12 - - [16/Jul/2021:10:00:47 +0200] "GET /russian-dolls-iphone-phone-metal-cover-cbkreation-p-18756.html HTTP/1.0" 200 70454 "-" "Mozilla/5.0 (compatible; SemrushBot/7~bl; +http://www.semrush.com/bot.html)"
185.191.171.23 - - [16/Jul/2021:10:01:06 +0200] "GET /robots.txt HTTP/1.0" 200 245 "-" "Mozilla/5.0 (compatible; SemrushBot/7~bl; +http://www.semrush.com/bot.html)"
185.191.171.44 - - [16/Jul/2021:10:01:06 +0200] "GET /bookmark-lenticular-owl-p-19156.html HTTP/1.0" 301 73074 "-" "Mozilla/5.0 (compatible; SemrushBot/7~bl; +http://www.semrush.com/bot.html)"
185.191.171.20 - - [16/Jul/2021:10:01:09 +0200] "GET /bookmark-lenticular-p-19156.html HTTP/1.0" 200 72988 "-" "Mozilla/5.0 (compatible; SemrushBot/7~bl; +http://www.semrush.com/bot.html)"
54.36.148.242 - - [16/Jul/2021:10:01:43 +0200] "GET /retro-sugar-bowl-chats-dubout-p-43603.html HTTP/1.0" 200 72988 "-" "Mozilla/5.0 (compatible; AhrefsBot/7.0; +http://ahrefs.com/robot/)"
40.77.167.36 - - [16/Jul/2021:10:01:53 +0200] "GET /small-postcard-plate-with-envelope-p-40127.html HTTP/1.0" 200 73074 "-" "Mozilla/5.0 (compatible; bingbot/2.0; +http://www.bing.com/bingbot.htm)"
114.119.145.117 - - [16/Jul/2021:10:02:11 +0200] "GET /rectangular-clock-entre-potes-p-55516.html HTTP/1.0" 200 73642 "-" "Mozilla/5.0 (Linux; Android 7.0;) AppleWebKit/537.36 (KHTML, like Gecko) Mobile Safari/537.36 (compatible; PetalBot;+https://webmaster.petalsearch.com/site/petalbot)"
113.31.117.221 - - [16/Jul/2021:10:02:19 +0200] "GET /images/big_prod/8422001010109.jpg HTTP/1.0" 200 268 "-" "Mozilla/5.0 (Macintosh; Intel Mac OS X 10_12_6) AppleWebKit/537.36 (KHTML, like Gecko) Chrome/59.0.3071.115 Safari/537.36"
40.77.167.77 - - [16/Jul/2021:10:02:28 +0200] "GET /lion-white-tee-shirt-p-31152.html HTTP/1.0" 301 74850 "-" "Mozilla/5.0 (compatible; bingbot/2.0; +http://www.bing.com/bingbot.htm)"
207.46.13.51 - - [16/Jul/2021:10:02:32 +0200] "GET /marseille-metal-tray-p-47149.html HTTP/1.0" 200 72907 "-" "Mozilla/5.0 (compatible; bingbot/2.0; +http://www.bing.com/bingbot.htm)"
40.77.167.36 - - [16/Jul/2021:10:02:33 +0200] "GET /-p-15798.html HTTP/1.0" 200 70197 "-" "Mozilla/5.0 (compatible; bingbot/2.0; +http://www.bing.com/bingbot.htm)"
185.191.171.37 - - [16/Jul/2021:10:02:38 +0200] "GET /-p-19748.html?action=add_product HTTP/1.0" 302 476 "-" "Mozilla/5.0 (compatible; SemrushBot/7~bl; +http://www.semrush.com/bot.html)"
35.243.248.148 - - [16/Jul/2021:10:02:42 +0200] "GET /cake-molds-cube-molds-c-12_246.html HTTP/1.0" 200 85162 "-" "ZoominfoBot (zoominfobot at zoominfo dot com)"
207.46.13.65 - - [16/Jul/2021:10:02:47 +0200] "GET /book-lamp-in-real-wood-led-colors-size-p-52971.html HTTP/1.0" 301 74268 "-" "Mozilla/5.0 (compatible; bingbot/2.0; +http://www.bing.com/bingbot.htm)"
207.46.13.125 - - [16/Jul/2021:10:03:03 +0200] "GET /-p-10475.html HTTP/1.0" 200 70197 "-" "Mozilla/5.0 (compatible; bingbot/2.0; +http://www.bing.com/bingbot.htm)"
114.119.144.233 - - [16/Jul/2021:10:03:19 +0200] "GET /resin-statue-little-shaolin-monk-blue-p-52900.html HTTP/1.0" 200 72989 "-" "Mozilla/5.0 (Linux; Android 7.0;) AppleWebKit/537.36 (KHTML, like Gecko) Mobile Safari/537.36 (compatible; PetalBot;+https://webmaster.petalsearch.com/site/petalbot)"
54.36.148.242 - - [16/Jul/2021:10:03:26 +0200] "GET /sorcery-serenity-aurora-maleficent-figurine-p-53990.html HTTP/1.0" 200 74814 "-" "Mozilla/5.0 (compatible; AhrefsBot/7.0; +http://ahrefs.com/robot/)"
95.216.96.243 - - [16/Jul/2021:10:04:05 +0200] "GET /jewelry-boxes-holders-c-13_150_131.html HTTP/1.0" 200 90726 "http://www.wonder-geek.com/" "Mozilla/5.0 (compatible; SEOkicks; +https://www.seokicks.de/robot.html)"
207.46.13.65 - - [16/Jul/2021:10:04:07 +0200] "GET /socks-adults-c-53_137.html HTTP/1.0" 200 69261 "-" "Mozilla/5.0 (compatible; bingbot/2.0; +http://www.bing.com/bingbot.htm)"
95.216.96.243 - - [16/Jul/2021:10:04:08 +0200] "GET /holders-c-13_150_201.html HTTP/1.0" 200 85608 "http://www.wonder-geek.com/" "Mozilla/5.0 (compatible; SEOkicks; +https://www.seokicks.de/robot.html)"
95.216.96.243 - - [16/Jul/2021:10:04:12 +0200] "GET /metal-boxes-storage-c-13_150_218.html HTTP/1.0" 200 90111 "http://www.wonder-geek.com/" "Mozilla/5.0 (compatible; SEOkicks; +https://www.seokicks.de/robot.html)"
85.201.66.130 - - [16/Jul/2021:10:04:15 +0200] "GET /little-prince-green-jewelry-p-53235.html HTTP/1.0" 200 73923 "https://www.google.com/" "Mozilla/5.0 (Linux; Android 10; MAR-LX1A) AppleWebKit/537.36 (KHTML, like Gecko) Chrome/91.0.4472.120 Mobile Safari/537.36"
85.201.66.130 - - [16/Jul/2021:10:04:16 +0200] "GET /templates/Pixame_v1/stylesheet.css HTTP/1.0" 200 267 "http://www.wonder-geek.com/little-prince-green-jewelry-p-53235.html" "Mozilla/5.0 (Linux; Android 10; MAR-LX1A) AppleWebKit/537.36 (KHTML, like Gecko) Chrome/91.0.4472.120 Mobile Safari/537.36"
85.201.66.130 - - [16/Jul/2021:10:04:16 +0200] "GET /highslide/highslide.js HTTP/1.0" 200 262 "http://www.wonder-geek.com/little-prince-green-jewelry-p-53235.html" "Mozilla/5.0 (Linux; Android 10; MAR-LX1A) AppleWebKit/537.36 (KHTML, like Gecko) Chrome/91.0.4472.120 Mobile Safari/537.36"
85.201.66.130 - - [16/Jul/2021:10:04:16 +0200] "GET /js/jquery.js HTTP/1.0" 200 252 "http://www.wonder-geek.com/little-prince-green-jewelry-p-53235.html" "Mozilla/5.0 (Linux; Android 10; MAR-LX1A) AppleWebKit/537.36 (KHTML, like Gecko) Chrome/91.0.4472.120 Mobile Safari/537.36"
85.201.66.130 - - [16/Jul/2021:10:04:16 +0200] "GET /js/jquery.jqzoom.js HTTP/1.0" 200 259 "http://www.wonder-geek.com/little-prince-green-jewelry-p-53235.html" "Mozilla/5.0 (Linux; Android 10; MAR-LX1A) AppleWebKit/537.36 (KHTML, like Gecko) Chrome/91.0.4472.120 Mobile Safari/537.36"
85.201.66.130 - - [16/Jul/2021:10:04:16 +0200] "GET /mondial_relay/js/jquery-1.3.2.min.js HTTP/1.0" 200 276 "http://www.wonder-geek.com/little-prince-green-jewelry-p-53235.html" "Mozilla/5.0 (Linux; Android 10; MAR-LX1A) AppleWebKit/537.36 (KHTML, like Gecko) Chrome/91.0.4472.120 Mobile Safari/537.36"
85.201.66.130 - - [16/Jul/2021:10:04:16 +0200] "GET /swfobject.js HTTP/1.0" 404 1308 "http://www.wonder-geek.com/little-prince-green-jewelry-p-53235.html" "Mozilla/5.0 (Linux; Android 10; MAR-LX1A) AppleWebKit/537.36 (KHTML, like Gecko) Chrome/91.0.4472.120 Mobile Safari/537.36"
85.201.66.130 - - [16/Jul/2021:10:04:16 +0200] "GET /templates/Pixame_v1/images/icon_accueil2.png HTTP/1.0" 200 278 "http://www.wonder-geek.com/little-prince-green-jewelry-p-53235.html" "Mozilla/5.0 (Linux; Android 10; MAR-LX1A) AppleWebKit/537.36 (KHTML, like Gecko) Chrome/91.0.4472.120 Mobile Safari/537.36"
85.201.66.130 - - [16/Jul/2021:10:04:16 +0200] "GET /templates/Pixame_v1/images/infobox/pixel_trans.gif HTTP/1.0" 200 328 "http://www.wonder-geek.com/little-prince-green-jewelry-p-53235.html" "Mozilla/5.0 (Linux; Android 10; MAR-LX1A) AppleWebKit/537.36 (KHTML, like Gecko) Chrome/91.0.4472.120 Mobile Safari/537.36"
85.201.66.130 - - [16/Jul/2021:10:04:16 +0200] "GET /images/pixel_trans.gif HTTP/1.0" 200 328 "http://www.wonder-geek.com/little-prince-green-jewelry-p-53235.html" "Mozilla/5.0 (Linux; Android 10; MAR-LX1A) AppleWebKit/537.36 (KHTML, like Gecko) Chrome/91.0.4472.120 Mobile Safari/537.36"
85.201.66.130 - - [16/Jul/2021:10:04:16 +0200] "GET /templates/Pixame_v1/images/pixel_trans.gif HTTP/1.0" 200 328 "http://www.wonder-geek.com/little-prince-green-jewelry-p-53235.html" "Mozilla/5.0 (Linux; Android 10; MAR-LX1A) AppleWebKit/537.36 (KHTML, like Gecko) Chrome/91.0.4472.120 Mobile Safari/537.36"
85.201.66.130 - - [16/Jul/2021:10:04:16 +0200] "GET /images/big_prod_1/3457019601334.jpg HTTP/1.0" 200 270 "http://www.wonder-geek.com/little-prince-green-jewelry-p-53235.html" "Mozilla/5.0 (Linux; Android 10; MAR-LX1A) AppleWebKit/537.36 (KHTML, like Gecko) Chrome/91.0.4472.120 Mobile Safari/537.36"
85.201.66.130 - - [16/Jul/2021:10:04:16 +0200] "GET /images/big_prod/3457019601334a.jpg HTTP/1.0" 200 269 "http://www.wonder-geek.com/little-prince-green-jewelry-p-53235.html" "Mozilla/5.0 (Linux; Android 10; MAR-LX1A) AppleWebKit/537.36 (KHTML, like Gecko) Chrome/91.0.4472.120 Mobile Safari/537.36"
85.201.66.130 - - [16/Jul/2021:10:04:16 +0200] "GET /templates/Pixame_v1/images/Bottom_texture.jpg HTTP/1.0" 200 280 "http://www.wonder-geek.com/templates/Pixame_v1/stylesheet.css" "Mozilla/5.0 (Linux; Android 10; MAR-LX1A) AppleWebKit/537.36 (KHTML, like Gecko) Chrome/91.0.4472.120 Mobile Safari/537.36"
85.201.66.130 - - [16/Jul/2021:10:04:16 +0200] "GET /templates/Pixame_v1/images/buttons/english/button_in_cart.gif HTTP/1.0" 200 295 "http://www.wonder-geek.com/little-prince-green-jewelry-p-53235.html" "Mozilla/5.0 (Linux; Android 10; MAR-LX1A) AppleWebKit/537.36 (KHTML, like Gecko) Chrome/91.0.4472.120 Mobile Safari/537.36"
85.201.66.130 - - [16/Jul/2021:10:04:16 +0200] "GET /templates/Pixame_v1/images/Middle_texture.jpg HTTP/1.0" 200 280 "http://www.wonder-geek.com/templates/Pixame_v1/stylesheet.css" "Mozilla/5.0 (Linux; Android 10; MAR-LX1A) AppleWebKit/537.36 (KHTML, like Gecko) Chrome/91.0.4472.120 Mobile Safari/537.36"
85.201.66.130 - - [16/Jul/2021:10:04:16 +0200] "GET /templates/Pixame_v1/images/nav.png HTTP/1.0" 200 268 "http://www.wonder-geek.com/templates/Pixame_v1/stylesheet.css" "Mozilla/5.0 (Linux; Android 10; MAR-LX1A) AppleWebKit/537.36 (KHTML, like Gecko) Chrome/91.0.4472.120 Mobile Safari/537.36"
85.201.66.130 - - [16/Jul/2021:10:04:16 +0200] "GET /swfobject.js HTTP/1.0" 404 1308 "http://www.wonder-geek.com/little-prince-green-jewelry-p-53235.html" "Mozilla/5.0 (Linux; Android 10; MAR-LX1A) AppleWebKit/537.36 (KHTML, like Gecko) Chrome/91.0.4472.120 Mobile Safari/537.36"
85.201.66.130 - - [16/Jul/2021:10:04:16 +0200] "GET /templates/Pixame_v1/images/header.png HTTP/1.0" 200 271 "http://www.wonder-geek.com/templates/Pixame_v1/stylesheet.css" "Mozilla/5.0 (Linux; Android 10; MAR-LX1A) AppleWebKit/537.36 (KHTML, like Gecko) Chrome/91.0.4472.120 Mobile Safari/537.36"
85.201.66.130 - - [16/Jul/2021:10:04:16 +0200] "GET /templates/Pixame_v1/images/header-object.png HTTP/1.0" 200 278 "http://www.wonder-geek.com/templates/Pixame_v1/stylesheet.css" "Mozilla/5.0 (Linux; Android 10; MAR-LX1A) AppleWebKit/537.36 (KHTML, like Gecko) Chrome/91.0.4472.120 Mobile Safari/537.36"
85.201.66.130 - - [16/Jul/2021:10:04:16 +0200] "GET /design/productsenstock.png HTTP/1.0" 200 260 "http://www.wonder-geek.com/templates/Pixame_v1/stylesheet.css" "Mozilla/5.0 (Linux; Android 10; MAR-LX1A) AppleWebKit/537.36 (KHTML, like Gecko) Chrome/91.0.4472.120 Mobile Safari/537.36"
85.201.66.130 - - [16/Jul/2021:10:04:16 +0200] "GET /templates/Pixame_v1/images/infobox/infobox_footer_middle.gif HTTP/1.0" 200 357 "http://www.wonder-geek.com/little-prince-green-jewelry-p-53235.html" "Mozilla/5.0 (Linux; Android 10; MAR-LX1A) AppleWebKit/537.36 (KHTML, like Gecko) Chrome/91.0.4472.120 Mobile Safari/537.36"
85.201.66.130 - - [16/Jul/2021:10:04:16 +0200] "GET /highslide/graphics/zoomin.cur HTTP/1.0" 200 614 "http://www.wonder-geek.com/templates/Pixame_v1/stylesheet.css" "Mozilla/5.0 (Linux; Android 10; MAR-LX1A) AppleWebKit/537.36 (KHTML, like Gecko) Chrome/91.0.4472.120 Mobile Safari/537.36"
85.201.66.130 - - [16/Jul/2021:10:04:16 +0200] "GET /highslide/graphics/outlines/drop-shadow.png HTTP/1.0" 200 277 "http://www.wonder-geek.com/little-prince-green-jewelry-p-53235.html" "Mozilla/5.0 (Linux; Android 10; MAR-LX1A) AppleWebKit/537.36 (KHTML, like Gecko) Chrome/91.0.4472.120 Mobile Safari/537.36"
85.201.66.130 - - [16/Jul/2021:10:04:16 +0200] "GET /highslide/graphics/loader.white.gif HTTP/1.0" 200 960 "http://www.wonder-geek.com/templates/Pixame_v1/stylesheet.css" "Mozilla/5.0 (Linux; Android 10; MAR-LX1A) AppleWebKit/537.36 (KHTML, like Gecko) Chrome/91.0.4472.120 Mobile Safari/537.36"
85.201.66.130 - - [16/Jul/2021:10:04:16 +0200] "GET /highslide/graphics/zoomout.cur HTTP/1.0" 200 614 "http://www.wonder-geek.com/little-prince-green-jewelry-p-53235.html" "Mozilla/5.0 (Linux; Android 10; MAR-LX1A) AppleWebKit/537.36 (KHTML, like Gecko) Chrome/91.0.4472.120 Mobile Safari/537.36"
85.201.66.130 - - [16/Jul/2021:10:04:16 +0200] "GET /favicon.ico HTTP/1.0" 200 260 "http://www.wonder-geek.com/little-prince-green-jewelry-p-53235.html" "Mozilla/5.0 (Linux; Android 10; MAR-LX1A) AppleWebKit/537.36 (KHTML, like Gecko) Chrome/91.0.4472.120 Mobile Safari/537.36"
95.216.96.243 - - [16/Jul/2021:10:04:18 +0200] "GET /musical-c-13_150_149.html HTTP/1.0" 200 90666 "http://www.wonder-geek.com/" "Mozilla/5.0 (compatible; SEOkicks; +https://www.seokicks.de/robot.html)"
95.216.96.243 - - [16/Jul/2021:10:04:20 +0200] "GET /plastic-boxes-storage-c-13_150_217.html HTTP/1.0" 200 75947 "http://www.wonder-geek.com/" "Mozilla/5.0 (compatible; SEOkicks; +https://www.seokicks.de/robot.html)"
95.216.96.243 - - [16/Jul/2021:10:04:24 +0200] "GET /resin-stone-boxes-storage-c-13_150_84.html HTTP/1.0" 200 83983 "http://www.wonder-geek.com/" "Mozilla/5.0 (compatible; SEOkicks; +https://www.seokicks.de/robot.html)"
95.216.96.243 - - [16/Jul/2021:10:04:26 +0200] "GET /small-boxes-pill-c-13_150_154.html HTTP/1.0" 200 90413 "http://www.wonder-geek.com/" "Mozilla/5.0 (compatible; SEOkicks; +https://www.seokicks.de/robot.html)"
95.216.96.243 - - [16/Jul/2021:10:04:31 +0200] "GET /soap-c-13_150_171.html HTTP/1.0" 200 90266 "http://www.wonder-geek.com/" "Mozilla/5.0 (compatible; SEOkicks; +https://www.seokicks.de/robot.html)"
95.216.96.243 - - [16/Jul/2021:10:04:34 +0200] "GET /sugar-c-13_150_152.html HTTP/1.0" 200 86915 "http://www.wonder-geek.com/" "Mozilla/5.0 (compatible; SEOkicks; +https://www.seokicks.de/robot.html)"
95.216.96.243 - - [16/Jul/2021:10:04:36 +0200] "GET /toothbox-c-13_150_170.html HTTP/1.0" 200 90511 "http://www.wonder-geek.com/" "Mozilla/5.0 (compatible; SEOkicks; +https://www.seokicks.de/robot.html)"
114.119.145.117 - - [16/Jul/2021:10:04:51 +0200] "GET /yellow-peace-and-love-paper-towel-dispenser-p-17438.html HTTP/1.0" 301 73051 "-" "Mozilla/5.0 (Linux; Android 7.0;) AppleWebKit/537.36 (KHTML, like Gecko) Mobile Safari/537.36 (compatible; PetalBot;+https://webmaster.petalsearch.com/site/petalbot)"
114.119.145.117 - - [16/Jul/2021:10:04:52 +0200] "GET /yellow-peace-love-paper-towel-dispenser-p-17438.html HTTP/1.0" 200 72945 "-" "Mozilla/5.0 (Linux; Android 7.0;) AppleWebKit/537.36 (KHTML, like Gecko) Mobile Safari/537.36 (compatible; PetalBot;+https://webmaster.petalsearch.com/site/petalbot)"
54.36.148.242 - - [16/Jul/2021:10:05:05 +0200] "GET /another-beer-metal-plate-deco-p-36124.html HTTP/1.0" 200 72882 "-" "Mozilla/5.0 (compatible; AhrefsBot/7.0; +http://ahrefs.com/robot/)"
185.191.171.5 - - [16/Jul/2021:10:05:09 +0200] "GET /wicker-basket-p-48602.html HTTP/1.0" 200 72803 "-" "Mozilla/5.0 (compatible; SemrushBot/7~bl; +http://www.semrush.com/bot.html)"
185.191.171.39 - - [16/Jul/2021:10:05:21 +0200] "GET /empty-tray-pocket-tree-life-pattern-carved-wood-p-53773.html?action=add_product HTTP/1.0" 302 476 "-" "Mozilla/5.0 (compatible; SemrushBot/7~bl; +http://www.semrush.com/bot.html)"
51.68.224.127 - - [16/Jul/2021:10:05:46 +0200] "GET /adminweb/export_orders_xml.php?token=256de2z6edz6ed2z6DFSFsed2zed6zeDSFDSGdzedezfzf&maxorders=10&orderstart=1&status=14&start_date=2018-10-01 HTTP/1.0" 200 285 "-" "GesCom CharlotteBoutik Serveur"
51.68.224.127 - - [16/Jul/2021:10:05:46 +0200] "GET /adminweb/export_orders_xml.php?token=256de2z6edz6ed2z6DFSFsed2zed6zeDSFDSGdzedezfzf&maxorders=10&orderstart=1&status=6&start_date=2018-10-01 HTTP/1.0" 200 29786 "-" "GesCom CharlotteBoutik Serveur"
207.46.13.125 - - [16/Jul/2021:10:06:03 +0200] "GET /-p-46839.html HTTP/1.0" 200 70197 "-" "Mozilla/5.0 (compatible; bingbot/2.0; +http://www.bing.com/bingbot.htm)"
35.243.248.148 - - [16/Jul/2021:10:06:12 +0200] "GET /glasses-drinking-c-12_62.html HTTP/1.0" 200 90561 "-" "ZoominfoBot (zoominfobot at zoominfo dot com)"
114.119.147.45 - - [16/Jul/2021:10:06:29 +0200] "GET /de-vinci-la-joconde-city-bag-made-in-france-p-47429.html HTTP/1.0" 301 73314 "-" "Mozilla/5.0 (Linux; Android 7.0;) AppleWebKit/537.36 (KHTML, like Gecko) Mobile Safari/537.36 (compatible; PetalBot;+https://webmaster.petalsearch.com/site/petalbot)"
114.119.147.45 - - [16/Jul/2021:10:06:31 +0200] "GET /vinci-joconde-city-made-france-p-47429.html HTTP/1.0" 200 73217 "-" "Mozilla/5.0 (Linux; Android 7.0;) AppleWebKit/537.36 (KHTML, like Gecko) Mobile Safari/537.36 (compatible; PetalBot;+https://webmaster.petalsearch.com/site/petalbot)"
54.36.148.242 - - [16/Jul/2021:10:06:43 +0200] "GET /votive-candle-cashmere-p-46018.html HTTP/1.0" 200 73432 "-" "Mozilla/5.0 (compatible; AhrefsBot/7.0; +http://ahrefs.com/robot/)"
207.46.13.65 - - [16/Jul/2021:10:06:55 +0200] "GET /swfobject.js HTTP/1.0" 404 1308 "-" "Mozilla/5.0 (compatible; bingbot/2.0; +http://www.bing.com/bingbot.htm)"
157.55.39.127 - - [16/Jul/2021:10:06:59 +0200] "GET /fuel-pump-metal-clock-72-cm-p-35682.html HTTP/1.0" 301 70399 "-" "Mozilla/5.0 (compatible; bingbot/2.0; +http://www.bing.com/bingbot.htm)"
207.46.13.127 - - [16/Jul/2021:10:06:59 +0200] "GET /-p-30670.html HTTP/1.0" 200 70197 "-" "Mozilla/5.0 (compatible; bingbot/2.0; +http://www.bing.com/bingbot.htm)"
40.77.167.36 - - [16/Jul/2021:10:07:04 +0200] "GET /zebral-ground-sheet-p-39033.html HTTP/1.0" 200 73815 "-" "Mozilla/5.0 (compatible; bingbot/2.0; +http://www.bing.com/bingbot.htm)"
40.77.167.77 - - [16/Jul/2021:10:07:04 +0200] "GET /alarms-clocks-c-13_65.html?page=3 HTTP/1.0" 200 91417 "-" "Mozilla/5.0 (compatible; bingbot/2.0; +http://www.bing.com/bingbot.htm)"
40.77.167.77 - - [16/Jul/2021:10:07:07 +0200] "GET /pokemon-shirt-p-31060.html HTTP/1.0" 200 74513 "-" "Mozilla/5.0 (compatible; bingbot/2.0; +http://www.bing.com/bingbot.htm)"
207.46.13.142 - - [16/Jul/2021:10:07:49 +0200] "GET /set-retro-cups-espresso-p-39500.html HTTP/1.0" 301 70361 "-" "Mozilla/5.0 (compatible; bingbot/2.0; +http://www.bing.com/bingbot.htm)"
35.243.248.148 - - [16/Jul/2021:10:08:02 +0200] "GET /bowls-c-12_255.html HTTP/1.0" 200 78307 "-" "ZoominfoBot (zoominfobot at zoominfo dot com)"
114.119.144.233 - - [16/Jul/2021:10:08:12 +0200] "GET /miss-mindy-stitch-vinyl-figurine-p-50656.html HTTP/1.0" 200 74288 "-" "Mozilla/5.0 (Linux; Android 7.0;) AppleWebKit/537.36 (KHTML, like Gecko) Mobile Safari/537.36 (compatible; PetalBot;+https://webmaster.petalsearch.com/site/petalbot)"
54.36.148.242 - - [16/Jul/2021:10:08:25 +0200] "GET /adults-apron-cotton-yuco-jade-p-48218.html HTTP/1.0" 200 72943 "-" "Mozilla/5.0 (compatible; AhrefsBot/7.0; +http://ahrefs.com/robot/)"
207.46.13.127 - - [16/Jul/2021:10:08:39 +0200] "GET /clocks-c-13_67.html?page=10 HTTP/1.0" 200 93222 "-" "Mozilla/5.0 (compatible; bingbot/2.0; +http://www.bing.com/bingbot.htm)"
114.119.154.200 - - [16/Jul/2021:10:09:54 +0200] "GET /bowl-laughing-lavender-inside-made-germany-p-50707.html HTTP/1.0" 200 73889 "-" "Mozilla/5.0 (Linux; Android 7.0;) AppleWebKit/537.36 (KHTML, like Gecko) Mobile Safari/537.36 (compatible; PetalBot;+https://webmaster.petalsearch.com/site/petalbot)"
54.36.148.242 - - [16/Jul/2021:10:10:01 +0200] "GET /retro-sugar-bowl-little-prince-p-52472.html HTTP/1.0" 200 73609 "-" "Mozilla/5.0 (compatible; AhrefsBot/7.0; +http://ahrefs.com/robot/)"
207.46.13.125 - - [16/Jul/2021:10:10:42 +0200] "GET /images/med_prod/1384010181331.jpg HTTP/1.0" 200 268 "-" "Mozilla/5.0 (compatible; bingbot/2.0; +http://www.bing.com/bingbot.htm)"
106.38.241.175 - - [16/Jul/2021:10:11:01 +0200] "GET / HTTP/1.0" 200 95308 "-" "Sogou web spider/4.0(+http://www.sogou.com/docs/help/webmasters.htm#07)"
17.121.113.103 - - [16/Jul/2021:10:11:02 +0200] "GET /tea-pot-c-12_175.html HTTP/1.0" 200 90339 "-" "Mozilla/5.0 (Macintosh; Intel Mac OS X 10_15_5) AppleWebKit/605.1.15 (KHTML, like Gecko) Version/13.1.1 Safari/605.1.15 (Applebot/0.1; +http://www.apple.com/go/applebot)"
