216.244.66.242 - - [16/Jul/2021:17:40:52 +0200] "GET /robots.txt HTTP/1.0" 200 245 "-" "Mozilla/5.0 (compatible; DotBot/1.2; +https://opensiteexplorer.org/dotbot; help@moz.com)"
207.46.13.182 - - [16/Jul/2021:17:41:24 +0200] "GET /new-york-gotham-cushion-p-28721.html HTTP/1.0" 301 70264 "-" "Mozilla/5.0 (compatible; bingbot/2.0; +http://www.bing.com/bingbot.htm)"
54.36.148.242 - - [16/Jul/2021:17:41:36 +0200] "GET /cats-dubout-sugar-p-55416.html HTTP/1.0" 200 72966 "-" "Mozilla/5.0 (compatible; AhrefsBot/7.0; +http://ahrefs.com/robot/)"
157.55.39.167 - - [16/Jul/2021:17:42:00 +0200] "GET /table-ladybug-sand-p-27282.html HTTP/1.0" 200 70259 "-" "Mozilla/5.0 (compatible; bingbot/2.0; +http://www.bing.com/bingbot.htm)"
207.46.13.182 - - [16/Jul/2021:17:42:06 +0200] "GET /incense-satya-nag-champa-palo-santo-15-grams-or-about-15-sticks-p-44397.html HTTP/1.0" 301 73602 "-" "Mozilla/5.0 (compatible; bingbot/2.0; +http://www.bing.com/bingbot.htm)"
207.46.13.182 - - [16/Jul/2021:17:42:08 +0200] "GET /furby-pencil-case-p-20237.html HTTP/1.0" 200 73007 "-" "Mozilla/5.0 (compatible; bingbot/2.0; +http://www.bing.com/bingbot.htm)"
157.55.39.78 - - [16/Jul/2021:17:42:10 +0200] "GET /cars-large-expandable-backpack-p-19750.html HTTP/1.0" 200 73311 "-" "Mozilla/5.0 (compatible; bingbot/2.0; +http://www.bing.com/bingbot.htm)"
185.191.171.14 - - [16/Jul/2021:17:42:11 +0200] "GET /isothermic-stainless-steel-bottle-mojito-cbkreation-p-51350.html?action=add_product HTTP/1.0" 302 476 "-" "Mozilla/5.0 (compatible; SemrushBot/7~bl; +http://www.semrush.com/bot.html)"
207.46.13.174 - - [16/Jul/2021:17:42:15 +0200] "GET /spongebob-alarm-clock-p-10333.html HTTP/1.0" 200 72844 "-" "Mozilla/5.0 (compatible; bingbot/2.0; +http://www.bing.com/bingbot.htm)"
185.191.171.12 - - [16/Jul/2021:17:42:37 +0200] "GET /crayola-pencils-erasable-p-19382.html HTTP/1.0" 200 73862 "-" "Mozilla/5.0 (compatible; SemrushBot/7~bl; +http://www.semrush.com/bot.html)"
185.191.171.12 - - [16/Jul/2021:17:42:43 +0200] "GET /lot-of-pairs-of-mickey-mouse-socks-size-19-22-p-25178.html HTTP/1.0" 301 70264 "-" "Mozilla/5.0 (compatible; SemrushBot/7~bl; +http://www.semrush.com/bot.html)"
185.191.171.4 - - [16/Jul/2021:17:42:46 +0200] "GET /-p-25178.html HTTP/1.0" 200 70197 "-" "Mozilla/5.0 (compatible; SemrushBot/7~bl; +http://www.semrush.com/bot.html)"
66.249.66.198 - - [16/Jul/2021:17:43:05 +0200] "GET /shower-curtain-p-50727.html HTTP/1.0" 200 73724 "-" "Mozilla/5.0 (Linux; Android 6.0.1; Nexus 5X Build/MMB29P) AppleWebKit/537.36 (KHTML, like Gecko) Chrome/91.0.4472.90 Mobile Safari/537.36 (compatible; Googlebot/2.1; +http://www.google.com/bot.html)"
207.46.13.182 - - [16/Jul/2021:17:43:15 +0200] "GET /beatles-moneybox-yellow-submarine-p-48759.html HTTP/1.0" 200 70319 "-" "Mozilla/5.0 (compatible; bingbot/2.0; +http://www.bing.com/bingbot.htm)"
54.36.148.242 - - [16/Jul/2021:17:43:17 +0200] "GET /beauty-terracotta-cache-p-55347.html HTTP/1.0" 200 72965 "-" "Mozilla/5.0 (compatible; AhrefsBot/7.0; +http://ahrefs.com/robot/)"
207.46.13.179 - - [16/Jul/2021:17:43:21 +0200] "GET /disney-princess-card-with-envelope-p-34458.html HTTP/1.0" 200 72945 "-" "Mozilla/5.0 (compatible; bingbot/2.0; +http://www.bing.com/bingbot.htm)"
207.46.13.182 - - [16/Jul/2021:17:43:41 +0200] "GET /-p-34820.html HTTP/1.0" 200 70197 "-" "Mozilla/5.0 (compatible; bingbot/2.0; +http://www.bing.com/bingbot.htm)"
207.46.13.174 - - [16/Jul/2021:17:43:49 +0200] "GET /large-candle-guardian-angel-p-51067.html HTTP/1.0" 200 73348 "-" "Mozilla/5.0 (compatible; bingbot/2.0; +http://www.bing.com/bingbot.htm)"
157.55.39.78 - - [16/Jul/2021:17:43:57 +0200] "GET /black-fancy-elastic-bracelet-p-43729.html HTTP/1.0" 200 72837 "-" "Mozilla/5.0 (compatible; bingbot/2.0; +http://www.bing.com/bingbot.htm)"
185.191.171.19 - - [16/Jul/2021:17:44:23 +0200] "GET /with-spoon-allen-desings-blooms-p-54356.html?action=add_product HTTP/1.0" 302 476 "-" "Mozilla/5.0 (compatible; SemrushBot/7~bl; +http://www.semrush.com/bot.html)"
185.191.171.14 - - [16/Jul/2021:17:44:39 +0200] "GET /cats-mini-mug-p-38460.html HTTP/1.0" 301 70307 "-" "Mozilla/5.0 (compatible; SemrushBot/7~bl; +http://www.semrush.com/bot.html)"
185.191.171.12 - - [16/Jul/2021:17:44:41 +0200] "GET /cats-mini-p-38460.html HTTP/1.0" 200 70231 "-" "Mozilla/5.0 (compatible; SemrushBot/7~bl; +http://www.semrush.com/bot.html)"
185.191.171.26 - - [16/Jul/2021:17:44:51 +0200] "GET /gorjuss-coaster-tall-tails-p-47736.html HTTP/1.0" 200 73010 "-" "Mozilla/5.0 (compatible; SemrushBot/7~bl; +http://www.semrush.com/bot.html)"
54.36.148.242 - - [16/Jul/2021:17:44:56 +0200] "GET /petit-prince-exupry-collection-p-55421.html HTTP/1.0" 200 72978 "-" "Mozilla/5.0 (compatible; AhrefsBot/7.0; +http://ahrefs.com/robot/)"
157.55.39.72 - - [16/Jul/2021:17:45:01 +0200] "GET /wick-ellipse-candle-heart-home-ruby-pomegranate-p-51059.html HTTP/1.0" 200 73742 "-" "Mozilla/5.0 (compatible; bingbot/2.0; +http://www.bing.com/bingbot.htm)"
207.46.13.174 - - [16/Jul/2021:17:45:41 +0200] "GET /betty-boop-new-york-mirror-p-9907.html HTTP/1.0" 301 70261 "-" "Mozilla/5.0 (compatible; bingbot/2.0; +http://www.bing.com/bingbot.htm)"
147.92.153.7 - - [16/Jul/2021:17:45:49 +0200] "GET /dora-explorer-pendant-light-fitting-p-18708.html HTTP/1.0" 200 73244 "-" "Mozilla/5.0 (compatible; Linespider/1.1; +https://lin.ee/4dwXkTH)"
54.36.148.242 - - [16/Jul/2021:17:46:37 +0200] "GET /characters-sculpture-natural-wood-aluminum-p-55480.html HTTP/1.0" 200 73084 "-" "Mozilla/5.0 (compatible; AhrefsBot/7.0; +http://ahrefs.com/robot/)"
66.249.66.202 - - [16/Jul/2021:17:46:46 +0200] "GET /cats-shower-curtain-p-55300.html HTTP/1.0" 200 73531 "-" "Mozilla/5.0 (compatible; Googlebot/2.1; +http://www.google.com/bot.html)"
51.68.224.127 - - [16/Jul/2021:17:47:13 +0200] "GET /adminweb/export_orders_xml.php?token=256de2z6edz6ed2z6DFSFsed2zed6zeDSFDSGdzedezfzf&maxorders=10&orderstart=1&status=14&start_date=2018-10-01 HTTP/1.0" 200 285 "-" "GesCom CharlotteBoutik Serveur"
51.68.224.127 - - [16/Jul/2021:17:47:13 +0200] "GET /adminweb/export_orders_xml.php?token=256de2z6edz6ed2z6DFSFsed2zed6zeDSFDSGdzedezfzf&maxorders=10&orderstart=1&status=6&start_date=2018-10-01 HTTP/1.0" 200 29786 "-" "GesCom CharlotteBoutik Serveur"
185.191.171.4 - - [16/Jul/2021:17:47:18 +0200] "GET /esmeralda-20th-anniversary-figurine-p-45809.html HTTP/1.0" 301 70264 "-" "Mozilla/5.0 (compatible; SemrushBot/7~bl; +http://www.semrush.com/bot.html)"
185.191.171.22 - - [16/Jul/2021:17:47:20 +0200] "GET /-p-45809.html HTTP/1.0" 200 70197 "-" "Mozilla/5.0 (compatible; SemrushBot/7~bl; +http://www.semrush.com/bot.html)"
157.55.39.177 - - [16/Jul/2021:17:47:21 +0200] "GET /best-surfing-wooden-wall-decoration-to-hang-p-36087.html HTTP/1.0" 301 73208 "-" "Mozilla/5.0 (compatible; bingbot/2.0; +http://www.bing.com/bingbot.htm)"
157.55.39.166 - - [16/Jul/2021:17:47:28 +0200] "GET /teo-jasmin-titi-gavroche-handbag-hanger-p-34888.html HTTP/1.0" 301 70477 "-" "Mozilla/5.0 (compatible; bingbot/2.0; +http://www.bing.com/bingbot.htm)"
207.46.13.174 - - [16/Jul/2021:17:47:32 +0200] "GET /decoration-thermometers-c-13_145.html HTTP/1.0" 200 90223 "-" "Mozilla/5.0 (compatible; bingbot/2.0; +http://www.bing.com/bingbot.htm)"
207.46.13.174 - - [16/Jul/2021:17:47:34 +0200] "GET /hello-kitty-stripes-bellows-purse-p-9664.html HTTP/1.0" 200 73285 "-" "Mozilla/5.0 (compatible; bingbot/2.0; +http://www.bing.com/bingbot.htm)"
49.7.20.113 - - [16/Jul/2021:17:47:38 +0200] "GET / HTTP/1.0" 200 95398 "-" "Sogou web spider/4.0(+http://www.sogou.com/docs/help/webmasters.htm#07)"
54.36.148.242 - - [16/Jul/2021:17:48:24 +0200] "GET /white-piggy-bank-p-55574.html HTTP/1.0" 200 72971 "-" "Mozilla/5.0 (compatible; AhrefsBot/7.0; +http://ahrefs.com/robot/)"
157.55.39.166 - - [16/Jul/2021:17:48:28 +0200] "GET /chairs-and-stools-c-13_207.html HTTP/1.0" 301 78968 "-" "Mozilla/5.0 (compatible; bingbot/2.0; +http://www.bing.com/bingbot.htm)"
157.55.39.166 - - [16/Jul/2021:17:48:29 +0200] "GET /cars-small-satchel-p-19688.html HTTP/1.0" 200 70259 "-" "Mozilla/5.0 (compatible; bingbot/2.0; +http://www.bing.com/bingbot.htm)"
157.55.39.180 - - [16/Jul/2021:17:48:33 +0200] "GET /paul-frank-round-pencil-case-p-20066.html HTTP/1.0" 200 72907 "-" "Mozilla/5.0 (compatible; bingbot/2.0; +http://www.bing.com/bingbot.htm)"
157.55.39.177 - - [16/Jul/2021:17:48:45 +0200] "GET /highslide/graphics/zoomout.cur HTTP/1.0" 200 614 "-" "Mozilla/5.0 (compatible; bingbot/2.0; +http://www.bing.com/bingbot.htm)"
157.55.39.177 - - [16/Jul/2021:17:48:45 +0200] "GET /js/jquery.js HTTP/1.0" 200 252 "-" "Mozilla/5.0 (compatible; bingbot/2.0; +http://www.bing.com/bingbot.htm)"
157.55.39.177 - - [16/Jul/2021:17:48:47 +0200] "GET /js/jquery.js HTTP/1.0" 200 252 "-" "Mozilla/5.0 (compatible; bingbot/2.0; +http://www.bing.com/bingbot.htm)"
157.55.39.177 - - [16/Jul/2021:17:48:48 +0200] "GET /js/jquery.js HTTP/1.0" 200 252 "-" "Mozilla/5.0 (compatible; bingbot/2.0; +http://www.bing.com/bingbot.htm)"
157.55.39.177 - - [16/Jul/2021:17:48:49 +0200] "GET /js/jquery.js HTTP/1.0" 200 252 "-" "Mozilla/5.0 (compatible; bingbot/2.0; +http://www.bing.com/bingbot.htm)"
185.191.171.39 - - [16/Jul/2021:17:49:09 +0200] "GET /small-baby-teeth-eliot-p-53377.html?action=add_product HTTP/1.0" 302 476 "-" "Mozilla/5.0 (compatible; SemrushBot/7~bl; +http://www.semrush.com/bot.html)"
207.46.13.182 - - [16/Jul/2021:17:49:18 +0200] "GET /csi-les-experts-mousepad-p-18072.html HTTP/1.0" 301 73055 "-" "Mozilla/5.0 (compatible; bingbot/2.0; +http://www.bing.com/bingbot.htm)"
207.46.13.174 - - [16/Jul/2021:17:49:52 +0200] "GET /-p-38836.html HTTP/1.0" 200 70197 "-" "Mozilla/5.0 (compatible; bingbot/2.0; +http://www.bing.com/bingbot.htm)"
157.55.39.167 - - [16/Jul/2021:17:50:02 +0200] "GET /nici-porcupine-plush-25-cm-p-35176.html HTTP/1.0" 301 79783 "-" "Mozilla/5.0 (compatible; bingbot/2.0; +http://www.bing.com/bingbot.htm)"
157.55.39.167 - - [16/Jul/2021:17:50:03 +0200] "GET /renault-alpine-large-metal-plate-deco-p-34133.html HTTP/1.0" 200 73021 "-" "Mozilla/5.0 (compatible; bingbot/2.0; +http://www.bing.com/bingbot.htm)"
54.36.148.242 - - [16/Jul/2021:17:50:06 +0200] "GET /indoor-crystal-time-indicator-p-55407.html HTTP/1.0" 200 73662 "-" "Mozilla/5.0 (compatible; AhrefsBot/7.0; +http://ahrefs.com/robot/)"
157.55.39.166 - - [16/Jul/2021:17:50:09 +0200] "GET /lyon-kitchen-towel-p-38796.html HTTP/1.0" 200 72788 "-" "Mozilla/5.0 (compatible; bingbot/2.0; +http://www.bing.com/bingbot.htm)"
185.191.171.21 - - [16/Jul/2021:17:50:23 +0200] "GET /ici-est-le-chien-qui-fait-la-loi-metal-plate-deco-p-45074.html HTTP/1.0" 301 73018 "-" "Mozilla/5.0 (compatible; SemrushBot/7~bl; +http://www.semrush.com/bot.html)"
185.191.171.2 - - [16/Jul/2021:17:50:25 +0200] "GET /chien-fait-metal-plate-deco-p-45074.html HTTP/1.0" 200 72924 "-" "Mozilla/5.0 (compatible; SemrushBot/7~bl; +http://www.semrush.com/bot.html)"
66.249.66.198 - - [16/Jul/2021:17:50:26 +0200] "GET /cats-shower-curtain-p-55300.html HTTP/1.0" 200 73531 "-" "Mozilla/5.0 (Linux; Android 6.0.1; Nexus 5X Build/MMB29P) AppleWebKit/537.36 (KHTML, like Gecko) Chrome/91.0.4472.90 Mobile Safari/537.36 (compatible; Googlebot/2.1; +http://www.google.com/bot.html)"
194.146.159.170 - - [16/Jul/2021:17:50:49 +0200] "GET /doormats-entrance-carpets-c-11_269_266.html HTTP/1.0" 200 90144 "-" "Mozilla/4.0 (compatible; MSIE 7.0; Windows NT 6.2; WOW64; Trident/7.0; .NET4.0E; .NET4.0C)"
194.146.159.170 - - [16/Jul/2021:17:50:50 +0200] "GET /contact_us.php HTTP/1.0" 200 26238 "-" "Mozilla/4.0 (compatible; MSIE 7.0; Windows NT 6.2; WOW64; Trident/7.0; .NET4.0E; .NET4.0C)"
216.244.66.242 - - [16/Jul/2021:17:50:53 +0200] "GET /yogi-yogini-yogamat-blue-p-45290.html HTTP/1.0" 200 73489 "-" "Mozilla/5.0 (compatible; DotBot/1.2; +https://opensiteexplorer.org/dotbot; help@moz.com)"
157.55.39.177 - - [16/Jul/2021:17:51:06 +0200] "GET /bicycles-pattern-woven-cool-bag-lunch-box-p-34159.html HTTP/1.0" 301 73123 "-" "Mozilla/5.0 (compatible; bingbot/2.0; +http://www.bing.com/bingbot.htm)"
157.55.39.78 - - [16/Jul/2021:17:51:27 +0200] "GET /light-holder-pentacle-black-soapstone-wicca-p-44680.html HTTP/1.0" 200 74562 "-" "Mozilla/5.0 (compatible; bingbot/2.0; +http://www.bing.com/bingbot.htm)"
54.36.148.242 - - [16/Jul/2021:17:51:46 +0200] "GET /aprons-c-11_74.html HTTP/1.0" 200 91906 "-" "Mozilla/5.0 (compatible; AhrefsBot/7.0; +http://ahrefs.com/robot/)"
157.55.39.167 - - [16/Jul/2021:17:51:48 +0200] "GET /swfobject.js HTTP/1.0" 404 1308 "-" "Mozilla/5.0 (compatible; bingbot/2.0; +http://www.bing.com/bingbot.htm)"
157.55.39.72 - - [16/Jul/2021:17:51:52 +0200] "GET /little-buddha-glasses-case-p-53306.html HTTP/1.0" 200 72931 "-" "Mozilla/5.0 (compatible; bingbot/2.0; +http://www.bing.com/bingbot.htm)"
66.249.66.200 - - [16/Jul/2021:17:52:17 +0200] "GET /decorations/decorations/gothic-white-canvas-frame-p-23020.html HTTP/1.0" 301 73002 "-" "Mozilla/5.0 (compatible; Googlebot/2.1; +http://www.google.com/bot.html)"
66.249.66.200 - - [16/Jul/2021:17:52:18 +0200] "GET /gothic-white-canvas-frame-p-23020.html HTTP/1.0" 200 72910 "-" "Mozilla/5.0 (compatible; Googlebot/2.1; +http://www.google.com/bot.html)"
66.249.66.200 - - [16/Jul/2021:17:52:39 +0200] "GET /lois-jeans-work-clothes-wallet-p-41314.html HTTP/1.0" 200 73703 "-" "Mozilla/5.0 (Linux; Android 6.0.1; Nexus 5X Build/MMB29P) AppleWebKit/537.36 (KHTML, like Gecko) Chrome/91.0.4472.90 Mobile Safari/537.36 (compatible; Googlebot/2.1; +http://www.google.com/bot.html)"
207.46.13.182 - - [16/Jul/2021:17:52:42 +0200] "GET /so-funky-vertical-messenger-bag-p-19061.html HTTP/1.0" 301 73922 "-" "Mozilla/5.0 (compatible; bingbot/2.0; +http://www.bing.com/bingbot.htm)"
54.36.149.96 - - [16/Jul/2021:17:53:09 +0200] "GET /beyblade-great-red-alarm-clock-p-16694.html HTTP/1.0" 301 70264 "-" "Mozilla/5.0 (compatible; AhrefsBot/7.0; +http://ahrefs.com/robot/)"
157.55.39.180 - - [16/Jul/2021:17:53:18 +0200] "GET /newspaper-porcelain-bowl-p-31535.html HTTP/1.0" 200 70291 "-" "Mozilla/5.0 (compatible; bingbot/2.0; +http://www.bing.com/bingbot.htm)"
185.191.171.42 - - [16/Jul/2021:17:53:21 +0200] "GET /stop-waves-metal-plate-deco-p-36132.html HTTP/1.0" 200 72963 "-" "Mozilla/5.0 (compatible; SemrushBot/7~bl; +http://www.semrush.com/bot.html)"
54.36.148.242 - - [16/Jul/2021:17:53:33 +0200] "GET /coasters-c-12_157.html HTTP/1.0" 200 91821 "-" "Mozilla/5.0 (compatible; AhrefsBot/7.0; +http://ahrefs.com/robot/)"
185.191.171.34 - - [16/Jul/2021:17:53:39 +0200] "GET /pink-flamingos-placemat-p-43015.html HTTP/1.0" 200 72816 "-" "Mozilla/5.0 (compatible; SemrushBot/7~bl; +http://www.semrush.com/bot.html)"
157.55.39.78 - - [16/Jul/2021:17:53:47 +0200] "GET /cotton-floor-cushion-light-pink-45-cm-p-43508.html HTTP/1.0" 301 73627 "-" "Mozilla/5.0 (compatible; bingbot/2.0; +http://www.bing.com/bingbot.htm)"
157.55.39.180 - - [16/Jul/2021:17:53:53 +0200] "GET /chairs-cushion-c-11_165.html HTTP/1.0" 200 90981 "-" "Mozilla/5.0 (compatible; bingbot/2.0; +http://www.bing.com/bingbot.htm)"
66.249.66.200 - - [16/Jul/2021:17:54:07 +0200] "GET /help-shower-curtain-p-39388.html HTTP/1.0" 200 72919 "-" "Mozilla/5.0 (compatible; Googlebot/2.1; +http://www.google.com/bot.html)"
157.55.39.166 - - [16/Jul/2021:17:54:08 +0200] "GET /-p-36789.html HTTP/1.0" 200 70197 "-" "Mozilla/5.0 (compatible; bingbot/2.0; +http://www.bing.com/bingbot.htm)"
157.55.39.177 - - [16/Jul/2021:17:54:12 +0200] "GET /-p-10284.html HTTP/1.0" 200 70197 "-" "Mozilla/5.0 (compatible; bingbot/2.0; +http://www.bing.com/bingbot.htm)"
157.55.39.180 - - [16/Jul/2021:17:54:24 +0200] "GET /puppy-glue-stick-21-grs-p-40831.html HTTP/1.0" 301 72888 "-" "Mozilla/5.0 (compatible; bingbot/2.0; +http://www.bing.com/bingbot.htm)"
207.46.13.182 - - [16/Jul/2021:17:54:32 +0200] "GET /oil-burner-soapstone-flower-of-life-p-48789.html HTTP/1.0" 301 73176 "-" "Mozilla/5.0 (compatible; bingbot/2.0; +http://www.bing.com/bingbot.htm)"
157.55.39.180 - - [16/Jul/2021:17:54:44 +0200] "GET /uk-carlin-phone-cover-for-galaxy-note-by-cbkreation-p-30088.html HTTP/1.0" 301 70516 "-" "Mozilla/5.0 (compatible; bingbot/2.0; +http://www.bing.com/bingbot.htm)"
157.55.39.166 - - [16/Jul/2021:17:54:48 +0200] "GET /alice-in-wonderland-disney-masquerade-figurine-p-34522.html HTTP/1.0" 301 70264 "-" "Mozilla/5.0 (compatible; bingbot/2.0; +http://www.bing.com/bingbot.htm)"
157.55.39.78 - - [16/Jul/2021:17:54:57 +0200] "GET /tweety-set-of-hair-ornements-p-13556.html HTTP/1.0" 301 73039 "-" "Mozilla/5.0 (compatible; bingbot/2.0; +http://www.bing.com/bingbot.htm)"
157.55.39.78 - - [16/Jul/2021:17:54:59 +0200] "GET /nintendo-super-mario-messenger-bag-p-15800.html HTTP/1.0" 301 70447 "-" "Mozilla/5.0 (compatible; bingbot/2.0; +http://www.bing.com/bingbot.htm)"
54.36.148.242 - - [16/Jul/2021:17:55:12 +0200] "GET /socks-c-1_141.html HTTP/1.0" 200 78393 "-" "Mozilla/5.0 (compatible; AhrefsBot/7.0; +http://ahrefs.com/robot/)"
157.55.39.177 - - [16/Jul/2021:17:55:27 +0200] "GET /top-model-brush-p-37164.html HTTP/1.0" 301 70333 "-" "Mozilla/5.0 (compatible; bingbot/2.0; +http://www.bing.com/bingbot.htm)"
66.249.66.198 - - [16/Jul/2021:17:56:19 +0200] "GET /help-shower-curtain-p-39388.html HTTP/1.0" 200 72919 "-" "Mozilla/5.0 (Linux; Android 6.0.1; Nexus 5X Build/MMB29P) AppleWebKit/537.36 (KHTML, like Gecko) Chrome/91.0.4472.90 Mobile Safari/537.36 (compatible; Googlebot/2.1; +http://www.google.com/bot.html)"
157.55.39.167 - - [16/Jul/2021:17:56:21 +0200] "GET /amazon-love-glasses-case-light-pink-p-50268.html HTTP/1.0" 200 73968 "-" "Mozilla/5.0 (compatible; bingbot/2.0; +http://www.bing.com/bingbot.htm)"
185.191.171.39 - - [16/Jul/2021:17:56:39 +0200] "GET /protecting-cotton-pillow-anti-dust-mite-p-48985.html HTTP/1.0" 200 73110 "-" "Mozilla/5.0 (compatible; SemrushBot/7~bl; +http://www.semrush.com/bot.html)"
185.191.171.41 - - [16/Jul/2021:17:56:41 +0200] "GET /teo-jasmin-handbag-hanger-p-32022.html HTTP/1.0" 301 70393 "-" "Mozilla/5.0 (compatible; SemrushBot/7~bl; +http://www.semrush.com/bot.html)"
66.249.66.200 - - [16/Jul/2021:17:56:41 +0200] "GET /sophie-giraffe-night-magic-lantern-p-30598.html HTTP/1.0" 301 70264 "-" "Mozilla/5.0 (Linux; Android 6.0.1; Nexus 5X Build/MMB29P) AppleWebKit/537.36 (KHTML, like Gecko) Chrome/91.0.4472.90 Mobile Safari/537.36 (compatible; Googlebot/2.1; +http://www.google.com/bot.html)"
185.191.171.5 - - [16/Jul/2021:17:56:43 +0200] "GET /jasmin-handbag-hanger-p-32022.html HTTP/1.0" 200 70305 "-" "Mozilla/5.0 (compatible; SemrushBot/7~bl; +http://www.semrush.com/bot.html)"
66.249.66.198 - - [16/Jul/2021:17:56:43 +0200] "GET /-p-30598.html HTTP/1.0" 200 70197 "-" "Mozilla/5.0 (Linux; Android 6.0.1; Nexus 5X Build/MMB29P) AppleWebKit/537.36 (KHTML, like Gecko) Chrome/91.0.4472.90 Mobile Safari/537.36 (compatible; Googlebot/2.1; +http://www.google.com/bot.html)"
54.36.148.242 - - [16/Jul/2021:17:56:56 +0200] "GET /infuser-rest-c-12_247.html HTTP/1.0" 200 88885 "-" "Mozilla/5.0 (compatible; AhrefsBot/7.0; +http://ahrefs.com/robot/)"
80.95.45.194 - - [16/Jul/2021:17:57:04 +0200] "GET / HTTP/1.0" 200 95344 "http://www.wonder-geek.com/" "Mozilla/5.0 (Windows NT 10.0; WOW64) AppleWebKit/537.36 (KHTML, like Gecko) Chrome/83.0.4103.61 Safari/537.36"
80.95.45.194 - - [16/Jul/2021:17:57:05 +0200] "GET /create_account.php HTTP/1.0" 200 33630 "http://www.wonder-geek.com/create_account.php" "Mozilla/5.0 (Windows NT 10.0; WOW64) AppleWebKit/537.36 (KHTML, like Gecko) Chrome/83.0.4103.61 Safari/537.36"
80.95.45.194 - - [16/Jul/2021:17:57:06 +0200] "POST /create_account.php HTTP/1.0" 200 34279 "http://www.wonder-geek.com/create_account.php" "Mozilla/5.0 (Windows NT 10.0; WOW64) AppleWebKit/537.36 (KHTML, like Gecko) Chrome/83.0.4103.61 Safari/537.36"
80.95.45.194 - - [16/Jul/2021:17:57:07 +0200] "GET /login.php HTTP/1.0" 200 17152 "http://www.wonder-geek.com/login.php" "Mozilla/5.0 (Windows NT 10.0; WOW64) AppleWebKit/537.36 (KHTML, like Gecko) Chrome/83.0.4103.61 Safari/537.36"
185.191.171.40 - - [16/Jul/2021:17:57:08 +0200] "GET /nici-horses-mouse-p-9494.html?action=add_product HTTP/1.0" 302 476 "-" "Mozilla/5.0 (compatible; SemrushBot/7~bl; +http://www.semrush.com/bot.html)"
80.95.45.194 - - [16/Jul/2021:17:57:08 +0200] "POST /login.php?action=process HTTP/1.0" 200 17645 "http://www.wonder-geek.com/login.php" "Mozilla/5.0 (Windows NT 10.0; WOW64) AppleWebKit/537.36 (KHTML, like Gecko) Chrome/83.0.4103.61 Safari/537.36"
80.95.45.194 - - [16/Jul/2021:17:57:08 +0200] "GET / HTTP/1.0" 200 95271 "http://www.wonder-geek.com/" "Mozilla/5.0 (Windows NT 10.0; WOW64) AppleWebKit/537.36 (KHTML, like Gecko) Chrome/83.0.4103.61 Safari/537.36"
80.95.45.194 - - [16/Jul/2021:17:57:09 +0200] "GET /trivet-boards-c-12_158.html HTTP/1.0" 200 94005 "http://www.wonder-geek.com/trivet-boards-c-12_158.html" "Mozilla/5.0 (Windows NT 10.0; WOW64) AppleWebKit/537.36 (KHTML, like Gecko) Chrome/83.0.4103.61 Safari/537.36"
80.95.45.194 - - [16/Jul/2021:17:57:10 +0200] "GET /cardboard-boxes-storage-c-13_150_216.html HTTP/1.0" 200 77637 "http://www.wonder-geek.com/cardboard-boxes-storage-c-13_150_216.html" "Mozilla/5.0 (Windows NT 10.0; WOW64) AppleWebKit/537.36 (KHTML, like Gecko) Chrome/83.0.4103.61 Safari/537.36"
80.95.45.194 - - [16/Jul/2021:17:57:11 +0200] "GET /cushion-headboard-c-11_173.html HTTP/1.0" 200 88965 "http://www.wonder-geek.com/cushion-headboard-c-11_173.html" "Mozilla/5.0 (Windows NT 10.0; WOW64) AppleWebKit/537.36 (KHTML, like Gecko) Chrome/83.0.4103.61 Safari/537.36"
185.191.171.18 - - [16/Jul/2021:17:57:14 +0200] "GET /beer-glass-bottle-opener-p-53490.html?action=add_product HTTP/1.0" 302 476 "-" "Mozilla/5.0 (compatible; SemrushBot/7~bl; +http://www.semrush.com/bot.html)"
80.95.45.194 - - [16/Jul/2021:17:57:14 +0200] "GET /board-games-c-4_47.html HTTP/1.0" 200 75535 "http://www.wonder-geek.com/board-games-c-4_47.html" "Mozilla/5.0 (Windows NT 10.0; WOW64) AppleWebKit/537.36 (KHTML, like Gecko) Chrome/83.0.4103.61 Safari/537.36"
80.95.45.194 - - [16/Jul/2021:17:57:15 +0200] "GET /contact_us.php HTTP/1.0" 200 26238 "http://www.wonder-geek.com/contact_us.php" "Mozilla/5.0 (Windows NT 10.0; WOW64) AppleWebKit/537.36 (KHTML, like Gecko) Chrome/83.0.4103.61 Safari/537.36"
80.95.45.194 - - [16/Jul/2021:17:57:17 +0200] "POST /contact_us.php?action=send HTTP/1.0" 200 26515 "http://www.wonder-geek.com/contact_us.php" "Mozilla/5.0 (Windows NT 10.0; WOW64) AppleWebKit/537.36 (KHTML, like Gecko) Chrome/83.0.4103.61 Safari/537.36"
80.95.45.194 - - [16/Jul/2021:17:57:17 +0200] "GET /contact_us.php HTTP/1.0" 200 26238 "http://www.wonder-geek.com/contact_us.php" "Mozilla/5.0 (Windows NT 10.0; WOW64) AppleWebKit/537.36 (KHTML, like Gecko) Chrome/83.0.4103.61 Safari/537.36"
80.95.45.194 - - [16/Jul/2021:17:57:19 +0200] "GET /contact_us.php HTTP/1.0" 200 26238 "http://www.wonder-geek.com/contact_us.php" "Mozilla/5.0 (Windows NT 10.0; WOW64) AppleWebKit/537.36 (KHTML, like Gecko) Chrome/83.0.4103.61 Safari/537.36"
157.55.39.180 - - [16/Jul/2021:17:57:27 +0200] "GET /disney-princess-snow-white-parka-p-31246.html HTTP/1.0" 200 74107 "-" "Mozilla/5.0 (compatible; bingbot/2.0; +http://www.bing.com/bingbot.htm)"
185.191.171.21 - - [16/Jul/2021:17:57:31 +0200] "GET /-p-40454.html?action=add_product HTTP/1.0" 302 476 "-" "Mozilla/5.0 (compatible; SemrushBot/7~bl; +http://www.semrush.com/bot.html)"
157.55.39.167 - - [16/Jul/2021:17:57:41 +0200] "GET /small-tinbox-rtro-motorcycle-p-41353.html HTTP/1.0" 200 70331 "-" "Mozilla/5.0 (compatible; bingbot/2.0; +http://www.bing.com/bingbot.htm)"
157.55.39.72 - - [16/Jul/2021:17:57:46 +0200] "GET /decorations-c-13_89.html HTTP/1.0" 200 91009 "-" "Mozilla/5.0 (compatible; bingbot/2.0; +http://www.bing.com/bingbot.htm)"
157.55.39.166 - - [16/Jul/2021:17:57:51 +0200] "GET /star-wars-yoda-keyring-p-32336.html HTTP/1.0" 200 72863 "-" "Mozilla/5.0 (compatible; bingbot/2.0; +http://www.bing.com/bingbot.htm)"
157.55.39.180 - - [16/Jul/2021:17:58:25 +0200] "GET /sommelier-accessories-box-p-46565.html HTTP/1.0" 301 73060 "-" "Mozilla/5.0 (compatible; bingbot/2.0; +http://www.bing.com/bingbot.htm)"
66.249.66.202 - - [16/Jul/2021:17:58:26 +0200] "GET /shower-curtain-p-50725.html HTTP/1.0" 200 73512 "-" "Mozilla/5.0 (compatible; Googlebot/2.1; +http://www.google.com/bot.html)"
54.36.148.242 - - [16/Jul/2021:17:58:32 +0200] "GET /accessories-c-3.html HTTP/1.0" 200 93219 "-" "Mozilla/5.0 (compatible; AhrefsBot/7.0; +http://ahrefs.com/robot/)"
185.191.171.15 - - [16/Jul/2021:17:58:43 +0200] "GET /large-resin-statue-giraffes-57-cm-p-48277.html HTTP/1.0" 301 73057 "-" "Mozilla/5.0 (compatible; SemrushBot/7~bl; +http://www.semrush.com/bot.html)"
185.191.171.34 - - [16/Jul/2021:17:58:46 +0200] "GET /large-resin-statue-giraffes-p-48277.html HTTP/1.0" 200 72963 "-" "Mozilla/5.0 (compatible; SemrushBot/7~bl; +http://www.semrush.com/bot.html)"
157.55.39.166 - - [16/Jul/2021:17:58:48 +0200] "GET /unicorns-light-garland-p-53144.html HTTP/1.0" 301 70264 "-" "Mozilla/5.0 (compatible; bingbot/2.0; +http://www.bing.com/bingbot.htm)"
157.55.39.78 - - [16/Jul/2021:17:58:53 +0200] "GET /gorjuss-lockable-journal-with-heart-shaped-lock-bubble-fairy-p-46971.html HTTP/1.0" 200 70427 "-" "Mozilla/5.0 (compatible; bingbot/2.0; +http://www.bing.com/bingbot.htm)"
157.55.39.72 - - [16/Jul/2021:17:59:13 +0200] "GET /-p-38162.html HTTP/1.0" 200 70197 "-" "Mozilla/5.0 (compatible; bingbot/2.0; +http://www.bing.com/bingbot.htm)"
185.191.171.42 - - [16/Jul/2021:17:59:16 +0200] "GET /owls-white-women-shirt-p-34204.html?action=add_product HTTP/1.0" 302 476 "-" "Mozilla/5.0 (compatible; SemrushBot/7~bl; +http://www.semrush.com/bot.html)"
207.46.13.182 - - [16/Jul/2021:17:59:18 +0200] "GET /set-and-breakfast-set-c-12_61.html HTTP/1.0" 301 90841 "-" "Mozilla/5.0 (compatible; bingbot/2.0; +http://www.bing.com/bingbot.htm)"
207.46.13.182 - - [16/Jul/2021:17:59:21 +0200] "GET /vespa-orange-metal-keyring-p-18647.html HTTP/1.0" 200 70318 "-" "Mozilla/5.0 (compatible; bingbot/2.0; +http://www.bing.com/bingbot.htm)"
157.55.39.166 - - [16/Jul/2021:17:59:30 +0200] "GET /disney-princess-towel-p-27394.html HTTP/1.0" 200 70271 "-" "Mozilla/5.0 (compatible; bingbot/2.0; +http://www.bing.com/bingbot.htm)"
185.191.171.40 - - [16/Jul/2021:17:59:33 +0200] "GET /finding-dory-small-backpack-p-36297.html HTTP/1.0" 200 73787 "-" "Mozilla/5.0 (compatible; SemrushBot/7~bl; +http://www.semrush.com/bot.html)"
157.55.39.167 - - [16/Jul/2021:17:59:42 +0200] "GET /ecru-burundi-stool-p-51594.html HTTP/1.0" 200 73414 "-" "Mozilla/5.0 (compatible; bingbot/2.0; +http://www.bing.com/bingbot.htm)"
157.55.39.167 - - [16/Jul/2021:18:00:03 +0200] "GET /au-bistrot-potholder-p-47944.html HTTP/1.0" 301 72939 "-" "Mozilla/5.0 (compatible; bingbot/2.0; +http://www.bing.com/bingbot.htm)"
157.55.39.167 - - [16/Jul/2021:18:00:05 +0200] "GET /-p-23170.html HTTP/1.0" 200 70197 "-" "Mozilla/5.0 (compatible; bingbot/2.0; +http://www.bing.com/bingbot.htm)"
157.55.39.78 - - [16/Jul/2021:18:00:08 +0200] "GET /johnny-hallyday-cigarettes-case-p-51147.html HTTP/1.0" 200 73751 "-" "Mozilla/5.0 (compatible; bingbot/2.0; +http://www.bing.com/bingbot.htm)"
54.36.148.242 - - [16/Jul/2021:18:00:20 +0200] "GET /watches-c-3_66.html HTTP/1.0" 200 90931 "-" "Mozilla/5.0 (compatible; AhrefsBot/7.0; +http://ahrefs.com/robot/)"
66.249.66.198 - - [16/Jul/2021:18:00:36 +0200] "GET /shower-curtain-p-50725.html HTTP/1.0" 200 73512 "-" "Mozilla/5.0 (Linux; Android 6.0.1; Nexus 5X Build/MMB29P) AppleWebKit/537.36 (KHTML, like Gecko) Chrome/91.0.4472.90 Mobile Safari/537.36 (compatible; Googlebot/2.1; +http://www.google.com/bot.html)"
185.191.171.23 - - [16/Jul/2021:18:00:56 +0200] "GET /horses-glass-clock-p-34010.html?action=add_product HTTP/1.0" 302 476 "-" "Mozilla/5.0 (compatible; SemrushBot/7~bl; +http://www.semrush.com/bot.html)"
185.191.171.12 - - [16/Jul/2021:18:01:09 +0200] "GET /tinted-candle-mass-brown-color-p-48923.html?action=add_product HTTP/1.0" 302 476 "-" "Mozilla/5.0 (compatible; SemrushBot/7~bl; +http://www.semrush.com/bot.html)"
157.55.39.72 - - [16/Jul/2021:18:01:09 +0200] "GET /iphone-black-shell-44s-with-personalized-picture-p-16338.html HTTP/1.0" 301 73399 "-" "Mozilla/5.0 (compatible; bingbot/2.0; +http://www.bing.com/bingbot.htm)"
185.191.171.2 - - [16/Jul/2021:18:01:31 +0200] "GET /dopey-figurine-britto-p-51612.html HTTP/1.0" 200 72906 "-" "Mozilla/5.0 (compatible; SemrushBot/7~bl; +http://www.semrush.com/bot.html)"
106.38.241.175 - - [16/Jul/2021:18:01:49 +0200] "GET / HTTP/1.0" 200 95529 "-" "Sogou web spider/4.0(+http://www.sogou.com/docs/help/webmasters.htm#07)"
54.36.148.242 - - [16/Jul/2021:18:02:11 +0200] "GET /office-items-c-97_100.html HTTP/1.0" 200 90257 "-" "Mozilla/5.0 (compatible; AhrefsBot/7.0; +http://ahrefs.com/robot/)"
185.191.171.41 - - [16/Jul/2021:18:02:18 +0200] "GET /leopard-shoulder-made-france-p-52756.html?action=add_product HTTP/1.0" 302 476 "-" "Mozilla/5.0 (compatible; SemrushBot/7~bl; +http://www.semrush.com/bot.html)"
157.55.39.78 - - [16/Jul/2021:18:02:33 +0200] "GET /brown-horse-mouse-pad-p-24683.html HTTP/1.0" 301 72856 "-" "Mozilla/5.0 (compatible; bingbot/2.0; +http://www.bing.com/bingbot.htm)"
66.249.66.202 - - [16/Jul/2021:18:02:48 +0200] "GET /damask-shower-curtain-p-52460.html HTTP/1.0" 200 73550 "-" "Mozilla/5.0 (compatible; Googlebot/2.1; +http://www.google.com/bot.html)"
157.55.39.78 - - [16/Jul/2021:18:02:49 +0200] "GET /jimmy-the-bull-posing-mug-and-coaster-set-p-48221.html HTTP/1.0" 301 70264 "-" "Mozilla/5.0 (compatible; bingbot/2.0; +http://www.bing.com/bingbot.htm)"
207.46.13.182 - - [16/Jul/2021:18:03:03 +0200] "GET /cars-kids-school-bag-p-10350.html HTTP/1.0" 301 70342 "-" "Mozilla/5.0 (compatible; bingbot/2.0; +http://www.bing.com/bingbot.htm)"
185.191.171.11 - - [16/Jul/2021:18:03:13 +0200] "GET /iron-maiden-zippo-lighter-p-52762.html HTTP/1.0" 200 75973 "-" "Mozilla/5.0 (compatible; SemrushBot/7~bl; +http://www.semrush.com/bot.html)"
185.191.171.23 - - [16/Jul/2021:18:03:20 +0200] "GET /lonard-vinci-paperweight-vitruvian-p-44146.html HTTP/1.0" 200 74305 "-" "Mozilla/5.0 (compatible; SemrushBot/7~bl; +http://www.semrush.com/bot.html)"
207.46.13.179 - - [16/Jul/2021:18:03:23 +0200] "GET /-p-5232.html HTTP/1.0" 200 70195 "-" "Mozilla/5.0 (compatible; bingbot/2.0; +http://www.bing.com/bingbot.htm)"
66.249.66.198 - - [16/Jul/2021:18:03:46 +0200] "GET /luggages-schoolbags-leather-shop/suitcaselittle-suitcase-trolley/mickey-mouse-trolley-p-13257.html HTTP/1.0" 301 70264 "-" "Mozilla/5.0 (compatible; Googlebot/2.1; +http://www.google.com/bot.html)"
66.249.66.200 - - [16/Jul/2021:18:03:47 +0200] "GET /-p-13257.html HTTP/1.0" 200 70197 "-" "Mozilla/5.0 (compatible; Googlebot/2.1; +http://www.google.com/bot.html)"
51.68.224.127 - - [16/Jul/2021:18:03:50 +0200] "GET /adminweb/export_orders_xml.php?token=256de2z6edz6ed2z6DFSFsed2zed6zeDSFDSGdzedezfzf&maxorders=10&orderstart=1&status=14&start_date=2018-10-01 HTTP/1.0" 200 285 "-" "GesCom CharlotteBoutik Serveur"
51.68.224.127 - - [16/Jul/2021:18:03:50 +0200] "GET /adminweb/export_orders_xml.php?token=256de2z6edz6ed2z6DFSFsed2zed6zeDSFDSGdzedezfzf&maxorders=10&orderstart=1&status=6&start_date=2018-10-01 HTTP/1.0" 200 29786 "-" "GesCom CharlotteBoutik Serveur"
185.191.171.45 - - [16/Jul/2021:18:03:54 +0200] "GET /jakarta-light-blue-carpet-60-120-cm-p-48424.html HTTP/1.0" 301 73782 "-" "Mozilla/5.0 (compatible; SemrushBot/7~bl; +http://www.semrush.com/bot.html)"
54.36.148.242 - - [16/Jul/2021:18:03:55 +0200] "GET /personalized-products-c-97.html HTTP/1.0" 200 90621 "-" "Mozilla/5.0 (compatible; AhrefsBot/7.0; +http://ahrefs.com/robot/)"
185.191.171.17 - - [16/Jul/2021:18:03:56 +0200] "GET /jakarta-light-blue-carpet-p-48424.html HTTP/1.0" 200 73690 "-" "Mozilla/5.0 (compatible; SemrushBot/7~bl; +http://www.semrush.com/bot.html)"
202.39.54.2 - - [16/Jul/2021:18:04:34 +0200] "GET / HTTP/1.0" 301 511 "-" "-"
157.55.39.177 - - [16/Jul/2021:18:04:49 +0200] "GET /-p-20345.html HTTP/1.0" 200 70197 "-" "Mozilla/5.0 (compatible; bingbot/2.0; +http://www.bing.com/bingbot.htm)"
66.249.66.200 - - [16/Jul/2021:18:04:55 +0200] "GET /damask-shower-curtain-p-52460.html HTTP/1.0" 200 73550 "-" "Mozilla/5.0 (Linux; Android 6.0.1; Nexus 5X Build/MMB29P) AppleWebKit/537.36 (KHTML, like Gecko) Chrome/91.0.4472.90 Mobile Safari/537.36 (compatible; Googlebot/2.1; +http://www.google.com/bot.html)"
157.55.39.167 - - [16/Jul/2021:18:05:04 +0200] "GET /teapot-with-stainless-steel-infuser-p-48246.html HTTP/1.0" 200 72967 "-" "Mozilla/5.0 (compatible; bingbot/2.0; +http://www.bing.com/bingbot.htm)"
157.55.39.166 - - [16/Jul/2021:18:05:08 +0200] "GET /games-and-toys/soft-toys-security-blanket/little-brown-bear-soft-toy-p-22534.html HTTP/1.0" 301 70264 "-" "Mozilla/5.0 (compatible; bingbot/2.0; +http://www.bing.com/bingbot.htm)"
49.7.21.122 - - [16/Jul/2021:18:05:21 +0200] "GET /alarms-clocks-clocks-and-watches/alarms-clocks-c-5_14_65.html HTTP/1.0" 301 91218 "-" "Sogou web spider/4.0(+http://www.sogou.com/docs/help/webmasters.htm#07)"
157.55.39.72 - - [16/Jul/2021:18:05:24 +0200] "GET /mini-buddhist-garden-in-cement-p-38282.html HTTP/1.0" 301 70264 "-" "Mozilla/5.0 (compatible; bingbot/2.0; +http://www.bing.com/bingbot.htm)"
54.36.148.242 - - [16/Jul/2021:18:05:55 +0200] "GET / HTTP/1.0" 200 95276 "-" "Mozilla/5.0 (compatible; AhrefsBot/7.0; +http://ahrefs.com/robot/)"
207.46.13.122 - - [16/Jul/2021:18:05:59 +0200] "GET /plush-keeleco-eco-friendly-lazy-monkey-p-51849.html HTTP/1.0" 301 70412 "-" "Mozilla/5.0 (compatible; bingbot/2.0; +http://www.bing.com/bingbot.htm)"
207.46.13.122 - - [16/Jul/2021:18:06:00 +0200] "GET /betty-boop-champagne-sugar-box-p-15277.html HTTP/1.0" 301 70423 "-" "Mozilla/5.0 (compatible; bingbot/2.0; +http://www.bing.com/bingbot.htm)"
207.46.13.122 - - [16/Jul/2021:18:06:01 +0200] "GET /decorative-wooden-plate-habite-chez-mon-chien-azure-blue-p-47828.html HTTP/1.0" 301 73458 "-" "Mozilla/5.0 (compatible; bingbot/2.0; +http://www.bing.com/bingbot.htm)"
207.46.13.122 - - [16/Jul/2021:18:06:02 +0200] "GET /bob-marley-song-zippo-lighter-p-13400.html HTTP/1.0" 301 73418 "-" "Mozilla/5.0 (compatible; bingbot/2.0; +http://www.bing.com/bingbot.htm)"
207.46.13.122 - - [16/Jul/2021:18:06:04 +0200] "GET /-p-14578.html HTTP/1.0" 200 70197 "-" "Mozilla/5.0 (compatible; bingbot/2.0; +http://www.bing.com/bingbot.htm)"
207.46.13.182 - - [16/Jul/2021:18:06:04 +0200] "GET /-p-32278.html HTTP/1.0" 200 70197 "-" "Mozilla/5.0 (compatible; bingbot/2.0; +http://www.bing.com/bingbot.htm)"
207.46.13.122 - - [16/Jul/2021:18:06:06 +0200] "GET /pin-up-demonia-figure-by-stephan-saint-emett-p-35270.html HTTP/1.0" 301 70489 "-" "Mozilla/5.0 (compatible; bingbot/2.0; +http://www.bing.com/bingbot.htm)"
157.55.39.180 - - [16/Jul/2021:18:06:05 +0200] "GET /-p-1561.html HTTP/1.0" 200 70195 "-" "Mozilla/5.0 (compatible; bingbot/2.0; +http://www.bing.com/bingbot.htm)"
207.46.13.122 - - [16/Jul/2021:18:06:07 +0200] "GET /-p-35229.html HTTP/1.0" 200 70197 "-" "Mozilla/5.0 (compatible; bingbot/2.0; +http://www.bing.com/bingbot.htm)"
207.46.13.182 - - [16/Jul/2021:18:06:09 +0200] "GET /manual-pouch-umbrella-gorjuss-foxes-p-48435.html HTTP/1.0" 200 74073 "-" "Mozilla/5.0 (compatible; bingbot/2.0; +http://www.bing.com/bingbot.htm)"
207.46.13.122 - - [16/Jul/2021:18:06:09 +0200] "GET /buddhist-bracelet-wooden-beads-beige-p-37669.html HTTP/1.0" 200 72881 "-" "Mozilla/5.0 (compatible; bingbot/2.0; +http://www.bing.com/bingbot.htm)"
207.46.13.182 - - [16/Jul/2021:18:06:10 +0200] "GET /-p-19588.html HTTP/1.0" 200 70197 "-" "Mozilla/5.0 (compatible; bingbot/2.0; +http://www.bing.com/bingbot.htm)"
207.46.13.122 - - [16/Jul/2021:18:06:11 +0200] "GET /buddha-statue-polyresin-80-cm-p-36725.html HTTP/1.0" 301 73109 "-" "Mozilla/5.0 (compatible; bingbot/2.0; +http://www.bing.com/bingbot.htm)"
207.46.13.122 - - [16/Jul/2021:18:06:13 +0200] "GET /johnny-hallyday-zippo-lighter-p-49852.html HTTP/1.0" 200 73957 "-" "Mozilla/5.0 (compatible; bingbot/2.0; +http://www.bing.com/bingbot.htm)"
207.46.13.122 - - [16/Jul/2021:18:06:15 +0200] "GET /12-elmer-colored-pencil-p-14305.html HTTP/1.0" 301 72611 "-" "Mozilla/5.0 (compatible; bingbot/2.0; +http://www.bing.com/bingbot.htm)"
157.55.39.180 - - [16/Jul/2021:18:06:25 +0200] "GET /donkey-eggcup-p-33471.html HTTP/1.0" 301 70264 "-" "Mozilla/5.0 (compatible; bingbot/2.0; +http://www.bing.com/bingbot.htm)"
207.46.13.182 - - [16/Jul/2021:18:06:29 +0200] "GET /dubout-cats-soap-box-10-65-28-cm-p-40104.html HTTP/1.0" 301 73207 "-" "Mozilla/5.0 (compatible; bingbot/2.0; +http://www.bing.com/bingbot.htm)"
157.55.39.177 - - [16/Jul/2021:18:06:48 +0200] "GET /kimmidoll-glasses-case-p-44287.html HTTP/1.0" 200 72898 "-" "Mozilla/5.0 (compatible; bingbot/2.0; +http://www.bing.com/bingbot.htm)"
185.191.171.40 - - [16/Jul/2021:18:06:50 +0200] "GET /robots.txt HTTP/1.0" 200 245 "-" "Mozilla/5.0 (compatible; SemrushBot/7~bl; +http://www.semrush.com/bot.html)"
185.191.171.18 - - [16/Jul/2021:18:06:50 +0200] "GET /fatma-hand-coaster-p-53505.html HTTP/1.0" 200 70259 "-" "Mozilla/5.0 (compatible; SemrushBot/7~bl; +http://www.semrush.com/bot.html)"
207.46.13.179 - - [16/Jul/2021:18:07:02 +0200] "GET /images/big_prod/8422014433117.jpg HTTP/1.0" 200 268 "-" "Mozilla/5.0 (compatible; bingbot/2.0; +http://www.bing.com/bingbot.htm)"
207.46.13.179 - - [16/Jul/2021:18:07:03 +0200] "GET /jeux-vido-ruin-black-shirt-p-30072.html HTTP/1.0" 200 74188 "-" "Mozilla/5.0 (compatible; bingbot/2.0; +http://www.bing.com/bingbot.htm)"
66.249.66.198 - - [16/Jul/2021:18:07:07 +0200] "GET /blue-shower-curtain-p-34865.html HTTP/1.0" 200 72938 "-" "Mozilla/5.0 (compatible; Googlebot/2.1; +http://www.google.com/bot.html)"
185.191.171.20 - - [16/Jul/2021:18:07:22 +0200] "GET /terracotta-flower-p-51992.html HTTP/1.0" 200 70263 "-" "Mozilla/5.0 (compatible; SemrushBot/7~bl; +http://www.semrush.com/bot.html)"
207.46.13.182 - - [16/Jul/2021:18:07:26 +0200] "GET /-p-31121.html HTTP/1.0" 200 70197 "-" "Mozilla/5.0 (compatible; bingbot/2.0; +http://www.bing.com/bingbot.htm)"
157.55.39.78 - - [16/Jul/2021:18:07:29 +0200] "GET /pepe-jeans-suitcase-61-cm-p-33482.html HTTP/1.0" 301 73358 "-" "Mozilla/5.0 (compatible; bingbot/2.0; +http://www.bing.com/bingbot.htm)"
157.55.39.177 - - [16/Jul/2021:18:07:38 +0200] "GET /-p-32757.html HTTP/1.0" 200 70197 "-" "Mozilla/5.0 (compatible; bingbot/2.0; +http://www.bing.com/bingbot.htm)"
54.36.148.242 - - [16/Jul/2021:18:07:44 +0200] "GET /nippon-doll-portfolio-p-27069.html HTTP/1.0" 200 73140 "-" "Mozilla/5.0 (compatible; AhrefsBot/7.0; +http://ahrefs.com/robot/)"
207.46.13.174 - - [16/Jul/2021:18:09:04 +0200] "GET /beyblade-beach-towel-p-14854.html HTTP/1.0" 301 70264 "-" "Mozilla/5.0 (compatible; bingbot/2.0; +http://www.bing.com/bingbot.htm)"
207.46.13.174 - - [16/Jul/2021:18:09:06 +0200] "GET /retro-beach-surf-p-40331.html HTTP/1.0" 200 73508 "-" "Mozilla/5.0 (compatible; bingbot/2.0; +http://www.bing.com/bingbot.htm)"
207.46.13.174 - - [16/Jul/2021:18:09:07 +0200] "GET /blue-perfume-diffuser-p-35888.html HTTP/1.0" 200 72944 "-" "Mozilla/5.0 (compatible; bingbot/2.0; +http://www.bing.com/bingbot.htm)"
157.55.39.180 - - [16/Jul/2021:18:09:08 +0200] "GET /-p-3842.html HTTP/1.0" 200 70195 "-" "Mozilla/5.0 (compatible; bingbot/2.0; +http://www.bing.com/bingbot.htm)"
66.249.66.200 - - [16/Jul/2021:18:09:15 +0200] "GET /blue-shower-curtain-p-34865.html HTTP/1.0" 200 72938 "-" "Mozilla/5.0 (Linux; Android 6.0.1; Nexus 5X Build/MMB29P) AppleWebKit/537.36 (KHTML, like Gecko) Chrome/91.0.4472.90 Mobile Safari/537.36 (compatible; Googlebot/2.1; +http://www.google.com/bot.html)"
185.191.171.39 - - [16/Jul/2021:18:09:27 +0200] "GET /monaco-vintage-poster-p-42523.html HTTP/1.0" 200 72813 "-" "Mozilla/5.0 (compatible; SemrushBot/7~bl; +http://www.semrush.com/bot.html)"
185.191.171.9 - - [16/Jul/2021:18:09:32 +0200] "GET /wall-stickers-treble-clef-p-51124.html?action=add_product HTTP/1.0" 302 476 "-" "Mozilla/5.0 (compatible; SemrushBot/7~bl; +http://www.semrush.com/bot.html)"
185.191.171.22 - - [16/Jul/2021:18:09:35 +0200] "GET /teo-jasmin-teo-playa-mini-mug-p-39828.html HTTP/1.0" 301 70363 "-" "Mozilla/5.0 (compatible; SemrushBot/7~bl; +http://www.semrush.com/bot.html)"
185.191.171.10 - - [16/Jul/2021:18:09:37 +0200] "GET /jasmin-playa-mini-p-39828.html HTTP/1.0" 200 70279 "-" "Mozilla/5.0 (compatible; SemrushBot/7~bl; +http://www.semrush.com/bot.html)"
207.46.13.182 - - [16/Jul/2021:18:09:43 +0200] "GET /monster-high-black-skull-mug-p-17816.html HTTP/1.0" 301 70264 "-" "Mozilla/5.0 (compatible; bingbot/2.0; +http://www.bing.com/bingbot.htm)"
54.36.148.242 - - [16/Jul/2021:18:09:51 +0200] "GET /dishes-c-12.html?page=109 HTTP/1.0" 200 92036 "-" "Mozilla/5.0 (compatible; AhrefsBot/7.0; +http://ahrefs.com/robot/)"
207.46.13.182 - - [16/Jul/2021:18:09:55 +0200] "GET /minnie-mouse-smile-backpack-p-34782.html HTTP/1.0" 200 73000 "-" "Mozilla/5.0 (compatible; bingbot/2.0; +http://www.bing.com/bingbot.htm)"
185.191.171.8 - - [16/Jul/2021:18:10:10 +0200] "GET /chinese-horoscope-gong-p-50584.html HTTP/1.0" 200 73448 "-" "Mozilla/5.0 (compatible; SemrushBot/7~bl; +http://www.semrush.com/bot.html)"
185.191.171.38 - - [16/Jul/2021:18:10:26 +0200] "GET /mini-magnetic-plate-give-up-chocolate-but-not-p-34461.html HTTP/1.0" 301 70552 "-" "Mozilla/5.0 (compatible; SemrushBot/7~bl; +http://www.semrush.com/bot.html)"
157.55.39.180 - - [16/Jul/2021:18:10:26 +0200] "GET /lady-great-power-prayer-candle-novena-p-51636.html HTTP/1.0" 200 73752 "-" "Mozilla/5.0 (compatible; bingbot/2.0; +http://www.bing.com/bingbot.htm)"
185.191.171.44 - - [16/Jul/2021:18:10:28 +0200] "GET /mini-magnetic-plate-give-chocolate-p-34461.html HTTP/1.0" 200 70451 "-" "Mozilla/5.0 (compatible; SemrushBot/7~bl; +http://www.semrush.com/bot.html)"
207.46.13.174 - - [16/Jul/2021:18:11:08 +0200] "GET /duvet-cover-in-cotton-percale-80-threads-200-200-cm-p-48207.html HTTP/1.0" 301 73237 "-" "Mozilla/5.0 (compatible; bingbot/2.0; +http://www.bing.com/bingbot.htm)"
66.249.66.200 - - [16/Jul/2021:18:11:24 +0200] "GET /dream-catcher-shower-curtain-p-50728.html HTTP/1.0" 200 73621 "-" "Mozilla/5.0 (compatible; Googlebot/2.1; +http://www.google.com/bot.html)"
194.146.159.170 - - [16/Jul/2021:18:11:30 +0200] "GET /bookend-c-13_202.html HTTP/1.0" 200 88955 "-" "Mozilla/4.0 (compatible; MSIE 7.0; Windows NT 6.2; WOW64; Trident/7.0; .NET4.0E; .NET4.0C)"
157.55.39.177 - - [16/Jul/2021:18:11:39 +0200] "GET /decorative-door-sticker-p-51535.html HTTP/1.0" 200 73641 "-" "Mozilla/5.0 (compatible; bingbot/2.0; +http://www.bing.com/bingbot.htm)"
86.47.35.197 - - [16/Jul/2021:18:11:41 +0200] "GET /euro-money-cbkreation-p-24132.html HTTP/1.0" 200 72892 "http://www.google.com/" "Mozilla/5.0 (Linux; Android 7.1.1; Lenovo TB-8504F) AppleWebKit/537.36 (KHTML, like Gecko) Chrome/91.0.4472.120 Safari/537.36"
86.47.35.197 - - [16/Jul/2021:18:11:42 +0200] "GET /templates/Pixame_v1/stylesheet.css HTTP/1.0" 200 267 "http://www.wonder-geek.com/euro-money-cbkreation-p-24132.html" "Mozilla/5.0 (Linux; Android 7.1.1; Lenovo TB-8504F) AppleWebKit/537.36 (KHTML, like Gecko) Chrome/91.0.4472.120 Safari/537.36"
86.47.35.197 - - [16/Jul/2021:18:11:42 +0200] "GET /highslide/highslide.js HTTP/1.0" 200 262 "http://www.wonder-geek.com/euro-money-cbkreation-p-24132.html" "Mozilla/5.0 (Linux; Android 7.1.1; Lenovo TB-8504F) AppleWebKit/537.36 (KHTML, like Gecko) Chrome/91.0.4472.120 Safari/537.36"
86.47.35.197 - - [16/Jul/2021:18:11:42 +0200] "GET /js/jquery.js HTTP/1.0" 200 252 "http://www.wonder-geek.com/euro-money-cbkreation-p-24132.html" "Mozilla/5.0 (Linux; Android 7.1.1; Lenovo TB-8504F) AppleWebKit/537.36 (KHTML, like Gecko) Chrome/91.0.4472.120 Safari/537.36"
86.47.35.197 - - [16/Jul/2021:18:11:42 +0200] "GET /js/jquery.jqzoom.js HTTP/1.0" 200 259 "http://www.wonder-geek.com/euro-money-cbkreation-p-24132.html" "Mozilla/5.0 (Linux; Android 7.1.1; Lenovo TB-8504F) AppleWebKit/537.36 (KHTML, like Gecko) Chrome/91.0.4472.120 Safari/537.36"
86.47.35.197 - - [16/Jul/2021:18:11:42 +0200] "GET /mondial_relay/js/jquery-1.3.2.min.js HTTP/1.0" 200 276 "http://www.wonder-geek.com/euro-money-cbkreation-p-24132.html" "Mozilla/5.0 (Linux; Android 7.1.1; Lenovo TB-8504F) AppleWebKit/537.36 (KHTML, like Gecko) Chrome/91.0.4472.120 Safari/537.36"
86.47.35.197 - - [16/Jul/2021:18:11:42 +0200] "GET /swfobject.js HTTP/1.0" 404 1308 "http://www.wonder-geek.com/euro-money-cbkreation-p-24132.html" "Mozilla/5.0 (Linux; Android 7.1.1; Lenovo TB-8504F) AppleWebKit/537.36 (KHTML, like Gecko) Chrome/91.0.4472.120 Safari/537.36"
86.47.35.197 - - [16/Jul/2021:18:11:42 +0200] "GET /templates/Pixame_v1/images/icon_accueil2.png HTTP/1.0" 200 278 "http://www.wonder-geek.com/euro-money-cbkreation-p-24132.html" "Mozilla/5.0 (Linux; Android 7.1.1; Lenovo TB-8504F) AppleWebKit/537.36 (KHTML, like Gecko) Chrome/91.0.4472.120 Safari/537.36"
86.47.35.197 - - [16/Jul/2021:18:11:42 +0200] "GET /templates/Pixame_v1/images/infobox/pixel_trans.gif HTTP/1.0" 200 328 "http://www.wonder-geek.com/euro-money-cbkreation-p-24132.html" "Mozilla/5.0 (Linux; Android 7.1.1; Lenovo TB-8504F) AppleWebKit/537.36 (KHTML, like Gecko) Chrome/91.0.4472.120 Safari/537.36"
86.47.35.197 - - [16/Jul/2021:18:11:42 +0200] "GET /images/pixel_trans.gif HTTP/1.0" 200 328 "http://www.wonder-geek.com/euro-money-cbkreation-p-24132.html" "Mozilla/5.0 (Linux; Android 7.1.1; Lenovo TB-8504F) AppleWebKit/537.36 (KHTML, like Gecko) Chrome/91.0.4472.120 Safari/537.36"
86.47.35.197 - - [16/Jul/2021:18:11:42 +0200] "GET /templates/Pixame_v1/images/pixel_trans.gif HTTP/1.0" 200 328 "http://www.wonder-geek.com/euro-money-cbkreation-p-24132.html" "Mozilla/5.0 (Linux; Android 7.1.1; Lenovo TB-8504F) AppleWebKit/537.36 (KHTML, like Gecko) Chrome/91.0.4472.120 Safari/537.36"
86.47.35.197 - - [16/Jul/2021:18:11:42 +0200] "GET /images/1399984236284.jpg HTTP/1.0" 200 259 "http://www.wonder-geek.com/euro-money-cbkreation-p-24132.html" "Mozilla/5.0 (Linux; Android 7.1.1; Lenovo TB-8504F) AppleWebKit/537.36 (KHTML, like Gecko) Chrome/91.0.4472.120 Safari/537.36"
86.47.35.197 - - [16/Jul/2021:18:11:42 +0200] "GET /templates/Pixame_v1/images/buttons/english/button_in_cart.gif HTTP/1.0" 200 295 "http://www.wonder-geek.com/euro-money-cbkreation-p-24132.html" "Mozilla/5.0 (Linux; Android 7.1.1; Lenovo TB-8504F) AppleWebKit/537.36 (KHTML, like Gecko) Chrome/91.0.4472.120 Safari/537.36"
86.47.35.197 - - [16/Jul/2021:18:11:42 +0200] "GET /swfobject.js HTTP/1.0" 404 1308 "http://www.wonder-geek.com/euro-money-cbkreation-p-24132.html" "Mozilla/5.0 (Linux; Android 7.1.1; Lenovo TB-8504F) AppleWebKit/537.36 (KHTML, like Gecko) Chrome/91.0.4472.120 Safari/537.36"
86.47.35.197 - - [16/Jul/2021:18:11:42 +0200] "GET /templates/Pixame_v1/images/Bottom_texture.jpg HTTP/1.0" 200 280 "http://www.wonder-geek.com/templates/Pixame_v1/stylesheet.css" "Mozilla/5.0 (Linux; Android 7.1.1; Lenovo TB-8504F) AppleWebKit/537.36 (KHTML, like Gecko) Chrome/91.0.4472.120 Safari/537.36"
86.47.35.197 - - [16/Jul/2021:18:11:42 +0200] "GET /templates/Pixame_v1/images/Middle_texture.jpg HTTP/1.0" 200 280 "http://www.wonder-geek.com/templates/Pixame_v1/stylesheet.css" "Mozilla/5.0 (Linux; Android 7.1.1; Lenovo TB-8504F) AppleWebKit/537.36 (KHTML, like Gecko) Chrome/91.0.4472.120 Safari/537.36"
86.47.35.197 - - [16/Jul/2021:18:11:42 +0200] "GET /templates/Pixame_v1/images/nav.png HTTP/1.0" 200 268 "http://www.wonder-geek.com/templates/Pixame_v1/stylesheet.css" "Mozilla/5.0 (Linux; Android 7.1.1; Lenovo TB-8504F) AppleWebKit/537.36 (KHTML, like Gecko) Chrome/91.0.4472.120 Safari/537.36"
86.47.35.197 - - [16/Jul/2021:18:11:43 +0200] "GET /templates/Pixame_v1/images/header.png HTTP/1.0" 200 271 "http://www.wonder-geek.com/templates/Pixame_v1/stylesheet.css" "Mozilla/5.0 (Linux; Android 7.1.1; Lenovo TB-8504F) AppleWebKit/537.36 (KHTML, like Gecko) Chrome/91.0.4472.120 Safari/537.36"
86.47.35.197 - - [16/Jul/2021:18:11:43 +0200] "GET /templates/Pixame_v1/images/header-object.png HTTP/1.0" 200 278 "http://www.wonder-geek.com/templates/Pixame_v1/stylesheet.css" "Mozilla/5.0 (Linux; Android 7.1.1; Lenovo TB-8504F) AppleWebKit/537.36 (KHTML, like Gecko) Chrome/91.0.4472.120 Safari/537.36"
54.36.148.242 - - [16/Jul/2021:18:11:42 +0200] "GET /dishes-c-12.html?page=105 HTTP/1.0" 200 91329 "-" "Mozilla/5.0 (compatible; AhrefsBot/7.0; +http://ahrefs.com/robot/)"
86.47.35.197 - - [16/Jul/2021:18:11:43 +0200] "GET /design/productsenstock.png HTTP/1.0" 200 260 "http://www.wonder-geek.com/templates/Pixame_v1/stylesheet.css" "Mozilla/5.0 (Linux; Android 7.1.1; Lenovo TB-8504F) AppleWebKit/537.36 (KHTML, like Gecko) Chrome/91.0.4472.120 Safari/537.36"
86.47.35.197 - - [16/Jul/2021:18:11:43 +0200] "GET /templates/Pixame_v1/images/infobox/infobox_footer_middle.gif HTTP/1.0" 200 357 "http://www.wonder-geek.com/euro-money-cbkreation-p-24132.html" "Mozilla/5.0 (Linux; Android 7.1.1; Lenovo TB-8504F) AppleWebKit/537.36 (KHTML, like Gecko) Chrome/91.0.4472.120 Safari/537.36"
86.47.35.197 - - [16/Jul/2021:18:11:43 +0200] "GET /highslide/graphics/zoomin.cur HTTP/1.0" 200 614 "http://www.wonder-geek.com/templates/Pixame_v1/stylesheet.css" "Mozilla/5.0 (Linux; Android 7.1.1; Lenovo TB-8504F) AppleWebKit/537.36 (KHTML, like Gecko) Chrome/91.0.4472.120 Safari/537.36"
86.47.35.197 - - [16/Jul/2021:18:11:44 +0200] "GET /highslide/graphics/outlines/drop-shadow.png HTTP/1.0" 200 277 "http://www.wonder-geek.com/euro-money-cbkreation-p-24132.html" "Mozilla/5.0 (Linux; Android 7.1.1; Lenovo TB-8504F) AppleWebKit/537.36 (KHTML, like Gecko) Chrome/91.0.4472.120 Safari/537.36"
86.47.35.197 - - [16/Jul/2021:18:11:44 +0200] "GET /highslide/graphics/zoomout.cur HTTP/1.0" 200 614 "http://www.wonder-geek.com/euro-money-cbkreation-p-24132.html" "Mozilla/5.0 (Linux; Android 7.1.1; Lenovo TB-8504F) AppleWebKit/537.36 (KHTML, like Gecko) Chrome/91.0.4472.120 Safari/537.36"
86.47.35.197 - - [16/Jul/2021:18:11:44 +0200] "GET /highslide/graphics/loader.white.gif HTTP/1.0" 200 960 "http://www.wonder-geek.com/templates/Pixame_v1/stylesheet.css" "Mozilla/5.0 (Linux; Android 7.1.1; Lenovo TB-8504F) AppleWebKit/537.36 (KHTML, like Gecko) Chrome/91.0.4472.120 Safari/537.36"
