157.55.39.78 - - [16/Jul/2021:17:06:52 +0200] "GET /images/big_prod/8499132041685.jpg HTTP/1.0" 200 268 "-" "Mozilla/5.0 (compatible; bingbot/2.0; +http://www.bing.com/bingbot.htm)"
157.55.39.167 - - [16/Jul/2021:17:06:56 +0200] "GET /lotus-candleholder-chakra-indigo-goldlining-p-35519.html HTTP/1.0" 200 74453 "-" "Mozilla/5.0 (compatible; bingbot/2.0; +http://www.bing.com/bingbot.htm)"
185.191.171.40 - - [16/Jul/2021:17:07:03 +0200] "GET /decorative-wooden-plate-table-p-55802.html?action=add_product HTTP/1.0" 302 476 "-" "Mozilla/5.0 (compatible; SemrushBot/7~bl; +http://www.semrush.com/bot.html)"
106.38.241.175 - - [16/Jul/2021:17:07:13 +0200] "GET / HTTP/1.0" 200 95186 "-" "Sogou web spider/4.0(+http://www.sogou.com/docs/help/webmasters.htm#07)"
207.46.13.179 - - [16/Jul/2021:17:07:17 +0200] "GET /metal-small-box-for-baby-teeth-pink-p-47099.html HTTP/1.0" 301 73741 "-" "Mozilla/5.0 (compatible; bingbot/2.0; +http://www.bing.com/bingbot.htm)"
157.55.39.180 - - [16/Jul/2021:17:07:21 +0200] "GET /bistrot-rendez-vous-amis-cotton-potholder-p-41492.html HTTP/1.0" 200 70377 "-" "Mozilla/5.0 (compatible; bingbot/2.0; +http://www.bing.com/bingbot.htm)"
207.46.13.174 - - [16/Jul/2021:17:07:28 +0200] "GET /-p-19986.html HTTP/1.0" 200 70197 "-" "Mozilla/5.0 (compatible; bingbot/2.0; +http://www.bing.com/bingbot.htm)"
157.55.39.166 - - [16/Jul/2021:17:07:33 +0200] "GET /elmer-teddy-bear-3d-magnet-p-7174.html HTTP/1.0" 301 70399 "-" "Mozilla/5.0 (compatible; bingbot/2.0; +http://www.bing.com/bingbot.htm)"
157.55.39.166 - - [16/Jul/2021:17:07:34 +0200] "GET /-p-9973.html HTTP/1.0" 200 70195 "-" "Mozilla/5.0 (compatible; bingbot/2.0; +http://www.bing.com/bingbot.htm)"
157.55.39.177 - - [16/Jul/2021:17:07:43 +0200] "GET /js/jquery.js HTTP/1.0" 200 252 "-" "Mozilla/5.0 (compatible; bingbot/2.0; +http://www.bing.com/bingbot.htm)"
157.55.39.177 - - [16/Jul/2021:17:07:45 +0200] "GET /js/jquery.js HTTP/1.0" 200 252 "-" "Mozilla/5.0 (compatible; bingbot/2.0; +http://www.bing.com/bingbot.htm)"
157.55.39.177 - - [16/Jul/2021:17:07:53 +0200] "GET /js/jquery.js HTTP/1.0" 200 252 "-" "Mozilla/5.0 (compatible; bingbot/2.0; +http://www.bing.com/bingbot.htm)"
54.36.148.176 - - [16/Jul/2021:17:07:59 +0200] "GET /cats-les-vilaines-filles-teapot-p-48612.html HTTP/1.0" 301 73665 "-" "Mozilla/5.0 (compatible; AhrefsBot/7.0; +http://ahrefs.com/robot/)"
207.46.13.174 - - [16/Jul/2021:17:08:20 +0200] "GET /monstro-gepetto-pinocchio-figure-collection-p-51177.html HTTP/1.0" 200 74999 "-" "Mozilla/5.0 (compatible; bingbot/2.0; +http://www.bing.com/bingbot.htm)"
207.46.13.174 - - [16/Jul/2021:17:08:22 +0200] "GET /anjali-mudra-yoga-statue-p-50992.html HTTP/1.0" 200 73508 "-" "Mozilla/5.0 (compatible; bingbot/2.0; +http://www.bing.com/bingbot.htm)"
54.36.148.242 - - [16/Jul/2021:17:08:23 +0200] "GET /mojito-placemat-p-49104.html HTTP/1.0" 200 70233 "-" "Mozilla/5.0 (compatible; AhrefsBot/7.0; +http://ahrefs.com/robot/)"
157.55.39.167 - - [16/Jul/2021:17:08:24 +0200] "GET /images/mini_prod/8422011476155.jpg HTTP/1.0" 200 269 "-" "Mozilla/5.0 (compatible; bingbot/2.0; +http://www.bing.com/bingbot.htm)"
185.191.171.38 - - [16/Jul/2021:17:08:43 +0200] "GET /cats-dubout-bowl-p-45217.html HTTP/1.0" 200 72776 "-" "Mozilla/5.0 (compatible; SemrushBot/7~bl; +http://www.semrush.com/bot.html)"
207.46.13.174 - - [16/Jul/2021:17:09:46 +0200] "GET /-p-29502.html HTTP/1.0" 200 70197 "-" "Mozilla/5.0 (compatible; bingbot/2.0; +http://www.bing.com/bingbot.htm)"
207.46.13.174 - - [16/Jul/2021:17:09:48 +0200] "GET /-p-20570.html HTTP/1.0" 200 70197 "-" "Mozilla/5.0 (compatible; bingbot/2.0; +http://www.bing.com/bingbot.htm)"
157.55.39.167 - - [16/Jul/2021:17:09:57 +0200] "GET /jamaca-flag-p-12080.html HTTP/1.0" 301 70264 "-" "Mozilla/5.0 (compatible; bingbot/2.0; +http://www.bing.com/bingbot.htm)"
66.249.66.202 - - [16/Jul/2021:17:09:57 +0200] "GET /shower-curtain-p-50726.html HTTP/1.0" 200 73723 "-" "Mozilla/5.0 (compatible; Googlebot/2.1; +http://www.google.com/bot.html)"
207.46.13.182 - - [16/Jul/2021:17:10:02 +0200] "GET /panda-in-paris-placemat-p-45587.html HTTP/1.0" 301 72897 "-" "Mozilla/5.0 (compatible; bingbot/2.0; +http://www.bing.com/bingbot.htm)"
54.36.148.242 - - [16/Jul/2021:17:10:04 +0200] "GET /laissez-lucie-faire-placemat-p-31116.html HTTP/1.0" 200 72862 "-" "Mozilla/5.0 (compatible; AhrefsBot/7.0; +http://ahrefs.com/robot/)"
185.191.171.7 - - [16/Jul/2021:17:10:09 +0200] "GET /harley-davidson-large-metal-plate-deco-p-28079.html HTTP/1.0" 200 72930 "-" "Mozilla/5.0 (compatible; SemrushBot/7~bl; +http://www.semrush.com/bot.html)"
157.55.39.166 - - [16/Jul/2021:17:10:13 +0200] "GET /disney-princess-jewelry-box-p-37039.html HTTP/1.0" 301 73837 "-" "Mozilla/5.0 (compatible; bingbot/2.0; +http://www.bing.com/bingbot.htm)"
185.191.171.41 - - [16/Jul/2021:17:10:15 +0200] "GET /glass-cutting-board-cbkreation-p-51328.html HTTP/1.0" 200 72903 "-" "Mozilla/5.0 (compatible; SemrushBot/7~bl; +http://www.semrush.com/bot.html)"
185.191.171.37 - - [16/Jul/2021:17:10:17 +0200] "GET /coasters-p-39475.html?action=add_product HTTP/1.0" 302 476 "-" "Mozilla/5.0 (compatible; SemrushBot/7~bl; +http://www.semrush.com/bot.html)"
185.191.171.14 - - [16/Jul/2021:17:10:24 +0200] "GET /spanish-flag-horizontal-bag-p-33647.html HTTP/1.0" 301 73180 "-" "Mozilla/5.0 (compatible; SemrushBot/7~bl; +http://www.semrush.com/bot.html)"
185.191.171.37 - - [16/Jul/2021:17:10:26 +0200] "GET /spanish-flag-horizontal-p-33647.html HTTP/1.0" 200 73090 "-" "Mozilla/5.0 (compatible; SemrushBot/7~bl; +http://www.semrush.com/bot.html)"
185.191.171.2 - - [16/Jul/2021:17:10:36 +0200] "GET /find-your-moana-figurine-p-42107.html?action=add_product HTTP/1.0" 302 476 "-" "Mozilla/5.0 (compatible; SemrushBot/7~bl; +http://www.semrush.com/bot.html)"
207.46.13.179 - - [16/Jul/2021:17:10:45 +0200] "GET /images/4717115120269.jpg HTTP/1.0" 200 259 "-" "Mozilla/5.0 (compatible; bingbot/2.0; +http://www.bing.com/bingbot.htm)"
207.46.13.182 - - [16/Jul/2021:17:11:25 +0200] "GET /images/big_prod_1/1820027000000B.jpg HTTP/1.0" 200 271 "-" "Mozilla/5.0 (compatible; bingbot/2.0; +http://www.bing.com/bingbot.htm)"
54.36.148.242 - - [16/Jul/2021:17:11:38 +0200] "GET /braided-bracelet-victoria-couture-hello-kitty-blue-p-13721.html HTTP/1.0" 200 73254 "-" "Mozilla/5.0 (compatible; AhrefsBot/7.0; +http://ahrefs.com/robot/)"
207.46.13.182 - - [16/Jul/2021:17:11:46 +0200] "GET /-p-48729.html HTTP/1.0" 200 70197 "-" "Mozilla/5.0 (compatible; bingbot/2.0; +http://www.bing.com/bingbot.htm)"
185.191.171.7 - - [16/Jul/2021:17:12:02 +0200] "GET /stationery-cardmaking-c-129.html?page=20 HTTP/1.0" 200 92463 "-" "Mozilla/5.0 (compatible; SemrushBot/7~bl; +http://www.semrush.com/bot.html)"
40.77.167.77 - - [16/Jul/2021:17:12:06 +0200] "GET /grimoire-magic-magic-spells-p-35439.html HTTP/1.0" 200 73272 "-" "Mozilla/5.0 (compatible; bingbot/2.0; +http://www.bing.com/bingbot.htm)"
40.77.167.77 - - [16/Jul/2021:17:12:34 +0200] "GET /-p-34981.html HTTP/1.0" 200 70197 "-" "Mozilla/5.0 (compatible; bingbot/2.0; +http://www.bing.com/bingbot.htm)"
207.46.13.182 - - [16/Jul/2021:17:12:46 +0200] "GET /-p-38829.html HTTP/1.0" 200 70197 "-" "Mozilla/5.0 (compatible; bingbot/2.0; +http://www.bing.com/bingbot.htm)"
66.249.66.198 - - [16/Jul/2021:17:12:46 +0200] "GET /cotton-floor-cushion-burundi-p-51051.html HTTP/1.0" 200 70295 "-" "Mozilla/5.0 (Linux; Android 6.0.1; Nexus 5X Build/MMB29P) AppleWebKit/537.36 (KHTML, like Gecko) Chrome/91.0.4472.90 Mobile Safari/537.36 (compatible; Googlebot/2.1; +http://www.google.com/bot.html)"
40.77.167.77 - - [16/Jul/2021:17:13:00 +0200] "GET /images/mini_prod/8422048009616.jpg HTTP/1.0" 200 269 "-" "Mozilla/5.0 (compatible; bingbot/2.0; +http://www.bing.com/bingbot.htm)"
157.55.39.166 - - [16/Jul/2021:17:13:02 +0200] "GET /-p-29838.html HTTP/1.0" 200 70197 "-" "Mozilla/5.0 (compatible; bingbot/2.0; +http://www.bing.com/bingbot.htm)"
54.36.148.242 - - [16/Jul/2021:17:13:04 +0200] "GET /stool-table-c-13_212.html HTTP/1.0" 200 80473 "-" "Mozilla/5.0 (compatible; AhrefsBot/7.0; +http://ahrefs.com/robot/)"
207.46.13.182 - - [16/Jul/2021:17:13:08 +0200] "GET /-p-35480.html HTTP/1.0" 200 70197 "-" "Mozilla/5.0 (compatible; bingbot/2.0; +http://www.bing.com/bingbot.htm)"
185.191.171.6 - - [16/Jul/2021:17:13:12 +0200] "GET /wooden-p-31734.html HTTP/1.0" 200 70227 "-" "Mozilla/5.0 (compatible; SemrushBot/7~bl; +http://www.semrush.com/bot.html)"
54.36.148.103 - - [16/Jul/2021:17:13:27 +0200] "GET /charmmy-kitty-embroidered-funky-bag-p-8380.html HTTP/1.0" 301 70261 "-" "Mozilla/5.0 (compatible; AhrefsBot/7.0; +http://ahrefs.com/robot/)"
207.46.13.182 - - [16/Jul/2021:17:13:27 +0200] "GET /titeuf-sticker-p-24724.html HTTP/1.0" 200 72875 "-" "Mozilla/5.0 (compatible; bingbot/2.0; +http://www.bing.com/bingbot.htm)"
207.46.13.174 - - [16/Jul/2021:17:13:34 +0200] "GET /mister-happy-london-reporter-bag-p-18238.html HTTP/1.0" 301 70435 "-" "Mozilla/5.0 (compatible; bingbot/2.0; +http://www.bing.com/bingbot.htm)"
185.191.171.37 - - [16/Jul/2021:17:13:39 +0200] "GET /figurine-buddha-head-in-white-patinated-clay-41-cm-p-45988.html HTTP/1.0" 301 73855 "-" "Mozilla/5.0 (compatible; SemrushBot/7~bl; +http://www.semrush.com/bot.html)"
66.249.66.200 - - [16/Jul/2021:17:13:41 +0200] "GET /shower-curtain-p-50726.html HTTP/1.0" 200 73723 "-" "Mozilla/5.0 (Linux; Android 6.0.1; Nexus 5X Build/MMB29P) AppleWebKit/537.36 (KHTML, like Gecko) Chrome/91.0.4472.90 Mobile Safari/537.36 (compatible; Googlebot/2.1; +http://www.google.com/bot.html)"
185.191.171.45 - - [16/Jul/2021:17:13:41 +0200] "GET /figurine-buddha-head-white-patinated-clay-p-45988.html HTTP/1.0" 200 73747 "-" "Mozilla/5.0 (compatible; SemrushBot/7~bl; +http://www.semrush.com/bot.html)"
207.46.13.174 - - [16/Jul/2021:17:13:44 +0200] "GET /-p-3458.html HTTP/1.0" 200 70195 "-" "Mozilla/5.0 (compatible; bingbot/2.0; +http://www.bing.com/bingbot.htm)"
157.55.39.78 - - [16/Jul/2021:17:13:53 +0200] "GET /fancy-elastic-bracelet-buddha-p-43734.html HTTP/1.0" 200 72857 "-" "Mozilla/5.0 (compatible; bingbot/2.0; +http://www.bing.com/bingbot.htm)"
185.191.171.10 - - [16/Jul/2021:17:13:55 +0200] "GET /hanging-metal-structure-tree-of-life-82-cm-p-49482.html HTTP/1.0" 301 73107 "-" "Mozilla/5.0 (compatible; SemrushBot/7~bl; +http://www.semrush.com/bot.html)"
185.191.171.14 - - [16/Jul/2021:17:13:58 +0200] "GET /hanging-metal-structure-tree-life-p-49482.html HTTP/1.0" 200 73007 "-" "Mozilla/5.0 (compatible; SemrushBot/7~bl; +http://www.semrush.com/bot.html)"
207.46.13.182 - - [16/Jul/2021:17:14:07 +0200] "GET /gorjuss-found-my-family-in-book-figure-collection-p-28065.html HTTP/1.0" 301 70264 "-" "Mozilla/5.0 (compatible; bingbot/2.0; +http://www.bing.com/bingbot.htm)"
157.55.39.177 - - [16/Jul/2021:17:14:08 +0200] "GET /spiderman-mattress-swimming-pool-p-14357.html HTTP/1.0" 200 73027 "-" "Mozilla/5.0 (compatible; bingbot/2.0; +http://www.bing.com/bingbot.htm)"
157.55.39.177 - - [16/Jul/2021:17:14:09 +0200] "GET /bistrot-de-paris-opener-p-19944.html HTTP/1.0" 301 72955 "-" "Mozilla/5.0 (compatible; bingbot/2.0; +http://www.bing.com/bingbot.htm)"
157.55.39.177 - - [16/Jul/2021:17:14:11 +0200] "GET /best-breakfast-cutting-board-23-14-cm-p-40645.html HTTP/1.0" 301 73040 "-" "Mozilla/5.0 (compatible; bingbot/2.0; +http://www.bing.com/bingbot.htm)"
157.55.39.167 - - [16/Jul/2021:17:14:14 +0200] "GET /swfobject.js HTTP/1.0" 404 1308 "-" "Mozilla/5.0 (compatible; bingbot/2.0; +http://www.bing.com/bingbot.htm)"
157.55.39.167 - - [16/Jul/2021:17:14:15 +0200] "GET /trolley-backpack-the-dreamer-gorjuss-p-47752.html HTTP/1.0" 301 74908 "-" "Mozilla/5.0 (compatible; bingbot/2.0; +http://www.bing.com/bingbot.htm)"
157.55.39.167 - - [16/Jul/2021:17:14:16 +0200] "GET /bohemian-ethnic-style-burlap-table-p-47329.html HTTP/1.0" 200 73513 "-" "Mozilla/5.0 (compatible; bingbot/2.0; +http://www.bing.com/bingbot.htm)"
51.68.224.127 - - [16/Jul/2021:17:14:16 +0200] "GET /adminweb/export_orders_xml.php?token=256de2z6edz6ed2z6DFSFsed2zed6zeDSFDSGdzedezfzf&maxorders=10&orderstart=1&status=14&start_date=2018-10-01 HTTP/1.0" 200 285 "-" "GesCom CharlotteBoutik Serveur"
51.68.224.127 - - [16/Jul/2021:17:14:17 +0200] "GET /adminweb/export_orders_xml.php?token=256de2z6edz6ed2z6DFSFsed2zed6zeDSFDSGdzedezfzf&maxorders=10&orderstart=1&status=6&start_date=2018-10-01 HTTP/1.0" 200 29786 "-" "GesCom CharlotteBoutik Serveur"
54.36.148.242 - - [16/Jul/2021:17:14:32 +0200] "GET /money-boxes-c-13_83.html?page=1 HTTP/1.0" 200 92579 "-" "Mozilla/5.0 (compatible; AhrefsBot/7.0; +http://ahrefs.com/robot/)"
185.191.171.41 - - [16/Jul/2021:17:14:47 +0200] "GET /boho-wooden-frame-30-30-cm-dream-love-p-39228.html HTTP/1.0" 301 73088 "-" "Mozilla/5.0 (compatible; SemrushBot/7~bl; +http://www.semrush.com/bot.html)"
185.191.171.38 - - [16/Jul/2021:17:14:49 +0200] "GET /boho-wooden-frame-dream-love-p-39228.html HTTP/1.0" 200 72993 "-" "Mozilla/5.0 (compatible; SemrushBot/7~bl; +http://www.semrush.com/bot.html)"
207.46.13.174 - - [16/Jul/2021:17:15:07 +0200] "GET /miss-sunshine-money-box-p-2715.html HTTP/1.0" 301 70354 "-" "Mozilla/5.0 (compatible; bingbot/2.0; +http://www.bing.com/bingbot.htm)"
207.46.13.174 - - [16/Jul/2021:17:15:09 +0200] "GET /crayola-set-of-24-markers-washable-p-16592.html HTTP/1.0" 301 70429 "-" "Mozilla/5.0 (compatible; bingbot/2.0; +http://www.bing.com/bingbot.htm)"
54.36.148.242 - - [16/Jul/2021:17:16:06 +0200] "GET /amazon-love-tamarins-p-50278.html HTTP/1.0" 200 73693 "-" "Mozilla/5.0 (compatible; AhrefsBot/7.0; +http://ahrefs.com/robot/)"
157.55.39.177 - - [16/Jul/2021:17:16:44 +0200] "GET /strawberry-shortcake-curtain-p-3251.html HTTP/1.0" 200 70297 "-" "Mozilla/5.0 (compatible; bingbot/2.0; +http://www.bing.com/bingbot.htm)"
49.7.21.122 - - [16/Jul/2021:17:17:11 +0200] "GET /alarms-clocks-clocks-and-watches/alarms-clocks-c-5_14_65.html HTTP/1.0" 301 91218 "-" "Sogou web spider/4.0(+http://www.sogou.com/docs/help/webmasters.htm#07)"
185.191.171.2 - - [16/Jul/2021:17:17:16 +0200] "GET /retro-led-sign-bar-bire-et-chope-p-42688.html HTTP/1.0" 301 70387 "-" "Mozilla/5.0 (compatible; SemrushBot/7~bl; +http://www.semrush.com/bot.html)"
185.191.171.26 - - [16/Jul/2021:17:17:19 +0200] "GET /retro-sign-bire-chope-p-42688.html HTTP/1.0" 200 70299 "-" "Mozilla/5.0 (compatible; SemrushBot/7~bl; +http://www.semrush.com/bot.html)"
66.249.66.198 - - [16/Jul/2021:17:17:19 +0200] "GET /london-shower-curtain-p-34867.html HTTP/1.0" 200 72954 "-" "Mozilla/5.0 (compatible; Googlebot/2.1; +http://www.google.com/bot.html)"
185.191.171.36 - - [16/Jul/2021:17:17:22 +0200] "GET /cotton-floor-cushion-monica-p-54418.html?action=add_product HTTP/1.0" 302 476 "-" "Mozilla/5.0 (compatible; SemrushBot/7~bl; +http://www.semrush.com/bot.html)"
157.55.39.166 - - [16/Jul/2021:17:17:43 +0200] "GET /images/big_prod/8427133370275.jpg HTTP/1.0" 200 268 "-" "Mozilla/5.0 (compatible; bingbot/2.0; +http://www.bing.com/bingbot.htm)"
54.36.148.242 - - [16/Jul/2021:17:17:44 +0200] "GET /silhouette-ceramic-vase-charles-rennie-mackintosh-p-55381.html HTTP/1.0" 200 74170 "-" "Mozilla/5.0 (compatible; AhrefsBot/7.0; +http://ahrefs.com/robot/)"
185.191.171.4 - - [16/Jul/2021:17:17:44 +0200] "GET /sausage-with-knife-bodega-p-47319.html HTTP/1.0" 200 72887 "-" "Mozilla/5.0 (compatible; SemrushBot/7~bl; +http://www.semrush.com/bot.html)"
157.55.39.167 - - [16/Jul/2021:17:17:56 +0200] "GET /cotton-bed-base-cover-160-200-cm-mastic-p-44229.html HTTP/1.0" 301 73073 "-" "Mozilla/5.0 (compatible; bingbot/2.0; +http://www.bing.com/bingbot.htm)"
207.46.13.122 - - [16/Jul/2021:17:19:01 +0200] "GET /candy-cloud-hair-brush-stardust-p-46651.html HTTP/1.0" 200 73530 "-" "Mozilla/5.0 (compatible; bingbot/2.0; +http://www.bing.com/bingbot.htm)"
207.46.13.122 - - [16/Jul/2021:17:19:03 +0200] "GET /images/big_prod_2/1345544973335N.jpg HTTP/1.0" 200 271 "-" "Mozilla/5.0 (compatible; bingbot/2.0; +http://www.bing.com/bingbot.htm)"
207.46.13.122 - - [16/Jul/2021:17:19:04 +0200] "GET /atlantic-surf-spot-wooden-wall-decoration-hang-p-39693.html HTTP/1.0" 200 70377 "-" "Mozilla/5.0 (compatible; bingbot/2.0; +http://www.bing.com/bingbot.htm)"
207.46.13.122 - - [16/Jul/2021:17:19:04 +0200] "GET /-p-39316.html HTTP/1.0" 200 70197 "-" "Mozilla/5.0 (compatible; bingbot/2.0; +http://www.bing.com/bingbot.htm)"
207.46.13.122 - - [16/Jul/2021:17:19:05 +0200] "GET /zodiac-white-women-tee-shirt-p-30802.html HTTP/1.0" 301 74953 "-" "Mozilla/5.0 (compatible; bingbot/2.0; +http://www.bing.com/bingbot.htm)"
157.55.39.167 - - [16/Jul/2021:17:19:18 +0200] "GET /hannah-montana-white-swimsuit-p-30254.html HTTP/1.0" 301 70264 "-" "Mozilla/5.0 (compatible; bingbot/2.0; +http://www.bing.com/bingbot.htm)"
54.36.148.242 - - [16/Jul/2021:17:19:23 +0200] "GET /charmmy-kitty-large-cosmetic-p-26666.html HTTP/1.0" 200 73176 "-" "Mozilla/5.0 (compatible; AhrefsBot/7.0; +http://ahrefs.com/robot/)"
157.55.39.124 - - [16/Jul/2021:17:19:28 +0200] "GET /ceramic-lamb-bank-13-cm-p-49169.html HTTP/1.0" 301 70351 "-" "Mozilla/5.0 (compatible; bingbot/2.0; +http://www.bing.com/bingbot.htm)"
157.55.39.124 - - [16/Jul/2021:17:19:29 +0200] "GET /disney-princesses-cardigan-p-31129.html HTTP/1.0" 200 74331 "-" "Mozilla/5.0 (compatible; bingbot/2.0; +http://www.bing.com/bingbot.htm)"
157.55.39.124 - - [16/Jul/2021:17:19:30 +0200] "GET /tarot-box-ohm-p-37142.html HTTP/1.0" 301 73895 "-" "Mozilla/5.0 (compatible; bingbot/2.0; +http://www.bing.com/bingbot.htm)"
157.55.39.124 - - [16/Jul/2021:17:19:31 +0200] "GET /white-foliage-soliflore-p-36360.html HTTP/1.0" 200 72881 "-" "Mozilla/5.0 (compatible; bingbot/2.0; +http://www.bing.com/bingbot.htm)"
185.191.171.25 - - [16/Jul/2021:17:19:57 +0200] "GET /indian-elephant-coasters-p-55595.html HTTP/1.0" 200 73899 "-" "Mozilla/5.0 (compatible; SemrushBot/7~bl; +http://www.semrush.com/bot.html)"
157.55.39.72 - - [16/Jul/2021:17:19:59 +0200] "GET /heure-adult-apron-p-51196.html HTTP/1.0" 200 72839 "-" "Mozilla/5.0 (compatible; bingbot/2.0; +http://www.bing.com/bingbot.htm)"
66.249.66.200 - - [16/Jul/2021:17:20:04 +0200] "GET /mandala-coasters-ceramic-set-of-p-44401.html HTTP/1.0" 301 70426 "-" "Mozilla/5.0 (Linux; Android 6.0.1; Nexus 5X Build/MMB29P) AppleWebKit/537.36 (KHTML, like Gecko) Chrome/91.0.4472.90 Mobile Safari/537.36 (compatible; Googlebot/2.1; +http://www.google.com/bot.html)"
66.249.66.202 - - [16/Jul/2021:17:20:05 +0200] "GET /mandala-coasters-ceramic-p-44401.html HTTP/1.0" 200 70335 "-" "Mozilla/5.0 (Linux; Android 6.0.1; Nexus 5X Build/MMB29P) AppleWebKit/537.36 (KHTML, like Gecko) Chrome/91.0.4472.90 Mobile Safari/537.36 (compatible; Googlebot/2.1; +http://www.google.com/bot.html)"
207.46.13.179 - - [16/Jul/2021:17:20:07 +0200] "GET /images/big_prod/3665269008012.jpg HTTP/1.0" 200 268 "-" "Mozilla/5.0 (compatible; bingbot/2.0; +http://www.bing.com/bingbot.htm)"
66.249.66.200 - - [16/Jul/2021:17:20:15 +0200] "GET /black-fancy-elastic-bracelet-p-43726.html HTTP/1.0" 200 72837 "-" "Mozilla/5.0 (Linux; Android 6.0.1; Nexus 5X Build/MMB29P) AppleWebKit/537.36 (KHTML, like Gecko) Chrome/91.0.4472.90 Mobile Safari/537.36 (compatible; Googlebot/2.1; +http://www.google.com/bot.html)"
185.191.171.41 - - [16/Jul/2021:17:20:27 +0200] "GET /horse-pot-cookware-cbkreation-p-29797.html HTTP/1.0" 301 72953 "-" "Mozilla/5.0 (compatible; SemrushBot/7~bl; +http://www.semrush.com/bot.html)"
157.55.39.180 - - [16/Jul/2021:17:20:29 +0200] "GET /underwear-c-2_38.html HTTP/1.0" 200 75493 "-" "Mozilla/5.0 (compatible; bingbot/2.0; +http://www.bing.com/bingbot.htm)"
185.191.171.38 - - [16/Jul/2021:17:20:29 +0200] "GET /horse-cookware-cbkreation-p-29797.html HTTP/1.0" 200 72861 "-" "Mozilla/5.0 (compatible; SemrushBot/7~bl; +http://www.semrush.com/bot.html)"
207.46.13.182 - - [16/Jul/2021:17:20:33 +0200] "GET /-p-3611.html HTTP/1.0" 200 70195 "-" "Mozilla/5.0 (compatible; bingbot/2.0; +http://www.bing.com/bingbot.htm)"
157.55.39.177 - - [16/Jul/2021:17:20:44 +0200] "GET /lois-black-leather-wallet-p-38159.html HTTP/1.0" 200 73767 "-" "Mozilla/5.0 (compatible; bingbot/2.0; +http://www.bing.com/bingbot.htm)"
157.55.39.177 - - [16/Jul/2021:17:20:47 +0200] "GET /gund-boo-heros-13-cm-plush-p-28645.html HTTP/1.0" 301 72976 "-" "Mozilla/5.0 (compatible; bingbot/2.0; +http://www.bing.com/bingbot.htm)"
54.36.148.242 - - [16/Jul/2021:17:20:58 +0200] "GET /white-resin-lamp-p-55239.html HTTP/1.0" 200 73668 "-" "Mozilla/5.0 (compatible; AhrefsBot/7.0; +http://ahrefs.com/robot/)"
66.249.66.198 - - [16/Jul/2021:17:21:00 +0200] "GET /london-shower-curtain-p-34867.html HTTP/1.0" 200 72954 "-" "Mozilla/5.0 (Linux; Android 6.0.1; Nexus 5X Build/MMB29P) AppleWebKit/537.36 (KHTML, like Gecko) Chrome/91.0.4472.90 Mobile Safari/537.36 (compatible; Googlebot/2.1; +http://www.google.com/bot.html)"
157.55.39.78 - - [16/Jul/2021:17:21:04 +0200] "GET /mickey-lunch-box-p-17149.html HTTP/1.0" 301 70339 "-" "Mozilla/5.0 (compatible; bingbot/2.0; +http://www.bing.com/bingbot.htm)"
157.55.39.78 - - [16/Jul/2021:17:21:13 +0200] "GET /images/big_prod/5051276388236.jpg HTTP/1.0" 200 268 "-" "Mozilla/5.0 (compatible; bingbot/2.0; +http://www.bing.com/bingbot.htm)"
185.191.171.10 - - [16/Jul/2021:17:21:16 +0200] "GET /sonny-angel-figure-marines-series-p-13109.html?action=add_product HTTP/1.0" 302 476 "-" "Mozilla/5.0 (compatible; SemrushBot/7~bl; +http://www.semrush.com/bot.html)"
157.55.39.180 - - [16/Jul/2021:17:21:20 +0200] "GET /-p-18339.html HTTP/1.0" 200 70197 "-" "Mozilla/5.0 (compatible; bingbot/2.0; +http://www.bing.com/bingbot.htm)"
207.46.13.182 - - [16/Jul/2021:17:21:28 +0200] "GET /images/5018997517871.jpg HTTP/1.0" 200 259 "-" "Mozilla/5.0 (compatible; bingbot/2.0; +http://www.bing.com/bingbot.htm)"
207.46.13.182 - - [16/Jul/2021:17:21:58 +0200] "GET /paris-tour-eiffel-small-metal-plate-postcard-p-15296.html HTTP/1.0" 200 70363 "-" "Mozilla/5.0 (compatible; bingbot/2.0; +http://www.bing.com/bingbot.htm)"
207.46.13.182 - - [16/Jul/2021:17:22:00 +0200] "GET /-p-32478.html HTTP/1.0" 200 70197 "-" "Mozilla/5.0 (compatible; bingbot/2.0; +http://www.bing.com/bingbot.htm)"
66.249.66.202 - - [16/Jul/2021:17:22:17 +0200] "GET /batman-penguin-p-5778.html HTTP/1.0" 200 72817 "-" "Mozilla/5.0 (Linux; Android 6.0.1; Nexus 5X Build/MMB29P) AppleWebKit/537.36 (KHTML, like Gecko) Chrome/91.0.4472.90 Mobile Safari/537.36 (compatible; Googlebot/2.1; +http://www.google.com/bot.html)"
157.55.39.180 - - [16/Jul/2021:17:22:20 +0200] "GET /musical-jewelry-box-p-42719.html HTTP/1.0" 301 73021 "-" "Mozilla/5.0 (compatible; bingbot/2.0; +http://www.bing.com/bingbot.htm)"
207.46.13.174 - - [16/Jul/2021:17:22:24 +0200] "GET /bon-anniv-hip-hip-hourra-card-p-20047.html HTTP/1.0" 301 73009 "-" "Mozilla/5.0 (compatible; bingbot/2.0; +http://www.bing.com/bingbot.htm)"
157.55.39.180 - - [16/Jul/2021:17:22:30 +0200] "GET /elvis-presley-small-metal-plate-p-12507.html HTTP/1.0" 200 70343 "-" "Mozilla/5.0 (compatible; bingbot/2.0; +http://www.bing.com/bingbot.htm)"
207.46.13.182 - - [16/Jul/2021:17:22:39 +0200] "GET /wooden-rack-nostalgic-art-delivered-empty-p-38447.html HTTP/1.0" 301 74015 "-" "Mozilla/5.0 (compatible; bingbot/2.0; +http://www.bing.com/bingbot.htm)"
54.36.148.242 - - [16/Jul/2021:17:22:39 +0200] "GET /london-academy-backpack-p-44926.html HTTP/1.0" 200 73795 "-" "Mozilla/5.0 (compatible; AhrefsBot/7.0; +http://ahrefs.com/robot/)"
157.55.39.177 - - [16/Jul/2021:17:22:57 +0200] "GET /coca-cola-sugar-box-p-31659.html HTTP/1.0" 301 70357 "-" "Mozilla/5.0 (compatible; bingbot/2.0; +http://www.bing.com/bingbot.htm)"
185.191.171.22 - - [16/Jul/2021:17:23:10 +0200] "GET /ballerina-statue-collection-white-p-40422.html HTTP/1.0" 200 73023 "-" "Mozilla/5.0 (compatible; SemrushBot/7~bl; +http://www.semrush.com/bot.html)"
185.191.171.25 - - [16/Jul/2021:17:23:17 +0200] "GET /-p-39199.html?action=add_product HTTP/1.0" 302 476 "-" "Mozilla/5.0 (compatible; SemrushBot/7~bl; +http://www.semrush.com/bot.html)"
157.55.39.167 - - [16/Jul/2021:17:23:21 +0200] "GET /gorjuss-pencil-case-the-scarf-p-40493.html HTTP/1.0" 301 72981 "-" "Mozilla/5.0 (compatible; bingbot/2.0; +http://www.bing.com/bingbot.htm)"
157.55.39.167 - - [16/Jul/2021:17:23:22 +0200] "GET /winnie-pooh-figure-p-2858.html HTTP/1.0" 200 70288 "-" "Mozilla/5.0 (compatible; bingbot/2.0; +http://www.bing.com/bingbot.htm)"
157.55.39.166 - - [16/Jul/2021:17:23:25 +0200] "GET /paris-tour-eiffel-soap-dish-p-8642.html HTTP/1.0" 200 72863 "-" "Mozilla/5.0 (compatible; bingbot/2.0; +http://www.bing.com/bingbot.htm)"
157.55.39.166 - - [16/Jul/2021:17:23:46 +0200] "GET /teletubbies-towel-p-3188.html HTTP/1.0" 301 70261 "-" "Mozilla/5.0 (compatible; bingbot/2.0; +http://www.bing.com/bingbot.htm)"
207.46.13.179 - - [16/Jul/2021:17:23:57 +0200] "GET /stitch-laying-down-collection-statuette-p-47679.html HTTP/1.0" 200 74629 "-" "Mozilla/5.0 (compatible; bingbot/2.0; +http://www.bing.com/bingbot.htm)"
157.55.39.78 - - [16/Jul/2021:17:24:04 +0200] "GET /images/big_prod/3700407600182.jpg HTTP/1.0" 200 268 "-" "Mozilla/5.0 (compatible; bingbot/2.0; +http://www.bing.com/bingbot.htm)"
54.36.148.242 - - [16/Jul/2021:17:24:23 +0200] "GET /brown-ceramic-lamp-leaf-pattern-p-55249.html HTTP/1.0" 200 73736 "-" "Mozilla/5.0 (compatible; AhrefsBot/7.0; +http://ahrefs.com/robot/)"
66.249.66.198 - - [16/Jul/2021:17:24:41 +0200] "GET /forest-shower-curtain-p-39389.html HTTP/1.0" 200 72931 "-" "Mozilla/5.0 (compatible; Googlebot/2.1; +http://www.google.com/bot.html)"
157.55.39.167 - - [16/Jul/2021:17:25:00 +0200] "GET /towel-bath-towels-c-13_11_70.html HTTP/1.0" 200 90873 "-" "Mozilla/5.0 (compatible; bingbot/2.0; +http://www.bing.com/bingbot.htm)"
157.55.39.72 - - [16/Jul/2021:17:25:09 +0200] "GET /glass-votive-holder-heart-and-home-p-33133.html HTTP/1.0" 301 70412 "-" "Mozilla/5.0 (compatible; bingbot/2.0; +http://www.bing.com/bingbot.htm)"
157.55.39.166 - - [16/Jul/2021:17:25:14 +0200] "GET /espresso-allen-desings-p-48229.html HTTP/1.0" 200 73503 "-" "Mozilla/5.0 (compatible; bingbot/2.0; +http://www.bing.com/bingbot.htm)"
157.55.39.180 - - [16/Jul/2021:17:25:19 +0200] "GET /eiffel-tower-paris-glass-ashtray-p-48206.html HTTP/1.0" 200 74676 "-" "Mozilla/5.0 (compatible; bingbot/2.0; +http://www.bing.com/bingbot.htm)"
157.55.39.167 - - [16/Jul/2021:17:25:23 +0200] "GET /-m-20.html HTTP/1.0" 200 89787 "-" "Mozilla/5.0 (compatible; bingbot/2.0; +http://www.bing.com/bingbot.htm)"
157.55.39.166 - - [16/Jul/2021:17:26:06 +0200] "GET /my-little-pony-mini-led-glitter-shake-and-shine-p-31919.html HTTP/1.0" 301 73451 "-" "Mozilla/5.0 (compatible; bingbot/2.0; +http://www.bing.com/bingbot.htm)"
54.36.148.242 - - [16/Jul/2021:17:26:12 +0200] "GET /blue-rabbit-money-p-55567.html HTTP/1.0" 200 72870 "-" "Mozilla/5.0 (compatible; AhrefsBot/7.0; +http://ahrefs.com/robot/)"
185.191.171.26 - - [16/Jul/2021:17:26:16 +0200] "GET /collectible-figurines-and-decorative-c-13_135.html?page=27 HTTP/1.0" 301 96674 "-" "Mozilla/5.0 (compatible; SemrushBot/7~bl; +http://www.semrush.com/bot.html)"
185.191.171.2 - - [16/Jul/2021:17:26:19 +0200] "GET /collectible-figurines-decorative-c-135.html?page=27 HTTP/1.0" 301 96551 "-" "Mozilla/5.0 (compatible; SemrushBot/7~bl; +http://www.semrush.com/bot.html)"
157.55.39.72 - - [16/Jul/2021:17:26:20 +0200] "GET /purse-and-wallet-c-31_76.html HTTP/1.0" 301 90979 "-" "Mozilla/5.0 (compatible; bingbot/2.0; +http://www.bing.com/bingbot.htm)"
185.191.171.3 - - [16/Jul/2021:17:26:21 +0200] "GET /collectible-figurines-decorative-c-13_135.html?page=27 HTTP/1.0" 200 96569 "-" "Mozilla/5.0 (compatible; SemrushBot/7~bl; +http://www.semrush.com/bot.html)"
185.191.171.5 - - [16/Jul/2021:17:26:28 +0200] "GET /gold-seahorse-statuette-p-54264.html?action=add_product HTTP/1.0" 302 476 "-" "Mozilla/5.0 (compatible; SemrushBot/7~bl; +http://www.semrush.com/bot.html)"
185.191.171.42 - - [16/Jul/2021:17:26:48 +0200] "GET /scented-candles-and-novenas-c-231_227.html?page=10 HTTP/1.0" 301 94130 "-" "Mozilla/5.0 (compatible; SemrushBot/7~bl; +http://www.semrush.com/bot.html)"
185.191.171.13 - - [16/Jul/2021:17:26:50 +0200] "GET /scented-candles-novenas-c-227.html?page=10 HTTP/1.0" 301 93999 "-" "Mozilla/5.0 (compatible; SemrushBot/7~bl; +http://www.semrush.com/bot.html)"
185.191.171.41 - - [16/Jul/2021:17:26:52 +0200] "GET /scented-candles-novenas-c-231_227.html?page=10 HTTP/1.0" 200 94034 "-" "Mozilla/5.0 (compatible; SemrushBot/7~bl; +http://www.semrush.com/bot.html)"
8.209.90.55 - - [16/Jul/2021:17:26:59 +0200] "GET /snowman-solar-powered-dancing-p-34143.html]Test HTTP/1.0" 301 609 "http://wonder-geek.com/snowman-solar-powered-dancing-p-34143.html]Test" "Mozilla/5.0 (Windows NT 6.1; WOW64) AppleWebKit/537.36 (KHTML, like Gecko) Chrome/83.0.4103.61 Safari/537.36"
8.209.90.55 - - [16/Jul/2021:17:27:00 +0200] "GET /snowman-solar-powered-dancing-p-34143.html%5dTest HTTP/1.0" 404 1308 "http://www.wonder-geek.com/snowman-solar-powered-dancing-p-34143.html%5dTest" "Mozilla/5.0 (Windows NT 6.1; WOW64) AppleWebKit/537.36 (KHTML, like Gecko) Chrome/83.0.4103.61 Safari/537.36"
8.209.90.55 - - [16/Jul/2021:17:27:01 +0200] "GET / HTTP/1.0" 301 511 "http://wonder-geek.com/" "Mozilla/5.0 (Windows NT 6.1; WOW64) AppleWebKit/537.36 (KHTML, like Gecko) Chrome/83.0.4103.61 Safari/537.36"
8.209.90.55 - - [16/Jul/2021:17:27:02 +0200] "GET / HTTP/1.0" 200 95615 "http://www.wonder-geek.com/" "Mozilla/5.0 (Windows NT 6.1; WOW64) AppleWebKit/537.36 (KHTML, like Gecko) Chrome/83.0.4103.61 Safari/537.36"
8.209.90.55 - - [16/Jul/2021:17:27:03 +0200] "GET /trivet-boards-c-12_158.html HTTP/1.0" 200 94005 "http://www.wonder-geek.com/trivet-boards-c-12_158.html" "Mozilla/5.0 (Windows NT 6.1; WOW64) AppleWebKit/537.36 (KHTML, like Gecko) Chrome/83.0.4103.61 Safari/537.36"
8.209.90.55 - - [16/Jul/2021:17:27:05 +0200] "GET /cardboard-boxes-storage-c-13_150_216.html HTTP/1.0" 200 77637 "http://www.wonder-geek.com/cardboard-boxes-storage-c-13_150_216.html" "Mozilla/5.0 (Windows NT 6.1; WOW64) AppleWebKit/537.36 (KHTML, like Gecko) Chrome/83.0.4103.61 Safari/537.36"
8.209.90.55 - - [16/Jul/2021:17:27:06 +0200] "GET /cushion-headboard-c-11_173.html HTTP/1.0" 200 88965 "http://www.wonder-geek.com/cushion-headboard-c-11_173.html" "Mozilla/5.0 (Windows NT 6.1; WOW64) AppleWebKit/537.36 (KHTML, like Gecko) Chrome/83.0.4103.61 Safari/537.36"
8.209.90.55 - - [16/Jul/2021:17:27:08 +0200] "GET /contact_us.php HTTP/1.0" 200 26238 "http://www.wonder-geek.com/contact_us.php" "Mozilla/5.0 (Windows NT 6.1; WOW64) AppleWebKit/537.36 (KHTML, like Gecko) Chrome/83.0.4103.61 Safari/537.36"
8.209.90.55 - - [16/Jul/2021:17:27:13 +0200] "POST /contact_us.php?action=send HTTP/1.0" 200 26527 "http://www.wonder-geek.com/contact_us.php" "Mozilla/5.0 (Windows NT 6.1; WOW64) AppleWebKit/537.36 (KHTML, like Gecko) Chrome/83.0.4103.61 Safari/537.36"
207.46.13.174 - - [16/Jul/2021:17:27:22 +0200] "GET /bmw-metal-plate-30-20-cm-p-31676.html HTTP/1.0" 301 70339 "-" "Mozilla/5.0 (compatible; bingbot/2.0; +http://www.bing.com/bingbot.htm)"
207.46.13.182 - - [16/Jul/2021:17:27:30 +0200] "GET /heart-home-friendly-stick-diffuser-bamboo-ginger-p-52804.html HTTP/1.0" 200 74045 "-" "Mozilla/5.0 (compatible; bingbot/2.0; +http://www.bing.com/bingbot.htm)"
54.36.148.242 - - [16/Jul/2021:17:28:04 +0200] "GET /phone-cover-iphone-p-20609.html HTTP/1.0" 200 73630 "-" "Mozilla/5.0 (compatible; AhrefsBot/7.0; +http://ahrefs.com/robot/)"
66.249.66.198 - - [16/Jul/2021:17:28:21 +0200] "GET /forest-shower-curtain-p-39389.html HTTP/1.0" 200 72931 "-" "Mozilla/5.0 (Linux; Android 6.0.1; Nexus 5X Build/MMB29P) AppleWebKit/537.36 (KHTML, like Gecko) Chrome/91.0.4472.90 Mobile Safari/537.36 (compatible; Googlebot/2.1; +http://www.google.com/bot.html)"
185.191.171.2 - - [16/Jul/2021:17:28:31 +0200] "GET /betty-boop-baroque-espresso-p-16549.html?action=add_product HTTP/1.0" 302 476 "-" "Mozilla/5.0 (compatible; SemrushBot/7~bl; +http://www.semrush.com/bot.html)"
207.46.13.174 - - [16/Jul/2021:17:28:40 +0200] "GET /beyblade-inflatable-boat-p-14361.html HTTP/1.0" 200 73236 "-" "Mozilla/5.0 (compatible; bingbot/2.0; +http://www.bing.com/bingbot.htm)"
207.46.13.174 - - [16/Jul/2021:17:28:42 +0200] "GET /peugeot-large-metal-plate-deco-p-34123.html HTTP/1.0" 200 70307 "-" "Mozilla/5.0 (compatible; bingbot/2.0; +http://www.bing.com/bingbot.htm)"
157.55.39.177 - - [16/Jul/2021:17:29:06 +0200] "GET /pepe-jeans-leather-wallet-beige-p-38145.html HTTP/1.0" 200 70349 "-" "Mozilla/5.0 (compatible; bingbot/2.0; +http://www.bing.com/bingbot.htm)"
157.55.39.72 - - [16/Jul/2021:17:29:10 +0200] "GET /-p-10213.html HTTP/1.0" 200 70197 "-" "Mozilla/5.0 (compatible; bingbot/2.0; +http://www.bing.com/bingbot.htm)"
66.249.66.200 - - [16/Jul/2021:17:29:13 +0200] "GET /salt-with-wooden-spoon-aderne-p-54828.html HTTP/1.0" 200 73001 "-" "Mozilla/5.0 (compatible; Googlebot/2.1; +http://www.google.com/bot.html)"
207.46.13.182 - - [16/Jul/2021:17:29:15 +0200] "GET /model-pocket-album-create-your-topmodel-p-28577.html HTTP/1.0" 301 70264 "-" "Mozilla/5.0 (compatible; bingbot/2.0; +http://www.bing.com/bingbot.htm)"
157.55.39.78 - - [16/Jul/2021:17:29:16 +0200] "GET /superman-polar-blanket-p-31998.html HTTP/1.0" 200 73025 "-" "Mozilla/5.0 (compatible; bingbot/2.0; +http://www.bing.com/bingbot.htm)"
157.55.39.180 - - [16/Jul/2021:17:29:22 +0200] "GET /-p-21440.html HTTP/1.0" 200 70197 "-" "Mozilla/5.0 (compatible; bingbot/2.0; +http://www.bing.com/bingbot.htm)"
157.55.39.177 - - [16/Jul/2021:17:29:36 +0200] "GET /-p-30627.html HTTP/1.0" 200 70197 "-" "Mozilla/5.0 (compatible; bingbot/2.0; +http://www.bing.com/bingbot.htm)"
207.46.13.182 - - [16/Jul/2021:17:29:44 +0200] "GET /bob-marley-yellow-alarm-clock-p-14121.html HTTP/1.0" 301 73009 "-" "Mozilla/5.0 (compatible; bingbot/2.0; +http://www.bing.com/bingbot.htm)"
66.249.66.198 - - [16/Jul/2021:17:29:46 +0200] "GET /images/big_prod_1/3014627746132NN.jpg HTTP/1.0" 200 272 "-" "Googlebot-Image/1.0"
54.36.148.242 - - [16/Jul/2021:17:29:51 +0200] "GET /caramel-shoulder-rose-libellule-p-55626.html HTTP/1.0" 200 74092 "-" "Mozilla/5.0 (compatible; AhrefsBot/7.0; +http://ahrefs.com/robot/)"
207.46.13.179 - - [16/Jul/2021:17:29:59 +0200] "GET /-p-19352.html HTTP/1.0" 200 70197 "-" "Mozilla/5.0 (compatible; bingbot/2.0; +http://www.bing.com/bingbot.htm)"
157.55.39.180 - - [16/Jul/2021:17:30:31 +0200] "GET /-p-12379.html HTTP/1.0" 200 70197 "-" "Mozilla/5.0 (compatible; bingbot/2.0; +http://www.bing.com/bingbot.htm)"
157.55.39.177 - - [16/Jul/2021:17:30:35 +0200] "GET /pucca-towel-p-2356.html HTTP/1.0" 200 72896 "-" "Mozilla/5.0 (compatible; bingbot/2.0; +http://www.bing.com/bingbot.htm)"
185.191.171.44 - - [16/Jul/2021:17:30:39 +0200] "GET /christmas-tree-decoration-the-little-prince-p-50292.html HTTP/1.0" 301 73148 "-" "Mozilla/5.0 (compatible; SemrushBot/7~bl; +http://www.semrush.com/bot.html)"
185.191.171.13 - - [16/Jul/2021:17:30:42 +0200] "GET /christmas-tree-decoration-little-prince-p-50292.html HTTP/1.0" 200 73042 "-" "Mozilla/5.0 (compatible; SemrushBot/7~bl; +http://www.semrush.com/bot.html)"
51.68.224.127 - - [16/Jul/2021:17:31:00 +0200] "GET /adminweb/export_orders_xml.php?token=256de2z6edz6ed2z6DFSFsed2zed6zeDSFDSGdzedezfzf&maxorders=10&orderstart=1&status=14&start_date=2018-10-01 HTTP/1.0" 200 285 "-" "GesCom CharlotteBoutik Serveur"
51.68.224.127 - - [16/Jul/2021:17:31:00 +0200] "GET /adminweb/export_orders_xml.php?token=256de2z6edz6ed2z6DFSFsed2zed6zeDSFDSGdzedezfzf&maxorders=10&orderstart=1&status=6&start_date=2018-10-01 HTTP/1.0" 200 29786 "-" "GesCom CharlotteBoutik Serveur"
157.55.39.166 - - [16/Jul/2021:17:31:08 +0200] "GET /plush-penguin-yoopy-star-p-42701.html HTTP/1.0" 200 72992 "-" "Mozilla/5.0 (compatible; bingbot/2.0; +http://www.bing.com/bingbot.htm)"
207.46.13.182 - - [16/Jul/2021:17:31:28 +0200] "GET /egyptian-queen-nefertiti-statuette-in-bronze-aspect-resin-p-52829.html HTTP/1.0" 301 73271 "-" "Mozilla/5.0 (compatible; bingbot/2.0; +http://www.bing.com/bingbot.htm)"
54.36.148.242 - - [16/Jul/2021:17:31:36 +0200] "GET /sonny-angel-figurine-series-p-27671.html HTTP/1.0" 200 73410 "-" "Mozilla/5.0 (compatible; AhrefsBot/7.0; +http://ahrefs.com/robot/)"
157.55.39.166 - - [16/Jul/2021:17:31:46 +0200] "GET /decorative-wooden-plate-entree-interdite-aux-raleurs-light-brown-p-47813.html HTTP/1.0" 301 73503 "-" "Mozilla/5.0 (compatible; bingbot/2.0; +http://www.bing.com/bingbot.htm)"
207.46.13.182 - - [16/Jul/2021:17:31:55 +0200] "GET /-p-5555.html HTTP/1.0" 200 70195 "-" "Mozilla/5.0 (compatible; bingbot/2.0; +http://www.bing.com/bingbot.htm)"
207.46.13.182 - - [16/Jul/2021:17:32:00 +0200] "GET /-p-14640.html HTTP/1.0" 200 70197 "-" "Mozilla/5.0 (compatible; bingbot/2.0; +http://www.bing.com/bingbot.htm)"
66.249.66.202 - - [16/Jul/2021:17:32:02 +0200] "GET /pink-flamingos-shower-curtain-p-50730.html HTTP/1.0" 200 73630 "-" "Mozilla/5.0 (compatible; Googlebot/2.1; +http://www.google.com/bot.html)"
157.55.39.166 - - [16/Jul/2021:17:32:04 +0200] "GET /decorations-and-furnishings/decorations/betty-boop-damier-large-mirror-p-18312.html HTTP/1.0" 301 70264 "-" "Mozilla/5.0 (compatible; bingbot/2.0; +http://www.bing.com/bingbot.htm)"
157.55.39.167 - - [16/Jul/2021:17:32:19 +0200] "GET /elmer-lunchbox-p-19443.html HTTP/1.0" 200 70261 "-" "Mozilla/5.0 (compatible; bingbot/2.0; +http://www.bing.com/bingbot.htm)"
157.55.39.167 - - [16/Jul/2021:17:32:22 +0200] "GET /lion-king-stacked-charaters-p-51160.html HTTP/1.0" 200 74038 "-" "Mozilla/5.0 (compatible; bingbot/2.0; +http://www.bing.com/bingbot.htm)"
66.249.66.198 - - [16/Jul/2021:17:32:27 +0200] "GET /decorative-door-sticker-p-51533.html HTTP/1.0" 200 73668 "-" "Mozilla/5.0 (Linux; Android 6.0.1; Nexus 5X Build/MMB29P) AppleWebKit/537.36 (KHTML, like Gecko) Chrome/91.0.4472.90 Mobile Safari/537.36 (compatible; Googlebot/2.1; +http://www.google.com/bot.html)"
207.46.13.179 - - [16/Jul/2021:17:32:40 +0200] "GET /coca-cola-large-metal-plate-deco-p-27960.html HTTP/1.0" 200 72882 "-" "Mozilla/5.0 (compatible; bingbot/2.0; +http://www.bing.com/bingbot.htm)"
185.191.171.40 - - [16/Jul/2021:17:32:41 +0200] "GET /schoolbag-caramel-blue-butterfly-p-55617.html HTTP/1.0" 200 74220 "-" "Mozilla/5.0 (compatible; SemrushBot/7~bl; +http://www.semrush.com/bot.html)"
207.46.13.174 - - [16/Jul/2021:17:33:02 +0200] "GET /amazing-surfing-wooden-wall-decoration-to-hang-p-41387.html HTTP/1.0" 301 73225 "-" "Mozilla/5.0 (compatible; bingbot/2.0; +http://www.bing.com/bingbot.htm)"
157.55.39.166 - - [16/Jul/2021:17:33:06 +0200] "GET /images/big_prod/3503420069109.jpg HTTP/1.0" 200 268 "-" "Mozilla/5.0 (compatible; bingbot/2.0; +http://www.bing.com/bingbot.htm)"
54.36.148.242 - - [16/Jul/2021:17:33:20 +0200] "GET /petsy-terracotta-planter-grey-p-55326.html HTTP/1.0" 200 73603 "-" "Mozilla/5.0 (compatible; AhrefsBot/7.0; +http://ahrefs.com/robot/)"
157.55.39.180 - - [16/Jul/2021:17:33:21 +0200] "GET /marilyn-monroe-small-metal-plate-p-12513.html HTTP/1.0" 200 70348 "-" "Mozilla/5.0 (compatible; bingbot/2.0; +http://www.bing.com/bingbot.htm)"
157.55.39.78 - - [16/Jul/2021:17:33:28 +0200] "GET /maya-bees-suitcase-lunch-p-14417.html HTTP/1.0" 200 73198 "-" "Mozilla/5.0 (compatible; bingbot/2.0; +http://www.bing.com/bingbot.htm)"
157.55.39.180 - - [16/Jul/2021:17:33:33 +0200] "GET /wax-melt-rambling-rose-p-39001.html HTTP/1.0" 301 73525 "-" "Mozilla/5.0 (compatible; bingbot/2.0; +http://www.bing.com/bingbot.htm)"
185.191.171.10 - - [16/Jul/2021:17:33:37 +0200] "GET /adults-c-53.html?page=6 HTTP/1.0" 200 91301 "-" "Mozilla/5.0 (compatible; SemrushBot/7~bl; +http://www.semrush.com/bot.html)"
207.46.13.182 - - [16/Jul/2021:17:34:02 +0200] "GET /accessories-mobiles-c-3_17.html HTTP/1.0" 200 94332 "-" "Mozilla/5.0 (compatible; bingbot/2.0; +http://www.bing.com/bingbot.htm)"
185.191.171.5 - - [16/Jul/2021:17:34:15 +0200] "GET /toiletbrush-pebbles-p-50691.html?action=add_product HTTP/1.0" 302 476 "-" "Mozilla/5.0 (compatible; SemrushBot/7~bl; +http://www.semrush.com/bot.html)"
157.55.39.166 - - [16/Jul/2021:17:34:15 +0200] "GET /small-bamboo-led-alarm-clock-p-47510.html HTTP/1.0" 301 74040 "-" "Mozilla/5.0 (compatible; bingbot/2.0; +http://www.bing.com/bingbot.htm)"
157.55.39.72 - - [16/Jul/2021:17:34:20 +0200] "GET /little-yellow-moustache-ring-p-53467.html HTTP/1.0" 200 73326 "-" "Mozilla/5.0 (compatible; bingbot/2.0; +http://www.bing.com/bingbot.htm)"
106.38.241.175 - - [16/Jul/2021:17:34:20 +0200] "GET / HTTP/1.0" 200 95218 "-" "Sogou web spider/4.0(+http://www.sogou.com/docs/help/webmasters.htm#07)"
157.55.39.72 - - [16/Jul/2021:17:34:22 +0200] "GET /disney-princess-cushion-p-6763.html HTTP/1.0" 301 70261 "-" "Mozilla/5.0 (compatible; bingbot/2.0; +http://www.bing.com/bingbot.htm)"
207.46.13.174 - - [16/Jul/2021:17:34:39 +0200] "GET /jasmin-p-32294.html HTTP/1.0" 200 72845 "-" "Mozilla/5.0 (compatible; bingbot/2.0; +http://www.bing.com/bingbot.htm)"
185.191.171.3 - - [16/Jul/2021:17:34:48 +0200] "GET /amethyst-energy-care-stick-p-47219.html HTTP/1.0" 200 73143 "-" "Mozilla/5.0 (compatible; SemrushBot/7~bl; +http://www.semrush.com/bot.html)"
54.36.148.242 - - [16/Jul/2021:17:35:01 +0200] "GET /wooden-holder-jewelry-p-55559.html HTTP/1.0" 200 74498 "-" "Mozilla/5.0 (compatible; AhrefsBot/7.0; +http://ahrefs.com/robot/)"
185.220.100.253 - - [16/Jul/2021:17:35:04 +0200] "GET /contact_us.php HTTP/1.0" 200 26238 "http://www.wonder-geek.com/contact_us.php" "Mozilla/5.0 (Windows NT 10.0; WOW64) AppleWebKit/537.36 (KHTML, like Gecko) Chrome/90.0.4430.93 Safari/537.36"
185.220.100.253 - - [16/Jul/2021:17:35:06 +0200] "POST /contact_us.php?action=send HTTP/1.0" 200 26678 "http://www.wonder-geek.com/contact_us.php" "Mozilla/5.0 (Windows NT 10.0; WOW64) AppleWebKit/537.36 (KHTML, like Gecko) Chrome/90.0.4430.93 Safari/537.36"
157.55.39.177 - - [16/Jul/2021:17:35:07 +0200] "GET /us-route-66-metal-plate-20-30-cm-p-12560.html HTTP/1.0" 301 70373 "-" "Mozilla/5.0 (compatible; bingbot/2.0; +http://www.bing.com/bingbot.htm)"
185.220.100.253 - - [16/Jul/2021:17:35:08 +0200] "GET /contact_us.php HTTP/1.0" 200 26238 "http://www.wonder-geek.com/contact_us.php" "Mozilla/5.0 (Windows NT 10.0; WOW64) AppleWebKit/537.36 (KHTML, like Gecko) Chrome/90.0.4430.93 Safari/537.36"
185.191.171.33 - - [16/Jul/2021:17:35:08 +0200] "GET /blue-dragon-money-p-54838.html HTTP/1.0" 200 72869 "-" "Mozilla/5.0 (compatible; SemrushBot/7~bl; +http://www.semrush.com/bot.html)"
157.55.39.167 - - [16/Jul/2021:17:35:20 +0200] "GET /jakarta-light-blue-carpet-60-120-cm-p-48424.html HTTP/1.0" 301 73782 "-" "Mozilla/5.0 (compatible; bingbot/2.0; +http://www.bing.com/bingbot.htm)"
185.191.171.2 - - [16/Jul/2021:17:35:28 +0200] "GET /incense-elephant-rose-15-gr-sandalwood-p-40372.html HTTP/1.0" 301 73214 "-" "Mozilla/5.0 (compatible; SemrushBot/7~bl; +http://www.semrush.com/bot.html)"
185.191.171.45 - - [16/Jul/2021:17:35:31 +0200] "GET /incense-lphant-rose-sandalwood-p-40372.html HTTP/1.0" 200 73117 "-" "Mozilla/5.0 (compatible; SemrushBot/7~bl; +http://www.semrush.com/bot.html)"
66.249.66.198 - - [16/Jul/2021:17:35:43 +0200] "GET /pink-flamingos-shower-curtain-p-50730.html HTTP/1.0" 200 73630 "-" "Mozilla/5.0 (Linux; Android 6.0.1; Nexus 5X Build/MMB29P) AppleWebKit/537.36 (KHTML, like Gecko) Chrome/91.0.4472.90 Mobile Safari/537.36 (compatible; Googlebot/2.1; +http://www.google.com/bot.html)"
207.46.13.182 - - [16/Jul/2021:17:35:50 +0200] "GET /mickey-romero-britto-small-notebook-p-27938.html HTTP/1.0" 200 72983 "-" "Mozilla/5.0 (compatible; bingbot/2.0; +http://www.bing.com/bingbot.htm)"
157.55.39.72 - - [16/Jul/2021:17:36:10 +0200] "GET /images/big_prod/3453131132459.jpg HTTP/1.0" 200 268 "-" "Mozilla/5.0 (compatible; bingbot/2.0; +http://www.bing.com/bingbot.htm)"
185.191.171.44 - - [16/Jul/2021:17:36:10 +0200] "GET /la-dolce-vita-perpetual-calendar-p-27862.html HTTP/1.0" 301 70438 "-" "Mozilla/5.0 (compatible; SemrushBot/7~bl; +http://www.semrush.com/bot.html)"
185.191.171.35 - - [16/Jul/2021:17:36:12 +0200] "GET /dolce-vita-perpetual-calendar-p-27862.html HTTP/1.0" 200 70342 "-" "Mozilla/5.0 (compatible; SemrushBot/7~bl; +http://www.semrush.com/bot.html)"
207.46.13.182 - - [16/Jul/2021:17:36:14 +0200] "GET /-p-30943.html HTTP/1.0" 200 70197 "-" "Mozilla/5.0 (compatible; bingbot/2.0; +http://www.bing.com/bingbot.htm)"
207.46.13.174 - - [16/Jul/2021:17:36:20 +0200] "GET /-p-18792.html HTTP/1.0" 200 70197 "-" "Mozilla/5.0 (compatible; bingbot/2.0; +http://www.bing.com/bingbot.htm)"
66.249.66.198 - - [16/Jul/2021:17:36:21 +0200] "GET /stationery-and-cardmaking/stationery-school-supplies/bookmark-lenticular-dolphins-p-19160.html HTTP/1.0" 301 73126 "-" "Mozilla/5.0 (compatible; Googlebot/2.1; +http://www.google.com/bot.html)"
66.249.66.202 - - [16/Jul/2021:17:36:22 +0200] "GET /bookmark-lenticular-dolphins-p-19160.html HTTP/1.0" 200 73031 "-" "Mozilla/5.0 (compatible; Googlebot/2.1; +http://www.google.com/bot.html)"
207.46.13.182 - - [16/Jul/2021:17:36:30 +0200] "GET /provence-adult-apron-p-51190.html HTTP/1.0" 200 72782 "-" "Mozilla/5.0 (compatible; bingbot/2.0; +http://www.bing.com/bingbot.htm)"
66.249.66.198 - - [16/Jul/2021:17:36:37 +0200] "GET /piggy-bank-p-54810.html HTTP/1.0" 200 72947 "-" "Mozilla/5.0 (Linux; Android 6.0.1; Nexus 5X Build/MMB29P) AppleWebKit/537.36 (KHTML, like Gecko) Chrome/91.0.4472.90 Mobile Safari/537.36 (compatible; Googlebot/2.1; +http://www.google.com/bot.html)"
54.36.148.242 - - [16/Jul/2021:17:36:46 +0200] "GET /door-plate-family-p-55413.html HTTP/1.0" 200 73433 "-" "Mozilla/5.0 (compatible; AhrefsBot/7.0; +http://ahrefs.com/robot/)"
157.55.39.166 - - [16/Jul/2021:17:36:50 +0200] "GET /ecru-and-gray-curtain-eyelets-manoir-135-260-cm-p-39038.html HTTP/1.0" 301 70264 "-" "Mozilla/5.0 (compatible; bingbot/2.0; +http://www.bing.com/bingbot.htm)"
157.55.39.78 - - [16/Jul/2021:17:36:56 +0200] "GET /-p-22636.html HTTP/1.0" 200 70197 "-" "Mozilla/5.0 (compatible; bingbot/2.0; +http://www.bing.com/bingbot.htm)"
157.55.39.166 - - [16/Jul/2021:17:37:07 +0200] "GET /strange-life-forms-stitch-with-frog-figurine-p-45590.html HTTP/1.0" 200 74468 "-" "Mozilla/5.0 (compatible; bingbot/2.0; +http://www.bing.com/bingbot.htm)"
157.55.39.78 - - [16/Jul/2021:17:37:36 +0200] "GET /hello-kitty-little-embroidered-patch-p-13525.html HTTP/1.0" 200 73023 "-" "Mozilla/5.0 (compatible; bingbot/2.0; +http://www.bing.com/bingbot.htm)"
54.36.148.242 - - [16/Jul/2021:17:38:20 +0200] "GET /zebra-money-p-55563.html HTTP/1.0" 200 72822 "-" "Mozilla/5.0 (compatible; AhrefsBot/7.0; +http://ahrefs.com/robot/)"
157.55.39.32 - - [16/Jul/2021:17:38:26 +0200] "GET /coated-placemat-coustellet-p-51359.html HTTP/1.0" 200 70291 "-" "Mozilla/5.0 (compatible; bingbot/2.0; +http://www.bing.com/bingbot.htm)"
157.55.39.167 - - [16/Jul/2021:17:38:30 +0200] "GET /-m-35.html?page=3 HTTP/1.0" 200 92562 "-" "Mozilla/5.0 (compatible; bingbot/2.0; +http://www.bing.com/bingbot.htm)"
157.55.39.32 - - [16/Jul/2021:17:38:30 +0200] "GET /winx-club-toddler-flatware-set-p-17136.html HTTP/1.0" 301 74215 "-" "Mozilla/5.0 (compatible; bingbot/2.0; +http://www.bing.com/bingbot.htm)"
157.55.39.32 - - [16/Jul/2021:17:38:32 +0200] "GET /-p-31200.html HTTP/1.0" 200 70197 "-" "Mozilla/5.0 (compatible; bingbot/2.0; +http://www.bing.com/bingbot.htm)"
157.55.39.32 - - [16/Jul/2021:17:38:34 +0200] "GET /-p-24449.html HTTP/1.0" 200 70197 "-" "Mozilla/5.0 (compatible; bingbot/2.0; +http://www.bing.com/bingbot.htm)"
185.191.171.41 - - [16/Jul/2021:17:38:35 +0200] "GET /cotton-floor-cushion-julie-p-49656.html HTTP/1.0" 301 70264 "-" "Mozilla/5.0 (compatible; SemrushBot/7~bl; +http://www.semrush.com/bot.html)"
157.55.39.32 - - [16/Jul/2021:17:38:35 +0200] "GET /love-and-peace-pink-shirt-p-30150.html HTTP/1.0" 301 74392 "-" "Mozilla/5.0 (compatible; bingbot/2.0; +http://www.bing.com/bingbot.htm)"
185.191.171.15 - - [16/Jul/2021:17:38:37 +0200] "GET /-p-49656.html HTTP/1.0" 200 70197 "-" "Mozilla/5.0 (compatible; SemrushBot/7~bl; +http://www.semrush.com/bot.html)"
66.249.66.202 - - [16/Jul/2021:17:39:24 +0200] "GET /shower-curtain-p-50727.html HTTP/1.0" 200 73724 "-" "Mozilla/5.0 (compatible; Googlebot/2.1; +http://www.google.com/bot.html)"
157.55.39.166 - - [16/Jul/2021:17:39:33 +0200] "GET /decorative-wooden-plate-entree-interdite-aux-raleurs-light-brown-p-47813.html HTTP/1.0" 301 73503 "-" "Mozilla/5.0 (compatible; bingbot/2.0; +http://www.bing.com/bingbot.htm)"
157.55.39.177 - - [16/Jul/2021:17:39:40 +0200] "GET /mickey-club-house-rainwear-years-p-44013.html HTTP/1.0" 200 72860 "-" "Mozilla/5.0 (compatible; bingbot/2.0; +http://www.bing.com/bingbot.htm)"
157.55.39.177 - - [16/Jul/2021:17:39:50 +0200] "GET /dragon-ball-blue-postal-bag-p-3843.html HTTP/1.0" 301 73158 "-" "Mozilla/5.0 (compatible; bingbot/2.0; +http://www.bing.com/bingbot.htm)"
54.36.148.242 - - [16/Jul/2021:17:39:55 +0200] "GET /birds-meeting-cotton-towel-p-55469.html HTTP/1.0" 200 73092 "-" "Mozilla/5.0 (compatible; AhrefsBot/7.0; +http://ahrefs.com/robot/)"
207.46.13.179 - - [16/Jul/2021:17:40:01 +0200] "GET /bob-marley-mirror-p-37745.html HTTP/1.0" 301 72843 "-" "Mozilla/5.0 (compatible; bingbot/2.0; +http://www.bing.com/bingbot.htm)"
185.191.171.23 - - [16/Jul/2021:17:40:10 +0200] "GET /world-map-large-clock-brown-and-beige-p-52869.html HTTP/1.0" 301 73039 "-" "Mozilla/5.0 (compatible; SemrushBot/7~bl; +http://www.semrush.com/bot.html)"
207.46.13.182 - - [16/Jul/2021:17:40:11 +0200] "GET /johnny-hallyday-glass-wall-clock-p-9324.html HTTP/1.0" 200 72931 "-" "Mozilla/5.0 (compatible; bingbot/2.0; +http://www.bing.com/bingbot.htm)"
207.46.13.182 - - [16/Jul/2021:17:40:13 +0200] "GET /-p-10089.html HTTP/1.0" 200 70197 "-" "Mozilla/5.0 (compatible; bingbot/2.0; +http://www.bing.com/bingbot.htm)"
185.191.171.38 - - [16/Jul/2021:17:40:13 +0200] "GET /world-large-clock-brown-beige-p-52869.html HTTP/1.0" 200 72943 "-" "Mozilla/5.0 (compatible; SemrushBot/7~bl; +http://www.semrush.com/bot.html)"
157.55.39.177 - - [16/Jul/2021:17:40:17 +0200] "GET /jasmin-p-32295.html HTTP/1.0" 200 72845 "-" "Mozilla/5.0 (compatible; bingbot/2.0; +http://www.bing.com/bingbot.htm)"
157.55.39.72 - - [16/Jul/2021:17:40:51 +0200] "GET /small-louis-philippe-old-wallpaper-cushion-p-16229.html HTTP/1.0" 301 73730 "-" "Mozilla/5.0 (compatible; bingbot/2.0; +http://www.bing.com/bingbot.htm)"
