40.77.167.36 - - [16/Jul/2021:06:05:19 +0200] "GET /images/8028501921039.jpg HTTP/1.0" 200 259 "-" "Mozilla/5.0 (compatible; bingbot/2.0; +http://www.bing.com/bingbot.htm)"
157.55.39.145 - - [16/Jul/2021:06:05:27 +0200] "GET /pencil-case-c-31_75.html?page=6 HTTP/1.0" 200 94080 "-" "Mozilla/5.0 (compatible; bingbot/2.0; +http://www.bing.com/bingbot.htm)"
66.249.72.166 - - [16/Jul/2021:06:05:32 +0200] "GET /winnie-pooh-lunch-p-18796.html HTTP/1.0" 200 72793 "-" "Mozilla/5.0 (Linux; Android 6.0.1; Nexus 5X Build/MMB29P) AppleWebKit/537.36 (KHTML, like Gecko) Chrome/91.0.4472.90 Mobile Safari/537.36 (compatible; Googlebot/2.1; +http://www.google.com/bot.html)"
40.77.167.77 - - [16/Jul/2021:06:05:45 +0200] "GET /littlest-petshop-stamp-tissue-p-6587.html HTTP/1.0" 200 73167 "-" "Mozilla/5.0 (compatible; bingbot/2.0; +http://www.bing.com/bingbot.htm)"
40.77.167.77 - - [16/Jul/2021:06:05:47 +0200] "GET /-p-35638.html HTTP/1.0" 200 70197 "-" "Mozilla/5.0 (compatible; bingbot/2.0; +http://www.bing.com/bingbot.htm)"
147.92.153.8 - - [16/Jul/2021:06:05:48 +0200] "GET /incense-holder-incense-burner-c-231_229.html HTTP/1.0" 200 91010 "-" "Mozilla/5.0 (compatible; Linespider/1.1; +https://lin.ee/4dwXkTH)"
54.36.148.242 - - [16/Jul/2021:06:05:51 +0200] "GET /beyblade-blue-swimsuit-p-30447.html HTTP/1.0" 200 74575 "-" "Mozilla/5.0 (compatible; AhrefsBot/7.0; +http://ahrefs.com/robot/)"
207.46.13.125 - - [16/Jul/2021:06:06:10 +0200] "GET /lois-jean-manufacturer-wallet-p-38161.html HTTP/1.0" 200 73652 "-" "Mozilla/5.0 (compatible; bingbot/2.0; +http://www.bing.com/bingbot.htm)"
207.46.13.127 - - [16/Jul/2021:06:06:17 +0200] "GET /batman-silver-p-48296.html HTTP/1.0" 200 73726 "-" "Mozilla/5.0 (compatible; bingbot/2.0; +http://www.bing.com/bingbot.htm)"
207.46.13.127 - - [16/Jul/2021:06:06:18 +0200] "GET /isothermic-stainless-steel-bottle-aquarius-by-cbkreation-p-51036.html HTTP/1.0" 301 73239 "-" "Mozilla/5.0 (compatible; bingbot/2.0; +http://www.bing.com/bingbot.htm)"
207.46.13.51 - - [16/Jul/2021:06:06:57 +0200] "GET /-p-35459.html HTTP/1.0" 200 70197 "-" "Mozilla/5.0 (compatible; bingbot/2.0; +http://www.bing.com/bingbot.htm)"
207.46.13.127 - - [16/Jul/2021:06:07:06 +0200] "GET /-p-12751.html HTTP/1.0" 200 70197 "-" "Mozilla/5.0 (compatible; bingbot/2.0; +http://www.bing.com/bingbot.htm)"
49.7.21.70 - - [16/Jul/2021:06:07:14 +0200] "GET /suitcase-lunch-lunch-c-64.html HTTP/1.0" 301 87473 "-" "Sogou web spider/4.0(+http://www.sogou.com/docs/help/webmasters.htm#07)"
207.46.13.65 - - [16/Jul/2021:06:07:14 +0200] "GET /mini-bright-christmas-p-38256.html HTTP/1.0" 200 72793 "-" "Mozilla/5.0 (compatible; bingbot/2.0; +http://www.bing.com/bingbot.htm)"
114.119.147.45 - - [16/Jul/2021:06:07:20 +0200] "GET /flatwares-c-12_63.html HTTP/1.0" 200 89451 "-" "Mozilla/5.0 (Linux; Android 7.0;) AppleWebKit/537.36 (KHTML, like Gecko) Mobile Safari/537.36 (compatible; PetalBot;+https://webmaster.petalsearch.com/site/petalbot)"
157.55.39.124 - - [16/Jul/2021:06:07:38 +0200] "GET /-p-22631.html HTTP/1.0" 200 70197 "-" "Mozilla/5.0 (compatible; bingbot/2.0; +http://www.bing.com/bingbot.htm)"
114.119.132.105 - - [16/Jul/2021:06:08:11 +0200] "GET /wooden-egg-cellar-gisele-18-16-10-cm-p-52711.html HTTP/1.0" 301 74109 "-" "Mozilla/5.0 (Linux; Android 7.0;) AppleWebKit/537.36 (KHTML, like Gecko) Mobile Safari/537.36 (compatible; PetalBot;+https://webmaster.petalsearch.com/site/petalbot)"
54.36.148.242 - - [16/Jul/2021:06:08:12 +0200] "GET /vanity-beauty-bags-c-31_78.html HTTP/1.0" 200 80896 "-" "Mozilla/5.0 (compatible; AhrefsBot/7.0; +http://ahrefs.com/robot/)"
114.119.132.105 - - [16/Jul/2021:06:08:13 +0200] "GET /wooden-cellar-gisele-p-52711.html HTTP/1.0" 200 74022 "-" "Mozilla/5.0 (Linux; Android 7.0;) AppleWebKit/537.36 (KHTML, like Gecko) Mobile Safari/537.36 (compatible; PetalBot;+https://webmaster.petalsearch.com/site/petalbot)"
40.77.167.77 - - [16/Jul/2021:06:08:15 +0200] "GET /-p-13480.html HTTP/1.0" 200 70197 "-" "Mozilla/5.0 (compatible; bingbot/2.0; +http://www.bing.com/bingbot.htm)"
185.191.171.14 - - [16/Jul/2021:06:08:19 +0200] "GET /isothermic-stainless-steel-bottle-corsica-by-cbkreation-p-51048.html HTTP/1.0" 301 73897 "-" "Mozilla/5.0 (compatible; SemrushBot/7~bl; +http://www.semrush.com/bot.html)"
207.46.13.51 - - [16/Jul/2021:06:08:20 +0200] "GET /-p-18153.html HTTP/1.0" 200 70197 "-" "Mozilla/5.0 (compatible; bingbot/2.0; +http://www.bing.com/bingbot.htm)"
185.191.171.38 - - [16/Jul/2021:06:08:21 +0200] "GET /isothermic-stainless-steel-bottle-corsica-cbkreation-p-51048.html HTTP/1.0" 200 73778 "-" "Mozilla/5.0 (compatible; SemrushBot/7~bl; +http://www.semrush.com/bot.html)"
185.191.171.39 - - [16/Jul/2021:06:08:25 +0200] "GET /gemini-cookware-cbkreation-p-43269.html?action=add_product HTTP/1.0" 302 476 "-" "Mozilla/5.0 (compatible; SemrushBot/7~bl; +http://www.semrush.com/bot.html)"
185.191.171.43 - - [16/Jul/2021:06:08:29 +0200] "GET /cutting-board-p-27730.html?action=add_product HTTP/1.0" 302 476 "-" "Mozilla/5.0 (compatible; SemrushBot/7~bl; +http://www.semrush.com/bot.html)"
185.191.171.22 - - [16/Jul/2021:06:08:43 +0200] "GET /blue-retro-shoulder-p-48761.html HTTP/1.0" 200 72998 "-" "Mozilla/5.0 (compatible; SemrushBot/7~bl; +http://www.semrush.com/bot.html)"
157.55.39.121 - - [16/Jul/2021:06:08:53 +0200] "GET /anise-green-polyester-round-chair-cushion-p-47394.html HTTP/1.0" 301 70264 "-" "Mozilla/5.0 (compatible; bingbot/2.0; +http://www.bing.com/bingbot.htm)"
207.46.13.125 - - [16/Jul/2021:06:09:00 +0200] "GET /-p-23889.html HTTP/1.0" 200 70197 "-" "Mozilla/5.0 (compatible; bingbot/2.0; +http://www.bing.com/bingbot.htm)"
185.191.171.20 - - [16/Jul/2021:06:09:09 +0200] "GET /ethnic-style-burlap-table-p-48450.html HTTP/1.0" 200 72819 "-" "Mozilla/5.0 (compatible; SemrushBot/7~bl; +http://www.semrush.com/bot.html)"
3.91.248.48 - - [16/Jul/2021:06:09:30 +0200] "GET /heartfelt-tigger-holding-heart-figurine-p-53993.html HTTP/1.0" 200 74773 "-" "chimebot"
207.46.13.65 - - [16/Jul/2021:06:09:44 +0200] "GET /duvet-cover-cotton-percale-threads-p-51258.html HTTP/1.0" 200 73797 "-" "Mozilla/5.0 (compatible; bingbot/2.0; +http://www.bing.com/bingbot.htm)"
185.191.171.2 - - [16/Jul/2021:06:09:48 +0200] "GET /home-decoration-c-13.html?page=208 HTTP/1.0" 200 92539 "-" "Mozilla/5.0 (compatible; SemrushBot/7~bl; +http://www.semrush.com/bot.html)"
157.55.39.124 - - [16/Jul/2021:06:09:58 +0200] "GET /persienne-bedhead-wall-sticker-p-38335.html HTTP/1.0" 200 73036 "-" "Mozilla/5.0 (compatible; bingbot/2.0; +http://www.bing.com/bingbot.htm)"
207.46.13.51 - - [16/Jul/2021:06:10:03 +0200] "GET /dessert-dish-glass-with-anti-slip-feet-p-47335.html HTTP/1.0" 200 73554 "-" "Mozilla/5.0 (compatible; bingbot/2.0; +http://www.bing.com/bingbot.htm)"
54.36.148.242 - - [16/Jul/2021:06:10:24 +0200] "GET /white-patinated-gold-elephant-statuette-p-54271.html HTTP/1.0" 200 73865 "-" "Mozilla/5.0 (compatible; AhrefsBot/7.0; +http://ahrefs.com/robot/)"
185.191.171.13 - - [16/Jul/2021:06:10:33 +0200] "GET /albania-cbkreation-p-33768.html?action=add_product HTTP/1.0" 302 476 "-" "Mozilla/5.0 (compatible; SemrushBot/7~bl; +http://www.semrush.com/bot.html)"
157.55.39.124 - - [16/Jul/2021:06:10:39 +0200] "GET /-p-37040.html HTTP/1.0" 200 70197 "-" "Mozilla/5.0 (compatible; bingbot/2.0; +http://www.bing.com/bingbot.htm)"
114.119.144.233 - - [16/Jul/2021:06:10:41 +0200] "GET /zodiac-high-ceramic-mug-p-30780.html HTTP/1.0" 301 72875 "-" "Mozilla/5.0 (Linux; Android 7.0;) AppleWebKit/537.36 (KHTML, like Gecko) Mobile Safari/537.36 (compatible; PetalBot;+https://webmaster.petalsearch.com/site/petalbot)"
114.119.144.233 - - [16/Jul/2021:06:10:42 +0200] "GET /zodiac-high-ceramic-p-30780.html HTTP/1.0" 200 72789 "-" "Mozilla/5.0 (Linux; Android 7.0;) AppleWebKit/537.36 (KHTML, like Gecko) Mobile Safari/537.36 (compatible; PetalBot;+https://webmaster.petalsearch.com/site/petalbot)"
207.46.13.65 - - [16/Jul/2021:06:10:46 +0200] "GET /italian-scooter-white-women-shirt-p-30954.html HTTP/1.0" 200 74925 "-" "Mozilla/5.0 (compatible; bingbot/2.0; +http://www.bing.com/bingbot.htm)"
207.46.13.51 - - [16/Jul/2021:06:11:03 +0200] "GET /barbapapa-pink-kids-school-bag-p-14472.html HTTP/1.0" 301 73240 "-" "Mozilla/5.0 (compatible; bingbot/2.0; +http://www.bing.com/bingbot.htm)"
207.46.13.51 - - [16/Jul/2021:06:11:04 +0200] "GET /volkswagen-beetle-blue-glitter-p-26268.html HTTP/1.0" 200 72886 "-" "Mozilla/5.0 (compatible; bingbot/2.0; +http://www.bing.com/bingbot.htm)"
157.55.39.145 - - [16/Jul/2021:06:12:00 +0200] "GET /urss-black-hoodies-p-31743.html HTTP/1.0" 200 75529 "-" "Mozilla/5.0 (compatible; bingbot/2.0; +http://www.bing.com/bingbot.htm)"
66.249.72.168 - - [16/Jul/2021:06:12:14 +0200] "GET /gorjuss-ruby-beauty-bag-limited-edition-p-35135.html HTTP/1.0" 301 74271 "-" "Mozilla/5.0 (compatible; Googlebot/2.1; +http://www.google.com/bot.html)"
66.249.72.166 - - [16/Jul/2021:06:12:15 +0200] "GET /gorjuss-ruby-beauty-limited-edition-p-35135.html HTTP/1.0" 200 74169 "-" "Mozilla/5.0 (compatible; Googlebot/2.1; +http://www.google.com/bot.html)"
157.55.39.145 - - [16/Jul/2021:06:12:19 +0200] "GET /peter-pan-by-britto-disney-figure-collection-p-39601.html HTTP/1.0" 301 73637 "-" "Mozilla/5.0 (compatible; bingbot/2.0; +http://www.bing.com/bingbot.htm)"
114.119.130.202 - - [16/Jul/2021:06:12:19 +0200] "GET /cotton-floor-cushion-yellow-p-44044.html HTTP/1.0" 200 73501 "-" "Mozilla/5.0 (Linux; Android 7.0;) AppleWebKit/537.36 (KHTML, like Gecko) Mobile Safari/537.36 (compatible; PetalBot;+https://webmaster.petalsearch.com/site/petalbot)"
207.46.13.125 - - [16/Jul/2021:06:12:31 +0200] "GET /lion-grey-shirt-p-33764.html HTTP/1.0" 200 74745 "-" "Mozilla/5.0 (compatible; bingbot/2.0; +http://www.bing.com/bingbot.htm)"
54.36.148.242 - - [16/Jul/2021:06:12:34 +0200] "GET /bird-blossom-white-mini-rectangular-tray-p-54909.html HTTP/1.0" 200 73044 "-" "Mozilla/5.0 (compatible; AhrefsBot/7.0; +http://ahrefs.com/robot/)"
40.77.167.77 - - [16/Jul/2021:06:12:37 +0200] "GET /lulu-castagnette-white-watch-p-47748.html HTTP/1.0" 200 72991 "-" "Mozilla/5.0 (compatible; bingbot/2.0; +http://www.bing.com/bingbot.htm)"
40.77.167.36 - - [16/Jul/2021:06:12:41 +0200] "GET /-p-31797.html HTTP/1.0" 200 70197 "-" "Mozilla/5.0 (compatible; bingbot/2.0; +http://www.bing.com/bingbot.htm)"
185.191.171.38 - - [16/Jul/2021:06:12:47 +0200] "GET /houndstooth-russian-doll-white-samsung-galaxy-note-phone-cover-p-18435.html HTTP/1.0" 200 70498 "-" "Mozilla/5.0 (compatible; SemrushBot/7~bl; +http://www.semrush.com/bot.html)"
40.77.167.77 - - [16/Jul/2021:06:12:56 +0200] "GET /pocket-watch-map-collection-gorjuss-p-23142.html HTTP/1.0" 301 70453 "-" "Mozilla/5.0 (compatible; bingbot/2.0; +http://www.bing.com/bingbot.htm)"
66.249.72.170 - - [16/Jul/2021:06:13:31 +0200] "GET /home-and-decoration/decorations/laitiere-tablecloth-p-28546.html HTTP/1.0" 301 72929 "-" "Mozilla/5.0 (compatible; Googlebot/2.1; +http://www.google.com/bot.html)"
66.249.72.168 - - [16/Jul/2021:06:13:32 +0200] "GET /paris-bowl-boyer-p-24678.html HTTP/1.0" 200 72922 "-" "Mozilla/5.0 (Linux; Android 6.0.1; Nexus 5X Build/MMB29P) AppleWebKit/537.36 (KHTML, like Gecko) Chrome/91.0.4472.90 Mobile Safari/537.36 (compatible; Googlebot/2.1; +http://www.google.com/bot.html)"
66.249.72.166 - - [16/Jul/2021:06:13:33 +0200] "GET /laitiere-tablecloth-p-28546.html HTTP/1.0" 200 72843 "-" "Mozilla/5.0 (compatible; Googlebot/2.1; +http://www.google.com/bot.html)"
185.191.171.42 - - [16/Jul/2021:06:13:33 +0200] "GET /saint-emilion-p-43712.html HTTP/1.0" 200 72829 "-" "Mozilla/5.0 (compatible; SemrushBot/7~bl; +http://www.semrush.com/bot.html)"
207.46.13.125 - - [16/Jul/2021:06:13:40 +0200] "GET /images/1399984254868.jpg HTTP/1.0" 200 259 "-" "Mozilla/5.0 (compatible; bingbot/2.0; +http://www.bing.com/bingbot.htm)"
114.119.129.36 - - [16/Jul/2021:06:13:47 +0200] "GET /set-gardening-for-children-minnie-mouse-p-19713.html HTTP/1.0" 301 70425 "-" "Mozilla/5.0 (Linux; Android 7.0;) AppleWebKit/537.36 (KHTML, like Gecko) Mobile Safari/537.36 (compatible; PetalBot;+https://webmaster.petalsearch.com/site/petalbot)"
114.119.129.36 - - [16/Jul/2021:06:13:48 +0200] "GET /gardening-children-minnie-mouse-p-19713.html HTTP/1.0" 200 70327 "-" "Mozilla/5.0 (Linux; Android 7.0;) AppleWebKit/537.36 (KHTML, like Gecko) Mobile Safari/537.36 (compatible; PetalBot;+https://webmaster.petalsearch.com/site/petalbot)"
51.68.224.127 - - [16/Jul/2021:06:13:57 +0200] "GET /adminweb/export_orders_xml.php?token=256de2z6edz6ed2z6DFSFsed2zed6zeDSFDSGdzedezfzf&maxorders=10&orderstart=1&status=14&start_date=2018-10-01 HTTP/1.0" 200 285 "-" "GesCom CharlotteBoutik Serveur"
51.68.224.127 - - [16/Jul/2021:06:13:57 +0200] "GET /adminweb/export_orders_xml.php?token=256de2z6edz6ed2z6DFSFsed2zed6zeDSFDSGdzedezfzf&maxorders=10&orderstart=1&status=6&start_date=2018-10-01 HTTP/1.0" 200 29786 "-" "GesCom CharlotteBoutik Serveur"
207.46.13.51 - - [16/Jul/2021:06:13:59 +0200] "GET /hello-kitty-pencil-case-p-20695.html HTTP/1.0" 200 73013 "-" "Mozilla/5.0 (compatible; bingbot/2.0; +http://www.bing.com/bingbot.htm)"
185.191.171.11 - - [16/Jul/2021:06:14:25 +0200] "GET /salt-with-wooden-spoon-aderne-p-54828.html HTTP/1.0" 200 73001 "-" "Mozilla/5.0 (compatible; SemrushBot/7~bl; +http://www.semrush.com/bot.html)"
207.46.13.125 - - [16/Jul/2021:06:14:31 +0200] "GET /beyblade-stationery-set-p-15983.html HTTP/1.0" 301 70381 "-" "Mozilla/5.0 (compatible; bingbot/2.0; +http://www.bing.com/bingbot.htm)"
66.249.72.166 - - [16/Jul/2021:06:14:33 +0200] "GET /images/big_prod_4/5018997626924D.jpg HTTP/1.0" 200 271 "-" "Googlebot-Image/1.0"
54.36.148.242 - - [16/Jul/2021:06:14:44 +0200] "GET /cccp-large-cabas-p-39395.html HTTP/1.0" 200 72839 "-" "Mozilla/5.0 (compatible; AhrefsBot/7.0; +http://ahrefs.com/robot/)"
40.77.167.77 - - [16/Jul/2021:06:14:55 +0200] "GET /large-metal-plate-collection-vespa-pin-up-p-16845.html HTTP/1.0" 301 73535 "-" "Mozilla/5.0 (compatible; bingbot/2.0; +http://www.bing.com/bingbot.htm)"
40.77.167.77 - - [16/Jul/2021:06:14:56 +0200] "GET /calavera-de-la-muerte-by-etienne-boyer-white-tee-shirt-p-30768.html HTTP/1.0" 301 75410 "-" "Mozilla/5.0 (compatible; bingbot/2.0; +http://www.bing.com/bingbot.htm)"
185.191.171.1 - - [16/Jul/2021:06:15:04 +0200] "GET /potholder-glove-p-51738.html HTTP/1.0" 200 72844 "-" "Mozilla/5.0 (compatible; SemrushBot/7~bl; +http://www.semrush.com/bot.html)"
157.55.39.145 - - [16/Jul/2021:06:15:29 +0200] "GET /noddy-pairs-of-socks-size-19-22-p-25611.html HTTP/1.0" 301 70264 "-" "Mozilla/5.0 (compatible; bingbot/2.0; +http://www.bing.com/bingbot.htm)"
157.55.39.124 - - [16/Jul/2021:06:15:33 +0200] "GET /glass-cutting-board-cbkreation-p-51337.html HTTP/1.0" 200 72903 "-" "Mozilla/5.0 (compatible; bingbot/2.0; +http://www.bing.com/bingbot.htm)"
66.249.72.170 - - [16/Jul/2021:06:15:38 +0200] "GET /images/big_prod/3014627557387.jpg HTTP/1.0" 200 268 "-" "Googlebot-Image/1.0"
185.191.171.3 - - [16/Jul/2021:06:15:59 +0200] "GET /paris-bucolic-cups-espresso-p-34974.html HTTP/1.0" 200 72895 "-" "Mozilla/5.0 (compatible; SemrushBot/7~bl; +http://www.semrush.com/bot.html)"
114.119.151.113 - - [16/Jul/2021:06:16:16 +0200] "GET /images/big_prod/3609810076020a.jpg HTTP/1.0" 200 269 "-" "Mozilla/5.0 (Linux; Android 7.0;) AppleWebKit/537.36 (KHTML, like Gecko) Mobile Safari/537.36 (compatible; PetalBot;+https://webmaster.petalsearch.com/site/petalbot)"
185.191.171.16 - - [16/Jul/2021:06:16:28 +0200] "GET /bolster-case-cotton-percale-threads-p-43861.html?action=add_product HTTP/1.0" 302 476 "-" "Mozilla/5.0 (compatible; SemrushBot/7~bl; +http://www.semrush.com/bot.html)"
66.249.72.168 - - [16/Jul/2021:06:16:49 +0200] "GET /images/big_prod_1/b8718375754795.jpg HTTP/1.0" 200 271 "-" "Googlebot-Image/1.0"
66.249.72.168 - - [16/Jul/2021:06:16:50 +0200] "GET /images/big_prod/8718375754795.jpg HTTP/1.0" 200 268 "-" "Googlebot-Image/1.0"
17.121.114.179 - - [16/Jul/2021:06:16:50 +0200] "GET /-p-44944.html HTTP/1.0" 200 70197 "-" "Mozilla/5.0 (Macintosh; Intel Mac OS X 10_15_5) AppleWebKit/605.1.15 (KHTML, like Gecko) Version/13.1.1 Safari/605.1.15 (Applebot/0.1; +http://www.apple.com/go/applebot)"
185.191.171.38 - - [16/Jul/2021:06:16:55 +0200] "GET /achilles-statue-p-40910.html HTTP/1.0" 200 72897 "-" "Mozilla/5.0 (compatible; SemrushBot/7~bl; +http://www.semrush.com/bot.html)"
54.36.148.242 - - [16/Jul/2021:06:17:00 +0200] "GET /strawberries-bone-china-p-54930.html HTTP/1.0" 200 73077 "-" "Mozilla/5.0 (compatible; AhrefsBot/7.0; +http://ahrefs.com/robot/)"
157.55.39.145 - - [16/Jul/2021:06:17:04 +0200] "GET /windchime-wood-chimes-p-43519.html HTTP/1.0" 200 73471 "-" "Mozilla/5.0 (compatible; bingbot/2.0; +http://www.bing.com/bingbot.htm)"
40.77.167.36 - - [16/Jul/2021:06:17:04 +0200] "GET /dachshund-assorted-assorted-jewelry-holders-p-49180.html HTTP/1.0" 200 73145 "-" "Mozilla/5.0 (compatible; bingbot/2.0; +http://www.bing.com/bingbot.htm)"
157.55.39.124 - - [16/Jul/2021:06:17:18 +0200] "GET /glass-cutting-board-by-cbkreation-p-51311.html HTTP/1.0" 301 73000 "-" "Mozilla/5.0 (compatible; bingbot/2.0; +http://www.bing.com/bingbot.htm)"
114.119.150.15 - - [16/Jul/2021:06:17:24 +0200] "GET /mtal-signs-c-13_130.html?page=22 HTTP/1.0" 200 92465 "-" "Mozilla/5.0 (Linux; Android 7.0;) AppleWebKit/537.36 (KHTML, like Gecko) Mobile Safari/537.36 (compatible; PetalBot;+https://webmaster.petalsearch.com/site/petalbot)"
185.191.171.33 - - [16/Jul/2021:06:17:44 +0200] "GET /cats-dubout-figurine-cute-white-p-40346.html?action=add_product HTTP/1.0" 302 476 "-" "Mozilla/5.0 (compatible; SemrushBot/7~bl; +http://www.semrush.com/bot.html)"
157.55.39.127 - - [16/Jul/2021:06:18:15 +0200] "GET /model-markers-p-34283.html HTTP/1.0" 301 70264 "-" "Mozilla/5.0 (compatible; bingbot/2.0; +http://www.bing.com/bingbot.htm)"
207.46.13.51 - - [16/Jul/2021:06:18:29 +0200] "GET /pig-metal-decorative-statue-p-33296.html HTTP/1.0" 301 70405 "-" "Mozilla/5.0 (compatible; bingbot/2.0; +http://www.bing.com/bingbot.htm)"
185.191.171.6 - - [16/Jul/2021:06:18:45 +0200] "GET /cat-bowls-table-p-32924.html HTTP/1.0" 301 72936 "-" "Mozilla/5.0 (compatible; SemrushBot/7~bl; +http://www.semrush.com/bot.html)"
185.191.171.43 - - [16/Jul/2021:06:18:47 +0200] "GET /bowls-table-p-32924.html HTTP/1.0" 200 72858 "-" "Mozilla/5.0 (compatible; SemrushBot/7~bl; +http://www.semrush.com/bot.html)"
66.249.72.170 - - [16/Jul/2021:06:18:56 +0200] "GET /dora-explorer-swimsuit-p-30314.html HTTP/1.0" 200 74596 "-" "Mozilla/5.0 (Linux; Android 6.0.1; Nexus 5X Build/MMB29P) AppleWebKit/537.36 (KHTML, like Gecko) Chrome/91.0.4472.90 Mobile Safari/537.36 (compatible; Googlebot/2.1; +http://www.google.com/bot.html)"
40.77.167.36 - - [16/Jul/2021:06:19:01 +0200] "GET /old-tv-box-and-clock-p-34234.html HTTP/1.0" 301 72991 "-" "Mozilla/5.0 (compatible; bingbot/2.0; +http://www.bing.com/bingbot.htm)"
54.36.148.242 - - [16/Jul/2021:06:19:11 +0200] "GET /darth-vader-star-wars-moneybox-p-29270.html HTTP/1.0" 200 72900 "-" "Mozilla/5.0 (compatible; AhrefsBot/7.0; +http://ahrefs.com/robot/)"
1.136.105.171 - - [16/Jul/2021:06:19:17 +0200] "GET /gund-first-teddy-bear-pink-p-38925.html HTTP/1.0" 200 73108 "-" "Mozilla/5.0 (Linux; Android 9; SAMSUNG SM-N950F) AppleWebKit/537.36 (KHTML, like Gecko) SamsungBrowser/14.0 Chrome/87.0.4280.141 Mobile Safari/537.36"
1.136.105.171 - - [16/Jul/2021:06:19:18 +0200] "GET /templates/Pixame_v1/stylesheet.css HTTP/1.0" 200 267 "http://www.wonder-geek.com/gund-first-teddy-bear-pink-p-38925.html" "Mozilla/5.0 (Linux; Android 9; SAMSUNG SM-N950F) AppleWebKit/537.36 (KHTML, like Gecko) SamsungBrowser/14.0 Chrome/87.0.4280.141 Mobile Safari/537.36"
1.136.105.171 - - [16/Jul/2021:06:19:18 +0200] "GET /highslide/highslide.js HTTP/1.0" 200 262 "http://www.wonder-geek.com/gund-first-teddy-bear-pink-p-38925.html" "Mozilla/5.0 (Linux; Android 9; SAMSUNG SM-N950F) AppleWebKit/537.36 (KHTML, like Gecko) SamsungBrowser/14.0 Chrome/87.0.4280.141 Mobile Safari/537.36"
1.136.105.171 - - [16/Jul/2021:06:19:19 +0200] "GET /js/jquery.js HTTP/1.0" 200 252 "http://www.wonder-geek.com/gund-first-teddy-bear-pink-p-38925.html" "Mozilla/5.0 (Linux; Android 9; SAMSUNG SM-N950F) AppleWebKit/537.36 (KHTML, like Gecko) SamsungBrowser/14.0 Chrome/87.0.4280.141 Mobile Safari/537.36"
1.136.105.171 - - [16/Jul/2021:06:19:19 +0200] "GET /js/jquery.jqzoom.js HTTP/1.0" 200 259 "http://www.wonder-geek.com/gund-first-teddy-bear-pink-p-38925.html" "Mozilla/5.0 (Linux; Android 9; SAMSUNG SM-N950F) AppleWebKit/537.36 (KHTML, like Gecko) SamsungBrowser/14.0 Chrome/87.0.4280.141 Mobile Safari/537.36"
1.136.105.171 - - [16/Jul/2021:06:19:19 +0200] "GET /mondial_relay/js/jquery-1.3.2.min.js HTTP/1.0" 200 276 "http://www.wonder-geek.com/gund-first-teddy-bear-pink-p-38925.html" "Mozilla/5.0 (Linux; Android 9; SAMSUNG SM-N950F) AppleWebKit/537.36 (KHTML, like Gecko) SamsungBrowser/14.0 Chrome/87.0.4280.141 Mobile Safari/537.36"
1.136.105.171 - - [16/Jul/2021:06:19:21 +0200] "GET /swfobject.js HTTP/1.0" 404 1308 "http://www.wonder-geek.com/gund-first-teddy-bear-pink-p-38925.html" "Mozilla/5.0 (Linux; Android 9; SAMSUNG SM-N950F) AppleWebKit/537.36 (KHTML, like Gecko) SamsungBrowser/14.0 Chrome/87.0.4280.141 Mobile Safari/537.36"
1.136.105.171 - - [16/Jul/2021:06:19:21 +0200] "GET /templates/Pixame_v1/images/icon_accueil2.png HTTP/1.0" 200 278 "http://www.wonder-geek.com/gund-first-teddy-bear-pink-p-38925.html" "Mozilla/5.0 (Linux; Android 9; SAMSUNG SM-N950F) AppleWebKit/537.36 (KHTML, like Gecko) SamsungBrowser/14.0 Chrome/87.0.4280.141 Mobile Safari/537.36"
1.136.105.171 - - [16/Jul/2021:06:19:21 +0200] "GET /templates/Pixame_v1/images/infobox/pixel_trans.gif HTTP/1.0" 200 328 "http://www.wonder-geek.com/gund-first-teddy-bear-pink-p-38925.html" "Mozilla/5.0 (Linux; Android 9; SAMSUNG SM-N950F) AppleWebKit/537.36 (KHTML, like Gecko) SamsungBrowser/14.0 Chrome/87.0.4280.141 Mobile Safari/537.36"
1.136.105.171 - - [16/Jul/2021:06:19:21 +0200] "GET /images/pixel_trans.gif HTTP/1.0" 200 328 "http://www.wonder-geek.com/gund-first-teddy-bear-pink-p-38925.html" "Mozilla/5.0 (Linux; Android 9; SAMSUNG SM-N950F) AppleWebKit/537.36 (KHTML, like Gecko) SamsungBrowser/14.0 Chrome/87.0.4280.141 Mobile Safari/537.36"
1.136.105.171 - - [16/Jul/2021:06:19:21 +0200] "GET /templates/Pixame_v1/images/pixel_trans.gif HTTP/1.0" 200 328 "http://www.wonder-geek.com/gund-first-teddy-bear-pink-p-38925.html" "Mozilla/5.0 (Linux; Android 9; SAMSUNG SM-N950F) AppleWebKit/537.36 (KHTML, like Gecko) SamsungBrowser/14.0 Chrome/87.0.4280.141 Mobile Safari/537.36"
1.136.105.171 - - [16/Jul/2021:06:19:21 +0200] "GET /templates/Pixame_v1/images/Bottom_texture.jpg HTTP/1.0" 200 280 "http://www.wonder-geek.com/templates/Pixame_v1/stylesheet.css" "Mozilla/5.0 (Linux; Android 9; SAMSUNG SM-N950F) AppleWebKit/537.36 (KHTML, like Gecko) SamsungBrowser/14.0 Chrome/87.0.4280.141 Mobile Safari/537.36"
1.136.105.171 - - [16/Jul/2021:06:19:21 +0200] "GET /templates/Pixame_v1/images/Middle_texture.jpg HTTP/1.0" 200 280 "http://www.wonder-geek.com/templates/Pixame_v1/stylesheet.css" "Mozilla/5.0 (Linux; Android 9; SAMSUNG SM-N950F) AppleWebKit/537.36 (KHTML, like Gecko) SamsungBrowser/14.0 Chrome/87.0.4280.141 Mobile Safari/537.36"
1.136.105.171 - - [16/Jul/2021:06:19:21 +0200] "GET /templates/Pixame_v1/images/header.png HTTP/1.0" 200 271 "http://www.wonder-geek.com/templates/Pixame_v1/stylesheet.css" "Mozilla/5.0 (Linux; Android 9; SAMSUNG SM-N950F) AppleWebKit/537.36 (KHTML, like Gecko) SamsungBrowser/14.0 Chrome/87.0.4280.141 Mobile Safari/537.36"
1.136.105.171 - - [16/Jul/2021:06:19:22 +0200] "GET /templates/Pixame_v1/images/header-object.png HTTP/1.0" 200 278 "http://www.wonder-geek.com/templates/Pixame_v1/stylesheet.css" "Mozilla/5.0 (Linux; Android 9; SAMSUNG SM-N950F) AppleWebKit/537.36 (KHTML, like Gecko) SamsungBrowser/14.0 Chrome/87.0.4280.141 Mobile Safari/537.36"
1.136.105.171 - - [16/Jul/2021:06:19:22 +0200] "GET /templates/Pixame_v1/images/nav.png HTTP/1.0" 200 268 "http://www.wonder-geek.com/templates/Pixame_v1/stylesheet.css" "Mozilla/5.0 (Linux; Android 9; SAMSUNG SM-N950F) AppleWebKit/537.36 (KHTML, like Gecko) SamsungBrowser/14.0 Chrome/87.0.4280.141 Mobile Safari/537.36"
1.136.105.171 - - [16/Jul/2021:06:19:22 +0200] "GET /images/big_prod/1328399210299B.jpg HTTP/1.0" 200 269 "http://www.wonder-geek.com/gund-first-teddy-bear-pink-p-38925.html" "Mozilla/5.0 (Linux; Android 9; SAMSUNG SM-N950F) AppleWebKit/537.36 (KHTML, like Gecko) SamsungBrowser/14.0 Chrome/87.0.4280.141 Mobile Safari/537.36"
1.136.105.171 - - [16/Jul/2021:06:19:22 +0200] "GET /templates/Pixame_v1/images/buttons/english/button_in_cart.gif HTTP/1.0" 200 295 "http://www.wonder-geek.com/gund-first-teddy-bear-pink-p-38925.html" "Mozilla/5.0 (Linux; Android 9; SAMSUNG SM-N950F) AppleWebKit/537.36 (KHTML, like Gecko) SamsungBrowser/14.0 Chrome/87.0.4280.141 Mobile Safari/537.36"
1.136.105.171 - - [16/Jul/2021:06:19:22 +0200] "GET /design/productsenstock.png HTTP/1.0" 200 260 "http://www.wonder-geek.com/templates/Pixame_v1/stylesheet.css" "Mozilla/5.0 (Linux; Android 9; SAMSUNG SM-N950F) AppleWebKit/537.36 (KHTML, like Gecko) SamsungBrowser/14.0 Chrome/87.0.4280.141 Mobile Safari/537.36"
1.136.105.171 - - [16/Jul/2021:06:19:22 +0200] "GET /templates/Pixame_v1/images/infobox/infobox_footer_middle.gif HTTP/1.0" 200 357 "http://www.wonder-geek.com/" "Mozilla/5.0 (Linux; Android 9; SAMSUNG SM-N950F) AppleWebKit/537.36 (KHTML, like Gecko) SamsungBrowser/14.0 Chrome/87.0.4280.141 Mobile Safari/537.36"
1.136.105.171 - - [16/Jul/2021:06:19:22 +0200] "GET /highslide/graphics/zoomin.cur HTTP/1.0" 200 614 "http://www.wonder-geek.com/templates/Pixame_v1/stylesheet.css" "Mozilla/5.0 (Linux; Android 9; SAMSUNG SM-N950F) AppleWebKit/537.36 (KHTML, like Gecko) SamsungBrowser/14.0 Chrome/87.0.4280.141 Mobile Safari/537.36"
1.136.105.171 - - [16/Jul/2021:06:19:24 +0200] "GET /highslide/graphics/outlines/drop-shadow.png HTTP/1.0" 200 277 "http://www.wonder-geek.com/gund-first-teddy-bear-pink-p-38925.html" "Mozilla/5.0 (Linux; Android 9; SAMSUNG SM-N950F) AppleWebKit/537.36 (KHTML, like Gecko) SamsungBrowser/14.0 Chrome/87.0.4280.141 Mobile Safari/537.36"
1.136.105.171 - - [16/Jul/2021:06:19:24 +0200] "GET /highslide/graphics/zoomout.cur HTTP/1.0" 200 614 "http://www.wonder-geek.com/gund-first-teddy-bear-pink-p-38925.html" "Mozilla/5.0 (Linux; Android 9; SAMSUNG SM-N950F) AppleWebKit/537.36 (KHTML, like Gecko) SamsungBrowser/14.0 Chrome/87.0.4280.141 Mobile Safari/537.36"
1.136.105.171 - - [16/Jul/2021:06:19:24 +0200] "GET /highslide/graphics/loader.white.gif HTTP/1.0" 200 960 "http://www.wonder-geek.com/templates/Pixame_v1/stylesheet.css" "Mozilla/5.0 (Linux; Android 9; SAMSUNG SM-N950F) AppleWebKit/537.36 (KHTML, like Gecko) SamsungBrowser/14.0 Chrome/87.0.4280.141 Mobile Safari/537.36"
1.136.105.171 - - [16/Jul/2021:06:19:24 +0200] "GET /favicon.ico HTTP/1.0" 200 260 "http://www.wonder-geek.com/gund-first-teddy-bear-pink-p-38925.html" "Mozilla/5.0 (Linux; Android 9; SAMSUNG SM-N950F) AppleWebKit/537.36 (KHTML, like Gecko) SamsungBrowser/14.0 Chrome/87.0.4280.141 Mobile Safari/537.36"
66.249.93.15 - - [16/Jul/2021:06:19:28 +0200] "GET /images/big_prod_1/8717202559787B.jpg HTTP/1.0" 200 271 "-" "Mozilla/5.0 (Windows NT 5.1; rv:11.0) Gecko Firefox/11.0 (via ggpht.com GoogleImageProxy)"
207.46.13.51 - - [16/Jul/2021:06:19:58 +0200] "GET /copper-colored-ceramic-lamp-p-54055.html HTTP/1.0" 200 73780 "-" "Mozilla/5.0 (compatible; bingbot/2.0; +http://www.bing.com/bingbot.htm)"
207.46.13.65 - - [16/Jul/2021:06:20:05 +0200] "GET /dusty-planes-poster-p-30879.html HTTP/1.0" 200 72806 "-" "Mozilla/5.0 (compatible; bingbot/2.0; +http://www.bing.com/bingbot.htm)"
66.249.72.166 - - [16/Jul/2021:06:20:15 +0200] "GET /vespa-radio-alarm-clock-p-15547.html HTTP/1.0" 200 70279 "-" "Mozilla/5.0 (Linux; Android 6.0.1; Nexus 5X Build/MMB29P) AppleWebKit/537.36 (KHTML, like Gecko) Chrome/91.0.4472.90 Mobile Safari/537.36 (compatible; Googlebot/2.1; +http://www.google.com/bot.html)"
66.249.72.166 - - [16/Jul/2021:06:20:16 +0200] "GET /wooden-cellar-simone-collection-p-54491.html HTTP/1.0" 200 73148 "-" "Mozilla/5.0 (compatible; Googlebot/2.1; +http://www.google.com/bot.html)"
185.191.171.44 - - [16/Jul/2021:06:20:27 +0200] "GET /decoration-hourglass-glass-sand-glitter-black-p-53617.html?action=add_product HTTP/1.0" 302 476 "-" "Mozilla/5.0 (compatible; SemrushBot/7~bl; +http://www.semrush.com/bot.html)"
114.119.144.233 - - [16/Jul/2021:06:20:46 +0200] "GET /kimmidoll-keyring-kazumi-p-49775.html HTTP/1.0" 200 72858 "-" "Mozilla/5.0 (Linux; Android 7.0;) AppleWebKit/537.36 (KHTML, like Gecko) Mobile Safari/537.36 (compatible; PetalBot;+https://webmaster.petalsearch.com/site/petalbot)"
114.119.150.15 - - [16/Jul/2021:06:21:13 +0200] "GET /zen-wooden-wall-decoration-to-hang-40-40-cm-p-42748.html HTTP/1.0" 301 73192 "-" "Mozilla/5.0 (Linux; Android 7.0;) AppleWebKit/537.36 (KHTML, like Gecko) Mobile Safari/537.36 (compatible; PetalBot;+https://webmaster.petalsearch.com/site/petalbot)"
114.119.150.15 - - [16/Jul/2021:06:21:14 +0200] "GET /wooden-wall-decoration-hang-p-42748.html HTTP/1.0" 200 73098 "-" "Mozilla/5.0 (Linux; Android 7.0;) AppleWebKit/537.36 (KHTML, like Gecko) Mobile Safari/537.36 (compatible; PetalBot;+https://webmaster.petalsearch.com/site/petalbot)"
54.36.148.242 - - [16/Jul/2021:06:21:20 +0200] "GET /rebel-princess-oval-placemat-p-17130.html HTTP/1.0" 200 73095 "-" "Mozilla/5.0 (compatible; AhrefsBot/7.0; +http://ahrefs.com/robot/)"
207.46.13.51 - - [16/Jul/2021:06:21:29 +0200] "GET /tour-eiffel-2cv-bedclothes-p-15120.html HTTP/1.0" 301 70264 "-" "Mozilla/5.0 (compatible; bingbot/2.0; +http://www.bing.com/bingbot.htm)"
40.77.167.36 - - [16/Jul/2021:06:21:51 +0200] "GET /regal-pc-mini-nativity-jim-shore-heartwood-creek-p-38182.html HTTP/1.0" 301 70264 "-" "Mozilla/5.0 (compatible; bingbot/2.0; +http://www.bing.com/bingbot.htm)"
40.77.167.77 - - [16/Jul/2021:06:22:16 +0200] "GET /volkswagen-adult-apron-p-34171.html HTTP/1.0" 200 72831 "-" "Mozilla/5.0 (compatible; bingbot/2.0; +http://www.bing.com/bingbot.htm)"
185.191.171.41 - - [16/Jul/2021:06:22:23 +0200] "GET /winnie-the-pooh-umbrella-p-20502.html HTTP/1.0" 301 70387 "-" "Mozilla/5.0 (compatible; SemrushBot/7~bl; +http://www.semrush.com/bot.html)"
185.191.171.33 - - [16/Jul/2021:06:22:25 +0200] "GET /winnie-pooh-umbrella-p-20502.html HTTP/1.0" 200 70300 "-" "Mozilla/5.0 (compatible; SemrushBot/7~bl; +http://www.semrush.com/bot.html)"
114.119.129.36 - - [16/Jul/2021:06:22:26 +0200] "GET /renault-metal-money-p-52947.html HTTP/1.0" 200 70279 "-" "Mozilla/5.0 (Linux; Android 7.0;) AppleWebKit/537.36 (KHTML, like Gecko) Mobile Safari/537.36 (compatible; PetalBot;+https://webmaster.petalsearch.com/site/petalbot)"
185.191.171.34 - - [16/Jul/2021:06:22:36 +0200] "GET /gorjuss-coaster-white-rabbit-p-47740.html HTTP/1.0" 200 73032 "-" "Mozilla/5.0 (compatible; SemrushBot/7~bl; +http://www.semrush.com/bot.html)"
207.46.13.125 - - [16/Jul/2021:06:22:51 +0200] "GET /-p-22939.html HTTP/1.0" 200 70197 "-" "Mozilla/5.0 (compatible; bingbot/2.0; +http://www.bing.com/bingbot.htm)"
185.191.171.18 - - [16/Jul/2021:06:23:22 +0200] "GET /stool-table-c-13_212.html HTTP/1.0" 200 80473 "-" "Mozilla/5.0 (compatible; SemrushBot/7~bl; +http://www.semrush.com/bot.html)"
207.46.13.51 - - [16/Jul/2021:06:23:23 +0200] "GET /-p-27352.html HTTP/1.0" 200 70197 "-" "Mozilla/5.0 (compatible; bingbot/2.0; +http://www.bing.com/bingbot.htm)"
207.46.13.65 - - [16/Jul/2021:06:23:25 +0200] "GET /bart-and-homer-simpsons-oval-alarm-clock-p-14532.html HTTP/1.0" 301 73363 "-" "Mozilla/5.0 (compatible; bingbot/2.0; +http://www.bing.com/bingbot.htm)"
157.55.39.121 - - [16/Jul/2021:06:23:25 +0200] "GET /el-chupacabra-figure-p-22558.html HTTP/1.0" 301 70366 "-" "Mozilla/5.0 (compatible; bingbot/2.0; +http://www.bing.com/bingbot.htm)"
54.36.148.242 - - [16/Jul/2021:06:23:33 +0200] "GET /rectangular-kitchen-towel-cotton-aoli-p-51354.html HTTP/1.0" 200 73000 "-" "Mozilla/5.0 (compatible; AhrefsBot/7.0; +http://ahrefs.com/robot/)"
157.55.39.145 - - [16/Jul/2021:06:23:40 +0200] "GET /images/big_prod/3700572738109.jpg HTTP/1.0" 200 268 "-" "Mozilla/5.0 (compatible; bingbot/2.0; +http://www.bing.com/bingbot.htm)"
114.119.150.15 - - [16/Jul/2021:06:24:00 +0200] "GET /gorjuss-eraser-p-32749.html HTTP/1.0" 200 70243 "-" "Mozilla/5.0 (Linux; Android 7.0;) AppleWebKit/537.36 (KHTML, like Gecko) Mobile Safari/537.36 (compatible; PetalBot;+https://webmaster.petalsearch.com/site/petalbot)"
185.191.171.15 - - [16/Jul/2021:06:24:10 +0200] "GET /retro-notepad-p-33090.html HTTP/1.0" 301 70264 "-" "Mozilla/5.0 (compatible; SemrushBot/7~bl; +http://www.semrush.com/bot.html)"
185.191.171.18 - - [16/Jul/2021:06:24:13 +0200] "GET /-p-33090.html HTTP/1.0" 200 70197 "-" "Mozilla/5.0 (compatible; SemrushBot/7~bl; +http://www.semrush.com/bot.html)"
157.55.39.124 - - [16/Jul/2021:06:24:19 +0200] "GET /-p-51873.html HTTP/1.0" 200 70197 "-" "Mozilla/5.0 (compatible; bingbot/2.0; +http://www.bing.com/bingbot.htm)"
157.55.39.145 - - [16/Jul/2021:06:24:33 +0200] "GET /union-jack-small-stapler-p-33362.html HTTP/1.0" 200 72877 "-" "Mozilla/5.0 (compatible; bingbot/2.0; +http://www.bing.com/bingbot.htm)"
185.191.171.1 - - [16/Jul/2021:06:24:37 +0200] "GET /shiva-mug-by-cbkreation-p-37854.html HTTP/1.0" 301 72946 "-" "Mozilla/5.0 (compatible; SemrushBot/7~bl; +http://www.semrush.com/bot.html)"
185.191.171.37 - - [16/Jul/2021:06:24:40 +0200] "GET /shiva-cbkreation-p-37854.html HTTP/1.0" 200 72863 "-" "Mozilla/5.0 (compatible; SemrushBot/7~bl; +http://www.semrush.com/bot.html)"
185.191.171.24 - - [16/Jul/2021:06:24:41 +0200] "GET /rose-quartz-pendulum-p-44311.html HTTP/1.0" 200 70267 "-" "Mozilla/5.0 (compatible; SemrushBot/7~bl; +http://www.semrush.com/bot.html)"
157.55.39.127 - - [16/Jul/2021:06:24:46 +0200] "GET /paris-mouse-cbkreation-p-17251.html HTTP/1.0" 200 72843 "-" "Mozilla/5.0 (compatible; bingbot/2.0; +http://www.bing.com/bingbot.htm)"
66.249.72.170 - - [16/Jul/2021:06:24:54 +0200] "GET /images/big_prod/8499132034113.jpg HTTP/1.0" 200 268 "-" "Googlebot-Image/1.0"
207.46.13.65 - - [16/Jul/2021:06:24:54 +0200] "GET /images/big_prod/1360150000008.jpg HTTP/1.0" 200 268 "-" "Mozilla/5.0 (compatible; bingbot/2.0; +http://www.bing.com/bingbot.htm)"
207.46.13.65 - - [16/Jul/2021:06:24:56 +0200] "GET /mickey-mouse-with-candy-canes-figurine-p-53260.html HTTP/1.0" 200 74573 "-" "Mozilla/5.0 (compatible; bingbot/2.0; +http://www.bing.com/bingbot.htm)"
207.46.13.65 - - [16/Jul/2021:06:25:15 +0200] "GET /lola-shower-towel-grey-p-41786.html HTTP/1.0" 200 73742 "-" "Mozilla/5.0 (compatible; bingbot/2.0; +http://www.bing.com/bingbot.htm)"
185.191.171.25 - - [16/Jul/2021:06:25:16 +0200] "GET /flower-fairies-jewelry-p-53246.html?action=add_product HTTP/1.0" 302 476 "-" "Mozilla/5.0 (compatible; SemrushBot/7~bl; +http://www.semrush.com/bot.html)"
17.121.113.210 - - [16/Jul/2021:06:25:22 +0200] "GET /amazon-love-glasses-case-pink-p-50267.html HTTP/1.0" 200 73914 "-" "Mozilla/5.0 (Macintosh; Intel Mac OS X 10_15_5) AppleWebKit/605.1.15 (KHTML, like Gecko) Version/13.1.1 Safari/605.1.15 (Applebot/0.1; +http://www.apple.com/go/applebot)"
40.77.167.77 - - [16/Jul/2021:06:25:36 +0200] "GET /-p-28523.html HTTP/1.0" 200 70197 "-" "Mozilla/5.0 (compatible; bingbot/2.0; +http://www.bing.com/bingbot.htm)"
66.249.72.166 - - [16/Jul/2021:06:25:38 +0200] "GET /figures-sonny-angel-birthday-gift-bear-series-complete-p-54725.html HTTP/1.0" 200 74171 "-" "Mozilla/5.0 (compatible; Googlebot/2.1; +http://www.google.com/bot.html)"
157.55.39.124 - - [16/Jul/2021:06:25:41 +0200] "GET /-p-16690.html HTTP/1.0" 200 70197 "-" "Mozilla/5.0 (compatible; bingbot/2.0; +http://www.bing.com/bingbot.htm)"
54.36.148.242 - - [16/Jul/2021:06:25:49 +0200] "GET /music-disc-turns-recorder-p-41581.html HTTP/1.0" 200 73940 "-" "Mozilla/5.0 (compatible; AhrefsBot/7.0; +http://ahrefs.com/robot/)"
157.55.39.121 - - [16/Jul/2021:06:25:55 +0200] "GET /images/big_prod/1328399138296.jpg HTTP/1.0" 200 268 "-" "Mozilla/5.0 (compatible; bingbot/2.0; +http://www.bing.com/bingbot.htm)"
114.119.144.233 - - [16/Jul/2021:06:25:57 +0200] "GET /gorjuss-ruby-pill-box-p-30851.html HTTP/1.0" 301 70347 "-" "Mozilla/5.0 (Linux; Android 7.0;) AppleWebKit/537.36 (KHTML, like Gecko) Mobile Safari/537.36 (compatible; PetalBot;+https://webmaster.petalsearch.com/site/petalbot)"
114.119.144.233 - - [16/Jul/2021:06:26:00 +0200] "GET /gorjuss-ruby-pill-p-30851.html HTTP/1.0" 200 70263 "-" "Mozilla/5.0 (Linux; Android 7.0;) AppleWebKit/537.36 (KHTML, like Gecko) Mobile Safari/537.36 (compatible; PetalBot;+https://webmaster.petalsearch.com/site/petalbot)"
66.249.72.170 - - [16/Jul/2021:06:26:12 +0200] "GET /spiderman-yellow-swimsuit-p-30821.html HTTP/1.0" 200 74026 "-" "Mozilla/5.0 (Linux; Android 6.0.1; Nexus 5X Build/MMB29P) AppleWebKit/537.36 (KHTML, like Gecko) Chrome/91.0.4472.90 Mobile Safari/537.36 (compatible; Googlebot/2.1; +http://www.google.com/bot.html)"
157.55.39.124 - - [16/Jul/2021:06:26:20 +0200] "GET /laissez-lucie-faire-butter-dish-p-32037.html HTTP/1.0" 200 70311 "-" "Mozilla/5.0 (compatible; bingbot/2.0; +http://www.bing.com/bingbot.htm)"
185.191.171.21 - - [16/Jul/2021:06:26:32 +0200] "GET /home-and-decoration-c-13.html?page=61 HTTP/1.0" 301 92439 "-" "Mozilla/5.0 (compatible; SemrushBot/7~bl; +http://www.semrush.com/bot.html)"
185.191.171.15 - - [16/Jul/2021:06:26:35 +0200] "GET /home-decoration-c-13.html?page=61 HTTP/1.0" 200 92352 "-" "Mozilla/5.0 (compatible; SemrushBot/7~bl; +http://www.semrush.com/bot.html)"
40.77.167.77 - - [16/Jul/2021:06:26:37 +0200] "GET /hirondelle-jewelery-holder-p-48887.html HTTP/1.0" 200 73014 "-" "Mozilla/5.0 (compatible; bingbot/2.0; +http://www.bing.com/bingbot.htm)"
185.191.171.25 - - [16/Jul/2021:06:26:39 +0200] "GET /set-of-fatma-hand-coasters-p-53025.html HTTP/1.0" 301 70367 "-" "Mozilla/5.0 (compatible; SemrushBot/7~bl; +http://www.semrush.com/bot.html)"
185.191.171.44 - - [16/Jul/2021:06:26:41 +0200] "GET /fatma-hand-coasters-p-53025.html HTTP/1.0" 200 70281 "-" "Mozilla/5.0 (compatible; SemrushBot/7~bl; +http://www.semrush.com/bot.html)"
207.46.13.125 - - [16/Jul/2021:06:26:43 +0200] "GET /decorative-sundial-compass-brass-gilbert-sons-p-52859.html HTTP/1.0" 200 73079 "-" "Mozilla/5.0 (compatible; bingbot/2.0; +http://www.bing.com/bingbot.htm)"
185.191.171.3 - - [16/Jul/2021:06:27:16 +0200] "GET /lighting-c-86.html?page=16 HTTP/1.0" 200 93904 "-" "Mozilla/5.0 (compatible; SemrushBot/7~bl; +http://www.semrush.com/bot.html)"
185.191.171.15 - - [16/Jul/2021:06:27:52 +0200] "GET /saddle-club-pieces-p-27691.html?action=add_product HTTP/1.0" 302 476 "-" "Mozilla/5.0 (compatible; SemrushBot/7~bl; +http://www.semrush.com/bot.html)"
157.55.39.124 - - [16/Jul/2021:06:28:00 +0200] "GET /-p-22175.html HTTP/1.0" 200 70197 "-" "Mozilla/5.0 (compatible; bingbot/2.0; +http://www.bing.com/bingbot.htm)"
54.36.148.242 - - [16/Jul/2021:06:28:08 +0200] "GET /resin-monkey-statue-p-52444.html HTTP/1.0" 200 73819 "-" "Mozilla/5.0 (compatible; AhrefsBot/7.0; +http://ahrefs.com/robot/)"
185.191.171.26 - - [16/Jul/2021:06:28:09 +0200] "GET /metal-plate-wine-p-50934.html HTTP/1.0" 200 72818 "-" "Mozilla/5.0 (compatible; SemrushBot/7~bl; +http://www.semrush.com/bot.html)"
40.77.167.36 - - [16/Jul/2021:06:28:13 +0200] "GET /baby-doll-boy-paola-reina-p-7361.html HTTP/1.0" 301 70390 "-" "Mozilla/5.0 (compatible; bingbot/2.0; +http://www.bing.com/bingbot.htm)"
17.121.114.105 - - [16/Jul/2021:06:28:16 +0200] "GET /moustache-training-bottle-cbkreation-p-26753.html HTTP/1.0" 200 73246 "-" "Mozilla/5.0 (Macintosh; Intel Mac OS X 10_15_5) AppleWebKit/605.1.15 (KHTML, like Gecko) Version/13.1.1 Safari/605.1.15 (Applebot/0.1; +http://www.apple.com/go/applebot)"
185.191.171.25 - - [16/Jul/2021:06:28:19 +0200] "GET /indoor-crystal-time-indicator-p-55405.html HTTP/1.0" 200 73885 "-" "Mozilla/5.0 (compatible; SemrushBot/7~bl; +http://www.semrush.com/bot.html)"
207.46.13.65 - - [16/Jul/2021:06:28:26 +0200] "GET /minnie-mouse-large-metal-p-26704.html HTTP/1.0" 200 72979 "-" "Mozilla/5.0 (compatible; bingbot/2.0; +http://www.bing.com/bingbot.htm)"
114.119.151.113 - - [16/Jul/2021:06:28:35 +0200] "GET /small-box-for-baby-teeth-p-53346.html HTTP/1.0" 301 73028 "-" "Mozilla/5.0 (Linux; Android 7.0;) AppleWebKit/537.36 (KHTML, like Gecko) Mobile Safari/537.36 (compatible; PetalBot;+https://webmaster.petalsearch.com/site/petalbot)"
114.119.151.113 - - [16/Jul/2021:06:28:38 +0200] "GET /small-baby-teeth-p-53346.html HTTP/1.0" 200 72945 "-" "Mozilla/5.0 (Linux; Android 7.0;) AppleWebKit/537.36 (KHTML, like Gecko) Mobile Safari/537.36 (compatible; PetalBot;+https://webmaster.petalsearch.com/site/petalbot)"
40.77.167.77 - - [16/Jul/2021:06:28:40 +0200] "GET /paris-glass-wall-clock-p-10446.html HTTP/1.0" 200 73448 "-" "Mozilla/5.0 (compatible; bingbot/2.0; +http://www.bing.com/bingbot.htm)"
40.77.167.77 - - [16/Jul/2021:06:28:42 +0200] "GET /-p-15698.html HTTP/1.0" 200 70197 "-" "Mozilla/5.0 (compatible; bingbot/2.0; +http://www.bing.com/bingbot.htm)"
148.251.195.14 - - [16/Jul/2021:06:28:44 +0200] "GET /robots.txt HTTP/1.0" 200 245 "-" "Mozilla/5.0 (compatible; MJ12bot/v1.4.8; http://mj12bot.com/)"
207.46.13.65 - - [16/Jul/2021:06:28:44 +0200] "GET /swfobject.js HTTP/1.0" 404 1308 "-" "Mozilla/5.0 (compatible; bingbot/2.0; +http://www.bing.com/bingbot.htm)"
148.251.195.14 - - [16/Jul/2021:06:28:47 +0200] "GET /ballerina-statue-collection-p-38746.html HTTP/1.0" 200 70307 "-" "Mozilla/5.0 (compatible; MJ12bot/v1.4.8; http://mj12bot.com/)"
148.251.195.14 - - [16/Jul/2021:06:28:54 +0200] "GET /canvas-frame-cherche-bonheur-p-39223.html HTTP/1.0" 200 73152 "-" "Mozilla/5.0 (compatible; MJ12bot/v1.4.8; http://mj12bot.com/)"
148.251.195.14 - - [16/Jul/2021:06:29:01 +0200] "GET /cube-candle-holders-chakras-p-48358.html HTTP/1.0" 200 73001 "-" "Mozilla/5.0 (compatible; MJ12bot/v1.4.8; http://mj12bot.com/)"
40.77.167.77 - - [16/Jul/2021:06:29:03 +0200] "GET /gorjuss-fiesta-double-filled-pencil-case-gift-p-47755.html HTTP/1.0" 200 75524 "-" "Mozilla/5.0 (compatible; bingbot/2.0; +http://www.bing.com/bingbot.htm)"
207.46.13.65 - - [16/Jul/2021:06:29:06 +0200] "GET /green-glass-ashtray-p-36383.html HTTP/1.0" 200 72811 "-" "Mozilla/5.0 (compatible; bingbot/2.0; +http://www.bing.com/bingbot.htm)"
49.7.20.113 - - [16/Jul/2021:06:29:08 +0200] "GET / HTTP/1.0" 200 95472 "-" "Sogou web spider/4.0(+http://www.sogou.com/docs/help/webmasters.htm#07)"
148.251.195.14 - - [16/Jul/2021:06:29:09 +0200] "GET /illustrated-etienne-boyer-p-29203.html HTTP/1.0" 200 72962 "-" "Mozilla/5.0 (compatible; MJ12bot/v1.4.8; http://mj12bot.com/)"
148.251.195.14 - - [16/Jul/2021:06:29:16 +0200] "GET /jasmin-saucer-p-37959.html HTTP/1.0" 200 72846 "-" "Mozilla/5.0 (compatible; MJ12bot/v1.4.8; http://mj12bot.com/)"
148.251.195.14 - - [16/Jul/2021:06:29:25 +0200] "GET /little-buddha-collection-keychain-yellow-p-43058.html HTTP/1.0" 200 70367 "-" "Mozilla/5.0 (compatible; MJ12bot/v1.4.8; http://mj12bot.com/)"
148.251.195.14 - - [16/Jul/2021:06:29:35 +0200] "GET /little-buddha-collection-statuette-black-30-cm-p-43055.html HTTP/1.0" 301 70477 "-" "Mozilla/5.0 (compatible; MJ12bot/v1.4.8; http://mj12bot.com/)"
157.55.39.145 - - [16/Jul/2021:06:29:40 +0200] "GET /darth-vader-star-wars-jumbo-p-15964.html HTTP/1.0" 200 72957 "-" "Mozilla/5.0 (compatible; bingbot/2.0; +http://www.bing.com/bingbot.htm)"
207.46.13.125 - - [16/Jul/2021:06:29:42 +0200] "GET /-p-19847.html HTTP/1.0" 200 70197 "-" "Mozilla/5.0 (compatible; bingbot/2.0; +http://www.bing.com/bingbot.htm)"
148.251.195.14 - - [16/Jul/2021:06:29:42 +0200] "GET /little-buddha-collection-statuette-black-p-43055.html HTTP/1.0" 200 70370 "-" "Mozilla/5.0 (compatible; MJ12bot/v1.4.8; http://mj12bot.com/)"
157.55.39.145 - - [16/Jul/2021:06:29:43 +0200] "GET /-p-15287.html HTTP/1.0" 200 70197 "-" "Mozilla/5.0 (compatible; bingbot/2.0; +http://www.bing.com/bingbot.htm)"
157.55.39.124 - - [16/Jul/2021:06:29:44 +0200] "GET /bakugan-placemat-p-17143.html HTTP/1.0" 200 72867 "-" "Mozilla/5.0 (compatible; bingbot/2.0; +http://www.bing.com/bingbot.htm)"
148.251.195.14 - - [16/Jul/2021:06:29:48 +0200] "GET /little-buddha-collection-statuette-black-p-43055.html HTTP/1.0" 200 70370 "-" "Mozilla/5.0 (compatible; MJ12bot/v1.4.8; http://mj12bot.com/)"
148.251.195.14 - - [16/Jul/2021:06:29:56 +0200] "GET /little-buddha-collection-statuette-dark-blue-30-cm-p-43054.html HTTP/1.0" 301 70489 "-" "Mozilla/5.0 (compatible; MJ12bot/v1.4.8; http://mj12bot.com/)"
157.55.39.121 - - [16/Jul/2021:06:29:56 +0200] "GET /provence-lavender-salt-and-pepper-shaker-p-30683.html HTTP/1.0" 301 73154 "-" "Mozilla/5.0 (compatible; bingbot/2.0; +http://www.bing.com/bingbot.htm)"
148.251.195.14 - - [16/Jul/2021:06:30:07 +0200] "GET /little-buddha-collection-statuette-dark-blue-p-43054.html HTTP/1.0" 200 70378 "-" "Mozilla/5.0 (compatible; MJ12bot/v1.4.8; http://mj12bot.com/)"
40.77.167.36 - - [16/Jul/2021:06:30:11 +0200] "GET /-p-15798.html HTTP/1.0" 200 70197 "-" "Mozilla/5.0 (compatible; bingbot/2.0; +http://www.bing.com/bingbot.htm)"
148.251.195.14 - - [16/Jul/2021:06:30:15 +0200] "GET /little-buddha-collection-statuette-dark-blue-p-43054.html HTTP/1.0" 200 70378 "-" "Mozilla/5.0 (compatible; MJ12bot/v1.4.8; http://mj12bot.com/)"
114.119.145.117 - - [16/Jul/2021:06:30:19 +0200] "GET /salt-and-pepper-shakers-olive-wood-p-52823.html HTTP/1.0" 301 73078 "-" "Mozilla/5.0 (Linux; Android 7.0;) AppleWebKit/537.36 (KHTML, like Gecko) Mobile Safari/537.36 (compatible; PetalBot;+https://webmaster.petalsearch.com/site/petalbot)"
207.46.13.125 - - [16/Jul/2021:06:30:22 +0200] "GET /key-holder-in-raw-wood-p-47969.html HTTP/1.0" 301 70331 "-" "Mozilla/5.0 (compatible; bingbot/2.0; +http://www.bing.com/bingbot.htm)"
148.251.195.14 - - [16/Jul/2021:06:30:22 +0200] "GET /little-buddha-collection-statuette-pink-30-cm-p-46060.html HTTP/1.0" 301 70474 "-" "Mozilla/5.0 (compatible; MJ12bot/v1.4.8; http://mj12bot.com/)"
114.119.145.117 - - [16/Jul/2021:06:30:23 +0200] "GET /salt-pepper-shakers-olive-wood-p-52823.html HTTP/1.0" 200 72981 "-" "Mozilla/5.0 (Linux; Android 7.0;) AppleWebKit/537.36 (KHTML, like Gecko) Mobile Safari/537.36 (compatible; PetalBot;+https://webmaster.petalsearch.com/site/petalbot)"
207.46.13.125 - - [16/Jul/2021:06:30:25 +0200] "GET /-p-5028.html HTTP/1.0" 200 70195 "-" "Mozilla/5.0 (compatible; bingbot/2.0; +http://www.bing.com/bingbot.htm)"
148.251.195.14 - - [16/Jul/2021:06:30:30 +0200] "GET /little-buddha-collection-statuette-pink-p-46060.html HTTP/1.0" 200 70368 "-" "Mozilla/5.0 (compatible; MJ12bot/v1.4.8; http://mj12bot.com/)"
54.36.148.242 - - [16/Jul/2021:06:30:36 +0200] "GET /cauldron-blue-pentacle-wicca-p-45029.html HTTP/1.0" 200 73180 "-" "Mozilla/5.0 (compatible; AhrefsBot/7.0; +http://ahrefs.com/robot/)"
51.68.224.127 - - [16/Jul/2021:06:30:36 +0200] "GET /adminweb/export_orders_xml.php?token=256de2z6edz6ed2z6DFSFsed2zed6zeDSFDSGdzedezfzf&maxorders=10&orderstart=1&status=14&start_date=2018-10-01 HTTP/1.0" 200 285 "-" "GesCom CharlotteBoutik Serveur"
51.68.224.127 - - [16/Jul/2021:06:30:37 +0200] "GET /adminweb/export_orders_xml.php?token=256de2z6edz6ed2z6DFSFsed2zed6zeDSFDSGdzedezfzf&maxorders=10&orderstart=1&status=6&start_date=2018-10-01 HTTP/1.0" 200 29786 "-" "GesCom CharlotteBoutik Serveur"
148.251.195.14 - - [16/Jul/2021:06:30:39 +0200] "GET /little-buddha-collection-statuette-pink-p-46060.html HTTP/1.0" 200 70368 "-" "Mozilla/5.0 (compatible; MJ12bot/v1.4.8; http://mj12bot.com/)"
40.77.167.36 - - [16/Jul/2021:06:30:42 +0200] "GET /baby-doll-boy-paola-reina-p-7361.html HTTP/1.0" 301 70390 "-" "Mozilla/5.0 (compatible; bingbot/2.0; +http://www.bing.com/bingbot.htm)"
148.251.195.14 - - [16/Jul/2021:06:30:47 +0200] "GET /little-panda-moneybox-17-cm-p-48272.html HTTP/1.0" 301 73551 "-" "Mozilla/5.0 (compatible; MJ12bot/v1.4.8; http://mj12bot.com/)"
207.46.13.65 - - [16/Jul/2021:06:30:56 +0200] "GET /hello-kitty-backpack-p-24284.html HTTP/1.0" 200 73178 "-" "Mozilla/5.0 (compatible; bingbot/2.0; +http://www.bing.com/bingbot.htm)"
148.251.195.14 - - [16/Jul/2021:06:30:57 +0200] "GET /little-panda-moneybox-p-48272.html HTTP/1.0" 200 73463 "-" "Mozilla/5.0 (compatible; MJ12bot/v1.4.8; http://mj12bot.com/)"
207.46.13.51 - - [16/Jul/2021:06:31:01 +0200] "GET /zippo-tobacco-pouch-in-double-textured-leather-p-49095.html HTTP/1.0" 301 74000 "-" "Mozilla/5.0 (compatible; bingbot/2.0; +http://www.bing.com/bingbot.htm)"
207.46.13.51 - - [16/Jul/2021:06:31:03 +0200] "GET /-p-1759.html HTTP/1.0" 200 70195 "-" "Mozilla/5.0 (compatible; bingbot/2.0; +http://www.bing.com/bingbot.htm)"
148.251.195.14 - - [16/Jul/2021:06:31:04 +0200] "GET /little-panda-moneybox-p-48272.html HTTP/1.0" 200 73463 "-" "Mozilla/5.0 (compatible; MJ12bot/v1.4.8; http://mj12bot.com/)"
207.46.13.51 - - [16/Jul/2021:06:31:04 +0200] "GET /gorjuss-cards-supplied-with-an-envelope-pulling-on-your-heart-p-48380.html HTTP/1.0" 301 73327 "-" "Mozilla/5.0 (compatible; bingbot/2.0; +http://www.bing.com/bingbot.htm)"
148.251.195.14 - - [16/Jul/2021:06:31:12 +0200] "GET /little-prince-saint-exupery-bowl-p-52493.html HTTP/1.0" 200 70329 "-" "Mozilla/5.0 (compatible; MJ12bot/v1.4.8; http://mj12bot.com/)"
66.102.9.243 - - [16/Jul/2021:06:31:14 +0200] "GET /images/med_prod/4012390389760.jpg HTTP/1.0" 200 268 "-" "Mozilla/5.0 (Windows NT 5.1; rv:11.0) Gecko Firefox/11.0 (via ggpht.com GoogleImageProxy)"
148.251.195.14 - - [16/Jul/2021:06:31:19 +0200] "GET /little-prince-sugar-p-52469.html HTTP/1.0" 200 72987 "-" "Mozilla/5.0 (compatible; MJ12bot/v1.4.8; http://mj12bot.com/)"
148.251.195.14 - - [16/Jul/2021:06:31:31 +0200] "GET /london-ashtray-p-36623.html HTTP/1.0" 200 72767 "-" "Mozilla/5.0 (compatible; MJ12bot/v1.4.8; http://mj12bot.com/)"
148.251.195.14 - - [16/Jul/2021:06:31:39 +0200] "GET /london-bus-ashtray-p-36623.html HTTP/1.0" 301 72848 "-" "Mozilla/5.0 (compatible; MJ12bot/v1.4.8; http://mj12bot.com/)"
157.55.39.124 - - [16/Jul/2021:06:31:40 +0200] "GET /cat-newspaper-porcelain-bowl-p-31535.html HTTP/1.0" 301 70382 "-" "Mozilla/5.0 (compatible; bingbot/2.0; +http://www.bing.com/bingbot.htm)"
