148.251.195.14 - - [16/Jul/2021:07:25:39 +0200] "GET /writing-correction-c-186.html?page=5 HTTP/1.0" 301 92664 "-" "Mozilla/5.0 (compatible; MJ12bot/v1.4.8; http://mj12bot.com/)"
148.251.195.14 - - [16/Jul/2021:07:25:45 +0200] "GET /writing-correction-c-129_186.html?page=5 HTTP/1.0" 200 92710 "-" "Mozilla/5.0 (compatible; MJ12bot/v1.4.8; http://mj12bot.com/)"
54.36.148.242 - - [16/Jul/2021:07:25:57 +0200] "GET /figurine-resin-gold-parrot-p-54277.html HTTP/1.0" 200 73995 "-" "Mozilla/5.0 (compatible; AhrefsBot/7.0; +http://ahrefs.com/robot/)"
114.119.147.45 - - [16/Jul/2021:07:25:59 +0200] "GET /mini-cooper-union-jack-figurine-p-28503.html HTTP/1.0" 200 72990 "-" "Mozilla/5.0 (Linux; Android 7.0;) AppleWebKit/537.36 (KHTML, like Gecko) Mobile Safari/537.36 (compatible; PetalBot;+https://webmaster.petalsearch.com/site/petalbot)"
66.249.72.168 - - [16/Jul/2021:07:26:09 +0200] "GET /images/big_prod_1/8422012915202B.jpg HTTP/1.0" 200 271 "-" "Googlebot-Image/1.0"
40.77.167.77 - - [16/Jul/2021:07:26:23 +0200] "GET /windchime-wood-five-chimes-p-43517.html HTTP/1.0" 200 73495 "-" "Mozilla/5.0 (compatible; bingbot/2.0; +http://www.bing.com/bingbot.htm)"
207.46.13.127 - - [16/Jul/2021:07:26:34 +0200] "GET /marilyn-monroe-carrying-case-25-cm-p-29443.html HTTP/1.0" 301 73042 "-" "Mozilla/5.0 (compatible; bingbot/2.0; +http://www.bing.com/bingbot.htm)"
40.77.167.36 - - [16/Jul/2021:07:26:38 +0200] "GET /-p-29838.html HTTP/1.0" 200 70197 "-" "Mozilla/5.0 (compatible; bingbot/2.0; +http://www.bing.com/bingbot.htm)"
157.55.39.127 - - [16/Jul/2021:07:26:42 +0200] "GET /lyon-red-tee-shirt-p-31274.html HTTP/1.0" 301 74784 "-" "Mozilla/5.0 (compatible; bingbot/2.0; +http://www.bing.com/bingbot.htm)"
207.46.13.65 - - [16/Jul/2021:07:26:44 +0200] "GET /-p-33673.html HTTP/1.0" 200 70197 "-" "Mozilla/5.0 (compatible; bingbot/2.0; +http://www.bing.com/bingbot.htm)"
157.55.39.124 - - [16/Jul/2021:07:27:15 +0200] "GET /lotus-candleholder-chakra-orange-silverlining-p-35529.html HTTP/1.0" 200 74474 "-" "Mozilla/5.0 (compatible; bingbot/2.0; +http://www.bing.com/bingbot.htm)"
88.198.43.207 - - [16/Jul/2021:07:27:32 +0200] "GET /paris-scooter-poster-p-14398.html HTTP/1.0" 200 70288 "-" "Mozilla/5.0 (Windows NT 10.0; Win64; x64) AppleWebKit/537.36 (KHTML, like Gecko) Chrome/86.0.4240.198 Safari/537.36 OPR/72.0.3815.400"
40.77.167.36 - - [16/Jul/2021:07:27:38 +0200] "GET /-p-10548.html HTTP/1.0" 200 70197 "-" "Mozilla/5.0 (compatible; bingbot/2.0; +http://www.bing.com/bingbot.htm)"
185.191.171.18 - - [16/Jul/2021:07:27:38 +0200] "GET /bamboo-fiber-jug-hummingbird-p-49561.html HTTP/1.0" 301 73035 "-" "Mozilla/5.0 (compatible; SemrushBot/7~bl; +http://www.semrush.com/bot.html)"
185.191.171.36 - - [16/Jul/2021:07:27:41 +0200] "GET /bamboo-fiber-hummingbird-p-49561.html HTTP/1.0" 200 72944 "-" "Mozilla/5.0 (compatible; SemrushBot/7~bl; +http://www.semrush.com/bot.html)"
168.119.69.91 - - [16/Jul/2021:07:27:46 +0200] "GET /paris-scooter-poster-p-14398.html HTTP/1.0" 200 70288 "-" "Mozilla/5.0 (Macintosh; Intel Mac OS X 10_15_7) AppleWebKit/537.36 (KHTML, like Gecko) Chrome/86.0.4240.183 Safari/537.36"
66.249.82.116 - - [16/Jul/2021:07:27:50 +0200] "GET /images/big_prod_3/4542202657140c.jpg HTTP/1.0" 200 271 "-" "Mozilla/5.0 (Windows NT 5.1; rv:11.0) Gecko Firefox/11.0 (via ggpht.com GoogleImageProxy)"
66.249.72.166 - - [16/Jul/2021:07:27:56 +0200] "GET /tree-decoration-figurine-heartwood-creek-p-31816.html HTTP/1.0" 200 73059 "-" "Mozilla/5.0 (Linux; Android 6.0.1; Nexus 5X Build/MMB29P) AppleWebKit/537.36 (KHTML, like Gecko) Chrome/91.0.4472.90 Mobile Safari/537.36 (compatible; Googlebot/2.1; +http://www.google.com/bot.html)"
185.191.171.45 - - [16/Jul/2021:07:27:57 +0200] "GET /decorative-and-useful-fan-klimt-p-52200.html HTTP/1.0" 301 73600 "-" "Mozilla/5.0 (compatible; SemrushBot/7~bl; +http://www.semrush.com/bot.html)"
40.77.167.36 - - [16/Jul/2021:07:27:58 +0200] "GET /small-bamboo-led-alarm-clock-p-47510.html HTTP/1.0" 301 74040 "-" "Mozilla/5.0 (compatible; bingbot/2.0; +http://www.bing.com/bingbot.htm)"
185.191.171.37 - - [16/Jul/2021:07:27:59 +0200] "GET /decorative-useful-klimt-p-52200.html HTTP/1.0" 200 73510 "-" "Mozilla/5.0 (compatible; SemrushBot/7~bl; +http://www.semrush.com/bot.html)"
54.36.148.242 - - [16/Jul/2021:07:28:01 +0200] "GET /happy-mini-melamine-tray-p-45143.html HTTP/1.0" 200 72939 "-" "Mozilla/5.0 (compatible; AhrefsBot/7.0; +http://ahrefs.com/robot/)"
185.191.171.35 - - [16/Jul/2021:07:28:31 +0200] "GET /isis-statue-in-resin-19-cm-p-48742.html HTTP/1.0" 301 70357 "-" "Mozilla/5.0 (compatible; SemrushBot/7~bl; +http://www.semrush.com/bot.html)"
185.191.171.37 - - [16/Jul/2021:07:28:33 +0200] "GET /isis-statue-resin-p-48742.html HTTP/1.0" 200 70273 "-" "Mozilla/5.0 (compatible; SemrushBot/7~bl; +http://www.semrush.com/bot.html)"
114.119.145.117 - - [16/Jul/2021:07:28:40 +0200] "GET /grey-owl-statuette-10-cm-p-44499.html HTTP/1.0" 301 72939 "-" "Mozilla/5.0 (Linux; Android 7.0;) AppleWebKit/537.36 (KHTML, like Gecko) Mobile Safari/537.36 (compatible; PetalBot;+https://webmaster.petalsearch.com/site/petalbot)"
114.119.145.117 - - [16/Jul/2021:07:28:42 +0200] "GET /grey-statuette-p-44499.html HTTP/1.0" 200 72858 "-" "Mozilla/5.0 (Linux; Android 7.0;) AppleWebKit/537.36 (KHTML, like Gecko) Mobile Safari/537.36 (compatible; PetalBot;+https://webmaster.petalsearch.com/site/petalbot)"
40.77.167.36 - - [16/Jul/2021:07:28:48 +0200] "GET /pesos-money-box-by-cbkreation-p-24144.html HTTP/1.0" 301 72989 "-" "Mozilla/5.0 (compatible; bingbot/2.0; +http://www.bing.com/bingbot.htm)"
114.119.129.36 - - [16/Jul/2021:07:29:26 +0200] "GET /small-oval-placemat-p-17138.html HTTP/1.0" 200 73210 "-" "Mozilla/5.0 (Linux; Android 7.0;) AppleWebKit/537.36 (KHTML, like Gecko) Mobile Safari/537.36 (compatible; PetalBot;+https://webmaster.petalsearch.com/site/petalbot)"
207.46.13.65 - - [16/Jul/2021:07:29:52 +0200] "GET /-p-31328.html HTTP/1.0" 200 70197 "-" "Mozilla/5.0 (compatible; bingbot/2.0; +http://www.bing.com/bingbot.htm)"
207.46.13.125 - - [16/Jul/2021:07:29:59 +0200] "GET /-p-20575.html HTTP/1.0" 200 70197 "-" "Mozilla/5.0 (compatible; bingbot/2.0; +http://www.bing.com/bingbot.htm)"
54.36.148.242 - - [16/Jul/2021:07:30:06 +0200] "GET /support-metal-bottle-truck-p-54986.html HTTP/1.0" 200 73789 "-" "Mozilla/5.0 (compatible; AhrefsBot/7.0; +http://ahrefs.com/robot/)"
207.46.13.51 - - [16/Jul/2021:07:30:45 +0200] "GET /zodiacal-clock-by-cbkreation-p-28581.html HTTP/1.0" 301 72925 "-" "Mozilla/5.0 (compatible; bingbot/2.0; +http://www.bing.com/bingbot.htm)"
207.46.13.125 - - [16/Jul/2021:07:30:50 +0200] "GET /-p-11783.html HTTP/1.0" 200 70197 "-" "Mozilla/5.0 (compatible; bingbot/2.0; +http://www.bing.com/bingbot.htm)"
185.191.171.40 - - [16/Jul/2021:07:31:04 +0200] "GET /uk-clock-by-cbkreation-p-24372.html HTTP/1.0" 301 72855 "-" "Mozilla/5.0 (compatible; SemrushBot/7~bl; +http://www.semrush.com/bot.html)"
66.249.72.168 - - [16/Jul/2021:07:31:04 +0200] "GET /pokemon-swimsuit-p-30590.html HTTP/1.0" 200 73944 "-" "Mozilla/5.0 (Linux; Android 6.0.1; Nexus 5X Build/MMB29P) AppleWebKit/537.36 (KHTML, like Gecko) Chrome/91.0.4472.90 Mobile Safari/537.36 (compatible; Googlebot/2.1; +http://www.google.com/bot.html)"
185.191.171.14 - - [16/Jul/2021:07:31:07 +0200] "GET /clock-cbkreation-p-24372.html HTTP/1.0" 200 72772 "-" "Mozilla/5.0 (compatible; SemrushBot/7~bl; +http://www.semrush.com/bot.html)"
66.249.72.170 - - [16/Jul/2021:07:31:08 +0200] "GET /swfobject.js HTTP/1.0" 404 1308 "http://www.wonder-geek.com/pokemon-swimsuit-p-30590.html" "Mozilla/5.0 (Linux; Android 6.0.1; Nexus 5X Build/MMB29P) AppleWebKit/537.36 (KHTML, like Gecko) Chrome/91.0.4472.90 Mobile Safari/537.36 (compatible; Googlebot/2.1; +http://www.google.com/bot.html)"
114.119.147.45 - - [16/Jul/2021:07:31:26 +0200] "GET /new-york-yankees-blue-wallet-p-11579.html HTTP/1.0" 301 73196 "-" "Mozilla/5.0 (Linux; Android 7.0;) AppleWebKit/537.36 (KHTML, like Gecko) Mobile Safari/537.36 (compatible; PetalBot;+https://webmaster.petalsearch.com/site/petalbot)"
114.119.147.45 - - [16/Jul/2021:07:31:27 +0200] "GET /york-yankees-blue-wallet-p-11579.html HTTP/1.0" 200 73105 "-" "Mozilla/5.0 (Linux; Android 7.0;) AppleWebKit/537.36 (KHTML, like Gecko) Mobile Safari/537.36 (compatible; PetalBot;+https://webmaster.petalsearch.com/site/petalbot)"
66.249.72.168 - - [16/Jul/2021:07:31:38 +0200] "GET /images/mini_prod/3453131128247.jpg HTTP/1.0" 200 269 "-" "Googlebot-Image/1.0"
185.191.171.11 - - [16/Jul/2021:07:32:01 +0200] "GET /grey-fitted-sheet-90-190-cm-p-34828.html HTTP/1.0" 301 72923 "-" "Mozilla/5.0 (compatible; SemrushBot/7~bl; +http://www.semrush.com/bot.html)"
40.77.167.77 - - [16/Jul/2021:07:32:03 +0200] "GET /johnny-hallyday-zippo-lighter-p-49850.html HTTP/1.0" 200 73957 "-" "Mozilla/5.0 (compatible; bingbot/2.0; +http://www.bing.com/bingbot.htm)"
185.191.171.43 - - [16/Jul/2021:07:32:03 +0200] "GET /grey-fitted-sheet-p-34828.html HTTP/1.0" 200 72839 "-" "Mozilla/5.0 (compatible; SemrushBot/7~bl; +http://www.semrush.com/bot.html)"
157.55.39.124 - - [16/Jul/2021:07:32:07 +0200] "GET /300-elastic-loom-bands-p-26692.html HTTP/1.0" 301 72929 "-" "Mozilla/5.0 (compatible; bingbot/2.0; +http://www.bing.com/bingbot.htm)"
207.46.13.125 - - [16/Jul/2021:07:32:08 +0200] "GET /soft-toys-security-blanket-c-4_46.html?page=9 HTTP/1.0" 200 91108 "-" "Mozilla/5.0 (compatible; bingbot/2.0; +http://www.bing.com/bingbot.htm)"
54.36.148.242 - - [16/Jul/2021:07:32:20 +0200] "GET /resin-monkey-statue-p-52445.html HTTP/1.0" 200 73626 "-" "Mozilla/5.0 (compatible; AhrefsBot/7.0; +http://ahrefs.com/robot/)"
157.55.39.127 - - [16/Jul/2021:07:32:32 +0200] "GET /images/mini_prod/1384010187265.jpg HTTP/1.0" 200 269 "-" "Mozilla/5.0 (compatible; bingbot/2.0; +http://www.bing.com/bingbot.htm)"
207.46.13.51 - - [16/Jul/2021:07:32:47 +0200] "GET /money-boxes-c-13_83.html?page=6 HTTP/1.0" 200 94017 "-" "Mozilla/5.0 (compatible; bingbot/2.0; +http://www.bing.com/bingbot.htm)"
40.77.167.36 - - [16/Jul/2021:07:33:00 +0200] "GET /tinted-candle-mass-blue-color-p-48924.html HTTP/1.0" 200 72642 "-" "Mozilla/5.0 (compatible; bingbot/2.0; +http://www.bing.com/bingbot.htm)"
207.46.13.125 - - [16/Jul/2021:07:33:07 +0200] "GET /indoor-shiva-fountain-p-46688.html HTTP/1.0" 200 73006 "-" "Mozilla/5.0 (compatible; bingbot/2.0; +http://www.bing.com/bingbot.htm)"
54.36.148.138 - - [16/Jul/2021:07:33:12 +0200] "GET /cotton-floor-cushion-niro-blue-p-52502.html HTTP/1.0" 301 70264 "-" "Mozilla/5.0 (compatible; AhrefsBot/7.0; +http://ahrefs.com/robot/)"
17.121.115.239 - - [16/Jul/2021:07:33:19 +0200] "GET /motor-ottoman-storage-p-47385.html HTTP/1.0" 200 72990 "-" "Mozilla/5.0 (Macintosh; Intel Mac OS X 10_15_5) AppleWebKit/605.1.15 (KHTML, like Gecko) Version/13.1.1 Safari/605.1.15 (Applebot/0.1; +http://www.apple.com/go/applebot)"
207.46.13.51 - - [16/Jul/2021:07:33:46 +0200] "GET /mini-cooper-union-jack-figurine-p-26242.html HTTP/1.0" 301 70264 "-" "Mozilla/5.0 (compatible; bingbot/2.0; +http://www.bing.com/bingbot.htm)"
157.55.39.121 - - [16/Jul/2021:07:33:48 +0200] "GET /cushion-chambord-40-cm-p-39142.html HTTP/1.0" 301 70264 "-" "Mozilla/5.0 (compatible; bingbot/2.0; +http://www.bing.com/bingbot.htm)"
207.46.13.125 - - [16/Jul/2021:07:33:49 +0200] "GET /-p-33738.html HTTP/1.0" 200 70197 "-" "Mozilla/5.0 (compatible; bingbot/2.0; +http://www.bing.com/bingbot.htm)"
114.119.144.233 - - [16/Jul/2021:07:33:49 +0200] "GET /cats-by-dubout-figurine-got-you-p-32714.html HTTP/1.0" 301 74015 "-" "Mozilla/5.0 (Linux; Android 7.0;) AppleWebKit/537.36 (KHTML, like Gecko) Mobile Safari/537.36 (compatible; PetalBot;+https://webmaster.petalsearch.com/site/petalbot)"
40.77.167.36 - - [16/Jul/2021:07:33:50 +0200] "GET /havana-small-ashtray-p-47853.html HTTP/1.0" 200 72788 "-" "Mozilla/5.0 (compatible; bingbot/2.0; +http://www.bing.com/bingbot.htm)"
114.119.144.233 - - [16/Jul/2021:07:33:52 +0200] "GET /cats-dubout-figurine-p-32714.html HTTP/1.0" 200 73928 "-" "Mozilla/5.0 (Linux; Android 7.0;) AppleWebKit/537.36 (KHTML, like Gecko) Mobile Safari/537.36 (compatible; PetalBot;+https://webmaster.petalsearch.com/site/petalbot)"
207.46.13.125 - - [16/Jul/2021:07:34:28 +0200] "GET /brianonnais-ring-p-50007.html HTTP/1.0" 200 72865 "-" "Mozilla/5.0 (compatible; bingbot/2.0; +http://www.bing.com/bingbot.htm)"
185.191.171.4 - - [16/Jul/2021:07:34:31 +0200] "GET /home-decoration-c-13.html?page=38 HTTP/1.0" 200 92254 "-" "Mozilla/5.0 (compatible; SemrushBot/7~bl; +http://www.semrush.com/bot.html)"
54.36.148.242 - - [16/Jul/2021:07:34:38 +0200] "GET /harley-davidson-genuine-finest-quality-lighter-p-45312.html HTTP/1.0" 200 74083 "-" "Mozilla/5.0 (compatible; AhrefsBot/7.0; +http://ahrefs.com/robot/)"
157.55.39.127 - - [16/Jul/2021:07:34:43 +0200] "GET /-p-30214.html HTTP/1.0" 200 70197 "-" "Mozilla/5.0 (compatible; bingbot/2.0; +http://www.bing.com/bingbot.htm)"
66.249.72.168 - - [16/Jul/2021:07:34:51 +0200] "GET /shower-curtain-p-50727.html HTTP/1.0" 200 73724 "-" "Mozilla/5.0 (compatible; Googlebot/2.1; +http://www.google.com/bot.html)"
207.46.13.65 - - [16/Jul/2021:07:34:53 +0200] "GET /chair-cushion-cock-40-cm-p-39289.html HTTP/1.0" 301 70264 "-" "Mozilla/5.0 (compatible; bingbot/2.0; +http://www.bing.com/bingbot.htm)"
207.46.13.65 - - [16/Jul/2021:07:34:55 +0200] "GET /renault-magnets-58-78-cm-p-40280.html HTTP/1.0" 301 72934 "-" "Mozilla/5.0 (compatible; bingbot/2.0; +http://www.bing.com/bingbot.htm)"
40.77.167.36 - - [16/Jul/2021:07:34:57 +0200] "GET /microfibre-bed-base-cover-140-190-cm-brown-p-43763.html HTTP/1.0" 301 70427 "-" "Mozilla/5.0 (compatible; bingbot/2.0; +http://www.bing.com/bingbot.htm)"
114.119.129.36 - - [16/Jul/2021:07:35:07 +0200] "GET /flowers-porcelain-lighting-p-38249.html HTTP/1.0" 200 70291 "-" "Mozilla/5.0 (Linux; Android 7.0;) AppleWebKit/537.36 (KHTML, like Gecko) Mobile Safari/537.36 (compatible; PetalBot;+https://webmaster.petalsearch.com/site/petalbot)"
185.191.171.24 - - [16/Jul/2021:07:35:47 +0200] "GET /liberty-russian-doll-cbkreation-p-18488.html?action=add_product HTTP/1.0" 302 476 "-" "Mozilla/5.0 (compatible; SemrushBot/7~bl; +http://www.semrush.com/bot.html)"
185.191.171.1 - - [16/Jul/2021:07:36:27 +0200] "GET /mani-the-lucky-cat-charm-size-reussite-p-33285.html HTTP/1.0" 301 73275 "-" "Mozilla/5.0 (compatible; SemrushBot/7~bl; +http://www.semrush.com/bot.html)"
185.191.171.9 - - [16/Jul/2021:07:36:31 +0200] "GET /mani-lucky-charm-size-russite-p-33285.html HTTP/1.0" 200 73179 "-" "Mozilla/5.0 (compatible; SemrushBot/7~bl; +http://www.semrush.com/bot.html)"
114.119.150.15 - - [16/Jul/2021:07:36:32 +0200] "GET /set-angry-birds-stickers-and-stationery-p-22218.html HTTP/1.0" 301 73241 "-" "Mozilla/5.0 (Linux; Android 7.0;) AppleWebKit/537.36 (KHTML, like Gecko) Mobile Safari/537.36 (compatible; PetalBot;+https://webmaster.petalsearch.com/site/petalbot)"
114.119.150.15 - - [16/Jul/2021:07:36:33 +0200] "GET /angry-birds-stickers-stationery-p-22218.html HTTP/1.0" 200 73143 "-" "Mozilla/5.0 (Linux; Android 7.0;) AppleWebKit/537.36 (KHTML, like Gecko) Mobile Safari/537.36 (compatible; PetalBot;+https://webmaster.petalsearch.com/site/petalbot)"
207.46.13.51 - - [16/Jul/2021:07:36:46 +0200] "GET /dandelion-wall-sticker-p-41566.html HTTP/1.0" 200 72857 "-" "Mozilla/5.0 (compatible; bingbot/2.0; +http://www.bing.com/bingbot.htm)"
185.191.171.37 - - [16/Jul/2021:07:36:53 +0200] "GET /-p-7915.html?action=add_product HTTP/1.0" 302 476 "-" "Mozilla/5.0 (compatible; SemrushBot/7~bl; +http://www.semrush.com/bot.html)"
54.36.148.242 - - [16/Jul/2021:07:36:56 +0200] "GET /fitted-sheet-c-11_193.html HTTP/1.0" 200 90786 "-" "Mozilla/5.0 (compatible; AhrefsBot/7.0; +http://ahrefs.com/robot/)"
51.68.224.127 - - [16/Jul/2021:07:37:42 +0200] "GET /adminweb/export_orders_xml.php?token=256de2z6edz6ed2z6DFSFsed2zed6zeDSFDSGdzedezfzf&maxorders=10&orderstart=1&status=14&start_date=2018-10-01 HTTP/1.0" 200 285 "-" "GesCom CharlotteBoutik Serveur"
51.68.224.127 - - [16/Jul/2021:07:37:42 +0200] "GET /adminweb/export_orders_xml.php?token=256de2z6edz6ed2z6DFSFsed2zed6zeDSFDSGdzedezfzf&maxorders=10&orderstart=1&status=6&start_date=2018-10-01 HTTP/1.0" 200 29786 "-" "GesCom CharlotteBoutik Serveur"
185.191.171.16 - - [16/Jul/2021:07:37:46 +0200] "GET /verity-rose-metal-keyrings-p-29176.html HTTP/1.0" 200 72915 "-" "Mozilla/5.0 (compatible; SemrushBot/7~bl; +http://www.semrush.com/bot.html)"
207.46.13.125 - - [16/Jul/2021:07:37:49 +0200] "GET /pillow-case-65-65-cm-light-brown-color-p-39686.html HTTP/1.0" 301 73269 "-" "Mozilla/5.0 (compatible; bingbot/2.0; +http://www.bing.com/bingbot.htm)"
207.46.13.125 - - [16/Jul/2021:07:38:20 +0200] "GET /-p-13281.html HTTP/1.0" 200 70197 "-" "Mozilla/5.0 (compatible; bingbot/2.0; +http://www.bing.com/bingbot.htm)"
114.119.147.45 - - [16/Jul/2021:07:38:28 +0200] "GET /aquarius-mousepad-by-cbkreation-p-43312.html HTTP/1.0" 301 73018 "-" "Mozilla/5.0 (Linux; Android 7.0;) AppleWebKit/537.36 (KHTML, like Gecko) Mobile Safari/537.36 (compatible; PetalBot;+https://webmaster.petalsearch.com/site/petalbot)"
114.119.147.45 - - [16/Jul/2021:07:38:30 +0200] "GET /aquarius-mousepad-cbkreation-p-43312.html HTTP/1.0" 200 72923 "-" "Mozilla/5.0 (Linux; Android 7.0;) AppleWebKit/537.36 (KHTML, like Gecko) Mobile Safari/537.36 (compatible; PetalBot;+https://webmaster.petalsearch.com/site/petalbot)"
207.46.13.65 - - [16/Jul/2021:07:38:32 +0200] "GET /garden-party-small-ashtray-p-37386.html HTTP/1.0" 200 72857 "-" "Mozilla/5.0 (compatible; bingbot/2.0; +http://www.bing.com/bingbot.htm)"
207.46.13.65 - - [16/Jul/2021:07:38:34 +0200] "GET /-p-27585.html HTTP/1.0" 200 70197 "-" "Mozilla/5.0 (compatible; bingbot/2.0; +http://www.bing.com/bingbot.htm)"
157.55.39.127 - - [16/Jul/2021:07:38:43 +0200] "GET /avengers-marvel-kids-school-bag-p-30187.html HTTP/1.0" 301 70397 "-" "Mozilla/5.0 (compatible; bingbot/2.0; +http://www.bing.com/bingbot.htm)"
40.77.167.36 - - [16/Jul/2021:07:38:49 +0200] "GET /tetsubin-light-green-teapot-japanese-06-liter-p-38416.html HTTP/1.0" 301 73335 "-" "Mozilla/5.0 (compatible; bingbot/2.0; +http://www.bing.com/bingbot.htm)"
207.46.13.125 - - [16/Jul/2021:07:38:59 +0200] "GET /maisy-oilcloth-bib-p-20825.html HTTP/1.0" 301 73326 "-" "Mozilla/5.0 (compatible; bingbot/2.0; +http://www.bing.com/bingbot.htm)"
54.36.148.242 - - [16/Jul/2021:07:39:11 +0200] "GET /bowl-tasty-white-porcelain-1000-made-germany-p-47553.html HTTP/1.0" 200 75137 "-" "Mozilla/5.0 (compatible; AhrefsBot/7.0; +http://ahrefs.com/robot/)"
185.191.171.18 - - [16/Jul/2021:07:39:35 +0200] "GET /corsica-wall-decoration-p-48235.html HTTP/1.0" 200 72853 "-" "Mozilla/5.0 (compatible; SemrushBot/7~bl; +http://www.semrush.com/bot.html)"
66.249.72.166 - - [16/Jul/2021:07:39:51 +0200] "GET /cat-rectangulary-cushion-by-jo-p-39992.html HTTP/1.0" 301 70374 "-" "Mozilla/5.0 (Linux; Android 6.0.1; Nexus 5X Build/MMB29P) AppleWebKit/537.36 (KHTML, like Gecko) Chrome/91.0.4472.90 Mobile Safari/537.36 (compatible; Googlebot/2.1; +http://www.google.com/bot.html)"
66.249.72.170 - - [16/Jul/2021:07:39:52 +0200] "GET /rectangulary-cushion-p-39992.html HTTP/1.0" 200 70287 "-" "Mozilla/5.0 (Linux; Android 6.0.1; Nexus 5X Build/MMB29P) AppleWebKit/537.36 (KHTML, like Gecko) Chrome/91.0.4472.90 Mobile Safari/537.36 (compatible; Googlebot/2.1; +http://www.google.com/bot.html)"
114.119.150.15 - - [16/Jul/2021:07:40:16 +0200] "GET /cats-and-surf-small-mini-tray-p-45581.html HTTP/1.0" 301 73042 "-" "Mozilla/5.0 (Linux; Android 7.0;) AppleWebKit/537.36 (KHTML, like Gecko) Mobile Safari/537.36 (compatible; PetalBot;+https://webmaster.petalsearch.com/site/petalbot)"
114.119.150.15 - - [16/Jul/2021:07:40:17 +0200] "GET /cats-surf-small-mini-tray-p-45581.html HTTP/1.0" 200 72950 "-" "Mozilla/5.0 (Linux; Android 7.0;) AppleWebKit/537.36 (KHTML, like Gecko) Mobile Safari/537.36 (compatible; PetalBot;+https://webmaster.petalsearch.com/site/petalbot)"
207.46.13.125 - - [16/Jul/2021:07:40:29 +0200] "GET /ceramic-cork-trivet-cement-tiles-p-53066.html HTTP/1.0" 200 72976 "-" "Mozilla/5.0 (compatible; bingbot/2.0; +http://www.bing.com/bingbot.htm)"
157.55.39.124 - - [16/Jul/2021:07:40:47 +0200] "GET /harley-davidson-zippo-lighter-p-39527.html HTTP/1.0" 200 73349 "-" "Mozilla/5.0 (compatible; bingbot/2.0; +http://www.bing.com/bingbot.htm)"
207.46.13.125 - - [16/Jul/2021:07:41:17 +0200] "GET /white-lamp-gold-patinated-metal-transportable-p-55086.html HTTP/1.0" 200 73650 "-" "Mozilla/5.0 (compatible; bingbot/2.0; +http://www.bing.com/bingbot.htm)"
54.36.148.242 - - [16/Jul/2021:07:41:19 +0200] "GET /holy-spirit-prayer-candle-novena-p-47131.html HTTP/1.0" 200 73683 "-" "Mozilla/5.0 (compatible; AhrefsBot/7.0; +http://ahrefs.com/robot/)"
185.191.171.8 - - [16/Jul/2021:07:41:24 +0200] "GET /little-cushion-carlin-cbkreation-p-20739.html HTTP/1.0" 200 70320 "-" "Mozilla/5.0 (compatible; SemrushBot/7~bl; +http://www.semrush.com/bot.html)"
207.46.13.51 - - [16/Jul/2021:07:41:32 +0200] "GET /-p-14602.html HTTP/1.0" 200 70197 "-" "Mozilla/5.0 (compatible; bingbot/2.0; +http://www.bing.com/bingbot.htm)"
157.55.39.124 - - [16/Jul/2021:07:41:36 +0200] "GET /small-pucca-alarm-clock-p-15438.html HTTP/1.0" 200 73033 "-" "Mozilla/5.0 (compatible; bingbot/2.0; +http://www.bing.com/bingbot.htm)"
185.191.171.24 - - [16/Jul/2021:07:41:40 +0200] "GET /raving-rabbids-p-25925.html?action=add_product HTTP/1.0" 302 476 "-" "Mozilla/5.0 (compatible; SemrushBot/7~bl; +http://www.semrush.com/bot.html)"
207.46.13.125 - - [16/Jul/2021:07:41:40 +0200] "GET /renault-magnets-p-40278.html HTTP/1.0" 200 72872 "-" "Mozilla/5.0 (compatible; bingbot/2.0; +http://www.bing.com/bingbot.htm)"
66.249.72.166 - - [16/Jul/2021:07:41:47 +0200] "GET /petit-ours-brun-p-27779.html HTTP/1.0" 200 72667 "-" "Mozilla/5.0 (Linux; Android 6.0.1; Nexus 5X Build/MMB29P) AppleWebKit/537.36 (KHTML, like Gecko) Chrome/91.0.4472.90 Mobile Safari/537.36 (compatible; Googlebot/2.1; +http://www.google.com/bot.html)"
20.56.197.63 - - [16/Jul/2021:07:42:25 +0200] "GET /images/3563561711374.jpg HTTP/1.0" 200 259 "-" "DuckDuckBot/1.1; (+http://duckduckgo.com/duckduckbot.html)"
114.119.130.202 - - [16/Jul/2021:07:42:34 +0200] "GET /headrest-cushion-grey-45-70-cm-p-43994.html HTTP/1.0" 301 72966 "-" "Mozilla/5.0 (Linux; Android 7.0;) AppleWebKit/537.36 (KHTML, like Gecko) Mobile Safari/537.36 (compatible; PetalBot;+https://webmaster.petalsearch.com/site/petalbot)"
114.119.130.202 - - [16/Jul/2021:07:42:35 +0200] "GET /headrest-cushion-grey-p-43994.html HTTP/1.0" 200 72878 "-" "Mozilla/5.0 (Linux; Android 7.0;) AppleWebKit/537.36 (KHTML, like Gecko) Mobile Safari/537.36 (compatible; PetalBot;+https://webmaster.petalsearch.com/site/petalbot)"
40.77.167.36 - - [16/Jul/2021:07:42:38 +0200] "GET /-p-21577.html HTTP/1.0" 200 70197 "-" "Mozilla/5.0 (compatible; bingbot/2.0; +http://www.bing.com/bingbot.htm)"
207.46.13.65 - - [16/Jul/2021:07:42:43 +0200] "GET /rectangular-wooden-tray-avocado-large-p-47697.html HTTP/1.0" 200 73059 "-" "Mozilla/5.0 (compatible; bingbot/2.0; +http://www.bing.com/bingbot.htm)"
207.46.13.127 - - [16/Jul/2021:07:42:48 +0200] "GET /scottish-mug-by-cbkreation-p-26364.html HTTP/1.0" 301 72916 "-" "Mozilla/5.0 (compatible; bingbot/2.0; +http://www.bing.com/bingbot.htm)"
114.119.132.105 - - [16/Jul/2021:07:43:16 +0200] "GET /hello-kitty-badges-set-p-6484.html HTTP/1.0" 301 70378 "-" "Mozilla/5.0 (Linux; Android 7.0;) AppleWebKit/537.36 (KHTML, like Gecko) Mobile Safari/537.36 (compatible; PetalBot;+https://webmaster.petalsearch.com/site/petalbot)"
114.119.132.105 - - [16/Jul/2021:07:43:18 +0200] "GET /hello-kitty-badges-p-6484.html HTTP/1.0" 200 70294 "-" "Mozilla/5.0 (Linux; Android 7.0;) AppleWebKit/537.36 (KHTML, like Gecko) Mobile Safari/537.36 (compatible; PetalBot;+https://webmaster.petalsearch.com/site/petalbot)"
207.46.13.51 - - [16/Jul/2021:07:43:27 +0200] "GET /cars-disney-card-with-envelope-p-34428.html HTTP/1.0" 200 72913 "-" "Mozilla/5.0 (compatible; bingbot/2.0; +http://www.bing.com/bingbot.htm)"
207.46.13.51 - - [16/Jul/2021:07:43:29 +0200] "GET /-p-13368.html HTTP/1.0" 200 70197 "-" "Mozilla/5.0 (compatible; bingbot/2.0; +http://www.bing.com/bingbot.htm)"
157.55.39.124 - - [16/Jul/2021:07:43:31 +0200] "GET /metal-beer-bucket-p-44738.html HTTP/1.0" 200 72790 "-" "Mozilla/5.0 (compatible; bingbot/2.0; +http://www.bing.com/bingbot.htm)"
54.36.148.242 - - [16/Jul/2021:07:43:32 +0200] "GET /nici-horse-club-scissors-p-22399.html HTTP/1.0" 200 72890 "-" "Mozilla/5.0 (compatible; AhrefsBot/7.0; +http://ahrefs.com/robot/)"
66.249.72.168 - - [16/Jul/2021:07:43:39 +0200] "GET /mickey-mouse-swimsuit-p-30575.html HTTP/1.0" 200 74004 "-" "Mozilla/5.0 (Linux; Android 6.0.1; Nexus 5X Build/MMB29P) AppleWebKit/537.36 (KHTML, like Gecko) Chrome/91.0.4472.90 Mobile Safari/537.36 (compatible; Googlebot/2.1; +http://www.google.com/bot.html)"
207.46.13.125 - - [16/Jul/2021:07:43:39 +0200] "GET /coca-cola-money-p-12392.html HTTP/1.0" 200 70275 "-" "Mozilla/5.0 (compatible; bingbot/2.0; +http://www.bing.com/bingbot.htm)"
207.46.13.125 - - [16/Jul/2021:07:43:42 +0200] "GET /-p-17887.html HTTP/1.0" 200 70197 "-" "Mozilla/5.0 (compatible; bingbot/2.0; +http://www.bing.com/bingbot.htm)"
40.77.167.36 - - [16/Jul/2021:07:43:44 +0200] "GET /burlap-round-table-set-love-p-47321.html HTTP/1.0" 301 70264 "-" "Mozilla/5.0 (compatible; bingbot/2.0; +http://www.bing.com/bingbot.htm)"
207.46.13.65 - - [16/Jul/2021:07:43:44 +0200] "GET /traditional-hot-water-bottle-cat-p-52639.html HTTP/1.0" 301 73005 "-" "Mozilla/5.0 (compatible; bingbot/2.0; +http://www.bing.com/bingbot.htm)"
185.191.171.42 - - [16/Jul/2021:07:44:03 +0200] "GET /tetsubin-orange-teapot-japanese-liter-p-38426.html?action=add_product HTTP/1.0" 302 476 "-" "Mozilla/5.0 (compatible; SemrushBot/7~bl; +http://www.semrush.com/bot.html)"
207.46.13.65 - - [16/Jul/2021:07:44:05 +0200] "GET /playboy-black-zippo-lighter-p-32563.html HTTP/1.0" 200 73370 "-" "Mozilla/5.0 (compatible; bingbot/2.0; +http://www.bing.com/bingbot.htm)"
185.191.171.44 - - [16/Jul/2021:07:44:17 +0200] "GET /home-and-decoration-c-13.html?page=256 HTTP/1.0" 301 92883 "-" "Mozilla/5.0 (compatible; SemrushBot/7~bl; +http://www.semrush.com/bot.html)"
40.77.167.36 - - [16/Jul/2021:07:44:18 +0200] "GET /images/big_prod/3565750308778.jpg HTTP/1.0" 200 268 "-" "Mozilla/5.0 (compatible; bingbot/2.0; +http://www.bing.com/bingbot.htm)"
185.191.171.13 - - [16/Jul/2021:07:44:19 +0200] "GET /home-decoration-c-13.html?page=256 HTTP/1.0" 200 92795 "-" "Mozilla/5.0 (compatible; SemrushBot/7~bl; +http://www.semrush.com/bot.html)"
40.77.167.77 - - [16/Jul/2021:07:44:26 +0200] "GET /beatles-mug-p-29681.html HTTP/1.0" 301 72770 "-" "Mozilla/5.0 (compatible; bingbot/2.0; +http://www.bing.com/bingbot.htm)"
66.249.72.166 - - [16/Jul/2021:07:44:58 +0200] "GET /images/mini_prod/8424001603091.jpg HTTP/1.0" 200 269 "-" "Googlebot-Image/1.0"
54.36.149.51 - - [16/Jul/2021:07:44:59 +0200] "GET /magnets-c-134.html HTTP/1.0" 301 91215 "-" "Mozilla/5.0 (compatible; AhrefsBot/7.0; +http://ahrefs.com/robot/)"
114.119.132.105 - - [16/Jul/2021:07:45:23 +0200] "GET /hot-water-bottle-and-night-mask-set-p-52646.html HTTP/1.0" 301 73087 "-" "Mozilla/5.0 (Linux; Android 7.0;) AppleWebKit/537.36 (KHTML, like Gecko) Mobile Safari/537.36 (compatible; PetalBot;+https://webmaster.petalsearch.com/site/petalbot)"
114.119.132.105 - - [16/Jul/2021:07:45:25 +0200] "GET /water-bottle-night-mask-p-52646.html HTTP/1.0" 200 72997 "-" "Mozilla/5.0 (Linux; Android 7.0;) AppleWebKit/537.36 (KHTML, like Gecko) Mobile Safari/537.36 (compatible; PetalBot;+https://webmaster.petalsearch.com/site/petalbot)"
54.36.148.242 - - [16/Jul/2021:07:45:43 +0200] "GET /camargue-small-ashtray-p-54600.html HTTP/1.0" 200 72825 "-" "Mozilla/5.0 (compatible; AhrefsBot/7.0; +http://ahrefs.com/robot/)"
147.92.153.3 - - [16/Jul/2021:07:45:48 +0200] "GET /animated-figurines-solar-flowers-c-13_273.html HTTP/1.0" 200 80422 "-" "Mozilla/5.0 (compatible; Linespider/1.1; +https://lin.ee/4dwXkTH)"
157.55.39.127 - - [16/Jul/2021:07:46:03 +0200] "GET /cats-dubout-placemat-p-32426.html HTTP/1.0" 200 72863 "-" "Mozilla/5.0 (compatible; bingbot/2.0; +http://www.bing.com/bingbot.htm)"
207.46.13.127 - - [16/Jul/2021:07:46:07 +0200] "GET /-p-12379.html HTTP/1.0" 200 70197 "-" "Mozilla/5.0 (compatible; bingbot/2.0; +http://www.bing.com/bingbot.htm)"
193.169.145.194 - - [16/Jul/2021:07:46:14 +0200] "GET /contact_us.php HTTP/1.0" 200 26238 "http://www.wonder-geek.com/contact_us.php" "Mozilla/5.0 (Windows NT 6.2; Win64; x64) AppleWebKit/537.36 (KHTML, like Gecko) Chrome/90.0.4430.93 Safari/537.36"
193.169.145.194 - - [16/Jul/2021:07:46:15 +0200] "POST /contact_us.php?action=send HTTP/1.0" 200 26712 "http://www.wonder-geek.com/contact_us.php" "Mozilla/5.0 (Windows NT 6.2; Win64; x64) AppleWebKit/537.36 (KHTML, like Gecko) Chrome/90.0.4430.93 Safari/537.36"
193.169.145.194 - - [16/Jul/2021:07:46:16 +0200] "GET /contact_us.php HTTP/1.0" 200 26238 "http://www.wonder-geek.com/contact_us.php" "Mozilla/5.0 (Windows NT 6.2; Win64; x64) AppleWebKit/537.36 (KHTML, like Gecko) Chrome/90.0.4430.93 Safari/537.36"
207.46.13.125 - - [16/Jul/2021:07:46:29 +0200] "GET /-p-10284.html HTTP/1.0" 200 70197 "-" "Mozilla/5.0 (compatible; bingbot/2.0; +http://www.bing.com/bingbot.htm)"
207.46.13.51 - - [16/Jul/2021:07:47:10 +0200] "GET /-p-28845.html HTTP/1.0" 200 70197 "-" "Mozilla/5.0 (compatible; bingbot/2.0; +http://www.bing.com/bingbot.htm)"
40.77.167.77 - - [16/Jul/2021:07:47:24 +0200] "GET /images/3384370185237.jpg HTTP/1.0" 200 259 "-" "Mozilla/5.0 (compatible; bingbot/2.0; +http://www.bing.com/bingbot.htm)"
207.46.13.51 - - [16/Jul/2021:07:47:29 +0200] "GET /spirituous-beverages-set-of-shooters-p-35143.html HTTP/1.0" 301 70264 "-" "Mozilla/5.0 (compatible; bingbot/2.0; +http://www.bing.com/bingbot.htm)"
54.36.148.242 - - [16/Jul/2021:07:48:02 +0200] "GET /cardmaking-c-129_128.html HTTP/1.0" 200 91810 "-" "Mozilla/5.0 (compatible; AhrefsBot/7.0; +http://ahrefs.com/robot/)"
157.55.39.127 - - [16/Jul/2021:07:48:04 +0200] "GET /betty-boop-mobile-sock-p-32845.html HTTP/1.0" 200 73023 "-" "Mozilla/5.0 (compatible; bingbot/2.0; +http://www.bing.com/bingbot.htm)"
114.119.145.117 - - [16/Jul/2021:07:48:19 +0200] "GET /football-clock-cbkreation-p-24709.html HTTP/1.0" 200 72975 "-" "Mozilla/5.0 (Linux; Android 7.0;) AppleWebKit/537.36 (KHTML, like Gecko) Mobile Safari/537.36 (compatible; PetalBot;+https://webmaster.petalsearch.com/site/petalbot)"
114.119.154.200 - - [16/Jul/2021:07:48:32 +0200] "GET /tote-gorjuss-secret-p-40522.html HTTP/1.0" 200 73204 "-" "Mozilla/5.0 (Linux; Android 7.0;) AppleWebKit/537.36 (KHTML, like Gecko) Mobile Safari/537.36 (compatible; PetalBot;+https://webmaster.petalsearch.com/site/petalbot)"
40.77.167.36 - - [16/Jul/2021:07:48:39 +0200] "GET /-p-30706.html HTTP/1.0" 200 70197 "-" "Mozilla/5.0 (compatible; bingbot/2.0; +http://www.bing.com/bingbot.htm)"
66.249.72.166 - - [16/Jul/2021:07:48:42 +0200] "GET /selenite-lamp-with-wooden-base-kg-height-34-cm-p-47192.html HTTP/1.0" 301 70465 "-" "Mozilla/5.0 (compatible; Googlebot/2.1; +http://www.google.com/bot.html)"
66.249.72.168 - - [16/Jul/2021:07:48:44 +0200] "GET /selenite-lamp-with-wooden-base-height-p-47192.html HTTP/1.0" 200 70361 "-" "Mozilla/5.0 (compatible; Googlebot/2.1; +http://www.google.com/bot.html)"
40.77.167.77 - - [16/Jul/2021:07:48:45 +0200] "GET /us-route-66-usa-flag-mirror-p-32538.html HTTP/1.0" 301 72880 "-" "Mozilla/5.0 (compatible; bingbot/2.0; +http://www.bing.com/bingbot.htm)"
66.249.88.94 - - [16/Jul/2021:07:48:52 +0200] "GET /images/big_prod/4029811324033.jpg HTTP/1.0" 200 268 "-" "Mozilla/5.0 (Windows NT 5.1; rv:11.0) Gecko Firefox/11.0 (via ggpht.com GoogleImageProxy)"
207.46.13.65 - - [16/Jul/2021:07:48:54 +0200] "GET /apache-women-watch-multicolor-dream-catcher-p-41561.html HTTP/1.0" 200 73188 "-" "Mozilla/5.0 (compatible; bingbot/2.0; +http://www.bing.com/bingbot.htm)"
157.55.39.124 - - [16/Jul/2021:07:49:17 +0200] "GET /-p-33678.html HTTP/1.0" 200 70197 "-" "Mozilla/5.0 (compatible; bingbot/2.0; +http://www.bing.com/bingbot.htm)"
157.55.39.124 - - [16/Jul/2021:07:49:19 +0200] "GET /headrest-cushion-beige-50-70-cm-p-44366.html HTTP/1.0" 301 73602 "-" "Mozilla/5.0 (compatible; bingbot/2.0; +http://www.bing.com/bingbot.htm)"
207.46.13.125 - - [16/Jul/2021:07:49:22 +0200] "GET /jasmin-croisette-notebook-p-34953.html HTTP/1.0" 200 72986 "-" "Mozilla/5.0 (compatible; bingbot/2.0; +http://www.bing.com/bingbot.htm)"
92.118.77.10 - - [16/Jul/2021:07:49:25 +0200] "GET /contact_us.php HTTP/1.0" 301 539 "http://wonder-geek.com/contact_us.php" "Mozilla/5.0 (Windows NT 6.1; ) AppleWebKit/537.36 (KHTML, like Gecko) Chrome/90.0.4430.85 Safari/537.36"
92.118.77.10 - - [16/Jul/2021:07:49:25 +0200] "GET /contact_us.php HTTP/1.0" 200 26238 "http://www.wonder-geek.com/contact_us.php" "Mozilla/5.0 (Windows NT 6.1; ) AppleWebKit/537.36 (KHTML, like Gecko) Chrome/90.0.4430.85 Safari/537.36"
92.118.77.10 - - [16/Jul/2021:07:49:25 +0200] "POST /contact_us.php?action=send HTTP/1.0" 200 26440 "http://www.wonder-geek.com/contact_us.php" "Mozilla/5.0 (Windows NT 6.1; ) AppleWebKit/537.36 (KHTML, like Gecko) Chrome/90.0.4430.85 Safari/537.36"
92.118.77.10 - - [16/Jul/2021:07:49:26 +0200] "GET /login.php HTTP/1.0" 200 17152 "http://www.wonder-geek.com/login.php" "Mozilla/5.0 (Windows NT 6.1; ) AppleWebKit/537.36 (KHTML, like Gecko) Chrome/90.0.4430.85 Safari/537.36"
92.118.77.10 - - [16/Jul/2021:07:49:26 +0200] "POST /login.php?action=process HTTP/1.0" 200 17657 "http://www.wonder-geek.com/login.php" "Mozilla/5.0 (Windows NT 6.1; ) AppleWebKit/537.36 (KHTML, like Gecko) Chrome/90.0.4430.85 Safari/537.36"
92.118.77.10 - - [16/Jul/2021:07:49:26 +0200] "GET /contact_us.php HTTP/1.0" 200 26238 "http://www.wonder-geek.com/contact_us.php" "Mozilla/5.0 (Windows NT 6.1; ) AppleWebKit/537.36 (KHTML, like Gecko) Chrome/90.0.4430.85 Safari/537.36"
92.118.77.10 - - [16/Jul/2021:07:49:27 +0200] "GET /contact_us.php HTTP/1.0" 301 539 "http://wonder-geek.com/contact_us.php" "Mozilla/5.0 (Windows NT 10.0; Win64; x64) AppleWebKit/537.36 (KHTML, like Gecko) Chrome/90.0.4430.72 Safari/537.36"
92.118.77.10 - - [16/Jul/2021:07:49:27 +0200] "GET /contact_us.php HTTP/1.0" 200 26238 "http://www.wonder-geek.com/contact_us.php" "Mozilla/5.0 (Windows NT 10.0; Win64; x64) AppleWebKit/537.36 (KHTML, like Gecko) Chrome/90.0.4430.72 Safari/537.36"
92.118.77.10 - - [16/Jul/2021:07:49:27 +0200] "POST /contact_us.php?action=send HTTP/1.0" 200 26445 "http://www.wonder-geek.com/contact_us.php" "Mozilla/5.0 (Windows NT 10.0; Win64; x64) AppleWebKit/537.36 (KHTML, like Gecko) Chrome/90.0.4430.72 Safari/537.36"
92.118.77.10 - - [16/Jul/2021:07:49:27 +0200] "GET /login.php HTTP/1.0" 200 17152 "http://www.wonder-geek.com/login.php" "Mozilla/5.0 (Windows NT 10.0; Win64; x64) AppleWebKit/537.36 (KHTML, like Gecko) Chrome/90.0.4430.72 Safari/537.36"
92.118.77.10 - - [16/Jul/2021:07:49:27 +0200] "POST /login.php?action=process HTTP/1.0" 200 17655 "http://www.wonder-geek.com/login.php" "Mozilla/5.0 (Windows NT 10.0; Win64; x64) AppleWebKit/537.36 (KHTML, like Gecko) Chrome/90.0.4430.72 Safari/537.36"
92.118.77.10 - - [16/Jul/2021:07:49:28 +0200] "GET /contact_us.php HTTP/1.0" 200 26238 "http://www.wonder-geek.com/contact_us.php" "Mozilla/5.0 (Windows NT 10.0; Win64; x64) AppleWebKit/537.36 (KHTML, like Gecko) Chrome/90.0.4430.72 Safari/537.36"
207.46.13.65 - - [16/Jul/2021:07:49:54 +0200] "GET /postcard-with-envelope-flicitations-p-48855.html HTTP/1.0" 200 73025 "-" "Mozilla/5.0 (compatible; bingbot/2.0; +http://www.bing.com/bingbot.htm)"
114.119.130.202 - - [16/Jul/2021:07:49:56 +0200] "GET /banania-placemat-p-33318.html HTTP/1.0" 200 72831 "-" "Mozilla/5.0 (Linux; Android 7.0;) AppleWebKit/537.36 (KHTML, like Gecko) Mobile Safari/537.36 (compatible; PetalBot;+https://webmaster.petalsearch.com/site/petalbot)"
185.191.171.2 - - [16/Jul/2021:07:49:58 +0200] "GET /luggages-schoolbags-leather-shop-c-31.html?page=54 HTTP/1.0" 200 93652 "-" "Mozilla/5.0 (compatible; SemrushBot/7~bl; +http://www.semrush.com/bot.html)"
54.36.148.242 - - [16/Jul/2021:07:50:06 +0200] "GET /lola-candy-cloud-keychain-p-49764.html HTTP/1.0" 200 72861 "-" "Mozilla/5.0 (compatible; AhrefsBot/7.0; +http://ahrefs.com/robot/)"
157.55.39.124 - - [16/Jul/2021:07:50:17 +0200] "GET /disney-by-britto-mickey-and-minnie-mouse-limited-edition-p-47684.html HTTP/1.0" 301 74522 "-" "Mozilla/5.0 (compatible; bingbot/2.0; +http://www.bing.com/bingbot.htm)"
207.46.13.51 - - [16/Jul/2021:07:50:57 +0200] "GET /belle-wall-stickers-p-36116.html HTTP/1.0" 200 72939 "-" "Mozilla/5.0 (compatible; bingbot/2.0; +http://www.bing.com/bingbot.htm)"
40.77.167.77 - - [16/Jul/2021:07:51:07 +0200] "GET /light-bulb-amber-loop-p-42506.html HTTP/1.0" 200 72762 "-" "Mozilla/5.0 (compatible; bingbot/2.0; +http://www.bing.com/bingbot.htm)"
207.46.13.127 - - [16/Jul/2021:07:51:16 +0200] "GET /mini-led-flashlight-light-cars-p-35788.html HTTP/1.0" 301 70264 "-" "Mozilla/5.0 (compatible; bingbot/2.0; +http://www.bing.com/bingbot.htm)"
157.55.39.124 - - [16/Jul/2021:07:51:21 +0200] "GET /-p-29695.html HTTP/1.0" 200 70197 "-" "Mozilla/5.0 (compatible; bingbot/2.0; +http://www.bing.com/bingbot.htm)"
66.249.72.168 - - [16/Jul/2021:07:51:40 +0200] "GET /cars-milk-p-27658.html HTTP/1.0" 200 72761 "-" "Mozilla/5.0 (Linux; Android 6.0.1; Nexus 5X Build/MMB29P) AppleWebKit/537.36 (KHTML, like Gecko) Chrome/91.0.4472.90 Mobile Safari/537.36 (compatible; Googlebot/2.1; +http://www.google.com/bot.html)"
66.249.72.170 - - [16/Jul/2021:07:51:43 +0200] "GET /swfobject.js HTTP/1.0" 404 1308 "http://www.wonder-geek.com/cars-milk-p-27658.html" "Mozilla/5.0 (Linux; Android 6.0.1; Nexus 5X Build/MMB29P) AppleWebKit/537.36 (KHTML, like Gecko) Chrome/91.0.4472.90 Mobile Safari/537.36 (compatible; Googlebot/2.1; +http://www.google.com/bot.html)"
207.46.13.65 - - [16/Jul/2021:07:51:44 +0200] "GET /kimmidoll-brush-p-44882.html HTTP/1.0" 200 72826 "-" "Mozilla/5.0 (compatible; bingbot/2.0; +http://www.bing.com/bingbot.htm)"
157.55.39.121 - - [16/Jul/2021:07:51:51 +0200] "GET /yoga-statuette-p-53027.html HTTP/1.0" 200 72833 "-" "Mozilla/5.0 (compatible; bingbot/2.0; +http://www.bing.com/bingbot.htm)"
157.55.39.124 - - [16/Jul/2021:07:51:57 +0200] "GET /-p-48146.html HTTP/1.0" 200 70197 "-" "Mozilla/5.0 (compatible; bingbot/2.0; +http://www.bing.com/bingbot.htm)"
54.36.148.242 - - [16/Jul/2021:07:52:11 +0200] "GET /betty-boop-ashtray-p-28833.html HTTP/1.0" 200 72758 "-" "Mozilla/5.0 (compatible; AhrefsBot/7.0; +http://ahrefs.com/robot/)"
114.119.147.45 - - [16/Jul/2021:07:52:28 +0200] "GET /adults-c-53.html?page=12 HTTP/1.0" 200 90207 "-" "Mozilla/5.0 (Linux; Android 7.0;) AppleWebKit/537.36 (KHTML, like Gecko) Mobile Safari/537.36 (compatible; PetalBot;+https://webmaster.petalsearch.com/site/petalbot)"
207.46.13.65 - - [16/Jul/2021:07:52:45 +0200] "GET /retro-ashtray-p-47259.html HTTP/1.0" 301 72819 "-" "Mozilla/5.0 (compatible; bingbot/2.0; +http://www.bing.com/bingbot.htm)"
66.249.72.170 - - [16/Jul/2021:07:52:48 +0200] "GET /beyblade-swimsuit-p-30446.html HTTP/1.0" 200 73993 "-" "Mozilla/5.0 (compatible; Googlebot/2.1; +http://www.google.com/bot.html)"
66.249.72.166 - - [16/Jul/2021:07:53:45 +0200] "GET /linen-c-11_68.html?page=5 HTTP/1.0" 200 91404 "-" "Mozilla/5.0 (Linux; Android 6.0.1; Nexus 5X Build/MMB29P) AppleWebKit/537.36 (KHTML, like Gecko) Chrome/91.0.4472.90 Mobile Safari/537.36 (compatible; Googlebot/2.1; +http://www.google.com/bot.html)"
66.249.72.168 - - [16/Jul/2021:07:53:46 +0200] "GET /shaped-cushion-p-39368.html HTTP/1.0" 301 70264 "-" "Mozilla/5.0 (Linux; Android 6.0.1; Nexus 5X Build/MMB29P) AppleWebKit/537.36 (KHTML, like Gecko) Chrome/91.0.4472.90 Mobile Safari/537.36 (compatible; Googlebot/2.1; +http://www.google.com/bot.html)"
66.249.72.168 - - [16/Jul/2021:07:53:47 +0200] "GET /-p-39368.html HTTP/1.0" 200 70197 "-" "Mozilla/5.0 (Linux; Android 6.0.1; Nexus 5X Build/MMB29P) AppleWebKit/537.36 (KHTML, like Gecko) Chrome/91.0.4472.90 Mobile Safari/537.36 (compatible; Googlebot/2.1; +http://www.google.com/bot.html)"
66.249.72.170 - - [16/Jul/2021:07:53:48 +0200] "GET /js/jquery.min.js HTTP/1.0" 404 1308 "http://www.wonder-geek.com/linen-c-11_68.html?page=5" "Mozilla/5.0 (Linux; Android 6.0.1; Nexus 5X Build/MMB29P) AppleWebKit/537.36 (KHTML, like Gecko) Chrome/91.0.4472.90 Mobile Safari/537.36 (compatible; Googlebot/2.1; +http://www.google.com/bot.html)"
66.249.72.168 - - [16/Jul/2021:07:53:56 +0200] "GET /beyblade-swimsuit-p-30446.html HTTP/1.0" 200 73993 "-" "Mozilla/5.0 (Linux; Android 6.0.1; Nexus 5X Build/MMB29P) AppleWebKit/537.36 (KHTML, like Gecko) Chrome/91.0.4472.90 Mobile Safari/537.36 (compatible; Googlebot/2.1; +http://www.google.com/bot.html)"
51.68.224.127 - - [16/Jul/2021:07:53:59 +0200] "GET /adminweb/export_orders_xml.php?token=256de2z6edz6ed2z6DFSFsed2zed6zeDSFDSGdzedezfzf&maxorders=10&orderstart=1&status=14&start_date=2018-10-01 HTTP/1.0" 200 285 "-" "GesCom CharlotteBoutik Serveur"
51.68.224.127 - - [16/Jul/2021:07:53:59 +0200] "GET /adminweb/export_orders_xml.php?token=256de2z6edz6ed2z6DFSFsed2zed6zeDSFDSGdzedezfzf&maxorders=10&orderstart=1&status=6&start_date=2018-10-01 HTTP/1.0" 200 29786 "-" "GesCom CharlotteBoutik Serveur"
40.77.167.36 - - [16/Jul/2021:07:54:10 +0200] "GET /decorations/magnets/cocacola-mini-magnet-mirror-p-19665.html HTTP/1.0" 301 631 "-" "Mozilla/5.0 (compatible; bingbot/2.0; +http://www.bing.com/bingbot.htm)"
54.36.148.242 - - [16/Jul/2021:07:54:15 +0200] "GET /small-bamboo-table-lamp-white-shade-p-54582.html HTTP/1.0" 200 74078 "-" "Mozilla/5.0 (compatible; AhrefsBot/7.0; +http://ahrefs.com/robot/)"
78.46.61.245 - - [16/Jul/2021:07:54:27 +0200] "GET /robots.txt HTTP/1.0" 200 245 "-" "Mozilla/5.0 (compatible; MJ12bot/v1.4.8; http://mj12bot.com/)"
78.46.61.245 - - [16/Jul/2021:07:54:30 +0200] "GET /brass-compass-ornament-christophe-colomb-p-41449.html HTTP/1.0" 200 72978 "-" "Mozilla/5.0 (compatible; MJ12bot/v1.4.8; http://mj12bot.com/)"
78.46.61.245 - - [16/Jul/2021:07:54:34 +0200] "GET /brass-compass-ornament-egypt-p-41450.html HTTP/1.0" 200 72882 "-" "Mozilla/5.0 (compatible; MJ12bot/v1.4.8; http://mj12bot.com/)"
207.46.13.51 - - [16/Jul/2021:07:54:38 +0200] "GET /jigsaws-c-4_144.html HTTP/1.0" 200 79205 "-" "Mozilla/5.0 (compatible; bingbot/2.0; +http://www.bing.com/bingbot.htm)"
66.249.72.166 - - [16/Jul/2021:07:54:38 +0200] "GET /-m-236.html HTTP/1.0" 200 80318 "-" "Mozilla/5.0 (compatible; Googlebot/2.1; +http://www.google.com/bot.html)"
78.46.61.245 - - [16/Jul/2021:07:54:41 +0200] "GET /cushion-covers-c-11_71_284.html?page=1 HTTP/1.0" 200 89742 "-" "Mozilla/5.0 (compatible; MJ12bot/v1.4.8; http://mj12bot.com/)"
207.46.13.51 - - [16/Jul/2021:07:54:41 +0200] "GET /the-big-bad-wolf-figurine-silly-symphonies-p-51183.html HTTP/1.0" 301 74767 "-" "Mozilla/5.0 (compatible; bingbot/2.0; +http://www.bing.com/bingbot.htm)"
66.249.72.166 - - [16/Jul/2021:07:54:43 +0200] "GET /js/jquery.min.js HTTP/1.0" 404 1308 "http://www.wonder-geek.com/-m-236.html" "Mozilla/5.0 AppleWebKit/537.36 (KHTML, like Gecko; compatible; Googlebot/2.1; +http://www.google.com/bot.html) Chrome/91.0.4472.90 Safari/537.36"
66.249.72.168 - - [16/Jul/2021:07:54:44 +0200] "GET /js/jquery.min.js HTTP/1.0" 404 1308 "http://www.wonder-geek.com/-m-236.html" "Mozilla/5.0 AppleWebKit/537.36 (KHTML, like Gecko; compatible; Googlebot/2.1; +http://www.google.com/bot.html) Chrome/91.0.4472.90 Safari/537.36"
114.119.151.113 - - [16/Jul/2021:07:54:42 +0200] "GET /home-decoration-c-13.html?page=256 HTTP/1.0" 200 92795 "-" "Mozilla/5.0 (Linux; Android 7.0;) AppleWebKit/537.36 (KHTML, like Gecko) Mobile Safari/537.36 (compatible; PetalBot;+https://webmaster.petalsearch.com/site/petalbot)"
66.249.72.168 - - [16/Jul/2021:07:54:46 +0200] "GET /array-m-236.html HTTP/1.0" 200 80318 "-" "Mozilla/5.0 (compatible; Googlebot/2.1; +http://www.google.com/bot.html)"
78.46.61.245 - - [16/Jul/2021:07:54:49 +0200] "GET /cushions-c-11_71_283.html?page=1 HTTP/1.0" 200 91740 "-" "Mozilla/5.0 (compatible; MJ12bot/v1.4.8; http://mj12bot.com/)"
78.46.61.245 - - [16/Jul/2021:07:54:55 +0200] "GET /harley-davidson-american-classic-metal-plate-p-23297.html HTTP/1.0" 200 73038 "-" "Mozilla/5.0 (compatible; MJ12bot/v1.4.8; http://mj12bot.com/)"
78.46.61.245 - - [16/Jul/2021:07:55:01 +0200] "GET /house-rules-large-metal-plate-deco-p-36113.html HTTP/1.0" 200 72922 "-" "Mozilla/5.0 (compatible; MJ12bot/v1.4.8; http://mj12bot.com/)"
207.46.13.65 - - [16/Jul/2021:07:55:05 +0200] "GET /-p-10531.html HTTP/1.0" 200 70197 "-" "Mozilla/5.0 (compatible; bingbot/2.0; +http://www.bing.com/bingbot.htm)"
66.249.72.168 - - [16/Jul/2021:07:55:06 +0200] "GET /beyblade-blue-swimsuit-p-30447.html HTTP/1.0" 200 74575 "-" "Mozilla/5.0 (compatible; Googlebot/2.1; +http://www.google.com/bot.html)"
78.46.61.245 - - [16/Jul/2021:07:55:08 +0200] "GET /kawasaki-metal-plate-p-45957.html HTTP/1.0" 200 72819 "-" "Mozilla/5.0 (compatible; MJ12bot/v1.4.8; http://mj12bot.com/)"
40.77.167.36 - - [16/Jul/2021:07:55:10 +0200] "GET /-p-31215.html HTTP/1.0" 200 70197 "-" "Mozilla/5.0 (compatible; bingbot/2.0; +http://www.bing.com/bingbot.htm)"
78.46.61.245 - - [16/Jul/2021:07:55:14 +0200] "GET /large-sheet-metal-coca-cola-blue-p-12354.html HTTP/1.0" 200 75058 "-" "Mozilla/5.0 (compatible; MJ12bot/v1.4.8; http://mj12bot.com/)"
114.119.144.233 - - [16/Jul/2021:07:55:19 +0200] "GET /with-infuser-asia-pink-p-52651.html HTTP/1.0" 200 72917 "-" "Mozilla/5.0 (Linux; Android 7.0;) AppleWebKit/537.36 (KHTML, like Gecko) Mobile Safari/537.36 (compatible; PetalBot;+https://webmaster.petalsearch.com/site/petalbot)"
78.46.61.245 - - [16/Jul/2021:07:55:20 +0200] "GET /long-beach-metal-plate-deco-p-34325.html HTTP/1.0" 200 72866 "-" "Mozilla/5.0 (compatible; MJ12bot/v1.4.8; http://mj12bot.com/)"
40.77.167.77 - - [16/Jul/2021:07:55:26 +0200] "GET /round-transparent-plastic-tablecloth-180-cm-p-48558.html HTTP/1.0" 301 73090 "-" "Mozilla/5.0 (compatible; bingbot/2.0; +http://www.bing.com/bingbot.htm)"
78.46.61.245 - - [16/Jul/2021:07:55:26 +0200] "GET /love-story-large-metal-plate-deco-p-36114.html HTTP/1.0" 200 72914 "-" "Mozilla/5.0 (compatible; MJ12bot/v1.4.8; http://mj12bot.com/)"
78.46.61.245 - - [16/Jul/2021:07:55:33 +0200] "GET /surf-metal-plate-deco-p-36133.html HTTP/1.0" 200 72889 "-" "Mozilla/5.0 (compatible; MJ12bot/v1.4.8; http://mj12bot.com/)"
78.46.61.245 - - [16/Jul/2021:07:55:40 +0200] "GET /today-special-metal-plate-p-29229.html HTTP/1.0" 200 72900 "-" "Mozilla/5.0 (compatible; MJ12bot/v1.4.8; http://mj12bot.com/)"
78.46.61.245 - - [16/Jul/2021:07:55:46 +0200] "GET /volkswagen-bulli-metal-plate-p-26425.html HTTP/1.0" 200 72968 "-" "Mozilla/5.0 (compatible; MJ12bot/v1.4.8; http://mj12bot.com/)"
207.46.13.125 - - [16/Jul/2021:07:55:51 +0200] "GET /mickey-and-minnie-wedding-figurine-disney-traditions-p-47685.html HTTP/1.0" 301 74300 "-" "Mozilla/5.0 (compatible; bingbot/2.0; +http://www.bing.com/bingbot.htm)"
78.46.61.245 - - [16/Jul/2021:07:55:52 +0200] "GET /volkswagen-service-metal-plate-p-37174.html HTTP/1.0" 200 73002 "-" "Mozilla/5.0 (compatible; MJ12bot/v1.4.8; http://mj12bot.com/)"
66.249.72.168 - - [16/Jul/2021:07:55:53 +0200] "GET /beyblade-swimsuit-p-30446.html HTTP/1.0" 200 73993 "-" "Mozilla/5.0 (compatible; Googlebot/2.1; +http://www.google.com/bot.html)"
78.46.61.245 - - [16/Jul/2021:07:56:00 +0200] "GET /wall-decoration-relief-bath-vintage-p-46103.html HTTP/1.0" 200 73058 "-" "Mozilla/5.0 (compatible; MJ12bot/v1.4.8; http://mj12bot.com/)"
207.46.13.65 - - [16/Jul/2021:07:56:05 +0200] "GET /belle-cups-espresso-p-37859.html HTTP/1.0" 200 72921 "-" "Mozilla/5.0 (compatible; bingbot/2.0; +http://www.bing.com/bingbot.htm)"
78.46.61.245 - - [16/Jul/2021:07:56:06 +0200] "GET /warning-genius-work-metal-plate-deco-p-36129.html HTTP/1.0" 200 72956 "-" "Mozilla/5.0 (compatible; MJ12bot/v1.4.8; http://mj12bot.com/)"
207.46.13.65 - - [16/Jul/2021:07:56:06 +0200] "GET /-p-16052.html HTTP/1.0" 200 70197 "-" "Mozilla/5.0 (compatible; bingbot/2.0; +http://www.bing.com/bingbot.htm)"
78.46.61.245 - - [16/Jul/2021:07:56:13 +0200] "GET /writing-correction-c-129_186.html?page=5 HTTP/1.0" 200 92710 "-" "Mozilla/5.0 (compatible; MJ12bot/v1.4.8; http://mj12bot.com/)"
66.249.72.168 - - [16/Jul/2021:07:56:14 +0200] "GET /naruto-black-swimsuit-p-30583.html HTTP/1.0" 200 73982 "-" "Mozilla/5.0 (compatible; Googlebot/2.1; +http://www.google.com/bot.html)"
54.36.148.242 - - [16/Jul/2021:07:56:19 +0200] "GET /candy-candy-cloud-keychain-p-49761.html HTTP/1.0" 200 72866 "-" "Mozilla/5.0 (compatible; AhrefsBot/7.0; +http://ahrefs.com/robot/)"
207.46.13.125 - - [16/Jul/2021:07:56:30 +0200] "GET /fox-set-cups-espresso-p-45598.html HTTP/1.0" 301 70363 "-" "Mozilla/5.0 (compatible; bingbot/2.0; +http://www.bing.com/bingbot.htm)"
207.46.13.125 - - [16/Jul/2021:07:56:32 +0200] "GET /confetti-bedclothes-140-200-cm-p-51956.html HTTP/1.0" 301 73667 "-" "Mozilla/5.0 (compatible; bingbot/2.0; +http://www.bing.com/bingbot.htm)"
157.55.39.124 - - [16/Jul/2021:07:56:49 +0200] "GET /-p-25185.html HTTP/1.0" 200 70197 "-" "Mozilla/5.0 (compatible; bingbot/2.0; +http://www.bing.com/bingbot.htm)"
157.55.39.124 - - [16/Jul/2021:07:56:51 +0200] "GET /-p-32185.html HTTP/1.0" 200 70197 "-" "Mozilla/5.0 (compatible; bingbot/2.0; +http://www.bing.com/bingbot.htm)"
66.249.72.170 - - [16/Jul/2021:07:57:22 +0200] "GET /naruto-black-swimsuit-p-30583.html HTTP/1.0" 200 73982 "-" "Mozilla/5.0 (Linux; Android 6.0.1; Nexus 5X Build/MMB29P) AppleWebKit/537.36 (KHTML, like Gecko) Chrome/91.0.4472.90 Mobile Safari/537.36 (compatible; Googlebot/2.1; +http://www.google.com/bot.html)"
40.77.167.77 - - [16/Jul/2021:07:57:26 +0200] "GET /laissez-lucie-faire-cup-p-48202.html HTTP/1.0" 301 70381 "-" "Mozilla/5.0 (compatible; bingbot/2.0; +http://www.bing.com/bingbot.htm)"
