207.46.13.182 - - [16/Jul/2021:19:16:18 +0200] "GET /light-brown-fitted-sheet-90-190-cm-p-39060.html HTTP/1.0" 301 70264 "-" "Mozilla/5.0 (compatible; bingbot/2.0; +http://www.bing.com/bingbot.htm)"
157.55.39.72 - - [16/Jul/2021:19:16:20 +0200] "GET /beatles-box-p-29685.html HTTP/1.0" 301 70309 "-" "Mozilla/5.0 (compatible; bingbot/2.0; +http://www.bing.com/bingbot.htm)"
207.46.13.182 - - [16/Jul/2021:19:16:41 +0200] "GET /clone-commander-wolffe-miniature-figure-p-29880.html HTTP/1.0" 200 70383 "-" "Mozilla/5.0 (compatible; bingbot/2.0; +http://www.bing.com/bingbot.htm)"
185.191.171.26 - - [16/Jul/2021:19:16:45 +0200] "GET /hello-kitty-glossy-red-small-handbag-by-camomilla-p-16997.html HTTP/1.0" 301 70478 "-" "Mozilla/5.0 (compatible; SemrushBot/7~bl; +http://www.semrush.com/bot.html)"
35.229.113.181 - - [16/Jul/2021:19:16:47 +0200] "GET /butter-dish-c-12_222.html HTTP/1.0" 200 77393 "-" "ZoominfoBot (zoominfobot at zoominfo dot com)"
185.191.171.38 - - [16/Jul/2021:19:16:47 +0200] "GET /hello-kitty-glossy-small-handbag-camomilla-p-16997.html HTTP/1.0" 200 70369 "-" "Mozilla/5.0 (compatible; SemrushBot/7~bl; +http://www.semrush.com/bot.html)"
157.55.39.78 - - [16/Jul/2021:19:17:26 +0200] "GET /-p-30271.html HTTP/1.0" 200 70197 "-" "Mozilla/5.0 (compatible; bingbot/2.0; +http://www.bing.com/bingbot.htm)"
207.46.13.182 - - [16/Jul/2021:19:17:31 +0200] "GET /charmmy-kitty-backpack-p-14542.html HTTP/1.0" 200 70283 "-" "Mozilla/5.0 (compatible; bingbot/2.0; +http://www.bing.com/bingbot.htm)"
157.55.39.78 - - [16/Jul/2021:19:17:56 +0200] "GET /wooden-world-tray-p-53713.html HTTP/1.0" 200 73878 "-" "Mozilla/5.0 (compatible; bingbot/2.0; +http://www.bing.com/bingbot.htm)"
54.36.148.242 - - [16/Jul/2021:19:18:20 +0200] "GET /bohemian-ethnic-carpet-p-50875.html HTTP/1.0" 200 73538 "-" "Mozilla/5.0 (compatible; AhrefsBot/7.0; +http://ahrefs.com/robot/)"
207.46.13.179 - - [16/Jul/2021:19:18:23 +0200] "GET /-p-19827.html HTTP/1.0" 200 70197 "-" "Mozilla/5.0 (compatible; bingbot/2.0; +http://www.bing.com/bingbot.htm)"
207.46.13.182 - - [16/Jul/2021:19:18:52 +0200] "GET /snow-and-glitter-ball-c-13_259.html HTTP/1.0" 301 90101 "-" "Mozilla/5.0 (compatible; bingbot/2.0; +http://www.bing.com/bingbot.htm)"
157.55.39.167 - - [16/Jul/2021:19:19:01 +0200] "GET /strawberry-shortcake-poncho-years-p-31120.html HTTP/1.0" 200 74095 "-" "Mozilla/5.0 (compatible; bingbot/2.0; +http://www.bing.com/bingbot.htm)"
157.55.39.167 - - [16/Jul/2021:19:19:03 +0200] "GET /jamaica-mouse-pad-p-19554.html HTTP/1.0" 301 72960 "-" "Mozilla/5.0 (compatible; bingbot/2.0; +http://www.bing.com/bingbot.htm)"
157.55.39.167 - - [16/Jul/2021:19:19:05 +0200] "GET /hello-kitty-adult-umbrella-p-20509.html HTTP/1.0" 200 73722 "-" "Mozilla/5.0 (compatible; bingbot/2.0; +http://www.bing.com/bingbot.htm)"
207.46.13.174 - - [16/Jul/2021:19:19:25 +0200] "GET /-p-15785.html HTTP/1.0" 200 70197 "-" "Mozilla/5.0 (compatible; bingbot/2.0; +http://www.bing.com/bingbot.htm)"
207.46.13.182 - - [16/Jul/2021:19:19:31 +0200] "GET /-p-15969.html HTTP/1.0" 200 70197 "-" "Mozilla/5.0 (compatible; bingbot/2.0; +http://www.bing.com/bingbot.htm)"
207.46.13.182 - - [16/Jul/2021:19:19:32 +0200] "GET /mickey-mouse-disney-glitter-globe-p-33588.html HTTP/1.0" 200 73044 "-" "Mozilla/5.0 (compatible; bingbot/2.0; +http://www.bing.com/bingbot.htm)"
66.249.66.200 - - [16/Jul/2021:19:19:38 +0200] "GET /decorative-door-sticker-p-51534.html HTTP/1.0" 200 73696 "-" "Mozilla/5.0 (Linux; Android 6.0.1; Nexus 5X Build/MMB29P) AppleWebKit/537.36 (KHTML, like Gecko) Chrome/91.0.4472.90 Mobile Safari/537.36 (compatible; Googlebot/2.1; +http://www.google.com/bot.html)"
207.46.13.179 - - [16/Jul/2021:19:20:41 +0200] "GET /lot-of-pairs-of-mickey-mouse-socks-size-15-18-p-25177.html HTTP/1.0" 301 73015 "-" "Mozilla/5.0 (compatible; bingbot/2.0; +http://www.bing.com/bingbot.htm)"
185.191.171.18 - - [16/Jul/2021:19:20:50 +0200] "GET /outdoor-chair-cushion-waterproof-beige-p-40303.html HTTP/1.0" 301 70264 "-" "Mozilla/5.0 (compatible; SemrushBot/7~bl; +http://www.semrush.com/bot.html)"
185.191.171.8 - - [16/Jul/2021:19:20:53 +0200] "GET /-p-40303.html HTTP/1.0" 200 70197 "-" "Mozilla/5.0 (compatible; SemrushBot/7~bl; +http://www.semrush.com/bot.html)"
207.46.13.179 - - [16/Jul/2021:19:21:00 +0200] "GET /paris-corkscrew-notre-dame-de-paris-metal-copper-color-p-38611.html HTTP/1.0" 301 73174 "-" "Mozilla/5.0 (compatible; bingbot/2.0; +http://www.bing.com/bingbot.htm)"
185.191.171.45 - - [16/Jul/2021:19:21:27 +0200] "GET /captain-hook-figure-p-2870.html HTTP/1.0" 200 70281 "-" "Mozilla/5.0 (compatible; SemrushBot/7~bl; +http://www.semrush.com/bot.html)"
54.36.148.242 - - [16/Jul/2021:19:22:01 +0200] "GET /sugar-bowl-jade-porcelain-p-54934.html HTTP/1.0" 200 73027 "-" "Mozilla/5.0 (compatible; AhrefsBot/7.0; +http://ahrefs.com/robot/)"
157.55.39.166 - - [16/Jul/2021:19:22:07 +0200] "GET /-p-49885.html HTTP/1.0" 200 70197 "-" "Mozilla/5.0 (compatible; bingbot/2.0; +http://www.bing.com/bingbot.htm)"
157.55.39.72 - - [16/Jul/2021:19:22:12 +0200] "GET /bath-mat-c-11_269_267.html HTTP/1.0" 301 84837 "-" "Mozilla/5.0 (compatible; bingbot/2.0; +http://www.bing.com/bingbot.htm)"
157.55.39.72 - - [16/Jul/2021:19:22:14 +0200] "GET /love-floats-eeyore-figurine-p-51455.html HTTP/1.0" 200 74155 "-" "Mozilla/5.0 (compatible; bingbot/2.0; +http://www.bing.com/bingbot.htm)"
185.191.171.43 - - [16/Jul/2021:19:22:16 +0200] "GET /little-prince-soap-p-52467.html HTTP/1.0" 200 73139 "-" "Mozilla/5.0 (compatible; SemrushBot/7~bl; +http://www.semrush.com/bot.html)"
207.46.13.179 - - [16/Jul/2021:19:22:43 +0200] "GET /yumiko-p-50771.html HTTP/1.0" 200 73745 "-" "Mozilla/5.0 (compatible; bingbot/2.0; +http://www.bing.com/bingbot.htm)"
157.55.39.72 - - [16/Jul/2021:19:22:52 +0200] "GET /thermometers-for-meat-p-48685.html HTTP/1.0" 301 72930 "-" "Mozilla/5.0 (compatible; bingbot/2.0; +http://www.bing.com/bingbot.htm)"
185.191.171.43 - - [16/Jul/2021:19:23:19 +0200] "GET /flamingo-tray-41-29-cm-p-45510.html HTTP/1.0" 301 73014 "-" "Mozilla/5.0 (compatible; SemrushBot/7~bl; +http://www.semrush.com/bot.html)"
185.191.171.9 - - [16/Jul/2021:19:23:21 +0200] "GET /flamingo-tray-p-45510.html HTTP/1.0" 200 72934 "-" "Mozilla/5.0 (compatible; SemrushBot/7~bl; +http://www.semrush.com/bot.html)"
157.55.39.78 - - [16/Jul/2021:19:23:26 +0200] "GET /che-guevara-zippo-lighter-p-29758.html HTTP/1.0" 301 73385 "-" "Mozilla/5.0 (compatible; bingbot/2.0; +http://www.bing.com/bingbot.htm)"
207.46.13.182 - - [16/Jul/2021:19:23:38 +0200] "GET /pokemon-umbrella-p-29469.html HTTP/1.0" 200 70268 "-" "Mozilla/5.0 (compatible; bingbot/2.0; +http://www.bing.com/bingbot.htm)"
157.55.39.177 - - [16/Jul/2021:19:23:41 +0200] "GET /images/mini_prod/3014627973446.jpg HTTP/1.0" 200 269 "-" "Mozilla/5.0 (compatible; bingbot/2.0; +http://www.bing.com/bingbot.htm)"
207.46.13.174 - - [16/Jul/2021:19:23:46 +0200] "GET /cherry-blossoms-wall-sticker-p-39308.html HTTP/1.0" 301 70264 "-" "Mozilla/5.0 (compatible; bingbot/2.0; +http://www.bing.com/bingbot.htm)"
185.191.171.34 - - [16/Jul/2021:19:23:59 +0200] "GET /placemat-table-bons-amis-p-53593.html HTTP/1.0" 200 73467 "-" "Mozilla/5.0 (compatible; SemrushBot/7~bl; +http://www.semrush.com/bot.html)"
207.46.13.182 - - [16/Jul/2021:19:24:12 +0200] "GET /resin-statue-p-51234.html HTTP/1.0" 200 74082 "-" "Mozilla/5.0 (compatible; bingbot/2.0; +http://www.bing.com/bingbot.htm)"
66.249.66.200 - - [16/Jul/2021:19:24:15 +0200] "GET /decorative-door-sticker-p-51532.html HTTP/1.0" 200 73656 "-" "Mozilla/5.0 (compatible; Googlebot/2.1; +http://www.google.com/bot.html)"
157.55.39.78 - - [16/Jul/2021:19:24:16 +0200] "GET /-p-14962.html HTTP/1.0" 200 70197 "-" "Mozilla/5.0 (compatible; bingbot/2.0; +http://www.bing.com/bingbot.htm)"
157.55.39.167 - - [16/Jul/2021:19:24:56 +0200] "GET /strawberry-shortcake-poncho-years-p-31118.html HTTP/1.0" 200 74090 "-" "Mozilla/5.0 (compatible; bingbot/2.0; +http://www.bing.com/bingbot.htm)"
51.68.224.127 - - [16/Jul/2021:19:25:01 +0200] "GET /adminweb/export_orders_xml.php?token=256de2z6edz6ed2z6DFSFsed2zed6zeDSFDSGdzedezfzf&maxorders=10&orderstart=1&status=14&start_date=2018-10-01 HTTP/1.0" 200 285 "-" "GesCom CharlotteBoutik Serveur"
51.68.224.127 - - [16/Jul/2021:19:25:01 +0200] "GET /adminweb/export_orders_xml.php?token=256de2z6edz6ed2z6DFSFsed2zed6zeDSFDSGdzedezfzf&maxorders=10&orderstart=1&status=6&start_date=2018-10-01 HTTP/1.0" 200 29786 "-" "GesCom CharlotteBoutik Serveur"
157.55.39.177 - - [16/Jul/2021:19:25:03 +0200] "GET /ceramic-salt-pot-with-spoon-aderne-p-50632.html HTTP/1.0" 301 73034 "-" "Mozilla/5.0 (compatible; bingbot/2.0; +http://www.bing.com/bingbot.htm)"
185.191.171.3 - - [16/Jul/2021:19:25:21 +0200] "GET /small-decorative-tray-ethnic-flower-p-50234.html?action=add_product HTTP/1.0" 302 476 "-" "Mozilla/5.0 (compatible; SemrushBot/7~bl; +http://www.semrush.com/bot.html)"
157.55.39.166 - - [16/Jul/2021:19:25:29 +0200] "GET /coca-cola-small-metal-plate-p-27978.html HTTP/1.0" 200 72898 "-" "Mozilla/5.0 (compatible; bingbot/2.0; +http://www.bing.com/bingbot.htm)"
54.36.148.242 - - [16/Jul/2021:19:25:38 +0200] "GET /bamboo-tray-humming-bird-p-49578.html HTTP/1.0" 200 72917 "-" "Mozilla/5.0 (compatible; AhrefsBot/7.0; +http://ahrefs.com/robot/)"
157.55.39.177 - - [16/Jul/2021:19:25:48 +0200] "GET /little-buddha-happy-statue-p-37709.html HTTP/1.0" 200 72932 "-" "Mozilla/5.0 (compatible; bingbot/2.0; +http://www.bing.com/bingbot.htm)"
66.249.66.200 - - [16/Jul/2021:19:25:55 +0200] "GET /images/med_prod/1341689801502.jpg HTTP/1.0" 200 268 "-" "Googlebot-Image/1.0"
157.55.39.180 - - [16/Jul/2021:19:25:55 +0200] "GET /paris-soap-dispenser-p-13953.html HTTP/1.0" 200 72904 "-" "Mozilla/5.0 (compatible; bingbot/2.0; +http://www.bing.com/bingbot.htm)"
185.191.171.3 - - [16/Jul/2021:19:25:59 +0200] "GET /resin-statuette-chinese-p-48705.html HTTP/1.0" 200 72908 "-" "Mozilla/5.0 (compatible; SemrushBot/7~bl; +http://www.semrush.com/bot.html)"
207.46.13.182 - - [16/Jul/2021:19:26:01 +0200] "GET /-p-19518.html HTTP/1.0" 200 70197 "-" "Mozilla/5.0 (compatible; bingbot/2.0; +http://www.bing.com/bingbot.htm)"
207.46.13.182 - - [16/Jul/2021:19:26:05 +0200] "GET /small-boxes-and-pill-c-13_150_154.html HTTP/1.0" 301 90494 "-" "Mozilla/5.0 (compatible; bingbot/2.0; +http://www.bing.com/bingbot.htm)"
157.55.39.180 - - [16/Jul/2021:19:26:13 +0200] "GET /-p-38449.html HTTP/1.0" 200 70197 "-" "Mozilla/5.0 (compatible; bingbot/2.0; +http://www.bing.com/bingbot.htm)"
157.55.39.72 - - [16/Jul/2021:19:26:31 +0200] "GET /images/big_prod_2/1341689182328C.jpg HTTP/1.0" 200 271 "-" "Mozilla/5.0 (compatible; bingbot/2.0; +http://www.bing.com/bingbot.htm)"
157.55.39.180 - - [16/Jul/2021:19:26:35 +0200] "GET /harley-davidson-cycles-zippo-lighter-p-29781.html HTTP/1.0" 200 70368 "-" "Mozilla/5.0 (compatible; bingbot/2.0; +http://www.bing.com/bingbot.htm)"
35.229.113.181 - - [16/Jul/2021:19:26:37 +0200] "GET /cake-molds-cube-molds-c-12_246.html HTTP/1.0" 200 85162 "-" "ZoominfoBot (zoominfobot at zoominfo dot com)"
157.55.39.78 - - [16/Jul/2021:19:26:47 +0200] "GET /-p-26517.html HTTP/1.0" 200 70197 "-" "Mozilla/5.0 (compatible; bingbot/2.0; +http://www.bing.com/bingbot.htm)"
207.46.13.182 - - [16/Jul/2021:19:26:52 +0200] "GET /-p-37293.html HTTP/1.0" 200 70197 "-" "Mozilla/5.0 (compatible; bingbot/2.0; +http://www.bing.com/bingbot.htm)"
157.55.39.167 - - [16/Jul/2021:19:26:57 +0200] "GET /swfobject.js HTTP/1.0" 404 1308 "-" "Mozilla/5.0 (compatible; bingbot/2.0; +http://www.bing.com/bingbot.htm)"
157.55.39.167 - - [16/Jul/2021:19:26:58 +0200] "GET /disney-princess-swimming-armband-p-19978.html HTTP/1.0" 200 70348 "-" "Mozilla/5.0 (compatible; bingbot/2.0; +http://www.bing.com/bingbot.htm)"
157.55.39.167 - - [16/Jul/2021:19:27:02 +0200] "GET /swfobject.js HTTP/1.0" 404 1308 "-" "Mozilla/5.0 (compatible; bingbot/2.0; +http://www.bing.com/bingbot.htm)"
207.46.13.182 - - [16/Jul/2021:19:27:09 +0200] "GET /images/big_prod/3014627555642.jpg HTTP/1.0" 200 268 "-" "Mozilla/5.0 (compatible; bingbot/2.0; +http://www.bing.com/bingbot.htm)"
185.191.171.26 - - [16/Jul/2021:19:27:41 +0200] "GET /harley-davidson-small-metal-plate-p-12505.html HTTP/1.0" 200 72982 "-" "Mozilla/5.0 (compatible; SemrushBot/7~bl; +http://www.semrush.com/bot.html)"
157.55.39.177 - - [16/Jul/2021:19:27:46 +0200] "GET /images/big_prod_1/3574641022532a.jpg HTTP/1.0" 200 271 "-" "Mozilla/5.0 (compatible; bingbot/2.0; +http://www.bing.com/bingbot.htm)"
157.55.39.78 - - [16/Jul/2021:19:27:57 +0200] "GET /-p-8938.html HTTP/1.0" 200 70195 "-" "Mozilla/5.0 (compatible; bingbot/2.0; +http://www.bing.com/bingbot.htm)"
185.191.171.33 - - [16/Jul/2021:19:28:00 +0200] "GET /large-resin-gorilla-statuette-p-54086.html HTTP/1.0" 200 72916 "-" "Mozilla/5.0 (compatible; SemrushBot/7~bl; +http://www.semrush.com/bot.html)"
207.46.13.174 - - [16/Jul/2021:19:28:36 +0200] "GET /mug-with-infuser-for-tea-britanny-p-47846.html HTTP/1.0" 301 72998 "-" "Mozilla/5.0 (compatible; bingbot/2.0; +http://www.bing.com/bingbot.htm)"
66.249.66.198 - - [16/Jul/2021:19:28:52 +0200] "GET /decorative-door-sticker-p-51532.html HTTP/1.0" 200 73656 "-" "Mozilla/5.0 (Linux; Android 6.0.1; Nexus 5X Build/MMB29P) AppleWebKit/537.36 (KHTML, like Gecko) Chrome/91.0.4472.90 Mobile Safari/537.36 (compatible; Googlebot/2.1; +http://www.google.com/bot.html)"
207.46.13.182 - - [16/Jul/2021:19:29:01 +0200] "GET /clocks-c-13_67.html HTTP/1.0" 200 93101 "-" "Mozilla/5.0 (compatible; bingbot/2.0; +http://www.bing.com/bingbot.htm)"
207.46.13.182 - - [16/Jul/2021:19:29:10 +0200] "GET /images/mini_prod/8719497612802.jpg HTTP/1.0" 200 269 "-" "Mozilla/5.0 (compatible; bingbot/2.0; +http://www.bing.com/bingbot.htm)"
54.36.148.242 - - [16/Jul/2021:19:29:10 +0200] "GET /volkswagen-light-keychain-yellow-p-28754.html HTTP/1.0" 200 72909 "-" "Mozilla/5.0 (compatible; AhrefsBot/7.0; +http://ahrefs.com/robot/)"
157.55.39.72 - - [16/Jul/2021:19:29:15 +0200] "GET /-p-19701.html HTTP/1.0" 200 70197 "-" "Mozilla/5.0 (compatible; bingbot/2.0; +http://www.bing.com/bingbot.htm)"
157.55.39.78 - - [16/Jul/2021:19:29:20 +0200] "GET /cat-bowls-senor-moustache-p-31521.html HTTP/1.0" 301 72983 "-" "Mozilla/5.0 (compatible; bingbot/2.0; +http://www.bing.com/bingbot.htm)"
157.55.39.180 - - [16/Jul/2021:19:29:33 +0200] "GET /-p-36670.html HTTP/1.0" 200 70197 "-" "Mozilla/5.0 (compatible; bingbot/2.0; +http://www.bing.com/bingbot.htm)"
35.229.113.181 - - [16/Jul/2021:19:29:42 +0200] "GET /glasses-drinking-c-12_62.html HTTP/1.0" 200 90561 "-" "ZoominfoBot (zoominfobot at zoominfo dot com)"
185.191.171.21 - - [16/Jul/2021:19:29:48 +0200] "GET /moon-p-40722.html?action=add_product HTTP/1.0" 302 476 "-" "Mozilla/5.0 (compatible; SemrushBot/7~bl; +http://www.semrush.com/bot.html)"
157.55.39.167 - - [16/Jul/2021:19:29:59 +0200] "GET /images/big_prod/8419037411444C.jpg HTTP/1.0" 200 269 "-" "Mozilla/5.0 (compatible; bingbot/2.0; +http://www.bing.com/bingbot.htm)"
66.249.66.200 - - [16/Jul/2021:19:30:08 +0200] "GET /marsupilami-bath-toys-p-7299.html HTTP/1.0" 200 70291 "-" "Mozilla/5.0 (compatible; Googlebot/2.1; +http://www.google.com/bot.html)"
111.225.148.49 - - [16/Jul/2021:19:30:16 +0200] "GET /pulp-fiction-zombis-poster-p-32264.html HTTP/1.0" 200 72878 "-" "Mozilla/5.0 (Linux; Android 5.0) AppleWebKit/537.36 (KHTML, like Gecko) Mobile Safari/537.36 (compatible; Bytespider; https://zhanzhang.toutiao.com/)"
111.225.148.61 - - [16/Jul/2021:19:30:18 +0200] "GET /swfobject.js HTTP/1.0" 404 1308 "http://www.wonder-geek.com/pulp-fiction-zombis-poster-p-32264.html" "Mozilla/5.0 (Linux; Android 5.0) AppleWebKit/537.36 (KHTML, like Gecko) Mobile Safari/537.36 (compatible; Bytespider; https://zhanzhang.toutiao.com/)"
111.225.148.55 - - [16/Jul/2021:19:30:18 +0200] "GET /js/jquery.jqzoom.js HTTP/1.0" 200 259 "http://www.wonder-geek.com/pulp-fiction-zombis-poster-p-32264.html" "Mozilla/5.0 (Linux; Android 5.0) AppleWebKit/537.36 (KHTML, like Gecko) Mobile Safari/537.36 (compatible; Bytespider; https://zhanzhang.toutiao.com/)"
111.225.148.43 - - [16/Jul/2021:19:30:22 +0200] "GET /swfobject.js HTTP/1.0" 404 1308 "http://www.wonder-geek.com/pulp-fiction-zombis-poster-p-32264.html" "Mozilla/5.0 (Linux; Android 5.0) AppleWebKit/537.36 (KHTML, like Gecko) Mobile Safari/537.36 (compatible; Bytespider; https://zhanzhang.toutiao.com/)"
111.225.148.55 - - [16/Jul/2021:19:30:22 +0200] "GET /highslide/graphics/zoomout.cur HTTP/1.0" 200 614 "http://www.wonder-geek.com/pulp-fiction-zombis-poster-p-32264.html" "Mozilla/5.0 (Linux; Android 5.0) AppleWebKit/537.36 (KHTML, like Gecko) Mobile Safari/537.36 (compatible; Bytespider; https://zhanzhang.toutiao.com/)"
111.225.148.43 - - [16/Jul/2021:19:30:24 +0200] "GET /images/med_prod/8435107771287.jpg HTTP/1.0" 200 268 "http://www.wonder-geek.com/pulp-fiction-zombis-poster-p-32264.html" "Mozilla/5.0 (Linux; Android 5.0) AppleWebKit/537.36 (KHTML, like Gecko) Mobile Safari/537.36 (compatible; Bytespider; https://zhanzhang.toutiao.com/)"
157.55.39.166 - - [16/Jul/2021:19:30:27 +0200] "GET /the-shadow-frame-cats-by-dubout-cat-nap-p-38858.html HTTP/1.0" 301 73495 "-" "Mozilla/5.0 (compatible; bingbot/2.0; +http://www.bing.com/bingbot.htm)"
157.55.39.166 - - [16/Jul/2021:19:30:30 +0200] "GET /chess-pieces-under-glass-bell-p-51115.html HTTP/1.0" 200 73208 "-" "Mozilla/5.0 (compatible; bingbot/2.0; +http://www.bing.com/bingbot.htm)"
207.46.13.179 - - [16/Jul/2021:19:31:02 +0200] "GET /-p-30846.html HTTP/1.0" 200 70197 "-" "Mozilla/5.0 (compatible; bingbot/2.0; +http://www.bing.com/bingbot.htm)"
185.191.171.4 - - [16/Jul/2021:19:31:06 +0200] "GET /oggun-resin-figure-p-40231.html HTTP/1.0" 200 72921 "-" "Mozilla/5.0 (compatible; SemrushBot/7~bl; +http://www.semrush.com/bot.html)"
207.46.13.182 - - [16/Jul/2021:19:31:15 +0200] "GET /harold-oven-mitt-p-43817.html HTTP/1.0" 200 72797 "-" "Mozilla/5.0 (compatible; bingbot/2.0; +http://www.bing.com/bingbot.htm)"
35.229.113.181 - - [16/Jul/2021:19:31:19 +0200] "GET /bowls-c-12_255.html HTTP/1.0" 200 78307 "-" "ZoominfoBot (zoominfobot at zoominfo dot com)"
157.55.39.167 - - [16/Jul/2021:19:31:23 +0200] "GET /resin-skull-ashtray-p-52999.html HTTP/1.0" 200 72789 "-" "Mozilla/5.0 (compatible; bingbot/2.0; +http://www.bing.com/bingbot.htm)"
157.55.39.177 - - [16/Jul/2021:19:31:41 +0200] "GET /looney-tunes-bugs-and-lola-bunny-mobile-sock-p-18017.html HTTP/1.0" 301 72979 "-" "Mozilla/5.0 (compatible; bingbot/2.0; +http://www.bing.com/bingbot.htm)"
207.46.13.182 - - [16/Jul/2021:19:32:12 +0200] "GET /-p-39103.html HTTP/1.0" 200 70197 "-" "Mozilla/5.0 (compatible; bingbot/2.0; +http://www.bing.com/bingbot.htm)"
207.46.13.182 - - [16/Jul/2021:19:32:14 +0200] "GET /light-carry-your-yoga-chakras-p-50975.html HTTP/1.0" 200 73154 "-" "Mozilla/5.0 (compatible; bingbot/2.0; +http://www.bing.com/bingbot.htm)"
54.36.148.242 - - [16/Jul/2021:19:32:38 +0200] "GET /amys-paris-bowl-p-53768.html HTTP/1.0" 200 73435 "-" "Mozilla/5.0 (compatible; AhrefsBot/7.0; +http://ahrefs.com/robot/)"
207.46.13.182 - - [16/Jul/2021:19:32:40 +0200] "GET /images/3438100317129.jpg HTTP/1.0" 200 259 "-" "Mozilla/5.0 (compatible; bingbot/2.0; +http://www.bing.com/bingbot.htm)"
157.55.39.167 - - [16/Jul/2021:19:32:51 +0200] "GET /bottle-holder-beer-bucket-c-12_224.html HTTP/1.0" 200 89630 "-" "Mozilla/5.0 (compatible; bingbot/2.0; +http://www.bing.com/bingbot.htm)"
207.46.13.182 - - [16/Jul/2021:19:32:55 +0200] "GET /saint-seiya-stickers-p-15397.html HTTP/1.0" 200 72776 "-" "Mozilla/5.0 (compatible; bingbot/2.0; +http://www.bing.com/bingbot.htm)"
207.46.13.182 - - [16/Jul/2021:19:33:09 +0200] "GET /child-apron-little-prince-p-47663.html HTTP/1.0" 200 72960 "-" "Mozilla/5.0 (compatible; bingbot/2.0; +http://www.bing.com/bingbot.htm)"
157.55.39.177 - - [16/Jul/2021:19:33:21 +0200] "GET /-p-44186.html HTTP/1.0" 200 70197 "-" "Mozilla/5.0 (compatible; bingbot/2.0; +http://www.bing.com/bingbot.htm)"
185.191.171.1 - - [16/Jul/2021:19:33:26 +0200] "GET /keychain-jewel-tree-life-multicolour-p-40752.html?action=add_product HTTP/1.0" 302 476 "-" "Mozilla/5.0 (compatible; SemrushBot/7~bl; +http://www.semrush.com/bot.html)"
207.46.13.182 - - [16/Jul/2021:19:33:29 +0200] "GET /-p-8474.html HTTP/1.0" 200 70195 "-" "Mozilla/5.0 (compatible; bingbot/2.0; +http://www.bing.com/bingbot.htm)"
66.249.66.200 - - [16/Jul/2021:19:33:29 +0200] "GET /cement-tile-stickers-p-50333.html HTTP/1.0" 200 73765 "-" "Mozilla/5.0 (compatible; Googlebot/2.1; +http://www.google.com/bot.html)"
207.46.13.182 - - [16/Jul/2021:19:33:32 +0200] "GET /british-guard-moneybox-p-34170.html HTTP/1.0" 200 70275 "-" "Mozilla/5.0 (compatible; bingbot/2.0; +http://www.bing.com/bingbot.htm)"
49.7.21.122 - - [16/Jul/2021:19:33:40 +0200] "GET /alarms-clocks-clocks-and-watches/alarms-clocks-c-5_14_65.html HTTP/1.0" 301 91218 "-" "Sogou web spider/4.0(+http://www.sogou.com/docs/help/webmasters.htm#07)"
207.46.13.174 - - [16/Jul/2021:19:34:17 +0200] "GET /bowls-c-12_60.html HTTP/1.0" 200 91919 "-" "Mozilla/5.0 (compatible; bingbot/2.0; +http://www.bing.com/bingbot.htm)"
207.46.13.174 - - [16/Jul/2021:19:34:20 +0200] "GET /little-prince-navy-blue-jewelry-phosphorescent-p-16447.html HTTP/1.0" 200 74350 "-" "Mozilla/5.0 (compatible; bingbot/2.0; +http://www.bing.com/bingbot.htm)"
207.46.13.182 - - [16/Jul/2021:19:34:41 +0200] "GET /jasmin-medium-cabas-racing-p-39772.html HTTP/1.0" 200 70285 "-" "Mozilla/5.0 (compatible; bingbot/2.0; +http://www.bing.com/bingbot.htm)"
157.55.39.167 - - [16/Jul/2021:19:34:54 +0200] "GET /loola-ylvi-minimoomis-keyring-p-33978.html HTTP/1.0" 200 72951 "-" "Mozilla/5.0 (compatible; bingbot/2.0; +http://www.bing.com/bingbot.htm)"
157.55.39.166 - - [16/Jul/2021:19:35:17 +0200] "GET /barbapapa-breakfast-set-p-19467.html HTTP/1.0" 301 70357 "-" "Mozilla/5.0 (compatible; bingbot/2.0; +http://www.bing.com/bingbot.htm)"
185.191.171.41 - - [16/Jul/2021:19:35:29 +0200] "GET /paperweight-gravitation-kandinsky-p-53995.html HTTP/1.0" 200 74272 "-" "Mozilla/5.0 (compatible; SemrushBot/7~bl; +http://www.semrush.com/bot.html)"
207.46.13.182 - - [16/Jul/2021:19:35:35 +0200] "GET /paris-adore-mini-p-44935.html HTTP/1.0" 200 72809 "-" "Mozilla/5.0 (compatible; bingbot/2.0; +http://www.bing.com/bingbot.htm)"
35.229.113.181 - - [16/Jul/2021:19:35:37 +0200] "GET /products_new.php HTTP/1.0" 200 95410 "-" "ZoominfoBot (zoominfobot at zoominfo dot com)"
185.191.171.4 - - [16/Jul/2021:19:35:47 +0200] "GET /tibetan-treasure-hand-painted-flowers-p-54960.html?action=add_product HTTP/1.0" 302 476 "-" "Mozilla/5.0 (compatible; SemrushBot/7~bl; +http://www.semrush.com/bot.html)"
35.229.113.181 - - [16/Jul/2021:19:35:52 +0200] "GET /checkout_shipping.php HTTP/1.0" 302 468 "-" "ZoominfoBot (zoominfobot at zoominfo dot com)"
207.46.13.174 - - [16/Jul/2021:19:35:57 +0200] "GET /large-industrial-hanging-pendulum-union-hotel-p-51370.html HTTP/1.0" 200 73099 "-" "Mozilla/5.0 (compatible; bingbot/2.0; +http://www.bing.com/bingbot.htm)"
157.55.39.72 - - [16/Jul/2021:19:36:12 +0200] "GET /small-japanese-blue-cast-iron-teapot-liter-p-54886.html HTTP/1.0" 200 74043 "-" "Mozilla/5.0 (compatible; bingbot/2.0; +http://www.bing.com/bingbot.htm)"
54.36.148.242 - - [16/Jul/2021:19:36:21 +0200] "GET /candy-cloud-hair-brush-bubblegum-p-49779.html HTTP/1.0" 200 72914 "-" "Mozilla/5.0 (compatible; AhrefsBot/7.0; +http://ahrefs.com/robot/)"
35.229.113.181 - - [16/Jul/2021:19:36:31 +0200] "GET /bottle-holder-beer-bucket-c-12_224.html HTTP/1.0" 200 89630 "-" "ZoominfoBot (zoominfobot at zoominfo dot com)"
207.46.13.179 - - [16/Jul/2021:19:36:52 +0200] "GET /pink-flamingos-shower-curtain-180-200-cm-p-50730.html HTTP/1.0" 301 73726 "-" "Mozilla/5.0 (compatible; bingbot/2.0; +http://www.bing.com/bingbot.htm)"
207.46.13.179 - - [16/Jul/2021:19:36:53 +0200] "GET /van-gogh-nuit-etoilee-eyeglass-case-p-47643.html HTTP/1.0" 301 70264 "-" "Mozilla/5.0 (compatible; bingbot/2.0; +http://www.bing.com/bingbot.htm)"
157.55.39.72 - - [16/Jul/2021:19:36:56 +0200] "GET /decorative-wooden-plate-entre-interdite-rleurs-anthracite-p-47815.html HTTP/1.0" 200 73373 "-" "Mozilla/5.0 (compatible; bingbot/2.0; +http://www.bing.com/bingbot.htm)"
207.46.13.174 - - [16/Jul/2021:19:37:01 +0200] "GET /happy-boy-panda-bedclothes-140-200-cm-p-44235.html HTTP/1.0" 301 73732 "-" "Mozilla/5.0 (compatible; bingbot/2.0; +http://www.bing.com/bingbot.htm)"
35.229.113.181 - - [16/Jul/2021:19:37:03 +0200] "GET /manicure-articles-c-31_204.html HTTP/1.0" 200 89436 "-" "ZoominfoBot (zoominfobot at zoominfo dot com)"
66.249.66.198 - - [16/Jul/2021:19:37:13 +0200] "GET /images/big_prod_1/3700516262288B.jpg HTTP/1.0" 200 271 "-" "Googlebot-Image/1.0"
157.55.39.167 - - [16/Jul/2021:19:37:32 +0200] "GET /yoga-strap-ring-black-cotton-p-48336.html HTTP/1.0" 200 74222 "-" "Mozilla/5.0 (compatible; bingbot/2.0; +http://www.bing.com/bingbot.htm)"
157.55.39.180 - - [16/Jul/2021:19:37:37 +0200] "GET /hello-kitty-dressing-table-with-stool-p-7860.html HTTP/1.0" 200 70371 "-" "Mozilla/5.0 (compatible; bingbot/2.0; +http://www.bing.com/bingbot.htm)"
66.249.66.198 - - [16/Jul/2021:19:37:50 +0200] "GET /charmmy-kitty-small-cosmetic-p-26658.html HTTP/1.0" 200 73138 "-" "Mozilla/5.0 (Linux; Android 6.0.1; Nexus 5X Build/MMB29P) AppleWebKit/537.36 (KHTML, like Gecko) Chrome/91.0.4472.90 Mobile Safari/537.36 (compatible; Googlebot/2.1; +http://www.google.com/bot.html)"
207.46.13.179 - - [16/Jul/2021:19:37:52 +0200] "GET /-p-20302.html HTTP/1.0" 200 70197 "-" "Mozilla/5.0 (compatible; bingbot/2.0; +http://www.bing.com/bingbot.htm)"
207.46.13.179 - - [16/Jul/2021:19:37:53 +0200] "GET /headrest-cushion-blue-45-70-cm-p-45243.html HTTP/1.0" 301 70264 "-" "Mozilla/5.0 (compatible; bingbot/2.0; +http://www.bing.com/bingbot.htm)"
207.46.13.182 - - [16/Jul/2021:19:37:58 +0200] "GET /-p-13928.html HTTP/1.0" 200 70197 "-" "Mozilla/5.0 (compatible; bingbot/2.0; +http://www.bing.com/bingbot.htm)"
49.7.20.113 - - [16/Jul/2021:19:37:59 +0200] "GET / HTTP/1.0" 200 95613 "-" "Sogou web spider/4.0(+http://www.sogou.com/docs/help/webmasters.htm#07)"
66.249.66.198 - - [16/Jul/2021:19:38:06 +0200] "GET /cement-tile-stickers-p-50333.html HTTP/1.0" 200 73765 "-" "Mozilla/5.0 (Linux; Android 6.0.1; Nexus 5X Build/MMB29P) AppleWebKit/537.36 (KHTML, like Gecko) Chrome/91.0.4472.90 Mobile Safari/537.36 (compatible; Googlebot/2.1; +http://www.google.com/bot.html)"
207.46.13.182 - - [16/Jul/2021:19:38:14 +0200] "GET /minnie-mouse-swimming-armband-p-25218.html HTTP/1.0" 200 70303 "-" "Mozilla/5.0 (compatible; bingbot/2.0; +http://www.bing.com/bingbot.htm)"
35.229.113.181 - - [16/Jul/2021:19:38:16 +0200] "GET /with-infuser-c-12_221.html HTTP/1.0" 200 90836 "-" "ZoominfoBot (zoominfobot at zoominfo dot com)"
157.55.39.167 - - [16/Jul/2021:19:38:18 +0200] "GET /swfobject.js HTTP/1.0" 404 1308 "-" "Mozilla/5.0 (compatible; bingbot/2.0; +http://www.bing.com/bingbot.htm)"
157.55.39.167 - - [16/Jul/2021:19:38:28 +0200] "GET /swfobject.js HTTP/1.0" 404 1308 "-" "Mozilla/5.0 (compatible; bingbot/2.0; +http://www.bing.com/bingbot.htm)"
185.191.171.33 - - [16/Jul/2021:19:38:29 +0200] "GET /-p-47733.html?action=add_product HTTP/1.0" 302 476 "-" "Mozilla/5.0 (compatible; SemrushBot/7~bl; +http://www.semrush.com/bot.html)"
207.46.13.174 - - [16/Jul/2021:19:38:39 +0200] "GET /frozen-anna-disney-glitter-globe-p-33587.html HTTP/1.0" 200 73036 "-" "Mozilla/5.0 (compatible; bingbot/2.0; +http://www.bing.com/bingbot.htm)"
157.55.39.166 - - [16/Jul/2021:19:38:58 +0200] "GET /disney-princess-table-p-12245.html HTTP/1.0" 200 73000 "-" "Mozilla/5.0 (compatible; bingbot/2.0; +http://www.bing.com/bingbot.htm)"
207.46.13.179 - - [16/Jul/2021:19:39:33 +0200] "GET /-p-12746.html HTTP/1.0" 200 70197 "-" "Mozilla/5.0 (compatible; bingbot/2.0; +http://www.bing.com/bingbot.htm)"
157.55.39.72 - - [16/Jul/2021:19:39:37 +0200] "GET /basket-in-black-and-natural-palm-leaves-41-30-cm-p-48064.html HTTP/1.0" 301 73105 "-" "Mozilla/5.0 (compatible; bingbot/2.0; +http://www.bing.com/bingbot.htm)"
157.55.39.72 - - [16/Jul/2021:19:39:39 +0200] "GET /bas-relief-panel-of-elephants-carved-on-raw-wood-45-15-cm-p-47213.html HTTP/1.0" 301 74406 "-" "Mozilla/5.0 (compatible; bingbot/2.0; +http://www.bing.com/bingbot.htm)"
35.229.113.181 - - [16/Jul/2021:19:39:41 +0200] "GET /dishes-dishes-c-12_251.html HTTP/1.0" 200 89414 "-" "ZoominfoBot (zoominfobot at zoominfo dot com)"
157.55.39.72 - - [16/Jul/2021:19:39:52 +0200] "GET /-p-20063.html HTTP/1.0" 200 70197 "-" "Mozilla/5.0 (compatible; bingbot/2.0; +http://www.bing.com/bingbot.htm)"
54.36.148.242 - - [16/Jul/2021:19:40:01 +0200] "GET /adults-apron-cotton-yuco-tomette-p-48219.html HTTP/1.0" 200 72960 "-" "Mozilla/5.0 (compatible; AhrefsBot/7.0; +http://ahrefs.com/robot/)"
110.249.201.151 - - [16/Jul/2021:19:40:15 +0200] "GET /burlap-round-table-bistrot-p-51524.html HTTP/1.0" 200 73446 "-" "Mozilla/5.0 (Linux; Android 5.0) AppleWebKit/537.36 (KHTML, like Gecko) Mobile Safari/537.36 (compatible; Bytespider; https://zhanzhang.toutiao.com/)"
110.249.201.169 - - [16/Jul/2021:19:40:16 +0200] "GET /swfobject.js HTTP/1.0" 404 1308 "http://www.wonder-geek.com/burlap-round-table-bistrot-p-51524.html" "Mozilla/5.0 (Linux; Android 5.0) AppleWebKit/537.36 (KHTML, like Gecko) Mobile Safari/537.36 (compatible; Bytespider; https://zhanzhang.toutiao.com/)"
110.249.201.158 - - [16/Jul/2021:19:40:16 +0200] "GET /images/big_prod_1/3609810097865a.jpg HTTP/1.0" 200 271 "http://www.wonder-geek.com/burlap-round-table-bistrot-p-51524.html" "Mozilla/5.0 (Linux; Android 5.0) AppleWebKit/537.36 (KHTML, like Gecko) Mobile Safari/537.36 (compatible; Bytespider; https://zhanzhang.toutiao.com/)"
110.249.201.167 - - [16/Jul/2021:19:40:16 +0200] "GET /images/big_prod/3609810097865.jpg HTTP/1.0" 200 268 "http://www.wonder-geek.com/burlap-round-table-bistrot-p-51524.html" "Mozilla/5.0 (Linux; Android 5.0) AppleWebKit/537.36 (KHTML, like Gecko) Mobile Safari/537.36 (compatible; Bytespider; https://zhanzhang.toutiao.com/)"
110.249.201.163 - - [16/Jul/2021:19:40:17 +0200] "GET /highslide/graphics/zoomout.cur HTTP/1.0" 200 614 "http://www.wonder-geek.com/burlap-round-table-bistrot-p-51524.html" "Mozilla/5.0 (Linux; Android 5.0) AppleWebKit/537.36 (KHTML, like Gecko) Mobile Safari/537.36 (compatible; Bytespider; https://zhanzhang.toutiao.com/)"
157.55.39.78 - - [16/Jul/2021:19:40:28 +0200] "GET /cement-tile-stickers-15-15-cm-p-50343.html HTTP/1.0" 301 73852 "-" "Mozilla/5.0 (compatible; bingbot/2.0; +http://www.bing.com/bingbot.htm)"
66.249.66.200 - - [16/Jul/2021:19:40:52 +0200] "GET /maman-super-maman-adult-apron-p-54711.html HTTP/1.0" 200 72948 "-" "Mozilla/5.0 (Linux; Android 6.0.1; Nexus 5X Build/MMB29P) AppleWebKit/537.36 (KHTML, like Gecko) Chrome/91.0.4472.90 Mobile Safari/537.36 (compatible; Googlebot/2.1; +http://www.google.com/bot.html)"
157.55.39.72 - - [16/Jul/2021:19:40:53 +0200] "GET /cccp-alarm-clock-by-cbkreation-p-25010.html HTTP/1.0" 301 73022 "-" "Mozilla/5.0 (compatible; bingbot/2.0; +http://www.bing.com/bingbot.htm)"
185.191.171.18 - - [16/Jul/2021:19:41:01 +0200] "GET /grey-eyelets-blackout-curtain-p-35113.html HTTP/1.0" 301 70264 "-" "Mozilla/5.0 (compatible; SemrushBot/7~bl; +http://www.semrush.com/bot.html)"
157.55.39.167 - - [16/Jul/2021:19:41:02 +0200] "GET /harley-davidson-lighter-p-41029.html HTTP/1.0" 200 73281 "-" "Mozilla/5.0 (compatible; bingbot/2.0; +http://www.bing.com/bingbot.htm)"
185.191.171.1 - - [16/Jul/2021:19:41:04 +0200] "GET /-p-35113.html HTTP/1.0" 200 70197 "-" "Mozilla/5.0 (compatible; SemrushBot/7~bl; +http://www.semrush.com/bot.html)"
157.55.39.167 - - [16/Jul/2021:19:41:18 +0200] "GET /swfobject.js HTTP/1.0" 404 1308 "-" "Mozilla/5.0 (compatible; bingbot/2.0; +http://www.bing.com/bingbot.htm)"
157.55.39.167 - - [16/Jul/2021:19:41:19 +0200] "GET /-p-2851.html HTTP/1.0" 200 70195 "-" "Mozilla/5.0 (compatible; bingbot/2.0; +http://www.bing.com/bingbot.htm)"
51.68.224.127 - - [16/Jul/2021:19:41:26 +0200] "GET /adminweb/export_orders_xml.php?token=256de2z6edz6ed2z6DFSFsed2zed6zeDSFDSGdzedezfzf&maxorders=10&orderstart=1&status=14&start_date=2018-10-01 HTTP/1.0" 200 285 "-" "GesCom CharlotteBoutik Serveur"
51.68.224.127 - - [16/Jul/2021:19:41:26 +0200] "GET /adminweb/export_orders_xml.php?token=256de2z6edz6ed2z6DFSFsed2zed6zeDSFDSGdzedezfzf&maxorders=10&orderstart=1&status=6&start_date=2018-10-01 HTTP/1.0" 200 29786 "-" "GesCom CharlotteBoutik Serveur"
207.46.13.174 - - [16/Jul/2021:19:41:28 +0200] "GET /gogh-terrasse-soir-little-cord-made-france-p-47444.html HTTP/1.0" 200 73283 "-" "Mozilla/5.0 (compatible; bingbot/2.0; +http://www.bing.com/bingbot.htm)"
157.55.39.72 - - [16/Jul/2021:19:41:33 +0200] "GET /-p-3889.html HTTP/1.0" 200 70195 "-" "Mozilla/5.0 (compatible; bingbot/2.0; +http://www.bing.com/bingbot.htm)"
66.249.66.198 - - [16/Jul/2021:19:41:33 +0200] "GET /images/big_prod_1/8422017888204B.jpg HTTP/1.0" 200 271 "-" "Googlebot-Image/1.0"
54.36.148.242 - - [16/Jul/2021:19:41:44 +0200] "GET /cacao-large-bowl-p-50613.html HTTP/1.0" 200 72759 "-" "Mozilla/5.0 (compatible; AhrefsBot/7.0; +http://ahrefs.com/robot/)"
66.249.66.198 - - [16/Jul/2021:19:42:10 +0200] "GET /fresh-brewed-coffee-retro-brown-mug-p-26696.html HTTP/1.0" 301 70264 "-" "Mozilla/5.0 (Linux; Android 6.0.1; Nexus 5X Build/MMB29P) AppleWebKit/537.36 (KHTML, like Gecko) Chrome/91.0.4472.90 Mobile Safari/537.36 (compatible; Googlebot/2.1; +http://www.google.com/bot.html)"
66.249.66.200 - - [16/Jul/2021:19:42:11 +0200] "GET /-p-26696.html HTTP/1.0" 200 70197 "-" "Mozilla/5.0 (Linux; Android 6.0.1; Nexus 5X Build/MMB29P) AppleWebKit/537.36 (KHTML, like Gecko) Chrome/91.0.4472.90 Mobile Safari/537.36 (compatible; Googlebot/2.1; +http://www.google.com/bot.html)"
207.46.13.182 - - [16/Jul/2021:19:42:23 +0200] "GET /panther-wall-decoration-in-resin-p-52573.html HTTP/1.0" 301 73052 "-" "Mozilla/5.0 (compatible; bingbot/2.0; +http://www.bing.com/bingbot.htm)"
157.55.39.177 - - [16/Jul/2021:19:42:29 +0200] "GET /images/3521320806334.jpg HTTP/1.0" 200 259 "-" "Mozilla/5.0 (compatible; bingbot/2.0; +http://www.bing.com/bingbot.htm)"
185.191.171.25 - - [16/Jul/2021:19:42:30 +0200] "GET /vespa-multi-pliers-p-23057.html HTTP/1.0" 200 70259 "-" "Mozilla/5.0 (compatible; SemrushBot/7~bl; +http://www.semrush.com/bot.html)"
207.46.13.182 - - [16/Jul/2021:19:42:33 +0200] "GET /saint-jacques-prayer-candle-novena-p-51634.html HTTP/1.0" 200 73703 "-" "Mozilla/5.0 (compatible; bingbot/2.0; +http://www.bing.com/bingbot.htm)"
185.191.171.39 - - [16/Jul/2021:19:42:46 +0200] "GET /espresso-cups-corsica-p-54764.html HTTP/1.0" 200 73474 "-" "Mozilla/5.0 (compatible; SemrushBot/7~bl; +http://www.semrush.com/bot.html)"
157.55.39.180 - - [16/Jul/2021:19:42:53 +0200] "GET /cars-backpack-p-10777.html HTTP/1.0" 200 72981 "-" "Mozilla/5.0 (compatible; bingbot/2.0; +http://www.bing.com/bingbot.htm)"
207.46.13.182 - - [16/Jul/2021:19:43:04 +0200] "GET /calavera-de-la-muerte-by-etienne-boyer-white-tee-shirt-p-30767.html HTTP/1.0" 301 75410 "-" "Mozilla/5.0 (compatible; bingbot/2.0; +http://www.bing.com/bingbot.htm)"
157.55.39.167 - - [16/Jul/2021:19:43:11 +0200] "GET /-p-32799.html HTTP/1.0" 200 70197 "-" "Mozilla/5.0 (compatible; bingbot/2.0; +http://www.bing.com/bingbot.htm)"
207.46.13.182 - - [16/Jul/2021:19:43:16 +0200] "GET /angry-birds-pen-light-figurine-p-19143.html HTTP/1.0" 301 73135 "-" "Mozilla/5.0 (compatible; bingbot/2.0; +http://www.bing.com/bingbot.htm)"
54.36.148.242 - - [16/Jul/2021:19:43:18 +0200] "GET /italy-hoodies-p-31778.html HTTP/1.0" 200 77422 "-" "Mozilla/5.0 (compatible; AhrefsBot/7.0; +http://ahrefs.com/robot/)"
185.191.171.44 - - [16/Jul/2021:19:43:19 +0200] "GET /large-jar-candle-70-hours-baked-apple-p-38120.html HTTP/1.0" 301 74099 "-" "Mozilla/5.0 (compatible; SemrushBot/7~bl; +http://www.semrush.com/bot.html)"
185.191.171.8 - - [16/Jul/2021:19:43:22 +0200] "GET /large-candle-hours-baked-apple-p-38120.html HTTP/1.0" 200 74002 "-" "Mozilla/5.0 (compatible; SemrushBot/7~bl; +http://www.semrush.com/bot.html)"
207.46.13.182 - - [16/Jul/2021:19:43:23 +0200] "GET /fiers-etre-marseillais-blue-track-jacket-p-29914.html HTTP/1.0" 200 74292 "-" "Mozilla/5.0 (compatible; bingbot/2.0; +http://www.bing.com/bingbot.htm)"
207.46.13.174 - - [16/Jul/2021:19:43:28 +0200] "GET /white-ceramic-lamp-245-cm-p-52593.html HTTP/1.0" 301 74076 "-" "Mozilla/5.0 (compatible; bingbot/2.0; +http://www.bing.com/bingbot.htm)"
207.46.13.174 - - [16/Jul/2021:19:43:29 +0200] "GET /-p-22382.html HTTP/1.0" 200 70197 "-" "Mozilla/5.0 (compatible; bingbot/2.0; +http://www.bing.com/bingbot.htm)"
157.55.39.177 - - [16/Jul/2021:19:43:37 +0200] "GET /toilet-brush-p-45522.html HTTP/1.0" 200 72811 "-" "Mozilla/5.0 (compatible; bingbot/2.0; +http://www.bing.com/bingbot.htm)"
207.46.13.182 - - [16/Jul/2021:19:44:14 +0200] "GET /star-wars-ezra-bridger-figure-p-34611.html HTTP/1.0" 200 70303 "-" "Mozilla/5.0 (compatible; bingbot/2.0; +http://www.bing.com/bingbot.htm)"
207.46.13.182 - - [16/Jul/2021:19:44:16 +0200] "GET /iphone-transparent-shell-44s-with-personalized-picture-p-16340.html HTTP/1.0" 301 73469 "-" "Mozilla/5.0 (compatible; bingbot/2.0; +http://www.bing.com/bingbot.htm)"
207.46.13.179 - - [16/Jul/2021:19:44:23 +0200] "GET /mickey-mouse-red-swimsuit-p-30668.html HTTP/1.0" 301 74383 "-" "Mozilla/5.0 (compatible; bingbot/2.0; +http://www.bing.com/bingbot.htm)"
157.55.39.177 - - [16/Jul/2021:19:44:36 +0200] "GET /js/jquery.js HTTP/1.0" 200 252 "-" "Mozilla/5.0 (compatible; bingbot/2.0; +http://www.bing.com/bingbot.htm)"
185.191.171.4 - - [16/Jul/2021:19:44:36 +0200] "GET /home-and-decoration-c-13.html?page=38 HTTP/1.0" 301 92341 "-" "Mozilla/5.0 (compatible; SemrushBot/7~bl; +http://www.semrush.com/bot.html)"
157.55.39.177 - - [16/Jul/2021:19:44:37 +0200] "GET /top-model-long-sleeve-shirt-p-50920.html HTTP/1.0" 301 77019 "-" "Mozilla/5.0 (compatible; bingbot/2.0; +http://www.bing.com/bingbot.htm)"
185.191.171.44 - - [16/Jul/2021:19:44:39 +0200] "GET /home-decoration-c-13.html?page=38 HTTP/1.0" 200 92254 "-" "Mozilla/5.0 (compatible; SemrushBot/7~bl; +http://www.semrush.com/bot.html)"
73.140.242.39 - - [16/Jul/2021:19:44:40 +0200] "GET /images/8006180201703.jpg HTTP/1.0" 200 259 "https://www.bing.com/" "Mozilla/5.0 (Windows NT 10.0; Win64; x64) AppleWebKit/537.36 (KHTML, like Gecko) Chrome/91.0.4472.124 Safari/537.36"
73.140.242.39 - - [16/Jul/2021:19:44:41 +0200] "GET /favicon.ico HTTP/1.0" 200 260 "http://www.wonder-geek.com/images/8006180201703.jpg" "Mozilla/5.0 (Windows NT 10.0; Win64; x64) AppleWebKit/537.36 (KHTML, like Gecko) Chrome/91.0.4472.124 Safari/537.36"
207.46.13.182 - - [16/Jul/2021:19:44:45 +0200] "GET /-p-29126.html HTTP/1.0" 200 70197 "-" "Mozilla/5.0 (compatible; bingbot/2.0; +http://www.bing.com/bingbot.htm)"
157.55.39.180 - - [16/Jul/2021:19:44:46 +0200] "GET /minions-kevin-stuart-cushion-p-31728.html HTTP/1.0" 301 70264 "-" "Mozilla/5.0 (compatible; bingbot/2.0; +http://www.bing.com/bingbot.htm)"
66.249.66.200 - - [16/Jul/2021:19:44:47 +0200] "GET /yoda-stickers-p-15396.html HTTP/1.0" 200 70239 "-" "Mozilla/5.0 (Linux; Android 6.0.1; Nexus 5X Build/MMB29P) AppleWebKit/537.36 (KHTML, like Gecko) Chrome/91.0.4472.90 Mobile Safari/537.36 (compatible; Googlebot/2.1; +http://www.google.com/bot.html)"
54.36.148.242 - - [16/Jul/2021:19:45:06 +0200] "GET /dubout-cats-white-p-55483.html HTTP/1.0" 200 72796 "-" "Mozilla/5.0 (compatible; AhrefsBot/7.0; +http://ahrefs.com/robot/)"
157.55.39.177 - - [16/Jul/2021:19:45:18 +0200] "GET /bedclothes-140-200-cm-black-striped-p-44343.html HTTP/1.0" 301 70264 "-" "Mozilla/5.0 (compatible; bingbot/2.0; +http://www.bing.com/bingbot.htm)"
157.55.39.166 - - [16/Jul/2021:19:45:22 +0200] "GET /pusheen-sticker-sheet-pastel-p-42603.html HTTP/1.0" 200 73124 "-" "Mozilla/5.0 (compatible; bingbot/2.0; +http://www.bing.com/bingbot.htm)"
157.55.39.166 - - [16/Jul/2021:19:45:22 +0200] "GET /gorjuss-large-satchel-little-wings-p-50971.html HTTP/1.0" 200 70331 "-" "Mozilla/5.0 (compatible; bingbot/2.0; +http://www.bing.com/bingbot.htm)"
147.92.153.18 - - [16/Jul/2021:19:45:50 +0200] "GET /charmmy-kitty-mattress-swimming-pool-p-5990.html HTTP/1.0" 200 72827 "-" "Mozilla/5.0 (compatible; Linespider/1.1; +https://lin.ee/4dwXkTH)"
66.249.66.200 - - [16/Jul/2021:19:46:16 +0200] "GET /images/mini_prod/1328399144945.jpg HTTP/1.0" 200 269 "-" "Googlebot-Image/1.0"
157.55.39.72 - - [16/Jul/2021:19:46:32 +0200] "GET /cats-family-bowl-p-39418.html HTTP/1.0" 200 70268 "-" "Mozilla/5.0 (compatible; bingbot/2.0; +http://www.bing.com/bingbot.htm)"
54.36.148.242 - - [16/Jul/2021:19:46:55 +0200] "GET /spiderman-bust-bank-p-30237.html HTTP/1.0" 200 72805 "-" "Mozilla/5.0 (compatible; AhrefsBot/7.0; +http://ahrefs.com/robot/)"
157.55.39.177 - - [16/Jul/2021:19:46:57 +0200] "GET /pulp-fiction-zombis-poster-p-32264.html HTTP/1.0" 200 72878 "-" "Mozilla/5.0 (compatible; bingbot/2.0; +http://www.bing.com/bingbot.htm)"
157.55.39.177 - - [16/Jul/2021:19:46:59 +0200] "GET /-p-18510.html HTTP/1.0" 200 70197 "-" "Mozilla/5.0 (compatible; bingbot/2.0; +http://www.bing.com/bingbot.htm)"
66.249.66.198 - - [16/Jul/2021:19:46:59 +0200] "GET /the-beatles-shirt-p-29552.html HTTP/1.0" 301 70351 "-" "Mozilla/5.0 (Linux; Android 6.0.1; Nexus 5X Build/MMB29P) AppleWebKit/537.36 (KHTML, like Gecko) Chrome/91.0.4472.90 Mobile Safari/537.36 (compatible; Googlebot/2.1; +http://www.google.com/bot.html)"
66.249.66.200 - - [16/Jul/2021:19:47:00 +0200] "GET /beatles-shirt-p-29552.html HTTP/1.0" 200 70271 "-" "Mozilla/5.0 (Linux; Android 6.0.1; Nexus 5X Build/MMB29P) AppleWebKit/537.36 (KHTML, like Gecko) Chrome/91.0.4472.90 Mobile Safari/537.36 (compatible; Googlebot/2.1; +http://www.google.com/bot.html)"
157.55.39.180 - - [16/Jul/2021:19:47:05 +0200] "GET /-p-29839.html HTTP/1.0" 200 70197 "-" "Mozilla/5.0 (compatible; bingbot/2.0; +http://www.bing.com/bingbot.htm)"
157.55.39.78 - - [16/Jul/2021:19:47:19 +0200] "GET /star-wars-kylo-ren-little-suitcase-p-34775.html HTTP/1.0" 301 70412 "-" "Mozilla/5.0 (compatible; bingbot/2.0; +http://www.bing.com/bingbot.htm)"
185.191.171.40 - - [16/Jul/2021:19:47:46 +0200] "GET /mini-stickers-animals-p-22596.html HTTP/1.0" 200 72846 "-" "Mozilla/5.0 (compatible; SemrushBot/7~bl; +http://www.semrush.com/bot.html)"
185.191.171.36 - - [16/Jul/2021:19:47:48 +0200] "GET /tetsubin-black-cast-iron-flat-heater-p-47456.html HTTP/1.0" 301 70264 "-" "Mozilla/5.0 (compatible; SemrushBot/7~bl; +http://www.semrush.com/bot.html)"
185.191.171.35 - - [16/Jul/2021:19:47:50 +0200] "GET /-p-47456.html HTTP/1.0" 200 70197 "-" "Mozilla/5.0 (compatible; SemrushBot/7~bl; +http://www.semrush.com/bot.html)"
185.191.171.19 - - [16/Jul/2021:19:48:07 +0200] "GET /grey-lampshade-p-53668.html HTTP/1.0" 200 70243 "-" "Mozilla/5.0 (compatible; SemrushBot/7~bl; +http://www.semrush.com/bot.html)"
185.191.171.21 - - [16/Jul/2021:19:48:21 +0200] "GET /marseille-white-tee-shirt-p-31255.html HTTP/1.0" 301 74632 "-" "Mozilla/5.0 (compatible; SemrushBot/7~bl; +http://www.semrush.com/bot.html)"
185.191.171.19 - - [16/Jul/2021:19:48:23 +0200] "GET /marseille-white-shirt-p-31255.html HTTP/1.0" 200 74544 "-" "Mozilla/5.0 (compatible; SemrushBot/7~bl; +http://www.semrush.com/bot.html)"
157.55.39.180 - - [16/Jul/2021:19:48:25 +0200] "GET /velvet-purse-black-white-p-49964.html HTTP/1.0" 200 73495 "-" "Mozilla/5.0 (compatible; bingbot/2.0; +http://www.bing.com/bingbot.htm)"
185.191.171.21 - - [16/Jul/2021:19:48:27 +0200] "GET /black-mustache-circle-coasters-cbkreation-p-16702.html HTTP/1.0" 200 73091 "-" "Mozilla/5.0 (compatible; SemrushBot/7~bl; +http://www.semrush.com/bot.html)"
157.55.39.180 - - [16/Jul/2021:19:48:28 +0200] "GET /led-nightlight-green-bob-despicable-me-p-33708.html HTTP/1.0" 301 73186 "-" "Mozilla/5.0 (compatible; bingbot/2.0; +http://www.bing.com/bingbot.htm)"
54.36.148.242 - - [16/Jul/2021:19:48:39 +0200] "GET /chairs-cushion-c-11_165.html?page=2 HTTP/1.0" 200 91369 "-" "Mozilla/5.0 (compatible; AhrefsBot/7.0; +http://ahrefs.com/robot/)"
185.191.171.22 - - [16/Jul/2021:19:49:00 +0200] "GET /bonheur-large-metal-plate-deco-p-54246.html?action=add_product HTTP/1.0" 302 476 "-" "Mozilla/5.0 (compatible; SemrushBot/7~bl; +http://www.semrush.com/bot.html)"
157.55.39.166 - - [16/Jul/2021:19:49:00 +0200] "GET /-p-22827.html HTTP/1.0" 200 70197 "-" "Mozilla/5.0 (compatible; bingbot/2.0; +http://www.bing.com/bingbot.htm)"
66.249.66.198 - - [16/Jul/2021:19:49:10 +0200] "GET /spongebob-names-shirt-p-29557.html HTTP/1.0" 200 74237 "-" "Mozilla/5.0 (Linux; Android 6.0.1; Nexus 5X Build/MMB29P) AppleWebKit/537.36 (KHTML, like Gecko) Chrome/91.0.4472.90 Mobile Safari/537.36 (compatible; Googlebot/2.1; +http://www.google.com/bot.html)"
216.244.66.242 - - [16/Jul/2021:19:49:11 +0200] "GET /robots.txt HTTP/1.0" 200 245 "-" "Mozilla/5.0 (compatible; DotBot/1.2; +https://opensiteexplorer.org/dotbot; help@moz.com)"
207.46.13.179 - - [16/Jul/2021:19:49:34 +0200] "GET /little-miss-sunshine-bag-p-16879.html HTTP/1.0" 301 70387 "-" "Mozilla/5.0 (compatible; bingbot/2.0; +http://www.bing.com/bingbot.htm)"
185.191.171.19 - - [16/Jul/2021:19:49:40 +0200] "GET /collectible-figurines-decorative-c-13_135.html?page=43 HTTP/1.0" 200 96514 "-" "Mozilla/5.0 (compatible; SemrushBot/7~bl; +http://www.semrush.com/bot.html)"
157.55.39.166 - - [16/Jul/2021:19:49:59 +0200] "GET /cow-pop-plush-by-britto-20-cm-p-24361.html HTTP/1.0" 301 77143 "-" "Mozilla/5.0 (compatible; bingbot/2.0; +http://www.bing.com/bingbot.htm)"
220.243.135.223 - - [16/Jul/2021:19:50:16 +0200] "GET /mani-lucky-charm-size-sant-p-33288.html HTTP/1.0" 200 73159 "-" "Mozilla/5.0 (Linux; Android 5.0) AppleWebKit/537.36 (KHTML, like Gecko) Mobile Safari/537.36 (compatible; Bytespider; https://zhanzhang.toutiao.com/)"
220.243.135.238 - - [16/Jul/2021:19:50:16 +0200] "GET /swfobject.js HTTP/1.0" 404 1308 "http://www.wonder-geek.com/mani-lucky-charm-size-sant-p-33288.html" "Mozilla/5.0 (Linux; Android 5.0) AppleWebKit/537.36 (KHTML, like Gecko) Mobile Safari/537.36 (compatible; Bytespider; https://zhanzhang.toutiao.com/)"
220.243.135.227 - - [16/Jul/2021:19:50:17 +0200] "GET /images/med_prod/3519570205892.jpg HTTP/1.0" 200 268 "http://www.wonder-geek.com/mani-lucky-charm-size-sant-p-33288.html" "Mozilla/5.0 (Linux; Android 5.0) AppleWebKit/537.36 (KHTML, like Gecko) Mobile Safari/537.36 (compatible; Bytespider; https://zhanzhang.toutiao.com/)"
220.243.135.231 - - [16/Jul/2021:19:50:17 +0200] "GET /highslide/graphics/zoomout.cur HTTP/1.0" 200 614 "http://www.wonder-geek.com/mani-lucky-charm-size-sant-p-33288.html" "Mozilla/5.0 (Linux; Android 5.0) AppleWebKit/537.36 (KHTML, like Gecko) Mobile Safari/537.36 (compatible; Bytespider; https://zhanzhang.toutiao.com/)"
54.36.148.242 - - [16/Jul/2021:19:50:21 +0200] "GET /cats-dubout-placemat-p-40084.html HTTP/1.0" 200 70267 "-" "Mozilla/5.0 (compatible; AhrefsBot/7.0; +http://ahrefs.com/robot/)"
66.249.66.200 - - [16/Jul/2021:19:50:24 +0200] "GET /beatles-come-together-shirt-p-29550.html HTTP/1.0" 200 70329 "-" "Mozilla/5.0 (Linux; Android 6.0.1; Nexus 5X Build/MMB29P) AppleWebKit/537.36 (KHTML, like Gecko) Chrome/91.0.4472.90 Mobile Safari/537.36 (compatible; Googlebot/2.1; +http://www.google.com/bot.html)"
207.46.13.182 - - [16/Jul/2021:19:50:27 +0200] "GET /cats-dubout-placemat-p-32428.html HTTP/1.0" 200 70267 "-" "Mozilla/5.0 (compatible; bingbot/2.0; +http://www.bing.com/bingbot.htm)"
207.46.13.182 - - [16/Jul/2021:19:50:28 +0200] "GET /galileo-thermometer-for-indoors-p-51226.html HTTP/1.0" 301 73051 "-" "Mozilla/5.0 (compatible; bingbot/2.0; +http://www.bing.com/bingbot.htm)"
157.55.39.72 - - [16/Jul/2021:19:51:24 +0200] "GET /great-wallet-pocket-pepe-jeans-bohemian-p-38137.html HTTP/1.0" 200 74013 "-" "Mozilla/5.0 (compatible; bingbot/2.0; +http://www.bing.com/bingbot.htm)"
185.191.171.38 - - [16/Jul/2021:19:51:24 +0200] "GET /mandala-p-55189.html?action=add_product HTTP/1.0" 302 476 "-" "Mozilla/5.0 (compatible; SemrushBot/7~bl; +http://www.semrush.com/bot.html)"
185.191.171.43 - - [16/Jul/2021:19:51:29 +0200] "GET /renault-set-of-magnets-p-40279.html HTTP/1.0" 301 72954 "-" "Mozilla/5.0 (compatible; SemrushBot/7~bl; +http://www.semrush.com/bot.html)"
207.46.13.182 - - [16/Jul/2021:19:51:30 +0200] "GET /images/big_prod/8906022930499.jpg HTTP/1.0" 200 268 "-" "Mozilla/5.0 (compatible; bingbot/2.0; +http://www.bing.com/bingbot.htm)"
185.191.171.42 - - [16/Jul/2021:19:51:31 +0200] "GET /renault-magnets-p-40279.html HTTP/1.0" 200 72872 "-" "Mozilla/5.0 (compatible; SemrushBot/7~bl; +http://www.semrush.com/bot.html)"
207.46.13.182 - - [16/Jul/2021:19:51:52 +0200] "GET /long-sleeves-shirts-c-1_21.html HTTP/1.0" 200 77645 "-" "Mozilla/5.0 (compatible; bingbot/2.0; +http://www.bing.com/bingbot.htm)"
207.46.13.182 - - [16/Jul/2021:19:51:52 +0200] "GET /images/big_prod/1384010188484.jpg HTTP/1.0" 200 268 "-" "Mozilla/5.0 (compatible; bingbot/2.0; +http://www.bing.com/bingbot.htm)"
185.191.171.5 - - [16/Jul/2021:19:52:13 +0200] "GET /chiyoko-kimmidoll-dolls-10-cm-p-33933.html HTTP/1.0" 301 70411 "-" "Mozilla/5.0 (compatible; SemrushBot/7~bl; +http://www.semrush.com/bot.html)"
207.46.13.182 - - [16/Jul/2021:19:52:13 +0200] "GET /jamaica-mouse-pad-p-19552.html HTTP/1.0" 301 72960 "-" "Mozilla/5.0 (compatible; bingbot/2.0; +http://www.bing.com/bingbot.htm)"
185.191.171.11 - - [16/Jul/2021:19:52:16 +0200] "GET /chiyoko-kimmidoll-dolls-p-33933.html HTTP/1.0" 200 70321 "-" "Mozilla/5.0 (compatible; SemrushBot/7~bl; +http://www.semrush.com/bot.html)"
185.191.171.34 - - [16/Jul/2021:19:52:18 +0200] "GET /metal-shaped-old-radio-clock-p-51432.html HTTP/1.0" 301 70382 "-" "Mozilla/5.0 (compatible; SemrushBot/7~bl; +http://www.semrush.com/bot.html)"
54.36.148.242 - - [16/Jul/2021:19:52:19 +0200] "GET /planes-placemat-p-31795.html HTTP/1.0" 200 72864 "-" "Mozilla/5.0 (compatible; AhrefsBot/7.0; +http://ahrefs.com/robot/)"
185.191.171.19 - - [16/Jul/2021:19:52:19 +0200] "GET /metal-shaped-radio-clock-p-51432.html HTTP/1.0" 200 70291 "-" "Mozilla/5.0 (compatible; SemrushBot/7~bl; +http://www.semrush.com/bot.html)"
