73.226.142.144 - - [16/Jul/2021:14:16:50 +0200] "GET /images/big_prod_1/6970204135645B.jpg HTTP/1.0" 200 271 "http://www.wonder-geek.com/amazon-zippo-lighter-p-49096.html" "Mozilla/5.0 (Macintosh; Intel Mac OS X 10_15_6) AppleWebKit/605.1.15 (KHTML, like Gecko) Version/14.0.1 Safari/605.1.15"
73.226.142.144 - - [16/Jul/2021:14:16:50 +0200] "GET /templates/Pixame_v1/images/buttons/english/button_in_cart.gif HTTP/1.0" 200 295 "http://www.wonder-geek.com/amazon-zippo-lighter-p-49096.html" "Mozilla/5.0 (Macintosh; Intel Mac OS X 10_15_6) AppleWebKit/605.1.15 (KHTML, like Gecko) Version/14.0.1 Safari/605.1.15"
73.226.142.144 - - [16/Jul/2021:14:16:50 +0200] "GET /templates/Pixame_v1/images/Bottom_texture.jpg HTTP/1.0" 200 280 "http://www.wonder-geek.com/amazon-zippo-lighter-p-49096.html" "Mozilla/5.0 (Macintosh; Intel Mac OS X 10_15_6) AppleWebKit/605.1.15 (KHTML, like Gecko) Version/14.0.1 Safari/605.1.15"
73.226.142.144 - - [16/Jul/2021:14:16:50 +0200] "GET /templates/Pixame_v1/images/Middle_texture.jpg HTTP/1.0" 200 280 "http://www.wonder-geek.com/amazon-zippo-lighter-p-49096.html" "Mozilla/5.0 (Macintosh; Intel Mac OS X 10_15_6) AppleWebKit/605.1.15 (KHTML, like Gecko) Version/14.0.1 Safari/605.1.15"
73.226.142.144 - - [16/Jul/2021:14:16:51 +0200] "GET /templates/Pixame_v1/images/nav.png HTTP/1.0" 200 268 "http://www.wonder-geek.com/amazon-zippo-lighter-p-49096.html" "Mozilla/5.0 (Macintosh; Intel Mac OS X 10_15_6) AppleWebKit/605.1.15 (KHTML, like Gecko) Version/14.0.1 Safari/605.1.15"
73.226.142.144 - - [16/Jul/2021:14:16:51 +0200] "GET /templates/Pixame_v1/images/header.png HTTP/1.0" 200 271 "http://www.wonder-geek.com/amazon-zippo-lighter-p-49096.html" "Mozilla/5.0 (Macintosh; Intel Mac OS X 10_15_6) AppleWebKit/605.1.15 (KHTML, like Gecko) Version/14.0.1 Safari/605.1.15"
73.226.142.144 - - [16/Jul/2021:14:16:51 +0200] "GET /templates/Pixame_v1/images/header-object.png HTTP/1.0" 200 278 "http://www.wonder-geek.com/amazon-zippo-lighter-p-49096.html" "Mozilla/5.0 (Macintosh; Intel Mac OS X 10_15_6) AppleWebKit/605.1.15 (KHTML, like Gecko) Version/14.0.1 Safari/605.1.15"
73.226.142.144 - - [16/Jul/2021:14:16:51 +0200] "GET /design/productsenstock.png HTTP/1.0" 200 260 "http://www.wonder-geek.com/amazon-zippo-lighter-p-49096.html" "Mozilla/5.0 (Macintosh; Intel Mac OS X 10_15_6) AppleWebKit/605.1.15 (KHTML, like Gecko) Version/14.0.1 Safari/605.1.15"
73.226.142.144 - - [16/Jul/2021:14:16:51 +0200] "GET /templates/Pixame_v1/images/infobox/infobox_footer_middle.gif HTTP/1.0" 200 357 "http://www.wonder-geek.com/amazon-zippo-lighter-p-49096.html" "Mozilla/5.0 (Macintosh; Intel Mac OS X 10_15_6) AppleWebKit/605.1.15 (KHTML, like Gecko) Version/14.0.1 Safari/605.1.15"
73.226.142.144 - - [16/Jul/2021:14:16:51 +0200] "GET /highslide/graphics/zoomin.cur HTTP/1.0" 200 614 "http://www.wonder-geek.com/amazon-zippo-lighter-p-49096.html" "Mozilla/5.0 (Macintosh; Intel Mac OS X 10_15_6) AppleWebKit/605.1.15 (KHTML, like Gecko) Version/14.0.1 Safari/605.1.15"
73.226.142.144 - - [16/Jul/2021:14:16:51 +0200] "GET /highslide/graphics/zoomout.cur HTTP/1.0" 200 614 "http://www.wonder-geek.com/amazon-zippo-lighter-p-49096.html" "Mozilla/5.0 (Macintosh; Intel Mac OS X 10_15_6) AppleWebKit/605.1.15 (KHTML, like Gecko) Version/14.0.1 Safari/605.1.15"
73.226.142.144 - - [16/Jul/2021:14:16:51 +0200] "GET /highslide/graphics/outlines/drop-shadow.png HTTP/1.0" 200 277 "http://www.wonder-geek.com/amazon-zippo-lighter-p-49096.html" "Mozilla/5.0 (Macintosh; Intel Mac OS X 10_15_6) AppleWebKit/605.1.15 (KHTML, like Gecko) Version/14.0.1 Safari/605.1.15"
73.226.142.144 - - [16/Jul/2021:14:16:51 +0200] "GET /favicon.ico HTTP/1.0" 200 260 "http://www.wonder-geek.com/amazon-zippo-lighter-p-49096.html" "Mozilla/5.0 (Macintosh; Intel Mac OS X 10_15_6) AppleWebKit/605.1.15 (KHTML, like Gecko) Version/14.0.1 Safari/605.1.15"
54.36.148.242 - - [16/Jul/2021:14:17:07 +0200] "GET /gray-gold-decorative-statue-p-55287.html HTTP/1.0" 200 73747 "-" "Mozilla/5.0 (compatible; AhrefsBot/7.0; +http://ahrefs.com/robot/)"
207.46.13.51 - - [16/Jul/2021:14:17:09 +0200] "GET /-p-32133.html HTTP/1.0" 200 70197 "-" "Mozilla/5.0 (compatible; bingbot/2.0; +http://www.bing.com/bingbot.htm)"
207.46.13.65 - - [16/Jul/2021:14:18:12 +0200] "GET /blue-vespa-shoulder-bag-p-23064.html HTTP/1.0" 301 70381 "-" "Mozilla/5.0 (compatible; bingbot/2.0; +http://www.bing.com/bingbot.htm)"
185.191.171.40 - - [16/Jul/2021:14:18:30 +0200] "GET /lady-lourdes-prayer-candle-novena-p-44452.html?action=add_product HTTP/1.0" 302 476 "-" "Mozilla/5.0 (compatible; SemrushBot/7~bl; +http://www.semrush.com/bot.html)"
40.77.167.36 - - [16/Jul/2021:14:18:40 +0200] "GET /embroidered-rectangular-tablecloth-kolam-140-140-cm-p-44469.html HTTP/1.0" 301 73811 "-" "Mozilla/5.0 (compatible; bingbot/2.0; +http://www.bing.com/bingbot.htm)"
54.36.148.242 - - [16/Jul/2021:14:18:45 +0200] "GET /vase-soliflore-c-13_232.html HTTP/1.0" 200 89912 "-" "Mozilla/5.0 (compatible; AhrefsBot/7.0; +http://ahrefs.com/robot/)"
207.46.13.65 - - [16/Jul/2021:14:18:52 +0200] "GET /-p-26749.html HTTP/1.0" 200 70197 "-" "Mozilla/5.0 (compatible; bingbot/2.0; +http://www.bing.com/bingbot.htm)"
207.46.13.65 - - [16/Jul/2021:14:18:53 +0200] "GET /-p-9104.html HTTP/1.0" 200 70195 "-" "Mozilla/5.0 (compatible; bingbot/2.0; +http://www.bing.com/bingbot.htm)"
157.55.39.78 - - [16/Jul/2021:14:19:07 +0200] "GET /-p-17808.html HTTP/1.0" 200 70197 "-" "Mozilla/5.0 (compatible; bingbot/2.0; +http://www.bing.com/bingbot.htm)"
207.46.13.125 - - [16/Jul/2021:14:19:16 +0200] "GET /js/jquery.js HTTP/1.0" 200 252 "-" "Mozilla/5.0 (compatible; bingbot/2.0; +http://www.bing.com/bingbot.htm)"
207.46.13.125 - - [16/Jul/2021:14:19:16 +0200] "GET /js/jquery.js HTTP/1.0" 200 252 "-" "Mozilla/5.0 (compatible; bingbot/2.0; +http://www.bing.com/bingbot.htm)"
207.46.13.125 - - [16/Jul/2021:14:19:25 +0200] "GET /js/jquery.js HTTP/1.0" 200 252 "-" "Mozilla/5.0 (compatible; bingbot/2.0; +http://www.bing.com/bingbot.htm)"
185.191.171.5 - - [16/Jul/2021:14:19:40 +0200] "GET /stationery-cardmaking-c-129.html?page=6 HTTP/1.0" 200 94063 "-" "Mozilla/5.0 (compatible; SemrushBot/7~bl; +http://www.semrush.com/bot.html)"
207.46.13.142 - - [16/Jul/2021:14:19:42 +0200] "GET /-p-29955.html HTTP/1.0" 200 70197 "-" "Mozilla/5.0 (compatible; bingbot/2.0; +http://www.bing.com/bingbot.htm)"
54.36.148.242 - - [16/Jul/2021:14:20:08 +0200] "GET /white-earth-table-lamp-p-55272.html HTTP/1.0" 200 73359 "-" "Mozilla/5.0 (compatible; AhrefsBot/7.0; +http://ahrefs.com/robot/)"
185.191.171.18 - - [16/Jul/2021:14:20:09 +0200] "GET /french-riviera-white-pink-bowling-p-38648.html HTTP/1.0" 200 70335 "-" "Mozilla/5.0 (compatible; SemrushBot/7~bl; +http://www.semrush.com/bot.html)"
40.77.167.36 - - [16/Jul/2021:14:20:11 +0200] "GET /hamster-sticker-notes-p-17392.html HTTP/1.0" 301 70264 "-" "Mozilla/5.0 (compatible; bingbot/2.0; +http://www.bing.com/bingbot.htm)"
157.55.39.78 - - [16/Jul/2021:14:20:17 +0200] "GET /colourful-count-mickey-mouse-figurine-p-45970.html HTTP/1.0" 200 74644 "-" "Mozilla/5.0 (compatible; bingbot/2.0; +http://www.bing.com/bingbot.htm)"
66.249.82.112 - - [16/Jul/2021:14:21:15 +0200] "GET /images/big_prod/9316188068246.jpg HTTP/1.0" 200 268 "-" "Mozilla/5.0 (Windows NT 5.1; rv:11.0) Gecko Firefox/11.0 (via ggpht.com GoogleImageProxy)"
157.55.39.78 - - [16/Jul/2021:14:21:17 +0200] "GET /-p-20828.html HTTP/1.0" 200 70197 "-" "Mozilla/5.0 (compatible; bingbot/2.0; +http://www.bing.com/bingbot.htm)"
185.191.171.26 - - [16/Jul/2021:14:21:23 +0200] "GET /plush-keeleco-friendly-rabbit-p-55371.html HTTP/1.0" 200 73747 "-" "Mozilla/5.0 (compatible; SemrushBot/7~bl; +http://www.semrush.com/bot.html)"
54.36.148.242 - - [16/Jul/2021:14:21:37 +0200] "GET / HTTP/1.0" 200 95498 "-" "Mozilla/5.0 (compatible; AhrefsBot/7.0; +http://ahrefs.com/robot/)"
36.94.15.157 - - [16/Jul/2021:14:21:46 +0200] "GET /contact_us.php HTTP/1.0" 200 26238 "http://www.wonder-geek.com/contact_us.php" "Mozilla/5.0 (Windows NT 10.0; Win64; x64) AppleWebKit/537.36 (KHTML, like Gecko) Chrome/83.0.4103.61 Safari/537.36/iYA9HebN-7"
36.94.15.157 - - [16/Jul/2021:14:21:48 +0200] "POST /contact_us.php?action=send HTTP/1.0" 200 26491 "http://www.wonder-geek.com/contact_us.php" "Mozilla/5.0 (Windows NT 10.0; Win64; x64) AppleWebKit/537.36 (KHTML, like Gecko) Chrome/83.0.4103.61 Safari/537.36/iYA9HebN-7"
157.55.39.145 - - [16/Jul/2021:14:21:50 +0200] "GET /atlantic-surf-spot-wooden-wall-decoration-to-hang-p-39693.html HTTP/1.0" 301 70490 "-" "Mozilla/5.0 (compatible; bingbot/2.0; +http://www.bing.com/bingbot.htm)"
40.77.167.36 - - [16/Jul/2021:14:22:01 +0200] "GET /images/big_prod/1384010202760.jpg HTTP/1.0" 200 268 "-" "Mozilla/5.0 (compatible; bingbot/2.0; +http://www.bing.com/bingbot.htm)"
207.46.13.65 - - [16/Jul/2021:14:22:05 +0200] "GET /phone-cover-for-iphone-3g-3gs-p-20609.html HTTP/1.0" 301 73715 "-" "Mozilla/5.0 (compatible; bingbot/2.0; +http://www.bing.com/bingbot.htm)"
207.46.13.65 - - [16/Jul/2021:14:22:06 +0200] "GET /princess-sofia-musical-jewelry-box-p-26782.html HTTP/1.0" 301 70264 "-" "Mozilla/5.0 (compatible; bingbot/2.0; +http://www.bing.com/bingbot.htm)"
66.249.72.166 - - [16/Jul/2021:14:22:06 +0200] "GET /little-prince-money-p-45848.html HTTP/1.0" 200 72904 "-" "Mozilla/5.0 (Linux; Android 6.0.1; Nexus 5X Build/MMB29P) AppleWebKit/537.36 (KHTML, like Gecko) Chrome/91.0.4472.90 Mobile Safari/537.36 (compatible; Googlebot/2.1; +http://www.google.com/bot.html)"
157.55.39.78 - - [16/Jul/2021:14:22:09 +0200] "GET /salt-and-pepper-pot-potager-collection-p-52669.html HTTP/1.0" 301 73037 "-" "Mozilla/5.0 (compatible; bingbot/2.0; +http://www.bing.com/bingbot.htm)"
66.249.72.166 - - [16/Jul/2021:14:22:37 +0200] "GET /images/big_prod/8712159160284.jpg HTTP/1.0" 200 268 "-" "Googlebot-Image/1.0"
185.191.171.25 - - [16/Jul/2021:14:22:44 +0200] "GET /gray-gold-decorative-statuette-p-55288.html HTTP/1.0" 200 73693 "-" "Mozilla/5.0 (compatible; SemrushBot/7~bl; +http://www.semrush.com/bot.html)"
207.46.13.65 - - [16/Jul/2021:14:23:01 +0200] "GET /images/big_prod/4029811363988.jpg HTTP/1.0" 200 268 "-" "Mozilla/5.0 (compatible; bingbot/2.0; +http://www.bing.com/bingbot.htm)"
66.249.82.112 - - [16/Jul/2021:14:23:10 +0200] "GET /images/big_prod/9316188071055.jpg HTTP/1.0" 200 268 "-" "Mozilla/5.0 (Windows NT 5.1; rv:11.0) Gecko Firefox/11.0 (via ggpht.com GoogleImageProxy)"
54.36.148.242 - - [16/Jul/2021:14:23:15 +0200] "GET /star-wars-resistance-trooper-figure-p-34604.html HTTP/1.0" 200 73125 "-" "Mozilla/5.0 (compatible; AhrefsBot/7.0; +http://ahrefs.com/robot/)"
66.249.72.170 - - [16/Jul/2021:14:23:32 +0200] "GET /images/big_prod/1399980107977.jpg HTTP/1.0" 200 268 "-" "Googlebot-Image/1.0"
185.191.171.1 - - [16/Jul/2021:14:23:54 +0200] "GET /large-jar-candle-white-tea-and-eucalyptus-p-46865.html HTTP/1.0" 301 70471 "-" "Mozilla/5.0 (compatible; SemrushBot/7~bl; +http://www.semrush.com/bot.html)"
185.191.171.33 - - [16/Jul/2021:14:23:57 +0200] "GET /large-candle-white-eucalyptus-p-46865.html HTTP/1.0" 200 70375 "-" "Mozilla/5.0 (compatible; SemrushBot/7~bl; +http://www.semrush.com/bot.html)"
66.249.72.166 - - [16/Jul/2021:14:23:59 +0200] "GET /images/big_prod/3700572738154.jpg HTTP/1.0" 200 268 "-" "Googlebot-Image/1.0"
54.36.148.242 - - [16/Jul/2021:14:25:03 +0200] "GET /shoulder-blue-with-chakra-symbols-p-45360.html HTTP/1.0" 200 73287 "-" "Mozilla/5.0 (compatible; AhrefsBot/7.0; +http://ahrefs.com/robot/)"
66.249.72.170 - - [16/Jul/2021:14:25:30 +0200] "GET /images/mini_prod/8433933237816.jpg HTTP/1.0" 200 269 "-" "Googlebot-Image/1.0"
207.46.13.65 - - [16/Jul/2021:14:25:43 +0200] "GET /hello-kitty-backpack-p-16383.html HTTP/1.0" 200 70267 "-" "Mozilla/5.0 (compatible; bingbot/2.0; +http://www.bing.com/bingbot.htm)"
147.92.153.16 - - [16/Jul/2021:14:25:50 +0200] "GET /decorative-wall-mounted-bottle-opener-copains-abord-p-55732.html HTTP/1.0" 200 74101 "-" "Mozilla/5.0 (compatible; Linespider/1.1; +https://lin.ee/4dwXkTH)"
207.46.13.65 - - [16/Jul/2021:14:26:00 +0200] "GET /swfobject.js HTTP/1.0" 404 1308 "-" "Mozilla/5.0 (compatible; bingbot/2.0; +http://www.bing.com/bingbot.htm)"
40.77.167.36 - - [16/Jul/2021:14:26:11 +0200] "GET /hourglass-decoration-glass-sand-glitter-p-51969.html HTTP/1.0" 200 72999 "-" "Mozilla/5.0 (compatible; bingbot/2.0; +http://www.bing.com/bingbot.htm)"
185.191.171.36 - - [16/Jul/2021:14:26:24 +0200] "GET /pendulum-shaped-old-alarm-clock-p-36669.html HTTP/1.0" 301 70264 "-" "Mozilla/5.0 (compatible; SemrushBot/7~bl; +http://www.semrush.com/bot.html)"
185.191.171.39 - - [16/Jul/2021:14:26:26 +0200] "GET /-p-36669.html HTTP/1.0" 200 70197 "-" "Mozilla/5.0 (compatible; SemrushBot/7~bl; +http://www.semrush.com/bot.html)"
54.36.148.242 - - [16/Jul/2021:14:26:42 +0200] "GET /luggages-schoolbags-leather-shop-c-31.html?page=13 HTTP/1.0" 200 93458 "-" "Mozilla/5.0 (compatible; AhrefsBot/7.0; +http://ahrefs.com/robot/)"
106.38.241.175 - - [16/Jul/2021:14:27:02 +0200] "GET / HTTP/1.0" 200 95518 "-" "Sogou web spider/4.0(+http://www.sogou.com/docs/help/webmasters.htm#07)"
207.46.13.125 - - [16/Jul/2021:14:27:49 +0200] "GET /buddha-wall-stickers-p-51128.html HTTP/1.0" 200 73108 "-" "Mozilla/5.0 (compatible; bingbot/2.0; +http://www.bing.com/bingbot.htm)"
40.77.167.36 - - [16/Jul/2021:14:28:01 +0200] "GET /protects-plastic-mattress-160-200-cm-p-47773.html HTTP/1.0" 301 73109 "-" "Mozilla/5.0 (compatible; bingbot/2.0; +http://www.bing.com/bingbot.htm)"
157.55.39.127 - - [16/Jul/2021:14:28:05 +0200] "GET /melt-winter-wonderland-p-51054.html HTTP/1.0" 200 73607 "-" "Mozilla/5.0 (compatible; bingbot/2.0; +http://www.bing.com/bingbot.htm)"
54.36.148.242 - - [16/Jul/2021:14:28:31 +0200] "GET /cars-ball-filled-p-11526.html HTTP/1.0" 200 73223 "-" "Mozilla/5.0 (compatible; AhrefsBot/7.0; +http://ahrefs.com/robot/)"
103.200.112.158 - - [16/Jul/2021:14:28:32 +0200] "GET /contact_us.php HTTP/1.0" 200 26238 "http://www.wonder-geek.com/contact_us.php" "Mozilla/5.0 (Windows NT 10.0; Win64; x64) AppleWebKit/537.36 (KHTML, like Gecko) Chrome/83.0.4103.44 Safari/537.36 OPR/69.0.3686.7 (Edition beta)"
103.200.112.158 - - [16/Jul/2021:14:28:34 +0200] "POST /contact_us.php?action=send HTTP/1.0" 200 26459 "http://www.wonder-geek.com/contact_us.php" "Mozilla/5.0 (Windows NT 10.0; Win64; x64) AppleWebKit/537.36 (KHTML, like Gecko) Chrome/83.0.4103.44 Safari/537.36 OPR/69.0.3686.7 (Edition beta)"
157.55.39.121 - - [16/Jul/2021:14:28:41 +0200] "GET /elvis-lighter-p-29770.html HTTP/1.0" 301 70264 "-" "Mozilla/5.0 (compatible; bingbot/2.0; +http://www.bing.com/bingbot.htm)"
157.55.39.121 - - [16/Jul/2021:14:28:44 +0200] "GET /llama-love-glasses-case-p-47581.html HTTP/1.0" 200 73499 "-" "Mozilla/5.0 (compatible; bingbot/2.0; +http://www.bing.com/bingbot.htm)"
157.55.39.127 - - [16/Jul/2021:14:28:46 +0200] "GET /russian-dolls-rectangulary-cushion-by-cbkreation-p-18690.html HTTP/1.0" 301 70520 "-" "Mozilla/5.0 (compatible; bingbot/2.0; +http://www.bing.com/bingbot.htm)"
157.55.39.127 - - [16/Jul/2021:14:28:47 +0200] "GET /jacquard-anti-stain-tablecloth-charcoal-grey-p-34054.html HTTP/1.0" 200 73111 "-" "Mozilla/5.0 (compatible; bingbot/2.0; +http://www.bing.com/bingbot.htm)"
185.191.171.9 - - [16/Jul/2021:14:28:49 +0200] "GET /buddha-kitchen-towel-p-38810.html HTTP/1.0" 200 72803 "-" "Mozilla/5.0 (compatible; SemrushBot/7~bl; +http://www.semrush.com/bot.html)"
207.46.13.142 - - [16/Jul/2021:14:28:54 +0200] "GET /-p-14380.html HTTP/1.0" 200 70197 "-" "Mozilla/5.0 (compatible; bingbot/2.0; +http://www.bing.com/bingbot.htm)"
216.244.66.242 - - [16/Jul/2021:14:28:55 +0200] "GET /robots.txt HTTP/1.0" 200 245 "-" "Mozilla/5.0 (compatible; DotBot/1.2; +https://opensiteexplorer.org/dotbot; help@moz.com)"
207.46.13.65 - - [16/Jul/2021:14:29:11 +0200] "GET /swfobject.js HTTP/1.0" 404 1308 "-" "Mozilla/5.0 (compatible; bingbot/2.0; +http://www.bing.com/bingbot.htm)"
157.55.39.127 - - [16/Jul/2021:14:29:15 +0200] "GET /-p-17616.html HTTP/1.0" 200 70197 "-" "Mozilla/5.0 (compatible; bingbot/2.0; +http://www.bing.com/bingbot.htm)"
66.249.72.170 - - [16/Jul/2021:14:29:46 +0200] "GET /images/big_prod_1/8420327448224B.jpg HTTP/1.0" 200 271 "-" "Googlebot-Image/1.0"
185.191.171.45 - - [16/Jul/2021:14:29:50 +0200] "GET /egyptian-isis-statue-in-resin-27-cm-p-46664.html HTTP/1.0" 301 73076 "-" "Mozilla/5.0 (compatible; SemrushBot/7~bl; +http://www.semrush.com/bot.html)"
185.191.171.42 - - [16/Jul/2021:14:29:52 +0200] "GET /egyptian-isis-statue-resin-p-46664.html HTTP/1.0" 200 72983 "-" "Mozilla/5.0 (compatible; SemrushBot/7~bl; +http://www.semrush.com/bot.html)"
207.46.13.125 - - [16/Jul/2021:14:29:59 +0200] "GET /uk-tablet-cover-p-25016.html HTTP/1.0" 301 73036 "-" "Mozilla/5.0 (compatible; bingbot/2.0; +http://www.bing.com/bingbot.htm)"
40.77.167.36 - - [16/Jul/2021:14:30:12 +0200] "GET /rolling-stones-zippo-lighter-p-29788.html HTTP/1.0" 301 70264 "-" "Mozilla/5.0 (compatible; bingbot/2.0; +http://www.bing.com/bingbot.htm)"
207.46.13.65 - - [16/Jul/2021:14:30:16 +0200] "GET /tour-de-france-adult-apron-p-51197.html HTTP/1.0" 301 72902 "-" "Mozilla/5.0 (compatible; bingbot/2.0; +http://www.bing.com/bingbot.htm)"
54.36.148.242 - - [16/Jul/2021:14:30:18 +0200] "GET /lighting-c-13_86.html?page=18 HTTP/1.0" 200 93847 "-" "Mozilla/5.0 (compatible; AhrefsBot/7.0; +http://ahrefs.com/robot/)"
207.46.13.142 - - [16/Jul/2021:14:30:24 +0200] "GET /tinted-candle-in-the-mass-pink-color-p-48928.html HTTP/1.0" 301 73011 "-" "Mozilla/5.0 (compatible; bingbot/2.0; +http://www.bing.com/bingbot.htm)"
207.46.13.125 - - [16/Jul/2021:14:30:28 +0200] "GET /wind-chime-angel-purple-p-40218.html HTTP/1.0" 200 73769 "-" "Mozilla/5.0 (compatible; bingbot/2.0; +http://www.bing.com/bingbot.htm)"
185.191.171.21 - - [16/Jul/2021:14:31:00 +0200] "GET /chair-cushion-yellow-curry-p-45920.html HTTP/1.0" 200 72964 "-" "Mozilla/5.0 (compatible; SemrushBot/7~bl; +http://www.semrush.com/bot.html)"
185.191.171.7 - - [16/Jul/2021:14:31:17 +0200] "GET /keel-toys-plush-pipp-panda-p-51009.html?action=add_product HTTP/1.0" 302 476 "-" "Mozilla/5.0 (compatible; SemrushBot/7~bl; +http://www.semrush.com/bot.html)"
185.191.171.45 - - [16/Jul/2021:14:31:19 +0200] "GET /terracotta-piggy-bank-with-small-hammer-p-37733.html HTTP/1.0" 200 70351 "-" "Mozilla/5.0 (compatible; SemrushBot/7~bl; +http://www.semrush.com/bot.html)"
51.68.224.127 - - [16/Jul/2021:14:31:34 +0200] "GET /adminweb/export_orders_xml.php?token=256de2z6edz6ed2z6DFSFsed2zed6zeDSFDSGdzedezfzf&maxorders=10&orderstart=1&status=14&start_date=2018-10-01 HTTP/1.0" 200 285 "-" "GesCom CharlotteBoutik Serveur"
51.68.224.127 - - [16/Jul/2021:14:31:34 +0200] "GET /adminweb/export_orders_xml.php?token=256de2z6edz6ed2z6DFSFsed2zed6zeDSFDSGdzedezfzf&maxorders=10&orderstart=1&status=6&start_date=2018-10-01 HTTP/1.0" 200 29786 "-" "GesCom CharlotteBoutik Serveur"
207.46.13.127 - - [16/Jul/2021:14:31:44 +0200] "GET /-p-10015.html HTTP/1.0" 200 70197 "-" "Mozilla/5.0 (compatible; bingbot/2.0; +http://www.bing.com/bingbot.htm)"
157.55.39.78 - - [16/Jul/2021:14:31:48 +0200] "GET /-p-33664.html HTTP/1.0" 200 70197 "-" "Mozilla/5.0 (compatible; bingbot/2.0; +http://www.bing.com/bingbot.htm)"
207.46.13.125 - - [16/Jul/2021:14:31:48 +0200] "GET /tea-pot-c-12_175.html?page=3 HTTP/1.0" 200 92709 "-" "Mozilla/5.0 (compatible; bingbot/2.0; +http://www.bing.com/bingbot.htm)"
54.36.148.242 - - [16/Jul/2021:14:31:59 +0200] "GET /godfather-pencil-p-7162.html HTTP/1.0" 200 72829 "-" "Mozilla/5.0 (compatible; AhrefsBot/7.0; +http://ahrefs.com/robot/)"
157.55.39.145 - - [16/Jul/2021:14:32:00 +0200] "GET /images/big_prod_1/8424346034932N.jpg HTTP/1.0" 200 271 "-" "Mozilla/5.0 (compatible; bingbot/2.0; +http://www.bing.com/bingbot.htm)"
157.55.39.145 - - [16/Jul/2021:14:32:01 +0200] "GET /js/jquery.min.js HTTP/1.0" 404 1308 "-" "Mozilla/5.0 (compatible; bingbot/2.0; +http://www.bing.com/bingbot.htm)"
207.46.13.65 - - [16/Jul/2021:14:32:04 +0200] "GET /swfobject.js HTTP/1.0" 404 1308 "-" "Mozilla/5.0 (compatible; bingbot/2.0; +http://www.bing.com/bingbot.htm)"
207.46.13.65 - - [16/Jul/2021:14:32:05 +0200] "GET /-p-18893.html HTTP/1.0" 200 70197 "-" "Mozilla/5.0 (compatible; bingbot/2.0; +http://www.bing.com/bingbot.htm)"
185.191.171.43 - - [16/Jul/2021:14:32:06 +0200] "GET /despicable-stationery-p-33479.html HTTP/1.0" 200 72977 "-" "Mozilla/5.0 (compatible; SemrushBot/7~bl; +http://www.semrush.com/bot.html)"
157.55.39.127 - - [16/Jul/2021:14:32:12 +0200] "GET /harley-davidson-zippo-lighter-p-43715.html HTTP/1.0" 200 73351 "-" "Mozilla/5.0 (compatible; bingbot/2.0; +http://www.bing.com/bingbot.htm)"
207.46.13.142 - - [16/Jul/2021:14:32:14 +0200] "GET /nici-jolly-sheep-pencils-gray-p-20584.html HTTP/1.0" 200 72918 "-" "Mozilla/5.0 (compatible; bingbot/2.0; +http://www.bing.com/bingbot.htm)"
207.46.13.51 - - [16/Jul/2021:14:32:16 +0200] "GET /rolling-stones-love-rock-roll-zippo-lighter-p-32570.html HTTP/1.0" 200 75518 "-" "Mozilla/5.0 (compatible; bingbot/2.0; +http://www.bing.com/bingbot.htm)"
185.191.171.5 - - [16/Jul/2021:14:32:29 +0200] "GET /home-decoration-c-13.html?page=54 HTTP/1.0" 200 92466 "-" "Mozilla/5.0 (compatible; SemrushBot/7~bl; +http://www.semrush.com/bot.html)"
207.46.13.65 - - [16/Jul/2021:14:33:13 +0200] "GET /love-pucca-mouse-pad-p-2419.html HTTP/1.0" 301 73052 "-" "Mozilla/5.0 (compatible; bingbot/2.0; +http://www.bing.com/bingbot.htm)"
54.36.148.242 - - [16/Jul/2021:14:33:45 +0200] "GET /lighting-c-13_86.html?page=15 HTTP/1.0" 200 93943 "-" "Mozilla/5.0 (compatible; AhrefsBot/7.0; +http://ahrefs.com/robot/)"
207.46.13.65 - - [16/Jul/2021:14:34:04 +0200] "GET /cat-kitchen-towel-p-38815.html HTTP/1.0" 301 72853 "-" "Mozilla/5.0 (compatible; bingbot/2.0; +http://www.bing.com/bingbot.htm)"
157.55.39.78 - - [16/Jul/2021:14:34:08 +0200] "GET /glitter-adhesive-roll-turquoise-p-52179.html HTTP/1.0" 200 73189 "-" "Mozilla/5.0 (compatible; bingbot/2.0; +http://www.bing.com/bingbot.htm)"
185.191.171.5 - - [16/Jul/2021:14:34:44 +0200] "GET /cuba-cbkreation-p-28589.html?action=add_product HTTP/1.0" 302 476 "-" "Mozilla/5.0 (compatible; SemrushBot/7~bl; +http://www.semrush.com/bot.html)"
207.46.13.51 - - [16/Jul/2021:14:34:53 +0200] "GET /-p-14351.html HTTP/1.0" 200 70197 "-" "Mozilla/5.0 (compatible; bingbot/2.0; +http://www.bing.com/bingbot.htm)"
207.46.13.65 - - [16/Jul/2021:14:35:04 +0200] "GET /-p-30596.html HTTP/1.0" 200 70197 "-" "Mozilla/5.0 (compatible; bingbot/2.0; +http://www.bing.com/bingbot.htm)"
207.46.13.65 - - [16/Jul/2021:14:35:05 +0200] "GET /glass-cutting-board-by-cbkreation-p-51287.html HTTP/1.0" 301 73000 "-" "Mozilla/5.0 (compatible; bingbot/2.0; +http://www.bing.com/bingbot.htm)"
185.191.171.21 - - [16/Jul/2021:14:35:21 +0200] "GET /spain-sevillanas-white-women-shirt-p-30951.html HTTP/1.0" 200 75172 "-" "Mozilla/5.0 (compatible; SemrushBot/7~bl; +http://www.semrush.com/bot.html)"
66.249.72.166 - - [16/Jul/2021:14:35:27 +0200] "GET /feathers-theme-indian-espresso-p-39626.html HTTP/1.0" 200 72950 "-" "Mozilla/5.0 (compatible; Googlebot/2.1; +http://www.google.com/bot.html)"
40.77.167.36 - - [16/Jul/2021:14:35:32 +0200] "GET /images/mini_prod/8427148033608.jpg HTTP/1.0" 200 269 "-" "Mozilla/5.0 (compatible; bingbot/2.0; +http://www.bing.com/bingbot.htm)"
54.36.148.242 - - [16/Jul/2021:14:35:34 +0200] "GET /lighting-c-13_86.html HTTP/1.0" 200 92639 "-" "Mozilla/5.0 (compatible; AhrefsBot/7.0; +http://ahrefs.com/robot/)"
54.38.153.149 - - [16/Jul/2021:14:35:36 +0200] "GET / HTTP/1.0" 200 95225 "-" "Mozilla/5.0 (X11; Linux x86_64; rv:68.0) Gecko/20100101 Firefox/68.0"
207.46.13.51 - - [16/Jul/2021:14:35:49 +0200] "GET /harley-davidson-the-first-zippo-lighter-p-29785.html HTTP/1.0" 301 73548 "-" "Mozilla/5.0 (compatible; bingbot/2.0; +http://www.bing.com/bingbot.htm)"
66.249.72.170 - - [16/Jul/2021:14:36:06 +0200] "GET /japanese-white-gold-cast-iron-liter-teapot-p-54889.html HTTP/1.0" 200 73928 "-" "Mozilla/5.0 (Linux; Android 6.0.1; Nexus 5X Build/MMB29P) AppleWebKit/537.36 (KHTML, like Gecko) Chrome/91.0.4472.90 Mobile Safari/537.36 (compatible; Googlebot/2.1; +http://www.google.com/bot.html)"
157.55.39.121 - - [16/Jul/2021:14:36:13 +0200] "GET /spiderman-pairs-of-socks-size-31-35-p-46846.html HTTP/1.0" 301 72680 "-" "Mozilla/5.0 (compatible; bingbot/2.0; +http://www.bing.com/bingbot.htm)"
207.46.13.65 - - [16/Jul/2021:14:36:17 +0200] "GET /bob-marley-pencil-pot-p-5063.html HTTP/1.0" 301 72851 "-" "Mozilla/5.0 (compatible; bingbot/2.0; +http://www.bing.com/bingbot.htm)"
207.46.13.142 - - [16/Jul/2021:14:36:25 +0200] "GET /products_new.php HTTP/1.0" 200 95410 "-" "Mozilla/5.0 (compatible; bingbot/2.0; +http://www.bing.com/bingbot.htm)"
40.77.167.36 - - [16/Jul/2021:14:36:52 +0200] "GET /medusa-glass-paperweight-p-47404.html HTTP/1.0" 200 70283 "-" "Mozilla/5.0 (compatible; bingbot/2.0; +http://www.bing.com/bingbot.htm)"
207.46.13.125 - - [16/Jul/2021:14:37:09 +0200] "GET /-p-34581.html HTTP/1.0" 200 70197 "-" "Mozilla/5.0 (compatible; bingbot/2.0; +http://www.bing.com/bingbot.htm)"
54.36.148.242 - - [16/Jul/2021:14:37:18 +0200] "GET /wood-black-table-lamp-p-54040.html HTTP/1.0" 200 73641 "-" "Mozilla/5.0 (compatible; AhrefsBot/7.0; +http://ahrefs.com/robot/)"
207.46.13.65 - - [16/Jul/2021:14:37:22 +0200] "GET /images/big_prod/3503420107481.jpg HTTP/1.0" 200 268 "-" "Mozilla/5.0 (compatible; bingbot/2.0; +http://www.bing.com/bingbot.htm)"
207.46.13.142 - - [16/Jul/2021:14:37:34 +0200] "GET /gorjuss-trinket-beeloved-just-beecause-p-46931.html HTTP/1.0" 200 74287 "-" "Mozilla/5.0 (compatible; bingbot/2.0; +http://www.bing.com/bingbot.htm)"
207.46.13.142 - - [16/Jul/2021:14:37:36 +0200] "GET /zippo-lighter-belt-case-p-13409.html HTTP/1.0" 200 70303 "-" "Mozilla/5.0 (compatible; bingbot/2.0; +http://www.bing.com/bingbot.htm)"
207.46.13.65 - - [16/Jul/2021:14:37:44 +0200] "GET /-p-17875.html HTTP/1.0" 200 70197 "-" "Mozilla/5.0 (compatible; bingbot/2.0; +http://www.bing.com/bingbot.htm)"
185.191.171.17 - - [16/Jul/2021:14:38:17 +0200] "GET /thread-count-cotton-percale-fitted-sheet-p-54448.html?action=add_product HTTP/1.0" 302 476 "-" "Mozilla/5.0 (compatible; SemrushBot/7~bl; +http://www.semrush.com/bot.html)"
207.46.13.65 - - [16/Jul/2021:14:38:24 +0200] "GET /suchard-deco-thermometer-p-17014.html HTTP/1.0" 200 74587 "-" "Mozilla/5.0 (compatible; bingbot/2.0; +http://www.bing.com/bingbot.htm)"
54.36.148.242 - - [16/Jul/2021:14:38:55 +0200] "GET /magnet-kissing-tassen-p-47560.html HTTP/1.0" 200 73777 "-" "Mozilla/5.0 (compatible; AhrefsBot/7.0; +http://ahrefs.com/robot/)"
216.244.66.242 - - [16/Jul/2021:14:39:01 +0200] "GET /coca-cola-rectangular-large-metal-plate-p-33725.html HTTP/1.0" 200 70343 "-" "Mozilla/5.0 (compatible; DotBot/1.2; +https://opensiteexplorer.org/dotbot; help@moz.com)"
207.46.13.65 - - [16/Jul/2021:14:39:04 +0200] "GET /cats-by-dubout-candle-holder-p-33749.html HTTP/1.0" 301 74014 "-" "Mozilla/5.0 (compatible; bingbot/2.0; +http://www.bing.com/bingbot.htm)"
207.46.13.65 - - [16/Jul/2021:14:39:06 +0200] "GET /bottle-opener-corsica-p-48338.html HTTP/1.0" 200 72847 "-" "Mozilla/5.0 (compatible; bingbot/2.0; +http://www.bing.com/bingbot.htm)"
216.244.66.242 - - [16/Jul/2021:14:39:07 +0200] "GET /high-school-musical-mini-coin-purse-p-6469.html HTTP/1.0" 200 70361 "-" "Mozilla/5.0 (compatible; DotBot/1.2; +https://opensiteexplorer.org/dotbot; help@moz.com)"
40.77.167.36 - - [16/Jul/2021:14:39:23 +0200] "GET /-p-24215.html HTTP/1.0" 200 70197 "-" "Mozilla/5.0 (compatible; bingbot/2.0; +http://www.bing.com/bingbot.htm)"
207.46.13.127 - - [16/Jul/2021:14:39:27 +0200] "GET /-p-25239.html HTTP/1.0" 200 70197 "-" "Mozilla/5.0 (compatible; bingbot/2.0; +http://www.bing.com/bingbot.htm)"
207.46.13.127 - - [16/Jul/2021:14:39:28 +0200] "GET /-p-37213.html HTTP/1.0" 200 70197 "-" "Mozilla/5.0 (compatible; bingbot/2.0; +http://www.bing.com/bingbot.htm)"
66.249.72.168 - - [16/Jul/2021:14:39:28 +0200] "GET /bob-razowsky-figure-p-22562.html HTTP/1.0" 301 70337 "-" "Mozilla/5.0 (compatible; Googlebot/2.1; +http://www.google.com/bot.html)"
66.249.72.170 - - [16/Jul/2021:14:39:30 +0200] "GET /razowsky-figure-p-22562.html HTTP/1.0" 200 70255 "-" "Mozilla/5.0 (compatible; Googlebot/2.1; +http://www.google.com/bot.html)"
185.191.171.9 - - [16/Jul/2021:14:39:43 +0200] "GET /coffee-shop-light-sign-p-50192.html?action=add_product HTTP/1.0" 302 476 "-" "Mozilla/5.0 (compatible; SemrushBot/7~bl; +http://www.semrush.com/bot.html)"
185.191.171.11 - - [16/Jul/2021:14:40:16 +0200] "GET /decorative-hanging-blue-outline-p-35425.html HTTP/1.0" 200 73004 "-" "Mozilla/5.0 (compatible; SemrushBot/7~bl; +http://www.semrush.com/bot.html)"
185.191.171.36 - - [16/Jul/2021:14:40:25 +0200] "GET /good-morning-ceramic-breakfast-bowl-brown-p-55022.html HTTP/1.0" 200 73510 "-" "Mozilla/5.0 (compatible; SemrushBot/7~bl; +http://www.semrush.com/bot.html)"
54.36.148.242 - - [16/Jul/2021:14:40:44 +0200] "GET /magnets-c-13_134.html?page=5 HTTP/1.0" 200 92000 "-" "Mozilla/5.0 (compatible; AhrefsBot/7.0; +http://ahrefs.com/robot/)"
185.191.171.25 - - [16/Jul/2021:14:41:18 +0200] "GET /newspaper-porcelain-bowl-p-31535.html?action=add_product HTTP/1.0" 302 476 "-" "Mozilla/5.0 (compatible; SemrushBot/7~bl; +http://www.semrush.com/bot.html)"
216.244.66.242 - - [16/Jul/2021:14:41:30 +0200] "GET /kimmidoll-keyring-p-44100.html HTTP/1.0" 200 72817 "-" "Mozilla/5.0 (compatible; DotBot/1.2; +https://opensiteexplorer.org/dotbot; help@moz.com)"
207.46.13.125 - - [16/Jul/2021:14:41:50 +0200] "GET /-p-19683.html HTTP/1.0" 200 70197 "-" "Mozilla/5.0 (compatible; bingbot/2.0; +http://www.bing.com/bingbot.htm)"
197.232.253.210 - - [16/Jul/2021:14:41:51 +0200] "GET /contact_us.php HTTP/1.0" 200 26238 "http://www.wonder-geek.com/contact_us.php" "Mozilla/5.0 (Windows NT 10.0; Win64; x64) AppleWebKit/537.36 (KHTML, like Gecko) Chrome/83.0.4089.0 Safari/537.36"
197.232.253.210 - - [16/Jul/2021:14:41:52 +0200] "POST /contact_us.php?action=send HTTP/1.0" 200 26463 "http://www.wonder-geek.com/contact_us.php" "Mozilla/5.0 (Windows NT 10.0; Win64; x64) AppleWebKit/537.36 (KHTML, like Gecko) Chrome/83.0.4089.0 Safari/537.36"
207.46.13.65 - - [16/Jul/2021:14:41:54 +0200] "GET /-p-18450.html HTTP/1.0" 200 70197 "-" "Mozilla/5.0 (compatible; bingbot/2.0; +http://www.bing.com/bingbot.htm)"
66.249.72.168 - - [16/Jul/2021:14:41:54 +0200] "GET /socks-c-2_142.html HTTP/1.0" 200 79903 "-" "Mozilla/5.0 (Linux; Android 6.0.1; Nexus 5X Build/MMB29P) AppleWebKit/537.36 (KHTML, like Gecko) Chrome/91.0.4472.90 Mobile Safari/537.36 (compatible; Googlebot/2.1; +http://www.google.com/bot.html)"
66.249.72.170 - - [16/Jul/2021:14:42:11 +0200] "GET /-p-13248.html HTTP/1.0" 200 70197 "-" "Mozilla/5.0 (Linux; Android 6.0.1; Nexus 5X Build/MMB29P) AppleWebKit/537.36 (KHTML, like Gecko) Chrome/91.0.4472.90 Mobile Safari/537.36 (compatible; Googlebot/2.1; +http://www.google.com/bot.html)"
207.46.13.142 - - [16/Jul/2021:14:42:15 +0200] "GET /talking-cookie-jar-pig-grunting-p-38835.html HTTP/1.0" 301 70264 "-" "Mozilla/5.0 (compatible; bingbot/2.0; +http://www.bing.com/bingbot.htm)"
54.36.148.242 - - [16/Jul/2021:14:42:20 +0200] "GET /cotton-napkin-sold-individually-p-52106.html HTTP/1.0" 200 73001 "-" "Mozilla/5.0 (compatible; AhrefsBot/7.0; +http://ahrefs.com/robot/)"
40.77.167.36 - - [16/Jul/2021:14:42:22 +0200] "GET /owls-cats-michelle-allen-designs-coasters-p-47690.html HTTP/1.0" 200 73085 "-" "Mozilla/5.0 (compatible; bingbot/2.0; +http://www.bing.com/bingbot.htm)"
157.55.39.78 - - [16/Jul/2021:14:43:49 +0200] "GET /-p-19368.html HTTP/1.0" 200 70197 "-" "Mozilla/5.0 (compatible; bingbot/2.0; +http://www.bing.com/bingbot.htm)"
54.36.148.242 - - [16/Jul/2021:14:43:58 +0200] "GET /himalayan-mini-mood-salt-lamp-pyramid-p-40685.html HTTP/1.0" 200 73764 "-" "Mozilla/5.0 (compatible; AhrefsBot/7.0; +http://ahrefs.com/robot/)"
185.191.171.40 - - [16/Jul/2021:14:44:00 +0200] "GET /decorative-useful-little-buddha-p-53310.html?action=add_product HTTP/1.0" 302 476 "-" "Mozilla/5.0 (compatible; SemrushBot/7~bl; +http://www.semrush.com/bot.html)"
157.55.39.78 - - [16/Jul/2021:14:44:18 +0200] "GET /box-coffee-mao-p-26172.html HTTP/1.0" 301 70300 "-" "Mozilla/5.0 (compatible; bingbot/2.0; +http://www.bing.com/bingbot.htm)"
157.55.39.78 - - [16/Jul/2021:14:44:38 +0200] "GET /light-garland-collection-canar-boy-p-39466.html HTTP/1.0" 301 73941 "-" "Mozilla/5.0 (compatible; bingbot/2.0; +http://www.bing.com/bingbot.htm)"
207.46.13.125 - - [16/Jul/2021:14:44:43 +0200] "GET /typewriter-wooden-frame-p-31875.html HTTP/1.0" 200 74537 "-" "Mozilla/5.0 (compatible; bingbot/2.0; +http://www.bing.com/bingbot.htm)"
207.46.13.125 - - [16/Jul/2021:14:44:45 +0200] "GET /expresso-cups-with-saucers-cyclades-p-51542.html HTTP/1.0" 200 70335 "-" "Mozilla/5.0 (compatible; bingbot/2.0; +http://www.bing.com/bingbot.htm)"
207.46.13.51 - - [16/Jul/2021:14:44:53 +0200] "GET /mobile-bells-metal-elephants-p-41509.html HTTP/1.0" 200 73527 "-" "Mozilla/5.0 (compatible; bingbot/2.0; +http://www.bing.com/bingbot.htm)"
207.46.13.142 - - [16/Jul/2021:14:45:28 +0200] "GET /domo-black-shirt-p-30048.html HTTP/1.0" 200 73963 "-" "Mozilla/5.0 (compatible; bingbot/2.0; +http://www.bing.com/bingbot.htm)"
185.191.171.15 - - [16/Jul/2021:14:46:13 +0200] "GET /cushion-cover-p-52128.html?action=add_product HTTP/1.0" 302 476 "-" "Mozilla/5.0 (compatible; SemrushBot/7~bl; +http://www.semrush.com/bot.html)"
207.46.13.51 - - [16/Jul/2021:14:46:13 +0200] "GET /kimmi-junior-meika-pocket-mirror-p-15846.html HTTP/1.0" 200 75918 "-" "Mozilla/5.0 (compatible; bingbot/2.0; +http://www.bing.com/bingbot.htm)"
207.46.13.51 - - [16/Jul/2021:14:46:15 +0200] "GET /coated-placemat-azulejos-p-51357.html HTTP/1.0" 200 72894 "-" "Mozilla/5.0 (compatible; bingbot/2.0; +http://www.bing.com/bingbot.htm)"
54.236.1.11 - - [16/Jul/2021:14:46:27 +0200] "GET /tweety-pink-suitcase-49-cm-p-34790.html HTTP/1.0" 301 70393 "-" "Mozilla/5.0 (compatible; Pinterestbot/1.0; +http://www.pinterest.com/bot.html)"
54.236.1.11 - - [16/Jul/2021:14:46:28 +0200] "GET /tweety-pink-suitcase-p-34790.html HTTP/1.0" 200 70306 "-" "Mozilla/5.0 (compatible; Pinterestbot/1.0; +http://www.pinterest.com/bot.html)"
157.55.39.145 - - [16/Jul/2021:14:46:41 +0200] "GET /grimoire-bag-of-magic-magic-spells-p-35439.html HTTP/1.0" 301 73366 "-" "Mozilla/5.0 (compatible; bingbot/2.0; +http://www.bing.com/bingbot.htm)"
207.46.13.65 - - [16/Jul/2021:14:46:44 +0200] "GET /giraffe-statuette-and-his-giraffe-35-cm-p-52880.html HTTP/1.0" 301 73078 "-" "Mozilla/5.0 (compatible; bingbot/2.0; +http://www.bing.com/bingbot.htm)"
185.191.171.1 - - [16/Jul/2021:14:47:06 +0200] "GET /escale-dlices-butter-dish-p-42691.html HTTP/1.0" 200 70301 "-" "Mozilla/5.0 (compatible; SemrushBot/7~bl; +http://www.semrush.com/bot.html)"
54.36.148.242 - - [16/Jul/2021:14:47:21 +0200] "GET /volkswagen-small-metal-plate-p-29715.html HTTP/1.0" 200 72906 "-" "Mozilla/5.0 (compatible; AhrefsBot/7.0; +http://ahrefs.com/robot/)"
66.249.72.170 - - [16/Jul/2021:14:47:32 +0200] "GET /feathers-theme-indian-espresso-p-39626.html HTTP/1.0" 200 72950 "-" "Mozilla/5.0 (Linux; Android 6.0.1; Nexus 5X Build/MMB29P) AppleWebKit/537.36 (KHTML, like Gecko) Chrome/91.0.4472.90 Mobile Safari/537.36 (compatible; Googlebot/2.1; +http://www.google.com/bot.html)"
185.191.171.7 - - [16/Jul/2021:14:47:51 +0200] "GET /giraffe-wall-decoration-resin-p-52575.html HTTP/1.0" 200 72950 "-" "Mozilla/5.0 (compatible; SemrushBot/7~bl; +http://www.semrush.com/bot.html)"
51.68.224.127 - - [16/Jul/2021:14:48:00 +0200] "GET /adminweb/export_orders_xml.php?token=256de2z6edz6ed2z6DFSFsed2zed6zeDSFDSGdzedezfzf&maxorders=10&orderstart=1&status=14&start_date=2018-10-01 HTTP/1.0" 200 285 "-" "GesCom CharlotteBoutik Serveur"
51.68.224.127 - - [16/Jul/2021:14:48:00 +0200] "GET /adminweb/export_orders_xml.php?token=256de2z6edz6ed2z6DFSFsed2zed6zeDSFDSGdzedezfzf&maxorders=10&orderstart=1&status=6&start_date=2018-10-01 HTTP/1.0" 200 29786 "-" "GesCom CharlotteBoutik Serveur"
185.191.171.44 - - [16/Jul/2021:14:48:28 +0200] "GET /velvet-curtain-orchid-140-260-cm-p-50737.html HTTP/1.0" 301 76009 "-" "Mozilla/5.0 (compatible; SemrushBot/7~bl; +http://www.semrush.com/bot.html)"
185.191.171.9 - - [16/Jul/2021:14:48:30 +0200] "GET /velvet-curtain-orchid-p-50737.html HTTP/1.0" 200 75921 "-" "Mozilla/5.0 (compatible; SemrushBot/7~bl; +http://www.semrush.com/bot.html)"
185.191.171.45 - - [16/Jul/2021:14:49:17 +0200] "GET /good-beer-metal-plate-deco-p-36112.html HTTP/1.0" 200 70318 "-" "Mozilla/5.0 (compatible; SemrushBot/7~bl; +http://www.semrush.com/bot.html)"
207.46.13.51 - - [16/Jul/2021:14:49:35 +0200] "GET /round-transparent-plastic-tablecloth-p-48558.html HTTP/1.0" 200 72987 "-" "Mozilla/5.0 (compatible; bingbot/2.0; +http://www.bing.com/bingbot.htm)"
54.36.148.242 - - [16/Jul/2021:14:50:44 +0200] "GET /verity-rose-sunbeam-photo-frame-p-29153.html HTTP/1.0" 200 72935 "-" "Mozilla/5.0 (compatible; AhrefsBot/7.0; +http://ahrefs.com/robot/)"
207.46.13.51 - - [16/Jul/2021:14:50:54 +0200] "GET /acdc-keyring-p-28266.html HTTP/1.0" 200 70248 "-" "Mozilla/5.0 (compatible; bingbot/2.0; +http://www.bing.com/bingbot.htm)"
40.77.167.36 - - [16/Jul/2021:14:51:44 +0200] "GET /mirror-love-kittens-p-21301.html HTTP/1.0" 200 72742 "-" "Mozilla/5.0 (compatible; bingbot/2.0; +http://www.bing.com/bingbot.htm)"
40.77.167.36 - - [16/Jul/2021:14:51:46 +0200] "GET /ceramic-salt-pot-with-spoon-dory-p-50650.html HTTP/1.0" 301 73004 "-" "Mozilla/5.0 (compatible; bingbot/2.0; +http://www.bing.com/bingbot.htm)"
207.46.13.142 - - [16/Jul/2021:14:51:56 +0200] "GET /-p-9547.html HTTP/1.0" 200 70195 "-" "Mozilla/5.0 (compatible; bingbot/2.0; +http://www.bing.com/bingbot.htm)"
157.55.39.78 - - [16/Jul/2021:14:52:30 +0200] "GET /-p-11995.html HTTP/1.0" 200 70197 "-" "Mozilla/5.0 (compatible; bingbot/2.0; +http://www.bing.com/bingbot.htm)"
207.46.13.125 - - [16/Jul/2021:14:52:51 +0200] "GET /teo-jasmin-coasters-p-34892.html HTTP/1.0" 301 72896 "-" "Mozilla/5.0 (compatible; bingbot/2.0; +http://www.bing.com/bingbot.htm)"
207.46.13.51 - - [16/Jul/2021:14:52:56 +0200] "GET /pucca-alarm-clock-p-22200.html HTTP/1.0" 200 73016 "-" "Mozilla/5.0 (compatible; bingbot/2.0; +http://www.bing.com/bingbot.htm)"
157.55.39.127 - - [16/Jul/2021:14:53:14 +0200] "GET /lagoona-blue-monster-high-mug-p-17500.html HTTP/1.0" 301 73062 "-" "Mozilla/5.0 (compatible; bingbot/2.0; +http://www.bing.com/bingbot.htm)"
157.55.39.78 - - [16/Jul/2021:14:53:30 +0200] "GET /court-sleeves-shirts-c-1_22.html HTTP/1.0" 200 69189 "-" "Mozilla/5.0 (compatible; bingbot/2.0; +http://www.bing.com/bingbot.htm)"
54.36.148.242 - - [16/Jul/2021:14:53:54 +0200] "GET /wallet-coca-cola-velvet-p-24020.html HTTP/1.0" 200 73107 "-" "Mozilla/5.0 (compatible; AhrefsBot/7.0; +http://ahrefs.com/robot/)"
157.55.39.127 - - [16/Jul/2021:14:54:35 +0200] "GET /votive-candle-15-hours-pearl-bouquet-p-34629.html HTTP/1.0" 301 74312 "-" "Mozilla/5.0 (compatible; bingbot/2.0; +http://www.bing.com/bingbot.htm)"
157.55.39.121 - - [16/Jul/2021:14:55:14 +0200] "GET /white-fitted-sheet-p-27506.html HTTP/1.0" 200 72758 "-" "Mozilla/5.0 (compatible; bingbot/2.0; +http://www.bing.com/bingbot.htm)"
207.46.13.51 - - [16/Jul/2021:14:55:18 +0200] "GET /-p-24471.html HTTP/1.0" 200 70197 "-" "Mozilla/5.0 (compatible; bingbot/2.0; +http://www.bing.com/bingbot.htm)"
185.191.171.14 - - [16/Jul/2021:14:55:44 +0200] "GET /puppy-glue-stick-p-40831.html?action=add_product HTTP/1.0" 302 476 "-" "Mozilla/5.0 (compatible; SemrushBot/7~bl; +http://www.semrush.com/bot.html)"
66.249.72.166 - - [16/Jul/2021:14:55:52 +0200] "GET /shower-curtain-p-50726.html HTTP/1.0" 200 73723 "-" "Mozilla/5.0 (Linux; Android 6.0.1; Nexus 5X Build/MMB29P) AppleWebKit/537.36 (KHTML, like Gecko) Chrome/91.0.4472.90 Mobile Safari/537.36 (compatible; Googlebot/2.1; +http://www.google.com/bot.html)"
185.191.171.8 - - [16/Jul/2021:14:56:21 +0200] "GET /saving-bank-music-little-prince-stars-blue-p-41991.html HTTP/1.0" 200 73927 "-" "Mozilla/5.0 (compatible; SemrushBot/7~bl; +http://www.semrush.com/bot.html)"
207.46.13.127 - - [16/Jul/2021:14:56:27 +0200] "GET /transformers-kids-school-bag-p-31355.html HTTP/1.0" 301 70411 "-" "Mozilla/5.0 (compatible; bingbot/2.0; +http://www.bing.com/bingbot.htm)"
185.191.171.3 - - [16/Jul/2021:14:56:50 +0200] "GET /book-lamp-real-wood-colors-size-p-52968.html HTTP/1.0" 200 74173 "-" "Mozilla/5.0 (compatible; SemrushBot/7~bl; +http://www.semrush.com/bot.html)"
17.121.113.228 - - [16/Jul/2021:14:57:04 +0200] "GET /plush-christmas-tree-decoration-p-49651.html HTTP/1.0" 200 70323 "-" "Mozilla/5.0 (Macintosh; Intel Mac OS X 10_15_5) AppleWebKit/605.1.15 (KHTML, like Gecko) Version/13.1.1 Safari/605.1.15 (Applebot/0.1; +http://www.apple.com/go/applebot)"
185.191.171.25 - - [16/Jul/2021:14:57:09 +0200] "GET /deco-thermometer-pump-p-50185.html?action=add_product HTTP/1.0" 302 476 "-" "Mozilla/5.0 (compatible; SemrushBot/7~bl; +http://www.semrush.com/bot.html)"
54.36.148.242 - - [16/Jul/2021:14:57:20 +0200] "GET /support-metal-bottle-tennisman-p-54988.html HTTP/1.0" 200 73685 "-" "Mozilla/5.0 (compatible; AhrefsBot/7.0; +http://ahrefs.com/robot/)"
207.46.13.142 - - [16/Jul/2021:14:57:37 +0200] "GET /alpine-metal-plate-p-38392.html HTTP/1.0" 200 70278 "-" "Mozilla/5.0 (compatible; bingbot/2.0; +http://www.bing.com/bingbot.htm)"
185.191.171.14 - - [16/Jul/2021:14:57:47 +0200] "GET /masha-bear-pencil-case-p-36213.html HTTP/1.0" 200 72904 "-" "Mozilla/5.0 (compatible; SemrushBot/7~bl; +http://www.semrush.com/bot.html)"
185.191.171.38 - - [16/Jul/2021:14:57:54 +0200] "GET /burlap-round-table-set-bistrot-p-51524.html HTTP/1.0" 301 73539 "-" "Mozilla/5.0 (compatible; SemrushBot/7~bl; +http://www.semrush.com/bot.html)"
185.191.171.39 - - [16/Jul/2021:14:57:56 +0200] "GET /burlap-round-table-bistrot-p-51524.html HTTP/1.0" 200 73446 "-" "Mozilla/5.0 (compatible; SemrushBot/7~bl; +http://www.semrush.com/bot.html)"
185.191.171.11 - - [16/Jul/2021:14:58:18 +0200] "GET /coca-cola-coffee-p-23346.html?action=add_product HTTP/1.0" 302 476 "-" "Mozilla/5.0 (compatible; SemrushBot/7~bl; +http://www.semrush.com/bot.html)"
207.46.13.51 - - [16/Jul/2021:14:58:35 +0200] "GET /decorative-thermometer-in-metal-30-cm-le-gendarme-p-47086.html HTTP/1.0" 301 73155 "-" "Mozilla/5.0 (compatible; bingbot/2.0; +http://www.bing.com/bingbot.htm)"
66.249.72.166 - - [16/Jul/2021:14:59:27 +0200] "GET /american-green-p-33081.html HTTP/1.0" 200 72860 "-" "Mozilla/5.0 (compatible; Googlebot/2.1; +http://www.google.com/bot.html)"
40.77.167.36 - - [16/Jul/2021:14:59:35 +0200] "GET /corsica-grey-tee-shirt-p-33762.html HTTP/1.0" 301 74856 "-" "Mozilla/5.0 (compatible; bingbot/2.0; +http://www.bing.com/bingbot.htm)"
66.249.72.166 - - [16/Jul/2021:14:59:45 +0200] "GET /images/big_prod/8422095290012.jpg HTTP/1.0" 200 268 "-" "Googlebot-Image/1.0"
207.46.13.51 - - [16/Jul/2021:14:59:59 +0200] "GET /cat-head-wallet-model-p-39438.html HTTP/1.0" 301 72931 "-" "Mozilla/5.0 (compatible; bingbot/2.0; +http://www.bing.com/bingbot.htm)"
207.46.13.65 - - [16/Jul/2021:15:00:47 +0200] "GET /diner-oven-mitt-p-37765.html HTTP/1.0" 301 70264 "-" "Mozilla/5.0 (compatible; bingbot/2.0; +http://www.bing.com/bingbot.htm)"
54.36.148.242 - - [16/Jul/2021:15:00:47 +0200] "GET /protects-mattress-fleece-cotton-p-54902.html HTTP/1.0" 200 73005 "-" "Mozilla/5.0 (compatible; AhrefsBot/7.0; +http://ahrefs.com/robot/)"
185.191.171.36 - - [16/Jul/2021:15:00:53 +0200] "GET /flower-pots-c-13_275.html HTTP/1.0" 200 91895 "-" "Mozilla/5.0 (compatible; SemrushBot/7~bl; +http://www.semrush.com/bot.html)"
185.191.171.33 - - [16/Jul/2021:15:00:58 +0200] "GET /home-decoration-c-13.html?page=44 HTTP/1.0" 200 92944 "-" "Mozilla/5.0 (compatible; SemrushBot/7~bl; +http://www.semrush.com/bot.html)"
106.38.241.175 - - [16/Jul/2021:15:01:05 +0200] "GET / HTTP/1.0" 200 95711 "-" "Sogou web spider/4.0(+http://www.sogou.com/docs/help/webmasters.htm#07)"
207.46.13.142 - - [16/Jul/2021:15:01:18 +0200] "GET /barbamama-melamine-plate-p-9351.html HTTP/1.0" 200 70281 "-" "Mozilla/5.0 (compatible; bingbot/2.0; +http://www.bing.com/bingbot.htm)"
185.191.171.6 - - [16/Jul/2021:15:01:27 +0200] "GET /american-gray-cbkreation-p-23973.html?action=add_product HTTP/1.0" 302 476 "-" "Mozilla/5.0 (compatible; SemrushBot/7~bl; +http://www.semrush.com/bot.html)"
207.46.13.142 - - [16/Jul/2021:15:01:57 +0200] "GET /crusader-knights-salt-and-pepper-p-28861.html HTTP/1.0" 301 70402 "-" "Mozilla/5.0 (compatible; bingbot/2.0; +http://www.bing.com/bingbot.htm)"
66.249.72.170 - - [16/Jul/2021:15:02:08 +0200] "GET /mini-figurine-britto-blue-angel-p-43453.html HTTP/1.0" 200 70321 "-" "Mozilla/5.0 (Linux; Android 6.0.1; Nexus 5X Build/MMB29P) AppleWebKit/537.36 (KHTML, like Gecko) Chrome/91.0.4472.90 Mobile Safari/537.36 (compatible; Googlebot/2.1; +http://www.google.com/bot.html)"
207.46.13.125 - - [16/Jul/2021:15:02:13 +0200] "GET /american-small-steel-fridge-magnets-p-12574.html HTTP/1.0" 200 70363 "-" "Mozilla/5.0 (compatible; bingbot/2.0; +http://www.bing.com/bingbot.htm)"
207.46.13.51 - - [16/Jul/2021:15:02:16 +0200] "GET /dora-the-explorer-laces-p-22274.html HTTP/1.0" 301 72837 "-" "Mozilla/5.0 (compatible; bingbot/2.0; +http://www.bing.com/bingbot.htm)"
187.94.211.15 - - [16/Jul/2021:15:02:58 +0200] "GET /contact_us.php HTTP/1.0" 200 26238 "http://www.wonder-geek.com/contact_us.php" "Mozilla/5.0 (Windows NT 10.0; Win64; x64) AppleWebKit/537.36 (KHTML, like Gecko) Chrome/83.0.4093.3 Safari/537.36"
207.46.13.125 - - [16/Jul/2021:15:03:12 +0200] "GET /js/jquery.js HTTP/1.0" 200 252 "-" "Mozilla/5.0 (compatible; bingbot/2.0; +http://www.bing.com/bingbot.htm)"
207.46.13.125 - - [16/Jul/2021:15:03:15 +0200] "GET /flower-pot-summer-collection-green-turtle-p-52698.html HTTP/1.0" 301 73122 "-" "Mozilla/5.0 (compatible; bingbot/2.0; +http://www.bing.com/bingbot.htm)"
157.55.39.127 - - [16/Jul/2021:15:03:16 +0200] "GET /teo-jasmin-medium-cabas-p-30000.html HTTP/1.0" 301 70381 "-" "Mozilla/5.0 (compatible; bingbot/2.0; +http://www.bing.com/bingbot.htm)"
187.94.211.15 - - [16/Jul/2021:15:03:24 +0200] "POST /contact_us.php?action=send HTTP/1.0" 200 26467 "http://www.wonder-geek.com/contact_us.php" "Mozilla/5.0 (Windows NT 10.0; Win64; x64) AppleWebKit/537.36 (KHTML, like Gecko) Chrome/83.0.4093.3 Safari/537.36"
207.46.13.127 - - [16/Jul/2021:15:03:28 +0200] "GET /london-tower-bridge-canvas-frame-p-28408.html HTTP/1.0" 200 72981 "-" "Mozilla/5.0 (compatible; bingbot/2.0; +http://www.bing.com/bingbot.htm)"
207.46.13.51 - - [16/Jul/2021:15:03:36 +0200] "GET /happy-colours-harmony-vinyl-beauty-bag-p-19871.html HTTP/1.0" 301 73002 "-" "Mozilla/5.0 (compatible; bingbot/2.0; +http://www.bing.com/bingbot.htm)"
49.7.20.113 - - [16/Jul/2021:15:03:47 +0200] "GET / HTTP/1.0" 200 95140 "-" "Sogou web spider/4.0(+http://www.sogou.com/docs/help/webmasters.htm#07)"
51.68.224.127 - - [16/Jul/2021:15:04:13 +0200] "GET /adminweb/export_orders_xml.php?token=256de2z6edz6ed2z6DFSFsed2zed6zeDSFDSGdzedezfzf&maxorders=10&orderstart=1&status=14&start_date=2018-10-01 HTTP/1.0" 200 285 "-" "GesCom CharlotteBoutik Serveur"
51.68.224.127 - - [16/Jul/2021:15:04:13 +0200] "GET /adminweb/export_orders_xml.php?token=256de2z6edz6ed2z6DFSFsed2zed6zeDSFDSGdzedezfzf&maxorders=10&orderstart=1&status=6&start_date=2018-10-01 HTTP/1.0" 200 29786 "-" "GesCom CharlotteBoutik Serveur"
54.36.148.242 - - [16/Jul/2021:15:04:16 +0200] "GET /computer-briefcase-c-31_82.html HTTP/1.0" 200 84099 "-" "Mozilla/5.0 (compatible; AhrefsBot/7.0; +http://ahrefs.com/robot/)"
207.46.13.65 - - [16/Jul/2021:15:04:36 +0200] "GET /disney-princess-long-sleeve-shirt-p-31028.html HTTP/1.0" 200 74034 "-" "Mozilla/5.0 (compatible; bingbot/2.0; +http://www.bing.com/bingbot.htm)"
157.55.39.78 - - [16/Jul/2021:15:04:41 +0200] "GET /-p-21586.html HTTP/1.0" 200 70197 "-" "Mozilla/5.0 (compatible; bingbot/2.0; +http://www.bing.com/bingbot.htm)"
157.55.39.78 - - [16/Jul/2021:15:04:43 +0200] "GET /nightlight-shaped-owl-multicolor-led-p-35349.html HTTP/1.0" 301 73028 "-" "Mozilla/5.0 (compatible; bingbot/2.0; +http://www.bing.com/bingbot.htm)"
207.46.13.142 - - [16/Jul/2021:15:05:18 +0200] "GET /disney-m-20.html HTTP/1.0" 200 89787 "-" "Mozilla/5.0 (compatible; bingbot/2.0; +http://www.bing.com/bingbot.htm)"
157.55.39.78 - - [16/Jul/2021:15:05:23 +0200] "GET /mickey-box-collection-by-romano-britto-p-20288.html HTTP/1.0" 301 73204 "-" "Mozilla/5.0 (compatible; bingbot/2.0; +http://www.bing.com/bingbot.htm)"
185.191.171.41 - - [16/Jul/2021:15:05:35 +0200] "GET /robots.txt HTTP/1.0" 200 245 "-" "Mozilla/5.0 (compatible; SemrushBot/7~bl; +http://www.semrush.com/bot.html)"
185.191.171.45 - - [16/Jul/2021:15:05:35 +0200] "GET /eucalyptus-branch-adhesive-decoration-board-p-55493.html HTTP/1.0" 200 73700 "-" "Mozilla/5.0 (compatible; SemrushBot/7~bl; +http://www.semrush.com/bot.html)"
147.92.153.1 - - [16/Jul/2021:15:05:45 +0200] "GET /images/big_prod_2/3700281645873b.jpg HTTP/1.0" 200 271 "-" "Mozilla/5.0 (compatible; Linespider/1.1; +https://lin.ee/4dwXkTH)"
207.46.13.65 - - [16/Jul/2021:15:05:46 +0200] "GET /-p-14711.html HTTP/1.0" 200 70197 "-" "Mozilla/5.0 (compatible; bingbot/2.0; +http://www.bing.com/bingbot.htm)"
157.55.39.121 - - [16/Jul/2021:15:05:55 +0200] "GET /dog-head-wallet-model-p-39440.html HTTP/1.0" 301 72932 "-" "Mozilla/5.0 (compatible; bingbot/2.0; +http://www.bing.com/bingbot.htm)"
185.191.171.39 - - [16/Jul/2021:15:06:31 +0200] "GET /adhesive-roll-carbon-p-55686.html HTTP/1.0" 200 73933 "-" "Mozilla/5.0 (compatible; SemrushBot/7~bl; +http://www.semrush.com/bot.html)"
207.46.13.142 - - [16/Jul/2021:15:06:39 +0200] "GET /betty-boop-rectangular-mirror-p-12898.html HTTP/1.0" 200 72870 "-" "Mozilla/5.0 (compatible; bingbot/2.0; +http://www.bing.com/bingbot.htm)"
207.46.13.125 - - [16/Jul/2021:15:06:43 +0200] "GET /van-gogh-iris-jaune-eyeglass-case-p-47645.html HTTP/1.0" 301 72984 "-" "Mozilla/5.0 (compatible; bingbot/2.0; +http://www.bing.com/bingbot.htm)"
