54.36.148.242 - - [16/Jul/2021:04:17:34 +0200] "GET /limited-edition-gorjuss-clasp-purse-p-35137.html HTTP/1.0" 200 73638 "-" "Mozilla/5.0 (compatible; AhrefsBot/7.0; +http://ahrefs.com/robot/)"
40.77.167.77 - - [16/Jul/2021:04:17:54 +0200] "GET /boxers-c-53_139.html HTTP/1.0" 200 75514 "-" "Mozilla/5.0 (compatible; bingbot/2.0; +http://www.bing.com/bingbot.htm)"
192.0.100.59 - - [16/Jul/2021:04:17:55 +0200] "GET /images/1399984220115.jpg HTTP/1.0" 301 559 "-" "Photon/1.0"
192.0.100.59 - - [16/Jul/2021:04:17:55 +0200] "GET /images/1399984220115.jpg HTTP/1.0" 200 259 "-" "Photon/1.0"
51.68.224.127 - - [16/Jul/2021:04:17:56 +0200] "GET /adminweb/export_orders_xml.php?token=256de2z6edz6ed2z6DFSFsed2zed6zeDSFDSGdzedezfzf&maxorders=10&orderstart=1&status=14&start_date=2018-10-01 HTTP/1.0" 200 285 "-" "GesCom CharlotteBoutik Serveur"
51.68.224.127 - - [16/Jul/2021:04:17:56 +0200] "GET /adminweb/export_orders_xml.php?token=256de2z6edz6ed2z6DFSFsed2zed6zeDSFDSGdzedezfzf&maxorders=10&orderstart=1&status=6&start_date=2018-10-01 HTTP/1.0" 200 29786 "-" "GesCom CharlotteBoutik Serveur"
40.77.167.36 - - [16/Jul/2021:04:17:59 +0200] "GET /mini-motsu-keel-toys-plush-p-46184.html HTTP/1.0" 200 70291 "-" "Mozilla/5.0 (compatible; bingbot/2.0; +http://www.bing.com/bingbot.htm)"
207.46.13.51 - - [16/Jul/2021:04:18:05 +0200] "GET /images/big_prod/3609810065055.jpg HTTP/1.0" 200 268 "-" "Mozilla/5.0 (compatible; bingbot/2.0; +http://www.bing.com/bingbot.htm)"
157.55.39.121 - - [16/Jul/2021:04:18:09 +0200] "GET /mcstuffins-musical-jewelry-p-26783.html HTTP/1.0" 200 73046 "-" "Mozilla/5.0 (compatible; bingbot/2.0; +http://www.bing.com/bingbot.htm)"
114.119.151.113 - - [16/Jul/2021:04:18:13 +0200] "GET /japan-glass-cutting-board-by-cbkreation-p-51185.html HTTP/1.0" 301 73030 "-" "Mozilla/5.0 (Linux; Android 7.0;) AppleWebKit/537.36 (KHTML, like Gecko) Mobile Safari/537.36 (compatible; PetalBot;+https://webmaster.petalsearch.com/site/petalbot)"
114.119.151.113 - - [16/Jul/2021:04:18:16 +0200] "GET /japan-glass-cutting-board-cbkreation-p-51185.html HTTP/1.0" 200 72927 "-" "Mozilla/5.0 (Linux; Android 7.0;) AppleWebKit/537.36 (KHTML, like Gecko) Mobile Safari/537.36 (compatible; PetalBot;+https://webmaster.petalsearch.com/site/petalbot)"
157.55.39.124 - - [16/Jul/2021:04:18:17 +0200] "GET /caffe-retro-deco-thermometer-p-27632.html HTTP/1.0" 301 73034 "-" "Mozilla/5.0 (compatible; bingbot/2.0; +http://www.bing.com/bingbot.htm)"
66.249.72.166 - - [16/Jul/2021:04:18:21 +0200] "GET /ceramic-face-vase-white-cream-28-cm-p-50087.html HTTP/1.0" 301 70415 "-" "Mozilla/5.0 (Linux; Android 6.0.1; Nexus 5X Build/MMB29P) AppleWebKit/537.36 (KHTML, like Gecko) Chrome/91.0.4472.90 Mobile Safari/537.36 (compatible; Googlebot/2.1; +http://www.google.com/bot.html)"
66.249.72.168 - - [16/Jul/2021:04:18:22 +0200] "GET /ceramic-face-vase-white-cream-p-50087.html HTTP/1.0" 200 70319 "-" "Mozilla/5.0 (Linux; Android 6.0.1; Nexus 5X Build/MMB29P) AppleWebKit/537.36 (KHTML, like Gecko) Chrome/91.0.4472.90 Mobile Safari/537.36 (compatible; Googlebot/2.1; +http://www.google.com/bot.html)"
185.191.171.45 - - [16/Jul/2021:04:18:56 +0200] "GET /pill-provence-p-54012.html HTTP/1.0" 200 73525 "-" "Mozilla/5.0 (compatible; SemrushBot/7~bl; +http://www.semrush.com/bot.html)"
157.55.39.145 - - [16/Jul/2021:04:19:38 +0200] "GET /gorjuss-awashed-mousepad-p-24486.html HTTP/1.0" 200 70494 "-" "Mozilla/5.0 (compatible; bingbot/2.0; +http://www.bing.com/bingbot.htm)"
114.119.132.105 - - [16/Jul/2021:04:19:39 +0200] "GET /incense-c-231_226.html?page=4 HTTP/1.0" 200 91398 "-" "Mozilla/5.0 (Linux; Android 7.0;) AppleWebKit/537.36 (KHTML, like Gecko) Mobile Safari/537.36 (compatible; PetalBot;+https://webmaster.petalsearch.com/site/petalbot)"
52.12.111.94 - - [16/Jul/2021:04:19:41 +0200] "GET / HTTP/1.0" 301 511 "-" "Mozilla/5.0 (X11; Linux x86_64) AppleWebKit/537.36 (KHTML, like Gecko) Chrome/83.0.4103.97 Safari/537.36"
157.55.39.145 - - [16/Jul/2021:04:19:40 +0200] "GET /-p-39209.html HTTP/1.0" 200 70197 "-" "Mozilla/5.0 (compatible; bingbot/2.0; +http://www.bing.com/bingbot.htm)"
52.12.111.94 - - [16/Jul/2021:04:19:43 +0200] "GET / HTTP/1.0" 200 95242 "-" "Mozilla/5.0 (X11; Linux x86_64) AppleWebKit/537.36 (KHTML, like Gecko) Chrome/83.0.4103.97 Safari/537.36"
54.36.148.242 - - [16/Jul/2021:04:19:51 +0200] "GET /limited-edition-small-wallet-ladybird-gorjuss-p-35138.html HTTP/1.0" 200 73936 "-" "Mozilla/5.0 (compatible; AhrefsBot/7.0; +http://ahrefs.com/robot/)"
40.77.167.36 - - [16/Jul/2021:04:20:00 +0200] "GET /dessert-dish-glass-with-anti-slip-feet-p-47330.html HTTP/1.0" 200 72926 "-" "Mozilla/5.0 (compatible; bingbot/2.0; +http://www.bing.com/bingbot.htm)"
207.46.13.51 - - [16/Jul/2021:04:20:07 +0200] "GET /flower-life-earrings-brass-silver-colored-p-39339.html HTTP/1.0" 200 72973 "-" "Mozilla/5.0 (compatible; bingbot/2.0; +http://www.bing.com/bingbot.htm)"
185.191.171.12 - - [16/Jul/2021:04:20:10 +0200] "GET /plates-and-cups-c-12_58.html HTTP/1.0" 301 79770 "-" "Mozilla/5.0 (compatible; SemrushBot/7~bl; +http://www.semrush.com/bot.html)"
185.191.171.5 - - [16/Jul/2021:04:20:12 +0200] "GET /plates-cups-c-58.html HTTP/1.0" 301 79669 "-" "Mozilla/5.0 (compatible; SemrushBot/7~bl; +http://www.semrush.com/bot.html)"
185.191.171.23 - - [16/Jul/2021:04:20:14 +0200] "GET /plates-cups-c-12_58.html HTTP/1.0" 200 79695 "-" "Mozilla/5.0 (compatible; SemrushBot/7~bl; +http://www.semrush.com/bot.html)"
157.55.39.121 - - [16/Jul/2021:04:20:40 +0200] "GET /buddha-fiberglass-gray-statue-p-38747.html HTTP/1.0" 200 70354 "-" "Mozilla/5.0 (compatible; bingbot/2.0; +http://www.bing.com/bingbot.htm)"
40.77.167.77 - - [16/Jul/2021:04:20:46 +0200] "GET /zippo-candle-utility-lighter-p-43704.html HTTP/1.0" 200 72953 "-" "Mozilla/5.0 (compatible; bingbot/2.0; +http://www.bing.com/bingbot.htm)"
40.77.167.77 - - [16/Jul/2021:04:20:48 +0200] "GET /corsica-metal-plate-p-52505.html HTTP/1.0" 200 72794 "-" "Mozilla/5.0 (compatible; bingbot/2.0; +http://www.bing.com/bingbot.htm)"
40.77.167.36 - - [16/Jul/2021:04:21:03 +0200] "GET /minnie-mouse-sports-bottle-p-25064.html HTTP/1.0" 200 72856 "-" "Mozilla/5.0 (compatible; bingbot/2.0; +http://www.bing.com/bingbot.htm)"
207.46.13.127 - - [16/Jul/2021:04:21:06 +0200] "GET /coca-cola-phone-cover-for-iphone-and-p-15951.html HTTP/1.0" 301 73884 "-" "Mozilla/5.0 (compatible; bingbot/2.0; +http://www.bing.com/bingbot.htm)"
207.46.13.65 - - [16/Jul/2021:04:21:07 +0200] "GET /-p-38300.html HTTP/1.0" 200 70197 "-" "Mozilla/5.0 (compatible; bingbot/2.0; +http://www.bing.com/bingbot.htm)"
185.191.171.44 - - [16/Jul/2021:04:21:10 +0200] "GET /filling-station-wodden-frame-148-cm-342-cm-p-39970.html HTTP/1.0" 301 73130 "-" "Mozilla/5.0 (compatible; SemrushBot/7~bl; +http://www.semrush.com/bot.html)"
185.191.171.44 - - [16/Jul/2021:04:21:12 +0200] "GET /filling-station-wodden-frame-p-39970.html HTTP/1.0" 200 73035 "-" "Mozilla/5.0 (compatible; SemrushBot/7~bl; +http://www.semrush.com/bot.html)"
40.77.167.36 - - [16/Jul/2021:04:21:21 +0200] "GET /scooter-wiper-coconut-fibers-p-46219.html HTTP/1.0" 200 73044 "-" "Mozilla/5.0 (compatible; bingbot/2.0; +http://www.bing.com/bingbot.htm)"
114.119.132.105 - - [16/Jul/2021:04:21:28 +0200] "GET /london-bus-ashtray-p-36623.html HTTP/1.0" 301 72848 "-" "Mozilla/5.0 (Linux; Android 7.0;) AppleWebKit/537.36 (KHTML, like Gecko) Mobile Safari/537.36 (compatible; PetalBot;+https://webmaster.petalsearch.com/site/petalbot)"
114.119.132.105 - - [16/Jul/2021:04:21:29 +0200] "GET /london-ashtray-p-36623.html HTTP/1.0" 200 72767 "-" "Mozilla/5.0 (Linux; Android 7.0;) AppleWebKit/537.36 (KHTML, like Gecko) Mobile Safari/537.36 (compatible; PetalBot;+https://webmaster.petalsearch.com/site/petalbot)"
185.191.171.2 - - [16/Jul/2021:04:21:36 +0200] "GET /-p-25577.html?action=add_product HTTP/1.0" 302 476 "-" "Mozilla/5.0 (compatible; SemrushBot/7~bl; +http://www.semrush.com/bot.html)"
207.46.13.127 - - [16/Jul/2021:04:21:37 +0200] "GET /skull-money-box-resin-silver-and-patina-p-39406.html HTTP/1.0" 301 70264 "-" "Mozilla/5.0 (compatible; bingbot/2.0; +http://www.bing.com/bingbot.htm)"
157.55.39.121 - - [16/Jul/2021:04:21:41 +0200] "GET /large-candle-ruby-pomegranate-p-51060.html HTTP/1.0" 200 73388 "-" "Mozilla/5.0 (compatible; bingbot/2.0; +http://www.bing.com/bingbot.htm)"
207.46.13.65 - - [16/Jul/2021:04:21:54 +0200] "GET /coca-cola-sugar-p-31660.html HTTP/1.0" 200 70255 "-" "Mozilla/5.0 (compatible; bingbot/2.0; +http://www.bing.com/bingbot.htm)"
54.36.148.242 - - [16/Jul/2021:04:22:07 +0200] "GET /vespa-metal-collection-hanging-plate-p-45987.html HTTP/1.0" 200 73198 "-" "Mozilla/5.0 (compatible; AhrefsBot/7.0; +http://ahrefs.com/robot/)"
185.191.171.15 - - [16/Jul/2021:04:22:08 +0200] "GET /little-toiletry-p-43399.html?action=add_product HTTP/1.0" 302 476 "-" "Mozilla/5.0 (compatible; SemrushBot/7~bl; +http://www.semrush.com/bot.html)"
185.191.171.4 - - [16/Jul/2021:04:22:21 +0200] "GET /home-decoration-c-13.html?page=152 HTTP/1.0" 200 92532 "-" "Mozilla/5.0 (compatible; SemrushBot/7~bl; +http://www.semrush.com/bot.html)"
185.191.171.9 - - [16/Jul/2021:04:22:36 +0200] "GET /hanbag-diva-metal-plate-deco-p-34293.html?action=add_product HTTP/1.0" 302 476 "-" "Mozilla/5.0 (compatible; SemrushBot/7~bl; +http://www.semrush.com/bot.html)"
185.191.171.2 - - [16/Jul/2021:04:22:38 +0200] "GET /frames-flags-decorative-paintings-c-13_148.html?page=13 HTTP/1.0" 200 93839 "-" "Mozilla/5.0 (compatible; SemrushBot/7~bl; +http://www.semrush.com/bot.html)"
157.55.39.145 - - [16/Jul/2021:04:22:39 +0200] "GET /support-metal-bottle-golfer-p-37637.html HTTP/1.0" 200 73780 "-" "Mozilla/5.0 (compatible; bingbot/2.0; +http://www.bing.com/bingbot.htm)"
54.200.235.252 - - [16/Jul/2021:04:22:45 +0200] "GET /favicon.ico HTTP/1.0" 301 533 "-" "Mozilla/5.0 (X11; Linux x86_64) AppleWebKit/537.36 (KHTML, like Gecko) Chrome/83.0.4103.97 Safari/537.36"
54.200.235.252 - - [16/Jul/2021:04:22:50 +0200] "GET / HTTP/1.0" 301 511 "-" "Mozilla/5.0 (X11; Linux x86_64) AppleWebKit/537.36 (KHTML, like Gecko) Chrome/83.0.4103.97 Safari/537.36"
54.200.235.252 - - [16/Jul/2021:04:22:52 +0200] "GET / HTTP/1.0" 200 95385 "http://wonder-geek.com" "Mozilla/5.0 (X11; Linux x86_64) AppleWebKit/537.36 (KHTML, like Gecko) Chrome/83.0.4103.97 Safari/537.36"
185.191.171.9 - - [16/Jul/2021:04:22:58 +0200] "GET /women-brown-lois-shoulder-bag-p-41328.html HTTP/1.0" 301 73429 "-" "Mozilla/5.0 (compatible; SemrushBot/7~bl; +http://www.semrush.com/bot.html)"
185.191.171.6 - - [16/Jul/2021:04:23:00 +0200] "GET /women-brown-lois-shoulder-p-41328.html HTTP/1.0" 200 73337 "-" "Mozilla/5.0 (compatible; SemrushBot/7~bl; +http://www.semrush.com/bot.html)"
157.55.39.124 - - [16/Jul/2021:04:23:07 +0200] "GET /van-gogh-coffee-duo-set-p-48226.html HTTP/1.0" 301 73572 "-" "Mozilla/5.0 (compatible; bingbot/2.0; +http://www.bing.com/bingbot.htm)"
207.46.13.125 - - [16/Jul/2021:04:23:20 +0200] "GET /grey-fitted-sheet-p-34831.html HTTP/1.0" 200 72780 "-" "Mozilla/5.0 (compatible; bingbot/2.0; +http://www.bing.com/bingbot.htm)"
185.191.171.44 - - [16/Jul/2021:04:23:23 +0200] "GET /paperweight-gravitation-kandinsky-p-53995.html?action=add_product HTTP/1.0" 302 476 "-" "Mozilla/5.0 (compatible; SemrushBot/7~bl; +http://www.semrush.com/bot.html)"
114.119.158.196 - - [16/Jul/2021:04:23:35 +0200] "GET /zodiac-high-ceramic-mug-p-30779.html HTTP/1.0" 301 72875 "-" "Mozilla/5.0 (Linux; Android 7.0;) AppleWebKit/537.36 (KHTML, like Gecko) Mobile Safari/537.36 (compatible; PetalBot;+https://webmaster.petalsearch.com/site/petalbot)"
114.119.158.196 - - [16/Jul/2021:04:23:40 +0200] "GET /zodiac-high-ceramic-p-30779.html HTTP/1.0" 200 72789 "-" "Mozilla/5.0 (Linux; Android 7.0;) AppleWebKit/537.36 (KHTML, like Gecko) Mobile Safari/537.36 (compatible; PetalBot;+https://webmaster.petalsearch.com/site/petalbot)"
185.191.171.26 - - [16/Jul/2021:04:23:51 +0200] "GET /flamingo-metal-tray-white-p-40181.html HTTP/1.0" 200 72947 "-" "Mozilla/5.0 (compatible; SemrushBot/7~bl; +http://www.semrush.com/bot.html)"
207.46.13.65 - - [16/Jul/2021:04:24:24 +0200] "GET /with-infuser-filter-cheetah-p-51560.html HTTP/1.0" 200 70343 "-" "Mozilla/5.0 (compatible; bingbot/2.0; +http://www.bing.com/bingbot.htm)"
54.36.148.242 - - [16/Jul/2021:04:24:25 +0200] "GET /wall-stickers-hummingbirds-p-51119.html HTTP/1.0" 200 73589 "-" "Mozilla/5.0 (compatible; AhrefsBot/7.0; +http://ahrefs.com/robot/)"
13.66.139.0 - - [16/Jul/2021:04:24:33 +0200] "GET /watch-freegun-rocket-usa-p-35084.html HTTP/1.0" 301 70387 "-" "Mozilla/5.0 (compatible; bingbot/2.0; +http://www.bing.com/bingbot.htm)"
40.77.167.36 - - [16/Jul/2021:04:24:59 +0200] "GET /-p-15009.html HTTP/1.0" 200 70197 "-" "Mozilla/5.0 (compatible; bingbot/2.0; +http://www.bing.com/bingbot.htm)"
40.77.167.36 - - [16/Jul/2021:04:25:01 +0200] "GET /images/big_prod/3453131126564.jpg HTTP/1.0" 200 268 "-" "Mozilla/5.0 (compatible; bingbot/2.0; +http://www.bing.com/bingbot.htm)"
114.119.132.105 - - [16/Jul/2021:04:25:23 +0200] "GET /white-skull-keyrings-sound-light-p-40193.html HTTP/1.0" 200 73042 "-" "Mozilla/5.0 (Linux; Android 7.0;) AppleWebKit/537.36 (KHTML, like Gecko) Mobile Safari/537.36 (compatible; PetalBot;+https://webmaster.petalsearch.com/site/petalbot)"
207.46.13.127 - - [16/Jul/2021:04:25:36 +0200] "GET /little-buddha-happy-statue-p-37710.html HTTP/1.0" 200 72932 "-" "Mozilla/5.0 (compatible; bingbot/2.0; +http://www.bing.com/bingbot.htm)"
207.46.13.127 - - [16/Jul/2021:04:25:38 +0200] "GET /white-bird-table-lamp-p-38248.html HTTP/1.0" 200 70293 "-" "Mozilla/5.0 (compatible; bingbot/2.0; +http://www.bing.com/bingbot.htm)"
185.191.171.34 - - [16/Jul/2021:04:25:43 +0200] "GET /small-metal-plate-collection-vespa-p-16836.html HTTP/1.0" 200 73642 "-" "Mozilla/5.0 (compatible; SemrushBot/7~bl; +http://www.semrush.com/bot.html)"
147.92.153.5 - - [16/Jul/2021:04:25:49 +0200] "GET /calendar-workbook-organizer-c-129_189.html HTTP/1.0" 200 91038 "-" "Mozilla/5.0 (compatible; Linespider/1.1; +https://lin.ee/4dwXkTH)"
185.191.171.36 - - [16/Jul/2021:04:26:08 +0200] "GET /limited-edition-swarovski-kimmidoll-dolls-p-49800.html HTTP/1.0" 200 73979 "-" "Mozilla/5.0 (compatible; SemrushBot/7~bl; +http://www.semrush.com/bot.html)"
157.55.39.121 - - [16/Jul/2021:04:26:10 +0200] "GET /statue-gold-bear-franois-pompon-p-55506.html HTTP/1.0" 200 74231 "-" "Mozilla/5.0 (compatible; bingbot/2.0; +http://www.bing.com/bingbot.htm)"
54.36.148.242 - - [16/Jul/2021:04:26:28 +0200] "GET /horses-stickers-p-19590.html HTTP/1.0" 200 72823 "-" "Mozilla/5.0 (compatible; AhrefsBot/7.0; +http://ahrefs.com/robot/)"
114.119.145.117 - - [16/Jul/2021:04:26:29 +0200] "GET /mickey-and-minnie-box-collection-by-romano-britto-p-20751.html HTTP/1.0" 301 75358 "-" "Mozilla/5.0 (Linux; Android 7.0;) AppleWebKit/537.36 (KHTML, like Gecko) Mobile Safari/537.36 (compatible; PetalBot;+https://webmaster.petalsearch.com/site/petalbot)"
207.46.13.125 - - [16/Jul/2021:04:26:29 +0200] "GET /-p-32223.html HTTP/1.0" 200 70197 "-" "Mozilla/5.0 (compatible; bingbot/2.0; +http://www.bing.com/bingbot.htm)"
114.119.145.117 - - [16/Jul/2021:04:26:30 +0200] "GET /mickey-minnie-collection-romano-britto-p-20751.html HTTP/1.0" 200 75253 "-" "Mozilla/5.0 (Linux; Android 7.0;) AppleWebKit/537.36 (KHTML, like Gecko) Mobile Safari/537.36 (compatible; PetalBot;+https://webmaster.petalsearch.com/site/petalbot)"
207.46.13.51 - - [16/Jul/2021:04:26:39 +0200] "GET /skull-zippo-lighter-p-39538.html HTTP/1.0" 200 75904 "-" "Mozilla/5.0 (compatible; bingbot/2.0; +http://www.bing.com/bingbot.htm)"
185.191.171.39 - - [16/Jul/2021:04:26:40 +0200] "GET /little-prince-tour-eiffel-p-27376.html HTTP/1.0" 200 73049 "-" "Mozilla/5.0 (compatible; SemrushBot/7~bl; +http://www.semrush.com/bot.html)"
207.46.13.51 - - [16/Jul/2021:04:26:43 +0200] "GET /free-cold-beer-wall-bottle-opener-p-36858.html HTTP/1.0" 200 72968 "-" "Mozilla/5.0 (compatible; bingbot/2.0; +http://www.bing.com/bingbot.htm)"
40.77.167.77 - - [16/Jul/2021:04:26:48 +0200] "GET /small-cool-lunch-pink-p-44327.html HTTP/1.0" 200 73023 "-" "Mozilla/5.0 (compatible; bingbot/2.0; +http://www.bing.com/bingbot.htm)"
157.55.39.127 - - [16/Jul/2021:04:27:16 +0200] "GET /the-ballerina-statue-collection-body-talk-p-38818.html HTTP/1.0" 301 73777 "-" "Mozilla/5.0 (compatible; bingbot/2.0; +http://www.bing.com/bingbot.htm)"
207.46.13.65 - - [16/Jul/2021:04:27:25 +0200] "GET /crayola-set-of-16-washable-mini-glitter-glues-p-16597.html HTTP/1.0" 301 73501 "-" "Mozilla/5.0 (compatible; bingbot/2.0; +http://www.bing.com/bingbot.htm)"
185.191.171.35 - - [16/Jul/2021:04:27:31 +0200] "GET /flower-summer-collection-grey-p-54635.html?action=add_product HTTP/1.0" 302 476 "-" "Mozilla/5.0 (compatible; SemrushBot/7~bl; +http://www.semrush.com/bot.html)"
66.249.72.168 - - [16/Jul/2021:04:27:42 +0200] "GET /spiderman-swimsuit-p-30822.html HTTP/1.0" 200 73993 "-" "Mozilla/5.0 (compatible; Googlebot/2.1; +http://www.google.com/bot.html)"
114.119.150.15 - - [16/Jul/2021:04:28:04 +0200] "GET /images/big_prod/8424001769544.jpg HTTP/1.0" 200 268 "-" "Mozilla/5.0 (Linux; Android 7.0;) AppleWebKit/537.36 (KHTML, like Gecko) Mobile Safari/537.36 (compatible; PetalBot;+https://webmaster.petalsearch.com/site/petalbot)"
40.77.167.77 - - [16/Jul/2021:04:28:07 +0200] "GET /skull-punk-moneybox-p-30012.html HTTP/1.0" 200 70263 "-" "Mozilla/5.0 (compatible; bingbot/2.0; +http://www.bing.com/bingbot.htm)"
17.121.115.166 - - [16/Jul/2021:04:28:11 +0200] "GET /-p-47325.html HTTP/1.0" 200 70197 "-" "Mozilla/5.0 (Macintosh; Intel Mac OS X 10_15_5) AppleWebKit/605.1.15 (KHTML, like Gecko) Version/13.1.1 Safari/605.1.15 (Applebot/0.1; +http://www.apple.com/go/applebot)"
66.249.72.166 - - [16/Jul/2021:04:28:24 +0200] "GET /petit-prince-metal-tray-p-42360.html HTTP/1.0" 200 72922 "-" "Mozilla/5.0 (Linux; Android 6.0.1; Nexus 5X Build/MMB29P) AppleWebKit/537.36 (KHTML, like Gecko) Chrome/91.0.4472.90 Mobile Safari/537.36 (compatible; Googlebot/2.1; +http://www.google.com/bot.html)"
107.117.200.35 - - [16/Jul/2021:04:28:27 +0200] "GET /beyblade-beach-towel-p-14854.html HTTP/1.0" 301 70264 "https://www.google.com/" "Mozilla/5.0 (iPhone; CPU iPhone OS 14_6 like Mac OS X) AppleWebKit/605.1.15 (KHTML, like Gecko) Version/14.1.1 Mobile/15E148 Safari/604.1"
107.117.200.35 - - [16/Jul/2021:04:28:28 +0200] "GET /-p-14854.html HTTP/1.0" 200 70197 "-" "Mozilla/5.0 (iPhone; CPU iPhone OS 14_6 like Mac OS X) AppleWebKit/605.1.15 (KHTML, like Gecko) Version/14.1.1 Mobile/15E148 Safari/604.1"
107.117.200.35 - - [16/Jul/2021:04:28:29 +0200] "GET /templates/Pixame_v1/stylesheet.css HTTP/1.0" 200 267 "http://www.wonder-geek.com/-p-14854.html" "Mozilla/5.0 (iPhone; CPU iPhone OS 14_6 like Mac OS X) AppleWebKit/605.1.15 (KHTML, like Gecko) Version/14.1.1 Mobile/15E148 Safari/604.1"
107.117.200.35 - - [16/Jul/2021:04:28:29 +0200] "GET /js/jquery.jqzoom.js HTTP/1.0" 200 259 "http://www.wonder-geek.com/-p-14854.html" "Mozilla/5.0 (iPhone; CPU iPhone OS 14_6 like Mac OS X) AppleWebKit/605.1.15 (KHTML, like Gecko) Version/14.1.1 Mobile/15E148 Safari/604.1"
107.117.200.35 - - [16/Jul/2021:04:28:29 +0200] "GET /highslide/highslide.js HTTP/1.0" 200 262 "http://www.wonder-geek.com/-p-14854.html" "Mozilla/5.0 (iPhone; CPU iPhone OS 14_6 like Mac OS X) AppleWebKit/605.1.15 (KHTML, like Gecko) Version/14.1.1 Mobile/15E148 Safari/604.1"
107.117.200.35 - - [16/Jul/2021:04:28:29 +0200] "GET /js/jquery.js HTTP/1.0" 200 252 "http://www.wonder-geek.com/-p-14854.html" "Mozilla/5.0 (iPhone; CPU iPhone OS 14_6 like Mac OS X) AppleWebKit/605.1.15 (KHTML, like Gecko) Version/14.1.1 Mobile/15E148 Safari/604.1"
107.117.200.35 - - [16/Jul/2021:04:28:29 +0200] "GET /mondial_relay/js/jquery-1.3.2.min.js HTTP/1.0" 200 276 "http://www.wonder-geek.com/-p-14854.html" "Mozilla/5.0 (iPhone; CPU iPhone OS 14_6 like Mac OS X) AppleWebKit/605.1.15 (KHTML, like Gecko) Version/14.1.1 Mobile/15E148 Safari/604.1"
107.117.200.35 - - [16/Jul/2021:04:28:29 +0200] "GET /swfobject.js HTTP/1.0" 404 1308 "http://www.wonder-geek.com/-p-14854.html" "Mozilla/5.0 (iPhone; CPU iPhone OS 14_6 like Mac OS X) AppleWebKit/605.1.15 (KHTML, like Gecko) Version/14.1.1 Mobile/15E148 Safari/604.1"
107.117.200.35 - - [16/Jul/2021:04:28:29 +0200] "GET /templates/Pixame_v1/images/icon_accueil2.png HTTP/1.0" 200 278 "http://www.wonder-geek.com/-p-14854.html" "Mozilla/5.0 (iPhone; CPU iPhone OS 14_6 like Mac OS X) AppleWebKit/605.1.15 (KHTML, like Gecko) Version/14.1.1 Mobile/15E148 Safari/604.1"
107.117.200.35 - - [16/Jul/2021:04:28:29 +0200] "GET /templates/Pixame_v1/images/infobox/pixel_trans.gif HTTP/1.0" 200 328 "http://www.wonder-geek.com/-p-14854.html" "Mozilla/5.0 (iPhone; CPU iPhone OS 14_6 like Mac OS X) AppleWebKit/605.1.15 (KHTML, like Gecko) Version/14.1.1 Mobile/15E148 Safari/604.1"
107.117.200.35 - - [16/Jul/2021:04:28:29 +0200] "GET /images/pixel_trans.gif HTTP/1.0" 200 328 "http://www.wonder-geek.com/-p-14854.html" "Mozilla/5.0 (iPhone; CPU iPhone OS 14_6 like Mac OS X) AppleWebKit/605.1.15 (KHTML, like Gecko) Version/14.1.1 Mobile/15E148 Safari/604.1"
107.117.200.35 - - [16/Jul/2021:04:28:29 +0200] "GET /templates/Pixame_v1/images/buttons/english/button_continue.gif HTTP/1.0" 200 1264 "http://www.wonder-geek.com/-p-14854.html" "Mozilla/5.0 (iPhone; CPU iPhone OS 14_6 like Mac OS X) AppleWebKit/605.1.15 (KHTML, like Gecko) Version/14.1.1 Mobile/15E148 Safari/604.1"
107.117.200.35 - - [16/Jul/2021:04:28:29 +0200] "GET /templates/Pixame_v1/images/pixel_trans.gif HTTP/1.0" 200 328 "http://www.wonder-geek.com/-p-14854.html" "Mozilla/5.0 (iPhone; CPU iPhone OS 14_6 like Mac OS X) AppleWebKit/605.1.15 (KHTML, like Gecko) Version/14.1.1 Mobile/15E148 Safari/604.1"
107.117.200.35 - - [16/Jul/2021:04:28:29 +0200] "GET /templates/Pixame_v1/images/Bottom_texture.jpg HTTP/1.0" 200 280 "http://www.wonder-geek.com/-p-14854.html" "Mozilla/5.0 (iPhone; CPU iPhone OS 14_6 like Mac OS X) AppleWebKit/605.1.15 (KHTML, like Gecko) Version/14.1.1 Mobile/15E148 Safari/604.1"
107.117.200.35 - - [16/Jul/2021:04:28:29 +0200] "GET /templates/Pixame_v1/images/Middle_texture.jpg HTTP/1.0" 200 280 "http://www.wonder-geek.com/-p-14854.html" "Mozilla/5.0 (iPhone; CPU iPhone OS 14_6 like Mac OS X) AppleWebKit/605.1.15 (KHTML, like Gecko) Version/14.1.1 Mobile/15E148 Safari/604.1"
107.117.200.35 - - [16/Jul/2021:04:28:29 +0200] "GET /templates/Pixame_v1/images/nav.png HTTP/1.0" 200 268 "http://www.wonder-geek.com/-p-14854.html" "Mozilla/5.0 (iPhone; CPU iPhone OS 14_6 like Mac OS X) AppleWebKit/605.1.15 (KHTML, like Gecko) Version/14.1.1 Mobile/15E148 Safari/604.1"
107.117.200.35 - - [16/Jul/2021:04:28:29 +0200] "GET /templates/Pixame_v1/images/header.png HTTP/1.0" 200 271 "http://www.wonder-geek.com/-p-14854.html" "Mozilla/5.0 (iPhone; CPU iPhone OS 14_6 like Mac OS X) AppleWebKit/605.1.15 (KHTML, like Gecko) Version/14.1.1 Mobile/15E148 Safari/604.1"
107.117.200.35 - - [16/Jul/2021:04:28:30 +0200] "GET /templates/Pixame_v1/images/header-object.png HTTP/1.0" 200 278 "http://www.wonder-geek.com/-p-14854.html" "Mozilla/5.0 (iPhone; CPU iPhone OS 14_6 like Mac OS X) AppleWebKit/605.1.15 (KHTML, like Gecko) Version/14.1.1 Mobile/15E148 Safari/604.1"
107.117.200.35 - - [16/Jul/2021:04:28:30 +0200] "GET /design/productsenstock.png HTTP/1.0" 200 260 "http://www.wonder-geek.com/-p-14854.html" "Mozilla/5.0 (iPhone; CPU iPhone OS 14_6 like Mac OS X) AppleWebKit/605.1.15 (KHTML, like Gecko) Version/14.1.1 Mobile/15E148 Safari/604.1"
107.117.200.35 - - [16/Jul/2021:04:28:30 +0200] "GET /templates/Pixame_v1/images/infobox/infobox_footer_middle.gif HTTP/1.0" 200 357 "http://www.wonder-geek.com/-p-14854.html" "Mozilla/5.0 (iPhone; CPU iPhone OS 14_6 like Mac OS X) AppleWebKit/605.1.15 (KHTML, like Gecko) Version/14.1.1 Mobile/15E148 Safari/604.1"
107.117.200.35 - - [16/Jul/2021:04:28:30 +0200] "GET /highslide/graphics/outlines/drop-shadow.png HTTP/1.0" 200 277 "http://www.wonder-geek.com/-p-14854.html" "Mozilla/5.0 (iPhone; CPU iPhone OS 14_6 like Mac OS X) AppleWebKit/605.1.15 (KHTML, like Gecko) Version/14.1.1 Mobile/15E148 Safari/604.1"
107.117.200.35 - - [16/Jul/2021:04:28:30 +0200] "GET /highslide/graphics/zoomout.cur HTTP/1.0" 200 614 "http://www.wonder-geek.com/-p-14854.html" "Mozilla/5.0 (iPhone; CPU iPhone OS 14_6 like Mac OS X) AppleWebKit/605.1.15 (KHTML, like Gecko) Version/14.1.1 Mobile/15E148 Safari/604.1"
107.117.200.35 - - [16/Jul/2021:04:28:30 +0200] "GET /highslide/graphics/loader.white.gif HTTP/1.0" 200 960 "http://www.wonder-geek.com/-p-14854.html" "Mozilla/5.0 (iPhone; CPU iPhone OS 14_6 like Mac OS X) AppleWebKit/605.1.15 (KHTML, like Gecko) Version/14.1.1 Mobile/15E148 Safari/604.1"
107.117.200.35 - - [16/Jul/2021:04:28:30 +0200] "GET /favicon.ico HTTP/1.0" 200 260 "http://www.wonder-geek.com/-p-14854.html" "Mozilla/5.0 (iPhone; CPU iPhone OS 14_6 like Mac OS X) AppleWebKit/605.1.15 (KHTML, like Gecko) Version/14.1.1 Mobile/15E148 Safari/604.1"
54.36.148.242 - - [16/Jul/2021:04:28:37 +0200] "GET /bowl-laughing-white-porcelain-1000-made-germany-p-47552.html HTTP/1.0" 200 75176 "-" "Mozilla/5.0 (compatible; AhrefsBot/7.0; +http://ahrefs.com/robot/)"
157.55.39.145 - - [16/Jul/2021:04:28:38 +0200] "GET /monster-high-creative-killer-phone-accessories-p-15914.html HTTP/1.0" 200 73892 "-" "Mozilla/5.0 (compatible; bingbot/2.0; +http://www.bing.com/bingbot.htm)"
207.46.13.65 - - [16/Jul/2021:04:28:44 +0200] "GET /winnie-the-pooh-plush-by-britto-30-cm-p-24305.html HTTP/1.0" 301 70264 "-" "Mozilla/5.0 (compatible; bingbot/2.0; +http://www.bing.com/bingbot.htm)"
63.250.44.205 - - [16/Jul/2021:04:29:06 +0200] "GET /blog/wp-admin/ HTTP/1.0" 301 539 "http://wonder-geek.com/" "Mozilla/5.0 (Windows NT 10.0; Win64; x64) AppleWebKit/537.36 (KHTML, like Gecko) Chrome/78.0.3904.97 Safari/537.36"
63.250.44.205 - - [16/Jul/2021:04:29:07 +0200] "GET /blog/wp-admin/ HTTP/1.0" 404 1308 "http://wonder-geek.com/" "Mozilla/5.0 (Windows NT 10.0; Win64; x64) AppleWebKit/537.36 (KHTML, like Gecko) Chrome/78.0.3904.97 Safari/537.36"
40.77.167.77 - - [16/Jul/2021:04:29:08 +0200] "GET /johnny-hallyday-mouse-p-10931.html HTTP/1.0" 200 72841 "-" "Mozilla/5.0 (compatible; bingbot/2.0; +http://www.bing.com/bingbot.htm)"
40.77.167.77 - - [16/Jul/2021:04:29:10 +0200] "GET /disney-princess-belive-poster-p-37819.html HTTP/1.0" 200 72914 "-" "Mozilla/5.0 (compatible; bingbot/2.0; +http://www.bing.com/bingbot.htm)"
157.55.39.121 - - [16/Jul/2021:04:29:11 +0200] "GET /-p-22157.html HTTP/1.0" 200 70197 "-" "Mozilla/5.0 (compatible; bingbot/2.0; +http://www.bing.com/bingbot.htm)"
157.55.39.121 - - [16/Jul/2021:04:29:14 +0200] "GET /large-royal-burgundy-ceramic-tealight-p-42171.html HTTP/1.0" 200 73668 "-" "Mozilla/5.0 (compatible; bingbot/2.0; +http://www.bing.com/bingbot.htm)"
40.77.167.36 - - [16/Jul/2021:04:29:30 +0200] "GET /hello-kitty-by-victoria-casal-couture-white-watch-p-20140.html HTTP/1.0" 301 73110 "-" "Mozilla/5.0 (compatible; bingbot/2.0; +http://www.bing.com/bingbot.htm)"
185.191.171.19 - - [16/Jul/2021:04:29:35 +0200] "GET /carlin-cbkreation-p-30076.html?action=add_product HTTP/1.0" 302 476 "-" "Mozilla/5.0 (compatible; SemrushBot/7~bl; +http://www.semrush.com/bot.html)"
207.46.13.51 - - [16/Jul/2021:04:29:47 +0200] "GET /cushion-pouf-in-canvas-p-43498.html HTTP/1.0" 301 70264 "-" "Mozilla/5.0 (compatible; bingbot/2.0; +http://www.bing.com/bingbot.htm)"
40.77.167.36 - - [16/Jul/2021:04:29:52 +0200] "GET /indian-elephant-statuette-p-51512.html HTTP/1.0" 200 72967 "-" "Mozilla/5.0 (compatible; bingbot/2.0; +http://www.bing.com/bingbot.htm)"
207.46.13.127 - - [16/Jul/2021:04:29:57 +0200] "GET /aromatic-stearin-candle-100-hours-2nd-chakra-p-39492.html HTTP/1.0" 301 75290 "-" "Mozilla/5.0 (compatible; bingbot/2.0; +http://www.bing.com/bingbot.htm)"
114.119.144.233 - - [16/Jul/2021:04:30:01 +0200] "GET /little-prince-plane-figurine-p-47070.html HTTP/1.0" 200 73675 "-" "Mozilla/5.0 (Linux; Android 7.0;) AppleWebKit/537.36 (KHTML, like Gecko) Mobile Safari/537.36 (compatible; PetalBot;+https://webmaster.petalsearch.com/site/petalbot)"
207.46.13.65 - - [16/Jul/2021:04:30:04 +0200] "GET /flamingo-bowl-p-42254.html HTTP/1.0" 200 70239 "-" "Mozilla/5.0 (compatible; bingbot/2.0; +http://www.bing.com/bingbot.htm)"
40.77.167.36 - - [16/Jul/2021:04:30:41 +0200] "GET /blue-kimmidoll-cardboard-boxe-small-p-47965.html HTTP/1.0" 301 70264 "-" "Mozilla/5.0 (compatible; bingbot/2.0; +http://www.bing.com/bingbot.htm)"
54.36.148.242 - - [16/Jul/2021:04:30:47 +0200] "GET /saint-raphael-prayer-candle-novena-p-44460.html HTTP/1.0" 200 73693 "-" "Mozilla/5.0 (compatible; AhrefsBot/7.0; +http://ahrefs.com/robot/)"
207.46.13.51 - - [16/Jul/2021:04:30:57 +0200] "GET /caramel-shoulder-rose-libellule-p-55626.html HTTP/1.0" 200 74092 "-" "Mozilla/5.0 (compatible; bingbot/2.0; +http://www.bing.com/bingbot.htm)"
207.46.13.51 - - [16/Jul/2021:04:30:59 +0200] "GET /incense-sticks-burner-storage-flower-life-p-39336.html HTTP/1.0" 200 74004 "-" "Mozilla/5.0 (compatible; bingbot/2.0; +http://www.bing.com/bingbot.htm)"
157.55.39.127 - - [16/Jul/2021:04:31:04 +0200] "GET /cuba-clock-by-cbkreation-p-36681.html HTTP/1.0" 301 72926 "-" "Mozilla/5.0 (compatible; bingbot/2.0; +http://www.bing.com/bingbot.htm)"
66.249.72.170 - - [16/Jul/2021:04:31:06 +0200] "GET /images/big_prod_1/8424345292883.jpg HTTP/1.0" 200 270 "-" "Googlebot-Image/1.0"
207.46.13.125 - - [16/Jul/2021:04:31:10 +0200] "GET /mug-with-spoon-klimt-tree-of-life-p-51377.html HTTP/1.0" 301 72959 "-" "Mozilla/5.0 (compatible; bingbot/2.0; +http://www.bing.com/bingbot.htm)"
40.77.167.77 - - [16/Jul/2021:04:31:27 +0200] "GET /-p-32888.html HTTP/1.0" 200 70197 "-" "Mozilla/5.0 (compatible; bingbot/2.0; +http://www.bing.com/bingbot.htm)"
114.119.147.45 - - [16/Jul/2021:04:31:37 +0200] "GET /new-york-yankees-black-bag-post-office-p-19821.html HTTP/1.0" 301 73396 "-" "Mozilla/5.0 (Linux; Android 7.0;) AppleWebKit/537.36 (KHTML, like Gecko) Mobile Safari/537.36 (compatible; PetalBot;+https://webmaster.petalsearch.com/site/petalbot)"
114.119.147.45 - - [16/Jul/2021:04:31:38 +0200] "GET /york-yankees-black-post-office-p-19821.html HTTP/1.0" 200 73299 "-" "Mozilla/5.0 (Linux; Android 7.0;) AppleWebKit/537.36 (KHTML, like Gecko) Mobile Safari/537.36 (compatible; PetalBot;+https://webmaster.petalsearch.com/site/petalbot)"
157.55.39.121 - - [16/Jul/2021:04:32:03 +0200] "GET /teo-jasmin-saucer-for-tea-bag-p-37959.html HTTP/1.0" 301 72926 "-" "Mozilla/5.0 (compatible; bingbot/2.0; +http://www.bing.com/bingbot.htm)"
157.55.39.145 - - [16/Jul/2021:04:32:18 +0200] "GET /-p-25629.html HTTP/1.0" 200 70197 "-" "Mozilla/5.0 (compatible; bingbot/2.0; +http://www.bing.com/bingbot.htm)"
157.55.39.121 - - [16/Jul/2021:04:32:24 +0200] "GET /paris-bistrot-metal-tray-p-39511.html HTTP/1.0" 200 72957 "-" "Mozilla/5.0 (compatible; bingbot/2.0; +http://www.bing.com/bingbot.htm)"
207.46.13.65 - - [16/Jul/2021:04:32:28 +0200] "GET /tweety-money-box-p-8595.html HTTP/1.0" 301 73019 "-" "Mozilla/5.0 (compatible; bingbot/2.0; +http://www.bing.com/bingbot.htm)"
157.55.39.121 - - [16/Jul/2021:04:32:43 +0200] "GET /resin-pendulum-allen-p-44572.html HTTP/1.0" 200 72922 "-" "Mozilla/5.0 (compatible; bingbot/2.0; +http://www.bing.com/bingbot.htm)"
185.191.171.39 - - [16/Jul/2021:04:32:49 +0200] "GET /furniture-knob-sold-individually-p-55704.html?action=add_product HTTP/1.0" 302 476 "-" "Mozilla/5.0 (compatible; SemrushBot/7~bl; +http://www.semrush.com/bot.html)"
54.36.148.242 - - [16/Jul/2021:04:32:56 +0200] "GET /mini-metal-tray-banania-p-33322.html HTTP/1.0" 200 72916 "-" "Mozilla/5.0 (compatible; AhrefsBot/7.0; +http://ahrefs.com/robot/)"
207.46.13.127 - - [16/Jul/2021:04:32:57 +0200] "GET /paris-tree-decoration-hanging-p-31812.html HTTP/1.0" 200 72951 "-" "Mozilla/5.0 (compatible; bingbot/2.0; +http://www.bing.com/bingbot.htm)"
114.119.144.233 - - [16/Jul/2021:04:33:17 +0200] "GET /potholder-glove-p-51739.html HTTP/1.0" 200 72844 "-" "Mozilla/5.0 (Linux; Android 7.0;) AppleWebKit/537.36 (KHTML, like Gecko) Mobile Safari/537.36 (compatible; PetalBot;+https://webmaster.petalsearch.com/site/petalbot)"
157.55.39.145 - - [16/Jul/2021:04:33:38 +0200] "GET /vespa-blue-keyring-p-31627.html HTTP/1.0" 200 70259 "-" "Mozilla/5.0 (compatible; bingbot/2.0; +http://www.bing.com/bingbot.htm)"
185.191.171.23 - - [16/Jul/2021:04:33:55 +0200] "GET /feria-metal-plate-deco-p-42112.html HTTP/1.0" 200 72826 "-" "Mozilla/5.0 (compatible; SemrushBot/7~bl; +http://www.semrush.com/bot.html)"
207.46.13.65 - - [16/Jul/2021:04:34:03 +0200] "GET /swfobject.js HTTP/1.0" 404 1308 "-" "Mozilla/5.0 (compatible; bingbot/2.0; +http://www.bing.com/bingbot.htm)"
51.68.224.127 - - [16/Jul/2021:04:34:12 +0200] "GET /adminweb/export_orders_xml.php?token=256de2z6edz6ed2z6DFSFsed2zed6zeDSFDSGdzedezfzf&maxorders=10&orderstart=1&status=14&start_date=2018-10-01 HTTP/1.0" 200 285 "-" "GesCom CharlotteBoutik Serveur"
51.68.224.127 - - [16/Jul/2021:04:34:12 +0200] "GET /adminweb/export_orders_xml.php?token=256de2z6edz6ed2z6DFSFsed2zed6zeDSFDSGdzedezfzf&maxorders=10&orderstart=1&status=6&start_date=2018-10-01 HTTP/1.0" 200 29786 "-" "GesCom CharlotteBoutik Serveur"
185.191.171.19 - - [16/Jul/2021:04:34:15 +0200] "GET /nordic-thor-statuette-bronze-aspect-resin-p-54866.html HTTP/1.0" 200 73066 "-" "Mozilla/5.0 (compatible; SemrushBot/7~bl; +http://www.semrush.com/bot.html)"
40.77.167.77 - - [16/Jul/2021:04:34:27 +0200] "GET /guardian-angel-statuette-baptism-angel-25-cm-p-51689.html HTTP/1.0" 301 74199 "-" "Mozilla/5.0 (compatible; bingbot/2.0; +http://www.bing.com/bingbot.htm)"
185.191.171.4 - - [16/Jul/2021:04:34:31 +0200] "GET /sticker-p-49079.html HTTP/1.0" 200 72923 "-" "Mozilla/5.0 (compatible; SemrushBot/7~bl; +http://www.semrush.com/bot.html)"
207.46.13.65 - - [16/Jul/2021:04:35:06 +0200] "GET /surfboard-ceramic-magnet-p-42055.html HTTP/1.0" 200 73768 "-" "Mozilla/5.0 (compatible; bingbot/2.0; +http://www.bing.com/bingbot.htm)"
54.36.148.242 - - [16/Jul/2021:04:35:10 +0200] "GET /bowl-happy-white-porcelain-1000-made-germany-p-47554.html HTTP/1.0" 200 75386 "-" "Mozilla/5.0 (compatible; AhrefsBot/7.0; +http://ahrefs.com/robot/)"
114.119.145.117 - - [16/Jul/2021:04:35:18 +0200] "GET /louise-polar-plaid-p-46469.html HTTP/1.0" 301 70264 "-" "Mozilla/5.0 (Linux; Android 7.0;) AppleWebKit/537.36 (KHTML, like Gecko) Mobile Safari/537.36 (compatible; PetalBot;+https://webmaster.petalsearch.com/site/petalbot)"
114.119.145.117 - - [16/Jul/2021:04:35:19 +0200] "GET /-p-46469.html HTTP/1.0" 200 70197 "-" "Mozilla/5.0 (Linux; Android 7.0;) AppleWebKit/537.36 (KHTML, like Gecko) Mobile Safari/537.36 (compatible; PetalBot;+https://webmaster.petalsearch.com/site/petalbot)"
207.46.13.125 - - [16/Jul/2021:04:35:43 +0200] "GET /vespa-headlight-style-alarm-clock-p-23037.html HTTP/1.0" 200 70305 "-" "Mozilla/5.0 (compatible; bingbot/2.0; +http://www.bing.com/bingbot.htm)"
40.77.167.77 - - [16/Jul/2021:04:35:48 +0200] "GET /citron-miniature-vehicle-p-41830.html HTTP/1.0" 200 72891 "-" "Mozilla/5.0 (compatible; bingbot/2.0; +http://www.bing.com/bingbot.htm)"
207.46.13.127 - - [16/Jul/2021:04:35:51 +0200] "GET /worry-stones-hematite-p-46297.html HTTP/1.0" 200 74433 "-" "Mozilla/5.0 (compatible; bingbot/2.0; +http://www.bing.com/bingbot.htm)"
207.46.13.127 - - [16/Jul/2021:04:35:53 +0200] "GET /strawberry-shortcake-visor-p-20458.html HTTP/1.0" 200 73016 "-" "Mozilla/5.0 (compatible; bingbot/2.0; +http://www.bing.com/bingbot.htm)"
157.55.39.145 - - [16/Jul/2021:04:36:19 +0200] "GET /-p-32103.html HTTP/1.0" 200 70197 "-" "Mozilla/5.0 (compatible; bingbot/2.0; +http://www.bing.com/bingbot.htm)"
23.100.232.233 - - [16/Jul/2021:04:36:22 +0200] "GET /-p-12106.html HTTP/1.0" 200 70197 "-" "Mozilla/5.0 (compatible; MSIE 9.0; Windows NT 6.1; Trident/5.0;  Trident/5.0)"
23.100.232.233 - - [16/Jul/2021:04:36:23 +0200] "GET /templates/Pixame_v1/stylesheet.css HTTP/1.0" 200 267 "http://www.wonder-geek.com/-p-12106.html" "Mozilla/5.0 (compatible; MSIE 9.0; Windows NT 6.1; Trident/5.0;  Trident/5.0)"
23.100.232.233 - - [16/Jul/2021:04:36:23 +0200] "GET /highslide/highslide.js HTTP/1.0" 200 262 "http://www.wonder-geek.com/-p-12106.html" "Mozilla/5.0 (compatible; MSIE 9.0; Windows NT 6.1; Trident/5.0;  Trident/5.0)"
23.100.232.233 - - [16/Jul/2021:04:36:24 +0200] "GET /js/jquery.js HTTP/1.0" 200 252 "http://www.wonder-geek.com/-p-12106.html" "Mozilla/5.0 (compatible; MSIE 9.0; Windows NT 6.1; Trident/5.0;  Trident/5.0)"
23.100.232.233 - - [16/Jul/2021:04:36:24 +0200] "GET /js/jquery.jqzoom.js HTTP/1.0" 200 259 "http://www.wonder-geek.com/-p-12106.html" "Mozilla/5.0 (compatible; MSIE 9.0; Windows NT 6.1; Trident/5.0;  Trident/5.0)"
23.100.232.233 - - [16/Jul/2021:04:36:24 +0200] "GET /mondial_relay/js/jquery-1.3.2.min.js HTTP/1.0" 200 276 "http://www.wonder-geek.com/-p-12106.html" "Mozilla/5.0 (compatible; MSIE 9.0; Windows NT 6.1; Trident/5.0;  Trident/5.0)"
23.100.232.233 - - [16/Jul/2021:04:36:24 +0200] "GET /swfobject.js HTTP/1.0" 404 1308 "http://www.wonder-geek.com/-p-12106.html" "Mozilla/5.0 (compatible; MSIE 9.0; Windows NT 6.1; Trident/5.0;  Trident/5.0)"
23.100.232.233 - - [16/Jul/2021:04:36:24 +0200] "GET /style.ie7.css HTTP/1.0" 404 1308 "http://www.wonder-geek.com/-p-12106.html" "Mozilla/5.0 (compatible; MSIE 9.0; Windows NT 6.1; Trident/5.0;  Trident/5.0)"
23.100.232.233 - - [16/Jul/2021:04:36:26 +0200] "GET /templates/Pixame_v1/images/flash.swf HTTP/1.0" 200 290 "http://www.wonder-geek.com/-p-12106.html" "Mozilla/5.0 (compatible; MSIE 9.0; Windows NT 6.1; Trident/5.0;  Trident/5.0)"
23.100.232.233 - - [16/Jul/2021:04:36:26 +0200] "GET /highslide/graphics/zoomout.cur HTTP/1.0" 200 614 "http://www.wonder-geek.com/-p-12106.html" "Mozilla/5.0 (compatible; MSIE 9.0; Windows NT 6.1; Trident/5.0;  Trident/5.0)"
49.7.20.118 - - [16/Jul/2021:04:36:37 +0200] "GET / HTTP/1.0" 301 511 "-" "Sogou web spider/4.0(+http://www.sogou.com/docs/help/webmasters.htm#07)"
185.191.171.22 - - [16/Jul/2021:04:36:45 +0200] "GET /hand-of-fatima-candle-holder-p-48032.html HTTP/1.0" 301 73048 "-" "Mozilla/5.0 (compatible; SemrushBot/7~bl; +http://www.semrush.com/bot.html)"
185.191.171.42 - - [16/Jul/2021:04:36:47 +0200] "GET /hand-fatima-candle-holder-p-48032.html HTTP/1.0" 200 72956 "-" "Mozilla/5.0 (compatible; SemrushBot/7~bl; +http://www.semrush.com/bot.html)"
40.77.167.36 - - [16/Jul/2021:04:36:51 +0200] "GET /van-gogh-terrasse-du-caf-le-soir-zip-purse-made-in-france-p-47460.html HTTP/1.0" 301 73338 "-" "Mozilla/5.0 (compatible; bingbot/2.0; +http://www.bing.com/bingbot.htm)"
157.55.39.145 - - [16/Jul/2021:04:36:59 +0200] "GET /-p-13567.html HTTP/1.0" 200 70197 "-" "Mozilla/5.0 (compatible; bingbot/2.0; +http://www.bing.com/bingbot.htm)"
157.55.39.127 - - [16/Jul/2021:04:37:08 +0200] "GET /-p-23811.html HTTP/1.0" 200 70197 "-" "Mozilla/5.0 (compatible; bingbot/2.0; +http://www.bing.com/bingbot.htm)"
157.55.39.124 - - [16/Jul/2021:04:37:10 +0200] "GET /resin-statuette-naked-woman-14-cm-p-52874.html HTTP/1.0" 301 73083 "-" "Mozilla/5.0 (compatible; bingbot/2.0; +http://www.bing.com/bingbot.htm)"
114.119.144.233 - - [16/Jul/2021:04:37:13 +0200] "GET /cat-by-allen-cushion-45-cm-p-40065.html HTTP/1.0" 301 70264 "-" "Mozilla/5.0 (Linux; Android 7.0;) AppleWebKit/537.36 (KHTML, like Gecko) Mobile Safari/537.36 (compatible; PetalBot;+https://webmaster.petalsearch.com/site/petalbot)"
54.36.148.242 - - [16/Jul/2021:04:37:17 +0200] "GET /butterflies-stickers-p-39239.html HTTP/1.0" 200 72829 "-" "Mozilla/5.0 (compatible; AhrefsBot/7.0; +http://ahrefs.com/robot/)"
114.119.144.233 - - [16/Jul/2021:04:37:23 +0200] "GET /-p-40065.html HTTP/1.0" 200 70197 "-" "Mozilla/5.0 (Linux; Android 7.0;) AppleWebKit/537.36 (KHTML, like Gecko) Mobile Safari/537.36 (compatible; PetalBot;+https://webmaster.petalsearch.com/site/petalbot)"
185.191.171.39 - - [16/Jul/2021:04:37:41 +0200] "GET /wild-about-words-chihuahua-p-31969.html?action=add_product HTTP/1.0" 302 476 "-" "Mozilla/5.0 (compatible; SemrushBot/7~bl; +http://www.semrush.com/bot.html)"
40.77.167.36 - - [16/Jul/2021:04:37:41 +0200] "GET /-p-21920.html HTTP/1.0" 200 70197 "-" "Mozilla/5.0 (compatible; bingbot/2.0; +http://www.bing.com/bingbot.htm)"
195.154.171.54 - - [16/Jul/2021:04:37:55 +0200] "GET /contact_us.php HTTP/1.0" 301 539 "http://wonder-geek.com/contact_us.php" "Mozilla/5.0 (Windows NT 6.1; Win64; x64) AppleWebKit/537.36 (KHTML, like Gecko) Chrome/90.0.4430.93 Safari/537.36"
157.55.39.121 - - [16/Jul/2021:04:37:55 +0200] "GET /-p-18354.html HTTP/1.0" 200 70197 "-" "Mozilla/5.0 (compatible; bingbot/2.0; +http://www.bing.com/bingbot.htm)"
195.154.171.54 - - [16/Jul/2021:04:37:55 +0200] "GET /contact_us.php HTTP/1.0" 200 26238 "http://www.wonder-geek.com/contact_us.php" "Mozilla/5.0 (Windows NT 6.1; Win64; x64) AppleWebKit/537.36 (KHTML, like Gecko) Chrome/90.0.4430.93 Safari/537.36"
195.154.171.54 - - [16/Jul/2021:04:37:56 +0200] "POST /contact_us.php?action=send HTTP/1.0" 200 26771 "http://www.wonder-geek.com/contact_us.php" "Mozilla/5.0 (Windows NT 6.1; Win64; x64) AppleWebKit/537.36 (KHTML, like Gecko) Chrome/90.0.4430.93 Safari/537.36"
195.154.171.54 - - [16/Jul/2021:04:37:56 +0200] "GET /contact_us.php HTTP/1.0" 200 26238 "http://www.wonder-geek.com/contact_us.php" "Mozilla/5.0 (Windows NT 6.1; Win64; x64) AppleWebKit/537.36 (KHTML, like Gecko) Chrome/90.0.4430.93 Safari/537.36"
110.249.201.243 - - [16/Jul/2021:04:38:11 +0200] "GET /highslide/graphics/zoomout.cur HTTP/1.0" 200 614 "http://www.wonder-geek.com/small-baby-teeth-beige-p-55709.html" "Mozilla/5.0 (Linux; Android 5.0) AppleWebKit/537.36 (KHTML, like Gecko) Mobile Safari/537.36 (compatible; Bytespider; https://zhanzhang.toutiao.com/)"
66.249.72.170 - - [16/Jul/2021:04:38:25 +0200] "GET /eeyore-tree-ornament-p-31818.html HTTP/1.0" 200 70288 "-" "Mozilla/5.0 (Linux; Android 6.0.1; Nexus 5X Build/MMB29P) AppleWebKit/537.36 (KHTML, like Gecko) Chrome/91.0.4472.90 Mobile Safari/537.36 (compatible; Googlebot/2.1; +http://www.google.com/bot.html)"
66.249.72.170 - - [16/Jul/2021:04:38:28 +0200] "GET /samurai-statue-resin-p-50898.html HTTP/1.0" 200 73855 "-" "Mozilla/5.0 (Linux; Android 6.0.1; Nexus 5X Build/MMB29P) AppleWebKit/537.36 (KHTML, like Gecko) Chrome/91.0.4472.90 Mobile Safari/537.36 (compatible; Googlebot/2.1; +http://www.google.com/bot.html)"
185.191.171.41 - - [16/Jul/2021:04:38:52 +0200] "GET /strawberry-shortcake-cap-p-22141.html HTTP/1.0" 301 70387 "-" "Mozilla/5.0 (compatible; SemrushBot/7~bl; +http://www.semrush.com/bot.html)"
185.191.171.1 - - [16/Jul/2021:04:38:53 +0200] "GET /strawberry-shortcake-p-22141.html HTTP/1.0" 200 70300 "-" "Mozilla/5.0 (compatible; SemrushBot/7~bl; +http://www.semrush.com/bot.html)"
185.191.171.18 - - [16/Jul/2021:04:39:06 +0200] "GET /tetsubin-teapot-japanese-liter-p-54078.html HTTP/1.0" 301 74035 "-" "Mozilla/5.0 (compatible; SemrushBot/7~bl; +http://www.semrush.com/bot.html)"
185.191.171.24 - - [16/Jul/2021:04:39:08 +0200] "GET /japanese-cast-iron-teapot-black-copper-color-liter-p-54078.html HTTP/1.0" 200 73918 "-" "Mozilla/5.0 (compatible; SemrushBot/7~bl; +http://www.semrush.com/bot.html)"
40.77.167.36 - - [16/Jul/2021:04:39:11 +0200] "GET /provence-oven-mitt-p-51442.html HTTP/1.0" 200 72833 "-" "Mozilla/5.0 (compatible; bingbot/2.0; +http://www.bing.com/bingbot.htm)"
207.46.13.127 - - [16/Jul/2021:04:39:18 +0200] "GET /round-mirror-hanging-mandala-p-45021.html HTTP/1.0" 200 72857 "-" "Mozilla/5.0 (compatible; bingbot/2.0; +http://www.bing.com/bingbot.htm)"
49.7.20.119 - - [16/Jul/2021:04:39:18 +0200] "GET / HTTP/1.0" 200 95115 "-" "Sogou web spider/4.0(+http://www.sogou.com/docs/help/webmasters.htm#07)"
207.46.13.127 - - [16/Jul/2021:04:39:20 +0200] "GET /-p-27176.html HTTP/1.0" 200 70197 "-" "Mozilla/5.0 (compatible; bingbot/2.0; +http://www.bing.com/bingbot.htm)"
114.119.145.117 - - [16/Jul/2021:04:39:23 +0200] "GET /cars-metal-pencil-box-p-516.html HTTP/1.0" 301 72885 "-" "Mozilla/5.0 (Linux; Android 7.0;) AppleWebKit/537.36 (KHTML, like Gecko) Mobile Safari/537.36 (compatible; PetalBot;+https://webmaster.petalsearch.com/site/petalbot)"
114.119.145.117 - - [16/Jul/2021:04:39:24 +0200] "GET /cars-metal-pencil-p-516.html HTTP/1.0" 200 72803 "-" "Mozilla/5.0 (Linux; Android 7.0;) AppleWebKit/537.36 (KHTML, like Gecko) Mobile Safari/537.36 (compatible; PetalBot;+https://webmaster.petalsearch.com/site/petalbot)"
54.36.148.242 - - [16/Jul/2021:04:39:23 +0200] "GET /thread-count-cotton-percale-fitted-sheet-p-54443.html HTTP/1.0" 200 73978 "-" "Mozilla/5.0 (compatible; AhrefsBot/7.0; +http://ahrefs.com/robot/)"
157.55.39.127 - - [16/Jul/2021:04:39:25 +0200] "GET /gorjuss-ladybird-large-pencil-case-limited-edition-p-35136.html HTTP/1.0" 200 73781 "-" "Mozilla/5.0 (compatible; bingbot/2.0; +http://www.bing.com/bingbot.htm)"
207.46.13.125 - - [16/Jul/2021:04:39:42 +0200] "GET /yogi-yogini-yogamat-purple-p-48661.html HTTP/1.0" 200 73477 "-" "Mozilla/5.0 (compatible; bingbot/2.0; +http://www.bing.com/bingbot.htm)"
157.55.39.121 - - [16/Jul/2021:04:39:46 +0200] "GET /metal-tray-p-42356.html HTTP/1.0" 200 72849 "-" "Mozilla/5.0 (compatible; bingbot/2.0; +http://www.bing.com/bingbot.htm)"
17.121.114.183 - - [16/Jul/2021:04:40:02 +0200] "GET /chakra-round-pebble-gems-p-47214.html HTTP/1.0" 200 70287 "-" "Mozilla/5.0 (Macintosh; Intel Mac OS X 10_15_5) AppleWebKit/605.1.15 (KHTML, like Gecko) Version/13.1.1 Safari/605.1.15 (Applebot/0.1; +http://www.apple.com/go/applebot)"
157.55.39.127 - - [16/Jul/2021:04:40:05 +0200] "GET /swaziland-rectangulary-cushion-by-cbkreation-p-36764.html HTTP/1.0" 301 70465 "-" "Mozilla/5.0 (compatible; bingbot/2.0; +http://www.bing.com/bingbot.htm)"
157.55.39.124 - - [16/Jul/2021:04:40:09 +0200] "GET /medusa-glass-paperweight-p-48941.html HTTP/1.0" 200 70283 "-" "Mozilla/5.0 (compatible; bingbot/2.0; +http://www.bing.com/bingbot.htm)"
185.191.171.18 - - [16/Jul/2021:04:40:11 +0200] "GET /bracelet-carnelian-p-48657.html HTTP/1.0" 200 73371 "-" "Mozilla/5.0 (compatible; SemrushBot/7~bl; +http://www.semrush.com/bot.html)"
66.249.72.168 - - [16/Jul/2021:04:40:13 +0200] "GET /disney-princess-jewelry-p-37038.html HTTP/1.0" 200 73749 "-" "Mozilla/5.0 (compatible; Googlebot/2.1; +http://www.google.com/bot.html)"
207.46.13.125 - - [16/Jul/2021:04:40:18 +0200] "GET /-p-13685.html HTTP/1.0" 200 70197 "-" "Mozilla/5.0 (compatible; bingbot/2.0; +http://www.bing.com/bingbot.htm)"
207.46.13.65 - - [16/Jul/2021:04:40:19 +0200] "GET /bakugan-clock-p-6179.html HTTP/1.0" 200 70237 "-" "Mozilla/5.0 (compatible; bingbot/2.0; +http://www.bing.com/bingbot.htm)"
207.46.13.125 - - [16/Jul/2021:04:40:41 +0200] "GET /-p-7163.html HTTP/1.0" 200 70195 "-" "Mozilla/5.0 (compatible; bingbot/2.0; +http://www.bing.com/bingbot.htm)"
157.55.39.124 - - [16/Jul/2021:04:40:49 +0200] "GET /buddha-resin-box-p-38536.html HTTP/1.0" 301 73048 "-" "Mozilla/5.0 (compatible; bingbot/2.0; +http://www.bing.com/bingbot.htm)"
157.55.39.124 - - [16/Jul/2021:04:40:59 +0200] "GET /drink-drive-metal-plate-deco-p-37146.html HTTP/1.0" 200 72925 "-" "Mozilla/5.0 (compatible; bingbot/2.0; +http://www.bing.com/bingbot.htm)"
114.119.147.45 - - [16/Jul/2021:04:41:03 +0200] "GET /coca-cola-red-round-pencil-case-p-12394.html HTTP/1.0" 301 72964 "-" "Mozilla/5.0 (Linux; Android 7.0;) AppleWebKit/537.36 (KHTML, like Gecko) Mobile Safari/537.36 (compatible; PetalBot;+https://webmaster.petalsearch.com/site/petalbot)"
114.119.147.45 - - [16/Jul/2021:04:41:05 +0200] "GET /coca-cola-round-pencil-case-p-12394.html HTTP/1.0" 200 72870 "-" "Mozilla/5.0 (Linux; Android 7.0;) AppleWebKit/537.36 (KHTML, like Gecko) Mobile Safari/537.36 (compatible; PetalBot;+https://webmaster.petalsearch.com/site/petalbot)"
66.249.72.170 - - [16/Jul/2021:04:41:27 +0200] "GET /images/big_prod/8424345292883B.jpg HTTP/1.0" 200 269 "-" "Googlebot-Image/1.0"
40.77.167.36 - - [16/Jul/2021:04:41:30 +0200] "GET /images/big_prod_1/8424001774395B.jpg HTTP/1.0" 200 271 "-" "Mozilla/5.0 (compatible; bingbot/2.0; +http://www.bing.com/bingbot.htm)"
54.36.148.242 - - [16/Jul/2021:04:41:31 +0200] "GET /money-boxes-c-13_83.html?page=8 HTTP/1.0" 200 93430 "-" "Mozilla/5.0 (compatible; AhrefsBot/7.0; +http://ahrefs.com/robot/)"
207.46.13.127 - - [16/Jul/2021:04:41:38 +0200] "GET /calendar-yoga-2019-p-45282.html HTTP/1.0" 200 73796 "-" "Mozilla/5.0 (compatible; bingbot/2.0; +http://www.bing.com/bingbot.htm)"
207.46.13.127 - - [16/Jul/2021:04:41:40 +0200] "GET /zodiac-high-ceramic-mug-p-30784.html HTTP/1.0" 301 72875 "-" "Mozilla/5.0 (compatible; bingbot/2.0; +http://www.bing.com/bingbot.htm)"
207.46.13.51 - - [16/Jul/2021:04:41:59 +0200] "GET /-p-14718.html HTTP/1.0" 200 70197 "-" "Mozilla/5.0 (compatible; bingbot/2.0; +http://www.bing.com/bingbot.htm)"
157.55.39.145 - - [16/Jul/2021:04:42:20 +0200] "GET /-p-31848.html HTTP/1.0" 200 70197 "-" "Mozilla/5.0 (compatible; bingbot/2.0; +http://www.bing.com/bingbot.htm)"
40.77.167.77 - - [16/Jul/2021:04:42:25 +0200] "GET /images/TROBP3545.jpg HTTP/1.0" 200 255 "-" "Mozilla/5.0 (compatible; bingbot/2.0; +http://www.bing.com/bingbot.htm)"
40.77.167.77 - - [16/Jul/2021:04:42:26 +0200] "GET /-p-13174.html HTTP/1.0" 200 70197 "-" "Mozilla/5.0 (compatible; bingbot/2.0; +http://www.bing.com/bingbot.htm)"
35.162.157.3 - - [16/Jul/2021:04:42:29 +0200] "GET /sigil-lucifer-satatic-book-handbag-in-the-shape-of-book-p-40613.html HTTP/1.0" 301 75189 "-" "Mozilla/5.0 (Windows NT 6.1; Win64; x64) AppleWebKit/537.36 (KHTML, like Gecko) Chrome/72.0.3626.109 Safari/537.36"
35.162.157.3 - - [16/Jul/2021:04:42:30 +0200] "GET /sigil-lucifer-satatic-book-handbag-shape-book-p-40613.html HTTP/1.0" 200 75077 "-" "Mozilla/5.0 (Windows NT 6.1; Win64; x64) AppleWebKit/537.36 (KHTML, like Gecko) Chrome/72.0.3626.109 Safari/537.36"
114.119.130.202 - - [16/Jul/2021:04:42:49 +0200] "GET /images/mini_prod/3665269008500.jpg HTTP/1.0" 404 1308 "-" "Mozilla/5.0 (Linux; Android 7.0;) AppleWebKit/537.36 (KHTML, like Gecko) Mobile Safari/537.36 (compatible; PetalBot;+https://webmaster.petalsearch.com/site/petalbot)"
