185.191.171.15 - - [16/Jul/2021:23:37:20 +0200] "GET /paris-pill-p-52010.html HTTP/1.0" 200 73479 "-" "Mozilla/5.0 (compatible; SemrushBot/7~bl; +http://www.semrush.com/bot.html)"
185.191.171.43 - - [16/Jul/2021:23:37:22 +0200] "GET /brass-sextant-with-p-51518.html HTTP/1.0" 200 72887 "-" "Mozilla/5.0 (compatible; SemrushBot/7~bl; +http://www.semrush.com/bot.html)"
207.46.13.179 - - [16/Jul/2021:23:37:26 +0200] "GET /array-m-146.html HTTP/1.0" 200 77710 "-" "Mozilla/5.0 (compatible; bingbot/2.0; +http://www.bing.com/bingbot.htm)"
207.46.13.182 - - [16/Jul/2021:23:37:36 +0200] "GET /raving-rabbits-bag-lunch-box-and-bottle-p-31688.html HTTP/1.0" 301 70456 "-" "Mozilla/5.0 (compatible; bingbot/2.0; +http://www.bing.com/bingbot.htm)"
185.191.171.4 - - [16/Jul/2021:23:37:37 +0200] "GET /schoolbag-caramel-and-cie-blue-rabbits-p-48772.html HTTP/1.0" 301 70424 "-" "Mozilla/5.0 (compatible; SemrushBot/7~bl; +http://www.semrush.com/bot.html)"
185.191.171.3 - - [16/Jul/2021:23:37:39 +0200] "GET /schoolbag-caramel-blue-rabbits-p-48772.html HTTP/1.0" 200 70327 "-" "Mozilla/5.0 (compatible; SemrushBot/7~bl; +http://www.semrush.com/bot.html)"
157.55.39.177 - - [16/Jul/2021:23:37:51 +0200] "GET /cuba-cork-coaster-p-40268.html HTTP/1.0" 200 72766 "-" "Mozilla/5.0 (compatible; bingbot/2.0; +http://www.bing.com/bingbot.htm)"
66.249.66.198 - - [16/Jul/2021:23:38:00 +0200] "GET /american-blue-p-33082.html HTTP/1.0" 200 72851 "-" "Mozilla/5.0 (Linux; Android 6.0.1; Nexus 5X Build/MMB29P) AppleWebKit/537.36 (KHTML, like Gecko) Chrome/91.0.4472.90 Mobile Safari/537.36 (compatible; Googlebot/2.1; +http://www.google.com/bot.html)"
36.65.248.2 - - [16/Jul/2021:23:38:10 +0200] "GET /wp-login.php HTTP/1.0" 404 1308 "-" "Mozilla/5.0 (Windows NT 10.0; WOW64; Trident/7.0; rv:11.0) like Gecko"
36.65.248.2 - - [16/Jul/2021:23:38:10 +0200] "GET /xmlrpc.php HTTP/1.0" 404 1308 "-" "Mozilla/5.0 (Windows NT 10.0; WOW64; Trident/7.0; rv:11.0) like Gecko"
157.55.39.180 - - [16/Jul/2021:23:38:17 +0200] "GET /small-box-for-baby-teeth-beige-hedgehog-p-36686.html HTTP/1.0" 301 70471 "-" "Mozilla/5.0 (compatible; bingbot/2.0; +http://www.bing.com/bingbot.htm)"
207.46.13.182 - - [16/Jul/2021:23:39:48 +0200] "GET /little-prince-cotton-pouch-p-50369.html HTTP/1.0" 200 72931 "-" "Mozilla/5.0 (compatible; bingbot/2.0; +http://www.bing.com/bingbot.htm)"
110.249.202.226 - - [16/Jul/2021:23:40:12 +0200] "GET /corsica-wall-decoration-p-48234.html HTTP/1.0" 200 72853 "-" "Mozilla/5.0 (Linux; Android 5.0) AppleWebKit/537.36 (KHTML, like Gecko) Mobile Safari/537.36 (compatible; Bytespider; https://zhanzhang.toutiao.com/)"
110.249.202.215 - - [16/Jul/2021:23:40:13 +0200] "GET /swfobject.js HTTP/1.0" 404 1308 "http://www.wonder-geek.com/corsica-wall-decoration-p-48234.html" "Mozilla/5.0 (Linux; Android 5.0) AppleWebKit/537.36 (KHTML, like Gecko) Mobile Safari/537.36 (compatible; Bytespider; https://zhanzhang.toutiao.com/)"
110.249.202.217 - - [16/Jul/2021:23:40:15 +0200] "GET /images/big_prod/3453131146654.jpg HTTP/1.0" 200 268 "http://www.wonder-geek.com/corsica-wall-decoration-p-48234.html" "Mozilla/5.0 (Linux; Android 5.0) AppleWebKit/537.36 (KHTML, like Gecko) Mobile Safari/537.36 (compatible; Bytespider; https://zhanzhang.toutiao.com/)"
110.249.202.224 - - [16/Jul/2021:23:40:19 +0200] "GET /highslide/graphics/zoomout.cur HTTP/1.0" 200 614 "http://www.wonder-geek.com/corsica-wall-decoration-p-48234.html" "Mozilla/5.0 (Linux; Android 5.0) AppleWebKit/537.36 (KHTML, like Gecko) Mobile Safari/537.36 (compatible; Bytespider; https://zhanzhang.toutiao.com/)"
185.191.171.16 - - [16/Jul/2021:23:40:26 +0200] "GET /scented-candle-rainbow-waves-p-53629.html?action=add_product HTTP/1.0" 302 476 "-" "Mozilla/5.0 (compatible; SemrushBot/7~bl; +http://www.semrush.com/bot.html)"
157.55.39.177 - - [16/Jul/2021:23:40:31 +0200] "GET /-p-1927.html HTTP/1.0" 200 70195 "-" "Mozilla/5.0 (compatible; bingbot/2.0; +http://www.bing.com/bingbot.htm)"
207.46.13.182 - - [16/Jul/2021:23:40:37 +0200] "GET /tealight-metal-p-31497.html HTTP/1.0" 200 72906 "-" "Mozilla/5.0 (compatible; bingbot/2.0; +http://www.bing.com/bingbot.htm)"
157.55.39.180 - - [16/Jul/2021:23:40:57 +0200] "GET /retro-notepad-p-33093.html HTTP/1.0" 200 72834 "-" "Mozilla/5.0 (compatible; bingbot/2.0; +http://www.bing.com/bingbot.htm)"
185.191.171.22 - - [16/Jul/2021:23:40:59 +0200] "GET /bookend-bulldog-p-55715.html?action=add_product HTTP/1.0" 302 476 "-" "Mozilla/5.0 (compatible; SemrushBot/7~bl; +http://www.semrush.com/bot.html)"
207.46.13.182 - - [16/Jul/2021:23:41:07 +0200] "GET /votive-candle-15-hours-jasmine-daydream-p-33123.html HTTP/1.0" 301 74304 "-" "Mozilla/5.0 (compatible; bingbot/2.0; +http://www.bing.com/bingbot.htm)"
207.46.13.182 - - [16/Jul/2021:23:41:55 +0200] "GET /hello-kitty-red-suitcase-by-camomilla-p-11002.html HTTP/1.0" 301 70418 "-" "Mozilla/5.0 (compatible; bingbot/2.0; +http://www.bing.com/bingbot.htm)"
49.7.21.122 - - [16/Jul/2021:23:42:10 +0200] "GET /alarms-clocks-c-65.html HTTP/1.0" 301 91309 "-" "Sogou web spider/4.0(+http://www.sogou.com/docs/help/webmasters.htm#07)"
157.55.39.166 - - [16/Jul/2021:23:42:12 +0200] "GET /decorative-wooden-plate-barbecue-party-light-brown-p-47835.html HTTP/1.0" 200 73278 "-" "Mozilla/5.0 (compatible; bingbot/2.0; +http://www.bing.com/bingbot.htm)"
157.55.39.72 - - [16/Jul/2021:23:42:26 +0200] "GET /mini-motsu-keel-toys-plush-p-46188.html HTTP/1.0" 200 70318 "-" "Mozilla/5.0 (compatible; bingbot/2.0; +http://www.bing.com/bingbot.htm)"
157.55.39.177 - - [16/Jul/2021:23:42:32 +0200] "GET /-p-19544.html HTTP/1.0" 200 70197 "-" "Mozilla/5.0 (compatible; bingbot/2.0; +http://www.bing.com/bingbot.htm)"
207.46.13.182 - - [16/Jul/2021:23:42:56 +0200] "GET /pin-up-pill-box-passion-p-34377.html HTTP/1.0" 301 74744 "-" "Mozilla/5.0 (compatible; bingbot/2.0; +http://www.bing.com/bingbot.htm)"
207.46.13.182 - - [16/Jul/2021:23:43:27 +0200] "GET /-p-21485.html HTTP/1.0" 200 70197 "-" "Mozilla/5.0 (compatible; bingbot/2.0; +http://www.bing.com/bingbot.htm)"
207.46.13.182 - - [16/Jul/2021:23:43:28 +0200] "GET /pretty-doe-glass-clock-p-34007.html HTTP/1.0" 301 70264 "-" "Mozilla/5.0 (compatible; bingbot/2.0; +http://www.bing.com/bingbot.htm)"
157.55.39.180 - - [16/Jul/2021:23:43:31 +0200] "GET /cement-tile-stickers-p-51630.html HTTP/1.0" 200 73145 "-" "Mozilla/5.0 (compatible; bingbot/2.0; +http://www.bing.com/bingbot.htm)"
207.46.13.174 - - [16/Jul/2021:23:43:32 +0200] "GET /-p-24786.html HTTP/1.0" 200 70197 "-" "Mozilla/5.0 (compatible; bingbot/2.0; +http://www.bing.com/bingbot.htm)"
207.46.13.179 - - [16/Jul/2021:23:43:34 +0200] "GET /images/a1345544547062.jpg HTTP/1.0" 200 260 "-" "Mozilla/5.0 (compatible; bingbot/2.0; +http://www.bing.com/bingbot.htm)"
157.55.39.166 - - [16/Jul/2021:23:43:37 +0200] "GET /lyon-training-bottle-by-cbkreation-p-31270.html HTTP/1.0" 301 73289 "-" "Mozilla/5.0 (compatible; bingbot/2.0; +http://www.bing.com/bingbot.htm)"
157.55.39.177 - - [16/Jul/2021:23:43:51 +0200] "GET /betty-boop-pot-toothbrush-p-16569.html HTTP/1.0" 301 73506 "-" "Mozilla/5.0 (compatible; bingbot/2.0; +http://www.bing.com/bingbot.htm)"
66.249.66.198 - - [16/Jul/2021:23:43:55 +0200] "GET /decorations-and-furnishings/decorations/route-canvas-frame-p-11505.html HTTP/1.0" 301 70372 "-" "Mozilla/5.0 (compatible; Googlebot/2.1; +http://www.google.com/bot.html)"
66.249.66.202 - - [16/Jul/2021:23:43:56 +0200] "GET /route-canvas-frame-p-11505.html HTTP/1.0" 200 70287 "-" "Mozilla/5.0 (compatible; Googlebot/2.1; +http://www.google.com/bot.html)"
66.249.66.200 - - [16/Jul/2021:23:43:57 +0200] "GET /plush-keeleco-eco-friendly-seal-p-51851.html HTTP/1.0" 301 70391 "-" "Mozilla/5.0 (Linux; Android 6.0.1; Nexus 5X Build/MMB29P) AppleWebKit/537.36 (KHTML, like Gecko) Chrome/91.0.4472.90 Mobile Safari/537.36 (compatible; Googlebot/2.1; +http://www.google.com/bot.html)"
66.249.66.198 - - [16/Jul/2021:23:43:57 +0200] "GET /disney-frozen-anna-elsa-p-28166.html HTTP/1.0" 200 73149 "-" "Mozilla/5.0 (Linux; Android 6.0.1; Nexus 5X Build/MMB29P) AppleWebKit/537.36 (KHTML, like Gecko) Chrome/91.0.4472.90 Mobile Safari/537.36 (compatible; Googlebot/2.1; +http://www.google.com/bot.html)"
66.249.66.202 - - [16/Jul/2021:23:43:58 +0200] "GET /usa-cushion-p-32882.html HTTP/1.0" 301 70264 "-" "Mozilla/5.0 (Linux; Android 6.0.1; Nexus 5X Build/MMB29P) AppleWebKit/537.36 (KHTML, like Gecko) Chrome/91.0.4472.90 Mobile Safari/537.36 (compatible; Googlebot/2.1; +http://www.google.com/bot.html)"
66.249.66.198 - - [16/Jul/2021:23:44:00 +0200] "GET /plush-keeleco-friendly-seal-p-51851.html HTTP/1.0" 200 70297 "-" "Mozilla/5.0 (Linux; Android 6.0.1; Nexus 5X Build/MMB29P) AppleWebKit/537.36 (KHTML, like Gecko) Chrome/91.0.4472.90 Mobile Safari/537.36 (compatible; Googlebot/2.1; +http://www.google.com/bot.html)"
66.249.66.200 - - [16/Jul/2021:23:44:00 +0200] "GET /-p-32882.html HTTP/1.0" 200 70197 "-" "Mozilla/5.0 (Linux; Android 6.0.1; Nexus 5X Build/MMB29P) AppleWebKit/537.36 (KHTML, like Gecko) Chrome/91.0.4472.90 Mobile Safari/537.36 (compatible; Googlebot/2.1; +http://www.google.com/bot.html)"
167.172.151.91 - - [16/Jul/2021:23:44:15 +0200] "GET /wp-login.php HTTP/1.0" 301 535 "-" "Mozilla/5.0 (X11; Ubuntu; Linux x86_64; rv:62.0) Gecko/20100101 Firefox/62.0"
167.172.151.91 - - [16/Jul/2021:23:44:15 +0200] "GET /wp-login.php HTTP/1.0" 301 535 "-" "Mozilla/5.0 (X11; Ubuntu; Linux x86_64; rv:62.0) Gecko/20100101 Firefox/62.0"
167.172.151.91 - - [16/Jul/2021:23:44:15 +0200] "GET /wp-login.php HTTP/1.0" 301 535 "-" "Mozilla/5.0 (X11; Ubuntu; Linux x86_64; rv:62.0) Gecko/20100101 Firefox/62.0"
167.172.151.91 - - [16/Jul/2021:23:44:15 +0200] "GET /wp-login.php HTTP/1.0" 301 535 "-" "Mozilla/5.0 (X11; Ubuntu; Linux x86_64; rv:62.0) Gecko/20100101 Firefox/62.0"
167.172.151.91 - - [16/Jul/2021:23:44:15 +0200] "GET /wp-login.php HTTP/1.0" 301 535 "-" "Mozilla/5.0 (X11; Ubuntu; Linux x86_64; rv:62.0) Gecko/20100101 Firefox/62.0"
167.172.151.91 - - [16/Jul/2021:23:44:15 +0200] "GET /wp-login.php HTTP/1.0" 301 535 "-" "Mozilla/5.0 (X11; Ubuntu; Linux x86_64; rv:62.0) Gecko/20100101 Firefox/62.0"
167.172.151.91 - - [16/Jul/2021:23:44:15 +0200] "GET /wp-login.php HTTP/1.0" 404 1308 "http://wonder-geek.com/wp-login.php" "Mozilla/5.0 (X11; Ubuntu; Linux x86_64; rv:62.0) Gecko/20100101 Firefox/62.0"
167.172.151.91 - - [16/Jul/2021:23:44:15 +0200] "GET /wp-login.php HTTP/1.0" 404 1308 "http://wonder-geek.com/wp-login.php" "Mozilla/5.0 (X11; Ubuntu; Linux x86_64; rv:62.0) Gecko/20100101 Firefox/62.0"
167.172.151.91 - - [16/Jul/2021:23:44:15 +0200] "GET /wp-login.php HTTP/1.0" 404 1308 "http://wonder-geek.com/wp-login.php" "Mozilla/5.0 (X11; Ubuntu; Linux x86_64; rv:62.0) Gecko/20100101 Firefox/62.0"
167.172.151.91 - - [16/Jul/2021:23:44:16 +0200] "GET /wp-login.php HTTP/1.0" 404 1308 "http://wonder-geek.com/wp-login.php" "Mozilla/5.0 (X11; Ubuntu; Linux x86_64; rv:62.0) Gecko/20100101 Firefox/62.0"
167.172.151.91 - - [16/Jul/2021:23:44:16 +0200] "GET /wp-login.php HTTP/1.0" 404 1308 "http://wonder-geek.com/wp-login.php" "Mozilla/5.0 (X11; Ubuntu; Linux x86_64; rv:62.0) Gecko/20100101 Firefox/62.0"
167.172.151.91 - - [16/Jul/2021:23:44:16 +0200] "GET /wp-login.php HTTP/1.0" 404 1308 "http://wonder-geek.com/wp-login.php" "Mozilla/5.0 (X11; Ubuntu; Linux x86_64; rv:62.0) Gecko/20100101 Firefox/62.0"
157.55.39.72 - - [16/Jul/2021:23:44:16 +0200] "GET /barbazoo-birth-barbabib-p-16321.html HTTP/1.0" 200 73067 "-" "Mozilla/5.0 (compatible; bingbot/2.0; +http://www.bing.com/bingbot.htm)"
216.244.66.242 - - [16/Jul/2021:23:44:47 +0200] "GET /robots.txt HTTP/1.0" 200 245 "-" "Mozilla/5.0 (compatible; DotBot/1.2; +https://opensiteexplorer.org/dotbot; help@moz.com)"
157.55.39.72 - - [16/Jul/2021:23:44:46 +0200] "GET /barbamama-birth-barbabib-p-16320.html HTTP/1.0" 200 73075 "-" "Mozilla/5.0 (compatible; bingbot/2.0; +http://www.bing.com/bingbot.htm)"
207.46.13.182 - - [16/Jul/2021:23:45:07 +0200] "GET /bart-simpson-clock-p-12854.html HTTP/1.0" 200 72792 "-" "Mozilla/5.0 (compatible; bingbot/2.0; +http://www.bing.com/bingbot.htm)"
207.46.13.179 - - [16/Jul/2021:23:45:18 +0200] "GET /flower-bowl-model-p-49589.html HTTP/1.0" 200 70263 "-" "Mozilla/5.0 (compatible; bingbot/2.0; +http://www.bing.com/bingbot.htm)"
157.55.39.167 - - [16/Jul/2021:23:45:37 +0200] "GET /littlest-petshop-yellow-swimsuit-p-30264.html HTTP/1.0" 200 74335 "-" "Mozilla/5.0 (compatible; bingbot/2.0; +http://www.bing.com/bingbot.htm)"
185.191.171.9 - - [16/Jul/2021:23:45:38 +0200] "GET /furniture-knob-sold-individually-p-55701.html HTTP/1.0" 200 73826 "-" "Mozilla/5.0 (compatible; SemrushBot/7~bl; +http://www.semrush.com/bot.html)"
147.92.153.17 - - [16/Jul/2021:23:45:50 +0200] "GET /images/big_prod/3701206604265.jpg HTTP/1.0" 200 268 "-" "Mozilla/5.0 (compatible; Linespider/1.1; +https://lin.ee/4dwXkTH)"
207.46.13.182 - - [16/Jul/2021:23:45:58 +0200] "GET /ethnic-style-burlap-table-p-48450.html HTTP/1.0" 200 70287 "-" "Mozilla/5.0 (compatible; bingbot/2.0; +http://www.bing.com/bingbot.htm)"
51.68.224.127 - - [16/Jul/2021:23:46:20 +0200] "GET /adminweb/export_orders_xml.php?token=256de2z6edz6ed2z6DFSFsed2zed6zeDSFDSGdzedezfzf&maxorders=10&orderstart=1&status=14&start_date=2018-10-01 HTTP/1.0" 200 285 "-" "GesCom CharlotteBoutik Serveur"
51.68.224.127 - - [16/Jul/2021:23:46:20 +0200] "GET /adminweb/export_orders_xml.php?token=256de2z6edz6ed2z6DFSFsed2zed6zeDSFDSGdzedezfzf&maxorders=10&orderstart=1&status=6&start_date=2018-10-01 HTTP/1.0" 200 29786 "-" "GesCom CharlotteBoutik Serveur"
157.55.39.180 - - [16/Jul/2021:23:46:27 +0200] "GET /-p-16762.html HTTP/1.0" 200 70197 "-" "Mozilla/5.0 (compatible; bingbot/2.0; +http://www.bing.com/bingbot.htm)"
185.191.171.36 - - [16/Jul/2021:23:46:30 +0200] "GET /tinkerbell-keyring-p-12127.html HTTP/1.0" 200 70278 "-" "Mozilla/5.0 (compatible; SemrushBot/7~bl; +http://www.semrush.com/bot.html)"
157.55.39.72 - - [16/Jul/2021:23:46:57 +0200] "GET /-p-32105.html HTTP/1.0" 200 70197 "-" "Mozilla/5.0 (compatible; bingbot/2.0; +http://www.bing.com/bingbot.htm)"
207.46.13.179 - - [16/Jul/2021:23:46:59 +0200] "GET /mouseion-collection-gayer-anderson-resin-figure-p-34111.html HTTP/1.0" 200 73152 "-" "Mozilla/5.0 (compatible; bingbot/2.0; +http://www.bing.com/bingbot.htm)"
157.55.39.78 - - [16/Jul/2021:23:47:03 +0200] "GET /buddha-zen-rectangulary-cushion-by-cbkreation-p-36373.html HTTP/1.0" 301 70458 "-" "Mozilla/5.0 (compatible; bingbot/2.0; +http://www.bing.com/bingbot.htm)"
157.55.39.177 - - [16/Jul/2021:23:47:08 +0200] "GET /angel-wings-black-shirt-cbkreation-p-30122.html HTTP/1.0" 200 73945 "-" "Mozilla/5.0 (compatible; bingbot/2.0; +http://www.bing.com/bingbot.htm)"
157.55.39.177 - - [16/Jul/2021:23:47:10 +0200] "GET /door-plate-p-50999.html HTTP/1.0" 200 72752 "-" "Mozilla/5.0 (compatible; bingbot/2.0; +http://www.bing.com/bingbot.htm)"
157.55.39.78 - - [16/Jul/2021:23:47:13 +0200] "GET /samurai-ukiyo-mase-chudayu-masa-aki-statue-in-resin-p-35581.html HTTP/1.0" 301 70546 "-" "Mozilla/5.0 (compatible; bingbot/2.0; +http://www.bing.com/bingbot.htm)"
66.249.66.202 - - [16/Jul/2021:23:47:21 +0200] "GET /rhinoceros-plant-p-54315.html HTTP/1.0" 200 73397 "-" "Mozilla/5.0 (compatible; Googlebot/2.1; +http://www.google.com/bot.html)"
207.46.13.174 - - [16/Jul/2021:23:47:29 +0200] "GET /-p-29056.html HTTP/1.0" 200 70197 "-" "Mozilla/5.0 (compatible; bingbot/2.0; +http://www.bing.com/bingbot.htm)"
207.46.13.182 - - [16/Jul/2021:23:47:46 +0200] "GET /maisy-little-bowling-bag-oilcloth-p-15248.html HTTP/1.0" 301 70409 "-" "Mozilla/5.0 (compatible; bingbot/2.0; +http://www.bing.com/bingbot.htm)"
207.46.13.182 - - [16/Jul/2021:23:47:47 +0200] "GET /pretty-doe-glass-clock-p-34007.html HTTP/1.0" 301 70264 "-" "Mozilla/5.0 (compatible; bingbot/2.0; +http://www.bing.com/bingbot.htm)"
207.46.13.182 - - [16/Jul/2021:23:47:49 +0200] "GET /top-model-birthday-musical-card-with-envelope-p-19783.html HTTP/1.0" 301 70513 "-" "Mozilla/5.0 (compatible; bingbot/2.0; +http://www.bing.com/bingbot.htm)"
157.55.39.78 - - [16/Jul/2021:23:48:10 +0200] "GET /small-chest-in-raw-wood-whitened-p-48069.html HTTP/1.0" 301 70393 "-" "Mozilla/5.0 (compatible; bingbot/2.0; +http://www.bing.com/bingbot.htm)"
207.46.13.179 - - [16/Jul/2021:23:48:17 +0200] "GET /windchime-wood-five-chimes-p-43513.html HTTP/1.0" 200 73495 "-" "Mozilla/5.0 (compatible; bingbot/2.0; +http://www.bing.com/bingbot.htm)"
207.46.13.182 - - [16/Jul/2021:23:48:38 +0200] "GET /-p-23117.html HTTP/1.0" 200 70197 "-" "Mozilla/5.0 (compatible; bingbot/2.0; +http://www.bing.com/bingbot.htm)"
185.191.171.8 - - [16/Jul/2021:23:48:44 +0200] "GET /zen-embossed-metal-frame-p-45835.html HTTP/1.0" 301 73755 "-" "Mozilla/5.0 (compatible; SemrushBot/7~bl; +http://www.semrush.com/bot.html)"
185.191.171.2 - - [16/Jul/2021:23:48:51 +0200] "GET /embossed-metal-frame-p-45835.html HTTP/1.0" 200 73668 "-" "Mozilla/5.0 (compatible; SemrushBot/7~bl; +http://www.semrush.com/bot.html)"
185.191.171.42 - - [16/Jul/2021:23:49:04 +0200] "GET /household-linen/linen-bed/calimero-bedclothes-p-12628.html HTTP/1.0" 301 70264 "-" "Mozilla/5.0 (compatible; SemrushBot/7~bl; +http://www.semrush.com/bot.html)"
185.191.171.15 - - [16/Jul/2021:23:49:10 +0200] "GET /-p-12628.html HTTP/1.0" 200 70197 "-" "Mozilla/5.0 (compatible; SemrushBot/7~bl; +http://www.semrush.com/bot.html)"
66.249.66.202 - - [16/Jul/2021:23:49:21 +0200] "GET /johnny-hallyday-mouse-p-10933.html HTTP/1.0" 200 72820 "-" "Mozilla/5.0 (Linux; Android 6.0.1; Nexus 5X Build/MMB29P) AppleWebKit/537.36 (KHTML, like Gecko) Chrome/91.0.4472.90 Mobile Safari/537.36 (compatible; Googlebot/2.1; +http://www.google.com/bot.html)"
207.46.13.182 - - [16/Jul/2021:23:49:33 +0200] "GET /-p-8355.html HTTP/1.0" 200 70195 "-" "Mozilla/5.0 (compatible; bingbot/2.0; +http://www.bing.com/bingbot.htm)"
207.46.13.182 - - [16/Jul/2021:23:49:35 +0200] "GET /fairies-backpack-p-19685.html HTTP/1.0" 200 72808 "-" "Mozilla/5.0 (compatible; bingbot/2.0; +http://www.bing.com/bingbot.htm)"
157.55.39.166 - - [16/Jul/2021:23:49:53 +0200] "GET /jackets-coats-parkas-c-2_41.html HTTP/1.0" 200 77826 "-" "Mozilla/5.0 (compatible; bingbot/2.0; +http://www.bing.com/bingbot.htm)"
185.191.171.4 - - [16/Jul/2021:23:50:00 +0200] "GET /marseille-soap-soap-p-40115.html HTTP/1.0" 200 73135 "-" "Mozilla/5.0 (compatible; SemrushBot/7~bl; +http://www.semrush.com/bot.html)"
185.191.171.15 - - [16/Jul/2021:23:50:06 +0200] "GET /om-olympique-de-marseille-backpack-p-52185.html HTTP/1.0" 301 73760 "-" "Mozilla/5.0 (compatible; SemrushBot/7~bl; +http://www.semrush.com/bot.html)"
185.191.171.11 - - [16/Jul/2021:23:50:08 +0200] "GET /olympique-marseille-backpack-p-52185.html HTTP/1.0" 200 73665 "-" "Mozilla/5.0 (compatible; SemrushBot/7~bl; +http://www.semrush.com/bot.html)"
111.225.148.114 - - [16/Jul/2021:23:50:11 +0200] "GET /coasters-candy-cbkreation-p-15017.html HTTP/1.0" 200 72996 "-" "Mozilla/5.0 (Linux; Android 5.0) AppleWebKit/537.36 (KHTML, like Gecko) Mobile Safari/537.36 (compatible; Bytespider; https://zhanzhang.toutiao.com/)"
111.225.148.120 - - [16/Jul/2021:23:50:13 +0200] "GET /swfobject.js HTTP/1.0" 404 1308 "http://www.wonder-geek.com/coasters-candy-cbkreation-p-15017.html" "Mozilla/5.0 (Linux; Android 5.0) AppleWebKit/537.36 (KHTML, like Gecko) Mobile Safari/537.36 (compatible; Bytespider; https://zhanzhang.toutiao.com/)"
185.191.171.4 - - [16/Jul/2021:23:50:14 +0200] "GET /cotton-floor-cushion-green-p-48835.html HTTP/1.0" 200 73494 "-" "Mozilla/5.0 (compatible; SemrushBot/7~bl; +http://www.semrush.com/bot.html)"
111.225.148.106 - - [16/Jul/2021:23:50:15 +0200] "GET /swfobject.js HTTP/1.0" 404 1308 "http://www.wonder-geek.com/coasters-candy-cbkreation-p-15017.html" "Mozilla/5.0 (Linux; Android 5.0) AppleWebKit/537.36 (KHTML, like Gecko) Mobile Safari/537.36 (compatible; Bytespider; https://zhanzhang.toutiao.com/)"
111.225.148.115 - - [16/Jul/2021:23:50:17 +0200] "GET /highslide/graphics/zoomout.cur HTTP/1.0" 200 614 "http://www.wonder-geek.com/coasters-candy-cbkreation-p-15017.html" "Mozilla/5.0 (Linux; Android 5.0) AppleWebKit/537.36 (KHTML, like Gecko) Mobile Safari/537.36 (compatible; Bytespider; https://zhanzhang.toutiao.com/)"
111.225.148.105 - - [16/Jul/2021:23:50:17 +0200] "GET /images/Soustassebonbon4.jpg HTTP/1.0" 200 262 "http://www.wonder-geek.com/coasters-candy-cbkreation-p-15017.html" "Mozilla/5.0 (Linux; Android 5.0) AppleWebKit/537.36 (KHTML, like Gecko) Mobile Safari/537.36 (compatible; Bytespider; https://zhanzhang.toutiao.com/)"
157.55.39.177 - - [16/Jul/2021:23:50:29 +0200] "GET /verity-rose-cupcake-mirror-bag-p-29171.html HTTP/1.0" 301 70392 "-" "Mozilla/5.0 (compatible; bingbot/2.0; +http://www.bing.com/bingbot.htm)"
185.191.171.7 - - [16/Jul/2021:23:50:33 +0200] "GET /retro-sugar-bowl-with-metal-spout-p-45508.html?action=add_product HTTP/1.0" 302 476 "-" "Mozilla/5.0 (compatible; SemrushBot/7~bl; +http://www.semrush.com/bot.html)"
207.46.13.182 - - [16/Jul/2021:23:50:35 +0200] "GET /harley-davidson-zippo-lighter-p-43714.html HTTP/1.0" 200 73349 "-" "Mozilla/5.0 (compatible; bingbot/2.0; +http://www.bing.com/bingbot.htm)"
157.55.39.177 - - [16/Jul/2021:23:50:49 +0200] "GET /flower-of-life-earrings-brass-silver-colored-p-39339.html HTTP/1.0" 301 73081 "-" "Mozilla/5.0 (compatible; bingbot/2.0; +http://www.bing.com/bingbot.htm)"
157.55.39.167 - - [16/Jul/2021:23:50:53 +0200] "GET /star-wars-salt-pepper-p-29268.html HTTP/1.0" 200 70353 "-" "Mozilla/5.0 (compatible; bingbot/2.0; +http://www.bing.com/bingbot.htm)"
157.55.39.167 - - [16/Jul/2021:23:50:56 +0200] "GET /swfobject.js HTTP/1.0" 404 1308 "-" "Mozilla/5.0 (compatible; bingbot/2.0; +http://www.bing.com/bingbot.htm)"
66.249.66.198 - - [16/Jul/2021:23:50:58 +0200] "GET /cherry-grey-espresso-p-35147.html HTTP/1.0" 200 72846 "-" "Mozilla/5.0 (compatible; Googlebot/2.1; +http://www.google.com/bot.html)"
157.55.39.177 - - [16/Jul/2021:23:51:15 +0200] "GET /happy-colors-pink-hairbrush-p-22735.html HTTP/1.0" 200 72881 "-" "Mozilla/5.0 (compatible; bingbot/2.0; +http://www.bing.com/bingbot.htm)"
207.46.13.182 - - [16/Jul/2021:23:51:16 +0200] "GET /corsica-women-black-tee-shirt-drawing-in-the-back-p-31003.html HTTP/1.0" 301 75135 "-" "Mozilla/5.0 (compatible; bingbot/2.0; +http://www.bing.com/bingbot.htm)"
207.46.13.179 - - [16/Jul/2021:23:51:35 +0200] "GET /daisy-and-minnie-bag-lunch-box-and-bottle-p-31685.html HTTP/1.0" 301 73177 "-" "Mozilla/5.0 (compatible; bingbot/2.0; +http://www.bing.com/bingbot.htm)"
207.46.13.179 - - [16/Jul/2021:23:51:38 +0200] "GET /frozen-blue-vanity-p-34114.html HTTP/1.0" 200 72932 "-" "Mozilla/5.0 (compatible; bingbot/2.0; +http://www.bing.com/bingbot.htm)"
185.191.171.10 - - [16/Jul/2021:23:51:49 +0200] "GET /cactus-wall-decoration-p-46632.html?action=add_product HTTP/1.0" 302 476 "-" "Mozilla/5.0 (compatible; SemrushBot/7~bl; +http://www.semrush.com/bot.html)"
157.55.39.78 - - [16/Jul/2021:23:52:10 +0200] "GET /hanging-gold-parrot-statuette-p-49707.html HTTP/1.0" 200 72961 "-" "Mozilla/5.0 (compatible; bingbot/2.0; +http://www.bing.com/bingbot.htm)"
157.55.39.167 - - [16/Jul/2021:23:52:37 +0200] "GET /please-disturb-metal-plate-p-29226.html HTTP/1.0" 200 72970 "-" "Mozilla/5.0 (compatible; bingbot/2.0; +http://www.bing.com/bingbot.htm)"
185.191.171.13 - - [16/Jul/2021:23:52:43 +0200] "GET /rusty-metal-structure-palm-tree-p-49864.html?action=add_product HTTP/1.0" 302 476 "-" "Mozilla/5.0 (compatible; SemrushBot/7~bl; +http://www.semrush.com/bot.html)"
157.55.39.78 - - [16/Jul/2021:23:52:51 +0200] "GET /flat-thread-sheet-cotton-57-color-purple-240-300-cm-p-46739.html HTTP/1.0" 301 73825 "-" "Mozilla/5.0 (compatible; bingbot/2.0; +http://www.bing.com/bingbot.htm)"
157.55.39.78 - - [16/Jul/2021:23:53:11 +0200] "GET /lola-shower-towel-70-130-cm-420-gr-red-p-41785.html HTTP/1.0" 301 73806 "-" "Mozilla/5.0 (compatible; bingbot/2.0; +http://www.bing.com/bingbot.htm)"
207.46.13.182 - - [16/Jul/2021:23:53:17 +0200] "GET /decorative-wooden-plate-chien-mechant-light-brown-p-47800.html HTTP/1.0" 301 73389 "-" "Mozilla/5.0 (compatible; bingbot/2.0; +http://www.bing.com/bingbot.htm)"
157.55.39.72 - - [16/Jul/2021:23:53:34 +0200] "GET /images/big_prod/629TITInoir.jpg HTTP/1.0" 200 266 "-" "Mozilla/5.0 (compatible; bingbot/2.0; +http://www.bing.com/bingbot.htm)"
185.191.171.3 - - [16/Jul/2021:23:53:36 +0200] "GET /coasters-jamaica-cbkreation-p-15020.html HTTP/1.0" 200 73016 "-" "Mozilla/5.0 (compatible; SemrushBot/7~bl; +http://www.semrush.com/bot.html)"
157.55.39.72 - - [16/Jul/2021:23:53:36 +0200] "GET /orgonite-pendulum-shungite-facet-cut-p-52835.html HTTP/1.0" 301 74839 "-" "Mozilla/5.0 (compatible; bingbot/2.0; +http://www.bing.com/bingbot.htm)"
157.55.39.177 - - [16/Jul/2021:23:53:52 +0200] "GET /cats-dubout-metal-plate-p-30398.html HTTP/1.0" 200 72927 "-" "Mozilla/5.0 (compatible; bingbot/2.0; +http://www.bing.com/bingbot.htm)"
207.46.13.174 - - [16/Jul/2021:23:53:59 +0200] "GET /set-of-plush-tree-hanging-decorations-p-52655.html HTTP/1.0" 301 73083 "-" "Mozilla/5.0 (compatible; bingbot/2.0; +http://www.bing.com/bingbot.htm)"
66.249.66.202 - - [16/Jul/2021:23:54:03 +0200] "GET /gorjuss-ladybird-beauty-bag-p-30842.html HTTP/1.0" 301 70405 "-" "Mozilla/5.0 (Linux; Android 6.0.1; Nexus 5X Build/MMB29P) AppleWebKit/537.36 (KHTML, like Gecko) Chrome/91.0.4472.90 Mobile Safari/537.36 (compatible; Googlebot/2.1; +http://www.google.com/bot.html)"
66.249.66.200 - - [16/Jul/2021:23:54:04 +0200] "GET /boxes-textile-storage-c-13_150_215.html HTTP/1.0" 200 78035 "-" "Mozilla/5.0 (Linux; Android 6.0.1; Nexus 5X Build/MMB29P) AppleWebKit/537.36 (KHTML, like Gecko) Chrome/91.0.4472.90 Mobile Safari/537.36 (compatible; Googlebot/2.1; +http://www.google.com/bot.html)"
66.249.66.200 - - [16/Jul/2021:23:54:05 +0200] "GET /gorjuss-ladybird-beauty-p-30842.html HTTP/1.0" 200 70315 "-" "Mozilla/5.0 (Linux; Android 6.0.1; Nexus 5X Build/MMB29P) AppleWebKit/537.36 (KHTML, like Gecko) Chrome/91.0.4472.90 Mobile Safari/537.36 (compatible; Googlebot/2.1; +http://www.google.com/bot.html)"
66.249.66.200 - - [16/Jul/2021:23:54:06 +0200] "GET /britto-bottle-stoppers-apple-p-32682.html HTTP/1.0" 200 70299 "-" "Mozilla/5.0 (Linux; Android 6.0.1; Nexus 5X Build/MMB29P) AppleWebKit/537.36 (KHTML, like Gecko) Chrome/91.0.4472.90 Mobile Safari/537.36 (compatible; Googlebot/2.1; +http://www.google.com/bot.html)"
207.46.13.182 - - [16/Jul/2021:23:54:17 +0200] "GET /decoration-to-suspend-in-plaster-scented-lavender-p-39278.html HTTP/1.0" 301 73244 "-" "Mozilla/5.0 (compatible; bingbot/2.0; +http://www.bing.com/bingbot.htm)"
207.46.13.182 - - [16/Jul/2021:23:54:20 +0200] "GET /alarms-clocks-c-13_65.html?page=3 HTTP/1.0" 200 91417 "-" "Mozilla/5.0 (compatible; bingbot/2.0; +http://www.bing.com/bingbot.htm)"
157.55.39.180 - - [16/Jul/2021:23:54:36 +0200] "GET /tinted-candle-in-the-mass-ocher-color-p-48916.html HTTP/1.0" 301 73019 "-" "Mozilla/5.0 (compatible; bingbot/2.0; +http://www.bing.com/bingbot.htm)"
157.55.39.166 - - [16/Jul/2021:23:54:41 +0200] "GET /images/big_prod_1/3520071772844B.jpg HTTP/1.0" 200 271 "-" "Mozilla/5.0 (compatible; bingbot/2.0; +http://www.bing.com/bingbot.htm)"
185.191.171.15 - - [16/Jul/2021:23:54:41 +0200] "GET /mugs-mazagrans-c-12_57.html?page=8 HTTP/1.0" 200 96282 "-" "Mozilla/5.0 (compatible; SemrushBot/7~bl; +http://www.semrush.com/bot.html)"
157.55.39.72 - - [16/Jul/2021:23:54:45 +0200] "GET /double-walled-porcelain-with-infuser-p-53002.html HTTP/1.0" 200 72985 "-" "Mozilla/5.0 (compatible; bingbot/2.0; +http://www.bing.com/bingbot.htm)"
157.55.39.72 - - [16/Jul/2021:23:54:47 +0200] "GET /teo-jasmin-pencil-case-teo-marley-p-41282.html HTTP/1.0" 301 73675 "-" "Mozilla/5.0 (compatible; bingbot/2.0; +http://www.bing.com/bingbot.htm)"
207.46.13.174 - - [16/Jul/2021:23:54:59 +0200] "GET /hanbag-diva-metal-plate-deco-p-34293.html HTTP/1.0" 200 72916 "-" "Mozilla/5.0 (compatible; bingbot/2.0; +http://www.bing.com/bingbot.htm)"
157.55.39.166 - - [16/Jul/2021:23:55:11 +0200] "GET /iron-man-tee-shirt-p-31031.html HTTP/1.0" 301 70264 "-" "Mozilla/5.0 (compatible; bingbot/2.0; +http://www.bing.com/bingbot.htm)"
185.191.171.43 - - [16/Jul/2021:23:55:47 +0200] "GET /bamboo-thermos-mug-p-47782.html HTTP/1.0" 301 70351 "-" "Mozilla/5.0 (compatible; SemrushBot/7~bl; +http://www.semrush.com/bot.html)"
185.191.171.40 - - [16/Jul/2021:23:55:50 +0200] "GET /bamboo-thermos-p-47782.html HTTP/1.0" 200 70270 "-" "Mozilla/5.0 (compatible; SemrushBot/7~bl; +http://www.semrush.com/bot.html)"
207.46.13.182 - - [16/Jul/2021:23:55:56 +0200] "GET /-p-29867.html HTTP/1.0" 200 70197 "-" "Mozilla/5.0 (compatible; bingbot/2.0; +http://www.bing.com/bingbot.htm)"
66.249.66.202 - - [16/Jul/2021:23:56:00 +0200] "GET /images/big_prod_1/1328399156924b.jpg HTTP/1.0" 200 271 "-" "Googlebot-Image/1.0"
157.55.39.177 - - [16/Jul/2021:23:56:15 +0200] "GET /uk-alarm-clock-by-cbkreation-p-24993.html HTTP/1.0" 301 72995 "-" "Mozilla/5.0 (compatible; bingbot/2.0; +http://www.bing.com/bingbot.htm)"
47.40.158.138 - - [16/Jul/2021:23:56:30 +0200] "GET /images/big_prod/1399984231142.jpg HTTP/1.0" 200 268 "-" "Dalvik/2.1.0 (Linux; U; Android 7.0; LG-M430 Build/NRD90U)"
207.46.13.182 - - [16/Jul/2021:23:56:36 +0200] "GET /salt-pepper-shaker-p-40795.html HTTP/1.0" 200 72945 "-" "Mozilla/5.0 (compatible; bingbot/2.0; +http://www.bing.com/bingbot.htm)"
157.55.39.166 - - [16/Jul/2021:23:56:53 +0200] "GET /beige-small-box-for-baby-teeth-p-33507.html HTTP/1.0" 301 73077 "-" "Mozilla/5.0 (compatible; bingbot/2.0; +http://www.bing.com/bingbot.htm)"
47.40.158.138 - - [16/Jul/2021:23:57:10 +0200] "GET /images/big_prod/1399984231142.jpg HTTP/1.0" 200 268 "-" "Dalvik/2.1.0 (Linux; U; Android 7.0; LG-M430 Build/NRD90U)"
185.191.171.45 - - [16/Jul/2021:23:57:14 +0200] "GET /mirror-with-shelf-hooks-p-48820.html HTTP/1.0" 200 73688 "-" "Mozilla/5.0 (compatible; SemrushBot/7~bl; +http://www.semrush.com/bot.html)"
157.55.39.78 - - [16/Jul/2021:23:57:32 +0200] "GET /old-red-radio-moneybox-p-41305.html HTTP/1.0" 301 70340 "-" "Mozilla/5.0 (compatible; bingbot/2.0; +http://www.bing.com/bingbot.htm)"
185.191.171.33 - - [16/Jul/2021:23:57:36 +0200] "GET /lois-jean-manufacturer-wallet-p-38161.html HTTP/1.0" 200 73652 "-" "Mozilla/5.0 (compatible; SemrushBot/7~bl; +http://www.semrush.com/bot.html)"
157.55.39.78 - - [16/Jul/2021:23:57:51 +0200] "GET /images/big_prod_2/c5018997632079.jpg HTTP/1.0" 200 271 "-" "Mozilla/5.0 (compatible; bingbot/2.0; +http://www.bing.com/bingbot.htm)"
185.191.171.23 - - [16/Jul/2021:23:58:05 +0200] "GET /large-candle-hours-cotton-soft-p-33006.html?action=add_product HTTP/1.0" 302 476 "-" "Mozilla/5.0 (compatible; SemrushBot/7~bl; +http://www.semrush.com/bot.html)"
157.55.39.177 - - [16/Jul/2021:23:58:16 +0200] "GET /retro-post-card-p-35732.html HTTP/1.0" 200 70293 "-" "Mozilla/5.0 (compatible; bingbot/2.0; +http://www.bing.com/bingbot.htm)"
185.191.171.45 - - [16/Jul/2021:23:58:27 +0200] "GET /votive-candle-hours-strawberry-cream-p-38108.html HTTP/1.0" 200 74027 "-" "Mozilla/5.0 (compatible; SemrushBot/7~bl; +http://www.semrush.com/bot.html)"
185.191.171.23 - - [16/Jul/2021:23:58:29 +0200] "GET /lord-brian-london-p-39518.html?action=add_product HTTP/1.0" 302 476 "-" "Mozilla/5.0 (compatible; SemrushBot/7~bl; +http://www.semrush.com/bot.html)"
157.55.39.166 - - [16/Jul/2021:23:58:33 +0200] "GET /light-brown-fitted-sheet-90-190-cm-p-39683.html HTTP/1.0" 301 73613 "-" "Mozilla/5.0 (compatible; bingbot/2.0; +http://www.bing.com/bingbot.htm)"
157.55.39.180 - - [16/Jul/2021:23:59:17 +0200] "GET /-p-34432.html HTTP/1.0" 200 70197 "-" "Mozilla/5.0 (compatible; bingbot/2.0; +http://www.bing.com/bingbot.htm)"
66.249.66.198 - - [16/Jul/2021:23:59:41 +0200] "GET /disney-princess-jewelry-p-37039.html HTTP/1.0" 200 73747 "-" "Mozilla/5.0 (Linux; Android 6.0.1; Nexus 5X Build/MMB29P) AppleWebKit/537.36 (KHTML, like Gecko) Chrome/91.0.4472.90 Mobile Safari/537.36 (compatible; Googlebot/2.1; +http://www.google.com/bot.html)"
185.191.171.7 - - [17/Jul/2021:00:00:02 +0200] "GET /japanese-style-tetsubin-cast-iron-liter-teapot-p-53560.html?action=add_product HTTP/1.0" 302 476 "-" "Mozilla/5.0 (compatible; SemrushBot/7~bl; +http://www.semrush.com/bot.html)"
111.225.149.247 - - [17/Jul/2021:00:00:11 +0200] "GET /baby-footprint-photo-frame-p-53627.html HTTP/1.0" 200 73242 "-" "Mozilla/5.0 (Linux; Android 5.0) AppleWebKit/537.36 (KHTML, like Gecko) Mobile Safari/537.36 (compatible; Bytespider; https://zhanzhang.toutiao.com/)"
111.225.149.244 - - [17/Jul/2021:00:00:14 +0200] "GET /swfobject.js HTTP/1.0" 404 1308 "http://www.wonder-geek.com/baby-footprint-photo-frame-p-53627.html" "Mozilla/5.0 (Linux; Android 5.0) AppleWebKit/537.36 (KHTML, like Gecko) Mobile Safari/537.36 (compatible; Bytespider; https://zhanzhang.toutiao.com/)"
157.55.39.166 - - [17/Jul/2021:00:00:12 +0200] "GET /laitiere-tablecloth-p-28546.html HTTP/1.0" 200 72843 "-" "Mozilla/5.0 (compatible; bingbot/2.0; +http://www.bing.com/bingbot.htm)"
111.225.149.242 - - [17/Jul/2021:00:00:15 +0200] "GET /highslide/graphics/zoomout.cur HTTP/1.0" 200 614 "http://www.wonder-geek.com/baby-footprint-photo-frame-p-53627.html" "Mozilla/5.0 (Linux; Android 5.0) AppleWebKit/537.36 (KHTML, like Gecko) Mobile Safari/537.36 (compatible; Bytespider; https://zhanzhang.toutiao.com/)"
157.55.39.166 - - [17/Jul/2021:00:00:15 +0200] "GET /-p-51428.html HTTP/1.0" 200 70197 "-" "Mozilla/5.0 (compatible; bingbot/2.0; +http://www.bing.com/bingbot.htm)"
111.225.149.237 - - [17/Jul/2021:00:00:15 +0200] "GET /images/big_prod/3660173239347.jpg HTTP/1.0" 200 268 "http://www.wonder-geek.com/baby-footprint-photo-frame-p-53627.html" "Mozilla/5.0 (Linux; Android 5.0) AppleWebKit/537.36 (KHTML, like Gecko) Mobile Safari/537.36 (compatible; Bytespider; https://zhanzhang.toutiao.com/)"
157.55.39.72 - - [17/Jul/2021:00:00:15 +0200] "GET /sex-pistols-pencil-case-p-19627.html HTTP/1.0" 301 72952 "-" "Mozilla/5.0 (compatible; bingbot/2.0; +http://www.bing.com/bingbot.htm)"
157.55.39.167 - - [17/Jul/2021:00:00:17 +0200] "GET /game-watch-iphone-cover-p-24918.html HTTP/1.0" 200 72697 "-" "Mozilla/5.0 (compatible; bingbot/2.0; +http://www.bing.com/bingbot.htm)"
157.55.39.167 - - [17/Jul/2021:00:00:35 +0200] "GET /-p-19641.html HTTP/1.0" 200 70197 "-" "Mozilla/5.0 (compatible; bingbot/2.0; +http://www.bing.com/bingbot.htm)"
207.46.13.174 - - [17/Jul/2021:00:00:44 +0200] "GET /star-wars-r2d2-sound-effects-pencil-case-p-32742.html HTTP/1.0" 200 70347 "-" "Mozilla/5.0 (compatible; bingbot/2.0; +http://www.bing.com/bingbot.htm)"
207.46.13.179 - - [17/Jul/2021:00:00:39 +0200] "GET /-p-11413.html HTTP/1.0" 200 70197 "-" "Mozilla/5.0 (compatible; bingbot/2.0; +http://www.bing.com/bingbot.htm)"
185.191.171.7 - - [17/Jul/2021:00:00:47 +0200] "GET /dessert-dish-glass-with-anti-slip-feet-p-47334.html HTTP/1.0" 200 73554 "-" "Mozilla/5.0 (compatible; SemrushBot/7~bl; +http://www.semrush.com/bot.html)"
185.191.171.23 - - [17/Jul/2021:00:00:59 +0200] "GET /plush-keeleco-friendly-p-55368.html HTTP/1.0" 200 73709 "-" "Mozilla/5.0 (compatible; SemrushBot/7~bl; +http://www.semrush.com/bot.html)"
207.46.13.174 - - [17/Jul/2021:00:01:00 +0200] "GET /duvet-cover-in-cotton-percale-80-threads-200-200-cm-p-48208.html HTTP/1.0" 301 73237 "-" "Mozilla/5.0 (compatible; bingbot/2.0; +http://www.bing.com/bingbot.htm)"
185.191.171.43 - - [17/Jul/2021:00:01:06 +0200] "GET /small-candle-white-eucalyptus-p-46864.html HTTP/1.0" 200 73423 "-" "Mozilla/5.0 (compatible; SemrushBot/7~bl; +http://www.semrush.com/bot.html)"
157.55.39.180 - - [17/Jul/2021:00:01:49 +0200] "GET /cats-dubout-bowl-p-45217.html HTTP/1.0" 200 72776 "-" "Mozilla/5.0 (compatible; bingbot/2.0; +http://www.bing.com/bingbot.htm)"
157.55.39.166 - - [17/Jul/2021:00:01:53 +0200] "GET /iron-cast-trivet-cats-p-52846.html HTTP/1.0" 200 72825 "-" "Mozilla/5.0 (compatible; bingbot/2.0; +http://www.bing.com/bingbot.htm)"
66.249.66.202 - - [17/Jul/2021:00:02:04 +0200] "GET /decorative-door-sticker-p-51531.html HTTP/1.0" 200 73698 "-" "Mozilla/5.0 (Linux; Android 6.0.1; Nexus 5X Build/MMB29P) AppleWebKit/537.36 (KHTML, like Gecko) Chrome/91.0.4472.90 Mobile Safari/537.36 (compatible; Googlebot/2.1; +http://www.google.com/bot.html)"
157.55.39.72 - - [17/Jul/2021:00:02:04 +0200] "GET /batman-black-shirt-p-29544.html HTTP/1.0" 200 73937 "-" "Mozilla/5.0 (compatible; bingbot/2.0; +http://www.bing.com/bingbot.htm)"
207.46.13.182 - - [17/Jul/2021:00:02:04 +0200] "GET /kimmidoll-brush-p-44813.html HTTP/1.0" 200 72826 "-" "Mozilla/5.0 (compatible; bingbot/2.0; +http://www.bing.com/bingbot.htm)"
207.46.13.182 - - [17/Jul/2021:00:02:24 +0200] "GET /images/big_prod/35444.jpg HTTP/1.0" 200 260 "-" "Mozilla/5.0 (compatible; bingbot/2.0; +http://www.bing.com/bingbot.htm)"
216.244.66.242 - - [17/Jul/2021:00:02:30 +0200] "GET /tibetan-meditation-table-p-45460.html HTTP/1.0" 200 70308 "-" "Mozilla/5.0 (compatible; DotBot/1.2; +https://opensiteexplorer.org/dotbot; help@moz.com)"
157.55.39.177 - - [17/Jul/2021:00:03:00 +0200] "GET /wax-melt-warmer-moroccan-lattice-p-48096.html HTTP/1.0" 301 73664 "-" "Mozilla/5.0 (compatible; bingbot/2.0; +http://www.bing.com/bingbot.htm)"
216.244.66.242 - - [17/Jul/2021:00:03:06 +0200] "GET /flat-pocket-star-wars-characters-p-19191.html HTTP/1.0" 200 72952 "-" "Mozilla/5.0 (compatible; DotBot/1.2; +https://opensiteexplorer.org/dotbot; help@moz.com)"
51.68.224.127 - - [17/Jul/2021:00:03:12 +0200] "GET /adminweb/export_orders_xml.php?token=256de2z6edz6ed2z6DFSFsed2zed6zeDSFDSGdzedezfzf&maxorders=10&orderstart=1&status=14&start_date=2018-10-01 HTTP/1.0" 200 285 "-" "GesCom CharlotteBoutik Serveur"
51.68.224.127 - - [17/Jul/2021:00:03:12 +0200] "GET /adminweb/export_orders_xml.php?token=256de2z6edz6ed2z6DFSFsed2zed6zeDSFDSGdzedezfzf&maxorders=10&orderstart=1&status=6&start_date=2018-10-01 HTTP/1.0" 200 29786 "-" "GesCom CharlotteBoutik Serveur"
157.55.39.72 - - [17/Jul/2021:00:03:15 +0200] "GET /-m-7.html HTTP/1.0" 200 90908 "-" "Mozilla/5.0 (compatible; bingbot/2.0; +http://www.bing.com/bingbot.htm)"
157.55.39.72 - - [17/Jul/2021:00:03:17 +0200] "GET /volkswagen-combi-green-clock-p-35305.html HTTP/1.0" 301 70264 "-" "Mozilla/5.0 (compatible; bingbot/2.0; +http://www.bing.com/bingbot.htm)"
207.46.13.182 - - [17/Jul/2021:00:03:22 +0200] "GET /figures-sonny-angel-birthday-gift-bear-series-complete-p-54725.html HTTP/1.0" 200 74171 "-" "Mozilla/5.0 (compatible; bingbot/2.0; +http://www.bing.com/bingbot.htm)"
207.46.13.182 - - [17/Jul/2021:00:03:24 +0200] "GET /olympique-marseille-black-bowl-p-38006.html HTTP/1.0" 200 72877 "-" "Mozilla/5.0 (compatible; bingbot/2.0; +http://www.bing.com/bingbot.htm)"
157.55.39.177 - - [17/Jul/2021:00:03:30 +0200] "GET /superman-mug-and-plate-box-p-16430.html HTTP/1.0" 301 73370 "-" "Mozilla/5.0 (compatible; bingbot/2.0; +http://www.bing.com/bingbot.htm)"
157.55.39.167 - - [17/Jul/2021:00:03:36 +0200] "GET /red-telephone-box-egg-cup-with-salt-cellar-top-p-28901.html HTTP/1.0" 301 70424 "-" "Mozilla/5.0 (compatible; bingbot/2.0; +http://www.bing.com/bingbot.htm)"
66.249.66.198 - - [17/Jul/2021:00:04:16 +0200] "GET /gorjuss-small-mug-in-gift-box-april-showers-p-50952.html HTTP/1.0" 301 70448 "-" "Mozilla/5.0 (Linux; Android 6.0.1; Nexus 5X Build/MMB29P) AppleWebKit/537.36 (KHTML, like Gecko) Chrome/91.0.4472.90 Mobile Safari/537.36 (compatible; Googlebot/2.1; +http://www.google.com/bot.html)"
66.249.66.200 - - [17/Jul/2021:00:04:17 +0200] "GET /paw-patrol-team-poster-p-32328.html HTTP/1.0" 301 70375 "-" "Mozilla/5.0 (Linux; Android 6.0.1; Nexus 5X Build/MMB29P) AppleWebKit/537.36 (KHTML, like Gecko) Chrome/91.0.4472.90 Mobile Safari/537.36 (compatible; Googlebot/2.1; +http://www.google.com/bot.html)"
66.249.66.202 - - [17/Jul/2021:00:04:17 +0200] "GET /gorjuss-small-gift-april-showers-p-50952.html HTTP/1.0" 200 70349 "-" "Mozilla/5.0 (Linux; Android 6.0.1; Nexus 5X Build/MMB29P) AppleWebKit/537.36 (KHTML, like Gecko) Chrome/91.0.4472.90 Mobile Safari/537.36 (compatible; Googlebot/2.1; +http://www.google.com/bot.html)"
66.249.66.198 - - [17/Jul/2021:00:04:18 +0200] "GET /patrol-team-poster-p-32328.html HTTP/1.0" 200 70290 "-" "Mozilla/5.0 (Linux; Android 6.0.1; Nexus 5X Build/MMB29P) AppleWebKit/537.36 (KHTML, like Gecko) Chrome/91.0.4472.90 Mobile Safari/537.36 (compatible; Googlebot/2.1; +http://www.google.com/bot.html)"
54.36.148.59 - - [17/Jul/2021:00:04:17 +0200] "GET /deco-sommelier-p-47459.html HTTP/1.0" 301 70264 "-" "Mozilla/5.0 (compatible; AhrefsBot/7.0; +http://ahrefs.com/robot/)"
207.46.13.182 - - [17/Jul/2021:00:04:32 +0200] "GET /gorjuss-rosie-calendar-year-2018-p-36746.html HTTP/1.0" 200 70348 "-" "Mozilla/5.0 (compatible; bingbot/2.0; +http://www.bing.com/bingbot.htm)"
157.55.39.167 - - [17/Jul/2021:00:04:37 +0200] "GET /-p-34312.html HTTP/1.0" 200 70197 "-" "Mozilla/5.0 (compatible; bingbot/2.0; +http://www.bing.com/bingbot.htm)"
185.191.171.8 - - [17/Jul/2021:00:04:39 +0200] "GET /little-mariners-espresso-p-38459.html?action=add_product HTTP/1.0" 302 476 "-" "Mozilla/5.0 (compatible; SemrushBot/7~bl; +http://www.semrush.com/bot.html)"
157.55.39.180 - - [17/Jul/2021:00:05:23 +0200] "GET /monster-high-p-18676.html HTTP/1.0" 200 73046 "-" "Mozilla/5.0 (compatible; bingbot/2.0; +http://www.bing.com/bingbot.htm)"
157.55.39.72 - - [17/Jul/2021:00:06:16 +0200] "GET /betty-boop-and-her-dog-figure-collection-p-28452.html HTTP/1.0" 301 70459 "-" "Mozilla/5.0 (compatible; bingbot/2.0; +http://www.bing.com/bingbot.htm)"
157.55.39.180 - - [17/Jul/2021:00:06:21 +0200] "GET /-p-17483.html HTTP/1.0" 200 70197 "-" "Mozilla/5.0 (compatible; bingbot/2.0; +http://www.bing.com/bingbot.htm)"
185.191.171.4 - - [17/Jul/2021:00:06:52 +0200] "GET /lady-cupcake-metal-chocolate-p-46510.html?action=add_product HTTP/1.0" 302 476 "-" "Mozilla/5.0 (compatible; SemrushBot/7~bl; +http://www.semrush.com/bot.html)"
216.244.66.242 - - [17/Jul/2021:00:07:12 +0200] "GET /toys-c-4_45.html?page=5 HTTP/1.0" 200 89688 "-" "Mozilla/5.0 (compatible; DotBot/1.2; +https://opensiteexplorer.org/dotbot; help@moz.com)"
185.191.171.1 - - [17/Jul/2021:00:07:16 +0200] "GET /salt-with-wooden-spoon-inaya-p-54497.html?action=add_product HTTP/1.0" 302 476 "-" "Mozilla/5.0 (compatible; SemrushBot/7~bl; +http://www.semrush.com/bot.html)"
216.244.66.242 - - [17/Jul/2021:00:07:28 +0200] "GET /lego-star-wars-polar-blanket-p-49677.html HTTP/1.0" 200 73528 "-" "Mozilla/5.0 (compatible; DotBot/1.2; +https://opensiteexplorer.org/dotbot; help@moz.com)"
185.191.171.3 - - [17/Jul/2021:00:07:40 +0200] "GET /minnie-mouse-figure-collection-romero-britto-p-53507.html HTTP/1.0" 200 73143 "-" "Mozilla/5.0 (compatible; SemrushBot/7~bl; +http://www.semrush.com/bot.html)"
216.244.66.242 - - [17/Jul/2021:00:08:23 +0200] "GET /adults-c-53.html?page=12 HTTP/1.0" 200 90207 "-" "Mozilla/5.0 (compatible; DotBot/1.2; +https://opensiteexplorer.org/dotbot; help@moz.com)"
185.191.171.40 - - [17/Jul/2021:00:08:25 +0200] "GET /cast-iron-door-lock-cat-p-49464.html HTTP/1.0" 301 72905 "-" "Mozilla/5.0 (compatible; SemrushBot/7~bl; +http://www.semrush.com/bot.html)"
185.191.171.38 - - [17/Jul/2021:00:08:27 +0200] "GET /cast-iron-door-lock-p-49464.html HTTP/1.0" 200 72819 "-" "Mozilla/5.0 (compatible; SemrushBot/7~bl; +http://www.semrush.com/bot.html)"
216.244.66.242 - - [17/Jul/2021:00:08:27 +0200] "GET /minnie-umbrella-p-6094.html HTTP/1.0" 200 72967 "-" "Mozilla/5.0 (compatible; DotBot/1.2; +https://opensiteexplorer.org/dotbot; help@moz.com)"
207.46.13.182 - - [17/Jul/2021:00:08:27 +0200] "GET /double-wall-dispenser-for-cereals-p-48686.html HTTP/1.0" 301 70264 "-" "Mozilla/5.0 (compatible; bingbot/2.0; +http://www.bing.com/bingbot.htm)"
185.191.171.15 - - [17/Jul/2021:00:08:34 +0200] "GET /aqua-karlsen-clock-cement-tiles-p-55767.html?action=add_product HTTP/1.0" 302 476 "-" "Mozilla/5.0 (compatible; SemrushBot/7~bl; +http://www.semrush.com/bot.html)"
157.55.39.78 - - [17/Jul/2021:00:08:43 +0200] "GET /decorative-wooden-plate-donkey-corsica-yellow-and-blue-p-47839.html HTTP/1.0" 301 73454 "-" "Mozilla/5.0 (compatible; bingbot/2.0; +http://www.bing.com/bingbot.htm)"
207.46.13.179 - - [17/Jul/2021:00:08:48 +0200] "GET /-p-40551.html HTTP/1.0" 200 70197 "-" "Mozilla/5.0 (compatible; bingbot/2.0; +http://www.bing.com/bingbot.htm)"
157.55.39.167 - - [17/Jul/2021:00:09:05 +0200] "GET /images/med_prod/8435306269882.jpg HTTP/1.0" 200 268 "-" "Mozilla/5.0 (compatible; bingbot/2.0; +http://www.bing.com/bingbot.htm)"
157.55.39.72 - - [17/Jul/2021:00:09:16 +0200] "GET /retro-cookie-tin-p-39497.html HTTP/1.0" 301 70319 "-" "Mozilla/5.0 (compatible; bingbot/2.0; +http://www.bing.com/bingbot.htm)"
157.55.39.166 - - [17/Jul/2021:00:09:42 +0200] "GET /headrest-cushion-pink-p-46889.html HTTP/1.0" 200 72878 "-" "Mozilla/5.0 (compatible; bingbot/2.0; +http://www.bing.com/bingbot.htm)"
40.77.167.43 - - [17/Jul/2021:00:09:54 +0200] "GET /robots.txt HTTP/1.0" 200 245 "-" "Mozilla/5.0 (compatible; bingbot/2.0; +http://www.bing.com/bingbot.htm)"
157.55.39.72 - - [17/Jul/2021:00:09:59 +0200] "GET /volkswagen-small-metal-plate-p-29717.html HTTP/1.0" 200 72906 "-" "Mozilla/5.0 (compatible; bingbot/2.0; +http://www.bing.com/bingbot.htm)"
111.225.148.13 - - [17/Jul/2021:00:10:08 +0200] "GET /stainless-steel-piece-barbecue-p-48878.html HTTP/1.0" 200 73864 "-" "Mozilla/5.0 (Linux; Android 5.0) AppleWebKit/537.36 (KHTML, like Gecko) Mobile Safari/537.36 (compatible; Bytespider; https://zhanzhang.toutiao.com/)"
111.225.148.11 - - [17/Jul/2021:00:10:10 +0200] "GET /swfobject.js HTTP/1.0" 404 1308 "http://www.wonder-geek.com/stainless-steel-piece-barbecue-p-48878.html" "Mozilla/5.0 (Linux; Android 5.0) AppleWebKit/537.36 (KHTML, like Gecko) Mobile Safari/537.36 (compatible; Bytespider; https://zhanzhang.toutiao.com/)"
111.225.148.21 - - [17/Jul/2021:00:10:10 +0200] "GET /images/big_prod_2/8424222873129B.jpg HTTP/1.0" 200 271 "http://www.wonder-geek.com/stainless-steel-piece-barbecue-p-48878.html" "Mozilla/5.0 (Linux; Android 5.0) AppleWebKit/537.36 (KHTML, like Gecko) Mobile Safari/537.36 (compatible; Bytespider; https://zhanzhang.toutiao.com/)"
111.225.148.21 - - [17/Jul/2021:00:10:10 +0200] "GET /images/big_prod_1/8424222873129BB.jpg HTTP/1.0" 200 272 "http://www.wonder-geek.com/stainless-steel-piece-barbecue-p-48878.html" "Mozilla/5.0 (Linux; Android 5.0) AppleWebKit/537.36 (KHTML, like Gecko) Mobile Safari/537.36 (compatible; Bytespider; https://zhanzhang.toutiao.com/)"
111.225.148.17 - - [17/Jul/2021:00:10:11 +0200] "GET /images/big_prod/8424222873129.jpg HTTP/1.0" 200 268 "http://www.wonder-geek.com/stainless-steel-piece-barbecue-p-48878.html" "Mozilla/5.0 (Linux; Android 5.0) AppleWebKit/537.36 (KHTML, like Gecko) Mobile Safari/537.36 (compatible; Bytespider; https://zhanzhang.toutiao.com/)"
111.225.148.9 - - [17/Jul/2021:00:10:11 +0200] "GET /highslide/graphics/zoomout.cur HTTP/1.0" 200 614 "http://www.wonder-geek.com/stainless-steel-piece-barbecue-p-48878.html" "Mozilla/5.0 (Linux; Android 5.0) AppleWebKit/537.36 (KHTML, like Gecko) Mobile Safari/537.36 (compatible; Bytespider; https://zhanzhang.toutiao.com/)"
207.46.13.182 - - [17/Jul/2021:00:10:16 +0200] "GET /kori-kumi-calendar-year-2017-p-36750.html HTTP/1.0" 200 73064 "-" "Mozilla/5.0 (compatible; bingbot/2.0; +http://www.bing.com/bingbot.htm)"
157.55.39.177 - - [17/Jul/2021:00:10:20 +0200] "GET /grey-sloth-jewelry-holder-p-48885.html HTTP/1.0" 200 73008 "-" "Mozilla/5.0 (compatible; bingbot/2.0; +http://www.bing.com/bingbot.htm)"
216.244.66.242 - - [17/Jul/2021:00:10:31 +0200] "GET /-p-31014.html HTTP/1.0" 200 70197 "-" "Mozilla/5.0 (compatible; DotBot/1.2; +https://opensiteexplorer.org/dotbot; help@moz.com)"
216.244.66.242 - - [17/Jul/2021:00:10:47 +0200] "GET /-p-36467.html HTTP/1.0" 200 70197 "-" "Mozilla/5.0 (compatible; DotBot/1.2; +https://opensiteexplorer.org/dotbot; help@moz.com)"
216.244.66.242 - - [17/Jul/2021:00:10:53 +0200] "GET /-p-38167.html HTTP/1.0" 200 70197 "-" "Mozilla/5.0 (compatible; DotBot/1.2; +https://opensiteexplorer.org/dotbot; help@moz.com)"
216.244.66.242 - - [17/Jul/2021:00:10:55 +0200] "GET /turtles-ninja-glass-p-21407.html HTTP/1.0" 200 72870 "-" "Mozilla/5.0 (compatible; DotBot/1.2; +https://opensiteexplorer.org/dotbot; help@moz.com)"
185.191.171.21 - - [17/Jul/2021:00:11:10 +0200] "GET /maisy-little-bowling-bag-oilcloth-p-15248.html HTTP/1.0" 301 70409 "-" "Mozilla/5.0 (compatible; SemrushBot/7~bl; +http://www.semrush.com/bot.html)"
185.191.171.16 - - [17/Jul/2021:00:11:12 +0200] "GET /maisy-little-bowling-oilcloth-p-15248.html HTTP/1.0" 200 70313 "-" "Mozilla/5.0 (compatible; SemrushBot/7~bl; +http://www.semrush.com/bot.html)"
157.55.39.177 - - [17/Jul/2021:00:11:41 +0200] "GET /choupi-table-p-27885.html HTTP/1.0" 200 72793 "-" "Mozilla/5.0 (compatible; bingbot/2.0; +http://www.bing.com/bingbot.htm)"
185.191.171.40 - - [17/Jul/2021:00:11:58 +0200] "GET /robots.txt HTTP/1.0" 200 245 "-" "Mozilla/5.0 (compatible; SemrushBot/7~bl; +http://www.semrush.com/bot.html)"
185.191.171.12 - - [17/Jul/2021:00:11:59 +0200] "GET /paris-isothermic-stainless-steel-bottle-p-54047.html?action=add_product HTTP/1.0" 302 476 "-" "Mozilla/5.0 (compatible; SemrushBot/7~bl; +http://www.semrush.com/bot.html)"
216.244.66.242 - - [17/Jul/2021:00:12:07 +0200] "GET /spiderman-bust-bank-p-30237.html HTTP/1.0" 200 72805 "-" "Mozilla/5.0 (compatible; DotBot/1.2; +https://opensiteexplorer.org/dotbot; help@moz.com)"
17.121.113.105 - - [17/Jul/2021:00:12:26 +0200] "GET /jewels-beauty-accessories-c-3_29.html?page=2 HTTP/1.0" 200 85322 "-" "Mozilla/5.0 (Macintosh; Intel Mac OS X 10_15_5) AppleWebKit/605.1.15 (KHTML, like Gecko) Version/13.1.1 Safari/605.1.15 (Applebot/0.1; +http://www.apple.com/go/applebot)"
185.191.171.3 - - [17/Jul/2021:00:12:59 +0200] "GET /large-dark-vador-star-wars-p-14792.html?action=add_product HTTP/1.0" 302 476 "-" "Mozilla/5.0 (compatible; SemrushBot/7~bl; +http://www.semrush.com/bot.html)"
157.55.39.72 - - [17/Jul/2021:00:13:06 +0200] "GET /mojito-metal-plate-deco-p-50003.html HTTP/1.0" 200 72806 "-" "Mozilla/5.0 (compatible; bingbot/2.0; +http://www.bing.com/bingbot.htm)"
