157.55.39.127 - - [16/Jul/2021:13:54:29 +0200] "GET /kimmidoll-airi-nail-files-p-31933.html HTTP/1.0" 200 72919 "-" "Mozilla/5.0 (compatible; bingbot/2.0; +http://www.bing.com/bingbot.htm)"
207.46.13.142 - - [16/Jul/2021:13:54:34 +0200] "GET /large-candle-hours-simply-mulberry-p-35343.html HTTP/1.0" 200 74155 "-" "Mozilla/5.0 (compatible; bingbot/2.0; +http://www.bing.com/bingbot.htm)"
157.55.39.78 - - [16/Jul/2021:13:54:34 +0200] "GET /shirts-sweatshirts-c-53_54.html HTTP/1.0" 200 93567 "-" "Mozilla/5.0 (compatible; bingbot/2.0; +http://www.bing.com/bingbot.htm)"
207.46.13.125 - - [16/Jul/2021:13:54:39 +0200] "GET /angry-birds-pencil-pot-p-19131.html HTTP/1.0" 301 73116 "-" "Mozilla/5.0 (compatible; bingbot/2.0; +http://www.bing.com/bingbot.htm)"
31.127.2.181 - - [16/Jul/2021:13:54:50 +0200] "GET /images/med_prod/8435306257124.jpg HTTP/1.0" 200 268 "-" "Dalvik/2.1.0 (Linux; U; Android 9; KFKAWI Build/PS7319)"
185.191.171.4 - - [16/Jul/2021:13:55:02 +0200] "GET /zebra-money-p-54516.html HTTP/1.0" 200 72943 "-" "Mozilla/5.0 (compatible; SemrushBot/7~bl; +http://www.semrush.com/bot.html)"
185.191.171.13 - - [16/Jul/2021:13:55:09 +0200] "GET /gund-kalidou-lavender-teddy-bear-14-cm-p-44325.html HTTP/1.0" 301 77627 "-" "Mozilla/5.0 (compatible; SemrushBot/7~bl; +http://www.semrush.com/bot.html)"
207.46.13.142 - - [16/Jul/2021:13:55:11 +0200] "GET /white-adult-cotton-apron-p-39044.html HTTP/1.0" 200 73429 "-" "Mozilla/5.0 (compatible; bingbot/2.0; +http://www.bing.com/bingbot.htm)"
185.191.171.19 - - [16/Jul/2021:13:55:11 +0200] "GET /gund-kalidou-lavender-teddy-bear-p-44325.html HTTP/1.0" 200 77528 "-" "Mozilla/5.0 (compatible; SemrushBot/7~bl; +http://www.semrush.com/bot.html)"
40.77.167.77 - - [16/Jul/2021:13:55:16 +0200] "GET /sponge-bob-lunch-box-p-17145.html HTTP/1.0" 301 70351 "-" "Mozilla/5.0 (compatible; bingbot/2.0; +http://www.bing.com/bingbot.htm)"
185.191.171.39 - - [16/Jul/2021:13:55:22 +0200] "GET /resin-statue-little-monk-blue-dress-p-51505.html HTTP/1.0" 200 73005 "-" "Mozilla/5.0 (compatible; SemrushBot/7~bl; +http://www.semrush.com/bot.html)"
66.249.72.170 - - [16/Jul/2021:13:55:27 +0200] "GET /avengers-marvel-p-31619.html HTTP/1.0" 200 73059 "-" "Mozilla/5.0 (Linux; Android 6.0.1; Nexus 5X Build/MMB29P) AppleWebKit/537.36 (KHTML, like Gecko) Chrome/91.0.4472.90 Mobile Safari/537.36 (compatible; Googlebot/2.1; +http://www.google.com/bot.html)"
207.46.13.51 - - [16/Jul/2021:13:55:38 +0200] "GET /laissez-lucie-faire-byako-card-holders-p-38966.html HTTP/1.0" 200 70360 "-" "Mozilla/5.0 (compatible; bingbot/2.0; +http://www.bing.com/bingbot.htm)"
185.191.171.35 - - [16/Jul/2021:13:55:38 +0200] "GET /little-panda-moneybox-p-47970.html HTTP/1.0" 200 73503 "-" "Mozilla/5.0 (compatible; SemrushBot/7~bl; +http://www.semrush.com/bot.html)"
207.46.13.51 - - [16/Jul/2021:13:55:40 +0200] "GET /teo-jasmin-medium-cabas-teo-nova-p-43482.html HTTP/1.0" 301 70372 "-" "Mozilla/5.0 (compatible; bingbot/2.0; +http://www.bing.com/bingbot.htm)"
207.46.13.142 - - [16/Jul/2021:13:55:40 +0200] "GET /decorative-pulley-with-rope-p-44990.html HTTP/1.0" 200 72887 "-" "Mozilla/5.0 (compatible; bingbot/2.0; +http://www.bing.com/bingbot.htm)"
207.46.13.65 - - [16/Jul/2021:13:55:42 +0200] "GET /strawberries-oilcloth-240-160-cm-p-48559.html HTTP/1.0" 301 73015 "-" "Mozilla/5.0 (compatible; bingbot/2.0; +http://www.bing.com/bingbot.htm)"
114.119.130.202 - - [16/Jul/2021:13:55:50 +0200] "GET /italian-chair-cushion-bea-p-49362.html HTTP/1.0" 301 72939 "-" "Mozilla/5.0 (Linux; Android 7.0;) AppleWebKit/537.36 (KHTML, like Gecko) Mobile Safari/537.36 (compatible; PetalBot;+https://webmaster.petalsearch.com/site/petalbot)"
114.119.130.202 - - [16/Jul/2021:13:55:51 +0200] "GET /italian-chair-cushion-p-49362.html HTTP/1.0" 200 72851 "-" "Mozilla/5.0 (Linux; Android 7.0;) AppleWebKit/537.36 (KHTML, like Gecko) Mobile Safari/537.36 (compatible; PetalBot;+https://webmaster.petalsearch.com/site/petalbot)"
54.36.148.242 - - [16/Jul/2021:13:55:50 +0200] "GET /game-thrones-house-stark-p-54997.html HTTP/1.0" 200 73917 "-" "Mozilla/5.0 (compatible; AhrefsBot/7.0; +http://ahrefs.com/robot/)"
40.77.167.77 - - [16/Jul/2021:13:56:03 +0200] "GET /backpacks-c-31_77.html HTTP/1.0" 200 93840 "-" "Mozilla/5.0 (compatible; bingbot/2.0; +http://www.bing.com/bingbot.htm)"
157.55.39.121 - - [16/Jul/2021:13:56:17 +0200] "GET /provence-soap-dish-p-51394.html HTTP/1.0" 200 72821 "-" "Mozilla/5.0 (compatible; bingbot/2.0; +http://www.bing.com/bingbot.htm)"
207.46.13.51 - - [16/Jul/2021:13:56:29 +0200] "GET /take-the-cake-bag-mme-irma-p-48106.html HTTP/1.0" 301 73740 "-" "Mozilla/5.0 (compatible; bingbot/2.0; +http://www.bing.com/bingbot.htm)"
207.46.13.125 - - [16/Jul/2021:13:56:35 +0200] "GET /the-little-prince-of-saint-exupery-bowl-p-44841.html HTTP/1.0" 301 73026 "-" "Mozilla/5.0 (compatible; bingbot/2.0; +http://www.bing.com/bingbot.htm)"
207.46.13.125 - - [16/Jul/2021:13:56:38 +0200] "GET /laughing-emoticon-cushion-45-45-cm-p-39372.html HTTP/1.0" 301 70264 "-" "Mozilla/5.0 (compatible; bingbot/2.0; +http://www.bing.com/bingbot.htm)"
66.249.81.190 - - [16/Jul/2021:13:56:38 +0200] "GET /images/big_prod/5404006040766.jpg HTTP/1.0" 200 268 "-" "Mozilla/5.0 (Windows NT 5.1; rv:11.0) Gecko Firefox/11.0 (via ggpht.com GoogleImageProxy)"
81.62.255.90 - - [16/Jul/2021:13:56:39 +0200] "GET /alpaca-nightlight-p-53133.html HTTP/1.0" 200 74025 "https://www.google.com/" "Mozilla/5.0 (Macintosh; Intel Mac OS X 10_15_7) AppleWebKit/537.36 (KHTML, like Gecko) Chrome/91.0.4472.114 Safari/537.36"
81.62.255.90 - - [16/Jul/2021:13:56:39 +0200] "GET /templates/Pixame_v1/stylesheet.css HTTP/1.0" 200 267 "http://www.wonder-geek.com/alpaca-nightlight-p-53133.html" "Mozilla/5.0 (Macintosh; Intel Mac OS X 10_15_7) AppleWebKit/537.36 (KHTML, like Gecko) Chrome/91.0.4472.114 Safari/537.36"
81.62.255.90 - - [16/Jul/2021:13:56:39 +0200] "GET /highslide/highslide.js HTTP/1.0" 200 262 "http://www.wonder-geek.com/alpaca-nightlight-p-53133.html" "Mozilla/5.0 (Macintosh; Intel Mac OS X 10_15_7) AppleWebKit/537.36 (KHTML, like Gecko) Chrome/91.0.4472.114 Safari/537.36"
81.62.255.90 - - [16/Jul/2021:13:56:39 +0200] "GET /js/jquery.js HTTP/1.0" 200 252 "http://www.wonder-geek.com/alpaca-nightlight-p-53133.html" "Mozilla/5.0 (Macintosh; Intel Mac OS X 10_15_7) AppleWebKit/537.36 (KHTML, like Gecko) Chrome/91.0.4472.114 Safari/537.36"
81.62.255.90 - - [16/Jul/2021:13:56:39 +0200] "GET /js/jquery.jqzoom.js HTTP/1.0" 200 259 "http://www.wonder-geek.com/alpaca-nightlight-p-53133.html" "Mozilla/5.0 (Macintosh; Intel Mac OS X 10_15_7) AppleWebKit/537.36 (KHTML, like Gecko) Chrome/91.0.4472.114 Safari/537.36"
81.62.255.90 - - [16/Jul/2021:13:56:39 +0200] "GET /mondial_relay/js/jquery-1.3.2.min.js HTTP/1.0" 200 276 "http://www.wonder-geek.com/alpaca-nightlight-p-53133.html" "Mozilla/5.0 (Macintosh; Intel Mac OS X 10_15_7) AppleWebKit/537.36 (KHTML, like Gecko) Chrome/91.0.4472.114 Safari/537.36"
81.62.255.90 - - [16/Jul/2021:13:56:39 +0200] "GET /swfobject.js HTTP/1.0" 404 1308 "http://www.wonder-geek.com/alpaca-nightlight-p-53133.html" "Mozilla/5.0 (Macintosh; Intel Mac OS X 10_15_7) AppleWebKit/537.36 (KHTML, like Gecko) Chrome/91.0.4472.114 Safari/537.36"
81.62.255.90 - - [16/Jul/2021:13:56:39 +0200] "GET /templates/Pixame_v1/images/icon_accueil2.png HTTP/1.0" 200 278 "http://www.wonder-geek.com/alpaca-nightlight-p-53133.html" "Mozilla/5.0 (Macintosh; Intel Mac OS X 10_15_7) AppleWebKit/537.36 (KHTML, like Gecko) Chrome/91.0.4472.114 Safari/537.36"
81.62.255.90 - - [16/Jul/2021:13:56:39 +0200] "GET /images/big_prod/5404006040766.jpg HTTP/1.0" 200 268 "http://www.wonder-geek.com/alpaca-nightlight-p-53133.html" "Mozilla/5.0 (Macintosh; Intel Mac OS X 10_15_7) AppleWebKit/537.36 (KHTML, like Gecko) Chrome/91.0.4472.114 Safari/537.36"
81.62.255.90 - - [16/Jul/2021:13:56:39 +0200] "GET /images/big_prod_1/5404006040766a.jpg HTTP/1.0" 200 271 "http://www.wonder-geek.com/alpaca-nightlight-p-53133.html" "Mozilla/5.0 (Macintosh; Intel Mac OS X 10_15_7) AppleWebKit/537.36 (KHTML, like Gecko) Chrome/91.0.4472.114 Safari/537.36"
81.62.255.90 - - [16/Jul/2021:13:56:39 +0200] "GET /images/big_prod_2/5404006040766b.jpg HTTP/1.0" 200 271 "http://www.wonder-geek.com/alpaca-nightlight-p-53133.html" "Mozilla/5.0 (Macintosh; Intel Mac OS X 10_15_7) AppleWebKit/537.36 (KHTML, like Gecko) Chrome/91.0.4472.114 Safari/537.36"
81.62.255.90 - - [16/Jul/2021:13:56:39 +0200] "GET /images/big_prod_3/5404006040766c.jpg HTTP/1.0" 200 271 "http://www.wonder-geek.com/alpaca-nightlight-p-53133.html" "Mozilla/5.0 (Macintosh; Intel Mac OS X 10_15_7) AppleWebKit/537.36 (KHTML, like Gecko) Chrome/91.0.4472.114 Safari/537.36"
81.62.255.90 - - [16/Jul/2021:13:56:39 +0200] "GET /templates/Pixame_v1/images/buttons/english/button_in_cart.gif HTTP/1.0" 200 295 "http://www.wonder-geek.com/alpaca-nightlight-p-53133.html" "Mozilla/5.0 (Macintosh; Intel Mac OS X 10_15_7) AppleWebKit/537.36 (KHTML, like Gecko) Chrome/91.0.4472.114 Safari/537.36"
81.62.255.90 - - [16/Jul/2021:13:56:39 +0200] "GET /templates/Pixame_v1/images/Bottom_texture.jpg HTTP/1.0" 200 280 "http://www.wonder-geek.com/templates/Pixame_v1/stylesheet.css" "Mozilla/5.0 (Macintosh; Intel Mac OS X 10_15_7) AppleWebKit/537.36 (KHTML, like Gecko) Chrome/91.0.4472.114 Safari/537.36"
81.62.255.90 - - [16/Jul/2021:13:56:39 +0200] "GET /templates/Pixame_v1/images/nav.png HTTP/1.0" 200 268 "http://www.wonder-geek.com/templates/Pixame_v1/stylesheet.css" "Mozilla/5.0 (Macintosh; Intel Mac OS X 10_15_7) AppleWebKit/537.36 (KHTML, like Gecko) Chrome/91.0.4472.114 Safari/537.36"
81.62.255.90 - - [16/Jul/2021:13:56:39 +0200] "GET /templates/Pixame_v1/images/header-object.png HTTP/1.0" 200 278 "http://www.wonder-geek.com/templates/Pixame_v1/stylesheet.css" "Mozilla/5.0 (Macintosh; Intel Mac OS X 10_15_7) AppleWebKit/537.36 (KHTML, like Gecko) Chrome/91.0.4472.114 Safari/537.36"
81.62.255.90 - - [16/Jul/2021:13:56:39 +0200] "GET /templates/Pixame_v1/images/Middle_texture.jpg HTTP/1.0" 200 280 "http://www.wonder-geek.com/templates/Pixame_v1/stylesheet.css" "Mozilla/5.0 (Macintosh; Intel Mac OS X 10_15_7) AppleWebKit/537.36 (KHTML, like Gecko) Chrome/91.0.4472.114 Safari/537.36"
81.62.255.90 - - [16/Jul/2021:13:56:39 +0200] "GET /templates/Pixame_v1/images/header.png HTTP/1.0" 200 271 "http://www.wonder-geek.com/templates/Pixame_v1/stylesheet.css" "Mozilla/5.0 (Macintosh; Intel Mac OS X 10_15_7) AppleWebKit/537.36 (KHTML, like Gecko) Chrome/91.0.4472.114 Safari/537.36"
81.62.255.90 - - [16/Jul/2021:13:56:39 +0200] "GET /swfobject.js HTTP/1.0" 404 1308 "http://www.wonder-geek.com/alpaca-nightlight-p-53133.html" "Mozilla/5.0 (Macintosh; Intel Mac OS X 10_15_7) AppleWebKit/537.36 (KHTML, like Gecko) Chrome/91.0.4472.114 Safari/537.36"
81.62.255.90 - - [16/Jul/2021:13:56:39 +0200] "GET /design/productsenstock.png HTTP/1.0" 200 260 "http://www.wonder-geek.com/templates/Pixame_v1/stylesheet.css" "Mozilla/5.0 (Macintosh; Intel Mac OS X 10_15_7) AppleWebKit/537.36 (KHTML, like Gecko) Chrome/91.0.4472.114 Safari/537.36"
81.62.255.90 - - [16/Jul/2021:13:56:39 +0200] "GET /highslide/graphics/zoomin.cur HTTP/1.0" 200 614 "http://www.wonder-geek.com/templates/Pixame_v1/stylesheet.css" "Mozilla/5.0 (Macintosh; Intel Mac OS X 10_15_7) AppleWebKit/537.36 (KHTML, like Gecko) Chrome/91.0.4472.114 Safari/537.36"
81.62.255.90 - - [16/Jul/2021:13:56:40 +0200] "GET /highslide/graphics/outlines/drop-shadow.png HTTP/1.0" 200 277 "http://www.wonder-geek.com/alpaca-nightlight-p-53133.html" "Mozilla/5.0 (Macintosh; Intel Mac OS X 10_15_7) AppleWebKit/537.36 (KHTML, like Gecko) Chrome/91.0.4472.114 Safari/537.36"
81.62.255.90 - - [16/Jul/2021:13:56:40 +0200] "GET /highslide/graphics/zoomout.cur HTTP/1.0" 200 614 "http://www.wonder-geek.com/alpaca-nightlight-p-53133.html" "Mozilla/5.0 (Macintosh; Intel Mac OS X 10_15_7) AppleWebKit/537.36 (KHTML, like Gecko) Chrome/91.0.4472.114 Safari/537.36"
81.62.255.90 - - [16/Jul/2021:13:56:40 +0200] "GET /highslide/graphics/loader.white.gif HTTP/1.0" 200 960 "http://www.wonder-geek.com/templates/Pixame_v1/stylesheet.css" "Mozilla/5.0 (Macintosh; Intel Mac OS X 10_15_7) AppleWebKit/537.36 (KHTML, like Gecko) Chrome/91.0.4472.114 Safari/537.36"
81.62.255.90 - - [16/Jul/2021:13:56:40 +0200] "GET /favicon.ico HTTP/1.0" 200 260 "http://www.wonder-geek.com/alpaca-nightlight-p-53133.html" "Mozilla/5.0 (Macintosh; Intel Mac OS X 10_15_7) AppleWebKit/537.36 (KHTML, like Gecko) Chrome/91.0.4472.114 Safari/537.36"
40.77.167.77 - - [16/Jul/2021:13:56:43 +0200] "GET /decorative-wooden-plate-gourmandise-p-51585.html HTTP/1.0" 200 73596 "-" "Mozilla/5.0 (compatible; bingbot/2.0; +http://www.bing.com/bingbot.htm)"
54.36.148.242 - - [16/Jul/2021:13:57:16 +0200] "GET /dishes-c-12.html?page=96 HTTP/1.0" 200 91974 "-" "Mozilla/5.0 (compatible; AhrefsBot/7.0; +http://ahrefs.com/robot/)"
114.119.129.36 - - [16/Jul/2021:13:57:37 +0200] "GET /zodiac-sign-training-bottle-by-cbkreation-p-43349.html HTTP/1.0" 301 73350 "-" "Mozilla/5.0 (Linux; Android 7.0;) AppleWebKit/537.36 (KHTML, like Gecko) Mobile Safari/537.36 (compatible; PetalBot;+https://webmaster.petalsearch.com/site/petalbot)"
114.119.129.36 - - [16/Jul/2021:13:57:39 +0200] "GET /zodiac-sign-training-bottle-cbkreation-p-43349.html HTTP/1.0" 200 73245 "-" "Mozilla/5.0 (Linux; Android 7.0;) AppleWebKit/537.36 (KHTML, like Gecko) Mobile Safari/537.36 (compatible; PetalBot;+https://webmaster.petalsearch.com/site/petalbot)"
157.55.39.121 - - [16/Jul/2021:13:57:58 +0200] "GET /-p-4701.html HTTP/1.0" 200 70195 "-" "Mozilla/5.0 (compatible; bingbot/2.0; +http://www.bing.com/bingbot.htm)"
157.55.39.121 - - [16/Jul/2021:13:58:00 +0200] "GET /-p-18563.html HTTP/1.0" 200 70197 "-" "Mozilla/5.0 (compatible; bingbot/2.0; +http://www.bing.com/bingbot.htm)"
157.55.39.145 - - [16/Jul/2021:13:58:22 +0200] "GET /small-tins-gorjuss-oops-daisy-p-48403.html HTTP/1.0" 200 70289 "-" "Mozilla/5.0 (compatible; bingbot/2.0; +http://www.bing.com/bingbot.htm)"
207.46.13.128 - - [16/Jul/2021:13:58:24 +0200] "GET /-p-22690.html HTTP/1.0" 200 70197 "-" "Mozilla/5.0 (compatible; bingbot/2.0; +http://www.bing.com/bingbot.htm)"
207.46.13.128 - - [16/Jul/2021:13:58:25 +0200] "GET /-p-22487.html HTTP/1.0" 200 70197 "-" "Mozilla/5.0 (compatible; bingbot/2.0; +http://www.bing.com/bingbot.htm)"
207.46.13.128 - - [16/Jul/2021:13:58:26 +0200] "GET /harley-davidson-skull-lighter-p-42861.html HTTP/1.0" 200 73329 "-" "Mozilla/5.0 (compatible; bingbot/2.0; +http://www.bing.com/bingbot.htm)"
207.46.13.125 - - [16/Jul/2021:13:58:27 +0200] "GET /owl-metal-bell-p-32128.html HTTP/1.0" 301 72850 "-" "Mozilla/5.0 (compatible; bingbot/2.0; +http://www.bing.com/bingbot.htm)"
207.46.13.128 - - [16/Jul/2021:13:58:27 +0200] "GET /-p-31418.html HTTP/1.0" 200 70197 "-" "Mozilla/5.0 (compatible; bingbot/2.0; +http://www.bing.com/bingbot.htm)"
207.46.13.128 - - [16/Jul/2021:13:58:29 +0200] "GET /-p-31203.html HTTP/1.0" 200 70197 "-" "Mozilla/5.0 (compatible; bingbot/2.0; +http://www.bing.com/bingbot.htm)"
40.77.167.36 - - [16/Jul/2021:13:58:32 +0200] "GET /-p-13464.html HTTP/1.0" 200 70197 "-" "Mozilla/5.0 (compatible; bingbot/2.0; +http://www.bing.com/bingbot.htm)"
185.191.171.26 - - [16/Jul/2021:13:58:33 +0200] "GET /stroll-peru-p-46535.html?action=add_product HTTP/1.0" 302 476 "-" "Mozilla/5.0 (compatible; SemrushBot/7~bl; +http://www.semrush.com/bot.html)"
51.68.224.127 - - [16/Jul/2021:13:58:38 +0200] "GET /adminweb/export_orders_xml.php?token=256de2z6edz6ed2z6DFSFsed2zed6zeDSFDSGdzedezfzf&maxorders=10&orderstart=1&status=14&start_date=2018-10-01 HTTP/1.0" 200 285 "-" "GesCom CharlotteBoutik Serveur"
51.68.224.127 - - [16/Jul/2021:13:58:38 +0200] "GET /adminweb/export_orders_xml.php?token=256de2z6edz6ed2z6DFSFsed2zed6zeDSFDSGdzedezfzf&maxorders=10&orderstart=1&status=6&start_date=2018-10-01 HTTP/1.0" 200 29786 "-" "GesCom CharlotteBoutik Serveur"
54.36.148.242 - - [16/Jul/2021:13:58:39 +0200] "GET /lavender-provence-little-tray-p-39727.html HTTP/1.0" 200 73034 "-" "Mozilla/5.0 (compatible; AhrefsBot/7.0; +http://ahrefs.com/robot/)"
66.249.85.112 - - [16/Jul/2021:13:58:53 +0200] "GET /images/big_prod/8435333807804.jpg HTTP/1.0" 200 268 "-" "Mozilla/5.0 (Windows NT 5.1; rv:11.0) Gecko Firefox/11.0 (via ggpht.com GoogleImageProxy)"
40.77.167.77 - - [16/Jul/2021:13:59:04 +0200] "GET /corsica-post-card-10x15-p-43563.html HTTP/1.0" 200 72806 "-" "Mozilla/5.0 (compatible; bingbot/2.0; +http://www.bing.com/bingbot.htm)"
185.191.171.39 - - [16/Jul/2021:13:59:04 +0200] "GET /hello-kitty-scottish-horizontal-great-bag-p-16732.html HTTP/1.0" 301 70447 "-" "Mozilla/5.0 (compatible; SemrushBot/7~bl; +http://www.semrush.com/bot.html)"
207.46.13.125 - - [16/Jul/2021:13:59:08 +0200] "GET /blue-dog-alarm-clock-p-38250.html HTTP/1.0" 301 72938 "-" "Mozilla/5.0 (compatible; bingbot/2.0; +http://www.bing.com/bingbot.htm)"
185.191.171.25 - - [16/Jul/2021:13:59:08 +0200] "GET /hello-kitty-scottish-horizontal-great-p-16732.html HTTP/1.0" 200 70343 "-" "Mozilla/5.0 (compatible; SemrushBot/7~bl; +http://www.semrush.com/bot.html)"
207.46.13.65 - - [16/Jul/2021:13:59:20 +0200] "GET /-p-3946.html HTTP/1.0" 200 70195 "-" "Mozilla/5.0 (compatible; bingbot/2.0; +http://www.bing.com/bingbot.htm)"
114.119.144.233 - - [16/Jul/2021:13:59:36 +0200] "GET /golden-waves-bedhead-wall-sticker-p-39184.html HTTP/1.0" 200 73060 "-" "Mozilla/5.0 (Linux; Android 7.0;) AppleWebKit/537.36 (KHTML, like Gecko) Mobile Safari/537.36 (compatible; PetalBot;+https://webmaster.petalsearch.com/site/petalbot)"
40.77.167.36 - - [16/Jul/2021:13:59:39 +0200] "GET /kitten-espresso-set-p-37293.html HTTP/1.0" 301 70264 "-" "Mozilla/5.0 (compatible; bingbot/2.0; +http://www.bing.com/bingbot.htm)"
54.36.148.242 - - [16/Jul/2021:13:59:59 +0200] "GET /blue-coat-rack-dream-catcher-wooden-hooks-p-50573.html HTTP/1.0" 200 73635 "-" "Mozilla/5.0 (compatible; AhrefsBot/7.0; +http://ahrefs.com/robot/)"
40.77.167.36 - - [16/Jul/2021:14:00:28 +0200] "GET /disney-princess-rainwear-p-31243.html HTTP/1.0" 200 73993 "-" "Mozilla/5.0 (compatible; bingbot/2.0; +http://www.bing.com/bingbot.htm)"
185.191.171.10 - - [16/Jul/2021:14:00:46 +0200] "GET /hanging-iron-structure-flamingo-48-24-cm-p-48638.html HTTP/1.0" 301 73099 "-" "Mozilla/5.0 (compatible; SemrushBot/7~bl; +http://www.semrush.com/bot.html)"
185.191.171.24 - - [16/Jul/2021:14:00:55 +0200] "GET /hanging-iron-structure-flamingo-p-48638.html HTTP/1.0" 200 73001 "-" "Mozilla/5.0 (compatible; SemrushBot/7~bl; +http://www.semrush.com/bot.html)"
17.121.114.120 - - [16/Jul/2021:14:01:14 +0200] "GET /dotted-little-tray-p-29650.html HTTP/1.0" 200 72869 "-" "Mozilla/5.0 (Macintosh; Intel Mac OS X 10_15_5) AppleWebKit/605.1.15 (KHTML, like Gecko) Version/13.1.1 Safari/605.1.15 (Applebot/0.1; +http://www.apple.com/go/applebot)"
49.7.20.113 - - [16/Jul/2021:14:01:15 +0200] "GET / HTTP/1.0" 200 95513 "-" "Sogou web spider/4.0(+http://www.sogou.com/docs/help/webmasters.htm#07)"
54.36.148.242 - - [16/Jul/2021:14:01:22 +0200] "GET /incense-holder-dragons-p-50616.html HTTP/1.0" 200 73502 "-" "Mozilla/5.0 (compatible; AhrefsBot/7.0; +http://ahrefs.com/robot/)"
157.55.39.78 - - [16/Jul/2021:14:01:32 +0200] "GET /corsica-paper-towel-dispenser-p-42542.html HTTP/1.0" 200 72887 "-" "Mozilla/5.0 (compatible; bingbot/2.0; +http://www.bing.com/bingbot.htm)"
185.191.171.36 - - [16/Jul/2021:14:01:39 +0200] "GET /fabrique-bonheur-bread-bag-p-41480.html HTTP/1.0" 301 70405 "-" "Mozilla/5.0 (compatible; SemrushBot/7~bl; +http://www.semrush.com/bot.html)"
185.191.171.3 - - [16/Jul/2021:14:01:50 +0200] "GET /fabrique-bonheur-bread-p-41480.html HTTP/1.0" 200 70316 "-" "Mozilla/5.0 (compatible; SemrushBot/7~bl; +http://www.semrush.com/bot.html)"
114.119.154.200 - - [16/Jul/2021:14:01:50 +0200] "GET /casino-clock-cbkreation-p-28519.html HTTP/1.0" 200 72826 "-" "Mozilla/5.0 (Linux; Android 7.0;) AppleWebKit/537.36 (KHTML, like Gecko) Mobile Safari/537.36 (compatible; PetalBot;+https://webmaster.petalsearch.com/site/petalbot)"
52.186.46.222 - - [16/Jul/2021:14:01:51 +0200] "GET / HTTP/1.0" 200 95480 "-" "Mozilla/5.0 (Windows NT 10.0; Win64; x64) AppleWebKit/537.36 (KHTML, like Gecko) Chrome/58.0.3029.110 Safari/537.36 Edge/16.16299"
52.186.46.222 - - [16/Jul/2021:14:01:53 +0200] "GET /favicon.ico HTTP/1.0" 200 260 "-" "Mozilla/5.0 (Windows NT 10.0; Win64; x64) AppleWebKit/537.36 (KHTML, like Gecko) Chrome/58.0.3029.110 Safari/537.36 Edge/16.16299"
185.191.171.37 - - [16/Jul/2021:14:01:53 +0200] "GET /minions-poster-p-30889.html HTTP/1.0" 200 70258 "-" "Mozilla/5.0 (compatible; SemrushBot/7~bl; +http://www.semrush.com/bot.html)"
207.46.13.142 - - [16/Jul/2021:14:02:02 +0200] "GET /pink-flamingo-white-women-tee-shirt-p-34203.html HTTP/1.0" 301 75237 "-" "Mozilla/5.0 (compatible; bingbot/2.0; +http://www.bing.com/bingbot.htm)"
207.46.13.51 - - [16/Jul/2021:14:02:08 +0200] "GET /lotus-candleholder-chakra-silverlining-p-38922.html HTTP/1.0" 200 74436 "-" "Mozilla/5.0 (compatible; bingbot/2.0; +http://www.bing.com/bingbot.htm)"
207.46.13.51 - - [16/Jul/2021:14:02:11 +0200] "GET /images/big_prod/4029811441235.jpg HTTP/1.0" 200 268 "-" "Mozilla/5.0 (compatible; bingbot/2.0; +http://www.bing.com/bingbot.htm)"
157.55.39.78 - - [16/Jul/2021:14:02:14 +0200] "GET /beer-chope-metal-plate-deco-p-34328.html HTTP/1.0" 200 72894 "-" "Mozilla/5.0 (compatible; bingbot/2.0; +http://www.bing.com/bingbot.htm)"
54.36.148.242 - - [16/Jul/2021:14:02:39 +0200] "GET /bamboo-wall-sticker-p-38341.html HTTP/1.0" 200 73488 "-" "Mozilla/5.0 (compatible; AhrefsBot/7.0; +http://ahrefs.com/robot/)"
40.77.167.77 - - [16/Jul/2021:14:02:44 +0200] "GET /cat-peg-kitchen-supports-p-35670.html HTTP/1.0" 301 70354 "-" "Mozilla/5.0 (compatible; bingbot/2.0; +http://www.bing.com/bingbot.htm)"
185.191.171.39 - - [16/Jul/2021:14:02:46 +0200] "GET /robots.txt HTTP/1.0" 200 245 "-" "Mozilla/5.0 (compatible; SemrushBot/7~bl; +http://www.semrush.com/bot.html)"
185.191.171.25 - - [16/Jul/2021:14:02:46 +0200] "GET /black-fancy-elastic-bracelet-p-43723.html HTTP/1.0" 200 72837 "-" "Mozilla/5.0 (compatible; SemrushBot/7~bl; +http://www.semrush.com/bot.html)"
207.46.13.51 - - [16/Jul/2021:14:02:58 +0200] "GET /images/4010070219277bis.jpg HTTP/1.0" 200 262 "-" "Mozilla/5.0 (compatible; bingbot/2.0; +http://www.bing.com/bingbot.htm)"
185.191.171.37 - - [16/Jul/2021:14:03:12 +0200] "GET /gund-plush-prince-p-44584.html HTTP/1.0" 200 72908 "-" "Mozilla/5.0 (compatible; SemrushBot/7~bl; +http://www.semrush.com/bot.html)"
185.191.171.39 - - [16/Jul/2021:14:03:19 +0200] "GET /jim-shore-blessed-birth-in-bethlehem-piece-mini-nativity-p-53273.html HTTP/1.0" 301 73959 "-" "Mozilla/5.0 (compatible; SemrushBot/7~bl; +http://www.semrush.com/bot.html)"
185.191.171.35 - - [16/Jul/2021:14:03:22 +0200] "GET /shore-blessed-birth-bethlehem-piece-mini-nativity-p-53273.html HTTP/1.0" 200 73843 "-" "Mozilla/5.0 (compatible; SemrushBot/7~bl; +http://www.semrush.com/bot.html)"
114.119.158.196 - - [16/Jul/2021:14:03:25 +0200] "GET /white-skeleton-statuette-nothing-hear-p-46099.html HTTP/1.0" 200 72995 "-" "Mozilla/5.0 (Linux; Android 7.0;) AppleWebKit/537.36 (KHTML, like Gecko) Mobile Safari/537.36 (compatible; PetalBot;+https://webmaster.petalsearch.com/site/petalbot)"
207.46.13.51 - - [16/Jul/2021:14:03:39 +0200] "GET /-p-10523.html HTTP/1.0" 200 70197 "-" "Mozilla/5.0 (compatible; bingbot/2.0; +http://www.bing.com/bingbot.htm)"
207.46.13.51 - - [16/Jul/2021:14:03:40 +0200] "GET /-p-35293.html HTTP/1.0" 200 70197 "-" "Mozilla/5.0 (compatible; bingbot/2.0; +http://www.bing.com/bingbot.htm)"
54.36.148.242 - - [16/Jul/2021:14:04:06 +0200] "GET /brown-leopard-decorative-statue-resin-p-52339.html HTTP/1.0" 200 73854 "-" "Mozilla/5.0 (compatible; AhrefsBot/7.0; +http://ahrefs.com/robot/)"
157.55.39.127 - - [16/Jul/2021:14:04:10 +0200] "GET /incense-nag-champa-super-hit-15-grams-or-about-15-sticks-p-48090.html HTTP/1.0" 301 73523 "-" "Mozilla/5.0 (compatible; bingbot/2.0; +http://www.bing.com/bingbot.htm)"
207.46.13.51 - - [16/Jul/2021:14:04:41 +0200] "GET /dogs-white-mug-p-49735.html HTTP/1.0" 301 72795 "-" "Mozilla/5.0 (compatible; bingbot/2.0; +http://www.bing.com/bingbot.htm)"
40.77.167.36 - - [16/Jul/2021:14:04:58 +0200] "GET /metal-plate-30-cm-wine-p-50934.html HTTP/1.0" 301 72901 "-" "Mozilla/5.0 (compatible; bingbot/2.0; +http://www.bing.com/bingbot.htm)"
114.119.147.45 - - [16/Jul/2021:14:05:07 +0200] "GET /spiderman-melamine-glass-p-17156.html HTTP/1.0" 200 72834 "-" "Mozilla/5.0 (Linux; Android 7.0;) AppleWebKit/537.36 (KHTML, like Gecko) Mobile Safari/537.36 (compatible; PetalBot;+https://webmaster.petalsearch.com/site/petalbot)"
207.46.13.51 - - [16/Jul/2021:14:05:20 +0200] "GET /sailor-moon-p-30223.html HTTP/1.0" 200 72818 "-" "Mozilla/5.0 (compatible; bingbot/2.0; +http://www.bing.com/bingbot.htm)"
40.77.167.49 - - [16/Jul/2021:14:05:29 +0200] "GET /robots.txt HTTP/1.0" 301 531 "-" "Mozilla/5.0 (compatible; bingbot/2.0; +http://www.bing.com/bingbot.htm)"
40.77.167.49 - - [16/Jul/2021:14:05:29 +0200] "GET /robots.txt HTTP/1.0" 200 245 "-" "Mozilla/5.0 (compatible; bingbot/2.0; +http://www.bing.com/bingbot.htm)"
54.36.148.242 - - [16/Jul/2021:14:05:32 +0200] "GET /dishes-c-12.html?page=51 HTTP/1.0" 200 91698 "-" "Mozilla/5.0 (compatible; AhrefsBot/7.0; +http://ahrefs.com/robot/)"
114.119.158.196 - - [16/Jul/2021:14:06:52 +0200] "GET /shopping-cats-p-45439.html HTTP/1.0" 200 72893 "-" "Mozilla/5.0 (Linux; Android 7.0;) AppleWebKit/537.36 (KHTML, like Gecko) Mobile Safari/537.36 (compatible; PetalBot;+https://webmaster.petalsearch.com/site/petalbot)"
54.36.148.242 - - [16/Jul/2021:14:07:00 +0200] "GET /mickey-mouse-swimming-ring-p-19968.html HTTP/1.0" 200 72741 "-" "Mozilla/5.0 (compatible; AhrefsBot/7.0; +http://ahrefs.com/robot/)"
207.46.13.65 - - [16/Jul/2021:14:07:10 +0200] "GET /-p-35551.html HTTP/1.0" 200 70197 "-" "Mozilla/5.0 (compatible; bingbot/2.0; +http://www.bing.com/bingbot.htm)"
40.77.167.36 - - [16/Jul/2021:14:07:19 +0200] "GET /white-and-grey-moroccan-ashtray-p-52625.html HTTP/1.0" 301 72925 "-" "Mozilla/5.0 (compatible; bingbot/2.0; +http://www.bing.com/bingbot.htm)"
207.46.13.142 - - [16/Jul/2021:14:07:42 +0200] "GET /tinted-candle-in-the-mass-white-p-48919.html HTTP/1.0" 301 72991 "-" "Mozilla/5.0 (compatible; bingbot/2.0; +http://www.bing.com/bingbot.htm)"
66.249.72.168 - - [16/Jul/2021:14:07:52 +0200] "GET /shower-curtain-p-50726.html HTTP/1.0" 200 73723 "-" "Mozilla/5.0 (compatible; Googlebot/2.1; +http://www.google.com/bot.html)"
185.191.124.151 - - [16/Jul/2021:14:08:07 +0200] "GET /contact_us.php HTTP/1.0" 200 26238 "http://www.wonder-geek.com/contact_us.php" "Mozilla/5.0 (Windows NT 6.1; ) AppleWebKit/537.36 (KHTML, like Gecko) Chrome/90.0.4430.72 Safari/537.36"
185.191.124.151 - - [16/Jul/2021:14:08:08 +0200] "POST /contact_us.php?action=send HTTP/1.0" 200 26705 "http://www.wonder-geek.com/contact_us.php" "Mozilla/5.0 (Windows NT 6.1; ) AppleWebKit/537.36 (KHTML, like Gecko) Chrome/90.0.4430.72 Safari/537.36"
185.191.124.151 - - [16/Jul/2021:14:08:09 +0200] "GET /contact_us.php HTTP/1.0" 200 26238 "http://www.wonder-geek.com/contact_us.php" "Mozilla/5.0 (Windows NT 6.1; ) AppleWebKit/537.36 (KHTML, like Gecko) Chrome/90.0.4430.72 Safari/537.36"
40.77.167.36 - - [16/Jul/2021:14:08:20 +0200] "GET /-p-26788.html HTTP/1.0" 200 70197 "-" "Mozilla/5.0 (compatible; bingbot/2.0; +http://www.bing.com/bingbot.htm)"
54.36.148.242 - - [16/Jul/2021:14:08:26 +0200] "GET /strawberry-shortcake-scarf-years-p-22137.html HTTP/1.0" 200 73149 "-" "Mozilla/5.0 (compatible; AhrefsBot/7.0; +http://ahrefs.com/robot/)"
185.191.171.26 - - [16/Jul/2021:14:08:30 +0200] "GET /therese-aromatika-incense-sticks-p-53452.html?action=add_product HTTP/1.0" 302 476 "-" "Mozilla/5.0 (compatible; SemrushBot/7~bl; +http://www.semrush.com/bot.html)"
40.77.167.77 - - [16/Jul/2021:14:08:45 +0200] "GET /hello-kitty-set-of-hair-clips-p-13576.html HTTP/1.0" 301 73056 "-" "Mozilla/5.0 (compatible; bingbot/2.0; +http://www.bing.com/bingbot.htm)"
114.119.130.202 - - [16/Jul/2021:14:08:58 +0200] "GET /headrest-cushion-45-70-cm-margaret-p-52930.html HTTP/1.0" 301 73667 "-" "Mozilla/5.0 (Linux; Android 7.0;) AppleWebKit/537.36 (KHTML, like Gecko) Mobile Safari/537.36 (compatible; PetalBot;+https://webmaster.petalsearch.com/site/petalbot)"
114.119.130.202 - - [16/Jul/2021:14:09:00 +0200] "GET /headrest-cushion-margaret-p-52930.html HTTP/1.0" 200 73575 "-" "Mozilla/5.0 (Linux; Android 7.0;) AppleWebKit/537.36 (KHTML, like Gecko) Mobile Safari/537.36 (compatible; PetalBot;+https://webmaster.petalsearch.com/site/petalbot)"
207.46.13.127 - - [16/Jul/2021:14:09:02 +0200] "GET /tigrou-birthday-card-with-envelope-p-25260.html HTTP/1.0" 200 72885 "-" "Mozilla/5.0 (compatible; bingbot/2.0; +http://www.bing.com/bingbot.htm)"
157.55.39.78 - - [16/Jul/2021:14:09:16 +0200] "GET /rectangular-carved-box-symbol-om-p-47383.html HTTP/1.0" 301 70397 "-" "Mozilla/5.0 (compatible; bingbot/2.0; +http://www.bing.com/bingbot.htm)"
207.46.13.65 - - [16/Jul/2021:14:09:20 +0200] "GET /swfobject.js HTTP/1.0" 404 1308 "-" "Mozilla/5.0 (compatible; bingbot/2.0; +http://www.bing.com/bingbot.htm)"
185.191.171.2 - - [16/Jul/2021:14:09:21 +0200] "GET /volkswagen-bully-blue-picnic-mats-p-31975.html HTTP/1.0" 200 73323 "-" "Mozilla/5.0 (compatible; SemrushBot/7~bl; +http://www.semrush.com/bot.html)"
207.46.13.51 - - [16/Jul/2021:14:09:50 +0200] "GET /monopoly-mousepad-p-18069.html HTTP/1.0" 301 70264 "-" "Mozilla/5.0 (compatible; bingbot/2.0; +http://www.bing.com/bingbot.htm)"
54.36.148.242 - - [16/Jul/2021:14:09:55 +0200] "GET /minnie-mouse-large-expandable-backpack-p-19678.html HTTP/1.0" 200 73176 "-" "Mozilla/5.0 (compatible; AhrefsBot/7.0; +http://ahrefs.com/robot/)"
207.46.13.51 - - [16/Jul/2021:14:10:00 +0200] "GET /-p-22347.html HTTP/1.0" 200 70197 "-" "Mozilla/5.0 (compatible; bingbot/2.0; +http://www.bing.com/bingbot.htm)"
185.191.171.45 - - [16/Jul/2021:14:10:01 +0200] "GET /fina-metal-can-money-box-p-52953.html HTTP/1.0" 301 70350 "-" "Mozilla/5.0 (compatible; SemrushBot/7~bl; +http://www.semrush.com/bot.html)"
185.191.171.44 - - [16/Jul/2021:14:10:03 +0200] "GET /fina-metal-money-p-52953.html HTTP/1.0" 200 70267 "-" "Mozilla/5.0 (compatible; SemrushBot/7~bl; +http://www.semrush.com/bot.html)"
66.249.72.166 - - [16/Jul/2021:14:10:12 +0200] "GET /images/big_prod/8422065975857.jpg HTTP/1.0" 200 268 "-" "Googlebot-Image/1.0"
207.46.13.65 - - [16/Jul/2021:14:10:41 +0200] "GET /angry-birds-wallet-p-19173.html HTTP/1.0" 200 73049 "-" "Mozilla/5.0 (compatible; bingbot/2.0; +http://www.bing.com/bingbot.htm)"
207.46.13.127 - - [16/Jul/2021:14:10:45 +0200] "GET /-p-22624.html HTTP/1.0" 200 70197 "-" "Mozilla/5.0 (compatible; bingbot/2.0; +http://www.bing.com/bingbot.htm)"
17.121.115.53 - - [16/Jul/2021:14:10:52 +0200] "GET /egyptian-bust-black-gold-nefertiti-p-54285.html HTTP/1.0" 200 74098 "-" "Mozilla/5.0 (Macintosh; Intel Mac OS X 10_15_5) AppleWebKit/605.1.15 (KHTML, like Gecko) Version/13.1.1 Safari/605.1.15 (Applebot/0.1; +http://www.apple.com/go/applebot)"
54.36.148.242 - - [16/Jul/2021:14:11:20 +0200] "GET /household-linen-c-11.html HTTP/1.0" 200 92338 "-" "Mozilla/5.0 (compatible; AhrefsBot/7.0; +http://ahrefs.com/robot/)"
207.46.13.125 - - [16/Jul/2021:14:11:56 +0200] "GET /industrial-box-small-model-only-p-48570.html HTTP/1.0" 301 70401 "-" "Mozilla/5.0 (compatible; bingbot/2.0; +http://www.bing.com/bingbot.htm)"
207.46.13.65 - - [16/Jul/2021:14:12:01 +0200] "GET /-p-48221.html HTTP/1.0" 200 70197 "-" "Mozilla/5.0 (compatible; bingbot/2.0; +http://www.bing.com/bingbot.htm)"
109.245.36.153 - - [16/Jul/2021:14:12:18 +0200] "GET /cats-dubout-figurine-little-miss-precious-p-43191.html HTTP/1.0" 200 73421 "http://www.google.com/" "Mozilla/5.0 (Linux; Android 11; Mi Note 10 Pro) AppleWebKit/537.36 (KHTML, like Gecko) Chrome/91.0.4472.120 Mobile Safari/537.36"
109.245.36.153 - - [16/Jul/2021:14:12:18 +0200] "GET /templates/Pixame_v1/stylesheet.css HTTP/1.0" 200 267 "http://www.wonder-geek.com/cats-dubout-figurine-little-miss-precious-p-43191.html" "Mozilla/5.0 (Linux; Android 11; Mi Note 10 Pro) AppleWebKit/537.36 (KHTML, like Gecko) Chrome/91.0.4472.120 Mobile Safari/537.36"
109.245.36.153 - - [16/Jul/2021:14:12:18 +0200] "GET /highslide/highslide.js HTTP/1.0" 200 262 "http://www.wonder-geek.com/cats-dubout-figurine-little-miss-precious-p-43191.html" "Mozilla/5.0 (Linux; Android 11; Mi Note 10 Pro) AppleWebKit/537.36 (KHTML, like Gecko) Chrome/91.0.4472.120 Mobile Safari/537.36"
109.245.36.153 - - [16/Jul/2021:14:12:18 +0200] "GET /js/jquery.js HTTP/1.0" 200 252 "http://www.wonder-geek.com/cats-dubout-figurine-little-miss-precious-p-43191.html" "Mozilla/5.0 (Linux; Android 11; Mi Note 10 Pro) AppleWebKit/537.36 (KHTML, like Gecko) Chrome/91.0.4472.120 Mobile Safari/537.36"
109.245.36.153 - - [16/Jul/2021:14:12:18 +0200] "GET /mondial_relay/js/jquery-1.3.2.min.js HTTP/1.0" 200 276 "http://www.wonder-geek.com/cats-dubout-figurine-little-miss-precious-p-43191.html" "Mozilla/5.0 (Linux; Android 11; Mi Note 10 Pro) AppleWebKit/537.36 (KHTML, like Gecko) Chrome/91.0.4472.120 Mobile Safari/537.36"
109.245.36.153 - - [16/Jul/2021:14:12:18 +0200] "GET /js/jquery.jqzoom.js HTTP/1.0" 200 259 "http://www.wonder-geek.com/cats-dubout-figurine-little-miss-precious-p-43191.html" "Mozilla/5.0 (Linux; Android 11; Mi Note 10 Pro) AppleWebKit/537.36 (KHTML, like Gecko) Chrome/91.0.4472.120 Mobile Safari/537.36"
109.245.36.153 - - [16/Jul/2021:14:12:18 +0200] "GET /swfobject.js HTTP/1.0" 404 1308 "http://www.wonder-geek.com/cats-dubout-figurine-little-miss-precious-p-43191.html" "Mozilla/5.0 (Linux; Android 11; Mi Note 10 Pro) AppleWebKit/537.36 (KHTML, like Gecko) Chrome/91.0.4472.120 Mobile Safari/537.36"
109.245.36.153 - - [16/Jul/2021:14:12:18 +0200] "GET /templates/Pixame_v1/images/icon_accueil2.png HTTP/1.0" 200 278 "http://www.wonder-geek.com/cats-dubout-figurine-little-miss-precious-p-43191.html" "Mozilla/5.0 (Linux; Android 11; Mi Note 10 Pro) AppleWebKit/537.36 (KHTML, like Gecko) Chrome/91.0.4472.120 Mobile Safari/537.36"
109.245.36.153 - - [16/Jul/2021:14:12:18 +0200] "GET /templates/Pixame_v1/images/pixel_trans.gif HTTP/1.0" 200 328 "http://www.wonder-geek.com/cats-dubout-figurine-little-miss-precious-p-43191.html" "Mozilla/5.0 (Linux; Android 11; Mi Note 10 Pro) AppleWebKit/537.36 (KHTML, like Gecko) Chrome/91.0.4472.120 Mobile Safari/537.36"
109.245.36.153 - - [16/Jul/2021:14:12:18 +0200] "GET /templates/Pixame_v1/images/infobox/pixel_trans.gif HTTP/1.0" 200 328 "http://www.wonder-geek.com/cats-dubout-figurine-little-miss-precious-p-43191.html" "Mozilla/5.0 (Linux; Android 11; Mi Note 10 Pro) AppleWebKit/537.36 (KHTML, like Gecko) Chrome/91.0.4472.120 Mobile Safari/537.36"
109.245.36.153 - - [16/Jul/2021:14:12:18 +0200] "GET /images/pixel_trans.gif HTTP/1.0" 200 328 "http://www.wonder-geek.com/cats-dubout-figurine-little-miss-precious-p-43191.html" "Mozilla/5.0 (Linux; Android 11; Mi Note 10 Pro) AppleWebKit/537.36 (KHTML, like Gecko) Chrome/91.0.4472.120 Mobile Safari/537.36"
109.245.36.153 - - [16/Jul/2021:14:12:18 +0200] "GET /images/big_prod/8718375754863.jpg HTTP/1.0" 200 268 "http://www.wonder-geek.com/cats-dubout-figurine-little-miss-precious-p-43191.html" "Mozilla/5.0 (Linux; Android 11; Mi Note 10 Pro) AppleWebKit/537.36 (KHTML, like Gecko) Chrome/91.0.4472.120 Mobile Safari/537.36"
109.245.36.153 - - [16/Jul/2021:14:12:18 +0200] "GET /templates/Pixame_v1/images/Bottom_texture.jpg HTTP/1.0" 200 280 "http://www.wonder-geek.com/templates/Pixame_v1/stylesheet.css" "Mozilla/5.0 (Linux; Android 11; Mi Note 10 Pro) AppleWebKit/537.36 (KHTML, like Gecko) Chrome/91.0.4472.120 Mobile Safari/537.36"
109.245.36.153 - - [16/Jul/2021:14:12:18 +0200] "GET /templates/Pixame_v1/images/Middle_texture.jpg HTTP/1.0" 200 280 "http://www.wonder-geek.com/templates/Pixame_v1/stylesheet.css" "Mozilla/5.0 (Linux; Android 11; Mi Note 10 Pro) AppleWebKit/537.36 (KHTML, like Gecko) Chrome/91.0.4472.120 Mobile Safari/537.36"
109.245.36.153 - - [16/Jul/2021:14:12:18 +0200] "GET /templates/Pixame_v1/images/header.png HTTP/1.0" 200 271 "http://www.wonder-geek.com/templates/Pixame_v1/stylesheet.css" "Mozilla/5.0 (Linux; Android 11; Mi Note 10 Pro) AppleWebKit/537.36 (KHTML, like Gecko) Chrome/91.0.4472.120 Mobile Safari/537.36"
109.245.36.153 - - [16/Jul/2021:14:12:18 +0200] "GET /templates/Pixame_v1/images/header-object.png HTTP/1.0" 200 278 "http://www.wonder-geek.com/templates/Pixame_v1/stylesheet.css" "Mozilla/5.0 (Linux; Android 11; Mi Note 10 Pro) AppleWebKit/537.36 (KHTML, like Gecko) Chrome/91.0.4472.120 Mobile Safari/537.36"
109.245.36.153 - - [16/Jul/2021:14:12:18 +0200] "GET /templates/Pixame_v1/images/nav.png HTTP/1.0" 200 268 "http://www.wonder-geek.com/templates/Pixame_v1/stylesheet.css" "Mozilla/5.0 (Linux; Android 11; Mi Note 10 Pro) AppleWebKit/537.36 (KHTML, like Gecko) Chrome/91.0.4472.120 Mobile Safari/537.36"
109.245.36.153 - - [16/Jul/2021:14:12:19 +0200] "GET /design/productsenstock.png HTTP/1.0" 200 260 "http://www.wonder-geek.com/templates/Pixame_v1/stylesheet.css" "Mozilla/5.0 (Linux; Android 11; Mi Note 10 Pro) AppleWebKit/537.36 (KHTML, like Gecko) Chrome/91.0.4472.120 Mobile Safari/537.36"
109.245.36.153 - - [16/Jul/2021:14:12:19 +0200] "GET /highslide/graphics/zoomin.cur HTTP/1.0" 200 614 "http://www.wonder-geek.com/templates/Pixame_v1/stylesheet.css" "Mozilla/5.0 (Linux; Android 11; Mi Note 10 Pro) AppleWebKit/537.36 (KHTML, like Gecko) Chrome/91.0.4472.120 Mobile Safari/537.36"
109.245.36.153 - - [16/Jul/2021:14:12:19 +0200] "GET /templates/Pixame_v1/images/infobox/infobox_footer_middle.gif HTTP/1.0" 200 357 "http://www.wonder-geek.com/cats-dubout-figurine-little-miss-precious-p-43191.html" "Mozilla/5.0 (Linux; Android 11; Mi Note 10 Pro) AppleWebKit/537.36 (KHTML, like Gecko) Chrome/91.0.4472.120 Mobile Safari/537.36"
109.245.36.153 - - [16/Jul/2021:14:12:19 +0200] "GET /templates/Pixame_v1/images/buttons/english/button_in_cart.gif HTTP/1.0" 200 295 "http://www.wonder-geek.com/cats-dubout-figurine-little-miss-precious-p-43191.html" "Mozilla/5.0 (Linux; Android 11; Mi Note 10 Pro) AppleWebKit/537.36 (KHTML, like Gecko) Chrome/91.0.4472.120 Mobile Safari/537.36"
109.245.36.153 - - [16/Jul/2021:14:12:19 +0200] "GET /highslide/graphics/zoomout.cur HTTP/1.0" 200 614 "http://www.wonder-geek.com/cats-dubout-figurine-little-miss-precious-p-43191.html" "Mozilla/5.0 (Linux; Android 11; Mi Note 10 Pro) AppleWebKit/537.36 (KHTML, like Gecko) Chrome/91.0.4472.120 Mobile Safari/537.36"
109.245.36.153 - - [16/Jul/2021:14:12:19 +0200] "GET /highslide/graphics/loader.white.gif HTTP/1.0" 200 960 "http://www.wonder-geek.com/templates/Pixame_v1/stylesheet.css" "Mozilla/5.0 (Linux; Android 11; Mi Note 10 Pro) AppleWebKit/537.36 (KHTML, like Gecko) Chrome/91.0.4472.120 Mobile Safari/537.36"
109.245.36.153 - - [16/Jul/2021:14:12:19 +0200] "GET /highslide/graphics/outlines/drop-shadow.png HTTP/1.0" 200 277 "http://www.wonder-geek.com/cats-dubout-figurine-little-miss-precious-p-43191.html" "Mozilla/5.0 (Linux; Android 11; Mi Note 10 Pro) AppleWebKit/537.36 (KHTML, like Gecko) Chrome/91.0.4472.120 Mobile Safari/537.36"
109.245.36.153 - - [16/Jul/2021:14:12:19 +0200] "GET /favicon.ico HTTP/1.0" 200 260 "http://www.wonder-geek.com/cats-dubout-figurine-little-miss-precious-p-43191.html" "Mozilla/5.0 (Linux; Android 11; Mi Note 10 Pro) AppleWebKit/537.36 (KHTML, like Gecko) Chrome/91.0.4472.120 Mobile Safari/537.36"
40.77.167.77 - - [16/Jul/2021:14:12:34 +0200] "GET /toro-tapas-feria-little-tray-p-34395.html HTTP/1.0" 200 72932 "-" "Mozilla/5.0 (compatible; bingbot/2.0; +http://www.bing.com/bingbot.htm)"
207.46.13.125 - - [16/Jul/2021:14:12:38 +0200] "GET /bohochic-bedclothes-p-55212.html HTTP/1.0" 200 73033 "-" "Mozilla/5.0 (compatible; bingbot/2.0; +http://www.bing.com/bingbot.htm)"
54.36.148.242 - - [16/Jul/2021:14:12:47 +0200] "GET /queen-union-jack-shirt-p-29592.html HTTP/1.0" 200 73959 "-" "Mozilla/5.0 (compatible; AhrefsBot/7.0; +http://ahrefs.com/robot/)"
40.77.167.36 - - [16/Jul/2021:14:12:50 +0200] "GET /-p-24016.html HTTP/1.0" 200 70197 "-" "Mozilla/5.0 (compatible; bingbot/2.0; +http://www.bing.com/bingbot.htm)"
207.46.13.65 - - [16/Jul/2021:14:12:54 +0200] "GET /beauty-beast-deluxe-figurine-p-53353.html HTTP/1.0" 200 74855 "-" "Mozilla/5.0 (compatible; bingbot/2.0; +http://www.bing.com/bingbot.htm)"
207.46.13.65 - - [16/Jul/2021:14:12:55 +0200] "GET /route-metal-plate-p-12559.html HTTP/1.0" 200 72836 "-" "Mozilla/5.0 (compatible; bingbot/2.0; +http://www.bing.com/bingbot.htm)"
185.191.171.24 - - [16/Jul/2021:14:13:03 +0200] "GET /phone-cover-for-iphone-cbkreation-p-14149.html HTTP/1.0" 301 70414 "-" "Mozilla/5.0 (compatible; SemrushBot/7~bl; +http://www.semrush.com/bot.html)"
185.191.171.2 - - [16/Jul/2021:14:13:05 +0200] "GET /phone-cover-iphone-cbkreation-p-14149.html HTTP/1.0" 200 70318 "-" "Mozilla/5.0 (compatible; SemrushBot/7~bl; +http://www.semrush.com/bot.html)"
185.191.171.34 - - [16/Jul/2021:14:13:07 +0200] "GET /strawberry-shortcake-blue-swimsuit-p-30285.html HTTP/1.0" 200 74343 "-" "Mozilla/5.0 (compatible; SemrushBot/7~bl; +http://www.semrush.com/bot.html)"
185.191.171.7 - - [16/Jul/2021:14:13:15 +0200] "GET /jasmin-jasmine-p-39824.html?action=add_product HTTP/1.0" 302 476 "-" "Mozilla/5.0 (compatible; SemrushBot/7~bl; +http://www.semrush.com/bot.html)"
207.46.13.65 - - [16/Jul/2021:14:13:20 +0200] "GET /images/big_prod_1/8424346355136B.jpg HTTP/1.0" 200 271 "-" "Mozilla/5.0 (compatible; bingbot/2.0; +http://www.bing.com/bingbot.htm)"
40.77.167.36 - - [16/Jul/2021:14:13:40 +0200] "GET /mandala-p-43383.html HTTP/1.0" 200 73882 "-" "Mozilla/5.0 (compatible; bingbot/2.0; +http://www.bing.com/bingbot.htm)"
207.46.13.51 - - [16/Jul/2021:14:14:01 +0200] "GET /windchime-wood-five-chimes-p-43513.html HTTP/1.0" 200 73495 "-" "Mozilla/5.0 (compatible; bingbot/2.0; +http://www.bing.com/bingbot.htm)"
54.36.148.242 - - [16/Jul/2021:14:14:14 +0200] "GET /gold-decorative-turtle-statue-p-55286.html HTTP/1.0" 200 73640 "-" "Mozilla/5.0 (compatible; AhrefsBot/7.0; +http://ahrefs.com/robot/)"
114.101.167.1 - - [16/Jul/2021:14:14:25 +0200] "GET /contact_us.php HTTP/1.0" 200 26238 "http://www.wonder-geek.com/contact_us.php" "Mozilla/5.0 (Windows NT 6.1; WOW64) AppleWebKit/537.36 (KHTML, like Gecko) Chrome/83.0.4102.0 Safari/537.36"
207.46.13.142 - - [16/Jul/2021:14:14:33 +0200] "GET /wall-sticker-c-13_187.html?page=10 HTTP/1.0" 200 93680 "-" "Mozilla/5.0 (compatible; bingbot/2.0; +http://www.bing.com/bingbot.htm)"
114.101.167.1 - - [16/Jul/2021:14:14:41 +0200] "POST /contact_us.php?action=send HTTP/1.0" 200 26474 "http://www.wonder-geek.com/contact_us.php" "Mozilla/5.0 (Windows NT 6.1; WOW64) AppleWebKit/537.36 (KHTML, like Gecko) Chrome/83.0.4102.0 Safari/537.36"
207.46.13.65 - - [16/Jul/2021:14:14:50 +0200] "GET /fresh-brewed-coffee-cutting-board-p-35942.html HTTP/1.0" 200 72909 "-" "Mozilla/5.0 (compatible; bingbot/2.0; +http://www.bing.com/bingbot.htm)"
51.68.224.127 - - [16/Jul/2021:14:14:52 +0200] "GET /adminweb/export_orders_xml.php?token=256de2z6edz6ed2z6DFSFsed2zed6zeDSFDSGdzedezfzf&maxorders=10&orderstart=1&status=14&start_date=2018-10-01 HTTP/1.0" 200 285 "-" "GesCom CharlotteBoutik Serveur"
51.68.224.127 - - [16/Jul/2021:14:14:52 +0200] "GET /adminweb/export_orders_xml.php?token=256de2z6edz6ed2z6DFSFsed2zed6zeDSFDSGdzedezfzf&maxorders=10&orderstart=1&status=6&start_date=2018-10-01 HTTP/1.0" 200 29786 "-" "GesCom CharlotteBoutik Serveur"
185.191.171.19 - - [16/Jul/2021:14:14:55 +0200] "GET /elephant-head-hanging-30-cm-p-47245.html HTTP/1.0" 301 72962 "-" "Mozilla/5.0 (compatible; SemrushBot/7~bl; +http://www.semrush.com/bot.html)"
185.191.171.45 - - [16/Jul/2021:14:14:57 +0200] "GET /elephant-head-hanging-p-47245.html HTTP/1.0" 200 72874 "-" "Mozilla/5.0 (compatible; SemrushBot/7~bl; +http://www.semrush.com/bot.html)"
207.46.13.125 - - [16/Jul/2021:14:15:06 +0200] "GET /boho-decorative-metal-plate-p-52886.html HTTP/1.0" 200 72910 "-" "Mozilla/5.0 (compatible; bingbot/2.0; +http://www.bing.com/bingbot.htm)"
207.46.13.125 - - [16/Jul/2021:14:15:08 +0200] "GET /-p-33356.html HTTP/1.0" 200 70197 "-" "Mozilla/5.0 (compatible; bingbot/2.0; +http://www.bing.com/bingbot.htm)"
207.46.13.65 - - [16/Jul/2021:14:15:11 +0200] "GET /swfobject.js HTTP/1.0" 404 1308 "-" "Mozilla/5.0 (compatible; bingbot/2.0; +http://www.bing.com/bingbot.htm)"
207.46.13.65 - - [16/Jul/2021:14:15:12 +0200] "GET /-p-18691.html HTTP/1.0" 200 70197 "-" "Mozilla/5.0 (compatible; bingbot/2.0; +http://www.bing.com/bingbot.htm)"
49.7.21.70 - - [16/Jul/2021:14:15:25 +0200] "GET /suitcase-lunch-lunch-c-64.html HTTP/1.0" 301 87473 "-" "Sogou web spider/4.0(+http://www.sogou.com/docs/help/webmasters.htm#07)"
66.249.72.170 - - [16/Jul/2021:14:15:27 +0200] "GET /avengers-marvel-p-31619.html HTTP/1.0" 200 73059 "-" "Mozilla/5.0 (compatible; Googlebot/2.1; +http://www.google.com/bot.html)"
185.191.171.37 - - [16/Jul/2021:14:15:37 +0200] "GET /owls-by-michelle-allen-makeup-kit-p-37694.html HTTP/1.0" 301 73060 "-" "Mozilla/5.0 (compatible; SemrushBot/7~bl; +http://www.semrush.com/bot.html)"
185.191.171.4 - - [16/Jul/2021:14:15:40 +0200] "GET /owls-michelle-allen-makeup-p-37694.html HTTP/1.0" 200 72967 "-" "Mozilla/5.0 (compatible; SemrushBot/7~bl; +http://www.semrush.com/bot.html)"
54.36.148.242 - - [16/Jul/2021:14:15:45 +0200] "GET /nippon-doll-cosmetic-pouch-p-26871.html HTTP/1.0" 200 73114 "-" "Mozilla/5.0 (compatible; AhrefsBot/7.0; +http://ahrefs.com/robot/)"
207.46.13.51 - - [16/Jul/2021:14:16:00 +0200] "GET /verity-rose-set-of-hair-clips-retro-p-29186.html HTTP/1.0" 301 72998 "-" "Mozilla/5.0 (compatible; bingbot/2.0; +http://www.bing.com/bingbot.htm)"
207.46.13.51 - - [16/Jul/2021:14:16:02 +0200] "GET /harley-davidson-logo-zippo-lighter-p-32556.html HTTP/1.0" 200 73404 "-" "Mozilla/5.0 (compatible; bingbot/2.0; +http://www.bing.com/bingbot.htm)"
185.191.171.17 - - [16/Jul/2021:14:16:19 +0200] "GET /amys-bowl-p-53770.html?action=add_product HTTP/1.0" 302 476 "-" "Mozilla/5.0 (compatible; SemrushBot/7~bl; +http://www.semrush.com/bot.html)"
40.77.167.36 - - [16/Jul/2021:14:16:20 +0200] "GET /black-forest-scented-table-candles-p-51488.html HTTP/1.0" 200 73140 "-" "Mozilla/5.0 (compatible; bingbot/2.0; +http://www.bing.com/bingbot.htm)"
17.121.113.228 - - [16/Jul/2021:14:16:44 +0200] "GET /buddhist-bracelet-wooden-beads-p-37667.html HTTP/1.0" 200 72863 "-" "Mozilla/5.0 (Macintosh; Intel Mac OS X 10_15_5) AppleWebKit/605.1.15 (KHTML, like Gecko) Version/13.1.1 Safari/605.1.15 (Applebot/0.1; +http://www.apple.com/go/applebot)"
73.226.142.144 - - [16/Jul/2021:14:16:49 +0200] "GET /amazon-zippo-lighter-p-49096.html HTTP/1.0" 200 75916 "https://www.google.com/" "Mozilla/5.0 (Macintosh; Intel Mac OS X 10_15_6) AppleWebKit/605.1.15 (KHTML, like Gecko) Version/14.0.1 Safari/605.1.15"
73.226.142.144 - - [16/Jul/2021:14:16:50 +0200] "GET /templates/Pixame_v1/stylesheet.css HTTP/1.0" 200 267 "http://www.wonder-geek.com/amazon-zippo-lighter-p-49096.html" "Mozilla/5.0 (Macintosh; Intel Mac OS X 10_15_6) AppleWebKit/605.1.15 (KHTML, like Gecko) Version/14.0.1 Safari/605.1.15"
73.226.142.144 - - [16/Jul/2021:14:16:50 +0200] "GET /highslide/highslide.js HTTP/1.0" 200 262 "http://www.wonder-geek.com/amazon-zippo-lighter-p-49096.html" "Mozilla/5.0 (Macintosh; Intel Mac OS X 10_15_6) AppleWebKit/605.1.15 (KHTML, like Gecko) Version/14.0.1 Safari/605.1.15"
73.226.142.144 - - [16/Jul/2021:14:16:50 +0200] "GET /js/jquery.js HTTP/1.0" 200 252 "http://www.wonder-geek.com/amazon-zippo-lighter-p-49096.html" "Mozilla/5.0 (Macintosh; Intel Mac OS X 10_15_6) AppleWebKit/605.1.15 (KHTML, like Gecko) Version/14.0.1 Safari/605.1.15"
73.226.142.144 - - [16/Jul/2021:14:16:50 +0200] "GET /js/jquery.jqzoom.js HTTP/1.0" 200 259 "http://www.wonder-geek.com/amazon-zippo-lighter-p-49096.html" "Mozilla/5.0 (Macintosh; Intel Mac OS X 10_15_6) AppleWebKit/605.1.15 (KHTML, like Gecko) Version/14.0.1 Safari/605.1.15"
73.226.142.144 - - [16/Jul/2021:14:16:50 +0200] "GET /mondial_relay/js/jquery-1.3.2.min.js HTTP/1.0" 200 276 "http://www.wonder-geek.com/amazon-zippo-lighter-p-49096.html" "Mozilla/5.0 (Macintosh; Intel Mac OS X 10_15_6) AppleWebKit/605.1.15 (KHTML, like Gecko) Version/14.0.1 Safari/605.1.15"
73.226.142.144 - - [16/Jul/2021:14:16:50 +0200] "GET /swfobject.js HTTP/1.0" 404 1308 "http://www.wonder-geek.com/amazon-zippo-lighter-p-49096.html" "Mozilla/5.0 (Macintosh; Intel Mac OS X 10_15_6) AppleWebKit/605.1.15 (KHTML, like Gecko) Version/14.0.1 Safari/605.1.15"
73.226.142.144 - - [16/Jul/2021:14:16:50 +0200] "GET /templates/Pixame_v1/images/icon_accueil2.png HTTP/1.0" 200 278 "http://www.wonder-geek.com/amazon-zippo-lighter-p-49096.html" "Mozilla/5.0 (Macintosh; Intel Mac OS X 10_15_6) AppleWebKit/605.1.15 (KHTML, like Gecko) Version/14.0.1 Safari/605.1.15"
73.226.142.144 - - [16/Jul/2021:14:16:50 +0200] "GET /templates/Pixame_v1/images/infobox/pixel_trans.gif HTTP/1.0" 200 328 "http://www.wonder-geek.com/amazon-zippo-lighter-p-49096.html" "Mozilla/5.0 (Macintosh; Intel Mac OS X 10_15_6) AppleWebKit/605.1.15 (KHTML, like Gecko) Version/14.0.1 Safari/605.1.15"
73.226.142.144 - - [16/Jul/2021:14:16:50 +0200] "GET /images/pixel_trans.gif HTTP/1.0" 200 328 "http://www.wonder-geek.com/amazon-zippo-lighter-p-49096.html" "Mozilla/5.0 (Macintosh; Intel Mac OS X 10_15_6) AppleWebKit/605.1.15 (KHTML, like Gecko) Version/14.0.1 Safari/605.1.15"
73.226.142.144 - - [16/Jul/2021:14:16:50 +0200] "GET /images/big_prod/6970204135645.jpg HTTP/1.0" 200 268 "http://www.wonder-geek.com/amazon-zippo-lighter-p-49096.html" "Mozilla/5.0 (Macintosh; Intel Mac OS X 10_15_6) AppleWebKit/605.1.15 (KHTML, like Gecko) Version/14.0.1 Safari/605.1.15"
73.226.142.144 - - [16/Jul/2021:14:16:50 +0200] "GET /templates/Pixame_v1/images/pixel_trans.gif HTTP/1.0" 200 328 "http://www.wonder-geek.com/amazon-zippo-lighter-p-49096.html" "Mozilla/5.0 (Macintosh; Intel Mac OS X 10_15_6) AppleWebKit/605.1.15 (KHTML, like Gecko) Version/14.0.1 Safari/605.1.15"
