207.46.13.127 - - [16/Jul/2021:04:43:08 +0200] "GET /double-round-mirror-stand-p-53680.html HTTP/1.0" 200 73830 "-" "Mozilla/5.0 (compatible; bingbot/2.0; +http://www.bing.com/bingbot.htm)"
157.55.39.145 - - [16/Jul/2021:04:43:15 +0200] "GET /mrhappy-usa-reporter-bag-p-16872.html HTTP/1.0" 301 70381 "-" "Mozilla/5.0 (compatible; bingbot/2.0; +http://www.bing.com/bingbot.htm)"
66.249.72.166 - - [16/Jul/2021:04:43:31 +0200] "GET /unlikely-friends-hound-figurine-p-53998.html HTTP/1.0" 200 74514 "-" "Mozilla/5.0 (compatible; Googlebot/2.1; +http://www.google.com/bot.html)"
66.249.72.170 - - [16/Jul/2021:04:43:32 +0200] "GET /kitten-glue-stick-p-40832.html HTTP/1.0" 200 72813 "-" "Mozilla/5.0 (Linux; Android 6.0.1; Nexus 5X Build/MMB29P) AppleWebKit/537.36 (KHTML, like Gecko) Chrome/91.0.4472.90 Mobile Safari/537.36 (compatible; Googlebot/2.1; +http://www.google.com/bot.html)"
66.249.72.168 - - [16/Jul/2021:04:43:33 +0200] "GET /the-simpsons-shopping-trolley-p-20548.html HTTP/1.0" 301 70417 "-" "Mozilla/5.0 (compatible; Googlebot/2.1; +http://www.google.com/bot.html)"
66.249.72.170 - - [16/Jul/2021:04:43:34 +0200] "GET /simpsons-shopping-trolley-p-20548.html HTTP/1.0" 200 70325 "-" "Mozilla/5.0 (compatible; Googlebot/2.1; +http://www.google.com/bot.html)"
54.36.148.242 - - [16/Jul/2021:04:43:36 +0200] "GET /what-wonderful-nightmare-p-47020.html HTTP/1.0" 200 73975 "-" "Mozilla/5.0 (compatible; AhrefsBot/7.0; +http://ahrefs.com/robot/)"
185.191.171.7 - - [16/Jul/2021:04:43:36 +0200] "GET /christmas-evergreen-white-bone-china-p-54932.html HTTP/1.0" 200 73179 "-" "Mozilla/5.0 (compatible; SemrushBot/7~bl; +http://www.semrush.com/bot.html)"
49.7.20.118 - - [16/Jul/2021:04:43:39 +0200] "GET / HTTP/1.0" 500 72806 "-" "Sogou web spider/4.0(+http://www.sogou.com/docs/help/webmasters.htm#07)"
157.55.39.145 - - [16/Jul/2021:04:43:40 +0200] "GET /volkwagen-blue-power-bank-3000mah-5v-1a-p-35061.html HTTP/1.0" 301 75684 "-" "Mozilla/5.0 (compatible; bingbot/2.0; +http://www.bing.com/bingbot.htm)"
185.191.171.33 - - [16/Jul/2021:04:43:42 +0200] "GET /gold-resin-vase-p-55599.html?action=add_product HTTP/1.0" 302 476 "-" "Mozilla/5.0 (compatible; SemrushBot/7~bl; +http://www.semrush.com/bot.html)"
207.46.13.125 - - [16/Jul/2021:04:43:46 +0200] "GET /pink-fitted-sheet-p-34829.html HTTP/1.0" 301 70264 "-" "Mozilla/5.0 (compatible; bingbot/2.0; +http://www.bing.com/bingbot.htm)"
185.191.171.16 - - [16/Jul/2021:04:44:02 +0200] "GET /cats-dubout-figurine-what-dinner-p-32708.html HTTP/1.0" 200 75384 "-" "Mozilla/5.0 (compatible; SemrushBot/7~bl; +http://www.semrush.com/bot.html)"
40.77.167.36 - - [16/Jul/2021:04:44:22 +0200] "GET /shot-glass-olympique-marseille-p-51693.html HTTP/1.0" 200 70313 "-" "Mozilla/5.0 (compatible; bingbot/2.0; +http://www.bing.com/bingbot.htm)"
49.7.20.113 - - [16/Jul/2021:04:44:26 +0200] "GET / HTTP/1.0" 200 95217 "-" "Sogou web spider/4.0(+http://www.sogou.com/docs/help/webmasters.htm#07)"
114.119.132.105 - - [16/Jul/2021:04:44:35 +0200] "GET /lover-pouch-kiub-collection-p-54784.html HTTP/1.0" 200 73108 "-" "Mozilla/5.0 (Linux; Android 7.0;) AppleWebKit/537.36 (KHTML, like Gecko) Mobile Safari/537.36 (compatible; PetalBot;+https://webmaster.petalsearch.com/site/petalbot)"
185.191.171.6 - - [16/Jul/2021:04:44:49 +0200] "GET /tassen-porcelain-mood-sugar-bowl-made-in-germany-p-46333.html HTTP/1.0" 301 74130 "-" "Mozilla/5.0 (compatible; SemrushBot/7~bl; +http://www.semrush.com/bot.html)"
185.191.171.34 - - [16/Jul/2021:04:44:51 +0200] "GET /tassen-porcelain-mood-sugar-bowl-made-germany-p-46333.html HTTP/1.0" 200 74018 "-" "Mozilla/5.0 (compatible; SemrushBot/7~bl; +http://www.semrush.com/bot.html)"
157.55.39.121 - - [16/Jul/2021:04:45:05 +0200] "GET /lotus-candleholder-chakra-indigo-silverlining-p-35518.html HTTP/1.0" 200 74473 "-" "Mozilla/5.0 (compatible; bingbot/2.0; +http://www.bing.com/bingbot.htm)"
66.249.72.170 - - [16/Jul/2021:04:45:08 +0200] "GET /accessories-mobiles-c-3_17.html?page=1 HTTP/1.0" 200 94343 "-" "Mozilla/5.0 (Linux; Android 6.0.1; Nexus 5X Build/MMB29P) AppleWebKit/537.36 (KHTML, like Gecko) Chrome/91.0.4472.90 Mobile Safari/537.36 (compatible; Googlebot/2.1; +http://www.google.com/bot.html)"
157.55.39.127 - - [16/Jul/2021:04:45:11 +0200] "GET /surfboard-ceramic-magnet-p-42059.html HTTP/1.0" 200 73768 "-" "Mozilla/5.0 (compatible; bingbot/2.0; +http://www.bing.com/bingbot.htm)"
157.55.39.124 - - [16/Jul/2021:04:45:14 +0200] "GET /achshund-bookend-p-51892.html HTTP/1.0" 200 73573 "-" "Mozilla/5.0 (compatible; bingbot/2.0; +http://www.bing.com/bingbot.htm)"
157.55.39.124 - - [16/Jul/2021:04:45:16 +0200] "GET /bench-stool-p-51608.html HTTP/1.0" 200 73352 "-" "Mozilla/5.0 (compatible; bingbot/2.0; +http://www.bing.com/bingbot.htm)"
157.55.39.127 - - [16/Jul/2021:04:45:19 +0200] "GET /unicorne-moneybox-p-52995.html HTTP/1.0" 200 70255 "-" "Mozilla/5.0 (compatible; bingbot/2.0; +http://www.bing.com/bingbot.htm)"
40.77.167.77 - - [16/Jul/2021:04:45:29 +0200] "GET /-p-18288.html HTTP/1.0" 200 70197 "-" "Mozilla/5.0 (compatible; bingbot/2.0; +http://www.bing.com/bingbot.htm)"
185.191.171.12 - - [16/Jul/2021:04:45:43 +0200] "GET /bunny-nightlight-pink-p-55357.html HTTP/1.0" 200 73832 "-" "Mozilla/5.0 (compatible; SemrushBot/7~bl; +http://www.semrush.com/bot.html)"
157.55.39.121 - - [16/Jul/2021:04:45:44 +0200] "GET /-p-6651.html HTTP/1.0" 200 70195 "-" "Mozilla/5.0 (compatible; bingbot/2.0; +http://www.bing.com/bingbot.htm)"
157.55.39.124 - - [16/Jul/2021:04:45:48 +0200] "GET /images/big_prod/3665269031317.jpg HTTP/1.0" 200 268 "-" "Mozilla/5.0 (compatible; bingbot/2.0; +http://www.bing.com/bingbot.htm)"
157.55.39.124 - - [16/Jul/2021:04:45:50 +0200] "GET /-p-37919.html HTTP/1.0" 200 70197 "-" "Mozilla/5.0 (compatible; bingbot/2.0; +http://www.bing.com/bingbot.htm)"
114.119.158.196 - - [16/Jul/2021:04:45:53 +0200] "GET /frozen-jewelry-box-p-53243.html HTTP/1.0" 301 73874 "-" "Mozilla/5.0 (Linux; Android 7.0;) AppleWebKit/537.36 (KHTML, like Gecko) Mobile Safari/537.36 (compatible; PetalBot;+https://webmaster.petalsearch.com/site/petalbot)"
114.119.158.196 - - [16/Jul/2021:04:45:54 +0200] "GET /frozen-jewelry-p-53243.html HTTP/1.0" 200 73793 "-" "Mozilla/5.0 (Linux; Android 7.0;) AppleWebKit/537.36 (KHTML, like Gecko) Mobile Safari/537.36 (compatible; PetalBot;+https://webmaster.petalsearch.com/site/petalbot)"
54.36.148.242 - - [16/Jul/2021:04:45:55 +0200] "GET /monster-doll-small-white-cushion-with-personalized-picture-p-16983.html HTTP/1.0" 200 73608 "-" "Mozilla/5.0 (compatible; AhrefsBot/7.0; +http://ahrefs.com/robot/)"
157.55.39.145 - - [16/Jul/2021:04:46:00 +0200] "GET /mani-the-lucky-cat-charm-size-pour-les-vacances-p-33277.html HTTP/1.0" 301 73349 "-" "Mozilla/5.0 (compatible; bingbot/2.0; +http://www.bing.com/bingbot.htm)"
207.46.13.65 - - [16/Jul/2021:04:46:07 +0200] "GET /duvet-cover-in-cotton-percale-80-threads-200-200-cm-p-48212.html HTTP/1.0" 301 73237 "-" "Mozilla/5.0 (compatible; bingbot/2.0; +http://www.bing.com/bingbot.htm)"
207.46.13.65 - - [16/Jul/2021:04:46:10 +0200] "GET /disney-princess-storage-stool-p-24528.html HTTP/1.0" 200 70333 "-" "Mozilla/5.0 (compatible; bingbot/2.0; +http://www.bing.com/bingbot.htm)"
40.77.167.36 - - [16/Jul/2021:04:46:12 +0200] "GET /-p-11175.html HTTP/1.0" 200 70197 "-" "Mozilla/5.0 (compatible; bingbot/2.0; +http://www.bing.com/bingbot.htm)"
157.55.39.124 - - [16/Jul/2021:04:46:19 +0200] "GET /fitted-sheet-140-190-cm-color-lin-p-38878.html HTTP/1.0" 301 73024 "-" "Mozilla/5.0 (compatible; bingbot/2.0; +http://www.bing.com/bingbot.htm)"
185.191.171.24 - - [16/Jul/2021:04:46:21 +0200] "GET /cement-tile-stickers-15-15-cm-p-50344.html HTTP/1.0" 301 73852 "-" "Mozilla/5.0 (compatible; SemrushBot/7~bl; +http://www.semrush.com/bot.html)"
185.191.171.38 - - [16/Jul/2021:04:46:24 +0200] "GET /cement-tile-stickers-p-50344.html HTTP/1.0" 200 73765 "-" "Mozilla/5.0 (compatible; SemrushBot/7~bl; +http://www.semrush.com/bot.html)"
157.55.39.145 - - [16/Jul/2021:04:46:40 +0200] "GET /ceramic-vase-klimt-kiss-p-53523.html HTTP/1.0" 200 73859 "-" "Mozilla/5.0 (compatible; bingbot/2.0; +http://www.bing.com/bingbot.htm)"
207.46.13.127 - - [16/Jul/2021:04:46:48 +0200] "GET /mcstuffins-figure-p-23402.html HTTP/1.0" 200 70285 "-" "Mozilla/5.0 (compatible; bingbot/2.0; +http://www.bing.com/bingbot.htm)"
207.46.13.51 - - [16/Jul/2021:04:47:08 +0200] "GET /nici-debbie-giraffe-plush-p-35188.html HTTP/1.0" 200 70299 "-" "Mozilla/5.0 (compatible; bingbot/2.0; +http://www.bing.com/bingbot.htm)"
157.55.39.145 - - [16/Jul/2021:04:47:20 +0200] "GET /blue-moneybox-safe-p-40191.html HTTP/1.0" 301 70264 "-" "Mozilla/5.0 (compatible; bingbot/2.0; +http://www.bing.com/bingbot.htm)"
114.119.158.196 - - [16/Jul/2021:04:48:05 +0200] "GET /disney-princesses-cardigan-p-31129.html HTTP/1.0" 200 74331 "-" "Mozilla/5.0 (Linux; Android 7.0;) AppleWebKit/537.36 (KHTML, like Gecko) Mobile Safari/537.36 (compatible; PetalBot;+https://webmaster.petalsearch.com/site/petalbot)"
54.36.148.242 - - [16/Jul/2021:04:48:17 +0200] "GET /decoration-musical-notes-p-21331.html HTTP/1.0" 200 73048 "-" "Mozilla/5.0 (compatible; AhrefsBot/7.0; +http://ahrefs.com/robot/)"
207.46.13.127 - - [16/Jul/2021:04:48:19 +0200] "GET /microfibre-bed-base-cover-160-200-cm-light-brown-p-47977.html HTTP/1.0" 301 73137 "-" "Mozilla/5.0 (compatible; bingbot/2.0; +http://www.bing.com/bingbot.htm)"
185.191.171.1 - - [16/Jul/2021:04:48:20 +0200] "GET /kimmi-junior-paige-keychains-p-7424.html HTTP/1.0" 200 70326 "-" "Mozilla/5.0 (compatible; SemrushBot/7~bl; +http://www.semrush.com/bot.html)"
157.55.39.127 - - [16/Jul/2021:04:48:36 +0200] "GET /decorative-statuette-mom-monkey-and-baby-p-51562.html HTTP/1.0" 301 73088 "-" "Mozilla/5.0 (compatible; bingbot/2.0; +http://www.bing.com/bingbot.htm)"
207.46.13.127 - - [16/Jul/2021:04:48:59 +0200] "GET /-p-38084.html HTTP/1.0" 200 70197 "-" "Mozilla/5.0 (compatible; bingbot/2.0; +http://www.bing.com/bingbot.htm)"
185.191.171.33 - - [16/Jul/2021:04:49:02 +0200] "GET /us-route-66-canvas-frame-p-13292.html HTTP/1.0" 301 72974 "-" "Mozilla/5.0 (compatible; SemrushBot/7~bl; +http://www.semrush.com/bot.html)"
207.46.13.127 - - [16/Jul/2021:04:49:02 +0200] "GET /-p-14960.html HTTP/1.0" 200 70197 "-" "Mozilla/5.0 (compatible; bingbot/2.0; +http://www.bing.com/bingbot.htm)"
207.46.13.125 - - [16/Jul/2021:04:49:04 +0200] "GET /-p-14550.html HTTP/1.0" 200 70197 "-" "Mozilla/5.0 (compatible; bingbot/2.0; +http://www.bing.com/bingbot.htm)"
185.191.171.3 - - [16/Jul/2021:04:49:05 +0200] "GET /route-canvas-frame-p-13292.html HTTP/1.0" 200 72889 "-" "Mozilla/5.0 (compatible; SemrushBot/7~bl; +http://www.semrush.com/bot.html)"
54.36.149.34 - - [16/Jul/2021:04:49:28 +0200] "GET /pairs-of-socks-charlotte-aux-fraises-27-30-p-50909.html HTTP/1.0" 301 70264 "-" "Mozilla/5.0 (compatible; AhrefsBot/7.0; +http://ahrefs.com/robot/)"
114.119.154.200 - - [16/Jul/2021:04:49:38 +0200] "GET /wood-barrel-natural-finish-small-grapefruit-pine-p-36659.html HTTP/1.0" 200 74328 "-" "Mozilla/5.0 (Linux; Android 7.0;) AppleWebKit/537.36 (KHTML, like Gecko) Mobile Safari/537.36 (compatible; PetalBot;+https://webmaster.petalsearch.com/site/petalbot)"
17.121.112.233 - - [16/Jul/2021:04:50:15 +0200] "GET /gift-infuser-mandala-pink-p-43794.html HTTP/1.0" 200 74061 "-" "Mozilla/5.0 (Macintosh; Intel Mac OS X 10_15_5) AppleWebKit/605.1.15 (KHTML, like Gecko) Version/13.1.1 Safari/605.1.15 (Applebot/0.1; +http://www.apple.com/go/applebot)"
49.7.20.118 - - [16/Jul/2021:04:50:18 +0200] "GET / HTTP/1.0" 200 95384 "-" "Sogou web spider/4.0(+http://www.sogou.com/docs/help/webmasters.htm#07)"
157.55.39.127 - - [16/Jul/2021:04:50:30 +0200] "GET /bookend-monkeys-p-54178.html HTTP/1.0" 200 73375 "-" "Mozilla/5.0 (compatible; bingbot/2.0; +http://www.bing.com/bingbot.htm)"
207.46.13.65 - - [16/Jul/2021:04:50:36 +0200] "GET /outdoor-carpet-celadon-blue-polypropylene-120-170-cm-p-48186.html HTTP/1.0" 301 73307 "-" "Mozilla/5.0 (compatible; bingbot/2.0; +http://www.bing.com/bingbot.htm)"
54.36.148.242 - - [16/Jul/2021:04:50:38 +0200] "GET /coca-cola-phone-cover-iphone-p-15951.html HTTP/1.0" 200 73789 "-" "Mozilla/5.0 (compatible; AhrefsBot/7.0; +http://ahrefs.com/robot/)"
207.46.13.51 - - [16/Jul/2021:04:50:46 +0200] "GET /mini-flamingo-shot-glasses-p-48753.html HTTP/1.0" 200 70309 "-" "Mozilla/5.0 (compatible; bingbot/2.0; +http://www.bing.com/bingbot.htm)"
185.191.171.16 - - [16/Jul/2021:04:51:07 +0200] "GET /bamboo-fiber-mattress-protector-180-200-cm-p-52894.html HTTP/1.0" 301 70264 "-" "Mozilla/5.0 (compatible; SemrushBot/7~bl; +http://www.semrush.com/bot.html)"
185.191.171.2 - - [16/Jul/2021:04:51:12 +0200] "GET /-p-52894.html HTTP/1.0" 200 70197 "-" "Mozilla/5.0 (compatible; SemrushBot/7~bl; +http://www.semrush.com/bot.html)"
157.55.39.121 - - [16/Jul/2021:04:50:56 +0200] "GET /clocks-c-13_67.html?page=4 HTTP/1.0" 200 94740 "-" "Mozilla/5.0 (compatible; bingbot/2.0; +http://www.bing.com/bingbot.htm)"
157.55.39.145 - - [16/Jul/2021:04:51:32 +0200] "GET /transparent-rectangular-plastic-tablecloth-p-52774.html HTTP/1.0" 200 73069 "-" "Mozilla/5.0 (compatible; bingbot/2.0; +http://www.bing.com/bingbot.htm)"
66.249.72.166 - - [16/Jul/2021:04:51:48 +0200] "GET /images/big_prod_1/3014627889365a.jpg HTTP/1.0" 200 271 "-" "Googlebot-Image/1.0"
114.119.144.233 - - [16/Jul/2021:04:51:47 +0200] "GET /postcard-with-envelope-happy-birthday-p-48869.html HTTP/1.0" 200 73043 "-" "Mozilla/5.0 (Linux; Android 7.0;) AppleWebKit/537.36 (KHTML, like Gecko) Mobile Safari/537.36 (compatible; PetalBot;+https://webmaster.petalsearch.com/site/petalbot)"
207.46.13.51 - - [16/Jul/2021:04:51:50 +0200] "GET /-p-25569.html HTTP/1.0" 200 70197 "-" "Mozilla/5.0 (compatible; bingbot/2.0; +http://www.bing.com/bingbot.htm)"
66.249.72.170 - - [16/Jul/2021:04:51:50 +0200] "GET /spiderman-mini-kit-creation-oscorp-tower-p-16602.html HTTP/1.0" 301 70486 "-" "Mozilla/5.0 (Linux; Android 6.0.1; Nexus 5X Build/MMB29P) AppleWebKit/537.36 (KHTML, like Gecko) Chrome/91.0.4472.90 Mobile Safari/537.36 (compatible; Googlebot/2.1; +http://www.google.com/bot.html)"
66.249.72.166 - - [16/Jul/2021:04:51:53 +0200] "GET /spiderman-mini-cration-oscorp-tower-p-16602.html HTTP/1.0" 200 70384 "-" "Mozilla/5.0 (Linux; Android 6.0.1; Nexus 5X Build/MMB29P) AppleWebKit/537.36 (KHTML, like Gecko) Chrome/91.0.4472.90 Mobile Safari/537.36 (compatible; Googlebot/2.1; +http://www.google.com/bot.html)"
157.55.39.145 - - [16/Jul/2021:04:51:56 +0200] "GET /-p-11083.html HTTP/1.0" 200 70197 "-" "Mozilla/5.0 (compatible; bingbot/2.0; +http://www.bing.com/bingbot.htm)"
157.55.39.145 - - [16/Jul/2021:04:51:58 +0200] "GET /ballerina-jewelry-box-p-36933.html HTTP/1.0" 301 73883 "-" "Mozilla/5.0 (compatible; bingbot/2.0; +http://www.bing.com/bingbot.htm)"
157.55.39.121 - - [16/Jul/2021:04:52:16 +0200] "GET /-p-18805.html HTTP/1.0" 200 70197 "-" "Mozilla/5.0 (compatible; bingbot/2.0; +http://www.bing.com/bingbot.htm)"
207.46.13.65 - - [16/Jul/2021:04:52:21 +0200] "GET /cat-and-birds-small-ashtray-p-45762.html HTTP/1.0" 301 72940 "-" "Mozilla/5.0 (compatible; bingbot/2.0; +http://www.bing.com/bingbot.htm)"
51.68.224.127 - - [16/Jul/2021:04:52:26 +0200] "GET /adminweb/export_orders_xml.php?token=256de2z6edz6ed2z6DFSFsed2zed6zeDSFDSGdzedezfzf&maxorders=10&orderstart=1&status=14&start_date=2018-10-01 HTTP/1.0" 200 285 "-" "GesCom CharlotteBoutik Serveur"
51.68.224.127 - - [16/Jul/2021:04:52:26 +0200] "GET /adminweb/export_orders_xml.php?token=256de2z6edz6ed2z6DFSFsed2zed6zeDSFDSGdzedezfzf&maxorders=10&orderstart=1&status=6&start_date=2018-10-01 HTTP/1.0" 200 29786 "-" "GesCom CharlotteBoutik Serveur"
54.36.148.242 - - [16/Jul/2021:04:52:42 +0200] "GET /head-lamp-silver-p-55536.html HTTP/1.0" 200 72717 "-" "Mozilla/5.0 (compatible; AhrefsBot/7.0; +http://ahrefs.com/robot/)"
207.46.13.65 - - [16/Jul/2021:04:52:46 +0200] "GET /figures-c-4_15.html HTTP/1.0" 200 91316 "-" "Mozilla/5.0 (compatible; bingbot/2.0; +http://www.bing.com/bingbot.htm)"
114.119.158.196 - - [16/Jul/2021:04:53:04 +0200] "GET /pepper-salt-hens-p-50648.html HTTP/1.0" 200 72880 "-" "Mozilla/5.0 (Linux; Android 7.0;) AppleWebKit/537.36 (KHTML, like Gecko) Mobile Safari/537.36 (compatible; PetalBot;+https://webmaster.petalsearch.com/site/petalbot)"
49.7.20.119 - - [16/Jul/2021:04:53:11 +0200] "GET / HTTP/1.0" 200 95425 "-" "Sogou web spider/4.0(+http://www.sogou.com/docs/help/webmasters.htm#07)"
207.46.13.127 - - [16/Jul/2021:04:53:10 +0200] "GET /salt-pepper-shaker-sets-c-12_160.html HTTP/1.0" 200 90458 "-" "Mozilla/5.0 (compatible; bingbot/2.0; +http://www.bing.com/bingbot.htm)"
207.46.13.127 - - [16/Jul/2021:04:53:49 +0200] "GET /protects-mattress-fleece-cotton-90-190-cm-p-43570.html HTTP/1.0" 301 73090 "-" "Mozilla/5.0 (compatible; bingbot/2.0; +http://www.bing.com/bingbot.htm)"
207.46.13.127 - - [16/Jul/2021:04:53:52 +0200] "GET /-p-38385.html HTTP/1.0" 200 70197 "-" "Mozilla/5.0 (compatible; bingbot/2.0; +http://www.bing.com/bingbot.htm)"
40.77.167.36 - - [16/Jul/2021:04:53:53 +0200] "GET /-p-24842.html HTTP/1.0" 200 70197 "-" "Mozilla/5.0 (compatible; bingbot/2.0; +http://www.bing.com/bingbot.htm)"
157.55.39.145 - - [16/Jul/2021:04:53:55 +0200] "GET /mickey-birthday-card-with-envelope-p-25258.html HTTP/1.0" 200 72896 "-" "Mozilla/5.0 (compatible; bingbot/2.0; +http://www.bing.com/bingbot.htm)"
207.46.13.65 - - [16/Jul/2021:04:53:58 +0200] "GET /ball-shaped-lamp-marble-effect-p-52848.html HTTP/1.0" 200 73410 "-" "Mozilla/5.0 (compatible; bingbot/2.0; +http://www.bing.com/bingbot.htm)"
207.46.13.65 - - [16/Jul/2021:04:54:01 +0200] "GET /buddha-canvas-frame-20-20-cm-p-33993.html HTTP/1.0" 301 73021 "-" "Mozilla/5.0 (compatible; bingbot/2.0; +http://www.bing.com/bingbot.htm)"
207.46.13.65 - - [16/Jul/2021:04:54:03 +0200] "GET /paris-eiffel-tower-metal-key-ring-skull-p-38616.html HTTP/1.0" 301 73070 "-" "Mozilla/5.0 (compatible; bingbot/2.0; +http://www.bing.com/bingbot.htm)"
40.77.167.36 - - [16/Jul/2021:04:54:04 +0200] "GET /star-wars-bb8-clock-24-cm-p-35775.html HTTP/1.0" 301 70375 "-" "Mozilla/5.0 (compatible; bingbot/2.0; +http://www.bing.com/bingbot.htm)"
157.55.39.124 - - [16/Jul/2021:04:54:20 +0200] "GET /-p-6629.html HTTP/1.0" 200 70195 "-" "Mozilla/5.0 (compatible; bingbot/2.0; +http://www.bing.com/bingbot.htm)"
54.36.148.242 - - [16/Jul/2021:04:54:44 +0200] "GET /illuminated-decorations-c-86_282.html HTTP/1.0" 200 90177 "-" "Mozilla/5.0 (compatible; AhrefsBot/7.0; +http://ahrefs.com/robot/)"
207.46.13.51 - - [16/Jul/2021:04:54:51 +0200] "GET /support-metal-bottle-biker-p-34476.html HTTP/1.0" 200 72938 "-" "Mozilla/5.0 (compatible; bingbot/2.0; +http://www.bing.com/bingbot.htm)"
114.119.145.117 - - [16/Jul/2021:04:54:57 +0200] "GET /kids-school-bag-c-31_80.html?page=1 HTTP/1.0" 301 90381 "-" "Mozilla/5.0 (Linux; Android 7.0;) AppleWebKit/537.36 (KHTML, like Gecko) Mobile Safari/537.36 (compatible; PetalBot;+https://webmaster.petalsearch.com/site/petalbot)"
114.119.145.117 - - [16/Jul/2021:04:55:07 +0200] "GET /kids-school-c-80.html?page=1 HTTP/1.0" 301 90226 "-" "Mozilla/5.0 (Linux; Android 7.0;) AppleWebKit/537.36 (KHTML, like Gecko) Mobile Safari/537.36 (compatible; PetalBot;+https://webmaster.petalsearch.com/site/petalbot)"
40.77.167.77 - - [16/Jul/2021:04:55:17 +0200] "GET /incense-satya-pyramids-about-sticks-p-53779.html HTTP/1.0" 200 73464 "-" "Mozilla/5.0 (compatible; bingbot/2.0; +http://www.bing.com/bingbot.htm)"
114.119.145.117 - - [16/Jul/2021:04:55:13 +0200] "GET /kids-school-c-31_80.html?page=1 HTTP/1.0" 200 90299 "-" "Mozilla/5.0 (Linux; Android 7.0;) AppleWebKit/537.36 (KHTML, like Gecko) Mobile Safari/537.36 (compatible; PetalBot;+https://webmaster.petalsearch.com/site/petalbot)"
185.191.171.38 - - [16/Jul/2021:04:55:33 +0200] "GET /robots.txt HTTP/1.0" 200 245 "-" "Mozilla/5.0 (compatible; SemrushBot/7~bl; +http://www.semrush.com/bot.html)"
40.77.167.36 - - [16/Jul/2021:04:55:32 +0200] "GET /trudi-placido-polar-bear-soft-toy-22-cm-p-16224.html HTTP/1.0" 301 72890 "-" "Mozilla/5.0 (compatible; bingbot/2.0; +http://www.bing.com/bingbot.htm)"
185.191.171.44 - - [16/Jul/2021:04:55:33 +0200] "GET /bottle-holder-beer-bucket-c-12_224.html HTTP/1.0" 200 89630 "-" "Mozilla/5.0 (compatible; SemrushBot/7~bl; +http://www.semrush.com/bot.html)"
157.55.39.124 - - [16/Jul/2021:04:56:00 +0200] "GET /andalusia-tea-box-150-p-50768.html HTTP/1.0" 301 75341 "-" "Mozilla/5.0 (compatible; bingbot/2.0; +http://www.bing.com/bingbot.htm)"
207.46.13.125 - - [16/Jul/2021:04:56:33 +0200] "GET /beatles-picture-metal-magnet-p-10807.html HTTP/1.0" 200 70299 "-" "Mozilla/5.0 (compatible; bingbot/2.0; +http://www.bing.com/bingbot.htm)"
185.191.171.2 - - [16/Jul/2021:04:56:35 +0200] "GET /isothermic-stainless-steel-bottle-p-53168.html HTTP/1.0" 200 72942 "-" "Mozilla/5.0 (compatible; SemrushBot/7~bl; +http://www.semrush.com/bot.html)"
157.55.39.121 - - [16/Jul/2021:04:56:38 +0200] "GET /live-to-ride-hoodies-p-33758.html HTTP/1.0" 301 75655 "-" "Mozilla/5.0 (compatible; bingbot/2.0; +http://www.bing.com/bingbot.htm)"
157.55.39.124 - - [16/Jul/2021:04:56:51 +0200] "GET /-p-28826.html HTTP/1.0" 200 70197 "-" "Mozilla/5.0 (compatible; bingbot/2.0; +http://www.bing.com/bingbot.htm)"
207.46.13.51 - - [16/Jul/2021:04:56:59 +0200] "GET /decorative-door-sticker-p-51538.html HTTP/1.0" 200 73655 "-" "Mozilla/5.0 (compatible; bingbot/2.0; +http://www.bing.com/bingbot.htm)"
185.191.171.9 - - [16/Jul/2021:04:57:09 +0200] "GET /disney-showcase-ariel-couture-force-p-51453.html?action=add_product HTTP/1.0" 302 476 "-" "Mozilla/5.0 (compatible; SemrushBot/7~bl; +http://www.semrush.com/bot.html)"
54.36.148.242 - - [16/Jul/2021:04:57:06 +0200] "GET / HTTP/1.0" 200 95223 "-" "Mozilla/5.0 (compatible; AhrefsBot/7.0; +http://ahrefs.com/robot/)"
207.46.13.125 - - [16/Jul/2021:04:57:14 +0200] "GET /vache-rtro-white-p-40045.html HTTP/1.0" 200 70316 "-" "Mozilla/5.0 (compatible; bingbot/2.0; +http://www.bing.com/bingbot.htm)"
114.119.130.202 - - [16/Jul/2021:04:57:15 +0200] "GET /decoration-protection-animal-iphone-cable-p-47286.html HTTP/1.0" 200 76992 "-" "Mozilla/5.0 (Linux; Android 7.0;) AppleWebKit/537.36 (KHTML, like Gecko) Mobile Safari/537.36 (compatible; PetalBot;+https://webmaster.petalsearch.com/site/petalbot)"
157.55.39.124 - - [16/Jul/2021:04:57:29 +0200] "GET /betty-boop-fan-club-bedclothes-240-220-p-15119.html HTTP/1.0" 301 70264 "-" "Mozilla/5.0 (compatible; bingbot/2.0; +http://www.bing.com/bingbot.htm)"
207.46.13.125 - - [16/Jul/2021:04:57:34 +0200] "GET /daffy-duck-figure-p-3620.html HTTP/1.0" 200 70253 "-" "Mozilla/5.0 (compatible; bingbot/2.0; +http://www.bing.com/bingbot.htm)"
157.55.39.145 - - [16/Jul/2021:04:57:51 +0200] "GET /industrial-retro-clock-in-aged-metal-225-75-17-cm-p-48588.html HTTP/1.0" 301 73202 "-" "Mozilla/5.0 (compatible; bingbot/2.0; +http://www.bing.com/bingbot.htm)"
157.55.39.127 - - [16/Jul/2021:04:57:56 +0200] "GET /teo-jasmin-kitten-scarf-p-35977.html HTTP/1.0" 301 72923 "-" "Mozilla/5.0 (compatible; bingbot/2.0; +http://www.bing.com/bingbot.htm)"
207.46.13.65 - - [16/Jul/2021:04:58:00 +0200] "GET /-p-14836.html HTTP/1.0" 200 70197 "-" "Mozilla/5.0 (compatible; bingbot/2.0; +http://www.bing.com/bingbot.htm)"
207.46.13.65 - - [16/Jul/2021:04:58:27 +0200] "GET /-p-26960.html HTTP/1.0" 200 70197 "-" "Mozilla/5.0 (compatible; bingbot/2.0; +http://www.bing.com/bingbot.htm)"
66.249.72.170 - - [16/Jul/2021:04:58:31 +0200] "GET /flower-joris-collection-whale-p-54671.html HTTP/1.0" 200 72963 "-" "Mozilla/5.0 (Linux; Android 6.0.1; Nexus 5X Build/MMB29P) AppleWebKit/537.36 (KHTML, like Gecko) Chrome/91.0.4472.90 Mobile Safari/537.36 (compatible; Googlebot/2.1; +http://www.google.com/bot.html)"
157.55.39.145 - - [16/Jul/2021:04:58:32 +0200] "GET /mini-cooper-union-jack-figurine-p-26256.html HTTP/1.0" 301 70264 "-" "Mozilla/5.0 (compatible; bingbot/2.0; +http://www.bing.com/bingbot.htm)"
207.46.13.127 - - [16/Jul/2021:04:58:32 +0200] "GET /vespa-red-lighter-p-13440.html HTTP/1.0" 301 70345 "-" "Mozilla/5.0 (compatible; bingbot/2.0; +http://www.bing.com/bingbot.htm)"
66.249.72.166 - - [16/Jul/2021:04:58:33 +0200] "GET /wastebasket-c-129_184.html HTTP/1.0" 200 84315 "-" "Mozilla/5.0 (Linux; Android 6.0.1; Nexus 5X Build/MMB29P) AppleWebKit/537.36 (KHTML, like Gecko) Chrome/91.0.4472.90 Mobile Safari/537.36 (compatible; Googlebot/2.1; +http://www.google.com/bot.html)"
114.119.150.15 - - [16/Jul/2021:04:58:31 +0200] "GET /fitted-sheet-c-11_193.html?page=2 HTTP/1.0" 200 91265 "-" "Mozilla/5.0 (Linux; Android 7.0;) AppleWebKit/537.36 (KHTML, like Gecko) Mobile Safari/537.36 (compatible; PetalBot;+https://webmaster.petalsearch.com/site/petalbot)"
66.249.72.166 - - [16/Jul/2021:04:58:42 +0200] "GET /pillow-bolster-c-11_199.html HTTP/1.0" 200 85937 "-" "Mozilla/5.0 (Linux; Android 6.0.1; Nexus 5X Build/MMB29P) AppleWebKit/537.36 (KHTML, like Gecko) Chrome/91.0.4472.90 Mobile Safari/537.36 (compatible; Googlebot/2.1; +http://www.google.com/bot.html)"
207.46.13.65 - - [16/Jul/2021:04:58:57 +0200] "GET /pencil-case-c-31_75.html?page=5 HTTP/1.0" 200 94144 "-" "Mozilla/5.0 (compatible; bingbot/2.0; +http://www.bing.com/bingbot.htm)"
207.46.13.65 - - [16/Jul/2021:04:59:18 +0200] "GET /root-chakra-mug-by-cbkreation-p-49254.html HTTP/1.0" 301 72971 "-" "Mozilla/5.0 (compatible; bingbot/2.0; +http://www.bing.com/bingbot.htm)"
207.46.13.65 - - [16/Jul/2021:04:59:21 +0200] "GET /raving-rabbids-brown-large-cereal-bowl-p-31748.html HTTP/1.0" 200 70378 "-" "Mozilla/5.0 (compatible; bingbot/2.0; +http://www.bing.com/bingbot.htm)"
54.36.148.242 - - [16/Jul/2021:04:59:22 +0200] "GET /domo-frankunstein-shirt-p-29504.html HTTP/1.0" 200 74525 "-" "Mozilla/5.0 (compatible; AhrefsBot/7.0; +http://ahrefs.com/robot/)"
185.191.171.42 - - [16/Jul/2021:04:59:22 +0200] "GET /deco-soapstone-tree-life-blue-p-53789.html HTTP/1.0" 200 73764 "-" "Mozilla/5.0 (compatible; SemrushBot/7~bl; +http://www.semrush.com/bot.html)"
207.46.13.125 - - [16/Jul/2021:04:59:27 +0200] "GET /frozen-bowl-p-31749.html HTTP/1.0" 200 70231 "-" "Mozilla/5.0 (compatible; bingbot/2.0; +http://www.bing.com/bingbot.htm)"
157.55.39.121 - - [16/Jul/2021:04:59:48 +0200] "GET /mini-cooper-1300-p-27589.html HTTP/1.0" 200 72844 "-" "Mozilla/5.0 (compatible; bingbot/2.0; +http://www.bing.com/bingbot.htm)"
157.55.39.124 - - [16/Jul/2021:04:59:52 +0200] "GET /iphone-case-silicone-audiocassette-p-25374.html HTTP/1.0" 200 75632 "-" "Mozilla/5.0 (compatible; bingbot/2.0; +http://www.bing.com/bingbot.htm)"
185.191.171.14 - - [16/Jul/2021:04:59:57 +0200] "GET /disney-princess-dinner-p-16561.html HTTP/1.0" 200 73480 "-" "Mozilla/5.0 (compatible; SemrushBot/7~bl; +http://www.semrush.com/bot.html)"
49.7.21.70 - - [16/Jul/2021:05:00:07 +0200] "GET /suitcase-lunch-lunch-c-64.html HTTP/1.0" 301 87473 "-" "Sogou web spider/4.0(+http://www.sogou.com/docs/help/webmasters.htm#07)"
185.191.171.24 - - [16/Jul/2021:05:00:17 +0200] "GET /jolies-cocottes-oven-mitt-p-43816.html HTTP/1.0" 200 70255 "-" "Mozilla/5.0 (compatible; SemrushBot/7~bl; +http://www.semrush.com/bot.html)"
207.46.13.65 - - [16/Jul/2021:05:00:48 +0200] "GET /pucca-towel-p-2355.html HTTP/1.0" 200 72883 "-" "Mozilla/5.0 (compatible; bingbot/2.0; +http://www.bing.com/bingbot.htm)"
185.191.171.3 - - [16/Jul/2021:05:01:38 +0200] "GET /jasmin-medium-cabas-p-44210.html?action=add_product HTTP/1.0" 302 476 "-" "Mozilla/5.0 (compatible; SemrushBot/7~bl; +http://www.semrush.com/bot.html)"
114.119.144.233 - - [16/Jul/2021:05:02:05 +0200] "GET /mickey-mouse-comics-vintage-black-suitcase-p-36300.html HTTP/1.0" 200 70355 "-" "Mozilla/5.0 (Linux; Android 7.0;) AppleWebKit/537.36 (KHTML, like Gecko) Mobile Safari/537.36 (compatible; PetalBot;+https://webmaster.petalsearch.com/site/petalbot)"
66.249.72.168 - - [16/Jul/2021:05:02:08 +0200] "GET /images/big_prod/4029811311712B.jpg HTTP/1.0" 200 269 "-" "Googlebot-Image/1.0"
114.119.158.196 - - [16/Jul/2021:05:02:11 +0200] "GET /anti-rfid-card-holder-cards-gold-p-50166.html HTTP/1.0" 200 74159 "-" "Mozilla/5.0 (Linux; Android 7.0;) AppleWebKit/537.36 (KHTML, like Gecko) Mobile Safari/537.36 (compatible; PetalBot;+https://webmaster.petalsearch.com/site/petalbot)"
207.46.13.125 - - [16/Jul/2021:05:02:14 +0200] "GET /-p-22813.html HTTP/1.0" 200 70197 "-" "Mozilla/5.0 (compatible; bingbot/2.0; +http://www.bing.com/bingbot.htm)"
157.55.39.121 - - [16/Jul/2021:05:02:39 +0200] "GET /long-playing-clock-by-cbkreation-p-24373.html HTTP/1.0" 301 73103 "-" "Mozilla/5.0 (compatible; bingbot/2.0; +http://www.bing.com/bingbot.htm)"
40.77.167.36 - - [16/Jul/2021:05:02:58 +0200] "GET /stuffins-small-satchel-p-30352.html HTTP/1.0" 200 73144 "-" "Mozilla/5.0 (compatible; bingbot/2.0; +http://www.bing.com/bingbot.htm)"
157.55.39.127 - - [16/Jul/2021:05:03:07 +0200] "GET /-p-21979.html HTTP/1.0" 200 70197 "-" "Mozilla/5.0 (compatible; bingbot/2.0; +http://www.bing.com/bingbot.htm)"
157.55.39.127 - - [16/Jul/2021:05:03:10 +0200] "GET /-p-33626.html HTTP/1.0" 200 70197 "-" "Mozilla/5.0 (compatible; bingbot/2.0; +http://www.bing.com/bingbot.htm)"
185.191.171.6 - - [16/Jul/2021:05:03:06 +0200] "GET /home-and-decoration-c-13.html?page=117 HTTP/1.0" 301 95026 "-" "Mozilla/5.0 (compatible; SemrushBot/7~bl; +http://www.semrush.com/bot.html)"
207.46.13.51 - - [16/Jul/2021:05:03:33 +0200] "GET /pucca-cap-52-cm-p-22263.html HTTP/1.0" 301 72906 "-" "Mozilla/5.0 (compatible; bingbot/2.0; +http://www.bing.com/bingbot.htm)"
185.191.171.24 - - [16/Jul/2021:05:03:21 +0200] "GET /home-decoration-c-13.html?page=117 HTTP/1.0" 200 94938 "-" "Mozilla/5.0 (compatible; SemrushBot/7~bl; +http://www.semrush.com/bot.html)"
185.191.171.13 - - [16/Jul/2021:05:03:37 +0200] "GET /zodiac-sign-training-bottle-by-cbkreation-p-43346.html HTTP/1.0" 301 73350 "-" "Mozilla/5.0 (compatible; SemrushBot/7~bl; +http://www.semrush.com/bot.html)"
185.191.171.36 - - [16/Jul/2021:05:03:41 +0200] "GET /zodiac-sign-training-bottle-cbkreation-p-43346.html HTTP/1.0" 200 73245 "-" "Mozilla/5.0 (compatible; SemrushBot/7~bl; +http://www.semrush.com/bot.html)"
185.191.171.39 - - [16/Jul/2021:05:04:00 +0200] "GET /place-piano-p-53827.html?action=add_product HTTP/1.0" 302 476 "-" "Mozilla/5.0 (compatible; SemrushBot/7~bl; +http://www.semrush.com/bot.html)"
157.55.39.121 - - [16/Jul/2021:05:03:59 +0200] "GET /hello-kitty-set-of-hair-ornements-p-13568.html HTTP/1.0" 301 73093 "-" "Mozilla/5.0 (compatible; bingbot/2.0; +http://www.bing.com/bingbot.htm)"
114.119.144.233 - - [16/Jul/2021:05:04:02 +0200] "GET /simpsons-shirt-p-29593.html HTTP/1.0" 200 74212 "-" "Mozilla/5.0 (Linux; Android 7.0;) AppleWebKit/537.36 (KHTML, like Gecko) Mobile Safari/537.36 (compatible; PetalBot;+https://webmaster.petalsearch.com/site/petalbot)"
207.46.13.65 - - [16/Jul/2021:05:04:16 +0200] "GET /swfobject.js HTTP/1.0" 404 1308 "-" "Mozilla/5.0 (compatible; bingbot/2.0; +http://www.bing.com/bingbot.htm)"
207.46.13.65 - - [16/Jul/2021:05:04:17 +0200] "GET /russian-doll-figurine-jewelry-p-27613.html HTTP/1.0" 200 73103 "-" "Mozilla/5.0 (compatible; bingbot/2.0; +http://www.bing.com/bingbot.htm)"
54.36.148.242 - - [16/Jul/2021:05:04:07 +0200] "GET /money-boxes-c-13_83.html?page=7 HTTP/1.0" 200 93680 "-" "Mozilla/5.0 (compatible; AhrefsBot/7.0; +http://ahrefs.com/robot/)"
40.77.167.36 - - [16/Jul/2021:05:04:34 +0200] "GET /-p-19170.html HTTP/1.0" 200 70197 "-" "Mozilla/5.0 (compatible; bingbot/2.0; +http://www.bing.com/bingbot.htm)"
207.46.13.51 - - [16/Jul/2021:05:04:41 +0200] "GET /cat-large-bowl-p-48617.html HTTP/1.0" 301 70327 "-" "Mozilla/5.0 (compatible; bingbot/2.0; +http://www.bing.com/bingbot.htm)"
40.77.167.77 - - [16/Jul/2021:05:04:48 +0200] "GET /orange-kimmidoll-cardboard-boxe-small-p-47962.html HTTP/1.0" 200 70339 "-" "Mozilla/5.0 (compatible; bingbot/2.0; +http://www.bing.com/bingbot.htm)"
23.100.232.233 - - [16/Jul/2021:05:04:50 +0200] "GET / HTTP/1.0" 200 95356 "-" "Mozilla/5.0 (compatible; MSIE 9.0; Windows NT 6.1; Trident/5.0;  Trident/5.0)"
23.100.232.233 - - [16/Jul/2021:05:04:59 +0200] "GET /templates/Pixame_v1/stylesheet.css HTTP/1.0" 200 267 "http://www.wonder-geek.com/" "Mozilla/5.0 (compatible; MSIE 9.0; Windows NT 6.1; Trident/5.0;  Trident/5.0)"
23.100.232.233 - - [16/Jul/2021:05:05:00 +0200] "GET /highslide/highslide.js HTTP/1.0" 200 262 "http://www.wonder-geek.com/" "Mozilla/5.0 (compatible; MSIE 9.0; Windows NT 6.1; Trident/5.0;  Trident/5.0)"
23.100.232.233 - - [16/Jul/2021:05:05:00 +0200] "GET /js/jquery.js HTTP/1.0" 200 252 "http://www.wonder-geek.com/" "Mozilla/5.0 (compatible; MSIE 9.0; Windows NT 6.1; Trident/5.0;  Trident/5.0)"
23.100.232.233 - - [16/Jul/2021:05:05:00 +0200] "GET /js/jquery.jqzoom.js HTTP/1.0" 200 259 "http://www.wonder-geek.com/" "Mozilla/5.0 (compatible; MSIE 9.0; Windows NT 6.1; Trident/5.0;  Trident/5.0)"
23.100.232.233 - - [16/Jul/2021:05:05:00 +0200] "GET /swfobject.js HTTP/1.0" 404 1308 "http://www.wonder-geek.com/" "Mozilla/5.0 (compatible; MSIE 9.0; Windows NT 6.1; Trident/5.0;  Trident/5.0)"
23.100.232.233 - - [16/Jul/2021:05:05:01 +0200] "GET /style.ie7.css HTTP/1.0" 404 1308 "http://www.wonder-geek.com/" "Mozilla/5.0 (compatible; MSIE 9.0; Windows NT 6.1; Trident/5.0;  Trident/5.0)"
23.100.232.233 - - [16/Jul/2021:05:05:01 +0200] "GET /mondial_relay/js/jquery-1.3.2.min.js HTTP/1.0" 200 276 "http://www.wonder-geek.com/" "Mozilla/5.0 (compatible; MSIE 9.0; Windows NT 6.1; Trident/5.0;  Trident/5.0)"
23.100.232.233 - - [16/Jul/2021:05:05:03 +0200] "GET /templates/Pixame_v1/images/flash.swf HTTP/1.0" 200 290 "http://www.wonder-geek.com/" "Mozilla/5.0 (compatible; MSIE 9.0; Windows NT 6.1; Trident/5.0;  Trident/5.0)"
23.100.232.233 - - [16/Jul/2021:05:05:04 +0200] "GET /highslide/graphics/zoomout.cur HTTP/1.0" 200 614 "http://www.wonder-geek.com/" "Mozilla/5.0 (compatible; MSIE 9.0; Windows NT 6.1; Trident/5.0;  Trident/5.0)"
207.46.13.51 - - [16/Jul/2021:05:05:11 +0200] "GET /glass-votive-candles-holder-mirror-10-cm-p-42179.html HTTP/1.0" 301 73833 "-" "Mozilla/5.0 (compatible; bingbot/2.0; +http://www.bing.com/bingbot.htm)"
66.249.72.170 - - [16/Jul/2021:05:05:14 +0200] "GET /volkswagen-small-metal-plate-p-29717.html HTTP/1.0" 200 72906 "-" "Mozilla/5.0 (compatible; Googlebot/2.1; +http://www.google.com/bot.html)"
207.46.13.51 - - [16/Jul/2021:05:05:15 +0200] "GET /-p-51390.html HTTP/1.0" 200 70197 "-" "Mozilla/5.0 (compatible; bingbot/2.0; +http://www.bing.com/bingbot.htm)"
157.55.39.127 - - [16/Jul/2021:05:05:18 +0200] "GET /ballerina-jewelry-p-36933.html HTTP/1.0" 200 73799 "-" "Mozilla/5.0 (compatible; bingbot/2.0; +http://www.bing.com/bingbot.htm)"
207.46.13.127 - - [16/Jul/2021:05:05:30 +0200] "GET /tinted-candle-in-the-mass-dark-blue-color-p-48926.html HTTP/1.0" 301 73051 "-" "Mozilla/5.0 (compatible; bingbot/2.0; +http://www.bing.com/bingbot.htm)"
114.119.130.202 - - [16/Jul/2021:05:05:35 +0200] "GET /spiderman-peel-and-stick-wall-decals-p-22500.html HTTP/1.0" 301 73081 "-" "Mozilla/5.0 (Linux; Android 7.0;) AppleWebKit/537.36 (KHTML, like Gecko) Mobile Safari/537.36 (compatible; PetalBot;+https://webmaster.petalsearch.com/site/petalbot)"
114.119.130.202 - - [16/Jul/2021:05:05:38 +0200] "GET /spiderman-peel-stick-wall-decals-p-22500.html HTTP/1.0" 200 72982 "-" "Mozilla/5.0 (Linux; Android 7.0;) AppleWebKit/537.36 (KHTML, like Gecko) Mobile Safari/537.36 (compatible; PetalBot;+https://webmaster.petalsearch.com/site/petalbot)"
185.191.171.34 - - [16/Jul/2021:05:05:42 +0200] "GET /dubout-cats-cosmetic-bag-p-43036.html HTTP/1.0" 301 73621 "-" "Mozilla/5.0 (compatible; SemrushBot/7~bl; +http://www.semrush.com/bot.html)"
185.191.171.9 - - [16/Jul/2021:05:05:45 +0200] "GET /dubout-cats-cosmetic-p-43036.html HTTP/1.0" 200 73534 "-" "Mozilla/5.0 (compatible; SemrushBot/7~bl; +http://www.semrush.com/bot.html)"
147.92.153.15 - - [16/Jul/2021:05:05:49 +0200] "GET /doormats-entrance-carpets-c-11_269_266.html HTTP/1.0" 200 90144 "-" "Mozilla/5.0 (compatible; Linespider/1.1; +https://lin.ee/4dwXkTH)"
157.55.39.121 - - [16/Jul/2021:05:05:59 +0200] "GET /littlest-petshop-padded-jacket-p-31266.html HTTP/1.0" 200 74166 "-" "Mozilla/5.0 (compatible; bingbot/2.0; +http://www.bing.com/bingbot.htm)"
40.77.167.36 - - [16/Jul/2021:05:06:04 +0200] "GET /metal-bell-p-32128.html HTTP/1.0" 200 72773 "-" "Mozilla/5.0 (compatible; bingbot/2.0; +http://www.bing.com/bingbot.htm)"
66.249.72.168 - - [16/Jul/2021:05:06:21 +0200] "GET /images/big_prod_1/3457019600504.jpg HTTP/1.0" 200 270 "-" "Googlebot-Image/1.0"
157.55.39.145 - - [16/Jul/2021:05:06:41 +0200] "GET /images/8001011162444.jpg HTTP/1.0" 200 259 "-" "Mozilla/5.0 (compatible; bingbot/2.0; +http://www.bing.com/bingbot.htm)"
185.191.171.13 - - [16/Jul/2021:05:06:42 +0200] "GET /black-fancy-elastic-bracelet-p-43719.html?action=add_product HTTP/1.0" 302 476 "-" "Mozilla/5.0 (compatible; SemrushBot/7~bl; +http://www.semrush.com/bot.html)"
40.77.167.36 - - [16/Jul/2021:05:06:45 +0200] "GET /cats-by-dubout-paperweight-gros-dodo-p-33347.html HTTP/1.0" 301 73426 "-" "Mozilla/5.0 (compatible; bingbot/2.0; +http://www.bing.com/bingbot.htm)"
185.191.171.25 - - [16/Jul/2021:05:07:16 +0200] "GET /winnie-the-pooh-sticker-p-20475.html HTTP/1.0" 301 75163 "-" "Mozilla/5.0 (compatible; SemrushBot/7~bl; +http://www.semrush.com/bot.html)"
185.191.171.37 - - [16/Jul/2021:05:07:19 +0200] "GET /winnie-pooh-sticker-p-20475.html HTTP/1.0" 200 75077 "-" "Mozilla/5.0 (compatible; SemrushBot/7~bl; +http://www.semrush.com/bot.html)"
157.55.39.145 - - [16/Jul/2021:05:07:22 +0200] "GET /mickey-mouse-comics-vintage-suitcase-58-cm-p-34770.html HTTP/1.0" 301 70264 "-" "Mozilla/5.0 (compatible; bingbot/2.0; +http://www.bing.com/bingbot.htm)"
207.46.13.125 - - [16/Jul/2021:05:07:26 +0200] "GET /-p-22489.html HTTP/1.0" 200 70197 "-" "Mozilla/5.0 (compatible; bingbot/2.0; +http://www.bing.com/bingbot.htm)"
49.7.20.119 - - [16/Jul/2021:05:07:22 +0200] "GET / HTTP/1.0" 200 95410 "-" "Sogou web spider/4.0(+http://www.sogou.com/docs/help/webmasters.htm#07)"
40.77.167.36 - - [16/Jul/2021:05:07:42 +0200] "GET /black-piggy-bank-premire-tirelire-p-45400.html HTTP/1.0" 200 72852 "-" "Mozilla/5.0 (compatible; bingbot/2.0; +http://www.bing.com/bingbot.htm)"
40.77.167.77 - - [16/Jul/2021:05:07:49 +0200] "GET /coasters-mandala-grey-p-44399.html HTTP/1.0" 200 73454 "-" "Mozilla/5.0 (compatible; bingbot/2.0; +http://www.bing.com/bingbot.htm)"
40.77.167.77 - - [16/Jul/2021:05:07:51 +0200] "GET /bob-marley-computer-bag-model-n1-p-24150.html HTTP/1.0" 301 73210 "-" "Mozilla/5.0 (compatible; bingbot/2.0; +http://www.bing.com/bingbot.htm)"
207.46.13.65 - - [16/Jul/2021:05:08:06 +0200] "GET /gorjuss-pencil-case-the-scarf-p-40493.html HTTP/1.0" 301 72981 "-" "Mozilla/5.0 (compatible; bingbot/2.0; +http://www.bing.com/bingbot.htm)"
207.46.13.65 - - [16/Jul/2021:05:08:08 +0200] "GET /-p-35491.html HTTP/1.0" 200 70197 "-" "Mozilla/5.0 (compatible; bingbot/2.0; +http://www.bing.com/bingbot.htm)"
114.119.147.45 - - [16/Jul/2021:05:08:12 +0200] "GET /russian-cavalier-illustrated-etienne-boyer-p-29202.html HTTP/1.0" 200 73091 "-" "Mozilla/5.0 (Linux; Android 7.0;) AppleWebKit/537.36 (KHTML, like Gecko) Mobile Safari/537.36 (compatible; PetalBot;+https://webmaster.petalsearch.com/site/petalbot)"
40.77.167.77 - - [16/Jul/2021:05:08:20 +0200] "GET /retro-chest-in-weathered-wood-p-52940.html HTTP/1.0" 301 72939 "-" "Mozilla/5.0 (compatible; bingbot/2.0; +http://www.bing.com/bingbot.htm)"
207.46.13.127 - - [16/Jul/2021:05:08:21 +0200] "GET /beyblade-mattress-swimming-pool-p-14358.html HTTP/1.0" 200 73028 "-" "Mozilla/5.0 (compatible; bingbot/2.0; +http://www.bing.com/bingbot.htm)"
157.55.39.121 - - [16/Jul/2021:05:08:23 +0200] "GET /pink-piggy-bank-p-34860.html HTTP/1.0" 200 72789 "-" "Mozilla/5.0 (compatible; bingbot/2.0; +http://www.bing.com/bingbot.htm)"
66.249.72.166 - - [16/Jul/2021:05:08:27 +0200] "GET /tann-pink-purple-pencil-case-p-36190.html HTTP/1.0" 200 73193 "-" "Mozilla/5.0 (Linux; Android 6.0.1; Nexus 5X Build/MMB29P) AppleWebKit/537.36 (KHTML, like Gecko) Chrome/91.0.4472.90 Mobile Safari/537.36 (compatible; Googlebot/2.1; +http://www.google.com/bot.html)"
185.191.171.38 - - [16/Jul/2021:05:08:29 +0200] "GET /shoulder-jasmin-p-44216.html?action=add_product HTTP/1.0" 302 476 "-" "Mozilla/5.0 (compatible; SemrushBot/7~bl; +http://www.semrush.com/bot.html)"
51.68.224.127 - - [16/Jul/2021:05:08:45 +0200] "GET /adminweb/export_orders_xml.php?token=256de2z6edz6ed2z6DFSFsed2zed6zeDSFDSGdzedezfzf&maxorders=10&orderstart=1&status=14&start_date=2018-10-01 HTTP/1.0" 200 285 "-" "GesCom CharlotteBoutik Serveur"
51.68.224.127 - - [16/Jul/2021:05:08:45 +0200] "GET /adminweb/export_orders_xml.php?token=256de2z6edz6ed2z6DFSFsed2zed6zeDSFDSGdzedezfzf&maxorders=10&orderstart=1&status=6&start_date=2018-10-01 HTTP/1.0" 200 29786 "-" "GesCom CharlotteBoutik Serveur"
40.77.167.36 - - [16/Jul/2021:05:08:55 +0200] "GET /disney-mickey-fantasia-glitter-ball-p-53251.html HTTP/1.0" 200 73652 "-" "Mozilla/5.0 (compatible; bingbot/2.0; +http://www.bing.com/bingbot.htm)"
54.36.148.242 - - [16/Jul/2021:05:08:55 +0200] "GET /money-boxes-c-13_83.html?page=6 HTTP/1.0" 200 94017 "-" "Mozilla/5.0 (compatible; AhrefsBot/7.0; +http://ahrefs.com/robot/)"
185.191.171.45 - - [16/Jul/2021:05:09:00 +0200] "GET /bracelet-shungite-p-48656.html?action=add_product HTTP/1.0" 302 476 "-" "Mozilla/5.0 (compatible; SemrushBot/7~bl; +http://www.semrush.com/bot.html)"
207.46.13.51 - - [16/Jul/2021:05:09:02 +0200] "GET /-p-22543.html HTTP/1.0" 200 70197 "-" "Mozilla/5.0 (compatible; bingbot/2.0; +http://www.bing.com/bingbot.htm)"
114.119.158.196 - - [16/Jul/2021:05:09:09 +0200] "GET /mani-lucky-figurine-p-49900.html HTTP/1.0" 200 73171 "-" "Mozilla/5.0 (Linux; Android 7.0;) AppleWebKit/537.36 (KHTML, like Gecko) Mobile Safari/537.36 (compatible; PetalBot;+https://webmaster.petalsearch.com/site/petalbot)"
157.55.39.121 - - [16/Jul/2021:05:09:11 +0200] "GET /nici-pirate-wallet-p-9647.html HTTP/1.0" 301 70261 "-" "Mozilla/5.0 (compatible; bingbot/2.0; +http://www.bing.com/bingbot.htm)"
207.46.13.127 - - [16/Jul/2021:05:09:15 +0200] "GET /provence-oven-mitt-p-34542.html HTTP/1.0" 200 72833 "-" "Mozilla/5.0 (compatible; bingbot/2.0; +http://www.bing.com/bingbot.htm)"
185.191.171.18 - - [16/Jul/2021:05:09:15 +0200] "GET /mustache-necktie-p-24310.html HTTP/1.0" 200 72983 "-" "Mozilla/5.0 (compatible; SemrushBot/7~bl; +http://www.semrush.com/bot.html)"
40.77.167.77 - - [16/Jul/2021:05:09:22 +0200] "GET /glass-votive-holder-heart-home-blue-p-37446.html HTTP/1.0" 200 74108 "-" "Mozilla/5.0 (compatible; bingbot/2.0; +http://www.bing.com/bingbot.htm)"
207.46.13.125 - - [16/Jul/2021:05:09:34 +0200] "GET /coca-cola-red-clock-p-37051.html HTTP/1.0" 301 70357 "-" "Mozilla/5.0 (compatible; bingbot/2.0; +http://www.bing.com/bingbot.htm)"
66.102.9.239 - - [16/Jul/2021:05:09:40 +0200] "GET /images/DSCN4020b.jpg HTTP/1.0" 200 255 "-" "Mozilla/5.0 (Windows NT 5.1; rv:11.0) Gecko Firefox/11.0 (via ggpht.com GoogleImageProxy)"
157.55.39.124 - - [16/Jul/2021:05:09:41 +0200] "GET /sophie-the-giraffe-night-light-stars-projector-musical-p-36927.html HTTP/1.0" 301 70512 "-" "Mozilla/5.0 (compatible; bingbot/2.0; +http://www.bing.com/bingbot.htm)"
185.191.171.26 - - [16/Jul/2021:05:09:44 +0200] "GET /espresso-salvador-dali-kneeling-woman-p-39724.html?action=add_product HTTP/1.0" 302 476 "-" "Mozilla/5.0 (compatible; SemrushBot/7~bl; +http://www.semrush.com/bot.html)"
207.46.13.65 - - [16/Jul/2021:05:09:59 +0200] "GET /coca-cola-delicious-refreshing-clock-p-37052.html HTTP/1.0" 200 70368 "-" "Mozilla/5.0 (compatible; bingbot/2.0; +http://www.bing.com/bingbot.htm)"
157.55.39.127 - - [16/Jul/2021:05:10:08 +0200] "GET /small-tinbox-retro-motorcycle-55-25-cm-p-41341.html HTTP/1.0" 301 73226 "-" "Mozilla/5.0 (compatible; bingbot/2.0; +http://www.bing.com/bingbot.htm)"
157.55.39.145 - - [16/Jul/2021:05:10:12 +0200] "GET /images/big_prod/8433933165416.jpg HTTP/1.0" 200 268 "-" "Mozilla/5.0 (compatible; bingbot/2.0; +http://www.bing.com/bingbot.htm)"
157.55.39.121 - - [16/Jul/2021:05:10:13 +0200] "GET /harley-davidson-zippo-lighter-p-39529.html HTTP/1.0" 200 73349 "-" "Mozilla/5.0 (compatible; bingbot/2.0; +http://www.bing.com/bingbot.htm)"
207.46.13.125 - - [16/Jul/2021:05:10:18 +0200] "GET /paris-magnetic-memo-board-p-30033.html HTTP/1.0" 200 72925 "-" "Mozilla/5.0 (compatible; bingbot/2.0; +http://www.bing.com/bingbot.htm)"
185.191.171.4 - - [16/Jul/2021:05:10:18 +0200] "GET /glass-cutting-board-cbkreation-p-51283.html HTTP/1.0" 200 72903 "-" "Mozilla/5.0 (compatible; SemrushBot/7~bl; +http://www.semrush.com/bot.html)"
185.191.171.18 - - [16/Jul/2021:05:10:28 +0200] "GET /dishes-c-12.html?page=24 HTTP/1.0" 200 91875 "-" "Mozilla/5.0 (compatible; SemrushBot/7~bl; +http://www.semrush.com/bot.html)"
207.46.13.125 - - [16/Jul/2021:05:10:34 +0200] "GET /gorjuss-large-coated-accessory-case-pastel-pattern-print-toads-p-34746.html HTTP/1.0" 200 73943 "-" "Mozilla/5.0 (compatible; bingbot/2.0; +http://www.bing.com/bingbot.htm)"
185.191.171.23 - - [16/Jul/2021:05:11:04 +0200] "GET /pink-melamine-tray-p-45134.html?action=add_product HTTP/1.0" 302 476 "-" "Mozilla/5.0 (compatible; SemrushBot/7~bl; +http://www.semrush.com/bot.html)"
66.249.72.168 - - [16/Jul/2021:05:11:09 +0200] "GET /images/big_prod/3700344871683.jpg HTTP/1.0" 200 268 "-" "Googlebot-Image/1.0"
207.46.13.127 - - [16/Jul/2021:05:11:11 +0200] "GET /selenite-pyramid-cm-p-46313.html HTTP/1.0" 301 72966 "-" "Mozilla/5.0 (compatible; bingbot/2.0; +http://www.bing.com/bingbot.htm)"
185.191.171.8 - - [16/Jul/2021:05:11:13 +0200] "GET /poster-from-jacquelin-corsica-50-70-cm-p-42447.html HTTP/1.0" 301 73052 "-" "Mozilla/5.0 (compatible; SemrushBot/7~bl; +http://www.semrush.com/bot.html)"
185.191.171.44 - - [16/Jul/2021:05:11:16 +0200] "GET /poster-from-jacquelin-corsica-p-42447.html HTTP/1.0" 200 72956 "-" "Mozilla/5.0 (compatible; SemrushBot/7~bl; +http://www.semrush.com/bot.html)"
207.46.13.125 - - [16/Jul/2021:05:11:16 +0200] "GET /mickey-mouse-large-disney-suitcase-p-30746.html HTTP/1.0" 301 70264 "-" "Mozilla/5.0 (compatible; bingbot/2.0; +http://www.bing.com/bingbot.htm)"
185.191.171.15 - - [16/Jul/2021:05:11:18 +0200] "GET /resin-statuette-naked-woman-14-cm-p-52874.html HTTP/1.0" 301 73083 "-" "Mozilla/5.0 (compatible; SemrushBot/7~bl; +http://www.semrush.com/bot.html)"
185.191.171.38 - - [16/Jul/2021:05:11:20 +0200] "GET /resin-statuette-naked-woman-p-52874.html HTTP/1.0" 200 72989 "-" "Mozilla/5.0 (compatible; SemrushBot/7~bl; +http://www.semrush.com/bot.html)"
114.119.147.45 - - [16/Jul/2021:05:11:23 +0200] "GET /lego-star-wars-r2-d2-led-lite-keychains-p-27077.html HTTP/1.0" 301 73179 "-" "Mozilla/5.0 (Linux; Android 7.0;) AppleWebKit/537.36 (KHTML, like Gecko) Mobile Safari/537.36 (compatible; PetalBot;+https://webmaster.petalsearch.com/site/petalbot)"
114.119.147.45 - - [16/Jul/2021:05:11:25 +0200] "GET /lego-star-wars-lite-keychains-p-27077.html HTTP/1.0" 200 73083 "-" "Mozilla/5.0 (Linux; Android 7.0;) AppleWebKit/537.36 (KHTML, like Gecko) Mobile Safari/537.36 (compatible; PetalBot;+https://webmaster.petalsearch.com/site/petalbot)"
66.249.72.168 - - [16/Jul/2021:05:11:56 +0200] "GET /clocks-c-13_67.html HTTP/1.0" 200 93101 "-" "Mozilla/5.0 (Linux; Android 6.0.1; Nexus 5X Build/MMB29P) AppleWebKit/537.36 (KHTML, like Gecko) Chrome/91.0.4472.90 Mobile Safari/537.36 (compatible; Googlebot/2.1; +http://www.google.com/bot.html)"
185.191.171.34 - - [16/Jul/2021:05:12:07 +0200] "GET /fc-real-madrid-trolley-p-52059.html HTTP/1.0" 301 73652 "-" "Mozilla/5.0 (compatible; SemrushBot/7~bl; +http://www.semrush.com/bot.html)"
185.191.171.7 - - [16/Jul/2021:05:12:09 +0200] "GET /real-madrid-trolley-p-52059.html HTTP/1.0" 200 73566 "-" "Mozilla/5.0 (compatible; SemrushBot/7~bl; +http://www.semrush.com/bot.html)"
157.55.39.124 - - [16/Jul/2021:05:12:11 +0200] "GET /slater-small-ashtray-red-p-47854.html HTTP/1.0" 301 72892 "-" "Mozilla/5.0 (compatible; bingbot/2.0; +http://www.bing.com/bingbot.htm)"
114.119.145.117 - - [16/Jul/2021:05:12:27 +0200] "GET /decorative-globe-p-49400.html HTTP/1.0" 200 70251 "-" "Mozilla/5.0 (Linux; Android 7.0;) AppleWebKit/537.36 (KHTML, like Gecko) Mobile Safari/537.36 (compatible; PetalBot;+https://webmaster.petalsearch.com/site/petalbot)"
66.249.72.166 - - [16/Jul/2021:05:12:29 +0200] "GET /images/mini_prod/8422071326414.jpg HTTP/1.0" 200 269 "-" "Googlebot-Image/1.0"
157.55.39.145 - - [16/Jul/2021:05:12:33 +0200] "GET /funky-dolls-small-jewelry-box-p-18878.html HTTP/1.0" 301 70417 "-" "Mozilla/5.0 (compatible; bingbot/2.0; +http://www.bing.com/bingbot.htm)"
40.77.167.36 - - [16/Jul/2021:05:12:37 +0200] "GET /nici-ayumi-pink-brown-shoulder-p-33440.html HTTP/1.0" 200 73339 "-" "Mozilla/5.0 (compatible; bingbot/2.0; +http://www.bing.com/bingbot.htm)"
40.77.167.36 - - [16/Jul/2021:05:12:38 +0200] "GET /sixtine-plaid-180-130-cm-p-51298.html HTTP/1.0" 301 73611 "-" "Mozilla/5.0 (compatible; bingbot/2.0; +http://www.bing.com/bingbot.htm)"
185.191.171.45 - - [16/Jul/2021:05:12:58 +0200] "GET /snow-white-queen-figure-p-3603.html HTTP/1.0" 200 70304 "-" "Mozilla/5.0 (compatible; SemrushBot/7~bl; +http://www.semrush.com/bot.html)"
40.77.167.77 - - [16/Jul/2021:05:13:02 +0200] "GET /-p-28205.html HTTP/1.0" 200 70197 "-" "Mozilla/5.0 (compatible; bingbot/2.0; +http://www.bing.com/bingbot.htm)"
207.46.13.51 - - [16/Jul/2021:05:13:12 +0200] "GET /white-sage-aromatika-incense-sticks-p-51692.html HTTP/1.0" 200 73004 "-" "Mozilla/5.0 (compatible; bingbot/2.0; +http://www.bing.com/bingbot.htm)"
40.77.167.77 - - [16/Jul/2021:05:13:19 +0200] "GET /-p-16151.html HTTP/1.0" 200 70197 "-" "Mozilla/5.0 (compatible; bingbot/2.0; +http://www.bing.com/bingbot.htm)"
54.36.148.242 - - [16/Jul/2021:05:13:25 +0200] "GET /cupcakes-small-white-cushion-with-personalized-picture-p-16982.html HTTP/1.0" 200 73576 "-" "Mozilla/5.0 (compatible; AhrefsBot/7.0; +http://ahrefs.com/robot/)"
185.191.171.2 - - [16/Jul/2021:05:13:30 +0200] "GET /mug-usa-american-car-orange-by-cbkreation-p-23975.html HTTP/1.0" 301 73022 "-" "Mozilla/5.0 (compatible; SemrushBot/7~bl; +http://www.semrush.com/bot.html)"
