86.47.35.197 - - [16/Jul/2021:18:11:44 +0200] "GET /favicon.ico HTTP/1.0" 200 260 "http://www.wonder-geek.com/euro-money-cbkreation-p-24132.html" "Mozilla/5.0 (Linux; Android 7.1.1; Lenovo TB-8504F) AppleWebKit/537.36 (KHTML, like Gecko) Chrome/91.0.4472.120 Safari/537.36"
207.46.13.179 - - [16/Jul/2021:18:12:12 +0200] "GET /-p-29889.html HTTP/1.0" 200 70197 "-" "Mozilla/5.0 (compatible; bingbot/2.0; +http://www.bing.com/bingbot.htm)"
157.55.39.180 - - [16/Jul/2021:18:12:24 +0200] "GET /dragon-ball-shenron-shirt-p-29561.html HTTP/1.0" 200 74206 "-" "Mozilla/5.0 (compatible; bingbot/2.0; +http://www.bing.com/bingbot.htm)"
207.46.13.182 - - [16/Jul/2021:18:12:43 +0200] "GET /ride-hobo-p-31356.html HTTP/1.0" 200 73064 "-" "Mozilla/5.0 (compatible; bingbot/2.0; +http://www.bing.com/bingbot.htm)"
54.36.148.242 - - [16/Jul/2021:18:13:27 +0200] "GET /dishes-c-12.html?page=108 HTTP/1.0" 200 91570 "-" "Mozilla/5.0 (compatible; AhrefsBot/7.0; +http://ahrefs.com/robot/)"
66.249.66.202 - - [16/Jul/2021:18:13:34 +0200] "GET /dream-catcher-shower-curtain-p-50728.html HTTP/1.0" 200 73621 "-" "Mozilla/5.0 (Linux; Android 6.0.1; Nexus 5X Build/MMB29P) AppleWebKit/537.36 (KHTML, like Gecko) Chrome/91.0.4472.90 Mobile Safari/537.36 (compatible; Googlebot/2.1; +http://www.google.com/bot.html)"
157.55.39.180 - - [16/Jul/2021:18:13:54 +0200] "GET /tetsubin-nenuphar-yellow-teapots-japanese-p-38417.html HTTP/1.0" 200 73192 "-" "Mozilla/5.0 (compatible; bingbot/2.0; +http://www.bing.com/bingbot.htm)"
207.46.13.182 - - [16/Jul/2021:18:14:12 +0200] "GET /purple-brush-with-white-horse-p-34816.html HTTP/1.0" 200 73526 "-" "Mozilla/5.0 (compatible; bingbot/2.0; +http://www.bing.com/bingbot.htm)"
157.55.39.78 - - [16/Jul/2021:18:14:30 +0200] "GET /batman-arkham-knight-poster-p-30242.html HTTP/1.0" 200 70323 "-" "Mozilla/5.0 (compatible; bingbot/2.0; +http://www.bing.com/bingbot.htm)"
207.46.13.179 - - [16/Jul/2021:18:14:43 +0200] "GET /angry-birds-set-of-hair-ornements-p-19410.html HTTP/1.0" 301 70438 "-" "Mozilla/5.0 (compatible; bingbot/2.0; +http://www.bing.com/bingbot.htm)"
207.46.13.182 - - [16/Jul/2021:18:14:47 +0200] "GET /home/stickers-and-posters/daisy-duck-great-wall-sticker-repositionable-p-18829.html HTTP/1.0" 301 73329 "-" "Mozilla/5.0 (compatible; bingbot/2.0; +http://www.bing.com/bingbot.htm)"
157.55.39.177 - - [16/Jul/2021:18:14:52 +0200] "GET /industrial-retro-clock-in-aged-metal-31-285-cm-p-48585.html HTTP/1.0" 301 70459 "-" "Mozilla/5.0 (compatible; bingbot/2.0; +http://www.bing.com/bingbot.htm)"
66.249.66.198 - - [16/Jul/2021:18:14:54 +0200] "GET /cotton-floor-cushion-stripes-p-54414.html HTTP/1.0" 301 70264 "-" "Mozilla/5.0 (Linux; Android 6.0.1; Nexus 5X Build/MMB29P) AppleWebKit/537.36 (KHTML, like Gecko) Chrome/91.0.4472.90 Mobile Safari/537.36 (compatible; Googlebot/2.1; +http://www.google.com/bot.html)"
66.249.66.198 - - [16/Jul/2021:18:14:55 +0200] "GET /-p-54414.html HTTP/1.0" 200 70197 "-" "Mozilla/5.0 (Linux; Android 6.0.1; Nexus 5X Build/MMB29P) AppleWebKit/537.36 (KHTML, like Gecko) Chrome/91.0.4472.90 Mobile Safari/537.36 (compatible; Googlebot/2.1; +http://www.google.com/bot.html)"
54.36.148.242 - - [16/Jul/2021:18:15:20 +0200] "GET /white-ceramic-p-55575.html HTTP/1.0" 200 73351 "-" "Mozilla/5.0 (compatible; AhrefsBot/7.0; +http://ahrefs.com/robot/)"
207.46.13.182 - - [16/Jul/2021:18:15:36 +0200] "GET /-p-21278.html HTTP/1.0" 200 70197 "-" "Mozilla/5.0 (compatible; bingbot/2.0; +http://www.bing.com/bingbot.htm)"
66.249.66.202 - - [16/Jul/2021:18:15:44 +0200] "GET /beach-shower-curtain-p-37701.html HTTP/1.0" 200 72922 "-" "Mozilla/5.0 (compatible; Googlebot/2.1; +http://www.google.com/bot.html)"
157.55.39.177 - - [16/Jul/2021:18:15:51 +0200] "GET /butterfly-coffee-with-saucer-blue-p-40632.html HTTP/1.0" 200 72963 "-" "Mozilla/5.0 (compatible; bingbot/2.0; +http://www.bing.com/bingbot.htm)"
157.55.39.72 - - [16/Jul/2021:18:15:54 +0200] "GET /-p-19550.html HTTP/1.0" 200 70197 "-" "Mozilla/5.0 (compatible; bingbot/2.0; +http://www.bing.com/bingbot.htm)"
207.46.13.182 - - [16/Jul/2021:18:15:55 +0200] "GET /decorative-faces-with-varied-expressions-p-50612.html HTTP/1.0" 200 73929 "-" "Mozilla/5.0 (compatible; bingbot/2.0; +http://www.bing.com/bingbot.htm)"
157.55.39.177 - - [16/Jul/2021:18:16:30 +0200] "GET /dragon-ball-m-23.html HTTP/1.0" 200 83651 "-" "Mozilla/5.0 (compatible; bingbot/2.0; +http://www.bing.com/bingbot.htm)"
207.46.13.179 - - [16/Jul/2021:18:16:34 +0200] "GET /-p-8337.html HTTP/1.0" 200 70195 "-" "Mozilla/5.0 (compatible; bingbot/2.0; +http://www.bing.com/bingbot.htm)"
40.77.167.77 - - [16/Jul/2021:18:16:40 +0200] "GET /avengers-iron-man-mask-p-24834.html HTTP/1.0" 301 73078 "-" "Mozilla/5.0 (compatible; bingbot/2.0; +http://www.bing.com/bingbot.htm)"
40.77.167.77 - - [16/Jul/2021:18:16:41 +0200] "GET /winnie-the-pooh-yellow-swimsuit-p-30253.html HTTP/1.0" 301 74440 "-" "Mozilla/5.0 (compatible; bingbot/2.0; +http://www.bing.com/bingbot.htm)"
40.77.167.77 - - [16/Jul/2021:18:16:42 +0200] "GET /cuba-toothpick-display-p-42570.html HTTP/1.0" 200 70265 "-" "Mozilla/5.0 (compatible; bingbot/2.0; +http://www.bing.com/bingbot.htm)"
40.77.167.77 - - [16/Jul/2021:18:16:43 +0200] "GET /black-fancy-elastic-bracelet-p-43723.html HTTP/1.0" 200 72837 "-" "Mozilla/5.0 (compatible; bingbot/2.0; +http://www.bing.com/bingbot.htm)"
40.77.167.77 - - [16/Jul/2021:18:16:44 +0200] "GET /the-beatles-metal-plate-p-11865.html HTTP/1.0" 301 73041 "-" "Mozilla/5.0 (compatible; bingbot/2.0; +http://www.bing.com/bingbot.htm)"
40.77.167.77 - - [16/Jul/2021:18:16:45 +0200] "GET /-p-51654.html HTTP/1.0" 200 70197 "-" "Mozilla/5.0 (compatible; bingbot/2.0; +http://www.bing.com/bingbot.htm)"
40.77.167.77 - - [16/Jul/2021:18:16:46 +0200] "GET /-p-3460.html HTTP/1.0" 200 70195 "-" "Mozilla/5.0 (compatible; bingbot/2.0; +http://www.bing.com/bingbot.htm)"
40.77.167.77 - - [16/Jul/2021:18:16:46 +0200] "GET /-p-11098.html HTTP/1.0" 200 70197 "-" "Mozilla/5.0 (compatible; bingbot/2.0; +http://www.bing.com/bingbot.htm)"
40.77.167.77 - - [16/Jul/2021:18:16:47 +0200] "GET /little-geisha-tea-box-100-p-50780.html HTTP/1.0" 301 74800 "-" "Mozilla/5.0 (compatible; bingbot/2.0; +http://www.bing.com/bingbot.htm)"
207.46.13.182 - - [16/Jul/2021:18:16:51 +0200] "GET /js/jquery.min.js HTTP/1.0" 404 1308 "-" "Mozilla/5.0 (compatible; bingbot/2.0; +http://www.bing.com/bingbot.htm)"
185.191.171.9 - - [16/Jul/2021:18:16:54 +0200] "GET /leopard-bling-decorative-statue-p-35416.html HTTP/1.0" 200 72974 "-" "Mozilla/5.0 (compatible; SemrushBot/7~bl; +http://www.semrush.com/bot.html)"
157.55.39.177 - - [16/Jul/2021:18:17:14 +0200] "GET /hello-kitty-chocolate-houndstooth-wallet-by-camomilla-p-16302.html HTTP/1.0" 301 74080 "-" "Mozilla/5.0 (compatible; bingbot/2.0; +http://www.bing.com/bingbot.htm)"
54.36.148.242 - - [16/Jul/2021:18:17:15 +0200] "GET /rugs-c-11_269.html?page=1 HTTP/1.0" 200 90769 "-" "Mozilla/5.0 (compatible; AhrefsBot/7.0; +http://ahrefs.com/robot/)"
207.46.13.182 - - [16/Jul/2021:18:17:20 +0200] "GET /hello-kitty-mirror-p-20732.html HTTP/1.0" 200 72900 "-" "Mozilla/5.0 (compatible; bingbot/2.0; +http://www.bing.com/bingbot.htm)"
188.34.154.76 - - [16/Jul/2021:18:17:21 +0200] "GET /cotton-bath-p-55260.html HTTP/1.0" 200 73736 "-" "Java/11.0.10"
188.34.154.76 - - [16/Jul/2021:18:17:22 +0200] "GET /paris-magnet-p-51207.html HTTP/1.0" 200 72744 "-" "Java/11.0.10"
188.34.154.76 - - [16/Jul/2021:18:17:22 +0200] "GET /infuser-rest-c-12_247.html HTTP/1.0" 200 88885 "-" "Java/11.0.10"
185.191.171.40 - - [16/Jul/2021:18:17:22 +0200] "GET /lois-jean-wallet-for-women-p-41315.html HTTP/1.0" 301 73925 "-" "Mozilla/5.0 (compatible; SemrushBot/7~bl; +http://www.semrush.com/bot.html)"
188.34.154.76 - - [16/Jul/2021:18:17:23 +0200] "GET /toothbox-c-13_150_170.html HTTP/1.0" 200 90511 "-" "Java/11.0.10"
188.34.154.76 - - [16/Jul/2021:18:17:23 +0200] "GET /specials.php?page=11 HTTP/1.0" 200 125533 "-" "Java/11.0.10"
157.55.39.78 - - [16/Jul/2021:18:17:22 +0200] "GET /playboy-stripe-metal-keyring-p-16456.html HTTP/1.0" 200 72843 "-" "Mozilla/5.0 (compatible; bingbot/2.0; +http://www.bing.com/bingbot.htm)"
188.34.154.76 - - [16/Jul/2021:18:17:24 +0200] "GET /dishes-dishes-c-12_251.html HTTP/1.0" 200 89414 "-" "Java/11.0.10"
188.34.154.76 - - [16/Jul/2021:18:17:24 +0200] "GET /fitted-sheet-c-11_193.html HTTP/1.0" 200 90786 "-" "Java/11.0.10"
188.34.154.76 - - [16/Jul/2021:18:17:25 +0200] "GET /white-wood-p-52595.html HTTP/1.0" 200 73618 "-" "Java/11.0.10"
185.191.171.23 - - [16/Jul/2021:18:17:25 +0200] "GET /lois-jean-wallet-women-p-41315.html HTTP/1.0" 200 73836 "-" "Mozilla/5.0 (compatible; SemrushBot/7~bl; +http://www.semrush.com/bot.html)"
188.34.154.76 - - [16/Jul/2021:18:17:25 +0200] "GET /statue-venus-p-55585.html HTTP/1.0" 200 73879 "-" "Java/11.0.10"
188.34.154.76 - - [16/Jul/2021:18:17:26 +0200] "GET /cars-swimming-ring-p-19973.html HTTP/1.0" 200 72636 "-" "Java/11.0.10"
188.34.154.76 - - [16/Jul/2021:18:17:26 +0200] "GET /companion-wallet-c-31_238.html HTTP/1.0" 200 90866 "-" "Java/11.0.10"
188.34.154.76 - - [16/Jul/2021:18:17:27 +0200] "GET /shirts-sweatshirts-c-53_54.html HTTP/1.0" 200 93567 "-" "Java/11.0.10"
188.34.154.76 - - [16/Jul/2021:18:17:27 +0200] "GET /partys-decoration-c-12_51.html HTTP/1.0" 200 69168 "-" "Java/11.0.10"
207.46.13.182 - - [16/Jul/2021:18:17:28 +0200] "GET /images/big_prod/8718375755754.jpg HTTP/1.0" 200 268 "-" "Mozilla/5.0 (compatible; bingbot/2.0; +http://www.bing.com/bingbot.htm)"
188.34.154.76 - - [16/Jul/2021:18:17:28 +0200] "GET /singing-bowl-p-35426.html HTTP/1.0" 200 72778 "-" "Java/11.0.10"
188.34.154.76 - - [16/Jul/2021:18:17:28 +0200] "GET /body-baby-knight-p-50931.html HTTP/1.0" 200 72739 "-" "Java/11.0.10"
188.34.154.76 - - [16/Jul/2021:18:17:29 +0200] "GET /pencil-c-129_183.html HTTP/1.0" 200 90413 "-" "Java/11.0.10"
188.34.154.76 - - [16/Jul/2021:18:17:29 +0200] "GET /specials.php?page=2 HTTP/1.0" 200 125405 "-" "Java/11.0.10"
188.34.154.76 - - [16/Jul/2021:18:17:30 +0200] "GET /create_account.php HTTP/1.0" 200 33630 "-" "Java/11.0.10"
188.34.154.76 - - [16/Jul/2021:18:17:30 +0200] "GET /toucan-money-p-47936.html HTTP/1.0" 200 72886 "-" "Java/11.0.10"
188.34.154.76 - - [16/Jul/2021:18:17:30 +0200] "GET /gogh-coffee-p-48226.html HTTP/1.0" 200 73494 "-" "Java/11.0.10"
157.55.39.72 - - [16/Jul/2021:18:17:35 +0200] "GET /buddha-lamp-45-cm-in-fiberglass-p-52294.html HTTP/1.0" 301 73956 "-" "Mozilla/5.0 (compatible; bingbot/2.0; +http://www.bing.com/bingbot.htm)"
207.46.13.182 - - [16/Jul/2021:18:17:43 +0200] "GET /images/med_prod/5013138655641.jpg HTTP/1.0" 200 268 "-" "Mozilla/5.0 (compatible; bingbot/2.0; +http://www.bing.com/bingbot.htm)"
66.249.66.200 - - [16/Jul/2021:18:17:53 +0200] "GET /fashioned-ceramic-espresso-blue-p-41676.html HTTP/1.0" 200 72949 "-" "Mozilla/5.0 (compatible; Googlebot/2.1; +http://www.google.com/bot.html)"
185.191.171.40 - - [16/Jul/2021:18:17:57 +0200] "GET /swallow-wall-decoration-29-cm-p-48636.html HTTP/1.0" 301 73006 "-" "Mozilla/5.0 (compatible; SemrushBot/7~bl; +http://www.semrush.com/bot.html)"
185.191.171.19 - - [16/Jul/2021:18:18:00 +0200] "GET /swallow-wall-decoration-p-48636.html HTTP/1.0" 200 72916 "-" "Mozilla/5.0 (compatible; SemrushBot/7~bl; +http://www.semrush.com/bot.html)"
185.191.171.39 - - [16/Jul/2021:18:18:18 +0200] "GET /boutis-bedspread-and-pillowcases-bastetti-260-240-cm-p-44186.html HTTP/1.0" 301 70264 "-" "Mozilla/5.0 (compatible; SemrushBot/7~bl; +http://www.semrush.com/bot.html)"
157.55.39.78 - - [16/Jul/2021:18:18:20 +0200] "GET /-p-19568.html HTTP/1.0" 200 70197 "-" "Mozilla/5.0 (compatible; bingbot/2.0; +http://www.bing.com/bingbot.htm)"
185.191.171.5 - - [16/Jul/2021:18:18:20 +0200] "GET /-p-44186.html HTTP/1.0" 200 70197 "-" "Mozilla/5.0 (compatible; SemrushBot/7~bl; +http://www.semrush.com/bot.html)"
157.55.39.167 - - [16/Jul/2021:18:18:33 +0200] "GET /spiderman-bust-bank-p-30237.html HTTP/1.0" 200 72805 "-" "Mozilla/5.0 (compatible; bingbot/2.0; +http://www.bing.com/bingbot.htm)"
185.191.171.15 - - [16/Jul/2021:18:18:37 +0200] "GET /corsica-post-card-10x15-p-43544.html?action=add_product HTTP/1.0" 302 476 "-" "Mozilla/5.0 (compatible; SemrushBot/7~bl; +http://www.semrush.com/bot.html)"
157.55.39.167 - - [16/Jul/2021:18:18:50 +0200] "GET /swfobject.js HTTP/1.0" 404 1308 "-" "Mozilla/5.0 (compatible; bingbot/2.0; +http://www.bing.com/bingbot.htm)"
157.55.39.78 - - [16/Jul/2021:18:18:55 +0200] "GET /glass-cutting-board-flammy-p-47883.html HTTP/1.0" 200 72850 "-" "Mozilla/5.0 (compatible; bingbot/2.0; +http://www.bing.com/bingbot.htm)"
207.46.13.182 - - [16/Jul/2021:18:19:00 +0200] "GET /hulk-flying-heroes-avengers-p-30292.html HTTP/1.0" 200 70299 "-" "Mozilla/5.0 (compatible; bingbot/2.0; +http://www.bing.com/bingbot.htm)"
54.36.148.242 - - [16/Jul/2021:18:19:13 +0200] "GET /children-coat-hooks-p-52707.html HTTP/1.0" 200 72930 "-" "Mozilla/5.0 (compatible; AhrefsBot/7.0; +http://ahrefs.com/robot/)"
207.46.13.179 - - [16/Jul/2021:18:19:16 +0200] "GET /metal-cylindrical-p-52612.html HTTP/1.0" 200 72942 "-" "Mozilla/5.0 (compatible; bingbot/2.0; +http://www.bing.com/bingbot.htm)"
207.46.13.179 - - [16/Jul/2021:18:19:18 +0200] "GET /cotton-floor-cushion-40-cm-guernezey-p-51660.html HTTP/1.0" 301 70396 "-" "Mozilla/5.0 (compatible; bingbot/2.0; +http://www.bing.com/bingbot.htm)"
207.46.13.174 - - [16/Jul/2021:18:19:20 +0200] "GET /-p-22933.html HTTP/1.0" 200 70197 "-" "Mozilla/5.0 (compatible; bingbot/2.0; +http://www.bing.com/bingbot.htm)"
157.55.39.177 - - [16/Jul/2021:18:19:54 +0200] "GET /-p-33612.html HTTP/1.0" 200 70197 "-" "Mozilla/5.0 (compatible; bingbot/2.0; +http://www.bing.com/bingbot.htm)"
185.191.171.22 - - [16/Jul/2021:18:20:01 +0200] "GET /flowers-p-46833.html HTTP/1.0" 200 72770 "-" "Mozilla/5.0 (compatible; SemrushBot/7~bl; +http://www.semrush.com/bot.html)"
51.68.224.127 - - [16/Jul/2021:18:20:02 +0200] "GET /adminweb/export_orders_xml.php?token=256de2z6edz6ed2z6DFSFsed2zed6zeDSFDSGdzedezfzf&maxorders=10&orderstart=1&status=14&start_date=2018-10-01 HTTP/1.0" 200 285 "-" "GesCom CharlotteBoutik Serveur"
51.68.224.127 - - [16/Jul/2021:18:20:02 +0200] "GET /adminweb/export_orders_xml.php?token=256de2z6edz6ed2z6DFSFsed2zed6zeDSFDSGdzedezfzf&maxorders=10&orderstart=1&status=6&start_date=2018-10-01 HTTP/1.0" 200 29786 "-" "GesCom CharlotteBoutik Serveur"
66.249.66.198 - - [16/Jul/2021:18:20:03 +0200] "GET /beach-shower-curtain-p-37701.html HTTP/1.0" 200 72922 "-" "Mozilla/5.0 (Linux; Android 6.0.1; Nexus 5X Build/MMB29P) AppleWebKit/537.36 (KHTML, like Gecko) Chrome/91.0.4472.90 Mobile Safari/537.36 (compatible; Googlebot/2.1; +http://www.google.com/bot.html)"
157.55.39.166 - - [16/Jul/2021:18:20:12 +0200] "GET /pucca-funny-love-mouse-p-2463.html HTTP/1.0" 200 73019 "-" "Mozilla/5.0 (compatible; bingbot/2.0; +http://www.bing.com/bingbot.htm)"
66.249.66.198 - - [16/Jul/2021:18:20:14 +0200] "GET /images/mini_prod/4260082936871.jpg HTTP/1.0" 200 269 "-" "Googlebot-Image/1.0"
185.191.171.6 - - [16/Jul/2021:18:20:16 +0200] "GET /dishes-c-13_12.html?page=131 HTTP/1.0" 200 91170 "-" "Mozilla/5.0 (compatible; SemrushBot/7~bl; +http://www.semrush.com/bot.html)"
157.55.39.167 - - [16/Jul/2021:18:20:31 +0200] "GET /swfobject.js HTTP/1.0" 404 1308 "-" "Mozilla/5.0 (compatible; bingbot/2.0; +http://www.bing.com/bingbot.htm)"
207.46.13.182 - - [16/Jul/2021:18:20:44 +0200] "GET /-p-32888.html HTTP/1.0" 200 70197 "-" "Mozilla/5.0 (compatible; bingbot/2.0; +http://www.bing.com/bingbot.htm)"
157.55.39.78 - - [16/Jul/2021:18:20:50 +0200] "GET /hello-kitty-sports-bottle-p-25066.html HTTP/1.0" 200 72849 "-" "Mozilla/5.0 (compatible; bingbot/2.0; +http://www.bing.com/bingbot.htm)"
185.191.171.34 - - [16/Jul/2021:18:20:52 +0200] "GET /kori-kumi-collection-green-wallet-p-30483.html HTTP/1.0" 200 72999 "-" "Mozilla/5.0 (compatible; SemrushBot/7~bl; +http://www.semrush.com/bot.html)"
157.55.39.177 - - [16/Jul/2021:18:20:55 +0200] "GET /jamaican-clock-p-24958.html HTTP/1.0" 200 72762 "-" "Mozilla/5.0 (compatible; bingbot/2.0; +http://www.bing.com/bingbot.htm)"
54.36.148.242 - - [16/Jul/2021:18:21:05 +0200] "GET /incense-satya-dragon-blood-grams-about-sticks-p-54739.html HTTP/1.0" 200 73446 "-" "Mozilla/5.0 (compatible; AhrefsBot/7.0; +http://ahrefs.com/robot/)"
157.55.39.166 - - [16/Jul/2021:18:21:14 +0200] "GET /teo-jasmin-small-box-p-41169.html HTTP/1.0" 301 70264 "-" "Mozilla/5.0 (compatible; bingbot/2.0; +http://www.bing.com/bingbot.htm)"
207.46.13.174 - - [16/Jul/2021:18:21:18 +0200] "GET /support-metal-bottle-sea-lighthouse-p-47719.html HTTP/1.0" 301 73696 "-" "Mozilla/5.0 (compatible; bingbot/2.0; +http://www.bing.com/bingbot.htm)"
157.55.39.167 - - [16/Jul/2021:18:21:54 +0200] "GET /-p-24193.html HTTP/1.0" 200 70197 "-" "Mozilla/5.0 (compatible; bingbot/2.0; +http://www.bing.com/bingbot.htm)"
157.55.39.167 - - [16/Jul/2021:18:21:55 +0200] "GET /laundry-basket-50-cm-p-52236.html HTTP/1.0" 301 73548 "-" "Mozilla/5.0 (compatible; bingbot/2.0; +http://www.bing.com/bingbot.htm)"
157.55.39.180 - - [16/Jul/2021:18:22:05 +0200] "GET /-p-20344.html HTTP/1.0" 200 70197 "-" "Mozilla/5.0 (compatible; bingbot/2.0; +http://www.bing.com/bingbot.htm)"
157.55.39.78 - - [16/Jul/2021:18:22:10 +0200] "GET /london-plymouth-big-ben-cushion-p-27469.html HTTP/1.0" 301 73291 "-" "Mozilla/5.0 (compatible; bingbot/2.0; +http://www.bing.com/bingbot.htm)"
66.249.66.202 - - [16/Jul/2021:18:22:13 +0200] "GET /shower-curtain-p-39391.html HTTP/1.0" 200 72898 "-" "Mozilla/5.0 (compatible; Googlebot/2.1; +http://www.google.com/bot.html)"
157.55.39.166 - - [16/Jul/2021:18:22:15 +0200] "GET /minnie-mouse-dessert-plate-p-31762.html HTTP/1.0" 200 70318 "-" "Mozilla/5.0 (compatible; bingbot/2.0; +http://www.bing.com/bingbot.htm)"
157.55.39.167 - - [16/Jul/2021:18:22:55 +0200] "GET /gorjuss-pencil-case-the-scarf-p-40493.html HTTP/1.0" 301 72981 "-" "Mozilla/5.0 (compatible; bingbot/2.0; +http://www.bing.com/bingbot.htm)"
207.46.13.179 - - [16/Jul/2021:18:22:57 +0200] "GET /small-box-for-baby-teeth-the-small-mouse-p-51597.html HTTP/1.0" 301 73166 "-" "Mozilla/5.0 (compatible; bingbot/2.0; +http://www.bing.com/bingbot.htm)"
185.191.171.13 - - [16/Jul/2021:18:22:59 +0200] "GET /dishes-c-12.html?page=134 HTTP/1.0" 200 92205 "-" "Mozilla/5.0 (compatible; SemrushBot/7~bl; +http://www.semrush.com/bot.html)"
207.46.13.182 - - [16/Jul/2021:18:23:00 +0200] "GET /resin-statue-little-shaolin-monk-blue-p-52899.html HTTP/1.0" 200 72989 "-" "Mozilla/5.0 (compatible; bingbot/2.0; +http://www.bing.com/bingbot.htm)"
54.36.148.242 - - [16/Jul/2021:18:23:02 +0200] "GET /large-cabas-p-41411.html HTTP/1.0" 200 72799 "-" "Mozilla/5.0 (compatible; AhrefsBot/7.0; +http://ahrefs.com/robot/)"
157.55.39.167 - - [16/Jul/2021:18:23:15 +0200] "GET /dubout-cats-white-mug-p-38798.html HTTP/1.0" 301 70347 "-" "Mozilla/5.0 (compatible; bingbot/2.0; +http://www.bing.com/bingbot.htm)"
188.126.89.104 - - [16/Jul/2021:18:23:24 +0200] "GET / HTTP/1.0" 200 95248 "http://www.wonder-geek.com/" "Mozilla/5.0 (Windows NT 10.0; Win64; x64) AppleWebKit/537.36 (KHTML, like Gecko) Chrome/90.0.4430.85 Safari/537.36"
188.126.89.104 - - [16/Jul/2021:18:23:25 +0200] "GET /trivet-boards-c-12_158.html HTTP/1.0" 200 94005 "http://www.wonder-geek.com/trivet-boards-c-12_158.html" "Mozilla/5.0 (Windows NT 10.0; Win64; x64) AppleWebKit/537.36 (KHTML, like Gecko) Chrome/90.0.4430.85 Safari/537.36"
188.126.89.104 - - [16/Jul/2021:18:23:26 +0200] "GET /cardboard-boxes-storage-c-13_150_216.html HTTP/1.0" 200 77637 "http://www.wonder-geek.com/cardboard-boxes-storage-c-13_150_216.html" "Mozilla/5.0 (Windows NT 10.0; Win64; x64) AppleWebKit/537.36 (KHTML, like Gecko) Chrome/90.0.4430.85 Safari/537.36"
188.126.89.104 - - [16/Jul/2021:18:23:26 +0200] "GET /cushion-headboard-c-11_173.html HTTP/1.0" 200 88965 "http://www.wonder-geek.com/cushion-headboard-c-11_173.html" "Mozilla/5.0 (Windows NT 10.0; Win64; x64) AppleWebKit/537.36 (KHTML, like Gecko) Chrome/90.0.4430.85 Safari/537.36"
188.126.89.104 - - [16/Jul/2021:18:23:27 +0200] "GET /contact_us.php HTTP/1.0" 200 26238 "http://www.wonder-geek.com/contact_us.php" "Mozilla/5.0 (Windows NT 10.0; Win64; x64) AppleWebKit/537.36 (KHTML, like Gecko) Chrome/90.0.4430.85 Safari/537.36"
185.191.171.45 - - [16/Jul/2021:18:23:31 +0200] "GET /porcelain-pineapple-night-light-30-cm-p-42372.html HTTP/1.0" 301 72988 "-" "Mozilla/5.0 (compatible; SemrushBot/7~bl; +http://www.semrush.com/bot.html)"
185.191.171.43 - - [16/Jul/2021:18:23:34 +0200] "GET /porcelain-pineapple-night-light-p-42372.html HTTP/1.0" 200 72890 "-" "Mozilla/5.0 (compatible; SemrushBot/7~bl; +http://www.semrush.com/bot.html)"
207.46.13.182 - - [16/Jul/2021:18:23:38 +0200] "GET /-p-9656.html HTTP/1.0" 200 70195 "-" "Mozilla/5.0 (compatible; bingbot/2.0; +http://www.bing.com/bingbot.htm)"
157.55.39.166 - - [16/Jul/2021:18:23:52 +0200] "GET /-p-21535.html HTTP/1.0" 200 70197 "-" "Mozilla/5.0 (compatible; bingbot/2.0; +http://www.bing.com/bingbot.htm)"
185.191.171.25 - - [16/Jul/2021:18:23:54 +0200] "GET /koala-money-p-55391.html?action=add_product HTTP/1.0" 302 476 "-" "Mozilla/5.0 (compatible; SemrushBot/7~bl; +http://www.semrush.com/bot.html)"
157.55.39.180 - - [16/Jul/2021:18:23:57 +0200] "GET /statuette-jesus-christ-sacred-heart-20-cm-p-47139.html HTTP/1.0" 301 73092 "-" "Mozilla/5.0 (compatible; bingbot/2.0; +http://www.bing.com/bingbot.htm)"
185.191.171.25 - - [16/Jul/2021:18:24:17 +0200] "GET /mugs-and-mazagrans-c-12_57.html?page=22 HTTP/1.0" 301 97096 "-" "Mozilla/5.0 (compatible; SemrushBot/7~bl; +http://www.semrush.com/bot.html)"
185.191.171.13 - - [16/Jul/2021:18:24:19 +0200] "GET /mugs-mazagrans-c-57.html?page=22 HTTP/1.0" 301 96995 "-" "Mozilla/5.0 (compatible; SemrushBot/7~bl; +http://www.semrush.com/bot.html)"
185.191.171.42 - - [16/Jul/2021:18:24:21 +0200] "GET /mugs-mazagrans-c-12_57.html?page=22 HTTP/1.0" 200 97010 "-" "Mozilla/5.0 (compatible; SemrushBot/7~bl; +http://www.semrush.com/bot.html)"
66.249.66.200 - - [16/Jul/2021:18:24:22 +0200] "GET /shower-curtain-p-39391.html HTTP/1.0" 200 72898 "-" "Mozilla/5.0 (Linux; Android 6.0.1; Nexus 5X Build/MMB29P) AppleWebKit/537.36 (KHTML, like Gecko) Chrome/91.0.4472.90 Mobile Safari/537.36 (compatible; Googlebot/2.1; +http://www.google.com/bot.html)"
185.191.171.2 - - [16/Jul/2021:18:24:25 +0200] "GET /cotton-kitchen-towel-provence-p-53930.html HTTP/1.0" 200 73031 "-" "Mozilla/5.0 (compatible; SemrushBot/7~bl; +http://www.semrush.com/bot.html)"
66.249.66.200 - - [16/Jul/2021:18:24:35 +0200] "GET /images/mini_prod/5027166920053.jpg HTTP/1.0" 200 269 "-" "Googlebot-Image/1.0"
54.36.148.242 - - [16/Jul/2021:18:24:54 +0200] "GET /aerosmith-abyss-zippo-lighter-p-37651.html HTTP/1.0" 200 73335 "-" "Mozilla/5.0 (compatible; AhrefsBot/7.0; +http://ahrefs.com/robot/)"
157.55.39.72 - - [16/Jul/2021:18:25:05 +0200] "GET /tetsubin-light-green-teapot-japanese-08-liter-p-39978.html HTTP/1.0" 301 73328 "-" "Mozilla/5.0 (compatible; bingbot/2.0; +http://www.bing.com/bingbot.htm)"
157.55.39.166 - - [16/Jul/2021:18:25:10 +0200] "GET /the-little-prince-metal-box-p-31791.html HTTP/1.0" 301 70393 "-" "Mozilla/5.0 (compatible; bingbot/2.0; +http://www.bing.com/bingbot.htm)"
157.55.39.177 - - [16/Jul/2021:18:25:31 +0200] "GET /egyptian-queen-nefertiti-statuette-bronze-aspect-resin-p-52829.html HTTP/1.0" 200 73150 "-" "Mozilla/5.0 (compatible; bingbot/2.0; +http://www.bing.com/bingbot.htm)"
147.92.153.15 - - [16/Jul/2021:18:25:49 +0200] "GET /united-states-marshall-cover-iphone-p-19107.html HTTP/1.0" 200 73250 "-" "Mozilla/5.0 (compatible; Linespider/1.1; +https://lin.ee/4dwXkTH)"
207.46.13.174 - - [16/Jul/2021:18:25:59 +0200] "GET /charmmy-kitty-in-paris-swimsuit-p-30305.html HTTP/1.0" 301 70432 "-" "Mozilla/5.0 (compatible; bingbot/2.0; +http://www.bing.com/bingbot.htm)"
66.249.66.198 - - [16/Jul/2021:18:26:03 +0200] "GET /georges-clounet-napkins-dispenser-p-39502.html HTTP/1.0" 200 70353 "-" "Mozilla/5.0 (compatible; Googlebot/2.1; +http://www.google.com/bot.html)"
157.55.39.166 - - [16/Jul/2021:18:26:11 +0200] "GET /disco-duck-frame-canvas-p-31826.html HTTP/1.0" 200 72887 "-" "Mozilla/5.0 (compatible; bingbot/2.0; +http://www.bing.com/bingbot.htm)"
66.249.66.200 - - [16/Jul/2021:18:26:18 +0200] "GET /tibetan-treasure-hand-painted-flowers-p-54965.html HTTP/1.0" 200 74040 "-" "Mozilla/5.0 (Linux; Android 6.0.1; Nexus 5X Build/MMB29P) AppleWebKit/537.36 (KHTML, like Gecko) Chrome/91.0.4472.90 Mobile Safari/537.36 (compatible; Googlebot/2.1; +http://www.google.com/bot.html)"
207.46.13.174 - - [16/Jul/2021:18:26:19 +0200] "GET /-p-44197.html HTTP/1.0" 200 70197 "-" "Mozilla/5.0 (compatible; bingbot/2.0; +http://www.bing.com/bingbot.htm)"
157.55.39.167 - - [16/Jul/2021:18:26:31 +0200] "GET /swfobject.js HTTP/1.0" 404 1308 "-" "Mozilla/5.0 (compatible; bingbot/2.0; +http://www.bing.com/bingbot.htm)"
185.191.171.13 - - [16/Jul/2021:18:26:31 +0200] "GET /london-mini-tray-p-25013.html HTTP/1.0" 200 70251 "-" "Mozilla/5.0 (compatible; SemrushBot/7~bl; +http://www.semrush.com/bot.html)"
66.249.66.198 - - [16/Jul/2021:18:26:32 +0200] "GET /white-ceramic-p-50009.html HTTP/1.0" 200 72802 "-" "Mozilla/5.0 (Linux; Android 6.0.1; Nexus 5X Build/MMB29P) AppleWebKit/537.36 (KHTML, like Gecko) Chrome/91.0.4472.90 Mobile Safari/537.36 (compatible; Googlebot/2.1; +http://www.google.com/bot.html)"
207.46.13.182 - - [16/Jul/2021:18:26:37 +0200] "GET /elastic-bracelet-with-21-beads-of-pink-zebra-jasper-p-48644.html HTTP/1.0" 301 73317 "-" "Mozilla/5.0 (compatible; bingbot/2.0; +http://www.bing.com/bingbot.htm)"
54.36.148.242 - - [16/Jul/2021:18:26:40 +0200] "GET /minnie-mouse-placemat-p-31700.html HTTP/1.0" 200 72918 "-" "Mozilla/5.0 (compatible; AhrefsBot/7.0; +http://ahrefs.com/robot/)"
185.191.171.19 - - [16/Jul/2021:18:26:53 +0200] "GET /hourglass-decoration-glass-sand-glitter-p-53613.html?action=add_product HTTP/1.0" 302 476 "-" "Mozilla/5.0 (compatible; SemrushBot/7~bl; +http://www.semrush.com/bot.html)"
188.126.89.104 - - [16/Jul/2021:18:27:27 +0200] "POST /contact_us.php?action=send HTTP/1.0" 200 28773 "http://www.wonder-geek.com/contact_us.php" "Mozilla/5.0 (Windows NT 10.0; Win64; x64) AppleWebKit/537.36 (KHTML, like Gecko) Chrome/90.0.4430.85 Safari/537.36"
157.55.39.72 - - [16/Jul/2021:18:27:35 +0200] "GET /stone-green-opal-60-70-grams-p-46619.html HTTP/1.0" 301 74085 "-" "Mozilla/5.0 (compatible; bingbot/2.0; +http://www.bing.com/bingbot.htm)"
157.55.39.72 - - [16/Jul/2021:18:27:37 +0200] "GET /candy-cloud-hair-brush-twinkles-p-46653.html HTTP/1.0" 200 73530 "-" "Mozilla/5.0 (compatible; bingbot/2.0; +http://www.bing.com/bingbot.htm)"
207.46.13.174 - - [16/Jul/2021:18:27:40 +0200] "GET /hello-kitty-large-backpack-p-23250.html HTTP/1.0" 200 70291 "-" "Mozilla/5.0 (compatible; bingbot/2.0; +http://www.bing.com/bingbot.htm)"
185.191.171.21 - - [16/Jul/2021:18:27:54 +0200] "GET /gorjuss-suitcase-boxes-p-48414.html?action=add_product HTTP/1.0" 302 476 "-" "Mozilla/5.0 (compatible; SemrushBot/7~bl; +http://www.semrush.com/bot.html)"
157.55.39.72 - - [16/Jul/2021:18:28:06 +0200] "GET /line-phone-cover-for-iphone-3g-3gs-p-14763.html HTTP/1.0" 301 73742 "-" "Mozilla/5.0 (compatible; bingbot/2.0; +http://www.bing.com/bingbot.htm)"
157.55.39.177 - - [16/Jul/2021:18:28:11 +0200] "GET /soft-hot-water-bottle-les-vilaines-filles-p-52643.html HTTP/1.0" 301 73172 "-" "Mozilla/5.0 (compatible; bingbot/2.0; +http://www.bing.com/bingbot.htm)"
157.55.39.177 - - [16/Jul/2021:18:28:14 +0200] "GET /-p-6216.html HTTP/1.0" 200 70195 "-" "Mozilla/5.0 (compatible; bingbot/2.0; +http://www.bing.com/bingbot.htm)"
207.46.13.174 - - [16/Jul/2021:18:28:29 +0200] "GET /leaf-buddha-statuette-20-cm-p-53041.html HTTP/1.0" 301 72992 "-" "Mozilla/5.0 (compatible; bingbot/2.0; +http://www.bing.com/bingbot.htm)"
54.36.148.242 - - [16/Jul/2021:18:28:31 +0200] "GET /lois-brown-leather-card-holders-p-36013.html HTTP/1.0" 200 73028 "-" "Mozilla/5.0 (compatible; AhrefsBot/7.0; +http://ahrefs.com/robot/)"
157.55.39.166 - - [16/Jul/2021:18:28:34 +0200] "GET /spiderman-round-table-p-18800.html HTTP/1.0" 200 70293 "-" "Mozilla/5.0 (compatible; bingbot/2.0; +http://www.bing.com/bingbot.htm)"
66.249.66.200 - - [16/Jul/2021:18:28:42 +0200] "GET /white-ceramic-p-50009.html HTTP/1.0" 200 72802 "-" "Mozilla/5.0 (compatible; Googlebot/2.1; +http://www.google.com/bot.html)"
207.46.13.182 - - [16/Jul/2021:18:29:57 +0200] "GET /ethnic-style-burlap-table-p-48447.html HTTP/1.0" 200 70287 "-" "Mozilla/5.0 (compatible; bingbot/2.0; +http://www.bing.com/bingbot.htm)"
157.55.39.177 - - [16/Jul/2021:18:30:02 +0200] "GET /-p-4527.html HTTP/1.0" 200 70195 "-" "Mozilla/5.0 (compatible; bingbot/2.0; +http://www.bing.com/bingbot.htm)"
207.46.13.179 - - [16/Jul/2021:18:30:06 +0200] "GET /emoticon-cushion-30-cm-p-40453.html HTTP/1.0" 301 70264 "-" "Mozilla/5.0 (compatible; bingbot/2.0; +http://www.bing.com/bingbot.htm)"
54.36.148.242 - - [16/Jul/2021:18:30:19 +0200] "GET /braided-bracelet-victoria-couture-hello-kitty-purple-p-13723.html HTTP/1.0" 200 73217 "-" "Mozilla/5.0 (compatible; AhrefsBot/7.0; +http://ahrefs.com/robot/)"
207.46.13.174 - - [16/Jul/2021:18:30:49 +0200] "GET /horse-metal-trivet-p-37452.html HTTP/1.0" 200 72782 "-" "Mozilla/5.0 (compatible; bingbot/2.0; +http://www.bing.com/bingbot.htm)"
185.191.171.38 - - [16/Jul/2021:18:30:53 +0200] "GET /incense-sticks-burner-storage-pentacle-p-49031.html?action=add_product HTTP/1.0" 302 476 "-" "Mozilla/5.0 (compatible; SemrushBot/7~bl; +http://www.semrush.com/bot.html)"
157.55.39.177 - - [16/Jul/2021:18:31:00 +0200] "GET /-p-21573.html HTTP/1.0" 200 70197 "-" "Mozilla/5.0 (compatible; bingbot/2.0; +http://www.bing.com/bingbot.htm)"
207.46.13.179 - - [16/Jul/2021:18:31:06 +0200] "GET /funky-bears-smiley-nice-day-keychains-p-19199.html HTTP/1.0" 301 74223 "-" "Mozilla/5.0 (compatible; bingbot/2.0; +http://www.bing.com/bingbot.htm)"
185.191.171.42 - - [16/Jul/2021:18:31:08 +0200] "GET /polar-blanket-grey-p-46348.html?action=add_product HTTP/1.0" 302 476 "-" "Mozilla/5.0 (compatible; SemrushBot/7~bl; +http://www.semrush.com/bot.html)"
66.249.66.200 - - [16/Jul/2021:18:31:09 +0200] "GET /fashioned-ceramic-espresso-green-p-41672.html HTTP/1.0" 200 72954 "-" "Mozilla/5.0 (compatible; Googlebot/2.1; +http://www.google.com/bot.html)"
157.55.39.166 - - [16/Jul/2021:18:31:11 +0200] "GET /-p-31215.html HTTP/1.0" 200 70197 "-" "Mozilla/5.0 (compatible; bingbot/2.0; +http://www.bing.com/bingbot.htm)"
185.191.171.8 - - [16/Jul/2021:18:31:42 +0200] "GET /harley-davidson-an-american-legend-zippo-lighter-p-29786.html HTTP/1.0" 301 73641 "-" "Mozilla/5.0 (compatible; SemrushBot/7~bl; +http://www.semrush.com/bot.html)"
207.46.13.182 - - [16/Jul/2021:18:31:42 +0200] "GET /restaurant-metal-box-p-26486.html HTTP/1.0" 301 70342 "-" "Mozilla/5.0 (compatible; bingbot/2.0; +http://www.bing.com/bingbot.htm)"
185.191.171.9 - - [16/Jul/2021:18:31:44 +0200] "GET /harley-davidson-american-legend-zippo-lighter-p-29786.html HTTP/1.0" 200 73529 "-" "Mozilla/5.0 (compatible; SemrushBot/7~bl; +http://www.semrush.com/bot.html)"
157.55.39.166 - - [16/Jul/2021:18:31:53 +0200] "GET /-p-34729.html HTTP/1.0" 200 70197 "-" "Mozilla/5.0 (compatible; bingbot/2.0; +http://www.bing.com/bingbot.htm)"
35.229.113.181 - - [16/Jul/2021:18:31:58 +0200] "GET /robots.txt HTTP/1.0" 200 245 "-" "ZoominfoBot (zoominfobot at zoominfo dot com)"
35.229.113.181 - - [16/Jul/2021:18:31:58 +0200] "GET /bowls-c-12_60.html HTTP/1.0" 200 91919 "-" "ZoominfoBot (zoominfobot at zoominfo dot com)"
207.46.13.182 - - [16/Jul/2021:18:32:06 +0200] "GET /-p-5794.html HTTP/1.0" 200 70195 "-" "Mozilla/5.0 (compatible; bingbot/2.0; +http://www.bing.com/bingbot.htm)"
35.229.113.181 - - [16/Jul/2021:18:32:06 +0200] "GET /dishes-c-12.html HTTP/1.0" 200 91122 "-" "ZoominfoBot (zoominfobot at zoominfo dot com)"
207.46.13.182 - - [16/Jul/2021:18:32:08 +0200] "GET /teo-jasmin-shoulder-bag-p-30658.html HTTP/1.0" 301 70345 "-" "Mozilla/5.0 (compatible; bingbot/2.0; +http://www.bing.com/bingbot.htm)"
54.36.148.242 - - [16/Jul/2021:18:32:10 +0200] "GET /bamboo-wall-sticker-p-42966.html HTTP/1.0" 200 72833 "-" "Mozilla/5.0 (compatible; AhrefsBot/7.0; +http://ahrefs.com/robot/)"
185.191.171.34 - - [16/Jul/2021:18:32:24 +0200] "GET /mini-motsu-christmas-keel-toys-plush-p-50318.html HTTP/1.0" 200 70331 "-" "Mozilla/5.0 (compatible; SemrushBot/7~bl; +http://www.semrush.com/bot.html)"
207.46.13.174 - - [16/Jul/2021:18:32:30 +0200] "GET /spiderman-pairs-of-socks-size-31-35-p-46846.html HTTP/1.0" 301 72680 "-" "Mozilla/5.0 (compatible; bingbot/2.0; +http://www.bing.com/bingbot.htm)"
66.249.66.200 - - [16/Jul/2021:18:32:57 +0200] "GET /disney-princess-jewelry-p-37039.html HTTP/1.0" 200 73747 "-" "Mozilla/5.0 (Linux; Android 6.0.1; Nexus 5X Build/MMB29P) AppleWebKit/537.36 (KHTML, like Gecko) Chrome/91.0.4472.90 Mobile Safari/537.36 (compatible; Googlebot/2.1; +http://www.google.com/bot.html)"
157.55.39.180 - - [16/Jul/2021:18:33:17 +0200] "GET /teo-jasmin-medium-cabas-jasmine-p-46979.html HTTP/1.0" 301 70381 "-" "Mozilla/5.0 (compatible; bingbot/2.0; +http://www.bing.com/bingbot.htm)"
157.55.39.72 - - [16/Jul/2021:18:33:46 +0200] "GET /-p-22015.html HTTP/1.0" 200 70197 "-" "Mozilla/5.0 (compatible; bingbot/2.0; +http://www.bing.com/bingbot.htm)"
157.55.39.72 - - [16/Jul/2021:18:33:48 +0200] "GET /dinosaur-nightlight-p-53143.html HTTP/1.0" 200 70271 "-" "Mozilla/5.0 (compatible; bingbot/2.0; +http://www.bing.com/bingbot.htm)"
207.46.13.182 - - [16/Jul/2021:18:33:54 +0200] "GET /madam-with-sword-stone-scene-figurine-p-53403.html HTTP/1.0" 200 74713 "-" "Mozilla/5.0 (compatible; bingbot/2.0; +http://www.bing.com/bingbot.htm)"
54.36.148.242 - - [16/Jul/2021:18:34:01 +0200] "GET /quote-large-metal-plate-deco-p-34316.html HTTP/1.0" 200 72874 "-" "Mozilla/5.0 (compatible; AhrefsBot/7.0; +http://ahrefs.com/robot/)"
157.55.39.167 - - [16/Jul/2021:18:34:12 +0200] "GET /swfobject.js HTTP/1.0" 404 1308 "-" "Mozilla/5.0 (compatible; bingbot/2.0; +http://www.bing.com/bingbot.htm)"
157.55.39.180 - - [16/Jul/2021:18:34:38 +0200] "GET /vintage-hook-bolt-hole-p-48554.html HTTP/1.0" 200 70275 "-" "Mozilla/5.0 (compatible; bingbot/2.0; +http://www.bing.com/bingbot.htm)"
207.46.13.179 - - [16/Jul/2021:18:34:43 +0200] "GET /tea-for-one-mandala-p-44264.html HTTP/1.0" 301 73351 "-" "Mozilla/5.0 (compatible; bingbot/2.0; +http://www.bing.com/bingbot.htm)"
207.46.13.182 - - [16/Jul/2021:18:35:19 +0200] "GET /-p-34776.html HTTP/1.0" 200 70197 "-" "Mozilla/5.0 (compatible; bingbot/2.0; +http://www.bing.com/bingbot.htm)"
54.36.148.242 - - [16/Jul/2021:18:35:39 +0200] "GET /saint-expedit-prayer-candle-novena-p-44448.html HTTP/1.0" 200 73693 "-" "Mozilla/5.0 (compatible; AhrefsBot/7.0; +http://ahrefs.com/robot/)"
157.55.39.177 - - [16/Jul/2021:18:36:14 +0200] "GET /backpacks-c-31_77.html?page=3 HTTP/1.0" 200 93351 "-" "Mozilla/5.0 (compatible; bingbot/2.0; +http://www.bing.com/bingbot.htm)"
51.68.224.127 - - [16/Jul/2021:18:36:14 +0200] "GET /adminweb/export_orders_xml.php?token=256de2z6edz6ed2z6DFSFsed2zed6zeDSFDSGdzedezfzf&maxorders=10&orderstart=1&status=14&start_date=2018-10-01 HTTP/1.0" 200 285 "-" "GesCom CharlotteBoutik Serveur"
51.68.224.127 - - [16/Jul/2021:18:36:15 +0200] "GET /adminweb/export_orders_xml.php?token=256de2z6edz6ed2z6DFSFsed2zed6zeDSFDSGdzedezfzf&maxorders=10&orderstart=1&status=6&start_date=2018-10-01 HTTP/1.0" 200 29786 "-" "GesCom CharlotteBoutik Serveur"
207.46.13.179 - - [16/Jul/2021:18:36:37 +0200] "GET /snow-white-swimsuit-p-30313.html HTTP/1.0" 200 73933 "-" "Mozilla/5.0 (compatible; bingbot/2.0; +http://www.bing.com/bingbot.htm)"
157.55.39.180 - - [16/Jul/2021:18:36:43 +0200] "GET /holy-spirit-prayer-candle-novena-p-47131.html HTTP/1.0" 200 73683 "-" "Mozilla/5.0 (compatible; bingbot/2.0; +http://www.bing.com/bingbot.htm)"
157.55.39.166 - - [16/Jul/2021:18:36:53 +0200] "GET /harley-davidson-small-metal-plate-p-29713.html HTTP/1.0" 200 72946 "-" "Mozilla/5.0 (compatible; bingbot/2.0; +http://www.bing.com/bingbot.htm)"
66.249.66.200 - - [16/Jul/2021:18:37:11 +0200] "GET /musical-snowball-night-light-little-prince-p-54628.html HTTP/1.0" 200 73720 "-" "Mozilla/5.0 (Linux; Android 6.0.1; Nexus 5X Build/MMB29P) AppleWebKit/537.36 (KHTML, like Gecko) Chrome/91.0.4472.90 Mobile Safari/537.36 (compatible; Googlebot/2.1; +http://www.google.com/bot.html)"
66.249.66.200 - - [16/Jul/2021:18:37:14 +0200] "GET /incense-aura-cleansing-grams-about-sticks-p-52435.html HTTP/1.0" 200 73363 "-" "Mozilla/5.0 (compatible; Googlebot/2.1; +http://www.google.com/bot.html)"
54.36.148.242 - - [16/Jul/2021:18:37:20 +0200] "GET /dishes-c-12.html?page=106 HTTP/1.0" 200 91445 "-" "Mozilla/5.0 (compatible; AhrefsBot/7.0; +http://ahrefs.com/robot/)"
207.46.13.182 - - [16/Jul/2021:18:37:26 +0200] "GET /jungle-shower-curtain-180-200-cm-p-52461.html HTTP/1.0" 301 73670 "-" "Mozilla/5.0 (compatible; bingbot/2.0; +http://www.bing.com/bingbot.htm)"
157.55.39.72 - - [16/Jul/2021:18:37:57 +0200] "GET /tinted-candle-in-the-mass-black-color-p-48929.html HTTP/1.0" 301 73027 "-" "Mozilla/5.0 (compatible; bingbot/2.0; +http://www.bing.com/bingbot.htm)"
157.55.39.166 - - [16/Jul/2021:18:38:01 +0200] "GET /images/mini_prod/35909.jpg HTTP/1.0" 200 261 "-" "Mozilla/5.0 (compatible; bingbot/2.0; +http://www.bing.com/bingbot.htm)"
207.46.13.174 - - [16/Jul/2021:18:38:21 +0200] "GET /shoulder-jasmine-jasmin-p-35488.html HTTP/1.0" 200 70336 "-" "Mozilla/5.0 (compatible; bingbot/2.0; +http://www.bing.com/bingbot.htm)"
13.66.139.0 - - [16/Jul/2021:18:38:35 +0200] "GET /-p-34770.html HTTP/1.0" 200 70197 "-" "Mozilla/5.0 (compatible; bingbot/2.0; +http://www.bing.com/bingbot.htm)"
207.46.13.182 - - [16/Jul/2021:18:38:36 +0200] "GET /cactus-theme-indian-espresso-cup-p-39625.html HTTP/1.0" 301 73027 "-" "Mozilla/5.0 (compatible; bingbot/2.0; +http://www.bing.com/bingbot.htm)"
157.55.39.166 - - [16/Jul/2021:18:38:52 +0200] "GET /wall-decoration-mappemonde-p-49967.html HTTP/1.0" 200 73490 "-" "Mozilla/5.0 (compatible; bingbot/2.0; +http://www.bing.com/bingbot.htm)"
157.55.39.166 - - [16/Jul/2021:18:38:54 +0200] "GET /-p-23106.html HTTP/1.0" 200 70197 "-" "Mozilla/5.0 (compatible; bingbot/2.0; +http://www.bing.com/bingbot.htm)"
54.36.148.242 - - [16/Jul/2021:18:39:03 +0200] "GET /green-adult-cotton-apron-p-44360.html HTTP/1.0" 200 72821 "-" "Mozilla/5.0 (compatible; AhrefsBot/7.0; +http://ahrefs.com/robot/)"
157.55.39.166 - - [16/Jul/2021:18:39:13 +0200] "GET /horses-stickers-p-19590.html HTTP/1.0" 200 72823 "-" "Mozilla/5.0 (compatible; bingbot/2.0; +http://www.bing.com/bingbot.htm)"
157.55.39.72 - - [16/Jul/2021:18:39:17 +0200] "GET /heart-and-home-eco-friendly-stick-diffuser-geranium-oud-wood-p-52808.html HTTP/1.0" 301 74196 "-" "Mozilla/5.0 (compatible; bingbot/2.0; +http://www.bing.com/bingbot.htm)"
35.229.113.181 - - [16/Jul/2021:18:39:30 +0200] "GET /barbecue-aperitif-c-12_254.html HTTP/1.0" 200 87605 "-" "ZoominfoBot (zoominfobot at zoominfo dot com)"
157.55.39.167 - - [16/Jul/2021:18:39:32 +0200] "GET /swfobject.js HTTP/1.0" 404 1308 "-" "Mozilla/5.0 (compatible; bingbot/2.0; +http://www.bing.com/bingbot.htm)"
35.229.113.181 - - [16/Jul/2021:18:39:35 +0200] "GET /flatwares-c-12_63.html HTTP/1.0" 200 89451 "-" "ZoominfoBot (zoominfobot at zoominfo dot com)"
185.191.171.37 - - [16/Jul/2021:18:39:40 +0200] "GET /cotton-towel-retro-style-p-42573.html HTTP/1.0" 200 70287 "-" "Mozilla/5.0 (compatible; SemrushBot/7~bl; +http://www.semrush.com/bot.html)"
157.55.39.180 - - [16/Jul/2021:18:39:58 +0200] "GET /-p-38831.html HTTP/1.0" 200 70197 "-" "Mozilla/5.0 (compatible; bingbot/2.0; +http://www.bing.com/bingbot.htm)"
49.7.20.113 - - [16/Jul/2021:18:40:00 +0200] "GET / HTTP/1.0" 200 95385 "-" "Sogou web spider/4.0(+http://www.sogou.com/docs/help/webmasters.htm#07)"
157.55.39.167 - - [16/Jul/2021:18:40:14 +0200] "GET /love-paris-box-of-coasters-p-39750.html HTTP/1.0" 301 72959 "-" "Mozilla/5.0 (compatible; bingbot/2.0; +http://www.bing.com/bingbot.htm)"
207.46.13.174 - - [16/Jul/2021:18:40:19 +0200] "GET /-p-14523.html HTTP/1.0" 200 70197 "-" "Mozilla/5.0 (compatible; bingbot/2.0; +http://www.bing.com/bingbot.htm)"
185.191.171.36 - - [16/Jul/2021:18:40:26 +0200] "GET /fragrance-case-for-cabinet-and-diffuser-car-c-231_228.html?page=2 HTTP/1.0" 301 84979 "-" "Mozilla/5.0 (compatible; SemrushBot/7~bl; +http://www.semrush.com/bot.html)"
185.191.171.25 - - [16/Jul/2021:18:40:29 +0200] "GET /fragrance-case-cabinet-diffuser-c-228.html?page=2 HTTP/1.0" 301 84852 "-" "Mozilla/5.0 (compatible; SemrushBot/7~bl; +http://www.semrush.com/bot.html)"
185.191.171.4 - - [16/Jul/2021:18:40:33 +0200] "GET /fragrance-case-cabinet-diffuser-c-231_228.html?page=2 HTTP/1.0" 200 84876 "-" "Mozilla/5.0 (compatible; SemrushBot/7~bl; +http://www.semrush.com/bot.html)"
54.36.148.242 - - [16/Jul/2021:18:40:45 +0200] "GET /black-piggy-bank-p-54797.html HTTP/1.0" 200 72870 "-" "Mozilla/5.0 (compatible; AhrefsBot/7.0; +http://ahrefs.com/robot/)"
54.36.148.154 - - [16/Jul/2021:18:40:54 +0200] "GET /il-est-jamais-trop-tard-pour-ne-rien-faire-metal-plate-deco-p-45081.html HTTP/1.0" 301 73098 "-" "Mozilla/5.0 (compatible; AhrefsBot/7.0; +http://ahrefs.com/robot/)"
207.46.13.179 - - [16/Jul/2021:18:40:56 +0200] "GET /the-little-prince-pink-apron-p-10315.html HTTP/1.0" 301 73070 "-" "Mozilla/5.0 (compatible; bingbot/2.0; +http://www.bing.com/bingbot.htm)"
66.249.66.198 - - [16/Jul/2021:18:41:01 +0200] "GET /mugs-and-mazagrans-c-12_57.html?page=10 HTTP/1.0" 301 96775 "-" "Mozilla/5.0 (Linux; Android 6.0.1; Nexus 5X Build/MMB29P) AppleWebKit/537.36 (KHTML, like Gecko) Chrome/91.0.4472.90 Mobile Safari/537.36 (compatible; Googlebot/2.1; +http://www.google.com/bot.html)"
66.249.66.198 - - [16/Jul/2021:18:41:02 +0200] "GET /mugs-mazagrans-c-57.html?page=10 HTTP/1.0" 301 96674 "-" "Mozilla/5.0 (Linux; Android 6.0.1; Nexus 5X Build/MMB29P) AppleWebKit/537.36 (KHTML, like Gecko) Chrome/91.0.4472.90 Mobile Safari/537.36 (compatible; Googlebot/2.1; +http://www.google.com/bot.html)"
66.249.66.200 - - [16/Jul/2021:18:41:03 +0200] "GET /mugs-mazagrans-c-12_57.html?page=10 HTTP/1.0" 200 96689 "-" "Mozilla/5.0 (Linux; Android 6.0.1; Nexus 5X Build/MMB29P) AppleWebKit/537.36 (KHTML, like Gecko) Chrome/91.0.4472.90 Mobile Safari/537.36 (compatible; Googlebot/2.1; +http://www.google.com/bot.html)"
157.55.39.180 - - [16/Jul/2021:18:41:17 +0200] "GET /vintage-christmas-christmas-sonny-angel-figurines-p-53391.html HTTP/1.0" 200 74936 "-" "Mozilla/5.0 (compatible; bingbot/2.0; +http://www.bing.com/bingbot.htm)"
157.55.39.72 - - [16/Jul/2021:18:41:21 +0200] "GET /-p-25237.html HTTP/1.0" 200 70197 "-" "Mozilla/5.0 (compatible; bingbot/2.0; +http://www.bing.com/bingbot.htm)"
207.46.13.174 - - [16/Jul/2021:18:41:30 +0200] "GET /secret-garden-bedclothes-220-240-cm-p-39068.html HTTP/1.0" 301 70264 "-" "Mozilla/5.0 (compatible; bingbot/2.0; +http://www.bing.com/bingbot.htm)"
157.55.39.167 - - [16/Jul/2021:18:41:33 +0200] "GET /swfobject.js HTTP/1.0" 404 1308 "-" "Mozilla/5.0 (compatible; bingbot/2.0; +http://www.bing.com/bingbot.htm)"
35.229.113.181 - - [16/Jul/2021:18:41:38 +0200] "GET /flasks-c-12_245.html HTTP/1.0" 200 80032 "-" "ZoominfoBot (zoominfobot at zoominfo dot com)"
35.229.113.181 - - [16/Jul/2021:18:41:40 +0200] "GET /personalized-products-c-97.html HTTP/1.0" 200 90621 "-" "ZoominfoBot (zoominfobot at zoominfo dot com)"
157.55.39.167 - - [16/Jul/2021:18:41:55 +0200] "GET /makeup-kit-mani-the-lucky-cat-light-pink-p-47622.html HTTP/1.0" 301 73823 "-" "Mozilla/5.0 (compatible; bingbot/2.0; +http://www.bing.com/bingbot.htm)"
185.191.171.9 - - [16/Jul/2021:18:41:58 +0200] "GET /kimmidoll-brush-p-44882.html HTTP/1.0" 200 72826 "-" "Mozilla/5.0 (compatible; SemrushBot/7~bl; +http://www.semrush.com/bot.html)"
157.55.39.180 - - [16/Jul/2021:18:41:59 +0200] "GET /-p-33410.html HTTP/1.0" 200 70197 "-" "Mozilla/5.0 (compatible; bingbot/2.0; +http://www.bing.com/bingbot.htm)"
157.55.39.167 - - [16/Jul/2021:18:42:12 +0200] "GET /swfobject.js HTTP/1.0" 404 1308 "-" "Mozilla/5.0 (compatible; bingbot/2.0; +http://www.bing.com/bingbot.htm)"
185.191.171.22 - - [16/Jul/2021:18:42:22 +0200] "GET /makeup-mani-lucky-p-44102.html?action=add_product HTTP/1.0" 302 476 "-" "Mozilla/5.0 (compatible; SemrushBot/7~bl; +http://www.semrush.com/bot.html)"
157.55.39.180 - - [16/Jul/2021:18:42:27 +0200] "GET /elsa-and-anna-frozen-poster-p-30917.html HTTP/1.0" 301 70405 "-" "Mozilla/5.0 (compatible; bingbot/2.0; +http://www.bing.com/bingbot.htm)"
66.249.66.202 - - [16/Jul/2021:18:42:32 +0200] "GET /chat-noir-coasters-p-54493.html HTTP/1.0" 200 72771 "-" "Mozilla/5.0 (Linux; Android 6.0.1; Nexus 5X Build/MMB29P) AppleWebKit/537.36 (KHTML, like Gecko) Chrome/91.0.4472.90 Mobile Safari/537.36 (compatible; Googlebot/2.1; +http://www.google.com/bot.html)"
54.36.148.242 - - [16/Jul/2021:18:42:34 +0200] "GET /union-jack-small-stapler-p-33362.html HTTP/1.0" 200 72877 "-" "Mozilla/5.0 (compatible; AhrefsBot/7.0; +http://ahrefs.com/robot/)"
157.55.39.167 - - [16/Jul/2021:18:42:35 +0200] "GET /-p-22588.html HTTP/1.0" 200 70197 "-" "Mozilla/5.0 (compatible; bingbot/2.0; +http://www.bing.com/bingbot.htm)"
35.229.113.181 - - [16/Jul/2021:18:42:41 +0200] "GET /cellar-slicer-sausage-c-12_252.html HTTP/1.0" 200 79589 "-" "ZoominfoBot (zoominfobot at zoominfo dot com)"
185.191.171.40 - - [16/Jul/2021:18:42:51 +0200] "GET /owl-purple-cushion-p-36803.html HTTP/1.0" 301 70264 "-" "Mozilla/5.0 (compatible; SemrushBot/7~bl; +http://www.semrush.com/bot.html)"
185.191.171.8 - - [16/Jul/2021:18:42:54 +0200] "GET /-p-36803.html HTTP/1.0" 200 70197 "-" "Mozilla/5.0 (compatible; SemrushBot/7~bl; +http://www.semrush.com/bot.html)"
185.191.171.14 - - [16/Jul/2021:18:42:56 +0200] "GET /russian-doll-cover-for-samsung-s4-cbkreation-p-27011.html HTTP/1.0" 301 70464 "-" "Mozilla/5.0 (compatible; SemrushBot/7~bl; +http://www.semrush.com/bot.html)"
66.249.66.198 - - [16/Jul/2021:18:42:58 +0200] "GET /minnie-mouse-crals-bowl-p-31767.html HTTP/1.0" 200 70283 "-" "Mozilla/5.0 (Linux; Android 6.0.1; Nexus 5X Build/MMB29P) AppleWebKit/537.36 (KHTML, like Gecko) Chrome/91.0.4472.90 Mobile Safari/537.36 (compatible; Googlebot/2.1; +http://www.google.com/bot.html)"
185.191.171.20 - - [16/Jul/2021:18:42:58 +0200] "GET /russian-doll-cover-samsung-cbkreation-p-27011.html HTTP/1.0" 200 70360 "-" "Mozilla/5.0 (compatible; SemrushBot/7~bl; +http://www.semrush.com/bot.html)"
185.191.171.10 - - [16/Jul/2021:18:43:16 +0200] "GET /double-walled-porcelain-with-infuser-p-55007.html HTTP/1.0" 200 73847 "-" "Mozilla/5.0 (compatible; SemrushBot/7~bl; +http://www.semrush.com/bot.html)"
216.244.66.242 - - [16/Jul/2021:18:43:17 +0200] "GET /robots.txt HTTP/1.0" 200 245 "-" "Mozilla/5.0 (compatible; DotBot/1.2; +https://opensiteexplorer.org/dotbot; help@moz.com)"
185.191.171.36 - - [16/Jul/2021:18:43:27 +0200] "GET /decorative-horse-statue-p-46675.html HTTP/1.0" 200 72909 "-" "Mozilla/5.0 (compatible; SemrushBot/7~bl; +http://www.semrush.com/bot.html)"
185.191.171.12 - - [16/Jul/2021:18:43:29 +0200] "GET /cotton-floor-cushion-iceland-40-40-30-cm-p-45159.html HTTP/1.0" 301 70264 "-" "Mozilla/5.0 (compatible; SemrushBot/7~bl; +http://www.semrush.com/bot.html)"
185.191.171.20 - - [16/Jul/2021:18:43:31 +0200] "GET /-p-45159.html HTTP/1.0" 200 70197 "-" "Mozilla/5.0 (compatible; SemrushBot/7~bl; +http://www.semrush.com/bot.html)"
157.55.39.72 - - [16/Jul/2021:18:43:37 +0200] "GET /-p-21265.html HTTP/1.0" 200 70197 "-" "Mozilla/5.0 (compatible; bingbot/2.0; +http://www.bing.com/bingbot.htm)"
185.191.171.8 - - [16/Jul/2021:18:43:51 +0200] "GET /original-scooter-wooden-wall-decoration-to-hang-p-36850.html HTTP/1.0" 301 70264 "-" "Mozilla/5.0 (compatible; SemrushBot/7~bl; +http://www.semrush.com/bot.html)"
157.55.39.167 - - [16/Jul/2021:18:43:53 +0200] "GET /swfobject.js HTTP/1.0" 404 1308 "-" "Mozilla/5.0 (compatible; bingbot/2.0; +http://www.bing.com/bingbot.htm)"
185.191.171.37 - - [16/Jul/2021:18:43:53 +0200] "GET /-p-36850.html HTTP/1.0" 200 70197 "-" "Mozilla/5.0 (compatible; SemrushBot/7~bl; +http://www.semrush.com/bot.html)"
207.46.13.179 - - [16/Jul/2021:18:43:57 +0200] "GET /big-piggy-bank-p-52600.html HTTP/1.0" 301 72833 "-" "Mozilla/5.0 (compatible; bingbot/2.0; +http://www.bing.com/bingbot.htm)"
207.46.13.174 - - [16/Jul/2021:18:44:02 +0200] "GET /-p-21915.html HTTP/1.0" 200 70197 "-" "Mozilla/5.0 (compatible; bingbot/2.0; +http://www.bing.com/bingbot.htm)"
207.46.13.174 - - [16/Jul/2021:18:44:04 +0200] "GET /wooden-boxes-and-storage-c-13_150_220.html HTTP/1.0" 301 90108 "-" "Mozilla/5.0 (compatible; bingbot/2.0; +http://www.bing.com/bingbot.htm)"
157.55.39.166 - - [16/Jul/2021:18:44:11 +0200] "GET /flatwares-c-12_63.html HTTP/1.0" 200 89451 "-" "Mozilla/5.0 (compatible; bingbot/2.0; +http://www.bing.com/bingbot.htm)"
54.36.148.242 - - [16/Jul/2021:18:44:30 +0200] "GET /hello-kitty-bracelet-silver-plated-brass-p-11507.html HTTP/1.0" 200 72962 "-" "Mozilla/5.0 (compatible; AhrefsBot/7.0; +http://ahrefs.com/robot/)"
157.55.39.78 - - [16/Jul/2021:18:44:32 +0200] "GET /paris-shopping-bag-p-46248.html HTTP/1.0" 301 72982 "-" "Mozilla/5.0 (compatible; bingbot/2.0; +http://www.bing.com/bingbot.htm)"
207.46.13.182 - - [16/Jul/2021:18:44:38 +0200] "GET /-p-3063.html HTTP/1.0" 200 70195 "-" "Mozilla/5.0 (compatible; bingbot/2.0; +http://www.bing.com/bingbot.htm)"
185.191.171.18 - - [16/Jul/2021:18:44:43 +0200] "GET /digital-alarm-clock-black-p-54170.html HTTP/1.0" 200 73592 "-" "Mozilla/5.0 (compatible; SemrushBot/7~bl; +http://www.semrush.com/bot.html)"
207.46.13.174 - - [16/Jul/2021:18:45:10 +0200] "GET /medusa-glass-paperweight-p-51093.html HTTP/1.0" 200 70283 "-" "Mozilla/5.0 (compatible; bingbot/2.0; +http://www.bing.com/bingbot.htm)"
207.46.13.182 - - [16/Jul/2021:18:45:18 +0200] "GET /goodbye-kitty-alarm-clock-p-10848.html HTTP/1.0" 200 73001 "-" "Mozilla/5.0 (compatible; bingbot/2.0; +http://www.bing.com/bingbot.htm)"
54.36.148.137 - - [16/Jul/2021:18:45:24 +0200] "GET /large-jar-candle-70-hours-true-enchantment-p-33015.html HTTP/1.0" 301 74265 "-" "Mozilla/5.0 (compatible; AhrefsBot/7.0; +http://ahrefs.com/robot/)"
