207.46.13.127 - - [16/Jul/2021:16:30:26 +0200] "GET /top-model-pink-messenger-bag-p-34281.html HTTP/1.0" 301 70399 "-" "Mozilla/5.0 (compatible; bingbot/2.0; +http://www.bing.com/bingbot.htm)"
207.46.13.51 - - [16/Jul/2021:16:30:32 +0200] "GET /luggages-schoolbags-leather-shop/pencil-case/beyblade-round-pencil-case-p-15469.html HTTP/1.0" 301 70264 "-" "Mozilla/5.0 (compatible; bingbot/2.0; +http://www.bing.com/bingbot.htm)"
207.46.13.51 - - [16/Jul/2021:16:30:34 +0200] "GET /cars-round-table-p-18801.html HTTP/1.0" 200 72962 "-" "Mozilla/5.0 (compatible; bingbot/2.0; +http://www.bing.com/bingbot.htm)"
5.188.62.76 - - [16/Jul/2021:16:30:51 +0200] "GET / HTTP/1.0" 301 511 "-" "Mozilla/5.0 (Windows NT 6.0; WOW64) AppleWebKit/537.36 (KHTML, like Gecko) Chrome/41.0.2224.3 Safari/537.36"
5.188.62.76 - - [16/Jul/2021:16:30:52 +0200] "GET / HTTP/1.0" 200 95429 "-" "Mozilla/5.0 (Windows NT 6.0; WOW64) AppleWebKit/537.36 (KHTML, like Gecko) Chrome/41.0.2224.3 Safari/537.36"
5.188.62.76 - - [16/Jul/2021:16:30:53 +0200] "GET /robots.txt HTTP/1.0" 301 531 "-" "Mozilla/5.0 (Windows NT 6.0; WOW64) AppleWebKit/537.36 (KHTML, like Gecko) Chrome/41.0.2224.3 Safari/537.36"
5.188.62.76 - - [16/Jul/2021:16:30:53 +0200] "GET /robots.txt HTTP/1.0" 200 245 "-" "Mozilla/5.0 (Windows NT 6.0; WOW64) AppleWebKit/537.36 (KHTML, like Gecko) Chrome/41.0.2224.3 Safari/537.36"
173.95.54.227 - - [16/Jul/2021:16:30:54 +0200] "GET /images/big_prod/5415203976215.jpg HTTP/1.0" 200 268 "-" "Mozilla/5.0 (Windows NT 10.0; Win64; x64; rv:90.0) Gecko/20100101 Firefox/90.0"
207.46.13.122 - - [16/Jul/2021:16:31:11 +0200] "GET /tea-towels-napkins-c-11_177.html HTTP/1.0" 301 92497 "-" "Mozilla/5.0 (compatible; bingbot/2.0; +http://www.bing.com/bingbot.htm)"
207.46.13.122 - - [16/Jul/2021:16:31:14 +0200] "GET /images/big_prod/8424345292913.jpg HTTP/1.0" 200 268 "-" "Mozilla/5.0 (compatible; bingbot/2.0; +http://www.bing.com/bingbot.htm)"
207.46.13.51 - - [16/Jul/2021:16:31:16 +0200] "GET /bedclothes-140-200-cm-blue-striped-p-44341.html HTTP/1.0" 301 70264 "-" "Mozilla/5.0 (compatible; bingbot/2.0; +http://www.bing.com/bingbot.htm)"
207.46.13.51 - - [16/Jul/2021:16:31:17 +0200] "GET /-p-21576.html HTTP/1.0" 200 70197 "-" "Mozilla/5.0 (compatible; bingbot/2.0; +http://www.bing.com/bingbot.htm)"
185.191.171.24 - - [16/Jul/2021:16:31:36 +0200] "GET /metal-beer-bucket-with-bottle-opener-p-40455.html?action=add_product HTTP/1.0" 302 476 "-" "Mozilla/5.0 (compatible; SemrushBot/7~bl; +http://www.semrush.com/bot.html)"
157.55.39.78 - - [16/Jul/2021:16:31:39 +0200] "GET /plush-keeleco-eco-friendly-lion-p-51845.html HTTP/1.0" 301 74177 "-" "Mozilla/5.0 (compatible; bingbot/2.0; +http://www.bing.com/bingbot.htm)"
54.36.148.242 - - [16/Jul/2021:16:31:44 +0200] "GET /bunny-nightlight-p-53138.html HTTP/1.0" 200 74028 "-" "Mozilla/5.0 (compatible; AhrefsBot/7.0; +http://ahrefs.com/robot/)"
80.11.253.192 - - [16/Jul/2021:16:32:40 +0200] "GET /adminweb/index.php HTTP/1.0" 302 481 "-" "Mozilla/5.0 (Windows NT 10.0; Win64; x64) AppleWebKit/537.36 (KHTML, like Gecko) Chrome/91.0.4472.124 Safari/537.36"
80.11.253.192 - - [16/Jul/2021:16:32:40 +0200] "GET /adminweb/login.php HTTP/1.0" 200 4479 "-" "Mozilla/5.0 (Windows NT 10.0; Win64; x64) AppleWebKit/537.36 (KHTML, like Gecko) Chrome/91.0.4472.124 Safari/537.36"
157.55.39.121 - - [16/Jul/2021:16:32:43 +0200] "GET /riders-freedom-motorcycle-malle-50-cm-p-35727.html HTTP/1.0" 301 70459 "-" "Mozilla/5.0 (compatible; bingbot/2.0; +http://www.bing.com/bingbot.htm)"
66.249.66.218 - - [16/Jul/2021:16:32:47 +0200] "GET / HTTP/1.0" 200 95282 "-" "Mozilla/5.0 (Linux; Android 6.0.1; Nexus 5X Build/MMB29P) AppleWebKit/537.36 (KHTML, like Gecko) Chrome/91.0.4472.90 Mobile Safari/537.36 (compatible; Googlebot/2.1; +http://www.google.com/bot.html)"
54.36.148.242 - - [16/Jul/2021:16:33:22 +0200] "GET /koala-money-p-55391.html HTTP/1.0" 200 73762 "-" "Mozilla/5.0 (compatible; AhrefsBot/7.0; +http://ahrefs.com/robot/)"
157.55.39.78 - - [16/Jul/2021:16:33:30 +0200] "GET /mickey-birthday-card-with-envelope-p-25252.html HTTP/1.0" 200 72895 "-" "Mozilla/5.0 (compatible; bingbot/2.0; +http://www.bing.com/bingbot.htm)"
66.249.66.216 - - [16/Jul/2021:16:33:42 +0200] "GET /images/mini_prod/88157signes.jpg HTTP/1.0" 200 267 "-" "Googlebot-Image/1.0"
207.46.13.65 - - [16/Jul/2021:16:34:05 +0200] "GET /tin-and-metal-signs-c-13_130.html?page=2 HTTP/1.0" 301 93872 "-" "Mozilla/5.0 (compatible; bingbot/2.0; +http://www.bing.com/bingbot.htm)"
106.38.241.175 - - [16/Jul/2021:16:34:07 +0200] "GET / HTTP/1.0" 200 95156 "-" "Sogou web spider/4.0(+http://www.sogou.com/docs/help/webmasters.htm#07)"
207.46.13.125 - - [16/Jul/2021:16:34:21 +0200] "GET /vintage-pin-up-cola-cola-canvas-frame-35-35-cm-p-33386.html HTTP/1.0" 301 73187 "-" "Mozilla/5.0 (compatible; bingbot/2.0; +http://www.bing.com/bingbot.htm)"
185.191.171.34 - - [16/Jul/2021:16:34:56 +0200] "GET /nasa-trolley-p-52112.html HTTP/1.0" 200 70235 "-" "Mozilla/5.0 (compatible; SemrushBot/7~bl; +http://www.semrush.com/bot.html)"
207.46.13.65 - - [16/Jul/2021:16:34:57 +0200] "GET /provence-parma-bath-soap-dish-p-39757.html HTTP/1.0" 200 72917 "-" "Mozilla/5.0 (compatible; bingbot/2.0; +http://www.bing.com/bingbot.htm)"
54.36.148.242 - - [16/Jul/2021:16:35:03 +0200] "GET /dinosaur-nightlight-p-53130.html HTTP/1.0" 200 74441 "-" "Mozilla/5.0 (compatible; AhrefsBot/7.0; +http://ahrefs.com/robot/)"
66.249.66.218 - - [16/Jul/2021:16:35:15 +0200] "GET /dishes-c-12.html?page=129 HTTP/1.0" 200 92378 "-" "Mozilla/5.0 (Linux; Android 6.0.1; Nexus 5X Build/MMB29P) AppleWebKit/537.36 (KHTML, like Gecko) Chrome/91.0.4472.90 Mobile Safari/537.36 (compatible; Googlebot/2.1; +http://www.google.com/bot.html)"
66.249.66.218 - - [16/Jul/2021:16:35:27 +0200] "GET /fashioned-ceramic-espresso-blue-p-41676.html HTTP/1.0" 200 72949 "-" "Mozilla/5.0 (Linux; Android 6.0.1; Nexus 5X Build/MMB29P) AppleWebKit/537.36 (KHTML, like Gecko) Chrome/91.0.4472.90 Mobile Safari/537.36 (compatible; Googlebot/2.1; +http://www.google.com/bot.html)"
207.46.13.51 - - [16/Jul/2021:16:35:35 +0200] "GET /panda-pop-plush-by-britto-22-cm-p-11218.html HTTP/1.0" 301 70370 "-" "Mozilla/5.0 (compatible; bingbot/2.0; +http://www.bing.com/bingbot.htm)"
207.46.13.51 - - [16/Jul/2021:16:35:37 +0200] "GET /decorative-statuette-monkeys-of-wisdom-green-p-52737.html HTTP/1.0" 301 70473 "-" "Mozilla/5.0 (compatible; bingbot/2.0; +http://www.bing.com/bingbot.htm)"
207.46.13.125 - - [16/Jul/2021:16:35:50 +0200] "GET /la-vie-ne-vaut-etre-vecue-money-box-p-47766.html HTTP/1.0" 301 70327 "-" "Mozilla/5.0 (compatible; bingbot/2.0; +http://www.bing.com/bingbot.htm)"
157.55.39.78 - - [16/Jul/2021:16:36:00 +0200] "GET /charmmy-kitty-swimming-ring-p-5988.html HTTP/1.0" 200 72771 "-" "Mozilla/5.0 (compatible; bingbot/2.0; +http://www.bing.com/bingbot.htm)"
54.36.148.242 - - [16/Jul/2021:16:36:37 +0200] "GET /mire-clock-cbkreation-p-24685.html HTTP/1.0" 200 72944 "-" "Mozilla/5.0 (compatible; AhrefsBot/7.0; +http://ahrefs.com/robot/)"
40.77.167.36 - - [16/Jul/2021:16:37:04 +0200] "GET /llama-love-glasses-case-p-47579.html HTTP/1.0" 200 73499 "-" "Mozilla/5.0 (compatible; bingbot/2.0; +http://www.bing.com/bingbot.htm)"
216.244.66.242 - - [16/Jul/2021:16:37:11 +0200] "GET /robots.txt HTTP/1.0" 200 245 "-" "Mozilla/5.0 (compatible; DotBot/1.2; +https://opensiteexplorer.org/dotbot; help@moz.com)"
40.77.167.36 - - [16/Jul/2021:16:38:04 +0200] "GET /sophie-the-giraffe-little-picture-frame-p-4050.html HTTP/1.0" 301 70474 "-" "Mozilla/5.0 (compatible; bingbot/2.0; +http://www.bing.com/bingbot.htm)"
54.36.148.242 - - [16/Jul/2021:16:38:09 +0200] "GET /bodega-placemat-p-39557.html HTTP/1.0" 200 72988 "-" "Mozilla/5.0 (compatible; AhrefsBot/7.0; +http://ahrefs.com/robot/)"
207.46.13.125 - - [16/Jul/2021:16:38:21 +0200] "GET /horse-mini-trolley-p-49037.html HTTP/1.0" 200 73529 "-" "Mozilla/5.0 (compatible; bingbot/2.0; +http://www.bing.com/bingbot.htm)"
66.249.66.218 - - [16/Jul/2021:16:38:30 +0200] "GET /dora-explorer-swimsuit-p-30314.html HTTP/1.0" 200 74596 "-" "Mozilla/5.0 (Linux; Android 6.0.1; Nexus 5X Build/MMB29P) AppleWebKit/537.36 (KHTML, like Gecko) Chrome/91.0.4472.90 Mobile Safari/537.36 (compatible; Googlebot/2.1; +http://www.google.com/bot.html)"
185.191.171.5 - - [16/Jul/2021:16:38:39 +0200] "GET /cuba-coasters-cbkreation-p-33848.html HTTP/1.0" 200 72870 "-" "Mozilla/5.0 (compatible; SemrushBot/7~bl; +http://www.semrush.com/bot.html)"
49.7.21.114 - - [16/Jul/2021:16:39:05 +0200] "GET / HTTP/1.0" 200 95127 "-" "Sogou web spider/4.0(+http://www.sogou.com/docs/help/webmasters.htm#07)"
207.46.13.65 - - [16/Jul/2021:16:39:05 +0200] "GET /sonny-angel-valentine-2020-series-figure-p-50987.html HTTP/1.0" 200 74475 "-" "Mozilla/5.0 (compatible; bingbot/2.0; +http://www.bing.com/bingbot.htm)"
54.36.148.242 - - [16/Jul/2021:16:39:37 +0200] "GET /little-buddha-collection-statuette-p-53289.html HTTP/1.0" 200 72979 "-" "Mozilla/5.0 (compatible; AhrefsBot/7.0; +http://ahrefs.com/robot/)"
157.55.39.78 - - [16/Jul/2021:16:39:50 +0200] "GET /provence-opener-p-44555.html HTTP/1.0" 200 72837 "-" "Mozilla/5.0 (compatible; bingbot/2.0; +http://www.bing.com/bingbot.htm)"
185.191.171.43 - - [16/Jul/2021:16:39:52 +0200] "GET /general-store-jars-anise-black-pepper-p-36656.html?action=add_product HTTP/1.0" 302 476 "-" "Mozilla/5.0 (compatible; SemrushBot/7~bl; +http://www.semrush.com/bot.html)"
207.46.13.125 - - [16/Jul/2021:16:40:21 +0200] "GET /peace-clock-cbkreation-p-24375.html HTTP/1.0" 200 72951 "-" "Mozilla/5.0 (compatible; bingbot/2.0; +http://www.bing.com/bingbot.htm)"
207.46.13.51 - - [16/Jul/2021:16:40:26 +0200] "GET /gormiti-swimming-armband-p-9112.html HTTP/1.0" 200 72724 "-" "Mozilla/5.0 (compatible; bingbot/2.0; +http://www.bing.com/bingbot.htm)"
157.55.39.78 - - [16/Jul/2021:16:40:41 +0200] "GET /horses-keyring-p-33562.html HTTP/1.0" 200 74010 "-" "Mozilla/5.0 (compatible; bingbot/2.0; +http://www.bing.com/bingbot.htm)"
157.55.39.78 - - [16/Jul/2021:16:41:10 +0200] "GET /-m-148.html HTTP/1.0" 200 79402 "-" "Mozilla/5.0 (compatible; bingbot/2.0; +http://www.bing.com/bingbot.htm)"
54.36.148.242 - - [16/Jul/2021:16:41:22 +0200] "GET /dishes-c-12.html?page=123 HTTP/1.0" 200 92711 "-" "Mozilla/5.0 (compatible; AhrefsBot/7.0; +http://ahrefs.com/robot/)"
207.46.13.182 - - [16/Jul/2021:16:41:22 +0200] "GET /harley-davidson-magnet-p-12520.html HTTP/1.0" 200 72785 "-" "Mozilla/5.0 (compatible; bingbot/2.0; +http://www.bing.com/bingbot.htm)"
207.46.13.182 - - [16/Jul/2021:16:41:43 +0200] "GET /-p-30151.html HTTP/1.0" 200 70197 "-" "Mozilla/5.0 (compatible; bingbot/2.0; +http://www.bing.com/bingbot.htm)"
51.68.224.127 - - [16/Jul/2021:16:41:48 +0200] "GET /adminweb/export_orders_xml.php?token=256de2z6edz6ed2z6DFSFsed2zed6zeDSFDSGdzedezfzf&maxorders=10&orderstart=1&status=14&start_date=2018-10-01 HTTP/1.0" 200 285 "-" "GesCom CharlotteBoutik Serveur"
51.68.224.127 - - [16/Jul/2021:16:41:48 +0200] "GET /adminweb/export_orders_xml.php?token=256de2z6edz6ed2z6DFSFsed2zed6zeDSFDSGdzedezfzf&maxorders=10&orderstart=1&status=6&start_date=2018-10-01 HTTP/1.0" 200 29786 "-" "GesCom CharlotteBoutik Serveur"
207.46.13.19 - - [16/Jul/2021:16:41:48 +0200] "GET /tablecloth-coustellet-treated-anti-stain-yellow-150-150-cm-p-48524.html HTTP/1.0" 301 70264 "-" "Mozilla/5.0 (compatible; bingbot/2.0; +http://www.bing.com/bingbot.htm)"
207.46.13.19 - - [16/Jul/2021:16:41:50 +0200] "GET /images/1399984265277.jpg HTTP/1.0" 200 259 "-" "Mozilla/5.0 (compatible; bingbot/2.0; +http://www.bing.com/bingbot.htm)"
207.46.13.19 - - [16/Jul/2021:16:41:51 +0200] "GET /towel-bath-towels-c-11_70.html?page=2 HTTP/1.0" 200 91079 "-" "Mozilla/5.0 (compatible; bingbot/2.0; +http://www.bing.com/bingbot.htm)"
207.46.13.19 - - [16/Jul/2021:16:41:52 +0200] "GET /rose-de-provence-opener-p-44556.html HTTP/1.0" 301 70264 "-" "Mozilla/5.0 (compatible; bingbot/2.0; +http://www.bing.com/bingbot.htm)"
157.55.39.167 - - [16/Jul/2021:16:42:22 +0200] "GET /buddha-resin-box-p-38531.html HTTP/1.0" 301 70322 "-" "Mozilla/5.0 (compatible; bingbot/2.0; +http://www.bing.com/bingbot.htm)"
185.191.171.40 - - [16/Jul/2021:16:43:00 +0200] "GET /coasters-mandala-pink-p-44400.html HTTP/1.0" 200 73453 "-" "Mozilla/5.0 (compatible; SemrushBot/7~bl; +http://www.semrush.com/bot.html)"
207.46.13.125 - - [16/Jul/2021:16:43:01 +0200] "GET /-p-8585.html HTTP/1.0" 200 70195 "-" "Mozilla/5.0 (compatible; bingbot/2.0; +http://www.bing.com/bingbot.htm)"
66.249.66.218 - - [16/Jul/2021:16:43:05 +0200] "GET /melt-christmas-spirit-p-38103.html HTTP/1.0" 200 73433 "-" "Mozilla/5.0 (Linux; Android 6.0.1; Nexus 5X Build/MMB29P) AppleWebKit/537.36 (KHTML, like Gecko) Chrome/91.0.4472.90 Mobile Safari/537.36 (compatible; Googlebot/2.1; +http://www.google.com/bot.html)"
54.36.148.242 - - [16/Jul/2021:16:43:05 +0200] "GET /scones-moneybox-collection-p-17641.html HTTP/1.0" 200 72896 "-" "Mozilla/5.0 (compatible; AhrefsBot/7.0; +http://ahrefs.com/robot/)"
157.55.39.167 - - [16/Jul/2021:16:43:21 +0200] "GET /swfobject.js HTTP/1.0" 404 1308 "-" "Mozilla/5.0 (compatible; bingbot/2.0; +http://www.bing.com/bingbot.htm)"
157.55.39.78 - - [16/Jul/2021:16:43:40 +0200] "GET /spiderman-yellow-swimsuit-p-30821.html HTTP/1.0" 200 74026 "-" "Mozilla/5.0 (compatible; bingbot/2.0; +http://www.bing.com/bingbot.htm)"
207.46.13.179 - - [16/Jul/2021:16:43:45 +0200] "GET /-p-12334.html HTTP/1.0" 200 70197 "-" "Mozilla/5.0 (compatible; bingbot/2.0; +http://www.bing.com/bingbot.htm)"
185.191.171.8 - - [16/Jul/2021:16:43:46 +0200] "GET /teo-jasmin-make-up-pouch-teo-racing-p-43463.html HTTP/1.0" 301 73176 "-" "Mozilla/5.0 (compatible; SemrushBot/7~bl; +http://www.semrush.com/bot.html)"
185.191.171.42 - - [16/Jul/2021:16:43:48 +0200] "GET /jasmin-make-pouch-racing-p-43463.html HTTP/1.0" 200 73085 "-" "Mozilla/5.0 (compatible; SemrushBot/7~bl; +http://www.semrush.com/bot.html)"
207.46.13.65 - - [16/Jul/2021:16:44:03 +0200] "GET /swfobject.js HTTP/1.0" 404 1308 "-" "Mozilla/5.0 (compatible; bingbot/2.0; +http://www.bing.com/bingbot.htm)"
157.55.39.177 - - [16/Jul/2021:16:44:32 +0200] "GET /peanuts-linus-figure-p-11180.html HTTP/1.0" 200 72923 "-" "Mozilla/5.0 (compatible; bingbot/2.0; +http://www.bing.com/bingbot.htm)"
216.244.66.242 - - [16/Jul/2021:16:44:35 +0200] "GET /-p-14322.html HTTP/1.0" 200 70197 "-" "Mozilla/5.0 (compatible; DotBot/1.2; +https://opensiteexplorer.org/dotbot; help@moz.com)"
54.36.148.242 - - [16/Jul/2021:16:44:40 +0200] "GET /blooming-garden-fine-bone-china-p-54924.html HTTP/1.0" 200 73042 "-" "Mozilla/5.0 (compatible; AhrefsBot/7.0; +http://ahrefs.com/robot/)"
157.55.39.78 - - [16/Jul/2021:16:45:01 +0200] "GET /haiti-rectangulary-cushion-by-cbkreation-p-36792.html HTTP/1.0" 301 70445 "-" "Mozilla/5.0 (compatible; bingbot/2.0; +http://www.bing.com/bingbot.htm)"
66.249.66.216 - - [16/Jul/2021:16:45:38 +0200] "GET /support-metal-bottle-hairdresser-p-45490.html HTTP/1.0" 200 73023 "-" "Mozilla/5.0 (Linux; Android 6.0.1; Nexus 5X Build/MMB29P) AppleWebKit/537.36 (KHTML, like Gecko) Chrome/91.0.4472.90 Mobile Safari/537.36 (compatible; Googlebot/2.1; +http://www.google.com/bot.html)"
216.244.66.242 - - [16/Jul/2021:16:45:42 +0200] "GET /products_new.php?page=10 HTTP/1.0" 200 95806 "-" "Mozilla/5.0 (compatible; DotBot/1.2; +https://opensiteexplorer.org/dotbot; help@moz.com)"
207.46.13.179 - - [16/Jul/2021:16:45:43 +0200] "GET /soft-toys-security-blanket-c-4_46.html HTTP/1.0" 200 91920 "-" "Mozilla/5.0 (compatible; bingbot/2.0; +http://www.bing.com/bingbot.htm)"
207.46.13.142 - - [16/Jul/2021:16:45:47 +0200] "GET /angel-heavenly-prayer-small-box-p-34200.html HTTP/1.0" 301 70397 "-" "Mozilla/5.0 (compatible; bingbot/2.0; +http://www.bing.com/bingbot.htm)"
66.249.66.216 - - [16/Jul/2021:16:45:47 +0200] "GET /support-metal-bottle-fireman-p-37407.html HTTP/1.0" 200 72975 "-" "Mozilla/5.0 (Linux; Android 6.0.1; Nexus 5X Build/MMB29P) AppleWebKit/537.36 (KHTML, like Gecko) Chrome/91.0.4472.90 Mobile Safari/537.36 (compatible; Googlebot/2.1; +http://www.google.com/bot.html)"
216.244.66.242 - - [16/Jul/2021:16:45:54 +0200] "GET /-m-494.html?page=2 HTTP/1.0" 200 86535 "-" "Mozilla/5.0 (compatible; DotBot/1.2; +https://opensiteexplorer.org/dotbot; help@moz.com)"
157.55.39.78 - - [16/Jul/2021:16:46:11 +0200] "GET /-p-21908.html HTTP/1.0" 200 70197 "-" "Mozilla/5.0 (compatible; bingbot/2.0; +http://www.bing.com/bingbot.htm)"
54.36.148.242 - - [16/Jul/2021:16:46:13 +0200] "GET /olive-ceramic-p-54507.html HTTP/1.0" 200 72774 "-" "Mozilla/5.0 (compatible; AhrefsBot/7.0; +http://ahrefs.com/robot/)"
157.55.39.78 - - [16/Jul/2021:16:46:31 +0200] "GET /mouse-cbkreation-p-20057.html HTTP/1.0" 200 72784 "-" "Mozilla/5.0 (compatible; bingbot/2.0; +http://www.bing.com/bingbot.htm)"
185.191.171.44 - - [16/Jul/2021:16:46:36 +0200] "GET /lighting-p-52564.html?action=add_product HTTP/1.0" 302 476 "-" "Mozilla/5.0 (compatible; SemrushBot/7~bl; +http://www.semrush.com/bot.html)"
207.46.13.51 - - [16/Jul/2021:16:46:54 +0200] "GET /salt-and-pepper-shaker-p-40793.html HTTP/1.0" 301 73031 "-" "Mozilla/5.0 (compatible; bingbot/2.0; +http://www.bing.com/bingbot.htm)"
207.46.13.182 - - [16/Jul/2021:16:46:59 +0200] "GET /flamingo-metal-tray-white-p-40181.html HTTP/1.0" 200 72947 "-" "Mozilla/5.0 (compatible; bingbot/2.0; +http://www.bing.com/bingbot.htm)"
40.77.167.36 - - [16/Jul/2021:16:47:14 +0200] "GET /-p-15691.html HTTP/1.0" 200 70197 "-" "Mozilla/5.0 (compatible; bingbot/2.0; +http://www.bing.com/bingbot.htm)"
216.244.66.242 - - [16/Jul/2021:16:47:15 +0200] "GET /graphique-cotton-adult-apron-p-45252.html HTTP/1.0" 200 72823 "-" "Mozilla/5.0 (compatible; DotBot/1.2; +https://opensiteexplorer.org/dotbot; help@moz.com)"
66.249.66.216 - - [16/Jul/2021:16:47:29 +0200] "GET /gorjuss-ruby-beauty-bag-limited-edition-p-35135.html HTTP/1.0" 301 74271 "-" "Mozilla/5.0 (Linux; Android 6.0.1; Nexus 5X Build/MMB29P) AppleWebKit/537.36 (KHTML, like Gecko) Chrome/91.0.4472.90 Mobile Safari/537.36 (compatible; Googlebot/2.1; +http://www.google.com/bot.html)"
66.249.66.216 - - [16/Jul/2021:16:47:30 +0200] "GET /gorjuss-ruby-beauty-limited-edition-p-35135.html HTTP/1.0" 200 74169 "-" "Mozilla/5.0 (Linux; Android 6.0.1; Nexus 5X Build/MMB29P) AppleWebKit/537.36 (KHTML, like Gecko) Chrome/91.0.4472.90 Mobile Safari/537.36 (compatible; Googlebot/2.1; +http://www.google.com/bot.html)"
216.244.66.242 - - [16/Jul/2021:16:47:36 +0200] "GET /bottle-rack-guitar-bottles-p-50195.html HTTP/1.0" 200 72954 "-" "Mozilla/5.0 (compatible; DotBot/1.2; +https://opensiteexplorer.org/dotbot; help@moz.com)"
54.36.148.242 - - [16/Jul/2021:16:47:44 +0200] "GET /coca-cola-flat-pocket-p-21796.html HTTP/1.0" 200 72887 "-" "Mozilla/5.0 (compatible; AhrefsBot/7.0; +http://ahrefs.com/robot/)"
207.46.13.182 - - [16/Jul/2021:16:48:23 +0200] "GET /tea-for-one-lisboa-p-47118.html HTTP/1.0" 301 73668 "-" "Mozilla/5.0 (compatible; bingbot/2.0; +http://www.bing.com/bingbot.htm)"
207.46.13.65 - - [16/Jul/2021:16:48:25 +0200] "GET /shoulder-bag-jasmine-by-teo-jasmin-p-35487.html HTTP/1.0" 301 70426 "-" "Mozilla/5.0 (compatible; bingbot/2.0; +http://www.bing.com/bingbot.htm)"
157.55.39.180 - - [16/Jul/2021:16:48:27 +0200] "GET /-p-19145.html HTTP/1.0" 200 70197 "-" "Mozilla/5.0 (compatible; bingbot/2.0; +http://www.bing.com/bingbot.htm)"
157.55.39.78 - - [16/Jul/2021:16:48:32 +0200] "GET /images/big_prod/3453131151573.jpg HTTP/1.0" 200 268 "-" "Mozilla/5.0 (compatible; bingbot/2.0; +http://www.bing.com/bingbot.htm)"
157.55.39.78 - - [16/Jul/2021:16:48:34 +0200] "GET /elephant-gold-jewelry-stand-and-white-cup-p-48827.html HTTP/1.0" 301 73227 "-" "Mozilla/5.0 (compatible; bingbot/2.0; +http://www.bing.com/bingbot.htm)"
157.55.39.78 - - [16/Jul/2021:16:49:01 +0200] "GET /gorjuss-lady-bird-shoulder-bag-p-32740.html HTTP/1.0" 301 70423 "-" "Mozilla/5.0 (compatible; bingbot/2.0; +http://www.bing.com/bingbot.htm)"
207.46.13.174 - - [16/Jul/2021:16:49:02 +0200] "GET /marmot-laissez-lucie-faire-soup-bowl-with-spoon-p-38788.html HTTP/1.0" 200 70375 "-" "Mozilla/5.0 (compatible; bingbot/2.0; +http://www.bing.com/bingbot.htm)"
185.191.171.34 - - [16/Jul/2021:16:49:03 +0200] "GET /dangerous-small-mug-by-cbkreation-p-17546.html HTTP/1.0" 301 73043 "-" "Mozilla/5.0 (compatible; SemrushBot/7~bl; +http://www.semrush.com/bot.html)"
40.77.167.73 - - [16/Jul/2021:16:49:02 +0200] "GET /cruella-couture-force-p-55501.html HTTP/1.0" 200 74196 "-" "Mozilla/5.0 (compatible; bingbot/2.0; +http://www.bing.com/bingbot.htm)"
40.77.167.73 - - [16/Jul/2021:16:49:04 +0200] "GET /angry-birds-beach-towel-p-29468.html HTTP/1.0" 301 70264 "-" "Mozilla/5.0 (compatible; bingbot/2.0; +http://www.bing.com/bingbot.htm)"
40.77.167.73 - - [16/Jul/2021:16:49:04 +0200] "GET /candytuft-flower-fairies-mug-p-40070.html HTTP/1.0" 301 74656 "-" "Mozilla/5.0 (compatible; bingbot/2.0; +http://www.bing.com/bingbot.htm)"
185.191.171.6 - - [16/Jul/2021:16:49:05 +0200] "GET /dangerous-small-cbkreation-p-17546.html HTTP/1.0" 200 72950 "-" "Mozilla/5.0 (compatible; SemrushBot/7~bl; +http://www.semrush.com/bot.html)"
40.77.167.73 - - [16/Jul/2021:16:49:05 +0200] "GET /paris-mug-with-spoon-vintage-four-color-process-p-38589.html HTTP/1.0" 301 73161 "-" "Mozilla/5.0 (compatible; bingbot/2.0; +http://www.bing.com/bingbot.htm)"
40.77.167.73 - - [16/Jul/2021:16:49:06 +0200] "GET /wooden-cellar-gisele-p-52711.html HTTP/1.0" 200 74022 "-" "Mozilla/5.0 (compatible; bingbot/2.0; +http://www.bing.com/bingbot.htm)"
40.77.167.73 - - [16/Jul/2021:16:49:07 +0200] "GET /melt-calming-aloe-p-43772.html HTTP/1.0" 200 73414 "-" "Mozilla/5.0 (compatible; bingbot/2.0; +http://www.bing.com/bingbot.htm)"
40.77.167.73 - - [16/Jul/2021:16:49:08 +0200] "GET /bird-thermometer-patinated-metal-p-32862.html HTTP/1.0" 200 70348 "-" "Mozilla/5.0 (compatible; bingbot/2.0; +http://www.bing.com/bingbot.htm)"
40.77.167.73 - - [16/Jul/2021:16:49:08 +0200] "GET /table-setting-c-97_99.html HTTP/1.0" 200 80439 "-" "Mozilla/5.0 (compatible; bingbot/2.0; +http://www.bing.com/bingbot.htm)"
40.77.167.73 - - [16/Jul/2021:16:49:09 +0200] "GET /coca-cola-have-coke-now-towel-p-14750.html HTTP/1.0" 301 70264 "-" "Mozilla/5.0 (compatible; bingbot/2.0; +http://www.bing.com/bingbot.htm)"
40.77.167.73 - - [16/Jul/2021:16:49:10 +0200] "GET /paris-napkins-dispenser-p-39503.html HTTP/1.0" 200 70279 "-" "Mozilla/5.0 (compatible; bingbot/2.0; +http://www.bing.com/bingbot.htm)"
54.36.148.242 - - [16/Jul/2021:16:49:14 +0200] "GET /round-carpet-aztec-p-50742.html HTTP/1.0" 200 73543 "-" "Mozilla/5.0 (compatible; AhrefsBot/7.0; +http://ahrefs.com/robot/)"
185.191.171.6 - - [16/Jul/2021:16:49:15 +0200] "GET /favourite-friends-puppy-kids-school-backpack-p-41086.html?action=add_product HTTP/1.0" 302 476 "-" "Mozilla/5.0 (compatible; SemrushBot/7~bl; +http://www.semrush.com/bot.html)"
157.55.39.167 - - [16/Jul/2021:16:49:22 +0200] "GET /swfobject.js HTTP/1.0" 404 1308 "-" "Mozilla/5.0 (compatible; bingbot/2.0; +http://www.bing.com/bingbot.htm)"
157.55.39.180 - - [16/Jul/2021:16:49:46 +0200] "GET /cotton-bed-base-cover-140-190-cm-mastic-p-44226.html HTTP/1.0" 301 73072 "-" "Mozilla/5.0 (compatible; bingbot/2.0; +http://www.bing.com/bingbot.htm)"
157.55.39.177 - - [16/Jul/2021:16:49:53 +0200] "GET /tweety-large-postbag-p-577.html HTTP/1.0" 301 70258 "-" "Mozilla/5.0 (compatible; bingbot/2.0; +http://www.bing.com/bingbot.htm)"
185.191.171.15 - - [16/Jul/2021:16:50:12 +0200] "GET /fish-figurine-resin-p-48841.html?action=add_product HTTP/1.0" 302 476 "-" "Mozilla/5.0 (compatible; SemrushBot/7~bl; +http://www.semrush.com/bot.html)"
157.55.39.167 - - [16/Jul/2021:16:50:12 +0200] "GET /images/big_prod/3609810096196.jpg HTTP/1.0" 200 268 "-" "Mozilla/5.0 (compatible; bingbot/2.0; +http://www.bing.com/bingbot.htm)"
66.249.66.216 - - [16/Jul/2021:16:50:15 +0200] "GET /glass-cutting-board-cbkreation-p-51322.html HTTP/1.0" 200 72903 "-" "Mozilla/5.0 (compatible; Googlebot/2.1; +http://www.google.com/bot.html)"
66.249.66.218 - - [16/Jul/2021:16:50:16 +0200] "GET /round-tablecloth-valdrome-blue-p-43969.html HTTP/1.0" 200 73942 "-" "Mozilla/5.0 (Linux; Android 6.0.1; Nexus 5X Build/MMB29P) AppleWebKit/537.36 (KHTML, like Gecko) Chrome/91.0.4472.90 Mobile Safari/537.36 (compatible; Googlebot/2.1; +http://www.google.com/bot.html)"
185.191.171.22 - - [16/Jul/2021:16:50:18 +0200] "GET /bmw-parking-only-small-metal-plate-p-37182.html HTTP/1.0" 301 73057 "-" "Mozilla/5.0 (compatible; SemrushBot/7~bl; +http://www.semrush.com/bot.html)"
185.191.171.38 - - [16/Jul/2021:16:50:20 +0200] "GET /parking-only-small-metal-plate-p-37182.html HTTP/1.0" 200 72960 "-" "Mozilla/5.0 (compatible; SemrushBot/7~bl; +http://www.semrush.com/bot.html)"
207.46.13.174 - - [16/Jul/2021:16:50:30 +0200] "GET /-p-32205.html HTTP/1.0" 200 70197 "-" "Mozilla/5.0 (compatible; bingbot/2.0; +http://www.bing.com/bingbot.htm)"
207.46.13.125 - - [16/Jul/2021:16:50:42 +0200] "GET /kimmi-junior-sunshine-glass-p-15825.html HTTP/1.0" 200 72832 "-" "Mozilla/5.0 (compatible; bingbot/2.0; +http://www.bing.com/bingbot.htm)"
207.46.13.182 - - [16/Jul/2021:16:50:53 +0200] "GET /-p-34871.html HTTP/1.0" 200 70197 "-" "Mozilla/5.0 (compatible; bingbot/2.0; +http://www.bing.com/bingbot.htm)"
54.36.148.242 - - [16/Jul/2021:16:50:57 +0200] "GET /wall-stickers-owls-tree-p-51129.html HTTP/1.0" 200 73762 "-" "Mozilla/5.0 (compatible; AhrefsBot/7.0; +http://ahrefs.com/robot/)"
66.249.66.218 - - [16/Jul/2021:16:51:34 +0200] "GET /cats-shower-curtain-p-50729.html HTTP/1.0" 200 73531 "-" "Mozilla/5.0 (compatible; Googlebot/2.1; +http://www.google.com/bot.html)"
185.191.171.45 - - [16/Jul/2021:16:51:38 +0200] "GET /frida-khalo-round-presentation-dish-model-p-49541.html HTTP/1.0" 200 73110 "-" "Mozilla/5.0 (compatible; SemrushBot/7~bl; +http://www.semrush.com/bot.html)"
157.55.39.180 - - [16/Jul/2021:16:51:46 +0200] "GET /pepe-jeans-gray-shoulder-bag-p-35985.html HTTP/1.0" 301 73308 "-" "Mozilla/5.0 (compatible; bingbot/2.0; +http://www.bing.com/bingbot.htm)"
192.0.86.185 - - [16/Jul/2021:16:51:55 +0200] "GET /images/big_prod/1304038301153.jpg HTTP/1.0" 301 577 "-" "Photon/1.0"
192.0.86.185 - - [16/Jul/2021:16:51:56 +0200] "GET /images/big_prod/1304038301153.jpg HTTP/1.0" 200 268 "-" "Photon/1.0"
157.55.39.177 - - [16/Jul/2021:16:51:59 +0200] "GET /verity-rose-cupcake-mirror-bag-p-29171.html HTTP/1.0" 301 70392 "-" "Mozilla/5.0 (compatible; bingbot/2.0; +http://www.bing.com/bingbot.htm)"
207.46.13.179 - - [16/Jul/2021:16:52:04 +0200] "GET /paris-saint-germain-psg-beer-glass-p-33910.html HTTP/1.0" 301 72990 "-" "Mozilla/5.0 (compatible; bingbot/2.0; +http://www.bing.com/bingbot.htm)"
157.55.39.180 - - [16/Jul/2021:16:52:08 +0200] "GET /light-garland-collection-canar-girly-p-39463.html HTTP/1.0" 200 73871 "-" "Mozilla/5.0 (compatible; bingbot/2.0; +http://www.bing.com/bingbot.htm)"
66.249.66.218 - - [16/Jul/2021:16:52:17 +0200] "GET /kitchen-p-51615.html HTTP/1.0" 200 72911 "-" "Mozilla/5.0 (Linux; Android 6.0.1; Nexus 5X Build/MMB29P) AppleWebKit/537.36 (KHTML, like Gecko) Chrome/91.0.4472.90 Mobile Safari/537.36 (compatible; Googlebot/2.1; +http://www.google.com/bot.html)"
54.36.148.242 - - [16/Jul/2021:16:52:37 +0200] "GET /constellation-duffel-caramel-p-55634.html HTTP/1.0" 200 73884 "-" "Mozilla/5.0 (compatible; AhrefsBot/7.0; +http://ahrefs.com/robot/)"
185.191.171.26 - - [16/Jul/2021:16:52:43 +0200] "GET /apple-deco-ceramic-copper-color-25-cm-p-49279.html HTTP/1.0" 301 70264 "-" "Mozilla/5.0 (compatible; SemrushBot/7~bl; +http://www.semrush.com/bot.html)"
185.191.171.1 - - [16/Jul/2021:16:52:47 +0200] "GET /-p-49279.html HTTP/1.0" 200 70197 "-" "Mozilla/5.0 (compatible; SemrushBot/7~bl; +http://www.semrush.com/bot.html)"
54.36.149.86 - - [16/Jul/2021:16:53:15 +0200] "GET /plus-plus-100-pieces-basic-set-p-19766.html HTTP/1.0" 301 70264 "-" "Mozilla/5.0 (compatible; AhrefsBot/7.0; +http://ahrefs.com/robot/)"
157.55.39.167 - - [16/Jul/2021:16:53:16 +0200] "GET /schoolbag-caramel-glitter-p-48782.html HTTP/1.0" 200 70287 "-" "Mozilla/5.0 (compatible; bingbot/2.0; +http://www.bing.com/bingbot.htm)"
66.249.66.218 - - [16/Jul/2021:16:53:24 +0200] "GET /cats-shower-curtain-p-50729.html HTTP/1.0" 200 73531 "-" "Mozilla/5.0 (Linux; Android 6.0.1; Nexus 5X Build/MMB29P) AppleWebKit/537.36 (KHTML, like Gecko) Chrome/91.0.4472.90 Mobile Safari/537.36 (compatible; Googlebot/2.1; +http://www.google.com/bot.html)"
157.55.39.180 - - [16/Jul/2021:16:53:28 +0200] "GET /paris-p-25807.html HTTP/1.0" 200 72692 "-" "Mozilla/5.0 (compatible; bingbot/2.0; +http://www.bing.com/bingbot.htm)"
207.46.13.182 - - [16/Jul/2021:16:54:06 +0200] "GET /british-guard-moneybox-p-34170.html HTTP/1.0" 200 70275 "-" "Mozilla/5.0 (compatible; bingbot/2.0; +http://www.bing.com/bingbot.htm)"
207.46.13.182 - - [16/Jul/2021:16:54:08 +0200] "GET /-p-486.html HTTP/1.0" 200 70193 "-" "Mozilla/5.0 (compatible; bingbot/2.0; +http://www.bing.com/bingbot.htm)"
54.36.148.242 - - [16/Jul/2021:16:54:12 +0200] "GET /fairy-accessories-p-27850.html HTTP/1.0" 200 73121 "-" "Mozilla/5.0 (compatible; AhrefsBot/7.0; +http://ahrefs.com/robot/)"
207.46.13.174 - - [16/Jul/2021:16:54:13 +0200] "GET /cats-by-dubout-paperweight-p-38717.html HTTP/1.0" 301 73324 "-" "Mozilla/5.0 (compatible; bingbot/2.0; +http://www.bing.com/bingbot.htm)"
106.75.244.243 - - [16/Jul/2021:16:54:17 +0200] "GET /images/med_prod/1399984284285N.jpg HTTP/1.0" 200 269 "-" "Mozilla/5.0 (Macintosh; Intel Mac OS X 10_12_6) AppleWebKit/537.36 (KHTML, like Gecko) Chrome/59.0.3071.115 Safari/537.36"
207.46.13.179 - - [16/Jul/2021:16:54:17 +0200] "GET /vespa-green-phone-cover-for-iphone-p-11775.html HTTP/1.0" 301 73114 "-" "Mozilla/5.0 (compatible; bingbot/2.0; +http://www.bing.com/bingbot.htm)"
49.7.20.113 - - [16/Jul/2021:16:54:23 +0200] "GET / HTTP/1.0" 200 95079 "-" "Sogou web spider/4.0(+http://www.sogou.com/docs/help/webmasters.htm#07)"
157.55.39.167 - - [16/Jul/2021:16:54:36 +0200] "GET /real-madrid-homework-notebooks-p-52030.html HTTP/1.0" 200 73092 "-" "Mozilla/5.0 (compatible; bingbot/2.0; +http://www.bing.com/bingbot.htm)"
185.191.171.7 - - [16/Jul/2021:16:54:39 +0200] "GET /gund-my-first-teddy-bear-blue-38-cm-p-29246.html HTTP/1.0" 301 70264 "-" "Mozilla/5.0 (compatible; SemrushBot/7~bl; +http://www.semrush.com/bot.html)"
185.191.171.6 - - [16/Jul/2021:16:54:41 +0200] "GET /-p-29246.html HTTP/1.0" 200 70197 "-" "Mozilla/5.0 (compatible; SemrushBot/7~bl; +http://www.semrush.com/bot.html)"
157.55.39.166 - - [16/Jul/2021:16:55:02 +0200] "GET /pineapple-monkey-candle-holder-in-resin-p-48020.html HTTP/1.0" 301 74024 "-" "Mozilla/5.0 (compatible; bingbot/2.0; +http://www.bing.com/bingbot.htm)"
157.55.39.45 - - [16/Jul/2021:16:55:11 +0200] "GET /flower-pot-summer-collection-white-cat-p-52691.html HTTP/1.0" 301 73060 "-" "Mozilla/5.0 (compatible; bingbot/2.0; +http://www.bing.com/bingbot.htm)"
157.55.39.45 - - [16/Jul/2021:16:55:13 +0200] "GET /pascal-figure-p-15665.html HTTP/1.0" 200 70253 "-" "Mozilla/5.0 (compatible; bingbot/2.0; +http://www.bing.com/bingbot.htm)"
157.55.39.45 - - [16/Jul/2021:16:55:14 +0200] "GET /images/big_prod_1/3660173186078.jpg HTTP/1.0" 200 270 "-" "Mozilla/5.0 (compatible; bingbot/2.0; +http://www.bing.com/bingbot.htm)"
66.249.66.200 - - [16/Jul/2021:16:55:14 +0200] "GET /taxi-shower-curtain-p-34866.html HTTP/1.0" 200 72938 "-" "Mozilla/5.0 (compatible; Googlebot/2.1; +http://www.google.com/bot.html)"
157.55.39.45 - - [16/Jul/2021:16:55:15 +0200] "GET /-p-5133.html HTTP/1.0" 200 70195 "-" "Mozilla/5.0 (compatible; bingbot/2.0; +http://www.bing.com/bingbot.htm)"
157.55.39.45 - - [16/Jul/2021:16:55:16 +0200] "GET /images/big_prod/3296580363605.jpg HTTP/1.0" 200 268 "-" "Mozilla/5.0 (compatible; bingbot/2.0; +http://www.bing.com/bingbot.htm)"
157.55.39.78 - - [16/Jul/2021:16:55:15 +0200] "GET /-p-22025.html HTTP/1.0" 200 70197 "-" "Mozilla/5.0 (compatible; bingbot/2.0; +http://www.bing.com/bingbot.htm)"
54.36.148.97 - - [16/Jul/2021:16:55:35 +0200] "GET /superman-mug-and-plate-box-p-16429.html HTTP/1.0" 301 73370 "-" "Mozilla/5.0 (compatible; AhrefsBot/7.0; +http://ahrefs.com/robot/)"
54.36.148.242 - - [16/Jul/2021:16:55:52 +0200] "GET /dishes-c-12.html?page=104 HTTP/1.0" 200 92114 "-" "Mozilla/5.0 (compatible; AhrefsBot/7.0; +http://ahrefs.com/robot/)"
136.228.129.144 - - [16/Jul/2021:16:55:56 +0200] "GET /contact_us.php HTTP/1.0" 200 26238 "http://www.wonder-geek.com/contact_us.php" "Mozilla/5.0 (Windows NT 10.0; ) AppleWebKit/537.36 (KHTML, like Gecko) Chrome/83.0.4103.61 Safari/537.36"
136.228.129.144 - - [16/Jul/2021:16:55:59 +0200] "POST /contact_us.php?action=send HTTP/1.0" 200 26460 "http://www.wonder-geek.com/contact_us.php" "Mozilla/5.0 (Windows NT 10.0; ) AppleWebKit/537.36 (KHTML, like Gecko) Chrome/83.0.4103.61 Safari/537.36"
40.77.167.73 - - [16/Jul/2021:16:56:38 +0200] "GET /rebecca-bonbon-p-5254.html HTTP/1.0" 200 70249 "-" "Mozilla/5.0 (compatible; bingbot/2.0; +http://www.bing.com/bingbot.htm)"
185.191.171.24 - - [16/Jul/2021:16:56:43 +0200] "GET /garage-mchanic-duty-metal-plate-p-28012.html?action=add_product HTTP/1.0" 302 476 "-" "Mozilla/5.0 (compatible; SemrushBot/7~bl; +http://www.semrush.com/bot.html)"
157.55.39.177 - - [16/Jul/2021:16:56:50 +0200] "GET /-p-13248.html HTTP/1.0" 200 70197 "-" "Mozilla/5.0 (compatible; bingbot/2.0; +http://www.bing.com/bingbot.htm)"
157.55.39.167 - - [16/Jul/2021:16:56:55 +0200] "GET /titeuf-no-math-figure-p-4596.html HTTP/1.0" 301 70369 "-" "Mozilla/5.0 (compatible; bingbot/2.0; +http://www.bing.com/bingbot.htm)"
157.55.39.167 - - [16/Jul/2021:16:56:57 +0200] "GET /cote-azur-soap-box-10-65-35-cm-p-39425.html HTTP/1.0" 301 73180 "-" "Mozilla/5.0 (compatible; bingbot/2.0; +http://www.bing.com/bingbot.htm)"
66.249.66.202 - - [16/Jul/2021:16:57:04 +0200] "GET /taxi-shower-curtain-p-34866.html HTTP/1.0" 200 72938 "-" "Mozilla/5.0 (Linux; Android 6.0.1; Nexus 5X Build/MMB29P) AppleWebKit/537.36 (KHTML, like Gecko) Chrome/91.0.4472.90 Mobile Safari/537.36 (compatible; Googlebot/2.1; +http://www.google.com/bot.html)"
207.46.13.179 - - [16/Jul/2021:16:57:26 +0200] "GET /cactus-flower-pot-in-resin-p-48535.html HTTP/1.0" 301 70363 "-" "Mozilla/5.0 (compatible; bingbot/2.0; +http://www.bing.com/bingbot.htm)"
157.55.39.78 - - [16/Jul/2021:16:57:32 +0200] "GET /-p-28773.html HTTP/1.0" 200 70197 "-" "Mozilla/5.0 (compatible; bingbot/2.0; +http://www.bing.com/bingbot.htm)"
54.36.148.242 - - [16/Jul/2021:16:57:35 +0200] "GET /salt-with-wooden-spoon-aderne-p-54828.html HTTP/1.0" 200 73001 "-" "Mozilla/5.0 (compatible; AhrefsBot/7.0; +http://ahrefs.com/robot/)"
207.46.13.182 - - [16/Jul/2021:16:57:45 +0200] "GET /-p-10682.html HTTP/1.0" 200 70197 "-" "Mozilla/5.0 (compatible; bingbot/2.0; +http://www.bing.com/bingbot.htm)"
185.191.171.3 - - [16/Jul/2021:16:57:57 +0200] "GET /white-natural-mini-wooden-p-55027.html?action=add_product HTTP/1.0" 302 476 "-" "Mozilla/5.0 (compatible; SemrushBot/7~bl; +http://www.semrush.com/bot.html)"
185.191.171.34 - - [16/Jul/2021:16:57:59 +0200] "GET /mandala-cat-mini-tray-p-45584.html HTTP/1.0" 301 72968 "-" "Mozilla/5.0 (compatible; SemrushBot/7~bl; +http://www.semrush.com/bot.html)"
185.191.171.7 - - [16/Jul/2021:16:58:01 +0200] "GET /mandala-mini-tray-p-45584.html HTTP/1.0" 200 72884 "-" "Mozilla/5.0 (compatible; SemrushBot/7~bl; +http://www.semrush.com/bot.html)"
51.68.224.127 - - [16/Jul/2021:16:58:02 +0200] "GET /adminweb/export_orders_xml.php?token=256de2z6edz6ed2z6DFSFsed2zed6zeDSFDSGdzedezfzf&maxorders=10&orderstart=1&status=14&start_date=2018-10-01 HTTP/1.0" 200 285 "-" "GesCom CharlotteBoutik Serveur"
51.68.224.127 - - [16/Jul/2021:16:58:02 +0200] "GET /adminweb/export_orders_xml.php?token=256de2z6edz6ed2z6DFSFsed2zed6zeDSFDSGdzedezfzf&maxorders=10&orderstart=1&status=6&start_date=2018-10-01 HTTP/1.0" 200 29786 "-" "GesCom CharlotteBoutik Serveur"
40.77.167.67 - - [16/Jul/2021:16:58:05 +0200] "GET /raving-rabbids-storage-stool-p-37534.html HTTP/1.0" 200 73045 "-" "Mozilla/5.0 (compatible; bingbot/2.0; +http://www.bing.com/bingbot.htm)"
40.77.167.67 - - [16/Jul/2021:16:58:06 +0200] "GET /small-girl-baby-teeth-p-31538.html HTTP/1.0" 200 72979 "-" "Mozilla/5.0 (compatible; bingbot/2.0; +http://www.bing.com/bingbot.htm)"
40.77.167.67 - - [16/Jul/2021:16:58:07 +0200] "GET /images/big_prod/3609810063228.jpg HTTP/1.0" 200 268 "-" "Mozilla/5.0 (compatible; bingbot/2.0; +http://www.bing.com/bingbot.htm)"
185.191.171.14 - - [16/Jul/2021:16:58:08 +0200] "GET /lois-black-leather-wallet-p-36018.html?action=add_product HTTP/1.0" 302 476 "-" "Mozilla/5.0 (compatible; SemrushBot/7~bl; +http://www.semrush.com/bot.html)"
40.77.167.67 - - [16/Jul/2021:16:58:08 +0200] "GET /images/big_prod/5400924037604.jpg HTTP/1.0" 200 268 "-" "Mozilla/5.0 (compatible; bingbot/2.0; +http://www.bing.com/bingbot.htm)"
40.77.167.67 - - [16/Jul/2021:16:58:09 +0200] "GET /corse-little-tray-p-29479.html HTTP/1.0" 200 72840 "-" "Mozilla/5.0 (compatible; bingbot/2.0; +http://www.bing.com/bingbot.htm)"
207.46.13.174 - - [16/Jul/2021:16:58:09 +0200] "GET /figurine-caricature-in-polyresine-145-cm-the-baker-p-48690.html HTTP/1.0" 301 73874 "-" "Mozilla/5.0 (compatible; bingbot/2.0; +http://www.bing.com/bingbot.htm)"
185.191.171.45 - - [16/Jul/2021:16:58:22 +0200] "GET /lotus-candle-holder-glass-p-42832.html?action=add_product HTTP/1.0" 302 476 "-" "Mozilla/5.0 (compatible; SemrushBot/7~bl; +http://www.semrush.com/bot.html)"
157.55.39.167 - - [16/Jul/2021:16:58:34 +0200] "GET /jakarta-yellow-carpet-120-170-cm-p-48421.html HTTP/1.0" 301 73745 "-" "Mozilla/5.0 (compatible; bingbot/2.0; +http://www.bing.com/bingbot.htm)"
207.46.13.182 - - [16/Jul/2021:16:58:48 +0200] "GET /snow-white-poster-p-36335.html HTTP/1.0" 200 72808 "-" "Mozilla/5.0 (compatible; bingbot/2.0; +http://www.bing.com/bingbot.htm)"
185.191.171.35 - - [16/Jul/2021:16:58:49 +0200] "GET /choupy-tisanire-p-54596.html HTTP/1.0" 200 72845 "-" "Mozilla/5.0 (compatible; SemrushBot/7~bl; +http://www.semrush.com/bot.html)"
66.249.66.200 - - [16/Jul/2021:16:58:55 +0200] "GET /guzmanie-shower-curtain-p-53942.html HTTP/1.0" 200 73587 "-" "Mozilla/5.0 (compatible; Googlebot/2.1; +http://www.google.com/bot.html)"
157.55.39.177 - - [16/Jul/2021:16:58:58 +0200] "GET /pillowcases-bolstercases-c-11_166.html?page=2 HTTP/1.0" 200 90909 "-" "Mozilla/5.0 (compatible; bingbot/2.0; +http://www.bing.com/bingbot.htm)"
157.55.39.177 - - [16/Jul/2021:16:59:00 +0200] "GET /soap-holder-sandstone-beige-p-47019.html HTTP/1.0" 200 73554 "-" "Mozilla/5.0 (compatible; bingbot/2.0; +http://www.bing.com/bingbot.htm)"
69.171.251.11 - - [16/Jul/2021:16:59:04 +0200] "GET /america-m-212.html HTTP/1.0" 200 68875 "-" "facebookexternalhit/1.1 (+http://www.facebook.com/externalhit_uatext.php)"
69.171.251.19 - - [16/Jul/2021:16:59:04 +0200] "GET /america-m-212.html HTTP/1.0" 200 68875 "-" "facebookexternalhit/1.1 (+http://www.facebook.com/externalhit_uatext.php)"
54.36.148.242 - - [16/Jul/2021:16:59:23 +0200] "GET /funny-pets-kitchen-towel-p-43391.html HTTP/1.0" 200 72831 "-" "Mozilla/5.0 (compatible; AhrefsBot/7.0; +http://ahrefs.com/robot/)"
207.46.13.182 - - [16/Jul/2021:16:59:26 +0200] "GET /smiski-figure-cheer-series-note-there-single-figure-p-53233.html HTTP/1.0" 200 74434 "-" "Mozilla/5.0 (compatible; bingbot/2.0; +http://www.bing.com/bingbot.htm)"
66.249.66.200 - - [16/Jul/2021:16:59:33 +0200] "GET /calendar-workbook-organizer-c-129_189.html?page=2 HTTP/1.0" 200 77403 "-" "Mozilla/5.0 (Linux; Android 6.0.1; Nexus 5X Build/MMB29P) AppleWebKit/537.36 (KHTML, like Gecko) Chrome/91.0.4472.90 Mobile Safari/537.36 (compatible; Googlebot/2.1; +http://www.google.com/bot.html)"
66.249.66.200 - - [16/Jul/2021:16:59:46 +0200] "GET /images/big_prod/1399986102020.jpg HTTP/1.0" 200 268 "-" "Googlebot-Image/1.0"
185.191.171.45 - - [16/Jul/2021:17:00:29 +0200] "GET /zen-french-quote-stickers-20-70-cm-p-39330.html HTTP/1.0" 301 73142 "-" "Mozilla/5.0 (compatible; SemrushBot/7~bl; +http://www.semrush.com/bot.html)"
185.191.171.42 - - [16/Jul/2021:17:00:32 +0200] "GET /french-quote-stickers-p-39330.html HTTP/1.0" 200 73054 "-" "Mozilla/5.0 (compatible; SemrushBot/7~bl; +http://www.semrush.com/bot.html)"
185.191.171.20 - - [16/Jul/2021:17:00:34 +0200] "GET /duvet-cover-cotton-percale-threads-p-51258.html?action=add_product HTTP/1.0" 302 476 "-" "Mozilla/5.0 (compatible; SemrushBot/7~bl; +http://www.semrush.com/bot.html)"
207.46.13.179 - - [16/Jul/2021:17:00:35 +0200] "GET /gardena-ethnic-p-45414.html HTTP/1.0" 200 73993 "-" "Mozilla/5.0 (compatible; bingbot/2.0; +http://www.bing.com/bingbot.htm)"
66.249.66.198 - - [16/Jul/2021:17:00:45 +0200] "GET /guzmanie-shower-curtain-p-53942.html HTTP/1.0" 200 73587 "-" "Mozilla/5.0 (Linux; Android 6.0.1; Nexus 5X Build/MMB29P) AppleWebKit/537.36 (KHTML, like Gecko) Chrome/91.0.4472.90 Mobile Safari/537.36 (compatible; Googlebot/2.1; +http://www.google.com/bot.html)"
54.36.148.242 - - [16/Jul/2021:17:01:21 +0200] "GET /mini-luxy-ceramic-planter-green-p-55327.html HTTP/1.0" 200 73616 "-" "Mozilla/5.0 (compatible; AhrefsBot/7.0; +http://ahrefs.com/robot/)"
207.46.13.182 - - [16/Jul/2021:17:01:26 +0200] "GET /salamander-wall-decoration-p-47400.html HTTP/1.0" 200 72949 "-" "Mozilla/5.0 (compatible; bingbot/2.0; +http://www.bing.com/bingbot.htm)"
207.46.13.182 - - [16/Jul/2021:17:01:27 +0200] "GET /top-model-flat-pocket-cosmetics-customize-p-29913.html HTTP/1.0" 301 70447 "-" "Mozilla/5.0 (compatible; bingbot/2.0; +http://www.bing.com/bingbot.htm)"
207.46.13.174 - - [16/Jul/2021:17:01:30 +0200] "GET /kimmi-junior-large-backpack-p-19838.html HTTP/1.0" 200 75068 "-" "Mozilla/5.0 (compatible; bingbot/2.0; +http://www.bing.com/bingbot.htm)"
157.55.39.167 - - [16/Jul/2021:17:01:42 +0200] "GET /swfobject.js HTTP/1.0" 404 1308 "-" "Mozilla/5.0 (compatible; bingbot/2.0; +http://www.bing.com/bingbot.htm)"
185.191.171.8 - - [16/Jul/2021:17:02:12 +0200] "GET /gift-infuser-buddha-paradise-p-53439.html?action=add_product HTTP/1.0" 302 476 "-" "Mozilla/5.0 (compatible; SemrushBot/7~bl; +http://www.semrush.com/bot.html)"
185.191.171.14 - - [16/Jul/2021:17:02:14 +0200] "GET /blue-fish-statuette-p-53090.html HTTP/1.0" 200 73436 "-" "Mozilla/5.0 (compatible; SemrushBot/7~bl; +http://www.semrush.com/bot.html)"
207.46.13.182 - - [16/Jul/2021:17:02:16 +0200] "GET /gorjuss-fairy-lights-bag-p-27144.html HTTP/1.0" 301 73125 "-" "Mozilla/5.0 (compatible; bingbot/2.0; +http://www.bing.com/bingbot.htm)"
66.249.66.198 - - [16/Jul/2021:17:02:36 +0200] "GET /jungle-shower-curtain-p-52461.html HTTP/1.0" 200 73582 "-" "Mozilla/5.0 (compatible; Googlebot/2.1; +http://www.google.com/bot.html)"
207.46.13.19 - - [16/Jul/2021:17:02:43 +0200] "GET /-p-47731.html HTTP/1.0" 200 70197 "-" "Mozilla/5.0 (compatible; bingbot/2.0; +http://www.bing.com/bingbot.htm)"
157.55.39.78 - - [16/Jul/2021:17:02:46 +0200] "GET /paris-white-women-shirt-p-30991.html HTTP/1.0" 200 74833 "-" "Mozilla/5.0 (compatible; bingbot/2.0; +http://www.bing.com/bingbot.htm)"
54.36.148.242 - - [16/Jul/2021:17:03:05 +0200] "GET /harley-davidson-moneybox-p-26365.html HTTP/1.0" 200 72856 "-" "Mozilla/5.0 (compatible; AhrefsBot/7.0; +http://ahrefs.com/robot/)"
185.191.171.17 - - [16/Jul/2021:17:03:14 +0200] "GET /butterfly-wall-decoration-blue-model-p-43921.html?action=add_product HTTP/1.0" 302 476 "-" "Mozilla/5.0 (compatible; SemrushBot/7~bl; +http://www.semrush.com/bot.html)"
185.191.171.19 - - [16/Jul/2021:17:03:27 +0200] "GET /hourglass-decoration-red-painted-metal-and-glass-p-49248.html HTTP/1.0" 301 73136 "-" "Mozilla/5.0 (compatible; SemrushBot/7~bl; +http://www.semrush.com/bot.html)"
185.191.171.26 - - [16/Jul/2021:17:03:29 +0200] "GET /hourglass-decoration-painted-metal-glass-p-49248.html HTTP/1.0" 200 73029 "-" "Mozilla/5.0 (compatible; SemrushBot/7~bl; +http://www.semrush.com/bot.html)"
192.0.99.107 - - [16/Jul/2021:17:03:32 +0200] "GET /images/med_prod/1399984220368NN.jpg HTTP/1.0" 301 581 "-" "Photon/1.0"
192.0.100.83 - - [16/Jul/2021:17:03:32 +0200] "GET /images/med_prod/1399984220375NN.jpg HTTP/1.0" 301 581 "-" "Photon/1.0"
192.0.100.83 - - [16/Jul/2021:17:03:32 +0200] "GET /images/med_prod/1399984220375NN.jpg HTTP/1.0" 200 270 "-" "Photon/1.0"
192.0.99.107 - - [16/Jul/2021:17:03:32 +0200] "GET /images/med_prod/1399984220368NN.jpg HTTP/1.0" 200 270 "-" "Photon/1.0"
207.46.13.174 - - [16/Jul/2021:17:03:36 +0200] "GET /kimmidoll-namika-nail-files-p-31931.html HTTP/1.0" 200 72935 "-" "Mozilla/5.0 (compatible; bingbot/2.0; +http://www.bing.com/bingbot.htm)"
66.249.66.198 - - [16/Jul/2021:17:03:47 +0200] "GET /espresso-set-corsica-p-44537.html HTTP/1.0" 301 74218 "-" "Mozilla/5.0 (Linux; Android 6.0.1; Nexus 5X Build/MMB29P) AppleWebKit/537.36 (KHTML, like Gecko) Chrome/91.0.4472.90 Mobile Safari/537.36 (compatible; Googlebot/2.1; +http://www.google.com/bot.html)"
207.46.13.182 - - [16/Jul/2021:17:03:47 +0200] "GET /paris-chalut-de-paris-mug-p-30708.html HTTP/1.0" 301 70264 "-" "Mozilla/5.0 (compatible; bingbot/2.0; +http://www.bing.com/bingbot.htm)"
66.249.66.202 - - [16/Jul/2021:17:03:48 +0200] "GET /espresso-corsica-p-44537.html HTTP/1.0" 200 74135 "-" "Mozilla/5.0 (Linux; Android 6.0.1; Nexus 5X Build/MMB29P) AppleWebKit/537.36 (KHTML, like Gecko) Chrome/91.0.4472.90 Mobile Safari/537.36 (compatible; Googlebot/2.1; +http://www.google.com/bot.html)"
185.191.171.16 - - [16/Jul/2021:17:03:55 +0200] "GET /bowls-c-12_60.html?page=6 HTTP/1.0" 200 91882 "-" "Mozilla/5.0 (compatible; SemrushBot/7~bl; +http://www.semrush.com/bot.html)"
185.191.171.35 - - [16/Jul/2021:17:03:58 +0200] "GET /plush-panda-glitter-motsu-keel-toys-p-54191.html HTTP/1.0" 200 73069 "-" "Mozilla/5.0 (compatible; SemrushBot/7~bl; +http://www.semrush.com/bot.html)"
185.191.171.33 - - [16/Jul/2021:17:04:05 +0200] "GET /happy-metal-tray-p-45784.html?action=add_product HTTP/1.0" 302 476 "-" "Mozilla/5.0 (compatible; SemrushBot/7~bl; +http://www.semrush.com/bot.html)"
20.72.242.93 - - [16/Jul/2021:17:04:20 +0200] "GET /images/big_prod/8422111017746.jpg HTTP/1.0" 200 268 "-" "DuckDuckBot/1.1; (+http://duckduckgo.com/duckduckbot.html)"
207.46.13.182 - - [16/Jul/2021:17:04:27 +0200] "GET /nightlight-shaped-squirrel-multicolor-led-p-35348.html HTTP/1.0" 301 73725 "-" "Mozilla/5.0 (compatible; bingbot/2.0; +http://www.bing.com/bingbot.htm)"
157.55.39.166 - - [16/Jul/2021:17:04:44 +0200] "GET /dubout-cats-white-ceramic-plate-p-41049.html HTTP/1.0" 200 70311 "-" "Mozilla/5.0 (compatible; bingbot/2.0; +http://www.bing.com/bingbot.htm)"
54.36.148.242 - - [16/Jul/2021:17:04:48 +0200] "GET /yankees-backpack-p-19840.html HTTP/1.0" 200 73100 "-" "Mozilla/5.0 (compatible; AhrefsBot/7.0; +http://ahrefs.com/robot/)"
185.191.171.44 - - [16/Jul/2021:17:04:53 +0200] "GET /home-fragrance-heart-home-white-musk-cedarwood-p-52818.html HTTP/1.0" 200 74301 "-" "Mozilla/5.0 (compatible; SemrushBot/7~bl; +http://www.semrush.com/bot.html)"
185.191.171.18 - - [16/Jul/2021:17:05:14 +0200] "GET /wall-decoration-mirror-p-48721.html?action=add_product HTTP/1.0" 302 476 "-" "Mozilla/5.0 (compatible; SemrushBot/7~bl; +http://www.semrush.com/bot.html)"
157.55.39.167 - - [16/Jul/2021:17:05:37 +0200] "GET /my-little-pony-mini-led-glitter-shake-and-shine-p-31921.html HTTP/1.0" 301 73451 "-" "Mozilla/5.0 (compatible; bingbot/2.0; +http://www.bing.com/bingbot.htm)"
185.191.171.2 - - [16/Jul/2021:17:05:48 +0200] "GET /robots.txt HTTP/1.0" 200 245 "-" "Mozilla/5.0 (compatible; SemrushBot/7~bl; +http://www.semrush.com/bot.html)"
185.191.171.45 - - [16/Jul/2021:17:05:48 +0200] "GET /salamander-decorative-surfboard-p-46268.html HTTP/1.0" 200 70343 "-" "Mozilla/5.0 (compatible; SemrushBot/7~bl; +http://www.semrush.com/bot.html)"
147.92.153.18 - - [16/Jul/2021:17:05:49 +0200] "GET /frames-flags-decorative-paintings-c-13_148.html HTTP/1.0" 200 95006 "-" "Mozilla/5.0 (compatible; Linespider/1.1; +https://lin.ee/4dwXkTH)"
157.55.39.78 - - [16/Jul/2021:17:05:53 +0200] "GET /beyblade-beach-towel-p-14851.html HTTP/1.0" 301 70264 "-" "Mozilla/5.0 (compatible; bingbot/2.0; +http://www.bing.com/bingbot.htm)"
185.191.171.21 - - [16/Jul/2021:17:05:54 +0200] "GET /gorjuss-keyring-autumn-leaves-p-51402.html HTTP/1.0" 200 72910 "-" "Mozilla/5.0 (compatible; SemrushBot/7~bl; +http://www.semrush.com/bot.html)"
185.191.171.33 - - [16/Jul/2021:17:05:57 +0200] "GET /hanging-metal-structure-elephant-p-46787.html?action=add_product HTTP/1.0" 302 476 "-" "Mozilla/5.0 (compatible; SemrushBot/7~bl; +http://www.semrush.com/bot.html)"
66.249.66.198 - - [16/Jul/2021:17:06:16 +0200] "GET /jungle-shower-curtain-p-52461.html HTTP/1.0" 200 73582 "-" "Mozilla/5.0 (Linux; Android 6.0.1; Nexus 5X Build/MMB29P) AppleWebKit/537.36 (KHTML, like Gecko) Chrome/91.0.4472.90 Mobile Safari/537.36 (compatible; Googlebot/2.1; +http://www.google.com/bot.html)"
157.55.39.166 - - [16/Jul/2021:17:06:23 +0200] "GET /general-store-jars-anise-black-pepper-p-36656.html HTTP/1.0" 200 74341 "-" "Mozilla/5.0 (compatible; bingbot/2.0; +http://www.bing.com/bingbot.htm)"
185.191.171.24 - - [16/Jul/2021:17:06:24 +0200] "GET /sugar-bowl-jade-porcelain-p-54934.html?action=add_product HTTP/1.0" 302 476 "-" "Mozilla/5.0 (compatible; SemrushBot/7~bl; +http://www.semrush.com/bot.html)"
157.55.39.177 - - [16/Jul/2021:17:06:32 +0200] "GET /images/mini_prod/13041689288921.jpg HTTP/1.0" 200 270 "-" "Mozilla/5.0 (compatible; bingbot/2.0; +http://www.bing.com/bingbot.htm)"
157.55.39.167 - - [16/Jul/2021:17:06:36 +0200] "GET /swfobject.js HTTP/1.0" 404 1308 "-" "Mozilla/5.0 (compatible; bingbot/2.0; +http://www.bing.com/bingbot.htm)"
54.36.148.242 - - [16/Jul/2021:17:06:37 +0200] "GET /olaf-placemat-p-31706.html HTTP/1.0" 200 72845 "-" "Mozilla/5.0 (compatible; AhrefsBot/7.0; +http://ahrefs.com/robot/)"
157.55.39.167 - - [16/Jul/2021:17:06:38 +0200] "GET /large-triptych-hanging-clock-airplane-metal-and-wood-207-cm-p-51998.html HTTP/1.0" 301 70520 "-" "Mozilla/5.0 (compatible; bingbot/2.0; +http://www.bing.com/bingbot.htm)"
185.191.171.21 - - [16/Jul/2021:17:06:43 +0200] "GET /hello-kitty-chocolate-houndstooth-wallet-camomilla-p-16302.html HTTP/1.0" 200 73963 "-" "Mozilla/5.0 (compatible; SemrushBot/7~bl; +http://www.semrush.com/bot.html)"
