207.46.13.179 - - [16/Jul/2021:21:33:55 +0200] "GET /industrial-pouf-storage-box-large-size-36-cm-only-p-48579.html HTTP/1.0" 301 73907 "-" "Mozilla/5.0 (compatible; bingbot/2.0; +http://www.bing.com/bingbot.htm)"
157.55.39.180 - - [16/Jul/2021:21:33:55 +0200] "GET /cock-salt-and-pepper-p-35945.html HTTP/1.0" 301 72891 "-" "Mozilla/5.0 (compatible; bingbot/2.0; +http://www.bing.com/bingbot.htm)"
157.55.39.180 - - [16/Jul/2021:21:34:24 +0200] "GET /violetta-badges-set-p-28293.html HTTP/1.0" 301 72882 "-" "Mozilla/5.0 (compatible; bingbot/2.0; +http://www.bing.com/bingbot.htm)"
207.46.13.179 - - [16/Jul/2021:21:34:32 +0200] "GET /grey-kitchen-towel-50-70-cm-p-44413.html HTTP/1.0" 301 72930 "-" "Mozilla/5.0 (compatible; bingbot/2.0; +http://www.bing.com/bingbot.htm)"
207.46.13.179 - - [16/Jul/2021:21:34:35 +0200] "GET /kimmidoll-kazumi-canvas-wallet-p-31938.html HTTP/1.0" 200 73615 "-" "Mozilla/5.0 (compatible; bingbot/2.0; +http://www.bing.com/bingbot.htm)"
185.191.171.33 - - [16/Jul/2021:21:34:43 +0200] "GET /robots.txt HTTP/1.0" 301 531 "-" "Mozilla/5.0 (compatible; SemrushBot/7~bl; +http://www.semrush.com/bot.html)"
185.191.171.35 - - [16/Jul/2021:21:34:43 +0200] "GET /robots.txt HTTP/1.0" 200 245 "-" "Mozilla/5.0 (compatible; SemrushBot/7~bl; +http://www.semrush.com/bot.html)"
185.191.171.23 - - [16/Jul/2021:21:34:43 +0200] "GET /dexter-shirt-p-29488.html HTTP/1.0" 301 561 "-" "Mozilla/5.0 (compatible; SemrushBot/7~bl; +http://www.semrush.com/bot.html)"
185.191.171.18 - - [16/Jul/2021:21:34:43 +0200] "GET /dexter-shirt-p-29488.html HTTP/1.0" 200 74713 "-" "Mozilla/5.0 (compatible; SemrushBot/7~bl; +http://www.semrush.com/bot.html)"
207.46.13.174 - - [16/Jul/2021:21:34:48 +0200] "GET /coca-cola-pencil-case-p-31798.html HTTP/1.0" 200 72861 "-" "Mozilla/5.0 (compatible; bingbot/2.0; +http://www.bing.com/bingbot.htm)"
185.191.171.45 - - [16/Jul/2021:21:35:07 +0200] "GET /alarms-clocks-clocks-and-watches/clocks/london-neon-guitar-clock-p-23205.html HTTP/1.0" 301 70264 "-" "Mozilla/5.0 (compatible; SemrushBot/7~bl; +http://www.semrush.com/bot.html)"
157.55.39.177 - - [16/Jul/2021:21:35:08 +0200] "GET /adults-c-53.html HTTP/1.0" 200 92892 "-" "Mozilla/5.0 (compatible; bingbot/2.0; +http://www.bing.com/bingbot.htm)"
185.191.171.39 - - [16/Jul/2021:21:35:09 +0200] "GET /-p-23205.html HTTP/1.0" 200 70197 "-" "Mozilla/5.0 (compatible; SemrushBot/7~bl; +http://www.semrush.com/bot.html)"
54.36.148.242 - - [16/Jul/2021:21:35:19 +0200] "GET /cotton-towel-retro-style-p-42571.html HTTP/1.0" 200 72855 "-" "Mozilla/5.0 (compatible; AhrefsBot/7.0; +http://ahrefs.com/robot/)"
216.244.66.242 - - [16/Jul/2021:21:35:27 +0200] "GET /apache-women-watch-multicolor-dream-catcher-p-41561.html HTTP/1.0" 200 73188 "-" "Mozilla/5.0 (compatible; DotBot/1.2; +https://opensiteexplorer.org/dotbot; help@moz.com)"
51.68.224.127 - - [16/Jul/2021:21:35:40 +0200] "GET /adminweb/export_orders_xml.php?token=256de2z6edz6ed2z6DFSFsed2zed6zeDSFDSGdzedezfzf&maxorders=10&orderstart=1&status=14&start_date=2018-10-01 HTTP/1.0" 200 285 "-" "GesCom CharlotteBoutik Serveur"
51.68.224.127 - - [16/Jul/2021:21:35:40 +0200] "GET /adminweb/export_orders_xml.php?token=256de2z6edz6ed2z6DFSFsed2zed6zeDSFDSGdzedezfzf&maxorders=10&orderstart=1&status=6&start_date=2018-10-01 HTTP/1.0" 200 29786 "-" "GesCom CharlotteBoutik Serveur"
157.55.39.180 - - [16/Jul/2021:21:36:05 +0200] "GET /gray-metal-chandelier-p-55143.html HTTP/1.0" 200 73813 "-" "Mozilla/5.0 (compatible; bingbot/2.0; +http://www.bing.com/bingbot.htm)"
157.55.39.180 - - [16/Jul/2021:21:36:08 +0200] "GET /strawberry-shortcake-pink-and-blue-swimsuit-p-30246.html HTTP/1.0" 301 74253 "-" "Mozilla/5.0 (compatible; bingbot/2.0; +http://www.bing.com/bingbot.htm)"
157.55.39.167 - - [16/Jul/2021:21:36:13 +0200] "GET /salt-pepper-shaker-p-40794.html HTTP/1.0" 200 72945 "-" "Mozilla/5.0 (compatible; bingbot/2.0; +http://www.bing.com/bingbot.htm)"
216.244.66.242 - - [16/Jul/2021:21:36:19 +0200] "GET /tetsubin-blue-teapot-japanese-p-37375.html HTTP/1.0" 200 73111 "-" "Mozilla/5.0 (compatible; DotBot/1.2; +https://opensiteexplorer.org/dotbot; help@moz.com)"
216.244.66.242 - - [16/Jul/2021:21:36:23 +0200] "GET /-p-34935.html HTTP/1.0" 200 70197 "-" "Mozilla/5.0 (compatible; DotBot/1.2; +https://opensiteexplorer.org/dotbot; help@moz.com)"
216.244.66.242 - - [16/Jul/2021:21:36:27 +0200] "GET /-p-36788.html HTTP/1.0" 200 70197 "-" "Mozilla/5.0 (compatible; DotBot/1.2; +https://opensiteexplorer.org/dotbot; help@moz.com)"
216.244.66.242 - - [16/Jul/2021:21:36:30 +0200] "GET /-p-37835.html HTTP/1.0" 200 70197 "-" "Mozilla/5.0 (compatible; DotBot/1.2; +https://opensiteexplorer.org/dotbot; help@moz.com)"
157.55.39.166 - - [16/Jul/2021:21:36:30 +0200] "GET /cats-by-dubout-figurine-mum-and-her-babies-p-33340.html HTTP/1.0" 301 70468 "-" "Mozilla/5.0 (compatible; bingbot/2.0; +http://www.bing.com/bingbot.htm)"
216.244.66.242 - - [16/Jul/2021:21:36:32 +0200] "GET /-p-40308.html HTTP/1.0" 200 70197 "-" "Mozilla/5.0 (compatible; DotBot/1.2; +https://opensiteexplorer.org/dotbot; help@moz.com)"
207.46.13.179 - - [16/Jul/2021:21:36:34 +0200] "GET /images/1399984228029.jpg HTTP/1.0" 200 259 "-" "Mozilla/5.0 (compatible; bingbot/2.0; +http://www.bing.com/bingbot.htm)"
207.46.13.182 - - [16/Jul/2021:21:36:43 +0200] "GET /teo-jasmin-grey-salad-servers-p-28940.html HTTP/1.0" 301 70387 "-" "Mozilla/5.0 (compatible; bingbot/2.0; +http://www.bing.com/bingbot.htm)"
216.244.66.242 - - [16/Jul/2021:21:36:49 +0200] "GET /-p-20344.html HTTP/1.0" 200 70197 "-" "Mozilla/5.0 (compatible; DotBot/1.2; +https://opensiteexplorer.org/dotbot; help@moz.com)"
157.55.39.167 - - [16/Jul/2021:21:36:52 +0200] "GET /deco-wooden-carved-drum-29-14-cm-p-46277.html HTTP/1.0" 301 72993 "-" "Mozilla/5.0 (compatible; bingbot/2.0; +http://www.bing.com/bingbot.htm)"
54.36.148.242 - - [16/Jul/2021:21:37:02 +0200] "GET /tealight-holders-candle-holders-c-231_230.html?page=3 HTTP/1.0" 200 93125 "-" "Mozilla/5.0 (compatible; AhrefsBot/7.0; +http://ahrefs.com/robot/)"
185.191.171.7 - - [16/Jul/2021:21:37:13 +0200] "GET /adults-c-53.html?page=9 HTTP/1.0" 200 91462 "-" "Mozilla/5.0 (compatible; SemrushBot/7~bl; +http://www.semrush.com/bot.html)"
216.244.66.242 - - [16/Jul/2021:21:37:20 +0200] "GET /vivement-dimanche-pencil-case-p-20206.html HTTP/1.0" 200 72874 "-" "Mozilla/5.0 (compatible; DotBot/1.2; +https://opensiteexplorer.org/dotbot; help@moz.com)"
207.46.13.182 - - [16/Jul/2021:21:37:33 +0200] "GET /espresso-set-museum-collection-p-39755.html HTTP/1.0" 301 73075 "-" "Mozilla/5.0 (compatible; bingbot/2.0; +http://www.bing.com/bingbot.htm)"
207.46.13.174 - - [16/Jul/2021:21:37:48 +0200] "GET /grumpy-polar-blanket-p-39087.html HTTP/1.0" 301 70264 "-" "Mozilla/5.0 (compatible; bingbot/2.0; +http://www.bing.com/bingbot.htm)"
66.249.66.214 - - [16/Jul/2021:21:37:51 +0200] "GET /images/big_prod_1/3701206604050B.jpg HTTP/1.0" 200 271 "-" "Googlebot-Image/1.0"
157.55.39.72 - - [16/Jul/2021:21:37:54 +0200] "GET /black-planisphere-wall-sticker-p-51614.html HTTP/1.0" 200 72996 "-" "Mozilla/5.0 (compatible; bingbot/2.0; +http://www.bing.com/bingbot.htm)"
157.55.39.180 - - [16/Jul/2021:21:37:58 +0200] "GET /cotton-floor-cushion-45-cm-burundi-p-51050.html HTTP/1.0" 301 70264 "-" "Mozilla/5.0 (compatible; bingbot/2.0; +http://www.bing.com/bingbot.htm)"
216.244.66.242 - - [16/Jul/2021:21:38:06 +0200] "GET /household-linen-c-13_11.html?page=14 HTTP/1.0" 200 92778 "-" "Mozilla/5.0 (compatible; DotBot/1.2; +https://opensiteexplorer.org/dotbot; help@moz.com)"
157.55.39.78 - - [16/Jul/2021:21:38:10 +0200] "GET /little-londoner-payphone-sticker-photo-frame-p-26133.html HTTP/1.0" 200 73042 "-" "Mozilla/5.0 (compatible; bingbot/2.0; +http://www.bing.com/bingbot.htm)"
49.7.20.113 - - [16/Jul/2021:21:38:26 +0200] "GET / HTTP/1.0" 200 95350 "-" "Sogou web spider/4.0(+http://www.sogou.com/docs/help/webmasters.htm#07)"
207.46.13.179 - - [16/Jul/2021:21:38:33 +0200] "GET /mani-the-lucky-cat-charm-size-amour-p-33281.html HTTP/1.0" 301 73247 "-" "Mozilla/5.0 (compatible; bingbot/2.0; +http://www.bing.com/bingbot.htm)"
54.36.148.242 - - [16/Jul/2021:21:38:43 +0200] "GET /charmmy-kitty-dress-p-31102.html HTTP/1.0" 200 74517 "-" "Mozilla/5.0 (compatible; AhrefsBot/7.0; +http://ahrefs.com/robot/)"
157.55.39.177 - - [16/Jul/2021:21:38:59 +0200] "GET /mug-with-infuser-filter-toucan-p-51559.html HTTP/1.0" 301 70434 "-" "Mozilla/5.0 (compatible; bingbot/2.0; +http://www.bing.com/bingbot.htm)"
216.244.66.242 - - [16/Jul/2021:21:39:19 +0200] "GET /christmas-2017-figurine-sonny-angel-p-43653.html HTTP/1.0" 200 74657 "-" "Mozilla/5.0 (compatible; DotBot/1.2; +https://opensiteexplorer.org/dotbot; help@moz.com)"
216.244.66.242 - - [16/Jul/2021:21:39:24 +0200] "GET /tweety-figurine-p-45047.html HTTP/1.0" 200 72805 "-" "Mozilla/5.0 (compatible; DotBot/1.2; +https://opensiteexplorer.org/dotbot; help@moz.com)"
49.7.21.122 - - [16/Jul/2021:21:39:24 +0200] "GET /alarms-clocks-c-65.html HTTP/1.0" 301 91309 "-" "Sogou web spider/4.0(+http://www.sogou.com/docs/help/webmasters.htm#07)"
207.46.13.179 - - [16/Jul/2021:21:39:33 +0200] "GET /paris-coffee-box-p-15279.html HTTP/1.0" 301 70322 "-" "Mozilla/5.0 (compatible; bingbot/2.0; +http://www.bing.com/bingbot.htm)"
216.244.66.242 - - [16/Jul/2021:21:39:36 +0200] "GET /little-mariners-bowl-p-38769.html HTTP/1.0" 200 70288 "-" "Mozilla/5.0 (compatible; DotBot/1.2; +https://opensiteexplorer.org/dotbot; help@moz.com)"
185.191.171.24 - - [16/Jul/2021:21:39:38 +0200] "GET /confederes-keyring-cbkreation-p-43237.html?action=add_product HTTP/1.0" 302 476 "-" "Mozilla/5.0 (compatible; SemrushBot/7~bl; +http://www.semrush.com/bot.html)"
207.46.13.174 - - [16/Jul/2021:21:39:38 +0200] "GET /tweety-money-p-24161.html HTTP/1.0" 200 72796 "-" "Mozilla/5.0 (compatible; bingbot/2.0; +http://www.bing.com/bingbot.htm)"
216.244.66.242 - - [16/Jul/2021:21:39:40 +0200] "GET /retro-frame-bluish-chamonix-p-50793.html HTTP/1.0" 200 72907 "-" "Mozilla/5.0 (compatible; DotBot/1.2; +https://opensiteexplorer.org/dotbot; help@moz.com)"
185.191.171.5 - - [16/Jul/2021:21:39:40 +0200] "GET /sheep-soft-water-bottle-p-53626.html?action=add_product HTTP/1.0" 302 476 "-" "Mozilla/5.0 (compatible; SemrushBot/7~bl; +http://www.semrush.com/bot.html)"
207.46.13.182 - - [16/Jul/2021:21:39:54 +0200] "GET /-p-15799.html HTTP/1.0" 200 70197 "-" "Mozilla/5.0 (compatible; bingbot/2.0; +http://www.bing.com/bingbot.htm)"
185.191.171.11 - - [16/Jul/2021:21:39:54 +0200] "GET /egyptian-money-cbkreation-p-24147.html HTTP/1.0" 200 72924 "-" "Mozilla/5.0 (compatible; SemrushBot/7~bl; +http://www.semrush.com/bot.html)"
207.46.13.182 - - [16/Jul/2021:21:39:57 +0200] "GET /pepe-jeans-leather-wallet-brown-p-38142.html HTTP/1.0" 200 70349 "-" "Mozilla/5.0 (compatible; bingbot/2.0; +http://www.bing.com/bingbot.htm)"
111.225.149.179 - - [16/Jul/2021:21:40:14 +0200] "GET /cotton-mattress-anti-dust-mite-p-48992.html HTTP/1.0" 200 73092 "-" "Mozilla/5.0 (Linux; Android 5.0) AppleWebKit/537.36 (KHTML, like Gecko) Mobile Safari/537.36 (compatible; Bytespider; https://zhanzhang.toutiao.com/)"
111.225.149.180 - - [16/Jul/2021:21:40:15 +0200] "GET /swfobject.js HTTP/1.0" 404 1308 "http://www.wonder-geek.com/cotton-mattress-anti-dust-mite-p-48992.html" "Mozilla/5.0 (Linux; Android 5.0) AppleWebKit/537.36 (KHTML, like Gecko) Mobile Safari/537.36 (compatible; Bytespider; https://zhanzhang.toutiao.com/)"
111.225.149.177 - - [16/Jul/2021:21:40:16 +0200] "GET /highslide/graphics/zoomout.cur HTTP/1.0" 200 614 "http://www.wonder-geek.com/cotton-mattress-anti-dust-mite-p-48992.html" "Mozilla/5.0 (Linux; Android 5.0) AppleWebKit/537.36 (KHTML, like Gecko) Mobile Safari/537.36 (compatible; Bytespider; https://zhanzhang.toutiao.com/)"
111.225.149.186 - - [16/Jul/2021:21:40:16 +0200] "GET /images/big_prod/3574641009410.jpg HTTP/1.0" 200 268 "http://www.wonder-geek.com/cotton-mattress-anti-dust-mite-p-48992.html" "Mozilla/5.0 (Linux; Android 5.0) AppleWebKit/537.36 (KHTML, like Gecko) Mobile Safari/537.36 (compatible; Bytespider; https://zhanzhang.toutiao.com/)"
207.46.13.182 - - [16/Jul/2021:21:40:22 +0200] "GET /images/big_prod/8020912049258.jpg HTTP/1.0" 200 268 "-" "Mozilla/5.0 (compatible; bingbot/2.0; +http://www.bing.com/bingbot.htm)"
54.36.148.242 - - [16/Jul/2021:21:40:29 +0200] "GET /christmas-evergreen-white-bone-china-p-54932.html HTTP/1.0" 200 73179 "-" "Mozilla/5.0 (compatible; AhrefsBot/7.0; +http://ahrefs.com/robot/)"
66.249.93.150 - - [16/Jul/2021:21:40:41 +0200] "GET / HTTP/1.0" 301 511 "-" "Mozilla/5.0 (X11; Linux x86_64) AppleWebKit/537.36 (KHTML, like Gecko) Chrome/49.0.2623.75 Safari/537.36 Google Favicon"
66.249.93.24 - - [16/Jul/2021:21:40:41 +0200] "GET / HTTP/1.0" 200 95362 "-" "Mozilla/5.0 (X11; Linux x86_64) AppleWebKit/537.36 (KHTML, like Gecko) Chrome/49.0.2623.75 Safari/537.36 Google Favicon"
66.249.93.24 - - [16/Jul/2021:21:40:42 +0200] "GET /favicon.ico HTTP/1.0" 200 260 "-" "Mozilla/5.0 (X11; Linux x86_64) AppleWebKit/537.36 (KHTML, like Gecko) Chrome/49.0.2623.75 Safari/537.36 Google Favicon"
157.55.39.180 - - [16/Jul/2021:21:40:45 +0200] "GET /bob-marley-zippo-lighter-p-29774.html HTTP/1.0" 301 73398 "-" "Mozilla/5.0 (compatible; bingbot/2.0; +http://www.bing.com/bingbot.htm)"
185.191.171.22 - - [16/Jul/2021:21:41:01 +0200] "GET /idefix-money-p-40945.html?action=add_product HTTP/1.0" 302 476 "-" "Mozilla/5.0 (compatible; SemrushBot/7~bl; +http://www.semrush.com/bot.html)"
66.249.66.216 - - [16/Jul/2021:21:41:22 +0200] "GET /home-decoration-c-13.html HTTP/1.0" 200 91559 "-" "Mozilla/5.0 (Linux; Android 6.0.1; Nexus 5X Build/MMB29P) AppleWebKit/537.36 (KHTML, like Gecko) Chrome/91.0.4472.90 Mobile Safari/537.36 (compatible; Googlebot/2.1; +http://www.google.com/bot.html)"
207.46.13.179 - - [16/Jul/2021:21:41:33 +0200] "GET /the-little-prince-night-light-p-11409.html HTTP/1.0" 301 70387 "-" "Mozilla/5.0 (compatible; bingbot/2.0; +http://www.bing.com/bingbot.htm)"
207.46.13.182 - - [16/Jul/2021:21:41:38 +0200] "GET /littlest-petshop-pop-up-p-1192.html HTTP/1.0" 301 73185 "-" "Mozilla/5.0 (compatible; bingbot/2.0; +http://www.bing.com/bingbot.htm)"
207.46.13.174 - - [16/Jul/2021:21:41:58 +0200] "GET /-p-15997.html HTTP/1.0" 200 70197 "-" "Mozilla/5.0 (compatible; bingbot/2.0; +http://www.bing.com/bingbot.htm)"
66.249.93.24 - - [16/Jul/2021:21:42:01 +0200] "GET /images/big_prod/4250255840135.jpg HTTP/1.0" 200 268 "-" "Mozilla/5.0 (Windows NT 5.1; rv:11.0) Gecko Firefox/11.0 (via ggpht.com GoogleImageProxy)"
54.36.148.242 - - [16/Jul/2021:21:42:08 +0200] "GET /nici-jolly-sheep-aviator-pencil-case-p-20567.html HTTP/1.0" 200 73094 "-" "Mozilla/5.0 (compatible; AhrefsBot/7.0; +http://ahrefs.com/robot/)"
66.249.66.216 - - [16/Jul/2021:21:42:12 +0200] "GET /magritte-collection-statuette-folie-grandeurs-p-54609.html HTTP/1.0" 200 74836 "-" "Mozilla/5.0 (Linux; Android 6.0.1; Nexus 5X Build/MMB29P) AppleWebKit/537.36 (KHTML, like Gecko) Chrome/91.0.4472.90 Mobile Safari/537.36 (compatible; Googlebot/2.1; +http://www.google.com/bot.html)"
157.55.39.166 - - [16/Jul/2021:21:42:20 +0200] "GET /-p-34821.html HTTP/1.0" 200 70197 "-" "Mozilla/5.0 (compatible; bingbot/2.0; +http://www.bing.com/bingbot.htm)"
157.55.39.180 - - [16/Jul/2021:21:43:16 +0200] "GET /paul-frank-flat-cosmetic-bag-p-9642.html HTTP/1.0" 301 73273 "-" "Mozilla/5.0 (compatible; bingbot/2.0; +http://www.bing.com/bingbot.htm)"
207.46.13.174 - - [16/Jul/2021:21:43:20 +0200] "GET /small-boxes-pill-c-13_150_154.html HTTP/1.0" 200 90413 "-" "Mozilla/5.0 (compatible; bingbot/2.0; +http://www.bing.com/bingbot.htm)"
207.46.13.179 - - [16/Jul/2021:21:43:25 +0200] "GET /-p-20340.html HTTP/1.0" 200 70197 "-" "Mozilla/5.0 (compatible; bingbot/2.0; +http://www.bing.com/bingbot.htm)"
157.55.39.72 - - [16/Jul/2021:21:43:34 +0200] "GET /-p-7913.html HTTP/1.0" 200 70195 "-" "Mozilla/5.0 (compatible; bingbot/2.0; +http://www.bing.com/bingbot.htm)"
66.249.66.216 - - [16/Jul/2021:21:43:35 +0200] "GET /sponge-stand-c-12_256.html HTTP/1.0" 200 76684 "-" "Mozilla/5.0 (Linux; Android 6.0.1; Nexus 5X Build/MMB29P) AppleWebKit/537.36 (KHTML, like Gecko) Chrome/91.0.4472.90 Mobile Safari/537.36 (compatible; Googlebot/2.1; +http://www.google.com/bot.html)"
66.249.66.220 - - [16/Jul/2021:21:43:36 +0200] "GET /avengers-iron-mask-p-24834.html HTTP/1.0" 200 72993 "-" "Mozilla/5.0 (Linux; Android 6.0.1; Nexus 5X Build/MMB29P) AppleWebKit/537.36 (KHTML, like Gecko) Chrome/91.0.4472.90 Mobile Safari/537.36 (compatible; Googlebot/2.1; +http://www.google.com/bot.html)"
66.249.66.220 - - [16/Jul/2021:21:43:38 +0200] "GET /jasmin-sport-titi-p-38841.html HTTP/1.0" 200 70282 "-" "Mozilla/5.0 (Linux; Android 6.0.1; Nexus 5X Build/MMB29P) AppleWebKit/537.36 (KHTML, like Gecko) Chrome/91.0.4472.90 Mobile Safari/537.36 (compatible; Googlebot/2.1; +http://www.google.com/bot.html)"
54.36.148.242 - - [16/Jul/2021:21:43:41 +0200] "GET /decorative-wooden-plate-barbecue-party-light-brown-p-47835.html HTTP/1.0" 200 73278 "-" "Mozilla/5.0 (compatible; AhrefsBot/7.0; +http://ahrefs.com/robot/)"
157.55.39.180 - - [16/Jul/2021:21:43:55 +0200] "GET /marie-figure-collection-romero-britto-p-51460.html HTTP/1.0" 200 74475 "-" "Mozilla/5.0 (compatible; bingbot/2.0; +http://www.bing.com/bingbot.htm)"
185.191.171.24 - - [16/Jul/2021:21:44:02 +0200] "GET /wise-wings-owl-keychain-p-51821.html HTTP/1.0" 301 73816 "-" "Mozilla/5.0 (compatible; SemrushBot/7~bl; +http://www.semrush.com/bot.html)"
185.191.171.10 - - [16/Jul/2021:21:44:04 +0200] "GET /wise-wings-keychain-p-51821.html HTTP/1.0" 200 73730 "-" "Mozilla/5.0 (compatible; SemrushBot/7~bl; +http://www.semrush.com/bot.html)"
185.191.171.11 - - [16/Jul/2021:21:44:06 +0200] "GET /beach-shower-curtain-180-180-cm-p-37701.html HTTP/1.0" 301 73009 "-" "Mozilla/5.0 (compatible; SemrushBot/7~bl; +http://www.semrush.com/bot.html)"
185.191.171.24 - - [16/Jul/2021:21:44:09 +0200] "GET /beach-shower-curtain-p-37701.html HTTP/1.0" 200 72922 "-" "Mozilla/5.0 (compatible; SemrushBot/7~bl; +http://www.semrush.com/bot.html)"
157.55.39.177 - - [16/Jul/2021:21:44:09 +0200] "GET /monchhichi-bebichhichi-plush-p-30282.html HTTP/1.0" 200 70328 "-" "Mozilla/5.0 (compatible; bingbot/2.0; +http://www.bing.com/bingbot.htm)"
157.55.39.167 - - [16/Jul/2021:21:44:13 +0200] "GET /decorative-wooden-plate-habite-chez-chien-light-brown-p-47829.html HTTP/1.0" 200 73344 "-" "Mozilla/5.0 (compatible; bingbot/2.0; +http://www.bing.com/bingbot.htm)"
157.55.39.180 - - [16/Jul/2021:21:44:18 +0200] "GET /jungle-tea-box-p-51730.html HTTP/1.0" 301 73564 "-" "Mozilla/5.0 (compatible; bingbot/2.0; +http://www.bing.com/bingbot.htm)"
157.55.39.167 - - [16/Jul/2021:21:44:31 +0200] "GET /swfobject.js HTTP/1.0" 404 1308 "-" "Mozilla/5.0 (compatible; bingbot/2.0; +http://www.bing.com/bingbot.htm)"
207.46.13.182 - - [16/Jul/2021:21:45:15 +0200] "GET /daisy-duck-figure-p-2857.html HTTP/1.0" 200 72617 "-" "Mozilla/5.0 (compatible; bingbot/2.0; +http://www.bing.com/bingbot.htm)"
54.36.148.242 - - [16/Jul/2021:21:45:18 +0200] "GET /little-prince-clock-p-54945.html HTTP/1.0" 200 72845 "-" "Mozilla/5.0 (compatible; AhrefsBot/7.0; +http://ahrefs.com/robot/)"
157.55.39.166 - - [16/Jul/2021:21:45:20 +0200] "GET /the-marseillaise-expressions-white-women-tee-shirt-p-35575.html HTTP/1.0" 301 75087 "-" "Mozilla/5.0 (compatible; bingbot/2.0; +http://www.bing.com/bingbot.htm)"
157.55.39.166 - - [16/Jul/2021:21:45:30 +0200] "GET /home/keyrings/vespa-red-torch-keychain-p-18629.html HTTP/1.0" 301 70264 "-" "Mozilla/5.0 (compatible; bingbot/2.0; +http://www.bing.com/bingbot.htm)"
157.55.39.167 - - [16/Jul/2021:21:45:35 +0200] "GET /swfobject.js HTTP/1.0" 404 1308 "-" "Mozilla/5.0 (compatible; bingbot/2.0; +http://www.bing.com/bingbot.htm)"
207.46.13.182 - - [16/Jul/2021:21:45:44 +0200] "GET /images/big_prod/1384010190883.jpg HTTP/1.0" 200 268 "-" "Mozilla/5.0 (compatible; bingbot/2.0; +http://www.bing.com/bingbot.htm)"
147.92.153.3 - - [16/Jul/2021:21:45:50 +0200] "GET /singing-bowl-p-50831.html HTTP/1.0" 200 72783 "-" "Mozilla/5.0 (compatible; Linespider/1.1; +https://lin.ee/4dwXkTH)"
157.55.39.78 - - [16/Jul/2021:21:46:30 +0200] "GET /olaf-placemat-p-31706.html HTTP/1.0" 200 72845 "-" "Mozilla/5.0 (compatible; bingbot/2.0; +http://www.bing.com/bingbot.htm)"
185.191.171.45 - - [16/Jul/2021:21:46:35 +0200] "GET /triangular-vintage-alarm-clock-gray-pink-p-55137.html HTTP/1.0" 200 74029 "-" "Mozilla/5.0 (compatible; SemrushBot/7~bl; +http://www.semrush.com/bot.html)"
185.191.171.3 - - [16/Jul/2021:21:46:52 +0200] "GET /carlin-so-british-mouse-pad-by-cbkreation-p-20740.html HTTP/1.0" 301 73027 "-" "Mozilla/5.0 (compatible; SemrushBot/7~bl; +http://www.semrush.com/bot.html)"
185.191.171.8 - - [16/Jul/2021:21:46:54 +0200] "GET /carlin-british-mouse-cbkreation-p-20740.html HTTP/1.0" 200 72929 "-" "Mozilla/5.0 (compatible; SemrushBot/7~bl; +http://www.semrush.com/bot.html)"
54.36.148.242 - - [16/Jul/2021:21:46:57 +0200] "GET /double-compartment-wooden-piggy-bank-p-55017.html HTTP/1.0" 200 73595 "-" "Mozilla/5.0 (compatible; AhrefsBot/7.0; +http://ahrefs.com/robot/)"
207.46.13.174 - - [16/Jul/2021:21:46:58 +0200] "GET /lotus-candle-holder-in-glass-p-42827.html HTTP/1.0" 301 74069 "-" "Mozilla/5.0 (compatible; bingbot/2.0; +http://www.bing.com/bingbot.htm)"
185.191.171.34 - - [16/Jul/2021:21:47:18 +0200] "GET /lotus-candleholder-chakra-orange-goldlining-p-35528.html?action=add_product HTTP/1.0" 302 476 "-" "Mozilla/5.0 (compatible; SemrushBot/7~bl; +http://www.semrush.com/bot.html)"
185.191.171.3 - - [16/Jul/2021:21:47:34 +0200] "GET /dishes-c-13_12.html?page=128 HTTP/1.0" 200 93226 "-" "Mozilla/5.0 (compatible; SemrushBot/7~bl; +http://www.semrush.com/bot.html)"
157.55.39.177 - - [16/Jul/2021:21:47:39 +0200] "GET /crystal-salt-lamp-sphere-grey-p-48663.html HTTP/1.0" 200 74376 "-" "Mozilla/5.0 (compatible; bingbot/2.0; +http://www.bing.com/bingbot.htm)"
157.55.39.166 - - [16/Jul/2021:21:48:00 +0200] "GET /iron-man-apron-p-29522.html HTTP/1.0" 301 70327 "-" "Mozilla/5.0 (compatible; bingbot/2.0; +http://www.bing.com/bingbot.htm)"
185.191.171.1 - - [16/Jul/2021:21:48:22 +0200] "GET /tour-france-eyeglass-case-p-55432.html HTTP/1.0" 200 73515 "-" "Mozilla/5.0 (compatible; SemrushBot/7~bl; +http://www.semrush.com/bot.html)"
54.36.148.242 - - [16/Jul/2021:21:48:40 +0200] "GET /strawberry-shortcake-fleece-scarf-p-22134.html HTTP/1.0" 200 73164 "-" "Mozilla/5.0 (compatible; AhrefsBot/7.0; +http://ahrefs.com/robot/)"
207.46.13.182 - - [16/Jul/2021:21:48:55 +0200] "GET /barbabright-magnet-p-6013.html HTTP/1.0" 200 72768 "-" "Mozilla/5.0 (compatible; bingbot/2.0; +http://www.bing.com/bingbot.htm)"
185.191.171.40 - - [16/Jul/2021:21:48:58 +0200] "GET /rectangular-openwork-table-lamp-p-52906.html HTTP/1.0" 200 73469 "-" "Mozilla/5.0 (compatible; SemrushBot/7~bl; +http://www.semrush.com/bot.html)"
157.55.39.180 - - [16/Jul/2021:21:48:59 +0200] "GET /titeuf-figure-p-4595.html HTTP/1.0" 200 70251 "-" "Mozilla/5.0 (compatible; bingbot/2.0; +http://www.bing.com/bingbot.htm)"
157.55.39.78 - - [16/Jul/2021:21:49:40 +0200] "GET /pencil-pot-cbkreation-p-43446.html HTTP/1.0" 301 72913 "-" "Mozilla/5.0 (compatible; bingbot/2.0; +http://www.bing.com/bingbot.htm)"
157.55.39.180 - - [16/Jul/2021:21:50:05 +0200] "GET /bar-salsa-ramekin-p-37453.html HTTP/1.0" 301 72855 "-" "Mozilla/5.0 (compatible; bingbot/2.0; +http://www.bing.com/bingbot.htm)"
185.191.171.39 - - [16/Jul/2021:21:50:05 +0200] "GET /elastic-bracelet-fluorite-p-48647.html HTTP/1.0" 200 73139 "-" "Mozilla/5.0 (compatible; SemrushBot/7~bl; +http://www.semrush.com/bot.html)"
111.225.149.28 - - [16/Jul/2021:21:50:14 +0200] "GET /elephants-wall-decoration-p-46713.html HTTP/1.0" 200 72864 "-" "Mozilla/5.0 (Linux; Android 5.0) AppleWebKit/537.36 (KHTML, like Gecko) Mobile Safari/537.36 (compatible; Bytespider; https://zhanzhang.toutiao.com/)"
111.225.149.25 - - [16/Jul/2021:21:50:16 +0200] "GET /swfobject.js HTTP/1.0" 404 1308 "http://www.wonder-geek.com/elephants-wall-decoration-p-46713.html" "Mozilla/5.0 (Linux; Android 5.0) AppleWebKit/537.36 (KHTML, like Gecko) Mobile Safari/537.36 (compatible; Bytespider; https://zhanzhang.toutiao.com/)"
111.225.149.27 - - [16/Jul/2021:21:50:17 +0200] "GET /highslide/graphics/zoomout.cur HTTP/1.0" 200 614 "http://www.wonder-geek.com/elephants-wall-decoration-p-46713.html" "Mozilla/5.0 (Linux; Android 5.0) AppleWebKit/537.36 (KHTML, like Gecko) Mobile Safari/537.36 (compatible; Bytespider; https://zhanzhang.toutiao.com/)"
111.225.149.31 - - [16/Jul/2021:21:50:17 +0200] "GET /images/big_prod/1399980107564.jpg HTTP/1.0" 200 268 "http://www.wonder-geek.com/elephants-wall-decoration-p-46713.html" "Mozilla/5.0 (Linux; Android 5.0) AppleWebKit/537.36 (KHTML, like Gecko) Mobile Safari/537.36 (compatible; Bytespider; https://zhanzhang.toutiao.com/)"
54.36.148.242 - - [16/Jul/2021:21:50:20 +0200] "GET /barbapapa-pink-kids-school-p-14472.html HTTP/1.0" 200 73147 "-" "Mozilla/5.0 (compatible; AhrefsBot/7.0; +http://ahrefs.com/robot/)"
157.55.39.78 - - [16/Jul/2021:21:50:31 +0200] "GET /olaf-placemat-p-31706.html HTTP/1.0" 200 72845 "-" "Mozilla/5.0 (compatible; bingbot/2.0; +http://www.bing.com/bingbot.htm)"
207.46.13.182 - - [16/Jul/2021:21:50:44 +0200] "GET /trays-c-12_159.html HTTP/1.0" 200 91871 "-" "Mozilla/5.0 (compatible; bingbot/2.0; +http://www.bing.com/bingbot.htm)"
185.191.171.45 - - [16/Jul/2021:21:50:56 +0200] "GET /french-bulldog-and-chihuahua-mug-p-34850.html HTTP/1.0" 301 73009 "-" "Mozilla/5.0 (compatible; SemrushBot/7~bl; +http://www.semrush.com/bot.html)"
185.191.171.19 - - [16/Jul/2021:21:50:58 +0200] "GET /french-bulldog-chihuahua-p-34850.html HTTP/1.0" 200 72918 "-" "Mozilla/5.0 (compatible; SemrushBot/7~bl; +http://www.semrush.com/bot.html)"
66.249.66.220 - - [16/Jul/2021:21:51:14 +0200] "GET /butterfly-coffee-with-saucer-blue-p-40632.html HTTP/1.0" 200 72963 "-" "Mozilla/5.0 (compatible; Googlebot/2.1; +http://www.google.com/bot.html)"
157.55.39.180 - - [16/Jul/2021:21:51:16 +0200] "GET /bob-marley-zippo-lighter-p-29777.html HTTP/1.0" 301 70387 "-" "Mozilla/5.0 (compatible; bingbot/2.0; +http://www.bing.com/bingbot.htm)"
185.191.171.18 - - [16/Jul/2021:21:51:20 +0200] "GET /spiderman-marvel-kids-school-bag-p-36488.html HTTP/1.0" 301 70264 "-" "Mozilla/5.0 (compatible; SemrushBot/7~bl; +http://www.semrush.com/bot.html)"
185.191.171.11 - - [16/Jul/2021:21:51:23 +0200] "GET /-p-36488.html HTTP/1.0" 200 70197 "-" "Mozilla/5.0 (compatible; SemrushBot/7~bl; +http://www.semrush.com/bot.html)"
207.46.13.174 - - [16/Jul/2021:21:51:38 +0200] "GET /-p-50886.html HTTP/1.0" 200 70197 "-" "Mozilla/5.0 (compatible; bingbot/2.0; +http://www.bing.com/bingbot.htm)"
51.68.224.127 - - [16/Jul/2021:21:51:54 +0200] "GET /adminweb/export_orders_xml.php?token=256de2z6edz6ed2z6DFSFsed2zed6zeDSFDSGdzedezfzf&maxorders=10&orderstart=1&status=14&start_date=2018-10-01 HTTP/1.0" 200 285 "-" "GesCom CharlotteBoutik Serveur"
51.68.224.127 - - [16/Jul/2021:21:51:54 +0200] "GET /adminweb/export_orders_xml.php?token=256de2z6edz6ed2z6DFSFsed2zed6zeDSFDSGdzedezfzf&maxorders=10&orderstart=1&status=6&start_date=2018-10-01 HTTP/1.0" 200 29786 "-" "GesCom CharlotteBoutik Serveur"
157.55.39.180 - - [16/Jul/2021:21:51:57 +0200] "GET /frozen-tumbler-with-straw-p-31792.html HTTP/1.0" 200 70313 "-" "Mozilla/5.0 (compatible; bingbot/2.0; +http://www.bing.com/bingbot.htm)"
54.36.148.242 - - [16/Jul/2021:21:52:04 +0200] "GET /r2d2-hobo-p-29265.html HTTP/1.0" 200 73056 "-" "Mozilla/5.0 (compatible; AhrefsBot/7.0; +http://ahrefs.com/robot/)"
185.191.171.36 - - [16/Jul/2021:21:52:38 +0200] "GET /wooden-calendar-clock-p-55025.html?action=add_product HTTP/1.0" 302 476 "-" "Mozilla/5.0 (compatible; SemrushBot/7~bl; +http://www.semrush.com/bot.html)"
157.55.39.72 - - [16/Jul/2021:21:53:15 +0200] "GET /-p-5770.html HTTP/1.0" 200 70195 "-" "Mozilla/5.0 (compatible; bingbot/2.0; +http://www.bing.com/bingbot.htm)"
157.55.39.177 - - [16/Jul/2021:21:53:20 +0200] "GET /mickey-minnie-wedding-figurine-disney-traditions-p-47685.html HTTP/1.0" 200 74185 "-" "Mozilla/5.0 (compatible; bingbot/2.0; +http://www.bing.com/bingbot.htm)"
157.55.39.177 - - [16/Jul/2021:21:53:22 +0200] "GET /pucca-shopping-bag-p-3306.html HTTP/1.0" 301 70261 "-" "Mozilla/5.0 (compatible; bingbot/2.0; +http://www.bing.com/bingbot.htm)"
157.55.39.177 - - [16/Jul/2021:21:53:23 +0200] "GET /elvis-presley-rectangular-mirror-p-48298.html HTTP/1.0" 200 72879 "-" "Mozilla/5.0 (compatible; bingbot/2.0; +http://www.bing.com/bingbot.htm)"
185.191.171.4 - - [16/Jul/2021:21:53:29 +0200] "GET /plush-keeleco-friendly-p-53867.html HTTP/1.0" 200 74068 "-" "Mozilla/5.0 (compatible; SemrushBot/7~bl; +http://www.semrush.com/bot.html)"
207.46.13.182 - - [16/Jul/2021:21:53:35 +0200] "GET /-p-11122.html HTTP/1.0" 200 70197 "-" "Mozilla/5.0 (compatible; bingbot/2.0; +http://www.bing.com/bingbot.htm)"
54.36.148.242 - - [16/Jul/2021:21:53:47 +0200] "GET /beatles-retro-wallet-p-5541.html HTTP/1.0" 200 73028 "-" "Mozilla/5.0 (compatible; AhrefsBot/7.0; +http://ahrefs.com/robot/)"
66.249.66.220 - - [16/Jul/2021:21:53:48 +0200] "GET /top-model-flat-pocket-cosmetics-customize-p-29913.html HTTP/1.0" 301 70447 "-" "Mozilla/5.0 (Linux; Android 6.0.1; Nexus 5X Build/MMB29P) AppleWebKit/537.36 (KHTML, like Gecko) Chrome/91.0.4472.90 Mobile Safari/537.36 (compatible; Googlebot/2.1; +http://www.google.com/bot.html)"
157.55.39.177 - - [16/Jul/2021:21:53:49 +0200] "GET /images/big_prod/3494157821026.jpg HTTP/1.0" 200 268 "-" "Mozilla/5.0 (compatible; bingbot/2.0; +http://www.bing.com/bingbot.htm)"
66.249.66.214 - - [16/Jul/2021:21:53:49 +0200] "GET /yellow-tropical-flowerpot-p-54304.html HTTP/1.0" 200 73461 "-" "Mozilla/5.0 (Linux; Android 6.0.1; Nexus 5X Build/MMB29P) AppleWebKit/537.36 (KHTML, like Gecko) Chrome/91.0.4472.90 Mobile Safari/537.36 (compatible; Googlebot/2.1; +http://www.google.com/bot.html)"
66.249.66.214 - - [16/Jul/2021:21:53:50 +0200] "GET /model-flat-pocket-cosmetics-customize-p-29913.html HTTP/1.0" 200 70343 "-" "Mozilla/5.0 (Linux; Android 6.0.1; Nexus 5X Build/MMB29P) AppleWebKit/537.36 (KHTML, like Gecko) Chrome/91.0.4472.90 Mobile Safari/537.36 (compatible; Googlebot/2.1; +http://www.google.com/bot.html)"
207.46.13.174 - - [16/Jul/2021:21:53:59 +0200] "GET /black-fancy-elastic-bracelet-p-43727.html HTTP/1.0" 200 72841 "-" "Mozilla/5.0 (compatible; bingbot/2.0; +http://www.bing.com/bingbot.htm)"
157.55.39.166 - - [16/Jul/2021:21:54:03 +0200] "GET /mickael-white-shirt-p-30159.html HTTP/1.0" 200 74247 "-" "Mozilla/5.0 (compatible; bingbot/2.0; +http://www.bing.com/bingbot.htm)"
207.46.13.182 - - [16/Jul/2021:21:54:15 +0200] "GET /grey-and-beige-soap-dispenser-p-39764.html HTTP/1.0" 301 72992 "-" "Mozilla/5.0 (compatible; bingbot/2.0; +http://www.bing.com/bingbot.htm)"
185.191.171.39 - - [16/Jul/2021:21:54:34 +0200] "GET /cactus-ethnic-style-burlap-table-p-48437.html HTTP/1.0" 200 73472 "-" "Mozilla/5.0 (compatible; SemrushBot/7~bl; +http://www.semrush.com/bot.html)"
157.55.39.78 - - [16/Jul/2021:21:54:51 +0200] "GET /-p-35282.html HTTP/1.0" 200 70197 "-" "Mozilla/5.0 (compatible; bingbot/2.0; +http://www.bing.com/bingbot.htm)"
54.36.148.242 - - [16/Jul/2021:21:55:30 +0200] "GET /dora-explorer-swimsuit-p-30314.html HTTP/1.0" 200 74596 "-" "Mozilla/5.0 (compatible; AhrefsBot/7.0; +http://ahrefs.com/robot/)"
185.191.171.17 - - [16/Jul/2021:21:55:32 +0200] "GET /cccp-alarm-clock-by-cbkreation-p-25010.html HTTP/1.0" 301 73022 "-" "Mozilla/5.0 (compatible; SemrushBot/7~bl; +http://www.semrush.com/bot.html)"
185.191.171.22 - - [16/Jul/2021:21:55:34 +0200] "GET /cccp-alarm-clock-cbkreation-p-25010.html HTTP/1.0" 200 72928 "-" "Mozilla/5.0 (compatible; SemrushBot/7~bl; +http://www.semrush.com/bot.html)"
40.64.105.247 - - [16/Jul/2021:21:56:16 +0200] "GET /images/med_prod/8435306290862.jpg HTTP/1.0" 200 268 "-" "DuckDuckBot/1.1; (+http://duckduckgo.com/duckduckbot.html)"
66.85.103.202 - - [16/Jul/2021:21:56:17 +0200] "GET /images/med_prod/8435306290862.jpg HTTP/1.0" 200 268 "-" "Mozilla/5.0 (Windows NT 10.0; Win64; x64) AppleWebKit/537.36 (KHTML, like Gecko) Chrome/91.0.4472.124 Safari/537.36"
66.85.103.202 - - [16/Jul/2021:21:56:18 +0200] "GET /favicon.ico HTTP/1.0" 200 260 "http://www.wonder-geek.com/images/med_prod/8435306290862.jpg" "Mozilla/5.0 (Windows NT 10.0; Win64; x64) AppleWebKit/537.36 (KHTML, like Gecko) Chrome/91.0.4472.124 Safari/537.36"
157.55.39.177 - - [16/Jul/2021:21:56:40 +0200] "GET /three-little-pigs-figure-p-3613.html HTTP/1.0" 200 70306 "-" "Mozilla/5.0 (compatible; bingbot/2.0; +http://www.bing.com/bingbot.htm)"
157.55.39.166 - - [16/Jul/2021:21:56:45 +0200] "GET /resin-statue-little-monk-in-yellow-dress-p-51510.html HTTP/1.0" 301 73123 "-" "Mozilla/5.0 (compatible; bingbot/2.0; +http://www.bing.com/bingbot.htm)"
157.55.39.166 - - [16/Jul/2021:21:56:46 +0200] "GET /-p-22409.html HTTP/1.0" 200 70197 "-" "Mozilla/5.0 (compatible; bingbot/2.0; +http://www.bing.com/bingbot.htm)"
157.55.39.167 - - [16/Jul/2021:21:57:05 +0200] "GET /-p-22783.html HTTP/1.0" 200 70197 "-" "Mozilla/5.0 (compatible; bingbot/2.0; +http://www.bing.com/bingbot.htm)"
207.46.13.182 - - [16/Jul/2021:21:57:08 +0200] "GET /harley-davidson-us-marine-zippo-lighter-p-29784.html HTTP/1.0" 301 70480 "-" "Mozilla/5.0 (compatible; bingbot/2.0; +http://www.bing.com/bingbot.htm)"
54.36.148.242 - - [16/Jul/2021:21:57:17 +0200] "GET /mickey-mouse-blue-swimsuit-p-30484.html HTTP/1.0" 200 74049 "-" "Mozilla/5.0 (compatible; AhrefsBot/7.0; +http://ahrefs.com/robot/)"
207.46.13.174 - - [16/Jul/2021:21:57:39 +0200] "GET /images/med_prod/045544787185.jpg HTTP/1.0" 200 267 "-" "Mozilla/5.0 (compatible; bingbot/2.0; +http://www.bing.com/bingbot.htm)"
207.46.13.182 - - [16/Jul/2021:21:57:56 +0200] "GET /joli-chaton-mug-p-38169.html HTTP/1.0" 301 70264 "-" "Mozilla/5.0 (compatible; bingbot/2.0; +http://www.bing.com/bingbot.htm)"
207.46.13.182 - - [16/Jul/2021:21:57:57 +0200] "GET /lu-trivet-p-27387.html HTTP/1.0" 301 72747 "-" "Mozilla/5.0 (compatible; bingbot/2.0; +http://www.bing.com/bingbot.htm)"
185.191.171.41 - - [16/Jul/2021:21:58:05 +0200] "GET /box-sugar-emily-cupcakes-p-18505.html HTTP/1.0" 301 70264 "-" "Mozilla/5.0 (compatible; SemrushBot/7~bl; +http://www.semrush.com/bot.html)"
185.191.171.22 - - [16/Jul/2021:21:58:07 +0200] "GET /-p-18505.html HTTP/1.0" 200 70197 "-" "Mozilla/5.0 (compatible; SemrushBot/7~bl; +http://www.semrush.com/bot.html)"
185.191.171.21 - - [16/Jul/2021:21:58:09 +0200] "GET /office-lamp-in-wood-and-metal-p-42800.html HTTP/1.0" 301 72966 "-" "Mozilla/5.0 (compatible; SemrushBot/7~bl; +http://www.semrush.com/bot.html)"
185.191.171.14 - - [16/Jul/2021:21:58:11 +0200] "GET /office-lamp-wood-metal-p-42800.html HTTP/1.0" 200 72877 "-" "Mozilla/5.0 (compatible; SemrushBot/7~bl; +http://www.semrush.com/bot.html)"
185.191.171.15 - - [16/Jul/2021:21:58:25 +0200] "GET /cats-fish-small-melamine-tray-p-45175.html?action=add_product HTTP/1.0" 302 476 "-" "Mozilla/5.0 (compatible; SemrushBot/7~bl; +http://www.semrush.com/bot.html)"
157.55.39.167 - - [16/Jul/2021:21:58:43 +0200] "GET /calavera-de-la-muerte-by-etienne-boyer-tee-shirt-p-30773.html HTTP/1.0" 301 75128 "-" "Mozilla/5.0 (compatible; bingbot/2.0; +http://www.bing.com/bingbot.htm)"
207.46.13.174 - - [16/Jul/2021:21:58:49 +0200] "GET /strawberry-shortcake-blue-swimsuit-p-30285.html HTTP/1.0" 200 74343 "-" "Mozilla/5.0 (compatible; bingbot/2.0; +http://www.bing.com/bingbot.htm)"
54.36.148.242 - - [16/Jul/2021:21:58:55 +0200] "GET /nippon-doll-cosmetic-pouch-p-26873.html HTTP/1.0" 200 73114 "-" "Mozilla/5.0 (compatible; AhrefsBot/7.0; +http://ahrefs.com/robot/)"
66.249.66.214 - - [16/Jul/2021:21:59:05 +0200] "GET /salt-pepper-shakers-p-52203.html HTTP/1.0" 200 72865 "-" "Mozilla/5.0 (compatible; Googlebot/2.1; +http://www.google.com/bot.html)"
185.191.171.21 - - [16/Jul/2021:21:59:06 +0200] "GET /allen-designs-eyeglass-case-butterfly-p-41701.html HTTP/1.0" 301 70264 "-" "Mozilla/5.0 (compatible; SemrushBot/7~bl; +http://www.semrush.com/bot.html)"
185.191.171.19 - - [16/Jul/2021:21:59:08 +0200] "GET /-p-41701.html HTTP/1.0" 200 70197 "-" "Mozilla/5.0 (compatible; SemrushBot/7~bl; +http://www.semrush.com/bot.html)"
207.46.13.179 - - [16/Jul/2021:21:59:24 +0200] "GET /images/8033667001914.jpg HTTP/1.0" 200 259 "-" "Mozilla/5.0 (compatible; bingbot/2.0; +http://www.bing.com/bingbot.htm)"
66.249.81.188 - - [16/Jul/2021:21:59:28 +0200] "GET /images/big_prod_2/c3662498031132.jpg HTTP/1.0" 200 271 "-" "Mozilla/5.0 (Windows NT 5.1; rv:11.0) Gecko Firefox/11.0 (via ggpht.com GoogleImageProxy)"
207.46.13.182 - - [16/Jul/2021:21:59:28 +0200] "GET /cats-in-love-oven-mitt-p-43813.html HTTP/1.0" 301 72918 "-" "Mozilla/5.0 (compatible; bingbot/2.0; +http://www.bing.com/bingbot.htm)"
157.55.39.167 - - [16/Jul/2021:21:59:33 +0200] "GET /black-horse-head-statue-p-39354.html HTTP/1.0" 200 70303 "-" "Mozilla/5.0 (compatible; bingbot/2.0; +http://www.bing.com/bingbot.htm)"
185.191.171.17 - - [16/Jul/2021:21:59:35 +0200] "GET /gift-infuser-elephants-p-55591.html?action=add_product HTTP/1.0" 302 476 "-" "Mozilla/5.0 (compatible; SemrushBot/7~bl; +http://www.semrush.com/bot.html)"
207.46.13.182 - - [16/Jul/2021:21:59:55 +0200] "GET /gorjuss-the-collector-bag-p-29743.html HTTP/1.0" 301 70355 "-" "Mozilla/5.0 (compatible; bingbot/2.0; +http://www.bing.com/bingbot.htm)"
111.225.149.76 - - [16/Jul/2021:22:00:13 +0200] "GET /protects-mattress-fleece-p-43826.html HTTP/1.0" 200 73142 "-" "Mozilla/5.0 (Linux; Android 5.0) AppleWebKit/537.36 (KHTML, like Gecko) Mobile Safari/537.36 (compatible; Bytespider; https://zhanzhang.toutiao.com/)"
111.225.149.75 - - [16/Jul/2021:22:00:15 +0200] "GET /swfobject.js HTTP/1.0" 404 1308 "http://www.wonder-geek.com/protects-mattress-fleece-p-43826.html" "Mozilla/5.0 (Linux; Android 5.0) AppleWebKit/537.36 (KHTML, like Gecko) Mobile Safari/537.36 (compatible; Bytespider; https://zhanzhang.toutiao.com/)"
5.45.207.132 - - [16/Jul/2021:22:00:16 +0200] "GET /robots.txt HTTP/1.0" 200 245 "-" "Mozilla/5.0 (compatible; YandexBot/3.0; +http://yandex.com/bots)"
111.225.149.78 - - [16/Jul/2021:22:00:17 +0200] "GET /images/big_prod/3442449973540BN.jpg HTTP/1.0" 200 270 "http://www.wonder-geek.com/protects-mattress-fleece-p-43826.html" "Mozilla/5.0 (Linux; Android 5.0) AppleWebKit/537.36 (KHTML, like Gecko) Mobile Safari/537.36 (compatible; Bytespider; https://zhanzhang.toutiao.com/)"
111.225.149.80 - - [16/Jul/2021:22:00:17 +0200] "GET /highslide/graphics/zoomout.cur HTTP/1.0" 200 614 "http://www.wonder-geek.com/protects-mattress-fleece-p-43826.html" "Mozilla/5.0 (Linux; Android 5.0) AppleWebKit/537.36 (KHTML, like Gecko) Mobile Safari/537.36 (compatible; Bytespider; https://zhanzhang.toutiao.com/)"
5.45.207.132 - - [16/Jul/2021:22:00:20 +0200] "GET /masha-bear-doll-sled-p-36999.html HTTP/1.0" 200 73598 "-" "Mozilla/5.0 (compatible; YandexBot/3.0; +http://yandex.com/bots)"
54.36.148.242 - - [16/Jul/2021:22:00:36 +0200] "GET /cars-backpack-p-10777.html HTTP/1.0" 200 72981 "-" "Mozilla/5.0 (compatible; AhrefsBot/7.0; +http://ahrefs.com/robot/)"
207.46.13.182 - - [16/Jul/2021:22:00:56 +0200] "GET /winnie-the-pooh-bath-towel-p-10121.html HTTP/1.0" 301 70372 "-" "Mozilla/5.0 (compatible; bingbot/2.0; +http://www.bing.com/bingbot.htm)"
157.55.39.72 - - [16/Jul/2021:22:01:00 +0200] "GET /anarchie-shirt-p-29581.html HTTP/1.0" 200 73805 "-" "Mozilla/5.0 (compatible; bingbot/2.0; +http://www.bing.com/bingbot.htm)"
207.46.13.174 - - [16/Jul/2021:22:01:19 +0200] "GET /spongebob-figure-p-15670.html HTTP/1.0" 200 70268 "-" "Mozilla/5.0 (compatible; bingbot/2.0; +http://www.bing.com/bingbot.htm)"
207.46.13.182 - - [16/Jul/2021:22:01:25 +0200] "GET /metal-lamp-p-53381.html HTTP/1.0" 200 73616 "-" "Mozilla/5.0 (compatible; bingbot/2.0; +http://www.bing.com/bingbot.htm)"
185.191.171.36 - - [16/Jul/2021:22:01:34 +0200] "GET /-p-46376.html?action=add_product HTTP/1.0" 302 476 "-" "Mozilla/5.0 (compatible; SemrushBot/7~bl; +http://www.semrush.com/bot.html)"
157.55.39.167 - - [16/Jul/2021:22:01:54 +0200] "GET /cats-by-dubout-bowl-p-45217.html HTTP/1.0" 301 72859 "-" "Mozilla/5.0 (compatible; bingbot/2.0; +http://www.bing.com/bingbot.htm)"
185.191.171.8 - - [16/Jul/2021:22:01:55 +0200] "GET /wallet-c-31_237.html?page=2 HTTP/1.0" 200 91240 "-" "Mozilla/5.0 (compatible; SemrushBot/7~bl; +http://www.semrush.com/bot.html)"
54.36.148.242 - - [16/Jul/2021:22:02:17 +0200] "GET /littlest-petshop-tights-p-31089.html HTTP/1.0" 200 74271 "-" "Mozilla/5.0 (compatible; AhrefsBot/7.0; +http://ahrefs.com/robot/)"
157.55.39.166 - - [16/Jul/2021:22:02:22 +0200] "GET /-p-13713.html HTTP/1.0" 200 70197 "-" "Mozilla/5.0 (compatible; bingbot/2.0; +http://www.bing.com/bingbot.htm)"
207.46.13.182 - - [16/Jul/2021:22:02:26 +0200] "GET /dragon-ball-photo-frame-canvas-p-2373.html HTTP/1.0" 200 72912 "-" "Mozilla/5.0 (compatible; bingbot/2.0; +http://www.bing.com/bingbot.htm)"
66.249.66.220 - - [16/Jul/2021:22:02:53 +0200] "GET /cement-tile-stickers-p-50327.html HTTP/1.0" 200 73766 "-" "Mozilla/5.0 (compatible; Googlebot/2.1; +http://www.google.com/bot.html)"
207.46.13.179 - - [16/Jul/2021:22:02:54 +0200] "GET /wooden-incense-box-and-stick-holder-with-10-incense-cones-p-38740.html HTTP/1.0" 301 74024 "-" "Mozilla/5.0 (compatible; bingbot/2.0; +http://www.bing.com/bingbot.htm)"
207.46.13.179 - - [16/Jul/2021:22:02:56 +0200] "GET /-p-32738.html HTTP/1.0" 200 70197 "-" "Mozilla/5.0 (compatible; bingbot/2.0; +http://www.bing.com/bingbot.htm)"
157.55.39.177 - - [16/Jul/2021:22:03:20 +0200] "GET /creative-jewelry-monster-high-p-19351.html HTTP/1.0" 200 70345 "-" "Mozilla/5.0 (compatible; bingbot/2.0; +http://www.bing.com/bingbot.htm)"
157.55.39.177 - - [16/Jul/2021:22:03:22 +0200] "GET /decorative-hanging-pie-blue-outline-p-35425.html HTTP/1.0" 301 73102 "-" "Mozilla/5.0 (compatible; bingbot/2.0; +http://www.bing.com/bingbot.htm)"
5.253.205.24 - - [16/Jul/2021:22:03:34 +0200] "GET / HTTP/1.0" 301 511 "http://wonder-geek.com/" "Mozilla/5.0 (Windows NT 6.1; Win64; x64) AppleWebKit/537.36 (KHTML, like Gecko) Chrome/67.0.3396.87 Safari/537.36 OPR/54.0.2952.64"
5.253.205.24 - - [16/Jul/2021:22:03:34 +0200] "GET / HTTP/1.0" 200 95437 "http://www.wonder-geek.com/" "Mozilla/5.0 (Windows NT 6.1; Win64; x64) AppleWebKit/537.36 (KHTML, like Gecko) Chrome/67.0.3396.87 Safari/537.36 OPR/54.0.2952.64"
5.253.205.24 - - [16/Jul/2021:22:03:35 +0200] "GET /contact_us.php HTTP/1.0" 200 26238 "http://www.wonder-geek.com/contact_us.php" "Mozilla/5.0 (Windows NT 6.1; Win64; x64) AppleWebKit/537.36 (KHTML, like Gecko) Chrome/67.0.3396.87 Safari/537.36 OPR/54.0.2952.64"
5.253.205.24 - - [16/Jul/2021:22:03:35 +0200] "POST /contact_us.php?action=send HTTP/1.0" 200 26877 "http://www.wonder-geek.com/contact_us.php" "Mozilla/5.0 (Windows NT 6.1; Win64; x64) AppleWebKit/537.36 (KHTML, like Gecko) Chrome/67.0.3396.87 Safari/537.36 OPR/54.0.2952.64"
66.249.66.220 - - [16/Jul/2021:22:03:36 +0200] "GET /great-patina-orangutan-statuette-nothing-p-45980.html HTTP/1.0" 200 73053 "-" "Mozilla/5.0 (Linux; Android 6.0.1; Nexus 5X Build/MMB29P) AppleWebKit/537.36 (KHTML, like Gecko) Chrome/91.0.4472.90 Mobile Safari/537.36 (compatible; Googlebot/2.1; +http://www.google.com/bot.html)"
66.249.66.220 - - [16/Jul/2021:22:03:38 +0200] "GET /kimmidoll-dolls-cm-p-47593.html HTTP/1.0" 301 70360 "-" "Mozilla/5.0 (Linux; Android 6.0.1; Nexus 5X Build/MMB29P) AppleWebKit/537.36 (KHTML, like Gecko) Chrome/91.0.4472.90 Mobile Safari/537.36 (compatible; Googlebot/2.1; +http://www.google.com/bot.html)"
66.249.66.220 - - [16/Jul/2021:22:03:39 +0200] "GET /kimmidoll-dolls-p-47593.html HTTP/1.0" 200 70278 "-" "Mozilla/5.0 (Linux; Android 6.0.1; Nexus 5X Build/MMB29P) AppleWebKit/537.36 (KHTML, like Gecko) Chrome/91.0.4472.90 Mobile Safari/537.36 (compatible; Googlebot/2.1; +http://www.google.com/bot.html)"
52.167.187.182 - - [16/Jul/2021:22:03:51 +0200] "GET /images/1300010240366.jpg HTTP/1.0" 200 259 "-" "Mozilla/5.0 (Windows NT 6.1; WOW64) AppleWebKit/534+ (KHTML, like Gecko) BingPreview/1.0b"
54.36.148.242 - - [16/Jul/2021:22:03:53 +0200] "GET /sarah-orange-large-backpack-p-3299.html HTTP/1.0" 200 73308 "-" "Mozilla/5.0 (compatible; AhrefsBot/7.0; +http://ahrefs.com/robot/)"
207.46.13.182 - - [16/Jul/2021:22:04:06 +0200] "GET /accessories-mobiles-c-3_17.html?page=2 HTTP/1.0" 200 95269 "-" "Mozilla/5.0 (compatible; bingbot/2.0; +http://www.bing.com/bingbot.htm)"
185.191.171.22 - - [16/Jul/2021:22:04:12 +0200] "GET /decorative-cotton-heart-hang-blue-p-55796.html HTTP/1.0" 200 73744 "-" "Mozilla/5.0 (compatible; SemrushBot/7~bl; +http://www.semrush.com/bot.html)"
207.46.13.182 - - [16/Jul/2021:22:04:35 +0200] "GET /little-buddha-happy-statue-10-cm-p-37710.html HTTP/1.0" 301 73025 "-" "Mozilla/5.0 (compatible; bingbot/2.0; +http://www.bing.com/bingbot.htm)"
157.55.39.166 - - [16/Jul/2021:22:05:11 +0200] "GET /handy-manny-figure-p-6922.html HTTP/1.0" 200 72882 "-" "Mozilla/5.0 (compatible; bingbot/2.0; +http://www.bing.com/bingbot.htm)"
157.55.39.166 - - [16/Jul/2021:22:05:13 +0200] "GET /lion-shirt-p-31151.html HTTP/1.0" 200 74721 "-" "Mozilla/5.0 (compatible; bingbot/2.0; +http://www.bing.com/bingbot.htm)"
157.55.39.180 - - [16/Jul/2021:22:05:18 +0200] "GET /buddhist-bracelet-wooden-beads-black-p-37664.html HTTP/1.0" 200 72881 "-" "Mozilla/5.0 (compatible; bingbot/2.0; +http://www.bing.com/bingbot.htm)"
54.36.148.242 - - [16/Jul/2021:22:05:33 +0200] "GET /barbabelle-francois-p-15686.html HTTP/1.0" 200 73023 "-" "Mozilla/5.0 (compatible; AhrefsBot/7.0; +http://ahrefs.com/robot/)"
185.191.171.41 - - [16/Jul/2021:22:05:33 +0200] "GET /-p-6384.html?action=add_product HTTP/1.0" 302 476 "-" "Mozilla/5.0 (compatible; SemrushBot/7~bl; +http://www.semrush.com/bot.html)"
207.46.13.182 - - [16/Jul/2021:22:05:46 +0200] "GET /le-chat-noir-sugar-box-p-26836.html HTTP/1.0" 301 70343 "-" "Mozilla/5.0 (compatible; bingbot/2.0; +http://www.bing.com/bingbot.htm)"
207.46.13.182 - - [16/Jul/2021:22:05:48 +0200] "GET /-p-37770.html HTTP/1.0" 200 70197 "-" "Mozilla/5.0 (compatible; bingbot/2.0; +http://www.bing.com/bingbot.htm)"
157.55.39.177 - - [16/Jul/2021:22:06:41 +0200] "GET /set-of-plush-tree-hanging-decorations-p-52842.html HTTP/1.0" 301 73083 "-" "Mozilla/5.0 (compatible; bingbot/2.0; +http://www.bing.com/bingbot.htm)"
157.55.39.78 - - [16/Jul/2021:22:06:46 +0200] "GET /tetsubin-black-et-gold-teapot-japanese-08-liter-p-38424.html HTTP/1.0" 301 73342 "-" "Mozilla/5.0 (compatible; bingbot/2.0; +http://www.bing.com/bingbot.htm)"
93.158.91.234 - - [16/Jul/2021:22:06:56 +0200] "GET /robots.txt HTTP/1.0" 301 531 "-" "Mozilla/5.0 (Macintosh; Intel Mac OS X 10_13_6) AppleWebKit/537.36 (KHTML, like Gecko) Chrome/91.0.4472.114 Safari/537.36"
93.158.91.231 - - [16/Jul/2021:22:06:57 +0200] "GET /humans.txt HTTP/1.0" 301 531 "-" "Mozilla/5.0 (Macintosh; Intel Mac OS X 10_13_6) AppleWebKit/537.36 (KHTML, like Gecko) Chrome/91.0.4472.114 Safari/537.36"
93.158.91.224 - - [16/Jul/2021:22:06:57 +0200] "GET /humans.txt HTTP/1.0" 404 1308 "http://wonder-geek.com/humans.txt" "Mozilla/5.0 (Macintosh; Intel Mac OS X 10_13_6) AppleWebKit/537.36 (KHTML, like Gecko) Chrome/91.0.4472.114 Safari/537.36"
93.158.91.224 - - [16/Jul/2021:22:06:57 +0200] "GET /ads.txt HTTP/1.0" 301 525 "-" "Mozilla/5.0 (Macintosh; Intel Mac OS X 10_13_6) AppleWebKit/537.36 (KHTML, like Gecko) Chrome/91.0.4472.114 Safari/537.36"
93.158.91.224 - - [16/Jul/2021:22:06:58 +0200] "GET /ads.txt HTTP/1.0" 404 1308 "http://wonder-geek.com/ads.txt" "Mozilla/5.0 (Macintosh; Intel Mac OS X 10_13_6) AppleWebKit/537.36 (KHTML, like Gecko) Chrome/91.0.4472.114 Safari/537.36"
54.36.148.242 - - [16/Jul/2021:22:07:06 +0200] "GET / HTTP/1.0" 200 95506 "-" "Mozilla/5.0 (compatible; AhrefsBot/7.0; +http://ahrefs.com/robot/)"
185.191.171.24 - - [16/Jul/2021:22:07:12 +0200] "GET /eiffel-tower-table-lamp-p-55779.html?action=add_product HTTP/1.0" 302 476 "-" "Mozilla/5.0 (compatible; SemrushBot/7~bl; +http://www.semrush.com/bot.html)"
104.196.68.26 - - [16/Jul/2021:22:07:17 +0200] "GET /robots.txt HTTP/1.0" 200 245 "-" "ZoominfoBot (zoominfobot at zoominfo dot com)"
104.196.68.26 - - [16/Jul/2021:22:07:17 +0200] "GET /bowls-c-12_60.html HTTP/1.0" 200 91919 "-" "ZoominfoBot (zoominfobot at zoominfo dot com)"
157.55.39.177 - - [16/Jul/2021:22:07:22 +0200] "GET /cigarette-machine-rastaman-jamaica-p-37011.html HTTP/1.0" 200 73872 "-" "Mozilla/5.0 (compatible; bingbot/2.0; +http://www.bing.com/bingbot.htm)"
207.46.13.182 - - [16/Jul/2021:22:07:26 +0200] "GET /rhum-metal-plate-deco-p-51751.html HTTP/1.0" 200 73392 "-" "Mozilla/5.0 (compatible; bingbot/2.0; +http://www.bing.com/bingbot.htm)"
104.196.68.26 - - [16/Jul/2021:22:07:27 +0200] "GET /dishes-c-12.html HTTP/1.0" 200 91122 "-" "ZoominfoBot (zoominfobot at zoominfo dot com)"
185.191.171.44 - - [16/Jul/2021:22:07:33 +0200] "GET /home-and-decoration-c-13.html?page=135 HTTP/1.0" 301 92811 "-" "Mozilla/5.0 (compatible; SemrushBot/7~bl; +http://www.semrush.com/bot.html)"
185.191.171.2 - - [16/Jul/2021:22:07:37 +0200] "GET /home-decoration-c-13.html?page=135 HTTP/1.0" 200 92723 "-" "Mozilla/5.0 (compatible; SemrushBot/7~bl; +http://www.semrush.com/bot.html)"
157.55.39.177 - - [16/Jul/2021:22:07:41 +0200] "GET /disney-pixar-dory-and-nemo-bowl-p-37509.html HTTP/1.0" 301 70429 "-" "Mozilla/5.0 (compatible; bingbot/2.0; +http://www.bing.com/bingbot.htm)"
157.55.39.167 - - [16/Jul/2021:22:07:46 +0200] "GET /swfobject.js HTTP/1.0" 404 1308 "-" "Mozilla/5.0 (compatible; bingbot/2.0; +http://www.bing.com/bingbot.htm)"
157.55.39.180 - - [16/Jul/2021:22:07:51 +0200] "GET /-p-2370.html HTTP/1.0" 200 70195 "-" "Mozilla/5.0 (compatible; bingbot/2.0; +http://www.bing.com/bingbot.htm)"
157.55.39.180 - - [16/Jul/2021:22:07:53 +0200] "GET /tweety-graffiti-shopping-bag-p-9177.html HTTP/1.0" 301 70408 "-" "Mozilla/5.0 (compatible; bingbot/2.0; +http://www.bing.com/bingbot.htm)"
157.55.39.180 - - [16/Jul/2021:22:07:57 +0200] "GET /cherry-blossoms-stickers-20-70-cm-p-39318.html HTTP/1.0" 301 73645 "-" "Mozilla/5.0 (compatible; bingbot/2.0; +http://www.bing.com/bingbot.htm)"
