17.121.115.70 - - [16/Jul/2021:15:06:47 +0200] "GET /llama-love-glasses-case-p-47579.html HTTP/1.0" 200 73499 "-" "Mozilla/5.0 (Macintosh; Intel Mac OS X 10_15_5) AppleWebKit/605.1.15 (KHTML, like Gecko) Version/13.1.1 Safari/605.1.15 (Applebot/0.1; +http://www.apple.com/go/applebot)"
185.191.171.4 - - [16/Jul/2021:15:07:15 +0200] "GET /jellyfish-glass-paperweight-blue-p-54331.html?action=add_product HTTP/1.0" 302 476 "-" "Mozilla/5.0 (compatible; SemrushBot/7~bl; +http://www.semrush.com/bot.html)"
54.36.148.242 - - [16/Jul/2021:15:07:38 +0200] "GET /elmer-apron-p-41572.html HTTP/1.0" 200 73015 "-" "Mozilla/5.0 (compatible; AhrefsBot/7.0; +http://ahrefs.com/robot/)"
207.46.13.125 - - [16/Jul/2021:15:07:52 +0200] "GET /-p-19847.html HTTP/1.0" 200 70197 "-" "Mozilla/5.0 (compatible; bingbot/2.0; +http://www.bing.com/bingbot.htm)"
207.46.13.65 - - [16/Jul/2021:15:07:57 +0200] "GET /angel-glitter-ball-p-27610.html HTTP/1.0" 200 73053 "-" "Mozilla/5.0 (compatible; bingbot/2.0; +http://www.bing.com/bingbot.htm)"
185.191.171.3 - - [16/Jul/2021:15:08:00 +0200] "GET /girls-c-1.html?page=1 HTTP/1.0" 200 91451 "-" "Mozilla/5.0 (compatible; SemrushBot/7~bl; +http://www.semrush.com/bot.html)"
185.191.171.23 - - [16/Jul/2021:15:08:08 +0200] "GET /bears-decoration-statuette-p-49225.html HTTP/1.0" 200 72917 "-" "Mozilla/5.0 (compatible; SemrushBot/7~bl; +http://www.semrush.com/bot.html)"
207.46.13.51 - - [16/Jul/2021:15:08:16 +0200] "GET /-p-23264.html HTTP/1.0" 200 70197 "-" "Mozilla/5.0 (compatible; bingbot/2.0; +http://www.bing.com/bingbot.htm)"
207.46.13.65 - - [16/Jul/2021:15:08:21 +0200] "GET /globe-tripod-p-51548.html HTTP/1.0" 200 73491 "-" "Mozilla/5.0 (compatible; bingbot/2.0; +http://www.bing.com/bingbot.htm)"
40.77.167.36 - - [16/Jul/2021:15:08:35 +0200] "GET /-p-4176.html HTTP/1.0" 200 70195 "-" "Mozilla/5.0 (compatible; bingbot/2.0; +http://www.bing.com/bingbot.htm)"
157.55.39.78 - - [16/Jul/2021:15:09:01 +0200] "GET /high-cup-steinlen-le-chat-noir-p-47904.html HTTP/1.0" 301 73584 "-" "Mozilla/5.0 (compatible; bingbot/2.0; +http://www.bing.com/bingbot.htm)"
207.46.13.65 - - [16/Jul/2021:15:09:17 +0200] "GET /-p-22643.html HTTP/1.0" 200 70197 "-" "Mozilla/5.0 (compatible; bingbot/2.0; +http://www.bing.com/bingbot.htm)"
185.191.171.4 - - [16/Jul/2021:15:09:32 +0200] "GET /ceramic-lamp-22-cm-p-51768.html HTTP/1.0" 301 73843 "-" "Mozilla/5.0 (compatible; SemrushBot/7~bl; +http://www.semrush.com/bot.html)"
185.191.171.37 - - [16/Jul/2021:15:09:34 +0200] "GET /ceramic-lamp-p-51768.html HTTP/1.0" 200 73764 "-" "Mozilla/5.0 (compatible; SemrushBot/7~bl; +http://www.semrush.com/bot.html)"
157.55.39.127 - - [16/Jul/2021:15:09:35 +0200] "GET /spiderman-plastic-plate-p-17125.html HTTP/1.0" 200 70279 "-" "Mozilla/5.0 (compatible; bingbot/2.0; +http://www.bing.com/bingbot.htm)"
185.191.171.15 - - [16/Jul/2021:15:09:53 +0200] "GET /small-japanese-cast-iron-teapot-liter-p-54883.html HTTP/1.0" 200 73155 "-" "Mozilla/5.0 (compatible; SemrushBot/7~bl; +http://www.semrush.com/bot.html)"
207.46.13.51 - - [16/Jul/2021:15:09:58 +0200] "GET /pvc-table-protector-under-tablecloth-140-300-cm-p-48563.html HTTP/1.0" 301 73227 "-" "Mozilla/5.0 (compatible; bingbot/2.0; +http://www.bing.com/bingbot.htm)"
207.46.13.65 - - [16/Jul/2021:15:10:01 +0200] "GET /coca-cola-wallet-p-18869.html HTTP/1.0" 200 70268 "-" "Mozilla/5.0 (compatible; bingbot/2.0; +http://www.bing.com/bingbot.htm)"
207.46.13.65 - - [16/Jul/2021:15:10:03 +0200] "GET /-p-24755.html HTTP/1.0" 200 70197 "-" "Mozilla/5.0 (compatible; bingbot/2.0; +http://www.bing.com/bingbot.htm)"
207.46.13.51 - - [16/Jul/2021:15:10:17 +0200] "GET /yellow-cocci-metal-plate-deco-p-34331.html HTTP/1.0" 200 72883 "-" "Mozilla/5.0 (compatible; bingbot/2.0; +http://www.bing.com/bingbot.htm)"
207.46.13.125 - - [16/Jul/2021:15:10:21 +0200] "GET /-p-29869.html HTTP/1.0" 200 70197 "-" "Mozilla/5.0 (compatible; bingbot/2.0; +http://www.bing.com/bingbot.htm)"
207.46.13.142 - - [16/Jul/2021:15:10:48 +0200] "GET /kimmidoll-shopper-beige-satin-collection-p-13363.html HTTP/1.0" 200 70400 "-" "Mozilla/5.0 (compatible; bingbot/2.0; +http://www.bing.com/bingbot.htm)"
54.36.148.242 - - [16/Jul/2021:15:10:55 +0200] "GET /caps-scarfs-adults-c-53_138.html HTTP/1.0" 200 87419 "-" "Mozilla/5.0 (compatible; AhrefsBot/7.0; +http://ahrefs.com/robot/)"
185.191.171.15 - - [16/Jul/2021:15:11:00 +0200] "GET /melt-christmas-cupcake-p-38111.html?action=add_product HTTP/1.0" 302 476 "-" "Mozilla/5.0 (compatible; SemrushBot/7~bl; +http://www.semrush.com/bot.html)"
66.249.72.168 - - [16/Jul/2021:15:11:27 +0200] "GET /beer-shower-curtain-p-37702.html HTTP/1.0" 200 72914 "-" "Mozilla/5.0 (compatible; Googlebot/2.1; +http://www.google.com/bot.html)"
207.46.13.65 - - [16/Jul/2021:15:11:37 +0200] "GET /piston-skull-zippo-lighter-p-37653.html HTTP/1.0" 200 70318 "-" "Mozilla/5.0 (compatible; bingbot/2.0; +http://www.bing.com/bingbot.htm)"
185.191.171.35 - - [16/Jul/2021:15:11:40 +0200] "GET /himalayan-pink-salt-crystal-lamp-p-53792.html?action=add_product HTTP/1.0" 302 476 "-" "Mozilla/5.0 (compatible; SemrushBot/7~bl; +http://www.semrush.com/bot.html)"
207.46.13.125 - - [16/Jul/2021:15:12:13 +0200] "GET /-p-29478.html HTTP/1.0" 200 70197 "-" "Mozilla/5.0 (compatible; bingbot/2.0; +http://www.bing.com/bingbot.htm)"
207.46.13.125 - - [16/Jul/2021:15:12:15 +0200] "GET /cats-by-dubout-sugar-box-p-40099.html HTTP/1.0" 301 73009 "-" "Mozilla/5.0 (compatible; bingbot/2.0; +http://www.bing.com/bingbot.htm)"
157.55.39.145 - - [16/Jul/2021:15:12:26 +0200] "GET /emoticon-moneybox-model-p-39382.html HTTP/1.0" 301 70264 "-" "Mozilla/5.0 (compatible; bingbot/2.0; +http://www.bing.com/bingbot.htm)"
157.55.39.78 - - [16/Jul/2021:15:12:31 +0200] "GET /-p-10283.html HTTP/1.0" 200 70197 "-" "Mozilla/5.0 (compatible; bingbot/2.0; +http://www.bing.com/bingbot.htm)"
185.191.171.20 - - [16/Jul/2021:15:12:42 +0200] "GET /love-pink-fountain-p-26301.html?action=add_product HTTP/1.0" 302 476 "-" "Mozilla/5.0 (compatible; SemrushBot/7~bl; +http://www.semrush.com/bot.html)"
207.46.13.65 - - [16/Jul/2021:15:12:54 +0200] "GET /swfobject.js HTTP/1.0" 404 1308 "-" "Mozilla/5.0 (compatible; bingbot/2.0; +http://www.bing.com/bingbot.htm)"
207.46.13.51 - - [16/Jul/2021:15:13:03 +0200] "GET /peace-clock-by-cbkreation-p-24375.html HTTP/1.0" 301 73040 "-" "Mozilla/5.0 (compatible; bingbot/2.0; +http://www.bing.com/bingbot.htm)"
207.46.13.142 - - [16/Jul/2021:15:13:28 +0200] "GET /-p-29445.html HTTP/1.0" 200 70197 "-" "Mozilla/5.0 (compatible; bingbot/2.0; +http://www.bing.com/bingbot.htm)"
185.191.171.42 - - [16/Jul/2021:15:13:44 +0200] "GET /chocolat-metal-plate-deco-p-45082.html HTTP/1.0" 200 72826 "-" "Mozilla/5.0 (compatible; SemrushBot/7~bl; +http://www.semrush.com/bot.html)"
54.36.148.242 - - [16/Jul/2021:15:14:09 +0200] "GET /hello-kitty-chocolate-heart-wallet-camomilla-p-16298.html HTTP/1.0" 200 73915 "-" "Mozilla/5.0 (compatible; AhrefsBot/7.0; +http://ahrefs.com/robot/)"
157.55.39.121 - - [16/Jul/2021:15:14:36 +0200] "GET /high-school-musical-cap-and-scarf-set-51-cm-p-22254.html HTTP/1.0" 301 73121 "-" "Mozilla/5.0 (compatible; bingbot/2.0; +http://www.bing.com/bingbot.htm)"
207.46.13.51 - - [16/Jul/2021:15:14:40 +0200] "GET /harley-davidson-genuine-logo-stripes-lighter-p-45313.html HTTP/1.0" 200 74066 "-" "Mozilla/5.0 (compatible; bingbot/2.0; +http://www.bing.com/bingbot.htm)"
185.191.171.1 - - [16/Jul/2021:15:14:56 +0200] "GET /bodega-bottle-stoppers-p-39485.html HTTP/1.0" 200 72816 "-" "Mozilla/5.0 (compatible; SemrushBot/7~bl; +http://www.semrush.com/bot.html)"
13.66.139.0 - - [16/Jul/2021:15:14:58 +0200] "GET /wanted-photo-frame-p-28800.html HTTP/1.0" 200 72791 "-" "Mozilla/5.0 (compatible; bingbot/2.0; +http://www.bing.com/bingbot.htm)"
185.191.171.14 - - [16/Jul/2021:15:15:25 +0200] "GET /round-doormat-diameter-p-53933.html HTTP/1.0" 200 73702 "-" "Mozilla/5.0 (compatible; SemrushBot/7~bl; +http://www.semrush.com/bot.html)"
5.45.207.132 - - [16/Jul/2021:15:15:30 +0200] "GET /robots.txt HTTP/1.0" 200 245 "-" "Mozilla/5.0 (compatible; YandexBot/3.0; +http://yandex.com/bots)"
185.191.171.45 - - [16/Jul/2021:15:15:30 +0200] "GET /large-jar-candle-70-hours-simply-spa-p-53885.html HTTP/1.0" 301 74187 "-" "Mozilla/5.0 (compatible; SemrushBot/7~bl; +http://www.semrush.com/bot.html)"
185.191.171.45 - - [16/Jul/2021:15:15:32 +0200] "GET /large-candle-hours-simply-p-53885.html HTTP/1.0" 200 74095 "-" "Mozilla/5.0 (compatible; SemrushBot/7~bl; +http://www.semrush.com/bot.html)"
5.45.207.132 - - [16/Jul/2021:15:15:33 +0200] "GET /cats-dubout-metal-plate-p-30394.html HTTP/1.0" 200 72900 "-" "Mozilla/5.0 (compatible; YandexBot/3.0; +http://yandex.com/bots)"
157.55.39.127 - - [16/Jul/2021:15:15:36 +0200] "GET /-p-39262.html HTTP/1.0" 200 70197 "-" "Mozilla/5.0 (compatible; bingbot/2.0; +http://www.bing.com/bingbot.htm)"
207.46.13.127 - - [16/Jul/2021:15:15:40 +0200] "GET /incense-satya-nag-champa-white-sage15-grams-or-about-15-sticks-p-48491.html HTTP/1.0" 301 73613 "-" "Mozilla/5.0 (compatible; bingbot/2.0; +http://www.bing.com/bingbot.htm)"
207.46.13.125 - - [16/Jul/2021:15:17:12 +0200] "GET /cotton-floor-cushion-40-cm-elisabeth-p-52550.html HTTP/1.0" 301 73629 "-" "Mozilla/5.0 (compatible; bingbot/2.0; +http://www.bing.com/bingbot.htm)"
157.55.39.121 - - [16/Jul/2021:15:17:17 +0200] "GET /dark-dudes-doggy-dude-pencil-case-p-6152.html HTTP/1.0" 200 72796 "-" "Mozilla/5.0 (compatible; bingbot/2.0; +http://www.bing.com/bingbot.htm)"
54.36.148.242 - - [16/Jul/2021:15:17:30 +0200] "GET /queen-egypt-statue-p-54881.html HTTP/1.0" 200 72859 "-" "Mozilla/5.0 (compatible; AhrefsBot/7.0; +http://ahrefs.com/robot/)"
66.249.72.170 - - [16/Jul/2021:15:17:35 +0200] "GET /incense-satya-champa-boxes-grams-p-54694.html HTTP/1.0" 200 74047 "-" "Mozilla/5.0 (Linux; Android 6.0.1; Nexus 5X Build/MMB29P) AppleWebKit/537.36 (KHTML, like Gecko) Chrome/91.0.4472.90 Mobile Safari/537.36 (compatible; Googlebot/2.1; +http://www.google.com/bot.html)"
185.191.171.13 - - [16/Jul/2021:15:17:41 +0200] "GET /one-wax-melt-heart-and-home-rosewood-vanilla-p-52814.html HTTP/1.0" 301 74288 "-" "Mozilla/5.0 (compatible; SemrushBot/7~bl; +http://www.semrush.com/bot.html)"
207.46.13.125 - - [16/Jul/2021:15:17:42 +0200] "GET /it-your-party-small-glass-cups-by-michelle-allen-designs-p-36961.html HTTP/1.0" 301 73435 "-" "Mozilla/5.0 (compatible; bingbot/2.0; +http://www.bing.com/bingbot.htm)"
185.191.171.38 - - [16/Jul/2021:15:17:43 +0200] "GET /melt-heart-home-rosewood-vanilla-p-52814.html HTTP/1.0" 200 74189 "-" "Mozilla/5.0 (compatible; SemrushBot/7~bl; +http://www.semrush.com/bot.html)"
207.46.13.51 - - [16/Jul/2021:15:17:57 +0200] "GET /laundry-basket-50-cm-p-52238.html HTTP/1.0" 301 73502 "-" "Mozilla/5.0 (compatible; bingbot/2.0; +http://www.bing.com/bingbot.htm)"
157.55.39.78 - - [16/Jul/2021:15:18:13 +0200] "GET /provence-soap-box-lavander-10-65-35-cm-p-39124.html HTTP/1.0" 301 73248 "-" "Mozilla/5.0 (compatible; bingbot/2.0; +http://www.bing.com/bingbot.htm)"
40.122.151.165 - - [16/Jul/2021:15:18:44 +0200] "GET /images/big_prod_2/b4542202653821.jpg HTTP/1.0" 200 271 "-" "Mozilla/5.0 (Windows NT 6.3; WOW64; Trident/7.0; rv:11.0) like Gecko/20100101 Firefox/12.0"
185.191.171.45 - - [16/Jul/2021:15:19:00 +0200] "GET /small-slate-blue-white-cube-alarm-clock-p-55546.html?action=add_product HTTP/1.0" 302 476 "-" "Mozilla/5.0 (compatible; SemrushBot/7~bl; +http://www.semrush.com/bot.html)"
185.220.101.2 - - [16/Jul/2021:15:19:05 +0200] "GET /contact_us.php HTTP/1.0" 200 26238 "http://www.wonder-geek.com/contact_us.php" "Mozilla/5.0 (Windows NT 6.3; Win64; x64) AppleWebKit/537.36 (KHTML, like Gecko) Chrome/90.0.4430.72 Safari/537.36 Edg/90.0.818.42"
185.220.101.2 - - [16/Jul/2021:15:19:06 +0200] "POST /contact_us.php?action=send HTTP/1.0" 200 26679 "http://www.wonder-geek.com/contact_us.php" "Mozilla/5.0 (Windows NT 6.3; Win64; x64) AppleWebKit/537.36 (KHTML, like Gecko) Chrome/90.0.4430.72 Safari/537.36 Edg/90.0.818.42"
185.220.101.2 - - [16/Jul/2021:15:19:07 +0200] "GET /contact_us.php HTTP/1.0" 200 26238 "http://www.wonder-geek.com/contact_us.php" "Mozilla/5.0 (Windows NT 6.3; Win64; x64) AppleWebKit/537.36 (KHTML, like Gecko) Chrome/90.0.4430.72 Safari/537.36 Edg/90.0.818.42"
157.55.39.145 - - [16/Jul/2021:15:19:18 +0200] "GET /large-responsible-wood-geranium-candle-heart-home-p-52798.html HTTP/1.0" 200 74230 "-" "Mozilla/5.0 (compatible; bingbot/2.0; +http://www.bing.com/bingbot.htm)"
207.46.13.125 - - [16/Jul/2021:15:19:34 +0200] "GET /pusheen-sticker-sheet-p-42602.html HTTP/1.0" 200 73084 "-" "Mozilla/5.0 (compatible; bingbot/2.0; +http://www.bing.com/bingbot.htm)"
17.121.115.6 - - [16/Jul/2021:15:19:35 +0200] "GET /rtro-small-cool-lunch-p-47252.html HTTP/1.0" 200 73036 "-" "Mozilla/5.0 (Macintosh; Intel Mac OS X 10_15_5) AppleWebKit/605.1.15 (KHTML, like Gecko) Version/13.1.1 Safari/605.1.15 (Applebot/0.1; +http://www.apple.com/go/applebot)"
185.191.171.44 - - [16/Jul/2021:15:19:56 +0200] "GET /pucca-p-22265.html?action=add_product HTTP/1.0" 302 476 "-" "Mozilla/5.0 (compatible; SemrushBot/7~bl; +http://www.semrush.com/bot.html)"
40.77.167.36 - - [16/Jul/2021:15:20:36 +0200] "GET /-p-4703.html HTTP/1.0" 200 70195 "-" "Mozilla/5.0 (compatible; bingbot/2.0; +http://www.bing.com/bingbot.htm)"
51.68.224.127 - - [16/Jul/2021:15:20:39 +0200] "GET /adminweb/export_orders_xml.php?token=256de2z6edz6ed2z6DFSFsed2zed6zeDSFDSGdzedezfzf&maxorders=10&orderstart=1&status=14&start_date=2018-10-01 HTTP/1.0" 200 285 "-" "GesCom CharlotteBoutik Serveur"
51.68.224.127 - - [16/Jul/2021:15:20:39 +0200] "GET /adminweb/export_orders_xml.php?token=256de2z6edz6ed2z6DFSFsed2zed6zeDSFDSGdzedezfzf&maxorders=10&orderstart=1&status=6&start_date=2018-10-01 HTTP/1.0" 200 29786 "-" "GesCom CharlotteBoutik Serveur"
185.191.171.39 - - [16/Jul/2021:15:20:42 +0200] "GET /hourglass-decoration-glass-sand-glitter-p-54298.html HTTP/1.0" 200 73648 "-" "Mozilla/5.0 (compatible; SemrushBot/7~bl; +http://www.semrush.com/bot.html)"
207.46.13.65 - - [16/Jul/2021:15:20:56 +0200] "GET /swfobject.js HTTP/1.0" 404 1308 "-" "Mozilla/5.0 (compatible; bingbot/2.0; +http://www.bing.com/bingbot.htm)"
54.36.148.242 - - [16/Jul/2021:15:20:57 +0200] "GET /women-brown-lois-shoulder-p-41328.html HTTP/1.0" 200 73337 "-" "Mozilla/5.0 (compatible; AhrefsBot/7.0; +http://ahrefs.com/robot/)"
157.55.39.145 - - [16/Jul/2021:15:21:19 +0200] "GET /salt-and-pepper-pot-milk-p-47918.html HTTP/1.0" 301 72931 "-" "Mozilla/5.0 (compatible; bingbot/2.0; +http://www.bing.com/bingbot.htm)"
185.191.171.21 - - [16/Jul/2021:15:21:37 +0200] "GET /antique-blue-wood-magazine-rack-model-p-44785.html HTTP/1.0" 200 73025 "-" "Mozilla/5.0 (compatible; SemrushBot/7~bl; +http://www.semrush.com/bot.html)"
66.249.66.220 - - [16/Jul/2021:15:21:55 +0200] "GET /fairy-lights-c-86_279.html HTTP/1.0" 200 84478 "-" "Mozilla/5.0 (Linux; Android 6.0.1; Nexus 5X Build/MMB29P) AppleWebKit/537.36 (KHTML, like Gecko) Chrome/91.0.4472.90 Mobile Safari/537.36 (compatible; Googlebot/2.1; +http://www.google.com/bot.html)"
157.55.39.78 - - [16/Jul/2021:15:22:03 +0200] "GET /body-talk-resin-statue-p-53531.html HTTP/1.0" 200 73553 "-" "Mozilla/5.0 (compatible; bingbot/2.0; +http://www.bing.com/bingbot.htm)"
207.46.13.142 - - [16/Jul/2021:15:22:09 +0200] "GET /-p-22027.html HTTP/1.0" 200 70197 "-" "Mozilla/5.0 (compatible; bingbot/2.0; +http://www.bing.com/bingbot.htm)"
157.55.39.127 - - [16/Jul/2021:15:22:38 +0200] "GET /-p-39237.html HTTP/1.0" 200 70197 "-" "Mozilla/5.0 (compatible; bingbot/2.0; +http://www.bing.com/bingbot.htm)"
54.36.148.242 - - [16/Jul/2021:15:22:40 +0200] "GET /retro-flamenco-alarm-clock-grey-p-47507.html HTTP/1.0" 200 73805 "-" "Mozilla/5.0 (compatible; AhrefsBot/7.0; +http://ahrefs.com/robot/)"
207.46.13.65 - - [16/Jul/2021:15:22:56 +0200] "GET /swfobject.js HTTP/1.0" 404 1308 "-" "Mozilla/5.0 (compatible; bingbot/2.0; +http://www.bing.com/bingbot.htm)"
157.55.39.127 - - [16/Jul/2021:15:23:00 +0200] "GET /russian-doll-pink-figure-cm-p-27614.html HTTP/1.0" 301 72990 "-" "Mozilla/5.0 (compatible; bingbot/2.0; +http://www.bing.com/bingbot.htm)"
190.205.137.209 - - [16/Jul/2021:15:23:22 +0200] "GET /contact_us.php HTTP/1.0" 200 26238 "http://www.wonder-geek.com/contact_us.php" "Mozilla/5.0 (Windows NT 10.0; ) AppleWebKit/537.36 (KHTML, like Gecko) Chrome/83.0.4103.34 Safari/537.36 Edg/83.0.478.25"
190.205.137.209 - - [16/Jul/2021:15:23:24 +0200] "POST /contact_us.php?action=send HTTP/1.0" 200 26484 "http://www.wonder-geek.com/contact_us.php" "Mozilla/5.0 (Windows NT 10.0; ) AppleWebKit/537.36 (KHTML, like Gecko) Chrome/83.0.4103.34 Safari/537.36 Edg/83.0.478.25"
66.249.66.220 - - [16/Jul/2021:15:23:27 +0200] "GET /american-green-p-33081.html HTTP/1.0" 200 72860 "-" "Mozilla/5.0 (Linux; Android 6.0.1; Nexus 5X Build/MMB29P) AppleWebKit/537.36 (KHTML, like Gecko) Chrome/91.0.4472.90 Mobile Safari/537.36 (compatible; Googlebot/2.1; +http://www.google.com/bot.html)"
207.46.13.51 - - [16/Jul/2021:15:23:39 +0200] "GET /music-disc-turns-recorder-p-41581.html HTTP/1.0" 200 73940 "-" "Mozilla/5.0 (compatible; bingbot/2.0; +http://www.bing.com/bingbot.htm)"
13.66.139.0 - - [16/Jul/2021:15:23:56 +0200] "GET /decorative-turtle-figurine-suspended-to-decorate-the-vases-p-52687.html HTTP/1.0" 301 73338 "-" "Mozilla/5.0 (compatible; bingbot/2.0; +http://www.bing.com/bingbot.htm)"
54.36.148.242 - - [16/Jul/2021:15:24:09 +0200] "GET /betty-boop-pencil-case-p-33583.html HTTP/1.0" 200 72843 "-" "Mozilla/5.0 (compatible; AhrefsBot/7.0; +http://ahrefs.com/robot/)"
207.46.13.65 - - [16/Jul/2021:15:24:18 +0200] "GET /route-66-metal-plate-20-30-cm-p-29720.html HTTP/1.0" 301 72937 "-" "Mozilla/5.0 (compatible; bingbot/2.0; +http://www.bing.com/bingbot.htm)"
185.191.171.2 - - [16/Jul/2021:15:24:19 +0200] "GET /mandala-coasters-ceramic-set-of-p-44401.html HTTP/1.0" 301 70426 "-" "Mozilla/5.0 (compatible; SemrushBot/7~bl; +http://www.semrush.com/bot.html)"
185.191.171.39 - - [16/Jul/2021:15:24:21 +0200] "GET /mandala-coasters-ceramic-p-44401.html HTTP/1.0" 200 70335 "-" "Mozilla/5.0 (compatible; SemrushBot/7~bl; +http://www.semrush.com/bot.html)"
157.55.39.145 - - [16/Jul/2021:15:24:27 +0200] "GET /duvet-cover-in-cotton-percale-80-threads-140-200-cm-p-51260.html HTTP/1.0" 301 73237 "-" "Mozilla/5.0 (compatible; bingbot/2.0; +http://www.bing.com/bingbot.htm)"
207.46.13.65 - - [16/Jul/2021:15:24:48 +0200] "GET /metal-cylindrical-tea-box-p-47672.html HTTP/1.0" 301 70355 "-" "Mozilla/5.0 (compatible; bingbot/2.0; +http://www.bing.com/bingbot.htm)"
40.77.167.36 - - [16/Jul/2021:15:24:56 +0200] "GET /incense-satya-nag-champa-jasmine-15-grams-or-about-15-sticks-p-44396.html HTTP/1.0" 301 73587 "-" "Mozilla/5.0 (compatible; bingbot/2.0; +http://www.bing.com/bingbot.htm)"
157.55.39.78 - - [16/Jul/2021:15:25:01 +0200] "GET /customized-decorative-metal-plate-cbkration-p-51480.html HTTP/1.0" 200 73032 "-" "Mozilla/5.0 (compatible; bingbot/2.0; +http://www.bing.com/bingbot.htm)"
17.121.114.9 - - [16/Jul/2021:15:25:35 +0200] "GET /retro-coffee-matte-black-metal-p-37704.html HTTP/1.0" 200 73034 "-" "Mozilla/5.0 (Macintosh; Intel Mac OS X 10_15_5) AppleWebKit/605.1.15 (KHTML, like Gecko) Version/13.1.1 Safari/605.1.15 (Applebot/0.1; +http://www.apple.com/go/applebot)"
54.36.148.242 - - [16/Jul/2021:15:25:37 +0200] "GET /round-rattan-table-lamp-p-54577.html HTTP/1.0" 200 73816 "-" "Mozilla/5.0 (compatible; AhrefsBot/7.0; +http://ahrefs.com/robot/)"
207.46.13.127 - - [16/Jul/2021:15:25:49 +0200] "GET /french-bulldog-and-chihuahua-mug-p-34850.html HTTP/1.0" 301 73009 "-" "Mozilla/5.0 (compatible; bingbot/2.0; +http://www.bing.com/bingbot.htm)"
185.191.171.34 - - [16/Jul/2021:15:26:32 +0200] "GET /simba-nala-snuggling-p-51165.html?action=add_product HTTP/1.0" 302 476 "-" "Mozilla/5.0 (compatible; SemrushBot/7~bl; +http://www.semrush.com/bot.html)"
157.55.39.78 - - [16/Jul/2021:15:26:33 +0200] "GET /rhum-metal-plate-deco-p-51750.html HTTP/1.0" 200 73378 "-" "Mozilla/5.0 (compatible; bingbot/2.0; +http://www.bing.com/bingbot.htm)"
207.46.13.51 - - [16/Jul/2021:15:26:48 +0200] "GET /harley-davidson-ride-small-metal-plate-p-40263.html HTTP/1.0" 200 73058 "-" "Mozilla/5.0 (compatible; bingbot/2.0; +http://www.bing.com/bingbot.htm)"
54.36.148.242 - - [16/Jul/2021:15:26:57 +0200] "GET /tweety-figurine-p-24245.html HTTP/1.0" 200 72787 "-" "Mozilla/5.0 (compatible; AhrefsBot/7.0; +http://ahrefs.com/robot/)"
207.46.13.142 - - [16/Jul/2021:15:27:09 +0200] "GET /-p-14444.html HTTP/1.0" 200 70197 "-" "Mozilla/5.0 (compatible; bingbot/2.0; +http://www.bing.com/bingbot.htm)"
177.83.204.165 - - [16/Jul/2021:15:27:45 +0200] "GET /little-prince-exupery-figurine-p-44604.html HTTP/1.0" 200 73010 "https://www.google.com/" "Mozilla/5.0 (Windows NT 10.0; Win64; x64) AppleWebKit/537.36 (KHTML, like Gecko) Chrome/91.0.4472.124 Safari/537.36"
177.83.204.165 - - [16/Jul/2021:15:27:46 +0200] "GET /templates/Pixame_v1/stylesheet.css HTTP/1.0" 200 267 "http://www.wonder-geek.com/little-prince-exupery-figurine-p-44604.html" "Mozilla/5.0 (Windows NT 10.0; Win64; x64) AppleWebKit/537.36 (KHTML, like Gecko) Chrome/91.0.4472.124 Safari/537.36"
177.83.204.165 - - [16/Jul/2021:15:27:46 +0200] "GET /highslide/highslide.js HTTP/1.0" 200 262 "http://www.wonder-geek.com/little-prince-exupery-figurine-p-44604.html" "Mozilla/5.0 (Windows NT 10.0; Win64; x64) AppleWebKit/537.36 (KHTML, like Gecko) Chrome/91.0.4472.124 Safari/537.36"
177.83.204.165 - - [16/Jul/2021:15:27:47 +0200] "GET /js/jquery.js HTTP/1.0" 200 252 "http://www.wonder-geek.com/little-prince-exupery-figurine-p-44604.html" "Mozilla/5.0 (Windows NT 10.0; Win64; x64) AppleWebKit/537.36 (KHTML, like Gecko) Chrome/91.0.4472.124 Safari/537.36"
177.83.204.165 - - [16/Jul/2021:15:27:47 +0200] "GET /js/jquery.jqzoom.js HTTP/1.0" 200 259 "http://www.wonder-geek.com/little-prince-exupery-figurine-p-44604.html" "Mozilla/5.0 (Windows NT 10.0; Win64; x64) AppleWebKit/537.36 (KHTML, like Gecko) Chrome/91.0.4472.124 Safari/537.36"
177.83.204.165 - - [16/Jul/2021:15:27:47 +0200] "GET /mondial_relay/js/jquery-1.3.2.min.js HTTP/1.0" 200 276 "http://www.wonder-geek.com/little-prince-exupery-figurine-p-44604.html" "Mozilla/5.0 (Windows NT 10.0; Win64; x64) AppleWebKit/537.36 (KHTML, like Gecko) Chrome/91.0.4472.124 Safari/537.36"
177.83.204.165 - - [16/Jul/2021:15:27:47 +0200] "GET /swfobject.js HTTP/1.0" 404 1308 "http://www.wonder-geek.com/little-prince-exupery-figurine-p-44604.html" "Mozilla/5.0 (Windows NT 10.0; Win64; x64) AppleWebKit/537.36 (KHTML, like Gecko) Chrome/91.0.4472.124 Safari/537.36"
177.83.204.165 - - [16/Jul/2021:15:27:48 +0200] "GET /templates/Pixame_v1/images/icon_accueil2.png HTTP/1.0" 200 278 "http://www.wonder-geek.com/little-prince-exupery-figurine-p-44604.html" "Mozilla/5.0 (Windows NT 10.0; Win64; x64) AppleWebKit/537.36 (KHTML, like Gecko) Chrome/91.0.4472.124 Safari/537.36"
177.83.204.165 - - [16/Jul/2021:15:27:48 +0200] "GET /templates/Pixame_v1/images/infobox/pixel_trans.gif HTTP/1.0" 200 328 "http://www.wonder-geek.com/little-prince-exupery-figurine-p-44604.html" "Mozilla/5.0 (Windows NT 10.0; Win64; x64) AppleWebKit/537.36 (KHTML, like Gecko) Chrome/91.0.4472.124 Safari/537.36"
177.83.204.165 - - [16/Jul/2021:15:27:48 +0200] "GET /images/pixel_trans.gif HTTP/1.0" 200 328 "http://www.wonder-geek.com/little-prince-exupery-figurine-p-44604.html" "Mozilla/5.0 (Windows NT 10.0; Win64; x64) AppleWebKit/537.36 (KHTML, like Gecko) Chrome/91.0.4472.124 Safari/537.36"
177.83.204.165 - - [16/Jul/2021:15:27:48 +0200] "GET /swfobject.js HTTP/1.0" 404 1308 "http://www.wonder-geek.com/little-prince-exupery-figurine-p-44604.html" "Mozilla/5.0 (Windows NT 10.0; Win64; x64) AppleWebKit/537.36 (KHTML, like Gecko) Chrome/91.0.4472.124 Safari/537.36"
177.83.204.165 - - [16/Jul/2021:15:27:48 +0200] "GET /templates/Pixame_v1/images/pixel_trans.gif HTTP/1.0" 200 328 "http://www.wonder-geek.com/little-prince-exupery-figurine-p-44604.html" "Mozilla/5.0 (Windows NT 10.0; Win64; x64) AppleWebKit/537.36 (KHTML, like Gecko) Chrome/91.0.4472.124 Safari/537.36"
177.83.204.165 - - [16/Jul/2021:15:27:48 +0200] "GET /images/big_prod/3453131141161.jpg HTTP/1.0" 200 268 "http://www.wonder-geek.com/little-prince-exupery-figurine-p-44604.html" "Mozilla/5.0 (Windows NT 10.0; Win64; x64) AppleWebKit/537.36 (KHTML, like Gecko) Chrome/91.0.4472.124 Safari/537.36"
177.83.204.165 - - [16/Jul/2021:15:27:48 +0200] "GET /templates/Pixame_v1/images/buttons/english/button_in_cart.gif HTTP/1.0" 200 295 "http://www.wonder-geek.com/little-prince-exupery-figurine-p-44604.html" "Mozilla/5.0 (Windows NT 10.0; Win64; x64) AppleWebKit/537.36 (KHTML, like Gecko) Chrome/91.0.4472.124 Safari/537.36"
177.83.204.165 - - [16/Jul/2021:15:27:48 +0200] "GET /templates/Pixame_v1/images/Bottom_texture.jpg HTTP/1.0" 200 280 "http://www.wonder-geek.com/templates/Pixame_v1/stylesheet.css" "Mozilla/5.0 (Windows NT 10.0; Win64; x64) AppleWebKit/537.36 (KHTML, like Gecko) Chrome/91.0.4472.124 Safari/537.36"
177.83.204.165 - - [16/Jul/2021:15:27:48 +0200] "GET /templates/Pixame_v1/images/Middle_texture.jpg HTTP/1.0" 200 280 "http://www.wonder-geek.com/templates/Pixame_v1/stylesheet.css" "Mozilla/5.0 (Windows NT 10.0; Win64; x64) AppleWebKit/537.36 (KHTML, like Gecko) Chrome/91.0.4472.124 Safari/537.36"
177.83.204.165 - - [16/Jul/2021:15:27:49 +0200] "GET /templates/Pixame_v1/images/header.png HTTP/1.0" 200 271 "http://www.wonder-geek.com/templates/Pixame_v1/stylesheet.css" "Mozilla/5.0 (Windows NT 10.0; Win64; x64) AppleWebKit/537.36 (KHTML, like Gecko) Chrome/91.0.4472.124 Safari/537.36"
177.83.204.165 - - [16/Jul/2021:15:27:49 +0200] "GET /templates/Pixame_v1/images/header-object.png HTTP/1.0" 200 278 "http://www.wonder-geek.com/templates/Pixame_v1/stylesheet.css" "Mozilla/5.0 (Windows NT 10.0; Win64; x64) AppleWebKit/537.36 (KHTML, like Gecko) Chrome/91.0.4472.124 Safari/537.36"
177.83.204.165 - - [16/Jul/2021:15:27:49 +0200] "GET /templates/Pixame_v1/images/nav.png HTTP/1.0" 200 268 "http://www.wonder-geek.com/templates/Pixame_v1/stylesheet.css" "Mozilla/5.0 (Windows NT 10.0; Win64; x64) AppleWebKit/537.36 (KHTML, like Gecko) Chrome/91.0.4472.124 Safari/537.36"
177.83.204.165 - - [16/Jul/2021:15:27:50 +0200] "GET /highslide/graphics/zoomin.cur HTTP/1.0" 200 614 "http://www.wonder-geek.com/templates/Pixame_v1/stylesheet.css" "Mozilla/5.0 (Windows NT 10.0; Win64; x64) AppleWebKit/537.36 (KHTML, like Gecko) Chrome/91.0.4472.124 Safari/537.36"
177.83.204.165 - - [16/Jul/2021:15:27:50 +0200] "GET /design/productsenstock.png HTTP/1.0" 200 260 "http://www.wonder-geek.com/templates/Pixame_v1/stylesheet.css" "Mozilla/5.0 (Windows NT 10.0; Win64; x64) AppleWebKit/537.36 (KHTML, like Gecko) Chrome/91.0.4472.124 Safari/537.36"
177.83.204.165 - - [16/Jul/2021:15:27:50 +0200] "GET /templates/Pixame_v1/images/infobox/infobox_footer_middle.gif HTTP/1.0" 200 357 "http://www.wonder-geek.com/little-prince-exupery-figurine-p-44604.html" "Mozilla/5.0 (Windows NT 10.0; Win64; x64) AppleWebKit/537.36 (KHTML, like Gecko) Chrome/91.0.4472.124 Safari/537.36"
177.83.204.165 - - [16/Jul/2021:15:27:51 +0200] "GET /highslide/graphics/zoomout.cur HTTP/1.0" 200 614 "http://www.wonder-geek.com/little-prince-exupery-figurine-p-44604.html" "Mozilla/5.0 (Windows NT 10.0; Win64; x64) AppleWebKit/537.36 (KHTML, like Gecko) Chrome/91.0.4472.124 Safari/537.36"
177.83.204.165 - - [16/Jul/2021:15:27:51 +0200] "GET /highslide/graphics/loader.white.gif HTTP/1.0" 200 960 "http://www.wonder-geek.com/templates/Pixame_v1/stylesheet.css" "Mozilla/5.0 (Windows NT 10.0; Win64; x64) AppleWebKit/537.36 (KHTML, like Gecko) Chrome/91.0.4472.124 Safari/537.36"
185.191.171.33 - - [16/Jul/2021:15:27:52 +0200] "GET /glass-cutting-board-cbkreation-p-51340.html?action=add_product HTTP/1.0" 302 476 "-" "Mozilla/5.0 (compatible; SemrushBot/7~bl; +http://www.semrush.com/bot.html)"
185.191.171.41 - - [16/Jul/2021:15:28:15 +0200] "GET /brass-patinated-handing-bells-ganesh-p-42002.html HTTP/1.0" 200 73600 "-" "Mozilla/5.0 (compatible; SemrushBot/7~bl; +http://www.semrush.com/bot.html)"
54.36.148.242 - - [16/Jul/2021:15:28:31 +0200] "GET /animated-figurines-solar-flowers-c-13_273.html HTTP/1.0" 200 80422 "-" "Mozilla/5.0 (compatible; AhrefsBot/7.0; +http://ahrefs.com/robot/)"
157.55.39.78 - - [16/Jul/2021:15:29:03 +0200] "GET /small-postcard-plate-with-envelope-15-105-cm-p-40130.html HTTP/1.0" 301 73175 "-" "Mozilla/5.0 (compatible; bingbot/2.0; +http://www.bing.com/bingbot.htm)"
207.46.13.51 - - [16/Jul/2021:15:29:09 +0200] "GET /klimt-little-tray-p-51680.html HTTP/1.0" 200 72859 "-" "Mozilla/5.0 (compatible; bingbot/2.0; +http://www.bing.com/bingbot.htm)"
157.55.39.145 - - [16/Jul/2021:15:29:28 +0200] "GET /indian-elephant-statuette-185-cm-p-51511.html HTTP/1.0" 301 73057 "-" "Mozilla/5.0 (compatible; bingbot/2.0; +http://www.bing.com/bingbot.htm)"
66.249.66.216 - - [16/Jul/2021:15:29:46 +0200] "GET /images/big_prod_1/8718375753231a.jpg HTTP/1.0" 200 271 "-" "Googlebot-Image/1.0"
40.77.167.36 - - [16/Jul/2021:15:29:47 +0200] "GET /-p-33691.html HTTP/1.0" 200 70197 "-" "Mozilla/5.0 (compatible; bingbot/2.0; +http://www.bing.com/bingbot.htm)"
54.36.148.242 - - [16/Jul/2021:15:29:59 +0200] "GET /horse-handbag-p-23048.html HTTP/1.0" 200 72864 "-" "Mozilla/5.0 (compatible; AhrefsBot/7.0; +http://ahrefs.com/robot/)"
207.46.13.51 - - [16/Jul/2021:15:30:09 +0200] "GET /doc-mcstuffins-figure-p-23402.html HTTP/1.0" 301 70369 "-" "Mozilla/5.0 (compatible; bingbot/2.0; +http://www.bing.com/bingbot.htm)"
207.46.13.51 - - [16/Jul/2021:15:30:11 +0200] "GET /bolster-case-45-185-cm-red-p-36450.html HTTP/1.0" 301 73142 "-" "Mozilla/5.0 (compatible; bingbot/2.0; +http://www.bing.com/bingbot.htm)"
157.55.39.127 - - [16/Jul/2021:15:30:13 +0200] "GET /london-dream-metal-plate-p-27584.html HTTP/1.0" 200 72904 "-" "Mozilla/5.0 (compatible; bingbot/2.0; +http://www.bing.com/bingbot.htm)"
42.236.10.116 - - [16/Jul/2021:15:30:17 +0200] "GET / HTTP/1.0" 200 95315 "http://www.wonder-geek.com/" "Mozilla/5.0 (Windows NT 6.1; WOW64) AppleWebKit/537.36 (KHTML, like Gecko) Chrome/50.4.2661.102 Safari/537.36; 360Spider"
207.46.13.125 - - [16/Jul/2021:15:30:25 +0200] "GET /mercedes-benz-large-metal-plate-deco-p-45960.html HTTP/1.0" 200 72939 "-" "Mozilla/5.0 (compatible; bingbot/2.0; +http://www.bing.com/bingbot.htm)"
185.191.171.10 - - [16/Jul/2021:15:31:04 +0200] "GET /mini-trolley-p-49044.html HTTP/1.0" 200 73501 "-" "Mozilla/5.0 (compatible; SemrushBot/7~bl; +http://www.semrush.com/bot.html)"
207.46.13.142 - - [16/Jul/2021:15:31:10 +0200] "GET /-p-18126.html HTTP/1.0" 200 70197 "-" "Mozilla/5.0 (compatible; bingbot/2.0; +http://www.bing.com/bingbot.htm)"
185.191.171.42 - - [16/Jul/2021:15:31:19 +0200] "GET /wooden-bedhead-wall-sticker-p-49984.html?action=add_product HTTP/1.0" 302 476 "-" "Mozilla/5.0 (compatible; SemrushBot/7~bl; +http://www.semrush.com/bot.html)"
40.77.167.36 - - [16/Jul/2021:15:31:28 +0200] "GET /-p-25204.html HTTP/1.0" 200 70197 "-" "Mozilla/5.0 (compatible; bingbot/2.0; +http://www.bing.com/bingbot.htm)"
54.36.148.242 - - [16/Jul/2021:15:31:30 +0200] "GET /ceramic-salt-flower-with-spoon-p-50642.html HTTP/1.0" 200 72918 "-" "Mozilla/5.0 (compatible; AhrefsBot/7.0; +http://ahrefs.com/robot/)"
207.46.13.65 - - [16/Jul/2021:15:31:32 +0200] "GET /butterfly-green-hoodies-p-31777.html HTTP/1.0" 200 75603 "-" "Mozilla/5.0 (compatible; bingbot/2.0; +http://www.bing.com/bingbot.htm)"
207.46.13.65 - - [16/Jul/2021:15:31:39 +0200] "GET /shooters-their-resin-display-stand-p-42771.html HTTP/1.0" 200 72973 "-" "Mozilla/5.0 (compatible; bingbot/2.0; +http://www.bing.com/bingbot.htm)"
207.46.13.65 - - [16/Jul/2021:15:31:49 +0200] "GET /-p-39589.html HTTP/1.0" 200 70197 "-" "Mozilla/5.0 (compatible; bingbot/2.0; +http://www.bing.com/bingbot.htm)"
40.77.167.36 - - [16/Jul/2021:15:31:58 +0200] "GET /images/med_prod/1645973339802.jpg HTTP/1.0" 200 268 "-" "Mozilla/5.0 (compatible; bingbot/2.0; +http://www.bing.com/bingbot.htm)"
66.249.66.220 - - [16/Jul/2021:15:32:06 +0200] "GET /scorpion-gold-resin-metal-p-44717.html HTTP/1.0" 200 70327 "-" "Mozilla/5.0 (Linux; Android 6.0.1; Nexus 5X Build/MMB29P) AppleWebKit/537.36 (KHTML, like Gecko) Chrome/91.0.4472.90 Mobile Safari/537.36 (compatible; Googlebot/2.1; +http://www.google.com/bot.html)"
185.191.171.6 - - [16/Jul/2021:15:32:10 +0200] "GET /incense-lphant-rose-dawn-p-40374.html HTTP/1.0" 200 73107 "-" "Mozilla/5.0 (compatible; SemrushBot/7~bl; +http://www.semrush.com/bot.html)"
40.77.167.36 - - [16/Jul/2021:15:32:17 +0200] "GET /-p-20606.html HTTP/1.0" 200 70197 "-" "Mozilla/5.0 (compatible; bingbot/2.0; +http://www.bing.com/bingbot.htm)"
185.191.171.39 - - [16/Jul/2021:15:32:22 +0200] "GET /bronze-and-gold-terracotta-flower-pot-p-51994.html HTTP/1.0" 301 73041 "-" "Mozilla/5.0 (compatible; SemrushBot/7~bl; +http://www.semrush.com/bot.html)"
185.191.171.13 - - [16/Jul/2021:15:32:24 +0200] "GET /bronze-gold-terracotta-flower-p-51994.html HTTP/1.0" 200 72945 "-" "Mozilla/5.0 (compatible; SemrushBot/7~bl; +http://www.semrush.com/bot.html)"
49.7.21.122 - - [16/Jul/2021:15:32:36 +0200] "GET /alarms-clocks-clocks-and-watches/alarms-clocks-c-5_14_65.html HTTP/1.0" 301 91218 "-" "Sogou web spider/4.0(+http://www.sogou.com/docs/help/webmasters.htm#07)"
207.46.13.65 - - [16/Jul/2021:15:32:37 +0200] "GET /swfobject.js HTTP/1.0" 404 1308 "-" "Mozilla/5.0 (compatible; bingbot/2.0; +http://www.bing.com/bingbot.htm)"
40.77.167.36 - - [16/Jul/2021:15:32:58 +0200] "GET /boxes-and-storage-box-c-13_150.html HTTP/1.0" 301 94615 "-" "Mozilla/5.0 (compatible; bingbot/2.0; +http://www.bing.com/bingbot.htm)"
54.36.148.242 - - [16/Jul/2021:15:32:59 +0200] "GET /decorative-carpets-c-11_269_167.html?page=2 HTTP/1.0" 200 90743 "-" "Mozilla/5.0 (compatible; AhrefsBot/7.0; +http://ahrefs.com/robot/)"
106.38.241.175 - - [16/Jul/2021:15:32:59 +0200] "GET / HTTP/1.0" 200 95572 "-" "Sogou web spider/4.0(+http://www.sogou.com/docs/help/webmasters.htm#07)"
207.46.13.125 - - [16/Jul/2021:15:33:07 +0200] "GET /owls-and-cats-michelle-allen-designs-box-of-coasters-p-47690.html HTTP/1.0" 301 73193 "-" "Mozilla/5.0 (compatible; bingbot/2.0; +http://www.bing.com/bingbot.htm)"
216.244.66.242 - - [16/Jul/2021:15:33:12 +0200] "GET /robots.txt HTTP/1.0" 200 245 "-" "Mozilla/5.0 (compatible; DotBot/1.2; +https://opensiteexplorer.org/dotbot; help@moz.com)"
207.46.13.51 - - [16/Jul/2021:15:33:18 +0200] "GET /101-dalmatians-cruella-devil-figure-p-4704.html HTTP/1.0" 301 70453 "-" "Mozilla/5.0 (compatible; bingbot/2.0; +http://www.bing.com/bingbot.htm)"
207.46.13.51 - - [16/Jul/2021:15:33:20 +0200] "GET /rhinoceros-gold-jewelry-stand-and-white-cup-p-48826.html HTTP/1.0" 301 73239 "-" "Mozilla/5.0 (compatible; bingbot/2.0; +http://www.bing.com/bingbot.htm)"
207.46.13.127 - - [16/Jul/2021:15:33:31 +0200] "GET /-p-26061.html HTTP/1.0" 200 70197 "-" "Mozilla/5.0 (compatible; bingbot/2.0; +http://www.bing.com/bingbot.htm)"
207.46.13.65 - - [16/Jul/2021:15:34:09 +0200] "GET /-p-35201.html HTTP/1.0" 200 70197 "-" "Mozilla/5.0 (compatible; bingbot/2.0; +http://www.bing.com/bingbot.htm)"
207.46.13.125 - - [16/Jul/2021:15:34:14 +0200] "GET /tweety-bookends-p-6399.html HTTP/1.0" 200 72729 "-" "Mozilla/5.0 (compatible; bingbot/2.0; +http://www.bing.com/bingbot.htm)"
66.249.82.116 - - [16/Jul/2021:15:34:34 +0200] "GET /images/med_prod/8712269167005.jpg HTTP/1.0" 200 268 "-" "Mozilla/5.0 (Windows NT 5.1; rv:11.0) Gecko Firefox/11.0 (via ggpht.com GoogleImageProxy)"
54.36.148.242 - - [16/Jul/2021:15:34:34 +0200] "GET /small-ceramic-lamp-p-54851.html HTTP/1.0" 200 73627 "-" "Mozilla/5.0 (compatible; AhrefsBot/7.0; +http://ahrefs.com/robot/)"
207.46.13.65 - - [16/Jul/2021:15:34:38 +0200] "GET /decorative-and-useful-fan-klimt-p-52199.html HTTP/1.0" 301 73603 "-" "Mozilla/5.0 (compatible; bingbot/2.0; +http://www.bing.com/bingbot.htm)"
185.191.171.3 - - [16/Jul/2021:15:35:01 +0200] "GET /keyboard-shaped-house-p-47687.html HTTP/1.0" 200 73030 "-" "Mozilla/5.0 (compatible; SemrushBot/7~bl; +http://www.semrush.com/bot.html)"
157.55.39.78 - - [16/Jul/2021:15:35:03 +0200] "GET /images/med_prod/00000000000000000marsei.jpg HTTP/1.0" 200 278 "-" "Mozilla/5.0 (compatible; bingbot/2.0; +http://www.bing.com/bingbot.htm)"
66.249.66.220 - - [16/Jul/2021:15:35:27 +0200] "GET /beer-shower-curtain-p-37702.html HTTP/1.0" 200 72914 "-" "Mozilla/5.0 (Linux; Android 6.0.1; Nexus 5X Build/MMB29P) AppleWebKit/537.36 (KHTML, like Gecko) Chrome/91.0.4472.90 Mobile Safari/537.36 (compatible; Googlebot/2.1; +http://www.google.com/bot.html)"
54.36.148.242 - - [16/Jul/2021:15:36:04 +0200] "GET /laissez-lucie-faire-pencil-case-olga-p-38975.html HTTP/1.0" 200 73713 "-" "Mozilla/5.0 (compatible; AhrefsBot/7.0; +http://ahrefs.com/robot/)"
66.249.82.112 - - [16/Jul/2021:15:36:16 +0200] "GET /images/big_prod_1/3700516271617B.jpg HTTP/1.0" 200 271 "-" "Mozilla/5.0 (Windows NT 5.1; rv:11.0) Gecko Firefox/11.0 (via ggpht.com GoogleImageProxy)"
185.191.171.17 - - [16/Jul/2021:15:36:20 +0200] "GET /travel-documents-passport-boarding-pass-p-47343.html HTTP/1.0" 200 73207 "-" "Mozilla/5.0 (compatible; SemrushBot/7~bl; +http://www.semrush.com/bot.html)"
51.68.224.127 - - [16/Jul/2021:15:36:52 +0200] "GET /adminweb/export_orders_xml.php?token=256de2z6edz6ed2z6DFSFsed2zed6zeDSFDSGdzedezfzf&maxorders=10&orderstart=1&status=14&start_date=2018-10-01 HTTP/1.0" 200 285 "-" "GesCom CharlotteBoutik Serveur"
51.68.224.127 - - [16/Jul/2021:15:36:52 +0200] "GET /adminweb/export_orders_xml.php?token=256de2z6edz6ed2z6DFSFsed2zed6zeDSFDSGdzedezfzf&maxorders=10&orderstart=1&status=6&start_date=2018-10-01 HTTP/1.0" 200 29786 "-" "GesCom CharlotteBoutik Serveur"
185.191.171.37 - - [16/Jul/2021:15:37:26 +0200] "GET /mirror-wall-decor-p-48719.html?action=add_product HTTP/1.0" 302 476 "-" "Mozilla/5.0 (compatible; SemrushBot/7~bl; +http://www.semrush.com/bot.html)"
54.36.148.242 - - [16/Jul/2021:15:37:26 +0200] "GET /disney-princess-placemat-p-22494.html HTTP/1.0" 200 72903 "-" "Mozilla/5.0 (compatible; AhrefsBot/7.0; +http://ahrefs.com/robot/)"
207.46.13.142 - - [16/Jul/2021:15:37:31 +0200] "GET /adult-cotton-apron-manoir-collection-p-39043.html HTTP/1.0" 200 72914 "-" "Mozilla/5.0 (compatible; bingbot/2.0; +http://www.bing.com/bingbot.htm)"
185.191.171.38 - - [16/Jul/2021:15:37:54 +0200] "GET /yamaha-yzf-r7-118-p-32354.html HTTP/1.0" 301 70327 "-" "Mozilla/5.0 (compatible; SemrushBot/7~bl; +http://www.semrush.com/bot.html)"
185.191.171.22 - - [16/Jul/2021:15:37:57 +0200] "GET /yamaha-p-32354.html HTTP/1.0" 200 70254 "-" "Mozilla/5.0 (compatible; SemrushBot/7~bl; +http://www.semrush.com/bot.html)"
185.191.171.6 - - [16/Jul/2021:15:38:04 +0200] "GET /statuette-hippopotamuses-resin-p-52584.html HTTP/1.0" 200 72951 "-" "Mozilla/5.0 (compatible; SemrushBot/7~bl; +http://www.semrush.com/bot.html)"
207.46.13.65 - - [16/Jul/2021:15:38:09 +0200] "GET /gorjuss-photo-album-p-29667.html HTTP/1.0" 200 70283 "-" "Mozilla/5.0 (compatible; bingbot/2.0; +http://www.bing.com/bingbot.htm)"
207.46.13.125 - - [16/Jul/2021:15:38:25 +0200] "GET /french-bulldog-eggcup-p-33470.html HTTP/1.0" 200 72776 "-" "Mozilla/5.0 (compatible; bingbot/2.0; +http://www.bing.com/bingbot.htm)"
54.36.148.242 - - [16/Jul/2021:15:38:59 +0200] "GET /lemon-kitchen-towel-p-43332.html HTTP/1.0" 200 72796 "-" "Mozilla/5.0 (compatible; AhrefsBot/7.0; +http://ahrefs.com/robot/)"
157.55.39.145 - - [16/Jul/2021:15:39:19 +0200] "GET /vespa-navy-blue-mug-p-15553.html HTTP/1.0" 301 70357 "-" "Mozilla/5.0 (compatible; bingbot/2.0; +http://www.bing.com/bingbot.htm)"
66.249.66.216 - - [16/Jul/2021:15:39:28 +0200] "GET /elmer-small-backpack-p-18266.html HTTP/1.0" 200 70267 "-" "Mozilla/5.0 (compatible; Googlebot/2.1; +http://www.google.com/bot.html)"
207.46.13.127 - - [16/Jul/2021:15:39:41 +0200] "GET /-p-31042.html HTTP/1.0" 200 70197 "-" "Mozilla/5.0 (compatible; bingbot/2.0; +http://www.bing.com/bingbot.htm)"
54.236.1.11 - - [16/Jul/2021:15:39:57 +0200] "GET /images/1399984234846.jpg HTTP/1.0" 200 259 "-" "Mozilla/5.0 (compatible; Pinterestbot/1.0; +http://www.pinterest.com/bot.html)"
207.46.13.125 - - [16/Jul/2021:15:40:06 +0200] "GET /concrete-pencil-p-41579.html HTTP/1.0" 200 72817 "-" "Mozilla/5.0 (compatible; bingbot/2.0; +http://www.bing.com/bingbot.htm)"
207.46.13.142 - - [16/Jul/2021:15:40:31 +0200] "GET /tin-and-metal-signs-c-13_130.html HTTP/1.0" 301 94222 "-" "Mozilla/5.0 (compatible; bingbot/2.0; +http://www.bing.com/bingbot.htm)"
54.36.148.242 - - [16/Jul/2021:15:40:35 +0200] "GET /harley-davidson-slim-lighter-p-37650.html HTTP/1.0" 200 73317 "-" "Mozilla/5.0 (compatible; AhrefsBot/7.0; +http://ahrefs.com/robot/)"
157.55.39.121 - - [16/Jul/2021:15:40:38 +0200] "GET /-p-17554.html HTTP/1.0" 200 70197 "-" "Mozilla/5.0 (compatible; bingbot/2.0; +http://www.bing.com/bingbot.htm)"
40.77.167.36 - - [16/Jul/2021:15:40:49 +0200] "GET /zippo-genuine-flints-p-29791.html HTTP/1.0" 200 72954 "-" "Mozilla/5.0 (compatible; bingbot/2.0; +http://www.bing.com/bingbot.htm)"
40.77.167.36 - - [16/Jul/2021:15:40:51 +0200] "GET /-p-32490.html HTTP/1.0" 200 70197 "-" "Mozilla/5.0 (compatible; bingbot/2.0; +http://www.bing.com/bingbot.htm)"
207.46.13.65 - - [16/Jul/2021:15:40:59 +0200] "GET /-p-40488.html HTTP/1.0" 200 70197 "-" "Mozilla/5.0 (compatible; bingbot/2.0; +http://www.bing.com/bingbot.htm)"
13.66.139.0 - - [16/Jul/2021:15:41:08 +0200] "GET /stars-wars-darth-vader-phone-cover-for-iphone-or-p-15371.html HTTP/1.0" 301 73062 "-" "Mozilla/5.0 (compatible; bingbot/2.0; +http://www.bing.com/bingbot.htm)"
40.77.167.36 - - [16/Jul/2021:15:41:29 +0200] "GET /surfer-shells-wall-sticker-p-36400.html HTTP/1.0" 200 72966 "-" "Mozilla/5.0 (compatible; bingbot/2.0; +http://www.bing.com/bingbot.htm)"
40.77.167.36 - - [16/Jul/2021:15:42:08 +0200] "GET /-p-28806.html HTTP/1.0" 200 70197 "-" "Mozilla/5.0 (compatible; bingbot/2.0; +http://www.bing.com/bingbot.htm)"
185.191.171.6 - - [16/Jul/2021:15:42:10 +0200] "GET /cbkration-toiletry-p-41270.html HTTP/1.0" 200 72946 "-" "Mozilla/5.0 (compatible; SemrushBot/7~bl; +http://www.semrush.com/bot.html)"
54.36.148.242 - - [16/Jul/2021:15:42:10 +0200] "GET /tibetan-treasure-hand-painted-flowers-p-54960.html HTTP/1.0" 200 74273 "-" "Mozilla/5.0 (compatible; AhrefsBot/7.0; +http://ahrefs.com/robot/)"
157.55.39.145 - - [16/Jul/2021:15:42:29 +0200] "GET /betty-boop-stars-mobile-sock-p-18335.html HTTP/1.0" 200 73049 "-" "Mozilla/5.0 (compatible; bingbot/2.0; +http://www.bing.com/bingbot.htm)"
207.46.13.125 - - [16/Jul/2021:15:42:46 +0200] "GET /-p-29761.html HTTP/1.0" 200 70197 "-" "Mozilla/5.0 (compatible; bingbot/2.0; +http://www.bing.com/bingbot.htm)"
185.191.171.7 - - [16/Jul/2021:15:42:54 +0200] "GET /flower-braided-willow-p-49691.html?action=add_product HTTP/1.0" 302 476 "-" "Mozilla/5.0 (compatible; SemrushBot/7~bl; +http://www.semrush.com/bot.html)"
207.46.13.142 - - [16/Jul/2021:15:43:11 +0200] "GET /frozen-small-walk-p-29531.html HTTP/1.0" 200 70273 "-" "Mozilla/5.0 (compatible; bingbot/2.0; +http://www.bing.com/bingbot.htm)"
54.36.148.142 - - [16/Jul/2021:15:43:37 +0200] "GET /teddy-bear-blue-baby-p-30432.html HTTP/1.0" 301 70264 "-" "Mozilla/5.0 (compatible; AhrefsBot/7.0; +http://ahrefs.com/robot/)"
54.36.148.242 - - [16/Jul/2021:15:43:41 +0200] "GET /bamboo-fiber-plant-cover-p-55174.html HTTP/1.0" 200 73470 "-" "Mozilla/5.0 (compatible; AhrefsBot/7.0; +http://ahrefs.com/robot/)"
185.191.171.15 - - [16/Jul/2021:15:44:00 +0200] "GET /olivier-soap-soap-p-40112.html?action=add_product HTTP/1.0" 302 476 "-" "Mozilla/5.0 (compatible; SemrushBot/7~bl; +http://www.semrush.com/bot.html)"
185.191.171.7 - - [16/Jul/2021:15:44:29 +0200] "GET /tibetan-treasure-hand-painted-flowers-p-54960.html HTTP/1.0" 200 74273 "-" "Mozilla/5.0 (compatible; SemrushBot/7~bl; +http://www.semrush.com/bot.html)"
17.121.115.222 - - [16/Jul/2021:15:44:29 +0200] "GET /line-phone-cover-iphone-p-14763.html HTTP/1.0" 200 73652 "-" "Mozilla/5.0 (Macintosh; Intel Mac OS X 10_15_5) AppleWebKit/605.1.15 (KHTML, like Gecko) Version/13.1.1 Safari/605.1.15 (Applebot/0.1; +http://www.apple.com/go/applebot)"
207.46.13.125 - - [16/Jul/2021:15:44:46 +0200] "GET /vespa-red-keyring-p-12322.html HTTP/1.0" 301 70327 "-" "Mozilla/5.0 (compatible; bingbot/2.0; +http://www.bing.com/bingbot.htm)"
216.244.66.242 - - [16/Jul/2021:15:44:57 +0200] "GET /bodega-bottle-stoppers-p-39485.html HTTP/1.0" 200 72816 "-" "Mozilla/5.0 (compatible; DotBot/1.2; +https://opensiteexplorer.org/dotbot; help@moz.com)"
207.46.13.127 - - [16/Jul/2021:15:45:01 +0200] "GET /tweety-clock-p-17436.html HTTP/1.0" 200 72717 "-" "Mozilla/5.0 (compatible; bingbot/2.0; +http://www.bing.com/bingbot.htm)"
54.36.148.242 - - [16/Jul/2021:15:45:13 +0200] "GET /flamingo-trivet-p-43939.html HTTP/1.0" 200 72770 "-" "Mozilla/5.0 (compatible; AhrefsBot/7.0; +http://ahrefs.com/robot/)"
216.244.66.242 - - [16/Jul/2021:15:45:27 +0200] "GET /barbecue-party-cutting-board-p-42579.html HTTP/1.0" 200 72877 "-" "Mozilla/5.0 (compatible; DotBot/1.2; +https://opensiteexplorer.org/dotbot; help@moz.com)"
185.191.171.44 - - [16/Jul/2021:15:45:39 +0200] "GET /cats-dubout-coasters-p-40037.html?action=add_product HTTP/1.0" 302 476 "-" "Mozilla/5.0 (compatible; SemrushBot/7~bl; +http://www.semrush.com/bot.html)"
147.92.153.13 - - [16/Jul/2021:15:45:46 +0200] "GET /images/big_prod_1/3700281645873a.jpg HTTP/1.0" 200 271 "-" "Mozilla/5.0 (compatible; Linespider/1.1; +https://lin.ee/4dwXkTH)"
216.244.66.242 - - [16/Jul/2021:15:45:48 +0200] "GET /kimmidoll-honoka-bangle-p-15852.html HTTP/1.0" 200 73861 "-" "Mozilla/5.0 (compatible; DotBot/1.2; +https://opensiteexplorer.org/dotbot; help@moz.com)"
40.77.167.36 - - [16/Jul/2021:15:46:09 +0200] "GET /cars-backpack-p-13339.html HTTP/1.0" 200 73151 "-" "Mozilla/5.0 (compatible; bingbot/2.0; +http://www.bing.com/bingbot.htm)"
185.191.171.5 - - [16/Jul/2021:15:46:45 +0200] "GET /decoration-musical-notes-p-21331.html?action=add_product HTTP/1.0" 302 476 "-" "Mozilla/5.0 (compatible; SemrushBot/7~bl; +http://www.semrush.com/bot.html)"
54.36.148.242 - - [16/Jul/2021:15:46:46 +0200] "GET /cotton-towel-bodega-retro-style-p-40739.html HTTP/1.0" 200 72911 "-" "Mozilla/5.0 (compatible; AhrefsBot/7.0; +http://ahrefs.com/robot/)"
157.55.39.78 - - [16/Jul/2021:15:46:55 +0200] "GET /polar-blanket-beige-240-220-cm-p-39013.html HTTP/1.0" 301 70264 "-" "Mozilla/5.0 (compatible; bingbot/2.0; +http://www.bing.com/bingbot.htm)"
40.77.167.36 - - [16/Jul/2021:15:47:19 +0200] "GET /lois-motorcycling-wallet-p-38160.html HTTP/1.0" 200 73799 "-" "Mozilla/5.0 (compatible; bingbot/2.0; +http://www.bing.com/bingbot.htm)"
207.46.13.125 - - [16/Jul/2021:15:47:44 +0200] "GET /js/jquery.js HTTP/1.0" 200 252 "-" "Mozilla/5.0 (compatible; bingbot/2.0; +http://www.bing.com/bingbot.htm)"
157.55.39.78 - - [16/Jul/2021:15:47:48 +0200] "GET /50-years-of-friendship-winnie-the-pooh-and-piglet-figurine-p-37679.html HTTP/1.0" 301 73744 "-" "Mozilla/5.0 (compatible; bingbot/2.0; +http://www.bing.com/bingbot.htm)"
207.46.13.125 - - [16/Jul/2021:15:48:06 +0200] "GET /funny-pets-mobile-sock-p-33094.html HTTP/1.0" 200 73005 "-" "Mozilla/5.0 (compatible; bingbot/2.0; +http://www.bing.com/bingbot.htm)"
54.36.148.242 - - [16/Jul/2021:15:48:18 +0200] "GET /medusa-glass-paperweight-p-51430.html HTTP/1.0" 200 72841 "-" "Mozilla/5.0 (compatible; AhrefsBot/7.0; +http://ahrefs.com/robot/)"
40.77.167.36 - - [16/Jul/2021:15:48:29 +0200] "GET /dora-explorer-picnic-p-16808.html HTTP/1.0" 200 74075 "-" "Mozilla/5.0 (compatible; bingbot/2.0; +http://www.bing.com/bingbot.htm)"
207.46.13.51 - - [16/Jul/2021:15:48:38 +0200] "GET /-p-5172.html HTTP/1.0" 200 70195 "-" "Mozilla/5.0 (compatible; bingbot/2.0; +http://www.bing.com/bingbot.htm)"
185.191.171.2 - - [16/Jul/2021:15:49:09 +0200] "GET /specials.php?page=69 HTTP/1.0" 200 123711 "-" "Mozilla/5.0 (compatible; SemrushBot/7~bl; +http://www.semrush.com/bot.html)"
157.55.39.145 - - [16/Jul/2021:15:49:10 +0200] "GET /betty-boop-beach-towel-p-14858.html HTTP/1.0" 301 70264 "-" "Mozilla/5.0 (compatible; bingbot/2.0; +http://www.bing.com/bingbot.htm)"
185.191.171.2 - - [16/Jul/2021:15:49:14 +0200] "GET /bamboo-pitcher-veux-soleil-liter-p-45484.html HTTP/1.0" 200 73115 "-" "Mozilla/5.0 (compatible; SemrushBot/7~bl; +http://www.semrush.com/bot.html)"
207.46.13.51 - - [16/Jul/2021:15:49:34 +0200] "GET /cruzado-money-box-by-cbkreation-p-24149.html HTTP/1.0" 301 73008 "-" "Mozilla/5.0 (compatible; bingbot/2.0; +http://www.bing.com/bingbot.htm)"
54.36.148.242 - - [16/Jul/2021:15:49:49 +0200] "GET /alarm-clock-rverie-alfons-mucha-p-54231.html HTTP/1.0" 200 73089 "-" "Mozilla/5.0 (compatible; AhrefsBot/7.0; +http://ahrefs.com/robot/)"
40.77.167.36 - - [16/Jul/2021:15:49:49 +0200] "GET /-m-98.html HTTP/1.0" 200 76488 "-" "Mozilla/5.0 (compatible; bingbot/2.0; +http://www.bing.com/bingbot.htm)"
207.46.13.127 - - [16/Jul/2021:15:50:02 +0200] "GET /tetsubin-black-teapot-japanese-05-liter-p-41375.html HTTP/1.0" 301 73279 "-" "Mozilla/5.0 (compatible; bingbot/2.0; +http://www.bing.com/bingbot.htm)"
66.249.66.216 - - [16/Jul/2021:15:50:15 +0200] "GET /flower-joris-collection-blue-p-54677.html HTTP/1.0" 200 72918 "-" "Mozilla/5.0 (Linux; Android 6.0.1; Nexus 5X Build/MMB29P) AppleWebKit/537.36 (KHTML, like Gecko) Chrome/91.0.4472.90 Mobile Safari/537.36 (compatible; Googlebot/2.1; +http://www.google.com/bot.html)"
66.249.66.220 - - [16/Jul/2021:15:50:16 +0200] "GET /peppa-pig-the-boards-of-stickers-p-32150.html HTTP/1.0" 301 70381 "-" "Mozilla/5.0 (compatible; Googlebot/2.1; +http://www.google.com/bot.html)"
157.55.39.78 - - [16/Jul/2021:15:50:15 +0200] "GET /harley-davidson-genuine-logo-tyre-lighter-p-45315.html HTTP/1.0" 200 74039 "-" "Mozilla/5.0 (compatible; bingbot/2.0; +http://www.bing.com/bingbot.htm)"
66.249.66.216 - - [16/Jul/2021:15:50:17 +0200] "GET /lavender-liquid-soap-dispenser-p-44975.html HTTP/1.0" 200 72935 "-" "Mozilla/5.0 (compatible; Googlebot/2.1; +http://www.google.com/bot.html)"
66.249.66.216 - - [16/Jul/2021:15:50:17 +0200] "GET /peppa-boards-stickers-p-32150.html HTTP/1.0" 200 70293 "-" "Mozilla/5.0 (compatible; Googlebot/2.1; +http://www.google.com/bot.html)"
