49.180.107.12 - - [16/Jul/2021:08:30:21 +0200] "GET /highslide/graphics/zoomout.cur HTTP/1.0" 200 614 "http://www.wonder-geek.com/ceramic-salt-with-spoon-paludier-p-50631.html" "Mozilla/5.0 (Windows NT 10.0; Win64; x64) AppleWebKit/537.36 (KHTML, like Gecko) Chrome/91.0.4472.124 Safari/537.36 Edg/91.0.864.67"
49.180.107.12 - - [16/Jul/2021:08:30:22 +0200] "GET /favicon.ico HTTP/1.0" 200 260 "http://www.wonder-geek.com/ceramic-salt-with-spoon-paludier-p-50631.html" "Mozilla/5.0 (Windows NT 10.0; Win64; x64) AppleWebKit/537.36 (KHTML, like Gecko) Chrome/91.0.4472.124 Safari/537.36 Edg/91.0.864.67"
157.55.39.127 - - [16/Jul/2021:08:30:38 +0200] "GET /-p-48086.html HTTP/1.0" 200 70197 "-" "Mozilla/5.0 (compatible; bingbot/2.0; +http://www.bing.com/bingbot.htm)"
54.36.148.242 - - [16/Jul/2021:08:31:04 +0200] "GET /kimmi-junior-sunshine-coin-purse-p-8738.html HTTP/1.0" 200 73064 "-" "Mozilla/5.0 (compatible; AhrefsBot/7.0; +http://ahrefs.com/robot/)"
207.46.13.125 - - [16/Jul/2021:08:31:04 +0200] "GET /nesting-dolls-p-51469.html HTTP/1.0" 200 72845 "-" "Mozilla/5.0 (compatible; bingbot/2.0; +http://www.bing.com/bingbot.htm)"
66.249.72.170 - - [16/Jul/2021:08:31:22 +0200] "GET /american-orange-p-33102.html HTTP/1.0" 200 72869 "-" "Mozilla/5.0 (Linux; Android 6.0.1; Nexus 5X Build/MMB29P) AppleWebKit/537.36 (KHTML, like Gecko) Chrome/91.0.4472.90 Mobile Safari/537.36 (compatible; Googlebot/2.1; +http://www.google.com/bot.html)"
185.191.171.17 - - [16/Jul/2021:08:31:38 +0200] "GET /owl-glitter-statue-13-cm-p-40168.html HTTP/1.0" 301 70344 "-" "Mozilla/5.0 (compatible; SemrushBot/7~bl; +http://www.semrush.com/bot.html)"
185.191.171.11 - - [16/Jul/2021:08:31:40 +0200] "GET /glitter-statue-p-40168.html HTTP/1.0" 200 70263 "-" "Mozilla/5.0 (compatible; SemrushBot/7~bl; +http://www.semrush.com/bot.html)"
185.191.171.11 - - [16/Jul/2021:08:31:42 +0200] "GET /live-ride-cbkreation-p-30663.html HTTP/1.0" 200 72887 "-" "Mozilla/5.0 (compatible; SemrushBot/7~bl; +http://www.semrush.com/bot.html)"
114.119.132.105 - - [16/Jul/2021:08:31:50 +0200] "GET /kitchen-mat-60-45-cm-p-51896.html HTTP/1.0" 301 72979 "-" "Mozilla/5.0 (Linux; Android 7.0;) AppleWebKit/537.36 (KHTML, like Gecko) Mobile Safari/537.36 (compatible; PetalBot;+https://webmaster.petalsearch.com/site/petalbot)"
114.119.132.105 - - [16/Jul/2021:08:31:51 +0200] "GET /kitchen-p-51896.html HTTP/1.0" 200 72905 "-" "Mozilla/5.0 (Linux; Android 7.0;) AppleWebKit/537.36 (KHTML, like Gecko) Mobile Safari/537.36 (compatible; PetalBot;+https://webmaster.petalsearch.com/site/petalbot)"
40.77.167.36 - - [16/Jul/2021:08:32:34 +0200] "GET /tetsubin-green-teapot-japanese-liter-p-37197.html HTTP/1.0" 200 73208 "-" "Mozilla/5.0 (compatible; bingbot/2.0; +http://www.bing.com/bingbot.htm)"
185.191.171.16 - - [16/Jul/2021:08:32:45 +0200] "GET /small-statuette-marie-dore-p-55485.html HTTP/1.0" 200 73554 "-" "Mozilla/5.0 (compatible; SemrushBot/7~bl; +http://www.semrush.com/bot.html)"
114.119.144.233 - - [16/Jul/2021:08:33:02 +0200] "GET /cats-dubout-photo-frame-threesome-p-33752.html HTTP/1.0" 200 74217 "-" "Mozilla/5.0 (Linux; Android 7.0;) AppleWebKit/537.36 (KHTML, like Gecko) Mobile Safari/537.36 (compatible; PetalBot;+https://webmaster.petalsearch.com/site/petalbot)"
54.36.148.242 - - [16/Jul/2021:08:33:07 +0200] "GET /desk-blotter-c-129_190.html HTTP/1.0" 200 69274 "-" "Mozilla/5.0 (compatible; AhrefsBot/7.0; +http://ahrefs.com/robot/)"
157.55.39.127 - - [16/Jul/2021:08:33:09 +0200] "GET /glass-cutting-board-cbkreation-p-51304.html HTTP/1.0" 200 72903 "-" "Mozilla/5.0 (compatible; bingbot/2.0; +http://www.bing.com/bingbot.htm)"
207.46.13.51 - - [16/Jul/2021:08:33:14 +0200] "GET /-p-24630.html HTTP/1.0" 200 70197 "-" "Mozilla/5.0 (compatible; bingbot/2.0; +http://www.bing.com/bingbot.htm)"
157.55.39.121 - - [16/Jul/2021:08:33:19 +0200] "GET /barbapapa-pink-kids-school-bag-p-14471.html HTTP/1.0" 301 73238 "-" "Mozilla/5.0 (compatible; bingbot/2.0; +http://www.bing.com/bingbot.htm)"
207.46.13.51 - - [16/Jul/2021:08:33:31 +0200] "GET /images/4008789052636.jpg HTTP/1.0" 200 259 "-" "Mozilla/5.0 (compatible; bingbot/2.0; +http://www.bing.com/bingbot.htm)"
66.249.72.166 - - [16/Jul/2021:08:33:38 +0200] "GET /frozen-lunch-bottle-p-31687.html HTTP/1.0" 200 74695 "-" "Mozilla/5.0 (compatible; Googlebot/2.1; +http://www.google.com/bot.html)"
49.7.20.118 - - [16/Jul/2021:08:33:43 +0200] "GET / HTTP/1.0" 200 95316 "-" "Sogou web spider/4.0(+http://www.sogou.com/docs/help/webmasters.htm#07)"
40.77.167.77 - - [16/Jul/2021:08:34:00 +0200] "GET /doc-mcstuffins-poster-p-30882.html HTTP/1.0" 301 72920 "-" "Mozilla/5.0 (compatible; bingbot/2.0; +http://www.bing.com/bingbot.htm)"
157.55.39.124 - - [16/Jul/2021:08:34:13 +0200] "GET /london-stamp-cushion-p-26110.html HTTP/1.0" 200 73072 "-" "Mozilla/5.0 (compatible; bingbot/2.0; +http://www.bing.com/bingbot.htm)"
185.191.171.25 - - [16/Jul/2021:08:34:13 +0200] "GET /tin-candle-heart-and-home-christmas-tree-p-49945.html HTTP/1.0" 301 70434 "-" "Mozilla/5.0 (compatible; SemrushBot/7~bl; +http://www.semrush.com/bot.html)"
185.191.171.1 - - [16/Jul/2021:08:34:16 +0200] "GET /candle-heart-home-christmas-tree-p-49945.html HTTP/1.0" 200 70335 "-" "Mozilla/5.0 (compatible; SemrushBot/7~bl; +http://www.semrush.com/bot.html)"
207.46.13.65 - - [16/Jul/2021:08:34:48 +0200] "GET /golden-pentagon-mirror-p-48540.html HTTP/1.0" 200 72887 "-" "Mozilla/5.0 (compatible; bingbot/2.0; +http://www.bing.com/bingbot.htm)"
207.46.13.65 - - [16/Jul/2021:08:34:50 +0200] "GET /finding-dory-homework-notebooks-p-40846.html HTTP/1.0" 200 73223 "-" "Mozilla/5.0 (compatible; bingbot/2.0; +http://www.bing.com/bingbot.htm)"
114.119.129.36 - - [16/Jul/2021:08:34:59 +0200] "GET /glass-cutting-board-by-cbkreation-p-51343.html HTTP/1.0" 301 73000 "-" "Mozilla/5.0 (Linux; Android 7.0;) AppleWebKit/537.36 (KHTML, like Gecko) Mobile Safari/537.36 (compatible; PetalBot;+https://webmaster.petalsearch.com/site/petalbot)"
114.119.129.36 - - [16/Jul/2021:08:35:00 +0200] "GET /glass-cutting-board-cbkreation-p-51343.html HTTP/1.0" 200 72903 "-" "Mozilla/5.0 (Linux; Android 7.0;) AppleWebKit/537.36 (KHTML, like Gecko) Mobile Safari/537.36 (compatible; PetalBot;+https://webmaster.petalsearch.com/site/petalbot)"
54.36.148.242 - - [16/Jul/2021:08:35:13 +0200] "GET / HTTP/1.0" 200 95428 "-" "Mozilla/5.0 (compatible; AhrefsBot/7.0; +http://ahrefs.com/robot/)"
207.46.13.125 - - [16/Jul/2021:08:35:17 +0200] "GET /article-classified-the-spongebob-metal-suitcase-p-47968.html HTTP/1.0" 301 73856 "-" "Mozilla/5.0 (compatible; bingbot/2.0; +http://www.bing.com/bingbot.htm)"
185.191.171.20 - - [16/Jul/2021:08:35:22 +0200] "GET /little-prince-eyeglass-case-p-45822.html?action=add_product HTTP/1.0" 302 476 "-" "Mozilla/5.0 (compatible; SemrushBot/7~bl; +http://www.semrush.com/bot.html)"
185.191.171.42 - - [16/Jul/2021:08:35:35 +0200] "GET /cushion-cover-parakeet-p-51363.html HTTP/1.0" 200 70279 "-" "Mozilla/5.0 (compatible; SemrushBot/7~bl; +http://www.semrush.com/bot.html)"
40.77.167.77 - - [16/Jul/2021:08:35:50 +0200] "GET /toucan-money-green-p-47935.html HTTP/1.0" 200 72881 "-" "Mozilla/5.0 (compatible; bingbot/2.0; +http://www.bing.com/bingbot.htm)"
66.249.72.168 - - [16/Jul/2021:08:35:54 +0200] "GET /dora-explorer-picnic-p-16808.html HTTP/1.0" 200 74075 "-" "Mozilla/5.0 (compatible; Googlebot/2.1; +http://www.google.com/bot.html)"
157.55.39.121 - - [16/Jul/2021:08:36:07 +0200] "GET /mouseion-collection-the-gayer-anderson-cat-resin-figure-p-34111.html HTTP/1.0" 301 73266 "-" "Mozilla/5.0 (compatible; bingbot/2.0; +http://www.bing.com/bingbot.htm)"
185.191.171.36 - - [16/Jul/2021:08:36:10 +0200] "GET /tetsubin-teapot-japanese-liter-p-54015.html HTTP/1.0" 200 73250 "-" "Mozilla/5.0 (compatible; SemrushBot/7~bl; +http://www.semrush.com/bot.html)"
157.55.39.124 - - [16/Jul/2021:08:36:13 +0200] "GET /metal-clock-projector-p-47983.html HTTP/1.0" 200 73586 "-" "Mozilla/5.0 (compatible; bingbot/2.0; +http://www.bing.com/bingbot.htm)"
66.249.72.168 - - [16/Jul/2021:08:36:14 +0200] "GET /le-reve-est-le-luxe-de-la-pensee-wall-sticker-p-39313.html HTTP/1.0" 301 73833 "-" "Mozilla/5.0 (compatible; Googlebot/2.1; +http://www.google.com/bot.html)"
66.249.72.166 - - [16/Jul/2021:08:36:15 +0200] "GET /luxe-pense-wall-sticker-p-39313.html HTTP/1.0" 200 73743 "-" "Mozilla/5.0 (compatible; Googlebot/2.1; +http://www.google.com/bot.html)"
40.77.167.36 - - [16/Jul/2021:08:36:24 +0200] "GET /-p-25786.html HTTP/1.0" 200 70197 "-" "Mozilla/5.0 (compatible; bingbot/2.0; +http://www.bing.com/bingbot.htm)"
114.119.158.196 - - [16/Jul/2021:08:36:42 +0200] "GET /retro-brown-wooden-wall-hook-p-41837.html HTTP/1.0" 301 70264 "-" "Mozilla/5.0 (Linux; Android 7.0;) AppleWebKit/537.36 (KHTML, like Gecko) Mobile Safari/537.36 (compatible; PetalBot;+https://webmaster.petalsearch.com/site/petalbot)"
207.46.13.51 - - [16/Jul/2021:08:36:42 +0200] "GET /marsupilami-figures-tube-p-22572.html HTTP/1.0" 200 70323 "-" "Mozilla/5.0 (compatible; bingbot/2.0; +http://www.bing.com/bingbot.htm)"
114.119.158.196 - - [16/Jul/2021:08:36:43 +0200] "GET /-p-41837.html HTTP/1.0" 200 70197 "-" "Mozilla/5.0 (Linux; Android 7.0;) AppleWebKit/537.36 (KHTML, like Gecko) Mobile Safari/537.36 (compatible; PetalBot;+https://webmaster.petalsearch.com/site/petalbot)"
185.191.171.10 - - [16/Jul/2021:08:36:56 +0200] "GET /pinko-wooden-game-bottle-opener-p-53208.html?action=add_product HTTP/1.0" 302 476 "-" "Mozilla/5.0 (compatible; SemrushBot/7~bl; +http://www.semrush.com/bot.html)"
106.38.241.150 - - [16/Jul/2021:08:37:00 +0200] "GET / HTTP/1.0" 301 511 "-" "Sogou web spider/4.0(+http://www.sogou.com/docs/help/webmasters.htm#07)"
207.46.13.65 - - [16/Jul/2021:08:37:08 +0200] "GET /provence-soap-box-marseille-soap-10-65-35-cm-p-39424.html HTTP/1.0" 301 73302 "-" "Mozilla/5.0 (compatible; bingbot/2.0; +http://www.bing.com/bingbot.htm)"
54.36.148.242 - - [16/Jul/2021:08:37:15 +0200] "GET /charmmy-kitty-small-cosmetic-p-26658.html HTTP/1.0" 200 73138 "-" "Mozilla/5.0 (compatible; AhrefsBot/7.0; +http://ahrefs.com/robot/)"
40.77.167.77 - - [16/Jul/2021:08:37:16 +0200] "GET /-p-33075.html HTTP/1.0" 200 70197 "-" "Mozilla/5.0 (compatible; bingbot/2.0; +http://www.bing.com/bingbot.htm)"
207.46.13.127 - - [16/Jul/2021:08:37:30 +0200] "GET /-p-34597.html HTTP/1.0" 200 70197 "-" "Mozilla/5.0 (compatible; bingbot/2.0; +http://www.bing.com/bingbot.htm)"
157.90.247.91 - - [16/Jul/2021:08:37:47 +0200] "GET /astronaut-money-p-52312.html HTTP/1.0" 200 73379 "-" "Java/11.0.10"
157.90.247.91 - - [16/Jul/2021:08:37:47 +0200] "GET /indoor-fountains-c-13_272.html HTTP/1.0" 200 83155 "-" "Java/11.0.10"
157.90.247.91 - - [16/Jul/2021:08:37:48 +0200] "GET /singing-bowl-p-36058.html HTTP/1.0" 200 72785 "-" "Java/11.0.10"
157.90.247.91 - - [16/Jul/2021:08:37:49 +0200] "GET /peanuts-figure-p-11179.html HTTP/1.0" 200 72867 "-" "Java/11.0.10"
157.90.247.91 - - [16/Jul/2021:08:37:49 +0200] "GET /night-clothes-c-1_24.html HTTP/1.0" 200 69130 "-" "Java/11.0.10"
157.90.247.91 - - [16/Jul/2021:08:37:50 +0200] "GET /barbapapa-wooden-p-16076.html HTTP/1.0" 200 72981 "-" "Java/11.0.10"
157.90.247.91 - - [16/Jul/2021:08:37:50 +0200] "GET /bracelets-c-3_200.html HTTP/1.0" 200 90758 "-" "Java/11.0.10"
157.90.247.91 - - [16/Jul/2021:08:37:51 +0200] "GET /ultron-mask-p-32442.html HTTP/1.0" 200 72919 "-" "Java/11.0.10"
157.90.247.91 - - [16/Jul/2021:08:37:51 +0200] "GET /trunks-c-13_208.html?page=2 HTTP/1.0" 200 90003 "-" "Java/11.0.10"
157.90.247.91 - - [16/Jul/2021:08:37:52 +0200] "GET /musical-jewelry-p-42719.html HTTP/1.0" 200 72939 "-" "Java/11.0.10"
157.90.247.91 - - [16/Jul/2021:08:37:52 +0200] "GET /glasses-case-c-31_164.html HTTP/1.0" 200 90578 "-" "Java/11.0.10"
157.90.247.91 - - [16/Jul/2021:08:37:53 +0200] "GET /password_forgotten.php HTTP/1.0" 200 71338 "-" "Java/11.0.10"
157.90.247.91 - - [16/Jul/2021:08:37:53 +0200] "GET /towels-napkins-c-11_177.html HTTP/1.0" 200 92418 "-" "Java/11.0.10"
157.90.247.91 - - [16/Jul/2021:08:37:53 +0200] "GET /marseille-money-p-42894.html HTTP/1.0" 200 72781 "-" "Java/11.0.10"
157.90.247.91 - - [16/Jul/2021:08:37:54 +0200] "GET /tray-p-45566.html HTTP/1.0" 200 72785 "-" "Java/11.0.10"
157.90.247.91 - - [16/Jul/2021:08:37:54 +0200] "GET /ladybug-moneybox-p-37738.html HTTP/1.0" 200 73381 "-" "Java/11.0.10"
157.90.247.91 - - [16/Jul/2021:08:37:55 +0200] "GET /money-boxes-c-13_83.html?page=7 HTTP/1.0" 200 93680 "-" "Java/11.0.10"
157.90.247.91 - - [16/Jul/2021:08:37:56 +0200] "GET /magnets-c-13_134.html?page=6 HTTP/1.0" 200 92753 "-" "Java/11.0.10"
157.90.247.91 - - [16/Jul/2021:08:37:56 +0200] "GET /digipenguin-p-30677.html HTTP/1.0" 200 73429 "-" "Java/11.0.10"
157.90.247.91 - - [16/Jul/2021:08:37:57 +0200] "GET /money-boxes-c-13_83.html?page=3 HTTP/1.0" 200 92889 "-" "Java/11.0.10"
49.12.34.109 - - [16/Jul/2021:08:37:59 +0200] "GET /leopard-money-p-47937.html HTTP/1.0" 200 72871 "-" "Java/11.0.10"
49.12.34.109 - - [16/Jul/2021:08:37:59 +0200] "GET /cushion-covers-c-11_71_284.html HTTP/1.0" 200 89731 "-" "Java/11.0.10"
49.12.34.109 - - [16/Jul/2021:08:38:00 +0200] "GET /handy-manny-figure-p-6922.html HTTP/1.0" 200 72882 "-" "Java/11.0.10"
49.12.34.109 - - [16/Jul/2021:08:38:00 +0200] "GET /bakugan-placemat-p-17143.html HTTP/1.0" 200 72867 "-" "Java/11.0.10"
49.12.34.109 - - [16/Jul/2021:08:38:01 +0200] "GET /products_new.php?page=8 HTTP/1.0" 200 94885 "-" "Java/11.0.10"
157.55.39.124 - - [16/Jul/2021:08:38:01 +0200] "GET /asterix-and-obelix-fulliautomatix-figure-p-15704.html HTTP/1.0" 301 70486 "-" "Mozilla/5.0 (compatible; bingbot/2.0; +http://www.bing.com/bingbot.htm)"
49.12.34.109 - - [16/Jul/2021:08:38:02 +0200] "GET /specials.php?page=10 HTTP/1.0" 200 126028 "-" "Java/11.0.10"
49.12.34.109 - - [16/Jul/2021:08:38:03 +0200] "GET /bell-wall-bell-c-13_270.html HTTP/1.0" 200 89253 "-" "Java/11.0.10"
49.12.34.109 - - [16/Jul/2021:08:38:03 +0200] "GET /megaphone-brass-p-47454.html HTTP/1.0" 200 72784 "-" "Java/11.0.10"
49.12.34.109 - - [16/Jul/2021:08:38:04 +0200] "GET /flower-foot-p-55588.html HTTP/1.0" 200 72768 "-" "Java/11.0.10"
49.12.34.109 - - [16/Jul/2021:08:38:04 +0200] "GET /devil-woman-shirt-p-30772.html HTTP/1.0" 200 74750 "-" "Java/11.0.10"
49.12.34.109 - - [16/Jul/2021:08:38:05 +0200] "GET /vase-soliflore-c-13_232.html HTTP/1.0" 200 89912 "-" "Java/11.0.10"
49.12.34.109 - - [16/Jul/2021:08:38:05 +0200] "GET /large-bowl-p-53015.html HTTP/1.0" 200 72698 "-" "Java/11.0.10"
49.12.34.109 - - [16/Jul/2021:08:38:06 +0200] "GET /beatles-cosmetic-p-7114.html HTTP/1.0" 200 73053 "-" "Java/11.0.10"
49.12.34.109 - - [16/Jul/2021:08:38:06 +0200] "GET /coat-hook-c-13_198.html HTTP/1.0" 200 90433 "-" "Java/11.0.10"
49.12.34.109 - - [16/Jul/2021:08:38:07 +0200] "GET /large-bowl-p-53017.html HTTP/1.0" 200 72697 "-" "Java/11.0.10"
49.12.34.109 - - [16/Jul/2021:08:38:07 +0200] "GET /home-decoration-c-13.html HTTP/1.0" 200 91559 "-" "Java/11.0.10"
49.12.34.109 - - [16/Jul/2021:08:38:08 +0200] "GET /dishes-c-12.html HTTP/1.0" 200 91225 "-" "Java/11.0.10"
49.12.34.109 - - [16/Jul/2021:08:38:09 +0200] "GET /office-items-c-97_100.html HTTP/1.0" 200 90257 "-" "Java/11.0.10"
49.12.34.109 - - [16/Jul/2021:08:38:09 +0200] "GET /headrest-cushion-p-51959.html HTTP/1.0" 200 73474 "-" "Java/11.0.10"
49.12.34.109 - - [16/Jul/2021:08:38:10 +0200] "GET /-i-17.html HTTP/1.0" 200 99354 "-" "Java/11.0.10"
66.249.72.168 - - [16/Jul/2021:08:38:11 +0200] "GET /dora-explorer-picnic-p-16808.html HTTP/1.0" 200 74075 "-" "Mozilla/5.0 (Linux; Android 6.0.1; Nexus 5X Build/MMB29P) AppleWebKit/537.36 (KHTML, like Gecko) Chrome/91.0.4472.90 Mobile Safari/537.36 (compatible; Googlebot/2.1; +http://www.google.com/bot.html)"
66.249.72.166 - - [16/Jul/2021:08:38:13 +0200] "GET /embossed-shoulder-brought-love-p-32777.html HTTP/1.0" 200 74161 "-" "Mozilla/5.0 (Linux; Android 6.0.1; Nexus 5X Build/MMB29P) AppleWebKit/537.36 (KHTML, like Gecko) Chrome/91.0.4472.90 Mobile Safari/537.36 (compatible; Googlebot/2.1; +http://www.google.com/bot.html)"
185.191.171.13 - - [16/Jul/2021:08:38:18 +0200] "GET /large-sandstone-vase-p-52315.html HTTP/1.0" 200 70279 "-" "Mozilla/5.0 (compatible; SemrushBot/7~bl; +http://www.semrush.com/bot.html)"
66.249.72.168 - - [16/Jul/2021:08:38:22 +0200] "GET /embossed-shoulder-brought-love-p-32777.html HTTP/1.0" 200 74161 "-" "Mozilla/5.0 (Linux; Android 6.0.1; Nexus 5X Build/MMB29P) AppleWebKit/537.36 (KHTML, like Gecko) Chrome/91.0.4472.90 Mobile Safari/537.36 (compatible; Googlebot/2.1; +http://www.google.com/bot.html)"
66.249.72.168 - - [16/Jul/2021:08:38:22 +0200] "GET /js/jquery.js HTTP/1.0" 200 252 "http://www.wonder-geek.com/embossed-shoulder-brought-love-p-32777.html" "Mozilla/5.0 (Linux; Android 6.0.1; Nexus 5X Build/MMB29P) AppleWebKit/537.36 (KHTML, like Gecko) Chrome/91.0.4472.90 Mobile Safari/537.36 (compatible; Googlebot/2.1; +http://www.google.com/bot.html)"
66.249.72.166 - - [16/Jul/2021:08:38:23 +0200] "GET /js/jquery.jqzoom.js HTTP/1.0" 200 259 "http://www.wonder-geek.com/embossed-shoulder-brought-love-p-32777.html" "Mozilla/5.0 (Linux; Android 6.0.1; Nexus 5X Build/MMB29P) AppleWebKit/537.36 (KHTML, like Gecko) Chrome/91.0.4472.90 Mobile Safari/537.36 (compatible; Googlebot/2.1; +http://www.google.com/bot.html)"
66.249.72.168 - - [16/Jul/2021:08:38:23 +0200] "GET /mondial_relay/js/jquery-1.3.2.min.js HTTP/1.0" 200 276 "http://www.wonder-geek.com/embossed-shoulder-brought-love-p-32777.html" "Mozilla/5.0 (Linux; Android 6.0.1; Nexus 5X Build/MMB29P) AppleWebKit/537.36 (KHTML, like Gecko) Chrome/91.0.4472.90 Mobile Safari/537.36 (compatible; Googlebot/2.1; +http://www.google.com/bot.html)"
66.249.72.166 - - [16/Jul/2021:08:38:24 +0200] "GET /highslide/highslide.js HTTP/1.0" 200 262 "http://www.wonder-geek.com/embossed-shoulder-brought-love-p-32777.html" "Mozilla/5.0 (Linux; Android 6.0.1; Nexus 5X Build/MMB29P) AppleWebKit/537.36 (KHTML, like Gecko) Chrome/91.0.4472.90 Mobile Safari/537.36 (compatible; Googlebot/2.1; +http://www.google.com/bot.html)"
66.249.72.166 - - [16/Jul/2021:08:38:25 +0200] "GET /swfobject.js HTTP/1.0" 404 1308 "http://www.wonder-geek.com/embossed-shoulder-brought-love-p-32777.html" "Mozilla/5.0 (Linux; Android 6.0.1; Nexus 5X Build/MMB29P) AppleWebKit/537.36 (KHTML, like Gecko) Chrome/91.0.4472.90 Mobile Safari/537.36 (compatible; Googlebot/2.1; +http://www.google.com/bot.html)"
66.249.72.166 - - [16/Jul/2021:08:38:26 +0200] "GET /swfobject.js HTTP/1.0" 404 1308 "http://www.wonder-geek.com/embossed-shoulder-brought-love-p-32777.html" "Mozilla/5.0 (Linux; Android 6.0.1; Nexus 5X Build/MMB29P) AppleWebKit/537.36 (KHTML, like Gecko) Chrome/91.0.4472.90 Mobile Safari/537.36 (compatible; Googlebot/2.1; +http://www.google.com/bot.html)"
114.119.150.15 - - [16/Jul/2021:08:38:27 +0200] "GET /smiley-money-p-24006.html HTTP/1.0" 200 72724 "-" "Mozilla/5.0 (Linux; Android 7.0;) AppleWebKit/537.36 (KHTML, like Gecko) Mobile Safari/537.36 (compatible; PetalBot;+https://webmaster.petalsearch.com/site/petalbot)"
207.46.13.65 - - [16/Jul/2021:08:38:39 +0200] "GET /nici-snow-rabbit-lying-plush-p-33402.html HTTP/1.0" 200 70311 "-" "Mozilla/5.0 (compatible; bingbot/2.0; +http://www.bing.com/bingbot.htm)"
207.46.13.65 - - [16/Jul/2021:08:38:41 +0200] "GET /sloth-moneybox-p-52234.html HTTP/1.0" 200 73375 "-" "Mozilla/5.0 (compatible; bingbot/2.0; +http://www.bing.com/bingbot.htm)"
185.191.171.19 - - [16/Jul/2021:08:38:51 +0200] "GET /mustang-metal-plate-deco-p-41073.html HTTP/1.0" 200 72945 "-" "Mozilla/5.0 (compatible; SemrushBot/7~bl; +http://www.semrush.com/bot.html)"
157.55.39.124 - - [16/Jul/2021:08:38:53 +0200] "GET /-p-5101.html HTTP/1.0" 200 70195 "-" "Mozilla/5.0 (compatible; bingbot/2.0; +http://www.bing.com/bingbot.htm)"
40.77.167.36 - - [16/Jul/2021:08:38:58 +0200] "GET /teo-jasmin-large-cabas-jasmine-ski-black-p-38367.html HTTP/1.0" 301 73993 "-" "Mozilla/5.0 (compatible; bingbot/2.0; +http://www.bing.com/bingbot.htm)"
157.55.39.124 - - [16/Jul/2021:08:39:11 +0200] "GET /fitted-sheet-in-cotton-percale-80-threads-140-190-30-cm-p-48198.html HTTP/1.0" 301 73254 "-" "Mozilla/5.0 (compatible; bingbot/2.0; +http://www.bing.com/bingbot.htm)"
54.36.148.242 - - [16/Jul/2021:08:39:22 +0200] "GET /york-yankees-vertical-navy-shoulder-p-11589.html HTTP/1.0" 200 73381 "-" "Mozilla/5.0 (compatible; AhrefsBot/7.0; +http://ahrefs.com/robot/)"
66.102.9.239 - - [16/Jul/2021:08:39:44 +0200] "GET /images/big_prod/1328399282357b.jpg HTTP/1.0" 200 269 "-" "Mozilla/5.0 (Windows NT 5.1; rv:11.0) Gecko Firefox/11.0 (via ggpht.com GoogleImageProxy)"
185.191.171.15 - - [16/Jul/2021:08:40:26 +0200] "GET /aboriginal-figure-statuette-p-52231.html?action=add_product HTTP/1.0" 302 476 "-" "Mozilla/5.0 (compatible; SemrushBot/7~bl; +http://www.semrush.com/bot.html)"
66.249.72.166 - - [16/Jul/2021:08:40:27 +0200] "GET /article-classified-spongebob-metal-suitcase-p-47968.html HTTP/1.0" 200 73746 "-" "Mozilla/5.0 (compatible; Googlebot/2.1; +http://www.google.com/bot.html)"
185.191.171.40 - - [16/Jul/2021:08:40:49 +0200] "GET /little-prince-saint-exupery-bowl-p-55396.html HTTP/1.0" 200 72928 "-" "Mozilla/5.0 (compatible; SemrushBot/7~bl; +http://www.semrush.com/bot.html)"
157.55.39.124 - - [16/Jul/2021:08:41:03 +0200] "GET /small-school-caramel-p-55620.html HTTP/1.0" 200 73729 "-" "Mozilla/5.0 (compatible; bingbot/2.0; +http://www.bing.com/bingbot.htm)"
54.36.148.242 - - [16/Jul/2021:08:41:27 +0200] "GET /corsica-post-card-10x15-p-43563.html HTTP/1.0" 200 72806 "-" "Mozilla/5.0 (compatible; AhrefsBot/7.0; +http://ahrefs.com/robot/)"
190.214.30.43 - - [16/Jul/2021:08:41:39 +0200] "GET /contact_us.php HTTP/1.0" 200 26238 "http://www.wonder-geek.com/contact_us.php" "Mozilla/5.0 (Windows NT 6.1; Win64; x64) AppleWebKit/537.36 (KHTML, like Gecko) Chrome/83.0.4103.24 Safari/537.36 Edg/83.0.478.18"
190.214.30.43 - - [16/Jul/2021:08:41:41 +0200] "POST /contact_us.php?action=send HTTP/1.0" 200 26476 "http://www.wonder-geek.com/contact_us.php" "Mozilla/5.0 (Windows NT 6.1; Win64; x64) AppleWebKit/537.36 (KHTML, like Gecko) Chrome/83.0.4103.24 Safari/537.36 Edg/83.0.478.18"
114.119.147.45 - - [16/Jul/2021:08:41:43 +0200] "GET /retro-small-cool-bag-lunch-box-24-15-15-cm-p-41493.html HTTP/1.0" 301 70409 "-" "Mozilla/5.0 (Linux; Android 7.0;) AppleWebKit/537.36 (KHTML, like Gecko) Mobile Safari/537.36 (compatible; PetalBot;+https://webmaster.petalsearch.com/site/petalbot)"
114.119.147.45 - - [16/Jul/2021:08:41:44 +0200] "GET /rtro-small-cool-lunch-p-41493.html HTTP/1.0" 200 70321 "-" "Mozilla/5.0 (Linux; Android 7.0;) AppleWebKit/537.36 (KHTML, like Gecko) Mobile Safari/537.36 (compatible; PetalBot;+https://webmaster.petalsearch.com/site/petalbot)"
207.46.13.65 - - [16/Jul/2021:08:41:59 +0200] "GET /red-moneybox-safe-p-40192.html HTTP/1.0" 301 70264 "-" "Mozilla/5.0 (compatible; bingbot/2.0; +http://www.bing.com/bingbot.htm)"
66.249.72.170 - - [16/Jul/2021:08:42:10 +0200] "GET /mickey-mouse-ceramic-mug-p-28845.html HTTP/1.0" 301 70264 "-" "Mozilla/5.0 (compatible; Googlebot/2.1; +http://www.google.com/bot.html)"
66.249.72.166 - - [16/Jul/2021:08:42:11 +0200] "GET /-p-28845.html HTTP/1.0" 200 70197 "-" "Mozilla/5.0 (compatible; Googlebot/2.1; +http://www.google.com/bot.html)"
185.191.171.6 - - [16/Jul/2021:08:42:14 +0200] "GET /kitchen-p-51893.html HTTP/1.0" 200 72907 "-" "Mozilla/5.0 (compatible; SemrushBot/7~bl; +http://www.semrush.com/bot.html)"
207.46.13.65 - - [16/Jul/2021:08:42:19 +0200] "GET /long-sleeves-shirts-c-2_40.html HTTP/1.0" 200 69180 "-" "Mozilla/5.0 (compatible; bingbot/2.0; +http://www.bing.com/bingbot.htm)"
114.119.144.233 - - [16/Jul/2021:08:42:38 +0200] "GET /black-fancy-elastic-bracelet-p-43719.html HTTP/1.0" 200 72841 "-" "Mozilla/5.0 (Linux; Android 7.0;) AppleWebKit/537.36 (KHTML, like Gecko) Mobile Safari/537.36 (compatible; PetalBot;+https://webmaster.petalsearch.com/site/petalbot)"
66.249.72.166 - - [16/Jul/2021:08:42:45 +0200] "GET /article-classified-spongebob-metal-suitcase-p-47968.html HTTP/1.0" 200 73746 "-" "Mozilla/5.0 (Linux; Android 6.0.1; Nexus 5X Build/MMB29P) AppleWebKit/537.36 (KHTML, like Gecko) Chrome/91.0.4472.90 Mobile Safari/537.36 (compatible; Googlebot/2.1; +http://www.google.com/bot.html)"
51.68.224.127 - - [16/Jul/2021:08:42:50 +0200] "GET /adminweb/export_orders_xml.php?token=256de2z6edz6ed2z6DFSFsed2zed6zeDSFDSGdzedezfzf&maxorders=10&orderstart=1&status=14&start_date=2018-10-01 HTTP/1.0" 200 285 "-" "GesCom CharlotteBoutik Serveur"
51.68.224.127 - - [16/Jul/2021:08:42:50 +0200] "GET /adminweb/export_orders_xml.php?token=256de2z6edz6ed2z6DFSFsed2zed6zeDSFDSGdzedezfzf&maxorders=10&orderstart=1&status=6&start_date=2018-10-01 HTTP/1.0" 200 29786 "-" "GesCom CharlotteBoutik Serveur"
40.77.167.36 - - [16/Jul/2021:08:43:24 +0200] "GET /provence-soap-box-lavander-10-65-35-cm-p-39123.html HTTP/1.0" 301 73249 "-" "Mozilla/5.0 (compatible; bingbot/2.0; +http://www.bing.com/bingbot.htm)"
114.119.132.105 - - [16/Jul/2021:08:43:30 +0200] "GET /images/big_prod/8422057160025.jpg HTTP/1.0" 200 268 "-" "Mozilla/5.0 (Linux; Android 7.0;) AppleWebKit/537.36 (KHTML, like Gecko) Mobile Safari/537.36 (compatible; PetalBot;+https://webmaster.petalsearch.com/site/petalbot)"
54.36.148.242 - - [16/Jul/2021:08:43:33 +0200] "GET /corsica-post-card-10x15-p-43560.html HTTP/1.0" 200 72799 "-" "Mozilla/5.0 (compatible; AhrefsBot/7.0; +http://ahrefs.com/robot/)"
157.55.39.124 - - [16/Jul/2021:08:43:33 +0200] "GET /minnie-mouse-disney-suitcase-p-31207.html HTTP/1.0" 200 73298 "-" "Mozilla/5.0 (compatible; bingbot/2.0; +http://www.bing.com/bingbot.htm)"
185.191.171.25 - - [16/Jul/2021:08:43:38 +0200] "GET /trays-c-12_159.html?page=11 HTTP/1.0" 200 90866 "-" "Mozilla/5.0 (compatible; SemrushBot/7~bl; +http://www.semrush.com/bot.html)"
106.38.241.150 - - [16/Jul/2021:08:43:40 +0200] "GET / HTTP/1.0" 301 511 "-" "Sogou web spider/4.0(+http://www.sogou.com/docs/help/webmasters.htm#07)"
207.46.13.65 - - [16/Jul/2021:08:43:49 +0200] "GET /-p-33436.html HTTP/1.0" 200 70197 "-" "Mozilla/5.0 (compatible; bingbot/2.0; +http://www.bing.com/bingbot.htm)"
157.55.39.124 - - [16/Jul/2021:08:43:54 +0200] "GET /-p-29883.html HTTP/1.0" 200 70197 "-" "Mozilla/5.0 (compatible; bingbot/2.0; +http://www.bing.com/bingbot.htm)"
185.191.171.35 - - [16/Jul/2021:08:44:29 +0200] "GET /-p-44888.html?action=add_product HTTP/1.0" 302 476 "-" "Mozilla/5.0 (compatible; SemrushBot/7~bl; +http://www.semrush.com/bot.html)"
207.46.13.125 - - [16/Jul/2021:08:44:35 +0200] "GET /bodega-oven-mitt-p-51439.html HTTP/1.0" 200 72829 "-" "Mozilla/5.0 (compatible; bingbot/2.0; +http://www.bing.com/bingbot.htm)"
185.191.171.44 - - [16/Jul/2021:08:44:36 +0200] "GET /statuette-jesus-christ-sacred-heart-p-47136.html?action=add_product HTTP/1.0" 302 476 "-" "Mozilla/5.0 (compatible; SemrushBot/7~bl; +http://www.semrush.com/bot.html)"
157.55.39.124 - - [16/Jul/2021:08:44:54 +0200] "GET /helia-small-ashtray-p-47852.html HTTP/1.0" 200 72783 "-" "Mozilla/5.0 (compatible; bingbot/2.0; +http://www.bing.com/bingbot.htm)"
207.46.13.125 - - [16/Jul/2021:08:44:58 +0200] "GET /hello-kitty-little-red-embroidered-patch-p-13525.html HTTP/1.0" 301 73126 "-" "Mozilla/5.0 (compatible; bingbot/2.0; +http://www.bing.com/bingbot.htm)"
66.249.72.168 - - [16/Jul/2021:08:44:59 +0200] "GET /winx-picnic-p-17168.html HTTP/1.0" 200 73678 "-" "Mozilla/5.0 (compatible; Googlebot/2.1; +http://www.google.com/bot.html)"
185.191.171.36 - - [16/Jul/2021:08:45:11 +0200] "GET /jungle-tea-box-p-51731.html HTTP/1.0" 301 73563 "-" "Mozilla/5.0 (compatible; SemrushBot/7~bl; +http://www.semrush.com/bot.html)"
185.191.171.45 - - [16/Jul/2021:08:45:13 +0200] "GET /jungle-p-51731.html HTTP/1.0" 200 73490 "-" "Mozilla/5.0 (compatible; SemrushBot/7~bl; +http://www.semrush.com/bot.html)"
114.119.154.200 - - [16/Jul/2021:08:45:17 +0200] "GET /albania-mousepad-by-cbkreation-p-36708.html HTTP/1.0" 301 73002 "-" "Mozilla/5.0 (Linux; Android 7.0;) AppleWebKit/537.36 (KHTML, like Gecko) Mobile Safari/537.36 (compatible; PetalBot;+https://webmaster.petalsearch.com/site/petalbot)"
114.119.154.200 - - [16/Jul/2021:08:45:19 +0200] "GET /albania-mousepad-cbkreation-p-36708.html HTTP/1.0" 200 72908 "-" "Mozilla/5.0 (Linux; Android 7.0;) AppleWebKit/537.36 (KHTML, like Gecko) Mobile Safari/537.36 (compatible; PetalBot;+https://webmaster.petalsearch.com/site/petalbot)"
17.121.115.14 - - [16/Jul/2021:08:45:20 +0200] "GET /bamboo-fiber-plant-cover-p-54249.html HTTP/1.0" 200 72847 "-" "Mozilla/5.0 (Macintosh; Intel Mac OS X 10_15_5) AppleWebKit/605.1.15 (KHTML, like Gecko) Version/13.1.1 Safari/605.1.15 (Applebot/0.1; +http://www.apple.com/go/applebot)"
157.55.39.124 - - [16/Jul/2021:08:45:22 +0200] "GET /images/big_prod/8433220156653.jpg HTTP/1.0" 200 268 "-" "Mozilla/5.0 (compatible; bingbot/2.0; +http://www.bing.com/bingbot.htm)"
157.55.39.121 - - [16/Jul/2021:08:45:28 +0200] "GET /incense-reiki-grams-about-sticks-p-45146.html HTTP/1.0" 200 73317 "-" "Mozilla/5.0 (compatible; bingbot/2.0; +http://www.bing.com/bingbot.htm)"
157.55.39.121 - - [16/Jul/2021:08:45:29 +0200] "GET /beyblade-inflatable-boat-p-14361.html HTTP/1.0" 200 73236 "-" "Mozilla/5.0 (compatible; bingbot/2.0; +http://www.bing.com/bingbot.htm)"
54.36.148.242 - - [16/Jul/2021:08:45:37 +0200] "GET /dragon-money-p-54839.html HTTP/1.0" 200 72853 "-" "Mozilla/5.0 (compatible; AhrefsBot/7.0; +http://ahrefs.com/robot/)"
66.249.72.170 - - [16/Jul/2021:08:45:50 +0200] "GET /images/big_prod_1/8422105960003.jpg HTTP/1.0" 200 270 "-" "Googlebot-Image/1.0"
66.249.72.168 - - [16/Jul/2021:08:45:55 +0200] "GET /japanese-white-gold-cast-iron-liter-teapot-p-54889.html HTTP/1.0" 200 73928 "-" "Mozilla/5.0 (compatible; Googlebot/2.1; +http://www.google.com/bot.html)"
207.46.13.125 - - [16/Jul/2021:08:45:55 +0200] "GET /large-kimmidoll-cardboard-storage-box-p-47964.html HTTP/1.0" 301 70264 "-" "Mozilla/5.0 (compatible; bingbot/2.0; +http://www.bing.com/bingbot.htm)"
40.77.167.36 - - [16/Jul/2021:08:46:25 +0200] "GET /bella-candy-cloud-keychain-p-49757.html HTTP/1.0" 200 72866 "-" "Mozilla/5.0 (compatible; bingbot/2.0; +http://www.bing.com/bingbot.htm)"
207.46.13.65 - - [16/Jul/2021:08:46:30 +0200] "GET /lucky-boy-by-etienne-boyer-tee-shirt-p-30983.html HTTP/1.0" 301 74926 "-" "Mozilla/5.0 (compatible; bingbot/2.0; +http://www.bing.com/bingbot.htm)"
40.77.167.36 - - [16/Jul/2021:08:46:36 +0200] "GET /-p-38765.html HTTP/1.0" 200 70197 "-" "Mozilla/5.0 (compatible; bingbot/2.0; +http://www.bing.com/bingbot.htm)"
185.191.171.8 - - [16/Jul/2021:08:46:38 +0200] "GET /fitted-sheet-160-200-cm-color-light-grey-p-38883.html HTTP/1.0" 301 73072 "-" "Mozilla/5.0 (compatible; SemrushBot/7~bl; +http://www.semrush.com/bot.html)"
207.46.13.125 - - [16/Jul/2021:08:46:40 +0200] "GET /handy-manny-round-pencil-case-p-13347.html HTTP/1.0" 200 73163 "-" "Mozilla/5.0 (compatible; bingbot/2.0; +http://www.bing.com/bingbot.htm)"
185.191.171.15 - - [16/Jul/2021:08:46:42 +0200] "GET /fitted-sheet-color-light-grey-p-38883.html HTTP/1.0" 200 72976 "-" "Mozilla/5.0 (compatible; SemrushBot/7~bl; +http://www.semrush.com/bot.html)"
114.119.129.36 - - [16/Jul/2021:08:47:08 +0200] "GET /retro-industriel-chandelier-silver-color-p-42335.html HTTP/1.0" 200 73092 "-" "Mozilla/5.0 (Linux; Android 7.0;) AppleWebKit/537.36 (KHTML, like Gecko) Mobile Safari/537.36 (compatible; PetalBot;+https://webmaster.petalsearch.com/site/petalbot)"
66.249.72.168 - - [16/Jul/2021:08:47:16 +0200] "GET /winx-picnic-p-17168.html HTTP/1.0" 200 73678 "-" "Mozilla/5.0 (Linux; Android 6.0.1; Nexus 5X Build/MMB29P) AppleWebKit/537.36 (KHTML, like Gecko) Chrome/91.0.4472.90 Mobile Safari/537.36 (compatible; Googlebot/2.1; +http://www.google.com/bot.html)"
207.46.13.127 - - [16/Jul/2021:08:47:32 +0200] "GET /-p-22835.html HTTP/1.0" 200 70197 "-" "Mozilla/5.0 (compatible; bingbot/2.0; +http://www.bing.com/bingbot.htm)"
207.46.13.65 - - [16/Jul/2021:08:47:40 +0200] "GET /london-sticker-p-35393.html HTTP/1.0" 200 72877 "-" "Mozilla/5.0 (compatible; bingbot/2.0; +http://www.bing.com/bingbot.htm)"
54.36.148.242 - - [16/Jul/2021:08:47:42 +0200] "GET /rectangular-burlap-placemat-corsica-p-50939.html HTTP/1.0" 200 73522 "-" "Mozilla/5.0 (compatible; AhrefsBot/7.0; +http://ahrefs.com/robot/)"
207.46.13.65 - - [16/Jul/2021:08:47:57 +0200] "GET /swfobject.js HTTP/1.0" 404 1308 "-" "Mozilla/5.0 (compatible; bingbot/2.0; +http://www.bing.com/bingbot.htm)"
40.77.167.36 - - [16/Jul/2021:08:48:24 +0200] "GET /-p-47359.html HTTP/1.0" 200 70197 "-" "Mozilla/5.0 (compatible; bingbot/2.0; +http://www.bing.com/bingbot.htm)"
207.46.13.125 - - [16/Jul/2021:08:48:36 +0200] "GET /images/med_prod/5055071696022.jpg HTTP/1.0" 200 268 "-" "Mozilla/5.0 (compatible; bingbot/2.0; +http://www.bing.com/bingbot.htm)"
207.46.13.125 - - [16/Jul/2021:08:48:38 +0200] "GET /looney-tunes-round-pencil-case-p-10632.html HTTP/1.0" 200 70338 "-" "Mozilla/5.0 (compatible; bingbot/2.0; +http://www.bing.com/bingbot.htm)"
40.77.167.77 - - [16/Jul/2021:08:48:42 +0200] "GET /floor-lamp-black-metal-cinema-p-26889.html HTTP/1.0" 301 70264 "-" "Mozilla/5.0 (compatible; bingbot/2.0; +http://www.bing.com/bingbot.htm)"
114.119.154.200 - - [16/Jul/2021:08:48:50 +0200] "GET /stone-labradorite-40-50-grams-p-46588.html HTTP/1.0" 301 74582 "-" "Mozilla/5.0 (Linux; Android 7.0;) AppleWebKit/537.36 (KHTML, like Gecko) Mobile Safari/537.36 (compatible; PetalBot;+https://webmaster.petalsearch.com/site/petalbot)"
207.46.13.65 - - [16/Jul/2021:08:48:50 +0200] "GET /cars-m-14.html HTTP/1.0" 200 89524 "-" "Mozilla/5.0 (compatible; bingbot/2.0; +http://www.bing.com/bingbot.htm)"
114.119.154.200 - - [16/Jul/2021:08:48:51 +0200] "GET /stone-labradorite-grams-p-46588.html HTTP/1.0" 200 74492 "-" "Mozilla/5.0 (Linux; Android 7.0;) AppleWebKit/537.36 (KHTML, like Gecko) Mobile Safari/537.36 (compatible; PetalBot;+https://webmaster.petalsearch.com/site/petalbot)"
207.46.13.65 - - [16/Jul/2021:08:48:53 +0200] "GET /exit-way-out-wooden-frame-p-34875.html HTTP/1.0" 301 70264 "-" "Mozilla/5.0 (compatible; bingbot/2.0; +http://www.bing.com/bingbot.htm)"
66.249.72.170 - - [16/Jul/2021:08:48:57 +0200] "GET /winnie-pooh-lunch-p-18796.html HTTP/1.0" 200 72793 "-" "Mozilla/5.0 (compatible; Googlebot/2.1; +http://www.google.com/bot.html)"
207.46.13.65 - - [16/Jul/2021:08:49:09 +0200] "GET /-p-30280.html HTTP/1.0" 200 70197 "-" "Mozilla/5.0 (compatible; bingbot/2.0; +http://www.bing.com/bingbot.htm)"
207.46.13.80 - - [16/Jul/2021:08:49:15 +0200] "GET /dastardly-and-muttley-fast-food-shirt-p-29622.html HTTP/1.0" 301 70431 "-" "Mozilla/5.0 (compatible; bingbot/2.0; +http://www.bing.com/bingbot.htm)"
207.46.13.80 - - [16/Jul/2021:08:49:17 +0200] "GET /paris-petite-reine-cotton-kitchen-towel-made-france-p-36630.html HTTP/1.0" 200 73119 "-" "Mozilla/5.0 (compatible; bingbot/2.0; +http://www.bing.com/bingbot.htm)"
207.46.13.80 - - [16/Jul/2021:08:49:18 +0200] "GET /-p-51530.html HTTP/1.0" 200 70197 "-" "Mozilla/5.0 (compatible; bingbot/2.0; +http://www.bing.com/bingbot.htm)"
207.46.13.80 - - [16/Jul/2021:08:49:20 +0200] "GET /-p-32940.html HTTP/1.0" 200 70197 "-" "Mozilla/5.0 (compatible; bingbot/2.0; +http://www.bing.com/bingbot.htm)"
207.46.13.125 - - [16/Jul/2021:08:49:44 +0200] "GET /js/jquery.js HTTP/1.0" 200 252 "-" "Mozilla/5.0 (compatible; bingbot/2.0; +http://www.bing.com/bingbot.htm)"
54.36.148.242 - - [16/Jul/2021:08:49:47 +0200] "GET /owls-small-melamine-tray-p-45176.html HTTP/1.0" 200 72916 "-" "Mozilla/5.0 (compatible; AhrefsBot/7.0; +http://ahrefs.com/robot/)"
207.46.13.125 - - [16/Jul/2021:08:50:16 +0200] "GET /coca-cola-money-box-p-12392.html HTTP/1.0" 301 70357 "-" "Mozilla/5.0 (compatible; bingbot/2.0; +http://www.bing.com/bingbot.htm)"
40.77.167.36 - - [16/Jul/2021:08:50:26 +0200] "GET /-p-27908.html HTTP/1.0" 200 70197 "-" "Mozilla/5.0 (compatible; bingbot/2.0; +http://www.bing.com/bingbot.htm)"
114.119.147.45 - - [16/Jul/2021:08:50:34 +0200] "GET /cushion-cover-red-60-60-cm-p-43616.html HTTP/1.0" 301 73652 "-" "Mozilla/5.0 (Linux; Android 7.0;) AppleWebKit/537.36 (KHTML, like Gecko) Mobile Safari/537.36 (compatible; PetalBot;+https://webmaster.petalsearch.com/site/petalbot)"
114.119.147.45 - - [16/Jul/2021:08:50:35 +0200] "GET /cushion-cover-p-43616.html HTTP/1.0" 200 73572 "-" "Mozilla/5.0 (Linux; Android 7.0;) AppleWebKit/537.36 (KHTML, like Gecko) Mobile Safari/537.36 (compatible; PetalBot;+https://webmaster.petalsearch.com/site/petalbot)"
40.77.167.36 - - [16/Jul/2021:08:50:35 +0200] "GET /dora-explorer-bathrobe-size-years-p-12639.html HTTP/1.0" 200 73113 "-" "Mozilla/5.0 (compatible; bingbot/2.0; +http://www.bing.com/bingbot.htm)"
66.249.72.166 - - [16/Jul/2021:08:50:36 +0200] "GET /winnie-pooh-lunch-p-18796.html HTTP/1.0" 200 72793 "-" "Mozilla/5.0 (Linux; Android 6.0.1; Nexus 5X Build/MMB29P) AppleWebKit/537.36 (KHTML, like Gecko) Chrome/91.0.4472.90 Mobile Safari/537.36 (compatible; Googlebot/2.1; +http://www.google.com/bot.html)"
207.46.13.125 - - [16/Jul/2021:08:50:44 +0200] "GET /united-states-marshall-cover-iphone-p-19395.html HTTP/1.0" 200 73228 "-" "Mozilla/5.0 (compatible; bingbot/2.0; +http://www.bing.com/bingbot.htm)"
207.46.13.127 - - [16/Jul/2021:08:51:02 +0200] "GET /-p-32866.html HTTP/1.0" 200 70197 "-" "Mozilla/5.0 (compatible; bingbot/2.0; +http://www.bing.com/bingbot.htm)"
185.191.171.8 - - [16/Jul/2021:08:51:35 +0200] "GET /mani-lucky-keychain-p-44125.html?action=add_product HTTP/1.0" 302 476 "-" "Mozilla/5.0 (compatible; SemrushBot/7~bl; +http://www.semrush.com/bot.html)"
207.46.13.51 - - [16/Jul/2021:08:51:44 +0200] "GET /-p-18160.html HTTP/1.0" 200 70197 "-" "Mozilla/5.0 (compatible; bingbot/2.0; +http://www.bing.com/bingbot.htm)"
54.36.148.242 - - [16/Jul/2021:08:51:48 +0200] "GET /octagonal-tray-bleached-mango-wood-p-54845.html HTTP/1.0" 200 73902 "-" "Mozilla/5.0 (compatible; AhrefsBot/7.0; +http://ahrefs.com/robot/)"
207.46.13.51 - - [16/Jul/2021:08:52:03 +0200] "GET /world-map-shower-curtain-180-180-cm-p-39392.html HTTP/1.0" 301 73033 "-" "Mozilla/5.0 (compatible; bingbot/2.0; +http://www.bing.com/bingbot.htm)"
184.94.240.92 - - [16/Jul/2021:08:52:09 +0200] "GET / HTTP/1.0" 200 95138 "-" "Mozilla/5.0 (Windows NT 10.0; WOW64; rv:53.0) Gecko/20100101 Firefox/53.0"
66.249.72.170 - - [16/Jul/2021:08:52:16 +0200] "GET /arabica-espresso-p-54464.html HTTP/1.0" 200 72814 "-" "Mozilla/5.0 (Linux; Android 6.0.1; Nexus 5X Build/MMB29P) AppleWebKit/537.36 (KHTML, like Gecko) Chrome/91.0.4472.90 Mobile Safari/537.36 (compatible; Googlebot/2.1; +http://www.google.com/bot.html)"
114.119.150.15 - - [16/Jul/2021:08:52:22 +0200] "GET /pastis-metal-plate-30-15-cm-p-47639.html HTTP/1.0" 301 72901 "-" "Mozilla/5.0 (Linux; Android 7.0;) AppleWebKit/537.36 (KHTML, like Gecko) Mobile Safari/537.36 (compatible; PetalBot;+https://webmaster.petalsearch.com/site/petalbot)"
114.119.150.15 - - [16/Jul/2021:08:52:23 +0200] "GET /pastis-metal-plate-p-47639.html HTTP/1.0" 200 72816 "-" "Mozilla/5.0 (Linux; Android 7.0;) AppleWebKit/537.36 (KHTML, like Gecko) Mobile Safari/537.36 (compatible; PetalBot;+https://webmaster.petalsearch.com/site/petalbot)"
184.94.240.92 - - [16/Jul/2021:08:52:26 +0200] "GET /products_new.php HTTP/1.0" 200 95410 "-" "Mozilla/5.0 (Windows NT 10.0; WOW64; rv:53.0) Gecko/20100101 Firefox/53.0"
184.94.240.92 - - [16/Jul/2021:08:52:37 +0200] "GET /shopping_cart.php HTTP/1.0" 200 13295 "-" "Mozilla/5.0 (Windows NT 10.0; WOW64; rv:53.0) Gecko/20100101 Firefox/53.0"
207.46.13.125 - - [16/Jul/2021:08:53:06 +0200] "GET /-p-33310.html HTTP/1.0" 200 70197 "-" "Mozilla/5.0 (compatible; bingbot/2.0; +http://www.bing.com/bingbot.htm)"
157.55.39.127 - - [16/Jul/2021:08:53:20 +0200] "GET /-p-9387.html HTTP/1.0" 200 70195 "-" "Mozilla/5.0 (compatible; bingbot/2.0; +http://www.bing.com/bingbot.htm)"
184.94.240.92 - - [16/Jul/2021:08:53:26 +0200] "GET /products_new.php?page=2 HTTP/1.0" 200 94021 "-" "Mozilla/5.0 (Windows NT 10.0; WOW64; rv:53.0) Gecko/20100101 Firefox/53.0"
54.36.148.242 - - [16/Jul/2021:08:53:54 +0200] "GET /iron-maiden-zippo-lighter-p-39528.html HTTP/1.0" 200 75173 "-" "Mozilla/5.0 (compatible; AhrefsBot/7.0; +http://ahrefs.com/robot/)"
66.249.72.168 - - [16/Jul/2021:08:53:56 +0200] "GET /games-and-toys/figures/original-vinyl-collectable-snoopy-figure-p-13191.html HTTP/1.0" 301 70264 "-" "Mozilla/5.0 (compatible; Googlebot/2.1; +http://www.google.com/bot.html)"
66.249.72.168 - - [16/Jul/2021:08:53:57 +0200] "GET /maya-bees-suitcase-lunch-p-14417.html HTTP/1.0" 200 73198 "-" "Mozilla/5.0 (compatible; Googlebot/2.1; +http://www.google.com/bot.html)"
114.119.147.45 - - [16/Jul/2021:08:53:59 +0200] "GET /apro-metal-plate-deco-p-51748.html HTTP/1.0" 200 72800 "-" "Mozilla/5.0 (Linux; Android 7.0;) AppleWebKit/537.36 (KHTML, like Gecko) Mobile Safari/537.36 (compatible; PetalBot;+https://webmaster.petalsearch.com/site/petalbot)"
66.249.72.170 - - [16/Jul/2021:08:53:59 +0200] "GET /-p-13191.html HTTP/1.0" 200 70197 "-" "Mozilla/5.0 (compatible; Googlebot/2.1; +http://www.google.com/bot.html)"
184.94.240.92 - - [16/Jul/2021:08:54:01 +0200] "GET /products_new.php?page=3 HTTP/1.0" 200 95438 "-" "Mozilla/5.0 (Windows NT 10.0; WOW64; rv:53.0) Gecko/20100101 Firefox/53.0"
184.94.240.92 - - [16/Jul/2021:08:54:11 +0200] "GET /products_new.php?page=4 HTTP/1.0" 200 95546 "-" "Mozilla/5.0 (Windows NT 10.0; WOW64; rv:53.0) Gecko/20100101 Firefox/53.0"
40.77.167.36 - - [16/Jul/2021:08:54:16 +0200] "GET /decorative-sundial-compass-in-brass-gilbert-sons-p-52859.html HTTP/1.0" 301 73191 "-" "Mozilla/5.0 (compatible; bingbot/2.0; +http://www.bing.com/bingbot.htm)"
184.94.240.92 - - [16/Jul/2021:08:54:26 +0200] "GET /products_new.php?page=5 HTTP/1.0" 200 94395 "-" "Mozilla/5.0 (Windows NT 10.0; WOW64; rv:53.0) Gecko/20100101 Firefox/53.0"
157.55.39.124 - - [16/Jul/2021:08:54:34 +0200] "GET /marvel-avengers-suitcase-p-34810.html HTTP/1.0" 200 70308 "-" "Mozilla/5.0 (compatible; bingbot/2.0; +http://www.bing.com/bingbot.htm)"
184.94.240.92 - - [16/Jul/2021:08:54:38 +0200] "GET /products_new.php?page=6 HTTP/1.0" 200 95404 "-" "Mozilla/5.0 (Windows NT 10.0; WOW64; rv:53.0) Gecko/20100101 Firefox/53.0"
184.94.240.92 - - [16/Jul/2021:08:54:47 +0200] "GET /products_new.php?page=7 HTTP/1.0" 200 95025 "-" "Mozilla/5.0 (Windows NT 10.0; WOW64; rv:53.0) Gecko/20100101 Firefox/53.0"
207.46.13.51 - - [16/Jul/2021:08:54:55 +0200] "GET /wood-keychains-p-26077.html HTTP/1.0" 200 72786 "-" "Mozilla/5.0 (compatible; bingbot/2.0; +http://www.bing.com/bingbot.htm)"
184.94.240.92 - - [16/Jul/2021:08:54:55 +0200] "GET /products_new.php?page=8 HTTP/1.0" 200 94885 "-" "Mozilla/5.0 (Windows NT 10.0; WOW64; rv:53.0) Gecko/20100101 Firefox/53.0"
40.77.167.36 - - [16/Jul/2021:08:54:58 +0200] "GET /rococo-retro-phone-p-37503.html HTTP/1.0" 301 73088 "-" "Mozilla/5.0 (compatible; bingbot/2.0; +http://www.bing.com/bingbot.htm)"
157.55.39.124 - - [16/Jul/2021:08:55:13 +0200] "GET /owl-bowl-mod-p-36518.html HTTP/1.0" 301 70315 "-" "Mozilla/5.0 (compatible; bingbot/2.0; +http://www.bing.com/bingbot.htm)"
114.119.145.117 - - [16/Jul/2021:08:55:22 +0200] "GET /jewelry-box-with-mirror-and-drawers-p-48045.html HTTP/1.0" 301 70409 "-" "Mozilla/5.0 (Linux; Android 7.0;) AppleWebKit/537.36 (KHTML, like Gecko) Mobile Safari/537.36 (compatible; PetalBot;+https://webmaster.petalsearch.com/site/petalbot)"
114.119.145.117 - - [16/Jul/2021:08:55:23 +0200] "GET /jewelry-with-mirror-drawers-p-48045.html HTTP/1.0" 200 70315 "-" "Mozilla/5.0 (Linux; Android 7.0;) AppleWebKit/537.36 (KHTML, like Gecko) Mobile Safari/537.36 (compatible; PetalBot;+https://webmaster.petalsearch.com/site/petalbot)"
207.46.13.127 - - [16/Jul/2021:08:55:32 +0200] "GET /kanga-figure-p-28526.html HTTP/1.0" 200 72902 "-" "Mozilla/5.0 (compatible; bingbot/2.0; +http://www.bing.com/bingbot.htm)"
40.77.167.36 - - [16/Jul/2021:08:55:36 +0200] "GET /coat-rack-p-50130.html HTTP/1.0" 200 73330 "-" "Mozilla/5.0 (compatible; bingbot/2.0; +http://www.bing.com/bingbot.htm)"
40.77.167.36 - - [16/Jul/2021:08:55:38 +0200] "GET /percolator-metallic-coffee-p-52615.html HTTP/1.0" 200 73099 "-" "Mozilla/5.0 (compatible; bingbot/2.0; +http://www.bing.com/bingbot.htm)"
54.36.148.242 - - [16/Jul/2021:08:55:57 +0200] "GET /beer-capsule-collector-p-53782.html HTTP/1.0" 200 73607 "-" "Mozilla/5.0 (compatible; AhrefsBot/7.0; +http://ahrefs.com/robot/)"
40.77.167.77 - - [16/Jul/2021:08:56:42 +0200] "GET /cars-small-silicone-mold-orange-model-p-28240.html HTTP/1.0" 200 70339 "-" "Mozilla/5.0 (compatible; bingbot/2.0; +http://www.bing.com/bingbot.htm)"
66.249.72.168 - - [16/Jul/2021:08:57:16 +0200] "GET /disney-frozen-lunchbox-p-37036.html HTTP/1.0" 200 72835 "-" "Mozilla/5.0 (compatible; Googlebot/2.1; +http://www.google.com/bot.html)"
185.191.171.44 - - [16/Jul/2021:08:57:33 +0200] "GET /toucan-porcelain-bowl-480-ml-p-44480.html HTTP/1.0" 301 72918 "-" "Mozilla/5.0 (compatible; SemrushBot/7~bl; +http://www.semrush.com/bot.html)"
185.191.171.22 - - [16/Jul/2021:08:57:35 +0200] "GET /toucan-porcelain-bowl-p-44480.html HTTP/1.0" 200 72830 "-" "Mozilla/5.0 (compatible; SemrushBot/7~bl; +http://www.semrush.com/bot.html)"
114.119.147.45 - - [16/Jul/2021:08:57:52 +0200] "GET /gin-tonic-large-metal-plate-deco-p-37109.html HTTP/1.0" 301 72994 "-" "Mozilla/5.0 (Linux; Android 7.0;) AppleWebKit/537.36 (KHTML, like Gecko) Mobile Safari/537.36 (compatible; PetalBot;+https://webmaster.petalsearch.com/site/petalbot)"
114.119.147.45 - - [16/Jul/2021:08:57:53 +0200] "GET /tonic-large-metal-plate-deco-p-37109.html HTTP/1.0" 200 72899 "-" "Mozilla/5.0 (Linux; Android 7.0;) AppleWebKit/537.36 (KHTML, like Gecko) Mobile Safari/537.36 (compatible; PetalBot;+https://webmaster.petalsearch.com/site/petalbot)"
185.191.171.8 - - [16/Jul/2021:08:57:55 +0200] "GET /pots-and-cookie-jars-c-12_250.html?page=1 HTTP/1.0" 301 90004 "-" "Mozilla/5.0 (compatible; SemrushBot/7~bl; +http://www.semrush.com/bot.html)"
185.191.171.23 - - [16/Jul/2021:08:57:57 +0200] "GET /pots-cookie-jars-c-250.html?page=1 HTTP/1.0" 301 89903 "-" "Mozilla/5.0 (compatible; SemrushBot/7~bl; +http://www.semrush.com/bot.html)"
185.191.171.9 - - [16/Jul/2021:08:57:59 +0200] "GET /pots-cookie-jars-c-12_250.html?page=1 HTTP/1.0" 200 89916 "-" "Mozilla/5.0 (compatible; SemrushBot/7~bl; +http://www.semrush.com/bot.html)"
54.36.148.242 - - [16/Jul/2021:08:58:08 +0200] "GET /mandalorian-ceramic-p-54995.html HTTP/1.0" 200 73468 "-" "Mozilla/5.0 (compatible; AhrefsBot/7.0; +http://ahrefs.com/robot/)"
207.46.13.51 - - [16/Jul/2021:08:58:25 +0200] "GET /mister-bump-photo-frame-p-5142.html HTTP/1.0" 200 72875 "-" "Mozilla/5.0 (compatible; bingbot/2.0; +http://www.bing.com/bingbot.htm)"
40.77.167.36 - - [16/Jul/2021:08:58:29 +0200] "GET /-p-16178.html HTTP/1.0" 200 70197 "-" "Mozilla/5.0 (compatible; bingbot/2.0; +http://www.bing.com/bingbot.htm)"
114.119.158.196 - - [16/Jul/2021:08:58:39 +0200] "GET /small-wooden-towel-holder-hang-p-51022.html HTTP/1.0" 200 72972 "-" "Mozilla/5.0 (Linux; Android 7.0;) AppleWebKit/537.36 (KHTML, like Gecko) Mobile Safari/537.36 (compatible; PetalBot;+https://webmaster.petalsearch.com/site/petalbot)"
157.55.39.127 - - [16/Jul/2021:08:58:40 +0200] "GET /skull-beach-towel-p-25789.html HTTP/1.0" 301 70264 "-" "Mozilla/5.0 (compatible; bingbot/2.0; +http://www.bing.com/bingbot.htm)"
207.46.13.127 - - [16/Jul/2021:08:58:45 +0200] "GET /london-bowling-bag-p-11519.html HTTP/1.0" 301 73068 "-" "Mozilla/5.0 (compatible; bingbot/2.0; +http://www.bing.com/bingbot.htm)"
207.46.13.51 - - [16/Jul/2021:08:58:45 +0200] "GET /-p-9224.html HTTP/1.0" 200 70195 "-" "Mozilla/5.0 (compatible; bingbot/2.0; +http://www.bing.com/bingbot.htm)"
185.191.171.9 - - [16/Jul/2021:08:58:49 +0200] "GET /small-tinbox-rtro-motorcycle-p-41338.html?action=add_product HTTP/1.0" 302 476 "-" "Mozilla/5.0 (compatible; SemrushBot/7~bl; +http://www.semrush.com/bot.html)"
207.46.13.125 - - [16/Jul/2021:08:58:50 +0200] "GET /-p-26950.html HTTP/1.0" 200 70197 "-" "Mozilla/5.0 (compatible; bingbot/2.0; +http://www.bing.com/bingbot.htm)"
207.46.13.65 - - [16/Jul/2021:08:58:50 +0200] "GET /paris-bike-cups-espresso-p-28395.html HTTP/1.0" 200 70301 "-" "Mozilla/5.0 (compatible; bingbot/2.0; +http://www.bing.com/bingbot.htm)"
207.46.13.125 - - [16/Jul/2021:08:58:52 +0200] "GET /bob-marley-pencil-pot-p-5064.html HTTP/1.0" 301 72959 "-" "Mozilla/5.0 (compatible; bingbot/2.0; +http://www.bing.com/bingbot.htm)"
66.249.72.168 - - [16/Jul/2021:08:58:56 +0200] "GET /winx-picnic-p-17167.html HTTP/1.0" 200 73677 "-" "Mozilla/5.0 (compatible; Googlebot/2.1; +http://www.google.com/bot.html)"
51.68.224.127 - - [16/Jul/2021:08:59:04 +0200] "GET /adminweb/export_orders_xml.php?token=256de2z6edz6ed2z6DFSFsed2zed6zeDSFDSGdzedezfzf&maxorders=10&orderstart=1&status=14&start_date=2018-10-01 HTTP/1.0" 200 285 "-" "GesCom CharlotteBoutik Serveur"
51.68.224.127 - - [16/Jul/2021:08:59:04 +0200] "GET /adminweb/export_orders_xml.php?token=256de2z6edz6ed2z6DFSFsed2zed6zeDSFDSGdzedezfzf&maxorders=10&orderstart=1&status=6&start_date=2018-10-01 HTTP/1.0" 200 29786 "-" "GesCom CharlotteBoutik Serveur"
40.77.167.77 - - [16/Jul/2021:08:59:07 +0200] "GET /minnie-mouse-metal-box-p-26703.html HTTP/1.0" 301 73009 "-" "Mozilla/5.0 (compatible; bingbot/2.0; +http://www.bing.com/bingbot.htm)"
40.77.167.36 - - [16/Jul/2021:08:59:15 +0200] "GET /pusheen-sticker-sheet-pastel-p-42603.html HTTP/1.0" 200 73124 "-" "Mozilla/5.0 (compatible; bingbot/2.0; +http://www.bing.com/bingbot.htm)"
40.77.167.36 - - [16/Jul/2021:08:59:17 +0200] "GET /another-beer-metal-plate-deco-p-36124.html HTTP/1.0" 200 72882 "-" "Mozilla/5.0 (compatible; bingbot/2.0; +http://www.bing.com/bingbot.htm)"
40.77.167.36 - - [16/Jul/2021:08:59:56 +0200] "GET /soap-c-13_150_171.html HTTP/1.0" 200 90266 "-" "Mozilla/5.0 (compatible; bingbot/2.0; +http://www.bing.com/bingbot.htm)"
54.36.148.242 - - [16/Jul/2021:09:00:16 +0200] "GET /bowl-kissing-berry-inside-made-germany-p-48478.html HTTP/1.0" 200 74071 "-" "Mozilla/5.0 (compatible; AhrefsBot/7.0; +http://ahrefs.com/robot/)"
