207.46.13.179 - - [16/Jul/2021:22:30:49 +0200] "GET /retro-metal-tray-25-16-cm-p-48099.html HTTP/1.0" 301 72994 "-" "Mozilla/5.0 (compatible; bingbot/2.0; +http://www.bing.com/bingbot.htm)"
207.46.13.174 - - [16/Jul/2021:22:30:52 +0200] "GET /pillow-case-p-39127.html HTTP/1.0" 200 73053 "-" "Mozilla/5.0 (compatible; bingbot/2.0; +http://www.bing.com/bingbot.htm)"
54.36.148.242 - - [16/Jul/2021:22:30:59 +0200] "GET /accessories-mobiles-c-3_17.html?page=3 HTTP/1.0" 200 94261 "-" "Mozilla/5.0 (compatible; AhrefsBot/7.0; +http://ahrefs.com/robot/)"
185.191.171.41 - - [16/Jul/2021:22:31:02 +0200] "GET /cats-cactus-mini-p-45199.html?action=add_product HTTP/1.0" 302 476 "-" "Mozilla/5.0 (compatible; SemrushBot/7~bl; +http://www.semrush.com/bot.html)"
207.46.13.179 - - [16/Jul/2021:22:31:07 +0200] "GET /sticker-for-windows-chakra-p-48351.html HTTP/1.0" 301 72986 "-" "Mozilla/5.0 (compatible; bingbot/2.0; +http://www.bing.com/bingbot.htm)"
207.46.13.182 - - [16/Jul/2021:22:31:12 +0200] "GET /cars-disney-children-stool-p-18808.html HTTP/1.0" 200 73112 "-" "Mozilla/5.0 (compatible; bingbot/2.0; +http://www.bing.com/bingbot.htm)"
157.55.39.177 - - [16/Jul/2021:22:31:17 +0200] "GET /hello-kitty-figure-p-2906.html HTTP/1.0" 200 72897 "-" "Mozilla/5.0 (compatible; bingbot/2.0; +http://www.bing.com/bingbot.htm)"
157.55.39.167 - - [16/Jul/2021:22:31:27 +0200] "GET /urss-cushion-cbkreation-p-21350.html HTTP/1.0" 301 70264 "-" "Mozilla/5.0 (compatible; bingbot/2.0; +http://www.bing.com/bingbot.htm)"
207.46.13.182 - - [16/Jul/2021:22:31:31 +0200] "GET /-p-12063.html HTTP/1.0" 200 70197 "-" "Mozilla/5.0 (compatible; bingbot/2.0; +http://www.bing.com/bingbot.htm)"
157.55.39.167 - - [16/Jul/2021:22:31:46 +0200] "GET /swfobject.js HTTP/1.0" 404 1308 "-" "Mozilla/5.0 (compatible; bingbot/2.0; +http://www.bing.com/bingbot.htm)"
207.46.13.182 - - [16/Jul/2021:22:31:50 +0200] "GET /little-prince-gift-pieces-p-30323.html HTTP/1.0" 200 70343 "-" "Mozilla/5.0 (compatible; bingbot/2.0; +http://www.bing.com/bingbot.htm)"
185.191.171.14 - - [16/Jul/2021:22:31:56 +0200] "GET /blue-alveoli-flower-pot-15-cm-p-51110.html HTTP/1.0" 301 70369 "-" "Mozilla/5.0 (compatible; SemrushBot/7~bl; +http://www.semrush.com/bot.html)"
185.191.171.17 - - [16/Jul/2021:22:31:58 +0200] "GET /blue-alveoli-flower-p-51110.html HTTP/1.0" 200 70283 "-" "Mozilla/5.0 (compatible; SemrushBot/7~bl; +http://www.semrush.com/bot.html)"
185.191.171.39 - - [16/Jul/2021:22:32:18 +0200] "GET /ceramic-lamp-p-52603.html HTTP/1.0" 200 73775 "-" "Mozilla/5.0 (compatible; SemrushBot/7~bl; +http://www.semrush.com/bot.html)"
192.0.86.185 - - [16/Jul/2021:22:32:27 +0200] "GET /images/big_prod/1304038301153.jpg HTTP/1.0" 301 577 "-" "Photon/1.0"
192.0.86.185 - - [16/Jul/2021:22:32:27 +0200] "GET /images/big_prod/1304038301153.jpg HTTP/1.0" 200 268 "-" "Photon/1.0"
54.36.148.242 - - [16/Jul/2021:22:32:47 +0200] "GET /glitters-white-p-53393.html HTTP/1.0" 200 72794 "-" "Mozilla/5.0 (compatible; AhrefsBot/7.0; +http://ahrefs.com/robot/)"
157.55.39.177 - - [16/Jul/2021:22:32:53 +0200] "GET /calavera-de-la-muerte-by-etienne-boyer-tee-shirt-p-30774.html HTTP/1.0" 301 75124 "-" "Mozilla/5.0 (compatible; bingbot/2.0; +http://www.bing.com/bingbot.htm)"
207.46.13.182 - - [16/Jul/2021:22:33:08 +0200] "GET /-p-49657.html HTTP/1.0" 200 70197 "-" "Mozilla/5.0 (compatible; bingbot/2.0; +http://www.bing.com/bingbot.htm)"
157.55.39.167 - - [16/Jul/2021:22:33:26 +0200] "GET /-p-32207.html HTTP/1.0" 200 70197 "-" "Mozilla/5.0 (compatible; bingbot/2.0; +http://www.bing.com/bingbot.htm)"
185.191.171.23 - - [16/Jul/2021:22:33:30 +0200] "GET /mobile-trees-leaves-rusty-metal-p-49498.html HTTP/1.0" 200 73588 "-" "Mozilla/5.0 (compatible; SemrushBot/7~bl; +http://www.semrush.com/bot.html)"
157.55.39.166 - - [16/Jul/2021:22:33:34 +0200] "GET /camargue-oven-mitt-p-43815.html HTTP/1.0" 200 72809 "-" "Mozilla/5.0 (compatible; bingbot/2.0; +http://www.bing.com/bingbot.htm)"
66.249.66.216 - - [16/Jul/2021:22:33:45 +0200] "GET /resin-stone-boxes-storage-c-13_150_84.html HTTP/1.0" 200 83983 "-" "Mozilla/5.0 (Linux; Android 6.0.1; Nexus 5X Build/MMB29P) AppleWebKit/537.36 (KHTML, like Gecko) Chrome/91.0.4472.90 Mobile Safari/537.36 (compatible; Googlebot/2.1; +http://www.google.com/bot.html)"
66.249.66.216 - - [16/Jul/2021:22:33:48 +0200] "GET /english-bulldog-salt-pepper-p-28852.html HTTP/1.0" 200 72883 "-" "Mozilla/5.0 (Linux; Android 6.0.1; Nexus 5X Build/MMB29P) AppleWebKit/537.36 (KHTML, like Gecko) Chrome/91.0.4472.90 Mobile Safari/537.36 (compatible; Googlebot/2.1; +http://www.google.com/bot.html)"
157.55.39.72 - - [16/Jul/2021:22:34:09 +0200] "GET /-p-15108.html HTTP/1.0" 200 70197 "-" "Mozilla/5.0 (compatible; bingbot/2.0; +http://www.bing.com/bingbot.htm)"
54.36.148.242 - - [16/Jul/2021:22:34:21 +0200] "GET /hanging-metal-structure-butterfly-50-33-cm-p-46788.html HTTP/1.0" 301 73122 "-" "Mozilla/5.0 (compatible; AhrefsBot/7.0; +http://ahrefs.com/robot/)"
66.249.66.216 - - [16/Jul/2021:22:34:22 +0200] "GET /medusa-glass-paperweight-p-47403.html HTTP/1.0" 200 70283 "-" "Mozilla/5.0 (Linux; Android 6.0.1; Nexus 5X Build/MMB29P) AppleWebKit/537.36 (KHTML, like Gecko) Chrome/91.0.4472.90 Mobile Safari/537.36 (compatible; Googlebot/2.1; +http://www.google.com/bot.html)"
185.191.171.22 - - [16/Jul/2021:22:34:23 +0200] "GET /skull-sailor-moneybox-blue-p-32591.html?action=add_product HTTP/1.0" 302 476 "-" "Mozilla/5.0 (compatible; SemrushBot/7~bl; +http://www.semrush.com/bot.html)"
207.46.13.182 - - [16/Jul/2021:22:34:29 +0200] "GET /the-ballerina-statue-collection-body-talk-p-38821.html HTTP/1.0" 301 74016 "-" "Mozilla/5.0 (compatible; bingbot/2.0; +http://www.bing.com/bingbot.htm)"
54.36.148.242 - - [16/Jul/2021:22:34:37 +0200] "GET /small-japanese-cast-iron-teapot-liter-p-54883.html HTTP/1.0" 200 73155 "-" "Mozilla/5.0 (compatible; AhrefsBot/7.0; +http://ahrefs.com/robot/)"
157.55.39.180 - - [16/Jul/2021:22:34:50 +0200] "GET /harley-davidson-zippo-lighter-p-43717.html HTTP/1.0" 200 73349 "-" "Mozilla/5.0 (compatible; bingbot/2.0; +http://www.bing.com/bingbot.htm)"
185.191.171.22 - - [16/Jul/2021:22:34:54 +0200] "GET /elmer-set-of-12-felt-p-15261.html HTTP/1.0" 301 70345 "-" "Mozilla/5.0 (compatible; SemrushBot/7~bl; +http://www.semrush.com/bot.html)"
185.191.171.22 - - [16/Jul/2021:22:34:57 +0200] "GET /elmer-felt-p-15261.html HTTP/1.0" 200 70268 "-" "Mozilla/5.0 (compatible; SemrushBot/7~bl; +http://www.semrush.com/bot.html)"
104.196.68.26 - - [16/Jul/2021:22:35:08 +0200] "GET /coasters-c-12_157.html HTTP/1.0" 200 91821 "-" "ZoominfoBot (zoominfobot at zoominfo dot com)"
207.46.13.182 - - [16/Jul/2021:22:35:09 +0200] "GET /lotus-candleholder-pink-goldlining-p-47014.html HTTP/1.0" 200 74345 "-" "Mozilla/5.0 (compatible; bingbot/2.0; +http://www.bing.com/bingbot.htm)"
157.55.39.166 - - [16/Jul/2021:22:35:14 +0200] "GET /sleepwear-c-2_42.html HTTP/1.0" 200 69112 "-" "Mozilla/5.0 (compatible; bingbot/2.0; +http://www.bing.com/bingbot.htm)"
157.55.39.167 - - [16/Jul/2021:22:35:19 +0200] "GET /playmobil-rule-p-13387.html HTTP/1.0" 200 72754 "-" "Mozilla/5.0 (compatible; bingbot/2.0; +http://www.bing.com/bingbot.htm)"
49.7.20.113 - - [16/Jul/2021:22:35:26 +0200] "GET / HTTP/1.0" 200 95387 "-" "Sogou web spider/4.0(+http://www.sogou.com/docs/help/webmasters.htm#07)"
157.55.39.72 - - [16/Jul/2021:22:35:49 +0200] "GET /-p-20026.html HTTP/1.0" 200 70197 "-" "Mozilla/5.0 (compatible; bingbot/2.0; +http://www.bing.com/bingbot.htm)"
157.55.39.78 - - [16/Jul/2021:22:35:55 +0200] "GET /large-gorjuss-lever-binder-a4-my-gift-to-you-p-47751.html HTTP/1.0" 301 70441 "-" "Mozilla/5.0 (compatible; bingbot/2.0; +http://www.bing.com/bingbot.htm)"
207.46.13.182 - - [16/Jul/2021:22:36:08 +0200] "GET /vintage-hook-bolt-hole-p-48553.html HTTP/1.0" 200 70275 "-" "Mozilla/5.0 (compatible; bingbot/2.0; +http://www.bing.com/bingbot.htm)"
207.46.13.182 - - [16/Jul/2021:22:36:12 +0200] "GET /cement-tile-stickers-p-50341.html HTTP/1.0" 200 73145 "-" "Mozilla/5.0 (compatible; bingbot/2.0; +http://www.bing.com/bingbot.htm)"
157.55.39.177 - - [16/Jul/2021:22:36:13 +0200] "GET /-p-25271.html HTTP/1.0" 200 70197 "-" "Mozilla/5.0 (compatible; bingbot/2.0; +http://www.bing.com/bingbot.htm)"
157.55.39.166 - - [16/Jul/2021:22:36:18 +0200] "GET /lyon-white-women-tee-shirt-p-31278.html HTTP/1.0" 301 74931 "-" "Mozilla/5.0 (compatible; bingbot/2.0; +http://www.bing.com/bingbot.htm)"
185.191.171.4 - - [16/Jul/2021:22:36:20 +0200] "GET /plus-plus-100-pieces-pastel-set-p-19764.html HTTP/1.0" 301 70264 "-" "Mozilla/5.0 (compatible; SemrushBot/7~bl; +http://www.semrush.com/bot.html)"
54.36.148.242 - - [16/Jul/2021:22:36:21 +0200] "GET /large-lamp-light-white-shade-p-55250.html HTTP/1.0" 200 74227 "-" "Mozilla/5.0 (compatible; AhrefsBot/7.0; +http://ahrefs.com/robot/)"
185.191.171.40 - - [16/Jul/2021:22:36:22 +0200] "GET /-p-19764.html HTTP/1.0" 200 70197 "-" "Mozilla/5.0 (compatible; SemrushBot/7~bl; +http://www.semrush.com/bot.html)"
207.46.13.182 - - [16/Jul/2021:22:36:48 +0200] "GET /solar-powered-dancing-angel-p-34859.html HTTP/1.0" 200 73119 "-" "Mozilla/5.0 (compatible; bingbot/2.0; +http://www.bing.com/bingbot.htm)"
157.55.39.166 - - [16/Jul/2021:22:37:14 +0200] "GET /daisy-duck-coin-purse-p-9695.html HTTP/1.0" 200 70291 "-" "Mozilla/5.0 (compatible; bingbot/2.0; +http://www.bing.com/bingbot.htm)"
157.55.39.78 - - [16/Jul/2021:22:37:18 +0200] "GET /-p-29473.html HTTP/1.0" 200 70197 "-" "Mozilla/5.0 (compatible; bingbot/2.0; +http://www.bing.com/bingbot.htm)"
157.55.39.166 - - [16/Jul/2021:22:37:24 +0200] "GET /images/3662468002063.jpg HTTP/1.0" 200 259 "-" "Mozilla/5.0 (compatible; bingbot/2.0; +http://www.bing.com/bingbot.htm)"
157.55.39.167 - - [16/Jul/2021:22:37:29 +0200] "GET /zhu-zhu-pets-polar-blanket-p-8422.html HTTP/1.0" 301 73073 "-" "Mozilla/5.0 (compatible; bingbot/2.0; +http://www.bing.com/bingbot.htm)"
207.46.13.174 - - [16/Jul/2021:22:37:34 +0200] "GET /teo-jasmin-dessert-spoon-p-32024.html HTTP/1.0" 301 72889 "-" "Mozilla/5.0 (compatible; bingbot/2.0; +http://www.bing.com/bingbot.htm)"
157.55.39.180 - - [16/Jul/2021:22:37:49 +0200] "GET /ceramic-salt-pot-with-spoon-flammy-p-47874.html HTTP/1.0" 301 72994 "-" "Mozilla/5.0 (compatible; bingbot/2.0; +http://www.bing.com/bingbot.htm)"
104.196.68.26 - - [16/Jul/2021:22:37:52 +0200] "GET /specials.php HTTP/1.0" 200 125737 "-" "ZoominfoBot (zoominfobot at zoominfo dot com)"
54.36.148.242 - - [16/Jul/2021:22:38:07 +0200] "GET /cats-dubout-placemat-p-47079.html HTTP/1.0" 200 70267 "-" "Mozilla/5.0 (compatible; AhrefsBot/7.0; +http://ahrefs.com/robot/)"
185.191.171.17 - - [16/Jul/2021:22:38:08 +0200] "GET /fatma-hand-coaster-p-53506.html?action=add_product HTTP/1.0" 302 476 "-" "Mozilla/5.0 (compatible; SemrushBot/7~bl; +http://www.semrush.com/bot.html)"
207.46.13.182 - - [16/Jul/2021:22:38:10 +0200] "GET /route-66-metal-plate-20-30-cm-p-29719.html HTTP/1.0" 301 72937 "-" "Mozilla/5.0 (compatible; bingbot/2.0; +http://www.bing.com/bingbot.htm)"
157.55.39.78 - - [16/Jul/2021:22:38:15 +0200] "GET /karma-panda-night-light-p-55383.html HTTP/1.0" 200 74538 "-" "Mozilla/5.0 (compatible; bingbot/2.0; +http://www.bing.com/bingbot.htm)"
207.46.13.174 - - [16/Jul/2021:22:38:33 +0200] "GET /-p-24404.html HTTP/1.0" 200 70197 "-" "Mozilla/5.0 (compatible; bingbot/2.0; +http://www.bing.com/bingbot.htm)"
207.46.13.182 - - [16/Jul/2021:22:38:49 +0200] "GET /tales-of-avalon-fairy-figurine-mystical-friendship-lisa-parker-p-35401.html HTTP/1.0" 301 70624 "-" "Mozilla/5.0 (compatible; bingbot/2.0; +http://www.bing.com/bingbot.htm)"
185.191.171.1 - - [16/Jul/2021:22:38:54 +0200] "GET /small-metal-collection-plate-p-35025.html HTTP/1.0" 200 72987 "-" "Mozilla/5.0 (compatible; SemrushBot/7~bl; +http://www.semrush.com/bot.html)"
207.46.13.182 - - [16/Jul/2021:22:39:08 +0200] "GET /hello-trapeze-bag-chocolate-knot-by-camomilla-p-16294.html HTTP/1.0" 301 74104 "-" "Mozilla/5.0 (compatible; bingbot/2.0; +http://www.bing.com/bingbot.htm)"
157.55.39.180 - - [16/Jul/2021:22:39:20 +0200] "GET /images/med_prod/8430269235240.jpg HTTP/1.0" 200 268 "-" "Mozilla/5.0 (compatible; bingbot/2.0; +http://www.bing.com/bingbot.htm)"
185.191.171.4 - - [16/Jul/2021:22:39:38 +0200] "GET /-p-48702.html?action=add_product HTTP/1.0" 302 476 "-" "Mozilla/5.0 (compatible; SemrushBot/7~bl; +http://www.semrush.com/bot.html)"
207.46.13.179 - - [16/Jul/2021:22:39:38 +0200] "GET /chairs-cushion-c-11_165.html?page=3 HTTP/1.0" 200 91804 "-" "Mozilla/5.0 (compatible; bingbot/2.0; +http://www.bing.com/bingbot.htm)"
157.55.39.167 - - [16/Jul/2021:22:39:47 +0200] "GET /swfobject.js HTTP/1.0" 404 1308 "-" "Mozilla/5.0 (compatible; bingbot/2.0; +http://www.bing.com/bingbot.htm)"
54.36.148.242 - - [16/Jul/2021:22:39:47 +0200] "GET /black-shell-samsung-with-personalized-picture-p-16359.html HTTP/1.0" 200 73283 "-" "Mozilla/5.0 (compatible; AhrefsBot/7.0; +http://ahrefs.com/robot/)"
157.55.39.167 - - [16/Jul/2021:22:39:49 +0200] "GET /bell-golden-brass-and-wood-table-205-10-cm-p-41448.html HTTP/1.0" 301 73085 "-" "Mozilla/5.0 (compatible; bingbot/2.0; +http://www.bing.com/bingbot.htm)"
207.46.13.182 - - [16/Jul/2021:22:39:52 +0200] "GET /harley-davidson-lighter-p-41027.html HTTP/1.0" 200 73283 "-" "Mozilla/5.0 (compatible; bingbot/2.0; +http://www.bing.com/bingbot.htm)"
207.46.13.174 - - [16/Jul/2021:22:39:57 +0200] "GET /strawberry-shortcake-towel-p-9040.html HTTP/1.0" 301 70261 "-" "Mozilla/5.0 (compatible; bingbot/2.0; +http://www.bing.com/bingbot.htm)"
207.46.13.182 - - [16/Jul/2021:22:40:01 +0200] "GET /js/jquery.min.js HTTP/1.0" 404 1308 "-" "Mozilla/5.0 (compatible; bingbot/2.0; +http://www.bing.com/bingbot.htm)"
27.72.107.194 - - [16/Jul/2021:22:40:06 +0200] "GET /contact_us.php HTTP/1.0" 200 26238 "http://www.wonder-geek.com/contact_us.php" "Mozilla/5.0 (Windows NT 6.1; WOW64) AppleWebKit/537.36 (KHTML, like Gecko) Chrome/83.0.4103.61 Safari/537.36"
27.72.107.194 - - [16/Jul/2021:22:40:08 +0200] "POST /contact_us.php?action=send HTTP/1.0" 200 26489 "http://www.wonder-geek.com/contact_us.php" "Mozilla/5.0 (Windows NT 6.1; WOW64) AppleWebKit/537.36 (KHTML, like Gecko) Chrome/83.0.4103.61 Safari/537.36"
157.55.39.177 - - [16/Jul/2021:22:40:15 +0200] "GET /matryoshka-high-ceramic-mug-p-29688.html HTTP/1.0" 301 72939 "-" "Mozilla/5.0 (compatible; bingbot/2.0; +http://www.bing.com/bingbot.htm)"
111.225.149.234 - - [16/Jul/2021:22:40:16 +0200] "GET /pastis-marseille-wall-decoration-p-44557.html HTTP/1.0" 200 72944 "-" "Mozilla/5.0 (Linux; Android 5.0) AppleWebKit/537.36 (KHTML, like Gecko) Mobile Safari/537.36 (compatible; Bytespider; https://zhanzhang.toutiao.com/)"
111.225.149.246 - - [16/Jul/2021:22:40:18 +0200] "GET /swfobject.js HTTP/1.0" 404 1308 "http://www.wonder-geek.com/pastis-marseille-wall-decoration-p-44557.html" "Mozilla/5.0 (Linux; Android 5.0) AppleWebKit/537.36 (KHTML, like Gecko) Mobile Safari/537.36 (compatible; Bytespider; https://zhanzhang.toutiao.com/)"
207.46.13.174 - - [16/Jul/2021:22:40:19 +0200] "GET /beyond-charms-keychain-elephant-p-51831.html HTTP/1.0" 200 74121 "-" "Mozilla/5.0 (compatible; bingbot/2.0; +http://www.bing.com/bingbot.htm)"
111.225.149.245 - - [16/Jul/2021:22:40:21 +0200] "GET /highslide/graphics/zoomout.cur HTTP/1.0" 200 614 "http://www.wonder-geek.com/pastis-marseille-wall-decoration-p-44557.html" "Mozilla/5.0 (Linux; Android 5.0) AppleWebKit/537.36 (KHTML, like Gecko) Mobile Safari/537.36 (compatible; Bytespider; https://zhanzhang.toutiao.com/)"
111.225.149.238 - - [16/Jul/2021:22:40:21 +0200] "GET /images/big_prod/3453131138802.jpg HTTP/1.0" 200 268 "http://www.wonder-geek.com/pastis-marseille-wall-decoration-p-44557.html" "Mozilla/5.0 (Linux; Android 5.0) AppleWebKit/537.36 (KHTML, like Gecko) Mobile Safari/537.36 (compatible; Bytespider; https://zhanzhang.toutiao.com/)"
157.55.39.177 - - [16/Jul/2021:22:40:25 +0200] "GET /nintendo-1up-mushroom-red-shirt-p-29608.html HTTP/1.0" 301 70264 "-" "Mozilla/5.0 (compatible; bingbot/2.0; +http://www.bing.com/bingbot.htm)"
207.46.13.179 - - [16/Jul/2021:22:40:29 +0200] "GET /gift-box-tea-infuser-mug-mandala-green-p-46302.html HTTP/1.0" 301 74358 "-" "Mozilla/5.0 (compatible; bingbot/2.0; +http://www.bing.com/bingbot.htm)"
207.46.13.174 - - [16/Jul/2021:22:40:34 +0200] "GET /kitchen-p-51618.html HTTP/1.0" 200 72910 "-" "Mozilla/5.0 (compatible; bingbot/2.0; +http://www.bing.com/bingbot.htm)"
51.68.224.127 - - [16/Jul/2021:22:40:54 +0200] "GET /adminweb/export_orders_xml.php?token=256de2z6edz6ed2z6DFSFsed2zed6zeDSFDSGdzedezfzf&maxorders=10&orderstart=1&status=14&start_date=2018-10-01 HTTP/1.0" 200 285 "-" "GesCom CharlotteBoutik Serveur"
51.68.224.127 - - [16/Jul/2021:22:40:54 +0200] "GET /adminweb/export_orders_xml.php?token=256de2z6edz6ed2z6DFSFsed2zed6zeDSFDSGdzedezfzf&maxorders=10&orderstart=1&status=6&start_date=2018-10-01 HTTP/1.0" 200 29786 "-" "GesCom CharlotteBoutik Serveur"
157.55.39.166 - - [16/Jul/2021:22:41:05 +0200] "GET /images/big_prod/8718375754344.jpg HTTP/1.0" 200 268 "-" "Mozilla/5.0 (compatible; bingbot/2.0; +http://www.bing.com/bingbot.htm)"
157.55.39.72 - - [16/Jul/2021:22:41:30 +0200] "GET /mini-magnetic-plate-retro-eat-drink-be-merry-p-34409.html HTTP/1.0" 301 70501 "-" "Mozilla/5.0 (compatible; bingbot/2.0; +http://www.bing.com/bingbot.htm)"
207.46.13.174 - - [16/Jul/2021:22:41:35 +0200] "GET /-p-30762.html HTTP/1.0" 200 70197 "-" "Mozilla/5.0 (compatible; bingbot/2.0; +http://www.bing.com/bingbot.htm)"
54.36.148.242 - - [16/Jul/2021:22:41:38 +0200] "GET /kimmidoll-glasses-case-p-47586.html HTTP/1.0" 200 73495 "-" "Mozilla/5.0 (compatible; AhrefsBot/7.0; +http://ahrefs.com/robot/)"
157.55.39.78 - - [16/Jul/2021:22:41:40 +0200] "GET /-p-15631.html HTTP/1.0" 200 70197 "-" "Mozilla/5.0 (compatible; bingbot/2.0; +http://www.bing.com/bingbot.htm)"
185.191.171.26 - - [16/Jul/2021:22:41:49 +0200] "GET /donald-duck-figure-p-15630.html HTTP/1.0" 200 70259 "-" "Mozilla/5.0 (compatible; SemrushBot/7~bl; +http://www.semrush.com/bot.html)"
157.55.39.72 - - [16/Jul/2021:22:42:09 +0200] "GET /lighting-c-13_86.html?page=3 HTTP/1.0" 200 92755 "-" "Mozilla/5.0 (compatible; bingbot/2.0; +http://www.bing.com/bingbot.htm)"
207.46.13.179 - - [16/Jul/2021:22:42:14 +0200] "GET /-p-21663.html HTTP/1.0" 200 70197 "-" "Mozilla/5.0 (compatible; bingbot/2.0; +http://www.bing.com/bingbot.htm)"
157.55.39.166 - - [16/Jul/2021:22:42:19 +0200] "GET /dora-the-explorer-towel-p-13572.html HTTP/1.0" 301 70264 "-" "Mozilla/5.0 (compatible; bingbot/2.0; +http://www.bing.com/bingbot.htm)"
157.55.39.167 - - [16/Jul/2021:22:43:20 +0200] "GET /-p-31861.html HTTP/1.0" 200 70197 "-" "Mozilla/5.0 (compatible; bingbot/2.0; +http://www.bing.com/bingbot.htm)"
54.36.148.242 - - [16/Jul/2021:22:43:25 +0200] "GET /medusa-glass-paperweight-p-48943.html HTTP/1.0" 200 72839 "-" "Mozilla/5.0 (compatible; AhrefsBot/7.0; +http://ahrefs.com/robot/)"
207.46.13.174 - - [16/Jul/2021:22:43:35 +0200] "GET /mini-magnetic-plate-rtro-cant-cook-cares-p-34414.html HTTP/1.0" 200 70418 "-" "Mozilla/5.0 (compatible; bingbot/2.0; +http://www.bing.com/bingbot.htm)"
66.249.66.13 - - [16/Jul/2021:22:43:46 +0200] "GET /robots.txt HTTP/1.0" 301 531 "-" "Mozilla/5.0 (compatible; Googlebot/2.1; +http://www.google.com/bot.html)"
66.249.66.220 - - [16/Jul/2021:22:43:46 +0200] "GET /glasses-drinking-c-12_62.html?page=3 HTTP/1.0" 200 91177 "-" "Mozilla/5.0 (Linux; Android 6.0.1; Nexus 5X Build/MMB29P) AppleWebKit/537.36 (KHTML, like Gecko) Chrome/91.0.4472.90 Mobile Safari/537.36 (compatible; Googlebot/2.1; +http://www.google.com/bot.html)"
66.249.66.214 - - [16/Jul/2021:22:43:46 +0200] "GET /robots.txt HTTP/1.0" 200 245 "-" "Mozilla/5.0 (compatible; Googlebot/2.1; +http://www.google.com/bot.html)"
66.249.66.216 - - [16/Jul/2021:22:43:47 +0200] "GET /scented-votive-chakra-candles-p-55100.html HTTP/1.0" 200 76391 "-" "Mozilla/5.0 (Linux; Android 6.0.1; Nexus 5X Build/MMB29P) AppleWebKit/537.36 (KHTML, like Gecko) Chrome/91.0.4472.90 Mobile Safari/537.36 (compatible; Googlebot/2.1; +http://www.google.com/bot.html)"
66.249.66.9 - - [16/Jul/2021:22:43:48 +0200] "GET /alarms-clocks-clocks-and-watches/alarms-clocks/vespa-headlight-style-alarm-clock-p-15541.html HTTP/1.0" 301 697 "-" "Mozilla/5.0 (Linux; Android 6.0.1; Nexus 5X Build/MMB29P) AppleWebKit/537.36 (KHTML, like Gecko) Chrome/91.0.4472.90 Mobile Safari/537.36 (compatible; Googlebot/2.1; +http://www.google.com/bot.html)"
66.249.66.214 - - [16/Jul/2021:22:43:48 +0200] "GET /alarms-clocks-clocks-and-watches/alarms-clocks/vespa-headlight-style-alarm-clock-p-15541.html HTTP/1.0" 301 70405 "-" "Mozilla/5.0 (Linux; Android 6.0.1; Nexus 5X Build/MMB29P) AppleWebKit/537.36 (KHTML, like Gecko) Chrome/91.0.4472.90 Mobile Safari/537.36 (compatible; Googlebot/2.1; +http://www.google.com/bot.html)"
66.249.66.214 - - [16/Jul/2021:22:43:49 +0200] "GET /frankie-stein-monster-high-p-17501.html HTTP/1.0" 200 72978 "-" "Mozilla/5.0 (compatible; Googlebot/2.1; +http://www.google.com/bot.html)"
66.249.66.214 - - [16/Jul/2021:22:43:50 +0200] "GET /vespa-headlight-style-alarm-clock-p-15541.html HTTP/1.0" 200 70305 "-" "Mozilla/5.0 (Linux; Android 6.0.1; Nexus 5X Build/MMB29P) AppleWebKit/537.36 (KHTML, like Gecko) Chrome/91.0.4472.90 Mobile Safari/537.36 (compatible; Googlebot/2.1; +http://www.google.com/bot.html)"
207.46.13.182 - - [16/Jul/2021:22:43:52 +0200] "GET /help-me-shower-curtain-180-180-cm-p-39388.html HTTP/1.0" 301 73005 "-" "Mozilla/5.0 (compatible; bingbot/2.0; +http://www.bing.com/bingbot.htm)"
185.191.171.4 - - [16/Jul/2021:22:44:11 +0200] "GET /decorative-wooden-plate-entre-interdite-rleurs-anthracite-p-47815.html?action=add_product HTTP/1.0" 302 476 "-" "Mozilla/5.0 (compatible; SemrushBot/7~bl; +http://www.semrush.com/bot.html)"
54.36.148.242 - - [16/Jul/2021:22:45:07 +0200] "GET /lois-motorcycling-wallet-p-38160.html HTTP/1.0" 200 73799 "-" "Mozilla/5.0 (compatible; AhrefsBot/7.0; +http://ahrefs.com/robot/)"
66.249.66.214 - - [16/Jul/2021:22:45:16 +0200] "GET /images/big_prod_1/8422012915103B.jpg HTTP/1.0" 200 271 "-" "Googlebot-Image/1.0"
157.55.39.78 - - [16/Jul/2021:22:45:17 +0200] "GET /deco-horse-head-statue-p-33493.html HTTP/1.0" 200 70298 "-" "Mozilla/5.0 (compatible; bingbot/2.0; +http://www.bing.com/bingbot.htm)"
207.46.13.179 - - [16/Jul/2021:22:45:22 +0200] "GET /tablecloth-castillon-treated-anti-stain-blue-150-250-cm-p-48526.html HTTP/1.0" 301 70264 "-" "Mozilla/5.0 (compatible; bingbot/2.0; +http://www.bing.com/bingbot.htm)"
17.121.115.107 - - [16/Jul/2021:22:45:25 +0200] "GET /ceramic-lamb-bank-p-49169.html HTTP/1.0" 200 70267 "-" "Mozilla/5.0 (Macintosh; Intel Mac OS X 10_15_5) AppleWebKit/605.1.15 (KHTML, like Gecko) Version/13.1.1 Safari/605.1.15 (Applebot/0.1; +http://www.apple.com/go/applebot)"
207.46.13.174 - - [16/Jul/2021:22:45:54 +0200] "GET /-p-23834.html HTTP/1.0" 200 70197 "-" "Mozilla/5.0 (compatible; bingbot/2.0; +http://www.bing.com/bingbot.htm)"
157.55.39.78 - - [16/Jul/2021:22:45:59 +0200] "GET /teo-jasmin-medium-cabas-teo-rockabilly-p-39266.html HTTP/1.0" 301 70414 "-" "Mozilla/5.0 (compatible; bingbot/2.0; +http://www.bing.com/bingbot.htm)"
157.55.39.167 - - [16/Jul/2021:22:46:04 +0200] "GET /images/3032160672909.jpg HTTP/1.0" 200 259 "-" "Mozilla/5.0 (compatible; bingbot/2.0; +http://www.bing.com/bingbot.htm)"
157.55.39.167 - - [16/Jul/2021:22:46:05 +0200] "GET /blue-cat-alarm-clock-p-28795.html HTTP/1.0" 301 72921 "-" "Mozilla/5.0 (compatible; bingbot/2.0; +http://www.bing.com/bingbot.htm)"
66.249.66.216 - - [16/Jul/2021:22:46:14 +0200] "GET /images/big_prod_2/3701206604050C.jpg HTTP/1.0" 200 271 "-" "Googlebot-Image/1.0"
157.55.39.180 - - [16/Jul/2021:22:46:22 +0200] "GET /avengers-age-of-ultron-poster-p-32314.html HTTP/1.0" 301 72984 "-" "Mozilla/5.0 (compatible; bingbot/2.0; +http://www.bing.com/bingbot.htm)"
185.191.171.35 - - [16/Jul/2021:22:46:23 +0200] "GET /boudoir-bowl-white-taupe-p-52649.html?action=add_product HTTP/1.0" 302 476 "-" "Mozilla/5.0 (compatible; SemrushBot/7~bl; +http://www.semrush.com/bot.html)"
157.55.39.180 - - [16/Jul/2021:22:46:24 +0200] "GET /-p-23263.html HTTP/1.0" 200 70197 "-" "Mozilla/5.0 (compatible; bingbot/2.0; +http://www.bing.com/bingbot.htm)"
216.244.66.242 - - [16/Jul/2021:22:46:40 +0200] "GET /bull-hanging-decoration-p-50486.html HTTP/1.0" 200 73491 "-" "Mozilla/5.0 (compatible; DotBot/1.2; +https://opensiteexplorer.org/dotbot; help@moz.com)"
207.46.13.182 - - [16/Jul/2021:22:46:45 +0200] "GET /nici-love-cats-notebook-set-p-12299.html HTTP/1.0" 301 73029 "-" "Mozilla/5.0 (compatible; bingbot/2.0; +http://www.bing.com/bingbot.htm)"
157.55.39.166 - - [16/Jul/2021:22:46:45 +0200] "GET /thread-count-cotton-percale-fitted-sheet-p-54447.html HTTP/1.0" 200 73978 "-" "Mozilla/5.0 (compatible; bingbot/2.0; +http://www.bing.com/bingbot.htm)"
54.36.148.242 - - [16/Jul/2021:22:46:55 +0200] "GET /skull-zippo-lighter-p-39538.html HTTP/1.0" 200 75904 "-" "Mozilla/5.0 (compatible; AhrefsBot/7.0; +http://ahrefs.com/robot/)"
157.55.39.78 - - [16/Jul/2021:22:46:57 +0200] "GET /cars-inflatable-balloon-p-19974.html HTTP/1.0" 301 70264 "-" "Mozilla/5.0 (compatible; bingbot/2.0; +http://www.bing.com/bingbot.htm)"
207.46.13.174 - - [16/Jul/2021:22:47:15 +0200] "GET /-p-25100.html HTTP/1.0" 200 70197 "-" "Mozilla/5.0 (compatible; bingbot/2.0; +http://www.bing.com/bingbot.htm)"
207.46.13.174 - - [16/Jul/2021:22:47:35 +0200] "GET /klimt-le-baiser-shoulder-hook-bag-made-in-france-p-47416.html HTTP/1.0" 301 73988 "-" "Mozilla/5.0 (compatible; bingbot/2.0; +http://www.bing.com/bingbot.htm)"
185.191.171.35 - - [16/Jul/2021:22:47:39 +0200] "GET /peanuts-phone-p-33047.html HTTP/1.0" 200 70253 "-" "Mozilla/5.0 (compatible; SemrushBot/7~bl; +http://www.semrush.com/bot.html)"
207.46.13.179 - - [16/Jul/2021:22:48:01 +0200] "GET /trudi-perla-lamb-soft-toy-20-cm-p-16221.html HTTP/1.0" 301 72810 "-" "Mozilla/5.0 (compatible; bingbot/2.0; +http://www.bing.com/bingbot.htm)"
66.249.66.200 - - [16/Jul/2021:22:48:02 +0200] "GET /girls/sweaters-sweatshirts-vests/cafe-tour-paris-blue-clock-p-10889.html HTTP/1.0" 301 70381 "-" "Mozilla/5.0 (Linux; Android 6.0.1; Nexus 5X Build/MMB29P) AppleWebKit/537.36 (KHTML, like Gecko) Chrome/91.0.4472.90 Mobile Safari/537.36 (compatible; Googlebot/2.1; +http://www.google.com/bot.html)"
66.249.66.198 - - [16/Jul/2021:22:48:03 +0200] "GET /tour-paris-grey-clock-p-10889.html HTTP/1.0" 200 70293 "-" "Mozilla/5.0 (Linux; Android 6.0.1; Nexus 5X Build/MMB29P) AppleWebKit/537.36 (KHTML, like Gecko) Chrome/91.0.4472.90 Mobile Safari/537.36 (compatible; Googlebot/2.1; +http://www.google.com/bot.html)"
216.244.66.242 - - [16/Jul/2021:22:48:36 +0200] "GET /luggages-schoolbags-leather-shop-c-31.html?page=13 HTTP/1.0" 200 93458 "-" "Mozilla/5.0 (compatible; DotBot/1.2; +https://opensiteexplorer.org/dotbot; help@moz.com)"
54.36.148.242 - - [16/Jul/2021:22:48:43 +0200] "GET /valentine-table-lamp-p-55193.html HTTP/1.0" 200 73521 "-" "Mozilla/5.0 (compatible; AhrefsBot/7.0; +http://ahrefs.com/robot/)"
207.46.13.182 - - [16/Jul/2021:22:49:02 +0200] "GET /lavande-soap-box-soap-10-65-28-cm-p-40113.html HTTP/1.0" 301 73203 "-" "Mozilla/5.0 (compatible; bingbot/2.0; +http://www.bing.com/bingbot.htm)"
216.244.66.242 - - [16/Jul/2021:22:49:10 +0200] "GET /polar-blankets-blankets-c-11_73.html?page=4 HTTP/1.0" 200 85612 "-" "Mozilla/5.0 (compatible; DotBot/1.2; +https://opensiteexplorer.org/dotbot; help@moz.com)"
66.249.66.200 - - [16/Jul/2021:22:49:15 +0200] "GET /miracle-tattoos-augmented-reality-p-30661.html HTTP/1.0" 200 73682 "-" "Mozilla/5.0 (Linux; Android 6.0.1; Nexus 5X Build/MMB29P) AppleWebKit/537.36 (KHTML, like Gecko) Chrome/91.0.4472.90 Mobile Safari/537.36 (compatible; Googlebot/2.1; +http://www.google.com/bot.html)"
157.55.39.166 - - [16/Jul/2021:22:49:18 +0200] "GET /-p-34271.html HTTP/1.0" 200 70197 "-" "Mozilla/5.0 (compatible; bingbot/2.0; +http://www.bing.com/bingbot.htm)"
207.46.13.174 - - [16/Jul/2021:22:49:26 +0200] "GET /duck-giant-wall-p-20479.html HTTP/1.0" 200 72754 "-" "Mozilla/5.0 (compatible; bingbot/2.0; +http://www.bing.com/bingbot.htm)"
157.55.39.177 - - [16/Jul/2021:22:49:41 +0200] "GET /kitten-cardboard-box-mod-p-27643.html HTTP/1.0" 301 73125 "-" "Mozilla/5.0 (compatible; bingbot/2.0; +http://www.bing.com/bingbot.htm)"
157.55.39.166 - - [16/Jul/2021:22:50:00 +0200] "GET /white-tower-chess-piece-p-51213.html HTTP/1.0" 200 72878 "-" "Mozilla/5.0 (compatible; bingbot/2.0; +http://www.bing.com/bingbot.htm)"
110.249.202.95 - - [16/Jul/2021:22:50:13 +0200] "GET /mani-lucky-charm-size-anniversaire-p-33289.html HTTP/1.0" 200 73239 "-" "Mozilla/5.0 (Linux; Android 5.0) AppleWebKit/537.36 (KHTML, like Gecko) Mobile Safari/537.36 (compatible; Bytespider; https://zhanzhang.toutiao.com/)"
110.249.202.97 - - [16/Jul/2021:22:50:14 +0200] "GET /swfobject.js HTTP/1.0" 404 1308 "http://www.wonder-geek.com/mani-lucky-charm-size-anniversaire-p-33289.html" "Mozilla/5.0 (Linux; Android 5.0) AppleWebKit/537.36 (KHTML, like Gecko) Mobile Safari/537.36 (compatible; Bytespider; https://zhanzhang.toutiao.com/)"
110.249.202.86 - - [16/Jul/2021:22:50:15 +0200] "GET /highslide/graphics/zoomout.cur HTTP/1.0" 200 614 "http://www.wonder-geek.com/mani-lucky-charm-size-anniversaire-p-33289.html" "Mozilla/5.0 (Linux; Android 5.0) AppleWebKit/537.36 (KHTML, like Gecko) Mobile Safari/537.36 (compatible; Bytespider; https://zhanzhang.toutiao.com/)"
110.249.202.84 - - [16/Jul/2021:22:50:15 +0200] "GET /images/med_prod/3519570205946.jpg HTTP/1.0" 200 268 "http://www.wonder-geek.com/mani-lucky-charm-size-anniversaire-p-33289.html" "Mozilla/5.0 (Linux; Android 5.0) AppleWebKit/537.36 (KHTML, like Gecko) Mobile Safari/537.36 (compatible; Bytespider; https://zhanzhang.toutiao.com/)"
157.55.39.177 - - [16/Jul/2021:22:50:23 +0200] "GET /nerf-rebelle-arrow-refill-pack-p-29837.html HTTP/1.0" 301 70264 "-" "Mozilla/5.0 (compatible; bingbot/2.0; +http://www.bing.com/bingbot.htm)"
157.55.39.180 - - [16/Jul/2021:22:50:23 +0200] "GET /unicorn-plush-parma-and-white-11-cm-p-47654.html HTTP/1.0" 301 73068 "-" "Mozilla/5.0 (compatible; bingbot/2.0; +http://www.bing.com/bingbot.htm)"
54.36.148.242 - - [16/Jul/2021:22:50:28 +0200] "GET /laissez-lucie-faire-placemat-p-42715.html HTTP/1.0" 200 72845 "-" "Mozilla/5.0 (compatible; AhrefsBot/7.0; +http://ahrefs.com/robot/)"
157.55.39.177 - - [16/Jul/2021:22:50:49 +0200] "GET /game-of-thrones-episodes-poster-p-32309.html HTTP/1.0" 301 73019 "-" "Mozilla/5.0 (compatible; bingbot/2.0; +http://www.bing.com/bingbot.htm)"
157.55.39.177 - - [16/Jul/2021:22:50:52 +0200] "GET /mickey-mouse-smile-suitcase-p-34798.html HTTP/1.0" 200 70323 "-" "Mozilla/5.0 (compatible; bingbot/2.0; +http://www.bing.com/bingbot.htm)"
216.244.66.242 - - [16/Jul/2021:22:51:00 +0200] "GET /flees-eyelets-sheer-curtain-p-41796.html HTTP/1.0" 200 75040 "-" "Mozilla/5.0 (compatible; DotBot/1.2; +https://opensiteexplorer.org/dotbot; help@moz.com)"
157.55.39.167 - - [16/Jul/2021:22:51:01 +0200] "GET /-p-39595.html HTTP/1.0" 200 70197 "-" "Mozilla/5.0 (compatible; bingbot/2.0; +http://www.bing.com/bingbot.htm)"
157.55.39.177 - - [16/Jul/2021:22:51:07 +0200] "GET /js/jquery.js HTTP/1.0" 200 252 "-" "Mozilla/5.0 (compatible; bingbot/2.0; +http://www.bing.com/bingbot.htm)"
66.249.66.200 - - [16/Jul/2021:22:51:08 +0200] "GET /camargue-small-ashtray-p-54600.html HTTP/1.0" 200 72825 "-" "Mozilla/5.0 (compatible; Googlebot/2.1; +http://www.google.com/bot.html)"
157.55.39.177 - - [16/Jul/2021:22:51:17 +0200] "GET /js/jquery.js HTTP/1.0" 200 252 "-" "Mozilla/5.0 (compatible; bingbot/2.0; +http://www.bing.com/bingbot.htm)"
185.191.171.5 - - [16/Jul/2021:22:51:26 +0200] "GET /one-piece-messenger-bag-p-30617.html HTTP/1.0" 301 70345 "-" "Mozilla/5.0 (compatible; SemrushBot/7~bl; +http://www.semrush.com/bot.html)"
66.249.66.198 - - [16/Jul/2021:22:51:27 +0200] "GET /camargue-small-ashtray-p-54600.html HTTP/1.0" 200 72825 "-" "Mozilla/5.0 (compatible; Googlebot/2.1; +http://www.google.com/bot.html)"
66.249.66.200 - - [16/Jul/2021:22:51:28 +0200] "GET /mondial_relay/js/jquery-1.3.2.min.js HTTP/1.0" 200 276 "http://www.wonder-geek.com/camargue-small-ashtray-p-54600.html" "Mozilla/5.0 (compatible; Googlebot/2.1; +http://www.google.com/bot.html)"
66.249.66.198 - - [16/Jul/2021:22:51:29 +0200] "GET /js/jquery.jqzoom.js HTTP/1.0" 200 259 "http://www.wonder-geek.com/camargue-small-ashtray-p-54600.html" "Mozilla/5.0 (compatible; Googlebot/2.1; +http://www.google.com/bot.html)"
185.191.171.39 - - [16/Jul/2021:22:51:28 +0200] "GET /piece-messenger-p-30617.html HTTP/1.0" 200 70263 "-" "Mozilla/5.0 (compatible; SemrushBot/7~bl; +http://www.semrush.com/bot.html)"
66.249.66.198 - - [16/Jul/2021:22:51:29 +0200] "GET /js/jquery.js HTTP/1.0" 200 252 "http://www.wonder-geek.com/camargue-small-ashtray-p-54600.html" "Mozilla/5.0 (compatible; Googlebot/2.1; +http://www.google.com/bot.html)"
66.249.66.198 - - [16/Jul/2021:22:51:32 +0200] "GET /highslide/highslide.js HTTP/1.0" 200 262 "http://www.wonder-geek.com/camargue-small-ashtray-p-54600.html" "Mozilla/5.0 (compatible; Googlebot/2.1; +http://www.google.com/bot.html)"
216.244.66.242 - - [16/Jul/2021:22:51:32 +0200] "GET /tablecloths-c-11_176.html?page=1 HTTP/1.0" 200 91551 "-" "Mozilla/5.0 (compatible; DotBot/1.2; +https://opensiteexplorer.org/dotbot; help@moz.com)"
66.249.66.198 - - [16/Jul/2021:22:51:33 +0200] "GET /swfobject.js HTTP/1.0" 404 1308 "http://www.wonder-geek.com/camargue-small-ashtray-p-54600.html" "Mozilla/5.0 (compatible; Googlebot/2.1; +http://www.google.com/bot.html)"
66.249.66.198 - - [16/Jul/2021:22:51:34 +0200] "GET /swfobject.js HTTP/1.0" 404 1308 "http://www.wonder-geek.com/camargue-small-ashtray-p-54600.html" "Mozilla/5.0 (compatible; Googlebot/2.1; +http://www.google.com/bot.html)"
207.46.13.179 - - [16/Jul/2021:22:51:43 +0200] "GET /graffiti-compact-mirror-p-26196.html HTTP/1.0" 200 72952 "-" "Mozilla/5.0 (compatible; bingbot/2.0; +http://www.bing.com/bingbot.htm)"
157.55.39.78 - - [16/Jul/2021:22:51:47 +0200] "GET /set-of-black-mustache-circle-coasters-by-cbkreation-p-16702.html HTTP/1.0" 301 73199 "-" "Mozilla/5.0 (compatible; bingbot/2.0; +http://www.bing.com/bingbot.htm)"
216.244.66.242 - - [16/Jul/2021:22:51:54 +0200] "GET /rectangular-burlap-placemat-corsica-p-50942.html HTTP/1.0" 200 72899 "-" "Mozilla/5.0 (compatible; DotBot/1.2; +https://opensiteexplorer.org/dotbot; help@moz.com)"
157.55.39.167 - - [16/Jul/2021:22:52:01 +0200] "GET /volkswagen-bully-rectangular-mirror-p-29010.html HTTP/1.0" 200 72904 "-" "Mozilla/5.0 (compatible; bingbot/2.0; +http://www.bing.com/bingbot.htm)"
54.36.148.242 - - [16/Jul/2021:22:52:08 +0200] "GET /trays-c-12_159.html HTTP/1.0" 200 91871 "-" "Mozilla/5.0 (compatible; AhrefsBot/7.0; +http://ahrefs.com/robot/)"
216.244.66.242 - - [16/Jul/2021:22:52:21 +0200] "GET /-p-22643.html HTTP/1.0" 200 70197 "-" "Mozilla/5.0 (compatible; DotBot/1.2; +https://opensiteexplorer.org/dotbot; help@moz.com)"
185.191.171.43 - - [16/Jul/2021:22:52:24 +0200] "GET /-p-42575.html?action=add_product HTTP/1.0" 302 476 "-" "Mozilla/5.0 (compatible; SemrushBot/7~bl; +http://www.semrush.com/bot.html)"
216.244.66.242 - - [16/Jul/2021:22:52:24 +0200] "GET /-p-31244.html HTTP/1.0" 200 70197 "-" "Mozilla/5.0 (compatible; DotBot/1.2; +https://opensiteexplorer.org/dotbot; help@moz.com)"
46.98.67.220 - - [16/Jul/2021:22:52:25 +0200] "GET /contact_us.php HTTP/1.0" 200 26238 "http://www.wonder-geek.com/contact_us.php" "Mozilla/5.0 (Windows NT 6.3; Win64; x64) AppleWebKit/537.36 (KHTML, like Gecko) Chrome/83.0.4103.44 Safari/537.36"
216.244.66.242 - - [16/Jul/2021:22:52:27 +0200] "GET /-p-31267.html HTTP/1.0" 200 70197 "-" "Mozilla/5.0 (compatible; DotBot/1.2; +https://opensiteexplorer.org/dotbot; help@moz.com)"
46.98.67.220 - - [16/Jul/2021:22:52:28 +0200] "POST /contact_us.php?action=send HTTP/1.0" 200 26504 "http://www.wonder-geek.com/contact_us.php" "Mozilla/5.0 (Windows NT 6.3; Win64; x64) AppleWebKit/537.36 (KHTML, like Gecko) Chrome/83.0.4103.44 Safari/537.36"
216.244.66.242 - - [16/Jul/2021:22:52:30 +0200] "GET /-p-31317.html HTTP/1.0" 200 70197 "-" "Mozilla/5.0 (compatible; DotBot/1.2; +https://opensiteexplorer.org/dotbot; help@moz.com)"
216.244.66.242 - - [16/Jul/2021:22:52:32 +0200] "GET /-p-32762.html HTTP/1.0" 200 70197 "-" "Mozilla/5.0 (compatible; DotBot/1.2; +https://opensiteexplorer.org/dotbot; help@moz.com)"
216.244.66.242 - - [16/Jul/2021:22:52:35 +0200] "GET /-p-36386.html HTTP/1.0" 200 70197 "-" "Mozilla/5.0 (compatible; DotBot/1.2; +https://opensiteexplorer.org/dotbot; help@moz.com)"
216.244.66.242 - - [16/Jul/2021:22:52:38 +0200] "GET /-p-7865.html HTTP/1.0" 200 70195 "-" "Mozilla/5.0 (compatible; DotBot/1.2; +https://opensiteexplorer.org/dotbot; help@moz.com)"
216.244.66.242 - - [16/Jul/2021:22:52:42 +0200] "GET /-p-32957.html HTTP/1.0" 200 70197 "-" "Mozilla/5.0 (compatible; DotBot/1.2; +https://opensiteexplorer.org/dotbot; help@moz.com)"
157.55.39.177 - - [16/Jul/2021:22:52:47 +0200] "GET /kaloo-plume-natural-rabbit-soft-toy-p-15730.html HTTP/1.0" 301 70453 "-" "Mozilla/5.0 (compatible; bingbot/2.0; +http://www.bing.com/bingbot.htm)"
157.55.39.78 - - [16/Jul/2021:22:52:51 +0200] "GET /digipenguin-p-30674.html HTTP/1.0" 200 70231 "-" "Mozilla/5.0 (compatible; bingbot/2.0; +http://www.bing.com/bingbot.htm)"
216.244.66.242 - - [16/Jul/2021:22:52:53 +0200] "GET /skull-moneybox-p-37730.html HTTP/1.0" 200 72777 "-" "Mozilla/5.0 (compatible; DotBot/1.2; +https://opensiteexplorer.org/dotbot; help@moz.com)"
216.244.66.242 - - [16/Jul/2021:22:52:56 +0200] "GET /tetsubin-plum-teapot-japanese-liter-p-40901.html HTTP/1.0" 200 73157 "-" "Mozilla/5.0 (compatible; DotBot/1.2; +https://opensiteexplorer.org/dotbot; help@moz.com)"
157.55.39.72 - - [16/Jul/2021:22:53:00 +0200] "GET /mickey-ears-blue-box-collection-by-romano-britto-p-20764.html HTTP/1.0" 301 70264 "-" "Mozilla/5.0 (compatible; bingbot/2.0; +http://www.bing.com/bingbot.htm)"
207.46.13.182 - - [16/Jul/2021:22:53:19 +0200] "GET /yogi-yogini-yogamat-pink-p-48360.html HTTP/1.0" 200 73460 "-" "Mozilla/5.0 (compatible; bingbot/2.0; +http://www.bing.com/bingbot.htm)"
185.191.171.21 - - [16/Jul/2021:22:53:24 +0200] "GET /porcelain-with-infuser-p-48053.html HTTP/1.0" 200 72859 "-" "Mozilla/5.0 (compatible; SemrushBot/7~bl; +http://www.semrush.com/bot.html)"
66.249.66.202 - - [16/Jul/2021:22:53:38 +0200] "GET /lisa-flower-p-51553.html HTTP/1.0" 200 70239 "-" "Mozilla/5.0 (Linux; Android 6.0.1; Nexus 5X Build/MMB29P) AppleWebKit/537.36 (KHTML, like Gecko) Chrome/91.0.4472.90 Mobile Safari/537.36 (compatible; Googlebot/2.1; +http://www.google.com/bot.html)"
157.55.39.167 - - [16/Jul/2021:22:53:38 +0200] "GET /swfobject.js HTTP/1.0" 404 1308 "-" "Mozilla/5.0 (compatible; bingbot/2.0; +http://www.bing.com/bingbot.htm)"
66.249.66.202 - - [16/Jul/2021:22:53:40 +0200] "GET /placemat-little-prince-plane-p-53833.html HTTP/1.0" 200 72874 "-" "Mozilla/5.0 (Linux; Android 6.0.1; Nexus 5X Build/MMB29P) AppleWebKit/537.36 (KHTML, like Gecko) Chrome/91.0.4472.90 Mobile Safari/537.36 (compatible; Googlebot/2.1; +http://www.google.com/bot.html)"
54.36.148.242 - - [16/Jul/2021:22:53:54 +0200] "GET /nightlight-shaped-hedgehog-multicolor-p-37018.html HTTP/1.0" 200 72982 "-" "Mozilla/5.0 (compatible; AhrefsBot/7.0; +http://ahrefs.com/robot/)"
157.55.39.72 - - [16/Jul/2021:22:54:01 +0200] "GET /little-prince-saint-exupery-wall-decoration-p-51868.html HTTP/1.0" 200 73128 "-" "Mozilla/5.0 (compatible; bingbot/2.0; +http://www.bing.com/bingbot.htm)"
17.121.113.18 - - [16/Jul/2021:22:54:10 +0200] "GET /samurai-statue-resin-p-50895.html HTTP/1.0" 200 73661 "-" "Mozilla/5.0 (Macintosh; Intel Mac OS X 10_15_5) AppleWebKit/605.1.15 (KHTML, like Gecko) Version/13.1.1 Safari/605.1.15 (Applebot/0.1; +http://www.apple.com/go/applebot)"
216.244.66.242 - - [16/Jul/2021:22:54:11 +0200] "GET /tweety-skateboard-figurine-p-42729.html HTTP/1.0" 200 72856 "-" "Mozilla/5.0 (compatible; DotBot/1.2; +https://opensiteexplorer.org/dotbot; help@moz.com)"
216.244.66.242 - - [16/Jul/2021:22:54:21 +0200] "GET /super-duck-frame-canvas-p-31825.html HTTP/1.0" 200 72887 "-" "Mozilla/5.0 (compatible; DotBot/1.2; +https://opensiteexplorer.org/dotbot; help@moz.com)"
207.46.13.182 - - [16/Jul/2021:22:54:35 +0200] "GET /triskel-wooden-decoration-clip-p-46490.html HTTP/1.0" 200 70307 "-" "Mozilla/5.0 (compatible; bingbot/2.0; +http://www.bing.com/bingbot.htm)"
185.191.171.21 - - [16/Jul/2021:22:55:00 +0200] "GET /glass-cutting-board-cbkreation-p-51319.html HTTP/1.0" 200 72903 "-" "Mozilla/5.0 (compatible; SemrushBot/7~bl; +http://www.semrush.com/bot.html)"
157.55.39.180 - - [16/Jul/2021:22:55:03 +0200] "GET /britto-flying-heart-folding-umbrella-p-38856.html HTTP/1.0" 200 70331 "-" "Mozilla/5.0 (compatible; bingbot/2.0; +http://www.bing.com/bingbot.htm)"
207.46.13.182 - - [16/Jul/2021:22:55:10 +0200] "GET /princess-disney-pink-swimsuit-p-30310.html HTTP/1.0" 200 74331 "-" "Mozilla/5.0 (compatible; bingbot/2.0; +http://www.bing.com/bingbot.htm)"
17.121.112.52 - - [16/Jul/2021:22:55:17 +0200] "GET /candy-cloud-notepad-bella-p-49841.html HTTP/1.0" 200 72883 "-" "Mozilla/5.0 (Macintosh; Intel Mac OS X 10_15_5) AppleWebKit/605.1.15 (KHTML, like Gecko) Version/13.1.1 Safari/605.1.15 (Applebot/0.1; +http://www.apple.com/go/applebot)"
54.36.148.242 - - [16/Jul/2021:22:55:40 +0200] "GET /fairies-fairy-lights-p-24738.html HTTP/1.0" 200 73029 "-" "Mozilla/5.0 (compatible; AhrefsBot/7.0; +http://ahrefs.com/robot/)"
157.55.39.180 - - [16/Jul/2021:22:55:43 +0200] "GET /-p-18290.html HTTP/1.0" 200 70197 "-" "Mozilla/5.0 (compatible; bingbot/2.0; +http://www.bing.com/bingbot.htm)"
157.55.39.167 - - [16/Jul/2021:22:56:11 +0200] "GET /jewels-beauty-accessories-c-3_29.html HTTP/1.0" 200 85311 "-" "Mozilla/5.0 (compatible; bingbot/2.0; +http://www.bing.com/bingbot.htm)"
207.46.13.179 - - [16/Jul/2021:22:56:22 +0200] "GET /black-samsung-galaxy-note-moustach-phone-cover-cbkreation-p-16976.html HTTP/1.0" 200 70440 "-" "Mozilla/5.0 (compatible; bingbot/2.0; +http://www.bing.com/bingbot.htm)"
207.46.13.182 - - [16/Jul/2021:22:56:25 +0200] "GET /sonny-angel-animals-series-figure-version-p-47271.html HTTP/1.0" 200 75127 "-" "Mozilla/5.0 (compatible; bingbot/2.0; +http://www.bing.com/bingbot.htm)"
207.46.13.182 - - [16/Jul/2021:22:56:28 +0200] "GET /moroccan-ashtray-p-40617.html HTTP/1.0" 200 72803 "-" "Mozilla/5.0 (compatible; bingbot/2.0; +http://www.bing.com/bingbot.htm)"
157.55.39.167 - - [16/Jul/2021:22:56:40 +0200] "GET /lighting-c-13_86.html?page=4 HTTP/1.0" 200 92914 "-" "Mozilla/5.0 (compatible; bingbot/2.0; +http://www.bing.com/bingbot.htm)"
207.46.13.182 - - [16/Jul/2021:22:56:45 +0200] "GET /peanuts-figure-p-11179.html HTTP/1.0" 200 72867 "-" "Mozilla/5.0 (compatible; bingbot/2.0; +http://www.bing.com/bingbot.htm)"
157.55.39.177 - - [16/Jul/2021:22:56:55 +0200] "GET /images/big_prod/8424346355136.jpg HTTP/1.0" 200 268 "-" "Mozilla/5.0 (compatible; bingbot/2.0; +http://www.bing.com/bingbot.htm)"
207.46.13.179 - - [16/Jul/2021:22:57:01 +0200] "GET /strawberry-shortcake-padded-jacket-p-31239.html HTTP/1.0" 200 74178 "-" "Mozilla/5.0 (compatible; bingbot/2.0; +http://www.bing.com/bingbot.htm)"
207.46.13.182 - - [16/Jul/2021:22:57:03 +0200] "GET /tablecloth-azulejos-treated-anti-stain-blue-150-150-cm-p-48519.html HTTP/1.0" 301 73893 "-" "Mozilla/5.0 (compatible; bingbot/2.0; +http://www.bing.com/bingbot.htm)"
157.55.39.167 - - [16/Jul/2021:22:57:05 +0200] "GET /-p-21505.html HTTP/1.0" 200 70197 "-" "Mozilla/5.0 (compatible; bingbot/2.0; +http://www.bing.com/bingbot.htm)"
185.191.171.34 - - [16/Jul/2021:22:57:08 +0200] "GET /wood-metal-rabbit-decoration-p-48287.html?action=add_product HTTP/1.0" 302 476 "-" "Mozilla/5.0 (compatible; SemrushBot/7~bl; +http://www.semrush.com/bot.html)"
51.68.224.127 - - [16/Jul/2021:22:57:10 +0200] "GET /adminweb/export_orders_xml.php?token=256de2z6edz6ed2z6DFSFsed2zed6zeDSFDSGdzedezfzf&maxorders=10&orderstart=1&status=14&start_date=2018-10-01 HTTP/1.0" 200 285 "-" "GesCom CharlotteBoutik Serveur"
51.68.224.127 - - [16/Jul/2021:22:57:10 +0200] "GET /adminweb/export_orders_xml.php?token=256de2z6edz6ed2z6DFSFsed2zed6zeDSFDSGdzedezfzf&maxorders=10&orderstart=1&status=6&start_date=2018-10-01 HTTP/1.0" 200 29786 "-" "GesCom CharlotteBoutik Serveur"
54.36.148.242 - - [16/Jul/2021:22:57:16 +0200] "GET /saint-christophe-prayer-candle-novena-p-44429.html HTTP/1.0" 200 73708 "-" "Mozilla/5.0 (compatible; AhrefsBot/7.0; +http://ahrefs.com/robot/)"
207.46.13.179 - - [16/Jul/2021:22:58:21 +0200] "GET /incense-satya-nag-champa-sandalwood-15-grams-or-about-15-sticks-p-44398.html HTTP/1.0" 301 74280 "-" "Mozilla/5.0 (compatible; bingbot/2.0; +http://www.bing.com/bingbot.htm)"
207.46.13.182 - - [16/Jul/2021:22:58:22 +0200] "GET /-p-29805.html HTTP/1.0" 200 70197 "-" "Mozilla/5.0 (compatible; bingbot/2.0; +http://www.bing.com/bingbot.htm)"
157.55.39.167 - - [16/Jul/2021:22:58:24 +0200] "GET /-p-20872.html HTTP/1.0" 200 70197 "-" "Mozilla/5.0 (compatible; bingbot/2.0; +http://www.bing.com/bingbot.htm)"
157.55.39.167 - - [16/Jul/2021:22:58:27 +0200] "GET /-p-18794.html HTTP/1.0" 200 70197 "-" "Mozilla/5.0 (compatible; bingbot/2.0; +http://www.bing.com/bingbot.htm)"
157.55.39.177 - - [16/Jul/2021:22:58:47 +0200] "GET /-p-3937.html HTTP/1.0" 200 70195 "-" "Mozilla/5.0 (compatible; bingbot/2.0; +http://www.bing.com/bingbot.htm)"
157.55.39.167 - - [16/Jul/2021:22:59:00 +0200] "GET /ethnic-style-burlap-table-p-48446.html HTTP/1.0" 200 73423 "-" "Mozilla/5.0 (compatible; bingbot/2.0; +http://www.bing.com/bingbot.htm)"
157.55.39.167 - - [16/Jul/2021:22:59:02 +0200] "GET /french-riviera-white-and-pink-bowling-bag-p-38648.html HTTP/1.0" 301 70435 "-" "Mozilla/5.0 (compatible; bingbot/2.0; +http://www.bing.com/bingbot.htm)"
54.36.148.242 - - [16/Jul/2021:22:59:02 +0200] "GET /harley-davidson-diamond-zippo-lighter-p-32555.html HTTP/1.0" 200 73431 "-" "Mozilla/5.0 (compatible; AhrefsBot/7.0; +http://ahrefs.com/robot/)"
185.191.171.4 - - [16/Jul/2021:22:59:10 +0200] "GET /sentiment-tea-towel-kitchen-towel-70-35-cm-p-43629.html HTTP/1.0" 301 73710 "-" "Mozilla/5.0 (compatible; SemrushBot/7~bl; +http://www.semrush.com/bot.html)"
185.191.171.18 - - [16/Jul/2021:22:59:13 +0200] "GET /sentiment-towel-kitchen-towel-p-43629.html HTTP/1.0" 200 73614 "-" "Mozilla/5.0 (compatible; SemrushBot/7~bl; +http://www.semrush.com/bot.html)"
66.249.66.198 - - [16/Jul/2021:22:59:22 +0200] "GET /lotus-candle-holder-glass-p-42829.html HTTP/1.0" 200 73977 "-" "Mozilla/5.0 (Linux; Android 6.0.1; Nexus 5X Build/MMB29P) AppleWebKit/537.36 (KHTML, like Gecko) Chrome/91.0.4472.90 Mobile Safari/537.36 (compatible; Googlebot/2.1; +http://www.google.com/bot.html)"
157.55.39.180 - - [16/Jul/2021:22:59:23 +0200] "GET /-p-22634.html HTTP/1.0" 200 70197 "-" "Mozilla/5.0 (compatible; bingbot/2.0; +http://www.bing.com/bingbot.htm)"
157.55.39.177 - - [16/Jul/2021:22:59:37 +0200] "GET /-p-30920.html HTTP/1.0" 200 70197 "-" "Mozilla/5.0 (compatible; bingbot/2.0; +http://www.bing.com/bingbot.htm)"
207.46.13.174 - - [16/Jul/2021:22:59:55 +0200] "GET /images/med_prod/1399984252178b.jpg HTTP/1.0" 200 269 "-" "Mozilla/5.0 (compatible; bingbot/2.0; +http://www.bing.com/bingbot.htm)"
110.249.202.100 - - [16/Jul/2021:23:00:12 +0200] "GET /prose-gourmande-wall-decoration-p-42708.html HTTP/1.0" 200 72918 "-" "Mozilla/5.0 (Linux; Android 5.0) AppleWebKit/537.36 (KHTML, like Gecko) Mobile Safari/537.36 (compatible; Bytespider; https://zhanzhang.toutiao.com/)"
110.249.202.94 - - [16/Jul/2021:23:00:14 +0200] "GET /swfobject.js HTTP/1.0" 404 1308 "http://www.wonder-geek.com/prose-gourmande-wall-decoration-p-42708.html" "Mozilla/5.0 (Linux; Android 5.0) AppleWebKit/537.36 (KHTML, like Gecko) Mobile Safari/537.36 (compatible; Bytespider; https://zhanzhang.toutiao.com/)"
110.249.202.100 - - [16/Jul/2021:23:00:15 +0200] "GET /highslide/graphics/zoomout.cur HTTP/1.0" 200 614 "http://www.wonder-geek.com/prose-gourmande-wall-decoration-p-42708.html" "Mozilla/5.0 (Linux; Android 5.0) AppleWebKit/537.36 (KHTML, like Gecko) Mobile Safari/537.36 (compatible; Bytespider; https://zhanzhang.toutiao.com/)"
110.249.202.92 - - [16/Jul/2021:23:00:15 +0200] "GET /images/big_prod/3453131138123.jpg HTTP/1.0" 200 268 "http://www.wonder-geek.com/prose-gourmande-wall-decoration-p-42708.html" "Mozilla/5.0 (Linux; Android 5.0) AppleWebKit/537.36 (KHTML, like Gecko) Mobile Safari/537.36 (compatible; Bytespider; https://zhanzhang.toutiao.com/)"
157.55.39.78 - - [16/Jul/2021:23:00:18 +0200] "GET /metal-ding-dong-bell-for-bike-black-p-40743.html HTTP/1.0" 301 73034 "-" "Mozilla/5.0 (compatible; bingbot/2.0; +http://www.bing.com/bingbot.htm)"
157.55.39.78 - - [16/Jul/2021:23:00:21 +0200] "GET /doc-mc-stuffins-apron-pot-holder-and-glove-set-p-28190.html HTTP/1.0" 301 73292 "-" "Mozilla/5.0 (compatible; bingbot/2.0; +http://www.bing.com/bingbot.htm)"
185.191.171.17 - - [16/Jul/2021:23:00:26 +0200] "GET /lisboa-tea-pot-p-47119.html HTTP/1.0" 301 73586 "-" "Mozilla/5.0 (compatible; SemrushBot/7~bl; +http://www.semrush.com/bot.html)"
185.191.171.21 - - [16/Jul/2021:23:00:28 +0200] "GET /lisboa-p-47119.html HTTP/1.0" 200 73513 "-" "Mozilla/5.0 (compatible; SemrushBot/7~bl; +http://www.semrush.com/bot.html)"
185.191.171.43 - - [16/Jul/2021:23:00:31 +0200] "GET /toiletry-p-42972.html?action=add_product HTTP/1.0" 302 476 "-" "Mozilla/5.0 (compatible; SemrushBot/7~bl; +http://www.semrush.com/bot.html)"
207.46.13.182 - - [16/Jul/2021:23:00:31 +0200] "GET /fiers-etre-marseillais-orange-black-track-jacket-p-29984.html HTTP/1.0" 200 74370 "-" "Mozilla/5.0 (compatible; bingbot/2.0; +http://www.bing.com/bingbot.htm)"
54.36.148.242 - - [16/Jul/2021:23:00:50 +0200] "GET /mandala-coasters-orange-p-54066.html HTTP/1.0" 200 72864 "-" "Mozilla/5.0 (compatible; AhrefsBot/7.0; +http://ahrefs.com/robot/)"
185.191.171.43 - - [16/Jul/2021:23:00:57 +0200] "GET /vilaines-filles-beach-towel-p-51716.html HTTP/1.0" 200 72981 "-" "Mozilla/5.0 (compatible; SemrushBot/7~bl; +http://www.semrush.com/bot.html)"
