195.248.68.66 - - [16/Jul/2021:12:02:55 +0200] "GET /templates/Pixame_v1/images/Middle_texture.jpg HTTP/1.1" 200 249620 "http://www.wonder-geek.com/templates/Pixame_v1/stylesheet.css" "Mozilla/5.0 (Windows NT 10.0; Win64; x64) AppleWebKit/537.36 (KHTML, like Gecko) Chrome/91.0.4472.124 Safari/537.36 Edg/91.0.864.67"
195.248.68.66 - - [16/Jul/2021:12:02:55 +0200] "GET /highslide/graphics/outlines/drop-shadow.png HTTP/1.1" 200 2022 "http://www.wonder-geek.com/nitro-pencil-case-blue-p-35701.html" "Mozilla/5.0 (Windows NT 10.0; Win64; x64) AppleWebKit/537.36 (KHTML, like Gecko) Chrome/91.0.4472.124 Safari/537.36 Edg/91.0.864.67"
195.248.68.66 - - [16/Jul/2021:12:02:55 +0200] "GET /favicon.ico HTTP/1.1" 200 1591 "http://www.wonder-geek.com/nitro-pencil-case-blue-p-35701.html" "Mozilla/5.0 (Windows NT 10.0; Win64; x64) AppleWebKit/537.36 (KHTML, like Gecko) Chrome/91.0.4472.124 Safari/537.36 Edg/91.0.864.67"
195.248.68.66 - - [16/Jul/2021:12:04:52 +0200] "GET /images/big_prod/5410574420480.jpg HTTP/1.1" 200 130720 "http://www.wonder-geek.com/league-justice-pencil-case-p-41080.html" "Mozilla/5.0 (Windows NT 10.0; Win64; x64) AppleWebKit/537.36 (KHTML, like Gecko) Chrome/91.0.4472.124 Safari/537.36 Edg/91.0.864.67"
157.55.39.127 - - [16/Jul/2021:12:09:48 +0200] "GET /images/mini_prod/8422028078540.jpg HTTP/1.1" 200 7107 "-" "Mozilla/5.0 (compatible; bingbot/2.0; +http://www.bing.com/bingbot.htm)"
114.10.4.192 - - [16/Jul/2021:12:09:53 +0200] "GET /images/big_prod_1/b8435333807705.jpg HTTP/1.1" 200 86498 "https://www.google.com/" "Mozilla/5.0 (Linux; U; Android 8.1.0; SM-J530Y Build/M1AJQ; wv) AppleWebKit/537.36 (KHTML, like Gecko) Version/4.0 Chrome/74.0.3729.157 Mobile Safari/537.36 OPR/52.2.2254.54723"
207.46.13.51 - - [16/Jul/2021:12:11:07 +0200] "GET /images/9316188056038.jpg HTTP/1.1" 200 94985 "-" "Mozilla/5.0 (compatible; bingbot/2.0; +http://www.bing.com/bingbot.htm)"
5.45.207.132 - - [16/Jul/2021:12:11:31 +0200] "GET /images/med_prod/8712269006069.jpg HTTP/1.1" 304 0 "-" "Mozilla/5.0 (compatible; YandexImages/3.0; +http://yandex.com/bots)"
23.100.232.233 - - [16/Jul/2021:12:11:41 +0200] "GET /templates/Pixame_v1/stylesheet.css HTTP/1.1" 200 56057 "http://www.wonder-geek.com/gogh-coffee-p-48226.html" "Mozilla/5.0 (compatible; MSIE 9.0; Windows NT 6.1; Trident/5.0;  Trident/5.0)"
23.100.232.233 - - [16/Jul/2021:12:11:42 +0200] "GET /highslide/highslide.js HTTP/1.1" 200 42909 "http://www.wonder-geek.com/gogh-coffee-p-48226.html" "Mozilla/5.0 (compatible; MSIE 9.0; Windows NT 6.1; Trident/5.0;  Trident/5.0)"
23.100.232.233 - - [16/Jul/2021:12:11:43 +0200] "GET /js/jquery.js HTTP/1.1" 200 54075 "http://www.wonder-geek.com/gogh-coffee-p-48226.html" "Mozilla/5.0 (compatible; MSIE 9.0; Windows NT 6.1; Trident/5.0;  Trident/5.0)"
23.100.232.233 - - [16/Jul/2021:12:11:43 +0200] "GET /js/jquery.jqzoom.js HTTP/1.1" 200 4761 "http://www.wonder-geek.com/gogh-coffee-p-48226.html" "Mozilla/5.0 (compatible; MSIE 9.0; Windows NT 6.1; Trident/5.0;  Trident/5.0)"
23.100.232.233 - - [16/Jul/2021:12:11:43 +0200] "GET /mondial_relay/js/jquery-1.3.2.min.js HTTP/1.1" 200 57254 "http://www.wonder-geek.com/gogh-coffee-p-48226.html" "Mozilla/5.0 (compatible; MSIE 9.0; Windows NT 6.1; Trident/5.0;  Trident/5.0)"
23.100.232.233 - - [16/Jul/2021:12:11:44 +0200] "GET /templates/Pixame_v1/images/flash.swf HTTP/1.1" 200 2868 "http://www.wonder-geek.com/gogh-coffee-p-48226.html" "Mozilla/5.0 (compatible; MSIE 9.0; Windows NT 6.1; Trident/5.0;  Trident/5.0)"
207.46.13.125 - - [16/Jul/2021:12:15:24 +0200] "GET /js/jquery.js HTTP/1.1" 200 54075 "-" "Mozilla/5.0 (compatible; bingbot/2.0; +http://www.bing.com/bingbot.htm)"
207.46.13.125 - - [16/Jul/2021:12:15:25 +0200] "GET /js/jquery.js HTTP/1.1" 200 54075 "-" "Mozilla/5.0 (compatible; bingbot/2.0; +http://www.bing.com/bingbot.htm)"
207.46.13.125 - - [16/Jul/2021:12:15:25 +0200] "GET /js/jquery.js HTTP/1.1" 200 54075 "-" "Mozilla/5.0 (compatible; bingbot/2.0; +http://www.bing.com/bingbot.htm)"
66.249.72.168 - - [16/Jul/2021:12:23:34 +0200] "GET /images/med_prod/3519570205892.jpg HTTP/1.1" 200 54429 "-" "Googlebot-Image/1.0"
114.119.158.196 - - [16/Jul/2021:12:25:24 +0200] "GET /images/big_prod_1/3700572751740B.jpg HTTP/1.1" 200 60700 "-" "Mozilla/5.0 (Linux; Android 7.0;) AppleWebKit/537.36 (KHTML, like Gecko) Mobile Safari/537.36 (compatible; PetalBot;+https://webmaster.petalsearch.com/site/petalbot)"
216.244.66.242 - - [16/Jul/2021:12:26:04 +0200] "GET /robots.txt HTTP/1.1" 200 2438 "-" "Mozilla/5.0 (compatible; DotBot/1.2; +https://opensiteexplorer.org/dotbot; help@moz.com)"
66.249.72.166 - - [16/Jul/2021:12:29:45 +0200] "GET /images/mini_prod/1900514908511N.jpg HTTP/1.1" 200 10399 "-" "Googlebot-Image/1.0"
66.249.72.170 - - [16/Jul/2021:12:36:47 +0200] "GET /images/3281640392930.jpg HTTP/1.1" 200 29138 "-" "Googlebot-Image/1.0"
66.249.72.168 - - [16/Jul/2021:12:37:22 +0200] "GET /images/big_prod/3503420152467.jpg HTTP/1.1" 200 390377 "-" "Googlebot-Image/1.0"
77.88.31.248 - - [16/Jul/2021:12:40:31 +0200] "GET /images/1300010237526.jpg HTTP/1.1" 200 92988 "-" "Mozilla/5.0 (compatible; YandexImageResizer/2.0; +http://yandex.com/bots)"
157.55.39.121 - - [16/Jul/2021:12:41:51 +0200] "GET /images/mini_prod/3438100304341B.jpg HTTP/1.1" 200 5649 "-" "Mozilla/5.0 (compatible; bingbot/2.0; +http://www.bing.com/bingbot.htm)"
114.119.145.117 - - [16/Jul/2021:12:42:31 +0200] "GET /images/big_prod_1/3700572752990B.jpg HTTP/1.1" 200 192470 "-" "Mozilla/5.0 (Linux; Android 7.0;) AppleWebKit/537.36 (KHTML, like Gecko) Mobile Safari/537.36 (compatible; PetalBot;+https://webmaster.petalsearch.com/site/petalbot)"
157.55.39.31 - - [16/Jul/2021:12:42:45 +0200] "GET /images/med_prod/8435306290596.jpg HTTP/1.1" 200 154361 "-" "Mozilla/5.0 (compatible; bingbot/2.0; +http://www.bing.com/bingbot.htm)"
207.46.13.142 - - [16/Jul/2021:12:45:25 +0200] "GET /images/big_prod_1/8424001424788N.jpg HTTP/1.1" 200 176848 "-" "Mozilla/5.0 (compatible; bingbot/2.0; +http://www.bing.com/bingbot.htm)"
40.77.167.77 - - [16/Jul/2021:12:46:45 +0200] "GET /images/big_prod/4036113280035.jpg HTTP/1.1" 200 91160 "-" "Mozilla/5.0 (compatible; bingbot/2.0; +http://www.bing.com/bingbot.htm)"
207.46.13.65 - - [16/Jul/2021:12:47:31 +0200] "GET /images/mini_prod/33852.jpg HTTP/1.1" 200 4781 "-" "Mozilla/5.0 (compatible; bingbot/2.0; +http://www.bing.com/bingbot.htm)"
207.46.13.125 - - [16/Jul/2021:12:48:58 +0200] "GET /images/3700235441681.jpg HTTP/1.1" 200 25681 "-" "Mozilla/5.0 (compatible; bingbot/2.0; +http://www.bing.com/bingbot.htm)"
199.58.86.211 - - [16/Jul/2021:12:50:38 +0200] "GET /robots.txt HTTP/1.1" 200 2438 "-" "Mozilla/5.0 (compatible; MJ12bot/v1.4.8; http://mj12bot.com/)"
23.100.232.233 - - [16/Jul/2021:12:56:01 +0200] "GET /templates/Pixame_v1/stylesheet.css HTTP/1.1" 200 56057 "http://www.wonder-geek.com/-i-17.html" "Mozilla/5.0 (compatible; MSIE 9.0; Windows NT 6.0; Trident/5.0;  Trident/5.0)"
23.100.232.233 - - [16/Jul/2021:12:56:01 +0200] "GET /highslide/highslide.js HTTP/1.1" 200 42909 "http://www.wonder-geek.com/-i-17.html" "Mozilla/5.0 (compatible; MSIE 9.0; Windows NT 6.0; Trident/5.0;  Trident/5.0)"
23.100.232.233 - - [16/Jul/2021:12:56:01 +0200] "GET /js/jquery.js HTTP/1.1" 200 54075 "http://www.wonder-geek.com/-i-17.html" "Mozilla/5.0 (compatible; MSIE 9.0; Windows NT 6.0; Trident/5.0;  Trident/5.0)"
23.100.232.233 - - [16/Jul/2021:12:56:01 +0200] "GET /mondial_relay/js/jquery-1.3.2.min.js HTTP/1.1" 200 57254 "http://www.wonder-geek.com/-i-17.html" "Mozilla/5.0 (compatible; MSIE 9.0; Windows NT 6.0; Trident/5.0;  Trident/5.0)"
23.100.232.233 - - [16/Jul/2021:12:56:02 +0200] "GET /js/jquery.jqzoom.js HTTP/1.1" 200 4761 "http://www.wonder-geek.com/-i-17.html" "Mozilla/5.0 (compatible; MSIE 9.0; Windows NT 6.0; Trident/5.0;  Trident/5.0)"
23.100.232.233 - - [16/Jul/2021:12:56:03 +0200] "GET /templates/Pixame_v1/images/flash.swf HTTP/1.1" 200 2868 "http://www.wonder-geek.com/-i-17.html" "Mozilla/5.0 (compatible; MSIE 9.0; Windows NT 6.0; Trident/5.0;  Trident/5.0)"
207.46.13.125 - - [16/Jul/2021:12:57:08 +0200] "GET /js/jquery.js HTTP/1.1" 200 54075 "-" "Mozilla/5.0 (compatible; bingbot/2.0; +http://www.bing.com/bingbot.htm)"
207.46.13.125 - - [16/Jul/2021:12:57:09 +0200] "GET /js/jquery.js HTTP/1.1" 200 54075 "-" "Mozilla/5.0 (compatible; bingbot/2.0; +http://www.bing.com/bingbot.htm)"
185.191.171.44 - - [16/Jul/2021:13:01:51 +0200] "GET /robots.txt HTTP/1.1" 200 2438 "-" "Mozilla/5.0 (compatible; SemrushBot/7~bl; +http://www.semrush.com/bot.html)"
147.92.153.9 - - [16/Jul/2021:13:05:47 +0200] "GET /images/big_prod_2/3700281645880b.jpg HTTP/1.1" 200 377769 "-" "Mozilla/5.0 (compatible; Linespider/1.1; +https://lin.ee/4dwXkTH)"
157.55.39.78 - - [16/Jul/2021:13:05:48 +0200] "GET /images/mini_prod/8719497617920.jpg HTTP/1.1" 200 4968 "-" "Mozilla/5.0 (compatible; bingbot/2.0; +http://www.bing.com/bingbot.htm)"
207.46.13.51 - - [16/Jul/2021:13:07:42 +0200] "GET /images/mini_prod/8717318198030.jpg HTTP/1.1" 200 6220 "-" "Mozilla/5.0 (compatible; bingbot/2.0; +http://www.bing.com/bingbot.htm)"
207.46.13.51 - - [16/Jul/2021:13:07:43 +0200] "GET /images/mini_prod/0039897677330ehh.jpg HTTP/1.1" 200 5480 "-" "Mozilla/5.0 (compatible; bingbot/2.0; +http://www.bing.com/bingbot.htm)"
207.46.13.127 - - [16/Jul/2021:13:08:07 +0200] "GET /images/5010065007840.jpg HTTP/1.1" 200 34232 "-" "Mozilla/5.0 (compatible; bingbot/2.0; +http://www.bing.com/bingbot.htm)"
157.55.39.121 - - [16/Jul/2021:13:08:22 +0200] "GET /images/5110994699472.jpg HTTP/1.1" 200 31785 "-" "Mozilla/5.0 (compatible; bingbot/2.0; +http://www.bing.com/bingbot.htm)"
157.55.39.78 - - [16/Jul/2021:13:08:51 +0200] "GET /images/mini_prod/5051276247588.jpg HTTP/1.1" 200 5542 "-" "Mozilla/5.0 (compatible; bingbot/2.0; +http://www.bing.com/bingbot.htm)"
207.46.13.125 - - [16/Jul/2021:13:12:30 +0200] "GET /images/mini_prod/8718317592515.jpg HTTP/1.1" 200 7607 "-" "Mozilla/5.0 (compatible; bingbot/2.0; +http://www.bing.com/bingbot.htm)"
66.249.72.170 - - [16/Jul/2021:13:24:03 +0200] "GET /images/med_prod/3565750232066.jpg HTTP/1.1" 200 94483 "-" "Googlebot-Image/1.0"
216.244.66.242 - - [16/Jul/2021:13:28:24 +0200] "GET /robots.txt HTTP/1.1" 200 2438 "-" "Mozilla/5.0 (compatible; DotBot/1.2; +https://opensiteexplorer.org/dotbot; help@moz.com)"
66.249.72.168 - - [16/Jul/2021:13:29:12 +0200] "GET /images/med_prod/1341689418243.jpg HTTP/1.1" 200 82108 "-" "Googlebot-Image/1.0"
66.249.72.166 - - [16/Jul/2021:13:29:45 +0200] "GET /images/mini_prod/1399984288979.jpg HTTP/1.1" 200 6043 "-" "Googlebot-Image/1.0"
66.249.72.168 - - [16/Jul/2021:13:31:08 +0200] "GET /images/big_prod/8435465018475.jpg HTTP/1.1" 200 85947 "-" "Googlebot-Image/1.0"
66.249.72.166 - - [16/Jul/2021:13:33:41 +0200] "GET /images/4717115120269.jpg HTTP/1.1" 200 28588 "-" "Googlebot-Image/1.0"
66.249.72.168 - - [16/Jul/2021:13:35:18 +0200] "GET /images/big_prod/3442440272932.jpg HTTP/1.1" 200 36809 "-" "Googlebot-Image/1.0"
157.55.39.121 - - [16/Jul/2021:13:36:26 +0200] "GET /images/big_prod_2/1345544939966c.jpg HTTP/1.1" 200 90836 "-" "Mozilla/5.0 (compatible; bingbot/2.0; +http://www.bing.com/bingbot.htm)"
207.46.13.125 - - [16/Jul/2021:13:36:52 +0200] "GET /js/jquery.js HTTP/1.1" 200 54075 "-" "Mozilla/5.0 (compatible; bingbot/2.0; +http://www.bing.com/bingbot.htm)"
207.46.13.125 - - [16/Jul/2021:13:36:53 +0200] "GET /js/jquery.js HTTP/1.1" 200 54075 "-" "Mozilla/5.0 (compatible; bingbot/2.0; +http://www.bing.com/bingbot.htm)"
207.46.13.125 - - [16/Jul/2021:13:40:34 +0200] "GET /images/4007176129012.jpg HTTP/1.1" 200 67654 "-" "Mozilla/5.0 (compatible; bingbot/2.0; +http://www.bing.com/bingbot.htm)"
192.3.181.34 - - [16/Jul/2021:13:43:04 +0200] "GET /images/3700235441193.jpg HTTP/1.0" 200 23758 "-" "-"
207.46.13.125 - - [16/Jul/2021:13:44:23 +0200] "GET /images/big_prod/3660173149134.jpg HTTP/1.1" 200 85974 "-" "Mozilla/5.0 (compatible; bingbot/2.0; +http://www.bing.com/bingbot.htm)"
147.92.153.18 - - [16/Jul/2021:13:45:46 +0200] "GET /images/big_prod_1/3700281645880a.jpg HTTP/1.1" 200 146222 "-" "Mozilla/5.0 (compatible; Linespider/1.1; +https://lin.ee/4dwXkTH)"
157.55.39.31 - - [16/Jul/2021:13:54:18 +0200] "GET /images/37006535002050.jpg HTTP/1.1" 200 31808 "-" "Mozilla/5.0 (compatible; bingbot/2.0; +http://www.bing.com/bingbot.htm)"
157.55.39.31 - - [16/Jul/2021:13:54:19 +0200] "GET /images/mini_prod/00000000tigre.jpg HTTP/1.1" 200 4540 "-" "Mozilla/5.0 (compatible; bingbot/2.0; +http://www.bing.com/bingbot.htm)"
31.127.2.181 - - [16/Jul/2021:13:54:50 +0200] "GET /images/med_prod/8435306257124.jpg HTTP/1.1" 200 81272 "-" "Dalvik/2.1.0 (Linux; U; Android 9; KFKAWI Build/PS7319)"
66.249.81.190 - - [16/Jul/2021:13:56:38 +0200] "GET /images/big_prod/5404006040766.jpg HTTP/1.1" 200 42564 "-" "Mozilla/5.0 (Windows NT 5.1; rv:11.0) Gecko Firefox/11.0 (via ggpht.com GoogleImageProxy)"
81.62.255.90 - - [16/Jul/2021:13:56:39 +0200] "GET /js/jquery.jqzoom.js HTTP/1.1" 200 4761 "http://www.wonder-geek.com/alpaca-nightlight-p-53133.html" "Mozilla/5.0 (Macintosh; Intel Mac OS X 10_15_7) AppleWebKit/537.36 (KHTML, like Gecko) Chrome/91.0.4472.114 Safari/537.36"
81.62.255.90 - - [16/Jul/2021:13:56:39 +0200] "GET /highslide/highslide.js HTTP/1.1" 200 42909 "http://www.wonder-geek.com/alpaca-nightlight-p-53133.html" "Mozilla/5.0 (Macintosh; Intel Mac OS X 10_15_7) AppleWebKit/537.36 (KHTML, like Gecko) Chrome/91.0.4472.114 Safari/537.36"
81.62.255.90 - - [16/Jul/2021:13:56:39 +0200] "GET /mondial_relay/js/jquery-1.3.2.min.js HTTP/1.1" 200 57254 "http://www.wonder-geek.com/alpaca-nightlight-p-53133.html" "Mozilla/5.0 (Macintosh; Intel Mac OS X 10_15_7) AppleWebKit/537.36 (KHTML, like Gecko) Chrome/91.0.4472.114 Safari/537.36"
81.62.255.90 - - [16/Jul/2021:13:56:39 +0200] "GET /templates/Pixame_v1/stylesheet.css HTTP/1.1" 200 56057 "http://www.wonder-geek.com/alpaca-nightlight-p-53133.html" "Mozilla/5.0 (Macintosh; Intel Mac OS X 10_15_7) AppleWebKit/537.36 (KHTML, like Gecko) Chrome/91.0.4472.114 Safari/537.36"
81.62.255.90 - - [16/Jul/2021:13:56:39 +0200] "GET /js/jquery.js HTTP/1.1" 200 54075 "http://www.wonder-geek.com/alpaca-nightlight-p-53133.html" "Mozilla/5.0 (Macintosh; Intel Mac OS X 10_15_7) AppleWebKit/537.36 (KHTML, like Gecko) Chrome/91.0.4472.114 Safari/537.36"
81.62.255.90 - - [16/Jul/2021:13:56:39 +0200] "GET /templates/Pixame_v1/images/icon_accueil2.png HTTP/1.1" 200 1137 "http://www.wonder-geek.com/alpaca-nightlight-p-53133.html" "Mozilla/5.0 (Macintosh; Intel Mac OS X 10_15_7) AppleWebKit/537.36 (KHTML, like Gecko) Chrome/91.0.4472.114 Safari/537.36"
81.62.255.90 - - [16/Jul/2021:13:56:39 +0200] "GET /images/big_prod/5404006040766.jpg HTTP/1.1" 200 42564 "http://www.wonder-geek.com/alpaca-nightlight-p-53133.html" "Mozilla/5.0 (Macintosh; Intel Mac OS X 10_15_7) AppleWebKit/537.36 (KHTML, like Gecko) Chrome/91.0.4472.114 Safari/537.36"
81.62.255.90 - - [16/Jul/2021:13:56:39 +0200] "GET /images/big_prod_1/5404006040766a.jpg HTTP/1.1" 200 40858 "http://www.wonder-geek.com/alpaca-nightlight-p-53133.html" "Mozilla/5.0 (Macintosh; Intel Mac OS X 10_15_7) AppleWebKit/537.36 (KHTML, like Gecko) Chrome/91.0.4472.114 Safari/537.36"
81.62.255.90 - - [16/Jul/2021:13:56:39 +0200] "GET /templates/Pixame_v1/images/buttons/english/button_in_cart.gif HTTP/1.1" 200 1212 "http://www.wonder-geek.com/alpaca-nightlight-p-53133.html" "Mozilla/5.0 (Macintosh; Intel Mac OS X 10_15_7) AppleWebKit/537.36 (KHTML, like Gecko) Chrome/91.0.4472.114 Safari/537.36"
81.62.255.90 - - [16/Jul/2021:13:56:39 +0200] "GET /templates/Pixame_v1/images/nav.png HTTP/1.1" 200 1283 "http://www.wonder-geek.com/templates/Pixame_v1/stylesheet.css" "Mozilla/5.0 (Macintosh; Intel Mac OS X 10_15_7) AppleWebKit/537.36 (KHTML, like Gecko) Chrome/91.0.4472.114 Safari/537.36"
81.62.255.90 - - [16/Jul/2021:13:56:39 +0200] "GET /templates/Pixame_v1/images/Bottom_texture.jpg HTTP/1.1" 200 56290 "http://www.wonder-geek.com/templates/Pixame_v1/stylesheet.css" "Mozilla/5.0 (Macintosh; Intel Mac OS X 10_15_7) AppleWebKit/537.36 (KHTML, like Gecko) Chrome/91.0.4472.114 Safari/537.36"
81.62.255.90 - - [16/Jul/2021:13:56:39 +0200] "GET /images/big_prod_3/5404006040766c.jpg HTTP/1.1" 200 145822 "http://www.wonder-geek.com/alpaca-nightlight-p-53133.html" "Mozilla/5.0 (Macintosh; Intel Mac OS X 10_15_7) AppleWebKit/537.36 (KHTML, like Gecko) Chrome/91.0.4472.114 Safari/537.36"
81.62.255.90 - - [16/Jul/2021:13:56:39 +0200] "GET /images/big_prod_2/5404006040766b.jpg HTTP/1.1" 200 147134 "http://www.wonder-geek.com/alpaca-nightlight-p-53133.html" "Mozilla/5.0 (Macintosh; Intel Mac OS X 10_15_7) AppleWebKit/537.36 (KHTML, like Gecko) Chrome/91.0.4472.114 Safari/537.36"
81.62.255.90 - - [16/Jul/2021:13:56:39 +0200] "GET /templates/Pixame_v1/images/header-object.png HTTP/1.1" 200 106050 "http://www.wonder-geek.com/templates/Pixame_v1/stylesheet.css" "Mozilla/5.0 (Macintosh; Intel Mac OS X 10_15_7) AppleWebKit/537.36 (KHTML, like Gecko) Chrome/91.0.4472.114 Safari/537.36"
81.62.255.90 - - [16/Jul/2021:13:56:39 +0200] "GET /templates/Pixame_v1/images/header.png HTTP/1.1" 200 70245 "http://www.wonder-geek.com/templates/Pixame_v1/stylesheet.css" "Mozilla/5.0 (Macintosh; Intel Mac OS X 10_15_7) AppleWebKit/537.36 (KHTML, like Gecko) Chrome/91.0.4472.114 Safari/537.36"
81.62.255.90 - - [16/Jul/2021:13:56:39 +0200] "GET /design/productsenstock.png HTTP/1.1" 200 4743 "http://www.wonder-geek.com/templates/Pixame_v1/stylesheet.css" "Mozilla/5.0 (Macintosh; Intel Mac OS X 10_15_7) AppleWebKit/537.36 (KHTML, like Gecko) Chrome/91.0.4472.114 Safari/537.36"
81.62.255.90 - - [16/Jul/2021:13:56:39 +0200] "GET /templates/Pixame_v1/images/Middle_texture.jpg HTTP/1.1" 200 249620 "http://www.wonder-geek.com/templates/Pixame_v1/stylesheet.css" "Mozilla/5.0 (Macintosh; Intel Mac OS X 10_15_7) AppleWebKit/537.36 (KHTML, like Gecko) Chrome/91.0.4472.114 Safari/537.36"
81.62.255.90 - - [16/Jul/2021:13:56:40 +0200] "GET /highslide/graphics/outlines/drop-shadow.png HTTP/1.1" 200 2022 "http://www.wonder-geek.com/alpaca-nightlight-p-53133.html" "Mozilla/5.0 (Macintosh; Intel Mac OS X 10_15_7) AppleWebKit/537.36 (KHTML, like Gecko) Chrome/91.0.4472.114 Safari/537.36"
81.62.255.90 - - [16/Jul/2021:13:56:40 +0200] "GET /favicon.ico HTTP/1.1" 200 1591 "http://www.wonder-geek.com/alpaca-nightlight-p-53133.html" "Mozilla/5.0 (Macintosh; Intel Mac OS X 10_15_7) AppleWebKit/537.36 (KHTML, like Gecko) Chrome/91.0.4472.114 Safari/537.36"
66.249.85.112 - - [16/Jul/2021:13:58:53 +0200] "GET /images/big_prod/8435333807804.jpg HTTP/1.1" 200 103805 "-" "Mozilla/5.0 (Windows NT 5.1; rv:11.0) Gecko Firefox/11.0 (via ggpht.com GoogleImageProxy)"
52.186.46.222 - - [16/Jul/2021:14:01:53 +0200] "GET /favicon.ico HTTP/1.1" 200 1591 "-" "Mozilla/5.0 (Windows NT 10.0; Win64; x64) AppleWebKit/537.36 (KHTML, like Gecko) Chrome/58.0.3029.110 Safari/537.36 Edge/16.16299"
207.46.13.51 - - [16/Jul/2021:14:02:13 +0200] "GET /images/big_prod/4029811441235.jpg HTTP/1.1" 200 407339 "-" "Mozilla/5.0 (compatible; bingbot/2.0; +http://www.bing.com/bingbot.htm)"
185.191.171.39 - - [16/Jul/2021:14:02:46 +0200] "GET /robots.txt HTTP/1.1" 200 2438 "-" "Mozilla/5.0 (compatible; SemrushBot/7~bl; +http://www.semrush.com/bot.html)"
207.46.13.51 - - [16/Jul/2021:14:02:58 +0200] "GET /images/4010070219277bis.jpg HTTP/1.1" 200 59619 "-" "Mozilla/5.0 (compatible; bingbot/2.0; +http://www.bing.com/bingbot.htm)"
40.77.167.49 - - [16/Jul/2021:14:05:29 +0200] "GET /robots.txt HTTP/1.1" 200 2438 "-" "Mozilla/5.0 (compatible; bingbot/2.0; +http://www.bing.com/bingbot.htm)"
66.249.72.166 - - [16/Jul/2021:14:10:12 +0200] "GET /images/big_prod/8422065975857.jpg HTTP/1.1" 200 102273 "-" "Googlebot-Image/1.0"
109.245.36.153 - - [16/Jul/2021:14:12:18 +0200] "GET /highslide/highslide.js HTTP/1.1" 200 42909 "http://www.wonder-geek.com/cats-dubout-figurine-little-miss-precious-p-43191.html" "Mozilla/5.0 (Linux; Android 11; Mi Note 10 Pro) AppleWebKit/537.36 (KHTML, like Gecko) Chrome/91.0.4472.120 Mobile Safari/537.36"
109.245.36.153 - - [16/Jul/2021:14:12:18 +0200] "GET /templates/Pixame_v1/stylesheet.css HTTP/1.1" 200 56057 "http://www.wonder-geek.com/cats-dubout-figurine-little-miss-precious-p-43191.html" "Mozilla/5.0 (Linux; Android 11; Mi Note 10 Pro) AppleWebKit/537.36 (KHTML, like Gecko) Chrome/91.0.4472.120 Mobile Safari/537.36"
109.245.36.153 - - [16/Jul/2021:14:12:18 +0200] "GET /js/jquery.jqzoom.js HTTP/1.1" 200 4761 "http://www.wonder-geek.com/cats-dubout-figurine-little-miss-precious-p-43191.html" "Mozilla/5.0 (Linux; Android 11; Mi Note 10 Pro) AppleWebKit/537.36 (KHTML, like Gecko) Chrome/91.0.4472.120 Mobile Safari/537.36"
109.245.36.153 - - [16/Jul/2021:14:12:18 +0200] "GET /mondial_relay/js/jquery-1.3.2.min.js HTTP/1.1" 200 57254 "http://www.wonder-geek.com/cats-dubout-figurine-little-miss-precious-p-43191.html" "Mozilla/5.0 (Linux; Android 11; Mi Note 10 Pro) AppleWebKit/537.36 (KHTML, like Gecko) Chrome/91.0.4472.120 Mobile Safari/537.36"
109.245.36.153 - - [16/Jul/2021:14:12:18 +0200] "GET /js/jquery.js HTTP/1.1" 200 54075 "http://www.wonder-geek.com/cats-dubout-figurine-little-miss-precious-p-43191.html" "Mozilla/5.0 (Linux; Android 11; Mi Note 10 Pro) AppleWebKit/537.36 (KHTML, like Gecko) Chrome/91.0.4472.120 Mobile Safari/537.36"
109.245.36.153 - - [16/Jul/2021:14:12:18 +0200] "GET /templates/Pixame_v1/images/icon_accueil2.png HTTP/1.1" 200 1137 "http://www.wonder-geek.com/cats-dubout-figurine-little-miss-precious-p-43191.html" "Mozilla/5.0 (Linux; Android 11; Mi Note 10 Pro) AppleWebKit/537.36 (KHTML, like Gecko) Chrome/91.0.4472.120 Mobile Safari/537.36"
109.245.36.153 - - [16/Jul/2021:14:12:18 +0200] "GET /templates/Pixame_v1/images/nav.png HTTP/1.1" 200 1283 "http://www.wonder-geek.com/templates/Pixame_v1/stylesheet.css" "Mozilla/5.0 (Linux; Android 11; Mi Note 10 Pro) AppleWebKit/537.36 (KHTML, like Gecko) Chrome/91.0.4472.120 Mobile Safari/537.36"
109.245.36.153 - - [16/Jul/2021:14:12:19 +0200] "GET /templates/Pixame_v1/images/Bottom_texture.jpg HTTP/1.1" 200 56290 "http://www.wonder-geek.com/templates/Pixame_v1/stylesheet.css" "Mozilla/5.0 (Linux; Android 11; Mi Note 10 Pro) AppleWebKit/537.36 (KHTML, like Gecko) Chrome/91.0.4472.120 Mobile Safari/537.36"
109.245.36.153 - - [16/Jul/2021:14:12:19 +0200] "GET /images/big_prod/8718375754863.jpg HTTP/1.1" 200 60833 "http://www.wonder-geek.com/cats-dubout-figurine-little-miss-precious-p-43191.html" "Mozilla/5.0 (Linux; Android 11; Mi Note 10 Pro) AppleWebKit/537.36 (KHTML, like Gecko) Chrome/91.0.4472.120 Mobile Safari/537.36"
109.245.36.153 - - [16/Jul/2021:14:12:19 +0200] "GET /templates/Pixame_v1/images/header.png HTTP/1.1" 200 70245 "http://www.wonder-geek.com/templates/Pixame_v1/stylesheet.css" "Mozilla/5.0 (Linux; Android 11; Mi Note 10 Pro) AppleWebKit/537.36 (KHTML, like Gecko) Chrome/91.0.4472.120 Mobile Safari/537.36"
109.245.36.153 - - [16/Jul/2021:14:12:19 +0200] "GET /templates/Pixame_v1/images/Middle_texture.jpg HTTP/1.1" 200 249620 "http://www.wonder-geek.com/templates/Pixame_v1/stylesheet.css" "Mozilla/5.0 (Linux; Android 11; Mi Note 10 Pro) AppleWebKit/537.36 (KHTML, like Gecko) Chrome/91.0.4472.120 Mobile Safari/537.36"
109.245.36.153 - - [16/Jul/2021:14:12:19 +0200] "GET /design/productsenstock.png HTTP/1.1" 200 4743 "http://www.wonder-geek.com/templates/Pixame_v1/stylesheet.css" "Mozilla/5.0 (Linux; Android 11; Mi Note 10 Pro) AppleWebKit/537.36 (KHTML, like Gecko) Chrome/91.0.4472.120 Mobile Safari/537.36"
109.245.36.153 - - [16/Jul/2021:14:12:19 +0200] "GET /templates/Pixame_v1/images/header-object.png HTTP/1.1" 200 106050 "http://www.wonder-geek.com/templates/Pixame_v1/stylesheet.css" "Mozilla/5.0 (Linux; Android 11; Mi Note 10 Pro) AppleWebKit/537.36 (KHTML, like Gecko) Chrome/91.0.4472.120 Mobile Safari/537.36"
109.245.36.153 - - [16/Jul/2021:14:12:19 +0200] "GET /templates/Pixame_v1/images/buttons/english/button_in_cart.gif HTTP/1.1" 200 1212 "http://www.wonder-geek.com/cats-dubout-figurine-little-miss-precious-p-43191.html" "Mozilla/5.0 (Linux; Android 11; Mi Note 10 Pro) AppleWebKit/537.36 (KHTML, like Gecko) Chrome/91.0.4472.120 Mobile Safari/537.36"
109.245.36.153 - - [16/Jul/2021:14:12:19 +0200] "GET /highslide/graphics/outlines/drop-shadow.png HTTP/1.1" 200 2022 "http://www.wonder-geek.com/cats-dubout-figurine-little-miss-precious-p-43191.html" "Mozilla/5.0 (Linux; Android 11; Mi Note 10 Pro) AppleWebKit/537.36 (KHTML, like Gecko) Chrome/91.0.4472.120 Mobile Safari/537.36"
109.245.36.153 - - [16/Jul/2021:14:12:19 +0200] "GET /favicon.ico HTTP/1.1" 200 1591 "http://www.wonder-geek.com/cats-dubout-figurine-little-miss-precious-p-43191.html" "Mozilla/5.0 (Linux; Android 11; Mi Note 10 Pro) AppleWebKit/537.36 (KHTML, like Gecko) Chrome/91.0.4472.120 Mobile Safari/537.36"
207.46.13.65 - - [16/Jul/2021:14:13:21 +0200] "GET /images/big_prod_1/8424346355136B.jpg HTTP/1.1" 200 68881 "-" "Mozilla/5.0 (compatible; bingbot/2.0; +http://www.bing.com/bingbot.htm)"
73.226.142.144 - - [16/Jul/2021:14:16:50 +0200] "GET /templates/Pixame_v1/stylesheet.css HTTP/1.1" 200 56057 "http://www.wonder-geek.com/amazon-zippo-lighter-p-49096.html" "Mozilla/5.0 (Macintosh; Intel Mac OS X 10_15_6) AppleWebKit/605.1.15 (KHTML, like Gecko) Version/14.0.1 Safari/605.1.15"
73.226.142.144 - - [16/Jul/2021:14:16:50 +0200] "GET /js/jquery.jqzoom.js HTTP/1.1" 200 4761 "http://www.wonder-geek.com/amazon-zippo-lighter-p-49096.html" "Mozilla/5.0 (Macintosh; Intel Mac OS X 10_15_6) AppleWebKit/605.1.15 (KHTML, like Gecko) Version/14.0.1 Safari/605.1.15"
73.226.142.144 - - [16/Jul/2021:14:16:50 +0200] "GET /highslide/highslide.js HTTP/1.1" 200 42909 "http://www.wonder-geek.com/amazon-zippo-lighter-p-49096.html" "Mozilla/5.0 (Macintosh; Intel Mac OS X 10_15_6) AppleWebKit/605.1.15 (KHTML, like Gecko) Version/14.0.1 Safari/605.1.15"
73.226.142.144 - - [16/Jul/2021:14:16:50 +0200] "GET /js/jquery.js HTTP/1.1" 200 54075 "http://www.wonder-geek.com/amazon-zippo-lighter-p-49096.html" "Mozilla/5.0 (Macintosh; Intel Mac OS X 10_15_6) AppleWebKit/605.1.15 (KHTML, like Gecko) Version/14.0.1 Safari/605.1.15"
73.226.142.144 - - [16/Jul/2021:14:16:50 +0200] "GET /mondial_relay/js/jquery-1.3.2.min.js HTTP/1.1" 200 57254 "http://www.wonder-geek.com/amazon-zippo-lighter-p-49096.html" "Mozilla/5.0 (Macintosh; Intel Mac OS X 10_15_6) AppleWebKit/605.1.15 (KHTML, like Gecko) Version/14.0.1 Safari/605.1.15"
73.226.142.144 - - [16/Jul/2021:14:16:50 +0200] "GET /templates/Pixame_v1/images/icon_accueil2.png HTTP/1.1" 200 1137 "http://www.wonder-geek.com/amazon-zippo-lighter-p-49096.html" "Mozilla/5.0 (Macintosh; Intel Mac OS X 10_15_6) AppleWebKit/605.1.15 (KHTML, like Gecko) Version/14.0.1 Safari/605.1.15"
73.226.142.144 - - [16/Jul/2021:14:16:50 +0200] "GET /templates/Pixame_v1/images/buttons/english/button_in_cart.gif HTTP/1.1" 200 1212 "http://www.wonder-geek.com/amazon-zippo-lighter-p-49096.html" "Mozilla/5.0 (Macintosh; Intel Mac OS X 10_15_6) AppleWebKit/605.1.15 (KHTML, like Gecko) Version/14.0.1 Safari/605.1.15"
73.226.142.144 - - [16/Jul/2021:14:16:50 +0200] "GET /templates/Pixame_v1/images/Bottom_texture.jpg HTTP/1.1" 200 56290 "http://www.wonder-geek.com/amazon-zippo-lighter-p-49096.html" "Mozilla/5.0 (Macintosh; Intel Mac OS X 10_15_6) AppleWebKit/605.1.15 (KHTML, like Gecko) Version/14.0.1 Safari/605.1.15"
73.226.142.144 - - [16/Jul/2021:14:16:51 +0200] "GET /images/big_prod/6970204135645.jpg HTTP/1.1" 200 203559 "http://www.wonder-geek.com/amazon-zippo-lighter-p-49096.html" "Mozilla/5.0 (Macintosh; Intel Mac OS X 10_15_6) AppleWebKit/605.1.15 (KHTML, like Gecko) Version/14.0.1 Safari/605.1.15"
73.226.142.144 - - [16/Jul/2021:14:16:51 +0200] "GET /templates/Pixame_v1/images/nav.png HTTP/1.1" 200 1283 "http://www.wonder-geek.com/amazon-zippo-lighter-p-49096.html" "Mozilla/5.0 (Macintosh; Intel Mac OS X 10_15_6) AppleWebKit/605.1.15 (KHTML, like Gecko) Version/14.0.1 Safari/605.1.15"
73.226.142.144 - - [16/Jul/2021:14:16:51 +0200] "GET /images/big_prod_1/6970204135645B.jpg HTTP/1.1" 200 205048 "http://www.wonder-geek.com/amazon-zippo-lighter-p-49096.html" "Mozilla/5.0 (Macintosh; Intel Mac OS X 10_15_6) AppleWebKit/605.1.15 (KHTML, like Gecko) Version/14.0.1 Safari/605.1.15"
73.226.142.144 - - [16/Jul/2021:14:16:51 +0200] "GET /templates/Pixame_v1/images/header.png HTTP/1.1" 200 70245 "http://www.wonder-geek.com/amazon-zippo-lighter-p-49096.html" "Mozilla/5.0 (Macintosh; Intel Mac OS X 10_15_6) AppleWebKit/605.1.15 (KHTML, like Gecko) Version/14.0.1 Safari/605.1.15"
73.226.142.144 - - [16/Jul/2021:14:16:51 +0200] "GET /templates/Pixame_v1/images/header-object.png HTTP/1.1" 200 106050 "http://www.wonder-geek.com/amazon-zippo-lighter-p-49096.html" "Mozilla/5.0 (Macintosh; Intel Mac OS X 10_15_6) AppleWebKit/605.1.15 (KHTML, like Gecko) Version/14.0.1 Safari/605.1.15"
73.226.142.144 - - [16/Jul/2021:14:16:51 +0200] "GET /templates/Pixame_v1/images/Middle_texture.jpg HTTP/1.1" 200 249620 "http://www.wonder-geek.com/amazon-zippo-lighter-p-49096.html" "Mozilla/5.0 (Macintosh; Intel Mac OS X 10_15_6) AppleWebKit/605.1.15 (KHTML, like Gecko) Version/14.0.1 Safari/605.1.15"
73.226.142.144 - - [16/Jul/2021:14:16:51 +0200] "GET /design/productsenstock.png HTTP/1.1" 200 4743 "http://www.wonder-geek.com/amazon-zippo-lighter-p-49096.html" "Mozilla/5.0 (Macintosh; Intel Mac OS X 10_15_6) AppleWebKit/605.1.15 (KHTML, like Gecko) Version/14.0.1 Safari/605.1.15"
73.226.142.144 - - [16/Jul/2021:14:16:51 +0200] "GET /highslide/graphics/outlines/drop-shadow.png HTTP/1.1" 200 2022 "http://www.wonder-geek.com/amazon-zippo-lighter-p-49096.html" "Mozilla/5.0 (Macintosh; Intel Mac OS X 10_15_6) AppleWebKit/605.1.15 (KHTML, like Gecko) Version/14.0.1 Safari/605.1.15"
73.226.142.144 - - [16/Jul/2021:14:16:51 +0200] "GET /favicon.ico HTTP/1.1" 200 1591 "http://www.wonder-geek.com/amazon-zippo-lighter-p-49096.html" "Mozilla/5.0 (Macintosh; Intel Mac OS X 10_15_6) AppleWebKit/605.1.15 (KHTML, like Gecko) Version/14.0.1 Safari/605.1.15"
207.46.13.125 - - [16/Jul/2021:14:19:16 +0200] "GET /js/jquery.js HTTP/1.1" 200 54075 "-" "Mozilla/5.0 (compatible; bingbot/2.0; +http://www.bing.com/bingbot.htm)"
207.46.13.125 - - [16/Jul/2021:14:19:17 +0200] "GET /js/jquery.js HTTP/1.1" 200 54075 "-" "Mozilla/5.0 (compatible; bingbot/2.0; +http://www.bing.com/bingbot.htm)"
207.46.13.125 - - [16/Jul/2021:14:19:25 +0200] "GET /js/jquery.js HTTP/1.1" 200 54075 "-" "Mozilla/5.0 (compatible; bingbot/2.0; +http://www.bing.com/bingbot.htm)"
66.249.82.112 - - [16/Jul/2021:14:21:16 +0200] "GET /images/big_prod/9316188068246.jpg HTTP/1.1" 200 69715 "-" "Mozilla/5.0 (Windows NT 5.1; rv:11.0) Gecko Firefox/11.0 (via ggpht.com GoogleImageProxy)"
40.77.167.36 - - [16/Jul/2021:14:22:01 +0200] "GET /images/big_prod/1384010202760.jpg HTTP/1.1" 200 82892 "-" "Mozilla/5.0 (compatible; bingbot/2.0; +http://www.bing.com/bingbot.htm)"
66.249.72.166 - - [16/Jul/2021:14:22:38 +0200] "GET /images/big_prod/8712159160284.jpg HTTP/1.1" 200 109008 "-" "Googlebot-Image/1.0"
207.46.13.65 - - [16/Jul/2021:14:23:02 +0200] "GET /images/big_prod/4029811363988.jpg HTTP/1.1" 200 51648 "-" "Mozilla/5.0 (compatible; bingbot/2.0; +http://www.bing.com/bingbot.htm)"
66.249.82.112 - - [16/Jul/2021:14:23:11 +0200] "GET /images/big_prod/9316188071055.jpg HTTP/1.1" 200 98042 "-" "Mozilla/5.0 (Windows NT 5.1; rv:11.0) Gecko Firefox/11.0 (via ggpht.com GoogleImageProxy)"
66.249.72.170 - - [16/Jul/2021:14:23:32 +0200] "GET /images/big_prod/1399980107977.jpg HTTP/1.1" 200 73365 "-" "Googlebot-Image/1.0"
66.249.72.166 - - [16/Jul/2021:14:24:00 +0200] "GET /images/big_prod/3700572738154.jpg HTTP/1.1" 200 594622 "-" "Googlebot-Image/1.0"
66.249.72.170 - - [16/Jul/2021:14:25:30 +0200] "GET /images/mini_prod/8433933237816.jpg HTTP/1.1" 200 8042 "-" "Googlebot-Image/1.0"
216.244.66.242 - - [16/Jul/2021:14:28:55 +0200] "GET /robots.txt HTTP/1.1" 200 2438 "-" "Mozilla/5.0 (compatible; DotBot/1.2; +https://opensiteexplorer.org/dotbot; help@moz.com)"
66.249.72.170 - - [16/Jul/2021:14:29:46 +0200] "GET /images/big_prod_1/8420327448224B.jpg HTTP/1.1" 200 228901 "-" "Googlebot-Image/1.0"
157.55.39.145 - - [16/Jul/2021:14:32:01 +0200] "GET /images/big_prod_1/8424346034932N.jpg HTTP/1.1" 200 92538 "-" "Mozilla/5.0 (compatible; bingbot/2.0; +http://www.bing.com/bingbot.htm)"
40.77.167.36 - - [16/Jul/2021:14:35:32 +0200] "GET /images/mini_prod/8427148033608.jpg HTTP/1.1" 200 7436 "-" "Mozilla/5.0 (compatible; bingbot/2.0; +http://www.bing.com/bingbot.htm)"
207.46.13.65 - - [16/Jul/2021:14:37:23 +0200] "GET /images/big_prod/3503420107481.jpg HTTP/1.1" 200 80196 "-" "Mozilla/5.0 (compatible; bingbot/2.0; +http://www.bing.com/bingbot.htm)"
66.249.72.166 - - [16/Jul/2021:14:59:46 +0200] "GET /images/big_prod/8422095290012.jpg HTTP/1.1" 200 181637 "-" "Googlebot-Image/1.0"
207.46.13.125 - - [16/Jul/2021:15:03:12 +0200] "GET /js/jquery.js HTTP/1.1" 200 54075 "-" "Mozilla/5.0 (compatible; bingbot/2.0; +http://www.bing.com/bingbot.htm)"
185.191.171.41 - - [16/Jul/2021:15:05:35 +0200] "GET /robots.txt HTTP/1.1" 200 2438 "-" "Mozilla/5.0 (compatible; SemrushBot/7~bl; +http://www.semrush.com/bot.html)"
147.92.153.1 - - [16/Jul/2021:15:05:47 +0200] "GET /images/big_prod_2/3700281645873b.jpg HTTP/1.1" 200 385023 "-" "Mozilla/5.0 (compatible; Linespider/1.1; +https://lin.ee/4dwXkTH)"
5.45.207.132 - - [16/Jul/2021:15:15:30 +0200] "GET /robots.txt HTTP/1.1" 200 2438 "-" "Mozilla/5.0 (compatible; YandexBot/3.0; +http://yandex.com/bots)"
40.122.151.165 - - [16/Jul/2021:15:18:45 +0200] "GET /images/big_prod_2/b4542202653821.jpg HTTP/1.1" 200 112332 "-" "Mozilla/5.0 (Windows NT 6.3; WOW64; Trident/7.0; rv:11.0) like Gecko/20100101 Firefox/12.0"
177.83.204.165 - - [16/Jul/2021:15:27:47 +0200] "GET /highslide/highslide.js HTTP/1.1" 200 42909 "http://www.wonder-geek.com/little-prince-exupery-figurine-p-44604.html" "Mozilla/5.0 (Windows NT 10.0; Win64; x64) AppleWebKit/537.36 (KHTML, like Gecko) Chrome/91.0.4472.124 Safari/537.36"
177.83.204.165 - - [16/Jul/2021:15:27:47 +0200] "GET /templates/Pixame_v1/stylesheet.css HTTP/1.1" 200 56057 "http://www.wonder-geek.com/little-prince-exupery-figurine-p-44604.html" "Mozilla/5.0 (Windows NT 10.0; Win64; x64) AppleWebKit/537.36 (KHTML, like Gecko) Chrome/91.0.4472.124 Safari/537.36"
177.83.204.165 - - [16/Jul/2021:15:27:47 +0200] "GET /js/jquery.js HTTP/1.1" 200 54075 "http://www.wonder-geek.com/little-prince-exupery-figurine-p-44604.html" "Mozilla/5.0 (Windows NT 10.0; Win64; x64) AppleWebKit/537.36 (KHTML, like Gecko) Chrome/91.0.4472.124 Safari/537.36"
177.83.204.165 - - [16/Jul/2021:15:27:47 +0200] "GET /js/jquery.jqzoom.js HTTP/1.1" 200 4761 "http://www.wonder-geek.com/little-prince-exupery-figurine-p-44604.html" "Mozilla/5.0 (Windows NT 10.0; Win64; x64) AppleWebKit/537.36 (KHTML, like Gecko) Chrome/91.0.4472.124 Safari/537.36"
177.83.204.165 - - [16/Jul/2021:15:27:47 +0200] "GET /mondial_relay/js/jquery-1.3.2.min.js HTTP/1.1" 200 57254 "http://www.wonder-geek.com/little-prince-exupery-figurine-p-44604.html" "Mozilla/5.0 (Windows NT 10.0; Win64; x64) AppleWebKit/537.36 (KHTML, like Gecko) Chrome/91.0.4472.124 Safari/537.36"
177.83.204.165 - - [16/Jul/2021:15:27:48 +0200] "GET /templates/Pixame_v1/images/icon_accueil2.png HTTP/1.1" 200 1137 "http://www.wonder-geek.com/little-prince-exupery-figurine-p-44604.html" "Mozilla/5.0 (Windows NT 10.0; Win64; x64) AppleWebKit/537.36 (KHTML, like Gecko) Chrome/91.0.4472.124 Safari/537.36"
177.83.204.165 - - [16/Jul/2021:15:27:48 +0200] "GET /templates/Pixame_v1/images/buttons/english/button_in_cart.gif HTTP/1.1" 200 1212 "http://www.wonder-geek.com/little-prince-exupery-figurine-p-44604.html" "Mozilla/5.0 (Windows NT 10.0; Win64; x64) AppleWebKit/537.36 (KHTML, like Gecko) Chrome/91.0.4472.124 Safari/537.36"
177.83.204.165 - - [16/Jul/2021:15:27:48 +0200] "GET /templates/Pixame_v1/images/Bottom_texture.jpg HTTP/1.1" 200 56290 "http://www.wonder-geek.com/templates/Pixame_v1/stylesheet.css" "Mozilla/5.0 (Windows NT 10.0; Win64; x64) AppleWebKit/537.36 (KHTML, like Gecko) Chrome/91.0.4472.124 Safari/537.36"
177.83.204.165 - - [16/Jul/2021:15:27:49 +0200] "GET /images/big_prod/3453131141161.jpg HTTP/1.1" 200 87828 "http://www.wonder-geek.com/little-prince-exupery-figurine-p-44604.html" "Mozilla/5.0 (Windows NT 10.0; Win64; x64) AppleWebKit/537.36 (KHTML, like Gecko) Chrome/91.0.4472.124 Safari/537.36"
177.83.204.165 - - [16/Jul/2021:15:27:49 +0200] "GET /templates/Pixame_v1/images/header.png HTTP/1.1" 200 70245 "http://www.wonder-geek.com/templates/Pixame_v1/stylesheet.css" "Mozilla/5.0 (Windows NT 10.0; Win64; x64) AppleWebKit/537.36 (KHTML, like Gecko) Chrome/91.0.4472.124 Safari/537.36"
177.83.204.165 - - [16/Jul/2021:15:27:49 +0200] "GET /templates/Pixame_v1/images/header-object.png HTTP/1.1" 200 106050 "http://www.wonder-geek.com/templates/Pixame_v1/stylesheet.css" "Mozilla/5.0 (Windows NT 10.0; Win64; x64) AppleWebKit/537.36 (KHTML, like Gecko) Chrome/91.0.4472.124 Safari/537.36"
177.83.204.165 - - [16/Jul/2021:15:27:49 +0200] "GET /templates/Pixame_v1/images/nav.png HTTP/1.1" 200 1283 "http://www.wonder-geek.com/templates/Pixame_v1/stylesheet.css" "Mozilla/5.0 (Windows NT 10.0; Win64; x64) AppleWebKit/537.36 (KHTML, like Gecko) Chrome/91.0.4472.124 Safari/537.36"
177.83.204.165 - - [16/Jul/2021:15:27:50 +0200] "GET /design/productsenstock.png HTTP/1.1" 200 4743 "http://www.wonder-geek.com/templates/Pixame_v1/stylesheet.css" "Mozilla/5.0 (Windows NT 10.0; Win64; x64) AppleWebKit/537.36 (KHTML, like Gecko) Chrome/91.0.4472.124 Safari/537.36"
177.83.204.165 - - [16/Jul/2021:15:27:51 +0200] "GET /templates/Pixame_v1/images/Middle_texture.jpg HTTP/1.1" 200 249620 "http://www.wonder-geek.com/templates/Pixame_v1/stylesheet.css" "Mozilla/5.0 (Windows NT 10.0; Win64; x64) AppleWebKit/537.36 (KHTML, like Gecko) Chrome/91.0.4472.124 Safari/537.36"
66.249.66.216 - - [16/Jul/2021:15:29:46 +0200] "GET /images/big_prod_1/8718375753231a.jpg HTTP/1.1" 200 151225 "-" "Googlebot-Image/1.0"
40.77.167.36 - - [16/Jul/2021:15:31:58 +0200] "GET /images/med_prod/1645973339802.jpg HTTP/1.1" 200 55209 "-" "Mozilla/5.0 (compatible; bingbot/2.0; +http://www.bing.com/bingbot.htm)"
216.244.66.242 - - [16/Jul/2021:15:33:12 +0200] "GET /robots.txt HTTP/1.1" 200 2438 "-" "Mozilla/5.0 (compatible; DotBot/1.2; +https://opensiteexplorer.org/dotbot; help@moz.com)"
66.249.82.116 - - [16/Jul/2021:15:34:34 +0200] "GET /images/med_prod/8712269167005.jpg HTTP/1.1" 200 83553 "-" "Mozilla/5.0 (Windows NT 5.1; rv:11.0) Gecko Firefox/11.0 (via ggpht.com GoogleImageProxy)"
157.55.39.78 - - [16/Jul/2021:15:35:03 +0200] "GET /images/med_prod/00000000000000000marsei.jpg HTTP/1.1" 200 57063 "-" "Mozilla/5.0 (compatible; bingbot/2.0; +http://www.bing.com/bingbot.htm)"
66.249.82.112 - - [16/Jul/2021:15:36:17 +0200] "GET /images/big_prod_1/3700516271617B.jpg HTTP/1.1" 200 66951 "-" "Mozilla/5.0 (Windows NT 5.1; rv:11.0) Gecko Firefox/11.0 (via ggpht.com GoogleImageProxy)"
54.236.1.11 - - [16/Jul/2021:15:39:57 +0200] "GET /images/1399984234846.jpg HTTP/1.1" 200 170240 "-" "Mozilla/5.0 (compatible; Pinterestbot/1.0; +http://www.pinterest.com/bot.html)"
147.92.153.13 - - [16/Jul/2021:15:45:47 +0200] "GET /images/big_prod_1/3700281645873a.jpg HTTP/1.1" 200 158135 "-" "Mozilla/5.0 (compatible; Linespider/1.1; +https://lin.ee/4dwXkTH)"
207.46.13.125 - - [16/Jul/2021:15:47:44 +0200] "GET /js/jquery.js HTTP/1.1" 200 54075 "-" "Mozilla/5.0 (compatible; bingbot/2.0; +http://www.bing.com/bingbot.htm)"
66.249.66.216 - - [16/Jul/2021:15:51:28 +0200] "GET /images/med_prod/3681643102596.jpg HTTP/1.1" 200 123728 "-" "Googlebot-Image/1.0"
40.77.167.77 - - [16/Jul/2021:15:54:26 +0200] "GET /images/mini_prod/7601019990516JA.jpg HTTP/1.1" 200 10774 "-" "Mozilla/5.0 (compatible; bingbot/2.0; +http://www.bing.com/bingbot.htm)"
95.216.96.243 - - [16/Jul/2021:16:00:04 +0200] "GET /robots.txt HTTP/1.1" 200 2438 "-" "Mozilla/5.0 (compatible; SEOkicks; +https://www.seokicks.de/robot.html)"
66.249.82.112 - - [16/Jul/2021:16:04:41 +0200] "GET /images/8435141376134.jpg HTTP/1.1" 200 45100 "-" "Mozilla/5.0 (Windows NT 5.1; rv:11.0) Gecko Firefox/11.0 (via ggpht.com GoogleImageProxy)"
185.191.171.3 - - [16/Jul/2021:16:05:42 +0200] "GET /robots.txt HTTP/1.1" 200 2438 "-" "Mozilla/5.0 (compatible; SemrushBot/7~bl; +http://www.semrush.com/bot.html)"
40.77.167.36 - - [16/Jul/2021:16:06:15 +0200] "GET /images/big_prod/3665269008029.jpg HTTP/1.1" 200 83484 "-" "Mozilla/5.0 (compatible; bingbot/2.0; +http://www.bing.com/bingbot.htm)"
178.63.87.197 - - [16/Jul/2021:16:06:45 +0200] "GET /robots.txt HTTP/1.1" 200 2438 "-" "Mozilla/5.0 (compatible; MJ12bot/v1.4.8; http://mj12bot.com/)"
40.77.167.36 - - [16/Jul/2021:16:07:31 +0200] "GET /images/mini_prod/000000000000089760N.jpg HTTP/1.1" 200 4489 "-" "Mozilla/5.0 (compatible; bingbot/2.0; +http://www.bing.com/bingbot.htm)"
103.131.71.145 - - [16/Jul/2021:16:12:55 +0200] "GET /robots.txt HTTP/1.1" 200 2438 "-" "Mozilla/5.0 (compatible; coccocbot-web/1.0; +http://help.coccoc.com/searchengine)"
66.249.93.24 - - [16/Jul/2021:16:18:04 +0200] "GET /images/big_prod/8424345292673.jpg HTTP/1.1" 200 35919 "-" "Mozilla/5.0 (Windows NT 5.1; rv:11.0) Gecko Firefox/11.0 (via ggpht.com GoogleImageProxy)"
157.55.39.32 - - [16/Jul/2021:16:22:49 +0200] "GET /images/mini_prod/8433933179529.jpg HTTP/1.1" 200 6615 "-" "Mozilla/5.0 (compatible; bingbot/2.0; +http://www.bing.com/bingbot.htm)"
40.77.167.73 - - [16/Jul/2021:16:23:16 +0200] "GET /images/6942138908640.jpg HTTP/1.1" 200 37384 "-" "Mozilla/5.0 (compatible; bingbot/2.0; +http://www.bing.com/bingbot.htm)"
66.249.82.114 - - [16/Jul/2021:16:25:37 +0200] "GET /images/big_prod/8720088299470.jpg HTTP/1.1" 200 147831 "-" "Mozilla/5.0 (Windows NT 5.1; rv:11.0) Gecko Firefox/11.0 (via ggpht.com GoogleImageProxy)"
66.249.82.116 - - [16/Jul/2021:16:25:40 +0200] "GET /images/big_prod_2/8720088299470b.jpg HTTP/1.1" 200 165309 "-" "Mozilla/5.0 (Windows NT 5.1; rv:11.0) Gecko Firefox/11.0 (via ggpht.com GoogleImageProxy)"
66.249.82.114 - - [16/Jul/2021:16:25:46 +0200] "GET /images/big_prod_2/8422004542201a.jpg HTTP/1.1" 200 241582 "-" "Mozilla/5.0 (Windows NT 5.1; rv:11.0) Gecko Firefox/11.0 (via ggpht.com GoogleImageProxy)"
66.249.82.112 - - [16/Jul/2021:16:25:49 +0200] "GET /images/big_prod_1/8719497612895a.jpg HTTP/1.1" 200 135736 "-" "Mozilla/5.0 (Windows NT 5.1; rv:11.0) Gecko Firefox/11.0 (via ggpht.com GoogleImageProxy)"
66.249.82.116 - - [16/Jul/2021:16:25:50 +0200] "GET /images/big_prod_1/637139832663375153.jpg HTTP/1.1" 200 111570 "-" "Mozilla/5.0 (Windows NT 5.1; rv:11.0) Gecko Firefox/11.0 (via ggpht.com GoogleImageProxy)"
207.46.13.125 - - [16/Jul/2021:16:28:41 +0200] "GET /js/jquery.js HTTP/1.1" 200 54075 "-" "Mozilla/5.0 (compatible; bingbot/2.0; +http://www.bing.com/bingbot.htm)"
207.46.13.125 - - [16/Jul/2021:16:28:53 +0200] "GET /js/jquery.js HTTP/1.1" 200 54075 "-" "Mozilla/5.0 (compatible; bingbot/2.0; +http://www.bing.com/bingbot.htm)"
66.249.66.218 - - [16/Jul/2021:16:29:46 +0200] "GET /images/mini_prod/8012052091310.jpg HTTP/1.1" 200 7859 "-" "Googlebot-Image/1.0"
207.46.13.51 - - [16/Jul/2021:16:29:54 +0200] "GET /images/big_prod/4005086220010.jpg HTTP/1.1" 200 53428 "-" "Mozilla/5.0 (compatible; bingbot/2.0; +http://www.bing.com/bingbot.htm)"
5.188.62.76 - - [16/Jul/2021:16:30:53 +0200] "GET /robots.txt HTTP/1.1" 200 2438 "-" "Mozilla/5.0 (Windows NT 6.0; WOW64) AppleWebKit/537.36 (KHTML, like Gecko) Chrome/41.0.2224.3 Safari/537.36"
173.95.54.227 - - [16/Jul/2021:16:30:54 +0200] "GET /images/big_prod/5415203976215.jpg HTTP/1.1" 200 51627 "-" "Mozilla/5.0 (Windows NT 10.0; Win64; x64; rv:90.0) Gecko/20100101 Firefox/90.0"
207.46.13.122 - - [16/Jul/2021:16:31:14 +0200] "GET /images/big_prod/8424345292913.jpg HTTP/1.1" 200 44357 "-" "Mozilla/5.0 (compatible; bingbot/2.0; +http://www.bing.com/bingbot.htm)"
66.249.66.216 - - [16/Jul/2021:16:33:42 +0200] "GET /images/mini_prod/88157signes.jpg HTTP/1.1" 200 6717 "-" "Googlebot-Image/1.0"
216.244.66.242 - - [16/Jul/2021:16:37:11 +0200] "GET /robots.txt HTTP/1.1" 200 2438 "-" "Mozilla/5.0 (compatible; DotBot/1.2; +https://opensiteexplorer.org/dotbot; help@moz.com)"
207.46.13.19 - - [16/Jul/2021:16:41:51 +0200] "GET /images/1399984265277.jpg HTTP/1.1" 200 64119 "-" "Mozilla/5.0 (compatible; bingbot/2.0; +http://www.bing.com/bingbot.htm)"
157.55.39.78 - - [16/Jul/2021:16:48:32 +0200] "GET /images/big_prod/3453131151573.jpg HTTP/1.1" 200 59095 "-" "Mozilla/5.0 (compatible; bingbot/2.0; +http://www.bing.com/bingbot.htm)"
157.55.39.167 - - [16/Jul/2021:16:50:13 +0200] "GET /images/big_prod/3609810096196.jpg HTTP/1.1" 200 68240 "-" "Mozilla/5.0 (compatible; bingbot/2.0; +http://www.bing.com/bingbot.htm)"
192.0.86.185 - - [16/Jul/2021:16:51:56 +0200] "GET /images/big_prod/1304038301153.jpg HTTP/1.1" 200 60673 "-" "Photon/1.0"
106.75.244.243 - - [16/Jul/2021:16:54:17 +0200] "GET /images/med_prod/1399984284285N.jpg HTTP/1.1" 200 81979 "-" "Mozilla/5.0 (Macintosh; Intel Mac OS X 10_12_6) AppleWebKit/537.36 (KHTML, like Gecko) Chrome/59.0.3071.115 Safari/537.36"
157.55.39.45 - - [16/Jul/2021:16:55:15 +0200] "GET /images/big_prod_1/3660173186078.jpg HTTP/1.1" 200 123595 "-" "Mozilla/5.0 (compatible; bingbot/2.0; +http://www.bing.com/bingbot.htm)"
157.55.39.45 - - [16/Jul/2021:16:55:16 +0200] "GET /images/big_prod/3296580363605.jpg HTTP/1.1" 200 159918 "-" "Mozilla/5.0 (compatible; bingbot/2.0; +http://www.bing.com/bingbot.htm)"
40.77.167.67 - - [16/Jul/2021:16:58:08 +0200] "GET /images/big_prod/3609810063228.jpg HTTP/1.1" 200 113626 "-" "Mozilla/5.0 (compatible; bingbot/2.0; +http://www.bing.com/bingbot.htm)"
40.77.167.67 - - [16/Jul/2021:16:58:08 +0200] "GET /images/big_prod/5400924037604.jpg HTTP/1.1" 200 63590 "-" "Mozilla/5.0 (compatible; bingbot/2.0; +http://www.bing.com/bingbot.htm)"
66.249.66.200 - - [16/Jul/2021:16:59:46 +0200] "GET /images/big_prod/1399986102020.jpg HTTP/1.1" 200 73228 "-" "Googlebot-Image/1.0"
192.0.99.107 - - [16/Jul/2021:17:03:32 +0200] "GET /images/med_prod/1399984220368NN.jpg HTTP/1.1" 200 72077 "-" "Photon/1.0"
192.0.100.83 - - [16/Jul/2021:17:03:32 +0200] "GET /images/med_prod/1399984220375NN.jpg HTTP/1.1" 200 86027 "-" "Photon/1.0"
20.72.242.93 - - [16/Jul/2021:17:04:21 +0200] "GET /images/big_prod/8422111017746.jpg HTTP/1.1" 200 59364 "-" "DuckDuckBot/1.1; (+http://duckduckgo.com/duckduckbot.html)"
185.191.171.2 - - [16/Jul/2021:17:05:48 +0200] "GET /robots.txt HTTP/1.1" 200 2438 "-" "Mozilla/5.0 (compatible; SemrushBot/7~bl; +http://www.semrush.com/bot.html)"
157.55.39.177 - - [16/Jul/2021:17:06:32 +0200] "GET /images/mini_prod/13041689288921.jpg HTTP/1.1" 200 10048 "-" "Mozilla/5.0 (compatible; bingbot/2.0; +http://www.bing.com/bingbot.htm)"
157.55.39.78 - - [16/Jul/2021:17:06:53 +0200] "GET /images/big_prod/8499132041685.jpg HTTP/1.1" 200 108137 "-" "Mozilla/5.0 (compatible; bingbot/2.0; +http://www.bing.com/bingbot.htm)"
157.55.39.177 - - [16/Jul/2021:17:07:43 +0200] "GET /js/jquery.js HTTP/1.1" 200 54075 "-" "Mozilla/5.0 (compatible; bingbot/2.0; +http://www.bing.com/bingbot.htm)"
157.55.39.177 - - [16/Jul/2021:17:07:45 +0200] "GET /js/jquery.js HTTP/1.1" 200 54075 "-" "Mozilla/5.0 (compatible; bingbot/2.0; +http://www.bing.com/bingbot.htm)"
157.55.39.177 - - [16/Jul/2021:17:07:53 +0200] "GET /js/jquery.js HTTP/1.1" 200 54075 "-" "Mozilla/5.0 (compatible; bingbot/2.0; +http://www.bing.com/bingbot.htm)"
157.55.39.167 - - [16/Jul/2021:17:08:24 +0200] "GET /images/mini_prod/8422011476155.jpg HTTP/1.1" 200 3968 "-" "Mozilla/5.0 (compatible; bingbot/2.0; +http://www.bing.com/bingbot.htm)"
207.46.13.179 - - [16/Jul/2021:17:10:46 +0200] "GET /images/4717115120269.jpg HTTP/1.1" 200 28588 "-" "Mozilla/5.0 (compatible; bingbot/2.0; +http://www.bing.com/bingbot.htm)"
207.46.13.182 - - [16/Jul/2021:17:11:25 +0200] "GET /images/big_prod_1/1820027000000B.jpg HTTP/1.1" 200 78136 "-" "Mozilla/5.0 (compatible; bingbot/2.0; +http://www.bing.com/bingbot.htm)"
40.77.167.77 - - [16/Jul/2021:17:13:00 +0200] "GET /images/mini_prod/8422048009616.jpg HTTP/1.1" 200 5678 "-" "Mozilla/5.0 (compatible; bingbot/2.0; +http://www.bing.com/bingbot.htm)"
157.55.39.166 - - [16/Jul/2021:17:17:43 +0200] "GET /images/big_prod/8427133370275.jpg HTTP/1.1" 200 172220 "-" "Mozilla/5.0 (compatible; bingbot/2.0; +http://www.bing.com/bingbot.htm)"
207.46.13.122 - - [16/Jul/2021:17:19:03 +0200] "GET /images/big_prod_2/1345544973335N.jpg HTTP/1.1" 200 192007 "-" "Mozilla/5.0 (compatible; bingbot/2.0; +http://www.bing.com/bingbot.htm)"
207.46.13.179 - - [16/Jul/2021:17:20:08 +0200] "GET /images/big_prod/3665269008012.jpg HTTP/1.1" 200 108261 "-" "Mozilla/5.0 (compatible; bingbot/2.0; +http://www.bing.com/bingbot.htm)"
157.55.39.78 - - [16/Jul/2021:17:21:15 +0200] "GET /images/big_prod/5051276388236.jpg HTTP/1.1" 200 302412 "-" "Mozilla/5.0 (compatible; bingbot/2.0; +http://www.bing.com/bingbot.htm)"
207.46.13.182 - - [16/Jul/2021:17:21:29 +0200] "GET /images/5018997517871.jpg HTTP/1.1" 200 119487 "-" "Mozilla/5.0 (compatible; bingbot/2.0; +http://www.bing.com/bingbot.htm)"
157.55.39.78 - - [16/Jul/2021:17:24:05 +0200] "GET /images/big_prod/3700407600182.jpg HTTP/1.1" 200 117858 "-" "Mozilla/5.0 (compatible; bingbot/2.0; +http://www.bing.com/bingbot.htm)"
66.249.66.198 - - [16/Jul/2021:17:29:46 +0200] "GET /images/big_prod_1/3014627746132NN.jpg HTTP/1.1" 200 151240 "-" "Googlebot-Image/1.0"
157.55.39.166 - - [16/Jul/2021:17:33:07 +0200] "GET /images/big_prod/3503420069109.jpg HTTP/1.1" 200 74534 "-" "Mozilla/5.0 (compatible; bingbot/2.0; +http://www.bing.com/bingbot.htm)"
157.55.39.72 - - [16/Jul/2021:17:36:10 +0200] "GET /images/big_prod/3453131132459.jpg HTTP/1.1" 200 70154 "-" "Mozilla/5.0 (compatible; bingbot/2.0; +http://www.bing.com/bingbot.htm)"
216.244.66.242 - - [16/Jul/2021:17:40:52 +0200] "GET /robots.txt HTTP/1.1" 200 2438 "-" "Mozilla/5.0 (compatible; DotBot/1.2; +https://opensiteexplorer.org/dotbot; help@moz.com)"
157.55.39.177 - - [16/Jul/2021:17:48:45 +0200] "GET /js/jquery.js HTTP/1.1" 200 54075 "-" "Mozilla/5.0 (compatible; bingbot/2.0; +http://www.bing.com/bingbot.htm)"
