66.249.72.166 - - [16/Jul/2021:09:49:46 +0200] "GET /images/mini_prod/50182424346216482.jpg HTTP/1.1" 200 7385 "-" "Googlebot-Image/1.0"
185.191.171.23 - - [16/Jul/2021:10:01:06 +0200] "GET /robots.txt HTTP/1.1" 200 2438 "-" "Mozilla/5.0 (compatible; SemrushBot/7~bl; +http://www.semrush.com/bot.html)"
113.31.117.221 - - [16/Jul/2021:10:02:19 +0200] "GET /images/big_prod/8422001010109.jpg HTTP/1.1" 200 61824 "-" "Mozilla/5.0 (Macintosh; Intel Mac OS X 10_12_6) AppleWebKit/537.36 (KHTML, like Gecko) Chrome/59.0.3071.115 Safari/537.36"
85.201.66.130 - - [16/Jul/2021:10:04:16 +0200] "GET /templates/Pixame_v1/stylesheet.css HTTP/1.1" 200 56057 "http://www.wonder-geek.com/little-prince-green-jewelry-p-53235.html" "Mozilla/5.0 (Linux; Android 10; MAR-LX1A) AppleWebKit/537.36 (KHTML, like Gecko) Chrome/91.0.4472.120 Mobile Safari/537.36"
85.201.66.130 - - [16/Jul/2021:10:04:16 +0200] "GET /js/jquery.jqzoom.js HTTP/1.1" 200 4761 "http://www.wonder-geek.com/little-prince-green-jewelry-p-53235.html" "Mozilla/5.0 (Linux; Android 10; MAR-LX1A) AppleWebKit/537.36 (KHTML, like Gecko) Chrome/91.0.4472.120 Mobile Safari/537.36"
85.201.66.130 - - [16/Jul/2021:10:04:16 +0200] "GET /highslide/highslide.js HTTP/1.1" 200 42909 "http://www.wonder-geek.com/little-prince-green-jewelry-p-53235.html" "Mozilla/5.0 (Linux; Android 10; MAR-LX1A) AppleWebKit/537.36 (KHTML, like Gecko) Chrome/91.0.4472.120 Mobile Safari/537.36"
85.201.66.130 - - [16/Jul/2021:10:04:16 +0200] "GET /js/jquery.js HTTP/1.1" 200 54075 "http://www.wonder-geek.com/little-prince-green-jewelry-p-53235.html" "Mozilla/5.0 (Linux; Android 10; MAR-LX1A) AppleWebKit/537.36 (KHTML, like Gecko) Chrome/91.0.4472.120 Mobile Safari/537.36"
85.201.66.130 - - [16/Jul/2021:10:04:16 +0200] "GET /mondial_relay/js/jquery-1.3.2.min.js HTTP/1.1" 200 57254 "http://www.wonder-geek.com/little-prince-green-jewelry-p-53235.html" "Mozilla/5.0 (Linux; Android 10; MAR-LX1A) AppleWebKit/537.36 (KHTML, like Gecko) Chrome/91.0.4472.120 Mobile Safari/537.36"
85.201.66.130 - - [16/Jul/2021:10:04:16 +0200] "GET /templates/Pixame_v1/images/icon_accueil2.png HTTP/1.1" 200 1137 "http://www.wonder-geek.com/little-prince-green-jewelry-p-53235.html" "Mozilla/5.0 (Linux; Android 10; MAR-LX1A) AppleWebKit/537.36 (KHTML, like Gecko) Chrome/91.0.4472.120 Mobile Safari/537.36"
85.201.66.130 - - [16/Jul/2021:10:04:16 +0200] "GET /templates/Pixame_v1/images/buttons/english/button_in_cart.gif HTTP/1.1" 200 1212 "http://www.wonder-geek.com/little-prince-green-jewelry-p-53235.html" "Mozilla/5.0 (Linux; Android 10; MAR-LX1A) AppleWebKit/537.36 (KHTML, like Gecko) Chrome/91.0.4472.120 Mobile Safari/537.36"
85.201.66.130 - - [16/Jul/2021:10:04:16 +0200] "GET /images/big_prod/3457019601334a.jpg HTTP/1.1" 200 117853 "http://www.wonder-geek.com/little-prince-green-jewelry-p-53235.html" "Mozilla/5.0 (Linux; Android 10; MAR-LX1A) AppleWebKit/537.36 (KHTML, like Gecko) Chrome/91.0.4472.120 Mobile Safari/537.36"
85.201.66.130 - - [16/Jul/2021:10:04:16 +0200] "GET /templates/Pixame_v1/images/nav.png HTTP/1.1" 200 1283 "http://www.wonder-geek.com/templates/Pixame_v1/stylesheet.css" "Mozilla/5.0 (Linux; Android 10; MAR-LX1A) AppleWebKit/537.36 (KHTML, like Gecko) Chrome/91.0.4472.120 Mobile Safari/537.36"
85.201.66.130 - - [16/Jul/2021:10:04:16 +0200] "GET /templates/Pixame_v1/images/Bottom_texture.jpg HTTP/1.1" 200 56290 "http://www.wonder-geek.com/templates/Pixame_v1/stylesheet.css" "Mozilla/5.0 (Linux; Android 10; MAR-LX1A) AppleWebKit/537.36 (KHTML, like Gecko) Chrome/91.0.4472.120 Mobile Safari/537.36"
85.201.66.130 - - [16/Jul/2021:10:04:16 +0200] "GET /templates/Pixame_v1/images/header.png HTTP/1.1" 200 70245 "http://www.wonder-geek.com/templates/Pixame_v1/stylesheet.css" "Mozilla/5.0 (Linux; Android 10; MAR-LX1A) AppleWebKit/537.36 (KHTML, like Gecko) Chrome/91.0.4472.120 Mobile Safari/537.36"
85.201.66.130 - - [16/Jul/2021:10:04:16 +0200] "GET /design/productsenstock.png HTTP/1.1" 200 4743 "http://www.wonder-geek.com/templates/Pixame_v1/stylesheet.css" "Mozilla/5.0 (Linux; Android 10; MAR-LX1A) AppleWebKit/537.36 (KHTML, like Gecko) Chrome/91.0.4472.120 Mobile Safari/537.36"
85.201.66.130 - - [16/Jul/2021:10:04:16 +0200] "GET /templates/Pixame_v1/images/header-object.png HTTP/1.1" 200 106050 "http://www.wonder-geek.com/templates/Pixame_v1/stylesheet.css" "Mozilla/5.0 (Linux; Android 10; MAR-LX1A) AppleWebKit/537.36 (KHTML, like Gecko) Chrome/91.0.4472.120 Mobile Safari/537.36"
85.201.66.130 - - [16/Jul/2021:10:04:16 +0200] "GET /images/big_prod_1/3457019601334.jpg HTTP/1.1" 200 226687 "http://www.wonder-geek.com/little-prince-green-jewelry-p-53235.html" "Mozilla/5.0 (Linux; Android 10; MAR-LX1A) AppleWebKit/537.36 (KHTML, like Gecko) Chrome/91.0.4472.120 Mobile Safari/537.36"
85.201.66.130 - - [16/Jul/2021:10:04:16 +0200] "GET /templates/Pixame_v1/images/Middle_texture.jpg HTTP/1.1" 200 249620 "http://www.wonder-geek.com/templates/Pixame_v1/stylesheet.css" "Mozilla/5.0 (Linux; Android 10; MAR-LX1A) AppleWebKit/537.36 (KHTML, like Gecko) Chrome/91.0.4472.120 Mobile Safari/537.36"
85.201.66.130 - - [16/Jul/2021:10:04:16 +0200] "GET /highslide/graphics/outlines/drop-shadow.png HTTP/1.1" 200 2022 "http://www.wonder-geek.com/little-prince-green-jewelry-p-53235.html" "Mozilla/5.0 (Linux; Android 10; MAR-LX1A) AppleWebKit/537.36 (KHTML, like Gecko) Chrome/91.0.4472.120 Mobile Safari/537.36"
85.201.66.130 - - [16/Jul/2021:10:04:16 +0200] "GET /favicon.ico HTTP/1.1" 200 1591 "http://www.wonder-geek.com/little-prince-green-jewelry-p-53235.html" "Mozilla/5.0 (Linux; Android 10; MAR-LX1A) AppleWebKit/537.36 (KHTML, like Gecko) Chrome/91.0.4472.120 Mobile Safari/537.36"
207.46.13.125 - - [16/Jul/2021:10:10:44 +0200] "GET /images/med_prod/1384010181331.jpg HTTP/1.1" 200 172965 "-" "Mozilla/5.0 (compatible; bingbot/2.0; +http://www.bing.com/bingbot.htm)"
40.77.167.36 - - [16/Jul/2021:10:11:42 +0200] "GET /images/5411854144577.jpg HTTP/1.1" 200 36485 "-" "Mozilla/5.0 (compatible; bingbot/2.0; +http://www.bing.com/bingbot.htm)"
40.77.167.77 - - [16/Jul/2021:10:11:54 +0200] "GET /images/big_prod/8424001774395.jpg HTTP/1.1" 200 293588 "-" "Mozilla/5.0 (compatible; bingbot/2.0; +http://www.bing.com/bingbot.htm)"
40.77.167.36 - - [16/Jul/2021:10:13:13 +0200] "GET /images/big_prod/8720088296042.jpg HTTP/1.1" 200 77403 "-" "Mozilla/5.0 (compatible; bingbot/2.0; +http://www.bing.com/bingbot.htm)"
114.119.147.45 - - [16/Jul/2021:10:13:16 +0200] "GET /images/big_prod/8422018239517a.jpg HTTP/1.1" 200 197078 "-" "Mozilla/5.0 (Linux; Android 7.0;) AppleWebKit/537.36 (KHTML, like Gecko) Mobile Safari/537.36 (compatible; PetalBot;+https://webmaster.petalsearch.com/site/petalbot)"
207.46.13.65 - - [16/Jul/2021:10:13:27 +0200] "GET /images/big_prod_1/4029811442959B.jpg HTTP/1.1" 200 75354 "-" "Mozilla/5.0 (compatible; bingbot/2.0; +http://www.bing.com/bingbot.htm)"
114.119.151.113 - - [16/Jul/2021:10:15:03 +0200] "GET /images/big_prod_1/3453131121729a.jpg HTTP/1.1" 200 220774 "-" "Mozilla/5.0 (Linux; Android 7.0;) AppleWebKit/537.36 (KHTML, like Gecko) Mobile Safari/537.36 (compatible; PetalBot;+https://webmaster.petalsearch.com/site/petalbot)"
66.249.72.166 - - [16/Jul/2021:10:17:35 +0200] "GET /images/mini_prod/5027166920008.jpg HTTP/1.1" 200 4326 "-" "Googlebot-Image/1.0"
66.249.93.14 - - [16/Jul/2021:10:19:02 +0200] "GET /images/big_prod_2/bambou1.jpg HTTP/1.1" 200 518303 "-" "Mozilla/5.0 (Windows NT 5.1; rv:11.0) Gecko Firefox/11.0 (via ggpht.com GoogleImageProxy)"
84.13.28.67 - - [16/Jul/2021:10:19:02 +0200] "GET /templates/Pixame_v1/stylesheet.css HTTP/1.1" 200 56057 "http://www.wonder-geek.com/large-responsible-bamboo-ginger-candle-heart-home-p-52796.html" "Mozilla/5.0 (Linux; Android 11; SM-G970F) AppleWebKit/537.36 (KHTML, like Gecko) Chrome/91.0.4472.120 Mobile Safari/537.36"
84.13.28.67 - - [16/Jul/2021:10:19:02 +0200] "GET /js/jquery.jqzoom.js HTTP/1.1" 200 4761 "http://www.wonder-geek.com/large-responsible-bamboo-ginger-candle-heart-home-p-52796.html" "Mozilla/5.0 (Linux; Android 11; SM-G970F) AppleWebKit/537.36 (KHTML, like Gecko) Chrome/91.0.4472.120 Mobile Safari/537.36"
84.13.28.67 - - [16/Jul/2021:10:19:02 +0200] "GET /highslide/highslide.js HTTP/1.1" 200 42909 "http://www.wonder-geek.com/large-responsible-bamboo-ginger-candle-heart-home-p-52796.html" "Mozilla/5.0 (Linux; Android 11; SM-G970F) AppleWebKit/537.36 (KHTML, like Gecko) Chrome/91.0.4472.120 Mobile Safari/537.36"
84.13.28.67 - - [16/Jul/2021:10:19:02 +0200] "GET /js/jquery.js HTTP/1.1" 200 54075 "http://www.wonder-geek.com/large-responsible-bamboo-ginger-candle-heart-home-p-52796.html" "Mozilla/5.0 (Linux; Android 11; SM-G970F) AppleWebKit/537.36 (KHTML, like Gecko) Chrome/91.0.4472.120 Mobile Safari/537.36"
84.13.28.67 - - [16/Jul/2021:10:19:02 +0200] "GET /mondial_relay/js/jquery-1.3.2.min.js HTTP/1.1" 200 57254 "http://www.wonder-geek.com/large-responsible-bamboo-ginger-candle-heart-home-p-52796.html" "Mozilla/5.0 (Linux; Android 11; SM-G970F) AppleWebKit/537.36 (KHTML, like Gecko) Chrome/91.0.4472.120 Mobile Safari/537.36"
84.13.28.67 - - [16/Jul/2021:10:19:02 +0200] "GET /templates/Pixame_v1/images/icon_accueil2.png HTTP/1.1" 200 1137 "http://www.wonder-geek.com/large-responsible-bamboo-ginger-candle-heart-home-p-52796.html" "Mozilla/5.0 (Linux; Android 11; SM-G970F) AppleWebKit/537.36 (KHTML, like Gecko) Chrome/91.0.4472.120 Mobile Safari/537.36"
84.13.28.67 - - [16/Jul/2021:10:19:02 +0200] "GET /templates/Pixame_v1/images/buttons/english/button_in_cart.gif HTTP/1.1" 200 1212 "http://www.wonder-geek.com/large-responsible-bamboo-ginger-candle-heart-home-p-52796.html" "Mozilla/5.0 (Linux; Android 11; SM-G970F) AppleWebKit/537.36 (KHTML, like Gecko) Chrome/91.0.4472.120 Mobile Safari/537.36"
84.13.28.67 - - [16/Jul/2021:10:19:02 +0200] "GET /templates/Pixame_v1/images/Bottom_texture.jpg HTTP/1.1" 200 56290 "http://www.wonder-geek.com/templates/Pixame_v1/stylesheet.css" "Mozilla/5.0 (Linux; Android 11; SM-G970F) AppleWebKit/537.36 (KHTML, like Gecko) Chrome/91.0.4472.120 Mobile Safari/537.36"
84.13.28.67 - - [16/Jul/2021:10:19:02 +0200] "GET /templates/Pixame_v1/images/nav.png HTTP/1.1" 200 1283 "http://www.wonder-geek.com/templates/Pixame_v1/stylesheet.css" "Mozilla/5.0 (Linux; Android 11; SM-G970F) AppleWebKit/537.36 (KHTML, like Gecko) Chrome/91.0.4472.120 Mobile Safari/537.36"
84.13.28.67 - - [16/Jul/2021:10:19:02 +0200] "GET /templates/Pixame_v1/images/header.png HTTP/1.1" 200 70245 "http://www.wonder-geek.com/templates/Pixame_v1/stylesheet.css" "Mozilla/5.0 (Linux; Android 11; SM-G970F) AppleWebKit/537.36 (KHTML, like Gecko) Chrome/91.0.4472.120 Mobile Safari/537.36"
84.13.28.67 - - [16/Jul/2021:10:19:02 +0200] "GET /templates/Pixame_v1/images/header-object.png HTTP/1.1" 200 106050 "http://www.wonder-geek.com/templates/Pixame_v1/stylesheet.css" "Mozilla/5.0 (Linux; Android 11; SM-G970F) AppleWebKit/537.36 (KHTML, like Gecko) Chrome/91.0.4472.120 Mobile Safari/537.36"
84.13.28.67 - - [16/Jul/2021:10:19:02 +0200] "GET /images/big_prod/5051276388113.jpg HTTP/1.1" 200 204427 "http://www.wonder-geek.com/large-responsible-bamboo-ginger-candle-heart-home-p-52796.html" "Mozilla/5.0 (Linux; Android 11; SM-G970F) AppleWebKit/537.36 (KHTML, like Gecko) Chrome/91.0.4472.120 Mobile Safari/537.36"
84.13.28.67 - - [16/Jul/2021:10:19:02 +0200] "GET /design/productsenstock.png HTTP/1.1" 200 4743 "http://www.wonder-geek.com/templates/Pixame_v1/stylesheet.css" "Mozilla/5.0 (Linux; Android 11; SM-G970F) AppleWebKit/537.36 (KHTML, like Gecko) Chrome/91.0.4472.120 Mobile Safari/537.36"
84.13.28.67 - - [16/Jul/2021:10:19:02 +0200] "GET /images/big_prod_1/bambougingembre.jpg HTTP/1.1" 200 629357 "http://www.wonder-geek.com/large-responsible-bamboo-ginger-candle-heart-home-p-52796.html" "Mozilla/5.0 (Linux; Android 11; SM-G970F) AppleWebKit/537.36 (KHTML, like Gecko) Chrome/91.0.4472.120 Mobile Safari/537.36"
84.13.28.67 - - [16/Jul/2021:10:19:02 +0200] "GET /templates/Pixame_v1/images/Middle_texture.jpg HTTP/1.1" 200 249620 "http://www.wonder-geek.com/templates/Pixame_v1/stylesheet.css" "Mozilla/5.0 (Linux; Android 11; SM-G970F) AppleWebKit/537.36 (KHTML, like Gecko) Chrome/91.0.4472.120 Mobile Safari/537.36"
84.13.28.67 - - [16/Jul/2021:10:19:02 +0200] "GET /images/big_prod_2/bambou1.jpg HTTP/1.1" 200 518303 "http://www.wonder-geek.com/large-responsible-bamboo-ginger-candle-heart-home-p-52796.html" "Mozilla/5.0 (Linux; Android 11; SM-G970F) AppleWebKit/537.36 (KHTML, like Gecko) Chrome/91.0.4472.120 Mobile Safari/537.36"
84.13.28.67 - - [16/Jul/2021:10:19:02 +0200] "GET /highslide/graphics/outlines/drop-shadow.png HTTP/1.1" 200 2022 "http://www.wonder-geek.com/large-responsible-bamboo-ginger-candle-heart-home-p-52796.html" "Mozilla/5.0 (Linux; Android 11; SM-G970F) AppleWebKit/537.36 (KHTML, like Gecko) Chrome/91.0.4472.120 Mobile Safari/537.36"
84.13.28.67 - - [16/Jul/2021:10:19:02 +0200] "GET /favicon.ico HTTP/1.1" 200 1591 "http://www.wonder-geek.com/large-responsible-bamboo-ginger-candle-heart-home-p-52796.html" "Mozilla/5.0 (Linux; Android 11; SM-G970F) AppleWebKit/537.36 (KHTML, like Gecko) Chrome/91.0.4472.120 Mobile Safari/537.36"
157.55.39.121 - - [16/Jul/2021:10:19:17 +0200] "GET /images/big_prod/3503420082726.jpg HTTP/1.1" 200 103137 "-" "Mozilla/5.0 (compatible; bingbot/2.0; +http://www.bing.com/bingbot.htm)"
84.13.28.67 - - [16/Jul/2021:10:19:32 +0200] "GET /favicon.ico HTTP/1.1" 200 1591 "http://www.wonder-geek.com/large-responsible-bamboo-ginger-candle-heart-home-p-52796.html" "Mozilla/5.0 (Linux; Android 11; SM-G970F) AppleWebKit/537.36 (KHTML, like Gecko) Chrome/91.0.4472.120 Mobile Safari/537.36"
84.13.28.67 - - [16/Jul/2021:10:19:34 +0200] "GET /favicon.ico HTTP/1.1" 200 1591 "http://www.wonder-geek.com/large-responsible-bamboo-ginger-candle-heart-home-p-52796.html" "Mozilla/5.0 (Linux; Android 11; SM-G970F) AppleWebKit/537.36 (KHTML, like Gecko) Chrome/91.0.4472.120 Mobile Safari/537.36"
157.55.39.121 - - [16/Jul/2021:10:20:15 +0200] "GET /images/mini_prod/3700281645842.jpg HTTP/1.1" 200 7455 "-" "Mozilla/5.0 (compatible; bingbot/2.0; +http://www.bing.com/bingbot.htm)"
84.13.28.67 - - [16/Jul/2021:10:20:35 +0200] "GET /images/mini_prod/8901810021006.jpg HTTP/1.1" 200 6404 "http://www.wonder-geek.com/fragrances-ambiance-c-231.html" "Mozilla/5.0 (Linux; Android 11; SM-G970F) AppleWebKit/537.36 (KHTML, like Gecko) Chrome/91.0.4472.120 Mobile Safari/537.36"
84.13.28.67 - - [16/Jul/2021:10:20:35 +0200] "GET /images/mini_prod/8901319003121.jpg HTTP/1.1" 200 7314 "http://www.wonder-geek.com/fragrances-ambiance-c-231.html" "Mozilla/5.0 (Linux; Android 11; SM-G970F) AppleWebKit/537.36 (KHTML, like Gecko) Chrome/91.0.4472.120 Mobile Safari/537.36"
84.13.28.67 - - [16/Jul/2021:10:20:35 +0200] "GET /images/mini_prod/8422017821195BB.jpg HTTP/1.1" 200 2531 "http://www.wonder-geek.com/fragrances-ambiance-c-231.html" "Mozilla/5.0 (Linux; Android 11; SM-G970F) AppleWebKit/537.36 (KHTML, like Gecko) Chrome/91.0.4472.120 Mobile Safari/537.36"
84.13.28.67 - - [16/Jul/2021:10:20:35 +0200] "GET /images/mini_prod/NN8422017821065NN.jpg HTTP/1.1" 200 2340 "http://www.wonder-geek.com/fragrances-ambiance-c-231.html" "Mozilla/5.0 (Linux; Android 11; SM-G970F) AppleWebKit/537.36 (KHTML, like Gecko) Chrome/91.0.4472.120 Mobile Safari/537.36"
84.13.28.67 - - [16/Jul/2021:10:20:35 +0200] "GET /images/mini_prod/8422017821171.jpg HTTP/1.1" 200 2565 "http://www.wonder-geek.com/fragrances-ambiance-c-231.html" "Mozilla/5.0 (Linux; Android 11; SM-G970F) AppleWebKit/537.36 (KHTML, like Gecko) Chrome/91.0.4472.120 Mobile Safari/537.36"
84.13.28.67 - - [16/Jul/2021:10:20:35 +0200] "GET /images/mini_prod/8422017821126.jpg HTTP/1.1" 200 2892 "http://www.wonder-geek.com/fragrances-ambiance-c-231.html" "Mozilla/5.0 (Linux; Android 11; SM-G970F) AppleWebKit/537.36 (KHTML, like Gecko) Chrome/91.0.4472.120 Mobile Safari/537.36"
84.13.28.67 - - [16/Jul/2021:10:20:35 +0200] "GET /js/jquery.masonry.min.js HTTP/1.1" 200 5392 "http://www.wonder-geek.com/fragrances-ambiance-c-231.html" "Mozilla/5.0 (Linux; Android 11; SM-G970F) AppleWebKit/537.36 (KHTML, like Gecko) Chrome/91.0.4472.120 Mobile Safari/537.36"
84.13.28.67 - - [16/Jul/2021:10:20:35 +0200] "GET /js/modernizr-transitions.js HTTP/1.1" 200 2026 "http://www.wonder-geek.com/fragrances-ambiance-c-231.html" "Mozilla/5.0 (Linux; Android 11; SM-G970F) AppleWebKit/537.36 (KHTML, like Gecko) Chrome/91.0.4472.120 Mobile Safari/537.36"
84.13.28.67 - - [16/Jul/2021:10:20:35 +0200] "GET /images/mini_prod/8422017821089.jpg HTTP/1.1" 200 2829 "http://www.wonder-geek.com/fragrances-ambiance-c-231.html" "Mozilla/5.0 (Linux; Android 11; SM-G970F) AppleWebKit/537.36 (KHTML, like Gecko) Chrome/91.0.4472.120 Mobile Safari/537.36"
84.13.28.67 - - [16/Jul/2021:10:20:35 +0200] "GET /images/mini_prod/8422017821058.jpg HTTP/1.1" 200 2807 "http://www.wonder-geek.com/fragrances-ambiance-c-231.html" "Mozilla/5.0 (Linux; Android 11; SM-G970F) AppleWebKit/537.36 (KHTML, like Gecko) Chrome/91.0.4472.120 Mobile Safari/537.36"
84.13.28.67 - - [16/Jul/2021:10:20:35 +0200] "GET /images/mini_prod/8422017821140.jpg HTTP/1.1" 200 2723 "http://www.wonder-geek.com/fragrances-ambiance-c-231.html" "Mozilla/5.0 (Linux; Android 11; SM-G970F) AppleWebKit/537.36 (KHTML, like Gecko) Chrome/91.0.4472.120 Mobile Safari/537.36"
84.13.28.67 - - [16/Jul/2021:10:20:35 +0200] "GET /images/mini_prod/8422017821096.jpg HTTP/1.1" 200 2689 "http://www.wonder-geek.com/fragrances-ambiance-c-231.html" "Mozilla/5.0 (Linux; Android 11; SM-G970F) AppleWebKit/537.36 (KHTML, like Gecko) Chrome/91.0.4472.120 Mobile Safari/537.36"
84.13.28.67 - - [16/Jul/2021:10:20:35 +0200] "GET /images/mini_prod/8422017821249.jpg HTTP/1.1" 200 2655 "http://www.wonder-geek.com/fragrances-ambiance-c-231.html" "Mozilla/5.0 (Linux; Android 11; SM-G970F) AppleWebKit/537.36 (KHTML, like Gecko) Chrome/91.0.4472.120 Mobile Safari/537.36"
84.13.28.67 - - [16/Jul/2021:10:20:35 +0200] "GET /images/mini_prod/8422017821133.jpg HTTP/1.1" 200 2528 "http://www.wonder-geek.com/fragrances-ambiance-c-231.html" "Mozilla/5.0 (Linux; Android 11; SM-G970F) AppleWebKit/537.36 (KHTML, like Gecko) Chrome/91.0.4472.120 Mobile Safari/537.36"
84.13.28.67 - - [16/Jul/2021:10:20:35 +0200] "GET /images/mini_prod/8422017821034.jpg HTTP/1.1" 200 2633 "http://www.wonder-geek.com/fragrances-ambiance-c-231.html" "Mozilla/5.0 (Linux; Android 11; SM-G970F) AppleWebKit/537.36 (KHTML, like Gecko) Chrome/91.0.4472.120 Mobile Safari/537.36"
84.13.28.67 - - [16/Jul/2021:10:20:35 +0200] "GET /images/mini_prod/8422017821041.jpg HTTP/1.1" 200 2329 "http://www.wonder-geek.com/fragrances-ambiance-c-231.html" "Mozilla/5.0 (Linux; Android 11; SM-G970F) AppleWebKit/537.36 (KHTML, like Gecko) Chrome/91.0.4472.120 Mobile Safari/537.36"
84.13.28.67 - - [16/Jul/2021:10:20:35 +0200] "GET /images/mini_prod/8422017821157.jpg HTTP/1.1" 200 2307 "http://www.wonder-geek.com/fragrances-ambiance-c-231.html" "Mozilla/5.0 (Linux; Android 11; SM-G970F) AppleWebKit/537.36 (KHTML, like Gecko) Chrome/91.0.4472.120 Mobile Safari/537.36"
84.13.28.67 - - [16/Jul/2021:10:20:35 +0200] "GET /images/mini_prod/3700344872352.jpg HTTP/1.1" 200 2512 "http://www.wonder-geek.com/fragrances-ambiance-c-231.html" "Mozilla/5.0 (Linux; Android 11; SM-G970F) AppleWebKit/537.36 (KHTML, like Gecko) Chrome/91.0.4472.120 Mobile Safari/537.36"
84.13.28.67 - - [16/Jul/2021:10:20:35 +0200] "GET /images/mini_prod/a8422017821010.jpg HTTP/1.1" 200 2860 "http://www.wonder-geek.com/fragrances-ambiance-c-231.html" "Mozilla/5.0 (Linux; Android 11; SM-G970F) AppleWebKit/537.36 (KHTML, like Gecko) Chrome/91.0.4472.120 Mobile Safari/537.36"
84.13.28.67 - - [16/Jul/2021:10:20:35 +0200] "GET /images/mini_prod/8422017821201.jpg HTTP/1.1" 200 2825 "http://www.wonder-geek.com/fragrances-ambiance-c-231.html" "Mozilla/5.0 (Linux; Android 11; SM-G970F) AppleWebKit/537.36 (KHTML, like Gecko) Chrome/91.0.4472.120 Mobile Safari/537.36"
84.13.28.67 - - [16/Jul/2021:10:20:35 +0200] "GET /images/mini_prod/8422017821164.jpg HTTP/1.1" 200 2439 "http://www.wonder-geek.com/fragrances-ambiance-c-231.html" "Mozilla/5.0 (Linux; Android 11; SM-G970F) AppleWebKit/537.36 (KHTML, like Gecko) Chrome/91.0.4472.120 Mobile Safari/537.36"
84.13.28.67 - - [16/Jul/2021:10:20:35 +0200] "GET /images/mini_prod/8422017821232.jpg HTTP/1.1" 200 2610 "http://www.wonder-geek.com/fragrances-ambiance-c-231.html" "Mozilla/5.0 (Linux; Android 11; SM-G970F) AppleWebKit/537.36 (KHTML, like Gecko) Chrome/91.0.4472.120 Mobile Safari/537.36"
84.13.28.67 - - [16/Jul/2021:10:21:02 +0200] "GET /images/mini_prod/MUGBLANC010176.jpg HTTP/1.1" 200 3334 "http://www.wonder-geek.com/mugs-mazagrans-c-12_57.html" "Mozilla/5.0 (Linux; Android 11; SM-G970F) AppleWebKit/537.36 (KHTML, like Gecko) Chrome/91.0.4472.120 Mobile Safari/537.36"
84.13.28.67 - - [16/Jul/2021:10:21:02 +0200] "GET /images/mini_prod/6953270923965.jpg HTTP/1.1" 200 6335 "http://www.wonder-geek.com/mugs-mazagrans-c-12_57.html" "Mozilla/5.0 (Linux; Android 11; SM-G970F) AppleWebKit/537.36 (KHTML, like Gecko) Chrome/91.0.4472.120 Mobile Safari/537.36"
84.13.28.67 - - [16/Jul/2021:10:21:02 +0200] "GET /images/mini_prod/6953270923989.jpg HTTP/1.1" 200 6507 "http://www.wonder-geek.com/mugs-mazagrans-c-12_57.html" "Mozilla/5.0 (Linux; Android 11; SM-G970F) AppleWebKit/537.36 (KHTML, like Gecko) Chrome/91.0.4472.120 Mobile Safari/537.36"
84.13.28.67 - - [16/Jul/2021:10:21:02 +0200] "GET /images/mini_prod/1300000020008.jpg HTTP/1.1" 200 4454 "http://www.wonder-geek.com/mugs-mazagrans-c-12_57.html" "Mozilla/5.0 (Linux; Android 11; SM-G970F) AppleWebKit/537.36 (KHTML, like Gecko) Chrome/91.0.4472.120 Mobile Safari/537.36"
84.13.28.67 - - [16/Jul/2021:10:21:02 +0200] "GET /images/mini_prod/1300000020015.jpg HTTP/1.1" 200 4291 "http://www.wonder-geek.com/mugs-mazagrans-c-12_57.html" "Mozilla/5.0 (Linux; Android 11; SM-G970F) AppleWebKit/537.36 (KHTML, like Gecko) Chrome/91.0.4472.120 Mobile Safari/537.36"
84.13.28.67 - - [16/Jul/2021:10:21:02 +0200] "GET /images/mini_prod/1384010206805.jpg HTTP/1.1" 200 5200 "http://www.wonder-geek.com/mugs-mazagrans-c-12_57.html" "Mozilla/5.0 (Linux; Android 11; SM-G970F) AppleWebKit/537.36 (KHTML, like Gecko) Chrome/91.0.4472.120 Mobile Safari/537.36"
84.13.28.67 - - [16/Jul/2021:10:21:02 +0200] "GET /images/mini_prod/3503420032967.jpg HTTP/1.1" 200 6821 "http://www.wonder-geek.com/mugs-mazagrans-c-12_57.html" "Mozilla/5.0 (Linux; Android 11; SM-G970F) AppleWebKit/537.36 (KHTML, like Gecko) Chrome/91.0.4472.120 Mobile Safari/537.36"
84.13.28.67 - - [16/Jul/2021:10:21:02 +0200] "GET /images/mini_prod/1399984264591.jpg HTTP/1.1" 200 6733 "http://www.wonder-geek.com/mugs-mazagrans-c-12_57.html" "Mozilla/5.0 (Linux; Android 11; SM-G970F) AppleWebKit/537.36 (KHTML, like Gecko) Chrome/91.0.4472.120 Mobile Safari/537.36"
84.13.28.67 - - [16/Jul/2021:10:21:02 +0200] "GET /images/mini_prod/1384010184448.jpg HTTP/1.1" 200 6996 "http://www.wonder-geek.com/mugs-mazagrans-c-12_57.html" "Mozilla/5.0 (Linux; Android 11; SM-G970F) AppleWebKit/537.36 (KHTML, like Gecko) Chrome/91.0.4472.120 Mobile Safari/537.36"
84.13.28.67 - - [16/Jul/2021:10:21:02 +0200] "GET /images/mini_prod/3503420153532.jpg HTTP/1.1" 200 5107 "http://www.wonder-geek.com/mugs-mazagrans-c-12_57.html" "Mozilla/5.0 (Linux; Android 11; SM-G970F) AppleWebKit/537.36 (KHTML, like Gecko) Chrome/91.0.4472.120 Mobile Safari/537.36"
84.13.28.67 - - [16/Jul/2021:10:21:02 +0200] "GET /images/mini_prod/3503420093463.jpg HTTP/1.1" 200 4658 "http://www.wonder-geek.com/mugs-mazagrans-c-12_57.html" "Mozilla/5.0 (Linux; Android 11; SM-G970F) AppleWebKit/537.36 (KHTML, like Gecko) Chrome/91.0.4472.120 Mobile Safari/537.36"
84.13.28.67 - - [16/Jul/2021:10:21:02 +0200] "GET /images/mini_prod/1399984261293.jpg HTTP/1.1" 200 7066 "http://www.wonder-geek.com/mugs-mazagrans-c-12_57.html" "Mozilla/5.0 (Linux; Android 11; SM-G970F) AppleWebKit/537.36 (KHTML, like Gecko) Chrome/91.0.4472.120 Mobile Safari/537.36"
84.13.28.67 - - [16/Jul/2021:10:21:02 +0200] "GET /images/mini_prod/1399984264614.jpg HTTP/1.1" 200 7124 "http://www.wonder-geek.com/mugs-mazagrans-c-12_57.html" "Mozilla/5.0 (Linux; Android 11; SM-G970F) AppleWebKit/537.36 (KHTML, like Gecko) Chrome/91.0.4472.120 Mobile Safari/537.36"
84.13.28.67 - - [16/Jul/2021:10:21:02 +0200] "GET /images/mini_prod/3503420045332.jpg HTTP/1.1" 200 5841 "http://www.wonder-geek.com/mugs-mazagrans-c-12_57.html" "Mozilla/5.0 (Linux; Android 11; SM-G970F) AppleWebKit/537.36 (KHTML, like Gecko) Chrome/91.0.4472.120 Mobile Safari/537.36"
84.13.28.67 - - [16/Jul/2021:10:21:02 +0200] "GET /images/mini_prod/1384010178782.jpg HTTP/1.1" 200 7102 "http://www.wonder-geek.com/mugs-mazagrans-c-12_57.html" "Mozilla/5.0 (Linux; Android 11; SM-G970F) AppleWebKit/537.36 (KHTML, like Gecko) Chrome/91.0.4472.120 Mobile Safari/537.36"
84.13.28.67 - - [16/Jul/2021:10:21:02 +0200] "GET /images/mini_prod/1384010178799.jpg HTTP/1.1" 200 6958 "http://www.wonder-geek.com/mugs-mazagrans-c-12_57.html" "Mozilla/5.0 (Linux; Android 11; SM-G970F) AppleWebKit/537.36 (KHTML, like Gecko) Chrome/91.0.4472.120 Mobile Safari/537.36"
84.13.28.67 - - [16/Jul/2021:10:21:02 +0200] "GET /images/mini_prod/1384010178775.jpg HTTP/1.1" 200 7627 "http://www.wonder-geek.com/mugs-mazagrans-c-12_57.html" "Mozilla/5.0 (Linux; Android 11; SM-G970F) AppleWebKit/537.36 (KHTML, like Gecko) Chrome/91.0.4472.120 Mobile Safari/537.36"
84.13.28.67 - - [16/Jul/2021:10:21:02 +0200] "GET /images/mini_prod/1384010178805.jpg HTTP/1.1" 200 7621 "http://www.wonder-geek.com/mugs-mazagrans-c-12_57.html" "Mozilla/5.0 (Linux; Android 11; SM-G970F) AppleWebKit/537.36 (KHTML, like Gecko) Chrome/91.0.4472.120 Mobile Safari/537.36"
84.13.28.67 - - [16/Jul/2021:10:21:02 +0200] "GET /images/mini_prod/3503420026096.jpg HTTP/1.1" 200 5376 "http://www.wonder-geek.com/mugs-mazagrans-c-12_57.html" "Mozilla/5.0 (Linux; Android 11; SM-G970F) AppleWebKit/537.36 (KHTML, like Gecko) Chrome/91.0.4472.120 Mobile Safari/537.36"
84.13.28.67 - - [16/Jul/2021:10:21:02 +0200] "GET /images/mini_prod/5204549086333.jpg HTTP/1.1" 200 9092 "http://www.wonder-geek.com/mugs-mazagrans-c-12_57.html" "Mozilla/5.0 (Linux; Android 11; SM-G970F) AppleWebKit/537.36 (KHTML, like Gecko) Chrome/91.0.4472.120 Mobile Safari/537.36"
84.13.28.67 - - [16/Jul/2021:10:21:10 +0200] "GET /images/mini_prod/8003990609699.jpg HTTP/1.1" 200 6866 "http://www.wonder-geek.com/glasses-drinking-c-12_62.html" "Mozilla/5.0 (Linux; Android 11; SM-G970F) AppleWebKit/537.36 (KHTML, like Gecko) Chrome/91.0.4472.120 Mobile Safari/537.36"
84.13.28.67 - - [16/Jul/2021:10:21:10 +0200] "GET /images/mini_prod/8003990623473.jpg HTTP/1.1" 200 7056 "http://www.wonder-geek.com/glasses-drinking-c-12_62.html" "Mozilla/5.0 (Linux; Android 11; SM-G970F) AppleWebKit/537.36 (KHTML, like Gecko) Chrome/91.0.4472.120 Mobile Safari/537.36"
84.13.28.67 - - [16/Jul/2021:10:21:10 +0200] "GET /images/mini_prod/3453131148245.jpg HTTP/1.1" 200 6754 "http://www.wonder-geek.com/glasses-drinking-c-12_62.html" "Mozilla/5.0 (Linux; Android 11; SM-G970F) AppleWebKit/537.36 (KHTML, like Gecko) Chrome/91.0.4472.120 Mobile Safari/537.36"
84.13.28.67 - - [16/Jul/2021:10:21:10 +0200] "GET /images/mini_prod/3453131148221.jpg HTTP/1.1" 200 6003 "http://www.wonder-geek.com/glasses-drinking-c-12_62.html" "Mozilla/5.0 (Linux; Android 11; SM-G970F) AppleWebKit/537.36 (KHTML, like Gecko) Chrome/91.0.4472.120 Mobile Safari/537.36"
84.13.28.67 - - [16/Jul/2021:10:21:10 +0200] "GET /images/mini_prod/3453131148238.jpg HTTP/1.1" 200 6441 "http://www.wonder-geek.com/glasses-drinking-c-12_62.html" "Mozilla/5.0 (Linux; Android 11; SM-G970F) AppleWebKit/537.36 (KHTML, like Gecko) Chrome/91.0.4472.120 Mobile Safari/537.36"
84.13.28.67 - - [16/Jul/2021:10:21:10 +0200] "GET /images/mini_prod/1399984265451.jpg HTTP/1.1" 200 4764 "http://www.wonder-geek.com/glasses-drinking-c-12_62.html" "Mozilla/5.0 (Linux; Android 11; SM-G970F) AppleWebKit/537.36 (KHTML, like Gecko) Chrome/91.0.4472.120 Mobile Safari/537.36"
84.13.28.67 - - [16/Jul/2021:10:21:10 +0200] "GET /images/mini_prod/1399984241813.jpg HTTP/1.1" 200 6456 "http://www.wonder-geek.com/glasses-drinking-c-12_62.html" "Mozilla/5.0 (Linux; Android 11; SM-G970F) AppleWebKit/537.36 (KHTML, like Gecko) Chrome/91.0.4472.120 Mobile Safari/537.36"
84.13.28.67 - - [16/Jul/2021:10:21:10 +0200] "GET /images/mini_prod/3453131122429.jpg HTTP/1.1" 200 5704 "http://www.wonder-geek.com/glasses-drinking-c-12_62.html" "Mozilla/5.0 (Linux; Android 11; SM-G970F) AppleWebKit/537.36 (KHTML, like Gecko) Chrome/91.0.4472.120 Mobile Safari/537.36"
84.13.28.67 - - [16/Jul/2021:10:21:10 +0200] "GET /images/mini_prod/8422010439274.jpg HTTP/1.1" 200 9077 "http://www.wonder-geek.com/glasses-drinking-c-12_62.html" "Mozilla/5.0 (Linux; Android 11; SM-G970F) AppleWebKit/537.36 (KHTML, like Gecko) Chrome/91.0.4472.120 Mobile Safari/537.36"
84.13.28.67 - - [16/Jul/2021:10:21:10 +0200] "GET /images/mini_prod/8422010439281.jpg HTTP/1.1" 200 8644 "http://www.wonder-geek.com/glasses-drinking-c-12_62.html" "Mozilla/5.0 (Linux; Android 11; SM-G970F) AppleWebKit/537.36 (KHTML, like Gecko) Chrome/91.0.4472.120 Mobile Safari/537.36"
84.13.28.67 - - [16/Jul/2021:10:21:10 +0200] "GET /images/mini_prod/8422010439298.jpg HTTP/1.1" 200 8536 "http://www.wonder-geek.com/glasses-drinking-c-12_62.html" "Mozilla/5.0 (Linux; Android 11; SM-G970F) AppleWebKit/537.36 (KHTML, like Gecko) Chrome/91.0.4472.120 Mobile Safari/537.36"
84.13.28.67 - - [16/Jul/2021:10:21:10 +0200] "GET /images/mini_prod/1384010205013.jpg HTTP/1.1" 200 7484 "http://www.wonder-geek.com/glasses-drinking-c-12_62.html" "Mozilla/5.0 (Linux; Android 11; SM-G970F) AppleWebKit/537.36 (KHTML, like Gecko) Chrome/91.0.4472.120 Mobile Safari/537.36"
84.13.28.67 - - [16/Jul/2021:10:21:10 +0200] "GET /images/mini_prod/9316188029582.jpg HTTP/1.1" 200 5972 "http://www.wonder-geek.com/glasses-drinking-c-12_62.html" "Mozilla/5.0 (Linux; Android 11; SM-G970F) AppleWebKit/537.36 (KHTML, like Gecko) Chrome/91.0.4472.120 Mobile Safari/537.36"
84.13.28.67 - - [16/Jul/2021:10:21:10 +0200] "GET /images/mini_prod/4225055184987.jpg HTTP/1.1" 200 6250 "http://www.wonder-geek.com/glasses-drinking-c-12_62.html" "Mozilla/5.0 (Linux; Android 11; SM-G970F) AppleWebKit/537.36 (KHTML, like Gecko) Chrome/91.0.4472.120 Mobile Safari/537.36"
84.13.28.67 - - [16/Jul/2021:10:21:10 +0200] "GET /images/mini_prod/4325055184984.jpg HTTP/1.1" 200 6386 "http://www.wonder-geek.com/glasses-drinking-c-12_62.html" "Mozilla/5.0 (Linux; Android 11; SM-G970F) AppleWebKit/537.36 (KHTML, like Gecko) Chrome/91.0.4472.120 Mobile Safari/537.36"
84.13.28.67 - - [16/Jul/2021:10:21:10 +0200] "GET /images/mini_prod/4425055184981.jpg HTTP/1.1" 200 5948 "http://www.wonder-geek.com/glasses-drinking-c-12_62.html" "Mozilla/5.0 (Linux; Android 11; SM-G970F) AppleWebKit/537.36 (KHTML, like Gecko) Chrome/91.0.4472.120 Mobile Safari/537.36"
84.13.28.67 - - [16/Jul/2021:10:21:10 +0200] "GET /images/mini_prod/090309_162614_PEEL_BWfDnQ.jpg HTTP/1.1" 200 24597 "http://www.wonder-geek.com/glasses-drinking-c-12_62.html" "Mozilla/5.0 (Linux; Android 11; SM-G970F) AppleWebKit/537.36 (KHTML, like Gecko) Chrome/91.0.4472.120 Mobile Safari/537.36"
84.13.28.67 - - [16/Jul/2021:10:21:10 +0200] "GET /images/mini_prod/8003990631300.jpg HTTP/1.1" 200 7670 "http://www.wonder-geek.com/glasses-drinking-c-12_62.html" "Mozilla/5.0 (Linux; Android 11; SM-G970F) AppleWebKit/537.36 (KHTML, like Gecko) Chrome/91.0.4472.120 Mobile Safari/537.36"
84.13.28.67 - - [16/Jul/2021:10:21:10 +0200] "GET /images/mini_prod/1399985000372.jpg HTTP/1.1" 200 5934 "http://www.wonder-geek.com/glasses-drinking-c-12_62.html" "Mozilla/5.0 (Linux; Android 11; SM-G970F) AppleWebKit/537.36 (KHTML, like Gecko) Chrome/91.0.4472.120 Mobile Safari/537.36"
84.13.28.67 - - [16/Jul/2021:10:21:10 +0200] "GET /images/mini_prod/9316188084260.jpg HTTP/1.1" 200 5115 "http://www.wonder-geek.com/glasses-drinking-c-12_62.html" "Mozilla/5.0 (Linux; Android 11; SM-G970F) AppleWebKit/537.36 (KHTML, like Gecko) Chrome/91.0.4472.120 Mobile Safari/537.36"
114.119.145.117 - - [16/Jul/2021:10:23:29 +0200] "GET /images/mini_prod/3665284220628.jpg HTTP/1.1" 200 7103 "-" "Mozilla/5.0 (Linux; Android 7.0;) AppleWebKit/537.36 (KHTML, like Gecko) Mobile Safari/537.36 (compatible; PetalBot;+https://webmaster.petalsearch.com/site/petalbot)"
207.46.13.125 - - [16/Jul/2021:10:23:35 +0200] "GET /images/541185414654-0.jpg HTTP/1.1" 200 46656 "-" "Mozilla/5.0 (compatible; bingbot/2.0; +http://www.bing.com/bingbot.htm)"
207.46.13.65 - - [16/Jul/2021:10:24:18 +0200] "GET /images/mini_prod/828GJ03.jpg HTTP/1.1" 200 6979 "-" "Mozilla/5.0 (compatible; bingbot/2.0; +http://www.bing.com/bingbot.htm)"
66.249.72.166 - - [16/Jul/2021:10:26:37 +0200] "GET /images/big_prod/3609810098961a.jpg HTTP/1.1" 200 130981 "-" "Googlebot-Image/1.0"
185.191.171.34 - - [16/Jul/2021:10:28:39 +0200] "GET /robots.txt HTTP/1.1" 200 2438 "-" "Mozilla/5.0 (compatible; SemrushBot/7~bl; +http://www.semrush.com/bot.html)"
5.45.207.132 - - [16/Jul/2021:10:28:39 +0200] "GET /robots.txt HTTP/1.1" 200 2438 "-" "Mozilla/5.0 (compatible; YandexBot/3.0; +http://yandex.com/bots)"
5.45.207.132 - - [16/Jul/2021:10:28:43 +0200] "GET /images/3298060223386.jpg.jpg HTTP/1.1" 304 0 "-" "Mozilla/5.0 (compatible; YandexImages/3.0; +http://yandex.com/bots)"
5.45.207.132 - - [16/Jul/2021:10:28:47 +0200] "GET /images/3298060221382.b.jpg HTTP/1.1" 304 0 "-" "Mozilla/5.0 (compatible; YandexImages/3.0; +http://yandex.com/bots)"
207.46.13.142 - - [16/Jul/2021:10:28:59 +0200] "GET /images/mini_prod/1384010190975.jpg HTTP/1.1" 200 8172 "-" "Mozilla/5.0 (compatible; bingbot/2.0; +http://www.bing.com/bingbot.htm)"
207.46.13.65 - - [16/Jul/2021:10:29:51 +0200] "GET /images/8008454609475.jpg HTTP/1.1" 200 40869 "-" "Mozilla/5.0 (compatible; bingbot/2.0; +http://www.bing.com/bingbot.htm)"
66.249.72.170 - - [16/Jul/2021:10:33:16 +0200] "GET /images/mini_prod/3503420129308.jpg HTTP/1.1" 200 4787 "-" "Googlebot-Image/1.0"
157.55.39.127 - - [16/Jul/2021:10:35:12 +0200] "GET /images/big_prod_2/3700281645156b.jpg HTTP/1.1" 200 384605 "-" "Mozilla/5.0 (compatible; bingbot/2.0; +http://www.bing.com/bingbot.htm)"
207.46.13.65 - - [16/Jul/2021:10:36:29 +0200] "GET /images/3681644302094.jpg HTTP/1.1" 200 34250 "-" "Mozilla/5.0 (compatible; bingbot/2.0; +http://www.bing.com/bingbot.htm)"
66.249.72.170 - - [16/Jul/2021:10:39:57 +0200] "GET /images/big_prod_2/3660173239446b.jpg HTTP/1.1" 200 123075 "-" "Googlebot-Image/1.0"
207.46.13.125 - - [16/Jul/2021:10:43:47 +0200] "GET /images/big_prod/1384010186961N.jpg HTTP/1.1" 200 82675 "-" "Mozilla/5.0 (compatible; bingbot/2.0; +http://www.bing.com/bingbot.htm)"
66.249.72.170 - - [16/Jul/2021:10:49:46 +0200] "GET /images/big_prod_1/5055321765294a.jpg HTTP/1.1" 200 173736 "-" "Googlebot-Image/1.0"
207.46.13.127 - - [16/Jul/2021:10:50:13 +0200] "GET /images/8432193231985.jpg HTTP/1.1" 200 34219 "-" "Mozilla/5.0 (compatible; bingbot/2.0; +http://www.bing.com/bingbot.htm)"
207.46.13.125 - - [16/Jul/2021:10:51:06 +0200] "GET /js/jquery.js HTTP/1.1" 200 54075 "-" "Mozilla/5.0 (compatible; bingbot/2.0; +http://www.bing.com/bingbot.htm)"
66.249.72.168 - - [16/Jul/2021:10:56:06 +0200] "GET /images/MISES-EN-SITUATION-STACH-NOIRE-20.jpg HTTP/1.1" 200 18175 "-" "Googlebot-Image/1.0"
157.55.39.127 - - [16/Jul/2021:10:56:32 +0200] "GET /images/med_prod/8435306270062.jpg HTTP/1.1" 200 92313 "-" "Mozilla/5.0 (compatible; bingbot/2.0; +http://www.bing.com/bingbot.htm)"
185.191.171.23 - - [16/Jul/2021:11:01:11 +0200] "GET /robots.txt HTTP/1.1" 200 2438 "-" "Mozilla/5.0 (compatible; SemrushBot/7~bl; +http://www.semrush.com/bot.html)"
40.77.167.29 - - [16/Jul/2021:11:03:04 +0200] "GET /images/big_prod/3453131137782.jpg HTTP/1.1" 200 74748 "-" "Mozilla/5.0 (compatible; bingbot/2.0; +http://www.bing.com/bingbot.htm)"
66.249.81.186 - - [16/Jul/2021:11:05:31 +0200] "GET /images/9316188041751.jpg HTTP/1.1" 200 53255 "-" "Mozilla/5.0 (Windows NT 5.1; rv:11.0) Gecko Firefox/11.0 (via ggpht.com GoogleImageProxy)"
157.55.39.78 - - [16/Jul/2021:11:08:07 +0200] "GET /images/big_prod/8422048850119.jpg HTTP/1.1" 200 78366 "-" "Mozilla/5.0 (compatible; bingbot/2.0; +http://www.bing.com/bingbot.htm)"
40.77.167.36 - - [16/Jul/2021:11:16:12 +0200] "GET /images/1341689747510.jpg HTTP/1.1" 200 129347 "-" "Mozilla/5.0 (compatible; bingbot/2.0; +http://www.bing.com/bingbot.htm)"
114.119.145.117 - - [16/Jul/2021:11:17:21 +0200] "GET /images/big_prod_1/5400924117382B.jpg HTTP/1.1" 200 468439 "-" "Mozilla/5.0 (Linux; Android 7.0;) AppleWebKit/537.36 (KHTML, like Gecko) Mobile Safari/537.36 (compatible; PetalBot;+https://webmaster.petalsearch.com/site/petalbot)"
207.46.13.125 - - [16/Jul/2021:11:19:09 +0200] "GET /images/mini_prod/8433933162989.jpg HTTP/1.1" 200 3350 "-" "Mozilla/5.0 (compatible; bingbot/2.0; +http://www.bing.com/bingbot.htm)"
66.249.72.170 - - [16/Jul/2021:11:19:26 +0200] "GET /images/634482306635.jpg HTTP/1.1" 200 31606 "-" "Googlebot-Image/1.0"
40.77.167.36 - - [16/Jul/2021:11:19:32 +0200] "GET /images/mini_prod/8433933107102.jpg HTTP/1.1" 200 6872 "-" "Mozilla/5.0 (compatible; bingbot/2.0; +http://www.bing.com/bingbot.htm)"
17.121.115.122 - - [16/Jul/2021:11:20:36 +0200] "GET /robots.txt HTTP/1.1" 200 2438 "-" "Mozilla/5.0 (Macintosh; Intel Mac OS X 10_15_5) AppleWebKit/605.1.15 (KHTML, like Gecko) Version/13.1.1 Safari/605.1.15 (Applebot/0.1; +http://www.apple.com/go/applebot)"
66.249.72.168 - - [16/Jul/2021:11:21:04 +0200] "GET /images/5411854130174.jpg HTTP/1.1" 200 81461 "-" "Googlebot-Image/1.0"
66.249.72.168 - - [16/Jul/2021:11:22:26 +0200] "GET /images/mini_prod/4260082936840.jpg HTTP/1.1" 200 6806 "-" "Googlebot-Image/1.0"
66.249.72.170 - - [16/Jul/2021:11:25:11 +0200] "GET /images/mini_prod/3612875118529.jpg HTTP/1.1" 200 7416 "-" "Googlebot-Image/1.0"
147.92.153.17 - - [16/Jul/2021:11:25:46 +0200] "GET /images/big_prod_1/3700281645897a.jpg HTTP/1.1" 200 138488 "-" "Mozilla/5.0 (compatible; Linespider/1.1; +https://lin.ee/4dwXkTH)"
66.249.72.170 - - [16/Jul/2021:11:27:58 +0200] "GET /images/mini_prod/3503420190551.jpg HTTP/1.1" 200 8007 "-" "Googlebot-Image/1.0"
66.249.72.166 - - [16/Jul/2021:11:29:45 +0200] "GET /images/mini_prod/8422071326414B.jpg HTTP/1.1" 200 7750 "-" "Googlebot-Image/1.0"
114.119.145.117 - - [16/Jul/2021:11:29:52 +0200] "GET /images/big_prod/8422023017919B.jpg HTTP/1.1" 200 445923 "-" "Mozilla/5.0 (Linux; Android 7.0;) AppleWebKit/537.36 (KHTML, like Gecko) Mobile Safari/537.36 (compatible; PetalBot;+https://webmaster.petalsearch.com/site/petalbot)"
207.46.13.125 - - [16/Jul/2021:11:31:40 +0200] "GET /js/jquery.js HTTP/1.1" 200 54075 "-" "Mozilla/5.0 (compatible; bingbot/2.0; +http://www.bing.com/bingbot.htm)"
54.36.148.249 - - [16/Jul/2021:11:34:03 +0200] "GET /robots.txt HTTP/1.1" 200 2438 "-" "Mozilla/5.0 (compatible; AhrefsBot/7.0; +http://ahrefs.com/robot/)"
188.167.226.253 - - [16/Jul/2021:11:44:36 +0200] "GET /js/jquery.jqzoom.js HTTP/1.1" 200 4761 "http://www.wonder-geek.com/jellyfish-glass-paperweight-orange-p-54334.html" "Mozilla/5.0 (Macintosh; Intel Mac OS X 10.15; rv:89.0) Gecko/20100101 Firefox/89.0"
188.167.226.253 - - [16/Jul/2021:11:44:37 +0200] "GET /highslide/highslide.js HTTP/1.1" 200 42909 "http://www.wonder-geek.com/jellyfish-glass-paperweight-orange-p-54334.html" "Mozilla/5.0 (Macintosh; Intel Mac OS X 10.15; rv:89.0) Gecko/20100101 Firefox/89.0"
188.167.226.253 - - [16/Jul/2021:11:44:37 +0200] "GET /templates/Pixame_v1/stylesheet.css HTTP/1.1" 200 56057 "http://www.wonder-geek.com/jellyfish-glass-paperweight-orange-p-54334.html" "Mozilla/5.0 (Macintosh; Intel Mac OS X 10.15; rv:89.0) Gecko/20100101 Firefox/89.0"
188.167.226.253 - - [16/Jul/2021:11:44:37 +0200] "GET /js/jquery.js HTTP/1.1" 200 54075 "http://www.wonder-geek.com/jellyfish-glass-paperweight-orange-p-54334.html" "Mozilla/5.0 (Macintosh; Intel Mac OS X 10.15; rv:89.0) Gecko/20100101 Firefox/89.0"
188.167.226.253 - - [16/Jul/2021:11:44:37 +0200] "GET /mondial_relay/js/jquery-1.3.2.min.js HTTP/1.1" 200 57254 "http://www.wonder-geek.com/jellyfish-glass-paperweight-orange-p-54334.html" "Mozilla/5.0 (Macintosh; Intel Mac OS X 10.15; rv:89.0) Gecko/20100101 Firefox/89.0"
188.167.226.253 - - [16/Jul/2021:11:44:37 +0200] "GET /templates/Pixame_v1/images/icon_accueil2.png HTTP/1.1" 200 1137 "http://www.wonder-geek.com/jellyfish-glass-paperweight-orange-p-54334.html" "Mozilla/5.0 (Macintosh; Intel Mac OS X 10.15; rv:89.0) Gecko/20100101 Firefox/89.0"
188.167.226.253 - - [16/Jul/2021:11:44:37 +0200] "GET /templates/Pixame_v1/images/nav.png HTTP/1.1" 200 1283 "http://www.wonder-geek.com/templates/Pixame_v1/stylesheet.css" "Mozilla/5.0 (Macintosh; Intel Mac OS X 10.15; rv:89.0) Gecko/20100101 Firefox/89.0"
188.167.226.253 - - [16/Jul/2021:11:44:37 +0200] "GET /templates/Pixame_v1/images/Bottom_texture.jpg HTTP/1.1" 200 56290 "http://www.wonder-geek.com/templates/Pixame_v1/stylesheet.css" "Mozilla/5.0 (Macintosh; Intel Mac OS X 10.15; rv:89.0) Gecko/20100101 Firefox/89.0"
188.167.226.253 - - [16/Jul/2021:11:44:37 +0200] "GET /design/productsenstock.png HTTP/1.1" 200 4743 "http://www.wonder-geek.com/templates/Pixame_v1/stylesheet.css" "Mozilla/5.0 (Macintosh; Intel Mac OS X 10.15; rv:89.0) Gecko/20100101 Firefox/89.0"
188.167.226.253 - - [16/Jul/2021:11:44:37 +0200] "GET /templates/Pixame_v1/images/header-object.png HTTP/1.1" 200 106050 "http://www.wonder-geek.com/templates/Pixame_v1/stylesheet.css" "Mozilla/5.0 (Macintosh; Intel Mac OS X 10.15; rv:89.0) Gecko/20100101 Firefox/89.0"
188.167.226.253 - - [16/Jul/2021:11:44:37 +0200] "GET /templates/Pixame_v1/images/header.png HTTP/1.1" 200 70245 "http://www.wonder-geek.com/templates/Pixame_v1/stylesheet.css" "Mozilla/5.0 (Macintosh; Intel Mac OS X 10.15; rv:89.0) Gecko/20100101 Firefox/89.0"
188.167.226.253 - - [16/Jul/2021:11:44:37 +0200] "GET /templates/Pixame_v1/images/flash.swf HTTP/1.1" 200 2868 "http://www.wonder-geek.com/jellyfish-glass-paperweight-orange-p-54334.html" "Mozilla/5.0 (Macintosh; Intel Mac OS X 10.15; rv:89.0) Gecko/20100101 Firefox/89.0"
188.167.226.253 - - [16/Jul/2021:11:44:37 +0200] "GET /templates/Pixame_v1/images/buttons/english/button_in_cart.gif HTTP/1.1" 200 1212 "http://www.wonder-geek.com/jellyfish-glass-paperweight-orange-p-54334.html" "Mozilla/5.0 (Macintosh; Intel Mac OS X 10.15; rv:89.0) Gecko/20100101 Firefox/89.0"
188.167.226.253 - - [16/Jul/2021:11:44:37 +0200] "GET /images/big_prod/5400924139476.jpg HTTP/1.1" 200 456092 "http://www.wonder-geek.com/jellyfish-glass-paperweight-orange-p-54334.html" "Mozilla/5.0 (Macintosh; Intel Mac OS X 10.15; rv:89.0) Gecko/20100101 Firefox/89.0"
188.167.226.253 - - [16/Jul/2021:11:44:37 +0200] "GET /templates/Pixame_v1/images/Middle_texture.jpg HTTP/1.1" 200 249620 "http://www.wonder-geek.com/templates/Pixame_v1/stylesheet.css" "Mozilla/5.0 (Macintosh; Intel Mac OS X 10.15; rv:89.0) Gecko/20100101 Firefox/89.0"
188.167.226.253 - - [16/Jul/2021:11:44:37 +0200] "GET /favicon.ico HTTP/1.1" 200 1591 "http://www.wonder-geek.com/jellyfish-glass-paperweight-orange-p-54334.html" "Mozilla/5.0 (Macintosh; Intel Mac OS X 10.15; rv:89.0) Gecko/20100101 Firefox/89.0"
188.167.226.253 - - [16/Jul/2021:11:44:38 +0200] "GET /images/big_prod_1/5400924139476B.jpg HTTP/1.1" 200 608772 "http://www.wonder-geek.com/jellyfish-glass-paperweight-orange-p-54334.html" "Mozilla/5.0 (Macintosh; Intel Mac OS X 10.15; rv:89.0) Gecko/20100101 Firefox/89.0"
188.167.226.253 - - [16/Jul/2021:11:44:38 +0200] "GET /highslide/graphics/outlines/drop-shadow.png HTTP/1.1" 200 2022 "http://www.wonder-geek.com/jellyfish-glass-paperweight-orange-p-54334.html" "Mozilla/5.0 (Macintosh; Intel Mac OS X 10.15; rv:89.0) Gecko/20100101 Firefox/89.0"
147.92.153.10 - - [16/Jul/2021:11:45:47 +0200] "GET /images/big_prod_2/3700281645897b.jpg HTTP/1.1" 200 397255 "-" "Mozilla/5.0 (compatible; Linespider/1.1; +https://lin.ee/4dwXkTH)"
207.46.13.142 - - [16/Jul/2021:11:46:07 +0200] "GET /images/mini_prod/5400924022280.jpg HTTP/1.1" 200 5516 "-" "Mozilla/5.0 (compatible; bingbot/2.0; +http://www.bing.com/bingbot.htm)"
66.249.72.166 - - [16/Jul/2021:11:49:29 +0200] "GET /robots.txt HTTP/1.1" 200 2438 "-" "Mozilla/5.0 (compatible; Googlebot/2.1; +http://www.google.com/bot.html)"
114.119.130.202 - - [16/Jul/2021:11:50:09 +0200] "GET /images/big_prod/3760116323529.jpg HTTP/1.1" 200 49066 "-" "Mozilla/5.0 (Linux; Android 7.0;) AppleWebKit/537.36 (KHTML, like Gecko) Mobile Safari/537.36 (compatible; PetalBot;+https://webmaster.petalsearch.com/site/petalbot)"
40.77.167.77 - - [16/Jul/2021:11:50:12 +0200] "GET /images/mini_prod/8718375754351.jpg HTTP/1.1" 200 10613 "-" "Mozilla/5.0 (compatible; bingbot/2.0; +http://www.bing.com/bingbot.htm)"
207.46.13.51 - - [16/Jul/2021:11:50:36 +0200] "GET /images/big_prod/1384000000758.jpg HTTP/1.1" 200 72752 "-" "Mozilla/5.0 (compatible; bingbot/2.0; +http://www.bing.com/bingbot.htm)"
157.55.39.78 - - [16/Jul/2021:11:52:01 +0200] "GET /images/4007176129043.jpg HTTP/1.1" 200 49703 "-" "Mozilla/5.0 (compatible; bingbot/2.0; +http://www.bing.com/bingbot.htm)"
66.249.72.166 - - [16/Jul/2021:11:59:45 +0200] "GET /images/mini_prod/3700276274453.jpg HTTP/1.1" 200 8068 "-" "Googlebot-Image/1.0"
66.249.82.116 - - [16/Jul/2021:12:00:21 +0200] "GET /images/mini_prod/B4891320386679B.jpg HTTP/1.1" 200 5481 "-" "Mozilla/5.0 (Windows NT 5.1; rv:11.0) Gecko Firefox/11.0 (via ggpht.com GoogleImageProxy)"
114.119.132.105 - - [16/Jul/2021:12:00:51 +0200] "GET /images/big_prod/3700572751740.jpg HTTP/1.1" 200 70253 "-" "Mozilla/5.0 (Linux; Android 7.0;) AppleWebKit/537.36 (KHTML, like Gecko) Mobile Safari/537.36 (compatible; PetalBot;+https://webmaster.petalsearch.com/site/petalbot)"
185.191.171.23 - - [16/Jul/2021:12:01:37 +0200] "GET /robots.txt HTTP/1.1" 200 2438 "-" "Mozilla/5.0 (compatible; SemrushBot/7~bl; +http://www.semrush.com/bot.html)"
195.248.68.66 - - [16/Jul/2021:12:02:55 +0200] "GET /templates/Pixame_v1/stylesheet.css HTTP/1.1" 200 56057 "http://www.wonder-geek.com/nitro-pencil-case-blue-p-35701.html" "Mozilla/5.0 (Windows NT 10.0; Win64; x64) AppleWebKit/537.36 (KHTML, like Gecko) Chrome/91.0.4472.124 Safari/537.36 Edg/91.0.864.67"
195.248.68.66 - - [16/Jul/2021:12:02:55 +0200] "GET /js/jquery.jqzoom.js HTTP/1.1" 200 4761 "http://www.wonder-geek.com/nitro-pencil-case-blue-p-35701.html" "Mozilla/5.0 (Windows NT 10.0; Win64; x64) AppleWebKit/537.36 (KHTML, like Gecko) Chrome/91.0.4472.124 Safari/537.36 Edg/91.0.864.67"
195.248.68.66 - - [16/Jul/2021:12:02:55 +0200] "GET /highslide/highslide.js HTTP/1.1" 200 42909 "http://www.wonder-geek.com/nitro-pencil-case-blue-p-35701.html" "Mozilla/5.0 (Windows NT 10.0; Win64; x64) AppleWebKit/537.36 (KHTML, like Gecko) Chrome/91.0.4472.124 Safari/537.36 Edg/91.0.864.67"
195.248.68.66 - - [16/Jul/2021:12:02:55 +0200] "GET /mondial_relay/js/jquery-1.3.2.min.js HTTP/1.1" 200 57254 "http://www.wonder-geek.com/nitro-pencil-case-blue-p-35701.html" "Mozilla/5.0 (Windows NT 10.0; Win64; x64) AppleWebKit/537.36 (KHTML, like Gecko) Chrome/91.0.4472.124 Safari/537.36 Edg/91.0.864.67"
195.248.68.66 - - [16/Jul/2021:12:02:55 +0200] "GET /js/jquery.js HTTP/1.1" 200 54075 "http://www.wonder-geek.com/nitro-pencil-case-blue-p-35701.html" "Mozilla/5.0 (Windows NT 10.0; Win64; x64) AppleWebKit/537.36 (KHTML, like Gecko) Chrome/91.0.4472.124 Safari/537.36 Edg/91.0.864.67"
195.248.68.66 - - [16/Jul/2021:12:02:55 +0200] "GET /templates/Pixame_v1/images/icon_accueil2.png HTTP/1.1" 200 1137 "http://www.wonder-geek.com/nitro-pencil-case-blue-p-35701.html" "Mozilla/5.0 (Windows NT 10.0; Win64; x64) AppleWebKit/537.36 (KHTML, like Gecko) Chrome/91.0.4472.124 Safari/537.36 Edg/91.0.864.67"
195.248.68.66 - - [16/Jul/2021:12:02:55 +0200] "GET /templates/Pixame_v1/images/buttons/english/button_in_cart.gif HTTP/1.1" 200 1212 "http://www.wonder-geek.com/nitro-pencil-case-blue-p-35701.html" "Mozilla/5.0 (Windows NT 10.0; Win64; x64) AppleWebKit/537.36 (KHTML, like Gecko) Chrome/91.0.4472.124 Safari/537.36 Edg/91.0.864.67"
195.248.68.66 - - [16/Jul/2021:12:02:55 +0200] "GET /templates/Pixame_v1/images/Bottom_texture.jpg HTTP/1.1" 200 56290 "http://www.wonder-geek.com/templates/Pixame_v1/stylesheet.css" "Mozilla/5.0 (Windows NT 10.0; Win64; x64) AppleWebKit/537.36 (KHTML, like Gecko) Chrome/91.0.4472.124 Safari/537.36 Edg/91.0.864.67"
195.248.68.66 - - [16/Jul/2021:12:02:55 +0200] "GET /templates/Pixame_v1/images/nav.png HTTP/1.1" 200 1283 "http://www.wonder-geek.com/templates/Pixame_v1/stylesheet.css" "Mozilla/5.0 (Windows NT 10.0; Win64; x64) AppleWebKit/537.36 (KHTML, like Gecko) Chrome/91.0.4472.124 Safari/537.36 Edg/91.0.864.67"
195.248.68.66 - - [16/Jul/2021:12:02:55 +0200] "GET /design/productsenstock.png HTTP/1.1" 200 4743 "http://www.wonder-geek.com/templates/Pixame_v1/stylesheet.css" "Mozilla/5.0 (Windows NT 10.0; Win64; x64) AppleWebKit/537.36 (KHTML, like Gecko) Chrome/91.0.4472.124 Safari/537.36 Edg/91.0.864.67"
195.248.68.66 - - [16/Jul/2021:12:02:55 +0200] "GET /templates/Pixame_v1/images/header-object.png HTTP/1.1" 200 106050 "http://www.wonder-geek.com/templates/Pixame_v1/stylesheet.css" "Mozilla/5.0 (Windows NT 10.0; Win64; x64) AppleWebKit/537.36 (KHTML, like Gecko) Chrome/91.0.4472.124 Safari/537.36 Edg/91.0.864.67"
195.248.68.66 - - [16/Jul/2021:12:02:55 +0200] "GET /templates/Pixame_v1/images/header.png HTTP/1.1" 200 70245 "http://www.wonder-geek.com/templates/Pixame_v1/stylesheet.css" "Mozilla/5.0 (Windows NT 10.0; Win64; x64) AppleWebKit/537.36 (KHTML, like Gecko) Chrome/91.0.4472.124 Safari/537.36 Edg/91.0.864.67"
195.248.68.66 - - [16/Jul/2021:12:02:55 +0200] "GET /images/big_prod/7630024997227.jpg HTTP/1.1" 200 159130 "http://www.wonder-geek.com/nitro-pencil-case-blue-p-35701.html" "Mozilla/5.0 (Windows NT 10.0; Win64; x64) AppleWebKit/537.36 (KHTML, like Gecko) Chrome/91.0.4472.124 Safari/537.36 Edg/91.0.864.67"
