66.249.72.168 - - [16/Jul/2021:03:46:06 +0200] "GET /images/big_prod_1/3574642596025b.jpg HTTP/1.1" 200 98189 "-" "Googlebot-Image/1.0"
157.55.39.145 - - [16/Jul/2021:03:46:56 +0200] "GET /images/med_prod/3662468004678.jpg HTTP/1.1" 200 73082 "-" "Mozilla/5.0 (compatible; bingbot/2.0; +http://www.bing.com/bingbot.htm)"
157.55.39.127 - - [16/Jul/2021:03:53:11 +0200] "GET /images/big_prod/3503420074820.jpg HTTP/1.1" 200 86368 "-" "Mozilla/5.0 (compatible; bingbot/2.0; +http://www.bing.com/bingbot.htm)"
185.191.171.19 - - [16/Jul/2021:03:55:09 +0200] "GET /robots.txt HTTP/1.1" 200 2438 "-" "Mozilla/5.0 (compatible; SemrushBot/7~bl; +http://www.semrush.com/bot.html)"
114.119.150.149 - - [16/Jul/2021:03:56:27 +0200] "GET /robots.txt HTTP/1.1" 200 2438 "-" "Mozilla/5.0 (compatible;PetalBot;+https://webmaster.petalsearch.com/site/petalbot)"
66.249.72.168 - - [16/Jul/2021:03:57:04 +0200] "GET /images/mini_prod/3453131121729b.jpg HTTP/1.1" 200 8074 "-" "Googlebot-Image/1.0"
114.119.129.36 - - [16/Jul/2021:03:59:40 +0200] "GET /images/big_prod/8717202559824.jpg HTTP/1.1" 200 370221 "-" "Mozilla/5.0 (Linux; Android 7.0;) AppleWebKit/537.36 (KHTML, like Gecko) Mobile Safari/537.36 (compatible; PetalBot;+https://webmaster.petalsearch.com/site/petalbot)"
66.249.72.170 - - [16/Jul/2021:04:01:06 +0200] "GET /images/big_prod_1/4029811311712C.jpg HTTP/1.1" 200 105378 "-" "Googlebot-Image/1.0"
207.46.13.51 - - [16/Jul/2021:04:01:24 +0200] "GET /images/1399984252475.jpg HTTP/1.1" 200 27909 "-" "Mozilla/5.0 (compatible; bingbot/2.0; +http://www.bing.com/bingbot.htm)"
157.55.39.124 - - [16/Jul/2021:04:05:05 +0200] "GET /images/big_prod/5404006045211.jpg HTTP/1.1" 200 42115 "-" "Mozilla/5.0 (compatible; bingbot/2.0; +http://www.bing.com/bingbot.htm)"
157.55.39.124 - - [16/Jul/2021:04:09:15 +0200] "GET /images/220108_162618_PEEL_vx2d7w.jpg HTTP/1.1" 200 39480 "-" "Mozilla/5.0 (compatible; bingbot/2.0; +http://www.bing.com/bingbot.htm)"
207.46.13.125 - - [16/Jul/2021:04:10:17 +0200] "GET /js/jquery.js HTTP/1.1" 200 54075 "-" "Mozilla/5.0 (compatible; bingbot/2.0; +http://www.bing.com/bingbot.htm)"
66.249.72.170 - - [16/Jul/2021:04:10:24 +0200] "GET /images/mini_prod/49384the.jpg HTTP/1.1" 200 7866 "-" "Googlebot-Image/1.0"
207.46.13.125 - - [16/Jul/2021:04:13:22 +0200] "GET /images/big_prod_2/3700281642933a.jpg HTTP/1.1" 200 238286 "-" "Mozilla/5.0 (compatible; bingbot/2.0; +http://www.bing.com/bingbot.htm)"
66.249.72.166 - - [16/Jul/2021:04:16:06 +0200] "GET /images/mini_prod/9316188027458.gif HTTP/1.1" 200 12177 "-" "Googlebot-Image/1.0"
54.236.1.11 - - [16/Jul/2021:04:16:33 +0200] "GET /robots.txt HTTP/1.1" 200 2438 "-" "Mozilla/5.0 (compatible; Pinterestbot/1.0; +http://www.pinterest.com/bot.html)"
54.236.1.11 - - [16/Jul/2021:04:16:34 +0200] "GET /images/1399984234846.jpg HTTP/1.1" 200 170240 "-" "Mozilla/5.0 (compatible; Pinterestbot/1.0; +http://www.pinterest.com/bot.html)"
192.0.100.59 - - [16/Jul/2021:04:17:55 +0200] "GET /images/1399984220115.jpg HTTP/1.1" 200 43667 "-" "Photon/1.0"
207.46.13.51 - - [16/Jul/2021:04:18:06 +0200] "GET /images/big_prod/3609810065055.jpg HTTP/1.1" 200 96990 "-" "Mozilla/5.0 (compatible; bingbot/2.0; +http://www.bing.com/bingbot.htm)"
40.77.167.36 - - [16/Jul/2021:04:25:02 +0200] "GET /images/big_prod/3453131126564.jpg HTTP/1.1" 200 112049 "-" "Mozilla/5.0 (compatible; bingbot/2.0; +http://www.bing.com/bingbot.htm)"
114.119.150.15 - - [16/Jul/2021:04:28:05 +0200] "GET /images/big_prod/8424001769544.jpg HTTP/1.1" 200 289504 "-" "Mozilla/5.0 (Linux; Android 7.0;) AppleWebKit/537.36 (KHTML, like Gecko) Mobile Safari/537.36 (compatible; PetalBot;+https://webmaster.petalsearch.com/site/petalbot)"
107.117.200.35 - - [16/Jul/2021:04:28:29 +0200] "GET /js/jquery.jqzoom.js HTTP/1.1" 200 4761 "http://www.wonder-geek.com/-p-14854.html" "Mozilla/5.0 (iPhone; CPU iPhone OS 14_6 like Mac OS X) AppleWebKit/605.1.15 (KHTML, like Gecko) Version/14.1.1 Mobile/15E148 Safari/604.1"
107.117.200.35 - - [16/Jul/2021:04:28:29 +0200] "GET /templates/Pixame_v1/stylesheet.css HTTP/1.1" 200 56057 "http://www.wonder-geek.com/-p-14854.html" "Mozilla/5.0 (iPhone; CPU iPhone OS 14_6 like Mac OS X) AppleWebKit/605.1.15 (KHTML, like Gecko) Version/14.1.1 Mobile/15E148 Safari/604.1"
107.117.200.35 - - [16/Jul/2021:04:28:29 +0200] "GET /highslide/highslide.js HTTP/1.1" 200 42909 "http://www.wonder-geek.com/-p-14854.html" "Mozilla/5.0 (iPhone; CPU iPhone OS 14_6 like Mac OS X) AppleWebKit/605.1.15 (KHTML, like Gecko) Version/14.1.1 Mobile/15E148 Safari/604.1"
107.117.200.35 - - [16/Jul/2021:04:28:29 +0200] "GET /js/jquery.js HTTP/1.1" 200 54075 "http://www.wonder-geek.com/-p-14854.html" "Mozilla/5.0 (iPhone; CPU iPhone OS 14_6 like Mac OS X) AppleWebKit/605.1.15 (KHTML, like Gecko) Version/14.1.1 Mobile/15E148 Safari/604.1"
107.117.200.35 - - [16/Jul/2021:04:28:29 +0200] "GET /mondial_relay/js/jquery-1.3.2.min.js HTTP/1.1" 200 57254 "http://www.wonder-geek.com/-p-14854.html" "Mozilla/5.0 (iPhone; CPU iPhone OS 14_6 like Mac OS X) AppleWebKit/605.1.15 (KHTML, like Gecko) Version/14.1.1 Mobile/15E148 Safari/604.1"
107.117.200.35 - - [16/Jul/2021:04:28:29 +0200] "GET /templates/Pixame_v1/images/icon_accueil2.png HTTP/1.1" 200 1137 "http://www.wonder-geek.com/-p-14854.html" "Mozilla/5.0 (iPhone; CPU iPhone OS 14_6 like Mac OS X) AppleWebKit/605.1.15 (KHTML, like Gecko) Version/14.1.1 Mobile/15E148 Safari/604.1"
107.117.200.35 - - [16/Jul/2021:04:28:29 +0200] "GET /templates/Pixame_v1/images/Bottom_texture.jpg HTTP/1.1" 200 56290 "http://www.wonder-geek.com/-p-14854.html" "Mozilla/5.0 (iPhone; CPU iPhone OS 14_6 like Mac OS X) AppleWebKit/605.1.15 (KHTML, like Gecko) Version/14.1.1 Mobile/15E148 Safari/604.1"
107.117.200.35 - - [16/Jul/2021:04:28:29 +0200] "GET /templates/Pixame_v1/images/nav.png HTTP/1.1" 200 1283 "http://www.wonder-geek.com/-p-14854.html" "Mozilla/5.0 (iPhone; CPU iPhone OS 14_6 like Mac OS X) AppleWebKit/605.1.15 (KHTML, like Gecko) Version/14.1.1 Mobile/15E148 Safari/604.1"
107.117.200.35 - - [16/Jul/2021:04:28:30 +0200] "GET /templates/Pixame_v1/images/header.png HTTP/1.1" 200 70245 "http://www.wonder-geek.com/-p-14854.html" "Mozilla/5.0 (iPhone; CPU iPhone OS 14_6 like Mac OS X) AppleWebKit/605.1.15 (KHTML, like Gecko) Version/14.1.1 Mobile/15E148 Safari/604.1"
107.117.200.35 - - [16/Jul/2021:04:28:30 +0200] "GET /design/productsenstock.png HTTP/1.1" 200 4743 "http://www.wonder-geek.com/-p-14854.html" "Mozilla/5.0 (iPhone; CPU iPhone OS 14_6 like Mac OS X) AppleWebKit/605.1.15 (KHTML, like Gecko) Version/14.1.1 Mobile/15E148 Safari/604.1"
107.117.200.35 - - [16/Jul/2021:04:28:30 +0200] "GET /templates/Pixame_v1/images/header-object.png HTTP/1.1" 200 106050 "http://www.wonder-geek.com/-p-14854.html" "Mozilla/5.0 (iPhone; CPU iPhone OS 14_6 like Mac OS X) AppleWebKit/605.1.15 (KHTML, like Gecko) Version/14.1.1 Mobile/15E148 Safari/604.1"
107.117.200.35 - - [16/Jul/2021:04:28:30 +0200] "GET /templates/Pixame_v1/images/Middle_texture.jpg HTTP/1.1" 200 249620 "http://www.wonder-geek.com/-p-14854.html" "Mozilla/5.0 (iPhone; CPU iPhone OS 14_6 like Mac OS X) AppleWebKit/605.1.15 (KHTML, like Gecko) Version/14.1.1 Mobile/15E148 Safari/604.1"
107.117.200.35 - - [16/Jul/2021:04:28:30 +0200] "GET /highslide/graphics/outlines/drop-shadow.png HTTP/1.1" 200 2022 "http://www.wonder-geek.com/-p-14854.html" "Mozilla/5.0 (iPhone; CPU iPhone OS 14_6 like Mac OS X) AppleWebKit/605.1.15 (KHTML, like Gecko) Version/14.1.1 Mobile/15E148 Safari/604.1"
107.117.200.35 - - [16/Jul/2021:04:28:30 +0200] "GET /favicon.ico HTTP/1.1" 200 1591 "http://www.wonder-geek.com/-p-14854.html" "Mozilla/5.0 (iPhone; CPU iPhone OS 14_6 like Mac OS X) AppleWebKit/605.1.15 (KHTML, like Gecko) Version/14.1.1 Mobile/15E148 Safari/604.1"
66.249.72.170 - - [16/Jul/2021:04:31:06 +0200] "GET /images/big_prod_1/8424345292883.jpg HTTP/1.1" 200 88584 "-" "Googlebot-Image/1.0"
23.100.232.233 - - [16/Jul/2021:04:36:23 +0200] "GET /templates/Pixame_v1/stylesheet.css HTTP/1.1" 200 56057 "http://www.wonder-geek.com/-p-12106.html" "Mozilla/5.0 (compatible; MSIE 9.0; Windows NT 6.1; Trident/5.0;  Trident/5.0)"
23.100.232.233 - - [16/Jul/2021:04:36:23 +0200] "GET /highslide/highslide.js HTTP/1.1" 200 42909 "http://www.wonder-geek.com/-p-12106.html" "Mozilla/5.0 (compatible; MSIE 9.0; Windows NT 6.1; Trident/5.0;  Trident/5.0)"
23.100.232.233 - - [16/Jul/2021:04:36:24 +0200] "GET /js/jquery.jqzoom.js HTTP/1.1" 200 4761 "http://www.wonder-geek.com/-p-12106.html" "Mozilla/5.0 (compatible; MSIE 9.0; Windows NT 6.1; Trident/5.0;  Trident/5.0)"
23.100.232.233 - - [16/Jul/2021:04:36:24 +0200] "GET /js/jquery.js HTTP/1.1" 200 54075 "http://www.wonder-geek.com/-p-12106.html" "Mozilla/5.0 (compatible; MSIE 9.0; Windows NT 6.1; Trident/5.0;  Trident/5.0)"
23.100.232.233 - - [16/Jul/2021:04:36:24 +0200] "GET /mondial_relay/js/jquery-1.3.2.min.js HTTP/1.1" 200 57254 "http://www.wonder-geek.com/-p-12106.html" "Mozilla/5.0 (compatible; MSIE 9.0; Windows NT 6.1; Trident/5.0;  Trident/5.0)"
23.100.232.233 - - [16/Jul/2021:04:36:26 +0200] "GET /templates/Pixame_v1/images/flash.swf HTTP/1.1" 200 2868 "http://www.wonder-geek.com/-p-12106.html" "Mozilla/5.0 (compatible; MSIE 9.0; Windows NT 6.1; Trident/5.0;  Trident/5.0)"
66.249.72.170 - - [16/Jul/2021:04:41:27 +0200] "GET /images/big_prod/8424345292883B.jpg HTTP/1.1" 200 47047 "-" "Googlebot-Image/1.0"
40.77.167.36 - - [16/Jul/2021:04:41:32 +0200] "GET /images/big_prod_1/8424001774395B.jpg HTTP/1.1" 200 473628 "-" "Mozilla/5.0 (compatible; bingbot/2.0; +http://www.bing.com/bingbot.htm)"
40.77.167.77 - - [16/Jul/2021:04:42:25 +0200] "GET /images/TROBP3545.jpg HTTP/1.1" 200 19039 "-" "Mozilla/5.0 (compatible; bingbot/2.0; +http://www.bing.com/bingbot.htm)"
157.55.39.124 - - [16/Jul/2021:04:45:50 +0200] "GET /images/big_prod/3665269031317.jpg HTTP/1.1" 200 150897 "-" "Mozilla/5.0 (compatible; bingbot/2.0; +http://www.bing.com/bingbot.htm)"
66.249.72.166 - - [16/Jul/2021:04:51:48 +0200] "GET /images/big_prod_1/3014627889365a.jpg HTTP/1.1" 200 46435 "-" "Googlebot-Image/1.0"
185.191.171.38 - - [16/Jul/2021:04:55:33 +0200] "GET /robots.txt HTTP/1.1" 200 2438 "-" "Mozilla/5.0 (compatible; SemrushBot/7~bl; +http://www.semrush.com/bot.html)"
66.249.72.168 - - [16/Jul/2021:05:02:09 +0200] "GET /images/big_prod/4029811311712B.jpg HTTP/1.1" 200 60075 "-" "Googlebot-Image/1.0"
23.100.232.233 - - [16/Jul/2021:05:04:59 +0200] "GET /templates/Pixame_v1/stylesheet.css HTTP/1.1" 200 56057 "http://www.wonder-geek.com/" "Mozilla/5.0 (compatible; MSIE 9.0; Windows NT 6.1; Trident/5.0;  Trident/5.0)"
23.100.232.233 - - [16/Jul/2021:05:05:00 +0200] "GET /highslide/highslide.js HTTP/1.1" 200 42909 "http://www.wonder-geek.com/" "Mozilla/5.0 (compatible; MSIE 9.0; Windows NT 6.1; Trident/5.0;  Trident/5.0)"
23.100.232.233 - - [16/Jul/2021:05:05:00 +0200] "GET /js/jquery.jqzoom.js HTTP/1.1" 200 4761 "http://www.wonder-geek.com/" "Mozilla/5.0 (compatible; MSIE 9.0; Windows NT 6.1; Trident/5.0;  Trident/5.0)"
23.100.232.233 - - [16/Jul/2021:05:05:00 +0200] "GET /js/jquery.js HTTP/1.1" 200 54075 "http://www.wonder-geek.com/" "Mozilla/5.0 (compatible; MSIE 9.0; Windows NT 6.1; Trident/5.0;  Trident/5.0)"
23.100.232.233 - - [16/Jul/2021:05:05:01 +0200] "GET /mondial_relay/js/jquery-1.3.2.min.js HTTP/1.1" 200 57254 "http://www.wonder-geek.com/" "Mozilla/5.0 (compatible; MSIE 9.0; Windows NT 6.1; Trident/5.0;  Trident/5.0)"
23.100.232.233 - - [16/Jul/2021:05:05:03 +0200] "GET /templates/Pixame_v1/images/flash.swf HTTP/1.1" 200 2868 "http://www.wonder-geek.com/" "Mozilla/5.0 (compatible; MSIE 9.0; Windows NT 6.1; Trident/5.0;  Trident/5.0)"
66.249.72.168 - - [16/Jul/2021:05:06:21 +0200] "GET /images/big_prod_1/3457019600504.jpg HTTP/1.1" 200 195141 "-" "Googlebot-Image/1.0"
157.55.39.145 - - [16/Jul/2021:05:06:41 +0200] "GET /images/8001011162444.jpg HTTP/1.1" 200 41485 "-" "Mozilla/5.0 (compatible; bingbot/2.0; +http://www.bing.com/bingbot.htm)"
66.102.9.239 - - [16/Jul/2021:05:09:40 +0200] "GET /images/DSCN4020b.jpg HTTP/1.1" 200 24636 "-" "Mozilla/5.0 (Windows NT 5.1; rv:11.0) Gecko Firefox/11.0 (via ggpht.com GoogleImageProxy)"
157.55.39.145 - - [16/Jul/2021:05:10:13 +0200] "GET /images/big_prod/8433933165416.jpg HTTP/1.1" 200 87432 "-" "Mozilla/5.0 (compatible; bingbot/2.0; +http://www.bing.com/bingbot.htm)"
66.249.72.168 - - [16/Jul/2021:05:11:10 +0200] "GET /images/big_prod/3700344871683.jpg HTTP/1.1" 200 215791 "-" "Googlebot-Image/1.0"
66.249.72.166 - - [16/Jul/2021:05:12:29 +0200] "GET /images/mini_prod/8422071326414.jpg HTTP/1.1" 200 7655 "-" "Googlebot-Image/1.0"
207.46.13.65 - - [16/Jul/2021:05:16:42 +0200] "GET /images/8028501263726.jpg HTTP/1.1" 200 51486 "-" "Mozilla/5.0 (compatible; bingbot/2.0; +http://www.bing.com/bingbot.htm)"
66.249.72.166 - - [16/Jul/2021:05:18:18 +0200] "GET /images/mini_prod/3503420072468B.jpg HTTP/1.1" 200 9217 "-" "Googlebot-Image/1.0"
157.55.39.127 - - [16/Jul/2021:05:20:09 +0200] "GET /images/mini_prod/4007176123256.jpg HTTP/1.1" 200 6268 "-" "Mozilla/5.0 (compatible; bingbot/2.0; +http://www.bing.com/bingbot.htm)"
66.249.72.168 - - [16/Jul/2021:05:22:50 +0200] "GET /images/big_prod/1384010201435.jpg HTTP/1.1" 200 176475 "-" "Googlebot-Image/1.0"
114.119.130.202 - - [16/Jul/2021:05:22:59 +0200] "GET /images/big_prod/3503420113611.jpg HTTP/1.1" 200 76859 "-" "Mozilla/5.0 (Linux; Android 7.0;) AppleWebKit/537.36 (KHTML, like Gecko) Mobile Safari/537.36 (compatible; PetalBot;+https://webmaster.petalsearch.com/site/petalbot)"
66.249.72.168 - - [16/Jul/2021:05:24:58 +0200] "GET /images/mini_prod/3453131154420.jpg HTTP/1.1" 200 8347 "-" "Googlebot-Image/1.0"
207.46.13.125 - - [16/Jul/2021:05:31:04 +0200] "GET /js/jquery.js HTTP/1.1" 200 54075 "-" "Mozilla/5.0 (compatible; bingbot/2.0; +http://www.bing.com/bingbot.htm)"
66.249.72.170 - - [16/Jul/2021:05:33:11 +0200] "GET /images/mini_prod/4036113222370.jpg HTTP/1.1" 200 11877 "-" "Googlebot-Image/1.0"
40.77.167.77 - - [16/Jul/2021:05:36:12 +0200] "GET /images/big_prod_3/TAPIS%20BUBBLE.jpg HTTP/1.1" 200 669362 "-" "Mozilla/5.0 (compatible; bingbot/2.0; +http://www.bing.com/bingbot.htm)"
40.77.167.36 - - [16/Jul/2021:05:37:47 +0200] "GET /images/big_prod/3014627880096.jpg HTTP/1.1" 200 63040 "-" "Mozilla/5.0 (compatible; bingbot/2.0; +http://www.bing.com/bingbot.htm)"
66.249.72.166 - - [16/Jul/2021:05:38:18 +0200] "GET /images/mini_prod/3453131151481.jpg HTTP/1.1" 200 5854 "-" "Googlebot-Image/1.0"
207.46.13.125 - - [16/Jul/2021:05:39:07 +0200] "GET /images/big_prod/3609810042919.jpg HTTP/1.1" 200 169454 "-" "Mozilla/5.0 (compatible; bingbot/2.0; +http://www.bing.com/bingbot.htm)"
207.46.13.65 - - [16/Jul/2021:05:43:00 +0200] "GET /images/mini_prod/1384010187241.jpg HTTP/1.1" 200 7874 "-" "Mozilla/5.0 (compatible; bingbot/2.0; +http://www.bing.com/bingbot.htm)"
66.249.72.170 - - [16/Jul/2021:05:43:32 +0200] "GET /images/mini_prod/3660532001578.gif HTTP/1.1" 200 8171 "-" "Googlebot-Image/1.0"
66.249.72.166 - - [16/Jul/2021:05:44:58 +0200] "GET /images/mini_prod/3453131149044.jpg HTTP/1.1" 200 9071 "-" "Googlebot-Image/1.0"
207.46.13.127 - - [16/Jul/2021:05:46:44 +0200] "GET /images/3760054863347.jpg HTTP/1.1" 200 54200 "-" "Mozilla/5.0 (compatible; bingbot/2.0; +http://www.bing.com/bingbot.htm)"
207.46.13.125 - - [16/Jul/2021:05:49:57 +0200] "GET /images/3700469613014.jpg HTTP/1.1" 200 76691 "-" "Mozilla/5.0 (compatible; bingbot/2.0; +http://www.bing.com/bingbot.htm)"
66.249.72.170 - - [16/Jul/2021:05:51:38 +0200] "GET /images/mini_prod/3453131149037.jpg HTTP/1.1" 200 7454 "-" "Googlebot-Image/1.0"
157.55.39.145 - - [16/Jul/2021:05:52:36 +0200] "GET /images/big_prod/6439221147357.jpg HTTP/1.1" 200 63308 "-" "Mozilla/5.0 (compatible; bingbot/2.0; +http://www.bing.com/bingbot.htm)"
66.249.72.170 - - [16/Jul/2021:05:53:52 +0200] "GET /images/big_prod_3/5018997626924C.jpg HTTP/1.1" 200 85911 "-" "Googlebot-Image/1.0"
185.191.171.34 - - [16/Jul/2021:05:56:06 +0200] "GET /robots.txt HTTP/1.1" 200 2438 "-" "Mozilla/5.0 (compatible; SemrushBot/7~bl; +http://www.semrush.com/bot.html)"
66.249.72.168 - - [16/Jul/2021:05:58:18 +0200] "GET /images/mini_prod/3453131151061.jpg HTTP/1.1" 200 7303 "-" "Googlebot-Image/1.0"
207.46.13.125 - - [16/Jul/2021:06:01:01 +0200] "GET /js/jquery.js HTTP/1.1" 200 54075 "-" "Mozilla/5.0 (compatible; bingbot/2.0; +http://www.bing.com/bingbot.htm)"
5.45.207.132 - - [16/Jul/2021:06:01:24 +0200] "GET /robots.txt HTTP/1.1" 200 2438 "-" "Mozilla/5.0 (compatible; YandexBot/3.0; +http://yandex.com/bots)"
66.249.72.170 - - [16/Jul/2021:06:04:13 +0200] "GET /images/big_prod_1/5018997626924A.jpg HTTP/1.1" 200 173349 "-" "Googlebot-Image/1.0"
40.77.167.36 - - [16/Jul/2021:06:05:19 +0200] "GET /images/8028501921039.jpg HTTP/1.1" 200 15688 "-" "Mozilla/5.0 (compatible; bingbot/2.0; +http://www.bing.com/bingbot.htm)"
207.46.13.125 - - [16/Jul/2021:06:13:41 +0200] "GET /images/1399984254868.jpg HTTP/1.1" 200 151866 "-" "Mozilla/5.0 (compatible; bingbot/2.0; +http://www.bing.com/bingbot.htm)"
66.249.72.166 - - [16/Jul/2021:06:14:34 +0200] "GET /images/big_prod_4/5018997626924D.jpg HTTP/1.1" 200 416003 "-" "Googlebot-Image/1.0"
66.249.72.170 - - [16/Jul/2021:06:15:38 +0200] "GET /images/big_prod/3014627557387.jpg HTTP/1.1" 200 49723 "-" "Googlebot-Image/1.0"
114.119.151.113 - - [16/Jul/2021:06:16:16 +0200] "GET /images/big_prod/3609810076020a.jpg HTTP/1.1" 200 68386 "-" "Mozilla/5.0 (Linux; Android 7.0;) AppleWebKit/537.36 (KHTML, like Gecko) Mobile Safari/537.36 (compatible; PetalBot;+https://webmaster.petalsearch.com/site/petalbot)"
66.249.72.168 - - [16/Jul/2021:06:16:49 +0200] "GET /images/big_prod_1/b8718375754795.jpg HTTP/1.1" 200 57656 "-" "Googlebot-Image/1.0"
66.249.72.168 - - [16/Jul/2021:06:16:50 +0200] "GET /images/big_prod/8718375754795.jpg HTTP/1.1" 200 71329 "-" "Googlebot-Image/1.0"
1.136.105.171 - - [16/Jul/2021:06:19:19 +0200] "GET /templates/Pixame_v1/stylesheet.css HTTP/1.1" 200 56057 "http://www.wonder-geek.com/gund-first-teddy-bear-pink-p-38925.html" "Mozilla/5.0 (Linux; Android 9; SAMSUNG SM-N950F) AppleWebKit/537.36 (KHTML, like Gecko) SamsungBrowser/14.0 Chrome/87.0.4280.141 Mobile Safari/537.36"
1.136.105.171 - - [16/Jul/2021:06:19:19 +0200] "GET /js/jquery.jqzoom.js HTTP/1.1" 200 4761 "http://www.wonder-geek.com/gund-first-teddy-bear-pink-p-38925.html" "Mozilla/5.0 (Linux; Android 9; SAMSUNG SM-N950F) AppleWebKit/537.36 (KHTML, like Gecko) SamsungBrowser/14.0 Chrome/87.0.4280.141 Mobile Safari/537.36"
1.136.105.171 - - [16/Jul/2021:06:19:19 +0200] "GET /highslide/highslide.js HTTP/1.1" 200 42909 "http://www.wonder-geek.com/gund-first-teddy-bear-pink-p-38925.html" "Mozilla/5.0 (Linux; Android 9; SAMSUNG SM-N950F) AppleWebKit/537.36 (KHTML, like Gecko) SamsungBrowser/14.0 Chrome/87.0.4280.141 Mobile Safari/537.36"
1.136.105.171 - - [16/Jul/2021:06:19:20 +0200] "GET /mondial_relay/js/jquery-1.3.2.min.js HTTP/1.1" 200 57254 "http://www.wonder-geek.com/gund-first-teddy-bear-pink-p-38925.html" "Mozilla/5.0 (Linux; Android 9; SAMSUNG SM-N950F) AppleWebKit/537.36 (KHTML, like Gecko) SamsungBrowser/14.0 Chrome/87.0.4280.141 Mobile Safari/537.36"
1.136.105.171 - - [16/Jul/2021:06:19:20 +0200] "GET /js/jquery.js HTTP/1.1" 200 54075 "http://www.wonder-geek.com/gund-first-teddy-bear-pink-p-38925.html" "Mozilla/5.0 (Linux; Android 9; SAMSUNG SM-N950F) AppleWebKit/537.36 (KHTML, like Gecko) SamsungBrowser/14.0 Chrome/87.0.4280.141 Mobile Safari/537.36"
1.136.105.171 - - [16/Jul/2021:06:19:21 +0200] "GET /templates/Pixame_v1/images/icon_accueil2.png HTTP/1.1" 200 1137 "http://www.wonder-geek.com/gund-first-teddy-bear-pink-p-38925.html" "Mozilla/5.0 (Linux; Android 9; SAMSUNG SM-N950F) AppleWebKit/537.36 (KHTML, like Gecko) SamsungBrowser/14.0 Chrome/87.0.4280.141 Mobile Safari/537.36"
1.136.105.171 - - [16/Jul/2021:06:19:21 +0200] "GET /templates/Pixame_v1/images/Bottom_texture.jpg HTTP/1.1" 200 56290 "http://www.wonder-geek.com/templates/Pixame_v1/stylesheet.css" "Mozilla/5.0 (Linux; Android 9; SAMSUNG SM-N950F) AppleWebKit/537.36 (KHTML, like Gecko) SamsungBrowser/14.0 Chrome/87.0.4280.141 Mobile Safari/537.36"
1.136.105.171 - - [16/Jul/2021:06:19:22 +0200] "GET /templates/Pixame_v1/images/nav.png HTTP/1.1" 200 1283 "http://www.wonder-geek.com/templates/Pixame_v1/stylesheet.css" "Mozilla/5.0 (Linux; Android 9; SAMSUNG SM-N950F) AppleWebKit/537.36 (KHTML, like Gecko) SamsungBrowser/14.0 Chrome/87.0.4280.141 Mobile Safari/537.36"
1.136.105.171 - - [16/Jul/2021:06:19:22 +0200] "GET /templates/Pixame_v1/images/header.png HTTP/1.1" 200 70245 "http://www.wonder-geek.com/templates/Pixame_v1/stylesheet.css" "Mozilla/5.0 (Linux; Android 9; SAMSUNG SM-N950F) AppleWebKit/537.36 (KHTML, like Gecko) SamsungBrowser/14.0 Chrome/87.0.4280.141 Mobile Safari/537.36"
1.136.105.171 - - [16/Jul/2021:06:19:22 +0200] "GET /templates/Pixame_v1/images/header-object.png HTTP/1.1" 200 106050 "http://www.wonder-geek.com/templates/Pixame_v1/stylesheet.css" "Mozilla/5.0 (Linux; Android 9; SAMSUNG SM-N950F) AppleWebKit/537.36 (KHTML, like Gecko) SamsungBrowser/14.0 Chrome/87.0.4280.141 Mobile Safari/537.36"
1.136.105.171 - - [16/Jul/2021:06:19:22 +0200] "GET /templates/Pixame_v1/images/buttons/english/button_in_cart.gif HTTP/1.1" 200 1212 "http://www.wonder-geek.com/gund-first-teddy-bear-pink-p-38925.html" "Mozilla/5.0 (Linux; Android 9; SAMSUNG SM-N950F) AppleWebKit/537.36 (KHTML, like Gecko) SamsungBrowser/14.0 Chrome/87.0.4280.141 Mobile Safari/537.36"
1.136.105.171 - - [16/Jul/2021:06:19:22 +0200] "GET /design/productsenstock.png HTTP/1.1" 200 4743 "http://www.wonder-geek.com/templates/Pixame_v1/stylesheet.css" "Mozilla/5.0 (Linux; Android 9; SAMSUNG SM-N950F) AppleWebKit/537.36 (KHTML, like Gecko) SamsungBrowser/14.0 Chrome/87.0.4280.141 Mobile Safari/537.36"
1.136.105.171 - - [16/Jul/2021:06:19:22 +0200] "GET /images/big_prod/1328399210299B.jpg HTTP/1.1" 200 92617 "http://www.wonder-geek.com/gund-first-teddy-bear-pink-p-38925.html" "Mozilla/5.0 (Linux; Android 9; SAMSUNG SM-N950F) AppleWebKit/537.36 (KHTML, like Gecko) SamsungBrowser/14.0 Chrome/87.0.4280.141 Mobile Safari/537.36"
1.136.105.171 - - [16/Jul/2021:06:19:23 +0200] "GET /templates/Pixame_v1/images/Middle_texture.jpg HTTP/1.1" 200 249620 "http://www.wonder-geek.com/templates/Pixame_v1/stylesheet.css" "Mozilla/5.0 (Linux; Android 9; SAMSUNG SM-N950F) AppleWebKit/537.36 (KHTML, like Gecko) SamsungBrowser/14.0 Chrome/87.0.4280.141 Mobile Safari/537.36"
1.136.105.171 - - [16/Jul/2021:06:19:24 +0200] "GET /highslide/graphics/outlines/drop-shadow.png HTTP/1.1" 200 2022 "http://www.wonder-geek.com/gund-first-teddy-bear-pink-p-38925.html" "Mozilla/5.0 (Linux; Android 9; SAMSUNG SM-N950F) AppleWebKit/537.36 (KHTML, like Gecko) SamsungBrowser/14.0 Chrome/87.0.4280.141 Mobile Safari/537.36"
1.136.105.171 - - [16/Jul/2021:06:19:24 +0200] "GET /favicon.ico HTTP/1.1" 200 1591 "http://www.wonder-geek.com/gund-first-teddy-bear-pink-p-38925.html" "Mozilla/5.0 (Linux; Android 9; SAMSUNG SM-N950F) AppleWebKit/537.36 (KHTML, like Gecko) SamsungBrowser/14.0 Chrome/87.0.4280.141 Mobile Safari/537.36"
66.249.93.15 - - [16/Jul/2021:06:19:28 +0200] "GET /images/big_prod_1/8717202559787B.jpg HTTP/1.1" 200 256607 "-" "Mozilla/5.0 (Windows NT 5.1; rv:11.0) Gecko Firefox/11.0 (via ggpht.com GoogleImageProxy)"
157.55.39.145 - - [16/Jul/2021:06:23:43 +0200] "GET /images/big_prod/3700572738109.jpg HTTP/1.1" 200 285670 "-" "Mozilla/5.0 (compatible; bingbot/2.0; +http://www.bing.com/bingbot.htm)"
66.249.72.170 - - [16/Jul/2021:06:24:54 +0200] "GET /images/big_prod/8499132034113.jpg HTTP/1.1" 200 131649 "-" "Googlebot-Image/1.0"
207.46.13.65 - - [16/Jul/2021:06:24:55 +0200] "GET /images/big_prod/1360150000008.jpg HTTP/1.1" 200 71941 "-" "Mozilla/5.0 (compatible; bingbot/2.0; +http://www.bing.com/bingbot.htm)"
157.55.39.121 - - [16/Jul/2021:06:25:56 +0200] "GET /images/big_prod/1328399138296.jpg HTTP/1.1" 200 61109 "-" "Mozilla/5.0 (compatible; bingbot/2.0; +http://www.bing.com/bingbot.htm)"
148.251.195.14 - - [16/Jul/2021:06:28:44 +0200] "GET /robots.txt HTTP/1.1" 200 2438 "-" "Mozilla/5.0 (compatible; MJ12bot/v1.4.8; http://mj12bot.com/)"
66.102.9.243 - - [16/Jul/2021:06:31:14 +0200] "GET /images/med_prod/4012390389760.jpg HTTP/1.1" 200 113371 "-" "Mozilla/5.0 (Windows NT 5.1; rv:11.0) Gecko Firefox/11.0 (via ggpht.com GoogleImageProxy)"
207.46.13.65 - - [16/Jul/2021:06:31:46 +0200] "GET /images/big_prod/8422020065869B.jpg HTTP/1.1" 200 58667 "-" "Mozilla/5.0 (compatible; bingbot/2.0; +http://www.bing.com/bingbot.htm)"
207.46.13.125 - - [16/Jul/2021:06:32:00 +0200] "GET /js/jquery.js HTTP/1.1" 200 54075 "-" "Mozilla/5.0 (compatible; bingbot/2.0; +http://www.bing.com/bingbot.htm)"
207.46.13.51 - - [16/Jul/2021:06:38:51 +0200] "GET /images/med_prod/3608860165296.jpg HTTP/1.1" 200 103587 "-" "Mozilla/5.0 (compatible; bingbot/2.0; +http://www.bing.com/bingbot.htm)"
66.249.93.14 - - [16/Jul/2021:06:39:47 +0200] "GET /images/big_prod/3700344876626.jpg HTTP/1.1" 200 188847 "-" "Mozilla/5.0 (Windows NT 5.1; rv:11.0) Gecko Firefox/11.0 (via ggpht.com GoogleImageProxy)"
66.249.93.14 - - [16/Jul/2021:06:39:53 +0200] "GET /images/big_prod/3700344871959.jpg HTTP/1.1" 200 114348 "-" "Mozilla/5.0 (Windows NT 5.1; rv:11.0) Gecko Firefox/11.0 (via ggpht.com GoogleImageProxy)"
66.249.93.16 - - [16/Jul/2021:06:40:27 +0200] "GET /images/big_prod/3700344871690.jpg HTTP/1.1" 200 191673 "-" "Mozilla/5.0 (Windows NT 5.1; rv:11.0) Gecko Firefox/11.0 (via ggpht.com GoogleImageProxy)"
66.249.93.16 - - [16/Jul/2021:06:41:48 +0200] "GET /images/big_prod/3700344871744.jpg HTTP/1.1" 200 41244 "-" "Mozilla/5.0 (Windows NT 5.1; rv:11.0) Gecko Firefox/11.0 (via ggpht.com GoogleImageProxy)"
114.119.154.200 - - [16/Jul/2021:06:43:54 +0200] "GET /images/big_prod/8712159166965.jpg HTTP/1.1" 200 392789 "-" "Mozilla/5.0 (Linux; Android 7.0;) AppleWebKit/537.36 (KHTML, like Gecko) Mobile Safari/537.36 (compatible; PetalBot;+https://webmaster.petalsearch.com/site/petalbot)"
157.55.39.127 - - [16/Jul/2021:06:44:47 +0200] "GET /images/big_prod/3503420043048.jpg HTTP/1.1" 200 65999 "-" "Mozilla/5.0 (compatible; bingbot/2.0; +http://www.bing.com/bingbot.htm)"
66.249.72.166 - - [16/Jul/2021:06:45:53 +0200] "GET /images/big_prod_1/8904245400491.jpg HTTP/1.1" 200 99804 "-" "Googlebot-Image/1.0"
66.249.81.188 - - [16/Jul/2021:06:46:06 +0200] "GET /images/big_prod/8422012494714.jpg HTTP/1.1" 200 36124 "-" "Mozilla/5.0 (Windows NT 5.1; rv:11.0) Gecko Firefox/11.0 (via ggpht.com GoogleImageProxy)"
188.25.232.115 - - [16/Jul/2021:06:46:10 +0200] "GET /js/jquery.jqzoom.js HTTP/1.1" 200 4761 "http://www.wonder-geek.com/cooking-hourglass-minutes-black-sand-p-53718.html" "Mozilla/5.0 (Windows NT 10.0; Win64; x64) AppleWebKit/537.36 (KHTML, like Gecko) Chrome/91.0.4472.124 Safari/537.36"
188.25.232.115 - - [16/Jul/2021:06:46:10 +0200] "GET /highslide/highslide.js HTTP/1.1" 200 42909 "http://www.wonder-geek.com/cooking-hourglass-minutes-black-sand-p-53718.html" "Mozilla/5.0 (Windows NT 10.0; Win64; x64) AppleWebKit/537.36 (KHTML, like Gecko) Chrome/91.0.4472.124 Safari/537.36"
188.25.232.115 - - [16/Jul/2021:06:46:10 +0200] "GET /templates/Pixame_v1/stylesheet.css HTTP/1.1" 200 56057 "http://www.wonder-geek.com/cooking-hourglass-minutes-black-sand-p-53718.html" "Mozilla/5.0 (Windows NT 10.0; Win64; x64) AppleWebKit/537.36 (KHTML, like Gecko) Chrome/91.0.4472.124 Safari/537.36"
188.25.232.115 - - [16/Jul/2021:06:46:10 +0200] "GET /mondial_relay/js/jquery-1.3.2.min.js HTTP/1.1" 200 57254 "http://www.wonder-geek.com/cooking-hourglass-minutes-black-sand-p-53718.html" "Mozilla/5.0 (Windows NT 10.0; Win64; x64) AppleWebKit/537.36 (KHTML, like Gecko) Chrome/91.0.4472.124 Safari/537.36"
188.25.232.115 - - [16/Jul/2021:06:46:10 +0200] "GET /js/jquery.js HTTP/1.1" 200 54075 "http://www.wonder-geek.com/cooking-hourglass-minutes-black-sand-p-53718.html" "Mozilla/5.0 (Windows NT 10.0; Win64; x64) AppleWebKit/537.36 (KHTML, like Gecko) Chrome/91.0.4472.124 Safari/537.36"
188.25.232.115 - - [16/Jul/2021:06:46:10 +0200] "GET /templates/Pixame_v1/images/icon_accueil2.png HTTP/1.1" 200 1137 "http://www.wonder-geek.com/cooking-hourglass-minutes-black-sand-p-53718.html" "Mozilla/5.0 (Windows NT 10.0; Win64; x64) AppleWebKit/537.36 (KHTML, like Gecko) Chrome/91.0.4472.124 Safari/537.36"
188.25.232.115 - - [16/Jul/2021:06:46:10 +0200] "GET /templates/Pixame_v1/images/buttons/english/button_in_cart.gif HTTP/1.1" 200 1212 "http://www.wonder-geek.com/cooking-hourglass-minutes-black-sand-p-53718.html" "Mozilla/5.0 (Windows NT 10.0; Win64; x64) AppleWebKit/537.36 (KHTML, like Gecko) Chrome/91.0.4472.124 Safari/537.36"
188.25.232.115 - - [16/Jul/2021:06:46:10 +0200] "GET /images/big_prod/8422012494714.jpg HTTP/1.1" 200 36124 "http://www.wonder-geek.com/cooking-hourglass-minutes-black-sand-p-53718.html" "Mozilla/5.0 (Windows NT 10.0; Win64; x64) AppleWebKit/537.36 (KHTML, like Gecko) Chrome/91.0.4472.124 Safari/537.36"
188.25.232.115 - - [16/Jul/2021:06:46:10 +0200] "GET /templates/Pixame_v1/images/nav.png HTTP/1.1" 200 1283 "http://www.wonder-geek.com/templates/Pixame_v1/stylesheet.css" "Mozilla/5.0 (Windows NT 10.0; Win64; x64) AppleWebKit/537.36 (KHTML, like Gecko) Chrome/91.0.4472.124 Safari/537.36"
188.25.232.115 - - [16/Jul/2021:06:46:10 +0200] "GET /images/big_prod_1/8422012494714a.jpg HTTP/1.1" 200 50131 "http://www.wonder-geek.com/cooking-hourglass-minutes-black-sand-p-53718.html" "Mozilla/5.0 (Windows NT 10.0; Win64; x64) AppleWebKit/537.36 (KHTML, like Gecko) Chrome/91.0.4472.124 Safari/537.36"
188.25.232.115 - - [16/Jul/2021:06:46:10 +0200] "GET /templates/Pixame_v1/images/Bottom_texture.jpg HTTP/1.1" 200 56290 "http://www.wonder-geek.com/templates/Pixame_v1/stylesheet.css" "Mozilla/5.0 (Windows NT 10.0; Win64; x64) AppleWebKit/537.36 (KHTML, like Gecko) Chrome/91.0.4472.124 Safari/537.36"
188.25.232.115 - - [16/Jul/2021:06:46:10 +0200] "GET /templates/Pixame_v1/images/header.png HTTP/1.1" 200 70245 "http://www.wonder-geek.com/templates/Pixame_v1/stylesheet.css" "Mozilla/5.0 (Windows NT 10.0; Win64; x64) AppleWebKit/537.36 (KHTML, like Gecko) Chrome/91.0.4472.124 Safari/537.36"
188.25.232.115 - - [16/Jul/2021:06:46:10 +0200] "GET /design/productsenstock.png HTTP/1.1" 200 4743 "http://www.wonder-geek.com/templates/Pixame_v1/stylesheet.css" "Mozilla/5.0 (Windows NT 10.0; Win64; x64) AppleWebKit/537.36 (KHTML, like Gecko) Chrome/91.0.4472.124 Safari/537.36"
188.25.232.115 - - [16/Jul/2021:06:46:10 +0200] "GET /templates/Pixame_v1/images/header-object.png HTTP/1.1" 200 106050 "http://www.wonder-geek.com/templates/Pixame_v1/stylesheet.css" "Mozilla/5.0 (Windows NT 10.0; Win64; x64) AppleWebKit/537.36 (KHTML, like Gecko) Chrome/91.0.4472.124 Safari/537.36"
188.25.232.115 - - [16/Jul/2021:06:46:11 +0200] "GET /templates/Pixame_v1/images/Middle_texture.jpg HTTP/1.1" 200 249620 "http://www.wonder-geek.com/templates/Pixame_v1/stylesheet.css" "Mozilla/5.0 (Windows NT 10.0; Win64; x64) AppleWebKit/537.36 (KHTML, like Gecko) Chrome/91.0.4472.124 Safari/537.36"
188.25.232.115 - - [16/Jul/2021:06:46:11 +0200] "GET /highslide/graphics/outlines/drop-shadow.png HTTP/1.1" 200 2022 "http://www.wonder-geek.com/cooking-hourglass-minutes-black-sand-p-53718.html" "Mozilla/5.0 (Windows NT 10.0; Win64; x64) AppleWebKit/537.36 (KHTML, like Gecko) Chrome/91.0.4472.124 Safari/537.36"
188.25.232.115 - - [16/Jul/2021:06:46:11 +0200] "GET /favicon.ico HTTP/1.1" 200 1591 "http://www.wonder-geek.com/cooking-hourglass-minutes-black-sand-p-53718.html" "Mozilla/5.0 (Windows NT 10.0; Win64; x64) AppleWebKit/537.36 (KHTML, like Gecko) Chrome/91.0.4472.124 Safari/537.36"
40.77.167.77 - - [16/Jul/2021:06:51:29 +0200] "GET /images/med_prod/TEO625HERO.jpg HTTP/1.1" 200 122256 "-" "Mozilla/5.0 (compatible; bingbot/2.0; +http://www.bing.com/bingbot.htm)"
185.191.171.42 - - [16/Jul/2021:06:56:14 +0200] "GET /robots.txt HTTP/1.1" 200 2438 "-" "Mozilla/5.0 (compatible; SemrushBot/7~bl; +http://www.semrush.com/bot.html)"
66.249.72.170 - - [16/Jul/2021:07:04:58 +0200] "GET /images/mini_prod/8424001603091.jpg HTTP/1.1" 200 4102 "-" "Googlebot-Image/1.0"
207.46.13.65 - - [16/Jul/2021:07:16:30 +0200] "GET /images/big_prod/8422010189810.jpg HTTP/1.1" 200 72670 "-" "Mozilla/5.0 (compatible; bingbot/2.0; +http://www.bing.com/bingbot.htm)"
66.249.72.168 - - [16/Jul/2021:07:24:56 +0200] "GET /images/big_prod/5400924136208.jpg HTTP/1.1" 200 269570 "-" "Googlebot-Image/1.0"
114.119.132.105 - - [16/Jul/2021:07:25:17 +0200] "GET /images/big_prod/3609810063198.jpg HTTP/1.1" 200 109974 "-" "Mozilla/5.0 (Linux; Android 7.0;) AppleWebKit/537.36 (KHTML, like Gecko) Mobile Safari/537.36 (compatible; PetalBot;+https://webmaster.petalsearch.com/site/petalbot)"
66.249.72.168 - - [16/Jul/2021:07:26:10 +0200] "GET /images/big_prod_1/8422012915202B.jpg HTTP/1.1" 200 494413 "-" "Googlebot-Image/1.0"
66.249.82.116 - - [16/Jul/2021:07:27:51 +0200] "GET /images/big_prod_3/4542202657140c.jpg HTTP/1.1" 200 145120 "-" "Mozilla/5.0 (Windows NT 5.1; rv:11.0) Gecko Firefox/11.0 (via ggpht.com GoogleImageProxy)"
66.249.72.168 - - [16/Jul/2021:07:31:38 +0200] "GET /images/mini_prod/3453131128247.jpg HTTP/1.1" 200 6197 "-" "Googlebot-Image/1.0"
157.55.39.127 - - [16/Jul/2021:07:32:32 +0200] "GET /images/mini_prod/1384010187265.jpg HTTP/1.1" 200 8516 "-" "Mozilla/5.0 (compatible; bingbot/2.0; +http://www.bing.com/bingbot.htm)"
20.56.197.63 - - [16/Jul/2021:07:42:25 +0200] "GET /images/3563561711374.jpg HTTP/1.1" 200 28079 "-" "DuckDuckBot/1.1; (+http://duckduckgo.com/duckduckbot.html)"
40.77.167.36 - - [16/Jul/2021:07:44:19 +0200] "GET /images/big_prod/3565750308778.jpg HTTP/1.1" 200 132182 "-" "Mozilla/5.0 (compatible; bingbot/2.0; +http://www.bing.com/bingbot.htm)"
66.249.72.166 - - [16/Jul/2021:07:44:58 +0200] "GET /images/mini_prod/8424001603091.jpg HTTP/1.1" 200 4102 "-" "Googlebot-Image/1.0"
40.77.167.77 - - [16/Jul/2021:07:47:24 +0200] "GET /images/3384370185237.jpg HTTP/1.1" 200 23453 "-" "Mozilla/5.0 (compatible; bingbot/2.0; +http://www.bing.com/bingbot.htm)"
66.249.88.94 - - [16/Jul/2021:07:48:52 +0200] "GET /images/big_prod/4029811324033.jpg HTTP/1.1" 200 42185 "-" "Mozilla/5.0 (Windows NT 5.1; rv:11.0) Gecko Firefox/11.0 (via ggpht.com GoogleImageProxy)"
78.46.61.245 - - [16/Jul/2021:07:54:27 +0200] "GET /robots.txt HTTP/1.1" 200 2438 "-" "Mozilla/5.0 (compatible; MJ12bot/v1.4.8; http://mj12bot.com/)"
207.46.13.65 - - [16/Jul/2021:07:57:56 +0200] "GET /images/big_prod/3009090002212.jpg HTTP/1.1" 200 354255 "-" "Mozilla/5.0 (compatible; bingbot/2.0; +http://www.bing.com/bingbot.htm)"
185.191.171.4 - - [16/Jul/2021:08:00:08 +0200] "GET /robots.txt HTTP/1.1" 200 2438 "-" "Mozilla/5.0 (compatible; SemrushBot/7~bl; +http://www.semrush.com/bot.html)"
40.77.167.36 - - [16/Jul/2021:08:01:20 +0200] "GET /images/mini_prod/000039897677330.jpg HTTP/1.1" 200 5356 "-" "Mozilla/5.0 (compatible; bingbot/2.0; +http://www.bing.com/bingbot.htm)"
207.46.13.65 - - [16/Jul/2021:08:06:27 +0200] "GET /images/med_prod/720322240013.jpg HTTP/1.1" 200 87343 "-" "Mozilla/5.0 (compatible; bingbot/2.0; +http://www.bing.com/bingbot.htm)"
5.9.141.8 - - [16/Jul/2021:08:09:07 +0200] "GET /robots.txt HTTP/1.1" 200 2438 "-" "Mozilla/5.0 (compatible; MJ12bot/v1.4.8; http://mj12bot.com/)"
114.119.158.196 - - [16/Jul/2021:08:09:57 +0200] "GET /images/big_prod_1/3609810041707b.jpg HTTP/1.1" 200 86877 "-" "Mozilla/5.0 (Linux; Android 7.0;) AppleWebKit/537.36 (KHTML, like Gecko) Mobile Safari/537.36 (compatible; PetalBot;+https://webmaster.petalsearch.com/site/petalbot)"
157.55.39.127 - - [16/Jul/2021:08:11:35 +0200] "GET /images/mini_prod/3700281645835.jpg HTTP/1.1" 200 8017 "-" "Mozilla/5.0 (compatible; bingbot/2.0; +http://www.bing.com/bingbot.htm)"
40.77.167.68 - - [16/Jul/2021:08:16:49 +0200] "GET /images/TBOB51SHNOIRb.jpg HTTP/1.1" 200 23311 "-" "Mozilla/5.0 (compatible; bingbot/2.0; +http://www.bing.com/bingbot.htm)"
40.77.167.68 - - [16/Jul/2021:08:16:50 +0200] "GET /images/mini_prod/5414451398688.jpg HTTP/1.1" 200 2672 "-" "Mozilla/5.0 (compatible; bingbot/2.0; +http://www.bing.com/bingbot.htm)"
207.46.13.125 - - [16/Jul/2021:08:18:15 +0200] "GET /js/jquery.js HTTP/1.1" 200 54075 "-" "Mozilla/5.0 (compatible; bingbot/2.0; +http://www.bing.com/bingbot.htm)"
114.119.151.113 - - [16/Jul/2021:08:18:22 +0200] "GET /images/mini_prod/8422017740618.jpg HTTP/1.1" 200 3401 "-" "Mozilla/5.0 (Linux; Android 7.0;) AppleWebKit/537.36 (KHTML, like Gecko) Mobile Safari/537.36 (compatible; PetalBot;+https://webmaster.petalsearch.com/site/petalbot)"
207.46.13.65 - - [16/Jul/2021:08:20:49 +0200] "GET /images/big_prod_1/4029811441235B.jpg HTTP/1.1" 200 173937 "-" "Mozilla/5.0 (compatible; bingbot/2.0; +http://www.bing.com/bingbot.htm)"
66.249.72.166 - - [16/Jul/2021:08:21:30 +0200] "GET /images/big_prod_1/8424345610281B.jpg HTTP/1.1" 200 322368 "-" "Googlebot-Image/1.0"
66.249.72.166 - - [16/Jul/2021:08:24:41 +0200] "GET /images/big_prod_2/5018997626924B.jpg HTTP/1.1" 200 95647 "-" "Googlebot-Image/1.0"
66.249.72.166 - - [16/Jul/2021:08:24:57 +0200] "GET /images/mini_prod/4010070222550.jpg HTTP/1.1" 200 10896 "-" "Googlebot-Image/1.0"
207.46.13.125 - - [16/Jul/2021:08:25:53 +0200] "GET /images/1399984243862.jpg HTTP/1.1" 200 23103 "-" "Mozilla/5.0 (compatible; bingbot/2.0; +http://www.bing.com/bingbot.htm)"
66.249.72.168 - - [16/Jul/2021:08:29:31 +0200] "GET /highslide/highslide.js HTTP/1.1" 200 42909 "http://www.wonder-geek.com/wicker-picnic-basket-with-dishes-p-42062.html" "Mozilla/5.0 (Linux; Android 6.0.1; Nexus 5X Build/MMB29P) AppleWebKit/537.36 (KHTML, like Gecko) Chrome/91.0.4472.90 Mobile Safari/537.36 (compatible; Googlebot/2.1; +http://www.google.com/bot.html)"
114.119.154.200 - - [16/Jul/2021:08:29:37 +0200] "GET /images/mini_prod/3565750277562.jpg HTTP/1.1" 200 3086 "-" "Mozilla/5.0 (Linux; Android 7.0;) AppleWebKit/537.36 (KHTML, like Gecko) Mobile Safari/537.36 (compatible; PetalBot;+https://webmaster.petalsearch.com/site/petalbot)"
66.249.72.166 - - [16/Jul/2021:08:29:56 +0200] "GET /images/MISES-EN-SITUATION-STACH-20.jpg HTTP/1.1" 200 18841 "-" "Googlebot-Image/1.0"
49.180.107.12 - - [16/Jul/2021:08:30:15 +0200] "GET /templates/Pixame_v1/stylesheet.css HTTP/1.1" 200 56057 "http://www.wonder-geek.com/ceramic-salt-with-spoon-paludier-p-50631.html" "Mozilla/5.0 (Windows NT 10.0; Win64; x64) AppleWebKit/537.36 (KHTML, like Gecko) Chrome/91.0.4472.124 Safari/537.36 Edg/91.0.864.67"
49.180.107.12 - - [16/Jul/2021:08:30:15 +0200] "GET /highslide/highslide.js HTTP/1.1" 200 42909 "http://www.wonder-geek.com/ceramic-salt-with-spoon-paludier-p-50631.html" "Mozilla/5.0 (Windows NT 10.0; Win64; x64) AppleWebKit/537.36 (KHTML, like Gecko) Chrome/91.0.4472.124 Safari/537.36 Edg/91.0.864.67"
49.180.107.12 - - [16/Jul/2021:08:30:15 +0200] "GET /js/jquery.js HTTP/1.1" 200 54075 "http://www.wonder-geek.com/ceramic-salt-with-spoon-paludier-p-50631.html" "Mozilla/5.0 (Windows NT 10.0; Win64; x64) AppleWebKit/537.36 (KHTML, like Gecko) Chrome/91.0.4472.124 Safari/537.36 Edg/91.0.864.67"
49.180.107.12 - - [16/Jul/2021:08:30:15 +0200] "GET /js/jquery.jqzoom.js HTTP/1.1" 200 4761 "http://www.wonder-geek.com/ceramic-salt-with-spoon-paludier-p-50631.html" "Mozilla/5.0 (Windows NT 10.0; Win64; x64) AppleWebKit/537.36 (KHTML, like Gecko) Chrome/91.0.4472.124 Safari/537.36 Edg/91.0.864.67"
49.180.107.12 - - [16/Jul/2021:08:30:16 +0200] "GET /mondial_relay/js/jquery-1.3.2.min.js HTTP/1.1" 200 57254 "http://www.wonder-geek.com/ceramic-salt-with-spoon-paludier-p-50631.html" "Mozilla/5.0 (Windows NT 10.0; Win64; x64) AppleWebKit/537.36 (KHTML, like Gecko) Chrome/91.0.4472.124 Safari/537.36 Edg/91.0.864.67"
49.180.107.12 - - [16/Jul/2021:08:30:16 +0200] "GET /templates/Pixame_v1/images/icon_accueil2.png HTTP/1.1" 200 1137 "http://www.wonder-geek.com/ceramic-salt-with-spoon-paludier-p-50631.html" "Mozilla/5.0 (Windows NT 10.0; Win64; x64) AppleWebKit/537.36 (KHTML, like Gecko) Chrome/91.0.4472.124 Safari/537.36 Edg/91.0.864.67"
49.180.107.12 - - [16/Jul/2021:08:30:17 +0200] "GET /templates/Pixame_v1/images/buttons/english/button_in_cart.gif HTTP/1.1" 200 1212 "http://www.wonder-geek.com/ceramic-salt-with-spoon-paludier-p-50631.html" "Mozilla/5.0 (Windows NT 10.0; Win64; x64) AppleWebKit/537.36 (KHTML, like Gecko) Chrome/91.0.4472.124 Safari/537.36 Edg/91.0.864.67"
49.180.107.12 - - [16/Jul/2021:08:30:17 +0200] "GET /images/big_prod/3503420099427.jpg HTTP/1.1" 200 57572 "http://www.wonder-geek.com/ceramic-salt-with-spoon-paludier-p-50631.html" "Mozilla/5.0 (Windows NT 10.0; Win64; x64) AppleWebKit/537.36 (KHTML, like Gecko) Chrome/91.0.4472.124 Safari/537.36 Edg/91.0.864.67"
49.180.107.12 - - [16/Jul/2021:08:30:18 +0200] "GET /templates/Pixame_v1/images/Bottom_texture.jpg HTTP/1.1" 200 56290 "http://www.wonder-geek.com/templates/Pixame_v1/stylesheet.css" "Mozilla/5.0 (Windows NT 10.0; Win64; x64) AppleWebKit/537.36 (KHTML, like Gecko) Chrome/91.0.4472.124 Safari/537.36 Edg/91.0.864.67"
49.180.107.12 - - [16/Jul/2021:08:30:18 +0200] "GET /templates/Pixame_v1/images/header.png HTTP/1.1" 200 70245 "http://www.wonder-geek.com/templates/Pixame_v1/stylesheet.css" "Mozilla/5.0 (Windows NT 10.0; Win64; x64) AppleWebKit/537.36 (KHTML, like Gecko) Chrome/91.0.4472.124 Safari/537.36 Edg/91.0.864.67"
49.180.107.12 - - [16/Jul/2021:08:30:19 +0200] "GET /templates/Pixame_v1/images/nav.png HTTP/1.1" 200 1283 "http://www.wonder-geek.com/templates/Pixame_v1/stylesheet.css" "Mozilla/5.0 (Windows NT 10.0; Win64; x64) AppleWebKit/537.36 (KHTML, like Gecko) Chrome/91.0.4472.124 Safari/537.36 Edg/91.0.864.67"
49.180.107.12 - - [16/Jul/2021:08:30:19 +0200] "GET /design/productsenstock.png HTTP/1.1" 200 4743 "http://www.wonder-geek.com/templates/Pixame_v1/stylesheet.css" "Mozilla/5.0 (Windows NT 10.0; Win64; x64) AppleWebKit/537.36 (KHTML, like Gecko) Chrome/91.0.4472.124 Safari/537.36 Edg/91.0.864.67"
49.180.107.12 - - [16/Jul/2021:08:30:20 +0200] "GET /templates/Pixame_v1/images/header-object.png HTTP/1.1" 200 106050 "http://www.wonder-geek.com/templates/Pixame_v1/stylesheet.css" "Mozilla/5.0 (Windows NT 10.0; Win64; x64) AppleWebKit/537.36 (KHTML, like Gecko) Chrome/91.0.4472.124 Safari/537.36 Edg/91.0.864.67"
49.180.107.12 - - [16/Jul/2021:08:30:21 +0200] "GET /templates/Pixame_v1/images/Middle_texture.jpg HTTP/1.1" 200 249620 "http://www.wonder-geek.com/templates/Pixame_v1/stylesheet.css" "Mozilla/5.0 (Windows NT 10.0; Win64; x64) AppleWebKit/537.36 (KHTML, like Gecko) Chrome/91.0.4472.124 Safari/537.36 Edg/91.0.864.67"
49.180.107.12 - - [16/Jul/2021:08:30:21 +0200] "GET /highslide/graphics/outlines/drop-shadow.png HTTP/1.1" 200 2022 "http://www.wonder-geek.com/ceramic-salt-with-spoon-paludier-p-50631.html" "Mozilla/5.0 (Windows NT 10.0; Win64; x64) AppleWebKit/537.36 (KHTML, like Gecko) Chrome/91.0.4472.124 Safari/537.36 Edg/91.0.864.67"
49.180.107.12 - - [16/Jul/2021:08:30:22 +0200] "GET /favicon.ico HTTP/1.1" 200 1591 "http://www.wonder-geek.com/ceramic-salt-with-spoon-paludier-p-50631.html" "Mozilla/5.0 (Windows NT 10.0; Win64; x64) AppleWebKit/537.36 (KHTML, like Gecko) Chrome/91.0.4472.124 Safari/537.36 Edg/91.0.864.67"
207.46.13.51 - - [16/Jul/2021:08:33:32 +0200] "GET /images/4008789052636.jpg HTTP/1.1" 200 163996 "-" "Mozilla/5.0 (compatible; bingbot/2.0; +http://www.bing.com/bingbot.htm)"
66.249.72.168 - - [16/Jul/2021:08:38:22 +0200] "GET /js/jquery.js HTTP/1.1" 200 54075 "http://www.wonder-geek.com/embossed-shoulder-brought-love-p-32777.html" "Mozilla/5.0 (Linux; Android 6.0.1; Nexus 5X Build/MMB29P) AppleWebKit/537.36 (KHTML, like Gecko) Chrome/91.0.4472.90 Mobile Safari/537.36 (compatible; Googlebot/2.1; +http://www.google.com/bot.html)"
66.249.72.166 - - [16/Jul/2021:08:38:23 +0200] "GET /js/jquery.jqzoom.js HTTP/1.1" 200 4761 "http://www.wonder-geek.com/embossed-shoulder-brought-love-p-32777.html" "Mozilla/5.0 (Linux; Android 6.0.1; Nexus 5X Build/MMB29P) AppleWebKit/537.36 (KHTML, like Gecko) Chrome/91.0.4472.90 Mobile Safari/537.36 (compatible; Googlebot/2.1; +http://www.google.com/bot.html)"
66.249.72.168 - - [16/Jul/2021:08:38:23 +0200] "GET /mondial_relay/js/jquery-1.3.2.min.js HTTP/1.1" 200 57254 "http://www.wonder-geek.com/embossed-shoulder-brought-love-p-32777.html" "Mozilla/5.0 (Linux; Android 6.0.1; Nexus 5X Build/MMB29P) AppleWebKit/537.36 (KHTML, like Gecko) Chrome/91.0.4472.90 Mobile Safari/537.36 (compatible; Googlebot/2.1; +http://www.google.com/bot.html)"
66.249.72.166 - - [16/Jul/2021:08:38:24 +0200] "GET /highslide/highslide.js HTTP/1.1" 200 42909 "http://www.wonder-geek.com/embossed-shoulder-brought-love-p-32777.html" "Mozilla/5.0 (Linux; Android 6.0.1; Nexus 5X Build/MMB29P) AppleWebKit/537.36 (KHTML, like Gecko) Chrome/91.0.4472.90 Mobile Safari/537.36 (compatible; Googlebot/2.1; +http://www.google.com/bot.html)"
66.102.9.239 - - [16/Jul/2021:08:39:44 +0200] "GET /images/big_prod/1328399282357b.jpg HTTP/1.1" 200 82372 "-" "Mozilla/5.0 (Windows NT 5.1; rv:11.0) Gecko Firefox/11.0 (via ggpht.com GoogleImageProxy)"
114.119.132.105 - - [16/Jul/2021:08:43:31 +0200] "GET /images/big_prod/8422057160025.jpg HTTP/1.1" 200 177185 "-" "Mozilla/5.0 (Linux; Android 7.0;) AppleWebKit/537.36 (KHTML, like Gecko) Mobile Safari/537.36 (compatible; PetalBot;+https://webmaster.petalsearch.com/site/petalbot)"
157.55.39.124 - - [16/Jul/2021:08:45:23 +0200] "GET /images/big_prod/8433220156653.jpg HTTP/1.1" 200 120923 "-" "Mozilla/5.0 (compatible; bingbot/2.0; +http://www.bing.com/bingbot.htm)"
66.249.72.170 - - [16/Jul/2021:08:45:51 +0200] "GET /images/big_prod_1/8422105960003.jpg HTTP/1.1" 200 116792 "-" "Googlebot-Image/1.0"
207.46.13.125 - - [16/Jul/2021:08:48:36 +0200] "GET /images/med_prod/5055071696022.jpg HTTP/1.1" 200 74265 "-" "Mozilla/5.0 (compatible; bingbot/2.0; +http://www.bing.com/bingbot.htm)"
207.46.13.125 - - [16/Jul/2021:08:49:44 +0200] "GET /js/jquery.js HTTP/1.1" 200 54075 "-" "Mozilla/5.0 (compatible; bingbot/2.0; +http://www.bing.com/bingbot.htm)"
66.249.72.166 - - [16/Jul/2021:09:00:41 +0200] "GET /highslide/highslide.js HTTP/1.1" 200 42909 "http://www.wonder-geek.com/winx-picnic-p-17167.html" "Mozilla/5.0 (Linux; Android 6.0.1; Nexus 5X Build/MMB29P) AppleWebKit/537.36 (KHTML, like Gecko) Chrome/91.0.4472.90 Mobile Safari/537.36 (compatible; Googlebot/2.1; +http://www.google.com/bot.html)"
66.249.72.166 - - [16/Jul/2021:09:00:57 +0200] "GET /images/big_prod_1/5400924128043B.jpg HTTP/1.1" 200 471314 "-" "Googlebot-Image/1.0"
185.191.171.4 - - [16/Jul/2021:09:00:58 +0200] "GET /robots.txt HTTP/1.1" 200 2438 "-" "Mozilla/5.0 (compatible; SemrushBot/7~bl; +http://www.semrush.com/bot.html)"
35.243.248.148 - - [16/Jul/2021:09:01:27 +0200] "GET /robots.txt HTTP/1.0" 200 2438 "-" "ZoominfoBot (zoominfobot at zoominfo dot com)"
66.249.72.170 - - [16/Jul/2021:09:04:03 +0200] "GET /highslide/highslide.js HTTP/1.1" 200 42909 "http://www.wonder-geek.com/avengers-lunchbox-p-37539.html" "Mozilla/5.0 (Linux; Android 6.0.1; Nexus 5X Build/MMB29P) AppleWebKit/537.36 (KHTML, like Gecko) Chrome/91.0.4472.90 Mobile Safari/537.36 (compatible; Googlebot/2.1; +http://www.google.com/bot.html)"
64.62.252.174 - - [16/Jul/2021:09:06:34 +0200] "GET /robots.txt HTTP/1.1" 200 2438 "-" "The Knowledge AI"
114.119.154.200 - - [16/Jul/2021:09:14:10 +0200] "GET /images/big_prod/8424345302186.jpg HTTP/1.1" 200 79803 "-" "Mozilla/5.0 (Linux; Android 7.0;) AppleWebKit/537.36 (KHTML, like Gecko) Mobile Safari/537.36 (compatible; PetalBot;+https://webmaster.petalsearch.com/site/petalbot)"
207.46.13.125 - - [16/Jul/2021:09:20:19 +0200] "GET /images/big_prod/1028160011918.jpg HTTP/1.1" 200 86526 "-" "Mozilla/5.0 (compatible; bingbot/2.0; +http://www.bing.com/bingbot.htm)"
66.102.8.154 - - [16/Jul/2021:09:21:21 +0200] "GET /images/big_prod_2/3612875114491b.jpg HTTP/1.1" 200 56388 "-" "Mozilla/5.0 (Windows NT 5.1; rv:11.0) Gecko Firefox/11.0 (via ggpht.com GoogleImageProxy)"
66.102.8.154 - - [16/Jul/2021:09:21:21 +0200] "GET /images/big_prod_2/3612875114491b.jpg HTTP/1.1" 200 56388 "-" "Mozilla/5.0 (Windows NT 5.1; rv:11.0) Gecko Firefox/11.0 (via ggpht.com GoogleImageProxy)"
207.46.13.125 - - [16/Jul/2021:09:22:07 +0200] "GET /js/jquery.js HTTP/1.1" 200 54075 "-" "Mozilla/5.0 (compatible; bingbot/2.0; +http://www.bing.com/bingbot.htm)"
40.77.167.56 - - [16/Jul/2021:09:25:33 +0200] "GET /robots.txt HTTP/1.1" 200 2438 "-" "Mozilla/5.0 (compatible; bingbot/2.0; +http://www.bing.com/bingbot.htm)"
157.55.39.145 - - [16/Jul/2021:09:25:49 +0200] "GET /images/mini_prod/0039897677330dh.jpg HTTP/1.1" 200 5899 "-" "Mozilla/5.0 (compatible; bingbot/2.0; +http://www.bing.com/bingbot.htm)"
157.55.39.145 - - [16/Jul/2021:09:25:50 +0200] "GET /images/big_prod_2/8424001774395D.jpg HTTP/1.1" 200 364983 "-" "Mozilla/5.0 (compatible; bingbot/2.0; +http://www.bing.com/bingbot.htm)"
207.46.13.125 - - [16/Jul/2021:09:34:59 +0200] "GET /images/mini_prod/00000000000000000000000000fee.jpg HTTP/1.1" 200 4344 "-" "Mozilla/5.0 (compatible; bingbot/2.0; +http://www.bing.com/bingbot.htm)"
111.225.149.21 - - [16/Jul/2021:09:35:52 +0200] "GET /js/jquery.masonry.min.js HTTP/1.1" 200 5392 "http://www.wonder-geek.com/esotericism-lithotherapy-c-174.html" "Mozilla/5.0 (compatible; Bytespider; https://zhanzhang.toutiao.com/) AppleWebKit/537.36 (KHTML, like Gecko) Chrome/70.0.0.0 Safari/537.36"
111.225.149.19 - - [16/Jul/2021:09:35:52 +0200] "GET /js/modernizr-transitions.js HTTP/1.1" 200 2026 "http://www.wonder-geek.com/esotericism-lithotherapy-c-174.html" "Mozilla/5.0 (compatible; Bytespider; https://zhanzhang.toutiao.com/) AppleWebKit/537.36 (KHTML, like Gecko) Chrome/70.0.0.0 Safari/537.36"
207.46.13.51 - - [16/Jul/2021:09:44:40 +0200] "GET /images/big_prod/8422032145696.jpg HTTP/1.1" 200 460747 "-" "Mozilla/5.0 (compatible; bingbot/2.0; +http://www.bing.com/bingbot.htm)"
114.119.154.200 - - [16/Jul/2021:09:45:14 +0200] "GET /images/big_prod/8718375750124.jpg HTTP/1.1" 200 50813 "-" "Mozilla/5.0 (Linux; Android 7.0;) AppleWebKit/537.36 (KHTML, like Gecko) Mobile Safari/537.36 (compatible; PetalBot;+https://webmaster.petalsearch.com/site/petalbot)"
