207.46.13.179 - - [18/Jul/2021:06:48:59 +0200] "GET /images/teeshirtcapuchepokemon.jpg HTTP/1.1" 200 29765 "-" "Mozilla/5.0 (compatible; bingbot/2.0; +http://www.bing.com/bingbot.htm)"
157.55.39.178 - - [18/Jul/2021:06:53:44 +0200] "GET /js/jquery.js HTTP/1.1" 200 54075 "-" "Mozilla/5.0 (compatible; bingbot/2.0; +http://www.bing.com/bingbot.htm)"
157.55.39.178 - - [18/Jul/2021:06:53:44 +0200] "GET /js/jquery.js HTTP/1.1" 200 54075 "-" "Mozilla/5.0 (compatible; bingbot/2.0; +http://www.bing.com/bingbot.htm)"
157.55.39.178 - - [18/Jul/2021:06:53:46 +0200] "GET /js/jquery.js HTTP/1.1" 200 54075 "-" "Mozilla/5.0 (compatible; bingbot/2.0; +http://www.bing.com/bingbot.htm)"
157.55.39.167 - - [18/Jul/2021:06:56:57 +0200] "GET /images/3272760387487.jpg HTTP/1.1" 200 29421 "-" "Mozilla/5.0 (compatible; bingbot/2.0; +http://www.bing.com/bingbot.htm)"
207.46.13.179 - - [18/Jul/2021:07:00:31 +0200] "GET /images/big_prod_1/1328399219261a.jpg HTTP/1.1" 200 112658 "-" "Mozilla/5.0 (compatible; bingbot/2.0; +http://www.bing.com/bingbot.htm)"
207.46.13.174 - - [18/Jul/2021:07:01:01 +0200] "GET /images/a3700653500113.jpg HTTP/1.1" 200 87985 "-" "Mozilla/5.0 (compatible; bingbot/2.0; +http://www.bing.com/bingbot.htm)"
207.46.13.182 - - [18/Jul/2021:07:02:26 +0200] "GET /images/big_prod_1/3700281648355a.jpg HTTP/1.1" 200 373491 "-" "Mozilla/5.0 (compatible; bingbot/2.0; +http://www.bing.com/bingbot.htm)"
207.46.13.174 - - [18/Jul/2021:07:05:24 +0200] "GET /images/big_prod/1384010178843.jpg HTTP/1.1" 200 113823 "-" "Mozilla/5.0 (compatible; bingbot/2.0; +http://www.bing.com/bingbot.htm)"
66.249.66.218 - - [18/Jul/2021:07:12:20 +0200] "GET /images/big_prod/1399986102044.jpg HTTP/1.1" 200 89813 "-" "Googlebot-Image/1.0"
13.66.139.1 - - [18/Jul/2021:07:13:55 +0200] "GET /robots.txt HTTP/1.1" 200 2438 "-" "Mozilla/5.0 (compatible; bingbot/2.0; +http://www.bing.com/bingbot.htm)"
157.55.39.178 - - [18/Jul/2021:07:13:59 +0200] "GET /images/big_prod_2/5018997618455b.jpg HTTP/1.1" 200 138933 "-" "Mozilla/5.0 (compatible; bingbot/2.0; +http://www.bing.com/bingbot.htm)"
207.46.13.182 - - [18/Jul/2021:07:15:28 +0200] "GET /images/med_prod/3700653593474.jpg HTTP/1.1" 200 86291 "-" "Mozilla/5.0 (compatible; bingbot/2.0; +http://www.bing.com/bingbot.htm)"
207.46.13.174 - - [18/Jul/2021:07:15:33 +0200] "GET /images/8849233801235.jpg HTTP/1.1" 200 38719 "-" "Mozilla/5.0 (compatible; bingbot/2.0; +http://www.bing.com/bingbot.htm)"
5.255.231.21 - - [18/Jul/2021:07:19:29 +0200] "GET /images/4007176534441.jpg HTTP/1.1" 304 0 "-" "Mozilla/5.0 (compatible; YandexImages/3.0; +http://yandex.com/bots)"
157.55.39.178 - - [18/Jul/2021:07:20:39 +0200] "GET /js/jquery.js HTTP/1.1" 200 54075 "-" "Mozilla/5.0 (compatible; bingbot/2.0; +http://www.bing.com/bingbot.htm)"
157.55.39.178 - - [18/Jul/2021:07:20:40 +0200] "GET /js/jquery.js HTTP/1.1" 200 54075 "-" "Mozilla/5.0 (compatible; bingbot/2.0; +http://www.bing.com/bingbot.htm)"
207.46.13.179 - - [18/Jul/2021:07:23:18 +0200] "GET /images/mini_prod/3503420048289.jpg HTTP/1.1" 200 4847 "-" "Mozilla/5.0 (compatible; bingbot/2.0; +http://www.bing.com/bingbot.htm)"
157.55.39.166 - - [18/Jul/2021:07:24:10 +0200] "GET /images/3609810023314.jpg HTTP/1.1" 200 65985 "-" "Mozilla/5.0 (compatible; bingbot/2.0; +http://www.bing.com/bingbot.htm)"
207.46.13.174 - - [18/Jul/2021:07:24:31 +0200] "GET /images/big_prod/8422014991129D.jpg HTTP/1.1" 200 290951 "-" "Mozilla/5.0 (compatible; bingbot/2.0; +http://www.bing.com/bingbot.htm)"
40.77.167.15 - - [18/Jul/2021:07:32:52 +0200] "GET /images/6942138999990.jpg HTTP/1.1" 200 39238 "-" "Mozilla/5.0 (compatible; bingbot/2.0; +http://www.bing.com/bingbot.htm)"
185.191.171.3 - - [18/Jul/2021:07:34:58 +0200] "GET /robots.txt HTTP/1.1" 200 2438 "-" "Mozilla/5.0 (compatible; SemrushBot/7~bl; +http://www.semrush.com/bot.html)"
157.55.39.178 - - [18/Jul/2021:07:35:41 +0200] "GET /images/mini_prod/3014627939695.jpg HTTP/1.1" 200 5960 "-" "Mozilla/5.0 (compatible; bingbot/2.0; +http://www.bing.com/bingbot.htm)"
66.249.66.218 - - [18/Jul/2021:07:35:45 +0200] "GET /js/modernizr-transitions.js HTTP/1.1" 200 2026 "http://www.wonder-geek.com/array-m-166.html" "Mozilla/5.0 (Linux; Android 6.0.1; Nexus 5X Build/MMB29P) AppleWebKit/537.36 (KHTML, like Gecko) Chrome/91.0.4472.90 Mobile Safari/537.36 (compatible; Googlebot/2.1; +http://www.google.com/bot.html)"
157.55.39.167 - - [18/Jul/2021:07:36:49 +0200] "GET /images/big_prod/3418178540148.jpg HTTP/1.1" 200 115384 "-" "Mozilla/5.0 (compatible; bingbot/2.0; +http://www.bing.com/bingbot.htm)"
66.249.66.216 - - [18/Jul/2021:07:39:19 +0200] "GET /images/big_prod_1/5410574484604B.jpg HTTP/1.1" 200 146219 "-" "Googlebot-Image/1.0"
40.77.167.15 - - [18/Jul/2021:07:41:23 +0200] "GET /images/big_prod/1384010203934.jpg HTTP/1.1" 200 98719 "-" "Mozilla/5.0 (compatible; bingbot/2.0; +http://www.bing.com/bingbot.htm)"
66.249.66.218 - - [18/Jul/2021:07:46:49 +0200] "GET /images/big_prod_2/3700572750941D.jpg HTTP/1.1" 200 385390 "-" "Googlebot-Image/1.0"
157.55.39.178 - - [18/Jul/2021:07:48:01 +0200] "GET /js/jquery.js HTTP/1.1" 200 54075 "-" "Mozilla/5.0 (compatible; bingbot/2.0; +http://www.bing.com/bingbot.htm)"
157.55.39.166 - - [18/Jul/2021:07:50:40 +0200] "GET /mondial_relay/js/jquery-1.3.2.min.js HTTP/1.1" 200 57254 "-" "Mozilla/5.0 (compatible; bingbot/2.0; +http://www.bing.com/bingbot.htm)"
157.55.39.166 - - [18/Jul/2021:07:50:43 +0200] "GET /mondial_relay/js/jquery-1.3.2.min.js HTTP/1.1" 200 57254 "-" "Mozilla/5.0 (compatible; bingbot/2.0; +http://www.bing.com/bingbot.htm)"
157.55.39.167 - - [18/Jul/2021:07:53:12 +0200] "GET /images/big_prod_1/8422057789295B.jpg HTTP/1.1" 200 398109 "-" "Mozilla/5.0 (compatible; bingbot/2.0; +http://www.bing.com/bingbot.htm)"
66.249.66.218 - - [18/Jul/2021:07:54:19 +0200] "GET /images/mini_prod/102_4621.gif HTTP/1.1" 200 5410 "-" "Googlebot-Image/1.0"
157.55.39.180 - - [18/Jul/2021:07:55:46 +0200] "GET /images/med_prod/4036113830728.jpg HTTP/1.1" 200 168354 "-" "Mozilla/5.0 (compatible; bingbot/2.0; +http://www.bing.com/bingbot.htm)"
66.249.81.188 - - [18/Jul/2021:07:57:58 +0200] "GET /images/big_prod_1/4045233026287B.jpg HTTP/1.1" 200 106417 "-" "Mozilla/5.0 (Windows NT 5.1; rv:11.0) Gecko Firefox/11.0 (via ggpht.com GoogleImageProxy)"
207.46.13.174 - - [18/Jul/2021:07:58:07 +0200] "GET /images/MR907B.jpg HTTP/1.1" 200 25554 "-" "Mozilla/5.0 (compatible; bingbot/2.0; +http://www.bing.com/bingbot.htm)"
207.46.13.182 - - [18/Jul/2021:08:01:19 +0200] "GET /images/big_prod/8422033178754.jpg HTTP/1.1" 200 93734 "-" "Mozilla/5.0 (compatible; bingbot/2.0; +http://www.bing.com/bingbot.htm)"
103.131.71.67 - - [18/Jul/2021:08:01:32 +0200] "GET /robots.txt HTTP/1.1" 200 2438 "-" "Mozilla/5.0 (compatible; coccocbot-web/1.0; +http://help.coccoc.com/searchengine)"
66.249.66.216 - - [18/Jul/2021:08:01:49 +0200] "GET /images/big_prod/8433933819333.jpg HTTP/1.1" 200 90469 "-" "Googlebot-Image/1.0"
207.46.13.182 - - [18/Jul/2021:08:03:32 +0200] "GET /images/med_prod/3609810007895.jpg HTTP/1.1" 200 189712 "-" "Mozilla/5.0 (compatible; bingbot/2.0; +http://www.bing.com/bingbot.htm)"
157.55.39.70 - - [18/Jul/2021:08:13:09 +0200] "GET /images/mini_prod/00scot.jpg HTTP/1.1" 200 5896 "-" "Mozilla/5.0 (compatible; bingbot/2.0; +http://www.bing.com/bingbot.htm)"
157.55.39.178 - - [18/Jul/2021:08:13:46 +0200] "GET /images/big_prod/3665269065916d.jpg HTTP/1.1" 200 73571 "-" "Mozilla/5.0 (compatible; bingbot/2.0; +http://www.bing.com/bingbot.htm)"
157.55.39.178 - - [18/Jul/2021:08:16:15 +0200] "GET /images/big_prod/8422001017658.jpg HTTP/1.1" 200 59119 "-" "Mozilla/5.0 (compatible; bingbot/2.0; +http://www.bing.com/bingbot.htm)"
157.55.39.166 - - [18/Jul/2021:08:16:36 +0200] "GET /images/DSCN0652vert.jpg HTTP/1.1" 200 37053 "-" "Mozilla/5.0 (compatible; bingbot/2.0; +http://www.bing.com/bingbot.htm)"
66.249.66.218 - - [18/Jul/2021:08:16:49 +0200] "GET /images/big_prod_3/3701206604036D.jpg HTTP/1.1" 200 167837 "-" "Googlebot-Image/1.0"
207.46.13.182 - - [18/Jul/2021:08:20:39 +0200] "GET /images/big_prod/9316188078221.jpg HTTP/1.1" 200 95363 "-" "Mozilla/5.0 (compatible; bingbot/2.0; +http://www.bing.com/bingbot.htm)"
66.249.88.67 - - [18/Jul/2021:08:22:32 +0200] "GET /images/big_prod/3453131126830.jpg HTTP/1.1" 200 95184 "-" "Mozilla/5.0 (Windows NT 5.1; rv:11.0) Gecko Firefox/11.0 (via ggpht.com GoogleImageProxy)"
66.249.66.220 - - [18/Jul/2021:08:24:19 +0200] "GET /images/big_prod_1/8717202557509.jpg HTTP/1.1" 200 92450 "-" "Googlebot-Image/1.0"
157.55.39.178 - - [18/Jul/2021:08:25:07 +0200] "GET /images/big_prod/6942138919578.jpg HTTP/1.1" 200 156121 "-" "Mozilla/5.0 (compatible; bingbot/2.0; +http://www.bing.com/bingbot.htm)"
66.249.66.216 - - [18/Jul/2021:08:29:45 +0200] "GET /images/big_prod/8717202556908.jpg HTTP/1.1" 200 60690 "-" "Googlebot-Image/1.0"
207.46.13.179 - - [18/Jul/2021:08:33:20 +0200] "GET /images/POLAROID_COUSSIN-45-07.jpg HTTP/1.1" 200 31611 "-" "Mozilla/5.0 (compatible; bingbot/2.0; +http://www.bing.com/bingbot.htm)"
185.191.171.41 - - [18/Jul/2021:08:35:02 +0200] "GET /robots.txt HTTP/1.1" 200 2438 "-" "Mozilla/5.0 (compatible; SemrushBot/7~bl; +http://www.semrush.com/bot.html)"
66.249.66.218 - - [18/Jul/2021:08:39:19 +0200] "GET /images/mini_prod/1399984252611.jpg HTTP/1.1" 200 9847 "-" "Googlebot-Image/1.0"
40.77.167.15 - - [18/Jul/2021:08:43:19 +0200] "GET /images/mini_prod/3442440232028.jpg HTTP/1.1" 200 6278 "-" "Mozilla/5.0 (compatible; bingbot/2.0; +http://www.bing.com/bingbot.htm)"
157.55.39.166 - - [18/Jul/2021:08:45:40 +0200] "GET /images/big_prod_1/3700281644500a.jpg HTTP/1.1" 200 294516 "-" "Mozilla/5.0 (compatible; bingbot/2.0; +http://www.bing.com/bingbot.htm)"
207.46.13.179 - - [18/Jul/2021:08:51:13 +0200] "GET /images/big_prod/5051276247847.jpg HTTP/1.1" 200 45193 "-" "Mozilla/5.0 (compatible; bingbot/2.0; +http://www.bing.com/bingbot.htm)"
207.46.13.182 - - [18/Jul/2021:08:52:13 +0200] "GET /images/big_prod/8433931633115.jpg HTTP/1.1" 200 115941 "-" "Mozilla/5.0 (compatible; bingbot/2.0; +http://www.bing.com/bingbot.htm)"
40.77.167.15 - - [18/Jul/2021:08:54:11 +0200] "GET /images/mini_prod/3608860260335.jpg HTTP/1.1" 200 7022 "-" "Mozilla/5.0 (compatible; bingbot/2.0; +http://www.bing.com/bingbot.htm)"
66.249.66.216 - - [18/Jul/2021:08:54:19 +0200] "GET /images/mini_prod/4029811317363.jpg HTTP/1.1" 200 8712 "-" "Googlebot-Image/1.0"
207.46.13.174 - - [18/Jul/2021:08:54:54 +0200] "GET /images/mini_prod/3453131152686.jpg HTTP/1.1" 200 10290 "-" "Mozilla/5.0 (compatible; bingbot/2.0; +http://www.bing.com/bingbot.htm)"
157.55.39.180 - - [18/Jul/2021:08:55:33 +0200] "GET /images/big_prod/8720088291078.jpg HTTP/1.1" 200 61168 "-" "Mozilla/5.0 (compatible; bingbot/2.0; +http://www.bing.com/bingbot.htm)"
207.46.13.174 - - [18/Jul/2021:08:57:53 +0200] "GET /images/mini_prod/1384212423314.jpg HTTP/1.1" 200 4922 "-" "Mozilla/5.0 (compatible; bingbot/2.0; +http://www.bing.com/bingbot.htm)"
54.236.1.11 - - [18/Jul/2021:08:58:53 +0200] "GET /robots.txt HTTP/1.1" 200 2438 "-" "Mozilla/5.0 (compatible; Pinterestbot/1.0; +http://www.pinterest.com/bot.html)"
157.55.39.166 - - [18/Jul/2021:09:00:20 +0200] "GET /images/1399984235232.jpg HTTP/1.1" 200 40665 "-" "Mozilla/5.0 (compatible; bingbot/2.0; +http://www.bing.com/bingbot.htm)"
207.46.13.182 - - [18/Jul/2021:09:00:58 +0200] "GET /images/1660501bis.jpg HTTP/1.1" 200 129204 "-" "Mozilla/5.0 (compatible; bingbot/2.0; +http://www.bing.com/bingbot.htm)"
157.55.39.166 - - [18/Jul/2021:09:05:53 +0200] "GET /images/big_prod_4/a5018997632260.jpg HTTP/1.1" 200 349974 "-" "Mozilla/5.0 (compatible; bingbot/2.0; +http://www.bing.com/bingbot.htm)"
157.55.39.166 - - [18/Jul/2021:09:07:40 +0200] "GET /images/1300010240380.jpg HTTP/1.1" 200 188563 "-" "Mozilla/5.0 (compatible; bingbot/2.0; +http://www.bing.com/bingbot.htm)"
157.55.39.180 - - [18/Jul/2021:09:08:21 +0200] "GET /images/mini_prod/4036113221465.jpg HTTP/1.1" 200 6895 "-" "Mozilla/5.0 (compatible; bingbot/2.0; +http://www.bing.com/bingbot.htm)"
157.55.39.178 - - [18/Jul/2021:09:09:10 +0200] "GET /images/med_prod/1341689437312.jpg HTTP/1.1" 200 94062 "-" "Mozilla/5.0 (compatible; bingbot/2.0; +http://www.bing.com/bingbot.htm)"
66.249.66.220 - - [18/Jul/2021:09:09:19 +0200] "GET /images/mini_prod/8424001471744.jpg HTTP/1.1" 200 5807 "-" "Googlebot-Image/1.0"
157.55.39.70 - - [18/Jul/2021:09:11:46 +0200] "GET /images/8435333809884.jpg HTTP/1.1" 200 114178 "-" "Mozilla/5.0 (compatible; bingbot/2.0; +http://www.bing.com/bingbot.htm)"
157.55.39.180 - - [18/Jul/2021:09:12:40 +0200] "GET /images/mini_prod/8422010195217.jpg HTTP/1.1" 200 7480 "-" "Mozilla/5.0 (compatible; bingbot/2.0; +http://www.bing.com/bingbot.htm)"
157.55.39.178 - - [18/Jul/2021:09:13:49 +0200] "GET /js/jquery.js HTTP/1.1" 200 54075 "-" "Mozilla/5.0 (compatible; bingbot/2.0; +http://www.bing.com/bingbot.htm)"
157.55.39.178 - - [18/Jul/2021:09:13:50 +0200] "GET /js/jquery.js HTTP/1.1" 200 54075 "-" "Mozilla/5.0 (compatible; bingbot/2.0; +http://www.bing.com/bingbot.htm)"
207.46.13.174 - - [18/Jul/2021:09:14:07 +0200] "GET /images/big_prod/8719172831023.jpg HTTP/1.1" 200 51638 "-" "Mozilla/5.0 (compatible; bingbot/2.0; +http://www.bing.com/bingbot.htm)"
40.77.167.15 - - [18/Jul/2021:09:14:32 +0200] "GET /images/mini_prod/3760049592467.jpg HTTP/1.1" 200 6359 "-" "Mozilla/5.0 (compatible; bingbot/2.0; +http://www.bing.com/bingbot.htm)"
157.55.39.166 - - [18/Jul/2021:09:15:41 +0200] "GET /images/big_prod/1384010200582.jpg HTTP/1.1" 200 81736 "-" "Mozilla/5.0 (compatible; bingbot/2.0; +http://www.bing.com/bingbot.htm)"
157.55.39.167 - - [18/Jul/2021:09:16:59 +0200] "GET /images/big_prod/1962360000009.jpg HTTP/1.1" 200 144040 "-" "Mozilla/5.0 (compatible; bingbot/2.0; +http://www.bing.com/bingbot.htm)"
66.249.66.218 - - [18/Jul/2021:09:18:21 +0200] "GET /highslide/highslide.js HTTP/1.1" 200 42909 "http://www.wonder-geek.com/maxi-moroccan-ashtray-cendrier-p-51872.html" "Mozilla/5.0 (Linux; Android 6.0.1; Nexus 5X Build/MMB29P) AppleWebKit/537.36 (KHTML, like Gecko) Chrome/91.0.4472.90 Mobile Safari/537.36 (compatible; Googlebot/2.1; +http://www.google.com/bot.html)"
157.55.39.180 - - [18/Jul/2021:09:19:12 +0200] "GET /images/mini_prod/8718317653162.jpg HTTP/1.1" 200 10146 "-" "Mozilla/5.0 (compatible; bingbot/2.0; +http://www.bing.com/bingbot.htm)"
207.46.13.182 - - [18/Jul/2021:09:19:34 +0200] "GET /images/newyork.jpg HTTP/1.1" 200 136892 "-" "Mozilla/5.0 (compatible; bingbot/2.0; +http://www.bing.com/bingbot.htm)"
40.77.167.15 - - [18/Jul/2021:09:19:56 +0200] "GET /images/med_prod/3700276295700.jpg HTTP/1.1" 200 92021 "-" "Mozilla/5.0 (compatible; bingbot/2.0; +http://www.bing.com/bingbot.htm)"
144.76.4.41 - - [18/Jul/2021:09:25:17 +0200] "GET /robots.txt HTTP/1.1" 200 2438 "-" "Mozilla/5.0 (compatible; MJ12bot/v1.4.8; http://mj12bot.com/)"
157.55.39.167 - - [18/Jul/2021:09:32:08 +0200] "GET /images/big_prod/3014627962372.jpg HTTP/1.1" 200 45399 "-" "Mozilla/5.0 (compatible; bingbot/2.0; +http://www.bing.com/bingbot.htm)"
207.46.13.182 - - [18/Jul/2021:09:35:01 +0200] "GET /images/big_prod/3700516211026.jpg HTTP/1.1" 200 50833 "-" "Mozilla/5.0 (compatible; bingbot/2.0; +http://www.bing.com/bingbot.htm)"
207.46.13.182 - - [18/Jul/2021:09:35:11 +0200] "GET /images/DSCN4044.jpg HTTP/1.1" 200 24798 "-" "Mozilla/5.0 (compatible; bingbot/2.0; +http://www.bing.com/bingbot.htm)"
185.191.171.12 - - [18/Jul/2021:09:35:14 +0200] "GET /robots.txt HTTP/1.1" 200 2438 "-" "Mozilla/5.0 (compatible; SemrushBot/7~bl; +http://www.semrush.com/bot.html)"
207.46.13.182 - - [18/Jul/2021:09:37:36 +0200] "GET /images/big_prod/1820006000007.jpg HTTP/1.1" 200 123124 "-" "Mozilla/5.0 (compatible; bingbot/2.0; +http://www.bing.com/bingbot.htm)"
207.46.13.174 - - [18/Jul/2021:09:39:59 +0200] "GET /images/big_prod_1/Capture.JPG HTTP/1.1" 200 62522 "-" "Mozilla/5.0 (compatible; bingbot/2.0; +http://www.bing.com/bingbot.htm)"
157.55.39.178 - - [18/Jul/2021:09:49:25 +0200] "GET /images/med_prod/4036113830186.jpg HTTP/1.1" 200 189024 "-" "Mozilla/5.0 (compatible; bingbot/2.0; +http://www.bing.com/bingbot.htm)"
157.55.39.180 - - [18/Jul/2021:09:49:36 +0200] "GET /images/big_prod_1/1348422000567b.jpg HTTP/1.1" 200 91958 "-" "Mozilla/5.0 (compatible; bingbot/2.0; +http://www.bing.com/bingbot.htm)"
157.55.39.180 - - [18/Jul/2021:09:49:36 +0200] "GET /images/mini_prod/B11115jaune.jpg HTTP/1.1" 200 6684 "-" "Mozilla/5.0 (compatible; bingbot/2.0; +http://www.bing.com/bingbot.htm)"
157.55.39.178 - - [18/Jul/2021:09:50:04 +0200] "GET /images/1399984231722.jpg HTTP/1.1" 200 32752 "-" "Mozilla/5.0 (compatible; bingbot/2.0; +http://www.bing.com/bingbot.htm)"
157.55.39.70 - - [18/Jul/2021:10:00:20 +0200] "GET /images/mini_prod/028399033607.jpg HTTP/1.1" 200 6438 "-" "Mozilla/5.0 (compatible; bingbot/2.0; +http://www.bing.com/bingbot.htm)"
40.77.167.15 - - [18/Jul/2021:10:02:40 +0200] "GET /images/ROXY.jpg HTTP/1.1" 200 38142 "-" "Mozilla/5.0 (compatible; bingbot/2.0; +http://www.bing.com/bingbot.htm)"
207.46.13.179 - - [18/Jul/2021:10:02:51 +0200] "GET /images/6953270925587.jpg HTTP/1.1" 200 55641 "-" "Mozilla/5.0 (compatible; bingbot/2.0; +http://www.bing.com/bingbot.htm)"
157.55.39.178 - - [18/Jul/2021:10:06:15 +0200] "GET /js/jquery.js HTTP/1.1" 200 54075 "-" "Mozilla/5.0 (compatible; bingbot/2.0; +http://www.bing.com/bingbot.htm)"
207.46.13.179 - - [18/Jul/2021:10:09:23 +0200] "GET /images/mini_prod/4007698243241.jpg HTTP/1.1" 200 6227 "-" "Mozilla/5.0 (compatible; bingbot/2.0; +http://www.bing.com/bingbot.htm)"
157.55.39.178 - - [18/Jul/2021:10:09:35 +0200] "GET /images/8029759061133.jpg HTTP/1.1" 200 56331 "-" "Mozilla/5.0 (compatible; bingbot/2.0; +http://www.bing.com/bingbot.htm)"
157.55.39.166 - - [18/Jul/2021:10:10:07 +0200] "GET /images/big_prod/3665269028355.jpg HTTP/1.1" 200 59255 "-" "Mozilla/5.0 (compatible; bingbot/2.0; +http://www.bing.com/bingbot.htm)"
157.55.39.167 - - [18/Jul/2021:10:12:36 +0200] "GET /images/mini_prod/8422313638008D.jpg HTTP/1.1" 200 4249 "-" "Mozilla/5.0 (compatible; bingbot/2.0; +http://www.bing.com/bingbot.htm)"
157.55.39.167 - - [18/Jul/2021:10:13:24 +0200] "GET /images/big_prod_1/c9349878007577.jpg HTTP/1.1" 200 128037 "-" "Mozilla/5.0 (compatible; bingbot/2.0; +http://www.bing.com/bingbot.htm)"
207.46.13.182 - - [18/Jul/2021:10:13:55 +0200] "GET /images/B1399984242018B.jpg HTTP/1.1" 200 71837 "-" "Mozilla/5.0 (compatible; bingbot/2.0; +http://www.bing.com/bingbot.htm)"
107.77.249.31 - - [18/Jul/2021:10:14:58 +0200] "GET /images/big_prod/1328399138296.jpg HTTP/1.1" 200 61109 "https://www.bing.com/" "Mozilla/5.0 (Windows NT 6.3; Win64; x64) AppleWebKit/537.36 (KHTML, like Gecko) Chrome/91.0.4472.164 Safari/537.36"
107.77.249.31 - - [18/Jul/2021:10:14:59 +0200] "GET /favicon.ico HTTP/1.1" 200 1591 "http://www.wonder-geek.com/images/big_prod/1328399138296.jpg" "Mozilla/5.0 (Windows NT 6.3; Win64; x64) AppleWebKit/537.36 (KHTML, like Gecko) Chrome/91.0.4472.164 Safari/537.36"
95.91.74.87 - - [18/Jul/2021:10:19:12 +0200] "GET /robots.txt HTTP/1.1" 200 2438 "-" "Mozilla/5.0 (compatible; MJ12bot/v1.4.8; http://mj12bot.com/)"
220.255.197.147 - - [18/Jul/2021:10:22:33 +0200] "GET /images/GormitiBassa.jpg HTTP/1.1" 200 29928 "-" "Mozilla/5.0 (iPhone; CPU iPhone OS 14_6 like Mac OS X) AppleWebKit/605.1.15 (KHTML, like Gecko) Version/14.1.1 Mobile/15E148 Safari/604.1"
157.55.39.167 - - [18/Jul/2021:10:24:26 +0200] "GET /images/1341689284886.jpg HTTP/1.1" 200 123218 "-" "Mozilla/5.0 (compatible; bingbot/2.0; +http://www.bing.com/bingbot.htm)"
157.55.39.167 - - [18/Jul/2021:10:29:15 +0200] "GET /images/1399984252734.jpg HTTP/1.1" 200 122879 "-" "Mozilla/5.0 (compatible; bingbot/2.0; +http://www.bing.com/bingbot.htm)"
157.55.39.166 - - [18/Jul/2021:10:29:29 +0200] "GET /images/big_prod_1/c8717202556908.jpg HTTP/1.1" 200 49067 "-" "Mozilla/5.0 (compatible; bingbot/2.0; +http://www.bing.com/bingbot.htm)"
157.55.39.70 - - [18/Jul/2021:10:29:34 +0200] "GET /images/big_prod/8422019282000.jpg HTTP/1.1" 200 188473 "-" "Mozilla/5.0 (compatible; bingbot/2.0; +http://www.bing.com/bingbot.htm)"
157.55.39.166 - - [18/Jul/2021:10:30:58 +0200] "GET /images/5610401603967.jpg HTTP/1.1" 200 28465 "-" "Mozilla/5.0 (compatible; bingbot/2.0; +http://www.bing.com/bingbot.htm)"
157.55.39.178 - - [18/Jul/2021:10:32:58 +0200] "GET /js/jquery.js HTTP/1.1" 200 54075 "-" "Mozilla/5.0 (compatible; bingbot/2.0; +http://www.bing.com/bingbot.htm)"
185.191.171.4 - - [18/Jul/2021:10:35:38 +0200] "GET /robots.txt HTTP/1.1" 200 2438 "-" "Mozilla/5.0 (compatible; SemrushBot/7~bl; +http://www.semrush.com/bot.html)"
66.249.66.216 - - [18/Jul/2021:10:36:07 +0200] "GET /images/mini_prod/8422001276604.jpg HTTP/1.1" 200 6802 "-" "Googlebot-Image/1.0"
5.255.231.21 - - [18/Jul/2021:10:37:17 +0200] "GET /robots.txt HTTP/1.1" 200 2438 "-" "Mozilla/5.0 (compatible; YandexBot/3.0; +http://yandex.com/bots)"
5.255.231.21 - - [18/Jul/2021:10:37:21 +0200] "GET /images/8036281601133.jpg HTTP/1.1" 304 0 "-" "Mozilla/5.0 (compatible; YandexImages/3.0; +http://yandex.com/bots)"
207.46.13.174 - - [18/Jul/2021:10:44:15 +0200] "GET /images/big_prod/3574642859403.jpg HTTP/1.1" 200 31504 "-" "Mozilla/5.0 (compatible; bingbot/2.0; +http://www.bing.com/bingbot.htm)"
40.77.167.15 - - [18/Jul/2021:10:44:41 +0200] "GET /images/big_prod_1/teonovabeige2.jpg HTTP/1.1" 200 87512 "-" "Mozilla/5.0 (compatible; bingbot/2.0; +http://www.bing.com/bingbot.htm)"
157.55.39.167 - - [18/Jul/2021:10:44:51 +0200] "GET /images/med_prod/1384010178201.jpg HTTP/1.1" 200 88889 "-" "Mozilla/5.0 (compatible; bingbot/2.0; +http://www.bing.com/bingbot.htm)"
157.55.39.167 - - [18/Jul/2021:10:45:17 +0200] "GET /images/1399984265864.jpg HTTP/1.1" 200 122676 "-" "Mozilla/5.0 (compatible; bingbot/2.0; +http://www.bing.com/bingbot.htm)"
66.249.82.116 - - [18/Jul/2021:10:49:25 +0200] "GET /images/big_prod_2/8424001641178b.jpg HTTP/1.1" 200 83162 "-" "Mozilla/5.0 (Windows NT 5.1; rv:11.0) Gecko Firefox/11.0 (via ggpht.com GoogleImageProxy)"
157.55.39.166 - - [18/Jul/2021:10:50:50 +0200] "GET /images/big_prod/3553560114634.jpg HTTP/1.1" 200 176408 "-" "Mozilla/5.0 (compatible; bingbot/2.0; +http://www.bing.com/bingbot.htm)"
207.46.13.182 - - [18/Jul/2021:10:53:00 +0200] "GET /images/mini_prod/4029811344390.jpg HTTP/1.1" 200 5421 "-" "Mozilla/5.0 (compatible; bingbot/2.0; +http://www.bing.com/bingbot.htm)"
157.55.39.167 - - [18/Jul/2021:10:55:58 +0200] "GET /images/big_prod_3/5404006045211d.jpg HTTP/1.1" 200 143913 "-" "Mozilla/5.0 (compatible; bingbot/2.0; +http://www.bing.com/bingbot.htm)"
157.55.39.166 - - [18/Jul/2021:11:04:11 +0200] "GET /images/mini_prod/3574642017162.jpg HTTP/1.1" 200 5342 "-" "Mozilla/5.0 (compatible; bingbot/2.0; +http://www.bing.com/bingbot.htm)"
157.55.39.166 - - [18/Jul/2021:11:04:12 +0200] "GET /images/big_prod/8718657464466.jpg HTTP/1.1" 200 96991 "-" "Mozilla/5.0 (compatible; bingbot/2.0; +http://www.bing.com/bingbot.htm)"
157.55.39.180 - - [18/Jul/2021:11:06:23 +0200] "GET /images/big_prod/1384010205501.jpg HTTP/1.1" 200 77599 "-" "Mozilla/5.0 (compatible; bingbot/2.0; +http://www.bing.com/bingbot.htm)"
40.77.167.15 - - [18/Jul/2021:11:07:13 +0200] "GET /images/4012390351316.jpg HTTP/1.1" 200 24428 "-" "Mozilla/5.0 (compatible; bingbot/2.0; +http://www.bing.com/bingbot.htm)"
207.46.13.174 - - [18/Jul/2021:11:10:07 +0200] "GET /images/big_prod/8422017795946.jpg HTTP/1.1" 200 104396 "-" "Mozilla/5.0 (compatible; bingbot/2.0; +http://www.bing.com/bingbot.htm)"
66.249.93.14 - - [18/Jul/2021:11:13:42 +0200] "GET /images/3453131111744.jpg HTTP/1.1" 200 169409 "-" "Mozilla/5.0 (Windows NT 5.1; rv:11.0) Gecko Firefox/11.0 (via ggpht.com GoogleImageProxy)"
77.194.175.181 - - [18/Jul/2021:11:13:50 +0200] "GET /templates/Pixame_v1/stylesheet.css HTTP/1.1" 200 56057 "http://www.wonder-geek.com/michelle-arlen-glass-clock-p-24295.html" "Mozilla/5.0 (Linux; Android 8.1.0; SM-T580) AppleWebKit/537.36 (KHTML, like Gecko) Chrome/90.0.4430.210 Safari/537.36"
77.194.175.181 - - [18/Jul/2021:11:13:50 +0200] "GET /js/jquery.jqzoom.js HTTP/1.1" 200 4761 "http://www.wonder-geek.com/michelle-arlen-glass-clock-p-24295.html" "Mozilla/5.0 (Linux; Android 8.1.0; SM-T580) AppleWebKit/537.36 (KHTML, like Gecko) Chrome/90.0.4430.210 Safari/537.36"
77.194.175.181 - - [18/Jul/2021:11:13:50 +0200] "GET /highslide/highslide.js HTTP/1.1" 200 42909 "http://www.wonder-geek.com/michelle-arlen-glass-clock-p-24295.html" "Mozilla/5.0 (Linux; Android 8.1.0; SM-T580) AppleWebKit/537.36 (KHTML, like Gecko) Chrome/90.0.4430.210 Safari/537.36"
77.194.175.181 - - [18/Jul/2021:11:13:50 +0200] "GET /js/jquery.js HTTP/1.1" 200 54075 "http://www.wonder-geek.com/michelle-arlen-glass-clock-p-24295.html" "Mozilla/5.0 (Linux; Android 8.1.0; SM-T580) AppleWebKit/537.36 (KHTML, like Gecko) Chrome/90.0.4430.210 Safari/537.36"
77.194.175.181 - - [18/Jul/2021:11:13:50 +0200] "GET /mondial_relay/js/jquery-1.3.2.min.js HTTP/1.1" 200 57254 "http://www.wonder-geek.com/michelle-arlen-glass-clock-p-24295.html" "Mozilla/5.0 (Linux; Android 8.1.0; SM-T580) AppleWebKit/537.36 (KHTML, like Gecko) Chrome/90.0.4430.210 Safari/537.36"
77.194.175.181 - - [18/Jul/2021:11:13:50 +0200] "GET /templates/Pixame_v1/images/icon_accueil2.png HTTP/1.1" 200 1137 "http://www.wonder-geek.com/michelle-arlen-glass-clock-p-24295.html" "Mozilla/5.0 (Linux; Android 8.1.0; SM-T580) AppleWebKit/537.36 (KHTML, like Gecko) Chrome/90.0.4430.210 Safari/537.36"
77.194.175.181 - - [18/Jul/2021:11:13:51 +0200] "GET /templates/Pixame_v1/images/buttons/english/button_in_cart.gif HTTP/1.1" 200 1212 "http://www.wonder-geek.com/michelle-arlen-glass-clock-p-24295.html" "Mozilla/5.0 (Linux; Android 8.1.0; SM-T580) AppleWebKit/537.36 (KHTML, like Gecko) Chrome/90.0.4430.210 Safari/537.36"
77.194.175.181 - - [18/Jul/2021:11:13:51 +0200] "GET /templates/Pixame_v1/images/nav.png HTTP/1.1" 200 1283 "http://www.wonder-geek.com/templates/Pixame_v1/stylesheet.css" "Mozilla/5.0 (Linux; Android 8.1.0; SM-T580) AppleWebKit/537.36 (KHTML, like Gecko) Chrome/90.0.4430.210 Safari/537.36"
77.194.175.181 - - [18/Jul/2021:11:13:51 +0200] "GET /templates/Pixame_v1/images/Bottom_texture.jpg HTTP/1.1" 200 56290 "http://www.wonder-geek.com/templates/Pixame_v1/stylesheet.css" "Mozilla/5.0 (Linux; Android 8.1.0; SM-T580) AppleWebKit/537.36 (KHTML, like Gecko) Chrome/90.0.4430.210 Safari/537.36"
77.194.175.181 - - [18/Jul/2021:11:13:51 +0200] "GET /images/3453131111744.jpg HTTP/1.1" 200 169409 "http://www.wonder-geek.com/michelle-arlen-glass-clock-p-24295.html" "Mozilla/5.0 (Linux; Android 8.1.0; SM-T580) AppleWebKit/537.36 (KHTML, like Gecko) Chrome/90.0.4430.210 Safari/537.36"
77.194.175.181 - - [18/Jul/2021:11:13:51 +0200] "GET /templates/Pixame_v1/images/header.png HTTP/1.1" 200 70245 "http://www.wonder-geek.com/templates/Pixame_v1/stylesheet.css" "Mozilla/5.0 (Linux; Android 8.1.0; SM-T580) AppleWebKit/537.36 (KHTML, like Gecko) Chrome/90.0.4430.210 Safari/537.36"
77.194.175.181 - - [18/Jul/2021:11:13:51 +0200] "GET /design/productsenstock.png HTTP/1.1" 200 4743 "http://www.wonder-geek.com/templates/Pixame_v1/stylesheet.css" "Mozilla/5.0 (Linux; Android 8.1.0; SM-T580) AppleWebKit/537.36 (KHTML, like Gecko) Chrome/90.0.4430.210 Safari/537.36"
77.194.175.181 - - [18/Jul/2021:11:13:51 +0200] "GET /templates/Pixame_v1/images/Middle_texture.jpg HTTP/1.1" 200 249620 "http://www.wonder-geek.com/templates/Pixame_v1/stylesheet.css" "Mozilla/5.0 (Linux; Android 8.1.0; SM-T580) AppleWebKit/537.36 (KHTML, like Gecko) Chrome/90.0.4430.210 Safari/537.36"
77.194.175.181 - - [18/Jul/2021:11:13:51 +0200] "GET /templates/Pixame_v1/images/header-object.png HTTP/1.1" 200 106050 "http://www.wonder-geek.com/templates/Pixame_v1/stylesheet.css" "Mozilla/5.0 (Linux; Android 8.1.0; SM-T580) AppleWebKit/537.36 (KHTML, like Gecko) Chrome/90.0.4430.210 Safari/537.36"
77.194.175.181 - - [18/Jul/2021:11:13:51 +0200] "GET /highslide/graphics/outlines/drop-shadow.png HTTP/1.1" 200 2022 "http://www.wonder-geek.com/michelle-arlen-glass-clock-p-24295.html" "Mozilla/5.0 (Linux; Android 8.1.0; SM-T580) AppleWebKit/537.36 (KHTML, like Gecko) Chrome/90.0.4430.210 Safari/537.36"
77.194.175.181 - - [18/Jul/2021:11:13:52 +0200] "GET /favicon.ico HTTP/1.1" 200 1591 "http://www.wonder-geek.com/michelle-arlen-glass-clock-p-24295.html" "Mozilla/5.0 (Linux; Android 8.1.0; SM-T580) AppleWebKit/537.36 (KHTML, like Gecko) Chrome/90.0.4430.210 Safari/537.36"
157.55.39.178 - - [18/Jul/2021:11:17:52 +0200] "GET /js/jquery.js HTTP/1.1" 200 54075 "-" "Mozilla/5.0 (compatible; bingbot/2.0; +http://www.bing.com/bingbot.htm)"
40.77.167.15 - - [18/Jul/2021:11:18:45 +0200] "GET /images/big_prod/4260082935683.jpg HTTP/1.1" 200 172443 "-" "Mozilla/5.0 (compatible; bingbot/2.0; +http://www.bing.com/bingbot.htm)"
157.55.39.166 - - [18/Jul/2021:11:18:54 +0200] "GET /images/8003990623497.jpg HTTP/1.1" 200 40343 "-" "Mozilla/5.0 (compatible; bingbot/2.0; +http://www.bing.com/bingbot.htm)"
207.46.13.182 - - [18/Jul/2021:11:20:22 +0200] "GET /images/big_prod/3608860228496.jpg HTTP/1.1" 200 74564 "-" "Mozilla/5.0 (compatible; bingbot/2.0; +http://www.bing.com/bingbot.htm)"
207.46.13.182 - - [18/Jul/2021:11:20:42 +0200] "GET /images/big_prod/8718317633317.jpg HTTP/1.1" 200 86979 "-" "Mozilla/5.0 (compatible; bingbot/2.0; +http://www.bing.com/bingbot.htm)"
157.55.39.70 - - [18/Jul/2021:11:22:38 +0200] "GET /images/big_prod_1/8419037411444.jpg HTTP/1.1" 200 77780 "-" "Mozilla/5.0 (compatible; bingbot/2.0; +http://www.bing.com/bingbot.htm)"
157.55.39.178 - - [18/Jul/2021:11:24:25 +0200] "GET /images/big_prod/WU75115.jpg HTTP/1.1" 200 99954 "-" "Mozilla/5.0 (compatible; bingbot/2.0; +http://www.bing.com/bingbot.htm)"
66.249.82.112 - - [18/Jul/2021:11:26:30 +0200] "GET /images/big_prod_3/4542202657140c.jpg HTTP/1.1" 200 145120 "-" "Mozilla/5.0 (Windows NT 5.1; rv:11.0) Gecko Firefox/11.0 (via ggpht.com GoogleImageProxy)"
207.46.13.182 - - [18/Jul/2021:11:28:58 +0200] "GET /images/5600401603968.jpg HTTP/1.1" 200 24788 "-" "Mozilla/5.0 (compatible; bingbot/2.0; +http://www.bing.com/bingbot.htm)"
185.191.171.19 - - [18/Jul/2021:11:33:29 +0200] "GET /robots.txt HTTP/1.1" 200 2438 "-" "Mozilla/5.0 (compatible; SemrushBot/7~bl; +http://www.semrush.com/bot.html)"
157.55.39.167 - - [18/Jul/2021:11:34:42 +0200] "GET /images/big_prod_1/b067103378283.jpg HTTP/1.1" 200 62763 "-" "Mozilla/5.0 (compatible; bingbot/2.0; +http://www.bing.com/bingbot.htm)"
54.36.148.111 - - [18/Jul/2021:11:36:23 +0200] "GET /robots.txt HTTP/1.1" 200 2438 "-" "Mozilla/5.0 (compatible; AhrefsBot/7.0; +http://ahrefs.com/robot/)"
207.46.13.182 - - [18/Jul/2021:11:36:38 +0200] "GET /images/big_prod/8719497614301.jpg HTTP/1.1" 200 151544 "-" "Mozilla/5.0 (compatible; bingbot/2.0; +http://www.bing.com/bingbot.htm)"
185.191.171.23 - - [18/Jul/2021:11:37:33 +0200] "GET /robots.txt HTTP/1.1" 200 2438 "-" "Mozilla/5.0 (compatible; SemrushBot/7~bl; +http://www.semrush.com/bot.html)"
207.46.13.174 - - [18/Jul/2021:11:50:31 +0200] "GET /images/8435306246500bis.jpg HTTP/1.1" 200 111310 "-" "Mozilla/5.0 (compatible; bingbot/2.0; +http://www.bing.com/bingbot.htm)"
40.77.167.15 - - [18/Jul/2021:11:51:17 +0200] "GET /images/mini_prod/1399124740022.jpg HTTP/1.1" 200 4040 "-" "Mozilla/5.0 (compatible; bingbot/2.0; +http://www.bing.com/bingbot.htm)"
66.249.81.190 - - [18/Jul/2021:11:51:40 +0200] "GET /images/9316188041751.jpg HTTP/1.1" 200 53255 "-" "Mozilla/5.0 (Windows NT 5.1; rv:11.0) Gecko Firefox/11.0 (via ggpht.com GoogleImageProxy)"
157.55.39.166 - - [18/Jul/2021:11:52:16 +0200] "GET /images/C11379caliente.jpg HTTP/1.1" 200 52090 "-" "Mozilla/5.0 (compatible; bingbot/2.0; +http://www.bing.com/bingbot.htm)"
66.249.66.216 - - [18/Jul/2021:11:52:52 +0200] "GET /robots.txt HTTP/1.1" 200 2438 "-" "Mozilla/5.0 (compatible; Googlebot/2.1; +http://www.google.com/bot.html)"
207.46.13.182 - - [18/Jul/2021:11:53:35 +0200] "GET /images/big_prod_1/b3574642018213.jpg HTTP/1.1" 200 57518 "-" "Mozilla/5.0 (compatible; bingbot/2.0; +http://www.bing.com/bingbot.htm)"
157.55.39.167 - - [18/Jul/2021:11:55:35 +0200] "GET /images/big_prod_1/8720088291184a.jpg HTTP/1.1" 200 61546 "-" "Mozilla/5.0 (compatible; bingbot/2.0; +http://www.bing.com/bingbot.htm)"
17.121.112.170 - - [18/Jul/2021:12:08:28 +0200] "GET /robots.txt HTTP/1.1" 200 2438 "-" "Mozilla/5.0 (Macintosh; Intel Mac OS X 10_15_5) AppleWebKit/605.1.15 (KHTML, like Gecko) Version/13.1.1 Safari/605.1.15 (Applebot/0.1; +http://www.apple.com/go/applebot)"
66.160.140.184 - - [18/Jul/2021:12:10:36 +0200] "GET /robots.txt HTTP/1.1" 200 2438 "-" "The Knowledge AI"
157.55.39.70 - - [18/Jul/2021:12:18:13 +0200] "GET /images/5051265800183.jpg HTTP/1.1" 200 52092 "-" "Mozilla/5.0 (compatible; bingbot/2.0; +http://www.bing.com/bingbot.htm)"
207.46.13.182 - - [18/Jul/2021:12:19:12 +0200] "GET /images/mini_prod/09115.gif HTTP/1.1" 200 16826 "-" "Mozilla/5.0 (compatible; bingbot/2.0; +http://www.bing.com/bingbot.htm)"
157.55.39.166 - - [18/Jul/2021:12:19:20 +0200] "GET /images/mini_prod/1384000000444.jpg HTTP/1.1" 200 4243 "-" "Mozilla/5.0 (compatible; bingbot/2.0; +http://www.bing.com/bingbot.htm)"
207.46.13.182 - - [18/Jul/2021:12:20:08 +0200] "GET /images/med_prod/3453131126205.jpg HTTP/1.1" 200 151870 "-" "Mozilla/5.0 (compatible; bingbot/2.0; +http://www.bing.com/bingbot.htm)"
157.55.39.166 - - [18/Jul/2021:12:20:37 +0200] "GET /images/big_prod/8424346367733.jpg HTTP/1.1" 200 56448 "-" "Mozilla/5.0 (Windows NT 6.1; WOW64) AppleWebKit/534+ (KHTML, like Gecko) BingPreview/1.0b"
66.249.66.216 - - [18/Jul/2021:12:25:04 +0200] "GET /images/3438100319987.jpg HTTP/1.1" 200 25029 "-" "Googlebot-Image/1.0"
207.46.13.179 - - [18/Jul/2021:12:28:24 +0200] "GET /images/5414013923242.jpg HTTP/1.1" 200 25114 "-" "Mozilla/5.0 (compatible; bingbot/2.0; +http://www.bing.com/bingbot.htm)"
40.77.167.15 - - [18/Jul/2021:12:31:22 +0200] "GET /images/8028501260640.jpg HTTP/1.1" 200 77779 "-" "Mozilla/5.0 (compatible; bingbot/2.0; +http://www.bing.com/bingbot.htm)"
77.222.115.92 - - [18/Jul/2021:12:31:49 +0200] "GET /images/3700235441681.jpg HTTP/1.1" 200 25681 "http://quoizeltableslamps.blogspot.com/2012/10/nostalgia-metal-shade-table-lamp.html" "Mozilla/5.0 (compatible; MSIE 10.0; Windows NT 6.2; WOW64; Trident/6.0; Touch; MASMJS)"
207.46.13.179 - - [18/Jul/2021:12:32:04 +0200] "GET /images/mini_prod/5701359672713.jpg HTTP/1.1" 200 9305 "-" "Mozilla/5.0 (compatible; bingbot/2.0; +http://www.bing.com/bingbot.htm)"
207.46.13.179 - - [18/Jul/2021:12:32:34 +0200] "GET /images/mini_prod/1384010182925.jpg HTTP/1.1" 200 10249 "-" "Mozilla/5.0 (compatible; bingbot/2.0; +http://www.bing.com/bingbot.htm)"
35.196.101.221 - - [18/Jul/2021:12:37:31 +0200] "GET /robots.txt HTTP/1.0" 200 2438 "-" "ZoominfoBot (zoominfobot at zoominfo dot com)"
157.55.39.178 - - [18/Jul/2021:12:38:20 +0200] "GET /js/jquery.js HTTP/1.1" 200 54075 "-" "Mozilla/5.0 (compatible; bingbot/2.0; +http://www.bing.com/bingbot.htm)"
157.55.39.178 - - [18/Jul/2021:12:38:21 +0200] "GET /js/jquery.js HTTP/1.1" 200 54075 "-" "Mozilla/5.0 (compatible; bingbot/2.0; +http://www.bing.com/bingbot.htm)"
185.191.171.43 - - [18/Jul/2021:12:39:13 +0200] "GET /robots.txt HTTP/1.1" 200 2438 "-" "Mozilla/5.0 (compatible; SemrushBot/7~bl; +http://www.semrush.com/bot.html)"
207.46.13.182 - - [18/Jul/2021:12:40:32 +0200] "GET /highslide/highslide.js HTTP/1.1" 200 42909 "-" "Mozilla/5.0 (compatible; bingbot/2.0; +http://www.bing.com/bingbot.htm)"
40.77.167.15 - - [18/Jul/2021:12:41:23 +0200] "GET /images/big_prod/d4542202425725.jpg HTTP/1.1" 200 111518 "-" "Mozilla/5.0 (compatible; bingbot/2.0; +http://www.bing.com/bingbot.htm)"
157.55.39.178 - - [18/Jul/2021:12:43:02 +0200] "GET /images/mini_prod/8422010063547.jpg HTTP/1.1" 200 9058 "-" "Mozilla/5.0 (compatible; bingbot/2.0; +http://www.bing.com/bingbot.htm)"
66.249.82.116 - - [18/Jul/2021:12:44:06 +0200] "GET /images/big_prod_1/8422048820709.jpg HTTP/1.1" 200 184114 "-" "Mozilla/5.0 (Windows NT 5.1; rv:11.0) Gecko Firefox/11.0 (via ggpht.com GoogleImageProxy)"
157.55.39.166 - - [18/Jul/2021:12:44:14 +0200] "GET /images/big_prod/8718375752739b.jpg HTTP/1.1" 200 121123 "-" "Mozilla/5.0 (compatible; bingbot/2.0; +http://www.bing.com/bingbot.htm)"
157.55.39.178 - - [18/Jul/2021:12:45:42 +0200] "GET /js/jquery.js HTTP/1.1" 200 54075 "-" "Mozilla/5.0 (compatible; bingbot/2.0; +http://www.bing.com/bingbot.htm)"
79.68.139.249 - - [18/Jul/2021:12:48:01 +0200] "GET /templates/Pixame_v1/stylesheet.css HTTP/1.1" 200 56057 "http://www.wonder-geek.com/tann-kids-school-purple-p-44873.html" "Mozilla/5.0 (Linux; Android 11; SM-G973F) AppleWebKit/537.36 (KHTML, like Gecko) Chrome/91.0.4472.120 Mobile Safari/537.36"
79.68.139.249 - - [18/Jul/2021:12:48:01 +0200] "GET /highslide/highslide.js HTTP/1.1" 200 42909 "http://www.wonder-geek.com/tann-kids-school-purple-p-44873.html" "Mozilla/5.0 (Linux; Android 11; SM-G973F) AppleWebKit/537.36 (KHTML, like Gecko) Chrome/91.0.4472.120 Mobile Safari/537.36"
79.68.139.249 - - [18/Jul/2021:12:48:01 +0200] "GET /js/jquery.jqzoom.js HTTP/1.1" 200 4761 "http://www.wonder-geek.com/tann-kids-school-purple-p-44873.html" "Mozilla/5.0 (Linux; Android 11; SM-G973F) AppleWebKit/537.36 (KHTML, like Gecko) Chrome/91.0.4472.120 Mobile Safari/537.36"
79.68.139.249 - - [18/Jul/2021:12:48:01 +0200] "GET /js/jquery.js HTTP/1.1" 200 54075 "http://www.wonder-geek.com/tann-kids-school-purple-p-44873.html" "Mozilla/5.0 (Linux; Android 11; SM-G973F) AppleWebKit/537.36 (KHTML, like Gecko) Chrome/91.0.4472.120 Mobile Safari/537.36"
79.68.139.249 - - [18/Jul/2021:12:48:01 +0200] "GET /mondial_relay/js/jquery-1.3.2.min.js HTTP/1.1" 200 57254 "http://www.wonder-geek.com/tann-kids-school-purple-p-44873.html" "Mozilla/5.0 (Linux; Android 11; SM-G973F) AppleWebKit/537.36 (KHTML, like Gecko) Chrome/91.0.4472.120 Mobile Safari/537.36"
79.68.139.249 - - [18/Jul/2021:12:48:01 +0200] "GET /templates/Pixame_v1/images/icon_accueil2.png HTTP/1.1" 200 1137 "http://www.wonder-geek.com/tann-kids-school-purple-p-44873.html" "Mozilla/5.0 (Linux; Android 11; SM-G973F) AppleWebKit/537.36 (KHTML, like Gecko) Chrome/91.0.4472.120 Mobile Safari/537.36"
79.68.139.249 - - [18/Jul/2021:12:48:01 +0200] "GET /images/big_prod_1/b3662498026633.jpg HTTP/1.1" 200 133945 "http://www.wonder-geek.com/tann-kids-school-purple-p-44873.html" "Mozilla/5.0 (Linux; Android 11; SM-G973F) AppleWebKit/537.36 (KHTML, like Gecko) Chrome/91.0.4472.120 Mobile Safari/537.36"
79.68.139.249 - - [18/Jul/2021:12:48:01 +0200] "GET /templates/Pixame_v1/images/buttons/english/button_in_cart.gif HTTP/1.1" 200 1212 "http://www.wonder-geek.com/tann-kids-school-purple-p-44873.html" "Mozilla/5.0 (Linux; Android 11; SM-G973F) AppleWebKit/537.36 (KHTML, like Gecko) Chrome/91.0.4472.120 Mobile Safari/537.36"
79.68.139.249 - - [18/Jul/2021:12:48:01 +0200] "GET /images/big_prod/3662498026633.jpg HTTP/1.1" 200 104821 "http://www.wonder-geek.com/tann-kids-school-purple-p-44873.html" "Mozilla/5.0 (Linux; Android 11; SM-G973F) AppleWebKit/537.36 (KHTML, like Gecko) Chrome/91.0.4472.120 Mobile Safari/537.36"
79.68.139.249 - - [18/Jul/2021:12:48:01 +0200] "GET /templates/Pixame_v1/images/Bottom_texture.jpg HTTP/1.1" 200 56290 "http://www.wonder-geek.com/templates/Pixame_v1/stylesheet.css" "Mozilla/5.0 (Linux; Android 11; SM-G973F) AppleWebKit/537.36 (KHTML, like Gecko) Chrome/91.0.4472.120 Mobile Safari/537.36"
79.68.139.249 - - [18/Jul/2021:12:48:01 +0200] "GET /templates/Pixame_v1/images/nav.png HTTP/1.1" 200 1283 "http://www.wonder-geek.com/templates/Pixame_v1/stylesheet.css" "Mozilla/5.0 (Linux; Android 11; SM-G973F) AppleWebKit/537.36 (KHTML, like Gecko) Chrome/91.0.4472.120 Mobile Safari/537.36"
79.68.139.249 - - [18/Jul/2021:12:48:01 +0200] "GET /images/big_prod_2/c3662498026633.jpg HTTP/1.1" 200 105195 "http://www.wonder-geek.com/tann-kids-school-purple-p-44873.html" "Mozilla/5.0 (Linux; Android 11; SM-G973F) AppleWebKit/537.36 (KHTML, like Gecko) Chrome/91.0.4472.120 Mobile Safari/537.36"
79.68.139.249 - - [18/Jul/2021:12:48:01 +0200] "GET /design/productsenstock.png HTTP/1.1" 200 4743 "http://www.wonder-geek.com/templates/Pixame_v1/stylesheet.css" "Mozilla/5.0 (Linux; Android 11; SM-G973F) AppleWebKit/537.36 (KHTML, like Gecko) Chrome/91.0.4472.120 Mobile Safari/537.36"
79.68.139.249 - - [18/Jul/2021:12:48:01 +0200] "GET /templates/Pixame_v1/images/header-object.png HTTP/1.1" 200 106050 "http://www.wonder-geek.com/templates/Pixame_v1/stylesheet.css" "Mozilla/5.0 (Linux; Android 11; SM-G973F) AppleWebKit/537.36 (KHTML, like Gecko) Chrome/91.0.4472.120 Mobile Safari/537.36"
79.68.139.249 - - [18/Jul/2021:12:48:01 +0200] "GET /templates/Pixame_v1/images/Middle_texture.jpg HTTP/1.1" 200 249620 "http://www.wonder-geek.com/templates/Pixame_v1/stylesheet.css" "Mozilla/5.0 (Linux; Android 11; SM-G973F) AppleWebKit/537.36 (KHTML, like Gecko) Chrome/91.0.4472.120 Mobile Safari/537.36"
79.68.139.249 - - [18/Jul/2021:12:48:01 +0200] "GET /templates/Pixame_v1/images/header.png HTTP/1.1" 200 70245 "http://www.wonder-geek.com/templates/Pixame_v1/stylesheet.css" "Mozilla/5.0 (Linux; Android 11; SM-G973F) AppleWebKit/537.36 (KHTML, like Gecko) Chrome/91.0.4472.120 Mobile Safari/537.36"
79.68.139.249 - - [18/Jul/2021:12:48:01 +0200] "GET /highslide/graphics/outlines/drop-shadow.png HTTP/1.1" 200 2022 "http://www.wonder-geek.com/tann-kids-school-purple-p-44873.html" "Mozilla/5.0 (Linux; Android 11; SM-G973F) AppleWebKit/537.36 (KHTML, like Gecko) Chrome/91.0.4472.120 Mobile Safari/537.36"
79.68.139.249 - - [18/Jul/2021:12:48:01 +0200] "GET /favicon.ico HTTP/1.1" 200 1591 "http://www.wonder-geek.com/tann-kids-school-purple-p-44873.html" "Mozilla/5.0 (Linux; Android 11; SM-G973F) AppleWebKit/537.36 (KHTML, like Gecko) Chrome/91.0.4472.120 Mobile Safari/537.36"
207.46.13.182 - - [18/Jul/2021:12:50:33 +0200] "GET /images/8028501692724.jpg HTTP/1.1" 200 83691 "-" "Mozilla/5.0 (compatible; bingbot/2.0; +http://www.bing.com/bingbot.htm)"
157.55.39.178 - - [18/Jul/2021:12:52:03 +0200] "GET /images/mini_prod/3418178591584.jpg HTTP/1.1" 200 8492 "-" "Mozilla/5.0 (compatible; bingbot/2.0; +http://www.bing.com/bingbot.htm)"
207.46.13.182 - - [18/Jul/2021:12:58:55 +0200] "GET /images/big_prod/3014627950034.jpg HTTP/1.1" 200 64171 "-" "Mozilla/5.0 (compatible; bingbot/2.0; +http://www.bing.com/bingbot.htm)"
207.46.13.182 - - [18/Jul/2021:13:00:03 +0200] "GET /images/mini_prod/8424346540303.jpg HTTP/1.1" 200 8501 "-" "Mozilla/5.0 (compatible; bingbot/2.0; +http://www.bing.com/bingbot.htm)"
40.77.190.191 - - [18/Jul/2021:13:01:00 +0200] "GET /templates/Pixame_v1/stylesheet.css HTTP/1.1" 200 56057 "http://www.wonder-geek.com/" "Mozilla/5.0 (Windows NT 6.1; WOW64) AppleWebKit/534+ (KHTML, like Gecko) BingPreview/1.0b"
207.46.13.182 - - [18/Jul/2021:13:04:08 +0200] "GET /images/mini_prod/5012128424533.jpg HTTP/1.1" 200 12165 "-" "Mozilla/5.0 (compatible; bingbot/2.0; +http://www.bing.com/bingbot.htm)"
157.55.39.178 - - [18/Jul/2021:13:07:07 +0200] "GET /images/mini_prod/8718657461977.jpg HTTP/1.1" 200 7445 "-" "Mozilla/5.0 (compatible; bingbot/2.0; +http://www.bing.com/bingbot.htm)"
157.55.39.70 - - [18/Jul/2021:13:10:49 +0200] "GET /images/8422099990246.jpg HTTP/1.1" 200 33475 "-" "Mozilla/5.0 (compatible; bingbot/2.0; +http://www.bing.com/bingbot.htm)"
178.150.14.250 - - [18/Jul/2021:13:12:49 +0200] "GET /robots.txt HTTP/1.1" 200 2438 "-" "Mozilla/5.0 (compatible; MJ12bot/v1.4.8; http://mj12bot.com/)"
207.46.13.179 - - [18/Jul/2021:13:16:50 +0200] "GET /images/big_prod/8718375755594.jpg HTTP/1.1" 200 177744 "-" "Mozilla/5.0 (compatible; bingbot/2.0; +http://www.bing.com/bingbot.htm)"
192.0.102.116 - - [18/Jul/2021:13:20:14 +0200] "GET /images/5411329064317.jpg HTTP/1.1" 200 41071 "-" "Photon/1.0"
74.125.210.52 - - [18/Jul/2021:13:20:14 +0200] "GET /images/5411329064317.jpg HTTP/1.1" 200 41071 "-" "Mozilla/5.0 (Windows NT 5.1; rv:11.0) Gecko Firefox/11.0 (via ggpht.com GoogleImageProxy)"
74.125.210.52 - - [18/Jul/2021:13:20:14 +0200] "GET /images/5411329064317.jpg HTTP/1.1" 200 41071 "-" "Mozilla/5.0 (Windows NT 5.1; rv:11.0) Gecko Firefox/11.0 (via ggpht.com GoogleImageProxy)"
66.249.88.67 - - [18/Jul/2021:13:20:30 +0200] "GET /images/5411329064317.jpg HTTP/1.1" 200 41071 "-" "Mozilla/5.0 (Windows NT 5.1; rv:11.0) Gecko Firefox/11.0 (via ggpht.com GoogleImageProxy)"
66.249.88.64 - - [18/Jul/2021:13:20:30 +0200] "GET /images/5411329064317.jpg HTTP/1.1" 200 41071 "-" "Mozilla/5.0 (Windows NT 5.1; rv:11.0) Gecko Firefox/11.0 (via ggpht.com GoogleImageProxy)"
66.249.93.16 - - [18/Jul/2021:13:21:04 +0200] "GET /images/3700276274453.jpg HTTP/1.1" 200 35018 "-" "Mozilla/5.0 (Windows NT 5.1; rv:11.0) Gecko Firefox/11.0 (via ggpht.com GoogleImageProxy)"
157.55.39.166 - - [18/Jul/2021:13:24:15 +0200] "GET /images/big_prod/201143014627555642.jpg HTTP/1.1" 200 63001 "-" "Mozilla/5.0 (compatible; bingbot/2.0; +http://www.bing.com/bingbot.htm)"
66.249.81.188 - - [18/Jul/2021:13:26:10 +0200] "GET /images/big_prod/8020912036173.jpg HTTP/1.1" 200 149243 "-" "Mozilla/5.0 (Windows NT 5.1; rv:11.0) Gecko Firefox/11.0 (via ggpht.com GoogleImageProxy)"
157.55.39.167 - - [18/Jul/2021:13:33:55 +0200] "GET /images/mini_prod/1384010204245.jpg HTTP/1.1" 200 11100 "-" "Mozilla/5.0 (compatible; bingbot/2.0; +http://www.bing.com/bingbot.htm)"
66.160.140.184 - - [18/Jul/2021:13:36:35 +0200] "GET /robots.txt HTTP/1.1" 200 2438 "-" "The Knowledge AI"
157.55.39.166 - - [18/Jul/2021:13:38:56 +0200] "GET /mondial_relay/js/jquery-1.3.2.min.js HTTP/1.1" 200 57254 "-" "Mozilla/5.0 (iPhone; CPU iPhone OS 7_0 like Mac OS X) AppleWebKit/537.51.1 (KHTML, like Gecko) Version/7.0 Mobile/11A465 Safari/9537.53 (compatible; bingbot/2.0; +http://www.bing.com/bingbot.htm)"
157.55.39.70 - - [18/Jul/2021:13:39:00 +0200] "GET /js/jquery.jqzoom.js HTTP/1.1" 200 4761 "-" "Mozilla/5.0 (iPhone; CPU iPhone OS 7_0 like Mac OS X) AppleWebKit/537.51.1 (KHTML, like Gecko) Version/7.0 Mobile/11A465 Safari/9537.53 (compatible; bingbot/2.0; +http://www.bing.com/bingbot.htm)"
207.46.13.182 - - [18/Jul/2021:13:39:00 +0200] "GET /highslide/highslide.js HTTP/1.1" 200 42909 "-" "Mozilla/5.0 (iPhone; CPU iPhone OS 7_0 like Mac OS X) AppleWebKit/537.51.1 (KHTML, like Gecko) Version/7.0 Mobile/11A465 Safari/9537.53 (compatible; bingbot/2.0; +http://www.bing.com/bingbot.htm)"
157.55.39.178 - - [18/Jul/2021:13:39:05 +0200] "GET /js/jquery.js HTTP/1.1" 200 54075 "-" "Mozilla/5.0 (iPhone; CPU iPhone OS 7_0 like Mac OS X) AppleWebKit/537.51.1 (KHTML, like Gecko) Version/7.0 Mobile/11A465 Safari/9537.53 (compatible; bingbot/2.0; +http://www.bing.com/bingbot.htm)"
185.191.171.39 - - [18/Jul/2021:13:40:28 +0200] "GET /robots.txt HTTP/1.1" 200 2438 "-" "Mozilla/5.0 (compatible; SemrushBot/7~bl; +http://www.semrush.com/bot.html)"
157.55.39.70 - - [18/Jul/2021:13:48:22 +0200] "GET /images/3438100333143.jpg HTTP/1.1" 200 37310 "-" "Mozilla/5.0 (compatible; bingbot/2.0; +http://www.bing.com/bingbot.htm)"
40.77.167.15 - - [18/Jul/2021:13:48:29 +0200] "GET /images/big_prod_1/3609810096370a.jpg HTTP/1.1" 200 153705 "-" "Mozilla/5.0 (compatible; bingbot/2.0; +http://www.bing.com/bingbot.htm)"
66.249.93.14 - - [18/Jul/2021:13:50:01 +0200] "GET /images/big_prod_2/c8719497610501.jpg HTTP/1.1" 200 52361 "-" "Mozilla/5.0 (Windows NT 5.1; rv:11.0) Gecko Firefox/11.0 (via ggpht.com GoogleImageProxy)"
202.47.44.199 - - [18/Jul/2021:13:50:07 +0200] "GET /js/jquery.jqzoom.js HTTP/1.1" 200 4761 "http://www.wonder-geek.com/lotus-candle-holder-glass-p-42830.html" "Mozilla/5.0 (Windows NT 10.0; Win64; x64) AppleWebKit/537.36 (KHTML, like Gecko) Chrome/91.0.4472.124 Safari/537.36"
202.47.44.199 - - [18/Jul/2021:13:50:07 +0200] "GET /highslide/highslide.js HTTP/1.1" 200 42909 "http://www.wonder-geek.com/lotus-candle-holder-glass-p-42830.html" "Mozilla/5.0 (Windows NT 10.0; Win64; x64) AppleWebKit/537.36 (KHTML, like Gecko) Chrome/91.0.4472.124 Safari/537.36"
202.47.44.199 - - [18/Jul/2021:13:50:07 +0200] "GET /templates/Pixame_v1/stylesheet.css HTTP/1.1" 200 56057 "http://www.wonder-geek.com/lotus-candle-holder-glass-p-42830.html" "Mozilla/5.0 (Windows NT 10.0; Win64; x64) AppleWebKit/537.36 (KHTML, like Gecko) Chrome/91.0.4472.124 Safari/537.36"
202.47.44.199 - - [18/Jul/2021:13:50:07 +0200] "GET /js/jquery.js HTTP/1.1" 200 54075 "http://www.wonder-geek.com/lotus-candle-holder-glass-p-42830.html" "Mozilla/5.0 (Windows NT 10.0; Win64; x64) AppleWebKit/537.36 (KHTML, like Gecko) Chrome/91.0.4472.124 Safari/537.36"
202.47.44.199 - - [18/Jul/2021:13:50:07 +0200] "GET /mondial_relay/js/jquery-1.3.2.min.js HTTP/1.1" 200 57254 "http://www.wonder-geek.com/lotus-candle-holder-glass-p-42830.html" "Mozilla/5.0 (Windows NT 10.0; Win64; x64) AppleWebKit/537.36 (KHTML, like Gecko) Chrome/91.0.4472.124 Safari/537.36"
202.47.44.199 - - [18/Jul/2021:13:50:07 +0200] "GET /templates/Pixame_v1/images/icon_accueil2.png HTTP/1.1" 200 1137 "http://www.wonder-geek.com/lotus-candle-holder-glass-p-42830.html" "Mozilla/5.0 (Windows NT 10.0; Win64; x64) AppleWebKit/537.36 (KHTML, like Gecko) Chrome/91.0.4472.124 Safari/537.36"
202.47.44.199 - - [18/Jul/2021:13:50:07 +0200] "GET /templates/Pixame_v1/images/nav.png HTTP/1.1" 200 1283 "http://www.wonder-geek.com/templates/Pixame_v1/stylesheet.css" "Mozilla/5.0 (Windows NT 10.0; Win64; x64) AppleWebKit/537.36 (KHTML, like Gecko) Chrome/91.0.4472.124 Safari/537.36"
202.47.44.199 - - [18/Jul/2021:13:50:07 +0200] "GET /images/big_prod/8719497610464.jpg HTTP/1.1" 200 45556 "http://www.wonder-geek.com/lotus-candle-holder-glass-p-42830.html" "Mozilla/5.0 (Windows NT 10.0; Win64; x64) AppleWebKit/537.36 (KHTML, like Gecko) Chrome/91.0.4472.124 Safari/537.36"
202.47.44.199 - - [18/Jul/2021:13:50:07 +0200] "GET /images/big_prod_1/b8719497610464.jpg HTTP/1.1" 200 36997 "http://www.wonder-geek.com/lotus-candle-holder-glass-p-42830.html" "Mozilla/5.0 (Windows NT 10.0; Win64; x64) AppleWebKit/537.36 (KHTML, like Gecko) Chrome/91.0.4472.124 Safari/537.36"
