110.249.201.112 - - [18/Jul/2021:03:13:32 +0200] "GET /images/med_prod/1399984288535.jpg HTTP/1.1" 200 57920 "http://www.wonder-geek.com/relax-wooden-wall-decoration-hang-p-34315.html" "Mozilla/5.0 (Linux; Android 5.0) AppleWebKit/537.36 (KHTML, like Gecko) Mobile Safari/537.36 (compatible; Bytespider; https://zhanzhang.toutiao.com/)"
157.55.39.167 - - [18/Jul/2021:03:14:24 +0200] "GET /images/big_prod/3442440232660.jpg HTTP/1.1" 200 76854 "-" "Mozilla/5.0 (compatible; bingbot/2.0; +http://www.bing.com/bingbot.htm)"
207.46.13.182 - - [18/Jul/2021:03:14:39 +0200] "GET /images/mini_prod/4029811279685.jpg HTTP/1.1" 200 6285 "-" "Mozilla/5.0 (compatible; bingbot/2.0; +http://www.bing.com/bingbot.htm)"
207.46.13.182 - - [18/Jul/2021:03:16:01 +0200] "GET /images/big_prod/3560600303286.jpg HTTP/1.1" 200 108698 "-" "Mozilla/5.0 (compatible; bingbot/2.0; +http://www.bing.com/bingbot.htm)"
40.77.167.15 - - [18/Jul/2021:03:17:23 +0200] "GET /images/4022158874643.jpg HTTP/1.1" 200 39553 "-" "Mozilla/5.0 (compatible; bingbot/2.0; +http://www.bing.com/bingbot.htm)"
40.77.167.15 - - [18/Jul/2021:03:19:03 +0200] "GET /images/med_prod/1341689287320.jpg HTTP/1.1" 200 201194 "-" "Mozilla/5.0 (compatible; bingbot/2.0; +http://www.bing.com/bingbot.htm)"
207.46.13.179 - - [18/Jul/2021:03:22:15 +0200] "GET /images/mini_prod/SatyaArabianMusk.jpg HTTP/1.1" 200 5297 "-" "Mozilla/5.0 (compatible; bingbot/2.0; +http://www.bing.com/bingbot.htm)"
111.225.148.131 - - [18/Jul/2021:03:23:41 +0200] "GET /images/big_prod/1384000001380.jpg HTTP/1.1" 200 39096 "http://www.wonder-geek.com/wooden-wall-decoration-hang-p-42741.html" "Mozilla/5.0 (Linux; Android 5.0) AppleWebKit/537.36 (KHTML, like Gecko) Mobile Safari/537.36 (compatible; Bytespider; https://zhanzhang.toutiao.com/)"
207.46.13.179 - - [18/Jul/2021:03:24:16 +0200] "GET /images/mini_prod/8718375753521.jpg HTTP/1.1" 200 7308 "-" "Mozilla/5.0 (compatible; bingbot/2.0; +http://www.bing.com/bingbot.htm)"
207.46.13.179 - - [18/Jul/2021:03:25:26 +0200] "GET /images/med_prod/1020322275527.jpg HTTP/1.1" 200 115092 "-" "Mozilla/5.0 (compatible; bingbot/2.0; +http://www.bing.com/bingbot.htm)"
66.249.66.218 - - [18/Jul/2021:03:27:04 +0200] "GET /images/3662468001080.jpg HTTP/1.1" 200 36805 "-" "Googlebot-Image/1.0"
185.191.171.11 - - [18/Jul/2021:03:28:27 +0200] "GET /robots.txt HTTP/1.1" 200 2438 "-" "Mozilla/5.0 (compatible; SemrushBot/7~bl; +http://www.semrush.com/bot.html)"
207.46.13.182 - - [18/Jul/2021:03:30:18 +0200] "GET /images/big_prod/8499034501706.jpg HTTP/1.1" 200 94467 "-" "Mozilla/5.0 (compatible; bingbot/2.0; +http://www.bing.com/bingbot.htm)"
207.46.13.182 - - [18/Jul/2021:03:30:32 +0200] "GET /images/mini_prod/190603014627555642.jpg HTTP/1.1" 200 6187 "-" "Mozilla/5.0 (compatible; bingbot/2.0; +http://www.bing.com/bingbot.htm)"
207.46.13.174 - - [18/Jul/2021:03:30:40 +0200] "GET /images/big_prod_3/1328399219643c.jpg HTTP/1.1" 200 75800 "-" "Mozilla/5.0 (compatible; bingbot/2.0; +http://www.bing.com/bingbot.htm)"
157.55.39.180 - - [18/Jul/2021:03:32:17 +0200] "GET /images/8033667001143.jpg HTTP/1.1" 200 38796 "-" "Mozilla/5.0 (compatible; bingbot/2.0; +http://www.bing.com/bingbot.htm)"
40.77.167.43 - - [18/Jul/2021:03:32:31 +0200] "GET /robots.txt HTTP/1.1" 200 2438 "-" "Mozilla/5.0 (compatible; bingbot/2.0; +http://www.bing.com/bingbot.htm)"
220.243.135.14 - - [18/Jul/2021:03:33:30 +0200] "GET /images/big_prod/3453131155786.jpg HTTP/1.1" 200 52128 "http://www.wonder-geek.com/tout-travail-mrite-bire-coasters-p-53170.html" "Mozilla/5.0 (Linux; Android 5.0) AppleWebKit/537.36 (KHTML, like Gecko) Mobile Safari/537.36 (compatible; Bytespider; https://zhanzhang.toutiao.com/)"
40.77.167.15 - - [18/Jul/2021:03:35:26 +0200] "GET /images/mini_prod/3503420088599.jpg HTTP/1.1" 200 9765 "-" "Mozilla/5.0 (compatible; bingbot/2.0; +http://www.bing.com/bingbot.htm)"
40.77.167.15 - - [18/Jul/2021:03:37:46 +0200] "GET /images/mini_prod/8433933182505.jpg HTTP/1.1" 200 6496 "-" "Mozilla/5.0 (compatible; bingbot/2.0; +http://www.bing.com/bingbot.htm)"
157.55.39.70 - - [18/Jul/2021:03:38:59 +0200] "GET /images/big_prod/1328399270286.jpg HTTP/1.1" 200 517535 "-" "Mozilla/5.0 (compatible; bingbot/2.0; +http://www.bing.com/bingbot.htm)"
207.46.13.179 - - [18/Jul/2021:03:39:36 +0200] "GET /images/mini_prod/8420406608891.jpg HTTP/1.1" 200 4143 "-" "Mozilla/5.0 (compatible; bingbot/2.0; +http://www.bing.com/bingbot.htm)"
207.46.13.179 - - [18/Jul/2021:03:40:50 +0200] "GET /images/big_prod/3503420115875.jpg HTTP/1.1" 200 100665 "-" "Mozilla/5.0 (compatible; bingbot/2.0; +http://www.bing.com/bingbot.htm)"
157.55.39.180 - - [18/Jul/2021:03:44:30 +0200] "GET /images/big_prod/3609810065178.jpg HTTP/1.1" 200 97416 "-" "Mozilla/5.0 (compatible; bingbot/2.0; +http://www.bing.com/bingbot.htm)"
157.55.39.166 - - [18/Jul/2021:03:44:39 +0200] "GET /images/mini_prod/039897677330ehh.jpg HTTP/1.1" 200 4679 "-" "Mozilla/5.0 (compatible; bingbot/2.0; +http://www.bing.com/bingbot.htm)"
157.55.39.166 - - [18/Jul/2021:03:46:45 +0200] "GET /images/big_prod/1328399219292.jpg HTTP/1.1" 200 77320 "-" "Mozilla/5.0 (compatible; bingbot/2.0; +http://www.bing.com/bingbot.htm)"
207.46.13.174 - - [18/Jul/2021:03:51:35 +0200] "GET /images/mini_prod/3700653507501.jpg HTTP/1.1" 200 7806 "-" "Mozilla/5.0 (compatible; bingbot/2.0; +http://www.bing.com/bingbot.htm)"
52.71.86.129 - - [18/Jul/2021:03:57:28 +0200] "GET /templates/Pixame_v1/stylesheet.css HTTP/1.1" 200 56057 "http://www.wonder-geek.com/" "Mozilla/5.0 (Macintosh; Intel Mac OS X 11_4_0) AppleWebKit/537.36 (KHTML, like Gecko) Chrome/89.0.4389.90 Safari/537.36"
52.71.86.129 - - [18/Jul/2021:03:57:28 +0200] "GET /js/jquery.jqzoom.js HTTP/1.1" 200 4761 "http://www.wonder-geek.com/" "Mozilla/5.0 (Macintosh; Intel Mac OS X 11_4_0) AppleWebKit/537.36 (KHTML, like Gecko) Chrome/89.0.4389.90 Safari/537.36"
52.71.86.129 - - [18/Jul/2021:03:57:28 +0200] "GET /highslide/highslide.js HTTP/1.1" 200 42909 "http://www.wonder-geek.com/" "Mozilla/5.0 (Macintosh; Intel Mac OS X 11_4_0) AppleWebKit/537.36 (KHTML, like Gecko) Chrome/89.0.4389.90 Safari/537.36"
52.71.86.129 - - [18/Jul/2021:03:57:28 +0200] "GET /js/jquery.js HTTP/1.1" 200 54075 "http://www.wonder-geek.com/" "Mozilla/5.0 (Macintosh; Intel Mac OS X 11_4_0) AppleWebKit/537.36 (KHTML, like Gecko) Chrome/89.0.4389.90 Safari/537.36"
52.71.86.129 - - [18/Jul/2021:03:57:28 +0200] "GET /mondial_relay/js/jquery-1.3.2.min.js HTTP/1.1" 200 57254 "http://www.wonder-geek.com/" "Mozilla/5.0 (Macintosh; Intel Mac OS X 11_4_0) AppleWebKit/537.36 (KHTML, like Gecko) Chrome/89.0.4389.90 Safari/537.36"
52.71.86.129 - - [18/Jul/2021:03:57:28 +0200] "GET /templates/Pixame_v1/images/icon_accueil2.png HTTP/1.1" 200 1137 "http://www.wonder-geek.com/" "Mozilla/5.0 (Macintosh; Intel Mac OS X 11_4_0) AppleWebKit/537.36 (KHTML, like Gecko) Chrome/89.0.4389.90 Safari/537.36"
52.71.86.129 - - [18/Jul/2021:03:57:28 +0200] "GET /images/mini_prod/3700276266946.gif HTTP/1.1" 200 9503 "http://www.wonder-geek.com/" "Mozilla/5.0 (Macintosh; Intel Mac OS X 11_4_0) AppleWebKit/537.36 (KHTML, like Gecko) Chrome/89.0.4389.90 Safari/537.36"
52.71.86.129 - - [18/Jul/2021:03:57:28 +0200] "GET /images/mini_prod/3281640243539C.jpg HTTP/1.1" 200 4342 "http://www.wonder-geek.com/" "Mozilla/5.0 (Macintosh; Intel Mac OS X 11_4_0) AppleWebKit/537.36 (KHTML, like Gecko) Chrome/89.0.4389.90 Safari/537.36"
52.71.86.129 - - [18/Jul/2021:03:57:28 +0200] "GET /images/mini_prod/4025055164794.jpg HTTP/1.1" 200 8258 "http://www.wonder-geek.com/" "Mozilla/5.0 (Macintosh; Intel Mac OS X 11_4_0) AppleWebKit/537.36 (KHTML, like Gecko) Chrome/89.0.4389.90 Safari/537.36"
52.71.86.129 - - [18/Jul/2021:03:57:28 +0200] "GET /images/mini_prod/1399984257241.jpg HTTP/1.1" 200 10199 "http://www.wonder-geek.com/" "Mozilla/5.0 (Macintosh; Intel Mac OS X 11_4_0) AppleWebKit/537.36 (KHTML, like Gecko) Chrome/89.0.4389.90 Safari/537.36"
52.71.86.129 - - [18/Jul/2021:03:57:28 +0200] "GET /images/mini_prod/1399984243718.jpg HTTP/1.1" 200 5618 "http://www.wonder-geek.com/" "Mozilla/5.0 (Macintosh; Intel Mac OS X 11_4_0) AppleWebKit/537.36 (KHTML, like Gecko) Chrome/89.0.4389.90 Safari/537.36"
52.71.86.129 - - [18/Jul/2021:03:57:28 +0200] "GET /images/icons/soldes_grand.jpg HTTP/1.1" 200 95380 "http://www.wonder-geek.com/" "Mozilla/5.0 (Macintosh; Intel Mac OS X 11_4_0) AppleWebKit/537.36 (KHTML, like Gecko) Chrome/89.0.4389.90 Safari/537.36"
52.71.86.129 - - [18/Jul/2021:03:57:28 +0200] "GET /templates/Pixame_v1/images/nav.png HTTP/1.1" 200 1283 "http://www.wonder-geek.com/templates/Pixame_v1/stylesheet.css" "Mozilla/5.0 (Macintosh; Intel Mac OS X 11_4_0) AppleWebKit/537.36 (KHTML, like Gecko) Chrome/89.0.4389.90 Safari/537.36"
52.71.86.129 - - [18/Jul/2021:03:57:28 +0200] "GET /images/mini_prod/Image17.jpg HTTP/1.1" 200 24072 "http://www.wonder-geek.com/" "Mozilla/5.0 (Macintosh; Intel Mac OS X 11_4_0) AppleWebKit/537.36 (KHTML, like Gecko) Chrome/89.0.4389.90 Safari/537.36"
52.71.86.129 - - [18/Jul/2021:03:57:28 +0200] "GET /templates/Pixame_v1/images/header.png HTTP/1.1" 200 70245 "http://www.wonder-geek.com/templates/Pixame_v1/stylesheet.css" "Mozilla/5.0 (Macintosh; Intel Mac OS X 11_4_0) AppleWebKit/537.36 (KHTML, like Gecko) Chrome/89.0.4389.90 Safari/537.36"
52.71.86.129 - - [18/Jul/2021:03:57:28 +0200] "GET /images/mini_prod/doudounepetshop.gif HTTP/1.1" 200 13558 "http://www.wonder-geek.com/" "Mozilla/5.0 (Macintosh; Intel Mac OS X 11_4_0) AppleWebKit/537.36 (KHTML, like Gecko) Chrome/89.0.4389.90 Safari/537.36"
52.71.86.129 - - [18/Jul/2021:03:57:28 +0200] "GET /js/modernizr-transitions.js HTTP/1.1" 200 2026 "-" "Mozilla/5.0 (Macintosh; Intel Mac OS X 11_4_0) AppleWebKit/537.36 (KHTML, like Gecko) Chrome/89.0.4389.90 Safari/537.36"
52.71.86.129 - - [18/Jul/2021:03:57:28 +0200] "GET /images/mini_prod/3438100339879.jpg HTTP/1.1" 200 6127 "http://www.wonder-geek.com/" "Mozilla/5.0 (Macintosh; Intel Mac OS X 11_4_0) AppleWebKit/537.36 (KHTML, like Gecko) Chrome/89.0.4389.90 Safari/537.36"
52.71.86.129 - - [18/Jul/2021:03:57:28 +0200] "GET /templates/Pixame_v1/images/Bottom_texture.jpg HTTP/1.1" 200 56290 "http://www.wonder-geek.com/templates/Pixame_v1/stylesheet.css" "Mozilla/5.0 (Macintosh; Intel Mac OS X 11_4_0) AppleWebKit/537.36 (KHTML, like Gecko) Chrome/89.0.4389.90 Safari/537.36"
52.71.86.129 - - [18/Jul/2021:03:57:28 +0200] "GET /images/mini_prod/8436047821490.jpg HTTP/1.1" 200 7022 "http://www.wonder-geek.com/" "Mozilla/5.0 (Macintosh; Intel Mac OS X 11_4_0) AppleWebKit/537.36 (KHTML, like Gecko) Chrome/89.0.4389.90 Safari/537.36"
52.71.86.129 - - [18/Jul/2021:03:57:29 +0200] "GET /images/mini_prod/8028501693509.jpg HTTP/1.1" 200 5406 "http://www.wonder-geek.com/" "Mozilla/5.0 (Macintosh; Intel Mac OS X 11_4_0) AppleWebKit/537.36 (KHTML, like Gecko) Chrome/89.0.4389.90 Safari/537.36"
52.71.86.129 - - [18/Jul/2021:03:57:29 +0200] "GET /templates/Pixame_v1/images/Middle_texture.jpg HTTP/1.1" 200 249620 "http://www.wonder-geek.com/templates/Pixame_v1/stylesheet.css" "Mozilla/5.0 (Macintosh; Intel Mac OS X 11_4_0) AppleWebKit/537.36 (KHTML, like Gecko) Chrome/89.0.4389.90 Safari/537.36"
52.71.86.129 - - [18/Jul/2021:03:57:29 +0200] "GET /templates/Pixame_v1/images/header-object.png HTTP/1.1" 200 106050 "http://www.wonder-geek.com/templates/Pixame_v1/stylesheet.css" "Mozilla/5.0 (Macintosh; Intel Mac OS X 11_4_0) AppleWebKit/537.36 (KHTML, like Gecko) Chrome/89.0.4389.90 Safari/537.36"
52.71.86.129 - - [18/Jul/2021:03:57:29 +0200] "GET /images/mini_prod/270607_001746_PEEL_G78R4h.jpg HTTP/1.1" 200 22917 "http://www.wonder-geek.com/" "Mozilla/5.0 (Macintosh; Intel Mac OS X 11_4_0) AppleWebKit/537.36 (KHTML, like Gecko) Chrome/89.0.4389.90 Safari/537.36"
52.71.86.129 - - [18/Jul/2021:03:57:29 +0200] "GET /images/mini_prod/1399984239247BEYBLADE.jpg HTTP/1.1" 200 5095 "http://www.wonder-geek.com/" "Mozilla/5.0 (Macintosh; Intel Mac OS X 11_4_0) AppleWebKit/537.36 (KHTML, like Gecko) Chrome/89.0.4389.90 Safari/537.36"
52.71.86.129 - - [18/Jul/2021:03:57:29 +0200] "GET /images/mini_prod/5701359708412.jpg HTTP/1.1" 200 10939 "http://www.wonder-geek.com/" "Mozilla/5.0 (Macintosh; Intel Mac OS X 11_4_0) AppleWebKit/537.36 (KHTML, like Gecko) Chrome/89.0.4389.90 Safari/537.36"
52.71.86.129 - - [18/Jul/2021:03:57:29 +0200] "GET /images/mini_prod/1300010262191.jpg HTTP/1.1" 200 9657 "http://www.wonder-geek.com/" "Mozilla/5.0 (Macintosh; Intel Mac OS X 11_4_0) AppleWebKit/537.36 (KHTML, like Gecko) Chrome/89.0.4389.90 Safari/537.36"
52.71.86.129 - - [18/Jul/2021:03:57:29 +0200] "GET /images/mini_prod/8009233802384.jpg HTTP/1.1" 200 7437 "http://www.wonder-geek.com/" "Mozilla/5.0 (Macintosh; Intel Mac OS X 11_4_0) AppleWebKit/537.36 (KHTML, like Gecko) Chrome/89.0.4389.90 Safari/537.36"
52.71.86.129 - - [18/Jul/2021:03:57:29 +0200] "GET /images/mini_prod/3438100337110.jpg HTTP/1.1" 200 5438 "http://www.wonder-geek.com/" "Mozilla/5.0 (Macintosh; Intel Mac OS X 11_4_0) AppleWebKit/537.36 (KHTML, like Gecko) Chrome/89.0.4389.90 Safari/537.36"
52.71.86.129 - - [18/Jul/2021:03:57:29 +0200] "GET /images/mini_prod/3281640354709.gif HTTP/1.1" 200 7762 "http://www.wonder-geek.com/" "Mozilla/5.0 (Macintosh; Intel Mac OS X 11_4_0) AppleWebKit/537.36 (KHTML, like Gecko) Chrome/89.0.4389.90 Safari/537.36"
52.71.86.129 - - [18/Jul/2021:03:57:29 +0200] "GET /images/mini_prod/3281640364500.gif HTTP/1.1" 200 14893 "http://www.wonder-geek.com/" "Mozilla/5.0 (Macintosh; Intel Mac OS X 11_4_0) AppleWebKit/537.36 (KHTML, like Gecko) Chrome/89.0.4389.90 Safari/537.36"
52.71.86.129 - - [18/Jul/2021:03:57:29 +0200] "GET /design/productsenstock.png HTTP/1.1" 200 4743 "http://www.wonder-geek.com/templates/Pixame_v1/stylesheet.css" "Mozilla/5.0 (Macintosh; Intel Mac OS X 11_4_0) AppleWebKit/537.36 (KHTML, like Gecko) Chrome/89.0.4389.90 Safari/537.36"
52.71.86.129 - - [18/Jul/2021:03:57:29 +0200] "GET /mondial_relay/js/jquery-1.3.2.min.js HTTP/1.1" 200 57254 "-" "Mozilla/5.0 (Macintosh; Intel Mac OS X 11_4_0) AppleWebKit/537.36 (KHTML, like Gecko) Chrome/89.0.4389.90 Safari/537.36"
52.71.86.129 - - [18/Jul/2021:03:57:30 +0200] "GET /highslide/graphics/outlines/drop-shadow.png HTTP/1.1" 200 2022 "http://www.wonder-geek.com/" "Mozilla/5.0 (Macintosh; Intel Mac OS X 11_4_0) AppleWebKit/537.36 (KHTML, like Gecko) Chrome/89.0.4389.90 Safari/537.36"
52.71.86.129 - - [18/Jul/2021:03:57:30 +0200] "GET /js/jquery.jqzoom.js HTTP/1.1" 200 4761 "http://www.wonder-geek.com/create_account.php" "Mozilla/5.0 (Macintosh; Intel Mac OS X 11_4_0) AppleWebKit/537.36 (KHTML, like Gecko) Chrome/89.0.4389.90 Safari/537.36"
52.71.86.129 - - [18/Jul/2021:03:57:30 +0200] "GET /js/jquery.js HTTP/1.1" 200 54075 "http://www.wonder-geek.com/create_account.php" "Mozilla/5.0 (Macintosh; Intel Mac OS X 11_4_0) AppleWebKit/537.36 (KHTML, like Gecko) Chrome/89.0.4389.90 Safari/537.36"
52.71.86.129 - - [18/Jul/2021:03:57:31 +0200] "GET /templates/Pixame_v1/stylesheet.css HTTP/1.1" 200 56057 "http://www.wonder-geek.com/create_account.php" "Mozilla/5.0 (Macintosh; Intel Mac OS X 11_4_0) AppleWebKit/537.36 (KHTML, like Gecko) Chrome/89.0.4389.90 Safari/537.36"
52.71.86.129 - - [18/Jul/2021:03:57:38 +0200] "GET /js/jquery.jqzoom.js HTTP/1.1" 200 4761 "http://www.wonder-geek.com/" "Mozilla/5.0 (iPhone; CPU iPhone OS 15_0 like Mac OS X) AppleWebKit/605.1.15 (KHTML, like Gecko) Version/15.0 Mobile/15E148 Safari/604.1"
52.71.86.129 - - [18/Jul/2021:03:57:38 +0200] "GET /js/jquery.js HTTP/1.1" 200 54075 "http://www.wonder-geek.com/" "Mozilla/5.0 (iPhone; CPU iPhone OS 15_0 like Mac OS X) AppleWebKit/605.1.15 (KHTML, like Gecko) Version/15.0 Mobile/15E148 Safari/604.1"
52.71.86.129 - - [18/Jul/2021:03:57:38 +0200] "GET /templates/Pixame_v1/stylesheet.css HTTP/1.1" 200 56057 "http://www.wonder-geek.com/" "Mozilla/5.0 (iPhone; CPU iPhone OS 15_0 like Mac OS X) AppleWebKit/605.1.15 (KHTML, like Gecko) Version/15.0 Mobile/15E148 Safari/604.1"
52.71.86.129 - - [18/Jul/2021:03:57:38 +0200] "GET /highslide/highslide.js HTTP/1.1" 200 42909 "http://www.wonder-geek.com/" "Mozilla/5.0 (iPhone; CPU iPhone OS 15_0 like Mac OS X) AppleWebKit/605.1.15 (KHTML, like Gecko) Version/15.0 Mobile/15E148 Safari/604.1"
52.71.86.129 - - [18/Jul/2021:03:57:39 +0200] "GET /mondial_relay/js/jquery-1.3.2.min.js HTTP/1.1" 200 57254 "http://www.wonder-geek.com/" "Mozilla/5.0 (iPhone; CPU iPhone OS 15_0 like Mac OS X) AppleWebKit/605.1.15 (KHTML, like Gecko) Version/15.0 Mobile/15E148 Safari/604.1"
52.71.86.129 - - [18/Jul/2021:03:57:39 +0200] "GET /templates/Pixame_v1/images/icon_accueil2.png HTTP/1.1" 200 1137 "http://www.wonder-geek.com/" "Mozilla/5.0 (iPhone; CPU iPhone OS 15_0 like Mac OS X) AppleWebKit/605.1.15 (KHTML, like Gecko) Version/15.0 Mobile/15E148 Safari/604.1"
52.71.86.129 - - [18/Jul/2021:03:57:39 +0200] "GET /images/mini_prod/3700789201793.jpg HTTP/1.1" 200 8223 "http://www.wonder-geek.com/" "Mozilla/5.0 (iPhone; CPU iPhone OS 15_0 like Mac OS X) AppleWebKit/605.1.15 (KHTML, like Gecko) Version/15.0 Mobile/15E148 Safari/604.1"
52.71.86.129 - - [18/Jul/2021:03:57:39 +0200] "GET /templates/Pixame_v1/images/Bottom_texture.jpg HTTP/1.1" 200 56290 "http://www.wonder-geek.com/templates/Pixame_v1/stylesheet.css" "Mozilla/5.0 (iPhone; CPU iPhone OS 15_0 like Mac OS X) AppleWebKit/605.1.15 (KHTML, like Gecko) Version/15.0 Mobile/15E148 Safari/604.1"
52.71.86.129 - - [18/Jul/2021:03:57:39 +0200] "GET /images/icons/soldes_grand.jpg HTTP/1.1" 200 95380 "http://www.wonder-geek.com/" "Mozilla/5.0 (iPhone; CPU iPhone OS 15_0 like Mac OS X) AppleWebKit/605.1.15 (KHTML, like Gecko) Version/15.0 Mobile/15E148 Safari/604.1"
52.71.86.129 - - [18/Jul/2021:03:57:39 +0200] "GET /templates/Pixame_v1/images/nav.png HTTP/1.1" 200 1283 "http://www.wonder-geek.com/templates/Pixame_v1/stylesheet.css" "Mozilla/5.0 (iPhone; CPU iPhone OS 15_0 like Mac OS X) AppleWebKit/605.1.15 (KHTML, like Gecko) Version/15.0 Mobile/15E148 Safari/604.1"
52.71.86.129 - - [18/Jul/2021:03:57:39 +0200] "GET /templates/Pixame_v1/images/header.png HTTP/1.1" 200 70245 "http://www.wonder-geek.com/templates/Pixame_v1/stylesheet.css" "Mozilla/5.0 (iPhone; CPU iPhone OS 15_0 like Mac OS X) AppleWebKit/605.1.15 (KHTML, like Gecko) Version/15.0 Mobile/15E148 Safari/604.1"
52.71.86.129 - - [18/Jul/2021:03:57:39 +0200] "GET /design/productsenstock.png HTTP/1.1" 200 4743 "http://www.wonder-geek.com/templates/Pixame_v1/stylesheet.css" "Mozilla/5.0 (iPhone; CPU iPhone OS 15_0 like Mac OS X) AppleWebKit/605.1.15 (KHTML, like Gecko) Version/15.0 Mobile/15E148 Safari/604.1"
52.71.86.129 - - [18/Jul/2021:03:57:39 +0200] "GET /images/mini_prod/4007176127520b.gif HTTP/1.1" 200 8910 "http://www.wonder-geek.com/" "Mozilla/5.0 (iPhone; CPU iPhone OS 15_0 like Mac OS X) AppleWebKit/605.1.15 (KHTML, like Gecko) Version/15.0 Mobile/15E148 Safari/604.1"
52.71.86.129 - - [18/Jul/2021:03:57:39 +0200] "GET /images/mini_prod/6953270923989.jpg HTTP/1.1" 200 6507 "http://www.wonder-geek.com/" "Mozilla/5.0 (iPhone; CPU iPhone OS 15_0 like Mac OS X) AppleWebKit/605.1.15 (KHTML, like Gecko) Version/15.0 Mobile/15E148 Safari/604.1"
52.71.86.129 - - [18/Jul/2021:03:57:39 +0200] "GET /images/mini_prod/5036278055553.jpg HTTP/1.1" 200 8856 "http://www.wonder-geek.com/" "Mozilla/5.0 (iPhone; CPU iPhone OS 15_0 like Mac OS X) AppleWebKit/605.1.15 (KHTML, like Gecko) Version/15.0 Mobile/15E148 Safari/604.1"
52.71.86.129 - - [18/Jul/2021:03:57:39 +0200] "GET /templates/Pixame_v1/images/Middle_texture.jpg HTTP/1.1" 200 249620 "http://www.wonder-geek.com/templates/Pixame_v1/stylesheet.css" "Mozilla/5.0 (iPhone; CPU iPhone OS 15_0 like Mac OS X) AppleWebKit/605.1.15 (KHTML, like Gecko) Version/15.0 Mobile/15E148 Safari/604.1"
52.71.86.129 - - [18/Jul/2021:03:57:39 +0200] "GET /images/mini_prod/4891320369689.jpg HTTP/1.1" 200 5790 "http://www.wonder-geek.com/" "Mozilla/5.0 (iPhone; CPU iPhone OS 15_0 like Mac OS X) AppleWebKit/605.1.15 (KHTML, like Gecko) Version/15.0 Mobile/15E148 Safari/604.1"
52.71.86.129 - - [18/Jul/2021:03:57:39 +0200] "GET /templates/Pixame_v1/images/header-object.png HTTP/1.1" 200 106050 "http://www.wonder-geek.com/templates/Pixame_v1/stylesheet.css" "Mozilla/5.0 (iPhone; CPU iPhone OS 15_0 like Mac OS X) AppleWebKit/605.1.15 (KHTML, like Gecko) Version/15.0 Mobile/15E148 Safari/604.1"
52.71.86.129 - - [18/Jul/2021:03:57:39 +0200] "GET /images/mini_prod/36DSCN8119.jpg HTTP/1.1" 200 4416 "http://www.wonder-geek.com/" "Mozilla/5.0 (iPhone; CPU iPhone OS 15_0 like Mac OS X) AppleWebKit/605.1.15 (KHTML, like Gecko) Version/15.0 Mobile/15E148 Safari/604.1"
52.71.86.129 - - [18/Jul/2021:03:57:39 +0200] "GET /images/mini_prod/3700276281802.jpg HTTP/1.1" 200 12038 "http://www.wonder-geek.com/" "Mozilla/5.0 (iPhone; CPU iPhone OS 15_0 like Mac OS X) AppleWebKit/605.1.15 (KHTML, like Gecko) Version/15.0 Mobile/15E148 Safari/604.1"
52.71.86.129 - - [18/Jul/2021:03:57:39 +0200] "GET /images/mini_prod/6953270923965.jpg HTTP/1.1" 200 6335 "http://www.wonder-geek.com/" "Mozilla/5.0 (iPhone; CPU iPhone OS 15_0 like Mac OS X) AppleWebKit/605.1.15 (KHTML, like Gecko) Version/15.0 Mobile/15E148 Safari/604.1"
52.71.86.129 - - [18/Jul/2021:03:57:39 +0200] "GET /images/mini_prod/1399984232101.jpg HTTP/1.1" 200 5844 "http://www.wonder-geek.com/" "Mozilla/5.0 (iPhone; CPU iPhone OS 15_0 like Mac OS X) AppleWebKit/605.1.15 (KHTML, like Gecko) Version/15.0 Mobile/15E148 Safari/604.1"
52.71.86.129 - - [18/Jul/2021:03:57:39 +0200] "GET /images/mini_prod/1399984239247BEYBLADE.jpg HTTP/1.1" 200 5095 "http://www.wonder-geek.com/" "Mozilla/5.0 (iPhone; CPU iPhone OS 15_0 like Mac OS X) AppleWebKit/605.1.15 (KHTML, like Gecko) Version/15.0 Mobile/15E148 Safari/604.1"
52.71.86.129 - - [18/Jul/2021:03:57:39 +0200] "GET /images/mini_prod/DSCN2820.gif HTTP/1.1" 200 12477 "http://www.wonder-geek.com/" "Mozilla/5.0 (iPhone; CPU iPhone OS 15_0 like Mac OS X) AppleWebKit/605.1.15 (KHTML, like Gecko) Version/15.0 Mobile/15E148 Safari/604.1"
52.71.86.129 - - [18/Jul/2021:03:57:39 +0200] "GET /images/mini_prod/5701359679750.jpg HTTP/1.1" 200 11209 "http://www.wonder-geek.com/" "Mozilla/5.0 (iPhone; CPU iPhone OS 15_0 like Mac OS X) AppleWebKit/605.1.15 (KHTML, like Gecko) Version/15.0 Mobile/15E148 Safari/604.1"
52.71.86.129 - - [18/Jul/2021:03:57:39 +0200] "GET /images/mini_prod/3384370185084.gif HTTP/1.1" 200 4343 "http://www.wonder-geek.com/" "Mozilla/5.0 (iPhone; CPU iPhone OS 15_0 like Mac OS X) AppleWebKit/605.1.15 (KHTML, like Gecko) Version/15.0 Mobile/15E148 Safari/604.1"
52.71.86.129 - - [18/Jul/2021:03:57:39 +0200] "GET /images/mini_prod/TBA26SF2noir.gif HTTP/1.1" 200 5804 "http://www.wonder-geek.com/" "Mozilla/5.0 (iPhone; CPU iPhone OS 15_0 like Mac OS X) AppleWebKit/605.1.15 (KHTML, like Gecko) Version/15.0 Mobile/15E148 Safari/604.1"
52.71.86.129 - - [18/Jul/2021:03:57:39 +0200] "GET /images/mini_prod/3388760924574.jpg HTTP/1.1" 200 7160 "http://www.wonder-geek.com/" "Mozilla/5.0 (iPhone; CPU iPhone OS 15_0 like Mac OS X) AppleWebKit/605.1.15 (KHTML, like Gecko) Version/15.0 Mobile/15E148 Safari/604.1"
52.71.86.129 - - [18/Jul/2021:03:57:39 +0200] "GET /images/mini_prod/3661443608511.jpg HTTP/1.1" 200 4577 "http://www.wonder-geek.com/" "Mozilla/5.0 (iPhone; CPU iPhone OS 15_0 like Mac OS X) AppleWebKit/605.1.15 (KHTML, like Gecko) Version/15.0 Mobile/15E148 Safari/604.1"
52.71.86.129 - - [18/Jul/2021:03:57:39 +0200] "GET /images/mini_prod/TROBP3409.gif HTTP/1.1" 200 7166 "http://www.wonder-geek.com/" "Mozilla/5.0 (iPhone; CPU iPhone OS 15_0 like Mac OS X) AppleWebKit/605.1.15 (KHTML, like Gecko) Version/15.0 Mobile/15E148 Safari/604.1"
52.71.86.129 - - [18/Jul/2021:03:57:39 +0200] "GET /images/mini_prod/5411854151674.jpg HTTP/1.1" 200 5389 "http://www.wonder-geek.com/" "Mozilla/5.0 (iPhone; CPU iPhone OS 15_0 like Mac OS X) AppleWebKit/605.1.15 (KHTML, like Gecko) Version/15.0 Mobile/15E148 Safari/604.1"
52.71.86.129 - - [18/Jul/2021:03:57:39 +0200] "GET /highslide/graphics/outlines/drop-shadow.png HTTP/1.1" 200 2022 "http://www.wonder-geek.com/" "Mozilla/5.0 (iPhone; CPU iPhone OS 15_0 like Mac OS X) AppleWebKit/605.1.15 (KHTML, like Gecko) Version/15.0 Mobile/15E148 Safari/604.1"
52.71.86.129 - - [18/Jul/2021:03:57:42 +0200] "GET /favicon.ico HTTP/1.1" 200 1591 "-" "Mozilla/5.0 (Macintosh; Intel Mac OS X 11_4_0) AppleWebKit/537.36 (KHTML, like Gecko) Chrome/89.0.4389.90 Safari/537.36"
52.71.86.129 - - [18/Jul/2021:03:58:00 +0200] "GET /highslide/highslide.js HTTP/1.1" 200 42909 "http://www.wonder-geek.com/create_account.php" "Mozilla/5.0 (Macintosh; Intel Mac OS X 11_4_0) AppleWebKit/537.36 (KHTML, like Gecko) Chrome/89.0.4389.90 Safari/537.36"
207.46.13.182 - - [18/Jul/2021:03:58:03 +0200] "GET /images/134168916107.jpg HTTP/1.1" 200 26176 "-" "Mozilla/5.0 (compatible; bingbot/2.0; +http://www.bing.com/bingbot.htm)"
52.71.86.129 - - [18/Jul/2021:03:58:17 +0200] "GET /js/jquery.masonry.min.js HTTP/1.1" 200 5392 "http://www.wonder-geek.com/carterie-c-129_128.html" "Mozilla/5.0 (Macintosh; Intel Mac OS X 11_4_0) AppleWebKit/537.36 (KHTML, like Gecko) Chrome/89.0.4389.90 Safari/537.36"
40.77.167.15 - - [18/Jul/2021:04:00:21 +0200] "GET /images/8033667510430.jpg HTTP/1.1" 200 45022 "-" "Mozilla/5.0 (compatible; bingbot/2.0; +http://www.bing.com/bingbot.htm)"
207.46.13.174 - - [18/Jul/2021:04:01:15 +0200] "GET /images/big_prod/5018997632260.jpg HTTP/1.1" 200 128609 "-" "Mozilla/5.0 (compatible; bingbot/2.0; +http://www.bing.com/bingbot.htm)"
172.3.44.24 - - [18/Jul/2021:04:01:37 +0200] "GET /images/4007176125175.jpg HTTP/1.1" 200 17435 "-" "Dalvik/2.1.0 (Linux; U; Android 9; octopus Build/R91-13904.66.0)"
66.249.66.218 - - [18/Jul/2021:04:04:56 +0200] "GET /images/big_prod_1/3014627557349aa.jpg HTTP/1.1" 200 284027 "-" "Googlebot-Image/1.0"
157.55.39.180 - - [18/Jul/2021:04:07:02 +0200] "GET /images/big_prod/3701206600427.jpg HTTP/1.1" 200 128886 "-" "Mozilla/5.0 (compatible; bingbot/2.0; +http://www.bing.com/bingbot.htm)"
216.244.66.242 - - [18/Jul/2021:04:08:26 +0200] "GET /robots.txt HTTP/1.1" 200 2438 "-" "Mozilla/5.0 (compatible; DotBot/1.2; +https://opensiteexplorer.org/dotbot; help@moz.com)"
207.46.13.174 - - [18/Jul/2021:04:08:40 +0200] "GET /images/8012052102276.jpg HTTP/1.1" 200 34650 "-" "Mozilla/5.0 (compatible; bingbot/2.0; +http://www.bing.com/bingbot.htm)"
52.59.94.113 - - [18/Jul/2021:04:14:57 +0200] "GET /robots.txt HTTP/1.1" 200 2438 "-" "zoombot (linkbot 1.0 http://suite.seozoom.it/bot.html)"
157.55.39.70 - - [18/Jul/2021:04:15:36 +0200] "GET /images/841219323239703172012.jpg HTTP/1.1" 200 33774 "-" "Mozilla/5.0 (compatible; bingbot/2.0; +http://www.bing.com/bingbot.htm)"
157.55.39.166 - - [18/Jul/2021:04:18:13 +0200] "GET /images/big_prod/3574642018169new.jpg HTTP/1.1" 200 32966 "-" "Mozilla/5.0 (compatible; bingbot/2.0; +http://www.bing.com/bingbot.htm)"
207.46.13.182 - - [18/Jul/2021:04:22:26 +0200] "GET /images/big_prod_1/b067103378290.jpg HTTP/1.1" 200 74006 "-" "Mozilla/5.0 (compatible; bingbot/2.0; +http://www.bing.com/bingbot.htm)"
157.55.39.180 - - [18/Jul/2021:04:22:48 +0200] "GET /images/big_prod_1/028399219407.jpg HTTP/1.1" 200 85580 "-" "Mozilla/5.0 (compatible; bingbot/2.0; +http://www.bing.com/bingbot.htm)"
216.244.66.242 - - [18/Jul/2021:04:22:50 +0200] "GET /images/210320123420070.jpg HTTP/1.1" 200 61075 "-" "Mozilla/5.0 (compatible; DotBot/1.2; +https://opensiteexplorer.org/dotbot; help@moz.com)"
207.46.13.174 - - [18/Jul/2021:04:23:20 +0200] "GET /images/mini_prod/3700653593146.jpg HTTP/1.1" 200 9257 "-" "Mozilla/5.0 (compatible; bingbot/2.0; +http://www.bing.com/bingbot.htm)"
157.55.39.178 - - [18/Jul/2021:04:27:38 +0200] "GET /js/jquery.js HTTP/1.1" 200 54075 "-" "Mozilla/5.0 (compatible; bingbot/2.0; +http://www.bing.com/bingbot.htm)"
66.249.66.220 - - [18/Jul/2021:04:29:44 +0200] "GET /images/3521320605012b.jpg HTTP/1.1" 200 27253 "-" "Googlebot-Image/1.0"
157.55.39.178 - - [18/Jul/2021:04:30:19 +0200] "GET /js/jquery.js HTTP/1.1" 200 54075 "-" "Mozilla/5.0 (compatible; bingbot/2.0; +http://www.bing.com/bingbot.htm)"
185.191.171.12 - - [18/Jul/2021:04:30:29 +0200] "GET /robots.txt HTTP/1.1" 200 2438 "-" "Mozilla/5.0 (compatible; SemrushBot/7~bl; +http://www.semrush.com/bot.html)"
66.249.82.114 - - [18/Jul/2021:04:32:26 +0200] "GET /images/big_prod/9316188068246.jpg HTTP/1.1" 200 69715 "-" "Mozilla/5.0 (Windows NT 5.1; rv:11.0) Gecko Firefox/11.0 (via ggpht.com GoogleImageProxy)"
157.55.39.70 - - [18/Jul/2021:04:34:58 +0200] "GET /images/mini_prod/00000000corsica.jpg HTTP/1.1" 200 5436 "-" "Mozilla/5.0 (compatible; bingbot/2.0; +http://www.bing.com/bingbot.htm)"
157.55.39.167 - - [18/Jul/2021:04:37:01 +0200] "GET /images/big_prod/3453131150477.jpg HTTP/1.1" 200 56630 "-" "Mozilla/5.0 (compatible; bingbot/2.0; +http://www.bing.com/bingbot.htm)"
157.55.39.167 - - [18/Jul/2021:04:38:43 +0200] "GET /images/big_prod_2/8424001704705C.jpg HTTP/1.1" 200 266303 "-" "Mozilla/5.0 (compatible; bingbot/2.0; +http://www.bing.com/bingbot.htm)"
157.55.39.180 - - [18/Jul/2021:04:42:05 +0200] "GET /images/big_prod/3560600291576.jpg HTTP/1.1" 200 100785 "-" "Mozilla/5.0 (compatible; bingbot/2.0; +http://www.bing.com/bingbot.htm)"
207.46.13.182 - - [18/Jul/2021:04:44:25 +0200] "GET /images/5010994805197.jpg HTTP/1.1" 200 124288 "-" "Mozilla/5.0 (compatible; bingbot/2.0; +http://www.bing.com/bingbot.htm)"
157.55.39.178 - - [18/Jul/2021:04:46:42 +0200] "GET /images/big_prod/3503420237386.jpg HTTP/1.1" 200 251696 "-" "Mozilla/5.0 (compatible; bingbot/2.0; +http://www.bing.com/bingbot.htm)"
207.46.13.182 - - [18/Jul/2021:04:48:58 +0200] "GET /images/big_prod/CD3306.jpg HTTP/1.1" 200 146650 "-" "Mozilla/5.0 (compatible; bingbot/2.0; +http://www.bing.com/bingbot.htm)"
207.46.13.182 - - [18/Jul/2021:04:49:18 +0200] "GET /images/big_prod_1/3665269030952.jpg HTTP/1.1" 200 169755 "-" "Mozilla/5.0 (compatible; bingbot/2.0; +http://www.bing.com/bingbot.htm)"
40.77.167.43 - - [18/Jul/2021:04:57:46 +0200] "GET /robots.txt HTTP/1.1" 200 2438 "-" "Mozilla/5.0 (compatible; bingbot/2.0; +http://www.bing.com/bingbot.htm)"
157.55.39.178 - - [18/Jul/2021:04:57:51 +0200] "GET /js/jquery.js HTTP/1.1" 200 54075 "-" "Mozilla/5.0 (compatible; bingbot/2.0; +http://www.bing.com/bingbot.htm)"
157.55.39.178 - - [18/Jul/2021:04:58:03 +0200] "GET /js/jquery.js HTTP/1.1" 200 54075 "-" "Mozilla/5.0 (compatible; bingbot/2.0; +http://www.bing.com/bingbot.htm)"
40.77.167.15 - - [18/Jul/2021:04:59:48 +0200] "GET /images/med_prod/5060275044296.jpg HTTP/1.1" 200 96864 "-" "Mozilla/5.0 (compatible; bingbot/2.0; +http://www.bing.com/bingbot.htm)"
207.46.13.179 - - [18/Jul/2021:05:01:07 +0200] "GET /images/big_prod/1300000024013.jpg HTTP/1.1" 200 50054 "-" "Mozilla/5.0 (compatible; bingbot/2.0; +http://www.bing.com/bingbot.htm)"
3.120.243.240 - - [18/Jul/2021:05:01:11 +0200] "GET /robots.txt HTTP/1.1" 200 2438 "-" "zoombot (linkbot 1.0 http://suite.seozoom.it/bot.html)"
158.69.243.138 - - [18/Jul/2021:05:01:24 +0200] "GET /robots.txt HTTP/1.1" 200 2438 "-" "Mozilla/5.0 (compatible; MJ12bot/v1.4.8; http://mj12bot.com/)"
207.46.13.182 - - [18/Jul/2021:05:03:01 +0200] "GET /images/mini_prod/3609810081529.jpg HTTP/1.1" 200 6582 "-" "Mozilla/5.0 (compatible; bingbot/2.0; +http://www.bing.com/bingbot.htm)"
207.46.13.179 - - [18/Jul/2021:05:04:20 +0200] "GET /images/big_prod/045544960090.jpg HTTP/1.1" 200 122129 "-" "Mozilla/5.0 (compatible; bingbot/2.0; +http://www.bing.com/bingbot.htm)"
216.244.66.242 - - [18/Jul/2021:05:09:18 +0200] "GET /robots.txt HTTP/1.1" 200 2438 "-" "Mozilla/5.0 (compatible; DotBot/1.2; +https://opensiteexplorer.org/dotbot; help@moz.com)"
207.46.13.174 - - [18/Jul/2021:05:09:42 +0200] "GET /images/big_prod/3700344871805.jpg HTTP/1.1" 200 59317 "-" "Mozilla/5.0 (compatible; bingbot/2.0; +http://www.bing.com/bingbot.htm)"
157.55.39.70 - - [18/Jul/2021:05:10:44 +0200] "GET /images/big_prod_2/3700281645187b.jpg HTTP/1.1" 200 313295 "-" "Mozilla/5.0 (compatible; bingbot/2.0; +http://www.bing.com/bingbot.htm)"
66.249.66.220 - - [18/Jul/2021:05:12:20 +0200] "GET /images/big_prod_1/3014627746132NN.jpg HTTP/1.1" 200 151240 "-" "Googlebot-Image/1.0"
66.249.66.216 - - [18/Jul/2021:05:14:40 +0200] "GET /images/photo-026c.jpg HTTP/1.1" 200 26470 "-" "Googlebot-Image/1.0"
66.249.66.216 - - [18/Jul/2021:05:17:26 +0200] "GET /images/big_prod/3700572738857.jpg HTTP/1.1" 200 110814 "-" "Googlebot-Image/1.0"
110.249.201.71 - - [18/Jul/2021:05:17:53 +0200] "GET /js/modernizr-transitions.js HTTP/1.1" 200 2026 "http://www.wonder-geek.com/paperweight-c-129_188.html" "Mozilla/5.0 (compatible; Bytespider; https://zhanzhang.toutiao.com/) AppleWebKit/537.36 (KHTML, like Gecko) Chrome/70.0.0.0 Safari/537.36"
110.249.201.80 - - [18/Jul/2021:05:17:53 +0200] "GET /js/jquery.masonry.min.js HTTP/1.1" 200 5392 "http://www.wonder-geek.com/paperweight-c-129_188.html" "Mozilla/5.0 (compatible; Bytespider; https://zhanzhang.toutiao.com/) AppleWebKit/537.36 (KHTML, like Gecko) Chrome/70.0.0.0 Safari/537.36"
66.249.66.216 - - [18/Jul/2021:05:21:56 +0200] "GET /images/big_prod/5036278061592.jpg HTTP/1.1" 200 113492 "-" "Googlebot-Image/1.0"
207.46.13.182 - - [18/Jul/2021:05:23:36 +0200] "GET /images/big_prod/1384010203170.jpg HTTP/1.1" 200 120009 "-" "Mozilla/5.0 (compatible; bingbot/2.0; +http://www.bing.com/bingbot.htm)"
157.55.39.178 - - [18/Jul/2021:05:25:14 +0200] "GET /js/jquery.js HTTP/1.1" 200 54075 "-" "Mozilla/5.0 (compatible; bingbot/2.0; +http://www.bing.com/bingbot.htm)"
157.55.39.178 - - [18/Jul/2021:05:25:16 +0200] "GET /js/jquery.js HTTP/1.1" 200 54075 "-" "Mozilla/5.0 (compatible; bingbot/2.0; +http://www.bing.com/bingbot.htm)"
157.55.39.178 - - [18/Jul/2021:05:25:17 +0200] "GET /js/jquery.js HTTP/1.1" 200 54075 "-" "Mozilla/5.0 (compatible; bingbot/2.0; +http://www.bing.com/bingbot.htm)"
157.55.39.166 - - [18/Jul/2021:05:25:39 +0200] "GET /images/big_prod/1365382000000.jpg HTTP/1.1" 200 84555 "-" "Mozilla/5.0 (compatible; bingbot/2.0; +http://www.bing.com/bingbot.htm)"
157.55.39.178 - - [18/Jul/2021:05:25:55 +0200] "GET /js/jquery.js HTTP/1.1" 200 54075 "-" "Mozilla/5.0 (compatible; bingbot/2.0; +http://www.bing.com/bingbot.htm)"
157.55.39.70 - - [18/Jul/2021:05:29:35 +0200] "GET /images/mini_prod/1341689379131.jpg HTTP/1.1" 200 6754 "-" "Mozilla/5.0 (compatible; bingbot/2.0; +http://www.bing.com/bingbot.htm)"
185.191.171.39 - - [18/Jul/2021:05:32:06 +0200] "GET /robots.txt HTTP/1.1" 200 2438 "-" "Mozilla/5.0 (compatible; SemrushBot/7~bl; +http://www.semrush.com/bot.html)"
5.9.144.234 - - [18/Jul/2021:05:34:52 +0200] "GET /robots.txt HTTP/1.1" 200 2438 "-" "Mozilla/5.0 (compatible; MJ12bot/v1.4.8; http://mj12bot.com/)"
40.77.167.15 - - [18/Jul/2021:05:35:12 +0200] "GET /images/big_prod/3453281117856.jpg HTTP/1.1" 200 117044 "-" "Mozilla/5.0 (compatible; bingbot/2.0; +http://www.bing.com/bingbot.htm)"
40.77.167.15 - - [18/Jul/2021:05:36:51 +0200] "GET /images/8435306246487bis.jpg HTTP/1.1" 200 101681 "-" "Mozilla/5.0 (compatible; bingbot/2.0; +http://www.bing.com/bingbot.htm)"
157.55.39.167 - - [18/Jul/2021:05:37:01 +0200] "GET /images/big_prod/3661075002046.jpg HTTP/1.1" 200 83340 "-" "Mozilla/5.0 (compatible; bingbot/2.0; +http://www.bing.com/bingbot.htm)"
207.46.13.182 - - [18/Jul/2021:05:38:00 +0200] "GET /images/big_prod/8422098697016.jpg HTTP/1.1" 200 248218 "-" "Mozilla/5.0 (compatible; bingbot/2.0; +http://www.bing.com/bingbot.htm)"
157.55.39.70 - - [18/Jul/2021:05:40:05 +0200] "GET /images/icons/soldes_grand.jpg HTTP/1.1" 200 95380 "-" "Mozilla/5.0 (compatible; bingbot/2.0; +http://www.bing.com/bingbot.htm)"
66.249.66.218 - - [18/Jul/2021:05:42:19 +0200] "GET /images/big_prod/3503420033438.jpg HTTP/1.1" 200 71490 "-" "Googlebot-Image/1.0"
207.46.13.182 - - [18/Jul/2021:05:43:16 +0200] "GET /images/big_prod/1399980107281.jpg HTTP/1.1" 200 135532 "-" "Mozilla/5.0 (compatible; bingbot/2.0; +http://www.bing.com/bingbot.htm)"
157.55.39.178 - - [18/Jul/2021:05:44:17 +0200] "GET /images/big_prod_1/1345544973366N.jpg HTTP/1.1" 200 100153 "-" "Mozilla/5.0 (compatible; bingbot/2.0; +http://www.bing.com/bingbot.htm)"
157.55.39.70 - - [18/Jul/2021:05:46:25 +0200] "GET /images/big_prod/5401924021044.jpg HTTP/1.1" 200 28943 "-" "Mozilla/5.0 (compatible; bingbot/2.0; +http://www.bing.com/bingbot.htm)"
207.46.13.182 - - [18/Jul/2021:05:46:59 +0200] "GET /images/big_prod/3609810072107.jpg HTTP/1.1" 200 116137 "-" "Mozilla/5.0 (compatible; bingbot/2.0; +http://www.bing.com/bingbot.htm)"
157.55.39.70 - - [18/Jul/2021:05:48:15 +0200] "GET /images/big_prod/8422001572584.jpg HTTP/1.1" 200 66684 "-" "Mozilla/5.0 (compatible; bingbot/2.0; +http://www.bing.com/bingbot.htm)"
207.46.13.174 - - [18/Jul/2021:05:48:40 +0200] "GET /images/med_prod/4029811281688.jpg HTTP/1.1" 200 111264 "-" "Mozilla/5.0 (compatible; bingbot/2.0; +http://www.bing.com/bingbot.htm)"
207.46.13.182 - - [18/Jul/2021:05:49:39 +0200] "GET /images/big_prod_2/8422099001126B.jpg HTTP/1.1" 200 122400 "-" "Mozilla/5.0 (compatible; bingbot/2.0; +http://www.bing.com/bingbot.htm)"
207.46.13.174 - - [18/Jul/2021:05:51:23 +0200] "GET /images/big_prod_1/8424345292913B.jpg HTTP/1.1" 200 73029 "-" "Mozilla/5.0 (compatible; bingbot/2.0; +http://www.bing.com/bingbot.htm)"
23.100.232.233 - - [18/Jul/2021:05:51:37 +0200] "GET /highslide/highslide.js HTTP/1.1" 200 42909 "http://www.wonder-geek.com/protects-plastic-mattress-p-47773.html" "Mozilla/5.0 (compatible; MSIE 9.0; Windows NT 6.0; Trident/5.0;  Trident/5.0)"
23.100.232.233 - - [18/Jul/2021:05:51:38 +0200] "GET /templates/Pixame_v1/stylesheet.css HTTP/1.1" 200 56057 "http://www.wonder-geek.com/protects-plastic-mattress-p-47773.html" "Mozilla/5.0 (compatible; MSIE 9.0; Windows NT 6.0; Trident/5.0;  Trident/5.0)"
23.100.232.233 - - [18/Jul/2021:05:51:38 +0200] "GET /js/jquery.js HTTP/1.1" 200 54075 "http://www.wonder-geek.com/protects-plastic-mattress-p-47773.html" "Mozilla/5.0 (compatible; MSIE 9.0; Windows NT 6.0; Trident/5.0;  Trident/5.0)"
23.100.232.233 - - [18/Jul/2021:05:51:38 +0200] "GET /js/jquery.jqzoom.js HTTP/1.1" 200 4761 "http://www.wonder-geek.com/protects-plastic-mattress-p-47773.html" "Mozilla/5.0 (compatible; MSIE 9.0; Windows NT 6.0; Trident/5.0;  Trident/5.0)"
23.100.232.233 - - [18/Jul/2021:05:51:38 +0200] "GET /mondial_relay/js/jquery-1.3.2.min.js HTTP/1.1" 200 57254 "http://www.wonder-geek.com/protects-plastic-mattress-p-47773.html" "Mozilla/5.0 (compatible; MSIE 9.0; Windows NT 6.0; Trident/5.0;  Trident/5.0)"
23.100.232.233 - - [18/Jul/2021:05:51:38 +0200] "GET /templates/Pixame_v1/images/flash.swf HTTP/1.1" 200 2868 "http://www.wonder-geek.com/protects-plastic-mattress-p-47773.html" "Mozilla/5.0 (compatible; MSIE 9.0; Windows NT 6.0; Trident/5.0;  Trident/5.0)"
157.55.39.166 - - [18/Jul/2021:05:54:01 +0200] "GET /images/med_prod/000000000000008760N.jpg HTTP/1.1" 200 75061 "-" "Mozilla/5.0 (compatible; bingbot/2.0; +http://www.bing.com/bingbot.htm)"
157.55.39.178 - - [18/Jul/2021:05:54:56 +0200] "GET /js/jquery.js HTTP/1.1" 200 54075 "-" "Mozilla/5.0 (compatible; bingbot/2.0; +http://www.bing.com/bingbot.htm)"
157.55.39.70 - - [18/Jul/2021:05:57:17 +0200] "GET /images/med_prod/4045233015793.jpg HTTP/1.1" 200 166872 "-" "Mozilla/5.0 (compatible; bingbot/2.0; +http://www.bing.com/bingbot.htm)"
207.46.13.179 - - [18/Jul/2021:05:58:25 +0200] "GET /images/1300010239964.jpg HTTP/1.1" 200 125095 "-" "Mozilla/5.0 (compatible; bingbot/2.0; +http://www.bing.com/bingbot.htm)"
66.249.66.218 - - [18/Jul/2021:06:01:06 +0200] "GET /highslide/highslide.js HTTP/1.1" 200 42909 "http://www.wonder-geek.com/littlest-petshop-pencil-case-p-6355.html" "Mozilla/5.0 (Linux; Android 6.0.1; Nexus 5X Build/MMB29P) AppleWebKit/537.36 (KHTML, like Gecko) Chrome/91.0.4472.90 Mobile Safari/537.36 (compatible; Googlebot/2.1; +http://www.google.com/bot.html)"
40.77.167.15 - - [18/Jul/2021:06:06:04 +0200] "GET /images/big_prod/8427148033608.jpg HTTP/1.1" 200 89376 "-" "Mozilla/5.0 (compatible; bingbot/2.0; +http://www.bing.com/bingbot.htm)"
66.249.81.188 - - [18/Jul/2021:06:07:17 +0200] "GET /images/big_prod/3662498031132.jpg HTTP/1.1" 200 79695 "-" "Mozilla/5.0 (Windows NT 5.1; rv:11.0) Gecko Firefox/11.0 (via ggpht.com GoogleImageProxy)"
46.36.116.114 - - [18/Jul/2021:06:07:21 +0200] "GET /templates/Pixame_v1/stylesheet.css HTTP/1.1" 200 56057 "http://www.wonder-geek.com/jacadi-kids-school-navy-blue-p-44879.html" "Mozilla/5.0 (iPhone; CPU iPhone OS 13_4_1 like Mac OS X) AppleWebKit/605.1.15 (KHTML, like Gecko) Version/13.1 Mobile/15E148 Safari/604.1"
46.36.116.114 - - [18/Jul/2021:06:07:21 +0200] "GET /highslide/highslide.js HTTP/1.1" 200 42909 "http://www.wonder-geek.com/jacadi-kids-school-navy-blue-p-44879.html" "Mozilla/5.0 (iPhone; CPU iPhone OS 13_4_1 like Mac OS X) AppleWebKit/605.1.15 (KHTML, like Gecko) Version/13.1 Mobile/15E148 Safari/604.1"
46.36.116.114 - - [18/Jul/2021:06:07:21 +0200] "GET /js/jquery.jqzoom.js HTTP/1.1" 200 4761 "http://www.wonder-geek.com/jacadi-kids-school-navy-blue-p-44879.html" "Mozilla/5.0 (iPhone; CPU iPhone OS 13_4_1 like Mac OS X) AppleWebKit/605.1.15 (KHTML, like Gecko) Version/13.1 Mobile/15E148 Safari/604.1"
46.36.116.114 - - [18/Jul/2021:06:07:21 +0200] "GET /js/jquery.js HTTP/1.1" 200 54075 "http://www.wonder-geek.com/jacadi-kids-school-navy-blue-p-44879.html" "Mozilla/5.0 (iPhone; CPU iPhone OS 13_4_1 like Mac OS X) AppleWebKit/605.1.15 (KHTML, like Gecko) Version/13.1 Mobile/15E148 Safari/604.1"
46.36.116.114 - - [18/Jul/2021:06:07:21 +0200] "GET /mondial_relay/js/jquery-1.3.2.min.js HTTP/1.1" 200 57254 "http://www.wonder-geek.com/jacadi-kids-school-navy-blue-p-44879.html" "Mozilla/5.0 (iPhone; CPU iPhone OS 13_4_1 like Mac OS X) AppleWebKit/605.1.15 (KHTML, like Gecko) Version/13.1 Mobile/15E148 Safari/604.1"
46.36.116.114 - - [18/Jul/2021:06:07:21 +0200] "GET /templates/Pixame_v1/images/icon_accueil2.png HTTP/1.1" 200 1137 "http://www.wonder-geek.com/jacadi-kids-school-navy-blue-p-44879.html" "Mozilla/5.0 (iPhone; CPU iPhone OS 13_4_1 like Mac OS X) AppleWebKit/605.1.15 (KHTML, like Gecko) Version/13.1 Mobile/15E148 Safari/604.1"
46.36.116.114 - - [18/Jul/2021:06:07:22 +0200] "GET /images/big_prod/3662498031132.jpg HTTP/1.1" 200 79695 "http://www.wonder-geek.com/jacadi-kids-school-navy-blue-p-44879.html" "Mozilla/5.0 (iPhone; CPU iPhone OS 13_4_1 like Mac OS X) AppleWebKit/605.1.15 (KHTML, like Gecko) Version/13.1 Mobile/15E148 Safari/604.1"
46.36.116.114 - - [18/Jul/2021:06:07:22 +0200] "GET /images/big_prod_1/b3662498031132.jpg HTTP/1.1" 200 79122 "http://www.wonder-geek.com/jacadi-kids-school-navy-blue-p-44879.html" "Mozilla/5.0 (iPhone; CPU iPhone OS 13_4_1 like Mac OS X) AppleWebKit/605.1.15 (KHTML, like Gecko) Version/13.1 Mobile/15E148 Safari/604.1"
46.36.116.114 - - [18/Jul/2021:06:07:22 +0200] "GET /templates/Pixame_v1/images/buttons/english/button_in_cart.gif HTTP/1.1" 200 1212 "http://www.wonder-geek.com/jacadi-kids-school-navy-blue-p-44879.html" "Mozilla/5.0 (iPhone; CPU iPhone OS 13_4_1 like Mac OS X) AppleWebKit/605.1.15 (KHTML, like Gecko) Version/13.1 Mobile/15E148 Safari/604.1"
46.36.116.114 - - [18/Jul/2021:06:07:22 +0200] "GET /images/big_prod_2/c3662498031132.jpg HTTP/1.1" 200 65263 "http://www.wonder-geek.com/jacadi-kids-school-navy-blue-p-44879.html" "Mozilla/5.0 (iPhone; CPU iPhone OS 13_4_1 like Mac OS X) AppleWebKit/605.1.15 (KHTML, like Gecko) Version/13.1 Mobile/15E148 Safari/604.1"
46.36.116.114 - - [18/Jul/2021:06:07:22 +0200] "GET /templates/Pixame_v1/images/nav.png HTTP/1.1" 200 1283 "http://www.wonder-geek.com/jacadi-kids-school-navy-blue-p-44879.html" "Mozilla/5.0 (iPhone; CPU iPhone OS 13_4_1 like Mac OS X) AppleWebKit/605.1.15 (KHTML, like Gecko) Version/13.1 Mobile/15E148 Safari/604.1"
46.36.116.114 - - [18/Jul/2021:06:07:22 +0200] "GET /templates/Pixame_v1/images/header.png HTTP/1.1" 200 70245 "http://www.wonder-geek.com/jacadi-kids-school-navy-blue-p-44879.html" "Mozilla/5.0 (iPhone; CPU iPhone OS 13_4_1 like Mac OS X) AppleWebKit/605.1.15 (KHTML, like Gecko) Version/13.1 Mobile/15E148 Safari/604.1"
46.36.116.114 - - [18/Jul/2021:06:07:22 +0200] "GET /templates/Pixame_v1/images/Bottom_texture.jpg HTTP/1.1" 200 56290 "http://www.wonder-geek.com/jacadi-kids-school-navy-blue-p-44879.html" "Mozilla/5.0 (iPhone; CPU iPhone OS 13_4_1 like Mac OS X) AppleWebKit/605.1.15 (KHTML, like Gecko) Version/13.1 Mobile/15E148 Safari/604.1"
46.36.116.114 - - [18/Jul/2021:06:07:22 +0200] "GET /design/productsenstock.png HTTP/1.1" 200 4743 "http://www.wonder-geek.com/jacadi-kids-school-navy-blue-p-44879.html" "Mozilla/5.0 (iPhone; CPU iPhone OS 13_4_1 like Mac OS X) AppleWebKit/605.1.15 (KHTML, like Gecko) Version/13.1 Mobile/15E148 Safari/604.1"
46.36.116.114 - - [18/Jul/2021:06:07:22 +0200] "GET /templates/Pixame_v1/images/header-object.png HTTP/1.1" 200 106050 "http://www.wonder-geek.com/jacadi-kids-school-navy-blue-p-44879.html" "Mozilla/5.0 (iPhone; CPU iPhone OS 13_4_1 like Mac OS X) AppleWebKit/605.1.15 (KHTML, like Gecko) Version/13.1 Mobile/15E148 Safari/604.1"
46.36.116.114 - - [18/Jul/2021:06:07:22 +0200] "GET /templates/Pixame_v1/images/Middle_texture.jpg HTTP/1.1" 200 249620 "http://www.wonder-geek.com/jacadi-kids-school-navy-blue-p-44879.html" "Mozilla/5.0 (iPhone; CPU iPhone OS 13_4_1 like Mac OS X) AppleWebKit/605.1.15 (KHTML, like Gecko) Version/13.1 Mobile/15E148 Safari/604.1"
46.36.116.114 - - [18/Jul/2021:06:07:22 +0200] "GET /highslide/graphics/outlines/drop-shadow.png HTTP/1.1" 200 2022 "http://www.wonder-geek.com/jacadi-kids-school-navy-blue-p-44879.html" "Mozilla/5.0 (iPhone; CPU iPhone OS 13_4_1 like Mac OS X) AppleWebKit/605.1.15 (KHTML, like Gecko) Version/13.1 Mobile/15E148 Safari/604.1"
46.36.116.114 - - [18/Jul/2021:06:07:22 +0200] "GET /favicon.ico HTTP/1.1" 200 1591 "http://www.wonder-geek.com/jacadi-kids-school-navy-blue-p-44879.html" "Mozilla/5.0 (iPhone; CPU iPhone OS 13_4_1 like Mac OS X) AppleWebKit/605.1.15 (KHTML, like Gecko) Version/13.1 Mobile/15E148 Safari/604.1"
157.55.39.167 - - [18/Jul/2021:06:10:04 +0200] "GET /images/mini_prod/3609810063198.jpg HTTP/1.1" 200 8309 "-" "Mozilla/5.0 (compatible; bingbot/2.0; +http://www.bing.com/bingbot.htm)"
157.55.39.166 - - [18/Jul/2021:06:11:55 +0200] "GET /images/3272760369599.jpg HTTP/1.1" 200 25508 "-" "Mozilla/5.0 (compatible; bingbot/2.0; +http://www.bing.com/bingbot.htm)"
66.249.66.216 - - [18/Jul/2021:06:12:20 +0200] "GET /images/big_prod_1/3701206604340B.jpg HTTP/1.1" 200 423947 "-" "Googlebot-Image/1.0"
207.46.13.182 - - [18/Jul/2021:06:12:56 +0200] "GET /images/mini_prod/8422065650013.jpg HTTP/1.1" 200 5751 "-" "Mozilla/5.0 (compatible; bingbot/2.0; +http://www.bing.com/bingbot.htm)"
207.46.13.179 - - [18/Jul/2021:06:15:26 +0200] "GET /images/mini_prod/1384000000826.jpg HTTP/1.1" 200 7328 "-" "Mozilla/5.0 (compatible; bingbot/2.0; +http://www.bing.com/bingbot.htm)"
74.125.210.52 - - [18/Jul/2021:06:17:36 +0200] "GET /images/med_prod/4891813832744.jpg HTTP/1.1" 200 118996 "-" "Mozilla/5.0 (Windows NT 5.1; rv:11.0) Gecko Firefox/11.0 (via ggpht.com GoogleImageProxy)"
40.77.167.15 - - [18/Jul/2021:06:18:25 +0200] "GET /images/3438100344828.jpg HTTP/1.1" 200 41925 "-" "Mozilla/5.0 (compatible; bingbot/2.0; +http://www.bing.com/bingbot.htm)"
207.46.13.179 - - [18/Jul/2021:06:21:02 +0200] "GET /images/mini_prod/3296580363605.jpg HTTP/1.1" 200 12634 "-" "Mozilla/5.0 (compatible; bingbot/2.0; +http://www.bing.com/bingbot.htm)"
157.55.39.167 - - [18/Jul/2021:06:21:15 +0200] "GET /images/big_prod_2/8480610040016C.jpg HTTP/1.1" 200 202980 "-" "Mozilla/5.0 (compatible; bingbot/2.0; +http://www.bing.com/bingbot.htm)"
157.55.39.178 - - [18/Jul/2021:06:24:01 +0200] "GET /js/jquery.js HTTP/1.1" 200 54075 "-" "Mozilla/5.0 (compatible; bingbot/2.0; +http://www.bing.com/bingbot.htm)"
157.55.39.178 - - [18/Jul/2021:06:24:09 +0200] "GET /js/jquery.js HTTP/1.1" 200 54075 "-" "Mozilla/5.0 (compatible; bingbot/2.0; +http://www.bing.com/bingbot.htm)"
157.55.39.166 - - [18/Jul/2021:06:24:39 +0200] "GET /images/big_prod_1/3700281647785a.jpg HTTP/1.1" 200 132953 "-" "Mozilla/5.0 (compatible; bingbot/2.0; +http://www.bing.com/bingbot.htm)"
40.77.167.15 - - [18/Jul/2021:06:26:00 +0200] "GET /images/mini_prod/8720088292464.jpg HTTP/1.1" 200 7438 "-" "Mozilla/5.0 (compatible; bingbot/2.0; +http://www.bing.com/bingbot.htm)"
157.55.39.167 - - [18/Jul/2021:06:28:06 +0200] "GET /images/med_prod/3520071433530.jpg HTTP/1.1" 200 100420 "-" "Mozilla/5.0 (compatible; bingbot/2.0; +http://www.bing.com/bingbot.htm)"
207.46.13.174 - - [18/Jul/2021:06:28:46 +0200] "GET /images/big_prod/NN3442440296877.jpg HTTP/1.1" 200 215707 "-" "Mozilla/5.0 (compatible; bingbot/2.0; +http://www.bing.com/bingbot.htm)"
207.46.13.174 - - [18/Jul/2021:06:28:46 +0200] "GET /images/N3681643200056.jpg HTTP/1.1" 200 89127 "-" "Mozilla/5.0 (compatible; bingbot/2.0; +http://www.bing.com/bingbot.htm)"
5.255.231.21 - - [18/Jul/2021:06:29:25 +0200] "GET /robots.txt HTTP/1.1" 200 2438 "-" "Mozilla/5.0 (compatible; YandexBot/3.0; +http://yandex.com/bots)"
157.55.39.167 - - [18/Jul/2021:06:30:43 +0200] "GET /images/big_prod/3609810065079.jpg HTTP/1.1" 200 107867 "-" "Mozilla/5.0 (compatible; bingbot/2.0; +http://www.bing.com/bingbot.htm)"
185.191.171.2 - - [18/Jul/2021:06:34:42 +0200] "GET /robots.txt HTTP/1.1" 200 2438 "-" "Mozilla/5.0 (compatible; SemrushBot/7~bl; +http://www.semrush.com/bot.html)"
157.55.39.70 - - [18/Jul/2021:06:35:30 +0200] "GET /images/big_prod_2/8424346353910C.jpg HTTP/1.1" 200 84072 "-" "Mozilla/5.0 (compatible; bingbot/2.0; +http://www.bing.com/bingbot.htm)"
207.46.13.174 - - [18/Jul/2021:06:38:18 +0200] "GET /images/big_prod/3503420123658.jpg HTTP/1.1" 200 59684 "-" "Mozilla/5.0 (compatible; bingbot/2.0; +http://www.bing.com/bingbot.htm)"
66.249.66.218 - - [18/Jul/2021:06:42:19 +0200] "GET /images/mini_prod/3438100321324.gif HTTP/1.1" 200 10025 "-" "Googlebot-Image/1.0"
157.55.39.167 - - [18/Jul/2021:06:44:46 +0200] "GET /images/big_prod/3662049060444.jpg HTTP/1.1" 200 201082 "-" "Mozilla/5.0 (compatible; bingbot/2.0; +http://www.bing.com/bingbot.htm)"
207.46.13.174 - - [18/Jul/2021:06:44:57 +0200] "GET /images/big_prod/3014627556120.jpg HTTP/1.1" 200 72328 "-" "Mozilla/5.0 (compatible; bingbot/2.0; +http://www.bing.com/bingbot.htm)"
